61.110.18.100 - - [12/Mar/2009:19:00:56 -0500] "GET //s_loadenv.inc.php?DOCUMENT_ROOT=http://www.ppclub.co.kr/bbs/1.txt???? HTTP/1.1" 404 302 "-""Mozilla/5.0"
61.110.18.100 - - [12/Mar/2009:19:00:56 -0500] "GET /logs/access_log.1217116800%20%20//s_loadenv.inc.php?DOCUMENT_ROOT=http://www.ppclub.co.kr/bbs/1.txt???? HTTP/1.1" 404 331 "-""Mozilla/5.0"
61.110.18.100 - - [12/Mar/2009:19:00:56 -0500] "GET /logs//s_loadenv.inc.php?DOCUMENT_ROOT=http://www.ppclub.co.kr/bbs/1.txt???? HTTP/1.1" 404 307 "-""Mozilla/5.0"
69.64.34.249 - - [12/Mar/2009:19:01:11 -0500] "GET /logs/access_log.1217289600/phphtml.php?htmlclass_path=http://gumansin.com/id.txt?? HTTP/1.1" 404 322 "-""Mozilla/5.0"
91.93.97.106 - - [12/Mar/2009:19:01:47 -0500] "GET /logs/access_log.1217289600//contenido/includes/include.newsletter_jobs_subnav.php?cfg[path][contenido]=http://gumansin.com/id.txt?? HTTP/1.1" 404 365 "-""Mozilla/5.0"
91.93.97.106 - - [12/Mar/2009:19:01:47 -0500] "GET //contenido/includes/include.newsletter_jobs_subnav.php?cfg[path][contenido]=http://gumansin.com/id.txt?? HTTP/1.1" 404 338 "-""Mozilla/5.0"
91.93.97.106 - - [12/Mar/2009:19:01:49 -0500] "GET /logs//contenido/includes/include.newsletter_jobs_subnav.php?cfg[path][contenido]=http://gumansin.com/id.txt?? HTTP/1.1" 404 343 "-""Mozilla/5.0"
69.64.34.249 - - [12/Mar/2009:19:02:39 -0500] "GET /logs/access_log.1216684800/phphtml.php?htmlclass_path=http://gumansin.com/id.txt?? HTTP/1.1" 404 322 "-""Mozilla/5.0"
61.110.18.100 - - [12/Mar/2009:19:02:52 -0500] "GET //s_loadenv.inc.php?DOCUMENT_ROOT=http://www.ppclub.co.kr/bbs/1.txt???? HTTP/1.1" 404 302 "-""Mozilla/5.0"
61.110.18.100 - - [12/Mar/2009:19:02:52 -0500] "GET /logs//s_loadenv.inc.php?DOCUMENT_ROOT=http://www.ppclub.co.kr/bbs/1.txt???? HTTP/1.1" 404 307 "-""Mozilla/5.0"
61.110.18.100 - - [12/Mar/2009:19:02:52 -0500] "GET /logs/access_log.1217116800//s_loadenv.inc.php?DOCUMENT_ROOT=http://www.ppclub.co.kr/bbs/1.txt???? HTTP/1.1" 404 329 "-""Mozilla/5.0"
77.221.130.15 - - [12/Mar/2009:19:03:13 -0500] "GET /logs/access_log.1210550400/?_zb_path=http://www.lazar.ru/manager/processors/readme.txt?? HTTP/1.1" 404 311 "-""Mozilla/4.61 (Macintosh; I; PPC)"
77.221.130.15 - - [12/Mar/2009:19:03:13 -0500] "GET /?_zb_path=http://www.lazar.ru/manager/processors/readme.txt?? HTTP/1.1" 200 1243 "-""Mozilla/4.61 (Macintosh; I; PPC)"
77.221.130.15 - - [12/Mar/2009:19:03:15 -0500] "GET /logs/?_zb_path=http://www.lazar.ru/manager/processors/readme.txt?? HTTP/1.1" 200 122039 "-""Mozilla/4.61 (Macintosh; I; PPC)"
66.7.212.241 - - [12/Mar/2009:19:03:27 -0500] "GET /logs//include/bbs.lib.inc.php?site_path=http://www.knoum.or.kr/bbs/data/album/1051618750/pulaid.txt??%0D? HTTP/1.1" 404 313 "-""Mozilla/5.0 (Macintosh; U; PPC Mac OS X Mach-O; en-GB; rv:1.7.10) Gecko/20050717 Firefox/1.0.6"
66.7.212.241 - - [12/Mar/2009:19:03:27 -0500] "GET //include/bbs.lib.inc.php?site_path=http://www.knoum.or.kr/bbs/data/album/1051618750/pulaid.txt??%0D? HTTP/1.1" 404 308 "-""Mozilla/5.0 (Macintosh; U; PPC Mac OS X Mach-O; en-GB; rv:1.7.10) Gecko/20050717 Firefox/1.0.6"
66.7.212.241 - - [12/Mar/2009:19:03:27 -0500] "GET /logs/access_log.1214524800//include/bbs.lib.inc.php?site_path=http://www.knoum.or.kr/bbs/data/album/1051618750/pulaid.txt??%0D? HTTP/1.1" 404 335 "-""Mozilla/5.0 (Macintosh; U; PPC Mac OS X Mach-O; en-GB; rv:1.7.10) Gecko/20050717 Firefox/1.0.6"
208.115.111.242 - - [12/Mar/2009:19:03:49 -0500] "GET /logs/access_log.1214092800 HTTP/1.1" 200 467725 "-""Mozilla/5.0 (compatible; DotBot/1.1; http://www.dotnetdotcom.org/, crawler@dotnetdotcom.org)"
61.110.18.100 - - [12/Mar/2009:19:03:53 -0500] "GET /logs/access_log.1217462400//s_loadenv.inc.php?DOCUMENT_ROOT=http://www.ppclub.co.kr/bbs/1.txt???? HTTP/1.1" 404 329 "-""Mozilla/5.0"
67.18.151.242 - - [12/Mar/2009:19:03:57 -0500] "GET //contenido/includes/include.newsletter_jobs_subnav.php?cfg[path][contenido]=http://gumansin.com/id.txt?? HTTP/1.1" 404 338 "-""Mozilla/5.0"
67.18.151.242 - - [12/Mar/2009:19:04:05 -0500] "GET /logs//contenido/includes/include.newsletter_jobs_subnav.php?cfg[path][contenido]=http://gumansin.com/id.txt?? HTTP/1.1" 404 343 "-""Mozilla/5.0"
67.18.151.242 - - [12/Mar/2009:19:04:05 -0500] "GET /logs/access_log.1217289600//contenido/includes/include.newsletter_jobs_subnav.php?cfg[path][contenido]=http://gumansin.com/id.txt?? HTTP/1.1" 404 365 "-""Mozilla/5.0"
58.226.23.55 - - [12/Mar/2009:19:04:26 -0500] "GET /errors.php?error=http://gumansin.com/id.txt?? HTTP/1.1" 404 294 "-""Mozilla/5.0"
58.226.23.55 - - [12/Mar/2009:19:04:26 -0500] "GET /logs/errors.php?error=http://gumansin.com/id.txt?? HTTP/1.1" 404 299 "-""Mozilla/5.0"
58.226.23.55 - - [12/Mar/2009:19:04:26 -0500] "GET /logs/access_log.1217721600/errors.php?error=http://gumansin.com/id.txt?? HTTP/1.1" 404 321 "-""Mozilla/5.0"
77.221.130.26 - - [12/Mar/2009:19:04:40 -0500] "GET /logs/access_log.1212364800/administrator/components/com_dbquery/classes/DBQ/admin/common.class.php?mosConfig_absolute_path=http://jiahn.com/ktools_v1/ktools/board/id.txt? HTTP/1.1" 404 382 "-""libwww-perl/5.805"
77.221.130.26 - - [12/Mar/2009:19:04:40 -0500] "GET /administrator/components/com_dbquery/classes/DBQ/admin/common.class.php?mosConfig_absolute_path=http://jiahn.com/ktools_v1/ktools/board/id.txt? HTTP/1.1" 404 355 "-""libwww-perl/5.805"
77.221.130.26 - - [12/Mar/2009:19:04:41 -0500] "GET /logs/administrator/components/com_dbquery/classes/DBQ/admin/common.class.php?mosConfig_absolute_path=http://jiahn.com/ktools_v1/ktools/board/id.txt? HTTP/1.1" 404 360 "-""libwww-perl/5.805"
72.20.6.198 - - [12/Mar/2009:19:04:43 -0500] "GET /logs/access_log.1215302400/errors.php?error=http://biadabz.co.uk/bot/cmd2.txt? HTTP/1.1" 404 321 "-""libwww-perl/5.820"
187.153.74.172 - - [12/Mar/2009:19:05:04 -0500] "GET /costume/ HTTP/1.1" 200 640 "http://en.wikipedia.org/wiki/Costume""Mozilla/5.0 (Windows; U; Windows NT 5.1; es-ES; rv:1.9.0.7) Gecko/2009021910 Firefox/3.0.7"
187.153.74.172 - - [12/Mar/2009:19:05:04 -0500] "GET /favicon.ico HTTP/1.1" 404 295 "-""Mozilla/5.0 (Windows; U; Windows NT 5.1; es-ES; rv:1.9.0.7) Gecko/2009021910 Firefox/3.0.7"
187.153.74.172 - - [12/Mar/2009:19:05:08 -0500] "GET /favicon.ico HTTP/1.1" 404 295 "-""Mozilla/5.0 (Windows; U; Windows NT 5.1; es-ES; rv:1.9.0.7) Gecko/2009021910 Firefox/3.0.7"
66.249.67.180 - - [12/Mar/2009:19:05:15 -0500] "GET /costume/costume1.htm HTTP/1.1" 304 - "-""Mozilla/5.0 (compatible; Googlebot/2.1; +http://www.google.com/bot.html)"
77.221.130.26 - - [12/Mar/2009:19:05:26 -0500] "GET /logs/access_log.1213056000/administrator/components/com_dbquery/classes/DBQ/admin/common.class.php?mosConfig_absolute_path=http://jiahn.com/ktools_v1/ktools/board/id.txt? HTTP/1.1" 404 382 "-""libwww-perl/5.805"
99.198.109.18 - - [12/Mar/2009:19:05:34 -0500] "GET /logs/access_log.1217030400/?sourcedir=http://paz.bistum-wuerzburg.de/wp-admin/import/rss/licence.txt?? HTTP/1.1" 404 311 "-""libwww-perl/5.814"
99.198.109.18 - - [12/Mar/2009:19:05:36 -0500] "GET /logs/access_log.1217030400/?sourcedir=http://paz.bistum-wuerzburg.de/wp-admin/import/rss/licence.txt?? HTTP/1.1" 404 311 "-""libwww-perl/5.814"
99.198.109.18 - - [12/Mar/2009:19:05:36 -0500] "GET /logs/access_log.1217030400/?sourcedir=http://paz.bistum-wuerzburg.de/wp-admin/import/rss/licence.txt?? HTTP/1.1" 404 311 "-""libwww-perl/5.814"
99.198.109.18 - - [12/Mar/2009:19:05:37 -0500] "GET /logs/access_log.1217030400/?sourcedir=http://paz.bistum-wuerzburg.de/wp-admin/import/rss/licence.txt?? HTTP/1.1" 404 311 "-""libwww-perl/5.814"
99.198.109.18 - - [12/Mar/2009:19:05:37 -0500] "GET /logs/access_log.1217030400/?sourcedir=http://paz.bistum-wuerzburg.de/wp-admin/import/rss/licence.txt?? HTTP/1.1" 404 311 "-""libwww-perl/5.814"
99.198.109.18 - - [12/Mar/2009:19:05:38 -0500] "GET /logs/access_log.1217030400/?sourcedir=http://paz.bistum-wuerzburg.de/wp-admin/import/rss/licence.txt?? HTTP/1.1" 404 311 "-""libwww-perl/5.814"
99.198.109.18 - - [12/Mar/2009:19:05:38 -0500] "GET /logs/access_log.1217030400/?sourcedir=http://paz.bistum-wuerzburg.de/wp-admin/import/rss/licence.txt?? HTTP/1.1" 404 311 "-""libwww-perl/5.814"
99.198.109.18 - - [12/Mar/2009:19:05:39 -0500] "GET /logs/access_log.1217030400/?sourcedir=http://paz.bistum-wuerzburg.de/wp-admin/import/rss/licence.txt?? HTTP/1.1" 404 311 "-""libwww-perl/5.814"
67.18.151.242 - - [12/Mar/2009:19:05:52 -0500] "GET /logs/access_log.1217289600%20%20//contenido/includes/include.newsletter_jobs_subnav.php?cfg[path][contenido]=http://gumansin.com/id.txt?? HTTP/1.1" 404 367 "-""Mozilla/5.0"
67.18.151.242 - - [12/Mar/2009:19:06:23 -0500] "GET /logs/access_log.1216857600%20%20//contenido/includes/include.newsletter_jobs_subnav.php?cfg[path][contenido]=http://gumansin.com/id.txt?? HTTP/1.1" 404 367 "-""Mozilla/5.0"
77.221.130.26 - - [12/Mar/2009:19:06:33 -0500] "GET /administrator/components/com_dbquery/classes/DBQ/admin/common.class.php?mosConfig_absolute_path=http://jiahn.com/ktools_v1/ktools/board/id.txt? HTTP/1.1" 404 355 "-""libwww-perl/5.805"
208.64.202.135 - - [12/Mar/2009:19:06:34 -0500] "GET /logs/access_log.1214524800//include/bbs.lib.inc.php?site_path=http://www.knoum.or.kr/bbs/data/album/1051618750/pulaid.txt??%0D? HTTP/1.1" 404 335 "-""Mozilla/5.0 (Windows; U; Windows NT 5.1; it; rv:1.8.1) Gecko/20060918 Firefox/2.0"
208.64.202.135 - - [12/Mar/2009:19:06:34 -0500] "GET //include/bbs.lib.inc.php?site_path=http://www.knoum.or.kr/bbs/data/album/1051618750/pulaid.txt??%0D? HTTP/1.1" 404 308 "-""Mozilla/5.0 (Windows; U; Windows NT 5.1; it; rv:1.8.1) Gecko/20060918 Firefox/2.0"
208.64.202.135 - - [12/Mar/2009:19:06:34 -0500] "GET /logs//include/bbs.lib.inc.php?site_path=http://www.knoum.or.kr/bbs/data/album/1051618750/pulaid.txt??%0D? HTTP/1.1" 404 313 "-""Mozilla/5.0 (Windows; U; Windows NT 5.1; it; rv:1.8.1) Gecko/20060918 Firefox/2.0"
66.7.212.241 - - [12/Mar/2009:19:06:39 -0500] "GET /logs/access_log.1214352000//include/bbs.lib.inc.php?site_path=http://www.knoum.or.kr/bbs/data/album/1051618750/pulaid.txt??%0D? HTTP/1.1" 404 335 "-""Mozilla/5.0 (Macintosh; U; PPC Mac OS X Mach-O; en-GB; rv:1.7.10) Gecko/20050717 Firefox/1.0.6"
72.20.6.198 - - [12/Mar/2009:19:06:43 -0500] "GET /logs/access_log.1214352000/errors.php?error=http://biadabz.co.uk/bot/cmd2.txt? HTTP/1.1" 404 321 "-""libwww-perl/5.820"
58.226.23.55 - - [12/Mar/2009:19:07:14 -0500] "GET /logs/access_log.1216512000//components/com_rwcards/rwcards.advancedate.php?mosConfig_absolute_path=http://www.geocities.com/sampoerna60/id.txt??? HTTP/1.1" 404 358 "-""libwww-perl/5.79"
58.226.23.55 - - [12/Mar/2009:19:07:14 -0500] "GET /logs//components/com_rwcards/rwcards.advancedate.php?mosConfig_absolute_path=http://www.geocities.com/sampoerna60/id.txt??? HTTP/1.1" 404 336 "-""libwww-perl/5.79"
58.226.23.55 - - [12/Mar/2009:19:07:14 -0500] "GET //components/com_rwcards/rwcards.advancedate.php?mosConfig_absolute_path=http://www.geocities.com/sampoerna60/id.txt??? HTTP/1.1" 404 331 "-""libwww-perl/5.79"
58.226.23.55 - - [12/Mar/2009:19:07:19 -0500] "GET /logs/access_log.1216512000//components/com_rwcards/rwcards.advancedate.php?mosConfig_absolute_path=http://www.geocities.com/sampoerna60/id.txt??? HTTP/1.1" 404 358 "-""libwww-perl/5.79"
58.226.23.55 - - [12/Mar/2009:19:07:19 -0500] "GET //components/com_rwcards/rwcards.advancedate.php?mosConfig_absolute_path=http://www.geocities.com/sampoerna60/id.txt??? HTTP/1.1" 404 331 "-""libwww-perl/5.79"
58.226.23.55 - - [12/Mar/2009:19:07:19 -0500] "GET /logs//components/com_rwcards/rwcards.advancedate.php?mosConfig_absolute_path=http://www.geocities.com/sampoerna60/id.txt??? HTTP/1.1" 404 336 "-""libwww-perl/5.79"
58.226.23.55 - - [12/Mar/2009:19:08:10 -0500] "GET /logs/access_log.1213142400//components/com_rwcards/rwcards.advancedate.php?mosConfig_absolute_path=http://www.geocities.com/sampoerna60/id.txt??? HTTP/1.1" 404 358 "-""libwww-perl/5.79"
69.64.34.249 - - [12/Mar/2009:19:08:13 -0500] "GET /logs//contenido/includes/include.newsletter_jobs_subnav.php?cfg[path][contenido]=http://gumansin.com/id.txt?? HTTP/1.1" 404 343 "-""Mozilla/5.0"
69.64.34.249 - - [12/Mar/2009:19:08:13 -0500] "GET /logs/access_log.1217289600//contenido/includes/include.newsletter_jobs_subnav.php?cfg[path][contenido]=http://gumansin.com/id.txt?? HTTP/1.1" 404 365 "-""Mozilla/5.0"
58.226.23.55 - - [12/Mar/2009:19:08:15 -0500] "GET /logs/access_log.1213142400//components/com_rwcards/rwcards.advancedate.php?mosConfig_absolute_path=http://www.geocities.com/sampoerna60/id.txt??? HTTP/1.1" 404 358 "-""libwww-perl/5.79"
69.64.34.249 - - [12/Mar/2009:19:08:16 -0500] "GET //contenido/includes/include.newsletter_jobs_subnav.php?cfg[path][contenido]=http://gumansin.com/id.txt?? HTTP/1.1" 404 338 "-""Mozilla/5.0"
58.226.23.55 - - [12/Mar/2009:19:08:20 -0500] "GET /logs/access_log.1218931200%20%20/errors.php?error=http://gumansin.com/id.txt?? HTTP/1.1" 404 323 "-""Mozilla/5.0"
58.226.23.55 - - [12/Mar/2009:19:08:27 -0500] "GET /logs/access_log.1217721600%20%20/errors.php?error=http://gumansin.com/id.txt?? HTTP/1.1" 404 323 "-""Mozilla/5.0"
99.198.109.18 - - [12/Mar/2009:19:09:52 -0500] "GET /logs/access_log.1218585600/?sourcedir=http://paz.bistum-wuerzburg.de/wp-admin/import/rss/licence.txt?? HTTP/1.1" 404 311 "-""libwww-perl/5.814"
99.198.109.18 - - [12/Mar/2009:19:09:52 -0500] "GET /logs/access_log.1218585600/?sourcedir=http://paz.bistum-wuerzburg.de/wp-admin/import/rss/licence.txt?? HTTP/1.1" 404 311 "-""libwww-perl/5.814"
99.198.109.18 - - [12/Mar/2009:19:09:52 -0500] "GET /logs/access_log.1218585600/?sourcedir=http://paz.bistum-wuerzburg.de/wp-admin/import/rss/licence.txt?? HTTP/1.1" 404 311 "-""libwww-perl/5.814"
99.198.109.18 - - [12/Mar/2009:19:09:53 -0500] "GET /logs/access_log.1218585600/?sourcedir=http://paz.bistum-wuerzburg.de/wp-admin/import/rss/licence.txt?? HTTP/1.1" 404 311 "-""libwww-perl/5.814"
99.198.109.18 - - [12/Mar/2009:19:09:53 -0500] "GET /logs/access_log.1218585600/?sourcedir=http://paz.bistum-wuerzburg.de/wp-admin/import/rss/licence.txt?? HTTP/1.1" 404 311 "-""libwww-perl/5.814"
99.198.109.18 - - [12/Mar/2009:19:09:53 -0500] "GET /logs/access_log.1218585600/?sourcedir=http://paz.bistum-wuerzburg.de/wp-admin/import/rss/licence.txt?? HTTP/1.1" 404 311 "-""libwww-perl/5.814"
99.198.109.18 - - [12/Mar/2009:19:09:54 -0500] "GET /logs/access_log.1218585600/?sourcedir=http://paz.bistum-wuerzburg.de/wp-admin/import/rss/licence.txt?? HTTP/1.1" 404 311 "-""libwww-perl/5.814"
99.198.109.18 - - [12/Mar/2009:19:09:54 -0500] "GET /logs/access_log.1218585600/?sourcedir=http://paz.bistum-wuerzburg.de/wp-admin/import/rss/licence.txt?? HTTP/1.1" 404 311 "-""libwww-perl/5.814"
208.115.111.242 - - [12/Mar/2009:19:10:45 -0500] "GET /logs/access_log.1214352000 HTTP/1.1" 200 400335 "-""Mozilla/5.0 (compatible; DotBot/1.1; http://www.dotnetdotcom.org/, crawler@dotnetdotcom.org)"
208.115.111.242 - - [12/Mar/2009:19:10:52 -0500] "GET /logs/access_log.1214438400 HTTP/1.1" 200 539400 "-""Mozilla/5.0 (compatible; DotBot/1.1; http://www.dotnetdotcom.org/, crawler@dotnetdotcom.org)"
208.115.111.242 - - [12/Mar/2009:19:11:00 -0500] "GET /logs/access_log.1214524800 HTTP/1.1" 200 499549 "-""Mozilla/5.0 (compatible; DotBot/1.1; http://www.dotnetdotcom.org/, crawler@dotnetdotcom.org)"
208.115.111.242 - - [12/Mar/2009:19:11:28 -0500] "GET /logs/access_log.1214870400 HTTP/1.1" 200 481923 "-""Mozilla/5.0 (compatible; DotBot/1.1; http://www.dotnetdotcom.org/, crawler@dotnetdotcom.org)"
85.18.117.101 - - [12/Mar/2009:19:11:52 -0500] "GET /logs/access_log.1218758400/?view=page&pagename=http://kbapt.co.kr/bbs/templates/id1.txt? HTTP/1.1" 404 311 "-""Mozilla/5.0"
85.18.117.101 - - [12/Mar/2009:19:11:52 -0500] "GET /?view=page&pagename=http://kbapt.co.kr/bbs/templates/id1.txt? HTTP/1.1" 200 1243 "-""Mozilla/5.0"
61.110.18.100 - - [12/Mar/2009:19:11:53 -0500] "GET /logs/access_log.1218931200%20%20/phphtml.php?htmlclass_path=http://www.ppclub.co.kr/bbs/1.txt???? HTTP/1.1" 404 324 "-""Mozilla/5.0"
61.110.18.100 - - [12/Mar/2009:19:11:53 -0500] "GET /phphtml.php?htmlclass_path=http://www.ppclub.co.kr/bbs/1.txt???? HTTP/1.1" 404 295 "-""Mozilla/5.0"
61.110.18.100 - - [12/Mar/2009:19:11:53 -0500] "GET /logs/phphtml.php?htmlclass_path=http://www.ppclub.co.kr/bbs/1.txt???? HTTP/1.1" 404 300 "-""Mozilla/5.0"
85.18.117.101 - - [12/Mar/2009:19:11:57 -0500] "GET /logs/?view=page&pagename=http://kbapt.co.kr/bbs/templates/id1.txt? HTTP/1.1" 200 122039 "-""Mozilla/5.0"
85.18.117.101 - - [12/Mar/2009:19:12:00 -0500] "GET /logs/access_log.1219536000/?view=page&pagename=http://kbapt.co.kr/bbs/templates/id1.txt? HTTP/1.1" 404 311 "-""Mozilla/5.0"
82.226.108.61 - - [12/Mar/2009:19:12:09 -0500] "GET /logs/access_log.1219536000/components/com_performs/performs.php?mosConfig_absolute_path=http://iam.skocap.net/Scan2/id.txt???? HTTP/1.1" 404 347 "-""libwww-perl/5.813"
151.1.32.20 - - [12/Mar/2009:19:12:09 -0500] "GET /errors.php?error=http://www.amico.it//components/com_login/idste.txt? HTTP/1.1" 404 294 "-""libwww-perl/5.76"
208.115.111.242 - - [12/Mar/2009:19:12:10 -0500] "GET /logs/access_log.1215043200 HTTP/1.1" 200 611585 "-""Mozilla/5.0 (compatible; DotBot/1.1; http://www.dotnetdotcom.org/, crawler@dotnetdotcom.org)"
91.93.97.106 - - [12/Mar/2009:19:12:12 -0500] "GET /logs/access_log.1217289600%20%20//contenido/includes/include.newsletter_jobs_subnav.php?cfg[path][contenido]=http://gumansin.com/id.txt?? HTTP/1.1" 404 367 "-""Mozilla/5.0"
208.115.111.242 - - [12/Mar/2009:19:12:43 -0500] "GET /logs/access_log.1215129600 HTTP/1.1" 200 641393 "-""Mozilla/5.0 (compatible; DotBot/1.1; http://www.dotnetdotcom.org/, crawler@dotnetdotcom.org)"
77.221.130.26 - - [12/Mar/2009:19:13:07 -0500] "GET /logs/administrator/components/com_dbquery/classes/DBQ/admin/common.class.php?mosConfig_absolute_path=http://jiahn.com/ktools_v1/ktools/board/id.txt? HTTP/1.1" 404 360 "-""libwww-perl/5.805"
77.221.130.26 - - [12/Mar/2009:19:13:08 -0500] "GET /administrator/components/com_dbquery/classes/DBQ/admin/common.class.php?mosConfig_absolute_path=http://jiahn.com/ktools_v1/ktools/board/id.txt? HTTP/1.1" 404 355 "-""libwww-perl/5.805"
208.115.111.242 - - [12/Mar/2009:19:13:20 -0500] "GET /logs/access_log.1215216000 HTTP/1.1" 200 722398 "-""Mozilla/5.0 (compatible; DotBot/1.1; http://www.dotnetdotcom.org/, crawler@dotnetdotcom.org)"
208.115.111.242 - - [12/Mar/2009:19:13:54 -0500] "GET /logs/access_log.1215302400 HTTP/1.1" 200 575317 "-""Mozilla/5.0 (compatible; DotBot/1.1; http://www.dotnetdotcom.org/, crawler@dotnetdotcom.org)"
77.221.130.15 - - [12/Mar/2009:19:13:55 -0500] "GET /logs/access_log.1210550400/?_zb_path=http://www.lazar.ru/manager/processors/readme.txt?? HTTP/1.1" 404 311 "-""Mozilla/5.0 (Windows; U; Windows NT 5.1; en-US; rv:1.8) Gecko/20060321 Firefox/2.0a1"
77.221.130.15 - - [12/Mar/2009:19:13:56 -0500] "GET /?_zb_path=http://www.lazar.ru/manager/processors/readme.txt?? HTTP/1.1" 200 1243 "-""Mozilla/5.0 (Windows; U; Windows NT 5.1; en-US; rv:1.8) Gecko/20060321 Firefox/2.0a1"
77.221.130.15 - - [12/Mar/2009:19:13:58 -0500] "GET /logs/?_zb_path=http://www.lazar.ru/manager/processors/readme.txt?? HTTP/1.1" 200 122039 "-""Mozilla/5.0 (Windows; U; Windows NT 5.1; en-US; rv:1.8) Gecko/20060321 Firefox/2.0a1"
208.115.111.242 - - [12/Mar/2009:19:14:12 -0500] "GET /logs/access_log.1215475200 HTTP/1.1" 200 506618 "-""Mozilla/5.0 (compatible; DotBot/1.1; http://www.dotnetdotcom.org/, crawler@dotnetdotcom.org)"
77.221.130.15 - - [12/Mar/2009:19:14:18 -0500] "GET /logs/access_log.1210550400/?_zb_path=http://www.lazar.ru/manager/processors/min.txt? HTTP/1.1" 404 311 "-""Mozilla/5.0"
77.221.130.15 - - [12/Mar/2009:19:14:19 -0500] "GET /logs/?_zb_path=http://www.lazar.ru/manager/processors/min.txt? HTTP/1.1" 200 122039 "-""Mozilla/5.0"
77.221.130.15 - - [12/Mar/2009:19:14:19 -0500] "GET /?_zb_path=http://www.lazar.ru/manager/processors/min.txt? HTTP/1.1" 200 1243 "-""Mozilla/5.0"
189.2.218.179 - - [12/Mar/2009:19:14:47 -0500] "GET /logs/access_log.1219536000%20%20/components/com_colorlab/admin.color.php?mosConfig_live_site=http://cartagenarumbera.com/images/fx29id.txt?? HTTP/1.1" 404 352 "-""Mozilla/5.0"
61.110.18.100 - - [12/Mar/2009:19:14:50 -0500] "GET /phphtml.php?htmlclass_path=http://www.ppclub.co.kr/bbs/1.txt???? HTTP/1.1" 404 295 "-""Mozilla/5.0"
61.110.18.100 - - [12/Mar/2009:19:14:50 -0500] "GET /logs/phphtml.php?htmlclass_path=http://www.ppclub.co.kr/bbs/1.txt???? HTTP/1.1" 404 300 "-""Mozilla/5.0"
61.110.18.100 - - [12/Mar/2009:19:14:50 -0500] "GET /logs/access_log.1218931200/phphtml.php?htmlclass_path=http://www.ppclub.co.kr/bbs/1.txt???? HTTP/1.1" 404 322 "-""Mozilla/5.0"
189.2.218.179 - - [12/Mar/2009:19:14:56 -0500] "GET /components/com_colorlab/admin.color.php?mosConfig_live_site=http://cartagenarumbera.com/images/fx29id.txt?? HTTP/1.1" 404 323 "-""Mozilla/5.0"
189.2.218.179 - - [12/Mar/2009:19:14:56 -0500] "GET /logs/components/com_colorlab/admin.color.php?mosConfig_live_site=http://cartagenarumbera.com/images/fx29id.txt?? HTTP/1.1" 404 328 "-""Mozilla/5.0"
61.110.18.100 - - [12/Mar/2009:19:15:17 -0500] "GET /logs/access_log.1214352000%20%20/phphtml.php?htmlclass_path=http://www.ppclub.co.kr/bbs/1.txt???? HTTP/1.1" 404 324 "-""Mozilla/5.0"
61.110.18.100 - - [12/Mar/2009:19:16:06 -0500] "GET /logs/access_log.1219536000//program/modules/mods_full/shopping_cart/includes/login.php?_SESSION%5Bdocroot_path%5D=http://www.lazar.ru/manager/processors/copyright.txt??? HTTP/1.1" 404 370 "-""libwww-perl/5.805"
61.110.18.100 - - [12/Mar/2009:19:16:06 -0500] "GET //program/modules/mods_full/shopping_cart/includes/login.php?_SESSION%5Bdocroot_path%5D=http://www.lazar.ru/manager/processors/copyright.txt??? HTTP/1.1" 404 343 "-""libwww-perl/5.805"
61.110.18.100 - - [12/Mar/2009:19:16:06 -0500] "GET /logs//program/modules/mods_full/shopping_cart/includes/login.php?_SESSION%5Bdocroot_path%5D=http://www.lazar.ru/manager/processors/copyright.txt??? HTTP/1.1" 404 348 "-""libwww-perl/5.805"
61.110.18.100 - - [12/Mar/2009:19:16:14 -0500] "GET /logs/access_log.1219536000//program/modules/mods_full/shopping_cart/includes/login.php?_SESSION%5Bdocroot_path%5D=http://www.lazar.ru/manager/processors/copyright.txt??? HTTP/1.1" 404 370 "-""libwww-perl/5.805"
61.110.18.100 - - [12/Mar/2009:19:16:14 -0500] "GET //program/modules/mods_full/shopping_cart/includes/login.php?_SESSION%5Bdocroot_path%5D=http://www.lazar.ru/manager/processors/copyright.txt??? HTTP/1.1" 404 343 "-""libwww-perl/5.805"
61.110.18.100 - - [12/Mar/2009:19:16:14 -0500] "GET /logs//program/modules/mods_full/shopping_cart/includes/login.php?_SESSION%5Bdocroot_path%5D=http://www.lazar.ru/manager/processors/copyright.txt??? HTTP/1.1" 404 348 "-""libwww-perl/5.805"
77.221.130.15 - - [12/Mar/2009:19:16:17 -0500] "GET /logs/access_log.1217289600/?_zb_path=http://www.lazar.ru/manager/processors/min.txt? HTTP/1.1" 404 311 "-""Mozilla/5.0"
208.64.202.135 - - [12/Mar/2009:19:17:00 -0500] "GET /logs/access_log.1214352000//include/bbs.lib.inc.php?site_path=http://www.knoum.or.kr/bbs/data/album/1051618750/pulaid.txt??%0D? HTTP/1.1" 404 335 "-""Mozilla/5.0 (Windows; U; Windows NT 5.1; it; rv:1.8.1) Gecko/20060918 Firefox/2.0"
67.76.163.60 - - [12/Mar/2009:19:17:01 -0500] "GET /logs//program/modules/mods_full/shopping_cart/includes/login.php?_SESSION%5Bdocroot_path%5D=http://gumansin.com/id.txt?? HTTP/1.1" 404 348 "-""Mozilla/5.0"
67.76.163.60 - - [12/Mar/2009:19:17:01 -0500] "GET /logs/access_log.1215648000//program/modules/mods_full/shopping_cart/includes/login.php?_SESSION%5Bdocroot_path%5D=http://gumansin.com/id.txt?? HTTP/1.1" 404 370 "-""Mozilla/5.0"
67.76.163.60 - - [12/Mar/2009:19:17:01 -0500] "GET //program/modules/mods_full/shopping_cart/includes/login.php?_SESSION%5Bdocroot_path%5D=http://gumansin.com/id.txt?? HTTP/1.1" 404 343 "-""Mozilla/5.0"
61.110.18.100 - - [12/Mar/2009:19:17:05 -0500] "GET /logs/access_log.1216944000//program/modules/mods_full/shopping_cart/includes/login.php?_SESSION%5Bdocroot_path%5D=http://www.lazar.ru/manager/processors/copyright.txt??? HTTP/1.1" 404 370 "-""libwww-perl/5.805"
61.110.18.100 - - [12/Mar/2009:19:17:10 -0500] "GET /logs/access_log.1216944000//program/modules/mods_full/shopping_cart/includes/login.php?_SESSION%5Bdocroot_path%5D=http://www.lazar.ru/manager/processors/copyright.txt??? HTTP/1.1" 404 370 "-""libwww-perl/5.805"
91.93.97.106 - - [12/Mar/2009:19:17:26 -0500] "GET /logs/access_log.1216857600%20%20//contenido/includes/include.newsletter_jobs_subnav.php?cfg[path][contenido]=http://gumansin.com/id.txt?? HTTP/1.1" 404 367 "-""Mozilla/5.0"
67.76.163.60 - - [12/Mar/2009:19:17:26 -0500] "GET /logs/access_log.1209686400//program/modules/mods_full/shopping_cart/includes/login.php?_SESSION%5Bdocroot_path%5D=http://gumansin.com/id.txt?? HTTP/1.1" 404 370 "-""Mozilla/5.0"
208.111.154.15 - - [12/Mar/2009:19:18:00 -0500] "GET /robots.txt HTTP/1.1" 404 294 "-""Mozilla/5.0 (compatible; Charlotte/1.1; http://www.searchme.com/support/)"
208.111.154.15 - - [12/Mar/2009:19:18:00 -0500] "GET /artwork HTTP/1.1" 301 331 "-""Mozilla/5.0 (compatible; Charlotte/1.1; http://www.searchme.com/support/)"
208.111.154.15 - - [12/Mar/2009:19:18:01 -0500] "GET /artwork/ HTTP/1.1" 200 - "-""Mozilla/5.0 (compatible; Charlotte/1.1; http://www.searchme.com/support/)"
189.2.218.179 - - [12/Mar/2009:19:18:25 -0500] "GET /logs/access_log.1219536000/components/com_colorlab/admin.color.php?mosConfig_live_site=http://cartagenarumbera.com/images/fx29id.txt?? HTTP/1.1" 404 350 "-""Mozilla/5.0"
77.221.130.15 - - [12/Mar/2009:19:18:27 -0500] "GET /logs/access_log.1217289600/?_zb_path=http://www.lazar.ru/manager/processors/readme.txt?? HTTP/1.1" 404 311 "-""Mozilla/4.61 (Macintosh; I; PPC)"
89.186.86.186 - - [12/Mar/2009:19:19:28 -0500] "GET /tattoo/tattoo1.htm HTTP/1.1" 200 3921 "http://www.google.it/search?hl=it&q=vintage+tattoo&meta=""Mozilla/4.0 (compatible; MSIE 7.0; Windows NT 5.1; .NET CLR 2.0.50727; .NET CLR 3.0.04506.30; .NET CLR 3.0.04506.648; .NET CLR 1.1.4322; OfficeLiveConnector.1.3; OfficeLivePatch.0.0)"
89.186.86.186 - - [12/Mar/2009:19:19:29 -0500] "GET /tattoo/tat_1st.JPG HTTP/1.1" 200 16480 "http://tomdolan.pconline.com/tattoo/tattoo1.htm""Mozilla/4.0 (compatible; MSIE 7.0; Windows NT 5.1; .NET CLR 2.0.50727; .NET CLR 3.0.04506.30; .NET CLR 3.0.04506.648; .NET CLR 1.1.4322; OfficeLiveConnector.1.3; OfficeLivePatch.0.0)"
89.186.86.186 - - [12/Mar/2009:19:19:29 -0500] "GET /tattoo/webring.jpg HTTP/1.1" 200 13114 "http://tomdolan.pconline.com/tattoo/tattoo1.htm""Mozilla/4.0 (compatible; MSIE 7.0; Windows NT 5.1; .NET CLR 2.0.50727; .NET CLR 3.0.04506.30; .NET CLR 3.0.04506.648; .NET CLR 1.1.4322; OfficeLiveConnector.1.3; OfficeLivePatch.0.0)"
89.186.86.186 - - [12/Mar/2009:19:19:30 -0500] "GET /favicon.ico HTTP/1.1" 404 295 "-""Mozilla/4.0 (compatible; MSIE 7.0; Windows NT 5.1; .NET CLR 2.0.50727; .NET CLR 3.0.04506.30; .NET CLR 3.0.04506.648; .NET CLR 1.1.4322; OfficeLiveConnector.1.3; OfficeLivePatch.0.0)"
89.186.86.186 - - [12/Mar/2009:19:19:37 -0500] "GET /tattoo/set1.htm HTTP/1.1" 200 2645 "http://tomdolan.pconline.com/tattoo/tattoo1.htm""Mozilla/4.0 (compatible; MSIE 7.0; Windows NT 5.1; .NET CLR 2.0.50727; .NET CLR 3.0.04506.30; .NET CLR 3.0.04506.648; .NET CLR 1.1.4322; OfficeLiveConnector.1.3; OfficeLivePatch.0.0)"
89.186.86.186 - - [12/Mar/2009:19:19:37 -0500] "GET /tattoo/tat10.JPG HTTP/1.1" 200 22746 "http://tomdolan.pconline.com/tattoo/set1.htm""Mozilla/4.0 (compatible; MSIE 7.0; Windows NT 5.1; .NET CLR 2.0.50727; .NET CLR 3.0.04506.30; .NET CLR 3.0.04506.648; .NET CLR 1.1.4322; OfficeLiveConnector.1.3; OfficeLivePatch.0.0)"
89.186.86.186 - - [12/Mar/2009:19:19:38 -0500] "GET /tattoo/tat2.JPG HTTP/1.1" 200 18943 "http://tomdolan.pconline.com/tattoo/set1.htm""Mozilla/4.0 (compatible; MSIE 7.0; Windows NT 5.1; .NET CLR 2.0.50727; .NET CLR 3.0.04506.30; .NET CLR 3.0.04506.648; .NET CLR 1.1.4322; OfficeLiveConnector.1.3; OfficeLivePatch.0.0)"
89.186.86.186 - - [12/Mar/2009:19:19:38 -0500] "GET /tattoo/tat3.jpg HTTP/1.1" 200 11901 "http://tomdolan.pconline.com/tattoo/set1.htm""Mozilla/4.0 (compatible; MSIE 7.0; Windows NT 5.1; .NET CLR 2.0.50727; .NET CLR 3.0.04506.30; .NET CLR 3.0.04506.648; .NET CLR 1.1.4322; OfficeLiveConnector.1.3; OfficeLivePatch.0.0)"
89.186.86.186 - - [12/Mar/2009:19:19:39 -0500] "GET /tattoo/tat4.JPG HTTP/1.1" 200 18080 "http://tomdolan.pconline.com/tattoo/set1.htm""Mozilla/4.0 (compatible; MSIE 7.0; Windows NT 5.1; .NET CLR 2.0.50727; .NET CLR 3.0.04506.30; .NET CLR 3.0.04506.648; .NET CLR 1.1.4322; OfficeLiveConnector.1.3; OfficeLivePatch.0.0)"
89.186.86.186 - - [12/Mar/2009:19:19:39 -0500] "GET /tattoo/tat5.JPG HTTP/1.1" 200 13769 "http://tomdolan.pconline.com/tattoo/set1.htm""Mozilla/4.0 (compatible; MSIE 7.0; Windows NT 5.1; .NET CLR 2.0.50727; .NET CLR 3.0.04506.30; .NET CLR 3.0.04506.648; .NET CLR 1.1.4322; OfficeLiveConnector.1.3; OfficeLivePatch.0.0)"
89.186.86.186 - - [12/Mar/2009:19:19:39 -0500] "GET /tattoo/tat6.JPG HTTP/1.1" 200 18543 "http://tomdolan.pconline.com/tattoo/set1.htm""Mozilla/4.0 (compatible; MSIE 7.0; Windows NT 5.1; .NET CLR 2.0.50727; .NET CLR 3.0.04506.30; .NET CLR 3.0.04506.648; .NET CLR 1.1.4322; OfficeLiveConnector.1.3; OfficeLivePatch.0.0)"
89.186.86.186 - - [12/Mar/2009:19:19:40 -0500] "GET /tattoo/tat7.JPG HTTP/1.1" 200 17358 "http://tomdolan.pconline.com/tattoo/set1.htm""Mozilla/4.0 (compatible; MSIE 7.0; Windows NT 5.1; .NET CLR 2.0.50727; .NET CLR 3.0.04506.30; .NET CLR 3.0.04506.648; .NET CLR 1.1.4322; OfficeLiveConnector.1.3; OfficeLivePatch.0.0)"
89.186.86.186 - - [12/Mar/2009:19:19:40 -0500] "GET /tattoo/tat8.jpg HTTP/1.1" 200 13191 "http://tomdolan.pconline.com/tattoo/set1.htm""Mozilla/4.0 (compatible; MSIE 7.0; Windows NT 5.1; .NET CLR 2.0.50727; .NET CLR 3.0.04506.30; .NET CLR 3.0.04506.648; .NET CLR 1.1.4322; OfficeLiveConnector.1.3; OfficeLivePatch.0.0)"
89.186.86.186 - - [12/Mar/2009:19:19:40 -0500] "GET /tattoo/tat9.JPG HTTP/1.1" 200 16749 "http://tomdolan.pconline.com/tattoo/set1.htm""Mozilla/4.0 (compatible; MSIE 7.0; Windows NT 5.1; .NET CLR 2.0.50727; .NET CLR 3.0.04506.30; .NET CLR 3.0.04506.648; .NET CLR 1.1.4322; OfficeLiveConnector.1.3; OfficeLivePatch.0.0)"
89.186.86.186 - - [12/Mar/2009:19:19:42 -0500] "GET /tattoo/tat1.JPG HTTP/1.1" 200 16158 "http://tomdolan.pconline.com/tattoo/set1.htm""Mozilla/4.0 (compatible; MSIE 7.0; Windows NT 5.1; .NET CLR 2.0.50727; .NET CLR 3.0.04506.30; .NET CLR 3.0.04506.648; .NET CLR 1.1.4322; OfficeLiveConnector.1.3; OfficeLivePatch.0.0)"
61.110.18.100 - - [12/Mar/2009:19:19:48 -0500] "GET /phphtml.php?htmlclass_path=http://www.ppclub.co.kr/bbs/1.txt???? HTTP/1.1" 404 295 "-""Mozilla/5.0"
61.110.18.100 - - [12/Mar/2009:19:19:48 -0500] "GET /logs/phphtml.php?htmlclass_path=http://www.ppclub.co.kr/bbs/1.txt???? HTTP/1.1" 404 300 "-""Mozilla/5.0"
61.110.18.100 - - [12/Mar/2009:19:19:48 -0500] "GET /logs/access_log.1226016000/phphtml.php?htmlclass_path=http://www.ppclub.co.kr/bbs/1.txt???? HTTP/1.1" 404 322 "-""Mozilla/5.0"
89.186.86.186 - - [12/Mar/2009:19:19:59 -0500] "GET /tattoo/set2.htm HTTP/1.1" 200 2286 "http://tomdolan.pconline.com/tattoo/set1.htm""Mozilla/4.0 (compatible; MSIE 7.0; Windows NT 5.1; .NET CLR 2.0.50727; .NET CLR 3.0.04506.30; .NET CLR 3.0.04506.648; .NET CLR 1.1.4322; OfficeLiveConnector.1.3; OfficeLivePatch.0.0)"
61.110.18.100 - - [12/Mar/2009:19:19:59 -0500] "GET /logs/access_log.1218931200/phphtml.php?htmlclass_path=http://www.ppclub.co.kr/bbs/1.txt???? HTTP/1.1" 404 322 "-""Mozilla/5.0"
89.186.86.186 - - [12/Mar/2009:19:19:59 -0500] "GET /tattoo/tatb1.JPG HTTP/1.1" 200 14848 "http://tomdolan.pconline.com/tattoo/set2.htm""Mozilla/4.0 (compatible; MSIE 7.0; Windows NT 5.1; .NET CLR 2.0.50727; .NET CLR 3.0.04506.30; .NET CLR 3.0.04506.648; .NET CLR 1.1.4322; OfficeLiveConnector.1.3; OfficeLivePatch.0.0)"
89.186.86.186 - - [12/Mar/2009:19:19:59 -0500] "GET /tattoo/tatb10.JPG HTTP/1.1" 200 17887 "http://tomdolan.pconline.com/tattoo/set2.htm""Mozilla/4.0 (compatible; MSIE 7.0; Windows NT 5.1; .NET CLR 2.0.50727; .NET CLR 3.0.04506.30; .NET CLR 3.0.04506.648; .NET CLR 1.1.4322; OfficeLiveConnector.1.3; OfficeLivePatch.0.0)"
89.186.86.186 - - [12/Mar/2009:19:20:00 -0500] "GET /tattoo/tatb2.JPG HTTP/1.1" 200 16592 "http://tomdolan.pconline.com/tattoo/set2.htm""Mozilla/4.0 (compatible; MSIE 7.0; Windows NT 5.1; .NET CLR 2.0.50727; .NET CLR 3.0.04506.30; .NET CLR 3.0.04506.648; .NET CLR 1.1.4322; OfficeLiveConnector.1.3; OfficeLivePatch.0.0)"
89.186.86.186 - - [12/Mar/2009:19:20:00 -0500] "GET /tattoo/tatb3.JPG HTTP/1.1" 200 16163 "http://tomdolan.pconline.com/tattoo/set2.htm""Mozilla/4.0 (compatible; MSIE 7.0; Windows NT 5.1; .NET CLR 2.0.50727; .NET CLR 3.0.04506.30; .NET CLR 3.0.04506.648; .NET CLR 1.1.4322; OfficeLiveConnector.1.3; OfficeLivePatch.0.0)"
89.186.86.186 - - [12/Mar/2009:19:20:00 -0500] "GET /tattoo/tatb4.JPG HTTP/1.1" 200 15705 "http://tomdolan.pconline.com/tattoo/set2.htm""Mozilla/4.0 (compatible; MSIE 7.0; Windows NT 5.1; .NET CLR 2.0.50727; .NET CLR 3.0.04506.30; .NET CLR 3.0.04506.648; .NET CLR 1.1.4322; OfficeLiveConnector.1.3; OfficeLivePatch.0.0)"
89.186.86.186 - - [12/Mar/2009:19:20:00 -0500] "GET /tattoo/tatb5.JPG HTTP/1.1" 200 20135 "http://tomdolan.pconline.com/tattoo/set2.htm""Mozilla/4.0 (compatible; MSIE 7.0; Windows NT 5.1; .NET CLR 2.0.50727; .NET CLR 3.0.04506.30; .NET CLR 3.0.04506.648; .NET CLR 1.1.4322; OfficeLiveConnector.1.3; OfficeLivePatch.0.0)"
89.186.86.186 - - [12/Mar/2009:19:20:00 -0500] "GET /tattoo/tatb6.JPG HTTP/1.1" 200 21190 "http://tomdolan.pconline.com/tattoo/set2.htm""Mozilla/4.0 (compatible; MSIE 7.0; Windows NT 5.1; .NET CLR 2.0.50727; .NET CLR 3.0.04506.30; .NET CLR 3.0.04506.648; .NET CLR 1.1.4322; OfficeLiveConnector.1.3; OfficeLivePatch.0.0)"
89.186.86.186 - - [12/Mar/2009:19:20:01 -0500] "GET /tattoo/tatb7.JPG HTTP/1.1" 200 16193 "http://tomdolan.pconline.com/tattoo/set2.htm""Mozilla/4.0 (compatible; MSIE 7.0; Windows NT 5.1; .NET CLR 2.0.50727; .NET CLR 3.0.04506.30; .NET CLR 3.0.04506.648; .NET CLR 1.1.4322; OfficeLiveConnector.1.3; OfficeLivePatch.0.0)"
89.186.86.186 - - [12/Mar/2009:19:20:01 -0500] "GET /tattoo/tatb8.JPG HTTP/1.1" 200 18467 "http://tomdolan.pconline.com/tattoo/set2.htm""Mozilla/4.0 (compatible; MSIE 7.0; Windows NT 5.1; .NET CLR 2.0.50727; .NET CLR 3.0.04506.30; .NET CLR 3.0.04506.648; .NET CLR 1.1.4322; OfficeLiveConnector.1.3; OfficeLivePatch.0.0)"
89.186.86.186 - - [12/Mar/2009:19:20:01 -0500] "GET /tattoo/tatb9.JPG HTTP/1.1" 200 21598 "http://tomdolan.pconline.com/tattoo/set2.htm""Mozilla/4.0 (compatible; MSIE 7.0; Windows NT 5.1; .NET CLR 2.0.50727; .NET CLR 3.0.04506.30; .NET CLR 3.0.04506.648; .NET CLR 1.1.4322; OfficeLiveConnector.1.3; OfficeLivePatch.0.0)"
89.186.86.186 - - [12/Mar/2009:19:20:15 -0500] "GET /tattoo/set3.htm HTTP/1.1" 200 2177 "http://tomdolan.pconline.com/tattoo/set2.htm""Mozilla/4.0 (compatible; MSIE 7.0; Windows NT 5.1; .NET CLR 2.0.50727; .NET CLR 3.0.04506.30; .NET CLR 3.0.04506.648; .NET CLR 1.1.4322; OfficeLiveConnector.1.3; OfficeLivePatch.0.0)"
89.186.86.186 - - [12/Mar/2009:19:20:15 -0500] "GET /tattoo/tatc1.JPG HTTP/1.1" 200 21412 "http://tomdolan.pconline.com/tattoo/set3.htm""Mozilla/4.0 (compatible; MSIE 7.0; Windows NT 5.1; .NET CLR 2.0.50727; .NET CLR 3.0.04506.30; .NET CLR 3.0.04506.648; .NET CLR 1.1.4322; OfficeLiveConnector.1.3; OfficeLivePatch.0.0)"
89.186.86.186 - - [12/Mar/2009:19:20:15 -0500] "GET /tattoo/tatc10.JPG HTTP/1.1" 200 14157 "http://tomdolan.pconline.com/tattoo/set3.htm""Mozilla/4.0 (compatible; MSIE 7.0; Windows NT 5.1; .NET CLR 2.0.50727; .NET CLR 3.0.04506.30; .NET CLR 3.0.04506.648; .NET CLR 1.1.4322; OfficeLiveConnector.1.3; OfficeLivePatch.0.0)"
89.186.86.186 - - [12/Mar/2009:19:20:15 -0500] "GET /tattoo/tatc2.JPG HTTP/1.1" 200 17893 "http://tomdolan.pconline.com/tattoo/set3.htm""Mozilla/4.0 (compatible; MSIE 7.0; Windows NT 5.1; .NET CLR 2.0.50727; .NET CLR 3.0.04506.30; .NET CLR 3.0.04506.648; .NET CLR 1.1.4322; OfficeLiveConnector.1.3; OfficeLivePatch.0.0)"
89.186.86.186 - - [12/Mar/2009:19:20:15 -0500] "GET /tattoo/tatc3.JPG HTTP/1.1" 200 16313 "http://tomdolan.pconline.com/tattoo/set3.htm""Mozilla/4.0 (compatible; MSIE 7.0; Windows NT 5.1; .NET CLR 2.0.50727; .NET CLR 3.0.04506.30; .NET CLR 3.0.04506.648; .NET CLR 1.1.4322; OfficeLiveConnector.1.3; OfficeLivePatch.0.0)"
89.186.86.186 - - [12/Mar/2009:19:20:16 -0500] "GET /tattoo/tatc4.JPG HTTP/1.1" 200 12619 "http://tomdolan.pconline.com/tattoo/set3.htm""Mozilla/4.0 (compatible; MSIE 7.0; Windows NT 5.1; .NET CLR 2.0.50727; .NET CLR 3.0.04506.30; .NET CLR 3.0.04506.648; .NET CLR 1.1.4322; OfficeLiveConnector.1.3; OfficeLivePatch.0.0)"
89.186.86.186 - - [12/Mar/2009:19:20:16 -0500] "GET /tattoo/tatc8.JPG HTTP/1.1" 200 17057 "http://tomdolan.pconline.com/tattoo/set3.htm""Mozilla/4.0 (compatible; MSIE 7.0; Windows NT 5.1; .NET CLR 2.0.50727; .NET CLR 3.0.04506.30; .NET CLR 3.0.04506.648; .NET CLR 1.1.4322; OfficeLiveConnector.1.3; OfficeLivePatch.0.0)"
89.186.86.186 - - [12/Mar/2009:19:20:16 -0500] "GET /tattoo/tatc6.JPG HTTP/1.1" 200 14549 "http://tomdolan.pconline.com/tattoo/set3.htm""Mozilla/4.0 (compatible; MSIE 7.0; Windows NT 5.1; .NET CLR 2.0.50727; .NET CLR 3.0.04506.30; .NET CLR 3.0.04506.648; .NET CLR 1.1.4322; OfficeLiveConnector.1.3; OfficeLivePatch.0.0)"
89.186.86.186 - - [12/Mar/2009:19:20:16 -0500] "GET /tattoo/tatc7.JPG HTTP/1.1" 200 12347 "http://tomdolan.pconline.com/tattoo/set3.htm""Mozilla/4.0 (compatible; MSIE 7.0; Windows NT 5.1; .NET CLR 2.0.50727; .NET CLR 3.0.04506.30; .NET CLR 3.0.04506.648; .NET CLR 1.1.4322; OfficeLiveConnector.1.3; OfficeLivePatch.0.0)"
89.186.86.186 - - [12/Mar/2009:19:20:16 -0500] "GET /tattoo/tatc9.JPG HTTP/1.1" 200 18139 "http://tomdolan.pconline.com/tattoo/set3.htm""Mozilla/4.0 (compatible; MSIE 7.0; Windows NT 5.1; .NET CLR 2.0.50727; .NET CLR 3.0.04506.30; .NET CLR 3.0.04506.648; .NET CLR 1.1.4322; OfficeLiveConnector.1.3; OfficeLivePatch.0.0)"
89.186.86.186 - - [12/Mar/2009:19:20:16 -0500] "GET /tattoo/tatc5.JPG HTTP/1.1" 200 19436 "http://tomdolan.pconline.com/tattoo/set3.htm""Mozilla/4.0 (compatible; MSIE 7.0; Windows NT 5.1; .NET CLR 2.0.50727; .NET CLR 3.0.04506.30; .NET CLR 3.0.04506.648; .NET CLR 1.1.4322; OfficeLiveConnector.1.3; OfficeLivePatch.0.0)"
89.186.86.186 - - [12/Mar/2009:19:20:33 -0500] "GET /tattoo/set4.htm HTTP/1.1" 200 1694 "http://tomdolan.pconline.com/tattoo/set3.htm""Mozilla/4.0 (compatible; MSIE 7.0; Windows NT 5.1; .NET CLR 2.0.50727; .NET CLR 3.0.04506.30; .NET CLR 3.0.04506.648; .NET CLR 1.1.4322; OfficeLiveConnector.1.3; OfficeLivePatch.0.0)"
89.186.86.186 - - [12/Mar/2009:19:20:34 -0500] "GET /tattoo/tatd1.JPG HTTP/1.1" 200 14507 "http://tomdolan.pconline.com/tattoo/set4.htm""Mozilla/4.0 (compatible; MSIE 7.0; Windows NT 5.1; .NET CLR 2.0.50727; .NET CLR 3.0.04506.30; .NET CLR 3.0.04506.648; .NET CLR 1.1.4322; OfficeLiveConnector.1.3; OfficeLivePatch.0.0)"
89.186.86.186 - - [12/Mar/2009:19:20:34 -0500] "GET /tattoo/tatd2.JPG HTTP/1.1" 200 14891 "http://tomdolan.pconline.com/tattoo/set4.htm""Mozilla/4.0 (compatible; MSIE 7.0; Windows NT 5.1; .NET CLR 2.0.50727; .NET CLR 3.0.04506.30; .NET CLR 3.0.04506.648; .NET CLR 1.1.4322; OfficeLiveConnector.1.3; OfficeLivePatch.0.0)"
89.186.86.186 - - [12/Mar/2009:19:20:34 -0500] "GET /tattoo/tatd3.JPG HTTP/1.1" 200 12386 "http://tomdolan.pconline.com/tattoo/set4.htm""Mozilla/4.0 (compatible; MSIE 7.0; Windows NT 5.1; .NET CLR 2.0.50727; .NET CLR 3.0.04506.30; .NET CLR 3.0.04506.648; .NET CLR 1.1.4322; OfficeLiveConnector.1.3; OfficeLivePatch.0.0)"
89.186.86.186 - - [12/Mar/2009:19:20:35 -0500] "GET /tattoo/tatd4.JPG HTTP/1.1" 200 12068 "http://tomdolan.pconline.com/tattoo/set4.htm""Mozilla/4.0 (compatible; MSIE 7.0; Windows NT 5.1; .NET CLR 2.0.50727; .NET CLR 3.0.04506.30; .NET CLR 3.0.04506.648; .NET CLR 1.1.4322; OfficeLiveConnector.1.3; OfficeLivePatch.0.0)"
89.186.86.186 - - [12/Mar/2009:19:20:35 -0500] "GET /tattoo/tatd6.JPG HTTP/1.1" 200 12059 "http://tomdolan.pconline.com/tattoo/set4.htm""Mozilla/4.0 (compatible; MSIE 7.0; Windows NT 5.1; .NET CLR 2.0.50727; .NET CLR 3.0.04506.30; .NET CLR 3.0.04506.648; .NET CLR 1.1.4322; OfficeLiveConnector.1.3; OfficeLivePatch.0.0)"
89.186.86.186 - - [12/Mar/2009:19:20:35 -0500] "GET /tattoo/tatd7.JPG HTTP/1.1" 200 20479 "http://tomdolan.pconline.com/tattoo/set4.htm""Mozilla/4.0 (compatible; MSIE 7.0; Windows NT 5.1; .NET CLR 2.0.50727; .NET CLR 3.0.04506.30; .NET CLR 3.0.04506.648; .NET CLR 1.1.4322; OfficeLiveConnector.1.3; OfficeLivePatch.0.0)"
89.186.86.186 - - [12/Mar/2009:19:20:35 -0500] "GET /tattoo/tatd10.JPG HTTP/1.1" 200 19089 "http://tomdolan.pconline.com/tattoo/set4.htm""Mozilla/4.0 (compatible; MSIE 7.0; Windows NT 5.1; .NET CLR 2.0.50727; .NET CLR 3.0.04506.30; .NET CLR 3.0.04506.648; .NET CLR 1.1.4322; OfficeLiveConnector.1.3; OfficeLivePatch.0.0)"
89.186.86.186 - - [12/Mar/2009:19:20:35 -0500] "GET /tattoo/msameric.JPG HTTP/1.1" 200 14283 "http://tomdolan.pconline.com/tattoo/set4.htm""Mozilla/4.0 (compatible; MSIE 7.0; Windows NT 5.1; .NET CLR 2.0.50727; .NET CLR 3.0.04506.30; .NET CLR 3.0.04506.648; .NET CLR 1.1.4322; OfficeLiveConnector.1.3; OfficeLivePatch.0.0)"
89.186.86.186 - - [12/Mar/2009:19:20:36 -0500] "GET /tattoo/tatd9.JPG HTTP/1.1" 200 17368 "http://tomdolan.pconline.com/tattoo/set4.htm""Mozilla/4.0 (compatible; MSIE 7.0; Windows NT 5.1; .NET CLR 2.0.50727; .NET CLR 3.0.04506.30; .NET CLR 3.0.04506.648; .NET CLR 1.1.4322; OfficeLiveConnector.1.3; OfficeLivePatch.0.0)"
89.186.86.186 - - [12/Mar/2009:19:20:36 -0500] "GET /tattoo/tatd8.JPG HTTP/1.1" 200 13038 "http://tomdolan.pconline.com/tattoo/set4.htm""Mozilla/4.0 (compatible; MSIE 7.0; Windows NT 5.1; .NET CLR 2.0.50727; .NET CLR 3.0.04506.30; .NET CLR 3.0.04506.648; .NET CLR 1.1.4322; OfficeLiveConnector.1.3; OfficeLivePatch.0.0)"
89.186.86.186 - - [12/Mar/2009:19:20:41 -0500] "GET /tattoo/bonus.htm HTTP/1.1" 200 808 "http://tomdolan.pconline.com/tattoo/set4.htm""Mozilla/4.0 (compatible; MSIE 7.0; Windows NT 5.1; .NET CLR 2.0.50727; .NET CLR 3.0.04506.30; .NET CLR 3.0.04506.648; .NET CLR 1.1.4322; OfficeLiveConnector.1.3; OfficeLivePatch.0.0)"
89.186.86.186 - - [12/Mar/2009:19:20:42 -0500] "GET /tattoo/tate4.JPG HTTP/1.1" 200 18555 "http://tomdolan.pconline.com/tattoo/bonus.htm""Mozilla/4.0 (compatible; MSIE 7.0; Windows NT 5.1; .NET CLR 2.0.50727; .NET CLR 3.0.04506.30; .NET CLR 3.0.04506.648; .NET CLR 1.1.4322; OfficeLiveConnector.1.3; OfficeLivePatch.0.0)"
89.186.86.186 - - [12/Mar/2009:19:20:42 -0500] "GET /tattoo/tate2.JPG HTTP/1.1" 200 13891 "http://tomdolan.pconline.com/tattoo/bonus.htm""Mozilla/4.0 (compatible; MSIE 7.0; Windows NT 5.1; .NET CLR 2.0.50727; .NET CLR 3.0.04506.30; .NET CLR 3.0.04506.648; .NET CLR 1.1.4322; OfficeLiveConnector.1.3; OfficeLivePatch.0.0)"
89.186.86.186 - - [12/Mar/2009:19:20:42 -0500] "GET /tattoo/tate3.JPG HTTP/1.1" 200 16409 "http://tomdolan.pconline.com/tattoo/bonus.htm""Mozilla/4.0 (compatible; MSIE 7.0; Windows NT 5.1; .NET CLR 2.0.50727; .NET CLR 3.0.04506.30; .NET CLR 3.0.04506.648; .NET CLR 1.1.4322; OfficeLiveConnector.1.3; OfficeLivePatch.0.0)"
67.76.163.60 - - [12/Mar/2009:19:21:53 -0500] "GET /logs/access_log.1219536000//program/modules/mods_full/shopping_cart/includes/login.php?_SESSION%5Bdocroot_path%5D=http://gumansin.com/id.txt?? HTTP/1.1" 404 370 "-""Mozilla/5.0"
58.226.23.55 - - [12/Mar/2009:19:22:00 -0500] "GET /logs/access_log.1211328000/errors.php?error=http://gumansin.com/id.txt?? HTTP/1.1" 404 321 "-""Mozilla/5.0"
58.226.23.55 - - [12/Mar/2009:19:22:00 -0500] "GET /logs/access_log.1211932800/errors.php?error=http://gumansin.com/id.txt?? HTTP/1.1" 404 321 "-""Mozilla/5.0"
67.76.163.60 - - [12/Mar/2009:19:22:09 -0500] "GET //program/modules/mods_full/shopping_cart/includes/login.php?_SESSION%5Bdocroot_path%5D=http://gumansin.com/id.txt?? HTTP/1.1" 404 343 "-""Mozilla/5.0"
67.76.163.60 - - [12/Mar/2009:19:22:09 -0500] "GET /logs//program/modules/mods_full/shopping_cart/includes/login.php?_SESSION%5Bdocroot_path%5D=http://gumansin.com/id.txt?? HTTP/1.1" 404 348 "-""Mozilla/5.0"
67.76.163.60 - - [12/Mar/2009:19:22:09 -0500] "GET /logs/access_log.1215648000//program/modules/mods_full/shopping_cart/includes/login.php?_SESSION%5Bdocroot_path%5D=http://gumansin.com/id.txt?? HTTP/1.1" 404 370 "-""Mozilla/5.0"
61.110.18.100 - - [12/Mar/2009:19:22:15 -0500] "GET /logs/access_log.1216684800%20%20//index.php?DOCUMENT_ROOT=http://www.ppclub.co.kr/bbs/1.txt???? HTTP/1.1" 404 323 "-""Mozilla/5.0"
61.110.18.100 - - [12/Mar/2009:19:22:15 -0500] "GET /logs//index.php?DOCUMENT_ROOT=http://www.ppclub.co.kr/bbs/1.txt???? HTTP/1.1" 404 299 "-""Mozilla/5.0"
61.110.18.100 - - [12/Mar/2009:19:22:15 -0500] "GET //index.php?DOCUMENT_ROOT=http://www.ppclub.co.kr/bbs/1.txt???? HTTP/1.1" 404 294 "-""Mozilla/5.0"
67.76.163.60 - - [12/Mar/2009:19:22:25 -0500] "GET /logs/access_log.1209686400//program/modules/mods_full/shopping_cart/includes/login.php?_SESSION%5Bdocroot_path%5D=http://gumansin.com/id.txt?? HTTP/1.1" 404 370 "-""Mozilla/5.0"
61.62.162.42 - - [12/Mar/2009:19:23:12 -0500] "GET /logs/access_log.1219536000//program/modules/mods_full/shopping_cart/includes/login.php?_SESSION%5Bdocroot_path%5D=http://zacs.ca/blm/images/banner.jpg?? HTTP/1.1" 404 370 "-""libwww-perl/5.803"
61.62.162.42 - - [12/Mar/2009:19:23:12 -0500] "GET //program/modules/mods_full/shopping_cart/includes/login.php?_SESSION%5Bdocroot_path%5D=http://zacs.ca/blm/images/banner.jpg?? HTTP/1.1" 404 343 "-""libwww-perl/5.803"
61.62.162.42 - - [12/Mar/2009:19:23:13 -0500] "GET /logs//program/modules/mods_full/shopping_cart/includes/login.php?_SESSION%5Bdocroot_path%5D=http://zacs.ca/blm/images/banner.jpg?? HTTP/1.1" 404 348 "-""libwww-perl/5.803"
67.76.163.60 - - [12/Mar/2009:19:23:13 -0500] "GET /logs/access_log.1216944000//program/modules/mods_full/shopping_cart/includes/login.php?_SESSION%5Bdocroot_path%5D=http://gumansin.com/id.txt?? HTTP/1.1" 404 370 "-""Mozilla/5.0"
151.1.32.20 - - [12/Mar/2009:19:23:34 -0500] "GET /logs/errors.php?error=http://www.amico.it//components/com_login/idste.txt? HTTP/1.1" 404 299 "-""libwww-perl/5.76"
151.1.32.20 - - [12/Mar/2009:19:23:35 -0500] "GET /errors.php?error=http://www.amico.it//components/com_login/idste.txt? HTTP/1.1" 404 294 "-""libwww-perl/5.76"
61.110.18.100 - - [12/Mar/2009:19:23:48 -0500] "GET /logs/access_log.1216684800//index.php?DOCUMENT_ROOT=http://www.ppclub.co.kr/bbs/1.txt???? HTTP/1.1" 404 321 "-""Mozilla/5.0"
61.110.18.100 - - [12/Mar/2009:19:23:48 -0500] "GET //index.php?DOCUMENT_ROOT=http://www.ppclub.co.kr/bbs/1.txt???? HTTP/1.1" 404 294 "-""Mozilla/5.0"
61.110.18.100 - - [12/Mar/2009:19:23:48 -0500] "GET /logs//index.php?DOCUMENT_ROOT=http://www.ppclub.co.kr/bbs/1.txt???? HTTP/1.1" 404 299 "-""Mozilla/5.0"
78.137.163.133 - - [12/Mar/2009:19:23:49 -0500] "GET /tattoo/tattoo1.htm HTTP/1.1" 200 3921 "-""Mozilla/5.0 (X11; U; Linux i686; en-US; rv:1.9a1) Gecko/20070308 Minefield/3.0a1"
78.137.163.133 - - [12/Mar/2009:19:23:49 -0500] "GET /tattoo/tat_1st.JPG HTTP/1.1" 200 16480 "http://tomdolan.pconline.com/tattoo/tattoo1.htm""Mozilla/5.0 (X11; U; Linux i686; en-US; rv:1.9a1) Gecko/20070308 Minefield/3.0a1"
78.137.163.133 - - [12/Mar/2009:19:23:49 -0500] "GET /tattoo/webring.jpg HTTP/1.1" 200 13114 "http://tomdolan.pconline.com/tattoo/tattoo1.htm""Mozilla/5.0 (X11; U; Linux i686; en-US; rv:1.9a1) Gecko/20070308 Minefield/3.0a1"
77.221.130.15 - - [12/Mar/2009:19:24:36 -0500] "GET /logs/access_log.1217289600/?_zb_path=http://www.lazar.ru/manager/processors/readme.txt?? HTTP/1.1" 404 311 "-""Mozilla/5.0 (Windows; U; Windows NT 5.1; en-US; rv:1.8) Gecko/20060321 Firefox/2.0a1"
202.125.46.29 - - [12/Mar/2009:19:24:39 -0500] "GET /logs/principal.php?conteudo=http://zacs.ca/blm/images/banner.gif?? HTTP/1.1" 404 302 "-""Mozilla/5.0"
202.125.46.29 - - [12/Mar/2009:19:24:39 -0500] "GET /logs/access_log.1218326400/principal.php?conteudo=http://zacs.ca/blm/images/banner.gif?? HTTP/1.1" 404 324 "-""Mozilla/5.0"
202.125.46.29 - - [12/Mar/2009:19:24:39 -0500] "GET /principal.php?conteudo=http://zacs.ca/blm/images/banner.gif?? HTTP/1.1" 404 297 "-""Mozilla/5.0"
61.110.18.100 - - [12/Mar/2009:19:24:44 -0500] "GET /logs/access_log.1216684800//index.php?DOCUMENT_ROOT=http://www.ppclub.co.kr/bbs/1.txt???? HTTP/1.1" 404 321 "-""Mozilla/5.0"
61.110.18.100 - - [12/Mar/2009:19:24:44 -0500] "GET /logs//index.php?DOCUMENT_ROOT=http://www.ppclub.co.kr/bbs/1.txt???? HTTP/1.1" 404 299 "-""Mozilla/5.0"
61.110.18.100 - - [12/Mar/2009:19:24:47 -0500] "GET //index.php?DOCUMENT_ROOT=http://www.ppclub.co.kr/bbs/1.txt???? HTTP/1.1" 404 294 "-""Mozilla/5.0"
151.1.32.20 - - [12/Mar/2009:19:25:34 -0500] "GET /logs/errors.php?error=http://www.amico.it//components/com_login/idste.txt? HTTP/1.1" 404 299 "-""libwww-perl/5.76"
151.1.32.20 - - [12/Mar/2009:19:25:34 -0500] "GET /errors.php?error=http://www.amico.it//components/com_login/idste.txt? HTTP/1.1" 404 294 "-""libwww-perl/5.76"
67.76.163.60 - - [12/Mar/2009:19:26:51 -0500] "GET /logs/access_log.1219536000//program/modules/mods_full/shopping_cart/includes/login.php?_SESSION%5Bdocroot_path%5D=http://gumansin.com/id.txt?? HTTP/1.1" 404 370 "-""Mozilla/5.0"
61.110.18.100 - - [12/Mar/2009:19:26:55 -0500] "GET /logs/access_log.1217289600//index.php?DOCUMENT_ROOT=http://www.ppclub.co.kr/bbs/1.txt???? HTTP/1.1" 404 321 "-""Mozilla/5.0"
216.15.161.2 - - [12/Mar/2009:19:27:39 -0500] "GET /logs/access_log.1218758400/?view=page&pagename=http://lotmos.ru//prog/pl_rubrikator/id1.txt?? HTTP/1.1" 404 311 "-""Mozilla/5.0"
216.15.161.2 - - [12/Mar/2009:19:27:39 -0500] "GET /?view=page&pagename=http://lotmos.ru//prog/pl_rubrikator/id1.txt?? HTTP/1.1" 200 1243 "-""Mozilla/5.0"
216.15.161.2 - - [12/Mar/2009:19:27:39 -0500] "GET /logs/?view=page&pagename=http://lotmos.ru//prog/pl_rubrikator/id1.txt?? HTTP/1.1" 200 122039 "-""Mozilla/5.0"
216.15.161.2 - - [12/Mar/2009:19:27:42 -0500] "GET /?view=page&pagename=http://lotmos.ru//prog/pl_rubrikator/id1.txt?? HTTP/1.1" 200 1243 "-""Mozilla/5.0"
216.15.161.2 - - [12/Mar/2009:19:27:42 -0500] "GET /logs/access_log.1218758400/?view=page&pagename=http://lotmos.ru//prog/pl_rubrikator/id1.txt?? HTTP/1.1" 404 311 "-""Mozilla/5.0"
