209.151.224.247 - - [08/Apr/2010:22:08:33 -0500] "GET /logs/access_log.1247529600//include/monitoring/engine/MakeXML4statusCounter.php?fileOreonConf=http://www.foodntop.com/bbs/data/notice_1/robot.txt???? HTTP/1.1" 404 363 "-""Mozilla/5.0"
212.227.141.53 - - [08/Apr/2010:22:09:27 -0500] "GET //components/com_sitemap/sitemap.xml.php?mosConfig_absolute_path=http://takesi.freewebhostx.com/fx29id1.txt?????? HTTP/1.1" 404 323 "-""Mozilla/5.0"
212.227.141.53 - - [08/Apr/2010:22:09:27 -0500] "GET /logs//components/com_sitemap/sitemap.xml.php?mosConfig_absolute_path=http://takesi.freewebhostx.com/fx29id1.txt?????? HTTP/1.1" 404 328 "-""Mozilla/5.0"
212.227.141.53 - - [08/Apr/2010:22:09:27 -0500] "GET /logs/access_log.1220054400//components/com_sitemap/sitemap.xml.php?mosConfig_absolute_path=http://takesi.freewebhostx.com/fx29id1.txt?????? HTTP/1.1" 404 350 "-""Mozilla/5.0"
209.151.224.247 - - [08/Apr/2010:22:10:30 -0500] "GET /logs/access_log.1268611200//include/monitoring/engine/MakeXML4statusCounter.php?fileOreonConf=http://www.foodntop.com/bbs/data/notice_1/robot.txt???? HTTP/1.1" 404 363 "-""Mozilla/5.0"
209.151.224.247 - - [08/Apr/2010:22:10:35 -0500] "GET /logs/access_log.1268611200//include/monitoring/engine/MakeXML4statusCounter.php?fileOreonConf=http://www.foodntop.com/bbs/data/notice_1/robot.txt???? HTTP/1.1" 404 363 "-""Mozilla/5.0"
79.174.78.178 - - [08/Apr/2010:22:11:04 -0500] "GET /logs/access_log.1268265600//components/com_simpleboard/image_upload.php?sbp=http://e-regis.cmtc.ac.th/cvs/id1.txt??? HTTP/1.1" 404 355 "-""Mozilla/5.0"
79.174.78.178 - - [08/Apr/2010:22:11:06 -0500] "GET /logs/access_log.1268265600//components/com_simpleboard/image_upload.php?sbp=http://e-regis.cmtc.ac.th/cvs/id1.txt??? HTTP/1.1" 404 355 "-""Mozilla/5.0"
69.163.150.203 - - [08/Apr/2010:22:12:21 -0500] "GET /logs/access_log.1247529600//include/monitoring/engine/MakeXML4statusCounter.php?fileOreonConf=http://www.foodntop.com/bbs/data/notice_1/robot.txt???? HTTP/1.1" 404 363 "-""Mozilla/5.0"
69.163.150.203 - - [08/Apr/2010:22:13:14 -0500] "GET /logs/access_log.1268611200//include/monitoring/engine/MakeXML4statusCounter.php?fileOreonConf=http://www.foodntop.com/bbs/data/notice_1/robot.txt???? HTTP/1.1" 404 363 "-""Mozilla/5.0"
212.227.141.53 - - [08/Apr/2010:22:13:56 -0500] "GET //components/com_sitemap/sitemap.xml.php?mosConfig_absolute_path=http://takesi.freewebhostx.com/fx29id1.txt?????? HTTP/1.1" 404 323 "-""Mozilla/5.0"
212.227.141.53 - - [08/Apr/2010:22:13:57 -0500] "GET /logs//components/com_sitemap/sitemap.xml.php?mosConfig_absolute_path=http://takesi.freewebhostx.com/fx29id1.txt?????? HTTP/1.1" 404 328 "-""Mozilla/5.0"
212.227.141.53 - - [08/Apr/2010:22:13:57 -0500] "GET /logs/access_log.1220054400//components/com_sitemap/sitemap.xml.php?mosConfig_absolute_path=http://takesi.freewebhostx.com/fx29id1.txt?????? HTTP/1.1" 404 350 "-""Mozilla/5.0"
79.174.78.178 - - [08/Apr/2010:22:14:11 -0500] "GET /logs/access_log.1220054400//components/com_simpleboard/image_upload.php?sbp=http://e-regis.cmtc.ac.th/cvs/id1.txt??? HTTP/1.1" 404 355 "-""Mozilla/5.0"
212.227.141.53 - - [08/Apr/2010:22:14:20 -0500] "GET //components/com_sitemap/sitemap.xml.php?mosConfig_absolute_path=http://takesi.freewebhostx.com/fx29id1.txt?????? HTTP/1.1" 404 323 "-""Mozilla/5.0"
212.227.141.53 - - [08/Apr/2010:22:14:20 -0500] "GET /logs//components/com_sitemap/sitemap.xml.php?mosConfig_absolute_path=http://takesi.freewebhostx.com/fx29id1.txt?????? HTTP/1.1" 404 328 "-""Mozilla/5.0"
212.227.141.53 - - [08/Apr/2010:22:14:20 -0500] "GET /logs/access_log.1220054400%20%20//components/com_sitemap/sitemap.xml.php?mosConfig_absolute_path=http://takesi.freewebhostx.com/fx29id1.txt?????? HTTP/1.1" 404 352 "-""Mozilla/5.0"
79.174.78.178 - - [08/Apr/2010:22:14:25 -0500] "GET /logs/access_log.1220054400//components/com_simpleboard/image_upload.php?sbp=http://e-regis.cmtc.ac.th/cvs/id1.txt??? HTTP/1.1" 404 355 "-""Mozilla/5.0"
212.227.141.53 - - [08/Apr/2010:22:15:51 -0500] "GET /logs/access_log.1218067200%20%20//components/com_sitemap/sitemap.xml.php?mosConfig_absolute_path=http://takesi.freewebhostx.com/fx29id1.txt?????? HTTP/1.1" 404 352 "-""Mozilla/5.0"
81.169.139.181 - - [08/Apr/2010:22:15:51 -0500] "GET ///index.php?option=com_videodb&Itemid=&mosConfig.absolute.path=http://outdoor-security.de//media/images/id1.txt?? HTTP/1.1" 404 295 "-""Mozilla/5.0"
81.169.139.181 - - [08/Apr/2010:22:15:51 -0500] "GET /logs///index.php?option=com_videodb&Itemid=&mosConfig.absolute.path=http://outdoor-security.de//media/images/id1.txt?? HTTP/1.1" 404 300 "-""Mozilla/5.0"
81.169.139.181 - - [08/Apr/2010:22:15:52 -0500] "GET /logs/access_log.1232150400///index.php?option=com_videodb&Itemid=&mosConfig.absolute.path=http://outdoor-security.de//media/images/id1.txt?? HTTP/1.1" 404 322 "-""Mozilla/5.0"
81.169.139.181 - - [08/Apr/2010:22:15:57 -0500] "GET ///index.php?option=com_videodb&Itemid=&mosConfig.absolute.path=http://outdoor-security.de//media/images/id1.txt?? HTTP/1.1" 404 295 "-""Mozilla/5.0"
81.169.139.181 - - [08/Apr/2010:22:15:57 -0500] "GET /logs///index.php?option=com_videodb&Itemid=&mosConfig.absolute.path=http://outdoor-security.de//media/images/id1.txt?? HTTP/1.1" 404 300 "-""Mozilla/5.0"
81.169.139.181 - - [08/Apr/2010:22:15:57 -0500] "GET /logs/access_log.1232150400///index.php?option=com_videodb&Itemid=&mosConfig.absolute.path=http://outdoor-security.de//media/images/id1.txt?? HTTP/1.1" 404 322 "-""Mozilla/5.0"
81.169.139.181 - - [08/Apr/2010:22:16:00 -0500] "GET ///index.php?option=com_videodb&Itemid=&mosConfig.absolute.path=http://outdoor-security.de//media/images/id1.txt?? HTTP/1.1" 404 295 "-""Mozilla/5.0"
81.169.139.181 - - [08/Apr/2010:22:16:00 -0500] "GET /logs///index.php?option=com_videodb&Itemid=&mosConfig.absolute.path=http://outdoor-security.de//media/images/id1.txt?? HTTP/1.1" 404 300 "-""Mozilla/5.0"
81.169.139.181 - - [08/Apr/2010:22:16:00 -0500] "GET /logs/access_log.1232150400///index.php?option=com_videodb&Itemid=&mosConfig.absolute.path=http://outdoor-security.de//media/images/id1.txt?? HTTP/1.1" 404 322 "-""Mozilla/5.0"
212.227.141.53 - - [08/Apr/2010:22:17:53 -0500] "GET //components/com_sitemap/sitemap.xml.php?mosConfig_absolute_path=http://takesi.freewebhostx.com/fx29id1.txt?????? HTTP/1.1" 404 323 "-""Mozilla/5.0"
212.227.141.53 - - [08/Apr/2010:22:17:53 -0500] "GET /logs/access_log.1220054400//components/com_sitemap/sitemap.xml.php?mosConfig_absolute_path=http://takesi.freewebhostx.com/fx29id1.txt?????? HTTP/1.1" 404 350 "-""Mozilla/5.0"
212.227.141.53 - - [08/Apr/2010:22:17:53 -0500] "GET /logs//components/com_sitemap/sitemap.xml.php?mosConfig_absolute_path=http://takesi.freewebhostx.com/fx29id1.txt?????? HTTP/1.1" 404 328 "-""Mozilla/5.0"
207.46.13.139 - - [08/Apr/2010:22:17:58 -0500] "GET /logs/access_log.1253059200 HTTP/1.1" 404 310 "-""msnbot/2.0b (+http://search.msn.com/msnbot.htm)"
206.225.20.146 - - [08/Apr/2010:22:18:22 -0500] "GET /logs//phpSecurePages/secure.php?&cfgProgDir=http://boxwww.co.kr/shop/session/security/id1.txt?? HTTP/1.1" 404 315 "-""Mozilla/5.0"
206.225.20.146 - - [08/Apr/2010:22:18:22 -0500] "GET //phpSecurePages/secure.php?&cfgProgDir=http://boxwww.co.kr/shop/session/security/id1.txt?? HTTP/1.1" 404 310 "-""Mozilla/5.0"
206.225.20.146 - - [08/Apr/2010:22:18:22 -0500] "GET /logs/access_log.1247529600//phpSecurePages/secure.php?&cfgProgDir=http://boxwww.co.kr/shop/session/security/id1.txt?? HTTP/1.1" 404 337 "-""Mozilla/5.0"
206.225.20.146 - - [08/Apr/2010:22:18:22 -0500] "GET /logs/access_log.1248134400//phpSecurePages/secure.php?&cfgProgDir=http://boxwww.co.kr/shop/session/security/id1.txt?? HTTP/1.1" 404 337 "-""Mozilla/5.0"
206.225.20.146 - - [08/Apr/2010:22:18:39 -0500] "GET //phpSecurePages/secure.php?&cfgProgDir=http://boxwww.co.kr/shop/session/security/id1.txt?? HTTP/1.1" 404 310 "-""Mozilla/5.0"
206.225.20.146 - - [08/Apr/2010:22:18:39 -0500] "GET /logs/access_log.1248134400//phpSecurePages/secure.php?&cfgProgDir=http://boxwww.co.kr/shop/session/security/id1.txt?? HTTP/1.1" 404 337 "-""Mozilla/5.0"
206.225.20.146 - - [08/Apr/2010:22:18:39 -0500] "GET /logs//phpSecurePages/secure.php?&cfgProgDir=http://boxwww.co.kr/shop/session/security/id1.txt?? HTTP/1.1" 404 315 "-""Mozilla/5.0"
206.225.20.146 - - [08/Apr/2010:22:18:44 -0500] "GET /logs/access_log.1247529600//phpSecurePages/secure.php?&cfgProgDir=http://boxwww.co.kr/shop/session/security/id1.txt?? HTTP/1.1" 404 337 "-""Mozilla/5.0"
212.227.141.53 - - [08/Apr/2010:22:20:56 -0500] "GET /logs/access_log.1220054400%20%20//components/com_sitemap/sitemap.xml.php?mosConfig_absolute_path=http://takesi.freewebhostx.com/fx29id1.txt?????? HTTP/1.1" 404 352 "-""Mozilla/5.0"
206.225.20.146 - - [08/Apr/2010:22:21:30 -0500] "GET //catalog/admin/modules.php?module_directory=http://boxwww.co.kr/shop/session/security/id1.txt?? HTTP/1.1" 404 310 "-""Mozilla/5.0"
206.225.20.146 - - [08/Apr/2010:22:21:30 -0500] "GET /logs//catalog/admin/modules.php?module_directory=http://boxwww.co.kr/shop/session/security/id1.txt?? HTTP/1.1" 404 315 "-""Mozilla/5.0"
206.225.20.146 - - [08/Apr/2010:22:21:30 -0500] "GET /logs/access_log.1227139200//catalog/admin/modules.php?module_directory=http://boxwww.co.kr/shop/session/security/id1.txt?? HTTP/1.1" 404 337 "-""Mozilla/5.0"
206.225.20.146 - - [08/Apr/2010:22:21:42 -0500] "GET /logs/access_log.1217376000//catalog/admin/modules.php?module_directory=http://boxwww.co.kr/shop/session/security/id1.txt?? HTTP/1.1" 404 337 "-""Mozilla/5.0"
206.225.20.146 - - [08/Apr/2010:22:21:52 -0500] "GET //catalog/admin/modules.php?module_directory=http://boxwww.co.kr/shop/session/security/id1.txt?? HTTP/1.1" 404 310 "-""Mozilla/5.0"
206.225.20.146 - - [08/Apr/2010:22:21:53 -0500] "GET /logs/access_log.1227139200//catalog/admin/modules.php?module_directory=http://boxwww.co.kr/shop/session/security/id1.txt?? HTTP/1.1" 404 337 "-""Mozilla/5.0"
206.225.20.146 - - [08/Apr/2010:22:21:53 -0500] "GET /logs//catalog/admin/modules.php?module_directory=http://boxwww.co.kr/shop/session/security/id1.txt?? HTTP/1.1" 404 315 "-""Mozilla/5.0"
206.225.20.146 - - [08/Apr/2010:22:22:03 -0500] "GET /logs/access_log.1217376000//catalog/admin/modules.php?module_directory=http://boxwww.co.kr/shop/session/security/id1.txt?? HTTP/1.1" 404 337 "-""Mozilla/5.0"
212.227.141.53 - - [08/Apr/2010:22:22:10 -0500] "GET /logs/access_log.1218067200%20%20//components/com_sitemap/sitemap.xml.php?mosConfig_absolute_path=http://takesi.freewebhostx.com/fx29id1.txt?????? HTTP/1.1" 404 352 "-""Mozilla/5.0"
207.46.199.50 - - [08/Apr/2010:22:23:58 -0500] "GET /logs/access_log.1179619200 HTTP/1.1" 404 310 "-""msnbot/2.0b (+http://search.msn.com/msnbot.htm)"
118.217.216.132 - - [08/Apr/2010:22:30:16 -0500] "GET /joomla/index.php?option=com_restaurante&task=http://nic.bupt.edu.cn/media/id1.txt? HTTP/1.1" 404 300 "-""Mozilla/5.0"
118.217.216.132 - - [08/Apr/2010:22:30:16 -0500] "GET /logs/joomla/index.php?option=com_restaurante&task=http://nic.bupt.edu.cn/media/id1.txt? HTTP/1.1" 404 305 "-""Mozilla/5.0"
118.217.216.132 - - [08/Apr/2010:22:30:16 -0500] "GET /logs/access_log.1268265600%20%20/joomla/index.php?option=com_restaurante&task=http://nic.bupt.edu.cn/media/id1.txt? HTTP/1.1" 404 329 "-""Mozilla/5.0"
118.217.216.132 - - [08/Apr/2010:22:30:18 -0500] "GET /logs/joomla/index.php?option=com_restaurante&task=http://www.howtolisten.kr/lct/exam3/111/id1.txt???? HTTP/1.1" 404 305 "-""Mozilla/5.0"
118.217.216.132 - - [08/Apr/2010:22:30:18 -0500] "GET /joomla/index.php?option=com_restaurante&task=http://www.howtolisten.kr/lct/exam3/111/id1.txt???? HTTP/1.1" 404 300 "-""Mozilla/5.0"
118.217.216.132 - - [08/Apr/2010:22:30:18 -0500] "GET /logs/access_log.1268265600%20%20/joomla/index.php?option=com_restaurante&task=http://www.howtolisten.kr/lct/exam3/111/id1.txt???? HTTP/1.1" 404 329 "-""Mozilla/5.0"
118.217.216.132 - - [08/Apr/2010:22:30:49 -0500] "GET /logs/access_log.1268265600/joomla/index.php?option=com_restaurante&task=http://nic.bupt.edu.cn/media/id1.txt? HTTP/1.1" 404 327 "-""Mozilla/5.0"
206.225.20.146 - - [08/Apr/2010:22:32:15 -0500] "GET //inc/download_center_lite.inc.php?script_root=http://boxwww.co.kr/shop/session/security/id1.txt?? HTTP/1.1" 404 317 "-""Mozilla/5.0"
206.225.20.146 - - [08/Apr/2010:22:32:15 -0500] "GET /logs/access_log.1221696000%20%20//inc/download_center_lite.inc.php?script_root=http://boxwww.co.kr/shop/session/security/id1.txt?? HTTP/1.1" 404 346 "-""Mozilla/5.0"
206.225.20.146 - - [08/Apr/2010:22:32:15 -0500] "GET /logs/access_log.1268611200%20%20//inc/download_center_lite.inc.php?script_root=http://boxwww.co.kr/shop/session/security/id1.txt?? HTTP/1.1" 404 346 "-""Mozilla/5.0"
206.225.20.146 - - [08/Apr/2010:22:32:15 -0500] "GET /logs//inc/download_center_lite.inc.php?script_root=http://boxwww.co.kr/shop/session/security/id1.txt?? HTTP/1.1" 404 322 "-""Mozilla/5.0"
206.225.20.146 - - [08/Apr/2010:22:32:17 -0500] "GET //inc/download_center_lite.inc.php?script_root=http://boxwww.co.kr/shop/session/security/id1.txt?? HTTP/1.1" 404 317 "-""Mozilla/5.0"
206.225.20.146 - - [08/Apr/2010:22:32:17 -0500] "GET /logs//inc/download_center_lite.inc.php?script_root=http://boxwww.co.kr/shop/session/security/id1.txt?? HTTP/1.1" 404 322 "-""Mozilla/5.0"
206.225.20.146 - - [08/Apr/2010:22:32:18 -0500] "GET /logs/access_log.1221696000%20%20//inc/download_center_lite.inc.php?script_root=http://boxwww.co.kr/shop/session/security/id1.txt?? HTTP/1.1" 404 346 "-""Mozilla/5.0"
206.225.20.146 - - [08/Apr/2010:22:32:18 -0500] "GET /logs/access_log.1268611200%20%20//inc/download_center_lite.inc.php?script_root=http://boxwww.co.kr/shop/session/security/id1.txt?? HTTP/1.1" 404 346 "-""Mozilla/5.0"
206.225.20.146 - - [08/Apr/2010:22:33:44 -0500] "GET /logs/access_log.1268611200//inc/download_center_lite.inc.php?script_root=http://boxwww.co.kr/shop/session/security/id1.txt?? HTTP/1.1" 404 344 "-""Mozilla/5.0"
206.225.20.146 - - [08/Apr/2010:22:33:44 -0500] "GET /logs/access_log.1221696000//inc/download_center_lite.inc.php?script_root=http://boxwww.co.kr/shop/session/security/id1.txt?? HTTP/1.1" 404 344 "-""Mozilla/5.0"
206.225.20.146 - - [08/Apr/2010:22:33:50 -0500] "GET /logs/access_log.1221696000//inc/download_center_lite.inc.php?script_root=http://boxwww.co.kr/shop/session/security/id1.txt?? HTTP/1.1" 404 344 "-""Mozilla/5.0"
206.225.20.146 - - [08/Apr/2010:22:33:50 -0500] "GET /logs/access_log.1268611200//inc/download_center_lite.inc.php?script_root=http://boxwww.co.kr/shop/session/security/id1.txt?? HTTP/1.1" 404 344 "-""Mozilla/5.0"
206.225.20.146 - - [08/Apr/2010:22:34:25 -0500] "GET /logs/access_log.1217635200//inc/download_center_lite.inc.php?script_root=http://boxwww.co.kr/shop/session/security/id1.txt?? HTTP/1.1" 404 344 "-""Mozilla/5.0"
206.225.20.146 - - [08/Apr/2010:22:34:25 -0500] "GET /logs/access_log.1221004800//inc/download_center_lite.inc.php?script_root=http://boxwww.co.kr/shop/session/security/id1.txt?? HTTP/1.1" 404 344 "-""Mozilla/5.0"
206.225.20.146 - - [08/Apr/2010:22:34:41 -0500] "GET /logs/access_log.1217635200//inc/download_center_lite.inc.php?script_root=http://boxwww.co.kr/shop/session/security/id1.txt?? HTTP/1.1" 404 344 "-""Mozilla/5.0"
206.225.20.146 - - [08/Apr/2010:22:34:41 -0500] "GET /logs/access_log.1221004800//inc/download_center_lite.inc.php?script_root=http://boxwww.co.kr/shop/session/security/id1.txt?? HTTP/1.1" 404 344 "-""Mozilla/5.0"
206.225.20.146 - - [08/Apr/2010:22:39:04 -0500] "GET //bbs/include/print_category.php?setup[use_category]=1&dir=http://boxwww.co.kr/shop/session/security/id1.txt?? HTTP/1.1" 404 315 "-""Mozilla/5.0"
206.225.20.146 - - [08/Apr/2010:22:39:04 -0500] "GET /logs//bbs/include/print_category.php?setup[use_category]=1&dir=http://boxwww.co.kr/shop/session/security/id1.txt?? HTTP/1.1" 404 320 "-""Mozilla/5.0"
206.225.20.146 - - [08/Apr/2010:22:39:04 -0500] "GET /logs/access_log.1223164800%20%20//bbs/include/print_category.php?setup[use_category]=1&dir=http://boxwww.co.kr/shop/session/security/id1.txt?? HTTP/1.1" 404 344 "-""Mozilla/5.0"
206.225.20.146 - - [08/Apr/2010:22:39:21 -0500] "GET /logs/access_log.1223164800%20%20//bbs/include/print_category.php?setup[use_category]=1&dir=http://boxwww.co.kr/shop/session/security/id1.txt?? HTTP/1.1" 404 344 "-""Mozilla/5.0"
206.225.20.146 - - [08/Apr/2010:22:39:21 -0500] "GET //bbs/include/print_category.php?setup[use_category]=1&dir=http://boxwww.co.kr/shop/session/security/id1.txt?? HTTP/1.1" 404 315 "-""Mozilla/5.0"
206.225.20.146 - - [08/Apr/2010:22:39:21 -0500] "GET /logs//bbs/include/print_category.php?setup[use_category]=1&dir=http://boxwww.co.kr/shop/session/security/id1.txt?? HTTP/1.1" 404 320 "-""Mozilla/5.0"
206.225.20.146 - - [08/Apr/2010:22:40:16 -0500] "GET /logs//includes/orderSuccess.inc.php?glob=1&cart_order_id=1&glob[rootDir]=http://boxwww.co.kr/shop/session/security/id1.txt?? HTTP/1.1" 404 319 "-""Mozilla/5.0"
206.225.20.146 - - [08/Apr/2010:22:40:16 -0500] "GET //includes/orderSuccess.inc.php?glob=1&cart_order_id=1&glob[rootDir]=http://boxwww.co.kr/shop/session/security/id1.txt?? HTTP/1.1" 404 314 "-""Mozilla/5.0"
206.225.20.146 - - [08/Apr/2010:22:40:16 -0500] "GET /logs/access_log.1258416000//includes/orderSuccess.inc.php?glob=1&cart_order_id=1&glob[rootDir]=http://boxwww.co.kr/shop/session/security/id1.txt?? HTTP/1.1" 404 341 "-""Mozilla/5.0"
206.225.20.146 - - [08/Apr/2010:22:40:20 -0500] "GET /logs//includes/orderSuccess.inc.php?glob=1&cart_order_id=1&glob[rootDir]=http://boxwww.co.kr/shop/session/security/id1.txt?? HTTP/1.1" 404 319 "-""Mozilla/5.0"
206.225.20.146 - - [08/Apr/2010:22:40:20 -0500] "GET //includes/orderSuccess.inc.php?glob=1&cart_order_id=1&glob[rootDir]=http://boxwww.co.kr/shop/session/security/id1.txt?? HTTP/1.1" 404 314 "-""Mozilla/5.0"
206.225.20.146 - - [08/Apr/2010:22:40:20 -0500] "GET /logs/access_log.1258416000//includes/orderSuccess.inc.php?glob=1&cart_order_id=1&glob[rootDir]=http://boxwww.co.kr/shop/session/security/id1.txt?? HTTP/1.1" 404 341 "-""Mozilla/5.0"
67.195.112.180 - - [08/Apr/2010:22:41:43 -0500] "GET /robots.txt HTTP/1.0" 404 282 "-""Mozilla/5.0 (compatible; Yahoo! Slurp; http://help.yahoo.com/help/us/ysearch/slurp)"
67.195.112.180 - - [08/Apr/2010:22:41:43 -0500] "GET /logs/access_log.1219881600 HTTP/1.0" 404 298 "-""Mozilla/5.0 (compatible; Yahoo! Slurp/3.0; http://help.yahoo.com/help/us/ysearch/slurp)"
206.225.20.146 - - [08/Apr/2010:22:44:52 -0500] "GET /logs/access_log.1220054400%20%20//agendax/addevent.inc.php?agendax_path=http://boxwww.co.kr/shop/session/security/id1.txt?? HTTP/1.1" 404 338 "-""Mozilla/5.0"
206.225.20.146 - - [08/Apr/2010:22:44:52 -0500] "GET //agendax/addevent.inc.php?agendax_path=http://boxwww.co.kr/shop/session/security/id1.txt?? HTTP/1.1" 404 309 "-""Mozilla/5.0"
206.225.20.146 - - [08/Apr/2010:22:44:53 -0500] "GET /logs//agendax/addevent.inc.php?agendax_path=http://boxwww.co.kr/shop/session/security/id1.txt?? HTTP/1.1" 404 314 "-""Mozilla/5.0"
207.46.204.236 - - [08/Apr/2010:22:44:59 -0500] "GET /logs/access_log.1205107200 HTTP/1.1" 404 310 "-""msnbot/2.0b (+http://search.msn.com/msnbot.htm)"
206.225.20.146 - - [08/Apr/2010:22:45:30 -0500] "GET /logs//agendax/addevent.inc.php?agendax_path=http://boxwww.co.kr/shop/session/security/id1.txt?? HTTP/1.1" 404 314 "-""Mozilla/5.0"
206.225.20.146 - - [08/Apr/2010:22:45:30 -0500] "GET //agendax/addevent.inc.php?agendax_path=http://boxwww.co.kr/shop/session/security/id1.txt?? HTTP/1.1" 404 309 "-""Mozilla/5.0"
206.225.20.146 - - [08/Apr/2010:22:45:33 -0500] "GET /logs/access_log.1220054400%20%20//agendax/addevent.inc.php?agendax_path=http://boxwww.co.kr/shop/session/security/id1.txt?? HTTP/1.1" 404 338 "-""Mozilla/5.0"
118.217.216.132 - - [08/Apr/2010:22:45:48 -0500] "GET /logs/access_log.1257811200/bbs////skin/uks_vote_v3021/setup.php?dir=http://nic.bupt.edu.cn/media/id1.txt? HTTP/1.1" 404 347 "-""Mozilla/5.0"
118.217.216.132 - - [08/Apr/2010:22:45:48 -0500] "GET /bbs////skin/uks_vote_v3021/setup.php?dir=http://nic.bupt.edu.cn/media/id1.txt? HTTP/1.1" 404 320 "-""Mozilla/5.0"
118.217.216.132 - - [08/Apr/2010:22:45:48 -0500] "GET /logs/bbs////skin/uks_vote_v3021/setup.php?dir=http://nic.bupt.edu.cn/media/id1.txt? HTTP/1.1" 404 325 "-""Mozilla/5.0"
118.217.216.132 - - [08/Apr/2010:22:48:17 -0500] "GET /logs/access_log.1252281600/bbs////skin/uks_vote_v3021/setup.php?dir=http://nic.bupt.edu.cn/media/id1.txt? HTTP/1.1" 404 347 "-""Mozilla/5.0"
206.225.20.146 - - [08/Apr/2010:22:48:19 -0500] "GET /logs//phpAdsNew/view.inc.php?phpAds_path=http://boxwww.co.kr/shop/session/security/id1.txt?? HTTP/1.1" 404 312 "-""Mozilla/5.0"
206.225.20.146 - - [08/Apr/2010:22:48:19 -0500] "GET //phpAdsNew/view.inc.php?phpAds_path=http://boxwww.co.kr/shop/session/security/id1.txt?? HTTP/1.1" 404 307 "-""Mozilla/5.0"
206.225.20.146 - - [08/Apr/2010:22:48:19 -0500] "GET /logs/access_log.1223164800%20%20//phpAdsNew/view.inc.php?phpAds_path=http://boxwww.co.kr/shop/session/security/id1.txt?? HTTP/1.1" 404 336 "-""Mozilla/5.0"
206.225.20.146 - - [08/Apr/2010:22:48:32 -0500] "GET //phpAdsNew/view.inc.php?phpAds_path=http://boxwww.co.kr/shop/session/security/id1.txt?? HTTP/1.1" 404 307 "-""Mozilla/5.0"
206.225.20.146 - - [08/Apr/2010:22:48:32 -0500] "GET /logs//phpAdsNew/view.inc.php?phpAds_path=http://boxwww.co.kr/shop/session/security/id1.txt?? HTTP/1.1" 404 312 "-""Mozilla/5.0"
206.225.20.146 - - [08/Apr/2010:22:48:32 -0500] "GET /logs/access_log.1223164800//phpAdsNew/view.inc.php?phpAds_path=http://boxwww.co.kr/shop/session/security/id1.txt?? HTTP/1.1" 404 334 "-""Mozilla/5.0"
206.225.20.146 - - [08/Apr/2010:22:49:30 -0500] "GET /logs/access_log.1223164800%20%20//phpAdsNew/view.inc.php?phpAds_path=http://boxwww.co.kr/shop/session/security/id1.txt?? HTTP/1.1" 404 336 "-""Mozilla/5.0"
206.225.20.146 - - [08/Apr/2010:22:49:44 -0500] "GET /logs/access_log.1223164800//phpAdsNew/view.inc.php?phpAds_path=http://boxwww.co.kr/shop/session/security/id1.txt?? HTTP/1.1" 404 334 "-""Mozilla/5.0"
118.217.216.132 - - [08/Apr/2010:22:51:09 -0500] "GET /bbs////skin/uks_vote_v3021/setup.php?dir=http://www.howtolisten.kr/lct/exam3/111/id1.txt???? HTTP/1.1" 404 320 "-""Mozilla/5.0"
118.217.216.132 - - [08/Apr/2010:22:51:09 -0500] "GET /logs/access_log.1257811200/bbs////skin/uks_vote_v3021/setup.php?dir=http://www.howtolisten.kr/lct/exam3/111/id1.txt???? HTTP/1.1" 404 347 "-""Mozilla/5.0"
118.217.216.132 - - [08/Apr/2010:22:51:09 -0500] "GET /logs/bbs////skin/uks_vote_v3021/setup.php?dir=http://www.howtolisten.kr/lct/exam3/111/id1.txt???? HTTP/1.1" 404 325 "-""Mozilla/5.0"
118.129.166.213 - - [08/Apr/2010:22:51:49 -0500] "GET /errors.php?error=http://nic.bupt.edu.cn/media/j1.txt?? HTTP/1.1" 404 294 "-""Mozilla/5.0"
118.129.166.213 - - [08/Apr/2010:22:51:49 -0500] "GET /logs/errors.php?error=http://nic.bupt.edu.cn/media/j1.txt?? HTTP/1.1" 404 299 "-""Mozilla/5.0"
118.129.166.213 - - [08/Apr/2010:22:51:49 -0500] "GET /logs/access_log.1248134400/errors.php?error=http://nic.bupt.edu.cn/media/j1.txt?? HTTP/1.1" 404 321 "-""Mozilla/5.0"
118.129.166.213 - - [08/Apr/2010:22:51:49 -0500] "GET /logs/access_log.1217635200/errors.php?error=http://nic.bupt.edu.cn/media/j1.txt?? HTTP/1.1" 404 321 "-""Mozilla/5.0"
206.225.20.146 - - [08/Apr/2010:22:52:11 -0500] "GET /logs/access_log.1225238400//phpAdsNew/view.inc.php?phpAds_path=http://boxwww.co.kr/shop/session/security/id1.txt?? HTTP/1.1" 404 334 "-""Mozilla/5.0"
118.129.166.213 - - [08/Apr/2010:22:52:30 -0500] "GET /errors.php?error=http://nic.bupt.edu.cn/media/j1.txt?? HTTP/1.1" 404 294 "-""Mozilla/5.0"
118.129.166.213 - - [08/Apr/2010:22:52:30 -0500] "GET /logs/access_log.1218067200/errors.php?error=http://nic.bupt.edu.cn/media/j1.txt?? HTTP/1.1" 404 321 "-""Mozilla/5.0"
118.129.166.213 - - [08/Apr/2010:22:52:30 -0500] "GET /logs/errors.php?error=http://nic.bupt.edu.cn/media/j1.txt?? HTTP/1.1" 404 299 "-""Mozilla/5.0"
118.217.216.132 - - [08/Apr/2010:22:52:37 -0500] "GET /logs/access_log.1252281600/bbs////skin/uks_vote_v3021/setup.php?dir=http://www.howtolisten.kr/lct/exam3/111/id1.txt???? HTTP/1.1" 404 347 "-""Mozilla/5.0"
118.129.166.213 - - [08/Apr/2010:22:53:28 -0500] "GET /logs/errors.php?error=http://nic.bupt.edu.cn/media/j1.txt?? HTTP/1.1" 404 299 "-""Mozilla/5.0"
118.129.166.213 - - [08/Apr/2010:22:53:28 -0500] "GET /errors.php?error=http://nic.bupt.edu.cn/media/j1.txt?? HTTP/1.1" 404 294 "-""Mozilla/5.0"
118.129.166.213 - - [08/Apr/2010:22:53:33 -0500] "GET /logs/access_log.1235865600/errors.php?error=http://nic.bupt.edu.cn/media/j1.txt?? HTTP/1.1" 404 321 "-""Mozilla/5.0"
207.46.13.50 - - [08/Apr/2010:22:54:58 -0500] "GET /logs/access_log.1202083200 HTTP/1.1" 404 310 "-""msnbot/2.0b (+http://search.msn.com/msnbot.htm)"
118.129.166.213 - - [08/Apr/2010:22:56:40 -0500] "GET /logs/access_log.1219363200%20%20/errors.php?error=http://nic.bupt.edu.cn/media/j1.txt?? HTTP/1.1" 404 323 "-""Mozilla/5.0"
118.129.166.213 - - [08/Apr/2010:22:56:40 -0500] "GET /logs/errors.php?error=http://nic.bupt.edu.cn/media/j1.txt?? HTTP/1.1" 404 299 "-""Mozilla/5.0"
118.129.166.213 - - [08/Apr/2010:22:56:40 -0500] "GET /errors.php?error=http://nic.bupt.edu.cn/media/j1.txt?? HTTP/1.1" 404 294 "-""Mozilla/5.0"
210.110.191.30 - - [08/Apr/2010:22:58:17 -0500] "GET /logs//components/com_rwcards/rwcards.advancedate.php?mosConfig_absolute_path=http://www.yousin.co.kr/ip1.txt?? HTTP/1.1" 404 336 "-""Mozilla/5.0"
210.110.191.30 - - [08/Apr/2010:22:58:17 -0500] "GET //components/com_rwcards/rwcards.advancedate.php?mosConfig_absolute_path=http://www.yousin.co.kr/ip1.txt?? HTTP/1.1" 404 331 "-""Mozilla/5.0"
210.110.191.30 - - [08/Apr/2010:22:58:17 -0500] "GET /logs/access_log.1217635200//components/com_rwcards/rwcards.advancedate.php?mosConfig_absolute_path=http://www.yousin.co.kr/ip1.txt?? HTTP/1.1" 404 358 "-""Mozilla/5.0"
210.110.191.30 - - [08/Apr/2010:22:59:04 -0500] "GET /logs//components/com_rwcards/rwcards.advancedate.php?mosConfig_absolute_path=http://www.yousin.co.kr/ip1.txt?? HTTP/1.1" 404 336 "-""Mozilla/5.0"
210.110.191.30 - - [08/Apr/2010:22:59:04 -0500] "GET //components/com_rwcards/rwcards.advancedate.php?mosConfig_absolute_path=http://www.yousin.co.kr/ip1.txt?? HTTP/1.1" 404 331 "-""Mozilla/5.0"
210.110.191.30 - - [08/Apr/2010:22:59:04 -0500] "GET /logs/access_log.1213142400//components/com_rwcards/rwcards.advancedate.php?mosConfig_absolute_path=http://www.yousin.co.kr/ip1.txt?? HTTP/1.1" 404 358 "-""Mozilla/5.0"
210.110.191.30 - - [08/Apr/2010:23:01:19 -0500] "GET /logs/access_log.1268611200%20%20//components/com_rwcards/rwcards.advancedate.php?mosConfig_absolute_path=http://www.yousin.co.kr/ip1.txt?? HTTP/1.1" 404 360 "-""Mozilla/5.0"
210.110.191.30 - - [08/Apr/2010:23:01:19 -0500] "GET //components/com_rwcards/rwcards.advancedate.php?mosConfig_absolute_path=http://www.yousin.co.kr/ip1.txt?? HTTP/1.1" 404 331 "-""Mozilla/5.0"
210.110.191.30 - - [08/Apr/2010:23:01:19 -0500] "GET /logs//components/com_rwcards/rwcards.advancedate.php?mosConfig_absolute_path=http://www.yousin.co.kr/ip1.txt?? HTTP/1.1" 404 336 "-""Mozilla/5.0"
210.110.191.30 - - [08/Apr/2010:23:03:53 -0500] "GET /logs/access_log.1217635200//components/com_rwcards/rwcards.advancedate.php?mosConfig_absolute_path=http://www.yousin.co.kr/ip1.txt?? HTTP/1.1" 404 358 "-""Mozilla/5.0"
210.110.191.30 - - [08/Apr/2010:23:03:53 -0500] "GET /logs//components/com_rwcards/rwcards.advancedate.php?mosConfig_absolute_path=http://www.yousin.co.kr/ip1.txt?? HTTP/1.1" 404 336 "-""Mozilla/5.0"
210.110.191.30 - - [08/Apr/2010:23:03:53 -0500] "GET //components/com_rwcards/rwcards.advancedate.php?mosConfig_absolute_path=http://www.yousin.co.kr/ip1.txt?? HTTP/1.1" 404 331 "-""Mozilla/5.0"
210.110.191.30 - - [08/Apr/2010:23:07:15 -0500] "GET /logs//components/com_rwcards/rwcards.advancedate.php?mosConfig_absolute_path=http://www.yousin.co.kr/ip1.txt?? HTTP/1.1" 404 336 "-""Mozilla/5.0"
210.110.191.30 - - [08/Apr/2010:23:07:15 -0500] "GET //components/com_rwcards/rwcards.advancedate.php?mosConfig_absolute_path=http://www.yousin.co.kr/ip1.txt?? HTTP/1.1" 404 331 "-""Mozilla/5.0"
210.110.191.30 - - [08/Apr/2010:23:07:15 -0500] "GET /logs/access_log.1268611200%20%20//components/com_rwcards/rwcards.advancedate.php?mosConfig_absolute_path=http://www.yousin.co.kr/ip1.txt?? HTTP/1.1" 404 360 "-""Mozilla/5.0"
210.110.191.30 - - [08/Apr/2010:23:10:08 -0500] "GET //components/com_rwcards/rwcards.advancedate.php?mosConfig_absolute_path=http://www.yousin.co.kr/ip1.txt?? HTTP/1.1" 404 331 "-""Mozilla/5.0"
210.110.191.30 - - [08/Apr/2010:23:10:08 -0500] "GET /logs//components/com_rwcards/rwcards.advancedate.php?mosConfig_absolute_path=http://www.yousin.co.kr/ip1.txt?? HTTP/1.1" 404 336 "-""Mozilla/5.0"
210.110.191.30 - - [08/Apr/2010:23:10:08 -0500] "GET /logs/access_log.1213142400//components/com_rwcards/rwcards.advancedate.php?mosConfig_absolute_path=http://www.yousin.co.kr/ip1.txt?? HTTP/1.1" 404 358 "-""Mozilla/5.0"
80.242.64.14 - - [08/Apr/2010:23:10:45 -0500] "GET /logs/access_log.1253491200//admin/auth.php?xcart_dir=http://www.boomong.com/bbs//data/1.txt??? HTTP/1.1" 404 326 "-""Mozilla/5.0"
80.242.64.14 - - [08/Apr/2010:23:10:45 -0500] "GET /logs/access_log.1237248000//admin/auth.php?xcart_dir=http://www.boomong.com/bbs//data/1.txt??? HTTP/1.1" 404 326 "-""Mozilla/5.0"
80.242.64.14 - - [08/Apr/2010:23:10:45 -0500] "GET //admin/auth.php?xcart_dir=http://www.boomong.com/bbs//data/1.txt??? HTTP/1.1" 404 299 "-""Mozilla/5.0"
80.242.64.14 - - [08/Apr/2010:23:10:45 -0500] "GET /logs//admin/auth.php?xcart_dir=http://www.boomong.com/bbs//data/1.txt??? HTTP/1.1" 404 304 "-""Mozilla/5.0"
80.242.64.14 - - [08/Apr/2010:23:10:50 -0500] "GET /logs/access_log.1255737600//admin/auth.php?xcart_dir=http://www.boomong.com/bbs//data/1.txt??? HTTP/1.1" 404 326 "-""Mozilla/5.0"
208.115.111.248 - - [08/Apr/2010:23:11:14 -0500] "GET /robots.txt HTTP/1.1" 404 294 "-""Mozilla/5.0 (compatible; DotBot/1.1; http://www.dotnetdotcom.org/, crawler@dotnetdotcom.org)"
80.242.64.14 - - [08/Apr/2010:23:11:25 -0500] "GET //admin/auth.php?xcart_dir=http://www.boomong.com/bbs//data/1.txt??? HTTP/1.1" 404 299 "-""Mozilla/5.0"
80.242.64.14 - - [08/Apr/2010:23:11:25 -0500] "GET /logs/access_log.1237248000//admin/auth.php?xcart_dir=http://www.boomong.com/bbs//data/1.txt??? HTTP/1.1" 404 326 "-""Mozilla/5.0"
80.242.64.14 - - [08/Apr/2010:23:11:25 -0500] "GET /logs//admin/auth.php?xcart_dir=http://www.boomong.com/bbs//data/1.txt??? HTTP/1.1" 404 304 "-""Mozilla/5.0"
174.133.122.210 - - [08/Apr/2010:23:11:29 -0500] "GET /logs/access_log.1268956800////administrator/components/com_babackup/classes/Tar.php?mosConfig.absolute.path=http://www.americinn.com//email-images/images/AinuLid1.txt?? HTTP/1.1" 404 367 "-""Mozilla/5.0"
174.133.122.210 - - [08/Apr/2010:23:11:29 -0500] "GET ////administrator/components/com_babackup/classes/Tar.php?mosConfig.absolute.path=http://www.americinn.com//email-images/images/AinuLid1.txt?? HTTP/1.1" 404 340 "-""Mozilla/5.0"
174.133.122.210 - - [08/Apr/2010:23:11:29 -0500] "GET /logs////administrator/components/com_babackup/classes/Tar.php?mosConfig.absolute.path=http://www.americinn.com//email-images/images/AinuLid1.txt?? HTTP/1.1" 404 345 "-""Mozilla/5.0"
174.133.122.210 - - [08/Apr/2010:23:11:32 -0500] "GET ////administrator/components/com_babackup/classes/Tar.php?mosConfig.absolute.path=http://www.americinn.com//email-images/images/AinuLid1.txt?? HTTP/1.1" 404 340 "-""Mozilla/5.0"
174.133.122.210 - - [08/Apr/2010:23:11:32 -0500] "GET /logs////administrator/components/com_babackup/classes/Tar.php?mosConfig.absolute.path=http://www.americinn.com//email-images/images/AinuLid1.txt?? HTTP/1.1" 404 345 "-""Mozilla/5.0"
174.133.122.210 - - [08/Apr/2010:23:11:32 -0500] "GET /logs/access_log.1268956800%20%20////administrator/components/com_babackup/classes/Tar.php?mosConfig.absolute.path=http://www.americinn.com//email-images/images/AinuLid1.txt?? HTTP/1.1" 404 369 "-""Mozilla/5.0"
80.242.64.14 - - [08/Apr/2010:23:11:32 -0500] "GET /logs/access_log.1253491200//admin/auth.php?xcart_dir=http://www.boomong.com/bbs//data/1.txt??? HTTP/1.1" 404 326 "-""Mozilla/5.0"
174.133.122.210 - - [08/Apr/2010:23:11:36 -0500] "GET ////administrator/components/com_babackup/classes/Tar.php?mosConfig.absolute.path=http://www.americinn.com//email-images/images/AinuLid1.txt?? HTTP/1.1" 404 340 "-""Mozilla/5.0"
174.133.122.210 - - [08/Apr/2010:23:11:36 -0500] "GET /logs////administrator/components/com_babackup/classes/Tar.php?mosConfig.absolute.path=http://www.americinn.com//email-images/images/AinuLid1.txt?? HTTP/1.1" 404 345 "-""Mozilla/5.0"
174.133.122.210 - - [08/Apr/2010:23:11:36 -0500] "GET /logs/access_log.1268956800%20%20////administrator/components/com_babackup/classes/Tar.php?mosConfig.absolute.path=http://www.americinn.com//email-images/images/AinuLid1.txt?? HTTP/1.1" 404 369 "-""Mozilla/5.0"
80.242.64.14 - - [08/Apr/2010:23:11:38 -0500] "GET /logs/access_log.1255737600//admin/auth.php?xcart_dir=http://www.boomong.com/bbs//data/1.txt??? HTTP/1.1" 404 326 "-""Mozilla/5.0"
174.133.122.210 - - [08/Apr/2010:23:12:47 -0500] "GET ////administrator/components/com_babackup/classes/Tar.php?mosConfig.absolute.path=http://www.americinn.com//email-images/images/AinuLid1.txt?? HTTP/1.1" 404 340 "-""Mozilla/5.0"
174.133.122.210 - - [08/Apr/2010:23:12:47 -0500] "GET /logs/access_log.1268956800////administrator/components/com_babackup/classes/Tar.php?mosConfig.absolute.path=http://www.americinn.com//email-images/images/AinuLid1.txt?? HTTP/1.1" 404 367 "-""Mozilla/5.0"
174.133.122.210 - - [08/Apr/2010:23:12:47 -0500] "GET /logs////administrator/components/com_babackup/classes/Tar.php?mosConfig.absolute.path=http://www.americinn.com//email-images/images/AinuLid1.txt?? HTTP/1.1" 404 345 "-""Mozilla/5.0"
174.133.122.210 - - [08/Apr/2010:23:13:08 -0500] "GET ////administrator/components/com_babackup/classes/Tar.php?mosConfig.absolute.path=http://www.americinn.com//email-images/images/AinuLid1.txt?? HTTP/1.1" 404 340 "-""Mozilla/5.0"
174.133.122.210 - - [08/Apr/2010:23:13:08 -0500] "GET /logs////administrator/components/com_babackup/classes/Tar.php?mosConfig.absolute.path=http://www.americinn.com//email-images/images/AinuLid1.txt?? HTTP/1.1" 404 345 "-""Mozilla/5.0"
174.133.122.210 - - [08/Apr/2010:23:13:09 -0500] "GET /logs/access_log.1258329600////administrator/components/com_babackup/classes/Tar.php?mosConfig.absolute.path=http://www.americinn.com//email-images/images/AinuLid1.txt?? HTTP/1.1" 404 367 "-""Mozilla/5.0"
174.133.122.210 - - [08/Apr/2010:23:13:11 -0500] "GET /logs/access_log.1258329600////administrator/components/com_babackup/classes/Tar.php?mosConfig.absolute.path=http://www.americinn.com//email-images/images/AinuLid1.txt?? HTTP/1.1" 404 367 "-""Mozilla/5.0"
174.133.122.210 - - [08/Apr/2010:23:13:11 -0500] "GET ////administrator/components/com_babackup/classes/Tar.php?mosConfig.absolute.path=http://www.americinn.com//email-images/images/AinuLid1.txt?? HTTP/1.1" 404 340 "-""Mozilla/5.0"
174.133.122.210 - - [08/Apr/2010:23:13:11 -0500] "GET /logs////administrator/components/com_babackup/classes/Tar.php?mosConfig.absolute.path=http://www.americinn.com//email-images/images/AinuLid1.txt?? HTTP/1.1" 404 345 "-""Mozilla/5.0"
174.133.122.210 - - [08/Apr/2010:23:13:11 -0500] "GET /logs/access_log.1238112000////administrator/components/com_babackup/classes/Tar.php?mosConfig.absolute.path=http://www.americinn.com//email-images/images/AinuLid1.txt?? HTTP/1.1" 404 367 "-""Mozilla/5.0"
174.133.122.210 - - [08/Apr/2010:23:13:13 -0500] "GET /logs/access_log.1238112000////administrator/components/com_babackup/classes/Tar.php?mosConfig.absolute.path=http://www.americinn.com//email-images/images/AinuLid1.txt?? HTTP/1.1" 404 367 "-""Mozilla/5.0"
174.133.122.210 - - [08/Apr/2010:23:13:19 -0500] "GET /logs////administrator/components/com_babackup/classes/Tar.php?mosConfig.absolute.path=http://www.americinn.com//email-images/images/AinuLid1.txt?? HTTP/1.1" 404 345 "-""Mozilla/5.0"
174.133.122.210 - - [08/Apr/2010:23:13:19 -0500] "GET ////administrator/components/com_babackup/classes/Tar.php?mosConfig.absolute.path=http://www.americinn.com//email-images/images/AinuLid1.txt?? HTTP/1.1" 404 340 "-""Mozilla/5.0"
174.133.122.210 - - [08/Apr/2010:23:13:19 -0500] "GET /logs/access_log.1258329600////administrator/components/com_babackup/classes/Tar.php?mosConfig.absolute.path=http://www.americinn.com//email-images/images/AinuLid1.txt?? HTTP/1.1" 404 367 "-""Mozilla/5.0"
174.133.122.210 - - [08/Apr/2010:23:13:20 -0500] "GET /logs/access_log.1258329600////administrator/components/com_babackup/classes/Tar.php?mosConfig.absolute.path=http://www.americinn.com//email-images/images/AinuLid1.txt?? HTTP/1.1" 404 367 "-""Mozilla/5.0"
174.133.122.210 - - [08/Apr/2010:23:13:21 -0500] "GET ////administrator/components/com_babackup/classes/Tar.php?mosConfig.absolute.path=http://www.americinn.com//email-images/images/AinuLid1.txt?? HTTP/1.1" 404 340 "-""Mozilla/5.0"
174.133.122.210 - - [08/Apr/2010:23:13:21 -0500] "GET /logs////administrator/components/com_babackup/classes/Tar.php?mosConfig.absolute.path=http://www.americinn.com//email-images/images/AinuLid1.txt?? HTTP/1.1" 404 345 "-""Mozilla/5.0"
174.133.122.210 - - [08/Apr/2010:23:13:24 -0500] "GET /logs/access_log.1238112000////administrator/components/com_babackup/classes/Tar.php?mosConfig.absolute.path=http://www.americinn.com//email-images/images/AinuLid1.txt?? HTTP/1.1" 404 367 "-""Mozilla/5.0"
174.133.122.210 - - [08/Apr/2010:23:13:26 -0500] "GET /logs/access_log.1238112000////administrator/components/com_babackup/classes/Tar.php?mosConfig.absolute.path=http://www.americinn.com//email-images/images/AinuLid1.txt?? HTTP/1.1" 404 367 "-""Mozilla/5.0"
71.20.229.192 - - [08/Apr/2010:23:15:16 -0500] "GET /costume/costume1.htm HTTP/1.1" 200 2651 "-""Mozilla/5.0 (Windows; U; Windows NT 6.0; en-US) AppleWebKit/532.5 (KHTML, like Gecko) Chrome/4.1.249.1045 Safari/532.5"
71.20.229.192 - - [08/Apr/2010:23:15:16 -0500] "GET /costume/history5.gif HTTP/1.1" 200 4380 "http://tomdolan.pconline.com/costume/costume1.htm""Mozilla/5.0 (Windows; U; Windows NT 6.0; en-US) AppleWebKit/532.5 (KHTML, like Gecko) Chrome/4.1.249.1045 Safari/532.5"
71.20.229.192 - - [08/Apr/2010:23:15:16 -0500] "GET /costume/enter1.gif HTTP/1.1" 200 22826 "http://tomdolan.pconline.com/costume/costume1.htm""Mozilla/5.0 (Windows; U; Windows NT 6.0; en-US) AppleWebKit/532.5 (KHTML, like Gecko) Chrome/4.1.249.1045 Safari/532.5"
71.20.229.192 - - [08/Apr/2010:23:15:17 -0500] "GET /costume/costm_a.JPG HTTP/1.1" 200 61141 "http://tomdolan.pconline.com/costume/costume1.htm""Mozilla/5.0 (Windows; U; Windows NT 6.0; en-US) AppleWebKit/532.5 (KHTML, like Gecko) Chrome/4.1.249.1045 Safari/532.5"
71.20.229.192 - - [08/Apr/2010:23:15:18 -0500] "GET /favicon.ico HTTP/1.1" 404 295 "-""Mozilla/5.0 (Windows; U; Windows NT 6.0; en-US) AppleWebKit/532.5 (KHTML, like Gecko) Chrome/4.1.249.1045 Safari/532.5"
71.20.229.192 - - [08/Apr/2010:23:15:37 -0500] "GET /costume/costume2.htm HTTP/1.1" 200 1799 "http://tomdolan.pconline.com/costume/costume1.htm""Mozilla/5.0 (Windows; U; Windows NT 6.0; en-US) AppleWebKit/532.5 (KHTML, like Gecko) Chrome/4.1.249.1045 Safari/532.5"
71.20.229.192 - - [08/Apr/2010:23:15:37 -0500] "GET /favicon.ico HTTP/1.1" 404 295 "-""Mozilla/5.0 (Windows; U; Windows NT 6.0; en-US) AppleWebKit/532.5 (KHTML, like Gecko) Chrome/4.1.249.1045 Safari/532.5"
71.20.229.192 - - [08/Apr/2010:23:15:42 -0500] "GET /costume/thmb1.htm HTTP/1.1" 200 3957 "http://tomdolan.pconline.com/costume/costume2.htm""Mozilla/5.0 (Windows; U; Windows NT 6.0; en-US) AppleWebKit/532.5 (KHTML, like Gecko) Chrome/4.1.249.1045 Safari/532.5"
71.20.229.192 - - [08/Apr/2010:23:15:43 -0500] "GET /costume/001_JPG%20copy.jpg HTTP/1.1" 200 46065 "http://tomdolan.pconline.com/costume/thmb1.htm""Mozilla/5.0 (Windows; U; Windows NT 6.0; en-US) AppleWebKit/532.5 (KHTML, like Gecko) Chrome/4.1.249.1045 Safari/532.5"
71.20.229.192 - - [08/Apr/2010:23:15:44 -0500] "GET /costume/002_JPG%20copy.jpg HTTP/1.1" 200 44353 "http://tomdolan.pconline.com/costume/thmb1.htm""Mozilla/5.0 (Windows; U; Windows NT 6.0; en-US) AppleWebKit/532.5 (KHTML, like Gecko) Chrome/4.1.249.1045 Safari/532.5"
71.20.229.192 - - [08/Apr/2010:23:15:44 -0500] "GET /costume/004_JPG%20copy.jpg HTTP/1.1" 200 44129 "http://tomdolan.pconline.com/costume/thmb1.htm""Mozilla/5.0 (Windows; U; Windows NT 6.0; en-US) AppleWebKit/532.5 (KHTML, like Gecko) Chrome/4.1.249.1045 Safari/532.5"
71.20.229.192 - - [08/Apr/2010:23:15:44 -0500] "GET /costume/005_JPG%20copy.jpg HTTP/1.1" 200 44973 "http://tomdolan.pconline.com/costume/thmb1.htm""Mozilla/5.0 (Windows; U; Windows NT 6.0; en-US) AppleWebKit/532.5 (KHTML, like Gecko) Chrome/4.1.249.1045 Safari/532.5"
71.20.229.192 - - [08/Apr/2010:23:15:45 -0500] "GET /costume/007_JPG%20copy.jpg HTTP/1.1" 200 43100 "http://tomdolan.pconline.com/costume/thmb1.htm""Mozilla/5.0 (Windows; U; Windows NT 6.0; en-US) AppleWebKit/532.5 (KHTML, like Gecko) Chrome/4.1.249.1045 Safari/532.5"
71.20.229.192 - - [08/Apr/2010:23:15:45 -0500] "GET /costume/003_JPG%20copy.jpg HTTP/1.1" 200 50590 "http://tomdolan.pconline.com/costume/thmb1.htm""Mozilla/5.0 (Windows; U; Windows NT 6.0; en-US) AppleWebKit/532.5 (KHTML, like Gecko) Chrome/4.1.249.1045 Safari/532.5"
71.20.229.192 - - [08/Apr/2010:23:15:45 -0500] "GET /costume/006_JPG%20copy.jpg HTTP/1.1" 200 49320 "http://tomdolan.pconline.com/costume/thmb1.htm""Mozilla/5.0 (Windows; U; Windows NT 6.0; en-US) AppleWebKit/532.5 (KHTML, like Gecko) Chrome/4.1.249.1045 Safari/532.5"
71.20.229.192 - - [08/Apr/2010:23:15:48 -0500] "GET /costume/008_JPG%20copy.jpg HTTP/1.1" 200 43767 "http://tomdolan.pconline.com/costume/thmb1.htm""Mozilla/5.0 (Windows; U; Windows NT 6.0; en-US) AppleWebKit/532.5 (KHTML, like Gecko) Chrome/4.1.249.1045 Safari/532.5"
71.20.229.192 - - [08/Apr/2010:23:15:48 -0500] "GET /costume/009_JPG%20copy.jpg HTTP/1.1" 200 47583 "http://tomdolan.pconline.com/costume/thmb1.htm""Mozilla/5.0 (Windows; U; Windows NT 6.0; en-US) AppleWebKit/532.5 (KHTML, like Gecko) Chrome/4.1.249.1045 Safari/532.5"
71.20.229.192 - - [08/Apr/2010:23:15:48 -0500] "GET /costume/010_jpg%20copy.jpg HTTP/1.1" 200 47369 "http://tomdolan.pconline.com/costume/thmb1.htm""Mozilla/5.0 (Windows; U; Windows NT 6.0; en-US) AppleWebKit/532.5 (KHTML, like Gecko) Chrome/4.1.249.1045 Safari/532.5"
71.20.229.192 - - [08/Apr/2010:23:15:49 -0500] "GET /costume/011_JPG%20copy.jpg HTTP/1.1" 200 46554 "http://tomdolan.pconline.com/costume/thmb1.htm""Mozilla/5.0 (Windows; U; Windows NT 6.0; en-US) AppleWebKit/532.5 (KHTML, like Gecko) Chrome/4.1.249.1045 Safari/532.5"
71.20.229.192 - - [08/Apr/2010:23:15:49 -0500] "GET /costume/012_JPG%20copy.jpg HTTP/1.1" 200 43366 "http://tomdolan.pconline.com/costume/thmb1.htm""Mozilla/5.0 (Windows; U; Windows NT 6.0; en-US) AppleWebKit/532.5 (KHTML, like Gecko) Chrome/4.1.249.1045 Safari/532.5"
71.20.229.192 - - [08/Apr/2010:23:15:52 -0500] "GET /favicon.ico HTTP/1.1" 404 295 "-""Mozilla/5.0 (Windows; U; Windows NT 6.0; en-US) AppleWebKit/532.5 (KHTML, like Gecko) Chrome/4.1.249.1045 Safari/532.5"
206.225.20.146 - - [08/Apr/2010:23:18:59 -0500] "GET //PhpLinkExchange/bits_listings.php?svr_rootPhpStart=http://boxwww.co.kr/shop/session/security/id1.txt?? HTTP/1.1" 404 318 "-""Mozilla/5.0"
206.225.20.146 - - [08/Apr/2010:23:18:59 -0500] "GET /logs//PhpLinkExchange/bits_listings.php?svr_rootPhpStart=http://boxwww.co.kr/shop/session/security/id1.txt?? HTTP/1.1" 404 323 "-""Mozilla/5.0"
206.225.20.146 - - [08/Apr/2010:23:18:59 -0500] "GET /logs/access_log.1221696000%20%20//PhpLinkExchange/bits_listings.php?svr_rootPhpStart=http://boxwww.co.kr/shop/session/security/id1.txt?? HTTP/1.1" 404 347 "-""Mozilla/5.0"
206.225.20.146 - - [08/Apr/2010:23:19:15 -0500] "GET /logs/access_log.1217203200%20%20//PhpLinkExchange/bits_listings.php?svr_rootPhpStart=http://boxwww.co.kr/shop/session/security/id1.txt?? HTTP/1.1" 404 347 "-""Mozilla/5.0"
206.225.20.146 - - [08/Apr/2010:23:19:30 -0500] "GET /logs/access_log.1221696000%20%20//PhpLinkExchange/bits_listings.php?svr_rootPhpStart=http://boxwww.co.kr/shop/session/security/id1.txt?? HTTP/1.1" 404 347 "-""Mozilla/5.0"
206.225.20.146 - - [08/Apr/2010:23:19:30 -0500] "GET //PhpLinkExchange/bits_listings.php?svr_rootPhpStart=http://boxwww.co.kr/shop/session/security/id1.txt?? HTTP/1.1" 404 318 "-""Mozilla/5.0"
206.225.20.146 - - [08/Apr/2010:23:19:30 -0500] "GET /logs//PhpLinkExchange/bits_listings.php?svr_rootPhpStart=http://boxwww.co.kr/shop/session/security/id1.txt?? HTTP/1.1" 404 323 "-""Mozilla/5.0"
206.225.20.146 - - [08/Apr/2010:23:19:42 -0500] "GET /logs/access_log.1217203200%20%20//PhpLinkExchange/bits_listings.php?svr_rootPhpStart=http://boxwww.co.kr/shop/session/security/id1.txt?? HTTP/1.1" 404 347 "-""Mozilla/5.0"
206.225.20.146 - - [08/Apr/2010:23:21:28 -0500] "GET /logs/access_log.1221696000//PhpLinkExchange/bits_listings.php?svr_rootPhpStart=http://boxwww.co.kr/shop/session/security/id1.txt?? HTTP/1.1" 404 345 "-""Mozilla/5.0"
206.225.20.146 - - [08/Apr/2010:23:21:32 -0500] "GET /logs/access_log.1221696000//PhpLinkExchange/bits_listings.php?svr_rootPhpStart=http://boxwww.co.kr/shop/session/security/id1.txt?? HTTP/1.1" 404 345 "-""Mozilla/5.0"
206.225.20.146 - - [08/Apr/2010:23:21:53 -0500] "GET /logs/access_log.1217203200//PhpLinkExchange/bits_listings.php?svr_rootPhpStart=http://boxwww.co.kr/shop/session/security/id1.txt?? HTTP/1.1" 404 345 "-""Mozilla/5.0"
206.225.20.146 - - [08/Apr/2010:23:21:59 -0500] "GET /logs/access_log.1217203200//PhpLinkExchange/bits_listings.php?svr_rootPhpStart=http://boxwww.co.kr/shop/session/security/id1.txt?? HTTP/1.1" 404 345 "-""Mozilla/5.0"
206.225.20.146 - - [08/Apr/2010:23:22:53 -0500] "GET /logs/access_log.1224028800/includes/mailaccess/pop3.php?CONFIG[pear_dir]=http://boxwww.co.kr/shop/session/security/id1.txt?? HTTP/1.1" 404 339 "-""Mozilla/5.0"
206.225.20.146 - - [08/Apr/2010:23:22:53 -0500] "GET /includes/mailaccess/pop3.php?CONFIG[pear_dir]=http://boxwww.co.kr/shop/session/security/id1.txt?? HTTP/1.1" 404 312 "-""Mozilla/5.0"
206.225.20.146 - - [08/Apr/2010:23:22:53 -0500] "GET /logs/includes/mailaccess/pop3.php?CONFIG[pear_dir]=http://boxwww.co.kr/shop/session/security/id1.txt?? HTTP/1.1" 404 317 "-""Mozilla/5.0"
206.225.20.146 - - [08/Apr/2010:23:23:50 -0500] "GET /includes/mailaccess/pop3.php?CONFIG[pear_dir]=http://boxwww.co.kr/shop/session/security/id1.txt?? HTTP/1.1" 404 312 "-""Mozilla/5.0"
206.225.20.146 - - [08/Apr/2010:23:23:50 -0500] "GET /logs/includes/mailaccess/pop3.php?CONFIG[pear_dir]=http://boxwww.co.kr/shop/session/security/id1.txt?? HTTP/1.1" 404 317 "-""Mozilla/5.0"
206.225.20.146 - - [08/Apr/2010:23:23:50 -0500] "GET /logs/access_log.1224028800/includes/mailaccess/pop3.php?CONFIG[pear_dir]=http://boxwww.co.kr/shop/session/security/id1.txt?? HTTP/1.1" 404 339 "-""Mozilla/5.0"
99.231.12.121 - - [08/Apr/2010:23:25:31 -0500] "GET /tattoo/tattoo1.htm HTTP/1.1" 200 4192 "http://www.google.ca/search?client=safari&rls=en&q=vintage+flash+tattoos&ie=UTF-8&oe=UTF-8&redir_esc=&ei=Mqy-S86gEoOB8gb4yfGSCQ""Mozilla/5.0 (Macintosh; U; Intel Mac OS X 10_5_8; en-us) AppleWebKit/531.22.7 (KHTML, like Gecko) Version/4.0.5 Safari/531.22.7"
99.231.12.121 - - [08/Apr/2010:23:25:32 -0500] "GET /tattoo/tat_1st.JPG HTTP/1.1" 200 16480 "http://tomdolan.pconline.com/tattoo/tattoo1.htm""Mozilla/5.0 (Macintosh; U; Intel Mac OS X 10_5_8; en-us) AppleWebKit/531.22.7 (KHTML, like Gecko) Version/4.0.5 Safari/531.22.7"
99.231.12.121 - - [08/Apr/2010:23:25:33 -0500] "GET /favicon.ico HTTP/1.1" 404 295 "http://tomdolan.pconline.com/tattoo/tattoo1.htm""Mozilla/5.0 (Macintosh; U; Intel Mac OS X 10_5_8; en-us) AppleWebKit/531.22.7 (KHTML, like Gecko) Version/4.0.5 Safari/531.22.7"
99.231.12.121 - - [08/Apr/2010:23:25:37 -0500] "GET /tattoo/set1.htm HTTP/1.1" 200 2362 "http://tomdolan.pconline.com/tattoo/tattoo1.htm""Mozilla/5.0 (Macintosh; U; Intel Mac OS X 10_5_8; en-us) AppleWebKit/531.22.7 (KHTML, like Gecko) Version/4.0.5 Safari/531.22.7"
99.231.12.121 - - [08/Apr/2010:23:25:37 -0500] "GET /tattoo/tat1.JPG HTTP/1.1" 200 16158 "http://tomdolan.pconline.com/tattoo/set1.htm""Mozilla/5.0 (Macintosh; U; Intel Mac OS X 10_5_8; en-us) AppleWebKit/531.22.7 (KHTML, like Gecko) Version/4.0.5 Safari/531.22.7"
99.231.12.121 - - [08/Apr/2010:23:25:37 -0500] "GET /tattoo/tat10.JPG HTTP/1.1" 200 22746 "http://tomdolan.pconline.com/tattoo/set1.htm""Mozilla/5.0 (Macintosh; U; Intel Mac OS X 10_5_8; en-us) AppleWebKit/531.22.7 (KHTML, like Gecko) Version/4.0.5 Safari/531.22.7"
99.231.12.121 - - [08/Apr/2010:23:25:38 -0500] "GET /tattoo/tat2.JPG HTTP/1.1" 200 18943 "http://tomdolan.pconline.com/tattoo/set1.htm""Mozilla/5.0 (Macintosh; U; Intel Mac OS X 10_5_8; en-us) AppleWebKit/531.22.7 (KHTML, like Gecko) Version/4.0.5 Safari/531.22.7"
99.231.12.121 - - [08/Apr/2010:23:25:38 -0500] "GET /tattoo/tat3.jpg HTTP/1.1" 200 11901 "http://tomdolan.pconline.com/tattoo/set1.htm""Mozilla/5.0 (Macintosh; U; Intel Mac OS X 10_5_8; en-us) AppleWebKit/531.22.7 (KHTML, like Gecko) Version/4.0.5 Safari/531.22.7"
99.231.12.121 - - [08/Apr/2010:23:25:38 -0500] "GET /tattoo/tat4.JPG HTTP/1.1" 200 18080 "http://tomdolan.pconline.com/tattoo/set1.htm""Mozilla/5.0 (Macintosh; U; Intel Mac OS X 10_5_8; en-us) AppleWebKit/531.22.7 (KHTML, like Gecko) Version/4.0.5 Safari/531.22.7"
99.231.12.121 - - [08/Apr/2010:23:25:38 -0500] "GET /tattoo/tat5.JPG HTTP/1.1" 200 13769 "http://tomdolan.pconline.com/tattoo/set1.htm""Mozilla/5.0 (Macintosh; U; Intel Mac OS X 10_5_8; en-us) AppleWebKit/531.22.7 (KHTML, like Gecko) Version/4.0.5 Safari/531.22.7"
99.231.12.121 - - [08/Apr/2010:23:25:38 -0500] "GET /tattoo/tat6.JPG HTTP/1.1" 200 18543 "http://tomdolan.pconline.com/tattoo/set1.htm""Mozilla/5.0 (Macintosh; U; Intel Mac OS X 10_5_8; en-us) AppleWebKit/531.22.7 (KHTML, like Gecko) Version/4.0.5 Safari/531.22.7"
99.231.12.121 - - [08/Apr/2010:23:25:38 -0500] "GET /tattoo/tat7.JPG HTTP/1.1" 200 17358 "http://tomdolan.pconline.com/tattoo/set1.htm""Mozilla/5.0 (Macintosh; U; Intel Mac OS X 10_5_8; en-us) AppleWebKit/531.22.7 (KHTML, like Gecko) Version/4.0.5 Safari/531.22.7"
